76.74.236.100 - - [10/Apr/2009:12:52:17 -0500] "GET /logs/components/com_virtuemart/show_image_in_imgtag.php?mosConfig_absolute_path=http://www.tos-belarus.org/scan/copyright.txt? HTTP/1.1" 404 338 "-""Mozilla/5.0"
83.138.168.158 - - [10/Apr/2009:12:53:23 -0500] "GET /logs/components/com_virtuemart/show_image_in_imgtag.php?mosConfig_absolute_path=http://www.tos-belarus.org/scan/copyright.txt? HTTP/1.1" 404 338 "-""Mozilla/5.0"
83.138.168.158 - - [10/Apr/2009:12:53:23 -0500] "GET /logs/access_log.1236729600/components/com_virtuemart/show_image_in_imgtag.php?mosConfig_absolute_path=http://www.tos-belarus.org/scan/copyright.txt? HTTP/1.1" 404 360 "-""Mozilla/5.0"
83.138.168.158 - - [10/Apr/2009:12:53:23 -0500] "GET /components/com_virtuemart/show_image_in_imgtag.php?mosConfig_absolute_path=http://www.tos-belarus.org/scan/copyright.txt? HTTP/1.1" 404 333 "-""Mozilla/5.0"
76.74.236.100 - - [10/Apr/2009:12:53:26 -0500] "GET /logs/components/com_virtuemart/show_image_in_imgtag.php?mosConfig_absolute_path=http://www.tos-belarus.org/scan/copyright.txt? HTTP/1.1" 404 338 "-""Mozilla/5.0"
76.74.236.100 - - [10/Apr/2009:12:53:26 -0500] "GET /components/com_virtuemart/show_image_in_imgtag.php?mosConfig_absolute_path=http://www.tos-belarus.org/scan/copyright.txt? HTTP/1.1" 404 333 "-""Mozilla/5.0"
76.74.236.100 - - [10/Apr/2009:12:53:26 -0500] "GET /logs/access_log.1236729600/components/com_virtuemart/show_image_in_imgtag.php?mosConfig_absolute_path=http://www.tos-belarus.org/scan/copyright.txt? HTTP/1.1" 404 360 "-""Mozilla/5.0"
76.74.236.100 - - [10/Apr/2009:12:53:29 -0500] "GET /components/com_virtuemart/show_image_in_imgtag.php?mosConfig_absolute_path=http://www.tos-belarus.org/scan/copyright.txt? HTTP/1.1" 404 333 "-""Mozilla/5.0"
76.74.236.100 - - [10/Apr/2009:12:53:29 -0500] "GET /logs/components/com_virtuemart/show_image_in_imgtag.php?mosConfig_absolute_path=http://www.tos-belarus.org/scan/copyright.txt? HTTP/1.1" 404 338 "-""Mozilla/5.0"
76.74.236.100 - - [10/Apr/2009:12:53:29 -0500] "GET /logs/access_log.1236729600/components/com_virtuemart/show_image_in_imgtag.php?mosConfig_absolute_path=http://www.tos-belarus.org/scan/copyright.txt? HTTP/1.1" 404 360 "-""Mozilla/5.0"
64.151.241.1 - - [10/Apr/2009:12:54:45 -0500] "GET /components/com_virtuemart/show_image_in_imgtag.php?mosConfig_absolute_path=http://www.tos-belarus.org/scan/copyright.txt? HTTP/1.1" 404 333 "-""Mozilla/5.0"
64.151.241.1 - - [10/Apr/2009:12:54:45 -0500] "GET /logs/components/com_virtuemart/show_image_in_imgtag.php?mosConfig_absolute_path=http://www.tos-belarus.org/scan/copyright.txt? HTTP/1.1" 404 338 "-""Mozilla/5.0"
64.151.241.1 - - [10/Apr/2009:12:54:45 -0500] "GET /logs/access_log.1236729600/components/com_virtuemart/show_image_in_imgtag.php?mosConfig_absolute_path=http://www.tos-belarus.org/scan/copyright.txt? HTTP/1.1" 404 360 "-""Mozilla/5.0"
64.151.241.1 - - [10/Apr/2009:12:54:53 -0500] "GET /components/com_virtuemart/show_image_in_imgtag.php?mosConfig_absolute_path=http://www.tos-belarus.org/scan/copyright.txt? HTTP/1.1" 404 333 "-""Mozilla/5.0"
64.151.241.1 - - [10/Apr/2009:12:54:53 -0500] "GET /logs/components/com_virtuemart/show_image_in_imgtag.php?mosConfig_absolute_path=http://www.tos-belarus.org/scan/copyright.txt? HTTP/1.1" 404 338 "-""Mozilla/5.0"
64.151.241.1 - - [10/Apr/2009:12:54:53 -0500] "GET /logs/access_log.1236729600/components/com_virtuemart/show_image_in_imgtag.php?mosConfig_absolute_path=http://www.tos-belarus.org/scan/copyright.txt? HTTP/1.1" 404 360 "-""Mozilla/5.0"
64.151.241.1 - - [10/Apr/2009:12:54:57 -0500] "GET /logs/components/com_virtuemart/show_image_in_imgtag.php?mosConfig_absolute_path=http://www.tos-belarus.org/scan/copyright.txt? HTTP/1.1" 404 338 "-""Mozilla/5.0"
64.151.241.1 - - [10/Apr/2009:12:54:58 -0500] "GET /components/com_virtuemart/show_image_in_imgtag.php?mosConfig_absolute_path=http://www.tos-belarus.org/scan/copyright.txt? HTTP/1.1" 404 333 "-""Mozilla/5.0"
64.151.241.1 - - [10/Apr/2009:12:54:58 -0500] "GET /logs/access_log.1236729600/components/com_virtuemart/show_image_in_imgtag.php?mosConfig_absolute_path=http://www.tos-belarus.org/scan/copyright.txt? HTTP/1.1" 404 360 "-""Mozilla/5.0"
67.15.48.29 - - [10/Apr/2009:12:55:14 -0500] "GET //contenido/includes/include.newsletter_jobs_subnav.php?cfg[path][contenido]=http://www.fuscaclubedealagoas.com.br/vnc/fx29id.txt?? HTTP/1.1" 404 337 "-""Mozilla/5.0"
67.15.48.29 - - [10/Apr/2009:12:55:14 -0500] "GET /logs//contenido/includes/include.newsletter_jobs_subnav.php?cfg[path][contenido]=http://www.fuscaclubedealagoas.com.br/vnc/fx29id.txt?? HTTP/1.1" 404 342 "-""Mozilla/5.0"
67.15.48.29 - - [10/Apr/2009:12:55:14 -0500] "GET /logs/access_log.1233014400//contenido/includes/include.newsletter_jobs_subnav.php?cfg[path][contenido]=http://www.fuscaclubedealagoas.com.br/vnc/fx29id.txt?? HTTP/1.1" 404 364 "-""Mozilla/5.0"
64.151.241.1 - - [10/Apr/2009:12:55:26 -0500] "GET /logs/components/com_virtuemart/show_image_in_imgtag.php?mosConfig_absolute_path=http://www.tos-belarus.org/scan/copyright.txt? HTTP/1.1" 404 338 "-""Mozilla/5.0"
64.151.241.1 - - [10/Apr/2009:12:55:26 -0500] "GET /logs/access_log.1236729600/components/com_virtuemart/show_image_in_imgtag.php?mosConfig_absolute_path=http://www.tos-belarus.org/scan/copyright.txt? HTTP/1.1" 404 360 "-""Mozilla/5.0"
64.151.241.1 - - [10/Apr/2009:12:55:29 -0500] "GET /components/com_virtuemart/show_image_in_imgtag.php?mosConfig_absolute_path=http://www.tos-belarus.org/scan/copyright.txt? HTTP/1.1" 404 333 "-""Mozilla/5.0"
198.106.204.186 - - [10/Apr/2009:12:55:41 -0500] "GET /logs/access_log.1236729600/components/com_virtuemart/show_image_in_imgtag.php?mosConfig_absolute_path=http://www.fuscaclubedealagoas.com.br/vnc/fx29id.txt? HTTP/1.0" 404 348 "-""Mozilla/5.0"
198.106.204.186 - - [10/Apr/2009:12:55:41 -0500] "GET /components/com_virtuemart/show_image_in_imgtag.php?mosConfig_absolute_path=http://www.fuscaclubedealagoas.com.br/vnc/fx29id.txt? HTTP/1.0" 404 321 "-""Mozilla/5.0"
198.106.204.186 - - [10/Apr/2009:12:55:41 -0500] "GET /logs/components/com_virtuemart/show_image_in_imgtag.php?mosConfig_absolute_path=http://www.fuscaclubedealagoas.com.br/vnc/fx29id.txt? HTTP/1.0" 404 326 "-""Mozilla/5.0"
67.15.48.29 - - [10/Apr/2009:12:55:53 -0500] "GET /logs/access_log.1235779200//contenido/includes/include.newsletter_jobs_subnav.php?cfg[path][contenido]=http://www.fuscaclubedealagoas.com.br/vnc/fx29id.txt?? HTTP/1.1" 404 364 "-""Mozilla/5.0"
198.106.204.186 - - [10/Apr/2009:12:56:33 -0500] "GET /components/com_virtuemart/show_image_in_imgtag.php?mosConfig_absolute_path=http://www.fuscaclubedealagoas.com.br/vnc/fx29id.txt? HTTP/1.0" 404 321 "-""Mozilla/5.0"
198.106.204.186 - - [10/Apr/2009:12:56:33 -0500] "GET /logs/components/com_virtuemart/show_image_in_imgtag.php?mosConfig_absolute_path=http://www.fuscaclubedealagoas.com.br/vnc/fx29id.txt? HTTP/1.0" 404 326 "-""Mozilla/5.0"
198.106.204.186 - - [10/Apr/2009:12:56:33 -0500] "GET /logs/access_log.1236729600/components/com_virtuemart/show_image_in_imgtag.php?mosConfig_absolute_path=http://www.fuscaclubedealagoas.com.br/vnc/fx29id.txt? HTTP/1.0" 404 348 "-""Mozilla/5.0"
89.111.176.88 - - [10/Apr/2009:12:56:34 -0500] "GET /logs//components/com_joomlalib/standalone/stubjambo.php?baseDir=http://lindasartini.interfree.it/hk? HTTP/1.1" 404 338 "-""libwww-perl/5.805"
89.111.176.88 - - [10/Apr/2009:12:56:34 -0500] "GET //components/com_joomlalib/standalone/stubjambo.php?baseDir=http://lindasartini.interfree.it/hk? HTTP/1.1" 404 333 "-""libwww-perl/5.805"
83.138.168.158 - - [10/Apr/2009:12:57:13 -0500] "GET /components/com_virtuemart/show_image_in_imgtag.php?mosConfig_absolute_path=http://www.tos-belarus.org/scan/copyright.txt? HTTP/1.1" 404 333 "-""Mozilla/5.0"
83.138.168.158 - - [10/Apr/2009:12:57:13 -0500] "GET /logs/components/com_virtuemart/show_image_in_imgtag.php?mosConfig_absolute_path=http://www.tos-belarus.org/scan/copyright.txt? HTTP/1.1" 404 338 "-""Mozilla/5.0"
83.138.168.158 - - [10/Apr/2009:12:57:13 -0500] "GET /logs/access_log.1236729600/components/com_virtuemart/show_image_in_imgtag.php?mosConfig_absolute_path=http://www.tos-belarus.org/scan/copyright.txt? HTTP/1.1" 404 360 "-""Mozilla/5.0"
83.138.168.158 - - [10/Apr/2009:12:57:18 -0500] "GET /logs/components/com_virtuemart/show_image_in_imgtag.php?mosConfig_absolute_path=http://www.tos-belarus.org/scan/copyright.txt? HTTP/1.1" 404 338 "-""Mozilla/5.0"
83.138.168.158 - - [10/Apr/2009:12:57:18 -0500] "GET /logs/access_log.1236729600/components/com_virtuemart/show_image_in_imgtag.php?mosConfig_absolute_path=http://www.tos-belarus.org/scan/copyright.txt? HTTP/1.1" 404 360 "-""Mozilla/5.0"
83.138.168.158 - - [10/Apr/2009:12:57:23 -0500] "GET /components/com_virtuemart/show_image_in_imgtag.php?mosConfig_absolute_path=http://www.tos-belarus.org/scan/copyright.txt? HTTP/1.1" 404 333 "-""Mozilla/5.0"
85.17.213.148 - - [10/Apr/2009:12:58:05 -0500] "GET /components/com_virtuemart/show_image_in_imgtag.php?mosConfig_absolute_path=http://www.tos-belarus.org/scan/copyright.txt? HTTP/1.1" 404 333 "-""Mozilla/5.0"
85.17.213.148 - - [10/Apr/2009:12:58:05 -0500] "GET /logs/components/com_virtuemart/show_image_in_imgtag.php?mosConfig_absolute_path=http://www.tos-belarus.org/scan/copyright.txt? HTTP/1.1" 404 338 "-""Mozilla/5.0"
85.17.213.148 - - [10/Apr/2009:12:58:05 -0500] "GET /logs/access_log.1236729600/components/com_virtuemart/show_image_in_imgtag.php?mosConfig_absolute_path=http://www.tos-belarus.org/scan/copyright.txt? HTTP/1.1" 404 360 "-""Mozilla/5.0"
83.138.168.158 - - [10/Apr/2009:12:58:35 -0500] "GET /components/com_virtuemart/show_image_in_imgtag.php?mosConfig_absolute_path=http://www.tos-belarus.org/scan/copyright.txt? HTTP/1.1" 404 333 "-""Mozilla/5.0"
83.138.168.158 - - [10/Apr/2009:12:58:35 -0500] "GET /logs/components/com_virtuemart/show_image_in_imgtag.php?mosConfig_absolute_path=http://www.tos-belarus.org/scan/copyright.txt? HTTP/1.1" 404 338 "-""Mozilla/5.0"
83.138.168.158 - - [10/Apr/2009:12:58:35 -0500] "GET /logs/access_log.1236729600/components/com_virtuemart/show_image_in_imgtag.php?mosConfig_absolute_path=http://www.tos-belarus.org/scan/copyright.txt? HTTP/1.1" 404 360 "-""Mozilla/5.0"
83.138.168.158 - - [10/Apr/2009:12:58:37 -0500] "GET /logs/components/com_virtuemart/show_image_in_imgtag.php?mosConfig_absolute_path=http://www.tos-belarus.org/scan/copyright.txt? HTTP/1.1" 404 338 "-""Mozilla/5.0"
83.138.168.158 - - [10/Apr/2009:12:58:37 -0500] "GET /components/com_virtuemart/show_image_in_imgtag.php?mosConfig_absolute_path=http://www.tos-belarus.org/scan/copyright.txt? HTTP/1.1" 404 333 "-""Mozilla/5.0"
83.138.168.158 - - [10/Apr/2009:12:58:37 -0500] "GET /logs/access_log.1236729600/components/com_virtuemart/show_image_in_imgtag.php?mosConfig_absolute_path=http://www.tos-belarus.org/scan/copyright.txt? HTTP/1.1" 404 360 "-""Mozilla/5.0"
65.55.208.140 - - [10/Apr/2009:13:00:27 -0500] "GET /logs/access_log.1175299200 HTTP/1.1" 200 1131 "-""msnbot/1.1 (+http://search.msn.com/msnbot.htm)"
202.75.4.169 - - [10/Apr/2009:13:02:17 -0500] "GET /logs/index.php?option=com_mambots&Itemid=&mosConfig_absolute_path=http://www.indians.org/sidebar/chi.txt?? HTTP/1.1" 404 297 "-""libwww-perl/5.79"
202.75.4.169 - - [10/Apr/2009:13:02:18 -0500] "GET /index.php?option=com_mambots&Itemid=&mosConfig_absolute_path=http://www.indians.org/sidebar/chi.txt?? HTTP/1.1" 404 292 "-""libwww-perl/5.79"
202.75.4.169 - - [10/Apr/2009:13:03:27 -0500] "GET /logs/index.php?option=com_mambots&Itemid=&mosConfig_absolute_path=http://home.covenantberks.org/images/kampret.jpg?? HTTP/1.1" 404 297 "-""libwww-perl/5.79"
202.75.4.169 - - [10/Apr/2009:13:03:28 -0500] "GET /index.php?option=com_mambots&Itemid=&mosConfig_absolute_path=http://home.covenantberks.org/images/kampret.jpg?? HTTP/1.1" 404 292 "-""libwww-perl/5.79"
83.137.192.223 - - [10/Apr/2009:13:05:06 -0500] "GET /logs/e404.php?DOCUMENT_ROOT=http://forum-plongee.com/icon/1.txt?? HTTP/1.1" 404 296 "-""Mozilla/5.0"
83.137.192.223 - - [10/Apr/2009:13:05:06 -0500] "GET /e404.php?DOCUMENT_ROOT=http://forum-plongee.com/icon/1.txt?? HTTP/1.1" 404 291 "-""Mozilla/5.0"
83.137.192.223 - - [10/Apr/2009:13:05:06 -0500] "GET /logs/access_log.1237852800/e404.php?DOCUMENT_ROOT=http://forum-plongee.com/icon/1.txt?? HTTP/1.1" 404 318 "-""Mozilla/5.0"
83.137.192.223 - - [10/Apr/2009:13:05:29 -0500] "GET /logs/access_log.1235952000/e404.php?DOCUMENT_ROOT=http://forum-plongee.com/icon/1.txt?? HTTP/1.1" 404 318 "-""Mozilla/5.0"
125.251.161.165 - - [10/Apr/2009:13:07:37 -0500] "GET /e404.php?DOCUMENT_ROOT=http://forum-plongee.com/icon/1.txt?? HTTP/1.1" 404 291 "-""Mozilla/5.0"
125.251.161.165 - - [10/Apr/2009:13:07:37 -0500] "GET /logs/e404.php?DOCUMENT_ROOT=http://forum-plongee.com/icon/1.txt?? HTTP/1.1" 404 296 "-""Mozilla/5.0"
125.251.161.165 - - [10/Apr/2009:13:07:37 -0500] "GET /logs/access_log.1237852800/e404.php?DOCUMENT_ROOT=http://forum-plongee.com/icon/1.txt?? HTTP/1.1" 404 318 "-""Mozilla/5.0"
125.251.161.165 - - [10/Apr/2009:13:08:05 -0500] "GET /logs/access_log.1235952000/e404.php?DOCUMENT_ROOT=http://forum-plongee.com/icon/1.txt?? HTTP/1.1" 404 318 "-""Mozilla/5.0"
65.55.208.131 - - [10/Apr/2009:13:12:34 -0500] "GET /logs/access_log.1191542400 HTTP/1.1" 200 1611 "-""msnbot/1.1 (+http://search.msn.com/msnbot.htm)"
65.55.208.131 - - [10/Apr/2009:13:12:35 -0500] "GET /logs/access_log.1118448000 HTTP/1.1" 200 661 "-""msnbot/1.1 (+http://search.msn.com/msnbot.htm)"
65.55.208.131 - - [10/Apr/2009:13:12:35 -0500] "GET /logs/access_log.1159747200 HTTP/1.1" 200 656 "-""msnbot/1.1 (+http://search.msn.com/msnbot.htm)"
174.133.221.242 - - [10/Apr/2009:13:13:06 -0500] "GET /logs/error.php?error=http://www.iconex.com.ph/id.txt?? HTTP/1.1" 404 297 "-""libwww-perl/5.813"
174.133.221.242 - - [10/Apr/2009:13:13:06 -0500] "GET /error.php?error=http://www.iconex.com.ph/id.txt?? HTTP/1.1" 404 292 "-""libwww-perl/5.813"
174.133.221.242 - - [10/Apr/2009:13:13:22 -0500] "GET /logs/error.php?error=http://www.iconex.com.ph/id.txt?? HTTP/1.1" 404 297 "-""libwww-perl/5.813"
174.133.221.242 - - [10/Apr/2009:13:13:22 -0500] "GET /error.php?error=http://www.iconex.com.ph/id.txt?? HTTP/1.1" 404 292 "-""libwww-perl/5.813"
212.59.11.66 - - [10/Apr/2009:13:14:44 -0500] "GET /e404.php?DOCUMENT_ROOT=http://midnightcr3w.justfree.com/Fx29id.txt??? HTTP/1.1" 404 291 "-""Mozilla/5.0"
212.59.11.66 - - [10/Apr/2009:13:14:44 -0500] "GET /logs/e404.php?DOCUMENT_ROOT=http://midnightcr3w.justfree.com/Fx29id.txt??? HTTP/1.1" 404 296 "-""Mozilla/5.0"
212.59.11.66 - - [10/Apr/2009:13:14:44 -0500] "GET /logs/access_log.1237852800/e404.php?DOCUMENT_ROOT=http://midnightcr3w.justfree.com/Fx29id.txt??? HTTP/1.1" 404 318 "-""Mozilla/5.0"
212.59.11.66 - - [10/Apr/2009:13:15:03 -0500] "GET /logs/access_log.1235952000/e404.php?DOCUMENT_ROOT=http://midnightcr3w.justfree.com/Fx29id.txt??? HTTP/1.1" 404 318 "-""Mozilla/5.0"
90.156.150.61 - - [10/Apr/2009:13:19:55 -0500] "GET /e404.php?DOCUMENT_ROOT=http://www.ybrt.cn/data/lang/z6id.txt??? HTTP/1.1" 404 291 "-""libwww-perl/5.803"
90.156.150.61 - - [10/Apr/2009:13:19:55 -0500] "GET /logs/e404.php?DOCUMENT_ROOT=http://www.ybrt.cn/data/lang/z6id.txt??? HTTP/1.1" 404 296 "-""libwww-perl/5.803"
200.6.117.53 - - [10/Apr/2009:13:20:34 -0500] "GET /e404.php?DOCUMENT_ROOT=http://midnightcr3w.justfree.com/Fx29id.txt??? HTTP/1.1" 404 291 "-""Mozilla/5.0"
200.6.117.53 - - [10/Apr/2009:13:20:34 -0500] "GET /logs/e404.php?DOCUMENT_ROOT=http://midnightcr3w.justfree.com/Fx29id.txt??? HTTP/1.1" 404 296 "-""Mozilla/5.0"
200.6.117.53 - - [10/Apr/2009:13:20:34 -0500] "GET /logs/access_log.1237852800/e404.php?DOCUMENT_ROOT=http://midnightcr3w.justfree.com/Fx29id.txt??? HTTP/1.1" 404 318 "-""Mozilla/5.0"
77.221.130.15 - - [10/Apr/2009:13:20:51 -0500] "GET /logs/index2.php?base_dir=../../../../../../../../../../../../../etc/passwd%00 HTTP/1.1" 404 298 "-""libwww-perl/5.805"
200.6.117.53 - - [10/Apr/2009:13:20:59 -0500] "GET /logs/access_log.1235952000/e404.php?DOCUMENT_ROOT=http://midnightcr3w.justfree.com/Fx29id.txt??? HTTP/1.1" 404 318 "-""Mozilla/5.0"
77.221.130.15 - - [10/Apr/2009:13:21:06 -0500] "GET /index2.php?base_dir=../../../../../../../../../../../../../etc/passwd%00 HTTP/1.1" 404 293 "-""libwww-perl/5.805"
208.111.154.15 - - [10/Apr/2009:13:24:38 -0500] "GET /robots.txt HTTP/1.1" 404 293 "-""Mozilla/5.0 (compatible; Charlotte/1.1; http://www.searchme.com/support/)"
208.111.154.15 - - [10/Apr/2009:13:24:38 -0500] "GET /?N=D HTTP/1.1" 200 3245 "-""Mozilla/5.0 (compatible; Charlotte/1.1; http://www.searchme.com/support/)"
64.151.241.1 - - [10/Apr/2009:13:27:31 -0500] "GET /logs/access_log.1236729600/components/com_virtuemart/show_image_in_imgtag.php?mosConfig_absolute_path=http://www.tos-belarus.org/scan/copyright.txt? HTTP/1.1" 404 360 "-""Mozilla/5.0"
64.151.241.1 - - [10/Apr/2009:13:27:31 -0500] "GET /components/com_virtuemart/show_image_in_imgtag.php?mosConfig_absolute_path=http://www.tos-belarus.org/scan/copyright.txt? HTTP/1.1" 404 333 "-""Mozilla/5.0"
64.151.241.1 - - [10/Apr/2009:13:27:31 -0500] "GET /logs/components/com_virtuemart/show_image_in_imgtag.php?mosConfig_absolute_path=http://www.tos-belarus.org/scan/copyright.txt? HTTP/1.1" 404 338 "-""Mozilla/5.0"
64.151.241.1 - - [10/Apr/2009:13:27:36 -0500] "GET /components/com_virtuemart/show_image_in_imgtag.php?mosConfig_absolute_path=http://www.tos-belarus.org/scan/copyright.txt? HTTP/1.1" 404 333 "-""Mozilla/5.0"
64.151.241.1 - - [10/Apr/2009:13:27:36 -0500] "GET /logs/components/com_virtuemart/show_image_in_imgtag.php?mosConfig_absolute_path=http://www.tos-belarus.org/scan/copyright.txt? HTTP/1.1" 404 338 "-""Mozilla/5.0"
64.151.241.1 - - [10/Apr/2009:13:27:36 -0500] "GET /logs/access_log.1236729600/components/com_virtuemart/show_image_in_imgtag.php?mosConfig_absolute_path=http://www.tos-belarus.org/scan/copyright.txt? HTTP/1.1" 404 360 "-""Mozilla/5.0"
64.151.241.1 - - [10/Apr/2009:13:27:40 -0500] "GET /components/com_virtuemart/show_image_in_imgtag.php?mosConfig_absolute_path=http://www.tos-belarus.org/scan/copyright.txt? HTTP/1.1" 404 333 "-""Mozilla/5.0"
64.151.241.1 - - [10/Apr/2009:13:27:40 -0500] "GET /logs/components/com_virtuemart/show_image_in_imgtag.php?mosConfig_absolute_path=http://www.tos-belarus.org/scan/copyright.txt? HTTP/1.1" 404 338 "-""Mozilla/5.0"
64.151.241.1 - - [10/Apr/2009:13:27:40 -0500] "GET /logs/access_log.1236729600/components/com_virtuemart/show_image_in_imgtag.php?mosConfig_absolute_path=http://www.tos-belarus.org/scan/copyright.txt? HTTP/1.1" 404 360 "-""Mozilla/5.0"
64.151.241.1 - - [10/Apr/2009:13:27:44 -0500] "GET /components/com_virtuemart/show_image_in_imgtag.php?mosConfig_absolute_path=http://www.tos-belarus.org/scan/copyright.txt? HTTP/1.1" 404 333 "-""Mozilla/5.0"
64.151.241.1 - - [10/Apr/2009:13:27:44 -0500] "GET /logs/components/com_virtuemart/show_image_in_imgtag.php?mosConfig_absolute_path=http://www.tos-belarus.org/scan/copyright.txt? HTTP/1.1" 404 338 "-""Mozilla/5.0"
64.151.241.1 - - [10/Apr/2009:13:27:44 -0500] "GET /logs/access_log.1236729600/components/com_virtuemart/show_image_in_imgtag.php?mosConfig_absolute_path=http://www.tos-belarus.org/scan/copyright.txt? HTTP/1.1" 404 360 "-""Mozilla/5.0"
83.223.131.7 - - [10/Apr/2009:13:27:55 -0500] "GET /logs/%22com_simpleboard%22image;image=%7Cid%7C;type=text/plain HTTP/1.1" 404 337 "-""libwww-perl/5.805"
83.223.131.7 - - [10/Apr/2009:13:27:56 -0500] "GET /%22com_simpleboard%22image;image=%7Cid%7C;type=text/plain HTTP/1.1" 404 332 "-""libwww-perl/5.805"
83.138.168.158 - - [10/Apr/2009:13:29:29 -0500] "GET /logs/components/com_virtuemart/show_image_in_imgtag.php?mosConfig_absolute_path=http://www.tos-belarus.org/scan/copyright.txt? HTTP/1.1" 404 338 "-""Mozilla/5.0"
83.138.168.158 - - [10/Apr/2009:13:29:29 -0500] "GET /components/com_virtuemart/show_image_in_imgtag.php?mosConfig_absolute_path=http://www.tos-belarus.org/scan/copyright.txt? HTTP/1.1" 404 333 "-""Mozilla/5.0"
83.138.168.158 - - [10/Apr/2009:13:29:29 -0500] "GET /logs/access_log.1236729600/components/com_virtuemart/show_image_in_imgtag.php?mosConfig_absolute_path=http://www.tos-belarus.org/scan/copyright.txt? HTTP/1.1" 404 360 "-""Mozilla/5.0"
83.138.168.158 - - [10/Apr/2009:13:29:34 -0500] "GET /components/com_virtuemart/show_image_in_imgtag.php?mosConfig_absolute_path=http://www.tos-belarus.org/scan/copyright.txt? HTTP/1.1" 404 333 "-""Mozilla/5.0"
83.138.168.158 - - [10/Apr/2009:13:29:34 -0500] "GET /logs/components/com_virtuemart/show_image_in_imgtag.php?mosConfig_absolute_path=http://www.tos-belarus.org/scan/copyright.txt? HTTP/1.1" 404 338 "-""Mozilla/5.0"
83.138.168.158 - - [10/Apr/2009:13:29:34 -0500] "GET /logs/access_log.1236729600/components/com_virtuemart/show_image_in_imgtag.php?mosConfig_absolute_path=http://www.tos-belarus.org/scan/copyright.txt? HTTP/1.1" 404 360 "-""Mozilla/5.0"
83.138.168.158 - - [10/Apr/2009:13:29:41 -0500] "GET /components/com_virtuemart/show_image_in_imgtag.php?mosConfig_absolute_path=http://www.tos-belarus.org/scan/copyright.txt? HTTP/1.1" 404 333 "-""Mozilla/5.0"
83.138.168.158 - - [10/Apr/2009:13:29:41 -0500] "GET /logs/access_log.1236729600/components/com_virtuemart/show_image_in_imgtag.php?mosConfig_absolute_path=http://www.tos-belarus.org/scan/copyright.txt? HTTP/1.1" 404 360 "-""Mozilla/5.0"
83.138.168.158 - - [10/Apr/2009:13:29:41 -0500] "GET /logs/components/com_virtuemart/show_image_in_imgtag.php?mosConfig_absolute_path=http://www.tos-belarus.org/scan/copyright.txt? HTTP/1.1" 404 338 "-""Mozilla/5.0"
83.138.168.158 - - [10/Apr/2009:13:30:00 -0500] "GET /logs/components/com_virtuemart/show_image_in_imgtag.php?mosConfig_absolute_path=http://www.tos-belarus.org/scan/copyright.txt? HTTP/1.1" 404 338 "-""Mozilla/5.0"
83.138.168.158 - - [10/Apr/2009:13:30:00 -0500] "GET /components/com_virtuemart/show_image_in_imgtag.php?mosConfig_absolute_path=http://www.tos-belarus.org/scan/copyright.txt? HTTP/1.1" 404 333 "-""Mozilla/5.0"
83.138.168.158 - - [10/Apr/2009:13:30:00 -0500] "GET /logs/access_log.1236729600/components/com_virtuemart/show_image_in_imgtag.php?mosConfig_absolute_path=http://www.tos-belarus.org/scan/copyright.txt? HTTP/1.1" 404 360 "-""Mozilla/5.0"
76.74.236.100 - - [10/Apr/2009:13:30:10 -0500] "GET /logs/access_log.1233792000/administrator/components/com_joomla-visites/core/include/myMailer.class.php?mosConfig_absolute_path=http://www.tos-belarus.org/scan/copyright.txt? HTTP/1.1" 404 385 "-""Mozilla/5.0"
76.74.236.100 - - [10/Apr/2009:13:30:10 -0500] "GET /administrator/components/com_joomla-visites/core/include/myMailer.class.php?mosConfig_absolute_path=http://www.tos-belarus.org/scan/copyright.txt? HTTP/1.1" 404 358 "-""Mozilla/5.0"
76.74.236.100 - - [10/Apr/2009:13:30:10 -0500] "GET /logs/administrator/components/com_joomla-visites/core/include/myMailer.class.php?mosConfig_absolute_path=http://www.tos-belarus.org/scan/copyright.txt? HTTP/1.1" 404 363 "-""Mozilla/5.0"
85.119.158.133 - - [10/Apr/2009:13:30:14 -0500] "GET /components/com_virtuemart/show_image_in_imgtag.php?mosConfig_absolute_path=http://www.tos-belarus.org/scan/copyright.txt? HTTP/1.1" 404 333 "-""Mozilla/5.0"
85.119.158.133 - - [10/Apr/2009:13:30:14 -0500] "GET /logs/components/com_virtuemart/show_image_in_imgtag.php?mosConfig_absolute_path=http://www.tos-belarus.org/scan/copyright.txt? HTTP/1.1" 404 338 "-""Mozilla/5.0"
85.119.158.133 - - [10/Apr/2009:13:30:14 -0500] "GET /logs/access_log.1236729600/components/com_virtuemart/show_image_in_imgtag.php?mosConfig_absolute_path=http://www.tos-belarus.org/scan/copyright.txt? HTTP/1.1" 404 360 "-""Mozilla/5.0"
83.138.168.158 - - [10/Apr/2009:13:30:17 -0500] "GET /logs/components/com_virtuemart/show_image_in_imgtag.php?mosConfig_absolute_path=http://www.tos-belarus.org/scan/copyright.txt? HTTP/1.1" 404 338 "-""Mozilla/5.0"
83.138.168.158 - - [10/Apr/2009:13:30:17 -0500] "GET /components/com_virtuemart/show_image_in_imgtag.php?mosConfig_absolute_path=http://www.tos-belarus.org/scan/copyright.txt? HTTP/1.1" 404 333 "-""Mozilla/5.0"
83.138.168.158 - - [10/Apr/2009:13:30:17 -0500] "GET /logs/access_log.1236729600/components/com_virtuemart/show_image_in_imgtag.php?mosConfig_absolute_path=http://www.tos-belarus.org/scan/copyright.txt? HTTP/1.1" 404 360 "-""Mozilla/5.0"
85.119.158.133 - - [10/Apr/2009:13:30:29 -0500] "GET /components/com_virtuemart/show_image_in_imgtag.php?mosConfig_absolute_path=http://www.tos-belarus.org/scan/copyright.txt? HTTP/1.1" 404 333 "-""Mozilla/5.0"
85.119.158.133 - - [10/Apr/2009:13:30:29 -0500] "GET /logs/components/com_virtuemart/show_image_in_imgtag.php?mosConfig_absolute_path=http://www.tos-belarus.org/scan/copyright.txt? HTTP/1.1" 404 338 "-""Mozilla/5.0"
85.119.158.133 - - [10/Apr/2009:13:30:29 -0500] "GET /logs/access_log.1236729600/components/com_virtuemart/show_image_in_imgtag.php?mosConfig_absolute_path=http://www.tos-belarus.org/scan/copyright.txt? HTTP/1.1" 404 360 "-""Mozilla/5.0"
76.74.236.100 - - [10/Apr/2009:13:30:38 -0500] "GET /administrator/components/com_joomla-visites/core/include/myMailer.class.php?mosConfig_absolute_path=http://www.tos-belarus.org/scan/copyright.txt? HTTP/1.1" 404 358 "-""Mozilla/5.0"
76.74.236.100 - - [10/Apr/2009:13:30:38 -0500] "GET /logs/access_log.1233792000/administrator/components/com_joomla-visites/core/include/myMailer.class.php?mosConfig_absolute_path=http://www.tos-belarus.org/scan/copyright.txt? HTTP/1.1" 404 385 "-""Mozilla/5.0"
76.74.236.100 - - [10/Apr/2009:13:30:38 -0500] "GET /logs/administrator/components/com_joomla-visites/core/include/myMailer.class.php?mosConfig_absolute_path=http://www.tos-belarus.org/scan/copyright.txt? HTTP/1.1" 404 363 "-""Mozilla/5.0"
76.74.236.100 - - [10/Apr/2009:13:30:40 -0500] "GET /logs/access_log.1233792000/administrator/components/com_joomla-visites/core/include/myMailer.class.php?mosConfig_absolute_path=http://www.tos-belarus.org/scan/copyright.txt? HTTP/1.1" 404 385 "-""Mozilla/5.0"
76.74.236.100 - - [10/Apr/2009:13:30:40 -0500] "GET /logs/administrator/components/com_joomla-visites/core/include/myMailer.class.php?mosConfig_absolute_path=http://www.tos-belarus.org/scan/copyright.txt? HTTP/1.1" 404 363 "-""Mozilla/5.0"
76.74.236.100 - - [10/Apr/2009:13:30:40 -0500] "GET /administrator/components/com_joomla-visites/core/include/myMailer.class.php?mosConfig_absolute_path=http://www.tos-belarus.org/scan/copyright.txt? HTTP/1.1" 404 358 "-""Mozilla/5.0"
85.17.213.148 - - [10/Apr/2009:13:30:42 -0500] "GET /components/com_virtuemart/show_image_in_imgtag.php?mosConfig_absolute_path=http://www.tos-belarus.org/scan/copyright.txt? HTTP/1.1" 404 333 "-""Mozilla/5.0"
85.17.213.148 - - [10/Apr/2009:13:30:42 -0500] "GET /logs/access_log.1236729600/components/com_virtuemart/show_image_in_imgtag.php?mosConfig_absolute_path=http://www.tos-belarus.org/scan/copyright.txt? HTTP/1.1" 404 360 "-""Mozilla/5.0"
85.17.213.148 - - [10/Apr/2009:13:30:44 -0500] "GET /logs/components/com_virtuemart/show_image_in_imgtag.php?mosConfig_absolute_path=http://www.tos-belarus.org/scan/copyright.txt? HTTP/1.1" 404 338 "-""Mozilla/5.0"
65.55.208.133 - - [10/Apr/2009:13:30:44 -0500] "GET /robots.txt HTTP/1.1" 404 293 "-""msnbot/1.1 (+http://search.msn.com/msnbot.htm)"
65.55.208.133 - - [10/Apr/2009:13:30:45 -0500] "GET /logs/access_log.1231632000 HTTP/1.1" 200 75840 "-""msnbot/1.1 (+http://search.msn.com/msnbot.htm)"
76.74.236.100 - - [10/Apr/2009:13:30:53 -0500] "GET /logs/access_log.1236384000/administrator/components/com_joomla-visites/core/include/myMailer.class.php?mosConfig_absolute_path=http://www.tos-belarus.org/scan/copyright.txt? HTTP/1.1" 404 385 "-""Mozilla/5.0"
83.138.168.158 - - [10/Apr/2009:13:31:58 -0500] "GET /administrator/components/com_joomla-visites/core/include/myMailer.class.php?mosConfig_absolute_path=http://www.tos-belarus.org/scan/copyright.txt? HTTP/1.1" 404 358 "-""Mozilla/5.0"
83.138.168.158 - - [10/Apr/2009:13:31:58 -0500] "GET /logs/administrator/components/com_joomla-visites/core/include/myMailer.class.php?mosConfig_absolute_path=http://www.tos-belarus.org/scan/copyright.txt? HTTP/1.1" 404 363 "-""Mozilla/5.0"
83.138.168.158 - - [10/Apr/2009:13:31:59 -0500] "GET /logs/access_log.1235260800/administrator/components/com_joomla-visites/core/include/myMailer.class.php?mosConfig_absolute_path=http://www.tos-belarus.org/scan/copyright.txt? HTTP/1.1" 404 385 "-""Mozilla/5.0"
83.138.168.158 - - [10/Apr/2009:13:32:00 -0500] "GET /logs/access_log.1233792000/administrator/components/com_joomla-visites/core/include/myMailer.class.php?mosConfig_absolute_path=http://www.tos-belarus.org/scan/copyright.txt? HTTP/1.1" 404 385 "-""Mozilla/5.0"
85.17.213.148 - - [10/Apr/2009:13:32:00 -0500] "GET /logs/access_log.1236729600/components/com_virtuemart/show_image_in_imgtag.php?mosConfig_absolute_path=http://www.tos-belarus.org/scan/copyright.txt? HTTP/1.1" 404 360 "-""Mozilla/5.0"
85.17.213.148 - - [10/Apr/2009:13:32:00 -0500] "GET /logs/components/com_virtuemart/show_image_in_imgtag.php?mosConfig_absolute_path=http://www.tos-belarus.org/scan/copyright.txt? HTTP/1.1" 404 338 "-""Mozilla/5.0"
85.17.213.148 - - [10/Apr/2009:13:32:00 -0500] "GET /components/com_virtuemart/show_image_in_imgtag.php?mosConfig_absolute_path=http://www.tos-belarus.org/scan/copyright.txt? HTTP/1.1" 404 333 "-""Mozilla/5.0"
198.106.204.186 - - [10/Apr/2009:13:32:05 -0500] "GET /logs/components/com_virtuemart/show_image_in_imgtag.php?mosConfig_absolute_path=http://www.fuscaclubedealagoas.com.br/vnc/fx29id.txt? HTTP/1.0" 404 326 "-""Mozilla/5.0"
198.106.204.186 - - [10/Apr/2009:13:32:06 -0500] "GET /logs/access_log.1236729600/components/com_virtuemart/show_image_in_imgtag.php?mosConfig_absolute_path=http://www.fuscaclubedealagoas.com.br/vnc/fx29id.txt? HTTP/1.0" 404 348 "-""Mozilla/5.0"
198.106.204.186 - - [10/Apr/2009:13:32:06 -0500] "GET /components/com_virtuemart/show_image_in_imgtag.php?mosConfig_absolute_path=http://www.fuscaclubedealagoas.com.br/vnc/fx29id.txt? HTTP/1.0" 404 321 "-""Mozilla/5.0"
64.151.241.1 - - [10/Apr/2009:13:32:44 -0500] "GET /administrator/components/com_joomla-visites/core/include/myMailer.class.php?mosConfig_absolute_path=http://www.tos-belarus.org/scan/copyright.txt? HTTP/1.1" 404 358 "-""Mozilla/5.0"
64.151.241.1 - - [10/Apr/2009:13:32:44 -0500] "GET /logs/access_log.1236384000/administrator/components/com_joomla-visites/core/include/myMailer.class.php?mosConfig_absolute_path=http://www.tos-belarus.org/scan/copyright.txt? HTTP/1.1" 404 385 "-""Mozilla/5.0"
64.151.241.1 - - [10/Apr/2009:13:32:44 -0500] "GET /logs/access_log.1233792000/administrator/components/com_joomla-visites/core/include/myMailer.class.php?mosConfig_absolute_path=http://www.tos-belarus.org/scan/copyright.txt? HTTP/1.1" 404 385 "-""Mozilla/5.0"
64.151.241.1 - - [10/Apr/2009:13:32:44 -0500] "GET /logs/administrator/components/com_joomla-visites/core/include/myMailer.class.php?mosConfig_absolute_path=http://www.tos-belarus.org/scan/copyright.txt? HTTP/1.1" 404 363 "-""Mozilla/5.0"
64.151.241.1 - - [10/Apr/2009:13:32:50 -0500] "GET /administrator/components/com_joomla-visites/core/include/myMailer.class.php?mosConfig_absolute_path=http://www.tos-belarus.org/scan/copyright.txt? HTTP/1.1" 404 358 "-""Mozilla/5.0"
64.151.241.1 - - [10/Apr/2009:13:32:50 -0500] "GET /logs/administrator/components/com_joomla-visites/core/include/myMailer.class.php?mosConfig_absolute_path=http://www.tos-belarus.org/scan/copyright.txt? HTTP/1.1" 404 363 "-""Mozilla/5.0"
64.151.241.1 - - [10/Apr/2009:13:32:50 -0500] "GET /logs/access_log.1236384000/administrator/components/com_joomla-visites/core/include/myMailer.class.php?mosConfig_absolute_path=http://www.tos-belarus.org/scan/copyright.txt? HTTP/1.1" 404 385 "-""Mozilla/5.0"
64.151.241.1 - - [10/Apr/2009:13:32:50 -0500] "GET /logs/access_log.1233792000/administrator/components/com_joomla-visites/core/include/myMailer.class.php?mosConfig_absolute_path=http://www.tos-belarus.org/scan/copyright.txt? HTTP/1.1" 404 385 "-""Mozilla/5.0"
64.151.241.1 - - [10/Apr/2009:13:32:58 -0500] "GET /logs/access_log.1233792000/administrator/components/com_joomla-visites/core/include/myMailer.class.php?mosConfig_absolute_path=http://www.tos-belarus.org/scan/copyright.txt? HTTP/1.1" 404 385 "-""Mozilla/5.0"
64.151.241.1 - - [10/Apr/2009:13:32:58 -0500] "GET /administrator/components/com_joomla-visites/core/include/myMailer.class.php?mosConfig_absolute_path=http://www.tos-belarus.org/scan/copyright.txt? HTTP/1.1" 404 358 "-""Mozilla/5.0"
64.151.241.1 - - [10/Apr/2009:13:32:58 -0500] "GET /logs/administrator/components/com_joomla-visites/core/include/myMailer.class.php?mosConfig_absolute_path=http://www.tos-belarus.org/scan/copyright.txt? HTTP/1.1" 404 363 "-""Mozilla/5.0"
64.151.241.1 - - [10/Apr/2009:13:32:58 -0500] "GET /logs/access_log.1236384000/administrator/components/com_joomla-visites/core/include/myMailer.class.php?mosConfig_absolute_path=http://www.tos-belarus.org/scan/copyright.txt? HTTP/1.1" 404 385 "-""Mozilla/5.0"
64.151.241.1 - - [10/Apr/2009:13:33:11 -0500] "GET /logs/access_log.1233792000/administrator/components/com_joomla-visites/core/include/myMailer.class.php?mosConfig_absolute_path=http://www.tos-belarus.org/scan/copyright.txt? HTTP/1.1" 404 385 "-""Mozilla/5.0"
64.151.241.1 - - [10/Apr/2009:13:33:11 -0500] "GET /logs/administrator/components/com_joomla-visites/core/include/myMailer.class.php?mosConfig_absolute_path=http://www.tos-belarus.org/scan/copyright.txt? HTTP/1.1" 404 363 "-""Mozilla/5.0"
64.151.241.1 - - [10/Apr/2009:13:33:11 -0500] "GET /logs/access_log.1236384000/administrator/components/com_joomla-visites/core/include/myMailer.class.php?mosConfig_absolute_path=http://www.tos-belarus.org/scan/copyright.txt? HTTP/1.1" 404 385 "-""Mozilla/5.0"
64.151.241.1 - - [10/Apr/2009:13:33:11 -0500] "GET /administrator/components/com_joomla-visites/core/include/myMailer.class.php?mosConfig_absolute_path=http://www.tos-belarus.org/scan/copyright.txt? HTTP/1.1" 404 358 "-""Mozilla/5.0"
198.106.204.186 - - [10/Apr/2009:13:33:39 -0500] "GET /logs/administrator/components/com_joomla-visites/core/include/myMailer.class.php?mosConfig_absolute_path=http://www.fuscaclubedealagoas.com.br/vnc/fx29id.txt? HTTP/1.0" 404 351 "-""Mozilla/5.0"
198.106.204.186 - - [10/Apr/2009:13:33:39 -0500] "GET /administrator/components/com_joomla-visites/core/include/myMailer.class.php?mosConfig_absolute_path=http://www.fuscaclubedealagoas.com.br/vnc/fx29id.txt? HTTP/1.0" 404 346 "-""Mozilla/5.0"
198.106.204.186 - - [10/Apr/2009:13:33:40 -0500] "GET /logs/access_log.1233792000/administrator/components/com_joomla-visites/core/include/myMailer.class.php?mosConfig_absolute_path=http://www.fuscaclubedealagoas.com.br/vnc/fx29id.txt? HTTP/1.0" 404 373 "-""Mozilla/5.0"
85.119.158.133 - - [10/Apr/2009:13:34:10 -0500] "GET /administrator/components/com_joomla-visites/core/include/myMailer.class.php?mosConfig_absolute_path=http://www.tos-belarus.org/scan/copyright.txt? HTTP/1.1" 404 358 "-""Mozilla/5.0"
85.119.158.133 - - [10/Apr/2009:13:34:10 -0500] "GET /logs/access_log.1235260800/administrator/components/com_joomla-visites/core/include/myMailer.class.php?mosConfig_absolute_path=http://www.tos-belarus.org/scan/copyright.txt? HTTP/1.1" 404 385 "-""Mozilla/5.0"
198.106.204.186 - - [10/Apr/2009:13:34:13 -0500] "GET /logs/access_log.1236384000/administrator/components/com_joomla-visites/core/include/myMailer.class.php?mosConfig_absolute_path=http://www.fuscaclubedealagoas.com.br/vnc/fx29id.txt? HTTP/1.0" 404 373 "-""Mozilla/5.0"
85.119.158.133 - - [10/Apr/2009:13:34:15 -0500] "GET /logs/administrator/components/com_joomla-visites/core/include/myMailer.class.php?mosConfig_absolute_path=http://www.tos-belarus.org/scan/copyright.txt? HTTP/1.1" 404 363 "-""Mozilla/5.0"
85.119.158.133 - - [10/Apr/2009:13:34:16 -0500] "GET /administrator/components/com_joomla-visites/core/include/myMailer.class.php?mosConfig_absolute_path=http://www.tos-belarus.org/scan/copyright.txt? HTTP/1.1" 404 358 "-""Mozilla/5.0"
85.119.158.133 - - [10/Apr/2009:13:34:16 -0500] "GET /logs/access_log.1235260800/administrator/components/com_joomla-visites/core/include/myMailer.class.php?mosConfig_absolute_path=http://www.tos-belarus.org/scan/copyright.txt? HTTP/1.1" 404 385 "-""Mozilla/5.0"
85.119.158.133 - - [10/Apr/2009:13:34:21 -0500] "GET /logs/administrator/components/com_joomla-visites/core/include/myMailer.class.php?mosConfig_absolute_path=http://www.tos-belarus.org/scan/copyright.txt? HTTP/1.1" 404 363 "-""Mozilla/5.0"
85.119.158.133 - - [10/Apr/2009:13:34:30 -0500] "GET /logs/access_log.1233792000/administrator/components/com_joomla-visites/core/include/myMailer.class.php?mosConfig_absolute_path=http://www.tos-belarus.org/scan/copyright.txt? HTTP/1.1" 404 385 "-""Mozilla/5.0"
85.119.158.133 - - [10/Apr/2009:13:34:30 -0500] "GET /logs/access_log.1233792000/administrator/components/com_joomla-visites/core/include/myMailer.class.php?mosConfig_absolute_path=http://www.tos-belarus.org/scan/copyright.txt? HTTP/1.1" 404 385 "-""Mozilla/5.0"
85.119.158.133 - - [10/Apr/2009:13:34:37 -0500] "GET /logs/access_log.1235260800/administrator/components/com_joomla-visites/core/include/myMailer.class.php?mosConfig_absolute_path=http://www.tos-belarus.org/scan/copyright.txt? HTTP/1.1" 404 385 "-""Mozilla/5.0"
85.119.158.133 - - [10/Apr/2009:13:34:37 -0500] "GET /logs/administrator/components/com_joomla-visites/core/include/myMailer.class.php?mosConfig_absolute_path=http://www.tos-belarus.org/scan/copyright.txt? HTTP/1.1" 404 363 "-""Mozilla/5.0"
85.119.158.133 - - [10/Apr/2009:13:34:37 -0500] "GET /administrator/components/com_joomla-visites/core/include/myMailer.class.php?mosConfig_absolute_path=http://www.tos-belarus.org/scan/copyright.txt? HTTP/1.1" 404 358 "-""Mozilla/5.0"
85.119.158.133 - - [10/Apr/2009:13:34:37 -0500] "GET /logs/access_log.1233792000/administrator/components/com_joomla-visites/core/include/myMailer.class.php?mosConfig_absolute_path=http://www.tos-belarus.org/scan/copyright.txt? HTTP/1.1" 404 385 "-""Mozilla/5.0"
83.138.168.158 - - [10/Apr/2009:13:34:56 -0500] "GET /administrator/components/com_joomla-visites/core/include/myMailer.class.php?mosConfig_absolute_path=http://www.tos-belarus.org/scan/copyright.txt? HTTP/1.1" 404 358 "-""Mozilla/5.0"
83.138.168.158 - - [10/Apr/2009:13:34:56 -0500] "GET /logs/administrator/components/com_joomla-visites/core/include/myMailer.class.php?mosConfig_absolute_path=http://www.tos-belarus.org/scan/copyright.txt? HTTP/1.1" 404 363 "-""Mozilla/5.0"
83.138.168.158 - - [10/Apr/2009:13:34:56 -0500] "GET /logs/access_log.1235260800/administrator/components/com_joomla-visites/core/include/myMailer.class.php?mosConfig_absolute_path=http://www.tos-belarus.org/scan/copyright.txt? HTTP/1.1" 404 385 "-""Mozilla/5.0"
83.138.168.158 - - [10/Apr/2009:13:34:57 -0500] "GET /logs/access_log.1233792000/administrator/components/com_joomla-visites/core/include/myMailer.class.php?mosConfig_absolute_path=http://www.tos-belarus.org/scan/copyright.txt? HTTP/1.1" 404 385 "-""Mozilla/5.0"
85.119.158.133 - - [10/Apr/2009:13:35:40 -0500] "GET /logs/access_log.1236384000/administrator/components/com_joomla-visites/core/include/myMailer.class.php?mosConfig_absolute_path=http://www.tos-belarus.org/scan/copyright.txt? HTTP/1.1" 404 385 "-""Mozilla/5.0"
198.106.204.186 - - [10/Apr/2009:13:35:49 -0500] "GET /components/com_virtuemart/show_image_in_imgtag.php?mosConfig_absolute_path=http://www.fuscaclubedealagoas.com.br/vnc/fx29id.txt? HTTP/1.0" 404 321 "-""Mozilla/5.0"
198.106.204.186 - - [10/Apr/2009:13:35:49 -0500] "GET /logs/components/com_virtuemart/show_image_in_imgtag.php?mosConfig_absolute_path=http://www.fuscaclubedealagoas.com.br/vnc/fx29id.txt? HTTP/1.0" 404 326 "-""Mozilla/5.0"
198.106.204.186 - - [10/Apr/2009:13:35:49 -0500] "GET /logs/access_log.1236729600/components/com_virtuemart/show_image_in_imgtag.php?mosConfig_absolute_path=http://www.fuscaclubedealagoas.com.br/vnc/fx29id.txt? HTTP/1.0" 404 348 "-""Mozilla/5.0"
76.74.236.100 - - [10/Apr/2009:13:36:10 -0500] "GET /logs/components/com_virtuemart/show_image_in_imgtag.php?mosConfig_absolute_path=http://www.tos-belarus.org/scan/copyright.txt? HTTP/1.1" 404 338 "-""Mozilla/5.0"
76.74.236.100 - - [10/Apr/2009:13:36:10 -0500] "GET /logs/access_log.1236729600/components/com_virtuemart/show_image_in_imgtag.php?mosConfig_absolute_path=http://www.tos-belarus.org/scan/copyright.txt? HTTP/1.1" 404 360 "-""Mozilla/5.0"
76.74.236.100 - - [10/Apr/2009:13:36:10 -0500] "GET /components/com_virtuemart/show_image_in_imgtag.php?mosConfig_absolute_path=http://www.tos-belarus.org/scan/copyright.txt? HTTP/1.1" 404 333 "-""Mozilla/5.0"
85.119.158.133 - - [10/Apr/2009:13:36:29 -0500] "GET /logs/access_log.1236384000/administrator/components/com_joomla-visites/core/include/myMailer.class.php?mosConfig_absolute_path=http://www.tos-belarus.org/scan/copyright.txt? HTTP/1.1" 404 385 "-""Mozilla/5.0"
202.75.4.169 - - [10/Apr/2009:13:36:31 -0500] "GET /logs/index.php?option=com_exposeprive&Itemid=&mosConfig_absolute_path=http://home.covenantberks.org/images/kampret.jpg?? HTTP/1.1" 404 297 "-""libwww-perl/5.79"
202.75.4.169 - - [10/Apr/2009:13:36:31 -0500] "GET /logs/index.php?option=com_exposeprive&Itemid=&mosConfig_absolute_path=http://www.indians.org/sidebar/chi.txt?? HTTP/1.1" 404 297 "-""libwww-perl/5.79"
76.74.236.100 - - [10/Apr/2009:13:36:32 -0500] "GET /components/com_virtuemart/show_image_in_imgtag.php?mosConfig_absolute_path=http://www.tos-belarus.org/scan/copyright.txt? HTTP/1.1" 404 333 "-""Mozilla/5.0"
202.75.4.169 - - [10/Apr/2009:13:36:32 -0500] "GET /index.php?option=com_exposeprive&Itemid=&mosConfig_absolute_path=http://home.covenantberks.org/images/kampret.jpg?? HTTP/1.1" 404 292 "-""libwww-perl/5.79"
202.75.4.169 - - [10/Apr/2009:13:36:32 -0500] "GET /index.php?option=com_exposeprive&Itemid=&mosConfig_absolute_path=http://www.indians.org/sidebar/chi.txt?? HTTP/1.1" 404 292 "-""libwww-perl/5.79"
76.74.236.100 - - [10/Apr/2009:13:36:37 -0500] "GET /logs/components/com_virtuemart/show_image_in_imgtag.php?mosConfig_absolute_path=http://www.tos-belarus.org/scan/copyright.txt? HTTP/1.1" 404 338 "-""Mozilla/5.0"
76.74.236.100 - - [10/Apr/2009:13:36:37 -0500] "GET /logs/access_log.1236729600/components/com_virtuemart/show_image_in_imgtag.php?mosConfig_absolute_path=http://www.tos-belarus.org/scan/copyright.txt? HTTP/1.1" 404 360 "-""Mozilla/5.0"
76.74.236.100 - - [10/Apr/2009:13:36:39 -0500] "GET /components/com_virtuemart/show_image_in_imgtag.php?mosConfig_absolute_path=http://www.tos-belarus.org/scan/copyright.txt? HTTP/1.1" 404 333 "-""Mozilla/5.0"
76.74.236.100 - - [10/Apr/2009:13:36:47 -0500] "GET /logs/components/com_virtuemart/show_image_in_imgtag.php?mosConfig_absolute_path=http://www.tos-belarus.org/scan/copyright.txt? HTTP/1.1" 404 338 "-""Mozilla/5.0"
76.74.236.100 - - [10/Apr/2009:13:36:47 -0500] "GET /logs/access_log.1236729600/components/com_virtuemart/show_image_in_imgtag.php?mosConfig_absolute_path=http://www.tos-belarus.org/scan/copyright.txt? HTTP/1.1" 404 360 "-""Mozilla/5.0"
83.138.168.158 - - [10/Apr/2009:13:37:01 -0500] "GET /logs/components/com_virtuemart/show_image_in_imgtag.php?mosConfig_absolute_path=http://www.tos-belarus.org/scan/copyright.txt? HTTP/1.1" 404 338 "-""Mozilla/5.0"
83.138.168.158 - - [10/Apr/2009:13:37:01 -0500] "GET /components/com_virtuemart/show_image_in_imgtag.php?mosConfig_absolute_path=http://www.tos-belarus.org/scan/copyright.txt? HTTP/1.1" 404 333 "-""Mozilla/5.0"
83.138.168.158 - - [10/Apr/2009:13:37:01 -0500] "GET /logs/access_log.1236729600/components/com_virtuemart/show_image_in_imgtag.php?mosConfig_absolute_path=http://www.tos-belarus.org/scan/copyright.txt? HTTP/1.1" 404 360 "-""Mozilla/5.0"
64.151.241.1 - - [10/Apr/2009:13:37:05 -0500] "GET /components/com_virtuemart/show_image_in_imgtag.php?mosConfig_absolute_path=http://www.tos-belarus.org/scan/copyright.txt? HTTP/1.1" 404 333 "-""Mozilla/5.0"
64.151.241.1 - - [10/Apr/2009:13:37:05 -0500] "GET /logs/access_log.1236729600/components/com_virtuemart/show_image_in_imgtag.php?mosConfig_absolute_path=http://www.tos-belarus.org/scan/copyright.txt? HTTP/1.1" 404 360 "-""Mozilla/5.0"
64.151.241.1 - - [10/Apr/2009:13:37:05 -0500] "GET /logs/components/com_virtuemart/show_image_in_imgtag.php?mosConfig_absolute_path=http://www.tos-belarus.org/scan/copyright.txt? HTTP/1.1" 404 338 "-""Mozilla/5.0"
64.151.241.1 - - [10/Apr/2009:13:37:07 -0500] "GET /logs/components/com_virtuemart/show_image_in_imgtag.php?mosConfig_absolute_path=http://www.tos-belarus.org/scan/copyright.txt? HTTP/1.1" 404 338 "-""Mozilla/5.0"
64.151.241.1 - - [10/Apr/2009:13:37:07 -0500] "GET /components/com_virtuemart/show_image_in_imgtag.php?mosConfig_absolute_path=http://www.tos-belarus.org/scan/copyright.txt? HTTP/1.1" 404 333 "-""Mozilla/5.0"
64.151.241.1 - - [10/Apr/2009:13:37:07 -0500] "GET /logs/access_log.1236729600/components/com_virtuemart/show_image_in_imgtag.php?mosConfig_absolute_path=http://www.tos-belarus.org/scan/copyright.txt? HTTP/1.1" 404 360 "-""Mozilla/5.0"
64.151.241.1 - - [10/Apr/2009:13:37:11 -0500] "GET /logs/access_log.1236729600/components/com_virtuemart/show_image_in_imgtag.php?mosConfig_absolute_path=http://www.tos-belarus.org/scan/copyright.txt? HTTP/1.1" 404 360 "-""Mozilla/5.0"
64.151.241.1 - - [10/Apr/2009:13:37:11 -0500] "GET /logs/components/com_virtuemart/show_image_in_imgtag.php?mosConfig_absolute_path=http://www.tos-belarus.org/scan/copyright.txt? HTTP/1.1" 404 338 "-""Mozilla/5.0"
64.151.241.1 - - [10/Apr/2009:13:37:11 -0500] "GET /components/com_virtuemart/show_image_in_imgtag.php?mosConfig_absolute_path=http://www.tos-belarus.org/scan/copyright.txt? HTTP/1.1" 404 333 "-""Mozilla/5.0"
85.119.158.133 - - [10/Apr/2009:13:37:14 -0500] "GET /logs/access_log.1236384000/administrator/components/com_joomla-visites/core/include/myMailer.class.php?mosConfig_absolute_path=http://www.tos-belarus.org/scan/copyright.txt? HTTP/1.1" 404 385 "-""Mozilla/5.0"
64.151.241.1 - - [10/Apr/2009:13:37:19 -0500] "GET /logs/components/com_virtuemart/show_image_in_imgtag.php?mosConfig_absolute_path=http://www.tos-belarus.org/scan/copyright.txt? HTTP/1.1" 404 338 "-""Mozilla/5.0"
64.151.241.1 - - [10/Apr/2009:13:37:20 -0500] "GET /logs/access_log.1236729600/components/com_virtuemart/show_image_in_imgtag.php?mosConfig_absolute_path=http://www.tos-belarus.org/scan/copyright.txt? HTTP/1.1" 404 360 "-""Mozilla/5.0"
64.151.241.1 - - [10/Apr/2009:13:37:20 -0500] "GET /components/com_virtuemart/show_image_in_imgtag.php?mosConfig_absolute_path=http://www.tos-belarus.org/scan/copyright.txt? HTTP/1.1" 404 333 "-""Mozilla/5.0"
202.75.4.169 - - [10/Apr/2009:13:37:53 -0500] "GET /logs/index.php?option=com_joomlalib&Itemid=&mosConfig_absolute_path=http://www.indians.org/sidebar/chi.txt?? HTTP/1.1" 404 297 "-""libwww-perl/5.79"
202.75.4.169 - - [10/Apr/2009:13:37:53 -0500] "GET /index.php?option=com_joomlalib&Itemid=&mosConfig_absolute_path=http://www.indians.org/sidebar/chi.txt?? HTTP/1.1" 404 292 "-""libwww-perl/5.79"
83.138.168.158 - - [10/Apr/2009:13:38:13 -0500] "GET /administrator/components/com_joomla-visites/core/include/myMailer.class.php?mosConfig_absolute_path=http://www.tos-belarus.org/scan/copyright.txt? HTTP/1.1" 404 358 "-""Mozilla/5.0"
83.138.168.158 - - [10/Apr/2009:13:38:13 -0500] "GET /logs/access_log.1235260800/administrator/components/com_joomla-visites/core/include/myMailer.class.php?mosConfig_absolute_path=http://www.tos-belarus.org/scan/copyright.txt? HTTP/1.1" 404 385 "-""Mozilla/5.0"
83.138.168.158 - - [10/Apr/2009:13:38:13 -0500] "GET /logs/administrator/components/com_joomla-visites/core/include/myMailer.class.php?mosConfig_absolute_path=http://www.tos-belarus.org/scan/copyright.txt? HTTP/1.1" 404 363 "-""Mozilla/5.0"
83.138.168.158 - - [10/Apr/2009:13:38:16 -0500] "GET /logs/access_log.1233792000/administrator/components/com_joomla-visites/core/include/myMailer.class.php?mosConfig_absolute_path=http://www.tos-belarus.org/scan/copyright.txt? HTTP/1.1" 404 385 "-""Mozilla/5.0"
202.75.4.169 - - [10/Apr/2009:13:39:12 -0500] "GET /logs/index.php?option=com_multibanners&Itemid=&mosConfig_absolute_path=http://www.indians.org/sidebar/chi.txt?? HTTP/1.1" 404 297 "-""libwww-perl/5.79"
83.138.168.158 - - [10/Apr/2009:13:39:12 -0500] "GET /logs/components/com_virtuemart/show_image_in_imgtag.php?mosConfig_absolute_path=http://www.tos-belarus.org/scan/copyright.txt? HTTP/1.1" 404 338 "-""Mozilla/5.0"
83.138.168.158 - - [10/Apr/2009:13:39:12 -0500] "GET /logs/access_log.1236729600/components/com_virtuemart/show_image_in_imgtag.php?mosConfig_absolute_path=http://www.tos-belarus.org/scan/copyright.txt? HTTP/1.1" 404 360 "-""Mozilla/5.0"
83.138.168.158 - - [10/Apr/2009:13:39:12 -0500] "GET /logs/components/com_virtuemart/show_image_in_imgtag.php?mosConfig_absolute_path=http://www.tos-belarus.org/scan/copyright.txt? HTTP/1.1" 404 338 "-""Mozilla/5.0"
83.138.168.158 - - [10/Apr/2009:13:39:12 -0500] "GET /logs/components/com_virtuemart/show_image_in_imgtag.php?mosConfig_absolute_path=http://www.tos-belarus.org/scan/copyright.txt? HTTP/1.1" 404 338 "-""Mozilla/5.0"
83.138.168.158 - - [10/Apr/2009:13:39:12 -0500] "GET /logs/components/com_virtuemart/show_image_in_imgtag.php?mosConfig_absolute_path=http://www.tos-belarus.org/scan/copyright.txt? HTTP/1.1" 404 338 "-""Mozilla/5.0"
83.138.168.158 - - [10/Apr/2009:13:39:12 -0500] "GET /logs/access_log.1236729600/components/com_virtuemart/show_image_in_imgtag.php?mosConfig_absolute_path=http://www.tos-belarus.org/scan/copyright.txt? HTTP/1.1" 404 360 "-""Mozilla/5.0"
83.138.168.158 - - [10/Apr/2009:13:39:12 -0500] "GET /logs/access_log.1236729600/components/com_virtuemart/show_image_in_imgtag.php?mosConfig_absolute_path=http://www.tos-belarus.org/scan/copyright.txt? HTTP/1.1" 404 360 "-""Mozilla/5.0"
83.138.168.158 - - [10/Apr/2009:13:39:12 -0500] "GET /logs/access_log.1236729600/components/com_virtuemart/show_image_in_imgtag.php?mosConfig_absolute_path=http://www.tos-belarus.org/scan/copyright.txt? HTTP/1.1" 404 360 "-""Mozilla/5.0"
